222.70.217.33 - - [13/Apr/2021:08:55:59 +0800] "GET /xingrg/all/function/internal_message.html?_=1618275357792&CODE_STATE=getMsg HTTP/1.1" 200 27
222.69.129.181 - - [13/Apr/2021:08:56:02 +0800] "GET /xingrg/kc/buy/cgsh_order_operate.html?command=get_materiel&rest_code=00149&code=00101008175&supplier_code=00100005&order_time=2021-04-13 HTTP/1.1" 200 412
180.169.147.146 - - [13/Apr/2021:08:56:04 +0800] "GET /xingrg/all/function/internal_message.html?_=1618275361641&CODE_STATE=getMsg HTTP/1.1" 200 27
101.85.94.178 - - [13/Apr/2021:08:56:04 +0800] "GET /xingrg HTTP/1.1" 302 -
101.85.94.178 - - [13/Apr/2021:08:56:04 +0800] "GET /xingrg/ HTTP/1.1" 200 292
101.85.94.178 - - [13/Apr/2021:08:56:05 +0800] "GET /xingrg/index.html HTTP/1.1" 302 -
101.85.94.178 - - [13/Apr/2021:08:56:05 +0800] "GET /xingrg/login.html HTTP/1.1" 200 7641
101.85.94.178 - - [13/Apr/2021:08:56:05 +0800] "GET /xingrg/images/blue/jxLogo.png HTTP/1.1" 200 6156
101.85.94.178 - - [13/Apr/2021:08:56:05 +0800] "GET /favicon.ico HTTP/1.1" 404 -
101.85.94.178 - - [13/Apr/2021:08:56:06 +0800] "GET /xingrg/images/blue/hj.png HTTP/1.1" 200 1014
101.85.94.178 - - [13/Apr/2021:08:56:06 +0800] "GET /xingrg/images/blue/login_bg.png HTTP/1.1" 200 22101
101.85.94.178 - - [13/Apr/2021:08:56:06 +0800] "GET /xingrg/images/blue/srbg.png HTTP/1.1" 200 138
101.85.94.178 - - [13/Apr/2021:08:56:06 +0800] "GET /favicon.ico HTTP/1.1" 404 -
101.85.94.178 - - [13/Apr/2021:08:56:10 +0800] "POST /xingrg/login.do HTTP/1.1" 302 -
101.85.94.178 - - [13/Apr/2021:08:56:10 +0800] "GET /xingrg/javascript/jquery_easy_ui/themes/icon.css HTTP/1.1" 200 3949
101.85.94.178 - - [13/Apr/2021:08:56:10 +0800] "GET /xingrg/css/form.css HTTP/1.1" 200 893
101.85.94.178 - - [13/Apr/2021:08:56:10 +0800] "GET /xingrg/index.html?sysBaseUrl=http%3A%2F%2F180.169.147.146%3A18081%2Fxingrg%2F&costTime=39×tamp=1618275370573 HTTP/1.1" 200 17179
101.85.94.178 - - [13/Apr/2021:08:56:10 +0800] "GET /xingrg/javascript/jquery-1.4.2.min.js HTTP/1.1" 200 72205
101.85.94.178 - - [13/Apr/2021:08:56:10 +0800] "GET /xingrg/javascript/jquery_easy_ui/themes/default/easyui.css HTTP/1.1" 200 26500
101.85.94.178 - - [13/Apr/2021:08:56:10 +0800] "GET /xingrg/javascript/jquery_easy_ui/jquery.easyui.min.js HTTP/1.1" 200 213662
101.85.94.178 - - [13/Apr/2021:08:56:10 +0800] "GET /xingrg/javascript/jquery_easy_ui/easyui-lang-zh_CN.js HTTP/1.1" 200 1900
101.85.94.178 - - [13/Apr/2021:08:56:10 +0800] "GET /xingrg/javascript/jquery.timers.js HTTP/1.1" 200 3532
101.85.94.178 - - [13/Apr/2021:08:56:10 +0800] "GET /xingrg/javascript/jquery.utils.js HTTP/1.1" 200 11805
101.85.94.178 - - [13/Apr/2021:08:56:10 +0800] "GET /xingrg/javascript/jquery.form.js HTTP/1.1" 200 23110
101.85.94.178 - - [13/Apr/2021:08:56:10 +0800] "GET /favicon.ico HTTP/1.1" 404 -
101.85.94.178 - - [13/Apr/2021:08:56:10 +0800] "GET /xingrg/javascript/jquery_easy_ui/themes/icons/settle_new.png HTTP/1.1" 200 826
101.85.94.178 - - [13/Apr/2021:08:56:10 +0800] "GET /xingrg/images/blue/navBackgound.jpg HTTP/1.1" 200 12378
101.85.94.178 - - [13/Apr/2021:08:56:10 +0800] "POST /xingrg/all/common/load_tree.html?tree=area_rest_tree_json&manage=1 HTTP/1.1" 200 351
101.85.94.178 - - [13/Apr/2021:08:56:11 +0800] "GET /xingrg/all/function/internal_message.html?_=1618274916374&CODE_STATE=count HTTP/1.1" 200 11
101.85.94.178 - - [13/Apr/2021:08:56:11 +0800] "GET /xingrg/check_reg.html?_=1618274916376 HTTP/1.1" 200 22
101.85.94.178 - - [13/Apr/2021:08:56:11 +0800] "GET /xingrg/images/blue/pingpu.png HTTP/1.1" 200 231
101.85.94.178 - - [13/Apr/2021:08:56:11 +0800] "GET /xingrg/javascript/jquery_easy_ui/themes/default/images/tabs_rightarrow.png HTTP/1.1" 200 395
101.85.94.178 - - [13/Apr/2021:08:56:11 +0800] "GET /xingrg/javascript/jquery_easy_ui/themes/default/images/tabs_leftarrow.png HTTP/1.1" 200 389
101.85.94.178 - - [13/Apr/2021:08:56:11 +0800] "GET /xingrg/javascript/jquery_easy_ui/themes/default/images/panel_tool_collapse.gif HTTP/1.1" 200 246
101.85.94.178 - - [13/Apr/2021:08:56:11 +0800] "POST /xingrg/load_menu.html HTTP/1.1" 200 5138
101.85.94.178 - - [13/Apr/2021:08:56:11 +0800] "GET /xingrg/javascript/jquery_easy_ui/themes/default/images/tree_arrows.gif HTTP/1.1" 200 1043
101.85.94.178 - - [13/Apr/2021:08:56:12 +0800] "GET /xingrg/javascript/jquery_easy_ui/themes/default/images/tree_folder.gif HTTP/1.1" 200 952
101.85.94.178 - - [13/Apr/2021:08:56:12 +0800] "GET /xingrg/javascript/jquery_easy_ui/themes/default/images/tree_folder_open.gif HTTP/1.1" 200 956
101.85.94.178 - - [13/Apr/2021:08:56:12 +0800] "GET /xingrg/javascript/jquery_easy_ui/themes/icons/search_new.png HTTP/1.1" 200 586
101.85.94.178 - - [13/Apr/2021:08:56:12 +0800] "GET /xingrg/javascript/jquery_easy_ui/themes/icons/forms_new.png HTTP/1.1" 200 350
101.85.94.178 - - [13/Apr/2021:08:56:12 +0800] "GET /xingrg/javascript/jquery_easy_ui/themes/icons/storage_new.png HTTP/1.1" 200 853
101.85.94.178 - - [13/Apr/2021:08:56:12 +0800] "GET /xingrg/javascript/jquery_easy_ui/themes/default/images/tree_file.gif HTTP/1.1" 200 118
222.69.129.181 - - [13/Apr/2021:08:56:13 +0800] "GET /xingrg/kc/buy/cgsh_order_operate.html?command=get_materiel&rest_code=00149&code=00101008257&supplier_code=00100005&order_time=2021-04-13 HTTP/1.1" 200 416
116.230.114.112 - - [13/Apr/2021:08:56:19 +0800] "GET /xingrg/all/function/internal_message.html?_=1618275385059&CODE_STATE=getMsg HTTP/1.1" 200 27
124.77.71.179 - - [13/Apr/2021:08:56:20 +0800] "GET /xingrg/kc/buy/cgsh_order_operate.html?command=get_materiel&rest_code=00107&code=00101008286&supplier_code=00100006&order_time=2021-04-13 HTTP/1.1" 200 408
116.230.117.165 - - [13/Apr/2021:08:56:21 +0800] "POST /xingrg/services/DataTransmitService HTTP/1.1" 200 524
222.69.129.181 - - [13/Apr/2021:08:56:21 +0800] "GET /xingrg/kc/buy/cgsh_order_operate.html?command=get_materiel&rest_code=00149&code=00101008155&supplier_code=00100005&order_time=2021-04-13 HTTP/1.1" 200 408
116.230.117.165 - - [13/Apr/2021:08:56:21 +0800] "POST /xingrg/services/DataTransmitService HTTP/1.1" 200 501
180.169.147.146 - - [13/Apr/2021:08:56:27 +0800] "GET /xingrg/check_reg.html?_=1618275384686 HTTP/1.1" 200 22
124.77.71.179 - - [13/Apr/2021:08:56:28 +0800] "GET /xingrg/check_reg.html?_=1618275385231 HTTP/1.1" 200 22
124.77.71.179 - - [13/Apr/2021:08:56:28 +0800] "GET /xingrg/all/function/internal_message.html?_=1618275385237&CODE_STATE=getMsg HTTP/1.1" 200 27
124.77.71.179 - - [13/Apr/2021:08:56:28 +0800] "POST /xingrg/kc/buy/cgsh_order_operate.html HTTP/1.1" 200 2065
116.230.117.165 - - [13/Apr/2021:08:56:29 +0800] "POST /xingrg/services/DataTransmitService HTTP/1.1" 200 524
116.230.117.165 - - [13/Apr/2021:08:56:32 +0800] "POST /xingrg/services/DataTransmitService HTTP/1.1" 200 501
116.230.117.165 - - [13/Apr/2021:08:56:32 +0800] "POST /xingrg/services/DataTransmitService HTTP/1.1" 200 501
116.230.117.165 - - [13/Apr/2021:08:56:33 +0800] "POST /xingrg/services/DataTransmitService HTTP/1.1" 200 501
116.230.117.165 - - [13/Apr/2021:08:56:34 +0800] "POST /xingrg/services/DataTransmitService HTTP/1.1" 200 501
116.230.117.165 - - [13/Apr/2021:08:56:35 +0800] "POST /xingrg/services/DataTransmitService HTTP/1.1" 200 501
116.230.117.165 - - [13/Apr/2021:08:56:35 +0800] "POST /xingrg/services/DataTransmitService HTTP/1.1" 200 501
116.230.117.165 - - [13/Apr/2021:08:56:35 +0800] "POST /xingrg/services/DataTransmitService HTTP/1.1" 200 501
116.230.117.165 - - [13/Apr/2021:08:56:35 +0800] "POST /xingrg/services/DataTransmitService HTTP/1.1" 200 501
116.230.117.165 - - [13/Apr/2021:08:56:35 +0800] "POST /xingrg/services/DataTransmitService HTTP/1.1" 200 501
116.224.253.72 - - [13/Apr/2021:08:56:37 +0800] "GET /xingrg/css/base.css HTTP/1.1" 304 -
116.224.253.72 - - [13/Apr/2021:08:56:37 +0800] "GET /xingrg/css/site.css HTTP/1.1" 304 -
116.224.253.72 - - [13/Apr/2021:08:56:37 +0800] "GET /xingrg/javascript/auto/jquery.autocomplete.css HTTP/1.1" 304 -
116.224.253.72 - - [13/Apr/2021:08:56:37 +0800] "GET /xingrg/javascript/jquery_tools/table.css HTTP/1.1" 304 -
116.224.253.72 - - [13/Apr/2021:08:56:37 +0800] "GET /xingrg/javascript/jquery_tools/fix.css HTTP/1.1" 304 -
116.224.253.72 - - [13/Apr/2021:08:56:37 +0800] "GET /xingrg/javascript/jquery_tools/datebox.css HTTP/1.1" 304 -
116.224.253.72 - - [13/Apr/2021:08:56:37 +0800] "GET /xingrg/javascript/easyui/themes/icon.css HTTP/1.1" 304 -
116.224.253.72 - - [13/Apr/2021:08:56:37 +0800] "GET /xingrg/javascript/easyui/themes/default/easyui.css HTTP/1.1" 304 -
116.224.253.72 - - [13/Apr/2021:08:56:37 +0800] "GET /xingrg/javascript/jquery_tools/jquery.tools.min.js HTTP/1.1" 304 -
116.224.253.72 - - [13/Apr/2021:08:56:37 +0800] "GET /xingrg/javascript/jquery_tools/jquery.tools.extend.js HTTP/1.1" 304 -
116.224.253.72 - - [13/Apr/2021:08:56:37 +0800] "GET /xingrg/kc/buy/cgsh_order_list.html HTTP/1.1" 200 46416
116.224.253.72 - - [13/Apr/2021:08:56:37 +0800] "GET /xingrg/javascript/jquery_tools/jquery.tools.hotkey.js HTTP/1.1" 304 -
116.224.253.72 - - [13/Apr/2021:08:56:37 +0800] "GET /xingrg/javascript/jquery_tools/jquery.tools.table.js HTTP/1.1" 304 -
116.224.253.72 - - [13/Apr/2021:08:56:37 +0800] "GET /xingrg/javascript/easyui/easyloader.js HTTP/1.1" 304 -
116.224.253.72 - - [13/Apr/2021:08:56:37 +0800] "GET /xingrg/javascript/jquery_tools/list_manager.js HTTP/1.1" 304 -
116.224.253.72 - - [13/Apr/2021:08:56:37 +0800] "GET /xingrg/javascript/auto/jquery.autocomplete.js HTTP/1.1" 304 -
116.224.253.72 - - [13/Apr/2021:08:56:37 +0800] "GET /xingrg/javascript/jquery.utils.js HTTP/1.1" 304 -
116.224.253.72 - - [13/Apr/2021:08:56:37 +0800] "GET /xingrg/javascript/jquery.cookie.js HTTP/1.1" 304 -
116.224.253.72 - - [13/Apr/2021:08:56:37 +0800] "GET /xingrg/javascript/print/LodopFuncs.js HTTP/1.1" 304 -
116.224.253.72 - - [13/Apr/2021:08:56:37 +0800] "GET /xingrg/javascript/easyui/plugins/jquery.parser.js HTTP/1.1" 304 -
116.230.117.165 - - [13/Apr/2021:08:56:37 +0800] "POST /xingrg/services/DataTransmitService HTTP/1.1" 200 412
117.184.7.30 - - [13/Apr/2021:08:56:37 +0800] "GET /xingrg/all/function/internal_message.html?_=1618275387814&CODE_STATE=getMsg HTTP/1.1" 200 27
124.77.71.179 - - [13/Apr/2021:08:56:38 +0800] "GET /xingrg/kc/buy/cgsh_order_operate.html?command=get_materiel&rest_code=00107&code=00101008131&supplier_code=00100006&order_time=2021-04-13 HTTP/1.1" 200 408
116.224.253.72 - - [13/Apr/2021:08:56:39 +0800] "POST /xingrg/kc/buy/cgsh_list_operate.html HTTP/1.1" 200 1690
61.165.42.208 - - [13/Apr/2021:08:56:40 +0800] "GET /xingrg/index.html?sysBaseUrl=http%3A%2F%2F180.169.147.146%3A18081%2Fxingrg%2F&costTime=36×tamp=1585223203754 HTTP/1.1" 302 -
61.165.42.208 - - [13/Apr/2021:08:56:40 +0800] "GET /xingrg/login.html HTTP/1.1" 200 7641
61.165.42.208 - - [13/Apr/2021:08:56:41 +0800] "GET /favicon.ico HTTP/1.1" 404 -
61.165.42.208 - - [13/Apr/2021:08:56:43 +0800] "POST /xingrg/login.do HTTP/1.1" 302 -
61.165.42.208 - - [13/Apr/2021:08:56:43 +0800] "GET /xingrg/index.html?sysBaseUrl=http%3A%2F%2F180.169.147.146%3A18081%2Fxingrg%2F&costTime=44×tamp=1618275403398 HTTP/1.1" 200 17173
61.165.42.208 - - [13/Apr/2021:08:56:43 +0800] "POST /xingrg/all/common/load_tree.html?tree=area_rest_tree_json&manage=1 HTTP/1.1" 200 3344
61.165.42.208 - - [13/Apr/2021:08:56:43 +0800] "GET /favicon.ico HTTP/1.1" 404 -
61.165.42.208 - - [13/Apr/2021:08:56:43 +0800] "GET /xingrg/check_reg.html?_=1618275405967 HTTP/1.1" 200 22
61.165.42.208 - - [13/Apr/2021:08:56:43 +0800] "GET /xingrg/all/function/internal_message.html?_=1618275405966&CODE_STATE=count HTTP/1.1" 200 11
61.165.42.208 - - [13/Apr/2021:08:56:43 +0800] "POST /xingrg/load_menu.html HTTP/1.1" 200 5138
116.224.253.72 - - [13/Apr/2021:08:56:44 +0800] "GET /xingrg/all/function/internal_message.html?_=1618275397487&CODE_STATE=getMsg HTTP/1.1" 200 27
116.224.253.72 - - [13/Apr/2021:08:56:44 +0800] "GET /xingrg/javascript/pic_change.js HTTP/1.1" 304 -
116.224.253.72 - - [13/Apr/2021:08:56:44 +0800] "GET /xingrg/javascript/print/kc_print.js HTTP/1.1" 304 -
116.224.253.72 - - [13/Apr/2021:08:56:44 +0800] "GET /xingrg/javascript/convert.js HTTP/1.1" 304 -
116.224.253.72 - - [13/Apr/2021:08:56:44 +0800] "GET /xingrg/javascript/json2.js HTTP/1.1" 304 -
116.224.253.72 - - [13/Apr/2021:08:56:44 +0800] "GET /xingrg/javascript/jquery_tools/order_manager.js HTTP/1.1" 304 -
116.224.253.72 - - [13/Apr/2021:08:56:44 +0800] "GET /xingrg/kc/buy/cgsh_order_add.html HTTP/1.1" 200 62084
116.224.253.72 - - [13/Apr/2021:08:56:44 +0800] "GET /xingrg/words/20210412135731_words.js HTTP/1.1" 304 -
116.224.253.72 - - [13/Apr/2021:08:56:45 +0800] "POST /xingrg/kc/buy/cgsh_order_operate.html HTTP/1.1" 200 8245
116.224.253.72 - - [13/Apr/2021:08:56:45 +0800] "GET /xingrg/all/common/auto_word.html?type=employee&rest_code=00150 HTTP/1.1" 200 205
116.224.253.72 - - [13/Apr/2021:08:56:45 +0800] "GET /xingrg/all/common/auto_word.html?type=employee&rest_code=00150 HTTP/1.1" 200 205
116.224.253.72 - - [13/Apr/2021:08:56:45 +0800] "GET /xingrg/javascript/easyui/plugins/jquery.validatebox.js HTTP/1.1" 304 -
116.224.253.72 - - [13/Apr/2021:08:56:45 +0800] "GET /xingrg/javascript/easyui/themes/default/validatebox.css HTTP/1.1" 404 1104
116.224.253.72 - - [13/Apr/2021:08:56:45 +0800] "GET /xingrg/javascript/easyui/plugins/jquery.numberbox.js HTTP/1.1" 304 -
222.69.129.181 - - [13/Apr/2021:08:56:47 +0800] "GET /xingrg/kc/buy/cgsh_order_operate.html?command=get_materiel&rest_code=00149&code=00101008331&supplier_code=00100005&order_time=2021-04-13 HTTP/1.1" 200 416
61.165.42.208 - - [13/Apr/2021:08:56:50 +0800] "GET /xingrg/kc/mdqp/pssh_order_list.html HTTP/1.1" 200 18015
61.165.42.208 - - [13/Apr/2021:08:56:50 +0800] "POST /xingrg/kc/mdqp/pssh_list_operate.html HTTP/1.1" 200 5256
124.77.71.179 - - [13/Apr/2021:08:56:52 +0800] "GET /xingrg/kc/buy/cgsh_order_operate.html?command=get_materiel&rest_code=00107&code=00101008296&supplier_code=00100006&order_time=2021-04-13 HTTP/1.1" 200 416
114.88.156.246 - - [13/Apr/2021:08:56:52 +0800] "GET /xingrg/all/function/internal_message.html?_=1618275437285&CODE_STATE=getMsg HTTP/1.1" 200 27
61.165.42.208 - - [13/Apr/2021:08:56:52 +0800] "POST /xingrg/kc/mdqp/pssh_list_operate.html HTTP/1.1" 200 271
222.69.129.181 - - [13/Apr/2021:08:56:53 +0800] "GET /xingrg/check_reg.html?_=1618275412358 HTTP/1.1" 200 22
61.165.42.208 - - [13/Apr/2021:08:56:56 +0800] "POST /xingrg/kc/mdqp/pssh_list_operate.html HTTP/1.1" 200 259
116.224.253.72 - - [13/Apr/2021:08:56:58 +0800] "GET /xingrg/all/function/internal_message.html?_=1618275419169&CODE_STATE=getMsg HTTP/1.1" 200 27
222.69.129.181 - - [13/Apr/2021:08:56:58 +0800] "GET /xingrg/all/function/internal_message.html?_=1618275417437&CODE_STATE=getMsg HTTP/1.1" 200 27
222.70.217.33 - - [13/Apr/2021:08:56:59 +0800] "GET /xingrg/all/function/internal_message.html?_=1618275417768&CODE_STATE=getMsg HTTP/1.1" 200 27
116.224.253.72 - - [13/Apr/2021:08:56:59 +0800] "GET /xingrg/kc/buy/cgsh_order_operate.html?command=get_materiel&rest_code=00150&code=00101001010&supplier_code=00100096&order_time=2021-04-13 HTTP/1.1" 200 409
124.77.71.179 - - [13/Apr/2021:08:57:01 +0800] "GET /xingrg/kc/buy/cgsh_order_operate.html?command=get_materiel&rest_code=00107&code=00101008042&supplier_code=00100006&order_time=2021-04-13 HTTP/1.1" 200 416
58.221.95.50 - - [13/Apr/2021:08:57:02 +0800] "GET /xingrg/check_reg.html?_=1618275424574 HTTP/1.1" 302 -
58.221.95.50 - - [13/Apr/2021:08:57:02 +0800] "GET /xingrg/login.html HTTP/1.1" 200 7641
180.169.147.146 - - [13/Apr/2021:08:57:04 +0800] "GET /xingrg/all/function/internal_message.html?_=1618275421610&CODE_STATE=getMsg HTTP/1.1" 200 27
61.165.42.208 - - [13/Apr/2021:08:57:07 +0800] "POST /xingrg/kc/mdqp/pssh_list_operate.html HTTP/1.1" 200 763
222.69.129.181 - - [13/Apr/2021:08:57:07 +0800] "GET /xingrg/kc/buy/cgsh_order_operate.html?command=get_materiel&rest_code=00149&code=00101008112&supplier_code=00100005&order_time=2021-04-13 HTTP/1.1" 200 412
61.165.42.208 - - [13/Apr/2021:08:57:09 +0800] "POST /xingrg/kc/mdqp/pssh_list_operate.html HTTP/1.1" 200 259
101.85.94.178 - - [13/Apr/2021:08:57:11 +0800] "GET /xingrg/all/function/internal_message.html?_=1618274976385&CODE_STATE=getMsg HTTP/1.1" 200 27
124.77.71.179 - - [13/Apr/2021:08:57:13 +0800] "GET /xingrg/kc/buy/cgsh_order_operate.html?command=get_materiel&rest_code=00107&code=00101008126&supplier_code=00100006&order_time=2021-04-13 HTTP/1.1" 200 412
116.224.253.72 - - [13/Apr/2021:08:57:13 +0800] "GET /xingrg/check_reg.html?_=1618275426756 HTTP/1.1" 200 22
61.165.42.208 - - [13/Apr/2021:08:57:14 +0800] "POST /xingrg/kc/mdqp/pssh_list_operate.html HTTP/1.1" 200 280
116.230.114.112 - - [13/Apr/2021:08:57:19 +0800] "GET /xingrg/all/function/internal_message.html?_=1618275445073&CODE_STATE=getMsg HTTP/1.1" 200 27
222.70.217.33 - - [13/Apr/2021:08:57:20 +0800] "GET /xingrg/check_reg.html?_=1618275439387 HTTP/1.1" 200 22
61.165.42.208 - - [13/Apr/2021:08:57:22 +0800] "GET /xingrg/kc/mdqp/pssh_order_info.html?code=312021040800238 HTTP/1.1" 200 17266
61.165.42.208 - - [13/Apr/2021:08:57:22 +0800] "GET /xingrg/javascript/jquery_tools/jquery-1.4.2.min.js HTTP/1.1" 404 1094
61.165.42.208 - - [13/Apr/2021:08:57:22 +0800] "GET /xingrg/words/20210412135731_words.js HTTP/1.1" 304 -
61.165.42.208 - - [13/Apr/2021:08:57:23 +0800] "GET /xingrg/all/common/auto_word.html?type=base&rest_code=00105&rest_code=00105 HTTP/1.1" 200 1811
61.165.42.208 - - [13/Apr/2021:08:57:23 +0800] "GET /xingrg/all/common/auto_word.html?type=employee&rest_code=00105 HTTP/1.1" 200 193
61.165.42.208 - - [13/Apr/2021:08:57:23 +0800] "POST /xingrg/kc/mdqp/pssh_order_operate.html HTTP/1.1" 200 567
61.165.42.208 - - [13/Apr/2021:08:57:23 +0800] "GET /xingrg/javascript/easyui/themes/default/validatebox.css HTTP/1.1" 404 1104
124.77.71.179 - - [13/Apr/2021:08:57:28 +0800] "GET /xingrg/all/function/internal_message.html?_=1618275445265&CODE_STATE=getMsg HTTP/1.1" 200 27
116.224.253.72 - - [13/Apr/2021:08:57:31 +0800] "GET /xingrg/kc/buy/cgsh_order_operate.html?command=get_materiel&rest_code=00150&code=00101006062&supplier_code=00100096&order_time=2021-04-13 HTTP/1.1" 200 411
124.77.71.179 - - [13/Apr/2021:08:57:33 +0800] "POST /xingrg/kc/buy/cgsh_order_operate.html HTTP/1.1" 200 2065
222.69.129.181 - - [13/Apr/2021:08:57:37 +0800] "GET /xingrg/kc/buy/cgsh_order_operate.html?command=get_materiel&rest_code=00149&code=00101008185&supplier_code=00100005&order_time=2021-04-13 HTTP/1.1" 200 408
117.184.7.30 - - [13/Apr/2021:08:57:37 +0800] "GET /xingrg/all/function/internal_message.html?_=1618275447814&CODE_STATE=getMsg HTTP/1.1" 200 27
124.77.71.179 - - [13/Apr/2021:08:57:40 +0800] "GET /xingrg/kc/buy/cgsh_order_operate.html?command=get_materiel&rest_code=00107&code=00101008331&supplier_code=00100006&order_time=2021-04-13 HTTP/1.1" 200 416
61.165.42.208 - - [13/Apr/2021:08:57:43 +0800] "GET /xingrg/all/function/internal_message.html?_=1618275465984&CODE_STATE=getMsg HTTP/1.1" 200 27
61.165.42.208 - - [13/Apr/2021:08:57:43 +0800] "POST /xingrg/kc/mdqp/pssh_list_operate.html HTTP/1.1" 200 5256
116.224.253.72 - - [13/Apr/2021:08:57:44 +0800] "GET /xingrg/kc/buy/cgsh_order_operate.html?command=get_materiel&rest_code=00150&code=00101006065&supplier_code=00100096&order_time=2021-04-13 HTTP/1.1" 200 411
116.224.253.72 - - [13/Apr/2021:08:57:44 +0800] "GET /xingrg/all/function/internal_message.html?_=1618275457501&CODE_STATE=getMsg HTTP/1.1" 200 27
61.165.42.208 - - [13/Apr/2021:08:57:47 +0800] "POST /xingrg/kc/mdqp/pssh_list_operate.html HTTP/1.1" 200 5554
222.69.129.181 - - [13/Apr/2021:08:57:47 +0800] "GET /xingrg/kc/buy/cgsh_order_operate.html?command=get_materiel&rest_code=00149&code=00101008110&supplier_code=00100005&order_time=2021-04-13 HTTP/1.1" 200 409
61.165.42.208 - - [13/Apr/2021:08:57:49 +0800] "POST /xingrg/kc/mdqp/pssh_list_operate.html HTTP/1.1" 200 638
114.88.156.246 - - [13/Apr/2021:08:57:52 +0800] "GET /xingrg/all/function/internal_message.html?_=1618275497263&CODE_STATE=getMsg HTTP/1.1" 200 27
61.165.42.208 - - [13/Apr/2021:08:57:53 +0800] "GET /xingrg/kc/mdqp/pssh_order_info.html?code=312021040400094 HTTP/1.1" 200 17273
61.165.42.208 - - [13/Apr/2021:08:57:53 +0800] "GET /xingrg/javascript/jquery_tools/jquery-1.4.2.min.js HTTP/1.1" 404 1094
61.165.42.208 - - [13/Apr/2021:08:57:53 +0800] "GET /xingrg/javascript/easyui/themes/default/validatebox.css HTTP/1.1" 404 1104
61.165.42.208 - - [13/Apr/2021:08:57:53 +0800] "POST /xingrg/kc/mdqp/pssh_order_operate.html HTTP/1.1" 200 2567
116.224.253.72 - - [13/Apr/2021:08:57:56 +0800] "GET /xingrg/kc/buy/cgsh_order_operate.html?command=get_materiel&rest_code=00150&code=00101006184&supplier_code=00100096&order_time=2021-04-13 HTTP/1.1" 200 408
116.224.253.72 - - [13/Apr/2021:08:57:58 +0800] "GET /xingrg/all/function/internal_message.html?_=1618275479178&CODE_STATE=getMsg HTTP/1.1" 200 27
222.69.129.181 - - [13/Apr/2021:08:57:58 +0800] "GET /xingrg/all/function/internal_message.html?_=1618275477423&CODE_STATE=getMsg HTTP/1.1" 200 27
222.70.217.33 - - [13/Apr/2021:08:57:59 +0800] "GET /xingrg/all/function/internal_message.html?_=1618275477747&CODE_STATE=getMsg HTTP/1.1" 200 27
124.77.71.179 - - [13/Apr/2021:08:57:59 +0800] "GET /xingrg/kc/buy/cgsh_order_operate.html?command=get_materiel&rest_code=00107&code=00101008003&supplier_code=00100006&order_time=2021-04-13 HTTP/1.1" 200 408
180.169.147.146 - - [13/Apr/2021:08:58:04 +0800] "GET /xingrg/all/function/internal_message.html?_=1618275481588&CODE_STATE=getMsg HTTP/1.1" 200 27
116.224.253.72 - - [13/Apr/2021:08:58:04 +0800] "GET /xingrg/kc/buy/cgsh_order_operate.html?command=get_materiel&rest_code=00150&code=00101006055&supplier_code=00100096&order_time=2021-04-13 HTTP/1.1" 200 409
124.77.71.179 - - [13/Apr/2021:08:58:10 +0800] "GET /xingrg/kc/buy/cgsh_order_operate.html?command=get_materiel&rest_code=00107&code=00101008270&supplier_code=00100006&order_time=2021-04-13 HTTP/1.1" 200 412
101.85.94.178 - - [13/Apr/2021:08:58:11 +0800] "GET /xingrg/all/function/internal_message.html?_=1618275036380&CODE_STATE=getMsg HTTP/1.1" 200 27
116.224.253.72 - - [13/Apr/2021:08:58:14 +0800] "GET /xingrg/kc/buy/cgsh_order_operate.html?command=get_materiel&rest_code=00150&code=00101006111&supplier_code=00100096&order_time=2021-04-13 HTTP/1.1" 200 411
116.233.75.14 - - [13/Apr/2021:08:58:17 +0800] "GET /xingrg/login.html HTTP/1.1" 200 7641
116.233.75.14 - - [13/Apr/2021:08:58:17 +0800] "GET /favicon.ico HTTP/1.1" 404 -
116.230.114.112 - - [13/Apr/2021:08:58:19 +0800] "GET /xingrg/all/function/internal_message.html?_=1618275505149&CODE_STATE=getMsg HTTP/1.1" 200 27
124.77.71.179 - - [13/Apr/2021:08:58:23 +0800] "GET /xingrg/kc/buy/cgsh_order_operate.html?command=get_materiel&rest_code=00107&code=00101008123&supplier_code=00100006&order_time=2021-04-13 HTTP/1.1" 200 413
124.77.71.179 - - [13/Apr/2021:08:58:28 +0800] "GET /xingrg/all/function/internal_message.html?_=1618275505313&CODE_STATE=getMsg HTTP/1.1" 200 27
124.77.71.179 - - [13/Apr/2021:08:58:29 +0800] "POST /xingrg/kc/buy/cgsh_order_operate.html HTTP/1.1" 200 2065
116.224.253.72 - - [13/Apr/2021:08:58:29 +0800] "GET /xingrg/kc/buy/cgsh_order_operate.html?command=get_materiel&rest_code=00150&code=00101006109&supplier_code=00100096&order_time=2021-04-13 HTTP/1.1" 200 409
117.184.7.30 - - [13/Apr/2021:08:58:37 +0800] "GET /xingrg/all/function/internal_message.html?_=1618275507818&CODE_STATE=getMsg HTTP/1.1" 200 27
124.77.71.179 - - [13/Apr/2021:08:58:39 +0800] "GET /xingrg/kc/buy/cgsh_order_operate.html?command=get_materiel&rest_code=00107&code=00101008350&supplier_code=00100006&order_time=2021-04-13 HTTP/1.1" 200 408
61.165.42.208 - - [13/Apr/2021:08:58:43 +0800] "GET /xingrg/all/function/internal_message.html?_=1618275525976&CODE_STATE=getMsg HTTP/1.1" 200 27
116.224.253.72 - - [13/Apr/2021:08:58:44 +0800] "GET /xingrg/all/function/internal_message.html?_=1618275517514&CODE_STATE=getMsg HTTP/1.1" 200 27
116.224.253.72 - - [13/Apr/2021:08:58:46 +0800] "GET /xingrg/kc/buy/cgsh_order_operate.html?command=get_materiel&rest_code=00150&code=00101037251&supplier_code=00100096&order_time=2021-04-13 HTTP/1.1" 200 416
61.165.42.208 - - [13/Apr/2021:08:58:51 +0800] "GET /xingrg/kc/buy/cgsh_order_list.html HTTP/1.1" 200 46410
61.129.6.145 - - [13/Apr/2021:08:58:51 +0800] "GET /xingrg/all/function/internal_message.html?_=1618275497263&CODE_STATE=getMsg HTTP/1.1" 302 -
61.165.42.208 - - [13/Apr/2021:08:58:52 +0800] "POST /xingrg/kc/buy/cgsh_list_operate.html HTTP/1.1" 200 876
114.88.156.246 - - [13/Apr/2021:08:58:52 +0800] "GET /xingrg/all/function/internal_message.html?_=1618275557242&CODE_STATE=getMsg HTTP/1.1" 200 27
61.129.6.145 - - [13/Apr/2021:08:58:52 +0800] "GET /xingrg/login.html HTTP/1.1" 200 7641
61.165.42.208 - - [13/Apr/2021:08:58:53 +0800] "GET /xingrg/kc/buy/cgsh_order_add.html HTTP/1.1" 200 62195
61.165.42.208 - - [13/Apr/2021:08:58:53 +0800] "POST /xingrg/kc/buy/cgsh_order_operate.html HTTP/1.1" 200 8245
61.165.42.208 - - [13/Apr/2021:08:58:53 +0800] "GET /xingrg/javascript/easyui/themes/default/validatebox.css HTTP/1.1" 404 1104
116.233.75.14 - - [13/Apr/2021:08:58:56 +0800] "POST /xingrg/login.do HTTP/1.1" 302 -
116.233.75.14 - - [13/Apr/2021:08:58:56 +0800] "GET /xingrg/index.html?sysBaseUrl=http%3A%2F%2F180.169.147.146%3A18081%2Fxingrg%2F&costTime=59×tamp=1618275536110 HTTP/1.1" 200 17173
116.233.75.14 - - [13/Apr/2021:08:58:56 +0800] "POST /xingrg/all/common/load_tree.html?tree=area_rest_tree_json&manage=1 HTTP/1.1" 200 342
116.233.75.14 - - [13/Apr/2021:08:58:56 +0800] "GET /xingrg/all/function/internal_message.html?_=1618275540045&CODE_STATE=count HTTP/1.1" 200 11
116.233.75.14 - - [13/Apr/2021:08:58:56 +0800] "GET /xingrg/check_reg.html?_=1618275540045 HTTP/1.1" 200 22
116.233.75.14 - - [13/Apr/2021:08:58:56 +0800] "POST /xingrg/load_menu.html HTTP/1.1" 200 5138
222.69.129.181 - - [13/Apr/2021:08:58:57 +0800] "GET /xingrg/kc/buy/cgsh_order_operate.html?command=get_materiel&rest_code=00149&code=00101008038&supplier_code=00100005&order_time=2021-04-13 HTTP/1.1" 200 412
116.224.253.72 - - [13/Apr/2021:08:58:58 +0800] "GET /xingrg/all/function/internal_message.html?_=1618275539171&CODE_STATE=getMsg HTTP/1.1" 200 27
116.224.253.72 - - [13/Apr/2021:08:58:58 +0800] "GET /xingrg/check_reg.html?_=1618275539237 HTTP/1.1" 200 22
222.69.129.181 - - [13/Apr/2021:08:58:58 +0800] "GET /xingrg/all/function/internal_message.html?_=1618275537395&CODE_STATE=getMsg HTTP/1.1" 200 27
61.165.42.208 - - [13/Apr/2021:08:58:58 +0800] "GET /xingrg/javascript/auto/indicator.gif HTTP/1.1" 404 1066
222.70.217.33 - - [13/Apr/2021:08:58:59 +0800] "GET /xingrg/all/function/internal_message.html?_=1618275537734&CODE_STATE=getMsg HTTP/1.1" 200 27
180.169.147.146 - - [13/Apr/2021:08:59:04 +0800] "GET /xingrg/all/function/internal_message.html?_=1618275541565&CODE_STATE=getMsg HTTP/1.1" 200 27
222.69.129.181 - - [13/Apr/2021:08:59:09 +0800] "GET /xingrg/kc/buy/cgsh_order_operate.html?command=get_materiel&rest_code=00149&code=00101008283&supplier_code=00100005&order_time=2021-04-13 HTTP/1.1" 200 408
116.224.253.72 - - [13/Apr/2021:08:59:10 +0800] "GET /xingrg/kc/buy/cgsh_order_operate.html?command=get_materiel&rest_code=00150&code=00101007061&supplier_code=00100096&order_time=2021-04-13 HTTP/1.1" 200 409
114.88.156.246 - - [13/Apr/2021:08:59:11 +0800] "GET /xingrg/check_reg.html?_=1618275576020 HTTP/1.1" 200 22
116.233.75.14 - - [13/Apr/2021:08:59:11 +0800] "GET /xingrg/kc/buy/buy_main.html HTTP/1.1" 200 12412
116.233.75.14 - - [13/Apr/2021:08:59:11 +0800] "GET /xingrg/css/new_ie.css HTTP/1.1" 404 1036
101.85.94.178 - - [13/Apr/2021:08:59:11 +0800] "GET /xingrg/all/function/internal_message.html?_=1618275096380&CODE_STATE=getMsg HTTP/1.1" 200 27
116.233.75.14 - - [13/Apr/2021:08:59:12 +0800] "GET /xingrg/kc/buy/cgsh_order_list.html HTTP/1.1" 200 46410
116.233.75.14 - - [13/Apr/2021:08:59:13 +0800] "POST /xingrg/kc/buy/cgsh_list_operate.html HTTP/1.1" 200 876
61.165.42.208 - - [13/Apr/2021:08:59:13 +0800] "GET /xingrg/kc/buy/cgsh_order_operate.html?command=get_materiel&rest_code=00105&code=00101016100&supplier_code=00100034&order_time=2021-04-13 HTTP/1.1" 200 412
116.233.75.14 - - [13/Apr/2021:08:59:16 +0800] "GET /xingrg/kc/buy/cgsh_order_add.html HTTP/1.1" 200 62189
116.233.75.14 - - [13/Apr/2021:08:59:16 +0800] "GET /xingrg/words/20210412135731_words.js HTTP/1.1" 304 -
116.233.75.14 - - [13/Apr/2021:08:59:16 +0800] "POST /xingrg/kc/buy/cgsh_order_operate.html HTTP/1.1" 200 8245
116.233.75.14 - - [13/Apr/2021:08:59:16 +0800] "GET /xingrg/all/common/auto_word.html?type=employee&rest_code=00109 HTTP/1.1" 200 205
116.233.75.14 - - [13/Apr/2021:08:59:16 +0800] "GET /xingrg/javascript/easyui/themes/default/validatebox.css HTTP/1.1" 404 1104
116.233.75.14 - - [13/Apr/2021:08:59:16 +0800] "GET /xingrg/all/common/auto_word.html?type=employee&rest_code=00109 HTTP/1.1" 200 205
116.233.75.14 - - [13/Apr/2021:08:59:18 +0800] "GET /xingrg/javascript/auto/indicator.gif HTTP/1.1" 404 1066
116.230.114.112 - - [13/Apr/2021:08:59:19 +0800] "GET /xingrg/all/function/internal_message.html?_=1618275565162&CODE_STATE=getMsg HTTP/1.1" 200 27
222.69.129.181 - - [13/Apr/2021:08:59:23 +0800] "GET /xingrg/kc/buy/cgsh_order_operate.html?command=get_materiel&rest_code=00149&code=00101008338&supplier_code=00100005&order_time=2021-04-13 HTTP/1.1" 200 408
116.224.253.72 - - [13/Apr/2021:08:59:25 +0800] "GET /xingrg/kc/buy/cgsh_order_operate.html?command=get_materiel&rest_code=00150&code=00101007049&supplier_code=00100096&order_time=2021-04-13 HTTP/1.1" 200 409
124.77.71.179 - - [13/Apr/2021:08:59:25 +0800] "GET /xingrg/kc/buy/cgsh_order_operate.html?command=get_materiel&rest_code=00107&code=00101008141&supplier_code=00100006&order_time=2021-04-13 HTTP/1.1" 200 412
61.165.42.208 - - [13/Apr/2021:08:59:25 +0800] "GET /xingrg/kc/buy/cgsh_order_operate.html?command=get_materiel&rest_code=00105&code=00101016030&supplier_code=00100034&order_time=2021-04-13 HTTP/1.1" 200 412
124.77.71.179 - - [13/Apr/2021:08:59:28 +0800] "GET /xingrg/all/function/internal_message.html?_=1618275565296&CODE_STATE=getMsg HTTP/1.1" 200 27
116.230.114.112 - - [13/Apr/2021:08:59:35 +0800] "GET /xingrg/kc/buy/cgsh_order_add.html HTTP/1.1" 200 62154
116.230.114.112 - - [13/Apr/2021:08:59:35 +0800] "POST /xingrg/kc/buy/cgsh_order_operate.html HTTP/1.1" 200 8245
116.230.114.112 - - [13/Apr/2021:08:59:35 +0800] "GET /xingrg/all/common/auto_word.html?type=employee&rest_code=00146 HTTP/1.1" 200 147
116.230.114.112 - - [13/Apr/2021:08:59:35 +0800] "GET /xingrg/all/common/auto_word.html?type=employee&rest_code=00146 HTTP/1.1" 200 147
116.230.114.112 - - [13/Apr/2021:08:59:35 +0800] "GET /xingrg/javascript/easyui/themes/default/validatebox.css HTTP/1.1" 404 1104
61.165.42.208 - - [13/Apr/2021:08:59:37 +0800] "GET /xingrg/kc/buy/cgsh_order_operate.html?command=get_materiel&rest_code=00105&code=00101016071&supplier_code=00100034&order_time=2021-04-13 HTTP/1.1" 200 416
117.184.7.30 - - [13/Apr/2021:08:59:37 +0800] "GET /xingrg/check_reg.html?_=1618275567819 HTTP/1.1" 200 22
117.184.7.30 - - [13/Apr/2021:08:59:37 +0800] "GET /xingrg/all/function/internal_message.html?_=1618275567822&CODE_STATE=getMsg HTTP/1.1" 200 27
61.165.42.208 - - [13/Apr/2021:08:59:43 +0800] "GET /xingrg/all/function/internal_message.html?_=1618275585981&CODE_STATE=getMsg HTTP/1.1" 200 27
116.224.253.72 - - [13/Apr/2021:08:59:44 +0800] "GET /xingrg/all/function/internal_message.html?_=1618275577527&CODE_STATE=getMsg HTTP/1.1" 200 27
61.129.6.227 - - [13/Apr/2021:08:59:51 +0800] "GET /xingrg/all/function/internal_message.html?_=1618275557242&CODE_STATE=getMsg HTTP/1.1" 302 -
114.88.156.246 - - [13/Apr/2021:08:59:52 +0800] "GET /xingrg/all/function/internal_message.html?_=1618275617217&CODE_STATE=getMsg HTTP/1.1" 200 27
61.129.6.227 - - [13/Apr/2021:08:59:52 +0800] "GET /xingrg/login.html HTTP/1.1" 200 7641
116.233.75.14 - - [13/Apr/2021:08:59:55 +0800] "GET /xingrg/javascript/jquery_tools/images/prev.gif HTTP/1.1" 404 1086
116.233.75.14 - - [13/Apr/2021:08:59:55 +0800] "GET /xingrg/javascript/jquery_tools/images/next.gif HTTP/1.1" 404 1086
61.165.42.208 - - [13/Apr/2021:08:59:55 +0800] "GET /xingrg/kc/buy/cgsh_order_operate.html?command=get_materiel&rest_code=00105&code=00101012029&supplier_code=00100034&order_time=2021-04-13 HTTP/1.1" 200 414
116.233.75.14 - - [13/Apr/2021:08:59:56 +0800] "GET /xingrg/all/function/internal_message.html?_=1618275600049&CODE_STATE=getMsg HTTP/1.1" 200 27
116.230.114.112 - - [13/Apr/2021:08:59:56 +0800] "GET /xingrg/kc/buy/cgsh_order_operate.html?command=get_materiel&rest_code=00146&code=00101008261&supplier_code=00100005&order_time=2021-04-13 HTTP/1.1" 200 408
116.224.253.72 - - [13/Apr/2021:08:59:58 +0800] "GET /xingrg/all/function/internal_message.html?_=1618275599200&CODE_STATE=getMsg HTTP/1.1" 200 27
222.69.129.181 - - [13/Apr/2021:08:59:58 +0800] "GET /xingrg/all/function/internal_message.html?_=1618275597375&CODE_STATE=getMsg HTTP/1.1" 200 27
222.70.217.33 - - [13/Apr/2021:08:59:59 +0800] "GET /xingrg/all/function/internal_message.html?_=1618275597709&CODE_STATE=getMsg HTTP/1.1" 200 27
124.77.71.179 - - [13/Apr/2021:09:00:00 +0800] "GET /xingrg/kc/buy/cgsh_order_operate.html?command=get_materiel&rest_code=00107&code=00101008357&supplier_code=00100006&order_time=2021-04-13 HTTP/1.1" 200 408
180.169.147.146 - - [13/Apr/2021:09:00:04 +0800] "GET /xingrg/all/function/internal_message.html?_=1618275601545&CODE_STATE=getMsg HTTP/1.1" 200 27
116.224.253.72 - - [13/Apr/2021:09:00:04 +0800] "POST /xingrg/kc/buy/cgsh_order_operate.html HTTP/1.1" 200 37
222.69.129.181 - - [13/Apr/2021:09:00:06 +0800] "GET /xingrg/kc/buy/cgsh_order_operate.html?command=get_materiel&rest_code=00149&code=00101008163&supplier_code=00100005&order_time=2021-04-13 HTTP/1.1" 200 409
116.224.253.72 - - [13/Apr/2021:09:00:07 +0800] "POST /xingrg/kc/buy/cgsh_order_operate.html HTTP/1.1" 200 12
116.224.253.72 - - [13/Apr/2021:09:00:09 +0800] "GET /xingrg/kc/buy/cgsh_order_info.html?code=212021041305035 HTTP/1.1" 200 56980
116.224.253.72 - - [13/Apr/2021:09:00:09 +0800] "GET /xingrg/javascript/easyui/themes/default/validatebox.css HTTP/1.1" 404 1104
116.224.253.72 - - [13/Apr/2021:09:00:10 +0800] "POST /xingrg/kc/buy/cgsh_order_operate.html HTTP/1.1" 200 6532
101.85.94.178 - - [13/Apr/2021:09:00:11 +0800] "GET /xingrg/all/function/internal_message.html?_=1618275156379&CODE_STATE=getMsg HTTP/1.1" 200 27
116.224.253.72 - - [13/Apr/2021:09:00:12 +0800] "GET /xingrg/kc/print/load_config.html?kc_code=cgsh HTTP/1.1" 200 1845
116.224.253.72 - - [13/Apr/2021:09:00:12 +0800] "GET /xingrg/kc/print/load_data.html?order_code=212021041305035&kc_code=cgsh&condition= HTTP/1.1" 200 2958
124.77.71.179 - - [13/Apr/2021:09:00:14 +0800] "POST /xingrg/kc/buy/cgsh_order_operate.html HTTP/1.1" 200 2065
61.165.42.208 - - [13/Apr/2021:09:00:17 +0800] "POST /xingrg/kc/buy/cgsh_order_operate.html HTTP/1.1" 200 37
61.165.42.208 - - [13/Apr/2021:09:00:18 +0800] "POST /xingrg/kc/buy/cgsh_order_operate.html HTTP/1.1" 200 4432
116.233.75.14 - - [13/Apr/2021:09:00:18 +0800] "GET /xingrg/kc/buy/cgsh_order_operate.html?command=get_materiel&rest_code=00109&code=00101007075&supplier_code=00100015&order_time=2021-04-13 HTTP/1.1" 200 408
61.165.42.208 - - [13/Apr/2021:09:00:19 +0800] "GET /xingrg/kc/print/load_config.html?kc_code=cgsh HTTP/1.1" 200 1845
61.165.42.208 - - [13/Apr/2021:09:00:19 +0800] "GET /xingrg/kc/print/load_data.html?order_code=212021041305036&kc_code=cgsh&condition= HTTP/1.1" 200 1389
180.169.147.146 - - [13/Apr/2021:09:00:23 +0800] "GET /xingrg/index.html?sysBaseUrl=http%3A%2F%2F180.169.147.146%3A18081%2Fxingrg%2F&costTime=39×tamp=1592034574635 HTTP/1.1" 302 -
180.169.147.146 - - [13/Apr/2021:09:00:23 +0800] "GET /xingrg/login.html HTTP/1.1" 200 7641
180.169.147.146 - - [13/Apr/2021:09:00:23 +0800] "GET /xingrg/images/blue/jxLogo.png HTTP/1.1" 200 6156
180.169.147.146 - - [13/Apr/2021:09:00:23 +0800] "GET /xingrg/images/blue/login_bg.png HTTP/1.1" 200 22101
180.169.147.146 - - [13/Apr/2021:09:00:23 +0800] "GET /xingrg/images/blue/srbg.png HTTP/1.1" 200 138
180.169.147.146 - - [13/Apr/2021:09:00:23 +0800] "GET /xingrg/images/blue/hj.png HTTP/1.1" 200 1014
180.169.147.146 - - [13/Apr/2021:09:00:23 +0800] "GET /favicon.ico HTTP/1.1" 404 -
180.169.147.146 - - [13/Apr/2021:09:00:24 +0800] "POST /xingrg/login.do HTTP/1.1" 302 -
180.169.147.146 - - [13/Apr/2021:09:00:25 +0800] "GET /xingrg/index.html?sysBaseUrl=http%3A%2F%2F180.169.147.146%3A18081%2Fxingrg%2F&costTime=40×tamp=1618275624997 HTTP/1.1" 200 17503
180.169.147.146 - - [13/Apr/2021:09:00:25 +0800] "GET /xingrg/javascript/jquery_easy_ui/themes/icon.css HTTP/1.1" 200 3949
180.169.147.146 - - [13/Apr/2021:09:00:25 +0800] "GET /xingrg/javascript/jquery-1.4.2.min.js HTTP/1.1" 200 72205
180.169.147.146 - - [13/Apr/2021:09:00:25 +0800] "GET /xingrg/css/form.css HTTP/1.1" 200 893
180.169.147.146 - - [13/Apr/2021:09:00:25 +0800] "GET /xingrg/javascript/jquery_easy_ui/jquery.easyui.min.js HTTP/1.1" 200 213662
180.169.147.146 - - [13/Apr/2021:09:00:25 +0800] "GET /xingrg/javascript/jquery_easy_ui/easyui-lang-zh_CN.js HTTP/1.1" 200 1900
180.169.147.146 - - [13/Apr/2021:09:00:25 +0800] "GET /xingrg/javascript/jquery_easy_ui/themes/default/easyui.css HTTP/1.1" 200 26500
180.169.147.146 - - [13/Apr/2021:09:00:25 +0800] "GET /xingrg/javascript/jquery.timers.js HTTP/1.1" 200 3532
180.169.147.146 - - [13/Apr/2021:09:00:25 +0800] "GET /xingrg/javascript/jquery.utils.js HTTP/1.1" 200 11805
180.169.147.146 - - [13/Apr/2021:09:00:25 +0800] "GET /xingrg/javascript/jquery.form.js HTTP/1.1" 200 23110
180.169.147.146 - - [13/Apr/2021:09:00:25 +0800] "GET /favicon.ico HTTP/1.1" 404 -
180.169.147.146 - - [13/Apr/2021:09:00:25 +0800] "GET /xingrg/javascript/jquery_easy_ui/themes/icons/settle_new.png HTTP/1.1" 200 826
180.169.147.146 - - [13/Apr/2021:09:00:25 +0800] "GET /xingrg/images/blue/navBackgound.jpg HTTP/1.1" 200 12378
180.169.147.146 - - [13/Apr/2021:09:00:25 +0800] "POST /xingrg/all/common/load_tree.html?tree=area_rest_tree_json&manage=1 HTTP/1.1" 200 3344
180.169.147.146 - - [13/Apr/2021:09:00:25 +0800] "GET /xingrg/all/function/internal_message.html?_=1618275625552&CODE_STATE=count HTTP/1.1" 200 11
180.169.147.146 - - [13/Apr/2021:09:00:25 +0800] "GET /xingrg/check_reg.html?_=1618275625552 HTTP/1.1" 200 22
180.169.147.146 - - [13/Apr/2021:09:00:25 +0800] "GET /xingrg/images/blue/pingpu.png HTTP/1.1" 200 231
180.169.147.146 - - [13/Apr/2021:09:00:25 +0800] "GET /xingrg/javascript/jquery_easy_ui/themes/default/images/tabs_leftarrow.png HTTP/1.1" 200 389
180.169.147.146 - - [13/Apr/2021:09:00:25 +0800] "GET /xingrg/javascript/jquery_easy_ui/themes/default/images/panel_tool_expand.gif HTTP/1.1" 200 247
180.169.147.146 - - [13/Apr/2021:09:00:25 +0800] "GET /xingrg/javascript/jquery_easy_ui/themes/default/images/panel_tool_collapse.gif HTTP/1.1" 200 246
180.169.147.146 - - [13/Apr/2021:09:00:25 +0800] "GET /xingrg/javascript/jquery_easy_ui/themes/default/images/tabs_rightarrow.png HTTP/1.1" 200 395
180.169.147.146 - - [13/Apr/2021:09:00:25 +0800] "POST /xingrg/load_menu.html HTTP/1.1" 200 11564
180.169.147.146 - - [13/Apr/2021:09:00:25 +0800] "GET /xingrg/javascript/jquery_easy_ui/themes/default/images/tree_folder_open.gif HTTP/1.1" 200 956
180.169.147.146 - - [13/Apr/2021:09:00:25 +0800] "GET /xingrg/javascript/jquery_easy_ui/themes/default/images/tree_arrows.gif HTTP/1.1" 200 1043
180.169.147.146 - - [13/Apr/2021:09:00:25 +0800] "GET /xingrg/javascript/jquery_easy_ui/themes/icons/delivery_new.png HTTP/1.1" 200 700
180.169.147.146 - - [13/Apr/2021:09:00:25 +0800] "GET /xingrg/javascript/jquery_easy_ui/themes/icons/search_new.png HTTP/1.1" 200 586
180.169.147.146 - - [13/Apr/2021:09:00:25 +0800] "GET /xingrg/javascript/jquery_easy_ui/themes/icons/storage_new.png HTTP/1.1" 200 853
180.169.147.146 - - [13/Apr/2021:09:00:25 +0800] "GET /xingrg/javascript/jquery_easy_ui/themes/icons/checkout_new.png HTTP/1.1" 200 744
180.169.147.146 - - [13/Apr/2021:09:00:25 +0800] "GET /xingrg/javascript/jquery_easy_ui/themes/icons/forms_new.png HTTP/1.1" 200 350
180.169.147.146 - - [13/Apr/2021:09:00:25 +0800] "GET /xingrg/javascript/jquery_easy_ui/themes/icons/setting_new.png HTTP/1.1" 200 450
180.169.147.146 - - [13/Apr/2021:09:00:25 +0800] "GET /xingrg/javascript/jquery_easy_ui/themes/icons/systemset_new.png HTTP/1.1" 200 606
180.169.147.146 - - [13/Apr/2021:09:00:25 +0800] "GET /xingrg/javascript/jquery_easy_ui/themes/default/images/tree_file.gif HTTP/1.1" 200 118
180.169.147.146 - - [13/Apr/2021:09:00:25 +0800] "GET /xingrg/javascript/jquery_easy_ui/themes/default/images/tree_folder.gif HTTP/1.1" 200 952
124.77.71.179 - - [13/Apr/2021:09:00:26 +0800] "GET /xingrg/kc/buy/cgsh_order_operate.html?command=get_materiel&rest_code=00107&code=00101008344&supplier_code=00100006&order_time=2021-04-13 HTTP/1.1" 200 412
180.169.147.146 - - [13/Apr/2021:09:00:27 +0800] "GET /xingrg/system/info/materiel_manager.html HTTP/1.1" 200 19497
180.169.147.146 - - [13/Apr/2021:09:00:27 +0800] "GET /xingrg/javascript/jquery_easy_ui/themes/default/images/tabs_close.gif HTTP/1.1" 200 829
180.169.147.146 - - [13/Apr/2021:09:00:27 +0800] "GET /xingrg/css/xtree.css HTTP/1.1" 200 880
180.169.147.146 - - [13/Apr/2021:09:00:27 +0800] "GET /xingrg/css/blue.css HTTP/1.1" 200 15949
180.169.147.146 - - [13/Apr/2021:09:00:27 +0800] "GET /xingrg/javascript/jquery_ui/themes/base/base.css HTTP/1.1" 200 28568
180.169.147.146 - - [13/Apr/2021:09:00:27 +0800] "GET /xingrg/javascript/pic_change.js HTTP/1.1" 200 4739
180.169.147.146 - - [13/Apr/2021:09:00:27 +0800] "GET /xingrg/dwr/interface/AjaxBaseInfoService.js HTTP/1.1" 200 21363
180.169.147.146 - - [13/Apr/2021:09:00:27 +0800] "GET /xingrg/dwr/interface/AjaxComOrderService.js HTTP/1.1" 200 18264
180.169.147.146 - - [13/Apr/2021:09:00:27 +0800] "GET /xingrg/dwr/engine.js HTTP/1.1" 200 43631
180.169.147.146 - - [13/Apr/2021:09:00:27 +0800] "GET /xingrg/javascript/Calendar.js HTTP/1.1" 200 31561
180.169.147.146 - - [13/Apr/2021:09:00:27 +0800] "GET /xingrg/javascript/Grid.js HTTP/1.1" 200 58908
180.169.147.146 - - [13/Apr/2021:09:00:27 +0800] "GET /xingrg/dwr/util.js HTTP/1.1" 200 35990
180.169.147.146 - - [13/Apr/2021:09:00:27 +0800] "GET /xingrg/javascript/myfunction.js HTTP/1.1" 200 24559
180.169.147.146 - - [13/Apr/2021:09:00:27 +0800] "GET /xingrg/javascript/ToolTips.js HTTP/1.1" 200 5615
180.169.147.146 - - [13/Apr/2021:09:00:27 +0800] "GET /xingrg/javascript/print/LodopFuncs.js HTTP/1.1" 200 5121
180.169.147.146 - - [13/Apr/2021:09:00:27 +0800] "GET /xingrg/javascript/xtree.js HTTP/1.1" 200 26582
180.169.147.146 - - [13/Apr/2021:09:00:27 +0800] "GET /xingrg/images/xtree/openfoldericon.png HTTP/1.1" 200 232
180.169.147.146 - - [13/Apr/2021:09:00:27 +0800] "GET /xingrg/javascript/jquery_easy_ui/themes/icons/print_new.png HTTP/1.1" 200 3580
180.169.147.146 - - [13/Apr/2021:09:00:27 +0800] "GET /xingrg/javascript/jquery_easy_ui/themes/icons/back_new.png HTTP/1.1" 200 3414
180.169.147.146 - - [13/Apr/2021:09:00:27 +0800] "GET /xingrg/javascript/jquery_easy_ui/themes/icons/import_new.png HTTP/1.1" 200 1247
180.169.147.146 - - [13/Apr/2021:09:00:27 +0800] "GET /xingrg/images/blue/wait.gif HTTP/1.1" 200 1100
180.169.147.146 - - [13/Apr/2021:09:00:27 +0800] "POST /xingrg/dwr/call/plaincall/AjaxBaseInfoService.getSubMaterielSorts.dwr HTTP/1.1" 200 219
180.169.147.146 - - [13/Apr/2021:09:00:27 +0800] "GET /xingrg/images/xtree/Lplus.png HTTP/1.1" 200 224
180.169.147.146 - - [13/Apr/2021:09:00:27 +0800] "GET /xingrg/images/xtree/Tplus.png HTTP/1.1" 200 222
180.169.147.146 - - [13/Apr/2021:09:00:27 +0800] "GET /xingrg/images/xtree/foldericon.png HTTP/1.1" 200 229
180.169.147.146 - - [13/Apr/2021:09:00:27 +0800] "GET /xingrg/images/xtree/Lplus.png HTTP/1.1" 200 224
180.169.147.146 - - [13/Apr/2021:09:00:27 +0800] "POST /xingrg/dwr/call/plaincall/AjaxBaseInfoService.getMateriels.dwr HTTP/1.1" 200 2929
222.69.129.181 - - [13/Apr/2021:09:00:28 +0800] "GET /xingrg/kc/buy/cgsh_order_operate.html?command=get_materiel&rest_code=00149&code=00101008224&supplier_code=00100005&order_time=2021-04-13 HTTP/1.1" 200 416
124.77.71.179 - - [13/Apr/2021:09:00:28 +0800] "GET /xingrg/all/function/internal_message.html?_=1618275625483&CODE_STATE=getMsg HTTP/1.1" 200 27
180.169.147.146 - - [13/Apr/2021:09:00:31 +0800] "POST /xingrg/dwr/call/plaincall/AjaxBaseInfoService.searchMateriels.dwr HTTP/1.1" 200 325
180.169.147.146 - - [13/Apr/2021:09:00:32 +0800] "GET /xingrg/system/info/materiel_info.html?code=02002954 HTTP/1.1" 200 34529
180.169.147.146 - - [13/Apr/2021:09:00:32 +0800] "GET /xingrg/dwr/interface/AjaxGetFirstChart.js HTTP/1.1" 200 631
180.169.147.146 - - [13/Apr/2021:09:00:32 +0800] "GET /xingrg/dwr/engine.js HTTP/1.1" 200 43631
180.169.147.146 - - [13/Apr/2021:09:00:32 +0800] "GET /xingrg/javascript/checkform.js HTTP/1.1" 200 18351
180.169.147.146 - - [13/Apr/2021:09:00:33 +0800] "GET /favicon.ico HTTP/1.1" 404 -
180.169.147.146 - - [13/Apr/2021:09:00:33 +0800] "POST /xingrg/all/common/load_tree.html?tree=area_rest_tree_json HTTP/1.1" 200 3344
180.169.147.146 - - [13/Apr/2021:09:00:33 +0800] "POST /xingrg/dwr/call/plaincall/AjaxBaseInfoService.getMaterielInfo.dwr HTTP/1.1" 200 602
180.169.147.146 - - [13/Apr/2021:09:00:33 +0800] "POST /xingrg/all/common/load_tree.html?tree=area_rest_tree_json&defaultRests=undefined HTTP/1.1" 200 3344
180.169.147.146 - - [13/Apr/2021:09:00:33 +0800] "GET /xingrg/javascript/jquery_easy_ui/themes/default/images/tree_checkbox_0.gif HTTP/1.1" 200 168
180.169.147.146 - - [13/Apr/2021:09:00:33 +0800] "GET /xingrg/javascript/jquery_easy_ui/themes/icons/area.png HTTP/1.1" 200 262
180.169.147.146 - - [13/Apr/2021:09:00:33 +0800] "GET /xingrg/javascript/jquery_easy_ui/themes/icons/manage.png HTTP/1.1" 200 696
180.169.147.146 - - [13/Apr/2021:09:00:33 +0800] "GET /xingrg/javascript/jquery_easy_ui/themes/icons/rest.png HTTP/1.1" 200 695
116.233.75.14 - - [13/Apr/2021:09:00:34 +0800] "GET /xingrg/kc/buy/cgsh_order_operate.html?command=get_materiel&rest_code=00109&code=00101007049&supplier_code=00100015&order_time=2021-04-13 HTTP/1.1" 200 409
116.224.253.72 - - [13/Apr/2021:09:00:35 +0800] "POST /xingrg/all/user/operate.html HTTP/1.1" 200 36
116.224.253.72 - - [13/Apr/2021:09:00:36 +0800] "GET /xingrg/javascript/jquery_easy_ui/themes/default/easyui.css HTTP/1.1" 304 -
116.224.253.72 - - [13/Apr/2021:09:00:36 +0800] "GET /xingrg/index.html?sysBaseUrl=http%3A%2F%2F180.169.147.146%3A18081%2Fxingrg%2F&costTime=41×tamp=1618218429431 HTTP/1.1" 200 17177
116.224.253.72 - - [13/Apr/2021:09:00:36 +0800] "GET /xingrg/javascript/jquery_easy_ui/themes/icon.css HTTP/1.1" 304 -
116.224.253.72 - - [13/Apr/2021:09:00:36 +0800] "GET /xingrg/css/form.css HTTP/1.1" 304 -
116.224.253.72 - - [13/Apr/2021:09:00:36 +0800] "GET /xingrg/javascript/jquery-1.4.2.min.js HTTP/1.1" 304 -
116.224.253.72 - - [13/Apr/2021:09:00:36 +0800] "GET /xingrg/javascript/jquery_easy_ui/jquery.easyui.min.js HTTP/1.1" 304 -
116.224.253.72 - - [13/Apr/2021:09:00:36 +0800] "GET /xingrg/javascript/jquery_easy_ui/easyui-lang-zh_CN.js HTTP/1.1" 304 -
116.224.253.72 - - [13/Apr/2021:09:00:36 +0800] "GET /xingrg/javascript/jquery.form.js HTTP/1.1" 304 -
116.224.253.72 - - [13/Apr/2021:09:00:36 +0800] "GET /xingrg/javascript/jquery.utils.js HTTP/1.1" 304 -
116.224.253.72 - - [13/Apr/2021:09:00:36 +0800] "GET /xingrg/javascript/jquery.timers.js HTTP/1.1" 304 -
116.224.253.72 - - [13/Apr/2021:09:00:36 +0800] "GET /xingrg/images/blue/jxLogo.png HTTP/1.1" 304 -
116.224.253.72 - - [13/Apr/2021:09:00:36 +0800] "GET /xingrg/images/blue/navBackgound.jpg HTTP/1.1" 304 -
116.224.253.72 - - [13/Apr/2021:09:00:36 +0800] "GET /xingrg/javascript/jquery_easy_ui/themes/icons/settle_new.png HTTP/1.1" 304 -
116.224.253.72 - - [13/Apr/2021:09:00:36 +0800] "POST /xingrg/all/common/load_tree.html?tree=area_rest_tree_json&manage=1 HTTP/1.1" 200 476
116.224.253.72 - - [13/Apr/2021:09:00:36 +0800] "GET /xingrg/images/blue/pingpu.png HTTP/1.1" 304 -
116.224.253.72 - - [13/Apr/2021:09:00:36 +0800] "GET /xingrg/javascript/jquery_easy_ui/themes/default/images/tabs_leftarrow.png HTTP/1.1" 304 -
116.224.253.72 - - [13/Apr/2021:09:00:36 +0800] "GET /xingrg/javascript/jquery_easy_ui/themes/default/images/tabs_rightarrow.png HTTP/1.1" 304 -
116.224.253.72 - - [13/Apr/2021:09:00:36 +0800] "GET /xingrg/javascript/jquery_easy_ui/themes/default/images/panel_tool_collapse.gif HTTP/1.1" 304 -
116.224.253.72 - - [13/Apr/2021:09:00:37 +0800] "GET /xingrg/check_reg.html?_=1618275629967 HTTP/1.1" 200 22
116.224.253.72 - - [13/Apr/2021:09:00:37 +0800] "GET /xingrg/all/function/internal_message.html?_=1618275629966&CODE_STATE=count HTTP/1.1" 200 11
116.224.253.72 - - [13/Apr/2021:09:00:37 +0800] "POST /xingrg/load_menu.html HTTP/1.1" 200 5138
180.169.147.146 - - [13/Apr/2021:09:00:37 +0800] "POST /xingrg/dwr/call/plaincall/AjaxGetFirstChart.getFirstChart.dwr HTTP/1.1" 200 80
180.169.147.146 - - [13/Apr/2021:09:00:37 +0800] "POST /xingrg/dwr/call/plaincall/AjaxBaseInfoService.saveMateriel.dwr HTTP/1.1" 200 109
180.169.147.146 - - [13/Apr/2021:09:00:37 +0800] "POST /xingrg/dwr/call/plaincall/AjaxBaseInfoService.getMateriels.dwr HTTP/1.1" 200 3016
117.184.7.30 - - [13/Apr/2021:09:00:37 +0800] "GET /xingrg/all/function/internal_message.html?_=1618275627822&CODE_STATE=getMsg HTTP/1.1" 200 27
124.77.71.179 - - [13/Apr/2021:09:00:38 +0800] "GET /xingrg/kc/buy/cgsh_order_operate.html?command=get_materiel&rest_code=00107&code=00101009057&supplier_code=00100006&order_time=2021-04-13 HTTP/1.1" 200 408
116.230.114.112 - - [13/Apr/2021:09:00:40 +0800] "GET /xingrg/login.html HTTP/1.1" 200 7641
116.230.114.112 - - [13/Apr/2021:09:00:40 +0800] "GET /favicon.ico HTTP/1.1" 404 -
116.224.253.72 - - [13/Apr/2021:09:00:41 +0800] "GET /xingrg/kc/buy/cgsh_order_list.html HTTP/1.1" 200 46414
116.230.114.112 - - [13/Apr/2021:09:00:42 +0800] "POST /xingrg/login.do HTTP/1.1" 302 -
116.230.114.112 - - [13/Apr/2021:09:00:42 +0800] "GET /xingrg/javascript/jquery_easy_ui/themes/default/easyui.css HTTP/1.1" 304 -
116.230.114.112 - - [13/Apr/2021:09:00:42 +0800] "GET /xingrg/javascript/jquery_easy_ui/themes/icon.css HTTP/1.1" 304 -
