222.70.217.33 - - [13/Apr/2021:10:42:59 +0800] "GET /xingrg/kc/buy/cgsh_order_operate.html?command=get_materiel&rest_code=00155&code=00101013151&supplier_code=00100337&order_time=2021-04-13 HTTP/1.1" 200 413
117.185.32.26 - - [13/Apr/2021:10:42:59 +0800] "GET /xingrg/kc/buy/cgsh_order_operate.html?command=get_materiel&rest_code=00106&code=00101001125&supplier_code=00100090&order_time=2021-04-13 HTTP/1.1" 200 415
120.253.135.82 - - [13/Apr/2021:10:43:01 +0800] "POST /xingrg/all/common/load_combo.html?type=base HTTP/1.1" 200 1075
101.85.94.178 - - [13/Apr/2021:10:43:02 +0800] "GET /xingrg/kc/buy/cgsh_order_operate.html?command=get_materiel&rest_code=00142&code=00101008005&supplier_code=00100161&order_time=2021-04-13 HTTP/1.1" 200 412
180.169.147.146 - - [13/Apr/2021:10:43:02 +0800] "GET /xingrg/all/function/internal_message.html?_=1618281779448&CODE_STATE=getMsg HTTP/1.1" 200 27
116.224.253.72 - - [13/Apr/2021:10:43:02 +0800] "GET /xingrg/kc/base/wldb_order_operate.html?command=get_materiel&rest_code=00150&base_code=0010450&code=00101004065 HTTP/1.1" 200 435
222.70.217.33 - - [13/Apr/2021:10:43:02 +0800] "GET /xingrg/all/function/internal_message.html?_=1618281783186&CODE_STATE=getMsg HTTP/1.1" 200 27
120.253.135.82 - - [13/Apr/2021:10:43:05 +0800] "POST /xingrg/kc/pszx/mdps_order_operate.html HTTP/1.1" 200 37
120.253.135.82 - - [13/Apr/2021:10:43:06 +0800] "GET /xingrg/kc/pszx/mdps_order_info.html?code=312021041300380 HTTP/1.1" 200 23931
124.77.71.179 - - [13/Apr/2021:10:43:06 +0800] "GET /xingrg/kc/buy/cgsh_order_operate.html?command=get_materiel&rest_code=00107&code=00101002058&supplier_code=00100313&order_time=2021-04-13 HTTP/1.1" 200 396
120.253.135.82 - - [13/Apr/2021:10:43:06 +0800] "GET /xingrg/javascript/easyui/themes/default/validatebox.css HTTP/1.1" 404 1104
120.253.135.82 - - [13/Apr/2021:10:43:07 +0800] "POST /xingrg/kc/pszx/mdps_order_operate.html HTTP/1.1" 200 2283
222.70.217.33 - - [13/Apr/2021:10:43:09 +0800] "POST /xingrg/kc/buy/cgsh_order_operate.html HTTP/1.1" 200 37
116.224.253.72 - - [13/Apr/2021:10:43:09 +0800] "GET /xingrg/kc/base/wldb_order_operate.html?command=get_materiel&rest_code=00150&base_code=0010450&code=00101004038 HTTP/1.1" 200 429
117.185.32.26 - - [13/Apr/2021:10:43:10 +0800] "GET /xingrg/kc/buy/cgsh_order_operate.html?command=get_materiel&rest_code=00106&code=00101001044&supplier_code=00100090&order_time=2021-04-13 HTTP/1.1" 200 411
101.85.94.178 - - [13/Apr/2021:10:43:10 +0800] "GET /xingrg/kc/buy/cgsh_order_operate.html?command=get_materiel&rest_code=00142&code=00101008370&supplier_code=00100161&order_time=2021-04-13 HTTP/1.1" 200 412
222.70.217.33 - - [13/Apr/2021:10:43:11 +0800] "POST /xingrg/kc/buy/cgsh_order_operate.html HTTP/1.1" 200 4442
222.70.217.33 - - [13/Apr/2021:10:43:12 +0800] "GET /xingrg/kc/print/load_data.html?order_code=212021041305119&kc_code=cgsh&condition= HTTP/1.1" 200 1369
120.253.135.82 - - [13/Apr/2021:10:43:15 +0800] "POST /xingrg/kc/pszx/mdps_order_operate.html HTTP/1.1" 200 37
120.253.135.82 - - [13/Apr/2021:10:43:15 +0800] "GET /xingrg/kc/pszx/mdps_order_info.html?code=312021041300380 HTTP/1.1" 200 23931
116.224.253.72 - - [13/Apr/2021:10:43:16 +0800] "GET /xingrg/kc/base/wldb_order_operate.html?command=get_materiel&rest_code=00150&base_code=0010450&code=00101002038 HTTP/1.1" 200 437
120.253.135.82 - - [13/Apr/2021:10:43:16 +0800] "GET /xingrg/javascript/easyui/themes/default/validatebox.css HTTP/1.1" 404 1104
120.253.135.82 - - [13/Apr/2021:10:43:16 +0800] "POST /xingrg/kc/pszx/mdps_order_operate.html HTTP/1.1" 200 2283
124.77.71.179 - - [13/Apr/2021:10:43:17 +0800] "GET /xingrg/kc/buy/cgsh_order_operate.html?command=get_materiel&rest_code=00107&code=00101001033&supplier_code=00100313&order_time=2021-04-13 HTTP/1.1" 200 417
116.224.253.72 - - [13/Apr/2021:10:43:17 +0800] "GET /xingrg/all/function/internal_message.html?_=1618281797844&CODE_STATE=getMsg HTTP/1.1" 200 27
101.85.94.178 - - [13/Apr/2021:10:43:17 +0800] "GET /xingrg/kc/buy/cgsh_order_operate.html?command=get_materiel&rest_code=00142&code=00101008361&supplier_code=00100161&order_time=2021-04-13 HTTP/1.1" 200 408
222.70.217.33 - - [13/Apr/2021:10:43:18 +0800] "GET /xingrg/kc/buy/cgsh_order_add.html HTTP/1.1" 200 62116
222.70.217.33 - - [13/Apr/2021:10:43:18 +0800] "GET /xingrg/javascript/easyui/themes/default/validatebox.css HTTP/1.1" 404 1104
222.70.217.33 - - [13/Apr/2021:10:43:18 +0800] "POST /xingrg/kc/buy/cgsh_order_operate.html HTTP/1.1" 200 8245
120.253.135.82 - - [13/Apr/2021:10:43:19 +0800] "GET /xingrg/kc/print/load_data.html?order_code=312021041300380&kc_code=mdps&condition= HTTP/1.1" 200 687
180.169.147.146 - - [13/Apr/2021:10:43:24 +0800] "GET /xingrg/all/function/internal_message.html?_=1618281804482&CODE_STATE=getMsg HTTP/1.1" 200 27
120.253.135.82 - - [13/Apr/2021:10:43:24 +0800] "GET /xingrg/all/function/internal_message.html?_=1618281582634&CODE_STATE=getMsg HTTP/1.1" 200 27
117.185.32.26 - - [13/Apr/2021:10:43:25 +0800] "GET /xingrg/kc/buy/cgsh_order_operate.html?command=get_materiel&rest_code=00106&code=00101001093&supplier_code=00100090&order_time=2021-04-13 HTTP/1.1" 200 409
101.85.94.178 - - [13/Apr/2021:10:43:25 +0800] "GET /xingrg/kc/buy/cgsh_order_operate.html?command=get_materiel&rest_code=00142&code=00101008155&supplier_code=00100161&order_time=2021-04-13 HTTP/1.1" 200 408
61.129.6.203 - - [13/Apr/2021:10:43:26 +0800] "GET /xingrg/kc/print/load_data.html?order_code=212021041305111&kc_code=cgsh&condition= HTTP/1.1" 302 -
222.70.217.33 - - [13/Apr/2021:10:43:27 +0800] "GET /xingrg/kc/buy/cgsh_order_operate.html?command=get_materiel&rest_code=00155&code=00101020307&supplier_code=00100326&order_time=2021-04-13 HTTP/1.1" 200 400
120.253.135.82 - - [13/Apr/2021:10:43:28 +0800] "GET /xingrg/kc/pszx/mdps_order_info.html?code=312021041300380 HTTP/1.1" 200 23931
61.129.6.203 - - [13/Apr/2021:10:43:29 +0800] "GET /xingrg/login.html HTTP/1.1" 200 7641
124.77.71.179 - - [13/Apr/2021:10:43:29 +0800] "GET /xingrg/kc/buy/cgsh_order_operate.html?command=get_materiel&rest_code=00107&code=00101004060&supplier_code=00100313&order_time=2021-04-13 HTTP/1.1" 200 413
120.253.135.82 - - [13/Apr/2021:10:43:29 +0800] "GET /xingrg/javascript/easyui/themes/default/validatebox.css HTTP/1.1" 404 1104
120.253.135.82 - - [13/Apr/2021:10:43:29 +0800] "POST /xingrg/kc/pszx/mdps_order_operate.html HTTP/1.1" 200 2283
124.77.71.179 - - [13/Apr/2021:10:43:30 +0800] "GET /xingrg/all/function/internal_message.html?_=1618281808264&CODE_STATE=getMsg HTTP/1.1" 200 27
120.253.135.82 - - [13/Apr/2021:10:43:31 +0800] "POST /xingrg/kc/pszx/mdps_list_operate.html HTTP/1.1" 200 2996
101.85.94.178 - - [13/Apr/2021:10:43:32 +0800] "GET /xingrg/kc/buy/cgsh_order_operate.html?command=get_materiel&rest_code=00142&code=00101008371&supplier_code=00100161&order_time=2021-04-13 HTTP/1.1" 200 412
116.224.253.72 - - [13/Apr/2021:10:43:32 +0800] "GET /xingrg/kc/base/wldb_order_operate.html?command=get_materiel&rest_code=00150&base_code=0010450&code=00101004051 HTTP/1.1" 200 429
101.93.222.235 - - [13/Apr/2021:10:43:33 +0800] "POST /xingrg/services/DataTransmitService HTTP/1.1" 200 524
101.93.222.235 - - [13/Apr/2021:10:43:34 +0800] "POST /xingrg/services/DataTransmitService HTTP/1.1" 200 2071
101.93.222.235 - - [13/Apr/2021:10:43:35 +0800] "POST /xingrg/services/DataTransmitService HTTP/1.1" 200 154372
222.70.217.33 - - [13/Apr/2021:10:43:35 +0800] "POST /xingrg/kc/buy/cgsh_order_operate.html HTTP/1.1" 200 37
222.70.217.33 - - [13/Apr/2021:10:43:36 +0800] "POST /xingrg/kc/buy/cgsh_order_operate.html HTTP/1.1" 200 2659
117.185.32.26 - - [13/Apr/2021:10:43:37 +0800] "GET /xingrg/all/function/internal_message.html?_=1618281816893&CODE_STATE=getMsg HTTP/1.1" 200 27
114.88.156.246 - - [13/Apr/2021:10:43:37 +0800] "GET /xingrg/all/function/internal_message.html?_=1618281824089&CODE_STATE=getMsg HTTP/1.1" 200 27
222.70.217.33 - - [13/Apr/2021:10:43:37 +0800] "GET /xingrg/kc/print/load_data.html?order_code=212021041305120&kc_code=cgsh&condition= HTTP/1.1" 200 687
61.165.42.208 - - [13/Apr/2021:10:43:39 +0800] "GET /xingrg/all/function/internal_message.html?_=1618281804963&CODE_STATE=getMsg HTTP/1.1" 200 27
101.85.94.178 - - [13/Apr/2021:10:43:40 +0800] "GET /xingrg/kc/buy/cgsh_order_operate.html?command=get_materiel&rest_code=00142&code=00101008355&supplier_code=00100161&order_time=2021-04-13 HTTP/1.1" 200 408
116.224.253.72 - - [13/Apr/2021:10:43:41 +0800] "GET /xingrg/kc/base/wldb_order_operate.html?command=get_materiel&rest_code=00150&base_code=0010450&code=00101001135 HTTP/1.1" 200 434
222.70.217.33 - - [13/Apr/2021:10:43:42 +0800] "GET /xingrg/kc/buy/cgsh_order_add.html HTTP/1.1" 200 62116
222.70.217.33 - - [13/Apr/2021:10:43:42 +0800] "POST /xingrg/kc/buy/cgsh_order_operate.html HTTP/1.1" 200 8245
222.70.217.33 - - [13/Apr/2021:10:43:42 +0800] "GET /xingrg/javascript/easyui/themes/default/validatebox.css HTTP/1.1" 404 1104
61.165.42.208 - - [13/Apr/2021:10:43:43 +0800] "GET /xingrg/all/function/internal_message.html?_=1618281826050&CODE_STATE=getMsg HTTP/1.1" 200 27
114.88.167.174 - - [13/Apr/2021:10:43:46 +0800] "GET /xingrg/all/function/internal_message.html?_=1618281822972&CODE_STATE=getMsg HTTP/1.1" 200 27
117.185.32.26 - - [13/Apr/2021:10:43:47 +0800] "POST /xingrg/kc/buy/cgsh_order_operate.html HTTP/1.1" 200 37
116.224.253.72 - - [13/Apr/2021:10:43:48 +0800] "GET /xingrg/kc/base/wldb_order_operate.html?command=get_materiel&rest_code=00150&base_code=0010450&code=00101003006 HTTP/1.1" 200 431
116.230.114.112 - - [13/Apr/2021:10:43:48 +0800] "GET /xingrg/all/function/internal_message.html?_=1618281835040&CODE_STATE=getMsg HTTP/1.1" 200 27
101.85.52.2 - - [13/Apr/2021:10:43:48 +0800] "GET /xingrg/all/function/internal_message.html?_=1618281827084&CODE_STATE=getMsg HTTP/1.1" 200 27
101.85.94.178 - - [13/Apr/2021:10:43:49 +0800] "GET /xingrg/kc/buy/cgsh_order_operate.html?command=get_materiel&rest_code=00142&code=00101008024&supplier_code=00100161&order_time=2021-04-13 HTTP/1.1" 200 408
114.88.156.246 - - [13/Apr/2021:10:43:49 +0800] "GET /xingrg/all/function/internal_message.html?_=1618281854809&CODE_STATE=getMsg HTTP/1.1" 200 27
222.70.217.33 - - [13/Apr/2021:10:43:51 +0800] "GET /xingrg/kc/buy/cgsh_order_operate.html?command=get_materiel&rest_code=00155&code=00101008553&supplier_code=00100327&order_time=2021-04-13 HTTP/1.1" 200 392
117.185.32.26 - - [13/Apr/2021:10:43:51 +0800] "POST /xingrg/kc/buy/cgsh_order_operate.html HTTP/1.1" 200 12
116.224.253.72 - - [13/Apr/2021:10:43:51 +0800] "GET /xingrg/all/function/internal_message.html?_=1618281824759&CODE_STATE=getMsg HTTP/1.1" 200 27
117.185.32.26 - - [13/Apr/2021:10:43:53 +0800] "GET /xingrg/kc/buy/cgsh_order_info.html?code=212021041305121 HTTP/1.1" 200 57062
117.185.32.26 - - [13/Apr/2021:10:43:53 +0800] "GET /xingrg/javascript/easyui/themes/default/validatebox.css HTTP/1.1" 404 1104
101.85.94.178 - - [13/Apr/2021:10:43:54 +0800] "GET /xingrg/all/function/internal_message.html?_=1618281379165&CODE_STATE=getMsg HTTP/1.1" 200 27
117.185.32.26 - - [13/Apr/2021:10:43:54 +0800] "POST /xingrg/kc/buy/cgsh_order_operate.html HTTP/1.1" 200 3590
114.88.167.174 - - [13/Apr/2021:10:43:55 +0800] "GET /xingrg/all/function/internal_message.html?_=1618281835925&CODE_STATE=getMsg HTTP/1.1" 200 27
222.69.129.181 - - [13/Apr/2021:10:43:56 +0800] "GET /xingrg/all/function/internal_message.html?_=1618281835729&CODE_STATE=getMsg HTTP/1.1" 200 27
117.185.32.26 - - [13/Apr/2021:10:43:57 +0800] "GET /xingrg/kc/print/load_data.html?order_code=212021041305121&kc_code=cgsh&condition= HTTP/1.1" 200 1926
101.85.94.178 - - [13/Apr/2021:10:43:57 +0800] "GET /xingrg/kc/buy/cgsh_order_operate.html?command=get_materiel&rest_code=00142&code=00101008353&supplier_code=00100161&order_time=2021-04-13 HTTP/1.1" 200 408
222.70.217.33 - - [13/Apr/2021:10:44:00 +0800] "GET /xingrg/kc/buy/cgsh_order_operate.html?command=get_materiel&rest_code=00155&code=00101008145&supplier_code=00100327&order_time=2021-04-13 HTTP/1.1" 200 416
180.169.147.146 - - [13/Apr/2021:10:44:02 +0800] "GET /xingrg/all/function/internal_message.html?_=1618281839451&CODE_STATE=getMsg HTTP/1.1" 200 27
222.70.217.33 - - [13/Apr/2021:10:44:02 +0800] "GET /xingrg/all/function/internal_message.html?_=1618281843156&CODE_STATE=getMsg HTTP/1.1" 200 27
117.185.32.26 - - [13/Apr/2021:10:44:02 +0800] "GET /xingrg/kc/buy/cgsh_order_add.html HTTP/1.1" 200 62154
117.185.32.26 - - [13/Apr/2021:10:44:03 +0800] "GET /xingrg/javascript/easyui/themes/default/validatebox.css HTTP/1.1" 404 1104
117.185.32.26 - - [13/Apr/2021:10:44:03 +0800] "POST /xingrg/kc/buy/cgsh_order_operate.html HTTP/1.1" 200 8245
116.224.253.72 - - [13/Apr/2021:10:44:04 +0800] "POST /xingrg/kc/base/wldb_order_operate.html HTTP/1.1" 200 37
117.185.32.26 - - [13/Apr/2021:10:44:04 +0800] "GET /xingrg/javascript/easyui/themes/default/tree.css HTTP/1.1" 404 1090
117.185.32.26 - - [13/Apr/2021:10:44:04 +0800] "POST /xingrg/all/common/load_tree.html?tree=supplier_tree_json&isDelete=1 HTTP/1.1" 200 54827
61.165.42.208 - - [13/Apr/2021:10:44:05 +0800] "GET /xingrg/kc/mdqp/psth_order_list1.html HTTP/1.1" 200 18117
61.165.42.208 - - [13/Apr/2021:10:44:05 +0800] "POST /xingrg/kc/mdqp/psth_list_operate.html HTTP/1.1" 200 749
61.165.42.208 - - [13/Apr/2021:10:44:06 +0800] "GET /xingrg/javascript/jquery_tools/jquery-1.4.2.min.js HTTP/1.1" 404 1094
61.165.42.208 - - [13/Apr/2021:10:44:06 +0800] "GET /xingrg/kc/mdqp/psth_order_add1.html HTTP/1.1" 200 25474
61.165.42.208 - - [13/Apr/2021:10:44:07 +0800] "GET /xingrg/all/common/auto_word.html?type=base&rest_code=00105&rest_code=00101 HTTP/1.1" 200 1811
61.165.42.208 - - [13/Apr/2021:10:44:07 +0800] "POST /xingrg/kc/mdqp/psth_order_operate.html HTTP/1.1" 200 6806
61.165.42.208 - - [13/Apr/2021:10:44:07 +0800] "GET /xingrg/javascript/easyui/themes/default/validatebox.css HTTP/1.1" 404 1104
222.70.217.33 - - [13/Apr/2021:10:44:07 +0800] "POST /xingrg/kc/buy/cgsh_order_operate.html HTTP/1.1" 200 37
116.224.253.72 - - [13/Apr/2021:10:44:08 +0800] "POST /xingrg/kc/base/wldb_order_operate.html HTTP/1.1" 200 12
116.224.253.72 - - [13/Apr/2021:10:44:08 +0800] "POST /xingrg/kc/base/wldb_order_operate.html HTTP/1.1" 200 4541
101.85.94.178 - - [13/Apr/2021:10:44:08 +0800] "GET /xingrg/kc/buy/cgsh_order_operate.html?command=get_materiel&rest_code=00142&code=00101008366&supplier_code=00100161&order_time=2021-04-13 HTTP/1.1" 200 408
116.224.253.72 - - [13/Apr/2021:10:44:09 +0800] "GET /xingrg/kc/base/wldb_order_info.html?code=422021041301232 HTTP/1.1" 200 26443
222.70.217.33 - - [13/Apr/2021:10:44:09 +0800] "POST /xingrg/kc/buy/cgsh_order_operate.html HTTP/1.1" 200 3245
116.224.253.72 - - [13/Apr/2021:10:44:09 +0800] "GET /xingrg/javascript/easyui/themes/default/validatebox.css HTTP/1.1" 404 1104
116.224.253.72 - - [13/Apr/2021:10:44:09 +0800] "POST /xingrg/kc/base/wldb_order_operate.html HTTP/1.1" 200 2779
222.70.217.33 - - [13/Apr/2021:10:44:09 +0800] "GET /xingrg/kc/print/load_data.html?order_code=212021041305122&kc_code=cgsh&condition= HTTP/1.1" 200 897
114.88.156.246 - - [13/Apr/2021:10:44:10 +0800] "GET /xingrg/check_reg.html?_=1618281875688 HTTP/1.1" 200 22
116.224.253.72 - - [13/Apr/2021:10:44:11 +0800] "GET /xingrg/kc/base/wldb_order_add.html HTTP/1.1" 200 30560
116.224.253.72 - - [13/Apr/2021:10:44:12 +0800] "POST /xingrg/kc/base/wldb_order_operate.html HTTP/1.1" 200 6806
116.224.253.72 - - [13/Apr/2021:10:44:12 +0800] "GET /xingrg/javascript/easyui/themes/default/validatebox.css HTTP/1.1" 404 1104
116.224.253.72 - - [13/Apr/2021:10:44:12 +0800] "POST /xingrg/all/common/load_combo.html?type=base HTTP/1.1" 200 2966
222.70.217.33 - - [13/Apr/2021:10:44:13 +0800] "GET /xingrg/kc/buy/cgsh_order_add.html HTTP/1.1" 200 62116
222.70.217.33 - - [13/Apr/2021:10:44:13 +0800] "POST /xingrg/kc/buy/cgsh_order_operate.html HTTP/1.1" 200 8245
222.70.217.33 - - [13/Apr/2021:10:44:13 +0800] "GET /xingrg/javascript/easyui/themes/default/validatebox.css HTTP/1.1" 404 1104
116.224.253.72 - - [13/Apr/2021:10:44:17 +0800] "GET /xingrg/all/function/internal_message.html?_=1618281857844&CODE_STATE=getMsg HTTP/1.1" 200 27
116.224.253.72 - - [13/Apr/2021:10:44:17 +0800] "GET /xingrg/check_reg.html?_=1618281857847 HTTP/1.1" 200 22
61.165.42.208 - - [13/Apr/2021:10:44:17 +0800] "GET /xingrg/kc/mdqp/psth_order_operate.html?command=get_materiel&base_code=0010520&rest_code=00105&code=00102002803 HTTP/1.1" 200 414
101.85.94.178 - - [13/Apr/2021:10:44:18 +0800] "GET /xingrg/kc/buy/cgsh_order_operate.html?command=get_materiel&rest_code=00142&code=00101008350&supplier_code=00100161&order_time=2021-04-13 HTTP/1.1" 200 408
117.185.32.26 - - [13/Apr/2021:10:44:22 +0800] "GET /xingrg/kc/buy/cgsh_order_operate.html?command=get_materiel&rest_code=00106&code=00101006001&supplier_code=00100404&order_time=2021-04-13 HTTP/1.1" 200 427
180.169.147.146 - - [13/Apr/2021:10:44:24 +0800] "GET /xingrg/all/function/internal_message.html?_=1618281864494&CODE_STATE=getMsg HTTP/1.1" 200 27
120.253.135.82 - - [13/Apr/2021:10:44:25 +0800] "GET /xingrg/all/function/internal_message.html?_=1618281642887&CODE_STATE=getMsg HTTP/1.1" 200 27
101.85.94.178 - - [13/Apr/2021:10:44:27 +0800] "GET /xingrg/kc/buy/cgsh_order_operate.html?command=get_materiel&rest_code=00142&code=00101008357&supplier_code=00100161&order_time=2021-04-13 HTTP/1.1" 200 408
116.224.253.72 - - [13/Apr/2021:10:44:27 +0800] "GET /xingrg/kc/base/wldb_order_operate.html?command=get_materiel&rest_code=00150&base_code=0010450&code=00101004067 HTTP/1.1" 200 435
124.77.71.179 - - [13/Apr/2021:10:44:30 +0800] "GET /xingrg/all/function/internal_message.html?_=1618281868254&CODE_STATE=getMsg HTTP/1.1" 200 27
61.165.42.208 - - [13/Apr/2021:10:44:31 +0800] "POST /xingrg/kc/mdqp/psth_order_operate.html HTTP/1.1" 200 37
61.165.42.208 - - [13/Apr/2021:10:44:31 +0800] "POST /xingrg/kc/mdqp/psth_order_operate.html HTTP/1.1" 200 2177
61.165.42.208 - - [13/Apr/2021:10:44:35 +0800] "GET /xingrg/kc/mdqp/qqps_order_list.html HTTP/1.1" 200 9222
61.165.42.208 - - [13/Apr/2021:10:44:35 +0800] "GET /xingrg/dwr/util.js HTTP/1.1" 304 -
61.165.42.208 - - [13/Apr/2021:10:44:35 +0800] "GET /xingrg/dwr/interface/AjaxReportQueryService.js HTTP/1.1" 200 13203
61.165.42.208 - - [13/Apr/2021:10:44:35 +0800] "GET /xingrg/dwr/interface/AjaxQqpsService.js HTTP/1.1" 200 16326
61.165.42.208 - - [13/Apr/2021:10:44:35 +0800] "GET /xingrg/dwr/engine.js HTTP/1.1" 200 43631
101.85.94.178 - - [13/Apr/2021:10:44:36 +0800] "GET /xingrg/kc/buy/cgsh_order_operate.html?command=get_materiel&rest_code=00142&code=00101016025&supplier_code=00100161&order_time=2021-04-13 HTTP/1.1" 200 408
117.185.32.26 - - [13/Apr/2021:10:44:37 +0800] "GET /xingrg/kc/buy/cgsh_order_operate.html?command=get_materiel&rest_code=00106&code=00101010607&supplier_code=00100404&order_time=2021-04-13 HTTP/1.1" 200 405
117.185.32.26 - - [13/Apr/2021:10:44:37 +0800] "GET /xingrg/all/function/internal_message.html?_=1618281876878&CODE_STATE=getMsg HTTP/1.1" 200 27
114.88.156.246 - - [13/Apr/2021:10:44:37 +0800] "GET /xingrg/all/function/internal_message.html?_=1618281884058&CODE_STATE=getMsg HTTP/1.1" 200 27
61.165.42.208 - - [13/Apr/2021:10:44:37 +0800] "GET /xingrg/kc/mdqp/pssh_order_list.html HTTP/1.1" 200 18015
61.165.42.208 - - [13/Apr/2021:10:44:38 +0800] "POST /xingrg/kc/mdqp/pssh_list_operate.html HTTP/1.1" 200 5291
61.165.42.208 - - [13/Apr/2021:10:44:39 +0800] "GET /xingrg/all/function/internal_message.html?_=1618281864935&CODE_STATE=getMsg HTTP/1.1" 200 27
101.85.94.178 - - [13/Apr/2021:10:44:42 +0800] "GET /xingrg/kc/buy/cgsh_order_operate.html?command=get_materiel&rest_code=00142&code=00101016057&supplier_code=00100161&order_time=2021-04-13 HTTP/1.1" 200 408
61.165.42.208 - - [13/Apr/2021:10:44:43 +0800] "POST /xingrg/kc/mdqp/pssh_list_operate.html HTTP/1.1" 200 5291
61.165.42.208 - - [13/Apr/2021:10:44:43 +0800] "GET /xingrg/all/function/internal_message.html?_=1618281886066&CODE_STATE=getMsg HTTP/1.1" 200 27
114.88.167.174 - - [13/Apr/2021:10:44:44 +0800] "GET /xingrg/check_reg.html?_=1618281881187 HTTP/1.1" 200 22
61.165.42.208 - - [13/Apr/2021:10:44:45 +0800] "POST /xingrg/kc/mdqp/pssh_list_operate.html HTTP/1.1" 200 469
114.88.167.174 - - [13/Apr/2021:10:44:46 +0800] "GET /xingrg/all/function/internal_message.html?_=1618281882985&CODE_STATE=getMsg HTTP/1.1" 200 27
116.224.253.72 - - [13/Apr/2021:10:44:47 +0800] "POST /xingrg/kc/base/wldb_order_operate.html HTTP/1.1" 200 37
117.185.32.26 - - [13/Apr/2021:10:44:47 +0800] "GET /xingrg/javascript/easyui/themes/default/tree.css HTTP/1.1" 404 1090
117.185.32.26 - - [13/Apr/2021:10:44:47 +0800] "POST /xingrg/all/common/load_tree.html?tree=supplier_tree_json&manage=1 HTTP/1.1" 200 55684
61.165.42.208 - - [13/Apr/2021:10:44:48 +0800] "POST /xingrg/kc/mdqp/pssh_list_operate.html HTTP/1.1" 200 5567
116.230.114.112 - - [13/Apr/2021:10:44:48 +0800] "GET /xingrg/all/function/internal_message.html?_=1618281895043&CODE_STATE=getMsg HTTP/1.1" 200 27
101.85.52.2 - - [13/Apr/2021:10:44:48 +0800] "GET /xingrg/all/function/internal_message.html?_=1618281887091&CODE_STATE=getMsg HTTP/1.1" 200 27
114.88.156.246 - - [13/Apr/2021:10:44:49 +0800] "GET /xingrg/all/function/internal_message.html?_=1618281914777&CODE_STATE=getMsg HTTP/1.1" 200 27
116.224.253.72 - - [13/Apr/2021:10:44:50 +0800] "POST /xingrg/kc/base/wldb_order_operate.html HTTP/1.1" 200 12
116.224.253.72 - - [13/Apr/2021:10:44:50 +0800] "POST /xingrg/kc/base/wldb_order_operate.html HTTP/1.1" 200 2659
124.77.71.179 - - [13/Apr/2021:10:44:51 +0800] "POST /xingrg/kc/buy/cgsh_order_operate.html HTTP/1.1" 200 37
116.224.253.72 - - [13/Apr/2021:10:44:51 +0800] "GET /xingrg/kc/base/wldb_order_info.html?code=422021041301233 HTTP/1.1" 200 26441
116.224.253.72 - - [13/Apr/2021:10:44:52 +0800] "GET /xingrg/javascript/easyui/themes/default/validatebox.css HTTP/1.1" 404 1104
116.224.253.72 - - [13/Apr/2021:10:44:52 +0800] "GET /xingrg/all/function/internal_message.html?_=1618281884869&CODE_STATE=getMsg HTTP/1.1" 200 27
116.224.253.72 - - [13/Apr/2021:10:44:52 +0800] "POST /xingrg/kc/base/wldb_order_operate.html HTTP/1.1" 200 943
101.85.94.178 - - [13/Apr/2021:10:44:52 +0800] "GET /xingrg/kc/buy/cgsh_order_operate.html?command=get_materiel&rest_code=00142&code=00101008298&supplier_code=00100161&order_time=2021-04-13 HTTP/1.1" 200 413
114.88.167.174 - - [13/Apr/2021:10:44:52 +0800] "GET /xingrg/check_reg.html?_=1618281893494 HTTP/1.1" 200 22
120.204.17.73 - - [13/Apr/2021:10:44:52 +0800] "GET /xingrg/kc/buy/cgsh_order_info.html?code=212021041305121 HTTP/1.1" 302 -
61.165.42.208 - - [13/Apr/2021:10:44:52 +0800] "POST /xingrg/kc/mdqp/pssh_list_operate.html HTTP/1.1" 200 786
124.77.71.179 - - [13/Apr/2021:10:44:53 +0800] "POST /xingrg/kc/buy/cgsh_order_operate.html HTTP/1.1" 200 5635
101.85.94.178 - - [13/Apr/2021:10:44:54 +0800] "GET /xingrg/all/function/internal_message.html?_=1618281439072&CODE_STATE=getMsg HTTP/1.1" 200 27
61.165.42.208 - - [13/Apr/2021:10:44:54 +0800] "GET /xingrg/kc/mdqp/pssh_order_info.html?code=312021040600159 HTTP/1.1" 200 14386
61.165.42.208 - - [13/Apr/2021:10:44:54 +0800] "GET /xingrg/javascript/jquery_tools/jquery-1.4.2.min.js HTTP/1.1" 404 1094
120.204.17.73 - - [13/Apr/2021:10:44:54 +0800] "GET /xingrg/login.html HTTP/1.1" 200 7641
116.224.253.72 - - [13/Apr/2021:10:44:54 +0800] "GET /xingrg/kc/base/wldb_order_add.html HTTP/1.1" 200 30560
61.165.42.208 - - [13/Apr/2021:10:44:54 +0800] "POST /xingrg/kc/mdqp/pssh_order_operate.html HTTP/1.1" 200 3702
61.165.42.208 - - [13/Apr/2021:10:44:54 +0800] "GET /xingrg/javascript/easyui/themes/default/validatebox.css HTTP/1.1" 404 1104
114.88.167.174 - - [13/Apr/2021:10:44:55 +0800] "GET /xingrg/all/function/internal_message.html?_=1618281895899&CODE_STATE=getMsg HTTP/1.1" 200 27
116.224.253.72 - - [13/Apr/2021:10:44:55 +0800] "POST /xingrg/kc/base/wldb_order_operate.html HTTP/1.1" 200 6806
116.224.253.72 - - [13/Apr/2021:10:44:55 +0800] "GET /xingrg/javascript/easyui/themes/default/validatebox.css HTTP/1.1" 404 1104
124.77.71.179 - - [13/Apr/2021:10:44:56 +0800] "GET /xingrg/kc/print/load_data.html?order_code=212021041305123&kc_code=cgsh&condition= HTTP/1.1" 200 1819
116.224.253.72 - - [13/Apr/2021:10:44:56 +0800] "POST /xingrg/all/common/load_combo.html?type=base HTTP/1.1" 200 2966
222.70.217.33 - - [13/Apr/2021:10:44:56 +0800] "GET /xingrg/kc/buy/cgsh_order_operate.html?command=get_materiel&rest_code=00155&code=00101010310&supplier_code=00100314&order_time=2021-04-13 HTTP/1.1" 200 443
222.69.129.181 - - [13/Apr/2021:10:44:56 +0800] "GET /xingrg/all/function/internal_message.html?_=1618281895721&CODE_STATE=getMsg HTTP/1.1" 200 27
61.165.42.208 - - [13/Apr/2021:10:44:59 +0800] "GET /xingrg/kc/mdqp/qqps_order_list.html HTTP/1.1" 200 9222
61.165.42.208 - - [13/Apr/2021:10:44:59 +0800] "GET /xingrg/dwr/interface/AjaxReportQueryService.js HTTP/1.1" 200 13203
61.165.42.208 - - [13/Apr/2021:10:44:59 +0800] "GET /xingrg/dwr/interface/AjaxQqpsService.js HTTP/1.1" 200 16326
61.165.42.208 - - [13/Apr/2021:10:44:59 +0800] "GET /xingrg/dwr/engine.js HTTP/1.1" 200 43631
101.85.94.178 - - [13/Apr/2021:10:45:00 +0800] "GET /xingrg/kc/buy/cgsh_order_operate.html?command=get_materiel&rest_code=00142&code=00101008323&supplier_code=00100161&order_time=2021-04-13 HTTP/1.1" 200 408
117.185.32.26 - - [13/Apr/2021:10:45:00 +0800] "POST /xingrg/kc/buy/cgsh_list_operate.html HTTP/1.1" 200 5955
180.169.147.146 - - [13/Apr/2021:10:45:02 +0800] "GET /xingrg/all/function/internal_message.html?_=1618281899429&CODE_STATE=getMsg HTTP/1.1" 200 27
117.185.32.26 - - [13/Apr/2021:10:45:02 +0800] "POST /xingrg/kc/buy/cgsh_list_operate.html HTTP/1.1" 200 291
61.165.42.208 - - [13/Apr/2021:10:45:02 +0800] "GET /xingrg/kc/mdqp/psth_order_list1.html HTTP/1.1" 200 18117
61.165.42.208 - - [13/Apr/2021:10:45:03 +0800] "POST /xingrg/kc/mdqp/psth_list_operate.html HTTP/1.1" 200 1527
222.70.217.33 - - [13/Apr/2021:10:45:04 +0800] "POST /xingrg/kc/buy/cgsh_order_operate.html HTTP/1.1" 200 37
222.70.217.33 - - [13/Apr/2021:10:45:05 +0800] "POST /xingrg/kc/buy/cgsh_order_operate.html HTTP/1.1" 200 2666
222.70.217.33 - - [13/Apr/2021:10:45:06 +0800] "GET /xingrg/kc/print/load_data.html?order_code=212021041305124&kc_code=cgsh&condition= HTTP/1.1" 200 681
116.224.253.72 - - [13/Apr/2021:10:45:06 +0800] "GET /xingrg/kc/base/wldb_order_operate.html?command=get_materiel&rest_code=00150&base_code=0010446&code=00102002315 HTTP/1.1" 200 448
61.165.42.208 - - [13/Apr/2021:10:45:07 +0800] "POST /xingrg/kc/mdqp/psth_list_operate.html HTTP/1.1" 200 204
61.165.42.208 - - [13/Apr/2021:10:45:07 +0800] "GET /xingrg/javascript/jquery_tools/jquery-1.4.2.min.js HTTP/1.1" 404 1094
61.165.42.208 - - [13/Apr/2021:10:45:07 +0800] "GET /xingrg/kc/mdqp/psth_order_info1.html?code=322021041300002 HTTP/1.1" 200 26011
61.165.42.208 - - [13/Apr/2021:10:45:08 +0800] "GET /xingrg/javascript/easyui/themes/default/validatebox.css HTTP/1.1" 404 1104
61.165.42.208 - - [13/Apr/2021:10:45:08 +0800] "POST /xingrg/kc/mdqp/psth_order_operate.html HTTP/1.1" 200 2177
124.77.71.179 - - [13/Apr/2021:10:45:08 +0800] "GET /xingrg/kc/base/base_main.html HTTP/1.1" 200 12142
124.77.71.179 - - [13/Apr/2021:10:45:10 +0800] "GET /xingrg/kc/base/yddb_order_list.html HTTP/1.1" 200 16995
101.85.94.178 - - [13/Apr/2021:10:45:10 +0800] "GET /xingrg/kc/buy/cgsh_order_operate.html?command=get_materiel&rest_code=00142&code=00101012065&supplier_code=00100161&order_time=2021-04-13 HTTP/1.1" 200 418
124.77.71.179 - - [13/Apr/2021:10:45:11 +0800] "POST /xingrg/kc/base/yddb_list_operate.html HTTP/1.1" 200 636
222.70.217.33 - - [13/Apr/2021:10:45:12 +0800] "GET /xingrg/kc/buy/cgsh_order_add.html HTTP/1.1" 200 62116
124.77.71.179 - - [13/Apr/2021:10:45:12 +0800] "GET /xingrg/kc/base/yddb_order_add.html HTTP/1.1" 200 29743
222.70.217.33 - - [13/Apr/2021:10:45:12 +0800] "POST /xingrg/kc/buy/cgsh_order_operate.html HTTP/1.1" 200 8245
222.70.217.33 - - [13/Apr/2021:10:45:12 +0800] "GET /xingrg/javascript/easyui/themes/default/validatebox.css HTTP/1.1" 404 1104
124.77.71.179 - - [13/Apr/2021:10:45:12 +0800] "GET /xingrg/dwr/interface/AjaxComOrderService.js HTTP/1.1" 200 18264
124.77.71.179 - - [13/Apr/2021:10:45:12 +0800] "GET /xingrg/dwr/util.js HTTP/1.1" 304 -
124.77.71.179 - - [13/Apr/2021:10:45:12 +0800] "GET /xingrg/dwr/interface/AjaxYddbService.js HTTP/1.1" 200 13201
124.77.71.179 - - [13/Apr/2021:10:45:12 +0800] "GET /xingrg/dwr/engine.js HTTP/1.1" 200 43631
124.77.71.179 - - [13/Apr/2021:10:45:12 +0800] "GET /xingrg/javascript/checkform.js HTTP/1.1" 200 18351
124.77.71.179 - - [13/Apr/2021:10:45:14 +0800] "POST /xingrg/dwr/call/plaincall/AjaxYddbService.getRestBases.dwr HTTP/1.1" 200 1433
61.165.42.208 - - [13/Apr/2021:10:45:16 +0800] "POST /xingrg/kc/mdqp/psth_order_operate.html HTTP/1.1" 200 37
116.224.253.72 - - [13/Apr/2021:10:45:17 +0800] "GET /xingrg/all/function/internal_message.html?_=1618281917847&CODE_STATE=getMsg HTTP/1.1" 200 27
116.224.253.72 - - [13/Apr/2021:10:45:17 +0800] "POST /xingrg/kc/base/wldb_order_operate.html HTTP/1.1" 200 37
61.165.42.208 - - [13/Apr/2021:10:45:17 +0800] "POST /xingrg/kc/mdqp/psth_order_operate.html HTTP/1.1" 200 2177
101.85.94.178 - - [13/Apr/2021:10:45:18 +0800] "GET /xingrg/kc/buy/cgsh_order_operate.html?command=get_materiel&rest_code=00142&code=00101012024&supplier_code=00100161&order_time=2021-04-13 HTTP/1.1" 200 408
222.70.217.33 - - [13/Apr/2021:10:45:19 +0800] "GET /xingrg/kc/buy/cgsh_order_operate.html?command=get_materiel&rest_code=00155&code=00101001013&supplier_code=00100313&order_time=2021-04-13 HTTP/1.1" 200 414
116.224.253.72 - - [13/Apr/2021:10:45:19 +0800] "POST /xingrg/kc/base/wldb_order_operate.html HTTP/1.1" 200 12
116.224.253.72 - - [13/Apr/2021:10:45:19 +0800] "POST /xingrg/kc/base/wldb_order_operate.html HTTP/1.1" 200 2213
116.224.253.72 - - [13/Apr/2021:10:45:20 +0800] "GET /xingrg/kc/base/wldb_order_info.html?code=422021041301234 HTTP/1.1" 200 26442
61.165.42.208 - - [13/Apr/2021:10:45:20 +0800] "POST /xingrg/kc/mdqp/psth_order_operate.html HTTP/1.1" 200 12
116.224.253.72 - - [13/Apr/2021:10:45:20 +0800] "GET /xingrg/javascript/easyui/themes/default/validatebox.css HTTP/1.1" 404 1104
116.224.253.72 - - [13/Apr/2021:10:45:20 +0800] "POST /xingrg/kc/base/wldb_order_operate.html HTTP/1.1" 200 507
101.85.94.178 - - [13/Apr/2021:10:45:21 +0800] "POST /xingrg/kc/buy/cgsh_order_operate.html HTTP/1.1" 200 2065
61.165.42.208 - - [13/Apr/2021:10:45:22 +0800] "GET /xingrg/kc/mdqp/psth_order_info1.html?code=322021041300002 HTTP/1.1" 200 22533
61.165.42.208 - - [13/Apr/2021:10:45:22 +0800] "GET /xingrg/javascript/jquery_tools/jquery-1.4.2.min.js HTTP/1.1" 404 1094
61.165.42.208 - - [13/Apr/2021:10:45:22 +0800] "POST /xingrg/kc/mdqp/psth_order_operate.html HTTP/1.1" 200 479
61.165.42.208 - - [13/Apr/2021:10:45:22 +0800] "GET /xingrg/javascript/easyui/themes/default/validatebox.css HTTP/1.1" 404 1104
116.224.253.72 - - [13/Apr/2021:10:45:23 +0800] "GET /xingrg/kc/base/yddb_order_list.html HTTP/1.1" 200 16995
116.224.253.72 - - [13/Apr/2021:10:45:23 +0800] "POST /xingrg/kc/base/yddb_list_operate.html HTTP/1.1" 200 636
180.169.147.146 - - [13/Apr/2021:10:45:24 +0800] "GET /xingrg/all/function/internal_message.html?_=1618281924485&CODE_STATE=getMsg HTTP/1.1" 200 27
116.224.253.72 - - [13/Apr/2021:10:45:24 +0800] "GET /xingrg/kc/buy/cgsh_order_add.html HTTP/1.1" 200 62072
116.224.253.72 - - [13/Apr/2021:10:45:24 +0800] "GET /xingrg/words/20210413090037_words.js HTTP/1.1" 304 -
116.224.253.72 - - [13/Apr/2021:10:45:24 +0800] "GET /xingrg/kc/base/yddb_order_add.html HTTP/1.1" 200 29749
116.224.253.72 - - [13/Apr/2021:10:45:24 +0800] "GET /xingrg/javascript/Grid.js HTTP/1.1" 304 -
116.224.253.72 - - [13/Apr/2021:10:45:24 +0800] "GET /xingrg/css/blue.css HTTP/1.1" 304 -
116.224.253.72 - - [13/Apr/2021:10:45:24 +0800] "GET /xingrg/javascript/AjaxInfoList.js HTTP/1.1" 304 -
116.224.253.72 - - [13/Apr/2021:10:45:24 +0800] "GET /xingrg/javascript/checkform.js HTTP/1.1" 304 -
116.224.253.72 - - [13/Apr/2021:10:45:24 +0800] "GET /xingrg/javascript/Calendar.js HTTP/1.1" 304 -
116.224.253.72 - - [13/Apr/2021:10:45:24 +0800] "GET /xingrg/javascript/myfunction.js HTTP/1.1" 304 -
116.224.253.72 - - [13/Apr/2021:10:45:24 +0800] "GET /xingrg/javascript/ToolTips.js HTTP/1.1" 304 -
116.224.253.72 - - [13/Apr/2021:10:45:24 +0800] "GET /xingrg/dwr/interface/AjaxYddbService.js HTTP/1.1" 200 13201
116.224.253.72 - - [13/Apr/2021:10:45:24 +0800] "GET /xingrg/dwr/interface/AjaxComOrderService.js HTTP/1.1" 200 18264
116.224.253.72 - - [13/Apr/2021:10:45:24 +0800] "POST /xingrg/kc/buy/cgsh_order_operate.html HTTP/1.1" 200 8245
116.224.253.72 - - [13/Apr/2021:10:45:24 +0800] "GET /xingrg/dwr/util.js HTTP/1.1" 200 35990
116.224.253.72 - - [13/Apr/2021:10:45:24 +0800] "GET /xingrg/dwr/engine.js HTTP/1.1" 200 43631
116.224.253.72 - - [13/Apr/2021:10:45:24 +0800] "GET /xingrg/javascript/easyui/themes/default/validatebox.css HTTP/1.1" 404 1104
120.253.135.82 - - [13/Apr/2021:10:45:25 +0800] "GET /xingrg/all/function/internal_message.html?_=1618281702896&CODE_STATE=getMsg HTTP/1.1" 200 27
116.224.253.72 - - [13/Apr/2021:10:45:28 +0800] "POST /xingrg/dwr/call/plaincall/AjaxYddbService.getRestBases.dwr HTTP/1.1" 200 1514
101.85.94.178 - - [13/Apr/2021:10:45:29 +0800] "GET /xingrg/kc/buy/cgsh_order_operate.html?command=get_materiel&rest_code=00142&code=00101012044&supplier_code=00100161&order_time=2021-04-13 HTTP/1.1" 200 408
124.77.71.179 - - [13/Apr/2021:10:45:30 +0800] "GET /xingrg/all/function/internal_message.html?_=1618281928249&CODE_STATE=getMsg HTTP/1.1" 200 27
117.185.32.26 - - [13/Apr/2021:10:45:31 +0800] "POST /xingrg/kc/buy/cgsh_order_operate.html HTTP/1.1" 200 37
124.77.71.179 - - [13/Apr/2021:10:45:32 +0800] "POST /xingrg/dwr/call/plaincall/AjaxYddbService.saveOrder.dwr HTTP/1.1" 200 78
120.204.17.68 - - [13/Apr/2021:10:45:33 +0800] "GET /xingrg/kc/buy/cgsh_order_operate.html?command=get_materiel&rest_code=00106&code=00101020225&supplier_code=00100347&order_time=2021-04-13 HTTP/1.1" 302 -
117.185.32.26 - - [13/Apr/2021:10:45:33 +0800] "POST /xingrg/kc/buy/cgsh_order_operate.html HTTP/1.1" 200 12
116.224.253.72 - - [13/Apr/2021:10:45:34 +0800] "POST /xingrg/dwr/call/plaincall/AjaxYddbService.saveOrder.dwr HTTP/1.1" 200 78
117.185.32.26 - - [13/Apr/2021:10:45:35 +0800] "GET /xingrg/kc/buy/cgsh_order_info.html?code=212021041305125 HTTP/1.1" 200 57064
117.185.32.26 - - [13/Apr/2021:10:45:35 +0800] "GET /xingrg/javascript/easyui/themes/default/validatebox.css HTTP/1.1" 404 1104
117.185.32.26 - - [13/Apr/2021:10:45:36 +0800] "POST /xingrg/kc/buy/cgsh_order_operate.html HTTP/1.1" 200 615
124.77.71.179 - - [13/Apr/2021:10:45:36 +0800] "POST /xingrg/dwr/call/plaincall/AjaxComOrderService.getMaterielSearchList.dwr HTTP/1.1" 200 54735
61.165.42.208 - - [13/Apr/2021:10:45:36 +0800] "GET /xingrg/kc/mdqp/psth_order_add1.html HTTP/1.1" 200 25474
61.165.42.208 - - [13/Apr/2021:10:45:36 +0800] "GET /xingrg/javascript/jquery_tools/jquery-1.4.2.min.js HTTP/1.1" 404 1094
61.165.42.208 - - [13/Apr/2021:10:45:37 +0800] "POST /xingrg/kc/mdqp/psth_order_operate.html HTTP/1.1" 200 6806
117.185.32.26 - - [13/Apr/2021:10:45:37 +0800] "GET /xingrg/all/function/internal_message.html?_=1618281936862&CODE_STATE=getMsg HTTP/1.1" 200 27
116.224.253.72 - - [13/Apr/2021:10:45:37 +0800] "GET /xingrg/images/yd/bt.gif HTTP/1.1" 404 1040
61.165.42.208 - - [13/Apr/2021:10:45:37 +0800] "GET /xingrg/javascript/easyui/themes/default/validatebox.css HTTP/1.1" 404 1104
114.88.156.246 - - [13/Apr/2021:10:45:37 +0800] "GET /xingrg/all/function/internal_message.html?_=1618281944029&CODE_STATE=getMsg HTTP/1.1" 200 27
61.165.42.208 - - [13/Apr/2021:10:45:38 +0800] "POST /xingrg/all/common/load_combo.html?type=base&rest_code=00105 HTTP/1.1" 200 3236
116.224.253.72 - - [13/Apr/2021:10:45:38 +0800] "POST /xingrg/dwr/call/plaincall/AjaxComOrderService.getMaterielSearchList.dwr HTTP/1.1" 200 1949
222.70.217.33 - - [13/Apr/2021:10:45:38 +0800] "GET /xingrg/kc/buy/cgsh_order_operate.html?command=get_materiel&rest_code=00155&code=00101001170&supplier_code=00100313&order_time=2021-04-13 HTTP/1.1" 200 415
117.185.32.26 - - [13/Apr/2021:10:45:39 +0800] "GET /xingrg/kc/print/load_data.html?order_code=212021041305125&kc_code=cgsh&condition= HTTP/1.1" 200 740
116.224.253.72 - - [13/Apr/2021:10:45:39 +0800] "POST /xingrg/dwr/call/plaincall/AjaxComOrderService.getMaterielSearchList.dwr HTTP/1.1" 200 1949
61.165.42.208 - - [13/Apr/2021:10:45:39 +0800] "GET /xingrg/all/function/internal_message.html?_=1618281924911&CODE_STATE=getMsg HTTP/1.1" 200 27
116.224.253.72 - - [13/Apr/2021:10:45:40 +0800] "POST /xingrg/dwr/call/plaincall/AjaxYddbService.getMaterielByMap.dwr HTTP/1.1" 200 3746
124.77.71.179 - - [13/Apr/2021:10:45:40 +0800] "POST /xingrg/dwr/call/plaincall/AjaxComOrderService.getMaterielSearchList.dwr HTTP/1.1" 200 203
101.85.94.178 - - [13/Apr/2021:10:45:40 +0800] "GET /xingrg/kc/buy/cgsh_order_operate.html?command=get_materiel&rest_code=00142&code=00101012059&supplier_code=00100161&order_time=2021-04-13 HTTP/1.1" 200 412
124.77.71.179 - - [13/Apr/2021:10:45:41 +0800] "POST /xingrg/dwr/call/plaincall/AjaxComOrderService.getMaterielSearchList.dwr HTTP/1.1" 200 1550
120.204.17.68 - - [13/Apr/2021:10:45:42 +0800] "GET /xingrg/login.html HTTP/1.1" 200 7641
117.185.32.26 - - [13/Apr/2021:10:45:43 +0800] "GET /xingrg/kc/buy/cgsh_order_add.html HTTP/1.1" 200 62154
61.165.42.208 - - [13/Apr/2021:10:45:43 +0800] "GET /xingrg/all/function/internal_message.html?_=1618281946058&CODE_STATE=getMsg HTTP/1.1" 200 27
61.165.42.208 - - [13/Apr/2021:10:45:43 +0800] "GET /xingrg/kc/mdqp/psth_order_operate.html?command=get_materiel&base_code=0010507&rest_code=00105&code=00101019496 HTTP/1.1" 200 460
117.185.32.26 - - [13/Apr/2021:10:45:43 +0800] "GET /xingrg/javascript/easyui/themes/default/validatebox.css HTTP/1.1" 404 1104
117.185.32.26 - - [13/Apr/2021:10:45:43 +0800] "POST /xingrg/kc/buy/cgsh_order_operate.html HTTP/1.1" 200 8245
124.77.71.179 - - [13/Apr/2021:10:45:44 +0800] "POST /xingrg/dwr/call/plaincall/AjaxYddbService.getMaterielByMap.dwr HTTP/1.1" 200 3497
117.185.32.26 - - [13/Apr/2021:10:45:44 +0800] "GET /xingrg/javascript/easyui/themes/default/tree.css HTTP/1.1" 404 1090
117.185.32.26 - - [13/Apr/2021:10:45:44 +0800] "POST /xingrg/all/common/load_tree.html?tree=supplier_tree_json&isDelete=1 HTTP/1.1" 200 54827
116.224.253.72 - - [13/Apr/2021:10:45:44 +0800] "POST /xingrg/dwr/call/plaincall/AjaxYddbService.saveMaterielItem.dwr HTTP/1.1" 200 78
116.224.253.72 - - [13/Apr/2021:10:45:45 +0800] "POST /xingrg/dwr/call/plaincall/AjaxComOrderService.getMaterielSearchList.dwr HTTP/1.1" 200 76
116.230.114.112 - - [13/Apr/2021:10:45:46 +0800] "GET /xingrg/check_reg.html?_=1618281952512 HTTP/1.1" 200 22
116.224.253.72 - - [13/Apr/2021:10:45:46 +0800] "POST /xingrg/dwr/call/plaincall/AjaxComOrderService.getMaterielSearchList.dwr HTTP/1.1" 200 25350
114.88.167.174 - - [13/Apr/2021:10:45:46 +0800] "GET /xingrg/all/function/internal_message.html?_=1618281942997&CODE_STATE=getMsg HTTP/1.1" 200 27
116.224.253.72 - - [13/Apr/2021:10:45:47 +0800] "POST /xingrg/kc/buy/cgsh_order_operate.html HTTP/1.1" 200 37
124.77.71.179 - - [13/Apr/2021:10:45:47 +0800] "POST /xingrg/dwr/call/plaincall/AjaxYddbService.saveMaterielItem.dwr HTTP/1.1" 200 78
116.224.253.72 - - [13/Apr/2021:10:45:47 +0800] "POST /xingrg/dwr/call/plaincall/AjaxComOrderService.getMaterielSearchList.dwr HTTP/1.1" 200 626
183.192.164.97 - - [13/Apr/2021:10:45:47 +0800] "GET /xingrg/kc/buy/cgsh_order_operate.html?command=get_materiel&rest_code=00106&code=00101010607&supplier_code=00100404&order_time=2021-04-13 HTTP/1.1" 302 -
116.230.114.112 - - [13/Apr/2021:10:45:48 +0800] "GET /xingrg/all/function/internal_message.html?_=1618281955057&CODE_STATE=getMsg HTTP/1.1" 200 27
101.85.52.2 - - [13/Apr/2021:10:45:49 +0800] "GET /xingrg/all/function/internal_message.html?_=1618281947091&CODE_STATE=getMsg HTTP/1.1" 200 27
116.224.253.72 - - [13/Apr/2021:10:45:49 +0800] "POST /xingrg/dwr/call/plaincall/AjaxYddbService.getMaterielByMap.dwr HTTP/1.1" 200 3746
114.88.156.246 - - [13/Apr/2021:10:45:49 +0800] "GET /xingrg/all/function/internal_message.html?_=1618281974754&CODE_STATE=getMsg HTTP/1.1" 200 27
124.77.71.179 - - [13/Apr/2021:10:45:50 +0800] "GET /xingrg/images/yd/bt.gif HTTP/1.1" 404 1040
101.85.94.178 - - [13/Apr/2021:10:45:50 +0800] "POST /xingrg/kc/buy/cgsh_order_operate.html HTTP/1.1" 200 37
116.224.253.72 - - [13/Apr/2021:10:45:50 +0800] "GET /xingrg/images/yd/bt.gif HTTP/1.1" 404 1040
101.85.94.178 - - [13/Apr/2021:10:45:52 +0800] "POST /xingrg/kc/buy/cgsh_order_operate.html HTTP/1.1" 200 13852
116.224.253.72 - - [13/Apr/2021:10:45:52 +0800] "GET /xingrg/all/function/internal_message.html?_=1618281944881&CODE_STATE=getMsg HTTP/1.1" 200 27
116.224.253.72 - - [13/Apr/2021:10:45:52 +0800] "POST /xingrg/dwr/call/plaincall/AjaxYddbService.saveMaterielItem.dwr HTTP/1.1" 200 79
183.192.164.97 - - [13/Apr/2021:10:45:52 +0800] "GET /xingrg/login.html HTTP/1.1" 200 7641
116.224.253.72 - - [13/Apr/2021:10:45:52 +0800] "POST /xingrg/kc/buy/cgsh_order_operate.html HTTP/1.1" 200 12
116.224.253.72 - - [13/Apr/2021:10:45:53 +0800] "GET /xingrg/kc/buy/cgsh_order_info.html?code=212021041305126 HTTP/1.1" 200 56972
101.85.94.178 - - [13/Apr/2021:10:45:54 +0800] "GET /xingrg/all/function/internal_message.html?_=1618281499068&CODE_STATE=getMsg HTTP/1.1" 200 27
116.224.253.72 - - [13/Apr/2021:10:45:54 +0800] "GET /xingrg/javascript/easyui/themes/default/validatebox.css HTTP/1.1" 404 1104
116.224.253.72 - - [13/Apr/2021:10:45:55 +0800] "POST /xingrg/kc/buy/cgsh_order_operate.html HTTP/1.1" 200 606
114.88.167.174 - - [13/Apr/2021:10:45:55 +0800] "GET /xingrg/all/function/internal_message.html?_=1618281955883&CODE_STATE=getMsg HTTP/1.1" 200 27
116.224.253.72 - - [13/Apr/2021:10:45:56 +0800] "POST /xingrg/dwr/call/plaincall/AjaxYddbService.checkOrder.dwr HTTP/1.1" 200 79
116.224.253.72 - - [13/Apr/2021:10:45:56 +0800] "GET /xingrg/kc/print/load_data.html?order_code=212021041305126&kc_code=cgsh&condition= HTTP/1.1" 200 698
222.69.129.181 - - [13/Apr/2021:10:45:56 +0800] "GET /xingrg/all/function/internal_message.html?_=1618281955708&CODE_STATE=getMsg HTTP/1.1" 200 27
101.85.94.178 - - [13/Apr/2021:10:45:58 +0800] "POST /xingrg/kc/buy/cgsh_order_operate.html HTTP/1.1" 200 37
117.185.32.26 - - [13/Apr/2021:10:45:58 +0800] "GET /xingrg/kc/buy/cgsh_order_operate.html?command=get_materiel&rest_code=00106&code=00101002006&supplier_code=00100091&order_time=2021-04-13 HTTP/1.1" 200 414
124.77.71.179 - - [13/Apr/2021:10:45:58 +0800] "POST /xingrg/dwr/call/plaincall/AjaxYddbService.checkOrder.dwr HTTP/1.1" 200 78
116.224.253.72 - - [13/Apr/2021:10:45:58 +0800] "GET /xingrg/kc/base/yddb_order_info.html?code=482021041300084 HTTP/1.1" 200 29383
116.224.253.72 - - [13/Apr/2021:10:45:58 +0800] "GET /xingrg/dwr/interface/AjaxComOrderService.js HTTP/1.1" 200 18264
116.224.253.72 - - [13/Apr/2021:10:45:58 +0800] "GET /xingrg/dwr/interface/AjaxYddbService.js HTTP/1.1" 200 13201
116.224.253.72 - - [13/Apr/2021:10:45:59 +0800] "GET /xingrg/dwr/engine.js HTTP/1.1" 200 43631
61.165.42.208 - - [13/Apr/2021:10:45:59 +0800] "POST /xingrg/kc/mdqp/pssh_list_operate.html HTTP/1.1" 200 2217
61.165.42.208 - - [13/Apr/2021:10:45:59 +0800] "GET /xingrg/kc/mdqp/pssh_order_list.html HTTP/1.1" 200 18015
116.224.253.72 - - [13/Apr/2021:10:45:59 +0800] "POST /xingrg/dwr/call/plaincall/AjaxYddbService.loadMaterielItems.dwr HTTP/1.1" 200 831
61.165.42.208 - - [13/Apr/2021:10:45:59 +0800] "POST /xingrg/kc/mdqp/pssh_list_operate.html HTTP/1.1" 200 5291
101.85.94.178 - - [13/Apr/2021:10:45:59 +0800] "POST /xingrg/kc/buy/cgsh_order_operate.html HTTP/1.1" 200 13852
124.77.71.179 - - [13/Apr/2021:10:46:00 +0800] "GET /xingrg/kc/base/yddb_order_info.html?code=482021041300083 HTTP/1.1" 200 29535
124.77.71.179 - - [13/Apr/2021:10:46:00 +0800] "GET /xingrg/dwr/interface/AjaxComOrderService.js HTTP/1.1" 200 18264
124.77.71.179 - - [13/Apr/2021:10:46:00 +0800] "GET /xingrg/dwr/interface/AjaxYddbService.js HTTP/1.1" 200 13201
124.77.71.179 - - [13/Apr/2021:10:46:00 +0800] "GET /xingrg/dwr/engine.js HTTP/1.1" 200 43631
124.77.71.179 - - [13/Apr/2021:10:46:00 +0800] "POST /xingrg/dwr/call/plaincall/AjaxYddbService.loadMaterielItems.dwr HTTP/1.1" 200 389
116.224.253.72 - - [13/Apr/2021:10:46:01 +0800] "GET /xingrg/kc/buy/cgsh_order_add.html HTTP/1.1" 200 62072
180.169.147.146 - - [13/Apr/2021:10:46:02 +0800] "GET /xingrg/all/function/internal_message.html?_=1618281959400&CODE_STATE=getMsg HTTP/1.1" 200 27
116.224.253.72 - - [13/Apr/2021:10:46:02 +0800] "POST /xingrg/kc/buy/cgsh_order_operate.html HTTP/1.1" 200 8245
116.224.253.72 - - [13/Apr/2021:10:46:02 +0800] "GET /xingrg/javascript/easyui/themes/default/validatebox.css HTTP/1.1" 404 1104
222.70.217.33 - - [13/Apr/2021:10:46:02 +0800] "GET /xingrg/all/function/internal_message.html?_=1618281963161&CODE_STATE=getMsg HTTP/1.1" 200 27
61.165.42.208 - - [13/Apr/2021:10:46:03 +0800] "GET /xingrg/kc/base/base_main.html HTTP/1.1" 200 12142
101.85.94.178 - - [13/Apr/2021:10:46:04 +0800] "POST /xingrg/kc/buy/cgsh_order_operate.html HTTP/1.1" 200 37
61.165.42.208 - - [13/Apr/2021:10:46:04 +0800] "GET /xingrg/kc/base/wldb_order_list.html HTTP/1.1" 200 19383
61.165.42.208 - - [13/Apr/2021:10:46:05 +0800] "POST /xingrg/kc/base/wldb_list_operate.html HTTP/1.1" 200 928
116.224.253.72 - - [13/Apr/2021:10:46:05 +0800] "GET /xingrg/kc/base/yddb_order_add.html HTTP/1.1" 200 29749
116.224.253.72 - - [13/Apr/2021:10:46:05 +0800] "GET /xingrg/dwr/interface/AjaxYddbService.js HTTP/1.1" 200 13201
116.224.253.72 - - [13/Apr/2021:10:46:05 +0800] "GET /xingrg/dwr/interface/AjaxComOrderService.js HTTP/1.1" 200 18264
116.224.253.72 - - [13/Apr/2021:10:46:05 +0800] "GET /xingrg/dwr/engine.js HTTP/1.1" 200 43631
101.85.94.178 - - [13/Apr/2021:10:46:06 +0800] "POST /xingrg/kc/buy/cgsh_order_operate.html HTTP/1.1" 200 13852
124.77.71.179 - - [13/Apr/2021:10:46:06 +0800] "GET /xingrg/kc/buy/cgsh_order_add.html HTTP/1.1" 200 62236
124.77.71.179 - - [13/Apr/2021:10:46:07 +0800] "GET /xingrg/javascript/easyui/themes/default/validatebox.css HTTP/1.1" 404 1104
124.77.71.179 - - [13/Apr/2021:10:46:07 +0800] "POST /xingrg/kc/buy/cgsh_order_operate.html HTTP/1.1" 200 8245
124.77.71.179 - - [13/Apr/2021:10:46:08 +0800] "GET /xingrg/javascript/easyui/themes/default/tree.css HTTP/1.1" 404 1090
124.77.71.179 - - [13/Apr/2021:10:46:08 +0800] "POST /xingrg/all/common/load_tree.html?tree=supplier_tree_json&isDelete=1 HTTP/1.1" 200 54827
116.224.253.72 - - [13/Apr/2021:10:46:08 +0800] "POST /xingrg/dwr/call/plaincall/AjaxYddbService.getRestBases.dwr HTTP/1.1" 200 1514
61.165.42.208 - - [13/Apr/2021:10:46:08 +0800] "POST /xingrg/kc/mdqp/pssh_list_operate.html HTTP/1.1" 200 5505
117.185.32.26 - - [13/Apr/2021:10:46:10 +0800] "POST /xingrg/kc/buy/cgsh_order_operate.html HTTP/1.1" 200 37
61.165.42.208 - - [13/Apr/2021:10:46:10 +0800] "GET /xingrg/kc/base/wldb_order_add.html HTTP/1.1" 200 30546
61.165.42.208 - - [13/Apr/2021:10:46:11 +0800] "POST /xingrg/kc/base/wldb_order_operate.html HTTP/1.1" 200 6806
61.165.42.208 - - [13/Apr/2021:10:46:11 +0800] "GET /xingrg/all/common/auto_word.html?type=base&rest_code=00105 HTTP/1.1" 200 1811
61.165.42.208 - - [13/Apr/2021:10:46:11 +0800] "GET /xingrg/all/common/auto_word.html?type=base&rest_code=00105 HTTP/1.1" 200 1811
61.165.42.208 - - [13/Apr/2021:10:46:11 +0800] "GET /xingrg/javascript/easyui/themes/default/validatebox.css HTTP/1.1" 404 1104
117.185.32.26 - - [13/Apr/2021:10:46:14 +0800] "POST /xingrg/kc/buy/cgsh_order_operate.html HTTP/1.1" 200 12
116.224.253.72 - - [13/Apr/2021:10:46:14 +0800] "GET /xingrg/kc/buy/cgsh_order_operate.html?command=get_materiel&rest_code=00150&code=00101012104&supplier_code=00100327&order_time=2021-04-13 HTTP/1.1" 200 392
101.85.94.178 - - [13/Apr/2021:10:46:15 +0800] "POST /xingrg/kc/buy/cgsh_list_operate.html HTTP/1.1" 200 1690
117.185.32.26 - - [13/Apr/2021:10:46:15 +0800] "GET /xingrg/kc/buy/cgsh_order_info.html?code=212021041305128 HTTP/1.1" 200 57062
61.165.42.208 - - [13/Apr/2021:10:46:16 +0800] "POST /xingrg/kc/mdqp/pssh_list_operate.html HTTP/1.1" 200 5632
117.185.32.26 - - [13/Apr/2021:10:46:16 +0800] "GET /xingrg/javascript/easyui/themes/default/validatebox.css HTTP/1.1" 404 1104
61.165.42.208 - - [13/Apr/2021:10:46:16 +0800] "GET /xingrg/javascript/auto/indicator.gif HTTP/1.1" 404 1066
117.185.32.26 - - [13/Apr/2021:10:46:17 +0800] "POST /xingrg/kc/buy/cgsh_order_operate.html HTTP/1.1" 200 612
116.224.253.72 - - [13/Apr/2021:10:46:17 +0800] "GET /xingrg/all/function/internal_message.html?_=1618281977869&CODE_STATE=getMsg HTTP/1.1" 200 27
114.88.167.174 - - [13/Apr/2021:10:46:17 +0800] "GET /xingrg/login.html HTTP/1.1" 200 7641
114.88.167.174 - - [13/Apr/2021:10:46:17 +0800] "GET /xingrg/images/blue/login_bg.png HTTP/1.1" 304 -
114.88.167.174 - - [13/Apr/2021:10:46:17 +0800] "GET /xingrg/images/blue/jxLogo.png HTTP/1.1" 304 -
114.88.167.174 - - [13/Apr/2021:10:46:17 +0800] "GET /xingrg/images/blue/hj.png HTTP/1.1" 304 -
114.88.167.174 - - [13/Apr/2021:10:46:18 +0800] "GET /xingrg/images/blue/srbg.png HTTP/1.1" 304 -
114.88.167.174 - - [13/Apr/2021:10:46:18 +0800] "GET /favicon.ico HTTP/1.1" 404 -
117.185.32.26 - - [13/Apr/2021:10:46:18 +0800] "GET /xingrg/kc/print/load_data.html?order_code=212021041305128&kc_code=cgsh&condition= HTTP/1.1" 200 789
61.165.42.208 - - [13/Apr/2021:10:46:19 +0800] "POST /xingrg/kc/mdqp/pssh_list_operate.html HTTP/1.1" 200 795
61.165.42.208 - - [13/Apr/2021:10:46:20 +0800] "GET /xingrg/kc/mdqp/pssh_order_info.html?code=312021021600352 HTTP/1.1" 200 14386
61.165.42.208 - - [13/Apr/2021:10:46:20 +0800] "GET /xingrg/javascript/jquery_tools/jquery-1.4.2.min.js HTTP/1.1" 404 1094
61.165.42.208 - - [13/Apr/2021:10:46:20 +0800] "GET /xingrg/javascript/easyui/themes/default/validatebox.css HTTP/1.1" 404 1104
61.165.42.208 - - [13/Apr/2021:10:46:20 +0800] "POST /xingrg/kc/mdqp/pssh_order_operate.html HTTP/1.1" 200 12720
116.224.253.72 - - [13/Apr/2021:10:46:22 +0800] "POST /xingrg/kc/buy/cgsh_order_operate.html HTTP/1.1" 200 37
