114.86.187.76 - - [13/Apr/2021:09:10:55 +0800] "GET /xingrg/kc/base/wldb_order_operate.html?command=get_materiel&rest_code=00148&base_code=0010001&code=00101019222 HTTP/1.1" 200 452
116.233.75.14 - - [13/Apr/2021:09:10:56 +0800] "GET /xingrg/all/function/internal_message.html?_=1618276260071&CODE_STATE=getMsg HTTP/1.1" 200 27
116.224.253.72 - - [13/Apr/2021:09:10:56 +0800] "POST /xingrg/kc/buy/cgsh_list_operate.html HTTP/1.1" 200 2068
61.165.42.208 - - [13/Apr/2021:09:10:57 +0800] "GET /xingrg/kc/buy/cgsh_order_operate.html?command=get_materiel&rest_code=00105&code=00101008168&supplier_code=00100203&order_time=2021-04-13 HTTP/1.1" 200 413
116.230.114.112 - - [13/Apr/2021:09:10:57 +0800] "GET /xingrg/kc/buy/cgsh_order_operate.html?command=get_materiel&rest_code=00146&code=00101008038&supplier_code=00100005&order_time=2021-04-13 HTTP/1.1" 200 412
222.69.129.181 - - [13/Apr/2021:09:10:58 +0800] "GET /xingrg/all/function/internal_message.html?_=1618276257260&CODE_STATE=getMsg HTTP/1.1" 200 27
222.70.217.33 - - [13/Apr/2021:09:10:59 +0800] "GET /xingrg/all/function/internal_message.html?_=1618276257437&CODE_STATE=getMsg HTTP/1.1" 200 27
114.88.167.174 - - [13/Apr/2021:09:11:01 +0800] "GET /xingrg/kc/buy/cgsh_order_operate.html?command=get_materiel&rest_code=00111&code=00101008210&supplier_code=00100005&order_time=2021-04-13 HTTP/1.1" 200 408
222.69.129.181 - - [13/Apr/2021:09:11:02 +0800] "GET /xingrg/kc/buy/cgsh_order_operate.html?command=get_materiel&rest_code=00149&code=00101008010&supplier_code=00100005&order_time=2021-04-13 HTTP/1.1" 200 412
180.169.147.146 - - [13/Apr/2021:09:11:04 +0800] "GET /xingrg/all/function/internal_message.html?_=1618276261340&CODE_STATE=getMsg HTTP/1.1" 200 27
61.165.42.208 - - [13/Apr/2021:09:11:04 +0800] "GET /xingrg/kc/buy/cgsh_order_operate.html?command=get_materiel&rest_code=00105&code=00101008125&supplier_code=00100203&order_time=2021-04-13 HTTP/1.1" 200 413
116.230.114.112 - - [13/Apr/2021:09:11:06 +0800] "GET /xingrg/kc/buy/cgsh_order_operate.html?command=get_materiel&rest_code=00146&code=00101008358&supplier_code=00100005&order_time=2021-04-13 HTTP/1.1" 200 412
114.88.167.174 - - [13/Apr/2021:09:11:10 +0800] "GET /xingrg/kc/buy/cgsh_order_operate.html?command=get_materiel&rest_code=00111&code=00101008126&supplier_code=00100005&order_time=2021-04-13 HTTP/1.1" 200 412
101.85.94.178 - - [13/Apr/2021:09:11:11 +0800] "GET /xingrg/check_reg.html?_=1618275816416 HTTP/1.1" 200 22
101.85.94.178 - - [13/Apr/2021:09:11:11 +0800] "GET /xingrg/all/function/internal_message.html?_=1618275816417&CODE_STATE=getMsg HTTP/1.1" 200 27
116.230.114.112 - - [13/Apr/2021:09:11:15 +0800] "GET /xingrg/kc/buy/cgsh_order_operate.html?command=get_materiel&rest_code=00146&code=00101008141&supplier_code=00100005&order_time=2021-04-13 HTTP/1.1" 200 412
61.165.42.208 - - [13/Apr/2021:09:11:17 +0800] "GET /xingrg/kc/buy/cgsh_order_operate.html?command=get_materiel&rest_code=00105&code=00101008109&supplier_code=00100203&order_time=2021-04-13 HTTP/1.1" 200 413
114.86.187.76 - - [13/Apr/2021:09:11:17 +0800] "GET /xingrg/all/function/internal_message.html?_=1618276278673&CODE_STATE=getMsg HTTP/1.1" 200 27
222.69.129.181 - - [13/Apr/2021:09:11:18 +0800] "GET /xingrg/kc/buy/cgsh_order_operate.html?command=get_materiel&rest_code=00149&code=00101008173&supplier_code=00100005&order_time=2021-04-13 HTTP/1.1" 200 412
114.88.167.174 - - [13/Apr/2021:09:11:18 +0800] "GET /xingrg/all/function/internal_message.html?_=1618276249283&CODE_STATE=getMsg HTTP/1.1" 302 -
114.88.167.174 - - [13/Apr/2021:09:11:19 +0800] "GET /xingrg/check_reg.html?_=1618276249790 HTTP/1.1" 302 -
114.88.167.174 - - [13/Apr/2021:09:11:19 +0800] "GET /xingrg/kc/buy/cgsh_order_operate.html?command=get_materiel&rest_code=00111&code=00101008355&supplier_code=00100005&order_time=2021-04-13 HTTP/1.1" 200 408
116.224.253.72 - - [13/Apr/2021:09:11:22 +0800] "GET /xingrg/all/function/internal_message.html?_=1618276283182&CODE_STATE=getMsg HTTP/1.1" 200 27
116.224.253.72 - - [13/Apr/2021:09:11:25 +0800] "GET /xingrg/kc/buy/cgsh_order_add.html HTTP/1.1" 200 61790
116.224.253.72 - - [13/Apr/2021:09:11:25 +0800] "GET /xingrg/words/20210413090037_words.js HTTP/1.1" 304 -
116.224.253.72 - - [13/Apr/2021:09:11:25 +0800] "GET /xingrg/javascript/easyui/themes/default/validatebox.css HTTP/1.1" 404 1104
116.224.253.72 - - [13/Apr/2021:09:11:25 +0800] "POST /xingrg/kc/buy/cgsh_order_operate.html HTTP/1.1" 200 8245
116.224.253.72 - - [13/Apr/2021:09:11:26 +0800] "GET /xingrg/javascript/auto/indicator.gif HTTP/1.1" 404 1066
180.169.147.146 - - [13/Apr/2021:09:11:27 +0800] "GET /xingrg/check_reg.html?_=1618276284659 HTTP/1.1" 200 22
116.230.114.112 - - [13/Apr/2021:09:11:28 +0800] "GET /xingrg/kc/buy/cgsh_order_operate.html?command=get_materiel&rest_code=00146&code=00101008355&supplier_code=00100005&order_time=2021-04-13 HTTP/1.1" 200 408
114.88.167.174 - - [13/Apr/2021:09:11:29 +0800] "GET /xingrg/kc/buy/cgsh_order_operate.html?command=get_materiel&rest_code=00111&code=00101008045&supplier_code=00100005&order_time=2021-04-13 HTTP/1.1" 200 412
124.77.71.179 - - [13/Apr/2021:09:11:30 +0800] "GET /xingrg/all/function/internal_message.html?_=1618276287394&CODE_STATE=getMsg HTTP/1.1" 200 27
124.77.71.179 - - [13/Apr/2021:09:11:30 +0800] "GET /xingrg/check_reg.html?_=1618276287520 HTTP/1.1" 200 22
222.69.129.181 - - [13/Apr/2021:09:11:30 +0800] "GET /xingrg/kc/buy/cgsh_order_operate.html?command=get_materiel&rest_code=00149&code=00101008057&supplier_code=00100005&order_time=2021-04-13 HTTP/1.1" 200 409
116.230.114.112 - - [13/Apr/2021:09:11:31 +0800] "POST /xingrg/kc/buy/cgsh_order_operate.html HTTP/1.1" 200 2065
114.86.187.76 - - [13/Apr/2021:09:11:32 +0800] "GET /xingrg/kc/base/wldb_order_operate.html?command=get_materiel&rest_code=00148&base_code=0010001&code=00101019133 HTTP/1.1" 200 466
116.224.253.72 - - [13/Apr/2021:09:11:33 +0800] "GET /xingrg/kc/buy/cgsh_order_operate.html?command=get_materiel&rest_code=00151&code=00101011005&supplier_code=00100047&order_time=2021-04-13 HTTP/1.1" 200 429
222.69.129.181 - - [13/Apr/2021:09:11:34 +0800] "POST /xingrg/kc/buy/cgsh_order_operate.html HTTP/1.1" 200 2065
116.230.114.112 - - [13/Apr/2021:09:11:37 +0800] "GET /xingrg/kc/buy/cgsh_order_operate.html?command=get_materiel&rest_code=00146&code=00101008144&supplier_code=00100005&order_time=2021-04-13 HTTP/1.1" 200 412
116.224.253.72 - - [13/Apr/2021:09:11:37 +0800] "GET /xingrg/all/function/internal_message.html?_=1618276290156&CODE_STATE=getMsg HTTP/1.1" 200 27
61.165.42.208 - - [13/Apr/2021:09:11:37 +0800] "GET /xingrg/kc/buy/cgsh_order_operate.html?command=get_materiel&rest_code=00105&code=00101015046&supplier_code=00100203&order_time=2021-04-13 HTTP/1.1" 200 412
114.88.167.174 - - [13/Apr/2021:09:11:39 +0800] "GET /xingrg/kc/buy/cgsh_order_operate.html?command=get_materiel&rest_code=00111&code=00101008257&supplier_code=00100005&order_time=2021-04-13 HTTP/1.1" 200 416
114.88.167.174 - - [13/Apr/2021:09:11:39 +0800] "GET /xingrg/all/function/internal_message.html?_=1618276296025&CODE_STATE=getMsg HTTP/1.1" 200 27
116.224.253.72 - - [13/Apr/2021:09:11:41 +0800] "GET /xingrg/kc/buy/cgsh_order_operate.html?command=get_materiel&rest_code=00151&code=00101011001&supplier_code=00100047&order_time=2021-04-13 HTTP/1.1" 200 423
222.69.129.181 - - [13/Apr/2021:09:11:41 +0800] "GET /xingrg/kc/buy/cgsh_order_operate.html?command=get_materiel&rest_code=00149&code=00101008114&supplier_code=00100005&order_time=2021-04-13 HTTP/1.1" 200 412
116.230.114.112 - - [13/Apr/2021:09:11:42 +0800] "GET /xingrg/all/function/internal_message.html?_=1618276308694&CODE_STATE=getMsg HTTP/1.1" 200 27
61.165.42.208 - - [13/Apr/2021:09:11:43 +0800] "GET /xingrg/kc/buy/cgsh_order_operate.html?command=get_materiel&rest_code=00105&code=00101008123&supplier_code=00100203&order_time=2021-04-13 HTTP/1.1" 200 412
61.165.42.208 - - [13/Apr/2021:09:11:43 +0800] "GET /xingrg/check_reg.html?_=1618276306109 HTTP/1.1" 200 22
61.165.42.208 - - [13/Apr/2021:09:11:43 +0800] "GET /xingrg/all/function/internal_message.html?_=1618276306110&CODE_STATE=getMsg HTTP/1.1" 200 27
116.224.253.72 - - [13/Apr/2021:09:11:46 +0800] "POST /xingrg/kc/buy/cgsh_order_operate.html HTTP/1.1" 200 37
116.224.253.72 - - [13/Apr/2021:09:11:48 +0800] "POST /xingrg/kc/buy/cgsh_order_operate.html HTTP/1.1" 200 12
116.224.253.72 - - [13/Apr/2021:09:11:49 +0800] "GET /xingrg/kc/buy/cgsh_order_info.html?code=212021041305046 HTTP/1.1" 200 56692
116.224.253.72 - - [13/Apr/2021:09:11:50 +0800] "GET /xingrg/javascript/easyui/themes/default/validatebox.css HTTP/1.1" 404 1104
116.224.253.72 - - [13/Apr/2021:09:11:50 +0800] "POST /xingrg/kc/buy/cgsh_order_operate.html HTTP/1.1" 200 1222
61.165.42.208 - - [13/Apr/2021:09:11:50 +0800] "GET /xingrg/kc/buy/cgsh_order_operate.html?command=get_materiel&rest_code=00105&code=00101008114&supplier_code=00100203&order_time=2021-04-13 HTTP/1.1" 200 412
116.224.253.72 - - [13/Apr/2021:09:11:51 +0800] "GET /xingrg/kc/print/load_data.html?order_code=212021041305046&kc_code=cgsh&condition= HTTP/1.1" 200 1005
114.88.156.246 - - [13/Apr/2021:09:11:52 +0800] "GET /xingrg/all/function/internal_message.html?_=1618276336942&CODE_STATE=getMsg HTTP/1.1" 200 27
222.69.129.181 - - [13/Apr/2021:09:11:53 +0800] "GET /xingrg/check_reg.html?_=1618276312436 HTTP/1.1" 200 22
116.233.75.14 - - [13/Apr/2021:09:11:56 +0800] "GET /xingrg/all/function/internal_message.html?_=1618276320075&CODE_STATE=getMsg HTTP/1.1" 200 27
116.224.253.72 - - [13/Apr/2021:09:11:57 +0800] "POST /xingrg/all/user/operate.html HTTP/1.1" 200 36
116.224.253.72 - - [13/Apr/2021:09:11:58 +0800] "GET /xingrg/index.html?sysBaseUrl=http%3A%2F%2F180.169.147.146%3A18081%2Fxingrg%2F&costTime=94×tamp=1618274106585 HTTP/1.1" 200 17179
116.224.253.72 - - [13/Apr/2021:09:11:58 +0800] "GET /xingrg/javascript/jquery_easy_ui/themes/default/easyui.css HTTP/1.1" 304 -
116.224.253.72 - - [13/Apr/2021:09:11:58 +0800] "GET /xingrg/javascript/jquery_easy_ui/themes/icon.css HTTP/1.1" 304 -
116.224.253.72 - - [13/Apr/2021:09:11:58 +0800] "GET /xingrg/css/form.css HTTP/1.1" 304 -
116.224.253.72 - - [13/Apr/2021:09:11:58 +0800] "GET /xingrg/javascript/jquery-1.4.2.min.js HTTP/1.1" 304 -
116.224.253.72 - - [13/Apr/2021:09:11:58 +0800] "GET /xingrg/javascript/jquery_easy_ui/jquery.easyui.min.js HTTP/1.1" 304 -
116.224.253.72 - - [13/Apr/2021:09:11:58 +0800] "GET /xingrg/javascript/jquery_easy_ui/easyui-lang-zh_CN.js HTTP/1.1" 304 -
116.224.253.72 - - [13/Apr/2021:09:11:58 +0800] "GET /xingrg/javascript/jquery.form.js HTTP/1.1" 304 -
116.224.253.72 - - [13/Apr/2021:09:11:58 +0800] "GET /xingrg/javascript/jquery.utils.js HTTP/1.1" 304 -
116.224.253.72 - - [13/Apr/2021:09:11:58 +0800] "GET /xingrg/javascript/jquery.timers.js HTTP/1.1" 304 -
116.224.253.72 - - [13/Apr/2021:09:11:58 +0800] "GET /xingrg/images/blue/jxLogo.png HTTP/1.1" 304 -
116.224.253.72 - - [13/Apr/2021:09:11:58 +0800] "GET /xingrg/images/blue/navBackgound.jpg HTTP/1.1" 304 -
116.224.253.72 - - [13/Apr/2021:09:11:58 +0800] "GET /xingrg/javascript/jquery_easy_ui/themes/icons/settle_new.png HTTP/1.1" 304 -
116.224.253.72 - - [13/Apr/2021:09:11:58 +0800] "POST /xingrg/all/common/load_tree.html?tree=area_rest_tree_json&manage=1 HTTP/1.1" 200 476
116.224.253.72 - - [13/Apr/2021:09:11:58 +0800] "GET /xingrg/all/function/internal_message.html?_=1618276318883&CODE_STATE=count HTTP/1.1" 200 11
116.224.253.72 - - [13/Apr/2021:09:11:58 +0800] "GET /xingrg/check_reg.html?_=1618276318884 HTTP/1.1" 200 22
116.224.253.72 - - [13/Apr/2021:09:11:58 +0800] "GET /xingrg/javascript/jquery_easy_ui/themes/default/images/tabs_rightarrow.png HTTP/1.1" 304 -
116.224.253.72 - - [13/Apr/2021:09:11:58 +0800] "GET /xingrg/javascript/jquery_easy_ui/themes/default/images/panel_tool_collapse.gif HTTP/1.1" 304 -
116.224.253.72 - - [13/Apr/2021:09:11:58 +0800] "GET /xingrg/javascript/jquery_easy_ui/themes/default/images/tabs_leftarrow.png HTTP/1.1" 304 -
116.224.253.72 - - [13/Apr/2021:09:11:58 +0800] "GET /xingrg/images/blue/pingpu.png HTTP/1.1" 304 -
116.224.253.72 - - [13/Apr/2021:09:11:58 +0800] "POST /xingrg/load_menu.html HTTP/1.1" 200 5138
222.69.129.181 - - [13/Apr/2021:09:11:58 +0800] "GET /xingrg/all/function/internal_message.html?_=1618276317243&CODE_STATE=getMsg HTTP/1.1" 200 27
222.70.217.33 - - [13/Apr/2021:09:11:58 +0800] "GET /xingrg/all/function/internal_message.html?_=1618276317408&CODE_STATE=getMsg HTTP/1.1" 200 27
61.165.42.208 - - [13/Apr/2021:09:11:59 +0800] "GET /xingrg/kc/buy/cgsh_order_operate.html?command=get_materiel&rest_code=00105&code=00101008210&supplier_code=00100203&order_time=2021-04-13 HTTP/1.1" 200 408
116.224.253.72 - - [13/Apr/2021:09:12:00 +0800] "GET /xingrg/kc/buy/cgsh_order_list.html HTTP/1.1" 200 46416
116.224.253.72 - - [13/Apr/2021:09:12:02 +0800] "POST /xingrg/kc/buy/cgsh_list_operate.html HTTP/1.1" 200 2051
58.221.95.50 - - [13/Apr/2021:09:12:02 +0800] "GET /xingrg/check_reg.html?_=1618276323255 HTTP/1.1" 302 -
116.224.253.72 - - [13/Apr/2021:09:12:03 +0800] "GET /xingrg/kc/buy/cgsh_order_add.html HTTP/1.1" 200 62072
116.224.253.72 - - [13/Apr/2021:09:12:03 +0800] "POST /xingrg/kc/buy/cgsh_order_operate.html HTTP/1.1" 200 8245
116.224.253.72 - - [13/Apr/2021:09:12:03 +0800] "GET /xingrg/javascript/easyui/themes/default/validatebox.css HTTP/1.1" 404 1104
180.169.147.146 - - [13/Apr/2021:09:12:04 +0800] "GET /xingrg/all/function/internal_message.html?_=1618276321349&CODE_STATE=getMsg HTTP/1.1" 200 27
116.224.253.72 - - [13/Apr/2021:09:12:04 +0800] "GET /xingrg/javascript/auto/indicator.gif HTTP/1.1" 404 1066
116.230.114.112 - - [13/Apr/2021:09:12:05 +0800] "GET /xingrg/kc/buy/cgsh_order_operate.html?command=get_materiel&rest_code=00146&code=00101008033&supplier_code=00100005&order_time=2021-04-13 HTTP/1.1" 200 408
116.224.253.72 - - [13/Apr/2021:09:12:10 +0800] "GET /xingrg/kc/buy/cgsh_order_operate.html?command=get_materiel&rest_code=00150&code=00101011005&supplier_code=00100047&order_time=2021-04-13 HTTP/1.1" 200 429
61.165.42.208 - - [13/Apr/2021:09:12:11 +0800] "GET /xingrg/kc/buy/cgsh_order_operate.html?command=get_materiel&rest_code=00105&code=00101008331&supplier_code=00100203&order_time=2021-04-13 HTTP/1.1" 200 416
222.69.129.181 - - [13/Apr/2021:09:12:11 +0800] "GET /xingrg/kc/buy/cgsh_order_operate.html?command=get_materiel&rest_code=00149&code=00101008284&supplier_code=00100005&order_time=2021-04-13 HTTP/1.1" 200 412
101.85.94.178 - - [13/Apr/2021:09:12:11 +0800] "GET /xingrg/all/function/internal_message.html?_=1618275876415&CODE_STATE=getMsg HTTP/1.1" 200 27
61.165.42.208 - - [13/Apr/2021:09:12:14 +0800] "POST /xingrg/kc/buy/cgsh_order_operate.html HTTP/1.1" 200 2065
114.86.187.76 - - [13/Apr/2021:09:12:17 +0800] "GET /xingrg/check_reg.html?_=1618276338659 HTTP/1.1" 200 22
114.86.187.76 - - [13/Apr/2021:09:12:17 +0800] "GET /xingrg/all/function/internal_message.html?_=1618276338682&CODE_STATE=getMsg HTTP/1.1" 200 27
116.230.114.112 - - [13/Apr/2021:09:12:18 +0800] "GET /xingrg/kc/buy/cgsh_order_operate.html?command=get_materiel&rest_code=00146&code=00101008069&supplier_code=00100005&order_time=2021-04-13 HTTP/1.1" 200 412
114.88.167.174 - - [13/Apr/2021:09:12:18 +0800] "GET /xingrg/all/function/internal_message.html?_=1618276309265&CODE_STATE=getMsg HTTP/1.1" 302 -
222.70.217.33 - - [13/Apr/2021:09:12:20 +0800] "GET /xingrg/check_reg.html?_=1618276339381 HTTP/1.1" 200 22
116.224.253.72 - - [13/Apr/2021:09:12:21 +0800] "POST /xingrg/kc/buy/cgsh_order_operate.html HTTP/1.1" 200 37
116.224.253.72 - - [13/Apr/2021:09:12:24 +0800] "POST /xingrg/kc/buy/cgsh_order_operate.html HTTP/1.1" 200 12
116.224.253.72 - - [13/Apr/2021:09:12:24 +0800] "GET /xingrg/kc/buy/cgsh_order_info.html?code=212021041305047 HTTP/1.1" 200 56974
116.224.253.72 - - [13/Apr/2021:09:12:25 +0800] "GET /xingrg/javascript/easyui/themes/default/validatebox.css HTTP/1.1" 404 1104
116.230.114.112 - - [13/Apr/2021:09:12:25 +0800] "POST /xingrg/kc/buy/cgsh_order_operate.html HTTP/1.1" 200 2065
116.224.253.72 - - [13/Apr/2021:09:12:25 +0800] "POST /xingrg/kc/buy/cgsh_order_operate.html HTTP/1.1" 200 606
116.224.253.72 - - [13/Apr/2021:09:12:26 +0800] "GET /xingrg/kc/print/load_data.html?order_code=212021041305047&kc_code=cgsh&condition= HTTP/1.1" 200 759
124.77.71.179 - - [13/Apr/2021:09:12:30 +0800] "GET /xingrg/all/function/internal_message.html?_=1618276347366&CODE_STATE=getMsg HTTP/1.1" 200 27
222.69.129.181 - - [13/Apr/2021:09:12:32 +0800] "GET /xingrg/kc/buy/cgsh_order_operate.html?command=get_materiel&rest_code=00149&code=00101008285&supplier_code=00100005&order_time=2021-04-13 HTTP/1.1" 200 413
116.224.253.72 - - [13/Apr/2021:09:12:35 +0800] "GET /xingrg/index.html?sysBaseUrl=http%3A%2F%2F180.169.147.146%3A18081%2Fxingrg%2F&costTime=40×tamp=1618198248792 HTTP/1.1" 200 17179
114.86.187.76 - - [13/Apr/2021:09:12:36 +0800] "GET /xingrg/kc/base/wldb_order_operate.html?command=get_materiel&rest_code=00148&base_code=0010001&code=00101019390 HTTP/1.1" 200 456
116.224.253.72 - - [13/Apr/2021:09:12:36 +0800] "GET /favicon.ico HTTP/1.1" 404 -
116.224.253.72 - - [13/Apr/2021:09:12:36 +0800] "POST /xingrg/all/common/load_tree.html?tree=area_rest_tree_json&manage=1 HTTP/1.1" 200 476
116.224.253.72 - - [13/Apr/2021:09:12:36 +0800] "GET /xingrg/all/function/internal_message.html?_=1618276357113&CODE_STATE=count HTTP/1.1" 200 11
116.224.253.72 - - [13/Apr/2021:09:12:36 +0800] "GET /xingrg/check_reg.html?_=1618276357116 HTTP/1.1" 200 22
116.224.253.72 - - [13/Apr/2021:09:12:36 +0800] "POST /xingrg/load_menu.html HTTP/1.1" 200 5138
116.224.253.72 - - [13/Apr/2021:09:12:37 +0800] "GET /xingrg/all/function/internal_message.html?_=1618276350170&CODE_STATE=getMsg HTTP/1.1" 200 27
114.88.167.174 - - [13/Apr/2021:09:12:39 +0800] "GET /xingrg/all/function/internal_message.html?_=1618276356041&CODE_STATE=getMsg HTTP/1.1" 200 27
116.230.114.112 - - [13/Apr/2021:09:12:42 +0800] "GET /xingrg/all/function/internal_message.html?_=1618276368753&CODE_STATE=getMsg HTTP/1.1" 200 27
61.165.42.208 - - [13/Apr/2021:09:12:43 +0800] "GET /xingrg/all/function/internal_message.html?_=1618276366212&CODE_STATE=getMsg HTTP/1.1" 200 27
116.230.114.112 - - [13/Apr/2021:09:12:47 +0800] "GET /xingrg/kc/buy/cgsh_order_operate.html?command=get_materiel&rest_code=00146&code=00101008036&supplier_code=00100005&order_time=2021-04-13 HTTP/1.1" 200 408
222.69.129.181 - - [13/Apr/2021:09:12:48 +0800] "GET /xingrg/kc/buy/cgsh_order_operate.html?command=get_materiel&rest_code=00149&code=00101008125&supplier_code=00100005&order_time=2021-04-13 HTTP/1.1" 200 413
114.88.156.246 - - [13/Apr/2021:09:12:52 +0800] "GET /xingrg/all/function/internal_message.html?_=1618276396915&CODE_STATE=getMsg HTTP/1.1" 200 27
116.233.75.14 - - [13/Apr/2021:09:12:56 +0800] "GET /xingrg/all/function/internal_message.html?_=1618276380075&CODE_STATE=getMsg HTTP/1.1" 200 27
116.224.253.72 - - [13/Apr/2021:09:12:58 +0800] "GET /xingrg/all/function/internal_message.html?_=1618276378903&CODE_STATE=getMsg HTTP/1.1" 200 27
222.69.129.181 - - [13/Apr/2021:09:12:58 +0800] "GET /xingrg/all/function/internal_message.html?_=1618276377226&CODE_STATE=getMsg HTTP/1.1" 200 27
222.70.217.33 - - [13/Apr/2021:09:12:58 +0800] "GET /xingrg/all/function/internal_message.html?_=1618276377386&CODE_STATE=getMsg HTTP/1.1" 200 27
114.86.187.76 - - [13/Apr/2021:09:12:59 +0800] "GET /xingrg/kc/base/wldb_order_operate.html?command=get_materiel&rest_code=00148&base_code=0010001&code=00101019405 HTTP/1.1" 200 468
222.69.129.181 - - [13/Apr/2021:09:12:59 +0800] "GET /xingrg/kc/buy/cgsh_order_operate.html?command=get_materiel&rest_code=00149&code=00101008122&supplier_code=00100005&order_time=2021-04-13 HTTP/1.1" 200 413
180.169.147.146 - - [13/Apr/2021:09:13:04 +0800] "GET /xingrg/all/function/internal_message.html?_=1618276381316&CODE_STATE=getMsg HTTP/1.1" 200 27
116.230.114.112 - - [13/Apr/2021:09:13:06 +0800] "GET /xingrg/kc/buy/cgsh_order_operate.html?command=get_materiel&rest_code=00146&code=00101008318&supplier_code=00100005&order_time=2021-04-13 HTTP/1.1" 200 408
101.85.94.178 - - [13/Apr/2021:09:13:11 +0800] "GET /xingrg/all/function/internal_message.html?_=1618275936413&CODE_STATE=getMsg HTTP/1.1" 200 27
222.69.129.181 - - [13/Apr/2021:09:13:12 +0800] "POST /xingrg/kc/buy/cgsh_order_operate.html HTTP/1.1" 200 2065
116.230.114.112 - - [13/Apr/2021:09:13:16 +0800] "GET /xingrg/kc/buy/cgsh_order_operate.html?command=get_materiel&rest_code=00146&code=00101008005&supplier_code=00100005&order_time=2021-04-13 HTTP/1.1" 200 412
114.86.187.76 - - [13/Apr/2021:09:13:17 +0800] "GET /xingrg/all/function/internal_message.html?_=1618276398662&CODE_STATE=getMsg HTTP/1.1" 200 27
114.88.167.174 - - [13/Apr/2021:09:13:18 +0800] "GET /xingrg/all/function/internal_message.html?_=1618276369236&CODE_STATE=getMsg HTTP/1.1" 302 -
116.233.75.14 - - [13/Apr/2021:09:13:19 +0800] "GET /xingrg/kc/buy/cgsh_order_operate.html?command=get_materiel&rest_code=00109&code=00101012070&supplier_code=00100035&order_time=2021-04-13 HTTP/1.1" 200 398
116.230.114.112 - - [13/Apr/2021:09:13:20 +0800] "POST /xingrg/kc/buy/cgsh_order_operate.html HTTP/1.1" 200 2065
222.69.129.181 - - [13/Apr/2021:09:13:21 +0800] "GET /xingrg/kc/buy/cgsh_order_operate.html?command=get_materiel&rest_code=00149&code=00101008150&supplier_code=00100005&order_time=2021-04-13 HTTP/1.1" 200 409
114.86.187.76 - - [13/Apr/2021:09:13:21 +0800] "GET /xingrg/kc/base/wldb_order_operate.html?command=get_materiel&rest_code=00148&base_code=0010001&code=00101019536 HTTP/1.1" 200 470
124.77.71.179 - - [13/Apr/2021:09:13:30 +0800] "GET /xingrg/all/function/internal_message.html?_=1618276407350&CODE_STATE=getMsg HTTP/1.1" 200 27
61.165.42.208 - - [13/Apr/2021:09:13:33 +0800] "GET /xingrg/kc/buy/cgsh_order_operate.html?command=get_materiel&rest_code=00105&code=00101008358&supplier_code=00100203&order_time=2021-04-13 HTTP/1.1" 200 412
116.224.253.72 - - [13/Apr/2021:09:13:37 +0800] "GET /xingrg/all/function/internal_message.html?_=1618276410210&CODE_STATE=getMsg HTTP/1.1" 200 27
114.88.167.174 - - [13/Apr/2021:09:13:39 +0800] "GET /xingrg/all/function/internal_message.html?_=1618276416053&CODE_STATE=getMsg HTTP/1.1" 200 27
116.230.114.112 - - [13/Apr/2021:09:13:40 +0800] "GET /xingrg/kc/buy/cgsh_order_operate.html?command=get_materiel&rest_code=00146&code=00101008214&supplier_code=00100005&order_time=2021-04-13 HTTP/1.1" 200 409
116.230.114.112 - - [13/Apr/2021:09:13:43 +0800] "GET /xingrg/all/function/internal_message.html?_=1618276428890&CODE_STATE=getMsg HTTP/1.1" 200 27
61.165.42.208 - - [13/Apr/2021:09:13:43 +0800] "GET /xingrg/all/function/internal_message.html?_=1618276426230&CODE_STATE=getMsg HTTP/1.1" 200 27
222.69.129.181 - - [13/Apr/2021:09:13:45 +0800] "GET /xingrg/kc/buy/cgsh_order_operate.html?command=get_materiel&rest_code=00149&code=00101008312&supplier_code=00100005&order_time=2021-04-13 HTTP/1.1" 200 412
116.233.75.14 - - [13/Apr/2021:09:13:47 +0800] "GET /xingrg/kc/buy/cgsh_order_operate.html?command=get_materiel&rest_code=00109&code=00101012084&supplier_code=00100035&order_time=2021-04-13 HTTP/1.1" 200 398
114.86.187.76 - - [13/Apr/2021:09:13:49 +0800] "GET /xingrg/kc/base/wldb_order_operate.html?command=get_materiel&rest_code=00148&base_code=0010001&code=00101019185 HTTP/1.1" 200 455
61.165.42.208 - - [13/Apr/2021:09:13:51 +0800] "GET /xingrg/kc/buy/cgsh_order_operate.html?command=get_materiel&rest_code=00105&code=00101008118&supplier_code=00100203&order_time=2021-04-13 HTTP/1.1" 200 418
114.88.156.246 - - [13/Apr/2021:09:13:52 +0800] "GET /xingrg/all/function/internal_message.html?_=1618276456895&CODE_STATE=getMsg HTTP/1.1" 200 27
116.230.114.112 - - [13/Apr/2021:09:13:56 +0800] "GET /xingrg/kc/buy/cgsh_order_operate.html?command=get_materiel&rest_code=00146&code=00101015038&supplier_code=00100005&order_time=2021-04-13 HTTP/1.1" 200 418
116.233.75.14 - - [13/Apr/2021:09:13:56 +0800] "GET /xingrg/all/function/internal_message.html?_=1618276440079&CODE_STATE=getMsg HTTP/1.1" 200 27
116.233.75.14 - - [13/Apr/2021:09:13:56 +0800] "GET /xingrg/check_reg.html?_=1618276440080 HTTP/1.1" 200 22
116.224.253.72 - - [13/Apr/2021:09:13:58 +0800] "GET /xingrg/all/function/internal_message.html?_=1618276438900&CODE_STATE=getMsg HTTP/1.1" 200 27
222.69.129.181 - - [13/Apr/2021:09:13:58 +0800] "GET /xingrg/all/function/internal_message.html?_=1618276437209&CODE_STATE=getMsg HTTP/1.1" 200 27
222.70.217.33 - - [13/Apr/2021:09:13:58 +0800] "GET /xingrg/all/function/internal_message.html?_=1618276437357&CODE_STATE=getMsg HTTP/1.1" 200 27
116.233.75.14 - - [13/Apr/2021:09:14:02 +0800] "GET /xingrg/kc/buy/cgsh_order_operate.html?command=get_materiel&rest_code=00109&code=00101016105&supplier_code=00100035&order_time=2021-04-13 HTTP/1.1" 200 409
180.169.147.146 - - [13/Apr/2021:09:14:04 +0800] "GET /xingrg/all/function/internal_message.html?_=1618276441289&CODE_STATE=getMsg HTTP/1.1" 200 27
116.230.114.112 - - [13/Apr/2021:09:14:07 +0800] "GET /xingrg/kc/buy/cgsh_order_operate.html?command=get_materiel&rest_code=00146&code=00101008283&supplier_code=00100005&order_time=2021-04-13 HTTP/1.1" 200 408
61.165.42.208 - - [13/Apr/2021:09:14:09 +0800] "GET /xingrg/kc/buy/cgsh_order_operate.html?command=get_materiel&rest_code=00105&code=00101008126&supplier_code=00100203&order_time=2021-04-13 HTTP/1.1" 200 412
114.88.156.246 - - [13/Apr/2021:09:14:11 +0800] "GET /xingrg/check_reg.html?_=1618276475978 HTTP/1.1" 200 22
101.85.94.178 - - [13/Apr/2021:09:14:11 +0800] "GET /xingrg/all/function/internal_message.html?_=1618275996414&CODE_STATE=getMsg HTTP/1.1" 200 27
114.86.187.76 - - [13/Apr/2021:09:14:17 +0800] "GET /xingrg/all/function/internal_message.html?_=1618276458662&CODE_STATE=getMsg HTTP/1.1" 200 27
116.230.114.112 - - [13/Apr/2021:09:14:18 +0800] "GET /xingrg/kc/buy/cgsh_order_operate.html?command=get_materiel&rest_code=00146&code=00101008072&supplier_code=00100005&order_time=2021-04-13 HTTP/1.1" 200 408
114.88.167.174 - - [13/Apr/2021:09:14:18 +0800] "GET /xingrg/all/function/internal_message.html?_=1618276429211&CODE_STATE=getMsg HTTP/1.1" 302 -
116.233.75.14 - - [13/Apr/2021:09:14:20 +0800] "GET /xingrg/kc/buy/cgsh_order_operate.html?command=get_materiel&rest_code=00109&code=00101010200&supplier_code=00100035&order_time=2021-04-13 HTTP/1.1" 200 416
222.69.129.181 - - [13/Apr/2021:09:14:24 +0800] "GET /xingrg/kc/buy/cgsh_order_operate.html?command=get_materiel&rest_code=00149&code=00101008217&supplier_code=00100005&order_time=2021-04-13 HTTP/1.1" 200 412
61.165.42.208 - - [13/Apr/2021:09:14:25 +0800] "GET /xingrg/kc/buy/cgsh_order_operate.html?command=get_materiel&rest_code=00105&code=00101008201&supplier_code=00100203&order_time=2021-04-13 HTTP/1.1" 200 412
116.233.75.14 - - [13/Apr/2021:09:14:29 +0800] "GET /xingrg/kc/buy/cgsh_order_operate.html?command=get_materiel&rest_code=00109&code=00101016071&supplier_code=00100035&order_time=2021-04-13 HTTP/1.1" 200 416
124.77.71.179 - - [13/Apr/2021:09:14:30 +0800] "GET /xingrg/all/function/internal_message.html?_=1618276467328&CODE_STATE=getMsg HTTP/1.1" 200 27
222.69.129.181 - - [13/Apr/2021:09:14:35 +0800] "GET /xingrg/kc/buy/cgsh_order_operate.html?command=get_materiel&rest_code=00149&code=00101008133&supplier_code=00100005&order_time=2021-04-13 HTTP/1.1" 200 408
116.224.253.72 - - [13/Apr/2021:09:14:37 +0800] "GET /xingrg/all/function/internal_message.html?_=1618276470212&CODE_STATE=getMsg HTTP/1.1" 200 27
114.88.167.174 - - [13/Apr/2021:09:14:39 +0800] "GET /xingrg/check_reg.html?_=1618276475896 HTTP/1.1" 200 22
114.88.167.174 - - [13/Apr/2021:09:14:39 +0800] "GET /xingrg/all/function/internal_message.html?_=1618276476066&CODE_STATE=getMsg HTTP/1.1" 200 27
116.230.114.112 - - [13/Apr/2021:09:14:43 +0800] "GET /xingrg/all/function/internal_message.html?_=1618276488891&CODE_STATE=getMsg HTTP/1.1" 200 27
61.165.42.208 - - [13/Apr/2021:09:14:43 +0800] "GET /xingrg/all/function/internal_message.html?_=1618276486038&CODE_STATE=getMsg HTTP/1.1" 200 27
116.233.75.14 - - [13/Apr/2021:09:14:44 +0800] "GET /xingrg/kc/buy/cgsh_order_operate.html?command=get_materiel&rest_code=00109&code=00101019224&supplier_code=00100035&order_time=2021-04-13 HTTP/1.1" 200 408
61.165.42.208 - - [13/Apr/2021:09:14:46 +0800] "POST /xingrg/kc/buy/cgsh_order_operate.html HTTP/1.1" 200 2065
114.88.156.246 - - [13/Apr/2021:09:14:51 +0800] "GET /xingrg/all/function/internal_message.html?_=1618276516869&CODE_STATE=getMsg HTTP/1.1" 200 27
116.233.75.14 - - [13/Apr/2021:09:14:56 +0800] "GET /xingrg/all/function/internal_message.html?_=1618276500079&CODE_STATE=getMsg HTTP/1.1" 200 27
116.224.253.72 - - [13/Apr/2021:09:14:58 +0800] "GET /xingrg/all/function/internal_message.html?_=1618276498904&CODE_STATE=getMsg HTTP/1.1" 200 27
222.69.129.181 - - [13/Apr/2021:09:14:58 +0800] "GET /xingrg/all/function/internal_message.html?_=1618276497187&CODE_STATE=getMsg HTTP/1.1" 200 27
222.70.217.33 - - [13/Apr/2021:09:14:58 +0800] "GET /xingrg/all/function/internal_message.html?_=1618276497331&CODE_STATE=getMsg HTTP/1.1" 200 27
180.169.147.146 - - [13/Apr/2021:09:15:04 +0800] "GET /xingrg/all/function/internal_message.html?_=1618276501258&CODE_STATE=getMsg HTTP/1.1" 200 27
61.165.42.208 - - [13/Apr/2021:09:15:07 +0800] "GET /xingrg/kc/buy/cgsh_order_operate.html?command=get_materiel&rest_code=00105&code=00101008239&supplier_code=00100203&order_time=2021-04-13 HTTP/1.1" 200 416
101.85.94.178 - - [13/Apr/2021:09:15:11 +0800] "GET /xingrg/all/function/internal_message.html?_=1618276056413&CODE_STATE=getMsg HTTP/1.1" 200 27
61.165.42.208 - - [13/Apr/2021:09:15:15 +0800] "GET /xingrg/kc/buy/cgsh_order_operate.html?command=get_materiel&rest_code=00105&code=00101010136&supplier_code=00100203&order_time=2021-04-13 HTTP/1.1" 200 408
116.230.114.112 - - [13/Apr/2021:09:15:16 +0800] "GET /xingrg/kc/buy/cgsh_order_operate.html?command=get_materiel&rest_code=00146&code=00101008121&supplier_code=00100005&order_time=2021-04-13 HTTP/1.1" 200 412
114.86.187.76 - - [13/Apr/2021:09:15:17 +0800] "GET /xingrg/all/function/internal_message.html?_=1618276518665&CODE_STATE=getMsg HTTP/1.1" 200 27
114.88.167.174 - - [13/Apr/2021:09:15:18 +0800] "GET /xingrg/all/function/internal_message.html?_=1618276489193&CODE_STATE=getMsg HTTP/1.1" 302 -
61.165.42.208 - - [13/Apr/2021:09:15:21 +0800] "POST /xingrg/kc/buy/cgsh_order_operate.html HTTP/1.1" 200 37
61.165.42.208 - - [13/Apr/2021:09:15:23 +0800] "POST /xingrg/kc/buy/cgsh_order_operate.html HTTP/1.1" 200 48799
116.230.114.112 - - [13/Apr/2021:09:15:28 +0800] "POST /xingrg/kc/buy/cgsh_order_operate.html HTTP/1.1" 200 2065
124.77.71.179 - - [13/Apr/2021:09:15:30 +0800] "GET /xingrg/all/function/internal_message.html?_=1618276527332&CODE_STATE=getMsg HTTP/1.1" 200 27
114.88.167.174 - - [13/Apr/2021:09:15:32 +0800] "GET /xingrg/kc/buy/cgsh_order_operate.html?command=get_materiel&rest_code=00111&code=00101008080&supplier_code=00100005&order_time=2021-04-13 HTTP/1.1" 200 416
116.230.114.112 - - [13/Apr/2021:09:15:36 +0800] "GET /xingrg/kc/buy/cgsh_order_operate.html?command=get_materiel&rest_code=00146&code=00101008498&supplier_code=00100005&order_time=2021-04-13 HTTP/1.1" 200 410
116.224.253.72 - - [13/Apr/2021:09:15:37 +0800] "GET /xingrg/check_reg.html?_=1618276530017 HTTP/1.1" 200 22
116.224.253.72 - - [13/Apr/2021:09:15:37 +0800] "GET /xingrg/all/function/internal_message.html?_=1618276530228&CODE_STATE=getMsg HTTP/1.1" 200 27
114.88.167.174 - - [13/Apr/2021:09:15:39 +0800] "GET /xingrg/all/function/internal_message.html?_=1618276536081&CODE_STATE=getMsg HTTP/1.1" 200 27
222.69.129.181 - - [13/Apr/2021:09:15:40 +0800] "POST /xingrg/kc/buy/cgsh_order_operate.html HTTP/1.1" 200 37
116.230.114.112 - - [13/Apr/2021:09:15:42 +0800] "GET /xingrg/check_reg.html?_=1618276548517 HTTP/1.1" 200 22
116.230.114.112 - - [13/Apr/2021:09:15:43 +0800] "GET /xingrg/all/function/internal_message.html?_=1618276548905&CODE_STATE=getMsg HTTP/1.1" 200 27
61.165.42.208 - - [13/Apr/2021:09:15:43 +0800] "GET /xingrg/all/function/internal_message.html?_=1618276546016&CODE_STATE=getMsg HTTP/1.1" 200 27
116.233.75.14 - - [13/Apr/2021:09:15:44 +0800] "GET /xingrg/kc/buy/cgsh_order_operate.html?command=get_materiel&rest_code=00109&code=00101012104&supplier_code=00100035&order_time=2021-04-13 HTTP/1.1" 200 392
116.230.114.112 - - [13/Apr/2021:09:15:45 +0800] "GET /xingrg/kc/buy/cgsh_order_operate.html?command=get_materiel&rest_code=00146&code=00101008323&supplier_code=00100005&order_time=2021-04-13 HTTP/1.1" 200 408
114.88.167.174 - - [13/Apr/2021:09:15:46 +0800] "GET /xingrg/kc/buy/cgsh_order_operate.html?command=get_materiel&rest_code=00111&code=00101008351&supplier_code=00100005&order_time=2021-04-13 HTTP/1.1" 200 408
222.69.129.181 - - [13/Apr/2021:09:15:46 +0800] "POST /xingrg/kc/buy/cgsh_order_operate.html HTTP/1.1" 200 12
116.233.75.14 - - [13/Apr/2021:09:15:50 +0800] "GET /xingrg/system/info/materiel_import.html?isSelect=1&singleSelect=false HTTP/1.1" 200 5600
116.233.75.14 - - [13/Apr/2021:09:15:50 +0800] "POST /xingrg/all/common/load_tree.html?tree=materiel_sort_tree_json HTTP/1.1" 200 8666
222.69.129.181 - - [13/Apr/2021:09:15:51 +0800] "GET /xingrg/kc/buy/cgsh_order_info.html?code=212021041305049 HTTP/1.1" 200 57103
222.69.129.181 - - [13/Apr/2021:09:15:51 +0800] "GET /xingrg/words/20210413090037_words.js HTTP/1.1" 200 804896
114.88.156.246 - - [13/Apr/2021:09:15:51 +0800] "GET /xingrg/all/function/internal_message.html?_=1618276576848&CODE_STATE=getMsg HTTP/1.1" 200 27
222.69.129.181 - - [13/Apr/2021:09:15:52 +0800] "GET /xingrg/javascript/easyui/themes/default/validatebox.css HTTP/1.1" 404 1104
222.69.129.181 - - [13/Apr/2021:09:15:52 +0800] "POST /xingrg/kc/buy/cgsh_order_operate.html HTTP/1.1" 200 34320
116.224.253.72 - - [13/Apr/2021:09:15:53 +0800] "POST /xingrg/all/user/operate.html HTTP/1.1" 200 36
116.224.253.72 - - [13/Apr/2021:09:15:54 +0800] "GET /xingrg/index.html?sysBaseUrl=http%3A%2F%2F180.169.147.146%3A18081%2Fxingrg%2F&costTime=94×tamp=1618274106585 HTTP/1.1" 200 17177
116.224.253.72 - - [13/Apr/2021:09:15:54 +0800] "GET /xingrg/javascript/jquery_easy_ui/themes/default/easyui.css HTTP/1.1" 304 -
116.224.253.72 - - [13/Apr/2021:09:15:54 +0800] "GET /xingrg/javascript/jquery_easy_ui/themes/icon.css HTTP/1.1" 304 -
116.224.253.72 - - [13/Apr/2021:09:15:54 +0800] "GET /xingrg/css/form.css HTTP/1.1" 304 -
116.224.253.72 - - [13/Apr/2021:09:15:54 +0800] "GET /xingrg/javascript/jquery-1.4.2.min.js HTTP/1.1" 304 -
116.224.253.72 - - [13/Apr/2021:09:15:54 +0800] "GET /xingrg/javascript/jquery_easy_ui/jquery.easyui.min.js HTTP/1.1" 304 -
116.224.253.72 - - [13/Apr/2021:09:15:54 +0800] "GET /xingrg/javascript/jquery_easy_ui/easyui-lang-zh_CN.js HTTP/1.1" 304 -
116.224.253.72 - - [13/Apr/2021:09:15:54 +0800] "GET /xingrg/javascript/jquery.form.js HTTP/1.1" 304 -
116.224.253.72 - - [13/Apr/2021:09:15:54 +0800] "GET /xingrg/javascript/jquery.utils.js HTTP/1.1" 304 -
116.224.253.72 - - [13/Apr/2021:09:15:54 +0800] "GET /xingrg/javascript/jquery.timers.js HTTP/1.1" 304 -
116.224.253.72 - - [13/Apr/2021:09:15:54 +0800] "GET /xingrg/images/blue/jxLogo.png HTTP/1.1" 304 -
116.224.253.72 - - [13/Apr/2021:09:15:54 +0800] "GET /xingrg/images/blue/navBackgound.jpg HTTP/1.1" 304 -
116.224.253.72 - - [13/Apr/2021:09:15:54 +0800] "GET /xingrg/javascript/jquery_easy_ui/themes/icons/settle_new.png HTTP/1.1" 304 -
116.224.253.72 - - [13/Apr/2021:09:15:54 +0800] "POST /xingrg/all/common/load_tree.html?tree=area_rest_tree_json&manage=1 HTTP/1.1" 200 476
116.224.253.72 - - [13/Apr/2021:09:15:54 +0800] "GET /xingrg/all/function/internal_message.html?_=1618276554850&CODE_STATE=count HTTP/1.1" 200 11
116.224.253.72 - - [13/Apr/2021:09:15:54 +0800] "GET /xingrg/check_reg.html?_=1618276554851 HTTP/1.1" 200 22
116.224.253.72 - - [13/Apr/2021:09:15:54 +0800] "GET /xingrg/images/blue/pingpu.png HTTP/1.1" 304 -
116.224.253.72 - - [13/Apr/2021:09:15:54 +0800] "GET /xingrg/javascript/jquery_easy_ui/themes/default/images/panel_tool_collapse.gif HTTP/1.1" 304 -
116.224.253.72 - - [13/Apr/2021:09:15:54 +0800] "GET /xingrg/javascript/jquery_easy_ui/themes/default/images/tabs_rightarrow.png HTTP/1.1" 304 -
116.224.253.72 - - [13/Apr/2021:09:15:54 +0800] "GET /xingrg/javascript/jquery_easy_ui/themes/default/images/tabs_leftarrow.png HTTP/1.1" 304 -
116.224.253.72 - - [13/Apr/2021:09:15:54 +0800] "POST /xingrg/load_menu.html HTTP/1.1" 200 5138
116.230.114.112 - - [13/Apr/2021:09:15:55 +0800] "GET /xingrg/kc/buy/cgsh_order_operate.html?command=get_materiel&rest_code=00146&code=00101013165&supplier_code=00100005&order_time=2021-04-13 HTTP/1.1" 200 409
116.224.253.72 - - [13/Apr/2021:09:15:56 +0800] "GET /xingrg/kc/buy/cgsh_order_list.html HTTP/1.1" 200 46414
116.233.75.14 - - [13/Apr/2021:09:15:56 +0800] "GET /xingrg/all/function/internal_message.html?_=1618276560081&CODE_STATE=getMsg HTTP/1.1" 200 27
116.224.253.72 - - [13/Apr/2021:09:15:57 +0800] "POST /xingrg/kc/buy/cgsh_list_operate.html HTTP/1.1" 200 2068
222.69.129.181 - - [13/Apr/2021:09:15:58 +0800] "GET /xingrg/all/function/internal_message.html?_=1618276557254&CODE_STATE=getMsg HTTP/1.1" 200 27
222.70.217.33 - - [13/Apr/2021:09:15:58 +0800] "GET /xingrg/all/function/internal_message.html?_=1618276557303&CODE_STATE=getMsg HTTP/1.1" 200 27
116.224.253.72 - - [13/Apr/2021:09:15:59 +0800] "POST /xingrg/kc/buy/cgsh_list_operate.html HTTP/1.1" 200 279
116.224.253.72 - - [13/Apr/2021:09:16:00 +0800] "GET /xingrg/kc/buy/cgsh_order_info.html?code=212021041305040 HTTP/1.1" 200 61811
116.224.253.72 - - [13/Apr/2021:09:16:00 +0800] "GET /xingrg/words/20210413090037_words.js HTTP/1.1" 304 -
116.224.253.72 - - [13/Apr/2021:09:16:00 +0800] "GET /xingrg/javascript/easyui/themes/default/validatebox.css HTTP/1.1" 404 1104
116.224.253.72 - - [13/Apr/2021:09:16:00 +0800] "POST /xingrg/kc/buy/cgsh_order_operate.html HTTP/1.1" 200 3274
114.88.167.174 - - [13/Apr/2021:09:16:02 +0800] "GET /xingrg/kc/buy/cgsh_order_operate.html?command=get_materiel&rest_code=00111&code=00101008144&supplier_code=00100005&order_time=2021-04-13 HTTP/1.1" 200 412
180.169.147.146 - - [13/Apr/2021:09:16:04 +0800] "GET /xingrg/all/function/internal_message.html?_=1618276561227&CODE_STATE=getMsg HTTP/1.1" 200 27
116.230.114.112 - - [13/Apr/2021:09:16:05 +0800] "GET /xingrg/kc/buy/cgsh_order_operate.html?command=get_materiel&rest_code=00146&code=00101020152&supplier_code=00100005&order_time=2021-04-13 HTTP/1.1" 200 416
114.88.167.174 - - [13/Apr/2021:09:16:08 +0800] "GET /xingrg/kc/buy/cgsh_order_operate.html?command=get_materiel&rest_code=00111&code=00101008264&supplier_code=00100005&order_time=2021-04-13 HTTP/1.1" 200 412
116.224.253.72 - - [13/Apr/2021:09:16:10 +0800] "POST /xingrg/kc/buy/cgsh_order_operate.html HTTP/1.1" 200 37
101.85.94.178 - - [13/Apr/2021:09:16:11 +0800] "GET /xingrg/all/function/internal_message.html?_=1618276116412&CODE_STATE=getMsg HTTP/1.1" 200 27
101.85.94.178 - - [13/Apr/2021:09:16:11 +0800] "GET /xingrg/check_reg.html?_=1618276116413 HTTP/1.1" 200 22
116.224.253.72 - - [13/Apr/2021:09:16:13 +0800] "POST /xingrg/kc/buy/cgsh_order_operate.html HTTP/1.1" 200 12
61.165.42.208 - - [13/Apr/2021:09:16:13 +0800] "POST /xingrg/kc/buy/cgsh_order_operate.html HTTP/1.1" 200 37
116.224.253.72 - - [13/Apr/2021:09:16:13 +0800] "GET /xingrg/kc/buy/cgsh_order_info.html?code=212021041305040 HTTP/1.1" 200 56704
116.224.253.72 - - [13/Apr/2021:09:16:14 +0800] "GET /xingrg/javascript/easyui/themes/default/validatebox.css HTTP/1.1" 404 1104
61.165.42.208 - - [13/Apr/2021:09:16:14 +0800] "POST /xingrg/kc/buy/cgsh_order_operate.html HTTP/1.1" 200 48799
116.224.253.72 - - [13/Apr/2021:09:16:14 +0800] "POST /xingrg/kc/buy/cgsh_order_operate.html HTTP/1.1" 200 1224
61.165.42.208 - - [13/Apr/2021:09:16:15 +0800] "GET /xingrg/kc/buy/cgsh_order_add.html HTTP/1.1" 200 62195
114.88.167.174 - - [13/Apr/2021:09:16:15 +0800] "GET /xingrg/kc/buy/cgsh_order_operate.html?command=get_materiel&rest_code=00111&code=00101009030&supplier_code=00100005&order_time=2021-04-13 HTTP/1.1" 200 412
61.165.42.208 - - [13/Apr/2021:09:16:15 +0800] "POST /xingrg/kc/buy/cgsh_order_operate.html HTTP/1.1" 200 8245
116.224.253.72 - - [13/Apr/2021:09:16:15 +0800] "GET /xingrg/kc/print/load_data.html?order_code=212021041305040&kc_code=cgsh&condition= HTTP/1.1" 200 975
61.165.42.208 - - [13/Apr/2021:09:16:15 +0800] "GET /xingrg/javascript/easyui/themes/default/validatebox.css HTTP/1.1" 404 1104
114.86.187.76 - - [13/Apr/2021:09:16:17 +0800] "GET /xingrg/all/function/internal_message.html?_=1618276578675&CODE_STATE=getMsg HTTP/1.1" 200 27
116.230.114.112 - - [13/Apr/2021:09:16:18 +0800] "GET /xingrg/kc/buy/cgsh_order_operate.html?command=get_materiel&rest_code=00146&code=00101008095&supplier_code=00100005&order_time=2021-04-13 HTTP/1.1" 200 412
114.88.167.174 - - [13/Apr/2021:09:16:18 +0800] "GET /xingrg/all/function/internal_message.html?_=1618276549172&CODE_STATE=getMsg HTTP/1.1" 302 -
114.88.167.174 - - [13/Apr/2021:09:16:19 +0800] "GET /xingrg/check_reg.html?_=1618276549768 HTTP/1.1" 302 -
116.230.114.112 - - [13/Apr/2021:09:16:21 +0800] "POST /xingrg/kc/buy/cgsh_order_operate.html HTTP/1.1" 200 2065
114.88.167.174 - - [13/Apr/2021:09:16:23 +0800] "GET /xingrg/kc/buy/cgsh_order_operate.html?command=get_materiel&rest_code=00111&code=00101008356&supplier_code=00100005&order_time=2021-04-13 HTTP/1.1" 200 408
61.165.42.208 - - [13/Apr/2021:09:16:25 +0800] "GET /xingrg/kc/buy/cgsh_order_operate.html?command=get_materiel&rest_code=00105&code=00101007081&supplier_code=00100002&order_time=2021-04-13 HTTP/1.1" 200 413
180.169.147.146 - - [13/Apr/2021:09:16:27 +0800] "GET /xingrg/check_reg.html?_=1618276584666 HTTP/1.1" 200 22
116.230.114.112 - - [13/Apr/2021:09:16:29 +0800] "GET /xingrg/kc/buy/cgsh_order_operate.html?command=get_materiel&rest_code=00146&code=00101008350&supplier_code=00100005&order_time=2021-04-13 HTTP/1.1" 200 408
124.77.71.179 - - [13/Apr/2021:09:16:30 +0800] "GET /xingrg/all/function/internal_message.html?_=1618276587321&CODE_STATE=getMsg HTTP/1.1" 200 27
124.77.71.179 - - [13/Apr/2021:09:16:30 +0800] "GET /xingrg/check_reg.html?_=1618276587527 HTTP/1.1" 200 22
114.88.156.246 - - [13/Apr/2021:09:16:34 +0800] "GET /xingrg/index.html?sysBaseUrl=http%3A%2F%2F180.169.147.146%3A18081%2Fxingrg%2F&costTime=34×tamp=1585622960984 HTTP/1.1" 302 -
114.88.156.246 - - [13/Apr/2021:09:16:34 +0800] "GET /xingrg/login.html HTTP/1.1" 200 7641
114.88.156.246 - - [13/Apr/2021:09:16:34 +0800] "GET /xingrg/images/blue/jxLogo.png HTTP/1.1" 200 6156
114.88.156.246 - - [13/Apr/2021:09:16:34 +0800] "GET /xingrg/images/blue/hj.png HTTP/1.1" 200 1014
114.88.156.246 - - [13/Apr/2021:09:16:34 +0800] "GET /xingrg/images/blue/login_bg.png HTTP/1.1" 200 22101
114.88.156.246 - - [13/Apr/2021:09:16:34 +0800] "GET /xingrg/images/blue/srbg.png HTTP/1.1" 200 138
114.88.156.246 - - [13/Apr/2021:09:16:34 +0800] "GET /favicon.ico HTTP/1.1" 404 -
114.88.156.246 - - [13/Apr/2021:09:16:36 +0800] "POST /xingrg/login.do HTTP/1.1" 302 -
114.88.156.246 - - [13/Apr/2021:09:16:36 +0800] "GET /xingrg/index.html?sysBaseUrl=http%3A%2F%2F180.169.147.146%3A18081%2Fxingrg%2F&costTime=39×tamp=1618276596093 HTTP/1.1" 200 17179
114.88.156.246 - - [13/Apr/2021:09:16:36 +0800] "GET /xingrg/javascript/jquery_easy_ui/themes/icon.css HTTP/1.1" 200 3949
114.88.156.246 - - [13/Apr/2021:09:16:36 +0800] "GET /xingrg/css/form.css HTTP/1.1" 200 893
114.88.156.246 - - [13/Apr/2021:09:16:36 +0800] "GET /xingrg/javascript/jquery_easy_ui/themes/default/easyui.css HTTP/1.1" 200 26500
114.88.156.246 - - [13/Apr/2021:09:16:36 +0800] "GET /xingrg/javascript/jquery-1.4.2.min.js HTTP/1.1" 200 72205
114.88.156.246 - - [13/Apr/2021:09:16:36 +0800] "GET /xingrg/javascript/jquery_easy_ui/easyui-lang-zh_CN.js HTTP/1.1" 200 1900
114.88.156.246 - - [13/Apr/2021:09:16:36 +0800] "GET /xingrg/javascript/jquery_easy_ui/jquery.easyui.min.js HTTP/1.1" 200 213662
114.88.156.246 - - [13/Apr/2021:09:16:36 +0800] "GET /xingrg/javascript/jquery.timers.js HTTP/1.1" 200 3532
114.88.156.246 - - [13/Apr/2021:09:16:36 +0800] "GET /xingrg/javascript/jquery.form.js HTTP/1.1" 200 23110
114.88.156.246 - - [13/Apr/2021:09:16:36 +0800] "GET /xingrg/javascript/jquery.utils.js HTTP/1.1" 200 11805
114.88.156.246 - - [13/Apr/2021:09:16:36 +0800] "GET /xingrg/javascript/jquery_easy_ui/themes/icons/settle_new.png HTTP/1.1" 200 826
114.88.156.246 - - [13/Apr/2021:09:16:36 +0800] "GET /xingrg/images/blue/navBackgound.jpg HTTP/1.1" 200 12378
114.88.156.246 - - [13/Apr/2021:09:16:36 +0800] "POST /xingrg/all/common/load_tree.html?tree=area_rest_tree_json&manage=1 HTTP/1.1" 200 351
114.88.156.246 - - [13/Apr/2021:09:16:36 +0800] "POST /xingrg/load_menu.html HTTP/1.1" 200 5138
114.88.156.246 - - [13/Apr/2021:09:16:36 +0800] "GET /xingrg/images/blue/pingpu.png HTTP/1.1" 200 231
114.88.156.246 - - [13/Apr/2021:09:16:36 +0800] "GET /xingrg/javascript/jquery_easy_ui/themes/default/images/tabs_leftarrow.png HTTP/1.1" 200 389
114.88.156.246 - - [13/Apr/2021:09:16:36 +0800] "GET /xingrg/javascript/jquery_easy_ui/themes/default/images/tabs_rightarrow.png HTTP/1.1" 200 395
114.88.156.246 - - [13/Apr/2021:09:16:36 +0800] "GET /xingrg/javascript/jquery_easy_ui/themes/default/images/panel_tool_collapse.gif HTTP/1.1" 200 246
114.88.156.246 - - [13/Apr/2021:09:16:36 +0800] "GET /xingrg/all/function/internal_message.html?_=1618276603056&CODE_STATE=count HTTP/1.1" 200 11
114.88.156.246 - - [13/Apr/2021:09:16:36 +0800] "GET /xingrg/check_reg.html?_=1618276603058 HTTP/1.1" 200 22
114.88.156.246 - - [13/Apr/2021:09:16:36 +0800] "GET /xingrg/javascript/jquery_easy_ui/themes/icons/storage_new.png HTTP/1.1" 200 853
114.88.156.246 - - [13/Apr/2021:09:16:36 +0800] "GET /xingrg/javascript/jquery_easy_ui/themes/default/images/tree_arrows.gif HTTP/1.1" 200 1043
114.88.156.246 - - [13/Apr/2021:09:16:36 +0800] "GET /xingrg/javascript/jquery_easy_ui/themes/icons/forms_new.png HTTP/1.1" 200 350
114.88.156.246 - - [13/Apr/2021:09:16:36 +0800] "GET /xingrg/javascript/jquery_easy_ui/themes/default/images/tree_folder.gif HTTP/1.1" 200 952
114.88.156.246 - - [13/Apr/2021:09:16:36 +0800] "GET /xingrg/javascript/jquery_easy_ui/themes/default/images/tree_folder_open.gif HTTP/1.1" 200 956
114.88.156.246 - - [13/Apr/2021:09:16:36 +0800] "GET /xingrg/javascript/jquery_easy_ui/themes/icons/search_new.png HTTP/1.1" 200 586
114.88.156.246 - - [13/Apr/2021:09:16:37 +0800] "GET /xingrg/javascript/jquery_easy_ui/themes/default/images/tabs_active.png HTTP/1.1" 200 2894
116.224.253.72 - - [13/Apr/2021:09:16:37 +0800] "GET /xingrg/all/function/internal_message.html?_=1618276590240&CODE_STATE=getMsg HTTP/1.1" 200 27
114.88.156.246 - - [13/Apr/2021:09:16:37 +0800] "GET /xingrg/javascript/jquery_easy_ui/themes/default/images/tabs_close.gif HTTP/1.1" 200 829
114.88.156.246 - - [13/Apr/2021:09:16:37 +0800] "GET /xingrg/kc/base/base_main.html HTTP/1.1" 200 12142
114.88.156.246 - - [13/Apr/2021:09:16:37 +0800] "GET /xingrg/javascript/pic_change.js HTTP/1.1" 200 4739
114.88.156.246 - - [13/Apr/2021:09:16:37 +0800] "GET /xingrg/images/blue/button/wlsy.gif HTTP/1.1" 200 2536
114.88.156.246 - - [13/Apr/2021:09:16:37 +0800] "GET /xingrg/images/blue/button/ckpd.gif HTTP/1.1" 200 2051
114.88.156.246 - - [13/Apr/2021:09:16:37 +0800] "GET /xingrg/css/blue.css HTTP/1.1" 200 15949
114.88.156.246 - - [13/Apr/2021:09:16:37 +0800] "GET /xingrg/javascript/myfunction.js HTTP/1.1" 200 24559
114.88.156.246 - - [13/Apr/2021:09:16:37 +0800] "GET /xingrg/images/blue/button/ckdb.gif HTTP/1.1" 200 1950
114.88.156.246 - - [13/Apr/2021:09:16:37 +0800] "GET /xingrg/images/blue/button/kc.gif HTTP/1.1" 200 2160
114.88.156.246 - - [13/Apr/2021:09:16:37 +0800] "GET /xingrg/images/blue/button/yddb.gif HTTP/1.1" 200 2040
114.88.156.246 - - [13/Apr/2021:09:16:37 +0800] "GET /xingrg/images/blue/pic_form2.gif HTTP/1.1" 200 1853
114.88.156.246 - - [13/Apr/2021:09:16:37 +0800] "GET /xingrg/images/blue/button/top_left.jpg HTTP/1.1" 200 1632
114.88.156.246 - - [13/Apr/2021:09:16:37 +0800] "GET /xingrg/images/blue/button/top_right.jpg HTTP/1.1" 200 1708
114.88.156.246 - - [13/Apr/2021:09:16:37 +0800] "GET /xingrg/images/blue/button/down.jpg HTTP/1.1" 200 1560
114.88.156.246 - - [13/Apr/2021:09:16:37 +0800] "GET /xingrg/images/blue/button/right_ah.jpg HTTP/1.1" 200 1744
114.88.156.246 - - [13/Apr/2021:09:16:37 +0800] "GET /xingrg/images/blue/button/left_ah.jpg HTTP/1.1" 200 1643
114.88.156.246 - - [13/Apr/2021:09:16:37 +0800] "GET /xingrg/images/blue/button/bottom_left.jpg HTTP/1.1" 200 1524
114.88.156.246 - - [13/Apr/2021:09:16:37 +0800] "GET /xingrg/images/blue/button/bottom_right.jpg HTTP/1.1" 200 1436
114.88.156.246 - - [13/Apr/2021:09:16:37 +0800] "GET /xingrg/images/blue/bg_dotted.jpg HTTP/1.1" 200 319
114.88.156.246 - - [13/Apr/2021:09:16:38 +0800] "GET /xingrg/kc/base/check_order_list.html HTTP/1.1" 200 16514
114.88.156.246 - - [13/Apr/2021:09:16:38 +0800] "GET /xingrg/css/base.css HTTP/1.1" 200 2811
114.88.156.246 - - [13/Apr/2021:09:16:38 +0800] "GET /xingrg/css/site.css HTTP/1.1" 200 7541
114.88.156.246 - - [13/Apr/2021:09:16:38 +0800] "GET /xingrg/javascript/jquery_tools/datebox.css HTTP/1.1" 200 2597
114.88.156.246 - - [13/Apr/2021:09:16:38 +0800] "GET /xingrg/javascript/easyui/themes/icon.css HTTP/1.1" 200 4483
114.88.156.246 - - [13/Apr/2021:09:16:38 +0800] "GET /xingrg/javascript/auto/jquery.autocomplete.css HTTP/1.1" 200 587
114.88.156.246 - - [13/Apr/2021:09:16:38 +0800] "GET /xingrg/javascript/easyui/themes/default/easyui.css HTTP/1.1" 200 30432
114.88.156.246 - - [13/Apr/2021:09:16:38 +0800] "GET /xingrg/javascript/jquery_tools/fix.css HTTP/1.1" 200 1702
114.88.156.246 - - [13/Apr/2021:09:16:38 +0800] "GET /xingrg/javascript/jquery_tools/table.css HTTP/1.1" 200 1032
114.88.156.246 - - [13/Apr/2021:09:16:38 +0800] "GET /xingrg/javascript/jquery_tools/jquery.tools.min.js HTTP/1.1" 200 138801
114.88.156.246 - - [13/Apr/2021:09:16:38 +0800] "GET /xingrg/javascript/jquery_tools/jquery.tools.hotkey.js HTTP/1.1" 200 3242
114.88.156.246 - - [13/Apr/2021:09:16:38 +0800] "GET /xingrg/javascript/jquery_tools/jquery.tools.table.js HTTP/1.1" 200 6994
