61.165.42.208 - - [13/Apr/2021:10:35:04 +0800] "GET /xingrg/kc/mdqp/pssh_order_info.html?code=312021041100292 HTTP/1.1" 200 17293
61.165.42.208 - - [13/Apr/2021:10:35:04 +0800] "GET /xingrg/javascript/jquery_tools/jquery-1.4.2.min.js HTTP/1.1" 404 1094
61.165.42.208 - - [13/Apr/2021:10:35:05 +0800] "GET /xingrg/javascript/easyui/themes/default/validatebox.css HTTP/1.1" 404 1104
61.165.42.208 - - [13/Apr/2021:10:35:05 +0800] "POST /xingrg/kc/mdqp/pssh_order_operate.html HTTP/1.1" 200 550
120.253.135.82 - - [13/Apr/2021:10:35:06 +0800] "POST /xingrg/kc/buy/cgsh_order_operate.html HTTP/1.1" 200 12
120.253.135.82 - - [13/Apr/2021:10:35:07 +0800] "GET /xingrg/kc/buy/cgsh_order_info.html?code=212021041305102 HTTP/1.1" 200 56101
120.253.135.82 - - [13/Apr/2021:10:35:09 +0800] "GET /xingrg/javascript/easyui/themes/default/validatebox.css HTTP/1.1" 404 1104
120.253.135.82 - - [13/Apr/2021:10:35:09 +0800] "POST /xingrg/kc/buy/cgsh_order_operate.html HTTP/1.1" 200 636
222.70.217.33 - - [13/Apr/2021:10:35:09 +0800] "GET /xingrg/kc/buy/cgsh_order_add.html HTTP/1.1" 200 62116
222.70.217.33 - - [13/Apr/2021:10:35:10 +0800] "POST /xingrg/kc/buy/cgsh_order_operate.html HTTP/1.1" 200 8245
222.70.217.33 - - [13/Apr/2021:10:35:10 +0800] "GET /xingrg/javascript/easyui/themes/default/validatebox.css HTTP/1.1" 404 1104
180.169.147.146 - - [13/Apr/2021:10:35:12 +0800] "GET /xingrg/check_reg.html?_=1618281164767 HTTP/1.1" 200 22
180.169.147.146 - - [13/Apr/2021:10:35:12 +0800] "GET /xingrg/all/function/internal_message.html?_=1618281164770&CODE_STATE=getMsg HTTP/1.1" 200 27
61.165.42.208 - - [13/Apr/2021:10:35:15 +0800] "POST /xingrg/all/common/load_combo.html?type=employee HTTP/1.1" 200 356
116.224.253.72 - - [13/Apr/2021:10:35:17 +0800] "GET /xingrg/all/function/internal_message.html?_=1618281317792&CODE_STATE=getMsg HTTP/1.1" 200 27
222.70.217.33 - - [13/Apr/2021:10:35:17 +0800] "GET /xingrg/kc/buy/cgsh_order_operate.html?command=get_materiel&rest_code=00155&code=00101003003&supplier_code=00100093&order_time=2021-04-13 HTTP/1.1" 200 414
61.165.42.208 - - [13/Apr/2021:10:35:19 +0800] "POST /xingrg/kc/mdqp/pssh_order_operate.html HTTP/1.1" 200 37
61.165.42.208 - - [13/Apr/2021:10:35:19 +0800] "POST /xingrg/kc/mdqp/pssh_order_operate.html HTTP/1.1" 200 550
124.77.71.179 - - [13/Apr/2021:10:35:20 +0800] "GET /xingrg/kc/buy/cgsh_order_operate.html?command=get_materiel&rest_code=00107&code=00101005045&supplier_code=00100316&order_time=2021-04-13 HTTP/1.1" 200 411
61.165.42.208 - - [13/Apr/2021:10:35:23 +0800] "GET /xingrg/kc/print/load_data.html?order_code=312021041100292&kc_code=pssh&condition= HTTP/1.1" 200 614
120.253.135.82 - - [13/Apr/2021:10:35:24 +0800] "GET /xingrg/all/function/internal_message.html?_=1618281101963&CODE_STATE=getMsg HTTP/1.1" 200 27
180.169.147.146 - - [13/Apr/2021:10:35:24 +0800] "GET /xingrg/all/function/internal_message.html?_=1618281324494&CODE_STATE=getMsg HTTP/1.1" 200 27
222.70.217.33 - - [13/Apr/2021:10:35:31 +0800] "GET /xingrg/kc/buy/cgsh_order_operate.html?command=get_materiel&rest_code=00155&code=00101003040&supplier_code=00100093&order_time=2021-04-13 HTTP/1.1" 200 414
124.77.71.179 - - [13/Apr/2021:10:35:33 +0800] "POST /xingrg/kc/buy/cgsh_order_operate.html HTTP/1.1" 200 37
114.88.156.246 - - [13/Apr/2021:10:35:34 +0800] "GET /xingrg/kc/buy/cgsh_order_operate.html?command=get_materiel&rest_code=00141&code=00101008095&supplier_code=00100007&order_time=2021-04-13 HTTP/1.1" 200 412
124.77.71.179 - - [13/Apr/2021:10:35:34 +0800] "POST /xingrg/kc/buy/cgsh_order_operate.html HTTP/1.1" 200 2659
124.77.71.179 - - [13/Apr/2021:10:35:35 +0800] "GET /xingrg/kc/print/load_data.html?order_code=212021041305104&kc_code=cgsh&condition= HTTP/1.1" 200 676
117.185.32.26 - - [13/Apr/2021:10:35:37 +0800] "GET /xingrg/all/function/internal_message.html?_=1618281337006&CODE_STATE=getMsg HTTP/1.1" 200 27
116.224.253.72 - - [13/Apr/2021:10:35:37 +0800] "GET /xingrg/check_reg.html?_=1618281330482 HTTP/1.1" 200 22
114.88.156.246 - - [13/Apr/2021:10:35:37 +0800] "GET /xingrg/all/function/internal_message.html?_=1618281344249&CODE_STATE=getMsg HTTP/1.1" 200 27
116.224.253.72 - - [13/Apr/2021:10:35:39 +0800] "GET /xingrg/all/function/internal_message.html?_=1618281331922&CODE_STATE=getMsg HTTP/1.1" 200 27
124.77.71.179 - - [13/Apr/2021:10:35:39 +0800] "GET /xingrg/kc/buy/cgsh_order_add.html HTTP/1.1" 200 62236
61.165.42.208 - - [13/Apr/2021:10:35:40 +0800] "GET /xingrg/all/function/internal_message.html?_=1618281325063&CODE_STATE=getMsg HTTP/1.1" 200 27
124.77.71.179 - - [13/Apr/2021:10:35:40 +0800] "GET /xingrg/javascript/easyui/themes/default/validatebox.css HTTP/1.1" 404 1104
124.77.71.179 - - [13/Apr/2021:10:35:40 +0800] "POST /xingrg/kc/buy/cgsh_order_operate.html HTTP/1.1" 200 8245
124.77.71.179 - - [13/Apr/2021:10:35:41 +0800] "GET /xingrg/javascript/easyui/themes/default/tree.css HTTP/1.1" 404 1090
124.77.71.179 - - [13/Apr/2021:10:35:41 +0800] "POST /xingrg/all/common/load_tree.html?tree=supplier_tree_json&isDelete=1 HTTP/1.1" 200 54827
61.165.42.208 - - [13/Apr/2021:10:35:43 +0800] "GET /xingrg/all/function/internal_message.html?_=1618281346028&CODE_STATE=getMsg HTTP/1.1" 200 27
114.88.156.246 - - [13/Apr/2021:10:35:44 +0800] "GET /xingrg/kc/buy/cgsh_order_operate.html?command=get_materiel&rest_code=00141&code=00101008209&supplier_code=00100007&order_time=2021-04-13 HTTP/1.1" 200 409
114.88.167.174 - - [13/Apr/2021:10:35:45 +0800] "GET /xingrg/all/function/internal_message.html?_=1618281342051&CODE_STATE=getMsg HTTP/1.1" 200 27
116.230.114.112 - - [13/Apr/2021:10:35:45 +0800] "GET /xingrg/check_reg.html?_=1618281351932 HTTP/1.1" 200 22
116.230.114.112 - - [13/Apr/2021:10:35:48 +0800] "GET /xingrg/all/function/internal_message.html?_=1618281354407&CODE_STATE=getMsg HTTP/1.1" 200 27
101.85.52.2 - - [13/Apr/2021:10:35:48 +0800] "GET /xingrg/all/function/internal_message.html?_=1618281347074&CODE_STATE=getMsg HTTP/1.1" 200 27
114.88.156.246 - - [13/Apr/2021:10:35:50 +0800] "GET /xingrg/all/function/internal_message.html?_=1618281374985&CODE_STATE=getMsg HTTP/1.1" 200 27
114.88.156.246 - - [13/Apr/2021:10:35:53 +0800] "POST /xingrg/kc/buy/cgsh_order_operate.html HTTP/1.1" 200 2065
222.70.217.33 - - [13/Apr/2021:10:35:53 +0800] "POST /xingrg/kc/buy/cgsh_order_operate.html HTTP/1.1" 200 37
114.88.167.174 - - [13/Apr/2021:10:35:55 +0800] "GET /xingrg/all/function/internal_message.html?_=1618281356069&CODE_STATE=getMsg HTTP/1.1" 200 27
222.70.217.33 - - [13/Apr/2021:10:35:55 +0800] "POST /xingrg/kc/buy/cgsh_order_operate.html HTTP/1.1" 200 3261
222.70.217.33 - - [13/Apr/2021:10:35:56 +0800] "GET /xingrg/kc/print/load_data.html?order_code=212021041305105&kc_code=cgsh&condition= HTTP/1.1" 200 970
124.77.71.179 - - [13/Apr/2021:10:35:56 +0800] "GET /xingrg/kc/buy/cgsh_order_operate.html?command=get_materiel&rest_code=00107&code=00101001115&supplier_code=00100089&order_time=2021-04-13 HTTP/1.1" 200 434
222.69.129.181 - - [13/Apr/2021:10:35:57 +0800] "GET /xingrg/all/function/internal_message.html?_=1618281355859&CODE_STATE=getMsg HTTP/1.1" 200 27
114.88.156.246 - - [13/Apr/2021:10:35:58 +0800] "GET /xingrg/kc/buy/cgsh_order_operate.html?command=get_materiel&rest_code=00141&code=00101008236&supplier_code=00100007&order_time=2021-04-13 HTTP/1.1" 200 416
180.169.147.146 - - [13/Apr/2021:10:36:02 +0800] "GET /xingrg/all/function/internal_message.html?_=1618281359590&CODE_STATE=getMsg HTTP/1.1" 200 27
222.70.217.33 - - [13/Apr/2021:10:36:02 +0800] "GET /xingrg/kc/buy/cgsh_order_add.html HTTP/1.1" 200 62116
222.70.217.33 - - [13/Apr/2021:10:36:02 +0800] "POST /xingrg/kc/buy/cgsh_order_operate.html HTTP/1.1" 200 8245
222.70.217.33 - - [13/Apr/2021:10:36:02 +0800] "GET /xingrg/javascript/easyui/themes/default/validatebox.css HTTP/1.1" 404 1104
222.70.217.33 - - [13/Apr/2021:10:36:03 +0800] "GET /xingrg/all/function/internal_message.html?_=1618281363358&CODE_STATE=getMsg HTTP/1.1" 200 27
61.165.42.208 - - [13/Apr/2021:10:36:06 +0800] "GET /xingrg/kc/mdqp/pssh_order_list.html?isBack=1 HTTP/1.1" 200 18015
124.77.71.179 - - [13/Apr/2021:10:36:06 +0800] "POST /xingrg/kc/buy/cgsh_order_operate.html HTTP/1.1" 200 37
114.88.156.246 - - [13/Apr/2021:10:36:06 +0800] "GET /xingrg/kc/buy/cgsh_order_operate.html?command=get_materiel&rest_code=00141&code=00101008114&supplier_code=00100007&order_time=2021-04-13 HTTP/1.1" 200 412
61.165.42.208 - - [13/Apr/2021:10:36:06 +0800] "POST /xingrg/kc/mdqp/pssh_list_operate.html HTTP/1.1" 200 5225
124.77.71.179 - - [13/Apr/2021:10:36:07 +0800] "POST /xingrg/kc/buy/cgsh_order_operate.html HTTP/1.1" 200 2659
124.77.71.179 - - [13/Apr/2021:10:36:08 +0800] "POST /xingrg/services/DataTransmitService HTTP/1.1" 200 524
124.77.71.179 - - [13/Apr/2021:10:36:08 +0800] "GET /xingrg/kc/print/load_data.html?order_code=212021041305106&kc_code=cgsh&condition= HTTP/1.1" 200 742
222.70.217.33 - - [13/Apr/2021:10:36:09 +0800] "GET /xingrg/kc/buy/cgsh_order_operate.html?command=get_materiel&rest_code=00155&code=00101001140&supplier_code=00100090&order_time=2021-04-13 HTTP/1.1" 200 415
124.77.71.179 - - [13/Apr/2021:10:36:09 +0800] "POST /xingrg/services/DataTransmitService HTTP/1.1" 200 412
61.165.42.208 - - [13/Apr/2021:10:36:12 +0800] "POST /xingrg/kc/mdqp/pssh_list_operate.html HTTP/1.1" 200 819
180.169.147.146 - - [13/Apr/2021:10:36:12 +0800] "GET /xingrg/all/function/internal_message.html?_=1618281224769&CODE_STATE=getMsg HTTP/1.1" 200 27
61.165.42.208 - - [13/Apr/2021:10:36:12 +0800] "GET /xingrg/kc/mdqp/pssh_order_info.html?code=312021041100290 HTTP/1.1" 200 17297
61.165.42.208 - - [13/Apr/2021:10:36:12 +0800] "GET /xingrg/javascript/jquery_tools/jquery-1.4.2.min.js HTTP/1.1" 404 1094
61.165.42.208 - - [13/Apr/2021:10:36:12 +0800] "POST /xingrg/kc/mdqp/pssh_list_operate.html HTTP/1.1" 200 2217
61.165.42.208 - - [13/Apr/2021:10:36:13 +0800] "POST /xingrg/kc/mdqp/pssh_order_operate.html HTTP/1.1" 200 12832
61.165.42.208 - - [13/Apr/2021:10:36:13 +0800] "GET /xingrg/javascript/easyui/themes/default/validatebox.css HTTP/1.1" 404 1104
124.77.71.179 - - [13/Apr/2021:10:36:13 +0800] "GET /xingrg/kc/buy/cgsh_order_add.html HTTP/1.1" 200 62236
114.88.156.246 - - [13/Apr/2021:10:36:13 +0800] "GET /xingrg/kc/buy/cgsh_order_operate.html?command=get_materiel&rest_code=00141&code=00101009107&supplier_code=00100007&order_time=2021-04-13 HTTP/1.1" 200 396
101.91.62.65 - - [13/Apr/2021:10:36:13 +0800] "GET /xingrg/kc/buy/cgsh_order_operate.html?command=get_materiel&rest_code=00141&code=00101008137&supplier_code=00100007&order_time=2021-04-13 HTTP/1.1" 302 -
124.77.71.179 - - [13/Apr/2021:10:36:14 +0800] "POST /xingrg/kc/buy/cgsh_order_operate.html HTTP/1.1" 200 8245
124.77.71.179 - - [13/Apr/2021:10:36:14 +0800] "GET /xingrg/javascript/easyui/themes/default/validatebox.css HTTP/1.1" 404 1104
124.77.71.179 - - [13/Apr/2021:10:36:15 +0800] "GET /xingrg/javascript/easyui/themes/default/tree.css HTTP/1.1" 404 1090
124.77.71.179 - - [13/Apr/2021:10:36:15 +0800] "POST /xingrg/all/common/load_tree.html?tree=supplier_tree_json&isDelete=1 HTTP/1.1" 200 54827
61.151.178.236 - - [13/Apr/2021:10:36:16 +0800] "GET /xingrg/kc/buy/cgsh_order_operate.html?command=get_materiel&rest_code=00141&code=00101015004&supplier_code=00100007&order_time=2021-04-13 HTTP/1.1" 302 -
101.85.94.178 - - [13/Apr/2021:10:36:16 +0800] "GET /xingrg/javascript/jquery_easy_ui/themes/default/images/tabs_active.png HTTP/1.1" 200 2894
116.224.253.72 - - [13/Apr/2021:10:36:17 +0800] "GET /xingrg/all/function/internal_message.html?_=1618281377788&CODE_STATE=getMsg HTTP/1.1" 200 27
101.91.62.65 - - [13/Apr/2021:10:36:19 +0800] "GET /xingrg/login.html HTTP/1.1" 200 7641
222.70.217.33 - - [13/Apr/2021:10:36:20 +0800] "GET /xingrg/kc/buy/cgsh_order_operate.html?command=get_materiel&rest_code=00155&code=00101001125&supplier_code=00100090&order_time=2021-04-13 HTTP/1.1" 200 415
116.224.253.72 - - [13/Apr/2021:10:36:20 +0800] "GET /favicon.ico HTTP/1.1" 404 -
101.85.94.178 - - [13/Apr/2021:10:36:22 +0800] "POST /xingrg/kc/base/yddb_list_operate.html HTTP/1.1" 200 4351
61.151.178.236 - - [13/Apr/2021:10:36:22 +0800] "GET /xingrg/login.html HTTP/1.1" 200 7641
101.85.94.178 - - [13/Apr/2021:10:36:22 +0800] "POST /xingrg/kc/base/yddb_list_operate.html HTTP/1.1" 200 4351
101.85.94.178 - - [13/Apr/2021:10:36:23 +0800] "POST /xingrg/kc/base/yddb_list_operate.html HTTP/1.1" 200 4351
120.253.135.82 - - [13/Apr/2021:10:36:24 +0800] "GET /xingrg/all/function/internal_message.html?_=1618281161978&CODE_STATE=getMsg HTTP/1.1" 200 27
180.169.147.146 - - [13/Apr/2021:10:36:24 +0800] "GET /xingrg/all/function/internal_message.html?_=1618281384492&CODE_STATE=getMsg HTTP/1.1" 200 27
222.70.217.33 - - [13/Apr/2021:10:36:27 +0800] "POST /xingrg/kc/buy/cgsh_order_operate.html HTTP/1.1" 200 37
180.169.147.146 - - [13/Apr/2021:10:36:27 +0800] "GET /xingrg/check_reg.html?_=1618281384675 HTTP/1.1" 200 22
222.70.217.33 - - [13/Apr/2021:10:36:27 +0800] "POST /xingrg/kc/buy/cgsh_order_operate.html HTTP/1.1" 200 3259
222.70.217.33 - - [13/Apr/2021:10:36:28 +0800] "GET /xingrg/kc/print/load_data.html?order_code=212021041305107&kc_code=cgsh&condition= HTTP/1.1" 200 979
124.77.71.179 - - [13/Apr/2021:10:36:30 +0800] "GET /xingrg/check_reg.html?_=1618281387521 HTTP/1.1" 200 22
124.77.71.179 - - [13/Apr/2021:10:36:31 +0800] "GET /xingrg/all/function/internal_message.html?_=1618281388331&CODE_STATE=getMsg HTTP/1.1" 200 27
124.77.71.179 - - [13/Apr/2021:10:36:32 +0800] "GET /xingrg/kc/buy/cgsh_order_operate.html?command=get_materiel&rest_code=00107&code=00101002006&supplier_code=00100091&order_time=2021-04-13 HTTP/1.1" 200 414
114.88.156.246 - - [13/Apr/2021:10:36:33 +0800] "GET /xingrg/kc/buy/cgsh_order_operate.html?command=get_materiel&rest_code=00141&code=00101008032&supplier_code=00100007&order_time=2021-04-13 HTTP/1.1" 200 408
120.253.135.82 - - [13/Apr/2021:10:36:36 +0800] "POST /xingrg/kc/buy/cgsh_list_operate.html HTTP/1.1" 200 876
120.253.135.82 - - [13/Apr/2021:10:36:37 +0800] "GET /xingrg/kc/buy/cgsh_order_add.html HTTP/1.1" 200 61208
117.185.32.26 - - [13/Apr/2021:10:36:37 +0800] "GET /xingrg/all/function/internal_message.html?_=1618281396987&CODE_STATE=getMsg HTTP/1.1" 200 27
114.88.156.246 - - [13/Apr/2021:10:36:37 +0800] "GET /xingrg/all/function/internal_message.html?_=1618281404226&CODE_STATE=getMsg HTTP/1.1" 200 27
120.253.135.82 - - [13/Apr/2021:10:36:37 +0800] "POST /xingrg/kc/buy/cgsh_order_operate.html HTTP/1.1" 200 8245
120.253.135.82 - - [13/Apr/2021:10:36:38 +0800] "GET /xingrg/javascript/easyui/themes/default/validatebox.css HTTP/1.1" 404 1104
116.224.253.72 - - [13/Apr/2021:10:36:39 +0800] "GET /xingrg/all/function/internal_message.html?_=1618281391934&CODE_STATE=getMsg HTTP/1.1" 200 27
61.165.42.208 - - [13/Apr/2021:10:36:40 +0800] "GET /xingrg/all/function/internal_message.html?_=1618281385035&CODE_STATE=getMsg HTTP/1.1" 200 27
114.86.187.76 - - [13/Apr/2021:10:36:40 +0800] "POST /xingrg/services/DataTransmitService HTTP/1.1" 401 565
114.86.187.76 - - [13/Apr/2021:10:36:41 +0800] "POST /xingrg/services/DataTransmitService HTTP/1.1" 200 478
114.86.187.76 - - [13/Apr/2021:10:36:41 +0800] "POST /xingrg/services/DataTransmitService HTTP/1.1" 200 1320
114.86.187.76 - - [13/Apr/2021:10:36:41 +0800] "POST /xingrg/services/DataTransmitService HTTP/1.1" 200 478
114.86.187.76 - - [13/Apr/2021:10:36:41 +0800] "POST /xingrg/services/DataTransmitService HTTP/1.1" 200 1320
114.86.187.76 - - [13/Apr/2021:10:36:41 +0800] "POST /xingrg/services/DataTransmitService HTTP/1.1" 200 524
114.86.187.76 - - [13/Apr/2021:10:36:41 +0800] "POST /xingrg/services/DataTransmitService HTTP/1.1" 200 2087
114.86.187.76 - - [13/Apr/2021:10:36:41 +0800] "POST /xingrg/services/DataTransmitService HTTP/1.1" 200 45454
114.86.187.76 - - [13/Apr/2021:10:36:41 +0800] "POST /xingrg/services/DataTransmitService HTTP/1.1" 200 19237
101.85.94.178 - - [13/Apr/2021:10:36:42 +0800] "GET /xingrg HTTP/1.1" 302 -
61.151.178.177 - - [13/Apr/2021:10:36:42 +0800] "GET /xingrg/all/function/internal_message.html?_=1618281103711&CODE_STATE=getMsg HTTP/1.1" 302 -
120.253.135.82 - - [13/Apr/2021:10:36:42 +0800] "POST /xingrg/all/common/load_combo.html?type=employee HTTP/1.1" 200 2098
61.165.42.208 - - [13/Apr/2021:10:36:43 +0800] "GET /xingrg/all/function/internal_message.html?_=1618281406055&CODE_STATE=getMsg HTTP/1.1" 200 27
101.85.94.178 - - [13/Apr/2021:10:36:44 +0800] "GET /xingrg/index.html HTTP/1.1" 302 -
101.85.94.178 - - [13/Apr/2021:10:36:44 +0800] "GET /xingrg/login.html HTTP/1.1" 200 7641
101.85.94.178 - - [13/Apr/2021:10:36:44 +0800] "GET /favicon.ico HTTP/1.1" 404 -
101.85.94.178 - - [13/Apr/2021:10:36:44 +0800] "GET /favicon.ico HTTP/1.1" 404 -
61.165.42.208 - - [13/Apr/2021:10:36:44 +0800] "GET /xingrg/check_reg.html?_=1618281406867 HTTP/1.1" 200 22
114.88.167.174 - - [13/Apr/2021:10:36:45 +0800] "GET /xingrg/all/function/internal_message.html?_=1618281402064&CODE_STATE=getMsg HTTP/1.1" 200 27
61.151.178.177 - - [13/Apr/2021:10:36:46 +0800] "GET /xingrg/login.html HTTP/1.1" 200 7641
114.88.156.246 - - [13/Apr/2021:10:36:47 +0800] "GET /xingrg/kc/buy/cgsh_order_operate.html?command=get_materiel&rest_code=00141&code=00101019051&supplier_code=00100007&order_time=2021-04-13 HTTP/1.1" 200 417
124.77.71.179 - - [13/Apr/2021:10:36:48 +0800] "GET /xingrg/kc/buy/cgsh_order_operate.html?command=get_materiel&rest_code=00107&code=00101002034&supplier_code=00100091&order_time=2021-04-13 HTTP/1.1" 200 409
116.230.114.112 - - [13/Apr/2021:10:36:48 +0800] "GET /xingrg/all/function/internal_message.html?_=1618281414421&CODE_STATE=getMsg HTTP/1.1" 200 27
101.85.52.2 - - [13/Apr/2021:10:36:48 +0800] "GET /xingrg/all/function/internal_message.html?_=1618281407075&CODE_STATE=getMsg HTTP/1.1" 200 27
61.165.42.208 - - [13/Apr/2021:10:36:49 +0800] "POST /xingrg/all/common/load_combo.html?type=employee HTTP/1.1" 200 356
114.88.156.246 - - [13/Apr/2021:10:36:50 +0800] "GET /xingrg/all/function/internal_message.html?_=1618281434956&CODE_STATE=getMsg HTTP/1.1" 200 27
120.253.135.82 - - [13/Apr/2021:10:36:51 +0800] "GET /xingrg/kc/buy/cgsh_order_operate.html?command=get_materiel&rest_code=00101&code=00102002954&supplier_code=00100151&order_time=2021-04-13 HTTP/1.1" 200 421
101.85.94.178 - - [13/Apr/2021:10:36:53 +0800] "POST /xingrg/login.do HTTP/1.1" 302 -
101.85.94.178 - - [13/Apr/2021:10:36:53 +0800] "GET /xingrg/index.html?sysBaseUrl=http%3A%2F%2F180.169.147.146%3A18081%2Fxingrg%2F&costTime=39×tamp=1618281413683 HTTP/1.1" 200 17179
101.85.94.178 - - [13/Apr/2021:10:36:54 +0800] "POST /xingrg/all/common/load_tree.html?tree=area_rest_tree_json&manage=1 HTTP/1.1" 200 351
101.85.94.178 - - [13/Apr/2021:10:36:54 +0800] "GET /favicon.ico HTTP/1.1" 404 -
101.85.94.178 - - [13/Apr/2021:10:36:54 +0800] "GET /xingrg/check_reg.html?_=1618280959054 HTTP/1.1" 200 22
101.85.94.178 - - [13/Apr/2021:10:36:54 +0800] "GET /xingrg/all/function/internal_message.html?_=1618280959053&CODE_STATE=count HTTP/1.1" 200 11
101.85.94.178 - - [13/Apr/2021:10:36:54 +0800] "POST /xingrg/load_menu.html HTTP/1.1" 200 5138
222.69.129.181 - - [13/Apr/2021:10:36:54 +0800] "GET /xingrg/check_reg.html?_=1618281413196 HTTP/1.1" 200 22
61.165.42.208 - - [13/Apr/2021:10:36:55 +0800] "POST /xingrg/kc/mdqp/pssh_order_operate.html HTTP/1.1" 200 37
114.88.167.174 - - [13/Apr/2021:10:36:55 +0800] "GET /xingrg/all/function/internal_message.html?_=1618281416054&CODE_STATE=getMsg HTTP/1.1" 200 27
61.165.42.208 - - [13/Apr/2021:10:36:55 +0800] "POST /xingrg/kc/mdqp/pssh_order_operate.html HTTP/1.1" 200 12832
222.69.129.181 - - [13/Apr/2021:10:36:57 +0800] "GET /xingrg/all/function/internal_message.html?_=1618281415853&CODE_STATE=getMsg HTTP/1.1" 200 27
114.88.156.246 - - [13/Apr/2021:10:36:59 +0800] "POST /xingrg/kc/buy/cgsh_order_operate.html HTTP/1.1" 200 2065
124.77.71.179 - - [13/Apr/2021:10:36:59 +0800] "POST /xingrg/kc/buy/cgsh_order_operate.html HTTP/1.1" 200 37
101.85.94.178 - - [13/Apr/2021:10:37:00 +0800] "GET /xingrg/kc/base/wldb_order_list.html HTTP/1.1" 200 19389
101.85.94.178 - - [13/Apr/2021:10:37:01 +0800] "GET /xingrg/javascript/easyui/themes/icons/cance_new.png HTTP/1.1" 200 3986
101.85.94.178 - - [13/Apr/2021:10:37:01 +0800] "GET /xingrg/javascript/easyui/themes/icons/check_new.png HTTP/1.1" 200 3224
124.77.71.179 - - [13/Apr/2021:10:37:01 +0800] "POST /xingrg/kc/buy/cgsh_order_operate.html HTTP/1.1" 200 3252
101.85.94.178 - - [13/Apr/2021:10:37:01 +0800] "POST /xingrg/kc/base/wldb_list_operate.html HTTP/1.1" 200 928
61.165.42.208 - - [13/Apr/2021:10:37:01 +0800] "POST /xingrg/kc/mdqp/pssh_order_operate.html HTTP/1.1" 200 37
61.165.42.208 - - [13/Apr/2021:10:37:02 +0800] "POST /xingrg/kc/mdqp/pssh_order_operate.html HTTP/1.1" 200 12
180.169.147.146 - - [13/Apr/2021:10:37:02 +0800] "GET /xingrg/all/function/internal_message.html?_=1618281419564&CODE_STATE=getMsg HTTP/1.1" 200 27
124.77.71.179 - - [13/Apr/2021:10:37:02 +0800] "GET /xingrg/kc/print/load_data.html?order_code=212021041305108&kc_code=cgsh&condition= HTTP/1.1" 200 964
58.221.95.50 - - [13/Apr/2021:10:37:02 +0800] "GET /xingrg/check_reg.html?_=1618281423299 HTTP/1.1" 302 -
222.70.217.33 - - [13/Apr/2021:10:37:03 +0800] "GET /xingrg/all/function/internal_message.html?_=1618281423332&CODE_STATE=getMsg HTTP/1.1" 200 27
61.165.42.208 - - [13/Apr/2021:10:37:03 +0800] "GET /xingrg/kc/mdqp/pssh_order_info.html?code=312021041100290 HTTP/1.1" 200 14386
61.165.42.208 - - [13/Apr/2021:10:37:03 +0800] "GET /xingrg/javascript/jquery_tools/jquery-1.4.2.min.js HTTP/1.1" 404 1094
61.165.42.208 - - [13/Apr/2021:10:37:03 +0800] "GET /xingrg/words/20210413090037_words.js HTTP/1.1" 304 -
61.165.42.208 - - [13/Apr/2021:10:37:03 +0800] "POST /xingrg/kc/mdqp/pssh_order_operate.html HTTP/1.1" 200 12832
61.165.42.208 - - [13/Apr/2021:10:37:03 +0800] "GET /xingrg/javascript/easyui/themes/default/validatebox.css HTTP/1.1" 404 1104
61.165.42.208 - - [13/Apr/2021:10:37:05 +0800] "GET /xingrg/kc/print/load_data.html?order_code=312021041100290&kc_code=pssh&condition= HTTP/1.1" 200 5003
61.151.207.141 - - [13/Apr/2021:10:37:06 +0800] "GET /xingrg/kc/buy/cgsh_order_operate.html?command=get_materiel&rest_code=00141&code=00101008114&supplier_code=00100007&order_time=2021-04-13 HTTP/1.1" 302 -
114.88.156.246 - - [13/Apr/2021:10:37:07 +0800] "GET /xingrg/kc/buy/cgsh_order_operate.html?command=get_materiel&rest_code=00141&code=00101019086&supplier_code=00100007&order_time=2021-04-13 HTTP/1.1" 200 409
61.151.207.141 - - [13/Apr/2021:10:37:07 +0800] "GET /xingrg/login.html HTTP/1.1" 200 7641
124.77.71.179 - - [13/Apr/2021:10:37:07 +0800] "GET /xingrg/kc/buy/cgsh_order_add.html HTTP/1.1" 200 62236
124.77.71.179 - - [13/Apr/2021:10:37:08 +0800] "GET /xingrg/javascript/easyui/themes/default/validatebox.css HTTP/1.1" 404 1104
124.77.71.179 - - [13/Apr/2021:10:37:08 +0800] "POST /xingrg/kc/buy/cgsh_order_operate.html HTTP/1.1" 200 8245
124.77.71.179 - - [13/Apr/2021:10:37:11 +0800] "GET /xingrg/javascript/easyui/themes/default/tree.css HTTP/1.1" 404 1090
124.77.71.179 - - [13/Apr/2021:10:37:11 +0800] "POST /xingrg/all/common/load_tree.html?tree=supplier_tree_json&isDelete=1 HTTP/1.1" 200 54827
180.169.147.146 - - [13/Apr/2021:10:37:12 +0800] "GET /xingrg/all/function/internal_message.html?_=1618281284774&CODE_STATE=getMsg HTTP/1.1" 200 27
120.253.135.82 - - [13/Apr/2021:10:37:12 +0800] "POST /xingrg/kc/buy/cgsh_order_operate.html HTTP/1.1" 200 37
120.253.135.82 - - [13/Apr/2021:10:37:14 +0800] "POST /xingrg/kc/buy/cgsh_order_operate.html HTTP/1.1" 200 2670
101.85.94.178 - - [13/Apr/2021:10:37:15 +0800] "GET /xingrg/kc/base/wldb_order_add.html HTTP/1.1" 200 30556
101.85.94.178 - - [13/Apr/2021:10:37:15 +0800] "GET /xingrg/javascript/convert.js HTTP/1.1" 200 1239
101.85.94.178 - - [13/Apr/2021:10:37:15 +0800] "GET /xingrg/javascript/jquery_tools/order_manager.js HTTP/1.1" 200 11183
101.85.94.178 - - [13/Apr/2021:10:37:15 +0800] "GET /xingrg/javascript/print/kc_print.js HTTP/1.1" 200 11415
101.85.94.178 - - [13/Apr/2021:10:37:15 +0800] "GET /xingrg/javascript/json2.js HTTP/1.1" 200 11259
101.85.94.178 - - [13/Apr/2021:10:37:16 +0800] "GET /xingrg/words/20210413090037_words.js HTTP/1.1" 200 804896
101.85.94.178 - - [13/Apr/2021:10:37:16 +0800] "GET /xingrg/javascript/easyui/themes/default/images/menu_downarrow.png HTTP/1.1" 200 173
101.85.94.178 - - [13/Apr/2021:10:37:16 +0800] "GET /xingrg/javascript/easyui/themes/icons/ok.png HTTP/1.1" 200 883
101.85.94.178 - - [13/Apr/2021:10:37:16 +0800] "GET /xingrg/javascript/easyui/themes/icons/cancel.png HTTP/1.1" 200 1133
101.85.94.178 - - [13/Apr/2021:10:37:16 +0800] "GET /xingrg/javascript/easyui/themes/icons/template_new.png HTTP/1.1" 200 3956
101.85.94.178 - - [13/Apr/2021:10:37:16 +0800] "GET /xingrg/javascript/easyui/themes/icons/print.png HTTP/1.1" 200 1057
120.253.135.82 - - [13/Apr/2021:10:37:16 +0800] "GET /xingrg/kc/print/load_data.html?order_code=212021041305109&kc_code=cgsh&condition= HTTP/1.1" 200 657
101.85.94.178 - - [13/Apr/2021:10:37:17 +0800] "POST /xingrg/kc/base/wldb_order_operate.html HTTP/1.1" 200 6806
101.85.94.178 - - [13/Apr/2021:10:37:17 +0800] "GET /xingrg/all/common/auto_word.html?type=base&rest_code=00142 HTTP/1.1" 200 665
101.85.94.178 - - [13/Apr/2021:10:37:17 +0800] "GET /xingrg/all/common/auto_word.html?type=base&rest_code=00142 HTTP/1.1" 200 665
101.85.94.178 - - [13/Apr/2021:10:37:17 +0800] "GET /xingrg/javascript/easyui/themes/default/validatebox.css HTTP/1.1" 404 1104
101.85.94.178 - - [13/Apr/2021:10:37:17 +0800] "GET /xingrg/javascript/easyui/plugins/jquery.validatebox.js HTTP/1.1" 200 6103
101.85.94.178 - - [13/Apr/2021:10:37:17 +0800] "GET /xingrg/javascript/easyui/plugins/jquery.numberbox.js HTTP/1.1" 200 5213
101.85.94.178 - - [13/Apr/2021:10:37:17 +0800] "GET /xingrg/javascript/easyui/themes/icons/edit_remove.png HTTP/1.1" 200 625
116.224.253.72 - - [13/Apr/2021:10:37:17 +0800] "GET /xingrg/all/function/internal_message.html?_=1618281437784&CODE_STATE=getMsg HTTP/1.1" 200 27
114.86.187.76 - - [13/Apr/2021:10:37:17 +0800] "POST /xingrg/services/DataTransmitService HTTP/1.1" 200 524
101.85.94.178 - - [13/Apr/2021:10:37:18 +0800] "GET /xingrg/javascript/auto/indicator.gif HTTP/1.1" 404 1066
222.70.217.33 - - [13/Apr/2021:10:37:21 +0800] "GET /xingrg/check_reg.html?_=1618281441461 HTTP/1.1" 200 22
114.86.187.76 - - [13/Apr/2021:10:37:22 +0800] "POST /xingrg/services/DataTransmitService HTTP/1.1" 200 501
120.253.135.82 - - [13/Apr/2021:10:37:23 +0800] "GET /xingrg/check_reg.html?_=1618281220885 HTTP/1.1" 200 22
120.253.135.82 - - [13/Apr/2021:10:37:24 +0800] "GET /xingrg/all/function/internal_message.html?_=1618281221991&CODE_STATE=getMsg HTTP/1.1" 200 27
180.169.147.146 - - [13/Apr/2021:10:37:24 +0800] "GET /xingrg/check_reg.html?_=1618281444485 HTTP/1.1" 200 22
180.169.147.146 - - [13/Apr/2021:10:37:24 +0800] "GET /xingrg/all/function/internal_message.html?_=1618281444486&CODE_STATE=getMsg HTTP/1.1" 200 27
124.77.71.179 - - [13/Apr/2021:10:37:30 +0800] "GET /xingrg/kc/buy/cgsh_order_operate.html?command=get_materiel&rest_code=00107&code=00101010220&supplier_code=00100323&order_time=2021-04-13 HTTP/1.1" 200 431
124.77.71.179 - - [13/Apr/2021:10:37:31 +0800] "GET /xingrg/all/function/internal_message.html?_=1618281448332&CODE_STATE=getMsg HTTP/1.1" 200 27
117.185.32.26 - - [13/Apr/2021:10:37:35 +0800] "GET /xingrg/check_reg.html?_=1618281455007 HTTP/1.1" 200 22
117.185.32.26 - - [13/Apr/2021:10:37:37 +0800] "GET /xingrg/all/function/internal_message.html?_=1618281456958&CODE_STATE=getMsg HTTP/1.1" 200 27
114.88.156.246 - - [13/Apr/2021:10:37:37 +0800] "GET /xingrg/all/function/internal_message.html?_=1618281464225&CODE_STATE=getMsg HTTP/1.1" 200 27
114.88.156.246 - - [13/Apr/2021:10:37:37 +0800] "GET /xingrg/check_reg.html?_=1618281464328 HTTP/1.1" 200 22
116.224.253.72 - - [13/Apr/2021:10:37:39 +0800] "GET /xingrg/all/function/internal_message.html?_=1618281451949&CODE_STATE=getMsg HTTP/1.1" 200 27
61.165.42.208 - - [13/Apr/2021:10:37:39 +0800] "GET /xingrg/check_reg.html?_=1618281444789 HTTP/1.1" 200 22
61.165.42.208 - - [13/Apr/2021:10:37:40 +0800] "GET /xingrg/all/function/internal_message.html?_=1618281445009&CODE_STATE=getMsg HTTP/1.1" 200 27
61.165.42.208 - - [13/Apr/2021:10:37:43 +0800] "GET /xingrg/all/function/internal_message.html?_=1618281466056&CODE_STATE=getMsg HTTP/1.1" 200 27
114.88.167.174 - - [13/Apr/2021:10:37:46 +0800] "GET /xingrg/all/function/internal_message.html?_=1618281462454&CODE_STATE=getMsg HTTP/1.1" 200 27
116.230.114.112 - - [13/Apr/2021:10:37:48 +0800] "GET /xingrg/all/function/internal_message.html?_=1618281474434&CODE_STATE=getMsg HTTP/1.1" 200 27
101.85.52.2 - - [13/Apr/2021:10:37:48 +0800] "GET /xingrg/all/function/internal_message.html?_=1618281467077&CODE_STATE=getMsg HTTP/1.1" 200 27
101.85.52.2 - - [13/Apr/2021:10:37:49 +0800] "GET /xingrg/check_reg.html?_=1618281467090 HTTP/1.1" 200 22
61.129.6.151 - - [13/Apr/2021:10:37:49 +0800] "GET /xingrg/check_reg.html?_=1618281164346 HTTP/1.1" 302 -
114.88.156.246 - - [13/Apr/2021:10:37:50 +0800] "GET /xingrg/all/function/internal_message.html?_=1618281494937&CODE_STATE=getMsg HTTP/1.1" 200 27
101.91.62.89 - - [13/Apr/2021:10:37:50 +0800] "GET /xingrg/all/function/internal_message.html?_=1618281434956&CODE_STATE=getMsg HTTP/1.1" 302 -
124.77.71.179 - - [13/Apr/2021:10:37:50 +0800] "GET /xingrg/kc/buy/cgsh_order_operate.html?command=get_materiel&rest_code=00107&code=00101007095&supplier_code=00100323&order_time=2021-04-13 HTTP/1.1" 200 415
116.224.253.72 - - [13/Apr/2021:10:37:51 +0800] "POST /xingrg/all/user/operate.html HTTP/1.1" 200 36
116.224.253.72 - - [13/Apr/2021:10:37:51 +0800] "GET /xingrg/index.html?sysBaseUrl=http%3A%2F%2F180.169.147.146%3A18081%2Fxingrg%2F&costTime=41×tamp=1618218429431 HTTP/1.1" 200 17179
116.224.253.72 - - [13/Apr/2021:10:37:51 +0800] "GET /xingrg/javascript/jquery_easy_ui/themes/default/easyui.css HTTP/1.1" 304 -
116.224.253.72 - - [13/Apr/2021:10:37:51 +0800] "GET /xingrg/javascript/jquery_easy_ui/themes/icon.css HTTP/1.1" 304 -
116.224.253.72 - - [13/Apr/2021:10:37:51 +0800] "GET /xingrg/css/form.css HTTP/1.1" 304 -
116.224.253.72 - - [13/Apr/2021:10:37:51 +0800] "GET /xingrg/javascript/jquery-1.4.2.min.js HTTP/1.1" 304 -
116.224.253.72 - - [13/Apr/2021:10:37:51 +0800] "GET /xingrg/javascript/jquery_easy_ui/jquery.easyui.min.js HTTP/1.1" 304 -
116.224.253.72 - - [13/Apr/2021:10:37:51 +0800] "GET /xingrg/javascript/jquery_easy_ui/easyui-lang-zh_CN.js HTTP/1.1" 304 -
116.224.253.72 - - [13/Apr/2021:10:37:51 +0800] "GET /xingrg/javascript/jquery.form.js HTTP/1.1" 304 -
116.224.253.72 - - [13/Apr/2021:10:37:51 +0800] "GET /xingrg/javascript/jquery.utils.js HTTP/1.1" 304 -
116.224.253.72 - - [13/Apr/2021:10:37:51 +0800] "GET /xingrg/javascript/jquery.timers.js HTTP/1.1" 304 -
101.91.62.89 - - [13/Apr/2021:10:37:51 +0800] "GET /xingrg/login.html HTTP/1.1" 200 7641
116.224.253.72 - - [13/Apr/2021:10:37:51 +0800] "GET /xingrg/images/blue/jxLogo.png HTTP/1.1" 304 -
116.224.253.72 - - [13/Apr/2021:10:37:51 +0800] "GET /xingrg/images/blue/navBackgound.jpg HTTP/1.1" 304 -
116.224.253.72 - - [13/Apr/2021:10:37:51 +0800] "GET /xingrg/javascript/jquery_easy_ui/themes/icons/settle_new.png HTTP/1.1" 304 -
116.224.253.72 - - [13/Apr/2021:10:37:51 +0800] "GET /xingrg/images/blue/pingpu.png HTTP/1.1" 304 -
116.224.253.72 - - [13/Apr/2021:10:37:51 +0800] "POST /xingrg/all/common/load_tree.html?tree=area_rest_tree_json&manage=1 HTTP/1.1" 200 476
116.224.253.72 - - [13/Apr/2021:10:37:51 +0800] "GET /xingrg/javascript/jquery_easy_ui/themes/default/images/tabs_leftarrow.png HTTP/1.1" 304 -
116.224.253.72 - - [13/Apr/2021:10:37:51 +0800] "GET /xingrg/javascript/jquery_easy_ui/themes/default/images/tabs_rightarrow.png HTTP/1.1" 304 -
116.224.253.72 - - [13/Apr/2021:10:37:51 +0800] "GET /xingrg/javascript/jquery_easy_ui/themes/default/images/panel_tool_collapse.gif HTTP/1.1" 304 -
116.224.253.72 - - [13/Apr/2021:10:37:51 +0800] "GET /xingrg/all/function/internal_message.html?_=1618281464636&CODE_STATE=count HTTP/1.1" 200 11
116.224.253.72 - - [13/Apr/2021:10:37:51 +0800] "GET /xingrg/check_reg.html?_=1618281464637 HTTP/1.1" 200 22
116.224.253.72 - - [13/Apr/2021:10:37:51 +0800] "POST /xingrg/load_menu.html HTTP/1.1" 200 5138
114.88.156.246 - - [13/Apr/2021:10:37:51 +0800] "GET /xingrg/kc/buy/cgsh_order_operate.html?command=get_materiel&rest_code=00141&code=00101008096&supplier_code=00100007&order_time=2021-04-13 HTTP/1.1" 200 412
61.129.6.151 - - [13/Apr/2021:10:37:53 +0800] "GET /xingrg/login.html HTTP/1.1" 200 7641
101.85.94.178 - - [13/Apr/2021:10:37:54 +0800] "GET /xingrg/all/function/internal_message.html?_=1618281019073&CODE_STATE=getMsg HTTP/1.1" 200 27
116.224.253.72 - - [13/Apr/2021:10:37:54 +0800] "GET /xingrg/kc/base/wldb_order_list.html HTTP/1.1" 200 19389
101.85.94.178 - - [13/Apr/2021:10:37:54 +0800] "GET /xingrg/kc/base/wldb_order_operate.html?command=get_materiel&rest_code=00142&base_code=0010185&code=00101021009 HTTP/1.1" 200 451
116.224.253.72 - - [13/Apr/2021:10:37:54 +0800] "POST /xingrg/kc/base/wldb_list_operate.html HTTP/1.1" 200 928
114.88.167.174 - - [13/Apr/2021:10:37:55 +0800] "GET /xingrg/all/function/internal_message.html?_=1618281476039&CODE_STATE=getMsg HTTP/1.1" 200 27
116.224.253.72 - - [13/Apr/2021:10:37:56 +0800] "GET /xingrg/kc/base/wldb_order_add.html HTTP/1.1" 200 30560
116.224.253.72 - - [13/Apr/2021:10:37:56 +0800] "POST /xingrg/kc/base/wldb_order_operate.html HTTP/1.1" 200 6806
116.224.253.72 - - [13/Apr/2021:10:37:56 +0800] "GET /xingrg/all/common/auto_word.html?type=base&rest_code=00150 HTTP/1.1" 200 1653
116.224.253.72 - - [13/Apr/2021:10:37:56 +0800] "GET /xingrg/all/common/auto_word.html?type=base&rest_code=00150 HTTP/1.1" 200 1653
222.69.129.181 - - [13/Apr/2021:10:37:57 +0800] "GET /xingrg/all/function/internal_message.html?_=1618281475836&CODE_STATE=getMsg HTTP/1.1" 200 27
116.224.253.72 - - [13/Apr/2021:10:37:57 +0800] "GET /xingrg/javascript/easyui/themes/default/validatebox.css HTTP/1.1" 404 1104
116.224.253.72 - - [13/Apr/2021:10:37:57 +0800] "POST /xingrg/all/common/load_combo.html?type=base HTTP/1.1" 200 2966
101.85.94.178 - - [13/Apr/2021:10:37:57 +0800] "POST /xingrg/all/common/load_select.html HTTP/1.1" 200 25
101.85.94.178 - - [13/Apr/2021:10:37:59 +0800] "GET /xingrg/kc/base/wldb_order_operate.html?command=get_materiel_price&rest_code=00142&base_code=0010185&code=00101021009&unit_code=00100053 HTTP/1.1" 200 34
180.169.147.146 - - [13/Apr/2021:10:38:01 +0800] "POST /xingrg/dwr/call/plaincall/AjaxReportQueryService.refreshCache.dwr HTTP/1.1" 200 78
180.169.147.146 - - [13/Apr/2021:10:38:01 +0800] "POST /xingrg/all/report/load_report_page.html HTTP/1.1" 200 26676
180.169.147.146 - - [13/Apr/2021:10:38:01 +0800] "GET /xingrg/servlets/image?cache=0.11141274848969207&image=px HTTP/1.1" 200 807
116.224.253.72 - - [13/Apr/2021:10:38:02 +0800] "GET /xingrg/javascript/auto/indicator.gif HTTP/1.1" 404 1066
180.169.147.146 - - [13/Apr/2021:10:38:02 +0800] "GET /xingrg/all/function/internal_message.html?_=1618281479536&CODE_STATE=getMsg HTTP/1.1" 200 27
222.70.217.33 - - [13/Apr/2021:10:38:02 +0800] "GET /xingrg/all/function/internal_message.html?_=1618281483315&CODE_STATE=getMsg HTTP/1.1" 200 27
61.129.6.251 - - [13/Apr/2021:10:38:05 +0800] "GET /xingrg/kc/buy/cgsh_order_operate.html?command=get_materiel&rest_code=00141&code=00101019086&supplier_code=00100007&order_time=2021-04-13 HTTP/1.1" 302 -
61.129.6.251 - - [13/Apr/2021:10:38:06 +0800] "GET /xingrg/login.html HTTP/1.1" 200 7641
180.169.147.146 - - [13/Apr/2021:10:38:06 +0800] "GET /xingrg/all/report/report_query.html?isQuery=1&fileName=dma/new_5.0/menu/menu_mx.xml&queryString=(a.sale_day%2520between%252020210301%2520and%252020210331)%2520and%2520(a.sid%2520in%2520(7))%2520and%2520(a.menu_name%2520like%2520'%2524bf%2524%25E4%25BA%2591%25E5%258D%2597%2524bf%2524')%2520and%2520(a.menu_name%253D'%25E4%25BA%2591%25E5%258D%2597%25E7%258F%258D%25E8%258F%258C%25E6%25B1%25A4C%252F%25E6%25B1%25A4%25E5%258B%25BA'%2520and%2520a.menu_unit%253D'%25E4%25BD%258D')&queryText=%25E3%2580%2590%25E8%2590%25A5%25E4%25B8%259A%25E6%2597%25A5%25E6%259C%259F%253A2021-03-01%2520%25E8%2587%25B3%25202021-03-31%25E3%2580%2591%2520%25E5%25B9%25B6%25E4%25B8%2594%2520%2520%25E3%2580%2590%25E9%2597%25A8%25E5%25BA%2597%25E5%2590%258D%25E7%25A7%25B0%2520%253D%2520%25E5%25BE%2590%25E6%25B1%2587%25E6%25A6%2595%25E6%25B8%25AF%25E3%2580%2591%2520%25E5%25B9%25B6%25E4%25B8%2594%2520%2520%25E3%2580%2590%25E8%258F%259C%25E5%2593%2581%25E5%2590%258D%25E7%25A7%25B0%2520%25E5%258C%2585%25E5%2590%25AB%2520%25E4%25BA%2591%25E5%258D%2597%25E3%2580%2591%2520%25E5%25B9%25B6%25E4%25B8%2594%2520%25E3%2580%2590%25E8%258F%259C%25E5%2593%2581%25E5%2590%258D%25E7%25A7%25B0%2520%253D%2520%25E4%25BA%2591%25E5%258D%2597%25E7%258F%258D%25E8%258F%258C%25E6%25B1%25A4C%252F%25E6%25B1%25A4%25E5%258B%25BA%25E3%2580%2591%2520%25E3%2580%2590%25E5%258D%2595%25E4%25BD%258D%2520%253D%2520%25E4%25BD%258D%25E3%2580%2591 HTTP/1.1" 200 51850
180.169.147.146 - - [13/Apr/2021:10:38:06 +0800] "GET /xingrg/dwr/engine.js HTTP/1.1" 200 43631
180.169.147.146 - - [13/Apr/2021:10:38:07 +0800] "GET /favicon.ico HTTP/1.1" 404 -
180.169.147.146 - - [13/Apr/2021:10:38:07 +0800] "POST /xingrg/all/report/load_report_page.html HTTP/1.1" 200 24382
180.169.147.146 - - [13/Apr/2021:10:38:07 +0800] "GET /xingrg/servlets/image?cache=0.8395868783392721&image=px HTTP/1.1" 200 807
124.77.71.179 - - [13/Apr/2021:10:38:07 +0800] "GET /xingrg/kc/buy/cgsh_order_operate.html?command=get_materiel&rest_code=00107&code=00101010385&supplier_code=00100323&order_time=2021-04-13 HTTP/1.1" 200 401
116.224.253.72 - - [13/Apr/2021:10:38:08 +0800] "GET /xingrg/kc/base/wldb_order_operate.html?command=get_materiel&rest_code=00150&base_code=0010446&code=00102002610 HTTP/1.1" 200 430
114.88.156.246 - - [13/Apr/2021:10:38:09 +0800] "GET /xingrg/kc/buy/cgsh_order_operate.html?command=get_materiel&rest_code=00141&code=00101008005&supplier_code=00100007&order_time=2021-04-13 HTTP/1.1" 200 412
180.169.147.146 - - [13/Apr/2021:10:38:12 +0800] "GET /xingrg/all/function/internal_message.html?_=1618281344769&CODE_STATE=getMsg HTTP/1.1" 200 27
114.88.156.246 - - [13/Apr/2021:10:38:12 +0800] "POST /xingrg/kc/buy/cgsh_order_operate.html HTTP/1.1" 200 2065
116.224.253.72 - - [13/Apr/2021:10:38:17 +0800] "GET /xingrg/all/function/internal_message.html?_=1618281497791&CODE_STATE=getMsg HTTP/1.1" 200 27
101.85.94.178 - - [13/Apr/2021:10:38:17 +0800] "GET /xingrg/kc/base/wldb_order_operate.html?command=get_materiel&rest_code=00142&base_code=0010185&code=00101006263 HTTP/1.1" 200 430
61.165.42.208 - - [13/Apr/2021:10:38:17 +0800] "GET /xingrg/kc/mdqp/pssh_order_list.html?isBack=1 HTTP/1.1" 200 18015
61.165.42.208 - - [13/Apr/2021:10:38:18 +0800] "POST /xingrg/kc/mdqp/pssh_list_operate.html HTTP/1.1" 200 5250
117.185.32.26 - - [13/Apr/2021:10:38:19 +0800] "GET /xingrg/kc/buy/cgsh_order_add.html HTTP/1.1" 200 62154
117.185.32.26 - - [13/Apr/2021:10:38:20 +0800] "POST /xingrg/kc/buy/cgsh_order_operate.html HTTP/1.1" 200 8245
117.185.32.26 - - [13/Apr/2021:10:38:20 +0800] "GET /xingrg/javascript/easyui/themes/default/validatebox.css HTTP/1.1" 404 1104
116.224.253.72 - - [13/Apr/2021:10:38:20 +0800] "POST /xingrg/kc/base/wldb_order_operate.html HTTP/1.1" 200 37
117.185.32.26 - - [13/Apr/2021:10:38:21 +0800] "GET /xingrg/javascript/easyui/themes/default/tree.css HTTP/1.1" 404 1090
117.185.32.26 - - [13/Apr/2021:10:38:21 +0800] "POST /xingrg/all/common/load_tree.html?tree=supplier_tree_json&isDelete=1 HTTP/1.1" 200 54827
116.224.253.72 - - [13/Apr/2021:10:38:22 +0800] "POST /xingrg/kc/base/wldb_order_operate.html HTTP/1.1" 200 12
124.77.71.179 - - [13/Apr/2021:10:38:22 +0800] "GET /xingrg/kc/buy/cgsh_order_operate.html?command=get_materiel&rest_code=00107&code=00101013075&supplier_code=00100323&order_time=2021-04-13 HTTP/1.1" 200 418
116.224.253.72 - - [13/Apr/2021:10:38:22 +0800] "POST /xingrg/kc/base/wldb_order_operate.html HTTP/1.1" 200 2191
116.224.253.72 - - [13/Apr/2021:10:38:23 +0800] "GET /xingrg/kc/base/wldb_order_info.html?code=422021041301227 HTTP/1.1" 200 26443
61.165.42.208 - - [13/Apr/2021:10:38:23 +0800] "POST /xingrg/kc/mdqp/pssh_list_operate.html HTTP/1.1" 200 786
116.224.253.72 - - [13/Apr/2021:10:38:23 +0800] "GET /xingrg/javascript/easyui/themes/default/validatebox.css HTTP/1.1" 404 1104
116.224.253.72 - - [13/Apr/2021:10:38:23 +0800] "POST /xingrg/kc/base/wldb_order_operate.html HTTP/1.1" 200 485
61.165.42.208 - - [13/Apr/2021:10:38:23 +0800] "POST /xingrg/kc/mdqp/pssh_list_operate.html HTTP/1.1" 200 2217
61.165.42.208 - - [13/Apr/2021:10:38:23 +0800] "GET /xingrg/kc/mdqp/pssh_order_info.html?code=312021041100289 HTTP/1.1" 200 17293
61.165.42.208 - - [13/Apr/2021:10:38:23 +0800] "GET /xingrg/javascript/jquery_tools/jquery-1.4.2.min.js HTTP/1.1" 404 1094
61.165.42.208 - - [13/Apr/2021:10:38:24 +0800] "POST /xingrg/kc/mdqp/pssh_order_operate.html HTTP/1.1" 200 6872
61.165.42.208 - - [13/Apr/2021:10:38:24 +0800] "GET /xingrg/javascript/easyui/themes/default/validatebox.css HTTP/1.1" 404 1104
120.253.135.82 - - [13/Apr/2021:10:38:24 +0800] "GET /xingrg/all/function/internal_message.html?_=1618281282004&CODE_STATE=getMsg HTTP/1.1" 200 27
180.169.147.146 - - [13/Apr/2021:10:38:24 +0800] "GET /xingrg/all/function/internal_message.html?_=1618281504494&CODE_STATE=getMsg HTTP/1.1" 200 27
116.224.253.72 - - [13/Apr/2021:10:38:25 +0800] "GET /xingrg/kc/base/wldb_order_add.html HTTP/1.1" 200 30560
116.224.253.72 - - [13/Apr/2021:10:38:25 +0800] "POST /xingrg/kc/base/wldb_order_operate.html HTTP/1.1" 200 6806
116.224.253.72 - - [13/Apr/2021:10:38:26 +0800] "GET /xingrg/javascript/easyui/themes/default/validatebox.css HTTP/1.1" 404 1104
116.224.253.72 - - [13/Apr/2021:10:38:27 +0800] "POST /xingrg/all/common/load_combo.html?type=base HTTP/1.1" 200 2966
114.88.156.246 - - [13/Apr/2021:10:38:27 +0800] "GET /xingrg/kc/buy/cgsh_order_operate.html?command=get_materiel&rest_code=00141&code=00101008003&supplier_code=00100007&order_time=2021-04-13 HTTP/1.1" 200 408
124.77.71.179 - - [13/Apr/2021:10:38:31 +0800] "GET /xingrg/all/function/internal_message.html?_=1618281508310&CODE_STATE=getMsg HTTP/1.1" 200 27
61.165.42.208 - - [13/Apr/2021:10:38:32 +0800] "POST /xingrg/all/common/load_combo.html?type=employee HTTP/1.1" 200 356
114.88.156.246 - - [13/Apr/2021:10:38:34 +0800] "GET /xingrg/kc/buy/cgsh_order_operate.html?command=get_materiel&rest_code=00141&code=00101008261&supplier_code=00100007&order_time=2021-04-13 HTTP/1.1" 200 408
101.85.94.178 - - [13/Apr/2021:10:38:35 +0800] "GET /xingrg/kc/base/wldb_order_operate.html?command=get_materiel&rest_code=00142&base_code=0010185&code=00101006269 HTTP/1.1" 200 428
116.224.253.72 - - [13/Apr/2021:10:38:35 +0800] "GET /xingrg/kc/base/wldb_order_operate.html?command=get_materiel&rest_code=00150&base_code=0010445&code=00101019422 HTTP/1.1" 200 457
124.77.71.179 - - [13/Apr/2021:10:38:36 +0800] "POST /xingrg/kc/buy/cgsh_order_operate.html HTTP/1.1" 200 37
117.185.32.26 - - [13/Apr/2021:10:38:36 +0800] "GET /xingrg/kc/buy/cgsh_order_operate.html?command=get_materiel&rest_code=00106&code=00102002167&supplier_code=00100347&order_time=2021-04-13 HTTP/1.1" 200 409
117.185.32.26 - - [13/Apr/2021:10:38:37 +0800] "GET /xingrg/all/function/internal_message.html?_=1618281516946&CODE_STATE=getMsg HTTP/1.1" 200 27
124.77.71.179 - - [13/Apr/2021:10:38:37 +0800] "POST /xingrg/kc/buy/cgsh_order_operate.html HTTP/1.1" 200 4449
114.88.156.246 - - [13/Apr/2021:10:38:37 +0800] "GET /xingrg/all/function/internal_message.html?_=1618281524281&CODE_STATE=getMsg HTTP/1.1" 200 27
120.253.135.82 - - [13/Apr/2021:10:38:38 +0800] "POST /xingrg/kc/buy/cgsh_order_operate.html HTTP/1.1" 200 37
124.77.71.179 - - [13/Apr/2021:10:38:39 +0800] "GET /xingrg/kc/print/load_data.html?order_code=212021041305110&kc_code=cgsh&condition= HTTP/1.1" 200 1368
61.165.42.208 - - [13/Apr/2021:10:38:39 +0800] "POST /xingrg/kc/mdqp/pssh_order_operate.html HTTP/1.1" 200 37
61.165.42.208 - - [13/Apr/2021:10:38:41 +0800] "POST /xingrg/kc/mdqp/pssh_order_operate.html HTTP/1.1" 200 6872
120.253.135.82 - - [13/Apr/2021:10:38:41 +0800] "POST /xingrg/kc/buy/cgsh_order_operate.html HTTP/1.1" 200 12
120.253.135.82 - - [13/Apr/2021:10:38:42 +0800] "GET /xingrg/kc/buy/cgsh_order_info.html?code=212021041305109 HTTP/1.1" 200 56101
114.88.156.246 - - [13/Apr/2021:10:38:42 +0800] "GET /xingrg/kc/buy/cgsh_order_operate.html?command=get_materiel&rest_code=00141&code=00101008281&supplier_code=00100007&order_time=2021-04-13 HTTP/1.1" 200 412
124.77.71.179 - - [13/Apr/2021:10:38:43 +0800] "GET /xingrg/kc/buy/cgsh_order_add.html HTTP/1.1" 200 62236
120.253.135.82 - - [13/Apr/2021:10:38:43 +0800] "GET /xingrg/javascript/easyui/themes/default/validatebox.css HTTP/1.1" 404 1104
61.165.42.208 - - [13/Apr/2021:10:38:43 +0800] "GET /xingrg/all/function/internal_message.html?_=1618281526057&CODE_STATE=getMsg HTTP/1.1" 200 27
120.253.135.82 - - [13/Apr/2021:10:38:44 +0800] "POST /xingrg/kc/buy/cgsh_order_operate.html HTTP/1.1" 200 620
124.77.71.179 - - [13/Apr/2021:10:38:44 +0800] "GET /xingrg/javascript/easyui/themes/default/validatebox.css HTTP/1.1" 404 1104
124.77.71.179 - - [13/Apr/2021:10:38:44 +0800] "POST /xingrg/kc/buy/cgsh_order_operate.html HTTP/1.1" 200 8245
116.224.253.72 - - [13/Apr/2021:10:38:44 +0800] "GET /xingrg/kc/base/wldb_order_operate.html?command=get_materiel&rest_code=00150&base_code=0010445&code=00101019372 HTTP/1.1" 200 467
124.77.71.179 - - [13/Apr/2021:10:38:45 +0800] "GET /xingrg/javascript/easyui/themes/default/tree.css HTTP/1.1" 404 1090
101.85.94.178 - - [13/Apr/2021:10:38:45 +0800] "GET /xingrg/kc/base/wldb_order_operate.html?command=get_materiel&rest_code=00142&base_code=0010185&code=00101006270 HTTP/1.1" 200 428
124.77.71.179 - - [13/Apr/2021:10:38:45 +0800] "POST /xingrg/all/common/load_tree.html?tree=supplier_tree_json&isDelete=1 HTTP/1.1" 200 54827
61.165.42.208 - - [13/Apr/2021:10:38:45 +0800] "POST /xingrg/kc/mdqp/pssh_order_operate.html HTTP/1.1" 200 37
120.253.135.82 - - [13/Apr/2021:10:38:45 +0800] "POST /xingrg/kc/buy/cgsh_list_operate.html HTTP/1.1" 200 876
61.165.42.208 - - [13/Apr/2021:10:38:45 +0800] "POST /xingrg/kc/mdqp/pssh_order_operate.html HTTP/1.1" 200 12
114.88.167.174 - - [13/Apr/2021:10:38:46 +0800] "GET /xingrg/all/function/internal_message.html?_=1618281522466&CODE_STATE=getMsg HTTP/1.1" 200 27
61.165.42.208 - - [13/Apr/2021:10:38:46 +0800] "GET /xingrg/kc/mdqp/pssh_order_info.html?code=312021041100289 HTTP/1.1" 200 14382
61.165.42.208 - - [13/Apr/2021:10:38:46 +0800] "GET /xingrg/javascript/jquery_tools/jquery-1.4.2.min.js HTTP/1.1" 404 1094
61.165.42.208 - - [13/Apr/2021:10:38:47 +0800] "POST /xingrg/kc/mdqp/pssh_order_operate.html HTTP/1.1" 200 6872
61.165.42.208 - - [13/Apr/2021:10:38:47 +0800] "GET /xingrg/javascript/easyui/themes/default/validatebox.css HTTP/1.1" 404 1104
116.230.114.112 - - [13/Apr/2021:10:38:48 +0800] "GET /xingrg/all/function/internal_message.html?_=1618281534718&CODE_STATE=getMsg HTTP/1.1" 200 27
61.165.42.208 - - [13/Apr/2021:10:38:48 +0800] "GET /xingrg/kc/print/load_data.html?order_code=312021041100289&kc_code=pssh&condition= HTTP/1.1" 200 2850
101.85.52.2 - - [13/Apr/2021:10:38:48 +0800] "GET /xingrg/all/function/internal_message.html?_=1618281527080&CODE_STATE=getMsg HTTP/1.1" 200 27
114.88.156.246 - - [13/Apr/2021:10:38:49 +0800] "GET /xingrg/all/function/internal_message.html?_=1618281554907&CODE_STATE=getMsg HTTP/1.1" 200 27
120.253.135.82 - - [13/Apr/2021:10:38:50 +0800] "GET /xingrg/kc/buy/cgsh_order_list.html HTTP/1.1" 200 46410
120.253.135.82 - - [13/Apr/2021:10:38:50 +0800] "POST /xingrg/kc/buy/cgsh_list_operate.html HTTP/1.1" 200 876
116.224.253.72 - - [13/Apr/2021:10:38:51 +0800] "GET /xingrg/kc/base/wldb_order_operate.html?command=get_materiel&rest_code=00150&base_code=0010445&code=00101016086 HTTP/1.1" 200 468
116.224.253.72 - - [13/Apr/2021:10:38:51 +0800] "GET /xingrg/all/function/internal_message.html?_=1618281524645&CODE_STATE=getMsg HTTP/1.1" 200 27
101.85.94.178 - - [13/Apr/2021:10:38:54 +0800] "GET /xingrg/all/function/internal_message.html?_=1618281079073&CODE_STATE=getMsg HTTP/1.1" 200 27
114.88.167.174 - - [13/Apr/2021:10:38:55 +0800] "GET /xingrg/all/function/internal_message.html?_=1618281536009&CODE_STATE=getMsg HTTP/1.1" 200 27
117.185.32.26 - - [13/Apr/2021:10:38:55 +0800] "GET /xingrg/kc/buy/cgsh_order_operate.html?command=get_materiel&rest_code=00106&code=00101008302&supplier_code=00100347&order_time=2021-04-13 HTTP/1.1" 200 412
120.253.135.82 - - [13/Apr/2021:10:38:55 +0800] "GET /xingrg/dwr/interface/AjaxReportQueryService.js HTTP/1.1" 200 13203
120.253.135.82 - - [13/Apr/2021:10:38:55 +0800] "GET /xingrg/dwr/interface/AjaxQqpsService.js HTTP/1.1" 200 16326
120.253.135.82 - - [13/Apr/2021:10:38:55 +0800] "GET /xingrg/dwr/engine.js HTTP/1.1" 200 43631
120.253.135.82 - - [13/Apr/2021:10:38:55 +0800] "GET /xingrg/kc/pszx/mdqp_order_list.html?state=10 HTTP/1.1" 200 11830
222.69.129.181 - - [13/Apr/2021:10:38:57 +0800] "GET /xingrg/all/function/internal_message.html?_=1618281535825&CODE_STATE=getMsg HTTP/1.1" 200 27
101.85.94.178 - - [13/Apr/2021:10:38:59 +0800] "GET /xingrg/kc/base/wldb_order_operate.html?command=get_materiel&rest_code=00142&base_code=0010185&code=00101007038 HTTP/1.1" 200 443
116.224.253.72 - - [13/Apr/2021:10:39:00 +0800] "GET /xingrg/kc/base/wldb_order_operate.html?command=get_materiel&rest_code=00150&base_code=0010445&code=00101019391 HTTP/1.1" 200 471
101.85.94.178 - - [13/Apr/2021:10:39:01 +0800] "POST /xingrg/all/common/load_select.html HTTP/1.1" 200 25
117.185.32.26 - - [13/Apr/2021:10:39:01 +0800] "GET /xingrg/kc/buy/cgsh_order_operate.html?command=get_materiel&rest_code=00106&code=00101012101&supplier_code=00100347&order_time=2021-04-13 HTTP/1.1" 200 404
120.253.135.82 - - [13/Apr/2021:10:39:02 +0800] "GET /xingrg/kc/pszx/mdps_order_list.html?orderType=0 HTTP/1.1" 200 21197
180.169.147.146 - - [13/Apr/2021:10:39:02 +0800] "GET /xingrg/all/function/internal_message.html?_=1618281539541&CODE_STATE=getMsg HTTP/1.1" 200 27
