120.253.135.82 - - [13/Apr/2021:09:32:28 +0800] "GET /xingrg/images/blue/button/kc_tab_edit.gif HTTP/1.1" 304 -
120.253.135.82 - - [13/Apr/2021:09:32:28 +0800] "GET /xingrg/images/blue/kc_tab_left.gif HTTP/1.1" 304 -
120.253.135.82 - - [13/Apr/2021:09:32:28 +0800] "GET /xingrg/images/blue/kc_tab_right.gif HTTP/1.1" 304 -
120.253.135.82 - - [13/Apr/2021:09:32:28 +0800] "GET /xingrg/images/blue/kc_tab_mid.gif HTTP/1.1" 304 -
120.253.135.82 - - [13/Apr/2021:09:32:28 +0800] "GET /xingrg/images/blue/button/kc_tab_save.gif HTTP/1.1" 304 -
120.253.135.82 - - [13/Apr/2021:09:32:28 +0800] "GET /xingrg/images/blue/kc_tab2_right.gif HTTP/1.1" 304 -
120.253.135.82 - - [13/Apr/2021:09:32:28 +0800] "GET /xingrg/images/blue/wait.gif HTTP/1.1" 304 -
120.253.135.82 - - [13/Apr/2021:09:32:28 +0800] "POST /xingrg/dwr/call/plaincall/AjaxQqpsService.loadMaterielItems.dwr HTTP/1.1" 200 6061
120.253.135.82 - - [13/Apr/2021:09:32:29 +0800] "GET /xingrg/images/blue/kc_tab2_left.gif HTTP/1.1" 304 -
101.85.94.178 - - [13/Apr/2021:09:32:29 +0800] "POST /xingrg/dwr/call/plaincall/AjaxYddbService.getMaterielByMap.dwr HTTP/1.1" 200 1511
124.77.71.179 - - [13/Apr/2021:09:32:31 +0800] "GET /xingrg/all/function/internal_message.html?_=1618277548298&CODE_STATE=getMsg HTTP/1.1" 200 27
120.253.135.82 - - [13/Apr/2021:09:32:32 +0800] "GET /xingrg/javascript/jquery_easy_ui/themes/default/images/button_plain_hover.png HTTP/1.1" 304 -
120.253.135.82 - - [13/Apr/2021:09:32:32 +0800] "GET /xingrg/javascript/jquery_easy_ui/themes/default/images/button_plain_hover.png HTTP/1.1" 304 -
120.253.135.82 - - [13/Apr/2021:09:32:32 +0800] "GET /xingrg/javascript/jquery_easy_ui/themes/icons/area.png HTTP/1.1" 304 -
101.85.94.178 - - [13/Apr/2021:09:32:33 +0800] "POST /xingrg/dwr/call/plaincall/AjaxYddbService.saveMaterielItem.dwr HTTP/1.1" 200 79
120.253.135.82 - - [13/Apr/2021:09:32:33 +0800] "GET /xingrg/javascript/jquery_easy_ui/themes/icons/manage.png HTTP/1.1" 304 -
61.165.42.208 - - [13/Apr/2021:09:32:33 +0800] "GET /xingrg/kc/buy/cgsh_order_operate.html?command=get_materiel&rest_code=00105&code=00101002022&supplier_code=00100397&order_time=2021-04-13 HTTP/1.1" 200 409
114.88.156.246 - - [13/Apr/2021:09:32:37 +0800] "GET /xingrg/check_reg.html?_=1618277563543 HTTP/1.1" 200 22
114.88.156.246 - - [13/Apr/2021:09:32:37 +0800] "GET /xingrg/all/function/internal_message.html?_=1618277563544&CODE_STATE=getMsg HTTP/1.1" 200 27
116.224.253.72 - - [13/Apr/2021:09:32:37 +0800] "GET /xingrg/all/function/internal_message.html?_=1618277550519&CODE_STATE=getMsg HTTP/1.1" 200 27
114.88.167.174 - - [13/Apr/2021:09:32:40 +0800] "GET /xingrg/all/function/internal_message.html?_=1618277556561&CODE_STATE=getMsg HTTP/1.1" 200 27
61.165.42.208 - - [13/Apr/2021:09:32:40 +0800] "GET /xingrg/kc/buy/cgsh_order_operate.html?command=get_materiel&rest_code=00105&code=00101001010&supplier_code=00100397&order_time=2021-04-13 HTTP/1.1" 200 409
120.253.135.82 - - [13/Apr/2021:09:32:40 +0800] "GET /xingrg/kc/pszx/mdps_order_list.html?orderType=0 HTTP/1.1" 200 21197
120.253.135.82 - - [13/Apr/2021:09:32:40 +0800] "GET /xingrg/css/site.css HTTP/1.1" 304 -
120.253.135.82 - - [13/Apr/2021:09:32:40 +0800] "GET /xingrg/javascript/easyui/themes/icon.css HTTP/1.1" 304 -
120.253.135.82 - - [13/Apr/2021:09:32:40 +0800] "GET /xingrg/javascript/jquery_tools/fix.css HTTP/1.1" 304 -
120.253.135.82 - - [13/Apr/2021:09:32:40 +0800] "GET /xingrg/javascript/jquery_tools/table.css HTTP/1.1" 304 -
120.253.135.82 - - [13/Apr/2021:09:32:40 +0800] "GET /xingrg/javascript/jquery_tools/datebox.css HTTP/1.1" 304 -
120.253.135.82 - - [13/Apr/2021:09:32:40 +0800] "GET /xingrg/css/base.css HTTP/1.1" 304 -
120.253.135.82 - - [13/Apr/2021:09:32:40 +0800] "GET /xingrg/javascript/easyui/themes/default/easyui.css HTTP/1.1" 304 -
120.253.135.82 - - [13/Apr/2021:09:32:40 +0800] "GET /xingrg/javascript/auto/jquery.autocomplete.css HTTP/1.1" 304 -
120.253.135.82 - - [13/Apr/2021:09:32:41 +0800] "GET /xingrg/javascript/jquery_tools/jquery.tools.hotkey.js HTTP/1.1" 304 -
120.253.135.82 - - [13/Apr/2021:09:32:41 +0800] "GET /xingrg/javascript/jquery_tools/jquery.tools.table.js HTTP/1.1" 304 -
120.253.135.82 - - [13/Apr/2021:09:32:41 +0800] "GET /xingrg/javascript/jquery_tools/list_manager.js HTTP/1.1" 304 -
120.253.135.82 - - [13/Apr/2021:09:32:41 +0800] "GET /xingrg/javascript/jquery_tools/jquery.tools.min.js HTTP/1.1" 304 -
120.253.135.82 - - [13/Apr/2021:09:32:41 +0800] "GET /xingrg/javascript/easyui/easyloader.js HTTP/1.1" 304 -
120.253.135.82 - - [13/Apr/2021:09:32:41 +0800] "GET /xingrg/javascript/jquery.cookie.js HTTP/1.1" 304 -
120.253.135.82 - - [13/Apr/2021:09:32:41 +0800] "GET /xingrg/javascript/jquery_tools/jquery.tools.extend.js HTTP/1.1" 304 -
120.253.135.82 - - [13/Apr/2021:09:32:41 +0800] "GET /xingrg/javascript/easyui/themes/icons/edit_add_new.png HTTP/1.1" 304 -
120.253.135.82 - - [13/Apr/2021:09:32:41 +0800] "GET /xingrg/javascript/easyui/themes/icons/field_new.png HTTP/1.1" 304 -
120.253.135.82 - - [13/Apr/2021:09:32:41 +0800] "GET /xingrg/javascript/easyui/themes/icons/uncheck_new.png HTTP/1.1" 304 -
120.253.135.82 - - [13/Apr/2021:09:32:41 +0800] "GET /xingrg/javascript/easyui/themes/icons/cance_new.png HTTP/1.1" 304 -
120.253.135.82 - - [13/Apr/2021:09:32:41 +0800] "GET /xingrg/javascript/easyui/themes/icons/import_new.png HTTP/1.1" 304 -
120.253.135.82 - - [13/Apr/2021:09:32:41 +0800] "GET /xingrg/javascript/easyui/themes/icons/check_new.png HTTP/1.1" 304 -
120.253.135.82 - - [13/Apr/2021:09:32:41 +0800] "GET /xingrg/javascript/easyui/plugins/jquery.parser.js HTTP/1.1" 304 -
120.253.135.82 - - [13/Apr/2021:09:32:41 +0800] "GET /xingrg/images/control/ajaxLoader.gif HTTP/1.1" 304 -
120.253.135.82 - - [13/Apr/2021:09:32:41 +0800] "POST /xingrg/kc/pszx/mdps_list_operate.html HTTP/1.1" 200 5518
101.85.94.178 - - [13/Apr/2021:09:32:41 +0800] "POST /xingrg/dwr/call/plaincall/AjaxComOrderService.getMaterielSearchList.dwr HTTP/1.1" 200 35453
116.230.114.112 - - [13/Apr/2021:09:32:43 +0800] "GET /xingrg/all/function/internal_message.html?_=1618277569432&CODE_STATE=getMsg HTTP/1.1" 200 27
120.253.135.82 - - [13/Apr/2021:09:32:43 +0800] "GET /xingrg/javascript/auto/indicator.gif HTTP/1.1" 404 1066
101.85.94.178 - - [13/Apr/2021:09:32:43 +0800] "POST /xingrg/dwr/call/plaincall/AjaxYddbService.getMaterielByMap.dwr HTTP/1.1" 200 1532
222.70.217.33 - - [13/Apr/2021:09:32:43 +0800] "GET /xingrg/kc/buy/cgsh_order_operate.html?command=get_materiel&rest_code=00155&code=00101008008&supplier_code=00100005&order_time=2021-04-13 HTTP/1.1" 200 412
61.165.42.208 - - [13/Apr/2021:09:32:44 +0800] "GET /xingrg/all/function/internal_message.html?_=1618277567123&CODE_STATE=getMsg HTTP/1.1" 200 27
101.85.94.178 - - [13/Apr/2021:09:32:46 +0800] "POST /xingrg/dwr/call/plaincall/AjaxYddbService.getUnitPrice.dwr HTTP/1.1" 200 87
101.85.94.178 - - [13/Apr/2021:09:32:49 +0800] "POST /xingrg/dwr/call/plaincall/AjaxYddbService.saveMaterielItem.dwr HTTP/1.1" 200 79
114.88.156.246 - - [13/Apr/2021:09:32:51 +0800] "GET /xingrg/all/function/internal_message.html?_=1618277596459&CODE_STATE=getMsg HTTP/1.1" 200 27
101.85.94.178 - - [13/Apr/2021:09:32:53 +0800] "POST /xingrg/dwr/call/plaincall/AjaxComOrderService.getMaterielSearchList.dwr HTTP/1.1" 200 18115
120.253.135.82 - - [13/Apr/2021:09:32:54 +0800] "GET /xingrg/javascript/easyui/themes/default/images/button_plain_hover.png HTTP/1.1" 304 -
120.253.135.82 - - [13/Apr/2021:09:32:54 +0800] "GET /xingrg/kc/pszx/mdps_order_add.html HTTP/1.1" 200 29219
120.253.135.82 - - [13/Apr/2021:09:32:54 +0800] "GET /xingrg/javascript/jquery_tools/order_manager.js HTTP/1.1" 304 -
120.253.135.82 - - [13/Apr/2021:09:32:54 +0800] "GET /xingrg/javascript/json2.js HTTP/1.1" 304 -
120.253.135.82 - - [13/Apr/2021:09:32:54 +0800] "GET /xingrg/javascript/convert.js HTTP/1.1" 304 -
120.253.135.82 - - [13/Apr/2021:09:32:54 +0800] "GET /xingrg/words/20210413090037_words.js HTTP/1.1" 304 -
120.253.135.82 - - [13/Apr/2021:09:32:55 +0800] "GET /xingrg/javascript/easyui/themes/icons/copy_new.png HTTP/1.1" 304 -
120.253.135.82 - - [13/Apr/2021:09:32:55 +0800] "GET /xingrg/javascript/easyui/themes/default/images/menu_downarrow.png HTTP/1.1" 304 -
120.253.135.82 - - [13/Apr/2021:09:32:55 +0800] "GET /xingrg/javascript/easyui/themes/icons/cancel.png HTTP/1.1" 304 -
120.253.135.82 - - [13/Apr/2021:09:32:55 +0800] "GET /xingrg/javascript/easyui/themes/icons/ok.png HTTP/1.1" 304 -
120.253.135.82 - - [13/Apr/2021:09:32:55 +0800] "GET /xingrg/javascript/easyui/themes/icons/print.png HTTP/1.1" 304 -
120.253.135.82 - - [13/Apr/2021:09:32:55 +0800] "POST /xingrg/kc/pszx/mdps_order_operate.html HTTP/1.1" 200 7126
120.253.135.82 - - [13/Apr/2021:09:32:55 +0800] "GET /xingrg/javascript/easyui/themes/icons/edit_remove.png HTTP/1.1" 304 -
120.253.135.82 - - [13/Apr/2021:09:32:55 +0800] "GET /xingrg/all/common/auto_word.html?type=base&rest_code=00101 HTTP/1.1" 200 613
120.253.135.82 - - [13/Apr/2021:09:32:55 +0800] "GET /xingrg/javascript/easyui/themes/default/validatebox.css HTTP/1.1" 404 1104
120.253.135.82 - - [13/Apr/2021:09:32:55 +0800] "GET /xingrg/javascript/easyui/plugins/jquery.validatebox.js HTTP/1.1" 304 -
120.253.135.82 - - [13/Apr/2021:09:32:55 +0800] "GET /xingrg/javascript/easyui/plugins/jquery.numberbox.js HTTP/1.1" 304 -
116.233.75.14 - - [13/Apr/2021:09:32:56 +0800] "GET /xingrg/all/function/internal_message.html?_=1618277580119&CODE_STATE=getMsg HTTP/1.1" 200 27
101.85.94.178 - - [13/Apr/2021:09:32:57 +0800] "POST /xingrg/dwr/call/plaincall/AjaxYddbService.getMaterielByMap.dwr HTTP/1.1" 200 1488
222.69.129.181 - - [13/Apr/2021:09:32:58 +0800] "GET /xingrg/all/function/internal_message.html?_=1618277576900&CODE_STATE=getMsg HTTP/1.1" 200 27
222.70.217.33 - - [13/Apr/2021:09:32:58 +0800] "GET /xingrg/all/function/internal_message.html?_=1618277578958&CODE_STATE=getMsg HTTP/1.1" 200 27
61.165.42.208 - - [13/Apr/2021:09:32:58 +0800] "POST /xingrg/kc/buy/cgsh_order_operate.html HTTP/1.1" 200 37
222.70.217.33 - - [13/Apr/2021:09:32:58 +0800] "GET /xingrg/kc/buy/cgsh_order_operate.html?command=get_materiel&rest_code=00155&code=00101008477&supplier_code=00100005&order_time=2021-04-13 HTTP/1.1" 200 408
101.85.94.178 - - [13/Apr/2021:09:32:59 +0800] "POST /xingrg/dwr/call/plaincall/AjaxYddbService.saveMaterielItem.dwr HTTP/1.1" 200 79
61.165.42.208 - - [13/Apr/2021:09:33:00 +0800] "POST /xingrg/kc/buy/cgsh_order_operate.html HTTP/1.1" 200 3832
61.165.42.208 - - [13/Apr/2021:09:33:02 +0800] "GET /xingrg/kc/print/load_data.html?order_code=212021041305062&kc_code=cgsh&condition= HTTP/1.1" 200 1114
180.169.147.146 - - [13/Apr/2021:09:33:03 +0800] "GET /xingrg/all/function/internal_message.html?_=1618277580862&CODE_STATE=getMsg HTTP/1.1" 200 27
222.70.217.33 - - [13/Apr/2021:09:33:04 +0800] "GET /xingrg/kc/buy/cgsh_order_operate.html?command=get_materiel&rest_code=00155&code=00101008087&supplier_code=00100005&order_time=2021-04-13 HTTP/1.1" 200 412
101.85.94.178 - - [13/Apr/2021:09:33:05 +0800] "POST /xingrg/dwr/call/plaincall/AjaxComOrderService.getMaterielSearchList.dwr HTTP/1.1" 200 51319
101.85.94.178 - - [13/Apr/2021:09:33:05 +0800] "POST /xingrg/dwr/call/plaincall/AjaxComOrderService.getMaterielSearchList.dwr HTTP/1.1" 200 796
120.253.135.82 - - [13/Apr/2021:09:33:05 +0800] "GET /xingrg/css/images/panel_loading.gif HTTP/1.1" 304 -
120.253.135.82 - - [13/Apr/2021:09:33:05 +0800] "POST /xingrg/all/common/load_combo.html?type=base HTTP/1.1" 200 1075
101.85.94.178 - - [13/Apr/2021:09:33:06 +0800] "POST /xingrg/dwr/call/plaincall/AjaxComOrderService.getMaterielSearchList.dwr HTTP/1.1" 200 1526
101.85.94.178 - - [13/Apr/2021:09:33:07 +0800] "POST /xingrg/dwr/call/plaincall/AjaxComOrderService.getMaterielSearchList.dwr HTTP/1.1" 200 278
101.85.94.178 - - [13/Apr/2021:09:33:08 +0800] "POST /xingrg/dwr/call/plaincall/AjaxYddbService.getMaterielByMap.dwr HTTP/1.1" 200 1499
116.224.253.72 - - [13/Apr/2021:09:33:08 +0800] "GET /xingrg/all/function/internal_message.html?_=1618277589222&CODE_STATE=getMsg HTTP/1.1" 200 27
222.70.217.33 - - [13/Apr/2021:09:33:11 +0800] "GET /xingrg/kc/buy/cgsh_order_operate.html?command=get_materiel&rest_code=00155&code=00101008357&supplier_code=00100005&order_time=2021-04-13 HTTP/1.1" 200 408
101.85.94.178 - - [13/Apr/2021:09:33:11 +0800] "GET /xingrg/all/function/internal_message.html?_=1618277136449&CODE_STATE=getMsg HTTP/1.1" 200 27
120.253.135.82 - - [13/Apr/2021:09:33:13 +0800] "GET /xingrg/kc/pszx/mdps_order_operate.html?command=get_materiel&pszx_code=00101&rest_code=00149&base_code=0010250&code=00102002954 HTTP/1.1" 200 408
101.85.94.178 - - [13/Apr/2021:09:33:16 +0800] "POST /xingrg/dwr/call/plaincall/AjaxYddbService.saveMaterielItem.dwr HTTP/1.1" 200 79
114.86.187.76 - - [13/Apr/2021:09:33:17 +0800] "GET /xingrg/all/function/internal_message.html?_=1618277598409&CODE_STATE=getMsg HTTP/1.1" 200 27
114.88.167.174 - - [13/Apr/2021:09:33:18 +0800] "GET /xingrg/all/function/internal_message.html?_=1618277568752&CODE_STATE=getMsg HTTP/1.1" 302 -
222.70.217.33 - - [13/Apr/2021:09:33:19 +0800] "GET /xingrg/kc/buy/cgsh_order_operate.html?command=get_materiel&rest_code=00155&code=00101008561&supplier_code=00100005&order_time=2021-04-13 HTTP/1.1" 200 398
101.85.94.178 - - [13/Apr/2021:09:33:21 +0800] "POST /xingrg/dwr/call/plaincall/AjaxComOrderService.getMaterielSearchList.dwr HTTP/1.1" 200 25606
120.253.135.82 - - [13/Apr/2021:09:33:22 +0800] "GET /xingrg/all/function/internal_message.html?_=1618277380356&CODE_STATE=getMsg HTTP/1.1" 200 27
101.85.94.178 - - [13/Apr/2021:09:33:22 +0800] "POST /xingrg/dwr/call/plaincall/AjaxComOrderService.getMaterielSearchList.dwr HTTP/1.1" 200 405
101.85.94.178 - - [13/Apr/2021:09:33:23 +0800] "POST /xingrg/dwr/call/plaincall/AjaxYddbService.getMaterielByMap.dwr HTTP/1.1" 200 1499
180.169.147.146 - - [13/Apr/2021:09:33:24 +0800] "GET /xingrg/all/function/internal_message.html?_=1618277604512&CODE_STATE=getMsg HTTP/1.1" 200 27
222.70.217.33 - - [13/Apr/2021:09:33:26 +0800] "GET /xingrg/kc/buy/cgsh_order_operate.html?command=get_materiel&rest_code=00155&code=00101008149&supplier_code=00100005&order_time=2021-04-13 HTTP/1.1" 200 408
116.224.253.72 - - [13/Apr/2021:09:33:27 +0800] "POST /xingrg/kc/buy/cgsh_list_operate.html HTTP/1.1" 200 574
120.253.135.82 - - [13/Apr/2021:09:33:28 +0800] "GET /xingrg/kc/pszx/mdps_order_operate.html?command=get_materiel&pszx_code=00101&rest_code=00149&base_code=0010250&code=00102002953 HTTP/1.1" 200 424
101.85.94.178 - - [13/Apr/2021:09:33:28 +0800] "POST /xingrg/dwr/call/plaincall/AjaxYddbService.saveMaterielItem.dwr HTTP/1.1" 200 79
101.85.94.178 - - [13/Apr/2021:09:33:28 +0800] "POST /xingrg/dwr/call/plaincall/AjaxComOrderService.getMaterielSearchList.dwr HTTP/1.1" 200 77
116.224.253.72 - - [13/Apr/2021:09:33:28 +0800] "GET /xingrg/kc/buy/cgsh_order_info.html?code=212021041305030 HTTP/1.1" 200 62081
116.224.253.72 - - [13/Apr/2021:09:33:28 +0800] "GET /xingrg/words/20210413090037_words.js HTTP/1.1" 304 -
116.224.253.72 - - [13/Apr/2021:09:33:29 +0800] "GET /xingrg/javascript/easyui/themes/default/validatebox.css HTTP/1.1" 404 1104
116.224.253.72 - - [13/Apr/2021:09:33:29 +0800] "POST /xingrg/kc/buy/cgsh_order_operate.html HTTP/1.1" 200 29277
124.77.71.179 - - [13/Apr/2021:09:33:31 +0800] "GET /xingrg/all/function/internal_message.html?_=1618277608282&CODE_STATE=getMsg HTTP/1.1" 200 27
101.85.94.178 - - [13/Apr/2021:09:33:31 +0800] "POST /xingrg/dwr/call/plaincall/AjaxComOrderService.getMaterielSearchList.dwr HTTP/1.1" 200 278
101.85.94.178 - - [13/Apr/2021:09:33:32 +0800] "POST /xingrg/dwr/call/plaincall/AjaxComOrderService.getMaterielSearchList.dwr HTTP/1.1" 200 278
222.70.217.33 - - [13/Apr/2021:09:33:32 +0800] "GET /xingrg/kc/buy/cgsh_order_operate.html?command=get_materiel&rest_code=00155&code=00101008125&supplier_code=00100005&order_time=2021-04-13 HTTP/1.1" 200 413
101.85.94.178 - - [13/Apr/2021:09:33:33 +0800] "POST /xingrg/dwr/call/plaincall/AjaxYddbService.getMaterielByMap.dwr HTTP/1.1" 200 1498
114.88.156.246 - - [13/Apr/2021:09:33:37 +0800] "GET /xingrg/all/function/internal_message.html?_=1618277623545&CODE_STATE=getMsg HTTP/1.1" 200 27
116.224.253.72 - - [13/Apr/2021:09:33:37 +0800] "GET /xingrg/all/function/internal_message.html?_=1618277610564&CODE_STATE=getMsg HTTP/1.1" 200 27
120.253.135.82 - - [13/Apr/2021:09:33:37 +0800] "GET /xingrg/kc/pszx/mdps_order_operate.html?command=get_materiel&pszx_code=00101&rest_code=00149&base_code=0010250&code=00102002955 HTTP/1.1" 200 424
101.85.94.178 - - [13/Apr/2021:09:33:38 +0800] "POST /xingrg/dwr/call/plaincall/AjaxYddbService.saveMaterielItem.dwr HTTP/1.1" 200 79
180.169.147.146 - - [13/Apr/2021:09:33:39 +0800] "GET /xingrg/javascript/jquery_easy_ui/themes/default/images/tabs_active.png HTTP/1.1" 200 2894
114.88.167.174 - - [13/Apr/2021:09:33:40 +0800] "GET /xingrg/all/function/internal_message.html?_=1618277616575&CODE_STATE=getMsg HTTP/1.1" 200 27
222.70.217.33 - - [13/Apr/2021:09:33:40 +0800] "GET /xingrg/kc/buy/cgsh_order_operate.html?command=get_materiel&rest_code=00155&code=00101008185&supplier_code=00100005&order_time=2021-04-13 HTTP/1.1" 200 408
101.85.94.178 - - [13/Apr/2021:09:33:42 +0800] "POST /xingrg/dwr/call/plaincall/AjaxComOrderService.getMaterielSearchList.dwr HTTP/1.1" 200 8184
101.85.94.178 - - [13/Apr/2021:09:33:43 +0800] "POST /xingrg/dwr/call/plaincall/AjaxComOrderService.getMaterielSearchList.dwr HTTP/1.1" 200 547
116.230.114.112 - - [13/Apr/2021:09:33:43 +0800] "GET /xingrg/all/function/internal_message.html?_=1618277629705&CODE_STATE=getMsg HTTP/1.1" 200 27
61.165.42.208 - - [13/Apr/2021:09:33:44 +0800] "GET /xingrg/all/function/internal_message.html?_=1618277627082&CODE_STATE=getMsg HTTP/1.1" 200 27
101.85.94.178 - - [13/Apr/2021:09:33:45 +0800] "POST /xingrg/dwr/call/plaincall/AjaxYddbService.getMaterielByMap.dwr HTTP/1.1" 200 1493
120.253.135.82 - - [13/Apr/2021:09:33:46 +0800] "POST /xingrg/kc/pszx/mdps_order_operate.html HTTP/1.1" 200 37
222.70.217.33 - - [13/Apr/2021:09:33:47 +0800] "GET /xingrg/kc/buy/cgsh_order_operate.html?command=get_materiel&rest_code=00155&code=00101008559&supplier_code=00100005&order_time=2021-04-13 HTTP/1.1" 200 399
120.253.135.82 - - [13/Apr/2021:09:33:49 +0800] "GET /xingrg/kc/pszx/mdps_order_info.html?code=312021041300367 HTTP/1.1" 200 23931
120.253.135.82 - - [13/Apr/2021:09:33:49 +0800] "GET /xingrg/javascript/easyui/themes/default/validatebox.css HTTP/1.1" 404 1104
120.253.135.82 - - [13/Apr/2021:09:33:49 +0800] "POST /xingrg/kc/pszx/mdps_order_operate.html HTTP/1.1" 200 3287
114.88.156.246 - - [13/Apr/2021:09:33:51 +0800] "GET /xingrg/all/function/internal_message.html?_=1618277656430&CODE_STATE=getMsg HTTP/1.1" 200 27
120.253.135.82 - - [13/Apr/2021:09:33:51 +0800] "GET /xingrg/kc/print/load_config.html?kc_code=mdps HTTP/1.1" 200 2396
120.253.135.82 - - [13/Apr/2021:09:33:51 +0800] "GET /xingrg/kc/print/load_data.html?order_code=312021041300367&kc_code=mdps&condition= HTTP/1.1" 200 1183
101.85.94.178 - - [13/Apr/2021:09:33:52 +0800] "POST /xingrg/dwr/call/plaincall/AjaxYddbService.saveMaterielItem.dwr HTTP/1.1" 200 79
222.70.217.33 - - [13/Apr/2021:09:33:54 +0800] "GET /xingrg/kc/buy/cgsh_order_operate.html?command=get_materiel&rest_code=00155&code=00101008096&supplier_code=00100005&order_time=2021-04-13 HTTP/1.1" 200 412
101.85.94.178 - - [13/Apr/2021:09:33:55 +0800] "POST /xingrg/dwr/call/plaincall/AjaxComOrderService.getMaterielSearchList.dwr HTTP/1.1" 200 308293
101.85.94.178 - - [13/Apr/2021:09:33:55 +0800] "POST /xingrg/dwr/call/plaincall/AjaxComOrderService.getMaterielSearchList.dwr HTTP/1.1" 200 1125
116.233.75.14 - - [13/Apr/2021:09:33:56 +0800] "GET /xingrg/all/function/internal_message.html?_=1618277640119&CODE_STATE=getMsg HTTP/1.1" 200 27
116.233.75.14 - - [13/Apr/2021:09:33:56 +0800] "GET /xingrg/check_reg.html?_=1618277640121 HTTP/1.1" 200 22
101.85.94.178 - - [13/Apr/2021:09:33:57 +0800] "POST /xingrg/dwr/call/plaincall/AjaxYddbService.getMaterielByMap.dwr HTTP/1.1" 200 1498
222.69.129.181 - - [13/Apr/2021:09:33:58 +0800] "GET /xingrg/all/function/internal_message.html?_=1618277636870&CODE_STATE=getMsg HTTP/1.1" 200 27
222.70.217.33 - - [13/Apr/2021:09:33:58 +0800] "GET /xingrg/all/function/internal_message.html?_=1618277638944&CODE_STATE=getMsg HTTP/1.1" 200 27
222.70.217.33 - - [13/Apr/2021:09:34:03 +0800] "GET /xingrg/kc/buy/cgsh_order_operate.html?command=get_materiel&rest_code=00155&code=00101008290&supplier_code=00100005&order_time=2021-04-13 HTTP/1.1" 200 416
101.85.94.178 - - [13/Apr/2021:09:34:03 +0800] "POST /xingrg/dwr/call/plaincall/AjaxYddbService.saveMaterielItem.dwr HTTP/1.1" 200 79
180.169.147.146 - - [13/Apr/2021:09:34:03 +0800] "GET /xingrg/all/function/internal_message.html?_=1618277640837&CODE_STATE=getMsg HTTP/1.1" 200 27
101.85.94.178 - - [13/Apr/2021:09:34:07 +0800] "POST /xingrg/dwr/call/plaincall/AjaxComOrderService.getMaterielSearchList.dwr HTTP/1.1" 200 4807
101.85.94.178 - - [13/Apr/2021:09:34:08 +0800] "POST /xingrg/dwr/call/plaincall/AjaxComOrderService.getMaterielSearchList.dwr HTTP/1.1" 200 831
116.224.253.72 - - [13/Apr/2021:09:34:08 +0800] "GET /xingrg/all/function/internal_message.html?_=1618277649249&CODE_STATE=getMsg HTTP/1.1" 200 27
222.70.217.33 - - [13/Apr/2021:09:34:09 +0800] "GET /xingrg/kc/buy/cgsh_order_operate.html?command=get_materiel&rest_code=00155&code=00101008024&supplier_code=00100005&order_time=2021-04-13 HTTP/1.1" 200 408
101.85.94.178 - - [13/Apr/2021:09:34:09 +0800] "POST /xingrg/dwr/call/plaincall/AjaxYddbService.getMaterielByMap.dwr HTTP/1.1" 200 1497
114.88.156.246 - - [13/Apr/2021:09:34:11 +0800] "GET /xingrg/check_reg.html?_=1618277675904 HTTP/1.1" 200 22
101.85.94.178 - - [13/Apr/2021:09:34:11 +0800] "GET /xingrg/all/function/internal_message.html?_=1618277196453&CODE_STATE=getMsg HTTP/1.1" 200 27
101.85.94.178 - - [13/Apr/2021:09:34:15 +0800] "POST /xingrg/dwr/call/plaincall/AjaxYddbService.saveMaterielItem.dwr HTTP/1.1" 200 79
101.85.94.178 - - [13/Apr/2021:09:34:15 +0800] "POST /xingrg/dwr/call/plaincall/AjaxComOrderService.getMaterielSearchList.dwr HTTP/1.1" 200 77
114.86.187.76 - - [13/Apr/2021:09:34:17 +0800] "GET /xingrg/all/function/internal_message.html?_=1618277658381&CODE_STATE=getMsg HTTP/1.1" 200 27
114.88.167.174 - - [13/Apr/2021:09:34:18 +0800] "GET /xingrg/all/function/internal_message.html?_=1618277628727&CODE_STATE=getMsg HTTP/1.1" 302 -
222.70.217.33 - - [13/Apr/2021:09:34:19 +0800] "GET /xingrg/kc/buy/cgsh_order_operate.html?command=get_materiel&rest_code=00155&code=00101008439&supplier_code=00100005&order_time=2021-04-13 HTTP/1.1" 200 399
116.233.75.14 - - [13/Apr/2021:09:34:19 +0800] "GET /xingrg/kc/buy/cgsh_order_operate.html?command=get_materiel&rest_code=00109&code=00101008286&supplier_code=00100005&order_time=2021-04-13 HTTP/1.1" 200 408
101.85.94.178 - - [13/Apr/2021:09:34:20 +0800] "POST /xingrg/dwr/call/plaincall/AjaxComOrderService.getMaterielSearchList.dwr HTTP/1.1" 200 25041
101.85.94.178 - - [13/Apr/2021:09:34:20 +0800] "POST /xingrg/dwr/call/plaincall/AjaxComOrderService.getMaterielSearchList.dwr HTTP/1.1" 200 425006
120.253.135.82 - - [13/Apr/2021:09:34:22 +0800] "GET /xingrg/all/function/internal_message.html?_=1618277440371&CODE_STATE=getMsg HTTP/1.1" 200 27
180.169.147.146 - - [13/Apr/2021:09:34:24 +0800] "GET /xingrg/all/function/internal_message.html?_=1618277664494&CODE_STATE=getMsg HTTP/1.1" 200 27
222.70.217.33 - - [13/Apr/2021:09:34:25 +0800] "GET /xingrg/kc/buy/cgsh_order_operate.html?command=get_materiel&rest_code=00155&code=00101008006&supplier_code=00100005&order_time=2021-04-13 HTTP/1.1" 200 416
116.233.75.14 - - [13/Apr/2021:09:34:27 +0800] "GET /xingrg/kc/buy/cgsh_order_operate.html?command=get_materiel&rest_code=00109&code=00101008131&supplier_code=00100005&order_time=2021-04-13 HTTP/1.1" 200 408
124.77.71.179 - - [13/Apr/2021:09:34:31 +0800] "GET /xingrg/all/function/internal_message.html?_=1618277668265&CODE_STATE=getMsg HTTP/1.1" 200 27
101.85.94.178 - - [13/Apr/2021:09:34:32 +0800] "POST /xingrg/dwr/call/plaincall/AjaxComOrderService.getMaterielSearchList.dwr HTTP/1.1" 200 77
222.70.217.33 - - [13/Apr/2021:09:34:32 +0800] "GET /xingrg/kc/buy/cgsh_order_operate.html?command=get_materiel&rest_code=00155&code=00101008108&supplier_code=00100005&order_time=2021-04-13 HTTP/1.1" 200 412
101.85.94.178 - - [13/Apr/2021:09:34:33 +0800] "POST /xingrg/dwr/call/plaincall/AjaxComOrderService.getMaterielSearchList.dwr HTTP/1.1" 200 25041
116.233.75.14 - - [13/Apr/2021:09:34:33 +0800] "GET /xingrg/kc/buy/cgsh_order_operate.html?command=get_materiel&rest_code=00109&code=00101008295&supplier_code=00100005&order_time=2021-04-13 HTTP/1.1" 200 412
101.85.94.178 - - [13/Apr/2021:09:34:33 +0800] "POST /xingrg/dwr/call/plaincall/AjaxComOrderService.getMaterielSearchList.dwr HTTP/1.1" 200 25041
114.88.156.246 - - [13/Apr/2021:09:34:37 +0800] "GET /xingrg/all/function/internal_message.html?_=1618277683539&CODE_STATE=getMsg HTTP/1.1" 200 27
116.224.253.72 - - [13/Apr/2021:09:34:37 +0800] "GET /xingrg/all/function/internal_message.html?_=1618277670579&CODE_STATE=getMsg HTTP/1.1" 200 27
222.70.217.33 - - [13/Apr/2021:09:34:37 +0800] "GET /xingrg/kc/buy/cgsh_order_operate.html?command=get_materiel&rest_code=00155&code=00101008352&supplier_code=00100005&order_time=2021-04-13 HTTP/1.1" 200 412
114.88.167.174 - - [13/Apr/2021:09:34:39 +0800] "GET /xingrg/check_reg.html?_=1618277675971 HTTP/1.1" 200 22
114.88.167.174 - - [13/Apr/2021:09:34:40 +0800] "GET /xingrg/all/function/internal_message.html?_=1618277676589&CODE_STATE=getMsg HTTP/1.1" 200 27
101.85.94.178 - - [13/Apr/2021:09:34:40 +0800] "POST /xingrg/dwr/call/plaincall/AjaxYddbService.getMaterielByMap.dwr HTTP/1.1" 200 1537
116.233.75.14 - - [13/Apr/2021:09:34:43 +0800] "GET /xingrg/kc/buy/cgsh_order_operate.html?command=get_materiel&rest_code=00109&code=00101008108&supplier_code=00100005&order_time=2021-04-13 HTTP/1.1" 200 412
101.85.94.178 - - [13/Apr/2021:09:34:43 +0800] "POST /xingrg/dwr/call/plaincall/AjaxYddbService.getUnitPrice.dwr HTTP/1.1" 200 87
222.70.217.33 - - [13/Apr/2021:09:34:43 +0800] "GET /xingrg/kc/buy/cgsh_order_operate.html?command=get_materiel&rest_code=00155&code=00101008095&supplier_code=00100005&order_time=2021-04-13 HTTP/1.1" 200 412
116.230.114.112 - - [13/Apr/2021:09:34:43 +0800] "GET /xingrg/all/function/internal_message.html?_=1618277689709&CODE_STATE=getMsg HTTP/1.1" 200 27
61.165.42.208 - - [13/Apr/2021:09:34:44 +0800] "GET /xingrg/all/function/internal_message.html?_=1618277687051&CODE_STATE=getMsg HTTP/1.1" 200 27
222.70.217.33 - - [13/Apr/2021:09:34:46 +0800] "POST /xingrg/kc/buy/cgsh_order_operate.html HTTP/1.1" 200 2065
101.85.94.178 - - [13/Apr/2021:09:34:47 +0800] "POST /xingrg/dwr/call/plaincall/AjaxYddbService.saveMaterielItem.dwr HTTP/1.1" 200 79
222.70.217.33 - - [13/Apr/2021:09:34:50 +0800] "GET /xingrg/kc/buy/cgsh_order_operate.html?command=get_materiel&rest_code=00155&code=00101008242&supplier_code=00100005&order_time=2021-04-13 HTTP/1.1" 200 408
114.88.156.246 - - [13/Apr/2021:09:34:51 +0800] "GET /xingrg/all/function/internal_message.html?_=1618277716411&CODE_STATE=getMsg HTTP/1.1" 200 27
101.85.94.178 - - [13/Apr/2021:09:34:52 +0800] "POST /xingrg/dwr/call/plaincall/AjaxComOrderService.getMaterielSearchList.dwr HTTP/1.1" 200 612
116.233.75.14 - - [13/Apr/2021:09:34:52 +0800] "GET /xingrg/kc/buy/cgsh_order_operate.html?command=get_materiel&rest_code=00109&code=00101008296&supplier_code=00100005&order_time=2021-04-13 HTTP/1.1" 200 416
101.85.94.178 - - [13/Apr/2021:09:34:52 +0800] "POST /xingrg/dwr/call/plaincall/AjaxYddbService.getMaterielByMap.dwr HTTP/1.1" 200 1538
116.233.75.14 - - [13/Apr/2021:09:34:56 +0800] "GET /xingrg/all/function/internal_message.html?_=1618277700123&CODE_STATE=getMsg HTTP/1.1" 200 27
116.233.75.14 - - [13/Apr/2021:09:34:56 +0800] "POST /xingrg/kc/buy/cgsh_order_operate.html HTTP/1.1" 200 2065
101.85.94.178 - - [13/Apr/2021:09:34:56 +0800] "POST /xingrg/dwr/call/plaincall/AjaxYddbService.saveMaterielItem.dwr HTTP/1.1" 200 79
222.69.129.181 - - [13/Apr/2021:09:34:58 +0800] "GET /xingrg/all/function/internal_message.html?_=1618277696854&CODE_STATE=getMsg HTTP/1.1" 200 27
222.70.217.33 - - [13/Apr/2021:09:34:58 +0800] "GET /xingrg/kc/buy/cgsh_order_operate.html?command=get_materiel&rest_code=00155&code=00101008331&supplier_code=00100005&order_time=2021-04-13 HTTP/1.1" 200 416
222.70.217.33 - - [13/Apr/2021:09:34:58 +0800] "GET /xingrg/all/function/internal_message.html?_=1618277698921&CODE_STATE=getMsg HTTP/1.1" 200 27
101.85.94.178 - - [13/Apr/2021:09:35:02 +0800] "POST /xingrg/dwr/call/plaincall/AjaxComOrderService.getMaterielSearchList.dwr HTTP/1.1" 200 414185
101.85.94.178 - - [13/Apr/2021:09:35:02 +0800] "POST /xingrg/dwr/call/plaincall/AjaxComOrderService.getMaterielSearchList.dwr HTTP/1.1" 200 27560
180.169.147.146 - - [13/Apr/2021:09:35:03 +0800] "GET /xingrg/all/function/internal_message.html?_=1618277700806&CODE_STATE=getMsg HTTP/1.1" 200 27
101.85.94.178 - - [13/Apr/2021:09:35:03 +0800] "POST /xingrg/dwr/call/plaincall/AjaxComOrderService.getMaterielSearchList.dwr HTTP/1.1" 200 796
116.233.75.14 - - [13/Apr/2021:09:35:03 +0800] "GET /xingrg/kc/buy/cgsh_order_operate.html?command=get_materiel&rest_code=00109&code=00101008353&supplier_code=00100005&order_time=2021-04-13 HTTP/1.1" 200 408
101.85.94.178 - - [13/Apr/2021:09:35:04 +0800] "POST /xingrg/dwr/call/plaincall/AjaxYddbService.getMaterielByMap.dwr HTTP/1.1" 200 1493
116.224.253.72 - - [13/Apr/2021:09:35:08 +0800] "GET /xingrg/all/function/internal_message.html?_=1618277709264&CODE_STATE=getMsg HTTP/1.1" 200 27
101.85.94.178 - - [13/Apr/2021:09:35:11 +0800] "GET /xingrg/all/function/internal_message.html?_=1618277256450&CODE_STATE=getMsg HTTP/1.1" 200 27
116.233.75.14 - - [13/Apr/2021:09:35:12 +0800] "GET /xingrg/kc/buy/cgsh_order_operate.html?command=get_materiel&rest_code=00109&code=00101008213&supplier_code=00100005&order_time=2021-04-13 HTTP/1.1" 200 412
222.70.217.33 - - [13/Apr/2021:09:35:13 +0800] "GET /xingrg/kc/buy/cgsh_order_operate.html?command=get_materiel&rest_code=00155&code=00101008558&supplier_code=00100005&order_time=2021-04-13 HTTP/1.1" 200 395
114.86.187.76 - - [13/Apr/2021:09:35:17 +0800] "GET /xingrg/all/function/internal_message.html?_=1618277718352&CODE_STATE=getMsg HTTP/1.1" 200 27
101.85.94.178 - - [13/Apr/2021:09:35:17 +0800] "POST /xingrg/dwr/call/plaincall/AjaxYddbService.saveMaterielItem.dwr HTTP/1.1" 200 79
101.85.94.178 - - [13/Apr/2021:09:35:17 +0800] "GET /xingrg/images/yd/bt2.gif HTTP/1.1" 404 1042
114.88.167.174 - - [13/Apr/2021:09:35:18 +0800] "GET /xingrg/all/function/internal_message.html?_=1618277688723&CODE_STATE=getMsg HTTP/1.1" 302 -
116.233.75.14 - - [13/Apr/2021:09:35:19 +0800] "GET /xingrg/kc/buy/cgsh_order_operate.html?command=get_materiel&rest_code=00109&code=00101008025&supplier_code=00100005&order_time=2021-04-13 HTTP/1.1" 200 408
222.70.217.33 - - [13/Apr/2021:09:35:21 +0800] "GET /xingrg/kc/buy/cgsh_order_operate.html?command=get_materiel&rest_code=00155&code=00101008223&supplier_code=00100005&order_time=2021-04-13 HTTP/1.1" 200 414
120.253.135.82 - - [13/Apr/2021:09:35:22 +0800] "GET /xingrg/all/function/internal_message.html?_=1618277500385&CODE_STATE=getMsg HTTP/1.1" 200 27
180.169.147.146 - - [13/Apr/2021:09:35:24 +0800] "GET /xingrg/all/function/internal_message.html?_=1618277724490&CODE_STATE=getMsg HTTP/1.1" 200 27
222.70.217.33 - - [13/Apr/2021:09:35:25 +0800] "POST /xingrg/kc/buy/cgsh_order_operate.html HTTP/1.1" 200 2065
222.70.217.33 - - [13/Apr/2021:09:35:29 +0800] "GET /xingrg/kc/buy/cgsh_order_operate.html?command=get_materiel&rest_code=00155&code=00101013165&supplier_code=00100005&order_time=2021-04-13 HTTP/1.1" 200 409
124.77.71.179 - - [13/Apr/2021:09:35:31 +0800] "GET /xingrg/all/function/internal_message.html?_=1618277728265&CODE_STATE=getMsg HTTP/1.1" 200 27
116.233.75.14 - - [13/Apr/2021:09:35:32 +0800] "GET /xingrg/kc/buy/cgsh_order_operate.html?command=get_materiel&rest_code=00109&code=00101008274&supplier_code=00100005&order_time=2021-04-13 HTTP/1.1" 200 412
222.70.217.33 - - [13/Apr/2021:09:35:36 +0800] "GET /xingrg/kc/buy/cgsh_order_operate.html?command=get_materiel&rest_code=00155&code=00101008172&supplier_code=00100005&order_time=2021-04-13 HTTP/1.1" 200 412
114.88.156.246 - - [13/Apr/2021:09:35:37 +0800] "GET /xingrg/all/function/internal_message.html?_=1618277743539&CODE_STATE=getMsg HTTP/1.1" 200 27
116.224.253.72 - - [13/Apr/2021:09:35:37 +0800] "GET /xingrg/check_reg.html?_=1618277730107 HTTP/1.1" 200 22
116.224.253.72 - - [13/Apr/2021:09:35:37 +0800] "GET /xingrg/all/function/internal_message.html?_=1618277730622&CODE_STATE=getMsg HTTP/1.1" 200 27
114.88.167.174 - - [13/Apr/2021:09:35:40 +0800] "GET /xingrg/all/function/internal_message.html?_=1618277736604&CODE_STATE=getMsg HTTP/1.1" 200 27
116.233.75.14 - - [13/Apr/2021:09:35:42 +0800] "GET /xingrg/kc/buy/cgsh_order_operate.html?command=get_materiel&rest_code=00109&code=00101008502&supplier_code=00100005&order_time=2021-04-13 HTTP/1.1" 200 398
116.230.114.112 - - [13/Apr/2021:09:35:42 +0800] "GET /xingrg/check_reg.html?_=1618277748584 HTTP/1.1" 200 22
222.70.217.33 - - [13/Apr/2021:09:35:43 +0800] "GET /xingrg/kc/buy/cgsh_order_operate.html?command=get_materiel&rest_code=00155&code=00101008350&supplier_code=00100005&order_time=2021-04-13 HTTP/1.1" 200 408
116.230.114.112 - - [13/Apr/2021:09:35:44 +0800] "GET /xingrg/all/function/internal_message.html?_=1618277749722&CODE_STATE=getMsg HTTP/1.1" 200 27
61.165.42.208 - - [13/Apr/2021:09:35:44 +0800] "GET /xingrg/all/function/internal_message.html?_=1618277747024&CODE_STATE=getMsg HTTP/1.1" 200 27
114.88.167.174 - - [13/Apr/2021:09:35:46 +0800] "POST /xingrg/kc/buy/cgsh_order_operate.html HTTP/1.1" 200 37
114.88.156.246 - - [13/Apr/2021:09:35:51 +0800] "GET /xingrg/all/function/internal_message.html?_=1618277776385&CODE_STATE=getMsg HTTP/1.1" 200 27
116.233.75.14 - - [13/Apr/2021:09:35:56 +0800] "GET /xingrg/all/function/internal_message.html?_=1618277760123&CODE_STATE=getMsg HTTP/1.1" 200 27
116.233.75.14 - - [13/Apr/2021:09:35:57 +0800] "GET /xingrg/kc/buy/cgsh_order_operate.html?command=get_materiel&rest_code=00109&code=00102014087&supplier_code=00100005&order_time=2021-04-13 HTTP/1.1" 200 403
222.70.217.33 - - [13/Apr/2021:09:35:57 +0800] "GET /xingrg/kc/buy/cgsh_order_operate.html?command=get_materiel&rest_code=00155&code=00101008036&supplier_code=00100005&order_time=2021-04-13 HTTP/1.1" 200 408
222.69.129.181 - - [13/Apr/2021:09:35:58 +0800] "GET /xingrg/all/function/internal_message.html?_=1618277756830&CODE_STATE=getMsg HTTP/1.1" 200 27
222.70.217.33 - - [13/Apr/2021:09:35:58 +0800] "GET /xingrg/all/function/internal_message.html?_=1618277758946&CODE_STATE=getMsg HTTP/1.1" 200 27
114.88.167.174 - - [13/Apr/2021:09:36:01 +0800] "POST /xingrg/kc/buy/cgsh_order_operate.html HTTP/1.1" 200 17452
116.233.75.14 - - [13/Apr/2021:09:36:03 +0800] "GET /xingrg/kc/buy/cgsh_order_operate.html?command=get_materiel&rest_code=00109&code=00101008285&supplier_code=00100005&order_time=2021-04-13 HTTP/1.1" 200 413
180.169.147.146 - - [13/Apr/2021:09:36:03 +0800] "GET /xingrg/all/function/internal_message.html?_=1618277760807&CODE_STATE=getMsg HTTP/1.1" 200 27
116.224.253.72 - - [13/Apr/2021:09:36:08 +0800] "GET /xingrg/all/function/internal_message.html?_=1618277769260&CODE_STATE=getMsg HTTP/1.1" 200 27
101.85.94.178 - - [13/Apr/2021:09:36:11 +0800] "GET /xingrg/check_reg.html?_=1618277316451 HTTP/1.1" 200 22
101.85.94.178 - - [13/Apr/2021:09:36:12 +0800] "GET /xingrg/all/function/internal_message.html?_=1618277316455&CODE_STATE=getMsg HTTP/1.1" 200 27
116.233.75.14 - - [13/Apr/2021:09:36:13 +0800] "GET /xingrg/kc/buy/cgsh_order_operate.html?command=get_materiel&rest_code=00109&code=00101008103&supplier_code=00100005&order_time=2021-04-13 HTTP/1.1" 200 417
114.86.187.76 - - [13/Apr/2021:09:36:17 +0800] "GET /xingrg/all/function/internal_message.html?_=1618277778324&CODE_STATE=getMsg HTTP/1.1" 200 27
114.88.167.174 - - [13/Apr/2021:09:36:18 +0800] "GET /xingrg/all/function/internal_message.html?_=1618277748693&CODE_STATE=getMsg HTTP/1.1" 302 -
116.233.75.14 - - [13/Apr/2021:09:36:18 +0800] "POST /xingrg/kc/buy/cgsh_order_operate.html HTTP/1.1" 200 2065
114.88.167.174 - - [13/Apr/2021:09:36:19 +0800] "GET /xingrg/check_reg.html?_=1618277749724 HTTP/1.1" 302 -
222.70.217.33 - - [13/Apr/2021:09:36:19 +0800] "POST /xingrg/kc/buy/cgsh_order_operate.html HTTP/1.1" 200 37
222.70.217.33 - - [13/Apr/2021:09:36:21 +0800] "POST /xingrg/kc/buy/cgsh_order_operate.html HTTP/1.1" 200 18650
120.253.135.82 - - [13/Apr/2021:09:36:22 +0800] "GET /xingrg/all/function/internal_message.html?_=1618277560398&CODE_STATE=getMsg HTTP/1.1" 200 27
222.70.217.33 - - [13/Apr/2021:09:36:23 +0800] "GET /xingrg/kc/print/load_data.html?order_code=212021041305064&kc_code=cgsh&condition= HTTP/1.1" 200 6783
180.169.147.146 - - [13/Apr/2021:09:36:24 +0800] "GET /xingrg/all/function/internal_message.html?_=1618277784484&CODE_STATE=getMsg HTTP/1.1" 200 27
116.233.75.14 - - [13/Apr/2021:09:36:24 +0800] "GET /xingrg/kc/buy/cgsh_order_operate.html?command=get_materiel&rest_code=00109&code=00101008242&supplier_code=00100005&order_time=2021-04-13 HTTP/1.1" 200 408
180.169.147.146 - - [13/Apr/2021:09:36:27 +0800] "GET /xingrg/check_reg.html?_=1618277784686 HTTP/1.1" 200 22
124.77.71.179 - - [13/Apr/2021:09:36:30 +0800] "GET /xingrg/check_reg.html?_=1618277787533 HTTP/1.1" 200 22
124.77.71.179 - - [13/Apr/2021:09:36:31 +0800] "GET /xingrg/all/function/internal_message.html?_=1618277788237&CODE_STATE=getMsg HTTP/1.1" 200 27
116.233.75.14 - - [13/Apr/2021:09:36:31 +0800] "GET /xingrg/kc/buy/cgsh_order_operate.html?command=get_materiel&rest_code=00109&code=00101008161&supplier_code=00100005&order_time=2021-04-13 HTTP/1.1" 200 409
101.85.94.178 - - [13/Apr/2021:09:36:36 +0800] "GET /xingrg/javascript/jquery_easy_ui/themes/default/images/button_plain_hover.png HTTP/1.1" 200 252
114.88.156.246 - - [13/Apr/2021:09:36:37 +0800] "GET /xingrg/all/function/internal_message.html?_=1618277803572&CODE_STATE=getMsg HTTP/1.1" 200 27
116.224.253.72 - - [13/Apr/2021:09:36:37 +0800] "GET /xingrg/all/function/internal_message.html?_=1618277790667&CODE_STATE=getMsg HTTP/1.1" 200 27
101.85.94.178 - - [13/Apr/2021:09:36:39 +0800] "POST /xingrg/dwr/call/plaincall/AjaxYddbService.checkOrder.dwr HTTP/1.1" 200 79
114.88.167.174 - - [13/Apr/2021:09:36:40 +0800] "GET /xingrg/all/function/internal_message.html?_=1618277796616&CODE_STATE=getMsg HTTP/1.1" 200 27
101.85.94.178 - - [13/Apr/2021:09:36:40 +0800] "GET /xingrg/kc/base/yddb_order_info.html?code=482021041300082 HTTP/1.1" 200 28585
101.85.94.178 - - [13/Apr/2021:09:36:40 +0800] "GET /xingrg/dwr/interface/AjaxYddbService.js HTTP/1.1" 200 13201
101.85.94.178 - - [13/Apr/2021:09:36:40 +0800] "GET /xingrg/dwr/interface/AjaxComOrderService.js HTTP/1.1" 200 18264
101.85.94.178 - - [13/Apr/2021:09:36:40 +0800] "GET /xingrg/dwr/engine.js HTTP/1.1" 200 43631
101.85.94.178 - - [13/Apr/2021:09:36:40 +0800] "POST /xingrg/dwr/call/plaincall/AjaxYddbService.loadMaterielItems.dwr HTTP/1.1" 200 5009
116.233.75.14 - - [13/Apr/2021:09:36:43 +0800] "GET /xingrg/kc/buy/cgsh_order_operate.html?command=get_materiel&rest_code=00109&code=00101008225&supplier_code=00100005&order_time=2021-04-13 HTTP/1.1" 200 416
116.230.114.112 - - [13/Apr/2021:09:36:44 +0800] "GET /xingrg/all/function/internal_message.html?_=1618277810017&CODE_STATE=getMsg HTTP/1.1" 200 27
61.165.42.208 - - [13/Apr/2021:09:36:44 +0800] "GET /xingrg/all/function/internal_message.html?_=1618277807001&CODE_STATE=getMsg HTTP/1.1" 200 27
61.165.42.208 - - [13/Apr/2021:09:36:44 +0800] "GET /xingrg/check_reg.html?_=1618277807105 HTTP/1.1" 200 22
222.70.217.33 - - [13/Apr/2021:09:36:50 +0800] "GET /xingrg/kc/print/load_data.html?order_code=212021041305064&kc_code=cgsh HTTP/1.1" 200 6783
114.88.156.246 - - [13/Apr/2021:09:36:51 +0800] "GET /xingrg/all/function/internal_message.html?_=1618277836359&CODE_STATE=getMsg HTTP/1.1" 200 27
116.233.75.14 - - [13/Apr/2021:09:36:51 +0800] "GET /xingrg/kc/buy/cgsh_order_operate.html?command=get_materiel&rest_code=00109&code=00101008283&supplier_code=00100005&order_time=2021-04-13 HTTP/1.1" 200 408
61.129.6.151 - - [13/Apr/2021:09:36:53 +0800] "GET /xingrg/all/function/internal_message.html?_=1618277776385&CODE_STATE=getMsg HTTP/1.1" 302 -
61.129.6.151 - - [13/Apr/2021:09:36:54 +0800] "GET /xingrg/login.html HTTP/1.1" 200 7641
222.69.129.181 - - [13/Apr/2021:09:36:54 +0800] "GET /xingrg/check_reg.html?_=1618277813231 HTTP/1.1" 200 22
116.233.75.14 - - [13/Apr/2021:09:36:56 +0800] "GET /xingrg/all/function/internal_message.html?_=1618277820125&CODE_STATE=getMsg HTTP/1.1" 200 27
222.69.129.181 - - [13/Apr/2021:09:36:58 +0800] "GET /xingrg/all/function/internal_message.html?_=1618277816806&CODE_STATE=getMsg HTTP/1.1" 200 27
58.221.95.50 - - [13/Apr/2021:09:37:02 +0800] "GET /xingrg/check_reg.html?_=1618277823263 HTTP/1.1" 302 -
180.169.147.146 - - [13/Apr/2021:09:37:03 +0800] "GET /xingrg/all/function/internal_message.html?_=1618277820776&CODE_STATE=getMsg HTTP/1.1" 200 27
222.70.217.33 - - [13/Apr/2021:09:37:04 +0800] "GET /xingrg/all/function/internal_message.html?_=1618277824684&CODE_STATE=getMsg HTTP/1.1" 200 27
116.233.75.14 - - [13/Apr/2021:09:37:04 +0800] "GET /xingrg/kc/buy/cgsh_order_operate.html?command=get_materiel&rest_code=00109&code=00101008350&supplier_code=00100005&order_time=2021-04-13 HTTP/1.1" 200 408
116.224.253.72 - - [13/Apr/2021:09:37:08 +0800] "GET /xingrg/check_reg.html?_=1618277829276 HTTP/1.1" 200 22
116.224.253.72 - - [13/Apr/2021:09:37:08 +0800] "GET /xingrg/all/function/internal_message.html?_=1618277829285&CODE_STATE=getMsg HTTP/1.1" 200 27
116.233.75.14 - - [13/Apr/2021:09:37:10 +0800] "POST /xingrg/kc/buy/cgsh_order_operate.html HTTP/1.1" 200 2065
101.85.94.178 - - [13/Apr/2021:09:37:11 +0800] "GET /xingrg/all/function/internal_message.html?_=1618277376450&CODE_STATE=getMsg HTTP/1.1" 200 27
116.233.75.14 - - [13/Apr/2021:09:37:15 +0800] "GET /xingrg/kc/buy/cgsh_order_operate.html?command=get_materiel&rest_code=00109&code=00101008446&supplier_code=00100005&order_time=2021-04-13 HTTP/1.1" 200 395
114.86.187.76 - - [13/Apr/2021:09:37:17 +0800] "GET /xingrg/all/function/internal_message.html?_=1618277838296&CODE_STATE=getMsg HTTP/1.1" 200 27
114.86.187.76 - - [13/Apr/2021:09:37:17 +0800] "GET /xingrg/check_reg.html?_=1618277838737 HTTP/1.1" 200 22
114.88.167.174 - - [13/Apr/2021:09:37:18 +0800] "GET /xingrg/all/function/internal_message.html?_=1618277808663&CODE_STATE=getMsg HTTP/1.1" 302 -
222.70.217.33 - - [13/Apr/2021:09:37:21 +0800] "GET /xingrg/check_reg.html?_=1618277841454 HTTP/1.1" 200 22
116.233.75.14 - - [13/Apr/2021:09:37:22 +0800] "GET /xingrg/kc/buy/cgsh_order_operate.html?command=get_materiel&rest_code=00109&code=00101008357&supplier_code=00100005&order_time=2021-04-13 HTTP/1.1" 200 408
120.253.135.82 - - [13/Apr/2021:09:37:22 +0800] "GET /xingrg/check_reg.html?_=1618277620366 HTTP/1.1" 200 22
120.253.135.82 - - [13/Apr/2021:09:37:22 +0800] "GET /xingrg/all/function/internal_message.html?_=1618277620411&CODE_STATE=getMsg HTTP/1.1" 200 27
180.169.147.146 - - [13/Apr/2021:09:37:24 +0800] "GET /xingrg/check_reg.html?_=1618277844491 HTTP/1.1" 200 22
180.169.147.146 - - [13/Apr/2021:09:37:24 +0800] "GET /xingrg/all/function/internal_message.html?_=1618277844493&CODE_STATE=getMsg HTTP/1.1" 200 27
116.233.75.14 - - [13/Apr/2021:09:37:30 +0800] "GET /xingrg/kc/buy/cgsh_order_operate.html?command=get_materiel&rest_code=00109&code=00101008041&supplier_code=00100005&order_time=2021-04-13 HTTP/1.1" 200 408
124.77.71.179 - - [13/Apr/2021:09:37:31 +0800] "GET /xingrg/all/function/internal_message.html?_=1618277848220&CODE_STATE=getMsg HTTP/1.1" 200 27
114.88.156.246 - - [13/Apr/2021:09:37:37 +0800] "GET /xingrg/all/function/internal_message.html?_=1618277863576&CODE_STATE=getMsg HTTP/1.1" 200 27
114.88.156.246 - - [13/Apr/2021:09:37:37 +0800] "GET /xingrg/check_reg.html?_=1618277863574 HTTP/1.1" 200 22
101.91.62.65 - - [13/Apr/2021:09:37:37 +0800] "GET /xingrg/all/function/internal_message.html?_=1618277803572&CODE_STATE=getMsg HTTP/1.1" 302 -
116.224.253.72 - - [13/Apr/2021:09:37:37 +0800] "GET /xingrg/all/function/internal_message.html?_=1618277850680&CODE_STATE=getMsg HTTP/1.1" 200 27
101.91.62.65 - - [13/Apr/2021:09:37:39 +0800] "GET /xingrg/login.html HTTP/1.1" 200 7641
114.88.167.174 - - [13/Apr/2021:09:37:40 +0800] "GET /xingrg/all/function/internal_message.html?_=1618277856630&CODE_STATE=getMsg HTTP/1.1" 200 27
116.230.114.112 - - [13/Apr/2021:09:37:44 +0800] "GET /xingrg/all/function/internal_message.html?_=1618277870030&CODE_STATE=getMsg HTTP/1.1" 200 27
61.165.42.208 - - [13/Apr/2021:09:37:44 +0800] "GET /xingrg/all/function/internal_message.html?_=1618277866972&CODE_STATE=getMsg HTTP/1.1" 200 27
114.88.156.246 - - [13/Apr/2021:09:37:51 +0800] "GET /xingrg/all/function/internal_message.html?_=1618277896331&CODE_STATE=getMsg HTTP/1.1" 200 27
116.233.75.14 - - [13/Apr/2021:09:37:56 +0800] "GET /xingrg/all/function/internal_message.html?_=1618277880139&CODE_STATE=getMsg HTTP/1.1" 200 27
116.233.75.14 - - [13/Apr/2021:09:37:56 +0800] "GET /xingrg/system/info/materiel_import.html?isSelect=1&singleSelect=false HTTP/1.1" 200 5600
116.233.75.14 - - [13/Apr/2021:09:37:56 +0800] "POST /xingrg/all/common/load_tree.html?tree=materiel_sort_tree_json HTTP/1.1" 200 8666
222.69.129.181 - - [13/Apr/2021:09:37:58 +0800] "GET /xingrg/all/function/internal_message.html?_=1618277876778&CODE_STATE=getMsg HTTP/1.1" 200 27
180.169.147.146 - - [13/Apr/2021:09:38:03 +0800] "GET /xingrg/all/function/internal_message.html?_=1618277880752&CODE_STATE=getMsg HTTP/1.1" 200 27
222.70.217.33 - - [13/Apr/2021:09:38:04 +0800] "GET /xingrg/all/function/internal_message.html?_=1618277884657&CODE_STATE=getMsg HTTP/1.1" 200 27
116.224.253.72 - - [13/Apr/2021:09:38:08 +0800] "GET /xingrg/all/function/internal_message.html?_=1618277889272&CODE_STATE=getMsg HTTP/1.1" 200 27
116.233.75.14 - - [13/Apr/2021:09:38:09 +0800] "GET /xingrg/kc/buy/cgsh_order_operate.html?command=get_materiel&rest_code=00109&code=00101015040&supplier_code=00100005&order_time=2021-04-13 HTTP/1.1" 200 408
101.85.94.178 - - [13/Apr/2021:09:38:11 +0800] "GET /xingrg/all/function/internal_message.html?_=1618277436450&CODE_STATE=getMsg HTTP/1.1" 200 27
114.86.187.76 - - [13/Apr/2021:09:38:17 +0800] "GET /xingrg/all/function/internal_message.html?_=1618277898287&CODE_STATE=getMsg HTTP/1.1" 200 27
114.88.167.174 - - [13/Apr/2021:09:38:18 +0800] "GET /xingrg/all/function/internal_message.html?_=1618277868638&CODE_STATE=getMsg HTTP/1.1" 302 -
120.253.135.82 - - [13/Apr/2021:09:38:22 +0800] "GET /xingrg/all/function/internal_message.html?_=1618277680424&CODE_STATE=getMsg HTTP/1.1" 200 27
116.233.75.14 - - [13/Apr/2021:09:38:23 +0800] "GET /xingrg/kc/buy/cgsh_order_operate.html?command=get_materiel&rest_code=00109&code=00101015062&supplier_code=00100005&order_time=2021-04-13 HTTP/1.1" 200 412
180.169.147.146 - - [13/Apr/2021:09:38:24 +0800] "GET /xingrg/all/function/internal_message.html?_=1618277904484&CODE_STATE=getMsg HTTP/1.1" 200 27
124.77.71.179 - - [13/Apr/2021:09:38:31 +0800] "GET /xingrg/all/function/internal_message.html?_=1618277908205&CODE_STATE=getMsg HTTP/1.1" 200 27
116.233.75.14 - - [13/Apr/2021:09:38:31 +0800] "GET /xingrg/kc/buy/cgsh_order_operate.html?command=get_materiel&rest_code=00109&code=00101008137&supplier_code=00100005&order_time=2021-04-13 HTTP/1.1" 200 408
116.233.75.14 - - [13/Apr/2021:09:38:35 +0800] "POST /xingrg/kc/buy/cgsh_order_operate.html HTTP/1.1" 200 2065
114.88.156.246 - - [13/Apr/2021:09:38:37 +0800] "GET /xingrg/all/function/internal_message.html?_=1618277923567&CODE_STATE=getMsg HTTP/1.1" 200 27
116.224.253.72 - - [13/Apr/2021:09:38:37 +0800] "GET /xingrg/all/function/internal_message.html?_=1618277910730&CODE_STATE=getMsg HTTP/1.1" 200 27
101.89.239.232 - - [13/Apr/2021:09:38:38 +0800] "GET /xingrg/check_reg.html?_=1618277863574 HTTP/1.1" 302 -
114.88.167.174 - - [13/Apr/2021:09:38:40 +0800] "GET /xingrg/all/function/internal_message.html?_=1618277917009&CODE_STATE=getMsg HTTP/1.1" 200 27
101.89.239.232 - - [13/Apr/2021:09:38:41 +0800] "GET /xingrg/login.html HTTP/1.1" 200 7641
116.230.114.112 - - [13/Apr/2021:09:38:44 +0800] "GET /xingrg/all/function/internal_message.html?_=1618277930344&CODE_STATE=getMsg HTTP/1.1" 200 27
61.165.42.208 - - [13/Apr/2021:09:38:44 +0800] "GET /xingrg/all/function/internal_message.html?_=1618277926945&CODE_STATE=getMsg HTTP/1.1" 200 27
114.88.167.174 - - [13/Apr/2021:09:38:48 +0800] "POST /xingrg/kc/buy/cgsh_order_operate.html HTTP/1.1" 200 37
114.88.167.174 - - [13/Apr/2021:09:38:50 +0800] "POST /xingrg/kc/buy/cgsh_order_operate.html HTTP/1.1" 200 17452
114.88.156.246 - - [13/Apr/2021:09:38:51 +0800] "GET /xingrg/all/function/internal_message.html?_=1618277956304&CODE_STATE=getMsg HTTP/1.1" 200 27
114.88.167.174 - - [13/Apr/2021:09:38:52 +0800] "GET /xingrg/kc/print/load_data.html?order_code=212021041305063&kc_code=cgsh&condition= HTTP/1.1" 200 6292
116.233.75.14 - - [13/Apr/2021:09:38:56 +0800] "GET /xingrg/all/function/internal_message.html?_=1618277940133&CODE_STATE=getMsg HTTP/1.1" 200 27
116.233.75.14 - - [13/Apr/2021:09:38:56 +0800] "GET /xingrg/check_reg.html?_=1618277940136 HTTP/1.1" 200 22
222.69.129.181 - - [13/Apr/2021:09:38:58 +0800] "GET /xingrg/all/function/internal_message.html?_=1618277936783&CODE_STATE=getMsg HTTP/1.1" 200 27
180.169.147.146 - - [13/Apr/2021:09:39:03 +0800] "GET /xingrg/all/function/internal_message.html?_=1618277940722&CODE_STATE=getMsg HTTP/1.1" 200 27
114.88.167.174 - - [13/Apr/2021:09:39:04 +0800] "GET /xingrg/kc/buy/cgsh_order_add.html HTTP/1.1" 200 62148
222.70.217.33 - - [13/Apr/2021:09:39:04 +0800] "GET /xingrg/all/function/internal_message.html?_=1618277944642&CODE_STATE=getMsg HTTP/1.1" 200 27
114.88.167.174 - - [13/Apr/2021:09:39:05 +0800] "POST /xingrg/kc/buy/cgsh_order_operate.html HTTP/1.1" 200 8245
