120.253.135.82 - - [13/Apr/2021:10:17:45 +0800] "POST /xingrg/kc/pszx/mdps_order_operate.html HTTP/1.1" 200 2272
117.185.32.26 - - [13/Apr/2021:10:17:45 +0800] "POST /xingrg/kc/buy/cgsh_list_operate.html HTTP/1.1" 200 876
116.230.114.112 - - [13/Apr/2021:10:17:46 +0800] "GET /xingrg/all/function/internal_message.html?_=1618280272898&CODE_STATE=getMsg HTTP/1.1" 200 27
120.253.135.82 - - [13/Apr/2021:10:17:47 +0800] "POST /xingrg/kc/pszx/mdps_list_operate.html HTTP/1.1" 200 1683
117.185.32.26 - - [13/Apr/2021:10:17:47 +0800] "GET /xingrg/kc/buy/cgsh_order_add.html HTTP/1.1" 200 62154
117.185.32.26 - - [13/Apr/2021:10:17:47 +0800] "GET /xingrg/words/20210413090037_words.js HTTP/1.1" 200 804896
117.185.32.26 - - [13/Apr/2021:10:17:47 +0800] "POST /xingrg/kc/buy/cgsh_order_operate.html HTTP/1.1" 200 8245
117.185.32.26 - - [13/Apr/2021:10:17:47 +0800] "GET /xingrg/all/common/auto_word.html?type=employee&rest_code=00106 HTTP/1.1" 200 205
117.185.32.26 - - [13/Apr/2021:10:17:47 +0800] "GET /xingrg/all/common/auto_word.html?type=employee&rest_code=00106 HTTP/1.1" 200 205
117.185.32.26 - - [13/Apr/2021:10:17:47 +0800] "GET /xingrg/javascript/easyui/themes/default/validatebox.css HTTP/1.1" 404 1104
120.253.135.82 - - [13/Apr/2021:10:17:48 +0800] "GET /xingrg/kc/pszx/mdps_order_add.html HTTP/1.1" 200 29219
117.185.32.26 - - [13/Apr/2021:10:17:48 +0800] "GET /xingrg/javascript/easyui/themes/default/tree.css HTTP/1.1" 404 1090
117.185.32.26 - - [13/Apr/2021:10:17:48 +0800] "POST /xingrg/all/common/load_tree.html?tree=supplier_tree_json&isDelete=1 HTTP/1.1" 200 54827
101.85.52.2 - - [13/Apr/2021:10:17:48 +0800] "GET /xingrg/check_reg.html?_=1618280267048 HTTP/1.1" 200 22
101.85.52.2 - - [13/Apr/2021:10:17:48 +0800] "GET /xingrg/all/function/internal_message.html?_=1618280267050&CODE_STATE=getMsg HTTP/1.1" 200 27
120.253.135.82 - - [13/Apr/2021:10:17:49 +0800] "GET /xingrg/javascript/easyui/themes/default/validatebox.css HTTP/1.1" 404 1104
120.253.135.82 - - [13/Apr/2021:10:17:49 +0800] "POST /xingrg/kc/pszx/mdps_order_operate.html HTTP/1.1" 200 7126
114.88.156.246 - - [13/Apr/2021:10:17:50 +0800] "GET /xingrg/all/function/internal_message.html?_=1618280295418&CODE_STATE=getMsg HTTP/1.1" 200 27
117.185.32.26 - - [13/Apr/2021:10:17:54 +0800] "GET /xingrg/javascript/auto/indicator.gif HTTP/1.1" 404 1066
116.233.75.14 - - [13/Apr/2021:10:17:56 +0800] "GET /xingrg/all/function/internal_message.html?_=1618280280212&CODE_STATE=getMsg HTTP/1.1" 200 27
117.185.32.26 - - [13/Apr/2021:10:17:57 +0800] "GET /xingrg/kc/buy/cgsh_order_operate.html?command=get_materiel&rest_code=00106&code=00101008146&supplier_code=00100009&order_time=2021-04-13 HTTP/1.1" 200 416
222.69.129.181 - - [13/Apr/2021:10:17:57 +0800] "GET /xingrg/all/function/internal_message.html?_=1618280276138&CODE_STATE=getMsg HTTP/1.1" 200 27
120.253.135.82 - - [13/Apr/2021:10:17:59 +0800] "POST /xingrg/all/common/load_combo.html?type=base HTTP/1.1" 200 1075
180.169.147.146 - - [13/Apr/2021:10:18:02 +0800] "GET /xingrg/all/function/internal_message.html?_=1618280279973&CODE_STATE=getMsg HTTP/1.1" 200 27
222.70.217.33 - - [13/Apr/2021:10:18:03 +0800] "GET /xingrg/all/function/internal_message.html?_=1618280283712&CODE_STATE=getMsg HTTP/1.1" 200 27
117.185.32.26 - - [13/Apr/2021:10:18:03 +0800] "GET /xingrg/kc/buy/cgsh_order_operate.html?command=get_materiel&rest_code=00106&code=00101008147&supplier_code=00100009&order_time=2021-04-13 HTTP/1.1" 200 416
222.69.129.181 - - [13/Apr/2021:10:18:05 +0800] "GET /xingrg/kc/buy/cgsh_order_operate.html?command=get_materiel&rest_code=00149&code=00101006130&supplier_code=00100012&order_time=2021-04-13 HTTP/1.1" 200 427
101.91.62.65 - - [13/Apr/2021:10:18:07 +0800] "GET /xingrg/all/function/internal_message.html?_=1618280143659&CODE_STATE=getMsg HTTP/1.1" 302 -
101.85.94.178 - - [13/Apr/2021:10:18:12 +0800] "GET /xingrg/all/function/internal_message.html?_=1618279836512&CODE_STATE=getMsg HTTP/1.1" 200 27
101.91.62.65 - - [13/Apr/2021:10:18:15 +0800] "GET /xingrg/login.html HTTP/1.1" 200 7641
117.185.32.26 - - [13/Apr/2021:10:18:15 +0800] "POST /xingrg/kc/buy/cgsh_order_operate.html HTTP/1.1" 200 37
120.253.135.82 - - [13/Apr/2021:10:18:15 +0800] "GET /xingrg/kc/pszx/mdps_order_operate.html?command=get_materiel&pszx_code=00101&rest_code=00111&base_code=0010250&code=00102002954 HTTP/1.1" 200 408
114.86.187.76 - - [13/Apr/2021:10:18:16 +0800] "GET /xingrg/all/function/internal_message.html?_=1618280297353&CODE_STATE=getMsg HTTP/1.1" 200 27
116.224.253.72 - - [13/Apr/2021:10:18:17 +0800] "GET /xingrg/all/function/internal_message.html?_=1618280297688&CODE_STATE=getMsg HTTP/1.1" 200 27
222.69.129.181 - - [13/Apr/2021:10:18:19 +0800] "GET /xingrg/kc/buy/cgsh_order_operate.html?command=get_materiel&rest_code=00149&code=00101006056&supplier_code=00100012&order_time=2021-04-13 HTTP/1.1" 200 413
117.185.32.26 - - [13/Apr/2021:10:18:22 +0800] "POST /xingrg/kc/buy/cgsh_order_operate.html HTTP/1.1" 200 12
120.253.135.82 - - [13/Apr/2021:10:18:23 +0800] "GET /xingrg/all/function/internal_message.html?_=1618280081234&CODE_STATE=getMsg HTTP/1.1" 200 27
117.185.32.26 - - [13/Apr/2021:10:18:23 +0800] "GET /xingrg/kc/buy/cgsh_order_info.html?code=212021041305076 HTTP/1.1" 200 57062
117.185.32.26 - - [13/Apr/2021:10:18:23 +0800] "GET /xingrg/javascript/easyui/themes/default/validatebox.css HTTP/1.1" 404 1104
180.169.147.146 - - [13/Apr/2021:10:18:24 +0800] "GET /xingrg/all/function/internal_message.html?_=1618280304490&CODE_STATE=getMsg HTTP/1.1" 200 27
117.185.32.26 - - [13/Apr/2021:10:18:24 +0800] "POST /xingrg/kc/buy/cgsh_order_operate.html HTTP/1.1" 200 1208
117.185.32.26 - - [13/Apr/2021:10:18:26 +0800] "GET /xingrg/kc/print/load_config.html?kc_code=cgsh HTTP/1.1" 200 1845
117.185.32.26 - - [13/Apr/2021:10:18:26 +0800] "GET /xingrg/kc/print/load_data.html?order_code=212021041305076&kc_code=cgsh&condition= HTTP/1.1" 200 1011
120.253.135.82 - - [13/Apr/2021:10:18:28 +0800] "GET /xingrg/kc/pszx/mdps_order_operate.html?command=get_materiel&pszx_code=00101&rest_code=00111&base_code=0010250&code=00102002953 HTTP/1.1" 200 424
124.77.71.179 - - [13/Apr/2021:10:18:30 +0800] "GET /xingrg/all/function/internal_message.html?_=1618280307596&CODE_STATE=getMsg HTTP/1.1" 200 27
117.185.32.26 - - [13/Apr/2021:10:18:33 +0800] "GET /xingrg/kc/print/load_data.html?order_code=212021041305076&kc_code=cgsh HTTP/1.1" 200 1011
114.88.156.246 - - [13/Apr/2021:10:18:37 +0800] "GET /xingrg/all/function/internal_message.html?_=1618280323664&CODE_STATE=getMsg HTTP/1.1" 200 27
117.185.32.26 - - [13/Apr/2021:10:18:37 +0800] "GET /xingrg/all/function/internal_message.html?_=1618280316944&CODE_STATE=getMsg HTTP/1.1" 200 27
116.224.253.72 - - [13/Apr/2021:10:18:38 +0800] "GET /xingrg/all/function/internal_message.html?_=1618280311581&CODE_STATE=getMsg HTTP/1.1" 200 27
61.129.6.174 - - [13/Apr/2021:10:18:39 +0800] "GET /xingrg/check_reg.html?_=1618280263673 HTTP/1.1" 302 -
222.69.129.181 - - [13/Apr/2021:10:18:39 +0800] "GET /xingrg/kc/buy/cgsh_order_operate.html?command=get_materiel&rest_code=00149&code=00101006143&supplier_code=00100012&order_time=2021-04-13 HTTP/1.1" 200 408
61.129.6.174 - - [13/Apr/2021:10:18:43 +0800] "GET /xingrg/login.html HTTP/1.1" 200 7641
61.165.42.208 - - [13/Apr/2021:10:18:43 +0800] "GET /xingrg/all/function/internal_message.html?_=1618280326035&CODE_STATE=getMsg HTTP/1.1" 200 27
114.88.167.174 - - [13/Apr/2021:10:18:44 +0800] "GET /xingrg/all/function/internal_message.html?_=1618280320666&CODE_STATE=getMsg HTTP/1.1" 200 27
61.129.6.203 - - [13/Apr/2021:10:18:44 +0800] "GET /xingrg/all/function/internal_message.html?_=1618280083671&CODE_STATE=getMsg HTTP/1.1" 302 -
120.253.135.82 - - [13/Apr/2021:10:18:47 +0800] "GET /xingrg/kc/pszx/mdps_order_operate.html?command=get_materiel&pszx_code=00101&rest_code=00111&base_code=0010250&code=00102002955 HTTP/1.1" 200 424
116.230.114.112 - - [13/Apr/2021:10:18:47 +0800] "GET /xingrg/all/function/internal_message.html?_=1618280333259&CODE_STATE=getMsg HTTP/1.1" 200 27
101.85.52.2 - - [13/Apr/2021:10:18:48 +0800] "GET /xingrg/all/function/internal_message.html?_=1618280327051&CODE_STATE=getMsg HTTP/1.1" 200 27
114.88.156.246 - - [13/Apr/2021:10:18:50 +0800] "GET /xingrg/all/function/internal_message.html?_=1618280355391&CODE_STATE=getMsg HTTP/1.1" 200 27
61.129.6.203 - - [13/Apr/2021:10:18:51 +0800] "GET /xingrg/login.html HTTP/1.1" 200 7641
222.69.129.181 - - [13/Apr/2021:10:18:54 +0800] "GET /xingrg/kc/buy/cgsh_order_operate.html?command=get_materiel&rest_code=00149&code=00101006109&supplier_code=00100012&order_time=2021-04-13 HTTP/1.1" 200 409
116.233.75.14 - - [13/Apr/2021:10:18:56 +0800] "GET /xingrg/all/function/internal_message.html?_=1618280340214&CODE_STATE=getMsg HTTP/1.1" 200 27
116.233.75.14 - - [13/Apr/2021:10:18:56 +0800] "GET /xingrg/check_reg.html?_=1618280340214 HTTP/1.1" 200 22
222.69.129.181 - - [13/Apr/2021:10:18:57 +0800] "GET /xingrg/all/function/internal_message.html?_=1618280336115&CODE_STATE=getMsg HTTP/1.1" 200 27
180.169.147.146 - - [13/Apr/2021:10:19:02 +0800] "GET /xingrg/all/function/internal_message.html?_=1618280339949&CODE_STATE=getMsg HTTP/1.1" 200 27
222.70.217.33 - - [13/Apr/2021:10:19:03 +0800] "GET /xingrg/all/function/internal_message.html?_=1618280343690&CODE_STATE=getMsg HTTP/1.1" 200 27
114.88.156.246 - - [13/Apr/2021:10:19:10 +0800] "GET /xingrg/check_reg.html?_=1618280375763 HTTP/1.1" 200 22
101.85.94.178 - - [13/Apr/2021:10:19:12 +0800] "GET /xingrg/all/function/internal_message.html?_=1618279896512&CODE_STATE=getMsg HTTP/1.1" 200 27
117.185.32.26 - - [13/Apr/2021:10:19:16 +0800] "GET /xingrg/kc/buy/cgsh_order_add.html HTTP/1.1" 200 62154
114.86.187.76 - - [13/Apr/2021:10:19:16 +0800] "GET /xingrg/all/function/internal_message.html?_=1618280357325&CODE_STATE=getMsg HTTP/1.1" 200 27
117.185.32.26 - - [13/Apr/2021:10:19:16 +0800] "GET /xingrg/javascript/easyui/themes/default/validatebox.css HTTP/1.1" 404 1104
117.185.32.26 - - [13/Apr/2021:10:19:16 +0800] "POST /xingrg/kc/buy/cgsh_order_operate.html HTTP/1.1" 200 8245
116.224.253.72 - - [13/Apr/2021:10:19:17 +0800] "GET /xingrg/all/function/internal_message.html?_=1618280357699&CODE_STATE=getMsg HTTP/1.1" 200 27
116.224.253.72 - - [13/Apr/2021:10:19:17 +0800] "GET /xingrg/check_reg.html?_=1618280357700 HTTP/1.1" 200 22
222.69.129.181 - - [13/Apr/2021:10:19:17 +0800] "GET /xingrg/kc/buy/cgsh_order_operate.html?command=get_materiel&rest_code=00149&code=00101006025&supplier_code=00100012&order_time=2021-04-13 HTTP/1.1" 200 417
117.185.32.26 - - [13/Apr/2021:10:19:18 +0800] "GET /xingrg/javascript/easyui/themes/default/tree.css HTTP/1.1" 404 1090
117.185.32.26 - - [13/Apr/2021:10:19:18 +0800] "POST /xingrg/all/common/load_tree.html?tree=supplier_tree_json&isDelete=1 HTTP/1.1" 200 54827
120.253.135.82 - - [13/Apr/2021:10:19:23 +0800] "GET /xingrg/all/function/internal_message.html?_=1618280141378&CODE_STATE=getMsg HTTP/1.1" 200 27
180.169.147.146 - - [13/Apr/2021:10:19:24 +0800] "GET /xingrg/all/function/internal_message.html?_=1618280364480&CODE_STATE=getMsg HTTP/1.1" 200 27
222.69.129.181 - - [13/Apr/2021:10:19:27 +0800] "GET /xingrg/kc/buy/cgsh_order_operate.html?command=get_materiel&rest_code=00149&code=00101006113&supplier_code=00100012&order_time=2021-04-13 HTTP/1.1" 200 413
124.77.71.179 - - [13/Apr/2021:10:19:30 +0800] "GET /xingrg/all/function/internal_message.html?_=1618280367587&CODE_STATE=getMsg HTTP/1.1" 200 27
117.185.32.26 - - [13/Apr/2021:10:19:32 +0800] "GET /xingrg/kc/buy/cgsh_order_operate.html?command=get_materiel&rest_code=00106&code=00101006006&supplier_code=00100015&order_time=2021-04-13 HTTP/1.1" 200 411
114.88.156.246 - - [13/Apr/2021:10:19:37 +0800] "GET /xingrg/all/function/internal_message.html?_=1618280383659&CODE_STATE=getMsg HTTP/1.1" 200 27
117.185.32.26 - - [13/Apr/2021:10:19:37 +0800] "GET /xingrg/all/function/internal_message.html?_=1618280376925&CODE_STATE=getMsg HTTP/1.1" 200 27
222.69.129.181 - - [13/Apr/2021:10:19:38 +0800] "GET /xingrg/kc/buy/cgsh_order_operate.html?command=get_materiel&rest_code=00149&code=00101006057&supplier_code=00100012&order_time=2021-04-13 HTTP/1.1" 200 413
116.224.253.72 - - [13/Apr/2021:10:19:38 +0800] "GET /xingrg/all/function/internal_message.html?_=1618280371626&CODE_STATE=getMsg HTTP/1.1" 200 27
114.88.167.174 - - [13/Apr/2021:10:19:42 +0800] "GET /xingrg/check_reg.html?_=1618280379237 HTTP/1.1" 200 22
61.165.42.208 - - [13/Apr/2021:10:19:43 +0800] "GET /xingrg/all/function/internal_message.html?_=1618280386036&CODE_STATE=getMsg HTTP/1.1" 200 27
114.88.167.174 - - [13/Apr/2021:10:19:44 +0800] "GET /xingrg/all/function/internal_message.html?_=1618280380679&CODE_STATE=getMsg HTTP/1.1" 200 27
116.230.114.112 - - [13/Apr/2021:10:19:47 +0800] "GET /xingrg/all/function/internal_message.html?_=1618280393269&CODE_STATE=getMsg HTTP/1.1" 200 27
101.85.52.2 - - [13/Apr/2021:10:19:48 +0800] "GET /xingrg/all/function/internal_message.html?_=1618280387055&CODE_STATE=getMsg HTTP/1.1" 200 27
114.88.156.246 - - [13/Apr/2021:10:19:50 +0800] "GET /xingrg/all/function/internal_message.html?_=1618280415365&CODE_STATE=getMsg HTTP/1.1" 200 27
116.233.75.14 - - [13/Apr/2021:10:19:56 +0800] "GET /xingrg/all/function/internal_message.html?_=1618280400214&CODE_STATE=getMsg HTTP/1.1" 200 27
117.185.32.26 - - [13/Apr/2021:10:19:56 +0800] "GET /xingrg/kc/buy/cgsh_order_operate.html?command=get_materiel&rest_code=00106&code=00101006109&supplier_code=00100015&order_time=2021-04-13 HTTP/1.1" 200 409
222.69.129.181 - - [13/Apr/2021:10:19:57 +0800] "GET /xingrg/all/function/internal_message.html?_=1618280396097&CODE_STATE=getMsg HTTP/1.1" 200 27
180.169.147.146 - - [13/Apr/2021:10:20:02 +0800] "GET /xingrg/all/function/internal_message.html?_=1618280399922&CODE_STATE=getMsg HTTP/1.1" 200 27
222.70.217.33 - - [13/Apr/2021:10:20:03 +0800] "GET /xingrg/all/function/internal_message.html?_=1618280403660&CODE_STATE=getMsg HTTP/1.1" 200 27
101.85.94.178 - - [13/Apr/2021:10:20:12 +0800] "GET /xingrg/all/function/internal_message.html?_=1618279956511&CODE_STATE=getMsg HTTP/1.1" 200 27
117.185.32.26 - - [13/Apr/2021:10:20:14 +0800] "GET /xingrg/kc/buy/cgsh_order_operate.html?command=get_materiel&rest_code=00106&code=00101006111&supplier_code=00100015&order_time=2021-04-13 HTTP/1.1" 200 409
120.253.135.82 - - [13/Apr/2021:10:20:16 +0800] "POST /xingrg/kc/pszx/mdps_order_operate.html HTTP/1.1" 200 37
114.86.187.76 - - [13/Apr/2021:10:20:16 +0800] "GET /xingrg/all/function/internal_message.html?_=1618280417303&CODE_STATE=getMsg HTTP/1.1" 200 27
116.224.253.72 - - [13/Apr/2021:10:20:17 +0800] "GET /xingrg/all/function/internal_message.html?_=1618280417700&CODE_STATE=getMsg HTTP/1.1" 200 27
120.253.135.82 - - [13/Apr/2021:10:20:18 +0800] "GET /xingrg/kc/pszx/mdps_order_info.html?code=312021041300374 HTTP/1.1" 200 23925
120.253.135.82 - - [13/Apr/2021:10:20:19 +0800] "GET /xingrg/javascript/easyui/themes/default/validatebox.css HTTP/1.1" 404 1104
120.253.135.82 - - [13/Apr/2021:10:20:19 +0800] "POST /xingrg/kc/pszx/mdps_order_operate.html HTTP/1.1" 200 3287
222.69.129.181 - - [13/Apr/2021:10:20:19 +0800] "POST /xingrg/kc/buy/cgsh_order_operate.html HTTP/1.1" 200 37
120.253.135.82 - - [13/Apr/2021:10:20:22 +0800] "POST /xingrg/kc/pszx/mdps_list_operate.html HTTP/1.1" 200 2047
222.69.129.181 - - [13/Apr/2021:10:20:23 +0800] "POST /xingrg/kc/buy/cgsh_order_operate.html HTTP/1.1" 200 12
120.253.135.82 - - [13/Apr/2021:10:20:23 +0800] "GET /xingrg/all/function/internal_message.html?_=1618280201386&CODE_STATE=getMsg HTTP/1.1" 200 27
180.169.147.146 - - [13/Apr/2021:10:20:24 +0800] "GET /xingrg/all/function/internal_message.html?_=1618280424498&CODE_STATE=getMsg HTTP/1.1" 200 27
120.253.135.82 - - [13/Apr/2021:10:20:24 +0800] "POST /xingrg/kc/pszx/mdps_list_operate.html HTTP/1.1" 200 386
222.69.129.181 - - [13/Apr/2021:10:20:25 +0800] "GET /xingrg/kc/buy/cgsh_order_info.html?code=212021041305077 HTTP/1.1" 200 57103
117.185.32.26 - - [13/Apr/2021:10:20:25 +0800] "GET /xingrg/kc/buy/cgsh_order_operate.html?command=get_materiel&rest_code=00106&code=00101006174&supplier_code=00100015&order_time=2021-04-13 HTTP/1.1" 200 414
222.69.129.181 - - [13/Apr/2021:10:20:25 +0800] "GET /xingrg/words/20210413090037_words.js HTTP/1.1" 304 -
222.69.129.181 - - [13/Apr/2021:10:20:25 +0800] "GET /xingrg/javascript/easyui/themes/default/validatebox.css HTTP/1.1" 404 1104
222.69.129.181 - - [13/Apr/2021:10:20:26 +0800] "POST /xingrg/kc/buy/cgsh_order_operate.html HTTP/1.1" 200 4786
222.69.129.181 - - [13/Apr/2021:10:20:27 +0800] "GET /xingrg/kc/print/load_data.html?order_code=212021041305077&kc_code=cgsh&condition= HTTP/1.1" 200 2419
124.77.71.179 - - [13/Apr/2021:10:20:30 +0800] "GET /xingrg/all/function/internal_message.html?_=1618280427577&CODE_STATE=getMsg HTTP/1.1" 200 27
117.185.32.26 - - [13/Apr/2021:10:20:36 +0800] "GET /xingrg/kc/buy/cgsh_order_operate.html?command=get_materiel&rest_code=00106&code=00101006144&supplier_code=00100015&order_time=2021-04-13 HTTP/1.1" 200 409
114.88.156.246 - - [13/Apr/2021:10:20:37 +0800] "GET /xingrg/all/function/internal_message.html?_=1618280443671&CODE_STATE=getMsg HTTP/1.1" 200 27
117.185.32.26 - - [13/Apr/2021:10:20:37 +0800] "GET /xingrg/all/function/internal_message.html?_=1618280436906&CODE_STATE=getMsg HTTP/1.1" 200 27
116.224.253.72 - - [13/Apr/2021:10:20:37 +0800] "GET /xingrg/check_reg.html?_=1618280430347 HTTP/1.1" 200 22
116.224.253.72 - - [13/Apr/2021:10:20:38 +0800] "GET /xingrg/all/function/internal_message.html?_=1618280431639&CODE_STATE=getMsg HTTP/1.1" 200 27
183.192.164.71 - - [13/Apr/2021:10:20:41 +0800] "GET /xingrg/all/function/internal_message.html?_=1618280376925&CODE_STATE=getMsg HTTP/1.1" 302 -
117.185.32.26 - - [13/Apr/2021:10:20:42 +0800] "GET /xingrg/check_reg.html?_=1618280442003 HTTP/1.1" 200 22
61.165.42.208 - - [13/Apr/2021:10:20:43 +0800] "GET /xingrg/all/function/internal_message.html?_=1618280446025&CODE_STATE=getMsg HTTP/1.1" 200 27
117.185.32.26 - - [13/Apr/2021:10:20:44 +0800] "GET /xingrg/kc/buy/cgsh_order_operate.html?command=get_materiel&rest_code=00106&code=00101006112&supplier_code=00100015&order_time=2021-04-13 HTTP/1.1" 200 409
114.88.167.174 - - [13/Apr/2021:10:20:44 +0800] "GET /xingrg/all/function/internal_message.html?_=1618280440694&CODE_STATE=getMsg HTTP/1.1" 200 27
183.192.164.71 - - [13/Apr/2021:10:20:45 +0800] "GET /xingrg/login.html HTTP/1.1" 200 7641
116.230.114.112 - - [13/Apr/2021:10:20:45 +0800] "GET /xingrg/check_reg.html?_=1618280451079 HTTP/1.1" 200 22
116.230.114.112 - - [13/Apr/2021:10:20:47 +0800] "GET /xingrg/all/function/internal_message.html?_=1618280453283&CODE_STATE=getMsg HTTP/1.1" 200 27
101.85.52.2 - - [13/Apr/2021:10:20:48 +0800] "GET /xingrg/all/function/internal_message.html?_=1618280447067&CODE_STATE=getMsg HTTP/1.1" 200 27
114.88.156.246 - - [13/Apr/2021:10:20:50 +0800] "GET /xingrg/all/function/internal_message.html?_=1618280475334&CODE_STATE=getMsg HTTP/1.1" 200 27
117.185.32.26 - - [13/Apr/2021:10:20:50 +0800] "GET /xingrg/kc/buy/cgsh_order_operate.html?command=get_materiel&rest_code=00106&code=00101006056&supplier_code=00100015&order_time=2021-04-13 HTTP/1.1" 200 413
116.233.75.14 - - [13/Apr/2021:10:20:56 +0800] "GET /xingrg/all/function/internal_message.html?_=1618280460216&CODE_STATE=getMsg HTTP/1.1" 200 27
222.69.129.181 - - [13/Apr/2021:10:20:57 +0800] "GET /xingrg/all/function/internal_message.html?_=1618280456084&CODE_STATE=getMsg HTTP/1.1" 200 27
117.185.32.26 - - [13/Apr/2021:10:20:58 +0800] "GET /xingrg/kc/buy/cgsh_order_operate.html?command=get_materiel&rest_code=00106&code=00101006131&supplier_code=00100015&order_time=2021-04-13 HTTP/1.1" 200 417
180.169.147.146 - - [13/Apr/2021:10:21:02 +0800] "GET /xingrg/all/function/internal_message.html?_=1618280459901&CODE_STATE=getMsg HTTP/1.1" 200 27
222.70.217.33 - - [13/Apr/2021:10:21:03 +0800] "GET /xingrg/all/function/internal_message.html?_=1618280463631&CODE_STATE=getMsg HTTP/1.1" 200 27
120.253.135.82 - - [13/Apr/2021:10:21:04 +0800] "POST /xingrg/kc/pszx/mdps_list_operate.html HTTP/1.1" 200 868
120.253.135.82 - - [13/Apr/2021:10:21:06 +0800] "GET /xingrg/kc/pszx/mdps_order_add.html HTTP/1.1" 200 29219
120.253.135.82 - - [13/Apr/2021:10:21:07 +0800] "GET /xingrg/javascript/easyui/themes/default/validatebox.css HTTP/1.1" 404 1104
120.253.135.82 - - [13/Apr/2021:10:21:08 +0800] "POST /xingrg/kc/pszx/mdps_order_operate.html HTTP/1.1" 200 7126
101.85.94.178 - - [13/Apr/2021:10:21:12 +0800] "GET /xingrg/check_reg.html?_=1618280016537 HTTP/1.1" 200 22
101.85.94.178 - - [13/Apr/2021:10:21:12 +0800] "GET /xingrg/all/function/internal_message.html?_=1618280016538&CODE_STATE=getMsg HTTP/1.1" 200 27
117.185.32.26 - - [13/Apr/2021:10:21:13 +0800] "POST /xingrg/kc/buy/cgsh_order_operate.html HTTP/1.1" 200 37
117.185.32.26 - - [13/Apr/2021:10:21:15 +0800] "POST /xingrg/kc/buy/cgsh_order_operate.html HTTP/1.1" 200 12
114.86.187.76 - - [13/Apr/2021:10:21:16 +0800] "GET /xingrg/all/function/internal_message.html?_=1618280477277&CODE_STATE=getMsg HTTP/1.1" 200 27
117.185.32.26 - - [13/Apr/2021:10:21:16 +0800] "GET /xingrg/kc/buy/cgsh_order_info.html?code=212021041305078 HTTP/1.1" 200 57058
116.224.253.72 - - [13/Apr/2021:10:21:17 +0800] "GET /xingrg/all/function/internal_message.html?_=1618280477700&CODE_STATE=getMsg HTTP/1.1" 200 27
117.185.32.26 - - [13/Apr/2021:10:21:17 +0800] "GET /xingrg/javascript/easyui/themes/default/validatebox.css HTTP/1.1" 404 1104
117.185.32.26 - - [13/Apr/2021:10:21:17 +0800] "POST /xingrg/kc/buy/cgsh_order_operate.html HTTP/1.1" 200 5335
117.185.32.26 - - [13/Apr/2021:10:21:18 +0800] "GET /xingrg/kc/print/load_data.html?order_code=212021041305078&kc_code=cgsh&condition= HTTP/1.1" 200 2596
120.253.135.82 - - [13/Apr/2021:10:21:18 +0800] "POST /xingrg/all/common/load_combo.html?type=base HTTP/1.1" 200 1075
120.253.135.82 - - [13/Apr/2021:10:21:23 +0800] "GET /xingrg/all/function/internal_message.html?_=1618280261400&CODE_STATE=getMsg HTTP/1.1" 200 27
180.169.147.146 - - [13/Apr/2021:10:21:24 +0800] "GET /xingrg/all/function/internal_message.html?_=1618280484501&CODE_STATE=getMsg HTTP/1.1" 200 27
117.185.32.26 - - [13/Apr/2021:10:21:24 +0800] "GET /xingrg/kc/print/load_data.html?order_code=212021041305078&kc_code=cgsh HTTP/1.1" 200 2596
222.69.129.181 - - [13/Apr/2021:10:21:25 +0800] "GET /xingrg/kc/buy/cgsh_order_add.html HTTP/1.1" 200 62201
222.69.129.181 - - [13/Apr/2021:10:21:25 +0800] "POST /xingrg/kc/buy/cgsh_order_operate.html HTTP/1.1" 200 8245
222.69.129.181 - - [13/Apr/2021:10:21:25 +0800] "GET /xingrg/javascript/easyui/themes/default/validatebox.css HTTP/1.1" 404 1104
120.253.135.82 - - [13/Apr/2021:10:21:26 +0800] "GET /xingrg/kc/pszx/mdps_order_operate.html?command=get_materiel&pszx_code=00101&rest_code=00150&base_code=0010250&code=00102002954 HTTP/1.1" 200 408
180.169.147.146 - - [13/Apr/2021:10:21:27 +0800] "GET /xingrg/check_reg.html?_=1618280484693 HTTP/1.1" 200 22
124.77.71.179 - - [13/Apr/2021:10:21:30 +0800] "GET /xingrg/check_reg.html?_=1618280487515 HTTP/1.1" 200 22
124.77.71.179 - - [13/Apr/2021:10:21:30 +0800] "GET /xingrg/all/function/internal_message.html?_=1618280487551&CODE_STATE=getMsg HTTP/1.1" 200 27
114.88.156.246 - - [13/Apr/2021:10:21:37 +0800] "GET /xingrg/all/function/internal_message.html?_=1618280503694&CODE_STATE=getMsg HTTP/1.1" 200 27
117.185.32.26 - - [13/Apr/2021:10:21:37 +0800] "GET /xingrg/all/function/internal_message.html?_=1618280496881&CODE_STATE=getMsg HTTP/1.1" 200 27
120.253.135.82 - - [13/Apr/2021:10:21:38 +0800] "GET /xingrg/kc/pszx/mdps_order_operate.html?command=get_materiel&pszx_code=00101&rest_code=00150&base_code=0010250&code=00102002953 HTTP/1.1" 200 424
116.224.253.72 - - [13/Apr/2021:10:21:38 +0800] "GET /xingrg/all/function/internal_message.html?_=1618280491653&CODE_STATE=getMsg HTTP/1.1" 200 27
61.165.42.208 - - [13/Apr/2021:10:21:43 +0800] "GET /xingrg/all/function/internal_message.html?_=1618280506026&CODE_STATE=getMsg HTTP/1.1" 200 27
114.88.167.174 - - [13/Apr/2021:10:21:44 +0800] "GET /xingrg/all/function/internal_message.html?_=1618280500706&CODE_STATE=getMsg HTTP/1.1" 200 27
61.165.42.208 - - [13/Apr/2021:10:21:44 +0800] "GET /xingrg/check_reg.html?_=1618280506915 HTTP/1.1" 200 22
124.77.71.179 - - [13/Apr/2021:10:21:46 +0800] "GET /xingrg/kc/buy/cgsh_order_add.html HTTP/1.1" 200 62236
222.69.129.181 - - [13/Apr/2021:10:21:46 +0800] "GET /xingrg/kc/buy/cgsh_order_operate.html?command=get_materiel&rest_code=00149&code=00101012029&supplier_code=00100036&order_time=2021-04-13 HTTP/1.1" 200 412
124.77.71.179 - - [13/Apr/2021:10:21:46 +0800] "GET /xingrg/words/20210413090037_words.js HTTP/1.1" 200 804896
117.185.32.26 - - [13/Apr/2021:10:21:47 +0800] "GET /xingrg/kc/buy/cgsh_order_add.html HTTP/1.1" 200 62154
116.230.114.112 - - [13/Apr/2021:10:21:47 +0800] "GET /xingrg/all/function/internal_message.html?_=1618280513296&CODE_STATE=getMsg HTTP/1.1" 200 27
117.185.32.26 - - [13/Apr/2021:10:21:47 +0800] "GET /xingrg/javascript/easyui/themes/default/validatebox.css HTTP/1.1" 404 1104
117.185.32.26 - - [13/Apr/2021:10:21:47 +0800] "POST /xingrg/kc/buy/cgsh_order_operate.html HTTP/1.1" 200 8245
120.253.135.82 - - [13/Apr/2021:10:21:47 +0800] "GET /xingrg/kc/pszx/mdps_order_operate.html?command=get_materiel&pszx_code=00101&rest_code=00150&base_code=0010250&code=00102002955 HTTP/1.1" 200 424
124.77.71.179 - - [13/Apr/2021:10:21:47 +0800] "POST /xingrg/kc/buy/cgsh_order_operate.html HTTP/1.1" 200 8245
124.77.71.179 - - [13/Apr/2021:10:21:47 +0800] "GET /xingrg/javascript/easyui/themes/default/validatebox.css HTTP/1.1" 404 1104
120.204.17.68 - - [13/Apr/2021:10:21:48 +0800] "GET /xingrg/index.html?sysBaseUrl=http://180.169.147.146:18081/xingrg/&costTime=39×tamp=1618280251304 HTTP/1.1" 302 -
117.185.32.26 - - [13/Apr/2021:10:21:48 +0800] "GET /xingrg/javascript/easyui/themes/default/tree.css HTTP/1.1" 404 1090
117.185.32.26 - - [13/Apr/2021:10:21:48 +0800] "POST /xingrg/all/common/load_tree.html?tree=supplier_tree_json&isDelete=1 HTTP/1.1" 200 54827
101.85.52.2 - - [13/Apr/2021:10:21:48 +0800] "GET /xingrg/all/function/internal_message.html?_=1618280507053&CODE_STATE=getMsg HTTP/1.1" 200 27
124.77.71.179 - - [13/Apr/2021:10:21:48 +0800] "GET /xingrg/javascript/easyui/themes/default/tree.css HTTP/1.1" 404 1090
124.77.71.179 - - [13/Apr/2021:10:21:49 +0800] "POST /xingrg/all/common/load_tree.html?tree=supplier_tree_json&isDelete=1 HTTP/1.1" 200 54827
114.88.156.246 - - [13/Apr/2021:10:21:50 +0800] "GET /xingrg/all/function/internal_message.html?_=1618280535314&CODE_STATE=getMsg HTTP/1.1" 200 27
120.204.17.68 - - [13/Apr/2021:10:21:54 +0800] "GET /xingrg/login.html HTTP/1.1" 200 7641
222.69.129.181 - - [13/Apr/2021:10:21:54 +0800] "GET /xingrg/check_reg.html?_=1618280513217 HTTP/1.1" 200 22
116.233.75.14 - - [13/Apr/2021:10:21:56 +0800] "GET /xingrg/all/function/internal_message.html?_=1618280520218&CODE_STATE=getMsg HTTP/1.1" 200 27
120.253.135.82 - - [13/Apr/2021:10:21:56 +0800] "POST /xingrg/kc/pszx/mdps_order_operate.html HTTP/1.1" 200 37
222.69.129.181 - - [13/Apr/2021:10:21:57 +0800] "GET /xingrg/all/function/internal_message.html?_=1618280516067&CODE_STATE=getMsg HTTP/1.1" 200 27
120.253.135.82 - - [13/Apr/2021:10:21:58 +0800] "GET /xingrg/kc/pszx/mdps_order_info.html?code=312021041300375 HTTP/1.1" 200 23931
120.253.135.82 - - [13/Apr/2021:10:21:59 +0800] "GET /xingrg/javascript/easyui/themes/default/validatebox.css HTTP/1.1" 404 1104
120.253.135.82 - - [13/Apr/2021:10:21:59 +0800] "POST /xingrg/kc/pszx/mdps_order_operate.html HTTP/1.1" 200 3287
222.69.129.181 - - [13/Apr/2021:10:22:01 +0800] "GET /xingrg/kc/buy/cgsh_order_operate.html?command=get_materiel&rest_code=00149&code=00101012051&supplier_code=00100036&order_time=2021-04-13 HTTP/1.1" 200 408
117.185.32.26 - - [13/Apr/2021:10:22:01 +0800] "GET /xingrg/kc/buy/cgsh_order_operate.html?command=get_materiel&rest_code=00106&code=00101002022&supplier_code=00100032&order_time=2021-04-13 HTTP/1.1" 200 410
180.169.147.146 - - [13/Apr/2021:10:22:02 +0800] "GET /xingrg/all/function/internal_message.html?_=1618280519897&CODE_STATE=getMsg HTTP/1.1" 200 27
58.221.95.50 - - [13/Apr/2021:10:22:02 +0800] "GET /xingrg/check_reg.html?_=1618280523318 HTTP/1.1" 302 -
222.70.217.33 - - [13/Apr/2021:10:22:03 +0800] "GET /xingrg/all/function/internal_message.html?_=1618280523617&CODE_STATE=getMsg HTTP/1.1" 200 27
120.253.135.82 - - [13/Apr/2021:10:22:04 +0800] "POST /xingrg/kc/pszx/mdps_order_operate.html HTTP/1.1" 200 37
124.77.71.179 - - [13/Apr/2021:10:22:05 +0800] "GET /xingrg/kc/buy/cgsh_order_operate.html?command=get_materiel&rest_code=00107&code=00101001096&supplier_code=00100199&order_time=2021-04-13 HTTP/1.1" 200 413
120.253.135.82 - - [13/Apr/2021:10:22:06 +0800] "GET /xingrg/kc/pszx/mdps_order_info.html?code=312021041300375 HTTP/1.1" 200 23931
120.253.135.82 - - [13/Apr/2021:10:22:06 +0800] "GET /xingrg/javascript/easyui/themes/default/validatebox.css HTTP/1.1" 404 1104
120.253.135.82 - - [13/Apr/2021:10:22:06 +0800] "POST /xingrg/kc/pszx/mdps_order_operate.html HTTP/1.1" 200 3287
120.253.135.82 - - [13/Apr/2021:10:22:09 +0800] "POST /xingrg/kc/pszx/mdps_list_operate.html HTTP/1.1" 200 1693
101.85.94.178 - - [13/Apr/2021:10:22:12 +0800] "GET /xingrg/all/function/internal_message.html?_=1618280076537&CODE_STATE=getMsg HTTP/1.1" 200 27
114.86.187.76 - - [13/Apr/2021:10:22:16 +0800] "GET /xingrg/all/function/internal_message.html?_=1618280537264&CODE_STATE=getMsg HTTP/1.1" 200 27
116.224.253.72 - - [13/Apr/2021:10:22:17 +0800] "GET /xingrg/all/function/internal_message.html?_=1618280537720&CODE_STATE=getMsg HTTP/1.1" 200 27
124.77.71.179 - - [13/Apr/2021:10:22:17 +0800] "GET /xingrg/kc/buy/cgsh_order_operate.html?command=get_materiel&rest_code=00107&code=00101001002&supplier_code=00100199&order_time=2021-04-13 HTTP/1.1" 200 413
222.69.129.181 - - [13/Apr/2021:10:22:17 +0800] "GET /xingrg/kc/buy/cgsh_order_operate.html?command=get_materiel&rest_code=00149&code=00101012026&supplier_code=00100036&order_time=2021-04-13 HTTP/1.1" 200 408
114.86.187.76 - - [13/Apr/2021:10:22:18 +0800] "GET /xingrg/check_reg.html?_=1618280538848 HTTP/1.1" 200 22
222.70.217.33 - - [13/Apr/2021:10:22:21 +0800] "GET /xingrg/check_reg.html?_=1618280541461 HTTP/1.1" 200 22
183.192.164.214 - - [13/Apr/2021:10:22:21 +0800] "GET /xingrg/kc/buy/cgsh_order_info.html?code=212021041305078 HTTP/1.1" 302 -
183.192.164.214 - - [13/Apr/2021:10:22:22 +0800] "GET /xingrg/login.html HTTP/1.1" 200 7641
120.253.135.82 - - [13/Apr/2021:10:22:22 +0800] "GET /xingrg/check_reg.html?_=1618280320668 HTTP/1.1" 200 22
61.151.178.236 - - [13/Apr/2021:10:22:23 +0800] "GET /xingrg/all/function/internal_message.html?_=1618280295418&CODE_STATE=getMsg HTTP/1.1" 302 -
120.253.135.82 - - [13/Apr/2021:10:22:23 +0800] "GET /xingrg/all/function/internal_message.html?_=1618280321413&CODE_STATE=getMsg HTTP/1.1" 200 27
180.169.147.146 - - [13/Apr/2021:10:22:24 +0800] "GET /xingrg/check_reg.html?_=1618280544504 HTTP/1.1" 200 22
180.169.147.146 - - [13/Apr/2021:10:22:24 +0800] "GET /xingrg/all/function/internal_message.html?_=1618280544506&CODE_STATE=getMsg HTTP/1.1" 200 27
183.192.164.71 - - [13/Apr/2021:10:22:25 +0800] "GET /xingrg/kc/print/load_data.html?order_code=212021041305076&kc_code=cgsh&condition= HTTP/1.1" 302 -
124.77.71.179 - - [13/Apr/2021:10:22:28 +0800] "GET /xingrg/kc/buy/cgsh_order_operate.html?command=get_materiel&rest_code=00107&code=00101001010&supplier_code=00100199&order_time=2021-04-13 HTTP/1.1" 200 411
61.151.178.236 - - [13/Apr/2021:10:22:28 +0800] "GET /xingrg/login.html HTTP/1.1" 200 7641
183.192.164.71 - - [13/Apr/2021:10:22:29 +0800] "GET /xingrg/login.html HTTP/1.1" 200 7641
124.77.71.179 - - [13/Apr/2021:10:22:30 +0800] "GET /xingrg/all/function/internal_message.html?_=1618280547548&CODE_STATE=getMsg HTTP/1.1" 200 27
120.253.135.82 - - [13/Apr/2021:10:22:30 +0800] "POST /xingrg/kc/pszx/mdps_list_operate.html HTTP/1.1" 200 2045
120.253.135.82 - - [13/Apr/2021:10:22:31 +0800] "POST /xingrg/kc/pszx/mdps_list_operate.html HTTP/1.1" 200 375
120.253.135.82 - - [13/Apr/2021:10:22:34 +0800] "POST /xingrg/kc/pszx/mdps_list_operate.html HTTP/1.1" 200 503
117.185.32.26 - - [13/Apr/2021:10:22:35 +0800] "GET /xingrg/check_reg.html?_=1618280555004 HTTP/1.1" 200 22
114.88.156.246 - - [13/Apr/2021:10:22:37 +0800] "GET /xingrg/all/function/internal_message.html?_=1618280563697&CODE_STATE=getMsg HTTP/1.1" 200 27
114.88.156.246 - - [13/Apr/2021:10:22:37 +0800] "GET /xingrg/check_reg.html?_=1618280563698 HTTP/1.1" 200 22
117.185.32.26 - - [13/Apr/2021:10:22:37 +0800] "GET /xingrg/all/function/internal_message.html?_=1618280556872&CODE_STATE=getMsg HTTP/1.1" 200 27
120.253.135.82 - - [13/Apr/2021:10:22:37 +0800] "GET /xingrg/kc/pszx/mdps_order_add.html HTTP/1.1" 200 29219
222.69.129.181 - - [13/Apr/2021:10:22:37 +0800] "GET /xingrg/kc/buy/cgsh_order_operate.html?command=get_materiel&rest_code=00149&code=00101012006&supplier_code=00100036&order_time=2021-04-13 HTTP/1.1" 200 408
120.253.135.82 - - [13/Apr/2021:10:22:37 +0800] "POST /xingrg/kc/pszx/mdps_order_operate.html HTTP/1.1" 200 7126
120.253.135.82 - - [13/Apr/2021:10:22:37 +0800] "GET /xingrg/javascript/easyui/themes/default/validatebox.css HTTP/1.1" 404 1104
116.224.253.72 - - [13/Apr/2021:10:22:38 +0800] "GET /xingrg/all/function/internal_message.html?_=1618280551667&CODE_STATE=getMsg HTTP/1.1" 200 27
124.77.71.179 - - [13/Apr/2021:10:22:41 +0800] "GET /xingrg/kc/buy/cgsh_order_operate.html?command=get_materiel&rest_code=00107&code=00101002007&supplier_code=00100199&order_time=2021-04-13 HTTP/1.1" 200 409
117.185.32.26 - - [13/Apr/2021:10:22:41 +0800] "GET /xingrg/kc/buy/cgsh_order_operate.html?command=get_materiel&rest_code=00106&code=00101010248&supplier_code=00100032&order_time=2021-04-13 HTTP/1.1" 200 430
61.165.42.208 - - [13/Apr/2021:10:22:43 +0800] "GET /xingrg/all/function/internal_message.html?_=1618280566026&CODE_STATE=getMsg HTTP/1.1" 200 27
117.185.32.26 - - [13/Apr/2021:10:22:43 +0800] "POST /xingrg/all/common/load_select.html HTTP/1.1" 200 25
114.88.167.174 - - [13/Apr/2021:10:22:44 +0800] "GET /xingrg/all/function/internal_message.html?_=1618280561098&CODE_STATE=getMsg HTTP/1.1" 200 27
120.253.135.82 - - [13/Apr/2021:10:22:45 +0800] "POST /xingrg/all/common/load_combo.html?type=base HTTP/1.1" 200 1075
117.185.32.26 - - [13/Apr/2021:10:22:46 +0800] "GET /xingrg/kc/buy/cgsh_order_operate.html?command=get_materiel_price&rest_code=00106&code=00101010248&unit_code=00100043&supplier_code=00100032&order_time=2021-04-13 HTTP/1.1" 200 29
116.230.114.112 - - [13/Apr/2021:10:22:47 +0800] "GET /xingrg/all/function/internal_message.html?_=1618280573310&CODE_STATE=getMsg HTTP/1.1" 200 27
101.85.52.2 - - [13/Apr/2021:10:22:48 +0800] "GET /xingrg/check_reg.html?_=1618280567055 HTTP/1.1" 200 22
101.85.52.2 - - [13/Apr/2021:10:22:48 +0800] "GET /xingrg/all/function/internal_message.html?_=1618280567057&CODE_STATE=getMsg HTTP/1.1" 200 27
114.88.156.246 - - [13/Apr/2021:10:22:50 +0800] "GET /xingrg/all/function/internal_message.html?_=1618280595291&CODE_STATE=getMsg HTTP/1.1" 200 27
101.91.60.105 - - [13/Apr/2021:10:22:52 +0800] "GET /xingrg/all/function/internal_message.html?_=1618280355391&CODE_STATE=getMsg HTTP/1.1" 302 -
101.91.60.105 - - [13/Apr/2021:10:22:54 +0800] "GET /xingrg/login.html HTTP/1.1" 200 7641
222.69.129.181 - - [13/Apr/2021:10:22:55 +0800] "POST /xingrg/kc/buy/cgsh_order_operate.html HTTP/1.1" 200 37
116.233.75.14 - - [13/Apr/2021:10:22:56 +0800] "GET /xingrg/all/function/internal_message.html?_=1618280580219&CODE_STATE=getMsg HTTP/1.1" 200 27
117.185.32.26 - - [13/Apr/2021:10:22:56 +0800] "GET /xingrg/kc/buy/cgsh_order_operate.html?command=get_materiel&rest_code=00106&code=00101012002&supplier_code=00100032&order_time=2021-04-13 HTTP/1.1" 200 419
120.253.135.82 - - [13/Apr/2021:10:22:56 +0800] "GET /xingrg/kc/pszx/mdps_order_operate.html?command=get_materiel&pszx_code=00101&rest_code=00105&base_code=0010250&code=00102002954 HTTP/1.1" 200 408
124.77.71.179 - - [13/Apr/2021:10:23:01 +0800] "POST /xingrg/kc/buy/cgsh_order_operate.html HTTP/1.1" 200 37
124.77.71.179 - - [13/Apr/2021:10:23:02 +0800] "POST /xingrg/kc/buy/cgsh_order_operate.html HTTP/1.1" 200 3842
180.169.147.146 - - [13/Apr/2021:10:23:02 +0800] "GET /xingrg/all/function/internal_message.html?_=1618280579868&CODE_STATE=getMsg HTTP/1.1" 200 27
183.192.164.97 - - [13/Apr/2021:10:23:02 +0800] "GET /xingrg/all/function/internal_message.html?_=1618280436906&CODE_STATE=getMsg HTTP/1.1" 302 -
222.69.129.181 - - [13/Apr/2021:10:23:02 +0800] "POST /xingrg/kc/buy/cgsh_order_operate.html HTTP/1.1" 200 12
222.70.217.33 - - [13/Apr/2021:10:23:03 +0800] "GET /xingrg/all/function/internal_message.html?_=1618280583590&CODE_STATE=getMsg HTTP/1.1" 200 27
124.77.71.179 - - [13/Apr/2021:10:23:03 +0800] "GET /xingrg/kc/print/load_data.html?order_code=212021041305080&kc_code=cgsh&condition= HTTP/1.1" 200 1124
222.69.129.181 - - [13/Apr/2021:10:23:03 +0800] "GET /xingrg/kc/buy/cgsh_order_info.html?code=212021041305079 HTTP/1.1" 200 57105
222.69.129.181 - - [13/Apr/2021:10:23:03 +0800] "GET /xingrg/javascript/easyui/themes/default/validatebox.css HTTP/1.1" 404 1104
222.69.129.181 - - [13/Apr/2021:10:23:04 +0800] "POST /xingrg/kc/buy/cgsh_order_operate.html HTTP/1.1" 200 2370
222.69.129.181 - - [13/Apr/2021:10:23:06 +0800] "GET /xingrg/kc/print/load_data.html?order_code=212021041305079&kc_code=cgsh&condition= HTTP/1.1" 200 1450
120.253.135.82 - - [13/Apr/2021:10:23:06 +0800] "GET /xingrg/kc/pszx/mdps_order_operate.html?command=get_materiel&pszx_code=00101&rest_code=00105&base_code=0010250&code=00102002953 HTTP/1.1" 200 424
183.192.164.97 - - [13/Apr/2021:10:23:09 +0800] "GET /xingrg/login.html HTTP/1.1" 200 7641
117.185.32.26 - - [13/Apr/2021:10:23:10 +0800] "GET /xingrg/kc/buy/cgsh_order_operate.html?command=get_materiel&rest_code=00106&code=00101010161&supplier_code=00100032&order_time=2021-04-13 HTTP/1.1" 200 409
101.85.94.178 - - [13/Apr/2021:10:23:12 +0800] "GET /xingrg/all/function/internal_message.html?_=1618280136538&CODE_STATE=getMsg HTTP/1.1" 200 27
114.86.187.76 - - [13/Apr/2021:10:23:16 +0800] "GET /xingrg/all/function/internal_message.html?_=1618280597244&CODE_STATE=getMsg HTTP/1.1" 200 27
116.224.253.72 - - [13/Apr/2021:10:23:17 +0800] "GET /xingrg/all/function/internal_message.html?_=1618280597728&CODE_STATE=getMsg HTTP/1.1" 200 27
120.253.135.82 - - [13/Apr/2021:10:23:23 +0800] "GET /xingrg/all/function/internal_message.html?_=1618280381427&CODE_STATE=getMsg HTTP/1.1" 200 27
180.169.147.146 - - [13/Apr/2021:10:23:24 +0800] "GET /xingrg/all/function/internal_message.html?_=1618280604495&CODE_STATE=getMsg HTTP/1.1" 200 27
120.253.135.82 - - [13/Apr/2021:10:23:24 +0800] "GET /xingrg/kc/pszx/mdps_order_operate.html?command=get_materiel&pszx_code=00101&rest_code=00105&base_code=0010250&code=00102002955 HTTP/1.1" 200 424
124.77.71.179 - - [13/Apr/2021:10:23:30 +0800] "GET /xingrg/all/function/internal_message.html?_=1618280607526&CODE_STATE=getMsg HTTP/1.1" 200 27
120.253.135.82 - - [13/Apr/2021:10:23:35 +0800] "POST /xingrg/kc/pszx/mdps_order_operate.html HTTP/1.1" 200 37
120.253.135.82 - - [13/Apr/2021:10:23:36 +0800] "GET /xingrg/kc/pszx/mdps_order_info.html?code=312021041300376 HTTP/1.1" 200 23925
114.88.156.246 - - [13/Apr/2021:10:23:37 +0800] "GET /xingrg/all/function/internal_message.html?_=1618280623695&CODE_STATE=getMsg HTTP/1.1" 200 27
117.185.32.26 - - [13/Apr/2021:10:23:37 +0800] "GET /xingrg/all/function/internal_message.html?_=1618280616823&CODE_STATE=getMsg HTTP/1.1" 200 27
120.253.135.82 - - [13/Apr/2021:10:23:37 +0800] "GET /xingrg/javascript/easyui/themes/default/validatebox.css HTTP/1.1" 404 1104
120.253.135.82 - - [13/Apr/2021:10:23:37 +0800] "POST /xingrg/kc/pszx/mdps_order_operate.html HTTP/1.1" 200 3287
117.185.32.26 - - [13/Apr/2021:10:23:38 +0800] "GET /xingrg/kc/buy/cgsh_order_operate.html?command=get_materiel&rest_code=00106&code=00101012051&supplier_code=00100032&order_time=2021-04-13 HTTP/1.1" 200 408
116.224.253.72 - - [13/Apr/2021:10:23:38 +0800] "GET /xingrg/all/function/internal_message.html?_=1618280611717&CODE_STATE=getMsg HTTP/1.1" 200 27
61.165.42.208 - - [13/Apr/2021:10:23:43 +0800] "GET /xingrg/all/function/internal_message.html?_=1618280626027&CODE_STATE=getMsg HTTP/1.1" 200 27
114.88.167.174 - - [13/Apr/2021:10:23:44 +0800] "GET /xingrg/all/function/internal_message.html?_=1618280621107&CODE_STATE=getMsg HTTP/1.1" 200 27
120.253.135.82 - - [13/Apr/2021:10:23:46 +0800] "POST /xingrg/kc/pszx/mdps_order_operate.html HTTP/1.1" 200 37
120.253.135.82 - - [13/Apr/2021:10:23:47 +0800] "GET /xingrg/kc/pszx/mdps_order_info.html?code=312021041300376 HTTP/1.1" 200 23925
116.230.114.112 - - [13/Apr/2021:10:23:47 +0800] "GET /xingrg/all/function/internal_message.html?_=1618280633642&CODE_STATE=getMsg HTTP/1.1" 200 27
120.253.135.82 - - [13/Apr/2021:10:23:47 +0800] "GET /xingrg/javascript/easyui/themes/default/validatebox.css HTTP/1.1" 404 1104
120.253.135.82 - - [13/Apr/2021:10:23:48 +0800] "POST /xingrg/kc/pszx/mdps_order_operate.html HTTP/1.1" 200 3287
101.85.52.2 - - [13/Apr/2021:10:23:48 +0800] "GET /xingrg/all/function/internal_message.html?_=1618280627048&CODE_STATE=getMsg HTTP/1.1" 200 27
120.253.135.82 - - [13/Apr/2021:10:23:49 +0800] "POST /xingrg/kc/pszx/mdps_list_operate.html HTTP/1.1" 200 2409
114.88.156.246 - - [13/Apr/2021:10:23:50 +0800] "GET /xingrg/all/function/internal_message.html?_=1618280655268&CODE_STATE=getMsg HTTP/1.1" 200 27
117.185.32.26 - - [13/Apr/2021:10:23:50 +0800] "GET /xingrg/kc/buy/cgsh_order_operate.html?command=get_materiel&rest_code=00106&code=00101016053&supplier_code=00100032&order_time=2021-04-13 HTTP/1.1" 200 408
120.253.135.82 - - [13/Apr/2021:10:23:51 +0800] "POST /xingrg/kc/pszx/mdps_list_operate.html HTTP/1.1" 200 375
120.253.135.82 - - [13/Apr/2021:10:23:52 +0800] "POST /xingrg/kc/pszx/mdps_list_operate.html HTTP/1.1" 200 503
116.233.75.14 - - [13/Apr/2021:10:23:56 +0800] "GET /xingrg/all/function/internal_message.html?_=1618280640222&CODE_STATE=getMsg HTTP/1.1" 200 27
116.233.75.14 - - [13/Apr/2021:10:23:56 +0800] "GET /xingrg/check_reg.html?_=1618280640222 HTTP/1.1" 200 22
222.69.129.181 - - [13/Apr/2021:10:23:57 +0800] "GET /xingrg/all/function/internal_message.html?_=1618280636075&CODE_STATE=getMsg HTTP/1.1" 200 27
120.253.135.82 - - [13/Apr/2021:10:23:58 +0800] "POST /xingrg/kc/pszx/mdps_list_operate.html HTTP/1.1" 200 2043
117.185.32.26 - - [13/Apr/2021:10:23:59 +0800] "GET /xingrg/kc/buy/cgsh_order_operate.html?command=get_materiel&rest_code=00106&code=00101016017&supplier_code=00100032&order_time=2021-04-13 HTTP/1.1" 200 408
120.253.135.82 - - [13/Apr/2021:10:24:00 +0800] "POST /xingrg/kc/pszx/mdps_list_operate.html HTTP/1.1" 200 204
120.253.135.82 - - [13/Apr/2021:10:24:01 +0800] "POST /xingrg/kc/pszx/mdps_list_operate.html HTTP/1.1" 200 282
180.169.147.146 - - [13/Apr/2021:10:24:02 +0800] "GET /xingrg/all/function/internal_message.html?_=1618280639841&CODE_STATE=getMsg HTTP/1.1" 200 27
222.70.217.33 - - [13/Apr/2021:10:24:03 +0800] "GET /xingrg/all/function/internal_message.html?_=1618280643576&CODE_STATE=getMsg HTTP/1.1" 200 27
120.253.135.82 - - [13/Apr/2021:10:24:04 +0800] "GET /xingrg/kc/pszx/mdps_order_add.html HTTP/1.1" 200 29219
120.253.135.82 - - [13/Apr/2021:10:24:04 +0800] "POST /xingrg/kc/pszx/mdps_order_operate.html HTTP/1.1" 200 7126
120.253.135.82 - - [13/Apr/2021:10:24:05 +0800] "GET /xingrg/javascript/easyui/themes/default/validatebox.css HTTP/1.1" 404 1104
114.88.156.246 - - [13/Apr/2021:10:24:10 +0800] "GET /xingrg/check_reg.html?_=1618280675739 HTTP/1.1" 200 22
101.85.94.178 - - [13/Apr/2021:10:24:12 +0800] "GET /xingrg/all/function/internal_message.html?_=1618280196539&CODE_STATE=getMsg HTTP/1.1" 200 27
120.253.135.82 - - [13/Apr/2021:10:24:12 +0800] "POST /xingrg/all/common/load_combo.html?type=base HTTP/1.1" 200 1075
120.204.17.72 - - [13/Apr/2021:10:24:13 +0800] "GET /xingrg/kc/buy/cgsh_order_operate.html?command=get_materiel&rest_code=00106&code=00101010161&supplier_code=00100032&order_time=2021-04-13 HTTP/1.1" 302 -
114.86.187.76 - - [13/Apr/2021:10:24:16 +0800] "GET /xingrg/all/function/internal_message.html?_=1618280657219&CODE_STATE=getMsg HTTP/1.1" 200 27
116.224.253.72 - - [13/Apr/2021:10:24:17 +0800] "GET /xingrg/check_reg.html?_=1618280657720 HTTP/1.1" 200 22
116.224.253.72 - - [13/Apr/2021:10:24:17 +0800] "GET /xingrg/all/function/internal_message.html?_=1618280657728&CODE_STATE=getMsg HTTP/1.1" 200 27
120.204.17.72 - - [13/Apr/2021:10:24:17 +0800] "GET /xingrg/login.html HTTP/1.1" 200 7641
120.253.135.82 - - [13/Apr/2021:10:24:18 +0800] "GET /xingrg/kc/pszx/mdps_order_operate.html?command=get_materiel&pszx_code=00101&rest_code=00106&base_code=0010250&code=00102002954 HTTP/1.1" 200 408
222.69.129.181 - - [13/Apr/2021:10:24:21 +0800] "GET /xingrg/kc/buy/cgsh_order_add.html HTTP/1.1" 200 62201
222.69.129.181 - - [13/Apr/2021:10:24:21 +0800] "POST /xingrg/kc/buy/cgsh_order_operate.html HTTP/1.1" 200 8245
222.69.129.181 - - [13/Apr/2021:10:24:21 +0800] "GET /xingrg/javascript/easyui/themes/default/validatebox.css HTTP/1.1" 404 1104
120.253.135.82 - - [13/Apr/2021:10:24:23 +0800] "GET /xingrg/all/function/internal_message.html?_=1618280441439&CODE_STATE=getMsg HTTP/1.1" 200 27
117.185.32.26 - - [13/Apr/2021:10:24:23 +0800] "POST /xingrg/kc/buy/cgsh_order_operate.html HTTP/1.1" 200 37
180.169.147.146 - - [13/Apr/2021:10:24:24 +0800] "GET /xingrg/all/function/internal_message.html?_=1618280664495&CODE_STATE=getMsg HTTP/1.1" 200 27
117.185.32.26 - - [13/Apr/2021:10:24:25 +0800] "POST /xingrg/kc/buy/cgsh_order_operate.html HTTP/1.1" 200 12
117.185.32.26 - - [13/Apr/2021:10:24:28 +0800] "GET /xingrg/kc/buy/cgsh_order_info.html?code=212021041305081 HTTP/1.1" 200 57060
117.185.32.26 - - [13/Apr/2021:10:24:29 +0800] "GET /xingrg/javascript/easyui/themes/default/validatebox.css HTTP/1.1" 404 1104
117.185.32.26 - - [13/Apr/2021:10:24:29 +0800] "POST /xingrg/kc/buy/cgsh_order_operate.html HTTP/1.1" 200 4158
124.77.71.179 - - [13/Apr/2021:10:24:30 +0800] "GET /xingrg/all/function/internal_message.html?_=1618280667510&CODE_STATE=getMsg HTTP/1.1" 200 27
120.253.135.82 - - [13/Apr/2021:10:24:30 +0800] "GET /xingrg/kc/pszx/mdps_order_operate.html?command=get_materiel&pszx_code=00101&rest_code=00106&base_code=0010250&code=00102002953 HTTP/1.1" 200 424
117.185.32.26 - - [13/Apr/2021:10:24:31 +0800] "GET /xingrg/kc/print/load_data.html?order_code=212021041305081&kc_code=cgsh&condition= HTTP/1.1" 200 2080
222.69.129.181 - - [13/Apr/2021:10:24:31 +0800] "GET /xingrg/kc/buy/cgsh_order_operate.html?command=get_materiel&rest_code=00149&code=00101009011&supplier_code=00100201&order_time=2021-04-13 HTTP/1.1" 200 416
117.185.32.26 - - [13/Apr/2021:10:24:36 +0800] "GET /xingrg/kc/print/load_data.html?order_code=212021041305081&kc_code=cgsh HTTP/1.1" 200 2080
114.88.156.246 - - [13/Apr/2021:10:24:37 +0800] "GET /xingrg/all/function/internal_message.html?_=1618280683688&CODE_STATE=getMsg HTTP/1.1" 200 27
117.185.32.26 - - [13/Apr/2021:10:24:37 +0800] "GET /xingrg/all/function/internal_message.html?_=1618280677255&CODE_STATE=getMsg HTTP/1.1" 200 27
116.224.253.72 - - [13/Apr/2021:10:24:38 +0800] "GET /xingrg/all/function/internal_message.html?_=1618280671725&CODE_STATE=getMsg HTTP/1.1" 200 27
120.253.135.82 - - [13/Apr/2021:10:24:40 +0800] "GET /xingrg/kc/pszx/mdps_order_operate.html?command=get_materiel&pszx_code=00101&rest_code=00106&base_code=0010250&code=00102002955 HTTP/1.1" 200 424
114.88.167.174 - - [13/Apr/2021:10:24:43 +0800] "GET /xingrg/check_reg.html?_=1618280679601 HTTP/1.1" 200 22
61.165.42.208 - - [13/Apr/2021:10:24:43 +0800] "GET /xingrg/all/function/internal_message.html?_=1618280686028&CODE_STATE=getMsg HTTP/1.1" 200 27
222.69.129.181 - - [13/Apr/2021:10:24:44 +0800] "GET /xingrg/kc/buy/cgsh_order_operate.html?command=get_materiel&rest_code=00149&code=00101009038&supplier_code=00100201&order_time=2021-04-13 HTTP/1.1" 200 412
124.77.71.179 - - [13/Apr/2021:10:24:44 +0800] "POST /xingrg/kc/buy/cgsh_order_operate.html HTTP/1.1" 200 37
114.88.167.174 - - [13/Apr/2021:10:24:44 +0800] "GET /xingrg/all/function/internal_message.html?_=1618280681122&CODE_STATE=getMsg HTTP/1.1" 200 27
124.77.71.179 - - [13/Apr/2021:10:24:46 +0800] "POST /xingrg/kc/buy/cgsh_order_operate.html HTTP/1.1" 200 3842
116.230.114.112 - - [13/Apr/2021:10:24:47 +0800] "GET /xingrg/all/function/internal_message.html?_=1618280693649&CODE_STATE=getMsg HTTP/1.1" 200 27
101.85.52.2 - - [13/Apr/2021:10:24:48 +0800] "GET /xingrg/all/function/internal_message.html?_=1618280687051&CODE_STATE=getMsg HTTP/1.1" 200 27
114.88.156.246 - - [13/Apr/2021:10:24:50 +0800] "GET /xingrg/all/function/internal_message.html?_=1618280715246&CODE_STATE=getMsg HTTP/1.1" 200 27
120.253.135.82 - - [13/Apr/2021:10:24:53 +0800] "POST /xingrg/kc/pszx/mdps_order_operate.html HTTP/1.1" 200 37
120.253.135.82 - - [13/Apr/2021:10:24:53 +0800] "GET /xingrg/kc/pszx/mdps_order_info.html?code=312021041300377 HTTP/1.1" 200 23925
120.253.135.82 - - [13/Apr/2021:10:24:54 +0800] "GET /xingrg/javascript/easyui/themes/default/validatebox.css HTTP/1.1" 404 1104
120.253.135.82 - - [13/Apr/2021:10:24:54 +0800] "POST /xingrg/kc/pszx/mdps_order_operate.html HTTP/1.1" 200 3287
116.233.75.14 - - [13/Apr/2021:10:24:56 +0800] "GET /xingrg/all/function/internal_message.html?_=1618280700224&CODE_STATE=getMsg HTTP/1.1" 200 27
120.204.17.72 - - [13/Apr/2021:10:24:56 +0800] "GET /xingrg/kc/buy/cgsh_order_operate.html?command=get_materiel&rest_code=00106&code=00101006111&supplier_code=00100015&order_time=2021-04-13 HTTP/1.1" 302 -
222.69.129.181 - - [13/Apr/2021:10:24:57 +0800] "GET /xingrg/all/function/internal_message.html?_=1618280696064&CODE_STATE=getMsg HTTP/1.1" 200 27
222.69.129.181 - - [13/Apr/2021:10:25:00 +0800] "GET /xingrg/kc/buy/cgsh_order_operate.html?command=get_materiel&rest_code=00149&code=00101009004&supplier_code=00100201&order_time=2021-04-13 HTTP/1.1" 200 409
