114.88.156.246 - - [12/Apr/2021:09:44:08 +0800] "POST /xingrg/dwr/call/plaincall/AjaxCheckService.setItemNumber.dwr HTTP/1.1" 200 78
180.169.147.146 - - [12/Apr/2021:09:44:08 +0800] "POST /xingrg/dwr/call/plaincall/AjaxCheckService.setItemNumber.dwr HTTP/1.1" 200 77
114.88.167.174 - - [12/Apr/2021:09:44:09 +0800] "POST /xingrg/dwr/call/plaincall/AjaxCheckService.setItemNumber.dwr HTTP/1.1" 200 77
114.88.156.246 - - [12/Apr/2021:09:44:09 +0800] "POST /xingrg/dwr/call/plaincall/AjaxCheckService.setItemNumber.dwr HTTP/1.1" 200 78
114.88.156.246 - - [12/Apr/2021:09:44:10 +0800] "POST /xingrg/dwr/call/plaincall/AjaxCheckService.setItemNumber.dwr HTTP/1.1" 200 78
114.88.167.174 - - [12/Apr/2021:09:44:11 +0800] "GET /xingrg/all/function/internal_message.html?_=1618191849060&CODE_STATE=getMsg HTTP/1.1" 200 27
180.169.147.146 - - [12/Apr/2021:09:44:11 +0800] "GET /xingrg/check_reg.html?_=1618191852740 HTTP/1.1" 200 22
180.169.147.146 - - [12/Apr/2021:09:44:11 +0800] "GET /xingrg/all/function/internal_message.html?_=1618191852744&CODE_STATE=getMsg HTTP/1.1" 200 27
114.88.167.174 - - [12/Apr/2021:09:44:12 +0800] "POST /xingrg/dwr/call/plaincall/AjaxCheckService.setItemNumber.dwr HTTP/1.1" 200 77
114.88.167.174 - - [12/Apr/2021:09:44:12 +0800] "POST /xingrg/dwr/call/plaincall/AjaxCheckService.setItemNumber.dwr HTTP/1.1" 200 77
114.88.156.246 - - [12/Apr/2021:09:44:12 +0800] "POST /xingrg/dwr/call/plaincall/AjaxCheckService.setItemNumber.dwr HTTP/1.1" 200 78
180.169.147.146 - - [12/Apr/2021:09:44:12 +0800] "POST /xingrg/dwr/call/plaincall/AjaxCheckService.setItemNumber.dwr HTTP/1.1" 200 77
222.69.130.42 - - [12/Apr/2021:09:44:13 +0800] "GET /xingrg/all/function/internal_message.html?_=1618191853818&CODE_STATE=getMsg HTTP/1.1" 200 27
180.169.147.146 - - [12/Apr/2021:09:44:14 +0800] "POST /xingrg/dwr/call/plaincall/AjaxCheckService.setItemNumber.dwr HTTP/1.1" 200 77
114.88.167.174 - - [12/Apr/2021:09:44:14 +0800] "POST /xingrg/dwr/call/plaincall/AjaxCheckService.setItemNumber.dwr HTTP/1.1" 200 77
114.88.156.246 - - [12/Apr/2021:09:44:14 +0800] "POST /xingrg/dwr/call/plaincall/AjaxCheckService.setItemNumber.dwr HTTP/1.1" 200 78
114.88.167.174 - - [12/Apr/2021:09:44:14 +0800] "POST /xingrg/dwr/call/plaincall/AjaxCheckService.setItemNumber.dwr HTTP/1.1" 200 77
222.69.130.42 - - [12/Apr/2021:09:44:15 +0800] "GET /xingrg/kc/buy/cgsh_order_operate.html?command=get_materiel&rest_code=00149&code=00101008131&supplier_code=00100005&order_time=2021-04-12 HTTP/1.1" 200 408
116.224.253.72 - - [12/Apr/2021:09:44:15 +0800] "GET /xingrg/all/function/internal_message.html?_=1618191850331&CODE_STATE=getMsg HTTP/1.1" 200 27
114.88.156.246 - - [12/Apr/2021:09:44:16 +0800] "GET /xingrg/all/function/internal_message.html?_=1618191880509&CODE_STATE=getMsg HTTP/1.1" 200 27
114.88.167.174 - - [12/Apr/2021:09:44:17 +0800] "POST /xingrg/dwr/call/plaincall/AjaxCheckService.setItemNumber.dwr HTTP/1.1" 200 77
114.88.167.174 - - [12/Apr/2021:09:44:17 +0800] "POST /xingrg/dwr/call/plaincall/AjaxCheckService.setItemNumber.dwr HTTP/1.1" 200 77
114.88.167.174 - - [12/Apr/2021:09:44:18 +0800] "POST /xingrg/dwr/call/plaincall/AjaxCheckService.setItemNumber.dwr HTTP/1.1" 200 77
114.88.156.246 - - [12/Apr/2021:09:44:20 +0800] "POST /xingrg/dwr/call/plaincall/AjaxCheckService.setItemNumber.dwr HTTP/1.1" 200 78
114.88.167.174 - - [12/Apr/2021:09:44:20 +0800] "POST /xingrg/dwr/call/plaincall/AjaxCheckService.setItemNumber.dwr HTTP/1.1" 200 77
114.88.156.246 - - [12/Apr/2021:09:44:20 +0800] "POST /xingrg/dwr/call/plaincall/AjaxCheckService.setItemNumber.dwr HTTP/1.1" 200 78
114.88.156.246 - - [12/Apr/2021:09:44:20 +0800] "POST /xingrg/dwr/call/plaincall/AjaxCheckService.setItemNumber.dwr HTTP/1.1" 200 78
180.169.147.146 - - [12/Apr/2021:09:44:20 +0800] "POST /xingrg/dwr/call/plaincall/AjaxCheckService.setItemNumber.dwr HTTP/1.1" 200 77
124.77.71.179 - - [12/Apr/2021:09:44:20 +0800] "GET /xingrg/kc/buy/cgsh_order_operate.html?command=get_materiel&rest_code=00107&code=00101006112&supplier_code=00100010&order_time=2021-04-12 HTTP/1.1" 200 409
114.88.167.174 - - [12/Apr/2021:09:44:23 +0800] "POST /xingrg/dwr/call/plaincall/AjaxCheckService.setItemNumber.dwr HTTP/1.1" 200 77
180.169.147.146 - - [12/Apr/2021:09:44:23 +0800] "POST /xingrg/dwr/call/plaincall/AjaxCheckService.setItemNumber.dwr HTTP/1.1" 200 77
180.169.147.146 - - [12/Apr/2021:09:44:23 +0800] "POST /xingrg/dwr/call/plaincall/AjaxCheckService.setItemNumber.dwr HTTP/1.1" 200 77
114.88.156.246 - - [12/Apr/2021:09:44:23 +0800] "POST /xingrg/dwr/call/plaincall/AjaxCheckService.setItemNumber.dwr HTTP/1.1" 200 78
114.88.156.246 - - [12/Apr/2021:09:44:23 +0800] "POST /xingrg/dwr/call/plaincall/AjaxCheckService.setItemNumber.dwr HTTP/1.1" 200 78
222.69.130.42 - - [12/Apr/2021:09:44:24 +0800] "GET /xingrg/kc/buy/cgsh_order_operate.html?command=get_materiel&rest_code=00149&code=00101008296&supplier_code=00100005&order_time=2021-04-12 HTTP/1.1" 200 416
222.70.217.33 - - [12/Apr/2021:09:44:25 +0800] "POST /xingrg/kc/base/check_list_operate.html HTTP/1.1" 200 4
114.88.156.246 - - [12/Apr/2021:09:44:25 +0800] "POST /xingrg/dwr/call/plaincall/AjaxCheckService.setItemNumber.dwr HTTP/1.1" 200 78
114.88.156.246 - - [12/Apr/2021:09:44:25 +0800] "POST /xingrg/dwr/call/plaincall/AjaxCheckService.setItemNumber.dwr HTTP/1.1" 200 78
180.169.147.146 - - [12/Apr/2021:09:44:25 +0800] "POST /xingrg/dwr/call/plaincall/AjaxCheckService.setItemNumber.dwr HTTP/1.1" 200 77
114.88.156.246 - - [12/Apr/2021:09:44:26 +0800] "POST /xingrg/dwr/call/plaincall/AjaxCheckService.setItemNumber.dwr HTTP/1.1" 200 78
180.169.147.146 - - [12/Apr/2021:09:44:26 +0800] "GET /xingrg/all/function/internal_message.html?_=1618191865964&CODE_STATE=getMsg HTTP/1.1" 200 27
180.169.147.146 - - [12/Apr/2021:09:44:27 +0800] "POST /xingrg/dwr/call/plaincall/AjaxCheckService.setItemNumber.dwr HTTP/1.1" 200 77
116.230.114.112 - - [12/Apr/2021:09:44:27 +0800] "GET /xingrg/all/function/internal_message.html?_=1618191869645&CODE_STATE=getMsg HTTP/1.1" 200 27
114.88.156.246 - - [12/Apr/2021:09:44:27 +0800] "POST /xingrg/dwr/call/plaincall/AjaxCheckService.setItemNumber.dwr HTTP/1.1" 200 78
114.88.156.246 - - [12/Apr/2021:09:44:27 +0800] "POST /xingrg/dwr/call/plaincall/AjaxCheckService.setItemNumber.dwr HTTP/1.1" 200 78
222.70.217.33 - - [12/Apr/2021:09:44:28 +0800] "POST /xingrg/kc/base/check_list_operate.html HTTP/1.1" 200 781
114.88.156.246 - - [12/Apr/2021:09:44:28 +0800] "POST /xingrg/dwr/call/plaincall/AjaxCheckService.setItemNumber.dwr HTTP/1.1" 200 78
114.88.156.246 - - [12/Apr/2021:09:44:29 +0800] "POST /xingrg/dwr/call/plaincall/AjaxCheckService.setItemNumber.dwr HTTP/1.1" 200 78
116.224.253.72 - - [12/Apr/2021:09:44:29 +0800] "GET /xingrg/all/function/internal_message.html?_=1618191870327&CODE_STATE=getMsg HTTP/1.1" 200 27
114.88.156.246 - - [12/Apr/2021:09:44:29 +0800] "POST /xingrg/dwr/call/plaincall/AjaxCheckService.setItemNumber.dwr HTTP/1.1" 200 78
222.69.130.42 - - [12/Apr/2021:09:44:29 +0800] "POST /xingrg/kc/buy/cgsh_order_operate.html HTTP/1.1" 200 2065
180.169.147.146 - - [12/Apr/2021:09:44:30 +0800] "POST /xingrg/dwr/call/plaincall/AjaxCheckService.setItemNumber.dwr HTTP/1.1" 200 77
114.88.156.246 - - [12/Apr/2021:09:44:32 +0800] "GET /xingrg/all/function/internal_message.html?_=1618191876169&CODE_STATE=getMsg HTTP/1.1" 200 27
222.70.217.33 - - [12/Apr/2021:09:44:32 +0800] "GET /xingrg/check_reg.html?_=1618191873484 HTTP/1.1" 200 22
222.70.217.33 - - [12/Apr/2021:09:44:32 +0800] "GET /xingrg/all/function/internal_message.html?_=1618191873550&CODE_STATE=getMsg HTTP/1.1" 200 27
114.88.156.246 - - [12/Apr/2021:09:44:32 +0800] "POST /xingrg/dwr/call/plaincall/AjaxCheckService.setItemNumber.dwr HTTP/1.1" 200 78
114.88.156.246 - - [12/Apr/2021:09:44:33 +0800] "POST /xingrg/dwr/call/plaincall/AjaxCheckService.setItemNumber.dwr HTTP/1.1" 200 78
222.69.130.42 - - [12/Apr/2021:09:44:34 +0800] "GET /xingrg/kc/buy/cgsh_order_operate.html?command=get_materiel&rest_code=00149&code=00101008098&supplier_code=00100005&order_time=2021-04-12 HTTP/1.1" 200 412
124.77.71.179 - - [12/Apr/2021:09:44:34 +0800] "GET /xingrg/all/function/internal_message.html?_=1618191874034&CODE_STATE=getMsg HTTP/1.1" 200 27
114.88.156.246 - - [12/Apr/2021:09:44:34 +0800] "POST /xingrg/dwr/call/plaincall/AjaxCheckService.setItemNumber.dwr HTTP/1.1" 200 78
116.238.141.202 - - [12/Apr/2021:09:44:35 +0800] "GET /xingrg/all/function/internal_message.html?_=1618192152371&CODE_STATE=getMsg HTTP/1.1" 200 27
124.77.71.179 - - [12/Apr/2021:09:44:38 +0800] "POST /xingrg/kc/buy/cgsh_order_operate.html HTTP/1.1" 200 37
124.77.71.179 - - [12/Apr/2021:09:44:42 +0800] "POST /xingrg/kc/buy/cgsh_order_operate.html HTTP/1.1" 200 5009
61.165.42.208 - - [12/Apr/2021:09:44:43 +0800] "GET /xingrg/check_reg.html?_=1618191886030 HTTP/1.1" 200 22
61.165.42.208 - - [12/Apr/2021:09:44:43 +0800] "GET /xingrg/all/function/internal_message.html?_=1618191886033&CODE_STATE=getMsg HTTP/1.1" 200 27
124.77.71.179 - - [12/Apr/2021:09:44:43 +0800] "GET /xingrg/kc/print/load_data.html?order_code=212021041204621&kc_code=cgsh&condition= HTTP/1.1" 200 1608
114.88.156.246 - - [12/Apr/2021:09:44:46 +0800] "POST /xingrg/dwr/call/plaincall/AjaxCheckService.setItemNumber.dwr HTTP/1.1" 200 78
120.253.135.82 - - [12/Apr/2021:09:44:47 +0800] "GET /xingrg/all/function/internal_message.html?_=1618191922913&CODE_STATE=getMsg HTTP/1.1" 200 27
180.169.147.146 - - [12/Apr/2021:09:44:48 +0800] "POST /xingrg/dwr/call/plaincall/AjaxCheckService.setItemNumber.dwr HTTP/1.1" 200 77
222.69.130.42 - - [12/Apr/2021:09:44:48 +0800] "GET /xingrg/kc/buy/cgsh_order_operate.html?command=get_materiel&rest_code=00149&code=00101008005&supplier_code=00100005&order_time=2021-04-12 HTTP/1.1" 200 412
114.88.156.246 - - [12/Apr/2021:09:44:48 +0800] "POST /xingrg/dwr/call/plaincall/AjaxCheckService.setItemNumber.dwr HTTP/1.1" 200 78
114.88.156.246 - - [12/Apr/2021:09:44:49 +0800] "POST /xingrg/dwr/call/plaincall/AjaxCheckService.setItemNumber.dwr HTTP/1.1" 200 78
114.88.156.246 - - [12/Apr/2021:09:44:49 +0800] "POST /xingrg/dwr/call/plaincall/AjaxCheckService.setItemNumber.dwr HTTP/1.1" 200 78
114.88.156.246 - - [12/Apr/2021:09:44:50 +0800] "POST /xingrg/dwr/call/plaincall/AjaxCheckService.setItemNumber.dwr HTTP/1.1" 200 78
114.88.156.246 - - [12/Apr/2021:09:44:50 +0800] "POST /xingrg/dwr/call/plaincall/AjaxCheckService.setItemNumber.dwr HTTP/1.1" 200 78
180.169.147.146 - - [12/Apr/2021:09:44:51 +0800] "POST /xingrg/dwr/call/plaincall/AjaxCheckService.setItemNumber.dwr HTTP/1.1" 200 77
124.77.71.179 - - [12/Apr/2021:09:44:51 +0800] "GET /xingrg/kc/mdqp/qp_main.html HTTP/1.1" 200 10633
180.169.147.146 - - [12/Apr/2021:09:44:51 +0800] "POST /xingrg/dwr/call/plaincall/AjaxCheckService.setItemNumber.dwr HTTP/1.1" 200 77
114.86.187.76 - - [12/Apr/2021:09:44:52 +0800] "GET /xingrg/check_reg.html?_=1618191895166 HTTP/1.1" 200 22
124.77.71.179 - - [12/Apr/2021:09:44:52 +0800] "GET /xingrg/images/yd/bt.gif HTTP/1.1" 404 1040
180.169.147.146 - - [12/Apr/2021:09:44:52 +0800] "POST /xingrg/dwr/call/plaincall/AjaxCheckService.setItemNumber.dwr HTTP/1.1" 200 77
124.77.71.179 - - [12/Apr/2021:09:44:53 +0800] "GET /xingrg/kc/mdqp/qqps_order_list.html HTTP/1.1" 200 9222
124.77.71.179 - - [12/Apr/2021:09:44:53 +0800] "GET /xingrg/dwr/interface/AjaxQqpsService.js HTTP/1.1" 200 16326
124.77.71.179 - - [12/Apr/2021:09:44:53 +0800] "GET /xingrg/dwr/interface/AjaxReportQueryService.js HTTP/1.1" 200 13203
124.77.71.179 - - [12/Apr/2021:09:44:53 +0800] "GET /xingrg/dwr/util.js HTTP/1.1" 304 -
124.77.71.179 - - [12/Apr/2021:09:44:53 +0800] "GET /xingrg/dwr/engine.js HTTP/1.1" 200 43631
114.88.156.246 - - [12/Apr/2021:09:44:54 +0800] "POST /xingrg/dwr/call/plaincall/AjaxCheckService.setItemNumber.dwr HTTP/1.1" 200 78
180.169.147.146 - - [12/Apr/2021:09:44:54 +0800] "POST /xingrg/dwr/call/plaincall/AjaxCheckService.setItemNumber.dwr HTTP/1.1" 200 77
114.88.156.246 - - [12/Apr/2021:09:44:54 +0800] "POST /xingrg/dwr/call/plaincall/AjaxCheckService.setItemNumber.dwr HTTP/1.1" 200 78
222.70.217.33 - - [12/Apr/2021:09:44:54 +0800] "GET /xingrg/kc/buy/cgsh_order_list.html HTTP/1.1" 200 46416
180.169.147.146 - - [12/Apr/2021:09:44:54 +0800] "POST /xingrg/dwr/call/plaincall/AjaxCheckService.setItemNumber.dwr HTTP/1.1" 200 77
114.88.156.246 - - [12/Apr/2021:09:44:55 +0800] "POST /xingrg/dwr/call/plaincall/AjaxCheckService.setItemNumber.dwr HTTP/1.1" 200 78
114.88.156.246 - - [12/Apr/2021:09:44:55 +0800] "POST /xingrg/dwr/call/plaincall/AjaxCheckService.setItemNumber.dwr HTTP/1.1" 200 78
124.77.71.179 - - [12/Apr/2021:09:44:56 +0800] "GET /xingrg/kc/mdqp/qqps_order_add.html HTTP/1.1" 200 28244
114.88.156.246 - - [12/Apr/2021:09:44:56 +0800] "POST /xingrg/dwr/call/plaincall/AjaxCheckService.setItemNumber.dwr HTTP/1.1" 200 78
124.77.71.179 - - [12/Apr/2021:09:44:56 +0800] "GET /xingrg/dwr/interface/AjaxComOrderService.js HTTP/1.1" 200 18264
124.77.71.179 - - [12/Apr/2021:09:44:56 +0800] "GET /xingrg/dwr/interface/AjaxQqpsService.js HTTP/1.1" 200 16326
124.77.71.179 - - [12/Apr/2021:09:44:56 +0800] "GET /xingrg/dwr/engine.js HTTP/1.1" 200 43631
222.70.217.33 - - [12/Apr/2021:09:44:56 +0800] "POST /xingrg/kc/buy/cgsh_list_operate.html HTTP/1.1" 200 2047
222.70.217.33 - - [12/Apr/2021:09:44:58 +0800] "GET /xingrg/kc/buy/cgsh_order_add.html HTTP/1.1" 200 62116
222.70.217.33 - - [12/Apr/2021:09:44:59 +0800] "POST /xingrg/kc/buy/cgsh_order_operate.html HTTP/1.1" 200 8245
222.70.217.33 - - [12/Apr/2021:09:44:59 +0800] "GET /xingrg/javascript/easyui/themes/default/validatebox.css HTTP/1.1" 404 1104
114.88.156.246 - - [12/Apr/2021:09:44:59 +0800] "POST /xingrg/dwr/call/plaincall/AjaxCheckService.setItemNumber.dwr HTTP/1.1" 200 78
114.86.187.76 - - [12/Apr/2021:09:44:59 +0800] "GET /xingrg/all/function/internal_message.html?_=1618191902355&CODE_STATE=getMsg HTTP/1.1" 200 27
114.88.156.246 - - [12/Apr/2021:09:44:59 +0800] "POST /xingrg/dwr/call/plaincall/AjaxCheckService.setItemNumber.dwr HTTP/1.1" 200 78
114.88.156.246 - - [12/Apr/2021:09:45:00 +0800] "POST /xingrg/dwr/call/plaincall/AjaxCheckService.setItemNumber.dwr HTTP/1.1" 200 78
114.88.156.246 - - [12/Apr/2021:09:45:01 +0800] "POST /xingrg/dwr/call/plaincall/AjaxCheckService.setItemNumber.dwr HTTP/1.1" 200 78
114.88.156.246 - - [12/Apr/2021:09:45:02 +0800] "POST /xingrg/dwr/call/plaincall/AjaxCheckService.setItemNumber.dwr HTTP/1.1" 200 78
116.224.253.72 - - [12/Apr/2021:09:45:02 +0800] "POST /xingrg/all/user/operate.html HTTP/1.1" 200 36
116.224.253.72 - - [12/Apr/2021:09:45:03 +0800] "GET /xingrg/javascript/jquery_easy_ui/themes/default/easyui.css HTTP/1.1" 304 -
116.224.253.72 - - [12/Apr/2021:09:45:03 +0800] "GET /xingrg/index.html?sysBaseUrl=http%3A%2F%2F180.169.147.146%3A18081%2Fxingrg%2F&costTime=40×tamp=1618187328836 HTTP/1.1" 200 17179
116.224.253.72 - - [12/Apr/2021:09:45:03 +0800] "GET /xingrg/javascript/jquery_easy_ui/themes/icon.css HTTP/1.1" 304 -
116.224.253.72 - - [12/Apr/2021:09:45:03 +0800] "GET /xingrg/css/form.css HTTP/1.1" 304 -
116.224.253.72 - - [12/Apr/2021:09:45:03 +0800] "GET /xingrg/javascript/jquery-1.4.2.min.js HTTP/1.1" 304 -
116.224.253.72 - - [12/Apr/2021:09:45:03 +0800] "GET /xingrg/javascript/jquery_easy_ui/jquery.easyui.min.js HTTP/1.1" 304 -
116.224.253.72 - - [12/Apr/2021:09:45:03 +0800] "GET /xingrg/javascript/jquery_easy_ui/easyui-lang-zh_CN.js HTTP/1.1" 304 -
116.224.253.72 - - [12/Apr/2021:09:45:03 +0800] "GET /xingrg/javascript/jquery.form.js HTTP/1.1" 304 -
116.224.253.72 - - [12/Apr/2021:09:45:03 +0800] "GET /xingrg/javascript/jquery.utils.js HTTP/1.1" 304 -
116.224.253.72 - - [12/Apr/2021:09:45:03 +0800] "GET /xingrg/javascript/jquery.timers.js HTTP/1.1" 304 -
116.224.253.72 - - [12/Apr/2021:09:45:03 +0800] "GET /xingrg/images/blue/jxLogo.png HTTP/1.1" 304 -
116.224.253.72 - - [12/Apr/2021:09:45:03 +0800] "GET /xingrg/images/blue/navBackgound.jpg HTTP/1.1" 304 -
116.224.253.72 - - [12/Apr/2021:09:45:03 +0800] "GET /xingrg/javascript/jquery_easy_ui/themes/icons/settle_new.png HTTP/1.1" 304 -
116.224.253.72 - - [12/Apr/2021:09:45:03 +0800] "POST /xingrg/all/common/load_tree.html?tree=area_rest_tree_json&manage=1 HTTP/1.1" 200 476
116.224.253.72 - - [12/Apr/2021:09:45:03 +0800] "GET /xingrg/all/function/internal_message.html?_=1618191904464&CODE_STATE=count HTTP/1.1" 200 11
116.224.253.72 - - [12/Apr/2021:09:45:03 +0800] "GET /xingrg/check_reg.html?_=1618191904465 HTTP/1.1" 200 22
116.224.253.72 - - [12/Apr/2021:09:45:03 +0800] "GET /xingrg/javascript/jquery_easy_ui/themes/default/images/tabs_leftarrow.png HTTP/1.1" 304 -
116.224.253.72 - - [12/Apr/2021:09:45:03 +0800] "GET /xingrg/javascript/jquery_easy_ui/themes/default/images/panel_tool_collapse.gif HTTP/1.1" 304 -
116.224.253.72 - - [12/Apr/2021:09:45:03 +0800] "GET /xingrg/images/blue/pingpu.png HTTP/1.1" 304 -
116.224.253.72 - - [12/Apr/2021:09:45:03 +0800] "GET /xingrg/javascript/jquery_easy_ui/themes/default/images/tabs_rightarrow.png HTTP/1.1" 304 -
116.224.253.72 - - [12/Apr/2021:09:45:03 +0800] "POST /xingrg/load_menu.html HTTP/1.1" 200 5138
114.88.156.246 - - [12/Apr/2021:09:45:03 +0800] "POST /xingrg/dwr/call/plaincall/AjaxCheckService.setItemNumber.dwr HTTP/1.1" 200 78
114.88.156.246 - - [12/Apr/2021:09:45:04 +0800] "POST /xingrg/dwr/call/plaincall/AjaxCheckService.setItemNumber.dwr HTTP/1.1" 200 78
114.88.156.246 - - [12/Apr/2021:09:45:04 +0800] "POST /xingrg/dwr/call/plaincall/AjaxCheckService.setItemNumber.dwr HTTP/1.1" 200 78
116.232.52.219 - - [12/Apr/2021:09:45:05 +0800] "GET /xingrg/all/function/internal_message.html?_=1618191908213&CODE_STATE=getMsg HTTP/1.1" 200 27
116.224.253.72 - - [12/Apr/2021:09:45:05 +0800] "GET /xingrg/kc/base/yddb_order_list.html HTTP/1.1" 200 16995
114.88.156.246 - - [12/Apr/2021:09:45:05 +0800] "POST /xingrg/dwr/call/plaincall/AjaxCheckService.setItemNumber.dwr HTTP/1.1" 200 78
116.224.253.72 - - [12/Apr/2021:09:45:05 +0800] "POST /xingrg/kc/base/yddb_list_operate.html HTTP/1.1" 200 636
114.88.156.246 - - [12/Apr/2021:09:45:06 +0800] "POST /xingrg/dwr/call/plaincall/AjaxCheckService.setItemNumber.dwr HTTP/1.1" 200 78
114.88.156.246 - - [12/Apr/2021:09:45:06 +0800] "POST /xingrg/dwr/call/plaincall/AjaxCheckService.setItemNumber.dwr HTTP/1.1" 200 78
116.224.253.72 - - [12/Apr/2021:09:45:06 +0800] "GET /xingrg/kc/base/yddb_order_add.html HTTP/1.1" 200 29745
116.224.253.72 - - [12/Apr/2021:09:45:06 +0800] "GET /xingrg/dwr/interface/AjaxYddbService.js HTTP/1.1" 200 13201
116.224.253.72 - - [12/Apr/2021:09:45:06 +0800] "GET /xingrg/dwr/interface/AjaxComOrderService.js HTTP/1.1" 200 18264
116.224.253.72 - - [12/Apr/2021:09:45:06 +0800] "GET /xingrg/dwr/engine.js HTTP/1.1" 200 43631
124.77.71.179 - - [12/Apr/2021:09:45:06 +0800] "POST /xingrg/dwr/call/plaincall/AjaxQqpsService.saveOrder.dwr HTTP/1.1" 200 78
114.88.156.246 - - [12/Apr/2021:09:45:08 +0800] "POST /xingrg/dwr/call/plaincall/AjaxCheckService.setItemNumber.dwr HTTP/1.1" 200 78
114.88.156.246 - - [12/Apr/2021:09:45:09 +0800] "POST /xingrg/dwr/call/plaincall/AjaxCheckService.setItemNumber.dwr HTTP/1.1" 200 78
114.88.167.174 - - [12/Apr/2021:09:45:11 +0800] "GET /xingrg/all/function/internal_message.html?_=1618191909064&CODE_STATE=getMsg HTTP/1.1" 200 27
114.88.156.246 - - [12/Apr/2021:09:45:11 +0800] "POST /xingrg/dwr/call/plaincall/AjaxCheckService.setItemNumber.dwr HTTP/1.1" 200 78
180.169.147.146 - - [12/Apr/2021:09:45:11 +0800] "GET /xingrg/all/function/internal_message.html?_=1618191912743&CODE_STATE=getMsg HTTP/1.1" 200 27
116.224.253.72 - - [12/Apr/2021:09:45:12 +0800] "POST /xingrg/dwr/call/plaincall/AjaxYddbService.getRestBases.dwr HTTP/1.1" 200 1514
222.69.130.42 - - [12/Apr/2021:09:45:13 +0800] "GET /xingrg/all/function/internal_message.html?_=1618191913801&CODE_STATE=getMsg HTTP/1.1" 200 27
116.224.253.72 - - [12/Apr/2021:09:45:15 +0800] "GET /xingrg/all/function/internal_message.html?_=1618191910338&CODE_STATE=getMsg HTTP/1.1" 200 27
124.77.71.179 - - [12/Apr/2021:09:45:16 +0800] "POST /xingrg/dwr/call/plaincall/AjaxQqpsService.getMaterielByCode.dwr HTTP/1.1" 200 3436
114.88.156.246 - - [12/Apr/2021:09:45:16 +0800] "GET /xingrg/all/function/internal_message.html?_=1618191940483&CODE_STATE=getMsg HTTP/1.1" 200 27
114.88.156.246 - - [12/Apr/2021:09:45:16 +0800] "POST /xingrg/dwr/call/plaincall/AjaxCheckService.setItemNumber.dwr HTTP/1.1" 200 78
124.77.71.179 - - [12/Apr/2021:09:45:17 +0800] "POST /xingrg/dwr/call/plaincall/AjaxQqpsService.saveMaterielItem.dwr HTTP/1.1" 200 78
114.88.167.174 - - [12/Apr/2021:09:45:24 +0800] "GET /xingrg/kc/base/check_order_info.html?code=452021041100075 HTTP/1.1" 200 26444
114.88.167.174 - - [12/Apr/2021:09:45:24 +0800] "GET /xingrg/dwr/interface/AjaxComOrderService.js HTTP/1.1" 200 18264
114.88.167.174 - - [12/Apr/2021:09:45:24 +0800] "GET /xingrg/dwr/interface/AjaxCheckService.js HTTP/1.1" 200 14003
114.88.167.174 - - [12/Apr/2021:09:45:24 +0800] "GET /xingrg/dwr/engine.js HTTP/1.1" 200 43631
114.88.167.174 - - [12/Apr/2021:09:45:25 +0800] "POST /xingrg/dwr/call/plaincall/AjaxCheckService.loadOrderItems.dwr HTTP/1.1" 200 190864
116.230.114.112 - - [12/Apr/2021:09:45:25 +0800] "GET /xingrg/check_reg.html?_=1618191928479 HTTP/1.1" 200 22
180.169.147.146 - - [12/Apr/2021:09:45:25 +0800] "POST /xingrg/dwr/call/plaincall/AjaxCheckService.setItemNumber.dwr HTTP/1.1" 200 77
116.232.52.219 - - [12/Apr/2021:09:45:26 +0800] "POST /xingrg/kc/buy/cgsh_order_operate.html HTTP/1.1" 200 37
180.169.147.146 - - [12/Apr/2021:09:45:26 +0800] "GET /xingrg/check_reg.html?_=1618191925760 HTTP/1.1" 200 22
116.230.114.112 - - [12/Apr/2021:09:45:27 +0800] "GET /xingrg/all/function/internal_message.html?_=1618191929657&CODE_STATE=getMsg HTTP/1.1" 200 27
180.169.147.146 - - [12/Apr/2021:09:45:27 +0800] "GET /xingrg/all/function/internal_message.html?_=1618191926292&CODE_STATE=getMsg HTTP/1.1" 200 27
180.169.147.146 - - [12/Apr/2021:09:45:27 +0800] "POST /xingrg/dwr/call/plaincall/AjaxCheckService.setItemNumber.dwr HTTP/1.1" 200 77
222.70.217.33 - - [12/Apr/2021:09:45:27 +0800] "GET /xingrg/kc/buy/cgsh_order_operate.html?command=get_materiel&rest_code=00155&code=00101009013&supplier_code=00100037&order_time=2021-04-12 HTTP/1.1" 200 422
116.232.52.219 - - [12/Apr/2021:09:45:28 +0800] "POST /xingrg/kc/buy/cgsh_order_operate.html HTTP/1.1" 200 5606
124.77.71.179 - - [12/Apr/2021:09:45:28 +0800] "POST /xingrg/dwr/call/plaincall/AjaxQqpsService.getMaterielByCode.dwr HTTP/1.1" 200 3497
116.232.52.219 - - [12/Apr/2021:09:45:29 +0800] "GET /xingrg/kc/print/load_config.html?kc_code=cgsh HTTP/1.1" 200 1845
124.77.71.179 - - [12/Apr/2021:09:45:30 +0800] "POST /xingrg/dwr/call/plaincall/AjaxQqpsService.saveMaterielItem.dwr HTTP/1.1" 200 78
116.224.253.72 - - [12/Apr/2021:09:45:30 +0800] "POST /xingrg/kc/buy/cgsh_order_operate.html HTTP/1.1" 200 37
116.232.52.219 - - [12/Apr/2021:09:45:30 +0800] "GET /xingrg/kc/print/load_data.html?order_code=212021041204619&kc_code=cgsh&condition= HTTP/1.1" 200 1789
116.224.253.72 - - [12/Apr/2021:09:45:31 +0800] "POST /xingrg/kc/buy/cgsh_order_operate.html HTTP/1.1" 200 35787
101.89.239.245 - - [12/Apr/2021:09:45:32 +0800] "GET /xingrg/all/function/internal_message.html?_=1618191876169&CODE_STATE=getMsg HTTP/1.1" 302 -
114.88.156.246 - - [12/Apr/2021:09:45:32 +0800] "GET /xingrg/all/function/internal_message.html?_=1618191936149&CODE_STATE=getMsg HTTP/1.1" 200 27
222.70.217.33 - - [12/Apr/2021:09:45:32 +0800] "GET /xingrg/all/function/internal_message.html?_=1618191933530&CODE_STATE=getMsg HTTP/1.1" 200 27
114.88.167.174 - - [12/Apr/2021:09:45:32 +0800] "POST /xingrg/dwr/call/plaincall/AjaxCheckService.setItemNumber.dwr HTTP/1.1" 200 76
101.89.239.245 - - [12/Apr/2021:09:45:33 +0800] "GET /xingrg/login.html HTTP/1.1" 200 7641
180.169.147.146 - - [12/Apr/2021:09:45:33 +0800] "POST /xingrg/dwr/call/plaincall/AjaxCheckService.setItemNumber.dwr HTTP/1.1" 200 77
124.77.71.179 - - [12/Apr/2021:09:45:34 +0800] "GET /xingrg/all/function/internal_message.html?_=1618191934011&CODE_STATE=getMsg HTTP/1.1" 200 27
114.88.167.174 - - [12/Apr/2021:09:45:34 +0800] "POST /xingrg/dwr/call/plaincall/AjaxCheckService.setItemNumber.dwr HTTP/1.1" 200 76
116.238.141.202 - - [12/Apr/2021:09:45:35 +0800] "GET /xingrg/all/function/internal_message.html?_=1618192212394&CODE_STATE=getMsg HTTP/1.1" 200 27
180.169.147.146 - - [12/Apr/2021:09:45:36 +0800] "POST /xingrg/dwr/call/plaincall/AjaxCheckService.setItemNumber.dwr HTTP/1.1" 200 77
116.232.52.219 - - [12/Apr/2021:09:45:36 +0800] "GET /xingrg/kc/buy/cgsh_order_add.html HTTP/1.1" 200 62189
116.232.52.219 - - [12/Apr/2021:09:45:36 +0800] "POST /xingrg/kc/buy/cgsh_order_operate.html HTTP/1.1" 200 8245
116.232.52.219 - - [12/Apr/2021:09:45:36 +0800] "GET /xingrg/all/common/auto_word.html?type=employee&rest_code=00109 HTTP/1.1" 200 205
116.232.52.219 - - [12/Apr/2021:09:45:36 +0800] "GET /xingrg/all/common/auto_word.html?type=employee&rest_code=00109 HTTP/1.1" 200 205
116.232.52.219 - - [12/Apr/2021:09:45:36 +0800] "GET /xingrg/javascript/easyui/themes/default/validatebox.css HTTP/1.1" 404 1104
114.88.167.174 - - [12/Apr/2021:09:45:36 +0800] "POST /xingrg/dwr/call/plaincall/AjaxCheckService.setItemNumber.dwr HTTP/1.1" 200 76
222.70.217.33 - - [12/Apr/2021:09:45:37 +0800] "GET /xingrg/kc/buy/cgsh_order_operate.html?command=get_materiel&rest_code=00155&code=00101008509&supplier_code=00100037&order_time=2021-04-12 HTTP/1.1" 200 395
114.88.156.246 - - [12/Apr/2021:09:45:40 +0800] "POST /xingrg/dwr/call/plaincall/AjaxCheckService.checkOrder.dwr HTTP/1.1" 200 80
180.169.147.146 - - [12/Apr/2021:09:45:40 +0800] "POST /xingrg/dwr/call/plaincall/AjaxCheckService.setItemNumber.dwr HTTP/1.1" 200 77
114.88.167.174 - - [12/Apr/2021:09:45:40 +0800] "POST /xingrg/dwr/call/plaincall/AjaxCheckService.setItemNumber.dwr HTTP/1.1" 200 76
180.169.147.146 - - [12/Apr/2021:09:45:40 +0800] "POST /xingrg/dwr/call/plaincall/AjaxCheckService.setItemNumber.dwr HTTP/1.1" 200 77
114.88.156.246 - - [12/Apr/2021:09:45:41 +0800] "GET /xingrg/kc/base/check_order_info.html?code=452021041100124 HTTP/1.1" 200 22860
114.88.156.246 - - [12/Apr/2021:09:45:41 +0800] "GET /xingrg/dwr/interface/AjaxComOrderService.js HTTP/1.1" 200 18264
114.88.156.246 - - [12/Apr/2021:09:45:41 +0800] "GET /xingrg/dwr/interface/AjaxCheckService.js HTTP/1.1" 200 14003
114.88.156.246 - - [12/Apr/2021:09:45:41 +0800] "GET /xingrg/dwr/engine.js HTTP/1.1" 200 43631
180.169.147.146 - - [12/Apr/2021:09:45:41 +0800] "POST /xingrg/dwr/call/plaincall/AjaxCheckService.setItemNumber.dwr HTTP/1.1" 200 77
222.70.217.33 - - [12/Apr/2021:09:45:42 +0800] "GET /xingrg/kc/buy/cgsh_order_operate.html?command=get_materiel&rest_code=00155&code=00101008284&supplier_code=00100037&order_time=2021-04-12 HTTP/1.1" 200 412
180.169.147.146 - - [12/Apr/2021:09:45:43 +0800] "POST /xingrg/dwr/call/plaincall/AjaxCheckService.setItemNumber.dwr HTTP/1.1" 200 77
61.165.42.208 - - [12/Apr/2021:09:45:43 +0800] "GET /xingrg/all/function/internal_message.html?_=1618191946032&CODE_STATE=getMsg HTTP/1.1" 200 27
124.77.71.179 - - [12/Apr/2021:09:45:43 +0800] "POST /xingrg/dwr/call/plaincall/AjaxQqpsService.getMaterielByCode.dwr HTTP/1.1" 200 3499
114.88.156.246 - - [12/Apr/2021:09:45:44 +0800] "POST /xingrg/dwr/call/plaincall/AjaxCheckService.loadOrderItems.dwr HTTP/1.1" 200 54698
180.169.147.146 - - [12/Apr/2021:09:45:45 +0800] "POST /xingrg/dwr/call/plaincall/AjaxCheckService.setItemNumber.dwr HTTP/1.1" 200 77
114.88.167.174 - - [12/Apr/2021:09:45:45 +0800] "POST /xingrg/dwr/call/plaincall/AjaxCheckService.setItemNumber.dwr HTTP/1.1" 200 76
180.169.147.146 - - [12/Apr/2021:09:45:46 +0800] "POST /xingrg/dwr/call/plaincall/AjaxCheckService.setItemNumber.dwr HTTP/1.1" 200 77
180.169.147.146 - - [12/Apr/2021:09:45:47 +0800] "POST /xingrg/dwr/call/plaincall/AjaxCheckService.setItemNumber.dwr HTTP/1.1" 200 77
114.88.167.174 - - [12/Apr/2021:09:45:47 +0800] "POST /xingrg/dwr/call/plaincall/AjaxCheckService.setItemNumber.dwr HTTP/1.1" 200 76
120.253.135.82 - - [12/Apr/2021:09:45:47 +0800] "GET /xingrg/all/function/internal_message.html?_=1618191982916&CODE_STATE=getMsg HTTP/1.1" 200 27
180.169.147.146 - - [12/Apr/2021:09:45:48 +0800] "POST /xingrg/dwr/call/plaincall/AjaxCheckService.setItemNumber.dwr HTTP/1.1" 200 77
114.88.167.174 - - [12/Apr/2021:09:45:48 +0800] "POST /xingrg/dwr/call/plaincall/AjaxCheckService.setItemNumber.dwr HTTP/1.1" 200 76
180.169.147.146 - - [12/Apr/2021:09:45:48 +0800] "POST /xingrg/dwr/call/plaincall/AjaxCheckService.setItemNumber.dwr HTTP/1.1" 200 77
124.77.71.179 - - [12/Apr/2021:09:45:49 +0800] "POST /xingrg/dwr/call/plaincall/AjaxQqpsService.saveMaterielItem.dwr HTTP/1.1" 200 78
222.70.217.33 - - [12/Apr/2021:09:45:49 +0800] "GET /xingrg/kc/buy/cgsh_order_operate.html?command=get_materiel&rest_code=00155&code=00101009004&supplier_code=00100037&order_time=2021-04-12 HTTP/1.1" 200 409
180.169.147.146 - - [12/Apr/2021:09:45:49 +0800] "POST /xingrg/dwr/call/plaincall/AjaxCheckService.setItemNumber.dwr HTTP/1.1" 200 77
114.88.167.174 - - [12/Apr/2021:09:45:49 +0800] "POST /xingrg/dwr/call/plaincall/AjaxCheckService.setItemNumber.dwr HTTP/1.1" 200 76
180.169.147.146 - - [12/Apr/2021:09:45:50 +0800] "POST /xingrg/dwr/call/plaincall/AjaxCheckService.setItemNumber.dwr HTTP/1.1" 200 77
101.85.94.178 - - [12/Apr/2021:09:45:51 +0800] "GET /xingrg HTTP/1.1" 302 -
101.85.94.178 - - [12/Apr/2021:09:45:51 +0800] "GET /xingrg/ HTTP/1.1" 200 292
114.88.167.174 - - [12/Apr/2021:09:45:51 +0800] "POST /xingrg/dwr/call/plaincall/AjaxCheckService.setItemNumber.dwr HTTP/1.1" 200 76
101.85.94.178 - - [12/Apr/2021:09:45:51 +0800] "GET /xingrg/index.html HTTP/1.1" 302 -
101.85.94.178 - - [12/Apr/2021:09:45:51 +0800] "GET /xingrg/login.html HTTP/1.1" 200 7641
101.85.94.178 - - [12/Apr/2021:09:45:51 +0800] "GET /favicon.ico HTTP/1.1" 404 -
101.85.94.178 - - [12/Apr/2021:09:45:51 +0800] "GET /xingrg/images/blue/jxLogo.png HTTP/1.1" 200 6156
101.85.94.178 - - [12/Apr/2021:09:45:52 +0800] "GET /xingrg/images/blue/hj.png HTTP/1.1" 200 1014
101.85.94.178 - - [12/Apr/2021:09:45:52 +0800] "GET /xingrg/images/blue/srbg.png HTTP/1.1" 200 138
101.85.94.178 - - [12/Apr/2021:09:45:52 +0800] "GET /xingrg/images/blue/login_bg.png HTTP/1.1" 200 22101
101.85.94.178 - - [12/Apr/2021:09:45:52 +0800] "GET /favicon.ico HTTP/1.1" 404 -
180.169.147.146 - - [12/Apr/2021:09:45:52 +0800] "POST /xingrg/dwr/call/plaincall/AjaxCheckService.setItemNumber.dwr HTTP/1.1" 200 77
114.88.167.174 - - [12/Apr/2021:09:45:52 +0800] "POST /xingrg/dwr/call/plaincall/AjaxCheckService.setItemNumber.dwr HTTP/1.1" 200 77
180.169.147.146 - - [12/Apr/2021:09:45:53 +0800] "POST /xingrg/dwr/call/plaincall/AjaxCheckService.setItemNumber.dwr HTTP/1.1" 200 77
114.88.167.174 - - [12/Apr/2021:09:45:53 +0800] "POST /xingrg/dwr/call/plaincall/AjaxCheckService.setItemNumber.dwr HTTP/1.1" 200 77
180.169.147.146 - - [12/Apr/2021:09:45:54 +0800] "POST /xingrg/dwr/call/plaincall/AjaxCheckService.setItemNumber.dwr HTTP/1.1" 200 77
101.85.94.178 - - [12/Apr/2021:09:45:54 +0800] "POST /xingrg/login.do HTTP/1.1" 302 -
101.85.94.178 - - [12/Apr/2021:09:45:54 +0800] "GET /xingrg/index.html?sysBaseUrl=http%3A%2F%2F180.169.147.146%3A18081%2Fxingrg%2F&costTime=45×tamp=1618191954454 HTTP/1.1" 200 17179
101.85.94.178 - - [12/Apr/2021:09:45:54 +0800] "GET /xingrg/javascript/jquery_easy_ui/themes/icon.css HTTP/1.1" 200 3949
101.85.94.178 - - [12/Apr/2021:09:45:54 +0800] "GET /xingrg/javascript/jquery_easy_ui/jquery.easyui.min.js HTTP/1.1" 200 213662
101.85.94.178 - - [12/Apr/2021:09:45:54 +0800] "GET /xingrg/css/form.css HTTP/1.1" 200 893
101.85.94.178 - - [12/Apr/2021:09:45:54 +0800] "GET /xingrg/javascript/jquery-1.4.2.min.js HTTP/1.1" 200 72205
101.85.94.178 - - [12/Apr/2021:09:45:54 +0800] "GET /xingrg/javascript/jquery.timers.js HTTP/1.1" 200 3532
101.85.94.178 - - [12/Apr/2021:09:45:54 +0800] "GET /xingrg/javascript/jquery_easy_ui/easyui-lang-zh_CN.js HTTP/1.1" 200 1900
101.85.94.178 - - [12/Apr/2021:09:45:54 +0800] "GET /xingrg/javascript/jquery.utils.js HTTP/1.1" 200 11805
101.85.94.178 - - [12/Apr/2021:09:45:54 +0800] "GET /xingrg/javascript/jquery.form.js HTTP/1.1" 200 23110
101.85.94.178 - - [12/Apr/2021:09:45:54 +0800] "GET /xingrg/javascript/jquery_easy_ui/themes/default/easyui.css HTTP/1.1" 200 26500
101.85.94.178 - - [12/Apr/2021:09:45:54 +0800] "GET /favicon.ico HTTP/1.1" 404 -
101.85.94.178 - - [12/Apr/2021:09:45:54 +0800] "GET /xingrg/javascript/jquery_easy_ui/themes/icons/settle_new.png HTTP/1.1" 200 826
101.85.94.178 - - [12/Apr/2021:09:45:54 +0800] "GET /xingrg/images/blue/navBackgound.jpg HTTP/1.1" 200 12378
180.169.147.146 - - [12/Apr/2021:09:45:54 +0800] "POST /xingrg/dwr/call/plaincall/AjaxCheckService.setItemNumber.dwr HTTP/1.1" 200 77
101.85.94.178 - - [12/Apr/2021:09:45:55 +0800] "POST /xingrg/all/common/load_tree.html?tree=area_rest_tree_json&manage=1 HTTP/1.1" 200 351
114.88.167.174 - - [12/Apr/2021:09:45:55 +0800] "POST /xingrg/dwr/call/plaincall/AjaxCheckService.setItemNumber.dwr HTTP/1.1" 200 77
101.85.94.178 - - [12/Apr/2021:09:45:56 +0800] "GET /xingrg/javascript/jquery_easy_ui/themes/default/images/tabs_rightarrow.png HTTP/1.1" 200 395
101.85.94.178 - - [12/Apr/2021:09:45:56 +0800] "GET /xingrg/javascript/jquery_easy_ui/themes/default/images/panel_tool_collapse.gif HTTP/1.1" 200 246
101.85.94.178 - - [12/Apr/2021:09:45:56 +0800] "GET /xingrg/all/function/internal_message.html?_=1618191502492&CODE_STATE=count HTTP/1.1" 200 11
101.85.94.178 - - [12/Apr/2021:09:45:56 +0800] "GET /xingrg/images/blue/pingpu.png HTTP/1.1" 200 231
101.85.94.178 - - [12/Apr/2021:09:45:56 +0800] "GET /xingrg/javascript/jquery_easy_ui/themes/default/images/tabs_leftarrow.png HTTP/1.1" 200 389
101.85.94.178 - - [12/Apr/2021:09:45:56 +0800] "GET /xingrg/check_reg.html?_=1618191502493 HTTP/1.1" 200 22
101.85.94.178 - - [12/Apr/2021:09:45:56 +0800] "GET /xingrg/javascript/jquery_easy_ui/themes/default/images/tree_arrows.gif HTTP/1.1" 200 1043
101.85.94.178 - - [12/Apr/2021:09:45:56 +0800] "POST /xingrg/load_menu.html HTTP/1.1" 200 5138
180.169.147.146 - - [12/Apr/2021:09:45:56 +0800] "POST /xingrg/dwr/call/plaincall/AjaxCheckService.setItemNumber.dwr HTTP/1.1" 200 77
101.85.94.178 - - [12/Apr/2021:09:45:56 +0800] "GET /xingrg/javascript/jquery_easy_ui/themes/default/images/tree_folder_open.gif HTTP/1.1" 200 956
101.85.94.178 - - [12/Apr/2021:09:45:56 +0800] "GET /xingrg/javascript/jquery_easy_ui/themes/icons/search_new.png HTTP/1.1" 200 586
101.85.94.178 - - [12/Apr/2021:09:45:56 +0800] "GET /xingrg/javascript/jquery_easy_ui/themes/default/images/tree_folder.gif HTTP/1.1" 200 952
101.85.94.178 - - [12/Apr/2021:09:45:56 +0800] "GET /xingrg/javascript/jquery_easy_ui/themes/icons/storage_new.png HTTP/1.1" 200 853
101.85.94.178 - - [12/Apr/2021:09:45:56 +0800] "GET /xingrg/javascript/jquery_easy_ui/themes/icons/forms_new.png HTTP/1.1" 200 350
101.85.94.178 - - [12/Apr/2021:09:45:56 +0800] "GET /xingrg/javascript/jquery_easy_ui/themes/default/images/tree_file.gif HTTP/1.1" 200 118
114.88.167.174 - - [12/Apr/2021:09:45:57 +0800] "POST /xingrg/dwr/call/plaincall/AjaxCheckService.setItemNumber.dwr HTTP/1.1" 200 77
222.70.217.33 - - [12/Apr/2021:09:45:57 +0800] "GET /xingrg/kc/buy/cgsh_order_operate.html?command=get_materiel&rest_code=00155&code=00101008457&supplier_code=00100037&order_time=2021-04-12 HTTP/1.1" 200 398
180.169.147.146 - - [12/Apr/2021:09:45:58 +0800] "POST /xingrg/dwr/call/plaincall/AjaxCheckService.setItemNumber.dwr HTTP/1.1" 200 77
114.88.167.174 - - [12/Apr/2021:09:45:58 +0800] "POST /xingrg/dwr/call/plaincall/AjaxCheckService.setItemNumber.dwr HTTP/1.1" 200 77
180.169.147.146 - - [12/Apr/2021:09:45:59 +0800] "POST /xingrg/dwr/call/plaincall/AjaxCheckService.setItemNumber.dwr HTTP/1.1" 200 77
114.86.187.76 - - [12/Apr/2021:09:45:59 +0800] "GET /xingrg/all/function/internal_message.html?_=1618191962370&CODE_STATE=getMsg HTTP/1.1" 200 27
180.169.147.146 - - [12/Apr/2021:09:46:00 +0800] "POST /xingrg/dwr/call/plaincall/AjaxCheckService.setItemNumber.dwr HTTP/1.1" 200 77
124.77.71.179 - - [12/Apr/2021:09:46:00 +0800] "POST /xingrg/dwr/call/plaincall/AjaxQqpsService.getMaterielByCode.dwr HTTP/1.1" 200 3444
114.88.167.174 - - [12/Apr/2021:09:46:00 +0800] "POST /xingrg/dwr/call/plaincall/AjaxCheckService.setItemNumber.dwr HTTP/1.1" 200 77
180.169.147.146 - - [12/Apr/2021:09:46:00 +0800] "POST /xingrg/dwr/call/plaincall/AjaxCheckService.setItemNumber.dwr HTTP/1.1" 200 77
114.88.167.174 - - [12/Apr/2021:09:46:01 +0800] "POST /xingrg/dwr/call/plaincall/AjaxCheckService.setItemNumber.dwr HTTP/1.1" 200 77
124.77.71.179 - - [12/Apr/2021:09:46:01 +0800] "POST /xingrg/dwr/call/plaincall/AjaxQqpsService.saveMaterielItem.dwr HTTP/1.1" 200 78
101.85.94.178 - - [12/Apr/2021:09:46:02 +0800] "GET /xingrg/javascript/jquery_easy_ui/themes/default/images/tabs_close.gif HTTP/1.1" 200 829
101.85.94.178 - - [12/Apr/2021:09:46:02 +0800] "GET /xingrg/css/site.css HTTP/1.1" 200 7541
101.85.94.178 - - [12/Apr/2021:09:46:02 +0800] "GET /xingrg/javascript/jquery_tools/datebox.css HTTP/1.1" 200 2597
101.85.94.178 - - [12/Apr/2021:09:46:02 +0800] "GET /xingrg/kc/mdqp/pssh_order_list.html HTTP/1.1" 200 17097
101.85.94.178 - - [12/Apr/2021:09:46:02 +0800] "GET /xingrg/javascript/easyui/themes/icon.css HTTP/1.1" 200 4483
101.85.94.178 - - [12/Apr/2021:09:46:02 +0800] "GET /xingrg/javascript/auto/jquery.autocomplete.css HTTP/1.1" 200 587
101.85.94.178 - - [12/Apr/2021:09:46:02 +0800] "GET /xingrg/javascript/jquery_tools/fix.css HTTP/1.1" 200 1702
101.85.94.178 - - [12/Apr/2021:09:46:02 +0800] "GET /xingrg/javascript/jquery_tools/table.css HTTP/1.1" 200 1032
101.85.94.178 - - [12/Apr/2021:09:46:02 +0800] "GET /xingrg/javascript/jquery_tools/jquery.tools.min.js HTTP/1.1" 200 138801
101.85.94.178 - - [12/Apr/2021:09:46:02 +0800] "GET /xingrg/javascript/jquery_tools/jquery.tools.hotkey.js HTTP/1.1" 200 3242
101.85.94.178 - - [12/Apr/2021:09:46:02 +0800] "GET /xingrg/css/base.css HTTP/1.1" 200 2811
101.85.94.178 - - [12/Apr/2021:09:46:02 +0800] "GET /xingrg/javascript/jquery_tools/jquery.tools.extend.js HTTP/1.1" 200 15385
101.85.94.178 - - [12/Apr/2021:09:46:02 +0800] "GET /xingrg/javascript/jquery_tools/jquery.tools.table.js HTTP/1.1" 200 6994
101.85.94.178 - - [12/Apr/2021:09:46:02 +0800] "GET /xingrg/javascript/jquery.cookie.js HTTP/1.1" 200 5513
101.85.94.178 - - [12/Apr/2021:09:46:02 +0800] "GET /xingrg/javascript/jquery_tools/list_manager.js HTTP/1.1" 200 3652
101.85.94.178 - - [12/Apr/2021:09:46:02 +0800] "GET /xingrg/javascript/easyui/easyloader.js HTTP/1.1" 200 5975
101.85.94.178 - - [12/Apr/2021:09:46:02 +0800] "GET /xingrg/javascript/easyui/themes/default/easyui.css HTTP/1.1" 200 30432
101.85.94.178 - - [12/Apr/2021:09:46:02 +0800] "GET /xingrg/javascript/auto/jquery.autocomplete.js HTTP/1.1" 200 21624
114.88.167.174 - - [12/Apr/2021:09:46:02 +0800] "POST /xingrg/dwr/call/plaincall/AjaxCheckService.setItemNumber.dwr HTTP/1.1" 200 77
180.169.147.146 - - [12/Apr/2021:09:46:02 +0800] "POST /xingrg/dwr/call/plaincall/AjaxCheckService.setItemNumber.dwr HTTP/1.1" 200 77
101.85.94.178 - - [12/Apr/2021:09:46:02 +0800] "GET /xingrg/javascript/easyui/themes/icons/field_new.png HTTP/1.1" 200 1097
101.85.94.178 - - [12/Apr/2021:09:46:03 +0800] "GET /xingrg/javascript/easyui/plugins/jquery.parser.js HTTP/1.1" 200 1142
101.85.94.178 - - [12/Apr/2021:09:46:03 +0800] "GET /xingrg/images/control/ajaxLoader.gif HTTP/1.1" 200 4659
101.85.94.178 - - [12/Apr/2021:09:46:03 +0800] "POST /xingrg/kc/mdqp/pssh_list_operate.html HTTP/1.1" 200 5455
116.224.253.72 - - [12/Apr/2021:09:46:03 +0800] "GET /xingrg/all/function/internal_message.html?_=1618191964471&CODE_STATE=getMsg HTTP/1.1" 200 27
180.169.147.146 - - [12/Apr/2021:09:46:04 +0800] "POST /xingrg/dwr/call/plaincall/AjaxCheckService.setItemNumber.dwr HTTP/1.1" 200 77
116.232.52.219 - - [12/Apr/2021:09:46:05 +0800] "GET /xingrg/all/function/internal_message.html?_=1618191968215&CODE_STATE=getMsg HTTP/1.1" 200 27
114.88.167.174 - - [12/Apr/2021:09:46:05 +0800] "POST /xingrg/dwr/call/plaincall/AjaxCheckService.setItemNumber.dwr HTTP/1.1" 200 77
101.85.94.178 - - [12/Apr/2021:09:46:05 +0800] "POST /xingrg/kc/mdqp/pssh_list_operate.html HTTP/1.1" 200 792
180.169.147.146 - - [12/Apr/2021:09:46:05 +0800] "POST /xingrg/dwr/call/plaincall/AjaxCheckService.setItemNumber.dwr HTTP/1.1" 200 77
101.85.94.178 - - [12/Apr/2021:09:46:05 +0800] "GET /xingrg/kc/mdqp/pssh_order_info.html?code=312021041200304 HTTP/1.1" 200 17279
101.85.94.178 - - [12/Apr/2021:09:46:05 +0800] "GET /xingrg/javascript/jquery_tools/jquery-1.4.2.min.js HTTP/1.1" 404 1094
101.85.94.178 - - [12/Apr/2021:09:46:05 +0800] "GET /xingrg/javascript/pic_change.js HTTP/1.1" 200 4739
101.85.94.178 - - [12/Apr/2021:09:46:05 +0800] "GET /xingrg/javascript/convert.js HTTP/1.1" 200 1239
101.85.94.178 - - [12/Apr/2021:09:46:05 +0800] "GET /xingrg/javascript/print/LodopFuncs.js HTTP/1.1" 200 5121
101.85.94.178 - - [12/Apr/2021:09:46:05 +0800] "GET /xingrg/words/20210411110049_words.js HTTP/1.1" 200 804593
101.85.94.178 - - [12/Apr/2021:09:46:05 +0800] "GET /xingrg/javascript/json2.js HTTP/1.1" 200 11259
101.85.94.178 - - [12/Apr/2021:09:46:05 +0800] "GET /xingrg/javascript/print/kc_print.js HTTP/1.1" 200 11415
101.85.94.178 - - [12/Apr/2021:09:46:05 +0800] "GET /xingrg/javascript/jquery_tools/order_manager.js HTTP/1.1" 200 11183
222.70.217.33 - - [12/Apr/2021:09:46:05 +0800] "GET /xingrg/kc/buy/cgsh_order_operate.html?command=get_materiel&rest_code=00155&code=00101008255&supplier_code=00100037&order_time=2021-04-12 HTTP/1.1" 200 412
101.85.94.178 - - [12/Apr/2021:09:46:06 +0800] "GET /xingrg/javascript/easyui/themes/icons/cance_new.png HTTP/1.1" 200 3986
101.85.94.178 - - [12/Apr/2021:09:46:06 +0800] "GET /xingrg/javascript/easyui/themes/icons/ok.png HTTP/1.1" 200 883
101.85.94.178 - - [12/Apr/2021:09:46:06 +0800] "GET /xingrg/javascript/easyui/themes/icons/check_new.png HTTP/1.1" 200 3224
101.85.94.178 - - [12/Apr/2021:09:46:06 +0800] "GET /xingrg/javascript/easyui/themes/icons/print.png HTTP/1.1" 200 1057
101.85.94.178 - - [12/Apr/2021:09:46:06 +0800] "GET /xingrg/javascript/easyui/themes/icons/back_new.png HTTP/1.1" 200 3414
101.85.94.178 - - [12/Apr/2021:09:46:06 +0800] "GET /xingrg/javascript/easyui/themes/default/images/menu_downarrow.png HTTP/1.1" 200 173
114.88.167.174 - - [12/Apr/2021:09:46:06 +0800] "POST /xingrg/dwr/call/plaincall/AjaxCheckService.setItemNumber.dwr HTTP/1.1" 200 77
101.85.94.178 - - [12/Apr/2021:09:46:06 +0800] "GET /xingrg/all/common/auto_word.html?type=base&rest_code=00142&rest_code=00142 HTTP/1.1" 200 665
101.85.94.178 - - [12/Apr/2021:09:46:06 +0800] "GET /xingrg/all/common/auto_word.html?type=employee&rest_code=00142 HTTP/1.1" 200 105
101.85.94.178 - - [12/Apr/2021:09:46:06 +0800] "GET /xingrg/javascript/easyui/themes/default/validatebox.css HTTP/1.1" 404 1104
101.85.94.178 - - [12/Apr/2021:09:46:06 +0800] "GET /xingrg/javascript/easyui/plugins/jquery.validatebox.js HTTP/1.1" 200 6103
101.85.94.178 - - [12/Apr/2021:09:46:06 +0800] "GET /xingrg/javascript/easyui/plugins/jquery.numberbox.js HTTP/1.1" 200 5213
101.85.94.178 - - [12/Apr/2021:09:46:06 +0800] "POST /xingrg/kc/mdqp/pssh_order_operate.html HTTP/1.1" 200 11180
180.169.147.146 - - [12/Apr/2021:09:46:06 +0800] "POST /xingrg/dwr/call/plaincall/AjaxCheckService.setItemNumber.dwr HTTP/1.1" 200 77
114.88.167.174 - - [12/Apr/2021:09:46:07 +0800] "POST /xingrg/dwr/call/plaincall/AjaxCheckService.setItemNumber.dwr HTTP/1.1" 200 77
180.169.147.146 - - [12/Apr/2021:09:46:08 +0800] "POST /xingrg/dwr/call/plaincall/AjaxCheckService.setItemNumber.dwr HTTP/1.1" 200 77
180.169.147.146 - - [12/Apr/2021:09:46:09 +0800] "POST /xingrg/dwr/call/plaincall/AjaxCheckService.setItemNumber.dwr HTTP/1.1" 200 77
114.88.167.174 - - [12/Apr/2021:09:46:09 +0800] "POST /xingrg/dwr/call/plaincall/AjaxCheckService.setItemNumber.dwr HTTP/1.1" 200 77
124.77.71.179 - - [12/Apr/2021:09:46:10 +0800] "POST /xingrg/dwr/call/plaincall/AjaxQqpsService.getMaterielByCode.dwr HTTP/1.1" 200 3509
180.169.147.146 - - [12/Apr/2021:09:46:10 +0800] "POST /xingrg/dwr/call/plaincall/AjaxCheckService.setItemNumber.dwr HTTP/1.1" 200 77
114.88.167.174 - - [12/Apr/2021:09:46:10 +0800] "POST /xingrg/dwr/call/plaincall/AjaxCheckService.setItemNumber.dwr HTTP/1.1" 200 77
114.88.167.174 - - [12/Apr/2021:09:46:11 +0800] "GET /xingrg/all/function/internal_message.html?_=1618191969106&CODE_STATE=getMsg HTTP/1.1" 200 27
180.169.147.146 - - [12/Apr/2021:09:46:11 +0800] "GET /xingrg/all/function/internal_message.html?_=1618191972743&CODE_STATE=getMsg HTTP/1.1" 200 27
180.169.147.146 - - [12/Apr/2021:09:46:12 +0800] "POST /xingrg/dwr/call/plaincall/AjaxCheckService.setItemNumber.dwr HTTP/1.1" 200 77
114.88.167.174 - - [12/Apr/2021:09:46:12 +0800] "POST /xingrg/dwr/call/plaincall/AjaxCheckService.setItemNumber.dwr HTTP/1.1" 200 77
124.77.71.179 - - [12/Apr/2021:09:46:12 +0800] "POST /xingrg/dwr/call/plaincall/AjaxQqpsService.saveMaterielItem.dwr HTTP/1.1" 200 79
222.69.130.42 - - [12/Apr/2021:09:46:13 +0800] "GET /xingrg/all/function/internal_message.html?_=1618191973789&CODE_STATE=getMsg HTTP/1.1" 200 27
114.88.167.174 - - [12/Apr/2021:09:46:13 +0800] "POST /xingrg/dwr/call/plaincall/AjaxCheckService.setItemNumber.dwr HTTP/1.1" 200 77
114.88.167.174 - - [12/Apr/2021:09:46:15 +0800] "POST /xingrg/dwr/call/plaincall/AjaxCheckService.setItemNumber.dwr HTTP/1.1" 200 77
124.77.71.179 - - [12/Apr/2021:09:46:15 +0800] "POST /xingrg/dwr/call/plaincall/AjaxQqpsService.checkOrder.dwr HTTP/1.1" 200 79
116.224.253.72 - - [12/Apr/2021:09:46:15 +0800] "GET /xingrg/check_reg.html?_=1618191970295 HTTP/1.1" 200 22
116.224.253.72 - - [12/Apr/2021:09:46:15 +0800] "GET /xingrg/all/function/internal_message.html?_=1618191970353&CODE_STATE=getMsg HTTP/1.1" 200 27
114.88.167.174 - - [12/Apr/2021:09:46:16 +0800] "POST /xingrg/dwr/call/plaincall/AjaxCheckService.setItemNumber.dwr HTTP/1.1" 200 77
116.232.52.219 - - [12/Apr/2021:09:46:16 +0800] "GET /xingrg/javascript/jquery_tools/images/next.gif HTTP/1.1" 404 1086
116.232.52.219 - - [12/Apr/2021:09:46:16 +0800] "GET /xingrg/javascript/jquery_tools/images/prev.gif HTTP/1.1" 404 1086
114.88.156.246 - - [12/Apr/2021:09:46:16 +0800] "GET /xingrg/all/function/internal_message.html?_=1618192000456&CODE_STATE=getMsg HTTP/1.1" 200 27
114.88.167.174 - - [12/Apr/2021:09:46:17 +0800] "POST /xingrg/dwr/call/plaincall/AjaxCheckService.setItemNumber.dwr HTTP/1.1" 200 77
124.77.71.179 - - [12/Apr/2021:09:46:18 +0800] "GET /xingrg/kc/mdqp/qqps_order_info.html?code=302021041200216 HTTP/1.1" 200 26645
180.169.147.146 - - [12/Apr/2021:09:46:18 +0800] "POST /xingrg/dwr/call/plaincall/AjaxCheckService.setItemNumber.dwr HTTP/1.1" 200 77
124.77.71.179 - - [12/Apr/2021:09:46:18 +0800] "GET /xingrg/dwr/interface/AjaxComOrderService.js HTTP/1.1" 200 18264
124.77.71.179 - - [12/Apr/2021:09:46:18 +0800] "GET /xingrg/dwr/interface/AjaxQqpsService.js HTTP/1.1" 200 16326
124.77.71.179 - - [12/Apr/2021:09:46:18 +0800] "GET /xingrg/dwr/engine.js HTTP/1.1" 200 43631
114.88.167.174 - - [12/Apr/2021:09:46:19 +0800] "POST /xingrg/dwr/call/plaincall/AjaxCheckService.setItemNumber.dwr HTTP/1.1" 200 77
124.77.71.179 - - [12/Apr/2021:09:46:20 +0800] "POST /xingrg/dwr/call/plaincall/AjaxQqpsService.loadMaterielItems.dwr HTTP/1.1" 200 1581
114.88.167.174 - - [12/Apr/2021:09:46:21 +0800] "POST /xingrg/dwr/call/plaincall/AjaxCheckService.setItemNumber.dwr HTTP/1.1" 200 77
180.169.147.146 - - [12/Apr/2021:09:46:21 +0800] "POST /xingrg/dwr/call/plaincall/AjaxCheckService.setItemNumber.dwr HTTP/1.1" 200 77
114.88.167.174 - - [12/Apr/2021:09:46:22 +0800] "POST /xingrg/dwr/call/plaincall/AjaxCheckService.setItemNumber.dwr HTTP/1.1" 200 77
180.169.147.146 - - [12/Apr/2021:09:46:23 +0800] "POST /xingrg/dwr/call/plaincall/AjaxCheckService.setItemNumber.dwr HTTP/1.1" 200 77
180.169.147.146 - - [12/Apr/2021:09:46:23 +0800] "POST /xingrg/dwr/call/plaincall/AjaxCheckService.setItemNumber.dwr HTTP/1.1" 200 77
114.88.167.174 - - [12/Apr/2021:09:46:24 +0800] "POST /xingrg/dwr/call/plaincall/AjaxCheckService.setItemNumber.dwr HTTP/1.1" 200 77
180.169.147.146 - - [12/Apr/2021:09:46:26 +0800] "POST /xingrg/dwr/call/plaincall/AjaxCheckService.setItemNumber.dwr HTTP/1.1" 200 77
116.230.114.112 - - [12/Apr/2021:09:46:27 +0800] "GET /xingrg/all/function/internal_message.html?_=1618191989671&CODE_STATE=getMsg HTTP/1.1" 200 27
180.169.147.146 - - [12/Apr/2021:09:46:27 +0800] "GET /xingrg/all/function/internal_message.html?_=1618191986616&CODE_STATE=getMsg HTTP/1.1" 200 27
114.88.167.174 - - [12/Apr/2021:09:46:27 +0800] "POST /xingrg/dwr/call/plaincall/AjaxCheckService.setItemNumber.dwr HTTP/1.1" 200 77
180.169.147.146 - - [12/Apr/2021:09:46:27 +0800] "POST /xingrg/dwr/call/plaincall/AjaxCheckService.setItemNumber.dwr HTTP/1.1" 200 77
180.169.147.146 - - [12/Apr/2021:09:46:28 +0800] "POST /xingrg/dwr/call/plaincall/AjaxCheckService.setItemNumber.dwr HTTP/1.1" 200 77
114.88.167.174 - - [12/Apr/2021:09:46:29 +0800] "POST /xingrg/dwr/call/plaincall/AjaxCheckService.setItemNumber.dwr HTTP/1.1" 200 77
116.232.52.219 - - [12/Apr/2021:09:46:29 +0800] "GET /xingrg/kc/buy/cgsh_order_operate.html?command=get_materiel&rest_code=00109&code=00101009049&supplier_code=00100022&order_time=2021-04-12 HTTP/1.1" 200 416
180.169.147.146 - - [12/Apr/2021:09:46:29 +0800] "POST /xingrg/dwr/call/plaincall/AjaxCheckService.setItemNumber.dwr HTTP/1.1" 200 77
114.88.167.174 - - [12/Apr/2021:09:46:30 +0800] "POST /xingrg/dwr/call/plaincall/AjaxCheckService.setItemNumber.dwr HTTP/1.1" 200 77
114.88.156.246 - - [12/Apr/2021:09:46:32 +0800] "GET /xingrg/all/function/internal_message.html?_=1618191996136&CODE_STATE=getMsg HTTP/1.1" 200 27
222.70.217.33 - - [12/Apr/2021:09:46:32 +0800] "GET /xingrg/all/function/internal_message.html?_=1618191993509&CODE_STATE=getMsg HTTP/1.1" 200 27
180.169.147.146 - - [12/Apr/2021:09:46:32 +0800] "POST /xingrg/dwr/call/plaincall/AjaxCheckService.setItemNumber.dwr HTTP/1.1" 200 77
114.88.167.174 - - [12/Apr/2021:09:46:33 +0800] "POST /xingrg/dwr/call/plaincall/AjaxCheckService.setItemNumber.dwr HTTP/1.1" 200 77
