222.70.217.33 - - [12/Apr/2021:09:37:55 +0800] "POST /xingrg/dwr/call/plaincall/AjaxCheckService.setItemNumber.dwr HTTP/1.1" 200 78
222.70.217.33 - - [12/Apr/2021:09:37:55 +0800] "POST /xingrg/dwr/call/plaincall/AjaxCheckService.setItemNumber.dwr HTTP/1.1" 200 78
222.70.217.33 - - [12/Apr/2021:09:37:58 +0800] "POST /xingrg/dwr/call/plaincall/AjaxCheckService.setItemNumber.dwr HTTP/1.1" 200 78
222.70.217.33 - - [12/Apr/2021:09:37:58 +0800] "POST /xingrg/dwr/call/plaincall/AjaxCheckService.setItemNumber.dwr HTTP/1.1" 200 78
222.70.217.33 - - [12/Apr/2021:09:37:59 +0800] "POST /xingrg/dwr/call/plaincall/AjaxCheckService.setItemNumber.dwr HTTP/1.1" 200 78
116.224.253.72 - - [12/Apr/2021:09:37:59 +0800] "GET /xingrg/all/function/internal_message.html?_=1618191473574&CODE_STATE=getMsg HTTP/1.1" 200 27
222.70.217.33 - - [12/Apr/2021:09:37:59 +0800] "POST /xingrg/dwr/call/plaincall/AjaxCheckService.setItemNumber.dwr HTTP/1.1" 200 78
114.86.187.76 - - [12/Apr/2021:09:37:59 +0800] "GET /xingrg/all/function/internal_message.html?_=1618191482215&CODE_STATE=getMsg HTTP/1.1" 200 27
222.70.217.33 - - [12/Apr/2021:09:37:59 +0800] "POST /xingrg/dwr/call/plaincall/AjaxCheckService.setItemNumber.dwr HTTP/1.1" 200 78
222.70.217.33 - - [12/Apr/2021:09:38:00 +0800] "POST /xingrg/dwr/call/plaincall/AjaxCheckService.setItemNumber.dwr HTTP/1.1" 200 78
222.70.217.33 - - [12/Apr/2021:09:38:00 +0800] "POST /xingrg/dwr/call/plaincall/AjaxCheckService.setItemNumber.dwr HTTP/1.1" 200 78
222.70.217.33 - - [12/Apr/2021:09:38:01 +0800] "POST /xingrg/dwr/call/plaincall/AjaxCheckService.setItemNumber.dwr HTTP/1.1" 200 78
222.70.217.33 - - [12/Apr/2021:09:38:01 +0800] "POST /xingrg/dwr/call/plaincall/AjaxCheckService.setItemNumber.dwr HTTP/1.1" 200 78
222.70.217.33 - - [12/Apr/2021:09:38:02 +0800] "POST /xingrg/dwr/call/plaincall/AjaxCheckService.setItemNumber.dwr HTTP/1.1" 200 78
222.70.217.33 - - [12/Apr/2021:09:38:03 +0800] "POST /xingrg/dwr/call/plaincall/AjaxCheckService.setItemNumber.dwr HTTP/1.1" 200 78
222.70.217.33 - - [12/Apr/2021:09:38:03 +0800] "POST /xingrg/dwr/call/plaincall/AjaxCheckService.setItemNumber.dwr HTTP/1.1" 200 78
222.70.217.33 - - [12/Apr/2021:09:38:04 +0800] "POST /xingrg/dwr/call/plaincall/AjaxCheckService.setItemNumber.dwr HTTP/1.1" 200 78
222.70.217.33 - - [12/Apr/2021:09:38:04 +0800] "POST /xingrg/dwr/call/plaincall/AjaxCheckService.setItemNumber.dwr HTTP/1.1" 200 78
222.70.217.33 - - [12/Apr/2021:09:38:04 +0800] "POST /xingrg/dwr/call/plaincall/AjaxCheckService.setItemNumber.dwr HTTP/1.1" 200 78
116.232.52.219 - - [12/Apr/2021:09:38:05 +0800] "GET /xingrg/all/function/internal_message.html?_=1618191488197&CODE_STATE=getMsg HTTP/1.1" 200 27
222.70.217.33 - - [12/Apr/2021:09:38:05 +0800] "POST /xingrg/dwr/call/plaincall/AjaxCheckService.setItemNumber.dwr HTTP/1.1" 200 78
222.70.217.33 - - [12/Apr/2021:09:38:09 +0800] "POST /xingrg/dwr/call/plaincall/AjaxCheckService.setItemNumber.dwr HTTP/1.1" 200 78
222.70.217.33 - - [12/Apr/2021:09:38:09 +0800] "POST /xingrg/dwr/call/plaincall/AjaxCheckService.setItemNumber.dwr HTTP/1.1" 200 78
222.70.217.33 - - [12/Apr/2021:09:38:10 +0800] "POST /xingrg/dwr/call/plaincall/AjaxCheckService.setItemNumber.dwr HTTP/1.1" 200 78
222.70.217.33 - - [12/Apr/2021:09:38:10 +0800] "POST /xingrg/dwr/call/plaincall/AjaxCheckService.setItemNumber.dwr HTTP/1.1" 200 78
114.88.167.174 - - [12/Apr/2021:09:38:11 +0800] "GET /xingrg/all/function/internal_message.html?_=1618191488938&CODE_STATE=getMsg HTTP/1.1" 200 27
180.169.147.146 - - [12/Apr/2021:09:38:11 +0800] "GET /xingrg/all/function/internal_message.html?_=1618191492730&CODE_STATE=getMsg HTTP/1.1" 200 27
222.70.217.33 - - [12/Apr/2021:09:38:12 +0800] "POST /xingrg/dwr/call/plaincall/AjaxCheckService.setItemNumber.dwr HTTP/1.1" 200 78
222.70.217.33 - - [12/Apr/2021:09:38:12 +0800] "POST /xingrg/dwr/call/plaincall/AjaxCheckService.setItemNumber.dwr HTTP/1.1" 200 78
222.70.217.33 - - [12/Apr/2021:09:38:13 +0800] "POST /xingrg/dwr/call/plaincall/AjaxCheckService.setItemNumber.dwr HTTP/1.1" 200 78
222.69.130.42 - - [12/Apr/2021:09:38:13 +0800] "GET /xingrg/all/function/internal_message.html?_=1618191493914&CODE_STATE=getMsg HTTP/1.1" 200 27
222.70.217.33 - - [12/Apr/2021:09:38:13 +0800] "POST /xingrg/dwr/call/plaincall/AjaxCheckService.setItemNumber.dwr HTTP/1.1" 200 78
222.70.217.33 - - [12/Apr/2021:09:38:13 +0800] "POST /xingrg/dwr/call/plaincall/AjaxCheckService.setItemNumber.dwr HTTP/1.1" 200 78
114.88.156.246 - - [12/Apr/2021:09:38:16 +0800] "GET /xingrg/all/function/internal_message.html?_=1618191520668&CODE_STATE=getMsg HTTP/1.1" 200 27
222.70.217.33 - - [12/Apr/2021:09:38:18 +0800] "POST /xingrg/dwr/call/plaincall/AjaxCheckService.setItemNumber.dwr HTTP/1.1" 200 78
124.77.71.179 - - [12/Apr/2021:09:38:18 +0800] "POST /xingrg/kc/buy/cgsh_order_operate.html HTTP/1.1" 200 36378
222.70.217.33 - - [12/Apr/2021:09:38:20 +0800] "POST /xingrg/dwr/call/plaincall/AjaxCheckService.setItemNumber.dwr HTTP/1.1" 200 78
222.70.217.33 - - [12/Apr/2021:09:38:20 +0800] "POST /xingrg/dwr/call/plaincall/AjaxCheckService.setItemNumber.dwr HTTP/1.1" 200 78
222.70.217.33 - - [12/Apr/2021:09:38:21 +0800] "POST /xingrg/dwr/call/plaincall/AjaxCheckService.setItemNumber.dwr HTTP/1.1" 200 78
222.70.217.33 - - [12/Apr/2021:09:38:21 +0800] "POST /xingrg/dwr/call/plaincall/AjaxCheckService.setItemNumber.dwr HTTP/1.1" 200 78
222.70.217.33 - - [12/Apr/2021:09:38:22 +0800] "POST /xingrg/dwr/call/plaincall/AjaxCheckService.setItemNumber.dwr HTTP/1.1" 200 78
222.70.217.33 - - [12/Apr/2021:09:38:22 +0800] "POST /xingrg/dwr/call/plaincall/AjaxCheckService.setItemNumber.dwr HTTP/1.1" 200 78
222.70.217.33 - - [12/Apr/2021:09:38:23 +0800] "POST /xingrg/dwr/call/plaincall/AjaxCheckService.setItemNumber.dwr HTTP/1.1" 200 78
222.70.217.33 - - [12/Apr/2021:09:38:23 +0800] "POST /xingrg/dwr/call/plaincall/AjaxCheckService.setItemNumber.dwr HTTP/1.1" 200 78
222.70.217.33 - - [12/Apr/2021:09:38:23 +0800] "POST /xingrg/dwr/call/plaincall/AjaxCheckService.setItemNumber.dwr HTTP/1.1" 200 78
222.70.217.33 - - [12/Apr/2021:09:38:24 +0800] "POST /xingrg/dwr/call/plaincall/AjaxCheckService.setItemNumber.dwr HTTP/1.1" 200 78
222.70.217.33 - - [12/Apr/2021:09:38:25 +0800] "POST /xingrg/dwr/call/plaincall/AjaxCheckService.setItemNumber.dwr HTTP/1.1" 200 78
222.70.217.33 - - [12/Apr/2021:09:38:25 +0800] "POST /xingrg/dwr/call/plaincall/AjaxCheckService.setItemNumber.dwr HTTP/1.1" 200 78
222.70.217.33 - - [12/Apr/2021:09:38:25 +0800] "POST /xingrg/dwr/call/plaincall/AjaxCheckService.setItemNumber.dwr HTTP/1.1" 200 78
116.224.253.72 - - [12/Apr/2021:09:38:26 +0800] "GET /xingrg/kc/buy/cgsh_order_operate.html?command=get_materiel&rest_code=00151&code=00101011003&supplier_code=00100047&order_time=2021-04-12 HTTP/1.1" 200 413
222.70.217.33 - - [12/Apr/2021:09:38:26 +0800] "POST /xingrg/dwr/call/plaincall/AjaxCheckService.setItemNumber.dwr HTTP/1.1" 200 78
116.230.114.112 - - [12/Apr/2021:09:38:26 +0800] "GET /xingrg/all/function/internal_message.html?_=1618191509216&CODE_STATE=getMsg HTTP/1.1" 200 27
180.169.147.146 - - [12/Apr/2021:09:38:26 +0800] "GET /xingrg/all/function/internal_message.html?_=1618191505732&CODE_STATE=getMsg HTTP/1.1" 200 27
116.224.253.72 - - [12/Apr/2021:09:38:29 +0800] "GET /xingrg/all/function/internal_message.html?_=1618191510306&CODE_STATE=getMsg HTTP/1.1" 200 27
114.88.156.246 - - [12/Apr/2021:09:38:31 +0800] "GET /xingrg/check_reg.html?_=1618191515654 HTTP/1.1" 200 22
114.88.156.246 - - [12/Apr/2021:09:38:31 +0800] "GET /xingrg/all/function/internal_message.html?_=1618191515655&CODE_STATE=getMsg HTTP/1.1" 200 27
116.224.253.72 - - [12/Apr/2021:09:38:32 +0800] "GET /xingrg/kc/buy/cgsh_order_operate.html?command=get_materiel&rest_code=00151&code=00101011001&supplier_code=00100047&order_time=2021-04-12 HTTP/1.1" 200 423
222.70.217.33 - - [12/Apr/2021:09:38:32 +0800] "GET /xingrg/all/function/internal_message.html?_=1618191513566&CODE_STATE=getMsg HTTP/1.1" 200 27
101.91.60.105 - - [12/Apr/2021:09:38:34 +0800] "GET /xingrg/all/function/internal_message.html?_=1618191455655&CODE_STATE=getMsg HTTP/1.1" 302 -
124.77.71.179 - - [12/Apr/2021:09:38:34 +0800] "GET /xingrg/all/function/internal_message.html?_=1618191513859&CODE_STATE=getMsg HTTP/1.1" 200 27
222.70.217.33 - - [12/Apr/2021:09:38:34 +0800] "POST /xingrg/dwr/call/plaincall/AjaxCheckService.setItemNumber.dwr HTTP/1.1" 200 78
116.238.141.202 - - [12/Apr/2021:09:38:34 +0800] "GET /xingrg/all/function/internal_message.html?_=1618191791420&CODE_STATE=getMsg HTTP/1.1" 200 27
222.70.217.33 - - [12/Apr/2021:09:38:35 +0800] "POST /xingrg/dwr/call/plaincall/AjaxCheckService.setItemNumber.dwr HTTP/1.1" 200 78
222.70.217.33 - - [12/Apr/2021:09:38:36 +0800] "POST /xingrg/dwr/call/plaincall/AjaxCheckService.setItemNumber.dwr HTTP/1.1" 200 78
222.70.217.33 - - [12/Apr/2021:09:38:36 +0800] "POST /xingrg/dwr/call/plaincall/AjaxCheckService.setItemNumber.dwr HTTP/1.1" 200 78
101.91.60.105 - - [12/Apr/2021:09:38:36 +0800] "GET /xingrg/login.html HTTP/1.1" 200 7641
222.70.217.33 - - [12/Apr/2021:09:38:37 +0800] "POST /xingrg/dwr/call/plaincall/AjaxCheckService.setItemNumber.dwr HTTP/1.1" 200 78
222.70.217.33 - - [12/Apr/2021:09:38:37 +0800] "POST /xingrg/dwr/call/plaincall/AjaxCheckService.setItemNumber.dwr HTTP/1.1" 200 78
222.70.217.33 - - [12/Apr/2021:09:38:38 +0800] "POST /xingrg/dwr/call/plaincall/AjaxCheckService.setItemNumber.dwr HTTP/1.1" 200 78
222.70.217.33 - - [12/Apr/2021:09:38:38 +0800] "POST /xingrg/dwr/call/plaincall/AjaxCheckService.setItemNumber.dwr HTTP/1.1" 200 78
222.70.217.33 - - [12/Apr/2021:09:38:39 +0800] "POST /xingrg/dwr/call/plaincall/AjaxCheckService.setItemNumber.dwr HTTP/1.1" 200 78
222.70.217.33 - - [12/Apr/2021:09:38:39 +0800] "POST /xingrg/dwr/call/plaincall/AjaxCheckService.setItemNumber.dwr HTTP/1.1" 200 78
222.70.217.33 - - [12/Apr/2021:09:38:39 +0800] "POST /xingrg/dwr/call/plaincall/AjaxCheckService.setItemNumber.dwr HTTP/1.1" 200 78
116.224.253.72 - - [12/Apr/2021:09:38:40 +0800] "POST /xingrg/kc/buy/cgsh_order_operate.html HTTP/1.1" 200 37
114.88.156.246 - - [12/Apr/2021:09:38:40 +0800] "GET /xingrg/check_reg.html?_=1618191544614 HTTP/1.1" 200 22
222.70.217.33 - - [12/Apr/2021:09:38:40 +0800] "POST /xingrg/dwr/call/plaincall/AjaxCheckService.setItemNumber.dwr HTTP/1.1" 200 78
222.70.217.33 - - [12/Apr/2021:09:38:41 +0800] "POST /xingrg/dwr/call/plaincall/AjaxCheckService.setItemNumber.dwr HTTP/1.1" 200 78
222.70.217.33 - - [12/Apr/2021:09:38:42 +0800] "POST /xingrg/dwr/call/plaincall/AjaxCheckService.setItemNumber.dwr HTTP/1.1" 200 78
222.70.217.33 - - [12/Apr/2021:09:38:42 +0800] "POST /xingrg/dwr/call/plaincall/AjaxCheckService.setItemNumber.dwr HTTP/1.1" 200 78
222.70.217.33 - - [12/Apr/2021:09:38:42 +0800] "POST /xingrg/dwr/call/plaincall/AjaxCheckService.setItemNumber.dwr HTTP/1.1" 200 78
222.70.217.33 - - [12/Apr/2021:09:38:43 +0800] "POST /xingrg/dwr/call/plaincall/AjaxCheckService.setItemNumber.dwr HTTP/1.1" 200 78
61.165.42.208 - - [12/Apr/2021:09:38:43 +0800] "GET /xingrg/all/function/internal_message.html?_=1618191526023&CODE_STATE=getMsg HTTP/1.1" 200 27
222.70.217.33 - - [12/Apr/2021:09:38:43 +0800] "POST /xingrg/dwr/call/plaincall/AjaxCheckService.setItemNumber.dwr HTTP/1.1" 200 78
116.232.52.219 - - [12/Apr/2021:09:38:43 +0800] "POST /xingrg/kc/buy/cgsh_order_operate.html HTTP/1.1" 200 37
222.70.217.33 - - [12/Apr/2021:09:38:44 +0800] "POST /xingrg/dwr/call/plaincall/AjaxCheckService.setItemNumber.dwr HTTP/1.1" 200 78
116.224.253.72 - - [12/Apr/2021:09:38:44 +0800] "POST /xingrg/kc/buy/cgsh_order_operate.html HTTP/1.1" 200 12
222.70.217.33 - - [12/Apr/2021:09:38:44 +0800] "POST /xingrg/dwr/call/plaincall/AjaxCheckService.setItemNumber.dwr HTTP/1.1" 200 78
222.70.217.33 - - [12/Apr/2021:09:38:45 +0800] "POST /xingrg/dwr/call/plaincall/AjaxCheckService.setItemNumber.dwr HTTP/1.1" 200 78
116.224.253.72 - - [12/Apr/2021:09:38:45 +0800] "GET /xingrg/kc/buy/cgsh_order_info.html?code=212021041204618 HTTP/1.1" 200 56708
222.70.217.33 - - [12/Apr/2021:09:38:45 +0800] "POST /xingrg/dwr/call/plaincall/AjaxCheckService.setItemNumber.dwr HTTP/1.1" 200 78
116.232.52.219 - - [12/Apr/2021:09:38:45 +0800] "POST /xingrg/kc/buy/cgsh_order_operate.html HTTP/1.1" 200 5603
116.224.253.72 - - [12/Apr/2021:09:38:45 +0800] "GET /xingrg/javascript/easyui/themes/default/validatebox.css HTTP/1.1" 404 1104
222.70.217.33 - - [12/Apr/2021:09:38:46 +0800] "POST /xingrg/dwr/call/plaincall/AjaxCheckService.setItemNumber.dwr HTTP/1.1" 200 78
222.70.217.33 - - [12/Apr/2021:09:38:46 +0800] "POST /xingrg/dwr/call/plaincall/AjaxCheckService.setItemNumber.dwr HTTP/1.1" 200 78
116.224.253.72 - - [12/Apr/2021:09:38:46 +0800] "POST /xingrg/kc/buy/cgsh_order_operate.html HTTP/1.1" 200 1824
222.70.217.33 - - [12/Apr/2021:09:38:46 +0800] "POST /xingrg/dwr/call/plaincall/AjaxCheckService.setItemNumber.dwr HTTP/1.1" 200 78
222.70.217.33 - - [12/Apr/2021:09:38:47 +0800] "POST /xingrg/dwr/call/plaincall/AjaxCheckService.setItemNumber.dwr HTTP/1.1" 200 78
120.253.135.82 - - [12/Apr/2021:09:38:47 +0800] "GET /xingrg/all/function/internal_message.html?_=1618191562775&CODE_STATE=getMsg HTTP/1.1" 200 27
222.70.217.33 - - [12/Apr/2021:09:38:47 +0800] "POST /xingrg/dwr/call/plaincall/AjaxCheckService.setItemNumber.dwr HTTP/1.1" 200 78
222.70.217.33 - - [12/Apr/2021:09:38:48 +0800] "POST /xingrg/dwr/call/plaincall/AjaxCheckService.setItemNumber.dwr HTTP/1.1" 200 78
116.224.253.72 - - [12/Apr/2021:09:38:48 +0800] "GET /xingrg/kc/print/load_data.html?order_code=212021041204618&kc_code=cgsh&condition= HTTP/1.1" 200 1264
222.70.217.33 - - [12/Apr/2021:09:38:48 +0800] "POST /xingrg/dwr/call/plaincall/AjaxCheckService.setItemNumber.dwr HTTP/1.1" 200 78
222.70.217.33 - - [12/Apr/2021:09:38:49 +0800] "POST /xingrg/dwr/call/plaincall/AjaxCheckService.setItemNumber.dwr HTTP/1.1" 200 78
222.70.217.33 - - [12/Apr/2021:09:38:49 +0800] "POST /xingrg/dwr/call/plaincall/AjaxCheckService.setItemNumber.dwr HTTP/1.1" 200 78
222.70.217.33 - - [12/Apr/2021:09:38:50 +0800] "POST /xingrg/dwr/call/plaincall/AjaxCheckService.setItemNumber.dwr HTTP/1.1" 200 78
222.70.217.33 - - [12/Apr/2021:09:38:50 +0800] "POST /xingrg/dwr/call/plaincall/AjaxCheckService.setItemNumber.dwr HTTP/1.1" 200 78
58.221.95.50 - - [12/Apr/2021:09:38:54 +0800] "GET /xingrg/all/function/internal_message.html?_=1618191535373&CODE_STATE=getMsg HTTP/1.1" 200 27
222.70.217.33 - - [12/Apr/2021:09:38:54 +0800] "POST /xingrg/dwr/call/plaincall/AjaxCheckService.setItemNumber.dwr HTTP/1.1" 200 78
222.70.217.33 - - [12/Apr/2021:09:38:55 +0800] "POST /xingrg/dwr/call/plaincall/AjaxCheckService.setItemNumber.dwr HTTP/1.1" 200 78
222.70.217.33 - - [12/Apr/2021:09:38:55 +0800] "POST /xingrg/dwr/call/plaincall/AjaxCheckService.setItemNumber.dwr HTTP/1.1" 200 78
222.70.217.33 - - [12/Apr/2021:09:38:56 +0800] "POST /xingrg/dwr/call/plaincall/AjaxCheckService.setItemNumber.dwr HTTP/1.1" 200 78
222.70.217.33 - - [12/Apr/2021:09:38:57 +0800] "POST /xingrg/dwr/call/plaincall/AjaxCheckService.setItemNumber.dwr HTTP/1.1" 200 78
222.70.217.33 - - [12/Apr/2021:09:38:57 +0800] "POST /xingrg/dwr/call/plaincall/AjaxCheckService.setItemNumber.dwr HTTP/1.1" 200 78
116.224.253.72 - - [12/Apr/2021:09:38:58 +0800] "GET /xingrg/check_reg.html?_=1618191532865 HTTP/1.1" 200 22
222.70.217.33 - - [12/Apr/2021:09:38:58 +0800] "POST /xingrg/dwr/call/plaincall/AjaxCheckService.setItemNumber.dwr HTTP/1.1" 200 78
222.70.217.33 - - [12/Apr/2021:09:38:58 +0800] "POST /xingrg/dwr/call/plaincall/AjaxCheckService.setItemNumber.dwr HTTP/1.1" 200 78
116.224.253.72 - - [12/Apr/2021:09:38:59 +0800] "GET /xingrg/all/function/internal_message.html?_=1618191533580&CODE_STATE=getMsg HTTP/1.1" 200 27
222.70.217.33 - - [12/Apr/2021:09:38:59 +0800] "POST /xingrg/dwr/call/plaincall/AjaxCheckService.setItemNumber.dwr HTTP/1.1" 200 78
114.86.187.76 - - [12/Apr/2021:09:38:59 +0800] "GET /xingrg/all/function/internal_message.html?_=1618191542243&CODE_STATE=getMsg HTTP/1.1" 200 27
222.70.217.33 - - [12/Apr/2021:09:38:59 +0800] "POST /xingrg/dwr/call/plaincall/AjaxCheckService.setItemNumber.dwr HTTP/1.1" 200 78
222.70.217.33 - - [12/Apr/2021:09:39:00 +0800] "POST /xingrg/dwr/call/plaincall/AjaxCheckService.setItemNumber.dwr HTTP/1.1" 200 78
222.70.217.33 - - [12/Apr/2021:09:39:00 +0800] "POST /xingrg/dwr/call/plaincall/AjaxCheckService.setItemNumber.dwr HTTP/1.1" 200 78
116.224.253.72 - - [12/Apr/2021:09:39:01 +0800] "POST /xingrg/kc/buy/cgsh_list_operate.html HTTP/1.1" 200 2068
222.70.217.33 - - [12/Apr/2021:09:39:01 +0800] "POST /xingrg/dwr/call/plaincall/AjaxCheckService.setItemNumber.dwr HTTP/1.1" 200 78
222.70.217.33 - - [12/Apr/2021:09:39:01 +0800] "POST /xingrg/dwr/call/plaincall/AjaxCheckService.setItemNumber.dwr HTTP/1.1" 200 78
116.232.52.219 - - [12/Apr/2021:09:39:01 +0800] "POST /xingrg/kc/buy/cgsh_list_operate.html HTTP/1.1" 200 5401
222.70.217.33 - - [12/Apr/2021:09:39:02 +0800] "POST /xingrg/dwr/call/plaincall/AjaxCheckService.setItemNumber.dwr HTTP/1.1" 200 78
222.70.217.33 - - [12/Apr/2021:09:39:02 +0800] "POST /xingrg/dwr/call/plaincall/AjaxCheckService.setItemNumber.dwr HTTP/1.1" 200 78
222.70.217.33 - - [12/Apr/2021:09:39:02 +0800] "POST /xingrg/dwr/call/plaincall/AjaxCheckService.setItemNumber.dwr HTTP/1.1" 200 78
116.224.253.72 - - [12/Apr/2021:09:39:03 +0800] "POST /xingrg/kc/buy/cgsh_list_operate.html HTTP/1.1" 200 562
222.70.217.33 - - [12/Apr/2021:09:39:03 +0800] "POST /xingrg/dwr/call/plaincall/AjaxCheckService.setItemNumber.dwr HTTP/1.1" 200 78
116.232.52.219 - - [12/Apr/2021:09:39:03 +0800] "POST /xingrg/kc/buy/cgsh_list_operate.html HTTP/1.1" 200 198
116.224.253.72 - - [12/Apr/2021:09:39:04 +0800] "GET /xingrg/kc/buy/cgsh_order_info.html?code=212021041204595 HTTP/1.1" 200 61799
116.224.253.72 - - [12/Apr/2021:09:39:04 +0800] "GET /xingrg/javascript/easyui/themes/default/validatebox.css HTTP/1.1" 404 1104
116.224.253.72 - - [12/Apr/2021:09:39:05 +0800] "POST /xingrg/kc/buy/cgsh_order_operate.html HTTP/1.1" 200 24821
116.232.52.219 - - [12/Apr/2021:09:39:05 +0800] "GET /xingrg/kc/buy/cgsh_order_info.html?code=212021041003482 HTTP/1.1" 200 57089
116.232.52.219 - - [12/Apr/2021:09:39:05 +0800] "GET /xingrg/javascript/easyui/themes/default/validatebox.css HTTP/1.1" 404 1104
116.232.52.219 - - [12/Apr/2021:09:39:05 +0800] "GET /xingrg/all/function/internal_message.html?_=1618191548199&CODE_STATE=getMsg HTTP/1.1" 200 27
116.232.52.219 - - [12/Apr/2021:09:39:05 +0800] "POST /xingrg/kc/buy/cgsh_order_operate.html HTTP/1.1" 200 604
116.232.52.219 - - [12/Apr/2021:09:39:06 +0800] "POST /xingrg/kc/buy/cgsh_list_operate.html HTTP/1.1" 200 5401
114.88.167.174 - - [12/Apr/2021:09:39:11 +0800] "GET /xingrg/all/function/internal_message.html?_=1618191548951&CODE_STATE=getMsg HTTP/1.1" 200 27
180.169.147.146 - - [12/Apr/2021:09:39:11 +0800] "GET /xingrg/check_reg.html?_=1618191552732 HTTP/1.1" 200 22
180.169.147.146 - - [12/Apr/2021:09:39:11 +0800] "GET /xingrg/all/function/internal_message.html?_=1618191552733&CODE_STATE=getMsg HTTP/1.1" 200 27
222.70.217.33 - - [12/Apr/2021:09:39:12 +0800] "POST /xingrg/dwr/call/plaincall/AjaxCheckService.setItemNumber.dwr HTTP/1.1" 200 78
222.70.217.33 - - [12/Apr/2021:09:39:12 +0800] "POST /xingrg/dwr/call/plaincall/AjaxCheckService.setItemNumber.dwr HTTP/1.1" 200 78
222.70.217.33 - - [12/Apr/2021:09:39:12 +0800] "POST /xingrg/dwr/call/plaincall/AjaxCheckService.setItemNumber.dwr HTTP/1.1" 200 78
222.70.217.33 - - [12/Apr/2021:09:39:13 +0800] "POST /xingrg/dwr/call/plaincall/AjaxCheckService.setItemNumber.dwr HTTP/1.1" 200 78
222.69.130.42 - - [12/Apr/2021:09:39:13 +0800] "GET /xingrg/all/function/internal_message.html?_=1618191553894&CODE_STATE=getMsg HTTP/1.1" 200 27
222.70.217.33 - - [12/Apr/2021:09:39:15 +0800] "POST /xingrg/dwr/call/plaincall/AjaxCheckService.setItemNumber.dwr HTTP/1.1" 200 78
222.70.217.33 - - [12/Apr/2021:09:39:16 +0800] "POST /xingrg/dwr/call/plaincall/AjaxCheckService.setItemNumber.dwr HTTP/1.1" 200 78
114.88.156.246 - - [12/Apr/2021:09:39:16 +0800] "GET /xingrg/all/function/internal_message.html?_=1618191580644&CODE_STATE=getMsg HTTP/1.1" 200 27
222.70.217.33 - - [12/Apr/2021:09:39:16 +0800] "POST /xingrg/dwr/call/plaincall/AjaxCheckService.setItemNumber.dwr HTTP/1.1" 200 78
222.70.217.33 - - [12/Apr/2021:09:39:17 +0800] "POST /xingrg/dwr/call/plaincall/AjaxCheckService.setItemNumber.dwr HTTP/1.1" 200 78
222.70.217.33 - - [12/Apr/2021:09:39:17 +0800] "POST /xingrg/dwr/call/plaincall/AjaxCheckService.setItemNumber.dwr HTTP/1.1" 200 78
222.70.217.33 - - [12/Apr/2021:09:39:18 +0800] "POST /xingrg/dwr/call/plaincall/AjaxCheckService.setItemNumber.dwr HTTP/1.1" 200 78
222.70.217.33 - - [12/Apr/2021:09:39:18 +0800] "POST /xingrg/dwr/call/plaincall/AjaxCheckService.setItemNumber.dwr HTTP/1.1" 200 78
222.70.217.33 - - [12/Apr/2021:09:39:19 +0800] "POST /xingrg/dwr/call/plaincall/AjaxCheckService.setItemNumber.dwr HTTP/1.1" 200 78
222.70.217.33 - - [12/Apr/2021:09:39:20 +0800] "POST /xingrg/dwr/call/plaincall/AjaxCheckService.setItemNumber.dwr HTTP/1.1" 200 78
222.70.217.33 - - [12/Apr/2021:09:39:20 +0800] "POST /xingrg/dwr/call/plaincall/AjaxCheckService.setItemNumber.dwr HTTP/1.1" 200 78
222.70.217.33 - - [12/Apr/2021:09:39:21 +0800] "POST /xingrg/dwr/call/plaincall/AjaxCheckService.setItemNumber.dwr HTTP/1.1" 200 78
222.70.217.33 - - [12/Apr/2021:09:39:21 +0800] "POST /xingrg/dwr/call/plaincall/AjaxCheckService.setItemNumber.dwr HTTP/1.1" 200 78
116.230.114.112 - - [12/Apr/2021:09:39:26 +0800] "GET /xingrg/all/function/internal_message.html?_=1618191569218&CODE_STATE=getMsg HTTP/1.1" 200 27
180.169.147.146 - - [12/Apr/2021:09:39:26 +0800] "GET /xingrg/all/function/internal_message.html?_=1618191565723&CODE_STATE=getMsg HTTP/1.1" 200 27
222.70.217.33 - - [12/Apr/2021:09:39:28 +0800] "POST /xingrg/dwr/call/plaincall/AjaxCheckService.setItemNumber.dwr HTTP/1.1" 200 78
222.70.217.33 - - [12/Apr/2021:09:39:28 +0800] "POST /xingrg/dwr/call/plaincall/AjaxCheckService.setItemNumber.dwr HTTP/1.1" 200 78
116.224.253.72 - - [12/Apr/2021:09:39:29 +0800] "GET /xingrg/all/function/internal_message.html?_=1618191570309&CODE_STATE=getMsg HTTP/1.1" 200 27
222.70.217.33 - - [12/Apr/2021:09:39:29 +0800] "POST /xingrg/dwr/call/plaincall/AjaxCheckService.setItemNumber.dwr HTTP/1.1" 200 78
222.70.217.33 - - [12/Apr/2021:09:39:31 +0800] "POST /xingrg/dwr/call/plaincall/AjaxCheckService.setItemNumber.dwr HTTP/1.1" 200 78
114.88.156.246 - - [12/Apr/2021:09:39:31 +0800] "GET /xingrg/all/function/internal_message.html?_=1618191575653&CODE_STATE=getMsg HTTP/1.1" 200 27
222.70.217.33 - - [12/Apr/2021:09:39:32 +0800] "GET /xingrg/check_reg.html?_=1618191573483 HTTP/1.1" 200 22
222.70.217.33 - - [12/Apr/2021:09:39:32 +0800] "GET /xingrg/all/function/internal_message.html?_=1618191573542&CODE_STATE=getMsg HTTP/1.1" 200 27
222.70.217.33 - - [12/Apr/2021:09:39:32 +0800] "POST /xingrg/dwr/call/plaincall/AjaxCheckService.setItemNumber.dwr HTTP/1.1" 200 78
124.77.71.179 - - [12/Apr/2021:09:39:33 +0800] "GET /xingrg/all/function/internal_message.html?_=1618191573831&CODE_STATE=getMsg HTTP/1.1" 200 27
116.238.141.202 - - [12/Apr/2021:09:39:34 +0800] "GET /xingrg/all/function/internal_message.html?_=1618191851432&CODE_STATE=getMsg HTTP/1.1" 200 27
101.227.139.161 - - [12/Apr/2021:09:39:34 +0800] "GET /xingrg/all/function/internal_message.html?_=1618191515655&CODE_STATE=getMsg HTTP/1.1" 302 -
222.70.217.33 - - [12/Apr/2021:09:39:35 +0800] "POST /xingrg/dwr/call/plaincall/AjaxCheckService.setItemNumber.dwr HTTP/1.1" 200 78
222.70.217.33 - - [12/Apr/2021:09:39:36 +0800] "POST /xingrg/dwr/call/plaincall/AjaxCheckService.setItemNumber.dwr HTTP/1.1" 200 78
222.70.217.33 - - [12/Apr/2021:09:39:37 +0800] "POST /xingrg/dwr/call/plaincall/AjaxCheckService.setItemNumber.dwr HTTP/1.1" 200 78
124.77.102.17 - - [12/Apr/2021:09:39:37 +0800] "POST /xingrg/services/DataTransmitService HTTP/1.1" 200 524
222.70.217.33 - - [12/Apr/2021:09:39:38 +0800] "POST /xingrg/dwr/call/plaincall/AjaxCheckService.setItemNumber.dwr HTTP/1.1" 200 78
222.70.217.33 - - [12/Apr/2021:09:39:39 +0800] "POST /xingrg/dwr/call/plaincall/AjaxCheckService.setItemNumber.dwr HTTP/1.1" 200 78
180.169.147.146 - - [12/Apr/2021:09:39:39 +0800] "GET /xingrg/kc/mdqp/qqps_order_list.html?isBack=1 HTTP/1.1" 200 9651
180.169.147.146 - - [12/Apr/2021:09:39:39 +0800] "GET /xingrg/dwr/interface/AjaxReportQueryService.js HTTP/1.1" 200 13203
180.169.147.146 - - [12/Apr/2021:09:39:39 +0800] "GET /xingrg/dwr/interface/AjaxQqpsService.js HTTP/1.1" 200 16326
180.169.147.146 - - [12/Apr/2021:09:39:39 +0800] "GET /xingrg/dwr/engine.js HTTP/1.1" 200 43631
180.169.147.146 - - [12/Apr/2021:09:39:41 +0800] "GET /xingrg/kc/base/base_main.html HTTP/1.1" 200 12142
180.169.147.146 - - [12/Apr/2021:09:39:42 +0800] "GET /xingrg/kc/base/check_order_list.html HTTP/1.1" 200 16514
101.227.139.161 - - [12/Apr/2021:09:39:42 +0800] "GET /xingrg/login.html HTTP/1.1" 200 7641
180.169.147.146 - - [12/Apr/2021:09:39:42 +0800] "POST /xingrg/kc/base/check_list_operate.html HTTP/1.1" 200 3249
222.70.217.33 - - [12/Apr/2021:09:39:42 +0800] "POST /xingrg/dwr/call/plaincall/AjaxCheckService.setItemNumber.dwr HTTP/1.1" 200 78
222.70.217.33 - - [12/Apr/2021:09:39:43 +0800] "POST /xingrg/dwr/call/plaincall/AjaxCheckService.setItemNumber.dwr HTTP/1.1" 200 78
222.70.217.33 - - [12/Apr/2021:09:39:43 +0800] "POST /xingrg/dwr/call/plaincall/AjaxCheckService.setItemNumber.dwr HTTP/1.1" 200 78
61.165.42.208 - - [12/Apr/2021:09:39:43 +0800] "GET /xingrg/all/function/internal_message.html?_=1618191586023&CODE_STATE=getMsg HTTP/1.1" 200 27
61.165.42.208 - - [12/Apr/2021:09:39:43 +0800] "GET /xingrg/check_reg.html?_=1618191586029 HTTP/1.1" 200 22
222.70.217.33 - - [12/Apr/2021:09:39:44 +0800] "POST /xingrg/dwr/call/plaincall/AjaxCheckService.setItemNumber.dwr HTTP/1.1" 200 78
120.253.135.82 - - [12/Apr/2021:09:39:47 +0800] "GET /xingrg/all/function/internal_message.html?_=1618191622812&CODE_STATE=getMsg HTTP/1.1" 200 27
222.70.217.33 - - [12/Apr/2021:09:39:48 +0800] "POST /xingrg/dwr/call/plaincall/AjaxCheckService.setItemNumber.dwr HTTP/1.1" 200 78
180.169.147.146 - - [12/Apr/2021:09:39:51 +0800] "POST /xingrg/kc/base/check_list_operate.html HTTP/1.1" 200 4
222.70.217.33 - - [12/Apr/2021:09:39:52 +0800] "POST /xingrg/dwr/call/plaincall/AjaxCheckService.setItemNumber.dwr HTTP/1.1" 200 78
180.169.147.146 - - [12/Apr/2021:09:39:52 +0800] "POST /xingrg/kc/base/check_list_operate.html HTTP/1.1" 200 2913
114.86.187.76 - - [12/Apr/2021:09:39:52 +0800] "GET /xingrg/check_reg.html?_=1618191595162 HTTP/1.1" 200 22
222.70.217.33 - - [12/Apr/2021:09:39:52 +0800] "POST /xingrg/dwr/call/plaincall/AjaxCheckService.setItemNumber.dwr HTTP/1.1" 200 78
222.70.217.33 - - [12/Apr/2021:09:39:53 +0800] "POST /xingrg/dwr/call/plaincall/AjaxCheckService.setItemNumber.dwr HTTP/1.1" 200 78
222.70.217.33 - - [12/Apr/2021:09:39:54 +0800] "POST /xingrg/dwr/call/plaincall/AjaxCheckService.setItemNumber.dwr HTTP/1.1" 200 78
58.221.95.50 - - [12/Apr/2021:09:39:54 +0800] "GET /xingrg/all/function/internal_message.html?_=1618191595373&CODE_STATE=getMsg HTTP/1.1" 200 27
58.221.95.50 - - [12/Apr/2021:09:39:54 +0800] "GET /xingrg/check_reg.html?_=1618191595376 HTTP/1.1" 200 22
222.70.217.33 - - [12/Apr/2021:09:39:54 +0800] "POST /xingrg/dwr/call/plaincall/AjaxCheckService.setItemNumber.dwr HTTP/1.1" 200 78
222.70.217.33 - - [12/Apr/2021:09:39:54 +0800] "POST /xingrg/dwr/call/plaincall/AjaxCheckService.setItemNumber.dwr HTTP/1.1" 200 78
222.70.217.33 - - [12/Apr/2021:09:39:55 +0800] "POST /xingrg/dwr/call/plaincall/AjaxCheckService.setItemNumber.dwr HTTP/1.1" 200 78
222.70.217.33 - - [12/Apr/2021:09:39:55 +0800] "POST /xingrg/dwr/call/plaincall/AjaxCheckService.setItemNumber.dwr HTTP/1.1" 200 78
222.70.217.33 - - [12/Apr/2021:09:39:56 +0800] "POST /xingrg/dwr/call/plaincall/AjaxCheckService.setItemNumber.dwr HTTP/1.1" 200 78
222.70.217.33 - - [12/Apr/2021:09:39:57 +0800] "POST /xingrg/dwr/call/plaincall/AjaxCheckService.setItemNumber.dwr HTTP/1.1" 200 78
222.70.217.33 - - [12/Apr/2021:09:39:58 +0800] "POST /xingrg/dwr/call/plaincall/AjaxCheckService.setItemNumber.dwr HTTP/1.1" 200 78
222.70.217.33 - - [12/Apr/2021:09:39:58 +0800] "POST /xingrg/dwr/call/plaincall/AjaxCheckService.setItemNumber.dwr HTTP/1.1" 200 78
222.70.217.33 - - [12/Apr/2021:09:39:58 +0800] "POST /xingrg/dwr/call/plaincall/AjaxCheckService.setItemNumber.dwr HTTP/1.1" 200 78
116.224.253.72 - - [12/Apr/2021:09:39:59 +0800] "GET /xingrg/all/function/internal_message.html?_=1618191593594&CODE_STATE=getMsg HTTP/1.1" 200 27
222.70.217.33 - - [12/Apr/2021:09:39:59 +0800] "POST /xingrg/dwr/call/plaincall/AjaxCheckService.setItemNumber.dwr HTTP/1.1" 200 78
114.86.187.76 - - [12/Apr/2021:09:39:59 +0800] "GET /xingrg/all/function/internal_message.html?_=1618191602257&CODE_STATE=getMsg HTTP/1.1" 200 27
222.70.217.33 - - [12/Apr/2021:09:40:00 +0800] "POST /xingrg/dwr/call/plaincall/AjaxCheckService.setItemNumber.dwr HTTP/1.1" 200 78
222.70.217.33 - - [12/Apr/2021:09:40:00 +0800] "POST /xingrg/dwr/call/plaincall/AjaxCheckService.setItemNumber.dwr HTTP/1.1" 200 78
222.70.217.33 - - [12/Apr/2021:09:40:01 +0800] "POST /xingrg/dwr/call/plaincall/AjaxCheckService.setItemNumber.dwr HTTP/1.1" 200 78
222.70.217.33 - - [12/Apr/2021:09:40:02 +0800] "POST /xingrg/dwr/call/plaincall/AjaxCheckService.setItemNumber.dwr HTTP/1.1" 200 78
222.70.217.33 - - [12/Apr/2021:09:40:02 +0800] "POST /xingrg/dwr/call/plaincall/AjaxCheckService.setItemNumber.dwr HTTP/1.1" 200 78
222.70.217.33 - - [12/Apr/2021:09:40:04 +0800] "POST /xingrg/dwr/call/plaincall/AjaxCheckService.setItemNumber.dwr HTTP/1.1" 200 78
222.70.217.33 - - [12/Apr/2021:09:40:05 +0800] "POST /xingrg/dwr/call/plaincall/AjaxCheckService.setItemNumber.dwr HTTP/1.1" 200 78
116.232.52.219 - - [12/Apr/2021:09:40:05 +0800] "GET /xingrg/all/function/internal_message.html?_=1618191608202&CODE_STATE=getMsg HTTP/1.1" 200 27
222.70.217.33 - - [12/Apr/2021:09:40:05 +0800] "POST /xingrg/dwr/call/plaincall/AjaxCheckService.setItemNumber.dwr HTTP/1.1" 200 78
180.169.147.146 - - [12/Apr/2021:09:40:05 +0800] "GET /xingrg/kc/base/check_order_info.html?code=452021041100121 HTTP/1.1" 200 26364
222.70.217.33 - - [12/Apr/2021:09:40:05 +0800] "POST /xingrg/dwr/call/plaincall/AjaxCheckService.setItemNumber.dwr HTTP/1.1" 200 78
180.169.147.146 - - [12/Apr/2021:09:40:05 +0800] "GET /xingrg/dwr/interface/AjaxComOrderService.js HTTP/1.1" 200 18264
180.169.147.146 - - [12/Apr/2021:09:40:05 +0800] "GET /xingrg/dwr/interface/AjaxCheckService.js HTTP/1.1" 200 14003
180.169.147.146 - - [12/Apr/2021:09:40:05 +0800] "GET /xingrg/dwr/engine.js HTTP/1.1" 200 43631
180.169.147.146 - - [12/Apr/2021:09:40:06 +0800] "POST /xingrg/dwr/call/plaincall/AjaxCheckService.loadOrderItems.dwr HTTP/1.1" 200 32703
222.70.217.33 - - [12/Apr/2021:09:40:06 +0800] "POST /xingrg/dwr/call/plaincall/AjaxCheckService.setItemNumber.dwr HTTP/1.1" 200 78
222.70.217.33 - - [12/Apr/2021:09:40:06 +0800] "POST /xingrg/dwr/call/plaincall/AjaxCheckService.setItemNumber.dwr HTTP/1.1" 200 78
222.70.217.33 - - [12/Apr/2021:09:40:07 +0800] "POST /xingrg/dwr/call/plaincall/AjaxCheckService.setItemNumber.dwr HTTP/1.1" 200 78
222.70.217.33 - - [12/Apr/2021:09:40:07 +0800] "POST /xingrg/dwr/call/plaincall/AjaxCheckService.setItemNumber.dwr HTTP/1.1" 200 78
222.70.217.33 - - [12/Apr/2021:09:40:08 +0800] "POST /xingrg/dwr/call/plaincall/AjaxCheckService.setItemNumber.dwr HTTP/1.1" 200 78
124.77.102.17 - - [12/Apr/2021:09:40:11 +0800] "POST /xingrg/services/DataTransmitService HTTP/1.1" 200 501
222.70.217.33 - - [12/Apr/2021:09:40:11 +0800] "POST /xingrg/dwr/call/plaincall/AjaxCheckService.setItemNumber.dwr HTTP/1.1" 200 78
114.88.167.174 - - [12/Apr/2021:09:40:11 +0800] "GET /xingrg/all/function/internal_message.html?_=1618191608972&CODE_STATE=getMsg HTTP/1.1" 200 27
222.70.217.33 - - [12/Apr/2021:09:40:11 +0800] "POST /xingrg/dwr/call/plaincall/AjaxCheckService.setItemNumber.dwr HTTP/1.1" 200 78
180.169.147.146 - - [12/Apr/2021:09:40:11 +0800] "GET /xingrg/all/function/internal_message.html?_=1618191612733&CODE_STATE=getMsg HTTP/1.1" 200 27
124.77.102.17 - - [12/Apr/2021:09:40:11 +0800] "POST /xingrg/services/DataTransmitService HTTP/1.1" 200 501
222.70.217.33 - - [12/Apr/2021:09:40:12 +0800] "POST /xingrg/dwr/call/plaincall/AjaxCheckService.setItemNumber.dwr HTTP/1.1" 200 78
222.70.217.33 - - [12/Apr/2021:09:40:12 +0800] "POST /xingrg/dwr/call/plaincall/AjaxCheckService.setItemNumber.dwr HTTP/1.1" 200 78
222.70.217.33 - - [12/Apr/2021:09:40:12 +0800] "POST /xingrg/dwr/call/plaincall/AjaxCheckService.setItemNumber.dwr HTTP/1.1" 200 78
222.70.217.33 - - [12/Apr/2021:09:40:13 +0800] "POST /xingrg/dwr/call/plaincall/AjaxCheckService.setItemNumber.dwr HTTP/1.1" 200 78
222.70.217.33 - - [12/Apr/2021:09:40:13 +0800] "POST /xingrg/dwr/call/plaincall/AjaxCheckService.setItemNumber.dwr HTTP/1.1" 200 78
222.69.130.42 - - [12/Apr/2021:09:40:13 +0800] "GET /xingrg/all/function/internal_message.html?_=1618191613880&CODE_STATE=getMsg HTTP/1.1" 200 27
222.70.217.33 - - [12/Apr/2021:09:40:13 +0800] "POST /xingrg/dwr/call/plaincall/AjaxCheckService.setItemNumber.dwr HTTP/1.1" 200 78
180.169.147.146 - - [12/Apr/2021:09:40:13 +0800] "POST /xingrg/dwr/call/plaincall/AjaxCheckService.setItemNumber.dwr HTTP/1.1" 200 76
222.70.217.33 - - [12/Apr/2021:09:40:14 +0800] "POST /xingrg/dwr/call/plaincall/AjaxCheckService.setItemNumber.dwr HTTP/1.1" 200 78
222.70.217.33 - - [12/Apr/2021:09:40:14 +0800] "POST /xingrg/dwr/call/plaincall/AjaxCheckService.setItemNumber.dwr HTTP/1.1" 200 78
222.70.217.33 - - [12/Apr/2021:09:40:15 +0800] "POST /xingrg/dwr/call/plaincall/AjaxCheckService.setItemNumber.dwr HTTP/1.1" 200 78
222.70.217.33 - - [12/Apr/2021:09:40:15 +0800] "POST /xingrg/dwr/call/plaincall/AjaxCheckService.setItemNumber.dwr HTTP/1.1" 200 78
222.70.217.33 - - [12/Apr/2021:09:40:15 +0800] "POST /xingrg/dwr/call/plaincall/AjaxCheckService.setItemNumber.dwr HTTP/1.1" 200 78
124.77.102.17 - - [12/Apr/2021:09:40:15 +0800] "POST /xingrg/services/DataTransmitService HTTP/1.1" 200 501
222.70.217.33 - - [12/Apr/2021:09:40:16 +0800] "POST /xingrg/dwr/call/plaincall/AjaxCheckService.setItemNumber.dwr HTTP/1.1" 200 78
114.88.156.246 - - [12/Apr/2021:09:40:16 +0800] "GET /xingrg/all/function/internal_message.html?_=1618191640618&CODE_STATE=getMsg HTTP/1.1" 200 27
180.169.147.146 - - [12/Apr/2021:09:40:17 +0800] "POST /xingrg/dwr/call/plaincall/AjaxCheckService.setItemNumber.dwr HTTP/1.1" 200 76
124.77.102.17 - - [12/Apr/2021:09:40:20 +0800] "POST /xingrg/services/DataTransmitService HTTP/1.1" 200 501
124.77.102.17 - - [12/Apr/2021:09:40:21 +0800] "POST /xingrg/services/DataTransmitService HTTP/1.1" 200 501
124.77.102.17 - - [12/Apr/2021:09:40:21 +0800] "POST /xingrg/services/DataTransmitService HTTP/1.1" 200 501
222.70.217.33 - - [12/Apr/2021:09:40:22 +0800] "POST /xingrg/dwr/call/plaincall/AjaxCheckService.setItemNumber.dwr HTTP/1.1" 200 78
222.70.217.33 - - [12/Apr/2021:09:40:22 +0800] "POST /xingrg/dwr/call/plaincall/AjaxCheckService.setItemNumber.dwr HTTP/1.1" 200 78
180.169.147.146 - - [12/Apr/2021:09:40:22 +0800] "POST /xingrg/dwr/call/plaincall/AjaxCheckService.setItemNumber.dwr HTTP/1.1" 200 76
222.70.217.33 - - [12/Apr/2021:09:40:23 +0800] "POST /xingrg/dwr/call/plaincall/AjaxCheckService.setItemNumber.dwr HTTP/1.1" 200 78
222.70.217.33 - - [12/Apr/2021:09:40:23 +0800] "POST /xingrg/dwr/call/plaincall/AjaxCheckService.setItemNumber.dwr HTTP/1.1" 200 78
124.77.102.17 - - [12/Apr/2021:09:40:23 +0800] "POST /xingrg/services/DataTransmitService HTTP/1.1" 200 501
124.77.102.17 - - [12/Apr/2021:09:40:24 +0800] "POST /xingrg/services/DataTransmitService HTTP/1.1" 200 501
222.70.217.33 - - [12/Apr/2021:09:40:24 +0800] "POST /xingrg/dwr/call/plaincall/AjaxCheckService.setItemNumber.dwr HTTP/1.1" 200 78
124.77.102.17 - - [12/Apr/2021:09:40:24 +0800] "POST /xingrg/services/DataTransmitService HTTP/1.1" 200 501
222.70.217.33 - - [12/Apr/2021:09:40:24 +0800] "POST /xingrg/dwr/call/plaincall/AjaxCheckService.setItemNumber.dwr HTTP/1.1" 200 78
180.169.147.146 - - [12/Apr/2021:09:40:25 +0800] "POST /xingrg/dwr/call/plaincall/AjaxCheckService.setItemNumber.dwr HTTP/1.1" 200 76
222.70.217.33 - - [12/Apr/2021:09:40:25 +0800] "POST /xingrg/dwr/call/plaincall/AjaxCheckService.setItemNumber.dwr HTTP/1.1" 200 78
222.70.217.33 - - [12/Apr/2021:09:40:25 +0800] "POST /xingrg/dwr/call/plaincall/AjaxCheckService.setItemNumber.dwr HTTP/1.1" 200 78
116.230.114.112 - - [12/Apr/2021:09:40:25 +0800] "GET /xingrg/check_reg.html?_=1618191628081 HTTP/1.1" 200 22
222.70.217.33 - - [12/Apr/2021:09:40:26 +0800] "POST /xingrg/dwr/call/plaincall/AjaxCheckService.setItemNumber.dwr HTTP/1.1" 200 78
222.70.217.33 - - [12/Apr/2021:09:40:26 +0800] "POST /xingrg/dwr/call/plaincall/AjaxCheckService.setItemNumber.dwr HTTP/1.1" 200 78
124.77.102.17 - - [12/Apr/2021:09:40:26 +0800] "POST /xingrg/services/DataTransmitService HTTP/1.1" 200 412
116.230.114.112 - - [12/Apr/2021:09:40:26 +0800] "GET /xingrg/all/function/internal_message.html?_=1618191629230&CODE_STATE=getMsg HTTP/1.1" 200 27
180.169.147.146 - - [12/Apr/2021:09:40:26 +0800] "GET /xingrg/all/function/internal_message.html?_=1618191625740&CODE_STATE=getMsg HTTP/1.1" 200 27
180.169.147.146 - - [12/Apr/2021:09:40:26 +0800] "GET /xingrg/check_reg.html?_=1618191625741 HTTP/1.1" 200 22
222.70.217.33 - - [12/Apr/2021:09:40:27 +0800] "POST /xingrg/dwr/call/plaincall/AjaxCheckService.setItemNumber.dwr HTTP/1.1" 200 78
180.169.147.146 - - [12/Apr/2021:09:40:27 +0800] "POST /xingrg/dwr/call/plaincall/AjaxCheckService.setItemNumber.dwr HTTP/1.1" 200 76
222.70.217.33 - - [12/Apr/2021:09:40:27 +0800] "POST /xingrg/dwr/call/plaincall/AjaxCheckService.setItemNumber.dwr HTTP/1.1" 200 78
222.70.217.33 - - [12/Apr/2021:09:40:27 +0800] "POST /xingrg/dwr/call/plaincall/AjaxCheckService.setItemNumber.dwr HTTP/1.1" 200 78
222.70.217.33 - - [12/Apr/2021:09:40:28 +0800] "POST /xingrg/dwr/call/plaincall/AjaxCheckService.setItemNumber.dwr HTTP/1.1" 200 78
222.70.217.33 - - [12/Apr/2021:09:40:28 +0800] "POST /xingrg/dwr/call/plaincall/AjaxCheckService.setItemNumber.dwr HTTP/1.1" 200 78
222.70.217.33 - - [12/Apr/2021:09:40:28 +0800] "POST /xingrg/dwr/call/plaincall/AjaxCheckService.setItemNumber.dwr HTTP/1.1" 200 78
116.224.253.72 - - [12/Apr/2021:09:40:29 +0800] "GET /xingrg/check_reg.html?_=1618191630307 HTTP/1.1" 200 22
116.224.253.72 - - [12/Apr/2021:09:40:29 +0800] "GET /xingrg/all/function/internal_message.html?_=1618191630310&CODE_STATE=getMsg HTTP/1.1" 200 27
222.70.217.33 - - [12/Apr/2021:09:40:29 +0800] "POST /xingrg/dwr/call/plaincall/AjaxCheckService.setItemNumber.dwr HTTP/1.1" 200 78
180.169.147.146 - - [12/Apr/2021:09:40:29 +0800] "POST /xingrg/dwr/call/plaincall/AjaxCheckService.setItemNumber.dwr HTTP/1.1" 200 76
222.70.217.33 - - [12/Apr/2021:09:40:29 +0800] "POST /xingrg/dwr/call/plaincall/AjaxCheckService.setItemNumber.dwr HTTP/1.1" 200 78
222.70.217.33 - - [12/Apr/2021:09:40:30 +0800] "POST /xingrg/dwr/call/plaincall/AjaxCheckService.setItemNumber.dwr HTTP/1.1" 200 78
222.70.217.33 - - [12/Apr/2021:09:40:30 +0800] "POST /xingrg/dwr/call/plaincall/AjaxCheckService.setItemNumber.dwr HTTP/1.1" 200 78
222.70.217.33 - - [12/Apr/2021:09:40:31 +0800] "POST /xingrg/dwr/call/plaincall/AjaxCheckService.setItemNumber.dwr HTTP/1.1" 200 78
222.70.217.33 - - [12/Apr/2021:09:40:31 +0800] "POST /xingrg/dwr/call/plaincall/AjaxCheckService.setItemNumber.dwr HTTP/1.1" 200 78
222.70.217.33 - - [12/Apr/2021:09:40:31 +0800] "POST /xingrg/dwr/call/plaincall/AjaxCheckService.setItemNumber.dwr HTTP/1.1" 200 78
114.88.156.246 - - [12/Apr/2021:09:40:31 +0800] "GET /xingrg/all/function/internal_message.html?_=1618191635652&CODE_STATE=getMsg HTTP/1.1" 200 27
222.70.217.33 - - [12/Apr/2021:09:40:32 +0800] "POST /xingrg/dwr/call/plaincall/AjaxCheckService.setItemNumber.dwr HTTP/1.1" 200 78
180.169.147.146 - - [12/Apr/2021:09:40:32 +0800] "POST /xingrg/dwr/call/plaincall/AjaxCheckService.setItemNumber.dwr HTTP/1.1" 200 76
222.70.217.33 - - [12/Apr/2021:09:40:32 +0800] "GET /xingrg/all/function/internal_message.html?_=1618191633628&CODE_STATE=getMsg HTTP/1.1" 200 27
124.77.71.179 - - [12/Apr/2021:09:40:33 +0800] "GET /xingrg/all/function/internal_message.html?_=1618191633815&CODE_STATE=getMsg HTTP/1.1" 200 27
180.169.147.146 - - [12/Apr/2021:09:40:34 +0800] "POST /xingrg/dwr/call/plaincall/AjaxCheckService.setItemNumber.dwr HTTP/1.1" 200 76
116.238.141.202 - - [12/Apr/2021:09:40:34 +0800] "GET /xingrg/all/function/internal_message.html?_=1618191911664&CODE_STATE=getMsg HTTP/1.1" 200 27
222.70.217.33 - - [12/Apr/2021:09:40:36 +0800] "POST /xingrg/dwr/call/plaincall/AjaxCheckService.setItemNumber.dwr HTTP/1.1" 200 78
222.70.217.33 - - [12/Apr/2021:09:40:37 +0800] "POST /xingrg/dwr/call/plaincall/AjaxCheckService.setItemNumber.dwr HTTP/1.1" 200 78
222.70.217.33 - - [12/Apr/2021:09:40:38 +0800] "POST /xingrg/dwr/call/plaincall/AjaxCheckService.setItemNumber.dwr HTTP/1.1" 200 78
222.70.217.33 - - [12/Apr/2021:09:40:38 +0800] "POST /xingrg/dwr/call/plaincall/AjaxCheckService.setItemNumber.dwr HTTP/1.1" 200 78
222.70.217.33 - - [12/Apr/2021:09:40:39 +0800] "POST /xingrg/dwr/call/plaincall/AjaxCheckService.setItemNumber.dwr HTTP/1.1" 200 78
180.169.147.146 - - [12/Apr/2021:09:40:39 +0800] "POST /xingrg/dwr/call/plaincall/AjaxCheckService.setItemNumber.dwr HTTP/1.1" 200 76
222.70.217.33 - - [12/Apr/2021:09:40:39 +0800] "POST /xingrg/dwr/call/plaincall/AjaxCheckService.setItemNumber.dwr HTTP/1.1" 200 78
222.70.217.33 - - [12/Apr/2021:09:40:39 +0800] "POST /xingrg/dwr/call/plaincall/AjaxCheckService.setItemNumber.dwr HTTP/1.1" 200 78
222.70.217.33 - - [12/Apr/2021:09:40:40 +0800] "POST /xingrg/dwr/call/plaincall/AjaxCheckService.setItemNumber.dwr HTTP/1.1" 200 78
222.70.217.33 - - [12/Apr/2021:09:40:40 +0800] "POST /xingrg/dwr/call/plaincall/AjaxCheckService.setItemNumber.dwr HTTP/1.1" 200 78
222.70.217.33 - - [12/Apr/2021:09:40:41 +0800] "POST /xingrg/dwr/call/plaincall/AjaxCheckService.setItemNumber.dwr HTTP/1.1" 200 78
222.70.217.33 - - [12/Apr/2021:09:40:41 +0800] "POST /xingrg/dwr/call/plaincall/AjaxCheckService.setItemNumber.dwr HTTP/1.1" 200 78
222.70.217.33 - - [12/Apr/2021:09:40:42 +0800] "POST /xingrg/dwr/call/plaincall/AjaxCheckService.setItemNumber.dwr HTTP/1.1" 200 78
61.165.42.208 - - [12/Apr/2021:09:40:43 +0800] "GET /xingrg/all/function/internal_message.html?_=1618191646028&CODE_STATE=getMsg HTTP/1.1" 200 27
222.70.217.33 - - [12/Apr/2021:09:40:45 +0800] "POST /xingrg/dwr/call/plaincall/AjaxCheckService.setItemNumber.dwr HTTP/1.1" 200 78
114.88.156.246 - - [12/Apr/2021:09:40:45 +0800] "GET /xingrg/kc/base/check_order_info.html?code=452021041100124 HTTP/1.1" 200 26442
114.88.156.246 - - [12/Apr/2021:09:40:45 +0800] "GET /xingrg/dwr/interface/AjaxCheckService.js HTTP/1.1" 200 14003
114.88.156.246 - - [12/Apr/2021:09:40:45 +0800] "GET /xingrg/dwr/interface/AjaxComOrderService.js HTTP/1.1" 200 18264
114.88.156.246 - - [12/Apr/2021:09:40:45 +0800] "GET /xingrg/dwr/engine.js HTTP/1.1" 200 43631
114.88.156.246 - - [12/Apr/2021:09:40:45 +0800] "POST /xingrg/dwr/call/plaincall/AjaxCheckService.loadOrderItems.dwr HTTP/1.1" 200 121638
222.70.217.33 - - [12/Apr/2021:09:40:46 +0800] "POST /xingrg/dwr/call/plaincall/AjaxCheckService.setItemNumber.dwr HTTP/1.1" 200 78
222.70.217.33 - - [12/Apr/2021:09:40:46 +0800] "POST /xingrg/dwr/call/plaincall/AjaxCheckService.setItemNumber.dwr HTTP/1.1" 200 78
222.70.217.33 - - [12/Apr/2021:09:40:46 +0800] "POST /xingrg/dwr/call/plaincall/AjaxCheckService.setItemNumber.dwr HTTP/1.1" 200 78
120.253.135.82 - - [12/Apr/2021:09:40:47 +0800] "GET /xingrg/all/function/internal_message.html?_=1618191682817&CODE_STATE=getMsg HTTP/1.1" 200 27
222.70.217.33 - - [12/Apr/2021:09:40:49 +0800] "POST /xingrg/dwr/call/plaincall/AjaxCheckService.setItemNumber.dwr HTTP/1.1" 200 78
222.70.217.33 - - [12/Apr/2021:09:40:49 +0800] "POST /xingrg/dwr/call/plaincall/AjaxCheckService.setItemNumber.dwr HTTP/1.1" 200 78
222.70.217.33 - - [12/Apr/2021:09:40:49 +0800] "POST /xingrg/dwr/call/plaincall/AjaxCheckService.setItemNumber.dwr HTTP/1.1" 200 78
180.169.147.146 - - [12/Apr/2021:09:40:50 +0800] "POST /xingrg/dwr/call/plaincall/AjaxCheckService.setItemNumber.dwr HTTP/1.1" 200 77
222.70.217.33 - - [12/Apr/2021:09:40:50 +0800] "POST /xingrg/dwr/call/plaincall/AjaxCheckService.setItemNumber.dwr HTTP/1.1" 200 78
222.70.217.33 - - [12/Apr/2021:09:40:50 +0800] "POST /xingrg/dwr/call/plaincall/AjaxCheckService.setItemNumber.dwr HTTP/1.1" 200 78
222.70.217.33 - - [12/Apr/2021:09:40:51 +0800] "POST /xingrg/dwr/call/plaincall/AjaxCheckService.setItemNumber.dwr HTTP/1.1" 200 78
222.70.217.33 - - [12/Apr/2021:09:40:51 +0800] "POST /xingrg/dwr/call/plaincall/AjaxCheckService.setItemNumber.dwr HTTP/1.1" 200 78
222.70.217.33 - - [12/Apr/2021:09:40:52 +0800] "POST /xingrg/dwr/call/plaincall/AjaxCheckService.setItemNumber.dwr HTTP/1.1" 200 78
222.70.217.33 - - [12/Apr/2021:09:40:52 +0800] "POST /xingrg/dwr/call/plaincall/AjaxCheckService.setItemNumber.dwr HTTP/1.1" 200 78
222.70.217.33 - - [12/Apr/2021:09:40:53 +0800] "POST /xingrg/dwr/call/plaincall/AjaxCheckService.setItemNumber.dwr HTTP/1.1" 200 78
180.169.147.146 - - [12/Apr/2021:09:40:53 +0800] "POST /xingrg/dwr/call/plaincall/AjaxCheckService.setItemNumber.dwr HTTP/1.1" 200 77
222.70.217.33 - - [12/Apr/2021:09:40:53 +0800] "POST /xingrg/dwr/call/plaincall/AjaxCheckService.setItemNumber.dwr HTTP/1.1" 200 78
222.70.217.33 - - [12/Apr/2021:09:40:54 +0800] "POST /xingrg/dwr/call/plaincall/AjaxCheckService.setItemNumber.dwr HTTP/1.1" 200 78
222.70.217.33 - - [12/Apr/2021:09:40:54 +0800] "POST /xingrg/dwr/call/plaincall/AjaxCheckService.setItemNumber.dwr HTTP/1.1" 200 78
222.70.217.33 - - [12/Apr/2021:09:40:54 +0800] "POST /xingrg/dwr/call/plaincall/AjaxCheckService.setItemNumber.dwr HTTP/1.1" 200 78
222.70.217.33 - - [12/Apr/2021:09:40:55 +0800] "POST /xingrg/dwr/call/plaincall/AjaxCheckService.setItemNumber.dwr HTTP/1.1" 200 78
222.70.217.33 - - [12/Apr/2021:09:40:55 +0800] "POST /xingrg/dwr/call/plaincall/AjaxCheckService.setItemNumber.dwr HTTP/1.1" 200 78
180.169.147.146 - - [12/Apr/2021:09:40:56 +0800] "POST /xingrg/dwr/call/plaincall/AjaxCheckService.setItemNumber.dwr HTTP/1.1" 200 77
222.70.217.33 - - [12/Apr/2021:09:40:56 +0800] "POST /xingrg/dwr/call/plaincall/AjaxCheckService.setItemNumber.dwr HTTP/1.1" 200 78
222.70.217.33 - - [12/Apr/2021:09:40:56 +0800] "POST /xingrg/dwr/call/plaincall/AjaxCheckService.setItemNumber.dwr HTTP/1.1" 200 78
222.70.217.33 - - [12/Apr/2021:09:40:56 +0800] "POST /xingrg/dwr/call/plaincall/AjaxCheckService.setItemNumber.dwr HTTP/1.1" 200 78
222.70.217.33 - - [12/Apr/2021:09:40:57 +0800] "POST /xingrg/dwr/call/plaincall/AjaxCheckService.setItemNumber.dwr HTTP/1.1" 200 78
58.37.37.37 - - [12/Apr/2021:09:40:57 +0800] "GET /favicon.ico HTTP/1.1" 404 -
222.70.217.33 - - [12/Apr/2021:09:40:57 +0800] "POST /xingrg/dwr/call/plaincall/AjaxCheckService.setItemNumber.dwr HTTP/1.1" 200 78
222.70.217.33 - - [12/Apr/2021:09:40:58 +0800] "POST /xingrg/dwr/call/plaincall/AjaxCheckService.setItemNumber.dwr HTTP/1.1" 200 78
114.88.156.246 - - [12/Apr/2021:09:40:58 +0800] "POST /xingrg/dwr/call/plaincall/AjaxCheckService.setItemNumber.dwr HTTP/1.1" 200 76
180.169.147.146 - - [12/Apr/2021:09:40:58 +0800] "POST /xingrg/dwr/call/plaincall/AjaxCheckService.setItemNumber.dwr HTTP/1.1" 200 77
222.70.217.33 - - [12/Apr/2021:09:40:58 +0800] "POST /xingrg/dwr/call/plaincall/AjaxCheckService.setItemNumber.dwr HTTP/1.1" 200 78
116.224.253.72 - - [12/Apr/2021:09:40:59 +0800] "GET /xingrg/all/function/internal_message.html?_=1618191653671&CODE_STATE=getMsg HTTP/1.1" 200 27
222.70.217.33 - - [12/Apr/2021:09:40:59 +0800] "POST /xingrg/dwr/call/plaincall/AjaxCheckService.setItemNumber.dwr HTTP/1.1" 200 78
114.88.156.246 - - [12/Apr/2021:09:40:59 +0800] "POST /xingrg/dwr/call/plaincall/AjaxCheckService.setItemNumber.dwr HTTP/1.1" 200 76
114.86.187.76 - - [12/Apr/2021:09:40:59 +0800] "GET /xingrg/all/function/internal_message.html?_=1618191662271&CODE_STATE=getMsg HTTP/1.1" 200 27
222.70.217.33 - - [12/Apr/2021:09:40:59 +0800] "POST /xingrg/dwr/call/plaincall/AjaxCheckService.setItemNumber.dwr HTTP/1.1" 200 78
114.88.156.246 - - [12/Apr/2021:09:40:59 +0800] "POST /xingrg/dwr/call/plaincall/AjaxCheckService.setItemNumber.dwr HTTP/1.1" 200 76
222.70.217.33 - - [12/Apr/2021:09:41:00 +0800] "POST /xingrg/dwr/call/plaincall/AjaxCheckService.setItemNumber.dwr HTTP/1.1" 200 78
114.88.156.246 - - [12/Apr/2021:09:41:00 +0800] "POST /xingrg/dwr/call/plaincall/AjaxCheckService.setItemNumber.dwr HTTP/1.1" 200 76
222.70.217.33 - - [12/Apr/2021:09:41:00 +0800] "POST /xingrg/dwr/call/plaincall/AjaxCheckService.setItemNumber.dwr HTTP/1.1" 200 78
222.70.217.33 - - [12/Apr/2021:09:41:01 +0800] "POST /xingrg/dwr/call/plaincall/AjaxCheckService.setItemNumber.dwr HTTP/1.1" 200 78
114.88.156.246 - - [12/Apr/2021:09:41:01 +0800] "POST /xingrg/dwr/call/plaincall/AjaxCheckService.setItemNumber.dwr HTTP/1.1" 200 76
222.70.217.33 - - [12/Apr/2021:09:41:01 +0800] "POST /xingrg/dwr/call/plaincall/AjaxCheckService.setItemNumber.dwr HTTP/1.1" 200 78
114.88.156.246 - - [12/Apr/2021:09:41:01 +0800] "POST /xingrg/dwr/call/plaincall/AjaxCheckService.setItemNumber.dwr HTTP/1.1" 200 76
222.70.217.33 - - [12/Apr/2021:09:41:02 +0800] "POST /xingrg/dwr/call/plaincall/AjaxCheckService.setItemNumber.dwr HTTP/1.1" 200 78
222.70.217.33 - - [12/Apr/2021:09:41:02 +0800] "POST /xingrg/dwr/call/plaincall/AjaxCheckService.setItemNumber.dwr HTTP/1.1" 200 78
114.88.156.246 - - [12/Apr/2021:09:41:02 +0800] "POST /xingrg/dwr/call/plaincall/AjaxCheckService.setItemNumber.dwr HTTP/1.1" 200 76
222.70.217.33 - - [12/Apr/2021:09:41:03 +0800] "POST /xingrg/dwr/call/plaincall/AjaxCheckService.setItemNumber.dwr HTTP/1.1" 200 78
114.88.156.246 - - [12/Apr/2021:09:41:03 +0800] "POST /xingrg/dwr/call/plaincall/AjaxCheckService.setItemNumber.dwr HTTP/1.1" 200 76
222.70.217.33 - - [12/Apr/2021:09:41:03 +0800] "POST /xingrg/dwr/call/plaincall/AjaxCheckService.setItemNumber.dwr HTTP/1.1" 200 78
