114.88.156.246 - - [12/Apr/2021:09:29:31 +0800] "GET /xingrg/all/function/internal_message.html?_=1618190975625&CODE_STATE=getMsg HTTP/1.1" 200 27
222.70.217.33 - - [12/Apr/2021:09:29:32 +0800] "GET /xingrg/all/function/internal_message.html?_=1618190973485&CODE_STATE=getMsg HTTP/1.1" 200 27
222.70.217.33 - - [12/Apr/2021:09:29:32 +0800] "GET /xingrg/check_reg.html?_=1618190973487 HTTP/1.1" 200 22
116.238.141.202 - - [12/Apr/2021:09:29:32 +0800] "GET /xingrg/kc/buy/cgsh_order_info.html?code=212021041204612 HTTP/1.1" 200 56997
116.238.141.202 - - [12/Apr/2021:09:29:33 +0800] "GET /xingrg/javascript/easyui/themes/default/validatebox.css HTTP/1.1" 404 1104
116.238.141.202 - - [12/Apr/2021:09:29:33 +0800] "GET /xingrg/all/function/internal_message.html?_=1618191250393&CODE_STATE=getMsg HTTP/1.1" 200 27
116.238.141.202 - - [12/Apr/2021:09:29:33 +0800] "POST /xingrg/kc/buy/cgsh_order_operate.html HTTP/1.1" 200 7691
124.77.71.179 - - [12/Apr/2021:09:29:34 +0800] "GET /xingrg/all/function/internal_message.html?_=1618190973920&CODE_STATE=getMsg HTTP/1.1" 200 27
116.224.253.72 - - [12/Apr/2021:09:29:36 +0800] "POST /xingrg/dwr/call/plaincall/AjaxYddbService.saveOrder.dwr HTTP/1.1" 200 78
116.224.253.72 - - [12/Apr/2021:09:29:36 +0800] "GET /xingrg/images/yd/bt.gif HTTP/1.1" 404 1040
180.169.147.146 - - [12/Apr/2021:09:29:37 +0800] "GET /xingrg/all/function/internal_message.html?_=1618190979014&CODE_STATE=getMsg HTTP/1.1" 302 -
116.224.253.72 - - [12/Apr/2021:09:29:38 +0800] "POST /xingrg/dwr/call/plaincall/AjaxComOrderService.getMaterielSearchList.dwr HTTP/1.1" 200 22141
116.224.253.72 - - [12/Apr/2021:09:29:39 +0800] "POST /xingrg/dwr/call/plaincall/AjaxComOrderService.getMaterielSearchList.dwr HTTP/1.1" 200 1119
116.224.253.72 - - [12/Apr/2021:09:29:41 +0800] "POST /xingrg/dwr/call/plaincall/AjaxYddbService.getMaterielByMap.dwr HTTP/1.1" 200 3729
116.224.253.72 - - [12/Apr/2021:09:29:41 +0800] "GET /xingrg/kc/buy/cgsh_order_operate.html?command=get_materiel&rest_code=00151&code=00101009001&supplier_code=00100424&order_time=2021-04-12 HTTP/1.1" 200 416
116.224.253.72 - - [12/Apr/2021:09:29:43 +0800] "POST /xingrg/dwr/call/plaincall/AjaxYddbService.getUnitPrice.dwr HTTP/1.1" 200 86
61.165.42.208 - - [12/Apr/2021:09:29:43 +0800] "GET /xingrg/check_reg.html?_=1618190986019 HTTP/1.1" 200 22
61.165.42.208 - - [12/Apr/2021:09:29:43 +0800] "GET /xingrg/all/function/internal_message.html?_=1618190986023&CODE_STATE=getMsg HTTP/1.1" 200 27
116.224.253.72 - - [12/Apr/2021:09:29:44 +0800] "POST /xingrg/dwr/call/plaincall/AjaxYddbService.saveMaterielItem.dwr HTTP/1.1" 200 78
120.253.135.82 - - [12/Apr/2021:09:29:47 +0800] "GET /xingrg/all/function/internal_message.html?_=1618191022605&CODE_STATE=getMsg HTTP/1.1" 200 27
116.238.141.202 - - [12/Apr/2021:09:29:47 +0800] "GET /xingrg/kc/print/load_data.html?order_code=212021041204612&kc_code=cgsh&condition= HTTP/1.1" 200 3331
116.224.253.72 - - [12/Apr/2021:09:29:48 +0800] "POST /xingrg/dwr/call/plaincall/AjaxComOrderService.getMaterielSearchList.dwr HTTP/1.1" 200 426866
116.224.253.72 - - [12/Apr/2021:09:29:48 +0800] "POST /xingrg/dwr/call/plaincall/AjaxComOrderService.getMaterielSearchList.dwr HTTP/1.1" 200 1752
124.77.71.179 - - [12/Apr/2021:09:29:49 +0800] "GET /xingrg/kc/buy/cgsh_order_operate.html?command=get_materiel&rest_code=00107&code=00101008027&supplier_code=00100006&order_time=2021-04-12 HTTP/1.1" 200 409
58.221.95.50 - - [12/Apr/2021:09:29:52 +0800] "GET /xingrg/index.html?sysBaseUrl=http%3A%2F%2F180.169.147.146%3A18081%2Fxingrg%2F&costTime=43×tamp=1605075543692 HTTP/1.1" 302 -
58.221.95.50 - - [12/Apr/2021:09:29:52 +0800] "GET /xingrg/login.html HTTP/1.1" 200 7641
58.221.95.50 - - [12/Apr/2021:09:29:52 +0800] "GET /favicon.ico HTTP/1.1" 404 -
114.86.187.76 - - [12/Apr/2021:09:29:52 +0800] "GET /xingrg/check_reg.html?_=1618190995156 HTTP/1.1" 200 22
116.224.253.72 - - [12/Apr/2021:09:29:53 +0800] "POST /xingrg/dwr/call/plaincall/AjaxYddbService.getMaterielByMap.dwr HTTP/1.1" 200 3683
58.221.95.50 - - [12/Apr/2021:09:29:54 +0800] "POST /xingrg/login.do HTTP/1.1" 302 -
58.221.95.50 - - [12/Apr/2021:09:29:54 +0800] "GET /xingrg/index.html?sysBaseUrl=http%3A%2F%2F180.169.147.146%3A18081%2Fxingrg%2F&costTime=42×tamp=1618190994040 HTTP/1.1" 200 17417
58.221.95.50 - - [12/Apr/2021:09:29:54 +0800] "GET /favicon.ico HTTP/1.1" 404 -
116.232.52.219 - - [12/Apr/2021:09:29:54 +0800] "GET /xingrg/kc/buy/cgsh_order_operate.html?command=get_materiel&rest_code=00109&code=00101001111&supplier_code=00100038&order_time=2021-04-12 HTTP/1.1" 200 409
180.169.147.146 - - [12/Apr/2021:09:29:54 +0800] "GET /xingrg/all/function/internal_message.html?_=1618190995092&CODE_STATE=getMsg HTTP/1.1" 200 27
58.221.95.50 - - [12/Apr/2021:09:29:54 +0800] "POST /xingrg/all/common/load_tree.html?tree=area_rest_tree_json&manage=1 HTTP/1.1" 200 3344
58.221.95.50 - - [12/Apr/2021:09:29:54 +0800] "GET /xingrg/check_reg.html?_=1618190995339 HTTP/1.1" 200 22
58.221.95.50 - - [12/Apr/2021:09:29:54 +0800] "GET /xingrg/all/function/internal_message.html?_=1618190995339&CODE_STATE=count HTTP/1.1" 200 11
58.221.95.50 - - [12/Apr/2021:09:29:54 +0800] "POST /xingrg/load_menu.html HTTP/1.1" 200 9959
116.224.253.72 - - [12/Apr/2021:09:29:54 +0800] "GET /xingrg/images/yd/bt2.gif HTTP/1.1" 404 1042
61.165.42.208 - - [12/Apr/2021:09:29:55 +0800] "POST /xingrg/kc/buy/cgsh_list_operate.html HTTP/1.1" 200 570
116.224.253.72 - - [12/Apr/2021:09:29:56 +0800] "POST /xingrg/dwr/call/plaincall/AjaxYddbService.saveMaterielItem.dwr HTTP/1.1" 200 79
58.221.95.50 - - [12/Apr/2021:09:29:57 +0800] "GET /xingrg/kc/buy/cgsh_order_list.html HTTP/1.1" 200 46414
61.165.42.208 - - [12/Apr/2021:09:29:58 +0800] "GET /xingrg/kc/buy/cgsh_order_info.html?code=212021041204596 HTTP/1.1" 200 62198
61.165.42.208 - - [12/Apr/2021:09:29:58 +0800] "GET /xingrg/javascript/easyui/themes/default/validatebox.css HTTP/1.1" 404 1104
58.221.95.50 - - [12/Apr/2021:09:29:58 +0800] "POST /xingrg/kc/buy/cgsh_list_operate.html HTTP/1.1" 200 1673
116.224.253.72 - - [12/Apr/2021:09:29:58 +0800] "GET /xingrg/all/function/internal_message.html?_=1618190993381&CODE_STATE=getMsg HTTP/1.1" 200 27
61.165.42.208 - - [12/Apr/2021:09:29:59 +0800] "POST /xingrg/kc/buy/cgsh_order_operate.html HTTP/1.1" 200 41116
114.86.187.76 - - [12/Apr/2021:09:29:59 +0800] "GET /xingrg/all/function/internal_message.html?_=1618191002059&CODE_STATE=getMsg HTTP/1.1" 200 27
124.77.71.179 - - [12/Apr/2021:09:29:59 +0800] "GET /xingrg/kc/buy/cgsh_order_operate.html?command=get_materiel&rest_code=00107&code=00101008096&supplier_code=00100006&order_time=2021-04-12 HTTP/1.1" 200 412
116.224.253.72 - - [12/Apr/2021:09:30:01 +0800] "GET /xingrg/all/function/internal_message.html?_=1618191002356&CODE_STATE=getMsg HTTP/1.1" 200 27
58.221.95.50 - - [12/Apr/2021:09:30:01 +0800] "POST /xingrg/kc/buy/cgsh_list_operate.html HTTP/1.1" 200 208
124.77.71.179 - - [12/Apr/2021:09:30:02 +0800] "POST /xingrg/kc/buy/cgsh_order_operate.html HTTP/1.1" 200 2065
116.232.52.219 - - [12/Apr/2021:09:30:05 +0800] "GET /xingrg/all/function/internal_message.html?_=1618191008179&CODE_STATE=getMsg HTTP/1.1" 200 27
124.77.71.179 - - [12/Apr/2021:09:30:09 +0800] "GET /xingrg/kc/buy/cgsh_order_operate.html?command=get_materiel&rest_code=00107&code=00101008185&supplier_code=00100006&order_time=2021-04-12 HTTP/1.1" 200 408
58.221.95.50 - - [12/Apr/2021:09:30:10 +0800] "POST /xingrg/kc/buy/cgsh_list_operate.html HTTP/1.1" 200 4
58.221.95.50 - - [12/Apr/2021:09:30:12 +0800] "POST /xingrg/kc/buy/cgsh_list_operate.html HTTP/1.1" 200 876
222.69.130.42 - - [12/Apr/2021:09:30:13 +0800] "GET /xingrg/all/function/internal_message.html?_=1618191014052&CODE_STATE=getMsg HTTP/1.1" 200 27
58.221.95.50 - - [12/Apr/2021:09:30:15 +0800] "POST /xingrg/kc/buy/cgsh_list_operate.html HTTP/1.1" 200 876
114.88.156.246 - - [12/Apr/2021:09:30:17 +0800] "GET /xingrg/all/function/internal_message.html?_=1618191040848&CODE_STATE=getMsg HTTP/1.1" 200 27
124.77.71.179 - - [12/Apr/2021:09:30:19 +0800] "GET /xingrg/kc/buy/cgsh_order_operate.html?command=get_materiel&rest_code=00107&code=00101008003&supplier_code=00100006&order_time=2021-04-12 HTTP/1.1" 200 408
116.230.114.112 - - [12/Apr/2021:09:30:25 +0800] "GET /xingrg/check_reg.html?_=1618191027677 HTTP/1.1" 200 22
116.232.52.219 - - [12/Apr/2021:09:30:25 +0800] "GET /xingrg/kc/buy/cgsh_order_operate.html?command=get_materiel&rest_code=00109&code=00101001160&supplier_code=00100038&order_time=2021-04-12 HTTP/1.1" 200 408
116.230.114.112 - - [12/Apr/2021:09:30:25 +0800] "GET /xingrg/all/function/internal_message.html?_=1618191028050&CODE_STATE=getMsg HTTP/1.1" 200 27
180.169.147.146 - - [12/Apr/2021:09:30:26 +0800] "GET /xingrg/check_reg.html?_=1618191025686 HTTP/1.1" 200 22
180.169.147.146 - - [12/Apr/2021:09:30:26 +0800] "GET /xingrg/all/function/internal_message.html?_=1618191025688&CODE_STATE=getMsg HTTP/1.1" 200 27
116.224.253.72 - - [12/Apr/2021:09:30:28 +0800] "POST /xingrg/dwr/call/plaincall/AjaxYddbService.deleteOrder.dwr HTTP/1.1" 200 79
116.224.253.72 - - [12/Apr/2021:09:30:29 +0800] "GET /xingrg/kc/base/yddb_order_list.html HTTP/1.1" 200 16995
116.224.253.72 - - [12/Apr/2021:09:30:30 +0800] "POST /xingrg/kc/base/yddb_list_operate.html HTTP/1.1" 200 636
114.88.156.246 - - [12/Apr/2021:09:30:31 +0800] "GET /xingrg/all/function/internal_message.html?_=1618191035623&CODE_STATE=getMsg HTTP/1.1" 200 27
222.70.217.33 - - [12/Apr/2021:09:30:32 +0800] "GET /xingrg/all/function/internal_message.html?_=1618191033488&CODE_STATE=getMsg HTTP/1.1" 200 27
116.238.141.202 - - [12/Apr/2021:09:30:33 +0800] "GET /xingrg/all/function/internal_message.html?_=1618191310690&CODE_STATE=getMsg HTTP/1.1" 200 27
124.77.71.179 - - [12/Apr/2021:09:30:33 +0800] "GET /xingrg/all/function/internal_message.html?_=1618191033894&CODE_STATE=getMsg HTTP/1.1" 200 27
124.77.71.179 - - [12/Apr/2021:09:30:34 +0800] "GET /xingrg/kc/buy/cgsh_order_operate.html?command=get_materiel&rest_code=00107&code=00101008300&supplier_code=00100006&order_time=2021-04-12 HTTP/1.1" 200 412
180.169.147.146 - - [12/Apr/2021:09:30:37 +0800] "GET /xingrg/all/function/internal_message.html?_=1618191039015&CODE_STATE=getMsg HTTP/1.1" 302 -
180.169.147.146 - - [12/Apr/2021:09:30:37 +0800] "GET /xingrg/check_reg.html?_=1618191039019 HTTP/1.1" 302 -
116.224.253.72 - - [12/Apr/2021:09:30:39 +0800] "POST /xingrg/kc/base/yddb_list_operate.html HTTP/1.1" 200 636
116.232.52.219 - - [12/Apr/2021:09:30:40 +0800] "GET /xingrg/kc/buy/cgsh_order_operate.html?command=get_materiel&rest_code=00109&code=00101005037&supplier_code=00100038&order_time=2021-04-12 HTTP/1.1" 200 411
116.224.253.72 - - [12/Apr/2021:09:30:42 +0800] "POST /xingrg/kc/base/yddb_list_operate.html HTTP/1.1" 200 636
61.165.42.208 - - [12/Apr/2021:09:30:43 +0800] "GET /xingrg/all/function/internal_message.html?_=1618191046018&CODE_STATE=getMsg HTTP/1.1" 200 27
116.224.253.72 - - [12/Apr/2021:09:30:45 +0800] "GET /xingrg/kc/base/yddb_order_add.html HTTP/1.1" 200 29745
116.224.253.72 - - [12/Apr/2021:09:30:45 +0800] "GET /xingrg/dwr/interface/AjaxYddbService.js HTTP/1.1" 200 13201
116.224.253.72 - - [12/Apr/2021:09:30:45 +0800] "GET /xingrg/dwr/interface/AjaxComOrderService.js HTTP/1.1" 200 18264
116.224.253.72 - - [12/Apr/2021:09:30:45 +0800] "GET /xingrg/dwr/engine.js HTTP/1.1" 200 43631
120.253.135.82 - - [12/Apr/2021:09:30:47 +0800] "GET /xingrg/all/function/internal_message.html?_=1618191082620&CODE_STATE=getMsg HTTP/1.1" 200 27
116.224.253.72 - - [12/Apr/2021:09:30:47 +0800] "POST /xingrg/dwr/call/plaincall/AjaxYddbService.getRestBases.dwr HTTP/1.1" 200 1514
116.224.253.72 - - [12/Apr/2021:09:30:52 +0800] "POST /xingrg/dwr/call/plaincall/AjaxYddbService.saveOrder.dwr HTTP/1.1" 200 78
116.224.253.72 - - [12/Apr/2021:09:30:53 +0800] "GET /xingrg/images/yd/bt.gif HTTP/1.1" 404 1040
180.169.147.146 - - [12/Apr/2021:09:30:54 +0800] "GET /xingrg/check_reg.html?_=1618191055090 HTTP/1.1" 200 22
180.169.147.146 - - [12/Apr/2021:09:30:54 +0800] "GET /xingrg/all/function/internal_message.html?_=1618191055093&CODE_STATE=getMsg HTTP/1.1" 200 27
58.221.95.50 - - [12/Apr/2021:09:30:54 +0800] "GET /xingrg/all/function/internal_message.html?_=1618191055353&CODE_STATE=getMsg HTTP/1.1" 200 27
116.232.52.219 - - [12/Apr/2021:09:30:55 +0800] "GET /xingrg/kc/buy/cgsh_order_operate.html?command=get_materiel&rest_code=00109&code=00101005036&supplier_code=00100038&order_time=2021-04-12 HTTP/1.1" 200 409
116.224.253.72 - - [12/Apr/2021:09:30:55 +0800] "POST /xingrg/dwr/call/plaincall/AjaxComOrderService.getMaterielSearchList.dwr HTTP/1.1" 200 23470
116.224.253.72 - - [12/Apr/2021:09:30:55 +0800] "POST /xingrg/dwr/call/plaincall/AjaxComOrderService.getMaterielSearchList.dwr HTTP/1.1" 200 1752
124.77.71.179 - - [12/Apr/2021:09:30:56 +0800] "GET /xingrg/kc/buy/cgsh_order_operate.html?command=get_materiel&rest_code=00107&code=00101008296&supplier_code=00100006&order_time=2021-04-12 HTTP/1.1" 200 416
116.224.253.72 - - [12/Apr/2021:09:30:58 +0800] "GET /xingrg/all/function/internal_message.html?_=1618191053393&CODE_STATE=getMsg HTTP/1.1" 200 27
114.86.187.76 - - [12/Apr/2021:09:30:59 +0800] "GET /xingrg/all/function/internal_message.html?_=1618191062071&CODE_STATE=getMsg HTTP/1.1" 200 27
116.224.253.72 - - [12/Apr/2021:09:31:01 +0800] "GET /xingrg/all/function/internal_message.html?_=1618191062365&CODE_STATE=getMsg HTTP/1.1" 200 27
124.77.71.179 - - [12/Apr/2021:09:31:02 +0800] "POST /xingrg/kc/buy/cgsh_order_operate.html HTTP/1.1" 200 2065
116.232.52.219 - - [12/Apr/2021:09:31:04 +0800] "GET /xingrg/kc/buy/cgsh_order_operate.html?command=get_materiel&rest_code=00109&code=00101002027&supplier_code=00100038&order_time=2021-04-12 HTTP/1.1" 200 433
116.232.52.219 - - [12/Apr/2021:09:31:05 +0800] "GET /xingrg/all/function/internal_message.html?_=1618191068182&CODE_STATE=getMsg HTTP/1.1" 200 27
116.224.253.72 - - [12/Apr/2021:09:31:10 +0800] "POST /xingrg/dwr/call/plaincall/AjaxComOrderService.getMaterielSearchList.dwr HTTP/1.1" 200 23470
116.224.253.72 - - [12/Apr/2021:09:31:11 +0800] "POST /xingrg/dwr/call/plaincall/AjaxComOrderService.getMaterielSearchList.dwr HTTP/1.1" 200 22141
116.224.253.72 - - [12/Apr/2021:09:31:11 +0800] "POST /xingrg/dwr/call/plaincall/AjaxComOrderService.getMaterielSearchList.dwr HTTP/1.1" 200 1119
116.224.253.72 - - [12/Apr/2021:09:31:12 +0800] "POST /xingrg/dwr/call/plaincall/AjaxComOrderService.getMaterielSearchList.dwr HTTP/1.1" 200 1119
222.69.130.42 - - [12/Apr/2021:09:31:13 +0800] "GET /xingrg/all/function/internal_message.html?_=1618191074040&CODE_STATE=getMsg HTTP/1.1" 200 27
116.232.52.219 - - [12/Apr/2021:09:31:14 +0800] "GET /xingrg/kc/buy/cgsh_order_operate.html?command=get_materiel&rest_code=00109&code=00101002027&supplier_code=00100038&order_time=2021-04-12 HTTP/1.1" 200 433
116.224.253.72 - - [12/Apr/2021:09:31:14 +0800] "POST /xingrg/dwr/call/plaincall/AjaxYddbService.getMaterielByMap.dwr HTTP/1.1" 200 3729
114.88.156.246 - - [12/Apr/2021:09:31:16 +0800] "GET /xingrg/all/function/internal_message.html?_=1618191100826&CODE_STATE=getMsg HTTP/1.1" 200 27
61.151.179.84 - - [12/Apr/2021:09:31:17 +0800] "GET /xingrg/all/function/internal_message.html?_=1618191040848&CODE_STATE=getMsg HTTP/1.1" 302 -
116.224.253.72 - - [12/Apr/2021:09:31:17 +0800] "POST /xingrg/dwr/call/plaincall/AjaxYddbService.getUnitPrice.dwr HTTP/1.1" 200 86
61.151.179.84 - - [12/Apr/2021:09:31:17 +0800] "GET /xingrg/login.html HTTP/1.1" 200 7641
116.224.253.72 - - [12/Apr/2021:09:31:19 +0800] "POST /xingrg/dwr/call/plaincall/AjaxYddbService.saveMaterielItem.dwr HTTP/1.1" 200 79
124.77.71.179 - - [12/Apr/2021:09:31:22 +0800] "GET /xingrg/kc/buy/cgsh_order_operate.html?command=get_materiel&rest_code=00107&code=00101008213&supplier_code=00100006&order_time=2021-04-12 HTTP/1.1" 200 412
116.224.253.72 - - [12/Apr/2021:09:31:22 +0800] "POST /xingrg/dwr/call/plaincall/AjaxComOrderService.getMaterielSearchList.dwr HTTP/1.1" 200 1753
116.224.253.72 - - [12/Apr/2021:09:31:23 +0800] "POST /xingrg/dwr/call/plaincall/AjaxComOrderService.getMaterielSearchList.dwr HTTP/1.1" 200 1753
116.230.114.112 - - [12/Apr/2021:09:31:25 +0800] "GET /xingrg/all/function/internal_message.html?_=1618191088064&CODE_STATE=getMsg HTTP/1.1" 200 27
116.232.52.219 - - [12/Apr/2021:09:31:26 +0800] "GET /xingrg/kc/buy/cgsh_order_operate.html?command=get_materiel&rest_code=00109&code=00101002022&supplier_code=00100038&order_time=2021-04-12 HTTP/1.1" 200 429
116.224.253.72 - - [12/Apr/2021:09:31:26 +0800] "POST /xingrg/dwr/call/plaincall/AjaxYddbService.getMaterielByMap.dwr HTTP/1.1" 200 3684
180.169.147.146 - - [12/Apr/2021:09:31:26 +0800] "GET /xingrg/all/function/internal_message.html?_=1618191085686&CODE_STATE=getMsg HTTP/1.1" 200 27
116.224.253.72 - - [12/Apr/2021:09:31:27 +0800] "GET /xingrg/images/yd/bt2.gif HTTP/1.1" 404 1042
114.88.156.246 - - [12/Apr/2021:09:31:31 +0800] "GET /xingrg/all/function/internal_message.html?_=1618191095622&CODE_STATE=getMsg HTTP/1.1" 200 27
222.70.217.33 - - [12/Apr/2021:09:31:32 +0800] "GET /xingrg/all/function/internal_message.html?_=1618191093475&CODE_STATE=getMsg HTTP/1.1" 200 27
124.77.71.179 - - [12/Apr/2021:09:31:33 +0800] "GET /xingrg/kc/buy/cgsh_order_operate.html?command=get_materiel&rest_code=00107&code=00101008285&supplier_code=00100006&order_time=2021-04-12 HTTP/1.1" 200 413
180.97.118.219 - - [12/Apr/2021:09:31:33 +0800] "GET /xingrg/all/function/internal_message.html?_=1618191035623&CODE_STATE=getMsg HTTP/1.1" 302 -
124.77.71.179 - - [12/Apr/2021:09:31:34 +0800] "GET /xingrg/all/function/internal_message.html?_=1618191093957&CODE_STATE=getMsg HTTP/1.1" 200 27
116.238.141.202 - - [12/Apr/2021:09:31:34 +0800] "GET /xingrg/all/function/internal_message.html?_=1618191370699&CODE_STATE=getMsg HTTP/1.1" 200 27
180.97.118.219 - - [12/Apr/2021:09:31:34 +0800] "GET /xingrg/login.html HTTP/1.1" 200 7641
116.224.253.72 - - [12/Apr/2021:09:31:36 +0800] "POST /xingrg/dwr/call/plaincall/AjaxYddbService.saveMaterielItem.dwr HTTP/1.1" 200 79
180.169.147.146 - - [12/Apr/2021:09:31:37 +0800] "GET /xingrg/all/function/internal_message.html?_=1618191099023&CODE_STATE=getMsg HTTP/1.1" 302 -
116.232.52.219 - - [12/Apr/2021:09:31:37 +0800] "GET /xingrg/system/info/materiel_import.html?isSelect=1&singleSelect=false HTTP/1.1" 200 5600
116.232.52.219 - - [12/Apr/2021:09:31:38 +0800] "POST /xingrg/all/common/load_tree.html?tree=materiel_sort_tree_json HTTP/1.1" 200 8666
61.165.42.208 - - [12/Apr/2021:09:31:43 +0800] "GET /xingrg/all/function/internal_message.html?_=1618191106025&CODE_STATE=getMsg HTTP/1.1" 200 27
124.77.71.179 - - [12/Apr/2021:09:31:44 +0800] "GET /xingrg/kc/buy/cgsh_order_operate.html?command=get_materiel&rest_code=00107&code=00101008042&supplier_code=00100006&order_time=2021-04-12 HTTP/1.1" 200 416
120.253.135.82 - - [12/Apr/2021:09:31:47 +0800] "GET /xingrg/all/function/internal_message.html?_=1618191142653&CODE_STATE=getMsg HTTP/1.1" 200 27
116.224.253.72 - - [12/Apr/2021:09:31:49 +0800] "POST /xingrg/dwr/call/plaincall/AjaxYddbService.checkOrder.dwr HTTP/1.1" 200 79
116.224.253.72 - - [12/Apr/2021:09:31:49 +0800] "GET /xingrg/kc/base/yddb_order_info.html?code=482021041200077 HTTP/1.1" 200 29374
116.224.253.72 - - [12/Apr/2021:09:31:49 +0800] "GET /xingrg/dwr/interface/AjaxYddbService.js HTTP/1.1" 200 13201
116.224.253.72 - - [12/Apr/2021:09:31:49 +0800] "GET /xingrg/dwr/interface/AjaxComOrderService.js HTTP/1.1" 200 18264
116.224.253.72 - - [12/Apr/2021:09:31:49 +0800] "GET /xingrg/dwr/engine.js HTTP/1.1" 200 43631
116.224.253.72 - - [12/Apr/2021:09:31:50 +0800] "POST /xingrg/dwr/call/plaincall/AjaxYddbService.loadMaterielItems.dwr HTTP/1.1" 200 768
180.169.147.146 - - [12/Apr/2021:09:31:54 +0800] "GET /xingrg/all/function/internal_message.html?_=1618191115113&CODE_STATE=getMsg HTTP/1.1" 200 27
58.221.95.50 - - [12/Apr/2021:09:31:54 +0800] "GET /xingrg/all/function/internal_message.html?_=1618191115356&CODE_STATE=getMsg HTTP/1.1" 200 27
116.232.52.219 - - [12/Apr/2021:09:31:57 +0800] "GET /xingrg/kc/buy/cgsh_order_operate.html?command=get_materiel&rest_code=00109&code=00101002064&supplier_code=00100038&order_time=2021-04-12 HTTP/1.1" 200 401
116.238.141.202 - - [12/Apr/2021:09:31:58 +0800] "GET /xingrg/check_reg.html?_=1618191395231 HTTP/1.1" 200 22
116.224.253.72 - - [12/Apr/2021:09:31:58 +0800] "GET /xingrg/all/function/internal_message.html?_=1618191113451&CODE_STATE=getMsg HTTP/1.1" 200 27
114.86.187.76 - - [12/Apr/2021:09:31:59 +0800] "GET /xingrg/all/function/internal_message.html?_=1618191122102&CODE_STATE=getMsg HTTP/1.1" 200 27
124.77.71.179 - - [12/Apr/2021:09:31:59 +0800] "GET /xingrg/kc/buy/cgsh_order_operate.html?command=get_materiel&rest_code=00107&code=00101008248&supplier_code=00100006&order_time=2021-04-12 HTTP/1.1" 200 414
116.224.253.72 - - [12/Apr/2021:09:32:01 +0800] "GET /xingrg/all/function/internal_message.html?_=1618191122372&CODE_STATE=getMsg HTTP/1.1" 200 27
116.224.253.72 - - [12/Apr/2021:09:32:03 +0800] "GET /xingrg/kc/base/yddb_order_add.html HTTP/1.1" 200 29745
116.224.253.72 - - [12/Apr/2021:09:32:03 +0800] "GET /xingrg/dwr/interface/AjaxYddbService.js HTTP/1.1" 200 13201
116.224.253.72 - - [12/Apr/2021:09:32:03 +0800] "GET /xingrg/dwr/interface/AjaxComOrderService.js HTTP/1.1" 200 18264
116.224.253.72 - - [12/Apr/2021:09:32:03 +0800] "GET /xingrg/dwr/engine.js HTTP/1.1" 200 43631
116.232.52.219 - - [12/Apr/2021:09:32:05 +0800] "GET /xingrg/all/function/internal_message.html?_=1618191128184&CODE_STATE=getMsg HTTP/1.1" 200 27
116.232.52.219 - - [12/Apr/2021:09:32:05 +0800] "GET /xingrg/check_reg.html?_=1618191128186 HTTP/1.1" 200 22
116.232.52.219 - - [12/Apr/2021:09:32:06 +0800] "GET /xingrg/kc/buy/cgsh_order_operate.html?command=get_materiel&rest_code=00109&code=00101002022&supplier_code=00100038&order_time=2021-04-12 HTTP/1.1" 200 429
116.224.253.72 - - [12/Apr/2021:09:32:07 +0800] "POST /xingrg/dwr/call/plaincall/AjaxYddbService.getRestBases.dwr HTTP/1.1" 200 1514
222.69.130.42 - - [12/Apr/2021:09:32:13 +0800] "GET /xingrg/all/function/internal_message.html?_=1618191134023&CODE_STATE=getMsg HTTP/1.1" 200 27
222.69.130.42 - - [12/Apr/2021:09:32:14 +0800] "GET /xingrg/check_reg.html?_=1618191134319 HTTP/1.1" 200 22
124.77.71.179 - - [12/Apr/2021:09:32:15 +0800] "POST /xingrg/kc/buy/cgsh_order_operate.html HTTP/1.1" 200 2065
114.88.156.246 - - [12/Apr/2021:09:32:16 +0800] "GET /xingrg/all/function/internal_message.html?_=1618191160797&CODE_STATE=getMsg HTTP/1.1" 200 27
116.224.253.72 - - [12/Apr/2021:09:32:18 +0800] "POST /xingrg/dwr/call/plaincall/AjaxYddbService.saveOrder.dwr HTTP/1.1" 200 78
124.77.71.179 - - [12/Apr/2021:09:32:23 +0800] "GET /xingrg/kc/buy/cgsh_order_operate.html?command=get_materiel&rest_code=00107&code=00101008351&supplier_code=00100006&order_time=2021-04-12 HTTP/1.1" 200 427
116.224.253.72 - - [12/Apr/2021:09:32:24 +0800] "POST /xingrg/dwr/call/plaincall/AjaxComOrderService.getMaterielSearchList.dwr HTTP/1.1" 200 20027
116.224.253.72 - - [12/Apr/2021:09:32:25 +0800] "POST /xingrg/dwr/call/plaincall/AjaxComOrderService.getMaterielSearchList.dwr HTTP/1.1" 200 1545
116.230.114.112 - - [12/Apr/2021:09:32:25 +0800] "GET /xingrg/all/function/internal_message.html?_=1618191148076&CODE_STATE=getMsg HTTP/1.1" 200 27
180.169.147.146 - - [12/Apr/2021:09:32:26 +0800] "GET /xingrg/all/function/internal_message.html?_=1618191145685&CODE_STATE=getMsg HTTP/1.1" 200 27
120.253.135.82 - - [12/Apr/2021:09:32:27 +0800] "GET /xingrg/check_reg.html?_=1618191182601 HTTP/1.1" 200 22
114.88.156.246 - - [12/Apr/2021:09:32:31 +0800] "GET /xingrg/all/function/internal_message.html?_=1618191155620&CODE_STATE=getMsg HTTP/1.1" 200 27
222.70.217.33 - - [12/Apr/2021:09:32:32 +0800] "GET /xingrg/all/function/internal_message.html?_=1618191153479&CODE_STATE=getMsg HTTP/1.1" 200 27
116.238.141.202 - - [12/Apr/2021:09:32:33 +0800] "GET /xingrg/all/function/internal_message.html?_=1618191430712&CODE_STATE=getMsg HTTP/1.1" 200 27
124.77.71.179 - - [12/Apr/2021:09:32:34 +0800] "GET /xingrg/all/function/internal_message.html?_=1618191153940&CODE_STATE=getMsg HTTP/1.1" 200 27
124.77.71.179 - - [12/Apr/2021:09:32:34 +0800] "GET /xingrg/kc/buy/cgsh_order_operate.html?command=get_materiel&rest_code=00107&code=00101008239&supplier_code=00100006&order_time=2021-04-12 HTTP/1.1" 200 416
222.70.217.33 - - [12/Apr/2021:09:32:35 +0800] "GET /xingrg/kc/buy/cgsh_order_add.html HTTP/1.1" 200 62116
222.70.217.33 - - [12/Apr/2021:09:32:35 +0800] "POST /xingrg/kc/buy/cgsh_order_operate.html HTTP/1.1" 200 8245
222.70.217.33 - - [12/Apr/2021:09:32:35 +0800] "GET /xingrg/javascript/easyui/themes/default/validatebox.css HTTP/1.1" 404 1104
180.169.147.146 - - [12/Apr/2021:09:32:37 +0800] "GET /xingrg/all/function/internal_message.html?_=1618191159024&CODE_STATE=getMsg HTTP/1.1" 302 -
116.232.52.219 - - [12/Apr/2021:09:32:40 +0800] "GET /xingrg/kc/buy/cgsh_order_operate.html?command=get_materiel&rest_code=00109&code=00101001111&supplier_code=00100038&order_time=2021-04-12 HTTP/1.1" 200 409
124.77.71.179 - - [12/Apr/2021:09:32:43 +0800] "GET /xingrg/kc/buy/cgsh_order_operate.html?command=get_materiel&rest_code=00107&code=00101008141&supplier_code=00100006&order_time=2021-04-12 HTTP/1.1" 200 412
116.224.253.72 - - [12/Apr/2021:09:32:43 +0800] "POST /xingrg/dwr/call/plaincall/AjaxYddbService.getMaterielByMap.dwr HTTP/1.1" 200 3722
61.165.42.208 - - [12/Apr/2021:09:32:43 +0800] "GET /xingrg/all/function/internal_message.html?_=1618191166026&CODE_STATE=getMsg HTTP/1.1" 200 27
116.224.253.72 - - [12/Apr/2021:09:32:45 +0800] "POST /xingrg/dwr/call/plaincall/AjaxYddbService.saveMaterielItem.dwr HTTP/1.1" 200 78
120.253.135.82 - - [12/Apr/2021:09:32:47 +0800] "GET /xingrg/all/function/internal_message.html?_=1618191202662&CODE_STATE=getMsg HTTP/1.1" 200 27
116.224.253.72 - - [12/Apr/2021:09:32:50 +0800] "POST /xingrg/dwr/call/plaincall/AjaxComOrderService.getMaterielSearchList.dwr HTTP/1.1" 200 3336
116.224.253.72 - - [12/Apr/2021:09:32:51 +0800] "POST /xingrg/dwr/call/plaincall/AjaxComOrderService.getMaterielSearchList.dwr HTTP/1.1" 200 302
116.224.253.72 - - [12/Apr/2021:09:32:52 +0800] "POST /xingrg/dwr/call/plaincall/AjaxYddbService.getMaterielByMap.dwr HTTP/1.1" 200 3735
180.169.147.146 - - [12/Apr/2021:09:32:54 +0800] "GET /xingrg/all/function/internal_message.html?_=1618191175102&CODE_STATE=getMsg HTTP/1.1" 200 27
222.70.217.33 - - [12/Apr/2021:09:32:54 +0800] "GET /xingrg/kc/buy/cgsh_order_operate.html?command=get_materiel&rest_code=00155&code=00101002027&supplier_code=00100199&order_time=2021-04-12 HTTP/1.1" 200 433
58.221.95.50 - - [12/Apr/2021:09:32:54 +0800] "GET /xingrg/all/function/internal_message.html?_=1618191175342&CODE_STATE=getMsg HTTP/1.1" 200 27
116.224.253.72 - - [12/Apr/2021:09:32:54 +0800] "POST /xingrg/dwr/call/plaincall/AjaxYddbService.getUnitPrice.dwr HTTP/1.1" 200 87
116.224.253.72 - - [12/Apr/2021:09:32:55 +0800] "POST /xingrg/dwr/call/plaincall/AjaxYddbService.saveMaterielItem.dwr HTTP/1.1" 200 79
124.77.71.179 - - [12/Apr/2021:09:32:57 +0800] "GET /xingrg/kc/buy/cgsh_order_operate.html?command=get_materiel&rest_code=00107&code=00101008126&supplier_code=00100006&order_time=2021-04-12 HTTP/1.1" 200 412
116.224.253.72 - - [12/Apr/2021:09:32:58 +0800] "GET /xingrg/all/function/internal_message.html?_=1618191173453&CODE_STATE=getMsg HTTP/1.1" 200 27
116.224.253.72 - - [12/Apr/2021:09:32:59 +0800] "POST /xingrg/dwr/call/plaincall/AjaxComOrderService.getMaterielSearchList.dwr HTTP/1.1" 200 18293
114.86.187.76 - - [12/Apr/2021:09:32:59 +0800] "GET /xingrg/all/function/internal_message.html?_=1618191182115&CODE_STATE=getMsg HTTP/1.1" 200 27
116.224.253.72 - - [12/Apr/2021:09:32:59 +0800] "POST /xingrg/dwr/call/plaincall/AjaxComOrderService.getMaterielSearchList.dwr HTTP/1.1" 200 1013
222.70.217.33 - - [12/Apr/2021:09:33:00 +0800] "POST /xingrg/kc/buy/cgsh_order_operate.html HTTP/1.1" 200 37
116.224.253.72 - - [12/Apr/2021:09:33:01 +0800] "GET /xingrg/all/function/internal_message.html?_=1618191182373&CODE_STATE=getMsg HTTP/1.1" 200 27
222.70.217.33 - - [12/Apr/2021:09:33:01 +0800] "POST /xingrg/kc/buy/cgsh_order_operate.html HTTP/1.1" 200 2656
116.224.253.72 - - [12/Apr/2021:09:33:02 +0800] "POST /xingrg/dwr/call/plaincall/AjaxYddbService.getMaterielByMap.dwr HTTP/1.1" 200 3729
222.70.217.33 - - [12/Apr/2021:09:33:02 +0800] "GET /xingrg/kc/print/load_data.html?order_code=212021041204613&kc_code=cgsh&condition= HTTP/1.1" 200 674
116.224.253.72 - - [12/Apr/2021:09:33:05 +0800] "POST /xingrg/dwr/call/plaincall/AjaxYddbService.saveMaterielItem.dwr HTTP/1.1" 200 79
116.232.52.219 - - [12/Apr/2021:09:33:05 +0800] "GET /xingrg/all/function/internal_message.html?_=1618191188186&CODE_STATE=getMsg HTTP/1.1" 200 27
124.77.71.179 - - [12/Apr/2021:09:33:10 +0800] "GET /xingrg/check_reg.html?_=1618191190740 HTTP/1.1" 200 22
222.69.130.42 - - [12/Apr/2021:09:33:13 +0800] "GET /xingrg/all/function/internal_message.html?_=1618191194000&CODE_STATE=getMsg HTTP/1.1" 200 27
114.88.156.246 - - [12/Apr/2021:09:33:16 +0800] "GET /xingrg/all/function/internal_message.html?_=1618191220768&CODE_STATE=getMsg HTTP/1.1" 200 27
124.77.71.179 - - [12/Apr/2021:09:33:21 +0800] "GET /xingrg/kc/buy/cgsh_order_operate.html?command=get_materiel&rest_code=00107&code=00101008361&supplier_code=00100006&order_time=2021-04-12 HTTP/1.1" 200 408
116.224.253.72 - - [12/Apr/2021:09:33:22 +0800] "POST /xingrg/dwr/call/plaincall/AjaxComOrderService.getMaterielSearchList.dwr HTTP/1.1" 200 11353
116.224.253.72 - - [12/Apr/2021:09:33:22 +0800] "POST /xingrg/dwr/call/plaincall/AjaxComOrderService.getMaterielSearchList.dwr HTTP/1.1" 200 1150
116.230.114.112 - - [12/Apr/2021:09:33:25 +0800] "GET /xingrg/all/function/internal_message.html?_=1618191208091&CODE_STATE=getMsg HTTP/1.1" 200 27
116.224.253.72 - - [12/Apr/2021:09:33:26 +0800] "POST /xingrg/dwr/call/plaincall/AjaxYddbService.getMaterielByMap.dwr HTTP/1.1" 200 3741
180.169.147.146 - - [12/Apr/2021:09:33:26 +0800] "GET /xingrg/all/function/internal_message.html?_=1618191205680&CODE_STATE=getMsg HTTP/1.1" 200 27
116.224.253.72 - - [12/Apr/2021:09:33:30 +0800] "POST /xingrg/dwr/call/plaincall/AjaxYddbService.saveMaterielItem.dwr HTTP/1.1" 200 79
114.88.156.246 - - [12/Apr/2021:09:33:31 +0800] "GET /xingrg/all/function/internal_message.html?_=1618191215618&CODE_STATE=getMsg HTTP/1.1" 200 27
114.88.156.246 - - [12/Apr/2021:09:33:31 +0800] "GET /xingrg/check_reg.html?_=1618191215620 HTTP/1.1" 200 22
222.70.217.33 - - [12/Apr/2021:09:33:32 +0800] "GET /xingrg/all/function/internal_message.html?_=1618191213476&CODE_STATE=getMsg HTTP/1.1" 200 27
116.238.141.202 - - [12/Apr/2021:09:33:33 +0800] "GET /xingrg/all/function/internal_message.html?_=1618191490727&CODE_STATE=getMsg HTTP/1.1" 200 27
124.77.71.179 - - [12/Apr/2021:09:33:33 +0800] "GET /xingrg/all/function/internal_message.html?_=1618191213904&CODE_STATE=getMsg HTTP/1.1" 200 27
180.169.147.146 - - [12/Apr/2021:09:33:37 +0800] "GET /xingrg/all/function/internal_message.html?_=1618191219024&CODE_STATE=getMsg HTTP/1.1" 302 -
114.88.156.246 - - [12/Apr/2021:09:33:40 +0800] "GET /xingrg/check_reg.html?_=1618191244617 HTTP/1.1" 200 22
58.221.95.50 - - [12/Apr/2021:09:33:43 +0800] "POST /xingrg/kc/buy/cgsh_list_operate.html HTTP/1.1" 200 876
61.165.42.208 - - [12/Apr/2021:09:33:43 +0800] "GET /xingrg/all/function/internal_message.html?_=1618191226011&CODE_STATE=getMsg HTTP/1.1" 200 27
116.224.253.72 - - [12/Apr/2021:09:33:46 +0800] "POST /xingrg/dwr/call/plaincall/AjaxComOrderService.getMaterielSearchList.dwr HTTP/1.1" 200 13230
120.253.135.82 - - [12/Apr/2021:09:33:47 +0800] "GET /xingrg/all/function/internal_message.html?_=1618191262676&CODE_STATE=getMsg HTTP/1.1" 200 27
116.224.253.72 - - [12/Apr/2021:09:33:47 +0800] "POST /xingrg/dwr/call/plaincall/AjaxComOrderService.getMaterielSearchList.dwr HTTP/1.1" 200 298
116.224.253.72 - - [12/Apr/2021:09:33:48 +0800] "POST /xingrg/dwr/call/plaincall/AjaxYddbService.getMaterielByMap.dwr HTTP/1.1" 200 3729
116.232.52.219 - - [12/Apr/2021:09:33:51 +0800] "GET /xingrg/kc/buy/cgsh_order_operate.html?command=get_materiel&rest_code=00109&code=00101002022&supplier_code=00100038&order_time=2021-04-12 HTTP/1.1" 200 429
124.77.71.179 - - [12/Apr/2021:09:33:51 +0800] "POST /xingrg/kc/buy/cgsh_order_operate.html HTTP/1.1" 200 2065
116.224.253.72 - - [12/Apr/2021:09:33:52 +0800] "POST /xingrg/dwr/call/plaincall/AjaxYddbService.getUnitPrice.dwr HTTP/1.1" 200 88
180.169.147.146 - - [12/Apr/2021:09:33:54 +0800] "GET /xingrg/all/function/internal_message.html?_=1618191235102&CODE_STATE=getMsg HTTP/1.1" 200 27
58.221.95.50 - - [12/Apr/2021:09:33:54 +0800] "GET /xingrg/all/function/internal_message.html?_=1618191235346&CODE_STATE=getMsg HTTP/1.1" 200 27
116.224.253.72 - - [12/Apr/2021:09:33:58 +0800] "GET /xingrg/check_reg.html?_=1618191232861 HTTP/1.1" 200 22
116.224.253.72 - - [12/Apr/2021:09:33:59 +0800] "GET /xingrg/all/function/internal_message.html?_=1618191233466&CODE_STATE=getMsg HTTP/1.1" 200 27
124.77.71.179 - - [12/Apr/2021:09:33:59 +0800] "GET /xingrg/kc/buy/cgsh_order_operate.html?command=get_materiel&rest_code=00107&code=00101008357&supplier_code=00100006&order_time=2021-04-12 HTTP/1.1" 200 408
114.86.187.76 - - [12/Apr/2021:09:33:59 +0800] "GET /xingrg/all/function/internal_message.html?_=1618191242144&CODE_STATE=getMsg HTTP/1.1" 200 27
116.224.253.72 - - [12/Apr/2021:09:34:01 +0800] "GET /xingrg/check_reg.html?_=1618191242376 HTTP/1.1" 200 22
116.224.253.72 - - [12/Apr/2021:09:34:01 +0800] "GET /xingrg/all/function/internal_message.html?_=1618191242381&CODE_STATE=getMsg HTTP/1.1" 200 27
116.232.52.219 - - [12/Apr/2021:09:34:05 +0800] "GET /xingrg/all/function/internal_message.html?_=1618191248188&CODE_STATE=getMsg HTTP/1.1" 200 27
124.77.71.179 - - [12/Apr/2021:09:34:08 +0800] "GET /xingrg/kc/buy/cgsh_order_operate.html?command=get_materiel&rest_code=00107&code=00101008049&supplier_code=00100006&order_time=2021-04-12 HTTP/1.1" 200 408
116.224.253.72 - - [12/Apr/2021:09:34:08 +0800] "GET /xingrg/kc/buy/cgsh_order_operate.html?command=get_materiel&rest_code=00151&code=00101008242&supplier_code=00100424&order_time=2021-04-12 HTTP/1.1" 200 408
180.169.147.146 - - [12/Apr/2021:09:34:09 +0800] "GET /xingrg/login.html HTTP/1.1" 200 7641
180.169.147.146 - - [12/Apr/2021:09:34:09 +0800] "GET /favicon.ico HTTP/1.1" 404 -
180.169.147.146 - - [12/Apr/2021:09:34:11 +0800] "POST /xingrg/login.do HTTP/1.1" 302 -
180.169.147.146 - - [12/Apr/2021:09:34:11 +0800] "GET /xingrg/index.html?sysBaseUrl=http%3A%2F%2F180.169.147.146%3A18081%2Fxingrg%2F&costTime=43×tamp=1618191251246 HTTP/1.1" 200 17503
180.169.147.146 - - [12/Apr/2021:09:34:11 +0800] "POST /xingrg/all/common/load_tree.html?tree=area_rest_tree_json&manage=1 HTTP/1.1" 200 3344
180.169.147.146 - - [12/Apr/2021:09:34:11 +0800] "GET /xingrg/all/function/internal_message.html?_=1618191252718&CODE_STATE=count HTTP/1.1" 200 11
180.169.147.146 - - [12/Apr/2021:09:34:11 +0800] "GET /xingrg/check_reg.html?_=1618191252721 HTTP/1.1" 200 22
180.169.147.146 - - [12/Apr/2021:09:34:11 +0800] "GET /favicon.ico HTTP/1.1" 404 -
180.169.147.146 - - [12/Apr/2021:09:34:11 +0800] "POST /xingrg/load_menu.html HTTP/1.1" 200 11443
222.69.130.42 - - [12/Apr/2021:09:34:13 +0800] "GET /xingrg/all/function/internal_message.html?_=1618191253981&CODE_STATE=getMsg HTTP/1.1" 200 27
114.88.156.246 - - [12/Apr/2021:09:34:16 +0800] "GET /xingrg/all/function/internal_message.html?_=1618191280765&CODE_STATE=getMsg HTTP/1.1" 200 27
116.230.114.112 - - [12/Apr/2021:09:34:25 +0800] "GET /xingrg/all/function/internal_message.html?_=1618191268104&CODE_STATE=getMsg HTTP/1.1" 200 27
180.169.147.146 - - [12/Apr/2021:09:34:26 +0800] "GET /xingrg/all/function/internal_message.html?_=1618191265709&CODE_STATE=getMsg HTTP/1.1" 200 27
116.224.253.72 - - [12/Apr/2021:09:34:28 +0800] "POST /xingrg/dwr/call/plaincall/AjaxYddbService.saveMaterielItem.dwr HTTP/1.1" 200 79
124.77.71.179 - - [12/Apr/2021:09:34:29 +0800] "GET /xingrg/kc/buy/cgsh_order_operate.html?command=get_materiel&rest_code=00107&code=00101008350&supplier_code=00100006&order_time=2021-04-12 HTTP/1.1" 200 408
114.88.156.246 - - [12/Apr/2021:09:34:31 +0800] "GET /xingrg/all/function/internal_message.html?_=1618191275618&CODE_STATE=getMsg HTTP/1.1" 200 27
222.70.217.33 - - [12/Apr/2021:09:34:32 +0800] "GET /xingrg/all/function/internal_message.html?_=1618191273479&CODE_STATE=getMsg HTTP/1.1" 200 27
222.70.217.33 - - [12/Apr/2021:09:34:32 +0800] "GET /xingrg/check_reg.html?_=1618191273483 HTTP/1.1" 200 22
116.238.141.202 - - [12/Apr/2021:09:34:33 +0800] "GET /xingrg/all/function/internal_message.html?_=1618191550739&CODE_STATE=getMsg HTTP/1.1" 200 27
124.77.71.179 - - [12/Apr/2021:09:34:34 +0800] "GET /xingrg/all/function/internal_message.html?_=1618191273959&CODE_STATE=getMsg HTTP/1.1" 200 27
116.224.253.72 - - [12/Apr/2021:09:34:38 +0800] "POST /xingrg/dwr/call/plaincall/AjaxComOrderService.getMaterielSearchList.dwr HTTP/1.1" 200 293
116.224.253.72 - - [12/Apr/2021:09:34:39 +0800] "POST /xingrg/dwr/call/plaincall/AjaxComOrderService.getMaterielSearchList.dwr HTTP/1.1" 200 293
116.224.253.72 - - [12/Apr/2021:09:34:39 +0800] "GET /xingrg/kc/buy/cgsh_order_operate.html?command=get_materiel&rest_code=00151&code=00101009016&supplier_code=00100424&order_time=2021-04-12 HTTP/1.1" 200 412
116.224.253.72 - - [12/Apr/2021:09:34:39 +0800] "POST /xingrg/dwr/call/plaincall/AjaxYddbService.getMaterielByMap.dwr HTTP/1.1" 200 3721
180.169.147.146 - - [12/Apr/2021:09:34:43 +0800] "POST /xingrg/load_menu.html HTTP/1.1" 200 9695
116.224.253.72 - - [12/Apr/2021:09:34:43 +0800] "POST /xingrg/dwr/call/plaincall/AjaxYddbService.getUnitPrice.dwr HTTP/1.1" 200 88
116.238.141.202 - - [12/Apr/2021:09:34:43 +0800] "GET /xingrg/kc/buy/cgsh_order_add.html HTTP/1.1" 200 62107
61.165.42.208 - - [12/Apr/2021:09:34:43 +0800] "GET /xingrg/all/function/internal_message.html?_=1618191286026&CODE_STATE=getMsg HTTP/1.1" 200 27
61.165.42.208 - - [12/Apr/2021:09:34:43 +0800] "GET /xingrg/check_reg.html?_=1618191286030 HTTP/1.1" 200 22
124.77.71.179 - - [12/Apr/2021:09:34:44 +0800] "GET /xingrg/kc/buy/cgsh_order_operate.html?command=get_materiel&rest_code=00107&code=00101008041&supplier_code=00100006&order_time=2021-04-12 HTTP/1.1" 200 408
116.224.253.72 - - [12/Apr/2021:09:34:45 +0800] "POST /xingrg/dwr/call/plaincall/AjaxYddbService.saveMaterielItem.dwr HTTP/1.1" 200 79
116.238.141.202 - - [12/Apr/2021:09:34:45 +0800] "POST /xingrg/kc/buy/cgsh_order_operate.html HTTP/1.1" 200 8245
116.238.141.202 - - [12/Apr/2021:09:34:45 +0800] "GET /xingrg/javascript/easyui/themes/default/validatebox.css HTTP/1.1" 404 1104
116.238.141.202 - - [12/Apr/2021:09:34:47 +0800] "GET /xingrg/javascript/easyui/themes/default/tree.css HTTP/1.1" 404 1090
116.224.253.72 - - [12/Apr/2021:09:34:47 +0800] "GET /xingrg/kc/buy/cgsh_order_operate.html?command=get_materiel&rest_code=00151&code=00101009010&supplier_code=00100424&order_time=2021-04-12 HTTP/1.1" 200 412
180.169.147.146 - - [12/Apr/2021:09:34:47 +0800] "GET /xingrg/all/report/report_query.html?fileName=dma/new_5.0/yingye/pay_ment_hz.xml HTTP/1.1" 200 51687
120.253.135.82 - - [12/Apr/2021:09:34:47 +0800] "GET /xingrg/all/function/internal_message.html?_=1618191322711&CODE_STATE=getMsg HTTP/1.1" 200 27
116.238.141.202 - - [12/Apr/2021:09:34:47 +0800] "POST /xingrg/all/common/load_tree.html?tree=supplier_tree_json&isDelete=1 HTTP/1.1" 200 54827
180.169.147.146 - - [12/Apr/2021:09:34:47 +0800] "GET /xingrg/dwr/interface/AjaxReportQueryService.js HTTP/1.1" 200 13203
124.77.71.179 - - [12/Apr/2021:09:34:47 +0800] "POST /xingrg/kc/buy/cgsh_order_operate.html HTTP/1.1" 200 2065
180.169.147.146 - - [12/Apr/2021:09:34:47 +0800] "GET /xingrg/dwr/engine.js HTTP/1.1" 200 43631
180.169.147.146 - - [12/Apr/2021:09:34:47 +0800] "GET /xingrg/all/report/report_query.html?fileName=dma/new_5.0/yingye/pay_ment_hz.xml HTTP/1.1" 200 51687
180.169.147.146 - - [12/Apr/2021:09:34:47 +0800] "GET /xingrg/dwr/interface/AjaxReportQueryService.js HTTP/1.1" 200 13203
180.169.147.146 - - [12/Apr/2021:09:34:47 +0800] "GET /xingrg/dwr/util.js HTTP/1.1" 304 -
180.169.147.146 - - [12/Apr/2021:09:34:47 +0800] "GET /xingrg/dwr/engine.js HTTP/1.1" 200 43631
180.169.147.146 - - [12/Apr/2021:09:34:47 +0800] "POST /xingrg/dwr/call/plaincall/AjaxReportQueryService.getFixDate.dwr HTTP/1.1" 200 111
180.169.147.146 - - [12/Apr/2021:09:34:47 +0800] "POST /xingrg/all/common/load_tree.html?tree=area_station_tree_json&manage=1 HTTP/1.1" 200 3240
180.169.147.146 - - [12/Apr/2021:09:34:50 +0800] "GET /xingrg/all/report/report_query.html?fileName=dma/yingye_new/pay_ment_day_hz.xml HTTP/1.1" 200 51003
180.169.147.146 - - [12/Apr/2021:09:34:50 +0800] "GET /xingrg/dwr/interface/AjaxReportQueryService.js HTTP/1.1" 200 13203
180.169.147.146 - - [12/Apr/2021:09:34:50 +0800] "GET /xingrg/dwr/engine.js HTTP/1.1" 200 43631
180.169.147.146 - - [12/Apr/2021:09:34:50 +0800] "POST /xingrg/dwr/call/plaincall/AjaxReportQueryService.getFixDate.dwr HTTP/1.1" 200 111
180.169.147.146 - - [12/Apr/2021:09:34:50 +0800] "POST /xingrg/all/common/load_tree.html?tree=area_station_tree_json&manage=1 HTTP/1.1" 200 3240
114.86.187.76 - - [12/Apr/2021:09:34:52 +0800] "GET /xingrg/check_reg.html?_=1618191295152 HTTP/1.1" 200 22
124.77.71.179 - - [12/Apr/2021:09:34:53 +0800] "GET /xingrg/kc/buy/cgsh_order_operate.html?command=get_materiel&rest_code=00107&code=00101008125&supplier_code=00100006&order_time=2021-04-12 HTTP/1.1" 200 413
180.169.147.146 - - [12/Apr/2021:09:34:54 +0800] "GET /xingrg/all/function/internal_message.html?_=1618191295091&CODE_STATE=getMsg HTTP/1.1" 200 27
58.221.95.50 - - [12/Apr/2021:09:34:54 +0800] "GET /xingrg/check_reg.html?_=1618191295349 HTTP/1.1" 200 22
58.221.95.50 - - [12/Apr/2021:09:34:54 +0800] "GET /xingrg/all/function/internal_message.html?_=1618191295351&CODE_STATE=getMsg HTTP/1.1" 200 27
116.224.253.72 - - [12/Apr/2021:09:34:56 +0800] "GET /xingrg/kc/buy/cgsh_order_operate.html?command=get_materiel&rest_code=00151&code=00101009066&supplier_code=00100424&order_time=2021-04-12 HTTP/1.1" 200 416
116.224.253.72 - - [12/Apr/2021:09:34:57 +0800] "POST /xingrg/dwr/call/plaincall/AjaxComOrderService.getMaterielSearchList.dwr HTTP/1.1" 200 11208
116.224.253.72 - - [12/Apr/2021:09:34:58 +0800] "POST /xingrg/dwr/call/plaincall/AjaxComOrderService.getMaterielSearchList.dwr HTTP/1.1" 200 440
116.224.253.72 - - [12/Apr/2021:09:34:59 +0800] "GET /xingrg/all/function/internal_message.html?_=1618191293479&CODE_STATE=getMsg HTTP/1.1" 200 27
116.224.253.72 - - [12/Apr/2021:09:34:59 +0800] "POST /xingrg/dwr/call/plaincall/AjaxYddbService.getMaterielByMap.dwr HTTP/1.1" 200 3768
114.86.187.76 - - [12/Apr/2021:09:34:59 +0800] "GET /xingrg/all/function/internal_message.html?_=1618191302158&CODE_STATE=getMsg HTTP/1.1" 200 27
116.224.253.72 - - [12/Apr/2021:09:35:00 +0800] "POST /xingrg/dwr/call/plaincall/AjaxYddbService.getUnitPrice.dwr HTTP/1.1" 200 88
116.224.253.72 - - [12/Apr/2021:09:35:01 +0800] "GET /xingrg/all/function/internal_message.html?_=1618191302389&CODE_STATE=getMsg HTTP/1.1" 200 27
116.224.253.72 - - [12/Apr/2021:09:35:02 +0800] "POST /xingrg/dwr/call/plaincall/AjaxYddbService.saveMaterielItem.dwr HTTP/1.1" 200 79
116.232.52.219 - - [12/Apr/2021:09:35:05 +0800] "GET /xingrg/all/function/internal_message.html?_=1618191308193&CODE_STATE=getMsg HTTP/1.1" 200 27
124.77.71.179 - - [12/Apr/2021:09:35:06 +0800] "GET /xingrg/kc/buy/cgsh_order_operate.html?command=get_materiel&rest_code=00107&code=00101009013&supplier_code=00100006&order_time=2021-04-12 HTTP/1.1" 200 420
116.238.141.202 - - [12/Apr/2021:09:35:06 +0800] "GET /xingrg/kc/buy/cgsh_order_operate.html?command=get_materiel&rest_code=00102&code=00101011003&supplier_code=00100047&order_time=2021-04-12 HTTP/1.1" 200 413
180.169.147.146 - - [12/Apr/2021:09:35:07 +0800] "POST /xingrg/dwr/call/plaincall/AjaxReportQueryService.refreshCache.dwr HTTP/1.1" 200 78
180.169.147.146 - - [12/Apr/2021:09:35:07 +0800] "POST /xingrg/all/report/load_report_page.html HTTP/1.1" 200 16222
180.169.147.146 - - [12/Apr/2021:09:35:07 +0800] "GET /xingrg/servlets/image?cache=0.5241138924942932&image=px HTTP/1.1" 200 807
180.169.147.146 - - [12/Apr/2021:09:35:11 +0800] "GET /xingrg/all/function/internal_message.html?_=1618191312736&CODE_STATE=getMsg HTTP/1.1" 200 27
116.224.253.72 - - [12/Apr/2021:09:35:13 +0800] "POST /xingrg/kc/buy/cgsh_order_operate.html HTTP/1.1" 200 37
222.69.130.42 - - [12/Apr/2021:09:35:13 +0800] "GET /xingrg/all/function/internal_message.html?_=1618191313959&CODE_STATE=getMsg HTTP/1.1" 200 27
116.238.141.202 - - [12/Apr/2021:09:35:14 +0800] "GET /xingrg/kc/buy/cgsh_order_operate.html?command=get_materiel&rest_code=00102&code=00101011002&supplier_code=00100047&order_time=2021-04-12 HTTP/1.1" 200 427
61.165.42.208 - - [12/Apr/2021:09:35:14 +0800] "GET /xingrg/kc/buy/cgsh_order_operate.html?command=get_materiel&rest_code=00105&code=00101008236&supplier_code=00100203&order_time=2021-04-12 HTTP/1.1" 200 416
116.224.253.72 - - [12/Apr/2021:09:35:15 +0800] "POST /xingrg/kc/buy/cgsh_order_operate.html HTTP/1.1" 200 4476
114.88.156.246 - - [12/Apr/2021:09:35:16 +0800] "GET /xingrg/all/function/internal_message.html?_=1618191340740&CODE_STATE=getMsg HTTP/1.1" 200 27
124.77.71.179 - - [12/Apr/2021:09:35:18 +0800] "GET /xingrg/kc/buy/cgsh_order_operate.html?command=get_materiel&rest_code=00107&code=00101009016&supplier_code=00100006&order_time=2021-04-12 HTTP/1.1" 200 412
116.224.253.72 - - [12/Apr/2021:09:35:21 +0800] "POST /xingrg/dwr/call/plaincall/AjaxYddbService.checkOrder.dwr HTTP/1.1" 200 79
116.224.253.72 - - [12/Apr/2021:09:35:24 +0800] "GET /xingrg/kc/base/yddb_order_info.html?code=482021041200078 HTTP/1.1" 200 29375
116.224.253.72 - - [12/Apr/2021:09:35:24 +0800] "GET /xingrg/dwr/interface/AjaxComOrderService.js HTTP/1.1" 200 18264
116.224.253.72 - - [12/Apr/2021:09:35:24 +0800] "GET /xingrg/dwr/interface/AjaxYddbService.js HTTP/1.1" 200 13201
116.224.253.72 - - [12/Apr/2021:09:35:24 +0800] "GET /xingrg/dwr/engine.js HTTP/1.1" 200 43631
116.224.253.72 - - [12/Apr/2021:09:35:24 +0800] "POST /xingrg/dwr/call/plaincall/AjaxYddbService.loadMaterielItems.dwr HTTP/1.1" 200 2651
116.230.114.112 - - [12/Apr/2021:09:35:25 +0800] "GET /xingrg/check_reg.html?_=1618191327682 HTTP/1.1" 200 22
116.238.141.202 - - [12/Apr/2021:09:35:26 +0800] "GET /xingrg/kc/buy/cgsh_order_operate.html?command=get_materiel&rest_code=00102&code=00101011005&supplier_code=00100047&order_time=2021-04-12 HTTP/1.1" 200 428
61.165.42.208 - - [12/Apr/2021:09:35:26 +0800] "POST /xingrg/kc/buy/cgsh_order_operate.html HTTP/1.1" 200 37
116.230.114.112 - - [12/Apr/2021:09:35:26 +0800] "GET /xingrg/all/function/internal_message.html?_=1618191328492&CODE_STATE=getMsg HTTP/1.1" 200 27
180.169.147.146 - - [12/Apr/2021:09:35:26 +0800] "GET /xingrg/all/function/internal_message.html?_=1618191325724&CODE_STATE=getMsg HTTP/1.1" 200 27
180.169.147.146 - - [12/Apr/2021:09:35:26 +0800] "GET /xingrg/check_reg.html?_=1618191325725 HTTP/1.1" 200 22
61.165.42.208 - - [12/Apr/2021:09:35:28 +0800] "POST /xingrg/kc/buy/cgsh_order_operate.html HTTP/1.1" 200 41712
116.224.253.72 - - [12/Apr/2021:09:35:28 +0800] "POST /xingrg/all/user/operate.html HTTP/1.1" 200 36
116.224.253.72 - - [12/Apr/2021:09:35:28 +0800] "GET /xingrg/index.html?sysBaseUrl=http%3A%2F%2F180.169.147.146%3A18081%2Fxingrg%2F&costTime=40×tamp=1618187328836 HTTP/1.1" 200 17177
116.224.253.72 - - [12/Apr/2021:09:35:28 +0800] "GET /xingrg/javascript/jquery_easy_ui/themes/default/easyui.css HTTP/1.1" 304 -
116.224.253.72 - - [12/Apr/2021:09:35:28 +0800] "GET /xingrg/javascript/jquery_easy_ui/themes/icon.css HTTP/1.1" 304 -
116.224.253.72 - - [12/Apr/2021:09:35:28 +0800] "GET /xingrg/css/form.css HTTP/1.1" 304 -
116.224.253.72 - - [12/Apr/2021:09:35:28 +0800] "GET /xingrg/javascript/jquery-1.4.2.min.js HTTP/1.1" 304 -
116.224.253.72 - - [12/Apr/2021:09:35:28 +0800] "GET /xingrg/javascript/jquery_easy_ui/jquery.easyui.min.js HTTP/1.1" 304 -
124.77.71.179 - - [12/Apr/2021:09:35:29 +0800] "POST /xingrg/services/DataTransmitService HTTP/1.1" 200 524
116.224.253.72 - - [12/Apr/2021:09:35:29 +0800] "GET /xingrg/javascript/jquery_easy_ui/easyui-lang-zh_CN.js HTTP/1.1" 304 -
116.224.253.72 - - [12/Apr/2021:09:35:29 +0800] "GET /xingrg/javascript/jquery.form.js HTTP/1.1" 304 -
116.224.253.72 - - [12/Apr/2021:09:35:29 +0800] "GET /xingrg/javascript/jquery.utils.js HTTP/1.1" 304 -
116.224.253.72 - - [12/Apr/2021:09:35:29 +0800] "GET /xingrg/javascript/jquery.timers.js HTTP/1.1" 304 -
116.224.253.72 - - [12/Apr/2021:09:35:29 +0800] "GET /xingrg/images/blue/jxLogo.png HTTP/1.1" 304 -
116.224.253.72 - - [12/Apr/2021:09:35:29 +0800] "GET /xingrg/javascript/jquery_easy_ui/themes/icons/settle_new.png HTTP/1.1" 304 -
116.224.253.72 - - [12/Apr/2021:09:35:29 +0800] "GET /xingrg/images/blue/navBackgound.jpg HTTP/1.1" 304 -
116.224.253.72 - - [12/Apr/2021:09:35:29 +0800] "POST /xingrg/all/common/load_tree.html?tree=area_rest_tree_json&manage=1 HTTP/1.1" 200 476
116.224.253.72 - - [12/Apr/2021:09:35:29 +0800] "GET /xingrg/javascript/jquery_easy_ui/themes/default/images/panel_tool_collapse.gif HTTP/1.1" 304 -
116.224.253.72 - - [12/Apr/2021:09:35:29 +0800] "GET /xingrg/all/function/internal_message.html?_=1618191330279&CODE_STATE=count HTTP/1.1" 200 11
116.224.253.72 - - [12/Apr/2021:09:35:29 +0800] "GET /xingrg/check_reg.html?_=1618191330281 HTTP/1.1" 200 22
116.224.253.72 - - [12/Apr/2021:09:35:29 +0800] "GET /xingrg/javascript/jquery_easy_ui/themes/default/images/tabs_leftarrow.png HTTP/1.1" 304 -
116.224.253.72 - - [12/Apr/2021:09:35:29 +0800] "GET /xingrg/images/blue/pingpu.png HTTP/1.1" 304 -
116.224.253.72 - - [12/Apr/2021:09:35:29 +0800] "GET /xingrg/javascript/jquery_easy_ui/themes/default/images/tabs_rightarrow.png HTTP/1.1" 304 -
116.224.253.72 - - [12/Apr/2021:09:35:29 +0800] "POST /xingrg/load_menu.html HTTP/1.1" 200 5138
180.169.147.146 - - [12/Apr/2021:09:35:29 +0800] "GET /xingrg/all/report/report_query.html?fileName=dma/yingye_new/pay_ment_day_hz.xml HTTP/1.1" 200 51003
