114.88.167.174 - - [12/Apr/2021:09:49:32 +0800] "POST /xingrg/dwr/call/plaincall/AjaxCheckService.setItemNumber.dwr HTTP/1.1" 200 78
124.77.71.179 - - [12/Apr/2021:09:49:33 +0800] "GET /xingrg/all/function/internal_message.html?_=1618192173913&CODE_STATE=getMsg HTTP/1.1" 200 27
180.169.147.146 - - [12/Apr/2021:09:49:33 +0800] "POST /xingrg/dwr/call/plaincall/AjaxCheckService.setItemNumber.dwr HTTP/1.1" 200 78
222.70.217.33 - - [12/Apr/2021:09:49:34 +0800] "GET /xingrg/kc/buy/cgsh_order_operate.html?command=get_materiel&rest_code=00155&code=00101007049&supplier_code=00100037&order_time=2021-04-12 HTTP/1.1" 200 409
114.88.167.174 - - [12/Apr/2021:09:49:34 +0800] "POST /xingrg/dwr/call/plaincall/AjaxCheckService.setItemNumber.dwr HTTP/1.1" 200 78
180.169.147.146 - - [12/Apr/2021:09:49:35 +0800] "POST /xingrg/dwr/call/plaincall/AjaxCheckService.setItemNumber.dwr HTTP/1.1" 200 78
114.88.167.174 - - [12/Apr/2021:09:49:35 +0800] "POST /xingrg/dwr/call/plaincall/AjaxCheckService.setItemNumber.dwr HTTP/1.1" 200 78
116.238.141.202 - - [12/Apr/2021:09:49:37 +0800] "GET /xingrg/all/function/internal_message.html?_=1618192454025&CODE_STATE=getMsg HTTP/1.1" 200 27
114.88.167.174 - - [12/Apr/2021:09:49:37 +0800] "POST /xingrg/dwr/call/plaincall/AjaxCheckService.setItemNumber.dwr HTTP/1.1" 200 78
180.169.147.146 - - [12/Apr/2021:09:49:37 +0800] "POST /xingrg/dwr/call/plaincall/AjaxCheckService.setItemNumber.dwr HTTP/1.1" 200 78
222.69.130.42 - - [12/Apr/2021:09:49:37 +0800] "GET /xingrg/kc/buy/cgsh_order_operate.html?command=get_materiel&rest_code=00149&code=00101008298&supplier_code=00100005&order_time=2021-04-12 HTTP/1.1" 200 413
114.88.167.174 - - [12/Apr/2021:09:49:38 +0800] "POST /xingrg/dwr/call/plaincall/AjaxCheckService.setItemNumber.dwr HTTP/1.1" 200 78
61.129.6.151 - - [12/Apr/2021:09:49:38 +0800] "GET /xingrg/check_reg.html?_=1618192115685 HTTP/1.1" 302 -
114.88.167.174 - - [12/Apr/2021:09:49:39 +0800] "POST /xingrg/dwr/call/plaincall/AjaxCheckService.setItemNumber.dwr HTTP/1.1" 200 78
180.169.147.146 - - [12/Apr/2021:09:49:39 +0800] "POST /xingrg/dwr/call/plaincall/AjaxCheckService.setItemNumber.dwr HTTP/1.1" 200 78
180.169.147.146 - - [12/Apr/2021:09:49:40 +0800] "POST /xingrg/dwr/call/plaincall/AjaxCheckService.setItemNumber.dwr HTTP/1.1" 200 78
101.85.94.178 - - [12/Apr/2021:09:49:41 +0800] "GET /xingrg/kc/buy/cgsh_order_operate.html?command=get_materiel&rest_code=00142&code=00101008268&supplier_code=00100161&order_time=2021-04-12 HTTP/1.1" 200 408
114.88.167.174 - - [12/Apr/2021:09:49:41 +0800] "POST /xingrg/dwr/call/plaincall/AjaxCheckService.setItemNumber.dwr HTTP/1.1" 200 78
180.169.147.146 - - [12/Apr/2021:09:49:41 +0800] "POST /xingrg/dwr/call/plaincall/AjaxCheckService.setItemNumber.dwr HTTP/1.1" 200 78
114.88.167.174 - - [12/Apr/2021:09:49:42 +0800] "POST /xingrg/dwr/call/plaincall/AjaxCheckService.setItemNumber.dwr HTTP/1.1" 200 78
222.69.130.42 - - [12/Apr/2021:09:49:42 +0800] "POST /xingrg/kc/buy/cgsh_order_operate.html HTTP/1.1" 200 2065
180.169.147.146 - - [12/Apr/2021:09:49:42 +0800] "POST /xingrg/dwr/call/plaincall/AjaxCheckService.setItemNumber.dwr HTTP/1.1" 200 78
61.165.42.208 - - [12/Apr/2021:09:49:43 +0800] "GET /xingrg/check_reg.html?_=1618192186026 HTTP/1.1" 200 22
61.165.42.208 - - [12/Apr/2021:09:49:43 +0800] "GET /xingrg/all/function/internal_message.html?_=1618192186030&CODE_STATE=getMsg HTTP/1.1" 200 27
61.129.6.151 - - [12/Apr/2021:09:49:44 +0800] "GET /xingrg/login.html HTTP/1.1" 200 7641
114.88.167.174 - - [12/Apr/2021:09:49:44 +0800] "POST /xingrg/dwr/call/plaincall/AjaxCheckService.setItemNumber.dwr HTTP/1.1" 200 78
180.169.147.146 - - [12/Apr/2021:09:49:45 +0800] "POST /xingrg/dwr/call/plaincall/AjaxCheckService.setItemNumber.dwr HTTP/1.1" 200 78
114.88.167.174 - - [12/Apr/2021:09:49:46 +0800] "POST /xingrg/dwr/call/plaincall/AjaxCheckService.setItemNumber.dwr HTTP/1.1" 200 78
120.253.135.82 - - [12/Apr/2021:09:49:47 +0800] "GET /xingrg/all/function/internal_message.html?_=1618192223011&CODE_STATE=getMsg HTTP/1.1" 200 27
101.85.94.178 - - [12/Apr/2021:09:49:48 +0800] "GET /xingrg/kc/buy/cgsh_order_operate.html?command=get_materiel&rest_code=00142&code=00101008059&supplier_code=00100161&order_time=2021-04-12 HTTP/1.1" 200 408
114.88.167.174 - - [12/Apr/2021:09:49:50 +0800] "POST /xingrg/dwr/call/plaincall/AjaxCheckService.setItemNumber.dwr HTTP/1.1" 200 78
222.70.217.33 - - [12/Apr/2021:09:49:51 +0800] "POST /xingrg/kc/buy/cgsh_order_operate.html HTTP/1.1" 200 37
180.169.147.146 - - [12/Apr/2021:09:49:51 +0800] "POST /xingrg/dwr/call/plaincall/AjaxCheckService.setItemNumber.dwr HTTP/1.1" 200 78
222.70.217.33 - - [12/Apr/2021:09:49:52 +0800] "POST /xingrg/kc/buy/cgsh_order_operate.html HTTP/1.1" 200 10378
114.88.167.174 - - [12/Apr/2021:09:49:52 +0800] "POST /xingrg/dwr/call/plaincall/AjaxCheckService.setItemNumber.dwr HTTP/1.1" 200 78
114.86.187.76 - - [12/Apr/2021:09:49:52 +0800] "GET /xingrg/check_reg.html?_=1618192195169 HTTP/1.1" 200 22
222.69.130.42 - - [12/Apr/2021:09:49:52 +0800] "GET /xingrg/kc/buy/cgsh_order_operate.html?command=get_materiel&rest_code=00149&code=00101008312&supplier_code=00100005&order_time=2021-04-12 HTTP/1.1" 200 412
61.151.207.205 - - [12/Apr/2021:09:49:52 +0800] "GET /xingrg/check_reg.html?_=1618192144635 HTTP/1.1" 302 -
180.169.147.146 - - [12/Apr/2021:09:49:53 +0800] "POST /xingrg/dwr/call/plaincall/AjaxCheckService.setItemNumber.dwr HTTP/1.1" 200 78
61.151.207.205 - - [12/Apr/2021:09:49:54 +0800] "GET /xingrg/login.html HTTP/1.1" 200 7641
180.169.147.146 - - [12/Apr/2021:09:49:55 +0800] "POST /xingrg/dwr/call/plaincall/AjaxCheckService.setItemNumber.dwr HTTP/1.1" 200 78
101.85.94.178 - - [12/Apr/2021:09:49:56 +0800] "GET /xingrg/all/function/internal_message.html?_=1618191742521&CODE_STATE=getMsg HTTP/1.1" 200 27
101.85.94.178 - - [12/Apr/2021:09:49:56 +0800] "GET /xingrg/kc/buy/cgsh_order_operate.html?command=get_materiel&rest_code=00142&code=00101008361&supplier_code=00100161&order_time=2021-04-12 HTTP/1.1" 200 408
180.169.147.146 - - [12/Apr/2021:09:49:57 +0800] "POST /xingrg/dwr/call/plaincall/AjaxCheckService.setItemNumber.dwr HTTP/1.1" 200 78
114.88.167.174 - - [12/Apr/2021:09:49:59 +0800] "POST /xingrg/dwr/call/plaincall/AjaxCheckService.setItemNumber.dwr HTTP/1.1" 200 78
114.86.187.76 - - [12/Apr/2021:09:49:59 +0800] "GET /xingrg/all/function/internal_message.html?_=1618192202455&CODE_STATE=getMsg HTTP/1.1" 200 27
114.88.167.174 - - [12/Apr/2021:09:50:00 +0800] "POST /xingrg/dwr/call/plaincall/AjaxCheckService.setItemNumber.dwr HTTP/1.1" 200 78
180.169.147.146 - - [12/Apr/2021:09:50:00 +0800] "POST /xingrg/dwr/call/plaincall/AjaxCheckService.setItemNumber.dwr HTTP/1.1" 200 78
114.88.167.174 - - [12/Apr/2021:09:50:02 +0800] "POST /xingrg/dwr/call/plaincall/AjaxCheckService.setItemNumber.dwr HTTP/1.1" 200 78
114.88.167.174 - - [12/Apr/2021:09:50:03 +0800] "POST /xingrg/dwr/call/plaincall/AjaxCheckService.setItemNumber.dwr HTTP/1.1" 200 78
101.85.94.178 - - [12/Apr/2021:09:50:04 +0800] "GET /xingrg/kc/buy/cgsh_order_operate.html?command=get_materiel&rest_code=00142&code=00101008355&supplier_code=00100161&order_time=2021-04-12 HTTP/1.1" 200 408
116.232.52.219 - - [12/Apr/2021:09:50:05 +0800] "GET /xingrg/all/function/internal_message.html?_=1618192208227&CODE_STATE=getMsg HTTP/1.1" 200 27
114.88.167.174 - - [12/Apr/2021:09:50:05 +0800] "POST /xingrg/dwr/call/plaincall/AjaxCheckService.setItemNumber.dwr HTTP/1.1" 200 78
180.169.147.146 - - [12/Apr/2021:09:50:06 +0800] "POST /xingrg/dwr/call/plaincall/AjaxCheckService.setItemNumber.dwr HTTP/1.1" 200 78
116.224.253.72 - - [12/Apr/2021:09:50:07 +0800] "GET /xingrg/all/function/internal_message.html?_=1618192208208&CODE_STATE=getMsg HTTP/1.1" 200 27
114.88.167.174 - - [12/Apr/2021:09:50:07 +0800] "POST /xingrg/dwr/call/plaincall/AjaxCheckService.setItemNumber.dwr HTTP/1.1" 200 78
114.88.167.174 - - [12/Apr/2021:09:50:08 +0800] "POST /xingrg/dwr/call/plaincall/AjaxCheckService.setItemNumber.dwr HTTP/1.1" 200 78
116.224.253.72 - - [12/Apr/2021:09:50:09 +0800] "POST /xingrg/kc/buy/cgsh_order_operate.html HTTP/1.1" 200 37
180.169.147.146 - - [12/Apr/2021:09:50:09 +0800] "POST /xingrg/dwr/call/plaincall/AjaxCheckService.setItemNumber.dwr HTTP/1.1" 200 78
116.224.253.72 - - [12/Apr/2021:09:50:10 +0800] "POST /xingrg/kc/buy/cgsh_order_operate.html HTTP/1.1" 200 35787
114.88.167.174 - - [12/Apr/2021:09:50:10 +0800] "POST /xingrg/dwr/call/plaincall/AjaxCheckService.setItemNumber.dwr HTTP/1.1" 200 78
101.85.94.178 - - [12/Apr/2021:09:50:10 +0800] "GET /xingrg/kc/buy/cgsh_order_operate.html?command=get_materiel&rest_code=00142&code=00101008024&supplier_code=00100161&order_time=2021-04-12 HTTP/1.1" 200 408
180.169.147.146 - - [12/Apr/2021:09:50:10 +0800] "POST /xingrg/dwr/call/plaincall/AjaxCheckService.setItemNumber.dwr HTTP/1.1" 200 78
114.88.167.174 - - [12/Apr/2021:09:50:11 +0800] "GET /xingrg/all/function/internal_message.html?_=1618192209475&CODE_STATE=getMsg HTTP/1.1" 200 27
222.69.130.42 - - [12/Apr/2021:09:50:13 +0800] "GET /xingrg/all/function/internal_message.html?_=1618192213714&CODE_STATE=getMsg HTTP/1.1" 200 27
116.224.253.72 - - [12/Apr/2021:09:50:15 +0800] "GET /xingrg/all/function/internal_message.html?_=1618192210407&CODE_STATE=getMsg HTTP/1.1" 200 27
61.129.6.151 - - [12/Apr/2021:09:50:16 +0800] "GET /xingrg/all/function/internal_message.html?_=1618192180403&CODE_STATE=getMsg HTTP/1.1" 302 -
114.88.156.246 - - [12/Apr/2021:09:50:16 +0800] "GET /xingrg/all/function/internal_message.html?_=1618192240379&CODE_STATE=getMsg HTTP/1.1" 200 27
114.88.167.174 - - [12/Apr/2021:09:50:17 +0800] "POST /xingrg/dwr/call/plaincall/AjaxCheckService.setItemNumber.dwr HTTP/1.1" 200 78
61.129.6.151 - - [12/Apr/2021:09:50:18 +0800] "GET /xingrg/login.html HTTP/1.1" 200 7641
114.88.167.174 - - [12/Apr/2021:09:50:18 +0800] "POST /xingrg/dwr/call/plaincall/AjaxCheckService.setItemNumber.dwr HTTP/1.1" 200 78
101.85.94.178 - - [12/Apr/2021:09:50:18 +0800] "GET /xingrg/kc/buy/cgsh_order_operate.html?command=get_materiel&rest_code=00142&code=00101008353&supplier_code=00100161&order_time=2021-04-12 HTTP/1.1" 200 408
180.169.147.146 - - [12/Apr/2021:09:50:19 +0800] "POST /xingrg/dwr/call/plaincall/AjaxCheckService.setItemNumber.dwr HTTP/1.1" 200 78
114.88.167.174 - - [12/Apr/2021:09:50:19 +0800] "POST /xingrg/dwr/call/plaincall/AjaxCheckService.setItemNumber.dwr HTTP/1.1" 200 78
114.88.167.174 - - [12/Apr/2021:09:50:20 +0800] "POST /xingrg/dwr/call/plaincall/AjaxCheckService.setItemNumber.dwr HTTP/1.1" 200 78
114.88.167.174 - - [12/Apr/2021:09:50:21 +0800] "POST /xingrg/dwr/call/plaincall/AjaxCheckService.setItemNumber.dwr HTTP/1.1" 200 78
180.169.147.146 - - [12/Apr/2021:09:50:21 +0800] "POST /xingrg/dwr/call/plaincall/AjaxCheckService.setItemNumber.dwr HTTP/1.1" 200 78
114.88.167.174 - - [12/Apr/2021:09:50:22 +0800] "POST /xingrg/dwr/call/plaincall/AjaxCheckService.setItemNumber.dwr HTTP/1.1" 200 78
180.169.147.146 - - [12/Apr/2021:09:50:23 +0800] "POST /xingrg/dwr/call/plaincall/AjaxCheckService.setItemNumber.dwr HTTP/1.1" 200 78
180.169.147.146 - - [12/Apr/2021:09:50:25 +0800] "POST /xingrg/dwr/call/plaincall/AjaxCheckService.setItemNumber.dwr HTTP/1.1" 200 78
116.230.114.112 - - [12/Apr/2021:09:50:26 +0800] "GET /xingrg/check_reg.html?_=1618192228826 HTTP/1.1" 200 22
180.169.147.146 - - [12/Apr/2021:09:50:26 +0800] "GET /xingrg/check_reg.html?_=1618192225934 HTTP/1.1" 200 22
180.169.147.146 - - [12/Apr/2021:09:50:27 +0800] "POST /xingrg/dwr/call/plaincall/AjaxCheckService.setItemNumber.dwr HTTP/1.1" 200 78
116.230.114.112 - - [12/Apr/2021:09:50:27 +0800] "GET /xingrg/all/function/internal_message.html?_=1618192230100&CODE_STATE=getMsg HTTP/1.1" 200 27
180.169.147.146 - - [12/Apr/2021:09:50:27 +0800] "POST /xingrg/dwr/call/plaincall/AjaxCheckService.setItemNumber.dwr HTTP/1.1" 200 78
101.85.94.178 - - [12/Apr/2021:09:50:27 +0800] "GET /xingrg/kc/buy/cgsh_order_operate.html?command=get_materiel&rest_code=00142&code=00101008351&supplier_code=00100161&order_time=2021-04-12 HTTP/1.1" 200 427
180.169.147.146 - - [12/Apr/2021:09:50:27 +0800] "GET /xingrg/all/function/internal_message.html?_=1618192226895&CODE_STATE=getMsg HTTP/1.1" 200 27
114.88.167.174 - - [12/Apr/2021:09:50:29 +0800] "POST /xingrg/dwr/call/plaincall/AjaxCheckService.setItemNumber.dwr HTTP/1.1" 200 78
114.88.167.174 - - [12/Apr/2021:09:50:31 +0800] "POST /xingrg/dwr/call/plaincall/AjaxCheckService.setItemNumber.dwr HTTP/1.1" 200 78
114.88.156.246 - - [12/Apr/2021:09:50:32 +0800] "GET /xingrg/all/function/internal_message.html?_=1618192236026&CODE_STATE=getMsg HTTP/1.1" 200 27
222.70.217.33 - - [12/Apr/2021:09:50:32 +0800] "GET /xingrg/all/function/internal_message.html?_=1618192233492&CODE_STATE=getMsg HTTP/1.1" 200 27
180.169.147.146 - - [12/Apr/2021:09:50:32 +0800] "POST /xingrg/dwr/call/plaincall/AjaxCheckService.setItemNumber.dwr HTTP/1.1" 200 78
114.88.167.174 - - [12/Apr/2021:09:50:32 +0800] "POST /xingrg/dwr/call/plaincall/AjaxCheckService.setItemNumber.dwr HTTP/1.1" 200 78
101.89.19.197 - - [12/Apr/2021:09:50:33 +0800] "GET /xingrg/all/function/internal_message.html?_=1618192176057&CODE_STATE=getMsg HTTP/1.1" 302 -
222.69.130.42 - - [12/Apr/2021:09:50:33 +0800] "GET /xingrg/kc/buy/cgsh_order_operate.html?command=get_materiel&rest_code=00149&code=00101008122&supplier_code=00100005&order_time=2021-04-12 HTTP/1.1" 200 413
180.169.147.146 - - [12/Apr/2021:09:50:33 +0800] "POST /xingrg/dwr/call/plaincall/AjaxCheckService.setItemNumber.dwr HTTP/1.1" 200 78
124.77.71.179 - - [12/Apr/2021:09:50:33 +0800] "GET /xingrg/all/function/internal_message.html?_=1618192233898&CODE_STATE=getMsg HTTP/1.1" 200 27
180.169.147.146 - - [12/Apr/2021:09:50:34 +0800] "POST /xingrg/dwr/call/plaincall/AjaxCheckService.setItemNumber.dwr HTTP/1.1" 200 78
114.88.167.174 - - [12/Apr/2021:09:50:35 +0800] "POST /xingrg/dwr/call/plaincall/AjaxCheckService.setItemNumber.dwr HTTP/1.1" 200 78
101.89.19.197 - - [12/Apr/2021:09:50:35 +0800] "GET /xingrg/login.html HTTP/1.1" 200 7641
180.169.147.146 - - [12/Apr/2021:09:50:35 +0800] "POST /xingrg/dwr/call/plaincall/AjaxCheckService.setItemNumber.dwr HTTP/1.1" 200 78
180.169.147.146 - - [12/Apr/2021:09:50:36 +0800] "POST /xingrg/dwr/call/plaincall/AjaxCheckService.setItemNumber.dwr HTTP/1.1" 200 78
114.88.167.174 - - [12/Apr/2021:09:50:36 +0800] "POST /xingrg/dwr/call/plaincall/AjaxCheckService.setItemNumber.dwr HTTP/1.1" 200 78
180.169.147.146 - - [12/Apr/2021:09:50:36 +0800] "POST /xingrg/dwr/call/plaincall/AjaxCheckService.setItemNumber.dwr HTTP/1.1" 200 78
116.238.141.202 - - [12/Apr/2021:09:50:37 +0800] "GET /xingrg/all/function/internal_message.html?_=1618192514029&CODE_STATE=getMsg HTTP/1.1" 200 27
114.88.167.174 - - [12/Apr/2021:09:50:37 +0800] "POST /xingrg/dwr/call/plaincall/AjaxCheckService.setItemNumber.dwr HTTP/1.1" 200 78
114.88.167.174 - - [12/Apr/2021:09:50:38 +0800] "POST /xingrg/dwr/call/plaincall/AjaxCheckService.setItemNumber.dwr HTTP/1.1" 200 78
116.224.253.72 - - [12/Apr/2021:09:50:38 +0800] "POST /xingrg/kc/buy/cgsh_order_operate.html HTTP/1.1" 200 37
101.85.94.178 - - [12/Apr/2021:09:50:38 +0800] "GET /xingrg/kc/buy/cgsh_order_operate.html?command=get_materiel&rest_code=00142&code=00101008366&supplier_code=00100161&order_time=2021-04-12 HTTP/1.1" 200 23
116.224.253.72 - - [12/Apr/2021:09:50:39 +0800] "POST /xingrg/kc/buy/cgsh_order_operate.html HTTP/1.1" 200 35200
114.88.167.174 - - [12/Apr/2021:09:50:40 +0800] "POST /xingrg/dwr/call/plaincall/AjaxCheckService.setItemNumber.dwr HTTP/1.1" 200 78
222.69.130.42 - - [12/Apr/2021:09:50:41 +0800] "GET /xingrg/kc/buy/cgsh_order_operate.html?command=get_materiel&rest_code=00149&code=00101015044&supplier_code=00100005&order_time=2021-04-12 HTTP/1.1" 200 408
114.88.167.174 - - [12/Apr/2021:09:50:41 +0800] "POST /xingrg/dwr/call/plaincall/AjaxCheckService.setItemNumber.dwr HTTP/1.1" 200 78
61.165.42.208 - - [12/Apr/2021:09:50:43 +0800] "GET /xingrg/all/function/internal_message.html?_=1618192246031&CODE_STATE=getMsg HTTP/1.1" 200 27
114.88.167.174 - - [12/Apr/2021:09:50:46 +0800] "POST /xingrg/dwr/call/plaincall/AjaxCheckService.setItemNumber.dwr HTTP/1.1" 200 78
120.253.135.82 - - [12/Apr/2021:09:50:47 +0800] "GET /xingrg/all/function/internal_message.html?_=1618192283016&CODE_STATE=getMsg HTTP/1.1" 200 27
114.88.167.174 - - [12/Apr/2021:09:50:47 +0800] "POST /xingrg/dwr/call/plaincall/AjaxCheckService.setItemNumber.dwr HTTP/1.1" 200 78
114.88.167.174 - - [12/Apr/2021:09:50:49 +0800] "POST /xingrg/dwr/call/plaincall/AjaxCheckService.setItemNumber.dwr HTTP/1.1" 200 78
180.169.147.146 - - [12/Apr/2021:09:50:49 +0800] "POST /xingrg/dwr/call/plaincall/AjaxCheckService.setItemNumber.dwr HTTP/1.1" 200 78
101.85.94.178 - - [12/Apr/2021:09:50:50 +0800] "POST /xingrg/kc/buy/cgsh_order_operate.html HTTP/1.1" 200 37
114.88.167.174 - - [12/Apr/2021:09:50:50 +0800] "POST /xingrg/dwr/call/plaincall/AjaxCheckService.setItemNumber.dwr HTTP/1.1" 200 78
101.85.94.178 - - [12/Apr/2021:09:50:51 +0800] "POST /xingrg/kc/buy/cgsh_order_operate.html HTTP/1.1" 200 9138
180.169.147.146 - - [12/Apr/2021:09:50:51 +0800] "POST /xingrg/dwr/call/plaincall/AjaxCheckService.setItemNumber.dwr HTTP/1.1" 200 78
114.88.167.174 - - [12/Apr/2021:09:50:51 +0800] "POST /xingrg/dwr/call/plaincall/AjaxCheckService.setItemNumber.dwr HTTP/1.1" 200 78
114.88.167.174 - - [12/Apr/2021:09:50:53 +0800] "POST /xingrg/dwr/call/plaincall/AjaxCheckService.setItemNumber.dwr HTTP/1.1" 200 78
101.85.94.178 - - [12/Apr/2021:09:50:54 +0800] "POST /xingrg/kc/buy/cgsh_order_operate.html HTTP/1.1" 200 37
114.88.167.174 - - [12/Apr/2021:09:50:55 +0800] "POST /xingrg/dwr/call/plaincall/AjaxCheckService.setItemNumber.dwr HTTP/1.1" 200 78
101.85.94.178 - - [12/Apr/2021:09:50:55 +0800] "POST /xingrg/kc/buy/cgsh_order_operate.html HTTP/1.1" 200 9138
101.85.94.178 - - [12/Apr/2021:09:50:56 +0800] "GET /xingrg/check_reg.html?_=1618191802493 HTTP/1.1" 200 22
101.85.94.178 - - [12/Apr/2021:09:50:56 +0800] "GET /xingrg/all/function/internal_message.html?_=1618191802494&CODE_STATE=getMsg HTTP/1.1" 200 27
114.88.167.174 - - [12/Apr/2021:09:50:56 +0800] "POST /xingrg/dwr/call/plaincall/AjaxCheckService.setItemNumber.dwr HTTP/1.1" 200 78
222.69.130.42 - - [12/Apr/2021:09:50:57 +0800] "GET /xingrg/kc/buy/cgsh_order_operate.html?command=get_materiel&rest_code=00149&code=00101015038&supplier_code=00100005&order_time=2021-04-12 HTTP/1.1" 200 418
114.88.167.174 - - [12/Apr/2021:09:50:58 +0800] "POST /xingrg/dwr/call/plaincall/AjaxCheckService.setItemNumber.dwr HTTP/1.1" 200 78
114.86.187.76 - - [12/Apr/2021:09:50:59 +0800] "GET /xingrg/all/function/internal_message.html?_=1618192262468&CODE_STATE=getMsg HTTP/1.1" 200 27
222.69.130.42 - - [12/Apr/2021:09:50:59 +0800] "POST /xingrg/kc/buy/cgsh_order_operate.html HTTP/1.1" 200 2065
114.88.167.174 - - [12/Apr/2021:09:50:59 +0800] "POST /xingrg/dwr/call/plaincall/AjaxCheckService.setItemNumber.dwr HTTP/1.1" 200 78
114.88.167.174 - - [12/Apr/2021:09:51:01 +0800] "POST /xingrg/dwr/call/plaincall/AjaxCheckService.setItemNumber.dwr HTTP/1.1" 200 78
114.88.167.174 - - [12/Apr/2021:09:51:02 +0800] "POST /xingrg/dwr/call/plaincall/AjaxCheckService.setItemNumber.dwr HTTP/1.1" 200 78
114.88.167.174 - - [12/Apr/2021:09:51:04 +0800] "POST /xingrg/dwr/call/plaincall/AjaxCheckService.setItemNumber.dwr HTTP/1.1" 200 78
114.88.156.246 - - [12/Apr/2021:09:51:04 +0800] "GET /xingrg/kc/sw/order_link_query.html?enName=check&orderCode=452021041100124 HTTP/1.1" 200 4771
114.88.156.246 - - [12/Apr/2021:09:51:04 +0800] "GET /xingrg/images/blue/button/buttom_see.gif HTTP/1.1" 200 1478
114.88.156.246 - - [12/Apr/2021:09:51:04 +0800] "GET /xingrg/images/blue/button/buttom_close.gif HTTP/1.1" 200 1461
114.88.156.246 - - [12/Apr/2021:09:51:04 +0800] "GET /xingrg/dwr/engine.js HTTP/1.1" 200 43631
114.88.156.246 - - [12/Apr/2021:09:51:04 +0800] "GET /xingrg/javascript/checkform.js HTTP/1.1" 200 18351
116.224.253.72 - - [12/Apr/2021:09:51:04 +0800] "GET /xingrg/kc/buy/cgsh_order_add.html HTTP/1.1" 200 62084
114.88.156.246 - - [12/Apr/2021:09:51:04 +0800] "GET /xingrg/images/blue/add_kctop.gif HTTP/1.1" 200 1120
114.88.156.246 - - [12/Apr/2021:09:51:04 +0800] "GET /xingrg/images/blue/add_kcmid.gif HTTP/1.1" 200 166
114.88.156.246 - - [12/Apr/2021:09:51:04 +0800] "GET /xingrg/images/blue/add_kcbut.gif HTTP/1.1" 200 1177
116.224.253.72 - - [12/Apr/2021:09:51:05 +0800] "POST /xingrg/kc/buy/cgsh_order_operate.html HTTP/1.1" 200 8245
116.232.52.219 - - [12/Apr/2021:09:51:05 +0800] "GET /xingrg/all/function/internal_message.html?_=1618192268230&CODE_STATE=getMsg HTTP/1.1" 200 27
116.224.253.72 - - [12/Apr/2021:09:51:05 +0800] "GET /xingrg/javascript/easyui/themes/default/validatebox.css HTTP/1.1" 404 1104
222.69.130.42 - - [12/Apr/2021:09:51:05 +0800] "GET /xingrg/kc/buy/cgsh_order_operate.html?command=get_materiel&rest_code=00149&code=00101015066&supplier_code=00100005&order_time=2021-04-12 HTTP/1.1" 200 413
114.88.156.246 - - [12/Apr/2021:09:51:05 +0800] "POST /xingrg/dwr/call/plaincall/AjaxComOrderService.getLinkOrder.dwr HTTP/1.1" 200 409
116.224.253.72 - - [12/Apr/2021:09:51:06 +0800] "GET /xingrg/javascript/auto/indicator.gif HTTP/1.1" 404 1066
222.70.217.33 - - [12/Apr/2021:09:51:06 +0800] "GET /xingrg/kc/print/load_data.html?order_code=212021041204624&kc_code=cgsh&condition= HTTP/1.1" 200 3659
114.88.167.174 - - [12/Apr/2021:09:51:06 +0800] "POST /xingrg/dwr/call/plaincall/AjaxCheckService.setItemNumber.dwr HTTP/1.1" 200 78
116.224.253.72 - - [12/Apr/2021:09:51:07 +0800] "GET /xingrg/all/function/internal_message.html?_=1618192268209&CODE_STATE=getMsg HTTP/1.1" 200 27
114.88.167.174 - - [12/Apr/2021:09:51:08 +0800] "POST /xingrg/dwr/call/plaincall/AjaxCheckService.setItemNumber.dwr HTTP/1.1" 200 78
180.169.147.146 - - [12/Apr/2021:09:51:08 +0800] "POST /xingrg/dwr/call/plaincall/AjaxCheckService.setItemNumber.dwr HTTP/1.1" 200 78
101.85.94.178 - - [12/Apr/2021:09:51:09 +0800] "GET /xingrg HTTP/1.1" 302 -
101.85.94.178 - - [12/Apr/2021:09:51:09 +0800] "GET /xingrg/index.html HTTP/1.1" 302 -
101.85.94.178 - - [12/Apr/2021:09:51:09 +0800] "GET /favicon.ico HTTP/1.1" 404 -
101.85.94.178 - - [12/Apr/2021:09:51:09 +0800] "GET /xingrg/login.html HTTP/1.1" 200 7641
114.88.167.174 - - [12/Apr/2021:09:51:10 +0800] "POST /xingrg/dwr/call/plaincall/AjaxCheckService.setItemNumber.dwr HTTP/1.1" 200 78
180.169.147.146 - - [12/Apr/2021:09:51:10 +0800] "POST /xingrg/dwr/call/plaincall/AjaxCheckService.setItemNumber.dwr HTTP/1.1" 200 78
101.85.94.178 - - [12/Apr/2021:09:51:10 +0800] "GET /favicon.ico HTTP/1.1" 404 -
114.88.167.174 - - [12/Apr/2021:09:51:11 +0800] "POST /xingrg/dwr/call/plaincall/AjaxCheckService.setItemNumber.dwr HTTP/1.1" 200 78
101.85.94.178 - - [12/Apr/2021:09:51:12 +0800] "POST /xingrg/login.do HTTP/1.1" 302 -
101.85.94.178 - - [12/Apr/2021:09:51:12 +0800] "GET /xingrg/index.html?sysBaseUrl=http%3A%2F%2F180.169.147.146%3A18081%2Fxingrg%2F&costTime=40×tamp=1618192272283 HTTP/1.1" 200 17179
114.88.167.174 - - [12/Apr/2021:09:51:12 +0800] "GET /xingrg/all/function/internal_message.html?_=1618192269908&CODE_STATE=getMsg HTTP/1.1" 200 27
101.85.94.178 - - [12/Apr/2021:09:51:12 +0800] "POST /xingrg/all/common/load_tree.html?tree=area_rest_tree_json&manage=1 HTTP/1.1" 200 351
101.85.94.178 - - [12/Apr/2021:09:51:12 +0800] "GET /xingrg/all/function/internal_message.html?_=1618191819376&CODE_STATE=count HTTP/1.1" 200 11
101.85.94.178 - - [12/Apr/2021:09:51:12 +0800] "GET /xingrg/check_reg.html?_=1618191819377 HTTP/1.1" 200 22
101.85.94.178 - - [12/Apr/2021:09:51:13 +0800] "POST /xingrg/load_menu.html HTTP/1.1" 200 5138
101.85.94.178 - - [12/Apr/2021:09:51:13 +0800] "GET /favicon.ico HTTP/1.1" 404 -
222.69.130.42 - - [12/Apr/2021:09:51:13 +0800] "GET /xingrg/all/function/internal_message.html?_=1618192273696&CODE_STATE=getMsg HTTP/1.1" 200 27
114.88.167.174 - - [12/Apr/2021:09:51:13 +0800] "POST /xingrg/dwr/call/plaincall/AjaxCheckService.setItemNumber.dwr HTTP/1.1" 200 78
222.69.130.42 - - [12/Apr/2021:09:51:14 +0800] "GET /xingrg/kc/buy/cgsh_order_operate.html?command=get_materiel&rest_code=00149&code=00101008330&supplier_code=00100005&order_time=2021-04-12 HTTP/1.1" 200 408
180.169.147.146 - - [12/Apr/2021:09:51:14 +0800] "POST /xingrg/dwr/call/plaincall/AjaxCheckService.setItemNumber.dwr HTTP/1.1" 200 78
114.88.167.174 - - [12/Apr/2021:09:51:14 +0800] "POST /xingrg/dwr/call/plaincall/AjaxCheckService.setItemNumber.dwr HTTP/1.1" 200 78
116.224.253.72 - - [12/Apr/2021:09:51:15 +0800] "GET /xingrg/kc/buy/cgsh_order_operate.html?command=get_materiel&rest_code=00150&code=00101009001&supplier_code=00100424&order_time=2021-04-12 HTTP/1.1" 200 416
116.224.253.72 - - [12/Apr/2021:09:51:15 +0800] "GET /xingrg/check_reg.html?_=1618192270299 HTTP/1.1" 200 22
116.224.253.72 - - [12/Apr/2021:09:51:15 +0800] "GET /xingrg/all/function/internal_message.html?_=1618192270419&CODE_STATE=getMsg HTTP/1.1" 200 27
180.169.147.146 - - [12/Apr/2021:09:51:16 +0800] "POST /xingrg/dwr/call/plaincall/AjaxCheckService.setItemNumber.dwr HTTP/1.1" 200 78
101.85.94.178 - - [12/Apr/2021:09:51:16 +0800] "GET /xingrg/kc/buy/cgsh_order_list.html HTTP/1.1" 200 46416
114.88.156.246 - - [12/Apr/2021:09:51:16 +0800] "GET /xingrg/all/function/internal_message.html?_=1618192300356&CODE_STATE=getMsg HTTP/1.1" 200 27
114.88.167.174 - - [12/Apr/2021:09:51:16 +0800] "POST /xingrg/dwr/call/plaincall/AjaxCheckService.setItemNumber.dwr HTTP/1.1" 200 78
180.169.147.146 - - [12/Apr/2021:09:51:17 +0800] "POST /xingrg/dwr/call/plaincall/AjaxCheckService.setItemNumber.dwr HTTP/1.1" 200 78
114.88.167.174 - - [12/Apr/2021:09:51:18 +0800] "POST /xingrg/dwr/call/plaincall/AjaxCheckService.setItemNumber.dwr HTTP/1.1" 200 78
101.85.94.178 - - [12/Apr/2021:09:51:18 +0800] "POST /xingrg/kc/buy/cgsh_list_operate.html HTTP/1.1" 200 2059
180.169.147.146 - - [12/Apr/2021:09:51:19 +0800] "POST /xingrg/dwr/call/plaincall/AjaxCheckService.setItemNumber.dwr HTTP/1.1" 200 78
114.88.167.174 - - [12/Apr/2021:09:51:20 +0800] "POST /xingrg/dwr/call/plaincall/AjaxCheckService.setItemNumber.dwr HTTP/1.1" 200 78
180.169.147.146 - - [12/Apr/2021:09:51:20 +0800] "POST /xingrg/dwr/call/plaincall/AjaxCheckService.setItemNumber.dwr HTTP/1.1" 200 78
101.85.94.178 - - [12/Apr/2021:09:51:20 +0800] "POST /xingrg/kc/buy/cgsh_list_operate.html HTTP/1.1" 200 565
101.85.94.178 - - [12/Apr/2021:09:51:21 +0800] "GET /xingrg/kc/buy/cgsh_order_info.html?code=212021041204625 HTTP/1.1" 200 61271
114.88.167.174 - - [12/Apr/2021:09:51:21 +0800] "POST /xingrg/dwr/call/plaincall/AjaxCheckService.setItemNumber.dwr HTTP/1.1" 200 78
180.169.147.146 - - [12/Apr/2021:09:51:22 +0800] "POST /xingrg/dwr/call/plaincall/AjaxCheckService.setItemNumber.dwr HTTP/1.1" 200 78
101.85.94.178 - - [12/Apr/2021:09:51:22 +0800] "GET /xingrg/all/common/auto_word.html?type=employee&rest_code=00142 HTTP/1.1" 200 105
101.85.94.178 - - [12/Apr/2021:09:51:22 +0800] "GET /xingrg/javascript/easyui/themes/default/validatebox.css HTTP/1.1" 404 1104
101.85.94.178 - - [12/Apr/2021:09:51:22 +0800] "GET /xingrg/all/common/auto_word.html?type=employee&rest_code=00142 HTTP/1.1" 200 105
101.85.94.178 - - [12/Apr/2021:09:51:22 +0800] "POST /xingrg/kc/buy/cgsh_order_operate.html HTTP/1.1" 200 9138
180.169.147.146 - - [12/Apr/2021:09:51:23 +0800] "POST /xingrg/dwr/call/plaincall/AjaxCheckService.setItemNumber.dwr HTTP/1.1" 200 78
180.169.147.146 - - [12/Apr/2021:09:51:24 +0800] "POST /xingrg/dwr/call/plaincall/AjaxCheckService.setItemNumber.dwr HTTP/1.1" 200 78
114.88.167.174 - - [12/Apr/2021:09:51:26 +0800] "POST /xingrg/dwr/call/plaincall/AjaxCheckService.setItemNumber.dwr HTTP/1.1" 200 78
180.169.147.146 - - [12/Apr/2021:09:51:26 +0800] "POST /xingrg/dwr/call/plaincall/AjaxCheckService.setItemNumber.dwr HTTP/1.1" 200 78
114.88.167.174 - - [12/Apr/2021:09:51:27 +0800] "POST /xingrg/dwr/call/plaincall/AjaxCheckService.setItemNumber.dwr HTTP/1.1" 200 78
116.230.114.112 - - [12/Apr/2021:09:51:27 +0800] "GET /xingrg/all/function/internal_message.html?_=1618192290113&CODE_STATE=getMsg HTTP/1.1" 200 27
180.169.147.146 - - [12/Apr/2021:09:51:27 +0800] "GET /xingrg/all/function/internal_message.html?_=1618192286871&CODE_STATE=getMsg HTTP/1.1" 200 27
180.169.147.146 - - [12/Apr/2021:09:51:28 +0800] "POST /xingrg/dwr/call/plaincall/AjaxCheckService.setItemNumber.dwr HTTP/1.1" 200 78
101.85.94.178 - - [12/Apr/2021:09:51:28 +0800] "GET /xingrg/javascript/auto/indicator.gif HTTP/1.1" 404 1066
114.88.167.174 - - [12/Apr/2021:09:51:28 +0800] "POST /xingrg/dwr/call/plaincall/AjaxCheckService.setItemNumber.dwr HTTP/1.1" 200 78
61.151.207.205 - - [12/Apr/2021:09:51:29 +0800] "GET /xingrg/all/function/internal_message.html?_=1618192240379&CODE_STATE=getMsg HTTP/1.1" 302 -
116.224.253.72 - - [12/Apr/2021:09:51:30 +0800] "GET /xingrg/kc/buy/cgsh_order_operate.html?command=get_materiel&rest_code=00150&code=00101009062&supplier_code=00100424&order_time=2021-04-12 HTTP/1.1" 200 412
114.88.167.174 - - [12/Apr/2021:09:51:31 +0800] "POST /xingrg/dwr/call/plaincall/AjaxCheckService.setItemNumber.dwr HTTP/1.1" 200 78
180.169.147.146 - - [12/Apr/2021:09:51:31 +0800] "POST /xingrg/dwr/call/plaincall/AjaxCheckService.setItemNumber.dwr HTTP/1.1" 200 78
114.88.156.246 - - [12/Apr/2021:09:51:32 +0800] "GET /xingrg/all/function/internal_message.html?_=1618192296019&CODE_STATE=getMsg HTTP/1.1" 200 27
222.70.217.33 - - [12/Apr/2021:09:51:32 +0800] "GET /xingrg/all/function/internal_message.html?_=1618192293488&CODE_STATE=getMsg HTTP/1.1" 200 27
114.88.167.174 - - [12/Apr/2021:09:51:32 +0800] "POST /xingrg/dwr/call/plaincall/AjaxCheckService.setItemNumber.dwr HTTP/1.1" 200 78
222.69.130.42 - - [12/Apr/2021:09:51:32 +0800] "GET /xingrg/kc/buy/cgsh_order_operate.html?command=get_materiel&rest_code=00149&code=00101008242&supplier_code=00100005&order_time=2021-04-12 HTTP/1.1" 200 408
61.151.207.205 - - [12/Apr/2021:09:51:32 +0800] "GET /xingrg/login.html HTTP/1.1" 200 7641
101.85.94.178 - - [12/Apr/2021:09:51:33 +0800] "GET /xingrg/kc/buy/cgsh_order_operate.html?command=get_materiel&rest_code=00142&code=00101008366&supplier_code=00100161&order_time=2021-04-12 HTTP/1.1" 200 408
124.77.71.179 - - [12/Apr/2021:09:51:33 +0800] "GET /xingrg/all/function/internal_message.html?_=1618192293882&CODE_STATE=getMsg HTTP/1.1" 200 27
114.88.167.174 - - [12/Apr/2021:09:51:33 +0800] "POST /xingrg/dwr/call/plaincall/AjaxCheckService.setItemNumber.dwr HTTP/1.1" 200 78
114.88.167.174 - - [12/Apr/2021:09:51:35 +0800] "POST /xingrg/dwr/call/plaincall/AjaxCheckService.setItemNumber.dwr HTTP/1.1" 200 78
114.88.167.174 - - [12/Apr/2021:09:51:36 +0800] "POST /xingrg/dwr/call/plaincall/AjaxCheckService.setItemNumber.dwr HTTP/1.1" 200 78
116.238.141.202 - - [12/Apr/2021:09:51:37 +0800] "GET /xingrg/all/function/internal_message.html?_=1618192574389&CODE_STATE=getMsg HTTP/1.1" 200 27
114.88.167.174 - - [12/Apr/2021:09:51:38 +0800] "POST /xingrg/dwr/call/plaincall/AjaxCheckService.setItemNumber.dwr HTTP/1.1" 200 78
116.224.253.72 - - [12/Apr/2021:09:51:38 +0800] "GET /xingrg/kc/buy/cgsh_order_operate.html?command=get_materiel&rest_code=00150&code=00101009042&supplier_code=00100424&order_time=2021-04-12 HTTP/1.1" 200 416
114.88.167.174 - - [12/Apr/2021:09:51:39 +0800] "POST /xingrg/dwr/call/plaincall/AjaxCheckService.setItemNumber.dwr HTTP/1.1" 200 78
114.88.167.174 - - [12/Apr/2021:09:51:41 +0800] "POST /xingrg/dwr/call/plaincall/AjaxCheckService.setItemNumber.dwr HTTP/1.1" 200 78
114.88.167.174 - - [12/Apr/2021:09:51:43 +0800] "POST /xingrg/dwr/call/plaincall/AjaxCheckService.setItemNumber.dwr HTTP/1.1" 200 78
61.165.42.208 - - [12/Apr/2021:09:51:43 +0800] "GET /xingrg/all/function/internal_message.html?_=1618192306032&CODE_STATE=getMsg HTTP/1.1" 200 27
114.88.167.174 - - [12/Apr/2021:09:51:45 +0800] "POST /xingrg/dwr/call/plaincall/AjaxCheckService.setItemNumber.dwr HTTP/1.1" 200 78
114.88.167.174 - - [12/Apr/2021:09:51:47 +0800] "POST /xingrg/dwr/call/plaincall/AjaxCheckService.setItemNumber.dwr HTTP/1.1" 200 78
120.253.135.82 - - [12/Apr/2021:09:51:47 +0800] "GET /xingrg/all/function/internal_message.html?_=1618192343050&CODE_STATE=getMsg HTTP/1.1" 200 27
101.85.94.178 - - [12/Apr/2021:09:51:52 +0800] "GET /xingrg/kc/buy/cgsh_order_operate.html?command=get_materiel&rest_code=00142&code=00101008350&supplier_code=00100161&order_time=2021-04-12 HTTP/1.1" 200 408
222.69.130.42 - - [12/Apr/2021:09:51:55 +0800] "POST /xingrg/kc/buy/cgsh_order_operate.html HTTP/1.1" 200 37
114.88.167.174 - - [12/Apr/2021:09:51:56 +0800] "POST /xingrg/dwr/call/plaincall/AjaxCheckService.setItemNumber.dwr HTTP/1.1" 200 78
116.238.141.202 - - [12/Apr/2021:09:51:58 +0800] "GET /xingrg/check_reg.html?_=1618192595701 HTTP/1.1" 200 22
114.88.167.174 - - [12/Apr/2021:09:51:59 +0800] "POST /xingrg/dwr/call/plaincall/AjaxCheckService.setItemNumber.dwr HTTP/1.1" 200 78
114.86.187.76 - - [12/Apr/2021:09:51:59 +0800] "GET /xingrg/all/function/internal_message.html?_=1618192322497&CODE_STATE=getMsg HTTP/1.1" 200 27
222.69.130.42 - - [12/Apr/2021:09:52:00 +0800] "POST /xingrg/kc/buy/cgsh_order_operate.html HTTP/1.1" 200 12
114.88.167.174 - - [12/Apr/2021:09:52:00 +0800] "POST /xingrg/dwr/call/plaincall/AjaxCheckService.setItemNumber.dwr HTTP/1.1" 200 78
116.224.253.72 - - [12/Apr/2021:09:52:00 +0800] "GET /xingrg/kc/buy/cgsh_order_operate.html?command=get_materiel&rest_code=00150&code=00101009016&supplier_code=00100424&order_time=2021-04-12 HTTP/1.1" 200 412
101.85.94.178 - - [12/Apr/2021:09:52:02 +0800] "GET /xingrg/kc/buy/cgsh_order_operate.html?command=get_materiel&rest_code=00142&code=00101008357&supplier_code=00100161&order_time=2021-04-12 HTTP/1.1" 200 408
114.88.167.174 - - [12/Apr/2021:09:52:02 +0800] "POST /xingrg/dwr/call/plaincall/AjaxCheckService.setItemNumber.dwr HTTP/1.1" 200 78
114.88.167.174 - - [12/Apr/2021:09:52:03 +0800] "POST /xingrg/dwr/call/plaincall/AjaxCheckService.setItemNumber.dwr HTTP/1.1" 200 78
114.88.167.174 - - [12/Apr/2021:09:52:04 +0800] "POST /xingrg/dwr/call/plaincall/AjaxCheckService.setItemNumber.dwr HTTP/1.1" 200 78
116.232.52.219 - - [12/Apr/2021:09:52:05 +0800] "GET /xingrg/all/function/internal_message.html?_=1618192328229&CODE_STATE=getMsg HTTP/1.1" 200 27
116.232.52.219 - - [12/Apr/2021:09:52:05 +0800] "GET /xingrg/check_reg.html?_=1618192328232 HTTP/1.1" 200 22
114.88.167.174 - - [12/Apr/2021:09:52:05 +0800] "POST /xingrg/dwr/call/plaincall/AjaxCheckService.setItemNumber.dwr HTTP/1.1" 200 78
116.224.253.72 - - [12/Apr/2021:09:52:07 +0800] "GET /xingrg/all/function/internal_message.html?_=1618192328220&CODE_STATE=getMsg HTTP/1.1" 200 27
114.88.167.174 - - [12/Apr/2021:09:52:07 +0800] "POST /xingrg/dwr/call/plaincall/AjaxCheckService.setItemNumber.dwr HTTP/1.1" 200 78
114.88.167.174 - - [12/Apr/2021:09:52:08 +0800] "POST /xingrg/dwr/call/plaincall/AjaxCheckService.setItemNumber.dwr HTTP/1.1" 200 78
222.69.130.42 - - [12/Apr/2021:09:52:09 +0800] "GET /xingrg/kc/buy/cgsh_order_info.html?code=212021041204610 HTTP/1.1" 200 57103
222.69.130.42 - - [12/Apr/2021:09:52:09 +0800] "GET /xingrg/css/base.css HTTP/1.1" 200 2811
222.69.130.42 - - [12/Apr/2021:09:52:09 +0800] "GET /xingrg/css/site.css HTTP/1.1" 200 7541
222.69.130.42 - - [12/Apr/2021:09:52:09 +0800] "GET /xingrg/javascript/jquery_tools/datebox.css HTTP/1.1" 200 2597
222.69.130.42 - - [12/Apr/2021:09:52:09 +0800] "GET /xingrg/javascript/easyui/themes/icon.css HTTP/1.1" 200 4483
222.69.130.42 - - [12/Apr/2021:09:52:09 +0800] "GET /xingrg/javascript/easyui/themes/default/easyui.css HTTP/1.1" 200 30432
222.69.130.42 - - [12/Apr/2021:09:52:09 +0800] "GET /xingrg/javascript/auto/jquery.autocomplete.css HTTP/1.1" 200 587
222.69.130.42 - - [12/Apr/2021:09:52:09 +0800] "GET /xingrg/javascript/jquery_tools/fix.css HTTP/1.1" 200 1702
222.69.130.42 - - [12/Apr/2021:09:52:09 +0800] "GET /xingrg/javascript/jquery_tools/table.css HTTP/1.1" 200 1032
222.69.130.42 - - [12/Apr/2021:09:52:09 +0800] "GET /xingrg/javascript/pic_change.js HTTP/1.1" 200 4739
222.69.130.42 - - [12/Apr/2021:09:52:09 +0800] "GET /xingrg/javascript/jquery_tools/jquery.tools.min.js HTTP/1.1" 200 138801
222.69.130.42 - - [12/Apr/2021:09:52:09 +0800] "GET /xingrg/javascript/jquery_tools/jquery.tools.table.js HTTP/1.1" 200 6994
222.69.130.42 - - [12/Apr/2021:09:52:09 +0800] "GET /xingrg/javascript/jquery_tools/jquery.tools.hotkey.js HTTP/1.1" 200 3242
222.69.130.42 - - [12/Apr/2021:09:52:09 +0800] "GET /xingrg/javascript/easyui/easyloader.js HTTP/1.1" 200 5975
222.69.130.42 - - [12/Apr/2021:09:52:09 +0800] "GET /xingrg/javascript/convert.js HTTP/1.1" 200 1239
222.69.130.42 - - [12/Apr/2021:09:52:09 +0800] "GET /xingrg/javascript/jquery_tools/jquery.tools.extend.js HTTP/1.1" 200 15385
222.69.130.42 - - [12/Apr/2021:09:52:09 +0800] "GET /xingrg/javascript/jquery.utils.js HTTP/1.1" 200 11805
222.69.130.42 - - [12/Apr/2021:09:52:09 +0800] "GET /xingrg/javascript/jquery_tools/order_manager.js HTTP/1.1" 200 11183
222.69.130.42 - - [12/Apr/2021:09:52:09 +0800] "GET /xingrg/javascript/auto/jquery.autocomplete.js HTTP/1.1" 200 21624
222.69.130.42 - - [12/Apr/2021:09:52:09 +0800] "GET /xingrg/javascript/jquery.cookie.js HTTP/1.1" 200 5513
222.69.130.42 - - [12/Apr/2021:09:52:09 +0800] "GET /xingrg/javascript/print/LodopFuncs.js HTTP/1.1" 200 5121
222.69.130.42 - - [12/Apr/2021:09:52:09 +0800] "GET /xingrg/javascript/json2.js HTTP/1.1" 200 11259
222.69.130.42 - - [12/Apr/2021:09:52:09 +0800] "GET /xingrg/javascript/print/kc_print.js HTTP/1.1" 200 11415
116.224.253.72 - - [12/Apr/2021:09:52:09 +0800] "GET /xingrg/kc/buy/cgsh_order_operate.html?command=get_materiel&rest_code=00150&code=00101009039&supplier_code=00100424&order_time=2021-04-12 HTTP/1.1" 200 408
222.69.130.42 - - [12/Apr/2021:09:52:09 +0800] "GET /xingrg/words/20210411110049_words.js HTTP/1.1" 200 804593
222.69.130.42 - - [12/Apr/2021:09:52:09 +0800] "GET /xingrg/javascript/easyui/plugins/jquery.parser.js HTTP/1.1" 200 1142
222.69.130.42 - - [12/Apr/2021:09:52:09 +0800] "GET /xingrg/javascript/easyui/themes/default/validatebox.css HTTP/1.1" 404 1104
222.69.130.42 - - [12/Apr/2021:09:52:09 +0800] "GET /xingrg/javascript/easyui/plugins/jquery.validatebox.js HTTP/1.1" 200 6103
222.69.130.42 - - [12/Apr/2021:09:52:09 +0800] "GET /xingrg/javascript/easyui/plugins/jquery.numberbox.js HTTP/1.1" 200 5213
222.69.130.42 - - [12/Apr/2021:09:52:10 +0800] "POST /xingrg/kc/buy/cgsh_order_operate.html HTTP/1.1" 200 31935
101.85.94.178 - - [12/Apr/2021:09:52:10 +0800] "GET /xingrg/kc/buy/cgsh_order_operate.html?command=get_materiel&rest_code=00142&code=00101008312&supplier_code=00100161&order_time=2021-04-12 HTTP/1.1" 200 412
114.88.167.174 - - [12/Apr/2021:09:52:10 +0800] "POST /xingrg/dwr/call/plaincall/AjaxCheckService.setItemNumber.dwr HTTP/1.1" 200 78
114.88.167.174 - - [12/Apr/2021:09:52:12 +0800] "GET /xingrg/check_reg.html?_=1618192329663 HTTP/1.1" 200 22
114.88.167.174 - - [12/Apr/2021:09:52:12 +0800] "POST /xingrg/dwr/call/plaincall/AjaxCheckService.setItemNumber.dwr HTTP/1.1" 200 78
101.85.94.178 - - [12/Apr/2021:09:52:12 +0800] "POST /xingrg/kc/buy/cgsh_order_operate.html HTTP/1.1" 200 2065
114.88.167.174 - - [12/Apr/2021:09:52:12 +0800] "GET /xingrg/all/function/internal_message.html?_=1618192330268&CODE_STATE=getMsg HTTP/1.1" 200 27
101.85.94.178 - - [12/Apr/2021:09:52:12 +0800] "GET /xingrg/all/function/internal_message.html?_=1618191879383&CODE_STATE=getMsg HTTP/1.1" 200 27
114.88.167.174 - - [12/Apr/2021:09:52:13 +0800] "POST /xingrg/dwr/call/plaincall/AjaxCheckService.setItemNumber.dwr HTTP/1.1" 200 78
222.69.130.42 - - [12/Apr/2021:09:52:13 +0800] "GET /xingrg/all/function/internal_message.html?_=1618192333674&CODE_STATE=getMsg HTTP/1.1" 200 27
222.69.130.42 - - [12/Apr/2021:09:52:14 +0800] "GET /xingrg/check_reg.html?_=1618192334407 HTTP/1.1" 200 22
114.88.167.174 - - [12/Apr/2021:09:52:14 +0800] "POST /xingrg/dwr/call/plaincall/AjaxCheckService.setItemNumber.dwr HTTP/1.1" 200 78
222.69.130.42 - - [12/Apr/2021:09:52:15 +0800] "GET /xingrg/kc/print/load_config.html?kc_code=cgsh HTTP/1.1" 200 1845
222.69.130.42 - - [12/Apr/2021:09:52:15 +0800] "GET /xingrg/kc/print/load_data.html?order_code=212021041204610&kc_code=cgsh&condition= HTTP/1.1" 200 12596
114.88.167.174 - - [12/Apr/2021:09:52:15 +0800] "POST /xingrg/dwr/call/plaincall/AjaxCheckService.setItemNumber.dwr HTTP/1.1" 200 78
116.224.253.72 - - [12/Apr/2021:09:52:16 +0800] "GET /xingrg/all/function/internal_message.html?_=1618192330452&CODE_STATE=getMsg HTTP/1.1" 200 27
114.88.156.246 - - [12/Apr/2021:09:52:16 +0800] "GET /xingrg/all/function/internal_message.html?_=1618192360325&CODE_STATE=getMsg HTTP/1.1" 200 27
114.88.167.174 - - [12/Apr/2021:09:52:16 +0800] "POST /xingrg/dwr/call/plaincall/AjaxCheckService.setItemNumber.dwr HTTP/1.1" 200 78
116.224.253.72 - - [12/Apr/2021:09:52:17 +0800] "GET /xingrg/kc/buy/cgsh_order_operate.html?command=get_materiel&rest_code=00150&code=00101009010&supplier_code=00100424&order_time=2021-04-12 HTTP/1.1" 200 412
101.85.94.178 - - [12/Apr/2021:09:52:18 +0800] "GET /xingrg/kc/buy/cgsh_order_operate.html?command=get_materiel&rest_code=00142&code=00101008264&supplier_code=00100161&order_time=2021-04-12 HTTP/1.1" 200 412
114.88.167.174 - - [12/Apr/2021:09:52:18 +0800] "POST /xingrg/dwr/call/plaincall/AjaxCheckService.setItemNumber.dwr HTTP/1.1" 200 78
180.169.147.146 - - [12/Apr/2021:09:52:19 +0800] "POST /xingrg/dwr/call/plaincall/AjaxCheckService.setItemNumber.dwr HTTP/1.1" 200 78
114.88.167.174 - - [12/Apr/2021:09:52:19 +0800] "POST /xingrg/dwr/call/plaincall/AjaxCheckService.setItemNumber.dwr HTTP/1.1" 200 78
180.169.147.146 - - [12/Apr/2021:09:52:21 +0800] "POST /xingrg/dwr/call/plaincall/AjaxCheckService.setItemNumber.dwr HTTP/1.1" 200 78
180.169.147.146 - - [12/Apr/2021:09:52:24 +0800] "POST /xingrg/dwr/call/plaincall/AjaxCheckService.setItemNumber.dwr HTTP/1.1" 200 78
101.85.94.178 - - [12/Apr/2021:09:52:26 +0800] "GET /xingrg/kc/buy/cgsh_order_operate.html?command=get_materiel&rest_code=00142&code=00101008044&supplier_code=00100161&order_time=2021-04-12 HTTP/1.1" 200 408
120.253.135.82 - - [12/Apr/2021:09:52:27 +0800] "GET /xingrg/check_reg.html?_=1618192382622 HTTP/1.1" 200 22
116.230.114.112 - - [12/Apr/2021:09:52:27 +0800] "GET /xingrg/all/function/internal_message.html?_=1618192350127&CODE_STATE=getMsg HTTP/1.1" 200 27
180.169.147.146 - - [12/Apr/2021:09:52:27 +0800] "POST /xingrg/dwr/call/plaincall/AjaxCheckService.setItemNumber.dwr HTTP/1.1" 200 78
180.169.147.146 - - [12/Apr/2021:09:52:27 +0800] "GET /xingrg/all/function/internal_message.html?_=1618192346911&CODE_STATE=getMsg HTTP/1.1" 200 27
114.88.167.174 - - [12/Apr/2021:09:52:28 +0800] "POST /xingrg/dwr/call/plaincall/AjaxCheckService.setItemNumber.dwr HTTP/1.1" 200 78
180.169.147.146 - - [12/Apr/2021:09:52:29 +0800] "POST /xingrg/dwr/call/plaincall/AjaxCheckService.setItemNumber.dwr HTTP/1.1" 200 78
114.88.167.174 - - [12/Apr/2021:09:52:29 +0800] "POST /xingrg/dwr/call/plaincall/AjaxCheckService.setItemNumber.dwr HTTP/1.1" 200 78
114.88.167.174 - - [12/Apr/2021:09:52:30 +0800] "POST /xingrg/dwr/call/plaincall/AjaxCheckService.setItemNumber.dwr HTTP/1.1" 200 78
180.169.147.146 - - [12/Apr/2021:09:52:31 +0800] "POST /xingrg/dwr/call/plaincall/AjaxCheckService.setItemNumber.dwr HTTP/1.1" 200 78
114.88.156.246 - - [12/Apr/2021:09:52:32 +0800] "GET /xingrg/all/function/internal_message.html?_=1618192355991&CODE_STATE=getMsg HTTP/1.1" 200 27
222.70.217.33 - - [12/Apr/2021:09:52:32 +0800] "GET /xingrg/all/function/internal_message.html?_=1618192353478&CODE_STATE=getMsg HTTP/1.1" 200 27
114.88.167.174 - - [12/Apr/2021:09:52:33 +0800] "POST /xingrg/dwr/call/plaincall/AjaxCheckService.setItemNumber.dwr HTTP/1.1" 200 78
180.169.147.146 - - [12/Apr/2021:09:52:33 +0800] "POST /xingrg/dwr/call/plaincall/AjaxCheckService.setItemNumber.dwr HTTP/1.1" 200 78
124.77.71.179 - - [12/Apr/2021:09:52:33 +0800] "GET /xingrg/all/function/internal_message.html?_=1618192353868&CODE_STATE=getMsg HTTP/1.1" 200 27
114.88.167.174 - - [12/Apr/2021:09:52:34 +0800] "POST /xingrg/dwr/call/plaincall/AjaxCheckService.setItemNumber.dwr HTTP/1.1" 200 78
180.169.147.146 - - [12/Apr/2021:09:52:35 +0800] "POST /xingrg/dwr/call/plaincall/AjaxCheckService.setItemNumber.dwr HTTP/1.1" 200 78
116.224.253.72 - - [12/Apr/2021:09:52:35 +0800] "POST /xingrg/kc/buy/cgsh_order_operate.html HTTP/1.1" 200 37
114.88.167.174 - - [12/Apr/2021:09:52:35 +0800] "POST /xingrg/dwr/call/plaincall/AjaxCheckService.setItemNumber.dwr HTTP/1.1" 200 78
101.85.94.178 - - [12/Apr/2021:09:52:36 +0800] "GET /xingrg/kc/buy/cgsh_order_operate.html?command=get_materiel&rest_code=00142&code=00101016057&supplier_code=00100161&order_time=2021-04-12 HTTP/1.1" 200 408
114.88.167.174 - - [12/Apr/2021:09:52:36 +0800] "POST /xingrg/dwr/call/plaincall/AjaxCheckService.setItemNumber.dwr HTTP/1.1" 200 78
116.224.253.72 - - [12/Apr/2021:09:52:36 +0800] "POST /xingrg/kc/buy/cgsh_order_operate.html HTTP/1.1" 200 5617
116.238.141.202 - - [12/Apr/2021:09:52:37 +0800] "GET /xingrg/all/function/internal_message.html?_=1618192634407&CODE_STATE=getMsg HTTP/1.1" 200 27
114.88.167.174 - - [12/Apr/2021:09:52:37 +0800] "POST /xingrg/dwr/call/plaincall/AjaxCheckService.setItemNumber.dwr HTTP/1.1" 200 78
114.88.167.174 - - [12/Apr/2021:09:52:38 +0800] "POST /xingrg/dwr/call/plaincall/AjaxCheckService.setItemNumber.dwr HTTP/1.1" 200 78
114.88.167.174 - - [12/Apr/2021:09:52:40 +0800] "POST /xingrg/dwr/call/plaincall/AjaxCheckService.setItemNumber.dwr HTTP/1.1" 200 78
114.88.167.174 - - [12/Apr/2021:09:52:41 +0800] "POST /xingrg/dwr/call/plaincall/AjaxCheckService.setItemNumber.dwr HTTP/1.1" 200 78
61.165.42.208 - - [12/Apr/2021:09:52:43 +0800] "GET /xingrg/all/function/internal_message.html?_=1618192366032&CODE_STATE=getMsg HTTP/1.1" 200 27
114.88.167.174 - - [12/Apr/2021:09:52:43 +0800] "POST /xingrg/dwr/call/plaincall/AjaxCheckService.setItemNumber.dwr HTTP/1.1" 200 78
114.88.167.174 - - [12/Apr/2021:09:52:45 +0800] "POST /xingrg/dwr/call/plaincall/AjaxCheckService.setItemNumber.dwr HTTP/1.1" 200 78
180.169.147.146 - - [12/Apr/2021:09:52:45 +0800] "POST /xingrg/dwr/call/plaincall/AjaxCheckService.setItemNumber.dwr HTTP/1.1" 200 78
114.88.167.174 - - [12/Apr/2021:09:52:47 +0800] "POST /xingrg/dwr/call/plaincall/AjaxCheckService.setItemNumber.dwr HTTP/1.1" 200 78
120.253.135.82 - - [12/Apr/2021:09:52:47 +0800] "GET /xingrg/all/function/internal_message.html?_=1618192403058&CODE_STATE=getMsg HTTP/1.1" 200 27
101.85.94.178 - - [12/Apr/2021:09:52:47 +0800] "GET /xingrg/kc/buy/cgsh_order_operate.html?command=get_materiel&rest_code=00142&code=00101008354&supplier_code=00100161&order_time=2021-04-12 HTTP/1.1" 200 412
114.88.167.174 - - [12/Apr/2021:09:52:47 +0800] "POST /xingrg/dwr/call/plaincall/AjaxCheckService.setItemNumber.dwr HTTP/1.1" 200 78
114.88.167.174 - - [12/Apr/2021:09:52:50 +0800] "POST /xingrg/dwr/call/plaincall/AjaxCheckService.setItemNumber.dwr HTTP/1.1" 200 78
114.88.167.174 - - [12/Apr/2021:09:52:51 +0800] "POST /xingrg/dwr/call/plaincall/AjaxCheckService.setItemNumber.dwr HTTP/1.1" 200 78
114.88.167.174 - - [12/Apr/2021:09:52:52 +0800] "POST /xingrg/dwr/call/plaincall/AjaxCheckService.setItemNumber.dwr HTTP/1.1" 200 78
114.88.167.174 - - [12/Apr/2021:09:52:53 +0800] "POST /xingrg/dwr/call/plaincall/AjaxCheckService.setItemNumber.dwr HTTP/1.1" 200 78
101.85.94.178 - - [12/Apr/2021:09:52:55 +0800] "GET /xingrg/kc/buy/cgsh_order_operate.html?command=get_materiel&rest_code=00142&code=00101008314&supplier_code=00100161&order_time=2021-04-12 HTTP/1.1" 200 413
114.88.167.174 - - [12/Apr/2021:09:52:55 +0800] "POST /xingrg/dwr/call/plaincall/AjaxCheckService.setItemNumber.dwr HTTP/1.1" 200 78
101.85.94.178 - - [12/Apr/2021:09:52:57 +0800] "POST /xingrg/kc/buy/cgsh_order_operate.html HTTP/1.1" 200 2065
117.184.7.30 - - [12/Apr/2021:09:52:59 +0800] "POST /xingrg/login.do HTTP/1.1" 302 -
117.184.7.30 - - [12/Apr/2021:09:52:59 +0800] "GET /xingrg/index.html?sysBaseUrl=http%3A%2F%2F180.169.147.146%3A18081%2Fxingrg%2F&costTime=41×tamp=1618192379145 HTTP/1.1" 200 17179
117.184.7.30 - - [12/Apr/2021:09:52:59 +0800] "GET /favicon.ico HTTP/1.1" 404 -
117.184.7.30 - - [12/Apr/2021:09:52:59 +0800] "POST /xingrg/all/common/load_tree.html?tree=area_rest_tree_json&manage=1 HTTP/1.1" 200 470
114.86.187.76 - - [12/Apr/2021:09:52:59 +0800] "GET /xingrg/all/function/internal_message.html?_=1618192382512&CODE_STATE=getMsg HTTP/1.1" 200 27
117.184.7.30 - - [12/Apr/2021:09:53:00 +0800] "GET /xingrg/all/function/internal_message.html?_=1618192372109&CODE_STATE=count HTTP/1.1" 200 11
117.184.7.30 - - [12/Apr/2021:09:53:00 +0800] "GET /xingrg/check_reg.html?_=1618192372112 HTTP/1.1" 200 22
117.184.7.30 - - [12/Apr/2021:09:53:00 +0800] "POST /xingrg/load_menu.html HTTP/1.1" 200 5138
114.88.167.174 - - [12/Apr/2021:09:53:02 +0800] "POST /xingrg/dwr/call/plaincall/AjaxCheckService.setItemNumber.dwr HTTP/1.1" 200 78
101.85.94.178 - - [12/Apr/2021:09:53:03 +0800] "GET /xingrg/kc/buy/cgsh_order_operate.html?command=get_materiel&rest_code=00142&code=00101008125&supplier_code=00100161&order_time=2021-04-12 HTTP/1.1" 200 413
117.184.7.30 - - [12/Apr/2021:09:53:03 +0800] "POST /xingrg/all/user/operate.html HTTP/1.1" 200 36
117.184.7.30 - - [12/Apr/2021:09:53:03 +0800] "GET /xingrg/index.html?sysBaseUrl=http%3A%2F%2F180.169.147.146%3A18081%2Fxingrg%2F&costTime=41×tamp=1618192379145 HTTP/1.1" 200 17173
117.184.7.30 - - [12/Apr/2021:09:53:03 +0800] "GET /xingrg/javascript/jquery_easy_ui/themes/default/easyui.css HTTP/1.1" 304 -
117.184.7.30 - - [12/Apr/2021:09:53:03 +0800] "GET /xingrg/javascript/jquery_easy_ui/themes/icon.css HTTP/1.1" 304 -
117.184.7.30 - - [12/Apr/2021:09:53:03 +0800] "GET /xingrg/css/form.css HTTP/1.1" 304 -
117.184.7.30 - - [12/Apr/2021:09:53:03 +0800] "GET /xingrg/javascript/jquery-1.4.2.min.js HTTP/1.1" 304 -
117.184.7.30 - - [12/Apr/2021:09:53:04 +0800] "GET /xingrg/javascript/jquery_easy_ui/jquery.easyui.min.js HTTP/1.1" 304 -
117.184.7.30 - - [12/Apr/2021:09:53:04 +0800] "GET /xingrg/javascript/jquery_easy_ui/easyui-lang-zh_CN.js HTTP/1.1" 304 -
117.184.7.30 - - [12/Apr/2021:09:53:04 +0800] "GET /xingrg/javascript/jquery.form.js HTTP/1.1" 304 -
