116.238.141.202 - - [11/Apr/2021:08:34:38 +0800] "GET /xingrg/all/function/internal_message.html?_=1618101555556&CODE_STATE=getMsg HTTP/1.1" 302 -
114.88.156.246 - - [11/Apr/2021:08:34:40 +0800] "GET /xingrg/all/function/internal_message.html?_=1618101302884&CODE_STATE=getMsg HTTP/1.1" 200 27
116.224.253.72 - - [11/Apr/2021:08:34:41 +0800] "GET /xingrg/all/function/internal_message.html?_=1618101277939&CODE_STATE=getMsg HTTP/1.1" 200 27
222.69.129.105 - - [11/Apr/2021:08:34:56 +0800] "GET /favicon.ico HTTP/1.1" 404 -
116.230.114.112 - - [11/Apr/2021:08:35:12 +0800] "GET /xingrg/all/function/internal_message.html?_=1618101339758&CODE_STATE=getMsg HTTP/1.1" 200 27
58.40.7.146 - - [11/Apr/2021:08:35:24 +0800] "GET /xingrg/all/function/internal_message.html?_=1618101326242&CODE_STATE=getMsg HTTP/1.1" 302 -
120.253.135.82 - - [11/Apr/2021:08:35:30 +0800] "GET /xingrg/all/function/internal_message.html?_=1618101109844&CODE_STATE=getMsg HTTP/1.1" 200 27
116.230.114.112 - - [11/Apr/2021:08:35:31 +0800] "GET /xingrg/javascript/jquery_tools/order_manager.js HTTP/1.1" 304 -
116.230.114.112 - - [11/Apr/2021:08:35:31 +0800] "GET /xingrg/javascript/pic_change.js HTTP/1.1" 304 -
116.230.114.112 - - [11/Apr/2021:08:35:31 +0800] "GET /xingrg/javascript/convert.js HTTP/1.1" 304 -
116.230.114.112 - - [11/Apr/2021:08:35:31 +0800] "GET /xingrg/javascript/json2.js HTTP/1.1" 304 -
116.230.114.112 - - [11/Apr/2021:08:35:31 +0800] "GET /xingrg/javascript/print/kc_print.js HTTP/1.1" 304 -
116.230.114.112 - - [11/Apr/2021:08:35:31 +0800] "GET /xingrg/kc/buy/cgsh_order_add.html HTTP/1.1" 200 62154
116.230.114.112 - - [11/Apr/2021:08:35:31 +0800] "GET /xingrg/words/20210410112825_words.js HTTP/1.1" 304 -
116.230.114.112 - - [11/Apr/2021:08:35:31 +0800] "POST /xingrg/kc/buy/cgsh_order_operate.html HTTP/1.1" 200 8245
116.230.114.112 - - [11/Apr/2021:08:35:31 +0800] "GET /xingrg/all/common/auto_word.html?type=employee&rest_code=00146 HTTP/1.1" 200 147
116.230.114.112 - - [11/Apr/2021:08:35:31 +0800] "GET /xingrg/all/common/auto_word.html?type=employee&rest_code=00146 HTTP/1.1" 200 147
116.230.114.112 - - [11/Apr/2021:08:35:31 +0800] "GET /xingrg/javascript/easyui/themes/default/validatebox.css HTTP/1.1" 404 1104
116.230.114.112 - - [11/Apr/2021:08:35:31 +0800] "GET /xingrg/javascript/easyui/plugins/jquery.validatebox.js HTTP/1.1" 304 -
116.230.114.112 - - [11/Apr/2021:08:35:31 +0800] "GET /xingrg/javascript/easyui/plugins/jquery.numberbox.js HTTP/1.1" 304 -
180.169.147.146 - - [11/Apr/2021:08:35:35 +0800] "GET /xingrg/all/function/internal_message.html?_=1618101343762&CODE_STATE=getMsg HTTP/1.1" 302 -
180.169.147.146 - - [11/Apr/2021:08:35:35 +0800] "GET /xingrg/check_reg.html?_=1618101343765 HTTP/1.1" 302 -
222.70.217.33 - - [11/Apr/2021:08:35:36 +0800] "GET /xingrg/all/function/internal_message.html?_=1618101336650&CODE_STATE=getMsg HTTP/1.1" 200 27
222.70.217.33 - - [11/Apr/2021:08:35:36 +0800] "GET /xingrg/check_reg.html?_=1618101336651 HTTP/1.1" 200 22
116.224.253.72 - - [11/Apr/2021:08:35:38 +0800] "GET /xingrg/all/function/internal_message.html?_=1618101342173&CODE_STATE=getMsg HTTP/1.1" 200 27
116.238.141.202 - - [11/Apr/2021:08:35:39 +0800] "GET /xingrg/all/function/internal_message.html?_=1618101615956&CODE_STATE=getMsg HTTP/1.1" 302 -
114.88.156.246 - - [11/Apr/2021:08:35:40 +0800] "GET /xingrg/all/function/internal_message.html?_=1618101362894&CODE_STATE=getMsg HTTP/1.1" 200 27
116.224.253.72 - - [11/Apr/2021:08:35:41 +0800] "GET /xingrg/all/function/internal_message.html?_=1618101337951&CODE_STATE=getMsg HTTP/1.1" 200 27
116.230.114.112 - - [11/Apr/2021:08:36:09 +0800] "GET /xingrg/kc/buy/cgsh_order_operate.html?command=get_materiel&rest_code=00146&code=00101007081&supplier_code=00100002&order_time=2021-04-11 HTTP/1.1" 200 413
116.230.114.112 - - [11/Apr/2021:08:36:12 +0800] "GET /xingrg/all/function/internal_message.html?_=1618101399771&CODE_STATE=getMsg HTTP/1.1" 200 27
116.230.114.112 - - [11/Apr/2021:08:36:20 +0800] "GET /xingrg/check_reg.html?_=1618101408213 HTTP/1.1" 200 22
116.230.114.112 - - [11/Apr/2021:08:36:22 +0800] "GET /xingrg/kc/buy/cgsh_order_operate.html?command=get_materiel&rest_code=00146&code=00101007059&supplier_code=00100002&order_time=2021-04-11 HTTP/1.1" 200 409
58.40.7.146 - - [11/Apr/2021:08:36:24 +0800] "GET /xingrg/all/function/internal_message.html?_=1618101386244&CODE_STATE=getMsg HTTP/1.1" 302 -
120.253.135.82 - - [11/Apr/2021:08:36:30 +0800] "GET /xingrg/all/function/internal_message.html?_=1618101169861&CODE_STATE=getMsg HTTP/1.1" 200 27
180.169.147.146 - - [11/Apr/2021:08:36:35 +0800] "GET /xingrg/all/function/internal_message.html?_=1618101403786&CODE_STATE=getMsg HTTP/1.1" 302 -
116.230.117.165 - - [11/Apr/2021:08:36:36 +0800] "GET /favicon.ico HTTP/1.1" 404 -
222.70.217.33 - - [11/Apr/2021:08:36:36 +0800] "GET /xingrg/all/function/internal_message.html?_=1618101396651&CODE_STATE=getMsg HTTP/1.1" 200 27
116.224.253.72 - - [11/Apr/2021:08:36:38 +0800] "GET /xingrg/all/function/internal_message.html?_=1618101402180&CODE_STATE=getMsg HTTP/1.1" 200 27
116.238.141.202 - - [11/Apr/2021:08:36:39 +0800] "GET /xingrg/all/function/internal_message.html?_=1618101675957&CODE_STATE=getMsg HTTP/1.1" 302 -
114.88.156.246 - - [11/Apr/2021:08:36:40 +0800] "GET /xingrg/all/function/internal_message.html?_=1618101422908&CODE_STATE=getMsg HTTP/1.1" 200 27
116.224.253.72 - - [11/Apr/2021:08:36:41 +0800] "GET /xingrg/all/function/internal_message.html?_=1618101397975&CODE_STATE=getMsg HTTP/1.1" 200 27
116.230.114.112 - - [11/Apr/2021:08:36:50 +0800] "GET /xingrg/kc/buy/cgsh_order_operate.html?command=get_materiel&rest_code=00146&code=00101007077&supplier_code=00100002&order_time=2021-04-11 HTTP/1.1" 200 415
116.230.114.112 - - [11/Apr/2021:08:37:01 +0800] "POST /xingrg/kc/buy/cgsh_order_operate.html HTTP/1.1" 200 37
116.230.114.112 - - [11/Apr/2021:08:37:03 +0800] "POST /xingrg/kc/buy/cgsh_order_operate.html HTTP/1.1" 200 3841
116.230.114.112 - - [11/Apr/2021:08:37:05 +0800] "GET /xingrg/kc/print/load_config.html?kc_code=cgsh HTTP/1.1" 200 1845
116.230.114.112 - - [11/Apr/2021:08:37:05 +0800] "GET /xingrg/kc/print/load_data.html?order_code=212021041104034&kc_code=cgsh&condition= HTTP/1.1" 200 1206
116.230.114.112 - - [11/Apr/2021:08:37:12 +0800] "GET /xingrg/all/function/internal_message.html?_=1618101459786&CODE_STATE=getMsg HTTP/1.1" 200 27
116.230.114.112 - - [11/Apr/2021:08:37:16 +0800] "GET /xingrg/kc/buy/cgsh_order_add.html HTTP/1.1" 200 62154
116.230.114.112 - - [11/Apr/2021:08:37:16 +0800] "POST /xingrg/kc/buy/cgsh_order_operate.html HTTP/1.1" 200 8245
116.230.114.112 - - [11/Apr/2021:08:37:16 +0800] "GET /xingrg/javascript/easyui/themes/default/validatebox.css HTTP/1.1" 404 1104
58.40.7.146 - - [11/Apr/2021:08:37:24 +0800] "GET /xingrg/all/function/internal_message.html?_=1618101446272&CODE_STATE=getMsg HTTP/1.1" 302 -
116.230.114.112 - - [11/Apr/2021:08:37:27 +0800] "GET /xingrg/kc/buy/cgsh_order_operate.html?command=get_materiel&rest_code=00146&code=00101011005&supplier_code=00100049&order_time=2021-04-11 HTTP/1.1" 200 428
120.253.135.82 - - [11/Apr/2021:08:37:30 +0800] "GET /xingrg/check_reg.html?_=1618101229796 HTTP/1.1" 200 22
120.253.135.82 - - [11/Apr/2021:08:37:30 +0800] "GET /xingrg/all/function/internal_message.html?_=1618101229874&CODE_STATE=getMsg HTTP/1.1" 200 27
180.169.147.146 - - [11/Apr/2021:08:37:35 +0800] "GET /xingrg/all/function/internal_message.html?_=1618101463786&CODE_STATE=getMsg HTTP/1.1" 302 -
222.70.217.33 - - [11/Apr/2021:08:37:36 +0800] "GET /xingrg/all/function/internal_message.html?_=1618101456653&CODE_STATE=getMsg HTTP/1.1" 200 27
116.224.253.72 - - [11/Apr/2021:08:37:38 +0800] "GET /xingrg/all/function/internal_message.html?_=1618101462180&CODE_STATE=getMsg HTTP/1.1" 200 27
116.224.253.72 - - [11/Apr/2021:08:37:38 +0800] "GET /xingrg/check_reg.html?_=1618101462187 HTTP/1.1" 200 22
116.238.141.202 - - [11/Apr/2021:08:37:39 +0800] "GET /xingrg/all/function/internal_message.html?_=1618101736379&CODE_STATE=getMsg HTTP/1.1" 302 -
114.88.156.246 - - [11/Apr/2021:08:37:40 +0800] "GET /xingrg/all/function/internal_message.html?_=1618101482907&CODE_STATE=getMsg HTTP/1.1" 200 27
114.88.156.246 - - [11/Apr/2021:08:37:40 +0800] "GET /xingrg/check_reg.html?_=1618101482908 HTTP/1.1" 200 22
116.224.253.72 - - [11/Apr/2021:08:37:41 +0800] "GET /xingrg/all/function/internal_message.html?_=1618101457980&CODE_STATE=getMsg HTTP/1.1" 200 27
117.184.7.26 - - [11/Apr/2021:08:37:54 +0800] "GET /xingrg/check_reg.html?_=1618101468570 HTTP/1.1" 200 22
116.230.114.112 - - [11/Apr/2021:08:38:06 +0800] "GET /xingrg/kc/buy/cgsh_order_operate.html?command=get_materiel&rest_code=00146&code=00101011003&supplier_code=00100049&order_time=2021-04-11 HTTP/1.1" 200 413
116.230.114.112 - - [11/Apr/2021:08:38:12 +0800] "GET /xingrg/all/function/internal_message.html?_=1618101519799&CODE_STATE=getMsg HTTP/1.1" 200 27
61.165.42.208 - - [11/Apr/2021:08:38:22 +0800] "GET /xingrg/index.html?sysBaseUrl=http%3A%2F%2F180.169.147.146%3A18081%2Fxingrg%2F&costTime=36×tamp=1585223203754 HTTP/1.1" 302 -
61.165.42.208 - - [11/Apr/2021:08:38:22 +0800] "GET /xingrg/login.html HTTP/1.1" 200 7641
61.165.42.208 - - [11/Apr/2021:08:38:23 +0800] "GET /favicon.ico HTTP/1.1" 404 -
116.230.114.112 - - [11/Apr/2021:08:38:23 +0800] "POST /xingrg/kc/buy/cgsh_order_operate.html HTTP/1.1" 200 37
58.40.7.146 - - [11/Apr/2021:08:38:24 +0800] "GET /xingrg/all/function/internal_message.html?_=1618101506274&CODE_STATE=getMsg HTTP/1.1" 302 -
58.40.7.146 - - [11/Apr/2021:08:38:24 +0800] "GET /xingrg/check_reg.html?_=1618101506274 HTTP/1.1" 302 -
116.230.114.112 - - [11/Apr/2021:08:38:25 +0800] "POST /xingrg/kc/buy/cgsh_order_operate.html HTTP/1.1" 200 3250
61.165.42.208 - - [11/Apr/2021:08:38:25 +0800] "POST /xingrg/login.do HTTP/1.1" 200 2421
61.165.42.208 - - [11/Apr/2021:08:38:26 +0800] "GET /favicon.ico HTTP/1.1" 404 -
116.230.114.112 - - [11/Apr/2021:08:38:26 +0800] "GET /xingrg/kc/print/load_data.html?order_code=212021041104035&kc_code=cgsh&condition= HTTP/1.1" 200 957
61.165.42.208 - - [11/Apr/2021:08:38:27 +0800] "GET /xingrg/login.html HTTP/1.1" 200 7641
61.165.42.208 - - [11/Apr/2021:08:38:27 +0800] "GET /favicon.ico HTTP/1.1" 404 -
61.165.42.208 - - [11/Apr/2021:08:38:28 +0800] "POST /xingrg/login.do HTTP/1.1" 302 -
61.165.42.208 - - [11/Apr/2021:08:38:28 +0800] "GET /xingrg/index.html?sysBaseUrl=http%3A%2F%2F180.169.147.146%3A18081%2Fxingrg%2F&costTime=45×tamp=1618101508070 HTTP/1.1" 200 17173
61.165.42.208 - - [11/Apr/2021:08:38:28 +0800] "GET /favicon.ico HTTP/1.1" 404 -
61.165.42.208 - - [11/Apr/2021:08:38:28 +0800] "POST /xingrg/all/common/load_tree.html?tree=area_rest_tree_json&manage=1 HTTP/1.1" 200 3344
61.165.42.208 - - [11/Apr/2021:08:38:28 +0800] "GET /xingrg/all/function/internal_message.html?_=1618101510090&CODE_STATE=count HTTP/1.1" 200 11
61.165.42.208 - - [11/Apr/2021:08:38:28 +0800] "GET /xingrg/check_reg.html?_=1618101510091 HTTP/1.1" 200 22
61.165.42.208 - - [11/Apr/2021:08:38:28 +0800] "POST /xingrg/load_menu.html HTTP/1.1" 200 5138
120.253.135.82 - - [11/Apr/2021:08:38:30 +0800] "GET /xingrg/all/function/internal_message.html?_=1618101289888&CODE_STATE=getMsg HTTP/1.1" 200 27
61.165.42.208 - - [11/Apr/2021:08:38:31 +0800] "GET /xingrg/kc/buy/cgsh_order_list.html HTTP/1.1" 200 46410
61.165.42.208 - - [11/Apr/2021:08:38:32 +0800] "POST /xingrg/kc/buy/cgsh_list_operate.html HTTP/1.1" 200 876
61.165.42.208 - - [11/Apr/2021:08:38:32 +0800] "GET /xingrg/kc/buy/cgsh_order_add.html HTTP/1.1" 200 62195
61.165.42.208 - - [11/Apr/2021:08:38:33 +0800] "GET /xingrg/words/20210410112825_words.js HTTP/1.1" 304 -
61.165.42.208 - - [11/Apr/2021:08:38:33 +0800] "POST /xingrg/kc/buy/cgsh_order_operate.html HTTP/1.1" 200 8245
61.165.42.208 - - [11/Apr/2021:08:38:33 +0800] "GET /xingrg/all/common/auto_word.html?type=employee&rest_code=00105 HTTP/1.1" 200 193
61.165.42.208 - - [11/Apr/2021:08:38:33 +0800] "GET /xingrg/all/common/auto_word.html?type=employee&rest_code=00105 HTTP/1.1" 200 193
61.165.42.208 - - [11/Apr/2021:08:38:33 +0800] "GET /xingrg/javascript/easyui/themes/default/validatebox.css HTTP/1.1" 404 1104
180.169.147.146 - - [11/Apr/2021:08:38:35 +0800] "GET /xingrg/all/function/internal_message.html?_=1618101523785&CODE_STATE=getMsg HTTP/1.1" 302 -
222.70.217.33 - - [11/Apr/2021:08:38:36 +0800] "GET /xingrg/all/function/internal_message.html?_=1618101516655&CODE_STATE=getMsg HTTP/1.1" 200 27
116.224.253.72 - - [11/Apr/2021:08:38:38 +0800] "GET /xingrg/all/function/internal_message.html?_=1618101522185&CODE_STATE=getMsg HTTP/1.1" 200 27
116.238.141.202 - - [11/Apr/2021:08:38:39 +0800] "GET /xingrg/all/function/internal_message.html?_=1618101796391&CODE_STATE=getMsg HTTP/1.1" 302 -
114.88.156.246 - - [11/Apr/2021:08:38:40 +0800] "GET /xingrg/all/function/internal_message.html?_=1618101542908&CODE_STATE=getMsg HTTP/1.1" 200 27
116.230.114.112 - - [11/Apr/2021:08:38:40 +0800] "GET /xingrg/kc/buy/cgsh_order_add.html HTTP/1.1" 200 62154
116.230.114.112 - - [11/Apr/2021:08:38:40 +0800] "POST /xingrg/kc/buy/cgsh_order_operate.html HTTP/1.1" 200 8245
116.230.114.112 - - [11/Apr/2021:08:38:40 +0800] "GET /xingrg/javascript/easyui/themes/default/validatebox.css HTTP/1.1" 404 1104
61.165.42.208 - - [11/Apr/2021:08:38:41 +0800] "GET /xingrg/javascript/auto/indicator.gif HTTP/1.1" 404 1066
116.224.253.72 - - [11/Apr/2021:08:38:41 +0800] "GET /xingrg/all/function/internal_message.html?_=1618101518004&CODE_STATE=getMsg HTTP/1.1" 200 27
61.165.42.208 - - [11/Apr/2021:08:38:49 +0800] "GET /xingrg/kc/buy/cgsh_order_operate.html?command=get_materiel&rest_code=00105&code=00101012025&supplier_code=00100034&order_time=2021-04-11 HTTP/1.1" 200 412
61.165.42.208 - - [11/Apr/2021:08:39:00 +0800] "GET /xingrg/kc/buy/cgsh_order_operate.html?command=get_materiel&rest_code=00105&code=00101016030&supplier_code=00100034&order_time=2021-04-11 HTTP/1.1" 200 412
116.230.114.112 - - [11/Apr/2021:08:39:12 +0800] "GET /xingrg/all/function/internal_message.html?_=1618101579812&CODE_STATE=getMsg HTTP/1.1" 200 27
61.165.42.208 - - [11/Apr/2021:08:39:12 +0800] "GET /xingrg/kc/buy/cgsh_order_operate.html?command=get_materiel&rest_code=00105&code=00101016071&supplier_code=00100034&order_time=2021-04-11 HTTP/1.1" 200 416
61.165.42.208 - - [11/Apr/2021:08:39:19 +0800] "GET /xingrg/kc/buy/cgsh_order_operate.html?command=get_materiel&rest_code=00105&code=00101012059&supplier_code=00100034&order_time=2021-04-11 HTTP/1.1" 200 413
58.40.7.146 - - [11/Apr/2021:08:39:24 +0800] "GET /xingrg/all/function/internal_message.html?_=1618101566260&CODE_STATE=getMsg HTTP/1.1" 302 -
61.165.42.208 - - [11/Apr/2021:08:39:27 +0800] "GET /xingrg/kc/buy/cgsh_order_operate.html?command=get_materiel&rest_code=00105&code=00101012051&supplier_code=00100034&order_time=2021-04-11 HTTP/1.1" 200 408
61.165.42.208 - - [11/Apr/2021:08:39:28 +0800] "GET /xingrg/all/function/internal_message.html?_=1618101570094&CODE_STATE=getMsg HTTP/1.1" 200 27
120.253.135.82 - - [11/Apr/2021:08:39:30 +0800] "GET /xingrg/all/function/internal_message.html?_=1618101349901&CODE_STATE=getMsg HTTP/1.1" 200 27
116.224.253.72 - - [11/Apr/2021:08:39:31 +0800] "GET /xingrg/check_reg.html?_=1618101567308 HTTP/1.1" 200 22
180.169.147.146 - - [11/Apr/2021:08:39:35 +0800] "GET /xingrg/all/function/internal_message.html?_=1618101583786&CODE_STATE=getMsg HTTP/1.1" 302 -
116.238.141.202 - - [11/Apr/2021:08:39:36 +0800] "GET /xingrg/check_reg.html?_=1618101852884 HTTP/1.1" 302 -
222.70.217.33 - - [11/Apr/2021:08:39:36 +0800] "GET /xingrg/all/function/internal_message.html?_=1618101576657&CODE_STATE=getMsg HTTP/1.1" 200 27
116.224.253.72 - - [11/Apr/2021:08:39:38 +0800] "GET /xingrg/all/function/internal_message.html?_=1618101582190&CODE_STATE=getMsg HTTP/1.1" 200 27
116.238.141.202 - - [11/Apr/2021:08:39:39 +0800] "GET /xingrg/all/function/internal_message.html?_=1618101856405&CODE_STATE=getMsg HTTP/1.1" 302 -
114.88.156.246 - - [11/Apr/2021:08:39:40 +0800] "GET /xingrg/all/function/internal_message.html?_=1618101602907&CODE_STATE=getMsg HTTP/1.1" 200 27
116.224.253.72 - - [11/Apr/2021:08:39:41 +0800] "GET /xingrg/all/function/internal_message.html?_=1618101578022&CODE_STATE=getMsg HTTP/1.1" 200 27
61.165.42.208 - - [11/Apr/2021:08:39:46 +0800] "POST /xingrg/kc/buy/cgsh_order_operate.html HTTP/1.1" 200 37
61.165.42.208 - - [11/Apr/2021:08:39:47 +0800] "POST /xingrg/kc/buy/cgsh_order_operate.html HTTP/1.1" 200 5021
61.165.42.208 - - [11/Apr/2021:08:39:48 +0800] "GET /xingrg/kc/print/load_config.html?kc_code=cgsh HTTP/1.1" 200 1845
61.165.42.208 - - [11/Apr/2021:08:39:48 +0800] "GET /xingrg/kc/print/load_data.html?order_code=212021041104036&kc_code=cgsh&condition= HTTP/1.1" 200 1608
222.70.217.33 - - [11/Apr/2021:08:40:10 +0800] "GET /xingrg/kc/buy/cgsh_order_add.html HTTP/1.1" 200 62116
222.70.217.33 - - [11/Apr/2021:08:40:10 +0800] "POST /xingrg/kc/buy/cgsh_order_operate.html HTTP/1.1" 200 8245
222.70.217.33 - - [11/Apr/2021:08:40:10 +0800] "GET /xingrg/javascript/easyui/themes/default/validatebox.css HTTP/1.1" 404 1104
116.230.114.112 - - [11/Apr/2021:08:40:12 +0800] "GET /xingrg/all/function/internal_message.html?_=1618101639826&CODE_STATE=getMsg HTTP/1.1" 200 27
222.70.217.33 - - [11/Apr/2021:08:40:17 +0800] "GET /xingrg/kc/buy/cgsh_order_operate.html?command=get_materiel&rest_code=00155&code=00101002027&supplier_code=00100199&order_time=2021-04-11 HTTP/1.1" 200 413
58.40.7.146 - - [11/Apr/2021:08:40:24 +0800] "GET /xingrg/all/function/internal_message.html?_=1618101626263&CODE_STATE=getMsg HTTP/1.1" 302 -
222.70.217.33 - - [11/Apr/2021:08:40:26 +0800] "GET /xingrg/kc/buy/cgsh_order_operate.html?command=get_materiel&rest_code=00155&code=00101002041&supplier_code=00100199&order_time=2021-04-11 HTTP/1.1" 200 409
61.165.42.208 - - [11/Apr/2021:08:40:28 +0800] "GET /xingrg/all/function/internal_message.html?_=1618101630104&CODE_STATE=getMsg HTTP/1.1" 200 27
120.253.135.82 - - [11/Apr/2021:08:40:30 +0800] "GET /xingrg/all/function/internal_message.html?_=1618101409924&CODE_STATE=getMsg HTTP/1.1" 200 27
222.70.217.33 - - [11/Apr/2021:08:40:33 +0800] "GET /xingrg/kc/buy/cgsh_order_operate.html?command=get_materiel&rest_code=00155&code=00101001111&supplier_code=00100199&order_time=2021-04-11 HTTP/1.1" 200 409
180.169.147.146 - - [11/Apr/2021:08:40:35 +0800] "GET /xingrg/all/function/internal_message.html?_=1618101643785&CODE_STATE=getMsg HTTP/1.1" 302 -
180.169.147.146 - - [11/Apr/2021:08:40:35 +0800] "GET /xingrg/check_reg.html?_=1618101643788 HTTP/1.1" 302 -
222.70.217.33 - - [11/Apr/2021:08:40:36 +0800] "GET /xingrg/check_reg.html?_=1618101636671 HTTP/1.1" 200 22
222.70.217.33 - - [11/Apr/2021:08:40:36 +0800] "GET /xingrg/all/function/internal_message.html?_=1618101636675&CODE_STATE=getMsg HTTP/1.1" 200 27
116.224.253.72 - - [11/Apr/2021:08:40:38 +0800] "GET /xingrg/all/function/internal_message.html?_=1618101642198&CODE_STATE=getMsg HTTP/1.1" 200 27
114.88.156.246 - - [11/Apr/2021:08:40:40 +0800] "GET /xingrg/all/function/internal_message.html?_=1618101662905&CODE_STATE=getMsg HTTP/1.1" 200 27
116.238.141.202 - - [11/Apr/2021:08:40:40 +0800] "GET /xingrg/all/function/internal_message.html?_=1618101916893&CODE_STATE=getMsg HTTP/1.1" 302 -
222.70.217.33 - - [11/Apr/2021:08:40:40 +0800] "POST /xingrg/kc/buy/cgsh_order_operate.html HTTP/1.1" 200 37
222.70.217.33 - - [11/Apr/2021:08:40:41 +0800] "POST /xingrg/kc/buy/cgsh_order_operate.html HTTP/1.1" 200 3837
116.224.253.72 - - [11/Apr/2021:08:40:41 +0800] "GET /xingrg/all/function/internal_message.html?_=1618101638036&CODE_STATE=getMsg HTTP/1.1" 200 27
222.70.217.33 - - [11/Apr/2021:08:40:42 +0800] "GET /xingrg/kc/print/load_data.html?order_code=212021041104037&kc_code=cgsh&condition= HTTP/1.1" 200 1128
222.70.217.33 - - [11/Apr/2021:08:40:48 +0800] "GET /xingrg/kc/buy/cgsh_order_list.html HTTP/1.1" 200 46416
116.230.114.112 - - [11/Apr/2021:08:40:49 +0800] "GET /xingrg/kc/buy/cgsh_order_operate.html?command=get_materiel&rest_code=00146&code=00101001099&supplier_code=00100199&order_time=2021-04-11 HTTP/1.1" 200 409
222.70.217.33 - - [11/Apr/2021:08:40:51 +0800] "POST /xingrg/kc/buy/cgsh_list_operate.html HTTP/1.1" 200 2411
222.70.217.33 - - [11/Apr/2021:08:40:53 +0800] "POST /xingrg/kc/buy/cgsh_list_operate.html HTTP/1.1" 200 495
222.70.217.33 - - [11/Apr/2021:08:40:53 +0800] "GET /xingrg/kc/buy/cgsh_order_info.html?code=212021041104033 HTTP/1.1" 200 62127
222.70.217.33 - - [11/Apr/2021:08:40:53 +0800] "GET /xingrg/javascript/easyui/themes/default/validatebox.css HTTP/1.1" 404 1104
222.70.217.33 - - [11/Apr/2021:08:40:54 +0800] "POST /xingrg/kc/buy/cgsh_order_operate.html HTTP/1.1" 200 5021
222.70.217.33 - - [11/Apr/2021:08:40:55 +0800] "GET /xingrg/kc/print/load_data.html?order_code=212021041104033&kc_code=cgsh&condition= HTTP/1.1" 200 1627
222.70.217.33 - - [11/Apr/2021:08:41:02 +0800] "GET /xingrg/kc/buy/cgsh_order_list.html HTTP/1.1" 200 46416
116.230.114.112 - - [11/Apr/2021:08:41:02 +0800] "GET /xingrg/kc/buy/cgsh_order_operate.html?command=get_materiel&rest_code=00146&code=00101001050&supplier_code=00100199&order_time=2021-04-11 HTTP/1.1" 200 409
222.70.217.33 - - [11/Apr/2021:08:41:04 +0800] "POST /xingrg/kc/buy/cgsh_list_operate.html HTTP/1.1" 200 2411
116.230.114.112 - - [11/Apr/2021:08:41:12 +0800] "GET /xingrg/all/function/internal_message.html?_=1618101699839&CODE_STATE=getMsg HTTP/1.1" 200 27
61.165.42.208 - - [11/Apr/2021:08:41:14 +0800] "GET /xingrg/kc/buy/cgsh_order_add.html HTTP/1.1" 200 62195
61.165.42.208 - - [11/Apr/2021:08:41:15 +0800] "POST /xingrg/kc/buy/cgsh_order_operate.html HTTP/1.1" 200 8245
61.165.42.208 - - [11/Apr/2021:08:41:15 +0800] "GET /xingrg/javascript/easyui/themes/default/validatebox.css HTTP/1.1" 404 1104
116.230.114.112 - - [11/Apr/2021:08:41:20 +0800] "GET /xingrg/check_reg.html?_=1618101708217 HTTP/1.1" 200 22
116.230.114.112 - - [11/Apr/2021:08:41:21 +0800] "GET /xingrg/kc/buy/cgsh_order_operate.html?command=get_materiel&rest_code=00146&code=00101001052&supplier_code=00100199&order_time=2021-04-11 HTTP/1.1" 200 409
58.40.7.146 - - [11/Apr/2021:08:41:24 +0800] "GET /xingrg/all/function/internal_message.html?_=1618101686267&CODE_STATE=getMsg HTTP/1.1" 302 -
61.165.42.208 - - [11/Apr/2021:08:41:27 +0800] "GET /xingrg/kc/buy/cgsh_order_operate.html?command=get_materiel&rest_code=00105&code=00101016122&supplier_code=00100203&order_time=2021-04-11 HTTP/1.1" 200 414
61.165.42.208 - - [11/Apr/2021:08:41:28 +0800] "GET /xingrg/all/function/internal_message.html?_=1618101690102&CODE_STATE=getMsg HTTP/1.1" 200 27
120.253.135.82 - - [11/Apr/2021:08:41:30 +0800] "GET /xingrg/all/function/internal_message.html?_=1618101469928&CODE_STATE=getMsg HTTP/1.1" 200 27
180.169.147.146 - - [11/Apr/2021:08:41:35 +0800] "GET /xingrg/all/function/internal_message.html?_=1618101703794&CODE_STATE=getMsg HTTP/1.1" 302 -
222.70.217.33 - - [11/Apr/2021:08:41:36 +0800] "GET /xingrg/all/function/internal_message.html?_=1618101696650&CODE_STATE=getMsg HTTP/1.1" 200 27
116.224.253.72 - - [11/Apr/2021:08:41:38 +0800] "GET /xingrg/all/function/internal_message.html?_=1618101702197&CODE_STATE=getMsg HTTP/1.1" 200 27
61.165.42.208 - - [11/Apr/2021:08:41:39 +0800] "GET /xingrg/kc/buy/cgsh_order_operate.html?command=get_materiel&rest_code=00105&code=00101008229&supplier_code=00100203&order_time=2021-04-11 HTTP/1.1" 200 420
114.88.156.246 - - [11/Apr/2021:08:41:40 +0800] "GET /xingrg/all/function/internal_message.html?_=1618101722903&CODE_STATE=getMsg HTTP/1.1" 200 27
116.238.141.202 - - [11/Apr/2021:08:41:40 +0800] "GET /xingrg/all/function/internal_message.html?_=1618101976899&CODE_STATE=getMsg HTTP/1.1" 302 -
116.224.253.72 - - [11/Apr/2021:08:41:42 +0800] "GET /xingrg/all/function/internal_message.html?_=1618101698060&CODE_STATE=getMsg HTTP/1.1" 200 27
116.230.114.112 - - [11/Apr/2021:08:41:42 +0800] "POST /xingrg/kc/buy/cgsh_order_operate.html HTTP/1.1" 200 37
222.70.217.33 - - [11/Apr/2021:08:41:45 +0800] "POST /xingrg/kc/buy/cgsh_list_operate.html HTTP/1.1" 200 422
222.70.217.33 - - [11/Apr/2021:08:41:45 +0800] "GET /xingrg/kc/buy/cgsh_order_info.html?code=212021041104031 HTTP/1.1" 200 62125
222.70.217.33 - - [11/Apr/2021:08:41:45 +0800] "GET /xingrg/javascript/easyui/themes/default/validatebox.css HTTP/1.1" 404 1104
116.230.114.112 - - [11/Apr/2021:08:41:45 +0800] "POST /xingrg/kc/buy/cgsh_order_operate.html HTTP/1.1" 200 3248
222.70.217.33 - - [11/Apr/2021:08:41:46 +0800] "POST /xingrg/kc/buy/cgsh_order_operate.html HTTP/1.1" 200 4422
116.230.114.112 - - [11/Apr/2021:08:41:47 +0800] "GET /xingrg/kc/print/load_data.html?order_code=212021041104038&kc_code=cgsh&condition= HTTP/1.1" 200 895
222.70.217.33 - - [11/Apr/2021:08:41:47 +0800] "GET /xingrg/kc/print/load_data.html?order_code=212021041104031&kc_code=cgsh HTTP/1.1" 200 1413
61.165.42.208 - - [11/Apr/2021:08:42:07 +0800] "GET /xingrg/kc/buy/cgsh_order_operate.html?command=get_materiel&rest_code=00105&code=00101008256&supplier_code=00100203&order_time=2021-04-11 HTTP/1.1" 200 412
116.230.114.112 - - [11/Apr/2021:08:42:12 +0800] "GET /xingrg/all/function/internal_message.html?_=1618101759976&CODE_STATE=getMsg HTTP/1.1" 200 27
61.165.42.208 - - [11/Apr/2021:08:42:21 +0800] "GET /xingrg/kc/buy/cgsh_order_operate.html?command=get_materiel&rest_code=00105&code=00101008045&supplier_code=00100203&order_time=2021-04-11 HTTP/1.1" 200 412
58.40.7.146 - - [11/Apr/2021:08:42:24 +0800] "GET /xingrg/all/function/internal_message.html?_=1618101746270&CODE_STATE=getMsg HTTP/1.1" 302 -
114.88.171.235 - - [11/Apr/2021:08:42:26 +0800] "GET /xingrg/login.html HTTP/1.1" 200 7641
114.88.171.235 - - [11/Apr/2021:08:42:26 +0800] "GET /xingrg/images/blue/jxLogo.png HTTP/1.1" 304 -
114.88.171.235 - - [11/Apr/2021:08:42:26 +0800] "GET /xingrg/images/blue/login_bg.png HTTP/1.1" 304 -
114.88.171.235 - - [11/Apr/2021:08:42:26 +0800] "GET /xingrg/images/blue/srbg.png HTTP/1.1" 304 -
114.88.171.235 - - [11/Apr/2021:08:42:26 +0800] "GET /xingrg/images/blue/hj.png HTTP/1.1" 304 -
114.88.171.235 - - [11/Apr/2021:08:42:26 +0800] "GET /favicon.ico HTTP/1.1" 404 -
61.165.42.208 - - [11/Apr/2021:08:42:28 +0800] "GET /xingrg/all/function/internal_message.html?_=1618101750098&CODE_STATE=getMsg HTTP/1.1" 200 27
120.253.135.82 - - [11/Apr/2021:08:42:30 +0800] "GET /xingrg/check_reg.html?_=1618101529812 HTTP/1.1" 200 22
61.165.42.208 - - [11/Apr/2021:08:42:30 +0800] "GET /xingrg/kc/buy/cgsh_order_operate.html?command=get_materiel&rest_code=00105&code=00101008155&supplier_code=00100203&order_time=2021-04-11 HTTP/1.1" 200 408
120.253.135.82 - - [11/Apr/2021:08:42:30 +0800] "GET /xingrg/all/function/internal_message.html?_=1618101529941&CODE_STATE=getMsg HTTP/1.1" 200 27
114.88.171.235 - - [11/Apr/2021:08:42:34 +0800] "POST /xingrg/login.do HTTP/1.1" 302 -
114.88.171.235 - - [11/Apr/2021:08:42:35 +0800] "GET /xingrg/javascript/jquery_easy_ui/themes/default/easyui.css HTTP/1.1" 304 -
114.88.171.235 - - [11/Apr/2021:08:42:35 +0800] "GET /xingrg/javascript/jquery_easy_ui/themes/icon.css HTTP/1.1" 304 -
114.88.171.235 - - [11/Apr/2021:08:42:35 +0800] "GET /xingrg/index.html?sysBaseUrl=http%3A%2F%2F180.169.147.146%3A18081%2Fxingrg%2F&costTime=40×tamp=1618101754975 HTTP/1.1" 200 17173
114.88.171.235 - - [11/Apr/2021:08:42:35 +0800] "GET /xingrg/css/form.css HTTP/1.1" 304 -
114.88.171.235 - - [11/Apr/2021:08:42:35 +0800] "GET /xingrg/javascript/jquery-1.4.2.min.js HTTP/1.1" 304 -
114.88.171.235 - - [11/Apr/2021:08:42:35 +0800] "GET /xingrg/javascript/jquery_easy_ui/jquery.easyui.min.js HTTP/1.1" 304 -
114.88.171.235 - - [11/Apr/2021:08:42:35 +0800] "GET /xingrg/javascript/jquery_easy_ui/easyui-lang-zh_CN.js HTTP/1.1" 304 -
114.88.171.235 - - [11/Apr/2021:08:42:35 +0800] "GET /xingrg/javascript/jquery.form.js HTTP/1.1" 304 -
114.88.171.235 - - [11/Apr/2021:08:42:35 +0800] "GET /xingrg/javascript/jquery.timers.js HTTP/1.1" 304 -
114.88.171.235 - - [11/Apr/2021:08:42:35 +0800] "GET /xingrg/javascript/jquery.utils.js HTTP/1.1" 304 -
114.88.171.235 - - [11/Apr/2021:08:42:35 +0800] "GET /xingrg/images/blue/navBackgound.jpg HTTP/1.1" 304 -
114.88.171.235 - - [11/Apr/2021:08:42:35 +0800] "GET /favicon.ico HTTP/1.1" 404 -
114.88.171.235 - - [11/Apr/2021:08:42:35 +0800] "GET /xingrg/javascript/jquery_easy_ui/themes/icons/settle_new.png HTTP/1.1" 304 -
180.169.147.146 - - [11/Apr/2021:08:42:35 +0800] "GET /xingrg/all/function/internal_message.html?_=1618101763794&CODE_STATE=getMsg HTTP/1.1" 302 -
114.88.171.235 - - [11/Apr/2021:08:42:35 +0800] "POST /xingrg/all/common/load_tree.html?tree=area_rest_tree_json&manage=1 HTTP/1.1" 200 342
114.88.171.235 - - [11/Apr/2021:08:42:35 +0800] "GET /xingrg/images/blue/pingpu.png HTTP/1.1" 304 -
114.88.171.235 - - [11/Apr/2021:08:42:35 +0800] "GET /xingrg/javascript/jquery_easy_ui/themes/default/images/tabs_rightarrow.png HTTP/1.1" 304 -
114.88.171.235 - - [11/Apr/2021:08:42:35 +0800] "GET /xingrg/javascript/jquery_easy_ui/themes/default/images/panel_tool_collapse.gif HTTP/1.1" 304 -
114.88.171.235 - - [11/Apr/2021:08:42:35 +0800] "GET /xingrg/javascript/jquery_easy_ui/themes/default/images/tabs_leftarrow.png HTTP/1.1" 304 -
114.88.171.235 - - [11/Apr/2021:08:42:35 +0800] "GET /xingrg/all/function/internal_message.html?_=1618101754097&CODE_STATE=count HTTP/1.1" 200 11
114.88.171.235 - - [11/Apr/2021:08:42:35 +0800] "GET /xingrg/check_reg.html?_=1618101754098 HTTP/1.1" 200 22
114.88.171.235 - - [11/Apr/2021:08:42:35 +0800] "POST /xingrg/load_menu.html HTTP/1.1" 200 5138
114.88.171.235 - - [11/Apr/2021:08:42:35 +0800] "GET /xingrg/javascript/jquery_easy_ui/themes/default/images/tree_arrows.gif HTTP/1.1" 304 -
114.88.171.235 - - [11/Apr/2021:08:42:35 +0800] "GET /xingrg/javascript/jquery_easy_ui/themes/default/images/tree_folder_open.gif HTTP/1.1" 304 -
114.88.171.235 - - [11/Apr/2021:08:42:35 +0800] "GET /xingrg/javascript/jquery_easy_ui/themes/icons/search_new.png HTTP/1.1" 304 -
114.88.171.235 - - [11/Apr/2021:08:42:35 +0800] "GET /xingrg/javascript/jquery_easy_ui/themes/default/images/tree_folder.gif HTTP/1.1" 304 -
114.88.171.235 - - [11/Apr/2021:08:42:35 +0800] "GET /xingrg/javascript/jquery_easy_ui/themes/icons/storage_new.png HTTP/1.1" 304 -
114.88.171.235 - - [11/Apr/2021:08:42:35 +0800] "GET /xingrg/javascript/jquery_easy_ui/themes/icons/forms_new.png HTTP/1.1" 304 -
114.88.171.235 - - [11/Apr/2021:08:42:35 +0800] "GET /xingrg/javascript/jquery_easy_ui/themes/default/images/tree_file.gif HTTP/1.1" 304 -
222.70.217.33 - - [11/Apr/2021:08:42:36 +0800] "GET /xingrg/all/function/internal_message.html?_=1618101756654&CODE_STATE=getMsg HTTP/1.1" 200 27
116.224.253.72 - - [11/Apr/2021:08:42:38 +0800] "GET /xingrg/all/function/internal_message.html?_=1618101762197&CODE_STATE=getMsg HTTP/1.1" 200 27
116.224.253.72 - - [11/Apr/2021:08:42:38 +0800] "GET /xingrg/check_reg.html?_=1618101762206 HTTP/1.1" 200 22
114.88.156.246 - - [11/Apr/2021:08:42:40 +0800] "GET /xingrg/all/function/internal_message.html?_=1618101782904&CODE_STATE=getMsg HTTP/1.1" 200 27
114.88.156.246 - - [11/Apr/2021:08:42:40 +0800] "GET /xingrg/check_reg.html?_=1618101782905 HTTP/1.1" 200 22
114.88.171.235 - - [11/Apr/2021:08:42:40 +0800] "GET /xingrg/javascript/jquery_easy_ui/themes/default/images/tabs_close.gif HTTP/1.1" 304 -
114.88.171.235 - - [11/Apr/2021:08:42:40 +0800] "GET /xingrg/kc/buy/buy_main.html HTTP/1.1" 200 12412
114.88.171.235 - - [11/Apr/2021:08:42:40 +0800] "GET /xingrg/css/new_ie.css HTTP/1.1" 404 1036
114.88.171.235 - - [11/Apr/2021:08:42:40 +0800] "GET /xingrg/css/blue.css HTTP/1.1" 304 -
114.88.171.235 - - [11/Apr/2021:08:42:40 +0800] "GET /xingrg/javascript/myfunction.js HTTP/1.1" 304 -
114.88.171.235 - - [11/Apr/2021:08:42:40 +0800] "GET /xingrg/javascript/pic_change.js HTTP/1.1" 304 -
114.88.171.235 - - [11/Apr/2021:08:42:40 +0800] "GET /xingrg/javascript/jquery_ui/themes/humanity/humanity.css HTTP/1.1" 304 -
114.88.171.235 - - [11/Apr/2021:08:42:40 +0800] "GET /xingrg/javascript/ToolTips.js HTTP/1.1" 304 -
114.88.171.235 - - [11/Apr/2021:08:42:40 +0800] "GET /xingrg/javascript/jquery_ui/jquery-ui.min.js HTTP/1.1" 304 -
114.88.171.235 - - [11/Apr/2021:08:42:40 +0800] "GET /xingrg/images/blue/button/cgxqd.gif HTTP/1.1" 304 -
114.88.171.235 - - [11/Apr/2021:08:42:40 +0800] "GET /xingrg/images/blue/button/cgydd.gif HTTP/1.1" 304 -
114.88.171.235 - - [11/Apr/2021:08:42:40 +0800] "GET /xingrg/images/blue/button/kc.gif HTTP/1.1" 304 -
114.88.171.235 - - [11/Apr/2021:08:42:40 +0800] "GET /xingrg/images/blue/button/cgshd.gif HTTP/1.1" 304 -
114.88.171.235 - - [11/Apr/2021:08:42:40 +0800] "GET /xingrg/images/blue/button/cgfkd.gif HTTP/1.1" 304 -
114.88.171.235 - - [11/Apr/2021:08:42:40 +0800] "GET /xingrg/images/blue/button/ckthd.gif HTTP/1.1" 304 -
114.88.171.235 - - [11/Apr/2021:08:42:40 +0800] "GET /xingrg/images/blue/pic_form2.gif HTTP/1.1" 304 -
114.88.171.235 - - [11/Apr/2021:08:42:40 +0800] "GET /xingrg/javascript/jquery_ui/themes/humanity/images/ui-bg_inset-soft_100_f4f0ec_1x100.png HTTP/1.1" 304 -
114.88.171.235 - - [11/Apr/2021:08:42:40 +0800] "GET /xingrg/images/blue/bg_dotted.jpg HTTP/1.1" 304 -
114.88.171.235 - - [11/Apr/2021:08:42:40 +0800] "GET /xingrg/images/blue/button/right_ah.jpg HTTP/1.1" 304 -
114.88.171.235 - - [11/Apr/2021:08:42:40 +0800] "GET /xingrg/images/blue/button/down_ah.jpg HTTP/1.1" 304 -
114.88.171.235 - - [11/Apr/2021:08:42:40 +0800] "GET /xingrg/javascript/jquery_ui/themes/humanity/images/ui-iconsnew.jpg HTTP/1.1" 304 -
114.88.171.235 - - [11/Apr/2021:08:42:40 +0800] "GET /xingrg/javascript/jquery_ui/themes/humanity/images/ui-icons_ffffff_256x240.png HTTP/1.1" 304 -
114.88.171.235 - - [11/Apr/2021:08:42:40 +0800] "GET /xingrg/javascript/jquery_ui/themes/humanity/images/ui-icons_c47a23_256x240.png HTTP/1.1" 304 -
114.88.171.235 - - [11/Apr/2021:08:42:40 +0800] "GET /xingrg/javascript/jquery_ui/themes/humanity/images/ui-bg_glass_70_ede4d4_1x400.png HTTP/1.1" 304 -
114.88.171.235 - - [11/Apr/2021:08:42:40 +0800] "GET /xingrg/images/yd/bt.gif HTTP/1.1" 404 1040
116.238.141.202 - - [11/Apr/2021:08:42:40 +0800] "GET /xingrg/all/function/internal_message.html?_=1618102037419&CODE_STATE=getMsg HTTP/1.1" 302 -
114.88.171.235 - - [11/Apr/2021:08:42:41 +0800] "GET /xingrg/css/base.css HTTP/1.1" 304 -
114.88.171.235 - - [11/Apr/2021:08:42:41 +0800] "GET /xingrg/css/site.css HTTP/1.1" 304 -
114.88.171.235 - - [11/Apr/2021:08:42:41 +0800] "GET /xingrg/javascript/jquery_tools/datebox.css HTTP/1.1" 304 -
114.88.171.235 - - [11/Apr/2021:08:42:41 +0800] "GET /xingrg/javascript/easyui/themes/default/easyui.css HTTP/1.1" 304 -
114.88.171.235 - - [11/Apr/2021:08:42:41 +0800] "GET /xingrg/javascript/easyui/themes/icon.css HTTP/1.1" 304 -
114.88.171.235 - - [11/Apr/2021:08:42:41 +0800] "GET /xingrg/javascript/auto/jquery.autocomplete.css HTTP/1.1" 304 -
114.88.171.235 - - [11/Apr/2021:08:42:41 +0800] "GET /xingrg/kc/buy/cgsh_order_list.html HTTP/1.1" 200 46410
114.88.171.235 - - [11/Apr/2021:08:42:41 +0800] "GET /xingrg/javascript/jquery_tools/jquery.tools.extend.js HTTP/1.1" 304 -
114.88.171.235 - - [11/Apr/2021:08:42:41 +0800] "GET /xingrg/javascript/jquery_tools/jquery.tools.hotkey.js HTTP/1.1" 304 -
114.88.171.235 - - [11/Apr/2021:08:42:41 +0800] "GET /xingrg/javascript/jquery_tools/jquery.tools.table.js HTTP/1.1" 304 -
114.88.171.235 - - [11/Apr/2021:08:42:41 +0800] "GET /xingrg/javascript/jquery_tools/fix.css HTTP/1.1" 304 -
114.88.171.235 - - [11/Apr/2021:08:42:41 +0800] "GET /xingrg/javascript/auto/jquery.autocomplete.js HTTP/1.1" 304 -
114.88.171.235 - - [11/Apr/2021:08:42:41 +0800] "GET /xingrg/javascript/jquery_tools/list_manager.js HTTP/1.1" 304 -
114.88.171.235 - - [11/Apr/2021:08:42:41 +0800] "GET /xingrg/javascript/print/LodopFuncs.js HTTP/1.1" 304 -
114.88.171.235 - - [11/Apr/2021:08:42:41 +0800] "GET /xingrg/javascript/jquery_tools/table.css HTTP/1.1" 304 -
114.88.171.235 - - [11/Apr/2021:08:42:41 +0800] "GET /xingrg/javascript/jquery_tools/jquery.tools.min.js HTTP/1.1" 304 -
114.88.171.235 - - [11/Apr/2021:08:42:41 +0800] "GET /xingrg/javascript/jquery.cookie.js HTTP/1.1" 304 -
114.88.171.235 - - [11/Apr/2021:08:42:41 +0800] "GET /xingrg/javascript/easyui/easyloader.js HTTP/1.1" 304 -
114.88.171.235 - - [11/Apr/2021:08:42:41 +0800] "GET /xingrg/javascript/easyui/themes/icons/edit_add_new.png HTTP/1.1" 304 -
114.88.171.235 - - [11/Apr/2021:08:42:41 +0800] "GET /xingrg/javascript/easyui/themes/icons/cance_new.png HTTP/1.1" 304 -
114.88.171.235 - - [11/Apr/2021:08:42:41 +0800] "GET /xingrg/javascript/easyui/themes/icons/check_new.png HTTP/1.1" 304 -
114.88.171.235 - - [11/Apr/2021:08:42:41 +0800] "GET /xingrg/javascript/easyui/themes/icons/field_new.png HTTP/1.1" 304 -
114.88.171.235 - - [11/Apr/2021:08:42:41 +0800] "GET /xingrg/javascript/easyui/themes/icons/import_new.png HTTP/1.1" 304 -
114.88.171.235 - - [11/Apr/2021:08:42:41 +0800] "GET /xingrg/javascript/jquery_easy_ui/themes/icons/rest.png HTTP/1.1" 304 -
114.88.171.235 - - [11/Apr/2021:08:42:41 +0800] "GET /xingrg/javascript/jquery_easy_ui/themes/icons/area.png HTTP/1.1" 304 -
114.88.171.235 - - [11/Apr/2021:08:42:41 +0800] "GET /xingrg/javascript/easyui/plugins/jquery.parser.js HTTP/1.1" 304 -
114.88.171.235 - - [11/Apr/2021:08:42:41 +0800] "GET /xingrg/images/control/ajaxLoader.gif HTTP/1.1" 304 -
116.224.253.72 - - [11/Apr/2021:08:42:42 +0800] "GET /xingrg/all/function/internal_message.html?_=1618101758062&CODE_STATE=getMsg HTTP/1.1" 200 27
61.165.42.208 - - [11/Apr/2021:08:42:42 +0800] "GET /xingrg/kc/buy/cgsh_order_operate.html?command=get_materiel&rest_code=00105&code=00101008354&supplier_code=00100203&order_time=2021-04-11 HTTP/1.1" 200 412
114.88.171.235 - - [11/Apr/2021:08:42:42 +0800] "POST /xingrg/kc/buy/cgsh_list_operate.html HTTP/1.1" 200 876
114.88.171.235 - - [11/Apr/2021:08:42:43 +0800] "GET /xingrg/javascript/easyui/themes/default/images/button_plain_hover.png HTTP/1.1" 304 -
114.88.171.235 - - [11/Apr/2021:08:42:44 +0800] "GET /xingrg/javascript/jquery_tools/order_manager.js HTTP/1.1" 304 -
114.88.171.235 - - [11/Apr/2021:08:42:44 +0800] "GET /xingrg/javascript/convert.js HTTP/1.1" 304 -
114.88.171.235 - - [11/Apr/2021:08:42:44 +0800] "GET /xingrg/javascript/print/kc_print.js HTTP/1.1" 304 -
114.88.171.235 - - [11/Apr/2021:08:42:44 +0800] "GET /xingrg/javascript/json2.js HTTP/1.1" 304 -
114.88.171.235 - - [11/Apr/2021:08:42:44 +0800] "GET /xingrg/kc/buy/cgsh_order_add.html HTTP/1.1" 200 62148
114.88.171.235 - - [11/Apr/2021:08:42:44 +0800] "GET /xingrg/words/20210410112825_words.js HTTP/1.1" 304 -
114.88.171.235 - - [11/Apr/2021:08:42:44 +0800] "GET /xingrg/javascript/easyui/themes/icons/copy_new.png HTTP/1.1" 304 -
114.88.171.235 - - [11/Apr/2021:08:42:44 +0800] "GET /xingrg/javascript/easyui/themes/icons/template_new.png HTTP/1.1" 304 -
114.88.171.235 - - [11/Apr/2021:08:42:44 +0800] "GET /xingrg/javascript/easyui/themes/icons/ok.png HTTP/1.1" 304 -
114.88.171.235 - - [11/Apr/2021:08:42:44 +0800] "GET /xingrg/javascript/easyui/themes/icons/print.png HTTP/1.1" 304 -
114.88.171.235 - - [11/Apr/2021:08:42:44 +0800] "GET /xingrg/javascript/easyui/themes/default/images/menu_downarrow.png HTTP/1.1" 304 -
114.88.171.235 - - [11/Apr/2021:08:42:44 +0800] "GET /xingrg/javascript/easyui/themes/icons/cancel.png HTTP/1.1" 304 -
114.88.171.235 - - [11/Apr/2021:08:42:44 +0800] "POST /xingrg/kc/buy/cgsh_order_operate.html HTTP/1.1" 200 8245
114.88.171.235 - - [11/Apr/2021:08:42:44 +0800] "GET /xingrg/javascript/easyui/themes/icons/edit_remove.png HTTP/1.1" 304 -
114.88.171.235 - - [11/Apr/2021:08:42:44 +0800] "GET /xingrg/all/common/auto_word.html?type=employee&rest_code=00111 HTTP/1.1" 200 205
114.88.171.235 - - [11/Apr/2021:08:42:44 +0800] "GET /xingrg/all/common/auto_word.html?type=employee&rest_code=00111 HTTP/1.1" 200 205
114.88.171.235 - - [11/Apr/2021:08:42:44 +0800] "GET /xingrg/javascript/easyui/themes/default/validatebox.css HTTP/1.1" 404 1104
114.88.171.235 - - [11/Apr/2021:08:42:44 +0800] "GET /xingrg/javascript/easyui/plugins/jquery.validatebox.js HTTP/1.1" 304 -
114.88.171.235 - - [11/Apr/2021:08:42:45 +0800] "GET /xingrg/javascript/easyui/plugins/jquery.numberbox.js HTTP/1.1" 304 -
61.165.42.208 - - [11/Apr/2021:08:42:49 +0800] "GET /xingrg/kc/buy/cgsh_order_operate.html?command=get_materiel&rest_code=00105&code=00101008312&supplier_code=00100203&order_time=2021-04-11 HTTP/1.1" 200 412
114.88.171.235 - - [11/Apr/2021:08:42:50 +0800] "GET /xingrg/javascript/auto/indicator.gif HTTP/1.1" 404 1066
114.88.171.235 - - [11/Apr/2021:08:42:51 +0800] "GET /xingrg/javascript/jquery_tools/images/prev.gif HTTP/1.1" 404 1086
114.88.171.235 - - [11/Apr/2021:08:42:51 +0800] "GET /xingrg/javascript/jquery_tools/images/next.gif HTTP/1.1" 404 1086
117.184.7.26 - - [11/Apr/2021:08:42:54 +0800] "GET /xingrg/check_reg.html?_=1618101768563 HTTP/1.1" 200 22
61.165.42.208 - - [11/Apr/2021:08:43:01 +0800] "GET /xingrg/kc/buy/cgsh_order_operate.html?command=get_materiel&rest_code=00105&code=00101008163&supplier_code=00100203&order_time=2021-04-11 HTTP/1.1" 200 409
114.88.171.235 - - [11/Apr/2021:08:43:01 +0800] "GET /xingrg/kc/buy/cgsh_order_operate.html?command=get_materiel&rest_code=00111&code=00101008321&supplier_code=00100005&order_time=2021-04-11 HTTP/1.1" 200 412
61.165.42.208 - - [11/Apr/2021:08:43:09 +0800] "GET /xingrg/kc/buy/cgsh_order_operate.html?command=get_materiel&rest_code=00105&code=00101008084&supplier_code=00100203&order_time=2021-04-11 HTTP/1.1" 200 412
114.88.171.235 - - [11/Apr/2021:08:43:10 +0800] "GET /xingrg/kc/buy/cgsh_order_operate.html?command=get_materiel&rest_code=00111&code=00101008213&supplier_code=00100005&order_time=2021-04-11 HTTP/1.1" 200 412
116.230.114.112 - - [11/Apr/2021:08:43:12 +0800] "GET /xingrg/all/function/internal_message.html?_=1618101819992&CODE_STATE=getMsg HTTP/1.1" 200 27
61.165.42.208 - - [11/Apr/2021:08:43:17 +0800] "GET /xingrg/kc/buy/cgsh_order_operate.html?command=get_materiel&rest_code=00105&code=00101008211&supplier_code=00100203&order_time=2021-04-11 HTTP/1.1" 200 412
114.88.171.235 - - [11/Apr/2021:08:43:18 +0800] "GET /xingrg/kc/buy/cgsh_order_operate.html?command=get_materiel&rest_code=00111&code=00101008096&supplier_code=00100005&order_time=2021-04-11 HTTP/1.1" 200 412
58.40.7.146 - - [11/Apr/2021:08:43:24 +0800] "GET /xingrg/all/function/internal_message.html?_=1618101806271&CODE_STATE=getMsg HTTP/1.1" 302 -
58.40.7.146 - - [11/Apr/2021:08:43:24 +0800] "GET /xingrg/check_reg.html?_=1618101806272 HTTP/1.1" 302 -
61.165.42.208 - - [11/Apr/2021:08:43:26 +0800] "GET /xingrg/kc/buy/cgsh_order_operate.html?command=get_materiel&rest_code=00105&code=00101008361&supplier_code=00100203&order_time=2021-04-11 HTTP/1.1" 200 408
61.165.42.208 - - [11/Apr/2021:08:43:28 +0800] "GET /xingrg/check_reg.html?_=1618101810094 HTTP/1.1" 200 22
61.165.42.208 - - [11/Apr/2021:08:43:28 +0800] "GET /xingrg/all/function/internal_message.html?_=1618101810097&CODE_STATE=getMsg HTTP/1.1" 200 27
120.253.135.82 - - [11/Apr/2021:08:43:30 +0800] "GET /xingrg/all/function/internal_message.html?_=1618101589956&CODE_STATE=getMsg HTTP/1.1" 200 27
114.88.171.235 - - [11/Apr/2021:08:43:32 +0800] "GET /xingrg/kc/buy/cgsh_order_operate.html?command=get_materiel&rest_code=00111&code=00101008003&supplier_code=00100005&order_time=2021-04-11 HTTP/1.1" 200 408
61.165.42.208 - - [11/Apr/2021:08:43:34 +0800] "GET /xingrg/kc/buy/cgsh_order_operate.html?command=get_materiel&rest_code=00105&code=00101008355&supplier_code=00100203&order_time=2021-04-11 HTTP/1.1" 200 408
222.70.217.33 - - [11/Apr/2021:08:43:34 +0800] "GET /xingrg/kc/buy/cgsh_order_add.html HTTP/1.1" 200 62116
180.169.147.146 - - [11/Apr/2021:08:43:35 +0800] "GET /xingrg/all/function/internal_message.html?_=1618101823797&CODE_STATE=getMsg HTTP/1.1" 302 -
222.70.217.33 - - [11/Apr/2021:08:43:35 +0800] "POST /xingrg/kc/buy/cgsh_order_operate.html HTTP/1.1" 200 8245
114.88.171.235 - - [11/Apr/2021:08:43:35 +0800] "GET /xingrg/all/function/internal_message.html?_=1618101814103&CODE_STATE=getMsg HTTP/1.1" 200 27
222.70.217.33 - - [11/Apr/2021:08:43:35 +0800] "GET /xingrg/javascript/easyui/themes/default/validatebox.css HTTP/1.1" 404 1104
222.69.129.105 - - [11/Apr/2021:08:43:35 +0800] "GET /xingrg/login.html?sysBaseUrl=http%3A%2F%2F180.169.147.146%3A18081%2Fxingrg%2F&costTime=31×tamp=1615347190560 HTTP/1.1" 200 7641
222.69.129.105 - - [11/Apr/2021:08:43:36 +0800] "GET /favicon.ico HTTP/1.1" 404 -
222.70.217.33 - - [11/Apr/2021:08:43:36 +0800] "GET /xingrg/all/function/internal_message.html?_=1618101816641&CODE_STATE=getMsg HTTP/1.1" 200 27
222.69.129.105 - - [11/Apr/2021:08:43:37 +0800] "POST /xingrg/login.do HTTP/1.1" 302 -
222.69.129.105 - - [11/Apr/2021:08:43:37 +0800] "GET /xingrg/index.html?sysBaseUrl=http%3A%2F%2F180.169.147.146%3A18081%2Fxingrg%2F&costTime=52×tamp=1618101817488 HTTP/1.1" 200 17179
222.69.129.105 - - [11/Apr/2021:08:43:37 +0800] "GET /favicon.ico HTTP/1.1" 404 -
222.69.129.105 - - [11/Apr/2021:08:43:37 +0800] "POST /xingrg/all/common/load_tree.html?tree=area_rest_tree_json&manage=1 HTTP/1.1" 200 351
222.69.129.105 - - [11/Apr/2021:08:43:37 +0800] "GET /xingrg/all/function/internal_message.html?_=1618101819237&CODE_STATE=count HTTP/1.1" 200 11
222.69.129.105 - - [11/Apr/2021:08:43:37 +0800] "GET /xingrg/check_reg.html?_=1618101819238 HTTP/1.1" 200 22
222.69.129.105 - - [11/Apr/2021:08:43:37 +0800] "POST /xingrg/load_menu.html HTTP/1.1" 200 5138
116.224.253.72 - - [11/Apr/2021:08:43:38 +0800] "GET /xingrg/all/function/internal_message.html?_=1618101822223&CODE_STATE=getMsg HTTP/1.1" 200 27
101.227.139.161 - - [11/Apr/2021:08:43:39 +0800] "GET /xingrg/check_reg.html?_=1618101782905 HTTP/1.1" 302 -
114.88.156.246 - - [11/Apr/2021:08:43:40 +0800] "GET /xingrg/all/function/internal_message.html?_=1618101842903&CODE_STATE=getMsg HTTP/1.1" 200 27
101.227.139.161 - - [11/Apr/2021:08:43:40 +0800] "GET /xingrg/login.html HTTP/1.1" 200 7641
222.69.129.105 - - [11/Apr/2021:08:43:40 +0800] "GET /xingrg/kc/buy/cgsh_order_list.html HTTP/1.1" 200 46416
116.238.141.202 - - [11/Apr/2021:08:43:40 +0800] "GET /xingrg/all/function/internal_message.html?_=1618102097425&CODE_STATE=getMsg HTTP/1.1" 302 -
222.69.129.105 - - [11/Apr/2021:08:43:41 +0800] "POST /xingrg/kc/buy/cgsh_list_operate.html HTTP/1.1" 200 876
116.224.253.72 - - [11/Apr/2021:08:43:42 +0800] "GET /xingrg/all/function/internal_message.html?_=1618101818087&CODE_STATE=getMsg HTTP/1.1" 200 27
61.165.42.208 - - [11/Apr/2021:08:43:42 +0800] "GET /xingrg/kc/buy/cgsh_order_operate.html?command=get_materiel&rest_code=00105&code=00101008356&supplier_code=00100203&order_time=2021-04-11 HTTP/1.1" 200 408
222.70.217.33 - - [11/Apr/2021:08:43:43 +0800] "GET /xingrg/kc/buy/cgsh_order_operate.html?command=get_materiel&rest_code=00155&code=00101029010&supplier_code=00100017&order_time=2021-04-11 HTTP/1.1" 200 439
222.69.129.105 - - [11/Apr/2021:08:43:45 +0800] "GET /xingrg/kc/buy/cgsh_order_add.html HTTP/1.1" 200 62201
222.69.129.105 - - [11/Apr/2021:08:43:45 +0800] "GET /xingrg/words/20210410112825_words.js HTTP/1.1" 304 -
222.69.129.105 - - [11/Apr/2021:08:43:46 +0800] "POST /xingrg/kc/buy/cgsh_order_operate.html HTTP/1.1" 200 8245
222.69.129.105 - - [11/Apr/2021:08:43:46 +0800] "GET /xingrg/all/common/auto_word.html?type=employee&rest_code=00149 HTTP/1.1" 200 197
222.69.129.105 - - [11/Apr/2021:08:43:46 +0800] "GET /xingrg/javascript/easyui/themes/default/validatebox.css HTTP/1.1" 404 1104
222.69.129.105 - - [11/Apr/2021:08:43:46 +0800] "GET /xingrg/all/common/auto_word.html?type=employee&rest_code=00149 HTTP/1.1" 200 197
222.69.129.105 - - [11/Apr/2021:08:43:48 +0800] "GET /xingrg/javascript/auto/indicator.gif HTTP/1.1" 404 1066
61.165.42.208 - - [11/Apr/2021:08:43:48 +0800] "POST /xingrg/kc/buy/cgsh_order_operate.html HTTP/1.1" 200 2065
222.69.129.105 - - [11/Apr/2021:08:43:49 +0800] "GET /xingrg/javascript/jquery_tools/images/prev.gif HTTP/1.1" 404 1086
222.69.129.105 - - [11/Apr/2021:08:43:49 +0800] "GET /xingrg/javascript/jquery_tools/images/next.gif HTTP/1.1" 404 1086
61.165.42.208 - - [11/Apr/2021:08:43:52 +0800] "POST /xingrg/kc/buy/cgsh_order_operate.html HTTP/1.1" 200 2065
114.88.171.235 - - [11/Apr/2021:08:43:54 +0800] "GET /xingrg/kc/buy/cgsh_order_operate.html?command=get_materiel&rest_code=00111&code=00101008355&supplier_code=00100005&order_time=2021-04-11 HTTP/1.1" 200 408
222.69.129.105 - - [11/Apr/2021:08:43:54 +0800] "GET /xingrg/kc/buy/cgsh_order_operate.html?command=get_materiel&rest_code=00149&code=00101007081&supplier_code=00100205&order_time=2021-04-11 HTTP/1.1" 200 413
61.165.42.208 - - [11/Apr/2021:08:43:58 +0800] "GET /xingrg/kc/buy/cgsh_order_operate.html?command=get_materiel&rest_code=00105&code=00101008137&supplier_code=00100203&order_time=2021-04-11 HTTP/1.1" 200 408
222.69.129.105 - - [11/Apr/2021:08:44:04 +0800] "GET /xingrg/kc/buy/cgsh_order_operate.html?command=get_materiel&rest_code=00149&code=00101007141&supplier_code=00100205&order_time=2021-04-11 HTTP/1.1" 200 393
61.165.42.208 - - [11/Apr/2021:08:44:06 +0800] "GET /xingrg/kc/buy/cgsh_order_operate.html?command=get_materiel&rest_code=00105&code=00101008197&supplier_code=00100203&order_time=2021-04-11 HTTP/1.1" 200 416
114.88.171.235 - - [11/Apr/2021:08:44:07 +0800] "GET /xingrg/kc/buy/cgsh_order_operate.html?command=get_materiel&rest_code=00111&code=00101008067&supplier_code=00100005&order_time=2021-04-11 HTTP/1.1" 200 416
116.230.114.112 - - [11/Apr/2021:08:44:12 +0800] "GET /xingrg/all/function/internal_message.html?_=1618101880180&CODE_STATE=getMsg HTTP/1.1" 200 27
61.165.42.208 - - [11/Apr/2021:08:44:13 +0800] "GET /xingrg/kc/buy/cgsh_order_operate.html?command=get_materiel&rest_code=00105&code=00101008039&supplier_code=00100203&order_time=2021-04-11 HTTP/1.1" 200 412
222.69.129.105 - - [11/Apr/2021:08:44:18 +0800] "GET /xingrg/kc/buy/cgsh_order_operate.html?command=get_materiel&rest_code=00149&code=00101007061&supplier_code=00100205&order_time=2021-04-11 HTTP/1.1" 200 411
61.165.42.208 - - [11/Apr/2021:08:44:20 +0800] "GET /xingrg/kc/buy/cgsh_order_operate.html?command=get_materiel&rest_code=00105&code=00101008357&supplier_code=00100203&order_time=2021-04-11 HTTP/1.1" 200 408
