114.88.156.246 - - [11/Apr/2021:06:31:40 +0800] "GET /xingrg/all/function/internal_message.html?_=1618093922666&CODE_STATE=getMsg HTTP/1.1" 200 27
116.230.114.112 - - [11/Apr/2021:06:32:05 +0800] "GET /xingrg/images/yd/bt.gif HTTP/1.1" 404 1040
116.230.114.112 - - [11/Apr/2021:06:32:05 +0800] "GET /xingrg/all/function/internal_message.html?_=1618093952830&CODE_STATE=getMsg HTTP/1.1" 200 27
120.253.135.82 - - [11/Apr/2021:06:32:07 +0800] "POST /xingrg/kc/pszx/mdps_list_operate.html HTTP/1.1" 200 2772
120.253.135.82 - - [11/Apr/2021:06:32:17 +0800] "GET /xingrg/all/function/internal_message.html?_=1618093716726&CODE_STATE=getMsg HTTP/1.1" 200 27
58.40.7.146 - - [11/Apr/2021:06:32:24 +0800] "GET /xingrg/all/function/internal_message.html?_=1618093946264&CODE_STATE=getMsg HTTP/1.1" 302 -
120.253.135.82 - - [11/Apr/2021:06:32:26 +0800] "POST /xingrg/kc/pszx/mdps_list_operate.html HTTP/1.1" 200 226
120.253.135.82 - - [11/Apr/2021:06:32:28 +0800] "POST /xingrg/kc/pszx/mdps_list_operate.html HTTP/1.1" 200 669
120.253.135.82 - - [11/Apr/2021:06:32:32 +0800] "POST /xingrg/kc/pszx/mdps_list_operate.html HTTP/1.1" 200 598
120.253.135.82 - - [11/Apr/2021:06:32:33 +0800] "GET /xingrg/kc/pszx/mdps_order_info.html?code=312021041100271 HTTP/1.1" 200 23925
120.253.135.82 - - [11/Apr/2021:06:32:34 +0800] "GET /xingrg/javascript/easyui/themes/default/validatebox.css HTTP/1.1" 404 1104
120.253.135.82 - - [11/Apr/2021:06:32:34 +0800] "POST /xingrg/kc/pszx/mdps_order_operate.html HTTP/1.1" 200 7177
180.169.147.146 - - [11/Apr/2021:06:32:34 +0800] "GET /xingrg/all/function/internal_message.html?_=1618093963609&CODE_STATE=getMsg HTTP/1.1" 302 -
120.253.135.82 - - [11/Apr/2021:06:32:36 +0800] "POST /xingrg/all/common/load_combo.html?type=base HTTP/1.1" 200 1075
116.224.253.72 - - [11/Apr/2021:06:32:37 +0800] "GET /xingrg/check_reg.html?_=1618093961427 HTTP/1.1" 200 22
116.224.253.72 - - [11/Apr/2021:06:32:37 +0800] "GET /xingrg/all/function/internal_message.html?_=1618093961429&CODE_STATE=getMsg HTTP/1.1" 200 27
116.224.253.72 - - [11/Apr/2021:06:32:40 +0800] "GET /xingrg/all/function/internal_message.html?_=1618093956234&CODE_STATE=getMsg HTTP/1.1" 200 27
114.88.156.246 - - [11/Apr/2021:06:32:40 +0800] "GET /xingrg/all/function/internal_message.html?_=1618093982665&CODE_STATE=getMsg HTTP/1.1" 200 27
114.88.156.246 - - [11/Apr/2021:06:32:40 +0800] "GET /xingrg/check_reg.html?_=1618093982693 HTTP/1.1" 200 22
120.253.135.82 - - [11/Apr/2021:06:32:40 +0800] "POST /xingrg/kc/pszx/mdps_order_operate.html HTTP/1.1" 200 37
120.253.135.82 - - [11/Apr/2021:06:32:41 +0800] "GET /xingrg/kc/pszx/mdps_order_info.html?code=312021041100271 HTTP/1.1" 200 23925
120.253.135.82 - - [11/Apr/2021:06:32:41 +0800] "POST /xingrg/kc/pszx/mdps_order_operate.html HTTP/1.1" 200 7273
120.253.135.82 - - [11/Apr/2021:06:32:41 +0800] "GET /xingrg/javascript/easyui/themes/default/validatebox.css HTTP/1.1" 404 1104
116.230.114.112 - - [11/Apr/2021:06:32:50 +0800] "GET /xingrg/kc/base/wldb_order_list.html HTTP/1.1" 200 19389
116.230.114.112 - - [11/Apr/2021:06:32:50 +0800] "GET /xingrg/javascript/jquery_tools/datebox.css HTTP/1.1" 304 -
116.230.114.112 - - [11/Apr/2021:06:32:50 +0800] "GET /xingrg/javascript/jquery_tools/jquery.tools.extend.js HTTP/1.1" 304 -
116.230.114.112 - - [11/Apr/2021:06:32:50 +0800] "GET /xingrg/javascript/jquery_tools/jquery.tools.min.js HTTP/1.1" 304 -
116.230.114.112 - - [11/Apr/2021:06:32:50 +0800] "GET /xingrg/javascript/easyui/themes/default/easyui.css HTTP/1.1" 304 -
116.230.114.112 - - [11/Apr/2021:06:32:50 +0800] "GET /xingrg/css/site.css HTTP/1.1" 304 -
116.230.114.112 - - [11/Apr/2021:06:32:50 +0800] "GET /xingrg/javascript/jquery_tools/fix.css HTTP/1.1" 304 -
116.230.114.112 - - [11/Apr/2021:06:32:50 +0800] "GET /xingrg/css/base.css HTTP/1.1" 304 -
116.230.114.112 - - [11/Apr/2021:06:32:50 +0800] "GET /xingrg/javascript/easyui/themes/icon.css HTTP/1.1" 304 -
116.230.114.112 - - [11/Apr/2021:06:32:50 +0800] "GET /xingrg/javascript/auto/jquery.autocomplete.css HTTP/1.1" 304 -
116.230.114.112 - - [11/Apr/2021:06:32:50 +0800] "GET /xingrg/javascript/jquery_tools/table.css HTTP/1.1" 304 -
116.230.114.112 - - [11/Apr/2021:06:32:50 +0800] "GET /xingrg/javascript/jquery_tools/jquery.tools.hotkey.js HTTP/1.1" 304 -
116.230.114.112 - - [11/Apr/2021:06:32:50 +0800] "GET /xingrg/javascript/auto/jquery.autocomplete.js HTTP/1.1" 304 -
116.230.114.112 - - [11/Apr/2021:06:32:50 +0800] "GET /xingrg/javascript/easyui/easyloader.js HTTP/1.1" 304 -
116.230.114.112 - - [11/Apr/2021:06:32:50 +0800] "GET /xingrg/javascript/jquery_tools/list_manager.js HTTP/1.1" 304 -
116.230.114.112 - - [11/Apr/2021:06:32:50 +0800] "GET /xingrg/javascript/jquery_tools/jquery.tools.table.js HTTP/1.1" 304 -
116.230.114.112 - - [11/Apr/2021:06:32:50 +0800] "GET /xingrg/javascript/jquery.cookie.js HTTP/1.1" 304 -
116.230.114.112 - - [11/Apr/2021:06:32:50 +0800] "GET /xingrg/javascript/print/LodopFuncs.js HTTP/1.1" 304 -
116.230.114.112 - - [11/Apr/2021:06:32:50 +0800] "GET /xingrg/javascript/jquery.utils.js HTTP/1.1" 304 -
116.230.114.112 - - [11/Apr/2021:06:32:50 +0800] "GET /xingrg/javascript/easyui/plugins/jquery.parser.js HTTP/1.1" 304 -
116.230.114.112 - - [11/Apr/2021:06:32:51 +0800] "POST /xingrg/kc/base/wldb_list_operate.html HTTP/1.1" 200 928
116.230.114.112 - - [11/Apr/2021:06:32:53 +0800] "GET /xingrg/kc/buy/cgsh_order_list.html HTTP/1.1" 200 46416
116.230.114.112 - - [11/Apr/2021:06:32:55 +0800] "POST /xingrg/kc/buy/cgsh_list_operate.html HTTP/1.1" 200 5294
116.230.114.112 - - [11/Apr/2021:06:33:05 +0800] "GET /xingrg/all/function/internal_message.html?_=1618094012843&CODE_STATE=getMsg HTTP/1.1" 200 27
120.253.135.82 - - [11/Apr/2021:06:33:15 +0800] "POST /xingrg/kc/pszx/mdps_order_operate.html HTTP/1.1" 200 37
120.253.135.82 - - [11/Apr/2021:06:33:16 +0800] "GET /xingrg/kc/pszx/mdps_order_info.html?code=312021041100271 HTTP/1.1" 200 23925
120.253.135.82 - - [11/Apr/2021:06:33:17 +0800] "GET /xingrg/check_reg.html?_=1618093776715 HTTP/1.1" 200 22
120.253.135.82 - - [11/Apr/2021:06:33:17 +0800] "GET /xingrg/javascript/easyui/themes/default/validatebox.css HTTP/1.1" 404 1104
120.253.135.82 - - [11/Apr/2021:06:33:17 +0800] "POST /xingrg/kc/pszx/mdps_order_operate.html HTTP/1.1" 200 7274
120.253.135.82 - - [11/Apr/2021:06:33:17 +0800] "GET /xingrg/all/function/internal_message.html?_=1618093776876&CODE_STATE=getMsg HTTP/1.1" 200 27
116.230.114.112 - - [11/Apr/2021:06:33:18 +0800] "POST /xingrg/kc/buy/cgsh_list_operate.html HTTP/1.1" 200 4
120.253.135.82 - - [11/Apr/2021:06:33:18 +0800] "POST /xingrg/kc/pszx/mdps_list_operate.html HTTP/1.1" 200 2772
120.253.135.82 - - [11/Apr/2021:06:33:20 +0800] "GET /xingrg/kc/buy/buy_main.html HTTP/1.1" 200 12341
120.253.135.82 - - [11/Apr/2021:06:33:20 +0800] "GET /xingrg/css/new_ie.css HTTP/1.1" 404 1036
120.253.135.82 - - [11/Apr/2021:06:33:20 +0800] "GET /xingrg/javascript/jquery_ui/themes/humanity/humanity.css HTTP/1.1" 304 -
120.253.135.82 - - [11/Apr/2021:06:33:20 +0800] "GET /xingrg/javascript/jquery_ui/jquery-ui.min.js HTTP/1.1" 304 -
120.253.135.82 - - [11/Apr/2021:06:33:21 +0800] "GET /xingrg/images/blue/button/cgxqd.gif HTTP/1.1" 304 -
120.253.135.82 - - [11/Apr/2021:06:33:21 +0800] "GET /xingrg/images/blue/button/cgydd.gif HTTP/1.1" 304 -
120.253.135.82 - - [11/Apr/2021:06:33:21 +0800] "GET /xingrg/images/blue/button/cgfkd.gif HTTP/1.1" 304 -
120.253.135.82 - - [11/Apr/2021:06:33:21 +0800] "GET /xingrg/images/blue/button/kc.gif HTTP/1.1" 304 -
120.253.135.82 - - [11/Apr/2021:06:33:21 +0800] "GET /xingrg/images/blue/button/down_ah.jpg HTTP/1.1" 304 -
120.253.135.82 - - [11/Apr/2021:06:33:21 +0800] "GET /xingrg/images/blue/button/ckthd.gif HTTP/1.1" 304 -
120.253.135.82 - - [11/Apr/2021:06:33:21 +0800] "GET /xingrg/images/blue/button/cgshd.gif HTTP/1.1" 304 -
120.253.135.82 - - [11/Apr/2021:06:33:21 +0800] "GET /xingrg/images/blue/pic_form2.gif HTTP/1.1" 304 -
120.253.135.82 - - [11/Apr/2021:06:33:21 +0800] "GET /xingrg/images/blue/bg_dotted.jpg HTTP/1.1" 304 -
120.253.135.82 - - [11/Apr/2021:06:33:21 +0800] "GET /xingrg/javascript/jquery_ui/themes/humanity/images/ui-bg_inset-soft_100_f4f0ec_1x100.png HTTP/1.1" 304 -
120.253.135.82 - - [11/Apr/2021:06:33:21 +0800] "GET /xingrg/images/blue/button/right_ah.jpg HTTP/1.1" 304 -
120.253.135.82 - - [11/Apr/2021:06:33:21 +0800] "GET /xingrg/javascript/jquery_ui/themes/humanity/images/ui-iconsnew.jpg HTTP/1.1" 304 -
120.253.135.82 - - [11/Apr/2021:06:33:21 +0800] "GET /xingrg/javascript/jquery_ui/themes/humanity/images/ui-icons_ffffff_256x240.png HTTP/1.1" 304 -
120.253.135.82 - - [11/Apr/2021:06:33:21 +0800] "GET /xingrg/javascript/jquery_ui/themes/humanity/images/ui-icons_c47a23_256x240.png HTTP/1.1" 304 -
120.253.135.82 - - [11/Apr/2021:06:33:21 +0800] "GET /xingrg/javascript/jquery_ui/themes/humanity/images/ui-bg_glass_70_ede4d4_1x400.png HTTP/1.1" 304 -
116.230.114.112 - - [11/Apr/2021:06:33:21 +0800] "POST /xingrg/kc/buy/cgsh_list_operate.html HTTP/1.1" 200 5199
120.253.135.82 - - [11/Apr/2021:06:33:22 +0800] "GET /xingrg/images/yd/bt.gif HTTP/1.1" 404 1040
120.253.135.82 - - [11/Apr/2021:06:33:22 +0800] "GET /xingrg/kc/buy/cgsh_order_list.html HTTP/1.1" 200 46410
120.253.135.82 - - [11/Apr/2021:06:33:23 +0800] "POST /xingrg/kc/buy/cgsh_list_operate.html HTTP/1.1" 200 876
58.40.7.146 - - [11/Apr/2021:06:33:24 +0800] "GET /xingrg/all/function/internal_message.html?_=1618094006265&CODE_STATE=getMsg HTTP/1.1" 302 -
58.40.7.146 - - [11/Apr/2021:06:33:24 +0800] "GET /xingrg/check_reg.html?_=1618094006265 HTTP/1.1" 302 -
120.253.135.82 - - [11/Apr/2021:06:33:24 +0800] "GET /xingrg/kc/buy/cgsh_order_add.html HTTP/1.1" 200 61208
120.253.135.82 - - [11/Apr/2021:06:33:24 +0800] "GET /xingrg/javascript/easyui/themes/icons/template_new.png HTTP/1.1" 304 -
120.253.135.82 - - [11/Apr/2021:06:33:25 +0800] "GET /xingrg/all/common/auto_word.html?type=employee&rest_code=00101 HTTP/1.1" 200 1169
120.253.135.82 - - [11/Apr/2021:06:33:25 +0800] "GET /xingrg/all/common/auto_word.html?type=employee&rest_code=00101 HTTP/1.1" 200 1169
120.253.135.82 - - [11/Apr/2021:06:33:25 +0800] "GET /xingrg/javascript/easyui/themes/default/validatebox.css HTTP/1.1" 404 1104
120.253.135.82 - - [11/Apr/2021:06:33:25 +0800] "POST /xingrg/kc/buy/cgsh_order_operate.html HTTP/1.1" 200 8245
120.253.135.82 - - [11/Apr/2021:06:33:31 +0800] "GET /xingrg/kc/buy/cgsh_order_operate.html?command=get_materiel&rest_code=00101&code=00102002511&supplier_code=&order_time=2021-04-11 HTTP/1.1" 200 432
180.169.147.146 - - [11/Apr/2021:06:33:34 +0800] "GET /xingrg/all/function/internal_message.html?_=1618094023608&CODE_STATE=getMsg HTTP/1.1" 302 -
120.253.135.82 - - [11/Apr/2021:06:33:37 +0800] "GET /xingrg/kc/pszx/mdps_order_list.html?orderType=0 HTTP/1.1" 200 21197
116.224.253.72 - - [11/Apr/2021:06:33:37 +0800] "GET /xingrg/all/function/internal_message.html?_=1618094021434&CODE_STATE=getMsg HTTP/1.1" 200 27
120.253.135.82 - - [11/Apr/2021:06:33:37 +0800] "POST /xingrg/kc/pszx/mdps_list_operate.html HTTP/1.1" 200 5443
101.91.62.89 - - [11/Apr/2021:06:33:39 +0800] "GET /xingrg/all/function/internal_message.html?_=1618093982665&CODE_STATE=getMsg HTTP/1.1" 302 -
101.91.62.89 - - [11/Apr/2021:06:33:39 +0800] "GET /xingrg/login.html HTTP/1.1" 200 7641
114.88.156.246 - - [11/Apr/2021:06:33:40 +0800] "GET /xingrg/all/function/internal_message.html?_=1618094042691&CODE_STATE=getMsg HTTP/1.1" 200 27
116.224.253.72 - - [11/Apr/2021:06:33:40 +0800] "GET /xingrg/all/function/internal_message.html?_=1618094016256&CODE_STATE=getMsg HTTP/1.1" 200 27
120.253.135.82 - - [11/Apr/2021:06:33:43 +0800] "POST /xingrg/kc/pszx/mdps_list_operate.html HTTP/1.1" 200 2772
116.230.114.112 - - [11/Apr/2021:06:33:43 +0800] "POST /xingrg/kc/buy/cgsh_list_operate.html HTTP/1.1" 200 4
120.253.135.82 - - [11/Apr/2021:06:33:44 +0800] "POST /xingrg/kc/pszx/mdps_list_operate.html HTTP/1.1" 200 598
120.253.135.82 - - [11/Apr/2021:06:33:45 +0800] "GET /xingrg/kc/pszx/mdps_order_info.html?code=312021041100271 HTTP/1.1" 200 23925
120.253.135.82 - - [11/Apr/2021:06:33:46 +0800] "POST /xingrg/kc/pszx/mdps_order_operate.html HTTP/1.1" 200 7274
120.253.135.82 - - [11/Apr/2021:06:33:46 +0800] "GET /xingrg/javascript/easyui/themes/default/validatebox.css HTTP/1.1" 404 1104
116.230.114.112 - - [11/Apr/2021:06:33:50 +0800] "POST /xingrg/kc/buy/cgsh_list_operate.html HTTP/1.1" 200 5142
116.230.114.112 - - [11/Apr/2021:06:34:05 +0800] "GET /xingrg/all/function/internal_message.html?_=1618094072968&CODE_STATE=getMsg HTTP/1.1" 200 27
120.253.135.82 - - [11/Apr/2021:06:34:08 +0800] "POST /xingrg/kc/pszx/mdps_order_operate.html HTTP/1.1" 200 37
120.253.135.82 - - [11/Apr/2021:06:34:09 +0800] "GET /xingrg/kc/pszx/mdps_order_info.html?code=312021041100271 HTTP/1.1" 200 23925
120.253.135.82 - - [11/Apr/2021:06:34:10 +0800] "GET /xingrg/javascript/easyui/themes/default/validatebox.css HTTP/1.1" 404 1104
120.253.135.82 - - [11/Apr/2021:06:34:10 +0800] "POST /xingrg/kc/pszx/mdps_order_operate.html HTTP/1.1" 200 7274
116.230.114.112 - - [11/Apr/2021:06:34:13 +0800] "POST /xingrg/kc/buy/cgsh_list_operate.html HTTP/1.1" 200 4
120.253.135.82 - - [11/Apr/2021:06:34:15 +0800] "GET /xingrg/kc/pszx/mdps_order_info.html?code=312021041100271 HTTP/1.1" 200 23925
120.253.135.82 - - [11/Apr/2021:06:34:15 +0800] "GET /xingrg/javascript/easyui/themes/default/validatebox.css HTTP/1.1" 404 1104
120.253.135.82 - - [11/Apr/2021:06:34:15 +0800] "POST /xingrg/kc/pszx/mdps_order_operate.html HTTP/1.1" 200 7274
120.253.135.82 - - [11/Apr/2021:06:34:17 +0800] "GET /xingrg/all/function/internal_message.html?_=1618093836877&CODE_STATE=getMsg HTTP/1.1" 200 27
116.230.114.112 - - [11/Apr/2021:06:34:17 +0800] "POST /xingrg/kc/buy/cgsh_list_operate.html HTTP/1.1" 200 1696
120.253.135.82 - - [11/Apr/2021:06:34:17 +0800] "POST /xingrg/kc/pszx/mdps_list_operate.html HTTP/1.1" 200 2772
120.253.135.82 - - [11/Apr/2021:06:34:20 +0800] "POST /xingrg/kc/pszx/mdps_list_operate.html HTTP/1.1" 200 594
120.253.135.82 - - [11/Apr/2021:06:34:20 +0800] "GET /xingrg/kc/pszx/mdps_order_info.html?code=312021041100272 HTTP/1.1" 200 23925
120.253.135.82 - - [11/Apr/2021:06:34:21 +0800] "GET /xingrg/javascript/easyui/themes/default/validatebox.css HTTP/1.1" 404 1104
120.253.135.82 - - [11/Apr/2021:06:34:21 +0800] "POST /xingrg/kc/pszx/mdps_order_operate.html HTTP/1.1" 200 8143
58.40.7.146 - - [11/Apr/2021:06:34:24 +0800] "GET /xingrg/all/function/internal_message.html?_=1618094066267&CODE_STATE=getMsg HTTP/1.1" 302 -
120.253.135.82 - - [11/Apr/2021:06:34:24 +0800] "POST /xingrg/kc/pszx/mdps_order_operate.html HTTP/1.1" 200 37
120.253.135.82 - - [11/Apr/2021:06:34:25 +0800] "GET /xingrg/kc/pszx/mdps_order_info.html?code=312021041100272 HTTP/1.1" 200 23925
120.253.135.82 - - [11/Apr/2021:06:34:26 +0800] "GET /xingrg/javascript/easyui/themes/default/validatebox.css HTTP/1.1" 404 1104
116.230.114.112 - - [11/Apr/2021:06:34:26 +0800] "POST /xingrg/kc/buy/cgsh_list_operate.html HTTP/1.1" 200 4
120.253.135.82 - - [11/Apr/2021:06:34:26 +0800] "POST /xingrg/kc/pszx/mdps_order_operate.html HTTP/1.1" 200 8262
116.230.114.112 - - [11/Apr/2021:06:34:28 +0800] "POST /xingrg/kc/buy/cgsh_list_operate.html HTTP/1.1" 200 876
116.224.253.72 - - [11/Apr/2021:06:34:30 +0800] "GET /xingrg/check_reg.html?_=1618094067172 HTTP/1.1" 200 22
180.169.147.146 - - [11/Apr/2021:06:34:34 +0800] "GET /xingrg/all/function/internal_message.html?_=1618094083609&CODE_STATE=getMsg HTTP/1.1" 302 -
116.224.253.72 - - [11/Apr/2021:06:34:37 +0800] "GET /xingrg/all/function/internal_message.html?_=1618094081454&CODE_STATE=getMsg HTTP/1.1" 200 27
114.88.156.246 - - [11/Apr/2021:06:34:40 +0800] "GET /xingrg/all/function/internal_message.html?_=1618094102690&CODE_STATE=getMsg HTTP/1.1" 200 27
116.224.253.72 - - [11/Apr/2021:06:34:40 +0800] "GET /xingrg/all/function/internal_message.html?_=1618094076262&CODE_STATE=getMsg HTTP/1.1" 200 27
116.230.114.112 - - [11/Apr/2021:06:35:05 +0800] "GET /xingrg/all/function/internal_message.html?_=1618094132981&CODE_STATE=getMsg HTTP/1.1" 200 27
120.253.135.82 - - [11/Apr/2021:06:35:12 +0800] "GET /xingrg/kc/pszx/mdps_order_operate.html?command=get_materiel&pszx_code=00101&rest_code=00102&base_code=0010246&code=00101022090 HTTP/1.1" 200 416
120.253.135.82 - - [11/Apr/2021:06:35:17 +0800] "GET /xingrg/all/function/internal_message.html?_=1618093896891&CODE_STATE=getMsg HTTP/1.1" 200 27
58.40.7.146 - - [11/Apr/2021:06:35:24 +0800] "GET /xingrg/all/function/internal_message.html?_=1618094126271&CODE_STATE=getMsg HTTP/1.1" 302 -
120.253.135.82 - - [11/Apr/2021:06:35:25 +0800] "POST /xingrg/kc/pszx/mdps_order_operate.html HTTP/1.1" 200 37
120.253.135.82 - - [11/Apr/2021:06:35:26 +0800] "GET /xingrg/kc/pszx/mdps_order_info.html?code=312021041100272 HTTP/1.1" 200 23925
120.253.135.82 - - [11/Apr/2021:06:35:27 +0800] "GET /xingrg/javascript/easyui/themes/default/validatebox.css HTTP/1.1" 404 1104
120.253.135.82 - - [11/Apr/2021:06:35:27 +0800] "POST /xingrg/kc/pszx/mdps_order_operate.html HTTP/1.1" 200 8279
120.253.135.82 - - [11/Apr/2021:06:35:30 +0800] "POST /xingrg/kc/pszx/mdps_list_operate.html HTTP/1.1" 200 2772
120.253.135.82 - - [11/Apr/2021:06:35:32 +0800] "GET /xingrg/kc/pszx/mdps_order_add.html HTTP/1.1" 200 29219
120.253.135.82 - - [11/Apr/2021:06:35:32 +0800] "GET /xingrg/javascript/easyui/themes/default/validatebox.css HTTP/1.1" 404 1104
120.253.135.82 - - [11/Apr/2021:06:35:32 +0800] "POST /xingrg/kc/pszx/mdps_order_operate.html HTTP/1.1" 200 7126
180.169.147.146 - - [11/Apr/2021:06:35:34 +0800] "GET /xingrg/check_reg.html?_=1618094143609 HTTP/1.1" 302 -
180.169.147.146 - - [11/Apr/2021:06:35:34 +0800] "GET /xingrg/all/function/internal_message.html?_=1618094143613&CODE_STATE=getMsg HTTP/1.1" 302 -
116.224.253.72 - - [11/Apr/2021:06:35:37 +0800] "GET /xingrg/all/function/internal_message.html?_=1618094141453&CODE_STATE=getMsg HTTP/1.1" 200 27
120.253.135.82 - - [11/Apr/2021:06:35:38 +0800] "POST /xingrg/all/common/load_combo.html?type=base HTTP/1.1" 200 1075
114.88.156.246 - - [11/Apr/2021:06:35:40 +0800] "GET /xingrg/all/function/internal_message.html?_=1618094162689&CODE_STATE=getMsg HTTP/1.1" 200 27
116.224.253.72 - - [11/Apr/2021:06:35:40 +0800] "GET /xingrg/all/function/internal_message.html?_=1618094136275&CODE_STATE=getMsg HTTP/1.1" 200 27
120.253.135.82 - - [11/Apr/2021:06:35:45 +0800] "GET /xingrg/kc/pszx/mdps_order_operate.html?command=get_materiel&pszx_code=00101&rest_code=00102&base_code=0010246&code=00101019086 HTTP/1.1" 200 428
120.253.135.82 - - [11/Apr/2021:06:35:54 +0800] "GET /xingrg/kc/pszx/mdps_order_operate.html?command=get_materiel&pszx_code=00101&rest_code=00102&base_code=0010246&code=00101019770 HTTP/1.1" 200 431
120.253.135.82 - - [11/Apr/2021:06:35:58 +0800] "POST /xingrg/all/common/load_select.html HTTP/1.1" 200 25
120.253.135.82 - - [11/Apr/2021:06:36:00 +0800] "GET /xingrg/kc/pszx/mdps_order_operate.html?command=get_materiel_price&pszx_code=00101&rest_code=00102&base_code=0010246&code=00101019770&unit_code=00100319&order_time=2021-04-11 HTTP/1.1" 200 47
116.230.114.112 - - [11/Apr/2021:06:36:05 +0800] "GET /xingrg/all/function/internal_message.html?_=1618094192994&CODE_STATE=getMsg HTTP/1.1" 200 27
120.253.135.82 - - [11/Apr/2021:06:36:10 +0800] "POST /xingrg/kc/pszx/mdps_order_operate.html HTTP/1.1" 200 37
120.253.135.82 - - [11/Apr/2021:06:36:11 +0800] "GET /xingrg/kc/pszx/mdps_order_info.html?code=312021041100280 HTTP/1.1" 200 23925
120.253.135.82 - - [11/Apr/2021:06:36:11 +0800] "GET /xingrg/javascript/easyui/themes/default/validatebox.css HTTP/1.1" 404 1104
120.253.135.82 - - [11/Apr/2021:06:36:12 +0800] "POST /xingrg/kc/pszx/mdps_order_operate.html HTTP/1.1" 200 2766
120.253.135.82 - - [11/Apr/2021:06:36:17 +0800] "GET /xingrg/all/function/internal_message.html?_=1618093956905&CODE_STATE=getMsg HTTP/1.1" 200 27
116.230.114.112 - - [11/Apr/2021:06:36:20 +0800] "GET /xingrg/check_reg.html?_=1618094208038 HTTP/1.1" 200 22
58.40.7.146 - - [11/Apr/2021:06:36:24 +0800] "GET /xingrg/all/function/internal_message.html?_=1618094186273&CODE_STATE=getMsg HTTP/1.1" 302 -
180.169.147.146 - - [11/Apr/2021:06:36:34 +0800] "GET /xingrg/all/function/internal_message.html?_=1618094203633&CODE_STATE=getMsg HTTP/1.1" 302 -
116.224.253.72 - - [11/Apr/2021:06:36:37 +0800] "GET /xingrg/all/function/internal_message.html?_=1618094201466&CODE_STATE=getMsg HTTP/1.1" 200 27
114.88.156.246 - - [11/Apr/2021:06:36:40 +0800] "GET /xingrg/all/function/internal_message.html?_=1618094222689&CODE_STATE=getMsg HTTP/1.1" 200 27
116.224.253.72 - - [11/Apr/2021:06:36:40 +0800] "GET /xingrg/all/function/internal_message.html?_=1618094196297&CODE_STATE=getMsg HTTP/1.1" 200 27
120.253.135.82 - - [11/Apr/2021:06:36:52 +0800] "POST /xingrg/kc/pszx/mdps_order_operate.html HTTP/1.1" 200 37
120.253.135.82 - - [11/Apr/2021:06:36:53 +0800] "GET /xingrg/kc/pszx/mdps_order_info.html?code=312021041100280 HTTP/1.1" 200 23925
120.253.135.82 - - [11/Apr/2021:06:36:53 +0800] "GET /xingrg/javascript/easyui/themes/default/validatebox.css HTTP/1.1" 404 1104
120.253.135.82 - - [11/Apr/2021:06:36:53 +0800] "POST /xingrg/kc/pszx/mdps_order_operate.html HTTP/1.1" 200 2766
120.253.135.82 - - [11/Apr/2021:06:36:55 +0800] "POST /xingrg/kc/pszx/mdps_list_operate.html HTTP/1.1" 200 3134
120.253.135.82 - - [11/Apr/2021:06:36:57 +0800] "POST /xingrg/kc/pszx/mdps_list_operate.html HTTP/1.1" 200 601
120.253.135.82 - - [11/Apr/2021:06:36:58 +0800] "GET /xingrg/kc/pszx/mdps_order_info.html?code=312021041100272 HTTP/1.1" 200 23925
120.253.135.82 - - [11/Apr/2021:06:36:58 +0800] "GET /xingrg/javascript/easyui/themes/default/validatebox.css HTTP/1.1" 404 1104
120.253.135.82 - - [11/Apr/2021:06:36:58 +0800] "POST /xingrg/kc/pszx/mdps_order_operate.html HTTP/1.1" 200 8279
116.230.114.112 - - [11/Apr/2021:06:37:05 +0800] "GET /xingrg/all/function/internal_message.html?_=1618094253007&CODE_STATE=getMsg HTTP/1.1" 200 27
120.253.135.82 - - [11/Apr/2021:06:37:17 +0800] "GET /xingrg/all/function/internal_message.html?_=1618094016918&CODE_STATE=getMsg HTTP/1.1" 200 27
58.40.7.146 - - [11/Apr/2021:06:37:24 +0800] "GET /xingrg/all/function/internal_message.html?_=1618094246238&CODE_STATE=getMsg HTTP/1.1" 302 -
120.253.135.82 - - [11/Apr/2021:06:37:26 +0800] "POST /xingrg/kc/pszx/mdps_order_operate.html HTTP/1.1" 200 37
120.253.135.82 - - [11/Apr/2021:06:37:27 +0800] "GET /xingrg/kc/pszx/mdps_order_info.html?code=312021041100272 HTTP/1.1" 200 23925
120.253.135.82 - - [11/Apr/2021:06:37:27 +0800] "GET /xingrg/javascript/easyui/themes/default/validatebox.css HTTP/1.1" 404 1104
120.253.135.82 - - [11/Apr/2021:06:37:27 +0800] "POST /xingrg/kc/pszx/mdps_order_operate.html HTTP/1.1" 200 7276
120.253.135.82 - - [11/Apr/2021:06:37:30 +0800] "POST /xingrg/kc/pszx/mdps_list_operate.html HTTP/1.1" 200 3134
120.253.135.82 - - [11/Apr/2021:06:37:33 +0800] "POST /xingrg/kc/pszx/mdps_list_operate.html HTTP/1.1" 200 280
180.169.147.146 - - [11/Apr/2021:06:37:34 +0800] "GET /xingrg/all/function/internal_message.html?_=1618094263618&CODE_STATE=getMsg HTTP/1.1" 302 -
120.253.135.82 - - [11/Apr/2021:06:37:35 +0800] "POST /xingrg/kc/pszx/mdps_list_operate.html HTTP/1.1" 200 598
120.253.135.82 - - [11/Apr/2021:06:37:36 +0800] "GET /xingrg/kc/pszx/mdps_order_info.html?code=312021041100271 HTTP/1.1" 200 23925
120.253.135.82 - - [11/Apr/2021:06:37:36 +0800] "GET /xingrg/javascript/easyui/themes/default/validatebox.css HTTP/1.1" 404 1104
120.253.135.82 - - [11/Apr/2021:06:37:36 +0800] "POST /xingrg/kc/pszx/mdps_order_operate.html HTTP/1.1" 200 7274
116.224.253.72 - - [11/Apr/2021:06:37:37 +0800] "GET /xingrg/check_reg.html?_=1618094261470 HTTP/1.1" 200 22
116.224.253.72 - - [11/Apr/2021:06:37:37 +0800] "GET /xingrg/all/function/internal_message.html?_=1618094261472&CODE_STATE=getMsg HTTP/1.1" 200 27
114.88.156.246 - - [11/Apr/2021:06:37:40 +0800] "GET /xingrg/all/function/internal_message.html?_=1618094282689&CODE_STATE=getMsg HTTP/1.1" 200 27
114.88.156.246 - - [11/Apr/2021:06:37:40 +0800] "GET /xingrg/check_reg.html?_=1618094282690 HTTP/1.1" 200 22
116.224.253.72 - - [11/Apr/2021:06:37:40 +0800] "GET /xingrg/all/function/internal_message.html?_=1618094256302&CODE_STATE=getMsg HTTP/1.1" 200 27
120.253.135.82 - - [11/Apr/2021:06:37:47 +0800] "GET /xingrg/kc/print/load_data.html?order_code=312021041100271&kc_code=mdps&condition= HTTP/1.1" 200 2965
120.253.135.82 - - [11/Apr/2021:06:37:55 +0800] "POST /xingrg/kc/pszx/mdps_list_operate.html HTTP/1.1" 200 3134
120.253.135.82 - - [11/Apr/2021:06:37:57 +0800] "POST /xingrg/kc/pszx/mdps_list_operate.html HTTP/1.1" 200 601
120.253.135.82 - - [11/Apr/2021:06:37:58 +0800] "GET /xingrg/kc/pszx/mdps_order_info.html?code=312021041100272 HTTP/1.1" 200 23925
120.253.135.82 - - [11/Apr/2021:06:37:58 +0800] "GET /xingrg/javascript/easyui/themes/default/validatebox.css HTTP/1.1" 404 1104
120.253.135.82 - - [11/Apr/2021:06:37:59 +0800] "POST /xingrg/kc/pszx/mdps_order_operate.html HTTP/1.1" 200 7276
116.230.114.112 - - [11/Apr/2021:06:38:05 +0800] "GET /xingrg/all/function/internal_message.html?_=1618094313020&CODE_STATE=getMsg HTTP/1.1" 200 27
120.253.135.82 - - [11/Apr/2021:06:38:17 +0800] "GET /xingrg/check_reg.html?_=1618094076720 HTTP/1.1" 200 22
120.253.135.82 - - [11/Apr/2021:06:38:17 +0800] "GET /xingrg/all/function/internal_message.html?_=1618094076932&CODE_STATE=getMsg HTTP/1.1" 200 27
58.40.7.146 - - [11/Apr/2021:06:38:24 +0800] "GET /xingrg/all/function/internal_message.html?_=1618094306240&CODE_STATE=getMsg HTTP/1.1" 302 -
58.40.7.146 - - [11/Apr/2021:06:38:24 +0800] "GET /xingrg/check_reg.html?_=1618094306240 HTTP/1.1" 302 -
180.169.147.146 - - [11/Apr/2021:06:38:34 +0800] "GET /xingrg/all/function/internal_message.html?_=1618094323619&CODE_STATE=getMsg HTTP/1.1" 302 -
116.224.253.72 - - [11/Apr/2021:06:38:37 +0800] "GET /xingrg/all/function/internal_message.html?_=1618094321477&CODE_STATE=getMsg HTTP/1.1" 200 27
101.91.62.99 - - [11/Apr/2021:06:38:39 +0800] "GET /xingrg/check_reg.html?_=1618094282690 HTTP/1.1" 302 -
101.91.62.99 - - [11/Apr/2021:06:38:40 +0800] "GET /xingrg/login.html HTTP/1.1" 200 7641
114.88.156.246 - - [11/Apr/2021:06:38:40 +0800] "GET /xingrg/all/function/internal_message.html?_=1618094342688&CODE_STATE=getMsg HTTP/1.1" 200 27
116.224.253.72 - - [11/Apr/2021:06:38:40 +0800] "GET /xingrg/all/function/internal_message.html?_=1618094316325&CODE_STATE=getMsg HTTP/1.1" 200 27
222.70.217.33 - - [11/Apr/2021:06:38:55 +0800] "POST /xingrg/services/DataTransmitService HTTP/1.1" 200 524
222.70.217.33 - - [11/Apr/2021:06:38:55 +0800] "POST /xingrg/services/DataTransmitService HTTP/1.1" 200 501
120.253.135.82 - - [11/Apr/2021:06:38:58 +0800] "POST /xingrg/kc/pszx/mdps_order_operate.html HTTP/1.1" 200 37
120.253.135.82 - - [11/Apr/2021:06:38:59 +0800] "GET /xingrg/kc/pszx/mdps_order_info.html?code=312021041100272 HTTP/1.1" 200 23925
120.253.135.82 - - [11/Apr/2021:06:39:00 +0800] "GET /xingrg/javascript/easyui/themes/default/validatebox.css HTTP/1.1" 404 1104
120.253.135.82 - - [11/Apr/2021:06:39:00 +0800] "POST /xingrg/kc/pszx/mdps_order_operate.html HTTP/1.1" 200 7276
120.253.135.82 - - [11/Apr/2021:06:39:02 +0800] "POST /xingrg/kc/pszx/mdps_list_operate.html HTTP/1.1" 200 3133
116.230.114.112 - - [11/Apr/2021:06:39:05 +0800] "GET /xingrg/all/function/internal_message.html?_=1618094373171&CODE_STATE=getMsg HTTP/1.1" 200 27
120.253.135.82 - - [11/Apr/2021:06:39:06 +0800] "POST /xingrg/kc/pszx/mdps_list_operate.html HTTP/1.1" 200 601
120.253.135.82 - - [11/Apr/2021:06:39:07 +0800] "GET /xingrg/kc/pszx/mdps_order_info.html?code=312021041100272 HTTP/1.1" 200 23925
120.253.135.82 - - [11/Apr/2021:06:39:07 +0800] "GET /xingrg/javascript/easyui/themes/default/validatebox.css HTTP/1.1" 404 1104
120.253.135.82 - - [11/Apr/2021:06:39:07 +0800] "POST /xingrg/kc/pszx/mdps_order_operate.html HTTP/1.1" 200 7276
120.253.135.82 - - [11/Apr/2021:06:39:09 +0800] "GET /xingrg/kc/print/load_data.html?order_code=312021041100272&kc_code=mdps&condition= HTTP/1.1" 200 2982
120.253.135.82 - - [11/Apr/2021:06:39:15 +0800] "POST /xingrg/kc/pszx/mdps_list_operate.html HTTP/1.1" 200 3133
120.253.135.82 - - [11/Apr/2021:06:39:17 +0800] "GET /xingrg/all/function/internal_message.html?_=1618094136946&CODE_STATE=getMsg HTTP/1.1" 200 27
58.40.7.146 - - [11/Apr/2021:06:39:24 +0800] "GET /xingrg/all/function/internal_message.html?_=1618094366242&CODE_STATE=getMsg HTTP/1.1" 302 -
116.224.253.72 - - [11/Apr/2021:06:39:30 +0800] "GET /xingrg/check_reg.html?_=1618094367180 HTTP/1.1" 200 22
180.169.147.146 - - [11/Apr/2021:06:39:34 +0800] "GET /xingrg/all/function/internal_message.html?_=1618094383620&CODE_STATE=getMsg HTTP/1.1" 302 -
116.224.253.72 - - [11/Apr/2021:06:39:37 +0800] "GET /xingrg/all/function/internal_message.html?_=1618094381482&CODE_STATE=getMsg HTTP/1.1" 200 27
114.88.156.246 - - [11/Apr/2021:06:39:40 +0800] "GET /xingrg/all/function/internal_message.html?_=1618094402687&CODE_STATE=getMsg HTTP/1.1" 200 27
116.224.253.72 - - [11/Apr/2021:06:39:40 +0800] "GET /xingrg/all/function/internal_message.html?_=1618094376330&CODE_STATE=getMsg HTTP/1.1" 200 27
116.230.114.112 - - [11/Apr/2021:06:40:05 +0800] "GET /xingrg/all/function/internal_message.html?_=1618094433172&CODE_STATE=getMsg HTTP/1.1" 200 27
120.253.135.82 - - [11/Apr/2021:06:40:17 +0800] "GET /xingrg/all/function/internal_message.html?_=1618094197046&CODE_STATE=getMsg HTTP/1.1" 200 27
58.40.7.146 - - [11/Apr/2021:06:40:24 +0800] "GET /xingrg/all/function/internal_message.html?_=1618094426246&CODE_STATE=getMsg HTTP/1.1" 302 -
180.169.147.146 - - [11/Apr/2021:06:40:34 +0800] "GET /xingrg/all/function/internal_message.html?_=1618094443621&CODE_STATE=getMsg HTTP/1.1" 302 -
180.169.147.146 - - [11/Apr/2021:06:40:34 +0800] "GET /xingrg/check_reg.html?_=1618094443626 HTTP/1.1" 302 -
116.224.253.72 - - [11/Apr/2021:06:40:37 +0800] "GET /xingrg/all/function/internal_message.html?_=1618094441487&CODE_STATE=getMsg HTTP/1.1" 200 27
114.88.156.246 - - [11/Apr/2021:06:40:40 +0800] "GET /xingrg/all/function/internal_message.html?_=1618094462686&CODE_STATE=getMsg HTTP/1.1" 200 27
116.224.253.72 - - [11/Apr/2021:06:40:40 +0800] "GET /xingrg/all/function/internal_message.html?_=1618094436343&CODE_STATE=getMsg HTTP/1.1" 200 27
120.253.135.82 - - [11/Apr/2021:06:40:44 +0800] "GET /xingrg/kc/pszx/mdqp_order_list.html?state=10 HTTP/1.1" 200 16307
120.253.135.82 - - [11/Apr/2021:06:40:44 +0800] "GET /xingrg/dwr/interface/AjaxReportQueryService.js HTTP/1.1" 200 13203
120.253.135.82 - - [11/Apr/2021:06:40:44 +0800] "GET /xingrg/dwr/interface/AjaxQqpsService.js HTTP/1.1" 200 16326
120.253.135.82 - - [11/Apr/2021:06:40:44 +0800] "GET /xingrg/dwr/engine.js HTTP/1.1" 200 43631
120.253.135.82 - - [11/Apr/2021:06:40:51 +0800] "GET /xingrg/kc/pszx/mdqp_order_info.html?code=302021041000153 HTTP/1.1" 200 13338
120.253.135.82 - - [11/Apr/2021:06:40:51 +0800] "GET /xingrg/dwr/interface/AjaxQqpsService.js HTTP/1.1" 200 16326
120.253.135.82 - - [11/Apr/2021:06:40:51 +0800] "GET /xingrg/dwr/interface/AjaxComOrderService.js HTTP/1.1" 200 18264
120.253.135.82 - - [11/Apr/2021:06:40:51 +0800] "GET /xingrg/dwr/engine.js HTTP/1.1" 200 43631
120.253.135.82 - - [11/Apr/2021:06:40:51 +0800] "POST /xingrg/dwr/call/plaincall/AjaxQqpsService.loadMaterielItems.dwr HTTP/1.1" 200 357
120.253.135.82 - - [11/Apr/2021:06:40:52 +0800] "GET /xingrg/images/yd/bt.gif HTTP/1.1" 404 1040
120.253.135.82 - - [11/Apr/2021:06:40:52 +0800] "GET /xingrg/images/yd/bt2.gif HTTP/1.1" 404 1042
120.253.135.82 - - [11/Apr/2021:06:40:53 +0800] "GET /xingrg/kc/pszx/mdqp_order_list.html?isBack=1 HTTP/1.1" 302 -
120.253.135.82 - - [11/Apr/2021:06:40:53 +0800] "GET /xingrg/dwr/interface/AjaxQqpsService.js HTTP/1.1" 200 16326
120.253.135.82 - - [11/Apr/2021:06:40:53 +0800] "GET /xingrg/dwr/interface/AjaxReportQueryService.js HTTP/1.1" 200 13203
120.253.135.82 - - [11/Apr/2021:06:40:53 +0800] "GET /xingrg/dwr/engine.js HTTP/1.1" 200 43631
120.253.135.82 - - [11/Apr/2021:06:40:54 +0800] "GET /xingrg/kc/pszx/mdqp_order_list.html?state=10 HTTP/1.1" 200 16307
120.253.135.82 - - [11/Apr/2021:06:40:55 +0800] "GET /xingrg/kc/pszx/mdqp_order_info.html?code=302021041000176 HTTP/1.1" 200 13338
120.253.135.82 - - [11/Apr/2021:06:40:55 +0800] "GET /xingrg/dwr/interface/AjaxQqpsService.js HTTP/1.1" 200 16326
120.253.135.82 - - [11/Apr/2021:06:40:55 +0800] "GET /xingrg/dwr/interface/AjaxComOrderService.js HTTP/1.1" 200 18264
120.253.135.82 - - [11/Apr/2021:06:40:55 +0800] "GET /xingrg/dwr/engine.js HTTP/1.1" 200 43631
120.253.135.82 - - [11/Apr/2021:06:40:56 +0800] "POST /xingrg/dwr/call/plaincall/AjaxQqpsService.loadMaterielItems.dwr HTTP/1.1" 200 6578
120.253.135.82 - - [11/Apr/2021:06:40:57 +0800] "GET /xingrg/images/yd/bt.gif HTTP/1.1" 404 1040
120.253.135.82 - - [11/Apr/2021:06:40:57 +0800] "GET /xingrg/images/yd/bt2.gif HTTP/1.1" 404 1042
116.230.114.112 - - [11/Apr/2021:06:41:05 +0800] "GET /xingrg/all/function/internal_message.html?_=1618094493315&CODE_STATE=getMsg HTTP/1.1" 200 27
120.253.135.82 - - [11/Apr/2021:06:41:17 +0800] "GET /xingrg/all/function/internal_message.html?_=1618094257050&CODE_STATE=getMsg HTTP/1.1" 200 27
116.230.114.112 - - [11/Apr/2021:06:41:20 +0800] "GET /xingrg/check_reg.html?_=1618094508044 HTTP/1.1" 200 22
58.40.7.146 - - [11/Apr/2021:06:41:24 +0800] "GET /xingrg/all/function/internal_message.html?_=1618094486248&CODE_STATE=getMsg HTTP/1.1" 302 -
180.169.147.146 - - [11/Apr/2021:06:41:34 +0800] "GET /xingrg/all/function/internal_message.html?_=1618094503625&CODE_STATE=getMsg HTTP/1.1" 302 -
116.224.253.72 - - [11/Apr/2021:06:41:37 +0800] "GET /xingrg/all/function/internal_message.html?_=1618094501491&CODE_STATE=getMsg HTTP/1.1" 200 27
114.88.156.246 - - [11/Apr/2021:06:41:40 +0800] "GET /xingrg/all/function/internal_message.html?_=1618094522700&CODE_STATE=getMsg HTTP/1.1" 200 27
116.224.253.72 - - [11/Apr/2021:06:41:40 +0800] "GET /xingrg/all/function/internal_message.html?_=1618094496367&CODE_STATE=getMsg HTTP/1.1" 200 27
116.230.114.112 - - [11/Apr/2021:06:42:06 +0800] "GET /xingrg/all/function/internal_message.html?_=1618094553324&CODE_STATE=getMsg HTTP/1.1" 200 27
120.253.135.82 - - [11/Apr/2021:06:42:17 +0800] "GET /xingrg/all/function/internal_message.html?_=1618094317064&CODE_STATE=getMsg HTTP/1.1" 200 27
58.40.7.146 - - [11/Apr/2021:06:42:24 +0800] "GET /xingrg/all/function/internal_message.html?_=1618094546232&CODE_STATE=getMsg HTTP/1.1" 302 -
180.169.147.146 - - [11/Apr/2021:06:42:34 +0800] "GET /xingrg/all/function/internal_message.html?_=1618094563626&CODE_STATE=getMsg HTTP/1.1" 302 -
116.224.253.72 - - [11/Apr/2021:06:42:37 +0800] "GET /xingrg/all/function/internal_message.html?_=1618094561491&CODE_STATE=getMsg HTTP/1.1" 200 27
116.224.253.72 - - [11/Apr/2021:06:42:37 +0800] "GET /xingrg/check_reg.html?_=1618094561503 HTTP/1.1" 200 22
114.88.156.246 - - [11/Apr/2021:06:42:40 +0800] "GET /xingrg/check_reg.html?_=1618094582700 HTTP/1.1" 200 22
114.88.156.246 - - [11/Apr/2021:06:42:40 +0800] "GET /xingrg/all/function/internal_message.html?_=1618094582702&CODE_STATE=getMsg HTTP/1.1" 200 27
116.224.253.72 - - [11/Apr/2021:06:42:40 +0800] "GET /xingrg/all/function/internal_message.html?_=1618094556370&CODE_STATE=getMsg HTTP/1.1" 200 27
120.253.135.82 - - [11/Apr/2021:06:42:49 +0800] "GET /xingrg/kc/pszx/mdqp_order_list.html?isBack=1 HTTP/1.1" 302 -
120.253.135.82 - - [11/Apr/2021:06:42:49 +0800] "GET /xingrg/kc/pszx/mdqp_order_list.html?state=10 HTTP/1.1" 200 16307
120.253.135.82 - - [11/Apr/2021:06:42:49 +0800] "GET /xingrg/dwr/interface/AjaxQqpsService.js HTTP/1.1" 200 16326
120.253.135.82 - - [11/Apr/2021:06:42:49 +0800] "GET /xingrg/dwr/interface/AjaxReportQueryService.js HTTP/1.1" 200 13203
120.253.135.82 - - [11/Apr/2021:06:42:49 +0800] "GET /xingrg/dwr/engine.js HTTP/1.1" 200 43631
120.253.135.82 - - [11/Apr/2021:06:42:52 +0800] "GET /xingrg/kc/pszx/mdqp_order_info.html?code=302021041000177 HTTP/1.1" 200 13338
120.253.135.82 - - [11/Apr/2021:06:42:52 +0800] "GET /xingrg/dwr/interface/AjaxComOrderService.js HTTP/1.1" 200 18264
120.253.135.82 - - [11/Apr/2021:06:42:52 +0800] "GET /xingrg/dwr/interface/AjaxQqpsService.js HTTP/1.1" 200 16326
120.253.135.82 - - [11/Apr/2021:06:42:52 +0800] "GET /xingrg/dwr/engine.js HTTP/1.1" 200 43631
120.253.135.82 - - [11/Apr/2021:06:42:53 +0800] "POST /xingrg/dwr/call/plaincall/AjaxQqpsService.loadMaterielItems.dwr HTTP/1.1" 200 583
120.253.135.82 - - [11/Apr/2021:06:42:54 +0800] "GET /xingrg/images/yd/bt.gif HTTP/1.1" 404 1040
120.253.135.82 - - [11/Apr/2021:06:42:57 +0800] "GET /xingrg/images/yd/bt2.gif HTTP/1.1" 404 1042
120.253.135.82 - - [11/Apr/2021:06:42:58 +0800] "GET /xingrg/images/yd/bt2.gif HTTP/1.1" 404 1042
120.253.135.82 - - [11/Apr/2021:06:42:59 +0800] "GET /xingrg/kc/pszx/mdqp_order_list.html?isBack=1 HTTP/1.1" 302 -
120.253.135.82 - - [11/Apr/2021:06:42:59 +0800] "GET /xingrg/kc/pszx/mdqp_order_list.html?state=10 HTTP/1.1" 200 16307
120.253.135.82 - - [11/Apr/2021:06:42:59 +0800] "GET /xingrg/dwr/interface/AjaxQqpsService.js HTTP/1.1" 200 16326
120.253.135.82 - - [11/Apr/2021:06:42:59 +0800] "GET /xingrg/dwr/interface/AjaxReportQueryService.js HTTP/1.1" 200 13203
120.253.135.82 - - [11/Apr/2021:06:42:59 +0800] "GET /xingrg/dwr/engine.js HTTP/1.1" 200 43631
120.253.135.82 - - [11/Apr/2021:06:43:02 +0800] "GET /xingrg/kc/pszx/mdqp_order_info.html?code=302021041000179 HTTP/1.1" 200 13338
120.253.135.82 - - [11/Apr/2021:06:43:02 +0800] "GET /xingrg/dwr/interface/AjaxComOrderService.js HTTP/1.1" 200 18264
120.253.135.82 - - [11/Apr/2021:06:43:02 +0800] "GET /xingrg/dwr/interface/AjaxQqpsService.js HTTP/1.1" 200 16326
120.253.135.82 - - [11/Apr/2021:06:43:02 +0800] "GET /xingrg/dwr/engine.js HTTP/1.1" 200 43631
120.253.135.82 - - [11/Apr/2021:06:43:02 +0800] "POST /xingrg/dwr/call/plaincall/AjaxQqpsService.loadMaterielItems.dwr HTTP/1.1" 200 336
120.253.135.82 - - [11/Apr/2021:06:43:05 +0800] "GET /xingrg/kc/pszx/mdqp_order_list.html?isBack=1 HTTP/1.1" 302 -
120.253.135.82 - - [11/Apr/2021:06:43:05 +0800] "GET /xingrg/kc/pszx/mdqp_order_list.html?state=10 HTTP/1.1" 200 16307
120.253.135.82 - - [11/Apr/2021:06:43:05 +0800] "GET /xingrg/dwr/interface/AjaxQqpsService.js HTTP/1.1" 200 16326
120.253.135.82 - - [11/Apr/2021:06:43:05 +0800] "GET /xingrg/dwr/engine.js HTTP/1.1" 200 43631
120.253.135.82 - - [11/Apr/2021:06:43:05 +0800] "GET /xingrg/dwr/interface/AjaxReportQueryService.js HTTP/1.1" 200 13203
116.230.114.112 - - [11/Apr/2021:06:43:06 +0800] "GET /xingrg/all/function/internal_message.html?_=1618094613339&CODE_STATE=getMsg HTTP/1.1" 200 27
120.253.135.82 - - [11/Apr/2021:06:43:08 +0800] "GET /xingrg/kc/pszx/mdqp_order_list.html?state=10&page_num=2 HTTP/1.1" 200 11546
120.253.135.82 - - [11/Apr/2021:06:43:08 +0800] "GET /xingrg/dwr/interface/AjaxReportQueryService.js HTTP/1.1" 200 13203
120.253.135.82 - - [11/Apr/2021:06:43:08 +0800] "GET /xingrg/dwr/interface/AjaxQqpsService.js HTTP/1.1" 200 16326
120.253.135.82 - - [11/Apr/2021:06:43:08 +0800] "GET /xingrg/dwr/engine.js HTTP/1.1" 200 43631
120.253.135.82 - - [11/Apr/2021:06:43:10 +0800] "GET /xingrg/kc/pszx/mdqp_order_info.html?code=302021041000181 HTTP/1.1" 200 13338
120.253.135.82 - - [11/Apr/2021:06:43:10 +0800] "GET /xingrg/dwr/interface/AjaxComOrderService.js HTTP/1.1" 200 18264
120.253.135.82 - - [11/Apr/2021:06:43:10 +0800] "GET /xingrg/dwr/interface/AjaxQqpsService.js HTTP/1.1" 200 16326
120.253.135.82 - - [11/Apr/2021:06:43:10 +0800] "GET /xingrg/dwr/engine.js HTTP/1.1" 200 43631
120.253.135.82 - - [11/Apr/2021:06:43:10 +0800] "POST /xingrg/dwr/call/plaincall/AjaxQqpsService.loadMaterielItems.dwr HTTP/1.1" 200 392
120.253.135.82 - - [11/Apr/2021:06:43:13 +0800] "GET /xingrg/kc/pszx/mdqp_order_list.html?isBack=1 HTTP/1.1" 302 -
120.253.135.82 - - [11/Apr/2021:06:43:13 +0800] "GET /xingrg/kc/pszx/mdqp_order_list.html?state=10&page_num=2 HTTP/1.1" 200 11546
120.253.135.82 - - [11/Apr/2021:06:43:13 +0800] "GET /xingrg/dwr/interface/AjaxReportQueryService.js HTTP/1.1" 200 13203
120.253.135.82 - - [11/Apr/2021:06:43:13 +0800] "GET /xingrg/dwr/interface/AjaxQqpsService.js HTTP/1.1" 200 16326
120.253.135.82 - - [11/Apr/2021:06:43:13 +0800] "GET /xingrg/dwr/engine.js HTTP/1.1" 200 43631
120.253.135.82 - - [11/Apr/2021:06:43:17 +0800] "GET /xingrg/check_reg.html?_=1618094376718 HTTP/1.1" 200 22
120.253.135.82 - - [11/Apr/2021:06:43:17 +0800] "GET /xingrg/all/function/internal_message.html?_=1618094377078&CODE_STATE=getMsg HTTP/1.1" 200 27
120.253.135.82 - - [11/Apr/2021:06:43:21 +0800] "GET /xingrg/kc/pszx/jzcl_ps.html HTTP/1.1" 200 7683
120.253.135.82 - - [11/Apr/2021:06:43:21 +0800] "POST /xingrg/all/common/load_tree.html?tree=area_rest_tree_json HTTP/1.1" 200 3344
120.253.135.82 - - [11/Apr/2021:06:43:22 +0800] "POST /xingrg/kc/pszx/jzcl_ps_operate.html HTTP/1.1" 200 7650
120.253.135.82 - - [11/Apr/2021:06:43:22 +0800] "POST /xingrg/kc/pszx/jzcl_ps_operate.html HTTP/1.1" 200 7650
58.40.7.146 - - [11/Apr/2021:06:43:24 +0800] "GET /xingrg/all/function/internal_message.html?_=1618094606234&CODE_STATE=getMsg HTTP/1.1" 302 -
58.40.7.146 - - [11/Apr/2021:06:43:24 +0800] "GET /xingrg/check_reg.html?_=1618094606234 HTTP/1.1" 302 -
180.169.147.146 - - [11/Apr/2021:06:43:34 +0800] "GET /xingrg/all/function/internal_message.html?_=1618094623626&CODE_STATE=getMsg HTTP/1.1" 302 -
116.224.253.72 - - [11/Apr/2021:06:43:37 +0800] "GET /xingrg/all/function/internal_message.html?_=1618094621503&CODE_STATE=getMsg HTTP/1.1" 200 27
120.253.135.82 - - [11/Apr/2021:06:43:39 +0800] "POST /xingrg/kc/pszx/jzcl_ps_operate.html HTTP/1.1" 200 4
114.88.156.246 - - [11/Apr/2021:06:43:40 +0800] "GET /xingrg/all/function/internal_message.html?_=1618094642700&CODE_STATE=getMsg HTTP/1.1" 200 27
116.224.253.72 - - [11/Apr/2021:06:43:40 +0800] "GET /xingrg/all/function/internal_message.html?_=1618094616393&CODE_STATE=getMsg HTTP/1.1" 200 27
120.253.135.82 - - [11/Apr/2021:06:43:40 +0800] "GET /xingrg/kc/pszx/mdps_order_list.html HTTP/1.1" 200 21197
120.253.135.82 - - [11/Apr/2021:06:43:41 +0800] "POST /xingrg/kc/pszx/mdps_list_operate.html HTTP/1.1" 200 5477
120.253.135.82 - - [11/Apr/2021:06:43:47 +0800] "POST /xingrg/kc/pszx/mdps_list_operate.html HTTP/1.1" 200 3505
120.253.135.82 - - [11/Apr/2021:06:43:49 +0800] "POST /xingrg/kc/pszx/mdps_list_operate.html HTTP/1.1" 200 226
120.253.135.82 - - [11/Apr/2021:06:43:51 +0800] "POST /xingrg/kc/pszx/mdps_list_operate.html HTTP/1.1" 200 210
120.253.135.82 - - [11/Apr/2021:06:43:53 +0800] "GET /xingrg/kc/pszx/mdps_order_info.html?code=312021041100281 HTTP/1.1" 200 23925
120.253.135.82 - - [11/Apr/2021:06:43:53 +0800] "GET /xingrg/javascript/easyui/themes/default/validatebox.css HTTP/1.1" 404 1104
120.253.135.82 - - [11/Apr/2021:06:43:53 +0800] "POST /xingrg/kc/pszx/mdps_order_operate.html HTTP/1.1" 200 2297
120.253.135.82 - - [11/Apr/2021:06:43:56 +0800] "POST /xingrg/kc/pszx/mdps_order_operate.html HTTP/1.1" 200 37
120.253.135.82 - - [11/Apr/2021:06:43:56 +0800] "GET /xingrg/kc/pszx/mdps_order_info.html?code=312021041100281 HTTP/1.1" 200 23925
120.253.135.82 - - [11/Apr/2021:06:43:57 +0800] "GET /xingrg/javascript/easyui/themes/default/validatebox.css HTTP/1.1" 404 1104
120.253.135.82 - - [11/Apr/2021:06:43:57 +0800] "POST /xingrg/kc/pszx/mdps_order_operate.html HTTP/1.1" 200 2304
116.230.114.112 - - [11/Apr/2021:06:44:06 +0800] "GET /xingrg/all/function/internal_message.html?_=1618094673506&CODE_STATE=getMsg HTTP/1.1" 200 27
120.253.135.82 - - [11/Apr/2021:06:44:17 +0800] "GET /xingrg/all/function/internal_message.html?_=1618094437092&CODE_STATE=getMsg HTTP/1.1" 200 27
120.253.135.82 - - [11/Apr/2021:06:44:21 +0800] "POST /xingrg/kc/pszx/mdps_list_operate.html HTTP/1.1" 200 204
120.253.135.82 - - [11/Apr/2021:06:44:22 +0800] "GET /xingrg/kc/pszx/mdps_order_info.html?code=312021041100282 HTTP/1.1" 200 23925
120.253.135.82 - - [11/Apr/2021:06:44:22 +0800] "POST /xingrg/kc/pszx/mdps_order_operate.html HTTP/1.1" 200 2273
120.253.135.82 - - [11/Apr/2021:06:44:22 +0800] "GET /xingrg/javascript/easyui/themes/default/validatebox.css HTTP/1.1" 404 1104
58.40.7.146 - - [11/Apr/2021:06:44:24 +0800] "GET /xingrg/all/function/internal_message.html?_=1618094666236&CODE_STATE=getMsg HTTP/1.1" 302 -
120.253.135.82 - - [11/Apr/2021:06:44:25 +0800] "POST /xingrg/kc/pszx/mdps_order_operate.html HTTP/1.1" 200 37
120.253.135.82 - - [11/Apr/2021:06:44:26 +0800] "GET /xingrg/kc/pszx/mdps_order_info.html?code=312021041100282 HTTP/1.1" 200 23925
120.253.135.82 - - [11/Apr/2021:06:44:26 +0800] "POST /xingrg/kc/pszx/mdps_order_operate.html HTTP/1.1" 200 2280
120.253.135.82 - - [11/Apr/2021:06:44:26 +0800] "GET /xingrg/javascript/easyui/themes/default/validatebox.css HTTP/1.1" 404 1104
116.224.253.72 - - [11/Apr/2021:06:44:30 +0800] "GET /xingrg/check_reg.html?_=1618094667177 HTTP/1.1" 200 22
180.169.147.146 - - [11/Apr/2021:06:44:34 +0800] "GET /xingrg/all/function/internal_message.html?_=1618094683627&CODE_STATE=getMsg HTTP/1.1" 302 -
116.224.253.72 - - [11/Apr/2021:06:44:37 +0800] "GET /xingrg/all/function/internal_message.html?_=1618094681504&CODE_STATE=getMsg HTTP/1.1" 200 27
114.88.156.246 - - [11/Apr/2021:06:44:40 +0800] "GET /xingrg/all/function/internal_message.html?_=1618094702698&CODE_STATE=getMsg HTTP/1.1" 200 27
116.224.253.72 - - [11/Apr/2021:06:44:40 +0800] "GET /xingrg/all/function/internal_message.html?_=1618094676398&CODE_STATE=getMsg HTTP/1.1" 200 27
116.230.114.112 - - [11/Apr/2021:06:45:06 +0800] "GET /xingrg/all/function/internal_message.html?_=1618094733521&CODE_STATE=getMsg HTTP/1.1" 200 27
120.253.135.82 - - [11/Apr/2021:06:45:17 +0800] "GET /xingrg/all/function/internal_message.html?_=1618094497105&CODE_STATE=getMsg HTTP/1.1" 200 27
120.253.135.82 - - [11/Apr/2021:06:45:20 +0800] "POST /xingrg/kc/pszx/mdps_list_operate.html HTTP/1.1" 200 3505
120.253.135.82 - - [11/Apr/2021:06:45:23 +0800] "POST /xingrg/kc/pszx/mdps_list_operate.html HTTP/1.1" 200 278
58.40.7.146 - - [11/Apr/2021:06:45:24 +0800] "GET /xingrg/all/function/internal_message.html?_=1618094726238&CODE_STATE=getMsg HTTP/1.1" 302 -
120.253.135.82 - - [11/Apr/2021:06:45:24 +0800] "GET /xingrg/kc/pszx/mdps_order_info.html?code=312021041100283 HTTP/1.1" 200 23925
120.253.135.82 - - [11/Apr/2021:06:45:24 +0800] "GET /xingrg/javascript/easyui/themes/default/validatebox.css HTTP/1.1" 404 1104
120.253.135.82 - - [11/Apr/2021:06:45:24 +0800] "POST /xingrg/kc/pszx/mdps_order_operate.html HTTP/1.1" 200 2752
120.253.135.82 - - [11/Apr/2021:06:45:28 +0800] "POST /xingrg/all/common/load_combo.html?type=base HTTP/1.1" 200 1075
120.253.135.82 - - [11/Apr/2021:06:45:33 +0800] "POST /xingrg/kc/pszx/mdps_order_operate.html HTTP/1.1" 200 37
120.253.135.82 - - [11/Apr/2021:06:45:34 +0800] "GET /xingrg/kc/pszx/mdps_order_info.html?code=312021041100283 HTTP/1.1" 200 23925
180.169.147.146 - - [11/Apr/2021:06:45:34 +0800] "GET /xingrg/check_reg.html?_=1618094743624 HTTP/1.1" 302 -
180.169.147.146 - - [11/Apr/2021:06:45:34 +0800] "GET /xingrg/all/function/internal_message.html?_=1618094743628&CODE_STATE=getMsg HTTP/1.1" 302 -
120.253.135.82 - - [11/Apr/2021:06:45:35 +0800] "POST /xingrg/kc/pszx/mdps_order_operate.html HTTP/1.1" 200 2768
120.253.135.82 - - [11/Apr/2021:06:45:35 +0800] "GET /xingrg/javascript/easyui/themes/default/validatebox.css HTTP/1.1" 404 1104
116.224.253.72 - - [11/Apr/2021:06:45:37 +0800] "GET /xingrg/all/function/internal_message.html?_=1618094741516&CODE_STATE=getMsg HTTP/1.1" 200 27
120.253.135.82 - - [11/Apr/2021:06:45:39 +0800] "POST /xingrg/kc/pszx/mdps_list_operate.html HTTP/1.1" 200 3505
114.88.156.246 - - [11/Apr/2021:06:45:40 +0800] "GET /xingrg/all/function/internal_message.html?_=1618094762697&CODE_STATE=getMsg HTTP/1.1" 200 27
116.224.253.72 - - [11/Apr/2021:06:45:40 +0800] "GET /xingrg/all/function/internal_message.html?_=1618094736411&CODE_STATE=getMsg HTTP/1.1" 200 27
120.253.135.82 - - [11/Apr/2021:06:45:41 +0800] "POST /xingrg/kc/pszx/mdps_list_operate.html HTTP/1.1" 200 641
120.253.135.82 - - [11/Apr/2021:06:45:41 +0800] "GET /xingrg/kc/pszx/mdps_order_info.html?code=312021041100284 HTTP/1.1" 200 23925
120.253.135.82 - - [11/Apr/2021:06:45:42 +0800] "POST /xingrg/kc/pszx/mdps_order_operate.html HTTP/1.1" 200 12331
120.253.135.82 - - [11/Apr/2021:06:45:42 +0800] "GET /xingrg/javascript/easyui/themes/default/validatebox.css HTTP/1.1" 404 1104
120.253.135.82 - - [11/Apr/2021:06:45:45 +0800] "POST /xingrg/kc/pszx/mdps_order_operate.html HTTP/1.1" 200 37
120.253.135.82 - - [11/Apr/2021:06:45:45 +0800] "GET /xingrg/kc/pszx/mdps_order_info.html?code=312021041100284 HTTP/1.1" 200 23925
120.253.135.82 - - [11/Apr/2021:06:45:46 +0800] "GET /xingrg/javascript/easyui/themes/default/validatebox.css HTTP/1.1" 404 1104
120.253.135.82 - - [11/Apr/2021:06:45:46 +0800] "POST /xingrg/kc/pszx/mdps_order_operate.html HTTP/1.1" 200 12499
116.230.114.112 - - [11/Apr/2021:06:46:06 +0800] "GET /xingrg/all/function/internal_message.html?_=1618094793637&CODE_STATE=getMsg HTTP/1.1" 200 27
116.233.76.71 - - [11/Apr/2021:06:46:16 +0800] "POST /xingrg/services/DataTransmitService HTTP/1.1" 200 524
120.253.135.82 - - [11/Apr/2021:06:46:17 +0800] "GET /xingrg/all/function/internal_message.html?_=1618094557120&CODE_STATE=getMsg HTTP/1.1" 200 27
116.233.76.71 - - [11/Apr/2021:06:46:18 +0800] "POST /xingrg/services/DataTransmitService HTTP/1.1" 200 501
116.230.114.112 - - [11/Apr/2021:06:46:20 +0800] "GET /xingrg/check_reg.html?_=1618094808043 HTTP/1.1" 200 22
58.40.7.146 - - [11/Apr/2021:06:46:24 +0800] "GET /xingrg/all/function/internal_message.html?_=1618094786240&CODE_STATE=getMsg HTTP/1.1" 302 -
180.169.147.146 - - [11/Apr/2021:06:46:34 +0800] "GET /xingrg/all/function/internal_message.html?_=1618094803627&CODE_STATE=getMsg HTTP/1.1" 302 -
116.224.253.72 - - [11/Apr/2021:06:46:37 +0800] "GET /xingrg/all/function/internal_message.html?_=1618094801515&CODE_STATE=getMsg HTTP/1.1" 200 27
114.88.156.246 - - [11/Apr/2021:06:46:40 +0800] "GET /xingrg/all/function/internal_message.html?_=1618094822696&CODE_STATE=getMsg HTTP/1.1" 200 27
