61.165.42.208 - - [11/Apr/2021:09:36:28 +0800] "GET /xingrg/all/function/internal_message.html?_=1618104990154&CODE_STATE=getMsg HTTP/1.1" 200 27
222.69.129.105 - - [11/Apr/2021:09:36:28 +0800] "POST /xingrg/kc/buy/cgsh_order_operate.html HTTP/1.1" 200 8245
222.69.129.105 - - [11/Apr/2021:09:36:28 +0800] "GET /xingrg/javascript/easyui/themes/default/validatebox.css HTTP/1.1" 404 1104
116.224.253.72 - - [11/Apr/2021:09:36:28 +0800] "GET /xingrg/kc/buy/cgsh_order_operate.html?command=get_materiel&rest_code=00150&code=00101009011&supplier_code=00100424&order_time=2021-04-11 HTTP/1.1" 200 416
114.86.225.109 - - [11/Apr/2021:09:36:30 +0800] "GET /xingrg/kc/buy/cgsh_order_operate.html?command=get_materiel&rest_code=00109&code=00101006021&supplier_code=00100015&order_time=2021-04-11 HTTP/1.1" 200 426
116.224.253.72 - - [11/Apr/2021:09:36:35 +0800] "GET /xingrg/kc/buy/cgsh_order_operate.html?command=get_materiel&rest_code=00150&code=00101009066&supplier_code=00100424&order_time=2021-04-11 HTTP/1.1" 200 416
180.169.147.146 - - [11/Apr/2021:09:36:35 +0800] "GET /xingrg/all/function/internal_message.html?_=1618105003870&CODE_STATE=getMsg HTTP/1.1" 302 -
222.70.217.33 - - [11/Apr/2021:09:36:36 +0800] "GET /xingrg/all/function/internal_message.html?_=1618104996647&CODE_STATE=getMsg HTTP/1.1" 200 27
222.69.129.105 - - [11/Apr/2021:09:36:37 +0800] "GET /xingrg/all/function/internal_message.html?_=1618104998471&CODE_STATE=getMsg HTTP/1.1" 200 27
180.169.147.146 - - [11/Apr/2021:09:36:37 +0800] "GET /xingrg/check_reg.html?_=1618104998949 HTTP/1.1" 200 22
180.169.147.146 - - [11/Apr/2021:09:36:37 +0800] "GET /xingrg/all/function/internal_message.html?_=1618104998951&CODE_STATE=getMsg HTTP/1.1" 200 27
116.224.253.72 - - [11/Apr/2021:09:36:38 +0800] "GET /xingrg/all/function/internal_message.html?_=1618105002540&CODE_STATE=getMsg HTTP/1.1" 200 27
124.77.71.179 - - [11/Apr/2021:09:36:40 +0800] "GET /xingrg/kc/buy/cgsh_order_operate.html?command=get_materiel&rest_code=00107&code=00101008108&supplier_code=00100006&order_time=2021-04-11 HTTP/1.1" 200 412
114.88.156.246 - - [11/Apr/2021:09:36:40 +0800] "GET /xingrg/all/function/internal_message.html?_=1618105022972&CODE_STATE=getMsg HTTP/1.1" 200 27
116.224.253.72 - - [11/Apr/2021:09:36:40 +0800] "GET /xingrg/kc/buy/cgsh_order_operate.html?command=get_materiel&rest_code=00150&code=00101009007&supplier_code=00100424&order_time=2021-04-11 HTTP/1.1" 200 408
116.224.253.72 - - [11/Apr/2021:09:36:42 +0800] "GET /xingrg/all/function/internal_message.html?_=1618104998886&CODE_STATE=getMsg HTTP/1.1" 200 27
114.86.225.109 - - [11/Apr/2021:09:36:43 +0800] "GET /xingrg/kc/buy/cgsh_order_operate.html?command=get_materiel&rest_code=00109&code=00101006195&supplier_code=00100015&order_time=2021-04-11 HTTP/1.1" 200 409
222.69.129.105 - - [11/Apr/2021:09:36:56 +0800] "GET /xingrg/kc/buy/cgsh_order_operate.html?command=get_materiel&rest_code=00149&code=00101006083&supplier_code=00100012&order_time=2021-04-11 HTTP/1.1" 200 412
116.224.253.72 - - [11/Apr/2021:09:36:56 +0800] "GET /xingrg/kc/buy/cgsh_order_operate.html?command=get_materiel&rest_code=00150&code=00101009013&supplier_code=00100424&order_time=2021-04-11 HTTP/1.1" 200 420
116.224.253.72 - - [11/Apr/2021:09:37:00 +0800] "POST /xingrg/kc/buy/cgsh_order_operate.html HTTP/1.1" 200 37
114.86.225.109 - - [11/Apr/2021:09:37:01 +0800] "GET /xingrg/kc/buy/cgsh_order_operate.html?command=get_materiel&rest_code=00109&code=00101006179&supplier_code=00100015&order_time=2021-04-11 HTTP/1.1" 200 419
116.224.253.72 - - [11/Apr/2021:09:37:02 +0800] "POST /xingrg/kc/buy/cgsh_order_operate.html HTTP/1.1" 200 7400
116.224.253.72 - - [11/Apr/2021:09:37:06 +0800] "GET /xingrg/kc/buy/cgsh_order_add.html HTTP/1.1" 200 62072
116.224.253.72 - - [11/Apr/2021:09:37:07 +0800] "POST /xingrg/kc/buy/cgsh_order_operate.html HTTP/1.1" 200 8245
116.224.253.72 - - [11/Apr/2021:09:37:07 +0800] "GET /xingrg/javascript/easyui/themes/default/validatebox.css HTTP/1.1" 404 1104
222.69.129.105 - - [11/Apr/2021:09:37:08 +0800] "GET /xingrg/kc/buy/cgsh_order_operate.html?command=get_materiel&rest_code=00149&code=00101006183&supplier_code=00100012&order_time=2021-04-11 HTTP/1.1" 200 409
114.86.225.109 - - [11/Apr/2021:09:37:10 +0800] "GET /xingrg/kc/buy/cgsh_order_operate.html?command=get_materiel&rest_code=00109&code=00101006180&supplier_code=00100015&order_time=2021-04-11 HTTP/1.1" 200 423
116.230.114.112 - - [11/Apr/2021:09:37:15 +0800] "GET /xingrg/all/function/internal_message.html?_=1618105063595&CODE_STATE=getMsg HTTP/1.1" 200 27
116.224.253.72 - - [11/Apr/2021:09:37:16 +0800] "GET /xingrg/kc/buy/cgsh_order_operate.html?command=get_materiel&rest_code=00150&code=00101008256&supplier_code=00100007&order_time=2021-04-11 HTTP/1.1" 200 412
114.86.225.109 - - [11/Apr/2021:09:37:17 +0800] "GET /xingrg/all/function/internal_message.html?_=1618105039791&CODE_STATE=getMsg HTTP/1.1" 200 27
222.69.129.105 - - [11/Apr/2021:09:37:19 +0800] "GET /xingrg/kc/buy/cgsh_order_operate.html?command=get_materiel&rest_code=00149&code=00101006109&supplier_code=00100012&order_time=2021-04-11 HTTP/1.1" 200 429
124.77.71.179 - - [11/Apr/2021:09:37:20 +0800] "GET /xingrg/all/function/internal_message.html?_=1618105042064&CODE_STATE=getMsg HTTP/1.1" 200 27
116.238.141.202 - - [11/Apr/2021:09:37:21 +0800] "GET /xingrg/all/function/internal_message.html?_=1618105318533&CODE_STATE=getMsg HTTP/1.1" 200 27
114.86.225.109 - - [11/Apr/2021:09:37:23 +0800] "GET /xingrg/kc/buy/cgsh_order_operate.html?command=get_materiel&rest_code=00109&code=00101006144&supplier_code=00100015&order_time=2021-04-11 HTTP/1.1" 200 409
116.224.253.72 - - [11/Apr/2021:09:37:24 +0800] "GET /xingrg/kc/buy/cgsh_order_operate.html?command=get_materiel&rest_code=00150&code=00101008042&supplier_code=00100007&order_time=2021-04-11 HTTP/1.1" 200 416
58.40.7.146 - - [11/Apr/2021:09:37:24 +0800] "GET /xingrg/all/function/internal_message.html?_=1618105046292&CODE_STATE=getMsg HTTP/1.1" 302 -
180.169.147.146 - - [11/Apr/2021:09:37:24 +0800] "GET /xingrg/all/function/internal_message.html?_=1618105057618&CODE_STATE=getMsg HTTP/1.1" 200 27
61.165.42.208 - - [11/Apr/2021:09:37:28 +0800] "GET /xingrg/all/function/internal_message.html?_=1618105050155&CODE_STATE=getMsg HTTP/1.1" 200 27
180.169.147.146 - - [11/Apr/2021:09:37:35 +0800] "GET /xingrg/all/function/internal_message.html?_=1618105063870&CODE_STATE=getMsg HTTP/1.1" 302 -
222.70.217.33 - - [11/Apr/2021:09:37:36 +0800] "GET /xingrg/all/function/internal_message.html?_=1618105056651&CODE_STATE=getMsg HTTP/1.1" 200 27
222.69.129.105 - - [11/Apr/2021:09:37:37 +0800] "GET /xingrg/all/function/internal_message.html?_=1618105058447&CODE_STATE=getMsg HTTP/1.1" 200 27
116.224.253.72 - - [11/Apr/2021:09:37:37 +0800] "GET /xingrg/kc/buy/cgsh_order_operate.html?command=get_materiel&rest_code=00150&code=00101008040&supplier_code=00100007&order_time=2021-04-11 HTTP/1.1" 200 412
180.169.147.146 - - [11/Apr/2021:09:37:37 +0800] "GET /xingrg/all/function/internal_message.html?_=1618105058947&CODE_STATE=getMsg HTTP/1.1" 200 27
116.224.253.72 - - [11/Apr/2021:09:37:38 +0800] "GET /xingrg/all/function/internal_message.html?_=1618105062551&CODE_STATE=getMsg HTTP/1.1" 200 27
116.224.253.72 - - [11/Apr/2021:09:37:38 +0800] "GET /xingrg/check_reg.html?_=1618105062553 HTTP/1.1" 200 22
114.88.156.246 - - [11/Apr/2021:09:37:40 +0800] "GET /xingrg/all/function/internal_message.html?_=1618105082987&CODE_STATE=getMsg HTTP/1.1" 200 27
114.88.156.246 - - [11/Apr/2021:09:37:40 +0800] "GET /xingrg/check_reg.html?_=1618105082989 HTTP/1.1" 200 22
116.224.253.72 - - [11/Apr/2021:09:37:42 +0800] "GET /xingrg/all/function/internal_message.html?_=1618105058903&CODE_STATE=getMsg HTTP/1.1" 200 27
114.86.225.109 - - [11/Apr/2021:09:37:44 +0800] "GET /xingrg/system/info/materiel_import.html?isSelect=1&singleSelect=false HTTP/1.1" 200 5600
114.86.225.109 - - [11/Apr/2021:09:37:45 +0800] "POST /xingrg/all/common/load_tree.html?tree=materiel_sort_tree_json HTTP/1.1" 200 8666
124.77.71.179 - - [11/Apr/2021:09:37:47 +0800] "GET /xingrg/kc/buy/cgsh_order_operate.html?command=get_materiel&rest_code=00107&code=00101010065&supplier_code=00100006&order_time=2021-04-11 HTTP/1.1" 200 412
117.184.7.26 - - [11/Apr/2021:09:37:54 +0800] "GET /xingrg/check_reg.html?_=1618105068328 HTTP/1.1" 200 22
222.69.129.105 - - [11/Apr/2021:09:38:00 +0800] "POST /xingrg/kc/buy/cgsh_order_operate.html HTTP/1.1" 200 37
114.86.225.109 - - [11/Apr/2021:09:38:00 +0800] "GET /xingrg/kc/buy/cgsh_order_operate.html?command=get_materiel&rest_code=00109&code=00101006057&supplier_code=00100015&order_time=2021-04-11 HTTP/1.1" 200 413
222.69.129.105 - - [11/Apr/2021:09:38:10 +0800] "POST /xingrg/kc/buy/cgsh_order_operate.html HTTP/1.1" 200 12
124.77.71.179 - - [11/Apr/2021:09:38:10 +0800] "GET /xingrg/kc/buy/cgsh_order_operate.html?command=get_materiel&rest_code=00107&code=00101008083&supplier_code=00100006&order_time=2021-04-11 HTTP/1.1" 200 427
222.69.129.105 - - [11/Apr/2021:09:38:11 +0800] "GET /xingrg/kc/buy/cgsh_order_info.html?code=212021041104060 HTTP/1.1" 200 57103
222.69.129.105 - - [11/Apr/2021:09:38:11 +0800] "GET /xingrg/words/20210411091805_words.js HTTP/1.1" 304 -
222.69.129.105 - - [11/Apr/2021:09:38:11 +0800] "GET /xingrg/javascript/easyui/themes/default/validatebox.css HTTP/1.1" 404 1104
222.69.129.105 - - [11/Apr/2021:09:38:12 +0800] "POST /xingrg/kc/buy/cgsh_order_operate.html HTTP/1.1" 200 1785
116.230.114.112 - - [11/Apr/2021:09:38:15 +0800] "GET /xingrg/all/function/internal_message.html?_=1618105123609&CODE_STATE=getMsg HTTP/1.1" 200 27
114.86.225.109 - - [11/Apr/2021:09:38:17 +0800] "GET /xingrg/all/function/internal_message.html?_=1618105099793&CODE_STATE=getMsg HTTP/1.1" 200 27
222.69.129.105 - - [11/Apr/2021:09:38:19 +0800] "GET /xingrg/kc/print/load_data.html?order_code=212021041104060&kc_code=cgsh&condition= HTTP/1.1" 200 1240
124.77.71.179 - - [11/Apr/2021:09:38:20 +0800] "GET /xingrg/all/function/internal_message.html?_=1618105102056&CODE_STATE=getMsg HTTP/1.1" 200 27
116.238.141.202 - - [11/Apr/2021:09:38:21 +0800] "GET /xingrg/check_reg.html?_=1618105377706 HTTP/1.1" 200 22
180.171.127.22 - - [11/Apr/2021:09:38:21 +0800] "POST /xingrg/services/DataTransmitService HTTP/1.1" 200 524
180.171.127.22 - - [11/Apr/2021:09:38:21 +0800] "POST /xingrg/services/DataTransmitService HTTP/1.1" 200 501
116.238.141.202 - - [11/Apr/2021:09:38:21 +0800] "GET /xingrg/all/function/internal_message.html?_=1618105378533&CODE_STATE=getMsg HTTP/1.1" 200 27
58.40.7.146 - - [11/Apr/2021:09:38:24 +0800] "GET /xingrg/all/function/internal_message.html?_=1618105106294&CODE_STATE=getMsg HTTP/1.1" 302 -
58.40.7.146 - - [11/Apr/2021:09:38:24 +0800] "GET /xingrg/check_reg.html?_=1618105106296 HTTP/1.1" 302 -
180.169.147.146 - - [11/Apr/2021:09:38:24 +0800] "GET /xingrg/all/function/internal_message.html?_=1618105117620&CODE_STATE=getMsg HTTP/1.1" 200 27
61.165.42.208 - - [11/Apr/2021:09:38:28 +0800] "GET /xingrg/check_reg.html?_=1618105110155 HTTP/1.1" 200 22
61.165.42.208 - - [11/Apr/2021:09:38:28 +0800] "GET /xingrg/all/function/internal_message.html?_=1618105110158&CODE_STATE=getMsg HTTP/1.1" 200 27
114.86.225.109 - - [11/Apr/2021:09:38:34 +0800] "GET /xingrg/kc/buy/cgsh_order_operate.html?command=get_materiel&rest_code=00109&code=00101006129&supplier_code=00100015&order_time=2021-04-11 HTTP/1.1" 200 451
180.169.147.146 - - [11/Apr/2021:09:38:35 +0800] "GET /xingrg/all/function/internal_message.html?_=1618105123870&CODE_STATE=getMsg HTTP/1.1" 302 -
222.70.217.33 - - [11/Apr/2021:09:38:36 +0800] "GET /xingrg/all/function/internal_message.html?_=1618105116656&CODE_STATE=getMsg HTTP/1.1" 200 27
222.69.129.105 - - [11/Apr/2021:09:38:37 +0800] "GET /xingrg/all/function/internal_message.html?_=1618105118436&CODE_STATE=getMsg HTTP/1.1" 200 27
180.169.147.146 - - [11/Apr/2021:09:38:37 +0800] "GET /xingrg/all/function/internal_message.html?_=1618105118941&CODE_STATE=getMsg HTTP/1.1" 200 27
222.69.129.105 - - [11/Apr/2021:09:38:38 +0800] "GET /xingrg/check_reg.html?_=1618105119443 HTTP/1.1" 200 22
222.69.129.105 - - [11/Apr/2021:09:38:38 +0800] "GET /xingrg/kc/buy/cgsh_order_add.html HTTP/1.1" 200 62201
116.224.253.72 - - [11/Apr/2021:09:38:38 +0800] "GET /xingrg/all/function/internal_message.html?_=1618105122548&CODE_STATE=getMsg HTTP/1.1" 200 27
222.69.129.105 - - [11/Apr/2021:09:38:38 +0800] "POST /xingrg/kc/buy/cgsh_order_operate.html HTTP/1.1" 200 8245
222.69.129.105 - - [11/Apr/2021:09:38:38 +0800] "GET /xingrg/javascript/easyui/themes/default/validatebox.css HTTP/1.1" 404 1104
114.88.156.246 - - [11/Apr/2021:09:38:40 +0800] "GET /xingrg/all/function/internal_message.html?_=1618105143000&CODE_STATE=getMsg HTTP/1.1" 200 27
116.224.253.72 - - [11/Apr/2021:09:38:41 +0800] "GET /xingrg/kc/buy/cgsh_order_operate.html?command=get_materiel&rest_code=00150&code=00101008331&supplier_code=00100007&order_time=2021-04-11 HTTP/1.1" 200 416
116.224.253.72 - - [11/Apr/2021:09:38:42 +0800] "GET /xingrg/all/function/internal_message.html?_=1618105118927&CODE_STATE=getMsg HTTP/1.1" 200 27
116.224.253.72 - - [11/Apr/2021:09:38:48 +0800] "GET /xingrg/kc/buy/cgsh_order_operate.html?command=get_materiel&rest_code=00150&code=00101008349&supplier_code=00100007&order_time=2021-04-11 HTTP/1.1" 200 412
116.224.253.72 - - [11/Apr/2021:09:38:56 +0800] "GET /xingrg/kc/buy/cgsh_order_operate.html?command=get_materiel&rest_code=00150&code=00101008350&supplier_code=00100007&order_time=2021-04-11 HTTP/1.1" 200 408
222.69.129.105 - - [11/Apr/2021:09:39:00 +0800] "GET /xingrg/kc/buy/cgsh_order_operate.html?command=get_materiel&rest_code=00149&code=00101016025&supplier_code=00100036&order_time=2021-04-11 HTTP/1.1" 200 408
116.224.253.72 - - [11/Apr/2021:09:39:02 +0800] "GET /xingrg/kc/buy/cgsh_order_operate.html?command=get_materiel&rest_code=00150&code=00101008049&supplier_code=00100007&order_time=2021-04-11 HTTP/1.1" 200 408
114.86.225.109 - - [11/Apr/2021:09:39:05 +0800] "POST /xingrg/kc/buy/cgsh_order_operate.html HTTP/1.1" 200 37
124.77.71.179 - - [11/Apr/2021:09:39:06 +0800] "GET /xingrg/kc/buy/cgsh_order_operate.html?command=get_materiel&rest_code=00107&code=00101008084&supplier_code=00100006&order_time=2021-04-11 HTTP/1.1" 200 412
114.86.225.109 - - [11/Apr/2021:09:39:07 +0800] "POST /xingrg/kc/buy/cgsh_order_operate.html HTTP/1.1" 200 6239
116.224.253.72 - - [11/Apr/2021:09:39:09 +0800] "GET /xingrg/kc/buy/cgsh_order_operate.html?command=get_materiel&rest_code=00150&code=00101008185&supplier_code=00100007&order_time=2021-04-11 HTTP/1.1" 200 408
114.86.225.109 - - [11/Apr/2021:09:39:09 +0800] "GET /xingrg/kc/print/load_config.html?kc_code=cgsh HTTP/1.1" 200 1845
114.86.225.109 - - [11/Apr/2021:09:39:10 +0800] "GET /xingrg/kc/print/load_data.html?order_code=212021041104061&kc_code=cgsh&condition= HTTP/1.1" 200 2141
124.77.71.179 - - [11/Apr/2021:09:39:12 +0800] "POST /xingrg/kc/buy/cgsh_order_operate.html HTTP/1.1" 200 2065
114.86.225.109 - - [11/Apr/2021:09:39:14 +0800] "GET /xingrg/kc/buy/cgsh_order_add.html HTTP/1.1" 200 62189
114.86.225.109 - - [11/Apr/2021:09:39:14 +0800] "GET /xingrg/words/20210411091805_words.js HTTP/1.1" 304 -
114.86.225.109 - - [11/Apr/2021:09:39:14 +0800] "POST /xingrg/kc/buy/cgsh_order_operate.html HTTP/1.1" 200 8245
114.86.225.109 - - [11/Apr/2021:09:39:14 +0800] "GET /xingrg/all/common/auto_word.html?type=employee&rest_code=00109 HTTP/1.1" 200 205
114.86.225.109 - - [11/Apr/2021:09:39:14 +0800] "GET /xingrg/javascript/easyui/themes/default/validatebox.css HTTP/1.1" 404 1104
114.86.225.109 - - [11/Apr/2021:09:39:14 +0800] "GET /xingrg/all/common/auto_word.html?type=employee&rest_code=00109 HTTP/1.1" 200 205
222.69.129.105 - - [11/Apr/2021:09:39:15 +0800] "POST /xingrg/kc/buy/cgsh_order_operate.html HTTP/1.1" 200 37
116.230.114.112 - - [11/Apr/2021:09:39:16 +0800] "GET /xingrg/all/function/internal_message.html?_=1618105183758&CODE_STATE=getMsg HTTP/1.1" 200 27
116.224.253.72 - - [11/Apr/2021:09:39:17 +0800] "GET /xingrg/kc/buy/cgsh_order_operate.html?command=get_materiel&rest_code=00150&code=00101008354&supplier_code=00100007&order_time=2021-04-11 HTTP/1.1" 200 412
114.86.225.109 - - [11/Apr/2021:09:39:17 +0800] "GET /xingrg/all/function/internal_message.html?_=1618105159795&CODE_STATE=getMsg HTTP/1.1" 200 27
124.77.71.179 - - [11/Apr/2021:09:39:20 +0800] "GET /xingrg/all/function/internal_message.html?_=1618105162007&CODE_STATE=getMsg HTTP/1.1" 200 27
222.69.129.105 - - [11/Apr/2021:09:39:20 +0800] "POST /xingrg/kc/buy/cgsh_order_operate.html HTTP/1.1" 200 12
222.69.129.105 - - [11/Apr/2021:09:39:21 +0800] "GET /xingrg/kc/buy/cgsh_order_info.html?code=212021041104062 HTTP/1.1" 200 57105
222.69.129.105 - - [11/Apr/2021:09:39:22 +0800] "GET /xingrg/javascript/easyui/themes/default/validatebox.css HTTP/1.1" 404 1104
116.238.141.202 - - [11/Apr/2021:09:39:22 +0800] "GET /xingrg/all/function/internal_message.html?_=1618105438545&CODE_STATE=getMsg HTTP/1.1" 200 27
222.69.129.105 - - [11/Apr/2021:09:39:22 +0800] "POST /xingrg/kc/buy/cgsh_order_operate.html HTTP/1.1" 200 605
116.224.253.72 - - [11/Apr/2021:09:39:22 +0800] "GET /xingrg/kc/buy/cgsh_order_operate.html?command=get_materiel&rest_code=00150&code=00101008015&supplier_code=00100007&order_time=2021-04-11 HTTP/1.1" 200 414
58.40.7.146 - - [11/Apr/2021:09:39:24 +0800] "GET /xingrg/all/function/internal_message.html?_=1618105166296&CODE_STATE=getMsg HTTP/1.1" 302 -
180.169.147.146 - - [11/Apr/2021:09:39:24 +0800] "GET /xingrg/all/function/internal_message.html?_=1618105177621&CODE_STATE=getMsg HTTP/1.1" 200 27
222.69.129.105 - - [11/Apr/2021:09:39:24 +0800] "GET /xingrg/kc/print/load_data.html?order_code=212021041104062&kc_code=cgsh&condition= HTTP/1.1" 200 773
61.165.42.208 - - [11/Apr/2021:09:39:28 +0800] "GET /xingrg/all/function/internal_message.html?_=1618105170153&CODE_STATE=getMsg HTTP/1.1" 200 27
116.224.253.72 - - [11/Apr/2021:09:39:29 +0800] "GET /xingrg/kc/buy/cgsh_order_operate.html?command=get_materiel&rest_code=00150&code=00101008163&supplier_code=00100007&order_time=2021-04-11 HTTP/1.1" 200 409
124.77.71.179 - - [11/Apr/2021:09:39:30 +0800] "GET /xingrg/kc/buy/cgsh_order_operate.html?command=get_materiel&rest_code=00107&code=00101008354&supplier_code=00100006&order_time=2021-04-11 HTTP/1.1" 200 412
222.69.129.105 - - [11/Apr/2021:09:39:31 +0800] "GET /xingrg/kc/buy/cgsh_order_add.html HTTP/1.1" 200 62201
222.69.129.105 - - [11/Apr/2021:09:39:31 +0800] "POST /xingrg/kc/buy/cgsh_order_operate.html HTTP/1.1" 200 8245
222.69.129.105 - - [11/Apr/2021:09:39:31 +0800] "GET /xingrg/javascript/easyui/themes/default/validatebox.css HTTP/1.1" 404 1104
116.224.253.72 - - [11/Apr/2021:09:39:31 +0800] "GET /xingrg/check_reg.html?_=1618105167372 HTTP/1.1" 200 22
180.169.147.146 - - [11/Apr/2021:09:39:35 +0800] "GET /xingrg/all/function/internal_message.html?_=1618105183874&CODE_STATE=getMsg HTTP/1.1" 302 -
116.224.253.72 - - [11/Apr/2021:09:39:36 +0800] "GET /xingrg/kc/buy/cgsh_order_operate.html?command=get_materiel&rest_code=00150&code=00101008224&supplier_code=00100007&order_time=2021-04-11 HTTP/1.1" 200 416
222.70.217.33 - - [11/Apr/2021:09:39:36 +0800] "GET /xingrg/all/function/internal_message.html?_=1618105176647&CODE_STATE=getMsg HTTP/1.1" 200 27
222.69.129.105 - - [11/Apr/2021:09:39:37 +0800] "GET /xingrg/all/function/internal_message.html?_=1618105178466&CODE_STATE=getMsg HTTP/1.1" 200 27
180.169.147.146 - - [11/Apr/2021:09:39:37 +0800] "GET /xingrg/all/function/internal_message.html?_=1618105178937&CODE_STATE=getMsg HTTP/1.1" 200 27
116.224.253.72 - - [11/Apr/2021:09:39:38 +0800] "GET /xingrg/all/function/internal_message.html?_=1618105182552&CODE_STATE=getMsg HTTP/1.1" 200 27
114.88.156.246 - - [11/Apr/2021:09:39:40 +0800] "GET /xingrg/all/function/internal_message.html?_=1618105203014&CODE_STATE=getMsg HTTP/1.1" 200 27
124.77.71.179 - - [11/Apr/2021:09:39:42 +0800] "GET /xingrg/kc/buy/cgsh_order_operate.html?command=get_materiel&rest_code=00107&code=00101008351&supplier_code=00100006&order_time=2021-04-11 HTTP/1.1" 200 408
116.224.253.72 - - [11/Apr/2021:09:39:42 +0800] "GET /xingrg/all/function/internal_message.html?_=1618105178930&CODE_STATE=getMsg HTTP/1.1" 200 27
116.224.253.72 - - [11/Apr/2021:09:39:43 +0800] "GET /xingrg/kc/buy/cgsh_order_operate.html?command=get_materiel&rest_code=00150&code=00101008370&supplier_code=00100007&order_time=2021-04-11 HTTP/1.1" 200 412
116.224.253.72 - - [11/Apr/2021:09:39:48 +0800] "GET /xingrg/kc/buy/cgsh_order_operate.html?command=get_materiel&rest_code=00150&code=00101008126&supplier_code=00100007&order_time=2021-04-11 HTTP/1.1" 200 412
124.77.71.179 - - [11/Apr/2021:09:39:52 +0800] "POST /xingrg/kc/buy/cgsh_order_operate.html HTTP/1.1" 200 37
222.69.129.105 - - [11/Apr/2021:09:39:53 +0800] "GET /xingrg/kc/buy/cgsh_order_operate.html?command=get_materiel&rest_code=00149&code=00101009049&supplier_code=00100201&order_time=2021-04-11 HTTP/1.1" 200 416
116.224.253.72 - - [11/Apr/2021:09:39:55 +0800] "GET /xingrg/kc/buy/cgsh_order_operate.html?command=get_materiel&rest_code=00150&code=00101008355&supplier_code=00100007&order_time=2021-04-11 HTTP/1.1" 200 408
124.77.71.179 - - [11/Apr/2021:09:39:55 +0800] "POST /xingrg/kc/buy/cgsh_order_operate.html HTTP/1.1" 200 41110
124.77.71.179 - - [11/Apr/2021:09:40:01 +0800] "GET /xingrg/kc/print/load_config.html?kc_code=cgsh HTTP/1.1" 200 1845
124.77.71.179 - - [11/Apr/2021:09:40:01 +0800] "GET /xingrg/kc/print/load_data.html?order_code=212021041104063&kc_code=cgsh&condition= HTTP/1.1" 200 15217
222.69.129.105 - - [11/Apr/2021:09:40:02 +0800] "GET /xingrg/kc/buy/cgsh_order_operate.html?command=get_materiel&rest_code=00149&code=00101009062&supplier_code=00100201&order_time=2021-04-11 HTTP/1.1" 200 412
116.224.253.72 - - [11/Apr/2021:09:40:03 +0800] "GET /xingrg/kc/buy/cgsh_order_operate.html?command=get_materiel&rest_code=00150&code=00101008144&supplier_code=00100007&order_time=2021-04-11 HTTP/1.1" 200 412
222.69.129.105 - - [11/Apr/2021:09:40:09 +0800] "GET /xingrg/kc/buy/cgsh_order_operate.html?command=get_materiel&rest_code=00149&code=00101009011&supplier_code=00100201&order_time=2021-04-11 HTTP/1.1" 200 416
116.230.114.112 - - [11/Apr/2021:09:40:16 +0800] "GET /xingrg/all/function/internal_message.html?_=1618105243762&CODE_STATE=getMsg HTTP/1.1" 200 27
114.86.225.109 - - [11/Apr/2021:09:40:17 +0800] "GET /xingrg/check_reg.html?_=1618105219799 HTTP/1.1" 200 22
114.86.225.109 - - [11/Apr/2021:09:40:17 +0800] "GET /xingrg/all/function/internal_message.html?_=1618105219797&CODE_STATE=getMsg HTTP/1.1" 200 27
124.77.71.179 - - [11/Apr/2021:09:40:20 +0800] "GET /xingrg/all/function/internal_message.html?_=1618105221992&CODE_STATE=getMsg HTTP/1.1" 200 27
222.69.129.105 - - [11/Apr/2021:09:40:21 +0800] "GET /xingrg/kc/buy/cgsh_order_operate.html?command=get_materiel&rest_code=00149&code=00101009010&supplier_code=00100201&order_time=2021-04-11 HTTP/1.1" 200 412
116.238.141.202 - - [11/Apr/2021:09:40:21 +0800] "GET /xingrg/all/function/internal_message.html?_=1618105498560&CODE_STATE=getMsg HTTP/1.1" 200 27
180.169.147.146 - - [11/Apr/2021:09:40:24 +0800] "GET /xingrg/all/function/internal_message.html?_=1618105237608&CODE_STATE=getMsg HTTP/1.1" 200 27
58.40.7.146 - - [11/Apr/2021:09:40:24 +0800] "GET /xingrg/all/function/internal_message.html?_=1618105226298&CODE_STATE=getMsg HTTP/1.1" 302 -
61.165.42.208 - - [11/Apr/2021:09:40:28 +0800] "GET /xingrg/all/function/internal_message.html?_=1618105230154&CODE_STATE=getMsg HTTP/1.1" 200 27
180.169.147.146 - - [11/Apr/2021:09:40:35 +0800] "GET /xingrg/all/function/internal_message.html?_=1618105243873&CODE_STATE=getMsg HTTP/1.1" 302 -
180.169.147.146 - - [11/Apr/2021:09:40:35 +0800] "GET /xingrg/check_reg.html?_=1618105243877 HTTP/1.1" 302 -
222.70.217.33 - - [11/Apr/2021:09:40:36 +0800] "GET /xingrg/all/function/internal_message.html?_=1618105236654&CODE_STATE=getMsg HTTP/1.1" 200 27
222.70.217.33 - - [11/Apr/2021:09:40:36 +0800] "GET /xingrg/check_reg.html?_=1618105236661 HTTP/1.1" 200 22
222.69.129.105 - - [11/Apr/2021:09:40:37 +0800] "GET /xingrg/all/function/internal_message.html?_=1618105238444&CODE_STATE=getMsg HTTP/1.1" 200 27
180.169.147.146 - - [11/Apr/2021:09:40:37 +0800] "GET /xingrg/all/function/internal_message.html?_=1618105238954&CODE_STATE=getMsg HTTP/1.1" 200 27
116.224.253.72 - - [11/Apr/2021:09:40:38 +0800] "GET /xingrg/all/function/internal_message.html?_=1618105242561&CODE_STATE=getMsg HTTP/1.1" 200 27
114.88.156.246 - - [11/Apr/2021:09:40:40 +0800] "GET /xingrg/all/function/internal_message.html?_=1618105263013&CODE_STATE=getMsg HTTP/1.1" 200 27
222.69.129.105 - - [11/Apr/2021:09:40:41 +0800] "GET /xingrg/kc/buy/cgsh_order_operate.html?command=get_materiel&rest_code=00149&code=00101009004&supplier_code=00100201&order_time=2021-04-11 HTTP/1.1" 200 409
116.224.253.72 - - [11/Apr/2021:09:40:42 +0800] "GET /xingrg/all/function/internal_message.html?_=1618105238944&CODE_STATE=getMsg HTTP/1.1" 200 27
222.69.129.105 - - [11/Apr/2021:09:40:55 +0800] "GET /xingrg/kc/buy/cgsh_order_operate.html?command=get_materiel&rest_code=00149&code=00101009096&supplier_code=00100201&order_time=2021-04-11 HTTP/1.1" 200 395
222.69.129.105 - - [11/Apr/2021:09:41:09 +0800] "GET /xingrg/kc/buy/cgsh_order_operate.html?command=get_materiel&rest_code=00149&code=00101009012&supplier_code=00100201&order_time=2021-04-11 HTTP/1.1" 200 409
116.230.114.112 - - [11/Apr/2021:09:41:16 +0800] "GET /xingrg/all/function/internal_message.html?_=1618105303897&CODE_STATE=getMsg HTTP/1.1" 200 27
116.224.253.72 - - [11/Apr/2021:09:41:17 +0800] "GET /xingrg/kc/buy/cgsh_order_operate.html?command=get_materiel&rest_code=00150&code=00101008372&supplier_code=00100007&order_time=2021-04-11 HTTP/1.1" 200 408
114.86.225.109 - - [11/Apr/2021:09:41:17 +0800] "GET /xingrg/all/function/internal_message.html?_=1618105279797&CODE_STATE=getMsg HTTP/1.1" 200 27
124.77.71.179 - - [11/Apr/2021:09:41:20 +0800] "GET /xingrg/all/function/internal_message.html?_=1618105281988&CODE_STATE=getMsg HTTP/1.1" 200 27
124.77.71.179 - - [11/Apr/2021:09:41:20 +0800] "GET /xingrg/check_reg.html?_=1618105282026 HTTP/1.1" 200 22
116.230.114.112 - - [11/Apr/2021:09:41:20 +0800] "GET /xingrg/check_reg.html?_=1618105308286 HTTP/1.1" 200 22
116.238.141.202 - - [11/Apr/2021:09:41:21 +0800] "GET /xingrg/all/function/internal_message.html?_=1618105558746&CODE_STATE=getMsg HTTP/1.1" 200 27
222.69.129.105 - - [11/Apr/2021:09:41:24 +0800] "GET /xingrg/kc/buy/cgsh_order_operate.html?command=get_materiel&rest_code=00149&code=00101009013&supplier_code=00100201&order_time=2021-04-11 HTTP/1.1" 200 420
58.40.7.146 - - [11/Apr/2021:09:41:24 +0800] "GET /xingrg/all/function/internal_message.html?_=1618105286285&CODE_STATE=getMsg HTTP/1.1" 302 -
180.169.147.146 - - [11/Apr/2021:09:41:24 +0800] "GET /xingrg/all/function/internal_message.html?_=1618105297609&CODE_STATE=getMsg HTTP/1.1" 200 27
180.169.147.146 - - [11/Apr/2021:09:41:24 +0800] "GET /xingrg/check_reg.html?_=1618105297613 HTTP/1.1" 200 22
116.224.253.72 - - [11/Apr/2021:09:41:25 +0800] "GET /xingrg/kc/buy/cgsh_order_operate.html?command=get_materiel&rest_code=00150&code=00101008264&supplier_code=00100007&order_time=2021-04-11 HTTP/1.1" 200 412
61.165.42.208 - - [11/Apr/2021:09:41:28 +0800] "GET /xingrg/all/function/internal_message.html?_=1618105290153&CODE_STATE=getMsg HTTP/1.1" 200 27
116.224.253.72 - - [11/Apr/2021:09:41:31 +0800] "GET /xingrg/kc/buy/cgsh_order_operate.html?command=get_materiel&rest_code=00150&code=00101008024&supplier_code=00100007&order_time=2021-04-11 HTTP/1.1" 200 408
180.169.147.146 - - [11/Apr/2021:09:41:35 +0800] "GET /xingrg/all/function/internal_message.html?_=1618105303874&CODE_STATE=getMsg HTTP/1.1" 302 -
222.70.217.33 - - [11/Apr/2021:09:41:36 +0800] "GET /xingrg/all/function/internal_message.html?_=1618105296648&CODE_STATE=getMsg HTTP/1.1" 200 27
222.69.129.105 - - [11/Apr/2021:09:41:36 +0800] "GET /xingrg/all/function/internal_message.html?_=1618105298419&CODE_STATE=getMsg HTTP/1.1" 200 27
180.169.147.146 - - [11/Apr/2021:09:41:37 +0800] "GET /xingrg/check_reg.html?_=1618105298952 HTTP/1.1" 200 22
180.169.147.146 - - [11/Apr/2021:09:41:37 +0800] "GET /xingrg/all/function/internal_message.html?_=1618105298953&CODE_STATE=getMsg HTTP/1.1" 200 27
116.224.253.72 - - [11/Apr/2021:09:41:37 +0800] "GET /xingrg/kc/buy/cgsh_order_operate.html?command=get_materiel&rest_code=00150&code=00101008356&supplier_code=00100007&order_time=2021-04-11 HTTP/1.1" 200 408
124.77.71.179 - - [11/Apr/2021:09:41:38 +0800] "GET /xingrg/kc/buy/cgsh_order_add.html HTTP/1.1" 200 62236
116.224.253.72 - - [11/Apr/2021:09:41:38 +0800] "GET /xingrg/all/function/internal_message.html?_=1618105302615&CODE_STATE=getMsg HTTP/1.1" 200 27
124.77.71.179 - - [11/Apr/2021:09:41:39 +0800] "GET /xingrg/words/20210411091805_words.js HTTP/1.1" 200 804539
116.224.253.72 - - [11/Apr/2021:09:41:39 +0800] "POST /xingrg/kc/buy/cgsh_order_operate.html HTTP/1.1" 200 2065
124.77.71.179 - - [11/Apr/2021:09:41:40 +0800] "GET /xingrg/javascript/easyui/themes/default/validatebox.css HTTP/1.1" 404 1104
124.77.71.179 - - [11/Apr/2021:09:41:40 +0800] "POST /xingrg/kc/buy/cgsh_order_operate.html HTTP/1.1" 200 8245
114.88.156.246 - - [11/Apr/2021:09:41:40 +0800] "GET /xingrg/all/function/internal_message.html?_=1618105323011&CODE_STATE=getMsg HTTP/1.1" 200 27
116.224.253.72 - - [11/Apr/2021:09:41:42 +0800] "GET /xingrg/all/function/internal_message.html?_=1618105298970&CODE_STATE=getMsg HTTP/1.1" 200 27
116.224.253.72 - - [11/Apr/2021:09:41:45 +0800] "GET /xingrg/kc/buy/cgsh_order_operate.html?command=get_materiel&rest_code=00150&code=00101008272&supplier_code=00100007&order_time=2021-04-11 HTTP/1.1" 200 412
116.224.253.72 - - [11/Apr/2021:09:41:53 +0800] "GET /xingrg/kc/buy/cgsh_order_operate.html?command=get_materiel&rest_code=00150&code=00101008137&supplier_code=00100007&order_time=2021-04-11 HTTP/1.1" 200 408
222.69.129.105 - - [11/Apr/2021:09:41:53 +0800] "GET /xingrg/kc/buy/cgsh_order_operate.html?command=get_materiel&rest_code=00149&code=00101009016&supplier_code=00100201&order_time=2021-04-11 HTTP/1.1" 200 412
124.77.71.179 - - [11/Apr/2021:09:41:57 +0800] "GET /xingrg/javascript/easyui/themes/default/tree.css HTTP/1.1" 404 1090
124.77.71.179 - - [11/Apr/2021:09:41:57 +0800] "POST /xingrg/all/common/load_tree.html?tree=supplier_tree_json&isDelete=1 HTTP/1.1" 200 54827
116.224.253.72 - - [11/Apr/2021:09:41:59 +0800] "GET /xingrg/kc/buy/cgsh_order_operate.html?command=get_materiel&rest_code=00150&code=00101008360&supplier_code=00100007&order_time=2021-04-11 HTTP/1.1" 200 413
116.224.253.72 - - [11/Apr/2021:09:42:10 +0800] "GET /xingrg/kc/buy/cgsh_order_operate.html?command=get_materiel&rest_code=00150&code=00101008286&supplier_code=00100007&order_time=2021-04-11 HTTP/1.1" 200 408
116.230.114.112 - - [11/Apr/2021:09:42:16 +0800] "GET /xingrg/all/function/internal_message.html?_=1618105363897&CODE_STATE=getMsg HTTP/1.1" 200 27
114.86.225.109 - - [11/Apr/2021:09:42:17 +0800] "GET /xingrg/all/function/internal_message.html?_=1618105339802&CODE_STATE=getMsg HTTP/1.1" 200 27
124.77.71.179 - - [11/Apr/2021:09:42:20 +0800] "GET /xingrg/all/function/internal_message.html?_=1618105341989&CODE_STATE=getMsg HTTP/1.1" 200 27
116.224.253.72 - - [11/Apr/2021:09:42:21 +0800] "GET /xingrg/kc/buy/cgsh_order_operate.html?command=get_materiel&rest_code=00150&code=00101008036&supplier_code=00100007&order_time=2021-04-11 HTTP/1.1" 200 408
116.238.141.202 - - [11/Apr/2021:09:42:21 +0800] "GET /xingrg/all/function/internal_message.html?_=1618105618758&CODE_STATE=getMsg HTTP/1.1" 200 27
58.40.7.146 - - [11/Apr/2021:09:42:24 +0800] "GET /xingrg/all/function/internal_message.html?_=1618105346290&CODE_STATE=getMsg HTTP/1.1" 302 -
180.169.147.146 - - [11/Apr/2021:09:42:24 +0800] "GET /xingrg/all/function/internal_message.html?_=1618105357613&CODE_STATE=getMsg HTTP/1.1" 200 27
116.224.253.72 - - [11/Apr/2021:09:42:25 +0800] "POST /xingrg/kc/buy/cgsh_order_operate.html HTTP/1.1" 200 2065
61.165.42.208 - - [11/Apr/2021:09:42:28 +0800] "GET /xingrg/all/function/internal_message.html?_=1618105350143&CODE_STATE=getMsg HTTP/1.1" 200 27
180.169.147.146 - - [11/Apr/2021:09:42:31 +0800] "GET /xingrg/index.html?sysBaseUrl=http%3A%2F%2F180.169.147.146%3A18081%2Fxingrg%2F&costTime=185×tamp=1615458382968 HTTP/1.1" 302 -
180.169.147.146 - - [11/Apr/2021:09:42:31 +0800] "GET /xingrg/login.html HTTP/1.1" 200 7641
180.169.147.146 - - [11/Apr/2021:09:42:31 +0800] "GET /favicon.ico HTTP/1.1" 404 -
180.169.147.146 - - [11/Apr/2021:09:42:33 +0800] "POST /xingrg/login.do HTTP/1.1" 302 -
180.169.147.146 - - [11/Apr/2021:09:42:34 +0800] "GET /xingrg/index.html?sysBaseUrl=http%3A%2F%2F180.169.147.146%3A18081%2Fxingrg%2F&costTime=435×tamp=1618105353971 HTTP/1.1" 200 17179
116.224.253.72 - - [11/Apr/2021:09:42:34 +0800] "POST /xingrg/kc/buy/cgsh_order_operate.html HTTP/1.1" 200 37
180.169.147.146 - - [11/Apr/2021:09:42:34 +0800] "GET /favicon.ico HTTP/1.1" 404 -
180.169.147.146 - - [11/Apr/2021:09:42:34 +0800] "POST /xingrg/all/common/load_tree.html?tree=area_rest_tree_json&manage=1 HTTP/1.1" 200 351
180.169.147.146 - - [11/Apr/2021:09:42:34 +0800] "GET /xingrg/all/function/internal_message.html?_=1618105355370&CODE_STATE=count HTTP/1.1" 200 11
180.169.147.146 - - [11/Apr/2021:09:42:34 +0800] "GET /xingrg/check_reg.html?_=1618105355371 HTTP/1.1" 200 22
180.169.147.146 - - [11/Apr/2021:09:42:35 +0800] "GET /xingrg/all/function/internal_message.html?_=1618105363877&CODE_STATE=getMsg HTTP/1.1" 302 -
180.169.147.146 - - [11/Apr/2021:09:42:35 +0800] "POST /xingrg/load_menu.html HTTP/1.1" 200 5138
222.70.217.33 - - [11/Apr/2021:09:42:36 +0800] "GET /xingrg/all/function/internal_message.html?_=1618105356652&CODE_STATE=getMsg HTTP/1.1" 200 27
222.69.129.105 - - [11/Apr/2021:09:42:36 +0800] "GET /xingrg/all/function/internal_message.html?_=1618105358399&CODE_STATE=getMsg HTTP/1.1" 200 27
180.169.147.146 - - [11/Apr/2021:09:42:37 +0800] "GET /xingrg/all/function/internal_message.html?_=1618105358943&CODE_STATE=getMsg HTTP/1.1" 200 27
180.169.147.146 - - [11/Apr/2021:09:42:37 +0800] "GET /xingrg/kc/buy/buy_main.html HTTP/1.1" 200 12412
180.169.147.146 - - [11/Apr/2021:09:42:37 +0800] "GET /xingrg/css/new_ie.css HTTP/1.1" 404 1036
124.77.71.179 - - [11/Apr/2021:09:42:38 +0800] "GET /xingrg/kc/buy/cgsh_order_operate.html?command=get_materiel&rest_code=00107&code=00101012025&supplier_code=00100033&order_time=2021-04-11 HTTP/1.1" 200 412
180.169.147.146 - - [11/Apr/2021:09:42:38 +0800] "GET /xingrg/images/yd/bt.gif HTTP/1.1" 404 1040
180.169.147.146 - - [11/Apr/2021:09:42:39 +0800] "GET /xingrg/kc/buy/cgsh_order_list.html HTTP/1.1" 200 46416
114.88.156.246 - - [11/Apr/2021:09:42:40 +0800] "GET /xingrg/all/function/internal_message.html?_=1618105383010&CODE_STATE=getMsg HTTP/1.1" 200 27
114.88.156.246 - - [11/Apr/2021:09:42:40 +0800] "GET /xingrg/check_reg.html?_=1618105383013 HTTP/1.1" 200 22
222.69.129.105 - - [11/Apr/2021:09:42:42 +0800] "GET /xingrg/kc/buy/cgsh_order_operate.html?command=get_materiel&rest_code=00149&code=00101009007&supplier_code=00100201&order_time=2021-04-11 HTTP/1.1" 200 408
116.224.253.72 - - [11/Apr/2021:09:42:42 +0800] "GET /xingrg/all/function/internal_message.html?_=1618105358971&CODE_STATE=getMsg HTTP/1.1" 200 27
180.169.147.146 - - [11/Apr/2021:09:42:47 +0800] "POST /xingrg/kc/buy/cgsh_list_operate.html HTTP/1.1" 200 5175
116.224.253.72 - - [11/Apr/2021:09:42:50 +0800] "POST /xingrg/kc/buy/cgsh_order_operate.html HTTP/1.1" 200 16851
117.184.7.26 - - [11/Apr/2021:09:42:54 +0800] "GET /xingrg/check_reg.html?_=1618105368299 HTTP/1.1" 200 22
180.169.147.146 - - [11/Apr/2021:09:42:58 +0800] "POST /xingrg/kc/buy/cgsh_list_operate.html HTTP/1.1" 200 3356
116.224.253.72 - - [11/Apr/2021:09:42:58 +0800] "GET /xingrg/kc/buy/cgsh_order_operate.html?command=get_materiel&rest_code=00150&code=00101008131&supplier_code=00100007&order_time=2021-04-11 HTTP/1.1" 200 408
124.77.71.179 - - [11/Apr/2021:09:42:58 +0800] "GET /xingrg/kc/buy/cgsh_order_operate.html?command=get_materiel&rest_code=00107&code=00101016080&supplier_code=00100033&order_time=2021-04-11 HTTP/1.1" 200 408
180.169.147.146 - - [11/Apr/2021:09:43:04 +0800] "POST /xingrg/kc/buy/cgsh_list_operate.html HTTP/1.1" 200 5370
116.224.253.72 - - [11/Apr/2021:09:43:07 +0800] "GET /xingrg/kc/buy/cgsh_order_operate.html?command=get_materiel&rest_code=00150&code=00101008296&supplier_code=00100007&order_time=2021-04-11 HTTP/1.1" 200 416
124.77.71.179 - - [11/Apr/2021:09:43:10 +0800] "GET /xingrg/kc/buy/cgsh_order_operate.html?command=get_materiel&rest_code=00107&code=00101007109&supplier_code=00100033&order_time=2021-04-11 HTTP/1.1" 200 408
116.224.253.72 - - [11/Apr/2021:09:43:12 +0800] "GET /xingrg/kc/buy/cgsh_order_operate.html?command=get_materiel&rest_code=00150&code=00101008318&supplier_code=00100007&order_time=2021-04-11 HTTP/1.1" 200 408
180.169.147.146 - - [11/Apr/2021:09:43:14 +0800] "POST /xingrg/kc/buy/cgsh_list_operate.html HTTP/1.1" 200 5175
116.230.114.112 - - [11/Apr/2021:09:43:16 +0800] "GET /xingrg/all/function/internal_message.html?_=1618105423912&CODE_STATE=getMsg HTTP/1.1" 200 27
114.86.225.109 - - [11/Apr/2021:09:43:17 +0800] "GET /xingrg/all/function/internal_message.html?_=1618105399802&CODE_STATE=getMsg HTTP/1.1" 200 27
180.169.147.146 - - [11/Apr/2021:09:43:19 +0800] "POST /xingrg/kc/buy/cgsh_list_operate.html HTTP/1.1" 200 198
124.77.71.179 - - [11/Apr/2021:09:43:20 +0800] "GET /xingrg/all/function/internal_message.html?_=1618105401985&CODE_STATE=getMsg HTTP/1.1" 200 27
116.238.141.202 - - [11/Apr/2021:09:43:21 +0800] "GET /xingrg/check_reg.html?_=1618105678223 HTTP/1.1" 200 22
116.238.141.202 - - [11/Apr/2021:09:43:21 +0800] "GET /xingrg/all/function/internal_message.html?_=1618105678772&CODE_STATE=getMsg HTTP/1.1" 200 27
222.69.129.105 - - [11/Apr/2021:09:43:23 +0800] "POST /xingrg/kc/buy/cgsh_order_operate.html HTTP/1.1" 200 37
58.40.7.146 - - [11/Apr/2021:09:43:24 +0800] "GET /xingrg/all/function/internal_message.html?_=1618105406293&CODE_STATE=getMsg HTTP/1.1" 302 -
180.169.147.146 - - [11/Apr/2021:09:43:24 +0800] "GET /xingrg/all/function/internal_message.html?_=1618105417613&CODE_STATE=getMsg HTTP/1.1" 200 27
58.40.7.146 - - [11/Apr/2021:09:43:24 +0800] "GET /xingrg/check_reg.html?_=1618105406294 HTTP/1.1" 302 -
222.69.129.105 - - [11/Apr/2021:09:43:26 +0800] "POST /xingrg/kc/buy/cgsh_order_operate.html HTTP/1.1" 200 12
222.69.129.105 - - [11/Apr/2021:09:43:28 +0800] "GET /xingrg/kc/buy/cgsh_order_info.html?code=212021041104065 HTTP/1.1" 200 57103
222.69.129.105 - - [11/Apr/2021:09:43:28 +0800] "GET /xingrg/words/20210411091805_words.js HTTP/1.1" 304 -
61.165.42.208 - - [11/Apr/2021:09:43:28 +0800] "GET /xingrg/check_reg.html?_=1618105410146 HTTP/1.1" 200 22
61.165.42.208 - - [11/Apr/2021:09:43:28 +0800] "GET /xingrg/all/function/internal_message.html?_=1618105410142&CODE_STATE=getMsg HTTP/1.1" 200 27
222.69.129.105 - - [11/Apr/2021:09:43:28 +0800] "GET /xingrg/javascript/easyui/themes/default/validatebox.css HTTP/1.1" 404 1104
222.69.129.105 - - [11/Apr/2021:09:43:29 +0800] "POST /xingrg/kc/buy/cgsh_order_operate.html HTTP/1.1" 200 7705
222.69.129.105 - - [11/Apr/2021:09:43:30 +0800] "GET /xingrg/kc/print/load_data.html?order_code=212021041104065&kc_code=cgsh&condition= HTTP/1.1" 200 3402
124.77.71.179 - - [11/Apr/2021:09:43:32 +0800] "GET /xingrg/kc/buy/cgsh_order_operate.html?command=get_materiel&rest_code=00107&code=00101016075&supplier_code=00100033&order_time=2021-04-11 HTTP/1.1" 200 445
180.169.147.146 - - [11/Apr/2021:09:43:34 +0800] "GET /xingrg/all/function/internal_message.html?_=1618105415378&CODE_STATE=getMsg HTTP/1.1" 200 27
180.169.147.146 - - [11/Apr/2021:09:43:35 +0800] "GET /xingrg/all/function/internal_message.html?_=1618105423874&CODE_STATE=getMsg HTTP/1.1" 302 -
222.70.217.33 - - [11/Apr/2021:09:43:36 +0800] "GET /xingrg/all/function/internal_message.html?_=1618105418619&CODE_STATE=getMsg HTTP/1.1" 200 27
222.69.129.105 - - [11/Apr/2021:09:43:36 +0800] "GET /xingrg/all/function/internal_message.html?_=1618105418386&CODE_STATE=getMsg HTTP/1.1" 200 27
180.169.147.146 - - [11/Apr/2021:09:43:37 +0800] "GET /xingrg/all/function/internal_message.html?_=1618105418933&CODE_STATE=getMsg HTTP/1.1" 200 27
222.69.129.105 - - [11/Apr/2021:09:43:38 +0800] "GET /xingrg/check_reg.html?_=1618105419466 HTTP/1.1" 200 22
116.224.253.72 - - [11/Apr/2021:09:43:38 +0800] "GET /xingrg/all/function/internal_message.html?_=1618105422635&CODE_STATE=getMsg HTTP/1.1" 200 27
114.88.156.246 - - [11/Apr/2021:09:43:40 +0800] "GET /xingrg/all/function/internal_message.html?_=1618105443011&CODE_STATE=getMsg HTTP/1.1" 200 27
116.224.253.72 - - [11/Apr/2021:09:43:42 +0800] "GET /xingrg/all/function/internal_message.html?_=1618105418995&CODE_STATE=getMsg HTTP/1.1" 200 27
114.86.225.109 - - [11/Apr/2021:09:43:57 +0800] "GET /xingrg/kc/buy/cgsh_order_operate.html?command=get_materiel&rest_code=00109&code=00101016040&supplier_code=00100028&order_time=2021-04-11 HTTP/1.1" 200 457
114.86.225.109 - - [11/Apr/2021:09:44:05 +0800] "GET /xingrg/kc/buy/cgsh_order_operate.html?command=get_materiel&rest_code=00109&code=00101016037&supplier_code=00100028&order_time=2021-04-11 HTTP/1.1" 200 451
114.86.225.109 - - [11/Apr/2021:09:44:12 +0800] "GET /xingrg/kc/buy/cgsh_order_operate.html?command=get_materiel&rest_code=00109&code=00101016097&supplier_code=00100028&order_time=2021-04-11 HTTP/1.1" 200 470
222.70.217.33 - - [11/Apr/2021:09:44:12 +0800] "GET /xingrg/kc/buy/cgsh_order_add.html HTTP/1.1" 200 62116
222.70.217.33 - - [11/Apr/2021:09:44:13 +0800] "GET /xingrg/words/20210411091805_words.js HTTP/1.1" 200 804539
222.70.217.33 - - [11/Apr/2021:09:44:13 +0800] "POST /xingrg/kc/buy/cgsh_order_operate.html HTTP/1.1" 200 8245
222.70.217.33 - - [11/Apr/2021:09:44:13 +0800] "GET /xingrg/javascript/easyui/themes/default/validatebox.css HTTP/1.1" 404 1104
116.230.114.112 - - [11/Apr/2021:09:44:16 +0800] "GET /xingrg/all/function/internal_message.html?_=1618105484075&CODE_STATE=getMsg HTTP/1.1" 200 27
114.86.225.109 - - [11/Apr/2021:09:44:17 +0800] "GET /xingrg/all/function/internal_message.html?_=1618105459804&CODE_STATE=getMsg HTTP/1.1" 200 27
124.77.71.179 - - [11/Apr/2021:09:44:20 +0800] "GET /xingrg/all/function/internal_message.html?_=1618105461998&CODE_STATE=getMsg HTTP/1.1" 200 27
222.70.217.33 - - [11/Apr/2021:09:44:22 +0800] "GET /xingrg/kc/buy/cgsh_order_operate.html?command=get_materiel&rest_code=00155&code=00101008350&supplier_code=00100005&order_time=2021-04-11 HTTP/1.1" 200 408
116.238.141.202 - - [11/Apr/2021:09:44:22 +0800] "GET /xingrg/all/function/internal_message.html?_=1618105738788&CODE_STATE=getMsg HTTP/1.1" 200 27
180.169.147.146 - - [11/Apr/2021:09:44:24 +0800] "GET /xingrg/all/function/internal_message.html?_=1618105477614&CODE_STATE=getMsg HTTP/1.1" 200 27
58.40.7.146 - - [11/Apr/2021:09:44:24 +0800] "GET /xingrg/all/function/internal_message.html?_=1618105466296&CODE_STATE=getMsg HTTP/1.1" 302 -
114.86.225.109 - - [11/Apr/2021:09:44:27 +0800] "GET /xingrg/kc/buy/cgsh_order_operate.html?command=get_materiel&rest_code=00109&code=00101016034&supplier_code=00100028&order_time=2021-04-11 HTTP/1.1" 200 456
61.165.42.208 - - [11/Apr/2021:09:44:28 +0800] "GET /xingrg/all/function/internal_message.html?_=1618105470146&CODE_STATE=getMsg HTTP/1.1" 200 27
222.70.217.33 - - [11/Apr/2021:09:44:28 +0800] "GET /xingrg/kc/buy/cgsh_order_operate.html?command=get_materiel&rest_code=00155&code=00101008331&supplier_code=00100005&order_time=2021-04-11 HTTP/1.1" 200 416
116.224.253.72 - - [11/Apr/2021:09:44:31 +0800] "GET /xingrg/check_reg.html?_=1618105467383 HTTP/1.1" 200 22
180.169.147.146 - - [11/Apr/2021:09:44:34 +0800] "GET /xingrg/all/function/internal_message.html?_=1618105475375&CODE_STATE=getMsg HTTP/1.1" 200 27
180.169.147.146 - - [11/Apr/2021:09:44:35 +0800] "GET /xingrg/all/function/internal_message.html?_=1618105483875&CODE_STATE=getMsg HTTP/1.1" 302 -
222.70.217.33 - - [11/Apr/2021:09:44:36 +0800] "GET /xingrg/kc/buy/cgsh_order_operate.html?command=get_materiel&rest_code=00155&code=00101008207&supplier_code=00100005&order_time=2021-04-11 HTTP/1.1" 200 408
222.70.217.33 - - [11/Apr/2021:09:44:36 +0800] "GET /xingrg/all/function/internal_message.html?_=1618105478615&CODE_STATE=getMsg HTTP/1.1" 200 27
222.69.129.105 - - [11/Apr/2021:09:44:36 +0800] "GET /xingrg/all/function/internal_message.html?_=1618105478362&CODE_STATE=getMsg HTTP/1.1" 200 27
180.169.147.146 - - [11/Apr/2021:09:44:37 +0800] "GET /xingrg/all/function/internal_message.html?_=1618105478942&CODE_STATE=getMsg HTTP/1.1" 200 27
116.224.253.72 - - [11/Apr/2021:09:44:38 +0800] "GET /xingrg/all/function/internal_message.html?_=1618105482617&CODE_STATE=getMsg HTTP/1.1" 200 27
101.89.239.232 - - [11/Apr/2021:09:44:39 +0800] "GET /xingrg/all/function/internal_message.html?_=1618105443011&CODE_STATE=getMsg HTTP/1.1" 302 -
101.89.239.232 - - [11/Apr/2021:09:44:39 +0800] "GET /xingrg/login.html HTTP/1.1" 200 7641
114.88.156.246 - - [11/Apr/2021:09:44:40 +0800] "GET /xingrg/all/function/internal_message.html?_=1618105503011&CODE_STATE=getMsg HTTP/1.1" 200 27
222.70.217.33 - - [11/Apr/2021:09:44:42 +0800] "GET /xingrg/kc/buy/cgsh_order_operate.html?command=get_materiel&rest_code=00155&code=00101008358&supplier_code=00100005&order_time=2021-04-11 HTTP/1.1" 200 412
116.224.253.72 - - [11/Apr/2021:09:44:43 +0800] "GET /xingrg/all/function/internal_message.html?_=1618105478999&CODE_STATE=getMsg HTTP/1.1" 200 27
222.70.217.33 - - [11/Apr/2021:09:44:49 +0800] "GET /xingrg/kc/buy/cgsh_order_operate.html?command=get_materiel&rest_code=00155&code=00101008126&supplier_code=00100005&order_time=2021-04-11 HTTP/1.1" 200 412
124.77.71.179 - - [11/Apr/2021:09:44:54 +0800] "GET /xingrg/kc/buy/cgsh_order_operate.html?command=get_materiel&rest_code=00107&code=00101016081&supplier_code=00100033&order_time=2021-04-11 HTTP/1.1" 200 447
222.70.217.33 - - [11/Apr/2021:09:44:55 +0800] "GET /xingrg/kc/buy/cgsh_order_operate.html?command=get_materiel&rest_code=00155&code=00101008091&supplier_code=00100005&order_time=2021-04-11 HTTP/1.1" 200 412
222.70.217.33 - - [11/Apr/2021:09:45:03 +0800] "GET /xingrg/kc/buy/cgsh_order_operate.html?command=get_materiel&rest_code=00155&code=00101008149&supplier_code=00100005&order_time=2021-04-11 HTTP/1.1" 200 408
222.70.217.33 - - [11/Apr/2021:09:45:09 +0800] "GET /xingrg/kc/buy/cgsh_order_operate.html?command=get_materiel&rest_code=00155&code=00101008354&supplier_code=00100005&order_time=2021-04-11 HTTP/1.1" 200 412
116.230.114.112 - - [11/Apr/2021:09:45:16 +0800] "GET /xingrg/all/function/internal_message.html?_=1618105544079&CODE_STATE=getMsg HTTP/1.1" 200 27
222.70.217.33 - - [11/Apr/2021:09:45:17 +0800] "GET /xingrg/kc/buy/cgsh_order_operate.html?command=get_materiel&rest_code=00155&code=00101008015&supplier_code=00100005&order_time=2021-04-11 HTTP/1.1" 200 414
114.86.225.109 - - [11/Apr/2021:09:45:17 +0800] "GET /xingrg/all/function/internal_message.html?_=1618105519806&CODE_STATE=getMsg HTTP/1.1" 200 27
114.86.225.109 - - [11/Apr/2021:09:45:17 +0800] "GET /xingrg/check_reg.html?_=1618105519810 HTTP/1.1" 200 22
124.77.71.179 - - [11/Apr/2021:09:45:18 +0800] "GET /xingrg/kc/buy/cgsh_order_operate.html?command=get_materiel&rest_code=00107&code=00101010384&supplier_code=00100033&order_time=2021-04-11 HTTP/1.1" 200 394
124.77.71.179 - - [11/Apr/2021:09:45:20 +0800] "GET /xingrg/all/function/internal_message.html?_=1618105521997&CODE_STATE=getMsg HTTP/1.1" 200 27
116.238.141.202 - - [11/Apr/2021:09:45:22 +0800] "GET /xingrg/all/function/internal_message.html?_=1618105798799&CODE_STATE=getMsg HTTP/1.1" 200 27
180.169.147.146 - - [11/Apr/2021:09:45:22 +0800] "POST /xingrg/kc/buy/cgsh_list_operate.html HTTP/1.1" 200 425
222.70.217.33 - - [11/Apr/2021:09:45:23 +0800] "GET /xingrg/kc/buy/cgsh_order_operate.html?command=get_materiel&rest_code=00155&code=00101008312&supplier_code=00100005&order_time=2021-04-11 HTTP/1.1" 200 412
180.169.147.146 - - [11/Apr/2021:09:45:23 +0800] "GET /xingrg/kc/buy/cgsh_order_info.html?code=212021041003960 HTTP/1.1" 200 62129
180.169.147.146 - - [11/Apr/2021:09:45:23 +0800] "GET /xingrg/words/20210411091805_words.js HTTP/1.1" 200 804539
180.169.147.146 - - [11/Apr/2021:09:45:24 +0800] "GET /xingrg/all/common/auto_word.html?type=employee&rest_code=00147 HTTP/1.1" 200 151
180.169.147.146 - - [11/Apr/2021:09:45:24 +0800] "GET /xingrg/all/common/auto_word.html?type=employee&rest_code=00147 HTTP/1.1" 200 151
180.169.147.146 - - [11/Apr/2021:09:45:24 +0800] "GET /xingrg/javascript/easyui/themes/default/validatebox.css HTTP/1.1" 404 1104
180.169.147.146 - - [11/Apr/2021:09:45:24 +0800] "POST /xingrg/kc/buy/cgsh_order_operate.html HTTP/1.1" 200 4446
180.169.147.146 - - [11/Apr/2021:09:45:24 +0800] "GET /xingrg/all/function/internal_message.html?_=1618105537613&CODE_STATE=getMsg HTTP/1.1" 200 27
58.40.7.146 - - [11/Apr/2021:09:45:24 +0800] "GET /xingrg/all/function/internal_message.html?_=1618105526298&CODE_STATE=getMsg HTTP/1.1" 302 -
61.165.42.208 - - [11/Apr/2021:09:45:28 +0800] "GET /xingrg/all/function/internal_message.html?_=1618105530146&CODE_STATE=getMsg HTTP/1.1" 200 27
222.70.217.33 - - [11/Apr/2021:09:45:29 +0800] "GET /xingrg/kc/buy/cgsh_order_operate.html?command=get_materiel&rest_code=00155&code=00101008096&supplier_code=00100005&order_time=2021-04-11 HTTP/1.1" 200 412
180.169.147.146 - - [11/Apr/2021:09:45:34 +0800] "GET /xingrg/all/function/internal_message.html?_=1618105535403&CODE_STATE=getMsg HTTP/1.1" 200 27
180.169.147.146 - - [11/Apr/2021:09:45:35 +0800] "GET /xingrg/all/function/internal_message.html?_=1618105543875&CODE_STATE=getMsg HTTP/1.1" 302 -
180.169.147.146 - - [11/Apr/2021:09:45:35 +0800] "GET /xingrg/check_reg.html?_=1618105543878 HTTP/1.1" 302 -
222.70.217.33 - - [11/Apr/2021:09:45:36 +0800] "GET /xingrg/kc/buy/cgsh_order_operate.html?command=get_materiel&rest_code=00155&code=00101008356&supplier_code=00100005&order_time=2021-04-11 HTTP/1.1" 200 408
