222.70.217.33 - - [11/Apr/2021:09:53:09 +0800] "GET /xingrg/kc/print/load_data.html?order_code=212021041104067&kc_code=cgsh HTTP/1.1" 200 9454
116.224.253.72 - - [11/Apr/2021:09:53:13 +0800] "GET /xingrg/javascript/auto/indicator.gif HTTP/1.1" 404 1066
116.230.114.112 - - [11/Apr/2021:09:53:16 +0800] "GET /xingrg/all/function/internal_message.html?_=1618106024562&CODE_STATE=getMsg HTTP/1.1" 200 27
114.86.225.109 - - [11/Apr/2021:09:53:18 +0800] "GET /xingrg/all/function/internal_message.html?_=1618106000680&CODE_STATE=getMsg HTTP/1.1" 200 27
116.224.253.72 - - [11/Apr/2021:09:53:20 +0800] "GET /xingrg/kc/buy/cgsh_order_operate.html?command=get_materiel&rest_code=00151&code=00101009001&supplier_code=00100424&order_time=2021-04-11 HTTP/1.1" 200 416
124.77.71.179 - - [11/Apr/2021:09:53:20 +0800] "GET /xingrg/all/function/internal_message.html?_=1618106002001&CODE_STATE=getMsg HTTP/1.1" 200 27
124.77.71.179 - - [11/Apr/2021:09:53:21 +0800] "GET /xingrg/kc/buy/cgsh_order_operate.html?command=get_materiel&rest_code=00107&code=00101007050&supplier_code=00100002&order_time=2021-04-11 HTTP/1.1" 200 409
116.238.141.202 - - [11/Apr/2021:09:53:21 +0800] "GET /xingrg/check_reg.html?_=1618106278240 HTTP/1.1" 200 22
116.238.141.202 - - [11/Apr/2021:09:53:22 +0800] "GET /xingrg/all/function/internal_message.html?_=1618106279628&CODE_STATE=getMsg HTTP/1.1" 200 27
58.40.7.146 - - [11/Apr/2021:09:53:24 +0800] "GET /xingrg/check_reg.html?_=1618106006301 HTTP/1.1" 302 -
58.40.7.146 - - [11/Apr/2021:09:53:24 +0800] "GET /xingrg/all/function/internal_message.html?_=1618106006303&CODE_STATE=getMsg HTTP/1.1" 302 -
116.224.253.72 - - [11/Apr/2021:09:53:28 +0800] "GET /xingrg/kc/buy/cgsh_order_operate.html?command=get_materiel&rest_code=00151&code=00101009016&supplier_code=00100424&order_time=2021-04-11 HTTP/1.1" 200 412
61.165.42.208 - - [11/Apr/2021:09:53:28 +0800] "GET /xingrg/all/function/internal_message.html?_=1618106010154&CODE_STATE=getMsg HTTP/1.1" 200 27
61.165.42.208 - - [11/Apr/2021:09:53:28 +0800] "GET /xingrg/check_reg.html?_=1618106010157 HTTP/1.1" 200 22
116.224.253.72 - - [11/Apr/2021:09:53:34 +0800] "GET /xingrg/kc/buy/cgsh_order_operate.html?command=get_materiel&rest_code=00151&code=00101009062&supplier_code=00100424&order_time=2021-04-11 HTTP/1.1" 200 412
180.169.147.146 - - [11/Apr/2021:09:53:34 +0800] "GET /xingrg/all/function/internal_message.html?_=1618106015403&CODE_STATE=getMsg HTTP/1.1" 200 27
180.169.147.146 - - [11/Apr/2021:09:53:35 +0800] "GET /xingrg/all/function/internal_message.html?_=1618106023877&CODE_STATE=getMsg HTTP/1.1" 302 -
222.69.129.105 - - [11/Apr/2021:09:53:36 +0800] "GET /xingrg/all/function/internal_message.html?_=1618106018197&CODE_STATE=getMsg HTTP/1.1" 200 27
222.70.217.33 - - [11/Apr/2021:09:53:36 +0800] "GET /xingrg/all/function/internal_message.html?_=1618106018606&CODE_STATE=getMsg HTTP/1.1" 200 27
180.169.147.146 - - [11/Apr/2021:09:53:37 +0800] "GET /xingrg/all/function/internal_message.html?_=1618106018946&CODE_STATE=getMsg HTTP/1.1" 200 27
222.69.129.105 - - [11/Apr/2021:09:53:38 +0800] "GET /xingrg/check_reg.html?_=1618106019495 HTTP/1.1" 200 22
116.224.253.72 - - [11/Apr/2021:09:53:38 +0800] "GET /xingrg/kc/buy/cgsh_order_operate.html?command=get_materiel&rest_code=00151&code=00101009031&supplier_code=00100424&order_time=2021-04-11 HTTP/1.1" 200 408
114.88.156.246 - - [11/Apr/2021:09:53:40 +0800] "GET /xingrg/all/function/internal_message.html?_=1618106043003&CODE_STATE=getMsg HTTP/1.1" 200 27
101.89.239.238 - - [11/Apr/2021:09:53:40 +0800] "GET /xingrg/check_reg.html?_=1618105983004 HTTP/1.1" 302 -
101.89.239.238 - - [11/Apr/2021:09:53:40 +0800] "GET /xingrg/login.html HTTP/1.1" 200 7641
116.224.253.72 - - [11/Apr/2021:09:53:43 +0800] "GET /xingrg/all/function/internal_message.html?_=1618106019162&CODE_STATE=getMsg HTTP/1.1" 200 27
116.224.253.72 - - [11/Apr/2021:09:53:47 +0800] "POST /xingrg/kc/buy/cgsh_order_operate.html HTTP/1.1" 200 37
116.238.141.202 - - [11/Apr/2021:09:53:49 +0800] "GET /xingrg/kc/buy/cgsh_order_operate.html?command=get_materiel&rest_code=00102&code=00101012025&supplier_code=00100151&order_time=2021-04-11 HTTP/1.1" 200 412
124.77.71.179 - - [11/Apr/2021:09:53:52 +0800] "GET /xingrg/kc/buy/cgsh_order_operate.html?command=get_materiel&rest_code=00107&code=00101006007&supplier_code=00100002&order_time=2021-04-11 HTTP/1.1" 200 417
116.224.253.72 - - [11/Apr/2021:09:53:55 +0800] "POST /xingrg/kc/buy/cgsh_order_operate.html HTTP/1.1" 200 12
116.224.253.72 - - [11/Apr/2021:09:54:03 +0800] "GET /xingrg/kc/buy/cgsh_order_info.html?code=212021041104070 HTTP/1.1" 200 56692
116.224.253.72 - - [11/Apr/2021:09:54:03 +0800] "GET /xingrg/javascript/easyui/themes/default/validatebox.css HTTP/1.1" 404 1104
116.224.253.72 - - [11/Apr/2021:09:54:03 +0800] "POST /xingrg/kc/buy/cgsh_order_operate.html HTTP/1.1" 200 2410
116.238.141.202 - - [11/Apr/2021:09:54:04 +0800] "GET /xingrg/kc/buy/cgsh_order_operate.html?command=get_materiel&rest_code=00102&code=00101010024&supplier_code=00100151&order_time=2021-04-11 HTTP/1.1" 200 408
180.169.147.146 - - [11/Apr/2021:09:54:05 +0800] "GET /xingrg/all/function/internal_message.html?_=1618106058245&CODE_STATE=getMsg HTTP/1.1" 200 27
124.77.71.179 - - [11/Apr/2021:09:54:06 +0800] "POST /xingrg/kc/buy/cgsh_order_operate.html HTTP/1.1" 200 37
116.224.253.72 - - [11/Apr/2021:09:54:06 +0800] "GET /xingrg/kc/print/load_data.html?order_code=212021041104070&kc_code=cgsh&condition= HTTP/1.1" 200 1407
124.77.71.179 - - [11/Apr/2021:09:54:09 +0800] "POST /xingrg/kc/buy/cgsh_order_operate.html HTTP/1.1" 200 4427
124.77.71.179 - - [11/Apr/2021:09:54:10 +0800] "GET /xingrg/kc/print/load_data.html?order_code=212021041104071&kc_code=cgsh&condition= HTTP/1.1" 200 1415
116.224.253.72 - - [11/Apr/2021:09:54:11 +0800] "GET /xingrg/kc/buy/cgsh_order_add.html HTTP/1.1" 200 61790
116.224.253.72 - - [11/Apr/2021:09:54:11 +0800] "POST /xingrg/kc/buy/cgsh_order_operate.html HTTP/1.1" 200 8245
116.224.253.72 - - [11/Apr/2021:09:54:12 +0800] "GET /xingrg/javascript/easyui/themes/default/validatebox.css HTTP/1.1" 404 1104
116.238.141.202 - - [11/Apr/2021:09:54:13 +0800] "GET /xingrg/kc/buy/cgsh_order_operate.html?command=get_materiel&rest_code=00102&code=00101010136&supplier_code=00100151&order_time=2021-04-11 HTTP/1.1" 200 408
124.77.71.179 - - [11/Apr/2021:09:54:16 +0800] "GET /xingrg/kc/buy/cgsh_order_add.html HTTP/1.1" 200 62236
116.230.114.112 - - [11/Apr/2021:09:54:16 +0800] "GET /xingrg/all/function/internal_message.html?_=1618106084714&CODE_STATE=getMsg HTTP/1.1" 200 27
124.77.71.179 - - [11/Apr/2021:09:54:17 +0800] "GET /xingrg/javascript/easyui/themes/default/validatebox.css HTTP/1.1" 404 1104
124.77.71.179 - - [11/Apr/2021:09:54:17 +0800] "POST /xingrg/kc/buy/cgsh_order_operate.html HTTP/1.1" 200 8245
116.224.253.72 - - [11/Apr/2021:09:54:18 +0800] "GET /xingrg/kc/buy/cgsh_order_operate.html?command=get_materiel&rest_code=00151&code=00101011005&supplier_code=00100047&order_time=2021-04-11 HTTP/1.1" 200 428
114.86.225.109 - - [11/Apr/2021:09:54:18 +0800] "GET /xingrg/all/function/internal_message.html?_=1618106060682&CODE_STATE=getMsg HTTP/1.1" 200 27
124.77.71.179 - - [11/Apr/2021:09:54:19 +0800] "GET /xingrg/javascript/easyui/themes/default/tree.css HTTP/1.1" 404 1090
124.77.71.179 - - [11/Apr/2021:09:54:19 +0800] "POST /xingrg/all/common/load_tree.html?tree=supplier_tree_json&isDelete=1 HTTP/1.1" 200 54827
124.77.71.179 - - [11/Apr/2021:09:54:22 +0800] "GET /xingrg/all/function/internal_message.html?_=1618106063950&CODE_STATE=getMsg HTTP/1.1" 200 27
116.238.141.202 - - [11/Apr/2021:09:54:22 +0800] "GET /xingrg/all/function/internal_message.html?_=1618106339639&CODE_STATE=getMsg HTTP/1.1" 200 27
58.40.7.146 - - [11/Apr/2021:09:54:24 +0800] "GET /xingrg/all/function/internal_message.html?_=1618106066287&CODE_STATE=getMsg HTTP/1.1" 302 -
116.224.253.72 - - [11/Apr/2021:09:54:25 +0800] "GET /xingrg/kc/buy/cgsh_order_operate.html?command=get_materiel&rest_code=00151&code=00101011001&supplier_code=00100047&order_time=2021-04-11 HTTP/1.1" 200 423
61.165.42.208 - - [11/Apr/2021:09:54:28 +0800] "GET /xingrg/all/function/internal_message.html?_=1618106070156&CODE_STATE=getMsg HTTP/1.1" 200 27
124.77.71.179 - - [11/Apr/2021:09:54:30 +0800] "GET /xingrg/kc/buy/cgsh_order_operate.html?command=get_materiel&rest_code=00107&code=00101006109&supplier_code=00100010&order_time=2021-04-11 HTTP/1.1" 200 429
116.224.253.72 - - [11/Apr/2021:09:54:31 +0800] "GET /xingrg/kc/buy/cgsh_order_operate.html?command=get_materiel&rest_code=00151&code=00101011010&supplier_code=00100047&order_time=2021-04-11 HTTP/1.1" 200 418
116.224.253.72 - - [11/Apr/2021:09:54:31 +0800] "GET /xingrg/check_reg.html?_=1618106067396 HTTP/1.1" 200 22
116.238.141.202 - - [11/Apr/2021:09:54:32 +0800] "GET /xingrg/kc/buy/cgsh_order_operate.html?command=get_materiel&rest_code=00102&code=00101007125&supplier_code=00100151&order_time=2021-04-11 HTTP/1.1" 200 408
180.169.147.146 - - [11/Apr/2021:09:54:34 +0800] "GET /xingrg/all/function/internal_message.html?_=1618106075439&CODE_STATE=getMsg HTTP/1.1" 200 27
180.169.147.146 - - [11/Apr/2021:09:54:35 +0800] "GET /xingrg/all/function/internal_message.html?_=1618106083874&CODE_STATE=getMsg HTTP/1.1" 302 -
222.69.129.105 - - [11/Apr/2021:09:54:36 +0800] "GET /xingrg/all/function/internal_message.html?_=1618106078174&CODE_STATE=getMsg HTTP/1.1" 200 27
116.224.253.72 - - [11/Apr/2021:09:54:36 +0800] "POST /xingrg/kc/buy/cgsh_order_operate.html HTTP/1.1" 200 37
222.70.217.33 - - [11/Apr/2021:09:54:36 +0800] "GET /xingrg/all/function/internal_message.html?_=1618106078610&CODE_STATE=getMsg HTTP/1.1" 200 27
180.169.147.146 - - [11/Apr/2021:09:54:37 +0800] "GET /xingrg/all/function/internal_message.html?_=1618106078934&CODE_STATE=getMsg HTTP/1.1" 200 27
116.224.253.72 - - [11/Apr/2021:09:54:39 +0800] "POST /xingrg/kc/buy/cgsh_order_operate.html HTTP/1.1" 200 12
114.88.156.246 - - [11/Apr/2021:09:54:40 +0800] "GET /xingrg/all/function/internal_message.html?_=1618106103027&CODE_STATE=getMsg HTTP/1.1" 200 27
116.224.253.72 - - [11/Apr/2021:09:54:40 +0800] "GET /xingrg/kc/buy/cgsh_order_info.html?code=212021041104072 HTTP/1.1" 200 56692
116.224.253.72 - - [11/Apr/2021:09:54:40 +0800] "GET /xingrg/javascript/easyui/themes/default/validatebox.css HTTP/1.1" 404 1104
116.224.253.72 - - [11/Apr/2021:09:54:41 +0800] "POST /xingrg/kc/buy/cgsh_order_operate.html HTTP/1.1" 200 1828
116.224.253.72 - - [11/Apr/2021:09:54:42 +0800] "GET /xingrg/kc/print/load_data.html?order_code=212021041104072&kc_code=cgsh&condition= HTTP/1.1" 200 1244
116.224.253.72 - - [11/Apr/2021:09:54:43 +0800] "GET /xingrg/all/function/internal_message.html?_=1618106079165&CODE_STATE=getMsg HTTP/1.1" 200 27
116.224.253.72 - - [11/Apr/2021:09:54:49 +0800] "POST /xingrg/all/user/operate.html HTTP/1.1" 200 36
116.224.253.72 - - [11/Apr/2021:09:54:49 +0800] "GET /xingrg/javascript/jquery_easy_ui/themes/default/easyui.css HTTP/1.1" 304 -
116.224.253.72 - - [11/Apr/2021:09:54:49 +0800] "GET /xingrg/javascript/jquery_easy_ui/themes/icon.css HTTP/1.1" 304 -
116.224.253.72 - - [11/Apr/2021:09:54:49 +0800] "GET /xingrg/css/form.css HTTP/1.1" 304 -
116.224.253.72 - - [11/Apr/2021:09:54:49 +0800] "GET /xingrg/javascript/jquery-1.4.2.min.js HTTP/1.1" 304 -
116.224.253.72 - - [11/Apr/2021:09:54:49 +0800] "GET /xingrg/javascript/jquery_easy_ui/jquery.easyui.min.js HTTP/1.1" 304 -
116.224.253.72 - - [11/Apr/2021:09:54:49 +0800] "GET /xingrg/javascript/jquery_easy_ui/easyui-lang-zh_CN.js HTTP/1.1" 304 -
116.224.253.72 - - [11/Apr/2021:09:54:49 +0800] "GET /xingrg/javascript/jquery.form.js HTTP/1.1" 304 -
116.224.253.72 - - [11/Apr/2021:09:54:49 +0800] "GET /xingrg/javascript/jquery.utils.js HTTP/1.1" 304 -
116.224.253.72 - - [11/Apr/2021:09:54:50 +0800] "GET /xingrg/javascript/jquery.timers.js HTTP/1.1" 304 -
116.224.253.72 - - [11/Apr/2021:09:54:50 +0800] "GET /xingrg/index.html?sysBaseUrl=http%3A%2F%2F180.169.147.146%3A18081%2Fxingrg%2F&costTime=44×tamp=1617939773870 HTTP/1.1" 200 17179
116.224.253.72 - - [11/Apr/2021:09:54:50 +0800] "GET /xingrg/images/blue/jxLogo.png HTTP/1.1" 304 -
116.224.253.72 - - [11/Apr/2021:09:54:50 +0800] "GET /xingrg/javascript/jquery_easy_ui/themes/icons/settle_new.png HTTP/1.1" 304 -
116.224.253.72 - - [11/Apr/2021:09:54:50 +0800] "GET /xingrg/images/blue/navBackgound.jpg HTTP/1.1" 304 -
116.224.253.72 - - [11/Apr/2021:09:54:50 +0800] "GET /xingrg/all/function/internal_message.html?_=1618106094020&CODE_STATE=count HTTP/1.1" 200 11
116.224.253.72 - - [11/Apr/2021:09:54:50 +0800] "GET /xingrg/images/blue/pingpu.png HTTP/1.1" 304 -
116.224.253.72 - - [11/Apr/2021:09:54:50 +0800] "GET /xingrg/javascript/jquery_easy_ui/themes/default/images/panel_tool_collapse.gif HTTP/1.1" 304 -
116.224.253.72 - - [11/Apr/2021:09:54:50 +0800] "GET /xingrg/check_reg.html?_=1618106094022 HTTP/1.1" 200 22
116.224.253.72 - - [11/Apr/2021:09:54:50 +0800] "GET /xingrg/javascript/jquery_easy_ui/themes/default/images/tabs_rightarrow.png HTTP/1.1" 304 -
116.224.253.72 - - [11/Apr/2021:09:54:50 +0800] "GET /xingrg/javascript/jquery_easy_ui/themes/default/images/tabs_leftarrow.png HTTP/1.1" 304 -
116.224.253.72 - - [11/Apr/2021:09:54:50 +0800] "POST /xingrg/all/common/load_tree.html?tree=area_rest_tree_json&manage=1 HTTP/1.1" 200 476
116.224.253.72 - - [11/Apr/2021:09:54:51 +0800] "POST /xingrg/load_menu.html HTTP/1.1" 200 5138
116.224.253.72 - - [11/Apr/2021:09:54:54 +0800] "GET /xingrg/kc/buy/cgsh_order_list.html HTTP/1.1" 200 46416
180.169.147.146 - - [11/Apr/2021:09:54:55 +0800] "POST /xingrg/kc/buy/cgsh_list_operate.html HTTP/1.1" 200 5175
116.224.253.72 - - [11/Apr/2021:09:54:59 +0800] "POST /xingrg/kc/buy/cgsh_list_operate.html HTTP/1.1" 200 1690
116.224.253.72 - - [11/Apr/2021:09:55:02 +0800] "GET /xingrg/kc/buy/cgsh_order_add.html HTTP/1.1" 200 62072
116.224.253.72 - - [11/Apr/2021:09:55:02 +0800] "GET /xingrg/javascript/easyui/themes/default/validatebox.css HTTP/1.1" 404 1104
116.224.253.72 - - [11/Apr/2021:09:55:02 +0800] "POST /xingrg/kc/buy/cgsh_order_operate.html HTTP/1.1" 200 8245
116.224.253.72 - - [11/Apr/2021:09:55:03 +0800] "GET /xingrg/javascript/auto/indicator.gif HTTP/1.1" 404 1066
116.238.141.202 - - [11/Apr/2021:09:55:04 +0800] "GET /xingrg/kc/buy/cgsh_order_operate.html?command=get_materiel&rest_code=00102&code=00101006071&supplier_code=00100151&order_time=2021-04-11 HTTP/1.1" 200 408
180.169.147.146 - - [11/Apr/2021:09:55:05 +0800] "GET /xingrg/all/function/internal_message.html?_=1618106118248&CODE_STATE=getMsg HTTP/1.1" 200 27
116.224.253.72 - - [11/Apr/2021:09:55:16 +0800] "GET /xingrg/kc/buy/cgsh_order_operate.html?command=get_materiel&rest_code=00150&code=00101015021&supplier_code=00100054&order_time=2021-04-11 HTTP/1.1" 200 408
116.230.114.112 - - [11/Apr/2021:09:55:16 +0800] "GET /xingrg/all/function/internal_message.html?_=1618106144730&CODE_STATE=getMsg HTTP/1.1" 200 27
114.86.225.109 - - [11/Apr/2021:09:55:18 +0800] "GET /xingrg/all/function/internal_message.html?_=1618106120688&CODE_STATE=getMsg HTTP/1.1" 200 27
114.86.225.109 - - [11/Apr/2021:09:55:18 +0800] "GET /xingrg/check_reg.html?_=1618106120691 HTTP/1.1" 200 22
124.77.71.179 - - [11/Apr/2021:09:55:20 +0800] "GET /xingrg/kc/buy/cgsh_order_operate.html?command=get_materiel&rest_code=00107&code=00101006133&supplier_code=00100010&order_time=2021-04-11 HTTP/1.1" 200 413
124.77.71.179 - - [11/Apr/2021:09:55:22 +0800] "GET /xingrg/all/function/internal_message.html?_=1618106123899&CODE_STATE=getMsg HTTP/1.1" 200 27
116.238.141.202 - - [11/Apr/2021:09:55:22 +0800] "GET /xingrg/all/function/internal_message.html?_=1618106399653&CODE_STATE=getMsg HTTP/1.1" 200 27
58.40.7.146 - - [11/Apr/2021:09:55:24 +0800] "GET /xingrg/all/function/internal_message.html?_=1618106126292&CODE_STATE=getMsg HTTP/1.1" 302 -
116.224.253.72 - - [11/Apr/2021:09:55:26 +0800] "GET /xingrg/kc/buy/cgsh_order_operate.html?command=get_materiel&rest_code=00150&code=00101015022&supplier_code=00100054&order_time=2021-04-11 HTTP/1.1" 200 408
116.238.141.202 - - [11/Apr/2021:09:55:27 +0800] "GET /xingrg/kc/buy/cgsh_order_operate.html?command=get_materiel&rest_code=00102&code=00101006062&supplier_code=00100151&order_time=2021-04-11 HTTP/1.1" 200 409
61.165.42.208 - - [11/Apr/2021:09:55:28 +0800] "GET /xingrg/all/function/internal_message.html?_=1618106130157&CODE_STATE=getMsg HTTP/1.1" 200 27
180.169.147.146 - - [11/Apr/2021:09:55:34 +0800] "GET /xingrg/all/function/internal_message.html?_=1618106135457&CODE_STATE=getMsg HTTP/1.1" 200 27
116.224.253.72 - - [11/Apr/2021:09:55:35 +0800] "GET /xingrg/kc/buy/cgsh_order_operate.html?command=get_materiel&rest_code=00150&code=00101015001&supplier_code=00100054&order_time=2021-04-11 HTTP/1.1" 200 412
180.169.147.146 - - [11/Apr/2021:09:55:35 +0800] "GET /xingrg/all/function/internal_message.html?_=1618106143874&CODE_STATE=getMsg HTTP/1.1" 302 -
180.169.147.146 - - [11/Apr/2021:09:55:35 +0800] "GET /xingrg/check_reg.html?_=1618106143877 HTTP/1.1" 302 -
222.69.129.105 - - [11/Apr/2021:09:55:36 +0800] "GET /xingrg/all/function/internal_message.html?_=1618106138144&CODE_STATE=getMsg HTTP/1.1" 200 27
222.70.217.33 - - [11/Apr/2021:09:55:36 +0800] "GET /xingrg/all/function/internal_message.html?_=1618106138614&CODE_STATE=getMsg HTTP/1.1" 200 27
222.70.217.33 - - [11/Apr/2021:09:55:36 +0800] "GET /xingrg/check_reg.html?_=1618106138616 HTTP/1.1" 200 22
180.169.147.146 - - [11/Apr/2021:09:55:37 +0800] "GET /xingrg/all/function/internal_message.html?_=1618106138949&CODE_STATE=getMsg HTTP/1.1" 200 27
114.88.156.246 - - [11/Apr/2021:09:55:40 +0800] "GET /xingrg/all/function/internal_message.html?_=1618106163026&CODE_STATE=getMsg HTTP/1.1" 200 27
116.224.253.72 - - [11/Apr/2021:09:55:43 +0800] "GET /xingrg/all/function/internal_message.html?_=1618106139179&CODE_STATE=getMsg HTTP/1.1" 200 27
116.224.253.72 - - [11/Apr/2021:09:55:43 +0800] "GET /xingrg/kc/buy/cgsh_order_operate.html?command=get_materiel&rest_code=00150&code=00101015026&supplier_code=00100054&order_time=2021-04-11 HTTP/1.1" 200 412
124.77.71.179 - - [11/Apr/2021:09:55:46 +0800] "GET /xingrg/kc/buy/cgsh_order_operate.html?command=get_materiel&rest_code=00107&code=00101006177&supplier_code=00100010&order_time=2021-04-11 HTTP/1.1" 200 409
116.224.253.72 - - [11/Apr/2021:09:55:50 +0800] "GET /xingrg/all/function/internal_message.html?_=1618106154044&CODE_STATE=getMsg HTTP/1.1" 200 27
116.224.253.72 - - [11/Apr/2021:09:55:50 +0800] "POST /xingrg/kc/buy/cgsh_order_operate.html HTTP/1.1" 200 37
116.238.141.202 - - [11/Apr/2021:09:55:52 +0800] "GET /xingrg/kc/buy/cgsh_order_operate.html?command=get_materiel&rest_code=00102&code=00101001075&supplier_code=00100151&order_time=2021-04-11 HTTP/1.1" 200 409
116.224.253.72 - - [11/Apr/2021:09:55:54 +0800] "POST /xingrg/kc/buy/cgsh_order_operate.html HTTP/1.1" 200 12
116.224.253.72 - - [11/Apr/2021:09:55:55 +0800] "GET /xingrg/kc/buy/cgsh_order_info.html?code=212021041104073 HTTP/1.1" 200 56972
116.224.253.72 - - [11/Apr/2021:09:55:55 +0800] "GET /xingrg/javascript/easyui/themes/default/validatebox.css HTTP/1.1" 404 1104
116.224.253.72 - - [11/Apr/2021:09:55:56 +0800] "POST /xingrg/kc/buy/cgsh_order_operate.html HTTP/1.1" 200 2367
116.224.253.72 - - [11/Apr/2021:09:55:57 +0800] "GET /xingrg/kc/print/load_data.html?order_code=212021041104073&kc_code=cgsh&condition= HTTP/1.1" 200 1366
116.224.253.72 - - [11/Apr/2021:09:56:01 +0800] "GET /xingrg/kc/buy/cgsh_order_add.html HTTP/1.1" 200 62072
116.224.253.72 - - [11/Apr/2021:09:56:01 +0800] "GET /xingrg/words/20210411091805_words.js HTTP/1.1" 304 -
116.224.253.72 - - [11/Apr/2021:09:56:02 +0800] "GET /xingrg/javascript/easyui/themes/default/validatebox.css HTTP/1.1" 404 1104
116.224.253.72 - - [11/Apr/2021:09:56:02 +0800] "POST /xingrg/kc/buy/cgsh_order_operate.html HTTP/1.1" 200 8245
180.169.147.146 - - [11/Apr/2021:09:56:05 +0800] "GET /xingrg/all/function/internal_message.html?_=1618106178252&CODE_STATE=getMsg HTTP/1.1" 200 27
116.224.253.72 - - [11/Apr/2021:09:56:09 +0800] "GET /xingrg/kc/buy/cgsh_order_operate.html?command=get_materiel&rest_code=00150&code=00101031012&supplier_code=00100054&order_time=2021-04-11 HTTP/1.1" 200 417
116.224.253.72 - - [11/Apr/2021:09:56:15 +0800] "POST /xingrg/kc/buy/cgsh_order_operate.html HTTP/1.1" 200 37
116.230.114.112 - - [11/Apr/2021:09:56:17 +0800] "GET /xingrg/all/function/internal_message.html?_=1618106204867&CODE_STATE=getMsg HTTP/1.1" 200 27
114.86.225.109 - - [11/Apr/2021:09:56:18 +0800] "GET /xingrg/all/function/internal_message.html?_=1618106180686&CODE_STATE=getMsg HTTP/1.1" 200 27
124.77.71.179 - - [11/Apr/2021:09:56:20 +0800] "GET /xingrg/check_reg.html?_=1618106182023 HTTP/1.1" 200 22
116.230.114.112 - - [11/Apr/2021:09:56:20 +0800] "GET /xingrg/check_reg.html?_=1618106208307 HTTP/1.1" 200 22
116.224.253.72 - - [11/Apr/2021:09:56:21 +0800] "POST /xingrg/kc/buy/cgsh_order_operate.html HTTP/1.1" 200 12
124.77.71.179 - - [11/Apr/2021:09:56:22 +0800] "GET /xingrg/all/function/internal_message.html?_=1618106183877&CODE_STATE=getMsg HTTP/1.1" 200 27
116.224.253.72 - - [11/Apr/2021:09:56:22 +0800] "GET /xingrg/kc/buy/cgsh_order_info.html?code=212021041104074 HTTP/1.1" 200 56972
116.238.141.202 - - [11/Apr/2021:09:56:23 +0800] "GET /xingrg/all/function/internal_message.html?_=1618106459956&CODE_STATE=getMsg HTTP/1.1" 200 27
116.224.253.72 - - [11/Apr/2021:09:56:23 +0800] "GET /xingrg/javascript/easyui/themes/default/validatebox.css HTTP/1.1" 404 1104
116.224.253.72 - - [11/Apr/2021:09:56:23 +0800] "POST /xingrg/kc/buy/cgsh_order_operate.html HTTP/1.1" 200 613
58.40.7.146 - - [11/Apr/2021:09:56:24 +0800] "GET /xingrg/all/function/internal_message.html?_=1618106186295&CODE_STATE=getMsg HTTP/1.1" 302 -
116.224.253.72 - - [11/Apr/2021:09:56:24 +0800] "GET /xingrg/kc/print/load_data.html?order_code=212021041104074&kc_code=cgsh&condition= HTTP/1.1" 200 704
61.165.42.208 - - [11/Apr/2021:09:56:28 +0800] "GET /xingrg/all/function/internal_message.html?_=1618106190169&CODE_STATE=getMsg HTTP/1.1" 200 27
124.77.71.179 - - [11/Apr/2021:09:56:31 +0800] "GET /xingrg/system/info/materiel_import.html?isSelect=1&singleSelect=false HTTP/1.1" 200 5600
124.77.71.179 - - [11/Apr/2021:09:56:31 +0800] "GET /xingrg/css/xtree.css HTTP/1.1" 200 880
124.77.71.179 - - [11/Apr/2021:09:56:31 +0800] "GET /xingrg/javascript/jquery_ui/themes/base/base.css HTTP/1.1" 200 28568
124.77.71.179 - - [11/Apr/2021:09:56:32 +0800] "GET /xingrg/javascript/jquery_easy_ui/themes/icons/search.png HTTP/1.1" 200 813
124.77.71.179 - - [11/Apr/2021:09:56:32 +0800] "GET /xingrg/javascript/jquery_easy_ui/themes/icons/edit_add.png HTTP/1.1" 200 1088
124.77.71.179 - - [11/Apr/2021:09:56:32 +0800] "GET /xingrg/javascript/jquery_easy_ui/themes/default/images/pagination_next.gif HTTP/1.1" 200 875
124.77.71.179 - - [11/Apr/2021:09:56:32 +0800] "GET /xingrg/javascript/jquery_easy_ui/themes/default/images/datagrid_header_bg.gif HTTP/1.1" 200 97
124.77.71.179 - - [11/Apr/2021:09:56:32 +0800] "GET /xingrg/javascript/jquery_easy_ui/themes/default/images/pagination_first.gif HTTP/1.1" 200 925
124.77.71.179 - - [11/Apr/2021:09:56:32 +0800] "GET /xingrg/javascript/jquery_easy_ui/themes/default/images/pagination_prev.gif HTTP/1.1" 200 879
124.77.71.179 - - [11/Apr/2021:09:56:32 +0800] "POST /xingrg/all/common/load_tree.html?tree=materiel_sort_tree_json HTTP/1.1" 200 8666
124.77.71.179 - - [11/Apr/2021:09:56:32 +0800] "GET /xingrg/javascript/jquery_easy_ui/themes/default/images/pagination_load.png HTTP/1.1" 200 827
124.77.71.179 - - [11/Apr/2021:09:56:32 +0800] "GET /xingrg/javascript/jquery_easy_ui/themes/default/images/pagination_last.gif HTTP/1.1" 200 923
180.169.147.146 - - [11/Apr/2021:09:56:34 +0800] "GET /xingrg/all/function/internal_message.html?_=1618106195441&CODE_STATE=getMsg HTTP/1.1" 200 27
180.169.147.146 - - [11/Apr/2021:09:56:35 +0800] "GET /xingrg/all/function/internal_message.html?_=1618106203877&CODE_STATE=getMsg HTTP/1.1" 302 -
222.69.129.105 - - [11/Apr/2021:09:56:36 +0800] "GET /xingrg/all/function/internal_message.html?_=1618106198114&CODE_STATE=getMsg HTTP/1.1" 200 27
222.70.217.33 - - [11/Apr/2021:09:56:36 +0800] "GET /xingrg/all/function/internal_message.html?_=1618106198627&CODE_STATE=getMsg HTTP/1.1" 200 27
180.169.147.146 - - [11/Apr/2021:09:56:37 +0800] "GET /xingrg/all/function/internal_message.html?_=1618106198947&CODE_STATE=getMsg HTTP/1.1" 200 27
180.169.147.146 - - [11/Apr/2021:09:56:37 +0800] "GET /xingrg/check_reg.html?_=1618106198948 HTTP/1.1" 200 22
116.238.141.202 - - [11/Apr/2021:09:56:37 +0800] "GET /xingrg/kc/buy/cgsh_order_operate.html?command=get_materiel&rest_code=00102&code=00101010161&supplier_code=00100151&order_time=2021-04-11 HTTP/1.1" 200 409
180.169.147.146 - - [11/Apr/2021:09:56:38 +0800] "POST /xingrg/kc/buy/cgsh_list_operate.html HTTP/1.1" 200 4
114.88.156.246 - - [11/Apr/2021:09:56:40 +0800] "GET /xingrg/all/function/internal_message.html?_=1618106223025&CODE_STATE=getMsg HTTP/1.1" 200 27
116.224.253.72 - - [11/Apr/2021:09:56:43 +0800] "GET /xingrg/all/function/internal_message.html?_=1618106199204&CODE_STATE=getMsg HTTP/1.1" 200 27
180.169.147.146 - - [11/Apr/2021:09:56:43 +0800] "POST /xingrg/kc/buy/cgsh_list_operate.html HTTP/1.1" 200 5176
180.169.147.146 - - [11/Apr/2021:09:56:46 +0800] "POST /xingrg/kc/buy/cgsh_list_operate.html HTTP/1.1" 200 349
116.224.253.72 - - [11/Apr/2021:09:56:50 +0800] "GET /xingrg/all/function/internal_message.html?_=1618106214047&CODE_STATE=getMsg HTTP/1.1" 200 27
180.169.147.146 - - [11/Apr/2021:09:57:05 +0800] "GET /xingrg/check_reg.html?_=1618106238253 HTTP/1.1" 200 22
180.169.147.146 - - [11/Apr/2021:09:57:05 +0800] "GET /xingrg/all/function/internal_message.html?_=1618106238257&CODE_STATE=getMsg HTTP/1.1" 200 27
124.77.71.179 - - [11/Apr/2021:09:57:07 +0800] "GET /xingrg/kc/buy/cgsh_order_operate.html?command=get_materiel&rest_code=00107&code=00101006175&supplier_code=00100010&order_time=2021-04-11 HTTP/1.1" 200 414
116.224.253.72 - - [11/Apr/2021:09:57:10 +0800] "POST /xingrg/all/user/operate.html HTTP/1.1" 200 36
116.224.253.72 - - [11/Apr/2021:09:57:11 +0800] "GET /xingrg/index.html?sysBaseUrl=http%3A%2F%2F180.169.147.146%3A18081%2Fxingrg%2F&costTime=44×tamp=1617939773870 HTTP/1.1" 200 17177
116.224.253.72 - - [11/Apr/2021:09:57:11 +0800] "GET /xingrg/javascript/jquery_easy_ui/themes/default/easyui.css HTTP/1.1" 304 -
116.224.253.72 - - [11/Apr/2021:09:57:11 +0800] "GET /xingrg/javascript/jquery_easy_ui/themes/icon.css HTTP/1.1" 304 -
116.224.253.72 - - [11/Apr/2021:09:57:11 +0800] "GET /xingrg/css/form.css HTTP/1.1" 304 -
116.224.253.72 - - [11/Apr/2021:09:57:11 +0800] "GET /xingrg/javascript/jquery-1.4.2.min.js HTTP/1.1" 304 -
116.224.253.72 - - [11/Apr/2021:09:57:11 +0800] "GET /xingrg/javascript/jquery_easy_ui/jquery.easyui.min.js HTTP/1.1" 304 -
116.224.253.72 - - [11/Apr/2021:09:57:11 +0800] "GET /xingrg/javascript/jquery_easy_ui/easyui-lang-zh_CN.js HTTP/1.1" 304 -
116.224.253.72 - - [11/Apr/2021:09:57:11 +0800] "GET /xingrg/javascript/jquery.form.js HTTP/1.1" 304 -
116.224.253.72 - - [11/Apr/2021:09:57:11 +0800] "GET /xingrg/javascript/jquery.utils.js HTTP/1.1" 304 -
116.224.253.72 - - [11/Apr/2021:09:57:11 +0800] "GET /xingrg/javascript/jquery.timers.js HTTP/1.1" 304 -
116.224.253.72 - - [11/Apr/2021:09:57:11 +0800] "GET /xingrg/images/blue/jxLogo.png HTTP/1.1" 304 -
116.224.253.72 - - [11/Apr/2021:09:57:11 +0800] "GET /xingrg/images/blue/navBackgound.jpg HTTP/1.1" 304 -
116.224.253.72 - - [11/Apr/2021:09:57:11 +0800] "GET /xingrg/javascript/jquery_easy_ui/themes/icons/settle_new.png HTTP/1.1" 304 -
116.224.253.72 - - [11/Apr/2021:09:57:11 +0800] "POST /xingrg/all/common/load_tree.html?tree=area_rest_tree_json&manage=1 HTTP/1.1" 200 476
116.224.253.72 - - [11/Apr/2021:09:57:11 +0800] "GET /xingrg/all/function/internal_message.html?_=1618106235257&CODE_STATE=count HTTP/1.1" 200 11
116.224.253.72 - - [11/Apr/2021:09:57:11 +0800] "GET /xingrg/check_reg.html?_=1618106235260 HTTP/1.1" 200 22
116.224.253.72 - - [11/Apr/2021:09:57:11 +0800] "GET /xingrg/javascript/jquery_easy_ui/themes/default/images/tabs_leftarrow.png HTTP/1.1" 304 -
116.224.253.72 - - [11/Apr/2021:09:57:11 +0800] "GET /xingrg/javascript/jquery_easy_ui/themes/default/images/panel_tool_collapse.gif HTTP/1.1" 304 -
116.224.253.72 - - [11/Apr/2021:09:57:11 +0800] "GET /xingrg/javascript/jquery_easy_ui/themes/default/images/tabs_rightarrow.png HTTP/1.1" 304 -
116.224.253.72 - - [11/Apr/2021:09:57:11 +0800] "GET /xingrg/images/blue/pingpu.png HTTP/1.1" 304 -
116.224.253.72 - - [11/Apr/2021:09:57:11 +0800] "POST /xingrg/load_menu.html HTTP/1.1" 200 5138
116.224.253.72 - - [11/Apr/2021:09:57:13 +0800] "GET /xingrg/kc/buy/cgsh_order_list.html HTTP/1.1" 200 46414
180.169.147.146 - - [11/Apr/2021:09:57:16 +0800] "POST /xingrg/kc/buy/cgsh_list_operate.html HTTP/1.1" 200 4
116.230.114.112 - - [11/Apr/2021:09:57:17 +0800] "GET /xingrg/all/function/internal_message.html?_=1618106264881&CODE_STATE=getMsg HTTP/1.1" 200 27
116.224.253.72 - - [11/Apr/2021:09:57:17 +0800] "POST /xingrg/kc/buy/cgsh_list_operate.html HTTP/1.1" 200 876
114.86.225.109 - - [11/Apr/2021:09:57:18 +0800] "GET /xingrg/all/function/internal_message.html?_=1618106240690&CODE_STATE=getMsg HTTP/1.1" 200 27
124.77.71.179 - - [11/Apr/2021:09:57:19 +0800] "GET /xingrg/kc/buy/cgsh_order_operate.html?command=get_materiel&rest_code=00107&code=00101006112&supplier_code=00100010&order_time=2021-04-11 HTTP/1.1" 200 409
180.169.147.146 - - [11/Apr/2021:09:57:19 +0800] "POST /xingrg/kc/buy/cgsh_list_operate.html HTTP/1.1" 200 3474
116.224.253.72 - - [11/Apr/2021:09:57:20 +0800] "GET /xingrg/kc/buy/cgsh_order_list.html HTTP/1.1" 200 46414
116.224.253.72 - - [11/Apr/2021:09:57:21 +0800] "POST /xingrg/kc/buy/cgsh_list_operate.html HTTP/1.1" 200 876
124.77.71.179 - - [11/Apr/2021:09:57:22 +0800] "GET /xingrg/all/function/internal_message.html?_=1618106243909&CODE_STATE=getMsg HTTP/1.1" 200 27
116.238.141.202 - - [11/Apr/2021:09:57:23 +0800] "GET /xingrg/all/function/internal_message.html?_=1618106519976&CODE_STATE=getMsg HTTP/1.1" 200 27
58.40.7.146 - - [11/Apr/2021:09:57:24 +0800] "GET /xingrg/all/function/internal_message.html?_=1618106246299&CODE_STATE=getMsg HTTP/1.1" 302 -
116.238.141.202 - - [11/Apr/2021:09:57:24 +0800] "POST /xingrg/kc/buy/cgsh_order_operate.html HTTP/1.1" 200 2065
180.169.147.146 - - [11/Apr/2021:09:57:25 +0800] "POST /xingrg/kc/buy/cgsh_list_operate.html HTTP/1.1" 200 580
180.169.147.146 - - [11/Apr/2021:09:57:26 +0800] "POST /xingrg/kc/buy/cgsh_list_operate.html HTTP/1.1" 200 201
61.165.42.208 - - [11/Apr/2021:09:57:28 +0800] "GET /xingrg/all/function/internal_message.html?_=1618106250170&CODE_STATE=getMsg HTTP/1.1" 200 27
116.224.253.72 - - [11/Apr/2021:09:57:28 +0800] "GET /xingrg/kc/buy/cgsh_order_add.html HTTP/1.1" 200 61790
116.224.253.72 - - [11/Apr/2021:09:57:29 +0800] "POST /xingrg/kc/buy/cgsh_order_operate.html HTTP/1.1" 200 8245
116.224.253.72 - - [11/Apr/2021:09:57:29 +0800] "GET /xingrg/javascript/easyui/themes/default/validatebox.css HTTP/1.1" 404 1104
116.238.141.202 - - [11/Apr/2021:09:57:31 +0800] "GET /xingrg/kc/buy/cgsh_order_operate.html?command=get_materiel&rest_code=00102&code=00101008350&supplier_code=00100151&order_time=2021-04-11 HTTP/1.1" 200 408
116.224.253.72 - - [11/Apr/2021:09:57:34 +0800] "GET /xingrg/javascript/auto/indicator.gif HTTP/1.1" 404 1066
180.169.147.146 - - [11/Apr/2021:09:57:34 +0800] "GET /xingrg/all/function/internal_message.html?_=1618106255446&CODE_STATE=getMsg HTTP/1.1" 200 27
180.169.147.146 - - [11/Apr/2021:09:57:34 +0800] "GET /xingrg/check_reg.html?_=1618106255449 HTTP/1.1" 200 22
180.169.147.146 - - [11/Apr/2021:09:57:35 +0800] "GET /xingrg/all/function/internal_message.html?_=1618106263902&CODE_STATE=getMsg HTTP/1.1" 302 -
180.169.147.146 - - [11/Apr/2021:09:57:36 +0800] "POST /xingrg/kc/buy/cgsh_list_operate.html HTTP/1.1" 200 279
222.69.129.105 - - [11/Apr/2021:09:57:36 +0800] "GET /xingrg/all/function/internal_message.html?_=1618106258086&CODE_STATE=getMsg HTTP/1.1" 200 27
222.70.217.33 - - [11/Apr/2021:09:57:36 +0800] "GET /xingrg/all/function/internal_message.html?_=1618106258617&CODE_STATE=getMsg HTTP/1.1" 200 27
180.169.147.146 - - [11/Apr/2021:09:57:37 +0800] "GET /xingrg/kc/buy/cgsh_order_info.html?code=212021040903212 HTTP/1.1" 200 62125
180.169.147.146 - - [11/Apr/2021:09:57:37 +0800] "GET /xingrg/all/function/internal_message.html?_=1618106258948&CODE_STATE=getMsg HTTP/1.1" 200 27
180.169.147.146 - - [11/Apr/2021:09:57:37 +0800] "GET /xingrg/javascript/easyui/themes/default/validatebox.css HTTP/1.1" 404 1104
180.169.147.146 - - [11/Apr/2021:09:57:37 +0800] "POST /xingrg/kc/buy/cgsh_order_operate.html HTTP/1.1" 200 3253
114.88.156.246 - - [11/Apr/2021:09:57:40 +0800] "GET /xingrg/all/function/internal_message.html?_=1618106283024&CODE_STATE=getMsg HTTP/1.1" 200 27
114.88.156.246 - - [11/Apr/2021:09:57:40 +0800] "GET /xingrg/check_reg.html?_=1618106283025 HTTP/1.1" 200 22
124.77.71.179 - - [11/Apr/2021:09:57:42 +0800] "GET /xingrg/kc/buy/cgsh_order_operate.html?command=get_materiel&rest_code=00107&code=00101006130&supplier_code=00100010&order_time=2021-04-11 HTTP/1.1" 200 446
116.224.253.72 - - [11/Apr/2021:09:57:43 +0800] "GET /xingrg/all/function/internal_message.html?_=1618106259222&CODE_STATE=getMsg HTTP/1.1" 200 27
116.238.141.202 - - [11/Apr/2021:09:57:46 +0800] "GET /xingrg/kc/buy/cgsh_order_operate.html?command=get_materiel&rest_code=00102&code=00101009109&supplier_code=00100151&order_time=2021-04-11 HTTP/1.1" 200 399
124.77.71.179 - - [11/Apr/2021:09:57:54 +0800] "GET /xingrg/kc/buy/cgsh_order_operate.html?command=get_materiel&rest_code=00107&code=00101006084&supplier_code=00100010&order_time=2021-04-11 HTTP/1.1" 200 413
117.184.7.26 - - [11/Apr/2021:09:57:54 +0800] "GET /xingrg/check_reg.html?_=1618106268256 HTTP/1.1" 200 22
120.253.135.82 - - [11/Apr/2021:09:57:56 +0800] "GET /xingrg/check_reg.html?_=1618106053518 HTTP/1.1" 200 22
120.253.135.82 - - [11/Apr/2021:09:57:56 +0800] "GET /xingrg/all/function/internal_message.html?_=1618106053501&CODE_STATE=getMsg HTTP/1.1" 200 27
116.224.253.72 - - [11/Apr/2021:09:57:59 +0800] "GET /xingrg/kc/buy/cgsh_order_operate.html?command=get_materiel&rest_code=00151&code=00101007091&supplier_code=00100096&order_time=2021-04-11 HTTP/1.1" 200 415
124.77.71.179 - - [11/Apr/2021:09:58:02 +0800] "POST /xingrg/kc/buy/cgsh_order_operate.html HTTP/1.1" 200 37
116.238.141.202 - - [11/Apr/2021:09:58:03 +0800] "GET /xingrg/kc/buy/cgsh_order_operate.html?command=get_materiel&rest_code=00102&code=00101009011&supplier_code=00100151&order_time=2021-04-11 HTTP/1.1" 200 416
180.169.147.146 - - [11/Apr/2021:09:58:03 +0800] "GET /xingrg/javascript/jquery_tools/images/prev.gif HTTP/1.1" 404 1086
180.169.147.146 - - [11/Apr/2021:09:58:03 +0800] "GET /xingrg/javascript/jquery_tools/images/next.gif HTTP/1.1" 404 1086
180.169.147.146 - - [11/Apr/2021:09:58:05 +0800] "GET /xingrg/all/function/internal_message.html?_=1618106298242&CODE_STATE=getMsg HTTP/1.1" 200 27
124.77.71.179 - - [11/Apr/2021:09:58:05 +0800] "POST /xingrg/kc/buy/cgsh_order_operate.html HTTP/1.1" 200 6807
124.77.71.179 - - [11/Apr/2021:09:58:06 +0800] "GET /xingrg/kc/print/load_data.html?order_code=212021041104075&kc_code=cgsh&condition= HTTP/1.1" 200 2309
120.253.135.82 - - [11/Apr/2021:09:58:07 +0800] "GET /xingrg/kc/pszx/mdps_order_list.html?orderType=0 HTTP/1.1" 200 21197
120.253.135.82 - - [11/Apr/2021:09:58:07 +0800] "POST /xingrg/kc/pszx/mdps_list_operate.html HTTP/1.1" 200 5555
180.169.147.146 - - [11/Apr/2021:09:58:09 +0800] "POST /xingrg/kc/buy/cgsh_order_operate.html HTTP/1.1" 200 37
180.169.147.146 - - [11/Apr/2021:09:58:10 +0800] "POST /xingrg/kc/buy/cgsh_order_operate.html HTTP/1.1" 200 3253
116.224.253.72 - - [11/Apr/2021:09:58:11 +0800] "GET /xingrg/kc/buy/cgsh_order_operate.html?command=get_materiel&rest_code=00151&code=00101007081&supplier_code=00100096&order_time=2021-04-11 HTTP/1.1" 200 415
116.224.253.72 - - [11/Apr/2021:09:58:11 +0800] "GET /xingrg/all/function/internal_message.html?_=1618106295299&CODE_STATE=getMsg HTTP/1.1" 200 27
180.169.147.146 - - [11/Apr/2021:09:58:14 +0800] "POST /xingrg/kc/buy/cgsh_list_operate.html HTTP/1.1" 200 3480
180.169.147.146 - - [11/Apr/2021:09:58:15 +0800] "POST /xingrg/kc/buy/cgsh_list_operate.html HTTP/1.1" 200 279
180.169.147.146 - - [11/Apr/2021:09:58:16 +0800] "POST /xingrg/kc/buy/cgsh_list_operate.html HTTP/1.1" 200 201
116.230.114.112 - - [11/Apr/2021:09:58:17 +0800] "GET /xingrg/all/function/internal_message.html?_=1618106324896&CODE_STATE=getMsg HTTP/1.1" 200 27
180.169.147.146 - - [11/Apr/2021:09:58:17 +0800] "POST /xingrg/kc/buy/cgsh_list_operate.html HTTP/1.1" 200 580
114.86.225.109 - - [11/Apr/2021:09:58:18 +0800] "GET /xingrg/all/function/internal_message.html?_=1618106300690&CODE_STATE=getMsg HTTP/1.1" 200 27
180.169.147.146 - - [11/Apr/2021:09:58:19 +0800] "POST /xingrg/kc/buy/cgsh_list_operate.html HTTP/1.1" 200 201
116.238.141.202 - - [11/Apr/2021:09:58:20 +0800] "POST /xingrg/kc/buy/cgsh_order_operate.html HTTP/1.1" 200 37
124.77.71.179 - - [11/Apr/2021:09:58:22 +0800] "GET /xingrg/all/function/internal_message.html?_=1618106303894&CODE_STATE=getMsg HTTP/1.1" 200 27
120.253.135.82 - - [11/Apr/2021:09:58:22 +0800] "POST /xingrg/kc/pszx/mdps_list_operate.html HTTP/1.1" 200 4306
58.40.7.146 - - [11/Apr/2021:09:58:24 +0800] "GET /xingrg/all/function/internal_message.html?_=1618106306300&CODE_STATE=getMsg HTTP/1.1" 302 -
58.40.7.146 - - [11/Apr/2021:09:58:24 +0800] "GET /xingrg/check_reg.html?_=1618106306301 HTTP/1.1" 302 -
120.253.135.82 - - [11/Apr/2021:09:58:27 +0800] "POST /xingrg/kc/pszx/mdps_list_operate.html HTTP/1.1" 200 206
61.165.42.208 - - [11/Apr/2021:09:58:28 +0800] "GET /xingrg/all/function/internal_message.html?_=1618106310172&CODE_STATE=getMsg HTTP/1.1" 200 27
61.165.42.208 - - [11/Apr/2021:09:58:28 +0800] "GET /xingrg/check_reg.html?_=1618106310176 HTTP/1.1" 200 22
116.238.141.202 - - [11/Apr/2021:09:58:28 +0800] "POST /xingrg/kc/buy/cgsh_order_operate.html HTTP/1.1" 200 13964
120.253.135.82 - - [11/Apr/2021:09:58:28 +0800] "GET /xingrg/kc/pszx/mdps_order_info.html?code=312021041000255 HTTP/1.1" 200 23931
120.253.135.82 - - [11/Apr/2021:09:58:29 +0800] "GET /xingrg/words/20210411091805_words.js HTTP/1.1" 200 804539
120.253.135.82 - - [11/Apr/2021:09:58:29 +0800] "POST /xingrg/kc/pszx/mdps_order_operate.html HTTP/1.1" 200 2286
120.253.135.82 - - [11/Apr/2021:09:58:29 +0800] "GET /xingrg/javascript/easyui/themes/default/validatebox.css HTTP/1.1" 404 1104
180.169.147.146 - - [11/Apr/2021:09:58:34 +0800] "GET /xingrg/all/function/internal_message.html?_=1618106315451&CODE_STATE=getMsg HTTP/1.1" 200 27
116.238.141.202 - - [11/Apr/2021:09:58:34 +0800] "GET /xingrg/check_reg.html?_=1618106591472 HTTP/1.1" 200 22
116.238.141.202 - - [11/Apr/2021:09:58:34 +0800] "GET /xingrg/all/function/internal_message.html?_=1618106591475&CODE_STATE=getMsg HTTP/1.1" 200 27
180.169.147.146 - - [11/Apr/2021:09:58:34 +0800] "POST /xingrg/kc/buy/cgsh_list_operate.html HTTP/1.1" 200 4
180.169.147.146 - - [11/Apr/2021:09:58:35 +0800] "GET /xingrg/all/function/internal_message.html?_=1618106323902&CODE_STATE=getMsg HTTP/1.1" 302 -
116.224.253.72 - - [11/Apr/2021:09:58:35 +0800] "GET /xingrg/kc/buy/cgsh_order_operate.html?command=get_materiel&rest_code=00151&code=00101012070&supplier_code=00100096&order_time=2021-04-11 HTTP/1.1" 200 398
222.69.129.105 - - [11/Apr/2021:09:58:36 +0800] "GET /xingrg/all/function/internal_message.html?_=1618106318066&CODE_STATE=getMsg HTTP/1.1" 200 27
222.70.217.33 - - [11/Apr/2021:09:58:36 +0800] "GET /xingrg/all/function/internal_message.html?_=1618106318602&CODE_STATE=getMsg HTTP/1.1" 200 27
180.169.147.146 - - [11/Apr/2021:09:58:37 +0800] "GET /xingrg/all/function/internal_message.html?_=1618106318945&CODE_STATE=getMsg HTTP/1.1" 200 27
180.169.147.146 - - [11/Apr/2021:09:58:37 +0800] "POST /xingrg/kc/buy/cgsh_list_operate.html HTTP/1.1" 200 1673
222.69.129.105 - - [11/Apr/2021:09:58:38 +0800] "GET /xingrg/check_reg.html?_=1618106319508 HTTP/1.1" 200 22
114.88.156.246 - - [11/Apr/2021:09:58:40 +0800] "GET /xingrg/all/function/internal_message.html?_=1618106343025&CODE_STATE=getMsg HTTP/1.1" 200 27
116.224.253.72 - - [11/Apr/2021:09:58:43 +0800] "GET /xingrg/all/function/internal_message.html?_=1618106319247&CODE_STATE=getMsg HTTP/1.1" 200 27
116.238.141.202 - - [11/Apr/2021:09:58:43 +0800] "GET /xingrg/kc/print/load_data.html?order_code=212021041104076&kc_code=cgsh&condition= HTTP/1.1" 200 4936
116.224.253.72 - - [11/Apr/2021:09:58:45 +0800] "GET /xingrg/kc/buy/cgsh_order_operate.html?command=get_materiel&rest_code=00151&code=00101012059&supplier_code=00100096&order_time=2021-04-11 HTTP/1.1" 200 413
120.253.135.82 - - [11/Apr/2021:09:58:54 +0800] "GET /xingrg/all/function/internal_message.html?_=1618106113516&CODE_STATE=getMsg HTTP/1.1" 200 27
180.169.147.146 - - [11/Apr/2021:09:58:55 +0800] "POST /xingrg/kc/buy/cgsh_list_operate.html HTTP/1.1" 200 580
180.169.147.146 - - [11/Apr/2021:09:58:58 +0800] "POST /xingrg/kc/buy/cgsh_list_operate.html HTTP/1.1" 200 4
180.169.147.146 - - [11/Apr/2021:09:59:00 +0800] "POST /xingrg/kc/buy/cgsh_list_operate.html HTTP/1.1" 200 876
180.169.147.146 - - [11/Apr/2021:09:59:05 +0800] "GET /xingrg/all/function/internal_message.html?_=1618106358243&CODE_STATE=getMsg HTTP/1.1" 200 27
116.224.253.72 - - [11/Apr/2021:09:59:11 +0800] "GET /xingrg/all/function/internal_message.html?_=1618106355284&CODE_STATE=getMsg HTTP/1.1" 200 27
120.253.135.82 - - [11/Apr/2021:09:59:15 +0800] "POST /xingrg/kc/pszx/mdps_order_operate.html HTTP/1.1" 200 37
120.253.135.82 - - [11/Apr/2021:09:59:16 +0800] "GET /xingrg/kc/pszx/mdps_order_info.html?code=312021041000255 HTTP/1.1" 200 23931
120.253.135.82 - - [11/Apr/2021:09:59:17 +0800] "GET /xingrg/javascript/easyui/themes/default/validatebox.css HTTP/1.1" 404 1104
120.253.135.82 - - [11/Apr/2021:09:59:17 +0800] "POST /xingrg/kc/pszx/mdps_order_operate.html HTTP/1.1" 200 2287
116.230.114.112 - - [11/Apr/2021:09:59:17 +0800] "GET /xingrg/all/function/internal_message.html?_=1618106385041&CODE_STATE=getMsg HTTP/1.1" 200 27
114.86.225.109 - - [11/Apr/2021:09:59:18 +0800] "GET /xingrg/all/function/internal_message.html?_=1618106360692&CODE_STATE=getMsg HTTP/1.1" 200 27
120.253.135.82 - - [11/Apr/2021:09:59:19 +0800] "GET /xingrg/kc/print/load_config.html?kc_code=mdps HTTP/1.1" 200 2396
120.253.135.82 - - [11/Apr/2021:09:59:19 +0800] "GET /xingrg/kc/print/load_data.html?order_code=312021041000255&kc_code=mdps&condition= HTTP/1.1" 200 696
124.77.71.179 - - [11/Apr/2021:09:59:22 +0800] "GET /xingrg/all/function/internal_message.html?_=1618106363874&CODE_STATE=getMsg HTTP/1.1" 200 27
58.40.7.146 - - [11/Apr/2021:09:59:24 +0800] "GET /xingrg/all/function/internal_message.html?_=1618106366306&CODE_STATE=getMsg HTTP/1.1" 302 -
61.165.42.208 - - [11/Apr/2021:09:59:28 +0800] "GET /xingrg/all/function/internal_message.html?_=1618106370176&CODE_STATE=getMsg HTTP/1.1" 200 27
116.224.253.72 - - [11/Apr/2021:09:59:31 +0800] "GET /xingrg/check_reg.html?_=1618106367395 HTTP/1.1" 200 22
180.169.147.146 - - [11/Apr/2021:09:59:34 +0800] "GET /xingrg/all/function/internal_message.html?_=1618106375468&CODE_STATE=getMsg HTTP/1.1" 200 27
116.238.141.202 - - [11/Apr/2021:09:59:35 +0800] "GET /xingrg/all/function/internal_message.html?_=1618106651862&CODE_STATE=getMsg HTTP/1.1" 200 27
180.169.147.146 - - [11/Apr/2021:09:59:35 +0800] "GET /xingrg/all/function/internal_message.html?_=1618106383902&CODE_STATE=getMsg HTTP/1.1" 302 -
222.69.129.105 - - [11/Apr/2021:09:59:36 +0800] "GET /xingrg/all/function/internal_message.html?_=1618106378058&CODE_STATE=getMsg HTTP/1.1" 200 27
222.70.217.33 - - [11/Apr/2021:09:59:36 +0800] "GET /xingrg/all/function/internal_message.html?_=1618106378604&CODE_STATE=getMsg HTTP/1.1" 200 27
180.169.147.146 - - [11/Apr/2021:09:59:37 +0800] "GET /xingrg/all/function/internal_message.html?_=1618106378941&CODE_STATE=getMsg HTTP/1.1" 200 27
101.89.19.197 - - [11/Apr/2021:09:59:39 +0800] "GET /xingrg/all/function/internal_message.html?_=1618106343025&CODE_STATE=getMsg HTTP/1.1" 302 -
114.88.156.246 - - [11/Apr/2021:09:59:40 +0800] "GET /xingrg/all/function/internal_message.html?_=1618106403024&CODE_STATE=getMsg HTTP/1.1" 200 27
101.89.19.197 - - [11/Apr/2021:09:59:42 +0800] "GET /xingrg/login.html HTTP/1.1" 200 7641
116.224.253.72 - - [11/Apr/2021:09:59:43 +0800] "GET /xingrg/all/function/internal_message.html?_=1618106379265&CODE_STATE=getMsg HTTP/1.1" 200 27
120.253.135.82 - - [11/Apr/2021:09:59:54 +0800] "GET /xingrg/all/function/internal_message.html?_=1618106173530&CODE_STATE=getMsg HTTP/1.1" 200 27
180.169.147.146 - - [11/Apr/2021:10:00:05 +0800] "GET /xingrg/all/function/internal_message.html?_=1618106418244&CODE_STATE=getMsg HTTP/1.1" 200 27
116.224.253.72 - - [11/Apr/2021:10:00:11 +0800] "GET /xingrg/all/function/internal_message.html?_=1618106415289&CODE_STATE=getMsg HTTP/1.1" 200 27
116.224.253.72 - - [11/Apr/2021:10:00:15 +0800] "GET /xingrg/kc/buy/cgsh_order_operate.html?command=get_materiel&rest_code=00151&code=00101012026&supplier_code=00100096&order_time=2021-04-11 HTTP/1.1" 200 408
116.230.114.112 - - [11/Apr/2021:10:00:17 +0800] "GET /xingrg/all/function/internal_message.html?_=1618106445047&CODE_STATE=getMsg HTTP/1.1" 200 27
114.86.225.109 - - [11/Apr/2021:10:00:18 +0800] "GET /xingrg/all/function/internal_message.html?_=1618106420694&CODE_STATE=getMsg HTTP/1.1" 200 27
114.86.225.109 - - [11/Apr/2021:10:00:18 +0800] "GET /xingrg/check_reg.html?_=1618106420695 HTTP/1.1" 200 22
124.77.71.179 - - [11/Apr/2021:10:00:21 +0800] "GET /xingrg/all/function/internal_message.html?_=1618106423858&CODE_STATE=getMsg HTTP/1.1" 200 27
58.40.7.146 - - [11/Apr/2021:10:00:24 +0800] "GET /xingrg/all/function/internal_message.html?_=1618106426293&CODE_STATE=getMsg HTTP/1.1" 302 -
61.165.42.208 - - [11/Apr/2021:10:00:28 +0800] "GET /xingrg/all/function/internal_message.html?_=1618106430177&CODE_STATE=getMsg HTTP/1.1" 200 27
116.224.253.72 - - [11/Apr/2021:10:00:29 +0800] "GET /xingrg/kc/buy/cgsh_order_operate.html?command=get_materiel&rest_code=00151&code=00101006013&supplier_code=00100096&order_time=2021-04-11 HTTP/1.1" 200 409
180.169.147.146 - - [11/Apr/2021:10:00:34 +0800] "GET /xingrg/all/function/internal_message.html?_=1618106435461&CODE_STATE=getMsg HTTP/1.1" 200 27
116.238.141.202 - - [11/Apr/2021:10:00:35 +0800] "GET /xingrg/all/function/internal_message.html?_=1618106711874&CODE_STATE=getMsg HTTP/1.1" 200 27
180.169.147.146 - - [11/Apr/2021:10:00:35 +0800] "GET /xingrg/all/function/internal_message.html?_=1618106443903&CODE_STATE=getMsg HTTP/1.1" 302 -
180.169.147.146 - - [11/Apr/2021:10:00:35 +0800] "GET /xingrg/check_reg.html?_=1618106443905 HTTP/1.1" 302 -
222.69.129.105 - - [11/Apr/2021:10:00:36 +0800] "GET /xingrg/all/function/internal_message.html?_=1618106438043&CODE_STATE=getMsg HTTP/1.1" 200 27
222.70.217.33 - - [11/Apr/2021:10:00:36 +0800] "GET /xingrg/all/function/internal_message.html?_=1618106438611&CODE_STATE=getMsg HTTP/1.1" 200 27
222.70.217.33 - - [11/Apr/2021:10:00:36 +0800] "GET /xingrg/check_reg.html?_=1618106438614 HTTP/1.1" 200 22
180.169.147.146 - - [11/Apr/2021:10:00:37 +0800] "GET /xingrg/all/function/internal_message.html?_=1618106438949&CODE_STATE=getMsg HTTP/1.1" 200 27
61.151.178.197 - - [11/Apr/2021:10:00:39 +0800] "GET /xingrg/all/function/internal_message.html?_=1618106403024&CODE_STATE=getMsg HTTP/1.1" 302 -
114.88.156.246 - - [11/Apr/2021:10:00:40 +0800] "GET /xingrg/all/function/internal_message.html?_=1618106463039&CODE_STATE=getMsg HTTP/1.1" 200 27
61.151.178.197 - - [11/Apr/2021:10:00:41 +0800] "GET /xingrg/login.html HTTP/1.1" 200 7641
116.224.253.72 - - [11/Apr/2021:10:00:43 +0800] "GET /xingrg/all/function/internal_message.html?_=1618106439278&CODE_STATE=getMsg HTTP/1.1" 200 27
120.253.135.82 - - [11/Apr/2021:10:00:54 +0800] "GET /xingrg/all/function/internal_message.html?_=1618106233544&CODE_STATE=getMsg HTTP/1.1" 200 27
116.224.253.72 - - [11/Apr/2021:10:00:58 +0800] "POST /xingrg/kc/buy/cgsh_order_operate.html HTTP/1.1" 200 37
116.224.253.72 - - [11/Apr/2021:10:01:00 +0800] "POST /xingrg/kc/buy/cgsh_order_operate.html HTTP/1.1" 200 12
116.224.253.72 - - [11/Apr/2021:10:01:03 +0800] "GET /xingrg/kc/buy/cgsh_order_info.html?code=212021041104077 HTTP/1.1" 200 56682
116.224.253.72 - - [11/Apr/2021:10:01:04 +0800] "GET /xingrg/words/20210411091805_words.js HTTP/1.1" 304 -
116.224.253.72 - - [11/Apr/2021:10:01:04 +0800] "GET /xingrg/javascript/easyui/themes/default/validatebox.css HTTP/1.1" 404 1104
116.224.253.72 - - [11/Apr/2021:10:01:04 +0800] "POST /xingrg/kc/buy/cgsh_order_operate.html HTTP/1.1" 200 3612
180.169.147.146 - - [11/Apr/2021:10:01:05 +0800] "GET /xingrg/all/function/internal_message.html?_=1618106478246&CODE_STATE=getMsg HTTP/1.1" 200 27
116.224.253.72 - - [11/Apr/2021:10:01:07 +0800] "GET /xingrg/kc/print/load_data.html?order_code=212021041104077&kc_code=cgsh&condition= HTTP/1.1" 200 1848
116.224.253.72 - - [11/Apr/2021:10:01:11 +0800] "GET /xingrg/all/function/internal_message.html?_=1618106475451&CODE_STATE=getMsg HTTP/1.1" 200 27
116.230.114.112 - - [11/Apr/2021:10:01:17 +0800] "GET /xingrg/all/function/internal_message.html?_=1618106505215&CODE_STATE=getMsg HTTP/1.1" 200 27
114.86.225.109 - - [11/Apr/2021:10:01:18 +0800] "GET /xingrg/all/function/internal_message.html?_=1618106480696&CODE_STATE=getMsg HTTP/1.1" 200 27
124.77.71.179 - - [11/Apr/2021:10:01:20 +0800] "GET /xingrg/check_reg.html?_=1618106482013 HTTP/1.1" 200 22
116.230.114.112 - - [11/Apr/2021:10:01:20 +0800] "GET /xingrg/check_reg.html?_=1618106508310 HTTP/1.1" 200 22
124.77.71.179 - - [11/Apr/2021:10:01:21 +0800] "GET /xingrg/all/function/internal_message.html?_=1618106483833&CODE_STATE=getMsg HTTP/1.1" 200 27
58.40.7.146 - - [11/Apr/2021:10:01:24 +0800] "GET /xingrg/all/function/internal_message.html?_=1618106486296&CODE_STATE=getMsg HTTP/1.1" 302 -
116.224.253.72 - - [11/Apr/2021:10:01:24 +0800] "GET /xingrg/kc/buy/cgsh_order_add.html HTTP/1.1" 200 61790
