116.224.253.72 - - [10/Apr/2021:09:40:21 +0800] "GET /xingrg/javascript/jquery_tools/jquery.tools.table.js HTTP/1.1" 304 -
116.224.253.72 - - [10/Apr/2021:09:40:21 +0800] "GET /xingrg/javascript/jquery_tools/jquery.tools.extend.js HTTP/1.1" 304 -
116.224.253.72 - - [10/Apr/2021:09:40:21 +0800] "GET /xingrg/javascript/jquery.cookie.js HTTP/1.1" 304 -
116.224.253.72 - - [10/Apr/2021:09:40:21 +0800] "GET /xingrg/javascript/easyui/easyloader.js HTTP/1.1" 304 -
116.224.253.72 - - [10/Apr/2021:09:40:21 +0800] "GET /xingrg/javascript/jquery_tools/list_manager.js HTTP/1.1" 304 -
116.224.253.72 - - [10/Apr/2021:09:40:21 +0800] "GET /xingrg/javascript/print/LodopFuncs.js HTTP/1.1" 304 -
116.224.253.72 - - [10/Apr/2021:09:40:21 +0800] "GET /xingrg/kc/buy/cgsh_order_list.html HTTP/1.1" 200 46416
116.224.253.72 - - [10/Apr/2021:09:40:21 +0800] "GET /xingrg/javascript/easyui/plugins/jquery.parser.js HTTP/1.1" 304 -
116.224.253.72 - - [10/Apr/2021:09:40:22 +0800] "POST /xingrg/kc/buy/cgsh_list_operate.html HTTP/1.1" 200 1709
58.40.7.146 - - [10/Apr/2021:09:40:23 +0800] "GET /xingrg/all/function/internal_message.html?_=1618018825861&CODE_STATE=getMsg HTTP/1.1" 302 -
180.169.147.146 - - [10/Apr/2021:09:40:27 +0800] "GET /xingrg/all/function/internal_message.html?_=1618018832118&CODE_STATE=getMsg HTTP/1.1" 200 27
116.224.253.72 - - [10/Apr/2021:09:40:29 +0800] "GET /xingrg/all/function/internal_message.html?_=1618018833954&CODE_STATE=getMsg HTTP/1.1" 200 27
116.224.253.72 - - [10/Apr/2021:09:40:31 +0800] "GET /xingrg/javascript/jquery_tools/images/prev.gif HTTP/1.1" 404 1086
116.224.253.72 - - [10/Apr/2021:09:40:31 +0800] "GET /xingrg/javascript/jquery_tools/images/next.gif HTTP/1.1" 404 1086
116.238.141.202 - - [10/Apr/2021:09:40:32 +0800] "GET /xingrg/all/function/internal_message.html?_=1618019109824&CODE_STATE=getMsg HTTP/1.1" 200 27
180.169.147.146 - - [10/Apr/2021:09:40:32 +0800] "GET /xingrg/check_reg.html?_=1618018842206 HTTP/1.1" 302 -
180.169.147.146 - - [10/Apr/2021:09:40:32 +0800] "GET /xingrg/all/function/internal_message.html?_=1618018842209&CODE_STATE=getMsg HTTP/1.1" 302 -
116.233.74.165 - - [10/Apr/2021:09:40:33 +0800] "GET /xingrg/all/function/internal_message.html?_=1618018837609&CODE_STATE=getMsg HTTP/1.1" 200 27
116.230.114.112 - - [10/Apr/2021:09:40:36 +0800] "GET /xingrg/all/function/internal_message.html?_=1618018842704&CODE_STATE=getMsg HTTP/1.1" 302 -
116.224.253.72 - - [10/Apr/2021:09:40:38 +0800] "POST /xingrg/kc/buy/cgsh_list_operate.html HTTP/1.1" 200 2954
120.253.135.82 - - [10/Apr/2021:09:40:39 +0800] "GET /xingrg/all/function/internal_message.html?_=1618018618765&CODE_STATE=getMsg HTTP/1.1" 200 27
116.224.253.72 - - [10/Apr/2021:09:40:41 +0800] "POST /xingrg/kc/buy/cgsh_list_operate.html HTTP/1.1" 200 579
114.88.156.246 - - [10/Apr/2021:09:40:41 +0800] "GET /xingrg/all/function/internal_message.html?_=1618018863565&CODE_STATE=getMsg HTTP/1.1" 200 27
116.224.253.72 - - [10/Apr/2021:09:40:41 +0800] "GET /xingrg/kc/buy/cgsh_order_info.html?code=212021041003477 HTTP/1.1" 200 56990
116.224.253.72 - - [10/Apr/2021:09:40:41 +0800] "GET /xingrg/javascript/pic_change.js HTTP/1.1" 304 -
116.224.253.72 - - [10/Apr/2021:09:40:41 +0800] "GET /xingrg/javascript/jquery_tools/order_manager.js HTTP/1.1" 304 -
116.224.253.72 - - [10/Apr/2021:09:40:41 +0800] "GET /xingrg/javascript/json2.js HTTP/1.1" 304 -
116.224.253.72 - - [10/Apr/2021:09:40:41 +0800] "GET /xingrg/javascript/convert.js HTTP/1.1" 304 -
116.224.253.72 - - [10/Apr/2021:09:40:41 +0800] "GET /xingrg/javascript/print/kc_print.js HTTP/1.1" 304 -
116.224.253.72 - - [10/Apr/2021:09:40:41 +0800] "GET /xingrg/words/20210409185201_words.js HTTP/1.1" 304 -
116.224.253.72 - - [10/Apr/2021:09:40:42 +0800] "GET /xingrg/javascript/easyui/themes/default/validatebox.css HTTP/1.1" 404 1104
116.224.253.72 - - [10/Apr/2021:09:40:42 +0800] "GET /xingrg/javascript/easyui/plugins/jquery.validatebox.js HTTP/1.1" 304 -
116.224.253.72 - - [10/Apr/2021:09:40:42 +0800] "GET /xingrg/javascript/easyui/plugins/jquery.numberbox.js HTTP/1.1" 304 -
61.129.7.235 - - [10/Apr/2021:09:40:42 +0800] "GET /xingrg/all/function/internal_message.html?_=1618018803557&CODE_STATE=getMsg HTTP/1.1" 302 -
116.224.253.72 - - [10/Apr/2021:09:40:42 +0800] "POST /xingrg/kc/buy/cgsh_order_operate.html HTTP/1.1" 200 7721
61.129.7.235 - - [10/Apr/2021:09:40:43 +0800] "GET /xingrg/login.html HTTP/1.1" 200 7641
116.224.253.72 - - [10/Apr/2021:09:40:44 +0800] "GET /xingrg/kc/print/load_config.html?kc_code=cgsh HTTP/1.1" 200 1845
116.233.74.165 - - [10/Apr/2021:09:40:45 +0800] "POST /xingrg/kc/buy/cgsh_order_operate.html HTTP/1.1" 200 37
116.224.253.72 - - [10/Apr/2021:09:40:45 +0800] "GET /xingrg/kc/print/load_data.html?order_code=212021041003477&kc_code=cgsh&condition= HTTP/1.1" 200 3439
124.77.71.179 - - [10/Apr/2021:09:40:46 +0800] "GET /xingrg/all/function/internal_message.html?_=1618018849894&CODE_STATE=getMsg HTTP/1.1" 200 27
116.233.74.165 - - [10/Apr/2021:09:40:47 +0800] "POST /xingrg/kc/buy/cgsh_order_operate.html HTTP/1.1" 200 57017
61.165.42.208 - - [10/Apr/2021:09:40:51 +0800] "GET /xingrg/all/function/internal_message.html?_=1618018838565&CODE_STATE=getMsg HTTP/1.1" 200 27
116.230.114.112 - - [10/Apr/2021:09:41:03 +0800] "GET /xingrg/all/function/internal_message.html?_=1618018888106&CODE_STATE=getMsg HTTP/1.1" 200 27
124.77.71.179 - - [10/Apr/2021:09:41:05 +0800] "GET /xingrg/all/function/internal_message.html?_=1618018866722&CODE_STATE=getMsg HTTP/1.1" 200 27
116.224.253.72 - - [10/Apr/2021:09:41:18 +0800] "GET /xingrg/all/function/internal_message.html?_=1618018876462&CODE_STATE=getMsg HTTP/1.1" 200 27
61.165.42.208 - - [10/Apr/2021:09:41:20 +0800] "GET /xingrg/all/function/internal_message.html?_=1618018884257&CODE_STATE=getMsg HTTP/1.1" 200 27
222.69.131.206 - - [10/Apr/2021:09:41:20 +0800] "GET /xingrg/all/function/internal_message.html?_=1618018883626&CODE_STATE=getMsg HTTP/1.1" 200 27
58.40.7.146 - - [10/Apr/2021:09:41:23 +0800] "GET /xingrg/all/function/internal_message.html?_=1618018885863&CODE_STATE=getMsg HTTP/1.1" 302 -
116.230.114.112 - - [10/Apr/2021:09:41:26 +0800] "GET /xingrg/check_reg.html?_=1618018910565 HTTP/1.1" 200 22
180.169.147.146 - - [10/Apr/2021:09:41:27 +0800] "GET /xingrg/all/function/internal_message.html?_=1618018892119&CODE_STATE=getMsg HTTP/1.1" 200 27
116.224.253.72 - - [10/Apr/2021:09:41:29 +0800] "GET /xingrg/all/function/internal_message.html?_=1618018893962&CODE_STATE=getMsg HTTP/1.1" 200 27
116.224.253.72 - - [10/Apr/2021:09:41:30 +0800] "POST /xingrg/kc/buy/cgsh_list_operate.html HTTP/1.1" 200 568
116.224.253.72 - - [10/Apr/2021:09:41:31 +0800] "GET /xingrg/kc/buy/cgsh_order_info.html?code=212021041003454 HTTP/1.1" 200 56980
116.224.253.72 - - [10/Apr/2021:09:41:31 +0800] "GET /xingrg/javascript/easyui/themes/default/validatebox.css HTTP/1.1" 404 1104
116.224.253.72 - - [10/Apr/2021:09:41:31 +0800] "POST /xingrg/kc/buy/cgsh_order_operate.html HTTP/1.1" 200 10109
116.238.141.202 - - [10/Apr/2021:09:41:32 +0800] "GET /xingrg/all/function/internal_message.html?_=1618019169837&CODE_STATE=getMsg HTTP/1.1" 200 27
180.169.147.146 - - [10/Apr/2021:09:41:32 +0800] "GET /xingrg/all/function/internal_message.html?_=1618018902243&CODE_STATE=getMsg HTTP/1.1" 302 -
116.233.74.165 - - [10/Apr/2021:09:41:33 +0800] "GET /xingrg/all/function/internal_message.html?_=1618018897612&CODE_STATE=getMsg HTTP/1.1" 200 27
116.230.114.112 - - [10/Apr/2021:09:41:36 +0800] "GET /xingrg/all/function/internal_message.html?_=1618018902730&CODE_STATE=getMsg HTTP/1.1" 302 -
116.224.253.72 - - [10/Apr/2021:09:41:36 +0800] "POST /xingrg/all/user/operate.html HTTP/1.1" 200 36
116.224.253.72 - - [10/Apr/2021:09:41:36 +0800] "GET /xingrg/index.html?sysBaseUrl=http%3A%2F%2F180.169.147.146%3A18081%2Fxingrg%2F&costTime=46×tamp=1618018818601 HTTP/1.1" 200 17177
116.224.253.72 - - [10/Apr/2021:09:41:36 +0800] "GET /xingrg/javascript/jquery_easy_ui/themes/default/easyui.css HTTP/1.1" 304 -
116.224.253.72 - - [10/Apr/2021:09:41:36 +0800] "GET /xingrg/javascript/jquery_easy_ui/themes/icon.css HTTP/1.1" 304 -
116.224.253.72 - - [10/Apr/2021:09:41:37 +0800] "GET /xingrg/css/form.css HTTP/1.1" 304 -
116.224.253.72 - - [10/Apr/2021:09:41:37 +0800] "GET /xingrg/javascript/jquery-1.4.2.min.js HTTP/1.1" 304 -
116.224.253.72 - - [10/Apr/2021:09:41:37 +0800] "GET /xingrg/javascript/jquery_easy_ui/jquery.easyui.min.js HTTP/1.1" 304 -
116.224.253.72 - - [10/Apr/2021:09:41:37 +0800] "GET /xingrg/javascript/jquery_easy_ui/easyui-lang-zh_CN.js HTTP/1.1" 304 -
116.224.253.72 - - [10/Apr/2021:09:41:37 +0800] "GET /xingrg/javascript/jquery.form.js HTTP/1.1" 304 -
116.224.253.72 - - [10/Apr/2021:09:41:37 +0800] "GET /xingrg/javascript/jquery.utils.js HTTP/1.1" 304 -
116.224.253.72 - - [10/Apr/2021:09:41:37 +0800] "GET /xingrg/javascript/jquery.timers.js HTTP/1.1" 304 -
116.224.253.72 - - [10/Apr/2021:09:41:37 +0800] "GET /xingrg/images/blue/jxLogo.png HTTP/1.1" 304 -
116.224.253.72 - - [10/Apr/2021:09:41:37 +0800] "GET /xingrg/images/blue/navBackgound.jpg HTTP/1.1" 304 -
116.224.253.72 - - [10/Apr/2021:09:41:37 +0800] "GET /xingrg/javascript/jquery_easy_ui/themes/icons/settle_new.png HTTP/1.1" 304 -
116.224.253.72 - - [10/Apr/2021:09:41:37 +0800] "GET /xingrg/images/blue/pingpu.png HTTP/1.1" 304 -
116.224.253.72 - - [10/Apr/2021:09:41:37 +0800] "POST /xingrg/all/common/load_tree.html?tree=area_rest_tree_json&manage=1 HTTP/1.1" 200 476
116.224.253.72 - - [10/Apr/2021:09:41:37 +0800] "GET /xingrg/javascript/jquery_easy_ui/themes/default/images/tabs_leftarrow.png HTTP/1.1" 304 -
116.224.253.72 - - [10/Apr/2021:09:41:37 +0800] "GET /xingrg/javascript/jquery_easy_ui/themes/default/images/tabs_rightarrow.png HTTP/1.1" 304 -
116.224.253.72 - - [10/Apr/2021:09:41:37 +0800] "GET /xingrg/javascript/jquery_easy_ui/themes/default/images/panel_tool_collapse.gif HTTP/1.1" 304 -
116.224.253.72 - - [10/Apr/2021:09:41:37 +0800] "GET /xingrg/all/function/internal_message.html?_=1618018894693&CODE_STATE=count HTTP/1.1" 200 11
116.224.253.72 - - [10/Apr/2021:09:41:37 +0800] "GET /xingrg/check_reg.html?_=1618018894694 HTTP/1.1" 200 22
116.224.253.72 - - [10/Apr/2021:09:41:37 +0800] "POST /xingrg/load_menu.html HTTP/1.1" 200 5138
120.253.135.82 - - [10/Apr/2021:09:41:39 +0800] "GET /xingrg/all/function/internal_message.html?_=1618018678778&CODE_STATE=getMsg HTTP/1.1" 200 27
116.224.253.72 - - [10/Apr/2021:09:41:40 +0800] "GET /xingrg/kc/buy/cgsh_order_list.html HTTP/1.1" 200 46414
116.224.253.72 - - [10/Apr/2021:09:41:41 +0800] "POST /xingrg/kc/buy/cgsh_list_operate.html HTTP/1.1" 200 1707
114.88.156.246 - - [10/Apr/2021:09:41:41 +0800] "GET /xingrg/all/function/internal_message.html?_=1618018923557&CODE_STATE=getMsg HTTP/1.1" 200 27
116.224.253.72 - - [10/Apr/2021:09:41:43 +0800] "GET /xingrg/javascript/jquery_tools/images/prev.gif HTTP/1.1" 404 1086
116.224.253.72 - - [10/Apr/2021:09:41:43 +0800] "GET /xingrg/javascript/jquery_tools/images/next.gif HTTP/1.1" 404 1086
124.77.71.179 - - [10/Apr/2021:09:41:46 +0800] "GET /xingrg/all/function/internal_message.html?_=1618018909895&CODE_STATE=getMsg HTTP/1.1" 200 27
116.224.253.72 - - [10/Apr/2021:09:41:49 +0800] "POST /xingrg/kc/buy/cgsh_list_operate.html HTTP/1.1" 200 2544
116.224.253.72 - - [10/Apr/2021:09:41:51 +0800] "POST /xingrg/kc/buy/cgsh_list_operate.html HTTP/1.1" 200 556
61.165.42.208 - - [10/Apr/2021:09:41:51 +0800] "GET /xingrg/all/function/internal_message.html?_=1618018898565&CODE_STATE=getMsg HTTP/1.1" 200 27
116.224.253.72 - - [10/Apr/2021:09:41:52 +0800] "GET /xingrg/kc/buy/cgsh_order_info.html?code=212021041003455 HTTP/1.1" 200 56698
116.224.253.72 - - [10/Apr/2021:09:41:53 +0800] "GET /xingrg/javascript/easyui/themes/default/validatebox.css HTTP/1.1" 404 1104
116.224.253.72 - - [10/Apr/2021:09:41:53 +0800] "POST /xingrg/kc/buy/cgsh_order_operate.html HTTP/1.1" 200 5993
116.224.253.72 - - [10/Apr/2021:09:41:57 +0800] "GET /xingrg/kc/print/load_data.html?order_code=212021041003455&kc_code=cgsh&condition= HTTP/1.1" 200 2789
124.77.71.179 - - [10/Apr/2021:09:41:58 +0800] "GET /xingrg/check_reg.html?_=1618018919878 HTTP/1.1" 200 22
116.230.114.112 - - [10/Apr/2021:09:42:03 +0800] "GET /xingrg/all/function/internal_message.html?_=1618018948111&CODE_STATE=getMsg HTTP/1.1" 200 27
124.77.71.179 - - [10/Apr/2021:09:42:05 +0800] "GET /xingrg/all/function/internal_message.html?_=1618018926699&CODE_STATE=getMsg HTTP/1.1" 200 27
222.69.131.206 - - [10/Apr/2021:09:42:13 +0800] "GET /xingrg/check_reg.html?_=1618018936466 HTTP/1.1" 200 22
116.230.114.112 - - [10/Apr/2021:09:42:19 +0800] "GET /xingrg/check_reg.html?_=1618018945747 HTTP/1.1" 302 -
61.165.42.208 - - [10/Apr/2021:09:42:20 +0800] "GET /xingrg/all/function/internal_message.html?_=1618018944251&CODE_STATE=getMsg HTTP/1.1" 200 27
61.165.42.208 - - [10/Apr/2021:09:42:20 +0800] "GET /xingrg/check_reg.html?_=1618018944254 HTTP/1.1" 200 22
222.69.131.206 - - [10/Apr/2021:09:42:20 +0800] "GET /xingrg/all/function/internal_message.html?_=1618018943600&CODE_STATE=getMsg HTTP/1.1" 200 27
58.40.7.146 - - [10/Apr/2021:09:42:23 +0800] "GET /xingrg/all/function/internal_message.html?_=1618018945866&CODE_STATE=getMsg HTTP/1.1" 302 -
116.224.253.72 - - [10/Apr/2021:09:42:26 +0800] "POST /xingrg/kc/buy/cgsh_list_operate.html HTTP/1.1" 200 1707
180.169.147.146 - - [10/Apr/2021:09:42:27 +0800] "GET /xingrg/all/function/internal_message.html?_=1618018952124&CODE_STATE=getMsg HTTP/1.1" 200 27
116.224.253.72 - - [10/Apr/2021:09:42:28 +0800] "POST /xingrg/kc/buy/cgsh_list_operate.html HTTP/1.1" 200 562
116.224.253.72 - - [10/Apr/2021:09:42:29 +0800] "GET /xingrg/all/function/internal_message.html?_=1618018953962&CODE_STATE=getMsg HTTP/1.1" 200 27
116.224.253.72 - - [10/Apr/2021:09:42:29 +0800] "GET /xingrg/check_reg.html?_=1618018953975 HTTP/1.1" 200 22
116.224.253.72 - - [10/Apr/2021:09:42:29 +0800] "GET /xingrg/kc/buy/cgsh_order_info.html?code=212021041003470 HTTP/1.1" 200 61811
116.224.253.72 - - [10/Apr/2021:09:42:29 +0800] "GET /xingrg/all/common/auto_word.html?type=employee&rest_code=00151 HTTP/1.1" 200 243
116.224.253.72 - - [10/Apr/2021:09:42:29 +0800] "GET /xingrg/all/common/auto_word.html?type=employee&rest_code=00151 HTTP/1.1" 200 243
116.224.253.72 - - [10/Apr/2021:09:42:29 +0800] "GET /xingrg/javascript/easyui/themes/default/validatebox.css HTTP/1.1" 404 1104
116.224.253.72 - - [10/Apr/2021:09:42:30 +0800] "POST /xingrg/kc/buy/cgsh_order_operate.html HTTP/1.1" 200 24167
116.238.141.202 - - [10/Apr/2021:09:42:32 +0800] "GET /xingrg/all/function/internal_message.html?_=1618019229939&CODE_STATE=getMsg HTTP/1.1" 200 27
180.169.147.146 - - [10/Apr/2021:09:42:33 +0800] "GET /xingrg/all/function/internal_message.html?_=1618018962285&CODE_STATE=getMsg HTTP/1.1" 302 -
116.233.74.165 - - [10/Apr/2021:09:42:33 +0800] "GET /xingrg/all/function/internal_message.html?_=1618018957614&CODE_STATE=getMsg HTTP/1.1" 200 27
116.233.74.165 - - [10/Apr/2021:09:42:33 +0800] "GET /xingrg/check_reg.html?_=1618018957616 HTTP/1.1" 200 22
116.230.114.112 - - [10/Apr/2021:09:42:36 +0800] "GET /xingrg/all/function/internal_message.html?_=1618018962731&CODE_STATE=getMsg HTTP/1.1" 302 -
116.224.253.72 - - [10/Apr/2021:09:42:37 +0800] "GET /xingrg/all/function/internal_message.html?_=1618018954698&CODE_STATE=getMsg HTTP/1.1" 200 27
120.253.135.82 - - [10/Apr/2021:09:42:39 +0800] "GET /xingrg/all/function/internal_message.html?_=1618018738797&CODE_STATE=getMsg HTTP/1.1" 200 27
114.88.156.246 - - [10/Apr/2021:09:42:41 +0800] "GET /xingrg/all/function/internal_message.html?_=1618018983566&CODE_STATE=getMsg HTTP/1.1" 200 27
124.77.71.179 - - [10/Apr/2021:09:42:46 +0800] "GET /xingrg/all/function/internal_message.html?_=1618018969897&CODE_STATE=getMsg HTTP/1.1" 200 27
61.165.42.208 - - [10/Apr/2021:09:42:51 +0800] "GET /xingrg/all/function/internal_message.html?_=1618018958565&CODE_STATE=getMsg HTTP/1.1" 200 27
180.169.147.146 - - [10/Apr/2021:09:42:57 +0800] "GET /xingrg/check_reg.html?_=1618018980137 HTTP/1.1" 200 22
116.230.114.112 - - [10/Apr/2021:09:43:03 +0800] "GET /xingrg/all/function/internal_message.html?_=1618019008124&CODE_STATE=getMsg HTTP/1.1" 200 27
124.77.71.179 - - [10/Apr/2021:09:43:05 +0800] "GET /xingrg/all/function/internal_message.html?_=1618018986689&CODE_STATE=getMsg HTTP/1.1" 200 27
61.165.42.208 - - [10/Apr/2021:09:43:20 +0800] "GET /xingrg/all/function/internal_message.html?_=1618019004247&CODE_STATE=getMsg HTTP/1.1" 200 27
222.69.131.206 - - [10/Apr/2021:09:43:20 +0800] "GET /xingrg/all/function/internal_message.html?_=1618019003591&CODE_STATE=getMsg HTTP/1.1" 200 27
58.40.7.146 - - [10/Apr/2021:09:43:23 +0800] "GET /xingrg/check_reg.html?_=1618019005851 HTTP/1.1" 302 -
58.40.7.146 - - [10/Apr/2021:09:43:23 +0800] "GET /xingrg/all/function/internal_message.html?_=1618019005854&CODE_STATE=getMsg HTTP/1.1" 302 -
180.169.147.146 - - [10/Apr/2021:09:43:27 +0800] "GET /xingrg/all/function/internal_message.html?_=1618019012128&CODE_STATE=getMsg HTTP/1.1" 200 27
180.169.147.146 - - [10/Apr/2021:09:43:27 +0800] "GET /xingrg/check_reg.html?_=1618019012133 HTTP/1.1" 200 22
116.224.253.72 - - [10/Apr/2021:09:43:29 +0800] "GET /xingrg/all/function/internal_message.html?_=1618019013975&CODE_STATE=getMsg HTTP/1.1" 200 27
180.169.147.146 - - [10/Apr/2021:09:43:33 +0800] "GET /xingrg/all/function/internal_message.html?_=1618019022345&CODE_STATE=getMsg HTTP/1.1" 302 -
116.233.74.165 - - [10/Apr/2021:09:43:33 +0800] "GET /xingrg/all/function/internal_message.html?_=1618019017617&CODE_STATE=getMsg HTTP/1.1" 200 27
116.238.141.202 - - [10/Apr/2021:09:43:33 +0800] "GET /xingrg/all/function/internal_message.html?_=1618019289944&CODE_STATE=getMsg HTTP/1.1" 200 27
116.230.114.112 - - [10/Apr/2021:09:43:36 +0800] "GET /xingrg/all/function/internal_message.html?_=1618019022757&CODE_STATE=getMsg HTTP/1.1" 302 -
116.224.253.72 - - [10/Apr/2021:09:43:37 +0800] "GET /xingrg/all/function/internal_message.html?_=1618019014710&CODE_STATE=getMsg HTTP/1.1" 200 27
120.253.135.82 - - [10/Apr/2021:09:43:39 +0800] "GET /xingrg/all/function/internal_message.html?_=1618018798806&CODE_STATE=getMsg HTTP/1.1" 200 27
114.88.156.246 - - [10/Apr/2021:09:43:41 +0800] "GET /xingrg/all/function/internal_message.html?_=1618019043584&CODE_STATE=getMsg HTTP/1.1" 200 27
124.77.71.179 - - [10/Apr/2021:09:43:46 +0800] "GET /xingrg/check_reg.html?_=1618019029902 HTTP/1.1" 200 22
124.77.71.179 - - [10/Apr/2021:09:43:46 +0800] "GET /xingrg/all/function/internal_message.html?_=1618019029903&CODE_STATE=getMsg HTTP/1.1" 200 27
116.224.253.72 - - [10/Apr/2021:09:43:47 +0800] "POST /xingrg/kc/buy/cgsh_order_operate.html HTTP/1.1" 200 37
116.224.253.72 - - [10/Apr/2021:09:43:50 +0800] "POST /xingrg/kc/buy/cgsh_order_operate.html HTTP/1.1" 200 12
61.165.42.208 - - [10/Apr/2021:09:43:51 +0800] "GET /xingrg/all/function/internal_message.html?_=1618019018566&CODE_STATE=getMsg HTTP/1.1" 200 27
116.224.253.72 - - [10/Apr/2021:09:43:52 +0800] "GET /xingrg/kc/buy/cgsh_order_info.html?code=212021041003470 HTTP/1.1" 200 56708
116.224.253.72 - - [10/Apr/2021:09:43:52 +0800] "GET /xingrg/javascript/easyui/themes/default/validatebox.css HTTP/1.1" 404 1104
116.224.253.72 - - [10/Apr/2021:09:43:53 +0800] "POST /xingrg/kc/buy/cgsh_order_operate.html HTTP/1.1" 200 22111
114.88.156.246 - - [10/Apr/2021:09:43:56 +0800] "GET /xingrg/check_reg.html?_=1618019057933 HTTP/1.1" 200 22
116.224.253.72 - - [10/Apr/2021:09:43:58 +0800] "GET /xingrg/kc/print/load_data.html?order_code=212021041003470&kc_code=cgsh&condition= HTTP/1.1" 200 9051
116.230.114.112 - - [10/Apr/2021:09:44:04 +0800] "GET /xingrg/all/function/internal_message.html?_=1618019068405&CODE_STATE=getMsg HTTP/1.1" 200 27
124.77.71.179 - - [10/Apr/2021:09:44:05 +0800] "GET /xingrg/all/function/internal_message.html?_=1618019046665&CODE_STATE=getMsg HTTP/1.1" 200 27
61.165.42.208 - - [10/Apr/2021:09:44:20 +0800] "GET /xingrg/all/function/internal_message.html?_=1618019064254&CODE_STATE=getMsg HTTP/1.1" 200 27
222.69.131.206 - - [10/Apr/2021:09:44:20 +0800] "GET /xingrg/all/function/internal_message.html?_=1618019063576&CODE_STATE=getMsg HTTP/1.1" 200 27
58.40.7.146 - - [10/Apr/2021:09:44:23 +0800] "GET /xingrg/all/function/internal_message.html?_=1618019065855&CODE_STATE=getMsg HTTP/1.1" 302 -
180.169.147.146 - - [10/Apr/2021:09:44:27 +0800] "GET /xingrg/all/function/internal_message.html?_=1618019072120&CODE_STATE=getMsg HTTP/1.1" 200 27
116.224.253.72 - - [10/Apr/2021:09:44:29 +0800] "GET /xingrg/all/function/internal_message.html?_=1618019073973&CODE_STATE=getMsg HTTP/1.1" 200 27
116.238.141.202 - - [10/Apr/2021:09:44:31 +0800] "GET /xingrg/check_reg.html?_=1618019348254 HTTP/1.1" 200 22
116.238.141.202 - - [10/Apr/2021:09:44:32 +0800] "GET /xingrg/all/function/internal_message.html?_=1618019349955&CODE_STATE=getMsg HTTP/1.1" 200 27
116.233.74.165 - - [10/Apr/2021:09:44:33 +0800] "GET /xingrg/all/function/internal_message.html?_=1618019077619&CODE_STATE=getMsg HTTP/1.1" 200 27
180.169.147.146 - - [10/Apr/2021:09:44:33 +0800] "GET /xingrg/all/function/internal_message.html?_=1618019082392&CODE_STATE=getMsg HTTP/1.1" 302 -
116.230.114.112 - - [10/Apr/2021:09:44:36 +0800] "GET /xingrg/all/function/internal_message.html?_=1618019082758&CODE_STATE=getMsg HTTP/1.1" 302 -
116.224.253.72 - - [10/Apr/2021:09:44:37 +0800] "GET /xingrg/all/function/internal_message.html?_=1618019074724&CODE_STATE=getMsg HTTP/1.1" 200 27
120.253.135.82 - - [10/Apr/2021:09:44:39 +0800] "GET /xingrg/check_reg.html?_=1618018858388 HTTP/1.1" 200 22
120.253.135.82 - - [10/Apr/2021:09:44:39 +0800] "GET /xingrg/all/function/internal_message.html?_=1618018858819&CODE_STATE=getMsg HTTP/1.1" 200 27
116.233.74.165 - - [10/Apr/2021:09:44:40 +0800] "POST /xingrg/kc/buy/cgsh_order_operate.html HTTP/1.1" 200 37
114.88.156.246 - - [10/Apr/2021:09:44:41 +0800] "GET /xingrg/all/function/internal_message.html?_=1618019103583&CODE_STATE=getMsg HTTP/1.1" 200 27
116.233.74.165 - - [10/Apr/2021:09:44:44 +0800] "POST /xingrg/kc/buy/cgsh_order_operate.html HTTP/1.1" 200 57018
116.233.74.165 - - [10/Apr/2021:09:44:46 +0800] "GET /xingrg/kc/print/load_config.html?kc_code=cgsh HTTP/1.1" 200 1845
116.233.74.165 - - [10/Apr/2021:09:44:46 +0800] "GET /xingrg/kc/print/load_data.html?order_code=212021041003481&kc_code=cgsh&condition= HTTP/1.1" 200 21208
124.77.71.179 - - [10/Apr/2021:09:44:46 +0800] "GET /xingrg/all/function/internal_message.html?_=1618019089907&CODE_STATE=getMsg HTTP/1.1" 200 27
61.165.42.208 - - [10/Apr/2021:09:44:51 +0800] "GET /xingrg/check_reg.html?_=1618019078566 HTTP/1.1" 200 22
61.165.42.208 - - [10/Apr/2021:09:44:51 +0800] "GET /xingrg/all/function/internal_message.html?_=1618019078568&CODE_STATE=getMsg HTTP/1.1" 200 27
116.230.114.112 - - [10/Apr/2021:09:45:04 +0800] "GET /xingrg/all/function/internal_message.html?_=1618019128416&CODE_STATE=getMsg HTTP/1.1" 200 27
124.77.71.179 - - [10/Apr/2021:09:45:05 +0800] "GET /xingrg/all/function/internal_message.html?_=1618019106660&CODE_STATE=getMsg HTTP/1.1" 200 27
116.233.74.165 - - [10/Apr/2021:09:45:15 +0800] "GET /xingrg/kc/buy/cgsh_order_add.html HTTP/1.1" 200 62189
116.233.74.165 - - [10/Apr/2021:09:45:15 +0800] "POST /xingrg/kc/buy/cgsh_order_operate.html HTTP/1.1" 200 8245
116.233.74.165 - - [10/Apr/2021:09:45:15 +0800] "GET /xingrg/all/common/auto_word.html?type=employee&rest_code=00109 HTTP/1.1" 200 205
116.233.74.165 - - [10/Apr/2021:09:45:15 +0800] "GET /xingrg/all/common/auto_word.html?type=employee&rest_code=00109 HTTP/1.1" 200 205
116.233.74.165 - - [10/Apr/2021:09:45:15 +0800] "GET /xingrg/javascript/easyui/themes/default/validatebox.css HTTP/1.1" 404 1104
61.165.42.208 - - [10/Apr/2021:09:45:20 +0800] "GET /xingrg/all/function/internal_message.html?_=1618019124247&CODE_STATE=getMsg HTTP/1.1" 200 27
222.69.131.206 - - [10/Apr/2021:09:45:20 +0800] "GET /xingrg/all/function/internal_message.html?_=1618019123558&CODE_STATE=getMsg HTTP/1.1" 200 27
58.40.7.146 - - [10/Apr/2021:09:45:23 +0800] "GET /xingrg/all/function/internal_message.html?_=1618019125856&CODE_STATE=getMsg HTTP/1.1" 302 -
180.169.147.146 - - [10/Apr/2021:09:45:27 +0800] "GET /xingrg/all/function/internal_message.html?_=1618019132119&CODE_STATE=getMsg HTTP/1.1" 200 27
116.224.253.72 - - [10/Apr/2021:09:45:29 +0800] "GET /xingrg/all/function/internal_message.html?_=1618019133973&CODE_STATE=getMsg HTTP/1.1" 200 27
116.238.141.202 - - [10/Apr/2021:09:45:32 +0800] "GET /xingrg/all/function/internal_message.html?_=1618019409970&CODE_STATE=getMsg HTTP/1.1" 200 27
180.169.147.146 - - [10/Apr/2021:09:45:32 +0800] "GET /xingrg/check_reg.html?_=1618019142176 HTTP/1.1" 302 -
116.233.74.165 - - [10/Apr/2021:09:45:33 +0800] "GET /xingrg/all/function/internal_message.html?_=1618019137622&CODE_STATE=getMsg HTTP/1.1" 200 27
180.169.147.146 - - [10/Apr/2021:09:45:33 +0800] "GET /xingrg/all/function/internal_message.html?_=1618019142367&CODE_STATE=getMsg HTTP/1.1" 302 -
116.230.114.112 - - [10/Apr/2021:09:45:36 +0800] "GET /xingrg/all/function/internal_message.html?_=1618019142784&CODE_STATE=getMsg HTTP/1.1" 302 -
116.224.253.72 - - [10/Apr/2021:09:45:37 +0800] "GET /xingrg/all/function/internal_message.html?_=1618019134753&CODE_STATE=getMsg HTTP/1.1" 200 27
114.88.156.246 - - [10/Apr/2021:09:45:41 +0800] "GET /xingrg/all/function/internal_message.html?_=1618019163580&CODE_STATE=getMsg HTTP/1.1" 200 27
124.77.71.179 - - [10/Apr/2021:09:45:46 +0800] "GET /xingrg/all/function/internal_message.html?_=1618019149893&CODE_STATE=getMsg HTTP/1.1" 200 27
116.233.74.165 - - [10/Apr/2021:09:45:47 +0800] "GET /xingrg/kc/buy/cgsh_order_operate.html?command=get_materiel&rest_code=00109&code=00101001111&supplier_code=00100038&order_time=2021-04-10 HTTP/1.1" 200 410
61.165.42.208 - - [10/Apr/2021:09:45:51 +0800] "GET /xingrg/all/function/internal_message.html?_=1618019138569&CODE_STATE=getMsg HTTP/1.1" 200 27
116.230.114.112 - - [10/Apr/2021:09:46:04 +0800] "GET /xingrg/all/function/internal_message.html?_=1618019188430&CODE_STATE=getMsg HTTP/1.1" 200 27
124.77.71.179 - - [10/Apr/2021:09:46:05 +0800] "GET /xingrg/all/function/internal_message.html?_=1618019166630&CODE_STATE=getMsg HTTP/1.1" 200 27
61.165.42.208 - - [10/Apr/2021:09:46:20 +0800] "GET /xingrg/all/function/internal_message.html?_=1618019184252&CODE_STATE=getMsg HTTP/1.1" 200 27
222.69.131.206 - - [10/Apr/2021:09:46:20 +0800] "GET /xingrg/all/function/internal_message.html?_=1618019183544&CODE_STATE=getMsg HTTP/1.1" 200 27
58.40.7.146 - - [10/Apr/2021:09:46:23 +0800] "GET /xingrg/all/function/internal_message.html?_=1618019185859&CODE_STATE=getMsg HTTP/1.1" 302 -
116.230.114.112 - - [10/Apr/2021:09:46:26 +0800] "GET /xingrg/check_reg.html?_=1618019210569 HTTP/1.1" 200 22
180.169.147.146 - - [10/Apr/2021:09:46:27 +0800] "GET /xingrg/all/function/internal_message.html?_=1618019192126&CODE_STATE=getMsg HTTP/1.1" 200 27
116.224.253.72 - - [10/Apr/2021:09:46:29 +0800] "GET /xingrg/all/function/internal_message.html?_=1618019193970&CODE_STATE=getMsg HTTP/1.1" 200 27
116.238.141.202 - - [10/Apr/2021:09:46:32 +0800] "GET /xingrg/all/function/internal_message.html?_=1618019469983&CODE_STATE=getMsg HTTP/1.1" 200 27
180.169.147.146 - - [10/Apr/2021:09:46:33 +0800] "GET /xingrg/all/function/internal_message.html?_=1618019202351&CODE_STATE=getMsg HTTP/1.1" 302 -
116.233.74.165 - - [10/Apr/2021:09:46:33 +0800] "GET /xingrg/all/function/internal_message.html?_=1618019197623&CODE_STATE=getMsg HTTP/1.1" 200 27
116.230.114.112 - - [10/Apr/2021:09:46:36 +0800] "GET /xingrg/all/function/internal_message.html?_=1618019202786&CODE_STATE=getMsg HTTP/1.1" 302 -
116.224.253.72 - - [10/Apr/2021:09:46:37 +0800] "GET /xingrg/check_reg.html?_=1618019194693 HTTP/1.1" 200 22
116.224.253.72 - - [10/Apr/2021:09:46:37 +0800] "GET /xingrg/all/function/internal_message.html?_=1618019194768&CODE_STATE=getMsg HTTP/1.1" 200 27
114.88.156.246 - - [10/Apr/2021:09:46:42 +0800] "GET /xingrg/all/function/internal_message.html?_=1618019223582&CODE_STATE=getMsg HTTP/1.1" 200 27
116.230.117.165 - - [10/Apr/2021:09:46:43 +0800] "POST /xingrg/services/DataTransmitService HTTP/1.1" 200 524
116.230.117.165 - - [10/Apr/2021:09:46:44 +0800] "POST /xingrg/services/DataTransmitService HTTP/1.1" 200 2171
116.230.117.165 - - [10/Apr/2021:09:46:45 +0800] "POST /xingrg/services/DataTransmitService HTTP/1.1" 200 157111
116.224.253.72 - - [10/Apr/2021:09:46:45 +0800] "POST /xingrg/all/user/operate.html HTTP/1.1" 200 36
116.224.253.72 - - [10/Apr/2021:09:46:45 +0800] "GET /xingrg/javascript/jquery_easy_ui/themes/default/easyui.css HTTP/1.1" 304 -
116.224.253.72 - - [10/Apr/2021:09:46:45 +0800] "GET /xingrg/index.html?sysBaseUrl=http%3A%2F%2F180.169.147.146%3A18081%2Fxingrg%2F&costTime=46×tamp=1618018818601 HTTP/1.1" 200 17179
116.224.253.72 - - [10/Apr/2021:09:46:45 +0800] "GET /xingrg/javascript/jquery_easy_ui/themes/icon.css HTTP/1.1" 304 -
116.224.253.72 - - [10/Apr/2021:09:46:45 +0800] "GET /xingrg/css/form.css HTTP/1.1" 304 -
116.224.253.72 - - [10/Apr/2021:09:46:45 +0800] "GET /xingrg/javascript/jquery-1.4.2.min.js HTTP/1.1" 304 -
116.224.253.72 - - [10/Apr/2021:09:46:45 +0800] "GET /xingrg/javascript/jquery_easy_ui/jquery.easyui.min.js HTTP/1.1" 304 -
116.224.253.72 - - [10/Apr/2021:09:46:45 +0800] "GET /xingrg/javascript/jquery_easy_ui/easyui-lang-zh_CN.js HTTP/1.1" 304 -
116.224.253.72 - - [10/Apr/2021:09:46:45 +0800] "GET /xingrg/javascript/jquery.form.js HTTP/1.1" 304 -
116.224.253.72 - - [10/Apr/2021:09:46:45 +0800] "GET /xingrg/javascript/jquery.utils.js HTTP/1.1" 304 -
116.224.253.72 - - [10/Apr/2021:09:46:45 +0800] "GET /xingrg/javascript/jquery.timers.js HTTP/1.1" 304 -
116.224.253.72 - - [10/Apr/2021:09:46:45 +0800] "GET /xingrg/images/blue/navBackgound.jpg HTTP/1.1" 304 -
116.224.253.72 - - [10/Apr/2021:09:46:45 +0800] "GET /xingrg/images/blue/jxLogo.png HTTP/1.1" 304 -
116.224.253.72 - - [10/Apr/2021:09:46:45 +0800] "GET /xingrg/javascript/jquery_easy_ui/themes/icons/settle_new.png HTTP/1.1" 304 -
116.224.253.72 - - [10/Apr/2021:09:46:45 +0800] "GET /xingrg/images/blue/pingpu.png HTTP/1.1" 304 -
116.224.253.72 - - [10/Apr/2021:09:46:45 +0800] "POST /xingrg/all/common/load_tree.html?tree=area_rest_tree_json&manage=1 HTTP/1.1" 200 476
116.224.253.72 - - [10/Apr/2021:09:46:45 +0800] "GET /xingrg/javascript/jquery_easy_ui/themes/default/images/tabs_leftarrow.png HTTP/1.1" 304 -
116.224.253.72 - - [10/Apr/2021:09:46:45 +0800] "GET /xingrg/javascript/jquery_easy_ui/themes/default/images/tabs_rightarrow.png HTTP/1.1" 304 -
116.224.253.72 - - [10/Apr/2021:09:46:45 +0800] "GET /xingrg/javascript/jquery_easy_ui/themes/default/images/panel_tool_collapse.gif HTTP/1.1" 304 -
116.224.253.72 - - [10/Apr/2021:09:46:45 +0800] "GET /xingrg/all/function/internal_message.html?_=1618019203405&CODE_STATE=count HTTP/1.1" 200 11
116.224.253.72 - - [10/Apr/2021:09:46:45 +0800] "GET /xingrg/check_reg.html?_=1618019203406 HTTP/1.1" 200 22
116.224.253.72 - - [10/Apr/2021:09:46:45 +0800] "POST /xingrg/load_menu.html HTTP/1.1" 200 5138
124.77.71.179 - - [10/Apr/2021:09:46:46 +0800] "GET /xingrg/all/function/internal_message.html?_=1618019209897&CODE_STATE=getMsg HTTP/1.1" 200 27
116.233.74.165 - - [10/Apr/2021:09:46:46 +0800] "POST /xingrg/kc/buy/cgsh_order_operate.html HTTP/1.1" 200 37
116.224.253.72 - - [10/Apr/2021:09:46:49 +0800] "GET /xingrg/kc/buy/cgsh_order_list.html HTTP/1.1" 200 46416
116.233.74.165 - - [10/Apr/2021:09:46:49 +0800] "POST /xingrg/kc/buy/cgsh_order_operate.html HTTP/1.1" 200 2654
116.224.253.72 - - [10/Apr/2021:09:46:51 +0800] "POST /xingrg/kc/buy/cgsh_list_operate.html HTTP/1.1" 200 1709
61.165.42.208 - - [10/Apr/2021:09:46:51 +0800] "GET /xingrg/all/function/internal_message.html?_=1618019198595&CODE_STATE=getMsg HTTP/1.1" 200 27
116.233.74.165 - - [10/Apr/2021:09:46:51 +0800] "GET /xingrg/kc/print/load_config.html?kc_code=cgsh HTTP/1.1" 200 1845
116.233.74.165 - - [10/Apr/2021:09:46:51 +0800] "GET /xingrg/kc/print/load_data.html?order_code=212021041003482&kc_code=cgsh&condition= HTTP/1.1" 200 674
116.224.253.72 - - [10/Apr/2021:09:46:52 +0800] "POST /xingrg/kc/buy/cgsh_list_operate.html HTTP/1.1" 200 570
116.224.253.72 - - [10/Apr/2021:09:46:53 +0800] "GET /xingrg/kc/buy/cgsh_order_info.html?code=212021041003453 HTTP/1.1" 200 62093
116.224.253.72 - - [10/Apr/2021:09:46:53 +0800] "GET /xingrg/all/common/auto_word.html?type=employee&rest_code=00150 HTTP/1.1" 200 205
116.224.253.72 - - [10/Apr/2021:09:46:53 +0800] "GET /xingrg/all/common/auto_word.html?type=employee&rest_code=00150 HTTP/1.1" 200 205
116.224.253.72 - - [10/Apr/2021:09:46:53 +0800] "GET /xingrg/javascript/easyui/themes/default/validatebox.css HTTP/1.1" 404 1104
116.224.253.72 - - [10/Apr/2021:09:46:54 +0800] "POST /xingrg/kc/buy/cgsh_order_operate.html HTTP/1.1" 200 35228
116.233.74.165 - - [10/Apr/2021:09:46:58 +0800] "GET /xingrg/kc/buy/cgsh_order_add.html HTTP/1.1" 200 62189
116.233.74.165 - - [10/Apr/2021:09:46:58 +0800] "POST /xingrg/kc/buy/cgsh_order_operate.html HTTP/1.1" 200 8245
116.233.74.165 - - [10/Apr/2021:09:46:58 +0800] "GET /xingrg/all/common/auto_word.html?type=employee&rest_code=00109 HTTP/1.1" 200 205
116.233.74.165 - - [10/Apr/2021:09:46:58 +0800] "GET /xingrg/all/common/auto_word.html?type=employee&rest_code=00109 HTTP/1.1" 200 205
116.233.74.165 - - [10/Apr/2021:09:46:58 +0800] "GET /xingrg/javascript/easyui/themes/default/validatebox.css HTTP/1.1" 404 1104
124.77.71.179 - - [10/Apr/2021:09:46:58 +0800] "GET /xingrg/check_reg.html?_=1618019219875 HTTP/1.1" 200 22
116.230.114.112 - - [10/Apr/2021:09:47:04 +0800] "GET /xingrg/all/function/internal_message.html?_=1618019248444&CODE_STATE=getMsg HTTP/1.1" 200 27
124.77.71.179 - - [10/Apr/2021:09:47:05 +0800] "GET /xingrg/all/function/internal_message.html?_=1618019226615&CODE_STATE=getMsg HTTP/1.1" 200 27
116.224.253.72 - - [10/Apr/2021:09:47:10 +0800] "POST /xingrg/kc/buy/cgsh_order_operate.html HTTP/1.1" 200 37
116.224.253.72 - - [10/Apr/2021:09:47:11 +0800] "POST /xingrg/kc/buy/cgsh_order_operate.html HTTP/1.1" 200 35228
222.69.131.206 - - [10/Apr/2021:09:47:13 +0800] "GET /xingrg/check_reg.html?_=1618019236448 HTTP/1.1" 200 22
116.230.114.112 - - [10/Apr/2021:09:47:19 +0800] "GET /xingrg/check_reg.html?_=1618019245760 HTTP/1.1" 302 -
61.165.42.208 - - [10/Apr/2021:09:47:20 +0800] "GET /xingrg/all/function/internal_message.html?_=1618019244252&CODE_STATE=getMsg HTTP/1.1" 200 27
61.165.42.208 - - [10/Apr/2021:09:47:20 +0800] "GET /xingrg/check_reg.html?_=1618019244253 HTTP/1.1" 200 22
222.69.131.206 - - [10/Apr/2021:09:47:20 +0800] "GET /xingrg/all/function/internal_message.html?_=1618019243514&CODE_STATE=getMsg HTTP/1.1" 200 27
58.40.7.146 - - [10/Apr/2021:09:47:23 +0800] "GET /xingrg/all/function/internal_message.html?_=1618019245861&CODE_STATE=getMsg HTTP/1.1" 302 -
116.230.117.165 - - [10/Apr/2021:09:47:24 +0800] "POST /xingrg/services/DataTransmitService HTTP/1.1" 200 524
116.230.117.165 - - [10/Apr/2021:09:47:24 +0800] "POST /xingrg/services/DataTransmitService HTTP/1.1" 200 2171
116.230.117.165 - - [10/Apr/2021:09:47:26 +0800] "POST /xingrg/services/DataTransmitService HTTP/1.1" 200 524
116.230.117.165 - - [10/Apr/2021:09:47:26 +0800] "POST /xingrg/services/DataTransmitService HTTP/1.1" 200 2171
116.230.117.165 - - [10/Apr/2021:09:47:27 +0800] "POST /xingrg/services/DataTransmitService HTTP/1.1" 200 524
180.169.147.146 - - [10/Apr/2021:09:47:27 +0800] "GET /xingrg/all/function/internal_message.html?_=1618019252128&CODE_STATE=getMsg HTTP/1.1" 200 27
116.230.117.165 - - [10/Apr/2021:09:47:27 +0800] "POST /xingrg/services/DataTransmitService HTTP/1.1" 200 2171
116.233.74.165 - - [10/Apr/2021:09:47:29 +0800] "GET /xingrg/kc/buy/cgsh_order_operate.html?command=get_materiel&rest_code=00109&code=00101007109&supplier_code=00100015&order_time=2021-04-10 HTTP/1.1" 200 408
116.224.253.72 - - [10/Apr/2021:09:47:29 +0800] "GET /xingrg/all/function/internal_message.html?_=1618019254004&CODE_STATE=getMsg HTTP/1.1" 200 27
116.224.253.72 - - [10/Apr/2021:09:47:29 +0800] "GET /xingrg/check_reg.html?_=1618019254007 HTTP/1.1" 200 22
116.238.141.202 - - [10/Apr/2021:09:47:32 +0800] "GET /xingrg/all/function/internal_message.html?_=1618019530094&CODE_STATE=getMsg HTTP/1.1" 200 27
180.169.147.146 - - [10/Apr/2021:09:47:33 +0800] "GET /xingrg/all/function/internal_message.html?_=1618019262321&CODE_STATE=getMsg HTTP/1.1" 302 -
116.233.74.165 - - [10/Apr/2021:09:47:33 +0800] "GET /xingrg/all/function/internal_message.html?_=1618019257627&CODE_STATE=getMsg HTTP/1.1" 200 27
116.233.74.165 - - [10/Apr/2021:09:47:33 +0800] "GET /xingrg/check_reg.html?_=1618019257628 HTTP/1.1" 200 22
116.230.114.112 - - [10/Apr/2021:09:47:36 +0800] "GET /xingrg/all/function/internal_message.html?_=1618019262810&CODE_STATE=getMsg HTTP/1.1" 302 -
101.91.60.105 - - [10/Apr/2021:09:47:41 +0800] "GET /xingrg/all/function/internal_message.html?_=1618019223582&CODE_STATE=getMsg HTTP/1.1" 302 -
114.88.156.246 - - [10/Apr/2021:09:47:41 +0800] "GET /xingrg/all/function/internal_message.html?_=1618019283586&CODE_STATE=getMsg HTTP/1.1" 200 27
101.91.60.105 - - [10/Apr/2021:09:47:42 +0800] "GET /xingrg/login.html HTTP/1.1" 200 7641
116.233.74.165 - - [10/Apr/2021:09:47:45 +0800] "GET /xingrg/kc/buy/cgsh_order_operate.html?command=get_materiel&rest_code=00109&code=00101010248&supplier_code=00100015&order_time=2021-04-10 HTTP/1.1" 200 430
116.224.253.72 - - [10/Apr/2021:09:47:45 +0800] "GET /xingrg/all/function/internal_message.html?_=1618019263408&CODE_STATE=getMsg HTTP/1.1" 200 27
124.77.71.179 - - [10/Apr/2021:09:47:46 +0800] "GET /xingrg/all/function/internal_message.html?_=1618019269900&CODE_STATE=getMsg HTTP/1.1" 200 27
61.165.42.208 - - [10/Apr/2021:09:47:51 +0800] "GET /xingrg/all/function/internal_message.html?_=1618019258595&CODE_STATE=getMsg HTTP/1.1" 200 27
180.169.147.146 - - [10/Apr/2021:09:47:57 +0800] "GET /xingrg/check_reg.html?_=1618019280199 HTTP/1.1" 200 22
116.230.114.112 - - [10/Apr/2021:09:48:04 +0800] "GET /xingrg/all/function/internal_message.html?_=1618019308458&CODE_STATE=getMsg HTTP/1.1" 200 27
124.77.71.179 - - [10/Apr/2021:09:48:05 +0800] "GET /xingrg/all/function/internal_message.html?_=1618019286604&CODE_STATE=getMsg HTTP/1.1" 200 27
61.165.42.208 - - [10/Apr/2021:09:48:20 +0800] "GET /xingrg/all/function/internal_message.html?_=1618019304245&CODE_STATE=getMsg HTTP/1.1" 200 27
222.69.131.206 - - [10/Apr/2021:09:48:20 +0800] "GET /xingrg/all/function/internal_message.html?_=1618019303499&CODE_STATE=getMsg HTTP/1.1" 200 27
58.40.7.146 - - [10/Apr/2021:09:48:23 +0800] "GET /xingrg/check_reg.html?_=1618019305862 HTTP/1.1" 302 -
58.40.7.146 - - [10/Apr/2021:09:48:23 +0800] "GET /xingrg/all/function/internal_message.html?_=1618019305863&CODE_STATE=getMsg HTTP/1.1" 302 -
180.169.147.146 - - [10/Apr/2021:09:48:27 +0800] "GET /xingrg/all/function/internal_message.html?_=1618019312131&CODE_STATE=getMsg HTTP/1.1" 200 27
180.169.147.146 - - [10/Apr/2021:09:48:27 +0800] "GET /xingrg/check_reg.html?_=1618019312136 HTTP/1.1" 200 22
116.224.253.72 - - [10/Apr/2021:09:48:29 +0800] "GET /xingrg/all/function/internal_message.html?_=1618019314007&CODE_STATE=getMsg HTTP/1.1" 200 27
116.238.141.202 - - [10/Apr/2021:09:48:32 +0800] "GET /xingrg/all/function/internal_message.html?_=1618019590104&CODE_STATE=getMsg HTTP/1.1" 200 27
180.169.147.146 - - [10/Apr/2021:09:48:33 +0800] "GET /xingrg/all/function/internal_message.html?_=1618019322307&CODE_STATE=getMsg HTTP/1.1" 302 -
116.233.74.165 - - [10/Apr/2021:09:48:33 +0800] "GET /xingrg/all/function/internal_message.html?_=1618019317630&CODE_STATE=getMsg HTTP/1.1" 200 27
116.230.114.112 - - [10/Apr/2021:09:48:36 +0800] "GET /xingrg/all/function/internal_message.html?_=1618019322813&CODE_STATE=getMsg HTTP/1.1" 302 -
114.88.156.246 - - [10/Apr/2021:09:48:41 +0800] "GET /xingrg/all/function/internal_message.html?_=1618019343594&CODE_STATE=getMsg HTTP/1.1" 200 27
116.224.253.72 - - [10/Apr/2021:09:48:45 +0800] "GET /xingrg/all/function/internal_message.html?_=1618019323430&CODE_STATE=getMsg HTTP/1.1" 200 27
124.77.71.179 - - [10/Apr/2021:09:48:46 +0800] "GET /xingrg/all/function/internal_message.html?_=1618019329904&CODE_STATE=getMsg HTTP/1.1" 200 27
124.77.71.179 - - [10/Apr/2021:09:48:46 +0800] "GET /xingrg/check_reg.html?_=1618019329906 HTTP/1.1" 200 22
61.165.42.208 - - [10/Apr/2021:09:48:51 +0800] "GET /xingrg/all/function/internal_message.html?_=1618019318595&CODE_STATE=getMsg HTTP/1.1" 200 27
114.88.156.246 - - [10/Apr/2021:09:48:56 +0800] "GET /xingrg/check_reg.html?_=1618019357913 HTTP/1.1" 200 22
116.233.74.165 - - [10/Apr/2021:09:49:00 +0800] "GET /xingrg/kc/buy/cgsh_order_operate.html?command=get_materiel&rest_code=00109&code=00101006127&supplier_code=00100015&order_time=2021-04-10 HTTP/1.1" 200 423
116.230.114.112 - - [10/Apr/2021:09:49:04 +0800] "GET /xingrg/all/function/internal_message.html?_=1618019368727&CODE_STATE=getMsg HTTP/1.1" 200 27
124.77.71.179 - - [10/Apr/2021:09:49:05 +0800] "GET /xingrg/all/function/internal_message.html?_=1618019346582&CODE_STATE=getMsg HTTP/1.1" 200 27
116.233.74.165 - - [10/Apr/2021:09:49:18 +0800] "GET /xingrg/kc/buy/cgsh_order_operate.html?command=get_materiel&rest_code=00109&code=00101006011&supplier_code=00100015&order_time=2021-04-10 HTTP/1.1" 200 409
61.165.42.208 - - [10/Apr/2021:09:49:20 +0800] "GET /xingrg/all/function/internal_message.html?_=1618019364245&CODE_STATE=getMsg HTTP/1.1" 200 27
222.69.131.206 - - [10/Apr/2021:09:49:20 +0800] "GET /xingrg/all/function/internal_message.html?_=1618019363508&CODE_STATE=getMsg HTTP/1.1" 200 27
58.40.7.146 - - [10/Apr/2021:09:49:23 +0800] "GET /xingrg/all/function/internal_message.html?_=1618019365866&CODE_STATE=getMsg HTTP/1.1" 302 -
180.169.147.146 - - [10/Apr/2021:09:49:27 +0800] "GET /xingrg/all/function/internal_message.html?_=1618019372122&CODE_STATE=getMsg HTTP/1.1" 200 27
116.224.253.72 - - [10/Apr/2021:09:49:29 +0800] "GET /xingrg/all/function/internal_message.html?_=1618019374011&CODE_STATE=getMsg HTTP/1.1" 200 27
116.238.141.202 - - [10/Apr/2021:09:49:30 +0800] "GET /xingrg/check_reg.html?_=1618019648349 HTTP/1.1" 200 22
116.238.141.202 - - [10/Apr/2021:09:49:32 +0800] "GET /xingrg/all/function/internal_message.html?_=1618019650119&CODE_STATE=getMsg HTTP/1.1" 200 27
116.233.74.165 - - [10/Apr/2021:09:49:32 +0800] "GET /xingrg/kc/buy/cgsh_order_operate.html?command=get_materiel&rest_code=00109&code=00101006025&supplier_code=00100015&order_time=2021-04-10 HTTP/1.1" 200 417
180.169.147.146 - - [10/Apr/2021:09:49:33 +0800] "GET /xingrg/all/function/internal_message.html?_=1618019382277&CODE_STATE=getMsg HTTP/1.1" 302 -
116.233.74.165 - - [10/Apr/2021:09:49:33 +0800] "GET /xingrg/all/function/internal_message.html?_=1618019377630&CODE_STATE=getMsg HTTP/1.1" 200 27
116.230.114.112 - - [10/Apr/2021:09:49:36 +0800] "GET /xingrg/all/function/internal_message.html?_=1618019382838&CODE_STATE=getMsg HTTP/1.1" 302 -
61.151.207.158 - - [10/Apr/2021:09:49:41 +0800] "GET /xingrg/all/function/internal_message.html?_=1618019343594&CODE_STATE=getMsg HTTP/1.1" 302 -
114.88.156.246 - - [10/Apr/2021:09:49:41 +0800] "GET /xingrg/all/function/internal_message.html?_=1618019403586&CODE_STATE=getMsg HTTP/1.1" 200 27
61.151.207.158 - - [10/Apr/2021:09:49:41 +0800] "GET /xingrg/login.html HTTP/1.1" 200 7641
116.224.253.72 - - [10/Apr/2021:09:49:45 +0800] "GET /xingrg/all/function/internal_message.html?_=1618019383434&CODE_STATE=getMsg HTTP/1.1" 200 27
124.77.71.179 - - [10/Apr/2021:09:49:46 +0800] "GET /xingrg/all/function/internal_message.html?_=1618019389892&CODE_STATE=getMsg HTTP/1.1" 200 27
61.165.42.208 - - [10/Apr/2021:09:49:51 +0800] "GET /xingrg/check_reg.html?_=1618019378594 HTTP/1.1" 200 22
61.165.42.208 - - [10/Apr/2021:09:49:51 +0800] "GET /xingrg/all/function/internal_message.html?_=1618019378597&CODE_STATE=getMsg HTTP/1.1" 200 27
116.233.74.165 - - [10/Apr/2021:09:50:01 +0800] "GET /xingrg/kc/buy/cgsh_order_operate.html?command=get_materiel&rest_code=00109&code=00101006130&supplier_code=00100015&order_time=2021-04-10 HTTP/1.1" 200 446
116.230.114.112 - - [10/Apr/2021:09:50:04 +0800] "GET /xingrg/all/function/internal_message.html?_=1618019428735&CODE_STATE=getMsg HTTP/1.1" 200 27
124.77.71.179 - - [10/Apr/2021:09:50:05 +0800] "GET /xingrg/all/function/internal_message.html?_=1618019406569&CODE_STATE=getMsg HTTP/1.1" 200 27
61.165.42.208 - - [10/Apr/2021:09:50:20 +0800] "GET /xingrg/all/function/internal_message.html?_=1618019424254&CODE_STATE=getMsg HTTP/1.1" 200 27
222.69.131.206 - - [10/Apr/2021:09:50:20 +0800] "GET /xingrg/all/function/internal_message.html?_=1618019423493&CODE_STATE=getMsg HTTP/1.1" 200 27
58.40.7.146 - - [10/Apr/2021:09:50:23 +0800] "GET /xingrg/all/function/internal_message.html?_=1618019425868&CODE_STATE=getMsg HTTP/1.1" 302 -
180.169.147.146 - - [10/Apr/2021:09:50:27 +0800] "GET /xingrg/all/function/internal_message.html?_=1618019432122&CODE_STATE=getMsg HTTP/1.1" 200 27
116.233.74.165 - - [10/Apr/2021:09:50:27 +0800] "GET /xingrg/kc/buy/cgsh_order_operate.html?command=get_materiel&rest_code=00109&code=00101006128&supplier_code=00100015&order_time=2021-04-10 HTTP/1.1" 200 427
116.224.253.72 - - [10/Apr/2021:09:50:29 +0800] "GET /xingrg/all/function/internal_message.html?_=1618019434011&CODE_STATE=getMsg HTTP/1.1" 200 27
116.238.141.202 - - [10/Apr/2021:09:50:32 +0800] "GET /xingrg/all/function/internal_message.html?_=1618019710131&CODE_STATE=getMsg HTTP/1.1" 200 27
180.169.147.146 - - [10/Apr/2021:09:50:32 +0800] "GET /xingrg/check_reg.html?_=1618019442179 HTTP/1.1" 302 -
180.169.147.146 - - [10/Apr/2021:09:50:33 +0800] "GET /xingrg/all/function/internal_message.html?_=1618019442275&CODE_STATE=getMsg HTTP/1.1" 302 -
116.233.74.165 - - [10/Apr/2021:09:50:33 +0800] "GET /xingrg/all/function/internal_message.html?_=1618019437632&CODE_STATE=getMsg HTTP/1.1" 200 27
116.230.114.112 - - [10/Apr/2021:09:50:36 +0800] "GET /xingrg/all/function/internal_message.html?_=1618019442840&CODE_STATE=getMsg HTTP/1.1" 302 -
116.233.74.165 - - [10/Apr/2021:09:50:39 +0800] "GET /xingrg/kc/buy/cgsh_order_operate.html?command=get_materiel&rest_code=00109&code=00101006129&supplier_code=00100015&order_time=2021-04-10 HTTP/1.1" 200 451
114.88.156.246 - - [10/Apr/2021:09:50:41 +0800] "GET /xingrg/all/function/internal_message.html?_=1618019463587&CODE_STATE=getMsg HTTP/1.1" 200 27
116.224.253.72 - - [10/Apr/2021:09:50:45 +0800] "GET /xingrg/all/function/internal_message.html?_=1618019443454&CODE_STATE=getMsg HTTP/1.1" 200 27
124.77.71.179 - - [10/Apr/2021:09:50:46 +0800] "GET /xingrg/all/function/internal_message.html?_=1618019449896&CODE_STATE=getMsg HTTP/1.1" 200 27
61.165.42.208 - - [10/Apr/2021:09:50:51 +0800] "GET /xingrg/all/function/internal_message.html?_=1618019438581&CODE_STATE=getMsg HTTP/1.1" 200 27
116.230.114.112 - - [10/Apr/2021:09:51:04 +0800] "GET /xingrg/all/function/internal_message.html?_=1618019488748&CODE_STATE=getMsg HTTP/1.1" 200 27
124.77.71.179 - - [10/Apr/2021:09:51:05 +0800] "GET /xingrg/all/function/internal_message.html?_=1618019466544&CODE_STATE=getMsg HTTP/1.1" 200 27
116.233.74.165 - - [10/Apr/2021:09:51:17 +0800] "GET /xingrg/kc/buy/cgsh_order_operate.html?command=get_materiel&rest_code=00109&code=00101006109&supplier_code=00100015&order_time=2021-04-10 HTTP/1.1" 200 429
61.165.42.208 - - [10/Apr/2021:09:51:20 +0800] "GET /xingrg/all/function/internal_message.html?_=1618019484270&CODE_STATE=getMsg HTTP/1.1" 200 27
222.69.131.206 - - [10/Apr/2021:09:51:20 +0800] "GET /xingrg/all/function/internal_message.html?_=1618019483478&CODE_STATE=getMsg HTTP/1.1" 200 27
58.40.7.146 - - [10/Apr/2021:09:51:23 +0800] "GET /xingrg/all/function/internal_message.html?_=1618019485855&CODE_STATE=getMsg HTTP/1.1" 302 -
116.230.114.112 - - [10/Apr/2021:09:51:26 +0800] "GET /xingrg/check_reg.html?_=1618019510792 HTTP/1.1" 200 22
180.169.147.146 - - [10/Apr/2021:09:51:27 +0800] "GET /xingrg/all/function/internal_message.html?_=1618019492123&CODE_STATE=getMsg HTTP/1.1" 200 27
116.224.253.72 - - [10/Apr/2021:09:51:29 +0800] "GET /xingrg/all/function/internal_message.html?_=1618019494009&CODE_STATE=getMsg HTTP/1.1" 200 27
116.233.74.165 - - [10/Apr/2021:09:51:32 +0800] "GET /xingrg/kc/buy/cgsh_order_operate.html?command=get_materiel&rest_code=00109&code=00101006056&supplier_code=00100015&order_time=2021-04-10 HTTP/1.1" 200 413
116.238.141.202 - - [10/Apr/2021:09:51:32 +0800] "GET /xingrg/all/function/internal_message.html?_=1618019770145&CODE_STATE=getMsg HTTP/1.1" 200 27
180.169.147.146 - - [10/Apr/2021:09:51:33 +0800] "GET /xingrg/all/function/internal_message.html?_=1618019502259&CODE_STATE=getMsg HTTP/1.1" 302 -
116.233.74.165 - - [10/Apr/2021:09:51:33 +0800] "GET /xingrg/all/function/internal_message.html?_=1618019497634&CODE_STATE=getMsg HTTP/1.1" 200 27
116.230.114.112 - - [10/Apr/2021:09:51:36 +0800] "GET /xingrg/all/function/internal_message.html?_=1618019502866&CODE_STATE=getMsg HTTP/1.1" 302 -
114.88.156.246 - - [10/Apr/2021:09:51:41 +0800] "GET /xingrg/all/function/internal_message.html?_=1618019523592&CODE_STATE=getMsg HTTP/1.1" 200 27
61.129.6.151 - - [10/Apr/2021:09:51:42 +0800] "GET /xingrg/all/function/internal_message.html?_=1618019463587&CODE_STATE=getMsg HTTP/1.1" 302 -
61.129.6.151 - - [10/Apr/2021:09:51:44 +0800] "GET /xingrg/login.html HTTP/1.1" 200 7641
116.224.253.72 - - [10/Apr/2021:09:51:45 +0800] "GET /xingrg/check_reg.html?_=1618019503400 HTTP/1.1" 200 22
116.224.253.72 - - [10/Apr/2021:09:51:45 +0800] "GET /xingrg/all/function/internal_message.html?_=1618019503467&CODE_STATE=getMsg HTTP/1.1" 200 27
124.77.71.179 - - [10/Apr/2021:09:51:46 +0800] "GET /xingrg/all/function/internal_message.html?_=1618019509898&CODE_STATE=getMsg HTTP/1.1" 200 27
116.233.74.165 - - [10/Apr/2021:09:51:47 +0800] "GET /xingrg/kc/buy/cgsh_order_operate.html?command=get_materiel&rest_code=00109&code=00101006240&supplier_code=00100015&order_time=2021-04-10 HTTP/1.1" 200 407
61.165.42.208 - - [10/Apr/2021:09:51:51 +0800] "GET /xingrg/all/function/internal_message.html?_=1618019498581&CODE_STATE=getMsg HTTP/1.1" 200 27
