116.230.117.165 - - [10/Apr/2021:09:29:33 +0800] "POST /xingrg/services/DataTransmitService HTTP/1.1" 200 501
116.230.117.165 - - [10/Apr/2021:09:29:33 +0800] "POST /xingrg/services/DataTransmitService HTTP/1.1" 200 501
116.230.117.165 - - [10/Apr/2021:09:29:33 +0800] "POST /xingrg/services/DataTransmitService HTTP/1.1" 200 501
116.230.117.165 - - [10/Apr/2021:09:29:33 +0800] "POST /xingrg/services/DataTransmitService HTTP/1.1" 200 501
116.230.117.165 - - [10/Apr/2021:09:29:35 +0800] "POST /xingrg/services/DataTransmitService HTTP/1.1" 200 412
116.230.114.112 - - [10/Apr/2021:09:29:36 +0800] "GET /xingrg/all/function/internal_message.html?_=1618018182567&CODE_STATE=getMsg HTTP/1.1" 302 -
120.253.135.82 - - [10/Apr/2021:09:29:39 +0800] "GET /xingrg/check_reg.html?_=1618017958373 HTTP/1.1" 200 22
120.253.135.82 - - [10/Apr/2021:09:29:39 +0800] "GET /xingrg/all/function/internal_message.html?_=1618017958553&CODE_STATE=getMsg HTTP/1.1" 200 27
116.230.114.112 - - [10/Apr/2021:09:29:41 +0800] "GET /xingrg/kc/buy/cgsh_order_operate.html?command=get_materiel&rest_code=00146&code=00101020152&supplier_code=00100005&order_time=2021-04-10 HTTP/1.1" 200 416
114.88.156.246 - - [10/Apr/2021:09:29:41 +0800] "GET /xingrg/all/function/internal_message.html?_=1618018203563&CODE_STATE=getMsg HTTP/1.1" 200 27
124.77.71.179 - - [10/Apr/2021:09:29:46 +0800] "GET /xingrg/all/function/internal_message.html?_=1618018189902&CODE_STATE=getMsg HTTP/1.1" 200 27
116.230.114.112 - - [10/Apr/2021:09:29:51 +0800] "GET /xingrg/kc/buy/cgsh_order_operate.html?command=get_materiel&rest_code=00146&code=00101008418&supplier_code=00100005&order_time=2021-04-10 HTTP/1.1" 200 398
61.165.42.208 - - [10/Apr/2021:09:29:51 +0800] "GET /xingrg/all/function/internal_message.html?_=1618018178555&CODE_STATE=getMsg HTTP/1.1" 200 27
61.165.42.208 - - [10/Apr/2021:09:29:51 +0800] "GET /xingrg/check_reg.html?_=1618018178558 HTTP/1.1" 200 22
116.233.74.165 - - [10/Apr/2021:09:29:52 +0800] "GET /xingrg/kc/buy/cgsh_order_operate.html?command=get_materiel&rest_code=00109&code=00101008010&supplier_code=00100005&order_time=2021-04-10 HTTP/1.1" 200 412
116.224.253.72 - - [10/Apr/2021:09:29:54 +0800] "GET /xingrg/all/function/internal_message.html?_=1618018192040&CODE_STATE=getMsg HTTP/1.1" 200 27
116.230.114.112 - - [10/Apr/2021:09:30:00 +0800] "GET /xingrg/kc/buy/cgsh_order_operate.html?command=get_materiel&rest_code=00146&code=00101009015&supplier_code=00100005&order_time=2021-04-10 HTTP/1.1" 200 417
116.230.114.112 - - [10/Apr/2021:09:30:02 +0800] "GET /xingrg/all/function/internal_message.html?_=1618018227154&CODE_STATE=getMsg HTTP/1.1" 200 27
116.233.74.165 - - [10/Apr/2021:09:30:03 +0800] "GET /xingrg/kc/buy/cgsh_order_operate.html?command=get_materiel&rest_code=00109&code=00101010058&supplier_code=00100005&order_time=2021-04-10 HTTP/1.1" 200 412
124.77.71.179 - - [10/Apr/2021:09:30:06 +0800] "GET /xingrg/all/function/internal_message.html?_=1618018206920&CODE_STATE=getMsg HTTP/1.1" 200 27
116.230.114.112 - - [10/Apr/2021:09:30:11 +0800] "GET /xingrg/kc/buy/cgsh_order_operate.html?command=get_materiel&rest_code=00146&code=00101008095&supplier_code=00100005&order_time=2021-04-10 HTTP/1.1" 200 412
116.233.74.165 - - [10/Apr/2021:09:30:13 +0800] "GET /xingrg/kc/buy/cgsh_order_operate.html?command=get_materiel&rest_code=00109&code=00101008114&supplier_code=00100005&order_time=2021-04-10 HTTP/1.1" 200 412
116.230.114.112 - - [10/Apr/2021:09:30:15 +0800] "POST /xingrg/kc/buy/cgsh_order_operate.html HTTP/1.1" 200 2065
116.233.74.165 - - [10/Apr/2021:09:30:18 +0800] "POST /xingrg/kc/buy/cgsh_order_operate.html HTTP/1.1" 200 2065
61.165.42.208 - - [10/Apr/2021:09:30:20 +0800] "GET /xingrg/all/function/internal_message.html?_=1618018224231&CODE_STATE=getMsg HTTP/1.1" 200 27
222.69.131.206 - - [10/Apr/2021:09:30:21 +0800] "GET /xingrg/all/function/internal_message.html?_=1618018223797&CODE_STATE=getMsg HTTP/1.1" 200 27
58.40.7.146 - - [10/Apr/2021:09:30:23 +0800] "GET /xingrg/all/function/internal_message.html?_=1618018225858&CODE_STATE=getMsg HTTP/1.1" 302 -
180.169.147.146 - - [10/Apr/2021:09:30:27 +0800] "GET /xingrg/all/function/internal_message.html?_=1618018232113&CODE_STATE=getMsg HTTP/1.1" 200 27
116.224.253.72 - - [10/Apr/2021:09:30:29 +0800] "GET /xingrg/all/function/internal_message.html?_=1618018233899&CODE_STATE=getMsg HTTP/1.1" 200 27
116.238.141.202 - - [10/Apr/2021:09:30:32 +0800] "GET /xingrg/all/function/internal_message.html?_=1618018509188&CODE_STATE=getMsg HTTP/1.1" 200 27
180.169.147.146 - - [10/Apr/2021:09:30:32 +0800] "GET /xingrg/check_reg.html?_=1618018241875 HTTP/1.1" 302 -
180.169.147.146 - - [10/Apr/2021:09:30:32 +0800] "GET /xingrg/all/function/internal_message.html?_=1618018241880&CODE_STATE=getMsg HTTP/1.1" 302 -
116.233.74.165 - - [10/Apr/2021:09:30:33 +0800] "GET /xingrg/all/function/internal_message.html?_=1618018237588&CODE_STATE=getMsg HTTP/1.1" 200 27
116.230.114.112 - - [10/Apr/2021:09:30:36 +0800] "GET /xingrg/all/function/internal_message.html?_=1618018242568&CODE_STATE=getMsg HTTP/1.1" 302 -
120.253.135.82 - - [10/Apr/2021:09:30:39 +0800] "GET /xingrg/all/function/internal_message.html?_=1618018018566&CODE_STATE=getMsg HTTP/1.1" 200 27
114.88.156.246 - - [10/Apr/2021:09:30:41 +0800] "GET /xingrg/all/function/internal_message.html?_=1618018263563&CODE_STATE=getMsg HTTP/1.1" 200 27
116.230.114.112 - - [10/Apr/2021:09:30:43 +0800] "GET /xingrg/kc/buy/cgsh_order_operate.html?command=get_materiel&rest_code=00146&code=00101008323&supplier_code=00100005&order_time=2021-04-10 HTTP/1.1" 200 408
124.77.71.179 - - [10/Apr/2021:09:30:46 +0800] "GET /xingrg/all/function/internal_message.html?_=1618018249903&CODE_STATE=getMsg HTTP/1.1" 200 27
61.165.42.208 - - [10/Apr/2021:09:30:51 +0800] "GET /xingrg/all/function/internal_message.html?_=1618018238558&CODE_STATE=getMsg HTTP/1.1" 200 27
116.230.114.112 - - [10/Apr/2021:09:30:54 +0800] "GET /xingrg/kc/buy/cgsh_order_operate.html?command=get_materiel&rest_code=00146&code=00101008350&supplier_code=00100005&order_time=2021-04-10 HTTP/1.1" 200 408
116.224.253.72 - - [10/Apr/2021:09:30:54 +0800] "GET /xingrg/all/function/internal_message.html?_=1618018252064&CODE_STATE=getMsg HTTP/1.1" 200 27
116.230.114.112 - - [10/Apr/2021:09:31:02 +0800] "GET /xingrg/all/function/internal_message.html?_=1618018287165&CODE_STATE=getMsg HTTP/1.1" 200 27
116.230.114.112 - - [10/Apr/2021:09:31:04 +0800] "GET /xingrg/kc/buy/cgsh_order_operate.html?command=get_materiel&rest_code=00146&code=00101008230&supplier_code=00100005&order_time=2021-04-10 HTTP/1.1" 200 408
124.77.71.179 - - [10/Apr/2021:09:31:06 +0800] "GET /xingrg/all/function/internal_message.html?_=1618018266893&CODE_STATE=getMsg HTTP/1.1" 200 27
116.233.74.165 - - [10/Apr/2021:09:31:11 +0800] "GET /xingrg/kc/buy/cgsh_order_operate.html?command=get_materiel&rest_code=00109&code=00101008290&supplier_code=00100005&order_time=2021-04-10 HTTP/1.1" 200 416
116.230.114.112 - - [10/Apr/2021:09:31:15 +0800] "GET /xingrg/kc/buy/cgsh_order_operate.html?command=get_materiel&rest_code=00146&code=00101008114&supplier_code=00100005&order_time=2021-04-10 HTTP/1.1" 200 412
116.230.114.112 - - [10/Apr/2021:09:31:18 +0800] "POST /xingrg/kc/buy/cgsh_order_operate.html HTTP/1.1" 200 2065
61.165.42.208 - - [10/Apr/2021:09:31:20 +0800] "GET /xingrg/all/function/internal_message.html?_=1618018284238&CODE_STATE=getMsg HTTP/1.1" 200 27
222.69.131.206 - - [10/Apr/2021:09:31:21 +0800] "GET /xingrg/all/function/internal_message.html?_=1618018283781&CODE_STATE=getMsg HTTP/1.1" 200 27
116.233.74.165 - - [10/Apr/2021:09:31:22 +0800] "GET /xingrg/kc/buy/cgsh_order_operate.html?command=get_materiel&rest_code=00109&code=00101008125&supplier_code=00100005&order_time=2021-04-10 HTTP/1.1" 200 413
58.40.7.146 - - [10/Apr/2021:09:31:23 +0800] "GET /xingrg/all/function/internal_message.html?_=1618018285861&CODE_STATE=getMsg HTTP/1.1" 302 -
116.230.114.112 - - [10/Apr/2021:09:31:26 +0800] "GET /xingrg/check_reg.html?_=1618018310555 HTTP/1.1" 200 22
180.169.147.146 - - [10/Apr/2021:09:31:27 +0800] "GET /xingrg/all/function/internal_message.html?_=1618018292116&CODE_STATE=getMsg HTTP/1.1" 200 27
116.224.253.72 - - [10/Apr/2021:09:31:29 +0800] "GET /xingrg/all/function/internal_message.html?_=1618018293899&CODE_STATE=getMsg HTTP/1.1" 200 27
116.238.141.202 - - [10/Apr/2021:09:31:31 +0800] "GET /xingrg/all/function/internal_message.html?_=1618018569206&CODE_STATE=getMsg HTTP/1.1" 200 27
180.169.147.146 - - [10/Apr/2021:09:31:32 +0800] "GET /xingrg/all/function/internal_message.html?_=1618018301864&CODE_STATE=getMsg HTTP/1.1" 302 -
116.233.74.165 - - [10/Apr/2021:09:31:33 +0800] "GET /xingrg/all/function/internal_message.html?_=1618018297590&CODE_STATE=getMsg HTTP/1.1" 200 27
116.233.74.165 - - [10/Apr/2021:09:31:34 +0800] "GET /xingrg/kc/buy/cgsh_order_operate.html?command=get_materiel&rest_code=00109&code=00101008168&supplier_code=00100005&order_time=2021-04-10 HTTP/1.1" 200 413
116.230.114.112 - - [10/Apr/2021:09:31:36 +0800] "GET /xingrg/kc/buy/cgsh_order_operate.html?command=get_materiel&rest_code=00146&code=00101008109&supplier_code=00100005&order_time=2021-04-10 HTTP/1.1" 200 413
116.230.114.112 - - [10/Apr/2021:09:31:36 +0800] "GET /xingrg/all/function/internal_message.html?_=1618018302595&CODE_STATE=getMsg HTTP/1.1" 302 -
120.253.135.82 - - [10/Apr/2021:09:31:39 +0800] "GET /xingrg/all/function/internal_message.html?_=1618018078580&CODE_STATE=getMsg HTTP/1.1" 200 27
114.88.156.246 - - [10/Apr/2021:09:31:41 +0800] "GET /xingrg/all/function/internal_message.html?_=1618018323566&CODE_STATE=getMsg HTTP/1.1" 200 27
116.233.74.165 - - [10/Apr/2021:09:31:44 +0800] "GET /xingrg/kc/buy/cgsh_order_operate.html?command=get_materiel&rest_code=00109&code=00101008350&supplier_code=00100005&order_time=2021-04-10 HTTP/1.1" 200 408
124.77.71.179 - - [10/Apr/2021:09:31:46 +0800] "GET /xingrg/all/function/internal_message.html?_=1618018309905&CODE_STATE=getMsg HTTP/1.1" 200 27
116.230.114.112 - - [10/Apr/2021:09:31:48 +0800] "GET /xingrg/kc/buy/cgsh_order_operate.html?command=get_materiel&rest_code=00146&code=00101015038&supplier_code=00100005&order_time=2021-04-10 HTTP/1.1" 200 418
222.69.131.206 - - [10/Apr/2021:09:31:51 +0800] "POST /xingrg/services/DataTransmitService HTTP/1.1" 401 565
222.69.131.206 - - [10/Apr/2021:09:31:51 +0800] "POST /xingrg/services/DataTransmitService HTTP/1.1" 200 478
222.69.131.206 - - [10/Apr/2021:09:31:51 +0800] "POST /xingrg/services/DataTransmitService HTTP/1.1" 200 1320
222.69.131.206 - - [10/Apr/2021:09:31:51 +0800] "POST /xingrg/services/DataTransmitService HTTP/1.1" 200 478
222.69.131.206 - - [10/Apr/2021:09:31:51 +0800] "POST /xingrg/services/DataTransmitService HTTP/1.1" 200 1320
222.69.131.206 - - [10/Apr/2021:09:31:51 +0800] "POST /xingrg/services/DataTransmitService HTTP/1.1" 200 524
61.165.42.208 - - [10/Apr/2021:09:31:51 +0800] "GET /xingrg/all/function/internal_message.html?_=1618018298559&CODE_STATE=getMsg HTTP/1.1" 200 27
222.69.131.206 - - [10/Apr/2021:09:31:51 +0800] "POST /xingrg/services/DataTransmitService HTTP/1.1" 200 1979
222.69.131.206 - - [10/Apr/2021:09:31:51 +0800] "POST /xingrg/services/DataTransmitService HTTP/1.1" 200 45454
222.69.131.206 - - [10/Apr/2021:09:31:51 +0800] "POST /xingrg/services/DataTransmitService HTTP/1.1" 200 19237
116.224.253.72 - - [10/Apr/2021:09:31:54 +0800] "GET /xingrg/all/function/internal_message.html?_=1618018312066&CODE_STATE=getMsg HTTP/1.1" 200 27
116.230.114.112 - - [10/Apr/2021:09:31:57 +0800] "GET /xingrg/kc/buy/cgsh_order_operate.html?command=get_materiel&rest_code=00146&code=00101008123&supplier_code=00100005&order_time=2021-04-10 HTTP/1.1" 200 412
124.77.71.179 - - [10/Apr/2021:09:31:59 +0800] "GET /xingrg/check_reg.html?_=1618018319866 HTTP/1.1" 200 22
116.233.74.165 - - [10/Apr/2021:09:32:01 +0800] "GET /xingrg/kc/buy/cgsh_order_operate.html?command=get_materiel&rest_code=00109&code=00101015038&supplier_code=00100005&order_time=2021-04-10 HTTP/1.1" 200 418
116.230.114.112 - - [10/Apr/2021:09:32:02 +0800] "GET /xingrg/all/function/internal_message.html?_=1618018347179&CODE_STATE=getMsg HTTP/1.1" 200 27
116.233.74.165 - - [10/Apr/2021:09:32:04 +0800] "POST /xingrg/kc/buy/cgsh_order_operate.html HTTP/1.1" 200 2065
124.77.71.179 - - [10/Apr/2021:09:32:05 +0800] "GET /xingrg/all/function/internal_message.html?_=1618018326883&CODE_STATE=getMsg HTTP/1.1" 200 27
222.69.131.206 - - [10/Apr/2021:09:32:06 +0800] "POST /xingrg/services/DataTransmitService HTTP/1.1" 200 524
222.69.131.206 - - [10/Apr/2021:09:32:06 +0800] "POST /xingrg/services/DataTransmitService HTTP/1.1" 200 1979
116.230.114.112 - - [10/Apr/2021:09:32:08 +0800] "GET /xingrg/kc/buy/cgsh_order_operate.html?command=get_materiel&rest_code=00146&code=00101008509&supplier_code=00100005&order_time=2021-04-10 HTTP/1.1" 200 395
116.230.114.112 - - [10/Apr/2021:09:32:11 +0800] "POST /xingrg/kc/buy/cgsh_order_operate.html HTTP/1.1" 200 2065
116.233.74.165 - - [10/Apr/2021:09:32:13 +0800] "GET /xingrg/kc/buy/cgsh_order_operate.html?command=get_materiel&rest_code=00109&code=00101015006&supplier_code=00100005&order_time=2021-04-10 HTTP/1.1" 200 413
222.69.131.206 - - [10/Apr/2021:09:32:13 +0800] "GET /xingrg/check_reg.html?_=1618018336483 HTTP/1.1" 200 22
222.69.131.206 - - [10/Apr/2021:09:32:19 +0800] "POST /xingrg/services/DataTransmitService HTTP/1.1" 200 524
222.69.131.206 - - [10/Apr/2021:09:32:19 +0800] "POST /xingrg/services/DataTransmitService HTTP/1.1" 200 501
116.230.114.112 - - [10/Apr/2021:09:32:19 +0800] "GET /xingrg/check_reg.html?_=1618018345732 HTTP/1.1" 302 -
116.230.114.112 - - [10/Apr/2021:09:32:20 +0800] "GET /xingrg/kc/buy/cgsh_order_operate.html?command=get_materiel&rest_code=00146&code=00101008102&supplier_code=00100005&order_time=2021-04-10 HTTP/1.1" 200 412
61.165.42.208 - - [10/Apr/2021:09:32:20 +0800] "GET /xingrg/check_reg.html?_=1618018344226 HTTP/1.1" 200 22
61.165.42.208 - - [10/Apr/2021:09:32:20 +0800] "GET /xingrg/all/function/internal_message.html?_=1618018344234&CODE_STATE=getMsg HTTP/1.1" 200 27
222.69.131.206 - - [10/Apr/2021:09:32:20 +0800] "POST /xingrg/services/DataTransmitService HTTP/1.1" 200 524
222.69.131.206 - - [10/Apr/2021:09:32:21 +0800] "GET /xingrg/all/function/internal_message.html?_=1618018343774&CODE_STATE=getMsg HTTP/1.1" 200 27
58.40.7.146 - - [10/Apr/2021:09:32:23 +0800] "GET /xingrg/all/function/internal_message.html?_=1618018345849&CODE_STATE=getMsg HTTP/1.1" 302 -
180.169.147.146 - - [10/Apr/2021:09:32:27 +0800] "GET /xingrg/all/function/internal_message.html?_=1618018352105&CODE_STATE=getMsg HTTP/1.1" 200 27
116.233.74.165 - - [10/Apr/2021:09:32:28 +0800] "GET /xingrg/kc/buy/cgsh_order_operate.html?command=get_materiel&rest_code=00109&code=00101015052&supplier_code=00100005&order_time=2021-04-10 HTTP/1.1" 200 413
116.224.253.72 - - [10/Apr/2021:09:32:29 +0800] "GET /xingrg/all/function/internal_message.html?_=1618018353898&CODE_STATE=getMsg HTTP/1.1" 200 27
116.224.253.72 - - [10/Apr/2021:09:32:29 +0800] "GET /xingrg/check_reg.html?_=1618018353901 HTTP/1.1" 200 22
116.238.141.202 - - [10/Apr/2021:09:32:32 +0800] "GET /xingrg/all/function/internal_message.html?_=1618018629401&CODE_STATE=getMsg HTTP/1.1" 200 27
116.230.114.112 - - [10/Apr/2021:09:32:32 +0800] "GET /xingrg/kc/buy/cgsh_order_operate.html?command=get_materiel&rest_code=00146&code=00101015044&supplier_code=00100005&order_time=2021-04-10 HTTP/1.1" 200 408
180.169.147.146 - - [10/Apr/2021:09:32:32 +0800] "GET /xingrg/all/function/internal_message.html?_=1618018361887&CODE_STATE=getMsg HTTP/1.1" 302 -
116.233.74.165 - - [10/Apr/2021:09:32:33 +0800] "GET /xingrg/all/function/internal_message.html?_=1618018357593&CODE_STATE=getMsg HTTP/1.1" 200 27
116.233.74.165 - - [10/Apr/2021:09:32:33 +0800] "GET /xingrg/check_reg.html?_=1618018357595 HTTP/1.1" 200 22
222.69.131.206 - - [10/Apr/2021:09:32:34 +0800] "POST /xingrg/services/DataTransmitService HTTP/1.1" 200 501
116.230.114.112 - - [10/Apr/2021:09:32:36 +0800] "GET /xingrg/all/function/internal_message.html?_=1618018362595&CODE_STATE=getMsg HTTP/1.1" 302 -
120.253.135.82 - - [10/Apr/2021:09:32:39 +0800] "GET /xingrg/all/function/internal_message.html?_=1618018138596&CODE_STATE=getMsg HTTP/1.1" 200 27
116.233.74.165 - - [10/Apr/2021:09:32:40 +0800] "GET /xingrg/kc/buy/cgsh_order_operate.html?command=get_materiel&rest_code=00109&code=00101015044&supplier_code=00100005&order_time=2021-04-10 HTTP/1.1" 200 408
114.88.156.246 - - [10/Apr/2021:09:32:41 +0800] "GET /xingrg/all/function/internal_message.html?_=1618018383560&CODE_STATE=getMsg HTTP/1.1" 200 27
116.233.74.165 - - [10/Apr/2021:09:32:45 +0800] "GET /xingrg/system/info/materiel_import.html?isSelect=1&singleSelect=false HTTP/1.1" 200 5600
116.233.74.165 - - [10/Apr/2021:09:32:45 +0800] "POST /xingrg/all/common/load_tree.html?tree=materiel_sort_tree_json HTTP/1.1" 200 8666
124.77.71.179 - - [10/Apr/2021:09:32:46 +0800] "GET /xingrg/all/function/internal_message.html?_=1618018369906&CODE_STATE=getMsg HTTP/1.1" 200 27
61.165.42.208 - - [10/Apr/2021:09:32:51 +0800] "GET /xingrg/all/function/internal_message.html?_=1618018358559&CODE_STATE=getMsg HTTP/1.1" 200 27
116.224.253.72 - - [10/Apr/2021:09:32:54 +0800] "GET /xingrg/check_reg.html?_=1618018371970 HTTP/1.1" 200 22
116.224.253.72 - - [10/Apr/2021:09:32:54 +0800] "GET /xingrg/all/function/internal_message.html?_=1618018372080&CODE_STATE=getMsg HTTP/1.1" 200 27
180.169.147.146 - - [10/Apr/2021:09:32:57 +0800] "GET /xingrg/check_reg.html?_=1618018380096 HTTP/1.1" 200 22
116.233.74.165 - - [10/Apr/2021:09:33:01 +0800] "GET /xingrg/kc/buy/cgsh_order_operate.html?command=get_materiel&rest_code=00109&code=00101015052&supplier_code=00100005&order_time=2021-04-10 HTTP/1.1" 200 413
116.230.114.112 - - [10/Apr/2021:09:33:02 +0800] "GET /xingrg/all/function/internal_message.html?_=1618018407193&CODE_STATE=getMsg HTTP/1.1" 200 27
124.77.71.179 - - [10/Apr/2021:09:33:05 +0800] "GET /xingrg/all/function/internal_message.html?_=1618018386866&CODE_STATE=getMsg HTTP/1.1" 200 27
116.233.74.165 - - [10/Apr/2021:09:33:17 +0800] "GET /xingrg/kc/buy/cgsh_order_operate.html?command=get_materiel&rest_code=00109&code=00101008223&supplier_code=00100005&order_time=2021-04-10 HTTP/1.1" 200 412
61.165.42.208 - - [10/Apr/2021:09:33:20 +0800] "GET /xingrg/all/function/internal_message.html?_=1618018404230&CODE_STATE=getMsg HTTP/1.1" 200 27
222.69.131.206 - - [10/Apr/2021:09:33:21 +0800] "GET /xingrg/all/function/internal_message.html?_=1618018403760&CODE_STATE=getMsg HTTP/1.1" 200 27
116.230.114.112 - - [10/Apr/2021:09:33:21 +0800] "POST /xingrg/kc/buy/cgsh_order_operate.html HTTP/1.1" 200 37
58.40.7.146 - - [10/Apr/2021:09:33:23 +0800] "GET /xingrg/all/function/internal_message.html?_=1618018405852&CODE_STATE=getMsg HTTP/1.1" 302 -
58.40.7.146 - - [10/Apr/2021:09:33:23 +0800] "GET /xingrg/check_reg.html?_=1618018405853 HTTP/1.1" 302 -
116.230.114.112 - - [10/Apr/2021:09:33:23 +0800] "POST /xingrg/kc/buy/cgsh_order_operate.html HTTP/1.1" 200 51752
180.169.147.146 - - [10/Apr/2021:09:33:27 +0800] "GET /xingrg/all/function/internal_message.html?_=1618018412109&CODE_STATE=getMsg HTTP/1.1" 200 27
180.169.147.146 - - [10/Apr/2021:09:33:27 +0800] "GET /xingrg/check_reg.html?_=1618018412113 HTTP/1.1" 200 22
116.224.253.72 - - [10/Apr/2021:09:33:29 +0800] "GET /xingrg/all/function/internal_message.html?_=1618018413887&CODE_STATE=getMsg HTTP/1.1" 200 27
116.238.141.202 - - [10/Apr/2021:09:33:32 +0800] "GET /xingrg/all/function/internal_message.html?_=1618018689418&CODE_STATE=getMsg HTTP/1.1" 200 27
180.169.147.146 - - [10/Apr/2021:09:33:32 +0800] "GET /xingrg/all/function/internal_message.html?_=1618018421873&CODE_STATE=getMsg HTTP/1.1" 302 -
116.233.74.165 - - [10/Apr/2021:09:33:33 +0800] "GET /xingrg/all/function/internal_message.html?_=1618018417595&CODE_STATE=getMsg HTTP/1.1" 200 27
116.230.114.112 - - [10/Apr/2021:09:33:36 +0800] "GET /xingrg/all/function/internal_message.html?_=1618018422620&CODE_STATE=getMsg HTTP/1.1" 302 -
120.253.135.82 - - [10/Apr/2021:09:33:39 +0800] "GET /xingrg/all/function/internal_message.html?_=1618018198607&CODE_STATE=getMsg HTTP/1.1" 200 27
114.88.156.246 - - [10/Apr/2021:09:33:41 +0800] "GET /xingrg/all/function/internal_message.html?_=1618018443557&CODE_STATE=getMsg HTTP/1.1" 200 27
124.77.71.179 - - [10/Apr/2021:09:33:46 +0800] "GET /xingrg/check_reg.html?_=1618018429891 HTTP/1.1" 200 22
124.77.71.179 - - [10/Apr/2021:09:33:46 +0800] "GET /xingrg/all/function/internal_message.html?_=1618018429892&CODE_STATE=getMsg HTTP/1.1" 200 27
116.233.74.165 - - [10/Apr/2021:09:33:47 +0800] "GET /xingrg/kc/buy/cgsh_order_operate.html?command=get_materiel&rest_code=00109&code=00101008175&supplier_code=00100005&order_time=2021-04-10 HTTP/1.1" 200 412
61.165.42.208 - - [10/Apr/2021:09:33:51 +0800] "GET /xingrg/all/function/internal_message.html?_=1618018418559&CODE_STATE=getMsg HTTP/1.1" 200 27
116.224.253.72 - - [10/Apr/2021:09:33:54 +0800] "GET /xingrg/all/function/internal_message.html?_=1618018432094&CODE_STATE=getMsg HTTP/1.1" 200 27
116.233.74.165 - - [10/Apr/2021:09:33:55 +0800] "POST /xingrg/kc/buy/cgsh_order_operate.html HTTP/1.1" 200 2065
114.88.156.246 - - [10/Apr/2021:09:33:56 +0800] "GET /xingrg/check_reg.html?_=1618018457956 HTTP/1.1" 200 22
116.233.74.165 - - [10/Apr/2021:09:33:59 +0800] "GET /xingrg/kc/buy/cgsh_order_operate.html?command=get_materiel&rest_code=00109&code=00101015052&supplier_code=00100005&order_time=2021-04-10 HTTP/1.1" 200 413
116.230.114.112 - - [10/Apr/2021:09:34:02 +0800] "GET /xingrg/all/function/internal_message.html?_=1618018467207&CODE_STATE=getMsg HTTP/1.1" 200 27
124.77.71.179 - - [10/Apr/2021:09:34:05 +0800] "GET /xingrg/all/function/internal_message.html?_=1618018446840&CODE_STATE=getMsg HTTP/1.1" 200 27
61.165.42.208 - - [10/Apr/2021:09:34:20 +0800] "GET /xingrg/all/function/internal_message.html?_=1618018464224&CODE_STATE=getMsg HTTP/1.1" 200 27
222.69.131.206 - - [10/Apr/2021:09:34:21 +0800] "GET /xingrg/all/function/internal_message.html?_=1618018463744&CODE_STATE=getMsg HTTP/1.1" 200 27
58.40.7.146 - - [10/Apr/2021:09:34:23 +0800] "GET /xingrg/all/function/internal_message.html?_=1618018465854&CODE_STATE=getMsg HTTP/1.1" 302 -
180.169.147.146 - - [10/Apr/2021:09:34:27 +0800] "GET /xingrg/all/function/internal_message.html?_=1618018472115&CODE_STATE=getMsg HTTP/1.1" 200 27
116.224.253.72 - - [10/Apr/2021:09:34:29 +0800] "GET /xingrg/all/function/internal_message.html?_=1618018473918&CODE_STATE=getMsg HTTP/1.1" 200 27
116.238.141.202 - - [10/Apr/2021:09:34:31 +0800] "GET /xingrg/check_reg.html?_=1618018748046 HTTP/1.1" 200 22
116.238.141.202 - - [10/Apr/2021:09:34:32 +0800] "GET /xingrg/all/function/internal_message.html?_=1618018749536&CODE_STATE=getMsg HTTP/1.1" 200 27
180.169.147.146 - - [10/Apr/2021:09:34:32 +0800] "GET /xingrg/all/function/internal_message.html?_=1618018481903&CODE_STATE=getMsg HTTP/1.1" 302 -
116.233.74.165 - - [10/Apr/2021:09:34:33 +0800] "GET /xingrg/all/function/internal_message.html?_=1618018477597&CODE_STATE=getMsg HTTP/1.1" 200 27
116.230.114.112 - - [10/Apr/2021:09:34:36 +0800] "GET /xingrg/all/function/internal_message.html?_=1618018482623&CODE_STATE=getMsg HTTP/1.1" 302 -
120.253.135.82 - - [10/Apr/2021:09:34:39 +0800] "GET /xingrg/check_reg.html?_=1618018258376 HTTP/1.1" 200 22
120.253.135.82 - - [10/Apr/2021:09:34:39 +0800] "GET /xingrg/all/function/internal_message.html?_=1618018258620&CODE_STATE=getMsg HTTP/1.1" 200 27
114.88.156.246 - - [10/Apr/2021:09:34:41 +0800] "GET /xingrg/all/function/internal_message.html?_=1618018503563&CODE_STATE=getMsg HTTP/1.1" 200 27
124.77.71.179 - - [10/Apr/2021:09:34:46 +0800] "GET /xingrg/all/function/internal_message.html?_=1618018489894&CODE_STATE=getMsg HTTP/1.1" 200 27
61.165.42.208 - - [10/Apr/2021:09:34:51 +0800] "GET /xingrg/check_reg.html?_=1618018478559 HTTP/1.1" 200 22
61.165.42.208 - - [10/Apr/2021:09:34:51 +0800] "GET /xingrg/all/function/internal_message.html?_=1618018478562&CODE_STATE=getMsg HTTP/1.1" 200 27
116.224.253.72 - - [10/Apr/2021:09:34:54 +0800] "GET /xingrg/all/function/internal_message.html?_=1618018492108&CODE_STATE=getMsg HTTP/1.1" 200 27
116.230.114.112 - - [10/Apr/2021:09:35:02 +0800] "GET /xingrg/all/function/internal_message.html?_=1618018527221&CODE_STATE=getMsg HTTP/1.1" 200 27
124.77.71.179 - - [10/Apr/2021:09:35:05 +0800] "GET /xingrg/all/function/internal_message.html?_=1618018506820&CODE_STATE=getMsg HTTP/1.1" 200 27
61.165.42.208 - - [10/Apr/2021:09:35:20 +0800] "GET /xingrg/all/function/internal_message.html?_=1618018524231&CODE_STATE=getMsg HTTP/1.1" 200 27
222.69.131.206 - - [10/Apr/2021:09:35:21 +0800] "GET /xingrg/all/function/internal_message.html?_=1618018523715&CODE_STATE=getMsg HTTP/1.1" 200 27
58.40.7.146 - - [10/Apr/2021:09:35:23 +0800] "GET /xingrg/all/function/internal_message.html?_=1618018525856&CODE_STATE=getMsg HTTP/1.1" 302 -
180.169.147.146 - - [10/Apr/2021:09:35:27 +0800] "GET /xingrg/all/function/internal_message.html?_=1618018532116&CODE_STATE=getMsg HTTP/1.1" 200 27
116.224.253.72 - - [10/Apr/2021:09:35:29 +0800] "GET /xingrg/all/function/internal_message.html?_=1618018533918&CODE_STATE=getMsg HTTP/1.1" 200 27
116.238.141.202 - - [10/Apr/2021:09:35:32 +0800] "GET /xingrg/all/function/internal_message.html?_=1618018809658&CODE_STATE=getMsg HTTP/1.1" 200 27
180.169.147.146 - - [10/Apr/2021:09:35:32 +0800] "GET /xingrg/check_reg.html?_=1618018541945 HTTP/1.1" 302 -
180.169.147.146 - - [10/Apr/2021:09:35:32 +0800] "GET /xingrg/all/function/internal_message.html?_=1618018541948&CODE_STATE=getMsg HTTP/1.1" 302 -
116.233.74.165 - - [10/Apr/2021:09:35:33 +0800] "GET /xingrg/all/function/internal_message.html?_=1618018537600&CODE_STATE=getMsg HTTP/1.1" 200 27
116.230.114.112 - - [10/Apr/2021:09:35:36 +0800] "GET /xingrg/all/function/internal_message.html?_=1618018542648&CODE_STATE=getMsg HTTP/1.1" 302 -
120.253.135.82 - - [10/Apr/2021:09:35:39 +0800] "GET /xingrg/all/function/internal_message.html?_=1618018318635&CODE_STATE=getMsg HTTP/1.1" 200 27
114.88.156.246 - - [10/Apr/2021:09:35:42 +0800] "GET /xingrg/all/function/internal_message.html?_=1618018563570&CODE_STATE=getMsg HTTP/1.1" 200 27
124.77.71.179 - - [10/Apr/2021:09:35:46 +0800] "GET /xingrg/all/function/internal_message.html?_=1618018549895&CODE_STATE=getMsg HTTP/1.1" 200 27
61.165.42.208 - - [10/Apr/2021:09:35:51 +0800] "GET /xingrg/all/function/internal_message.html?_=1618018538562&CODE_STATE=getMsg HTTP/1.1" 200 27
116.224.253.72 - - [10/Apr/2021:09:35:54 +0800] "GET /xingrg/all/function/internal_message.html?_=1618018552122&CODE_STATE=getMsg HTTP/1.1" 200 27
116.224.253.72 - - [10/Apr/2021:09:35:57 +0800] "POST /xingrg/kc/buy/cgsh_list_operate.html HTTP/1.1" 200 1707
116.233.74.165 - - [10/Apr/2021:09:35:58 +0800] "GET /xingrg/kc/buy/cgsh_order_operate.html?command=get_materiel&rest_code=00109&code=00101008041&supplier_code=00100005&order_time=2021-04-10 HTTP/1.1" 200 408
116.224.253.72 - - [10/Apr/2021:09:36:02 +0800] "GET /xingrg/javascript/jquery_tools/images/prev.gif HTTP/1.1" 404 1086
116.224.253.72 - - [10/Apr/2021:09:36:02 +0800] "GET /xingrg/javascript/jquery_tools/images/next.gif HTTP/1.1" 404 1086
116.230.114.112 - - [10/Apr/2021:09:36:03 +0800] "GET /xingrg/all/function/internal_message.html?_=1618018587518&CODE_STATE=getMsg HTTP/1.1" 200 27
124.77.71.179 - - [10/Apr/2021:09:36:05 +0800] "GET /xingrg/all/function/internal_message.html?_=1618018566805&CODE_STATE=getMsg HTTP/1.1" 200 27
116.224.253.72 - - [10/Apr/2021:09:36:09 +0800] "POST /xingrg/kc/buy/cgsh_list_operate.html HTTP/1.1" 200 2544
116.224.253.72 - - [10/Apr/2021:09:36:13 +0800] "POST /xingrg/kc/buy/cgsh_list_operate.html HTTP/1.1" 200 421
61.165.42.208 - - [10/Apr/2021:09:36:20 +0800] "GET /xingrg/all/function/internal_message.html?_=1618018584251&CODE_STATE=getMsg HTTP/1.1" 200 27
116.233.74.165 - - [10/Apr/2021:09:36:20 +0800] "GET /xingrg/kc/buy/cgsh_order_operate.html?command=get_materiel&rest_code=00109&code=00101015040&supplier_code=00100005&order_time=2021-04-10 HTTP/1.1" 200 408
222.69.131.206 - - [10/Apr/2021:09:36:21 +0800] "GET /xingrg/all/function/internal_message.html?_=1618018583700&CODE_STATE=getMsg HTTP/1.1" 200 27
116.224.253.72 - - [10/Apr/2021:09:36:21 +0800] "POST /xingrg/all/user/operate.html HTTP/1.1" 200 36
116.224.253.72 - - [10/Apr/2021:09:36:21 +0800] "GET /xingrg/javascript/jquery_easy_ui/themes/default/easyui.css HTTP/1.1" 304 -
116.224.253.72 - - [10/Apr/2021:09:36:21 +0800] "GET /xingrg/index.html?sysBaseUrl=http%3A%2F%2F180.169.147.146%3A18081%2Fxingrg%2F&costTime=45×tamp=1618012934520 HTTP/1.1" 200 17179
116.224.253.72 - - [10/Apr/2021:09:36:21 +0800] "GET /xingrg/javascript/jquery_easy_ui/themes/icon.css HTTP/1.1" 304 -
116.224.253.72 - - [10/Apr/2021:09:36:21 +0800] "GET /xingrg/css/form.css HTTP/1.1" 304 -
116.224.253.72 - - [10/Apr/2021:09:36:21 +0800] "GET /xingrg/javascript/jquery-1.4.2.min.js HTTP/1.1" 304 -
116.224.253.72 - - [10/Apr/2021:09:36:21 +0800] "GET /xingrg/javascript/jquery_easy_ui/jquery.easyui.min.js HTTP/1.1" 304 -
116.224.253.72 - - [10/Apr/2021:09:36:21 +0800] "GET /xingrg/javascript/jquery_easy_ui/easyui-lang-zh_CN.js HTTP/1.1" 304 -
116.224.253.72 - - [10/Apr/2021:09:36:21 +0800] "GET /xingrg/javascript/jquery.form.js HTTP/1.1" 304 -
116.224.253.72 - - [10/Apr/2021:09:36:21 +0800] "GET /xingrg/javascript/jquery.utils.js HTTP/1.1" 304 -
116.224.253.72 - - [10/Apr/2021:09:36:21 +0800] "GET /xingrg/javascript/jquery.timers.js HTTP/1.1" 304 -
116.224.253.72 - - [10/Apr/2021:09:36:21 +0800] "GET /xingrg/images/blue/jxLogo.png HTTP/1.1" 304 -
116.224.253.72 - - [10/Apr/2021:09:36:21 +0800] "GET /xingrg/images/blue/navBackgound.jpg HTTP/1.1" 304 -
116.224.253.72 - - [10/Apr/2021:09:36:21 +0800] "GET /xingrg/javascript/jquery_easy_ui/themes/icons/settle_new.png HTTP/1.1" 304 -
116.224.253.72 - - [10/Apr/2021:09:36:21 +0800] "GET /xingrg/images/blue/pingpu.png HTTP/1.1" 304 -
116.224.253.72 - - [10/Apr/2021:09:36:21 +0800] "POST /xingrg/all/common/load_tree.html?tree=area_rest_tree_json&manage=1 HTTP/1.1" 200 476
116.224.253.72 - - [10/Apr/2021:09:36:21 +0800] "GET /xingrg/javascript/jquery_easy_ui/themes/default/images/tabs_leftarrow.png HTTP/1.1" 304 -
116.224.253.72 - - [10/Apr/2021:09:36:21 +0800] "GET /xingrg/javascript/jquery_easy_ui/themes/default/images/tabs_rightarrow.png HTTP/1.1" 304 -
116.224.253.72 - - [10/Apr/2021:09:36:21 +0800] "GET /xingrg/javascript/jquery_easy_ui/themes/default/images/panel_tool_collapse.gif HTTP/1.1" 304 -
116.224.253.72 - - [10/Apr/2021:09:36:21 +0800] "GET /xingrg/all/function/internal_message.html?_=1618018579338&CODE_STATE=count HTTP/1.1" 200 11
116.224.253.72 - - [10/Apr/2021:09:36:21 +0800] "GET /xingrg/check_reg.html?_=1618018579338 HTTP/1.1" 200 22
116.224.253.72 - - [10/Apr/2021:09:36:21 +0800] "POST /xingrg/load_menu.html HTTP/1.1" 200 5138
58.40.7.146 - - [10/Apr/2021:09:36:23 +0800] "GET /xingrg/all/function/internal_message.html?_=1618018585859&CODE_STATE=getMsg HTTP/1.1" 302 -
116.224.253.72 - - [10/Apr/2021:09:36:24 +0800] "GET /xingrg/kc/buy/cgsh_order_list.html HTTP/1.1" 200 46416
116.230.114.112 - - [10/Apr/2021:09:36:26 +0800] "GET /xingrg/check_reg.html?_=1618018610560 HTTP/1.1" 200 22
116.224.253.72 - - [10/Apr/2021:09:36:26 +0800] "POST /xingrg/kc/buy/cgsh_list_operate.html HTTP/1.1" 200 1709
180.169.147.146 - - [10/Apr/2021:09:36:27 +0800] "GET /xingrg/all/function/internal_message.html?_=1618018592117&CODE_STATE=getMsg HTTP/1.1" 200 27
116.224.253.72 - - [10/Apr/2021:09:36:29 +0800] "GET /xingrg/all/function/internal_message.html?_=1618018593924&CODE_STATE=getMsg HTTP/1.1" 200 27
116.224.253.72 - - [10/Apr/2021:09:36:30 +0800] "GET /xingrg/javascript/jquery_tools/images/prev.gif HTTP/1.1" 404 1086
116.224.253.72 - - [10/Apr/2021:09:36:30 +0800] "GET /xingrg/javascript/jquery_tools/images/next.gif HTTP/1.1" 404 1086
116.238.141.202 - - [10/Apr/2021:09:36:32 +0800] "GET /xingrg/all/function/internal_message.html?_=1618018869662&CODE_STATE=getMsg HTTP/1.1" 200 27
180.169.147.146 - - [10/Apr/2021:09:36:32 +0800] "GET /xingrg/all/function/internal_message.html?_=1618018601996&CODE_STATE=getMsg HTTP/1.1" 302 -
116.233.74.165 - - [10/Apr/2021:09:36:33 +0800] "GET /xingrg/all/function/internal_message.html?_=1618018597603&CODE_STATE=getMsg HTTP/1.1" 200 27
116.224.253.72 - - [10/Apr/2021:09:36:36 +0800] "POST /xingrg/kc/buy/cgsh_list_operate.html HTTP/1.1" 200 2954
116.230.114.112 - - [10/Apr/2021:09:36:36 +0800] "GET /xingrg/all/function/internal_message.html?_=1618018602650&CODE_STATE=getMsg HTTP/1.1" 302 -
120.253.135.82 - - [10/Apr/2021:09:36:39 +0800] "GET /xingrg/all/function/internal_message.html?_=1618018378648&CODE_STATE=getMsg HTTP/1.1" 200 27
116.224.253.72 - - [10/Apr/2021:09:36:39 +0800] "POST /xingrg/kc/buy/cgsh_list_operate.html HTTP/1.1" 200 579
114.88.156.246 - - [10/Apr/2021:09:36:41 +0800] "GET /xingrg/all/function/internal_message.html?_=1618018623559&CODE_STATE=getMsg HTTP/1.1" 200 27
116.224.253.72 - - [10/Apr/2021:09:36:42 +0800] "GET /xingrg/kc/buy/cgsh_order_info.html?code=212021041003477 HTTP/1.1" 200 56990
116.224.253.72 - - [10/Apr/2021:09:36:42 +0800] "GET /xingrg/javascript/easyui/themes/default/validatebox.css HTTP/1.1" 404 1104
116.224.253.72 - - [10/Apr/2021:09:36:43 +0800] "POST /xingrg/kc/buy/cgsh_order_operate.html HTTP/1.1" 200 7130
124.77.71.179 - - [10/Apr/2021:09:36:46 +0800] "GET /xingrg/all/function/internal_message.html?_=1618018609900&CODE_STATE=getMsg HTTP/1.1" 200 27
116.233.74.165 - - [10/Apr/2021:09:36:48 +0800] "GET /xingrg/kc/buy/cgsh_order_operate.html?command=get_materiel&rest_code=00109&code=00101015040&supplier_code=00100005&order_time=2021-04-10 HTTP/1.1" 200 408
61.165.42.208 - - [10/Apr/2021:09:36:51 +0800] "GET /xingrg/all/function/internal_message.html?_=1618018598562&CODE_STATE=getMsg HTTP/1.1" 200 27
124.77.71.179 - - [10/Apr/2021:09:36:58 +0800] "GET /xingrg/check_reg.html?_=1618018619856 HTTP/1.1" 200 22
116.230.114.112 - - [10/Apr/2021:09:37:03 +0800] "GET /xingrg/all/function/internal_message.html?_=1618018647528&CODE_STATE=getMsg HTTP/1.1" 200 27
124.77.71.179 - - [10/Apr/2021:09:37:05 +0800] "GET /xingrg/all/function/internal_message.html?_=1618018626815&CODE_STATE=getMsg HTTP/1.1" 200 27
222.69.131.206 - - [10/Apr/2021:09:37:13 +0800] "GET /xingrg/check_reg.html?_=1618018636476 HTTP/1.1" 200 22
116.233.74.165 - - [10/Apr/2021:09:37:13 +0800] "GET /xingrg/kc/buy/cgsh_order_operate.html?command=get_materiel&rest_code=00109&code=00101015012&supplier_code=00100005&order_time=2021-04-10 HTTP/1.1" 200 412
116.230.114.112 - - [10/Apr/2021:09:37:19 +0800] "GET /xingrg/check_reg.html?_=1618018645749 HTTP/1.1" 302 -
61.165.42.208 - - [10/Apr/2021:09:37:20 +0800] "GET /xingrg/all/function/internal_message.html?_=1618018644257&CODE_STATE=getMsg HTTP/1.1" 200 27
61.165.42.208 - - [10/Apr/2021:09:37:20 +0800] "GET /xingrg/check_reg.html?_=1618018644260 HTTP/1.1" 200 22
222.69.131.206 - - [10/Apr/2021:09:37:21 +0800] "GET /xingrg/all/function/internal_message.html?_=1618018643690&CODE_STATE=getMsg HTTP/1.1" 200 27
116.224.253.72 - - [10/Apr/2021:09:37:21 +0800] "GET /xingrg/all/function/internal_message.html?_=1618018639342&CODE_STATE=getMsg HTTP/1.1" 200 27
58.40.7.146 - - [10/Apr/2021:09:37:23 +0800] "GET /xingrg/all/function/internal_message.html?_=1618018645864&CODE_STATE=getMsg HTTP/1.1" 302 -
116.224.253.72 - - [10/Apr/2021:09:37:27 +0800] "POST /xingrg/kc/buy/cgsh_order_operate.html HTTP/1.1" 200 12
180.169.147.146 - - [10/Apr/2021:09:37:27 +0800] "GET /xingrg/all/function/internal_message.html?_=1618018652119&CODE_STATE=getMsg HTTP/1.1" 200 27
116.224.253.72 - - [10/Apr/2021:09:37:28 +0800] "GET /xingrg/kc/buy/cgsh_order_info.html?code=212021041003477 HTTP/1.1" 200 62093
116.224.253.72 - - [10/Apr/2021:09:37:28 +0800] "GET /xingrg/javascript/easyui/themes/default/validatebox.css HTTP/1.1" 404 1104
116.224.253.72 - - [10/Apr/2021:09:37:29 +0800] "POST /xingrg/kc/buy/cgsh_order_operate.html HTTP/1.1" 200 9205
116.224.253.72 - - [10/Apr/2021:09:37:29 +0800] "GET /xingrg/check_reg.html?_=1618018653957 HTTP/1.1" 200 22
116.224.253.72 - - [10/Apr/2021:09:37:29 +0800] "GET /xingrg/all/function/internal_message.html?_=1618018653924&CODE_STATE=getMsg HTTP/1.1" 200 27
180.169.147.146 - - [10/Apr/2021:09:37:32 +0800] "GET /xingrg/all/function/internal_message.html?_=1618018662049&CODE_STATE=getMsg HTTP/1.1" 302 -
116.233.74.165 - - [10/Apr/2021:09:37:33 +0800] "GET /xingrg/all/function/internal_message.html?_=1618018657603&CODE_STATE=getMsg HTTP/1.1" 200 27
116.233.74.165 - - [10/Apr/2021:09:37:33 +0800] "GET /xingrg/check_reg.html?_=1618018657606 HTTP/1.1" 200 22
116.230.114.112 - - [10/Apr/2021:09:37:36 +0800] "GET /xingrg/all/function/internal_message.html?_=1618018662674&CODE_STATE=getMsg HTTP/1.1" 302 -
116.233.74.165 - - [10/Apr/2021:09:37:37 +0800] "GET /xingrg/kc/buy/cgsh_order_operate.html?command=get_materiel&rest_code=00109&code=00101015070&supplier_code=00100005&order_time=2021-04-10 HTTP/1.1" 200 412
116.238.141.202 - - [10/Apr/2021:09:37:37 +0800] "GET /xingrg/all/function/internal_message.html?_=1618018929794&CODE_STATE=getMsg HTTP/1.1" 200 27
116.224.253.72 - - [10/Apr/2021:09:37:37 +0800] "GET /xingrg/javascript/auto/indicator.gif HTTP/1.1" 404 1066
120.253.135.82 - - [10/Apr/2021:09:37:39 +0800] "GET /xingrg/all/function/internal_message.html?_=1618018438668&CODE_STATE=getMsg HTTP/1.1" 200 27
114.88.156.246 - - [10/Apr/2021:09:37:41 +0800] "GET /xingrg/all/function/internal_message.html?_=1618018683564&CODE_STATE=getMsg HTTP/1.1" 200 27
116.233.74.165 - - [10/Apr/2021:09:37:42 +0800] "POST /xingrg/kc/buy/cgsh_order_operate.html HTTP/1.1" 200 2065
124.77.71.179 - - [10/Apr/2021:09:37:46 +0800] "GET /xingrg/all/function/internal_message.html?_=1618018669905&CODE_STATE=getMsg HTTP/1.1" 200 27
61.165.42.208 - - [10/Apr/2021:09:37:51 +0800] "GET /xingrg/all/function/internal_message.html?_=1618018658563&CODE_STATE=getMsg HTTP/1.1" 200 27
116.233.74.165 - - [10/Apr/2021:09:37:51 +0800] "GET /xingrg/kc/buy/cgsh_order_operate.html?command=get_materiel&rest_code=00109&code=00101008323&supplier_code=00100005&order_time=2021-04-10 HTTP/1.1" 200 408
180.169.147.146 - - [10/Apr/2021:09:37:57 +0800] "GET /xingrg/check_reg.html?_=1618018680137 HTTP/1.1" 200 22
116.230.114.112 - - [10/Apr/2021:09:38:03 +0800] "GET /xingrg/all/function/internal_message.html?_=1618018707541&CODE_STATE=getMsg HTTP/1.1" 200 27
124.77.71.179 - - [10/Apr/2021:09:38:05 +0800] "GET /xingrg/all/function/internal_message.html?_=1618018686785&CODE_STATE=getMsg HTTP/1.1" 200 27
116.233.74.165 - - [10/Apr/2021:09:38:06 +0800] "GET /xingrg/kc/buy/cgsh_order_operate.html?command=get_materiel&rest_code=00109&code=00101008350&supplier_code=00100005&order_time=2021-04-10 HTTP/1.1" 200 408
61.165.42.208 - - [10/Apr/2021:09:38:20 +0800] "GET /xingrg/all/function/internal_message.html?_=1618018704256&CODE_STATE=getMsg HTTP/1.1" 200 27
222.69.131.206 - - [10/Apr/2021:09:38:21 +0800] "GET /xingrg/all/function/internal_message.html?_=1618018703675&CODE_STATE=getMsg HTTP/1.1" 200 27
116.224.253.72 - - [10/Apr/2021:09:38:21 +0800] "GET /xingrg/all/function/internal_message.html?_=1618018699368&CODE_STATE=getMsg HTTP/1.1" 200 27
58.40.7.146 - - [10/Apr/2021:09:38:23 +0800] "GET /xingrg/check_reg.html?_=1618018705853 HTTP/1.1" 302 -
58.40.7.146 - - [10/Apr/2021:09:38:23 +0800] "GET /xingrg/all/function/internal_message.html?_=1618018705855&CODE_STATE=getMsg HTTP/1.1" 302 -
180.169.147.146 - - [10/Apr/2021:09:38:27 +0800] "GET /xingrg/check_reg.html?_=1618018712122 HTTP/1.1" 200 22
180.169.147.146 - - [10/Apr/2021:09:38:27 +0800] "GET /xingrg/all/function/internal_message.html?_=1618018712127&CODE_STATE=getMsg HTTP/1.1" 200 27
116.224.253.72 - - [10/Apr/2021:09:38:29 +0800] "GET /xingrg/all/function/internal_message.html?_=1618018713942&CODE_STATE=getMsg HTTP/1.1" 200 27
116.238.141.202 - - [10/Apr/2021:09:38:32 +0800] "GET /xingrg/all/function/internal_message.html?_=1618018989796&CODE_STATE=getMsg HTTP/1.1" 200 27
180.169.147.146 - - [10/Apr/2021:09:38:32 +0800] "GET /xingrg/all/function/internal_message.html?_=1618018722095&CODE_STATE=getMsg HTTP/1.1" 302 -
116.233.74.165 - - [10/Apr/2021:09:38:33 +0800] "GET /xingrg/all/function/internal_message.html?_=1618018717610&CODE_STATE=getMsg HTTP/1.1" 200 27
116.230.114.112 - - [10/Apr/2021:09:38:36 +0800] "GET /xingrg/all/function/internal_message.html?_=1618018722677&CODE_STATE=getMsg HTTP/1.1" 302 -
120.253.135.82 - - [10/Apr/2021:09:38:39 +0800] "GET /xingrg/all/function/internal_message.html?_=1618018498675&CODE_STATE=getMsg HTTP/1.1" 200 27
114.88.156.246 - - [10/Apr/2021:09:38:41 +0800] "GET /xingrg/all/function/internal_message.html?_=1618018743565&CODE_STATE=getMsg HTTP/1.1" 200 27
116.224.253.72 - - [10/Apr/2021:09:38:45 +0800] "POST /xingrg/kc/buy/cgsh_order_operate.html HTTP/1.1" 200 37
124.77.71.179 - - [10/Apr/2021:09:38:46 +0800] "GET /xingrg/check_reg.html?_=1618018729890 HTTP/1.1" 200 22
124.77.71.179 - - [10/Apr/2021:09:38:46 +0800] "GET /xingrg/all/function/internal_message.html?_=1618018729892&CODE_STATE=getMsg HTTP/1.1" 200 27
116.233.74.165 - - [10/Apr/2021:09:38:48 +0800] "GET /xingrg/kc/buy/cgsh_order_operate.html?command=get_materiel&rest_code=00109&code=00101008355&supplier_code=00100005&order_time=2021-04-10 HTTP/1.1" 200 408
116.224.253.72 - - [10/Apr/2021:09:38:48 +0800] "POST /xingrg/kc/buy/cgsh_order_operate.html HTTP/1.1" 200 12
116.224.253.72 - - [10/Apr/2021:09:38:49 +0800] "GET /xingrg/kc/buy/cgsh_order_info.html?code=212021041003477 HTTP/1.1" 200 56990
116.224.253.72 - - [10/Apr/2021:09:38:49 +0800] "GET /xingrg/javascript/easyui/themes/default/validatebox.css HTTP/1.1" 404 1104
116.224.253.72 - - [10/Apr/2021:09:38:50 +0800] "POST /xingrg/kc/buy/cgsh_order_operate.html HTTP/1.1" 200 7721
61.165.42.208 - - [10/Apr/2021:09:38:51 +0800] "GET /xingrg/all/function/internal_message.html?_=1618018718562&CODE_STATE=getMsg HTTP/1.1" 200 27
114.88.156.246 - - [10/Apr/2021:09:38:56 +0800] "GET /xingrg/check_reg.html?_=1618018757930 HTTP/1.1" 200 22
116.233.74.165 - - [10/Apr/2021:09:39:02 +0800] "GET /xingrg/kc/buy/cgsh_order_operate.html?command=get_materiel&rest_code=00109&code=00101008357&supplier_code=00100005&order_time=2021-04-10 HTTP/1.1" 200 408
116.230.114.112 - - [10/Apr/2021:09:39:03 +0800] "GET /xingrg/all/function/internal_message.html?_=1618018767822&CODE_STATE=getMsg HTTP/1.1" 200 27
124.77.71.179 - - [10/Apr/2021:09:39:05 +0800] "GET /xingrg/all/function/internal_message.html?_=1618018746763&CODE_STATE=getMsg HTTP/1.1" 200 27
116.233.74.165 - - [10/Apr/2021:09:39:15 +0800] "GET /xingrg/kc/buy/cgsh_order_operate.html?command=get_materiel&rest_code=00109&code=00101008350&supplier_code=00100005&order_time=2021-04-10 HTTP/1.1" 200 408
180.162.25.7 - - [10/Apr/2021:09:39:16 +0800] "GET /favicon.ico HTTP/1.1" 404 -
61.165.42.208 - - [10/Apr/2021:09:39:20 +0800] "GET /xingrg/all/function/internal_message.html?_=1618018764255&CODE_STATE=getMsg HTTP/1.1" 200 27
222.69.131.206 - - [10/Apr/2021:09:39:21 +0800] "GET /xingrg/all/function/internal_message.html?_=1618018763659&CODE_STATE=getMsg HTTP/1.1" 200 27
116.233.74.165 - - [10/Apr/2021:09:39:21 +0800] "POST /xingrg/kc/buy/cgsh_order_operate.html HTTP/1.1" 200 2065
116.224.253.72 - - [10/Apr/2021:09:39:21 +0800] "GET /xingrg/all/function/internal_message.html?_=1618018759400&CODE_STATE=getMsg HTTP/1.1" 200 27
58.40.7.146 - - [10/Apr/2021:09:39:23 +0800] "GET /xingrg/all/function/internal_message.html?_=1618018765855&CODE_STATE=getMsg HTTP/1.1" 302 -
180.169.147.146 - - [10/Apr/2021:09:39:27 +0800] "GET /xingrg/all/function/internal_message.html?_=1618018772116&CODE_STATE=getMsg HTTP/1.1" 200 27
116.233.74.165 - - [10/Apr/2021:09:39:27 +0800] "GET /xingrg/kc/buy/cgsh_order_operate.html?command=get_materiel&rest_code=00109&code=00101008036&supplier_code=00100005&order_time=2021-04-10 HTTP/1.1" 200 408
116.224.253.72 - - [10/Apr/2021:09:39:29 +0800] "GET /xingrg/all/function/internal_message.html?_=1618018773949&CODE_STATE=getMsg HTTP/1.1" 200 27
116.238.141.202 - - [10/Apr/2021:09:39:30 +0800] "GET /xingrg/check_reg.html?_=1618019048162 HTTP/1.1" 200 22
116.238.141.202 - - [10/Apr/2021:09:39:32 +0800] "GET /xingrg/all/function/internal_message.html?_=1618019049810&CODE_STATE=getMsg HTTP/1.1" 200 27
180.169.147.146 - - [10/Apr/2021:09:39:32 +0800] "GET /xingrg/all/function/internal_message.html?_=1618018782153&CODE_STATE=getMsg HTTP/1.1" 302 -
116.233.74.165 - - [10/Apr/2021:09:39:33 +0800] "GET /xingrg/all/function/internal_message.html?_=1618018777622&CODE_STATE=getMsg HTTP/1.1" 200 27
116.230.114.112 - - [10/Apr/2021:09:39:36 +0800] "GET /xingrg/all/function/internal_message.html?_=1618018782704&CODE_STATE=getMsg HTTP/1.1" 302 -
116.233.74.165 - - [10/Apr/2021:09:39:37 +0800] "GET /xingrg/kc/buy/cgsh_order_operate.html?command=get_materiel&rest_code=00109&code=00101008209&supplier_code=00100005&order_time=2021-04-10 HTTP/1.1" 200 409
120.253.135.82 - - [10/Apr/2021:09:39:39 +0800] "GET /xingrg/check_reg.html?_=1618018558383 HTTP/1.1" 200 22
120.253.135.82 - - [10/Apr/2021:09:39:39 +0800] "GET /xingrg/all/function/internal_message.html?_=1618018558751&CODE_STATE=getMsg HTTP/1.1" 200 27
114.88.156.246 - - [10/Apr/2021:09:39:41 +0800] "GET /xingrg/all/function/internal_message.html?_=1618018803557&CODE_STATE=getMsg HTTP/1.1" 200 27
124.77.71.179 - - [10/Apr/2021:09:39:46 +0800] "GET /xingrg/all/function/internal_message.html?_=1618018789892&CODE_STATE=getMsg HTTP/1.1" 200 27
61.165.42.208 - - [10/Apr/2021:09:39:51 +0800] "GET /xingrg/check_reg.html?_=1618018778562 HTTP/1.1" 200 22
61.165.42.208 - - [10/Apr/2021:09:39:51 +0800] "GET /xingrg/all/function/internal_message.html?_=1618018778565&CODE_STATE=getMsg HTTP/1.1" 200 27
116.233.74.165 - - [10/Apr/2021:09:39:58 +0800] "GET /xingrg/kc/buy/cgsh_order_operate.html?command=get_materiel&rest_code=00109&code=00101008300&supplier_code=00100005&order_time=2021-04-10 HTTP/1.1" 200 412
116.230.114.112 - - [10/Apr/2021:09:40:03 +0800] "GET /xingrg/all/function/internal_message.html?_=1618018827834&CODE_STATE=getMsg HTTP/1.1" 200 27
124.77.71.179 - - [10/Apr/2021:09:40:05 +0800] "GET /xingrg/all/function/internal_message.html?_=1618018806743&CODE_STATE=getMsg HTTP/1.1" 200 27
116.233.74.165 - - [10/Apr/2021:09:40:10 +0800] "GET /xingrg/kc/buy/cgsh_order_operate.html?command=get_materiel&rest_code=00109&code=00101008137&supplier_code=00100005&order_time=2021-04-10 HTTP/1.1" 200 408
116.224.253.72 - - [10/Apr/2021:09:40:17 +0800] "GET /xingrg/login.html HTTP/1.1" 200 7641
116.224.253.72 - - [10/Apr/2021:09:40:17 +0800] "GET /favicon.ico HTTP/1.1" 404 -
116.224.253.72 - - [10/Apr/2021:09:40:18 +0800] "POST /xingrg/login.do HTTP/1.1" 302 -
116.224.253.72 - - [10/Apr/2021:09:40:18 +0800] "GET /xingrg/index.html?sysBaseUrl=http%3A%2F%2F180.169.147.146%3A18081%2Fxingrg%2F&costTime=46×tamp=1618018818601 HTTP/1.1" 200 17179
116.224.253.72 - - [10/Apr/2021:09:40:18 +0800] "GET /xingrg/javascript/jquery_easy_ui/themes/default/easyui.css HTTP/1.1" 304 -
116.224.253.72 - - [10/Apr/2021:09:40:18 +0800] "GET /xingrg/css/form.css HTTP/1.1" 304 -
116.224.253.72 - - [10/Apr/2021:09:40:18 +0800] "GET /xingrg/javascript/jquery-1.4.2.min.js HTTP/1.1" 304 -
116.224.253.72 - - [10/Apr/2021:09:40:18 +0800] "GET /xingrg/javascript/jquery_easy_ui/jquery.easyui.min.js HTTP/1.1" 304 -
116.224.253.72 - - [10/Apr/2021:09:40:18 +0800] "GET /xingrg/javascript/jquery_easy_ui/easyui-lang-zh_CN.js HTTP/1.1" 304 -
116.224.253.72 - - [10/Apr/2021:09:40:18 +0800] "GET /xingrg/javascript/jquery.utils.js HTTP/1.1" 304 -
116.224.253.72 - - [10/Apr/2021:09:40:18 +0800] "GET /xingrg/javascript/jquery_easy_ui/themes/icon.css HTTP/1.1" 304 -
116.224.253.72 - - [10/Apr/2021:09:40:18 +0800] "GET /xingrg/javascript/jquery.form.js HTTP/1.1" 304 -
116.224.253.72 - - [10/Apr/2021:09:40:18 +0800] "GET /xingrg/javascript/jquery.timers.js HTTP/1.1" 304 -
116.224.253.72 - - [10/Apr/2021:09:40:18 +0800] "POST /xingrg/all/common/load_tree.html?tree=area_rest_tree_json&manage=1 HTTP/1.1" 200 476
116.224.253.72 - - [10/Apr/2021:09:40:18 +0800] "GET /xingrg/all/function/internal_message.html?_=1618018816446&CODE_STATE=count HTTP/1.1" 200 11
116.224.253.72 - - [10/Apr/2021:09:40:18 +0800] "GET /xingrg/check_reg.html?_=1618018816448 HTTP/1.1" 200 22
116.224.253.72 - - [10/Apr/2021:09:40:18 +0800] "POST /xingrg/load_menu.html HTTP/1.1" 200 5138
116.224.253.72 - - [10/Apr/2021:09:40:19 +0800] "GET /favicon.ico HTTP/1.1" 404 -
61.165.42.208 - - [10/Apr/2021:09:40:20 +0800] "GET /xingrg/all/function/internal_message.html?_=1618018824256&CODE_STATE=getMsg HTTP/1.1" 200 27
222.69.131.206 - - [10/Apr/2021:09:40:21 +0800] "GET /xingrg/all/function/internal_message.html?_=1618018823652&CODE_STATE=getMsg HTTP/1.1" 200 27
116.224.253.72 - - [10/Apr/2021:09:40:21 +0800] "GET /xingrg/css/base.css HTTP/1.1" 304 -
116.224.253.72 - - [10/Apr/2021:09:40:21 +0800] "GET /xingrg/javascript/jquery_tools/datebox.css HTTP/1.1" 304 -
116.224.253.72 - - [10/Apr/2021:09:40:21 +0800] "GET /xingrg/css/site.css HTTP/1.1" 304 -
116.224.253.72 - - [10/Apr/2021:09:40:21 +0800] "GET /xingrg/javascript/easyui/themes/default/easyui.css HTTP/1.1" 304 -
116.224.253.72 - - [10/Apr/2021:09:40:21 +0800] "GET /xingrg/javascript/easyui/themes/icon.css HTTP/1.1" 304 -
116.224.253.72 - - [10/Apr/2021:09:40:21 +0800] "GET /xingrg/javascript/jquery_tools/fix.css HTTP/1.1" 304 -
116.224.253.72 - - [10/Apr/2021:09:40:21 +0800] "GET /xingrg/javascript/jquery_tools/table.css HTTP/1.1" 304 -
116.224.253.72 - - [10/Apr/2021:09:40:21 +0800] "GET /xingrg/javascript/jquery_tools/jquery.tools.min.js HTTP/1.1" 304 -
116.224.253.72 - - [10/Apr/2021:09:40:21 +0800] "GET /xingrg/javascript/auto/jquery.autocomplete.css HTTP/1.1" 304 -
116.224.253.72 - - [10/Apr/2021:09:40:21 +0800] "GET /xingrg/javascript/jquery_tools/jquery.tools.hotkey.js HTTP/1.1" 304 -
116.224.253.72 - - [10/Apr/2021:09:40:21 +0800] "GET /xingrg/javascript/auto/jquery.autocomplete.js HTTP/1.1" 304 -
