116.224.253.72 - - [10/Apr/2021:10:13:47 +0800] "GET /xingrg/all/function/internal_message.html?_=1618020824838&CODE_STATE=getMsg HTTP/1.1" 200 27
120.253.135.82 - - [10/Apr/2021:10:13:51 +0800] "GET /xingrg/kc/report/report_main.html HTTP/1.1" 200 9370
120.253.135.82 - - [10/Apr/2021:10:13:51 +0800] "GET /xingrg/check_reg.html?_=1618020611247 HTTP/1.1" 200 22
61.165.42.208 - - [10/Apr/2021:10:13:51 +0800] "GET /xingrg/all/function/internal_message.html?_=1618020818612&CODE_STATE=getMsg HTTP/1.1" 200 27
120.253.135.82 - - [10/Apr/2021:10:13:52 +0800] "GET /xingrg/kc/base/kc_stocks.html HTTP/1.1" 200 16380
120.253.135.82 - - [10/Apr/2021:10:13:52 +0800] "GET /xingrg/javascript/easyui/themes/default/tree.css HTTP/1.1" 404 1090
120.253.135.82 - - [10/Apr/2021:10:13:52 +0800] "POST /xingrg/all/common/load_tree.html?tree=materiel_sort_tree_json HTTP/1.1" 200 8666
120.253.135.82 - - [10/Apr/2021:10:13:54 +0800] "GET /favicon.ico HTTP/1.1" 404 -
120.253.135.82 - - [10/Apr/2021:10:13:54 +0800] "POST /xingrg/all/common/load_combo.html?type=base HTTP/1.1" 200 1075
114.88.156.246 - - [10/Apr/2021:10:13:56 +0800] "GET /xingrg/check_reg.html?_=1618020857850 HTTP/1.1" 200 22
120.253.135.82 - - [10/Apr/2021:10:13:59 +0800] "GET /xingrg/javascript/easyui/themes/sunny/images/ui-bg_gloss-wave_60_fece2f_500x100.png HTTP/1.1" 304 -
124.77.71.179 - - [10/Apr/2021:10:14:01 +0800] "GET /xingrg/kc/buy/cgsh_order_operate.html?command=get_materiel&rest_code=00107&code=00101004013&supplier_code=00100312&order_time=2021-04-10 HTTP/1.1" 200 415
120.253.135.82 - - [10/Apr/2021:10:14:05 +0800] "POST /xingrg/kc/base/stock_operate.html HTTP/1.1" 200 2534
124.77.71.179 - - [10/Apr/2021:10:14:06 +0800] "GET /xingrg/all/function/internal_message.html?_=1618020847853&CODE_STATE=getMsg HTTP/1.1" 200 27
116.230.114.112 - - [10/Apr/2021:10:14:06 +0800] "GET /xingrg/all/function/internal_message.html?_=1618020871390&CODE_STATE=getMsg HTTP/1.1" 200 27
124.77.71.179 - - [10/Apr/2021:10:14:09 +0800] "POST /xingrg/kc/buy/cgsh_order_operate.html HTTP/1.1" 200 37
124.77.71.179 - - [10/Apr/2021:10:14:11 +0800] "POST /xingrg/kc/buy/cgsh_order_operate.html HTTP/1.1" 200 6218
124.77.71.179 - - [10/Apr/2021:10:14:12 +0800] "GET /xingrg/kc/print/load_data.html?order_code=212021041003495&kc_code=cgsh&condition= HTTP/1.1" 200 2033
120.253.135.82 - - [10/Apr/2021:10:14:13 +0800] "GET /xingrg/kc/buy/cgsh_order_list.html HTTP/1.1" 200 46410
120.253.135.82 - - [10/Apr/2021:10:14:13 +0800] "GET /xingrg/javascript/easyui/themes/default/easyui.css HTTP/1.1" 304 -
120.253.135.82 - - [10/Apr/2021:10:14:13 +0800] "GET /xingrg/javascript/jquery_tools/jquery.tools.table.js HTTP/1.1" 304 -
120.253.135.82 - - [10/Apr/2021:10:14:13 +0800] "GET /xingrg/javascript/jquery_tools/table.css HTTP/1.1" 304 -
120.253.135.82 - - [10/Apr/2021:10:14:13 +0800] "GET /xingrg/javascript/easyui/themes/icons/edit_add_new.png HTTP/1.1" 304 -
120.253.135.82 - - [10/Apr/2021:10:14:13 +0800] "GET /xingrg/javascript/easyui/themes/icons/cance_new.png HTTP/1.1" 304 -
120.253.135.82 - - [10/Apr/2021:10:14:13 +0800] "GET /xingrg/javascript/easyui/themes/icons/check_new.png HTTP/1.1" 304 -
120.253.135.82 - - [10/Apr/2021:10:14:13 +0800] "POST /xingrg/kc/buy/cgsh_list_operate.html HTTP/1.1" 200 876
120.253.135.82 - - [10/Apr/2021:10:14:14 +0800] "GET /xingrg/javascript/easyui/themes/default/images/button_plain_hover.png HTTP/1.1" 304 -
120.253.135.82 - - [10/Apr/2021:10:14:15 +0800] "GET /xingrg/javascript/jquery_tools/order_manager.js HTTP/1.1" 304 -
120.253.135.82 - - [10/Apr/2021:10:14:15 +0800] "GET /xingrg/javascript/print/kc_print.js HTTP/1.1" 304 -
120.253.135.82 - - [10/Apr/2021:10:14:15 +0800] "GET /xingrg/kc/buy/cgsh_order_add.html HTTP/1.1" 200 61208
120.253.135.82 - - [10/Apr/2021:10:14:15 +0800] "GET /xingrg/words/20210409185201_words.js HTTP/1.1" 304 -
120.253.135.82 - - [10/Apr/2021:10:14:16 +0800] "GET /xingrg/javascript/easyui/themes/icons/ok.png HTTP/1.1" 304 -
120.253.135.82 - - [10/Apr/2021:10:14:16 +0800] "GET /xingrg/javascript/easyui/themes/icons/print.png HTTP/1.1" 304 -
120.253.135.82 - - [10/Apr/2021:10:14:16 +0800] "GET /xingrg/javascript/easyui/themes/icons/template_new.png HTTP/1.1" 304 -
120.253.135.82 - - [10/Apr/2021:10:14:16 +0800] "GET /xingrg/javascript/easyui/themes/default/images/menu_downarrow.png HTTP/1.1" 304 -
120.253.135.82 - - [10/Apr/2021:10:14:16 +0800] "GET /xingrg/javascript/easyui/themes/icons/cancel.png HTTP/1.1" 304 -
120.253.135.82 - - [10/Apr/2021:10:14:16 +0800] "POST /xingrg/kc/buy/cgsh_order_operate.html HTTP/1.1" 200 8245
120.253.135.82 - - [10/Apr/2021:10:14:16 +0800] "GET /xingrg/javascript/easyui/themes/icons/edit_remove.png HTTP/1.1" 304 -
120.253.135.82 - - [10/Apr/2021:10:14:16 +0800] "GET /xingrg/all/common/auto_word.html?type=employee&rest_code=00101 HTTP/1.1" 200 1169
120.253.135.82 - - [10/Apr/2021:10:14:16 +0800] "GET /xingrg/all/common/auto_word.html?type=employee&rest_code=00101 HTTP/1.1" 200 1169
120.253.135.82 - - [10/Apr/2021:10:14:16 +0800] "GET /xingrg/javascript/easyui/themes/icons/copy_new.png HTTP/1.1" 304 -
120.253.135.82 - - [10/Apr/2021:10:14:16 +0800] "GET /xingrg/javascript/easyui/plugins/jquery.validatebox.js HTTP/1.1" 304 -
120.253.135.82 - - [10/Apr/2021:10:14:16 +0800] "GET /xingrg/javascript/easyui/themes/default/validatebox.css HTTP/1.1" 404 1104
120.253.135.82 - - [10/Apr/2021:10:14:16 +0800] "GET /xingrg/javascript/easyui/plugins/jquery.numberbox.js HTTP/1.1" 304 -
120.253.135.82 - - [10/Apr/2021:10:14:17 +0800] "GET /xingrg/javascript/auto/indicator.gif HTTP/1.1" 404 1066
124.77.71.179 - - [10/Apr/2021:10:14:18 +0800] "GET /xingrg/kc/buy/cgsh_order_add.html HTTP/1.1" 200 62236
124.77.71.179 - - [10/Apr/2021:10:14:19 +0800] "GET /xingrg/javascript/easyui/themes/default/validatebox.css HTTP/1.1" 404 1104
124.77.71.179 - - [10/Apr/2021:10:14:19 +0800] "POST /xingrg/kc/buy/cgsh_order_operate.html HTTP/1.1" 200 8245
61.165.42.208 - - [10/Apr/2021:10:14:20 +0800] "GET /xingrg/all/function/internal_message.html?_=1618020864305&CODE_STATE=getMsg HTTP/1.1" 200 27
222.69.131.206 - - [10/Apr/2021:10:14:20 +0800] "GET /xingrg/all/function/internal_message.html?_=1618020863150&CODE_STATE=getMsg HTTP/1.1" 200 27
124.77.71.179 - - [10/Apr/2021:10:14:21 +0800] "GET /xingrg/javascript/easyui/themes/default/tree.css HTTP/1.1" 404 1090
124.77.71.179 - - [10/Apr/2021:10:14:21 +0800] "POST /xingrg/all/common/load_tree.html?tree=supplier_tree_json&isDelete=1 HTTP/1.1" 200 54827
58.40.7.146 - - [10/Apr/2021:10:14:23 +0800] "GET /xingrg/all/function/internal_message.html?_=1618020865876&CODE_STATE=getMsg HTTP/1.1" 302 -
120.253.135.82 - - [10/Apr/2021:10:14:26 +0800] "POST /xingrg/all/common/load_combo.html?type=employee HTTP/1.1" 200 2098
180.169.147.146 - - [10/Apr/2021:10:14:27 +0800] "GET /xingrg/all/function/internal_message.html?_=1618020872151&CODE_STATE=getMsg HTTP/1.1" 200 27
116.224.253.72 - - [10/Apr/2021:10:14:29 +0800] "GET /xingrg/all/function/internal_message.html?_=1618020874135&CODE_STATE=getMsg HTTP/1.1" 200 27
116.238.141.202 - - [10/Apr/2021:10:14:31 +0800] "GET /xingrg/check_reg.html?_=1618021148680 HTTP/1.1" 200 22
222.70.217.33 - - [10/Apr/2021:10:14:32 +0800] "GET /xingrg/all/function/internal_message.html?_=1618020872890&CODE_STATE=getMsg HTTP/1.1" 200 27
180.169.147.146 - - [10/Apr/2021:10:14:32 +0800] "GET /xingrg/all/function/internal_message.html?_=1618020881931&CODE_STATE=getMsg HTTP/1.1" 302 -
116.233.74.165 - - [10/Apr/2021:10:14:33 +0800] "GET /xingrg/all/function/internal_message.html?_=1618020877686&CODE_STATE=getMsg HTTP/1.1" 200 27
116.238.141.202 - - [10/Apr/2021:10:14:34 +0800] "GET /xingrg/all/function/internal_message.html?_=1618021151502&CODE_STATE=getMsg HTTP/1.1" 200 27
116.230.114.112 - - [10/Apr/2021:10:14:37 +0800] "GET /xingrg/all/function/internal_message.html?_=1618020883166&CODE_STATE=getMsg HTTP/1.1" 302 -
120.253.135.82 - - [10/Apr/2021:10:14:37 +0800] "GET /xingrg/kc/buy/cgsh_order_operate.html?command=get_materiel&rest_code=00101&code=00101016097&supplier_code=00100223&order_time=2021-04-10 HTTP/1.1" 200 468
120.253.135.82 - - [10/Apr/2021:10:14:38 +0800] "POST /xingrg/all/common/load_select.html HTTP/1.1" 200 25
114.88.156.246 - - [10/Apr/2021:10:14:41 +0800] "GET /xingrg/all/function/internal_message.html?_=1618020903635&CODE_STATE=getMsg HTTP/1.1" 200 27
120.253.135.82 - - [10/Apr/2021:10:14:41 +0800] "GET /xingrg/kc/buy/cgsh_order_operate.html?command=get_materiel_price&rest_code=00101&code=00101016097&unit_code=00100163&supplier_code=00100223&order_time=2021-04-10 HTTP/1.1" 200 30
124.77.71.179 - - [10/Apr/2021:10:14:46 +0800] "GET /xingrg/all/function/internal_message.html?_=1618020889900&CODE_STATE=getMsg HTTP/1.1" 200 27
116.224.253.72 - - [10/Apr/2021:10:14:47 +0800] "GET /xingrg/all/function/internal_message.html?_=1618020884859&CODE_STATE=getMsg HTTP/1.1" 200 27
124.77.71.179 - - [10/Apr/2021:10:14:48 +0800] "GET /xingrg/kc/buy/cgsh_order_operate.html?command=get_materiel&rest_code=00107&code=00101007032&supplier_code=00100328&order_time=2021-04-10 HTTP/1.1" 200 413
61.165.42.208 - - [10/Apr/2021:10:14:51 +0800] "GET /xingrg/check_reg.html?_=1618020878612 HTTP/1.1" 200 22
61.165.42.208 - - [10/Apr/2021:10:14:51 +0800] "GET /xingrg/all/function/internal_message.html?_=1618020878615&CODE_STATE=getMsg HTTP/1.1" 200 27
124.77.71.179 - - [10/Apr/2021:10:14:59 +0800] "POST /xingrg/kc/buy/cgsh_order_operate.html HTTP/1.1" 200 37
124.77.71.179 - - [10/Apr/2021:10:15:00 +0800] "POST /xingrg/kc/buy/cgsh_order_operate.html HTTP/1.1" 200 2658
61.151.207.205 - - [10/Apr/2021:10:15:01 +0800] "GET /xingrg/check_reg.html?_=1618020857850 HTTP/1.1" 302 -
124.77.71.179 - - [10/Apr/2021:10:15:01 +0800] "GET /xingrg/kc/print/load_data.html?order_code=212021041003496&kc_code=cgsh&condition= HTTP/1.1" 200 671
120.253.135.82 - - [10/Apr/2021:10:15:02 +0800] "GET /xingrg/kc/buy/cgsh_order_operate.html?command=get_materiel&rest_code=00101&code=00101016037&supplier_code=00100223&order_time=2021-04-10 HTTP/1.1" 200 451
120.253.135.82 - - [10/Apr/2021:10:15:02 +0800] "POST /xingrg/all/common/load_select.html HTTP/1.1" 200 25
61.151.207.205 - - [10/Apr/2021:10:15:03 +0800] "GET /xingrg/login.html HTTP/1.1" 200 7641
124.77.71.179 - - [10/Apr/2021:10:15:06 +0800] "GET /xingrg/all/function/internal_message.html?_=1618020907835&CODE_STATE=getMsg HTTP/1.1" 200 27
124.77.71.179 - - [10/Apr/2021:10:15:06 +0800] "GET /xingrg/kc/buy/cgsh_order_add.html HTTP/1.1" 200 62236
120.253.135.82 - - [10/Apr/2021:10:15:06 +0800] "GET /xingrg/kc/buy/cgsh_order_operate.html?command=get_materiel_price&rest_code=00101&code=00101016037&unit_code=00100098&supplier_code=00100223&order_time=2021-04-10 HTTP/1.1" 200 30
116.230.114.112 - - [10/Apr/2021:10:15:06 +0800] "GET /xingrg/all/function/internal_message.html?_=1618020931399&CODE_STATE=getMsg HTTP/1.1" 200 27
124.77.71.179 - - [10/Apr/2021:10:15:07 +0800] "GET /xingrg/javascript/easyui/themes/default/validatebox.css HTTP/1.1" 404 1104
124.77.71.179 - - [10/Apr/2021:10:15:07 +0800] "POST /xingrg/kc/buy/cgsh_order_operate.html HTTP/1.1" 200 8245
124.77.71.179 - - [10/Apr/2021:10:15:09 +0800] "GET /xingrg/javascript/easyui/themes/default/tree.css HTTP/1.1" 404 1090
124.77.71.179 - - [10/Apr/2021:10:15:09 +0800] "POST /xingrg/all/common/load_tree.html?tree=supplier_tree_json&isDelete=1 HTTP/1.1" 200 54827
120.253.135.82 - - [10/Apr/2021:10:15:19 +0800] "POST /xingrg/kc/buy/cgsh_order_operate.html HTTP/1.1" 200 37
61.165.42.208 - - [10/Apr/2021:10:15:20 +0800] "GET /xingrg/all/function/internal_message.html?_=1618020924296&CODE_STATE=getMsg HTTP/1.1" 200 27
222.69.131.206 - - [10/Apr/2021:10:15:20 +0800] "GET /xingrg/all/function/internal_message.html?_=1618020923125&CODE_STATE=getMsg HTTP/1.1" 200 27
120.253.135.82 - - [10/Apr/2021:10:15:22 +0800] "POST /xingrg/kc/buy/cgsh_order_operate.html HTTP/1.1" 200 3307
58.40.7.146 - - [10/Apr/2021:10:15:23 +0800] "GET /xingrg/all/function/internal_message.html?_=1618020925862&CODE_STATE=getMsg HTTP/1.1" 302 -
124.77.71.179 - - [10/Apr/2021:10:15:24 +0800] "GET /xingrg/kc/buy/cgsh_order_operate.html?command=get_materiel&rest_code=00107&code=00101002034&supplier_code=00100091&order_time=2021-04-10 HTTP/1.1" 200 409
120.253.135.82 - - [10/Apr/2021:10:15:25 +0800] "GET /xingrg/kc/print/load_config.html?kc_code=cgsh HTTP/1.1" 200 1845
120.253.135.82 - - [10/Apr/2021:10:15:25 +0800] "GET /xingrg/kc/print/load_data.html?order_code=212021041003497&kc_code=cgsh&condition= HTTP/1.1" 200 965
116.224.253.72 - - [10/Apr/2021:10:15:26 +0800] "POST /xingrg/services/DataTransmitService HTTP/1.1" 200 524
180.169.147.146 - - [10/Apr/2021:10:15:27 +0800] "GET /xingrg/all/function/internal_message.html?_=1618020932151&CODE_STATE=getMsg HTTP/1.1" 200 27
116.224.253.72 - - [10/Apr/2021:10:15:29 +0800] "GET /xingrg/all/function/internal_message.html?_=1618020934160&CODE_STATE=getMsg HTTP/1.1" 200 27
222.70.217.33 - - [10/Apr/2021:10:15:32 +0800] "GET /xingrg/all/function/internal_message.html?_=1618020932900&CODE_STATE=getMsg HTTP/1.1" 200 27
222.70.217.33 - - [10/Apr/2021:10:15:32 +0800] "GET /xingrg/check_reg.html?_=1618020932904 HTTP/1.1" 200 22
180.169.147.146 - - [10/Apr/2021:10:15:32 +0800] "GET /xingrg/all/function/internal_message.html?_=1618020941932&CODE_STATE=getMsg HTTP/1.1" 302 -
180.169.147.146 - - [10/Apr/2021:10:15:32 +0800] "GET /xingrg/check_reg.html?_=1618020942074 HTTP/1.1" 302 -
116.233.74.165 - - [10/Apr/2021:10:15:33 +0800] "GET /xingrg/all/function/internal_message.html?_=1618020937688&CODE_STATE=getMsg HTTP/1.1" 200 27
114.88.156.246 - - [10/Apr/2021:10:15:33 +0800] "POST /xingrg/services/DataTransmitService HTTP/1.1" 200 524
114.88.156.246 - - [10/Apr/2021:10:15:34 +0800] "POST /xingrg/services/DataTransmitService HTTP/1.1" 200 2243
124.77.71.179 - - [10/Apr/2021:10:15:34 +0800] "POST /xingrg/kc/buy/cgsh_order_operate.html HTTP/1.1" 200 37
114.88.156.246 - - [10/Apr/2021:10:15:34 +0800] "POST /xingrg/services/DataTransmitService HTTP/1.1" 200 169104
116.238.141.202 - - [10/Apr/2021:10:15:34 +0800] "GET /xingrg/all/function/internal_message.html?_=1618021211516&CODE_STATE=getMsg HTTP/1.1" 200 27
222.69.131.206 - - [10/Apr/2021:10:15:35 +0800] "GET /xingrg/kc/buy/cgsh_order_add.html HTTP/1.1" 200 62201
124.77.71.179 - - [10/Apr/2021:10:15:35 +0800] "POST /xingrg/kc/buy/cgsh_order_operate.html HTTP/1.1" 200 2656
222.69.131.206 - - [10/Apr/2021:10:15:35 +0800] "GET /xingrg/words/20210409185201_words.js HTTP/1.1" 304 -
222.69.131.206 - - [10/Apr/2021:10:15:35 +0800] "POST /xingrg/kc/buy/cgsh_order_operate.html HTTP/1.1" 200 8245
222.69.131.206 - - [10/Apr/2021:10:15:35 +0800] "GET /xingrg/javascript/easyui/themes/default/validatebox.css HTTP/1.1" 404 1104
124.77.71.179 - - [10/Apr/2021:10:15:36 +0800] "GET /xingrg/kc/print/load_data.html?order_code=212021041003498&kc_code=cgsh&condition= HTTP/1.1" 200 738
116.230.114.112 - - [10/Apr/2021:10:15:37 +0800] "GET /xingrg/all/function/internal_message.html?_=1618020943193&CODE_STATE=getMsg HTTP/1.1" 302 -
124.77.71.179 - - [10/Apr/2021:10:15:41 +0800] "GET /xingrg/kc/buy/cgsh_order_add.html HTTP/1.1" 200 62236
101.89.239.245 - - [10/Apr/2021:10:15:41 +0800] "GET /xingrg/all/function/internal_message.html?_=1618020903635&CODE_STATE=getMsg HTTP/1.1" 302 -
114.88.156.246 - - [10/Apr/2021:10:15:41 +0800] "GET /xingrg/all/function/internal_message.html?_=1618020963638&CODE_STATE=getMsg HTTP/1.1" 200 27
124.77.71.179 - - [10/Apr/2021:10:15:41 +0800] "GET /xingrg/javascript/easyui/themes/default/validatebox.css HTTP/1.1" 404 1104
124.77.71.179 - - [10/Apr/2021:10:15:41 +0800] "POST /xingrg/kc/buy/cgsh_order_operate.html HTTP/1.1" 200 8245
101.89.239.245 - - [10/Apr/2021:10:15:42 +0800] "GET /xingrg/login.html HTTP/1.1" 200 7641
124.77.71.179 - - [10/Apr/2021:10:15:42 +0800] "GET /xingrg/javascript/easyui/themes/default/tree.css HTTP/1.1" 404 1090
124.77.71.179 - - [10/Apr/2021:10:15:43 +0800] "POST /xingrg/all/common/load_tree.html?tree=supplier_tree_json&isDelete=1 HTTP/1.1" 200 54827
124.77.71.179 - - [10/Apr/2021:10:15:46 +0800] "GET /xingrg/all/function/internal_message.html?_=1618020949904&CODE_STATE=getMsg HTTP/1.1" 200 27
116.224.253.72 - - [10/Apr/2021:10:15:47 +0800] "GET /xingrg/all/function/internal_message.html?_=1618020944864&CODE_STATE=getMsg HTTP/1.1" 200 27
61.165.42.208 - - [10/Apr/2021:10:15:51 +0800] "GET /xingrg/all/function/internal_message.html?_=1618020938601&CODE_STATE=getMsg HTTP/1.1" 200 27
222.69.131.206 - - [10/Apr/2021:10:15:51 +0800] "GET /xingrg/kc/buy/cgsh_order_operate.html?command=get_materiel&rest_code=00149&code=00101006130&supplier_code=00100012&order_time=2021-04-10 HTTP/1.1" 200 446
124.77.71.179 - - [10/Apr/2021:10:16:04 +0800] "GET /xingrg/kc/buy/cgsh_order_operate.html?command=get_materiel&rest_code=00107&code=00101001127&supplier_code=00100442&order_time=2021-04-10 HTTP/1.1" 200 431
124.77.71.179 - - [10/Apr/2021:10:16:06 +0800] "GET /xingrg/all/function/internal_message.html?_=1618020967846&CODE_STATE=getMsg HTTP/1.1" 200 27
116.230.114.112 - - [10/Apr/2021:10:16:07 +0800] "GET /xingrg/all/function/internal_message.html?_=1618020991632&CODE_STATE=getMsg HTTP/1.1" 200 27
222.69.131.206 - - [10/Apr/2021:10:16:11 +0800] "GET /xingrg/kc/buy/cgsh_order_operate.html?command=get_materiel&rest_code=00149&code=00101006025&supplier_code=00100012&order_time=2021-04-10 HTTP/1.1" 200 417
124.77.71.179 - - [10/Apr/2021:10:16:15 +0800] "POST /xingrg/kc/buy/cgsh_order_operate.html HTTP/1.1" 200 37
124.77.71.179 - - [10/Apr/2021:10:16:16 +0800] "POST /xingrg/kc/buy/cgsh_order_operate.html HTTP/1.1" 200 2676
124.77.71.179 - - [10/Apr/2021:10:16:17 +0800] "GET /xingrg/kc/print/load_data.html?order_code=212021041003499&kc_code=cgsh&condition= HTTP/1.1" 200 684
61.165.42.208 - - [10/Apr/2021:10:16:20 +0800] "GET /xingrg/all/function/internal_message.html?_=1618020984299&CODE_STATE=getMsg HTTP/1.1" 200 27
222.69.131.206 - - [10/Apr/2021:10:16:20 +0800] "GET /xingrg/all/function/internal_message.html?_=1618020983110&CODE_STATE=getMsg HTTP/1.1" 200 27
124.77.71.179 - - [10/Apr/2021:10:16:21 +0800] "GET /xingrg/kc/buy/cgsh_order_add.html HTTP/1.1" 200 62236
124.77.71.179 - - [10/Apr/2021:10:16:22 +0800] "GET /xingrg/javascript/easyui/themes/default/validatebox.css HTTP/1.1" 404 1104
124.77.71.179 - - [10/Apr/2021:10:16:22 +0800] "POST /xingrg/kc/buy/cgsh_order_operate.html HTTP/1.1" 200 8245
124.77.71.179 - - [10/Apr/2021:10:16:23 +0800] "GET /xingrg/javascript/easyui/themes/default/tree.css HTTP/1.1" 404 1090
124.77.71.179 - - [10/Apr/2021:10:16:23 +0800] "POST /xingrg/all/common/load_tree.html?tree=supplier_tree_json&isDelete=1 HTTP/1.1" 200 54827
58.40.7.146 - - [10/Apr/2021:10:16:23 +0800] "GET /xingrg/all/function/internal_message.html?_=1618020985867&CODE_STATE=getMsg HTTP/1.1" 302 -
116.230.114.112 - - [10/Apr/2021:10:16:26 +0800] "GET /xingrg/check_reg.html?_=1618021010818 HTTP/1.1" 200 22
222.69.131.206 - - [10/Apr/2021:10:16:26 +0800] "GET /xingrg/kc/buy/cgsh_order_operate.html?command=get_materiel&rest_code=00149&code=00101006109&supplier_code=00100012&order_time=2021-04-10 HTTP/1.1" 200 429
180.169.147.146 - - [10/Apr/2021:10:16:27 +0800] "GET /xingrg/all/function/internal_message.html?_=1618020992154&CODE_STATE=getMsg HTTP/1.1" 200 27
116.224.253.72 - - [10/Apr/2021:10:16:29 +0800] "GET /xingrg/all/function/internal_message.html?_=1618020994159&CODE_STATE=getMsg HTTP/1.1" 200 27
222.70.217.33 - - [10/Apr/2021:10:16:32 +0800] "GET /xingrg/all/function/internal_message.html?_=1618020995017&CODE_STATE=getMsg HTTP/1.1" 200 27
180.169.147.146 - - [10/Apr/2021:10:16:32 +0800] "GET /xingrg/all/function/internal_message.html?_=1618021001935&CODE_STATE=getMsg HTTP/1.1" 302 -
116.233.74.165 - - [10/Apr/2021:10:16:33 +0800] "GET /xingrg/all/function/internal_message.html?_=1618020997693&CODE_STATE=getMsg HTTP/1.1" 200 27
116.238.141.202 - - [10/Apr/2021:10:16:34 +0800] "GET /xingrg/all/function/internal_message.html?_=1618021271530&CODE_STATE=getMsg HTTP/1.1" 200 27
222.69.131.206 - - [10/Apr/2021:10:16:35 +0800] "GET /xingrg/kc/buy/cgsh_order_operate.html?command=get_materiel&rest_code=00149&code=00101006056&supplier_code=00100012&order_time=2021-04-10 HTTP/1.1" 200 413
116.230.114.112 - - [10/Apr/2021:10:16:37 +0800] "GET /xingrg/all/function/internal_message.html?_=1618021003193&CODE_STATE=getMsg HTTP/1.1" 302 -
114.88.156.246 - - [10/Apr/2021:10:16:41 +0800] "GET /xingrg/all/function/internal_message.html?_=1618021023636&CODE_STATE=getMsg HTTP/1.1" 200 27
222.69.131.206 - - [10/Apr/2021:10:16:43 +0800] "GET /xingrg/kc/buy/cgsh_order_operate.html?command=get_materiel&rest_code=00149&code=00101006057&supplier_code=00100012&order_time=2021-04-10 HTTP/1.1" 200 413
124.77.71.179 - - [10/Apr/2021:10:16:45 +0800] "GET /xingrg/kc/buy/cgsh_order_operate.html?command=get_materiel&rest_code=00107&code=00101007095&supplier_code=00100323&order_time=2021-04-10 HTTP/1.1" 200 415
116.224.253.72 - - [10/Apr/2021:10:16:45 +0800] "GET /xingrg/check_reg.html?_=1618021003457 HTTP/1.1" 200 22
124.77.71.179 - - [10/Apr/2021:10:16:46 +0800] "GET /xingrg/all/function/internal_message.html?_=1618021009907&CODE_STATE=getMsg HTTP/1.1" 200 27
116.224.253.72 - - [10/Apr/2021:10:16:47 +0800] "GET /xingrg/all/function/internal_message.html?_=1618021004878&CODE_STATE=getMsg HTTP/1.1" 200 27
61.165.42.208 - - [10/Apr/2021:10:16:51 +0800] "GET /xingrg/all/function/internal_message.html?_=1618020998601&CODE_STATE=getMsg HTTP/1.1" 200 27
124.77.71.179 - - [10/Apr/2021:10:16:58 +0800] "GET /xingrg/check_reg.html?_=1618021019920 HTTP/1.1" 200 22
222.69.131.206 - - [10/Apr/2021:10:16:59 +0800] "GET /xingrg/kc/buy/cgsh_order_operate.html?command=get_materiel&rest_code=00149&code=00101006133&supplier_code=00100012&order_time=2021-04-10 HTTP/1.1" 200 413
124.77.71.179 - - [10/Apr/2021:10:17:01 +0800] "GET /xingrg/kc/buy/cgsh_order_operate.html?command=get_materiel&rest_code=00107&code=00101012010&supplier_code=00100323&order_time=2021-04-10 HTTP/1.1" 200 409
124.77.71.179 - - [10/Apr/2021:10:17:06 +0800] "GET /xingrg/all/function/internal_message.html?_=1618021027864&CODE_STATE=getMsg HTTP/1.1" 200 27
116.230.114.112 - - [10/Apr/2021:10:17:07 +0800] "GET /xingrg/all/function/internal_message.html?_=1618021051746&CODE_STATE=getMsg HTTP/1.1" 200 27
222.69.131.206 - - [10/Apr/2021:10:17:13 +0800] "GET /xingrg/check_reg.html?_=1618021036419 HTTP/1.1" 200 22
124.77.71.179 - - [10/Apr/2021:10:17:17 +0800] "GET /xingrg/kc/buy/cgsh_order_operate.html?command=get_materiel&rest_code=00107&code=00101010245&supplier_code=00100323&order_time=2021-04-10 HTTP/1.1" 200 417
116.230.114.112 - - [10/Apr/2021:10:17:19 +0800] "GET /xingrg/check_reg.html?_=1618021045794 HTTP/1.1" 302 -
61.165.42.208 - - [10/Apr/2021:10:17:20 +0800] "GET /xingrg/all/function/internal_message.html?_=1618021044307&CODE_STATE=getMsg HTTP/1.1" 200 27
61.165.42.208 - - [10/Apr/2021:10:17:20 +0800] "GET /xingrg/check_reg.html?_=1618021044310 HTTP/1.1" 200 22
222.69.131.206 - - [10/Apr/2021:10:17:20 +0800] "GET /xingrg/all/function/internal_message.html?_=1618021043091&CODE_STATE=getMsg HTTP/1.1" 200 27
58.40.7.146 - - [10/Apr/2021:10:17:23 +0800] "GET /xingrg/all/function/internal_message.html?_=1618021045869&CODE_STATE=getMsg HTTP/1.1" 302 -
180.169.147.146 - - [10/Apr/2021:10:17:27 +0800] "GET /xingrg/all/function/internal_message.html?_=1618021052154&CODE_STATE=getMsg HTTP/1.1" 200 27
116.224.253.72 - - [10/Apr/2021:10:17:29 +0800] "GET /xingrg/all/function/internal_message.html?_=1618021054159&CODE_STATE=getMsg HTTP/1.1" 200 27
116.224.253.72 - - [10/Apr/2021:10:17:29 +0800] "GET /xingrg/check_reg.html?_=1618021054162 HTTP/1.1" 200 22
222.70.217.33 - - [10/Apr/2021:10:17:32 +0800] "GET /xingrg/all/function/internal_message.html?_=1618021055003&CODE_STATE=getMsg HTTP/1.1" 200 27
180.169.147.146 - - [10/Apr/2021:10:17:32 +0800] "GET /xingrg/all/function/internal_message.html?_=1618021061935&CODE_STATE=getMsg HTTP/1.1" 302 -
116.233.74.165 - - [10/Apr/2021:10:17:33 +0800] "GET /xingrg/all/function/internal_message.html?_=1618021057693&CODE_STATE=getMsg HTTP/1.1" 200 27
116.233.74.165 - - [10/Apr/2021:10:17:33 +0800] "GET /xingrg/check_reg.html?_=1618021057696 HTTP/1.1" 200 22
116.238.141.202 - - [10/Apr/2021:10:17:34 +0800] "GET /xingrg/all/function/internal_message.html?_=1618021331677&CODE_STATE=getMsg HTTP/1.1" 200 27
116.230.114.112 - - [10/Apr/2021:10:17:37 +0800] "GET /xingrg/all/function/internal_message.html?_=1618021063218&CODE_STATE=getMsg HTTP/1.1" 302 -
222.69.131.206 - - [10/Apr/2021:10:17:38 +0800] "POST /xingrg/kc/buy/cgsh_order_operate.html HTTP/1.1" 200 37
222.69.131.206 - - [10/Apr/2021:10:17:41 +0800] "POST /xingrg/kc/buy/cgsh_order_operate.html HTTP/1.1" 200 12
114.88.156.246 - - [10/Apr/2021:10:17:41 +0800] "GET /xingrg/all/function/internal_message.html?_=1618021083641&CODE_STATE=getMsg HTTP/1.1" 200 27
222.69.131.206 - - [10/Apr/2021:10:17:42 +0800] "GET /xingrg/kc/buy/cgsh_order_info.html?code=212021041003500 HTTP/1.1" 200 57103
222.69.131.206 - - [10/Apr/2021:10:17:42 +0800] "GET /xingrg/javascript/easyui/themes/default/validatebox.css HTTP/1.1" 404 1104
222.69.131.206 - - [10/Apr/2021:10:17:43 +0800] "POST /xingrg/kc/buy/cgsh_order_operate.html HTTP/1.1" 200 3589
124.77.71.179 - - [10/Apr/2021:10:17:46 +0800] "GET /xingrg/all/function/internal_message.html?_=1618021069894&CODE_STATE=getMsg HTTP/1.1" 200 27
222.69.131.206 - - [10/Apr/2021:10:17:47 +0800] "GET /xingrg/kc/print/load_data.html?order_code=212021041003500&kc_code=cgsh&condition= HTTP/1.1" 200 1956
116.224.253.72 - - [10/Apr/2021:10:17:47 +0800] "GET /xingrg/all/function/internal_message.html?_=1618021064892&CODE_STATE=getMsg HTTP/1.1" 200 27
124.77.71.179 - - [10/Apr/2021:10:17:48 +0800] "GET /xingrg/kc/buy/cgsh_order_operate.html?command=get_materiel&rest_code=00107&code=00101001109&supplier_code=00100323&order_time=2021-04-10 HTTP/1.1" 200 415
116.230.114.112 - - [10/Apr/2021:10:17:49 +0800] "POST /xingrg/kc/buy/cgsh_order_operate.html HTTP/1.1" 200 37
116.230.114.112 - - [10/Apr/2021:10:17:50 +0800] "POST /xingrg/kc/buy/cgsh_order_operate.html HTTP/1.1" 200 51752
61.165.42.208 - - [10/Apr/2021:10:17:51 +0800] "GET /xingrg/all/function/internal_message.html?_=1618021058601&CODE_STATE=getMsg HTTP/1.1" 200 27
116.230.114.112 - - [10/Apr/2021:10:17:53 +0800] "GET /xingrg/kc/print/load_config.html?kc_code=cgsh HTTP/1.1" 200 1845
116.230.114.112 - - [10/Apr/2021:10:17:54 +0800] "GET /xingrg/kc/print/load_data.html?order_code=212021041003480&kc_code=cgsh&condition= HTTP/1.1" 200 19269
180.169.147.146 - - [10/Apr/2021:10:17:57 +0800] "GET /xingrg/check_reg.html?_=1618021080339 HTTP/1.1" 200 22
222.69.131.206 - - [10/Apr/2021:10:17:58 +0800] "GET /xingrg/kc/buy/cgsh_order_add.html HTTP/1.1" 200 62201
222.69.131.206 - - [10/Apr/2021:10:17:59 +0800] "GET /xingrg/javascript/easyui/themes/default/validatebox.css HTTP/1.1" 404 1104
222.69.131.206 - - [10/Apr/2021:10:17:59 +0800] "POST /xingrg/kc/buy/cgsh_order_operate.html HTTP/1.1" 200 8245
124.77.71.179 - - [10/Apr/2021:10:18:06 +0800] "GET /xingrg/all/function/internal_message.html?_=1618021087853&CODE_STATE=getMsg HTTP/1.1" 200 27
116.230.114.112 - - [10/Apr/2021:10:18:07 +0800] "GET /xingrg/all/function/internal_message.html?_=1618021111751&CODE_STATE=getMsg HTTP/1.1" 200 27
124.77.71.179 - - [10/Apr/2021:10:18:07 +0800] "GET /xingrg/kc/buy/cgsh_order_operate.html?command=get_materiel&rest_code=00107&code=00101001095&supplier_code=00100323&order_time=2021-04-10 HTTP/1.1" 200 413
61.165.42.208 - - [10/Apr/2021:10:18:20 +0800] "GET /xingrg/all/function/internal_message.html?_=1618021104308&CODE_STATE=getMsg HTTP/1.1" 200 27
222.69.131.206 - - [10/Apr/2021:10:18:20 +0800] "GET /xingrg/all/function/internal_message.html?_=1618021103068&CODE_STATE=getMsg HTTP/1.1" 200 27
222.70.217.33 - - [10/Apr/2021:10:18:22 +0800] "GET /favicon.ico HTTP/1.1" 404 -
58.40.7.146 - - [10/Apr/2021:10:18:23 +0800] "GET /xingrg/all/function/internal_message.html?_=1618021105870&CODE_STATE=getMsg HTTP/1.1" 302 -
58.40.7.146 - - [10/Apr/2021:10:18:23 +0800] "GET /xingrg/check_reg.html?_=1618021105872 HTTP/1.1" 302 -
180.169.147.146 - - [10/Apr/2021:10:18:27 +0800] "GET /xingrg/all/function/internal_message.html?_=1618021112160&CODE_STATE=getMsg HTTP/1.1" 200 27
180.169.147.146 - - [10/Apr/2021:10:18:27 +0800] "GET /xingrg/check_reg.html?_=1618021112164 HTTP/1.1" 200 22
222.69.131.206 - - [10/Apr/2021:10:18:28 +0800] "GET /xingrg/kc/buy/cgsh_order_operate.html?command=get_materiel&rest_code=00149&code=00101012003&supplier_code=00100036&order_time=2021-04-10 HTTP/1.1" 200 412
116.224.253.72 - - [10/Apr/2021:10:18:29 +0800] "GET /xingrg/all/function/internal_message.html?_=1618021114161&CODE_STATE=getMsg HTTP/1.1" 200 27
222.70.217.33 - - [10/Apr/2021:10:18:32 +0800] "GET /xingrg/all/function/internal_message.html?_=1618021115007&CODE_STATE=getMsg HTTP/1.1" 200 27
180.169.147.146 - - [10/Apr/2021:10:18:32 +0800] "GET /xingrg/all/function/internal_message.html?_=1618021121936&CODE_STATE=getMsg HTTP/1.1" 302 -
124.77.71.179 - - [10/Apr/2021:10:18:32 +0800] "GET /xingrg/kc/buy/cgsh_order_operate.html?command=get_materiel&rest_code=00107&code=00101010463&supplier_code=00100323&order_time=2021-04-10 HTTP/1.1" 200 400
116.233.74.165 - - [10/Apr/2021:10:18:33 +0800] "GET /xingrg/all/function/internal_message.html?_=1618021117694&CODE_STATE=getMsg HTTP/1.1" 200 27
116.238.141.202 - - [10/Apr/2021:10:18:34 +0800] "GET /xingrg/all/function/internal_message.html?_=1618021391682&CODE_STATE=getMsg HTTP/1.1" 200 27
116.230.114.112 - - [10/Apr/2021:10:18:37 +0800] "GET /xingrg/all/function/internal_message.html?_=1618021123220&CODE_STATE=getMsg HTTP/1.1" 302 -
120.253.135.82 - - [10/Apr/2021:10:18:37 +0800] "POST /xingrg/kc/buy/cgsh_order_operate.html HTTP/1.1" 200 37
222.69.131.206 - - [10/Apr/2021:10:18:39 +0800] "GET /xingrg/kc/buy/cgsh_order_operate.html?command=get_materiel&rest_code=00149&code=00101010092&supplier_code=00100036&order_time=2021-04-10 HTTP/1.1" 200 450
120.253.135.82 - - [10/Apr/2021:10:18:40 +0800] "POST /xingrg/kc/buy/cgsh_order_operate.html HTTP/1.1" 200 12
120.253.135.82 - - [10/Apr/2021:10:18:41 +0800] "GET /xingrg/kc/buy/cgsh_order_info.html?code=212021041003497 HTTP/1.1" 200 56117
114.88.156.246 - - [10/Apr/2021:10:18:41 +0800] "GET /xingrg/all/function/internal_message.html?_=1618021143630&CODE_STATE=getMsg HTTP/1.1" 200 27
120.253.135.82 - - [10/Apr/2021:10:18:42 +0800] "GET /xingrg/javascript/easyui/themes/default/validatebox.css HTTP/1.1" 404 1104
120.253.135.82 - - [10/Apr/2021:10:18:42 +0800] "POST /xingrg/kc/buy/cgsh_order_operate.html HTTP/1.1" 200 1257
124.77.71.179 - - [10/Apr/2021:10:18:46 +0800] "GET /xingrg/all/function/internal_message.html?_=1618021129899&CODE_STATE=getMsg HTTP/1.1" 200 27
124.77.71.179 - - [10/Apr/2021:10:18:46 +0800] "GET /xingrg/check_reg.html?_=1618021129901 HTTP/1.1" 200 22
116.224.253.72 - - [10/Apr/2021:10:18:47 +0800] "GET /xingrg/all/function/internal_message.html?_=1618021124905&CODE_STATE=getMsg HTTP/1.1" 200 27
120.253.135.82 - - [10/Apr/2021:10:18:50 +0800] "POST /xingrg/kc/buy/cgsh_list_operate.html HTTP/1.1" 200 876
120.253.135.82 - - [10/Apr/2021:10:18:51 +0800] "POST /xingrg/kc/buy/cgsh_list_operate.html HTTP/1.1" 200 876
222.69.131.206 - - [10/Apr/2021:10:18:51 +0800] "GET /xingrg/kc/buy/cgsh_order_operate.html?command=get_materiel&rest_code=00149&code=00101010348&supplier_code=00100036&order_time=2021-04-10 HTTP/1.1" 200 417
120.253.135.82 - - [10/Apr/2021:10:18:51 +0800] "GET /xingrg/check_reg.html?_=1618020911245 HTTP/1.1" 200 22
61.165.42.208 - - [10/Apr/2021:10:18:51 +0800] "GET /xingrg/all/function/internal_message.html?_=1618021118628&CODE_STATE=getMsg HTTP/1.1" 200 27
120.253.135.82 - - [10/Apr/2021:10:18:55 +0800] "GET /xingrg/kc/pszx/mdqp_order_list.html?state=10 HTTP/1.1" 200 10615
120.253.135.82 - - [10/Apr/2021:10:18:55 +0800] "GET /xingrg/dwr/interface/AjaxQqpsService.js HTTP/1.1" 200 16326
120.253.135.82 - - [10/Apr/2021:10:18:55 +0800] "GET /xingrg/dwr/util.js HTTP/1.1" 304 -
120.253.135.82 - - [10/Apr/2021:10:18:55 +0800] "GET /xingrg/javascript/Calendar.js HTTP/1.1" 304 -
120.253.135.82 - - [10/Apr/2021:10:18:55 +0800] "GET /xingrg/dwr/interface/AjaxReportQueryService.js HTTP/1.1" 200 13203
120.253.135.82 - - [10/Apr/2021:10:18:55 +0800] "GET /xingrg/dwr/engine.js HTTP/1.1" 200 43631
120.253.135.82 - - [10/Apr/2021:10:18:55 +0800] "GET /xingrg/javascript/jquery_easy_ui/themes/icons/check_new.png HTTP/1.1" 304 -
120.253.135.82 - - [10/Apr/2021:10:18:55 +0800] "GET /xingrg/javascript/jquery_easy_ui/themes/icons/uncheck_new.png HTTP/1.1" 304 -
114.88.156.246 - - [10/Apr/2021:10:18:56 +0800] "GET /xingrg/check_reg.html?_=1618021157821 HTTP/1.1" 200 22
120.253.135.82 - - [10/Apr/2021:10:18:57 +0800] "GET /xingrg/kc/pszx/mdqp_order_info.html?code=302021041000149 HTTP/1.1" 200 13350
120.253.135.82 - - [10/Apr/2021:10:18:57 +0800] "GET /xingrg/javascript/tools/jquery.qtip-1.0.0-rc3.min.js HTTP/1.1" 304 -
120.253.135.82 - - [10/Apr/2021:10:18:57 +0800] "GET /xingrg/javascript/checkform.js HTTP/1.1" 304 -
120.253.135.82 - - [10/Apr/2021:10:18:57 +0800] "GET /xingrg/javascript/AjaxInfoList.js HTTP/1.1" 304 -
120.253.135.82 - - [10/Apr/2021:10:18:57 +0800] "GET /xingrg/dwr/interface/AjaxQqpsService.js HTTP/1.1" 200 16326
120.253.135.82 - - [10/Apr/2021:10:18:57 +0800] "GET /xingrg/dwr/interface/AjaxComOrderService.js HTTP/1.1" 200 18264
120.253.135.82 - - [10/Apr/2021:10:18:57 +0800] "GET /xingrg/javascript/Grid.js HTTP/1.1" 304 -
120.253.135.82 - - [10/Apr/2021:10:18:57 +0800] "GET /xingrg/javascript/ToolTips.js HTTP/1.1" 304 -
120.253.135.82 - - [10/Apr/2021:10:18:57 +0800] "GET /xingrg/dwr/engine.js HTTP/1.1" 200 43631
120.253.135.82 - - [10/Apr/2021:10:18:57 +0800] "GET /xingrg/javascript/jquery_easy_ui/themes/icons/print.png HTTP/1.1" 304 -
120.253.135.82 - - [10/Apr/2021:10:18:57 +0800] "GET /xingrg/javascript/jquery_easy_ui/themes/default/images/menu_downarrow.png HTTP/1.1" 304 -
120.253.135.82 - - [10/Apr/2021:10:18:57 +0800] "GET /xingrg/images/blue/button/kc_tab_edit.gif HTTP/1.1" 304 -
120.253.135.82 - - [10/Apr/2021:10:18:57 +0800] "GET /xingrg/images/blue/button/kc_tab_save.gif HTTP/1.1" 304 -
120.253.135.82 - - [10/Apr/2021:10:18:57 +0800] "GET /xingrg/images/blue/kc_tab_left.gif HTTP/1.1" 304 -
120.253.135.82 - - [10/Apr/2021:10:18:57 +0800] "GET /xingrg/images/blue/kc_tab_mid.gif HTTP/1.1" 304 -
120.253.135.82 - - [10/Apr/2021:10:18:57 +0800] "GET /xingrg/images/blue/kc_tab2_right.gif HTTP/1.1" 304 -
120.253.135.82 - - [10/Apr/2021:10:18:57 +0800] "GET /xingrg/images/blue/kc_tab_right.gif HTTP/1.1" 304 -
120.253.135.82 - - [10/Apr/2021:10:18:57 +0800] "GET /xingrg/images/blue/kc_tab2_left.gif HTTP/1.1" 304 -
120.253.135.82 - - [10/Apr/2021:10:18:57 +0800] "GET /xingrg/images/blue/wait.gif HTTP/1.1" 304 -
120.253.135.82 - - [10/Apr/2021:10:18:57 +0800] "POST /xingrg/dwr/call/plaincall/AjaxQqpsService.loadMaterielItems.dwr HTTP/1.1" 200 723
222.69.131.206 - - [10/Apr/2021:10:19:00 +0800] "GET /xingrg/kc/buy/cgsh_order_operate.html?command=get_materiel&rest_code=00149&code=00101016030&supplier_code=00100036&order_time=2021-04-10 HTTP/1.1" 200 412
124.77.71.179 - - [10/Apr/2021:10:19:06 +0800] "GET /xingrg/all/function/internal_message.html?_=1618021147832&CODE_STATE=getMsg HTTP/1.1" 200 27
120.253.135.82 - - [10/Apr/2021:10:19:06 +0800] "GET /xingrg/javascript/jquery_easy_ui/themes/default/images/button_plain_hover.png HTTP/1.1" 304 -
116.230.114.112 - - [10/Apr/2021:10:19:07 +0800] "GET /xingrg/all/function/internal_message.html?_=1618021172037&CODE_STATE=getMsg HTTP/1.1" 200 27
120.253.135.82 - - [10/Apr/2021:10:19:08 +0800] "GET /xingrg/dwr/interface/AjaxReportQueryService.js HTTP/1.1" 200 13203
120.253.135.82 - - [10/Apr/2021:10:19:08 +0800] "GET /xingrg/dwr/interface/AjaxQqpsService.js HTTP/1.1" 200 16326
120.253.135.82 - - [10/Apr/2021:10:19:08 +0800] "GET /xingrg/dwr/engine.js HTTP/1.1" 200 43631
120.253.135.82 - - [10/Apr/2021:10:19:09 +0800] "GET /xingrg/kc/pszx/mdqp_order_list.html?state=10 HTTP/1.1" 200 10615
222.69.131.206 - - [10/Apr/2021:10:19:11 +0800] "GET /xingrg/kc/buy/cgsh_order_operate.html?command=get_materiel&rest_code=00149&code=00101012026&supplier_code=00100036&order_time=2021-04-10 HTTP/1.1" 200 408
61.165.42.208 - - [10/Apr/2021:10:19:20 +0800] "GET /xingrg/all/function/internal_message.html?_=1618021164304&CODE_STATE=getMsg HTTP/1.1" 200 27
117.184.7.26 - - [10/Apr/2021:10:19:20 +0800] "POST /xingrg/services/DataTransmitService HTTP/1.1" 401 565
117.184.7.26 - - [10/Apr/2021:10:19:20 +0800] "POST /xingrg/services/DataTransmitService HTTP/1.1" 200 478
117.184.7.26 - - [10/Apr/2021:10:19:20 +0800] "POST /xingrg/services/DataTransmitService HTTP/1.1" 200 1320
117.184.7.26 - - [10/Apr/2021:10:19:20 +0800] "POST /xingrg/services/DataTransmitService HTTP/1.1" 200 478
117.184.7.26 - - [10/Apr/2021:10:19:20 +0800] "POST /xingrg/services/DataTransmitService HTTP/1.1" 200 1320
117.184.7.26 - - [10/Apr/2021:10:19:20 +0800] "POST /xingrg/services/DataTransmitService HTTP/1.1" 200 524
117.184.7.26 - - [10/Apr/2021:10:19:21 +0800] "POST /xingrg/services/DataTransmitService HTTP/1.1" 200 2227
117.184.7.26 - - [10/Apr/2021:10:19:21 +0800] "POST /xingrg/services/DataTransmitService HTTP/1.1" 200 2419
117.184.7.26 - - [10/Apr/2021:10:19:21 +0800] "POST /xingrg/services/DataTransmitService HTTP/1.1" 200 1447
117.184.7.26 - - [10/Apr/2021:10:19:22 +0800] "POST /xingrg/services/DataTransmitService HTTP/1.1" 200 134851
222.69.131.206 - - [10/Apr/2021:10:19:22 +0800] "POST /xingrg/kc/buy/cgsh_order_operate.html HTTP/1.1" 200 37
58.40.7.146 - - [10/Apr/2021:10:19:23 +0800] "GET /xingrg/all/function/internal_message.html?_=1618021165874&CODE_STATE=getMsg HTTP/1.1" 302 -
222.69.131.206 - - [10/Apr/2021:10:19:26 +0800] "POST /xingrg/kc/buy/cgsh_order_operate.html HTTP/1.1" 200 12
180.169.147.146 - - [10/Apr/2021:10:19:27 +0800] "GET /xingrg/all/function/internal_message.html?_=1618021172165&CODE_STATE=getMsg HTTP/1.1" 200 27
222.69.131.206 - - [10/Apr/2021:10:19:27 +0800] "GET /xingrg/kc/buy/cgsh_order_info.html?code=212021041003501 HTTP/1.1" 200 57105
222.69.131.206 - - [10/Apr/2021:10:19:27 +0800] "GET /xingrg/javascript/easyui/themes/default/validatebox.css HTTP/1.1" 404 1104
222.69.131.206 - - [10/Apr/2021:10:19:28 +0800] "POST /xingrg/kc/buy/cgsh_order_operate.html HTTP/1.1" 200 2993
116.224.253.72 - - [10/Apr/2021:10:19:29 +0800] "GET /xingrg/all/function/internal_message.html?_=1618021174188&CODE_STATE=getMsg HTTP/1.1" 200 27
222.69.131.206 - - [10/Apr/2021:10:19:29 +0800] "GET /xingrg/kc/print/load_data.html?order_code=212021041003501&kc_code=cgsh&condition= HTTP/1.1" 200 1699
116.238.141.202 - - [10/Apr/2021:10:19:31 +0800] "GET /xingrg/check_reg.html?_=1618021448814 HTTP/1.1" 200 22
222.70.217.33 - - [10/Apr/2021:10:19:32 +0800] "GET /xingrg/all/function/internal_message.html?_=1618021175011&CODE_STATE=getMsg HTTP/1.1" 200 27
180.169.147.146 - - [10/Apr/2021:10:19:32 +0800] "GET /xingrg/all/function/internal_message.html?_=1618021181936&CODE_STATE=getMsg HTTP/1.1" 302 -
116.233.74.165 - - [10/Apr/2021:10:19:33 +0800] "GET /xingrg/all/function/internal_message.html?_=1618021177698&CODE_STATE=getMsg HTTP/1.1" 200 27
124.77.71.179 - - [10/Apr/2021:10:19:33 +0800] "GET /xingrg/kc/buy/cgsh_order_operate.html?command=get_materiel&rest_code=00107&code=00101010606&supplier_code=00100323&order_time=2021-04-10 HTTP/1.1" 200 419
116.238.141.202 - - [10/Apr/2021:10:19:34 +0800] "GET /xingrg/all/function/internal_message.html?_=1618021451696&CODE_STATE=getMsg HTTP/1.1" 200 27
124.77.71.179 - - [10/Apr/2021:10:19:36 +0800] "POST /xingrg/all/common/load_select.html HTTP/1.1" 200 25
222.69.131.206 - - [10/Apr/2021:10:19:36 +0800] "GET /xingrg/kc/buy/cgsh_order_add.html HTTP/1.1" 200 62201
222.69.131.206 - - [10/Apr/2021:10:19:37 +0800] "POST /xingrg/kc/buy/cgsh_order_operate.html HTTP/1.1" 200 8245
222.69.131.206 - - [10/Apr/2021:10:19:37 +0800] "GET /xingrg/javascript/easyui/themes/default/validatebox.css HTTP/1.1" 404 1104
116.230.114.112 - - [10/Apr/2021:10:19:37 +0800] "GET /xingrg/all/function/internal_message.html?_=1618021183247&CODE_STATE=getMsg HTTP/1.1" 302 -
124.77.71.179 - - [10/Apr/2021:10:19:38 +0800] "GET /xingrg/kc/buy/cgsh_order_operate.html?command=get_materiel_price&rest_code=00107&code=00101010606&unit_code=00100129&supplier_code=00100323&order_time=2021-04-10 HTTP/1.1" 200 27
117.184.7.26 - - [10/Apr/2021:10:19:40 +0800] "POST /xingrg/services/DataTransmitService HTTP/1.1" 200 45454
117.184.7.26 - - [10/Apr/2021:10:19:40 +0800] "POST /xingrg/services/DataTransmitService HTTP/1.1" 200 19237
114.88.156.246 - - [10/Apr/2021:10:19:41 +0800] "GET /xingrg/all/function/internal_message.html?_=1618021203638&CODE_STATE=getMsg HTTP/1.1" 200 27
124.77.71.179 - - [10/Apr/2021:10:19:46 +0800] "GET /xingrg/all/function/internal_message.html?_=1618021189903&CODE_STATE=getMsg HTTP/1.1" 200 27
222.69.131.206 - - [10/Apr/2021:10:19:47 +0800] "GET /xingrg/kc/buy/cgsh_order_operate.html?command=get_materiel&rest_code=00149&code=00101009049&supplier_code=00100201&order_time=2021-04-10 HTTP/1.1" 200 416
116.224.253.72 - - [10/Apr/2021:10:19:47 +0800] "GET /xingrg/all/function/internal_message.html?_=1618021184918&CODE_STATE=getMsg HTTP/1.1" 200 27
61.165.42.208 - - [10/Apr/2021:10:19:51 +0800] "GET /xingrg/all/function/internal_message.html?_=1618021178628&CODE_STATE=getMsg HTTP/1.1" 200 27
61.165.42.208 - - [10/Apr/2021:10:19:51 +0800] "GET /xingrg/check_reg.html?_=1618021178630 HTTP/1.1" 200 22
117.184.7.26 - - [10/Apr/2021:10:20:04 +0800] "POST /xingrg/services/DataTransmitService HTTP/1.1" 200 524
117.184.7.26 - - [10/Apr/2021:10:20:05 +0800] "POST /xingrg/services/DataTransmitService HTTP/1.1" 200 501
124.77.71.179 - - [10/Apr/2021:10:20:06 +0800] "GET /xingrg/kc/buy/cgsh_order_operate.html?command=get_materiel&rest_code=00107&code=00101010005&supplier_code=00100323&order_time=2021-04-10 HTTP/1.1" 200 408
124.77.71.179 - - [10/Apr/2021:10:20:06 +0800] "GET /xingrg/all/function/internal_message.html?_=1618021207908&CODE_STATE=getMsg HTTP/1.1" 200 27
116.230.114.112 - - [10/Apr/2021:10:20:07 +0800] "GET /xingrg/all/function/internal_message.html?_=1618021232043&CODE_STATE=getMsg HTTP/1.1" 200 27
222.69.131.206 - - [10/Apr/2021:10:20:13 +0800] "GET /xingrg/kc/buy/cgsh_order_operate.html?command=get_materiel&rest_code=00149&code=00101009062&supplier_code=00100201&order_time=2021-04-10 HTTP/1.1" 200 412
61.165.42.208 - - [10/Apr/2021:10:20:20 +0800] "GET /xingrg/all/function/internal_message.html?_=1618021224309&CODE_STATE=getMsg HTTP/1.1" 200 27
222.69.131.206 - - [10/Apr/2021:10:20:20 +0800] "GET /xingrg/all/function/internal_message.html?_=1618021223134&CODE_STATE=getMsg HTTP/1.1" 200 27
58.40.7.146 - - [10/Apr/2021:10:20:23 +0800] "GET /xingrg/all/function/internal_message.html?_=1618021225876&CODE_STATE=getMsg HTTP/1.1" 302 -
222.69.131.206 - - [10/Apr/2021:10:20:25 +0800] "GET /xingrg/kc/buy/cgsh_order_operate.html?command=get_materiel&rest_code=00149&code=00101009011&supplier_code=00100201&order_time=2021-04-10 HTTP/1.1" 200 416
180.169.147.146 - - [10/Apr/2021:10:20:27 +0800] "GET /xingrg/all/function/internal_message.html?_=1618021232153&CODE_STATE=getMsg HTTP/1.1" 200 27
124.77.71.179 - - [10/Apr/2021:10:20:29 +0800] "GET /xingrg/kc/buy/cgsh_order_operate.html?command=get_materiel&rest_code=00107&code=00101037239&supplier_code=00100323&order_time=2021-04-10 HTTP/1.1" 200 394
116.224.253.72 - - [10/Apr/2021:10:20:29 +0800] "GET /xingrg/all/function/internal_message.html?_=1618021234187&CODE_STATE=getMsg HTTP/1.1" 200 27
222.70.217.33 - - [10/Apr/2021:10:20:32 +0800] "GET /xingrg/all/function/internal_message.html?_=1618021235003&CODE_STATE=getMsg HTTP/1.1" 200 27
222.70.217.33 - - [10/Apr/2021:10:20:32 +0800] "GET /xingrg/check_reg.html?_=1618021235010 HTTP/1.1" 200 22
180.169.147.146 - - [10/Apr/2021:10:20:32 +0800] "GET /xingrg/all/function/internal_message.html?_=1618021241936&CODE_STATE=getMsg HTTP/1.1" 302 -
180.169.147.146 - - [10/Apr/2021:10:20:32 +0800] "GET /xingrg/check_reg.html?_=1618021242048 HTTP/1.1" 302 -
116.233.74.165 - - [10/Apr/2021:10:20:33 +0800] "GET /xingrg/all/function/internal_message.html?_=1618021237699&CODE_STATE=getMsg HTTP/1.1" 200 27
116.238.141.202 - - [10/Apr/2021:10:20:34 +0800] "GET /xingrg/all/function/internal_message.html?_=1618021511709&CODE_STATE=getMsg HTTP/1.1" 200 27
116.230.114.112 - - [10/Apr/2021:10:20:37 +0800] "GET /xingrg/all/function/internal_message.html?_=1618021243248&CODE_STATE=getMsg HTTP/1.1" 302 -
114.88.156.246 - - [10/Apr/2021:10:20:41 +0800] "GET /xingrg/all/function/internal_message.html?_=1618021263633&CODE_STATE=getMsg HTTP/1.1" 200 27
222.69.131.206 - - [10/Apr/2021:10:20:43 +0800] "GET /xingrg/kc/buy/cgsh_order_operate.html?command=get_materiel&rest_code=00149&code=00101009013&supplier_code=00100201&order_time=2021-04-10 HTTP/1.1" 200 420
124.77.71.179 - - [10/Apr/2021:10:20:46 +0800] "GET /xingrg/all/function/internal_message.html?_=1618021249895&CODE_STATE=getMsg HTTP/1.1" 200 27
124.77.71.179 - - [10/Apr/2021:10:20:47 +0800] "GET /xingrg/kc/buy/cgsh_order_operate.html?command=get_materiel&rest_code=00107&code=00101007057&supplier_code=00100323&order_time=2021-04-10 HTTP/1.1" 200 413
116.224.253.72 - - [10/Apr/2021:10:20:47 +0800] "GET /xingrg/all/function/internal_message.html?_=1618021244932&CODE_STATE=getMsg HTTP/1.1" 200 27
61.165.42.208 - - [10/Apr/2021:10:20:51 +0800] "GET /xingrg/all/function/internal_message.html?_=1618021238631&CODE_STATE=getMsg HTTP/1.1" 200 27
222.69.131.206 - - [10/Apr/2021:10:20:52 +0800] "GET /xingrg/kc/buy/cgsh_order_operate.html?command=get_materiel&rest_code=00149&code=00101009118&supplier_code=00100201&order_time=2021-04-10 HTTP/1.1" 200 392
116.230.114.112 - - [10/Apr/2021:10:20:52 +0800] "GET /xingrg/kc/buy/cgsh_order_add.html HTTP/1.1" 200 62154
116.230.114.112 - - [10/Apr/2021:10:20:53 +0800] "POST /xingrg/kc/buy/cgsh_order_operate.html HTTP/1.1" 200 8245
116.230.114.112 - - [10/Apr/2021:10:20:53 +0800] "GET /xingrg/javascript/easyui/themes/default/validatebox.css HTTP/1.1" 404 1104
222.69.131.206 - - [10/Apr/2021:10:21:01 +0800] "GET /xingrg/kc/buy/cgsh_order_operate.html?command=get_materiel&rest_code=00149&code=00101009031&supplier_code=00100201&order_time=2021-04-10 HTTP/1.1" 200 409
124.77.71.179 - - [10/Apr/2021:10:21:04 +0800] "GET /xingrg/kc/buy/cgsh_order_operate.html?command=get_materiel&rest_code=00107&code=00101010162&supplier_code=00100323&order_time=2021-04-10 HTTP/1.1" 200 417
116.230.114.112 - - [10/Apr/2021:10:21:06 +0800] "GET /xingrg/kc/buy/cgsh_order_operate.html?command=get_materiel&rest_code=00146&code=00101007081&supplier_code=00100002&order_time=2021-04-10 HTTP/1.1" 200 413
124.77.71.179 - - [10/Apr/2021:10:21:06 +0800] "GET /xingrg/all/function/internal_message.html?_=1618021267896&CODE_STATE=getMsg HTTP/1.1" 200 27
116.230.114.112 - - [10/Apr/2021:10:21:07 +0800] "GET /xingrg/all/function/internal_message.html?_=1618021292058&CODE_STATE=getMsg HTTP/1.1" 200 27
117.184.7.26 - - [10/Apr/2021:10:21:08 +0800] "POST /xingrg/services/DataTransmitService HTTP/1.1" 200 524
117.184.7.26 - - [10/Apr/2021:10:21:11 +0800] "POST /xingrg/services/DataTransmitService HTTP/1.1" 200 501
117.184.7.26 - - [10/Apr/2021:10:21:11 +0800] "POST /xingrg/services/DataTransmitService HTTP/1.1" 200 524
222.69.131.206 - - [10/Apr/2021:10:21:14 +0800] "POST /xingrg/kc/buy/cgsh_order_operate.html HTTP/1.1" 200 37
61.165.42.208 - - [10/Apr/2021:10:21:20 +0800] "GET /xingrg/all/function/internal_message.html?_=1618021284333&CODE_STATE=getMsg HTTP/1.1" 200 27
116.230.114.112 - - [10/Apr/2021:10:21:22 +0800] "GET /xingrg/kc/buy/cgsh_order_operate.html?command=get_materiel&rest_code=00146&code=00101007061&supplier_code=00100002&order_time=2021-04-10 HTTP/1.1" 200 409
58.40.7.146 - - [10/Apr/2021:10:21:23 +0800] "GET /xingrg/all/function/internal_message.html?_=1618021285877&CODE_STATE=getMsg HTTP/1.1" 302 -
124.77.71.179 - - [10/Apr/2021:10:21:23 +0800] "GET /xingrg/kc/buy/cgsh_order_operate.html?command=get_materiel&rest_code=00107&code=00101004019&supplier_code=00100323&order_time=2021-04-10 HTTP/1.1" 200 413
222.69.131.206 - - [10/Apr/2021:10:21:24 +0800] "POST /xingrg/kc/buy/cgsh_order_operate.html HTTP/1.1" 200 12
116.230.114.112 - - [10/Apr/2021:10:21:26 +0800] "GET /xingrg/check_reg.html?_=1618021310901 HTTP/1.1" 200 22
180.169.147.146 - - [10/Apr/2021:10:21:27 +0800] "GET /xingrg/all/function/internal_message.html?_=1618021292154&CODE_STATE=getMsg HTTP/1.1" 200 27
116.224.253.72 - - [10/Apr/2021:10:21:29 +0800] "GET /xingrg/all/function/internal_message.html?_=1618021294188&CODE_STATE=getMsg HTTP/1.1" 200 27
222.69.131.206 - - [10/Apr/2021:10:21:31 +0800] "GET /xingrg/kc/buy/cgsh_order_info.html?code=212021041003502 HTTP/1.1" 200 57103
222.69.131.206 - - [10/Apr/2021:10:21:32 +0800] "GET /xingrg/javascript/easyui/themes/default/validatebox.css HTTP/1.1" 404 1104
222.69.131.206 - - [10/Apr/2021:10:21:32 +0800] "POST /xingrg/kc/buy/cgsh_order_operate.html HTTP/1.1" 200 3565
222.70.217.33 - - [10/Apr/2021:10:21:32 +0800] "GET /xingrg/all/function/internal_message.html?_=1618021295014&CODE_STATE=getMsg HTTP/1.1" 200 27
180.169.147.146 - - [10/Apr/2021:10:21:32 +0800] "GET /xingrg/all/function/internal_message.html?_=1618021301957&CODE_STATE=getMsg HTTP/1.1" 302 -
116.233.74.165 - - [10/Apr/2021:10:21:33 +0800] "GET /xingrg/all/function/internal_message.html?_=1618021297704&CODE_STATE=getMsg HTTP/1.1" 200 27
117.184.7.26 - - [10/Apr/2021:10:21:34 +0800] "GET /xingrg/login.html HTTP/1.1" 200 7641
222.69.131.206 - - [10/Apr/2021:10:21:34 +0800] "GET /xingrg/kc/print/load_data.html?order_code=212021041003502&kc_code=cgsh&condition= HTTP/1.1" 200 1842
116.238.141.202 - - [10/Apr/2021:10:21:34 +0800] "GET /xingrg/all/function/internal_message.html?_=1618021571722&CODE_STATE=getMsg HTTP/1.1" 200 27
117.184.7.26 - - [10/Apr/2021:10:21:35 +0800] "GET /favicon.ico HTTP/1.1" 404 -
