117.185.32.26 - - [10/Apr/2021:10:59:55 +0800] "GET /xingrg/javascript/easyui/themes/default/validatebox.css HTTP/1.1" 404 1104
116.235.95.160 - - [10/Apr/2021:10:59:56 +0800] "GET /xingrg/all/function/internal_message.html?_=1618023675628&CODE_STATE=getMsg HTTP/1.1" 200 27
61.165.42.208 - - [10/Apr/2021:10:59:57 +0800] "GET /xingrg/kc/buy/cgsh_order_operate.html?command=get_materiel&rest_code=00105&code=00101014083&supplier_code=00100313&order_time=2021-04-10 HTTP/1.1" 200 409
117.185.32.26 - - [10/Apr/2021:10:59:57 +0800] "POST /xingrg/kc/buy/cgsh_order_operate.html HTTP/1.1" 200 8245
117.185.32.26 - - [10/Apr/2021:10:59:58 +0800] "GET /xingrg/javascript/easyui/themes/default/tree.css HTTP/1.1" 404 1090
117.185.32.26 - - [10/Apr/2021:10:59:58 +0800] "POST /xingrg/all/common/load_tree.html?tree=supplier_tree_json&isDelete=1 HTTP/1.1" 200 54827
116.224.253.72 - - [10/Apr/2021:10:59:59 +0800] "POST /xingrg/kc/buy/cgsh_order_operate.html HTTP/1.1" 200 12
116.224.253.72 - - [10/Apr/2021:11:00:00 +0800] "GET /xingrg/kc/buy/cgsh_order_info.html?code=212021041003550 HTTP/1.1" 200 56994
116.224.253.72 - - [10/Apr/2021:11:00:00 +0800] "GET /xingrg/javascript/easyui/themes/default/validatebox.css HTTP/1.1" 404 1104
117.185.32.26 - - [10/Apr/2021:11:00:02 +0800] "GET /xingrg/all/function/internal_message.html?_=1618024111225&CODE_STATE=getMsg HTTP/1.1" 200 27
116.230.114.112 - - [10/Apr/2021:11:00:03 +0800] "POST /xingrg/kc/buy/cgsh_order_operate.html HTTP/1.1" 200 37
116.224.253.72 - - [10/Apr/2021:11:00:03 +0800] "POST /xingrg/kc/buy/cgsh_order_operate.html HTTP/1.1" 200 618
116.238.141.202 - - [10/Apr/2021:11:00:04 +0800] "GET /xingrg/all/function/internal_message.html?_=1618023610500&CODE_STATE=getMsg HTTP/1.1" 200 27
116.224.253.72 - - [10/Apr/2021:11:00:04 +0800] "GET /xingrg/kc/print/load_data.html?order_code=212021041003550&kc_code=cgsh&condition= HTTP/1.1" 200 752
116.230.114.112 - - [10/Apr/2021:11:00:05 +0800] "POST /xingrg/kc/buy/cgsh_order_operate.html HTTP/1.1" 200 2657
116.230.114.112 - - [10/Apr/2021:11:00:08 +0800] "GET /xingrg/kc/print/load_data.html?order_code=212021041003552&kc_code=cgsh&condition= HTTP/1.1" 200 682
116.224.253.72 - - [10/Apr/2021:11:00:12 +0800] "GET /xingrg/kc/buy/cgsh_order_add.html HTTP/1.1" 200 62084
116.224.253.72 - - [10/Apr/2021:11:00:12 +0800] "POST /xingrg/kc/buy/cgsh_order_operate.html HTTP/1.1" 200 8245
116.224.253.72 - - [10/Apr/2021:11:00:12 +0800] "GET /xingrg/javascript/easyui/themes/default/validatebox.css HTTP/1.1" 404 1104
61.165.42.208 - - [10/Apr/2021:11:00:13 +0800] "GET /xingrg/kc/buy/cgsh_order_operate.html?command=get_materiel&rest_code=00105&code=00101001096&supplier_code=00100313&order_time=2021-04-10 HTTP/1.1" 200 413
116.233.74.165 - - [10/Apr/2021:11:00:13 +0800] "GET /xingrg/all/function/internal_message.html?_=1618023617780&CODE_STATE=getMsg HTTP/1.1" 200 27
222.69.131.206 - - [10/Apr/2021:11:00:19 +0800] "GET /xingrg/all/function/internal_message.html?_=1618023622392&CODE_STATE=getMsg HTTP/1.1" 200 27
61.165.42.208 - - [10/Apr/2021:11:00:20 +0800] "GET /xingrg/all/function/internal_message.html?_=1618023624413&CODE_STATE=getMsg HTTP/1.1" 200 27
117.185.32.26 - - [10/Apr/2021:11:00:22 +0800] "GET /xingrg/kc/buy/cgsh_order_operate.html?command=get_materiel&rest_code=00106&code=00101002038&supplier_code=00100087&order_time=2021-04-10 HTTP/1.1" 200 414
116.224.253.72 - - [10/Apr/2021:11:00:22 +0800] "GET /xingrg/kc/buy/cgsh_order_operate.html?command=get_materiel&rest_code=00150&code=00101001140&supplier_code=00100319&order_time=2021-04-10 HTTP/1.1" 200 414
58.40.7.146 - - [10/Apr/2021:11:00:23 +0800] "GET /xingrg/all/function/internal_message.html?_=1618023625895&CODE_STATE=getMsg HTTP/1.1" 302 -
114.86.187.76 - - [10/Apr/2021:11:00:24 +0800] "GET /xingrg/all/function/internal_message.html?_=1618023632105&CODE_STATE=getMsg HTTP/1.1" 200 27
61.165.42.208 - - [10/Apr/2021:11:00:26 +0800] "GET /xingrg/kc/buy/cgsh_order_operate.html?command=get_materiel&rest_code=00105&code=00102026001&supplier_code=00100313&order_time=2021-04-10 HTTP/1.1" 200 409
180.169.147.146 - - [10/Apr/2021:11:00:27 +0800] "GET /xingrg/all/function/internal_message.html?_=1618023632206&CODE_STATE=getMsg HTTP/1.1" 200 27
116.224.253.72 - - [10/Apr/2021:11:00:30 +0800] "GET /xingrg/all/function/internal_message.html?_=1618023634428&CODE_STATE=getMsg HTTP/1.1" 200 27
222.70.217.33 - - [10/Apr/2021:11:00:32 +0800] "GET /xingrg/check_reg.html?_=1618023635003 HTTP/1.1" 200 22
222.70.217.33 - - [10/Apr/2021:11:00:32 +0800] "GET /xingrg/all/function/internal_message.html?_=1618023635004&CODE_STATE=getMsg HTTP/1.1" 200 27
180.169.147.146 - - [10/Apr/2021:11:00:32 +0800] "GET /xingrg/check_reg.html?_=1618023641998 HTTP/1.1" 302 -
180.169.147.146 - - [10/Apr/2021:11:00:32 +0800] "GET /xingrg/all/function/internal_message.html?_=1618023642001&CODE_STATE=getMsg HTTP/1.1" 302 -
116.230.114.112 - - [10/Apr/2021:11:00:34 +0800] "GET /xingrg/all/function/internal_message.html?_=1618023658740&CODE_STATE=getMsg HTTP/1.1" 200 27
117.184.7.26 - - [10/Apr/2021:11:00:34 +0800] "GET /xingrg/all/function/internal_message.html?_=1618023630451&CODE_STATE=getMsg HTTP/1.1" 200 27
117.184.7.26 - - [10/Apr/2021:11:00:34 +0800] "POST /xingrg/kc/buy/cgsh_order_operate.html HTTP/1.1" 200 2065
180.171.127.22 - - [10/Apr/2021:11:00:35 +0800] "GET /xingrg/all/function/internal_message.html?_=1618023635095&CODE_STATE=getMsg HTTP/1.1" 200 27
116.224.253.72 - - [10/Apr/2021:11:00:37 +0800] "GET /xingrg/kc/buy/cgsh_order_operate.html?command=get_materiel&rest_code=00150&code=00101001125&supplier_code=00100319&order_time=2021-04-10 HTTP/1.1" 200 413
116.230.114.112 - - [10/Apr/2021:11:00:37 +0800] "GET /xingrg/all/function/internal_message.html?_=1618023643853&CODE_STATE=getMsg HTTP/1.1" 302 -
117.184.7.26 - - [10/Apr/2021:11:00:40 +0800] "GET /xingrg/kc/buy/cgsh_order_operate.html?command=get_materiel&rest_code=00108&code=00101008498&supplier_code=00100008&order_time=2021-04-10 HTTP/1.1" 200 410
222.69.131.206 - - [10/Apr/2021:11:00:40 +0800] "GET /xingrg/kc/base/wldb_order_list.html HTTP/1.1" 200 19389
222.69.131.206 - - [10/Apr/2021:11:00:41 +0800] "POST /xingrg/kc/base/wldb_list_operate.html HTTP/1.1" 200 928
116.238.141.202 - - [10/Apr/2021:11:00:41 +0800] "GET /xingrg/all/function/internal_message.html?_=1618023918351&CODE_STATE=getMsg HTTP/1.1" 200 27
114.88.156.246 - - [10/Apr/2021:11:00:41 +0800] "GET /xingrg/all/function/internal_message.html?_=1618023663708&CODE_STATE=getMsg HTTP/1.1" 200 27
117.185.32.26 - - [10/Apr/2021:11:00:42 +0800] "POST /xingrg/kc/buy/cgsh_order_operate.html HTTP/1.1" 200 37
117.185.32.26 - - [10/Apr/2021:11:00:46 +0800] "GET /xingrg/all/function/internal_message.html?_=1618023641843&CODE_STATE=getMsg HTTP/1.1" 200 27
117.185.32.26 - - [10/Apr/2021:11:00:46 +0800] "POST /xingrg/kc/buy/cgsh_order_operate.html HTTP/1.1" 200 12
124.77.71.179 - - [10/Apr/2021:11:00:46 +0800] "GET /xingrg/all/function/internal_message.html?_=1618023649894&CODE_STATE=getMsg HTTP/1.1" 200 27
117.185.32.26 - - [10/Apr/2021:11:00:47 +0800] "GET /xingrg/kc/buy/cgsh_order_info.html?code=212021041003553 HTTP/1.1" 200 57050
117.185.32.26 - - [10/Apr/2021:11:00:47 +0800] "GET /xingrg/javascript/easyui/themes/default/validatebox.css HTTP/1.1" 404 1104
116.224.253.72 - - [10/Apr/2021:11:00:48 +0800] "GET /xingrg/all/function/internal_message.html?_=1618023645475&CODE_STATE=getMsg HTTP/1.1" 200 27
117.185.32.26 - - [10/Apr/2021:11:00:48 +0800] "POST /xingrg/kc/buy/cgsh_order_operate.html HTTP/1.1" 200 611
117.184.7.26 - - [10/Apr/2021:11:00:48 +0800] "GET /xingrg/kc/buy/cgsh_order_operate.html?command=get_materiel&rest_code=00108&code=00101008236&supplier_code=00100008&order_time=2021-04-10 HTTP/1.1" 200 416
117.185.32.26 - - [10/Apr/2021:11:00:50 +0800] "GET /xingrg/kc/print/load_data.html?order_code=212021041003553&kc_code=cgsh&condition= HTTP/1.1" 200 751
61.165.42.208 - - [10/Apr/2021:11:00:51 +0800] "GET /xingrg/all/function/internal_message.html?_=1618023638678&CODE_STATE=getMsg HTTP/1.1" 200 27
124.77.71.179 - - [10/Apr/2021:11:00:52 +0800] "GET /xingrg/all/function/internal_message.html?_=1618023653458&CODE_STATE=getMsg HTTP/1.1" 200 27
116.224.253.72 - - [10/Apr/2021:11:00:53 +0800] "POST /xingrg/kc/buy/cgsh_order_operate.html HTTP/1.1" 200 37
61.165.42.208 - - [10/Apr/2021:11:00:54 +0800] "GET /xingrg/kc/buy/cgsh_order_operate.html?command=get_materiel&rest_code=00105&code=00101002058&supplier_code=00100313&order_time=2021-04-10 HTTP/1.1" 200 396
116.235.95.160 - - [10/Apr/2021:11:00:56 +0800] "GET /xingrg/all/function/internal_message.html?_=1618023735627&CODE_STATE=getMsg HTTP/1.1" 200 27
116.224.253.72 - - [10/Apr/2021:11:00:58 +0800] "POST /xingrg/kc/buy/cgsh_order_operate.html HTTP/1.1" 200 12
116.224.253.72 - - [10/Apr/2021:11:00:59 +0800] "GET /xingrg/kc/buy/cgsh_order_info.html?code=212021041003554 HTTP/1.1" 200 56994
116.224.253.72 - - [10/Apr/2021:11:00:59 +0800] "GET /xingrg/javascript/easyui/themes/default/validatebox.css HTTP/1.1" 404 1104
116.224.253.72 - - [10/Apr/2021:11:01:00 +0800] "POST /xingrg/kc/buy/cgsh_order_operate.html HTTP/1.1" 200 1209
117.185.32.26 - - [10/Apr/2021:11:01:00 +0800] "GET /xingrg/kc/buy/cgsh_order_add.html HTTP/1.1" 200 62148
117.185.32.26 - - [10/Apr/2021:11:01:01 +0800] "POST /xingrg/kc/buy/cgsh_order_operate.html HTTP/1.1" 200 8245
117.185.32.26 - - [10/Apr/2021:11:01:01 +0800] "GET /xingrg/javascript/easyui/themes/default/validatebox.css HTTP/1.1" 404 1104
116.224.253.72 - - [10/Apr/2021:11:01:02 +0800] "GET /xingrg/kc/print/load_data.html?order_code=212021041003554&kc_code=cgsh&condition= HTTP/1.1" 200 981
117.185.32.26 - - [10/Apr/2021:11:01:02 +0800] "GET /xingrg/all/function/internal_message.html?_=1618024171225&CODE_STATE=getMsg HTTP/1.1" 200 27
61.165.42.208 - - [10/Apr/2021:11:01:02 +0800] "GET /xingrg/kc/buy/cgsh_order_operate.html?command=get_materiel&rest_code=00105&code=00101001143&supplier_code=00100313&order_time=2021-04-10 HTTP/1.1" 200 415
117.185.32.26 - - [10/Apr/2021:11:01:03 +0800] "GET /xingrg/javascript/easyui/themes/default/tree.css HTTP/1.1" 404 1090
117.185.32.26 - - [10/Apr/2021:11:01:03 +0800] "POST /xingrg/all/common/load_tree.html?tree=supplier_tree_json&isDelete=1 HTTP/1.1" 200 54827
117.184.7.26 - - [10/Apr/2021:11:01:04 +0800] "GET /xingrg/kc/buy/cgsh_order_operate.html?command=get_materiel&rest_code=00108&code=00101008254&supplier_code=00100008&order_time=2021-04-10 HTTP/1.1" 200 412
116.238.141.202 - - [10/Apr/2021:11:01:04 +0800] "GET /xingrg/all/function/internal_message.html?_=1618023670513&CODE_STATE=getMsg HTTP/1.1" 200 27
116.224.253.72 - - [10/Apr/2021:11:01:06 +0800] "GET /xingrg/kc/buy/cgsh_order_add.html HTTP/1.1" 200 62084
116.224.253.72 - - [10/Apr/2021:11:01:07 +0800] "POST /xingrg/kc/buy/cgsh_order_operate.html HTTP/1.1" 200 8245
116.224.253.72 - - [10/Apr/2021:11:01:07 +0800] "GET /xingrg/javascript/easyui/themes/default/validatebox.css HTTP/1.1" 404 1104
116.233.74.165 - - [10/Apr/2021:11:01:13 +0800] "GET /xingrg/all/function/internal_message.html?_=1618023677774&CODE_STATE=getMsg HTTP/1.1" 200 27
117.184.7.26 - - [10/Apr/2021:11:01:17 +0800] "GET /xingrg/kc/buy/cgsh_order_operate.html?command=get_materiel&rest_code=00108&code=00101008122&supplier_code=00100008&order_time=2021-04-10 HTTP/1.1" 200 412
116.224.253.72 - - [10/Apr/2021:11:01:18 +0800] "GET /xingrg/kc/buy/cgsh_order_operate.html?command=get_materiel&rest_code=00150&code=00101004034&supplier_code=00100085&order_time=2021-04-10 HTTP/1.1" 200 416
117.185.32.26 - - [10/Apr/2021:11:01:18 +0800] "GET /xingrg/kc/buy/cgsh_order_operate.html?command=get_materiel&rest_code=00106&code=00101002006&supplier_code=00100091&order_time=2021-04-10 HTTP/1.1" 200 414
222.69.131.206 - - [10/Apr/2021:11:01:19 +0800] "GET /xingrg/all/function/internal_message.html?_=1618023682377&CODE_STATE=getMsg HTTP/1.1" 200 27
61.165.42.208 - - [10/Apr/2021:11:01:20 +0800] "GET /xingrg/all/function/internal_message.html?_=1618023684385&CODE_STATE=getMsg HTTP/1.1" 200 27
58.40.7.146 - - [10/Apr/2021:11:01:23 +0800] "GET /xingrg/all/function/internal_message.html?_=1618023685883&CODE_STATE=getMsg HTTP/1.1" 302 -
114.86.187.76 - - [10/Apr/2021:11:01:24 +0800] "GET /xingrg/all/function/internal_message.html?_=1618023692109&CODE_STATE=getMsg HTTP/1.1" 200 27
117.184.7.26 - - [10/Apr/2021:11:01:26 +0800] "GET /xingrg/kc/buy/cgsh_order_operate.html?command=get_materiel&rest_code=00108&code=00101008172&supplier_code=00100008&order_time=2021-04-10 HTTP/1.1" 200 412
180.169.147.146 - - [10/Apr/2021:11:01:27 +0800] "GET /xingrg/all/function/internal_message.html?_=1618023692207&CODE_STATE=getMsg HTTP/1.1" 200 27
116.224.253.72 - - [10/Apr/2021:11:01:30 +0800] "GET /xingrg/all/function/internal_message.html?_=1618023694427&CODE_STATE=getMsg HTTP/1.1" 200 27
117.184.7.26 - - [10/Apr/2021:11:01:30 +0800] "POST /xingrg/kc/buy/cgsh_order_operate.html HTTP/1.1" 200 2065
222.70.217.33 - - [10/Apr/2021:11:01:32 +0800] "GET /xingrg/all/function/internal_message.html?_=1618023695005&CODE_STATE=getMsg HTTP/1.1" 200 27
180.169.147.146 - - [10/Apr/2021:11:01:32 +0800] "GET /xingrg/all/function/internal_message.html?_=1618023702004&CODE_STATE=getMsg HTTP/1.1" 302 -
116.230.114.112 - - [10/Apr/2021:11:01:33 +0800] "GET /xingrg/check_reg.html?_=1618023718279 HTTP/1.1" 200 22
116.230.114.112 - - [10/Apr/2021:11:01:34 +0800] "GET /xingrg/all/function/internal_message.html?_=1618023718821&CODE_STATE=getMsg HTTP/1.1" 200 27
117.184.7.30 - - [10/Apr/2021:11:01:34 +0800] "GET /xingrg/check_reg.html?_=1618023690452 HTTP/1.1" 200 22
117.184.7.30 - - [10/Apr/2021:11:01:34 +0800] "GET /xingrg/all/function/internal_message.html?_=1618023690454&CODE_STATE=getMsg HTTP/1.1" 200 27
180.171.127.22 - - [10/Apr/2021:11:01:35 +0800] "GET /xingrg/all/function/internal_message.html?_=1618023695113&CODE_STATE=getMsg HTTP/1.1" 200 27
117.185.32.26 - - [10/Apr/2021:11:01:36 +0800] "POST /xingrg/kc/buy/cgsh_order_operate.html HTTP/1.1" 200 37
117.184.7.26 - - [10/Apr/2021:11:01:37 +0800] "GET /xingrg/kc/buy/cgsh_order_operate.html?command=get_materiel&rest_code=00108&code=00101008229&supplier_code=00100008&order_time=2021-04-10 HTTP/1.1" 200 420
116.230.114.112 - - [10/Apr/2021:11:01:37 +0800] "GET /xingrg/all/function/internal_message.html?_=1618023703880&CODE_STATE=getMsg HTTP/1.1" 302 -
116.238.141.202 - - [10/Apr/2021:11:01:41 +0800] "GET /xingrg/all/function/internal_message.html?_=1618023978772&CODE_STATE=getMsg HTTP/1.1" 200 27
116.224.253.72 - - [10/Apr/2021:11:01:41 +0800] "POST /xingrg/kc/buy/cgsh_order_operate.html HTTP/1.1" 200 37
114.88.156.246 - - [10/Apr/2021:11:01:41 +0800] "GET /xingrg/all/function/internal_message.html?_=1618023723717&CODE_STATE=getMsg HTTP/1.1" 200 27
117.185.32.26 - - [10/Apr/2021:11:01:44 +0800] "POST /xingrg/kc/buy/cgsh_order_operate.html HTTP/1.1" 200 12
116.224.253.72 - - [10/Apr/2021:11:01:46 +0800] "GET /xingrg/check_reg.html?_=1618023703557 HTTP/1.1" 200 22
117.185.32.26 - - [10/Apr/2021:11:01:46 +0800] "GET /xingrg/all/function/internal_message.html?_=1618023701843&CODE_STATE=getMsg HTTP/1.1" 200 27
116.224.253.72 - - [10/Apr/2021:11:01:46 +0800] "POST /xingrg/kc/buy/cgsh_order_operate.html HTTP/1.1" 200 12
117.185.32.26 - - [10/Apr/2021:11:01:46 +0800] "GET /xingrg/kc/buy/cgsh_order_info.html?code=212021041003555 HTTP/1.1" 200 57054
124.77.71.179 - - [10/Apr/2021:11:01:46 +0800] "GET /xingrg/all/function/internal_message.html?_=1618023709900&CODE_STATE=getMsg HTTP/1.1" 200 27
117.185.32.26 - - [10/Apr/2021:11:01:46 +0800] "GET /xingrg/javascript/easyui/themes/default/validatebox.css HTTP/1.1" 404 1104
116.224.253.72 - - [10/Apr/2021:11:01:47 +0800] "GET /xingrg/kc/buy/cgsh_order_info.html?code=212021041003556 HTTP/1.1" 200 56992
116.224.253.72 - - [10/Apr/2021:11:01:47 +0800] "GET /xingrg/javascript/easyui/themes/default/validatebox.css HTTP/1.1" 404 1104
117.185.32.26 - - [10/Apr/2021:11:01:47 +0800] "POST /xingrg/kc/buy/cgsh_order_operate.html HTTP/1.1" 200 613
116.224.253.72 - - [10/Apr/2021:11:01:48 +0800] "GET /xingrg/all/function/internal_message.html?_=1618023705489&CODE_STATE=getMsg HTTP/1.1" 200 27
116.224.253.72 - - [10/Apr/2021:11:01:48 +0800] "POST /xingrg/kc/buy/cgsh_order_operate.html HTTP/1.1" 200 614
117.185.32.26 - - [10/Apr/2021:11:01:50 +0800] "GET /xingrg/kc/print/load_data.html?order_code=212021041003555&kc_code=cgsh&condition= HTTP/1.1" 200 778
116.224.253.72 - - [10/Apr/2021:11:01:51 +0800] "GET /xingrg/kc/print/load_data.html?order_code=212021041003556&kc_code=cgsh&condition= HTTP/1.1" 200 794
61.165.42.208 - - [10/Apr/2021:11:01:51 +0800] "GET /xingrg/all/function/internal_message.html?_=1618023698678&CODE_STATE=getMsg HTTP/1.1" 200 27
124.77.71.179 - - [10/Apr/2021:11:01:52 +0800] "GET /xingrg/all/function/internal_message.html?_=1618023713473&CODE_STATE=getMsg HTTP/1.1" 200 27
117.184.7.26 - - [10/Apr/2021:11:01:54 +0800] "GET /xingrg/kc/buy/cgsh_order_operate.html?command=get_materiel&rest_code=00108&code=00101008041&supplier_code=00100008&order_time=2021-04-10 HTTP/1.1" 200 408
116.235.95.160 - - [10/Apr/2021:11:01:56 +0800] "GET /xingrg/all/function/internal_message.html?_=1618023795626&CODE_STATE=getMsg HTTP/1.1" 200 27
116.224.253.72 - - [10/Apr/2021:11:01:57 +0800] "GET /xingrg/kc/buy/cgsh_order_add.html HTTP/1.1" 200 62084
116.224.253.72 - - [10/Apr/2021:11:01:57 +0800] "POST /xingrg/kc/buy/cgsh_order_operate.html HTTP/1.1" 200 8245
116.224.253.72 - - [10/Apr/2021:11:01:58 +0800] "GET /xingrg/javascript/easyui/themes/default/validatebox.css HTTP/1.1" 404 1104
117.185.32.26 - - [10/Apr/2021:11:01:59 +0800] "GET /xingrg/kc/buy/cgsh_order_add.html HTTP/1.1" 200 62148
117.185.32.26 - - [10/Apr/2021:11:01:59 +0800] "GET /xingrg/javascript/easyui/themes/default/validatebox.css HTTP/1.1" 404 1104
117.185.32.26 - - [10/Apr/2021:11:02:00 +0800] "POST /xingrg/kc/buy/cgsh_order_operate.html HTTP/1.1" 200 8245
117.185.32.26 - - [10/Apr/2021:11:02:01 +0800] "GET /xingrg/javascript/easyui/themes/default/tree.css HTTP/1.1" 404 1090
117.185.32.26 - - [10/Apr/2021:11:02:02 +0800] "POST /xingrg/all/common/load_tree.html?tree=supplier_tree_json&isDelete=1 HTTP/1.1" 200 54827
117.185.32.26 - - [10/Apr/2021:11:02:03 +0800] "GET /xingrg/all/function/internal_message.html?_=1618024232415&CODE_STATE=getMsg HTTP/1.1" 200 27
116.238.141.202 - - [10/Apr/2021:11:02:04 +0800] "GET /xingrg/all/function/internal_message.html?_=1618023730528&CODE_STATE=getMsg HTTP/1.1" 200 27
117.184.7.26 - - [10/Apr/2021:11:02:08 +0800] "POST /xingrg/kc/buy/cgsh_order_operate.html HTTP/1.1" 200 37
116.224.253.72 - - [10/Apr/2021:11:02:08 +0800] "GET /xingrg/kc/buy/cgsh_order_operate.html?command=get_materiel&rest_code=00150&code=00101002038&supplier_code=00100087&order_time=2021-04-10 HTTP/1.1" 200 23
61.165.42.208 - - [10/Apr/2021:11:02:08 +0800] "GET /xingrg/kc/buy/cgsh_order_operate.html?command=get_materiel&rest_code=00105&code=00101004023&supplier_code=00100313&order_time=2021-04-10 HTTP/1.1" 200 23
116.230.114.112 - - [10/Apr/2021:11:02:11 +0800] "GET /xingrg/kc/buy/cgsh_order_add.html HTTP/1.1" 200 62154
117.184.7.26 - - [10/Apr/2021:11:02:11 +0800] "POST /xingrg/kc/buy/cgsh_order_operate.html HTTP/1.1" 200 39319
116.230.114.112 - - [10/Apr/2021:11:02:11 +0800] "POST /xingrg/kc/buy/cgsh_order_operate.html HTTP/1.1" 200 8245
116.230.114.112 - - [10/Apr/2021:11:02:11 +0800] "GET /xingrg/javascript/easyui/themes/default/validatebox.css HTTP/1.1" 404 1104
116.233.74.165 - - [10/Apr/2021:11:02:13 +0800] "GET /xingrg/all/function/internal_message.html?_=1618023737771&CODE_STATE=getMsg HTTP/1.1" 200 27
222.69.131.206 - - [10/Apr/2021:11:02:13 +0800] "GET /xingrg/check_reg.html?_=1618023736369 HTTP/1.1" 200 22
61.165.42.208 - - [10/Apr/2021:11:02:17 +0800] "POST /xingrg/kc/buy/cgsh_order_operate.html HTTP/1.1" 200 37
117.185.32.26 - - [10/Apr/2021:11:02:18 +0800] "GET /xingrg/kc/buy/cgsh_order_operate.html?command=get_materiel&rest_code=00106&code=00101003035&supplier_code=00100092&order_time=2021-04-10 HTTP/1.1" 200 411
61.165.42.208 - - [10/Apr/2021:11:02:19 +0800] "POST /xingrg/kc/buy/cgsh_order_operate.html HTTP/1.1" 200 9802
222.69.131.206 - - [10/Apr/2021:11:02:19 +0800] "GET /xingrg/all/function/internal_message.html?_=1618023742369&CODE_STATE=getMsg HTTP/1.1" 200 27
116.230.114.112 - - [10/Apr/2021:11:02:19 +0800] "GET /xingrg/check_reg.html?_=1618023745851 HTTP/1.1" 302 -
117.184.7.26 - - [10/Apr/2021:11:02:19 +0800] "GET /xingrg/kc/buy/cgsh_order_operate.html?command=get_materiel&rest_code=00108&code=00101008036&supplier_code=00100008&order_time=2021-04-10 HTTP/1.1" 200 408
61.165.42.208 - - [10/Apr/2021:11:02:20 +0800] "GET /xingrg/all/function/internal_message.html?_=1618023744361&CODE_STATE=getMsg HTTP/1.1" 200 27
61.165.42.208 - - [10/Apr/2021:11:02:20 +0800] "GET /xingrg/check_reg.html?_=1618023744397 HTTP/1.1" 200 22
61.165.42.208 - - [10/Apr/2021:11:02:20 +0800] "GET /xingrg/index.html?sysBaseUrl=http%3A%2F%2F180.169.147.146%3A18081%2Fxingrg%2F&costTime=36×tamp=1585222720700 HTTP/1.1" 200 17173
61.165.42.208 - - [10/Apr/2021:11:02:21 +0800] "POST /xingrg/all/common/load_tree.html?tree=area_rest_tree_json&manage=1 HTTP/1.1" 200 3344
61.165.42.208 - - [10/Apr/2021:11:02:21 +0800] "GET /xingrg/check_reg.html?_=1618023745562 HTTP/1.1" 200 22
61.165.42.208 - - [10/Apr/2021:11:02:21 +0800] "GET /xingrg/all/function/internal_message.html?_=1618023745561&CODE_STATE=count HTTP/1.1" 200 11
61.165.42.208 - - [10/Apr/2021:11:02:21 +0800] "GET /favicon.ico HTTP/1.1" 404 -
61.165.42.208 - - [10/Apr/2021:11:02:21 +0800] "POST /xingrg/load_menu.html HTTP/1.1" 200 5138
58.40.7.146 - - [10/Apr/2021:11:02:23 +0800] "GET /xingrg/all/function/internal_message.html?_=1618023745886&CODE_STATE=getMsg HTTP/1.1" 302 -
61.165.42.208 - - [10/Apr/2021:11:02:24 +0800] "GET /xingrg/kc/buy/cgsh_order_list.html HTTP/1.1" 200 46410
114.86.187.76 - - [10/Apr/2021:11:02:24 +0800] "GET /xingrg/all/function/internal_message.html?_=1618023752107&CODE_STATE=getMsg HTTP/1.1" 200 27
114.86.187.76 - - [10/Apr/2021:11:02:24 +0800] "GET /xingrg/check_reg.html?_=1618023752124 HTTP/1.1" 200 22
116.224.253.72 - - [10/Apr/2021:11:02:25 +0800] "GET /xingrg/kc/buy/cgsh_order_operate.html?command=get_materiel&rest_code=00150&code=00101003035&supplier_code=00100092&order_time=2021-04-10 HTTP/1.1" 200 411
61.165.42.208 - - [10/Apr/2021:11:02:26 +0800] "POST /xingrg/kc/buy/cgsh_list_operate.html HTTP/1.1" 200 5175
180.169.147.146 - - [10/Apr/2021:11:02:27 +0800] "GET /xingrg/all/function/internal_message.html?_=1618023752207&CODE_STATE=getMsg HTTP/1.1" 200 27
117.184.7.26 - - [10/Apr/2021:11:02:29 +0800] "POST /xingrg/kc/buy/cgsh_order_operate.html HTTP/1.1" 200 37
116.224.253.72 - - [10/Apr/2021:11:02:30 +0800] "GET /xingrg/all/function/internal_message.html?_=1618023754427&CODE_STATE=getMsg HTTP/1.1" 200 27
116.224.253.72 - - [10/Apr/2021:11:02:30 +0800] "GET /xingrg/check_reg.html?_=1618023754428 HTTP/1.1" 200 22
222.70.217.33 - - [10/Apr/2021:11:02:32 +0800] "GET /xingrg/all/function/internal_message.html?_=1618023755007&CODE_STATE=getMsg HTTP/1.1" 200 27
180.169.147.146 - - [10/Apr/2021:11:02:32 +0800] "GET /xingrg/all/function/internal_message.html?_=1618023762004&CODE_STATE=getMsg HTTP/1.1" 302 -
116.230.114.112 - - [10/Apr/2021:11:02:34 +0800] "GET /xingrg/all/function/internal_message.html?_=1618023778822&CODE_STATE=getMsg HTTP/1.1" 200 27
61.165.42.208 - - [10/Apr/2021:11:02:34 +0800] "POST /xingrg/kc/buy/cgsh_list_operate.html HTTP/1.1" 200 4422
180.171.127.22 - - [10/Apr/2021:11:02:35 +0800] "GET /xingrg/all/function/internal_message.html?_=1618023755123&CODE_STATE=getMsg HTTP/1.1" 200 27
116.230.114.112 - - [10/Apr/2021:11:02:37 +0800] "GET /xingrg/all/function/internal_message.html?_=1618023763880&CODE_STATE=getMsg HTTP/1.1" 302 -
61.165.42.208 - - [10/Apr/2021:11:02:38 +0800] "POST /xingrg/kc/buy/cgsh_list_operate.html HTTP/1.1" 200 571
61.165.42.208 - - [10/Apr/2021:11:02:38 +0800] "GET /xingrg/kc/buy/cgsh_order_info.html?code=212021041003557 HTTP/1.1" 200 62208
61.165.42.208 - - [10/Apr/2021:11:02:38 +0800] "GET /xingrg/words/20210409185201_words.js HTTP/1.1" 304 -
61.165.42.208 - - [10/Apr/2021:11:02:39 +0800] "GET /xingrg/all/common/auto_word.html?type=employee&rest_code=00105 HTTP/1.1" 200 193
61.165.42.208 - - [10/Apr/2021:11:02:39 +0800] "GET /xingrg/all/common/auto_word.html?type=employee&rest_code=00105 HTTP/1.1" 200 193
61.165.42.208 - - [10/Apr/2021:11:02:39 +0800] "GET /xingrg/javascript/easyui/themes/default/validatebox.css HTTP/1.1" 404 1104
61.165.42.208 - - [10/Apr/2021:11:02:39 +0800] "POST /xingrg/kc/buy/cgsh_order_operate.html HTTP/1.1" 200 9802
116.238.141.202 - - [10/Apr/2021:11:02:41 +0800] "GET /xingrg/all/function/internal_message.html?_=1618024038784&CODE_STATE=getMsg HTTP/1.1" 200 27
114.88.156.246 - - [10/Apr/2021:11:02:41 +0800] "GET /xingrg/all/function/internal_message.html?_=1618023783706&CODE_STATE=getMsg HTTP/1.1" 200 27
116.224.253.72 - - [10/Apr/2021:11:02:42 +0800] "GET /xingrg/kc/buy/cgsh_order_operate.html?command=get_materiel&rest_code=00150&code=00101003006&supplier_code=00100092&order_time=2021-04-10 HTTP/1.1" 200 410
61.165.42.208 - - [10/Apr/2021:11:02:42 +0800] "GET /xingrg/javascript/auto/indicator.gif HTTP/1.1" 404 1066
117.185.32.26 - - [10/Apr/2021:11:02:46 +0800] "GET /xingrg/check_reg.html?_=1618023761844 HTTP/1.1" 200 22
117.185.32.26 - - [10/Apr/2021:11:02:46 +0800] "GET /xingrg/all/function/internal_message.html?_=1618023761843&CODE_STATE=getMsg HTTP/1.1" 200 27
124.77.71.179 - - [10/Apr/2021:11:02:46 +0800] "GET /xingrg/all/function/internal_message.html?_=1618023769905&CODE_STATE=getMsg HTTP/1.1" 200 27
61.165.42.208 - - [10/Apr/2021:11:02:47 +0800] "GET /xingrg/kc/buy/cgsh_order_operate.html?command=get_materiel&rest_code=00105&code=00101004023&supplier_code=00100313&order_time=2021-04-10 HTTP/1.1" 200 409
116.224.253.72 - - [10/Apr/2021:11:02:48 +0800] "GET /xingrg/all/function/internal_message.html?_=1618023765504&CODE_STATE=getMsg HTTP/1.1" 200 27
61.165.42.208 - - [10/Apr/2021:11:02:51 +0800] "GET /xingrg/all/function/internal_message.html?_=1618023758678&CODE_STATE=getMsg HTTP/1.1" 200 27
124.77.71.179 - - [10/Apr/2021:11:02:52 +0800] "GET /xingrg/all/function/internal_message.html?_=1618023773478&CODE_STATE=getMsg HTTP/1.1" 200 27
116.235.95.160 - - [10/Apr/2021:11:02:56 +0800] "GET /xingrg/all/function/internal_message.html?_=1618023855624&CODE_STATE=getMsg HTTP/1.1" 200 27
116.230.114.112 - - [10/Apr/2021:11:02:57 +0800] "GET /xingrg/kc/buy/cgsh_order_operate.html?command=get_materiel&rest_code=00146&code=00101010675&supplier_code=00100323&order_time=2021-04-10 HTTP/1.1" 200 402
180.169.147.146 - - [10/Apr/2021:11:02:58 +0800] "GET /xingrg/check_reg.html?_=1618023780529 HTTP/1.1" 200 22
117.185.32.26 - - [10/Apr/2021:11:03:02 +0800] "GET /xingrg/check_reg.html?_=1618024291222 HTTP/1.1" 200 22
117.185.32.26 - - [10/Apr/2021:11:03:03 +0800] "GET /xingrg/all/function/internal_message.html?_=1618024292413&CODE_STATE=getMsg HTTP/1.1" 200 27
117.185.32.26 - - [10/Apr/2021:11:03:03 +0800] "GET /xingrg/kc/buy/cgsh_order_operate.html?command=get_materiel&rest_code=00106&code=00101003006&supplier_code=00100092&order_time=2021-04-10 HTTP/1.1" 200 411
116.238.141.202 - - [10/Apr/2021:11:03:04 +0800] "GET /xingrg/all/function/internal_message.html?_=1618023790548&CODE_STATE=getMsg HTTP/1.1" 200 27
61.165.42.208 - - [10/Apr/2021:11:03:10 +0800] "POST /xingrg/kc/buy/cgsh_order_operate.html HTTP/1.1" 200 37
116.224.253.72 - - [10/Apr/2021:11:03:11 +0800] "POST /xingrg/kc/buy/cgsh_order_operate.html HTTP/1.1" 200 88
116.233.74.165 - - [10/Apr/2021:11:03:13 +0800] "GET /xingrg/check_reg.html?_=1618023797782 HTTP/1.1" 200 22
61.165.42.208 - - [10/Apr/2021:11:03:13 +0800] "POST /xingrg/kc/buy/cgsh_order_operate.html HTTP/1.1" 200 10391
116.233.74.165 - - [10/Apr/2021:11:03:13 +0800] "GET /xingrg/all/function/internal_message.html?_=1618023797784&CODE_STATE=getMsg HTTP/1.1" 200 27
61.165.42.208 - - [10/Apr/2021:11:03:13 +0800] "GET /xingrg/kc/print/load_config.html?kc_code=cgsh HTTP/1.1" 200 1845
61.165.42.208 - - [10/Apr/2021:11:03:14 +0800] "GET /xingrg/kc/print/load_data.html?order_code=212021041003557&kc_code=cgsh&condition= HTTP/1.1" 200 3599
116.224.253.72 - - [10/Apr/2021:11:03:17 +0800] "POST /xingrg/kc/buy/cgsh_order_operate.html HTTP/1.1" 200 37
116.224.253.72 - - [10/Apr/2021:11:03:19 +0800] "POST /xingrg/kc/buy/cgsh_order_operate.html HTTP/1.1" 200 3254
222.69.131.206 - - [10/Apr/2021:11:03:19 +0800] "GET /xingrg/all/function/internal_message.html?_=1618023802341&CODE_STATE=getMsg HTTP/1.1" 200 27
61.165.42.208 - - [10/Apr/2021:11:03:21 +0800] "GET /xingrg/kc/buy/cgsh_order_add.html HTTP/1.1" 200 62195
61.165.42.208 - - [10/Apr/2021:11:03:21 +0800] "GET /xingrg/all/function/internal_message.html?_=1618023805832&CODE_STATE=getMsg HTTP/1.1" 200 27
61.165.42.208 - - [10/Apr/2021:11:03:21 +0800] "POST /xingrg/kc/buy/cgsh_order_operate.html HTTP/1.1" 200 8245
61.165.42.208 - - [10/Apr/2021:11:03:21 +0800] "GET /xingrg/javascript/easyui/themes/default/validatebox.css HTTP/1.1" 404 1104
58.40.7.146 - - [10/Apr/2021:11:03:23 +0800] "GET /xingrg/all/function/internal_message.html?_=1618023805887&CODE_STATE=getMsg HTTP/1.1" 302 -
58.40.7.146 - - [10/Apr/2021:11:03:23 +0800] "GET /xingrg/check_reg.html?_=1618023805888 HTTP/1.1" 302 -
114.86.187.76 - - [10/Apr/2021:11:03:24 +0800] "GET /xingrg/all/function/internal_message.html?_=1618023812138&CODE_STATE=getMsg HTTP/1.1" 200 27
116.224.253.72 - - [10/Apr/2021:11:03:25 +0800] "POST /xingrg/kc/buy/cgsh_order_operate.html HTTP/1.1" 200 37
180.169.147.146 - - [10/Apr/2021:11:03:27 +0800] "GET /xingrg/check_reg.html?_=1618023812213 HTTP/1.1" 200 22
180.169.147.146 - - [10/Apr/2021:11:03:27 +0800] "GET /xingrg/all/function/internal_message.html?_=1618023812219&CODE_STATE=getMsg HTTP/1.1" 200 27
116.224.253.72 - - [10/Apr/2021:11:03:30 +0800] "GET /xingrg/all/function/internal_message.html?_=1618023814446&CODE_STATE=getMsg HTTP/1.1" 200 27
116.224.253.72 - - [10/Apr/2021:11:03:30 +0800] "POST /xingrg/kc/buy/cgsh_order_operate.html HTTP/1.1" 200 12
116.230.114.112 - - [10/Apr/2021:11:03:31 +0800] "GET /xingrg/kc/buy/cgsh_order_operate.html?command=get_materiel&rest_code=00146&code=00101010045&supplier_code=00100323&order_time=2021-04-10 HTTP/1.1" 200 420
116.224.253.72 - - [10/Apr/2021:11:03:31 +0800] "GET /xingrg/kc/buy/cgsh_order_info.html?code=212021041003559 HTTP/1.1" 200 56992
116.224.253.72 - - [10/Apr/2021:11:03:31 +0800] "GET /xingrg/javascript/easyui/themes/default/validatebox.css HTTP/1.1" 404 1104
116.224.253.72 - - [10/Apr/2021:11:03:32 +0800] "POST /xingrg/kc/buy/cgsh_order_operate.html HTTP/1.1" 200 1204
222.70.217.33 - - [10/Apr/2021:11:03:32 +0800] "GET /xingrg/all/function/internal_message.html?_=1618023815009&CODE_STATE=getMsg HTTP/1.1" 200 27
180.169.147.146 - - [10/Apr/2021:11:03:32 +0800] "GET /xingrg/all/function/internal_message.html?_=1618023822000&CODE_STATE=getMsg HTTP/1.1" 302 -
116.224.253.72 - - [10/Apr/2021:11:03:33 +0800] "GET /xingrg/kc/print/load_data.html?order_code=212021041003559&kc_code=cgsh&condition= HTTP/1.1" 200 1015
61.165.42.208 - - [10/Apr/2021:11:03:34 +0800] "GET /xingrg/kc/buy/cgsh_order_operate.html?command=get_materiel&rest_code=00105&code=00102002167&supplier_code=00100347&order_time=2021-04-10 HTTP/1.1" 200 409
116.230.114.112 - - [10/Apr/2021:11:03:34 +0800] "GET /xingrg/all/function/internal_message.html?_=1618023838836&CODE_STATE=getMsg HTTP/1.1" 200 27
180.171.127.22 - - [10/Apr/2021:11:03:35 +0800] "GET /xingrg/check_reg.html?_=1618023814863 HTTP/1.1" 200 22
180.171.127.22 - - [10/Apr/2021:11:03:35 +0800] "GET /xingrg/all/function/internal_message.html?_=1618023815137&CODE_STATE=getMsg HTTP/1.1" 200 27
117.185.32.26 - - [10/Apr/2021:11:03:36 +0800] "GET /xingrg/kc/buy/cgsh_order_operate.html?command=get_materiel&rest_code=00106&code=00101003033&supplier_code=00100092&order_time=2021-04-10 HTTP/1.1" 200 424
116.230.114.112 - - [10/Apr/2021:11:03:37 +0800] "GET /xingrg/all/function/internal_message.html?_=1618023823906&CODE_STATE=getMsg HTTP/1.1" 302 -
116.224.253.72 - - [10/Apr/2021:11:03:40 +0800] "GET /xingrg/kc/buy/cgsh_order_add.html HTTP/1.1" 200 62084
116.224.253.72 - - [10/Apr/2021:11:03:40 +0800] "POST /xingrg/kc/buy/cgsh_order_operate.html HTTP/1.1" 200 8245
116.224.253.72 - - [10/Apr/2021:11:03:40 +0800] "GET /xingrg/javascript/easyui/themes/default/validatebox.css HTTP/1.1" 404 1104
114.88.156.246 - - [10/Apr/2021:11:03:41 +0800] "GET /xingrg/all/function/internal_message.html?_=1618023843704&CODE_STATE=getMsg HTTP/1.1" 200 27
116.238.141.202 - - [10/Apr/2021:11:03:41 +0800] "GET /xingrg/all/function/internal_message.html?_=1618024099201&CODE_STATE=getMsg HTTP/1.1" 200 27
117.185.32.26 - - [10/Apr/2021:11:03:46 +0800] "GET /xingrg/all/function/internal_message.html?_=1618023821848&CODE_STATE=getMsg HTTP/1.1" 200 27
124.77.71.179 - - [10/Apr/2021:11:03:46 +0800] "GET /xingrg/all/function/internal_message.html?_=1618023829892&CODE_STATE=getMsg HTTP/1.1" 200 27
124.77.71.179 - - [10/Apr/2021:11:03:46 +0800] "GET /xingrg/check_reg.html?_=1618023829898 HTTP/1.1" 200 22
116.224.253.72 - - [10/Apr/2021:11:03:48 +0800] "GET /xingrg/all/function/internal_message.html?_=1618023825517&CODE_STATE=getMsg HTTP/1.1" 200 27
116.224.253.72 - - [10/Apr/2021:11:03:50 +0800] "GET /xingrg/kc/buy/cgsh_order_operate.html?command=get_materiel&rest_code=00150&code=00101002041&supplier_code=00100442&order_time=2021-04-10 HTTP/1.1" 200 409
120.253.135.82 - - [10/Apr/2021:11:03:51 +0800] "GET /xingrg/check_reg.html?_=1618023611437 HTTP/1.1" 200 22
61.165.42.208 - - [10/Apr/2021:11:03:51 +0800] "GET /xingrg/all/function/internal_message.html?_=1618023818680&CODE_STATE=getMsg HTTP/1.1" 200 27
124.77.71.179 - - [10/Apr/2021:11:03:52 +0800] "GET /xingrg/all/function/internal_message.html?_=1618023833497&CODE_STATE=getMsg HTTP/1.1" 200 27
124.77.71.179 - - [10/Apr/2021:11:03:52 +0800] "GET /xingrg/check_reg.html?_=1618023833663 HTTP/1.1" 200 22
61.165.42.208 - - [10/Apr/2021:11:03:55 +0800] "GET /xingrg/kc/buy/cgsh_order_operate.html?command=get_materiel&rest_code=00105&code=00101010200&supplier_code=00100347&order_time=2021-04-10 HTTP/1.1" 200 416
114.88.156.246 - - [10/Apr/2021:11:03:55 +0800] "GET /xingrg/check_reg.html?_=1618023857672 HTTP/1.1" 200 22
116.235.95.160 - - [10/Apr/2021:11:03:56 +0800] "GET /xingrg/check_reg.html?_=1618023915621 HTTP/1.1" 200 22
116.235.95.160 - - [10/Apr/2021:11:03:56 +0800] "GET /xingrg/all/function/internal_message.html?_=1618023915622&CODE_STATE=getMsg HTTP/1.1" 200 27
117.185.32.26 - - [10/Apr/2021:11:04:03 +0800] "GET /xingrg/all/function/internal_message.html?_=1618024352387&CODE_STATE=getMsg HTTP/1.1" 200 27
116.230.114.112 - - [10/Apr/2021:11:04:03 +0800] "POST /xingrg/kc/buy/cgsh_order_operate.html HTTP/1.1" 200 37
117.185.32.26 - - [10/Apr/2021:11:04:03 +0800] "POST /xingrg/kc/buy/cgsh_order_operate.html HTTP/1.1" 200 88
116.238.141.202 - - [10/Apr/2021:11:04:04 +0800] "GET /xingrg/check_reg.html?_=1618023850438 HTTP/1.1" 200 22
116.238.141.202 - - [10/Apr/2021:11:04:04 +0800] "GET /xingrg/all/function/internal_message.html?_=1618023850561&CODE_STATE=getMsg HTTP/1.1" 200 27
116.224.253.72 - - [10/Apr/2021:11:04:05 +0800] "GET /xingrg/kc/buy/cgsh_order_operate.html?command=get_materiel&rest_code=00150&code=00101002022&supplier_code=00100442&order_time=2021-04-10 HTTP/1.1" 200 430
117.184.7.30 - - [10/Apr/2021:11:04:05 +0800] "GET /xingrg/all/function/internal_message.html?_=1618023841916&CODE_STATE=getMsg HTTP/1.1" 200 27
116.230.114.112 - - [10/Apr/2021:11:04:05 +0800] "POST /xingrg/kc/buy/cgsh_order_operate.html HTTP/1.1" 200 3259
117.184.7.30 - - [10/Apr/2021:11:04:06 +0800] "POST /xingrg/kc/buy/cgsh_order_operate.html HTTP/1.1" 200 39907
117.185.32.26 - - [10/Apr/2021:11:04:09 +0800] "POST /xingrg/kc/buy/cgsh_order_operate.html HTTP/1.1" 200 37
116.230.114.112 - - [10/Apr/2021:11:04:09 +0800] "GET /xingrg/kc/print/load_data.html?order_code=212021041003560&kc_code=cgsh&condition= HTTP/1.1" 200 917
117.185.32.26 - - [10/Apr/2021:11:04:12 +0800] "POST /xingrg/kc/buy/cgsh_order_operate.html HTTP/1.1" 200 12
61.165.42.208 - - [10/Apr/2021:11:04:12 +0800] "GET /xingrg/kc/buy/cgsh_order_operate.html?command=get_materiel&rest_code=00105&code=00101004038&supplier_code=00100347&order_time=2021-04-10 HTTP/1.1" 200 429
116.233.74.165 - - [10/Apr/2021:11:04:13 +0800] "GET /xingrg/all/function/internal_message.html?_=1618023857777&CODE_STATE=getMsg HTTP/1.1" 200 27
117.185.32.26 - - [10/Apr/2021:11:04:13 +0800] "GET /xingrg/kc/buy/cgsh_order_info.html?code=212021041003562 HTTP/1.1" 200 57052
117.185.32.26 - - [10/Apr/2021:11:04:13 +0800] "GET /xingrg/javascript/easyui/themes/default/validatebox.css HTTP/1.1" 404 1104
117.185.32.26 - - [10/Apr/2021:11:04:13 +0800] "POST /xingrg/kc/buy/cgsh_order_operate.html HTTP/1.1" 200 1811
117.185.32.26 - - [10/Apr/2021:11:04:16 +0800] "GET /xingrg/kc/print/load_data.html?order_code=212021041003562&kc_code=cgsh&condition= HTTP/1.1" 200 1220
116.224.253.72 - - [10/Apr/2021:11:04:18 +0800] "POST /xingrg/kc/buy/cgsh_order_operate.html HTTP/1.1" 200 37
222.69.131.206 - - [10/Apr/2021:11:04:19 +0800] "GET /xingrg/all/function/internal_message.html?_=1618023862322&CODE_STATE=getMsg HTTP/1.1" 200 27
61.165.42.208 - - [10/Apr/2021:11:04:21 +0800] "GET /xingrg/all/function/internal_message.html?_=1618023865764&CODE_STATE=getMsg HTTP/1.1" 200 27
116.230.114.112 - - [10/Apr/2021:11:04:22 +0800] "GET /xingrg/kc/buy/cgsh_order_add.html HTTP/1.1" 200 62154
116.230.114.112 - - [10/Apr/2021:11:04:22 +0800] "POST /xingrg/kc/buy/cgsh_order_operate.html HTTP/1.1" 200 8245
116.230.114.112 - - [10/Apr/2021:11:04:22 +0800] "GET /xingrg/javascript/easyui/themes/default/validatebox.css HTTP/1.1" 404 1104
61.165.42.208 - - [10/Apr/2021:11:04:22 +0800] "GET /xingrg/kc/buy/cgsh_order_operate.html?command=get_materiel&rest_code=00105&code=00101005022&supplier_code=00100347&order_time=2021-04-10 HTTP/1.1" 200 417
58.40.7.146 - - [10/Apr/2021:11:04:23 +0800] "GET /xingrg/all/function/internal_message.html?_=1618023865904&CODE_STATE=getMsg HTTP/1.1" 302 -
114.86.187.76 - - [10/Apr/2021:11:04:24 +0800] "GET /xingrg/all/function/internal_message.html?_=1618023872134&CODE_STATE=getMsg HTTP/1.1" 200 27
180.169.147.146 - - [10/Apr/2021:11:04:27 +0800] "GET /xingrg/all/function/internal_message.html?_=1618023872206&CODE_STATE=getMsg HTTP/1.1" 200 27
117.185.32.26 - - [10/Apr/2021:11:04:29 +0800] "GET /xingrg/kc/buy/cgsh_order_add.html HTTP/1.1" 200 62148
117.185.32.26 - - [10/Apr/2021:11:04:29 +0800] "POST /xingrg/kc/buy/cgsh_order_operate.html HTTP/1.1" 200 8245
117.185.32.26 - - [10/Apr/2021:11:04:29 +0800] "GET /xingrg/javascript/easyui/themes/default/validatebox.css HTTP/1.1" 404 1104
61.165.42.208 - - [10/Apr/2021:11:04:30 +0800] "POST /xingrg/kc/buy/cgsh_order_operate.html HTTP/1.1" 200 37
116.224.253.72 - - [10/Apr/2021:11:04:30 +0800] "GET /xingrg/all/function/internal_message.html?_=1618023874446&CODE_STATE=getMsg HTTP/1.1" 200 27
61.165.42.208 - - [10/Apr/2021:11:04:31 +0800] "POST /xingrg/kc/buy/cgsh_order_operate.html HTTP/1.1" 200 4435
117.185.32.26 - - [10/Apr/2021:11:04:31 +0800] "GET /xingrg/javascript/easyui/themes/default/tree.css HTTP/1.1" 404 1090
116.238.141.202 - - [10/Apr/2021:11:04:32 +0800] "GET /xingrg/check_reg.html?_=1618024149284 HTTP/1.1" 200 22
117.185.32.26 - - [10/Apr/2021:11:04:32 +0800] "POST /xingrg/all/common/load_tree.html?tree=supplier_tree_json&isDelete=1 HTTP/1.1" 200 54827
61.165.42.208 - - [10/Apr/2021:11:04:32 +0800] "GET /xingrg/kc/print/load_data.html?order_code=212021041003564&kc_code=cgsh&condition= HTTP/1.1" 200 1338
222.70.217.33 - - [10/Apr/2021:11:04:32 +0800] "GET /xingrg/all/function/internal_message.html?_=1618023875011&CODE_STATE=getMsg HTTP/1.1" 200 27
180.169.147.146 - - [10/Apr/2021:11:04:32 +0800] "GET /xingrg/all/function/internal_message.html?_=1618023882001&CODE_STATE=getMsg HTTP/1.1" 302 -
116.224.253.72 - - [10/Apr/2021:11:04:34 +0800] "POST /xingrg/kc/buy/cgsh_order_operate.html HTTP/1.1" 200 12
116.230.114.112 - - [10/Apr/2021:11:04:34 +0800] "GET /xingrg/all/function/internal_message.html?_=1618023898849&CODE_STATE=getMsg HTTP/1.1" 200 27
116.224.253.72 - - [10/Apr/2021:11:04:35 +0800] "GET /xingrg/kc/buy/cgsh_order_info.html?code=212021041003563 HTTP/1.1" 200 56992
116.224.253.72 - - [10/Apr/2021:11:04:35 +0800] "GET /xingrg/javascript/easyui/themes/default/validatebox.css HTTP/1.1" 404 1104
180.171.127.22 - - [10/Apr/2021:11:04:35 +0800] "GET /xingrg/all/function/internal_message.html?_=1618023875149&CODE_STATE=getMsg HTTP/1.1" 200 27
116.224.253.72 - - [10/Apr/2021:11:04:36 +0800] "POST /xingrg/kc/buy/cgsh_order_operate.html HTTP/1.1" 200 1195
116.230.114.112 - - [10/Apr/2021:11:04:36 +0800] "GET /xingrg/kc/buy/cgsh_order_operate.html?command=get_materiel&rest_code=00146&code=00101010534&supplier_code=00100322&order_time=2021-04-10 HTTP/1.1" 200 428
116.230.114.112 - - [10/Apr/2021:11:04:37 +0800] "GET /xingrg/all/function/internal_message.html?_=1618023883908&CODE_STATE=getMsg HTTP/1.1" 302 -
116.224.253.72 - - [10/Apr/2021:11:04:39 +0800] "GET /xingrg/kc/print/load_data.html?order_code=212021041003563&kc_code=cgsh&condition= HTTP/1.1" 200 956
114.88.156.246 - - [10/Apr/2021:11:04:41 +0800] "GET /xingrg/all/function/internal_message.html?_=1618023903708&CODE_STATE=getMsg HTTP/1.1" 200 27
116.238.141.202 - - [10/Apr/2021:11:04:41 +0800] "GET /xingrg/all/function/internal_message.html?_=1618024159203&CODE_STATE=getMsg HTTP/1.1" 200 27
117.185.32.26 - - [10/Apr/2021:11:04:46 +0800] "GET /xingrg/all/function/internal_message.html?_=1618023881849&CODE_STATE=getMsg HTTP/1.1" 200 27
124.77.71.179 - - [10/Apr/2021:11:04:46 +0800] "GET /xingrg/all/function/internal_message.html?_=1618023889904&CODE_STATE=getMsg HTTP/1.1" 200 27
116.224.253.72 - - [10/Apr/2021:11:04:47 +0800] "GET /xingrg/kc/buy/cgsh_order_add.html HTTP/1.1" 200 62084
116.224.253.72 - - [10/Apr/2021:11:04:47 +0800] "POST /xingrg/kc/buy/cgsh_order_operate.html HTTP/1.1" 200 8245
116.224.253.72 - - [10/Apr/2021:11:04:48 +0800] "GET /xingrg/javascript/easyui/themes/default/validatebox.css HTTP/1.1" 404 1104
116.224.253.72 - - [10/Apr/2021:11:04:48 +0800] "GET /xingrg/all/function/internal_message.html?_=1618023885531&CODE_STATE=getMsg HTTP/1.1" 200 27
114.86.187.76 - - [10/Apr/2021:11:04:51 +0800] "GET /xingrg/login.html HTTP/1.1" 200 7641
61.165.42.208 - - [10/Apr/2021:11:04:51 +0800] "GET /xingrg/check_reg.html?_=1618023878680 HTTP/1.1" 200 22
61.165.42.208 - - [10/Apr/2021:11:04:51 +0800] "GET /xingrg/all/function/internal_message.html?_=1618023878683&CODE_STATE=getMsg HTTP/1.1" 200 27
114.86.187.76 - - [10/Apr/2021:11:04:51 +0800] "GET /xingrg/images/blue/jxLogo.png HTTP/1.1" 304 -
114.86.187.76 - - [10/Apr/2021:11:04:52 +0800] "GET /xingrg/images/blue/login_bg.png HTTP/1.1" 304 -
114.86.187.76 - - [10/Apr/2021:11:04:52 +0800] "GET /xingrg/images/blue/hj.png HTTP/1.1" 304 -
114.86.187.76 - - [10/Apr/2021:11:04:52 +0800] "GET /xingrg/images/blue/srbg.png HTTP/1.1" 304 -
114.86.187.76 - - [10/Apr/2021:11:04:52 +0800] "GET /favicon.ico HTTP/1.1" 404 -
124.77.71.179 - - [10/Apr/2021:11:04:52 +0800] "GET /xingrg/all/function/internal_message.html?_=1618023893486&CODE_STATE=getMsg HTTP/1.1" 200 27
101.91.60.105 - - [10/Apr/2021:11:04:55 +0800] "GET /xingrg/check_reg.html?_=1618023857672 HTTP/1.1" 302 -
116.235.95.160 - - [10/Apr/2021:11:04:56 +0800] "GET /xingrg/all/function/internal_message.html?_=1618023975620&CODE_STATE=getMsg HTTP/1.1" 200 27
101.91.60.105 - - [10/Apr/2021:11:04:56 +0800] "GET /xingrg/login.html HTTP/1.1" 200 7641
116.224.253.72 - - [10/Apr/2021:11:04:58 +0800] "GET /xingrg/kc/buy/cgsh_order_operate.html?command=get_materiel&rest_code=00150&code=00101002006&supplier_code=00100091&order_time=2021-04-10 HTTP/1.1" 200 414
117.185.32.26 - - [10/Apr/2021:11:04:58 +0800] "GET /xingrg/kc/buy/cgsh_order_operate.html?command=get_materiel&rest_code=00106&code=00101004011&supplier_code=00100088&order_time=2021-04-10 HTTP/1.1" 200 413
114.86.187.76 - - [10/Apr/2021:11:05:02 +0800] "POST /xingrg/login.do HTTP/1.1" 302 -
114.86.187.76 - - [10/Apr/2021:11:05:02 +0800] "GET /xingrg/javascript/jquery_easy_ui/themes/default/easyui.css HTTP/1.1" 304 -
114.86.187.76 - - [10/Apr/2021:11:05:02 +0800] "GET /xingrg/javascript/jquery_easy_ui/themes/icon.css HTTP/1.1" 304 -
114.86.187.76 - - [10/Apr/2021:11:05:02 +0800] "GET /xingrg/css/form.css HTTP/1.1" 304 -
114.86.187.76 - - [10/Apr/2021:11:05:02 +0800] "GET /xingrg/index.html?sysBaseUrl=http%3A%2F%2F180.169.147.146%3A18081%2Fxingrg%2F&costTime=65×tamp=1618023902071 HTTP/1.1" 200 17179
114.86.187.76 - - [10/Apr/2021:11:05:02 +0800] "GET /xingrg/javascript/jquery_easy_ui/easyui-lang-zh_CN.js HTTP/1.1" 304 -
114.86.187.76 - - [10/Apr/2021:11:05:02 +0800] "GET /favicon.ico HTTP/1.1" 404 -
114.86.187.76 - - [10/Apr/2021:11:05:02 +0800] "GET /xingrg/javascript/jquery_easy_ui/jquery.easyui.min.js HTTP/1.1" 304 -
114.86.187.76 - - [10/Apr/2021:11:05:02 +0800] "GET /xingrg/javascript/jquery.utils.js HTTP/1.1" 304 -
114.86.187.76 - - [10/Apr/2021:11:05:02 +0800] "GET /xingrg/javascript/jquery.form.js HTTP/1.1" 304 -
114.86.187.76 - - [10/Apr/2021:11:05:02 +0800] "GET /xingrg/javascript/jquery.timers.js HTTP/1.1" 304 -
114.86.187.76 - - [10/Apr/2021:11:05:02 +0800] "GET /xingrg/javascript/jquery-1.4.2.min.js HTTP/1.1" 304 -
114.86.187.76 - - [10/Apr/2021:11:05:02 +0800] "GET /xingrg/images/blue/jxLogo.png HTTP/1.1" 304 -
114.86.187.76 - - [10/Apr/2021:11:05:02 +0800] "GET /xingrg/images/blue/navBackgound.jpg HTTP/1.1" 304 -
114.86.187.76 - - [10/Apr/2021:11:05:02 +0800] "GET /xingrg/javascript/jquery_easy_ui/themes/icons/settle_new.png HTTP/1.1" 304 -
114.86.187.76 - - [10/Apr/2021:11:05:02 +0800] "GET /xingrg/images/blue/pingpu.png HTTP/1.1" 304 -
114.86.187.76 - - [10/Apr/2021:11:05:02 +0800] "GET /xingrg/javascript/jquery_easy_ui/themes/default/images/tabs_rightarrow.png HTTP/1.1" 304 -
114.86.187.76 - - [10/Apr/2021:11:05:02 +0800] "GET /xingrg/javascript/jquery_easy_ui/themes/default/images/tabs_leftarrow.png HTTP/1.1" 304 -
114.86.187.76 - - [10/Apr/2021:11:05:02 +0800] "GET /xingrg/javascript/jquery_easy_ui/themes/default/images/panel_tool_collapse.gif HTTP/1.1" 304 -
114.86.187.76 - - [10/Apr/2021:11:05:02 +0800] "POST /xingrg/all/common/load_tree.html?tree=area_rest_tree_json&manage=1 HTTP/1.1" 200 351
114.86.187.76 - - [10/Apr/2021:11:05:02 +0800] "GET /xingrg/all/function/internal_message.html?_=1618023912516&CODE_STATE=count HTTP/1.1" 200 11
114.86.187.76 - - [10/Apr/2021:11:05:02 +0800] "GET /xingrg/check_reg.html?_=1618023912517 HTTP/1.1" 200 22
114.86.187.76 - - [10/Apr/2021:11:05:02 +0800] "GET /xingrg/javascript/jquery_easy_ui/themes/default/images/tree_arrows.gif HTTP/1.1" 304 -
114.86.187.76 - - [10/Apr/2021:11:05:02 +0800] "POST /xingrg/load_menu.html HTTP/1.1" 200 5138
114.86.187.76 - - [10/Apr/2021:11:05:02 +0800] "GET /xingrg/javascript/jquery_easy_ui/themes/icons/search_new.png HTTP/1.1" 304 -
114.86.187.76 - - [10/Apr/2021:11:05:02 +0800] "GET /xingrg/javascript/jquery_easy_ui/themes/default/images/tree_folder_open.gif HTTP/1.1" 304 -
114.86.187.76 - - [10/Apr/2021:11:05:02 +0800] "GET /xingrg/javascript/jquery_easy_ui/themes/default/images/tree_folder.gif HTTP/1.1" 304 -
114.86.187.76 - - [10/Apr/2021:11:05:02 +0800] "GET /xingrg/javascript/jquery_easy_ui/themes/icons/storage_new.png HTTP/1.1" 304 -
114.86.187.76 - - [10/Apr/2021:11:05:02 +0800] "GET /xingrg/javascript/jquery_easy_ui/themes/icons/forms_new.png HTTP/1.1" 304 -
114.86.187.76 - - [10/Apr/2021:11:05:02 +0800] "GET /xingrg/javascript/jquery_easy_ui/themes/default/images/tree_file.gif HTTP/1.1" 304 -
117.185.32.26 - - [10/Apr/2021:11:05:03 +0800] "GET /xingrg/all/function/internal_message.html?_=1618024412369&CODE_STATE=getMsg HTTP/1.1" 200 27
116.230.114.112 - - [10/Apr/2021:11:05:03 +0800] "GET /xingrg/kc/buy/cgsh_order_operate.html?command=get_materiel&rest_code=00146&code=00101005027&supplier_code=00100322&order_time=2021-04-10 HTTP/1.1" 200 421
116.238.141.202 - - [10/Apr/2021:11:05:04 +0800] "GET /xingrg/all/function/internal_message.html?_=1618023910569&CODE_STATE=getMsg HTTP/1.1" 200 27
114.86.187.76 - - [10/Apr/2021:11:05:04 +0800] "GET /xingrg/javascript/jquery_easy_ui/themes/default/images/tabs_close.gif HTTP/1.1" 304 -
114.86.187.76 - - [10/Apr/2021:11:05:04 +0800] "GET /xingrg/css/site.css HTTP/1.1" 304 -
114.86.187.76 - - [10/Apr/2021:11:05:04 +0800] "GET /xingrg/css/base.css HTTP/1.1" 304 -
114.86.187.76 - - [10/Apr/2021:11:05:04 +0800] "GET /xingrg/javascript/jquery_tools/datebox.css HTTP/1.1" 304 -
114.86.187.76 - - [10/Apr/2021:11:05:04 +0800] "GET /xingrg/javascript/easyui/themes/icon.css HTTP/1.1" 304 -
114.86.187.76 - - [10/Apr/2021:11:05:04 +0800] "GET /xingrg/javascript/easyui/themes/default/easyui.css HTTP/1.1" 304 -
114.86.187.76 - - [10/Apr/2021:11:05:04 +0800] "GET /xingrg/javascript/auto/jquery.autocomplete.css HTTP/1.1" 304 -
114.86.187.76 - - [10/Apr/2021:11:05:04 +0800] "GET /xingrg/kc/buy/cgsh_order_list.html HTTP/1.1" 200 46416
114.86.187.76 - - [10/Apr/2021:11:05:04 +0800] "GET /xingrg/javascript/jquery_tools/jquery.tools.extend.js HTTP/1.1" 304 -
114.86.187.76 - - [10/Apr/2021:11:05:04 +0800] "GET /xingrg/javascript/jquery_tools/jquery.tools.hotkey.js HTTP/1.1" 304 -
114.86.187.76 - - [10/Apr/2021:11:05:04 +0800] "GET /xingrg/javascript/jquery_tools/jquery.tools.table.js HTTP/1.1" 304 -
114.86.187.76 - - [10/Apr/2021:11:05:04 +0800] "GET /xingrg/javascript/jquery_tools/list_manager.js HTTP/1.1" 304 -
114.86.187.76 - - [10/Apr/2021:11:05:04 +0800] "GET /xingrg/javascript/jquery.cookie.js HTTP/1.1" 304 -
114.86.187.76 - - [10/Apr/2021:11:05:04 +0800] "GET /xingrg/javascript/print/LodopFuncs.js HTTP/1.1" 304 -
114.86.187.76 - - [10/Apr/2021:11:05:04 +0800] "GET /xingrg/javascript/auto/jquery.autocomplete.js HTTP/1.1" 304 -
