124.77.71.179 - - [10/Apr/2021:10:43:51 +0800] "GET /xingrg/check_reg.html?_=1618022633396 HTTP/1.1" 200 22
124.77.71.179 - - [10/Apr/2021:10:43:52 +0800] "GET /xingrg/all/function/internal_message.html?_=1618022633499&CODE_STATE=getMsg HTTP/1.1" 200 27
114.88.156.246 - - [10/Apr/2021:10:43:55 +0800] "GET /xingrg/check_reg.html?_=1618022657751 HTTP/1.1" 200 22
116.235.95.160 - - [10/Apr/2021:10:43:56 +0800] "GET /xingrg/check_reg.html?_=1618022715622 HTTP/1.1" 200 22
116.235.95.160 - - [10/Apr/2021:10:43:56 +0800] "GET /xingrg/all/function/internal_message.html?_=1618022715621&CODE_STATE=getMsg HTTP/1.1" 200 27
61.165.42.208 - - [10/Apr/2021:10:44:00 +0800] "POST /xingrg/kc/buy/cgsh_order_operate.html HTTP/1.1" 200 37
61.165.42.208 - - [10/Apr/2021:10:44:01 +0800] "POST /xingrg/kc/buy/cgsh_order_operate.html HTTP/1.1" 200 3254
61.165.42.208 - - [10/Apr/2021:10:44:06 +0800] "GET /xingrg/kc/buy/cgsh_order_add.html HTTP/1.1" 200 62195
61.165.42.208 - - [10/Apr/2021:10:44:07 +0800] "POST /xingrg/kc/buy/cgsh_order_operate.html HTTP/1.1" 200 8245
61.165.42.208 - - [10/Apr/2021:10:44:07 +0800] "GET /xingrg/javascript/easyui/themes/default/validatebox.css HTTP/1.1" 404 1104
61.165.42.208 - - [10/Apr/2021:10:44:09 +0800] "GET /xingrg/kc/base/wldb_order_operate.html?command=get_materiel&rest_code=00105&base_code=0010507&code=00101019257 HTTP/1.1" 200 477
61.165.42.208 - - [10/Apr/2021:10:44:19 +0800] "GET /xingrg/kc/base/wldb_order_operate.html?command=get_materiel&rest_code=00105&base_code=0010507&code=00101019258 HTTP/1.1" 200 469
222.69.131.206 - - [10/Apr/2021:10:44:19 +0800] "GET /xingrg/all/function/internal_message.html?_=1618022662702&CODE_STATE=getMsg HTTP/1.1" 200 27
61.165.42.208 - - [10/Apr/2021:10:44:20 +0800] "GET /xingrg/all/function/internal_message.html?_=1618022664374&CODE_STATE=getMsg HTTP/1.1" 200 27
61.165.42.208 - - [10/Apr/2021:10:44:22 +0800] "GET /xingrg/kc/buy/cgsh_order_operate.html?command=get_materiel&rest_code=00105&code=00101001116&supplier_code=00100314&order_time=2021-04-10 HTTP/1.1" 200 408
58.40.7.146 - - [10/Apr/2021:10:44:23 +0800] "GET /xingrg/all/function/internal_message.html?_=1618022665890&CODE_STATE=getMsg HTTP/1.1" 302 -
114.86.187.76 - - [10/Apr/2021:10:44:24 +0800] "GET /xingrg/all/function/internal_message.html?_=1618022672074&CODE_STATE=getMsg HTTP/1.1" 200 27
180.169.147.146 - - [10/Apr/2021:10:44:27 +0800] "GET /xingrg/all/function/internal_message.html?_=1618022672180&CODE_STATE=getMsg HTTP/1.1" 200 27
116.224.253.72 - - [10/Apr/2021:10:44:29 +0800] "GET /xingrg/all/function/internal_message.html?_=1618022674337&CODE_STATE=getMsg HTTP/1.1" 200 27
116.238.141.202 - - [10/Apr/2021:10:44:32 +0800] "GET /xingrg/check_reg.html?_=1618022949258 HTTP/1.1" 200 22
222.70.217.33 - - [10/Apr/2021:10:44:32 +0800] "GET /xingrg/all/function/internal_message.html?_=1618022675013&CODE_STATE=getMsg HTTP/1.1" 200 27
180.169.147.146 - - [10/Apr/2021:10:44:32 +0800] "GET /xingrg/all/function/internal_message.html?_=1618022681970&CODE_STATE=getMsg HTTP/1.1" 302 -
116.233.74.165 - - [10/Apr/2021:10:44:33 +0800] "GET /xingrg/all/function/internal_message.html?_=1618022678070&CODE_STATE=getMsg HTTP/1.1" 200 27
120.204.17.68 - - [10/Apr/2021:10:44:33 +0800] "GET /xingrg/kc/buy/cgsh_order_info.html?code=212021041003529 HTTP/1.1" 302 -
116.230.114.112 - - [10/Apr/2021:10:44:33 +0800] "GET /xingrg/all/function/internal_message.html?_=1618022698340&CODE_STATE=getMsg HTTP/1.1" 200 27
117.184.7.26 - - [10/Apr/2021:10:44:34 +0800] "GET /xingrg/all/function/internal_message.html?_=1618022670432&CODE_STATE=getMsg HTTP/1.1" 200 27
120.204.17.68 - - [10/Apr/2021:10:44:35 +0800] "GET /xingrg/login.html HTTP/1.1" 200 7641
180.171.127.22 - - [10/Apr/2021:10:44:35 +0800] "GET /xingrg/all/function/internal_message.html?_=1618022674879&CODE_STATE=getMsg HTTP/1.1" 200 27
116.230.114.112 - - [10/Apr/2021:10:44:37 +0800] "GET /xingrg/all/function/internal_message.html?_=1618022683636&CODE_STATE=getMsg HTTP/1.1" 302 -
116.238.141.202 - - [10/Apr/2021:10:44:38 +0800] "GET /xingrg/all/function/internal_message.html?_=1618022955638&CODE_STATE=getMsg HTTP/1.1" 200 27
114.88.156.246 - - [10/Apr/2021:10:44:41 +0800] "GET /xingrg/all/function/internal_message.html?_=1618022703687&CODE_STATE=getMsg HTTP/1.1" 200 27
183.192.164.214 - - [10/Apr/2021:10:44:45 +0800] "GET /xingrg/all/function/internal_message.html?_=1618022621833&CODE_STATE=getMsg HTTP/1.1" 302 -
117.185.32.26 - - [10/Apr/2021:10:44:46 +0800] "GET /xingrg/all/function/internal_message.html?_=1618022681833&CODE_STATE=getMsg HTTP/1.1" 200 27
124.77.71.179 - - [10/Apr/2021:10:44:46 +0800] "GET /xingrg/all/function/internal_message.html?_=1618022689906&CODE_STATE=getMsg HTTP/1.1" 200 27
183.192.164.214 - - [10/Apr/2021:10:44:47 +0800] "GET /xingrg/login.html HTTP/1.1" 200 7641
116.224.253.72 - - [10/Apr/2021:10:44:47 +0800] "GET /xingrg/all/function/internal_message.html?_=1618022685267&CODE_STATE=getMsg HTTP/1.1" 200 27
61.165.42.208 - - [10/Apr/2021:10:44:50 +0800] "GET /xingrg/kc/buy/cgsh_order_operate.html?command=get_materiel&rest_code=00105&code=00101001167&supplier_code=00100314&order_time=2021-04-10 HTTP/1.1" 200 431
61.165.42.208 - - [10/Apr/2021:10:44:51 +0800] "GET /xingrg/check_reg.html?_=1618022678661 HTTP/1.1" 200 22
61.165.42.208 - - [10/Apr/2021:10:44:51 +0800] "GET /xingrg/all/function/internal_message.html?_=1618022678664&CODE_STATE=getMsg HTTP/1.1" 200 27
124.77.71.179 - - [10/Apr/2021:10:44:52 +0800] "GET /xingrg/all/function/internal_message.html?_=1618022693470&CODE_STATE=getMsg HTTP/1.1" 200 27
116.235.95.160 - - [10/Apr/2021:10:44:56 +0800] "GET /xingrg/all/function/internal_message.html?_=1618022775621&CODE_STATE=getMsg HTTP/1.1" 200 27
61.165.42.208 - - [10/Apr/2021:10:44:59 +0800] "POST /xingrg/kc/buy/cgsh_order_operate.html HTTP/1.1" 200 37
61.165.42.208 - - [10/Apr/2021:10:45:00 +0800] "POST /xingrg/kc/buy/cgsh_order_operate.html HTTP/1.1" 200 2658
61.165.42.208 - - [10/Apr/2021:10:45:01 +0800] "GET /xingrg/kc/print/load_data.html?order_code=212021041003531&kc_code=cgsh&condition= HTTP/1.1" 200 669
61.165.42.208 - - [10/Apr/2021:10:45:16 +0800] "GET /xingrg/kc/base/wldb_order_operate.html?command=get_materiel&rest_code=00105&base_code=0010507&code=00101019400 HTTP/1.1" 200 450
101.93.222.235 - - [10/Apr/2021:10:45:17 +0800] "POST /xingrg/services/DataTransmitService HTTP/1.1" 200 524
101.93.222.235 - - [10/Apr/2021:10:45:18 +0800] "POST /xingrg/services/DataTransmitService HTTP/1.1" 200 2071
101.93.222.235 - - [10/Apr/2021:10:45:18 +0800] "POST /xingrg/services/DataTransmitService HTTP/1.1" 200 153748
222.69.131.206 - - [10/Apr/2021:10:45:19 +0800] "GET /xingrg/all/function/internal_message.html?_=1618022722692&CODE_STATE=getMsg HTTP/1.1" 200 27
61.165.42.208 - - [10/Apr/2021:10:45:20 +0800] "GET /xingrg/all/function/internal_message.html?_=1618022724365&CODE_STATE=getMsg HTTP/1.1" 200 27
58.40.7.146 - - [10/Apr/2021:10:45:23 +0800] "GET /xingrg/all/function/internal_message.html?_=1618022725877&CODE_STATE=getMsg HTTP/1.1" 302 -
114.86.187.76 - - [10/Apr/2021:10:45:24 +0800] "GET /xingrg/all/function/internal_message.html?_=1618022732082&CODE_STATE=getMsg HTTP/1.1" 200 27
180.169.147.146 - - [10/Apr/2021:10:45:27 +0800] "GET /xingrg/all/function/internal_message.html?_=1618022732180&CODE_STATE=getMsg HTTP/1.1" 200 27
61.165.42.208 - - [10/Apr/2021:10:45:29 +0800] "GET /xingrg/kc/buy/cgsh_order_add.html HTTP/1.1" 200 62195
61.165.42.208 - - [10/Apr/2021:10:45:29 +0800] "GET /xingrg/javascript/easyui/themes/default/validatebox.css HTTP/1.1" 404 1104
61.165.42.208 - - [10/Apr/2021:10:45:29 +0800] "POST /xingrg/kc/buy/cgsh_order_operate.html HTTP/1.1" 200 8245
116.224.253.72 - - [10/Apr/2021:10:45:29 +0800] "GET /xingrg/all/function/internal_message.html?_=1618022734341&CODE_STATE=getMsg HTTP/1.1" 200 27
222.70.217.33 - - [10/Apr/2021:10:45:32 +0800] "GET /xingrg/check_reg.html?_=1618022735015 HTTP/1.1" 200 22
222.70.217.33 - - [10/Apr/2021:10:45:32 +0800] "GET /xingrg/all/function/internal_message.html?_=1618022735016&CODE_STATE=getMsg HTTP/1.1" 200 27
180.169.147.146 - - [10/Apr/2021:10:45:32 +0800] "GET /xingrg/all/function/internal_message.html?_=1618022741972&CODE_STATE=getMsg HTTP/1.1" 302 -
180.169.147.146 - - [10/Apr/2021:10:45:32 +0800] "GET /xingrg/check_reg.html?_=1618022741974 HTTP/1.1" 302 -
116.233.74.165 - - [10/Apr/2021:10:45:33 +0800] "GET /xingrg/all/function/internal_message.html?_=1618022738072&CODE_STATE=getMsg HTTP/1.1" 200 27
116.230.114.112 - - [10/Apr/2021:10:45:33 +0800] "GET /xingrg/all/function/internal_message.html?_=1618022758357&CODE_STATE=getMsg HTTP/1.1" 200 27
117.184.7.26 - - [10/Apr/2021:10:45:34 +0800] "GET /xingrg/all/function/internal_message.html?_=1618022730438&CODE_STATE=getMsg HTTP/1.1" 200 27
180.171.127.22 - - [10/Apr/2021:10:45:35 +0800] "GET /xingrg/all/function/internal_message.html?_=1618022734892&CODE_STATE=getMsg HTTP/1.1" 200 27
116.230.114.112 - - [10/Apr/2021:10:45:37 +0800] "GET /xingrg/all/function/internal_message.html?_=1618022743663&CODE_STATE=getMsg HTTP/1.1" 302 -
116.233.76.71 - - [10/Apr/2021:10:45:38 +0800] "POST /xingrg/services/DataTransmitService HTTP/1.1" 200 524
116.238.141.202 - - [10/Apr/2021:10:45:38 +0800] "GET /xingrg/all/function/internal_message.html?_=1618023015662&CODE_STATE=getMsg HTTP/1.1" 200 27
116.233.76.71 - - [10/Apr/2021:10:45:38 +0800] "POST /xingrg/services/DataTransmitService HTTP/1.1" 200 501
61.165.42.208 - - [10/Apr/2021:10:45:40 +0800] "POST /xingrg/kc/base/wldb_order_operate.html HTTP/1.1" 200 37
61.165.42.208 - - [10/Apr/2021:10:45:40 +0800] "POST /xingrg/kc/base/wldb_order_operate.html HTTP/1.1" 200 6204
61.165.42.208 - - [10/Apr/2021:10:45:40 +0800] "GET /xingrg/kc/base/wldb_order_info.html?code=422021041000857 HTTP/1.1" 200 30561
61.165.42.208 - - [10/Apr/2021:10:45:41 +0800] "GET /xingrg/javascript/easyui/themes/default/validatebox.css HTTP/1.1" 404 1104
61.165.42.208 - - [10/Apr/2021:10:45:41 +0800] "POST /xingrg/kc/base/wldb_order_operate.html HTTP/1.1" 200 6204
114.88.156.246 - - [10/Apr/2021:10:45:41 +0800] "GET /xingrg/all/function/internal_message.html?_=1618022763683&CODE_STATE=getMsg HTTP/1.1" 200 27
61.165.42.208 - - [10/Apr/2021:10:45:42 +0800] "GET /xingrg/kc/buy/cgsh_order_operate.html?command=get_materiel&rest_code=00105&code=00101010673&supplier_code=00100323&order_time=2021-04-10 HTTP/1.1" 200 409
117.185.32.26 - - [10/Apr/2021:10:45:46 +0800] "GET /xingrg/all/function/internal_message.html?_=1618022741835&CODE_STATE=getMsg HTTP/1.1" 200 27
124.77.71.179 - - [10/Apr/2021:10:45:46 +0800] "GET /xingrg/all/function/internal_message.html?_=1618022749893&CODE_STATE=getMsg HTTP/1.1" 200 27
116.224.253.72 - - [10/Apr/2021:10:45:47 +0800] "GET /xingrg/all/function/internal_message.html?_=1618022745273&CODE_STATE=getMsg HTTP/1.1" 200 27
61.165.42.208 - - [10/Apr/2021:10:45:51 +0800] "GET /xingrg/all/function/internal_message.html?_=1618022738673&CODE_STATE=getMsg HTTP/1.1" 200 27
124.77.71.179 - - [10/Apr/2021:10:45:52 +0800] "GET /xingrg/all/function/internal_message.html?_=1618022753461&CODE_STATE=getMsg HTTP/1.1" 200 27
117.131.5.26 - - [10/Apr/2021:10:45:56 +0800] "GET /xingrg/all/function/internal_message.html?_=1618022835620&CODE_STATE=getMsg HTTP/1.1" 200 27
61.165.42.208 - - [10/Apr/2021:10:45:56 +0800] "GET /xingrg/kc/buy/cgsh_order_operate.html?command=get_materiel&rest_code=00105&code=00101010088&supplier_code=00100323&order_time=2021-04-10 HTTP/1.1" 200 418
61.165.42.208 - - [10/Apr/2021:10:45:57 +0800] "POST /xingrg/kc/base/wldb_order_operate.html HTTP/1.1" 200 37
61.165.42.208 - - [10/Apr/2021:10:45:58 +0800] "POST /xingrg/kc/base/wldb_order_operate.html HTTP/1.1" 200 6204
61.165.42.208 - - [10/Apr/2021:10:45:58 +0800] "GET /xingrg/kc/base/wldb_order_info.html?code=422021041000857 HTTP/1.1" 200 30561
61.165.42.208 - - [10/Apr/2021:10:45:59 +0800] "GET /xingrg/javascript/easyui/themes/default/validatebox.css HTTP/1.1" 404 1104
61.165.42.208 - - [10/Apr/2021:10:45:59 +0800] "POST /xingrg/kc/base/wldb_order_operate.html HTTP/1.1" 200 6204
117.185.32.26 - - [10/Apr/2021:10:46:00 +0800] "GET /xingrg/kc/base/base_main.html HTTP/1.1" 200 12142
117.185.32.26 - - [10/Apr/2021:10:46:00 +0800] "GET /xingrg/images/blue/button/wlsy.gif HTTP/1.1" 200 2536
117.185.32.26 - - [10/Apr/2021:10:46:00 +0800] "GET /xingrg/images/blue/button/ckpd.gif HTTP/1.1" 200 2051
117.185.32.26 - - [10/Apr/2021:10:46:00 +0800] "GET /xingrg/images/blue/button/ckdb.gif HTTP/1.1" 200 1950
117.185.32.26 - - [10/Apr/2021:10:46:00 +0800] "GET /xingrg/images/blue/button/yddb.gif HTTP/1.1" 200 2040
117.185.32.26 - - [10/Apr/2021:10:46:00 +0800] "GET /xingrg/images/blue/button/top_left.jpg HTTP/1.1" 200 1632
117.185.32.26 - - [10/Apr/2021:10:46:00 +0800] "GET /xingrg/images/blue/button/top_right.jpg HTTP/1.1" 200 1708
117.185.32.26 - - [10/Apr/2021:10:46:00 +0800] "GET /xingrg/images/blue/button/down.jpg HTTP/1.1" 200 1560
117.185.32.26 - - [10/Apr/2021:10:46:00 +0800] "GET /xingrg/images/blue/button/left_ah.jpg HTTP/1.1" 200 1643
117.185.32.26 - - [10/Apr/2021:10:46:00 +0800] "GET /xingrg/images/blue/button/bottom_left.jpg HTTP/1.1" 200 1524
117.185.32.26 - - [10/Apr/2021:10:46:00 +0800] "GET /xingrg/images/blue/button/bottom_right.jpg HTTP/1.1" 200 1436
117.185.32.26 - - [10/Apr/2021:10:46:01 +0800] "GET /xingrg/kc/base/wldb_order_list.html HTTP/1.1" 200 19383
117.185.32.26 - - [10/Apr/2021:10:46:02 +0800] "POST /xingrg/kc/base/wldb_list_operate.html HTTP/1.1" 200 928
117.185.32.26 - - [10/Apr/2021:10:46:05 +0800] "GET /xingrg/kc/base/wldb_order_add.html HTTP/1.1" 200 30550
117.185.32.26 - - [10/Apr/2021:10:46:05 +0800] "POST /xingrg/kc/base/wldb_order_operate.html HTTP/1.1" 200 6806
117.185.32.26 - - [10/Apr/2021:10:46:05 +0800] "GET /xingrg/all/common/auto_word.html?type=base&rest_code=00106 HTTP/1.1" 200 1753
117.185.32.26 - - [10/Apr/2021:10:46:05 +0800] "GET /xingrg/all/common/auto_word.html?type=base&rest_code=00106 HTTP/1.1" 200 1753
117.185.32.26 - - [10/Apr/2021:10:46:05 +0800] "GET /xingrg/javascript/easyui/themes/default/validatebox.css HTTP/1.1" 404 1104
117.185.32.26 - - [10/Apr/2021:10:46:06 +0800] "POST /xingrg/all/common/load_combo.html?type=base HTTP/1.1" 200 3142
61.165.42.208 - - [10/Apr/2021:10:46:06 +0800] "GET /xingrg/kc/buy/cgsh_order_operate.html?command=get_materiel&rest_code=00105&code=00101016009&supplier_code=00100323&order_time=2021-04-10 HTTP/1.1" 200 419
117.185.32.26 - - [10/Apr/2021:10:46:08 +0800] "POST /xingrg/all/common/load_combo.html?type=base HTTP/1.1" 200 3142
61.165.42.208 - - [10/Apr/2021:10:46:10 +0800] "GET /xingrg/kc/base/base_main.html HTTP/1.1" 200 12142
61.165.42.208 - - [10/Apr/2021:10:46:11 +0800] "GET /xingrg/kc/base/wldb_order_list.html HTTP/1.1" 200 19383
61.165.42.208 - - [10/Apr/2021:10:46:12 +0800] "POST /xingrg/kc/base/wldb_list_operate.html HTTP/1.1" 200 2167
117.185.32.26 - - [10/Apr/2021:10:46:17 +0800] "GET /xingrg/kc/base/wldb_order_operate.html?command=get_materiel&rest_code=00106&base_code=0010397&code=00102002204 HTTP/1.1" 200 433
222.69.131.206 - - [10/Apr/2021:10:46:19 +0800] "GET /xingrg/all/function/internal_message.html?_=1618022782680&CODE_STATE=getMsg HTTP/1.1" 200 27
61.165.42.208 - - [10/Apr/2021:10:46:20 +0800] "GET /xingrg/all/function/internal_message.html?_=1618022784363&CODE_STATE=getMsg HTTP/1.1" 200 27
117.185.32.26 - - [10/Apr/2021:10:46:22 +0800] "POST /xingrg/kc/base/wldb_order_operate.html HTTP/1.1" 200 37
117.185.32.26 - - [10/Apr/2021:10:46:22 +0800] "POST /xingrg/kc/base/wldb_order_operate.html HTTP/1.1" 200 2197
58.40.7.146 - - [10/Apr/2021:10:46:23 +0800] "GET /xingrg/all/function/internal_message.html?_=1618022785880&CODE_STATE=getMsg HTTP/1.1" 302 -
117.185.32.26 - - [10/Apr/2021:10:46:23 +0800] "GET /xingrg/kc/base/wldb_order_info.html?code=422021041000858 HTTP/1.1" 200 30564
117.185.32.26 - - [10/Apr/2021:10:46:24 +0800] "GET /xingrg/javascript/easyui/themes/default/validatebox.css HTTP/1.1" 404 1104
117.185.32.26 - - [10/Apr/2021:10:46:24 +0800] "POST /xingrg/kc/base/wldb_order_operate.html HTTP/1.1" 200 2197
114.86.187.76 - - [10/Apr/2021:10:46:24 +0800] "GET /xingrg/all/function/internal_message.html?_=1618022792090&CODE_STATE=getMsg HTTP/1.1" 200 27
61.165.42.208 - - [10/Apr/2021:10:46:25 +0800] "GET /xingrg/kc/buy/cgsh_order_operate.html?command=get_materiel&rest_code=00105&code=00101010017&supplier_code=00100323&order_time=2021-04-10 HTTP/1.1" 200 424
180.169.147.146 - - [10/Apr/2021:10:46:27 +0800] "GET /xingrg/all/function/internal_message.html?_=1618022792185&CODE_STATE=getMsg HTTP/1.1" 200 27
116.224.253.72 - - [10/Apr/2021:10:46:29 +0800] "GET /xingrg/all/function/internal_message.html?_=1618022794345&CODE_STATE=getMsg HTTP/1.1" 200 27
222.70.217.33 - - [10/Apr/2021:10:46:32 +0800] "GET /xingrg/all/function/internal_message.html?_=1618022795002&CODE_STATE=getMsg HTTP/1.1" 200 27
180.169.147.146 - - [10/Apr/2021:10:46:32 +0800] "GET /xingrg/all/function/internal_message.html?_=1618022801973&CODE_STATE=getMsg HTTP/1.1" 302 -
117.185.32.26 - - [10/Apr/2021:10:46:33 +0800] "GET /xingrg/kc/base/wldb_order_add.html HTTP/1.1" 200 30550
116.233.74.165 - - [10/Apr/2021:10:46:33 +0800] "GET /xingrg/all/function/internal_message.html?_=1618022798074&CODE_STATE=getMsg HTTP/1.1" 200 27
117.185.32.26 - - [10/Apr/2021:10:46:33 +0800] "GET /xingrg/javascript/easyui/themes/default/validatebox.css HTTP/1.1" 404 1104
117.185.32.26 - - [10/Apr/2021:10:46:33 +0800] "POST /xingrg/kc/base/wldb_order_operate.html HTTP/1.1" 200 6806
116.230.114.112 - - [10/Apr/2021:10:46:33 +0800] "GET /xingrg/check_reg.html?_=1618022818271 HTTP/1.1" 200 22
116.230.114.112 - - [10/Apr/2021:10:46:33 +0800] "GET /xingrg/all/function/internal_message.html?_=1618022818371&CODE_STATE=getMsg HTTP/1.1" 200 27
117.184.7.26 - - [10/Apr/2021:10:46:34 +0800] "GET /xingrg/all/function/internal_message.html?_=1618022790441&CODE_STATE=getMsg HTTP/1.1" 200 27
117.184.7.26 - - [10/Apr/2021:10:46:34 +0800] "GET /xingrg/check_reg.html?_=1618022790443 HTTP/1.1" 200 22
180.171.127.22 - - [10/Apr/2021:10:46:35 +0800] "GET /xingrg/all/function/internal_message.html?_=1618022794910&CODE_STATE=getMsg HTTP/1.1" 200 27
117.185.32.26 - - [10/Apr/2021:10:46:36 +0800] "POST /xingrg/all/common/load_combo.html?type=base HTTP/1.1" 200 3142
116.230.114.112 - - [10/Apr/2021:10:46:37 +0800] "GET /xingrg/all/function/internal_message.html?_=1618022803663&CODE_STATE=getMsg HTTP/1.1" 302 -
117.185.32.26 - - [10/Apr/2021:10:46:38 +0800] "POST /xingrg/all/common/load_combo.html?type=base HTTP/1.1" 200 3142
116.238.141.202 - - [10/Apr/2021:10:46:39 +0800] "GET /xingrg/all/function/internal_message.html?_=1618023076102&CODE_STATE=getMsg HTTP/1.1" 200 27
114.88.156.246 - - [10/Apr/2021:10:46:41 +0800] "GET /xingrg/all/function/internal_message.html?_=1618022823682&CODE_STATE=getMsg HTTP/1.1" 200 27
61.165.42.208 - - [10/Apr/2021:10:46:42 +0800] "GET /xingrg/kc/buy/cgsh_order_operate.html?command=get_materiel&rest_code=00105&code=00101010450&supplier_code=00100323&order_time=2021-04-10 HTTP/1.1" 200 415
117.185.32.26 - - [10/Apr/2021:10:46:45 +0800] "GET /xingrg/kc/base/wldb_order_operate.html?command=get_materiel&rest_code=00106&base_code=0010397&code=00102001008 HTTP/1.1" 200 426
116.224.253.72 - - [10/Apr/2021:10:46:46 +0800] "GET /xingrg/check_reg.html?_=1618022803532 HTTP/1.1" 200 22
117.185.32.26 - - [10/Apr/2021:10:46:46 +0800] "GET /xingrg/all/function/internal_message.html?_=1618022801850&CODE_STATE=getMsg HTTP/1.1" 200 27
124.77.71.179 - - [10/Apr/2021:10:46:46 +0800] "GET /xingrg/all/function/internal_message.html?_=1618022809895&CODE_STATE=getMsg HTTP/1.1" 200 27
120.204.17.72 - - [10/Apr/2021:10:46:46 +0800] "GET /xingrg/all/function/internal_message.html?_=1618022741835&CODE_STATE=getMsg HTTP/1.1" 302 -
120.204.17.72 - - [10/Apr/2021:10:46:47 +0800] "GET /xingrg/login.html HTTP/1.1" 200 7641
116.224.253.72 - - [10/Apr/2021:10:46:47 +0800] "GET /xingrg/all/function/internal_message.html?_=1618022805286&CODE_STATE=getMsg HTTP/1.1" 200 27
61.165.42.208 - - [10/Apr/2021:10:46:48 +0800] "POST /xingrg/all/common/load_select.html HTTP/1.1" 200 25
61.165.42.208 - - [10/Apr/2021:10:46:50 +0800] "GET /xingrg/kc/buy/cgsh_order_operate.html?command=get_materiel_price&rest_code=00105&code=00101010450&unit_code=00100056&supplier_code=00100323&order_time=2021-04-10 HTTP/1.1" 200 27
61.165.42.208 - - [10/Apr/2021:10:46:51 +0800] "GET /xingrg/all/function/internal_message.html?_=1618022798675&CODE_STATE=getMsg HTTP/1.1" 200 27
124.77.71.179 - - [10/Apr/2021:10:46:52 +0800] "GET /xingrg/all/function/internal_message.html?_=1618022813430&CODE_STATE=getMsg HTTP/1.1" 200 27
117.131.5.26 - - [10/Apr/2021:10:46:56 +0800] "GET /xingrg/all/function/internal_message.html?_=1618022895619&CODE_STATE=getMsg HTTP/1.1" 200 27
117.185.32.26 - - [10/Apr/2021:10:46:58 +0800] "GET /xingrg/kc/base/wldb_order_operate.html?command=get_materiel&rest_code=00106&base_code=0010397&code=00102002610 HTTP/1.1" 200 429
117.185.32.26 - - [10/Apr/2021:10:47:13 +0800] "POST /xingrg/kc/base/wldb_order_operate.html HTTP/1.1" 200 37
222.69.131.206 - - [10/Apr/2021:10:47:13 +0800] "GET /xingrg/check_reg.html?_=1618022836378 HTTP/1.1" 200 22
117.185.32.26 - - [10/Apr/2021:10:47:14 +0800] "POST /xingrg/kc/base/wldb_order_operate.html HTTP/1.1" 200 2184
117.185.32.26 - - [10/Apr/2021:10:47:18 +0800] "GET /xingrg/kc/base/wldb_order_info.html?code=422021041000859 HTTP/1.1" 200 30564
117.185.32.26 - - [10/Apr/2021:10:47:18 +0800] "GET /xingrg/javascript/easyui/themes/default/validatebox.css HTTP/1.1" 404 1104
117.185.32.26 - - [10/Apr/2021:10:47:18 +0800] "POST /xingrg/kc/base/wldb_order_operate.html HTTP/1.1" 200 2184
116.230.114.112 - - [10/Apr/2021:10:47:19 +0800] "GET /xingrg/check_reg.html?_=1618022845843 HTTP/1.1" 302 -
222.69.131.206 - - [10/Apr/2021:10:47:19 +0800] "GET /xingrg/all/function/internal_message.html?_=1618022842659&CODE_STATE=getMsg HTTP/1.1" 200 27
61.165.42.208 - - [10/Apr/2021:10:47:20 +0800] "GET /xingrg/all/function/internal_message.html?_=1618022844401&CODE_STATE=getMsg HTTP/1.1" 200 27
61.165.42.208 - - [10/Apr/2021:10:47:20 +0800] "GET /xingrg/check_reg.html?_=1618022844403 HTTP/1.1" 200 22
58.40.7.146 - - [10/Apr/2021:10:47:23 +0800] "GET /xingrg/all/function/internal_message.html?_=1618022845882&CODE_STATE=getMsg HTTP/1.1" 302 -
117.185.32.26 - - [10/Apr/2021:10:47:23 +0800] "GET /xingrg/kc/base/wldb_order_add.html HTTP/1.1" 200 30550
117.185.32.26 - - [10/Apr/2021:10:47:24 +0800] "GET /xingrg/javascript/easyui/themes/default/validatebox.css HTTP/1.1" 404 1104
117.185.32.26 - - [10/Apr/2021:10:47:24 +0800] "POST /xingrg/kc/base/wldb_order_operate.html HTTP/1.1" 200 6806
114.86.187.76 - - [10/Apr/2021:10:47:24 +0800] "GET /xingrg/all/function/internal_message.html?_=1618022852083&CODE_STATE=getMsg HTTP/1.1" 200 27
114.86.187.76 - - [10/Apr/2021:10:47:24 +0800] "GET /xingrg/check_reg.html?_=1618022852101 HTTP/1.1" 200 22
117.185.32.26 - - [10/Apr/2021:10:47:25 +0800] "POST /xingrg/all/common/load_combo.html?type=base HTTP/1.1" 200 3142
180.169.147.146 - - [10/Apr/2021:10:47:27 +0800] "GET /xingrg/all/function/internal_message.html?_=1618022852186&CODE_STATE=getMsg HTTP/1.1" 200 27
117.185.32.26 - - [10/Apr/2021:10:47:27 +0800] "POST /xingrg/all/common/load_combo.html?type=base HTTP/1.1" 200 3142
116.224.253.72 - - [10/Apr/2021:10:47:29 +0800] "GET /xingrg/all/function/internal_message.html?_=1618022854343&CODE_STATE=getMsg HTTP/1.1" 200 27
116.224.253.72 - - [10/Apr/2021:10:47:29 +0800] "GET /xingrg/check_reg.html?_=1618022854350 HTTP/1.1" 200 22
222.70.217.33 - - [10/Apr/2021:10:47:32 +0800] "GET /xingrg/all/function/internal_message.html?_=1618022855005&CODE_STATE=getMsg HTTP/1.1" 200 27
180.169.147.146 - - [10/Apr/2021:10:47:32 +0800] "GET /xingrg/all/function/internal_message.html?_=1618022861973&CODE_STATE=getMsg HTTP/1.1" 302 -
116.233.74.165 - - [10/Apr/2021:10:47:33 +0800] "GET /xingrg/all/function/internal_message.html?_=1618022858078&CODE_STATE=getMsg HTTP/1.1" 200 27
116.233.74.165 - - [10/Apr/2021:10:47:33 +0800] "GET /xingrg/check_reg.html?_=1618022858080 HTTP/1.1" 200 22
116.230.114.112 - - [10/Apr/2021:10:47:33 +0800] "GET /xingrg/all/function/internal_message.html?_=1618022878384&CODE_STATE=getMsg HTTP/1.1" 200 27
117.184.7.26 - - [10/Apr/2021:10:47:34 +0800] "GET /xingrg/all/function/internal_message.html?_=1618022850433&CODE_STATE=getMsg HTTP/1.1" 200 27
180.171.127.22 - - [10/Apr/2021:10:47:35 +0800] "GET /xingrg/all/function/internal_message.html?_=1618022854918&CODE_STATE=getMsg HTTP/1.1" 200 27
116.230.114.112 - - [10/Apr/2021:10:47:37 +0800] "GET /xingrg/all/function/internal_message.html?_=1618022863687&CODE_STATE=getMsg HTTP/1.1" 302 -
116.238.141.202 - - [10/Apr/2021:10:47:38 +0800] "GET /xingrg/all/function/internal_message.html?_=1618023136116&CODE_STATE=getMsg HTTP/1.1" 200 27
101.89.239.232 - - [10/Apr/2021:10:47:41 +0800] "GET /xingrg/all/function/internal_message.html?_=1618022823682&CODE_STATE=getMsg HTTP/1.1" 302 -
114.88.156.246 - - [10/Apr/2021:10:47:41 +0800] "GET /xingrg/all/function/internal_message.html?_=1618022883692&CODE_STATE=getMsg HTTP/1.1" 200 27
61.165.42.208 - - [10/Apr/2021:10:47:42 +0800] "GET /xingrg/kc/buy/cgsh_order_operate.html?command=get_materiel&rest_code=00105&code=00101008187&supplier_code=00100323&order_time=2021-04-10 HTTP/1.1" 200 413
101.89.239.232 - - [10/Apr/2021:10:47:43 +0800] "GET /xingrg/login.html HTTP/1.1" 200 7641
117.185.32.26 - - [10/Apr/2021:10:47:46 +0800] "GET /xingrg/all/function/internal_message.html?_=1618022861856&CODE_STATE=getMsg HTTP/1.1" 200 27
117.185.32.26 - - [10/Apr/2021:10:47:46 +0800] "GET /xingrg/check_reg.html?_=1618022861854 HTTP/1.1" 200 22
124.77.71.179 - - [10/Apr/2021:10:47:46 +0800] "GET /xingrg/all/function/internal_message.html?_=1618022869900&CODE_STATE=getMsg HTTP/1.1" 200 27
116.224.253.72 - - [10/Apr/2021:10:47:47 +0800] "GET /xingrg/all/function/internal_message.html?_=1618022865300&CODE_STATE=getMsg HTTP/1.1" 200 27
61.165.42.208 - - [10/Apr/2021:10:47:51 +0800] "GET /xingrg/all/function/internal_message.html?_=1618022858660&CODE_STATE=getMsg HTTP/1.1" 200 27
124.77.71.179 - - [10/Apr/2021:10:47:52 +0800] "GET /xingrg/all/function/internal_message.html?_=1618022873427&CODE_STATE=getMsg HTTP/1.1" 200 27
61.165.42.208 - - [10/Apr/2021:10:47:53 +0800] "GET /xingrg/kc/buy/cgsh_order_operate.html?command=get_materiel&rest_code=00105&code=00101010063&supplier_code=00100323&order_time=2021-04-10 HTTP/1.1" 200 409
117.185.32.26 - - [10/Apr/2021:10:47:54 +0800] "GET /xingrg/kc/base/wldb_order_operate.html?command=get_materiel&rest_code=00106&base_code=0010397&code=00102002556 HTTP/1.1" 200 429
117.131.5.26 - - [10/Apr/2021:10:47:56 +0800] "GET /xingrg/all/function/internal_message.html?_=1618022955617&CODE_STATE=getMsg HTTP/1.1" 200 27
180.169.147.146 - - [10/Apr/2021:10:47:57 +0800] "GET /xingrg/check_reg.html?_=1618022880490 HTTP/1.1" 200 22
117.185.32.26 - - [10/Apr/2021:10:47:59 +0800] "POST /xingrg/kc/base/wldb_order_operate.html HTTP/1.1" 200 37
117.185.32.26 - - [10/Apr/2021:10:48:00 +0800] "POST /xingrg/kc/base/wldb_order_operate.html HTTP/1.1" 200 2193
117.185.32.26 - - [10/Apr/2021:10:48:00 +0800] "GET /xingrg/kc/base/wldb_order_info.html?code=422021041000860 HTTP/1.1" 200 30566
117.185.32.26 - - [10/Apr/2021:10:48:00 +0800] "GET /xingrg/javascript/easyui/themes/default/validatebox.css HTTP/1.1" 404 1104
117.185.32.26 - - [10/Apr/2021:10:48:00 +0800] "POST /xingrg/kc/base/wldb_order_operate.html HTTP/1.1" 200 2193
117.185.32.26 - - [10/Apr/2021:10:48:02 +0800] "GET /xingrg/javascript/jquery_easy_ui/themes/default/images/tabs_active.png HTTP/1.1" 200 2894
117.185.32.26 - - [10/Apr/2021:10:48:04 +0800] "POST /xingrg/kc/base/wldb_list_operate.html HTTP/1.1" 200 2576
117.185.32.26 - - [10/Apr/2021:10:48:09 +0800] "GET /xingrg/kc/mdqp/qp_main.html HTTP/1.1" 200 10633
117.185.32.26 - - [10/Apr/2021:10:48:09 +0800] "GET /xingrg/images/blue/button/qqpsd.gif HTTP/1.1" 200 2548
117.185.32.26 - - [10/Apr/2021:10:48:09 +0800] "GET /xingrg/images/blue/button/psshd.gif HTTP/1.1" 200 2692
117.185.32.26 - - [10/Apr/2021:10:48:09 +0800] "GET /xingrg/images/blue/button/pszx.gif HTTP/1.1" 200 2648
117.185.32.26 - - [10/Apr/2021:10:48:16 +0800] "GET /xingrg/images/yd/bt.gif HTTP/1.1" 404 1040
61.165.42.208 - - [10/Apr/2021:10:48:17 +0800] "GET /xingrg/kc/buy/cgsh_order_operate.html?command=get_materiel&rest_code=00105&code=00101010163&supplier_code=00100323&order_time=2021-04-10 HTTP/1.1" 200 408
117.185.32.26 - - [10/Apr/2021:10:48:17 +0800] "GET /xingrg/kc/mdqp/qqps_order_list.html HTTP/1.1" 200 9222
117.185.32.26 - - [10/Apr/2021:10:48:17 +0800] "GET /xingrg/dwr/interface/AjaxReportQueryService.js HTTP/1.1" 200 13203
117.185.32.26 - - [10/Apr/2021:10:48:17 +0800] "GET /xingrg/dwr/interface/AjaxQqpsService.js HTTP/1.1" 200 16326
117.185.32.26 - - [10/Apr/2021:10:48:17 +0800] "GET /xingrg/dwr/engine.js HTTP/1.1" 200 43631
117.185.32.26 - - [10/Apr/2021:10:48:17 +0800] "GET /xingrg/javascript/Calendar.js HTTP/1.1" 200 31561
117.185.32.26 - - [10/Apr/2021:10:48:17 +0800] "GET /xingrg/dwr/util.js HTTP/1.1" 200 35990
117.185.32.26 - - [10/Apr/2021:10:48:17 +0800] "GET /xingrg/javascript/jquery_easy_ui/themes/icons/check_new.png HTTP/1.1" 200 3224
117.185.32.26 - - [10/Apr/2021:10:48:17 +0800] "GET /xingrg/javascript/jquery_easy_ui/themes/icons/cance_new.png HTTP/1.1" 200 3986
117.185.32.26 - - [10/Apr/2021:10:48:17 +0800] "GET /xingrg/javascript/jquery_easy_ui/themes/icons/uncheck_new.png HTTP/1.1" 200 3197
117.185.32.26 - - [10/Apr/2021:10:48:17 +0800] "GET /xingrg/javascript/jquery_easy_ui/themes/icons/edit_add_new.png HTTP/1.1" 200 2997
117.185.32.26 - - [10/Apr/2021:10:48:18 +0800] "GET /xingrg/javascript/jquery_easy_ui/themes/default/images/button_plain_hover.png HTTP/1.1" 200 252
117.185.32.26 - - [10/Apr/2021:10:48:18 +0800] "GET /xingrg/kc/mdqp/qqps_order_add.html HTTP/1.1" 200 28162
117.185.32.26 - - [10/Apr/2021:10:48:18 +0800] "GET /xingrg/dwr/interface/AjaxQqpsService.js HTTP/1.1" 200 16326
117.185.32.26 - - [10/Apr/2021:10:48:18 +0800] "GET /xingrg/dwr/interface/AjaxComOrderService.js HTTP/1.1" 200 18264
117.185.32.26 - - [10/Apr/2021:10:48:18 +0800] "GET /xingrg/javascript/tools/jquery.qtip-1.0.0-rc3.min.js HTTP/1.1" 200 38404
117.185.32.26 - - [10/Apr/2021:10:48:18 +0800] "GET /xingrg/javascript/AjaxInfoList.js HTTP/1.1" 200 3774
117.185.32.26 - - [10/Apr/2021:10:48:18 +0800] "GET /xingrg/javascript/Grid.js HTTP/1.1" 200 58908
117.185.32.26 - - [10/Apr/2021:10:48:18 +0800] "GET /xingrg/dwr/engine.js HTTP/1.1" 200 43631
117.185.32.26 - - [10/Apr/2021:10:48:19 +0800] "GET /xingrg/images/blue/button/kc_tab_edit.gif HTTP/1.1" 200 551
117.185.32.26 - - [10/Apr/2021:10:48:19 +0800] "GET /xingrg/images/blue/button/kc_tab_add.gif HTTP/1.1" 200 375
117.185.32.26 - - [10/Apr/2021:10:48:19 +0800] "GET /xingrg/images/blue/button/kc_tab_del.gif HTTP/1.1" 200 383
117.185.32.26 - - [10/Apr/2021:10:48:19 +0800] "GET /xingrg/images/blue/button/kc_tab_save.gif HTTP/1.1" 200 777
117.185.32.26 - - [10/Apr/2021:10:48:19 +0800] "GET /xingrg/javascript/jquery_easy_ui/themes/icons/copy_new.png HTTP/1.1" 200 815
117.185.32.26 - - [10/Apr/2021:10:48:19 +0800] "GET /xingrg/javascript/jquery_easy_ui/themes/icons/template_new.png HTTP/1.1" 200 3956
117.185.32.26 - - [10/Apr/2021:10:48:19 +0800] "GET /xingrg/javascript/jquery_easy_ui/themes/icons/ok.png HTTP/1.1" 200 883
117.185.32.26 - - [10/Apr/2021:10:48:19 +0800] "GET /xingrg/javascript/jquery_easy_ui/themes/icons/print.png HTTP/1.1" 200 1057
117.185.32.26 - - [10/Apr/2021:10:48:19 +0800] "GET /xingrg/javascript/jquery_easy_ui/themes/default/images/menu_downarrow.png HTTP/1.1" 200 173
117.185.32.26 - - [10/Apr/2021:10:48:19 +0800] "GET /xingrg/javascript/jquery_easy_ui/themes/icons/back_new.png HTTP/1.1" 200 3414
117.185.32.26 - - [10/Apr/2021:10:48:19 +0800] "GET /xingrg/images/blue/kc_tab2_right.gif HTTP/1.1" 200 192
117.185.32.26 - - [10/Apr/2021:10:48:19 +0800] "GET /xingrg/images/blue/kc_tab2_left.gif HTTP/1.1" 200 625
117.185.32.26 - - [10/Apr/2021:10:48:19 +0800] "GET /xingrg/javascript/jquery_easy_ui/themes/default/images/combo_arrow_dot.gif HTTP/1.1" 200 79
117.185.32.26 - - [10/Apr/2021:10:48:19 +0800] "GET /xingrg/images/blue/kc_tab_mid.gif HTTP/1.1" 200 44
117.185.32.26 - - [10/Apr/2021:10:48:19 +0800] "GET /xingrg/images/blue/kc_tab_left.gif HTTP/1.1" 200 188
117.185.32.26 - - [10/Apr/2021:10:48:19 +0800] "GET /xingrg/images/blue/kc_tab_right.gif HTTP/1.1" 200 643
222.69.131.206 - - [10/Apr/2021:10:48:19 +0800] "GET /xingrg/all/function/internal_message.html?_=1618022902641&CODE_STATE=getMsg HTTP/1.1" 200 27
61.165.42.208 - - [10/Apr/2021:10:48:20 +0800] "GET /xingrg/all/function/internal_message.html?_=1618022904370&CODE_STATE=getMsg HTTP/1.1" 200 27
58.40.7.146 - - [10/Apr/2021:10:48:23 +0800] "GET /xingrg/all/function/internal_message.html?_=1618022905884&CODE_STATE=getMsg HTTP/1.1" 302 -
58.40.7.146 - - [10/Apr/2021:10:48:23 +0800] "GET /xingrg/check_reg.html?_=1618022905886 HTTP/1.1" 302 -
114.86.187.76 - - [10/Apr/2021:10:48:24 +0800] "GET /xingrg/all/function/internal_message.html?_=1618022912085&CODE_STATE=getMsg HTTP/1.1" 200 27
61.165.42.208 - - [10/Apr/2021:10:48:26 +0800] "GET /xingrg/kc/buy/cgsh_order_operate.html?command=get_materiel&rest_code=00105&code=00101012010&supplier_code=00100323&order_time=2021-04-10 HTTP/1.1" 200 409
58.40.7.146 - - [10/Apr/2021:10:48:27 +0800] "POST /xingrg/services/DataTransmitService HTTP/1.1" 200 524
180.169.147.146 - - [10/Apr/2021:10:48:27 +0800] "GET /xingrg/all/function/internal_message.html?_=1618022912186&CODE_STATE=getMsg HTTP/1.1" 200 27
180.169.147.146 - - [10/Apr/2021:10:48:27 +0800] "GET /xingrg/check_reg.html?_=1618022912191 HTTP/1.1" 200 22
117.185.32.26 - - [10/Apr/2021:10:48:29 +0800] "GET /xingrg/images/blue/wait.gif HTTP/1.1" 200 1100
117.185.32.26 - - [10/Apr/2021:10:48:29 +0800] "POST /xingrg/dwr/call/plaincall/AjaxQqpsService.saveOrder.dwr HTTP/1.1" 200 78
116.224.253.72 - - [10/Apr/2021:10:48:29 +0800] "GET /xingrg/all/function/internal_message.html?_=1618022914349&CODE_STATE=getMsg HTTP/1.1" 200 27
116.238.141.202 - - [10/Apr/2021:10:48:31 +0800] "POST /xingrg/services/DataTransmitService HTTP/1.1" 200 524
116.238.141.202 - - [10/Apr/2021:10:48:32 +0800] "POST /xingrg/services/DataTransmitService HTTP/1.1" 200 501
222.70.217.33 - - [10/Apr/2021:10:48:32 +0800] "GET /xingrg/all/function/internal_message.html?_=1618022915007&CODE_STATE=getMsg HTTP/1.1" 200 27
180.169.147.146 - - [10/Apr/2021:10:48:32 +0800] "GET /xingrg/all/function/internal_message.html?_=1618022921974&CODE_STATE=getMsg HTTP/1.1" 302 -
116.233.74.165 - - [10/Apr/2021:10:48:33 +0800] "GET /xingrg/all/function/internal_message.html?_=1618022918081&CODE_STATE=getMsg HTTP/1.1" 200 27
117.185.32.26 - - [10/Apr/2021:10:48:33 +0800] "POST /xingrg/dwr/call/plaincall/AjaxQqpsService.getMaterielByCode.dwr HTTP/1.1" 200 2613
116.230.114.112 - - [10/Apr/2021:10:48:33 +0800] "GET /xingrg/all/function/internal_message.html?_=1618022938399&CODE_STATE=getMsg HTTP/1.1" 200 27
117.184.7.26 - - [10/Apr/2021:10:48:34 +0800] "GET /xingrg/all/function/internal_message.html?_=1618022910436&CODE_STATE=getMsg HTTP/1.1" 200 27
180.171.127.22 - - [10/Apr/2021:10:48:35 +0800] "GET /xingrg/check_reg.html?_=1618022914836 HTTP/1.1" 200 22
180.171.127.22 - - [10/Apr/2021:10:48:35 +0800] "GET /xingrg/all/function/internal_message.html?_=1618022914932&CODE_STATE=getMsg HTTP/1.1" 200 27
117.185.32.26 - - [10/Apr/2021:10:48:35 +0800] "POST /xingrg/dwr/call/plaincall/AjaxQqpsService.saveMaterielItem.dwr HTTP/1.1" 200 78
116.230.114.112 - - [10/Apr/2021:10:48:37 +0800] "GET /xingrg/all/function/internal_message.html?_=1618022923690&CODE_STATE=getMsg HTTP/1.1" 302 -
116.238.141.202 - - [10/Apr/2021:10:48:39 +0800] "GET /xingrg/all/function/internal_message.html?_=1618023196537&CODE_STATE=getMsg HTTP/1.1" 200 27
101.89.19.197 - - [10/Apr/2021:10:48:41 +0800] "GET /xingrg/all/function/internal_message.html?_=1618022883692&CODE_STATE=getMsg HTTP/1.1" 302 -
101.89.19.197 - - [10/Apr/2021:10:48:42 +0800] "GET /xingrg/login.html HTTP/1.1" 200 7641
114.88.156.246 - - [10/Apr/2021:10:48:42 +0800] "GET /xingrg/all/function/internal_message.html?_=1618022943681&CODE_STATE=getMsg HTTP/1.1" 200 27
117.185.32.26 - - [10/Apr/2021:10:48:43 +0800] "POST /xingrg/dwr/call/plaincall/AjaxQqpsService.getMaterielByCode.dwr HTTP/1.1" 200 2613
117.185.32.26 - - [10/Apr/2021:10:48:46 +0800] "GET /xingrg/all/function/internal_message.html?_=1618022921850&CODE_STATE=getMsg HTTP/1.1" 200 27
124.77.71.179 - - [10/Apr/2021:10:48:46 +0800] "GET /xingrg/all/function/internal_message.html?_=1618022929902&CODE_STATE=getMsg HTTP/1.1" 200 27
124.77.71.179 - - [10/Apr/2021:10:48:46 +0800] "GET /xingrg/check_reg.html?_=1618022929903 HTTP/1.1" 200 22
117.185.32.26 - - [10/Apr/2021:10:48:46 +0800] "POST /xingrg/dwr/call/plaincall/AjaxQqpsService.saveMaterielItem.dwr HTTP/1.1" 200 78
116.224.253.72 - - [10/Apr/2021:10:48:47 +0800] "GET /xingrg/all/function/internal_message.html?_=1618022925313&CODE_STATE=getMsg HTTP/1.1" 200 27
117.185.32.26 - - [10/Apr/2021:10:48:49 +0800] "POST /xingrg/dwr/call/plaincall/AjaxQqpsService.getMaterielByCode.dwr HTTP/1.1" 200 2652
120.253.135.82 - - [10/Apr/2021:10:48:51 +0800] "GET /xingrg/check_reg.html?_=1618022711375 HTTP/1.1" 200 22
61.165.42.208 - - [10/Apr/2021:10:48:51 +0800] "GET /xingrg/all/function/internal_message.html?_=1618022918660&CODE_STATE=getMsg HTTP/1.1" 200 27
61.165.42.208 - - [10/Apr/2021:10:48:52 +0800] "POST /xingrg/kc/buy/cgsh_order_operate.html HTTP/1.1" 200 37
124.77.71.179 - - [10/Apr/2021:10:48:52 +0800] "GET /xingrg/check_reg.html?_=1618022933422 HTTP/1.1" 200 22
124.77.71.179 - - [10/Apr/2021:10:48:52 +0800] "GET /xingrg/all/function/internal_message.html?_=1618022933490&CODE_STATE=getMsg HTTP/1.1" 200 27
117.185.32.26 - - [10/Apr/2021:10:48:52 +0800] "POST /xingrg/dwr/call/plaincall/AjaxQqpsService.saveMaterielItem.dwr HTTP/1.1" 200 78
61.165.42.208 - - [10/Apr/2021:10:48:53 +0800] "POST /xingrg/kc/buy/cgsh_order_operate.html HTTP/1.1" 200 7423
61.165.42.208 - - [10/Apr/2021:10:48:55 +0800] "GET /xingrg/kc/print/load_data.html?order_code=212021041003532&kc_code=cgsh&condition= HTTP/1.1" 200 2507
114.88.156.246 - - [10/Apr/2021:10:48:55 +0800] "GET /xingrg/check_reg.html?_=1618022957726 HTTP/1.1" 200 22
117.131.5.26 - - [10/Apr/2021:10:48:56 +0800] "GET /xingrg/all/function/internal_message.html?_=1618023015616&CODE_STATE=getMsg HTTP/1.1" 200 27
116.235.95.160 - - [10/Apr/2021:10:48:56 +0800] "GET /xingrg/check_reg.html?_=1618023015618 HTTP/1.1" 200 22
117.185.32.26 - - [10/Apr/2021:10:48:56 +0800] "POST /xingrg/dwr/call/plaincall/AjaxQqpsService.getMaterielByCode.dwr HTTP/1.1" 200 2640
117.185.32.26 - - [10/Apr/2021:10:48:59 +0800] "POST /xingrg/dwr/call/plaincall/AjaxQqpsService.saveMaterielItem.dwr HTTP/1.1" 200 78
117.185.32.26 - - [10/Apr/2021:10:49:02 +0800] "POST /xingrg/dwr/call/plaincall/AjaxQqpsService.getMaterielByCode.dwr HTTP/1.1" 200 2634
117.185.32.26 - - [10/Apr/2021:10:49:03 +0800] "POST /xingrg/dwr/call/plaincall/AjaxQqpsService.saveMaterielItem.dwr HTTP/1.1" 200 79
117.185.32.26 - - [10/Apr/2021:10:49:13 +0800] "POST /xingrg/dwr/call/plaincall/AjaxQqpsService.getMaterielByCode.dwr HTTP/1.1" 200 2583
117.184.7.26 - - [10/Apr/2021:10:49:15 +0800] "GET /xingrg/kc/buy/cgsh_order_operate.html?command=get_materiel&rest_code=00108&code=00101008357&supplier_code=00100008&order_time=2021-04-10 HTTP/1.1" 200 408
117.185.32.26 - - [10/Apr/2021:10:49:15 +0800] "POST /xingrg/dwr/call/plaincall/AjaxQqpsService.saveMaterielItem.dwr HTTP/1.1" 200 79
222.69.131.206 - - [10/Apr/2021:10:49:19 +0800] "GET /xingrg/all/function/internal_message.html?_=1618022962625&CODE_STATE=getMsg HTTP/1.1" 200 27
61.165.42.208 - - [10/Apr/2021:10:49:20 +0800] "GET /xingrg/all/function/internal_message.html?_=1618022964371&CODE_STATE=getMsg HTTP/1.1" 200 27
61.165.42.208 - - [10/Apr/2021:10:49:21 +0800] "GET /xingrg/kc/buy/cgsh_order_add.html HTTP/1.1" 200 62195
61.165.42.208 - - [10/Apr/2021:10:49:21 +0800] "POST /xingrg/kc/buy/cgsh_order_operate.html HTTP/1.1" 200 8245
61.165.42.208 - - [10/Apr/2021:10:49:21 +0800] "GET /xingrg/javascript/easyui/themes/default/validatebox.css HTTP/1.1" 404 1104
58.40.7.146 - - [10/Apr/2021:10:49:23 +0800] "GET /xingrg/all/function/internal_message.html?_=1618022965886&CODE_STATE=getMsg HTTP/1.1" 302 -
114.86.187.76 - - [10/Apr/2021:10:49:24 +0800] "GET /xingrg/all/function/internal_message.html?_=1618022972093&CODE_STATE=getMsg HTTP/1.1" 200 27
180.169.147.146 - - [10/Apr/2021:10:49:27 +0800] "GET /xingrg/all/function/internal_message.html?_=1618022972193&CODE_STATE=getMsg HTTP/1.1" 200 27
117.184.7.26 - - [10/Apr/2021:10:49:27 +0800] "GET /xingrg/kc/buy/cgsh_order_operate.html?command=get_materiel&rest_code=00108&code=00101008230&supplier_code=00100008&order_time=2021-04-10 HTTP/1.1" 200 408
116.224.253.72 - - [10/Apr/2021:10:49:29 +0800] "GET /xingrg/all/function/internal_message.html?_=1618022974348&CODE_STATE=getMsg HTTP/1.1" 200 27
116.238.141.202 - - [10/Apr/2021:10:49:32 +0800] "GET /xingrg/check_reg.html?_=1618023249266 HTTP/1.1" 200 22
222.70.217.33 - - [10/Apr/2021:10:49:32 +0800] "GET /xingrg/all/function/internal_message.html?_=1618022975013&CODE_STATE=getMsg HTTP/1.1" 200 27
180.169.147.146 - - [10/Apr/2021:10:49:32 +0800] "GET /xingrg/all/function/internal_message.html?_=1618022981976&CODE_STATE=getMsg HTTP/1.1" 302 -
116.233.74.165 - - [10/Apr/2021:10:49:33 +0800] "GET /xingrg/all/function/internal_message.html?_=1618022978081&CODE_STATE=getMsg HTTP/1.1" 200 27
116.230.114.112 - - [10/Apr/2021:10:49:33 +0800] "GET /xingrg/all/function/internal_message.html?_=1618022998451&CODE_STATE=getMsg HTTP/1.1" 200 27
117.184.7.26 - - [10/Apr/2021:10:49:34 +0800] "GET /xingrg/all/function/internal_message.html?_=1618022970440&CODE_STATE=getMsg HTTP/1.1" 200 27
61.165.42.208 - - [10/Apr/2021:10:49:35 +0800] "GET /xingrg/kc/base/wldb_order_add.html HTTP/1.1" 200 30546
180.171.127.22 - - [10/Apr/2021:10:49:35 +0800] "GET /xingrg/all/function/internal_message.html?_=1618022974946&CODE_STATE=getMsg HTTP/1.1" 200 27
61.165.42.208 - - [10/Apr/2021:10:49:35 +0800] "POST /xingrg/kc/base/wldb_order_operate.html HTTP/1.1" 200 6806
61.165.42.208 - - [10/Apr/2021:10:49:35 +0800] "GET /xingrg/javascript/easyui/themes/default/validatebox.css HTTP/1.1" 404 1104
61.165.42.208 - - [10/Apr/2021:10:49:37 +0800] "POST /xingrg/all/common/load_combo.html?type=base HTTP/1.1" 200 3236
116.230.114.112 - - [10/Apr/2021:10:49:37 +0800] "GET /xingrg/all/function/internal_message.html?_=1618022983717&CODE_STATE=getMsg HTTP/1.1" 302 -
116.238.141.202 - - [10/Apr/2021:10:49:39 +0800] "GET /xingrg/all/function/internal_message.html?_=1618023256549&CODE_STATE=getMsg HTTP/1.1" 200 27
101.89.239.232 - - [10/Apr/2021:10:49:41 +0800] "GET /xingrg/all/function/internal_message.html?_=1618022943681&CODE_STATE=getMsg HTTP/1.1" 302 -
114.88.156.246 - - [10/Apr/2021:10:49:41 +0800] "GET /xingrg/all/function/internal_message.html?_=1618023003683&CODE_STATE=getMsg HTTP/1.1" 200 27
117.185.32.26 - - [10/Apr/2021:10:49:42 +0800] "POST /xingrg/dwr/call/plaincall/AjaxQqpsService.saveOrder.dwr HTTP/1.1" 200 79
101.89.239.232 - - [10/Apr/2021:10:49:42 +0800] "GET /xingrg/login.html HTTP/1.1" 200 7641
117.184.7.26 - - [10/Apr/2021:10:49:44 +0800] "GET /xingrg/kc/buy/cgsh_order_operate.html?command=get_materiel&rest_code=00108&code=00101008286&supplier_code=00100008&order_time=2021-04-10 HTTP/1.1" 200 408
117.185.32.26 - - [10/Apr/2021:10:49:46 +0800] "GET /xingrg/all/function/internal_message.html?_=1618022981842&CODE_STATE=getMsg HTTP/1.1" 200 27
124.77.71.179 - - [10/Apr/2021:10:49:46 +0800] "GET /xingrg/all/function/internal_message.html?_=1618022989906&CODE_STATE=getMsg HTTP/1.1" 200 27
117.184.7.26 - - [10/Apr/2021:10:49:47 +0800] "POST /xingrg/kc/buy/cgsh_order_operate.html HTTP/1.1" 200 2065
116.224.253.72 - - [10/Apr/2021:10:49:47 +0800] "GET /xingrg/all/function/internal_message.html?_=1618022985335&CODE_STATE=getMsg HTTP/1.1" 200 27
117.184.7.26 - - [10/Apr/2021:10:49:50 +0800] "GET /xingrg/kc/buy/cgsh_order_operate.html?command=get_materiel&rest_code=00108&code=00101008131&supplier_code=00100008&order_time=2021-04-10 HTTP/1.1" 200 408
61.165.42.208 - - [10/Apr/2021:10:49:51 +0800] "GET /xingrg/all/function/internal_message.html?_=1618022978673&CODE_STATE=getMsg HTTP/1.1" 200 27
61.165.42.208 - - [10/Apr/2021:10:49:51 +0800] "GET /xingrg/check_reg.html?_=1618022978676 HTTP/1.1" 200 22
124.77.71.179 - - [10/Apr/2021:10:49:52 +0800] "GET /xingrg/all/function/internal_message.html?_=1618022993467&CODE_STATE=getMsg HTTP/1.1" 200 27
61.165.42.208 - - [10/Apr/2021:10:49:55 +0800] "GET /xingrg/javascript/auto/indicator.gif HTTP/1.1" 404 1066
117.131.5.26 - - [10/Apr/2021:10:49:56 +0800] "GET /xingrg/all/function/internal_message.html?_=1618023075616&CODE_STATE=getMsg HTTP/1.1" 200 27
117.184.7.26 - - [10/Apr/2021:10:49:56 +0800] "GET /xingrg/kc/buy/cgsh_order_operate.html?command=get_materiel&rest_code=00108&code=00101008098&supplier_code=00100008&order_time=2021-04-10 HTTP/1.1" 200 412
117.184.7.26 - - [10/Apr/2021:10:50:05 +0800] "GET /xingrg/kc/buy/cgsh_order_operate.html?command=get_materiel&rest_code=00108&code=00101008005&supplier_code=00100008&order_time=2021-04-10 HTTP/1.1" 200 412
117.185.32.26 - - [10/Apr/2021:10:50:13 +0800] "POST /xingrg/dwr/call/plaincall/AjaxQqpsService.saveOrder.dwr HTTP/1.1" 200 79
222.69.131.206 - - [10/Apr/2021:10:50:19 +0800] "GET /xingrg/all/function/internal_message.html?_=1618023022619&CODE_STATE=getMsg HTTP/1.1" 200 27
61.165.42.208 - - [10/Apr/2021:10:50:20 +0800] "GET /xingrg/all/function/internal_message.html?_=1618023024402&CODE_STATE=getMsg HTTP/1.1" 200 27
58.40.7.146 - - [10/Apr/2021:10:50:23 +0800] "GET /xingrg/all/function/internal_message.html?_=1618023025888&CODE_STATE=getMsg HTTP/1.1" 302 -
117.185.32.26 - - [10/Apr/2021:10:50:23 +0800] "POST /xingrg/kc/base/wldb_list_operate.html HTTP/1.1" 200 2576
114.86.187.76 - - [10/Apr/2021:10:50:24 +0800] "GET /xingrg/all/function/internal_message.html?_=1618023032080&CODE_STATE=getMsg HTTP/1.1" 200 27
117.185.32.26 - - [10/Apr/2021:10:50:25 +0800] "POST /xingrg/kc/base/wldb_list_operate.html HTTP/1.1" 200 197
117.185.32.26 - - [10/Apr/2021:10:50:25 +0800] "GET /xingrg/kc/base/wldb_order_info.html?code=422021041000859 HTTP/1.1" 200 30564
117.185.32.26 - - [10/Apr/2021:10:50:25 +0800] "GET /xingrg/javascript/easyui/themes/default/validatebox.css HTTP/1.1" 404 1104
117.185.32.26 - - [10/Apr/2021:10:50:25 +0800] "POST /xingrg/kc/base/wldb_order_operate.html HTTP/1.1" 200 2184
117.184.7.26 - - [10/Apr/2021:10:50:26 +0800] "GET /xingrg/kc/buy/cgsh_order_operate.html?command=get_materiel&rest_code=00108&code=00101008353&supplier_code=00100008&order_time=2021-04-10 HTTP/1.1" 200 408
180.169.147.146 - - [10/Apr/2021:10:50:27 +0800] "GET /xingrg/all/function/internal_message.html?_=1618023032193&CODE_STATE=getMsg HTTP/1.1" 200 27
116.224.253.72 - - [10/Apr/2021:10:50:29 +0800] "GET /xingrg/all/function/internal_message.html?_=1618023034373&CODE_STATE=getMsg HTTP/1.1" 200 27
222.70.217.33 - - [10/Apr/2021:10:50:32 +0800] "GET /xingrg/all/function/internal_message.html?_=1618023035015&CODE_STATE=getMsg HTTP/1.1" 200 27
222.70.217.33 - - [10/Apr/2021:10:50:32 +0800] "GET /xingrg/check_reg.html?_=1618023035017 HTTP/1.1" 200 22
180.169.147.146 - - [10/Apr/2021:10:50:32 +0800] "GET /xingrg/check_reg.html?_=1618023041977 HTTP/1.1" 302 -
180.169.147.146 - - [10/Apr/2021:10:50:32 +0800] "GET /xingrg/all/function/internal_message.html?_=1618023041981&CODE_STATE=getMsg HTTP/1.1" 302 -
116.233.74.165 - - [10/Apr/2021:10:50:33 +0800] "GET /xingrg/all/function/internal_message.html?_=1618023038082&CODE_STATE=getMsg HTTP/1.1" 200 27
116.230.114.112 - - [10/Apr/2021:10:50:33 +0800] "GET /xingrg/all/function/internal_message.html?_=1618023058457&CODE_STATE=getMsg HTTP/1.1" 200 27
117.185.32.26 - - [10/Apr/2021:10:50:34 +0800] "GET /xingrg/kc/base/wldb_order_operate.html?command=get_materiel&rest_code=00106&base_code=0010397&code=00102002145 HTTP/1.1" 200 432
117.184.7.26 - - [10/Apr/2021:10:50:34 +0800] "GET /xingrg/all/function/internal_message.html?_=1618023030435&CODE_STATE=getMsg HTTP/1.1" 200 27
180.171.127.22 - - [10/Apr/2021:10:50:35 +0800] "GET /xingrg/all/function/internal_message.html?_=1618023034960&CODE_STATE=getMsg HTTP/1.1" 200 27
116.230.114.112 - - [10/Apr/2021:10:50:37 +0800] "GET /xingrg/all/function/internal_message.html?_=1618023043717&CODE_STATE=getMsg HTTP/1.1" 302 -
117.184.7.26 - - [10/Apr/2021:10:50:38 +0800] "GET /xingrg/kc/buy/cgsh_order_operate.html?command=get_materiel&rest_code=00108&code=00101008213&supplier_code=00100008&order_time=2021-04-10 HTTP/1.1" 200 412
116.238.141.202 - - [10/Apr/2021:10:50:39 +0800] "GET /xingrg/all/function/internal_message.html?_=1618023316562&CODE_STATE=getMsg HTTP/1.1" 200 27
114.88.156.246 - - [10/Apr/2021:10:50:41 +0800] "GET /xingrg/all/function/internal_message.html?_=1618023063682&CODE_STATE=getMsg HTTP/1.1" 200 27
117.184.7.26 - - [10/Apr/2021:10:50:42 +0800] "POST /xingrg/kc/buy/cgsh_order_operate.html HTTP/1.1" 200 2065
117.185.32.26 - - [10/Apr/2021:10:50:46 +0800] "GET /xingrg/all/function/internal_message.html?_=1618023041912&CODE_STATE=getMsg HTTP/1.1" 200 27
117.184.7.26 - - [10/Apr/2021:10:50:46 +0800] "GET /xingrg/kc/buy/cgsh_order_operate.html?command=get_materiel&rest_code=00108&code=00101008211&supplier_code=00100008&order_time=2021-04-10 HTTP/1.1" 200 412
124.77.71.179 - - [10/Apr/2021:10:50:46 +0800] "GET /xingrg/all/function/internal_message.html?_=1618023049892&CODE_STATE=getMsg HTTP/1.1" 200 27
116.224.253.72 - - [10/Apr/2021:10:50:47 +0800] "GET /xingrg/all/function/internal_message.html?_=1618023045339&CODE_STATE=getMsg HTTP/1.1" 200 27
61.165.42.208 - - [10/Apr/2021:10:50:51 +0800] "GET /xingrg/all/function/internal_message.html?_=1618023038666&CODE_STATE=getMsg HTTP/1.1" 200 27
