124.77.71.179 - - [10/Apr/2021:10:50:52 +0800] "GET /xingrg/all/function/internal_message.html?_=1618023053447&CODE_STATE=getMsg HTTP/1.1" 200 27
117.184.7.26 - - [10/Apr/2021:10:50:52 +0800] "GET /xingrg/kc/buy/cgsh_order_operate.html?command=get_materiel&rest_code=00108&code=00101008125&supplier_code=00100008&order_time=2021-04-10 HTTP/1.1" 200 413
117.131.5.26 - - [10/Apr/2021:10:50:56 +0800] "GET /xingrg/all/function/internal_message.html?_=1618023135615&CODE_STATE=getMsg HTTP/1.1" 200 27
117.184.7.26 - - [10/Apr/2021:10:51:02 +0800] "GET /xingrg/kc/buy/cgsh_order_operate.html?command=get_materiel&rest_code=00108&code=00101008538&supplier_code=00100008&order_time=2021-04-10 HTTP/1.1" 200 424
117.184.7.26 - - [10/Apr/2021:10:51:11 +0800] "POST /xingrg/kc/buy/cgsh_order_operate.html HTTP/1.1" 200 37
117.184.7.26 - - [10/Apr/2021:10:51:12 +0800] "POST /xingrg/kc/buy/cgsh_order_operate.html HTTP/1.1" 200 16845
61.165.42.208 - - [10/Apr/2021:10:51:15 +0800] "GET /xingrg/kc/buy/cgsh_order_operate.html?command=get_materiel&rest_code=00105&code=00101006159&supplier_code=00100344&order_time=2021-04-10 HTTP/1.1" 200 417
222.69.131.206 - - [10/Apr/2021:10:51:19 +0800] "GET /xingrg/all/function/internal_message.html?_=1618023082589&CODE_STATE=getMsg HTTP/1.1" 200 27
61.165.42.208 - - [10/Apr/2021:10:51:20 +0800] "GET /xingrg/all/function/internal_message.html?_=1618023084380&CODE_STATE=getMsg HTTP/1.1" 200 27
58.40.7.146 - - [10/Apr/2021:10:51:23 +0800] "GET /xingrg/all/function/internal_message.html?_=1618023085891&CODE_STATE=getMsg HTTP/1.1" 302 -
114.86.187.76 - - [10/Apr/2021:10:51:24 +0800] "GET /xingrg/all/function/internal_message.html?_=1618023092097&CODE_STATE=getMsg HTTP/1.1" 200 27
180.169.147.146 - - [10/Apr/2021:10:51:27 +0800] "GET /xingrg/all/function/internal_message.html?_=1618023092195&CODE_STATE=getMsg HTTP/1.1" 200 27
116.224.253.72 - - [10/Apr/2021:10:51:29 +0800] "GET /xingrg/all/function/internal_message.html?_=1618023094372&CODE_STATE=getMsg HTTP/1.1" 200 27
222.70.217.33 - - [10/Apr/2021:10:51:32 +0800] "GET /xingrg/all/function/internal_message.html?_=1618023095002&CODE_STATE=getMsg HTTP/1.1" 200 27
180.169.147.146 - - [10/Apr/2021:10:51:32 +0800] "GET /xingrg/all/function/internal_message.html?_=1618023101980&CODE_STATE=getMsg HTTP/1.1" 302 -
116.233.74.165 - - [10/Apr/2021:10:51:33 +0800] "GET /xingrg/all/function/internal_message.html?_=1618023098085&CODE_STATE=getMsg HTTP/1.1" 200 27
116.230.114.112 - - [10/Apr/2021:10:51:33 +0800] "GET /xingrg/check_reg.html?_=1618023118267 HTTP/1.1" 200 22
183.192.164.214 - - [10/Apr/2021:10:51:33 +0800] "GET /xingrg/kc/base/wldb_order_operate.html?command=get_materiel&rest_code=00106&base_code=0010397&code=00102002145 HTTP/1.1" 302 -
116.230.114.112 - - [10/Apr/2021:10:51:34 +0800] "GET /xingrg/all/function/internal_message.html?_=1618023118486&CODE_STATE=getMsg HTTP/1.1" 200 27
117.184.7.26 - - [10/Apr/2021:10:51:34 +0800] "GET /xingrg/all/function/internal_message.html?_=1618023090436&CODE_STATE=getMsg HTTP/1.1" 200 27
117.184.7.26 - - [10/Apr/2021:10:51:34 +0800] "GET /xingrg/check_reg.html?_=1618023090438 HTTP/1.1" 200 22
183.192.164.214 - - [10/Apr/2021:10:51:35 +0800] "GET /xingrg/login.html HTTP/1.1" 200 7641
180.171.127.22 - - [10/Apr/2021:10:51:35 +0800] "GET /xingrg/all/function/internal_message.html?_=1618023094978&CODE_STATE=getMsg HTTP/1.1" 200 27
116.230.114.112 - - [10/Apr/2021:10:51:37 +0800] "GET /xingrg/all/function/internal_message.html?_=1618023103744&CODE_STATE=getMsg HTTP/1.1" 302 -
116.238.141.202 - - [10/Apr/2021:10:51:39 +0800] "GET /xingrg/all/function/internal_message.html?_=1618023376981&CODE_STATE=getMsg HTTP/1.1" 200 27
61.165.42.208 - - [10/Apr/2021:10:51:41 +0800] "GET /xingrg/kc/buy/cgsh_order_operate.html?command=get_materiel&rest_code=00105&code=00101010658&supplier_code=00100344&order_time=2021-04-10 HTTP/1.1" 200 395
114.88.156.246 - - [10/Apr/2021:10:51:41 +0800] "GET /xingrg/all/function/internal_message.html?_=1618023123687&CODE_STATE=getMsg HTTP/1.1" 200 27
101.89.239.216 - - [10/Apr/2021:10:51:42 +0800] "GET /xingrg/all/function/internal_message.html?_=1618023063682&CODE_STATE=getMsg HTTP/1.1" 302 -
101.89.239.216 - - [10/Apr/2021:10:51:44 +0800] "GET /xingrg/login.html HTTP/1.1" 200 7641
117.184.7.26 - - [10/Apr/2021:10:51:45 +0800] "GET /xingrg/system/info/materiel_import.html?isSelect=1&singleSelect=false HTTP/1.1" 200 5600
117.184.7.26 - - [10/Apr/2021:10:51:45 +0800] "POST /xingrg/all/common/load_tree.html?tree=materiel_sort_tree_json HTTP/1.1" 200 8666
117.184.7.26 - - [10/Apr/2021:10:51:45 +0800] "GET /favicon.ico HTTP/1.1" 404 -
116.224.253.72 - - [10/Apr/2021:10:51:46 +0800] "GET /xingrg/check_reg.html?_=1618023103541 HTTP/1.1" 200 22
117.185.32.26 - - [10/Apr/2021:10:51:46 +0800] "GET /xingrg/all/function/internal_message.html?_=1618023101892&CODE_STATE=getMsg HTTP/1.1" 200 27
124.77.71.179 - - [10/Apr/2021:10:51:46 +0800] "GET /xingrg/all/function/internal_message.html?_=1618023109898&CODE_STATE=getMsg HTTP/1.1" 200 27
116.224.253.72 - - [10/Apr/2021:10:51:47 +0800] "GET /xingrg/all/function/internal_message.html?_=1618023105354&CODE_STATE=getMsg HTTP/1.1" 200 27
61.165.42.208 - - [10/Apr/2021:10:51:51 +0800] "GET /xingrg/all/function/internal_message.html?_=1618023098675&CODE_STATE=getMsg HTTP/1.1" 200 27
124.77.71.179 - - [10/Apr/2021:10:51:52 +0800] "GET /xingrg/all/function/internal_message.html?_=1618023113441&CODE_STATE=getMsg HTTP/1.1" 200 27
117.184.7.26 - - [10/Apr/2021:10:51:52 +0800] "GET /xingrg/kc/buy/cgsh_order_operate.html?command=get_materiel&rest_code=00108&code=00101008049&supplier_code=00100008&order_time=2021-04-10 HTTP/1.1" 200 408
117.131.5.26 - - [10/Apr/2021:10:51:56 +0800] "GET /xingrg/all/function/internal_message.html?_=1618023195626&CODE_STATE=getMsg HTTP/1.1" 200 27
61.165.42.208 - - [10/Apr/2021:10:52:13 +0800] "GET /xingrg/kc/buy/cgsh_order_operate.html?command=get_materiel&rest_code=00105&code=00101006153&supplier_code=00100344&order_time=2021-04-10 HTTP/1.1" 200 417
222.69.131.206 - - [10/Apr/2021:10:52:13 +0800] "GET /xingrg/check_reg.html?_=1618023136369 HTTP/1.1" 200 22
116.230.114.112 - - [10/Apr/2021:10:52:19 +0800] "GET /xingrg/check_reg.html?_=1618023145836 HTTP/1.1" 302 -
222.69.131.206 - - [10/Apr/2021:10:52:19 +0800] "GET /xingrg/all/function/internal_message.html?_=1618023142576&CODE_STATE=getMsg HTTP/1.1" 200 27
61.165.42.208 - - [10/Apr/2021:10:52:20 +0800] "GET /xingrg/check_reg.html?_=1618023144413 HTTP/1.1" 200 22
61.165.42.208 - - [10/Apr/2021:10:52:20 +0800] "GET /xingrg/all/function/internal_message.html?_=1618023144405&CODE_STATE=getMsg HTTP/1.1" 200 27
58.40.7.146 - - [10/Apr/2021:10:52:23 +0800] "GET /xingrg/all/function/internal_message.html?_=1618023145892&CODE_STATE=getMsg HTTP/1.1" 302 -
114.86.187.76 - - [10/Apr/2021:10:52:24 +0800] "GET /xingrg/all/function/internal_message.html?_=1618023152100&CODE_STATE=getMsg HTTP/1.1" 200 27
114.86.187.76 - - [10/Apr/2021:10:52:24 +0800] "GET /xingrg/check_reg.html?_=1618023152117 HTTP/1.1" 200 22
180.169.147.146 - - [10/Apr/2021:10:52:27 +0800] "GET /xingrg/all/function/internal_message.html?_=1618023152199&CODE_STATE=getMsg HTTP/1.1" 200 27
61.165.42.208 - - [10/Apr/2021:10:52:28 +0800] "POST /xingrg/kc/buy/cgsh_order_operate.html HTTP/1.1" 200 37
116.224.253.72 - - [10/Apr/2021:10:52:29 +0800] "GET /xingrg/check_reg.html?_=1618023154373 HTTP/1.1" 200 22
116.224.253.72 - - [10/Apr/2021:10:52:29 +0800] "GET /xingrg/all/function/internal_message.html?_=1618023154372&CODE_STATE=getMsg HTTP/1.1" 200 27
222.70.217.33 - - [10/Apr/2021:10:52:32 +0800] "GET /xingrg/all/function/internal_message.html?_=1618023155003&CODE_STATE=getMsg HTTP/1.1" 200 27
180.169.147.146 - - [10/Apr/2021:10:52:32 +0800] "GET /xingrg/all/function/internal_message.html?_=1618023161980&CODE_STATE=getMsg HTTP/1.1" 302 -
116.233.74.165 - - [10/Apr/2021:10:52:33 +0800] "GET /xingrg/all/function/internal_message.html?_=1618023158090&CODE_STATE=getMsg HTTP/1.1" 200 27
116.233.74.165 - - [10/Apr/2021:10:52:33 +0800] "GET /xingrg/check_reg.html?_=1618023158091 HTTP/1.1" 200 22
116.230.114.112 - - [10/Apr/2021:10:52:34 +0800] "GET /xingrg/all/function/internal_message.html?_=1618023178514&CODE_STATE=getMsg HTTP/1.1" 200 27
117.184.7.26 - - [10/Apr/2021:10:52:34 +0800] "GET /xingrg/all/function/internal_message.html?_=1618023150443&CODE_STATE=getMsg HTTP/1.1" 200 27
180.171.127.22 - - [10/Apr/2021:10:52:35 +0800] "GET /xingrg/all/function/internal_message.html?_=1618023154986&CODE_STATE=getMsg HTTP/1.1" 200 27
61.165.42.208 - - [10/Apr/2021:10:52:35 +0800] "POST /xingrg/kc/buy/cgsh_order_operate.html HTTP/1.1" 200 3842
61.165.42.208 - - [10/Apr/2021:10:52:37 +0800] "GET /xingrg/kc/print/load_data.html?order_code=212021041003533&kc_code=cgsh&condition= HTTP/1.1" 200 1124
116.230.114.112 - - [10/Apr/2021:10:52:37 +0800] "GET /xingrg/all/function/internal_message.html?_=1618023163745&CODE_STATE=getMsg HTTP/1.1" 302 -
116.238.141.202 - - [10/Apr/2021:10:52:39 +0800] "GET /xingrg/all/function/internal_message.html?_=1618023436996&CODE_STATE=getMsg HTTP/1.1" 200 27
117.184.7.26 - - [10/Apr/2021:10:52:40 +0800] "GET /xingrg/kc/buy/cgsh_order_operate.html?command=get_materiel&rest_code=00108&code=00101008358&supplier_code=00100008&order_time=2021-04-10 HTTP/1.1" 200 412
101.227.139.161 - - [10/Apr/2021:10:52:41 +0800] "GET /xingrg/all/function/internal_message.html?_=1618023123687&CODE_STATE=getMsg HTTP/1.1" 302 -
114.88.156.246 - - [10/Apr/2021:10:52:41 +0800] "GET /xingrg/all/function/internal_message.html?_=1618023183694&CODE_STATE=getMsg HTTP/1.1" 200 27
101.227.139.161 - - [10/Apr/2021:10:52:42 +0800] "GET /xingrg/login.html HTTP/1.1" 200 7641
61.165.42.208 - - [10/Apr/2021:10:52:42 +0800] "GET /xingrg/kc/buy/cgsh_order_add.html HTTP/1.1" 200 62195
61.165.42.208 - - [10/Apr/2021:10:52:43 +0800] "GET /xingrg/javascript/easyui/themes/default/validatebox.css HTTP/1.1" 404 1104
61.165.42.208 - - [10/Apr/2021:10:52:43 +0800] "POST /xingrg/kc/buy/cgsh_order_operate.html HTTP/1.1" 200 8245
117.185.32.26 - - [10/Apr/2021:10:52:46 +0800] "GET /xingrg/check_reg.html?_=1618023161854 HTTP/1.1" 200 22
117.185.32.26 - - [10/Apr/2021:10:52:46 +0800] "GET /xingrg/all/function/internal_message.html?_=1618023161852&CODE_STATE=getMsg HTTP/1.1" 200 27
124.77.71.179 - - [10/Apr/2021:10:52:46 +0800] "GET /xingrg/all/function/internal_message.html?_=1618023169902&CODE_STATE=getMsg HTTP/1.1" 200 27
116.224.253.72 - - [10/Apr/2021:10:52:47 +0800] "GET /xingrg/all/function/internal_message.html?_=1618023165367&CODE_STATE=getMsg HTTP/1.1" 200 27
61.165.42.208 - - [10/Apr/2021:10:52:51 +0800] "GET /xingrg/all/function/internal_message.html?_=1618023158666&CODE_STATE=getMsg HTTP/1.1" 200 27
61.165.42.208 - - [10/Apr/2021:10:52:52 +0800] "GET /xingrg/kc/buy/cgsh_order_operate.html?command=get_materiel&rest_code=00105&code=00101004065&supplier_code=00100086&order_time=2021-04-10 HTTP/1.1" 200 432
124.77.71.179 - - [10/Apr/2021:10:52:52 +0800] "GET /xingrg/all/function/internal_message.html?_=1618023173429&CODE_STATE=getMsg HTTP/1.1" 200 27
116.230.114.112 - - [10/Apr/2021:10:52:54 +0800] "GET /xingrg/kc/buy/cgsh_order_add.html HTTP/1.1" 200 62154
117.184.7.26 - - [10/Apr/2021:10:52:54 +0800] "GET /xingrg/kc/buy/cgsh_order_operate.html?command=get_materiel&rest_code=00108&code=00101008290&supplier_code=00100008&order_time=2021-04-10 HTTP/1.1" 200 416
116.230.114.112 - - [10/Apr/2021:10:52:54 +0800] "POST /xingrg/kc/buy/cgsh_order_operate.html HTTP/1.1" 200 8245
116.230.114.112 - - [10/Apr/2021:10:52:54 +0800] "GET /xingrg/javascript/easyui/themes/default/validatebox.css HTTP/1.1" 404 1104
117.131.5.26 - - [10/Apr/2021:10:52:56 +0800] "GET /xingrg/all/function/internal_message.html?_=1618023255624&CODE_STATE=getMsg HTTP/1.1" 200 27
180.169.147.146 - - [10/Apr/2021:10:52:57 +0800] "GET /xingrg/check_reg.html?_=1618023180487 HTTP/1.1" 200 22
61.165.42.208 - - [10/Apr/2021:10:53:00 +0800] "POST /xingrg/kc/buy/cgsh_order_operate.html HTTP/1.1" 200 37
61.165.42.208 - - [10/Apr/2021:10:53:01 +0800] "POST /xingrg/kc/buy/cgsh_order_operate.html HTTP/1.1" 200 2660
61.165.42.208 - - [10/Apr/2021:10:53:02 +0800] "GET /xingrg/kc/print/load_data.html?order_code=212021041003534&kc_code=cgsh&condition= HTTP/1.1" 200 736
117.184.7.26 - - [10/Apr/2021:10:53:03 +0800] "GET /xingrg/kc/buy/cgsh_order_operate.html?command=get_materiel&rest_code=00108&code=00101008003&supplier_code=00100008&order_time=2021-04-10 HTTP/1.1" 200 408
116.224.253.72 - - [10/Apr/2021:10:53:05 +0800] "GET /xingrg/kc/mdqp/qqps_order_add.html HTTP/1.1" 200 28002
116.224.253.72 - - [10/Apr/2021:10:53:05 +0800] "GET /xingrg/dwr/interface/AjaxQqpsService.js HTTP/1.1" 200 16326
116.224.253.72 - - [10/Apr/2021:10:53:05 +0800] "GET /xingrg/dwr/interface/AjaxComOrderService.js HTTP/1.1" 200 18264
116.224.253.72 - - [10/Apr/2021:10:53:05 +0800] "GET /xingrg/dwr/engine.js HTTP/1.1" 200 43631
117.184.7.26 - - [10/Apr/2021:10:53:08 +0800] "POST /xingrg/kc/buy/cgsh_order_operate.html HTTP/1.1" 200 2065
116.230.114.112 - - [10/Apr/2021:10:53:13 +0800] "GET /xingrg/kc/buy/cgsh_order_operate.html?command=get_materiel&rest_code=00146&code=00101010079&supplier_code=00100336&order_time=2021-04-10 HTTP/1.1" 200 413
61.165.42.208 - - [10/Apr/2021:10:53:13 +0800] "GET /xingrg/kc/buy/cgsh_order_add.html HTTP/1.1" 200 62195
61.165.42.208 - - [10/Apr/2021:10:53:13 +0800] "GET /xingrg/javascript/easyui/themes/default/validatebox.css HTTP/1.1" 404 1104
61.165.42.208 - - [10/Apr/2021:10:53:13 +0800] "POST /xingrg/kc/buy/cgsh_order_operate.html HTTP/1.1" 200 8245
116.224.253.72 - - [10/Apr/2021:10:53:17 +0800] "POST /xingrg/dwr/call/plaincall/AjaxQqpsService.saveOrder.dwr HTTP/1.1" 200 78
222.69.131.206 - - [10/Apr/2021:10:53:19 +0800] "GET /xingrg/all/function/internal_message.html?_=1618023202548&CODE_STATE=getMsg HTTP/1.1" 200 27
61.165.42.208 - - [10/Apr/2021:10:53:20 +0800] "GET /xingrg/all/function/internal_message.html?_=1618023204392&CODE_STATE=getMsg HTTP/1.1" 200 27
116.224.253.72 - - [10/Apr/2021:10:53:23 +0800] "POST /xingrg/dwr/call/plaincall/AjaxQqpsService.getMaterielByCode.dwr HTTP/1.1" 200 3577
58.40.7.146 - - [10/Apr/2021:10:53:23 +0800] "GET /xingrg/check_reg.html?_=1618023205880 HTTP/1.1" 302 -
58.40.7.146 - - [10/Apr/2021:10:53:23 +0800] "GET /xingrg/all/function/internal_message.html?_=1618023205881&CODE_STATE=getMsg HTTP/1.1" 302 -
114.86.187.76 - - [10/Apr/2021:10:53:24 +0800] "GET /xingrg/all/function/internal_message.html?_=1618023212102&CODE_STATE=getMsg HTTP/1.1" 200 27
116.230.114.112 - - [10/Apr/2021:10:53:25 +0800] "POST /xingrg/kc/buy/cgsh_order_operate.html HTTP/1.1" 200 37
117.184.7.26 - - [10/Apr/2021:10:53:26 +0800] "GET /xingrg/kc/buy/cgsh_order_operate.html?command=get_materiel&rest_code=00108&code=00101008201&supplier_code=00100008&order_time=2021-04-10 HTTP/1.1" 200 412
116.230.114.112 - - [10/Apr/2021:10:53:26 +0800] "POST /xingrg/kc/buy/cgsh_order_operate.html HTTP/1.1" 200 2657
180.169.147.146 - - [10/Apr/2021:10:53:27 +0800] "GET /xingrg/check_reg.html?_=1618023212200 HTTP/1.1" 200 22
180.169.147.146 - - [10/Apr/2021:10:53:27 +0800] "GET /xingrg/all/function/internal_message.html?_=1618023212204&CODE_STATE=getMsg HTTP/1.1" 200 27
116.224.253.72 - - [10/Apr/2021:10:53:28 +0800] "POST /xingrg/dwr/call/plaincall/AjaxQqpsService.saveMaterielItem.dwr HTTP/1.1" 200 78
116.230.114.112 - - [10/Apr/2021:10:53:29 +0800] "GET /xingrg/kc/print/load_data.html?order_code=212021041003535&kc_code=cgsh&condition= HTTP/1.1" 200 679
116.224.253.72 - - [10/Apr/2021:10:53:29 +0800] "GET /xingrg/all/function/internal_message.html?_=1618023214372&CODE_STATE=getMsg HTTP/1.1" 200 27
116.224.253.72 - - [10/Apr/2021:10:53:31 +0800] "POST /xingrg/dwr/call/plaincall/AjaxQqpsService.checkOrder.dwr HTTP/1.1" 200 78
116.224.253.72 - - [10/Apr/2021:10:53:31 +0800] "GET /xingrg/kc/mdqp/qqps_order_info.html?code=302021041000151 HTTP/1.1" 200 26409
116.224.253.72 - - [10/Apr/2021:10:53:31 +0800] "GET /xingrg/dwr/interface/AjaxQqpsService.js HTTP/1.1" 200 16326
116.224.253.72 - - [10/Apr/2021:10:53:31 +0800] "GET /xingrg/dwr/interface/AjaxComOrderService.js HTTP/1.1" 200 18264
116.224.253.72 - - [10/Apr/2021:10:53:31 +0800] "GET /xingrg/dwr/engine.js HTTP/1.1" 200 43631
61.165.42.208 - - [10/Apr/2021:10:53:32 +0800] "POST /xingrg/kc/buy/cgsh_order_operate.html HTTP/1.1" 200 37
116.224.253.72 - - [10/Apr/2021:10:53:32 +0800] "POST /xingrg/dwr/call/plaincall/AjaxQqpsService.loadMaterielItems.dwr HTTP/1.1" 200 328
222.70.217.33 - - [10/Apr/2021:10:53:32 +0800] "GET /xingrg/all/function/internal_message.html?_=1618023215005&CODE_STATE=getMsg HTTP/1.1" 200 27
180.169.147.146 - - [10/Apr/2021:10:53:32 +0800] "GET /xingrg/all/function/internal_message.html?_=1618023221981&CODE_STATE=getMsg HTTP/1.1" 302 -
61.165.42.208 - - [10/Apr/2021:10:53:33 +0800] "POST /xingrg/kc/buy/cgsh_order_operate.html HTTP/1.1" 200 2658
116.233.74.165 - - [10/Apr/2021:10:53:33 +0800] "GET /xingrg/all/function/internal_message.html?_=1618023218090&CODE_STATE=getMsg HTTP/1.1" 200 27
116.230.114.112 - - [10/Apr/2021:10:53:34 +0800] "GET /xingrg/all/function/internal_message.html?_=1618023238528&CODE_STATE=getMsg HTTP/1.1" 200 27
117.184.7.26 - - [10/Apr/2021:10:53:34 +0800] "GET /xingrg/all/function/internal_message.html?_=1618023210442&CODE_STATE=getMsg HTTP/1.1" 200 27
61.165.42.208 - - [10/Apr/2021:10:53:34 +0800] "GET /xingrg/kc/print/load_data.html?order_code=212021041003536&kc_code=cgsh&condition= HTTP/1.1" 200 734
180.171.127.22 - - [10/Apr/2021:10:53:35 +0800] "GET /xingrg/check_reg.html?_=1618023214848 HTTP/1.1" 200 22
180.171.127.22 - - [10/Apr/2021:10:53:35 +0800] "GET /xingrg/all/function/internal_message.html?_=1618023215000&CODE_STATE=getMsg HTTP/1.1" 200 27
116.230.114.112 - - [10/Apr/2021:10:53:37 +0800] "GET /xingrg/all/function/internal_message.html?_=1618023223771&CODE_STATE=getMsg HTTP/1.1" 302 -
117.184.7.26 - - [10/Apr/2021:10:53:39 +0800] "GET /xingrg/kc/buy/cgsh_order_operate.html?command=get_materiel&rest_code=00108&code=00101008126&supplier_code=00100008&order_time=2021-04-10 HTTP/1.1" 200 412
116.238.141.202 - - [10/Apr/2021:10:53:40 +0800] "GET /xingrg/all/function/internal_message.html?_=1618023497411&CODE_STATE=getMsg HTTP/1.1" 200 27
114.88.156.246 - - [10/Apr/2021:10:53:41 +0800] "GET /xingrg/all/function/internal_message.html?_=1618023243691&CODE_STATE=getMsg HTTP/1.1" 200 27
61.165.42.208 - - [10/Apr/2021:10:53:42 +0800] "GET /xingrg/kc/buy/cgsh_order_add.html HTTP/1.1" 200 62195
116.230.114.112 - - [10/Apr/2021:10:53:42 +0800] "GET /xingrg/kc/buy/cgsh_order_add.html HTTP/1.1" 200 62154
61.165.42.208 - - [10/Apr/2021:10:53:43 +0800] "GET /xingrg/javascript/easyui/themes/default/validatebox.css HTTP/1.1" 404 1104
61.165.42.208 - - [10/Apr/2021:10:53:43 +0800] "POST /xingrg/kc/buy/cgsh_order_operate.html HTTP/1.1" 200 8245
116.230.114.112 - - [10/Apr/2021:10:53:43 +0800] "POST /xingrg/kc/buy/cgsh_order_operate.html HTTP/1.1" 200 8245
116.230.114.112 - - [10/Apr/2021:10:53:43 +0800] "GET /xingrg/javascript/easyui/themes/default/validatebox.css HTTP/1.1" 404 1104
183.192.164.97 - - [10/Apr/2021:10:53:45 +0800] "GET /xingrg/all/function/internal_message.html?_=1618023161852&CODE_STATE=getMsg HTTP/1.1" 302 -
117.185.32.26 - - [10/Apr/2021:10:53:46 +0800] "GET /xingrg/all/function/internal_message.html?_=1618023221854&CODE_STATE=getMsg HTTP/1.1" 200 27
124.77.71.179 - - [10/Apr/2021:10:53:46 +0800] "GET /xingrg/check_reg.html?_=1618023229909 HTTP/1.1" 200 22
124.77.71.179 - - [10/Apr/2021:10:53:46 +0800] "GET /xingrg/all/function/internal_message.html?_=1618023229905&CODE_STATE=getMsg HTTP/1.1" 200 27
183.192.164.97 - - [10/Apr/2021:10:53:47 +0800] "GET /xingrg/login.html HTTP/1.1" 200 7641
116.224.253.72 - - [10/Apr/2021:10:53:47 +0800] "GET /xingrg/all/function/internal_message.html?_=1618023225381&CODE_STATE=getMsg HTTP/1.1" 200 27
61.165.42.208 - - [10/Apr/2021:10:53:51 +0800] "GET /xingrg/kc/buy/cgsh_order_operate.html?command=get_materiel&rest_code=00105&code=00101008061&supplier_code=00100339&order_time=2021-04-10 HTTP/1.1" 200 423
120.253.135.82 - - [10/Apr/2021:10:53:51 +0800] "GET /xingrg/check_reg.html?_=1618023011425 HTTP/1.1" 200 22
61.165.42.208 - - [10/Apr/2021:10:53:51 +0800] "GET /xingrg/all/function/internal_message.html?_=1618023218680&CODE_STATE=getMsg HTTP/1.1" 200 27
124.77.71.179 - - [10/Apr/2021:10:53:52 +0800] "GET /xingrg/check_reg.html?_=1618023233532 HTTP/1.1" 200 22
124.77.71.179 - - [10/Apr/2021:10:53:52 +0800] "GET /xingrg/all/function/internal_message.html?_=1618023233441&CODE_STATE=getMsg HTTP/1.1" 200 27
61.165.42.208 - - [10/Apr/2021:10:53:52 +0800] "GET /xingrg/kc/base/wldb_order_operate.html?command=get_materiel&rest_code=00105&base_code=0010507&code=00101013139 HTTP/1.1" 200 449
114.88.156.246 - - [10/Apr/2021:10:53:55 +0800] "GET /xingrg/check_reg.html?_=1618023257699 HTTP/1.1" 200 22
117.131.5.26 - - [10/Apr/2021:10:53:56 +0800] "GET /xingrg/check_reg.html?_=1618023315621 HTTP/1.1" 200 22
116.235.95.160 - - [10/Apr/2021:10:53:56 +0800] "GET /xingrg/all/function/internal_message.html?_=1618023315622&CODE_STATE=getMsg HTTP/1.1" 200 27
124.77.71.179 - - [10/Apr/2021:10:53:57 +0800] "POST /xingrg/services/DataTransmitService HTTP/1.1" 200 524
124.77.71.179 - - [10/Apr/2021:10:53:57 +0800] "POST /xingrg/services/DataTransmitService HTTP/1.1" 200 2235
124.77.71.179 - - [10/Apr/2021:10:53:58 +0800] "POST /xingrg/services/DataTransmitService HTTP/1.1" 200 141807
61.165.42.208 - - [10/Apr/2021:10:53:58 +0800] "POST /xingrg/kc/buy/cgsh_order_operate.html HTTP/1.1" 200 37
117.184.7.26 - - [10/Apr/2021:10:53:58 +0800] "GET /xingrg/kc/buy/cgsh_order_operate.html?command=get_materiel&rest_code=00108&code=00101008087&supplier_code=00100008&order_time=2021-04-10 HTTP/1.1" 200 412
116.230.114.112 - - [10/Apr/2021:10:53:59 +0800] "GET /xingrg/kc/buy/cgsh_order_operate.html?command=get_materiel&rest_code=00146&code=00101004051&supplier_code=00100312&order_time=2021-04-10 HTTP/1.1" 200 411
116.238.141.202 - - [10/Apr/2021:10:54:00 +0800] "GET /xingrg/login.html HTTP/1.1" 200 7641
116.238.141.202 - - [10/Apr/2021:10:54:00 +0800] "GET /xingrg/images/blue/jxLogo.png HTTP/1.1" 304 -
116.238.141.202 - - [10/Apr/2021:10:54:00 +0800] "GET /favicon.ico HTTP/1.1" 404 -
116.238.141.202 - - [10/Apr/2021:10:54:01 +0800] "GET /xingrg/images/blue/srbg.png HTTP/1.1" 304 -
116.238.141.202 - - [10/Apr/2021:10:54:01 +0800] "GET /xingrg/images/blue/login_bg.png HTTP/1.1" 304 -
116.238.141.202 - - [10/Apr/2021:10:54:01 +0800] "GET /xingrg/images/blue/hj.png HTTP/1.1" 304 -
116.238.141.202 - - [10/Apr/2021:10:54:02 +0800] "POST /xingrg/login.do HTTP/1.1" 302 -
116.238.141.202 - - [10/Apr/2021:10:54:03 +0800] "GET /xingrg/javascript/jquery_easy_ui/themes/default/easyui.css HTTP/1.1" 304 -
116.238.141.202 - - [10/Apr/2021:10:54:03 +0800] "GET /xingrg/css/form.css HTTP/1.1" 304 -
116.238.141.202 - - [10/Apr/2021:10:54:03 +0800] "GET /xingrg/javascript/jquery_easy_ui/themes/icon.css HTTP/1.1" 304 -
116.238.141.202 - - [10/Apr/2021:10:54:03 +0800] "GET /xingrg/javascript/jquery-1.4.2.min.js HTTP/1.1" 304 -
116.238.141.202 - - [10/Apr/2021:10:54:03 +0800] "GET /xingrg/javascript/jquery_easy_ui/jquery.easyui.min.js HTTP/1.1" 304 -
116.238.141.202 - - [10/Apr/2021:10:54:03 +0800] "GET /xingrg/javascript/jquery_easy_ui/easyui-lang-zh_CN.js HTTP/1.1" 304 -
116.238.141.202 - - [10/Apr/2021:10:54:03 +0800] "GET /favicon.ico HTTP/1.1" 404 -
116.238.141.202 - - [10/Apr/2021:10:54:03 +0800] "GET /xingrg/index.html?sysBaseUrl=http%3A%2F%2F180.169.147.146%3A18081%2Fxingrg%2F&costTime=40×tamp=1618023242101 HTTP/1.1" 200 17173
116.238.141.202 - - [10/Apr/2021:10:54:03 +0800] "GET /xingrg/javascript/jquery.timers.js HTTP/1.1" 304 -
116.238.141.202 - - [10/Apr/2021:10:54:03 +0800] "GET /xingrg/javascript/jquery.utils.js HTTP/1.1" 304 -
116.238.141.202 - - [10/Apr/2021:10:54:03 +0800] "GET /xingrg/javascript/jquery.form.js HTTP/1.1" 304 -
116.238.141.202 - - [10/Apr/2021:10:54:04 +0800] "GET /xingrg/images/blue/navBackgound.jpg HTTP/1.1" 304 -
116.238.141.202 - - [10/Apr/2021:10:54:04 +0800] "GET /xingrg/javascript/jquery_easy_ui/themes/icons/settle_new.png HTTP/1.1" 304 -
116.238.141.202 - - [10/Apr/2021:10:54:04 +0800] "POST /xingrg/all/common/load_tree.html?tree=area_rest_tree_json&manage=1 HTTP/1.1" 200 342
116.238.141.202 - - [10/Apr/2021:10:54:04 +0800] "GET /xingrg/images/blue/pingpu.png HTTP/1.1" 304 -
116.238.141.202 - - [10/Apr/2021:10:54:04 +0800] "GET /xingrg/javascript/jquery_easy_ui/themes/default/images/tabs_leftarrow.png HTTP/1.1" 304 -
116.238.141.202 - - [10/Apr/2021:10:54:04 +0800] "GET /xingrg/javascript/jquery_easy_ui/themes/default/images/tabs_rightarrow.png HTTP/1.1" 304 -
116.238.141.202 - - [10/Apr/2021:10:54:04 +0800] "GET /xingrg/javascript/jquery_easy_ui/themes/default/images/panel_tool_collapse.gif HTTP/1.1" 304 -
116.238.141.202 - - [10/Apr/2021:10:54:04 +0800] "POST /xingrg/load_menu.html HTTP/1.1" 200 5138
116.238.141.202 - - [10/Apr/2021:10:54:04 +0800] "GET /xingrg/javascript/jquery_easy_ui/themes/default/images/tree_arrows.gif HTTP/1.1" 304 -
116.238.141.202 - - [10/Apr/2021:10:54:04 +0800] "GET /xingrg/check_reg.html?_=1618023250421 HTTP/1.1" 200 22
116.238.141.202 - - [10/Apr/2021:10:54:04 +0800] "GET /xingrg/all/function/internal_message.html?_=1618023250419&CODE_STATE=count HTTP/1.1" 200 11
61.165.42.208 - - [10/Apr/2021:10:54:04 +0800] "POST /xingrg/kc/buy/cgsh_order_operate.html HTTP/1.1" 200 2666
116.238.141.202 - - [10/Apr/2021:10:54:05 +0800] "GET /xingrg/javascript/jquery_easy_ui/themes/default/images/tree_folder_open.gif HTTP/1.1" 304 -
116.238.141.202 - - [10/Apr/2021:10:54:05 +0800] "GET /xingrg/javascript/jquery_easy_ui/themes/icons/search_new.png HTTP/1.1" 304 -
116.238.141.202 - - [10/Apr/2021:10:54:05 +0800] "GET /xingrg/javascript/jquery_easy_ui/themes/default/images/tree_folder.gif HTTP/1.1" 304 -
116.238.141.202 - - [10/Apr/2021:10:54:05 +0800] "GET /xingrg/javascript/jquery_easy_ui/themes/icons/storage_new.png HTTP/1.1" 304 -
116.238.141.202 - - [10/Apr/2021:10:54:05 +0800] "GET /xingrg/javascript/jquery_easy_ui/themes/icons/forms_new.png HTTP/1.1" 304 -
116.238.141.202 - - [10/Apr/2021:10:54:05 +0800] "GET /xingrg/javascript/jquery_easy_ui/themes/default/images/tree_file.gif HTTP/1.1" 304 -
116.238.141.202 - - [10/Apr/2021:10:54:06 +0800] "GET /xingrg/javascript/jquery_easy_ui/themes/default/images/tabs_close.gif HTTP/1.1" 304 -
116.238.141.202 - - [10/Apr/2021:10:54:07 +0800] "GET /xingrg/css/base.css HTTP/1.1" 304 -
116.238.141.202 - - [10/Apr/2021:10:54:07 +0800] "GET /xingrg/css/site.css HTTP/1.1" 304 -
116.238.141.202 - - [10/Apr/2021:10:54:07 +0800] "GET /xingrg/javascript/jquery_tools/datebox.css HTTP/1.1" 304 -
116.238.141.202 - - [10/Apr/2021:10:54:07 +0800] "GET /xingrg/javascript/easyui/themes/icon.css HTTP/1.1" 304 -
116.238.141.202 - - [10/Apr/2021:10:54:07 +0800] "GET /xingrg/javascript/easyui/themes/default/easyui.css HTTP/1.1" 304 -
116.238.141.202 - - [10/Apr/2021:10:54:07 +0800] "GET /xingrg/javascript/jquery_tools/jquery.tools.min.js HTTP/1.1" 304 -
116.238.141.202 - - [10/Apr/2021:10:54:07 +0800] "GET /xingrg/javascript/jquery_tools/fix.css HTTP/1.1" 304 -
116.238.141.202 - - [10/Apr/2021:10:54:07 +0800] "GET /xingrg/javascript/jquery_tools/table.css HTTP/1.1" 304 -
116.238.141.202 - - [10/Apr/2021:10:54:07 +0800] "GET /xingrg/javascript/auto/jquery.autocomplete.css HTTP/1.1" 304 -
61.165.42.208 - - [10/Apr/2021:10:54:07 +0800] "GET /xingrg/kc/print/load_data.html?order_code=212021041003537&kc_code=cgsh&condition= HTTP/1.1" 200 676
116.238.141.202 - - [10/Apr/2021:10:54:07 +0800] "GET /xingrg/javascript/jquery_tools/jquery.tools.extend.js HTTP/1.1" 304 -
116.238.141.202 - - [10/Apr/2021:10:54:07 +0800] "GET /xingrg/javascript/jquery_tools/jquery.tools.hotkey.js HTTP/1.1" 304 -
116.238.141.202 - - [10/Apr/2021:10:54:07 +0800] "GET /xingrg/javascript/jquery_tools/list_manager.js HTTP/1.1" 304 -
116.238.141.202 - - [10/Apr/2021:10:54:07 +0800] "GET /xingrg/javascript/auto/jquery.autocomplete.js HTTP/1.1" 304 -
116.238.141.202 - - [10/Apr/2021:10:54:07 +0800] "GET /xingrg/javascript/jquery_tools/jquery.tools.table.js HTTP/1.1" 304 -
116.238.141.202 - - [10/Apr/2021:10:54:07 +0800] "GET /xingrg/javascript/jquery.cookie.js HTTP/1.1" 304 -
116.238.141.202 - - [10/Apr/2021:10:54:07 +0800] "GET /xingrg/javascript/easyui/easyloader.js HTTP/1.1" 304 -
116.238.141.202 - - [10/Apr/2021:10:54:07 +0800] "GET /xingrg/javascript/print/LodopFuncs.js HTTP/1.1" 304 -
116.238.141.202 - - [10/Apr/2021:10:54:07 +0800] "GET /xingrg/javascript/easyui/themes/icons/edit_add_new.png HTTP/1.1" 304 -
116.238.141.202 - - [10/Apr/2021:10:54:07 +0800] "GET /xingrg/javascript/easyui/themes/icons/cance_new.png HTTP/1.1" 304 -
116.238.141.202 - - [10/Apr/2021:10:54:07 +0800] "GET /xingrg/javascript/easyui/themes/icons/check_new.png HTTP/1.1" 304 -
116.238.141.202 - - [10/Apr/2021:10:54:07 +0800] "GET /xingrg/javascript/easyui/themes/icons/field_new.png HTTP/1.1" 304 -
116.238.141.202 - - [10/Apr/2021:10:54:07 +0800] "GET /xingrg/javascript/easyui/themes/icons/import_new.png HTTP/1.1" 304 -
116.238.141.202 - - [10/Apr/2021:10:54:07 +0800] "GET /xingrg/javascript/jquery_easy_ui/themes/icons/area.png HTTP/1.1" 304 -
116.238.141.202 - - [10/Apr/2021:10:54:07 +0800] "GET /xingrg/javascript/jquery_easy_ui/themes/icons/rest.png HTTP/1.1" 304 -
116.238.141.202 - - [10/Apr/2021:10:54:08 +0800] "GET /xingrg/kc/buy/cgsh_order_list.html HTTP/1.1" 200 46410
116.238.141.202 - - [10/Apr/2021:10:54:08 +0800] "GET /xingrg/images/control/ajaxLoader.gif HTTP/1.1" 304 -
116.238.141.202 - - [10/Apr/2021:10:54:08 +0800] "GET /xingrg/javascript/easyui/plugins/jquery.parser.js HTTP/1.1" 304 -
116.238.141.202 - - [10/Apr/2021:10:54:09 +0800] "POST /xingrg/kc/buy/cgsh_list_operate.html HTTP/1.1" 200 876
61.165.42.208 - - [10/Apr/2021:10:54:11 +0800] "GET /xingrg/kc/buy/cgsh_order_add.html HTTP/1.1" 200 62195
61.165.42.208 - - [10/Apr/2021:10:54:11 +0800] "POST /xingrg/kc/base/wldb_order_operate.html HTTP/1.1" 200 37
61.165.42.208 - - [10/Apr/2021:10:54:11 +0800] "POST /xingrg/kc/buy/cgsh_order_operate.html HTTP/1.1" 200 8245
61.165.42.208 - - [10/Apr/2021:10:54:11 +0800] "GET /xingrg/javascript/easyui/themes/default/validatebox.css HTTP/1.1" 404 1104
61.165.42.208 - - [10/Apr/2021:10:54:11 +0800] "POST /xingrg/kc/base/wldb_order_operate.html HTTP/1.1" 200 2682
117.184.7.26 - - [10/Apr/2021:10:54:12 +0800] "GET /xingrg/kc/buy/cgsh_order_operate.html?command=get_materiel&rest_code=00108&code=00101008356&supplier_code=00100008&order_time=2021-04-10 HTTP/1.1" 200 408
61.165.42.208 - - [10/Apr/2021:10:54:12 +0800] "GET /xingrg/kc/base/wldb_order_info.html?code=422021041000861 HTTP/1.1" 200 30556
61.165.42.208 - - [10/Apr/2021:10:54:12 +0800] "GET /xingrg/javascript/easyui/themes/default/validatebox.css HTTP/1.1" 404 1104
61.165.42.208 - - [10/Apr/2021:10:54:13 +0800] "POST /xingrg/kc/base/wldb_order_operate.html HTTP/1.1" 200 2682
116.230.114.112 - - [10/Apr/2021:10:54:16 +0800] "GET /xingrg/kc/buy/cgsh_order_operate.html?command=get_materiel&rest_code=00146&code=00101004046&supplier_code=00100312&order_time=2021-04-10 HTTP/1.1" 200 417
222.69.131.206 - - [10/Apr/2021:10:54:19 +0800] "GET /xingrg/all/function/internal_message.html?_=1618023262518&CODE_STATE=getMsg HTTP/1.1" 200 27
61.165.42.208 - - [10/Apr/2021:10:54:20 +0800] "GET /xingrg/all/function/internal_message.html?_=1618023264380&CODE_STATE=getMsg HTTP/1.1" 200 27
61.165.42.208 - - [10/Apr/2021:10:54:21 +0800] "GET /xingrg/kc/buy/cgsh_order_operate.html?command=get_materiel&rest_code=00105&code=00101012060&supplier_code=00100338&order_time=2021-04-10 HTTP/1.1" 200 408
116.238.141.202 - - [10/Apr/2021:10:54:22 +0800] "GET /xingrg/kc/mdqp/pssh_order_list.html HTTP/1.1" 200 17935
116.238.141.202 - - [10/Apr/2021:10:54:22 +0800] "POST /xingrg/kc/mdqp/pssh_list_operate.html HTTP/1.1" 200 5313
58.40.7.146 - - [10/Apr/2021:10:54:23 +0800] "GET /xingrg/all/function/internal_message.html?_=1618023265884&CODE_STATE=getMsg HTTP/1.1" 302 -
116.238.141.202 - - [10/Apr/2021:10:54:23 +0800] "POST /xingrg/kc/mdqp/pssh_list_operate.html HTTP/1.1" 200 280
114.86.187.76 - - [10/Apr/2021:10:54:24 +0800] "GET /xingrg/all/function/internal_message.html?_=1618023272106&CODE_STATE=getMsg HTTP/1.1" 200 27
116.238.141.202 - - [10/Apr/2021:10:54:25 +0800] "POST /xingrg/kc/mdqp/pssh_list_operate.html HTTP/1.1" 200 254
116.238.141.202 - - [10/Apr/2021:10:54:26 +0800] "POST /xingrg/kc/mdqp/pssh_list_operate.html HTTP/1.1" 200 360
180.169.147.146 - - [10/Apr/2021:10:54:27 +0800] "GET /xingrg/all/function/internal_message.html?_=1618023272191&CODE_STATE=getMsg HTTP/1.1" 200 27
61.165.42.208 - - [10/Apr/2021:10:54:27 +0800] "POST /xingrg/kc/buy/cgsh_order_operate.html HTTP/1.1" 200 37
116.230.114.112 - - [10/Apr/2021:10:54:28 +0800] "GET /xingrg/kc/buy/cgsh_order_operate.html?command=get_materiel&rest_code=00146&code=00101004071&supplier_code=00100312&order_time=2021-04-10 HTTP/1.1" 200 409
117.184.7.26 - - [10/Apr/2021:10:54:29 +0800] "GET /xingrg/kc/buy/cgsh_order_operate.html?command=get_materiel&rest_code=00108&code=00101008212&supplier_code=00100008&order_time=2021-04-10 HTTP/1.1" 200 412
61.165.42.208 - - [10/Apr/2021:10:54:29 +0800] "POST /xingrg/kc/buy/cgsh_order_operate.html HTTP/1.1" 200 2651
116.224.253.72 - - [10/Apr/2021:10:54:29 +0800] "GET /xingrg/all/function/internal_message.html?_=1618023274400&CODE_STATE=getMsg HTTP/1.1" 200 27
116.238.141.202 - - [10/Apr/2021:10:54:30 +0800] "GET /xingrg/kc/mdqp/pssh_order_info.html?code=312021040800234 HTTP/1.1" 200 17244
116.238.141.202 - - [10/Apr/2021:10:54:30 +0800] "GET /xingrg/words/20210409185201_words.js HTTP/1.1" 200 804428
116.238.141.202 - - [10/Apr/2021:10:54:30 +0800] "GET /xingrg/javascript/jquery_tools/jquery-1.4.2.min.js HTTP/1.1" 404 1094
116.238.141.202 - - [10/Apr/2021:10:54:30 +0800] "GET /xingrg/javascript/pic_change.js HTTP/1.1" 304 -
116.238.141.202 - - [10/Apr/2021:10:54:30 +0800] "GET /xingrg/javascript/convert.js HTTP/1.1" 304 -
116.238.141.202 - - [10/Apr/2021:10:54:30 +0800] "GET /xingrg/javascript/jquery_tools/order_manager.js HTTP/1.1" 304 -
116.238.141.202 - - [10/Apr/2021:10:54:30 +0800] "GET /xingrg/javascript/json2.js HTTP/1.1" 304 -
116.238.141.202 - - [10/Apr/2021:10:54:30 +0800] "GET /xingrg/javascript/print/kc_print.js HTTP/1.1" 304 -
116.238.141.202 - - [10/Apr/2021:10:54:31 +0800] "GET /xingrg/javascript/easyui/themes/icons/ok.png HTTP/1.1" 304 -
116.238.141.202 - - [10/Apr/2021:10:54:31 +0800] "GET /xingrg/javascript/easyui/themes/icons/print.png HTTP/1.1" 304 -
116.238.141.202 - - [10/Apr/2021:10:54:31 +0800] "GET /xingrg/javascript/easyui/themes/icons/back_new.png HTTP/1.1" 304 -
116.238.141.202 - - [10/Apr/2021:10:54:31 +0800] "GET /xingrg/javascript/easyui/themes/default/images/menu_downarrow.png HTTP/1.1" 304 -
61.165.42.208 - - [10/Apr/2021:10:54:31 +0800] "GET /xingrg/kc/print/load_data.html?order_code=212021041003538&kc_code=cgsh&condition= HTTP/1.1" 200 663
116.238.141.202 - - [10/Apr/2021:10:54:31 +0800] "GET /xingrg/javascript/jquery_easy_ui/themes/default/images/tabs_active.png HTTP/1.1" 304 -
116.238.141.202 - - [10/Apr/2021:10:54:32 +0800] "GET /xingrg/check_reg.html?_=1618023549268 HTTP/1.1" 200 22
116.238.141.202 - - [10/Apr/2021:10:54:32 +0800] "GET /xingrg/javascript/jquery_easy_ui/themes/default/images/tabs_active.png HTTP/1.1" 304 -
180.169.147.146 - - [10/Apr/2021:10:54:32 +0800] "GET /xingrg/all/function/internal_message.html?_=1618023281981&CODE_STATE=getMsg HTTP/1.1" 302 -
222.70.217.33 - - [10/Apr/2021:10:54:33 +0800] "GET /xingrg/all/function/internal_message.html?_=1618023275007&CODE_STATE=getMsg HTTP/1.1" 200 27
116.233.74.165 - - [10/Apr/2021:10:54:33 +0800] "GET /xingrg/all/function/internal_message.html?_=1618023278091&CODE_STATE=getMsg HTTP/1.1" 200 27
116.230.114.112 - - [10/Apr/2021:10:54:34 +0800] "GET /xingrg/all/function/internal_message.html?_=1618023298543&CODE_STATE=getMsg HTTP/1.1" 200 27
117.184.7.26 - - [10/Apr/2021:10:54:34 +0800] "GET /xingrg/all/function/internal_message.html?_=1618023270511&CODE_STATE=getMsg HTTP/1.1" 200 27
117.184.7.26 - - [10/Apr/2021:10:54:35 +0800] "POST /xingrg/kc/buy/cgsh_order_operate.html HTTP/1.1" 200 2065
180.171.127.22 - - [10/Apr/2021:10:54:35 +0800] "GET /xingrg/all/function/internal_message.html?_=1618023275014&CODE_STATE=getMsg HTTP/1.1" 200 27
116.238.141.202 - - [10/Apr/2021:10:54:36 +0800] "GET /xingrg/kc/mdqp/pssh_order_list.html HTTP/1.1" 200 17935
116.238.141.202 - - [10/Apr/2021:10:54:36 +0800] "POST /xingrg/kc/mdqp/pssh_list_operate.html HTTP/1.1" 200 5313
116.230.114.112 - - [10/Apr/2021:10:54:37 +0800] "GET /xingrg/all/function/internal_message.html?_=1618023283772&CODE_STATE=getMsg HTTP/1.1" 302 -
117.184.7.26 - - [10/Apr/2021:10:54:39 +0800] "GET /xingrg/kc/buy/cgsh_order_operate.html?command=get_materiel&rest_code=00108&code=00101008137&supplier_code=00100008&order_time=2021-04-10 HTTP/1.1" 200 408
116.230.114.112 - - [10/Apr/2021:10:54:40 +0800] "GET /xingrg/kc/buy/cgsh_order_operate.html?command=get_materiel&rest_code=00146&code=00101004050&supplier_code=00100312&order_time=2021-04-10 HTTP/1.1" 200 411
116.238.141.202 - - [10/Apr/2021:10:54:40 +0800] "GET /xingrg/all/function/internal_message.html?_=1618023557412&CODE_STATE=getMsg HTTP/1.1" 200 27
114.88.156.246 - - [10/Apr/2021:10:54:41 +0800] "GET /xingrg/all/function/internal_message.html?_=1618023303684&CODE_STATE=getMsg HTTP/1.1" 200 27
61.165.42.208 - - [10/Apr/2021:10:54:41 +0800] "GET /xingrg/kc/buy/cgsh_order_add.html HTTP/1.1" 200 62195
61.165.42.208 - - [10/Apr/2021:10:54:42 +0800] "POST /xingrg/kc/buy/cgsh_order_operate.html HTTP/1.1" 200 8245
61.165.42.208 - - [10/Apr/2021:10:54:42 +0800] "GET /xingrg/javascript/easyui/themes/default/validatebox.css HTTP/1.1" 404 1104
117.185.32.26 - - [10/Apr/2021:10:54:46 +0800] "GET /xingrg/all/function/internal_message.html?_=1618023281853&CODE_STATE=getMsg HTTP/1.1" 200 27
124.77.71.179 - - [10/Apr/2021:10:54:46 +0800] "GET /xingrg/all/function/internal_message.html?_=1618023289896&CODE_STATE=getMsg HTTP/1.1" 200 27
116.224.253.72 - - [10/Apr/2021:10:54:47 +0800] "GET /xingrg/all/function/internal_message.html?_=1618023285394&CODE_STATE=getMsg HTTP/1.1" 200 27
117.184.7.26 - - [10/Apr/2021:10:54:49 +0800] "GET /xingrg/kc/buy/cgsh_order_operate.html?command=get_materiel&rest_code=00108&code=00101008069&supplier_code=00100008&order_time=2021-04-10 HTTP/1.1" 200 412
61.165.42.208 - - [10/Apr/2021:10:54:51 +0800] "GET /xingrg/check_reg.html?_=1618023278683 HTTP/1.1" 200 22
61.165.42.208 - - [10/Apr/2021:10:54:51 +0800] "GET /xingrg/all/function/internal_message.html?_=1618023278689&CODE_STATE=getMsg HTTP/1.1" 200 27
124.77.71.179 - - [10/Apr/2021:10:54:52 +0800] "GET /xingrg/all/function/internal_message.html?_=1618023293440&CODE_STATE=getMsg HTTP/1.1" 200 27
116.230.114.112 - - [10/Apr/2021:10:54:53 +0800] "GET /xingrg/kc/buy/cgsh_order_operate.html?command=get_materiel&rest_code=00146&code=00101004057&supplier_code=00100312&order_time=2021-04-10 HTTP/1.1" 200 409
61.165.42.208 - - [10/Apr/2021:10:54:54 +0800] "GET /xingrg/kc/buy/cgsh_order_operate.html?command=get_materiel&rest_code=00105&code=00101003025&supplier_code=00100093&order_time=2021-04-10 HTTP/1.1" 200 411
117.131.5.26 - - [10/Apr/2021:10:54:56 +0800] "GET /xingrg/all/function/internal_message.html?_=1618023375620&CODE_STATE=getMsg HTTP/1.1" 200 27
116.238.141.202 - - [10/Apr/2021:10:55:04 +0800] "GET /xingrg/all/function/internal_message.html?_=1618023310432&CODE_STATE=getMsg HTTP/1.1" 200 27
61.165.42.208 - - [10/Apr/2021:10:55:04 +0800] "POST /xingrg/kc/buy/cgsh_order_operate.html HTTP/1.1" 200 37
116.230.114.112 - - [10/Apr/2021:10:55:05 +0800] "GET /xingrg/kc/buy/cgsh_order_operate.html?command=get_materiel&rest_code=00146&code=00101001036&supplier_code=00100312&order_time=2021-04-10 HTTP/1.1" 200 421
61.165.42.208 - - [10/Apr/2021:10:55:10 +0800] "POST /xingrg/kc/buy/cgsh_order_operate.html HTTP/1.1" 200 2653
61.165.42.208 - - [10/Apr/2021:10:55:11 +0800] "GET /xingrg/kc/print/load_data.html?order_code=212021041003539&kc_code=cgsh&condition= HTTP/1.1" 200 713
61.165.42.208 - - [10/Apr/2021:10:55:14 +0800] "GET /xingrg/kc/buy/cgsh_order_add.html HTTP/1.1" 200 62195
61.165.42.208 - - [10/Apr/2021:10:55:15 +0800] "POST /xingrg/kc/buy/cgsh_order_operate.html HTTP/1.1" 200 8245
61.165.42.208 - - [10/Apr/2021:10:55:15 +0800] "GET /xingrg/javascript/easyui/themes/default/validatebox.css HTTP/1.1" 404 1104
116.230.114.112 - - [10/Apr/2021:10:55:18 +0800] "GET /xingrg/kc/buy/cgsh_order_operate.html?command=get_materiel&rest_code=00146&code=00101001096&supplier_code=00100312&order_time=2021-04-10 HTTP/1.1" 200 413
222.69.131.206 - - [10/Apr/2021:10:55:19 +0800] "GET /xingrg/all/function/internal_message.html?_=1618023322495&CODE_STATE=getMsg HTTP/1.1" 200 27
61.165.42.208 - - [10/Apr/2021:10:55:20 +0800] "GET /xingrg/all/function/internal_message.html?_=1618023324384&CODE_STATE=getMsg HTTP/1.1" 200 27
58.40.7.146 - - [10/Apr/2021:10:55:23 +0800] "GET /xingrg/all/function/internal_message.html?_=1618023325885&CODE_STATE=getMsg HTTP/1.1" 302 -
114.86.187.76 - - [10/Apr/2021:10:55:24 +0800] "GET /xingrg/all/function/internal_message.html?_=1618023332112&CODE_STATE=getMsg HTTP/1.1" 200 27
117.184.7.26 - - [10/Apr/2021:10:55:27 +0800] "GET /xingrg/kc/buy/cgsh_order_operate.html?command=get_materiel&rest_code=00108&code=00101008296&supplier_code=00100008&order_time=2021-04-10 HTTP/1.1" 200 416
180.169.147.146 - - [10/Apr/2021:10:55:27 +0800] "GET /xingrg/all/function/internal_message.html?_=1618023332194&CODE_STATE=getMsg HTTP/1.1" 200 27
61.165.42.208 - - [10/Apr/2021:10:55:27 +0800] "GET /xingrg/kc/buy/cgsh_order_operate.html?command=get_materiel&rest_code=00105&code=00101002002&supplier_code=00100087&order_time=2021-04-10 HTTP/1.1" 200 418
116.224.253.72 - - [10/Apr/2021:10:55:29 +0800] "GET /xingrg/all/function/internal_message.html?_=1618023334400&CODE_STATE=getMsg HTTP/1.1" 200 27
222.70.217.33 - - [10/Apr/2021:10:55:32 +0800] "GET /xingrg/all/function/internal_message.html?_=1618023335008&CODE_STATE=getMsg HTTP/1.1" 200 27
222.70.217.33 - - [10/Apr/2021:10:55:32 +0800] "GET /xingrg/check_reg.html?_=1618023335010 HTTP/1.1" 200 22
180.169.147.146 - - [10/Apr/2021:10:55:32 +0800] "GET /xingrg/check_reg.html?_=1618023341968 HTTP/1.1" 302 -
180.169.147.146 - - [10/Apr/2021:10:55:32 +0800] "GET /xingrg/all/function/internal_message.html?_=1618023341970&CODE_STATE=getMsg HTTP/1.1" 302 -
116.233.74.165 - - [10/Apr/2021:10:55:33 +0800] "GET /xingrg/all/function/internal_message.html?_=1618023338094&CODE_STATE=getMsg HTTP/1.1" 200 27
116.230.114.112 - - [10/Apr/2021:10:55:34 +0800] "GET /xingrg/all/function/internal_message.html?_=1618023358556&CODE_STATE=getMsg HTTP/1.1" 200 27
117.184.7.26 - - [10/Apr/2021:10:55:34 +0800] "GET /xingrg/all/function/internal_message.html?_=1618023330493&CODE_STATE=getMsg HTTP/1.1" 200 27
180.171.127.22 - - [10/Apr/2021:10:55:35 +0800] "GET /xingrg/all/function/internal_message.html?_=1618023335028&CODE_STATE=getMsg HTTP/1.1" 200 27
116.230.114.112 - - [10/Apr/2021:10:55:37 +0800] "GET /xingrg/all/function/internal_message.html?_=1618023343797&CODE_STATE=getMsg HTTP/1.1" 302 -
61.165.42.208 - - [10/Apr/2021:10:55:38 +0800] "POST /xingrg/kc/buy/cgsh_order_operate.html HTTP/1.1" 200 37
116.238.141.202 - - [10/Apr/2021:10:55:40 +0800] "GET /xingrg/all/function/internal_message.html?_=1618023617425&CODE_STATE=getMsg HTTP/1.1" 200 27
117.184.7.26 - - [10/Apr/2021:10:55:40 +0800] "POST /xingrg/kc/buy/cgsh_order_operate.html HTTP/1.1" 200 2065
114.88.156.246 - - [10/Apr/2021:10:55:41 +0800] "GET /xingrg/all/function/internal_message.html?_=1618023363688&CODE_STATE=getMsg HTTP/1.1" 200 27
61.165.42.208 - - [10/Apr/2021:10:55:43 +0800] "POST /xingrg/kc/buy/cgsh_order_operate.html HTTP/1.1" 200 2667
61.165.42.208 - - [10/Apr/2021:10:55:45 +0800] "GET /xingrg/kc/print/load_data.html?order_code=212021041003540&kc_code=cgsh&condition= HTTP/1.1" 200 731
117.185.32.26 - - [10/Apr/2021:10:55:46 +0800] "GET /xingrg/all/function/internal_message.html?_=1618023341851&CODE_STATE=getMsg HTTP/1.1" 200 27
124.77.71.179 - - [10/Apr/2021:10:55:46 +0800] "GET /xingrg/all/function/internal_message.html?_=1618023349897&CODE_STATE=getMsg HTTP/1.1" 200 27
116.224.253.72 - - [10/Apr/2021:10:55:47 +0800] "GET /xingrg/all/function/internal_message.html?_=1618023345416&CODE_STATE=getMsg HTTP/1.1" 200 27
116.230.114.112 - - [10/Apr/2021:10:55:48 +0800] "POST /xingrg/kc/buy/cgsh_order_operate.html HTTP/1.1" 200 37
61.165.42.208 - - [10/Apr/2021:10:55:49 +0800] "GET /xingrg/kc/buy/cgsh_order_add.html HTTP/1.1" 200 62195
61.165.42.208 - - [10/Apr/2021:10:55:49 +0800] "GET /xingrg/javascript/easyui/themes/default/validatebox.css HTTP/1.1" 404 1104
61.165.42.208 - - [10/Apr/2021:10:55:49 +0800] "POST /xingrg/kc/buy/cgsh_order_operate.html HTTP/1.1" 200 8245
116.230.114.112 - - [10/Apr/2021:10:55:50 +0800] "POST /xingrg/kc/buy/cgsh_order_operate.html HTTP/1.1" 200 6231
61.165.42.208 - - [10/Apr/2021:10:55:51 +0800] "GET /xingrg/all/function/internal_message.html?_=1618023338674&CODE_STATE=getMsg HTTP/1.1" 200 27
124.77.71.179 - - [10/Apr/2021:10:55:52 +0800] "GET /xingrg/all/function/internal_message.html?_=1618023353446&CODE_STATE=getMsg HTTP/1.1" 200 27
116.230.114.112 - - [10/Apr/2021:10:55:53 +0800] "GET /xingrg/kc/print/load_data.html?order_code=212021041003541&kc_code=cgsh&condition= HTTP/1.1" 200 2055
117.131.5.26 - - [10/Apr/2021:10:55:56 +0800] "GET /xingrg/all/function/internal_message.html?_=1618023435618&CODE_STATE=getMsg HTTP/1.1" 200 27
61.165.42.208 - - [10/Apr/2021:10:55:59 +0800] "GET /xingrg/kc/buy/cgsh_order_operate.html?command=get_materiel&rest_code=00105&code=00101001040&supplier_code=00100319&order_time=2021-04-10 HTTP/1.1" 200 413
117.184.7.26 - - [10/Apr/2021:10:56:02 +0800] "GET /xingrg/kc/buy/cgsh_order_operate.html?command=get_materiel&rest_code=00108&code=00101008242&supplier_code=00100008&order_time=2021-04-10 HTTP/1.1" 200 408
116.238.141.202 - - [10/Apr/2021:10:56:04 +0800] "GET /xingrg/all/function/internal_message.html?_=1618023370451&CODE_STATE=getMsg HTTP/1.1" 200 27
116.230.114.112 - - [10/Apr/2021:10:56:10 +0800] "GET /xingrg/kc/buy/cgsh_order_add.html HTTP/1.1" 200 62154
116.230.114.112 - - [10/Apr/2021:10:56:10 +0800] "POST /xingrg/kc/buy/cgsh_order_operate.html HTTP/1.1" 200 8245
116.230.114.112 - - [10/Apr/2021:10:56:10 +0800] "GET /xingrg/javascript/easyui/themes/default/validatebox.css HTTP/1.1" 404 1104
61.165.42.208 - - [10/Apr/2021:10:56:11 +0800] "GET /xingrg/kc/buy/cgsh_order_operate.html?command=get_materiel&rest_code=00105&code=00101001140&supplier_code=00100319&order_time=2021-04-10 HTTP/1.1" 200 415
117.184.7.26 - - [10/Apr/2021:10:56:12 +0800] "GET /xingrg/kc/buy/cgsh_order_operate.html?command=get_materiel&rest_code=00108&code=00101008274&supplier_code=00100008&order_time=2021-04-10 HTTP/1.1" 200 412
117.184.7.26 - - [10/Apr/2021:10:56:18 +0800] "POST /xingrg/kc/buy/cgsh_order_operate.html HTTP/1.1" 200 2065
222.69.131.206 - - [10/Apr/2021:10:56:19 +0800] "GET /xingrg/all/function/internal_message.html?_=1618023382485&CODE_STATE=getMsg HTTP/1.1" 200 27
61.165.42.208 - - [10/Apr/2021:10:56:20 +0800] "GET /xingrg/all/function/internal_message.html?_=1618023384432&CODE_STATE=getMsg HTTP/1.1" 200 27
117.184.7.26 - - [10/Apr/2021:10:56:23 +0800] "GET /xingrg/kc/buy/cgsh_order_operate.html?command=get_materiel&rest_code=00108&code=00101008285&supplier_code=00100008&order_time=2021-04-10 HTTP/1.1" 200 413
58.40.7.146 - - [10/Apr/2021:10:56:23 +0800] "GET /xingrg/all/function/internal_message.html?_=1618023385888&CODE_STATE=getMsg HTTP/1.1" 302 -
114.86.187.76 - - [10/Apr/2021:10:56:24 +0800] "GET /xingrg/all/function/internal_message.html?_=1618023392105&CODE_STATE=getMsg HTTP/1.1" 200 27
116.230.114.112 - - [10/Apr/2021:10:56:25 +0800] "GET /xingrg/kc/buy/cgsh_order_operate.html?command=get_materiel&rest_code=00146&code=00101007032&supplier_code=00100328&order_time=2021-04-10 HTTP/1.1" 200 413
180.169.147.146 - - [10/Apr/2021:10:56:27 +0800] "GET /xingrg/all/function/internal_message.html?_=1618023392195&CODE_STATE=getMsg HTTP/1.1" 200 27
61.165.42.208 - - [10/Apr/2021:10:56:28 +0800] "GET /xingrg/kc/buy/cgsh_order_operate.html?command=get_materiel&rest_code=00105&code=00101001125&supplier_code=00100319&order_time=2021-04-10 HTTP/1.1" 200 415
116.224.253.72 - - [10/Apr/2021:10:56:29 +0800] "GET /xingrg/all/function/internal_message.html?_=1618023394399&CODE_STATE=getMsg HTTP/1.1" 200 27
222.70.217.33 - - [10/Apr/2021:10:56:32 +0800] "GET /xingrg/all/function/internal_message.html?_=1618023395012&CODE_STATE=getMsg HTTP/1.1" 200 27
180.169.147.146 - - [10/Apr/2021:10:56:32 +0800] "GET /xingrg/all/function/internal_message.html?_=1618023401969&CODE_STATE=getMsg HTTP/1.1" 302 -
116.233.74.165 - - [10/Apr/2021:10:56:33 +0800] "GET /xingrg/all/function/internal_message.html?_=1618023398097&CODE_STATE=getMsg HTTP/1.1" 200 27
116.230.114.112 - - [10/Apr/2021:10:56:33 +0800] "GET /xingrg/check_reg.html?_=1618023418280 HTTP/1.1" 200 22
116.230.114.112 - - [10/Apr/2021:10:56:34 +0800] "GET /xingrg/all/function/internal_message.html?_=1618023418569&CODE_STATE=getMsg HTTP/1.1" 200 27
117.184.7.26 - - [10/Apr/2021:10:56:34 +0800] "GET /xingrg/check_reg.html?_=1618023390440 HTTP/1.1" 200 22
117.184.7.26 - - [10/Apr/2021:10:56:34 +0800] "GET /xingrg/all/function/internal_message.html?_=1618023390473&CODE_STATE=getMsg HTTP/1.1" 200 27
180.171.127.22 - - [10/Apr/2021:10:56:35 +0800] "GET /xingrg/all/function/internal_message.html?_=1618023395046&CODE_STATE=getMsg HTTP/1.1" 200 27
117.184.7.26 - - [10/Apr/2021:10:56:35 +0800] "GET /xingrg/kc/buy/cgsh_order_operate.html?command=get_materiel&rest_code=00108&code=00101008161&supplier_code=00100008&order_time=2021-04-10 HTTP/1.1" 200 409
