120.253.135.82 - - [10/Apr/2021:09:14:46 +0800] "GET /xingrg/javascript/easyui/plugins/jquery.parser.js HTTP/1.1" 304 -
116.224.253.72 - - [10/Apr/2021:09:14:47 +0800] "GET /xingrg/kc/buy/cgsh_order_operate.html?command=get_materiel&rest_code=00151&code=00101015038&supplier_code=00100007&order_time=2021-04-10 HTTP/1.1" 200 419
120.253.135.82 - - [10/Apr/2021:09:14:47 +0800] "GET /xingrg/javascript/easyui/themes/sunny/images/tree_arrows.gif HTTP/1.1" 304 -
120.253.135.82 - - [10/Apr/2021:09:14:47 +0800] "GET /xingrg/javascript/easyui/themes/sunny/images/tree_folder_open.gif HTTP/1.1" 304 -
120.253.135.82 - - [10/Apr/2021:09:14:47 +0800] "GET /xingrg/javascript/easyui/themes/sunny/images/tree_folder.gif HTTP/1.1" 304 -
120.253.135.82 - - [10/Apr/2021:09:14:47 +0800] "GET /xingrg/javascript/easyui/themes/sunny/images/tree_file.gif HTTP/1.1" 304 -
120.253.135.82 - - [10/Apr/2021:09:14:47 +0800] "POST /xingrg/all/common/load_tree.html?tree=materiel_sort_tree_json HTTP/1.1" 200 8666
120.253.135.82 - - [10/Apr/2021:09:14:48 +0800] "GET /xingrg/css/images/panel_loading.gif HTTP/1.1" 304 -
120.253.135.82 - - [10/Apr/2021:09:14:49 +0800] "POST /xingrg/all/common/load_combo.html?type=base HTTP/1.1" 200 1075
61.165.42.208 - - [10/Apr/2021:09:14:51 +0800] "GET /xingrg/check_reg.html?_=1618017278541 HTTP/1.1" 200 22
61.165.42.208 - - [10/Apr/2021:09:14:51 +0800] "GET /xingrg/all/function/internal_message.html?_=1618017278544&CODE_STATE=getMsg HTTP/1.1" 200 27
116.233.74.165 - - [10/Apr/2021:09:14:54 +0800] "GET /xingrg/kc/buy/cgsh_order_operate.html?command=get_materiel&rest_code=00109&code=00101008362&supplier_code=00100005&order_time=2021-04-10 HTTP/1.1" 200 408
116.224.253.72 - - [10/Apr/2021:09:14:54 +0800] "GET /xingrg/kc/buy/cgsh_order_operate.html?command=get_materiel&rest_code=00151&code=00101008283&supplier_code=00100007&order_time=2021-04-10 HTTP/1.1" 200 408
116.224.253.72 - - [10/Apr/2021:09:14:59 +0800] "POST /xingrg/kc/buy/cgsh_order_operate.html HTTP/1.1" 200 37
116.224.253.72 - - [10/Apr/2021:09:15:01 +0800] "POST /xingrg/kc/buy/cgsh_order_operate.html HTTP/1.1" 200 22989
101.93.222.235 - - [10/Apr/2021:09:15:01 +0800] "POST /xingrg/services/DataTransmitService HTTP/1.1" 200 524
116.230.114.112 - - [10/Apr/2021:09:15:02 +0800] "GET /xingrg/all/function/internal_message.html?_=1618017326746&CODE_STATE=getMsg HTTP/1.1" 200 27
124.77.71.179 - - [10/Apr/2021:09:15:02 +0800] "POST /xingrg/services/DataTransmitService HTTP/1.1" 200 524
120.253.135.82 - - [10/Apr/2021:09:15:02 +0800] "POST /xingrg/kc/base/stock_operate.html HTTP/1.1" 200 2261
116.233.74.165 - - [10/Apr/2021:09:15:02 +0800] "GET /xingrg/kc/buy/cgsh_order_operate.html?command=get_materiel&rest_code=00109&code=00101008360&supplier_code=00100005&order_time=2021-04-10 HTTP/1.1" 200 413
120.253.135.82 - - [10/Apr/2021:09:15:02 +0800] "GET /xingrg/javascript/jquery_tools/fix_table.js HTTP/1.1" 304 -
124.77.71.179 - - [10/Apr/2021:09:15:05 +0800] "GET /xingrg/all/function/internal_message.html?_=1618017307174&CODE_STATE=getMsg HTTP/1.1" 200 27
116.224.253.72 - - [10/Apr/2021:09:15:10 +0800] "GET /xingrg/kc/buy/cgsh_order_operate.html?command=get_materiel&rest_code=00151&code=00101008096&supplier_code=00100007&order_time=2021-04-10 HTTP/1.1" 200 412
61.165.42.208 - - [10/Apr/2021:09:15:11 +0800] "POST /xingrg/kc/buy/cgsh_list_operate.html HTTP/1.1" 200 587
61.165.42.208 - - [10/Apr/2021:09:15:11 +0800] "GET /xingrg/kc/buy/cgsh_order_info.html?code=212021041003471 HTTP/1.1" 200 62204
61.165.42.208 - - [10/Apr/2021:09:15:12 +0800] "GET /xingrg/javascript/easyui/themes/default/validatebox.css HTTP/1.1" 404 1104
116.233.74.165 - - [10/Apr/2021:09:15:12 +0800] "GET /xingrg/kc/buy/cgsh_order_operate.html?command=get_materiel&rest_code=00109&code=00101008059&supplier_code=00100005&order_time=2021-04-10 HTTP/1.1" 200 408
61.165.42.208 - - [10/Apr/2021:09:15:12 +0800] "POST /xingrg/kc/buy/cgsh_order_operate.html HTTP/1.1" 200 6236
61.165.42.208 - - [10/Apr/2021:09:15:14 +0800] "GET /xingrg/kc/print/load_data.html?order_code=212021041003471&kc_code=cgsh&condition= HTTP/1.1" 200 2145
116.224.253.72 - - [10/Apr/2021:09:15:17 +0800] "GET /xingrg/all/function/internal_message.html?_=1618017315454&CODE_STATE=getMsg HTTP/1.1" 200 27
61.165.42.208 - - [10/Apr/2021:09:15:20 +0800] "GET /xingrg/all/function/internal_message.html?_=1618017324223&CODE_STATE=getMsg HTTP/1.1" 200 27
222.69.131.206 - - [10/Apr/2021:09:15:21 +0800] "GET /xingrg/all/function/internal_message.html?_=1618017324102&CODE_STATE=getMsg HTTP/1.1" 200 27
58.40.7.146 - - [10/Apr/2021:09:15:23 +0800] "GET /xingrg/all/function/internal_message.html?_=1618017325851&CODE_STATE=getMsg HTTP/1.1" 302 -
116.224.253.72 - - [10/Apr/2021:09:15:25 +0800] "POST /xingrg/kc/buy/cgsh_order_operate.html HTTP/1.1" 200 37
116.224.253.72 - - [10/Apr/2021:09:15:26 +0800] "POST /xingrg/kc/buy/cgsh_order_operate.html HTTP/1.1" 200 24167
180.169.147.146 - - [10/Apr/2021:09:15:27 +0800] "GET /xingrg/all/function/internal_message.html?_=1618017332099&CODE_STATE=getMsg HTTP/1.1" 200 27
116.224.253.72 - - [10/Apr/2021:09:15:28 +0800] "GET /xingrg/kc/buy/cgsh_order_add.html HTTP/1.1" 200 61802
61.165.42.208 - - [10/Apr/2021:09:15:29 +0800] "POST /xingrg/services/DataTransmitService HTTP/1.1" 200 524
116.224.253.72 - - [10/Apr/2021:09:15:29 +0800] "POST /xingrg/kc/buy/cgsh_order_operate.html HTTP/1.1" 200 8245
116.224.253.72 - - [10/Apr/2021:09:15:29 +0800] "GET /xingrg/all/function/internal_message.html?_=1618017333802&CODE_STATE=getMsg HTTP/1.1" 200 27
116.224.253.72 - - [10/Apr/2021:09:15:29 +0800] "GET /xingrg/javascript/easyui/themes/default/validatebox.css HTTP/1.1" 404 1104
116.233.74.165 - - [10/Apr/2021:09:15:31 +0800] "GET /xingrg/kc/buy/cgsh_order_operate.html?command=get_materiel&rest_code=00109&code=00101009054&supplier_code=00100005&order_time=2021-04-10 HTTP/1.1" 200 412
116.238.141.202 - - [10/Apr/2021:09:15:31 +0800] "GET /xingrg/all/function/internal_message.html?_=1618017608542&CODE_STATE=getMsg HTTP/1.1" 200 27
180.169.147.146 - - [10/Apr/2021:09:15:32 +0800] "GET /xingrg/all/function/internal_message.html?_=1618017341849&CODE_STATE=getMsg HTTP/1.1" 302 -
180.169.147.146 - - [10/Apr/2021:09:15:32 +0800] "GET /xingrg/check_reg.html?_=1618017341852 HTTP/1.1" 302 -
116.238.141.202 - - [10/Apr/2021:09:15:32 +0800] "POST /xingrg/kc/buy/cgsh_order_operate.html HTTP/1.1" 200 37
116.233.74.165 - - [10/Apr/2021:09:15:33 +0800] "GET /xingrg/all/function/internal_message.html?_=1618017337553&CODE_STATE=getMsg HTTP/1.1" 200 27
61.165.42.208 - - [10/Apr/2021:09:15:34 +0800] "POST /xingrg/services/DataTransmitService HTTP/1.1" 200 501
61.165.42.208 - - [10/Apr/2021:09:15:34 +0800] "POST /xingrg/services/DataTransmitService HTTP/1.1" 200 501
61.165.42.208 - - [10/Apr/2021:09:15:35 +0800] "POST /xingrg/services/DataTransmitService HTTP/1.1" 200 501
61.165.42.208 - - [10/Apr/2021:09:15:36 +0800] "POST /xingrg/services/DataTransmitService HTTP/1.1" 200 501
116.233.74.165 - - [10/Apr/2021:09:15:36 +0800] "GET /xingrg/system/info/materiel_import.html?isSelect=1&singleSelect=false HTTP/1.1" 200 5600
116.230.114.112 - - [10/Apr/2021:09:15:36 +0800] "GET /xingrg/all/function/internal_message.html?_=1618017342361&CODE_STATE=getMsg HTTP/1.1" 302 -
116.233.74.165 - - [10/Apr/2021:09:15:36 +0800] "POST /xingrg/all/common/load_tree.html?tree=materiel_sort_tree_json HTTP/1.1" 200 8666
116.238.141.202 - - [10/Apr/2021:09:15:36 +0800] "POST /xingrg/kc/buy/cgsh_order_operate.html HTTP/1.1" 200 12
61.165.42.208 - - [10/Apr/2021:09:15:36 +0800] "POST /xingrg/services/DataTransmitService HTTP/1.1" 200 501
61.165.42.208 - - [10/Apr/2021:09:15:36 +0800] "POST /xingrg/services/DataTransmitService HTTP/1.1" 200 501
61.165.42.208 - - [10/Apr/2021:09:15:37 +0800] "POST /xingrg/services/DataTransmitService HTTP/1.1" 200 501
61.165.42.208 - - [10/Apr/2021:09:15:38 +0800] "POST /xingrg/services/DataTransmitService HTTP/1.1" 200 501
101.93.222.235 - - [10/Apr/2021:09:15:38 +0800] "POST /xingrg/services/DataTransmitService HTTP/1.1" 200 524
116.238.141.202 - - [10/Apr/2021:09:15:38 +0800] "GET /xingrg/kc/buy/cgsh_order_info.html?code=212021041003473 HTTP/1.1" 200 56997
61.165.42.208 - - [10/Apr/2021:09:15:38 +0800] "POST /xingrg/services/DataTransmitService HTTP/1.1" 200 501
120.253.135.82 - - [10/Apr/2021:09:15:39 +0800] "GET /xingrg/all/function/internal_message.html?_=1618017118362&CODE_STATE=getMsg HTTP/1.1" 200 27
116.238.141.202 - - [10/Apr/2021:09:15:40 +0800] "GET /xingrg/javascript/easyui/themes/default/validatebox.css HTTP/1.1" 404 1104
116.238.141.202 - - [10/Apr/2021:09:15:40 +0800] "POST /xingrg/kc/buy/cgsh_order_operate.html HTTP/1.1" 200 4742
114.88.156.246 - - [10/Apr/2021:09:15:41 +0800] "GET /xingrg/all/function/internal_message.html?_=1618017363539&CODE_STATE=getMsg HTTP/1.1" 200 27
61.165.42.208 - - [10/Apr/2021:09:15:42 +0800] "POST /xingrg/services/DataTransmitService HTTP/1.1" 200 412
116.238.141.202 - - [10/Apr/2021:09:15:43 +0800] "GET /xingrg/kc/print/load_config.html?kc_code=cgsh HTTP/1.1" 200 1845
116.238.141.202 - - [10/Apr/2021:09:15:43 +0800] "GET /xingrg/kc/print/load_data.html?order_code=212021041003473&kc_code=cgsh&condition= HTTP/1.1" 200 2226
116.233.74.165 - - [10/Apr/2021:09:15:43 +0800] "GET /xingrg/kc/buy/cgsh_order_operate.html?command=get_materiel&rest_code=00109&code=00101008270&supplier_code=00100005&order_time=2021-04-10 HTTP/1.1" 200 412
116.224.253.72 - - [10/Apr/2021:09:15:43 +0800] "GET /xingrg/kc/buy/cgsh_order_operate.html?command=get_materiel&rest_code=00151&code=00101011005&supplier_code=00100047&order_time=2021-04-10 HTTP/1.1" 200 428
124.77.71.179 - - [10/Apr/2021:09:15:46 +0800] "GET /xingrg/all/function/internal_message.html?_=1618017349892&CODE_STATE=getMsg HTTP/1.1" 200 27
101.93.222.235 - - [10/Apr/2021:09:15:49 +0800] "POST /xingrg/services/DataTransmitService HTTP/1.1" 200 524
61.165.42.208 - - [10/Apr/2021:09:15:51 +0800] "GET /xingrg/all/function/internal_message.html?_=1618017338545&CODE_STATE=getMsg HTTP/1.1" 200 27
101.93.222.235 - - [10/Apr/2021:09:15:54 +0800] "POST /xingrg/services/DataTransmitService HTTP/1.1" 200 501
116.224.253.72 - - [10/Apr/2021:09:15:54 +0800] "GET /xingrg/kc/buy/cgsh_order_operate.html?command=get_materiel&rest_code=00151&code=00101011001&supplier_code=00100047&order_time=2021-04-10 HTTP/1.1" 200 423
101.93.222.235 - - [10/Apr/2021:09:15:54 +0800] "POST /xingrg/services/DataTransmitService HTTP/1.1" 200 501
101.93.222.235 - - [10/Apr/2021:09:15:55 +0800] "POST /xingrg/services/DataTransmitService HTTP/1.1" 200 501
101.93.222.235 - - [10/Apr/2021:09:15:57 +0800] "POST /xingrg/services/DataTransmitService HTTP/1.1" 200 501
101.93.222.235 - - [10/Apr/2021:09:15:57 +0800] "POST /xingrg/services/DataTransmitService HTTP/1.1" 200 501
101.93.222.235 - - [10/Apr/2021:09:15:57 +0800] "POST /xingrg/services/DataTransmitService HTTP/1.1" 200 501
116.233.74.165 - - [10/Apr/2021:09:15:57 +0800] "GET /xingrg/kc/buy/cgsh_order_operate.html?command=get_materiel&rest_code=00109&code=00101008357&supplier_code=00100005&order_time=2021-04-10 HTTP/1.1" 200 408
101.93.222.235 - - [10/Apr/2021:09:15:58 +0800] "POST /xingrg/services/DataTransmitService HTTP/1.1" 200 501
101.93.222.235 - - [10/Apr/2021:09:15:58 +0800] "POST /xingrg/services/DataTransmitService HTTP/1.1" 200 501
101.93.222.235 - - [10/Apr/2021:09:15:58 +0800] "POST /xingrg/services/DataTransmitService HTTP/1.1" 200 501
101.93.222.235 - - [10/Apr/2021:09:15:59 +0800] "POST /xingrg/services/DataTransmitService HTTP/1.1" 200 412
116.233.74.165 - - [10/Apr/2021:09:16:01 +0800] "POST /xingrg/kc/buy/cgsh_order_operate.html HTTP/1.1" 200 2065
116.224.253.72 - - [10/Apr/2021:09:16:02 +0800] "POST /xingrg/kc/buy/cgsh_order_operate.html HTTP/1.1" 200 37
116.230.114.112 - - [10/Apr/2021:09:16:02 +0800] "GET /xingrg/all/function/internal_message.html?_=1618017386832&CODE_STATE=getMsg HTTP/1.1" 200 27
116.224.253.72 - - [10/Apr/2021:09:16:05 +0800] "POST /xingrg/kc/buy/cgsh_order_operate.html HTTP/1.1" 200 12
124.77.71.179 - - [10/Apr/2021:09:16:05 +0800] "GET /xingrg/all/function/internal_message.html?_=1618017367157&CODE_STATE=getMsg HTTP/1.1" 200 27
116.224.253.72 - - [10/Apr/2021:09:16:06 +0800] "GET /xingrg/kc/buy/cgsh_order_info.html?code=212021041003474 HTTP/1.1" 200 56708
116.224.253.72 - - [10/Apr/2021:09:16:06 +0800] "GET /xingrg/javascript/easyui/themes/default/validatebox.css HTTP/1.1" 404 1104
116.224.253.72 - - [10/Apr/2021:09:16:07 +0800] "POST /xingrg/kc/buy/cgsh_order_operate.html HTTP/1.1" 200 1222
116.224.253.72 - - [10/Apr/2021:09:16:10 +0800] "GET /xingrg/kc/print/load_data.html?order_code=212021041003474&kc_code=cgsh&condition= HTTP/1.1" 200 1026
116.233.74.165 - - [10/Apr/2021:09:16:11 +0800] "GET /xingrg/kc/buy/cgsh_order_operate.html?command=get_materiel&rest_code=00109&code=00101008230&supplier_code=00100005&order_time=2021-04-10 HTTP/1.1" 200 408
116.224.253.72 - - [10/Apr/2021:09:16:17 +0800] "GET /xingrg/all/function/internal_message.html?_=1618017375468&CODE_STATE=getMsg HTTP/1.1" 200 27
116.233.74.165 - - [10/Apr/2021:09:16:19 +0800] "GET /xingrg/javascript/auto/indicator.gif HTTP/1.1" 404 1066
61.165.42.208 - - [10/Apr/2021:09:16:20 +0800] "GET /xingrg/all/function/internal_message.html?_=1618017384214&CODE_STATE=getMsg HTTP/1.1" 200 27
222.69.131.206 - - [10/Apr/2021:09:16:21 +0800] "GET /xingrg/all/function/internal_message.html?_=1618017384078&CODE_STATE=getMsg HTTP/1.1" 200 27
58.40.7.146 - - [10/Apr/2021:09:16:23 +0800] "GET /xingrg/all/function/internal_message.html?_=1618017385853&CODE_STATE=getMsg HTTP/1.1" 302 -
116.230.114.112 - - [10/Apr/2021:09:16:26 +0800] "GET /xingrg/check_reg.html?_=1618017410537 HTTP/1.1" 200 22
180.169.147.146 - - [10/Apr/2021:09:16:27 +0800] "GET /xingrg/all/function/internal_message.html?_=1618017392086&CODE_STATE=getMsg HTTP/1.1" 200 27
116.224.253.72 - - [10/Apr/2021:09:16:29 +0800] "GET /xingrg/all/function/internal_message.html?_=1618017393800&CODE_STATE=getMsg HTTP/1.1" 200 27
116.233.74.165 - - [10/Apr/2021:09:16:29 +0800] "GET /xingrg/kc/buy/cgsh_order_operate.html?command=get_materiel&rest_code=00109&code=00101008069&supplier_code=00100005&order_time=2021-04-10 HTTP/1.1" 200 412
116.238.141.202 - - [10/Apr/2021:09:16:31 +0800] "GET /xingrg/all/function/internal_message.html?_=1618017668546&CODE_STATE=getMsg HTTP/1.1" 200 27
180.169.147.146 - - [10/Apr/2021:09:16:32 +0800] "GET /xingrg/all/function/internal_message.html?_=1618017401851&CODE_STATE=getMsg HTTP/1.1" 302 -
116.233.74.165 - - [10/Apr/2021:09:16:33 +0800] "GET /xingrg/all/function/internal_message.html?_=1618017397559&CODE_STATE=getMsg HTTP/1.1" 200 27
116.230.114.112 - - [10/Apr/2021:09:16:36 +0800] "GET /xingrg/all/function/internal_message.html?_=1618017402363&CODE_STATE=getMsg HTTP/1.1" 302 -
120.253.135.82 - - [10/Apr/2021:09:16:39 +0800] "GET /xingrg/all/function/internal_message.html?_=1618017178376&CODE_STATE=getMsg HTTP/1.1" 200 27
114.88.156.246 - - [10/Apr/2021:09:16:41 +0800] "GET /xingrg/all/function/internal_message.html?_=1618017423530&CODE_STATE=getMsg HTTP/1.1" 200 27
116.224.253.72 - - [10/Apr/2021:09:16:41 +0800] "POST /xingrg/all/user/operate.html HTTP/1.1" 200 36
116.224.253.72 - - [10/Apr/2021:09:16:43 +0800] "GET /xingrg/javascript/jquery_easy_ui/themes/default/easyui.css HTTP/1.1" 304 -
116.224.253.72 - - [10/Apr/2021:09:16:43 +0800] "GET /xingrg/index.html?sysBaseUrl=http%3A%2F%2F180.169.147.146%3A18081%2Fxingrg%2F&costTime=45×tamp=1618012934520 HTTP/1.1" 200 17179
116.224.253.72 - - [10/Apr/2021:09:16:43 +0800] "GET /xingrg/javascript/jquery_easy_ui/themes/icon.css HTTP/1.1" 304 -
116.224.253.72 - - [10/Apr/2021:09:16:43 +0800] "GET /xingrg/css/form.css HTTP/1.1" 304 -
116.224.253.72 - - [10/Apr/2021:09:16:43 +0800] "GET /xingrg/javascript/jquery-1.4.2.min.js HTTP/1.1" 304 -
116.224.253.72 - - [10/Apr/2021:09:16:43 +0800] "GET /xingrg/javascript/jquery_easy_ui/jquery.easyui.min.js HTTP/1.1" 304 -
116.224.253.72 - - [10/Apr/2021:09:16:43 +0800] "GET /xingrg/javascript/jquery_easy_ui/easyui-lang-zh_CN.js HTTP/1.1" 304 -
116.224.253.72 - - [10/Apr/2021:09:16:43 +0800] "GET /xingrg/javascript/jquery.form.js HTTP/1.1" 304 -
116.224.253.72 - - [10/Apr/2021:09:16:43 +0800] "GET /xingrg/javascript/jquery.utils.js HTTP/1.1" 304 -
116.224.253.72 - - [10/Apr/2021:09:16:43 +0800] "GET /xingrg/javascript/jquery.timers.js HTTP/1.1" 304 -
116.224.253.72 - - [10/Apr/2021:09:16:43 +0800] "GET /xingrg/images/blue/jxLogo.png HTTP/1.1" 304 -
116.224.253.72 - - [10/Apr/2021:09:16:43 +0800] "GET /xingrg/images/blue/navBackgound.jpg HTTP/1.1" 304 -
116.224.253.72 - - [10/Apr/2021:09:16:43 +0800] "GET /xingrg/javascript/jquery_easy_ui/themes/icons/settle_new.png HTTP/1.1" 304 -
116.224.253.72 - - [10/Apr/2021:09:16:43 +0800] "GET /xingrg/images/blue/pingpu.png HTTP/1.1" 304 -
116.224.253.72 - - [10/Apr/2021:09:16:43 +0800] "GET /xingrg/javascript/jquery_easy_ui/themes/default/images/tabs_leftarrow.png HTTP/1.1" 304 -
116.224.253.72 - - [10/Apr/2021:09:16:43 +0800] "POST /xingrg/all/common/load_tree.html?tree=area_rest_tree_json&manage=1 HTTP/1.1" 200 476
116.224.253.72 - - [10/Apr/2021:09:16:43 +0800] "GET /xingrg/javascript/jquery_easy_ui/themes/default/images/tabs_rightarrow.png HTTP/1.1" 304 -
116.224.253.72 - - [10/Apr/2021:09:16:43 +0800] "GET /xingrg/javascript/jquery_easy_ui/themes/default/images/panel_tool_collapse.gif HTTP/1.1" 304 -
116.224.253.72 - - [10/Apr/2021:09:16:43 +0800] "GET /xingrg/check_reg.html?_=1618017401027 HTTP/1.1" 200 22
116.224.253.72 - - [10/Apr/2021:09:16:43 +0800] "GET /xingrg/all/function/internal_message.html?_=1618017401026&CODE_STATE=count HTTP/1.1" 200 11
116.224.253.72 - - [10/Apr/2021:09:16:43 +0800] "POST /xingrg/load_menu.html HTTP/1.1" 200 5138
116.233.74.165 - - [10/Apr/2021:09:16:46 +0800] "GET /xingrg/kc/buy/cgsh_order_operate.html?command=get_materiel&rest_code=00109&code=00101008286&supplier_code=00100005&order_time=2021-04-10 HTTP/1.1" 200 408
124.77.71.179 - - [10/Apr/2021:09:16:46 +0800] "GET /xingrg/all/function/internal_message.html?_=1618017409894&CODE_STATE=getMsg HTTP/1.1" 200 27
61.165.42.208 - - [10/Apr/2021:09:16:51 +0800] "GET /xingrg/all/function/internal_message.html?_=1618017398545&CODE_STATE=getMsg HTTP/1.1" 200 27
116.224.253.72 - - [10/Apr/2021:09:16:51 +0800] "GET /xingrg/kc/buy/cgsh_order_list.html HTTP/1.1" 200 46416
116.224.253.72 - - [10/Apr/2021:09:16:54 +0800] "POST /xingrg/kc/buy/cgsh_list_operate.html HTTP/1.1" 200 1709
116.233.74.165 - - [10/Apr/2021:09:16:56 +0800] "GET /xingrg/kc/buy/cgsh_order_operate.html?command=get_materiel&rest_code=00109&code=00101008036&supplier_code=00100005&order_time=2021-04-10 HTTP/1.1" 200 408
124.77.71.179 - - [10/Apr/2021:09:16:58 +0800] "GET /xingrg/check_reg.html?_=1618017419862 HTTP/1.1" 200 22
222.69.131.206 - - [10/Apr/2021:09:17:00 +0800] "GET /xingrg/kc/buy/cgsh_order_add.html HTTP/1.1" 200 62201
222.69.131.206 - - [10/Apr/2021:09:17:00 +0800] "POST /xingrg/kc/buy/cgsh_order_operate.html HTTP/1.1" 200 8245
222.69.131.206 - - [10/Apr/2021:09:17:00 +0800] "GET /xingrg/javascript/easyui/themes/default/validatebox.css HTTP/1.1" 404 1104
116.224.253.72 - - [10/Apr/2021:09:17:01 +0800] "GET /xingrg/kc/buy/cgsh_order_add.html HTTP/1.1" 200 62084
116.224.253.72 - - [10/Apr/2021:09:17:02 +0800] "POST /xingrg/kc/buy/cgsh_order_operate.html HTTP/1.1" 200 8245
116.224.253.72 - - [10/Apr/2021:09:17:02 +0800] "GET /xingrg/javascript/easyui/themes/default/validatebox.css HTTP/1.1" 404 1104
116.230.114.112 - - [10/Apr/2021:09:17:02 +0800] "GET /xingrg/all/function/internal_message.html?_=1618017446836&CODE_STATE=getMsg HTTP/1.1" 200 27
116.224.253.72 - - [10/Apr/2021:09:17:03 +0800] "GET /xingrg/javascript/auto/indicator.gif HTTP/1.1" 404 1066
124.77.71.179 - - [10/Apr/2021:09:17:05 +0800] "GET /xingrg/all/function/internal_message.html?_=1618017427141&CODE_STATE=getMsg HTTP/1.1" 200 27
116.224.253.72 - - [10/Apr/2021:09:17:11 +0800] "GET /xingrg/kc/buy/cgsh_order_operate.html?command=get_materiel&rest_code=00150&code=00101011005&supplier_code=00100047&order_time=2021-04-10 HTTP/1.1" 200 428
116.233.74.165 - - [10/Apr/2021:09:17:12 +0800] "GET /xingrg/kc/buy/cgsh_order_operate.html?command=get_materiel&rest_code=00109&code=00101008131&supplier_code=00100005&order_time=2021-04-10 HTTP/1.1" 200 408
222.69.131.206 - - [10/Apr/2021:09:17:13 +0800] "GET /xingrg/check_reg.html?_=1618017436443 HTTP/1.1" 200 22
116.233.74.165 - - [10/Apr/2021:09:17:14 +0800] "POST /xingrg/kc/buy/cgsh_order_operate.html HTTP/1.1" 200 2065
116.230.114.112 - - [10/Apr/2021:09:17:19 +0800] "GET /xingrg/check_reg.html?_=1618017445716 HTTP/1.1" 302 -
61.165.42.208 - - [10/Apr/2021:09:17:20 +0800] "GET /xingrg/all/function/internal_message.html?_=1618017444217&CODE_STATE=getMsg HTTP/1.1" 200 27
61.165.42.208 - - [10/Apr/2021:09:17:20 +0800] "GET /xingrg/check_reg.html?_=1618017444221 HTTP/1.1" 200 22
222.69.131.206 - - [10/Apr/2021:09:17:21 +0800] "GET /xingrg/all/function/internal_message.html?_=1618017444057&CODE_STATE=getMsg HTTP/1.1" 200 27
116.233.74.165 - - [10/Apr/2021:09:17:21 +0800] "GET /xingrg/kc/buy/cgsh_order_operate.html?command=get_materiel&rest_code=00109&code=00101008352&supplier_code=00100005&order_time=2021-04-10 HTTP/1.1" 200 412
58.40.7.146 - - [10/Apr/2021:09:17:23 +0800] "GET /xingrg/all/function/internal_message.html?_=1618017445855&CODE_STATE=getMsg HTTP/1.1" 302 -
116.230.114.112 - - [10/Apr/2021:09:17:24 +0800] "POST /xingrg/kc/buy/cgsh_list_operate.html HTTP/1.1" 200 876
116.230.114.112 - - [10/Apr/2021:09:17:26 +0800] "GET /xingrg/kc/buy/cgsh_order_add.html HTTP/1.1" 200 62154
116.230.114.112 - - [10/Apr/2021:09:17:26 +0800] "GET /xingrg/javascript/json2.js HTTP/1.1" 304 -
116.230.114.112 - - [10/Apr/2021:09:17:26 +0800] "GET /xingrg/javascript/jquery_tools/order_manager.js HTTP/1.1" 304 -
116.230.114.112 - - [10/Apr/2021:09:17:26 +0800] "GET /xingrg/javascript/print/kc_print.js HTTP/1.1" 304 -
116.230.114.112 - - [10/Apr/2021:09:17:26 +0800] "GET /xingrg/javascript/convert.js HTTP/1.1" 304 -
116.230.114.112 - - [10/Apr/2021:09:17:26 +0800] "GET /xingrg/javascript/pic_change.js HTTP/1.1" 304 -
116.230.114.112 - - [10/Apr/2021:09:17:26 +0800] "GET /xingrg/words/20210409185201_words.js HTTP/1.1" 304 -
116.230.114.112 - - [10/Apr/2021:09:17:26 +0800] "POST /xingrg/kc/buy/cgsh_order_operate.html HTTP/1.1" 200 8245
116.230.114.112 - - [10/Apr/2021:09:17:26 +0800] "GET /xingrg/all/common/auto_word.html?type=employee&rest_code=00146 HTTP/1.1" 200 147
116.230.114.112 - - [10/Apr/2021:09:17:26 +0800] "GET /xingrg/all/common/auto_word.html?type=employee&rest_code=00146 HTTP/1.1" 200 147
116.230.114.112 - - [10/Apr/2021:09:17:26 +0800] "GET /xingrg/javascript/easyui/themes/default/validatebox.css HTTP/1.1" 404 1104
116.230.114.112 - - [10/Apr/2021:09:17:26 +0800] "GET /xingrg/javascript/easyui/plugins/jquery.validatebox.js HTTP/1.1" 304 -
116.230.114.112 - - [10/Apr/2021:09:17:26 +0800] "GET /xingrg/javascript/easyui/plugins/jquery.numberbox.js HTTP/1.1" 304 -
180.169.147.146 - - [10/Apr/2021:09:17:27 +0800] "GET /xingrg/all/function/internal_message.html?_=1618017452087&CODE_STATE=getMsg HTTP/1.1" 200 27
116.224.253.72 - - [10/Apr/2021:09:17:29 +0800] "GET /xingrg/all/function/internal_message.html?_=1618017453816&CODE_STATE=getMsg HTTP/1.1" 200 27
116.224.253.72 - - [10/Apr/2021:09:17:29 +0800] "GET /xingrg/check_reg.html?_=1618017453818 HTTP/1.1" 200 22
116.238.141.202 - - [10/Apr/2021:09:17:31 +0800] "GET /xingrg/all/function/internal_message.html?_=1618017728562&CODE_STATE=getMsg HTTP/1.1" 200 27
180.169.147.146 - - [10/Apr/2021:09:17:32 +0800] "GET /xingrg/all/function/internal_message.html?_=1618017461851&CODE_STATE=getMsg HTTP/1.1" 302 -
116.233.74.165 - - [10/Apr/2021:09:17:32 +0800] "GET /xingrg/kc/buy/cgsh_order_operate.html?command=get_materiel&rest_code=00109&code=00101008005&supplier_code=00100005&order_time=2021-04-10 HTTP/1.1" 200 412
116.233.74.165 - - [10/Apr/2021:09:17:33 +0800] "GET /xingrg/all/function/internal_message.html?_=1618017457559&CODE_STATE=getMsg HTTP/1.1" 200 27
116.233.74.165 - - [10/Apr/2021:09:17:33 +0800] "GET /xingrg/check_reg.html?_=1618017457562 HTTP/1.1" 200 22
116.224.253.72 - - [10/Apr/2021:09:17:36 +0800] "GET /xingrg/kc/buy/cgsh_order_operate.html?command=get_materiel&rest_code=00150&code=00101011001&supplier_code=00100047&order_time=2021-04-10 HTTP/1.1" 200 423
116.230.114.112 - - [10/Apr/2021:09:17:36 +0800] "GET /xingrg/all/function/internal_message.html?_=1618017462387&CODE_STATE=getMsg HTTP/1.1" 302 -
120.253.135.82 - - [10/Apr/2021:09:17:39 +0800] "GET /xingrg/all/function/internal_message.html?_=1618017238396&CODE_STATE=getMsg HTTP/1.1" 200 27
116.230.114.112 - - [10/Apr/2021:09:17:40 +0800] "GET /xingrg/kc/buy/cgsh_order_operate.html?command=get_materiel&rest_code=00146&code=00101008072&supplier_code=00100005&order_time=2021-04-10 HTTP/1.1" 200 408
114.88.156.246 - - [10/Apr/2021:09:17:41 +0800] "GET /xingrg/all/function/internal_message.html?_=1618017483538&CODE_STATE=getMsg HTTP/1.1" 200 27
116.224.253.72 - - [10/Apr/2021:09:17:43 +0800] "GET /xingrg/all/function/internal_message.html?_=1618017461034&CODE_STATE=getMsg HTTP/1.1" 200 27
124.77.71.179 - - [10/Apr/2021:09:17:46 +0800] "GET /xingrg/all/function/internal_message.html?_=1618017469898&CODE_STATE=getMsg HTTP/1.1" 200 27
116.224.253.72 - - [10/Apr/2021:09:17:48 +0800] "POST /xingrg/kc/buy/cgsh_order_operate.html HTTP/1.1" 200 37
116.233.74.165 - - [10/Apr/2021:09:17:51 +0800] "GET /xingrg/kc/buy/cgsh_order_operate.html?command=get_materiel&rest_code=00109&code=00101008353&supplier_code=00100005&order_time=2021-04-10 HTTP/1.1" 200 408
61.165.42.208 - - [10/Apr/2021:09:17:51 +0800] "GET /xingrg/all/function/internal_message.html?_=1618017458545&CODE_STATE=getMsg HTTP/1.1" 200 27
116.224.253.72 - - [10/Apr/2021:09:17:51 +0800] "POST /xingrg/kc/buy/cgsh_order_operate.html HTTP/1.1" 200 12
116.224.253.72 - - [10/Apr/2021:09:17:53 +0800] "GET /xingrg/kc/buy/cgsh_order_info.html?code=212021041003475 HTTP/1.1" 200 56990
116.224.253.72 - - [10/Apr/2021:09:17:53 +0800] "GET /xingrg/javascript/easyui/themes/default/validatebox.css HTTP/1.1" 404 1104
116.224.253.72 - - [10/Apr/2021:09:17:53 +0800] "POST /xingrg/kc/buy/cgsh_order_operate.html HTTP/1.1" 200 1207
116.230.114.112 - - [10/Apr/2021:09:17:55 +0800] "GET /xingrg/kc/buy/cgsh_order_operate.html?command=get_materiel&rest_code=00146&code=00101008351&supplier_code=00100005&order_time=2021-04-10 HTTP/1.1" 200 408
116.224.253.72 - - [10/Apr/2021:09:17:56 +0800] "GET /xingrg/kc/print/load_data.html?order_code=212021041003475&kc_code=cgsh&condition= HTTP/1.1" 200 1017
180.169.147.146 - - [10/Apr/2021:09:17:57 +0800] "GET /xingrg/check_reg.html?_=1618017480052 HTTP/1.1" 200 22
116.233.74.165 - - [10/Apr/2021:09:18:00 +0800] "GET /xingrg/kc/buy/cgsh_order_operate.html?command=get_materiel&rest_code=00109&code=00101008312&supplier_code=00100005&order_time=2021-04-10 HTTP/1.1" 200 412
116.230.114.112 - - [10/Apr/2021:09:18:02 +0800] "GET /xingrg/all/function/internal_message.html?_=1618017506870&CODE_STATE=getMsg HTTP/1.1" 200 27
124.77.71.179 - - [10/Apr/2021:09:18:06 +0800] "GET /xingrg/all/function/internal_message.html?_=1618017487125&CODE_STATE=getMsg HTTP/1.1" 200 27
116.230.114.112 - - [10/Apr/2021:09:18:06 +0800] "GET /xingrg/kc/buy/cgsh_order_operate.html?command=get_materiel&rest_code=00146&code=00101008017&supplier_code=00100005&order_time=2021-04-10 HTTP/1.1" 200 416
116.230.114.112 - - [10/Apr/2021:09:18:15 +0800] "GET /xingrg/kc/buy/cgsh_order_operate.html?command=get_materiel&rest_code=00146&code=00101008141&supplier_code=00100005&order_time=2021-04-10 HTTP/1.1" 200 412
116.224.253.72 - - [10/Apr/2021:09:18:16 +0800] "GET /xingrg/kc/buy/cgsh_order_add.html HTTP/1.1" 200 62084
116.224.253.72 - - [10/Apr/2021:09:18:17 +0800] "POST /xingrg/kc/buy/cgsh_order_operate.html HTTP/1.1" 200 8245
116.224.253.72 - - [10/Apr/2021:09:18:17 +0800] "GET /xingrg/javascript/easyui/themes/default/validatebox.css HTTP/1.1" 404 1104
61.165.42.208 - - [10/Apr/2021:09:18:20 +0800] "GET /xingrg/all/function/internal_message.html?_=1618017504218&CODE_STATE=getMsg HTTP/1.1" 200 27
222.69.131.206 - - [10/Apr/2021:09:18:21 +0800] "GET /xingrg/all/function/internal_message.html?_=1618017504032&CODE_STATE=getMsg HTTP/1.1" 200 27
222.69.131.206 - - [10/Apr/2021:09:18:22 +0800] "GET /xingrg/kc/buy/cgsh_order_operate.html?command=get_materiel&rest_code=00149&code=00101004033&supplier_code=00100083&order_time=2021-04-10 HTTP/1.1" 200 439
58.40.7.146 - - [10/Apr/2021:09:18:23 +0800] "GET /xingrg/check_reg.html?_=1618017505843 HTTP/1.1" 302 -
58.40.7.146 - - [10/Apr/2021:09:18:23 +0800] "GET /xingrg/all/function/internal_message.html?_=1618017505845&CODE_STATE=getMsg HTTP/1.1" 302 -
116.230.114.112 - - [10/Apr/2021:09:18:25 +0800] "GET /xingrg/kc/buy/cgsh_order_operate.html?command=get_materiel&rest_code=00146&code=00101008087&supplier_code=00100005&order_time=2021-04-10 HTTP/1.1" 200 412
116.224.253.72 - - [10/Apr/2021:09:18:26 +0800] "GET /xingrg/kc/buy/cgsh_order_operate.html?command=get_materiel&rest_code=00150&code=00101009001&supplier_code=00100424&order_time=2021-04-10 HTTP/1.1" 200 416
180.169.147.146 - - [10/Apr/2021:09:18:27 +0800] "GET /xingrg/all/function/internal_message.html?_=1618017512092&CODE_STATE=getMsg HTTP/1.1" 200 27
180.169.147.146 - - [10/Apr/2021:09:18:27 +0800] "GET /xingrg/check_reg.html?_=1618017512096 HTTP/1.1" 200 22
116.224.253.72 - - [10/Apr/2021:09:18:29 +0800] "GET /xingrg/all/function/internal_message.html?_=1618017513825&CODE_STATE=getMsg HTTP/1.1" 200 27
116.233.74.165 - - [10/Apr/2021:09:18:30 +0800] "GET /xingrg/kc/buy/cgsh_order_operate.html?command=get_materiel&rest_code=00109&code=00101008095&supplier_code=00100005&order_time=2021-04-10 HTTP/1.1" 200 412
116.238.141.202 - - [10/Apr/2021:09:18:31 +0800] "GET /xingrg/all/function/internal_message.html?_=1618017788575&CODE_STATE=getMsg HTTP/1.1" 200 27
180.169.147.146 - - [10/Apr/2021:09:18:32 +0800] "GET /xingrg/all/function/internal_message.html?_=1618017521851&CODE_STATE=getMsg HTTP/1.1" 302 -
116.233.74.165 - - [10/Apr/2021:09:18:33 +0800] "GET /xingrg/all/function/internal_message.html?_=1618017517560&CODE_STATE=getMsg HTTP/1.1" 200 27
116.230.114.112 - - [10/Apr/2021:09:18:35 +0800] "GET /xingrg/kc/buy/cgsh_order_operate.html?command=get_materiel&rest_code=00146&code=00101008355&supplier_code=00100005&order_time=2021-04-10 HTTP/1.1" 200 408
116.224.253.72 - - [10/Apr/2021:09:18:36 +0800] "GET /xingrg/kc/buy/cgsh_order_operate.html?command=get_materiel&rest_code=00150&code=00101009011&supplier_code=00100424&order_time=2021-04-10 HTTP/1.1" 200 416
116.230.114.112 - - [10/Apr/2021:09:18:36 +0800] "GET /xingrg/all/function/internal_message.html?_=1618017522390&CODE_STATE=getMsg HTTP/1.1" 302 -
116.233.74.165 - - [10/Apr/2021:09:18:37 +0800] "POST /xingrg/kc/buy/cgsh_order_operate.html HTTP/1.1" 200 2065
120.253.135.82 - - [10/Apr/2021:09:18:39 +0800] "GET /xingrg/all/function/internal_message.html?_=1618017298403&CODE_STATE=getMsg HTTP/1.1" 200 27
114.88.156.246 - - [10/Apr/2021:09:18:41 +0800] "GET /xingrg/all/function/internal_message.html?_=1618017543530&CODE_STATE=getMsg HTTP/1.1" 200 27
116.224.253.72 - - [10/Apr/2021:09:18:42 +0800] "GET /xingrg/kc/buy/cgsh_order_operate.html?command=get_materiel&rest_code=00150&code=00101009010&supplier_code=00100424&order_time=2021-04-10 HTTP/1.1" 200 412
116.224.253.72 - - [10/Apr/2021:09:18:43 +0800] "GET /xingrg/all/function/internal_message.html?_=1618017521050&CODE_STATE=getMsg HTTP/1.1" 200 27
116.230.114.112 - - [10/Apr/2021:09:18:44 +0800] "GET /xingrg/kc/buy/cgsh_order_operate.html?command=get_materiel&rest_code=00146&code=00101008212&supplier_code=00100005&order_time=2021-04-10 HTTP/1.1" 200 412
116.233.74.165 - - [10/Apr/2021:09:18:45 +0800] "GET /xingrg/kc/buy/cgsh_order_operate.html?command=get_materiel&rest_code=00109&code=00101008196&supplier_code=00100005&order_time=2021-04-10 HTTP/1.1" 200 416
124.77.71.179 - - [10/Apr/2021:09:18:46 +0800] "GET /xingrg/all/function/internal_message.html?_=1618017529901&CODE_STATE=getMsg HTTP/1.1" 200 27
124.77.71.179 - - [10/Apr/2021:09:18:46 +0800] "GET /xingrg/check_reg.html?_=1618017529902 HTTP/1.1" 200 22
116.224.253.72 - - [10/Apr/2021:09:18:50 +0800] "GET /xingrg/kc/buy/cgsh_order_operate.html?command=get_materiel&rest_code=00150&code=00101009016&supplier_code=00100424&order_time=2021-04-10 HTTP/1.1" 200 412
61.165.42.208 - - [10/Apr/2021:09:18:51 +0800] "GET /xingrg/all/function/internal_message.html?_=1618017518546&CODE_STATE=getMsg HTTP/1.1" 200 27
114.88.156.246 - - [10/Apr/2021:09:18:56 +0800] "GET /xingrg/check_reg.html?_=1618017557989 HTTP/1.1" 200 22
116.230.114.112 - - [10/Apr/2021:09:18:56 +0800] "GET /xingrg/kc/buy/cgsh_order_operate.html?command=get_materiel&rest_code=00146&code=00101008137&supplier_code=00100005&order_time=2021-04-10 HTTP/1.1" 200 408
116.233.74.165 - - [10/Apr/2021:09:18:57 +0800] "GET /xingrg/kc/buy/cgsh_order_operate.html?command=get_materiel&rest_code=00109&code=00101008197&supplier_code=00100005&order_time=2021-04-10 HTTP/1.1" 200 416
116.224.253.72 - - [10/Apr/2021:09:18:58 +0800] "GET /xingrg/kc/buy/cgsh_order_operate.html?command=get_materiel&rest_code=00150&code=00101009066&supplier_code=00100424&order_time=2021-04-10 HTTP/1.1" 200 416
222.69.131.206 - - [10/Apr/2021:09:18:59 +0800] "GET /xingrg/kc/buy/cgsh_order_operate.html?command=get_materiel&rest_code=00149&code=00101004065&supplier_code=00100083&order_time=2021-04-10 HTTP/1.1" 200 434
116.230.114.112 - - [10/Apr/2021:09:19:02 +0800] "GET /xingrg/all/function/internal_message.html?_=1618017566879&CODE_STATE=getMsg HTTP/1.1" 200 27
116.230.114.112 - - [10/Apr/2021:09:19:06 +0800] "GET /xingrg/kc/buy/cgsh_order_operate.html?command=get_materiel&rest_code=00146&code=00101008270&supplier_code=00100005&order_time=2021-04-10 HTTP/1.1" 200 412
124.77.71.179 - - [10/Apr/2021:09:19:06 +0800] "GET /xingrg/all/function/internal_message.html?_=1618017547102&CODE_STATE=getMsg HTTP/1.1" 200 27
222.69.131.206 - - [10/Apr/2021:09:19:09 +0800] "GET /xingrg/kc/buy/cgsh_order_operate.html?command=get_materiel&rest_code=00149&code=00101001115&supplier_code=00100083&order_time=2021-04-10 HTTP/1.1" 200 413
116.224.253.72 - - [10/Apr/2021:09:19:15 +0800] "GET /xingrg/kc/buy/cgsh_order_operate.html?command=get_materiel&rest_code=00150&code=00101009062&supplier_code=00100424&order_time=2021-04-10 HTTP/1.1" 200 412
116.230.114.112 - - [10/Apr/2021:09:19:16 +0800] "GET /xingrg/kc/buy/cgsh_order_operate.html?command=get_materiel&rest_code=00146&code=00101008175&supplier_code=00100005&order_time=2021-04-10 HTTP/1.1" 200 412
116.233.74.165 - - [10/Apr/2021:09:19:16 +0800] "GET /xingrg/kc/buy/cgsh_order_operate.html?command=get_materiel&rest_code=00109&code=00101015074&supplier_code=00100005&order_time=2021-04-10 HTTP/1.1" 200 408
61.165.42.208 - - [10/Apr/2021:09:19:20 +0800] "GET /xingrg/all/function/internal_message.html?_=1618017564207&CODE_STATE=getMsg HTTP/1.1" 200 27
222.69.131.206 - - [10/Apr/2021:09:19:21 +0800] "GET /xingrg/all/function/internal_message.html?_=1618017564010&CODE_STATE=getMsg HTTP/1.1" 200 27
58.40.7.146 - - [10/Apr/2021:09:19:23 +0800] "GET /xingrg/all/function/internal_message.html?_=1618017565845&CODE_STATE=getMsg HTTP/1.1" 302 -
180.169.147.146 - - [10/Apr/2021:09:19:27 +0800] "GET /xingrg/all/function/internal_message.html?_=1618017572096&CODE_STATE=getMsg HTTP/1.1" 200 27
222.69.131.206 - - [10/Apr/2021:09:19:28 +0800] "POST /xingrg/kc/buy/cgsh_order_operate.html HTTP/1.1" 200 37
116.233.74.165 - - [10/Apr/2021:09:19:29 +0800] "GET /xingrg/kc/buy/cgsh_order_operate.html?command=get_materiel&rest_code=00109&code=00101013085&supplier_code=00100005&order_time=2021-04-10 HTTP/1.1" 200 412
116.224.253.72 - - [10/Apr/2021:09:19:29 +0800] "GET /xingrg/all/function/internal_message.html?_=1618017573834&CODE_STATE=getMsg HTTP/1.1" 200 27
116.230.114.112 - - [10/Apr/2021:09:19:29 +0800] "GET /xingrg/kc/buy/cgsh_order_operate.html?command=get_materiel&rest_code=00146&code=00101008027&supplier_code=00100005&order_time=2021-04-10 HTTP/1.1" 200 409
116.238.141.202 - - [10/Apr/2021:09:19:30 +0800] "GET /xingrg/check_reg.html?_=1618017847626 HTTP/1.1" 200 22
116.238.141.202 - - [10/Apr/2021:09:19:31 +0800] "GET /xingrg/all/function/internal_message.html?_=1618017848587&CODE_STATE=getMsg HTTP/1.1" 200 27
222.69.131.206 - - [10/Apr/2021:09:19:31 +0800] "POST /xingrg/kc/buy/cgsh_order_operate.html HTTP/1.1" 200 12
180.169.147.146 - - [10/Apr/2021:09:19:32 +0800] "GET /xingrg/all/function/internal_message.html?_=1618017581853&CODE_STATE=getMsg HTTP/1.1" 302 -
222.69.131.206 - - [10/Apr/2021:09:19:32 +0800] "GET /xingrg/kc/buy/cgsh_order_info.html?code=212021041003476 HTTP/1.1" 200 57101
116.233.74.165 - - [10/Apr/2021:09:19:33 +0800] "GET /xingrg/all/function/internal_message.html?_=1618017577562&CODE_STATE=getMsg HTTP/1.1" 200 27
222.69.131.206 - - [10/Apr/2021:09:19:33 +0800] "GET /xingrg/javascript/easyui/themes/default/validatebox.css HTTP/1.1" 404 1104
222.69.131.206 - - [10/Apr/2021:09:19:33 +0800] "POST /xingrg/kc/buy/cgsh_order_operate.html HTTP/1.1" 200 1818
222.69.131.206 - - [10/Apr/2021:09:19:34 +0800] "GET /xingrg/kc/print/load_data.html?order_code=212021041003476&kc_code=cgsh&condition= HTTP/1.1" 200 1197
116.230.114.112 - - [10/Apr/2021:09:19:36 +0800] "GET /xingrg/all/function/internal_message.html?_=1618017582415&CODE_STATE=getMsg HTTP/1.1" 302 -
116.233.74.165 - - [10/Apr/2021:09:19:38 +0800] "GET /xingrg/kc/buy/cgsh_order_operate.html?command=get_materiel&rest_code=00109&code=00101008085&supplier_code=00100005&order_time=2021-04-10 HTTP/1.1" 200 412
120.253.135.82 - - [10/Apr/2021:09:19:39 +0800] "GET /xingrg/check_reg.html?_=1618017358365 HTTP/1.1" 200 22
120.253.135.82 - - [10/Apr/2021:09:19:39 +0800] "GET /xingrg/all/function/internal_message.html?_=1618017358417&CODE_STATE=getMsg HTTP/1.1" 200 27
116.224.253.72 - - [10/Apr/2021:09:19:39 +0800] "GET /xingrg/kc/buy/cgsh_order_operate.html?command=get_materiel&rest_code=00150&code=00101009044&supplier_code=00100424&order_time=2021-04-10 HTTP/1.1" 200 412
116.230.114.112 - - [10/Apr/2021:09:19:40 +0800] "GET /xingrg/kc/buy/cgsh_order_operate.html?command=get_materiel&rest_code=00146&code=00101008257&supplier_code=00100005&order_time=2021-04-10 HTTP/1.1" 200 416
222.69.131.206 - - [10/Apr/2021:09:19:41 +0800] "GET /xingrg/kc/buy/cgsh_order_add.html HTTP/1.1" 200 62201
222.69.131.206 - - [10/Apr/2021:09:19:41 +0800] "POST /xingrg/kc/buy/cgsh_order_operate.html HTTP/1.1" 200 8245
222.69.131.206 - - [10/Apr/2021:09:19:41 +0800] "GET /xingrg/javascript/easyui/themes/default/validatebox.css HTTP/1.1" 404 1104
114.88.156.246 - - [10/Apr/2021:09:19:41 +0800] "GET /xingrg/all/function/internal_message.html?_=1618017603538&CODE_STATE=getMsg HTTP/1.1" 200 27
116.224.253.72 - - [10/Apr/2021:09:19:43 +0800] "GET /xingrg/all/function/internal_message.html?_=1618017581062&CODE_STATE=getMsg HTTP/1.1" 200 27
124.77.71.179 - - [10/Apr/2021:09:19:46 +0800] "GET /xingrg/all/function/internal_message.html?_=1618017589904&CODE_STATE=getMsg HTTP/1.1" 200 27
116.233.74.165 - - [10/Apr/2021:09:19:49 +0800] "GET /xingrg/kc/buy/cgsh_order_operate.html?command=get_materiel&rest_code=00109&code=00101008283&supplier_code=00100005&order_time=2021-04-10 HTTP/1.1" 200 408
61.165.42.208 - - [10/Apr/2021:09:19:51 +0800] "GET /xingrg/check_reg.html?_=1618017578531 HTTP/1.1" 200 22
61.165.42.208 - - [10/Apr/2021:09:19:51 +0800] "GET /xingrg/all/function/internal_message.html?_=1618017578535&CODE_STATE=getMsg HTTP/1.1" 200 27
116.230.114.112 - - [10/Apr/2021:09:19:53 +0800] "GET /xingrg/kc/buy/cgsh_order_operate.html?command=get_materiel&rest_code=00146&code=00101008349&supplier_code=00100005&order_time=2021-04-10 HTTP/1.1" 200 412
116.224.253.72 - - [10/Apr/2021:09:19:56 +0800] "GET /xingrg/kc/buy/cgsh_order_operate.html?command=get_materiel&rest_code=00150&code=00101009015&supplier_code=00100424&order_time=2021-04-10 HTTP/1.1" 200 416
116.230.114.112 - - [10/Apr/2021:09:20:02 +0800] "GET /xingrg/all/function/internal_message.html?_=1618017626891&CODE_STATE=getMsg HTTP/1.1" 200 27
116.224.253.72 - - [10/Apr/2021:09:20:05 +0800] "GET /xingrg/kc/buy/cgsh_order_operate.html?command=get_materiel&rest_code=00150&code=00101009013&supplier_code=00100424&order_time=2021-04-10 HTTP/1.1" 200 420
124.77.71.179 - - [10/Apr/2021:09:20:06 +0800] "GET /xingrg/all/function/internal_message.html?_=1618017607074&CODE_STATE=getMsg HTTP/1.1" 200 27
116.233.74.165 - - [10/Apr/2021:09:20:08 +0800] "GET /xingrg/kc/buy/cgsh_order_operate.html?command=get_materiel&rest_code=00109&code=00101015032&supplier_code=00100005&order_time=2021-04-10 HTTP/1.1" 200 419
116.233.74.165 - - [10/Apr/2021:09:20:11 +0800] "POST /xingrg/kc/buy/cgsh_order_operate.html HTTP/1.1" 200 2065
116.224.253.72 - - [10/Apr/2021:09:20:13 +0800] "POST /xingrg/kc/buy/cgsh_order_operate.html HTTP/1.1" 200 37
116.230.114.112 - - [10/Apr/2021:09:20:14 +0800] "GET /xingrg/kc/buy/cgsh_order_operate.html?command=get_materiel&rest_code=00146&code=00101008112&supplier_code=00100005&order_time=2021-04-10 HTTP/1.1" 200 412
116.224.253.72 - - [10/Apr/2021:09:20:14 +0800] "POST /xingrg/kc/buy/cgsh_order_operate.html HTTP/1.1" 200 9205
222.69.131.206 - - [10/Apr/2021:09:20:15 +0800] "GET /xingrg/kc/buy/cgsh_order_operate.html?command=get_materiel&rest_code=00149&code=00101001075&supplier_code=00100039&order_time=2021-04-10 HTTP/1.1" 200 411
61.165.42.208 - - [10/Apr/2021:09:20:20 +0800] "GET /xingrg/all/function/internal_message.html?_=1618017624207&CODE_STATE=getMsg HTTP/1.1" 200 27
222.69.131.206 - - [10/Apr/2021:09:20:21 +0800] "GET /xingrg/all/function/internal_message.html?_=1618017623988&CODE_STATE=getMsg HTTP/1.1" 200 27
58.40.7.146 - - [10/Apr/2021:09:20:23 +0800] "GET /xingrg/all/function/internal_message.html?_=1618017625849&CODE_STATE=getMsg HTTP/1.1" 302 -
180.169.147.146 - - [10/Apr/2021:09:20:27 +0800] "GET /xingrg/all/function/internal_message.html?_=1618017632099&CODE_STATE=getMsg HTTP/1.1" 200 27
116.233.74.165 - - [10/Apr/2021:09:20:28 +0800] "GET /xingrg/kc/buy/cgsh_order_operate.html?command=get_materiel&rest_code=00109&code=00101015012&supplier_code=00100005&order_time=2021-04-10 HTTP/1.1" 200 412
116.224.253.72 - - [10/Apr/2021:09:20:29 +0800] "GET /xingrg/all/function/internal_message.html?_=1618017633818&CODE_STATE=getMsg HTTP/1.1" 200 27
116.230.114.112 - - [10/Apr/2021:09:20:30 +0800] "GET /xingrg/kc/buy/cgsh_order_operate.html?command=get_materiel&rest_code=00146&code=00101008028&supplier_code=00100005&order_time=2021-04-10 HTTP/1.1" 200 412
116.238.141.202 - - [10/Apr/2021:09:20:31 +0800] "GET /xingrg/all/function/internal_message.html?_=1618017908601&CODE_STATE=getMsg HTTP/1.1" 200 27
180.169.147.146 - - [10/Apr/2021:09:20:32 +0800] "GET /xingrg/check_reg.html?_=1618017641839 HTTP/1.1" 302 -
180.169.147.146 - - [10/Apr/2021:09:20:32 +0800] "GET /xingrg/all/function/internal_message.html?_=1618017641842&CODE_STATE=getMsg HTTP/1.1" 302 -
116.233.74.165 - - [10/Apr/2021:09:20:33 +0800] "GET /xingrg/all/function/internal_message.html?_=1618017637565&CODE_STATE=getMsg HTTP/1.1" 200 27
116.230.114.112 - - [10/Apr/2021:09:20:36 +0800] "GET /xingrg/all/function/internal_message.html?_=1618017642417&CODE_STATE=getMsg HTTP/1.1" 302 -
120.253.135.82 - - [10/Apr/2021:09:20:39 +0800] "GET /xingrg/all/function/internal_message.html?_=1618017418430&CODE_STATE=getMsg HTTP/1.1" 200 27
116.230.114.112 - - [10/Apr/2021:09:20:39 +0800] "GET /xingrg/kc/buy/cgsh_order_operate.html?command=get_materiel&rest_code=00146&code=00101008096&supplier_code=00100005&order_time=2021-04-10 HTTP/1.1" 200 412
114.88.156.246 - - [10/Apr/2021:09:20:41 +0800] "GET /xingrg/all/function/internal_message.html?_=1618017663530&CODE_STATE=getMsg HTTP/1.1" 200 27
116.224.253.72 - - [10/Apr/2021:09:20:43 +0800] "GET /xingrg/all/function/internal_message.html?_=1618017641075&CODE_STATE=getMsg HTTP/1.1" 200 27
124.77.71.179 - - [10/Apr/2021:09:20:46 +0800] "GET /xingrg/all/function/internal_message.html?_=1618017649906&CODE_STATE=getMsg HTTP/1.1" 200 27
116.230.114.112 - - [10/Apr/2021:09:20:51 +0800] "GET /xingrg/kc/buy/cgsh_order_operate.html?command=get_materiel&rest_code=00146&code=00101008338&supplier_code=00100005&order_time=2021-04-10 HTTP/1.1" 200 408
61.165.42.208 - - [10/Apr/2021:09:20:51 +0800] "GET /xingrg/all/function/internal_message.html?_=1618017638535&CODE_STATE=getMsg HTTP/1.1" 200 27
116.233.74.165 - - [10/Apr/2021:09:20:52 +0800] "GET /xingrg/kc/buy/cgsh_order_operate.html?command=get_materiel&rest_code=00109&code=00101008244&supplier_code=00100005&order_time=2021-04-10 HTTP/1.1" 200 408
222.69.131.206 - - [10/Apr/2021:09:20:52 +0800] "GET /xingrg/kc/buy/cgsh_order_operate.html?command=get_materiel&rest_code=00149&code=00101010161&supplier_code=00100039&order_time=2021-04-10 HTTP/1.1" 200 411
116.230.114.112 - - [10/Apr/2021:09:21:00 +0800] "GET /xingrg/kc/buy/cgsh_order_operate.html?command=get_materiel&rest_code=00146&code=00101008290&supplier_code=00100005&order_time=2021-04-10 HTTP/1.1" 200 416
116.230.114.112 - - [10/Apr/2021:09:21:02 +0800] "GET /xingrg/all/function/internal_message.html?_=1618017687010&CODE_STATE=getMsg HTTP/1.1" 200 27
222.69.131.206 - - [10/Apr/2021:09:21:05 +0800] "GET /xingrg/kc/buy/cgsh_order_operate.html?command=get_materiel&rest_code=00149&code=00101001060&supplier_code=00100039&order_time=2021-04-10 HTTP/1.1" 200 421
124.77.71.179 - - [10/Apr/2021:09:21:06 +0800] "GET /xingrg/all/function/internal_message.html?_=1618017667061&CODE_STATE=getMsg HTTP/1.1" 200 27
116.233.74.165 - - [10/Apr/2021:09:21:07 +0800] "GET /xingrg/kc/buy/cgsh_order_operate.html?command=get_materiel&rest_code=00109&code=00101008080&supplier_code=00100005&order_time=2021-04-10 HTTP/1.1" 200 416
116.230.114.112 - - [10/Apr/2021:09:21:10 +0800] "GET /xingrg/kc/buy/cgsh_order_operate.html?command=get_materiel&rest_code=00146&code=00101008003&supplier_code=00100005&order_time=2021-04-10 HTTP/1.1" 200 408
116.230.114.112 - - [10/Apr/2021:09:21:13 +0800] "POST /xingrg/kc/buy/cgsh_order_operate.html HTTP/1.1" 200 2065
61.165.42.208 - - [10/Apr/2021:09:21:16 +0800] "GET /xingrg/kc/buy/cgsh_order_add.html HTTP/1.1" 200 62195
61.165.42.208 - - [10/Apr/2021:09:21:17 +0800] "POST /xingrg/kc/buy/cgsh_order_operate.html HTTP/1.1" 200 8245
61.165.42.208 - - [10/Apr/2021:09:21:17 +0800] "GET /xingrg/javascript/easyui/themes/default/validatebox.css HTTP/1.1" 404 1104
116.230.114.112 - - [10/Apr/2021:09:21:19 +0800] "GET /xingrg/kc/buy/cgsh_order_operate.html?command=get_materiel&rest_code=00146&code=00101008067&supplier_code=00100005&order_time=2021-04-10 HTTP/1.1" 200 416
61.165.42.208 - - [10/Apr/2021:09:21:20 +0800] "GET /xingrg/all/function/internal_message.html?_=1618017684234&CODE_STATE=getMsg HTTP/1.1" 200 27
116.233.74.165 - - [10/Apr/2021:09:21:21 +0800] "GET /xingrg/kc/buy/cgsh_order_operate.html?command=get_materiel&rest_code=00109&code=00101008350&supplier_code=00100005&order_time=2021-04-10 HTTP/1.1" 200 408
222.69.131.206 - - [10/Apr/2021:09:21:21 +0800] "GET /xingrg/all/function/internal_message.html?_=1618017683965&CODE_STATE=getMsg HTTP/1.1" 200 27
58.40.7.146 - - [10/Apr/2021:09:21:23 +0800] "GET /xingrg/all/function/internal_message.html?_=1618017685850&CODE_STATE=getMsg HTTP/1.1" 302 -
116.230.114.112 - - [10/Apr/2021:09:21:26 +0800] "GET /xingrg/check_reg.html?_=1618017710546 HTTP/1.1" 200 22
180.169.147.146 - - [10/Apr/2021:09:21:27 +0800] "GET /xingrg/all/function/internal_message.html?_=1618017692101&CODE_STATE=getMsg HTTP/1.1" 200 27
116.224.253.72 - - [10/Apr/2021:09:21:29 +0800] "GET /xingrg/all/function/internal_message.html?_=1618017693833&CODE_STATE=getMsg HTTP/1.1" 200 27
116.233.74.165 - - [10/Apr/2021:09:21:30 +0800] "GET /xingrg/kc/buy/cgsh_order_operate.html?command=get_materiel&rest_code=00109&code=00101008096&supplier_code=00100005&order_time=2021-04-10 HTTP/1.1" 200 412
116.230.114.112 - - [10/Apr/2021:09:21:31 +0800] "GET /xingrg/kc/buy/cgsh_order_operate.html?command=get_materiel&rest_code=00146&code=00101008356&supplier_code=00100005&order_time=2021-04-10 HTTP/1.1" 200 408
116.238.141.202 - - [10/Apr/2021:09:21:31 +0800] "GET /xingrg/all/function/internal_message.html?_=1618017968614&CODE_STATE=getMsg HTTP/1.1" 200 27
180.169.147.146 - - [10/Apr/2021:09:21:32 +0800] "GET /xingrg/all/function/internal_message.html?_=1618017701842&CODE_STATE=getMsg HTTP/1.1" 302 -
116.233.74.165 - - [10/Apr/2021:09:21:33 +0800] "GET /xingrg/all/function/internal_message.html?_=1618017697571&CODE_STATE=getMsg HTTP/1.1" 200 27
116.233.74.165 - - [10/Apr/2021:09:21:33 +0800] "POST /xingrg/kc/buy/cgsh_order_operate.html HTTP/1.1" 200 2065
116.230.114.112 - - [10/Apr/2021:09:21:36 +0800] "GET /xingrg/all/function/internal_message.html?_=1618017702442&CODE_STATE=getMsg HTTP/1.1" 302 -
222.69.131.206 - - [10/Apr/2021:09:21:37 +0800] "GET /xingrg/kc/buy/cgsh_order_operate.html?command=get_materiel&rest_code=00149&code=00101001010&supplier_code=00100039&order_time=2021-04-10 HTTP/1.1" 200 409
120.253.135.82 - - [10/Apr/2021:09:21:39 +0800] "GET /xingrg/all/function/internal_message.html?_=1618017478444&CODE_STATE=getMsg HTTP/1.1" 200 27
116.230.114.112 - - [10/Apr/2021:09:21:40 +0800] "GET /xingrg/kc/buy/cgsh_order_operate.html?command=get_materiel&rest_code=00146&code=00101008357&supplier_code=00100005&order_time=2021-04-10 HTTP/1.1" 200 408
114.88.156.246 - - [10/Apr/2021:09:21:42 +0800] "GET /xingrg/all/function/internal_message.html?_=1618017723536&CODE_STATE=getMsg HTTP/1.1" 200 27
116.224.253.72 - - [10/Apr/2021:09:21:43 +0800] "GET /xingrg/check_reg.html?_=1618017701035 HTTP/1.1" 200 22
116.224.253.72 - - [10/Apr/2021:09:21:43 +0800] "GET /xingrg/all/function/internal_message.html?_=1618017701089&CODE_STATE=getMsg HTTP/1.1" 200 27
124.77.71.179 - - [10/Apr/2021:09:21:46 +0800] "GET /xingrg/all/function/internal_message.html?_=1618017709892&CODE_STATE=getMsg HTTP/1.1" 200 27
