124.77.71.179 - - [10/Apr/2021:10:27:46 +0800] "GET /xingrg/all/function/internal_message.html?_=1618021669900&CODE_STATE=getMsg HTTP/1.1" 200 27
116.224.253.72 - - [10/Apr/2021:10:27:47 +0800] "GET /xingrg/all/function/internal_message.html?_=1618021665027&CODE_STATE=getMsg HTTP/1.1" 200 27
116.230.114.112 - - [10/Apr/2021:10:27:49 +0800] "GET /xingrg/kc/buy/cgsh_order_operate.html?command=get_materiel&rest_code=00146&code=00101004038&supplier_code=00100199&order_time=2021-04-10 HTTP/1.1" 200 429
61.165.42.208 - - [10/Apr/2021:10:27:51 +0800] "GET /xingrg/all/function/internal_message.html?_=1618021658636&CODE_STATE=getMsg HTTP/1.1" 200 27
124.77.71.179 - - [10/Apr/2021:10:27:52 +0800] "GET /xingrg/all/function/internal_message.html?_=1618021673731&CODE_STATE=getMsg HTTP/1.1" 200 27
124.77.71.179 - - [10/Apr/2021:10:27:56 +0800] "GET /xingrg/kc/buy/cgsh_order_operate.html?command=get_materiel&rest_code=00107&code=00101001135&supplier_code=00100313&order_time=2021-04-10 HTTP/1.1" 200 415
180.169.147.146 - - [10/Apr/2021:10:27:57 +0800] "GET /xingrg/check_reg.html?_=1618021680395 HTTP/1.1" 200 22
117.184.7.26 - - [10/Apr/2021:10:28:02 +0800] "GET /xingrg/all/function/internal_message.html?_=1618021980598&CODE_STATE=getMsg HTTP/1.1" 200 27
116.230.114.112 - - [10/Apr/2021:10:28:04 +0800] "POST /xingrg/kc/buy/cgsh_order_operate.html HTTP/1.1" 200 37
116.230.114.112 - - [10/Apr/2021:10:28:06 +0800] "POST /xingrg/kc/buy/cgsh_order_operate.html HTTP/1.1" 200 3843
116.230.114.112 - - [10/Apr/2021:10:28:08 +0800] "GET /xingrg/all/function/internal_message.html?_=1618021713323&CODE_STATE=getMsg HTTP/1.1" 200 27
116.230.114.112 - - [10/Apr/2021:10:28:09 +0800] "GET /xingrg/kc/print/load_data.html?order_code=212021041003512&kc_code=cgsh&condition= HTTP/1.1" 200 1126
117.185.32.26 - - [10/Apr/2021:10:28:12 +0800] "GET /xingrg/all/function/internal_message.html?_=1618021688196&CODE_STATE=getMsg HTTP/1.1" 200 27
117.185.32.26 - - [10/Apr/2021:10:28:15 +0800] "GET /xingrg/kc/buy/cgsh_order_operate.html?command=get_materiel&rest_code=00106&code=00101006133&supplier_code=00100015&order_time=2021-04-10 HTTP/1.1" 200 413
124.77.71.179 - - [10/Apr/2021:10:28:16 +0800] "GET /xingrg/kc/buy/cgsh_order_operate.html?command=get_materiel&rest_code=00107&code=00101001138&supplier_code=00100313&order_time=2021-04-10 HTTP/1.1" 200 415
61.165.42.208 - - [10/Apr/2021:10:28:20 +0800] "GET /xingrg/all/function/internal_message.html?_=1618021704331&CODE_STATE=getMsg HTTP/1.1" 200 27
222.69.131.206 - - [10/Apr/2021:10:28:20 +0800] "GET /xingrg/all/function/internal_message.html?_=1618021703017&CODE_STATE=getMsg HTTP/1.1" 200 27
116.230.114.112 - - [10/Apr/2021:10:28:22 +0800] "GET /xingrg/kc/buy/cgsh_order_add.html HTTP/1.1" 200 62154
58.40.7.146 - - [10/Apr/2021:10:28:23 +0800] "GET /xingrg/check_reg.html?_=1618021705882 HTTP/1.1" 302 -
58.40.7.146 - - [10/Apr/2021:10:28:23 +0800] "GET /xingrg/all/function/internal_message.html?_=1618021705883&CODE_STATE=getMsg HTTP/1.1" 302 -
116.230.114.112 - - [10/Apr/2021:10:28:24 +0800] "POST /xingrg/kc/buy/cgsh_order_operate.html HTTP/1.1" 200 8245
116.230.114.112 - - [10/Apr/2021:10:28:24 +0800] "GET /xingrg/javascript/easyui/themes/default/validatebox.css HTTP/1.1" 404 1104
117.185.32.26 - - [10/Apr/2021:10:28:26 +0800] "GET /xingrg/kc/buy/cgsh_order_operate.html?command=get_materiel&rest_code=00106&code=00101006184&supplier_code=00100015&order_time=2021-04-10 HTTP/1.1" 200 410
180.169.147.146 - - [10/Apr/2021:10:28:27 +0800] "GET /xingrg/check_reg.html?_=1618021712161 HTTP/1.1" 200 22
180.169.147.146 - - [10/Apr/2021:10:28:27 +0800] "GET /xingrg/all/function/internal_message.html?_=1618021712164&CODE_STATE=getMsg HTTP/1.1" 200 27
124.77.71.179 - - [10/Apr/2021:10:28:28 +0800] "GET /xingrg/kc/buy/cgsh_order_operate.html?command=get_materiel&rest_code=00107&code=00101001096&supplier_code=00100313&order_time=2021-04-10 HTTP/1.1" 200 415
116.224.253.72 - - [10/Apr/2021:10:28:29 +0800] "GET /xingrg/all/function/internal_message.html?_=1618021714225&CODE_STATE=getMsg HTTP/1.1" 200 27
222.70.217.33 - - [10/Apr/2021:10:28:32 +0800] "GET /xingrg/all/function/internal_message.html?_=1618021715010&CODE_STATE=getMsg HTTP/1.1" 200 27
180.169.147.146 - - [10/Apr/2021:10:28:32 +0800] "GET /xingrg/all/function/internal_message.html?_=1618021721943&CODE_STATE=getMsg HTTP/1.1" 302 -
116.233.74.165 - - [10/Apr/2021:10:28:33 +0800] "GET /xingrg/all/function/internal_message.html?_=1618021717718&CODE_STATE=getMsg HTTP/1.1" 200 27
116.238.141.202 - - [10/Apr/2021:10:28:34 +0800] "GET /xingrg/all/function/internal_message.html?_=1618021992068&CODE_STATE=getMsg HTTP/1.1" 200 27
116.230.114.112 - - [10/Apr/2021:10:28:37 +0800] "GET /xingrg/all/function/internal_message.html?_=1618021723387&CODE_STATE=getMsg HTTP/1.1" 302 -
117.185.32.26 - - [10/Apr/2021:10:28:39 +0800] "POST /xingrg/kc/buy/cgsh_order_operate.html HTTP/1.1" 200 37
116.235.95.160 - - [10/Apr/2021:10:28:39 +0800] "POST /xingrg/login.do HTTP/1.1" 200 2421
116.235.95.160 - - [10/Apr/2021:10:28:39 +0800] "GET /xingrg/images/blue/pic_notice.jpg HTTP/1.1" 200 3583
116.235.95.160 - - [10/Apr/2021:10:28:39 +0800] "GET /xingrg/images/blue/pic_top.gif HTTP/1.1" 200 3656
116.235.95.160 - - [10/Apr/2021:10:28:39 +0800] "GET /xingrg/css/blue.css HTTP/1.1" 200 15949
117.131.5.26 - - [10/Apr/2021:10:28:39 +0800] "GET /xingrg/javascript/myfunction.js HTTP/1.1" 200 24559
116.235.95.160 - - [10/Apr/2021:10:28:40 +0800] "GET /xingrg/images/blue/error_mid.gif HTTP/1.1" 200 215
116.235.95.160 - - [10/Apr/2021:10:28:40 +0800] "GET /xingrg/images/blue/error_buttom.gif HTTP/1.1" 200 1750
116.235.95.160 - - [10/Apr/2021:10:28:40 +0800] "GET /xingrg/images/blue/error_top.gif HTTP/1.1" 200 1790
117.131.5.26 - - [10/Apr/2021:10:28:40 +0800] "GET /favicon.ico HTTP/1.1" 404 -
116.235.95.160 - - [10/Apr/2021:10:28:41 +0800] "GET /xingrg/login.html HTTP/1.1" 200 7641
124.77.71.179 - - [10/Apr/2021:10:28:41 +0800] "GET /xingrg/kc/buy/cgsh_order_operate.html?command=get_materiel&rest_code=00107&code=00101005024&supplier_code=00100313&order_time=2021-04-10 HTTP/1.1" 200 409
116.235.95.160 - - [10/Apr/2021:10:28:41 +0800] "GET /favicon.ico HTTP/1.1" 404 -
117.185.32.26 - - [10/Apr/2021:10:28:41 +0800] "POST /xingrg/kc/buy/cgsh_order_operate.html HTTP/1.1" 200 12
101.91.60.11 - - [10/Apr/2021:10:28:41 +0800] "GET /xingrg/all/function/internal_message.html?_=1618021683633&CODE_STATE=getMsg HTTP/1.1" 302 -
114.88.156.246 - - [10/Apr/2021:10:28:41 +0800] "GET /xingrg/all/function/internal_message.html?_=1618021743663&CODE_STATE=getMsg HTTP/1.1" 200 27
101.91.60.11 - - [10/Apr/2021:10:28:42 +0800] "GET /xingrg/login.html HTTP/1.1" 200 7641
117.185.32.26 - - [10/Apr/2021:10:28:44 +0800] "GET /xingrg/kc/buy/cgsh_order_info.html?code=212021041003513 HTTP/1.1" 200 57058
117.185.32.26 - - [10/Apr/2021:10:28:44 +0800] "GET /xingrg/javascript/easyui/themes/default/validatebox.css HTTP/1.1" 404 1104
117.185.32.26 - - [10/Apr/2021:10:28:45 +0800] "POST /xingrg/kc/buy/cgsh_order_operate.html HTTP/1.1" 200 2987
124.77.71.179 - - [10/Apr/2021:10:28:46 +0800] "GET /xingrg/all/function/internal_message.html?_=1618021729903&CODE_STATE=getMsg HTTP/1.1" 200 27
124.77.71.179 - - [10/Apr/2021:10:28:46 +0800] "GET /xingrg/check_reg.html?_=1618021729905 HTTP/1.1" 200 22
116.235.95.160 - - [10/Apr/2021:10:28:47 +0800] "POST /xingrg/login.do HTTP/1.1" 200 2421
117.131.5.26 - - [10/Apr/2021:10:28:47 +0800] "GET /favicon.ico HTTP/1.1" 404 -
116.224.253.72 - - [10/Apr/2021:10:28:47 +0800] "GET /xingrg/all/function/internal_message.html?_=1618021725041&CODE_STATE=getMsg HTTP/1.1" 200 27
116.235.95.160 - - [10/Apr/2021:10:28:48 +0800] "GET /xingrg/login.html HTTP/1.1" 200 7641
116.235.95.160 - - [10/Apr/2021:10:28:48 +0800] "GET /favicon.ico HTTP/1.1" 404 -
117.185.32.26 - - [10/Apr/2021:10:28:49 +0800] "GET /xingrg/kc/print/load_data.html?order_code=212021041003513&kc_code=cgsh&condition= HTTP/1.1" 200 1711
120.253.135.82 - - [10/Apr/2021:10:28:51 +0800] "GET /xingrg/check_reg.html?_=1618021511257 HTTP/1.1" 200 22
61.165.42.208 - - [10/Apr/2021:10:28:51 +0800] "GET /xingrg/all/function/internal_message.html?_=1618021718636&CODE_STATE=getMsg HTTP/1.1" 200 27
124.77.71.179 - - [10/Apr/2021:10:28:52 +0800] "GET /xingrg/check_reg.html?_=1618021733322 HTTP/1.1" 200 22
124.77.71.179 - - [10/Apr/2021:10:28:52 +0800] "GET /xingrg/all/function/internal_message.html?_=1618021733710&CODE_STATE=getMsg HTTP/1.1" 200 27
117.185.32.26 - - [10/Apr/2021:10:28:55 +0800] "GET /xingrg/kc/print/load_data.html?order_code=212021041003513&kc_code=cgsh HTTP/1.1" 200 1711
116.235.95.160 - - [10/Apr/2021:10:28:55 +0800] "POST /xingrg/login.do HTTP/1.1" 302 -
117.131.5.26 - - [10/Apr/2021:10:28:55 +0800] "GET /xingrg/index.html?sysBaseUrl=http%3A%2F%2F180.169.147.146%3A18081%2Fxingrg%2F&costTime=40×tamp=1618021735692 HTTP/1.1" 200 17179
116.235.95.160 - - [10/Apr/2021:10:28:55 +0800] "GET /favicon.ico HTTP/1.1" 404 -
114.88.156.246 - - [10/Apr/2021:10:28:56 +0800] "GET /xingrg/check_reg.html?_=1618021757807 HTTP/1.1" 200 22
116.235.95.160 - - [10/Apr/2021:10:28:56 +0800] "POST /xingrg/all/common/load_tree.html?tree=area_rest_tree_json&manage=1 HTTP/1.1" 200 351
117.131.5.26 - - [10/Apr/2021:10:28:56 +0800] "GET /xingrg/all/function/internal_message.html?_=1618021815611&CODE_STATE=count HTTP/1.1" 200 11
116.235.95.160 - - [10/Apr/2021:10:28:56 +0800] "GET /xingrg/check_reg.html?_=1618021815612 HTTP/1.1" 200 22
116.235.95.160 - - [10/Apr/2021:10:28:56 +0800] "POST /xingrg/load_menu.html HTTP/1.1" 200 5138
117.184.7.26 - - [10/Apr/2021:10:29:03 +0800] "GET /xingrg/all/function/internal_message.html?_=1618022040598&CODE_STATE=getMsg HTTP/1.1" 200 27
116.230.114.112 - - [10/Apr/2021:10:29:08 +0800] "GET /xingrg/all/function/internal_message.html?_=1618021773335&CODE_STATE=getMsg HTTP/1.1" 200 27
124.77.71.179 - - [10/Apr/2021:10:29:09 +0800] "GET /xingrg/kc/buy/cgsh_order_operate.html?command=get_materiel&rest_code=00107&code=00101008195&supplier_code=00100313&order_time=2021-04-10 HTTP/1.1" 200 424
116.230.114.112 - - [10/Apr/2021:10:29:12 +0800] "GET /xingrg/kc/buy/cgsh_order_operate.html?command=get_materiel&rest_code=00146&code=00101010161&supplier_code=00100041&order_time=2021-04-10 HTTP/1.1" 200 409
117.185.32.26 - - [10/Apr/2021:10:29:12 +0800] "GET /xingrg/all/function/internal_message.html?_=1618021748215&CODE_STATE=getMsg HTTP/1.1" 200 27
117.185.32.26 - - [10/Apr/2021:10:29:12 +0800] "GET /xingrg/check_reg.html?_=1618021748217 HTTP/1.1" 200 22
117.185.32.26 - - [10/Apr/2021:10:29:14 +0800] "GET /xingrg/kc/buy/cgsh_order_add.html HTTP/1.1" 200 62154
117.185.32.26 - - [10/Apr/2021:10:29:14 +0800] "POST /xingrg/kc/buy/cgsh_order_operate.html HTTP/1.1" 200 8245
117.185.32.26 - - [10/Apr/2021:10:29:14 +0800] "GET /xingrg/javascript/easyui/themes/default/validatebox.css HTTP/1.1" 404 1104
117.185.32.26 - - [10/Apr/2021:10:29:15 +0800] "GET /xingrg/javascript/easyui/themes/default/tree.css HTTP/1.1" 404 1090
117.185.32.26 - - [10/Apr/2021:10:29:15 +0800] "POST /xingrg/all/common/load_tree.html?tree=supplier_tree_json&isDelete=1 HTTP/1.1" 200 54827
61.165.42.208 - - [10/Apr/2021:10:29:20 +0800] "GET /xingrg/all/function/internal_message.html?_=1618021764324&CODE_STATE=getMsg HTTP/1.1" 200 27
222.69.131.206 - - [10/Apr/2021:10:29:20 +0800] "GET /xingrg/all/function/internal_message.html?_=1618021762988&CODE_STATE=getMsg HTTP/1.1" 200 27
58.40.7.146 - - [10/Apr/2021:10:29:23 +0800] "GET /xingrg/all/function/internal_message.html?_=1618021765868&CODE_STATE=getMsg HTTP/1.1" 302 -
124.77.71.179 - - [10/Apr/2021:10:29:26 +0800] "GET /xingrg/kc/buy/cgsh_order_operate.html?command=get_materiel&rest_code=00107&code=00101005060&supplier_code=00100313&order_time=2021-04-10 HTTP/1.1" 200 396
180.169.147.146 - - [10/Apr/2021:10:29:27 +0800] "GET /xingrg/all/function/internal_message.html?_=1618021772165&CODE_STATE=getMsg HTTP/1.1" 200 27
117.185.32.26 - - [10/Apr/2021:10:29:27 +0800] "GET /xingrg/kc/buy/cgsh_order_operate.html?command=get_materiel&rest_code=00106&code=00101007061&supplier_code=00100002&order_time=2021-04-10 HTTP/1.1" 200 411
116.224.253.72 - - [10/Apr/2021:10:29:29 +0800] "GET /xingrg/all/function/internal_message.html?_=1618021774252&CODE_STATE=getMsg HTTP/1.1" 200 27
116.238.141.202 - - [10/Apr/2021:10:29:31 +0800] "GET /xingrg/check_reg.html?_=1618022049076 HTTP/1.1" 200 22
222.70.217.33 - - [10/Apr/2021:10:29:32 +0800] "GET /xingrg/all/function/internal_message.html?_=1618021775012&CODE_STATE=getMsg HTTP/1.1" 200 27
180.169.147.146 - - [10/Apr/2021:10:29:32 +0800] "GET /xingrg/all/function/internal_message.html?_=1618021781944&CODE_STATE=getMsg HTTP/1.1" 302 -
116.233.74.165 - - [10/Apr/2021:10:29:33 +0800] "GET /xingrg/all/function/internal_message.html?_=1618021777719&CODE_STATE=getMsg HTTP/1.1" 200 27
116.238.141.202 - - [10/Apr/2021:10:29:34 +0800] "GET /xingrg/all/function/internal_message.html?_=1618022052080&CODE_STATE=getMsg HTTP/1.1" 200 27
117.185.32.26 - - [10/Apr/2021:10:29:35 +0800] "GET /xingrg/kc/buy/cgsh_order_operate.html?command=get_materiel&rest_code=00106&code=00101007059&supplier_code=00100002&order_time=2021-04-10 HTTP/1.1" 200 409
116.230.114.112 - - [10/Apr/2021:10:29:37 +0800] "GET /xingrg/all/function/internal_message.html?_=1618021783413&CODE_STATE=getMsg HTTP/1.1" 302 -
101.89.239.232 - - [10/Apr/2021:10:29:41 +0800] "GET /xingrg/all/function/internal_message.html?_=1618021743663&CODE_STATE=getMsg HTTP/1.1" 302 -
101.89.239.232 - - [10/Apr/2021:10:29:41 +0800] "GET /xingrg/login.html HTTP/1.1" 200 7641
114.88.156.246 - - [10/Apr/2021:10:29:42 +0800] "GET /xingrg/all/function/internal_message.html?_=1618021803665&CODE_STATE=getMsg HTTP/1.1" 200 27
124.77.71.179 - - [10/Apr/2021:10:29:46 +0800] "GET /xingrg/all/function/internal_message.html?_=1618021789895&CODE_STATE=getMsg HTTP/1.1" 200 27
116.224.253.72 - - [10/Apr/2021:10:29:47 +0800] "GET /xingrg/all/function/internal_message.html?_=1618021785064&CODE_STATE=getMsg HTTP/1.1" 200 27
117.185.32.26 - - [10/Apr/2021:10:29:50 +0800] "POST /xingrg/kc/buy/cgsh_order_operate.html HTTP/1.1" 200 37
61.165.42.208 - - [10/Apr/2021:10:29:51 +0800] "GET /xingrg/check_reg.html?_=1618021778637 HTTP/1.1" 200 22
61.165.42.208 - - [10/Apr/2021:10:29:51 +0800] "GET /xingrg/all/function/internal_message.html?_=1618021778642&CODE_STATE=getMsg HTTP/1.1" 200 27
116.230.114.112 - - [10/Apr/2021:10:29:51 +0800] "GET /xingrg/kc/buy/cgsh_order_operate.html?command=get_materiel&rest_code=00146&code=00101005037&supplier_code=00100041&order_time=2021-04-10 HTTP/1.1" 200 409
124.77.71.179 - - [10/Apr/2021:10:29:52 +0800] "GET /xingrg/all/function/internal_message.html?_=1618021793689&CODE_STATE=getMsg HTTP/1.1" 200 27
117.185.32.26 - - [10/Apr/2021:10:29:53 +0800] "POST /xingrg/kc/buy/cgsh_order_operate.html HTTP/1.1" 200 12
117.185.32.26 - - [10/Apr/2021:10:29:53 +0800] "GET /xingrg/kc/buy/cgsh_order_info.html?code=212021041003514 HTTP/1.1" 200 57058
117.185.32.26 - - [10/Apr/2021:10:29:54 +0800] "GET /xingrg/javascript/easyui/themes/default/validatebox.css HTTP/1.1" 404 1104
117.185.32.26 - - [10/Apr/2021:10:29:54 +0800] "POST /xingrg/kc/buy/cgsh_order_operate.html HTTP/1.1" 200 1195
117.185.32.26 - - [10/Apr/2021:10:29:55 +0800] "GET /xingrg/kc/print/load_data.html?order_code=212021041003514&kc_code=cgsh&condition= HTTP/1.1" 200 998
116.235.95.160 - - [10/Apr/2021:10:29:56 +0800] "GET /xingrg/all/function/internal_message.html?_=1618021875619&CODE_STATE=getMsg HTTP/1.1" 200 27
117.185.32.26 - - [10/Apr/2021:10:29:59 +0800] "GET /xingrg/kc/print/load_data.html?order_code=212021041003514&kc_code=cgsh HTTP/1.1" 200 998
117.184.7.26 - - [10/Apr/2021:10:30:02 +0800] "GET /xingrg/all/function/internal_message.html?_=1618022100585&CODE_STATE=getMsg HTTP/1.1" 200 27
124.77.71.179 - - [10/Apr/2021:10:30:07 +0800] "POST /xingrg/kc/buy/cgsh_order_operate.html HTTP/1.1" 200 37
116.230.114.112 - - [10/Apr/2021:10:30:08 +0800] "GET /xingrg/all/function/internal_message.html?_=1618021833350&CODE_STATE=getMsg HTTP/1.1" 200 27
124.77.71.179 - - [10/Apr/2021:10:30:09 +0800] "POST /xingrg/kc/buy/cgsh_order_operate.html HTTP/1.1" 200 5638
124.77.71.179 - - [10/Apr/2021:10:30:10 +0800] "GET /xingrg/kc/print/load_data.html?order_code=212021041003515&kc_code=cgsh&condition= HTTP/1.1" 200 1820
117.185.32.26 - - [10/Apr/2021:10:30:12 +0800] "GET /xingrg/all/function/internal_message.html?_=1618021808217&CODE_STATE=getMsg HTTP/1.1" 200 27
124.77.71.179 - - [10/Apr/2021:10:30:14 +0800] "GET /xingrg/kc/buy/cgsh_order_add.html HTTP/1.1" 200 62236
124.77.71.179 - - [10/Apr/2021:10:30:15 +0800] "GET /xingrg/javascript/easyui/themes/default/validatebox.css HTTP/1.1" 404 1104
124.77.71.179 - - [10/Apr/2021:10:30:15 +0800] "POST /xingrg/kc/buy/cgsh_order_operate.html HTTP/1.1" 200 8245
124.77.71.179 - - [10/Apr/2021:10:30:16 +0800] "GET /xingrg/javascript/easyui/themes/default/tree.css HTTP/1.1" 404 1090
124.77.71.179 - - [10/Apr/2021:10:30:16 +0800] "POST /xingrg/all/common/load_tree.html?tree=supplier_tree_json&isDelete=1 HTTP/1.1" 200 54827
117.185.32.26 - - [10/Apr/2021:10:30:18 +0800] "GET /xingrg/kc/buy/cgsh_order_add.html HTTP/1.1" 200 62154
117.185.32.26 - - [10/Apr/2021:10:30:19 +0800] "POST /xingrg/kc/buy/cgsh_order_operate.html HTTP/1.1" 200 8245
117.185.32.26 - - [10/Apr/2021:10:30:19 +0800] "GET /xingrg/javascript/easyui/themes/default/validatebox.css HTTP/1.1" 404 1104
61.165.42.208 - - [10/Apr/2021:10:30:20 +0800] "GET /xingrg/all/function/internal_message.html?_=1618021824333&CODE_STATE=getMsg HTTP/1.1" 200 27
222.69.131.206 - - [10/Apr/2021:10:30:20 +0800] "GET /xingrg/all/function/internal_message.html?_=1618021822967&CODE_STATE=getMsg HTTP/1.1" 200 27
58.40.7.146 - - [10/Apr/2021:10:30:23 +0800] "GET /xingrg/all/function/internal_message.html?_=1618021825873&CODE_STATE=getMsg HTTP/1.1" 302 -
116.230.114.112 - - [10/Apr/2021:10:30:24 +0800] "GET /xingrg/kc/buy/cgsh_order_operate.html?command=get_materiel&rest_code=00146&code=00101004020&supplier_code=00100041&order_time=2021-04-10 HTTP/1.1" 200 409
117.185.32.26 - - [10/Apr/2021:10:30:24 +0800] "GET /xingrg/javascript/easyui/themes/default/tree.css HTTP/1.1" 404 1090
117.185.32.26 - - [10/Apr/2021:10:30:24 +0800] "POST /xingrg/all/common/load_tree.html?tree=supplier_tree_json&isDelete=1 HTTP/1.1" 200 54827
180.169.147.146 - - [10/Apr/2021:10:30:27 +0800] "GET /xingrg/all/function/internal_message.html?_=1618021832168&CODE_STATE=getMsg HTTP/1.1" 200 27
116.224.253.72 - - [10/Apr/2021:10:30:29 +0800] "GET /xingrg/all/function/internal_message.html?_=1618021834257&CODE_STATE=getMsg HTTP/1.1" 200 27
222.70.217.33 - - [10/Apr/2021:10:30:32 +0800] "GET /xingrg/check_reg.html?_=1618021835013 HTTP/1.1" 200 22
222.70.217.33 - - [10/Apr/2021:10:30:32 +0800] "GET /xingrg/all/function/internal_message.html?_=1618021835015&CODE_STATE=getMsg HTTP/1.1" 200 27
180.169.147.146 - - [10/Apr/2021:10:30:32 +0800] "GET /xingrg/all/function/internal_message.html?_=1618021841947&CODE_STATE=getMsg HTTP/1.1" 302 -
180.169.147.146 - - [10/Apr/2021:10:30:32 +0800] "GET /xingrg/check_reg.html?_=1618021842013 HTTP/1.1" 302 -
116.233.74.165 - - [10/Apr/2021:10:30:33 +0800] "GET /xingrg/all/function/internal_message.html?_=1618021837722&CODE_STATE=getMsg HTTP/1.1" 200 27
116.238.141.202 - - [10/Apr/2021:10:30:34 +0800] "GET /xingrg/all/function/internal_message.html?_=1618022112094&CODE_STATE=getMsg HTTP/1.1" 200 27
116.230.114.112 - - [10/Apr/2021:10:30:37 +0800] "GET /xingrg/all/function/internal_message.html?_=1618021843415&CODE_STATE=getMsg HTTP/1.1" 302 -
117.185.32.26 - - [10/Apr/2021:10:30:37 +0800] "GET /xingrg/kc/buy/cgsh_order_operate.html?command=get_materiel&rest_code=00106&code=00101016025&supplier_code=00100032&order_time=2021-04-10 HTTP/1.1" 200 408
116.230.114.112 - - [10/Apr/2021:10:30:38 +0800] "GET /xingrg/kc/buy/cgsh_order_operate.html?command=get_materiel&rest_code=00146&code=00101001075&supplier_code=00100041&order_time=2021-04-10 HTTP/1.1" 200 409
124.77.71.179 - - [10/Apr/2021:10:30:41 +0800] "GET /xingrg/kc/buy/cgsh_order_operate.html?command=get_materiel&rest_code=00107&code=00101003041&supplier_code=00100347&order_time=2021-04-10 HTTP/1.1" 200 414
114.88.156.246 - - [10/Apr/2021:10:30:41 +0800] "GET /xingrg/all/function/internal_message.html?_=1618021863660&CODE_STATE=getMsg HTTP/1.1" 200 27
124.77.71.179 - - [10/Apr/2021:10:30:46 +0800] "GET /xingrg/all/function/internal_message.html?_=1618021849896&CODE_STATE=getMsg HTTP/1.1" 200 27
116.224.253.72 - - [10/Apr/2021:10:30:47 +0800] "GET /xingrg/all/function/internal_message.html?_=1618021845069&CODE_STATE=getMsg HTTP/1.1" 200 27
116.230.114.112 - - [10/Apr/2021:10:30:51 +0800] "GET /xingrg/kc/buy/cgsh_order_operate.html?command=get_materiel&rest_code=00146&code=00101003025&supplier_code=00100041&order_time=2021-04-10 HTTP/1.1" 200 409
61.165.42.208 - - [10/Apr/2021:10:30:51 +0800] "GET /xingrg/all/function/internal_message.html?_=1618021838628&CODE_STATE=getMsg HTTP/1.1" 200 27
124.77.71.179 - - [10/Apr/2021:10:30:52 +0800] "GET /xingrg/all/function/internal_message.html?_=1618021853676&CODE_STATE=getMsg HTTP/1.1" 200 27
116.235.95.160 - - [10/Apr/2021:10:30:56 +0800] "GET /xingrg/all/function/internal_message.html?_=1618021935616&CODE_STATE=getMsg HTTP/1.1" 200 27
116.230.114.112 - - [10/Apr/2021:10:31:02 +0800] "GET /xingrg/kc/buy/cgsh_order_operate.html?command=get_materiel&rest_code=00146&code=00101002027&supplier_code=00100041&order_time=2021-04-10 HTTP/1.1" 200 413
117.184.7.26 - - [10/Apr/2021:10:31:02 +0800] "GET /xingrg/all/function/internal_message.html?_=1618022160585&CODE_STATE=getMsg HTTP/1.1" 200 27
124.77.71.179 - - [10/Apr/2021:10:31:08 +0800] "GET /xingrg/kc/buy/cgsh_order_operate.html?command=get_materiel&rest_code=00107&code=00102002167&supplier_code=00100347&order_time=2021-04-10 HTTP/1.1" 200 409
116.230.114.112 - - [10/Apr/2021:10:31:09 +0800] "GET /xingrg/all/function/internal_message.html?_=1618021893541&CODE_STATE=getMsg HTTP/1.1" 200 27
117.185.32.26 - - [10/Apr/2021:10:31:12 +0800] "GET /xingrg/all/function/internal_message.html?_=1618021868223&CODE_STATE=getMsg HTTP/1.1" 200 27
61.165.42.208 - - [10/Apr/2021:10:31:20 +0800] "GET /xingrg/all/function/internal_message.html?_=1618021884336&CODE_STATE=getMsg HTTP/1.1" 200 27
222.69.131.206 - - [10/Apr/2021:10:31:20 +0800] "GET /xingrg/all/function/internal_message.html?_=1618021882963&CODE_STATE=getMsg HTTP/1.1" 200 27
117.185.32.26 - - [10/Apr/2021:10:31:23 +0800] "GET /xingrg/kc/buy/cgsh_order_operate.html?command=get_materiel&rest_code=00106&code=00101010161&supplier_code=00100032&order_time=2021-04-10 HTTP/1.1" 200 410
58.40.7.146 - - [10/Apr/2021:10:31:23 +0800] "GET /xingrg/all/function/internal_message.html?_=1618021885874&CODE_STATE=getMsg HTTP/1.1" 302 -
116.230.114.112 - - [10/Apr/2021:10:31:26 +0800] "GET /xingrg/check_reg.html?_=1618021911162 HTTP/1.1" 200 22
180.169.147.146 - - [10/Apr/2021:10:31:27 +0800] "GET /xingrg/all/function/internal_message.html?_=1618021892175&CODE_STATE=getMsg HTTP/1.1" 200 27
116.224.253.72 - - [10/Apr/2021:10:31:29 +0800] "GET /xingrg/all/function/internal_message.html?_=1618021894256&CODE_STATE=getMsg HTTP/1.1" 200 27
222.70.217.33 - - [10/Apr/2021:10:31:32 +0800] "GET /xingrg/all/function/internal_message.html?_=1618021895016&CODE_STATE=getMsg HTTP/1.1" 200 27
180.169.147.146 - - [10/Apr/2021:10:31:32 +0800] "GET /xingrg/all/function/internal_message.html?_=1618021901950&CODE_STATE=getMsg HTTP/1.1" 302 -
116.233.74.165 - - [10/Apr/2021:10:31:33 +0800] "GET /xingrg/all/function/internal_message.html?_=1618021897726&CODE_STATE=getMsg HTTP/1.1" 200 27
116.230.114.112 - - [10/Apr/2021:10:31:34 +0800] "POST /xingrg/kc/buy/cgsh_order_operate.html HTTP/1.1" 200 37
116.238.141.202 - - [10/Apr/2021:10:31:34 +0800] "GET /xingrg/all/function/internal_message.html?_=1618022172107&CODE_STATE=getMsg HTTP/1.1" 200 27
116.230.114.112 - - [10/Apr/2021:10:31:36 +0800] "POST /xingrg/kc/buy/cgsh_order_operate.html HTTP/1.1" 200 6188
116.230.114.112 - - [10/Apr/2021:10:31:37 +0800] "GET /xingrg/all/function/internal_message.html?_=1618021903441&CODE_STATE=getMsg HTTP/1.1" 302 -
117.185.32.26 - - [10/Apr/2021:10:31:38 +0800] "GET /xingrg/kc/buy/cgsh_order_operate.html?command=get_materiel&rest_code=00106&code=00101012051&supplier_code=00100032&order_time=2021-04-10 HTTP/1.1" 200 408
116.230.114.112 - - [10/Apr/2021:10:31:39 +0800] "GET /xingrg/kc/print/load_data.html?order_code=212021041003516&kc_code=cgsh&condition= HTTP/1.1" 200 2026
124.77.71.179 - - [10/Apr/2021:10:31:40 +0800] "GET /xingrg/kc/buy/cgsh_order_operate.html?command=get_materiel&rest_code=00107&code=00101002036&supplier_code=00100347&order_time=2021-04-10 HTTP/1.1" 200 421
114.88.156.246 - - [10/Apr/2021:10:31:41 +0800] "GET /xingrg/all/function/internal_message.html?_=1618021923657&CODE_STATE=getMsg HTTP/1.1" 200 27
116.224.253.72 - - [10/Apr/2021:10:31:46 +0800] "GET /xingrg/check_reg.html?_=1618021903505 HTTP/1.1" 200 22
124.77.71.179 - - [10/Apr/2021:10:31:46 +0800] "GET /xingrg/all/function/internal_message.html?_=1618021909898&CODE_STATE=getMsg HTTP/1.1" 200 27
116.224.253.72 - - [10/Apr/2021:10:31:47 +0800] "GET /xingrg/all/function/internal_message.html?_=1618021905081&CODE_STATE=getMsg HTTP/1.1" 200 27
61.165.42.208 - - [10/Apr/2021:10:31:51 +0800] "GET /xingrg/all/function/internal_message.html?_=1618021898628&CODE_STATE=getMsg HTTP/1.1" 200 27
124.77.71.179 - - [10/Apr/2021:10:31:52 +0800] "GET /xingrg/all/function/internal_message.html?_=1618021913659&CODE_STATE=getMsg HTTP/1.1" 200 27
116.235.95.160 - - [10/Apr/2021:10:31:56 +0800] "GET /xingrg/all/function/internal_message.html?_=1618021995615&CODE_STATE=getMsg HTTP/1.1" 200 27
117.184.7.26 - - [10/Apr/2021:10:32:02 +0800] "GET /xingrg/all/function/internal_message.html?_=1618022220584&CODE_STATE=getMsg HTTP/1.1" 200 27
117.184.7.26 - - [10/Apr/2021:10:32:02 +0800] "GET /xingrg/check_reg.html?_=1618022220589 HTTP/1.1" 200 22
124.77.71.179 - - [10/Apr/2021:10:32:04 +0800] "GET /xingrg/kc/buy/cgsh_order_operate.html?command=get_materiel&rest_code=00107&code=00101012046&supplier_code=00100347&order_time=2021-04-10 HTTP/1.1" 200 417
116.230.114.112 - - [10/Apr/2021:10:32:09 +0800] "GET /xingrg/all/function/internal_message.html?_=1618021953825&CODE_STATE=getMsg HTTP/1.1" 200 27
114.86.187.76 - - [10/Apr/2021:10:32:12 +0800] "GET /xingrg/login.html HTTP/1.1" 200 7641
117.185.32.26 - - [10/Apr/2021:10:32:12 +0800] "GET /xingrg/all/function/internal_message.html?_=1618021928212&CODE_STATE=getMsg HTTP/1.1" 200 27
222.69.131.206 - - [10/Apr/2021:10:32:13 +0800] "GET /xingrg/check_reg.html?_=1618021936401 HTTP/1.1" 200 22
114.86.187.76 - - [10/Apr/2021:10:32:15 +0800] "GET /favicon.ico HTTP/1.1" 404 -
117.185.32.26 - - [10/Apr/2021:10:32:17 +0800] "GET /xingrg/kc/buy/cgsh_order_operate.html?command=get_materiel&rest_code=00106&code=00101002022&supplier_code=00100032&order_time=2021-04-10 HTTP/1.1" 200 430
116.230.114.112 - - [10/Apr/2021:10:32:19 +0800] "GET /xingrg/check_reg.html?_=1618021945822 HTTP/1.1" 302 -
61.165.42.208 - - [10/Apr/2021:10:32:20 +0800] "GET /xingrg/check_reg.html?_=1618021944327 HTTP/1.1" 200 22
61.165.42.208 - - [10/Apr/2021:10:32:20 +0800] "GET /xingrg/all/function/internal_message.html?_=1618021944331&CODE_STATE=getMsg HTTP/1.1" 200 27
222.69.131.206 - - [10/Apr/2021:10:32:20 +0800] "GET /xingrg/all/function/internal_message.html?_=1618021942944&CODE_STATE=getMsg HTTP/1.1" 200 27
58.40.7.146 - - [10/Apr/2021:10:32:23 +0800] "GET /xingrg/all/function/internal_message.html?_=1618021945876&CODE_STATE=getMsg HTTP/1.1" 302 -
114.86.187.76 - - [10/Apr/2021:10:32:23 +0800] "POST /xingrg/login.do HTTP/1.1" 302 -
114.86.187.76 - - [10/Apr/2021:10:32:23 +0800] "GET /xingrg/index.html?sysBaseUrl=http%3A%2F%2F180.169.147.146%3A18081%2Fxingrg%2F&costTime=43×tamp=1618021943724 HTTP/1.1" 200 17179
114.86.187.76 - - [10/Apr/2021:10:32:24 +0800] "GET /favicon.ico HTTP/1.1" 404 -
114.86.187.76 - - [10/Apr/2021:10:32:24 +0800] "POST /xingrg/all/common/load_tree.html?tree=area_rest_tree_json&manage=1 HTTP/1.1" 200 351
114.86.187.76 - - [10/Apr/2021:10:32:24 +0800] "GET /xingrg/all/function/internal_message.html?_=1618021952041&CODE_STATE=count HTTP/1.1" 200 11
114.86.187.76 - - [10/Apr/2021:10:32:24 +0800] "GET /xingrg/check_reg.html?_=1618021952044 HTTP/1.1" 200 22
114.86.187.76 - - [10/Apr/2021:10:32:24 +0800] "POST /xingrg/load_menu.html HTTP/1.1" 200 5138
180.169.147.146 - - [10/Apr/2021:10:32:27 +0800] "GET /xingrg/all/function/internal_message.html?_=1618021952179&CODE_STATE=getMsg HTTP/1.1" 200 27
116.224.253.72 - - [10/Apr/2021:10:32:29 +0800] "GET /xingrg/check_reg.html?_=1618021954269 HTTP/1.1" 200 22
116.224.253.72 - - [10/Apr/2021:10:32:29 +0800] "GET /xingrg/all/function/internal_message.html?_=1618021954270&CODE_STATE=getMsg HTTP/1.1" 200 27
117.185.32.26 - - [10/Apr/2021:10:32:31 +0800] "GET /xingrg/kc/buy/cgsh_order_operate.html?command=get_materiel&rest_code=00106&code=00101012002&supplier_code=00100032&order_time=2021-04-10 HTTP/1.1" 200 419
117.184.7.26 - - [10/Apr/2021:10:32:31 +0800] "POST /xingrg/login.do HTTP/1.1" 302 -
124.77.71.179 - - [10/Apr/2021:10:32:31 +0800] "GET /xingrg/kc/buy/cgsh_order_operate.html?command=get_materiel&rest_code=00107&code=00101004038&supplier_code=00100347&order_time=2021-04-10 HTTP/1.1" 200 429
117.184.7.26 - - [10/Apr/2021:10:32:31 +0800] "GET /xingrg/index.html?sysBaseUrl=http%3A%2F%2F180.169.147.146%3A18081%2Fxingrg%2F&costTime=44×tamp=1618021951501 HTTP/1.1" 200 17179
117.184.7.26 - - [10/Apr/2021:10:32:32 +0800] "GET /favicon.ico HTTP/1.1" 404 -
117.184.7.26 - - [10/Apr/2021:10:32:32 +0800] "POST /xingrg/all/common/load_tree.html?tree=area_rest_tree_json&manage=1 HTTP/1.1" 200 470
117.184.7.26 - - [10/Apr/2021:10:32:32 +0800] "GET /xingrg/all/function/internal_message.html?_=1618021948667&CODE_STATE=count HTTP/1.1" 200 11
117.184.7.26 - - [10/Apr/2021:10:32:32 +0800] "GET /xingrg/check_reg.html?_=1618021948669 HTTP/1.1" 200 22
222.70.217.33 - - [10/Apr/2021:10:32:32 +0800] "GET /xingrg/all/function/internal_message.html?_=1618021955002&CODE_STATE=getMsg HTTP/1.1" 200 27
180.169.147.146 - - [10/Apr/2021:10:32:32 +0800] "GET /xingrg/all/function/internal_message.html?_=1618021961953&CODE_STATE=getMsg HTTP/1.1" 302 -
116.233.74.165 - - [10/Apr/2021:10:32:33 +0800] "GET /xingrg/all/function/internal_message.html?_=1618021957729&CODE_STATE=getMsg HTTP/1.1" 200 27
116.233.74.165 - - [10/Apr/2021:10:32:33 +0800] "GET /xingrg/check_reg.html?_=1618021957729 HTTP/1.1" 200 22
117.184.7.26 - - [10/Apr/2021:10:32:34 +0800] "POST /xingrg/load_menu.html HTTP/1.1" 200 5138
116.238.141.202 - - [10/Apr/2021:10:32:34 +0800] "GET /xingrg/all/function/internal_message.html?_=1618022232252&CODE_STATE=getMsg HTTP/1.1" 200 27
116.230.114.112 - - [10/Apr/2021:10:32:37 +0800] "GET /xingrg/all/function/internal_message.html?_=1618021963442&CODE_STATE=getMsg HTTP/1.1" 302 -
117.185.32.26 - - [10/Apr/2021:10:32:37 +0800] "GET /xingrg/kc/buy/cgsh_order_operate.html?command=get_materiel&rest_code=00106&code=00101016053&supplier_code=00100032&order_time=2021-04-10 HTTP/1.1" 200 408
117.184.7.26 - - [10/Apr/2021:10:32:41 +0800] "POST /xingrg/all/user/operate.html HTTP/1.1" 200 36
114.88.156.246 - - [10/Apr/2021:10:32:41 +0800] "GET /xingrg/all/function/internal_message.html?_=1618021983665&CODE_STATE=getMsg HTTP/1.1" 200 27
117.184.7.26 - - [10/Apr/2021:10:32:41 +0800] "GET /xingrg/index.html?sysBaseUrl=http%3A%2F%2F180.169.147.146%3A18081%2Fxingrg%2F&costTime=44×tamp=1618021951501 HTTP/1.1" 200 17173
117.184.7.26 - - [10/Apr/2021:10:32:41 +0800] "GET /xingrg/javascript/jquery_easy_ui/themes/default/easyui.css HTTP/1.1" 304 -
117.184.7.26 - - [10/Apr/2021:10:32:41 +0800] "GET /xingrg/javascript/jquery_easy_ui/themes/icon.css HTTP/1.1" 304 -
117.184.7.26 - - [10/Apr/2021:10:32:41 +0800] "GET /xingrg/css/form.css HTTP/1.1" 304 -
117.184.7.26 - - [10/Apr/2021:10:32:42 +0800] "GET /xingrg/javascript/jquery-1.4.2.min.js HTTP/1.1" 304 -
117.184.7.26 - - [10/Apr/2021:10:32:42 +0800] "GET /xingrg/javascript/jquery_easy_ui/jquery.easyui.min.js HTTP/1.1" 304 -
117.184.7.26 - - [10/Apr/2021:10:32:42 +0800] "GET /xingrg/javascript/jquery_easy_ui/easyui-lang-zh_CN.js HTTP/1.1" 304 -
117.184.7.26 - - [10/Apr/2021:10:32:42 +0800] "GET /xingrg/javascript/jquery.form.js HTTP/1.1" 304 -
117.184.7.26 - - [10/Apr/2021:10:32:42 +0800] "GET /xingrg/javascript/jquery.utils.js HTTP/1.1" 304 -
117.184.7.26 - - [10/Apr/2021:10:32:42 +0800] "GET /xingrg/javascript/jquery.timers.js HTTP/1.1" 304 -
117.184.7.26 - - [10/Apr/2021:10:32:42 +0800] "GET /xingrg/images/blue/jxLogo.png HTTP/1.1" 304 -
117.184.7.26 - - [10/Apr/2021:10:32:42 +0800] "GET /xingrg/images/blue/navBackgound.jpg HTTP/1.1" 304 -
117.184.7.26 - - [10/Apr/2021:10:32:42 +0800] "GET /xingrg/javascript/jquery_easy_ui/themes/icons/settle_new.png HTTP/1.1" 304 -
117.184.7.26 - - [10/Apr/2021:10:32:42 +0800] "POST /xingrg/all/common/load_tree.html?tree=area_rest_tree_json&manage=1 HTTP/1.1" 200 470
117.184.7.26 - - [10/Apr/2021:10:32:42 +0800] "GET /xingrg/all/function/internal_message.html?_=1618021958390&CODE_STATE=count HTTP/1.1" 200 11
117.184.7.26 - - [10/Apr/2021:10:32:42 +0800] "GET /xingrg/check_reg.html?_=1618021958390 HTTP/1.1" 200 22
117.184.7.26 - - [10/Apr/2021:10:32:42 +0800] "GET /xingrg/javascript/jquery_easy_ui/themes/default/images/tabs_leftarrow.png HTTP/1.1" 304 -
117.184.7.26 - - [10/Apr/2021:10:32:42 +0800] "GET /xingrg/javascript/jquery_easy_ui/themes/default/images/tabs_rightarrow.png HTTP/1.1" 304 -
117.184.7.26 - - [10/Apr/2021:10:32:42 +0800] "GET /xingrg/images/blue/pingpu.png HTTP/1.1" 304 -
117.184.7.26 - - [10/Apr/2021:10:32:42 +0800] "GET /xingrg/javascript/jquery_easy_ui/themes/default/images/panel_tool_collapse.gif HTTP/1.1" 304 -
117.184.7.26 - - [10/Apr/2021:10:32:42 +0800] "POST /xingrg/load_menu.html HTTP/1.1" 200 5138
117.185.32.26 - - [10/Apr/2021:10:32:43 +0800] "GET /xingrg/kc/buy/cgsh_order_operate.html?command=get_materiel&rest_code=00106&code=00101016017&supplier_code=00100032&order_time=2021-04-10 HTTP/1.1" 200 408
124.77.71.179 - - [10/Apr/2021:10:32:46 +0800] "GET /xingrg/all/function/internal_message.html?_=1618021969901&CODE_STATE=getMsg HTTP/1.1" 200 27
116.224.253.72 - - [10/Apr/2021:10:32:47 +0800] "GET /xingrg/all/function/internal_message.html?_=1618021965096&CODE_STATE=getMsg HTTP/1.1" 200 27
117.185.32.26 - - [10/Apr/2021:10:32:49 +0800] "GET /xingrg/kc/buy/cgsh_order_operate.html?command=get_materiel&rest_code=00106&code=00101001111&supplier_code=00100032&order_time=2021-04-10 HTTP/1.1" 200 409
61.165.42.208 - - [10/Apr/2021:10:32:51 +0800] "GET /xingrg/all/function/internal_message.html?_=1618021958628&CODE_STATE=getMsg HTTP/1.1" 200 27
117.184.7.26 - - [10/Apr/2021:10:32:51 +0800] "GET /xingrg/kc/buy/buy_main.html HTTP/1.1" 200 12412
117.184.7.26 - - [10/Apr/2021:10:32:51 +0800] "GET /xingrg/css/new_ie.css HTTP/1.1" 404 1036
124.77.71.179 - - [10/Apr/2021:10:32:52 +0800] "GET /xingrg/all/function/internal_message.html?_=1618021973649&CODE_STATE=getMsg HTTP/1.1" 200 27
117.184.7.26 - - [10/Apr/2021:10:32:52 +0800] "GET /xingrg/images/yd/bt.gif HTTP/1.1" 404 1040
117.184.7.26 - - [10/Apr/2021:10:32:53 +0800] "GET /xingrg/kc/buy/cgsh_order_list.html HTTP/1.1" 200 46410
124.77.71.179 - - [10/Apr/2021:10:32:53 +0800] "GET /xingrg/kc/buy/cgsh_order_operate.html?command=get_materiel&rest_code=00107&code=00101005022&supplier_code=00100347&order_time=2021-04-10 HTTP/1.1" 200 417
117.184.7.26 - - [10/Apr/2021:10:32:55 +0800] "POST /xingrg/kc/buy/cgsh_list_operate.html HTTP/1.1" 200 2773
116.235.95.160 - - [10/Apr/2021:10:32:56 +0800] "GET /xingrg/all/function/internal_message.html?_=1618022055621&CODE_STATE=getMsg HTTP/1.1" 200 27
180.169.147.146 - - [10/Apr/2021:10:32:57 +0800] "GET /xingrg/check_reg.html?_=1618021980387 HTTP/1.1" 200 22
117.185.32.26 - - [10/Apr/2021:10:33:00 +0800] "GET /xingrg/kc/buy/cgsh_order_operate.html?command=get_materiel&rest_code=00106&code=00101016105&supplier_code=00100032&order_time=2021-04-10 HTTP/1.1" 200 409
117.184.7.26 - - [10/Apr/2021:10:33:02 +0800] "GET /xingrg/all/function/internal_message.html?_=1618022280588&CODE_STATE=getMsg HTTP/1.1" 200 27
124.77.71.179 - - [10/Apr/2021:10:33:05 +0800] "GET /xingrg/kc/buy/cgsh_order_operate.html?command=get_materiel&rest_code=00107&code=00101001008&supplier_code=00100347&order_time=2021-04-10 HTTP/1.1" 200 413
116.230.114.112 - - [10/Apr/2021:10:33:09 +0800] "GET /xingrg/all/function/internal_message.html?_=1618022013828&CODE_STATE=getMsg HTTP/1.1" 200 27
117.184.7.26 - - [10/Apr/2021:10:33:10 +0800] "GET /favicon.ico HTTP/1.1" 404 -
117.185.32.26 - - [10/Apr/2021:10:33:16 +0800] "POST /xingrg/kc/buy/cgsh_order_operate.html HTTP/1.1" 200 37
124.77.71.179 - - [10/Apr/2021:10:33:19 +0800] "POST /xingrg/kc/buy/cgsh_order_operate.html HTTP/1.1" 200 37
61.165.42.208 - - [10/Apr/2021:10:33:20 +0800] "GET /xingrg/all/function/internal_message.html?_=1618022004336&CODE_STATE=getMsg HTTP/1.1" 200 27
222.69.131.206 - - [10/Apr/2021:10:33:20 +0800] "GET /xingrg/all/function/internal_message.html?_=1618022002930&CODE_STATE=getMsg HTTP/1.1" 200 27
117.184.7.26 - - [10/Apr/2021:10:33:20 +0800] "GET /xingrg/kc/buy/cgsh_order_add.html HTTP/1.1" 200 62148
117.184.7.26 - - [10/Apr/2021:10:33:20 +0800] "GET /xingrg/words/20210409185201_words.js HTTP/1.1" 304 -
117.184.7.26 - - [10/Apr/2021:10:33:21 +0800] "POST /xingrg/kc/buy/cgsh_order_operate.html HTTP/1.1" 200 8245
117.185.32.26 - - [10/Apr/2021:10:33:21 +0800] "POST /xingrg/kc/buy/cgsh_order_operate.html HTTP/1.1" 200 12
117.184.7.26 - - [10/Apr/2021:10:33:21 +0800] "GET /xingrg/all/common/auto_word.html?type=employee&rest_code=00108 HTTP/1.1" 200 147
117.184.7.26 - - [10/Apr/2021:10:33:21 +0800] "GET /xingrg/javascript/easyui/themes/default/validatebox.css HTTP/1.1" 404 1104
117.184.7.26 - - [10/Apr/2021:10:33:21 +0800] "GET /xingrg/all/common/auto_word.html?type=employee&rest_code=00108 HTTP/1.1" 200 147
124.77.71.179 - - [10/Apr/2021:10:33:21 +0800] "POST /xingrg/kc/buy/cgsh_order_operate.html HTTP/1.1" 200 6239
117.184.7.26 - - [10/Apr/2021:10:33:22 +0800] "GET /xingrg/javascript/auto/indicator.gif HTTP/1.1" 404 1066
124.77.71.179 - - [10/Apr/2021:10:33:23 +0800] "GET /xingrg/kc/print/load_data.html?order_code=212021041003518&kc_code=cgsh&condition= HTTP/1.1" 200 2038
58.40.7.146 - - [10/Apr/2021:10:33:23 +0800] "GET /xingrg/all/function/internal_message.html?_=1618022005879&CODE_STATE=getMsg HTTP/1.1" 302 -
58.40.7.146 - - [10/Apr/2021:10:33:23 +0800] "GET /xingrg/check_reg.html?_=1618022005879 HTTP/1.1" 302 -
117.184.7.26 - - [10/Apr/2021:10:33:23 +0800] "GET /xingrg/javascript/jquery_tools/images/prev.gif HTTP/1.1" 404 1086
117.184.7.26 - - [10/Apr/2021:10:33:23 +0800] "GET /xingrg/javascript/jquery_tools/images/next.gif HTTP/1.1" 404 1086
114.86.187.76 - - [10/Apr/2021:10:33:24 +0800] "GET /xingrg/all/function/internal_message.html?_=1618022012061&CODE_STATE=getMsg HTTP/1.1" 200 27
180.169.147.146 - - [10/Apr/2021:10:33:27 +0800] "GET /xingrg/check_reg.html?_=1618022012179 HTTP/1.1" 200 22
180.169.147.146 - - [10/Apr/2021:10:33:27 +0800] "GET /xingrg/all/function/internal_message.html?_=1618022012180&CODE_STATE=getMsg HTTP/1.1" 200 27
117.185.32.26 - - [10/Apr/2021:10:33:27 +0800] "GET /xingrg/kc/buy/cgsh_order_info.html?code=212021041003517 HTTP/1.1" 200 57060
124.77.71.179 - - [10/Apr/2021:10:33:28 +0800] "GET /xingrg/kc/buy/cgsh_order_add.html HTTP/1.1" 200 62236
117.185.32.26 - - [10/Apr/2021:10:33:28 +0800] "GET /xingrg/javascript/easyui/themes/default/validatebox.css HTTP/1.1" 404 1104
117.185.32.26 - - [10/Apr/2021:10:33:28 +0800] "POST /xingrg/kc/buy/cgsh_order_operate.html HTTP/1.1" 200 5312
124.77.71.179 - - [10/Apr/2021:10:33:29 +0800] "GET /xingrg/javascript/easyui/themes/default/validatebox.css HTTP/1.1" 404 1104
124.77.71.179 - - [10/Apr/2021:10:33:29 +0800] "POST /xingrg/kc/buy/cgsh_order_operate.html HTTP/1.1" 200 8245
116.224.253.72 - - [10/Apr/2021:10:33:29 +0800] "GET /xingrg/all/function/internal_message.html?_=1618022014275&CODE_STATE=getMsg HTTP/1.1" 200 27
117.185.32.26 - - [10/Apr/2021:10:33:30 +0800] "GET /xingrg/kc/print/load_data.html?order_code=212021041003517&kc_code=cgsh&condition= HTTP/1.1" 200 2507
124.77.71.179 - - [10/Apr/2021:10:33:30 +0800] "GET /xingrg/javascript/easyui/themes/default/tree.css HTTP/1.1" 404 1090
124.77.71.179 - - [10/Apr/2021:10:33:30 +0800] "POST /xingrg/all/common/load_tree.html?tree=supplier_tree_json&isDelete=1 HTTP/1.1" 200 54827
222.70.217.33 - - [10/Apr/2021:10:33:32 +0800] "GET /xingrg/all/function/internal_message.html?_=1618022015004&CODE_STATE=getMsg HTTP/1.1" 200 27
180.169.147.146 - - [10/Apr/2021:10:33:32 +0800] "GET /xingrg/all/function/internal_message.html?_=1618022021953&CODE_STATE=getMsg HTTP/1.1" 302 -
116.233.74.165 - - [10/Apr/2021:10:33:33 +0800] "GET /xingrg/all/function/internal_message.html?_=1618022017729&CODE_STATE=getMsg HTTP/1.1" 200 27
116.238.141.202 - - [10/Apr/2021:10:33:35 +0800] "GET /xingrg/all/function/internal_message.html?_=1618022292261&CODE_STATE=getMsg HTTP/1.1" 200 27
116.230.114.112 - - [10/Apr/2021:10:33:37 +0800] "GET /xingrg/all/function/internal_message.html?_=1618022023467&CODE_STATE=getMsg HTTP/1.1" 302 -
117.185.32.26 - - [10/Apr/2021:10:33:41 +0800] "GET /xingrg/kc/print/load_data.html?order_code=212021041003517&kc_code=cgsh HTTP/1.1" 200 2507
114.88.156.246 - - [10/Apr/2021:10:33:41 +0800] "GET /xingrg/all/function/internal_message.html?_=1618022043664&CODE_STATE=getMsg HTTP/1.1" 200 27
117.184.7.26 - - [10/Apr/2021:10:33:42 +0800] "GET /xingrg/all/function/internal_message.html?_=1618022018403&CODE_STATE=getMsg HTTP/1.1" 200 27
101.93.222.235 - - [10/Apr/2021:10:33:42 +0800] "GET /favicon.ico HTTP/1.1" 404 -
124.77.71.179 - - [10/Apr/2021:10:33:46 +0800] "GET /xingrg/all/function/internal_message.html?_=1618022029903&CODE_STATE=getMsg HTTP/1.1" 200 27
124.77.71.179 - - [10/Apr/2021:10:33:47 +0800] "GET /xingrg/check_reg.html?_=1618022029907 HTTP/1.1" 200 22
117.184.7.26 - - [10/Apr/2021:10:33:47 +0800] "GET /xingrg/kc/buy/cgsh_order_operate.html?command=get_materiel&rest_code=00108&code=00101008256&supplier_code=00100008&order_time=2021-04-10 HTTP/1.1" 200 412
116.224.253.72 - - [10/Apr/2021:10:33:47 +0800] "GET /xingrg/all/function/internal_message.html?_=1618022025109&CODE_STATE=getMsg HTTP/1.1" 200 27
120.253.135.82 - - [10/Apr/2021:10:33:51 +0800] "GET /xingrg/check_reg.html?_=1618021811266 HTTP/1.1" 200 22
61.165.42.208 - - [10/Apr/2021:10:33:51 +0800] "GET /xingrg/all/function/internal_message.html?_=1618022018629&CODE_STATE=getMsg HTTP/1.1" 200 27
124.77.71.179 - - [10/Apr/2021:10:33:51 +0800] "GET /xingrg/check_reg.html?_=1618022033338 HTTP/1.1" 200 22
124.77.71.179 - - [10/Apr/2021:10:33:52 +0800] "GET /xingrg/all/function/internal_message.html?_=1618022033643&CODE_STATE=getMsg HTTP/1.1" 200 27
114.88.156.246 - - [10/Apr/2021:10:33:56 +0800] "GET /xingrg/check_reg.html?_=1618022057778 HTTP/1.1" 200 22
116.235.95.160 - - [10/Apr/2021:10:33:56 +0800] "GET /xingrg/check_reg.html?_=1618022115613 HTTP/1.1" 200 22
116.235.95.160 - - [10/Apr/2021:10:33:56 +0800] "GET /xingrg/all/function/internal_message.html?_=1618022115613&CODE_STATE=getMsg HTTP/1.1" 200 27
124.77.71.179 - - [10/Apr/2021:10:33:56 +0800] "GET /xingrg/kc/buy/cgsh_order_operate.html?command=get_materiel&rest_code=00107&code=00101011012&supplier_code=00100049&order_time=2021-04-10 HTTP/1.1" 200 412
117.184.7.26 - - [10/Apr/2021:10:34:01 +0800] "GET /xingrg/kc/buy/cgsh_order_operate.html?command=get_materiel&rest_code=00108&code=00101008215&supplier_code=00100008&order_time=2021-04-10 HTTP/1.1" 200 413
117.184.7.26 - - [10/Apr/2021:10:34:02 +0800] "GET /xingrg/all/function/internal_message.html?_=1618022340589&CODE_STATE=getMsg HTTP/1.1" 200 27
117.184.7.26 - - [10/Apr/2021:10:34:08 +0800] "GET /xingrg/kc/buy/cgsh_order_operate.html?command=get_materiel&rest_code=00108&code=00101008080&supplier_code=00100008&order_time=2021-04-10 HTTP/1.1" 200 416
116.230.114.112 - - [10/Apr/2021:10:34:09 +0800] "GET /xingrg/all/function/internal_message.html?_=1618022073841&CODE_STATE=getMsg HTTP/1.1" 200 27
117.185.32.26 - - [10/Apr/2021:10:34:12 +0800] "GET /xingrg/all/function/internal_message.html?_=1618022048210&CODE_STATE=getMsg HTTP/1.1" 200 27
117.185.32.26 - - [10/Apr/2021:10:34:12 +0800] "GET /xingrg/check_reg.html?_=1618022048213 HTTP/1.1" 200 22
116.230.114.112 - - [10/Apr/2021:10:34:12 +0800] "GET /xingrg/kc/buy/cgsh_order_add.html HTTP/1.1" 200 62154
116.230.114.112 - - [10/Apr/2021:10:34:13 +0800] "POST /xingrg/kc/buy/cgsh_order_operate.html HTTP/1.1" 200 8245
116.230.114.112 - - [10/Apr/2021:10:34:13 +0800] "GET /xingrg/javascript/easyui/themes/default/validatebox.css HTTP/1.1" 404 1104
117.184.7.26 - - [10/Apr/2021:10:34:14 +0800] "GET /xingrg/kc/buy/cgsh_order_operate.html?command=get_materiel&rest_code=00108&code=00101008185&supplier_code=00100008&order_time=2021-04-10 HTTP/1.1" 200 408
124.77.71.179 - - [10/Apr/2021:10:34:16 +0800] "GET /xingrg/kc/buy/cgsh_order_operate.html?command=get_materiel&rest_code=00107&code=00101011003&supplier_code=00100049&order_time=2021-04-10 HTTP/1.1" 200 413
222.69.131.206 - - [10/Apr/2021:10:34:20 +0800] "GET /xingrg/all/function/internal_message.html?_=1618022062900&CODE_STATE=getMsg HTTP/1.1" 200 27
61.165.42.208 - - [10/Apr/2021:10:34:20 +0800] "GET /xingrg/all/function/internal_message.html?_=1618022064337&CODE_STATE=getMsg HTTP/1.1" 200 27
58.40.7.146 - - [10/Apr/2021:10:34:23 +0800] "GET /xingrg/all/function/internal_message.html?_=1618022065880&CODE_STATE=getMsg HTTP/1.1" 302 -
117.184.7.26 - - [10/Apr/2021:10:34:23 +0800] "GET /xingrg/kc/buy/cgsh_order_operate.html?command=get_materiel&rest_code=00108&code=00101008010&supplier_code=00100008&order_time=2021-04-10 HTTP/1.1" 200 412
114.86.187.76 - - [10/Apr/2021:10:34:24 +0800] "GET /xingrg/all/function/internal_message.html?_=1618022072061&CODE_STATE=getMsg HTTP/1.1" 200 27
180.169.147.146 - - [10/Apr/2021:10:34:27 +0800] "GET /xingrg/all/function/internal_message.html?_=1618022072179&CODE_STATE=getMsg HTTP/1.1" 200 27
124.77.71.179 - - [10/Apr/2021:10:34:27 +0800] "POST /xingrg/kc/buy/cgsh_order_operate.html HTTP/1.1" 200 37
124.77.71.179 - - [10/Apr/2021:10:34:28 +0800] "POST /xingrg/kc/buy/cgsh_order_operate.html HTTP/1.1" 200 3248
124.77.71.179 - - [10/Apr/2021:10:34:29 +0800] "GET /xingrg/kc/print/load_data.html?order_code=212021041003519&kc_code=cgsh&condition= HTTP/1.1" 200 938
116.230.114.112 - - [10/Apr/2021:10:34:29 +0800] "GET /xingrg/kc/buy/cgsh_order_operate.html?command=get_materiel&rest_code=00146&code=00101012051&supplier_code=00100033&order_time=2021-04-10 HTTP/1.1" 200 408
116.224.253.72 - - [10/Apr/2021:10:34:29 +0800] "GET /xingrg/all/function/internal_message.html?_=1618022074278&CODE_STATE=getMsg HTTP/1.1" 200 27
116.238.141.202 - - [10/Apr/2021:10:34:32 +0800] "GET /xingrg/check_reg.html?_=1618022349218 HTTP/1.1" 200 22
222.70.217.33 - - [10/Apr/2021:10:34:32 +0800] "GET /xingrg/all/function/internal_message.html?_=1618022075005&CODE_STATE=getMsg HTTP/1.1" 200 27
180.169.147.146 - - [10/Apr/2021:10:34:32 +0800] "GET /xingrg/all/function/internal_message.html?_=1618022081953&CODE_STATE=getMsg HTTP/1.1" 302 -
117.184.7.26 - - [10/Apr/2021:10:34:32 +0800] "GET /xingrg/kc/buy/cgsh_order_operate.html?command=get_materiel&rest_code=00108&code=00101008110&supplier_code=00100008&order_time=2021-04-10 HTTP/1.1" 200 408
116.233.74.165 - - [10/Apr/2021:10:34:33 +0800] "GET /xingrg/all/function/internal_message.html?_=1618022077731&CODE_STATE=getMsg HTTP/1.1" 200 27
117.185.32.26 - - [10/Apr/2021:10:34:33 +0800] "GET /xingrg/kc/buy/cgsh_order_add.html HTTP/1.1" 200 62154
117.185.32.26 - - [10/Apr/2021:10:34:33 +0800] "POST /xingrg/kc/buy/cgsh_order_operate.html HTTP/1.1" 200 8245
117.185.32.26 - - [10/Apr/2021:10:34:33 +0800] "GET /xingrg/javascript/easyui/themes/default/validatebox.css HTTP/1.1" 404 1104
124.77.71.179 - - [10/Apr/2021:10:34:34 +0800] "GET /xingrg/kc/buy/cgsh_order_add.html HTTP/1.1" 200 62236
116.238.141.202 - - [10/Apr/2021:10:34:34 +0800] "GET /xingrg/all/function/internal_message.html?_=1618022352273&CODE_STATE=getMsg HTTP/1.1" 200 27
124.77.71.179 - - [10/Apr/2021:10:34:35 +0800] "GET /xingrg/javascript/easyui/themes/default/validatebox.css HTTP/1.1" 404 1104
124.77.71.179 - - [10/Apr/2021:10:34:35 +0800] "POST /xingrg/kc/buy/cgsh_order_operate.html HTTP/1.1" 200 8245
117.185.32.26 - - [10/Apr/2021:10:34:35 +0800] "GET /xingrg/javascript/easyui/themes/default/tree.css HTTP/1.1" 404 1090
117.185.32.26 - - [10/Apr/2021:10:34:35 +0800] "POST /xingrg/all/common/load_tree.html?tree=supplier_tree_json&isDelete=1 HTTP/1.1" 200 54827
116.230.114.112 - - [10/Apr/2021:10:34:37 +0800] "GET /xingrg/all/function/internal_message.html?_=1618022083469&CODE_STATE=getMsg HTTP/1.1" 302 -
124.77.71.179 - - [10/Apr/2021:10:34:38 +0800] "GET /xingrg/javascript/easyui/themes/default/tree.css HTTP/1.1" 404 1090
124.77.71.179 - - [10/Apr/2021:10:34:38 +0800] "POST /xingrg/all/common/load_tree.html?tree=supplier_tree_json&isDelete=1 HTTP/1.1" 200 54827
114.88.156.246 - - [10/Apr/2021:10:34:41 +0800] "GET /xingrg/all/function/internal_message.html?_=1618022103657&CODE_STATE=getMsg HTTP/1.1" 200 27
117.184.7.26 - - [10/Apr/2021:10:34:42 +0800] "GET /xingrg/all/function/internal_message.html?_=1618022078397&CODE_STATE=getMsg HTTP/1.1" 200 27
117.184.7.26 - - [10/Apr/2021:10:34:42 +0800] "GET /xingrg/kc/buy/cgsh_order_operate.html?command=get_materiel&rest_code=00108&code=00101008163&supplier_code=00100008&order_time=2021-04-10 HTTP/1.1" 200 408
116.230.114.112 - - [10/Apr/2021:10:34:43 +0800] "GET /xingrg/kc/buy/cgsh_order_operate.html?command=get_materiel&rest_code=00146&code=00101016080&supplier_code=00100033&order_time=2021-04-10 HTTP/1.1" 200 408
124.77.71.179 - - [10/Apr/2021:10:34:46 +0800] "GET /xingrg/all/function/internal_message.html?_=1618022089894&CODE_STATE=getMsg HTTP/1.1" 200 27
