116.224.253.72 - - [01/Apr/2021:09:11:35 +0800] "GET /xingrg/dwr/engine.js HTTP/1.1" 200 43631
116.224.253.72 - - [01/Apr/2021:09:11:35 +0800] "POST /xingrg/dwr/call/plaincall/AjaxCheckService.loadOrderItems.dwr HTTP/1.1" 200 43157
116.224.253.72 - - [01/Apr/2021:09:11:35 +0800] "GET /xingrg/javascript/jquery_easy_ui/themes/icons/no.png HTTP/1.1" 304 -
222.70.158.20 - - [01/Apr/2021:09:11:36 +0800] "POST /xingrg/dwr/call/plaincall/AjaxCheckService.setItemNumber.dwr HTTP/1.1" 200 78
116.224.253.72 - - [01/Apr/2021:09:11:37 +0800] "POST /xingrg/kc/buy/cgsh_order_operate.html HTTP/1.1" 200 37
222.70.158.20 - - [01/Apr/2021:09:11:37 +0800] "POST /xingrg/dwr/call/plaincall/AjaxCheckService.setItemNumber.dwr HTTP/1.1" 200 78
116.235.95.160 - - [01/Apr/2021:09:11:37 +0800] "POST /xingrg/dwr/call/plaincall/AjaxCheckService.setItemNumber.dwr HTTP/1.1" 200 77
116.224.253.72 - - [01/Apr/2021:09:11:38 +0800] "POST /xingrg/kc/buy/cgsh_order_operate.html HTTP/1.1" 200 22376
222.70.158.20 - - [01/Apr/2021:09:11:38 +0800] "POST /xingrg/dwr/call/plaincall/AjaxCheckService.setItemNumber.dwr HTTP/1.1" 200 78
222.70.158.20 - - [01/Apr/2021:09:11:40 +0800] "POST /xingrg/dwr/call/plaincall/AjaxCheckService.setItemNumber.dwr HTTP/1.1" 200 78
222.70.158.20 - - [01/Apr/2021:09:11:41 +0800] "POST /xingrg/dwr/call/plaincall/AjaxCheckService.setItemNumber.dwr HTTP/1.1" 200 78
117.131.5.26 - - [01/Apr/2021:09:11:42 +0800] "POST /xingrg/dwr/call/plaincall/AjaxCheckService.setItemNumber.dwr HTTP/1.1" 200 77
222.70.158.20 - - [01/Apr/2021:09:11:43 +0800] "POST /xingrg/dwr/call/plaincall/AjaxCheckService.setItemNumber.dwr HTTP/1.1" 200 78
116.235.95.160 - - [01/Apr/2021:09:11:45 +0800] "POST /xingrg/dwr/call/plaincall/AjaxCheckService.setItemNumber.dwr HTTP/1.1" 200 77
114.88.156.246 - - [01/Apr/2021:09:11:45 +0800] "GET /xingrg/all/function/internal_message.html?_=1617239510173&CODE_STATE=getMsg HTTP/1.1" 200 27
222.70.158.20 - - [01/Apr/2021:09:11:46 +0800] "POST /xingrg/dwr/call/plaincall/AjaxCheckService.setItemNumber.dwr HTTP/1.1" 200 78
117.131.5.26 - - [01/Apr/2021:09:11:47 +0800] "POST /xingrg/dwr/call/plaincall/AjaxCheckService.setItemNumber.dwr HTTP/1.1" 200 77
116.235.216.75 - - [01/Apr/2021:09:11:48 +0800] "GET /xingrg/kc/buy/cgsh_order_operate.html?command=get_materiel&rest_code=00107&code=00101006094&supplier_code=00100010&order_time=2021-04-01 HTTP/1.1" 200 410
222.70.158.20 - - [01/Apr/2021:09:11:48 +0800] "POST /xingrg/dwr/call/plaincall/AjaxCheckService.setItemNumber.dwr HTTP/1.1" 200 78
61.165.42.208 - - [01/Apr/2021:09:11:49 +0800] "GET /xingrg/all/function/internal_message.html?_=1617239514149&CODE_STATE=getMsg HTTP/1.1" 200 27
222.70.158.20 - - [01/Apr/2021:09:11:49 +0800] "POST /xingrg/dwr/call/plaincall/AjaxCheckService.setItemNumber.dwr HTTP/1.1" 200 78
101.91.60.11 - - [01/Apr/2021:09:11:50 +0800] "GET /xingrg/all/function/internal_message.html?_=1617239450177&CODE_STATE=getMsg HTTP/1.1" 302 -
222.70.158.20 - - [01/Apr/2021:09:11:51 +0800] "POST /xingrg/dwr/call/plaincall/AjaxCheckService.setItemNumber.dwr HTTP/1.1" 200 78
222.70.158.20 - - [01/Apr/2021:09:11:52 +0800] "GET /xingrg/check_reg.html?_=1617239512478 HTTP/1.1" 200 22
114.86.187.76 - - [01/Apr/2021:09:11:52 +0800] "GET /xingrg/all/function/internal_message.html?_=1617239520882&CODE_STATE=getMsg HTTP/1.1" 200 27
222.70.158.20 - - [01/Apr/2021:09:11:52 +0800] "GET /xingrg/all/function/internal_message.html?_=1617239512835&CODE_STATE=getMsg HTTP/1.1" 200 27
222.70.158.20 - - [01/Apr/2021:09:11:53 +0800] "POST /xingrg/dwr/call/plaincall/AjaxCheckService.setItemNumber.dwr HTTP/1.1" 200 78
101.91.60.11 - - [01/Apr/2021:09:11:53 +0800] "GET /xingrg/login.html HTTP/1.1" 200 7641
222.70.158.20 - - [01/Apr/2021:09:11:54 +0800] "POST /xingrg/dwr/call/plaincall/AjaxCheckService.setItemNumber.dwr HTTP/1.1" 200 78
116.235.216.75 - - [01/Apr/2021:09:11:56 +0800] "POST /xingrg/kc/buy/cgsh_order_operate.html HTTP/1.1" 200 37
222.70.158.20 - - [01/Apr/2021:09:11:56 +0800] "POST /xingrg/dwr/call/plaincall/AjaxCheckService.setItemNumber.dwr HTTP/1.1" 200 78
116.235.95.160 - - [01/Apr/2021:09:11:57 +0800] "POST /xingrg/dwr/call/plaincall/AjaxCheckService.setItemNumber.dwr HTTP/1.1" 200 77
222.70.158.20 - - [01/Apr/2021:09:11:57 +0800] "POST /xingrg/dwr/call/plaincall/AjaxCheckService.setItemNumber.dwr HTTP/1.1" 200 78
116.233.78.130 - - [01/Apr/2021:09:11:58 +0800] "GET /xingrg/kc/base/check_order_list.html?isBack=1 HTTP/1.1" 200 16511
116.233.78.130 - - [01/Apr/2021:09:11:58 +0800] "POST /xingrg/kc/base/check_list_operate.html HTTP/1.1" 200 5110
117.131.5.26 - - [01/Apr/2021:09:11:59 +0800] "POST /xingrg/dwr/call/plaincall/AjaxCheckService.setItemNumber.dwr HTTP/1.1" 200 77
116.233.78.130 - - [01/Apr/2021:09:11:59 +0800] "GET /xingrg/all/function/internal_message.html?_=1617239528365&CODE_STATE=getMsg HTTP/1.1" 200 27
222.70.158.20 - - [01/Apr/2021:09:12:00 +0800] "POST /xingrg/dwr/call/plaincall/AjaxCheckService.setItemNumber.dwr HTTP/1.1" 200 78
116.235.216.75 - - [01/Apr/2021:09:12:01 +0800] "POST /xingrg/kc/buy/cgsh_order_operate.html HTTP/1.1" 200 5016
116.235.216.75 - - [01/Apr/2021:09:12:01 +0800] "GET /xingrg/all/function/internal_message.html?_=1617239519653&CODE_STATE=getMsg HTTP/1.1" 200 27
116.235.216.75 - - [01/Apr/2021:09:12:03 +0800] "GET /xingrg/kc/print/load_data.html?order_code=212021040100019&kc_code=cgsh&condition= HTTP/1.1" 200 1621
222.70.158.20 - - [01/Apr/2021:09:12:06 +0800] "POST /xingrg/dwr/call/plaincall/AjaxCheckService.setItemNumber.dwr HTTP/1.1" 200 78
180.152.227.142 - - [01/Apr/2021:09:12:11 +0800] "GET /xingrg/all/function/internal_message.html?_=1617239802330&CODE_STATE=getMsg HTTP/1.1" 200 27
222.70.217.33 - - [01/Apr/2021:09:12:20 +0800] "GET /xingrg/all/function/internal_message.html?_=1617239538930&CODE_STATE=getMsg HTTP/1.1" 200 27
114.88.156.246 - - [01/Apr/2021:09:12:20 +0800] "GET /xingrg/all/function/internal_message.html?_=1617239541423&CODE_STATE=getMsg HTTP/1.1" 200 27
114.88.156.246 - - [01/Apr/2021:09:12:20 +0800] "GET /xingrg/check_reg.html?_=1617239541425 HTTP/1.1" 200 22
116.235.216.75 - - [01/Apr/2021:09:12:22 +0800] "GET /xingrg/kc/buy/cgsh_order_add.html HTTP/1.1" 200 62239
116.235.216.75 - - [01/Apr/2021:09:12:24 +0800] "GET /xingrg/javascript/easyui/themes/default/validatebox.css HTTP/1.1" 404 1104
116.235.216.75 - - [01/Apr/2021:09:12:24 +0800] "POST /xingrg/kc/buy/cgsh_order_operate.html HTTP/1.1" 200 8245
116.235.216.75 - - [01/Apr/2021:09:12:25 +0800] "GET /xingrg/javascript/easyui/themes/default/tree.css HTTP/1.1" 404 1090
116.235.216.75 - - [01/Apr/2021:09:12:25 +0800] "POST /xingrg/all/common/load_tree.html?tree=supplier_tree_json&isDelete=1 HTTP/1.1" 200 54827
101.91.62.65 - - [01/Apr/2021:09:12:26 +0800] "GET /xingrg/all/function/internal_message.html?_=1617239481424&CODE_STATE=getMsg HTTP/1.1" 302 -
116.224.253.72 - - [01/Apr/2021:09:12:27 +0800] "POST /xingrg/dwr/call/plaincall/AjaxCheckService.setItemNumber.dwr HTTP/1.1" 200 76
116.235.95.160 - - [01/Apr/2021:09:12:27 +0800] "GET /xingrg/all/function/internal_message.html?_=1617239623037&CODE_STATE=getMsg HTTP/1.1" 200 27
116.233.78.130 - - [01/Apr/2021:09:12:28 +0800] "POST /xingrg/kc/base/check_list_operate.html HTTP/1.1" 200 4
116.224.253.72 - - [01/Apr/2021:09:12:28 +0800] "GET /xingrg/all/function/internal_message.html?_=1617239550565&CODE_STATE=getMsg HTTP/1.1" 200 27
116.224.253.72 - - [01/Apr/2021:09:12:29 +0800] "GET /xingrg/all/function/internal_message.html?_=1617239552626&CODE_STATE=getMsg HTTP/1.1" 200 27
101.91.62.65 - - [01/Apr/2021:09:12:30 +0800] "GET /xingrg/login.html HTTP/1.1" 200 7641
116.233.78.130 - - [01/Apr/2021:09:12:31 +0800] "POST /xingrg/kc/base/check_list_operate.html HTTP/1.1" 200 781
116.224.253.72 - - [01/Apr/2021:09:12:31 +0800] "POST /xingrg/dwr/call/plaincall/AjaxCheckService.setItemNumber.dwr HTTP/1.1" 200 76
101.228.165.174 - - [01/Apr/2021:09:12:34 +0800] "GET /xingrg/all/function/internal_message.html?_=1617239568680&CODE_STATE=getMsg HTTP/1.1" 200 27
116.224.253.72 - - [01/Apr/2021:09:12:35 +0800] "POST /xingrg/dwr/call/plaincall/AjaxCheckService.setItemNumber.dwr HTTP/1.1" 200 76
116.224.253.72 - - [01/Apr/2021:09:12:40 +0800] "POST /xingrg/dwr/call/plaincall/AjaxCheckService.setItemNumber.dwr HTTP/1.1" 200 76
116.224.253.72 - - [01/Apr/2021:09:12:43 +0800] "POST /xingrg/dwr/call/plaincall/AjaxCheckService.setItemNumber.dwr HTTP/1.1" 200 76
114.88.156.246 - - [01/Apr/2021:09:12:45 +0800] "GET /xingrg/all/function/internal_message.html?_=1617239570184&CODE_STATE=getMsg HTTP/1.1" 200 27
116.224.253.72 - - [01/Apr/2021:09:12:48 +0800] "POST /xingrg/dwr/call/plaincall/AjaxCheckService.setItemNumber.dwr HTTP/1.1" 200 76
61.165.42.208 - - [01/Apr/2021:09:12:49 +0800] "GET /xingrg/all/function/internal_message.html?_=1617239574122&CODE_STATE=getMsg HTTP/1.1" 200 27
116.224.253.72 - - [01/Apr/2021:09:12:51 +0800] "POST /xingrg/dwr/call/plaincall/AjaxCheckService.setItemNumber.dwr HTTP/1.1" 200 76
114.86.187.76 - - [01/Apr/2021:09:12:52 +0800] "GET /xingrg/all/function/internal_message.html?_=1617239580897&CODE_STATE=getMsg HTTP/1.1" 200 27
222.70.158.20 - - [01/Apr/2021:09:12:52 +0800] "GET /xingrg/all/function/internal_message.html?_=1617239572849&CODE_STATE=getMsg HTTP/1.1" 200 27
116.224.253.72 - - [01/Apr/2021:09:12:55 +0800] "POST /xingrg/dwr/call/plaincall/AjaxCheckService.setItemNumber.dwr HTTP/1.1" 200 76
116.235.216.75 - - [01/Apr/2021:09:12:57 +0800] "GET /xingrg/kc/buy/cgsh_order_operate.html?command=get_materiel&rest_code=00107&code=00101020153&supplier_code=00100033&order_time=2021-04-01 HTTP/1.1" 200 408
116.224.253.72 - - [01/Apr/2021:09:12:57 +0800] "POST /xingrg/dwr/call/plaincall/AjaxCheckService.setItemNumber.dwr HTTP/1.1" 200 76
116.233.78.130 - - [01/Apr/2021:09:12:59 +0800] "GET /xingrg/all/function/internal_message.html?_=1617239588347&CODE_STATE=getMsg HTTP/1.1" 200 27
116.235.216.75 - - [01/Apr/2021:09:13:00 +0800] "GET /xingrg/check_reg.html?_=1617239579140 HTTP/1.1" 200 22
116.235.216.75 - - [01/Apr/2021:09:13:01 +0800] "GET /xingrg/all/function/internal_message.html?_=1617239579735&CODE_STATE=getMsg HTTP/1.1" 200 27
116.224.253.72 - - [01/Apr/2021:09:13:03 +0800] "GET /xingrg/kc/report/report_main.html HTTP/1.1" 200 7345
116.224.253.72 - - [01/Apr/2021:09:13:03 +0800] "POST /xingrg/dwr/call/plaincall/AjaxCheckService.setItemNumber.dwr HTTP/1.1" 200 77
116.224.253.72 - - [01/Apr/2021:09:13:04 +0800] "GET /xingrg/all/report/report_query.html?fileName=kc/buy/gys_amount.xml&rh=99999 HTTP/1.1" 200 52006
116.224.253.72 - - [01/Apr/2021:09:13:04 +0800] "GET /xingrg/dwr/interface/AjaxReportQueryService.js HTTP/1.1" 200 13203
116.224.253.72 - - [01/Apr/2021:09:13:04 +0800] "GET /xingrg/dwr/engine.js HTTP/1.1" 200 43631
116.224.253.72 - - [01/Apr/2021:09:13:05 +0800] "POST /xingrg/dwr/call/plaincall/AjaxReportQueryService.getFixDate.dwr HTTP/1.1" 200 111
116.224.253.72 - - [01/Apr/2021:09:13:05 +0800] "POST /xingrg/all/common/load_tree.html?tree=supplier_tree_json&manage=1 HTTP/1.1" 200 55684
116.224.253.72 - - [01/Apr/2021:09:13:06 +0800] "POST /xingrg/all/common/load_tree.html?tree=materiel_sort_tree_json HTTP/1.1" 200 8666
116.224.253.72 - - [01/Apr/2021:09:13:06 +0800] "POST /xingrg/dwr/call/plaincall/AjaxCheckService.setItemNumber.dwr HTTP/1.1" 200 77
116.224.253.72 - - [01/Apr/2021:09:13:06 +0800] "POST /xingrg/dwr/call/plaincall/AjaxReportQueryService.getInitString.dwr HTTP/1.1" 200 792
116.224.253.72 - - [01/Apr/2021:09:13:10 +0800] "POST /xingrg/dwr/call/plaincall/AjaxCheckService.setItemNumber.dwr HTTP/1.1" 200 77
180.152.227.142 - - [01/Apr/2021:09:13:12 +0800] "GET /xingrg/all/function/internal_message.html?_=1617239862540&CODE_STATE=getMsg HTTP/1.1" 200 27
116.224.253.72 - - [01/Apr/2021:09:13:12 +0800] "POST /xingrg/dwr/call/plaincall/AjaxCheckService.setItemNumber.dwr HTTP/1.1" 200 77
116.224.253.72 - - [01/Apr/2021:09:13:15 +0800] "POST /xingrg/dwr/call/plaincall/AjaxReportQueryService.refreshCache.dwr HTTP/1.1" 200 78
116.224.253.72 - - [01/Apr/2021:09:13:17 +0800] "POST /xingrg/all/report/load_report_page.html HTTP/1.1" 200 100363
116.224.253.72 - - [01/Apr/2021:09:13:18 +0800] "GET /xingrg/servlets/image?cache=0.03978242936758292&image=px HTTP/1.1" 200 807
222.70.217.33 - - [01/Apr/2021:09:13:20 +0800] "GET /xingrg/all/function/internal_message.html?_=1617239598934&CODE_STATE=getMsg HTTP/1.1" 200 27
114.88.156.246 - - [01/Apr/2021:09:13:20 +0800] "GET /xingrg/all/function/internal_message.html?_=1617239601424&CODE_STATE=getMsg HTTP/1.1" 200 27
116.235.216.75 - - [01/Apr/2021:09:13:20 +0800] "GET /xingrg/kc/buy/cgsh_order_operate.html?command=get_materiel&rest_code=00107&code=00101012003&supplier_code=00100033&order_time=2021-04-01 HTTP/1.1" 200 412
116.224.253.72 - - [01/Apr/2021:09:13:24 +0800] "POST /xingrg/dwr/call/plaincall/AjaxCheckService.setItemNumber.dwr HTTP/1.1" 200 77
116.235.95.160 - - [01/Apr/2021:09:13:27 +0800] "GET /xingrg/all/function/internal_message.html?_=1617239683036&CODE_STATE=getMsg HTTP/1.1" 200 27
117.131.5.26 - - [01/Apr/2021:09:13:27 +0800] "GET /xingrg/check_reg.html?_=1617239683037 HTTP/1.1" 200 22
116.224.253.72 - - [01/Apr/2021:09:13:28 +0800] "GET /xingrg/all/function/internal_message.html?_=1617239610583&CODE_STATE=getMsg HTTP/1.1" 200 27
222.70.217.33 - - [01/Apr/2021:09:13:28 +0800] "GET /xingrg/kc/base/check_order_list.html HTTP/1.1" 200 16517
222.70.217.33 - - [01/Apr/2021:09:13:28 +0800] "POST /xingrg/kc/base/check_list_operate.html HTTP/1.1" 200 5293
116.224.253.72 - - [01/Apr/2021:09:13:29 +0800] "GET /xingrg/all/function/internal_message.html?_=1617239612640&CODE_STATE=getMsg HTTP/1.1" 200 27
116.224.253.72 - - [01/Apr/2021:09:13:29 +0800] "POST /xingrg/dwr/call/plaincall/AjaxCheckService.setItemNumber.dwr HTTP/1.1" 200 77
222.70.217.33 - - [01/Apr/2021:09:13:30 +0800] "GET /xingrg/kc/base/check_order_info.html?code=452021033100550 HTTP/1.1" 200 26328
222.70.217.33 - - [01/Apr/2021:09:13:30 +0800] "GET /xingrg/dwr/interface/AjaxComOrderService.js HTTP/1.1" 200 18264
222.70.217.33 - - [01/Apr/2021:09:13:30 +0800] "GET /xingrg/dwr/interface/AjaxCheckService.js HTTP/1.1" 200 14003
222.70.217.33 - - [01/Apr/2021:09:13:30 +0800] "GET /xingrg/dwr/engine.js HTTP/1.1" 200 43631
222.70.217.33 - - [01/Apr/2021:09:13:31 +0800] "POST /xingrg/dwr/call/plaincall/AjaxCheckService.loadOrderItems.dwr HTTP/1.1" 200 279313
116.224.253.72 - - [01/Apr/2021:09:13:32 +0800] "POST /xingrg/dwr/call/plaincall/AjaxCheckService.setItemNumber.dwr HTTP/1.1" 200 77
101.228.165.174 - - [01/Apr/2021:09:13:34 +0800] "GET /xingrg/all/function/internal_message.html?_=1617239628746&CODE_STATE=getMsg HTTP/1.1" 200 27
116.235.216.75 - - [01/Apr/2021:09:13:36 +0800] "GET /xingrg/kc/buy/cgsh_order_operate.html?command=get_materiel&rest_code=00107&code=00101010136&supplier_code=00100033&order_time=2021-04-01 HTTP/1.1" 200 408
116.224.253.72 - - [01/Apr/2021:09:13:36 +0800] "POST /xingrg/dwr/call/plaincall/AjaxCheckService.setItemNumber.dwr HTTP/1.1" 200 77
116.224.253.72 - - [01/Apr/2021:09:13:37 +0800] "GET /xingrg/all/report/report_query.html?isQuery=1&fileName=kc/buy/wlcg_cate_hz.xml&queryString=(CONVERT(char(10)%252Ca.order_time%252C%2520120)%253E%253D'2021-03-01')%2520and%2520(CONVERT(char(10)%252Ca.order_time%252C%2520120)%253C%253D'2021-03-31')%2520and%2520(a.number%253E0%2520and%2520a.supplier_code%253D'00100331')&queryText=%25E3%2580%2590%25E9%2587%2587%25E8%25B4%25AD%25E6%2597%25A5%25E6%259C%259F%253A2021-03-01%2520%25E8%2587%25B3%25202021-03-31%25E3%2580%2591%2520%25E5%25B9%25B6%25E4%25B8%2594%2520%25E3%2580%2590%25E4%25BE%259B%25E5%25BA%2594%25E5%2595%2586%253D%25E5%258E%25A8%25E6%2596%25B0%25E9%25A3%259F%25E6%259D%2590%25EF%25BC%2588%25E8%25B0%25A2%25E8%2590%258D%25EF%25BC%2589%25E3%2580%2591 HTTP/1.1" 200 54378
116.224.253.72 - - [01/Apr/2021:09:13:37 +0800] "GET /xingrg/dwr/interface/AjaxReportQueryService.js HTTP/1.1" 200 13203
116.224.253.72 - - [01/Apr/2021:09:13:37 +0800] "GET /xingrg/dwr/engine.js HTTP/1.1" 200 43631
116.224.253.72 - - [01/Apr/2021:09:13:39 +0800] "POST /xingrg/all/report/load_report_page.html HTTP/1.1" 200 8709
116.224.253.72 - - [01/Apr/2021:09:13:39 +0800] "GET /xingrg/servlets/image?cache=0.6626410358719677&image=px HTTP/1.1" 200 807
116.224.253.72 - - [01/Apr/2021:09:13:40 +0800] "POST /xingrg/dwr/call/plaincall/AjaxCheckService.setItemNumber.dwr HTTP/1.1" 200 77
116.224.253.72 - - [01/Apr/2021:09:13:41 +0800] "POST /xingrg/all/report/load_report_page.html HTTP/1.1" 200 13056
116.224.253.72 - - [01/Apr/2021:09:13:41 +0800] "GET /xingrg/servlets/image?cache=0.36169817219459977&image=px HTTP/1.1" 200 807
222.70.217.33 - - [01/Apr/2021:09:13:44 +0800] "POST /xingrg/dwr/call/plaincall/AjaxCheckService.setItemNumber.dwr HTTP/1.1" 200 76
116.224.253.72 - - [01/Apr/2021:09:13:44 +0800] "POST /xingrg/dwr/call/plaincall/AjaxCheckService.setItemNumber.dwr HTTP/1.1" 200 77
116.235.216.75 - - [01/Apr/2021:09:13:44 +0800] "GET /xingrg/kc/buy/cgsh_order_operate.html?command=get_materiel&rest_code=00107&code=00101012025&supplier_code=00100033&order_time=2021-04-01 HTTP/1.1" 200 412
116.224.253.72 - - [01/Apr/2021:09:13:45 +0800] "POST /xingrg/all/report/report_print.html HTTP/1.1" 302 -
116.224.253.72 - - [01/Apr/2021:09:13:45 +0800] "GET /xingrg/servlets/html?sysBaseUrl=http%3A%2F%2F180.169.147.146%3A18081%2Fxingrg%2F&costTime=162×tamp=1617239625598 HTTP/1.1" 200 14707
116.224.253.72 - - [01/Apr/2021:09:13:45 +0800] "GET /xingrg/servlets/image?image=px HTTP/1.1" 200 807
114.88.156.246 - - [01/Apr/2021:09:13:45 +0800] "GET /xingrg/all/function/internal_message.html?_=1617239630183&CODE_STATE=getMsg HTTP/1.1" 200 27
114.88.156.246 - - [01/Apr/2021:09:13:45 +0800] "GET /xingrg/check_reg.html?_=1617239630184 HTTP/1.1" 200 22
116.224.253.72 - - [01/Apr/2021:09:13:45 +0800] "GET /favicon.ico HTTP/1.1" 404 -
101.91.62.99 - - [01/Apr/2021:09:13:48 +0800] "GET /xingrg/all/function/internal_message.html?_=1617239570184&CODE_STATE=getMsg HTTP/1.1" 302 -
116.224.253.72 - - [01/Apr/2021:09:13:48 +0800] "POST /xingrg/dwr/call/plaincall/AjaxCheckService.setItemNumber.dwr HTTP/1.1" 200 77
61.165.42.208 - - [01/Apr/2021:09:13:49 +0800] "GET /xingrg/all/function/internal_message.html?_=1617239634113&CODE_STATE=getMsg HTTP/1.1" 200 27
61.165.42.208 - - [01/Apr/2021:09:13:49 +0800] "GET /xingrg/check_reg.html?_=1617239634132 HTTP/1.1" 200 22
222.70.217.33 - - [01/Apr/2021:09:13:49 +0800] "POST /xingrg/dwr/call/plaincall/AjaxCheckService.setItemNumber.dwr HTTP/1.1" 200 76
101.91.62.99 - - [01/Apr/2021:09:13:49 +0800] "GET /xingrg/login.html HTTP/1.1" 200 7641
222.70.217.33 - - [01/Apr/2021:09:13:49 +0800] "POST /xingrg/dwr/call/plaincall/AjaxCheckService.setItemNumber.dwr HTTP/1.1" 200 76
222.70.217.33 - - [01/Apr/2021:09:13:50 +0800] "POST /xingrg/dwr/call/plaincall/AjaxCheckService.setItemNumber.dwr HTTP/1.1" 200 76
222.70.217.33 - - [01/Apr/2021:09:13:50 +0800] "POST /xingrg/dwr/call/plaincall/AjaxCheckService.setItemNumber.dwr HTTP/1.1" 200 76
114.86.187.76 - - [01/Apr/2021:09:13:52 +0800] "GET /xingrg/all/function/internal_message.html?_=1617239640909&CODE_STATE=getMsg HTTP/1.1" 200 27
222.70.158.20 - - [01/Apr/2021:09:13:52 +0800] "GET /xingrg/all/function/internal_message.html?_=1617239632862&CODE_STATE=getMsg HTTP/1.1" 200 27
222.70.217.33 - - [01/Apr/2021:09:13:52 +0800] "POST /xingrg/dwr/call/plaincall/AjaxCheckService.setItemNumber.dwr HTTP/1.1" 200 76
222.70.217.33 - - [01/Apr/2021:09:13:53 +0800] "POST /xingrg/dwr/call/plaincall/AjaxCheckService.setItemNumber.dwr HTTP/1.1" 200 76
222.70.217.33 - - [01/Apr/2021:09:13:53 +0800] "POST /xingrg/dwr/call/plaincall/AjaxCheckService.setItemNumber.dwr HTTP/1.1" 200 76
222.70.217.33 - - [01/Apr/2021:09:13:53 +0800] "POST /xingrg/dwr/call/plaincall/AjaxCheckService.setItemNumber.dwr HTTP/1.1" 200 76
222.70.217.33 - - [01/Apr/2021:09:13:54 +0800] "POST /xingrg/dwr/call/plaincall/AjaxCheckService.setItemNumber.dwr HTTP/1.1" 200 77
222.70.217.33 - - [01/Apr/2021:09:13:54 +0800] "POST /xingrg/dwr/call/plaincall/AjaxCheckService.setItemNumber.dwr HTTP/1.1" 200 77
116.235.216.75 - - [01/Apr/2021:09:13:54 +0800] "POST /xingrg/kc/buy/cgsh_order_operate.html HTTP/1.1" 200 37
222.70.217.33 - - [01/Apr/2021:09:13:54 +0800] "POST /xingrg/dwr/call/plaincall/AjaxCheckService.setItemNumber.dwr HTTP/1.1" 200 77
222.70.217.33 - - [01/Apr/2021:09:13:55 +0800] "POST /xingrg/dwr/call/plaincall/AjaxCheckService.setItemNumber.dwr HTTP/1.1" 200 77
222.70.217.33 - - [01/Apr/2021:09:13:55 +0800] "POST /xingrg/dwr/call/plaincall/AjaxCheckService.setItemNumber.dwr HTTP/1.1" 200 77
116.235.216.75 - - [01/Apr/2021:09:13:55 +0800] "POST /xingrg/kc/buy/cgsh_order_operate.html HTTP/1.1" 200 4428
222.70.217.33 - - [01/Apr/2021:09:13:55 +0800] "POST /xingrg/dwr/call/plaincall/AjaxCheckService.setItemNumber.dwr HTTP/1.1" 200 77
222.70.217.33 - - [01/Apr/2021:09:13:56 +0800] "POST /xingrg/dwr/call/plaincall/AjaxCheckService.setItemNumber.dwr HTTP/1.1" 200 77
116.235.216.75 - - [01/Apr/2021:09:13:56 +0800] "GET /xingrg/kc/print/load_data.html?order_code=212021040100020&kc_code=cgsh&condition= HTTP/1.1" 200 1382
222.70.217.33 - - [01/Apr/2021:09:13:56 +0800] "POST /xingrg/dwr/call/plaincall/AjaxCheckService.setItemNumber.dwr HTTP/1.1" 200 77
116.224.253.72 - - [01/Apr/2021:09:13:57 +0800] "GET /xingrg/all/report/report_query.html?isQuery=1&fileName=kc/buy/wlcg_cate_hz.xml&queryString=(CONVERT(char(10)%252Ca.order_time%252C%2520120)%253E%253D'2021-03-01')%2520and%2520(CONVERT(char(10)%252Ca.order_time%252C%2520120)%253C%253D'2021-03-31')%2520and%2520(a.number%253E0%2520and%2520a.supplier_code%253D'00100329')&queryText=%25E3%2580%2590%25E9%2587%2587%25E8%25B4%25AD%25E6%2597%25A5%25E6%259C%259F%253A2021-03-01%2520%25E8%2587%25B3%25202021-03-31%25E3%2580%2591%2520%25E5%25B9%25B6%25E4%25B8%2594%2520%25E3%2580%2590%25E4%25BE%259B%25E5%25BA%2594%25E5%2595%2586%253D%25E6%2596%258C%25E8%25AF%25A6%25E9%25A3%259F%25E5%2593%2581%25EF%25BC%2588%25E6%25BD%2598%25E6%2599%2593%25E5%258D%259A%25EF%25BC%2589%25E3%2580%2591 HTTP/1.1" 200 54382
222.70.217.33 - - [01/Apr/2021:09:13:57 +0800] "POST /xingrg/dwr/call/plaincall/AjaxCheckService.setItemNumber.dwr HTTP/1.1" 200 77
116.224.253.72 - - [01/Apr/2021:09:13:57 +0800] "GET /xingrg/dwr/interface/AjaxReportQueryService.js HTTP/1.1" 200 13203
116.224.253.72 - - [01/Apr/2021:09:13:57 +0800] "GET /xingrg/dwr/engine.js HTTP/1.1" 200 43631
222.70.217.33 - - [01/Apr/2021:09:13:57 +0800] "POST /xingrg/dwr/call/plaincall/AjaxCheckService.setItemNumber.dwr HTTP/1.1" 200 77
222.70.217.33 - - [01/Apr/2021:09:13:57 +0800] "POST /xingrg/dwr/call/plaincall/AjaxCheckService.setItemNumber.dwr HTTP/1.1" 200 77
116.224.253.72 - - [01/Apr/2021:09:13:58 +0800] "POST /xingrg/all/report/load_report_page.html HTTP/1.1" 200 8717
116.224.253.72 - - [01/Apr/2021:09:13:59 +0800] "GET /xingrg/servlets/image?cache=0.8348754969038508&image=px HTTP/1.1" 200 807
116.233.78.130 - - [01/Apr/2021:09:13:59 +0800] "GET /xingrg/all/function/internal_message.html?_=1617239648327&CODE_STATE=getMsg HTTP/1.1" 200 27
116.224.253.72 - - [01/Apr/2021:09:14:00 +0800] "POST /xingrg/all/report/load_report_page.html HTTP/1.1" 200 83736
116.224.253.72 - - [01/Apr/2021:09:14:00 +0800] "GET /xingrg/servlets/image?cache=0.8722603438511749&image=px HTTP/1.1" 200 807
222.70.217.33 - - [01/Apr/2021:09:14:01 +0800] "POST /xingrg/dwr/call/plaincall/AjaxCheckService.setItemNumber.dwr HTTP/1.1" 200 77
116.235.216.75 - - [01/Apr/2021:09:14:01 +0800] "GET /xingrg/all/function/internal_message.html?_=1617239639710&CODE_STATE=getMsg HTTP/1.1" 200 27
116.224.253.72 - - [01/Apr/2021:09:14:02 +0800] "POST /xingrg/dwr/call/plaincall/AjaxCheckService.setItemNumber.dwr HTTP/1.1" 200 77
116.235.216.75 - - [01/Apr/2021:09:14:03 +0800] "GET /xingrg/kc/base/base_main.html HTTP/1.1" 200 12142
101.228.165.174 - - [01/Apr/2021:09:14:03 +0800] "GET /xingrg/check_reg.html?_=1617239657854 HTTP/1.1" 200 22
222.70.217.33 - - [01/Apr/2021:09:14:04 +0800] "POST /xingrg/dwr/call/plaincall/AjaxCheckService.setItemNumber.dwr HTTP/1.1" 200 77
222.70.217.33 - - [01/Apr/2021:09:14:05 +0800] "POST /xingrg/dwr/call/plaincall/AjaxCheckService.setItemNumber.dwr HTTP/1.1" 200 77
222.70.217.33 - - [01/Apr/2021:09:14:05 +0800] "POST /xingrg/dwr/call/plaincall/AjaxCheckService.setItemNumber.dwr HTTP/1.1" 200 77
116.224.253.72 - - [01/Apr/2021:09:14:05 +0800] "POST /xingrg/dwr/call/plaincall/AjaxCheckService.setItemNumber.dwr HTTP/1.1" 200 77
222.70.217.33 - - [01/Apr/2021:09:14:06 +0800] "POST /xingrg/dwr/call/plaincall/AjaxCheckService.setItemNumber.dwr HTTP/1.1" 200 77
180.152.227.142 - - [01/Apr/2021:09:14:06 +0800] "GET /xingrg/check_reg.html?_=1617239916834 HTTP/1.1" 200 22
222.70.217.33 - - [01/Apr/2021:09:14:06 +0800] "POST /xingrg/dwr/call/plaincall/AjaxCheckService.setItemNumber.dwr HTTP/1.1" 200 77
222.70.217.33 - - [01/Apr/2021:09:14:07 +0800] "POST /xingrg/dwr/call/plaincall/AjaxCheckService.setItemNumber.dwr HTTP/1.1" 200 77
116.224.253.72 - - [01/Apr/2021:09:14:07 +0800] "POST /xingrg/all/report/report_print.html HTTP/1.1" 302 -
116.224.253.72 - - [01/Apr/2021:09:14:07 +0800] "GET /xingrg/servlets/image?image=px HTTP/1.1" 200 807
116.224.253.72 - - [01/Apr/2021:09:14:07 +0800] "GET /xingrg/servlets/html?sysBaseUrl=http%3A%2F%2F180.169.147.146%3A18081%2Fxingrg%2F&costTime=407×tamp=1617239647146 HTTP/1.1" 200 90180
116.224.253.72 - - [01/Apr/2021:09:14:07 +0800] "GET /favicon.ico HTTP/1.1" 404 -
222.70.217.33 - - [01/Apr/2021:09:14:07 +0800] "POST /xingrg/dwr/call/plaincall/AjaxCheckService.setItemNumber.dwr HTTP/1.1" 200 77
222.70.217.33 - - [01/Apr/2021:09:14:08 +0800] "POST /xingrg/dwr/call/plaincall/AjaxCheckService.setItemNumber.dwr HTTP/1.1" 200 77
222.70.217.33 - - [01/Apr/2021:09:14:08 +0800] "POST /xingrg/dwr/call/plaincall/AjaxCheckService.setItemNumber.dwr HTTP/1.1" 200 77
222.70.217.33 - - [01/Apr/2021:09:14:09 +0800] "POST /xingrg/dwr/call/plaincall/AjaxCheckService.setItemNumber.dwr HTTP/1.1" 200 77
116.224.253.72 - - [01/Apr/2021:09:14:09 +0800] "POST /xingrg/dwr/call/plaincall/AjaxCheckService.setItemNumber.dwr HTTP/1.1" 200 77
222.70.217.33 - - [01/Apr/2021:09:14:09 +0800] "POST /xingrg/dwr/call/plaincall/AjaxCheckService.setItemNumber.dwr HTTP/1.1" 200 77
222.70.217.33 - - [01/Apr/2021:09:14:09 +0800] "POST /xingrg/dwr/call/plaincall/AjaxCheckService.setItemNumber.dwr HTTP/1.1" 200 77
222.70.217.33 - - [01/Apr/2021:09:14:10 +0800] "POST /xingrg/dwr/call/plaincall/AjaxCheckService.setItemNumber.dwr HTTP/1.1" 200 77
222.70.217.33 - - [01/Apr/2021:09:14:11 +0800] "POST /xingrg/dwr/call/plaincall/AjaxCheckService.setItemNumber.dwr HTTP/1.1" 200 77
180.152.227.142 - - [01/Apr/2021:09:14:12 +0800] "GET /xingrg/all/function/internal_message.html?_=1617239922544&CODE_STATE=getMsg HTTP/1.1" 200 27
116.235.216.75 - - [01/Apr/2021:09:14:12 +0800] "GET /xingrg/kc/base/check_order_list.html HTTP/1.1" 200 16517
116.224.253.72 - - [01/Apr/2021:09:14:12 +0800] "POST /xingrg/dwr/call/plaincall/AjaxCheckService.setItemNumber.dwr HTTP/1.1" 200 77
116.235.216.75 - - [01/Apr/2021:09:14:13 +0800] "POST /xingrg/kc/base/check_list_operate.html HTTP/1.1" 200 4513
116.224.253.72 - - [01/Apr/2021:09:14:16 +0800] "POST /xingrg/dwr/call/plaincall/AjaxCheckService.setItemNumber.dwr HTTP/1.1" 200 77
222.70.217.33 - - [01/Apr/2021:09:14:20 +0800] "GET /xingrg/all/function/internal_message.html?_=1617239658925&CODE_STATE=getMsg HTTP/1.1" 200 27
114.88.156.246 - - [01/Apr/2021:09:14:20 +0800] "GET /xingrg/all/function/internal_message.html?_=1617239661422&CODE_STATE=getMsg HTTP/1.1" 200 27
222.70.217.33 - - [01/Apr/2021:09:14:20 +0800] "POST /xingrg/dwr/call/plaincall/AjaxCheckService.setItemNumber.dwr HTTP/1.1" 200 77
114.86.187.76 - - [01/Apr/2021:09:14:21 +0800] "GET /xingrg/javascript/easyui/themes/default/images/button_plain_hover.png HTTP/1.1" 304 -
114.86.187.76 - - [01/Apr/2021:09:14:21 +0800] "GET /xingrg/javascript/easyui/themes/default/images/button_plain_hover.png HTTP/1.1" 304 -
114.86.187.76 - - [01/Apr/2021:09:14:21 +0800] "GET /xingrg/javascript/easyui/themes/default/images/button_plain_hover.png HTTP/1.1" 304 -
222.70.217.33 - - [01/Apr/2021:09:14:22 +0800] "POST /xingrg/dwr/call/plaincall/AjaxCheckService.setItemNumber.dwr HTTP/1.1" 200 77
222.70.217.33 - - [01/Apr/2021:09:14:23 +0800] "POST /xingrg/dwr/call/plaincall/AjaxCheckService.setItemNumber.dwr HTTP/1.1" 200 77
114.86.187.76 - - [01/Apr/2021:09:14:24 +0800] "POST /xingrg/kc/buy/cgsh_order_operate.html HTTP/1.1" 200 37
222.70.217.33 - - [01/Apr/2021:09:14:25 +0800] "POST /xingrg/dwr/call/plaincall/AjaxCheckService.setItemNumber.dwr HTTP/1.1" 200 77
222.70.217.33 - - [01/Apr/2021:09:14:25 +0800] "POST /xingrg/dwr/call/plaincall/AjaxCheckService.setItemNumber.dwr HTTP/1.1" 200 77
114.86.187.76 - - [01/Apr/2021:09:14:25 +0800] "POST /xingrg/kc/buy/cgsh_order_operate.html HTTP/1.1" 200 22164
222.70.217.33 - - [01/Apr/2021:09:14:25 +0800] "POST /xingrg/dwr/call/plaincall/AjaxCheckService.setItemNumber.dwr HTTP/1.1" 200 77
116.224.253.72 - - [01/Apr/2021:09:14:26 +0800] "POST /xingrg/dwr/call/plaincall/AjaxCheckService.setItemNumber.dwr HTTP/1.1" 200 77
222.70.217.33 - - [01/Apr/2021:09:14:26 +0800] "POST /xingrg/dwr/call/plaincall/AjaxCheckService.setItemNumber.dwr HTTP/1.1" 200 77
222.70.217.33 - - [01/Apr/2021:09:14:26 +0800] "POST /xingrg/dwr/call/plaincall/AjaxCheckService.setItemNumber.dwr HTTP/1.1" 200 77
114.86.187.76 - - [01/Apr/2021:09:14:26 +0800] "GET /xingrg/javascript/easyui/themes/default/images/button_plain_hover.png HTTP/1.1" 304 -
114.86.187.76 - - [01/Apr/2021:09:14:26 +0800] "GET /xingrg/javascript/easyui/themes/default/images/button_plain_hover.png HTTP/1.1" 304 -
114.86.187.76 - - [01/Apr/2021:09:14:26 +0800] "GET /xingrg/javascript/easyui/themes/default/images/button_plain_hover.png HTTP/1.1" 304 -
222.70.217.33 - - [01/Apr/2021:09:14:26 +0800] "POST /xingrg/dwr/call/plaincall/AjaxCheckService.setItemNumber.dwr HTTP/1.1" 200 77
222.70.217.33 - - [01/Apr/2021:09:14:27 +0800] "POST /xingrg/dwr/call/plaincall/AjaxCheckService.setItemNumber.dwr HTTP/1.1" 200 77
101.227.139.171 - - [01/Apr/2021:09:14:27 +0800] "GET /xingrg/all/function/internal_message.html?_=1617239601424&CODE_STATE=getMsg HTTP/1.1" 302 -
222.70.217.33 - - [01/Apr/2021:09:14:27 +0800] "POST /xingrg/dwr/call/plaincall/AjaxCheckService.setItemNumber.dwr HTTP/1.1" 200 77
117.131.5.26 - - [01/Apr/2021:09:14:27 +0800] "GET /xingrg/all/function/internal_message.html?_=1617239743041&CODE_STATE=getMsg HTTP/1.1" 200 27
222.70.217.33 - - [01/Apr/2021:09:14:28 +0800] "POST /xingrg/dwr/call/plaincall/AjaxCheckService.setItemNumber.dwr HTTP/1.1" 200 77
116.224.253.72 - - [01/Apr/2021:09:14:28 +0800] "GET /xingrg/all/function/internal_message.html?_=1617239670599&CODE_STATE=getMsg HTTP/1.1" 200 27
116.224.253.72 - - [01/Apr/2021:09:14:29 +0800] "GET /xingrg/all/function/internal_message.html?_=1617239672652&CODE_STATE=getMsg HTTP/1.1" 200 27
114.86.187.76 - - [01/Apr/2021:09:14:29 +0800] "POST /xingrg/kc/buy/cgsh_list_operate.html HTTP/1.1" 200 1679
114.86.187.76 - - [01/Apr/2021:09:14:29 +0800] "POST /xingrg/kc/buy/cgsh_list_operate.html HTTP/1.1" 200 1679
101.227.139.171 - - [01/Apr/2021:09:14:30 +0800] "GET /xingrg/login.html HTTP/1.1" 200 7641
101.228.165.174 - - [01/Apr/2021:09:14:34 +0800] "GET /xingrg/all/function/internal_message.html?_=1617239688755&CODE_STATE=getMsg HTTP/1.1" 200 27
114.88.156.246 - - [01/Apr/2021:09:14:45 +0800] "GET /xingrg/all/function/internal_message.html?_=1617239690183&CODE_STATE=getMsg HTTP/1.1" 200 27
116.235.216.75 - - [01/Apr/2021:09:14:46 +0800] "GET /xingrg/kc/base/check_order_info.html?code=452021033100543 HTTP/1.1" 200 26477
116.235.216.75 - - [01/Apr/2021:09:14:46 +0800] "GET /xingrg/dwr/interface/AjaxComOrderService.js HTTP/1.1" 200 18264
116.235.216.75 - - [01/Apr/2021:09:14:46 +0800] "GET /xingrg/dwr/interface/AjaxCheckService.js HTTP/1.1" 200 14003
116.235.216.75 - - [01/Apr/2021:09:14:46 +0800] "GET /xingrg/dwr/engine.js HTTP/1.1" 200 43631
116.235.216.75 - - [01/Apr/2021:09:14:46 +0800] "GET /xingrg/dwr/util.js HTTP/1.1" 200 35990
116.235.216.75 - - [01/Apr/2021:09:14:47 +0800] "POST /xingrg/dwr/call/plaincall/AjaxCheckService.loadOrderItems.dwr HTTP/1.1" 200 181096
61.165.42.208 - - [01/Apr/2021:09:14:49 +0800] "GET /xingrg/all/function/internal_message.html?_=1617239694114&CODE_STATE=getMsg HTTP/1.1" 200 27
58.40.7.146 - - [01/Apr/2021:09:14:50 +0800] "GET /xingrg/check_reg.html?_=1617239691313 HTTP/1.1" 302 -
114.86.187.76 - - [01/Apr/2021:09:14:52 +0800] "GET /xingrg/all/function/internal_message.html?_=1617239701040&CODE_STATE=getMsg HTTP/1.1" 200 27
222.70.158.20 - - [01/Apr/2021:09:14:52 +0800] "GET /xingrg/all/function/internal_message.html?_=1617239692891&CODE_STATE=getMsg HTTP/1.1" 200 27
116.235.216.75 - - [01/Apr/2021:09:14:53 +0800] "POST /xingrg/dwr/call/plaincall/AjaxCheckService.setItemNumber.dwr HTTP/1.1" 200 76
116.235.216.75 - - [01/Apr/2021:09:14:53 +0800] "POST /xingrg/dwr/call/plaincall/AjaxCheckService.setItemNumber.dwr HTTP/1.1" 200 76
116.235.216.75 - - [01/Apr/2021:09:14:54 +0800] "POST /xingrg/dwr/call/plaincall/AjaxCheckService.setItemNumber.dwr HTTP/1.1" 200 76
116.235.216.75 - - [01/Apr/2021:09:14:55 +0800] "POST /xingrg/dwr/call/plaincall/AjaxCheckService.setItemNumber.dwr HTTP/1.1" 200 76
116.235.216.75 - - [01/Apr/2021:09:14:56 +0800] "POST /xingrg/dwr/call/plaincall/AjaxCheckService.setItemNumber.dwr HTTP/1.1" 200 76
116.235.216.75 - - [01/Apr/2021:09:14:56 +0800] "POST /xingrg/dwr/call/plaincall/AjaxCheckService.setItemNumber.dwr HTTP/1.1" 200 76
116.235.216.75 - - [01/Apr/2021:09:14:58 +0800] "POST /xingrg/dwr/call/plaincall/AjaxCheckService.setItemNumber.dwr HTTP/1.1" 200 76
116.235.216.75 - - [01/Apr/2021:09:14:59 +0800] "POST /xingrg/dwr/call/plaincall/AjaxCheckService.setItemNumber.dwr HTTP/1.1" 200 76
116.233.78.130 - - [01/Apr/2021:09:14:59 +0800] "GET /xingrg/all/function/internal_message.html?_=1617239708301&CODE_STATE=getMsg HTTP/1.1" 200 27
116.235.216.75 - - [01/Apr/2021:09:15:00 +0800] "POST /xingrg/dwr/call/plaincall/AjaxCheckService.setItemNumber.dwr HTTP/1.1" 200 76
116.235.216.75 - - [01/Apr/2021:09:15:00 +0800] "POST /xingrg/dwr/call/plaincall/AjaxCheckService.setItemNumber.dwr HTTP/1.1" 200 77
116.235.216.75 - - [01/Apr/2021:09:15:01 +0800] "GET /xingrg/all/function/internal_message.html?_=1617239699693&CODE_STATE=getMsg HTTP/1.1" 200 27
116.235.216.75 - - [01/Apr/2021:09:15:03 +0800] "POST /xingrg/dwr/call/plaincall/AjaxCheckService.setItemNumber.dwr HTTP/1.1" 200 77
116.235.216.75 - - [01/Apr/2021:09:15:06 +0800] "POST /xingrg/dwr/call/plaincall/AjaxCheckService.setItemNumber.dwr HTTP/1.1" 200 77
116.235.216.75 - - [01/Apr/2021:09:15:07 +0800] "POST /xingrg/dwr/call/plaincall/AjaxCheckService.setItemNumber.dwr HTTP/1.1" 200 77
116.235.216.75 - - [01/Apr/2021:09:15:08 +0800] "POST /xingrg/dwr/call/plaincall/AjaxCheckService.setItemNumber.dwr HTTP/1.1" 200 77
116.235.216.75 - - [01/Apr/2021:09:15:08 +0800] "POST /xingrg/dwr/call/plaincall/AjaxCheckService.setItemNumber.dwr HTTP/1.1" 200 77
116.235.216.75 - - [01/Apr/2021:09:15:09 +0800] "POST /xingrg/dwr/call/plaincall/AjaxCheckService.setItemNumber.dwr HTTP/1.1" 200 77
116.224.253.72 - - [01/Apr/2021:09:15:10 +0800] "POST /xingrg/dwr/call/plaincall/AjaxCheckService.setItemNumber.dwr HTTP/1.1" 200 77
116.235.216.75 - - [01/Apr/2021:09:15:10 +0800] "POST /xingrg/dwr/call/plaincall/AjaxCheckService.setItemNumber.dwr HTTP/1.1" 200 77
116.235.216.75 - - [01/Apr/2021:09:15:11 +0800] "POST /xingrg/dwr/call/plaincall/AjaxCheckService.setItemNumber.dwr HTTP/1.1" 200 77
116.235.216.75 - - [01/Apr/2021:09:15:11 +0800] "POST /xingrg/dwr/call/plaincall/AjaxCheckService.setItemNumber.dwr HTTP/1.1" 200 77
180.152.227.142 - - [01/Apr/2021:09:15:12 +0800] "GET /xingrg/all/function/internal_message.html?_=1617239982556&CODE_STATE=getMsg HTTP/1.1" 200 27
116.235.216.75 - - [01/Apr/2021:09:15:12 +0800] "POST /xingrg/dwr/call/plaincall/AjaxCheckService.setItemNumber.dwr HTTP/1.1" 200 77
116.235.216.75 - - [01/Apr/2021:09:15:14 +0800] "POST /xingrg/dwr/call/plaincall/AjaxCheckService.setItemNumber.dwr HTTP/1.1" 200 77
116.224.253.72 - - [01/Apr/2021:09:15:15 +0800] "POST /xingrg/dwr/call/plaincall/AjaxCheckService.setItemNumber.dwr HTTP/1.1" 200 77
116.235.216.75 - - [01/Apr/2021:09:15:16 +0800] "POST /xingrg/dwr/call/plaincall/AjaxCheckService.setItemNumber.dwr HTTP/1.1" 200 77
116.235.216.75 - - [01/Apr/2021:09:15:16 +0800] "POST /xingrg/dwr/call/plaincall/AjaxCheckService.setItemNumber.dwr HTTP/1.1" 200 77
116.235.216.75 - - [01/Apr/2021:09:15:17 +0800] "POST /xingrg/dwr/call/plaincall/AjaxCheckService.setItemNumber.dwr HTTP/1.1" 200 77
116.235.216.75 - - [01/Apr/2021:09:15:18 +0800] "POST /xingrg/dwr/call/plaincall/AjaxCheckService.setItemNumber.dwr HTTP/1.1" 200 77
116.235.216.75 - - [01/Apr/2021:09:15:19 +0800] "POST /xingrg/dwr/call/plaincall/AjaxCheckService.setItemNumber.dwr HTTP/1.1" 200 77
116.235.216.75 - - [01/Apr/2021:09:15:19 +0800] "POST /xingrg/dwr/call/plaincall/AjaxCheckService.setItemNumber.dwr HTTP/1.1" 200 77
222.70.217.33 - - [01/Apr/2021:09:15:20 +0800] "GET /xingrg/all/function/internal_message.html?_=1617239718927&CODE_STATE=getMsg HTTP/1.1" 200 27
116.224.253.72 - - [01/Apr/2021:09:15:20 +0800] "POST /xingrg/dwr/call/plaincall/AjaxCheckService.setItemNumber.dwr HTTP/1.1" 200 77
114.88.156.246 - - [01/Apr/2021:09:15:20 +0800] "GET /xingrg/all/function/internal_message.html?_=1617239721422&CODE_STATE=getMsg HTTP/1.1" 200 27
116.235.216.75 - - [01/Apr/2021:09:15:20 +0800] "POST /xingrg/dwr/call/plaincall/AjaxCheckService.setItemNumber.dwr HTTP/1.1" 200 77
116.235.216.75 - - [01/Apr/2021:09:15:21 +0800] "POST /xingrg/dwr/call/plaincall/AjaxCheckService.setItemNumber.dwr HTTP/1.1" 200 77
116.235.216.75 - - [01/Apr/2021:09:15:22 +0800] "POST /xingrg/dwr/call/plaincall/AjaxCheckService.setItemNumber.dwr HTTP/1.1" 200 77
116.235.216.75 - - [01/Apr/2021:09:15:22 +0800] "POST /xingrg/dwr/call/plaincall/AjaxCheckService.setItemNumber.dwr HTTP/1.1" 200 77
116.235.216.75 - - [01/Apr/2021:09:15:23 +0800] "POST /xingrg/dwr/call/plaincall/AjaxCheckService.setItemNumber.dwr HTTP/1.1" 200 77
116.235.216.75 - - [01/Apr/2021:09:15:24 +0800] "POST /xingrg/dwr/call/plaincall/AjaxCheckService.setItemNumber.dwr HTTP/1.1" 200 77
116.224.253.72 - - [01/Apr/2021:09:15:24 +0800] "POST /xingrg/dwr/call/plaincall/AjaxCheckService.setItemNumber.dwr HTTP/1.1" 200 77
116.235.216.75 - - [01/Apr/2021:09:15:24 +0800] "POST /xingrg/dwr/call/plaincall/AjaxCheckService.setItemNumber.dwr HTTP/1.1" 200 77
116.235.216.75 - - [01/Apr/2021:09:15:25 +0800] "POST /xingrg/dwr/call/plaincall/AjaxCheckService.setItemNumber.dwr HTTP/1.1" 200 77
116.235.216.75 - - [01/Apr/2021:09:15:26 +0800] "POST /xingrg/dwr/call/plaincall/AjaxCheckService.setItemNumber.dwr HTTP/1.1" 200 77
116.235.216.75 - - [01/Apr/2021:09:15:27 +0800] "POST /xingrg/dwr/call/plaincall/AjaxCheckService.setItemNumber.dwr HTTP/1.1" 200 77
116.224.253.72 - - [01/Apr/2021:09:15:27 +0800] "POST /xingrg/dwr/call/plaincall/AjaxCheckService.setItemNumber.dwr HTTP/1.1" 200 77
116.235.216.75 - - [01/Apr/2021:09:15:27 +0800] "POST /xingrg/dwr/call/plaincall/AjaxCheckService.setItemNumber.dwr HTTP/1.1" 200 77
117.131.5.26 - - [01/Apr/2021:09:15:27 +0800] "GET /xingrg/all/function/internal_message.html?_=1617239803028&CODE_STATE=getMsg HTTP/1.1" 200 27
116.235.216.75 - - [01/Apr/2021:09:15:28 +0800] "POST /xingrg/dwr/call/plaincall/AjaxCheckService.setItemNumber.dwr HTTP/1.1" 200 77
116.224.253.72 - - [01/Apr/2021:09:15:28 +0800] "GET /xingrg/check_reg.html?_=1617239730578 HTTP/1.1" 200 22
116.224.253.72 - - [01/Apr/2021:09:15:28 +0800] "GET /xingrg/all/function/internal_message.html?_=1617239730579&CODE_STATE=getMsg HTTP/1.1" 200 27
116.235.216.75 - - [01/Apr/2021:09:15:29 +0800] "POST /xingrg/dwr/call/plaincall/AjaxCheckService.setItemNumber.dwr HTTP/1.1" 200 77
116.224.253.72 - - [01/Apr/2021:09:15:29 +0800] "GET /xingrg/all/function/internal_message.html?_=1617239732667&CODE_STATE=getMsg HTTP/1.1" 200 27
116.235.216.75 - - [01/Apr/2021:09:15:29 +0800] "POST /xingrg/dwr/call/plaincall/AjaxCheckService.setItemNumber.dwr HTTP/1.1" 200 77
116.235.216.75 - - [01/Apr/2021:09:15:30 +0800] "POST /xingrg/dwr/call/plaincall/AjaxCheckService.setItemNumber.dwr HTTP/1.1" 200 77
116.224.253.72 - - [01/Apr/2021:09:15:30 +0800] "POST /xingrg/all/user/operate.html HTTP/1.1" 200 36
116.235.216.75 - - [01/Apr/2021:09:15:31 +0800] "POST /xingrg/dwr/call/plaincall/AjaxCheckService.setItemNumber.dwr HTTP/1.1" 200 77
116.224.253.72 - - [01/Apr/2021:09:15:31 +0800] "GET /xingrg/javascript/jquery_easy_ui/themes/default/easyui.css HTTP/1.1" 304 -
116.224.253.72 - - [01/Apr/2021:09:15:31 +0800] "GET /xingrg/index.html?sysBaseUrl=http%3A%2F%2F180.169.147.146%3A18081%2Fxingrg%2F&costTime=40×tamp=1617237090249 HTTP/1.1" 200 17179
116.224.253.72 - - [01/Apr/2021:09:15:31 +0800] "GET /xingrg/javascript/jquery_easy_ui/themes/icon.css HTTP/1.1" 304 -
116.224.253.72 - - [01/Apr/2021:09:15:31 +0800] "GET /xingrg/css/form.css HTTP/1.1" 304 -
116.224.253.72 - - [01/Apr/2021:09:15:31 +0800] "GET /xingrg/javascript/jquery-1.4.2.min.js HTTP/1.1" 304 -
116.224.253.72 - - [01/Apr/2021:09:15:31 +0800] "GET /xingrg/javascript/jquery_easy_ui/jquery.easyui.min.js HTTP/1.1" 304 -
116.224.253.72 - - [01/Apr/2021:09:15:31 +0800] "GET /xingrg/javascript/jquery_easy_ui/easyui-lang-zh_CN.js HTTP/1.1" 304 -
116.224.253.72 - - [01/Apr/2021:09:15:31 +0800] "GET /xingrg/javascript/jquery.form.js HTTP/1.1" 304 -
116.224.253.72 - - [01/Apr/2021:09:15:31 +0800] "GET /xingrg/javascript/jquery.utils.js HTTP/1.1" 304 -
116.224.253.72 - - [01/Apr/2021:09:15:31 +0800] "GET /xingrg/javascript/jquery.timers.js HTTP/1.1" 304 -
116.224.253.72 - - [01/Apr/2021:09:15:31 +0800] "GET /xingrg/images/blue/jxLogo.png HTTP/1.1" 304 -
116.224.253.72 - - [01/Apr/2021:09:15:31 +0800] "GET /xingrg/images/blue/navBackgound.jpg HTTP/1.1" 304 -
116.224.253.72 - - [01/Apr/2021:09:15:31 +0800] "GET /xingrg/javascript/jquery_easy_ui/themes/icons/settle_new.png HTTP/1.1" 304 -
116.224.253.72 - - [01/Apr/2021:09:15:31 +0800] "POST /xingrg/all/common/load_tree.html?tree=area_rest_tree_json&manage=1 HTTP/1.1" 200 476
116.224.253.72 - - [01/Apr/2021:09:15:31 +0800] "GET /xingrg/all/function/internal_message.html?_=1617239733689&CODE_STATE=count HTTP/1.1" 200 11
116.224.253.72 - - [01/Apr/2021:09:15:31 +0800] "GET /xingrg/check_reg.html?_=1617239733690 HTTP/1.1" 200 22
116.224.253.72 - - [01/Apr/2021:09:15:31 +0800] "GET /xingrg/javascript/jquery_easy_ui/themes/default/images/tabs_leftarrow.png HTTP/1.1" 304 -
116.224.253.72 - - [01/Apr/2021:09:15:31 +0800] "GET /xingrg/javascript/jquery_easy_ui/themes/default/images/tabs_rightarrow.png HTTP/1.1" 304 -
116.224.253.72 - - [01/Apr/2021:09:15:31 +0800] "GET /xingrg/javascript/jquery_easy_ui/themes/default/images/panel_tool_collapse.gif HTTP/1.1" 304 -
116.224.253.72 - - [01/Apr/2021:09:15:31 +0800] "GET /xingrg/images/blue/pingpu.png HTTP/1.1" 304 -
116.224.253.72 - - [01/Apr/2021:09:15:31 +0800] "POST /xingrg/load_menu.html HTTP/1.1" 200 5138
116.235.216.75 - - [01/Apr/2021:09:15:31 +0800] "POST /xingrg/dwr/call/plaincall/AjaxCheckService.setItemNumber.dwr HTTP/1.1" 200 77
116.224.253.72 - - [01/Apr/2021:09:15:32 +0800] "POST /xingrg/dwr/call/plaincall/AjaxCheckService.setItemNumber.dwr HTTP/1.1" 200 77
116.235.216.75 - - [01/Apr/2021:09:15:32 +0800] "POST /xingrg/dwr/call/plaincall/AjaxCheckService.setItemNumber.dwr HTTP/1.1" 200 77
116.224.253.72 - - [01/Apr/2021:09:15:32 +0800] "GET /xingrg/kc/report/report_main.html HTTP/1.1" 200 7345
116.235.216.75 - - [01/Apr/2021:09:15:33 +0800] "POST /xingrg/dwr/call/plaincall/AjaxCheckService.setItemNumber.dwr HTTP/1.1" 200 77
116.224.253.72 - - [01/Apr/2021:09:15:33 +0800] "GET /xingrg/all/report/report_query.html?fileName=kc/buy/gys_amount.xml&rh=99999 HTTP/1.1" 200 52006
116.224.253.72 - - [01/Apr/2021:09:15:33 +0800] "GET /xingrg/dwr/interface/AjaxReportQueryService.js HTTP/1.1" 200 13203
116.235.216.75 - - [01/Apr/2021:09:15:33 +0800] "POST /xingrg/dwr/call/plaincall/AjaxCheckService.setItemNumber.dwr HTTP/1.1" 200 77
116.224.253.72 - - [01/Apr/2021:09:15:33 +0800] "GET /xingrg/dwr/engine.js HTTP/1.1" 200 43631
116.224.253.72 - - [01/Apr/2021:09:15:34 +0800] "POST /xingrg/dwr/call/plaincall/AjaxReportQueryService.getFixDate.dwr HTTP/1.1" 200 111
116.224.253.72 - - [01/Apr/2021:09:15:34 +0800] "POST /xingrg/all/common/load_tree.html?tree=supplier_tree_json&manage=1 HTTP/1.1" 200 55684
101.228.165.174 - - [01/Apr/2021:09:15:34 +0800] "GET /xingrg/all/function/internal_message.html?_=1617239748768&CODE_STATE=getMsg HTTP/1.1" 200 27
116.224.253.72 - - [01/Apr/2021:09:15:35 +0800] "POST /xingrg/all/common/load_tree.html?tree=materiel_sort_tree_json HTTP/1.1" 200 8666
116.224.253.72 - - [01/Apr/2021:09:15:36 +0800] "POST /xingrg/dwr/call/plaincall/AjaxReportQueryService.getInitString.dwr HTTP/1.1" 200 1482
116.235.216.75 - - [01/Apr/2021:09:15:36 +0800] "POST /xingrg/dwr/call/plaincall/AjaxCheckService.setItemNumber.dwr HTTP/1.1" 200 77
116.224.253.72 - - [01/Apr/2021:09:15:38 +0800] "POST /xingrg/dwr/call/plaincall/AjaxCheckService.setItemNumber.dwr HTTP/1.1" 200 77
116.235.216.75 - - [01/Apr/2021:09:15:39 +0800] "POST /xingrg/dwr/call/plaincall/AjaxCheckService.setItemNumber.dwr HTTP/1.1" 200 77
116.235.216.75 - - [01/Apr/2021:09:15:40 +0800] "POST /xingrg/dwr/call/plaincall/AjaxCheckService.setItemNumber.dwr HTTP/1.1" 200 77
116.235.216.75 - - [01/Apr/2021:09:15:41 +0800] "POST /xingrg/dwr/call/plaincall/AjaxCheckService.setItemNumber.dwr HTTP/1.1" 200 77
116.235.216.75 - - [01/Apr/2021:09:15:41 +0800] "POST /xingrg/dwr/call/plaincall/AjaxCheckService.setItemNumber.dwr HTTP/1.1" 200 77
116.235.216.75 - - [01/Apr/2021:09:15:42 +0800] "POST /xingrg/dwr/call/plaincall/AjaxCheckService.setItemNumber.dwr HTTP/1.1" 200 77
116.224.253.72 - - [01/Apr/2021:09:15:43 +0800] "POST /xingrg/dwr/call/plaincall/AjaxReportQueryService.refreshCache.dwr HTTP/1.1" 200 78
116.235.216.75 - - [01/Apr/2021:09:15:43 +0800] "POST /xingrg/dwr/call/plaincall/AjaxCheckService.setItemNumber.dwr HTTP/1.1" 200 77
116.224.253.72 - - [01/Apr/2021:09:15:44 +0800] "POST /xingrg/dwr/call/plaincall/AjaxCheckService.setItemNumber.dwr HTTP/1.1" 200 77
116.235.216.75 - - [01/Apr/2021:09:15:44 +0800] "POST /xingrg/dwr/call/plaincall/AjaxCheckService.setItemNumber.dwr HTTP/1.1" 200 77
116.224.253.72 - - [01/Apr/2021:09:15:44 +0800] "POST /xingrg/all/report/load_report_page.html HTTP/1.1" 200 144933
116.224.253.72 - - [01/Apr/2021:09:15:45 +0800] "GET /xingrg/servlets/image?cache=0.46806757112214104&image=px HTTP/1.1" 200 807
116.235.216.75 - - [01/Apr/2021:09:15:45 +0800] "POST /xingrg/dwr/call/plaincall/AjaxCheckService.setItemNumber.dwr HTTP/1.1" 200 77
114.88.156.246 - - [01/Apr/2021:09:15:45 +0800] "GET /xingrg/all/function/internal_message.html?_=1617239750199&CODE_STATE=getMsg HTTP/1.1" 200 27
116.235.216.75 - - [01/Apr/2021:09:15:46 +0800] "POST /xingrg/dwr/call/plaincall/AjaxCheckService.setItemNumber.dwr HTTP/1.1" 200 77
116.235.216.75 - - [01/Apr/2021:09:15:46 +0800] "POST /xingrg/dwr/call/plaincall/AjaxCheckService.setItemNumber.dwr HTTP/1.1" 200 77
116.224.253.72 - - [01/Apr/2021:09:15:47 +0800] "GET /xingrg/all/report/report_query.html?isQuery=1&fileName=kc/buy/wlcg_cate_hz.xml&queryString=(CONVERT(char(10)%252Ca.order_time%252C%2520120)%253E%253D'2021-03-01')%2520and%2520(CONVERT(char(10)%252Ca.order_time%252C%2520120)%253C%253D'2021-03-31')%2520and%2520(a.number%253E0%2520and%2520a.supplier_code%253D'00100017')&queryText=%25E3%2580%2590%25E9%2587%2587%25E8%25B4%25AD%25E6%2597%25A5%25E6%259C%259F%253A2021-03-01%2520%25E8%2587%25B3%25202021-03-31%25E3%2580%2591%2520%25E5%25B9%25B6%25E4%25B8%2594%2520%25E3%2580%2590%25E4%25BE%259B%25E5%25BA%2594%25E5%2595%2586%253D%25E9%2585%2592%25E6%25B0%25B4%25EF%25BC%2588%25E9%25BE%2599%25E5%25B7%259D%25EF%25BC%2589%25E3%2580%2591 HTTP/1.1" 200 54370
116.224.253.72 - - [01/Apr/2021:09:15:47 +0800] "GET /xingrg/dwr/interface/AjaxReportQueryService.js HTTP/1.1" 200 13203
116.224.253.72 - - [01/Apr/2021:09:15:47 +0800] "GET /xingrg/dwr/engine.js HTTP/1.1" 200 43631
116.235.216.75 - - [01/Apr/2021:09:15:47 +0800] "POST /xingrg/dwr/call/plaincall/AjaxCheckService.setItemNumber.dwr HTTP/1.1" 200 77
116.235.216.75 - - [01/Apr/2021:09:15:48 +0800] "POST /xingrg/dwr/call/plaincall/AjaxCheckService.setItemNumber.dwr HTTP/1.1" 200 77
116.235.216.75 - - [01/Apr/2021:09:15:48 +0800] "POST /xingrg/dwr/call/plaincall/AjaxCheckService.setItemNumber.dwr HTTP/1.1" 200 77
116.224.253.72 - - [01/Apr/2021:09:15:49 +0800] "POST /xingrg/all/report/load_report_page.html HTTP/1.1" 200 8716
116.224.253.72 - - [01/Apr/2021:09:15:49 +0800] "GET /xingrg/servlets/image?cache=0.8727566326963029&image=px HTTP/1.1" 200 807
61.165.42.208 - - [01/Apr/2021:09:15:49 +0800] "GET /xingrg/all/function/internal_message.html?_=1617239754107&CODE_STATE=getMsg HTTP/1.1" 200 27
116.235.216.75 - - [01/Apr/2021:09:15:49 +0800] "POST /xingrg/dwr/call/plaincall/AjaxCheckService.setItemNumber.dwr HTTP/1.1" 200 77
116.235.216.75 - - [01/Apr/2021:09:15:50 +0800] "POST /xingrg/dwr/call/plaincall/AjaxCheckService.setItemNumber.dwr HTTP/1.1" 200 77
116.224.253.72 - - [01/Apr/2021:09:15:50 +0800] "POST /xingrg/all/report/load_report_page.html HTTP/1.1" 200 60873
116.224.253.72 - - [01/Apr/2021:09:15:50 +0800] "GET /xingrg/servlets/image?cache=0.6801424396733806&image=px HTTP/1.1" 200 807
116.235.216.75 - - [01/Apr/2021:09:15:50 +0800] "POST /xingrg/dwr/call/plaincall/AjaxCheckService.setItemNumber.dwr HTTP/1.1" 200 77
116.235.216.75 - - [01/Apr/2021:09:15:51 +0800] "POST /xingrg/dwr/call/plaincall/AjaxCheckService.setItemNumber.dwr HTTP/1.1" 200 77
114.86.187.76 - - [01/Apr/2021:09:15:51 +0800] "GET /xingrg/check_reg.html?_=1617239760533 HTTP/1.1" 200 22
116.224.253.72 - - [01/Apr/2021:09:15:52 +0800] "POST /xingrg/dwr/call/plaincall/AjaxCheckService.setItemNumber.dwr HTTP/1.1" 200 77
