116.235.216.75 - - [01/Apr/2021:09:08:44 +0800] "POST /xingrg/kc/buy/cgsh_order_operate.html HTTP/1.1" 200 37
222.70.158.20 - - [01/Apr/2021:09:08:44 +0800] "POST /xingrg/dwr/call/plaincall/AjaxCheckService.setItemNumber.dwr HTTP/1.1" 200 78
114.86.187.76 - - [01/Apr/2021:09:08:45 +0800] "GET /xingrg/kc/buy/cgsh_order_operate.html?command=get_materiel&rest_code=00148&code=00101009004&supplier_code=00100007&order_time=2021-04-01 HTTP/1.1" 200 409
114.88.156.246 - - [01/Apr/2021:09:08:45 +0800] "GET /xingrg/check_reg.html?_=1617239330186 HTTP/1.1" 200 22
114.88.156.246 - - [01/Apr/2021:09:08:45 +0800] "GET /xingrg/all/function/internal_message.html?_=1617239330188&CODE_STATE=getMsg HTTP/1.1" 200 27
116.235.216.75 - - [01/Apr/2021:09:08:48 +0800] "POST /xingrg/kc/buy/cgsh_order_operate.html HTTP/1.1" 200 31650
61.165.42.208 - - [01/Apr/2021:09:08:49 +0800] "GET /xingrg/check_reg.html?_=1617239334161 HTTP/1.1" 200 22
61.165.42.208 - - [01/Apr/2021:09:08:49 +0800] "GET /xingrg/all/function/internal_message.html?_=1617239334221&CODE_STATE=getMsg HTTP/1.1" 200 27
114.86.187.76 - - [01/Apr/2021:09:08:52 +0800] "GET /xingrg/all/function/internal_message.html?_=1617239340841&CODE_STATE=getMsg HTTP/1.1" 200 27
222.70.158.20 - - [01/Apr/2021:09:08:52 +0800] "GET /xingrg/all/function/internal_message.html?_=1617239332748&CODE_STATE=getMsg HTTP/1.1" 200 27
114.86.187.76 - - [01/Apr/2021:09:08:52 +0800] "GET /xingrg/kc/buy/cgsh_order_operate.html?command=get_materiel&rest_code=00148&code=00101009004&supplier_code=00100007&order_time=2021-04-01 HTTP/1.1" 200 409
61.165.42.208 - - [01/Apr/2021:09:08:58 +0800] "GET /xingrg/kc/buy/cgsh_order_add.html HTTP/1.1" 200 62198
61.165.42.208 - - [01/Apr/2021:09:08:58 +0800] "POST /xingrg/kc/buy/cgsh_order_operate.html HTTP/1.1" 200 8245
61.165.42.208 - - [01/Apr/2021:09:08:58 +0800] "GET /xingrg/javascript/easyui/themes/default/validatebox.css HTTP/1.1" 404 1104
116.233.78.130 - - [01/Apr/2021:09:08:59 +0800] "GET /xingrg/all/function/internal_message.html?_=1617239348427&CODE_STATE=getMsg HTTP/1.1" 200 27
114.86.187.76 - - [01/Apr/2021:09:09:00 +0800] "GET /xingrg/kc/buy/cgsh_order_operate.html?command=get_materiel&rest_code=00148&code=00101008261&supplier_code=00100007&order_time=2021-04-01 HTTP/1.1" 200 408
116.235.216.75 - - [01/Apr/2021:09:09:01 +0800] "GET /xingrg/all/function/internal_message.html?_=1617239339643&CODE_STATE=getMsg HTTP/1.1" 200 27
101.228.165.174 - - [01/Apr/2021:09:09:03 +0800] "GET /xingrg/check_reg.html?_=1617239357851 HTTP/1.1" 200 22
114.86.187.76 - - [01/Apr/2021:09:09:04 +0800] "POST /xingrg/kc/buy/cgsh_order_operate.html HTTP/1.1" 200 2065
116.235.216.75 - - [01/Apr/2021:09:09:06 +0800] "POST /xingrg/kc/buy/cgsh_order_operate.html HTTP/1.1" 200 37
180.152.227.142 - - [01/Apr/2021:09:09:06 +0800] "GET /xingrg/check_reg.html?_=1617239616829 HTTP/1.1" 200 22
116.224.253.72 - - [01/Apr/2021:09:09:06 +0800] "GET /xingrg/all/function/internal_message.html?_=1617239348984&CODE_STATE=getMsg HTTP/1.1" 200 27
61.165.42.208 - - [01/Apr/2021:09:09:06 +0800] "GET /xingrg/kc/buy/cgsh_order_operate.html?command=get_materiel&rest_code=00105&code=00101002027&supplier_code=00100397&order_time=2021-04-01 HTTP/1.1" 200 413
116.235.216.75 - - [01/Apr/2021:09:09:08 +0800] "POST /xingrg/kc/buy/cgsh_order_operate.html HTTP/1.1" 200 31650
114.86.187.76 - - [01/Apr/2021:09:09:08 +0800] "GET /xingrg/kc/buy/cgsh_order_operate.html?command=get_materiel&rest_code=00148&code=00101008331&supplier_code=00100007&order_time=2021-04-01 HTTP/1.1" 200 416
116.235.216.75 - - [01/Apr/2021:09:09:10 +0800] "GET /xingrg/kc/print/load_config.html?kc_code=cgsh HTTP/1.1" 200 1845
116.235.216.75 - - [01/Apr/2021:09:09:10 +0800] "GET /xingrg/kc/print/load_data.html?order_code=212021040100014&kc_code=cgsh&condition= HTTP/1.1" 200 11653
180.152.227.142 - - [01/Apr/2021:09:09:11 +0800] "GET /xingrg/all/function/internal_message.html?_=1617239622109&CODE_STATE=getMsg HTTP/1.1" 200 27
114.86.187.76 - - [01/Apr/2021:09:09:14 +0800] "GET /xingrg/kc/buy/cgsh_order_operate.html?command=get_materiel&rest_code=00148&code=00101008087&supplier_code=00100007&order_time=2021-04-01 HTTP/1.1" 200 412
222.70.217.33 - - [01/Apr/2021:09:09:16 +0800] "GET /xingrg/kc/buy/cgsh_order_list.html HTTP/1.1" 200 46419
222.70.158.20 - - [01/Apr/2021:09:09:16 +0800] "POST /xingrg/dwr/call/plaincall/AjaxCheckService.setItemNumber.dwr HTTP/1.1" 200 78
116.233.78.130 - - [01/Apr/2021:09:09:16 +0800] "GET /xingrg/kc/base/check_order_info.html?code=452021033100528 HTTP/1.1" 200 26486
116.233.78.130 - - [01/Apr/2021:09:09:16 +0800] "GET /xingrg/dwr/interface/AjaxCheckService.js HTTP/1.1" 200 14003
116.233.78.130 - - [01/Apr/2021:09:09:16 +0800] "GET /xingrg/dwr/interface/AjaxComOrderService.js HTTP/1.1" 200 18264
116.233.78.130 - - [01/Apr/2021:09:09:16 +0800] "GET /xingrg/dwr/engine.js HTTP/1.1" 200 43631
116.233.78.130 - - [01/Apr/2021:09:09:17 +0800] "POST /xingrg/dwr/call/plaincall/AjaxCheckService.loadOrderItems.dwr HTTP/1.1" 200 148951
222.70.158.20 - - [01/Apr/2021:09:09:18 +0800] "POST /xingrg/dwr/call/plaincall/AjaxCheckService.setItemNumber.dwr HTTP/1.1" 200 78
117.131.5.26 - - [01/Apr/2021:09:09:18 +0800] "POST /xingrg/dwr/call/plaincall/AjaxCheckService.setItemNumber.dwr HTTP/1.1" 200 77
222.70.158.20 - - [01/Apr/2021:09:09:19 +0800] "POST /xingrg/dwr/call/plaincall/AjaxCheckService.setItemNumber.dwr HTTP/1.1" 200 78
222.70.217.33 - - [01/Apr/2021:09:09:19 +0800] "POST /xingrg/kc/buy/cgsh_list_operate.html HTTP/1.1" 200 2409
116.224.253.72 - - [01/Apr/2021:09:09:19 +0800] "GET /xingrg/all/function/internal_message.html?_=1617239363334&CODE_STATE=getMsg HTTP/1.1" 200 27
222.70.158.20 - - [01/Apr/2021:09:09:20 +0800] "POST /xingrg/dwr/call/plaincall/AjaxCheckService.setItemNumber.dwr HTTP/1.1" 200 78
222.70.217.33 - - [01/Apr/2021:09:09:20 +0800] "GET /xingrg/all/function/internal_message.html?_=1617239358959&CODE_STATE=getMsg HTTP/1.1" 200 27
114.88.156.246 - - [01/Apr/2021:09:09:20 +0800] "GET /xingrg/all/function/internal_message.html?_=1617239361426&CODE_STATE=getMsg HTTP/1.1" 200 27
222.70.158.20 - - [01/Apr/2021:09:09:21 +0800] "POST /xingrg/dwr/call/plaincall/AjaxCheckService.setItemNumber.dwr HTTP/1.1" 200 78
114.86.187.76 - - [01/Apr/2021:09:09:21 +0800] "GET /xingrg/kc/buy/cgsh_order_operate.html?command=get_materiel&rest_code=00148&code=00101008372&supplier_code=00100007&order_time=2021-04-01 HTTP/1.1" 200 408
101.227.139.173 - - [01/Apr/2021:09:09:22 +0800] "GET /xingrg/all/function/internal_message.html?_=1617239301426&CODE_STATE=getMsg HTTP/1.1" 302 -
116.235.95.160 - - [01/Apr/2021:09:09:22 +0800] "POST /xingrg/dwr/call/plaincall/AjaxCheckService.setItemNumber.dwr HTTP/1.1" 200 77
222.70.158.20 - - [01/Apr/2021:09:09:22 +0800] "POST /xingrg/dwr/call/plaincall/AjaxCheckService.setItemNumber.dwr HTTP/1.1" 200 78
117.131.5.26 - - [01/Apr/2021:09:09:24 +0800] "POST /xingrg/dwr/call/plaincall/AjaxCheckService.setItemNumber.dwr HTTP/1.1" 200 77
222.70.158.20 - - [01/Apr/2021:09:09:24 +0800] "POST /xingrg/dwr/call/plaincall/AjaxCheckService.setItemNumber.dwr HTTP/1.1" 200 78
116.235.95.160 - - [01/Apr/2021:09:09:25 +0800] "POST /xingrg/dwr/call/plaincall/AjaxCheckService.setItemNumber.dwr HTTP/1.1" 200 77
101.227.139.173 - - [01/Apr/2021:09:09:25 +0800] "GET /xingrg/login.html HTTP/1.1" 200 7641
61.165.42.208 - - [01/Apr/2021:09:09:26 +0800] "GET /xingrg/kc/buy/cgsh_order_operate.html?command=get_materiel&rest_code=00105&code=00101001010&supplier_code=00100397&order_time=2021-04-01 HTTP/1.1" 200 409
117.131.5.26 - - [01/Apr/2021:09:09:27 +0800] "POST /xingrg/dwr/call/plaincall/AjaxCheckService.setItemNumber.dwr HTTP/1.1" 200 77
114.86.187.76 - - [01/Apr/2021:09:09:27 +0800] "GET /xingrg/kc/buy/cgsh_order_operate.html?command=get_materiel&rest_code=00148&code=00101008270&supplier_code=00100007&order_time=2021-04-01 HTTP/1.1" 200 412
116.235.95.160 - - [01/Apr/2021:09:09:27 +0800] "GET /xingrg/all/function/internal_message.html?_=1617239443033&CODE_STATE=getMsg HTTP/1.1" 200 27
117.131.5.26 - - [01/Apr/2021:09:09:28 +0800] "POST /xingrg/dwr/call/plaincall/AjaxCheckService.setItemNumber.dwr HTTP/1.1" 200 77
116.235.216.75 - - [01/Apr/2021:09:09:29 +0800] "GET /xingrg/kc/buy/cgsh_order_add.html HTTP/1.1" 200 62239
116.235.95.160 - - [01/Apr/2021:09:09:30 +0800] "POST /xingrg/dwr/call/plaincall/AjaxCheckService.setItemNumber.dwr HTTP/1.1" 200 77
116.235.216.75 - - [01/Apr/2021:09:09:30 +0800] "GET /xingrg/javascript/easyui/themes/default/validatebox.css HTTP/1.1" 404 1104
116.235.216.75 - - [01/Apr/2021:09:09:30 +0800] "POST /xingrg/kc/buy/cgsh_order_operate.html HTTP/1.1" 200 8245
222.70.158.20 - - [01/Apr/2021:09:09:31 +0800] "POST /xingrg/dwr/call/plaincall/AjaxCheckService.setItemNumber.dwr HTTP/1.1" 200 78
117.131.5.26 - - [01/Apr/2021:09:09:31 +0800] "POST /xingrg/dwr/call/plaincall/AjaxCheckService.setItemNumber.dwr HTTP/1.1" 200 77
116.224.253.72 - - [01/Apr/2021:09:09:31 +0800] "POST /xingrg/kc/buy/cgsh_order_operate.html HTTP/1.1" 200 37
116.235.216.75 - - [01/Apr/2021:09:09:32 +0800] "GET /xingrg/javascript/easyui/themes/default/tree.css HTTP/1.1" 404 1090
116.235.216.75 - - [01/Apr/2021:09:09:32 +0800] "POST /xingrg/all/common/load_tree.html?tree=supplier_tree_json&isDelete=1 HTTP/1.1" 200 54827
116.224.253.72 - - [01/Apr/2021:09:09:32 +0800] "POST /xingrg/kc/buy/cgsh_order_operate.html HTTP/1.1" 200 22195
222.70.158.20 - - [01/Apr/2021:09:09:32 +0800] "POST /xingrg/dwr/call/plaincall/AjaxCheckService.setItemNumber.dwr HTTP/1.1" 200 78
116.233.78.130 - - [01/Apr/2021:09:09:33 +0800] "GET /xingrg/kc/base/check_order_list.html?isBack=1 HTTP/1.1" 200 16511
116.233.78.130 - - [01/Apr/2021:09:09:33 +0800] "POST /xingrg/kc/base/check_list_operate.html HTTP/1.1" 200 4643
101.228.165.174 - - [01/Apr/2021:09:09:34 +0800] "GET /xingrg/all/function/internal_message.html?_=1617239388592&CODE_STATE=getMsg HTTP/1.1" 200 27
222.70.158.20 - - [01/Apr/2021:09:09:34 +0800] "POST /xingrg/dwr/call/plaincall/AjaxCheckService.setItemNumber.dwr HTTP/1.1" 200 78
114.86.187.76 - - [01/Apr/2021:09:09:35 +0800] "GET /xingrg/kc/buy/cgsh_order_operate.html?command=get_materiel&rest_code=00148&code=00101008283&supplier_code=00100007&order_time=2021-04-01 HTTP/1.1" 200 408
222.70.158.20 - - [01/Apr/2021:09:09:35 +0800] "POST /xingrg/dwr/call/plaincall/AjaxCheckService.setItemNumber.dwr HTTP/1.1" 200 78
116.233.78.130 - - [01/Apr/2021:09:09:36 +0800] "POST /xingrg/kc/base/check_list_operate.html HTTP/1.1" 200 5110
116.235.95.160 - - [01/Apr/2021:09:09:37 +0800] "POST /xingrg/dwr/call/plaincall/AjaxCheckService.setItemNumber.dwr HTTP/1.1" 200 77
222.70.158.20 - - [01/Apr/2021:09:09:37 +0800] "POST /xingrg/dwr/call/plaincall/AjaxCheckService.setItemNumber.dwr HTTP/1.1" 200 78
114.86.187.76 - - [01/Apr/2021:09:09:37 +0800] "POST /xingrg/kc/buy/cgsh_order_operate.html HTTP/1.1" 200 2065
61.165.42.208 - - [01/Apr/2021:09:09:38 +0800] "POST /xingrg/kc/buy/cgsh_order_operate.html HTTP/1.1" 200 37
117.131.5.26 - - [01/Apr/2021:09:09:38 +0800] "POST /xingrg/dwr/call/plaincall/AjaxCheckService.setItemNumber.dwr HTTP/1.1" 200 77
222.70.158.20 - - [01/Apr/2021:09:09:38 +0800] "POST /xingrg/dwr/call/plaincall/AjaxCheckService.setItemNumber.dwr HTTP/1.1" 200 78
114.86.187.76 - - [01/Apr/2021:09:09:38 +0800] "GET /xingrg/javascript/easyui/themes/default/images/button_plain_hover.png HTTP/1.1" 304 -
114.86.187.76 - - [01/Apr/2021:09:09:38 +0800] "GET /xingrg/javascript/easyui/themes/default/images/button_plain_hover.png HTTP/1.1" 304 -
61.165.42.208 - - [01/Apr/2021:09:09:39 +0800] "POST /xingrg/kc/buy/cgsh_order_operate.html HTTP/1.1" 200 3252
114.86.187.76 - - [01/Apr/2021:09:09:39 +0800] "GET /xingrg/javascript/easyui/themes/default/images/button_plain_hover.png HTTP/1.1" 304 -
116.235.95.160 - - [01/Apr/2021:09:09:39 +0800] "POST /xingrg/dwr/call/plaincall/AjaxCheckService.setItemNumber.dwr HTTP/1.1" 200 77
222.70.158.20 - - [01/Apr/2021:09:09:39 +0800] "POST /xingrg/dwr/call/plaincall/AjaxCheckService.setItemNumber.dwr HTTP/1.1" 200 78
61.165.42.208 - - [01/Apr/2021:09:09:40 +0800] "GET /xingrg/kc/print/load_data.html?order_code=212021040100015&kc_code=cgsh&condition= HTTP/1.1" 200 901
222.70.158.20 - - [01/Apr/2021:09:09:41 +0800] "POST /xingrg/dwr/call/plaincall/AjaxCheckService.setItemNumber.dwr HTTP/1.1" 200 78
114.86.187.76 - - [01/Apr/2021:09:09:41 +0800] "POST /xingrg/kc/buy/cgsh_order_operate.html HTTP/1.1" 200 37
116.233.78.130 - - [01/Apr/2021:09:09:41 +0800] "GET /xingrg/kc/base/check_order_info.html?code=452021033100525 HTTP/1.1" 200 26486
116.233.78.130 - - [01/Apr/2021:09:09:41 +0800] "GET /xingrg/dwr/interface/AjaxCheckService.js HTTP/1.1" 200 14003
116.233.78.130 - - [01/Apr/2021:09:09:41 +0800] "GET /xingrg/dwr/interface/AjaxComOrderService.js HTTP/1.1" 200 18264
116.233.78.130 - - [01/Apr/2021:09:09:41 +0800] "GET /xingrg/dwr/engine.js HTTP/1.1" 200 43631
116.233.78.130 - - [01/Apr/2021:09:09:42 +0800] "POST /xingrg/dwr/call/plaincall/AjaxCheckService.loadOrderItems.dwr HTTP/1.1" 200 58710
222.70.158.20 - - [01/Apr/2021:09:09:42 +0800] "POST /xingrg/dwr/call/plaincall/AjaxCheckService.setItemNumber.dwr HTTP/1.1" 200 78
117.131.5.26 - - [01/Apr/2021:09:09:42 +0800] "POST /xingrg/dwr/call/plaincall/AjaxCheckService.setItemNumber.dwr HTTP/1.1" 200 77
114.86.187.76 - - [01/Apr/2021:09:09:42 +0800] "POST /xingrg/kc/buy/cgsh_order_operate.html HTTP/1.1" 200 22150
116.224.253.72 - - [01/Apr/2021:09:09:43 +0800] "GET /xingrg/kc/buy/cgsh_order_add.html HTTP/1.1" 200 62075
222.70.158.20 - - [01/Apr/2021:09:09:43 +0800] "POST /xingrg/dwr/call/plaincall/AjaxCheckService.setItemNumber.dwr HTTP/1.1" 200 78
61.165.42.208 - - [01/Apr/2021:09:09:43 +0800] "GET /xingrg/kc/buy/cgsh_order_add.html HTTP/1.1" 200 62198
116.224.253.72 - - [01/Apr/2021:09:09:43 +0800] "POST /xingrg/kc/buy/cgsh_order_operate.html HTTP/1.1" 200 8245
116.224.253.72 - - [01/Apr/2021:09:09:43 +0800] "GET /xingrg/javascript/easyui/themes/default/validatebox.css HTTP/1.1" 404 1104
61.165.42.208 - - [01/Apr/2021:09:09:44 +0800] "POST /xingrg/kc/buy/cgsh_order_operate.html HTTP/1.1" 200 8245
61.165.42.208 - - [01/Apr/2021:09:09:44 +0800] "GET /xingrg/javascript/easyui/themes/default/validatebox.css HTTP/1.1" 404 1104
222.70.158.20 - - [01/Apr/2021:09:09:45 +0800] "POST /xingrg/dwr/call/plaincall/AjaxCheckService.setItemNumber.dwr HTTP/1.1" 200 78
116.235.95.160 - - [01/Apr/2021:09:09:45 +0800] "POST /xingrg/dwr/call/plaincall/AjaxCheckService.setItemNumber.dwr HTTP/1.1" 200 77
114.88.156.246 - - [01/Apr/2021:09:09:45 +0800] "GET /xingrg/all/function/internal_message.html?_=1617239390183&CODE_STATE=getMsg HTTP/1.1" 200 27
222.70.158.20 - - [01/Apr/2021:09:09:46 +0800] "POST /xingrg/dwr/call/plaincall/AjaxCheckService.setItemNumber.dwr HTTP/1.1" 200 78
222.70.158.20 - - [01/Apr/2021:09:09:47 +0800] "POST /xingrg/dwr/call/plaincall/AjaxCheckService.setItemNumber.dwr HTTP/1.1" 200 78
61.165.42.208 - - [01/Apr/2021:09:09:49 +0800] "GET /xingrg/all/function/internal_message.html?_=1617239394199&CODE_STATE=getMsg HTTP/1.1" 200 27
222.70.158.20 - - [01/Apr/2021:09:09:49 +0800] "POST /xingrg/dwr/call/plaincall/AjaxCheckService.setItemNumber.dwr HTTP/1.1" 200 78
58.40.7.146 - - [01/Apr/2021:09:09:50 +0800] "GET /xingrg/check_reg.html?_=1617239391336 HTTP/1.1" 302 -
117.131.5.26 - - [01/Apr/2021:09:09:50 +0800] "POST /xingrg/dwr/call/plaincall/AjaxCheckService.setItemNumber.dwr HTTP/1.1" 200 77
222.70.158.20 - - [01/Apr/2021:09:09:51 +0800] "POST /xingrg/dwr/call/plaincall/AjaxCheckService.setItemNumber.dwr HTTP/1.1" 200 78
116.224.253.72 - - [01/Apr/2021:09:09:51 +0800] "GET /xingrg/kc/buy/cgsh_order_operate.html?command=get_materiel&rest_code=00150&code=00101009062&supplier_code=00100424&order_time=2021-04-01 HTTP/1.1" 200 412
116.235.216.75 - - [01/Apr/2021:09:09:51 +0800] "GET /xingrg/kc/buy/cgsh_order_operate.html?command=get_materiel&rest_code=00107&code=00101006065&supplier_code=00100010&order_time=2021-04-01 HTTP/1.1" 200 409
114.86.187.76 - - [01/Apr/2021:09:09:52 +0800] "GET /xingrg/all/function/internal_message.html?_=1617239400856&CODE_STATE=getMsg HTTP/1.1" 200 27
222.70.158.20 - - [01/Apr/2021:09:09:52 +0800] "GET /xingrg/all/function/internal_message.html?_=1617239392760&CODE_STATE=getMsg HTTP/1.1" 200 27
222.70.158.20 - - [01/Apr/2021:09:09:52 +0800] "POST /xingrg/dwr/call/plaincall/AjaxCheckService.setItemNumber.dwr HTTP/1.1" 200 78
116.235.95.160 - - [01/Apr/2021:09:09:53 +0800] "POST /xingrg/dwr/call/plaincall/AjaxCheckService.setItemNumber.dwr HTTP/1.1" 200 77
222.70.158.20 - - [01/Apr/2021:09:09:53 +0800] "POST /xingrg/dwr/call/plaincall/AjaxCheckService.setItemNumber.dwr HTTP/1.1" 200 78
222.70.158.20 - - [01/Apr/2021:09:09:55 +0800] "POST /xingrg/dwr/call/plaincall/AjaxCheckService.setItemNumber.dwr HTTP/1.1" 200 78
222.70.158.20 - - [01/Apr/2021:09:09:56 +0800] "POST /xingrg/dwr/call/plaincall/AjaxCheckService.setItemNumber.dwr HTTP/1.1" 200 78
61.165.42.208 - - [01/Apr/2021:09:09:58 +0800] "GET /xingrg/kc/buy/cgsh_order_operate.html?command=get_materiel&rest_code=00105&code=00101016030&supplier_code=00100034&order_time=2021-04-01 HTTP/1.1" 200 412
116.233.78.130 - - [01/Apr/2021:09:09:58 +0800] "POST /xingrg/dwr/call/plaincall/AjaxCheckService.setItemNumber.dwr HTTP/1.1" 200 76
222.70.158.20 - - [01/Apr/2021:09:09:58 +0800] "POST /xingrg/dwr/call/plaincall/AjaxCheckService.setItemNumber.dwr HTTP/1.1" 200 78
116.233.78.130 - - [01/Apr/2021:09:09:59 +0800] "POST /xingrg/dwr/call/plaincall/AjaxCheckService.setItemNumber.dwr HTTP/1.1" 200 76
116.233.78.130 - - [01/Apr/2021:09:09:59 +0800] "POST /xingrg/dwr/call/plaincall/AjaxCheckService.setItemNumber.dwr HTTP/1.1" 200 76
116.233.78.130 - - [01/Apr/2021:09:09:59 +0800] "GET /xingrg/all/function/internal_message.html?_=1617239408406&CODE_STATE=getMsg HTTP/1.1" 200 27
116.233.78.130 - - [01/Apr/2021:09:09:59 +0800] "POST /xingrg/dwr/call/plaincall/AjaxCheckService.setItemNumber.dwr HTTP/1.1" 200 76
222.70.158.20 - - [01/Apr/2021:09:10:00 +0800] "POST /xingrg/dwr/call/plaincall/AjaxCheckService.setItemNumber.dwr HTTP/1.1" 200 78
116.235.216.75 - - [01/Apr/2021:09:10:01 +0800] "GET /xingrg/all/function/internal_message.html?_=1617239399610&CODE_STATE=getMsg HTTP/1.1" 200 27
222.70.158.20 - - [01/Apr/2021:09:10:01 +0800] "POST /xingrg/dwr/call/plaincall/AjaxCheckService.setItemNumber.dwr HTTP/1.1" 200 78
116.233.78.130 - - [01/Apr/2021:09:10:01 +0800] "POST /xingrg/dwr/call/plaincall/AjaxCheckService.setItemNumber.dwr HTTP/1.1" 200 76
116.224.253.72 - - [01/Apr/2021:09:10:01 +0800] "GET /xingrg/kc/buy/cgsh_order_operate.html?command=get_materiel&rest_code=00150&code=00101009007&supplier_code=00100424&order_time=2021-04-01 HTTP/1.1" 200 408
116.233.78.130 - - [01/Apr/2021:09:10:02 +0800] "POST /xingrg/dwr/call/plaincall/AjaxCheckService.setItemNumber.dwr HTTP/1.1" 200 76
116.233.78.130 - - [01/Apr/2021:09:10:02 +0800] "POST /xingrg/dwr/call/plaincall/AjaxCheckService.setItemNumber.dwr HTTP/1.1" 200 76
222.70.158.20 - - [01/Apr/2021:09:10:02 +0800] "POST /xingrg/dwr/call/plaincall/AjaxCheckService.setItemNumber.dwr HTTP/1.1" 200 78
116.233.78.130 - - [01/Apr/2021:09:10:02 +0800] "POST /xingrg/dwr/call/plaincall/AjaxCheckService.setItemNumber.dwr HTTP/1.1" 200 76
116.233.78.130 - - [01/Apr/2021:09:10:03 +0800] "POST /xingrg/dwr/call/plaincall/AjaxCheckService.setItemNumber.dwr HTTP/1.1" 200 76
116.233.78.130 - - [01/Apr/2021:09:10:03 +0800] "POST /xingrg/dwr/call/plaincall/AjaxCheckService.setItemNumber.dwr HTTP/1.1" 200 77
116.233.78.130 - - [01/Apr/2021:09:10:03 +0800] "POST /xingrg/dwr/call/plaincall/AjaxCheckService.setItemNumber.dwr HTTP/1.1" 200 77
116.233.78.130 - - [01/Apr/2021:09:10:04 +0800] "POST /xingrg/dwr/call/plaincall/AjaxCheckService.setItemNumber.dwr HTTP/1.1" 200 77
222.70.158.20 - - [01/Apr/2021:09:10:04 +0800] "POST /xingrg/dwr/call/plaincall/AjaxCheckService.setItemNumber.dwr HTTP/1.1" 200 78
116.233.78.130 - - [01/Apr/2021:09:10:05 +0800] "POST /xingrg/dwr/call/plaincall/AjaxCheckService.setItemNumber.dwr HTTP/1.1" 200 77
116.233.78.130 - - [01/Apr/2021:09:10:05 +0800] "POST /xingrg/dwr/call/plaincall/AjaxCheckService.setItemNumber.dwr HTTP/1.1" 200 77
222.70.158.20 - - [01/Apr/2021:09:10:05 +0800] "POST /xingrg/dwr/call/plaincall/AjaxCheckService.setItemNumber.dwr HTTP/1.1" 200 78
116.233.78.130 - - [01/Apr/2021:09:10:05 +0800] "POST /xingrg/dwr/call/plaincall/AjaxCheckService.setItemNumber.dwr HTTP/1.1" 200 77
116.233.78.130 - - [01/Apr/2021:09:10:06 +0800] "POST /xingrg/dwr/call/plaincall/AjaxCheckService.setItemNumber.dwr HTTP/1.1" 200 77
116.224.253.72 - - [01/Apr/2021:09:10:06 +0800] "GET /xingrg/all/function/internal_message.html?_=1617239409002&CODE_STATE=getMsg HTTP/1.1" 200 27
222.70.158.20 - - [01/Apr/2021:09:10:07 +0800] "POST /xingrg/dwr/call/plaincall/AjaxCheckService.setItemNumber.dwr HTTP/1.1" 200 78
116.233.78.130 - - [01/Apr/2021:09:10:07 +0800] "POST /xingrg/dwr/call/plaincall/AjaxCheckService.setItemNumber.dwr HTTP/1.1" 200 77
116.233.78.130 - - [01/Apr/2021:09:10:07 +0800] "POST /xingrg/dwr/call/plaincall/AjaxCheckService.setItemNumber.dwr HTTP/1.1" 200 77
116.233.78.130 - - [01/Apr/2021:09:10:08 +0800] "POST /xingrg/dwr/call/plaincall/AjaxCheckService.setItemNumber.dwr HTTP/1.1" 200 77
222.70.158.20 - - [01/Apr/2021:09:10:08 +0800] "POST /xingrg/dwr/call/plaincall/AjaxCheckService.setItemNumber.dwr HTTP/1.1" 200 78
116.233.78.130 - - [01/Apr/2021:09:10:08 +0800] "POST /xingrg/dwr/call/plaincall/AjaxCheckService.setItemNumber.dwr HTTP/1.1" 200 77
116.233.78.130 - - [01/Apr/2021:09:10:08 +0800] "POST /xingrg/dwr/call/plaincall/AjaxCheckService.setItemNumber.dwr HTTP/1.1" 200 77
61.165.42.208 - - [01/Apr/2021:09:10:09 +0800] "GET /xingrg/kc/buy/cgsh_order_operate.html?command=get_materiel&rest_code=00105&code=00101012051&supplier_code=00100034&order_time=2021-04-01 HTTP/1.1" 200 408
116.233.78.130 - - [01/Apr/2021:09:10:09 +0800] "POST /xingrg/dwr/call/plaincall/AjaxCheckService.setItemNumber.dwr HTTP/1.1" 200 77
222.70.158.20 - - [01/Apr/2021:09:10:10 +0800] "POST /xingrg/dwr/call/plaincall/AjaxCheckService.setItemNumber.dwr HTTP/1.1" 200 78
116.233.78.130 - - [01/Apr/2021:09:10:10 +0800] "POST /xingrg/dwr/call/plaincall/AjaxCheckService.setItemNumber.dwr HTTP/1.1" 200 77
116.224.253.72 - - [01/Apr/2021:09:10:11 +0800] "GET /xingrg/kc/buy/cgsh_order_operate.html?command=get_materiel&rest_code=00150&code=00101009016&supplier_code=00100424&order_time=2021-04-01 HTTP/1.1" 200 432
117.131.5.26 - - [01/Apr/2021:09:10:11 +0800] "POST /xingrg/dwr/call/plaincall/AjaxCheckService.setItemNumber.dwr HTTP/1.1" 200 77
180.152.227.142 - - [01/Apr/2021:09:10:11 +0800] "GET /xingrg/all/function/internal_message.html?_=1617239682116&CODE_STATE=getMsg HTTP/1.1" 200 27
222.70.158.20 - - [01/Apr/2021:09:10:11 +0800] "POST /xingrg/dwr/call/plaincall/AjaxCheckService.setItemNumber.dwr HTTP/1.1" 200 78
222.70.158.20 - - [01/Apr/2021:09:10:13 +0800] "POST /xingrg/dwr/call/plaincall/AjaxCheckService.setItemNumber.dwr HTTP/1.1" 200 78
116.235.95.160 - - [01/Apr/2021:09:10:13 +0800] "POST /xingrg/dwr/call/plaincall/AjaxCheckService.setItemNumber.dwr HTTP/1.1" 200 77
117.131.5.26 - - [01/Apr/2021:09:10:15 +0800] "POST /xingrg/dwr/call/plaincall/AjaxCheckService.setItemNumber.dwr HTTP/1.1" 200 77
222.70.158.20 - - [01/Apr/2021:09:10:15 +0800] "POST /xingrg/dwr/call/plaincall/AjaxCheckService.setItemNumber.dwr HTTP/1.1" 200 78
61.165.42.208 - - [01/Apr/2021:09:10:17 +0800] "GET /xingrg/kc/buy/cgsh_order_operate.html?command=get_materiel&rest_code=00105&code=00101012029&supplier_code=00100034&order_time=2021-04-01 HTTP/1.1" 200 414
222.70.158.20 - - [01/Apr/2021:09:10:17 +0800] "POST /xingrg/dwr/call/plaincall/AjaxCheckService.setItemNumber.dwr HTTP/1.1" 200 78
116.235.95.160 - - [01/Apr/2021:09:10:17 +0800] "POST /xingrg/dwr/call/plaincall/AjaxCheckService.setItemNumber.dwr HTTP/1.1" 200 77
116.224.253.72 - - [01/Apr/2021:09:10:18 +0800] "GET /xingrg/kc/buy/cgsh_order_operate.html?command=get_materiel&rest_code=00150&code=00101009013&supplier_code=00100424&order_time=2021-04-01 HTTP/1.1" 200 420
116.233.78.130 - - [01/Apr/2021:09:10:19 +0800] "POST /xingrg/dwr/call/plaincall/AjaxCheckService.setItemNumber.dwr HTTP/1.1" 200 77
222.70.158.20 - - [01/Apr/2021:09:10:19 +0800] "POST /xingrg/dwr/call/plaincall/AjaxCheckService.setItemNumber.dwr HTTP/1.1" 200 78
116.224.253.72 - - [01/Apr/2021:09:10:20 +0800] "GET /xingrg/all/function/internal_message.html?_=1617239423389&CODE_STATE=getMsg HTTP/1.1" 200 27
116.233.78.130 - - [01/Apr/2021:09:10:20 +0800] "POST /xingrg/dwr/call/plaincall/AjaxCheckService.setItemNumber.dwr HTTP/1.1" 200 77
222.70.217.33 - - [01/Apr/2021:09:10:20 +0800] "GET /xingrg/all/function/internal_message.html?_=1617239418931&CODE_STATE=getMsg HTTP/1.1" 200 27
101.91.60.105 - - [01/Apr/2021:09:10:20 +0800] "GET /xingrg/all/function/internal_message.html?_=1617239361426&CODE_STATE=getMsg HTTP/1.1" 302 -
116.233.78.130 - - [01/Apr/2021:09:10:20 +0800] "POST /xingrg/dwr/call/plaincall/AjaxCheckService.setItemNumber.dwr HTTP/1.1" 200 77
101.91.60.105 - - [01/Apr/2021:09:10:20 +0800] "GET /xingrg/login.html HTTP/1.1" 200 7641
114.88.156.246 - - [01/Apr/2021:09:10:20 +0800] "GET /xingrg/all/function/internal_message.html?_=1617239421425&CODE_STATE=getMsg HTTP/1.1" 200 27
116.233.78.130 - - [01/Apr/2021:09:10:21 +0800] "POST /xingrg/dwr/call/plaincall/AjaxCheckService.setItemNumber.dwr HTTP/1.1" 200 77
222.70.158.20 - - [01/Apr/2021:09:10:21 +0800] "POST /xingrg/dwr/call/plaincall/AjaxCheckService.setItemNumber.dwr HTTP/1.1" 200 78
117.131.5.26 - - [01/Apr/2021:09:10:21 +0800] "POST /xingrg/dwr/call/plaincall/AjaxCheckService.setItemNumber.dwr HTTP/1.1" 200 77
116.233.78.130 - - [01/Apr/2021:09:10:21 +0800] "POST /xingrg/dwr/call/plaincall/AjaxCheckService.setItemNumber.dwr HTTP/1.1" 200 77
116.233.78.130 - - [01/Apr/2021:09:10:22 +0800] "POST /xingrg/dwr/call/plaincall/AjaxCheckService.setItemNumber.dwr HTTP/1.1" 200 77
116.233.78.130 - - [01/Apr/2021:09:10:22 +0800] "POST /xingrg/dwr/call/plaincall/AjaxCheckService.setItemNumber.dwr HTTP/1.1" 200 77
116.233.78.130 - - [01/Apr/2021:09:10:22 +0800] "POST /xingrg/dwr/call/plaincall/AjaxCheckService.setItemNumber.dwr HTTP/1.1" 200 77
222.70.158.20 - - [01/Apr/2021:09:10:22 +0800] "POST /xingrg/dwr/call/plaincall/AjaxCheckService.setItemNumber.dwr HTTP/1.1" 200 78
116.233.78.130 - - [01/Apr/2021:09:10:23 +0800] "POST /xingrg/dwr/call/plaincall/AjaxCheckService.setItemNumber.dwr HTTP/1.1" 200 77
116.224.253.72 - - [01/Apr/2021:09:10:23 +0800] "POST /xingrg/kc/buy/cgsh_order_operate.html HTTP/1.1" 200 37
222.70.158.20 - - [01/Apr/2021:09:10:24 +0800] "POST /xingrg/dwr/call/plaincall/AjaxCheckService.setItemNumber.dwr HTTP/1.1" 200 78
116.235.95.160 - - [01/Apr/2021:09:10:24 +0800] "POST /xingrg/dwr/call/plaincall/AjaxCheckService.setItemNumber.dwr HTTP/1.1" 200 77
116.224.253.72 - - [01/Apr/2021:09:10:25 +0800] "POST /xingrg/kc/buy/cgsh_order_operate.html HTTP/1.1" 200 4434
222.70.158.20 - - [01/Apr/2021:09:10:25 +0800] "POST /xingrg/dwr/call/plaincall/AjaxCheckService.setItemNumber.dwr HTTP/1.1" 200 78
222.70.158.20 - - [01/Apr/2021:09:10:26 +0800] "POST /xingrg/dwr/call/plaincall/AjaxCheckService.setItemNumber.dwr HTTP/1.1" 200 78
117.131.5.26 - - [01/Apr/2021:09:10:27 +0800] "POST /xingrg/dwr/call/plaincall/AjaxCheckService.setItemNumber.dwr HTTP/1.1" 200 77
116.235.95.160 - - [01/Apr/2021:09:10:27 +0800] "GET /xingrg/all/function/internal_message.html?_=1617239503027&CODE_STATE=getMsg HTTP/1.1" 200 27
116.224.253.72 - - [01/Apr/2021:09:10:28 +0800] "POST /xingrg/all/user/operate.html HTTP/1.1" 200 36
222.70.158.20 - - [01/Apr/2021:09:10:28 +0800] "POST /xingrg/dwr/call/plaincall/AjaxCheckService.setItemNumber.dwr HTTP/1.1" 200 78
116.224.253.72 - - [01/Apr/2021:09:10:28 +0800] "GET /xingrg/index.html?sysBaseUrl=http%3A%2F%2F180.169.147.146%3A18081%2Fxingrg%2F&costTime=40×tamp=1617237090249 HTTP/1.1" 200 17177
116.224.253.72 - - [01/Apr/2021:09:10:28 +0800] "GET /xingrg/javascript/jquery_easy_ui/themes/default/easyui.css HTTP/1.1" 304 -
116.224.253.72 - - [01/Apr/2021:09:10:28 +0800] "GET /xingrg/javascript/jquery_easy_ui/themes/icon.css HTTP/1.1" 304 -
116.224.253.72 - - [01/Apr/2021:09:10:28 +0800] "GET /xingrg/css/form.css HTTP/1.1" 304 -
116.224.253.72 - - [01/Apr/2021:09:10:28 +0800] "GET /xingrg/javascript/jquery-1.4.2.min.js HTTP/1.1" 304 -
116.224.253.72 - - [01/Apr/2021:09:10:28 +0800] "GET /xingrg/javascript/jquery_easy_ui/jquery.easyui.min.js HTTP/1.1" 304 -
116.224.253.72 - - [01/Apr/2021:09:10:28 +0800] "GET /xingrg/javascript/jquery_easy_ui/easyui-lang-zh_CN.js HTTP/1.1" 304 -
116.224.253.72 - - [01/Apr/2021:09:10:28 +0800] "GET /xingrg/javascript/jquery.form.js HTTP/1.1" 304 -
116.224.253.72 - - [01/Apr/2021:09:10:28 +0800] "GET /xingrg/javascript/jquery.utils.js HTTP/1.1" 304 -
116.224.253.72 - - [01/Apr/2021:09:10:28 +0800] "GET /xingrg/javascript/jquery.timers.js HTTP/1.1" 304 -
116.224.253.72 - - [01/Apr/2021:09:10:28 +0800] "GET /xingrg/images/blue/jxLogo.png HTTP/1.1" 304 -
116.224.253.72 - - [01/Apr/2021:09:10:28 +0800] "GET /xingrg/javascript/jquery_easy_ui/themes/icons/settle_new.png HTTP/1.1" 304 -
116.224.253.72 - - [01/Apr/2021:09:10:28 +0800] "GET /xingrg/images/blue/navBackgound.jpg HTTP/1.1" 304 -
116.224.253.72 - - [01/Apr/2021:09:10:28 +0800] "POST /xingrg/all/common/load_tree.html?tree=area_rest_tree_json&manage=1 HTTP/1.1" 200 476
116.224.253.72 - - [01/Apr/2021:09:10:28 +0800] "GET /xingrg/all/function/internal_message.html?_=1617239430550&CODE_STATE=count HTTP/1.1" 200 11
116.224.253.72 - - [01/Apr/2021:09:10:28 +0800] "GET /xingrg/check_reg.html?_=1617239430551 HTTP/1.1" 200 22
116.224.253.72 - - [01/Apr/2021:09:10:28 +0800] "GET /xingrg/javascript/jquery_easy_ui/themes/default/images/tabs_leftarrow.png HTTP/1.1" 304 -
116.224.253.72 - - [01/Apr/2021:09:10:28 +0800] "GET /xingrg/javascript/jquery_easy_ui/themes/default/images/panel_tool_collapse.gif HTTP/1.1" 304 -
116.224.253.72 - - [01/Apr/2021:09:10:28 +0800] "GET /xingrg/images/blue/pingpu.png HTTP/1.1" 304 -
116.224.253.72 - - [01/Apr/2021:09:10:28 +0800] "GET /xingrg/javascript/jquery_easy_ui/themes/default/images/tabs_rightarrow.png HTTP/1.1" 304 -
116.224.253.72 - - [01/Apr/2021:09:10:28 +0800] "POST /xingrg/load_menu.html HTTP/1.1" 200 5138
116.233.78.130 - - [01/Apr/2021:09:10:28 +0800] "POST /xingrg/dwr/call/plaincall/AjaxCheckService.setItemNumber.dwr HTTP/1.1" 200 77
117.131.5.26 - - [01/Apr/2021:09:10:29 +0800] "POST /xingrg/dwr/call/plaincall/AjaxCheckService.setItemNumber.dwr HTTP/1.1" 200 77
222.70.158.20 - - [01/Apr/2021:09:10:29 +0800] "POST /xingrg/dwr/call/plaincall/AjaxCheckService.setItemNumber.dwr HTTP/1.1" 200 78
116.233.78.130 - - [01/Apr/2021:09:10:30 +0800] "POST /xingrg/dwr/call/plaincall/AjaxCheckService.setItemNumber.dwr HTTP/1.1" 200 77
222.70.158.20 - - [01/Apr/2021:09:10:30 +0800] "POST /xingrg/dwr/call/plaincall/AjaxCheckService.setItemNumber.dwr HTTP/1.1" 200 78
116.224.253.72 - - [01/Apr/2021:09:10:30 +0800] "GET /xingrg/kc/buy/cgsh_order_list.html HTTP/1.1" 200 46417
116.233.78.130 - - [01/Apr/2021:09:10:30 +0800] "POST /xingrg/dwr/call/plaincall/AjaxCheckService.setItemNumber.dwr HTTP/1.1" 200 77
116.233.78.130 - - [01/Apr/2021:09:10:31 +0800] "POST /xingrg/dwr/call/plaincall/AjaxCheckService.setItemNumber.dwr HTTP/1.1" 200 77
222.70.158.20 - - [01/Apr/2021:09:10:31 +0800] "POST /xingrg/dwr/call/plaincall/AjaxCheckService.setItemNumber.dwr HTTP/1.1" 200 78
116.233.78.130 - - [01/Apr/2021:09:10:31 +0800] "POST /xingrg/dwr/call/plaincall/AjaxCheckService.setItemNumber.dwr HTTP/1.1" 200 77
116.224.253.72 - - [01/Apr/2021:09:10:32 +0800] "POST /xingrg/kc/buy/cgsh_list_operate.html HTTP/1.1" 200 1688
116.233.78.130 - - [01/Apr/2021:09:10:32 +0800] "POST /xingrg/dwr/call/plaincall/AjaxCheckService.setItemNumber.dwr HTTP/1.1" 200 77
116.233.78.130 - - [01/Apr/2021:09:10:33 +0800] "POST /xingrg/dwr/call/plaincall/AjaxCheckService.setItemNumber.dwr HTTP/1.1" 200 77
222.70.158.20 - - [01/Apr/2021:09:10:33 +0800] "POST /xingrg/dwr/call/plaincall/AjaxCheckService.setItemNumber.dwr HTTP/1.1" 200 78
116.233.78.130 - - [01/Apr/2021:09:10:33 +0800] "POST /xingrg/dwr/call/plaincall/AjaxCheckService.setItemNumber.dwr HTTP/1.1" 200 77
222.70.158.20 - - [01/Apr/2021:09:10:34 +0800] "POST /xingrg/dwr/call/plaincall/AjaxCheckService.setItemNumber.dwr HTTP/1.1" 200 78
101.228.165.174 - - [01/Apr/2021:09:10:34 +0800] "GET /xingrg/all/function/internal_message.html?_=1617239448606&CODE_STATE=getMsg HTTP/1.1" 200 27
116.233.78.130 - - [01/Apr/2021:09:10:34 +0800] "POST /xingrg/dwr/call/plaincall/AjaxCheckService.setItemNumber.dwr HTTP/1.1" 200 77
116.235.95.160 - - [01/Apr/2021:09:10:34 +0800] "POST /xingrg/dwr/call/plaincall/AjaxCheckService.setItemNumber.dwr HTTP/1.1" 200 77
116.233.78.130 - - [01/Apr/2021:09:10:35 +0800] "POST /xingrg/dwr/call/plaincall/AjaxCheckService.setItemNumber.dwr HTTP/1.1" 200 77
116.233.78.130 - - [01/Apr/2021:09:10:35 +0800] "POST /xingrg/dwr/call/plaincall/AjaxCheckService.setItemNumber.dwr HTTP/1.1" 200 77
116.233.78.130 - - [01/Apr/2021:09:10:36 +0800] "POST /xingrg/dwr/call/plaincall/AjaxCheckService.setItemNumber.dwr HTTP/1.1" 200 77
117.131.5.26 - - [01/Apr/2021:09:10:36 +0800] "POST /xingrg/dwr/call/plaincall/AjaxCheckService.setItemNumber.dwr HTTP/1.1" 200 77
116.224.253.72 - - [01/Apr/2021:09:10:38 +0800] "POST /xingrg/kc/buy/cgsh_list_operate.html HTTP/1.1" 200 561
116.233.78.130 - - [01/Apr/2021:09:10:38 +0800] "POST /xingrg/dwr/call/plaincall/AjaxCheckService.setItemNumber.dwr HTTP/1.1" 200 77
116.233.78.130 - - [01/Apr/2021:09:10:39 +0800] "POST /xingrg/dwr/call/plaincall/AjaxCheckService.setItemNumber.dwr HTTP/1.1" 200 77
116.224.253.72 - - [01/Apr/2021:09:10:39 +0800] "GET /xingrg/kc/buy/cgsh_order_info.html?code=212021040100001 HTTP/1.1" 200 61802
116.233.78.130 - - [01/Apr/2021:09:10:39 +0800] "POST /xingrg/dwr/call/plaincall/AjaxCheckService.setItemNumber.dwr HTTP/1.1" 200 77
116.224.253.72 - - [01/Apr/2021:09:10:39 +0800] "GET /xingrg/javascript/easyui/themes/default/validatebox.css HTTP/1.1" 404 1104
116.233.78.130 - - [01/Apr/2021:09:10:40 +0800] "POST /xingrg/dwr/call/plaincall/AjaxCheckService.setItemNumber.dwr HTTP/1.1" 200 77
116.224.253.72 - - [01/Apr/2021:09:10:40 +0800] "POST /xingrg/kc/buy/cgsh_order_operate.html HTTP/1.1" 200 22374
116.235.95.160 - - [01/Apr/2021:09:10:40 +0800] "POST /xingrg/dwr/call/plaincall/AjaxCheckService.setItemNumber.dwr HTTP/1.1" 200 77
116.233.78.130 - - [01/Apr/2021:09:10:40 +0800] "POST /xingrg/dwr/call/plaincall/AjaxCheckService.setItemNumber.dwr HTTP/1.1" 200 77
116.233.78.130 - - [01/Apr/2021:09:10:41 +0800] "POST /xingrg/dwr/call/plaincall/AjaxCheckService.setItemNumber.dwr HTTP/1.1" 200 77
116.233.78.130 - - [01/Apr/2021:09:10:41 +0800] "POST /xingrg/dwr/call/plaincall/AjaxCheckService.setItemNumber.dwr HTTP/1.1" 200 77
116.233.78.130 - - [01/Apr/2021:09:10:41 +0800] "POST /xingrg/dwr/call/plaincall/AjaxCheckService.setItemNumber.dwr HTTP/1.1" 200 77
116.233.78.130 - - [01/Apr/2021:09:10:42 +0800] "POST /xingrg/dwr/call/plaincall/AjaxCheckService.setItemNumber.dwr HTTP/1.1" 200 77
116.233.78.130 - - [01/Apr/2021:09:10:42 +0800] "POST /xingrg/dwr/call/plaincall/AjaxCheckService.setItemNumber.dwr HTTP/1.1" 200 77
61.165.42.208 - - [01/Apr/2021:09:10:43 +0800] "GET /xingrg/kc/buy/cgsh_order_operate.html?command=get_materiel&rest_code=00105&code=00101012039&supplier_code=00100034&order_time=2021-04-01 HTTP/1.1" 200 408
116.233.78.130 - - [01/Apr/2021:09:10:43 +0800] "POST /xingrg/dwr/call/plaincall/AjaxCheckService.setItemNumber.dwr HTTP/1.1" 200 77
116.233.78.130 - - [01/Apr/2021:09:10:44 +0800] "POST /xingrg/dwr/call/plaincall/AjaxCheckService.setItemNumber.dwr HTTP/1.1" 200 77
116.233.78.130 - - [01/Apr/2021:09:10:44 +0800] "POST /xingrg/dwr/call/plaincall/AjaxCheckService.setItemNumber.dwr HTTP/1.1" 200 77
116.233.78.130 - - [01/Apr/2021:09:10:44 +0800] "POST /xingrg/dwr/call/plaincall/AjaxCheckService.setItemNumber.dwr HTTP/1.1" 200 77
116.233.78.130 - - [01/Apr/2021:09:10:45 +0800] "POST /xingrg/dwr/call/plaincall/AjaxCheckService.setItemNumber.dwr HTTP/1.1" 200 77
61.129.6.151 - - [01/Apr/2021:09:10:45 +0800] "GET /xingrg/all/function/internal_message.html?_=1617239390183&CODE_STATE=getMsg HTTP/1.1" 302 -
114.88.156.246 - - [01/Apr/2021:09:10:45 +0800] "GET /xingrg/all/function/internal_message.html?_=1617239450177&CODE_STATE=getMsg HTTP/1.1" 200 27
61.129.6.151 - - [01/Apr/2021:09:10:46 +0800] "GET /xingrg/login.html HTTP/1.1" 200 7641
116.233.78.130 - - [01/Apr/2021:09:10:46 +0800] "POST /xingrg/dwr/call/plaincall/AjaxCheckService.setItemNumber.dwr HTTP/1.1" 200 77
116.233.78.130 - - [01/Apr/2021:09:10:47 +0800] "POST /xingrg/dwr/call/plaincall/AjaxCheckService.setItemNumber.dwr HTTP/1.1" 200 77
116.233.78.130 - - [01/Apr/2021:09:10:48 +0800] "POST /xingrg/dwr/call/plaincall/AjaxCheckService.setItemNumber.dwr HTTP/1.1" 200 77
222.70.158.20 - - [01/Apr/2021:09:10:48 +0800] "POST /xingrg/dwr/call/plaincall/AjaxCheckService.setItemNumber.dwr HTTP/1.1" 200 78
116.233.78.130 - - [01/Apr/2021:09:10:49 +0800] "POST /xingrg/dwr/call/plaincall/AjaxCheckService.setItemNumber.dwr HTTP/1.1" 200 77
61.165.42.208 - - [01/Apr/2021:09:10:49 +0800] "GET /xingrg/all/function/internal_message.html?_=1617239454170&CODE_STATE=getMsg HTTP/1.1" 200 27
116.233.78.130 - - [01/Apr/2021:09:10:49 +0800] "POST /xingrg/dwr/call/plaincall/AjaxCheckService.setItemNumber.dwr HTTP/1.1" 200 77
116.233.78.130 - - [01/Apr/2021:09:10:50 +0800] "POST /xingrg/dwr/call/plaincall/AjaxCheckService.setItemNumber.dwr HTTP/1.1" 200 77
222.70.158.20 - - [01/Apr/2021:09:10:51 +0800] "POST /xingrg/dwr/call/plaincall/AjaxCheckService.setItemNumber.dwr HTTP/1.1" 200 78
114.86.187.76 - - [01/Apr/2021:09:10:51 +0800] "GET /xingrg/check_reg.html?_=1617239460537 HTTP/1.1" 200 22
116.235.216.75 - - [01/Apr/2021:09:10:51 +0800] "GET /xingrg/kc/buy/cgsh_order_operate.html?command=get_materiel&rest_code=00107&code=00101006109&supplier_code=00100010&order_time=2021-04-01 HTTP/1.1" 200 429
114.86.187.76 - - [01/Apr/2021:09:10:52 +0800] "GET /xingrg/all/function/internal_message.html?_=1617239460869&CODE_STATE=getMsg HTTP/1.1" 200 27
222.70.158.20 - - [01/Apr/2021:09:10:52 +0800] "GET /xingrg/all/function/internal_message.html?_=1617239452827&CODE_STATE=getMsg HTTP/1.1" 200 27
222.70.158.20 - - [01/Apr/2021:09:10:52 +0800] "POST /xingrg/dwr/call/plaincall/AjaxCheckService.setItemNumber.dwr HTTP/1.1" 200 78
117.131.5.26 - - [01/Apr/2021:09:10:52 +0800] "POST /xingrg/dwr/call/plaincall/AjaxCheckService.setItemNumber.dwr HTTP/1.1" 200 77
116.233.78.130 - - [01/Apr/2021:09:10:53 +0800] "POST /xingrg/dwr/call/plaincall/AjaxCheckService.setItemNumber.dwr HTTP/1.1" 200 77
222.70.158.20 - - [01/Apr/2021:09:10:53 +0800] "POST /xingrg/dwr/call/plaincall/AjaxCheckService.setItemNumber.dwr HTTP/1.1" 200 78
222.70.158.20 - - [01/Apr/2021:09:10:55 +0800] "POST /xingrg/dwr/call/plaincall/AjaxCheckService.setItemNumber.dwr HTTP/1.1" 200 78
116.233.78.130 - - [01/Apr/2021:09:10:59 +0800] "POST /xingrg/dwr/call/plaincall/AjaxCheckService.setItemNumber.dwr HTTP/1.1" 200 77
116.233.78.130 - - [01/Apr/2021:09:10:59 +0800] "GET /xingrg/check_reg.html?_=1617239468170 HTTP/1.1" 200 22
116.233.78.130 - - [01/Apr/2021:09:10:59 +0800] "GET /xingrg/all/function/internal_message.html?_=1617239468378&CODE_STATE=getMsg HTTP/1.1" 200 27
116.235.95.160 - - [01/Apr/2021:09:11:00 +0800] "POST /xingrg/dwr/call/plaincall/AjaxCheckService.setItemNumber.dwr HTTP/1.1" 200 77
116.235.216.75 - - [01/Apr/2021:09:11:01 +0800] "GET /xingrg/all/function/internal_message.html?_=1617239459615&CODE_STATE=getMsg HTTP/1.1" 200 27
116.233.78.130 - - [01/Apr/2021:09:11:02 +0800] "POST /xingrg/dwr/call/plaincall/AjaxCheckService.setItemNumber.dwr HTTP/1.1" 200 77
117.131.5.26 - - [01/Apr/2021:09:11:03 +0800] "POST /xingrg/dwr/call/plaincall/AjaxCheckService.setItemNumber.dwr HTTP/1.1" 200 77
61.165.42.208 - - [01/Apr/2021:09:11:04 +0800] "POST /xingrg/kc/buy/cgsh_order_operate.html HTTP/1.1" 200 37
61.165.42.208 - - [01/Apr/2021:09:11:06 +0800] "POST /xingrg/kc/buy/cgsh_order_operate.html HTTP/1.1" 200 5013
116.235.95.160 - - [01/Apr/2021:09:11:08 +0800] "POST /xingrg/dwr/call/plaincall/AjaxCheckService.setItemNumber.dwr HTTP/1.1" 200 77
61.165.42.208 - - [01/Apr/2021:09:11:09 +0800] "GET /xingrg/kc/print/load_data.html?order_code=212021040100018&kc_code=cgsh&condition= HTTP/1.1" 200 1606
180.152.227.142 - - [01/Apr/2021:09:11:11 +0800] "GET /xingrg/all/function/internal_message.html?_=1617239742325&CODE_STATE=getMsg HTTP/1.1" 200 27
116.235.216.75 - - [01/Apr/2021:09:11:12 +0800] "GET /xingrg/kc/buy/cgsh_order_operate.html?command=get_materiel&rest_code=00107&code=00101006111&supplier_code=00100010&order_time=2021-04-01 HTTP/1.1" 200 409
116.233.78.130 - - [01/Apr/2021:09:11:12 +0800] "GET /xingrg/kc/base/check_order_list.html?isBack=1 HTTP/1.1" 200 16511
116.233.78.130 - - [01/Apr/2021:09:11:13 +0800] "POST /xingrg/kc/base/check_list_operate.html HTTP/1.1" 200 5110
116.233.78.130 - - [01/Apr/2021:09:11:16 +0800] "GET /xingrg/kc/base/check_order_info.html?code=452021033100535 HTTP/1.1" 200 26486
116.233.78.130 - - [01/Apr/2021:09:11:16 +0800] "GET /xingrg/dwr/interface/AjaxComOrderService.js HTTP/1.1" 200 18264
116.233.78.130 - - [01/Apr/2021:09:11:16 +0800] "GET /xingrg/dwr/interface/AjaxCheckService.js HTTP/1.1" 200 14003
116.233.78.130 - - [01/Apr/2021:09:11:16 +0800] "GET /xingrg/dwr/engine.js HTTP/1.1" 200 43631
117.131.5.26 - - [01/Apr/2021:09:11:16 +0800] "POST /xingrg/dwr/call/plaincall/AjaxCheckService.setItemNumber.dwr HTTP/1.1" 200 77
116.233.78.130 - - [01/Apr/2021:09:11:16 +0800] "POST /xingrg/dwr/call/plaincall/AjaxCheckService.loadOrderItems.dwr HTTP/1.1" 200 9943
222.70.158.20 - - [01/Apr/2021:09:11:18 +0800] "POST /xingrg/dwr/call/plaincall/AjaxCheckService.setItemNumber.dwr HTTP/1.1" 200 78
116.233.78.130 - - [01/Apr/2021:09:11:18 +0800] "GET /xingrg/kc/base/check_order_list.html?isBack=1 HTTP/1.1" 200 16511
116.233.78.130 - - [01/Apr/2021:09:11:18 +0800] "POST /xingrg/kc/base/check_list_operate.html HTTP/1.1" 200 5110
116.224.253.72 - - [01/Apr/2021:09:11:20 +0800] "GET /xingrg/all/function/internal_message.html?_=1617239483393&CODE_STATE=getMsg HTTP/1.1" 200 27
222.70.217.33 - - [01/Apr/2021:09:11:20 +0800] "GET /xingrg/all/function/internal_message.html?_=1617239478935&CODE_STATE=getMsg HTTP/1.1" 200 27
222.70.217.33 - - [01/Apr/2021:09:11:20 +0800] "GET /xingrg/check_reg.html?_=1617239478942 HTTP/1.1" 200 22
116.233.78.130 - - [01/Apr/2021:09:11:20 +0800] "GET /xingrg/kc/base/check_order_info.html?code=452021033100529 HTTP/1.1" 200 26486
116.233.78.130 - - [01/Apr/2021:09:11:20 +0800] "GET /xingrg/dwr/interface/AjaxComOrderService.js HTTP/1.1" 200 18264
116.233.78.130 - - [01/Apr/2021:09:11:20 +0800] "GET /xingrg/dwr/interface/AjaxCheckService.js HTTP/1.1" 200 14003
116.233.78.130 - - [01/Apr/2021:09:11:20 +0800] "GET /xingrg/dwr/engine.js HTTP/1.1" 200 43631
222.70.158.20 - - [01/Apr/2021:09:11:20 +0800] "POST /xingrg/dwr/call/plaincall/AjaxCheckService.setItemNumber.dwr HTTP/1.1" 200 78
114.88.156.246 - - [01/Apr/2021:09:11:20 +0800] "GET /xingrg/all/function/internal_message.html?_=1617239481424&CODE_STATE=getMsg HTTP/1.1" 200 27
116.233.78.130 - - [01/Apr/2021:09:11:20 +0800] "POST /xingrg/dwr/call/plaincall/AjaxCheckService.loadOrderItems.dwr HTTP/1.1" 200 37820
101.89.239.216 - - [01/Apr/2021:09:11:21 +0800] "GET /xingrg/all/function/internal_message.html?_=1617239421425&CODE_STATE=getMsg HTTP/1.1" 302 -
222.70.158.20 - - [01/Apr/2021:09:11:21 +0800] "POST /xingrg/dwr/call/plaincall/AjaxCheckService.setItemNumber.dwr HTTP/1.1" 200 78
116.235.95.160 - - [01/Apr/2021:09:11:21 +0800] "POST /xingrg/dwr/call/plaincall/AjaxCheckService.setItemNumber.dwr HTTP/1.1" 200 77
222.70.158.20 - - [01/Apr/2021:09:11:22 +0800] "POST /xingrg/dwr/call/plaincall/AjaxCheckService.setItemNumber.dwr HTTP/1.1" 200 78
101.89.239.216 - - [01/Apr/2021:09:11:23 +0800] "GET /xingrg/login.html HTTP/1.1" 200 7641
222.70.158.20 - - [01/Apr/2021:09:11:24 +0800] "POST /xingrg/dwr/call/plaincall/AjaxCheckService.setItemNumber.dwr HTTP/1.1" 200 78
222.70.158.20 - - [01/Apr/2021:09:11:25 +0800] "POST /xingrg/dwr/call/plaincall/AjaxCheckService.setItemNumber.dwr HTTP/1.1" 200 78
116.235.216.75 - - [01/Apr/2021:09:11:25 +0800] "GET /xingrg/kc/buy/cgsh_order_operate.html?command=get_materiel&rest_code=00107&code=00101006133&supplier_code=00100010&order_time=2021-04-01 HTTP/1.1" 200 413
222.70.158.20 - - [01/Apr/2021:09:11:26 +0800] "POST /xingrg/dwr/call/plaincall/AjaxCheckService.setItemNumber.dwr HTTP/1.1" 200 78
117.131.5.26 - - [01/Apr/2021:09:11:27 +0800] "POST /xingrg/dwr/call/plaincall/AjaxCheckService.setItemNumber.dwr HTTP/1.1" 200 77
116.235.95.160 - - [01/Apr/2021:09:11:27 +0800] "GET /xingrg/all/function/internal_message.html?_=1617239563039&CODE_STATE=getMsg HTTP/1.1" 200 27
222.70.158.20 - - [01/Apr/2021:09:11:28 +0800] "POST /xingrg/dwr/call/plaincall/AjaxCheckService.setItemNumber.dwr HTTP/1.1" 200 78
116.224.253.72 - - [01/Apr/2021:09:11:28 +0800] "GET /xingrg/all/function/internal_message.html?_=1617239490561&CODE_STATE=getMsg HTTP/1.1" 200 27
116.224.253.72 - - [01/Apr/2021:09:11:28 +0800] "POST /xingrg/all/user/operate.html HTTP/1.1" 200 36
116.224.253.72 - - [01/Apr/2021:09:11:29 +0800] "GET /xingrg/index.html?sysBaseUrl=http%3A%2F%2F180.169.147.146%3A18081%2Fxingrg%2F&costTime=43×tamp=1617185329285 HTTP/1.1" 200 17179
116.224.253.72 - - [01/Apr/2021:09:11:29 +0800] "GET /xingrg/javascript/jquery_easy_ui/themes/default/easyui.css HTTP/1.1" 304 -
116.224.253.72 - - [01/Apr/2021:09:11:29 +0800] "GET /xingrg/javascript/jquery_easy_ui/themes/icon.css HTTP/1.1" 304 -
116.224.253.72 - - [01/Apr/2021:09:11:29 +0800] "GET /xingrg/css/form.css HTTP/1.1" 304 -
116.224.253.72 - - [01/Apr/2021:09:11:29 +0800] "GET /xingrg/javascript/jquery-1.4.2.min.js HTTP/1.1" 304 -
116.224.253.72 - - [01/Apr/2021:09:11:29 +0800] "GET /xingrg/javascript/jquery_easy_ui/jquery.easyui.min.js HTTP/1.1" 304 -
116.224.253.72 - - [01/Apr/2021:09:11:29 +0800] "GET /xingrg/javascript/jquery_easy_ui/easyui-lang-zh_CN.js HTTP/1.1" 304 -
116.224.253.72 - - [01/Apr/2021:09:11:29 +0800] "GET /xingrg/javascript/jquery.form.js HTTP/1.1" 304 -
116.224.253.72 - - [01/Apr/2021:09:11:29 +0800] "GET /xingrg/javascript/jquery.utils.js HTTP/1.1" 304 -
116.224.253.72 - - [01/Apr/2021:09:11:29 +0800] "GET /xingrg/javascript/jquery.timers.js HTTP/1.1" 304 -
116.224.253.72 - - [01/Apr/2021:09:11:29 +0800] "GET /xingrg/images/blue/jxLogo.png HTTP/1.1" 304 -
116.224.253.72 - - [01/Apr/2021:09:11:29 +0800] "GET /xingrg/images/blue/navBackgound.jpg HTTP/1.1" 304 -
116.224.253.72 - - [01/Apr/2021:09:11:29 +0800] "GET /xingrg/javascript/jquery_easy_ui/themes/icons/settle_new.png HTTP/1.1" 304 -
116.224.253.72 - - [01/Apr/2021:09:11:29 +0800] "POST /xingrg/all/common/load_tree.html?tree=area_rest_tree_json&manage=1 HTTP/1.1" 200 476
116.224.253.72 - - [01/Apr/2021:09:11:29 +0800] "GET /xingrg/images/blue/pingpu.png HTTP/1.1" 304 -
116.224.253.72 - - [01/Apr/2021:09:11:29 +0800] "GET /xingrg/javascript/jquery_easy_ui/themes/default/images/tabs_leftarrow.png HTTP/1.1" 304 -
116.224.253.72 - - [01/Apr/2021:09:11:29 +0800] "GET /xingrg/javascript/jquery_easy_ui/themes/default/images/tabs_rightarrow.png HTTP/1.1" 304 -
116.224.253.72 - - [01/Apr/2021:09:11:29 +0800] "GET /xingrg/javascript/jquery_easy_ui/themes/default/images/panel_tool_collapse.gif HTTP/1.1" 304 -
116.224.253.72 - - [01/Apr/2021:09:11:29 +0800] "GET /xingrg/all/function/internal_message.html?_=1617239492620&CODE_STATE=count HTTP/1.1" 200 11
116.224.253.72 - - [01/Apr/2021:09:11:29 +0800] "GET /xingrg/check_reg.html?_=1617239492621 HTTP/1.1" 200 22
116.224.253.72 - - [01/Apr/2021:09:11:29 +0800] "POST /xingrg/load_menu.html HTTP/1.1" 200 5138
117.131.5.26 - - [01/Apr/2021:09:11:29 +0800] "POST /xingrg/dwr/call/plaincall/AjaxCheckService.setItemNumber.dwr HTTP/1.1" 200 77
222.70.158.20 - - [01/Apr/2021:09:11:30 +0800] "POST /xingrg/dwr/call/plaincall/AjaxCheckService.setItemNumber.dwr HTTP/1.1" 200 78
222.70.158.20 - - [01/Apr/2021:09:11:32 +0800] "POST /xingrg/dwr/call/plaincall/AjaxCheckService.setItemNumber.dwr HTTP/1.1" 200 78
116.235.95.160 - - [01/Apr/2021:09:11:32 +0800] "POST /xingrg/dwr/call/plaincall/AjaxCheckService.setItemNumber.dwr HTTP/1.1" 200 77
116.224.253.72 - - [01/Apr/2021:09:11:32 +0800] "GET /xingrg/kc/base/check_order_list.html HTTP/1.1" 200 16517
116.224.253.72 - - [01/Apr/2021:09:11:32 +0800] "POST /xingrg/kc/base/check_list_operate.html HTTP/1.1" 200 2241
222.70.158.20 - - [01/Apr/2021:09:11:33 +0800] "POST /xingrg/dwr/call/plaincall/AjaxCheckService.setItemNumber.dwr HTTP/1.1" 200 78
117.131.5.26 - - [01/Apr/2021:09:11:33 +0800] "POST /xingrg/dwr/call/plaincall/AjaxCheckService.setItemNumber.dwr HTTP/1.1" 200 77
101.228.165.174 - - [01/Apr/2021:09:11:34 +0800] "GET /xingrg/all/function/internal_message.html?_=1617239508666&CODE_STATE=getMsg HTTP/1.1" 200 27
116.224.253.72 - - [01/Apr/2021:09:11:35 +0800] "GET /xingrg/kc/base/check_order_info.html?code=452021033100451 HTTP/1.1" 200 26364
116.224.253.72 - - [01/Apr/2021:09:11:35 +0800] "GET /xingrg/css/blue.css HTTP/1.1" 304 -
116.224.253.72 - - [01/Apr/2021:09:11:35 +0800] "GET /xingrg/css/table.css HTTP/1.1" 304 -
116.224.253.72 - - [01/Apr/2021:09:11:35 +0800] "GET /xingrg/dwr/interface/AjaxComOrderService.js HTTP/1.1" 200 18264
116.224.253.72 - - [01/Apr/2021:09:11:35 +0800] "GET /xingrg/dwr/util.js HTTP/1.1" 304 -
116.224.253.72 - - [01/Apr/2021:09:11:35 +0800] "GET /xingrg/javascript/AjaxInfoList.js HTTP/1.1" 304 -
116.224.253.72 - - [01/Apr/2021:09:11:35 +0800] "GET /xingrg/javascript/myfunction.js HTTP/1.1" 304 -
116.224.253.72 - - [01/Apr/2021:09:11:35 +0800] "GET /xingrg/javascript/Calendar.js HTTP/1.1" 304 -
116.224.253.72 - - [01/Apr/2021:09:11:35 +0800] "GET /xingrg/dwr/interface/AjaxCheckService.js HTTP/1.1" 200 14003
