116.224.253.72 - - [01/Apr/2021:08:44:02 +0800] "GET /xingrg/kc/buy/cgsh_order_operate.html?command=get_materiel&rest_code=00151&code=00101006056&supplier_code=00100096&order_time=2021-04-01 HTTP/1.1" 200 413
116.235.95.160 - - [01/Apr/2021:08:44:03 +0800] "POST /xingrg/dwr/call/plaincall/AjaxCheckService.setItemNumber.dwr HTTP/1.1" 200 78
101.228.165.174 - - [01/Apr/2021:08:44:03 +0800] "GET /xingrg/check_reg.html?_=1617237857775 HTTP/1.1" 200 22
116.235.95.160 - - [01/Apr/2021:08:44:04 +0800] "POST /xingrg/dwr/call/plaincall/AjaxCheckService.setItemNumber.dwr HTTP/1.1" 200 78
116.235.95.160 - - [01/Apr/2021:08:44:05 +0800] "POST /xingrg/dwr/call/plaincall/AjaxCheckService.setItemNumber.dwr HTTP/1.1" 200 78
180.152.227.142 - - [01/Apr/2021:08:44:06 +0800] "GET /xingrg/check_reg.html?_=1617238116801 HTTP/1.1" 200 22
116.235.95.160 - - [01/Apr/2021:08:44:06 +0800] "POST /xingrg/dwr/call/plaincall/AjaxCheckService.setItemNumber.dwr HTTP/1.1" 200 78
180.152.227.142 - - [01/Apr/2021:08:44:06 +0800] "GET /xingrg/all/function/internal_message.html?_=1617238117145&CODE_STATE=getMsg HTTP/1.1" 200 27
116.224.253.72 - - [01/Apr/2021:08:44:06 +0800] "GET /xingrg/all/function/internal_message.html?_=1617237848842&CODE_STATE=getMsg HTTP/1.1" 200 27
116.235.95.160 - - [01/Apr/2021:08:44:08 +0800] "POST /xingrg/dwr/call/plaincall/AjaxCheckService.setItemNumber.dwr HTTP/1.1" 200 78
117.184.7.26 - - [01/Apr/2021:08:44:08 +0800] "GET /xingrg/all/function/internal_message.html?_=1617237842105&CODE_STATE=getMsg HTTP/1.1" 200 27
116.235.95.160 - - [01/Apr/2021:08:44:09 +0800] "POST /xingrg/dwr/call/plaincall/AjaxCheckService.setItemNumber.dwr HTTP/1.1" 200 78
116.224.253.72 - - [01/Apr/2021:08:44:13 +0800] "GET /xingrg/kc/buy/cgsh_order_operate.html?command=get_materiel&rest_code=00151&code=00101006063&supplier_code=00100096&order_time=2021-04-01 HTTP/1.1" 200 413
61.165.42.208 - - [01/Apr/2021:08:44:15 +0800] "GET /xingrg/kc/buy/cgsh_order_operate.html?command=get_materiel&rest_code=00105&code=00101008229&supplier_code=00100203&order_time=2021-04-01 HTTP/1.1" 200 420
116.224.253.72 - - [01/Apr/2021:08:44:19 +0800] "GET /xingrg/all/function/internal_message.html?_=1617237862792&CODE_STATE=getMsg HTTP/1.1" 200 27
222.70.217.33 - - [01/Apr/2021:08:44:20 +0800] "GET /xingrg/all/function/internal_message.html?_=1617237858933&CODE_STATE=getMsg HTTP/1.1" 200 27
114.88.156.246 - - [01/Apr/2021:08:44:20 +0800] "GET /xingrg/all/function/internal_message.html?_=1617237861336&CODE_STATE=getMsg HTTP/1.1" 200 27
116.235.95.160 - - [01/Apr/2021:08:44:20 +0800] "POST /xingrg/dwr/call/plaincall/AjaxCheckService.setItemNumber.dwr HTTP/1.1" 200 78
222.68.64.43 - - [01/Apr/2021:08:44:21 +0800] "POST /xingrg/supplier/cgsh_list_operate.html HTTP/1.1" 200 4932
116.235.95.160 - - [01/Apr/2021:08:44:23 +0800] "POST /xingrg/dwr/call/plaincall/AjaxCheckService.setItemNumber.dwr HTTP/1.1" 200 78
116.235.95.160 - - [01/Apr/2021:08:44:25 +0800] "POST /xingrg/dwr/call/plaincall/AjaxCheckService.setItemNumber.dwr HTTP/1.1" 200 78
116.235.95.160 - - [01/Apr/2021:08:44:26 +0800] "POST /xingrg/dwr/call/plaincall/AjaxCheckService.setItemNumber.dwr HTTP/1.1" 200 78
116.235.95.160 - - [01/Apr/2021:08:44:27 +0800] "POST /xingrg/dwr/call/plaincall/AjaxCheckService.setItemNumber.dwr HTTP/1.1" 200 78
116.235.95.160 - - [01/Apr/2021:08:44:27 +0800] "GET /xingrg/all/function/internal_message.html?_=1617237943071&CODE_STATE=getMsg HTTP/1.1" 200 27
116.235.95.160 - - [01/Apr/2021:08:44:29 +0800] "POST /xingrg/dwr/call/plaincall/AjaxCheckService.setItemNumber.dwr HTTP/1.1" 200 78
116.224.253.72 - - [01/Apr/2021:08:44:30 +0800] "GET /xingrg/kc/buy/cgsh_order_operate.html?command=get_materiel&rest_code=00151&code=00101006112&supplier_code=00100096&order_time=2021-04-01 HTTP/1.1" 200 409
116.235.95.160 - - [01/Apr/2021:08:44:31 +0800] "POST /xingrg/dwr/call/plaincall/AjaxCheckService.setItemNumber.dwr HTTP/1.1" 200 78
116.235.95.160 - - [01/Apr/2021:08:44:32 +0800] "POST /xingrg/dwr/call/plaincall/AjaxCheckService.setItemNumber.dwr HTTP/1.1" 200 78
101.228.165.174 - - [01/Apr/2021:08:44:33 +0800] "GET /xingrg/all/function/internal_message.html?_=1617237887753&CODE_STATE=getMsg HTTP/1.1" 200 27
116.224.253.72 - - [01/Apr/2021:08:44:39 +0800] "GET /xingrg/kc/buy/cgsh_order_operate.html?command=get_materiel&rest_code=00151&code=00101006013&supplier_code=00100096&order_time=2021-04-01 HTTP/1.1" 200 409
116.235.95.160 - - [01/Apr/2021:08:44:39 +0800] "POST /xingrg/dwr/call/plaincall/AjaxCheckService.setItemNumber.dwr HTTP/1.1" 200 78
117.184.7.26 - - [01/Apr/2021:08:44:45 +0800] "GET /xingrg/kc/base/base_main.html HTTP/1.1" 200 12142
114.88.156.246 - - [01/Apr/2021:08:44:45 +0800] "GET /xingrg/all/function/internal_message.html?_=1617237890146&CODE_STATE=getMsg HTTP/1.1" 200 27
116.235.95.160 - - [01/Apr/2021:08:44:46 +0800] "POST /xingrg/dwr/call/plaincall/AjaxCheckService.setItemNumber.dwr HTTP/1.1" 200 78
117.184.7.26 - - [01/Apr/2021:08:44:47 +0800] "GET /xingrg/kc/base/yddb_order_list.html HTTP/1.1" 200 16992
117.184.7.26 - - [01/Apr/2021:08:44:47 +0800] "POST /xingrg/kc/base/yddb_list_operate.html HTTP/1.1" 200 636
61.165.42.208 - - [01/Apr/2021:08:44:49 +0800] "GET /xingrg/all/function/internal_message.html?_=1617237894099&CODE_STATE=getMsg HTTP/1.1" 200 27
116.235.95.160 - - [01/Apr/2021:08:44:49 +0800] "POST /xingrg/dwr/call/plaincall/AjaxCheckService.setItemNumber.dwr HTTP/1.1" 200 78
58.40.7.146 - - [01/Apr/2021:08:44:50 +0800] "GET /xingrg/check_reg.html?_=1617237891452 HTTP/1.1" 302 -
114.86.187.76 - - [01/Apr/2021:08:44:51 +0800] "GET /xingrg/all/function/internal_message.html?_=1617237900468&CODE_STATE=getMsg HTTP/1.1" 200 27
61.165.42.208 - - [01/Apr/2021:08:44:53 +0800] "GET /xingrg/kc/buy/cgsh_order_operate.html?command=get_materiel&rest_code=00105&code=00101008354&supplier_code=00100203&order_time=2021-04-01 HTTP/1.1" 200 412
117.184.7.26 - - [01/Apr/2021:08:44:54 +0800] "POST /xingrg/kc/base/yddb_list_operate.html HTTP/1.1" 200 4293
117.184.7.26 - - [01/Apr/2021:08:44:56 +0800] "POST /xingrg/kc/base/yddb_list_operate.html HTTP/1.1" 200 199
61.165.42.208 - - [01/Apr/2021:08:45:01 +0800] "GET /xingrg/kc/buy/cgsh_order_operate.html?command=get_materiel&rest_code=00105&code=00101008312&supplier_code=00100203&order_time=2021-04-01 HTTP/1.1" 200 412
117.184.7.26 - - [01/Apr/2021:08:45:05 +0800] "POST /xingrg/kc/base/yddb_list_operate.html HTTP/1.1" 200 4422
180.152.227.142 - - [01/Apr/2021:08:45:06 +0800] "GET /xingrg/all/function/internal_message.html?_=1617238177158&CODE_STATE=getMsg HTTP/1.1" 200 27
116.224.253.72 - - [01/Apr/2021:08:45:06 +0800] "GET /xingrg/all/function/internal_message.html?_=1617237908844&CODE_STATE=getMsg HTTP/1.1" 200 27
117.184.7.26 - - [01/Apr/2021:08:45:07 +0800] "POST /xingrg/kc/base/yddb_list_operate.html HTTP/1.1" 200 200
61.165.42.208 - - [01/Apr/2021:08:45:08 +0800] "GET /xingrg/kc/buy/cgsh_order_operate.html?command=get_materiel&rest_code=00105&code=00101008096&supplier_code=00100203&order_time=2021-04-01 HTTP/1.1" 200 412
117.184.7.26 - - [01/Apr/2021:08:45:08 +0800] "GET /xingrg/check_reg.html?_=1617237902109 HTTP/1.1" 200 22
117.184.7.26 - - [01/Apr/2021:08:45:08 +0800] "GET /xingrg/all/function/internal_message.html?_=1617237902111&CODE_STATE=getMsg HTTP/1.1" 200 27
117.184.7.26 - - [01/Apr/2021:08:45:11 +0800] "POST /xingrg/kc/base/yddb_list_operate.html HTTP/1.1" 200 199
116.224.253.72 - - [01/Apr/2021:08:45:14 +0800] "POST /xingrg/kc/buy/cgsh_order_operate.html HTTP/1.1" 200 37
180.169.147.146 - - [01/Apr/2021:08:45:15 +0800] "GET /favicon.ico HTTP/1.1" 404 -
61.165.42.208 - - [01/Apr/2021:08:45:15 +0800] "GET /xingrg/kc/buy/cgsh_order_operate.html?command=get_materiel&rest_code=00105&code=00101008211&supplier_code=00100203&order_time=2021-04-01 HTTP/1.1" 200 412
116.224.253.72 - - [01/Apr/2021:08:45:17 +0800] "POST /xingrg/kc/buy/cgsh_order_operate.html HTTP/1.1" 200 12
117.184.7.26 - - [01/Apr/2021:08:45:18 +0800] "POST /xingrg/kc/base/yddb_list_operate.html HTTP/1.1" 200 199
116.224.253.72 - - [01/Apr/2021:08:45:18 +0800] "GET /xingrg/kc/buy/cgsh_order_info.html?code=212021040100006 HTTP/1.1" 200 56701
116.224.253.72 - - [01/Apr/2021:08:45:19 +0800] "GET /xingrg/javascript/easyui/themes/default/validatebox.css HTTP/1.1" 404 1104
116.224.253.72 - - [01/Apr/2021:08:45:19 +0800] "GET /xingrg/all/function/internal_message.html?_=1617237922805&CODE_STATE=getMsg HTTP/1.1" 200 27
116.224.253.72 - - [01/Apr/2021:08:45:19 +0800] "POST /xingrg/kc/buy/cgsh_order_operate.html HTTP/1.1" 200 6591
222.70.217.33 - - [01/Apr/2021:08:45:20 +0800] "GET /xingrg/all/function/internal_message.html?_=1617237918936&CODE_STATE=getMsg HTTP/1.1" 200 27
114.88.156.246 - - [01/Apr/2021:08:45:20 +0800] "GET /xingrg/all/function/internal_message.html?_=1617237921336&CODE_STATE=getMsg HTTP/1.1" 200 27
116.224.253.72 - - [01/Apr/2021:08:45:20 +0800] "GET /xingrg/kc/print/load_data.html?order_code=212021040100006&kc_code=cgsh&condition= HTTP/1.1" 200 3022
117.184.7.26 - - [01/Apr/2021:08:45:23 +0800] "POST /xingrg/kc/base/yddb_list_operate.html HTTP/1.1" 200 201
61.165.42.208 - - [01/Apr/2021:08:45:24 +0800] "GET /xingrg/kc/buy/cgsh_order_operate.html?command=get_materiel&rest_code=00105&code=00101008069&supplier_code=00100203&order_time=2021-04-01 HTTP/1.1" 200 412
116.235.95.160 - - [01/Apr/2021:08:45:27 +0800] "GET /xingrg/all/function/internal_message.html?_=1617238003050&CODE_STATE=getMsg HTTP/1.1" 200 27
116.224.253.72 - - [01/Apr/2021:08:45:29 +0800] "GET /xingrg/kc/buy/cgsh_order_info.html?code=212021040100001 HTTP/1.1" 200 61802
116.224.253.72 - - [01/Apr/2021:08:45:30 +0800] "GET /xingrg/javascript/easyui/themes/default/validatebox.css HTTP/1.1" 404 1104
116.224.253.72 - - [01/Apr/2021:08:45:30 +0800] "POST /xingrg/kc/buy/cgsh_order_operate.html HTTP/1.1" 200 22374
117.184.7.26 - - [01/Apr/2021:08:45:31 +0800] "POST /xingrg/kc/base/yddb_list_operate.html HTTP/1.1" 200 280
61.165.42.208 - - [01/Apr/2021:08:45:31 +0800] "GET /xingrg/kc/buy/cgsh_order_operate.html?command=get_materiel&rest_code=00105&code=00101008286&supplier_code=00100203&order_time=2021-04-01 HTTP/1.1" 200 408
117.184.7.26 - - [01/Apr/2021:08:45:31 +0800] "POST /xingrg/kc/base/yddb_list_operate.html HTTP/1.1" 200 276
101.228.165.174 - - [01/Apr/2021:08:45:33 +0800] "GET /xingrg/all/function/internal_message.html?_=1617237947767&CODE_STATE=getMsg HTTP/1.1" 200 27
117.184.7.26 - - [01/Apr/2021:08:45:35 +0800] "POST /xingrg/kc/base/yddb_list_operate.html HTTP/1.1" 200 202
116.224.253.72 - - [01/Apr/2021:08:45:35 +0800] "POST /xingrg/kc/buy/cgsh_list_operate.html HTTP/1.1" 200 2049
117.184.7.26 - - [01/Apr/2021:08:45:36 +0800] "POST /xingrg/kc/base/yddb_list_operate.html HTTP/1.1" 200 276
116.224.253.72 - - [01/Apr/2021:08:45:36 +0800] "POST /xingrg/kc/buy/cgsh_list_operate.html HTTP/1.1" 200 359
117.184.7.26 - - [01/Apr/2021:08:45:37 +0800] "POST /xingrg/kc/base/yddb_list_operate.html HTTP/1.1" 200 210
116.224.253.72 - - [01/Apr/2021:08:45:37 +0800] "GET /xingrg/kc/buy/cgsh_order_info.html?code=212021040100002 HTTP/1.1" 200 61802
116.224.253.72 - - [01/Apr/2021:08:45:37 +0800] "GET /xingrg/javascript/easyui/themes/default/validatebox.css HTTP/1.1" 404 1104
116.224.253.72 - - [01/Apr/2021:08:45:38 +0800] "POST /xingrg/kc/buy/cgsh_order_operate.html HTTP/1.1" 200 3878
117.184.7.26 - - [01/Apr/2021:08:45:39 +0800] "POST /xingrg/kc/base/yddb_list_operate.html HTTP/1.1" 200 4414
180.152.227.142 - - [01/Apr/2021:08:45:39 +0800] "POST /xingrg/kc/buy/cgsh_order_operate.html HTTP/1.1" 200 37
117.184.7.26 - - [01/Apr/2021:08:45:41 +0800] "POST /xingrg/kc/base/yddb_list_operate.html HTTP/1.1" 200 202
117.184.7.26 - - [01/Apr/2021:08:45:42 +0800] "POST /xingrg/kc/base/yddb_list_operate.html HTTP/1.1" 200 371
117.184.7.26 - - [01/Apr/2021:08:45:43 +0800] "POST /xingrg/kc/base/yddb_list_operate.html HTTP/1.1" 200 199
114.88.156.246 - - [01/Apr/2021:08:45:45 +0800] "GET /xingrg/all/function/internal_message.html?_=1617237950151&CODE_STATE=getMsg HTTP/1.1" 200 27
180.152.227.142 - - [01/Apr/2021:08:45:48 +0800] "POST /xingrg/kc/buy/cgsh_order_operate.html HTTP/1.1" 200 12
117.184.7.26 - - [01/Apr/2021:08:45:48 +0800] "POST /xingrg/kc/base/yddb_list_operate.html HTTP/1.1" 200 200
61.165.42.208 - - [01/Apr/2021:08:45:49 +0800] "GET /xingrg/all/function/internal_message.html?_=1617237954081&CODE_STATE=getMsg HTTP/1.1" 200 27
180.152.227.142 - - [01/Apr/2021:08:45:50 +0800] "GET /xingrg/kc/buy/cgsh_order_info.html?code=212021040100007 HTTP/1.1" 200 57000
222.68.64.43 - - [01/Apr/2021:08:45:50 +0800] "POST /xingrg/supplier/cgsh_list_operate.html HTTP/1.1" 200 4096
114.86.187.76 - - [01/Apr/2021:08:45:51 +0800] "GET /xingrg/check_reg.html?_=1617237960393 HTTP/1.1" 200 22
114.86.187.76 - - [01/Apr/2021:08:45:51 +0800] "GET /xingrg/all/function/internal_message.html?_=1617237960483&CODE_STATE=getMsg HTTP/1.1" 200 27
180.152.227.142 - - [01/Apr/2021:08:45:52 +0800] "GET /xingrg/javascript/easyui/themes/default/validatebox.css HTTP/1.1" 404 1104
180.152.227.142 - - [01/Apr/2021:08:45:52 +0800] "POST /xingrg/kc/buy/cgsh_order_operate.html HTTP/1.1" 200 6525
180.152.227.142 - - [01/Apr/2021:08:45:54 +0800] "GET /xingrg/kc/print/load_config.html?kc_code=cgsh HTTP/1.1" 200 1845
180.152.227.142 - - [01/Apr/2021:08:45:54 +0800] "GET /xingrg/kc/print/load_data.html?order_code=212021040100007&kc_code=cgsh&condition= HTTP/1.1" 200 2904
117.184.7.26 - - [01/Apr/2021:08:45:54 +0800] "POST /xingrg/kc/base/yddb_list_operate.html HTTP/1.1" 200 199
116.224.253.72 - - [01/Apr/2021:08:45:56 +0800] "POST /xingrg/kc/buy/cgsh_order_operate.html HTTP/1.1" 200 37
117.184.7.26 - - [01/Apr/2021:08:45:59 +0800] "POST /xingrg/kc/base/yddb_list_operate.html HTTP/1.1" 200 202
116.224.253.72 - - [01/Apr/2021:08:45:59 +0800] "POST /xingrg/kc/buy/cgsh_order_operate.html HTTP/1.1" 200 12
117.184.7.26 - - [01/Apr/2021:08:46:00 +0800] "POST /xingrg/kc/base/yddb_list_operate.html HTTP/1.1" 200 199
116.224.253.72 - - [01/Apr/2021:08:46:05 +0800] "GET /xingrg/kc/buy/cgsh_order_info.html?code=212021040100002 HTTP/1.1" 200 56699
116.224.253.72 - - [01/Apr/2021:08:46:06 +0800] "GET /xingrg/javascript/easyui/themes/default/validatebox.css HTTP/1.1" 404 1104
116.224.253.72 - - [01/Apr/2021:08:46:06 +0800] "POST /xingrg/kc/buy/cgsh_order_operate.html HTTP/1.1" 200 1828
180.152.227.142 - - [01/Apr/2021:08:46:06 +0800] "GET /xingrg/all/function/internal_message.html?_=1617238237171&CODE_STATE=getMsg HTTP/1.1" 200 27
116.224.253.72 - - [01/Apr/2021:08:46:06 +0800] "GET /xingrg/all/function/internal_message.html?_=1617237968850&CODE_STATE=getMsg HTTP/1.1" 200 27
117.184.7.26 - - [01/Apr/2021:08:46:07 +0800] "POST /xingrg/kc/base/yddb_list_operate.html HTTP/1.1" 200 202
180.152.227.142 - - [01/Apr/2021:08:46:07 +0800] "GET /xingrg/kc/buy/cgsh_order_add.html HTTP/1.1" 200 62110
117.184.7.26 - - [01/Apr/2021:08:46:08 +0800] "GET /xingrg/all/function/internal_message.html?_=1617237962111&CODE_STATE=getMsg HTTP/1.1" 200 27
116.224.253.72 - - [01/Apr/2021:08:46:08 +0800] "GET /xingrg/kc/print/load_data.html?order_code=212021040100002&kc_code=cgsh&condition= HTTP/1.1" 200 1250
180.152.227.142 - - [01/Apr/2021:08:46:09 +0800] "POST /xingrg/kc/buy/cgsh_order_operate.html HTTP/1.1" 200 8245
180.152.227.142 - - [01/Apr/2021:08:46:10 +0800] "GET /xingrg/javascript/easyui/themes/default/validatebox.css HTTP/1.1" 404 1104
117.184.7.26 - - [01/Apr/2021:08:46:10 +0800] "POST /xingrg/kc/base/yddb_list_operate.html HTTP/1.1" 200 199
117.184.7.26 - - [01/Apr/2021:08:46:15 +0800] "POST /xingrg/kc/base/yddb_list_operate.html HTTP/1.1" 200 4430
180.152.227.142 - - [01/Apr/2021:08:46:15 +0800] "GET /xingrg/javascript/easyui/plugins/jquery.draggable.js HTTP/1.1" 304 -
180.152.227.142 - - [01/Apr/2021:08:46:16 +0800] "GET /xingrg/javascript/easyui/plugins/jquery.droppable.js HTTP/1.1" 304 -
180.152.227.142 - - [01/Apr/2021:08:46:16 +0800] "GET /xingrg/javascript/easyui/themes/default/tree.css HTTP/1.1" 404 1090
180.152.227.142 - - [01/Apr/2021:08:46:16 +0800] "GET /xingrg/javascript/easyui/plugins/jquery.tree.js HTTP/1.1" 304 -
117.184.7.26 - - [01/Apr/2021:08:46:16 +0800] "POST /xingrg/kc/base/yddb_list_operate.html HTTP/1.1" 200 373
180.152.227.142 - - [01/Apr/2021:08:46:16 +0800] "POST /xingrg/all/common/load_tree.html?tree=supplier_tree_json&isDelete=1 HTTP/1.1" 200 54827
117.184.7.26 - - [01/Apr/2021:08:46:17 +0800] "POST /xingrg/kc/base/yddb_list_operate.html HTTP/1.1" 200 212
116.224.253.72 - - [01/Apr/2021:08:46:19 +0800] "GET /xingrg/all/function/internal_message.html?_=1617237982819&CODE_STATE=getMsg HTTP/1.1" 200 27
117.184.7.26 - - [01/Apr/2021:08:46:19 +0800] "POST /xingrg/kc/base/yddb_list_operate.html HTTP/1.1" 200 209
222.70.217.33 - - [01/Apr/2021:08:46:20 +0800] "GET /xingrg/check_reg.html?_=1617237978931 HTTP/1.1" 200 22
222.70.217.33 - - [01/Apr/2021:08:46:20 +0800] "GET /xingrg/all/function/internal_message.html?_=1617237978935&CODE_STATE=getMsg HTTP/1.1" 200 27
114.88.156.246 - - [01/Apr/2021:08:46:20 +0800] "GET /xingrg/all/function/internal_message.html?_=1617237981334&CODE_STATE=getMsg HTTP/1.1" 200 27
117.184.7.26 - - [01/Apr/2021:08:46:21 +0800] "POST /xingrg/kc/base/yddb_list_operate.html HTTP/1.1" 200 199
117.184.7.26 - - [01/Apr/2021:08:46:27 +0800] "POST /xingrg/kc/base/yddb_list_operate.html HTTP/1.1" 200 199
116.235.95.160 - - [01/Apr/2021:08:46:27 +0800] "GET /xingrg/all/function/internal_message.html?_=1617238063029&CODE_STATE=getMsg HTTP/1.1" 200 27
101.228.165.174 - - [01/Apr/2021:08:46:33 +0800] "GET /xingrg/all/function/internal_message.html?_=1617238007830&CODE_STATE=getMsg HTTP/1.1" 200 27
117.184.7.26 - - [01/Apr/2021:08:46:35 +0800] "POST /xingrg/kc/base/yddb_list_operate.html HTTP/1.1" 200 199
117.184.7.26 - - [01/Apr/2021:08:46:41 +0800] "POST /xingrg/kc/base/yddb_list_operate.html HTTP/1.1" 200 4420
117.184.7.26 - - [01/Apr/2021:08:46:42 +0800] "POST /xingrg/kc/base/yddb_list_operate.html HTTP/1.1" 200 199
114.88.156.246 - - [01/Apr/2021:08:46:45 +0800] "GET /xingrg/all/function/internal_message.html?_=1617238010147&CODE_STATE=getMsg HTTP/1.1" 200 27
117.184.7.26 - - [01/Apr/2021:08:46:47 +0800] "POST /xingrg/kc/base/yddb_list_operate.html HTTP/1.1" 200 199
61.165.42.208 - - [01/Apr/2021:08:46:49 +0800] "GET /xingrg/all/function/internal_message.html?_=1617238014076&CODE_STATE=getMsg HTTP/1.1" 200 27
114.86.187.76 - - [01/Apr/2021:08:46:51 +0800] "GET /xingrg/all/function/internal_message.html?_=1617238020496&CODE_STATE=getMsg HTTP/1.1" 200 27
117.184.7.26 - - [01/Apr/2021:08:46:53 +0800] "POST /xingrg/kc/base/yddb_list_operate.html HTTP/1.1" 200 199
117.184.7.26 - - [01/Apr/2021:08:46:57 +0800] "POST /xingrg/kc/base/yddb_list_operate.html HTTP/1.1" 200 199
61.165.42.208 - - [01/Apr/2021:08:47:03 +0800] "GET /xingrg/kc/buy/cgsh_order_operate.html?command=get_materiel&rest_code=00105&code=00101008131&supplier_code=00100203&order_time=2021-04-01 HTTP/1.1" 200 408
116.224.253.72 - - [01/Apr/2021:08:47:06 +0800] "GET /xingrg/all/function/internal_message.html?_=1617238028842&CODE_STATE=getMsg HTTP/1.1" 200 27
180.152.227.142 - - [01/Apr/2021:08:47:06 +0800] "GET /xingrg/all/function/internal_message.html?_=1617238297185&CODE_STATE=getMsg HTTP/1.1" 200 27
117.184.7.26 - - [01/Apr/2021:08:47:08 +0800] "GET /xingrg/all/function/internal_message.html?_=1617238022107&CODE_STATE=getMsg HTTP/1.1" 200 27
180.152.227.142 - - [01/Apr/2021:08:47:12 +0800] "GET /xingrg/kc/buy/cgsh_order_operate.html?command=get_materiel&rest_code=00102&code=00101031008&supplier_code=00100064&order_time=2021-04-01 HTTP/1.1" 200 420
61.165.42.208 - - [01/Apr/2021:08:47:13 +0800] "GET /xingrg/kc/buy/cgsh_order_operate.html?command=get_materiel&rest_code=00105&code=00101008108&supplier_code=00100203&order_time=2021-04-01 HTTP/1.1" 200 412
116.224.253.72 - - [01/Apr/2021:08:47:19 +0800] "GET /xingrg/check_reg.html?_=1617238042774 HTTP/1.1" 200 22
116.224.253.72 - - [01/Apr/2021:08:47:19 +0800] "GET /xingrg/all/function/internal_message.html?_=1617238042864&CODE_STATE=getMsg HTTP/1.1" 200 27
61.165.42.208 - - [01/Apr/2021:08:47:19 +0800] "GET /xingrg/kc/buy/cgsh_order_operate.html?command=get_materiel&rest_code=00105&code=00101008098&supplier_code=00100203&order_time=2021-04-01 HTTP/1.1" 200 412
222.70.217.33 - - [01/Apr/2021:08:47:20 +0800] "GET /xingrg/all/function/internal_message.html?_=1617238038936&CODE_STATE=getMsg HTTP/1.1" 200 27
114.88.156.246 - - [01/Apr/2021:08:47:20 +0800] "GET /xingrg/all/function/internal_message.html?_=1617238041332&CODE_STATE=getMsg HTTP/1.1" 200 27
114.88.156.246 - - [01/Apr/2021:08:47:20 +0800] "GET /xingrg/check_reg.html?_=1617238041333 HTTP/1.1" 200 22
61.165.42.208 - - [01/Apr/2021:08:47:26 +0800] "GET /xingrg/kc/buy/cgsh_order_operate.html?command=get_materiel&rest_code=00105&code=00101008353&supplier_code=00100203&order_time=2021-04-01 HTTP/1.1" 200 408
180.152.227.142 - - [01/Apr/2021:08:47:27 +0800] "GET /xingrg/kc/buy/cgsh_order_operate.html?command=get_materiel&rest_code=00102&code=00101031092&supplier_code=00100064&order_time=2021-04-01 HTTP/1.1" 200 401
116.235.95.160 - - [01/Apr/2021:08:47:27 +0800] "GET /xingrg/all/function/internal_message.html?_=1617238123002&CODE_STATE=getMsg HTTP/1.1" 200 27
101.228.165.174 - - [01/Apr/2021:08:47:33 +0800] "GET /xingrg/all/function/internal_message.html?_=1617238067842&CODE_STATE=getMsg HTTP/1.1" 200 27
61.165.42.208 - - [01/Apr/2021:08:47:34 +0800] "GET /xingrg/kc/buy/cgsh_order_operate.html?command=get_materiel&rest_code=00105&code=00101008298&supplier_code=00100203&order_time=2021-04-01 HTTP/1.1" 200 413
180.152.227.142 - - [01/Apr/2021:08:47:38 +0800] "GET /xingrg/kc/buy/cgsh_order_operate.html?command=get_materiel&rest_code=00102&code=00101031001&supplier_code=00100064&order_time=2021-04-01 HTTP/1.1" 200 419
222.68.64.43 - - [01/Apr/2021:08:47:41 +0800] "POST /xingrg/supplier/cgsh_list_operate.html HTTP/1.1" 200 5479
61.165.42.208 - - [01/Apr/2021:08:47:42 +0800] "GET /xingrg/kc/buy/cgsh_order_operate.html?command=get_materiel&rest_code=00105&code=00101008185&supplier_code=00100203&order_time=2021-04-01 HTTP/1.1" 200 409
114.88.156.246 - - [01/Apr/2021:08:47:45 +0800] "GET /xingrg/all/function/internal_message.html?_=1617238070155&CODE_STATE=getMsg HTTP/1.1" 200 27
61.165.42.208 - - [01/Apr/2021:08:47:49 +0800] "GET /xingrg/all/function/internal_message.html?_=1617238074143&CODE_STATE=getMsg HTTP/1.1" 200 27
180.152.227.142 - - [01/Apr/2021:08:47:49 +0800] "GET /xingrg/kc/buy/cgsh_order_operate.html?command=get_materiel&rest_code=00102&code=00101031006&supplier_code=00100064&order_time=2021-04-01 HTTP/1.1" 200 417
114.86.187.76 - - [01/Apr/2021:08:47:51 +0800] "GET /xingrg/all/function/internal_message.html?_=1617238080510&CODE_STATE=getMsg HTTP/1.1" 200 27
180.152.227.142 - - [01/Apr/2021:08:47:58 +0800] "POST /xingrg/kc/buy/cgsh_order_operate.html HTTP/1.1" 200 37
180.152.227.142 - - [01/Apr/2021:08:48:00 +0800] "POST /xingrg/kc/buy/cgsh_order_operate.html HTTP/1.1" 200 12
180.152.227.142 - - [01/Apr/2021:08:48:01 +0800] "GET /xingrg/kc/buy/cgsh_order_info.html?code=212021040100008 HTTP/1.1" 200 57010
180.152.227.142 - - [01/Apr/2021:08:48:03 +0800] "GET /xingrg/javascript/easyui/themes/default/validatebox.css HTTP/1.1" 404 1104
180.152.227.142 - - [01/Apr/2021:08:48:03 +0800] "POST /xingrg/kc/buy/cgsh_order_operate.html HTTP/1.1" 200 1807
180.152.227.142 - - [01/Apr/2021:08:48:06 +0800] "GET /xingrg/kc/print/load_data.html?order_code=212021040100008&kc_code=cgsh&condition= HTTP/1.1" 200 1198
116.224.253.72 - - [01/Apr/2021:08:48:06 +0800] "GET /xingrg/check_reg.html?_=1617238088876 HTTP/1.1" 200 22
116.224.253.72 - - [01/Apr/2021:08:48:06 +0800] "GET /xingrg/all/function/internal_message.html?_=1617238088880&CODE_STATE=getMsg HTTP/1.1" 200 27
117.184.7.26 - - [01/Apr/2021:08:48:08 +0800] "GET /xingrg/all/function/internal_message.html?_=1617238082117&CODE_STATE=getMsg HTTP/1.1" 200 27
61.165.42.208 - - [01/Apr/2021:08:48:09 +0800] "GET /xingrg/kc/buy/cgsh_order_operate.html?command=get_materiel&rest_code=00105&code=00101008224&supplier_code=00100203&order_time=2021-04-01 HTTP/1.1" 200 416
180.152.227.142 - - [01/Apr/2021:08:48:09 +0800] "GET /xingrg/all/function/internal_message.html?_=1617238360277&CODE_STATE=getMsg HTTP/1.1" 200 27
116.224.253.72 - - [01/Apr/2021:08:48:19 +0800] "GET /xingrg/all/function/internal_message.html?_=1617238102923&CODE_STATE=getMsg HTTP/1.1" 200 27
222.70.217.33 - - [01/Apr/2021:08:48:20 +0800] "GET /xingrg/all/function/internal_message.html?_=1617238098929&CODE_STATE=getMsg HTTP/1.1" 200 27
114.88.156.246 - - [01/Apr/2021:08:48:20 +0800] "GET /xingrg/all/function/internal_message.html?_=1617238101359&CODE_STATE=getMsg HTTP/1.1" 200 27
61.129.6.227 - - [01/Apr/2021:08:48:20 +0800] "GET /xingrg/check_reg.html?_=1617238041333 HTTP/1.1" 302 -
61.129.6.227 - - [01/Apr/2021:08:48:21 +0800] "GET /xingrg/login.html HTTP/1.1" 200 7641
61.165.42.208 - - [01/Apr/2021:08:48:22 +0800] "GET /xingrg/kc/buy/cgsh_order_operate.html?command=get_materiel&rest_code=00105&code=00101008144&supplier_code=00100203&order_time=2021-04-01 HTTP/1.1" 200 412
116.235.95.160 - - [01/Apr/2021:08:48:27 +0800] "GET /xingrg/all/function/internal_message.html?_=1617238183006&CODE_STATE=getMsg HTTP/1.1" 200 27
116.235.95.160 - - [01/Apr/2021:08:48:27 +0800] "GET /xingrg/check_reg.html?_=1617238183053 HTTP/1.1" 200 22
222.70.217.33 - - [01/Apr/2021:08:48:29 +0800] "POST /xingrg/services/DataTransmitService HTTP/1.1" 200 524
101.228.165.174 - - [01/Apr/2021:08:48:33 +0800] "GET /xingrg/all/function/internal_message.html?_=1617238127897&CODE_STATE=getMsg HTTP/1.1" 200 27
114.88.156.246 - - [01/Apr/2021:08:48:45 +0800] "GET /xingrg/all/function/internal_message.html?_=1617238130153&CODE_STATE=getMsg HTTP/1.1" 200 27
114.88.156.246 - - [01/Apr/2021:08:48:45 +0800] "GET /xingrg/check_reg.html?_=1617238130154 HTTP/1.1" 200 22
61.165.42.208 - - [01/Apr/2021:08:48:48 +0800] "GET /xingrg/kc/buy/cgsh_order_operate.html?command=get_materiel&rest_code=00105&code=00101008350&supplier_code=00100203&order_time=2021-04-01 HTTP/1.1" 200 408
61.165.42.208 - - [01/Apr/2021:08:48:49 +0800] "GET /xingrg/check_reg.html?_=1617238134072 HTTP/1.1" 200 22
61.165.42.208 - - [01/Apr/2021:08:48:49 +0800] "GET /xingrg/all/function/internal_message.html?_=1617238134075&CODE_STATE=getMsg HTTP/1.1" 200 27
114.86.187.76 - - [01/Apr/2021:08:48:51 +0800] "GET /xingrg/all/function/internal_message.html?_=1617238140538&CODE_STATE=getMsg HTTP/1.1" 200 27
61.165.42.208 - - [01/Apr/2021:08:49:01 +0800] "GET /xingrg/kc/buy/cgsh_order_operate.html?command=get_materiel&rest_code=00105&code=00101008036&supplier_code=00100203&order_time=2021-04-01 HTTP/1.1" 200 408
101.228.165.174 - - [01/Apr/2021:08:49:03 +0800] "GET /xingrg/check_reg.html?_=1617238157781 HTTP/1.1" 200 22
61.165.42.208 - - [01/Apr/2021:08:49:04 +0800] "POST /xingrg/kc/buy/cgsh_order_operate.html HTTP/1.1" 200 2065
61.165.42.208 - - [01/Apr/2021:08:49:06 +0800] "POST /xingrg/kc/buy/cgsh_order_operate.html HTTP/1.1" 200 2065
180.152.227.142 - - [01/Apr/2021:08:49:06 +0800] "GET /xingrg/check_reg.html?_=1617238416806 HTTP/1.1" 200 22
116.224.253.72 - - [01/Apr/2021:08:49:06 +0800] "GET /xingrg/all/function/internal_message.html?_=1617238148868&CODE_STATE=getMsg HTTP/1.1" 200 27
61.165.42.208 - - [01/Apr/2021:08:49:07 +0800] "POST /xingrg/kc/buy/cgsh_order_operate.html HTTP/1.1" 200 2065
117.184.7.26 - - [01/Apr/2021:08:49:08 +0800] "GET /xingrg/all/function/internal_message.html?_=1617238142121&CODE_STATE=getMsg HTTP/1.1" 200 27
180.152.227.142 - - [01/Apr/2021:08:49:09 +0800] "GET /xingrg/all/function/internal_message.html?_=1617238420285&CODE_STATE=getMsg HTTP/1.1" 200 27
61.165.42.208 - - [01/Apr/2021:08:49:16 +0800] "GET /xingrg/kc/buy/cgsh_order_operate.html?command=get_materiel&rest_code=00105&code=00101008355&supplier_code=00100203&order_time=2021-04-01 HTTP/1.1" 200 408
116.224.253.72 - - [01/Apr/2021:08:49:19 +0800] "GET /xingrg/all/function/internal_message.html?_=1617238162938&CODE_STATE=getMsg HTTP/1.1" 200 27
222.70.217.33 - - [01/Apr/2021:08:49:20 +0800] "GET /xingrg/all/function/internal_message.html?_=1617238158927&CODE_STATE=getMsg HTTP/1.1" 200 27
114.88.156.246 - - [01/Apr/2021:08:49:20 +0800] "GET /xingrg/all/function/internal_message.html?_=1617238161373&CODE_STATE=getMsg HTTP/1.1" 200 27
61.129.7.235 - - [01/Apr/2021:08:49:20 +0800] "GET /xingrg/all/function/internal_message.html?_=1617238101359&CODE_STATE=getMsg HTTP/1.1" 302 -
61.129.7.235 - - [01/Apr/2021:08:49:22 +0800] "GET /xingrg/login.html HTTP/1.1" 200 7641
180.152.227.142 - - [01/Apr/2021:08:49:25 +0800] "GET /xingrg/javascript/jquery_easy_ui/themes/default/images/tabs_active.png HTTP/1.1" 304 -
116.235.95.160 - - [01/Apr/2021:08:49:27 +0800] "GET /xingrg/all/function/internal_message.html?_=1617238243001&CODE_STATE=getMsg HTTP/1.1" 200 27
101.228.165.174 - - [01/Apr/2021:08:49:33 +0800] "GET /xingrg/all/function/internal_message.html?_=1617238187899&CODE_STATE=getMsg HTTP/1.1" 200 27
61.165.42.208 - - [01/Apr/2021:08:49:34 +0800] "GET /xingrg/kc/buy/cgsh_order_operate.html?command=get_materiel&rest_code=00105&code=00101008092&supplier_code=00100203&order_time=2021-04-01 HTTP/1.1" 200 412
61.165.42.208 - - [01/Apr/2021:08:49:41 +0800] "GET /xingrg/kc/buy/cgsh_order_operate.html?command=get_materiel&rest_code=00105&code=00101008041&supplier_code=00100203&order_time=2021-04-01 HTTP/1.1" 200 408
114.88.156.246 - - [01/Apr/2021:08:49:45 +0800] "GET /xingrg/all/function/internal_message.html?_=1617238190152&CODE_STATE=getMsg HTTP/1.1" 200 27
61.165.42.208 - - [01/Apr/2021:08:49:49 +0800] "GET /xingrg/all/function/internal_message.html?_=1617238194147&CODE_STATE=getMsg HTTP/1.1" 200 27
58.40.7.146 - - [01/Apr/2021:08:49:50 +0800] "GET /xingrg/check_reg.html?_=1617238191428 HTTP/1.1" 302 -
114.86.187.76 - - [01/Apr/2021:08:49:51 +0800] "GET /xingrg/all/function/internal_message.html?_=1617238200565&CODE_STATE=getMsg HTTP/1.1" 200 27
61.165.42.208 - - [01/Apr/2021:08:49:56 +0800] "GET /xingrg/kc/buy/cgsh_order_operate.html?command=get_materiel&rest_code=00105&code=00101015062&supplier_code=00100203&order_time=2021-04-01 HTTP/1.1" 200 412
61.165.42.208 - - [01/Apr/2021:08:50:06 +0800] "GET /xingrg/kc/buy/cgsh_order_operate.html?command=get_materiel&rest_code=00105&code=00101015032&supplier_code=00100203&order_time=2021-04-01 HTTP/1.1" 200 418
116.224.253.72 - - [01/Apr/2021:08:50:06 +0800] "GET /xingrg/all/function/internal_message.html?_=1617238208873&CODE_STATE=getMsg HTTP/1.1" 200 27
117.184.7.26 - - [01/Apr/2021:08:50:08 +0800] "GET /xingrg/check_reg.html?_=1617238202121 HTTP/1.1" 200 22
117.184.7.26 - - [01/Apr/2021:08:50:08 +0800] "GET /xingrg/all/function/internal_message.html?_=1617238202126&CODE_STATE=getMsg HTTP/1.1" 200 27
180.152.227.142 - - [01/Apr/2021:08:50:09 +0800] "GET /xingrg/all/function/internal_message.html?_=1617238480298&CODE_STATE=getMsg HTTP/1.1" 200 27
101.228.165.174 - - [01/Apr/2021:08:50:15 +0800] "POST /xingrg/dwr/call/plaincall/AjaxCheckService.setItemNumber.dwr HTTP/1.1" 200 78
101.228.165.174 - - [01/Apr/2021:08:50:18 +0800] "GET /xingrg/kc/base/check_order_info.html?code=452021033100469 HTTP/1.1" 200 26400
101.228.165.174 - - [01/Apr/2021:08:50:18 +0800] "GET /xingrg/dwr/interface/AjaxCheckService.js HTTP/1.1" 200 14003
101.228.165.174 - - [01/Apr/2021:08:50:18 +0800] "GET /xingrg/dwr/interface/AjaxComOrderService.js HTTP/1.1" 200 18264
101.228.165.174 - - [01/Apr/2021:08:50:18 +0800] "GET /xingrg/dwr/engine.js HTTP/1.1" 200 43631
101.228.165.174 - - [01/Apr/2021:08:50:18 +0800] "POST /xingrg/dwr/call/plaincall/AjaxCheckService.loadOrderItems.dwr HTTP/1.1" 200 130239
222.70.217.33 - - [01/Apr/2021:08:50:19 +0800] "GET /xingrg/kc/buy/cgsh_order_add.html HTTP/1.1" 200 62119
116.224.253.72 - - [01/Apr/2021:08:50:19 +0800] "GET /xingrg/all/function/internal_message.html?_=1617238222995&CODE_STATE=getMsg HTTP/1.1" 200 27
222.70.217.33 - - [01/Apr/2021:08:50:19 +0800] "GET /xingrg/words/20210330160040_words.js HTTP/1.1" 304 -
222.70.217.33 - - [01/Apr/2021:08:50:20 +0800] "POST /xingrg/kc/buy/cgsh_order_operate.html HTTP/1.1" 200 8245
222.70.217.33 - - [01/Apr/2021:08:50:20 +0800] "GET /xingrg/all/common/auto_word.html?type=employee&rest_code=00155 HTTP/1.1" 200 109
222.70.217.33 - - [01/Apr/2021:08:50:20 +0800] "GET /xingrg/javascript/easyui/themes/default/validatebox.css HTTP/1.1" 404 1104
222.70.217.33 - - [01/Apr/2021:08:50:20 +0800] "GET /xingrg/all/common/auto_word.html?type=employee&rest_code=00155 HTTP/1.1" 200 109
222.70.217.33 - - [01/Apr/2021:08:50:20 +0800] "GET /xingrg/all/function/internal_message.html?_=1617238218958&CODE_STATE=getMsg HTTP/1.1" 200 27
114.88.156.246 - - [01/Apr/2021:08:50:20 +0800] "GET /xingrg/all/function/internal_message.html?_=1617238221371&CODE_STATE=getMsg HTTP/1.1" 200 27
222.70.217.33 - - [01/Apr/2021:08:50:21 +0800] "GET /xingrg/javascript/jquery_tools/images/next.gif HTTP/1.1" 404 1086
222.70.217.33 - - [01/Apr/2021:08:50:21 +0800] "GET /xingrg/javascript/jquery_tools/images/prev.gif HTTP/1.1" 404 1086
101.228.165.174 - - [01/Apr/2021:08:50:24 +0800] "POST /xingrg/dwr/call/plaincall/AjaxCheckService.setItemNumber.dwr HTTP/1.1" 200 76
101.228.165.174 - - [01/Apr/2021:08:50:26 +0800] "POST /xingrg/dwr/call/plaincall/AjaxCheckService.setItemNumber.dwr HTTP/1.1" 200 76
222.70.217.33 - - [01/Apr/2021:08:50:27 +0800] "GET /xingrg/kc/buy/cgsh_order_operate.html?command=get_materiel&rest_code=00155&code=00101007061&supplier_code=00100002&order_time=2021-04-01 HTTP/1.1" 200 409
116.235.95.160 - - [01/Apr/2021:08:50:27 +0800] "GET /xingrg/all/function/internal_message.html?_=1617238303001&CODE_STATE=getMsg HTTP/1.1" 200 27
101.228.165.174 - - [01/Apr/2021:08:50:28 +0800] "POST /xingrg/dwr/call/plaincall/AjaxCheckService.setItemNumber.dwr HTTP/1.1" 200 76
101.228.165.174 - - [01/Apr/2021:08:50:28 +0800] "POST /xingrg/dwr/call/plaincall/AjaxCheckService.setItemNumber.dwr HTTP/1.1" 200 76
101.228.165.174 - - [01/Apr/2021:08:50:30 +0800] "POST /xingrg/dwr/call/plaincall/AjaxCheckService.setItemNumber.dwr HTTP/1.1" 200 76
101.228.165.174 - - [01/Apr/2021:08:50:31 +0800] "POST /xingrg/dwr/call/plaincall/AjaxCheckService.setItemNumber.dwr HTTP/1.1" 200 76
101.228.165.174 - - [01/Apr/2021:08:50:32 +0800] "POST /xingrg/dwr/call/plaincall/AjaxCheckService.setItemNumber.dwr HTTP/1.1" 200 76
101.228.165.174 - - [01/Apr/2021:08:50:33 +0800] "POST /xingrg/dwr/call/plaincall/AjaxCheckService.setItemNumber.dwr HTTP/1.1" 200 76
101.228.165.174 - - [01/Apr/2021:08:50:33 +0800] "GET /xingrg/all/function/internal_message.html?_=1617238247912&CODE_STATE=getMsg HTTP/1.1" 200 27
222.70.217.33 - - [01/Apr/2021:08:50:34 +0800] "GET /xingrg/kc/buy/cgsh_order_operate.html?command=get_materiel&rest_code=00155&code=00101007125&supplier_code=00100002&order_time=2021-04-01 HTTP/1.1" 200 406
101.228.165.174 - - [01/Apr/2021:08:50:35 +0800] "POST /xingrg/dwr/call/plaincall/AjaxCheckService.setItemNumber.dwr HTTP/1.1" 200 76
101.228.165.174 - - [01/Apr/2021:08:50:37 +0800] "POST /xingrg/dwr/call/plaincall/AjaxCheckService.setItemNumber.dwr HTTP/1.1" 200 77
101.228.165.174 - - [01/Apr/2021:08:50:38 +0800] "POST /xingrg/dwr/call/plaincall/AjaxCheckService.setItemNumber.dwr HTTP/1.1" 200 77
101.228.165.174 - - [01/Apr/2021:08:50:39 +0800] "POST /xingrg/dwr/call/plaincall/AjaxCheckService.setItemNumber.dwr HTTP/1.1" 200 77
101.228.165.174 - - [01/Apr/2021:08:50:40 +0800] "POST /xingrg/dwr/call/plaincall/AjaxCheckService.setItemNumber.dwr HTTP/1.1" 200 77
101.228.165.174 - - [01/Apr/2021:08:50:42 +0800] "POST /xingrg/dwr/call/plaincall/AjaxCheckService.setItemNumber.dwr HTTP/1.1" 200 77
61.165.42.208 - - [01/Apr/2021:08:50:42 +0800] "GET /xingrg/kc/buy/cgsh_order_operate.html?command=get_materiel&rest_code=00105&code=00101015107&supplier_code=00100203&order_time=2021-04-01 HTTP/1.1" 200 397
101.228.165.174 - - [01/Apr/2021:08:50:43 +0800] "POST /xingrg/dwr/call/plaincall/AjaxCheckService.setItemNumber.dwr HTTP/1.1" 200 77
101.228.165.174 - - [01/Apr/2021:08:50:44 +0800] "POST /xingrg/dwr/call/plaincall/AjaxCheckService.setItemNumber.dwr HTTP/1.1" 200 77
114.88.156.246 - - [01/Apr/2021:08:50:45 +0800] "GET /xingrg/all/function/internal_message.html?_=1617238250146&CODE_STATE=getMsg HTTP/1.1" 200 27
101.228.165.174 - - [01/Apr/2021:08:50:45 +0800] "POST /xingrg/dwr/call/plaincall/AjaxCheckService.setItemNumber.dwr HTTP/1.1" 200 77
101.228.165.174 - - [01/Apr/2021:08:50:46 +0800] "POST /xingrg/dwr/call/plaincall/AjaxCheckService.setItemNumber.dwr HTTP/1.1" 200 77
101.228.165.174 - - [01/Apr/2021:08:50:48 +0800] "POST /xingrg/dwr/call/plaincall/AjaxCheckService.setItemNumber.dwr HTTP/1.1" 200 77
101.228.165.174 - - [01/Apr/2021:08:50:49 +0800] "POST /xingrg/dwr/call/plaincall/AjaxCheckService.setItemNumber.dwr HTTP/1.1" 200 77
61.165.42.208 - - [01/Apr/2021:08:50:49 +0800] "GET /xingrg/all/function/internal_message.html?_=1617238254203&CODE_STATE=getMsg HTTP/1.1" 200 27
101.228.165.174 - - [01/Apr/2021:08:50:50 +0800] "POST /xingrg/dwr/call/plaincall/AjaxCheckService.setItemNumber.dwr HTTP/1.1" 200 77
114.86.187.76 - - [01/Apr/2021:08:50:51 +0800] "GET /xingrg/check_reg.html?_=1617238260394 HTTP/1.1" 200 22
116.233.78.130 - - [01/Apr/2021:08:50:51 +0800] "GET /xingrg/login.html HTTP/1.1" 200 7641
101.228.165.174 - - [01/Apr/2021:08:50:51 +0800] "POST /xingrg/dwr/call/plaincall/AjaxCheckService.setItemNumber.dwr HTTP/1.1" 200 77
114.86.187.76 - - [01/Apr/2021:08:50:51 +0800] "GET /xingrg/all/function/internal_message.html?_=1617238260593&CODE_STATE=getMsg HTTP/1.1" 200 27
116.233.78.130 - - [01/Apr/2021:08:50:52 +0800] "GET /favicon.ico HTTP/1.1" 404 -
101.228.165.174 - - [01/Apr/2021:08:50:52 +0800] "POST /xingrg/dwr/call/plaincall/AjaxCheckService.setItemNumber.dwr HTTP/1.1" 200 77
101.228.165.174 - - [01/Apr/2021:08:50:53 +0800] "POST /xingrg/dwr/call/plaincall/AjaxCheckService.setItemNumber.dwr HTTP/1.1" 200 77
61.165.42.208 - - [01/Apr/2021:08:50:55 +0800] "GET /xingrg/kc/buy/cgsh_order_operate.html?command=get_materiel&rest_code=00105&code=00101009018&supplier_code=00100203&order_time=2021-04-01 HTTP/1.1" 200 408
101.228.165.174 - - [01/Apr/2021:08:50:56 +0800] "POST /xingrg/dwr/call/plaincall/AjaxCheckService.setItemNumber.dwr HTTP/1.1" 200 77
101.228.165.174 - - [01/Apr/2021:08:50:56 +0800] "POST /xingrg/dwr/call/plaincall/AjaxCheckService.setItemNumber.dwr HTTP/1.1" 200 77
101.228.165.174 - - [01/Apr/2021:08:50:58 +0800] "POST /xingrg/dwr/call/plaincall/AjaxCheckService.setItemNumber.dwr HTTP/1.1" 200 77
116.233.78.130 - - [01/Apr/2021:08:50:58 +0800] "POST /xingrg/login.do HTTP/1.1" 302 -
116.233.78.130 - - [01/Apr/2021:08:50:58 +0800] "GET /xingrg/index.html?sysBaseUrl=http%3A%2F%2F180.169.147.146%3A18081%2Fxingrg%2F&costTime=52×tamp=1617238258956 HTTP/1.1" 200 17173
116.233.78.130 - - [01/Apr/2021:08:50:59 +0800] "GET /favicon.ico HTTP/1.1" 404 -
116.233.78.130 - - [01/Apr/2021:08:50:59 +0800] "POST /xingrg/all/common/load_tree.html?tree=area_rest_tree_json&manage=1 HTTP/1.1" 200 342
116.233.78.130 - - [01/Apr/2021:08:50:59 +0800] "GET /xingrg/all/function/internal_message.html?_=1617238268100&CODE_STATE=count HTTP/1.1" 200 11
116.233.78.130 - - [01/Apr/2021:08:50:59 +0800] "GET /xingrg/check_reg.html?_=1617238268101 HTTP/1.1" 200 22
116.233.78.130 - - [01/Apr/2021:08:50:59 +0800] "POST /xingrg/load_menu.html HTTP/1.1" 200 5138
101.228.165.174 - - [01/Apr/2021:08:50:59 +0800] "POST /xingrg/dwr/call/plaincall/AjaxCheckService.setItemNumber.dwr HTTP/1.1" 200 77
116.233.78.130 - - [01/Apr/2021:08:51:01 +0800] "GET /xingrg/kc/base/base_main.html HTTP/1.1" 200 12142
116.233.78.130 - - [01/Apr/2021:08:51:02 +0800] "GET /xingrg/kc/base/check_order_list.html HTTP/1.1" 200 16511
116.233.78.130 - - [01/Apr/2021:08:51:02 +0800] "POST /xingrg/kc/base/check_list_operate.html HTTP/1.1" 200 4643
222.70.217.33 - - [01/Apr/2021:08:51:05 +0800] "GET /xingrg/kc/buy/cgsh_order_operate.html?command=get_materiel&rest_code=00155&code=00101007048&supplier_code=00100002&order_time=2021-04-01 HTTP/1.1" 200 408
116.224.253.72 - - [01/Apr/2021:08:51:06 +0800] "GET /xingrg/all/function/internal_message.html?_=1617238268879&CODE_STATE=getMsg HTTP/1.1" 200 27
117.184.7.26 - - [01/Apr/2021:08:51:08 +0800] "GET /xingrg/all/function/internal_message.html?_=1617238262113&CODE_STATE=getMsg HTTP/1.1" 200 27
180.152.227.142 - - [01/Apr/2021:08:51:10 +0800] "GET /xingrg/all/function/internal_message.html?_=1617238540313&CODE_STATE=getMsg HTTP/1.1" 200 27
116.233.78.130 - - [01/Apr/2021:08:51:10 +0800] "GET /xingrg/kc/base/check_order_info.html?code=452021033100531 HTTP/1.1" 200 26486
116.233.78.130 - - [01/Apr/2021:08:51:10 +0800] "GET /xingrg/dwr/interface/AjaxCheckService.js HTTP/1.1" 200 14003
116.233.78.130 - - [01/Apr/2021:08:51:10 +0800] "GET /xingrg/dwr/interface/AjaxComOrderService.js HTTP/1.1" 200 18264
116.233.78.130 - - [01/Apr/2021:08:51:10 +0800] "GET /xingrg/dwr/util.js HTTP/1.1" 200 35990
116.233.78.130 - - [01/Apr/2021:08:51:10 +0800] "GET /xingrg/dwr/engine.js HTTP/1.1" 200 43631
116.233.78.130 - - [01/Apr/2021:08:51:10 +0800] "POST /xingrg/dwr/call/plaincall/AjaxCheckService.loadOrderItems.dwr HTTP/1.1" 200 86011
222.68.64.43 - - [01/Apr/2021:08:51:17 +0800] "POST /xingrg/supplier/cgsh_list_operate.html HTTP/1.1" 200 3711
116.224.253.72 - - [01/Apr/2021:08:51:19 +0800] "GET /xingrg/all/function/internal_message.html?_=1617238282995&CODE_STATE=getMsg HTTP/1.1" 200 27
222.70.217.33 - - [01/Apr/2021:08:51:20 +0800] "GET /xingrg/check_reg.html?_=1617238278939 HTTP/1.1" 200 22
222.70.217.33 - - [01/Apr/2021:08:51:20 +0800] "GET /xingrg/all/function/internal_message.html?_=1617238278942&CODE_STATE=getMsg HTTP/1.1" 200 27
114.88.156.246 - - [01/Apr/2021:08:51:20 +0800] "GET /xingrg/all/function/internal_message.html?_=1617238281370&CODE_STATE=getMsg HTTP/1.1" 200 27
101.228.165.174 - - [01/Apr/2021:08:51:24 +0800] "POST /xingrg/dwr/call/plaincall/AjaxCheckService.setItemNumber.dwr HTTP/1.1" 200 77
222.70.217.33 - - [01/Apr/2021:08:51:27 +0800] "GET /xingrg/kc/buy/cgsh_order_operate.html?command=get_materiel&rest_code=00155&code=00101006259&supplier_code=00100002&order_time=2021-04-01 HTTP/1.1" 200 395
101.228.165.174 - - [01/Apr/2021:08:51:27 +0800] "POST /xingrg/dwr/call/plaincall/AjaxCheckService.setItemNumber.dwr HTTP/1.1" 200 77
116.235.95.160 - - [01/Apr/2021:08:51:27 +0800] "GET /xingrg/all/function/internal_message.html?_=1617238362999&CODE_STATE=getMsg HTTP/1.1" 200 27
61.165.42.208 - - [01/Apr/2021:08:51:28 +0800] "GET /xingrg/kc/buy/cgsh_order_operate.html?command=get_materiel&rest_code=00105&code=00101009063&supplier_code=00100203&order_time=2021-04-01 HTTP/1.1" 200 409
101.228.165.174 - - [01/Apr/2021:08:51:29 +0800] "POST /xingrg/dwr/call/plaincall/AjaxCheckService.setItemNumber.dwr HTTP/1.1" 200 77
101.228.165.174 - - [01/Apr/2021:08:51:32 +0800] "POST /xingrg/dwr/call/plaincall/AjaxCheckService.setItemNumber.dwr HTTP/1.1" 200 77
101.228.165.174 - - [01/Apr/2021:08:51:33 +0800] "GET /xingrg/all/function/internal_message.html?_=1617238307926&CODE_STATE=getMsg HTTP/1.1" 200 27
116.233.78.130 - - [01/Apr/2021:08:51:34 +0800] "POST /xingrg/dwr/call/plaincall/AjaxCheckService.setItemNumber.dwr HTTP/1.1" 200 76
101.228.165.174 - - [01/Apr/2021:08:51:35 +0800] "POST /xingrg/dwr/call/plaincall/AjaxCheckService.setItemNumber.dwr HTTP/1.1" 200 77
222.70.217.33 - - [01/Apr/2021:08:51:35 +0800] "GET /xingrg/kc/buy/cgsh_order_operate.html?command=get_materiel&rest_code=00155&code=00101007077&supplier_code=00100002&order_time=2021-04-01 HTTP/1.1" 200 415
116.233.78.130 - - [01/Apr/2021:08:51:36 +0800] "POST /xingrg/dwr/call/plaincall/AjaxCheckService.setItemNumber.dwr HTTP/1.1" 200 76
116.233.78.130 - - [01/Apr/2021:08:51:36 +0800] "POST /xingrg/dwr/call/plaincall/AjaxCheckService.setItemNumber.dwr HTTP/1.1" 200 76
116.233.78.130 - - [01/Apr/2021:08:51:37 +0800] "POST /xingrg/dwr/call/plaincall/AjaxCheckService.setItemNumber.dwr HTTP/1.1" 200 76
116.233.78.130 - - [01/Apr/2021:08:51:37 +0800] "POST /xingrg/dwr/call/plaincall/AjaxCheckService.setItemNumber.dwr HTTP/1.1" 200 76
101.228.165.174 - - [01/Apr/2021:08:51:38 +0800] "POST /xingrg/dwr/call/plaincall/AjaxCheckService.setItemNumber.dwr HTTP/1.1" 200 77
116.233.78.130 - - [01/Apr/2021:08:51:38 +0800] "POST /xingrg/dwr/call/plaincall/AjaxCheckService.setItemNumber.dwr HTTP/1.1" 200 76
116.233.78.130 - - [01/Apr/2021:08:51:38 +0800] "POST /xingrg/dwr/call/plaincall/AjaxCheckService.setItemNumber.dwr HTTP/1.1" 200 76
116.233.78.130 - - [01/Apr/2021:08:51:39 +0800] "POST /xingrg/dwr/call/plaincall/AjaxCheckService.setItemNumber.dwr HTTP/1.1" 200 76
101.228.165.174 - - [01/Apr/2021:08:51:39 +0800] "POST /xingrg/dwr/call/plaincall/AjaxCheckService.setItemNumber.dwr HTTP/1.1" 200 77
116.233.78.130 - - [01/Apr/2021:08:51:39 +0800] "POST /xingrg/dwr/call/plaincall/AjaxCheckService.setItemNumber.dwr HTTP/1.1" 200 76
116.233.78.130 - - [01/Apr/2021:08:51:39 +0800] "POST /xingrg/dwr/call/plaincall/AjaxCheckService.setItemNumber.dwr HTTP/1.1" 200 77
101.228.165.174 - - [01/Apr/2021:08:51:40 +0800] "POST /xingrg/dwr/call/plaincall/AjaxCheckService.setItemNumber.dwr HTTP/1.1" 200 77
101.228.165.174 - - [01/Apr/2021:08:51:40 +0800] "POST /xingrg/dwr/call/plaincall/AjaxCheckService.setItemNumber.dwr HTTP/1.1" 200 77
101.228.165.174 - - [01/Apr/2021:08:51:41 +0800] "POST /xingrg/dwr/call/plaincall/AjaxCheckService.setItemNumber.dwr HTTP/1.1" 200 77
101.228.165.174 - - [01/Apr/2021:08:51:44 +0800] "POST /xingrg/dwr/call/plaincall/AjaxCheckService.setItemNumber.dwr HTTP/1.1" 200 77
114.88.156.246 - - [01/Apr/2021:08:51:45 +0800] "GET /xingrg/all/function/internal_message.html?_=1617238310157&CODE_STATE=getMsg HTTP/1.1" 200 27
61.129.6.227 - - [01/Apr/2021:08:51:46 +0800] "GET /xingrg/all/function/internal_message.html?_=1617238250146&CODE_STATE=getMsg HTTP/1.1" 302 -
101.228.165.174 - - [01/Apr/2021:08:51:46 +0800] "POST /xingrg/dwr/call/plaincall/AjaxCheckService.setItemNumber.dwr HTTP/1.1" 200 77
101.228.165.174 - - [01/Apr/2021:08:51:47 +0800] "POST /xingrg/dwr/call/plaincall/AjaxCheckService.setItemNumber.dwr HTTP/1.1" 200 77
61.129.6.227 - - [01/Apr/2021:08:51:48 +0800] "GET /xingrg/login.html HTTP/1.1" 200 7641
101.228.165.174 - - [01/Apr/2021:08:51:48 +0800] "POST /xingrg/dwr/call/plaincall/AjaxCheckService.setItemNumber.dwr HTTP/1.1" 200 77
61.165.42.208 - - [01/Apr/2021:08:51:49 +0800] "GET /xingrg/all/function/internal_message.html?_=1617238314191&CODE_STATE=getMsg HTTP/1.1" 200 27
101.228.165.174 - - [01/Apr/2021:08:51:49 +0800] "POST /xingrg/dwr/call/plaincall/AjaxCheckService.setItemNumber.dwr HTTP/1.1" 200 77
101.228.165.174 - - [01/Apr/2021:08:51:51 +0800] "POST /xingrg/dwr/call/plaincall/AjaxCheckService.setItemNumber.dwr HTTP/1.1" 200 77
101.228.165.174 - - [01/Apr/2021:08:51:51 +0800] "POST /xingrg/dwr/call/plaincall/AjaxCheckService.setItemNumber.dwr HTTP/1.1" 200 77
114.86.187.76 - - [01/Apr/2021:08:51:51 +0800] "GET /xingrg/all/function/internal_message.html?_=1617238320596&CODE_STATE=getMsg HTTP/1.1" 200 27
101.228.165.174 - - [01/Apr/2021:08:51:52 +0800] "POST /xingrg/dwr/call/plaincall/AjaxCheckService.setItemNumber.dwr HTTP/1.1" 200 77
116.233.78.130 - - [01/Apr/2021:08:51:54 +0800] "POST /xingrg/dwr/call/plaincall/AjaxCheckService.setItemNumber.dwr HTTP/1.1" 200 77
116.233.78.130 - - [01/Apr/2021:08:51:55 +0800] "POST /xingrg/dwr/call/plaincall/AjaxCheckService.setItemNumber.dwr HTTP/1.1" 200 77
116.233.78.130 - - [01/Apr/2021:08:51:55 +0800] "POST /xingrg/dwr/call/plaincall/AjaxCheckService.setItemNumber.dwr HTTP/1.1" 200 77
116.233.78.130 - - [01/Apr/2021:08:51:55 +0800] "POST /xingrg/dwr/call/plaincall/AjaxCheckService.setItemNumber.dwr HTTP/1.1" 200 77
116.233.78.130 - - [01/Apr/2021:08:51:56 +0800] "POST /xingrg/dwr/call/plaincall/AjaxCheckService.setItemNumber.dwr HTTP/1.1" 200 77
101.228.165.174 - - [01/Apr/2021:08:51:56 +0800] "POST /xingrg/dwr/call/plaincall/AjaxCheckService.setItemNumber.dwr HTTP/1.1" 200 77
116.233.78.130 - - [01/Apr/2021:08:51:56 +0800] "POST /xingrg/dwr/call/plaincall/AjaxCheckService.setItemNumber.dwr HTTP/1.1" 200 77
116.233.78.130 - - [01/Apr/2021:08:51:56 +0800] "POST /xingrg/dwr/call/plaincall/AjaxCheckService.setItemNumber.dwr HTTP/1.1" 200 77
101.228.165.174 - - [01/Apr/2021:08:51:57 +0800] "POST /xingrg/dwr/call/plaincall/AjaxCheckService.setItemNumber.dwr HTTP/1.1" 200 77
116.233.78.130 - - [01/Apr/2021:08:51:57 +0800] "POST /xingrg/dwr/call/plaincall/AjaxCheckService.setItemNumber.dwr HTTP/1.1" 200 77
116.233.78.130 - - [01/Apr/2021:08:51:57 +0800] "POST /xingrg/dwr/call/plaincall/AjaxCheckService.setItemNumber.dwr HTTP/1.1" 200 77
116.233.78.130 - - [01/Apr/2021:08:51:57 +0800] "POST /xingrg/dwr/call/plaincall/AjaxCheckService.setItemNumber.dwr HTTP/1.1" 200 77
116.233.78.130 - - [01/Apr/2021:08:51:58 +0800] "POST /xingrg/dwr/call/plaincall/AjaxCheckService.setItemNumber.dwr HTTP/1.1" 200 77
101.228.165.174 - - [01/Apr/2021:08:51:58 +0800] "POST /xingrg/dwr/call/plaincall/AjaxCheckService.setItemNumber.dwr HTTP/1.1" 200 77
116.233.78.130 - - [01/Apr/2021:08:51:58 +0800] "POST /xingrg/dwr/call/plaincall/AjaxCheckService.setItemNumber.dwr HTTP/1.1" 200 77
101.228.165.174 - - [01/Apr/2021:08:51:59 +0800] "POST /xingrg/dwr/call/plaincall/AjaxCheckService.setItemNumber.dwr HTTP/1.1" 200 77
116.233.78.130 - - [01/Apr/2021:08:51:59 +0800] "POST /xingrg/dwr/call/plaincall/AjaxCheckService.setItemNumber.dwr HTTP/1.1" 200 77
116.233.78.130 - - [01/Apr/2021:08:51:59 +0800] "GET /xingrg/all/function/internal_message.html?_=1617238328116&CODE_STATE=getMsg HTTP/1.1" 200 27
116.233.78.130 - - [01/Apr/2021:08:51:59 +0800] "POST /xingrg/dwr/call/plaincall/AjaxCheckService.setItemNumber.dwr HTTP/1.1" 200 77
116.233.78.130 - - [01/Apr/2021:08:52:00 +0800] "POST /xingrg/dwr/call/plaincall/AjaxCheckService.setItemNumber.dwr HTTP/1.1" 200 77
116.233.78.130 - - [01/Apr/2021:08:52:00 +0800] "POST /xingrg/dwr/call/plaincall/AjaxCheckService.setItemNumber.dwr HTTP/1.1" 200 77
