116.224.253.72 - - [01/Apr/2021:09:36:29 +0800] "GET /xingrg/check_reg.html?_=1617240992642 HTTP/1.1" 200 22
180.169.147.146 - - [01/Apr/2021:09:36:29 +0800] "POST /xingrg/dwr/call/plaincall/AjaxCheckService.setItemNumber.dwr HTTP/1.1" 200 77
116.224.253.72 - - [01/Apr/2021:09:36:29 +0800] "GET /xingrg/all/function/internal_message.html?_=1617240992952&CODE_STATE=getMsg HTTP/1.1" 200 27
222.70.217.33 - - [01/Apr/2021:09:36:29 +0800] "POST /xingrg/dwr/call/plaincall/AjaxCheckService.setItemNumber.dwr HTTP/1.1" 200 78
180.169.147.146 - - [01/Apr/2021:09:36:29 +0800] "GET /xingrg/index.html?sysBaseUrl=http%3A%2F%2F180.169.147.146%3A18081%2Fxingrg%2F&costTime=5917×tamp=1617169025684 HTTP/1.1" 302 -
180.169.147.146 - - [01/Apr/2021:09:36:29 +0800] "GET /xingrg/login.html HTTP/1.1" 200 7641
180.169.147.146 - - [01/Apr/2021:09:36:30 +0800] "GET /xingrg/images/blue/login_bg.png HTTP/1.1" 304 -
180.169.147.146 - - [01/Apr/2021:09:36:30 +0800] "GET /xingrg/images/blue/jxLogo.png HTTP/1.1" 304 -
180.169.147.146 - - [01/Apr/2021:09:36:30 +0800] "GET /xingrg/images/blue/hj.png HTTP/1.1" 304 -
222.70.217.33 - - [01/Apr/2021:09:36:30 +0800] "POST /xingrg/dwr/call/plaincall/AjaxCheckService.setItemNumber.dwr HTTP/1.1" 200 78
180.169.147.146 - - [01/Apr/2021:09:36:30 +0800] "GET /xingrg/images/blue/srbg.png HTTP/1.1" 304 -
180.169.147.146 - - [01/Apr/2021:09:36:30 +0800] "POST /xingrg/dwr/call/plaincall/AjaxCheckService.setItemNumber.dwr HTTP/1.1" 200 77
180.169.147.146 - - [01/Apr/2021:09:36:30 +0800] "GET /favicon.ico HTTP/1.1" 404 -
222.70.217.33 - - [01/Apr/2021:09:36:30 +0800] "POST /xingrg/dwr/call/plaincall/AjaxCheckService.setItemNumber.dwr HTTP/1.1" 200 78
222.70.217.33 - - [01/Apr/2021:09:36:31 +0800] "POST /xingrg/dwr/call/plaincall/AjaxCheckService.setItemNumber.dwr HTTP/1.1" 200 78
222.70.217.33 - - [01/Apr/2021:09:36:31 +0800] "POST /xingrg/dwr/call/plaincall/AjaxCheckService.setItemNumber.dwr HTTP/1.1" 200 78
180.169.147.146 - - [01/Apr/2021:09:36:31 +0800] "POST /xingrg/dwr/call/plaincall/AjaxCheckService.setItemNumber.dwr HTTP/1.1" 200 77
180.169.147.146 - - [01/Apr/2021:09:36:31 +0800] "POST /xingrg/login.do HTTP/1.1" 302 -
180.169.147.146 - - [01/Apr/2021:09:36:31 +0800] "GET /xingrg/index.html?sysBaseUrl=http%3A%2F%2F180.169.147.146%3A18081%2Fxingrg%2F&costTime=41×tamp=1617240991906 HTTP/1.1" 200 17503
180.169.147.146 - - [01/Apr/2021:09:36:31 +0800] "GET /xingrg/javascript/jquery_easy_ui/themes/icon.css HTTP/1.1" 304 -
180.169.147.146 - - [01/Apr/2021:09:36:31 +0800] "GET /xingrg/javascript/jquery_easy_ui/themes/default/easyui.css HTTP/1.1" 304 -
180.169.147.146 - - [01/Apr/2021:09:36:31 +0800] "GET /xingrg/css/form.css HTTP/1.1" 304 -
180.169.147.146 - - [01/Apr/2021:09:36:31 +0800] "GET /xingrg/javascript/jquery-1.4.2.min.js HTTP/1.1" 304 -
180.169.147.146 - - [01/Apr/2021:09:36:31 +0800] "GET /xingrg/javascript/jquery_easy_ui/jquery.easyui.min.js HTTP/1.1" 304 -
180.169.147.146 - - [01/Apr/2021:09:36:32 +0800] "GET /xingrg/javascript/jquery_easy_ui/easyui-lang-zh_CN.js HTTP/1.1" 304 -
180.169.147.146 - - [01/Apr/2021:09:36:32 +0800] "GET /xingrg/javascript/jquery.form.js HTTP/1.1" 304 -
180.169.147.146 - - [01/Apr/2021:09:36:32 +0800] "GET /xingrg/javascript/jquery.utils.js HTTP/1.1" 304 -
180.169.147.146 - - [01/Apr/2021:09:36:32 +0800] "GET /xingrg/javascript/jquery.timers.js HTTP/1.1" 304 -
180.169.147.146 - - [01/Apr/2021:09:36:32 +0800] "POST /xingrg/all/common/load_tree.html?tree=area_rest_tree_json&manage=1 HTTP/1.1" 200 3344
180.169.147.146 - - [01/Apr/2021:09:36:32 +0800] "GET /xingrg/all/function/internal_message.html?_=1617240996385&CODE_STATE=count HTTP/1.1" 200 11
180.169.147.146 - - [01/Apr/2021:09:36:32 +0800] "GET /xingrg/check_reg.html?_=1617240996386 HTTP/1.1" 200 22
180.169.147.146 - - [01/Apr/2021:09:36:32 +0800] "GET /favicon.ico HTTP/1.1" 404 -
180.169.147.146 - - [01/Apr/2021:09:36:32 +0800] "POST /xingrg/load_menu.html HTTP/1.1" 200 11564
180.169.147.146 - - [01/Apr/2021:09:36:33 +0800] "POST /xingrg/dwr/call/plaincall/AjaxCheckService.setItemNumber.dwr HTTP/1.1" 200 77
101.228.165.174 - - [01/Apr/2021:09:36:35 +0800] "GET /xingrg/all/function/internal_message.html?_=1617241009400&CODE_STATE=getMsg HTTP/1.1" 200 27
180.169.147.146 - - [01/Apr/2021:09:36:35 +0800] "POST /xingrg/dwr/call/plaincall/AjaxCheckService.setItemNumber.dwr HTTP/1.1" 200 77
180.169.147.146 - - [01/Apr/2021:09:36:36 +0800] "POST /xingrg/dwr/call/plaincall/AjaxCheckService.setItemNumber.dwr HTTP/1.1" 200 77
222.70.217.33 - - [01/Apr/2021:09:36:37 +0800] "POST /xingrg/dwr/call/plaincall/AjaxCheckService.setItemNumber.dwr HTTP/1.1" 200 78
180.169.147.146 - - [01/Apr/2021:09:36:38 +0800] "POST /xingrg/dwr/call/plaincall/AjaxCheckService.setItemNumber.dwr HTTP/1.1" 200 77
222.70.217.33 - - [01/Apr/2021:09:36:38 +0800] "POST /xingrg/dwr/call/plaincall/AjaxCheckService.setItemNumber.dwr HTTP/1.1" 200 78
222.70.217.33 - - [01/Apr/2021:09:36:39 +0800] "POST /xingrg/dwr/call/plaincall/AjaxCheckService.setItemNumber.dwr HTTP/1.1" 200 78
222.70.217.33 - - [01/Apr/2021:09:36:40 +0800] "POST /xingrg/dwr/call/plaincall/AjaxCheckService.setItemNumber.dwr HTTP/1.1" 200 78
222.70.217.33 - - [01/Apr/2021:09:36:40 +0800] "POST /xingrg/dwr/call/plaincall/AjaxCheckService.setItemNumber.dwr HTTP/1.1" 200 78
180.169.147.146 - - [01/Apr/2021:09:36:41 +0800] "POST /xingrg/dwr/call/plaincall/AjaxCheckService.setItemNumber.dwr HTTP/1.1" 200 77
222.70.217.33 - - [01/Apr/2021:09:36:41 +0800] "POST /xingrg/dwr/call/plaincall/AjaxCheckService.setItemNumber.dwr HTTP/1.1" 200 78
180.169.147.146 - - [01/Apr/2021:09:36:41 +0800] "POST /xingrg/dwr/call/plaincall/AjaxCheckService.setItemNumber.dwr HTTP/1.1" 200 77
180.169.147.146 - - [01/Apr/2021:09:36:42 +0800] "POST /xingrg/dwr/call/plaincall/AjaxCheckService.setItemNumber.dwr HTTP/1.1" 200 77
222.70.217.33 - - [01/Apr/2021:09:36:44 +0800] "POST /xingrg/dwr/call/plaincall/AjaxCheckService.setItemNumber.dwr HTTP/1.1" 200 78
222.70.217.33 - - [01/Apr/2021:09:36:44 +0800] "POST /xingrg/dwr/call/plaincall/AjaxCheckService.setItemNumber.dwr HTTP/1.1" 200 78
222.70.217.33 - - [01/Apr/2021:09:36:45 +0800] "POST /xingrg/dwr/call/plaincall/AjaxCheckService.setItemNumber.dwr HTTP/1.1" 200 78
114.88.156.246 - - [01/Apr/2021:09:36:45 +0800] "GET /xingrg/all/function/internal_message.html?_=1617241010223&CODE_STATE=getMsg HTTP/1.1" 200 27
222.70.217.33 - - [01/Apr/2021:09:36:46 +0800] "POST /xingrg/dwr/call/plaincall/AjaxCheckService.setItemNumber.dwr HTTP/1.1" 200 78
222.70.217.33 - - [01/Apr/2021:09:36:47 +0800] "POST /xingrg/dwr/call/plaincall/AjaxCheckService.setItemNumber.dwr HTTP/1.1" 200 78
222.70.217.33 - - [01/Apr/2021:09:36:48 +0800] "POST /xingrg/dwr/call/plaincall/AjaxCheckService.setItemNumber.dwr HTTP/1.1" 200 78
116.233.78.130 - - [01/Apr/2021:09:36:48 +0800] "GET /xingrg/all/function/internal_message.html?_=1617241017085&CODE_STATE=getMsg HTTP/1.1" 200 27
222.70.217.33 - - [01/Apr/2021:09:36:48 +0800] "POST /xingrg/dwr/call/plaincall/AjaxCheckService.setItemNumber.dwr HTTP/1.1" 200 78
222.70.217.33 - - [01/Apr/2021:09:36:48 +0800] "POST /xingrg/dwr/call/plaincall/AjaxCheckService.setItemNumber.dwr HTTP/1.1" 200 78
61.165.42.208 - - [01/Apr/2021:09:36:49 +0800] "GET /xingrg/all/function/internal_message.html?_=1617241014123&CODE_STATE=getMsg HTTP/1.1" 200 27
222.70.217.33 - - [01/Apr/2021:09:36:49 +0800] "POST /xingrg/dwr/call/plaincall/AjaxCheckService.setItemNumber.dwr HTTP/1.1" 200 78
180.169.147.146 - - [01/Apr/2021:09:36:50 +0800] "POST /xingrg/all/user/operate.html HTTP/1.1" 200 36
180.169.147.146 - - [01/Apr/2021:09:36:50 +0800] "GET /xingrg/index.html?sysBaseUrl=http%3A%2F%2F180.169.147.146%3A18081%2Fxingrg%2F&costTime=41×tamp=1617240991906 HTTP/1.1" 200 17509
180.169.147.146 - - [01/Apr/2021:09:36:50 +0800] "GET /xingrg/javascript/jquery_easy_ui/themes/default/easyui.css HTTP/1.1" 304 -
222.70.217.33 - - [01/Apr/2021:09:36:50 +0800] "POST /xingrg/dwr/call/plaincall/AjaxCheckService.setItemNumber.dwr HTTP/1.1" 200 78
180.169.147.146 - - [01/Apr/2021:09:36:50 +0800] "GET /xingrg/javascript/jquery_easy_ui/themes/icon.css HTTP/1.1" 304 -
180.169.147.146 - - [01/Apr/2021:09:36:50 +0800] "GET /xingrg/css/form.css HTTP/1.1" 304 -
180.169.147.146 - - [01/Apr/2021:09:36:50 +0800] "GET /xingrg/javascript/jquery-1.4.2.min.js HTTP/1.1" 304 -
180.169.147.146 - - [01/Apr/2021:09:36:50 +0800] "GET /xingrg/javascript/jquery_easy_ui/jquery.easyui.min.js HTTP/1.1" 304 -
180.169.147.146 - - [01/Apr/2021:09:36:50 +0800] "GET /xingrg/javascript/jquery_easy_ui/easyui-lang-zh_CN.js HTTP/1.1" 304 -
180.169.147.146 - - [01/Apr/2021:09:36:50 +0800] "GET /xingrg/javascript/jquery.form.js HTTP/1.1" 304 -
180.169.147.146 - - [01/Apr/2021:09:36:50 +0800] "GET /xingrg/javascript/jquery.utils.js HTTP/1.1" 304 -
180.169.147.146 - - [01/Apr/2021:09:36:50 +0800] "GET /xingrg/javascript/jquery.timers.js HTTP/1.1" 304 -
180.169.147.146 - - [01/Apr/2021:09:36:50 +0800] "GET /xingrg/images/blue/jxLogo.png HTTP/1.1" 304 -
180.169.147.146 - - [01/Apr/2021:09:36:50 +0800] "GET /xingrg/images/blue/navBackgound.jpg HTTP/1.1" 304 -
180.169.147.146 - - [01/Apr/2021:09:36:50 +0800] "GET /xingrg/javascript/jquery_easy_ui/themes/icons/settle_new.png HTTP/1.1" 304 -
180.169.147.146 - - [01/Apr/2021:09:36:50 +0800] "GET /xingrg/images/blue/pingpu.png HTTP/1.1" 304 -
180.169.147.146 - - [01/Apr/2021:09:36:50 +0800] "POST /xingrg/all/common/load_tree.html?tree=area_rest_tree_json&manage=1 HTTP/1.1" 200 3344
180.169.147.146 - - [01/Apr/2021:09:36:50 +0800] "GET /xingrg/javascript/jquery_easy_ui/themes/default/images/tabs_leftarrow.png HTTP/1.1" 304 -
180.169.147.146 - - [01/Apr/2021:09:36:50 +0800] "GET /xingrg/javascript/jquery_easy_ui/themes/default/images/tabs_rightarrow.png HTTP/1.1" 304 -
180.169.147.146 - - [01/Apr/2021:09:36:50 +0800] "GET /xingrg/javascript/jquery_easy_ui/themes/default/images/panel_tool_expand.gif HTTP/1.1" 304 -
180.169.147.146 - - [01/Apr/2021:09:36:50 +0800] "GET /xingrg/javascript/jquery_easy_ui/themes/default/images/panel_tool_collapse.gif HTTP/1.1" 304 -
180.169.147.146 - - [01/Apr/2021:09:36:50 +0800] "GET /xingrg/all/function/internal_message.html?_=1617241014289&CODE_STATE=count HTTP/1.1" 200 11
180.169.147.146 - - [01/Apr/2021:09:36:50 +0800] "GET /xingrg/check_reg.html?_=1617241014290 HTTP/1.1" 200 22
180.169.147.146 - - [01/Apr/2021:09:36:50 +0800] "POST /xingrg/load_menu.html HTTP/1.1" 200 9959
222.70.217.33 - - [01/Apr/2021:09:36:50 +0800] "POST /xingrg/dwr/call/plaincall/AjaxCheckService.setItemNumber.dwr HTTP/1.1" 200 78
222.70.217.33 - - [01/Apr/2021:09:36:50 +0800] "POST /xingrg/dwr/call/plaincall/AjaxCheckService.setItemNumber.dwr HTTP/1.1" 200 78
222.70.217.33 - - [01/Apr/2021:09:36:51 +0800] "POST /xingrg/dwr/call/plaincall/AjaxCheckService.setItemNumber.dwr HTTP/1.1" 200 78
222.70.217.33 - - [01/Apr/2021:09:36:51 +0800] "POST /xingrg/dwr/call/plaincall/AjaxCheckService.setItemNumber.dwr HTTP/1.1" 200 78
222.70.158.20 - - [01/Apr/2021:09:36:52 +0800] "GET /xingrg/check_reg.html?_=1617241012746 HTTP/1.1" 200 22
180.169.147.146 - - [01/Apr/2021:09:36:52 +0800] "GET /xingrg/kc/base/base_main.html HTTP/1.1" 200 12142
180.169.147.146 - - [01/Apr/2021:09:36:52 +0800] "GET /xingrg/css/blue.css HTTP/1.1" 304 -
180.169.147.146 - - [01/Apr/2021:09:36:52 +0800] "GET /xingrg/javascript/pic_change.js HTTP/1.1" 304 -
180.169.147.146 - - [01/Apr/2021:09:36:52 +0800] "GET /xingrg/javascript/myfunction.js HTTP/1.1" 304 -
180.169.147.146 - - [01/Apr/2021:09:36:52 +0800] "GET /xingrg/images/blue/button/wlsy.gif HTTP/1.1" 304 -
180.169.147.146 - - [01/Apr/2021:09:36:52 +0800] "GET /xingrg/images/blue/button/kc.gif HTTP/1.1" 304 -
180.169.147.146 - - [01/Apr/2021:09:36:52 +0800] "GET /xingrg/images/blue/button/ckpd.gif HTTP/1.1" 304 -
180.169.147.146 - - [01/Apr/2021:09:36:52 +0800] "GET /xingrg/images/blue/button/ckdb.gif HTTP/1.1" 304 -
180.169.147.146 - - [01/Apr/2021:09:36:52 +0800] "GET /xingrg/images/blue/button/top_left.jpg HTTP/1.1" 304 -
180.169.147.146 - - [01/Apr/2021:09:36:52 +0800] "GET /xingrg/images/blue/button/yddb.gif HTTP/1.1" 304 -
180.169.147.146 - - [01/Apr/2021:09:36:52 +0800] "GET /xingrg/images/blue/button/top_right.jpg HTTP/1.1" 304 -
180.169.147.146 - - [01/Apr/2021:09:36:52 +0800] "GET /xingrg/images/blue/button/down.jpg HTTP/1.1" 304 -
180.169.147.146 - - [01/Apr/2021:09:36:52 +0800] "GET /xingrg/images/blue/button/right_ah.jpg HTTP/1.1" 304 -
180.169.147.146 - - [01/Apr/2021:09:36:52 +0800] "GET /xingrg/images/blue/button/left_ah.jpg HTTP/1.1" 304 -
180.169.147.146 - - [01/Apr/2021:09:36:52 +0800] "GET /xingrg/images/blue/pic_form2.gif HTTP/1.1" 304 -
180.169.147.146 - - [01/Apr/2021:09:36:52 +0800] "GET /xingrg/images/blue/button/bottom_left.jpg HTTP/1.1" 304 -
180.169.147.146 - - [01/Apr/2021:09:36:52 +0800] "GET /xingrg/images/blue/button/bottom_right.jpg HTTP/1.1" 304 -
180.169.147.146 - - [01/Apr/2021:09:36:52 +0800] "GET /xingrg/images/blue/bg_dotted.jpg HTTP/1.1" 304 -
222.70.217.33 - - [01/Apr/2021:09:36:52 +0800] "POST /xingrg/dwr/call/plaincall/AjaxCheckService.setItemNumber.dwr HTTP/1.1" 200 78
222.70.158.20 - - [01/Apr/2021:09:36:53 +0800] "GET /xingrg/all/function/internal_message.html?_=1617241013502&CODE_STATE=getMsg HTTP/1.1" 200 27
114.86.187.76 - - [01/Apr/2021:09:36:53 +0800] "GET /xingrg/all/function/internal_message.html?_=1617241021799&CODE_STATE=getMsg HTTP/1.1" 200 27
180.169.147.146 - - [01/Apr/2021:09:36:53 +0800] "GET /xingrg/kc/base/check_order_list.html HTTP/1.1" 200 16773
180.169.147.146 - - [01/Apr/2021:09:36:53 +0800] "GET /xingrg/css/base.css HTTP/1.1" 304 -
180.169.147.146 - - [01/Apr/2021:09:36:53 +0800] "GET /xingrg/css/site.css HTTP/1.1" 304 -
180.169.147.146 - - [01/Apr/2021:09:36:53 +0800] "GET /xingrg/javascript/jquery_tools/datebox.css HTTP/1.1" 304 -
180.169.147.146 - - [01/Apr/2021:09:36:53 +0800] "GET /xingrg/javascript/easyui/themes/default/easyui.css HTTP/1.1" 304 -
180.169.147.146 - - [01/Apr/2021:09:36:53 +0800] "GET /xingrg/javascript/easyui/themes/icon.css HTTP/1.1" 304 -
180.169.147.146 - - [01/Apr/2021:09:36:53 +0800] "GET /xingrg/javascript/auto/jquery.autocomplete.css HTTP/1.1" 304 -
180.169.147.146 - - [01/Apr/2021:09:36:53 +0800] "GET /xingrg/javascript/jquery_tools/fix.css HTTP/1.1" 304 -
180.169.147.146 - - [01/Apr/2021:09:36:53 +0800] "GET /xingrg/javascript/jquery_tools/table.css HTTP/1.1" 304 -
180.169.147.146 - - [01/Apr/2021:09:36:53 +0800] "GET /xingrg/javascript/jquery_tools/jquery.tools.extend.js HTTP/1.1" 304 -
180.169.147.146 - - [01/Apr/2021:09:36:53 +0800] "GET /xingrg/javascript/jquery_tools/jquery.tools.min.js HTTP/1.1" 304 -
180.169.147.146 - - [01/Apr/2021:09:36:53 +0800] "GET /xingrg/javascript/jquery_tools/jquery.tools.hotkey.js HTTP/1.1" 304 -
180.169.147.146 - - [01/Apr/2021:09:36:53 +0800] "GET /xingrg/javascript/jquery_tools/jquery.tools.table.js HTTP/1.1" 304 -
180.169.147.146 - - [01/Apr/2021:09:36:53 +0800] "GET /xingrg/javascript/auto/jquery.autocomplete.js HTTP/1.1" 304 -
180.169.147.146 - - [01/Apr/2021:09:36:53 +0800] "GET /xingrg/javascript/easyui/easyloader.js HTTP/1.1" 304 -
180.169.147.146 - - [01/Apr/2021:09:36:53 +0800] "GET /xingrg/javascript/jquery.cookie.js HTTP/1.1" 304 -
180.169.147.146 - - [01/Apr/2021:09:36:53 +0800] "GET /xingrg/javascript/jquery_tools/list_manager.js HTTP/1.1" 304 -
222.70.217.33 - - [01/Apr/2021:09:36:53 +0800] "POST /xingrg/dwr/call/plaincall/AjaxCheckService.setItemNumber.dwr HTTP/1.1" 200 78
180.169.147.146 - - [01/Apr/2021:09:36:53 +0800] "GET /xingrg/javascript/easyui/themes/icons/cance_new.png HTTP/1.1" 304 -
180.169.147.146 - - [01/Apr/2021:09:36:53 +0800] "GET /xingrg/javascript/easyui/themes/icons/check_new.png HTTP/1.1" 304 -
180.169.147.146 - - [01/Apr/2021:09:36:53 +0800] "GET /xingrg/javascript/easyui/plugins/jquery.parser.js HTTP/1.1" 304 -
180.169.147.146 - - [01/Apr/2021:09:36:53 +0800] "POST /xingrg/kc/base/check_list_operate.html HTTP/1.1" 200 3927
222.70.217.33 - - [01/Apr/2021:09:36:53 +0800] "POST /xingrg/dwr/call/plaincall/AjaxCheckService.setItemNumber.dwr HTTP/1.1" 200 78
222.70.217.33 - - [01/Apr/2021:09:36:54 +0800] "POST /xingrg/dwr/call/plaincall/AjaxCheckService.setItemNumber.dwr HTTP/1.1" 200 78
222.70.217.33 - - [01/Apr/2021:09:36:54 +0800] "POST /xingrg/dwr/call/plaincall/AjaxCheckService.setItemNumber.dwr HTTP/1.1" 200 78
114.83.217.136 - - [01/Apr/2021:09:36:55 +0800] "POST /xingrg/dwr/call/plaincall/AjaxCheckService.setItemNumber.dwr HTTP/1.1" 200 77
180.169.147.146 - - [01/Apr/2021:09:36:56 +0800] "POST /xingrg/kc/base/check_list_operate.html HTTP/1.1" 200 3927
180.169.147.146 - - [01/Apr/2021:09:36:57 +0800] "POST /xingrg/kc/base/check_list_operate.html HTTP/1.1" 200 3927
180.169.147.146 - - [01/Apr/2021:09:36:58 +0800] "GET /xingrg/javascript/easyui/themes/default/images/button_plain_hover.png HTTP/1.1" 304 -
180.169.147.146 - - [01/Apr/2021:09:36:58 +0800] "POST /xingrg/dwr/call/plaincall/AjaxCheckService.setItemNumber.dwr HTTP/1.1" 200 77
180.169.147.146 - - [01/Apr/2021:09:36:58 +0800] "GET /xingrg/kc/base/check_order_add.html HTTP/1.1" 200 26320
180.169.147.146 - - [01/Apr/2021:09:36:58 +0800] "GET /xingrg/css/table.css HTTP/1.1" 304 -
180.169.147.146 - - [01/Apr/2021:09:36:58 +0800] "GET /xingrg/dwr/interface/AjaxComOrderService.js HTTP/1.1" 200 18264
180.169.147.146 - - [01/Apr/2021:09:36:58 +0800] "GET /xingrg/dwr/interface/AjaxCheckService.js HTTP/1.1" 200 14003
180.169.147.146 - - [01/Apr/2021:09:36:58 +0800] "GET /xingrg/javascript/Calendar.js HTTP/1.1" 304 -
180.169.147.146 - - [01/Apr/2021:09:36:58 +0800] "GET /xingrg/dwr/engine.js HTTP/1.1" 200 43631
180.169.147.146 - - [01/Apr/2021:09:36:58 +0800] "GET /xingrg/dwr/util.js HTTP/1.1" 200 35990
180.169.147.146 - - [01/Apr/2021:09:36:58 +0800] "GET /xingrg/javascript/AjaxInfoList.js HTTP/1.1" 304 -
180.169.147.146 - - [01/Apr/2021:09:36:58 +0800] "GET /xingrg/javascript/convert.js HTTP/1.1" 304 -
180.169.147.146 - - [01/Apr/2021:09:36:58 +0800] "GET /xingrg/javascript/print/kc_print.js HTTP/1.1" 304 -
180.169.147.146 - - [01/Apr/2021:09:36:58 +0800] "GET /xingrg/javascript/print/LodopFuncs.js HTTP/1.1" 304 -
180.169.147.146 - - [01/Apr/2021:09:36:59 +0800] "GET /xingrg/javascript/jquery_easy_ui/themes/icons/check_new.png HTTP/1.1" 304 -
180.169.147.146 - - [01/Apr/2021:09:36:59 +0800] "GET /xingrg/javascript/jquery_easy_ui/themes/icons/cance_new.png HTTP/1.1" 304 -
180.169.147.146 - - [01/Apr/2021:09:37:01 +0800] "POST /xingrg/dwr/call/plaincall/AjaxCheckService.setItemNumber.dwr HTTP/1.1" 200 77
180.169.147.146 - - [01/Apr/2021:09:37:01 +0800] "POST /xingrg/dwr/call/plaincall/AjaxCheckService.setItemNumber.dwr HTTP/1.1" 200 77
114.83.217.136 - - [01/Apr/2021:09:37:02 +0800] "GET /xingrg/all/function/internal_message.html?_=1617241024269&CODE_STATE=getMsg HTTP/1.1" 200 27
180.169.147.146 - - [01/Apr/2021:09:37:02 +0800] "POST /xingrg/dwr/call/plaincall/AjaxCheckService.setItemNumber.dwr HTTP/1.1" 200 77
180.169.147.146 - - [01/Apr/2021:09:37:04 +0800] "POST /xingrg/dwr/call/plaincall/AjaxCheckService.setItemNumber.dwr HTTP/1.1" 200 77
222.70.217.33 - - [01/Apr/2021:09:37:05 +0800] "POST /xingrg/dwr/call/plaincall/AjaxCheckService.setItemNumber.dwr HTTP/1.1" 200 78
180.169.147.146 - - [01/Apr/2021:09:37:07 +0800] "POST /xingrg/dwr/call/plaincall/AjaxCheckService.setItemNumber.dwr HTTP/1.1" 200 77
180.169.147.146 - - [01/Apr/2021:09:37:07 +0800] "POST /xingrg/dwr/call/plaincall/AjaxCheckService.setItemNumber.dwr HTTP/1.1" 200 77
114.83.217.136 - - [01/Apr/2021:09:37:08 +0800] "POST /xingrg/dwr/call/plaincall/AjaxCheckService.setItemNumber.dwr HTTP/1.1" 200 77
180.169.147.146 - - [01/Apr/2021:09:37:08 +0800] "POST /xingrg/dwr/call/plaincall/AjaxCheckService.setItemNumber.dwr HTTP/1.1" 200 77
180.169.147.146 - - [01/Apr/2021:09:37:08 +0800] "POST /xingrg/dwr/call/plaincall/AjaxCheckService.saveOrder.dwr HTTP/1.1" 200 78
180.169.147.146 - - [01/Apr/2021:09:37:09 +0800] "POST /xingrg/dwr/call/plaincall/AjaxCheckService.setItemNumber.dwr HTTP/1.1" 200 77
180.169.147.146 - - [01/Apr/2021:09:37:09 +0800] "POST /xingrg/dwr/call/plaincall/AjaxCheckService.loadOrderItems.dwr HTTP/1.1" 200 367
180.169.147.146 - - [01/Apr/2021:09:37:10 +0800] "POST /xingrg/dwr/call/plaincall/AjaxCheckService.setItemNumber.dwr HTTP/1.1" 200 77
180.169.147.146 - - [01/Apr/2021:09:37:11 +0800] "POST /xingrg/dwr/call/plaincall/AjaxCheckService.setItemNumber.dwr HTTP/1.1" 200 77
180.169.147.146 - - [01/Apr/2021:09:37:12 +0800] "POST /xingrg/dwr/call/plaincall/AjaxCheckService.setItemNumber.dwr HTTP/1.1" 200 77
116.235.216.75 - - [01/Apr/2021:09:37:13 +0800] "GET /xingrg/all/function/internal_message.html?_=1617241031841&CODE_STATE=getMsg HTTP/1.1" 200 27
180.152.227.142 - - [01/Apr/2021:09:37:14 +0800] "GET /xingrg/all/function/internal_message.html?_=1617241304665&CODE_STATE=getMsg HTTP/1.1" 200 27
180.169.147.146 - - [01/Apr/2021:09:37:14 +0800] "POST /xingrg/dwr/call/plaincall/AjaxCheckService.setItemNumber.dwr HTTP/1.1" 200 77
114.83.217.136 - - [01/Apr/2021:09:37:14 +0800] "POST /xingrg/dwr/call/plaincall/AjaxCheckService.setItemNumber.dwr HTTP/1.1" 200 77
116.224.253.72 - - [01/Apr/2021:09:37:17 +0800] "GET /xingrg/all/function/internal_message.html?_=1617241039853&CODE_STATE=getMsg HTTP/1.1" 200 27
222.70.217.33 - - [01/Apr/2021:09:37:18 +0800] "POST /xingrg/dwr/call/plaincall/AjaxCheckService.setItemNumber.dwr HTTP/1.1" 200 78
180.169.147.146 - - [01/Apr/2021:09:37:18 +0800] "POST /xingrg/dwr/call/plaincall/AjaxCheckService.importOrderItems.dwr HTTP/1.1" 200 78
116.235.216.75 - - [01/Apr/2021:09:37:18 +0800] "GET /xingrg/kc/base/base_main.html HTTP/1.1" 200 12142
222.70.158.20 - - [01/Apr/2021:09:37:19 +0800] "POST /xingrg/dwr/call/plaincall/AjaxCheckService.setItemNumber.dwr HTTP/1.1" 200 78
180.169.147.146 - - [01/Apr/2021:09:37:19 +0800] "POST /xingrg/dwr/call/plaincall/AjaxCheckService.loadOrderItems.dwr HTTP/1.1" 200 5735
180.169.147.146 - - [01/Apr/2021:09:37:19 +0800] "GET /xingrg/javascript/jquery_easy_ui/themes/icons/no.png HTTP/1.1" 304 -
116.235.216.75 - - [01/Apr/2021:09:37:20 +0800] "GET /xingrg/kc/base/check_order_list.html HTTP/1.1" 200 16517
180.169.147.146 - - [01/Apr/2021:09:37:20 +0800] "POST /xingrg/dwr/call/plaincall/AjaxCheckService.setItemNumber.dwr HTTP/1.1" 200 77
222.70.217.33 - - [01/Apr/2021:09:37:20 +0800] "GET /xingrg/all/function/internal_message.html?_=1617241041101&CODE_STATE=getMsg HTTP/1.1" 200 27
222.70.217.33 - - [01/Apr/2021:09:37:20 +0800] "POST /xingrg/dwr/call/plaincall/AjaxCheckService.setItemNumber.dwr HTTP/1.1" 200 78
222.70.158.20 - - [01/Apr/2021:09:37:20 +0800] "POST /xingrg/dwr/call/plaincall/AjaxCheckService.setItemNumber.dwr HTTP/1.1" 200 78
114.88.156.246 - - [01/Apr/2021:09:37:20 +0800] "GET /xingrg/check_reg.html?_=1617241041500 HTTP/1.1" 200 22
114.88.156.246 - - [01/Apr/2021:09:37:20 +0800] "GET /xingrg/all/function/internal_message.html?_=1617241041501&CODE_STATE=getMsg HTTP/1.1" 200 27
116.235.216.75 - - [01/Apr/2021:09:37:20 +0800] "POST /xingrg/kc/base/check_list_operate.html HTTP/1.1" 200 3861
180.169.147.146 - - [01/Apr/2021:09:37:21 +0800] "POST /xingrg/dwr/call/plaincall/AjaxCheckService.setItemNumber.dwr HTTP/1.1" 200 77
222.70.217.33 - - [01/Apr/2021:09:37:21 +0800] "POST /xingrg/dwr/call/plaincall/AjaxCheckService.setItemNumber.dwr HTTP/1.1" 200 78
222.70.158.20 - - [01/Apr/2021:09:37:21 +0800] "POST /xingrg/dwr/call/plaincall/AjaxCheckService.setItemNumber.dwr HTTP/1.1" 200 78
114.83.217.136 - - [01/Apr/2021:09:37:21 +0800] "POST /xingrg/dwr/call/plaincall/AjaxCheckService.setItemNumber.dwr HTTP/1.1" 200 77
222.70.217.33 - - [01/Apr/2021:09:37:21 +0800] "POST /xingrg/dwr/call/plaincall/AjaxCheckService.setItemNumber.dwr HTTP/1.1" 200 78
180.169.147.146 - - [01/Apr/2021:09:37:22 +0800] "POST /xingrg/dwr/call/plaincall/AjaxCheckService.setItemNumber.dwr HTTP/1.1" 200 77
222.70.158.20 - - [01/Apr/2021:09:37:22 +0800] "POST /xingrg/dwr/call/plaincall/AjaxCheckService.setItemNumber.dwr HTTP/1.1" 200 78
222.70.217.33 - - [01/Apr/2021:09:37:23 +0800] "POST /xingrg/dwr/call/plaincall/AjaxCheckService.setItemNumber.dwr HTTP/1.1" 200 78
180.169.147.146 - - [01/Apr/2021:09:37:23 +0800] "POST /xingrg/dwr/call/plaincall/AjaxCheckService.setItemNumber.dwr HTTP/1.1" 200 77
222.70.217.33 - - [01/Apr/2021:09:37:24 +0800] "POST /xingrg/dwr/call/plaincall/AjaxCheckService.setItemNumber.dwr HTTP/1.1" 200 78
222.70.217.33 - - [01/Apr/2021:09:37:24 +0800] "POST /xingrg/dwr/call/plaincall/AjaxCheckService.setItemNumber.dwr HTTP/1.1" 200 78
116.235.216.75 - - [01/Apr/2021:09:37:24 +0800] "GET /xingrg/kc/base/check_order_info.html?code=452021033100542 HTTP/1.1" 200 26486
116.235.216.75 - - [01/Apr/2021:09:37:24 +0800] "GET /xingrg/dwr/interface/AjaxComOrderService.js HTTP/1.1" 200 18264
116.235.216.75 - - [01/Apr/2021:09:37:24 +0800] "GET /xingrg/dwr/interface/AjaxCheckService.js HTTP/1.1" 200 14003
116.235.216.75 - - [01/Apr/2021:09:37:24 +0800] "GET /xingrg/dwr/engine.js HTTP/1.1" 200 43631
180.169.147.146 - - [01/Apr/2021:09:37:24 +0800] "POST /xingrg/dwr/call/plaincall/AjaxCheckService.setItemNumber.dwr HTTP/1.1" 200 77
222.70.217.33 - - [01/Apr/2021:09:37:25 +0800] "POST /xingrg/dwr/call/plaincall/AjaxCheckService.setItemNumber.dwr HTTP/1.1" 200 78
222.70.158.20 - - [01/Apr/2021:09:37:25 +0800] "POST /xingrg/dwr/call/plaincall/AjaxCheckService.setItemNumber.dwr HTTP/1.1" 200 78
222.70.217.33 - - [01/Apr/2021:09:37:25 +0800] "POST /xingrg/dwr/call/plaincall/AjaxCheckService.setItemNumber.dwr HTTP/1.1" 200 78
116.235.216.75 - - [01/Apr/2021:09:37:25 +0800] "POST /xingrg/dwr/call/plaincall/AjaxCheckService.loadOrderItems.dwr HTTP/1.1" 200 184165
180.169.147.146 - - [01/Apr/2021:09:37:26 +0800] "POST /xingrg/dwr/call/plaincall/AjaxCheckService.setItemNumber.dwr HTTP/1.1" 200 77
222.70.158.20 - - [01/Apr/2021:09:37:26 +0800] "POST /xingrg/dwr/call/plaincall/AjaxCheckService.setItemNumber.dwr HTTP/1.1" 200 78
180.169.147.146 - - [01/Apr/2021:09:37:27 +0800] "GET /xingrg/all/function/internal_message.html?_=1617241044379&CODE_STATE=getMsg HTTP/1.1" 200 27
180.169.147.146 - - [01/Apr/2021:09:37:27 +0800] "POST /xingrg/dwr/call/plaincall/AjaxCheckService.setItemNumber.dwr HTTP/1.1" 200 77
222.70.158.20 - - [01/Apr/2021:09:37:27 +0800] "POST /xingrg/dwr/call/plaincall/AjaxCheckService.setItemNumber.dwr HTTP/1.1" 200 78
117.131.5.26 - - [01/Apr/2021:09:37:27 +0800] "GET /xingrg/all/function/internal_message.html?_=1617241123056&CODE_STATE=getMsg HTTP/1.1" 200 27
180.169.147.146 - - [01/Apr/2021:09:37:28 +0800] "POST /xingrg/dwr/call/plaincall/AjaxCheckService.setItemNumber.dwr HTTP/1.1" 200 77
114.83.217.136 - - [01/Apr/2021:09:37:28 +0800] "POST /xingrg/dwr/call/plaincall/AjaxCheckService.setItemNumber.dwr HTTP/1.1" 200 77
222.70.158.20 - - [01/Apr/2021:09:37:28 +0800] "POST /xingrg/dwr/call/plaincall/AjaxCheckService.setItemNumber.dwr HTTP/1.1" 200 78
222.70.217.33 - - [01/Apr/2021:09:37:29 +0800] "POST /xingrg/dwr/call/plaincall/AjaxCheckService.setItemNumber.dwr HTTP/1.1" 200 78
222.70.217.33 - - [01/Apr/2021:09:37:29 +0800] "POST /xingrg/dwr/call/plaincall/AjaxCheckService.setItemNumber.dwr HTTP/1.1" 200 78
116.224.253.72 - - [01/Apr/2021:09:37:29 +0800] "GET /xingrg/all/function/internal_message.html?_=1617241052965&CODE_STATE=getMsg HTTP/1.1" 200 27
222.70.217.33 - - [01/Apr/2021:09:37:29 +0800] "POST /xingrg/dwr/call/plaincall/AjaxCheckService.setItemNumber.dwr HTTP/1.1" 200 78
222.70.217.33 - - [01/Apr/2021:09:37:30 +0800] "POST /xingrg/dwr/call/plaincall/AjaxCheckService.setItemNumber.dwr HTTP/1.1" 200 78
222.70.158.20 - - [01/Apr/2021:09:37:30 +0800] "POST /xingrg/dwr/call/plaincall/AjaxCheckService.setItemNumber.dwr HTTP/1.1" 200 78
116.233.78.130 - - [01/Apr/2021:09:37:30 +0800] "POST /xingrg/kc/buy/cgsh_order_operate.html HTTP/1.1" 200 37
222.70.217.33 - - [01/Apr/2021:09:37:30 +0800] "POST /xingrg/dwr/call/plaincall/AjaxCheckService.setItemNumber.dwr HTTP/1.1" 200 78
222.70.158.20 - - [01/Apr/2021:09:37:31 +0800] "POST /xingrg/dwr/call/plaincall/AjaxCheckService.setItemNumber.dwr HTTP/1.1" 200 78
180.169.147.146 - - [01/Apr/2021:09:37:32 +0800] "POST /xingrg/dwr/call/plaincall/AjaxCheckService.setItemNumber.dwr HTTP/1.1" 200 76
116.233.78.130 - - [01/Apr/2021:09:37:34 +0800] "POST /xingrg/kc/buy/cgsh_order_operate.html HTTP/1.1" 200 26288
101.228.165.174 - - [01/Apr/2021:09:37:35 +0800] "GET /xingrg/all/function/internal_message.html?_=1617241069409&CODE_STATE=getMsg HTTP/1.1" 200 27
116.235.216.75 - - [01/Apr/2021:09:37:35 +0800] "POST /xingrg/dwr/call/plaincall/AjaxCheckService.checkOrder.dwr HTTP/1.1" 200 78
180.169.147.146 - - [01/Apr/2021:09:37:35 +0800] "POST /xingrg/dwr/call/plaincall/AjaxCheckService.setItemNumber.dwr HTTP/1.1" 200 76
222.70.217.33 - - [01/Apr/2021:09:37:35 +0800] "POST /xingrg/dwr/call/plaincall/AjaxCheckService.setItemNumber.dwr HTTP/1.1" 200 78
180.169.147.146 - - [01/Apr/2021:09:37:35 +0800] "POST /xingrg/dwr/call/plaincall/AjaxCheckService.setItemNumber.dwr HTTP/1.1" 200 76
180.169.147.146 - - [01/Apr/2021:09:37:35 +0800] "POST /xingrg/dwr/call/plaincall/AjaxCheckService.setItemNumber.dwr HTTP/1.1" 200 76
180.169.147.146 - - [01/Apr/2021:09:37:35 +0800] "POST /xingrg/dwr/call/plaincall/AjaxCheckService.setItemNumber.dwr HTTP/1.1" 200 76
180.169.147.146 - - [01/Apr/2021:09:37:35 +0800] "POST /xingrg/dwr/call/plaincall/AjaxCheckService.setItemNumber.dwr HTTP/1.1" 200 76
222.70.158.20 - - [01/Apr/2021:09:37:35 +0800] "POST /xingrg/dwr/call/plaincall/AjaxCheckService.setItemNumber.dwr HTTP/1.1" 200 78
222.70.158.20 - - [01/Apr/2021:09:37:35 +0800] "POST /xingrg/dwr/call/plaincall/AjaxCheckService.setItemNumber.dwr HTTP/1.1" 200 78
222.70.217.33 - - [01/Apr/2021:09:37:35 +0800] "POST /xingrg/dwr/call/plaincall/AjaxCheckService.setItemNumber.dwr HTTP/1.1" 200 78
222.70.217.33 - - [01/Apr/2021:09:37:35 +0800] "POST /xingrg/dwr/call/plaincall/AjaxCheckService.setItemNumber.dwr HTTP/1.1" 200 78
222.70.217.33 - - [01/Apr/2021:09:37:35 +0800] "POST /xingrg/dwr/call/plaincall/AjaxCheckService.setItemNumber.dwr HTTP/1.1" 200 78
222.70.158.20 - - [01/Apr/2021:09:37:35 +0800] "POST /xingrg/dwr/call/plaincall/AjaxCheckService.setItemNumber.dwr HTTP/1.1" 200 78
116.233.78.130 - - [01/Apr/2021:09:37:36 +0800] "GET /xingrg/kc/print/load_config.html?kc_code=cgsh HTTP/1.1" 200 1845
116.235.216.75 - - [01/Apr/2021:09:37:36 +0800] "GET /xingrg/kc/base/check_order_info.html?code=452021033100542 HTTP/1.1" 200 22856
116.233.78.130 - - [01/Apr/2021:09:37:36 +0800] "GET /xingrg/kc/print/load_data.html?order_code=212021040100024&kc_code=cgsh&condition= HTTP/1.1" 200 9631
222.70.158.20 - - [01/Apr/2021:09:37:36 +0800] "POST /xingrg/dwr/call/plaincall/AjaxCheckService.setItemNumber.dwr HTTP/1.1" 200 78
116.235.216.75 - - [01/Apr/2021:09:37:37 +0800] "GET /xingrg/dwr/interface/AjaxComOrderService.js HTTP/1.1" 200 18264
116.235.216.75 - - [01/Apr/2021:09:37:37 +0800] "GET /xingrg/dwr/interface/AjaxCheckService.js HTTP/1.1" 200 14003
116.235.216.75 - - [01/Apr/2021:09:37:37 +0800] "GET /xingrg/dwr/engine.js HTTP/1.1" 200 43631
180.169.147.146 - - [01/Apr/2021:09:37:38 +0800] "POST /xingrg/dwr/call/plaincall/AjaxCheckService.setItemNumber.dwr HTTP/1.1" 200 77
222.70.158.20 - - [01/Apr/2021:09:37:38 +0800] "POST /xingrg/dwr/call/plaincall/AjaxCheckService.setItemNumber.dwr HTTP/1.1" 200 78
116.235.216.75 - - [01/Apr/2021:09:37:38 +0800] "POST /xingrg/dwr/call/plaincall/AjaxCheckService.loadOrderItems.dwr HTTP/1.1" 200 82610
180.169.147.146 - - [01/Apr/2021:09:37:38 +0800] "POST /xingrg/dwr/call/plaincall/AjaxCheckService.setItemNumber.dwr HTTP/1.1" 200 77
222.70.158.20 - - [01/Apr/2021:09:37:39 +0800] "POST /xingrg/dwr/call/plaincall/AjaxCheckService.setItemNumber.dwr HTTP/1.1" 200 78
114.83.217.136 - - [01/Apr/2021:09:37:40 +0800] "POST /xingrg/dwr/call/plaincall/AjaxCheckService.setItemNumber.dwr HTTP/1.1" 200 77
222.70.158.20 - - [01/Apr/2021:09:37:40 +0800] "POST /xingrg/dwr/call/plaincall/AjaxCheckService.setItemNumber.dwr HTTP/1.1" 200 78
180.169.147.146 - - [01/Apr/2021:09:37:41 +0800] "POST /xingrg/dwr/call/plaincall/AjaxCheckService.setItemNumber.dwr HTTP/1.1" 200 77
116.235.216.75 - - [01/Apr/2021:09:37:41 +0800] "GET /xingrg/kc/base/check_order_list.html?isBack=1 HTTP/1.1" 200 16517
180.169.147.146 - - [01/Apr/2021:09:37:41 +0800] "POST /xingrg/dwr/call/plaincall/AjaxCheckService.setItemNumber.dwr HTTP/1.1" 200 77
116.235.216.75 - - [01/Apr/2021:09:37:41 +0800] "POST /xingrg/kc/base/check_list_operate.html HTTP/1.1" 200 3528
180.169.147.146 - - [01/Apr/2021:09:37:42 +0800] "POST /xingrg/dwr/call/plaincall/AjaxCheckService.setItemNumber.dwr HTTP/1.1" 200 77
222.70.158.20 - - [01/Apr/2021:09:37:42 +0800] "POST /xingrg/dwr/call/plaincall/AjaxCheckService.setItemNumber.dwr HTTP/1.1" 200 78
222.70.217.33 - - [01/Apr/2021:09:37:43 +0800] "POST /xingrg/dwr/call/plaincall/AjaxCheckService.setItemNumber.dwr HTTP/1.1" 200 78
180.169.147.146 - - [01/Apr/2021:09:37:43 +0800] "POST /xingrg/dwr/call/plaincall/AjaxCheckService.setItemRemark.dwr HTTP/1.1" 200 77
222.70.158.20 - - [01/Apr/2021:09:37:43 +0800] "POST /xingrg/dwr/call/plaincall/AjaxCheckService.setItemNumber.dwr HTTP/1.1" 200 78
180.169.147.146 - - [01/Apr/2021:09:37:43 +0800] "GET /favicon.ico HTTP/1.1" 404 -
222.70.217.33 - - [01/Apr/2021:09:37:45 +0800] "POST /xingrg/dwr/call/plaincall/AjaxCheckService.setItemNumber.dwr HTTP/1.1" 200 78
114.88.156.246 - - [01/Apr/2021:09:37:45 +0800] "GET /xingrg/all/function/internal_message.html?_=1617241070222&CODE_STATE=getMsg HTTP/1.1" 200 27
222.70.158.20 - - [01/Apr/2021:09:37:45 +0800] "POST /xingrg/dwr/call/plaincall/AjaxCheckService.setItemNumber.dwr HTTP/1.1" 200 78
114.83.217.136 - - [01/Apr/2021:09:37:45 +0800] "POST /xingrg/dwr/call/plaincall/AjaxCheckService.setItemNumber.dwr HTTP/1.1" 200 77
222.70.217.33 - - [01/Apr/2021:09:37:46 +0800] "POST /xingrg/dwr/call/plaincall/AjaxCheckService.setItemNumber.dwr HTTP/1.1" 200 78
61.129.6.251 - - [01/Apr/2021:09:37:46 +0800] "GET /xingrg/all/function/internal_message.html?_=1617241010223&CODE_STATE=getMsg HTTP/1.1" 302 -
180.169.147.146 - - [01/Apr/2021:09:37:46 +0800] "GET /xingrg/login.html HTTP/1.1" 200 7641
222.70.158.20 - - [01/Apr/2021:09:37:47 +0800] "POST /xingrg/dwr/call/plaincall/AjaxCheckService.setItemNumber.dwr HTTP/1.1" 200 78
116.233.78.130 - - [01/Apr/2021:09:37:47 +0800] "GET /xingrg/kc/buy/cgsh_order_add.html HTTP/1.1" 200 62192
180.169.147.146 - - [01/Apr/2021:09:37:47 +0800] "GET /favicon.ico HTTP/1.1" 404 -
116.233.78.130 - - [01/Apr/2021:09:37:47 +0800] "POST /xingrg/kc/buy/cgsh_order_operate.html HTTP/1.1" 200 8245
116.233.78.130 - - [01/Apr/2021:09:37:47 +0800] "GET /xingrg/all/common/auto_word.html?type=employee&rest_code=00109 HTTP/1.1" 200 205
116.233.78.130 - - [01/Apr/2021:09:37:47 +0800] "GET /xingrg/all/common/auto_word.html?type=employee&rest_code=00109 HTTP/1.1" 200 205
116.233.78.130 - - [01/Apr/2021:09:37:47 +0800] "GET /xingrg/javascript/easyui/themes/default/validatebox.css HTTP/1.1" 404 1104
222.70.217.33 - - [01/Apr/2021:09:37:47 +0800] "POST /xingrg/dwr/call/plaincall/AjaxCheckService.setItemNumber.dwr HTTP/1.1" 200 78
61.129.6.251 - - [01/Apr/2021:09:37:47 +0800] "GET /xingrg/login.html HTTP/1.1" 200 7641
116.233.78.130 - - [01/Apr/2021:09:37:48 +0800] "GET /xingrg/all/function/internal_message.html?_=1617241077088&CODE_STATE=getMsg HTTP/1.1" 200 27
180.169.147.146 - - [01/Apr/2021:09:37:48 +0800] "POST /xingrg/dwr/call/plaincall/AjaxCheckService.checkOrder.dwr HTTP/1.1" 200 79
222.70.158.20 - - [01/Apr/2021:09:37:48 +0800] "POST /xingrg/dwr/call/plaincall/AjaxCheckService.setItemNumber.dwr HTTP/1.1" 200 78
61.165.42.208 - - [01/Apr/2021:09:37:49 +0800] "GET /xingrg/all/function/internal_message.html?_=1617241074108&CODE_STATE=getMsg HTTP/1.1" 200 27
222.70.217.33 - - [01/Apr/2021:09:37:49 +0800] "POST /xingrg/dwr/call/plaincall/AjaxCheckService.setItemNumber.dwr HTTP/1.1" 200 78
180.169.147.146 - - [01/Apr/2021:09:37:49 +0800] "GET /xingrg/kc/base/check_order_info.html?code=452021040100004 HTTP/1.1" 200 23124
180.169.147.146 - - [01/Apr/2021:09:37:49 +0800] "GET /xingrg/dwr/interface/AjaxCheckService.js HTTP/1.1" 200 14003
180.169.147.146 - - [01/Apr/2021:09:37:49 +0800] "GET /xingrg/dwr/interface/AjaxComOrderService.js HTTP/1.1" 200 18264
180.169.147.146 - - [01/Apr/2021:09:37:49 +0800] "GET /xingrg/dwr/engine.js HTTP/1.1" 200 43631
180.169.147.146 - - [01/Apr/2021:09:37:49 +0800] "GET /xingrg/javascript/jquery_easy_ui/themes/icons/uncheck_new.png HTTP/1.1" 304 -
180.169.147.146 - - [01/Apr/2021:09:37:49 +0800] "GET /xingrg/javascript/jquery_easy_ui/themes/icons/exam_new.png HTTP/1.1" 304 -
180.169.147.146 - - [01/Apr/2021:09:37:50 +0800] "POST /xingrg/dwr/call/plaincall/AjaxCheckService.loadOrderItems.dwr HTTP/1.1" 200 2896
180.169.147.146 - - [01/Apr/2021:09:37:50 +0800] "GET /xingrg/all/function/internal_message.html?_=1617241074304&CODE_STATE=getMsg HTTP/1.1" 200 27
222.70.217.33 - - [01/Apr/2021:09:37:50 +0800] "POST /xingrg/dwr/call/plaincall/AjaxCheckService.setItemNumber.dwr HTTP/1.1" 200 78
180.169.147.146 - - [01/Apr/2021:09:37:51 +0800] "POST /xingrg/login.do HTTP/1.1" 302 -
180.169.147.146 - - [01/Apr/2021:09:37:51 +0800] "GET /xingrg/index.html?sysBaseUrl=http%3A%2F%2F180.169.147.146%3A18081%2Fxingrg%2F&costTime=48×tamp=1617241071793 HTTP/1.1" 200 17503
180.169.147.146 - - [01/Apr/2021:09:37:51 +0800] "GET /favicon.ico HTTP/1.1" 404 -
180.169.147.146 - - [01/Apr/2021:09:37:52 +0800] "POST /xingrg/all/common/load_tree.html?tree=area_rest_tree_json&manage=1 HTTP/1.1" 200 3216
180.169.147.146 - - [01/Apr/2021:09:37:52 +0800] "GET /xingrg/check_reg.html?_=1617241074828 HTTP/1.1" 200 22
180.169.147.146 - - [01/Apr/2021:09:37:52 +0800] "GET /xingrg/all/function/internal_message.html?_=1617241074828&CODE_STATE=count HTTP/1.1" 200 11
180.169.147.146 - - [01/Apr/2021:09:37:52 +0800] "POST /xingrg/load_menu.html HTTP/1.1" 200 11564
222.70.158.20 - - [01/Apr/2021:09:37:52 +0800] "POST /xingrg/dwr/call/plaincall/AjaxCheckService.setItemNumber.dwr HTTP/1.1" 200 78
222.70.217.33 - - [01/Apr/2021:09:37:52 +0800] "POST /xingrg/dwr/call/plaincall/AjaxCheckService.setItemNumber.dwr HTTP/1.1" 200 78
114.83.217.136 - - [01/Apr/2021:09:37:52 +0800] "POST /xingrg/dwr/call/plaincall/AjaxCheckService.setItemNumber.dwr HTTP/1.1" 200 77
222.70.158.20 - - [01/Apr/2021:09:37:53 +0800] "GET /xingrg/all/function/internal_message.html?_=1617241073517&CODE_STATE=getMsg HTTP/1.1" 200 27
114.86.187.76 - - [01/Apr/2021:09:37:53 +0800] "GET /xingrg/all/function/internal_message.html?_=1617241081812&CODE_STATE=getMsg HTTP/1.1" 200 27
180.169.147.146 - - [01/Apr/2021:09:37:53 +0800] "GET /xingrg/kc/base/check_order_add.html HTTP/1.1" 200 26320
180.169.147.146 - - [01/Apr/2021:09:37:53 +0800] "GET /xingrg/dwr/interface/AjaxComOrderService.js HTTP/1.1" 200 18264
180.169.147.146 - - [01/Apr/2021:09:37:53 +0800] "GET /xingrg/dwr/interface/AjaxCheckService.js HTTP/1.1" 200 14003
180.169.147.146 - - [01/Apr/2021:09:37:53 +0800] "GET /xingrg/dwr/engine.js HTTP/1.1" 200 43631
222.70.217.33 - - [01/Apr/2021:09:37:56 +0800] "POST /xingrg/dwr/call/plaincall/AjaxCheckService.setItemNumber.dwr HTTP/1.1" 200 78
222.70.217.33 - - [01/Apr/2021:09:37:57 +0800] "POST /xingrg/dwr/call/plaincall/AjaxCheckService.setItemNumber.dwr HTTP/1.1" 200 78
114.83.217.136 - - [01/Apr/2021:09:37:58 +0800] "POST /xingrg/dwr/call/plaincall/AjaxCheckService.setItemNumber.dwr HTTP/1.1" 200 77
222.70.217.33 - - [01/Apr/2021:09:37:58 +0800] "POST /xingrg/dwr/call/plaincall/AjaxCheckService.setItemNumber.dwr HTTP/1.1" 200 78
222.70.158.20 - - [01/Apr/2021:09:38:00 +0800] "POST /xingrg/dwr/call/plaincall/AjaxComOrderService.getMaterielSearchList.dwr HTTP/1.1" 200 78
222.70.217.33 - - [01/Apr/2021:09:38:00 +0800] "POST /xingrg/dwr/call/plaincall/AjaxCheckService.setItemNumber.dwr HTTP/1.1" 200 78
116.235.216.75 - - [01/Apr/2021:09:38:00 +0800] "GET /xingrg/check_reg.html?_=1617241079147 HTTP/1.1" 200 22
116.235.216.75 - - [01/Apr/2021:09:38:01 +0800] "GET /xingrg/kc/base/check_order_info.html?code=452021033100554 HTTP/1.1" 200 26477
116.235.216.75 - - [01/Apr/2021:09:38:01 +0800] "GET /xingrg/dwr/interface/AjaxComOrderService.js HTTP/1.1" 200 18264
180.169.147.146 - - [01/Apr/2021:09:38:01 +0800] "POST /xingrg/dwr/call/plaincall/AjaxCheckService.saveOrder.dwr HTTP/1.1" 200 78
222.70.217.33 - - [01/Apr/2021:09:38:01 +0800] "POST /xingrg/dwr/call/plaincall/AjaxCheckService.setItemNumber.dwr HTTP/1.1" 200 78
116.235.216.75 - - [01/Apr/2021:09:38:01 +0800] "GET /xingrg/dwr/interface/AjaxCheckService.js HTTP/1.1" 200 14003
116.235.216.75 - - [01/Apr/2021:09:38:01 +0800] "GET /xingrg/dwr/engine.js HTTP/1.1" 200 43631
180.169.147.146 - - [01/Apr/2021:09:38:02 +0800] "POST /xingrg/dwr/call/plaincall/AjaxCheckService.loadOrderItems.dwr HTTP/1.1" 200 367
222.70.158.20 - - [01/Apr/2021:09:38:02 +0800] "POST /xingrg/dwr/call/plaincall/AjaxComOrderService.getMaterielSearchList.dwr HTTP/1.1" 200 78
114.83.217.136 - - [01/Apr/2021:09:38:02 +0800] "GET /xingrg/all/function/internal_message.html?_=1617241084365&CODE_STATE=getMsg HTTP/1.1" 200 27
114.83.217.136 - - [01/Apr/2021:09:38:02 +0800] "POST /xingrg/dwr/call/plaincall/AjaxCheckService.setItemNumber.dwr HTTP/1.1" 200 77
116.235.216.75 - - [01/Apr/2021:09:38:02 +0800] "POST /xingrg/dwr/call/plaincall/AjaxCheckService.loadOrderItems.dwr HTTP/1.1" 200 89372
222.70.158.20 - - [01/Apr/2021:09:38:03 +0800] "POST /xingrg/dwr/call/plaincall/AjaxComOrderService.getMaterielSearchList.dwr HTTP/1.1" 200 78
222.70.158.20 - - [01/Apr/2021:09:38:04 +0800] "POST /xingrg/dwr/call/plaincall/AjaxComOrderService.getMaterielSearchList.dwr HTTP/1.1" 200 78
222.70.158.20 - - [01/Apr/2021:09:38:06 +0800] "POST /xingrg/dwr/call/plaincall/AjaxComOrderService.getMaterielSearchList.dwr HTTP/1.1" 200 78
222.70.217.33 - - [01/Apr/2021:09:38:06 +0800] "POST /xingrg/dwr/call/plaincall/AjaxCheckService.setItemNumber.dwr HTTP/1.1" 200 78
222.70.217.33 - - [01/Apr/2021:09:38:06 +0800] "POST /xingrg/dwr/call/plaincall/AjaxCheckService.setItemNumber.dwr HTTP/1.1" 200 78
180.169.147.146 - - [01/Apr/2021:09:38:06 +0800] "POST /xingrg/dwr/call/plaincall/AjaxCheckService.importOrderItems.dwr HTTP/1.1" 200 78
222.70.158.20 - - [01/Apr/2021:09:38:07 +0800] "POST /xingrg/dwr/call/plaincall/AjaxComOrderService.getMaterielSearchList.dwr HTTP/1.1" 200 78
222.70.217.33 - - [01/Apr/2021:09:38:07 +0800] "POST /xingrg/dwr/call/plaincall/AjaxCheckService.setItemNumber.dwr HTTP/1.1" 200 78
222.70.158.20 - - [01/Apr/2021:09:38:07 +0800] "POST /xingrg/dwr/call/plaincall/AjaxComOrderService.getMaterielSearchList.dwr HTTP/1.1" 200 78
180.169.147.146 - - [01/Apr/2021:09:38:07 +0800] "GET /xingrg/kc/report/report_main.html HTTP/1.1" 200 9370
180.169.147.146 - - [01/Apr/2021:09:38:07 +0800] "POST /xingrg/dwr/call/plaincall/AjaxCheckService.loadOrderItems.dwr HTTP/1.1" 200 2270
222.70.217.33 - - [01/Apr/2021:09:38:09 +0800] "POST /xingrg/dwr/call/plaincall/AjaxCheckService.setItemNumber.dwr HTTP/1.1" 200 78
222.70.158.20 - - [01/Apr/2021:09:38:10 +0800] "POST /xingrg/dwr/call/plaincall/AjaxComOrderService.getMaterielSearchList.dwr HTTP/1.1" 200 78
222.70.217.33 - - [01/Apr/2021:09:38:10 +0800] "POST /xingrg/dwr/call/plaincall/AjaxCheckService.setItemNumber.dwr HTTP/1.1" 200 78
222.70.158.20 - - [01/Apr/2021:09:38:11 +0800] "POST /xingrg/dwr/call/plaincall/AjaxComOrderService.getMaterielSearchList.dwr HTTP/1.1" 200 78
222.70.217.33 - - [01/Apr/2021:09:38:13 +0800] "POST /xingrg/dwr/call/plaincall/AjaxCheckService.setItemNumber.dwr HTTP/1.1" 200 78
116.235.216.75 - - [01/Apr/2021:09:38:13 +0800] "GET /xingrg/all/function/internal_message.html?_=1617241091814&CODE_STATE=getMsg HTTP/1.1" 200 27
222.70.158.20 - - [01/Apr/2021:09:38:13 +0800] "POST /xingrg/dwr/call/plaincall/AjaxComOrderService.getMaterielSearchList.dwr HTTP/1.1" 200 205
222.70.217.33 - - [01/Apr/2021:09:38:13 +0800] "POST /xingrg/dwr/call/plaincall/AjaxCheckService.setItemNumber.dwr HTTP/1.1" 200 78
180.152.227.142 - - [01/Apr/2021:09:38:14 +0800] "GET /xingrg/all/function/internal_message.html?_=1617241364857&CODE_STATE=getMsg HTTP/1.1" 200 27
222.70.217.33 - - [01/Apr/2021:09:38:14 +0800] "POST /xingrg/dwr/call/plaincall/AjaxCheckService.setItemNumber.dwr HTTP/1.1" 200 78
180.169.147.146 - - [01/Apr/2021:09:38:15 +0800] "POST /xingrg/dwr/call/plaincall/AjaxCheckService.setItemNumber.dwr HTTP/1.1" 200 77
116.235.216.75 - - [01/Apr/2021:09:38:15 +0800] "POST /xingrg/dwr/call/plaincall/AjaxCheckService.setItemNumber.dwr HTTP/1.1" 200 76
222.70.217.33 - - [01/Apr/2021:09:38:15 +0800] "POST /xingrg/dwr/call/plaincall/AjaxCheckService.setItemNumber.dwr HTTP/1.1" 200 78
222.70.217.33 - - [01/Apr/2021:09:38:15 +0800] "POST /xingrg/dwr/call/plaincall/AjaxCheckService.setItemNumber.dwr HTTP/1.1" 200 78
114.83.217.136 - - [01/Apr/2021:09:38:15 +0800] "POST /xingrg/dwr/call/plaincall/AjaxCheckService.setItemNumber.dwr HTTP/1.1" 200 77
222.70.217.33 - - [01/Apr/2021:09:38:16 +0800] "POST /xingrg/dwr/call/plaincall/AjaxCheckService.setItemNumber.dwr HTTP/1.1" 200 78
116.235.216.75 - - [01/Apr/2021:09:38:16 +0800] "POST /xingrg/dwr/call/plaincall/AjaxCheckService.setItemNumber.dwr HTTP/1.1" 200 76
222.70.217.33 - - [01/Apr/2021:09:38:16 +0800] "POST /xingrg/dwr/call/plaincall/AjaxCheckService.setItemNumber.dwr HTTP/1.1" 200 78
222.70.217.33 - - [01/Apr/2021:09:38:16 +0800] "POST /xingrg/dwr/call/plaincall/AjaxCheckService.setItemNumber.dwr HTTP/1.1" 200 78
116.235.216.75 - - [01/Apr/2021:09:38:16 +0800] "POST /xingrg/dwr/call/plaincall/AjaxCheckService.setItemNumber.dwr HTTP/1.1" 200 76
222.70.217.33 - - [01/Apr/2021:09:38:17 +0800] "POST /xingrg/dwr/call/plaincall/AjaxCheckService.setItemNumber.dwr HTTP/1.1" 200 78
222.70.158.20 - - [01/Apr/2021:09:38:17 +0800] "POST /xingrg/dwr/call/plaincall/AjaxComOrderService.getMaterielSearchList.dwr HTTP/1.1" 200 205
222.70.217.33 - - [01/Apr/2021:09:38:17 +0800] "POST /xingrg/dwr/call/plaincall/AjaxCheckService.setItemNumber.dwr HTTP/1.1" 200 78
116.224.253.72 - - [01/Apr/2021:09:38:17 +0800] "GET /xingrg/all/function/internal_message.html?_=1617241099852&CODE_STATE=getMsg HTTP/1.1" 200 27
222.70.217.33 - - [01/Apr/2021:09:38:18 +0800] "POST /xingrg/dwr/call/plaincall/AjaxCheckService.setItemNumber.dwr HTTP/1.1" 200 78
222.70.158.20 - - [01/Apr/2021:09:38:18 +0800] "POST /xingrg/dwr/call/plaincall/AjaxComOrderService.getMaterielSearchList.dwr HTTP/1.1" 200 205
116.235.216.75 - - [01/Apr/2021:09:38:18 +0800] "POST /xingrg/dwr/call/plaincall/AjaxCheckService.setItemNumber.dwr HTTP/1.1" 200 76
222.70.217.33 - - [01/Apr/2021:09:38:18 +0800] "POST /xingrg/dwr/call/plaincall/AjaxCheckService.setItemNumber.dwr HTTP/1.1" 200 78
222.70.217.33 - - [01/Apr/2021:09:38:19 +0800] "POST /xingrg/dwr/call/plaincall/AjaxCheckService.setItemNumber.dwr HTTP/1.1" 200 78
222.70.217.33 - - [01/Apr/2021:09:38:19 +0800] "POST /xingrg/dwr/call/plaincall/AjaxCheckService.setItemNumber.dwr HTTP/1.1" 200 78
222.70.158.20 - - [01/Apr/2021:09:38:19 +0800] "POST /xingrg/dwr/call/plaincall/AjaxComOrderService.getMaterielSearchList.dwr HTTP/1.1" 200 205
222.70.217.33 - - [01/Apr/2021:09:38:19 +0800] "POST /xingrg/dwr/call/plaincall/AjaxCheckService.setItemNumber.dwr HTTP/1.1" 200 78
222.70.217.33 - - [01/Apr/2021:09:38:20 +0800] "GET /xingrg/all/function/internal_message.html?_=1617241101078&CODE_STATE=getMsg HTTP/1.1" 200 27
222.70.217.33 - - [01/Apr/2021:09:38:20 +0800] "POST /xingrg/dwr/call/plaincall/AjaxCheckService.setItemNumber.dwr HTTP/1.1" 200 78
116.235.216.75 - - [01/Apr/2021:09:38:20 +0800] "POST /xingrg/dwr/call/plaincall/AjaxCheckService.setItemNumber.dwr HTTP/1.1" 200 76
114.88.156.246 - - [01/Apr/2021:09:38:20 +0800] "GET /xingrg/all/function/internal_message.html?_=1617241101500&CODE_STATE=getMsg HTTP/1.1" 200 27
222.70.158.20 - - [01/Apr/2021:09:38:20 +0800] "POST /xingrg/dwr/call/plaincall/AjaxComOrderService.getMaterielSearchList.dwr HTTP/1.1" 200 205
180.169.147.146 - - [01/Apr/2021:09:38:20 +0800] "GET /xingrg/all/report/report_query.html?fileName=kc/buy/gys_amount_base_rest.xml HTTP/1.1" 200 51664
180.169.147.146 - - [01/Apr/2021:09:38:20 +0800] "GET /xingrg/dwr/interface/AjaxReportQueryService.js HTTP/1.1" 200 13203
180.169.147.146 - - [01/Apr/2021:09:38:20 +0800] "GET /xingrg/dwr/util.js HTTP/1.1" 200 35990
180.169.147.146 - - [01/Apr/2021:09:38:20 +0800] "GET /xingrg/dwr/engine.js HTTP/1.1" 200 43631
222.70.217.33 - - [01/Apr/2021:09:38:20 +0800] "POST /xingrg/dwr/call/plaincall/AjaxCheckService.setItemNumber.dwr HTTP/1.1" 200 78
180.169.147.146 - - [01/Apr/2021:09:38:20 +0800] "POST /xingrg/dwr/call/plaincall/AjaxReportQueryService.getFixDate.dwr HTTP/1.1" 200 111
180.169.147.146 - - [01/Apr/2021:09:38:20 +0800] "POST /xingrg/all/common/load_tree.html?tree=area_rest_tree_json&manage=1 HTTP/1.1" 200 3216
222.70.217.33 - - [01/Apr/2021:09:38:21 +0800] "POST /xingrg/dwr/call/plaincall/AjaxCheckService.setItemNumber.dwr HTTP/1.1" 200 78
180.169.147.146 - - [01/Apr/2021:09:38:21 +0800] "POST /xingrg/all/common/load_tree.html?tree=supplier_tree_json&manage=1 HTTP/1.1" 200 55684
180.169.147.146 - - [01/Apr/2021:09:38:21 +0800] "POST /xingrg/dwr/call/plaincall/AjaxCheckService.setItemNumber.dwr HTTP/1.1" 200 76
222.70.217.33 - - [01/Apr/2021:09:38:21 +0800] "POST /xingrg/dwr/call/plaincall/AjaxCheckService.setItemNumber.dwr HTTP/1.1" 200 78
222.70.217.33 - - [01/Apr/2021:09:38:22 +0800] "POST /xingrg/dwr/call/plaincall/AjaxCheckService.setItemNumber.dwr HTTP/1.1" 200 78
116.235.216.75 - - [01/Apr/2021:09:38:22 +0800] "POST /xingrg/dwr/call/plaincall/AjaxCheckService.setItemNumber.dwr HTTP/1.1" 200 76
180.169.147.146 - - [01/Apr/2021:09:38:22 +0800] "POST /xingrg/dwr/call/plaincall/AjaxCheckService.setItemNumber.dwr HTTP/1.1" 200 76
222.70.217.33 - - [01/Apr/2021:09:38:22 +0800] "POST /xingrg/dwr/call/plaincall/AjaxCheckService.setItemNumber.dwr HTTP/1.1" 200 78
222.70.217.33 - - [01/Apr/2021:09:38:22 +0800] "POST /xingrg/dwr/call/plaincall/AjaxCheckService.setItemNumber.dwr HTTP/1.1" 200 78
