180.152.227.142 - - [31/Mar/2021:08:44:18 +0800] "GET /xingrg/javascript/easyui/easyloader.js HTTP/1.1" 304 -
180.152.227.142 - - [31/Mar/2021:08:44:18 +0800] "GET /xingrg/javascript/easyui/plugins/jquery.parser.js HTTP/1.1" 304 -
120.253.135.82 - - [31/Mar/2021:08:44:19 +0800] "GET /xingrg/all/function/internal_message.html?_=1617151221501&CODE_STATE=getMsg HTTP/1.1" 200 27
120.253.135.82 - - [31/Mar/2021:08:44:19 +0800] "GET /xingrg/check_reg.html?_=1617151221502 HTTP/1.1" 200 22
180.152.227.142 - - [31/Mar/2021:08:44:19 +0800] "POST /xingrg/kc/buy/cgsh_list_operate.html HTTP/1.1" 200 876
114.86.229.31 - - [31/Mar/2021:08:44:20 +0800] "GET /xingrg/all/function/internal_message.html?_=1617151465003&CODE_STATE=getMsg HTTP/1.1" 200 27
61.165.42.208 - - [31/Mar/2021:08:44:26 +0800] "GET /xingrg/all/function/internal_message.html?_=1617151467702&CODE_STATE=getMsg HTTP/1.1" 200 27
61.165.42.208 - - [31/Mar/2021:08:44:31 +0800] "GET /xingrg/kc/buy/cgsh_order_operate.html?command=get_materiel&rest_code=00105&code=00101008257&supplier_code=00100203&order_time=2021-03-31 HTTP/1.1" 200 416
116.224.253.72 - - [31/Mar/2021:08:44:32 +0800] "GET /xingrg/all/function/internal_message.html?_=1617151472426&CODE_STATE=getMsg HTTP/1.1" 200 27
120.253.135.82 - - [31/Mar/2021:08:44:34 +0800] "POST /xingrg/kc/pszx/mdps_list_operate.html HTTP/1.1" 200 2439
101.228.165.174 - - [31/Mar/2021:08:44:34 +0800] "GET /xingrg/check_reg.html?_=1617151482465 HTTP/1.1" 200 22
120.253.135.82 - - [31/Mar/2021:08:44:36 +0800] "GET /xingrg/kc/pszx/mdqp_order_list.html?state=10 HTTP/1.1" 200 10171
120.253.135.82 - - [31/Mar/2021:08:44:36 +0800] "POST /xingrg/kc/pszx/mdps_list_operate.html HTTP/1.1" 200 2439
120.253.135.82 - - [31/Mar/2021:08:44:36 +0800] "GET /xingrg/dwr/interface/AjaxReportQueryService.js HTTP/1.1" 200 13203
120.253.135.82 - - [31/Mar/2021:08:44:36 +0800] "GET /xingrg/dwr/interface/AjaxQqpsService.js HTTP/1.1" 200 16326
120.253.135.82 - - [31/Mar/2021:08:44:36 +0800] "GET /xingrg/dwr/engine.js HTTP/1.1" 200 43631
120.253.135.82 - - [31/Mar/2021:08:44:39 +0800] "GET /xingrg/kc/buy/cgsh_order_list.html HTTP/1.1" 200 46413
61.165.42.208 - - [31/Mar/2021:08:44:39 +0800] "GET /xingrg/kc/buy/cgsh_order_operate.html?command=get_materiel&rest_code=00105&code=00101008305&supplier_code=00100203&order_time=2021-03-31 HTTP/1.1" 200 412
120.253.135.82 - - [31/Mar/2021:08:44:40 +0800] "POST /xingrg/kc/buy/cgsh_list_operate.html HTTP/1.1" 200 876
180.152.227.142 - - [31/Mar/2021:08:44:41 +0800] "POST /xingrg/kc/buy/cgsh_list_operate.html HTTP/1.1" 200 5817
120.253.135.82 - - [31/Mar/2021:08:44:42 +0800] "GET /xingrg/kc/buy/cgsh_order_add.html HTTP/1.1" 200 61211
120.253.135.82 - - [31/Mar/2021:08:44:42 +0800] "POST /xingrg/kc/buy/cgsh_order_operate.html HTTP/1.1" 200 8245
120.253.135.82 - - [31/Mar/2021:08:44:42 +0800] "GET /xingrg/javascript/easyui/themes/default/validatebox.css HTTP/1.1" 404 1104
101.83.240.180 - - [31/Mar/2021:08:44:43 +0800] "GET /xingrg/all/function/internal_message.html?_=1617151479170&CODE_STATE=getMsg HTTP/1.1" 200 27
180.152.227.142 - - [31/Mar/2021:08:44:44 +0800] "POST /xingrg/kc/buy/cgsh_list_operate.html HTTP/1.1" 200 559
114.88.156.246 - - [31/Mar/2021:08:44:45 +0800] "GET /xingrg/all/function/internal_message.html?_=1617151486373&CODE_STATE=getMsg HTTP/1.1" 200 27
180.152.227.142 - - [31/Mar/2021:08:44:47 +0800] "GET /xingrg/kc/buy/cgsh_order_info.html?code=212021033013207 HTTP/1.1" 200 57018
180.152.227.142 - - [31/Mar/2021:08:44:47 +0800] "GET /xingrg/javascript/pic_change.js HTTP/1.1" 304 -
180.152.227.142 - - [31/Mar/2021:08:44:47 +0800] "GET /xingrg/javascript/jquery_tools/order_manager.js HTTP/1.1" 304 -
180.152.227.142 - - [31/Mar/2021:08:44:47 +0800] "GET /xingrg/javascript/convert.js HTTP/1.1" 304 -
180.152.227.142 - - [31/Mar/2021:08:44:47 +0800] "GET /xingrg/javascript/json2.js HTTP/1.1" 304 -
180.152.227.142 - - [31/Mar/2021:08:44:47 +0800] "GET /xingrg/javascript/print/kc_print.js HTTP/1.1" 304 -
180.152.227.142 - - [31/Mar/2021:08:44:47 +0800] "GET /xingrg/words/20210330160040_words.js HTTP/1.1" 304 -
101.228.165.174 - - [31/Mar/2021:08:44:48 +0800] "GET /xingrg/all/function/internal_message.html?_=1617151496099&CODE_STATE=getMsg HTTP/1.1" 200 27
180.152.227.142 - - [31/Mar/2021:08:44:48 +0800] "GET /xingrg/javascript/easyui/plugins/jquery.validatebox.js HTTP/1.1" 304 -
180.152.227.142 - - [31/Mar/2021:08:44:48 +0800] "GET /xingrg/javascript/easyui/themes/default/validatebox.css HTTP/1.1" 404 1104
180.152.227.142 - - [31/Mar/2021:08:44:48 +0800] "GET /xingrg/javascript/easyui/plugins/jquery.numberbox.js HTTP/1.1" 304 -
180.152.227.142 - - [31/Mar/2021:08:44:48 +0800] "POST /xingrg/kc/buy/cgsh_order_operate.html HTTP/1.1" 200 11828
61.165.42.208 - - [31/Mar/2021:08:44:49 +0800] "GET /xingrg/kc/buy/cgsh_order_operate.html?command=get_materiel&rest_code=00105&code=00101008112&supplier_code=00100203&order_time=2021-03-31 HTTP/1.1" 200 412
116.235.216.75 - - [31/Mar/2021:08:44:52 +0800] "GET /xingrg/login.html HTTP/1.1" 200 7641
120.253.135.82 - - [31/Mar/2021:08:44:52 +0800] "POST /xingrg/all/common/load_combo.html?type=employee HTTP/1.1" 200 2101
116.235.216.75 - - [31/Mar/2021:08:44:53 +0800] "GET /favicon.ico HTTP/1.1" 404 -
180.152.227.142 - - [31/Mar/2021:08:44:56 +0800] "POST /xingrg/kc/buy/cgsh_list_operate.html HTTP/1.1" 200 577
61.165.42.208 - - [31/Mar/2021:08:44:57 +0800] "GET /xingrg/kc/buy/cgsh_order_operate.html?command=get_materiel&rest_code=00105&code=00101008351&supplier_code=00100203&order_time=2021-03-31 HTTP/1.1" 200 408
116.224.253.72 - - [31/Mar/2021:08:44:59 +0800] "GET /xingrg/all/function/internal_message.html?_=1617151501090&CODE_STATE=getMsg HTTP/1.1" 200 27
180.152.227.142 - - [31/Mar/2021:08:45:00 +0800] "POST /xingrg/kc/buy/cgsh_list_operate.html HTTP/1.1" 200 567
180.164.245.247 - - [31/Mar/2021:08:45:03 +0800] "GET /xingrg/all/function/internal_message.html?_=1617151499323&CODE_STATE=getMsg HTTP/1.1" 302 -
180.152.227.142 - - [31/Mar/2021:08:45:05 +0800] "GET /xingrg/kc/buy/cgsh_order_info.html?code=212021033013209 HTTP/1.1" 200 57018
222.70.217.33 - - [31/Mar/2021:08:45:05 +0800] "GET /xingrg/all/function/internal_message.html?_=1617151502665&CODE_STATE=getMsg HTTP/1.1" 200 27
120.253.135.82 - - [31/Mar/2021:08:45:06 +0800] "GET /xingrg/kc/buy/cgsh_order_operate.html?command=get_materiel&rest_code=00101&code=00101030015&supplier_code=00100151&order_time=2021-03-31 HTTP/1.1" 200 420
180.152.227.142 - - [31/Mar/2021:08:45:06 +0800] "GET /xingrg/javascript/easyui/themes/default/validatebox.css HTTP/1.1" 404 1104
180.152.227.142 - - [31/Mar/2021:08:45:06 +0800] "POST /xingrg/kc/buy/cgsh_order_operate.html HTTP/1.1" 200 7087
120.253.135.82 - - [31/Mar/2021:08:45:07 +0800] "GET /xingrg/all/function/internal_message.html?_=1617151281514&CODE_STATE=getMsg HTTP/1.1" 200 27
61.165.42.208 - - [31/Mar/2021:08:45:07 +0800] "GET /xingrg/kc/buy/cgsh_order_operate.html?command=get_materiel&rest_code=00105&code=00101008096&supplier_code=00100203&order_time=2021-03-31 HTTP/1.1" 200 412
180.152.227.142 - - [31/Mar/2021:08:45:12 +0800] "GET /xingrg/all/function/internal_message.html?_=1617151782196&CODE_STATE=getMsg HTTP/1.1" 200 27
180.152.227.142 - - [31/Mar/2021:08:45:12 +0800] "POST /xingrg/kc/buy/cgsh_list_operate.html HTTP/1.1" 200 5817
180.169.147.146 - - [31/Mar/2021:08:45:14 +0800] "GET /favicon.ico HTTP/1.1" 404 -
61.165.42.208 - - [31/Mar/2021:08:45:17 +0800] "GET /xingrg/kc/buy/cgsh_order_operate.html?command=get_materiel&rest_code=00105&code=00101008224&supplier_code=00100203&order_time=2021-03-31 HTTP/1.1" 200 416
180.152.227.142 - - [31/Mar/2021:08:45:17 +0800] "POST /xingrg/kc/buy/cgsh_list_operate.html HTTP/1.1" 200 6004
114.86.229.31 - - [31/Mar/2021:08:45:20 +0800] "GET /xingrg/all/function/internal_message.html?_=1617151525008&CODE_STATE=getMsg HTTP/1.1" 200 27
222.70.158.20 - - [31/Mar/2021:08:45:21 +0800] "GET /xingrg/index.html?sysBaseUrl=http%3A%2F%2F180.169.147.146%3A18081%2Fxingrg%2F&costTime=74×tamp=1596510965499 HTTP/1.1" 302 -
222.70.158.20 - - [31/Mar/2021:08:45:21 +0800] "GET /xingrg/login.html HTTP/1.1" 200 7641
222.70.158.20 - - [31/Mar/2021:08:45:22 +0800] "GET /favicon.ico HTTP/1.1" 404 -
180.152.227.142 - - [31/Mar/2021:08:45:23 +0800] "POST /xingrg/kc/buy/cgsh_list_operate.html HTTP/1.1" 200 5971
116.235.216.75 - - [31/Mar/2021:08:45:25 +0800] "GET /xingrg/login.html HTTP/1.1" 200 7641
61.165.42.208 - - [31/Mar/2021:08:45:25 +0800] "GET /xingrg/kc/buy/cgsh_order_operate.html?command=get_materiel&rest_code=00105&code=00101008144&supplier_code=00100203&order_time=2021-03-31 HTTP/1.1" 200 412
116.235.216.75 - - [31/Mar/2021:08:45:25 +0800] "GET /favicon.ico HTTP/1.1" 404 -
61.165.42.208 - - [31/Mar/2021:08:45:26 +0800] "GET /xingrg/all/function/internal_message.html?_=1617151527626&CODE_STATE=getMsg HTTP/1.1" 200 27
116.235.216.75 - - [31/Mar/2021:08:45:27 +0800] "POST /xingrg/login.do HTTP/1.1" 302 -
116.235.216.75 - - [31/Mar/2021:08:45:27 +0800] "GET /xingrg/index.html?sysBaseUrl=http%3A%2F%2F180.169.147.146%3A18081%2Fxingrg%2F&costTime=37×tamp=1617151527822 HTTP/1.1" 200 17179
116.235.216.75 - - [31/Mar/2021:08:45:28 +0800] "GET /favicon.ico HTTP/1.1" 404 -
116.235.216.75 - - [31/Mar/2021:08:45:28 +0800] "POST /xingrg/all/common/load_tree.html?tree=area_rest_tree_json&manage=1 HTTP/1.1" 200 476
222.70.158.20 - - [31/Mar/2021:08:45:28 +0800] "POST /xingrg/login.do HTTP/1.1" 302 -
222.70.158.20 - - [31/Mar/2021:08:45:28 +0800] "GET /xingrg/index.html?sysBaseUrl=http%3A%2F%2F180.169.147.146%3A18081%2Fxingrg%2F&costTime=38×tamp=1617151528932 HTTP/1.1" 200 17173
222.70.158.20 - - [31/Mar/2021:08:45:28 +0800] "GET /xingrg/css/form.css HTTP/1.1" 304 -
222.70.158.20 - - [31/Mar/2021:08:45:28 +0800] "GET /xingrg/javascript/jquery_easy_ui/themes/default/easyui.css HTTP/1.1" 304 -
222.70.158.20 - - [31/Mar/2021:08:45:28 +0800] "GET /xingrg/javascript/jquery-1.4.2.min.js HTTP/1.1" 304 -
222.70.158.20 - - [31/Mar/2021:08:45:28 +0800] "GET /xingrg/javascript/jquery_easy_ui/jquery.easyui.min.js HTTP/1.1" 304 -
222.70.158.20 - - [31/Mar/2021:08:45:28 +0800] "GET /xingrg/javascript/jquery.utils.js HTTP/1.1" 304 -
222.70.158.20 - - [31/Mar/2021:08:45:28 +0800] "GET /xingrg/javascript/jquery_easy_ui/themes/icon.css HTTP/1.1" 304 -
222.70.158.20 - - [31/Mar/2021:08:45:28 +0800] "GET /xingrg/javascript/jquery_easy_ui/easyui-lang-zh_CN.js HTTP/1.1" 304 -
222.70.158.20 - - [31/Mar/2021:08:45:28 +0800] "GET /xingrg/javascript/jquery.form.js HTTP/1.1" 304 -
222.70.158.20 - - [31/Mar/2021:08:45:28 +0800] "GET /xingrg/javascript/jquery.timers.js HTTP/1.1" 304 -
116.235.216.75 - - [31/Mar/2021:08:45:29 +0800] "GET /xingrg/all/function/internal_message.html?_=1617151526987&CODE_STATE=count HTTP/1.1" 200 11
116.235.216.75 - - [31/Mar/2021:08:45:29 +0800] "GET /xingrg/check_reg.html?_=1617151527004 HTTP/1.1" 200 22
116.235.216.75 - - [31/Mar/2021:08:45:29 +0800] "POST /xingrg/load_menu.html HTTP/1.1" 200 5138
222.70.158.20 - - [31/Mar/2021:08:45:29 +0800] "POST /xingrg/all/common/load_tree.html?tree=area_rest_tree_json&manage=1 HTTP/1.1" 200 342
222.70.158.20 - - [31/Mar/2021:08:45:29 +0800] "GET /xingrg/all/function/internal_message.html?_=1617151525981&CODE_STATE=count HTTP/1.1" 200 11
222.70.158.20 - - [31/Mar/2021:08:45:29 +0800] "GET /xingrg/check_reg.html?_=1617151525982 HTTP/1.1" 200 22
222.70.158.20 - - [31/Mar/2021:08:45:29 +0800] "POST /xingrg/load_menu.html HTTP/1.1" 200 5138
222.70.158.20 - - [31/Mar/2021:08:45:29 +0800] "GET /favicon.ico HTTP/1.1" 404 -
116.235.216.75 - - [31/Mar/2021:08:45:30 +0800] "GET /xingrg/kc/base/base_main.html HTTP/1.1" 200 12142
61.165.42.208 - - [31/Mar/2021:08:45:31 +0800] "GET /xingrg/kc/buy/cgsh_order_operate.html?command=get_materiel&rest_code=00105&code=00101008004&supplier_code=00100203&order_time=2021-03-31 HTTP/1.1" 200 417
116.224.253.72 - - [31/Mar/2021:08:45:32 +0800] "GET /xingrg/check_reg.html?_=1617151532417 HTTP/1.1" 200 22
116.224.253.72 - - [31/Mar/2021:08:45:32 +0800] "GET /xingrg/all/function/internal_message.html?_=1617151532420&CODE_STATE=getMsg HTTP/1.1" 200 27
116.235.216.75 - - [31/Mar/2021:08:45:35 +0800] "GET /xingrg/kc/base/check_order_list.html HTTP/1.1" 200 16517
116.235.216.75 - - [31/Mar/2021:08:45:35 +0800] "POST /xingrg/kc/base/check_list_operate.html HTTP/1.1" 200 1566
222.70.158.20 - - [31/Mar/2021:08:45:36 +0800] "GET /xingrg/kc/buy/buy_main.html HTTP/1.1" 200 12412
222.70.158.20 - - [31/Mar/2021:08:45:36 +0800] "GET /xingrg/css/new_ie.css HTTP/1.1" 404 1036
222.70.158.20 - - [31/Mar/2021:08:45:36 +0800] "GET /xingrg/css/blue.css HTTP/1.1" 304 -
222.70.158.20 - - [31/Mar/2021:08:45:36 +0800] "GET /xingrg/javascript/jquery_ui/themes/humanity/humanity.css HTTP/1.1" 304 -
222.70.158.20 - - [31/Mar/2021:08:45:36 +0800] "GET /xingrg/javascript/pic_change.js HTTP/1.1" 304 -
222.70.158.20 - - [31/Mar/2021:08:45:36 +0800] "GET /xingrg/javascript/ToolTips.js HTTP/1.1" 304 -
222.70.158.20 - - [31/Mar/2021:08:45:36 +0800] "GET /xingrg/javascript/myfunction.js HTTP/1.1" 304 -
222.70.158.20 - - [31/Mar/2021:08:45:36 +0800] "GET /xingrg/javascript/jquery_ui/jquery-ui.min.js HTTP/1.1" 304 -
180.152.227.142 - - [31/Mar/2021:08:45:36 +0800] "POST /xingrg/kc/buy/cgsh_list_operate.html HTTP/1.1" 200 6042
222.70.158.20 - - [31/Mar/2021:08:45:37 +0800] "GET /xingrg/images/yd/bt.gif HTTP/1.1" 404 1040
222.70.158.20 - - [31/Mar/2021:08:45:38 +0800] "GET /xingrg/kc/buy/cgsh_order_list.html HTTP/1.1" 200 46413
222.70.158.20 - - [31/Mar/2021:08:45:38 +0800] "GET /xingrg/css/site.css HTTP/1.1" 304 -
222.70.158.20 - - [31/Mar/2021:08:45:38 +0800] "GET /xingrg/css/base.css HTTP/1.1" 304 -
222.70.158.20 - - [31/Mar/2021:08:45:38 +0800] "GET /xingrg/javascript/jquery_tools/datebox.css HTTP/1.1" 304 -
222.70.158.20 - - [31/Mar/2021:08:45:38 +0800] "GET /xingrg/javascript/easyui/themes/icon.css HTTP/1.1" 304 -
222.70.158.20 - - [31/Mar/2021:08:45:38 +0800] "GET /xingrg/javascript/auto/jquery.autocomplete.css HTTP/1.1" 304 -
222.70.158.20 - - [31/Mar/2021:08:45:38 +0800] "GET /xingrg/javascript/easyui/themes/default/easyui.css HTTP/1.1" 304 -
222.70.158.20 - - [31/Mar/2021:08:45:38 +0800] "GET /xingrg/javascript/jquery_tools/fix.css HTTP/1.1" 304 -
222.70.158.20 - - [31/Mar/2021:08:45:38 +0800] "GET /xingrg/javascript/jquery_tools/table.css HTTP/1.1" 304 -
222.70.158.20 - - [31/Mar/2021:08:45:38 +0800] "GET /xingrg/javascript/jquery_tools/jquery.tools.hotkey.js HTTP/1.1" 304 -
222.70.158.20 - - [31/Mar/2021:08:45:38 +0800] "GET /xingrg/javascript/jquery_tools/jquery.tools.table.js HTTP/1.1" 304 -
222.70.158.20 - - [31/Mar/2021:08:45:38 +0800] "GET /xingrg/javascript/jquery_tools/list_manager.js HTTP/1.1" 304 -
222.70.158.20 - - [31/Mar/2021:08:45:38 +0800] "GET /xingrg/javascript/print/LodopFuncs.js HTTP/1.1" 304 -
222.70.158.20 - - [31/Mar/2021:08:45:38 +0800] "GET /xingrg/javascript/auto/jquery.autocomplete.js HTTP/1.1" 304 -
222.70.158.20 - - [31/Mar/2021:08:45:38 +0800] "GET /xingrg/javascript/easyui/easyloader.js HTTP/1.1" 304 -
222.70.158.20 - - [31/Mar/2021:08:45:38 +0800] "GET /xingrg/javascript/jquery.cookie.js HTTP/1.1" 304 -
222.70.158.20 - - [31/Mar/2021:08:45:38 +0800] "GET /xingrg/javascript/jquery_tools/jquery.tools.extend.js HTTP/1.1" 304 -
222.70.158.20 - - [31/Mar/2021:08:45:38 +0800] "GET /xingrg/javascript/jquery_tools/jquery.tools.min.js HTTP/1.1" 304 -
222.70.158.20 - - [31/Mar/2021:08:45:38 +0800] "GET /xingrg/javascript/easyui/plugins/jquery.parser.js HTTP/1.1" 304 -
222.70.158.20 - - [31/Mar/2021:08:45:39 +0800] "POST /xingrg/kc/buy/cgsh_list_operate.html HTTP/1.1" 200 876
116.235.216.75 - - [31/Mar/2021:08:45:39 +0800] "POST /xingrg/kc/base/check_list_operate.html HTTP/1.1" 200 4
116.235.216.75 - - [31/Mar/2021:08:45:40 +0800] "POST /xingrg/kc/base/check_list_operate.html HTTP/1.1" 200 781
61.165.42.208 - - [31/Mar/2021:08:45:41 +0800] "GET /xingrg/kc/buy/cgsh_order_operate.html?command=get_materiel&rest_code=00105&code=00101008212&supplier_code=00100203&order_time=2021-03-31 HTTP/1.1" 200 412
222.70.158.20 - - [31/Mar/2021:08:45:41 +0800] "GET /xingrg/kc/buy/cgsh_order_add.html HTTP/1.1" 200 62151
222.70.158.20 - - [31/Mar/2021:08:45:41 +0800] "GET /xingrg/javascript/jquery_tools/order_manager.js HTTP/1.1" 304 -
222.70.158.20 - - [31/Mar/2021:08:45:41 +0800] "GET /xingrg/javascript/convert.js HTTP/1.1" 304 -
222.70.158.20 - - [31/Mar/2021:08:45:41 +0800] "GET /xingrg/javascript/print/kc_print.js HTTP/1.1" 304 -
222.70.158.20 - - [31/Mar/2021:08:45:41 +0800] "GET /xingrg/javascript/json2.js HTTP/1.1" 304 -
222.70.158.20 - - [31/Mar/2021:08:45:41 +0800] "GET /xingrg/words/20210330160040_words.js HTTP/1.1" 304 -
222.70.158.20 - - [31/Mar/2021:08:45:42 +0800] "POST /xingrg/kc/buy/cgsh_order_operate.html HTTP/1.1" 200 8245
222.70.158.20 - - [31/Mar/2021:08:45:42 +0800] "GET /xingrg/all/common/auto_word.html?type=employee&rest_code=00111 HTTP/1.1" 200 205
222.70.158.20 - - [31/Mar/2021:08:45:42 +0800] "GET /xingrg/all/common/auto_word.html?type=employee&rest_code=00111 HTTP/1.1" 200 205
222.70.158.20 - - [31/Mar/2021:08:45:42 +0800] "GET /xingrg/javascript/easyui/themes/default/validatebox.css HTTP/1.1" 404 1104
222.70.158.20 - - [31/Mar/2021:08:45:42 +0800] "GET /xingrg/javascript/easyui/plugins/jquery.validatebox.js HTTP/1.1" 304 -
222.70.158.20 - - [31/Mar/2021:08:45:42 +0800] "GET /xingrg/javascript/easyui/plugins/jquery.numberbox.js HTTP/1.1" 304 -
101.83.240.180 - - [31/Mar/2021:08:45:43 +0800] "GET /xingrg/all/function/internal_message.html?_=1617151539177&CODE_STATE=getMsg HTTP/1.1" 200 27
101.83.240.180 - - [31/Mar/2021:08:45:43 +0800] "GET /xingrg/check_reg.html?_=1617151539181 HTTP/1.1" 200 22
61.165.42.208 - - [31/Mar/2021:08:45:44 +0800] "POST /xingrg/kc/buy/cgsh_order_operate.html HTTP/1.1" 200 2065
61.165.42.208 - - [31/Mar/2021:08:45:45 +0800] "POST /xingrg/kc/buy/cgsh_order_operate.html HTTP/1.1" 200 2065
114.88.156.246 - - [31/Mar/2021:08:45:45 +0800] "GET /xingrg/all/function/internal_message.html?_=1617151546343&CODE_STATE=getMsg HTTP/1.1" 200 27
61.165.42.208 - - [31/Mar/2021:08:45:47 +0800] "POST /xingrg/kc/buy/cgsh_order_operate.html HTTP/1.1" 200 2065
101.89.239.120 - - [31/Mar/2021:08:45:47 +0800] "GET /xingrg/all/function/internal_message.html?_=1617151486373&CODE_STATE=getMsg HTTP/1.1" 302 -
101.228.165.174 - - [31/Mar/2021:08:45:48 +0800] "GET /xingrg/all/function/internal_message.html?_=1617151556113&CODE_STATE=getMsg HTTP/1.1" 200 27
101.89.239.120 - - [31/Mar/2021:08:45:48 +0800] "GET /xingrg/login.html HTTP/1.1" 200 7641
61.165.42.208 - - [31/Mar/2021:08:45:53 +0800] "GET /xingrg/kc/buy/cgsh_order_operate.html?command=get_materiel&rest_code=00105&code=00101008137&supplier_code=00100203&order_time=2021-03-31 HTTP/1.1" 200 408
222.70.158.20 - - [31/Mar/2021:08:45:57 +0800] "GET /xingrg/javascript/auto/indicator.gif HTTP/1.1" 404 1066
116.224.253.72 - - [31/Mar/2021:08:45:59 +0800] "GET /xingrg/all/function/internal_message.html?_=1617151561152&CODE_STATE=getMsg HTTP/1.1" 200 27
61.165.42.208 - - [31/Mar/2021:08:46:00 +0800] "GET /xingrg/kc/buy/cgsh_order_operate.html?command=get_materiel&rest_code=00105&code=00101008172&supplier_code=00100203&order_time=2021-03-31 HTTP/1.1" 200 412
222.70.158.20 - - [31/Mar/2021:08:46:00 +0800] "GET /xingrg/javascript/jquery_tools/images/prev.gif HTTP/1.1" 404 1086
222.70.158.20 - - [31/Mar/2021:08:46:00 +0800] "GET /xingrg/javascript/jquery_tools/images/next.gif HTTP/1.1" 404 1086
180.164.245.247 - - [31/Mar/2021:08:46:03 +0800] "GET /xingrg/all/function/internal_message.html?_=1617151559340&CODE_STATE=getMsg HTTP/1.1" 302 -
222.70.217.33 - - [31/Mar/2021:08:46:05 +0800] "GET /xingrg/all/function/internal_message.html?_=1617151562656&CODE_STATE=getMsg HTTP/1.1" 200 27
120.253.135.82 - - [31/Mar/2021:08:46:07 +0800] "GET /xingrg/all/function/internal_message.html?_=1617151341528&CODE_STATE=getMsg HTTP/1.1" 200 27
180.152.227.142 - - [31/Mar/2021:08:46:12 +0800] "GET /xingrg/all/function/internal_message.html?_=1617151842211&CODE_STATE=getMsg HTTP/1.1" 200 27
222.70.217.33 - - [31/Mar/2021:08:46:13 +0800] "GET /xingrg/kc/report/report_main.html HTTP/1.1" 200 7345
222.70.158.20 - - [31/Mar/2021:08:46:13 +0800] "GET /xingrg/kc/buy/cgsh_order_operate.html?command=get_materiel&rest_code=00111&code=00101008412&supplier_code=00100037&order_time=2021-03-31 HTTP/1.1" 200 399
222.70.217.33 - - [31/Mar/2021:08:46:14 +0800] "GET /xingrg/kc/base/kc_stocks.html HTTP/1.1" 200 16386
222.70.217.33 - - [31/Mar/2021:08:46:14 +0800] "GET /xingrg/javascript/easyui/themes/default/tree.css HTTP/1.1" 404 1090
222.70.217.33 - - [31/Mar/2021:08:46:14 +0800] "GET /xingrg/all/common/auto_word.html?type=base&rest_code=00155 HTTP/1.1" 200 1707
222.70.217.33 - - [31/Mar/2021:08:46:14 +0800] "POST /xingrg/all/common/load_tree.html?tree=materiel_sort_tree_json HTTP/1.1" 200 8666
114.86.229.31 - - [31/Mar/2021:08:46:20 +0800] "GET /xingrg/all/function/internal_message.html?_=1617151585002&CODE_STATE=getMsg HTTP/1.1" 200 27
222.70.217.33 - - [31/Mar/2021:08:46:21 +0800] "POST /xingrg/kc/base/stock_operate.html HTTP/1.1" 200 1452
120.253.135.82 - - [31/Mar/2021:08:46:23 +0800] "POST /xingrg/kc/buy/cgsh_order_operate.html HTTP/1.1" 200 37
222.70.217.33 - - [31/Mar/2021:08:46:23 +0800] "GET /xingrg/kc/base/stock_detail.html?m=00101013177 HTTP/1.1" 200 7239
120.253.135.82 - - [31/Mar/2021:08:46:24 +0800] "POST /xingrg/kc/buy/cgsh_order_operate.html HTTP/1.1" 200 2670
222.70.217.33 - - [31/Mar/2021:08:46:24 +0800] "GET /xingrg/kc/base/stock_operate.html?_=1617151581310&command=get_report_file&start_day=20210301 HTTP/1.1" 200 53
222.70.217.33 - - [31/Mar/2021:08:46:24 +0800] "GET /xingrg/all/report/report_query.html?isQuery=1&onlyBody=1&rh=2000&fileName=kc/base/kc_stock_detail_new.xml&queryString=(1=1)&queryText=&tableQueryString=init_table$sp1$$sp$crk_table$sp1$order_day%20between%2020210301%20and%2020210331&varString=start_day:20210301,materiel_code:00101013177,cost_id:3064,end_date:20210228 HTTP/1.1" 200 48701
222.70.217.33 - - [31/Mar/2021:08:46:24 +0800] "GET /xingrg/dwr/interface/AjaxReportQueryService.js HTTP/1.1" 200 13203
222.70.217.33 - - [31/Mar/2021:08:46:24 +0800] "GET /xingrg/dwr/engine.js HTTP/1.1" 200 43631
222.70.217.33 - - [31/Mar/2021:08:46:24 +0800] "GET /xingrg/dwr/util.js HTTP/1.1" 304 -
222.70.217.33 - - [31/Mar/2021:08:46:25 +0800] "POST /xingrg/all/report/load_report_page.html HTTP/1.1" 200 20229
222.70.217.33 - - [31/Mar/2021:08:46:25 +0800] "GET /xingrg/servlets/image?cache=0.7646698763458318&image=px HTTP/1.1" 200 807
61.165.42.208 - - [31/Mar/2021:08:46:26 +0800] "GET /xingrg/all/function/internal_message.html?_=1617151587651&CODE_STATE=getMsg HTTP/1.1" 200 27
222.70.217.33 - - [31/Mar/2021:08:46:28 +0800] "GET /xingrg/kc/base/stock_operate.html?_=1617151584769&command=get_report_file&start_day=20200224 HTTP/1.1" 200 21
222.70.217.33 - - [31/Mar/2021:08:46:28 +0800] "GET /xingrg/all/report/report_query.html?isQuery=1&onlyBody=1&rh=2000&fileName=kc/base/kc_stock_detail.xml&queryString=(1=1)&queryText=&tableQueryString=init_table$sp1$$sp$crk_table$sp1$order_day%20between%2020200224%20and%2020210331&varString=start_day:20200224,materiel_code:00101013177,cost_id:undefined,end_date:undefined HTTP/1.1" 200 48699
222.70.217.33 - - [31/Mar/2021:08:46:28 +0800] "GET /xingrg/dwr/interface/AjaxReportQueryService.js HTTP/1.1" 200 13203
222.70.217.33 - - [31/Mar/2021:08:46:28 +0800] "GET /xingrg/dwr/engine.js HTTP/1.1" 200 43631
222.70.158.20 - - [31/Mar/2021:08:46:28 +0800] "GET /xingrg/kc/buy/cgsh_order_operate.html?command=get_materiel&rest_code=00111&code=00101012051&supplier_code=00100037&order_time=2021-03-31 HTTP/1.1" 200 408
61.165.42.208 - - [31/Mar/2021:08:46:28 +0800] "GET /xingrg/kc/buy/cgsh_order_operate.html?command=get_materiel&rest_code=00105&code=00101008213&supplier_code=00100203&order_time=2021-03-31 HTTP/1.1" 200 412
222.70.217.33 - - [31/Mar/2021:08:46:28 +0800] "POST /xingrg/all/report/load_report_page.html HTTP/1.1" 200 49492
222.70.217.33 - - [31/Mar/2021:08:46:29 +0800] "GET /xingrg/servlets/image?cache=0.552812605653575&image=px HTTP/1.1" 200 807
116.235.216.75 - - [31/Mar/2021:08:46:29 +0800] "GET /xingrg/all/function/internal_message.html?_=1617151587024&CODE_STATE=getMsg HTTP/1.1" 200 27
222.70.158.20 - - [31/Mar/2021:08:46:29 +0800] "GET /xingrg/all/function/internal_message.html?_=1617151586083&CODE_STATE=getMsg HTTP/1.1" 200 27
222.70.217.33 - - [31/Mar/2021:08:46:32 +0800] "GET /xingrg/kc/guide/show_order.html?code=212021012612388&type=21 HTTP/1.1" 302 -
222.70.217.33 - - [31/Mar/2021:08:46:32 +0800] "GET /xingrg/kc/buy/cgsh_order_info.html?code=212021012612388&sysBaseUrl=http%3A%2F%2F180.169.147.146%3A18081%2Fxingrg%2F&costTime=0×tamp=1617151592352 HTTP/1.1" 200 57021
222.70.217.33 - - [31/Mar/2021:08:46:32 +0800] "GET /favicon.ico HTTP/1.1" 404 -
116.224.253.72 - - [31/Mar/2021:08:46:32 +0800] "GET /xingrg/all/function/internal_message.html?_=1617151592443&CODE_STATE=getMsg HTTP/1.1" 200 27
222.70.217.33 - - [31/Mar/2021:08:46:32 +0800] "GET /xingrg/words/20210330160040_words.js HTTP/1.1" 304 -
222.70.217.33 - - [31/Mar/2021:08:46:32 +0800] "GET /xingrg/javascript/easyui/themes/default/validatebox.css HTTP/1.1" 404 1104
222.70.217.33 - - [31/Mar/2021:08:46:33 +0800] "POST /xingrg/kc/buy/cgsh_order_operate.html HTTP/1.1" 200 8453
120.253.135.82 - - [31/Mar/2021:08:46:34 +0800] "GET /xingrg/kc/buy/cgsh_order_operate.html?command=get_materiel&rest_code=00101&code=00101030020&supplier_code=00100151&order_time=2021-03-31 HTTP/1.1" 200 400
222.70.158.20 - - [31/Mar/2021:08:46:34 +0800] "GET /xingrg/kc/buy/cgsh_order_operate.html?command=get_materiel&rest_code=00111&code=00101008216&supplier_code=00100037&order_time=2021-03-31 HTTP/1.1" 200 413
61.165.42.208 - - [31/Mar/2021:08:46:34 +0800] "GET /xingrg/kc/buy/cgsh_order_operate.html?command=get_materiel&rest_code=00105&code=00101008242&supplier_code=00100203&order_time=2021-03-31 HTTP/1.1" 200 408
61.165.42.208 - - [31/Mar/2021:08:46:41 +0800] "GET /xingrg/kc/buy/cgsh_order_operate.html?command=get_materiel&rest_code=00105&code=00101008276&supplier_code=00100203&order_time=2021-03-31 HTTP/1.1" 200 412
101.83.240.180 - - [31/Mar/2021:08:46:43 +0800] "GET /xingrg/all/function/internal_message.html?_=1617151599170&CODE_STATE=getMsg HTTP/1.1" 200 27
222.70.158.20 - - [31/Mar/2021:08:46:44 +0800] "GET /xingrg/kc/buy/cgsh_order_operate.html?command=get_materiel&rest_code=00111&code=00101007109&supplier_code=00100037&order_time=2021-03-31 HTTP/1.1" 200 408
114.88.156.246 - - [31/Mar/2021:08:46:45 +0800] "GET /xingrg/all/function/internal_message.html?_=1617151606319&CODE_STATE=getMsg HTTP/1.1" 200 27
180.164.245.247 - - [31/Mar/2021:08:46:46 +0800] "GET /xingrg/check_reg.html?_=1617151602113 HTTP/1.1" 302 -
101.228.165.174 - - [31/Mar/2021:08:46:48 +0800] "GET /xingrg/all/function/internal_message.html?_=1617151616137&CODE_STATE=getMsg HTTP/1.1" 200 27
61.165.42.208 - - [31/Mar/2021:08:46:48 +0800] "GET /xingrg/kc/buy/cgsh_order_operate.html?command=get_materiel&rest_code=00105&code=00101008277&supplier_code=00100203&order_time=2021-03-31 HTTP/1.1" 200 412
222.70.158.20 - - [31/Mar/2021:08:46:54 +0800] "GET /xingrg/kc/buy/cgsh_order_operate.html?command=get_materiel&rest_code=00111&code=00101016025&supplier_code=00100037&order_time=2021-03-31 HTTP/1.1" 200 408
61.165.42.208 - - [31/Mar/2021:08:46:56 +0800] "GET /xingrg/kc/buy/cgsh_order_operate.html?command=get_materiel&rest_code=00105&code=00101008274&supplier_code=00100203&order_time=2021-03-31 HTTP/1.1" 200 412
120.253.135.82 - - [31/Mar/2021:08:46:56 +0800] "GET /xingrg/kc/buy/cgsh_order_operate.html?command=get_materiel&rest_code=00101&code=00101030012&supplier_code=00100151&order_time=2021-03-31 HTTP/1.1" 200 435
116.224.253.72 - - [31/Mar/2021:08:46:59 +0800] "GET /xingrg/all/function/internal_message.html?_=1617151621164&CODE_STATE=getMsg HTTP/1.1" 200 27
222.70.158.20 - - [31/Mar/2021:08:47:02 +0800] "GET /xingrg/kc/buy/cgsh_order_operate.html?command=get_materiel&rest_code=00111&code=00101016105&supplier_code=00100037&order_time=2021-03-31 HTTP/1.1" 200 409
180.164.245.247 - - [31/Mar/2021:08:47:03 +0800] "GET /xingrg/all/function/internal_message.html?_=1617151619367&CODE_STATE=getMsg HTTP/1.1" 302 -
222.70.217.33 - - [31/Mar/2021:08:47:05 +0800] "GET /xingrg/all/function/internal_message.html?_=1617151622661&CODE_STATE=getMsg HTTP/1.1" 200 27
61.165.42.208 - - [31/Mar/2021:08:47:06 +0800] "GET /xingrg/kc/buy/cgsh_order_operate.html?command=get_materiel&rest_code=00105&code=00101008103&supplier_code=00100203&order_time=2021-03-31 HTTP/1.1" 200 417
120.253.135.82 - - [31/Mar/2021:08:47:07 +0800] "GET /xingrg/all/function/internal_message.html?_=1617151401542&CODE_STATE=getMsg HTTP/1.1" 200 27
180.152.227.142 - - [31/Mar/2021:08:47:09 +0800] "POST /xingrg/kc/buy/cgsh_list_operate.html HTTP/1.1" 200 6022
180.152.227.142 - - [31/Mar/2021:08:47:12 +0800] "GET /xingrg/all/function/internal_message.html?_=1617151902224&CODE_STATE=getMsg HTTP/1.1" 200 27
180.152.227.142 - - [31/Mar/2021:08:47:13 +0800] "POST /xingrg/kc/buy/cgsh_list_operate.html HTTP/1.1" 200 567
180.152.227.142 - - [31/Mar/2021:08:47:15 +0800] "GET /xingrg/kc/buy/cgsh_order_info.html?code=212021032812287 HTTP/1.1" 200 57018
120.253.135.82 - - [31/Mar/2021:08:47:15 +0800] "GET /xingrg/kc/buy/cgsh_order_operate.html?command=get_materiel&rest_code=00101&code=00101030021&supplier_code=00100151&order_time=2021-03-31 HTTP/1.1" 200 400
180.152.227.142 - - [31/Mar/2021:08:47:15 +0800] "GET /xingrg/javascript/easyui/themes/default/validatebox.css HTTP/1.1" 404 1104
180.152.227.142 - - [31/Mar/2021:08:47:16 +0800] "POST /xingrg/kc/buy/cgsh_order_operate.html HTTP/1.1" 200 13002
114.86.229.31 - - [31/Mar/2021:08:47:20 +0800] "GET /xingrg/all/function/internal_message.html?_=1617151644994&CODE_STATE=getMsg HTTP/1.1" 200 27
180.152.227.142 - - [31/Mar/2021:08:47:21 +0800] "POST /xingrg/kc/buy/cgsh_list_operate.html HTTP/1.1" 200 6022
180.152.227.142 - - [31/Mar/2021:08:47:23 +0800] "GET /xingrg/kc/mdqp/qqps_order_list.html HTTP/1.1" 200 9222
180.152.227.142 - - [31/Mar/2021:08:47:23 +0800] "GET /xingrg/css/blue.css HTTP/1.1" 304 -
180.152.227.142 - - [31/Mar/2021:08:47:23 +0800] "GET /xingrg/dwr/util.js HTTP/1.1" 304 -
180.152.227.142 - - [31/Mar/2021:08:47:23 +0800] "GET /xingrg/javascript/myfunction.js HTTP/1.1" 304 -
180.152.227.142 - - [31/Mar/2021:08:47:23 +0800] "GET /xingrg/javascript/Calendar.js HTTP/1.1" 304 -
180.152.227.142 - - [31/Mar/2021:08:47:23 +0800] "GET /xingrg/javascript/ToolTips.js HTTP/1.1" 304 -
180.152.227.142 - - [31/Mar/2021:08:47:23 +0800] "GET /xingrg/dwr/interface/AjaxReportQueryService.js HTTP/1.1" 200 13203
180.152.227.142 - - [31/Mar/2021:08:47:23 +0800] "GET /xingrg/dwr/interface/AjaxQqpsService.js HTTP/1.1" 200 16326
180.152.227.142 - - [31/Mar/2021:08:47:24 +0800] "GET /xingrg/dwr/engine.js HTTP/1.1" 200 43631
180.152.227.142 - - [31/Mar/2021:08:47:24 +0800] "GET /xingrg/javascript/jquery_easy_ui/themes/icons/uncheck_new.png HTTP/1.1" 304 -
61.165.42.208 - - [31/Mar/2021:08:47:26 +0800] "GET /xingrg/check_reg.html?_=1617151647763 HTTP/1.1" 200 22
61.165.42.208 - - [31/Mar/2021:08:47:26 +0800] "GET /xingrg/all/function/internal_message.html?_=1617151647764&CODE_STATE=getMsg HTTP/1.1" 200 27
222.70.158.20 - - [31/Mar/2021:08:47:28 +0800] "GET /xingrg/kc/buy/cgsh_order_operate.html?command=get_materiel&rest_code=00111&code=00101008092&supplier_code=00100037&order_time=2021-03-31 HTTP/1.1" 200 412
116.235.216.75 - - [31/Mar/2021:08:47:29 +0800] "GET /xingrg/all/function/internal_message.html?_=1617151647030&CODE_STATE=getMsg HTTP/1.1" 200 27
180.152.227.142 - - [31/Mar/2021:08:47:29 +0800] "GET /xingrg/kc/mdqp/qqps_order_list.html?isQuery=1&timeSelect=1&orderTime=day&startTime=2021-03-30&endTime=2021-03-30&state=all&query=%C8%B7++%B6%A8 HTTP/1.1" 200 10174
180.152.227.142 - - [31/Mar/2021:08:47:29 +0800] "GET /xingrg/dwr/interface/AjaxReportQueryService.js HTTP/1.1" 200 13203
222.70.158.20 - - [31/Mar/2021:08:47:29 +0800] "GET /xingrg/all/function/internal_message.html?_=1617151646092&CODE_STATE=getMsg HTTP/1.1" 200 27
180.152.227.142 - - [31/Mar/2021:08:47:29 +0800] "GET /xingrg/dwr/interface/AjaxQqpsService.js HTTP/1.1" 200 16326
180.152.227.142 - - [31/Mar/2021:08:47:29 +0800] "GET /xingrg/dwr/engine.js HTTP/1.1" 200 43631
180.152.227.142 - - [31/Mar/2021:08:47:31 +0800] "GET /xingrg/javascript/tools/jquery.qtip-1.0.0-rc3.min.js HTTP/1.1" 304 -
180.152.227.142 - - [31/Mar/2021:08:47:31 +0800] "GET /xingrg/dwr/interface/AjaxComOrderService.js HTTP/1.1" 200 18264
180.152.227.142 - - [31/Mar/2021:08:47:32 +0800] "GET /xingrg/javascript/AjaxInfoList.js HTTP/1.1" 304 -
180.152.227.142 - - [31/Mar/2021:08:47:32 +0800] "GET /xingrg/dwr/interface/AjaxQqpsService.js HTTP/1.1" 200 16326
180.152.227.142 - - [31/Mar/2021:08:47:32 +0800] "GET /xingrg/javascript/Grid.js HTTP/1.1" 304 -
180.152.227.142 - - [31/Mar/2021:08:47:32 +0800] "GET /xingrg/kc/mdqp/qqps_order_info.html?code=302021033000635 HTTP/1.1" 200 26472
180.152.227.142 - - [31/Mar/2021:08:47:32 +0800] "GET /xingrg/dwr/engine.js HTTP/1.1" 200 43631
120.253.135.82 - - [31/Mar/2021:08:47:32 +0800] "GET /xingrg/kc/buy/cgsh_order_operate.html?command=get_materiel&rest_code=00101&code=00101030030&supplier_code=00100151&order_time=2021-03-31 HTTP/1.1" 200 423
116.224.253.72 - - [31/Mar/2021:08:47:32 +0800] "GET /xingrg/all/function/internal_message.html?_=1617151652443&CODE_STATE=getMsg HTTP/1.1" 200 27
180.152.227.142 - - [31/Mar/2021:08:47:33 +0800] "POST /xingrg/dwr/call/plaincall/AjaxQqpsService.loadMaterielItems.dwr HTTP/1.1" 200 2290
120.253.135.82 - - [31/Mar/2021:08:47:42 +0800] "POST /xingrg/kc/buy/cgsh_order_operate.html HTTP/1.1" 200 37
222.70.158.20 - - [31/Mar/2021:08:47:42 +0800] "GET /xingrg/kc/buy/cgsh_order_operate.html?command=get_materiel&rest_code=00111&code=00101008123&supplier_code=00100037&order_time=2021-03-31 HTTP/1.1" 200 412
101.83.240.180 - - [31/Mar/2021:08:47:43 +0800] "GET /xingrg/all/function/internal_message.html?_=1617151659171&CODE_STATE=getMsg HTTP/1.1" 200 27
120.253.135.82 - - [31/Mar/2021:08:47:43 +0800] "POST /xingrg/kc/buy/cgsh_order_operate.html HTTP/1.1" 200 5080
114.88.156.246 - - [31/Mar/2021:08:47:45 +0800] "GET /xingrg/all/function/internal_message.html?_=1617151666302&CODE_STATE=getMsg HTTP/1.1" 200 27
101.228.165.174 - - [31/Mar/2021:08:47:48 +0800] "GET /xingrg/all/function/internal_message.html?_=1617151676141&CODE_STATE=getMsg HTTP/1.1" 200 27
222.70.158.20 - - [31/Mar/2021:08:47:52 +0800] "GET /xingrg/kc/buy/cgsh_order_operate.html?command=get_materiel&rest_code=00111&code=00101015038&supplier_code=00100037&order_time=2021-03-31 HTTP/1.1" 200 418
116.224.253.72 - - [31/Mar/2021:08:47:58 +0800] "GET /xingrg/check_reg.html?_=1617151680812 HTTP/1.1" 200 22
116.224.253.72 - - [31/Mar/2021:08:47:59 +0800] "GET /xingrg/all/function/internal_message.html?_=1617151681178&CODE_STATE=getMsg HTTP/1.1" 200 27
180.152.227.142 - - [31/Mar/2021:08:47:59 +0800] "GET /favicon.ico HTTP/1.1" 404 -
180.152.227.142 - - [31/Mar/2021:08:48:00 +0800] "GET /favicon.ico HTTP/1.1" 404 -
120.253.135.82 - - [31/Mar/2021:08:48:00 +0800] "POST /xingrg/kc/buy/cgsh_order_operate.html HTTP/1.1" 200 37
180.152.227.142 - - [31/Mar/2021:08:48:00 +0800] "GET /favicon.ico HTTP/1.1" 404 -
222.70.217.33 - - [31/Mar/2021:08:48:00 +0800] "POST /xingrg/kc/base/stock_operate.html HTTP/1.1" 200 1678
222.70.158.20 - - [31/Mar/2021:08:48:00 +0800] "GET /xingrg/kc/buy/cgsh_order_operate.html?command=get_materiel&rest_code=00111&code=00101009118&supplier_code=00100037&order_time=2021-03-31 HTTP/1.1" 200 391
120.253.135.82 - - [31/Mar/2021:08:48:01 +0800] "POST /xingrg/kc/buy/cgsh_order_operate.html HTTP/1.1" 200 5080
222.70.217.33 - - [31/Mar/2021:08:48:01 +0800] "GET /xingrg/kc/base/stock_detail.html?m=00101013012 HTTP/1.1" 200 7237
222.70.217.33 - - [31/Mar/2021:08:48:02 +0800] "GET /xingrg/kc/base/stock_operate.html?_=1617151679316&command=get_report_file&start_day=20210301 HTTP/1.1" 200 53
222.70.217.33 - - [31/Mar/2021:08:48:02 +0800] "GET /xingrg/all/report/report_query.html?isQuery=1&onlyBody=1&rh=2000&fileName=kc/base/kc_stock_detail_new.xml&queryString=(1=1)&queryText=&tableQueryString=init_table$sp1$$sp$crk_table$sp1$order_day%20between%2020210301%20and%2020210331&varString=start_day:20210301,materiel_code:00101013012,cost_id:3064,end_date:20210228 HTTP/1.1" 200 48701
222.70.217.33 - - [31/Mar/2021:08:48:02 +0800] "GET /xingrg/dwr/interface/AjaxReportQueryService.js HTTP/1.1" 200 13203
222.70.217.33 - - [31/Mar/2021:08:48:02 +0800] "GET /xingrg/dwr/engine.js HTTP/1.1" 200 43631
222.70.217.33 - - [31/Mar/2021:08:48:03 +0800] "POST /xingrg/all/report/load_report_page.html HTTP/1.1" 200 30052
222.70.217.33 - - [31/Mar/2021:08:48:03 +0800] "GET /xingrg/servlets/image?cache=0.22484204310380773&image=px HTTP/1.1" 200 807
180.164.245.247 - - [31/Mar/2021:08:48:03 +0800] "GET /xingrg/all/function/internal_message.html?_=1617151679383&CODE_STATE=getMsg HTTP/1.1" 302 -
114.88.156.246 - - [31/Mar/2021:08:48:05 +0800] "GET /xingrg/check_reg.html?_=1617151685600 HTTP/1.1" 200 22
222.70.217.33 - - [31/Mar/2021:08:48:05 +0800] "GET /xingrg/all/function/internal_message.html?_=1617151682657&CODE_STATE=getMsg HTTP/1.1" 200 27
222.70.217.33 - - [31/Mar/2021:08:48:07 +0800] "GET /xingrg/kc/base/stock_operate.html?_=1617151683836&command=get_report_file&start_day=20210201 HTTP/1.1" 200 53
222.70.217.33 - - [31/Mar/2021:08:48:07 +0800] "GET /xingrg/all/report/report_query.html?isQuery=1&onlyBody=1&rh=2000&fileName=kc/base/kc_stock_detail_new.xml&queryString=(1=1)&queryText=&tableQueryString=init_table$sp1$$sp$crk_table$sp1$order_day%20between%2020210201%20and%2020210331&varString=start_day:20210201,materiel_code:00101013012,cost_id:3018,end_date:20210131 HTTP/1.1" 200 48701
222.70.217.33 - - [31/Mar/2021:08:48:07 +0800] "GET /xingrg/dwr/interface/AjaxReportQueryService.js HTTP/1.1" 200 13203
222.70.217.33 - - [31/Mar/2021:08:48:07 +0800] "GET /xingrg/dwr/engine.js HTTP/1.1" 200 43631
120.253.135.82 - - [31/Mar/2021:08:48:07 +0800] "GET /xingrg/all/function/internal_message.html?_=1617151461555&CODE_STATE=getMsg HTTP/1.1" 200 27
222.70.217.33 - - [31/Mar/2021:08:48:07 +0800] "POST /xingrg/all/report/load_report_page.html HTTP/1.1" 200 54470
222.70.217.33 - - [31/Mar/2021:08:48:07 +0800] "GET /xingrg/servlets/image?cache=0.3051921274334588&image=px HTTP/1.1" 200 807
222.70.217.33 - - [31/Mar/2021:08:48:09 +0800] "GET /xingrg/kc/guide/show_order.html?code=422021020100064&type=42 HTTP/1.1" 302 -
222.70.217.33 - - [31/Mar/2021:08:48:09 +0800] "GET /xingrg/kc/base/wldb_order_info.html?code=422021020100064&sysBaseUrl=http%3A%2F%2F180.169.147.146%3A18081%2Fxingrg%2F&costTime=1×tamp=1617151689770 HTTP/1.1" 200 26436
222.70.217.33 - - [31/Mar/2021:08:48:09 +0800] "GET /favicon.ico HTTP/1.1" 404 -
222.70.217.33 - - [31/Mar/2021:08:48:10 +0800] "GET /xingrg/javascript/easyui/themes/default/validatebox.css HTTP/1.1" 404 1104
222.70.217.33 - - [31/Mar/2021:08:48:10 +0800] "POST /xingrg/kc/base/wldb_order_operate.html HTTP/1.1" 200 7227
61.165.42.208 - - [31/Mar/2021:08:48:11 +0800] "GET /xingrg/kc/buy/cgsh_order_operate.html?command=get_materiel&rest_code=00105&code=00101008223&supplier_code=00100203&order_time=2021-03-31 HTTP/1.1" 200 412
222.70.158.20 - - [31/Mar/2021:08:48:11 +0800] "GET /xingrg/kc/buy/cgsh_order_operate.html?command=get_materiel&rest_code=00111&code=00101009056&supplier_code=00100037&order_time=2021-03-31 HTTP/1.1" 200 413
222.70.217.33 - - [31/Mar/2021:08:48:17 +0800] "GET /xingrg/kc/guide/show_order.html?code=452021022800374&type=45 HTTP/1.1" 302 -
222.70.217.33 - - [31/Mar/2021:08:48:17 +0800] "GET /xingrg/kc/base/check_order_info.html?code=452021022800374&sysBaseUrl=http%3A%2F%2F180.169.147.146%3A18081%2Fxingrg%2F&costTime=1×tamp=1617151697437 HTTP/1.1" 200 22860
222.70.217.33 - - [31/Mar/2021:08:48:17 +0800] "GET /favicon.ico HTTP/1.1" 404 -
222.70.217.33 - - [31/Mar/2021:08:48:17 +0800] "GET /xingrg/dwr/interface/AjaxComOrderService.js HTTP/1.1" 200 18264
222.70.217.33 - - [31/Mar/2021:08:48:17 +0800] "GET /xingrg/dwr/interface/AjaxCheckService.js HTTP/1.1" 200 14003
222.70.217.33 - - [31/Mar/2021:08:48:17 +0800] "GET /xingrg/dwr/engine.js HTTP/1.1" 200 43631
222.70.217.33 - - [31/Mar/2021:08:48:17 +0800] "POST /xingrg/dwr/call/plaincall/AjaxCheckService.loadOrderItems.dwr HTTP/1.1" 200 14871
222.70.158.20 - - [31/Mar/2021:08:48:19 +0800] "GET /xingrg/kc/buy/cgsh_order_operate.html?command=get_materiel&rest_code=00111&code=00101008418&supplier_code=00100037&order_time=2021-03-31 HTTP/1.1" 200 419
114.86.229.31 - - [31/Mar/2021:08:48:20 +0800] "GET /xingrg/all/function/internal_message.html?_=1617151705023&CODE_STATE=getMsg HTTP/1.1" 200 27
114.86.229.31 - - [31/Mar/2021:08:48:20 +0800] "GET /xingrg/check_reg.html?_=1617151705032 HTTP/1.1" 200 22
120.253.135.82 - - [31/Mar/2021:08:48:21 +0800] "POST /xingrg/kc/buy/cgsh_order_operate.html HTTP/1.1" 200 37
120.253.135.82 - - [31/Mar/2021:08:48:22 +0800] "POST /xingrg/kc/buy/cgsh_order_operate.html HTTP/1.1" 200 5080
222.70.217.33 - - [31/Mar/2021:08:48:23 +0800] "GET /xingrg/kc/guide/show_order.html?code=422021032803154&type=42 HTTP/1.1" 302 -
222.70.217.33 - - [31/Mar/2021:08:48:23 +0800] "GET /xingrg/kc/base/wldb_order_info.html?code=422021032803154&sysBaseUrl=http%3A%2F%2F180.169.147.146%3A18081%2Fxingrg%2F&costTime=0×tamp=1617151703104 HTTP/1.1" 200 26436
222.70.217.33 - - [31/Mar/2021:08:48:23 +0800] "GET /favicon.ico HTTP/1.1" 404 -
222.70.217.33 - - [31/Mar/2021:08:48:23 +0800] "GET /xingrg/javascript/easyui/themes/default/validatebox.css HTTP/1.1" 404 1104
222.70.217.33 - - [31/Mar/2021:08:48:23 +0800] "POST /xingrg/kc/base/wldb_order_operate.html HTTP/1.1" 200 11303
61.165.42.208 - - [31/Mar/2021:08:48:23 +0800] "GET /xingrg/kc/buy/cgsh_order_operate.html?command=get_materiel&rest_code=00105&code=00101008236&supplier_code=00100203&order_time=2021-03-31 HTTP/1.1" 200 416
120.253.135.82 - - [31/Mar/2021:08:48:24 +0800] "GET /xingrg/kc/print/load_config.html?kc_code=cgsh HTTP/1.1" 200 1845
120.253.135.82 - - [31/Mar/2021:08:48:24 +0800] "GET /xingrg/kc/print/load_data.html?order_code=212021033113522&kc_code=cgsh&condition= HTTP/1.1" 200 1607
61.165.42.208 - - [31/Mar/2021:08:48:26 +0800] "GET /xingrg/all/function/internal_message.html?_=1617151707747&CODE_STATE=getMsg HTTP/1.1" 200 27
116.235.216.75 - - [31/Mar/2021:08:48:29 +0800] "GET /xingrg/all/function/internal_message.html?_=1617151707029&CODE_STATE=getMsg HTTP/1.1" 200 27
61.165.42.208 - - [31/Mar/2021:08:48:29 +0800] "GET /xingrg/kc/buy/cgsh_order_operate.html?command=get_materiel&rest_code=00105&code=00101015006&supplier_code=00100203&order_time=2021-03-31 HTTP/1.1" 200 413
222.70.158.20 - - [31/Mar/2021:08:48:29 +0800] "GET /xingrg/all/function/internal_message.html?_=1617151706107&CODE_STATE=getMsg HTTP/1.1" 200 27
116.224.253.72 - - [31/Mar/2021:08:48:32 +0800] "GET /xingrg/all/function/internal_message.html?_=1617151712452&CODE_STATE=getMsg HTTP/1.1" 200 27
222.70.158.20 - - [31/Mar/2021:08:48:34 +0800] "GET /xingrg/kc/buy/cgsh_order_operate.html?command=get_materiel&rest_code=00111&code=00101008032&supplier_code=00100037&order_time=2021-03-31 HTTP/1.1" 200 429
61.165.42.208 - - [31/Mar/2021:08:48:37 +0800] "GET /xingrg/kc/buy/cgsh_order_operate.html?command=get_materiel&rest_code=00105&code=00101008168&supplier_code=00100203&order_time=2021-03-31 HTTP/1.1" 200 413
61.165.42.208 - - [31/Mar/2021:08:48:40 +0800] "POST /xingrg/kc/buy/cgsh_order_operate.html HTTP/1.1" 200 2065
61.165.42.208 - - [31/Mar/2021:08:48:41 +0800] "POST /xingrg/kc/buy/cgsh_order_operate.html HTTP/1.1" 200 2065
222.70.158.20 - - [31/Mar/2021:08:48:41 +0800] "GET /xingrg/kc/buy/cgsh_order_operate.html?command=get_materiel&rest_code=00111&code=00101015026&supplier_code=00100037&order_time=2021-03-31 HTTP/1.1" 200 433
61.165.42.208 - - [31/Mar/2021:08:48:42 +0800] "POST /xingrg/kc/buy/cgsh_order_operate.html HTTP/1.1" 200 2065
101.83.240.180 - - [31/Mar/2021:08:48:43 +0800] "GET /xingrg/all/function/internal_message.html?_=1617151719175&CODE_STATE=getMsg HTTP/1.1" 200 27
114.88.156.246 - - [31/Mar/2021:08:48:45 +0800] "GET /xingrg/all/function/internal_message.html?_=1617151726271&CODE_STATE=getMsg HTTP/1.1" 200 27
101.228.165.174 - - [31/Mar/2021:08:48:48 +0800] "GET /xingrg/all/function/internal_message.html?_=1617151736167&CODE_STATE=getMsg HTTP/1.1" 200 27
61.165.42.208 - - [31/Mar/2021:08:48:50 +0800] "GET /xingrg/kc/buy/cgsh_order_operate.html?command=get_materiel&rest_code=00105&code=00101008032&supplier_code=00100203&order_time=2021-03-31 HTTP/1.1" 200 429
222.70.158.20 - - [31/Mar/2021:08:48:52 +0800] "GET /xingrg/kc/buy/cgsh_order_operate.html?command=get_materiel&rest_code=00111&code=00101015070&supplier_code=00100037&order_time=2021-03-31 HTTP/1.1" 200 413
116.224.253.72 - - [31/Mar/2021:08:48:59 +0800] "GET /xingrg/all/function/internal_message.html?_=1617151741191&CODE_STATE=getMsg HTTP/1.1" 200 27
180.164.245.247 - - [31/Mar/2021:08:49:03 +0800] "GET /xingrg/all/function/internal_message.html?_=1617151739410&CODE_STATE=getMsg HTTP/1.1" 302 -
61.165.42.208 - - [31/Mar/2021:08:49:03 +0800] "GET /xingrg/kc/buy/cgsh_order_operate.html?command=get_materiel&rest_code=00105&code=00101008114&supplier_code=00100203&order_time=2021-03-31 HTTP/1.1" 200 413
222.70.217.33 - - [31/Mar/2021:08:49:05 +0800] "GET /xingrg/all/function/internal_message.html?_=1617151742654&CODE_STATE=getMsg HTTP/1.1" 200 27
222.70.217.33 - - [31/Mar/2021:08:49:05 +0800] "GET /xingrg/check_reg.html?_=1617151742658 HTTP/1.1" 200 22
120.253.135.82 - - [31/Mar/2021:08:49:07 +0800] "GET /xingrg/check_reg.html?_=1617151521641 HTTP/1.1" 200 22
120.253.135.82 - - [31/Mar/2021:08:49:07 +0800] "GET /xingrg/all/function/internal_message.html?_=1617151521642&CODE_STATE=getMsg HTTP/1.1" 200 27
61.165.42.208 - - [31/Mar/2021:08:49:12 +0800] "GET /xingrg/kc/buy/cgsh_order_operate.html?command=get_materiel&rest_code=00105&code=00101008405&supplier_code=00100203&order_time=2021-03-31 HTTP/1.1" 200 413
114.86.229.31 - - [31/Mar/2021:08:49:20 +0800] "GET /xingrg/all/function/internal_message.html?_=1617151765032&CODE_STATE=getMsg HTTP/1.1" 200 27
222.70.217.33 - - [31/Mar/2021:08:49:22 +0800] "POST /xingrg/kc/base/stock_operate.html HTTP/1.1" 200 3134
61.165.42.208 - - [31/Mar/2021:08:49:23 +0800] "GET /xingrg/kc/buy/cgsh_order_operate.html?command=get_materiel&rest_code=00105&code=00101008261&supplier_code=00100203&order_time=2021-03-31 HTTP/1.1" 200 408
222.70.217.33 - - [31/Mar/2021:08:49:25 +0800] "GET /xingrg/kc/base/stock_detail.html?m=00101013030 HTTP/1.1" 200 7237
61.165.42.208 - - [31/Mar/2021:08:49:26 +0800] "GET /xingrg/all/function/internal_message.html?_=1617151767719&CODE_STATE=getMsg HTTP/1.1" 200 27
222.70.217.33 - - [31/Mar/2021:08:49:26 +0800] "GET /xingrg/kc/base/stock_operate.html?_=1617151763159&command=get_report_file&start_day=20210301 HTTP/1.1" 200 53
222.70.217.33 - - [31/Mar/2021:08:49:26 +0800] "GET /xingrg/all/report/report_query.html?isQuery=1&onlyBody=1&rh=2000&fileName=kc/base/kc_stock_detail_new.xml&queryString=(1=1)&queryText=&tableQueryString=init_table$sp1$$sp$crk_table$sp1$order_day%20between%2020210301%20and%2020210331&varString=start_day:20210301,materiel_code:00101013030,cost_id:3064,end_date:20210228 HTTP/1.1" 200 48701
222.70.217.33 - - [31/Mar/2021:08:49:26 +0800] "GET /xingrg/dwr/interface/AjaxReportQueryService.js HTTP/1.1" 200 13203
222.70.217.33 - - [31/Mar/2021:08:49:26 +0800] "GET /xingrg/dwr/engine.js HTTP/1.1" 200 43631
222.70.217.33 - - [31/Mar/2021:08:49:27 +0800] "POST /xingrg/all/report/load_report_page.html HTTP/1.1" 200 20255
222.70.217.33 - - [31/Mar/2021:08:49:27 +0800] "GET /xingrg/servlets/image?cache=0.02191771722090452&image=px HTTP/1.1" 200 807
116.235.216.75 - - [31/Mar/2021:08:49:29 +0800] "GET /xingrg/all/function/internal_message.html?_=1617151767030&CODE_STATE=getMsg HTTP/1.1" 200 27
222.70.158.20 - - [31/Mar/2021:08:49:29 +0800] "GET /xingrg/all/function/internal_message.html?_=1617151766121&CODE_STATE=getMsg HTTP/1.1" 200 27
222.70.217.33 - - [31/Mar/2021:08:49:29 +0800] "GET /xingrg/kc/base/stock_operate.html?_=1617151766636&command=get_report_file&start_day=20200224 HTTP/1.1" 200 21
222.70.217.33 - - [31/Mar/2021:08:49:29 +0800] "GET /xingrg/all/report/report_query.html?isQuery=1&onlyBody=1&rh=2000&fileName=kc/base/kc_stock_detail.xml&queryString=(1=1)&queryText=&tableQueryString=init_table$sp1$$sp$crk_table$sp1$order_day%20between%2020200224%20and%2020210331&varString=start_day:20200224,materiel_code:00101013030,cost_id:undefined,end_date:undefined HTTP/1.1" 200 48699
222.70.217.33 - - [31/Mar/2021:08:49:30 +0800] "GET /xingrg/dwr/interface/AjaxReportQueryService.js HTTP/1.1" 200 13203
222.70.217.33 - - [31/Mar/2021:08:49:30 +0800] "GET /xingrg/dwr/engine.js HTTP/1.1" 200 43631
222.70.217.33 - - [31/Mar/2021:08:49:30 +0800] "POST /xingrg/all/report/load_report_page.html HTTP/1.1" 200 64207
222.70.217.33 - - [31/Mar/2021:08:49:30 +0800] "GET /xingrg/servlets/image?cache=0.5606142753459564&image=px HTTP/1.1" 200 807
222.70.217.33 - - [31/Mar/2021:08:49:32 +0800] "GET /xingrg/kc/guide/show_order.html?code=422021020100064&type=42 HTTP/1.1" 302 -
222.70.217.33 - - [31/Mar/2021:08:49:32 +0800] "GET /xingrg/kc/base/wldb_order_info.html?code=422021020100064&sysBaseUrl=http%3A%2F%2F180.169.147.146%3A18081%2Fxingrg%2F&costTime=1×tamp=1617151772565 HTTP/1.1" 200 26436
222.70.217.33 - - [31/Mar/2021:08:49:32 +0800] "GET /favicon.ico HTTP/1.1" 404 -
116.224.253.72 - - [31/Mar/2021:08:49:32 +0800] "GET /xingrg/all/function/internal_message.html?_=1617151772446&CODE_STATE=getMsg HTTP/1.1" 200 27
222.70.217.33 - - [31/Mar/2021:08:49:32 +0800] "GET /xingrg/javascript/easyui/themes/default/validatebox.css HTTP/1.1" 404 1104
222.70.217.33 - - [31/Mar/2021:08:49:32 +0800] "POST /xingrg/kc/base/wldb_order_operate.html HTTP/1.1" 200 7227
