101.83.240.180 - - [31/Mar/2021:10:20:43 +0800] "GET /xingrg/all/function/internal_message.html?_=1617157239315&CODE_STATE=getMsg HTTP/1.1" 200 27
114.88.156.246 - - [31/Mar/2021:10:20:43 +0800] "GET /xingrg/all/function/internal_message.html?_=1617157244183&CODE_STATE=getMsg HTTP/1.1" 200 27
180.169.147.146 - - [31/Mar/2021:10:20:43 +0800] "POST /xingrg/kc/buy/cgsh_list_operate.html HTTP/1.1" 200 876
114.88.156.246 - - [31/Mar/2021:10:20:44 +0800] "GET /xingrg/kc/buy/cgsh_order_operate.html?command=get_materiel&rest_code=00141&code=00101008108&supplier_code=00100007&order_time=2021-03-31 HTTP/1.1" 200 414
114.86.187.76 - - [31/Mar/2021:10:20:46 +0800] "GET /xingrg/check_reg.html?_=1617157250935 HTTP/1.1" 200 22
114.86.229.31 - - [31/Mar/2021:10:20:46 +0800] "GET /xingrg/kc/buy/buy_main.html HTTP/1.1" 200 12412
61.129.6.203 - - [31/Mar/2021:10:20:47 +0800] "GET /xingrg/kc/buy/cgsh_order_operate.html?command=get_materiel&rest_code=00141&code=00101008261&supplier_code=00100007&order_time=2021-03-31 HTTP/1.1" 302 -
114.86.229.31 - - [31/Mar/2021:10:20:47 +0800] "GET /xingrg/css/new_ie.css HTTP/1.1" 404 1036
114.88.156.246 - - [31/Mar/2021:10:20:47 +0800] "POST /xingrg/kc/buy/cgsh_order_operate.html HTTP/1.1" 200 2065
114.86.187.76 - - [31/Mar/2021:10:20:47 +0800] "GET /xingrg/all/function/internal_message.html?_=1617157252225&CODE_STATE=getMsg HTTP/1.1" 200 27
114.86.229.31 - - [31/Mar/2021:10:20:48 +0800] "GET /xingrg/images/yd/bt.gif HTTP/1.1" 404 1040
180.152.227.142 - - [31/Mar/2021:10:20:48 +0800] "POST /xingrg/kc/buy/cgsh_order_operate.html HTTP/1.1" 200 37
114.86.229.31 - - [31/Mar/2021:10:20:49 +0800] "GET /xingrg/kc/report/report_main.html HTTP/1.1" 200 7345
116.224.253.72 - - [31/Mar/2021:10:20:50 +0800] "GET /xingrg/check_reg.html?_=1617157249760 HTTP/1.1" 200 22
116.224.253.72 - - [31/Mar/2021:10:20:50 +0800] "GET /xingrg/all/function/internal_message.html?_=1617157249762&CODE_STATE=getMsg HTTP/1.1" 200 27
61.129.6.203 - - [31/Mar/2021:10:20:50 +0800] "GET /xingrg/login.html HTTP/1.1" 200 7641
180.152.227.142 - - [31/Mar/2021:10:20:50 +0800] "POST /xingrg/kc/buy/cgsh_order_operate.html HTTP/1.1" 200 12692
61.165.42.208 - - [31/Mar/2021:10:20:51 +0800] "GET /xingrg/kc/buy/cgsh_order_operate.html?command=get_materiel&rest_code=00105&code=00101002035&supplier_code=00100088&order_time=2021-03-31 HTTP/1.1" 200 416
222.70.217.33 - - [31/Mar/2021:10:20:51 +0800] "GET /xingrg/kc/buy/cgsh_order_operate.html?command=get_materiel&rest_code=00155&code=00101008561&supplier_code=00100005&order_time=2021-03-31 HTTP/1.1" 200 398
116.235.216.75 - - [31/Mar/2021:10:20:51 +0800] "GET /xingrg/kc/buy/cgsh_order_operate.html?command=get_materiel&rest_code=00107&code=00101010108&supplier_code=00100336&order_time=2021-03-31 HTTP/1.1" 200 421
117.185.32.26 - - [31/Mar/2021:10:20:52 +0800] "GET /xingrg/all/function/internal_message.html?_=1617157746442&CODE_STATE=getMsg HTTP/1.1" 200 27
116.224.253.72 - - [31/Mar/2021:10:20:52 +0800] "GET /xingrg/javascript/auto/indicator.gif HTTP/1.1" 404 1066
114.86.229.31 - - [31/Mar/2021:10:20:52 +0800] "GET /xingrg/kc/base/kc_stocks.html HTTP/1.1" 200 16380
114.86.229.31 - - [31/Mar/2021:10:20:52 +0800] "GET /xingrg/javascript/easyui/themes/default/tree.css HTTP/1.1" 404 1090
114.86.229.31 - - [31/Mar/2021:10:20:52 +0800] "POST /xingrg/all/common/load_tree.html?tree=materiel_sort_tree_json HTTP/1.1" 200 8666
180.152.227.142 - - [31/Mar/2021:10:20:54 +0800] "POST /xingrg/kc/buy/cgsh_list_operate.html HTTP/1.1" 200 2411
101.228.165.174 - - [31/Mar/2021:10:20:54 +0800] "GET /xingrg/all/function/internal_message.html?_=1617157262937&CODE_STATE=getMsg HTTP/1.1" 200 27
101.85.94.178 - - [31/Mar/2021:10:20:55 +0800] "POST /xingrg/kc/base/wldb_order_operate.html HTTP/1.1" 200 37
101.85.94.178 - - [31/Mar/2021:10:20:55 +0800] "POST /xingrg/kc/base/wldb_order_operate.html HTTP/1.1" 200 3225
222.70.158.20 - - [31/Mar/2021:10:20:55 +0800] "GET /xingrg/all/function/internal_message.html?_=1617157252269&CODE_STATE=getMsg HTTP/1.1" 200 27
101.85.94.178 - - [31/Mar/2021:10:20:56 +0800] "GET /xingrg/kc/base/wldb_order_info.html?code=422021033103574 HTTP/1.1" 200 30572
101.85.94.178 - - [31/Mar/2021:10:20:56 +0800] "GET /xingrg/javascript/easyui/themes/default/validatebox.css HTTP/1.1" 404 1104
101.85.94.178 - - [31/Mar/2021:10:20:56 +0800] "POST /xingrg/kc/base/wldb_order_operate.html HTTP/1.1" 200 3225
101.85.52.2 - - [31/Mar/2021:10:20:57 +0800] "GET /xingrg/all/function/internal_message.html?_=1617157252270&CODE_STATE=getMsg HTTP/1.1" 200 27
222.70.217.33 - - [31/Mar/2021:10:20:58 +0800] "GET /xingrg/kc/buy/cgsh_order_operate.html?command=get_materiel&rest_code=00155&code=00101008027&supplier_code=00100005&order_time=2021-03-31 HTTP/1.1" 200 409
180.152.227.142 - - [31/Mar/2021:10:20:58 +0800] "POST /xingrg/kc/buy/cgsh_list_operate.html HTTP/1.1" 200 2411
101.85.94.178 - - [31/Mar/2021:10:20:59 +0800] "POST /xingrg/kc/base/wldb_list_operate.html HTTP/1.1" 200 1785
116.235.216.75 - - [31/Mar/2021:10:21:01 +0800] "POST /xingrg/kc/buy/cgsh_order_operate.html HTTP/1.1" 200 37
117.184.7.26 - - [31/Mar/2021:10:21:01 +0800] "GET /xingrg/kc/buy/cgsh_order_operate.html?command=get_materiel&rest_code=00108&code=00102010519&supplier_code=00100151&order_time=2021-03-31 HTTP/1.1" 200 412
114.86.229.31 - - [31/Mar/2021:10:21:02 +0800] "POST /xingrg/kc/base/stock_operate.html HTTP/1.1" 200 3587
61.165.42.208 - - [31/Mar/2021:10:21:02 +0800] "POST /xingrg/kc/buy/cgsh_order_operate.html HTTP/1.1" 200 37
116.235.216.75 - - [31/Mar/2021:10:21:02 +0800] "POST /xingrg/kc/buy/cgsh_order_operate.html HTTP/1.1" 200 2665
116.235.95.160 - - [31/Mar/2021:10:21:02 +0800] "GET /xingrg/all/function/internal_message.html?_=1617157335401&CODE_STATE=getMsg HTTP/1.1" 200 27
61.165.42.208 - - [31/Mar/2021:10:21:03 +0800] "POST /xingrg/kc/buy/cgsh_order_operate.html HTTP/1.1" 200 2665
222.70.217.33 - - [31/Mar/2021:10:21:03 +0800] "GET /xingrg/kc/buy/cgsh_order_operate.html?command=get_materiel&rest_code=00155&code=00101008155&supplier_code=00100005&order_time=2021-03-31 HTTP/1.1" 200 408
180.169.147.146 - - [31/Mar/2021:10:21:03 +0800] "GET /xingrg/kc/buy/cgsh_order_add.html HTTP/1.1" 200 62119
180.169.147.146 - - [31/Mar/2021:10:21:04 +0800] "GET /xingrg/all/common/auto_word.html?type=employee&rest_code=00147 HTTP/1.1" 200 151
180.169.147.146 - - [31/Mar/2021:10:21:04 +0800] "POST /xingrg/kc/buy/cgsh_order_operate.html HTTP/1.1" 200 8245
180.169.147.146 - - [31/Mar/2021:10:21:04 +0800] "GET /xingrg/all/common/auto_word.html?type=employee&rest_code=00147 HTTP/1.1" 200 151
180.169.147.146 - - [31/Mar/2021:10:21:04 +0800] "GET /xingrg/javascript/easyui/themes/default/validatebox.css HTTP/1.1" 404 1104
116.235.216.75 - - [31/Mar/2021:10:21:04 +0800] "GET /xingrg/kc/print/load_data.html?order_code=212021033113597&kc_code=cgsh&condition= HTTP/1.1" 200 678
61.165.42.208 - - [31/Mar/2021:10:21:04 +0800] "GET /xingrg/kc/print/load_data.html?order_code=212021033113598&kc_code=cgsh&condition= HTTP/1.1" 200 751
114.88.156.246 - - [31/Mar/2021:10:21:05 +0800] "GET /xingrg/kc/buy/cgsh_order_operate.html?command=get_materiel&rest_code=00141&code=00101008274&supplier_code=00100007&order_time=2021-03-31 HTTP/1.1" 200 412
180.164.245.247 - - [31/Mar/2021:10:21:05 +0800] "GET /xingrg/all/function/internal_message.html?_=1617157261379&CODE_STATE=getMsg HTTP/1.1" 302 -
222.70.217.33 - - [31/Mar/2021:10:21:06 +0800] "GET /xingrg/all/function/internal_message.html?_=1617157264512&CODE_STATE=getMsg HTTP/1.1" 200 27
114.86.229.31 - - [31/Mar/2021:10:21:07 +0800] "GET /xingrg/kc/base/stock_detail.html?m=00101010310 HTTP/1.1" 200 7326
114.86.229.31 - - [31/Mar/2021:10:21:07 +0800] "GET /xingrg/javascript/jquery_easy_ui/themes/icons/search.png HTTP/1.1" 200 813
114.86.229.31 - - [31/Mar/2021:10:21:07 +0800] "GET /xingrg/javascript/jquery_easy_ui/themes/default/images/calendar_nextmonth.gif HTTP/1.1" 200 64
114.86.229.31 - - [31/Mar/2021:10:21:07 +0800] "GET /xingrg/javascript/jquery_easy_ui/themes/default/images/calendar_nextyear.gif HTTP/1.1" 200 75
114.86.229.31 - - [31/Mar/2021:10:21:07 +0800] "GET /xingrg/javascript/jquery_easy_ui/themes/default/images/calendar_prevmonth.gif HTTP/1.1" 200 66
114.86.229.31 - - [31/Mar/2021:10:21:07 +0800] "GET /xingrg/javascript/jquery_easy_ui/themes/default/images/calendar_prevyear.gif HTTP/1.1" 200 76
180.152.227.142 - - [31/Mar/2021:10:21:07 +0800] "POST /xingrg/kc/buy/cgsh_list_operate.html HTTP/1.1" 200 4
61.165.42.208 - - [31/Mar/2021:10:21:07 +0800] "GET /xingrg/kc/buy/cgsh_order_add.html HTTP/1.1" 200 62198
116.235.216.75 - - [31/Mar/2021:10:21:08 +0800] "GET /xingrg/kc/buy/cgsh_order_add.html HTTP/1.1" 200 62239
61.165.42.208 - - [31/Mar/2021:10:21:08 +0800] "GET /xingrg/javascript/easyui/themes/default/validatebox.css HTTP/1.1" 404 1104
61.165.42.208 - - [31/Mar/2021:10:21:08 +0800] "POST /xingrg/kc/buy/cgsh_order_operate.html HTTP/1.1" 200 8245
222.70.217.33 - - [31/Mar/2021:10:21:08 +0800] "GET /xingrg/kc/buy/cgsh_order_operate.html?command=get_materiel&rest_code=00155&code=00101008331&supplier_code=00100005&order_time=2021-03-31 HTTP/1.1" 200 416
116.235.216.75 - - [31/Mar/2021:10:21:08 +0800] "GET /xingrg/javascript/easyui/themes/default/validatebox.css HTTP/1.1" 404 1104
116.235.216.75 - - [31/Mar/2021:10:21:08 +0800] "POST /xingrg/kc/buy/cgsh_order_operate.html HTTP/1.1" 200 8245
114.86.229.31 - - [31/Mar/2021:10:21:10 +0800] "GET /xingrg/kc/base/stock_operate.html?_=1617157275792&command=get_report_file&start_day=20210301 HTTP/1.1" 200 53
114.86.229.31 - - [31/Mar/2021:10:21:11 +0800] "GET /xingrg/all/report/report_query.html?isQuery=1&onlyBody=1&rh=2000&fileName=kc/base/kc_stock_detail_new.xml&queryString=(1=1)&queryText=&tableQueryString=init_table$sp1$$sp$crk_table$sp1$order_day%20between%2020210301%20and%2020210331&varString=start_day:20210301,materiel_code:00101010310,cost_id:3043,end_date:20210228 HTTP/1.1" 200 48701
114.88.156.246 - - [31/Mar/2021:10:21:11 +0800] "GET /xingrg/kc/buy/cgsh_order_operate.html?command=get_materiel&rest_code=00141&code=00101008298&supplier_code=00100007&order_time=2021-03-31 HTTP/1.1" 200 413
114.86.229.31 - - [31/Mar/2021:10:21:11 +0800] "GET /xingrg/dwr/interface/AjaxReportQueryService.js HTTP/1.1" 200 13203
114.86.229.31 - - [31/Mar/2021:10:21:11 +0800] "GET /xingrg/dwr/engine.js HTTP/1.1" 200 43631
117.184.7.26 - - [31/Mar/2021:10:21:11 +0800] "GET /xingrg/kc/buy/cgsh_order_operate.html?command=get_materiel&rest_code=00108&code=00102002389&supplier_code=00100151&order_time=2021-03-31 HTTP/1.1" 200 432
114.86.229.31 - - [31/Mar/2021:10:21:11 +0800] "POST /xingrg/all/report/load_report_page.html HTTP/1.1" 200 88685
114.86.229.31 - - [31/Mar/2021:10:21:11 +0800] "GET /xingrg/servlets/image?cache=0.753825282834322&image=px HTTP/1.1" 200 807
114.83.217.136 - - [31/Mar/2021:10:21:13 +0800] "GET /xingrg/all/function/internal_message.html?_=1617157272775&CODE_STATE=getMsg HTTP/1.1" 200 27
222.70.217.33 - - [31/Mar/2021:10:21:14 +0800] "GET /xingrg/kc/buy/cgsh_order_operate.html?command=get_materiel&rest_code=00155&code=00101008161&supplier_code=00100005&order_time=2021-03-31 HTTP/1.1" 200 409
116.235.216.75 - - [31/Mar/2021:10:21:14 +0800] "GET /xingrg/javascript/easyui/themes/default/tree.css HTTP/1.1" 404 1090
116.235.216.75 - - [31/Mar/2021:10:21:14 +0800] "POST /xingrg/all/common/load_tree.html?tree=supplier_tree_json&isDelete=1 HTTP/1.1" 200 54827
180.169.147.146 - - [31/Mar/2021:10:21:16 +0800] "GET /xingrg/kc/buy/cgsh_order_operate.html?command=get_materiel&rest_code=00147&code=00101001111&supplier_code=00100038&order_time=2021-03-31 HTTP/1.1" 200 409
114.88.156.246 - - [31/Mar/2021:10:21:17 +0800] "GET /xingrg/kc/buy/cgsh_order_operate.html?command=get_materiel&rest_code=00141&code=00101008285&supplier_code=00100007&order_time=2021-03-31 HTTP/1.1" 200 413
117.184.7.26 - - [31/Mar/2021:10:21:18 +0800] "GET /xingrg/all/function/internal_message.html?_=1617157270849&CODE_STATE=getMsg HTTP/1.1" 200 27
222.70.217.33 - - [31/Mar/2021:10:21:18 +0800] "GET /xingrg/kc/buy/cgsh_order_operate.html?command=get_materiel&rest_code=00155&code=00101008185&supplier_code=00100005&order_time=2021-03-31 HTTP/1.1" 200 409
116.224.253.72 - - [31/Mar/2021:10:21:19 +0800] "POST /xingrg/kc/buy/cgsh_list_operate.html HTTP/1.1" 200 5522
114.88.156.246 - - [31/Mar/2021:10:21:21 +0800] "GET /xingrg/all/function/internal_message.html?_=1617157288624&CODE_STATE=getMsg HTTP/1.1" 200 27
114.88.156.246 - - [31/Mar/2021:10:21:23 +0800] "GET /xingrg/kc/buy/cgsh_order_operate.html?command=get_materiel&rest_code=00141&code=00101008305&supplier_code=00100007&order_time=2021-03-31 HTTP/1.1" 200 412
61.151.207.141 - - [31/Mar/2021:10:21:23 +0800] "GET /xingrg/all/function/internal_message.html?_=1617157228627&CODE_STATE=getMsg HTTP/1.1" 302 -
61.165.42.208 - - [31/Mar/2021:10:21:24 +0800] "GET /xingrg/all/function/internal_message.html?_=1617157286220&CODE_STATE=getMsg HTTP/1.1" 200 27
114.88.156.246 - - [31/Mar/2021:10:21:25 +0800] "POST /xingrg/kc/buy/cgsh_order_operate.html HTTP/1.1" 200 2065
61.165.42.208 - - [31/Mar/2021:10:21:26 +0800] "GET /xingrg/kc/buy/cgsh_order_operate.html?command=get_materiel&rest_code=00105&code=00101001060&supplier_code=00100442&order_time=2021-03-31 HTTP/1.1" 200 421
61.151.207.141 - - [31/Mar/2021:10:21:26 +0800] "GET /xingrg/login.html HTTP/1.1" 200 7641
117.184.7.26 - - [31/Mar/2021:10:21:26 +0800] "GET /xingrg/kc/buy/cgsh_order_operate.html?command=get_materiel&rest_code=00108&code=00101019824&supplier_code=00100151&order_time=2021-03-31 HTTP/1.1" 200 402
116.235.216.75 - - [31/Mar/2021:10:21:29 +0800] "GET /xingrg/all/function/internal_message.html?_=1617157287633&CODE_STATE=getMsg HTTP/1.1" 200 27
222.70.217.33 - - [31/Mar/2021:10:21:29 +0800] "GET /xingrg/kc/buy/cgsh_order_operate.html?command=get_materiel&rest_code=00155&code=00101008338&supplier_code=00100005&order_time=2021-03-31 HTTP/1.1" 200 408
114.88.156.246 - - [31/Mar/2021:10:21:29 +0800] "GET /xingrg/kc/buy/cgsh_order_operate.html?command=get_materiel&rest_code=00141&code=00101008304&supplier_code=00100007&order_time=2021-03-31 HTTP/1.1" 200 412
114.86.229.31 - - [31/Mar/2021:10:21:30 +0800] "GET /xingrg/all/function/internal_message.html?_=1617157295768&CODE_STATE=getMsg HTTP/1.1" 200 27
116.224.253.72 - - [31/Mar/2021:10:21:31 +0800] "GET /xingrg/all/function/internal_message.html?_=1617157293033&CODE_STATE=getMsg HTTP/1.1" 200 27
101.85.94.178 - - [31/Mar/2021:10:21:32 +0800] "GET /xingrg/all/function/internal_message.html?_=1617156853019&CODE_STATE=getMsg HTTP/1.1" 200 27
180.152.227.142 - - [31/Mar/2021:10:21:32 +0800] "GET /xingrg/all/function/internal_message.html?_=1617157562305&CODE_STATE=getMsg HTTP/1.1" 200 27
222.70.217.33 - - [31/Mar/2021:10:21:35 +0800] "GET /xingrg/kc/buy/cgsh_order_operate.html?command=get_materiel&rest_code=00155&code=00101008010&supplier_code=00100005&order_time=2021-03-31 HTTP/1.1" 200 412
116.235.216.75 - - [31/Mar/2021:10:21:36 +0800] "GET /xingrg/kc/buy/cgsh_order_operate.html?command=get_materiel&rest_code=00107&code=00101004046&supplier_code=00100312&order_time=2021-03-31 HTTP/1.1" 200 439
114.86.229.31 - - [31/Mar/2021:10:21:37 +0800] "GET /xingrg/all/function/internal_message.html?_=1617157408203&CODE_STATE=getMsg HTTP/1.1" 302 -
114.86.229.31 - - [31/Mar/2021:10:21:37 +0800] "GET /xingrg/login.html HTTP/1.1" 200 7641
180.169.147.146 - - [31/Mar/2021:10:21:37 +0800] "GET /xingrg/all/function/internal_message.html?_=1617157294075&CODE_STATE=getMsg HTTP/1.1" 200 27
61.165.42.208 - - [31/Mar/2021:10:21:38 +0800] "GET /xingrg/all/function/internal_message.html?_=1617157281484&CODE_STATE=getMsg HTTP/1.1" 200 27
61.165.42.208 - - [31/Mar/2021:10:21:38 +0800] "GET /xingrg/check_reg.html?_=1617157281487 HTTP/1.1" 200 22
61.165.42.208 - - [31/Mar/2021:10:21:40 +0800] "GET /xingrg/kc/buy/cgsh_order_operate.html?command=get_materiel&rest_code=00105&code=00101002007&supplier_code=00100442&order_time=2021-03-31 HTTP/1.1" 200 409
117.184.7.26 - - [31/Mar/2021:10:21:40 +0800] "GET /xingrg/kc/buy/cgsh_order_operate.html?command=get_materiel&rest_code=00108&code=00102002931&supplier_code=00100151&order_time=2021-03-31 HTTP/1.1" 200 400
117.185.32.26 - - [31/Mar/2021:10:21:40 +0800] "GET /xingrg/all/function/internal_message.html?_=1617157297783&CODE_STATE=getMsg HTTP/1.1" 200 27
180.169.147.146 - - [31/Mar/2021:10:21:41 +0800] "GET /xingrg/kc/buy/cgsh_order_operate.html?command=get_materiel&rest_code=00147&code=00101006161&supplier_code=00100038&order_time=2021-03-31 HTTP/1.1" 200 409
222.70.217.33 - - [31/Mar/2021:10:21:42 +0800] "GET /xingrg/kc/buy/cgsh_order_operate.html?command=get_materiel&rest_code=00155&code=00101008028&supplier_code=00100005&order_time=2021-03-31 HTTP/1.1" 200 412
114.88.156.246 - - [31/Mar/2021:10:21:42 +0800] "GET /xingrg/kc/buy/cgsh_order_operate.html?command=get_materiel&rest_code=00141&code=00101008372&supplier_code=00100007&order_time=2021-03-31 HTTP/1.1" 200 408
101.89.19.197 - - [31/Mar/2021:10:21:42 +0800] "GET /xingrg/kc/buy/cgsh_order_operate.html?command=get_materiel&rest_code=00141&code=00101008108&supplier_code=00100007&order_time=2021-03-31 HTTP/1.1" 302 -
101.89.19.197 - - [31/Mar/2021:10:21:43 +0800] "GET /xingrg/login.html HTTP/1.1" 200 7641
101.83.240.180 - - [31/Mar/2021:10:21:43 +0800] "GET /xingrg/all/function/internal_message.html?_=1617157299315&CODE_STATE=getMsg HTTP/1.1" 200 27
114.88.156.246 - - [31/Mar/2021:10:21:43 +0800] "GET /xingrg/all/function/internal_message.html?_=1617157304153&CODE_STATE=getMsg HTTP/1.1" 200 27
117.185.32.26 - - [31/Mar/2021:10:21:44 +0800] "GET /xingrg/kc/buy/cgsh_order_operate.html?command=get_materiel&rest_code=00106&code=00101006006&supplier_code=00100015&order_time=2021-03-31 HTTP/1.1" 200 411
180.164.245.247 - - [31/Mar/2021:10:21:46 +0800] "GET /xingrg/check_reg.html?_=1617157302361 HTTP/1.1" 302 -
114.86.187.76 - - [31/Mar/2021:10:21:47 +0800] "GET /xingrg/all/function/internal_message.html?_=1617157312238&CODE_STATE=getMsg HTTP/1.1" 200 27
116.224.253.72 - - [31/Mar/2021:10:21:50 +0800] "GET /xingrg/all/function/internal_message.html?_=1617157309767&CODE_STATE=getMsg HTTP/1.1" 200 27
114.88.156.246 - - [31/Mar/2021:10:21:50 +0800] "GET /xingrg/kc/buy/cgsh_order_operate.html?command=get_materiel&rest_code=00141&code=00101008323&supplier_code=00100007&order_time=2021-03-31 HTTP/1.1" 200 428
117.185.32.26 - - [31/Mar/2021:10:21:52 +0800] "GET /xingrg/all/function/internal_message.html?_=1617157806440&CODE_STATE=getMsg HTTP/1.1" 200 27
222.70.217.33 - - [31/Mar/2021:10:21:52 +0800] "GET /xingrg/kc/buy/cgsh_order_operate.html?command=get_materiel&rest_code=00155&code=00101008559&supplier_code=00100005&order_time=2021-03-31 HTTP/1.1" 200 399
101.228.165.174 - - [31/Mar/2021:10:21:54 +0800] "GET /xingrg/all/function/internal_message.html?_=1617157322940&CODE_STATE=getMsg HTTP/1.1" 200 27
61.165.42.208 - - [31/Mar/2021:10:21:55 +0800] "POST /xingrg/kc/buy/cgsh_order_operate.html HTTP/1.1" 200 37
222.70.158.20 - - [31/Mar/2021:10:21:55 +0800] "GET /xingrg/all/function/internal_message.html?_=1617157312283&CODE_STATE=getMsg HTTP/1.1" 200 27
180.152.227.142 - - [31/Mar/2021:10:21:56 +0800] "POST /xingrg/kc/buy/cgsh_list_operate.html HTTP/1.1" 200 876
61.165.42.208 - - [31/Mar/2021:10:21:56 +0800] "POST /xingrg/kc/buy/cgsh_order_operate.html HTTP/1.1" 200 3258
116.224.253.72 - - [31/Mar/2021:10:21:57 +0800] "POST /xingrg/kc/buy/cgsh_list_operate.html HTTP/1.1" 200 5619
101.85.52.2 - - [31/Mar/2021:10:21:57 +0800] "GET /xingrg/all/function/internal_message.html?_=1617157312243&CODE_STATE=getMsg HTTP/1.1" 200 27
61.165.42.208 - - [31/Mar/2021:10:21:57 +0800] "GET /xingrg/kc/print/load_data.html?order_code=212021033113599&kc_code=cgsh&condition= HTTP/1.1" 200 903
117.185.32.26 - - [31/Mar/2021:10:21:58 +0800] "GET /xingrg/kc/buy/cgsh_order_operate.html?command=get_materiel&rest_code=00106&code=00101006133&supplier_code=00100015&order_time=2021-03-31 HTTP/1.1" 200 415
222.70.217.33 - - [31/Mar/2021:10:21:59 +0800] "GET /xingrg/kc/buy/cgsh_order_operate.html?command=get_materiel&rest_code=00155&code=00101008354&supplier_code=00100005&order_time=2021-03-31 HTTP/1.1" 200 412
61.165.42.208 - - [31/Mar/2021:10:22:00 +0800] "GET /xingrg/kc/buy/cgsh_order_add.html HTTP/1.1" 200 62198
116.224.253.72 - - [31/Mar/2021:10:22:00 +0800] "POST /xingrg/kc/buy/cgsh_list_operate.html HTTP/1.1" 200 5701
61.165.42.208 - - [31/Mar/2021:10:22:01 +0800] "GET /xingrg/javascript/easyui/themes/default/validatebox.css HTTP/1.1" 404 1104
61.165.42.208 - - [31/Mar/2021:10:22:01 +0800] "POST /xingrg/kc/buy/cgsh_order_operate.html HTTP/1.1" 200 8245
114.88.156.246 - - [31/Mar/2021:10:22:02 +0800] "GET /xingrg/kc/buy/cgsh_order_operate.html?command=get_materiel&rest_code=00141&code=00101008350&supplier_code=00100007&order_time=2021-03-31 HTTP/1.1" 200 408
116.235.95.160 - - [31/Mar/2021:10:22:02 +0800] "GET /xingrg/all/function/internal_message.html?_=1617157395393&CODE_STATE=getMsg HTTP/1.1" 200 27
116.235.216.75 - - [31/Mar/2021:10:22:03 +0800] "GET /xingrg/kc/buy/cgsh_order_operate.html?command=get_materiel&rest_code=00107&code=00101004027&supplier_code=00100312&order_time=2021-03-31 HTTP/1.1" 200 431
117.184.7.26 - - [31/Mar/2021:10:22:04 +0800] "GET /xingrg/kc/buy/cgsh_order_operate.html?command=get_materiel&rest_code=00108&code=00102002363&supplier_code=00100151&order_time=2021-03-31 HTTP/1.1" 200 408
222.70.217.33 - - [31/Mar/2021:10:22:04 +0800] "GET /xingrg/kc/buy/cgsh_order_operate.html?command=get_materiel&rest_code=00155&code=00101008096&supplier_code=00100005&order_time=2021-03-31 HTTP/1.1" 200 412
180.164.245.247 - - [31/Mar/2021:10:22:05 +0800] "GET /xingrg/all/function/internal_message.html?_=1617157321393&CODE_STATE=getMsg HTTP/1.1" 302 -
222.70.217.33 - - [31/Mar/2021:10:22:05 +0800] "POST /xingrg/kc/buy/cgsh_order_operate.html HTTP/1.1" 200 2065
222.70.217.33 - - [31/Mar/2021:10:22:06 +0800] "GET /xingrg/all/function/internal_message.html?_=1617157324496&CODE_STATE=getMsg HTTP/1.1" 200 27
114.88.156.246 - - [31/Mar/2021:10:22:06 +0800] "POST /xingrg/kc/buy/cgsh_order_operate.html HTTP/1.1" 200 2065
180.152.227.142 - - [31/Mar/2021:10:22:08 +0800] "GET /xingrg/all/function/internal_message.html?_=1617157328521&CODE_STATE=getMsg HTTP/1.1" 200 27
180.152.227.142 - - [31/Mar/2021:10:22:08 +0800] "GET /xingrg/check_reg.html?_=1617157328526 HTTP/1.1" 200 22
222.70.217.33 - - [31/Mar/2021:10:22:10 +0800] "GET /xingrg/kc/buy/cgsh_order_operate.html?command=get_materiel&rest_code=00155&code=00101008038&supplier_code=00100005&order_time=2021-03-31 HTTP/1.1" 200 412
180.152.227.142 - - [31/Mar/2021:10:22:10 +0800] "GET /xingrg/kc/buy/cgsh_order_list.html HTTP/1.1" 200 46413
114.88.156.246 - - [31/Mar/2021:10:22:11 +0800] "GET /xingrg/kc/buy/cgsh_order_operate.html?command=get_materiel&rest_code=00141&code=00101008110&supplier_code=00100007&order_time=2021-03-31 HTTP/1.1" 200 409
180.152.227.142 - - [31/Mar/2021:10:22:11 +0800] "POST /xingrg/kc/buy/cgsh_list_operate.html HTTP/1.1" 200 876
180.152.227.142 - - [31/Mar/2021:10:22:11 +0800] "GET /xingrg/kc/base/yddb_order_list.html?isBack=1 HTTP/1.1" 200 16992
180.152.227.142 - - [31/Mar/2021:10:22:11 +0800] "POST /xingrg/kc/base/yddb_list_operate.html HTTP/1.1" 200 636
114.83.217.136 - - [31/Mar/2021:10:22:13 +0800] "GET /xingrg/all/function/internal_message.html?_=1617157332777&CODE_STATE=getMsg HTTP/1.1" 200 27
61.165.42.208 - - [31/Mar/2021:10:22:14 +0800] "GET /xingrg/kc/buy/cgsh_order_operate.html?command=get_materiel&rest_code=00105&code=00101010088&supplier_code=00100323&order_time=2021-03-31 HTTP/1.1" 200 418
222.70.217.33 - - [31/Mar/2021:10:22:15 +0800] "GET /xingrg/kc/buy/cgsh_order_operate.html?command=get_materiel&rest_code=00155&code=00101008290&supplier_code=00100005&order_time=2021-03-31 HTTP/1.1" 200 416
180.152.227.142 - - [31/Mar/2021:10:22:17 +0800] "GET /xingrg/kc/base/wldb_order_list.html HTTP/1.1" 200 19386
117.184.7.26 - - [31/Mar/2021:10:22:17 +0800] "GET /xingrg/all/function/internal_message.html?_=1617157330813&CODE_STATE=getMsg HTTP/1.1" 200 27
180.152.227.142 - - [31/Mar/2021:10:22:18 +0800] "POST /xingrg/kc/base/wldb_list_operate.html HTTP/1.1" 200 928
116.235.216.75 - - [31/Mar/2021:10:22:19 +0800] "GET /xingrg/kc/buy/cgsh_order_operate.html?command=get_materiel&rest_code=00107&code=00101005017&supplier_code=00100312&order_time=2021-03-31 HTTP/1.1" 200 409
180.152.227.142 - - [31/Mar/2021:10:22:19 +0800] "GET /xingrg/kc/base/wldb_order_add.html HTTP/1.1" 200 30545
114.88.156.246 - - [31/Mar/2021:10:22:19 +0800] "GET /xingrg/kc/buy/cgsh_order_operate.html?command=get_materiel&rest_code=00141&code=00101008095&supplier_code=00100007&order_time=2021-03-31 HTTP/1.1" 200 413
180.152.227.142 - - [31/Mar/2021:10:22:20 +0800] "POST /xingrg/kc/base/wldb_order_operate.html HTTP/1.1" 200 6806
180.152.227.142 - - [31/Mar/2021:10:22:20 +0800] "GET /xingrg/javascript/easyui/themes/default/validatebox.css HTTP/1.1" 404 1104
114.88.156.246 - - [31/Mar/2021:10:22:21 +0800] "GET /xingrg/all/function/internal_message.html?_=1617157348717&CODE_STATE=getMsg HTTP/1.1" 200 27
222.70.217.33 - - [31/Mar/2021:10:22:24 +0800] "GET /xingrg/kc/buy/cgsh_order_operate.html?command=get_materiel&rest_code=00155&code=00101008477&supplier_code=00100005&order_time=2021-03-31 HTTP/1.1" 200 408
61.165.42.208 - - [31/Mar/2021:10:22:24 +0800] "GET /xingrg/all/function/internal_message.html?_=1617157346214&CODE_STATE=getMsg HTTP/1.1" 200 27
61.165.42.208 - - [31/Mar/2021:10:22:26 +0800] "GET /xingrg/check_reg.html?_=1617157347780 HTTP/1.1" 200 22
117.184.7.26 - - [31/Mar/2021:10:22:26 +0800] "GET /xingrg/kc/buy/cgsh_order_operate.html?command=get_materiel&rest_code=00108&code=00102002913&supplier_code=00100151&order_time=2021-03-31 HTTP/1.1" 200 394
114.88.156.246 - - [31/Mar/2021:10:22:27 +0800] "GET /xingrg/kc/buy/cgsh_order_operate.html?command=get_materiel&rest_code=00141&code=00101008361&supplier_code=00100007&order_time=2021-03-31 HTTP/1.1" 200 408
180.152.227.142 - - [31/Mar/2021:10:22:28 +0800] "POST /xingrg/all/common/load_combo.html?type=base HTTP/1.1" 200 3060
61.129.6.174 - - [31/Mar/2021:10:22:29 +0800] "GET /xingrg/kc/buy/cgsh_order_operate.html?command=get_materiel&rest_code=00141&code=00101008305&supplier_code=00100007&order_time=2021-03-31 HTTP/1.1" 302 -
58.40.7.146 - - [31/Mar/2021:10:22:29 +0800] "GET /xingrg/login.html HTTP/1.1" 200 7641
116.235.216.75 - - [31/Mar/2021:10:22:29 +0800] "GET /xingrg/all/function/internal_message.html?_=1617157347625&CODE_STATE=getMsg HTTP/1.1" 200 27
58.40.7.146 - - [31/Mar/2021:10:22:30 +0800] "GET /favicon.ico HTTP/1.1" 404 -
222.70.217.33 - - [31/Mar/2021:10:22:30 +0800] "GET /xingrg/kc/buy/cgsh_order_operate.html?command=get_materiel&rest_code=00155&code=00101008144&supplier_code=00100005&order_time=2021-03-31 HTTP/1.1" 200 413
114.86.229.31 - - [31/Mar/2021:10:22:30 +0800] "GET /xingrg/all/function/internal_message.html?_=1617157355779&CODE_STATE=getMsg HTTP/1.1" 200 27
116.224.253.72 - - [31/Mar/2021:10:22:31 +0800] "GET /xingrg/all/function/internal_message.html?_=1617157353046&CODE_STATE=getMsg HTTP/1.1" 200 27
61.129.6.174 - - [31/Mar/2021:10:22:31 +0800] "GET /xingrg/login.html HTTP/1.1" 200 7641
101.85.94.178 - - [31/Mar/2021:10:22:32 +0800] "GET /xingrg/all/function/internal_message.html?_=1617156912980&CODE_STATE=getMsg HTTP/1.1" 200 27
180.152.227.142 - - [31/Mar/2021:10:22:32 +0800] "GET /xingrg/all/function/internal_message.html?_=1617157622313&CODE_STATE=getMsg HTTP/1.1" 200 27
114.88.156.246 - - [31/Mar/2021:10:22:33 +0800] "GET /xingrg/kc/buy/cgsh_order_operate.html?command=get_materiel&rest_code=00141&code=00101008223&supplier_code=00100007&order_time=2021-03-31 HTTP/1.1" 200 412
58.40.7.146 - - [31/Mar/2021:10:22:33 +0800] "POST /xingrg/login.do HTTP/1.1" 302 -
58.40.7.146 - - [31/Mar/2021:10:22:33 +0800] "GET /xingrg/index.html?sysBaseUrl=http%3A%2F%2F180.169.147.146%3A18081%2Fxingrg%2F&costTime=91×tamp=1617157353784 HTTP/1.1" 200 17419
58.40.7.146 - - [31/Mar/2021:10:22:33 +0800] "GET /xingrg/css/form.css HTTP/1.1" 200 893
58.40.7.146 - - [31/Mar/2021:10:22:33 +0800] "GET /xingrg/javascript/jquery_easy_ui/themes/icon.css HTTP/1.1" 200 3949
58.40.7.146 - - [31/Mar/2021:10:22:33 +0800] "GET /xingrg/javascript/jquery-1.4.2.min.js HTTP/1.1" 200 72205
58.40.7.146 - - [31/Mar/2021:10:22:33 +0800] "GET /xingrg/javascript/jquery_easy_ui/jquery.easyui.min.js HTTP/1.1" 200 213662
58.40.7.146 - - [31/Mar/2021:10:22:33 +0800] "GET /xingrg/javascript/jquery_easy_ui/easyui-lang-zh_CN.js HTTP/1.1" 200 1900
58.40.7.146 - - [31/Mar/2021:10:22:33 +0800] "GET /xingrg/javascript/jquery.timers.js HTTP/1.1" 200 3532
58.40.7.146 - - [31/Mar/2021:10:22:33 +0800] "GET /xingrg/javascript/jquery.utils.js HTTP/1.1" 200 11805
58.40.7.146 - - [31/Mar/2021:10:22:33 +0800] "GET /xingrg/javascript/jquery.form.js HTTP/1.1" 200 23110
58.40.7.146 - - [31/Mar/2021:10:22:33 +0800] "GET /xingrg/javascript/jquery_easy_ui/themes/default/easyui.css HTTP/1.1" 200 26500
58.40.7.146 - - [31/Mar/2021:10:22:34 +0800] "GET /favicon.ico HTTP/1.1" 404 -
58.40.7.146 - - [31/Mar/2021:10:22:34 +0800] "GET /xingrg/javascript/jquery_easy_ui/themes/icons/settle_new.png HTTP/1.1" 200 826
58.40.7.146 - - [31/Mar/2021:10:22:34 +0800] "GET /xingrg/images/blue/navBackgound.jpg HTTP/1.1" 200 12378
58.40.7.146 - - [31/Mar/2021:10:22:34 +0800] "POST /xingrg/all/common/load_tree.html?tree=area_rest_tree_json&manage=1 HTTP/1.1" 200 476
58.40.7.146 - - [31/Mar/2021:10:22:34 +0800] "GET /xingrg/all/function/internal_message.html?_=1617157353017&CODE_STATE=count HTTP/1.1" 200 11
58.40.7.146 - - [31/Mar/2021:10:22:34 +0800] "GET /xingrg/check_reg.html?_=1617157353019 HTTP/1.1" 200 22
58.40.7.146 - - [31/Mar/2021:10:22:34 +0800] "GET /xingrg/images/blue/pingpu.png HTTP/1.1" 200 231
58.40.7.146 - - [31/Mar/2021:10:22:34 +0800] "GET /xingrg/javascript/jquery_easy_ui/themes/default/images/tabs_leftarrow.png HTTP/1.1" 200 389
58.40.7.146 - - [31/Mar/2021:10:22:34 +0800] "GET /xingrg/javascript/jquery_easy_ui/themes/default/images/tabs_rightarrow.png HTTP/1.1" 200 395
58.40.7.146 - - [31/Mar/2021:10:22:34 +0800] "GET /xingrg/javascript/jquery_easy_ui/themes/default/images/panel_tool_expand.gif HTTP/1.1" 200 247
58.40.7.146 - - [31/Mar/2021:10:22:34 +0800] "GET /xingrg/javascript/jquery_easy_ui/themes/default/images/panel_tool_collapse.gif HTTP/1.1" 200 246
58.40.7.146 - - [31/Mar/2021:10:22:34 +0800] "POST /xingrg/load_menu.html HTTP/1.1" 200 9959
180.152.227.142 - - [31/Mar/2021:10:22:34 +0800] "GET /xingrg/kc/base/wldb_order_operate.html?command=get_materiel&rest_code=00102&base_code=0010476&code=00101016086 HTTP/1.1" 200 469
58.40.7.146 - - [31/Mar/2021:10:22:34 +0800] "GET /xingrg/javascript/jquery_easy_ui/themes/default/images/tree_arrows.gif HTTP/1.1" 200 1043
58.40.7.146 - - [31/Mar/2021:10:22:34 +0800] "GET /xingrg/javascript/jquery_easy_ui/themes/default/images/tree_folder_open.gif HTTP/1.1" 200 956
58.40.7.146 - - [31/Mar/2021:10:22:34 +0800] "GET /xingrg/javascript/jquery_easy_ui/themes/icons/search_new.png HTTP/1.1" 200 586
58.40.7.146 - - [31/Mar/2021:10:22:34 +0800] "GET /xingrg/javascript/jquery_easy_ui/themes/default/images/tree_folder.gif HTTP/1.1" 200 952
58.40.7.146 - - [31/Mar/2021:10:22:34 +0800] "GET /xingrg/javascript/jquery_easy_ui/themes/icons/storage_new.png HTTP/1.1" 200 853
58.40.7.146 - - [31/Mar/2021:10:22:34 +0800] "GET /xingrg/javascript/jquery_easy_ui/themes/icons/checkout_new.png HTTP/1.1" 200 744
58.40.7.146 - - [31/Mar/2021:10:22:34 +0800] "GET /xingrg/javascript/jquery_easy_ui/themes/icons/forms_new.png HTTP/1.1" 200 350
58.40.7.146 - - [31/Mar/2021:10:22:34 +0800] "GET /xingrg/javascript/jquery_easy_ui/themes/icons/setting_new.png HTTP/1.1" 200 450
58.40.7.146 - - [31/Mar/2021:10:22:34 +0800] "GET /xingrg/javascript/jquery_easy_ui/themes/icons/systemset_new.png HTTP/1.1" 200 606
58.40.7.146 - - [31/Mar/2021:10:22:34 +0800] "GET /xingrg/javascript/jquery_easy_ui/themes/default/images/tree_file.gif HTTP/1.1" 200 118
222.70.217.33 - - [31/Mar/2021:10:22:35 +0800] "GET /xingrg/kc/buy/cgsh_order_operate.html?command=get_materiel&rest_code=00155&code=00101008264&supplier_code=00100005&order_time=2021-03-31 HTTP/1.1" 200 412
116.235.216.75 - - [31/Mar/2021:10:22:36 +0800] "GET /xingrg/kc/buy/cgsh_order_operate.html?command=get_materiel&rest_code=00107&code=00101004030&supplier_code=00100312&order_time=2021-03-31 HTTP/1.1" 200 429
222.70.217.33 - - [31/Mar/2021:10:22:37 +0800] "POST /xingrg/kc/buy/cgsh_order_operate.html HTTP/1.1" 200 2065
114.86.229.31 - - [31/Mar/2021:10:22:37 +0800] "GET /xingrg/check_reg.html?_=1617157468203 HTTP/1.1" 302 -
114.86.229.31 - - [31/Mar/2021:10:22:37 +0800] "GET /xingrg/all/function/internal_message.html?_=1617157468203&CODE_STATE=getMsg HTTP/1.1" 302 -
114.86.229.31 - - [31/Mar/2021:10:22:37 +0800] "GET /xingrg/login.html HTTP/1.1" 200 7641
114.86.229.31 - - [31/Mar/2021:10:22:37 +0800] "GET /xingrg/login.html HTTP/1.1" 200 7641
180.169.147.146 - - [31/Mar/2021:10:22:37 +0800] "GET /xingrg/check_reg.html?_=1617157354068 HTTP/1.1" 200 22
180.169.147.146 - - [31/Mar/2021:10:22:37 +0800] "GET /xingrg/all/function/internal_message.html?_=1617157354071&CODE_STATE=getMsg HTTP/1.1" 200 27
61.165.42.208 - - [31/Mar/2021:10:22:38 +0800] "GET /xingrg/all/function/internal_message.html?_=1617157341487&CODE_STATE=getMsg HTTP/1.1" 200 27
58.40.7.146 - - [31/Mar/2021:10:22:39 +0800] "POST /xingrg/load_menu.html HTTP/1.1" 200 9242
58.40.7.146 - - [31/Mar/2021:10:22:39 +0800] "GET /xingrg/javascript/jquery_easy_ui/themes/default/images/tabs_close.gif HTTP/1.1" 200 829
58.40.7.146 - - [31/Mar/2021:10:22:39 +0800] "GET /xingrg/all/report/report_query.html?fileName=dma/new_5.0/yingye/order_list.xml HTTP/1.1" 200 55281
58.40.7.146 - - [31/Mar/2021:10:22:39 +0800] "GET /xingrg/javascript/multi_select/jqueryMultiSelect.css HTTP/1.1" 200 951
58.40.7.146 - - [31/Mar/2021:10:22:39 +0800] "GET /xingrg/css/blue.css HTTP/1.1" 200 15949
58.40.7.146 - - [31/Mar/2021:10:22:39 +0800] "GET /xingrg/javascript/calendar/timePicker.css HTTP/1.1" 200 523
58.40.7.146 - - [31/Mar/2021:10:22:39 +0800] "GET /xingrg/javascript/bigrid/fix.css HTTP/1.1" 200 1702
58.40.7.146 - - [31/Mar/2021:10:22:39 +0800] "GET /xingrg/javascript/pic_change.js HTTP/1.1" 200 4739
58.40.7.146 - - [31/Mar/2021:10:22:39 +0800] "GET /xingrg/dwr/interface/AjaxReportQueryService.js HTTP/1.1" 200 13203
58.40.7.146 - - [31/Mar/2021:10:22:39 +0800] "GET /xingrg/dwr/util.js HTTP/1.1" 200 35990
58.40.7.146 - - [31/Mar/2021:10:22:39 +0800] "GET /xingrg/javascript/myfunction.js HTTP/1.1" 200 24559
58.40.7.146 - - [31/Mar/2021:10:22:39 +0800] "GET /xingrg/dwr/engine.js HTTP/1.1" 200 43631
58.40.7.146 - - [31/Mar/2021:10:22:39 +0800] "GET /xingrg/javascript/calendar/jquery.timePicker.min.js HTTP/1.1" 200 2997
58.40.7.146 - - [31/Mar/2021:10:22:39 +0800] "GET /xingrg/javascript/bigrid/fix.js HTTP/1.1" 200 6439
58.40.7.146 - - [31/Mar/2021:10:22:39 +0800] "GET /xingrg/javascript/jqueryMultiSelect.js HTTP/1.1" 200 11866
58.40.7.146 - - [31/Mar/2021:10:22:39 +0800] "GET /xingrg/javascript/Calendar.js HTTP/1.1" 200 31561
58.40.7.146 - - [31/Mar/2021:10:22:40 +0800] "GET /xingrg/images/blue/button/advanceover.gif HTTP/1.1" 200 1347
58.40.7.146 - - [31/Mar/2021:10:22:40 +0800] "GET /xingrg/images/blue/button/advance2over.gif HTTP/1.1" 200 1336
58.40.7.146 - - [31/Mar/2021:10:22:40 +0800] "GET /xingrg/images/blue/button/back2over.gif HTTP/1.1" 200 1335
58.40.7.146 - - [31/Mar/2021:10:22:40 +0800] "GET /xingrg/images/control/loading.gif HTTP/1.1" 200 13463
58.40.7.146 - - [31/Mar/2021:10:22:40 +0800] "GET /xingrg/images/blue/button/backover.gif HTTP/1.1" 200 1348
58.40.7.146 - - [31/Mar/2021:10:22:40 +0800] "GET /xingrg/javascript/jquery_easy_ui/themes/default/images/menu_downarrow.png HTTP/1.1" 200 173
58.40.7.146 - - [31/Mar/2021:10:22:40 +0800] "GET /xingrg/javascript/jquery_easy_ui/themes/icons/help.png HTTP/1.1" 200 1187
58.40.7.146 - - [31/Mar/2021:10:22:40 +0800] "GET /xingrg/javascript/jquery_easy_ui/themes/default/images/button_a_bg.gif HTTP/1.1" 200 1194
58.40.7.146 - - [31/Mar/2021:10:22:40 +0800] "GET /xingrg/javascript/jquery_easy_ui/themes/default/images/menu.gif HTTP/1.1" 200 834
58.40.7.146 - - [31/Mar/2021:10:22:40 +0800] "GET /xingrg/javascript/jquery_easy_ui/themes/icons/print.png HTTP/1.1" 200 1057
58.40.7.146 - - [31/Mar/2021:10:22:40 +0800] "GET /xingrg/javascript/jquery_easy_ui/themes/icons/pencil.png HTTP/1.1" 200 713
58.40.7.146 - - [31/Mar/2021:10:22:40 +0800] "GET /xingrg/javascript/jquery_easy_ui/themes/default/images/menu_rightarrow.png HTTP/1.1" 200 3617
58.40.7.146 - - [31/Mar/2021:10:22:40 +0800] "POST /xingrg/dwr/call/plaincall/AjaxReportQueryService.getFixDate.dwr HTTP/1.1" 200 111
58.40.7.146 - - [31/Mar/2021:10:22:40 +0800] "GET /xingrg/javascript/jquery_easy_ui/themes/default/images/combo_arrow_dot.gif HTTP/1.1" 200 79
58.40.7.146 - - [31/Mar/2021:10:22:40 +0800] "POST /xingrg/all/common/load_tree.html?tree=area_station_tree_json&manage=1 HTTP/1.1" 200 468
58.40.7.146 - - [31/Mar/2021:10:22:40 +0800] "GET /xingrg/javascript/jquery_easy_ui/themes/default/images/tree_checkbox_0.gif HTTP/1.1" 200 168
58.40.7.146 - - [31/Mar/2021:10:22:40 +0800] "GET /xingrg/javascript/jquery_easy_ui/themes/icons/rest.png HTTP/1.1" 200 695
58.40.7.146 - - [31/Mar/2021:10:22:40 +0800] "POST /xingrg/dwr/call/plaincall/AjaxReportQueryService.getInitString.dwr HTTP/1.1" 200 76
58.40.7.146 - - [31/Mar/2021:10:22:40 +0800] "GET /xingrg/javascript/multi_select/dropdown.gif HTTP/1.1" 200 61
101.89.19.197 - - [31/Mar/2021:10:22:40 +0800] "GET /xingrg/kc/buy/cgsh_order_operate.html?command=get_materiel&rest_code=00141&code=00101008372&supplier_code=00100007&order_time=2021-03-31 HTTP/1.1" 302 -
58.40.7.146 - - [31/Mar/2021:10:22:40 +0800] "GET /xingrg/javascript/jquery_easy_ui/themes/icons/area.png HTTP/1.1" 200 262
117.185.32.26 - - [31/Mar/2021:10:22:40 +0800] "GET /xingrg/all/function/internal_message.html?_=1617157357774&CODE_STATE=getMsg HTTP/1.1" 200 27
114.88.156.246 - - [31/Mar/2021:10:22:41 +0800] "POST /xingrg/kc/buy/cgsh_order_operate.html HTTP/1.1" 200 2065
180.169.147.146 - - [31/Mar/2021:10:22:41 +0800] "GET /xingrg/kc/buy/cgsh_order_operate.html?command=get_materiel&rest_code=00147&code=00101001160&supplier_code=00100038&order_time=2021-03-31 HTTP/1.1" 200 408
101.89.19.197 - - [31/Mar/2021:10:22:41 +0800] "GET /xingrg/login.html HTTP/1.1" 200 7641
222.70.217.33 - - [31/Mar/2021:10:22:41 +0800] "GET /xingrg/kc/buy/cgsh_order_operate.html?command=get_materiel&rest_code=00155&code=00101008024&supplier_code=00100005&order_time=2021-03-31 HTTP/1.1" 200 408
117.184.7.26 - - [31/Mar/2021:10:22:43 +0800] "GET /xingrg/kc/buy/cgsh_order_operate.html?command=get_materiel&rest_code=00108&code=00102001146&supplier_code=00100151&order_time=2021-03-31 HTTP/1.1" 200 441
101.83.240.180 - - [31/Mar/2021:10:22:43 +0800] "GET /xingrg/all/function/internal_message.html?_=1617157359315&CODE_STATE=getMsg HTTP/1.1" 200 27
114.88.156.246 - - [31/Mar/2021:10:22:43 +0800] "GET /xingrg/all/function/internal_message.html?_=1617157364135&CODE_STATE=getMsg HTTP/1.1" 200 27
116.224.253.72 - - [31/Mar/2021:10:22:45 +0800] "POST /xingrg/kc/buy/cgsh_list_operate.html HTTP/1.1" 200 4748
58.40.7.146 - - [31/Mar/2021:10:22:46 +0800] "GET /xingrg/all/report/report_query.html?fileName=dma/new_5.0/yingye/order_list.xml HTTP/1.1" 200 55281
58.40.7.146 - - [31/Mar/2021:10:22:46 +0800] "GET /xingrg/dwr/interface/AjaxReportQueryService.js HTTP/1.1" 200 13203
58.40.7.146 - - [31/Mar/2021:10:22:46 +0800] "GET /xingrg/dwr/engine.js HTTP/1.1" 200 43631
58.40.7.146 - - [31/Mar/2021:10:22:46 +0800] "POST /xingrg/dwr/call/plaincall/AjaxReportQueryService.getFixDate.dwr HTTP/1.1" 200 111
58.40.7.146 - - [31/Mar/2021:10:22:46 +0800] "POST /xingrg/all/common/load_tree.html?tree=area_station_tree_json&manage=1 HTTP/1.1" 200 468
58.40.7.146 - - [31/Mar/2021:10:22:46 +0800] "POST /xingrg/dwr/call/plaincall/AjaxReportQueryService.getInitString.dwr HTTP/1.1" 200 76
117.184.7.26 - - [31/Mar/2021:10:22:47 +0800] "POST /xingrg/all/common/load_select.html HTTP/1.1" 200 25
222.70.217.33 - - [31/Mar/2021:10:22:47 +0800] "GET /xingrg/kc/buy/cgsh_order_operate.html?command=get_materiel&rest_code=00155&code=00101008356&supplier_code=00100005&order_time=2021-03-31 HTTP/1.1" 200 408
114.86.187.76 - - [31/Mar/2021:10:22:47 +0800] "GET /xingrg/all/function/internal_message.html?_=1617157372251&CODE_STATE=getMsg HTTP/1.1" 200 27
58.40.7.146 - - [31/Mar/2021:10:22:48 +0800] "POST /xingrg/dwr/call/plaincall/AjaxReportQueryService.getFixDate.dwr HTTP/1.1" 200 111
116.224.253.72 - - [31/Mar/2021:10:22:50 +0800] "GET /xingrg/all/function/internal_message.html?_=1617157369771&CODE_STATE=getMsg HTTP/1.1" 200 27
58.40.7.146 - - [31/Mar/2021:10:22:50 +0800] "GET /xingrg/javascript/jquery_easy_ui/themes/default/images/tree_checkbox_1.gif HTTP/1.1" 200 174
58.40.7.146 - - [31/Mar/2021:10:22:50 +0800] "GET /xingrg/javascript/jquery_easy_ui/themes/default/images/tree_checkbox_2.gif HTTP/1.1" 200 181
58.40.7.146 - - [31/Mar/2021:10:22:50 +0800] "POST /xingrg/dwr/call/plaincall/AjaxReportQueryService.queryInitializeString.dwr HTTP/1.1" 200 101
114.88.156.246 - - [31/Mar/2021:10:22:50 +0800] "GET /xingrg/kc/buy/cgsh_order_operate.html?command=get_materiel&rest_code=00141&code=00101008236&supplier_code=00100007&order_time=2021-03-31 HTTP/1.1" 200 416
117.184.7.26 - - [31/Mar/2021:10:22:50 +0800] "GET /xingrg/kc/buy/cgsh_order_operate.html?command=get_materiel_price&rest_code=00108&code=00102001146&unit_code=00100319&supplier_code=00100151&order_time=2021-03-31 HTTP/1.1" 200 28
58.40.7.146 - - [31/Mar/2021:10:22:51 +0800] "POST /xingrg/dwr/call/plaincall/AjaxReportQueryService.refreshCache.dwr HTTP/1.1" 200 78
58.40.7.146 - - [31/Mar/2021:10:22:52 +0800] "POST /xingrg/all/report/load_report_page.html HTTP/1.1" 200 48108
58.40.7.146 - - [31/Mar/2021:10:22:52 +0800] "GET /xingrg/servlets/image?cache=0.46166811642273975&image=px HTTP/1.1" 200 807
117.185.32.26 - - [31/Mar/2021:10:22:52 +0800] "GET /xingrg/all/function/internal_message.html?_=1617157866439&CODE_STATE=getMsg HTTP/1.1" 200 27
117.185.32.26 - - [31/Mar/2021:10:22:52 +0800] "GET /xingrg/check_reg.html?_=1617157866440 HTTP/1.1" 200 22
61.165.42.208 - - [31/Mar/2021:10:22:52 +0800] "GET /xingrg/kc/buy/cgsh_order_operate.html?command=get_materiel&rest_code=00105&code=00101007057&supplier_code=00100323&order_time=2021-03-31 HTTP/1.1" 200 413
116.235.216.75 - - [31/Mar/2021:10:22:52 +0800] "GET /xingrg/kc/buy/cgsh_order_operate.html?command=get_materiel&rest_code=00107&code=00101001096&supplier_code=00100312&order_time=2021-03-31 HTTP/1.1" 200 433
222.70.217.33 - - [31/Mar/2021:10:22:53 +0800] "GET /xingrg/kc/buy/cgsh_order_operate.html?command=get_materiel&rest_code=00155&code=00101008272&supplier_code=00100005&order_time=2021-03-31 HTTP/1.1" 200 412
101.228.165.174 - - [31/Mar/2021:10:22:54 +0800] "GET /xingrg/all/function/internal_message.html?_=1617157383132&CODE_STATE=getMsg HTTP/1.1" 200 27
222.70.158.20 - - [31/Mar/2021:10:22:55 +0800] "GET /xingrg/all/function/internal_message.html?_=1617157372380&CODE_STATE=getMsg HTTP/1.1" 200 27
180.169.147.146 - - [31/Mar/2021:10:22:56 +0800] "POST /xingrg/kc/buy/cgsh_order_operate.html HTTP/1.1" 200 37
101.85.52.2 - - [31/Mar/2021:10:22:57 +0800] "GET /xingrg/all/function/internal_message.html?_=1617157372218&CODE_STATE=getMsg HTTP/1.1" 200 27
114.88.156.246 - - [31/Mar/2021:10:22:58 +0800] "GET /xingrg/kc/buy/cgsh_order_operate.html?command=get_materiel&rest_code=00141&code=00101008168&supplier_code=00100007&order_time=2021-03-31 HTTP/1.1" 200 413
180.169.147.146 - - [31/Mar/2021:10:22:58 +0800] "POST /xingrg/kc/buy/cgsh_order_operate.html HTTP/1.1" 200 3830
180.169.147.146 - - [31/Mar/2021:10:22:59 +0800] "GET /xingrg/kc/print/load_config.html?kc_code=cgsh HTTP/1.1" 200 1845
180.169.147.146 - - [31/Mar/2021:10:22:59 +0800] "GET /xingrg/kc/print/load_data.html?order_code=212021033113600&kc_code=cgsh&condition= HTTP/1.1" 200 1141
222.70.217.33 - - [31/Mar/2021:10:23:00 +0800] "GET /xingrg/kc/buy/cgsh_order_operate.html?command=get_materiel&rest_code=00155&code=00101008360&supplier_code=00100005&order_time=2021-03-31 HTTP/1.1" 200 413
116.235.95.160 - - [31/Mar/2021:10:23:02 +0800] "GET /xingrg/all/function/internal_message.html?_=1617157455393&CODE_STATE=getMsg HTTP/1.1" 200 27
117.185.32.26 - - [31/Mar/2021:10:23:04 +0800] "POST /xingrg/kc/buy/cgsh_order_operate.html HTTP/1.1" 200 37
114.88.156.246 - - [31/Mar/2021:10:23:05 +0800] "GET /xingrg/check_reg.html?_=1617157385757 HTTP/1.1" 200 22
58.40.7.146 - - [31/Mar/2021:10:23:05 +0800] "GET /xingrg/login.html HTTP/1.1" 200 7641
58.40.7.146 - - [31/Mar/2021:10:23:05 +0800] "GET /xingrg/images/blue/jxLogo.png HTTP/1.1" 200 6156
58.40.7.146 - - [31/Mar/2021:10:23:05 +0800] "GET /xingrg/images/blue/hj.png HTTP/1.1" 200 1014
58.40.7.146 - - [31/Mar/2021:10:23:05 +0800] "GET /xingrg/images/blue/login_bg.png HTTP/1.1" 200 22101
58.40.7.146 - - [31/Mar/2021:10:23:05 +0800] "GET /xingrg/images/blue/srbg.png HTTP/1.1" 200 138
180.164.245.247 - - [31/Mar/2021:10:23:05 +0800] "GET /xingrg/all/function/internal_message.html?_=1617157381420&CODE_STATE=getMsg HTTP/1.1" 302 -
180.169.147.146 - - [31/Mar/2021:10:23:05 +0800] "GET /xingrg/kc/buy/cgsh_order_add.html HTTP/1.1" 200 62119
117.184.7.26 - - [31/Mar/2021:10:23:05 +0800] "GET /xingrg/kc/buy/cgsh_order_operate.html?command=get_materiel&rest_code=00108&code=00102001013&supplier_code=00100151&order_time=2021-03-31 HTTP/1.1" 200 443
222.70.217.33 - - [31/Mar/2021:10:23:06 +0800] "GET /xingrg/kc/buy/cgsh_order_operate.html?command=get_materiel&rest_code=00155&code=00101008223&supplier_code=00100005&order_time=2021-03-31 HTTP/1.1" 200 412
222.70.217.33 - - [31/Mar/2021:10:23:06 +0800] "GET /xingrg/all/function/internal_message.html?_=1617157384508&CODE_STATE=getMsg HTTP/1.1" 200 27
180.169.147.146 - - [31/Mar/2021:10:23:06 +0800] "GET /xingrg/javascript/easyui/themes/default/validatebox.css HTTP/1.1" 404 1104
180.169.147.146 - - [31/Mar/2021:10:23:06 +0800] "POST /xingrg/kc/buy/cgsh_order_operate.html HTTP/1.1" 200 8245
222.70.217.33 - - [31/Mar/2021:10:23:08 +0800] "POST /xingrg/kc/buy/cgsh_order_operate.html HTTP/1.1" 200 2065
117.185.32.26 - - [31/Mar/2021:10:23:08 +0800] "POST /xingrg/kc/buy/cgsh_order_operate.html HTTP/1.1" 200 12
180.152.227.142 - - [31/Mar/2021:10:23:09 +0800] "GET /xingrg/all/function/internal_message.html?_=1617157388814&CODE_STATE=getMsg HTTP/1.1" 200 27
116.224.253.72 - - [31/Mar/2021:10:23:10 +0800] "POST /xingrg/services/DataTransmitService HTTP/1.1" 200 524
58.40.7.146 - - [31/Mar/2021:10:23:11 +0800] "POST /xingrg/login.do HTTP/1.1" 302 -
58.40.7.146 - - [31/Mar/2021:10:23:11 +0800] "GET /xingrg/index.html?sysBaseUrl=http%3A%2F%2F180.169.147.146%3A18081%2Fxingrg%2F&costTime=65×tamp=1617157391025 HTTP/1.1" 200 17507
58.40.7.146 - - [31/Mar/2021:10:23:11 +0800] "GET /xingrg/css/form.css HTTP/1.1" 200 893
58.40.7.146 - - [31/Mar/2021:10:23:11 +0800] "GET /xingrg/javascript/jquery_easy_ui/themes/icon.css HTTP/1.1" 200 3949
58.40.7.146 - - [31/Mar/2021:10:23:11 +0800] "GET /xingrg/javascript/jquery-1.4.2.min.js HTTP/1.1" 200 72205
58.40.7.146 - - [31/Mar/2021:10:23:11 +0800] "GET /xingrg/javascript/jquery_easy_ui/jquery.easyui.min.js HTTP/1.1" 200 213662
58.40.7.146 - - [31/Mar/2021:10:23:11 +0800] "GET /xingrg/javascript/jquery_easy_ui/easyui-lang-zh_CN.js HTTP/1.1" 200 1900
58.40.7.146 - - [31/Mar/2021:10:23:11 +0800] "GET /xingrg/javascript/jquery.timers.js HTTP/1.1" 200 3532
58.40.7.146 - - [31/Mar/2021:10:23:11 +0800] "GET /xingrg/javascript/jquery_easy_ui/themes/default/easyui.css HTTP/1.1" 200 26500
58.40.7.146 - - [31/Mar/2021:10:23:11 +0800] "GET /xingrg/javascript/jquery.utils.js HTTP/1.1" 200 11805
58.40.7.146 - - [31/Mar/2021:10:23:11 +0800] "GET /xingrg/javascript/jquery.form.js HTTP/1.1" 200 23110
58.40.7.146 - - [31/Mar/2021:10:23:11 +0800] "GET /xingrg/javascript/jquery_easy_ui/themes/icons/settle_new.png HTTP/1.1" 200 826
58.40.7.146 - - [31/Mar/2021:10:23:11 +0800] "GET /xingrg/images/blue/navBackgound.jpg HTTP/1.1" 200 12378
58.40.7.146 - - [31/Mar/2021:10:23:11 +0800] "POST /xingrg/all/common/load_tree.html?tree=area_rest_tree_json&manage=1 HTTP/1.1" 200 348
58.40.7.146 - - [31/Mar/2021:10:23:11 +0800] "GET /xingrg/check_reg.html?_=1617157389848 HTTP/1.1" 200 22
58.40.7.146 - - [31/Mar/2021:10:23:11 +0800] "GET /xingrg/images/blue/pingpu.png HTTP/1.1" 200 231
58.40.7.146 - - [31/Mar/2021:10:23:11 +0800] "GET /xingrg/javascript/jquery_easy_ui/themes/default/images/tabs_leftarrow.png HTTP/1.1" 200 389
58.40.7.146 - - [31/Mar/2021:10:23:11 +0800] "GET /xingrg/javascript/jquery_easy_ui/themes/default/images/tabs_rightarrow.png HTTP/1.1" 200 395
58.40.7.146 - - [31/Mar/2021:10:23:11 +0800] "GET /xingrg/javascript/jquery_easy_ui/themes/default/images/panel_tool_expand.gif HTTP/1.1" 200 247
58.40.7.146 - - [31/Mar/2021:10:23:11 +0800] "GET /xingrg/javascript/jquery_easy_ui/themes/default/images/panel_tool_collapse.gif HTTP/1.1" 200 246
58.40.7.146 - - [31/Mar/2021:10:23:11 +0800] "GET /xingrg/all/function/internal_message.html?_=1617157389846&CODE_STATE=count HTTP/1.1" 200 11
117.185.32.26 - - [31/Mar/2021:10:23:11 +0800] "GET /xingrg/kc/buy/cgsh_order_info.html?code=212021033113601 HTTP/1.1" 200 57061
116.224.253.72 - - [31/Mar/2021:10:23:11 +0800] "POST /xingrg/services/DataTransmitService HTTP/1.1" 200 501
58.40.7.146 - - [31/Mar/2021:10:23:11 +0800] "POST /xingrg/load_menu.html HTTP/1.1" 200 9959
116.224.253.72 - - [31/Mar/2021:10:23:11 +0800] "POST /xingrg/services/DataTransmitService HTTP/1.1" 200 501
58.40.7.146 - - [31/Mar/2021:10:23:11 +0800] "GET /xingrg/javascript/jquery_easy_ui/themes/default/images/tree_arrows.gif HTTP/1.1" 200 1043
58.40.7.146 - - [31/Mar/2021:10:23:11 +0800] "GET /xingrg/javascript/jquery_easy_ui/themes/default/images/tree_folder_open.gif HTTP/1.1" 200 956
