180.169.147.146 - - [31/Mar/2021:10:05:09 +0800] "POST /xingrg/kc/base/wldb_order_operate.html HTTP/1.1" 200 37
222.70.217.33 - - [31/Mar/2021:10:05:10 +0800] "POST /xingrg/kc/base/wldb_order_operate.html HTTP/1.1" 200 88
180.169.147.146 - - [31/Mar/2021:10:05:10 +0800] "POST /xingrg/kc/base/wldb_order_operate.html HTTP/1.1" 200 3133
180.169.147.146 - - [31/Mar/2021:10:05:11 +0800] "GET /xingrg/kc/base/wldb_order_info.html?code=422021033103565 HTTP/1.1" 200 30568
101.85.94.178 - - [31/Mar/2021:10:05:11 +0800] "GET /xingrg/kc/buy/cgsh_order_operate.html?command=get_materiel&rest_code=00142&code=00101008352&supplier_code=00100161&order_time=2021-03-31 HTTP/1.1" 200 412
180.169.147.146 - - [31/Mar/2021:10:05:11 +0800] "GET /xingrg/javascript/easyui/themes/default/validatebox.css HTTP/1.1" 404 1104
222.70.217.33 - - [31/Mar/2021:10:05:12 +0800] "POST /xingrg/kc/base/wldb_order_operate.html HTTP/1.1" 200 37
180.169.147.146 - - [31/Mar/2021:10:05:12 +0800] "POST /xingrg/kc/base/wldb_order_operate.html HTTP/1.1" 200 3133
222.70.217.33 - - [31/Mar/2021:10:05:12 +0800] "POST /xingrg/kc/base/wldb_order_operate.html HTTP/1.1" 200 6504
222.70.217.33 - - [31/Mar/2021:10:05:13 +0800] "GET /xingrg/kc/base/wldb_order_info.html?code=422021033103567 HTTP/1.1" 200 30572
222.70.217.33 - - [31/Mar/2021:10:05:13 +0800] "GET /xingrg/javascript/easyui/themes/default/validatebox.css HTTP/1.1" 404 1104
222.70.217.33 - - [31/Mar/2021:10:05:13 +0800] "POST /xingrg/kc/base/wldb_order_operate.html HTTP/1.1" 200 6504
116.235.95.160 - - [31/Mar/2021:10:05:14 +0800] "POST /xingrg/kc/buy/cgsh_list_operate.html HTTP/1.1" 200 1964
180.152.227.142 - - [31/Mar/2021:10:05:16 +0800] "GET /xingrg/kc/print/load_config.html?kc_code=cgsh HTTP/1.1" 200 1845
180.152.227.142 - - [31/Mar/2021:10:05:16 +0800] "GET /xingrg/kc/print/load_data.html?order_code=212021033113543&kc_code=cgsh&condition= HTTP/1.1" 200 3578
116.224.253.72 - - [31/Mar/2021:10:05:16 +0800] "GET /xingrg/check_reg.html?_=1617156318872 HTTP/1.1" 200 22
117.184.7.26 - - [31/Mar/2021:10:05:17 +0800] "GET /xingrg/all/function/internal_message.html?_=1617156310467&CODE_STATE=getMsg HTTP/1.1" 200 27
101.85.52.2 - - [31/Mar/2021:10:05:17 +0800] "GET /xingrg/kc/buy/cgsh_order_add.html HTTP/1.1" 200 61307
101.85.52.2 - - [31/Mar/2021:10:05:17 +0800] "POST /xingrg/kc/buy/cgsh_order_operate.html HTTP/1.1" 200 8245
101.85.52.2 - - [31/Mar/2021:10:05:18 +0800] "GET /xingrg/javascript/easyui/themes/default/validatebox.css HTTP/1.1" 404 1104
101.85.94.178 - - [31/Mar/2021:10:05:18 +0800] "GET /xingrg/kc/buy/cgsh_order_operate.html?command=get_materiel&rest_code=00142&code=00101008393&supplier_code=00100161&order_time=2021-03-31 HTTP/1.1" 200 408
114.86.229.31 - - [31/Mar/2021:10:05:20 +0800] "GET /xingrg/all/function/internal_message.html?_=1617156325209&CODE_STATE=getMsg HTTP/1.1" 200 27
116.235.95.160 - - [31/Mar/2021:10:05:20 +0800] "POST /xingrg/kc/buy/cgsh_list_operate.html HTTP/1.1" 200 5578
114.88.156.246 - - [31/Mar/2021:10:05:21 +0800] "GET /xingrg/check_reg.html?_=1617156328573 HTTP/1.1" 200 22
114.88.156.246 - - [31/Mar/2021:10:05:21 +0800] "GET /xingrg/all/function/internal_message.html?_=1617156328575&CODE_STATE=getMsg HTTP/1.1" 200 27
116.224.253.72 - - [31/Mar/2021:10:05:23 +0800] "GET /xingrg/all/function/internal_message.html?_=1617156322886&CODE_STATE=getMsg HTTP/1.1" 200 27
116.224.253.72 - - [31/Mar/2021:10:05:23 +0800] "GET /xingrg/all/function/internal_message.html?_=1617156325717&CODE_STATE=getMsg HTTP/1.1" 200 27
101.89.239.120 - - [31/Mar/2021:10:05:24 +0800] "GET /xingrg/all/function/internal_message.html?_=1617156268578&CODE_STATE=getMsg HTTP/1.1" 302 -
61.165.42.208 - - [31/Mar/2021:10:05:25 +0800] "GET /xingrg/all/function/internal_message.html?_=1617156326590&CODE_STATE=getMsg HTTP/1.1" 200 27
101.89.239.120 - - [31/Mar/2021:10:05:26 +0800] "GET /xingrg/login.html HTTP/1.1" 200 7641
101.85.94.178 - - [31/Mar/2021:10:05:27 +0800] "GET /xingrg/kc/buy/cgsh_order_operate.html?command=get_materiel&rest_code=00142&code=00101012065&supplier_code=00100161&order_time=2021-03-31 HTTP/1.1" 200 418
222.70.217.33 - - [31/Mar/2021:10:05:27 +0800] "GET /xingrg/kc/base/wldb_order_add.html HTTP/1.1" 200 30555
222.70.217.33 - - [31/Mar/2021:10:05:27 +0800] "POST /xingrg/kc/base/wldb_order_operate.html HTTP/1.1" 200 6806
222.70.217.33 - - [31/Mar/2021:10:05:27 +0800] "GET /xingrg/javascript/easyui/themes/default/validatebox.css HTTP/1.1" 404 1104
101.85.94.178 - - [31/Mar/2021:10:05:29 +0800] "POST /xingrg/kc/buy/cgsh_order_operate.html HTTP/1.1" 200 2065
116.235.216.75 - - [31/Mar/2021:10:05:29 +0800] "GET /xingrg/check_reg.html?_=1617156327437 HTTP/1.1" 200 22
101.228.165.174 - - [31/Mar/2021:10:05:30 +0800] "GET /xingrg/kc/buy/cgsh_order_operate.html?command=get_materiel&rest_code=00146&code=00101008318&supplier_code=00100005&order_time=2021-03-31 HTTP/1.1" 200 408
116.235.216.75 - - [31/Mar/2021:10:05:30 +0800] "GET /xingrg/all/function/internal_message.html?_=1617156327439&CODE_STATE=getMsg HTTP/1.1" 200 27
101.85.94.178 - - [31/Mar/2021:10:05:32 +0800] "GET /xingrg/check_reg.html?_=1617155893051 HTTP/1.1" 200 22
101.85.94.178 - - [31/Mar/2021:10:05:32 +0800] "GET /xingrg/all/function/internal_message.html?_=1617155893054&CODE_STATE=getMsg HTTP/1.1" 200 27
180.152.227.142 - - [31/Mar/2021:10:05:32 +0800] "GET /xingrg/all/function/internal_message.html?_=1617156601932&CODE_STATE=getMsg HTTP/1.1" 200 27
101.85.94.178 - - [31/Mar/2021:10:05:34 +0800] "GET /xingrg/kc/buy/cgsh_order_operate.html?command=get_materiel&rest_code=00142&code=00101012024&supplier_code=00100161&order_time=2021-03-31 HTTP/1.1" 200 408
117.131.5.26 - - [31/Mar/2021:10:05:35 +0800] "POST /xingrg/kc/buy/cgsh_list_operate.html HTTP/1.1" 200 5442
180.169.147.146 - - [31/Mar/2021:10:05:37 +0800] "GET /xingrg/all/function/internal_message.html?_=1617156333995&CODE_STATE=getMsg HTTP/1.1" 200 27
114.86.229.31 - - [31/Mar/2021:10:05:38 +0800] "GET /xingrg/all/function/internal_message.html?_=1617156448203&CODE_STATE=getMsg HTTP/1.1" 200 27
101.85.52.2 - - [31/Mar/2021:10:05:38 +0800] "GET /xingrg/kc/buy/cgsh_order_operate.html?command=get_materiel&rest_code=00145&code=00101006201&supplier_code=00100176&order_time=2021-03-27 HTTP/1.1" 200 405
61.165.42.208 - - [31/Mar/2021:10:05:38 +0800] "GET /xingrg/all/function/internal_message.html?_=1617156321485&CODE_STATE=getMsg HTTP/1.1" 200 27
116.224.253.72 - - [31/Mar/2021:10:05:39 +0800] "GET /xingrg/kc/buy/cgsh_order_info.html?code=212021033113549 HTTP/1.1" 200 56993
116.224.253.72 - - [31/Mar/2021:10:05:39 +0800] "GET /xingrg/javascript/easyui/themes/icon.css HTTP/1.1" 304 -
116.224.253.72 - - [31/Mar/2021:10:05:39 +0800] "GET /xingrg/javascript/easyui/themes/default/easyui.css HTTP/1.1" 304 -
116.224.253.72 - - [31/Mar/2021:10:05:39 +0800] "GET /xingrg/css/base.css HTTP/1.1" 304 -
116.224.253.72 - - [31/Mar/2021:10:05:39 +0800] "GET /xingrg/css/site.css HTTP/1.1" 304 -
116.224.253.72 - - [31/Mar/2021:10:05:39 +0800] "GET /xingrg/javascript/auto/jquery.autocomplete.css HTTP/1.1" 304 -
116.224.253.72 - - [31/Mar/2021:10:05:39 +0800] "GET /xingrg/javascript/jquery_tools/datebox.css HTTP/1.1" 304 -
116.224.253.72 - - [31/Mar/2021:10:05:39 +0800] "GET /xingrg/javascript/auto/jquery.autocomplete.js HTTP/1.1" 304 -
116.224.253.72 - - [31/Mar/2021:10:05:39 +0800] "GET /xingrg/javascript/jquery_tools/fix.css HTTP/1.1" 304 -
116.224.253.72 - - [31/Mar/2021:10:05:39 +0800] "GET /xingrg/javascript/pic_change.js HTTP/1.1" 304 -
116.224.253.72 - - [31/Mar/2021:10:05:39 +0800] "GET /xingrg/javascript/jquery_tools/jquery.tools.extend.js HTTP/1.1" 304 -
116.224.253.72 - - [31/Mar/2021:10:05:39 +0800] "GET /xingrg/javascript/jquery_tools/jquery.tools.hotkey.js HTTP/1.1" 304 -
116.224.253.72 - - [31/Mar/2021:10:05:39 +0800] "GET /xingrg/javascript/jquery_tools/jquery.tools.min.js HTTP/1.1" 304 -
116.224.253.72 - - [31/Mar/2021:10:05:39 +0800] "GET /xingrg/javascript/jquery_tools/jquery.tools.table.js HTTP/1.1" 304 -
116.224.253.72 - - [31/Mar/2021:10:05:39 +0800] "GET /xingrg/javascript/easyui/easyloader.js HTTP/1.1" 304 -
116.224.253.72 - - [31/Mar/2021:10:05:39 +0800] "GET /xingrg/javascript/jquery_tools/order_manager.js HTTP/1.1" 304 -
116.224.253.72 - - [31/Mar/2021:10:05:39 +0800] "GET /xingrg/javascript/convert.js HTTP/1.1" 304 -
116.224.253.72 - - [31/Mar/2021:10:05:39 +0800] "GET /xingrg/javascript/json2.js HTTP/1.1" 304 -
116.224.253.72 - - [31/Mar/2021:10:05:39 +0800] "GET /xingrg/javascript/print/LodopFuncs.js HTTP/1.1" 304 -
116.224.253.72 - - [31/Mar/2021:10:05:39 +0800] "GET /xingrg/javascript/jquery.cookie.js HTTP/1.1" 304 -
116.224.253.72 - - [31/Mar/2021:10:05:39 +0800] "GET /xingrg/javascript/print/kc_print.js HTTP/1.1" 304 -
116.224.253.72 - - [31/Mar/2021:10:05:39 +0800] "GET /xingrg/javascript/jquery_tools/table.css HTTP/1.1" 304 -
116.224.253.72 - - [31/Mar/2021:10:05:39 +0800] "GET /xingrg/javascript/jquery.utils.js HTTP/1.1" 304 -
116.224.253.72 - - [31/Mar/2021:10:05:39 +0800] "GET /xingrg/words/20210330160040_words.js HTTP/1.1" 304 -
116.224.253.72 - - [31/Mar/2021:10:05:39 +0800] "GET /xingrg/javascript/easyui/themes/icons/edit_add_new.png HTTP/1.1" 304 -
116.224.253.72 - - [31/Mar/2021:10:05:39 +0800] "GET /xingrg/javascript/easyui/themes/default/images/menu_downarrow.png HTTP/1.1" 304 -
116.224.253.72 - - [31/Mar/2021:10:05:39 +0800] "GET /xingrg/javascript/easyui/themes/icons/copy_new.png HTTP/1.1" 304 -
116.224.253.72 - - [31/Mar/2021:10:05:39 +0800] "GET /xingrg/javascript/easyui/themes/icons/print.png HTTP/1.1" 304 -
116.224.253.72 - - [31/Mar/2021:10:05:39 +0800] "GET /xingrg/javascript/easyui/themes/icons/cancel.png HTTP/1.1" 304 -
116.224.253.72 - - [31/Mar/2021:10:05:39 +0800] "GET /xingrg/javascript/easyui/plugins/jquery.parser.js HTTP/1.1" 304 -
116.224.253.72 - - [31/Mar/2021:10:05:39 +0800] "GET /xingrg/images/control/ajaxLoader.gif HTTP/1.1" 304 -
116.224.253.72 - - [31/Mar/2021:10:05:39 +0800] "GET /xingrg/javascript/easyui/themes/default/validatebox.css HTTP/1.1" 404 1104
116.224.253.72 - - [31/Mar/2021:10:05:39 +0800] "POST /xingrg/kc/buy/cgsh_order_operate.html HTTP/1.1" 200 2974
101.228.165.174 - - [31/Mar/2021:10:05:40 +0800] "GET /xingrg/kc/buy/cgsh_order_operate.html?command=get_materiel&rest_code=00146&code=00101008098&supplier_code=00100005&order_time=2021-03-31 HTTP/1.1" 200 412
222.70.217.33 - - [31/Mar/2021:10:05:40 +0800] "GET /xingrg/kc/base/wldb_order_operate.html?command=get_materiel&rest_code=00155&base_code=0010740&code=00102001138 HTTP/1.1" 200 440
120.204.17.73 - - [31/Mar/2021:10:05:40 +0800] "GET /xingrg/all/function/internal_message.html?_=1617156277708&CODE_STATE=getMsg HTTP/1.1" 302 -
117.185.32.26 - - [31/Mar/2021:10:05:40 +0800] "GET /xingrg/all/function/internal_message.html?_=1617156337723&CODE_STATE=getMsg HTTP/1.1" 200 27
101.85.94.178 - - [31/Mar/2021:10:05:41 +0800] "GET /xingrg/kc/buy/cgsh_order_operate.html?command=get_materiel&rest_code=00142&code=00101012059&supplier_code=00100161&order_time=2021-03-31 HTTP/1.1" 200 412
120.204.17.73 - - [31/Mar/2021:10:05:41 +0800] "GET /xingrg/login.html HTTP/1.1" 200 7641
114.83.217.136 - - [31/Mar/2021:10:05:42 +0800] "GET /xingrg/all/function/internal_message.html?_=1617156342193&CODE_STATE=getMsg HTTP/1.1" 200 27
101.83.240.180 - - [31/Mar/2021:10:05:43 +0800] "GET /xingrg/check_reg.html?_=1617156339281 HTTP/1.1" 200 22
101.83.240.180 - - [31/Mar/2021:10:05:43 +0800] "GET /xingrg/all/function/internal_message.html?_=1617156339282&CODE_STATE=getMsg HTTP/1.1" 200 27
101.228.165.174 - - [31/Mar/2021:10:05:43 +0800] "POST /xingrg/kc/buy/cgsh_order_operate.html HTTP/1.1" 200 2065
114.88.156.246 - - [31/Mar/2021:10:05:43 +0800] "GET /xingrg/all/function/internal_message.html?_=1617156344506&CODE_STATE=getMsg HTTP/1.1" 200 27
101.85.94.178 - - [31/Mar/2021:10:05:44 +0800] "GET /xingrg/javascript/jquery_easy_ui/themes/icons/rest.png HTTP/1.1" 200 695
101.85.94.178 - - [31/Mar/2021:10:05:44 +0800] "GET /xingrg/javascript/jquery_easy_ui/themes/icons/area.png HTTP/1.1" 200 262
101.85.52.2 - - [31/Mar/2021:10:05:44 +0800] "POST /xingrg/kc/buy/cgsh_order_operate.html HTTP/1.1" 200 37
116.235.95.160 - - [31/Mar/2021:10:05:45 +0800] "GET /xingrg/javascript/jquery_tools/images/next.gif HTTP/1.1" 404 1086
116.235.95.160 - - [31/Mar/2021:10:05:45 +0800] "GET /xingrg/javascript/jquery_tools/images/prev.gif HTTP/1.1" 404 1086
61.165.42.208 - - [31/Mar/2021:10:05:46 +0800] "POST /xingrg/kc/buy/cgsh_list_operate.html HTTP/1.1" 200 3489
114.86.187.76 - - [31/Mar/2021:10:05:46 +0800] "GET /xingrg/check_reg.html?_=1617156350635 HTTP/1.1" 200 22
114.86.187.76 - - [31/Mar/2021:10:05:47 +0800] "GET /xingrg/all/function/internal_message.html?_=1617156351756&CODE_STATE=getMsg HTTP/1.1" 200 27
117.131.5.26 - - [31/Mar/2021:10:05:49 +0800] "POST /xingrg/kc/buy/cgsh_list_operate.html HTTP/1.1" 200 5443
101.85.52.2 - - [31/Mar/2021:10:05:49 +0800] "POST /xingrg/kc/buy/cgsh_order_operate.html HTTP/1.1" 200 2652
116.224.253.72 - - [31/Mar/2021:10:05:50 +0800] "GET /xingrg/javascript/jquery_easy_ui/themes/default/easyui.css HTTP/1.1" 304 -
116.224.253.72 - - [31/Mar/2021:10:05:50 +0800] "GET /xingrg/index.html?sysBaseUrl=http%3A%2F%2F180.169.147.146%3A18081%2Fxingrg%2F&costTime=43×tamp=1617150478414 HTTP/1.1" 200 17179
116.224.253.72 - - [31/Mar/2021:10:05:50 +0800] "GET /xingrg/javascript/jquery_easy_ui/themes/icon.css HTTP/1.1" 304 -
116.224.253.72 - - [31/Mar/2021:10:05:50 +0800] "GET /xingrg/css/form.css HTTP/1.1" 304 -
116.224.253.72 - - [31/Mar/2021:10:05:50 +0800] "GET /xingrg/javascript/jquery-1.4.2.min.js HTTP/1.1" 304 -
116.224.253.72 - - [31/Mar/2021:10:05:50 +0800] "GET /xingrg/javascript/jquery_easy_ui/jquery.easyui.min.js HTTP/1.1" 304 -
116.224.253.72 - - [31/Mar/2021:10:05:50 +0800] "GET /xingrg/javascript/jquery_easy_ui/easyui-lang-zh_CN.js HTTP/1.1" 304 -
116.224.253.72 - - [31/Mar/2021:10:05:50 +0800] "GET /xingrg/javascript/jquery.form.js HTTP/1.1" 304 -
101.228.165.174 - - [31/Mar/2021:10:05:50 +0800] "GET /xingrg/all/function/internal_message.html?_=1617156358214&CODE_STATE=getMsg HTTP/1.1" 200 27
116.224.253.72 - - [31/Mar/2021:10:05:50 +0800] "GET /xingrg/javascript/jquery.utils.js HTTP/1.1" 304 -
116.224.253.72 - - [31/Mar/2021:10:05:50 +0800] "GET /xingrg/javascript/jquery.timers.js HTTP/1.1" 304 -
116.224.253.72 - - [31/Mar/2021:10:05:50 +0800] "GET /xingrg/images/blue/jxLogo.png HTTP/1.1" 304 -
116.224.253.72 - - [31/Mar/2021:10:05:50 +0800] "GET /xingrg/images/blue/navBackgound.jpg HTTP/1.1" 304 -
116.224.253.72 - - [31/Mar/2021:10:05:50 +0800] "GET /xingrg/javascript/jquery_easy_ui/themes/icons/settle_new.png HTTP/1.1" 304 -
116.224.253.72 - - [31/Mar/2021:10:05:50 +0800] "POST /xingrg/all/common/load_tree.html?tree=area_rest_tree_json&manage=1 HTTP/1.1" 200 476
116.224.253.72 - - [31/Mar/2021:10:05:50 +0800] "GET /xingrg/images/blue/pingpu.png HTTP/1.1" 304 -
116.224.253.72 - - [31/Mar/2021:10:05:50 +0800] "GET /xingrg/javascript/jquery_easy_ui/themes/default/images/tabs_leftarrow.png HTTP/1.1" 304 -
116.224.253.72 - - [31/Mar/2021:10:05:50 +0800] "GET /xingrg/javascript/jquery_easy_ui/themes/default/images/tabs_rightarrow.png HTTP/1.1" 304 -
116.224.253.72 - - [31/Mar/2021:10:05:50 +0800] "GET /xingrg/javascript/jquery_easy_ui/themes/default/images/panel_tool_collapse.gif HTTP/1.1" 304 -
116.224.253.72 - - [31/Mar/2021:10:05:50 +0800] "GET /xingrg/all/function/internal_message.html?_=1617156352088&CODE_STATE=count HTTP/1.1" 200 11
116.224.253.72 - - [31/Mar/2021:10:05:50 +0800] "GET /xingrg/check_reg.html?_=1617156352089 HTTP/1.1" 200 22
116.224.253.72 - - [31/Mar/2021:10:05:50 +0800] "POST /xingrg/load_menu.html HTTP/1.1" 200 5138
101.228.165.174 - - [31/Mar/2021:10:05:51 +0800] "GET /xingrg/kc/buy/cgsh_order_operate.html?command=get_materiel&rest_code=00146&code=00101008005&supplier_code=00100005&order_time=2021-03-31 HTTP/1.1" 200 412
117.185.32.26 - - [31/Mar/2021:10:05:52 +0800] "GET /xingrg/all/function/internal_message.html?_=1617156846357&CODE_STATE=getMsg HTTP/1.1" 200 27
116.224.253.72 - - [31/Mar/2021:10:05:52 +0800] "GET /xingrg/javascript/jquery_easy_ui/themes/default/easyui.css HTTP/1.1" 304 -
116.224.253.72 - - [31/Mar/2021:10:05:52 +0800] "GET /xingrg/javascript/jquery_easy_ui/themes/icon.css HTTP/1.1" 304 -
116.224.253.72 - - [31/Mar/2021:10:05:52 +0800] "GET /xingrg/index.html?sysBaseUrl=http%3A%2F%2F180.169.147.146%3A18081%2Fxingrg%2F&costTime=43×tamp=1617150478414 HTTP/1.1" 200 17179
116.224.253.72 - - [31/Mar/2021:10:05:52 +0800] "GET /xingrg/css/form.css HTTP/1.1" 304 -
116.224.253.72 - - [31/Mar/2021:10:05:52 +0800] "GET /xingrg/javascript/jquery-1.4.2.min.js HTTP/1.1" 304 -
116.224.253.72 - - [31/Mar/2021:10:05:52 +0800] "GET /xingrg/javascript/jquery_easy_ui/jquery.easyui.min.js HTTP/1.1" 304 -
116.224.253.72 - - [31/Mar/2021:10:05:52 +0800] "GET /xingrg/javascript/jquery_easy_ui/easyui-lang-zh_CN.js HTTP/1.1" 304 -
116.224.253.72 - - [31/Mar/2021:10:05:52 +0800] "GET /xingrg/javascript/jquery.form.js HTTP/1.1" 304 -
116.224.253.72 - - [31/Mar/2021:10:05:52 +0800] "GET /xingrg/javascript/jquery.utils.js HTTP/1.1" 304 -
116.224.253.72 - - [31/Mar/2021:10:05:52 +0800] "GET /xingrg/javascript/jquery.timers.js HTTP/1.1" 304 -
116.224.253.72 - - [31/Mar/2021:10:05:52 +0800] "GET /xingrg/images/blue/jxLogo.png HTTP/1.1" 304 -
116.224.253.72 - - [31/Mar/2021:10:05:52 +0800] "GET /xingrg/javascript/jquery_easy_ui/themes/icons/settle_new.png HTTP/1.1" 304 -
116.224.253.72 - - [31/Mar/2021:10:05:52 +0800] "GET /xingrg/images/blue/navBackgound.jpg HTTP/1.1" 304 -
116.224.253.72 - - [31/Mar/2021:10:05:52 +0800] "POST /xingrg/all/common/load_tree.html?tree=area_rest_tree_json&manage=1 HTTP/1.1" 200 476
116.224.253.72 - - [31/Mar/2021:10:05:52 +0800] "GET /xingrg/images/blue/pingpu.png HTTP/1.1" 304 -
116.224.253.72 - - [31/Mar/2021:10:05:52 +0800] "GET /xingrg/javascript/jquery_easy_ui/themes/default/images/tabs_leftarrow.png HTTP/1.1" 304 -
116.224.253.72 - - [31/Mar/2021:10:05:52 +0800] "GET /xingrg/javascript/jquery_easy_ui/themes/default/images/tabs_rightarrow.png HTTP/1.1" 304 -
116.224.253.72 - - [31/Mar/2021:10:05:52 +0800] "GET /xingrg/javascript/jquery_easy_ui/themes/default/images/panel_tool_collapse.gif HTTP/1.1" 304 -
116.224.253.72 - - [31/Mar/2021:10:05:53 +0800] "GET /xingrg/check_reg.html?_=1617156354901 HTTP/1.1" 200 22
116.224.253.72 - - [31/Mar/2021:10:05:53 +0800] "GET /xingrg/all/function/internal_message.html?_=1617156354900&CODE_STATE=count HTTP/1.1" 200 11
116.224.253.72 - - [31/Mar/2021:10:05:53 +0800] "POST /xingrg/load_menu.html HTTP/1.1" 200 5138
101.85.94.178 - - [31/Mar/2021:10:05:53 +0800] "POST /xingrg/kc/buy/cgsh_order_operate.html HTTP/1.1" 200 37
101.85.52.2 - - [31/Mar/2021:10:05:53 +0800] "GET /xingrg/kc/print/load_data.html?order_code=212021033113560&kc_code=cgsh&condition= HTTP/1.1" 200 692
222.70.217.33 - - [31/Mar/2021:10:05:54 +0800] "GET /xingrg/kc/base/wldb_order_operate.html?command=get_materiel&rest_code=00155&base_code=0010740&code=00102002029 HTTP/1.1" 200 455
101.85.94.178 - - [31/Mar/2021:10:05:54 +0800] "POST /xingrg/kc/buy/cgsh_order_operate.html HTTP/1.1" 200 20340
222.70.158.20 - - [31/Mar/2021:10:05:55 +0800] "GET /xingrg/all/function/internal_message.html?_=1617156351800&CODE_STATE=getMsg HTTP/1.1" 200 27
61.129.6.203 - - [31/Mar/2021:10:05:56 +0800] "GET /xingrg/all/function/internal_message.html?_=1617156284537&CODE_STATE=getMsg HTTP/1.1" 302 -
116.235.95.160 - - [31/Mar/2021:10:05:57 +0800] "POST /xingrg/kc/buy/cgsh_list_operate.html HTTP/1.1" 200 5579
101.85.52.2 - - [31/Mar/2021:10:05:57 +0800] "GET /xingrg/all/function/internal_message.html?_=1617156352317&CODE_STATE=getMsg HTTP/1.1" 200 27
101.85.94.178 - - [31/Mar/2021:10:05:58 +0800] "POST /xingrg/kc/buy/cgsh_order_operate.html HTTP/1.1" 200 37
61.129.6.203 - - [31/Mar/2021:10:05:58 +0800] "GET /xingrg/login.html HTTP/1.1" 200 7641
101.85.94.178 - - [31/Mar/2021:10:05:59 +0800] "POST /xingrg/kc/buy/cgsh_order_operate.html HTTP/1.1" 200 20340
116.235.95.160 - - [31/Mar/2021:10:06:02 +0800] "GET /xingrg/all/function/internal_message.html?_=1617156435374&CODE_STATE=getMsg HTTP/1.1" 200 27
101.85.94.178 - - [31/Mar/2021:10:06:02 +0800] "POST /xingrg/kc/buy/cgsh_order_operate.html HTTP/1.1" 200 37
222.70.217.33 - - [31/Mar/2021:10:06:03 +0800] "GET /xingrg/kc/base/wldb_order_operate.html?command=get_materiel&rest_code=00155&base_code=0010740&code=00102002041 HTTP/1.1" 200 435
101.85.94.178 - - [31/Mar/2021:10:06:04 +0800] "POST /xingrg/kc/buy/cgsh_order_operate.html HTTP/1.1" 200 20340
180.164.245.247 - - [31/Mar/2021:10:06:05 +0800] "GET /xingrg/all/function/internal_message.html?_=1617156361051&CODE_STATE=getMsg HTTP/1.1" 302 -
117.184.7.26 - - [31/Mar/2021:10:06:05 +0800] "GET /xingrg/kc/buy/cgsh_order_operate.html?command=get_materiel&rest_code=00108&code=00102006160&supplier_code=00100151&order_time=2021-03-31 HTTP/1.1" 200 398
222.70.217.33 - - [31/Mar/2021:10:06:06 +0800] "GET /xingrg/all/function/internal_message.html?_=1617156364498&CODE_STATE=getMsg HTTP/1.1" 200 27
101.85.52.2 - - [31/Mar/2021:10:06:06 +0800] "GET /xingrg/kc/buy/cgsh_order_add.html HTTP/1.1" 200 61307
101.85.52.2 - - [31/Mar/2021:10:06:06 +0800] "POST /xingrg/kc/buy/cgsh_order_operate.html HTTP/1.1" 200 8245
101.85.52.2 - - [31/Mar/2021:10:06:06 +0800] "GET /xingrg/javascript/easyui/themes/default/validatebox.css HTTP/1.1" 404 1104
101.85.94.178 - - [31/Mar/2021:10:06:08 +0800] "POST /xingrg/kc/buy/cgsh_order_operate.html HTTP/1.1" 200 37
180.152.227.142 - - [31/Mar/2021:10:06:09 +0800] "GET /xingrg/all/function/internal_message.html?_=1617156369203&CODE_STATE=getMsg HTTP/1.1" 200 27
101.85.94.178 - - [31/Mar/2021:10:06:10 +0800] "POST /xingrg/kc/buy/cgsh_order_operate.html HTTP/1.1" 200 20340
101.85.94.178 - - [31/Mar/2021:10:06:11 +0800] "GET /xingrg/javascript/jquery_easy_ui/themes/default/images/tabs_active.png HTTP/1.1" 200 2894
101.228.165.174 - - [31/Mar/2021:10:06:13 +0800] "GET /xingrg/kc/buy/cgsh_order_operate.html?command=get_materiel&rest_code=00146&code=00101008312&supplier_code=00100005&order_time=2021-03-31 HTTP/1.1" 200 412
101.85.94.178 - - [31/Mar/2021:10:06:14 +0800] "POST /xingrg/kc/buy/cgsh_list_operate.html HTTP/1.1" 200 2053
117.184.7.26 - - [31/Mar/2021:10:06:16 +0800] "GET /xingrg/kc/buy/cgsh_order_operate.html?command=get_materiel&rest_code=00108&code=00102015048&supplier_code=00100151&order_time=2021-03-31 HTTP/1.1" 200 408
117.184.7.26 - - [31/Mar/2021:10:06:17 +0800] "GET /xingrg/all/function/internal_message.html?_=1617156370461&CODE_STATE=getMsg HTTP/1.1" 200 27
114.86.229.31 - - [31/Mar/2021:10:06:20 +0800] "GET /xingrg/all/function/internal_message.html?_=1617156385216&CODE_STATE=getMsg HTTP/1.1" 200 27
114.88.156.246 - - [31/Mar/2021:10:06:21 +0800] "GET /xingrg/all/function/internal_message.html?_=1617156388601&CODE_STATE=getMsg HTTP/1.1" 200 27
116.224.253.72 - - [31/Mar/2021:10:06:23 +0800] "GET /xingrg/all/function/internal_message.html?_=1617156382892&CODE_STATE=getMsg HTTP/1.1" 200 27
101.228.165.174 - - [31/Mar/2021:10:06:23 +0800] "GET /xingrg/kc/buy/cgsh_order_operate.html?command=get_materiel&rest_code=00146&code=00101015070&supplier_code=00100005&order_time=2021-03-31 HTTP/1.1" 200 412
222.70.217.33 - - [31/Mar/2021:10:06:23 +0800] "GET /xingrg/kc/base/wldb_order_operate.html?command=get_materiel&rest_code=00155&base_code=0010740&code=00102002231 HTTP/1.1" 200 450
61.165.42.208 - - [31/Mar/2021:10:06:25 +0800] "GET /xingrg/all/function/internal_message.html?_=1617156386561&CODE_STATE=getMsg HTTP/1.1" 200 27
101.89.29.92 - - [31/Mar/2021:10:06:29 +0800] "GET /xingrg/check_reg.html?_=1617156328573 HTTP/1.1" 302 -
117.131.5.26 - - [31/Mar/2021:10:06:29 +0800] "POST /xingrg/kc/buy/cgsh_list_operate.html HTTP/1.1" 200 2722
116.235.216.75 - - [31/Mar/2021:10:06:29 +0800] "GET /xingrg/all/function/internal_message.html?_=1617156387438&CODE_STATE=getMsg HTTP/1.1" 200 27
180.152.227.142 - - [31/Mar/2021:10:06:32 +0800] "GET /xingrg/all/function/internal_message.html?_=1617156661968&CODE_STATE=getMsg HTTP/1.1" 200 27
101.89.29.92 - - [31/Mar/2021:10:06:32 +0800] "GET /xingrg/login.html HTTP/1.1" 200 7641
101.85.94.178 - - [31/Mar/2021:10:06:32 +0800] "GET /xingrg/all/function/internal_message.html?_=1617155953054&CODE_STATE=getMsg HTTP/1.1" 200 27
116.235.95.160 - - [31/Mar/2021:10:06:33 +0800] "POST /xingrg/kc/buy/cgsh_list_operate.html HTTP/1.1" 200 198
101.89.19.149 - - [31/Mar/2021:10:06:33 +0800] "GET /xingrg/all/function/internal_message.html?_=1617156328575&CODE_STATE=getMsg HTTP/1.1" 302 -
101.89.19.149 - - [31/Mar/2021:10:06:35 +0800] "GET /xingrg/login.html HTTP/1.1" 200 7641
101.228.165.174 - - [31/Mar/2021:10:06:36 +0800] "GET /xingrg/kc/buy/cgsh_order_operate.html?command=get_materiel&rest_code=00146&code=00101008092&supplier_code=00100005&order_time=2021-03-31 HTTP/1.1" 200 412
180.169.147.146 - - [31/Mar/2021:10:06:37 +0800] "GET /xingrg/all/function/internal_message.html?_=1617156393992&CODE_STATE=getMsg HTTP/1.1" 200 27
114.86.229.31 - - [31/Mar/2021:10:06:38 +0800] "GET /xingrg/all/function/internal_message.html?_=1617156508202&CODE_STATE=getMsg HTTP/1.1" 200 27
117.184.7.26 - - [31/Mar/2021:10:06:38 +0800] "GET /xingrg/kc/buy/cgsh_order_operate.html?command=get_materiel&rest_code=00108&code=00102004005&supplier_code=00100151&order_time=2021-03-31 HTTP/1.1" 200 431
61.165.42.208 - - [31/Mar/2021:10:06:38 +0800] "GET /xingrg/all/function/internal_message.html?_=1617156381483&CODE_STATE=getMsg HTTP/1.1" 200 27
61.165.42.208 - - [31/Mar/2021:10:06:38 +0800] "GET /xingrg/check_reg.html?_=1617156381486 HTTP/1.1" 200 22
117.185.32.26 - - [31/Mar/2021:10:06:40 +0800] "GET /xingrg/all/function/internal_message.html?_=1617156397728&CODE_STATE=getMsg HTTP/1.1" 200 27
114.83.217.136 - - [31/Mar/2021:10:06:42 +0800] "GET /xingrg/all/function/internal_message.html?_=1617156402195&CODE_STATE=getMsg HTTP/1.1" 200 27
101.83.240.180 - - [31/Mar/2021:10:06:43 +0800] "GET /xingrg/all/function/internal_message.html?_=1617156399296&CODE_STATE=getMsg HTTP/1.1" 200 27
114.88.156.246 - - [31/Mar/2021:10:06:43 +0800] "GET /xingrg/all/function/internal_message.html?_=1617156404487&CODE_STATE=getMsg HTTP/1.1" 200 27
101.228.165.174 - - [31/Mar/2021:10:06:45 +0800] "POST /xingrg/kc/buy/cgsh_order_operate.html HTTP/1.1" 200 2065
101.85.52.2 - - [31/Mar/2021:10:06:45 +0800] "GET /xingrg/kc/buy/cgsh_order_operate.html?command=get_materiel&rest_code=00145&code=00101001053&supplier_code=00100185&order_time=2021-03-27 HTTP/1.1" 200 409
222.70.217.33 - - [31/Mar/2021:10:06:46 +0800] "GET /xingrg/kc/base/wldb_order_operate.html?command=get_materiel&rest_code=00155&base_code=0010740&code=00102002232 HTTP/1.1" 200 459
180.164.245.247 - - [31/Mar/2021:10:06:46 +0800] "GET /xingrg/check_reg.html?_=1617156402326 HTTP/1.1" 302 -
114.86.187.76 - - [31/Mar/2021:10:06:47 +0800] "GET /xingrg/all/function/internal_message.html?_=1617156411769&CODE_STATE=getMsg HTTP/1.1" 200 27
101.228.165.174 - - [31/Mar/2021:10:06:50 +0800] "GET /xingrg/all/function/internal_message.html?_=1617156418228&CODE_STATE=getMsg HTTP/1.1" 200 27
117.185.32.26 - - [31/Mar/2021:10:06:52 +0800] "GET /xingrg/all/function/internal_message.html?_=1617156906356&CODE_STATE=getMsg HTTP/1.1" 200 27
222.70.217.33 - - [31/Mar/2021:10:06:52 +0800] "GET /xingrg/kc/base/wldb_order_operate.html?command=get_materiel&rest_code=00155&base_code=0010740&code=00102002379 HTTP/1.1" 200 434
116.224.253.72 - - [31/Mar/2021:10:06:53 +0800] "GET /xingrg/all/function/internal_message.html?_=1617156414903&CODE_STATE=getMsg HTTP/1.1" 200 27
101.85.52.2 - - [31/Mar/2021:10:06:53 +0800] "GET /xingrg/kc/buy/cgsh_order_operate.html?command=get_materiel&rest_code=00145&code=00101007062&supplier_code=00100185&order_time=2021-03-27 HTTP/1.1" 200 415
117.184.7.26 - - [31/Mar/2021:10:06:54 +0800] "GET /xingrg/kc/buy/cgsh_order_operate.html?command=get_materiel&rest_code=00108&code=00102015047&supplier_code=00100151&order_time=2021-03-31 HTTP/1.1" 200 408
222.70.158.20 - - [31/Mar/2021:10:06:55 +0800] "GET /xingrg/all/function/internal_message.html?_=1617156411814&CODE_STATE=getMsg HTTP/1.1" 200 27
101.85.52.2 - - [31/Mar/2021:10:06:57 +0800] "GET /xingrg/all/function/internal_message.html?_=1617156412385&CODE_STATE=getMsg HTTP/1.1" 200 27
101.85.52.2 - - [31/Mar/2021:10:07:00 +0800] "POST /xingrg/kc/buy/cgsh_order_operate.html HTTP/1.1" 200 37
116.235.95.160 - - [31/Mar/2021:10:07:02 +0800] "GET /xingrg/all/function/internal_message.html?_=1617156495385&CODE_STATE=getMsg HTTP/1.1" 200 27
222.70.217.33 - - [31/Mar/2021:10:07:04 +0800] "GET /xingrg/kc/base/wldb_order_operate.html?command=get_materiel&rest_code=00155&base_code=0010740&code=00102002441 HTTP/1.1" 200 447
180.164.245.247 - - [31/Mar/2021:10:07:05 +0800] "GET /xingrg/all/function/internal_message.html?_=1617156421078&CODE_STATE=getMsg HTTP/1.1" 302 -
58.40.7.146 - - [31/Mar/2021:10:07:05 +0800] "GET /xingrg/login.html HTTP/1.1" 200 7641
58.40.7.146 - - [31/Mar/2021:10:07:05 +0800] "GET /xingrg/images/blue/jxLogo.png HTTP/1.1" 200 6156
222.70.217.33 - - [31/Mar/2021:10:07:06 +0800] "GET /xingrg/all/function/internal_message.html?_=1617156424486&CODE_STATE=getMsg HTTP/1.1" 200 27
58.40.7.146 - - [31/Mar/2021:10:07:06 +0800] "GET /xingrg/images/blue/login_bg.png HTTP/1.1" 200 22101
58.40.7.146 - - [31/Mar/2021:10:07:06 +0800] "GET /xingrg/images/blue/hj.png HTTP/1.1" 200 1014
58.40.7.146 - - [31/Mar/2021:10:07:06 +0800] "GET /xingrg/images/blue/srbg.png HTTP/1.1" 200 138
58.40.7.146 - - [31/Mar/2021:10:07:06 +0800] "GET /favicon.ico HTTP/1.1" 404 -
180.152.227.142 - - [31/Mar/2021:10:07:08 +0800] "GET /xingrg/check_reg.html?_=1617156428491 HTTP/1.1" 200 22
180.152.227.142 - - [31/Mar/2021:10:07:09 +0800] "GET /xingrg/all/function/internal_message.html?_=1617156429217&CODE_STATE=getMsg HTTP/1.1" 200 27
222.70.217.33 - - [31/Mar/2021:10:07:12 +0800] "GET /xingrg/kc/base/wldb_order_operate.html?command=get_materiel&rest_code=00155&base_code=0010740&code=00102002484 HTTP/1.1" 200 453
180.152.227.142 - - [31/Mar/2021:10:07:14 +0800] "GET /favicon.ico HTTP/1.1" 404 -
117.184.7.26 - - [31/Mar/2021:10:07:17 +0800] "GET /xingrg/all/function/internal_message.html?_=1617156430461&CODE_STATE=getMsg HTTP/1.1" 200 27
114.86.229.31 - - [31/Mar/2021:10:07:20 +0800] "GET /xingrg/all/function/internal_message.html?_=1617156445231&CODE_STATE=getMsg HTTP/1.1" 200 27
117.184.7.26 - - [31/Mar/2021:10:07:20 +0800] "GET /xingrg/kc/buy/cgsh_order_operate.html?command=get_materiel&rest_code=00108&code=00102015025&supplier_code=00100151&order_time=2021-03-31 HTTP/1.1" 200 412
114.88.156.246 - - [31/Mar/2021:10:07:21 +0800] "GET /xingrg/all/function/internal_message.html?_=1617156448600&CODE_STATE=getMsg HTTP/1.1" 200 27
116.224.253.72 - - [31/Mar/2021:10:07:23 +0800] "GET /xingrg/all/function/internal_message.html?_=1617156442881&CODE_STATE=getMsg HTTP/1.1" 200 27
116.224.253.72 - - [31/Mar/2021:10:07:23 +0800] "GET /xingrg/check_reg.html?_=1617156442877 HTTP/1.1" 200 22
61.165.42.208 - - [31/Mar/2021:10:07:25 +0800] "GET /xingrg/all/function/internal_message.html?_=1617156446531&CODE_STATE=getMsg HTTP/1.1" 200 27
61.165.42.208 - - [31/Mar/2021:10:07:26 +0800] "GET /xingrg/check_reg.html?_=1617156447735 HTTP/1.1" 200 22
116.235.216.75 - - [31/Mar/2021:10:07:29 +0800] "GET /xingrg/all/function/internal_message.html?_=1617156447465&CODE_STATE=getMsg HTTP/1.1" 200 27
101.85.52.2 - - [31/Mar/2021:10:07:30 +0800] "POST /xingrg/kc/buy/cgsh_order_operate.html HTTP/1.1" 200 3247
180.152.227.142 - - [31/Mar/2021:10:07:32 +0800] "GET /xingrg/all/function/internal_message.html?_=1617156721999&CODE_STATE=getMsg HTTP/1.1" 200 27
101.85.94.178 - - [31/Mar/2021:10:07:32 +0800] "GET /xingrg/all/function/internal_message.html?_=1617156013055&CODE_STATE=getMsg HTTP/1.1" 200 27
58.40.7.146 - - [31/Mar/2021:10:07:34 +0800] "GET /favicon.ico HTTP/1.1" 404 -
58.40.7.146 - - [31/Mar/2021:10:07:34 +0800] "GET /xingrg/login.html HTTP/1.1" 200 7641
58.40.7.146 - - [31/Mar/2021:10:07:34 +0800] "GET /xingrg/images/blue/jxLogo.png HTTP/1.1" 200 6156
58.40.7.146 - - [31/Mar/2021:10:07:34 +0800] "GET /xingrg/images/blue/hj.png HTTP/1.1" 200 1014
58.40.7.146 - - [31/Mar/2021:10:07:34 +0800] "GET /xingrg/images/blue/srbg.png HTTP/1.1" 200 138
58.40.7.146 - - [31/Mar/2021:10:07:34 +0800] "GET /xingrg/images/blue/login_bg.png HTTP/1.1" 200 22101
117.184.7.26 - - [31/Mar/2021:10:07:34 +0800] "GET /xingrg/kc/buy/cgsh_order_operate.html?command=get_materiel&rest_code=00108&code=00102015041&supplier_code=00100151&order_time=2021-03-31 HTTP/1.1" 200 412
116.224.253.72 - - [31/Mar/2021:10:07:36 +0800] "GET /xingrg/kc/base/wldb_order_list.html HTTP/1.1" 200 19392
116.224.253.72 - - [31/Mar/2021:10:07:36 +0800] "POST /xingrg/kc/base/wldb_list_operate.html HTTP/1.1" 200 928
61.165.42.208 - - [31/Mar/2021:10:07:36 +0800] "GET /xingrg/kc/buy/cgsh_order_list.html HTTP/1.1" 200 46413
180.169.147.146 - - [31/Mar/2021:10:07:37 +0800] "GET /xingrg/check_reg.html?_=1617156454007 HTTP/1.1" 200 22
180.169.147.146 - - [31/Mar/2021:10:07:37 +0800] "GET /xingrg/all/function/internal_message.html?_=1617156454004&CODE_STATE=getMsg HTTP/1.1" 200 27
114.86.229.31 - - [31/Mar/2021:10:07:38 +0800] "GET /xingrg/check_reg.html?_=1617156568201 HTTP/1.1" 200 22
114.86.229.31 - - [31/Mar/2021:10:07:38 +0800] "GET /xingrg/all/function/internal_message.html?_=1617156568202&CODE_STATE=getMsg HTTP/1.1" 200 27
222.70.217.33 - - [31/Mar/2021:10:07:38 +0800] "GET /xingrg/kc/base/wldb_order_operate.html?command=get_materiel&rest_code=00155&base_code=0010740&code=00102002483 HTTP/1.1" 200 432
116.224.253.72 - - [31/Mar/2021:10:07:38 +0800] "GET /xingrg/kc/base/wldb_order_add.html HTTP/1.1" 200 30563
116.224.253.72 - - [31/Mar/2021:10:07:38 +0800] "POST /xingrg/kc/base/wldb_order_operate.html HTTP/1.1" 200 6806
61.165.42.208 - - [31/Mar/2021:10:07:38 +0800] "GET /xingrg/all/function/internal_message.html?_=1617156441486&CODE_STATE=getMsg HTTP/1.1" 200 27
116.224.253.72 - - [31/Mar/2021:10:07:38 +0800] "GET /xingrg/all/common/auto_word.html?type=base&rest_code=00150 HTTP/1.1" 200 1653
116.224.253.72 - - [31/Mar/2021:10:07:38 +0800] "GET /xingrg/all/common/auto_word.html?type=base&rest_code=00150 HTTP/1.1" 200 1653
116.224.253.72 - - [31/Mar/2021:10:07:38 +0800] "GET /xingrg/javascript/easyui/themes/default/validatebox.css HTTP/1.1" 404 1104
61.165.42.208 - - [31/Mar/2021:10:07:39 +0800] "POST /xingrg/kc/buy/cgsh_list_operate.html HTTP/1.1" 200 3489
58.40.7.146 - - [31/Mar/2021:10:07:39 +0800] "POST /xingrg/login.do HTTP/1.1" 200 2421
58.40.7.146 - - [31/Mar/2021:10:07:39 +0800] "GET /xingrg/css/blue.css HTTP/1.1" 200 15949
58.40.7.146 - - [31/Mar/2021:10:07:39 +0800] "GET /xingrg/javascript/myfunction.js HTTP/1.1" 200 24559
58.40.7.146 - - [31/Mar/2021:10:07:39 +0800] "GET /xingrg/images/blue/pic_top.gif HTTP/1.1" 200 3656
58.40.7.146 - - [31/Mar/2021:10:07:39 +0800] "GET /xingrg/images/blue/pic_notice.jpg HTTP/1.1" 200 3583
58.40.7.146 - - [31/Mar/2021:10:07:39 +0800] "GET /xingrg/images/blue/error_top.gif HTTP/1.1" 200 1790
58.40.7.146 - - [31/Mar/2021:10:07:39 +0800] "GET /xingrg/images/blue/error_mid.gif HTTP/1.1" 200 215
58.40.7.146 - - [31/Mar/2021:10:07:39 +0800] "GET /xingrg/images/blue/error_buttom.gif HTTP/1.1" 200 1750
116.224.253.72 - - [31/Mar/2021:10:07:39 +0800] "POST /xingrg/all/common/load_combo.html?type=base HTTP/1.1" 200 2966
117.185.32.26 - - [31/Mar/2021:10:07:40 +0800] "GET /xingrg/all/function/internal_message.html?_=1617156457738&CODE_STATE=getMsg HTTP/1.1" 200 27
58.40.7.146 - - [31/Mar/2021:10:07:41 +0800] "GET /xingrg/login.html HTTP/1.1" 200 7641
114.83.217.136 - - [31/Mar/2021:10:07:42 +0800] "GET /xingrg/all/function/internal_message.html?_=1617156462182&CODE_STATE=getMsg HTTP/1.1" 200 27
61.165.42.208 - - [31/Mar/2021:10:07:42 +0800] "GET /xingrg/kc/buy/cgsh_order_add.html HTTP/1.1" 200 62198
116.224.253.72 - - [31/Mar/2021:10:07:42 +0800] "GET /xingrg/javascript/auto/indicator.gif HTTP/1.1" 404 1066
61.165.42.208 - - [31/Mar/2021:10:07:42 +0800] "POST /xingrg/kc/buy/cgsh_order_operate.html HTTP/1.1" 200 8245
61.165.42.208 - - [31/Mar/2021:10:07:42 +0800] "GET /xingrg/javascript/easyui/themes/default/validatebox.css HTTP/1.1" 404 1104
101.83.240.180 - - [31/Mar/2021:10:07:43 +0800] "GET /xingrg/all/function/internal_message.html?_=1617156459282&CODE_STATE=getMsg HTTP/1.1" 200 27
101.228.165.174 - - [31/Mar/2021:10:07:43 +0800] "GET /xingrg/kc/buy/cgsh_order_operate.html?command=get_materiel&rest_code=00146&code=00101008230&supplier_code=00100005&order_time=2021-03-31 HTTP/1.1" 200 408
114.88.156.246 - - [31/Mar/2021:10:07:43 +0800] "GET /xingrg/all/function/internal_message.html?_=1617156464464&CODE_STATE=getMsg HTTP/1.1" 200 27
101.85.52.2 - - [31/Mar/2021:10:07:46 +0800] "GET /xingrg/kc/print/load_data.html?order_code=212021033113562&kc_code=cgsh&condition= HTTP/1.1" 200 918
114.86.187.76 - - [31/Mar/2021:10:07:47 +0800] "GET /xingrg/all/function/internal_message.html?_=1617156471783&CODE_STATE=getMsg HTTP/1.1" 200 27
116.224.253.72 - - [31/Mar/2021:10:07:49 +0800] "GET /xingrg/kc/base/wldb_order_operate.html?command=get_materiel&rest_code=00150&base_code=0010446&code=00102002685 HTTP/1.1" 200 442
101.228.165.174 - - [31/Mar/2021:10:07:50 +0800] "GET /xingrg/all/function/internal_message.html?_=1617156478398&CODE_STATE=getMsg HTTP/1.1" 200 27
58.40.7.146 - - [31/Mar/2021:10:07:50 +0800] "POST /xingrg/login.do HTTP/1.1" 200 2421
117.185.32.26 - - [31/Mar/2021:10:07:52 +0800] "GET /xingrg/all/function/internal_message.html?_=1617156966383&CODE_STATE=getMsg HTTP/1.1" 200 27
117.185.32.26 - - [31/Mar/2021:10:07:52 +0800] "GET /xingrg/check_reg.html?_=1617156966384 HTTP/1.1" 200 22
58.40.7.146 - - [31/Mar/2021:10:07:52 +0800] "GET /xingrg/login.html HTTP/1.1" 200 7641
101.85.52.2 - - [31/Mar/2021:10:07:52 +0800] "GET /xingrg/kc/buy/cgsh_order_add.html HTTP/1.1" 200 61307
116.224.253.72 - - [31/Mar/2021:10:07:53 +0800] "GET /xingrg/all/function/internal_message.html?_=1617156474918&CODE_STATE=getMsg HTTP/1.1" 200 27
101.85.52.2 - - [31/Mar/2021:10:07:53 +0800] "POST /xingrg/kc/buy/cgsh_order_operate.html HTTP/1.1" 200 8245
101.85.52.2 - - [31/Mar/2021:10:07:53 +0800] "GET /xingrg/javascript/easyui/themes/default/validatebox.css HTTP/1.1" 404 1104
117.184.7.26 - - [31/Mar/2021:10:07:54 +0800] "GET /xingrg/kc/buy/cgsh_order_operate.html?command=get_materiel&rest_code=00108&code=00102015042&supplier_code=00100151&order_time=2021-03-31 HTTP/1.1" 200 412
222.70.158.20 - - [31/Mar/2021:10:07:55 +0800] "GET /xingrg/all/function/internal_message.html?_=1617156471881&CODE_STATE=getMsg HTTP/1.1" 200 27
116.224.253.72 - - [31/Mar/2021:10:07:55 +0800] "POST /xingrg/kc/base/wldb_order_operate.html HTTP/1.1" 200 37
116.224.253.72 - - [31/Mar/2021:10:07:57 +0800] "POST /xingrg/kc/base/wldb_order_operate.html HTTP/1.1" 200 12
116.224.253.72 - - [31/Mar/2021:10:07:57 +0800] "POST /xingrg/kc/base/wldb_order_operate.html HTTP/1.1" 200 2200
101.85.52.2 - - [31/Mar/2021:10:07:57 +0800] "GET /xingrg/all/function/internal_message.html?_=1617156472364&CODE_STATE=getMsg HTTP/1.1" 200 27
116.224.253.72 - - [31/Mar/2021:10:07:57 +0800] "GET /xingrg/kc/base/wldb_order_info.html?code=422021033103568 HTTP/1.1" 200 26446
116.224.253.72 - - [31/Mar/2021:10:07:58 +0800] "GET /xingrg/javascript/easyui/themes/default/validatebox.css HTTP/1.1" 404 1104
116.224.253.72 - - [31/Mar/2021:10:07:58 +0800] "POST /xingrg/kc/base/wldb_order_operate.html HTTP/1.1" 200 495
61.165.42.208 - - [31/Mar/2021:10:07:58 +0800] "GET /xingrg/kc/buy/cgsh_order_operate.html?command=get_materiel&rest_code=00105&code=00101018019&supplier_code=00100330&order_time=2021-03-31 HTTP/1.1" 200 423
58.40.7.146 - - [31/Mar/2021:10:08:01 +0800] "POST /xingrg/login.do HTTP/1.1" 200 2421
116.235.95.160 - - [31/Mar/2021:10:08:02 +0800] "GET /xingrg/all/function/internal_message.html?_=1617156555372&CODE_STATE=getMsg HTTP/1.1" 200 27
101.85.52.2 - - [31/Mar/2021:10:08:02 +0800] "GET /xingrg/kc/buy/cgsh_order_operate.html?command=get_materiel&rest_code=00145&code=00101008024&supplier_code=00100007&order_time=2021-03-27 HTTP/1.1" 200 408
58.40.7.146 - - [31/Mar/2021:10:08:03 +0800] "GET /xingrg/login.html HTTP/1.1" 200 7641
114.88.156.246 - - [31/Mar/2021:10:08:05 +0800] "GET /xingrg/check_reg.html?_=1617156485728 HTTP/1.1" 200 22
180.164.245.247 - - [31/Mar/2021:10:08:05 +0800] "GET /xingrg/all/function/internal_message.html?_=1617156481093&CODE_STATE=getMsg HTTP/1.1" 302 -
222.70.217.33 - - [31/Mar/2021:10:08:06 +0800] "GET /xingrg/all/function/internal_message.html?_=1617156484491&CODE_STATE=getMsg HTTP/1.1" 200 27
117.184.7.26 - - [31/Mar/2021:10:08:07 +0800] "POST /xingrg/kc/buy/cgsh_order_operate.html HTTP/1.1" 200 37
61.165.42.208 - - [31/Mar/2021:10:08:07 +0800] "POST /xingrg/kc/buy/cgsh_order_operate.html HTTP/1.1" 200 88
117.184.7.26 - - [31/Mar/2021:10:08:08 +0800] "POST /xingrg/kc/buy/cgsh_order_operate.html HTTP/1.1" 200 6191
116.224.253.72 - - [31/Mar/2021:10:08:08 +0800] "GET /xingrg/kc/base/wldb_order_add.html HTTP/1.1" 200 30563
116.224.253.72 - - [31/Mar/2021:10:08:08 +0800] "POST /xingrg/kc/base/wldb_order_operate.html HTTP/1.1" 200 6806
116.224.253.72 - - [31/Mar/2021:10:08:09 +0800] "GET /xingrg/javascript/easyui/themes/default/validatebox.css HTTP/1.1" 404 1104
116.224.253.72 - - [31/Mar/2021:10:08:09 +0800] "POST /xingrg/all/common/load_combo.html?type=base HTTP/1.1" 200 2966
117.184.7.26 - - [31/Mar/2021:10:08:10 +0800] "GET /xingrg/kc/print/load_data.html?order_code=212021033113563&kc_code=cgsh&condition= HTTP/1.1" 200 1972
180.152.227.142 - - [31/Mar/2021:10:08:10 +0800] "GET /xingrg/all/function/internal_message.html?_=1617156489231&CODE_STATE=getMsg HTTP/1.1" 200 27
61.165.42.208 - - [31/Mar/2021:10:08:12 +0800] "POST /xingrg/kc/buy/cgsh_order_operate.html HTTP/1.1" 200 37
58.40.7.146 - - [31/Mar/2021:10:08:12 +0800] "POST /xingrg/login.do HTTP/1.1" 200 2421
58.40.7.146 - - [31/Mar/2021:10:08:13 +0800] "GET /xingrg/login.html HTTP/1.1" 200 7641
101.85.52.2 - - [31/Mar/2021:10:08:15 +0800] "GET /xingrg/kc/buy/cgsh_order_operate.html?command=get_materiel&rest_code=00145&code=00101008356&supplier_code=00100007&order_time=2021-03-27 HTTP/1.1" 200 408
117.184.7.26 - - [31/Mar/2021:10:08:17 +0800] "GET /xingrg/check_reg.html?_=1617156490455 HTTP/1.1" 200 22
117.184.7.26 - - [31/Mar/2021:10:08:17 +0800] "GET /xingrg/all/function/internal_message.html?_=1617156490458&CODE_STATE=getMsg HTTP/1.1" 200 27
61.165.42.208 - - [31/Mar/2021:10:08:19 +0800] "POST /xingrg/kc/buy/cgsh_order_operate.html HTTP/1.1" 200 2666
114.86.229.31 - - [31/Mar/2021:10:08:20 +0800] "GET /xingrg/all/function/internal_message.html?_=1617156505237&CODE_STATE=getMsg HTTP/1.1" 200 27
114.86.229.31 - - [31/Mar/2021:10:08:20 +0800] "GET /xingrg/check_reg.html?_=1617156505241 HTTP/1.1" 200 22
116.224.253.72 - - [31/Mar/2021:10:08:21 +0800] "GET /xingrg/kc/base/wldb_order_operate.html?command=get_materiel&rest_code=00150&base_code=0010445&code=00101019249 HTTP/1.1" 200 469
61.165.42.208 - - [31/Mar/2021:10:08:21 +0800] "GET /xingrg/kc/print/load_data.html?order_code=212021033113565&kc_code=cgsh&condition= HTTP/1.1" 200 679
114.88.156.246 - - [31/Mar/2021:10:08:21 +0800] "GET /xingrg/all/function/internal_message.html?_=1617156508600&CODE_STATE=getMsg HTTP/1.1" 200 27
101.85.52.2 - - [31/Mar/2021:10:08:22 +0800] "GET /xingrg/kc/buy/cgsh_order_operate.html?command=get_materiel&rest_code=00145&code=00101008355&supplier_code=00100007&order_time=2021-03-27 HTTP/1.1" 200 408
116.224.253.72 - - [31/Mar/2021:10:08:23 +0800] "GET /xingrg/all/function/internal_message.html?_=1617156502882&CODE_STATE=getMsg HTTP/1.1" 200 27
101.228.165.174 - - [31/Mar/2021:10:08:23 +0800] "GET /xingrg/kc/buy/cgsh_order_operate.html?command=get_materiel&rest_code=00146&code=00101008121&supplier_code=00100005&order_time=2021-03-31 HTTP/1.1" 200 412
61.165.42.208 - - [31/Mar/2021:10:08:25 +0800] "GET /xingrg/all/function/internal_message.html?_=1617156506520&CODE_STATE=getMsg HTTP/1.1" 200 27
61.165.42.208 - - [31/Mar/2021:10:08:26 +0800] "GET /xingrg/kc/buy/cgsh_order_add.html HTTP/1.1" 200 62198
61.165.42.208 - - [31/Mar/2021:10:08:26 +0800] "POST /xingrg/kc/buy/cgsh_order_operate.html HTTP/1.1" 200 8245
61.165.42.208 - - [31/Mar/2021:10:08:26 +0800] "GET /xingrg/javascript/easyui/themes/default/validatebox.css HTTP/1.1" 404 1104
116.235.216.75 - - [31/Mar/2021:10:08:29 +0800] "GET /xingrg/all/function/internal_message.html?_=1617156507465&CODE_STATE=getMsg HTTP/1.1" 200 27
58.40.7.146 - - [31/Mar/2021:10:08:29 +0800] "POST /xingrg/login.do HTTP/1.1" 200 2421
101.85.52.2 - - [31/Mar/2021:10:08:29 +0800] "GET /xingrg/kc/buy/cgsh_order_operate.html?command=get_materiel&rest_code=00145&code=00101008352&supplier_code=00100007&order_time=2021-03-27 HTTP/1.1" 200 412
58.40.7.146 - - [31/Mar/2021:10:08:30 +0800] "GET /xingrg/login.html HTTP/1.1" 200 7641
116.224.253.72 - - [31/Mar/2021:10:08:31 +0800] "GET /xingrg/kc/base/wldb_order_operate.html?command=get_materiel&rest_code=00150&base_code=0010445&code=00101013011 HTTP/1.1" 200 451
101.85.94.178 - - [31/Mar/2021:10:08:32 +0800] "GET /xingrg/all/function/internal_message.html?_=1617156073054&CODE_STATE=getMsg HTTP/1.1" 200 27
180.152.227.142 - - [31/Mar/2021:10:08:32 +0800] "GET /xingrg/all/function/internal_message.html?_=1617156782014&CODE_STATE=getMsg HTTP/1.1" 200 27
61.165.42.208 - - [31/Mar/2021:10:08:35 +0800] "GET /xingrg/kc/buy/cgsh_order_operate.html?command=get_materiel&rest_code=00105&code=00101001167&supplier_code=00100314&order_time=2021-03-31 HTTP/1.1" 200 411
180.169.147.146 - - [31/Mar/2021:10:08:37 +0800] "GET /xingrg/all/function/internal_message.html?_=1617156513993&CODE_STATE=getMsg HTTP/1.1" 200 27
114.86.229.31 - - [31/Mar/2021:10:08:38 +0800] "GET /xingrg/all/function/internal_message.html?_=1617156628199&CODE_STATE=getMsg HTTP/1.1" 200 27
61.165.42.208 - - [31/Mar/2021:10:08:38 +0800] "GET /xingrg/all/function/internal_message.html?_=1617156501485&CODE_STATE=getMsg HTTP/1.1" 200 27
101.85.52.2 - - [31/Mar/2021:10:08:39 +0800] "GET /xingrg/kc/buy/cgsh_order_operate.html?command=get_materiel&rest_code=00145&code=00101012029&supplier_code=00100007&order_time=2021-03-27 HTTP/1.1" 200 412
116.224.253.72 - - [31/Mar/2021:10:08:40 +0800] "GET /xingrg/kc/base/wldb_order_operate.html?command=get_materiel&rest_code=00150&base_code=0010445&code=00101019095 HTTP/1.1" 200 451
117.185.32.26 - - [31/Mar/2021:10:08:40 +0800] "GET /xingrg/all/function/internal_message.html?_=1617156517738&CODE_STATE=getMsg HTTP/1.1" 200 27
114.83.217.136 - - [31/Mar/2021:10:08:42 +0800] "GET /xingrg/all/function/internal_message.html?_=1617156522184&CODE_STATE=getMsg HTTP/1.1" 200 27
101.83.240.180 - - [31/Mar/2021:10:08:43 +0800] "GET /xingrg/all/function/internal_message.html?_=1617156519290&CODE_STATE=getMsg HTTP/1.1" 200 27
114.88.156.246 - - [31/Mar/2021:10:08:43 +0800] "GET /xingrg/all/function/internal_message.html?_=1617156524434&CODE_STATE=getMsg HTTP/1.1" 200 27
116.224.253.72 - - [31/Mar/2021:10:08:47 +0800] "GET /xingrg/kc/base/wldb_order_operate.html?command=get_materiel&rest_code=00150&base_code=0010445&code=00101019183 HTTP/1.1" 200 433
114.86.187.76 - - [31/Mar/2021:10:08:47 +0800] "GET /xingrg/all/function/internal_message.html?_=1617156531892&CODE_STATE=getMsg HTTP/1.1" 200 27
61.165.42.208 - - [31/Mar/2021:10:08:49 +0800] "POST /xingrg/kc/buy/cgsh_order_operate.html HTTP/1.1" 200 37
101.228.165.174 - - [31/Mar/2021:10:08:50 +0800] "GET /xingrg/all/function/internal_message.html?_=1617156538410&CODE_STATE=getMsg HTTP/1.1" 200 27
117.185.32.26 - - [31/Mar/2021:10:08:52 +0800] "GET /xingrg/all/function/internal_message.html?_=1617157026383&CODE_STATE=getMsg HTTP/1.1" 200 27
58.40.7.146 - - [31/Mar/2021:10:08:52 +0800] "GET /favicon.ico HTTP/1.1" 404 -
116.224.253.72 - - [31/Mar/2021:10:08:53 +0800] "GET /xingrg/all/function/internal_message.html?_=1617156534931&CODE_STATE=getMsg HTTP/1.1" 200 27
116.224.253.72 - - [31/Mar/2021:10:08:54 +0800] "GET /xingrg/kc/base/wldb_order_operate.html?command=get_materiel&rest_code=00150&base_code=0010445&code=00101019438 HTTP/1.1" 200 447
222.70.158.20 - - [31/Mar/2021:10:08:55 +0800] "GET /xingrg/all/function/internal_message.html?_=1617156531889&CODE_STATE=getMsg HTTP/1.1" 200 27
61.165.42.208 - - [31/Mar/2021:10:08:55 +0800] "POST /xingrg/kc/buy/cgsh_order_operate.html HTTP/1.1" 200 2658
61.165.42.208 - - [31/Mar/2021:10:08:56 +0800] "GET /xingrg/kc/print/load_data.html?order_code=212021033113566&kc_code=cgsh&condition= HTTP/1.1" 200 669
101.85.52.2 - - [31/Mar/2021:10:08:57 +0800] "GET /xingrg/check_reg.html?_=1617156532328 HTTP/1.1" 200 22
101.85.52.2 - - [31/Mar/2021:10:08:57 +0800] "GET /xingrg/all/function/internal_message.html?_=1617156532331&CODE_STATE=getMsg HTTP/1.1" 200 27
61.165.42.208 - - [31/Mar/2021:10:09:01 +0800] "GET /xingrg/kc/buy/cgsh_order_add.html HTTP/1.1" 200 62198
61.165.42.208 - - [31/Mar/2021:10:09:01 +0800] "GET /xingrg/javascript/easyui/themes/default/validatebox.css HTTP/1.1" 404 1104
61.165.42.208 - - [31/Mar/2021:10:09:01 +0800] "POST /xingrg/kc/buy/cgsh_order_operate.html HTTP/1.1" 200 8245
116.224.253.72 - - [31/Mar/2021:10:09:01 +0800] "GET /xingrg/kc/base/wldb_order_operate.html?command=get_materiel&rest_code=00150&base_code=0010445&code=00101019706 HTTP/1.1" 200 446
116.235.95.160 - - [31/Mar/2021:10:09:02 +0800] "GET /xingrg/check_reg.html?_=1617156615375 HTTP/1.1" 200 22
116.235.95.160 - - [31/Mar/2021:10:09:02 +0800] "GET /xingrg/all/function/internal_message.html?_=1617156615376&CODE_STATE=getMsg HTTP/1.1" 200 27
101.227.139.171 - - [31/Mar/2021:10:09:04 +0800] "GET /xingrg/check_reg.html?_=1617156485728 HTTP/1.1" 302 -
180.164.245.247 - - [31/Mar/2021:10:09:05 +0800] "GET /xingrg/all/function/internal_message.html?_=1617156541121&CODE_STATE=getMsg HTTP/1.1" 302 -
222.70.217.33 - - [31/Mar/2021:10:09:06 +0800] "GET /xingrg/check_reg.html?_=1617156544498 HTTP/1.1" 200 22
