222.70.158.20 - - [31/Mar/2021:09:31:37 +0800] "GET /xingrg/all/function/internal_message.html?_=1617154294350&CODE_STATE=getMsg HTTP/1.1" 200 27
61.165.42.208 - - [31/Mar/2021:09:31:38 +0800] "GET /xingrg/check_reg.html?_=1617154281442 HTTP/1.1" 200 22
61.165.42.208 - - [31/Mar/2021:09:31:38 +0800] "GET /xingrg/all/function/internal_message.html?_=1617154281507&CODE_STATE=getMsg HTTP/1.1" 200 27
114.83.217.136 - - [31/Mar/2021:09:31:39 +0800] "GET /xingrg/kc/base/wldb_order_operate.html?command=get_materiel&rest_code=00154&base_code=0010726&code=00101025065 HTTP/1.1" 200 427
101.228.165.174 - - [31/Mar/2021:09:31:40 +0800] "GET /xingrg/kc/buy/cgsh_order_operate.html?command=get_materiel&rest_code=00146&code=00101008264&supplier_code=00100005&order_time=2021-03-31 HTTP/1.1" 200 412
114.83.217.136 - - [31/Mar/2021:09:31:42 +0800] "GET /xingrg/all/function/internal_message.html?_=1617154302147&CODE_STATE=getMsg HTTP/1.1" 200 27
101.228.165.174 - - [31/Mar/2021:09:31:43 +0800] "POST /xingrg/kc/buy/cgsh_order_operate.html HTTP/1.1" 200 2065
101.83.240.180 - - [31/Mar/2021:09:31:43 +0800] "GET /xingrg/all/function/internal_message.html?_=1617154299243&CODE_STATE=getMsg HTTP/1.1" 200 27
114.88.156.246 - - [31/Mar/2021:09:31:44 +0800] "GET /xingrg/all/function/internal_message.html?_=1617154305313&CODE_STATE=getMsg HTTP/1.1" 200 27
114.83.217.136 - - [31/Mar/2021:09:31:45 +0800] "GET /xingrg/kc/base/wldb_order_operate.html?command=get_materiel&rest_code=00154&base_code=0010726&code=00101027041 HTTP/1.1" 200 471
114.86.187.76 - - [31/Mar/2021:09:31:46 +0800] "GET /xingrg/all/function/internal_message.html?_=1617154310607&CODE_STATE=getMsg HTTP/1.1" 200 27
180.164.245.247 - - [31/Mar/2021:09:31:46 +0800] "GET /xingrg/check_reg.html?_=1617154302232 HTTP/1.1" 302 -
114.83.217.136 - - [31/Mar/2021:09:31:47 +0800] "POST /xingrg/all/common/load_select.html HTTP/1.1" 200 25
116.224.253.72 - - [31/Mar/2021:09:31:48 +0800] "GET /xingrg/kc/buy/cgsh_order_list.html HTTP/1.1" 200 46419
101.228.165.174 - - [31/Mar/2021:09:31:48 +0800] "GET /xingrg/all/function/internal_message.html?_=1617154316926&CODE_STATE=getMsg HTTP/1.1" 200 27
180.152.227.142 - - [31/Mar/2021:09:31:49 +0800] "POST /xingrg/kc/buy/cgsh_order_operate.html HTTP/1.1" 200 37
114.86.229.31 - - [31/Mar/2021:09:31:50 +0800] "GET /xingrg/kc/buy/cgsh_order_operate.html?command=get_materiel&rest_code=00109&code=00101010136&supplier_code=00100035&order_time=2021-03-31 HTTP/1.1" 200 409
116.224.253.72 - - [31/Mar/2021:09:31:50 +0800] "POST /xingrg/kc/buy/cgsh_list_operate.html HTTP/1.1" 200 1690
114.83.217.136 - - [31/Mar/2021:09:31:50 +0800] "GET /xingrg/kc/base/wldb_order_operate.html?command=get_materiel_price&rest_code=00154&base_code=0010726&code=00101027041&unit_code=00100189 HTTP/1.1" 200 35
180.152.227.142 - - [31/Mar/2021:09:31:51 +0800] "POST /xingrg/kc/buy/cgsh_order_operate.html HTTP/1.1" 200 10375
116.224.253.72 - - [31/Mar/2021:09:31:51 +0800] "GET /xingrg/kc/buy/cgsh_order_add.html HTTP/1.1" 200 62075
117.185.32.26 - - [31/Mar/2021:09:31:51 +0800] "GET /xingrg/all/function/internal_message.html?_=1617154806223&CODE_STATE=getMsg HTTP/1.1" 200 27
116.224.253.72 - - [31/Mar/2021:09:31:52 +0800] "POST /xingrg/kc/buy/cgsh_order_operate.html HTTP/1.1" 200 8245
116.224.253.72 - - [31/Mar/2021:09:31:52 +0800] "GET /xingrg/javascript/easyui/themes/default/validatebox.css HTTP/1.1" 404 1104
101.228.165.174 - - [31/Mar/2021:09:31:52 +0800] "GET /xingrg/kc/buy/cgsh_order_operate.html?command=get_materiel&rest_code=00146&code=00101008356&supplier_code=00100005&order_time=2021-03-31 HTTP/1.1" 200 408
120.253.135.82 - - [31/Mar/2021:09:31:53 +0800] "GET /xingrg/all/function/internal_message.html?_=1617154426800&CODE_STATE=getMsg HTTP/1.1" 200 27
180.152.227.142 - - [31/Mar/2021:09:31:54 +0800] "POST /xingrg/kc/buy/cgsh_list_operate.html HTTP/1.1" 200 6044
180.152.227.142 - - [31/Mar/2021:09:31:55 +0800] "POST /xingrg/kc/buy/cgsh_list_operate.html HTTP/1.1" 200 6044
114.86.229.31 - - [31/Mar/2021:09:31:56 +0800] "GET /xingrg/kc/buy/cgsh_order_operate.html?command=get_materiel&rest_code=00109&code=00101012026&supplier_code=00100035&order_time=2021-03-31 HTTP/1.1" 200 408
180.152.227.142 - - [31/Mar/2021:09:31:57 +0800] "POST /xingrg/kc/buy/cgsh_list_operate.html HTTP/1.1" 200 6044
114.83.217.136 - - [31/Mar/2021:09:31:58 +0800] "GET /xingrg/kc/base/wldb_order_operate.html?command=get_materiel&rest_code=00154&base_code=0010726&code=00101029002 HTTP/1.1" 200 470
180.152.227.142 - - [31/Mar/2021:09:32:00 +0800] "GET /xingrg/all/function/internal_message.html?_=1617154589856&CODE_STATE=getMsg HTTP/1.1" 200 27
180.152.227.142 - - [31/Mar/2021:09:32:00 +0800] "GET /xingrg/kc/base/wldb_order_list.html HTTP/1.1" 200 19386
180.152.227.142 - - [31/Mar/2021:09:32:00 +0800] "POST /xingrg/kc/base/wldb_list_operate.html HTTP/1.1" 200 928
114.83.217.136 - - [31/Mar/2021:09:32:00 +0800] "POST /xingrg/all/common/load_select.html HTTP/1.1" 200 25
180.152.227.142 - - [31/Mar/2021:09:32:01 +0800] "GET /xingrg/kc/base/wldb_order_add.html HTTP/1.1" 200 30545
101.228.165.174 - - [31/Mar/2021:09:32:02 +0800] "GET /xingrg/kc/buy/cgsh_order_operate.html?command=get_materiel&rest_code=00146&code=00101008069&supplier_code=00100005&order_time=2021-03-31 HTTP/1.1" 200 412
180.152.227.142 - - [31/Mar/2021:09:32:02 +0800] "POST /xingrg/kc/base/wldb_order_operate.html HTTP/1.1" 200 6806
180.152.227.142 - - [31/Mar/2021:09:32:02 +0800] "GET /xingrg/all/common/auto_word.html?type=base&rest_code=00102 HTTP/1.1" 200 1711
180.152.227.142 - - [31/Mar/2021:09:32:02 +0800] "GET /xingrg/all/common/auto_word.html?type=base&rest_code=00102 HTTP/1.1" 200 1711
114.86.229.31 - - [31/Mar/2021:09:32:02 +0800] "GET /xingrg/kc/buy/cgsh_order_operate.html?command=get_materiel&rest_code=00109&code=00101012010&supplier_code=00100035&order_time=2021-03-31 HTTP/1.1" 200 409
180.152.227.142 - - [31/Mar/2021:09:32:03 +0800] "GET /xingrg/javascript/easyui/themes/default/validatebox.css HTTP/1.1" 404 1104
114.83.217.136 - - [31/Mar/2021:09:32:03 +0800] "GET /xingrg/kc/base/wldb_order_operate.html?command=get_materiel_price&rest_code=00154&base_code=0010726&code=00101029002&unit_code=00100157 HTTP/1.1" 200 35
180.164.245.247 - - [31/Mar/2021:09:32:04 +0800] "GET /xingrg/all/function/internal_message.html?_=1617154320324&CODE_STATE=getMsg HTTP/1.1" 302 -
180.152.227.142 - - [31/Mar/2021:09:32:04 +0800] "POST /xingrg/all/common/load_combo.html?type=base HTTP/1.1" 200 3060
222.70.217.33 - - [31/Mar/2021:09:32:06 +0800] "GET /xingrg/all/function/internal_message.html?_=1617154324495&CODE_STATE=getMsg HTTP/1.1" 200 27
114.86.229.31 - - [31/Mar/2021:09:32:08 +0800] "GET /xingrg/kc/buy/cgsh_order_operate.html?command=get_materiel&rest_code=00109&code=00101016051&supplier_code=00100035&order_time=2021-03-31 HTTP/1.1" 200 408
180.152.227.142 - - [31/Mar/2021:09:32:08 +0800] "GET /xingrg/check_reg.html?_=1617154328319 HTTP/1.1" 200 22
180.152.227.142 - - [31/Mar/2021:09:32:09 +0800] "GET /xingrg/all/function/internal_message.html?_=1617154328616&CODE_STATE=getMsg HTTP/1.1" 200 27
180.152.227.142 - - [31/Mar/2021:09:32:09 +0800] "GET /xingrg/kc/base/wldb_order_operate.html?command=get_materiel&rest_code=00102&base_code=0010476&code=00101011005 HTTP/1.1" 200 431
114.83.217.136 - - [31/Mar/2021:09:32:11 +0800] "GET /xingrg/kc/base/wldb_order_operate.html?command=get_materiel&rest_code=00154&base_code=0010726&code=00101029022 HTTP/1.1" 200 472
101.228.165.174 - - [31/Mar/2021:09:32:11 +0800] "GET /xingrg/kc/buy/cgsh_order_operate.html?command=get_materiel&rest_code=00146&code=00101008006&supplier_code=00100005&order_time=2021-03-31 HTTP/1.1" 200 416
114.83.217.136 - - [31/Mar/2021:09:32:14 +0800] "POST /xingrg/all/common/load_select.html HTTP/1.1" 200 25
117.184.7.26 - - [31/Mar/2021:09:32:17 +0800] "GET /xingrg/all/function/internal_message.html?_=1617154330428&CODE_STATE=getMsg HTTP/1.1" 200 27
114.83.217.136 - - [31/Mar/2021:09:32:18 +0800] "GET /xingrg/kc/base/wldb_order_operate.html?command=get_materiel_price&rest_code=00154&base_code=0010726&code=00101029022&unit_code=00100157 HTTP/1.1" 200 35
222.70.158.20 - - [31/Mar/2021:09:32:19 +0800] "GET /xingrg/kc/base/wldb_order_list.html HTTP/1.1" 200 19386
222.70.158.20 - - [31/Mar/2021:09:32:19 +0800] "POST /xingrg/kc/base/wldb_list_operate.html HTTP/1.1" 200 928
114.86.229.31 - - [31/Mar/2021:09:32:20 +0800] "GET /xingrg/all/function/internal_message.html?_=1617154345134&CODE_STATE=getMsg HTTP/1.1" 200 27
222.70.158.20 - - [31/Mar/2021:09:32:20 +0800] "GET /xingrg/kc/base/wldb_order_add.html HTTP/1.1" 200 30549
101.228.165.174 - - [31/Mar/2021:09:32:21 +0800] "GET /xingrg/kc/buy/cgsh_order_operate.html?command=get_materiel&rest_code=00146&code=00101008131&supplier_code=00100005&order_time=2021-03-31 HTTP/1.1" 200 408
222.70.158.20 - - [31/Mar/2021:09:32:21 +0800] "GET /xingrg/all/common/auto_word.html?type=base&rest_code=00111 HTTP/1.1" 200 1753
222.70.158.20 - - [31/Mar/2021:09:32:21 +0800] "GET /xingrg/all/common/auto_word.html?type=base&rest_code=00111 HTTP/1.1" 200 1753
101.83.240.180 - - [31/Mar/2021:09:32:21 +0800] "POST /xingrg/services/DataTransmitService HTTP/1.1" 401 565
222.70.158.20 - - [31/Mar/2021:09:32:21 +0800] "GET /xingrg/javascript/easyui/themes/default/validatebox.css HTTP/1.1" 404 1104
101.83.240.180 - - [31/Mar/2021:09:32:21 +0800] "POST /xingrg/services/DataTransmitService HTTP/1.1" 200 478
101.83.240.180 - - [31/Mar/2021:09:32:21 +0800] "POST /xingrg/services/DataTransmitService HTTP/1.1" 200 1320
222.70.158.20 - - [31/Mar/2021:09:32:21 +0800] "POST /xingrg/kc/base/wldb_order_operate.html HTTP/1.1" 200 6806
101.83.240.180 - - [31/Mar/2021:09:32:21 +0800] "POST /xingrg/services/DataTransmitService HTTP/1.1" 200 478
101.83.240.180 - - [31/Mar/2021:09:32:21 +0800] "POST /xingrg/services/DataTransmitService HTTP/1.1" 200 1320
101.83.240.180 - - [31/Mar/2021:09:32:21 +0800] "POST /xingrg/services/DataTransmitService HTTP/1.1" 200 524
114.88.156.246 - - [31/Mar/2021:09:32:21 +0800] "GET /xingrg/all/function/internal_message.html?_=1617154348496&CODE_STATE=getMsg HTTP/1.1" 200 27
101.83.240.180 - - [31/Mar/2021:09:32:21 +0800] "POST /xingrg/services/DataTransmitService HTTP/1.1" 200 1979
101.83.240.180 - - [31/Mar/2021:09:32:21 +0800] "POST /xingrg/services/DataTransmitService HTTP/1.1" 200 45454
101.83.240.180 - - [31/Mar/2021:09:32:22 +0800] "POST /xingrg/services/DataTransmitService HTTP/1.1" 200 19237
116.224.253.72 - - [31/Mar/2021:09:32:23 +0800] "GET /xingrg/all/function/internal_message.html?_=1617154344976&CODE_STATE=getMsg HTTP/1.1" 200 27
114.86.229.31 - - [31/Mar/2021:09:32:23 +0800] "GET /xingrg/all/function/internal_message.html?_=1617154408199&CODE_STATE=getMsg HTTP/1.1" 200 27
116.224.253.72 - - [31/Mar/2021:09:32:23 +0800] "GET /xingrg/all/function/internal_message.html?_=1617154343328&CODE_STATE=getMsg HTTP/1.1" 200 27
116.224.253.72 - - [31/Mar/2021:09:32:23 +0800] "GET /xingrg/check_reg.html?_=1617154343343 HTTP/1.1" 200 22
61.165.42.208 - - [31/Mar/2021:09:32:25 +0800] "GET /xingrg/all/function/internal_message.html?_=1617154347416&CODE_STATE=getMsg HTTP/1.1" 200 27
61.165.42.208 - - [31/Mar/2021:09:32:26 +0800] "GET /xingrg/check_reg.html?_=1617154347699 HTTP/1.1" 200 22
180.152.227.142 - - [31/Mar/2021:09:32:28 +0800] "GET /xingrg/kc/base/wldb_order_operate.html?command=get_materiel&rest_code=00102&base_code=0010476&code=00101016086 HTTP/1.1" 200 469
180.169.147.146 - - [31/Mar/2021:09:32:28 +0800] "GET /xingrg/all/function/internal_message.html?_=1617154345161&CODE_STATE=getMsg HTTP/1.1" 200 27
116.224.253.72 - - [31/Mar/2021:09:32:28 +0800] "GET /xingrg/kc/buy/cgsh_order_operate.html?command=get_materiel&rest_code=00150&code=00102003007&supplier_code=00100097&order_time=2021-03-31 HTTP/1.1" 200 412
116.235.216.75 - - [31/Mar/2021:09:32:29 +0800] "GET /xingrg/all/function/internal_message.html?_=1617154347272&CODE_STATE=getMsg HTTP/1.1" 200 27
101.228.165.174 - - [31/Mar/2021:09:32:30 +0800] "GET /xingrg/kc/buy/cgsh_order_operate.html?command=get_materiel&rest_code=00146&code=00101008296&supplier_code=00100005&order_time=2021-03-31 HTTP/1.1" 200 416
101.228.165.174 - - [31/Mar/2021:09:32:32 +0800] "POST /xingrg/kc/buy/cgsh_order_operate.html HTTP/1.1" 200 2065
222.70.158.20 - - [31/Mar/2021:09:32:36 +0800] "GET /xingrg/kc/base/wldb_order_operate.html?command=get_materiel&rest_code=00111&base_code=0010306&code=00102004035 HTTP/1.1" 200 433
222.70.158.20 - - [31/Mar/2021:09:32:37 +0800] "GET /xingrg/all/function/internal_message.html?_=1617154354363&CODE_STATE=getMsg HTTP/1.1" 200 27
61.165.42.208 - - [31/Mar/2021:09:32:38 +0800] "GET /xingrg/all/function/internal_message.html?_=1617154341492&CODE_STATE=getMsg HTTP/1.1" 200 27
101.228.165.174 - - [31/Mar/2021:09:32:39 +0800] "GET /xingrg/kc/buy/cgsh_order_operate.html?command=get_materiel&rest_code=00146&code=00101008353&supplier_code=00100005&order_time=2021-03-31 HTTP/1.1" 200 408
101.83.240.180 - - [31/Mar/2021:09:32:40 +0800] "POST /xingrg/services/DataTransmitService HTTP/1.1" 200 524
101.83.240.180 - - [31/Mar/2021:09:32:40 +0800] "POST /xingrg/services/DataTransmitService HTTP/1.1" 200 1979
114.83.217.136 - - [31/Mar/2021:09:32:42 +0800] "GET /xingrg/all/function/internal_message.html?_=1617154362144&CODE_STATE=getMsg HTTP/1.1" 200 27
101.83.240.180 - - [31/Mar/2021:09:32:43 +0800] "GET /xingrg/all/function/internal_message.html?_=1617154359238&CODE_STATE=getMsg HTTP/1.1" 200 27
114.88.156.246 - - [31/Mar/2021:09:32:44 +0800] "GET /xingrg/all/function/internal_message.html?_=1617154365283&CODE_STATE=getMsg HTTP/1.1" 200 27
114.86.187.76 - - [31/Mar/2021:09:32:46 +0800] "GET /xingrg/all/function/internal_message.html?_=1617154370621&CODE_STATE=getMsg HTTP/1.1" 200 27
61.151.207.158 - - [31/Mar/2021:09:32:46 +0800] "GET /xingrg/all/function/internal_message.html?_=1617154305313&CODE_STATE=getMsg HTTP/1.1" 302 -
101.83.240.180 - - [31/Mar/2021:09:32:47 +0800] "POST /xingrg/services/DataTransmitService HTTP/1.1" 200 524
101.83.240.180 - - [31/Mar/2021:09:32:47 +0800] "POST /xingrg/services/DataTransmitService HTTP/1.1" 200 501
61.151.207.158 - - [31/Mar/2021:09:32:48 +0800] "GET /xingrg/login.html HTTP/1.1" 200 7641
101.228.165.174 - - [31/Mar/2021:09:32:48 +0800] "GET /xingrg/all/function/internal_message.html?_=1617154376938&CODE_STATE=getMsg HTTP/1.1" 200 27
101.83.240.180 - - [31/Mar/2021:09:32:49 +0800] "POST /xingrg/services/DataTransmitService HTTP/1.1" 200 524
117.185.32.26 - - [31/Mar/2021:09:32:51 +0800] "GET /xingrg/all/function/internal_message.html?_=1617154866221&CODE_STATE=getMsg HTTP/1.1" 200 27
117.185.32.26 - - [31/Mar/2021:09:32:51 +0800] "GET /xingrg/check_reg.html?_=1617154866224 HTTP/1.1" 200 22
101.83.240.180 - - [31/Mar/2021:09:32:52 +0800] "POST /xingrg/services/DataTransmitService HTTP/1.1" 200 501
180.152.227.142 - - [31/Mar/2021:09:32:56 +0800] "GET /xingrg/kc/base/wldb_order_operate.html?command=get_materiel&rest_code=00102&base_code=0010476&code=00101016094 HTTP/1.1" 200 466
222.70.158.20 - - [31/Mar/2021:09:32:57 +0800] "GET /xingrg/kc/base/wldb_order_operate.html?command=get_materiel&rest_code=00111&base_code=0010306&code=00102001008 HTTP/1.1" 200 425
180.152.227.142 - - [31/Mar/2021:09:33:00 +0800] "GET /xingrg/all/function/internal_message.html?_=1617154650011&CODE_STATE=getMsg HTTP/1.1" 200 27
101.228.165.174 - - [31/Mar/2021:09:33:01 +0800] "GET /xingrg/kc/buy/cgsh_order_operate.html?command=get_materiel&rest_code=00146&code=00101016122&supplier_code=00100005&order_time=2021-03-31 HTTP/1.1" 200 395
180.152.227.142 - - [31/Mar/2021:09:33:02 +0800] "GET /xingrg/kc/base/wldb_order_operate.html?command=get_materiel&rest_code=00102&base_code=0010476&code=00101016095 HTTP/1.1" 200 462
180.164.245.247 - - [31/Mar/2021:09:33:04 +0800] "GET /xingrg/all/function/internal_message.html?_=1617154380351&CODE_STATE=getMsg HTTP/1.1" 302 -
114.83.217.136 - - [31/Mar/2021:09:33:04 +0800] "GET /xingrg/kc/base/wldb_order_operate.html?command=get_materiel&rest_code=00154&base_code=0010726&code=00101029011 HTTP/1.1" 200 478
114.88.156.246 - - [31/Mar/2021:09:33:05 +0800] "GET /xingrg/check_reg.html?_=1617154385673 HTTP/1.1" 200 22
222.70.217.33 - - [31/Mar/2021:09:33:06 +0800] "GET /xingrg/all/function/internal_message.html?_=1617154384482&CODE_STATE=getMsg HTTP/1.1" 200 27
222.70.158.20 - - [31/Mar/2021:09:33:06 +0800] "GET /xingrg/kc/base/wldb_order_operate.html?command=get_materiel&rest_code=00111&base_code=0010306&code=00102001040 HTTP/1.1" 200 442
114.83.217.136 - - [31/Mar/2021:09:33:06 +0800] "POST /xingrg/all/common/load_select.html HTTP/1.1" 200 25
180.152.227.142 - - [31/Mar/2021:09:33:08 +0800] "GET /xingrg/kc/base/wldb_order_operate.html?command=get_materiel&rest_code=00102&base_code=0010476&code=00101016087 HTTP/1.1" 200 463
180.152.227.142 - - [31/Mar/2021:09:33:09 +0800] "GET /xingrg/all/function/internal_message.html?_=1617154388635&CODE_STATE=getMsg HTTP/1.1" 200 27
114.83.217.136 - - [31/Mar/2021:09:33:09 +0800] "GET /xingrg/kc/base/wldb_order_operate.html?command=get_materiel_price&rest_code=00154&base_code=0010726&code=00101029011&unit_code=00100157 HTTP/1.1" 200 33
101.228.165.174 - - [31/Mar/2021:09:33:12 +0800] "GET /xingrg/kc/buy/cgsh_order_operate.html?command=get_materiel&rest_code=00146&code=00101008305&supplier_code=00100005&order_time=2021-03-31 HTTP/1.1" 200 412
114.83.217.136 - - [31/Mar/2021:09:33:15 +0800] "GET /xingrg/kc/base/wldb_order_operate.html?command=get_materiel&rest_code=00154&base_code=0010726&code=00101027042 HTTP/1.1" 200 460
114.86.229.31 - - [31/Mar/2021:09:33:17 +0800] "POST /xingrg/kc/buy/cgsh_order_operate.html HTTP/1.1" 200 37
117.184.7.26 - - [31/Mar/2021:09:33:17 +0800] "GET /xingrg/check_reg.html?_=1617154390428 HTTP/1.1" 200 22
117.184.7.26 - - [31/Mar/2021:09:33:17 +0800] "GET /xingrg/all/function/internal_message.html?_=1617154390431&CODE_STATE=getMsg HTTP/1.1" 200 27
114.86.229.31 - - [31/Mar/2021:09:33:18 +0800] "POST /xingrg/kc/buy/cgsh_order_operate.html HTTP/1.1" 200 6784
114.86.229.31 - - [31/Mar/2021:09:33:20 +0800] "GET /xingrg/check_reg.html?_=1617154468198 HTTP/1.1" 200 22
114.86.229.31 - - [31/Mar/2021:09:33:20 +0800] "GET /xingrg/all/function/internal_message.html?_=1617154468200&CODE_STATE=getMsg HTTP/1.1" 200 27
114.86.229.31 - - [31/Mar/2021:09:33:20 +0800] "GET /xingrg/all/function/internal_message.html?_=1617154405122&CODE_STATE=getMsg HTTP/1.1" 200 27
114.86.229.31 - - [31/Mar/2021:09:33:20 +0800] "GET /xingrg/check_reg.html?_=1617154405132 HTTP/1.1" 200 22
114.86.229.31 - - [31/Mar/2021:09:33:21 +0800] "GET /xingrg/kc/print/load_config.html?kc_code=cgsh HTTP/1.1" 200 1845
114.86.229.31 - - [31/Mar/2021:09:33:21 +0800] "GET /xingrg/kc/print/load_data.html?order_code=212021033113550&kc_code=cgsh&condition= HTTP/1.1" 200 2238
114.88.156.246 - - [31/Mar/2021:09:33:21 +0800] "GET /xingrg/all/function/internal_message.html?_=1617154408517&CODE_STATE=getMsg HTTP/1.1" 200 27
116.224.253.72 - - [31/Mar/2021:09:33:23 +0800] "GET /xingrg/all/function/internal_message.html?_=1617154405031&CODE_STATE=getMsg HTTP/1.1" 200 27
116.224.253.72 - - [31/Mar/2021:09:33:23 +0800] "GET /xingrg/all/function/internal_message.html?_=1617154403334&CODE_STATE=getMsg HTTP/1.1" 200 27
114.83.217.136 - - [31/Mar/2021:09:33:24 +0800] "POST /xingrg/all/common/load_select.html HTTP/1.1" 200 25
61.165.42.208 - - [31/Mar/2021:09:33:25 +0800] "GET /xingrg/all/function/internal_message.html?_=1617154407384&CODE_STATE=getMsg HTTP/1.1" 200 27
114.86.229.31 - - [31/Mar/2021:09:33:25 +0800] "GET /xingrg/kc/buy/cgsh_order_add.html HTTP/1.1" 200 62192
114.86.229.31 - - [31/Mar/2021:09:33:26 +0800] "POST /xingrg/kc/buy/cgsh_order_operate.html HTTP/1.1" 200 8245
114.86.229.31 - - [31/Mar/2021:09:33:26 +0800] "GET /xingrg/all/common/auto_word.html?type=employee&rest_code=00109 HTTP/1.1" 200 205
114.86.229.31 - - [31/Mar/2021:09:33:26 +0800] "GET /xingrg/javascript/easyui/themes/default/validatebox.css HTTP/1.1" 404 1104
114.86.229.31 - - [31/Mar/2021:09:33:26 +0800] "GET /xingrg/all/common/auto_word.html?type=employee&rest_code=00109 HTTP/1.1" 200 205
114.83.217.136 - - [31/Mar/2021:09:33:26 +0800] "GET /xingrg/kc/base/wldb_order_operate.html?command=get_materiel_price&rest_code=00154&base_code=0010726&code=00101027042&unit_code=00100157 HTTP/1.1" 200 35
101.228.165.174 - - [31/Mar/2021:09:33:28 +0800] "GET /xingrg/kc/buy/cgsh_order_operate.html?command=get_materiel&rest_code=00146&code=00101008285&supplier_code=00100005&order_time=2021-03-31 HTTP/1.1" 200 413
180.169.147.146 - - [31/Mar/2021:09:33:28 +0800] "GET /xingrg/all/function/internal_message.html?_=1617154405133&CODE_STATE=getMsg HTTP/1.1" 200 27
116.235.216.75 - - [31/Mar/2021:09:33:29 +0800] "GET /xingrg/all/function/internal_message.html?_=1617154407272&CODE_STATE=getMsg HTTP/1.1" 200 27
180.152.227.142 - - [31/Mar/2021:09:33:29 +0800] "GET /xingrg/check_reg.html?_=1617154679404 HTTP/1.1" 200 22
101.228.165.174 - - [31/Mar/2021:09:33:30 +0800] "POST /xingrg/kc/buy/cgsh_order_operate.html HTTP/1.1" 200 2065
222.70.158.20 - - [31/Mar/2021:09:33:31 +0800] "GET /xingrg/kc/base/wldb_order_operate.html?command=get_materiel&rest_code=00111&base_code=0010306&code=00102001022 HTTP/1.1" 200 434
222.70.158.20 - - [31/Mar/2021:09:33:37 +0800] "GET /xingrg/all/function/internal_message.html?_=1617154414377&CODE_STATE=getMsg HTTP/1.1" 200 27
61.165.42.208 - - [31/Mar/2021:09:33:38 +0800] "GET /xingrg/all/function/internal_message.html?_=1617154401477&CODE_STATE=getMsg HTTP/1.1" 200 27
114.83.217.136 - - [31/Mar/2021:09:33:42 +0800] "GET /xingrg/all/function/internal_message.html?_=1617154422146&CODE_STATE=getMsg HTTP/1.1" 200 27
101.83.240.180 - - [31/Mar/2021:09:33:43 +0800] "GET /xingrg/all/function/internal_message.html?_=1617154419236&CODE_STATE=getMsg HTTP/1.1" 200 27
114.86.229.31 - - [31/Mar/2021:09:33:44 +0800] "GET /xingrg/kc/buy/cgsh_order_operate.html?command=get_materiel&rest_code=00109&code=00101006130&supplier_code=00100015&order_time=2021-03-31 HTTP/1.1" 200 427
114.88.156.246 - - [31/Mar/2021:09:33:44 +0800] "GET /xingrg/all/function/internal_message.html?_=1617154425253&CODE_STATE=getMsg HTTP/1.1" 200 27
114.86.187.76 - - [31/Mar/2021:09:33:46 +0800] "GET /xingrg/all/function/internal_message.html?_=1617154430731&CODE_STATE=getMsg HTTP/1.1" 200 27
114.83.217.136 - - [31/Mar/2021:09:33:47 +0800] "GET /xingrg/kc/base/wldb_order_operate.html?command=get_materiel&rest_code=00154&base_code=0010726&code=00101025051 HTTP/1.1" 200 455
101.228.165.174 - - [31/Mar/2021:09:33:48 +0800] "GET /xingrg/kc/buy/cgsh_order_operate.html?command=get_materiel&rest_code=00146&code=00101008242&supplier_code=00100005&order_time=2021-03-31 HTTP/1.1" 200 408
61.151.178.177 - - [31/Mar/2021:09:33:48 +0800] "GET /xingrg/all/function/internal_message.html?_=1617154365283&CODE_STATE=getMsg HTTP/1.1" 302 -
101.228.165.174 - - [31/Mar/2021:09:33:48 +0800] "GET /xingrg/all/function/internal_message.html?_=1617154436954&CODE_STATE=getMsg HTTP/1.1" 200 27
114.83.217.136 - - [31/Mar/2021:09:33:50 +0800] "POST /xingrg/all/common/load_select.html HTTP/1.1" 200 25
61.151.178.177 - - [31/Mar/2021:09:33:50 +0800] "GET /xingrg/login.html HTTP/1.1" 200 7641
117.185.32.26 - - [31/Mar/2021:09:33:51 +0800] "GET /xingrg/all/function/internal_message.html?_=1617154926224&CODE_STATE=getMsg HTTP/1.1" 200 27
114.83.217.136 - - [31/Mar/2021:09:33:53 +0800] "GET /xingrg/kc/base/wldb_order_operate.html?command=get_materiel_price&rest_code=00154&base_code=0010726&code=00101025051&unit_code=00100189 HTTP/1.1" 200 36
114.86.229.31 - - [31/Mar/2021:09:33:53 +0800] "GET /xingrg/kc/buy/cgsh_order_operate.html?command=get_materiel&rest_code=00109&code=00101006177&supplier_code=00100015&order_time=2021-03-31 HTTP/1.1" 200 409
116.224.253.72 - - [31/Mar/2021:09:33:53 +0800] "GET /xingrg/kc/buy/cgsh_order_operate.html?command=get_materiel&rest_code=00150&code=00102026001&supplier_code=00100097&order_time=2021-03-31 HTTP/1.1" 200 409
101.228.165.174 - - [31/Mar/2021:09:33:56 +0800] "GET /xingrg/kc/buy/cgsh_order_operate.html?command=get_materiel&rest_code=00146&code=00101008298&supplier_code=00100005&order_time=2021-03-31 HTTP/1.1" 200 413
180.152.227.142 - - [31/Mar/2021:09:34:00 +0800] "GET /xingrg/all/function/internal_message.html?_=1617154710024&CODE_STATE=getMsg HTTP/1.1" 200 27
114.86.229.31 - - [31/Mar/2021:09:34:01 +0800] "GET /xingrg/kc/buy/cgsh_order_operate.html?command=get_materiel&rest_code=00109&code=00101006115&supplier_code=00100015&order_time=2021-03-31 HTTP/1.1" 200 409
180.164.245.247 - - [31/Mar/2021:09:34:04 +0800] "GET /xingrg/all/function/internal_message.html?_=1617154440366&CODE_STATE=getMsg HTTP/1.1" 302 -
114.83.217.136 - - [31/Mar/2021:09:34:05 +0800] "GET /xingrg/kc/base/wldb_order_operate.html?command=get_materiel&rest_code=00154&base_code=0010726&code=00101029009 HTTP/1.1" 200 479
222.70.217.33 - - [31/Mar/2021:09:34:06 +0800] "GET /xingrg/all/function/internal_message.html?_=1617154444485&CODE_STATE=getMsg HTTP/1.1" 200 27
222.70.217.33 - - [31/Mar/2021:09:34:06 +0800] "GET /xingrg/check_reg.html?_=1617154444491 HTTP/1.1" 200 22
101.228.165.174 - - [31/Mar/2021:09:34:06 +0800] "GET /xingrg/kc/buy/cgsh_order_operate.html?command=get_materiel&rest_code=00146&code=00101008161&supplier_code=00100005&order_time=2021-03-31 HTTP/1.1" 200 409
61.151.207.158 - - [31/Mar/2021:09:34:06 +0800] "GET /xingrg/check_reg.html?_=1617154385673 HTTP/1.1" 302 -
114.83.217.136 - - [31/Mar/2021:09:34:07 +0800] "POST /xingrg/all/common/load_select.html HTTP/1.1" 200 25
61.151.207.158 - - [31/Mar/2021:09:34:07 +0800] "GET /xingrg/login.html HTTP/1.1" 200 7641
180.152.227.142 - - [31/Mar/2021:09:34:09 +0800] "GET /xingrg/all/function/internal_message.html?_=1617154448658&CODE_STATE=getMsg HTTP/1.1" 200 27
114.83.217.136 - - [31/Mar/2021:09:34:09 +0800] "GET /xingrg/kc/base/wldb_order_operate.html?command=get_materiel_price&rest_code=00154&base_code=0010726&code=00101029009&unit_code=00100179 HTTP/1.1" 200 35
114.86.229.31 - - [31/Mar/2021:09:34:09 +0800] "GET /xingrg/kc/buy/cgsh_order_operate.html?command=get_materiel&rest_code=00109&code=00101006144&supplier_code=00100015&order_time=2021-03-31 HTTP/1.1" 200 409
101.228.165.174 - - [31/Mar/2021:09:34:16 +0800] "GET /xingrg/kc/buy/cgsh_order_operate.html?command=get_materiel&rest_code=00146&code=00101008274&supplier_code=00100005&order_time=2021-03-31 HTTP/1.1" 200 412
114.86.229.31 - - [31/Mar/2021:09:34:16 +0800] "GET /xingrg/all/function/internal_message.html?_=1617154528203&CODE_STATE=getMsg HTTP/1.1" 200 27
114.86.229.31 - - [31/Mar/2021:09:34:16 +0800] "GET /xingrg/kc/buy/cgsh_order_operate.html?command=get_materiel&rest_code=00109&code=00101006180&supplier_code=00100015&order_time=2021-03-31 HTTP/1.1" 200 423
117.184.7.26 - - [31/Mar/2021:09:34:17 +0800] "GET /xingrg/all/function/internal_message.html?_=1617154450430&CODE_STATE=getMsg HTTP/1.1" 200 27
114.86.229.31 - - [31/Mar/2021:09:34:20 +0800] "GET /xingrg/all/function/internal_message.html?_=1617154465132&CODE_STATE=getMsg HTTP/1.1" 200 27
117.185.32.26 - - [31/Mar/2021:09:34:21 +0800] "GET /xingrg/index.html?sysBaseUrl=http%3A%2F%2F180.169.147.146%3A18081%2Fxingrg%2F&costTime=38×tamp=1617071841685 HTTP/1.1" 302 -
117.185.32.26 - - [31/Mar/2021:09:34:21 +0800] "GET /xingrg/login.html HTTP/1.1" 200 7641
114.88.156.246 - - [31/Mar/2021:09:34:21 +0800] "GET /xingrg/all/function/internal_message.html?_=1617154468525&CODE_STATE=getMsg HTTP/1.1" 200 27
101.83.240.180 - - [31/Mar/2021:09:34:22 +0800] "GET /xingrg/kc/buy/cgsh_order_add.html HTTP/1.1" 200 62204
101.83.240.180 - - [31/Mar/2021:09:34:22 +0800] "POST /xingrg/kc/buy/cgsh_order_operate.html HTTP/1.1" 200 8245
101.83.240.180 - - [31/Mar/2021:09:34:22 +0800] "GET /xingrg/javascript/easyui/themes/default/validatebox.css HTTP/1.1" 404 1104
116.224.253.72 - - [31/Mar/2021:09:34:23 +0800] "GET /xingrg/all/function/internal_message.html?_=1617154465048&CODE_STATE=getMsg HTTP/1.1" 200 27
116.224.253.72 - - [31/Mar/2021:09:34:23 +0800] "GET /xingrg/all/function/internal_message.html?_=1617154463334&CODE_STATE=getMsg HTTP/1.1" 200 27
222.70.158.20 - - [31/Mar/2021:09:34:24 +0800] "GET /xingrg/kc/base/wldb_order_operate.html?command=get_materiel&rest_code=00111&base_code=0010306&code=00102001073 HTTP/1.1" 200 432
61.165.42.208 - - [31/Mar/2021:09:34:25 +0800] "GET /xingrg/all/function/internal_message.html?_=1617154467352&CODE_STATE=getMsg HTTP/1.1" 200 27
114.86.229.31 - - [31/Mar/2021:09:34:27 +0800] "GET /xingrg/kc/buy/cgsh_order_operate.html?command=get_materiel&rest_code=00109&code=00101006130&supplier_code=00100015&order_time=2021-03-31 HTTP/1.1" 200 427
101.228.165.174 - - [31/Mar/2021:09:34:28 +0800] "POST /xingrg/kc/buy/cgsh_order_operate.html HTTP/1.1" 200 2065
117.185.32.26 - - [31/Mar/2021:09:34:28 +0800] "GET /favicon.ico HTTP/1.1" 404 -
180.169.147.146 - - [31/Mar/2021:09:34:28 +0800] "GET /xingrg/all/function/internal_message.html?_=1617154465136&CODE_STATE=getMsg HTTP/1.1" 200 27
180.169.147.146 - - [31/Mar/2021:09:34:29 +0800] "GET /xingrg/check_reg.html?_=1617154465434 HTTP/1.1" 200 22
116.235.216.75 - - [31/Mar/2021:09:34:29 +0800] "GET /xingrg/all/function/internal_message.html?_=1617154467271&CODE_STATE=getMsg HTTP/1.1" 200 27
114.86.229.31 - - [31/Mar/2021:09:34:33 +0800] "GET /xingrg/kc/buy/cgsh_order_operate.html?command=get_materiel&rest_code=00109&code=00101006109&supplier_code=00100015&order_time=2021-03-31 HTTP/1.1" 200 409
101.228.165.174 - - [31/Mar/2021:09:34:34 +0800] "GET /xingrg/check_reg.html?_=1617154482591 HTTP/1.1" 200 22
101.83.240.180 - - [31/Mar/2021:09:34:35 +0800] "GET /xingrg/kc/buy/cgsh_order_operate.html?command=get_materiel&rest_code=00149&code=00101009049&supplier_code=00100201&order_time=2021-03-31 HTTP/1.1" 200 416
117.185.32.26 - - [31/Mar/2021:09:34:35 +0800] "POST /xingrg/login.do HTTP/1.1" 302 -
117.185.32.26 - - [31/Mar/2021:09:34:35 +0800] "GET /xingrg/index.html?sysBaseUrl=http%3A%2F%2F180.169.147.146%3A18081%2Fxingrg%2F&costTime=38×tamp=1617154475484 HTTP/1.1" 200 17173
222.70.158.20 - - [31/Mar/2021:09:34:37 +0800] "GET /xingrg/all/function/internal_message.html?_=1617154474391&CODE_STATE=getMsg HTTP/1.1" 200 27
117.185.32.26 - - [31/Mar/2021:09:34:38 +0800] "POST /xingrg/all/common/load_tree.html?tree=area_rest_tree_json&manage=1 HTTP/1.1" 200 342
61.165.42.208 - - [31/Mar/2021:09:34:38 +0800] "GET /xingrg/all/function/internal_message.html?_=1617154461462&CODE_STATE=getMsg HTTP/1.1" 200 27
101.228.165.174 - - [31/Mar/2021:09:34:38 +0800] "POST /xingrg/kc/buy/cgsh_order_operate.html HTTP/1.1" 200 37
114.86.229.31 - - [31/Mar/2021:09:34:39 +0800] "GET /xingrg/kc/buy/cgsh_order_operate.html?command=get_materiel&rest_code=00109&code=00101006058&supplier_code=00100015&order_time=2021-03-31 HTTP/1.1" 200 413
117.185.32.26 - - [31/Mar/2021:09:34:40 +0800] "GET /xingrg/check_reg.html?_=1617154477679 HTTP/1.1" 200 22
117.185.32.26 - - [31/Mar/2021:09:34:40 +0800] "GET /xingrg/all/function/internal_message.html?_=1617154477676&CODE_STATE=count HTTP/1.1" 200 11
114.83.217.136 - - [31/Mar/2021:09:34:40 +0800] "GET /xingrg/kc/base/wldb_order_operate.html?command=get_materiel&rest_code=00154&base_code=0010726&code=00101029024 HTTP/1.1" 200 460
117.185.32.26 - - [31/Mar/2021:09:34:41 +0800] "GET /favicon.ico HTTP/1.1" 404 -
117.185.32.26 - - [31/Mar/2021:09:34:41 +0800] "POST /xingrg/load_menu.html HTTP/1.1" 200 5138
101.228.165.174 - - [31/Mar/2021:09:34:42 +0800] "POST /xingrg/kc/buy/cgsh_order_operate.html HTTP/1.1" 200 22205
114.83.217.136 - - [31/Mar/2021:09:34:42 +0800] "GET /xingrg/check_reg.html?_=1617154482167 HTTP/1.1" 200 22
114.83.217.136 - - [31/Mar/2021:09:34:42 +0800] "GET /xingrg/all/function/internal_message.html?_=1617154482169&CODE_STATE=getMsg HTTP/1.1" 200 27
114.83.217.136 - - [31/Mar/2021:09:34:42 +0800] "POST /xingrg/all/common/load_select.html HTTP/1.1" 200 25
101.83.240.180 - - [31/Mar/2021:09:34:43 +0800] "GET /xingrg/all/function/internal_message.html?_=1617154479251&CODE_STATE=getMsg HTTP/1.1" 200 27
101.83.240.180 - - [31/Mar/2021:09:34:44 +0800] "GET /xingrg/kc/buy/cgsh_order_operate.html?command=get_materiel&rest_code=00149&code=00101009062&supplier_code=00100201&order_time=2021-03-31 HTTP/1.1" 200 412
114.83.217.136 - - [31/Mar/2021:09:34:44 +0800] "GET /xingrg/kc/base/wldb_order_operate.html?command=get_materiel_price&rest_code=00154&base_code=0010726&code=00101029024&unit_code=00100179 HTTP/1.1" 200 34
114.88.156.246 - - [31/Mar/2021:09:34:44 +0800] "GET /xingrg/all/function/internal_message.html?_=1617154485236&CODE_STATE=getMsg HTTP/1.1" 200 27
114.86.229.31 - - [31/Mar/2021:09:34:45 +0800] "GET /xingrg/kc/buy/cgsh_order_operate.html?command=get_materiel&rest_code=00109&code=00101006144&supplier_code=00100015&order_time=2021-03-31 HTTP/1.1" 200 409
114.86.187.76 - - [31/Mar/2021:09:34:46 +0800] "GET /xingrg/all/function/internal_message.html?_=1617154490741&CODE_STATE=getMsg HTTP/1.1" 200 27
101.228.165.174 - - [31/Mar/2021:09:34:48 +0800] "GET /xingrg/all/function/internal_message.html?_=1617154496967&CODE_STATE=getMsg HTTP/1.1" 200 27
222.70.158.20 - - [31/Mar/2021:09:34:51 +0800] "GET /xingrg/kc/base/wldb_order_operate.html?command=get_materiel&rest_code=00111&base_code=0010306&code=00102001087 HTTP/1.1" 200 447
117.185.32.26 - - [31/Mar/2021:09:34:51 +0800] "GET /xingrg/all/function/internal_message.html?_=1617154986223&CODE_STATE=getMsg HTTP/1.1" 200 27
101.83.240.180 - - [31/Mar/2021:09:34:52 +0800] "GET /xingrg/kc/buy/cgsh_order_operate.html?command=get_materiel&rest_code=00149&code=00101009011&supplier_code=00100201&order_time=2021-03-31 HTTP/1.1" 200 416
114.86.229.31 - - [31/Mar/2021:09:34:59 +0800] "POST /xingrg/kc/buy/cgsh_order_operate.html HTTP/1.1" 200 37
180.152.227.142 - - [31/Mar/2021:09:35:00 +0800] "GET /xingrg/all/function/internal_message.html?_=1617154770038&CODE_STATE=getMsg HTTP/1.1" 200 27
114.86.229.31 - - [31/Mar/2021:09:35:00 +0800] "POST /xingrg/kc/buy/cgsh_order_operate.html HTTP/1.1" 200 7430
114.86.229.31 - - [31/Mar/2021:09:35:01 +0800] "GET /xingrg/kc/print/load_config.html?kc_code=cgsh HTTP/1.1" 200 1845
114.86.229.31 - - [31/Mar/2021:09:35:02 +0800] "GET /xingrg/kc/print/load_data.html?order_code=212021033113552&kc_code=cgsh&condition= HTTP/1.1" 200 2591
101.83.240.180 - - [31/Mar/2021:09:35:04 +0800] "GET /xingrg/kc/buy/cgsh_order_operate.html?command=get_materiel&rest_code=00149&code=00101009010&supplier_code=00100201&order_time=2021-03-31 HTTP/1.1" 200 431
180.164.245.247 - - [31/Mar/2021:09:35:04 +0800] "GET /xingrg/all/function/internal_message.html?_=1617154500393&CODE_STATE=getMsg HTTP/1.1" 302 -
114.86.229.31 - - [31/Mar/2021:09:35:05 +0800] "GET /xingrg/kc/buy/cgsh_order_add.html HTTP/1.1" 200 62192
114.86.229.31 - - [31/Mar/2021:09:35:05 +0800] "POST /xingrg/kc/buy/cgsh_order_operate.html HTTP/1.1" 200 8245
114.86.229.31 - - [31/Mar/2021:09:35:05 +0800] "GET /xingrg/all/common/auto_word.html?type=employee&rest_code=00109 HTTP/1.1" 200 205
114.86.229.31 - - [31/Mar/2021:09:35:05 +0800] "GET /xingrg/all/common/auto_word.html?type=employee&rest_code=00109 HTTP/1.1" 200 205
114.86.229.31 - - [31/Mar/2021:09:35:05 +0800] "GET /xingrg/javascript/easyui/themes/default/validatebox.css HTTP/1.1" 404 1104
222.70.217.33 - - [31/Mar/2021:09:35:06 +0800] "GET /xingrg/all/function/internal_message.html?_=1617154504492&CODE_STATE=getMsg HTTP/1.1" 200 27
180.152.227.142 - - [31/Mar/2021:09:35:09 +0800] "GET /xingrg/all/function/internal_message.html?_=1617154508692&CODE_STATE=getMsg HTTP/1.1" 200 27
222.70.158.20 - - [31/Mar/2021:09:35:11 +0800] "GET /xingrg/kc/base/wldb_order_operate.html?command=get_materiel&rest_code=00111&base_code=0010306&code=00102001141 HTTP/1.1" 200 432
114.86.229.31 - - [31/Mar/2021:09:35:12 +0800] "GET /xingrg/all/function/internal_message.html?_=1617154588199&CODE_STATE=getMsg HTTP/1.1" 200 27
114.86.229.31 - - [31/Mar/2021:09:35:13 +0800] "GET /xingrg/kc/buy/cgsh_order_operate.html?command=get_materiel&rest_code=00109&code=00101007049&supplier_code=00100004&order_time=2021-03-31 HTTP/1.1" 200 409
101.83.240.180 - - [31/Mar/2021:09:35:15 +0800] "GET /xingrg/kc/buy/cgsh_order_operate.html?command=get_materiel&rest_code=00149&code=00101009013&supplier_code=00100201&order_time=2021-03-31 HTTP/1.1" 200 420
117.185.32.26 - - [31/Mar/2021:09:35:16 +0800] "GET /xingrg/kc/buy/buy_main.html HTTP/1.1" 200 12412
117.185.32.26 - - [31/Mar/2021:09:35:16 +0800] "GET /xingrg/css/new_ie.css HTTP/1.1" 404 1036
116.224.253.72 - - [31/Mar/2021:09:35:16 +0800] "GET /xingrg/check_reg.html?_=1617154518839 HTTP/1.1" 200 22
117.184.7.26 - - [31/Mar/2021:09:35:17 +0800] "GET /xingrg/all/function/internal_message.html?_=1617154510431&CODE_STATE=getMsg HTTP/1.1" 200 27
114.86.229.31 - - [31/Mar/2021:09:35:19 +0800] "GET /xingrg/kc/buy/cgsh_order_operate.html?command=get_materiel&rest_code=00109&code=00101007081&supplier_code=00100004&order_time=2021-03-31 HTTP/1.1" 200 413
114.86.229.31 - - [31/Mar/2021:09:35:20 +0800] "GET /xingrg/all/function/internal_message.html?_=1617154525125&CODE_STATE=getMsg HTTP/1.1" 200 27
114.88.156.246 - - [31/Mar/2021:09:35:21 +0800] "GET /xingrg/check_reg.html?_=1617154528530 HTTP/1.1" 200 22
114.88.156.246 - - [31/Mar/2021:09:35:21 +0800] "GET /xingrg/all/function/internal_message.html?_=1617154528532&CODE_STATE=getMsg HTTP/1.1" 200 27
116.224.253.72 - - [31/Mar/2021:09:35:22 +0800] "POST /xingrg/kc/buy/cgsh_order_operate.html HTTP/1.1" 200 37
116.224.253.72 - - [31/Mar/2021:09:35:23 +0800] "GET /xingrg/all/function/internal_message.html?_=1617154525060&CODE_STATE=getMsg HTTP/1.1" 200 27
116.224.253.72 - - [31/Mar/2021:09:35:23 +0800] "GET /xingrg/all/function/internal_message.html?_=1617154523341&CODE_STATE=getMsg HTTP/1.1" 200 27
222.70.217.33 - - [31/Mar/2021:09:35:23 +0800] "POST /xingrg/kc/base/wldb_order_operate.html HTTP/1.1" 200 37
222.70.217.33 - - [31/Mar/2021:09:35:25 +0800] "GET /xingrg/kc/base/wldb_order_info.html?code=422021033103547 HTTP/1.1" 200 30571
116.224.253.72 - - [31/Mar/2021:09:35:25 +0800] "POST /xingrg/kc/buy/cgsh_order_operate.html HTTP/1.1" 200 12
222.70.217.33 - - [31/Mar/2021:09:35:25 +0800] "POST /xingrg/kc/base/wldb_order_operate.html HTTP/1.1" 200 8212
222.70.217.33 - - [31/Mar/2021:09:35:25 +0800] "GET /xingrg/javascript/easyui/themes/default/validatebox.css HTTP/1.1" 404 1104
222.70.217.33 - - [31/Mar/2021:09:35:25 +0800] "POST /xingrg/kc/base/wldb_order_operate.html HTTP/1.1" 200 11256
114.86.229.31 - - [31/Mar/2021:09:35:25 +0800] "GET /xingrg/kc/buy/cgsh_order_operate.html?command=get_materiel&rest_code=00109&code=00101007059&supplier_code=00100004&order_time=2021-03-31 HTTP/1.1" 200 409
61.165.42.208 - - [31/Mar/2021:09:35:25 +0800] "GET /xingrg/all/function/internal_message.html?_=1617154527331&CODE_STATE=getMsg HTTP/1.1" 200 27
116.224.253.72 - - [31/Mar/2021:09:35:25 +0800] "GET /xingrg/kc/buy/cgsh_order_info.html?code=212021033113553 HTTP/1.1" 200 56969
114.88.156.246 - - [31/Mar/2021:09:35:26 +0800] "POST /xingrg/all/report/load_report_page.html HTTP/1.1" 200 377366
114.88.156.246 - - [31/Mar/2021:09:35:26 +0800] "GET /xingrg/servlets/image?cache=0.9574261911413147&image=px HTTP/1.1" 200 807
116.224.253.72 - - [31/Mar/2021:09:35:26 +0800] "GET /xingrg/javascript/easyui/themes/default/validatebox.css HTTP/1.1" 404 1104
116.224.253.72 - - [31/Mar/2021:09:35:26 +0800] "POST /xingrg/kc/buy/cgsh_order_operate.html HTTP/1.1" 200 1196
180.169.147.146 - - [31/Mar/2021:09:35:28 +0800] "GET /xingrg/all/function/internal_message.html?_=1617154525108&CODE_STATE=getMsg HTTP/1.1" 200 27
116.235.216.75 - - [31/Mar/2021:09:35:29 +0800] "GET /xingrg/all/function/internal_message.html?_=1617154527270&CODE_STATE=getMsg HTTP/1.1" 200 27
116.235.216.75 - - [31/Mar/2021:09:35:29 +0800] "GET /xingrg/check_reg.html?_=1617154527272 HTTP/1.1" 200 22
222.70.158.20 - - [31/Mar/2021:09:35:29 +0800] "GET /xingrg/check_reg.html?_=1617154526513 HTTP/1.1" 200 22
116.224.253.72 - - [31/Mar/2021:09:35:30 +0800] "GET /xingrg/kc/print/load_data.html?order_code=212021033113553&kc_code=cgsh&condition= HTTP/1.1" 200 916
114.88.156.246 - - [31/Mar/2021:09:35:33 +0800] "GET /xingrg/all/report/report_query.html?isQuery=1&fileName=kc/buy/wlcg_mx.xml&queryString=(CONVERT(char(10)%252Ca.order_time%252C%2520120)%253E%253D'2021-03-01')%2520and%2520(CONVERT(char(10)%252Ca.order_time%252C%2520120)%253C%253D'2021-03-31')%2520and%2520(a.supplier_code%2520in%2520('00100031'%252C'00100032'%252C'00100033'%252C'00100034'%252C'00100035'%252C'00100036'%252C'00100037'%252C'00100206'%252C'00100214'%252C'00100242'%252C'00100279'%252C'00100376'))%2520and%2520(a.materiel_code%253D'00101011005')&queryText=%25E3%2580%2590%25E9%2587%2587%25E8%25B4%25AD%25E6%2597%25B6%25E9%2597%25B4%253A2021-03-01%2520%25E8%2587%25B3%25202021-03-31%25E3%2580%2591%2520%25E5%25B9%25B6%25E4%25B8%2594%2520%2520%25E3%2580%2590%25E4%25BE%259B%25E5%25BA%2594%25E5%2595%2586%2520%253D%2520%25E8%25B1%2586%25E5%2588%25B6%25E5%2593%2581%25E7%25B1%25BB%2520%255B12%255D%252C%25E8%25B1%2586%25E5%2588%25B6%25E5%2593%2581%25EF%25BC%2588%25E8%2594%25A1%25E7%25A6%258F%25E5%25A2%259E%25EF%25BC%2589%252C%25E8%25B1%2586%25E5%2588%25B6%25E5%2593%2581%25EF%25BC%2588%25E5%25BC%25A0%25E7%2591%259E%25E9%25BE%2599%25EF%25BC%2589%252C%25E8%25B1%2586%25E5%2588%25B6%25E5%2593%2581%25EF%25BC%2588%25E9%25B2%2581%25E4%25BF%259D%25E5%2588%25A9%25EF%25BC%2589%252C%25E8%25B1%2586%25E5%2588%25B6%25E5%2593%2581%25EF%25BC%2588%25E9%2599%2588%25E6%2599%2593%25E6%259D%25A5%25EF%25BC%2589%252C%25E8%25B1%2586%25E5%2588%25B6%25E5%2593%2581%25EF%25BC%2588%25E5%25BC%25A0%25E5%258A%25A0%25E7%258E%2589%25EF%25BC%2589%252C%25E8%25B1%2586%25E5%2588%25B6%25E5%2593%2581%25EF%25BC%2588%25E6%259D%258E%25E8%25B4%25BB%25E5%258D%258E%25EF%25BC%2589%252C%25E8%25B1%2586%25E5%2588%25B6%25E5%2593%2581%25EF%25BC%2588%25E8%258C%2583%25E7%25A5%2596%25E7%25BB%25B4%25EF%25BC%2589%252C%25E5%25B0%258F%25E9%25A6%2584%25E9%25A5%25A8%25EF%25BC%2588%25E5%2590%25B4%25E6%25B0%25B8%25E5%2590%2591%25EF%25BC%2589%252C%25E7%25B1%25B3%25E5%2585%25B0%25E8%2599%25BE%25E9%25A5%25BC%25EF%25BC%2588%25E9%2599%2588%25E4%25B9%259D%25E7%258E%2589%25EF%25BC%2589%252C%25E8%2591%25B1%25E6%25B2%25B9%25E9%25A5%25BC%252C%25 HTTP/1.1" 200 53951
114.88.156.246 - - [31/Mar/2021:09:35:33 +0800] "GET /xingrg/dwr/engine.js HTTP/1.1" 200 43631
114.88.156.246 - - [31/Mar/2021:09:35:35 +0800] "POST /xingrg/all/report/load_report_page.html HTTP/1.1" 200 118641
114.88.156.246 - - [31/Mar/2021:09:35:35 +0800] "GET /xingrg/servlets/image?cache=0.24871239173209647&image=px HTTP/1.1" 200 807
183.192.164.97 - - [31/Mar/2021:09:35:36 +0800] "GET /xingrg/index.html?sysBaseUrl=http://180.169.147.146:18081/xingrg/&costTime=38×tamp=1617154475484 HTTP/1.1" 302 -
222.70.158.20 - - [31/Mar/2021:09:35:37 +0800] "GET /xingrg/all/function/internal_message.html?_=1617154534405&CODE_STATE=getMsg HTTP/1.1" 200 27
183.192.164.97 - - [31/Mar/2021:09:35:38 +0800] "GET /xingrg/login.html HTTP/1.1" 200 7641
61.165.42.208 - - [31/Mar/2021:09:35:38 +0800] "GET /xingrg/all/function/internal_message.html?_=1617154521446&CODE_STATE=getMsg HTTP/1.1" 200 27
117.185.32.26 - - [31/Mar/2021:09:35:40 +0800] "GET /xingrg/all/function/internal_message.html?_=1617154537702&CODE_STATE=getMsg HTTP/1.1" 200 27
114.83.217.136 - - [31/Mar/2021:09:35:42 +0800] "GET /xingrg/all/function/internal_message.html?_=1617154542146&CODE_STATE=getMsg HTTP/1.1" 200 27
101.83.240.180 - - [31/Mar/2021:09:35:43 +0800] "GET /xingrg/check_reg.html?_=1617154539240 HTTP/1.1" 200 22
101.83.240.180 - - [31/Mar/2021:09:35:43 +0800] "GET /xingrg/all/function/internal_message.html?_=1617154539247&CODE_STATE=getMsg HTTP/1.1" 200 27
114.88.156.246 - - [31/Mar/2021:09:35:44 +0800] "GET /xingrg/all/function/internal_message.html?_=1617154545210&CODE_STATE=getMsg HTTP/1.1" 200 27
114.86.187.76 - - [31/Mar/2021:09:35:45 +0800] "GET /xingrg/check_reg.html?_=1617154550048 HTTP/1.1" 200 22
114.86.187.76 - - [31/Mar/2021:09:35:46 +0800] "GET /xingrg/all/function/internal_message.html?_=1617154550756&CODE_STATE=getMsg HTTP/1.1" 200 27
222.70.158.20 - - [31/Mar/2021:09:35:47 +0800] "GET /xingrg/kc/base/wldb_order_operate.html?command=get_materiel&rest_code=00111&base_code=0010306&code=00102002192 HTTP/1.1" 200 433
101.228.165.174 - - [31/Mar/2021:09:35:48 +0800] "GET /xingrg/all/function/internal_message.html?_=1617154556980&CODE_STATE=getMsg HTTP/1.1" 200 27
101.83.240.180 - - [31/Mar/2021:09:35:49 +0800] "GET /xingrg/kc/buy/cgsh_order_operate.html?command=get_materiel&rest_code=00149&code=00101009016&supplier_code=00100201&order_time=2021-03-31 HTTP/1.1" 200 412
117.185.32.26 - - [31/Mar/2021:09:35:51 +0800] "GET /xingrg/all/function/internal_message.html?_=1617155046222&CODE_STATE=getMsg HTTP/1.1" 200 27
180.152.227.142 - - [31/Mar/2021:09:36:00 +0800] "GET /xingrg/all/function/internal_message.html?_=1617154830051&CODE_STATE=getMsg HTTP/1.1" 200 27
180.164.245.247 - - [31/Mar/2021:09:36:04 +0800] "GET /xingrg/all/function/internal_message.html?_=1617154560410&CODE_STATE=getMsg HTTP/1.1" 302 -
222.70.217.33 - - [31/Mar/2021:09:36:06 +0800] "GET /xingrg/all/function/internal_message.html?_=1617154564495&CODE_STATE=getMsg HTTP/1.1" 200 27
114.86.229.31 - - [31/Mar/2021:09:36:08 +0800] "GET /xingrg/all/function/internal_message.html?_=1617154648218&CODE_STATE=getMsg HTTP/1.1" 200 27
180.152.227.142 - - [31/Mar/2021:09:36:09 +0800] "GET /xingrg/all/function/internal_message.html?_=1617154568702&CODE_STATE=getMsg HTTP/1.1" 200 27
117.184.7.26 - - [31/Mar/2021:09:36:17 +0800] "GET /xingrg/all/function/internal_message.html?_=1617154570430&CODE_STATE=getMsg HTTP/1.1" 200 27
114.86.229.31 - - [31/Mar/2021:09:36:20 +0800] "GET /xingrg/all/function/internal_message.html?_=1617154585132&CODE_STATE=getMsg HTTP/1.1" 200 27
114.88.156.246 - - [31/Mar/2021:09:36:21 +0800] "GET /xingrg/all/function/internal_message.html?_=1617154588513&CODE_STATE=getMsg HTTP/1.1" 200 27
116.224.253.72 - - [31/Mar/2021:09:36:23 +0800] "GET /xingrg/all/function/internal_message.html?_=1617154585075&CODE_STATE=getMsg HTTP/1.1" 200 27
114.86.229.31 - - [31/Mar/2021:09:36:23 +0800] "GET /xingrg/kc/buy/cgsh_order_operate.html?command=get_materiel&rest_code=00109&code=00101007059&supplier_code=00100004&order_time=2021-03-31 HTTP/1.1" 200 409
116.224.253.72 - - [31/Mar/2021:09:36:23 +0800] "GET /xingrg/all/function/internal_message.html?_=1617154583359&CODE_STATE=getMsg HTTP/1.1" 200 27
61.165.42.208 - - [31/Mar/2021:09:36:25 +0800] "GET /xingrg/all/function/internal_message.html?_=1617154587304&CODE_STATE=getMsg HTTP/1.1" 200 27
180.169.147.146 - - [31/Mar/2021:09:36:28 +0800] "GET /xingrg/all/function/internal_message.html?_=1617154585078&CODE_STATE=getMsg HTTP/1.1" 200 27
116.235.216.75 - - [31/Mar/2021:09:36:29 +0800] "GET /xingrg/all/function/internal_message.html?_=1617154587293&CODE_STATE=getMsg HTTP/1.1" 200 27
114.86.229.31 - - [31/Mar/2021:09:36:31 +0800] "GET /xingrg/kc/buy/cgsh_order_operate.html?command=get_materiel&rest_code=00109&code=00101007049&supplier_code=00100004&order_time=2021-03-31 HTTP/1.1" 200 409
101.83.240.180 - - [31/Mar/2021:09:36:31 +0800] "GET /xingrg/kc/buy/cgsh_order_operate.html?command=get_materiel&rest_code=00149&code=00101009107&supplier_code=00100201&order_time=2021-03-31 HTTP/1.1" 200 395
222.70.158.20 - - [31/Mar/2021:09:36:37 +0800] "GET /xingrg/all/function/internal_message.html?_=1617154594418&CODE_STATE=getMsg HTTP/1.1" 200 27
61.165.42.208 - - [31/Mar/2021:09:36:38 +0800] "GET /xingrg/check_reg.html?_=1617154581447 HTTP/1.1" 200 22
61.165.42.208 - - [31/Mar/2021:09:36:38 +0800] "GET /xingrg/all/function/internal_message.html?_=1617154581450&CODE_STATE=getMsg HTTP/1.1" 200 27
114.86.229.31 - - [31/Mar/2021:09:36:40 +0800] "POST /xingrg/kc/buy/cgsh_order_operate.html HTTP/1.1" 200 37
117.185.32.26 - - [31/Mar/2021:09:36:40 +0800] "GET /xingrg/all/function/internal_message.html?_=1617154597690&CODE_STATE=getMsg HTTP/1.1" 200 27
114.83.217.136 - - [31/Mar/2021:09:36:42 +0800] "GET /xingrg/all/function/internal_message.html?_=1617154602136&CODE_STATE=getMsg HTTP/1.1" 200 27
101.83.240.180 - - [31/Mar/2021:09:36:43 +0800] "GET /xingrg/all/function/internal_message.html?_=1617154599246&CODE_STATE=getMsg HTTP/1.1" 200 27
114.88.156.246 - - [31/Mar/2021:09:36:44 +0800] "GET /xingrg/all/function/internal_message.html?_=1617154605179&CODE_STATE=getMsg HTTP/1.1" 200 27
114.86.187.76 - - [31/Mar/2021:09:36:46 +0800] "GET /xingrg/all/function/internal_message.html?_=1617154610769&CODE_STATE=getMsg HTTP/1.1" 200 27
114.86.229.31 - - [31/Mar/2021:09:36:46 +0800] "POST /xingrg/kc/buy/cgsh_order_operate.html HTTP/1.1" 200 5009
180.164.245.247 - - [31/Mar/2021:09:36:46 +0800] "GET /xingrg/check_reg.html?_=1617154602247 HTTP/1.1" 302 -
114.86.229.31 - - [31/Mar/2021:09:36:47 +0800] "GET /xingrg/kc/print/load_config.html?kc_code=cgsh HTTP/1.1" 200 1845
114.86.229.31 - - [31/Mar/2021:09:36:48 +0800] "GET /xingrg/kc/print/load_data.html?order_code=212021033113554&kc_code=cgsh&condition= HTTP/1.1" 200 1601
101.228.165.174 - - [31/Mar/2021:09:36:49 +0800] "GET /xingrg/all/function/internal_message.html?_=1617154617110&CODE_STATE=getMsg HTTP/1.1" 200 27
114.86.229.31 - - [31/Mar/2021:09:36:51 +0800] "GET /xingrg/kc/buy/cgsh_order_add.html HTTP/1.1" 200 62192
114.86.229.31 - - [31/Mar/2021:09:36:51 +0800] "POST /xingrg/kc/buy/cgsh_order_operate.html HTTP/1.1" 200 8245
114.86.229.31 - - [31/Mar/2021:09:36:51 +0800] "GET /xingrg/all/common/auto_word.html?type=employee&rest_code=00109 HTTP/1.1" 200 205
114.86.229.31 - - [31/Mar/2021:09:36:51 +0800] "GET /xingrg/javascript/easyui/themes/default/validatebox.css HTTP/1.1" 404 1104
114.86.229.31 - - [31/Mar/2021:09:36:51 +0800] "GET /xingrg/all/common/auto_word.html?type=employee&rest_code=00109 HTTP/1.1" 200 205
117.185.32.26 - - [31/Mar/2021:09:36:51 +0800] "GET /xingrg/all/function/internal_message.html?_=1617155106221&CODE_STATE=getMsg HTTP/1.1" 200 27
101.83.240.180 - - [31/Mar/2021:09:36:59 +0800] "POST /xingrg/kc/buy/cgsh_order_operate.html HTTP/1.1" 200 37
