114.83.217.11 - - [29/Mar/2021:10:46:04 +0800] "GET /xingrg/kc/base/wldb_order_info.html?code=422021032903257 HTTP/1.1" 200 30570
114.83.217.11 - - [29/Mar/2021:10:46:04 +0800] "GET /xingrg/words/20210329092025_words.js HTTP/1.1" 304 -
114.83.217.11 - - [29/Mar/2021:10:46:04 +0800] "GET /xingrg/javascript/easyui/themes/default/validatebox.css HTTP/1.1" 404 1104
114.83.217.11 - - [29/Mar/2021:10:46:04 +0800] "POST /xingrg/kc/base/wldb_order_operate.html HTTP/1.1" 200 4748
117.185.32.26 - - [29/Mar/2021:10:46:05 +0800] "GET /xingrg/kc/buy/cgsh_order_operate.html?command=get_materiel&rest_code=00106&code=00101008131&supplier_code=00100007&order_time=2021-03-29 HTTP/1.1" 200 408
114.83.217.11 - - [29/Mar/2021:10:46:06 +0800] "GET /xingrg/kc/base/wldb_order_add.html HTTP/1.1" 200 30555
117.185.32.26 - - [29/Mar/2021:10:46:07 +0800] "GET /xingrg/kc/buy/cgsh_order_operate.html?command=get_materiel&rest_code=00106&code=00101003003&supplier_code=00100094&order_time=2021-03-29 HTTP/1.1" 200 414
114.83.217.11 - - [29/Mar/2021:10:46:07 +0800] "GET /xingrg/javascript/easyui/themes/default/validatebox.css HTTP/1.1" 404 1104
114.83.217.11 - - [29/Mar/2021:10:46:07 +0800] "POST /xingrg/kc/base/wldb_order_operate.html HTTP/1.1" 200 6806
61.165.42.208 - - [29/Mar/2021:10:46:08 +0800] "GET /xingrg/kc/buy/cgsh_order_add.html HTTP/1.1" 200 62198
116.224.253.72 - - [29/Mar/2021:10:46:08 +0800] "GET /xingrg/all/function/internal_message.html?_=1616985968989&CODE_STATE=getMsg HTTP/1.1" 200 27
61.165.42.208 - - [29/Mar/2021:10:46:08 +0800] "GET /xingrg/javascript/easyui/themes/default/validatebox.css HTTP/1.1" 404 1104
61.165.42.208 - - [29/Mar/2021:10:46:08 +0800] "POST /xingrg/kc/buy/cgsh_order_operate.html HTTP/1.1" 200 8245
101.91.60.105 - - [29/Mar/2021:10:46:10 +0800] "GET /xingrg/check_reg.html?_=1616985324057 HTTP/1.1" 302 -
180.169.147.146 - - [29/Mar/2021:10:46:10 +0800] "GET /xingrg/check_reg.html?_=1616985961895 HTTP/1.1" 200 22
180.169.147.146 - - [29/Mar/2021:10:46:10 +0800] "GET /xingrg/all/function/internal_message.html?_=1616985961897&CODE_STATE=getMsg HTTP/1.1" 200 27
120.253.135.82 - - [29/Mar/2021:10:46:11 +0800] "GET /xingrg/check_reg.html?_=1616986020443 HTTP/1.1" 200 22
61.151.207.205 - - [29/Mar/2021:10:46:11 +0800] "GET /xingrg/kc/buy/cgsh_order_operate.html?command=get_materiel&rest_code=00141&code=00101004071&supplier_code=00100312&order_time=2021-03-29 HTTP/1.1" 302 -
101.91.60.105 - - [29/Mar/2021:10:46:13 +0800] "GET /xingrg/login.html HTTP/1.1" 200 7641
117.185.32.26 - - [29/Mar/2021:10:46:13 +0800] "GET /xingrg/kc/buy/cgsh_order_operate.html?command=get_materiel&rest_code=00106&code=00101008318&supplier_code=00100007&order_time=2021-03-29 HTTP/1.1" 200 408
61.151.207.205 - - [29/Mar/2021:10:46:15 +0800] "GET /xingrg/login.html HTTP/1.1" 200 7641
114.83.217.11 - - [29/Mar/2021:10:46:16 +0800] "GET /xingrg/kc/base/wldb_order_operate.html?command=get_materiel&rest_code=00149&base_code=0010395&code=00102002150 HTTP/1.1" 200 434
116.233.75.109 - - [29/Mar/2021:10:46:16 +0800] "GET /xingrg/all/function/internal_message.html?_=1616985977459&CODE_STATE=getMsg HTTP/1.1" 200 27
180.169.147.146 - - [29/Mar/2021:10:46:18 +0800] "GET /xingrg/all/function/internal_message.html?_=1616985978273&CODE_STATE=getMsg HTTP/1.1" 302 -
101.228.165.174 - - [29/Mar/2021:10:46:18 +0800] "GET /xingrg/all/function/internal_message.html?_=1616985980131&CODE_STATE=getMsg HTTP/1.1" 200 27
180.162.112.81 - - [29/Mar/2021:10:46:19 +0800] "GET /xingrg/check_reg.html?_=1616985762071 HTTP/1.1" 200 22
180.162.112.81 - - [29/Mar/2021:10:46:19 +0800] "GET /xingrg/all/function/internal_message.html?_=1616985762068&CODE_STATE=getMsg HTTP/1.1" 200 27
116.235.216.75 - - [29/Mar/2021:10:46:19 +0800] "GET /xingrg/kc/buy/cgsh_order_operate.html?command=get_materiel&rest_code=00107&code=00101010342&supplier_code=00100329&order_time=2021-03-29 HTTP/1.1" 200 422
117.185.32.26 - - [29/Mar/2021:10:46:19 +0800] "GET /xingrg/all/function/internal_message.html?_=1616985979232&CODE_STATE=getMsg HTTP/1.1" 200 27
114.88.160.113 - - [29/Mar/2021:10:46:19 +0800] "GET /xingrg/kc/buy/buy_main.html HTTP/1.1" 200 12412
114.88.160.113 - - [29/Mar/2021:10:46:19 +0800] "GET /xingrg/css/new_ie.css HTTP/1.1" 404 1036
116.224.253.72 - - [29/Mar/2021:10:46:19 +0800] "GET /xingrg/all/function/internal_message.html?_=1616985926383&CODE_STATE=getMsg HTTP/1.1" 200 27
114.83.217.11 - - [29/Mar/2021:10:46:19 +0800] "GET /xingrg/kc/base/wldb_order_operate.html?command=get_materiel&rest_code=00149&base_code=0010395&code=00102002448 HTTP/1.1" 200 426
61.165.42.208 - - [29/Mar/2021:10:46:20 +0800] "GET /xingrg/kc/buy/cgsh_order_operate.html?command=get_materiel&rest_code=00105&code=00101008402&supplier_code=00100327&order_time=2021-03-29 HTTP/1.1" 200 410
114.88.160.113 - - [29/Mar/2021:10:46:20 +0800] "GET /xingrg/images/yd/bt.gif HTTP/1.1" 404 1040
114.88.160.113 - - [29/Mar/2021:10:46:21 +0800] "GET /xingrg/kc/buy/cgsh_order_list.html HTTP/1.1" 200 46413
117.185.32.26 - - [29/Mar/2021:10:46:21 +0800] "GET /xingrg/check_reg.html?_=1616985980756 HTTP/1.1" 200 22
114.88.156.246 - - [29/Mar/2021:10:46:22 +0800] "GET /xingrg/all/function/internal_message.html?_=1616985983891&CODE_STATE=getMsg HTTP/1.1" 200 27
180.169.147.146 - - [29/Mar/2021:10:46:22 +0800] "GET /xingrg/all/function/internal_message.html?_=1616985981561&CODE_STATE=getMsg HTTP/1.1" 200 27
114.83.217.136 - - [29/Mar/2021:10:46:23 +0800] "GET /xingrg/all/function/internal_message.html?_=1616985983000&CODE_STATE=getMsg HTTP/1.1" 200 27
114.83.217.136 - - [29/Mar/2021:10:46:23 +0800] "GET /xingrg/check_reg.html?_=1616985983005 HTTP/1.1" 200 22
114.88.160.113 - - [29/Mar/2021:10:46:24 +0800] "POST /xingrg/kc/buy/cgsh_list_operate.html HTTP/1.1" 200 5150
180.152.227.142 - - [29/Mar/2021:10:46:24 +0800] "GET /xingrg/all/function/internal_message.html?_=1616985984288&CODE_STATE=getMsg HTTP/1.1" 200 27
114.83.217.11 - - [29/Mar/2021:10:46:25 +0800] "GET /xingrg/kc/base/wldb_order_operate.html?command=get_materiel&rest_code=00149&base_code=0010395&code=00102002204 HTTP/1.1" 200 433
116.235.216.75 - - [29/Mar/2021:10:46:28 +0800] "POST /xingrg/kc/buy/cgsh_order_operate.html HTTP/1.1" 200 37
116.235.216.75 - - [29/Mar/2021:10:46:30 +0800] "POST /xingrg/kc/buy/cgsh_order_operate.html HTTP/1.1" 200 2675
114.83.217.11 - - [29/Mar/2021:10:46:31 +0800] "GET /xingrg/kc/base/wldb_order_operate.html?command=get_materiel&rest_code=00149&base_code=0010395&code=00102002315 HTTP/1.1" 200 447
101.228.165.174 - - [29/Mar/2021:10:46:31 +0800] "GET /xingrg/kc/buy/cgsh_order_operate.html?command=get_materiel&rest_code=00146&code=00101009011&supplier_code=00100023&order_time=2021-03-29 HTTP/1.1" 200 416
116.235.216.75 - - [29/Mar/2021:10:46:31 +0800] "GET /xingrg/kc/print/load_data.html?order_code=212021032912762&kc_code=cgsh&condition= HTTP/1.1" 200 694
222.70.217.33 - - [29/Mar/2021:10:46:31 +0800] "GET /xingrg/all/function/internal_message.html?_=1616985991551&CODE_STATE=getMsg HTTP/1.1" 200 27
114.86.187.76 - - [29/Mar/2021:10:46:32 +0800] "GET /xingrg/all/function/internal_message.html?_=1616985993776&CODE_STATE=getMsg HTTP/1.1" 200 27
180.169.147.146 - - [29/Mar/2021:10:46:32 +0800] "GET /xingrg/all/function/internal_message.html?_=1616985970854&CODE_STATE=getMsg HTTP/1.1" 200 27
114.88.156.246 - - [29/Mar/2021:10:46:33 +0800] "GET /xingrg/all/function/internal_message.html?_=1616985991955&CODE_STATE=getMsg HTTP/1.1" 200 27
117.184.7.26 - - [29/Mar/2021:10:46:34 +0800] "GET /xingrg/all/function/internal_message.html?_=1616985991876&CODE_STATE=getMsg HTTP/1.1" 200 27
117.185.32.26 - - [29/Mar/2021:10:46:34 +0800] "POST /xingrg/kc/buy/cgsh_order_operate.html HTTP/1.1" 200 37
114.88.160.113 - - [29/Mar/2021:10:46:34 +0800] "POST /xingrg/kc/buy/cgsh_list_operate.html HTTP/1.1" 200 201
114.83.217.11 - - [29/Mar/2021:10:46:34 +0800] "GET /xingrg/all/function/internal_message.html?_=1616985993620&CODE_STATE=getMsg HTTP/1.1" 200 27
180.152.227.142 - - [29/Mar/2021:10:46:35 +0800] "GET /xingrg/javascript/jquery_easy_ui/themes/default/images/tabs_close.gif HTTP/1.1" 304 -
180.152.227.142 - - [29/Mar/2021:10:46:35 +0800] "GET /xingrg/css/base.css HTTP/1.1" 304 -
180.152.227.142 - - [29/Mar/2021:10:46:35 +0800] "GET /xingrg/css/site.css HTTP/1.1" 304 -
180.152.227.142 - - [29/Mar/2021:10:46:35 +0800] "GET /xingrg/javascript/jquery_tools/datebox.css HTTP/1.1" 304 -
180.152.227.142 - - [29/Mar/2021:10:46:35 +0800] "GET /xingrg/javascript/auto/jquery.autocomplete.css HTTP/1.1" 304 -
180.152.227.142 - - [29/Mar/2021:10:46:35 +0800] "GET /xingrg/javascript/easyui/themes/default/easyui.css HTTP/1.1" 304 -
180.152.227.142 - - [29/Mar/2021:10:46:35 +0800] "GET /xingrg/javascript/easyui/themes/icon.css HTTP/1.1" 304 -
180.152.227.142 - - [29/Mar/2021:10:46:35 +0800] "GET /xingrg/kc/buy/cgsh_order_list.html HTTP/1.1" 200 46413
180.152.227.142 - - [29/Mar/2021:10:46:35 +0800] "GET /xingrg/javascript/jquery_tools/jquery.tools.min.js HTTP/1.1" 304 -
180.152.227.142 - - [29/Mar/2021:10:46:35 +0800] "GET /xingrg/javascript/jquery_tools/fix.css HTTP/1.1" 304 -
180.152.227.142 - - [29/Mar/2021:10:46:35 +0800] "GET /xingrg/javascript/jquery_tools/table.css HTTP/1.1" 304 -
180.152.227.142 - - [29/Mar/2021:10:46:35 +0800] "GET /xingrg/javascript/jquery_tools/jquery.tools.extend.js HTTP/1.1" 304 -
180.152.227.142 - - [29/Mar/2021:10:46:35 +0800] "GET /xingrg/javascript/jquery_tools/jquery.tools.hotkey.js HTTP/1.1" 304 -
180.152.227.142 - - [29/Mar/2021:10:46:35 +0800] "GET /xingrg/javascript/jquery_tools/jquery.tools.table.js HTTP/1.1" 304 -
180.152.227.142 - - [29/Mar/2021:10:46:35 +0800] "GET /xingrg/javascript/jquery_tools/list_manager.js HTTP/1.1" 304 -
180.152.227.142 - - [29/Mar/2021:10:46:35 +0800] "GET /xingrg/javascript/easyui/easyloader.js HTTP/1.1" 304 -
180.152.227.142 - - [29/Mar/2021:10:46:35 +0800] "GET /xingrg/javascript/auto/jquery.autocomplete.js HTTP/1.1" 304 -
180.152.227.142 - - [29/Mar/2021:10:46:35 +0800] "GET /xingrg/javascript/jquery.cookie.js HTTP/1.1" 304 -
180.152.227.142 - - [29/Mar/2021:10:46:35 +0800] "GET /xingrg/javascript/print/LodopFuncs.js HTTP/1.1" 304 -
180.169.147.146 - - [29/Mar/2021:10:46:35 +0800] "GET /xingrg/all/function/internal_message.html?_=1616985995213&CODE_STATE=getMsg HTTP/1.1" 302 -
180.152.227.142 - - [29/Mar/2021:10:46:35 +0800] "GET /xingrg/javascript/easyui/themes/icons/edit_add_new.png HTTP/1.1" 304 -
180.152.227.142 - - [29/Mar/2021:10:46:35 +0800] "GET /xingrg/javascript/easyui/themes/icons/cance_new.png HTTP/1.1" 304 -
180.152.227.142 - - [29/Mar/2021:10:46:35 +0800] "GET /xingrg/javascript/easyui/themes/icons/check_new.png HTTP/1.1" 304 -
180.152.227.142 - - [29/Mar/2021:10:46:35 +0800] "GET /xingrg/javascript/easyui/themes/icons/field_new.png HTTP/1.1" 304 -
180.152.227.142 - - [29/Mar/2021:10:46:35 +0800] "GET /xingrg/javascript/easyui/themes/icons/import_new.png HTTP/1.1" 304 -
180.152.227.142 - - [29/Mar/2021:10:46:35 +0800] "GET /xingrg/javascript/easyui/plugins/jquery.parser.js HTTP/1.1" 304 -
180.152.227.142 - - [29/Mar/2021:10:46:35 +0800] "GET /xingrg/images/control/ajaxLoader.gif HTTP/1.1" 304 -
114.88.160.113 - - [29/Mar/2021:10:46:35 +0800] "GET /xingrg/kc/buy/cgsh_order_info.html?code=212021032912721 HTTP/1.1" 200 62164
180.152.227.142 - - [29/Mar/2021:10:46:35 +0800] "GET /xingrg/javascript/jquery_easy_ui/themes/icons/area.png HTTP/1.1" 304 -
180.152.227.142 - - [29/Mar/2021:10:46:35 +0800] "GET /xingrg/javascript/jquery_easy_ui/themes/icons/rest.png HTTP/1.1" 304 -
116.235.216.75 - - [29/Mar/2021:10:46:35 +0800] "GET /xingrg/kc/buy/cgsh_order_add.html HTTP/1.1" 200 62239
61.165.42.208 - - [29/Mar/2021:10:46:35 +0800] "GET /xingrg/kc/buy/cgsh_order_operate.html?command=get_materiel&rest_code=00105&code=00101008171&supplier_code=00100327&order_time=2021-03-29 HTTP/1.1" 200 421
61.165.42.208 - - [29/Mar/2021:10:46:36 +0800] "GET /xingrg/all/function/internal_message.html?_=1616985997152&CODE_STATE=getMsg HTTP/1.1" 200 27
114.88.160.113 - - [29/Mar/2021:10:46:36 +0800] "GET /xingrg/javascript/easyui/themes/default/validatebox.css HTTP/1.1" 404 1104
101.85.52.2 - - [29/Mar/2021:10:46:36 +0800] "GET /xingrg/all/function/internal_message.html?_=1616985996089&CODE_STATE=getMsg HTTP/1.1" 200 27
114.88.160.113 - - [29/Mar/2021:10:46:36 +0800] "POST /xingrg/kc/buy/cgsh_order_operate.html HTTP/1.1" 200 2662
116.235.216.75 - - [29/Mar/2021:10:46:36 +0800] "POST /xingrg/kc/buy/cgsh_order_operate.html HTTP/1.1" 200 8245
116.235.216.75 - - [29/Mar/2021:10:46:36 +0800] "GET /xingrg/javascript/easyui/themes/default/validatebox.css HTTP/1.1" 404 1104
114.88.160.113 - - [29/Mar/2021:10:46:37 +0800] "GET /xingrg/kc/print/load_data.html?order_code=212021032912721&kc_code=cgsh&condition= HTTP/1.1" 200 679
117.185.32.26 - - [29/Mar/2021:10:46:37 +0800] "GET /xingrg/kc/buy/cgsh_order_operate.html?command=get_materiel&rest_code=00106&code=00101008352&supplier_code=00100007&order_time=2021-03-29 HTTP/1.1" 200 414
117.185.32.26 - - [29/Mar/2021:10:46:37 +0800] "POST /xingrg/kc/buy/cgsh_order_operate.html HTTP/1.1" 200 12
180.152.227.142 - - [29/Mar/2021:10:46:37 +0800] "POST /xingrg/kc/buy/cgsh_list_operate.html HTTP/1.1" 200 876
114.83.217.11 - - [29/Mar/2021:10:46:37 +0800] "GET /xingrg/kc/base/wldb_order_operate.html?command=get_materiel&rest_code=00149&base_code=0010395&code=00102004026 HTTP/1.1" 200 443
116.235.216.75 - - [29/Mar/2021:10:46:37 +0800] "GET /xingrg/javascript/easyui/themes/default/tree.css HTTP/1.1" 404 1090
180.152.227.142 - - [29/Mar/2021:10:46:37 +0800] "GET /xingrg/javascript/easyui/themes/default/images/button_plain_hover.png HTTP/1.1" 304 -
116.235.216.75 - - [29/Mar/2021:10:46:38 +0800] "POST /xingrg/all/common/load_tree.html?tree=supplier_tree_json&isDelete=1 HTTP/1.1" 200 54827
117.185.32.26 - - [29/Mar/2021:10:46:38 +0800] "GET /xingrg/kc/buy/cgsh_order_info.html?code=212021032912763 HTTP/1.1" 200 57053
180.152.227.142 - - [29/Mar/2021:10:46:38 +0800] "GET /xingrg/javascript/pic_change.js HTTP/1.1" 304 -
180.152.227.142 - - [29/Mar/2021:10:46:38 +0800] "GET /xingrg/kc/buy/cgsh_order_add.html HTTP/1.1" 200 62116
180.152.227.142 - - [29/Mar/2021:10:46:39 +0800] "GET /xingrg/javascript/jquery_tools/order_manager.js HTTP/1.1" 304 -
180.152.227.142 - - [29/Mar/2021:10:46:39 +0800] "GET /xingrg/javascript/convert.js HTTP/1.1" 304 -
180.152.227.142 - - [29/Mar/2021:10:46:39 +0800] "GET /xingrg/javascript/json2.js HTTP/1.1" 304 -
180.152.227.142 - - [29/Mar/2021:10:46:39 +0800] "GET /xingrg/javascript/print/kc_print.js HTTP/1.1" 304 -
180.152.227.142 - - [29/Mar/2021:10:46:39 +0800] "GET /xingrg/words/20210329092025_words.js HTTP/1.1" 200 801142
180.152.227.142 - - [29/Mar/2021:10:46:39 +0800] "GET /xingrg/javascript/easyui/themes/icons/copy_new.png HTTP/1.1" 304 -
180.152.227.142 - - [29/Mar/2021:10:46:39 +0800] "GET /xingrg/javascript/easyui/themes/icons/template_new.png HTTP/1.1" 304 -
180.152.227.142 - - [29/Mar/2021:10:46:39 +0800] "GET /xingrg/javascript/easyui/themes/icons/ok.png HTTP/1.1" 304 -
180.152.227.142 - - [29/Mar/2021:10:46:39 +0800] "GET /xingrg/javascript/easyui/themes/icons/print.png HTTP/1.1" 304 -
180.152.227.142 - - [29/Mar/2021:10:46:39 +0800] "GET /xingrg/javascript/easyui/themes/default/images/menu_downarrow.png HTTP/1.1" 304 -
180.152.227.142 - - [29/Mar/2021:10:46:39 +0800] "GET /xingrg/javascript/easyui/themes/icons/cancel.png HTTP/1.1" 304 -
117.185.32.26 - - [29/Mar/2021:10:46:39 +0800] "GET /xingrg/javascript/easyui/themes/default/validatebox.css HTTP/1.1" 404 1104
180.152.227.142 - - [29/Mar/2021:10:46:39 +0800] "POST /xingrg/kc/buy/cgsh_order_operate.html HTTP/1.1" 200 8245
180.152.227.142 - - [29/Mar/2021:10:46:39 +0800] "GET /xingrg/all/common/auto_word.html?type=employee&rest_code=00102 HTTP/1.1" 200 189
117.185.32.26 - - [29/Mar/2021:10:46:39 +0800] "POST /xingrg/kc/buy/cgsh_order_operate.html HTTP/1.1" 200 613
180.152.227.142 - - [29/Mar/2021:10:46:39 +0800] "GET /xingrg/all/common/auto_word.html?type=employee&rest_code=00102 HTTP/1.1" 200 189
180.152.227.142 - - [29/Mar/2021:10:46:39 +0800] "GET /xingrg/javascript/easyui/themes/icons/edit_remove.png HTTP/1.1" 304 -
180.152.227.142 - - [29/Mar/2021:10:46:39 +0800] "GET /xingrg/javascript/easyui/themes/default/validatebox.css HTTP/1.1" 404 1104
180.152.227.142 - - [29/Mar/2021:10:46:39 +0800] "GET /xingrg/javascript/easyui/plugins/jquery.validatebox.js HTTP/1.1" 304 -
180.152.227.142 - - [29/Mar/2021:10:46:39 +0800] "GET /xingrg/javascript/easyui/plugins/jquery.numberbox.js HTTP/1.1" 304 -
116.235.216.75 - - [29/Mar/2021:10:46:41 +0800] "GET /xingrg/all/function/internal_message.html?_=1616986000096&CODE_STATE=getMsg HTTP/1.1" 200 27
117.185.32.26 - - [29/Mar/2021:10:46:41 +0800] "GET /xingrg/kc/print/load_data.html?order_code=212021032912763&kc_code=cgsh&condition= HTTP/1.1" 200 783
101.228.165.73 - - [29/Mar/2021:10:46:43 +0800] "POST /xingrg/services/DataTransmitService HTTP/1.1" 200 524
101.228.165.174 - - [29/Mar/2021:10:46:44 +0800] "GET /xingrg/kc/buy/cgsh_order_operate.html?command=get_materiel&rest_code=00146&code=00101009016&supplier_code=00100023&order_time=2021-03-29 HTTP/1.1" 200 412
61.165.42.208 - - [29/Mar/2021:10:46:44 +0800] "GET /xingrg/kc/buy/cgsh_order_operate.html?command=get_materiel&rest_code=00105&code=00101008394&supplier_code=00100327&order_time=2021-03-29 HTTP/1.1" 200 413
180.152.227.142 - - [29/Mar/2021:10:46:46 +0800] "GET /xingrg/javascript/auto/indicator.gif HTTP/1.1" 404 1066
180.152.227.142 - - [29/Mar/2021:10:46:46 +0800] "GET /xingrg/javascript/jquery_tools/images/prev.gif HTTP/1.1" 404 1086
180.152.227.142 - - [29/Mar/2021:10:46:46 +0800] "GET /xingrg/javascript/jquery_tools/images/next.gif HTTP/1.1" 404 1086
101.228.165.73 - - [29/Mar/2021:10:46:47 +0800] "POST /xingrg/services/DataTransmitService HTTP/1.1" 200 501
120.204.17.70 - - [29/Mar/2021:10:46:47 +0800] "GET /xingrg/kc/buy/cgsh_order_operate.html?command=get_materiel&rest_code=00106&code=00101008357&supplier_code=00100007&order_time=2021-03-29 HTTP/1.1" 302 -
117.185.32.26 - - [29/Mar/2021:10:46:49 +0800] "GET /xingrg/check_reg.html?_=1616986507584 HTTP/1.1" 200 22
117.185.32.26 - - [29/Mar/2021:10:46:49 +0800] "GET /xingrg/all/function/internal_message.html?_=1616986507587&CODE_STATE=getMsg HTTP/1.1" 200 27
114.88.160.113 - - [29/Mar/2021:10:46:50 +0800] "GET /xingrg/all/function/internal_message.html?_=1616986009035&CODE_STATE=getMsg HTTP/1.1" 200 27
117.185.32.26 - - [29/Mar/2021:10:46:50 +0800] "GET /xingrg/kc/buy/cgsh_order_add.html HTTP/1.1" 200 62151
117.185.32.26 - - [29/Mar/2021:10:46:50 +0800] "GET /xingrg/javascript/easyui/themes/default/validatebox.css HTTP/1.1" 404 1104
117.185.32.26 - - [29/Mar/2021:10:46:50 +0800] "POST /xingrg/kc/buy/cgsh_order_operate.html HTTP/1.1" 200 8245
180.152.227.142 - - [29/Mar/2021:10:46:51 +0800] "GET /xingrg/kc/buy/cgsh_order_operate.html?command=get_materiel&rest_code=00102&code=00101008256&supplier_code=00100008&order_time=2021-03-29 HTTP/1.1" 200 412
114.83.217.11 - - [29/Mar/2021:10:46:51 +0800] "POST /xingrg/kc/base/wldb_order_operate.html HTTP/1.1" 200 37
120.253.135.82 - - [29/Mar/2021:10:46:51 +0800] "GET /xingrg/all/function/internal_message.html?_=1616986060884&CODE_STATE=getMsg HTTP/1.1" 200 27
114.83.217.11 - - [29/Mar/2021:10:46:51 +0800] "POST /xingrg/kc/base/wldb_order_operate.html HTTP/1.1" 200 3661
114.88.160.113 - - [29/Mar/2021:10:46:51 +0800] "POST /xingrg/kc/buy/cgsh_list_operate.html HTTP/1.1" 200 276
114.83.217.11 - - [29/Mar/2021:10:46:52 +0800] "GET /xingrg/kc/base/wldb_order_info.html?code=422021032903258 HTTP/1.1" 200 30570
114.83.217.11 - - [29/Mar/2021:10:46:52 +0800] "GET /xingrg/javascript/easyui/themes/default/validatebox.css HTTP/1.1" 404 1104
120.204.17.70 - - [29/Mar/2021:10:46:52 +0800] "GET /xingrg/login.html HTTP/1.1" 200 7641
114.83.217.11 - - [29/Mar/2021:10:46:52 +0800] "POST /xingrg/kc/base/wldb_order_operate.html HTTP/1.1" 200 3661
114.88.160.113 - - [29/Mar/2021:10:46:52 +0800] "GET /xingrg/kc/buy/cgsh_order_info.html?code=212021032912719 HTTP/1.1" 200 62164
61.165.42.208 - - [29/Mar/2021:10:46:52 +0800] "GET /xingrg/kc/buy/cgsh_order_operate.html?command=get_materiel&rest_code=00105&code=00101010628&supplier_code=00100327&order_time=2021-03-29 HTTP/1.1" 200 412
116.235.216.75 - - [29/Mar/2021:10:46:52 +0800] "GET /xingrg/kc/buy/cgsh_order_operate.html?command=get_materiel&rest_code=00107&code=00102002167&supplier_code=00100347&order_time=2021-03-29 HTTP/1.1" 200 409
114.88.160.113 - - [29/Mar/2021:10:46:53 +0800] "GET /xingrg/javascript/easyui/themes/default/validatebox.css HTTP/1.1" 404 1104
117.185.32.26 - - [29/Mar/2021:10:46:53 +0800] "GET /xingrg/javascript/easyui/themes/default/tree.css HTTP/1.1" 404 1090
117.185.32.26 - - [29/Mar/2021:10:46:53 +0800] "POST /xingrg/all/common/load_tree.html?tree=supplier_tree_json&isDelete=1 HTTP/1.1" 200 54827
114.88.160.113 - - [29/Mar/2021:10:46:53 +0800] "POST /xingrg/kc/buy/cgsh_order_operate.html HTTP/1.1" 200 3255
101.228.165.174 - - [29/Mar/2021:10:46:54 +0800] "GET /xingrg/check_reg.html?_=1616986040115 HTTP/1.1" 302 -
114.83.217.11 - - [29/Mar/2021:10:46:54 +0800] "GET /xingrg/kc/base/wldb_order_add.html HTTP/1.1" 200 30555
114.88.160.113 - - [29/Mar/2021:10:46:55 +0800] "GET /xingrg/kc/print/load_data.html?order_code=212021032912719&kc_code=cgsh&condition= HTTP/1.1" 200 967
114.83.217.11 - - [29/Mar/2021:10:46:55 +0800] "POST /xingrg/kc/base/wldb_order_operate.html HTTP/1.1" 200 6806
114.83.217.11 - - [29/Mar/2021:10:46:55 +0800] "GET /xingrg/javascript/easyui/themes/default/validatebox.css HTTP/1.1" 404 1104
180.152.227.142 - - [29/Mar/2021:10:46:57 +0800] "GET /xingrg/kc/buy/cgsh_order_operate.html?command=get_materiel&rest_code=00102&code=00101008155&supplier_code=00100008&order_time=2021-03-29 HTTP/1.1" 200 408
180.152.227.142 - - [29/Mar/2021:10:46:58 +0800] "GET /xingrg/kc/base/wldb_order_operate.html?command=get_materiel&rest_code=00102&base_code=0010476&code=00101019529 HTTP/1.1" 200 475
61.165.42.208 - - [29/Mar/2021:10:46:59 +0800] "POST /xingrg/kc/buy/cgsh_order_operate.html HTTP/1.1" 200 37
116.235.216.75 - - [29/Mar/2021:10:47:02 +0800] "POST /xingrg/kc/buy/cgsh_order_operate.html HTTP/1.1" 200 37
61.165.42.208 - - [29/Mar/2021:10:47:02 +0800] "POST /xingrg/kc/buy/cgsh_order_operate.html HTTP/1.1" 200 4455
117.185.32.26 - - [29/Mar/2021:10:47:03 +0800] "GET /xingrg/kc/buy/cgsh_order_operate.html?command=get_materiel&rest_code=00106&code=00101008312&supplier_code=00100007&order_time=2021-03-29 HTTP/1.1" 200 412
61.165.42.208 - - [29/Mar/2021:10:47:03 +0800] "GET /xingrg/kc/print/load_data.html?order_code=212021032912764&kc_code=cgsh&condition= HTTP/1.1" 200 1364
116.235.216.75 - - [29/Mar/2021:10:47:03 +0800] "POST /xingrg/kc/buy/cgsh_order_operate.html HTTP/1.1" 200 2652
116.235.216.75 - - [29/Mar/2021:10:47:05 +0800] "GET /xingrg/kc/print/load_data.html?order_code=212021032912765&kc_code=cgsh&condition= HTTP/1.1" 200 646
114.88.160.113 - - [29/Mar/2021:10:47:06 +0800] "POST /xingrg/kc/buy/cgsh_list_operate.html HTTP/1.1" 200 5150
61.165.42.208 - - [29/Mar/2021:10:47:07 +0800] "GET /xingrg/kc/buy/cgsh_order_add.html HTTP/1.1" 200 62198
61.165.42.208 - - [29/Mar/2021:10:47:07 +0800] "GET /xingrg/javascript/easyui/themes/default/validatebox.css HTTP/1.1" 404 1104
61.165.42.208 - - [29/Mar/2021:10:47:07 +0800] "POST /xingrg/kc/buy/cgsh_order_operate.html HTTP/1.1" 200 8245
116.224.253.72 - - [29/Mar/2021:10:47:08 +0800] "GET /xingrg/all/function/internal_message.html?_=1616986029025&CODE_STATE=getMsg HTTP/1.1" 200 27
116.224.253.72 - - [29/Mar/2021:10:47:08 +0800] "GET /xingrg/check_reg.html?_=1616986029023 HTTP/1.1" 200 22
117.185.32.26 - - [29/Mar/2021:10:47:08 +0800] "GET /xingrg/kc/buy/cgsh_order_operate.html?command=get_materiel&rest_code=00106&code=00101005022&supplier_code=00100347&order_time=2021-03-29 HTTP/1.1" 200 417
180.152.227.142 - - [29/Mar/2021:10:47:10 +0800] "GET /xingrg/kc/buy/cgsh_order_operate.html?command=get_materiel&rest_code=00102&code=00101008185&supplier_code=00100008&order_time=2021-03-29 HTTP/1.1" 200 408
180.169.147.146 - - [29/Mar/2021:10:47:10 +0800] "GET /xingrg/all/function/internal_message.html?_=1616986021897&CODE_STATE=getMsg HTTP/1.1" 200 27
117.185.32.26 - - [29/Mar/2021:10:47:10 +0800] "GET /xingrg/kc/buy/cgsh_order_operate.html?command=get_materiel&rest_code=00106&code=00101008211&supplier_code=00100007&order_time=2021-03-29 HTTP/1.1" 200 412
114.88.156.246 - - [29/Mar/2021:10:47:11 +0800] "GET /xingrg/kc/buy/cgsh_order_add.html HTTP/1.1" 200 62157
114.88.156.246 - - [29/Mar/2021:10:47:11 +0800] "GET /xingrg/javascript/easyui/themes/default/validatebox.css HTTP/1.1" 404 1104
114.88.156.246 - - [29/Mar/2021:10:47:11 +0800] "POST /xingrg/kc/buy/cgsh_order_operate.html HTTP/1.1" 200 8245
114.83.217.11 - - [29/Mar/2021:10:47:13 +0800] "GET /xingrg/kc/base/wldb_order_operate.html?command=get_materiel&rest_code=00149&base_code=0010395&code=00102002104 HTTP/1.1" 200 465
180.152.227.142 - - [29/Mar/2021:10:47:14 +0800] "POST /xingrg/kc/base/wldb_order_operate.html HTTP/1.1" 200 37
116.235.216.75 - - [29/Mar/2021:10:47:14 +0800] "GET /xingrg/kc/buy/cgsh_order_add.html HTTP/1.1" 200 62239
116.235.216.75 - - [29/Mar/2021:10:47:15 +0800] "GET /xingrg/javascript/easyui/themes/default/validatebox.css HTTP/1.1" 404 1104
116.235.216.75 - - [29/Mar/2021:10:47:15 +0800] "POST /xingrg/kc/buy/cgsh_order_operate.html HTTP/1.1" 200 8245
101.228.165.174 - - [29/Mar/2021:10:47:15 +0800] "GET /xingrg/check_reg.html?_=1616986036700 HTTP/1.1" 200 22
180.152.227.142 - - [29/Mar/2021:10:47:15 +0800] "POST /xingrg/kc/base/wldb_order_operate.html HTTP/1.1" 200 12
180.152.227.142 - - [29/Mar/2021:10:47:15 +0800] "POST /xingrg/kc/base/wldb_order_operate.html HTTP/1.1" 200 4670
116.233.75.109 - - [29/Mar/2021:10:47:16 +0800] "GET /xingrg/all/function/internal_message.html?_=1616986037464&CODE_STATE=getMsg HTTP/1.1" 200 27
61.165.42.208 - - [29/Mar/2021:10:47:16 +0800] "GET /xingrg/kc/buy/cgsh_order_operate.html?command=get_materiel&rest_code=00105&code=00101006164&supplier_code=00100326&order_time=2021-03-29 HTTP/1.1" 200 415
116.235.216.75 - - [29/Mar/2021:10:47:16 +0800] "GET /xingrg/javascript/easyui/themes/default/tree.css HTTP/1.1" 404 1090
116.235.216.75 - - [29/Mar/2021:10:47:17 +0800] "POST /xingrg/all/common/load_tree.html?tree=supplier_tree_json&isDelete=1 HTTP/1.1" 200 54827
180.169.147.146 - - [29/Mar/2021:10:47:18 +0800] "GET /xingrg/all/function/internal_message.html?_=1616986038245&CODE_STATE=getMsg HTTP/1.1" 302 -
180.152.227.142 - - [29/Mar/2021:10:47:18 +0800] "GET /xingrg/kc/base/wldb_order_info.html?code=422021032903259 HTTP/1.1" 200 26422
101.228.165.174 - - [29/Mar/2021:10:47:18 +0800] "GET /xingrg/all/function/internal_message.html?_=1616986040144&CODE_STATE=getMsg HTTP/1.1" 200 27
116.224.253.72 - - [29/Mar/2021:10:47:19 +0800] "GET /xingrg/check_reg.html?_=1616985985683 HTTP/1.1" 200 22
180.169.147.146 - - [29/Mar/2021:10:47:19 +0800] "GET /xingrg/check_reg.html?_=1616986039420 HTTP/1.1" 302 -
180.162.112.81 - - [29/Mar/2021:10:47:19 +0800] "GET /xingrg/all/function/internal_message.html?_=1616985822071&CODE_STATE=getMsg HTTP/1.1" 200 27
117.185.32.26 - - [29/Mar/2021:10:47:19 +0800] "GET /xingrg/all/function/internal_message.html?_=1616986039180&CODE_STATE=getMsg HTTP/1.1" 200 27
116.224.253.72 - - [29/Mar/2021:10:47:19 +0800] "GET /xingrg/all/function/internal_message.html?_=1616985986396&CODE_STATE=getMsg HTTP/1.1" 200 27
114.83.217.11 - - [29/Mar/2021:10:47:19 +0800] "GET /xingrg/kc/base/wldb_order_operate.html?command=get_materiel&rest_code=00149&base_code=0010395&code=00102002940 HTTP/1.1" 200 431
180.152.227.142 - - [29/Mar/2021:10:47:20 +0800] "POST /xingrg/kc/base/wldb_order_operate.html HTTP/1.1" 200 2908
180.152.227.142 - - [29/Mar/2021:10:47:20 +0800] "GET /xingrg/javascript/easyui/themes/default/validatebox.css HTTP/1.1" 404 1104
114.88.160.113 - - [29/Mar/2021:10:47:20 +0800] "POST /xingrg/kc/buy/cgsh_list_operate.html HTTP/1.1" 200 4781
114.88.156.246 - - [29/Mar/2021:10:47:22 +0800] "GET /xingrg/all/function/internal_message.html?_=1616986043888&CODE_STATE=getMsg HTTP/1.1" 200 27
180.169.147.146 - - [29/Mar/2021:10:47:22 +0800] "GET /xingrg/check_reg.html?_=1616986041551 HTTP/1.1" 200 22
180.169.147.146 - - [29/Mar/2021:10:47:22 +0800] "GET /xingrg/all/function/internal_message.html?_=1616986041553&CODE_STATE=getMsg HTTP/1.1" 200 27
117.185.32.26 - - [29/Mar/2021:10:47:23 +0800] "POST /xingrg/kc/buy/cgsh_order_operate.html HTTP/1.1" 200 37
114.88.160.113 - - [29/Mar/2021:10:47:23 +0800] "POST /xingrg/kc/buy/cgsh_list_operate.html HTTP/1.1" 200 212
114.83.217.136 - - [29/Mar/2021:10:47:23 +0800] "GET /xingrg/all/function/internal_message.html?_=1616986042998&CODE_STATE=getMsg HTTP/1.1" 200 27
180.152.227.142 - - [29/Mar/2021:10:47:24 +0800] "GET /xingrg/kc/buy/cgsh_order_operate.html?command=get_materiel&rest_code=00102&code=00101008110&supplier_code=00100008&order_time=2021-03-29 HTTP/1.1" 200 409
114.88.160.113 - - [29/Mar/2021:10:47:24 +0800] "GET /xingrg/kc/buy/cgsh_order_info.html?code=212021032912722 HTTP/1.1" 200 62166
114.88.160.113 - - [29/Mar/2021:10:47:24 +0800] "GET /xingrg/javascript/easyui/themes/default/validatebox.css HTTP/1.1" 404 1104
180.152.227.142 - - [29/Mar/2021:10:47:24 +0800] "GET /xingrg/all/function/internal_message.html?_=1616986044303&CODE_STATE=getMsg HTTP/1.1" 200 27
114.88.160.113 - - [29/Mar/2021:10:47:25 +0800] "POST /xingrg/kc/buy/cgsh_order_operate.html HTTP/1.1" 200 2675
117.185.32.26 - - [29/Mar/2021:10:47:27 +0800] "POST /xingrg/kc/buy/cgsh_order_operate.html HTTP/1.1" 200 37
114.88.156.246 - - [29/Mar/2021:10:47:27 +0800] "GET /xingrg/kc/buy/cgsh_order_operate.html?command=get_materiel&rest_code=00141&code=00101016008&supplier_code=00100323&order_time=2021-03-29 HTTP/1.1" 200 413
114.83.217.11 - - [29/Mar/2021:10:47:28 +0800] "POST /xingrg/kc/base/wldb_order_operate.html HTTP/1.1" 200 37
114.83.217.11 - - [29/Mar/2021:10:47:29 +0800] "GET /xingrg/kc/base/wldb_order_info.html?code=422021032903260 HTTP/1.1" 200 30566
114.83.217.11 - - [29/Mar/2021:10:47:29 +0800] "GET /xingrg/javascript/easyui/themes/default/validatebox.css HTTP/1.1" 404 1104
117.185.32.26 - - [29/Mar/2021:10:47:29 +0800] "POST /xingrg/kc/buy/cgsh_order_operate.html HTTP/1.1" 200 12
114.83.217.11 - - [29/Mar/2021:10:47:30 +0800] "POST /xingrg/kc/base/wldb_order_operate.html HTTP/1.1" 200 2193
114.83.217.11 - - [29/Mar/2021:10:47:30 +0800] "POST /xingrg/kc/base/wldb_order_operate.html HTTP/1.1" 200 2193
117.185.32.26 - - [29/Mar/2021:10:47:30 +0800] "POST /xingrg/kc/buy/cgsh_order_operate.html HTTP/1.1" 200 12087
117.185.32.26 - - [29/Mar/2021:10:47:31 +0800] "GET /xingrg/kc/buy/cgsh_order_info.html?code=212021032912767 HTTP/1.1" 200 57045
117.185.32.26 - - [29/Mar/2021:10:47:31 +0800] "GET /xingrg/javascript/easyui/themes/default/validatebox.css HTTP/1.1" 404 1104
222.70.217.33 - - [29/Mar/2021:10:47:31 +0800] "GET /xingrg/all/function/internal_message.html?_=1616986051536&CODE_STATE=getMsg HTTP/1.1" 200 27
61.165.42.208 - - [29/Mar/2021:10:47:31 +0800] "GET /xingrg/kc/buy/cgsh_order_operate.html?command=get_materiel&rest_code=00105&code=00101007111&supplier_code=00100326&order_time=2021-03-29 HTTP/1.1" 200 417
117.185.32.26 - - [29/Mar/2021:10:47:32 +0800] "POST /xingrg/kc/buy/cgsh_order_operate.html HTTP/1.1" 200 614
114.83.217.11 - - [29/Mar/2021:10:47:32 +0800] "GET /xingrg/kc/base/wldb_order_add.html HTTP/1.1" 200 30555
114.83.217.11 - - [29/Mar/2021:10:47:32 +0800] "POST /xingrg/kc/base/wldb_order_operate.html HTTP/1.1" 200 6806
114.86.187.76 - - [29/Mar/2021:10:47:32 +0800] "GET /xingrg/all/function/internal_message.html?_=1616986053790&CODE_STATE=getMsg HTTP/1.1" 200 27
114.83.217.11 - - [29/Mar/2021:10:47:32 +0800] "GET /xingrg/javascript/easyui/themes/default/validatebox.css HTTP/1.1" 404 1104
180.169.147.146 - - [29/Mar/2021:10:47:32 +0800] "GET /xingrg/all/function/internal_message.html?_=1616986030856&CODE_STATE=getMsg HTTP/1.1" 200 27
114.88.156.246 - - [29/Mar/2021:10:47:33 +0800] "GET /xingrg/all/function/internal_message.html?_=1616986051938&CODE_STATE=getMsg HTTP/1.1" 200 27
114.88.156.246 - - [29/Mar/2021:10:47:33 +0800] "GET /xingrg/kc/buy/cgsh_order_operate.html?command=get_materiel&rest_code=00141&code=00101016009&supplier_code=00100323&order_time=2021-03-29 HTTP/1.1" 200 419
117.184.7.26 - - [29/Mar/2021:10:47:34 +0800] "GET /xingrg/all/function/internal_message.html?_=1616986051876&CODE_STATE=getMsg HTTP/1.1" 200 27
117.185.32.26 - - [29/Mar/2021:10:47:34 +0800] "GET /xingrg/kc/print/load_data.html?order_code=212021032912767&kc_code=cgsh&condition= HTTP/1.1" 200 697
114.83.217.11 - - [29/Mar/2021:10:47:34 +0800] "GET /xingrg/all/function/internal_message.html?_=1616986053614&CODE_STATE=getMsg HTTP/1.1" 200 27
180.169.147.146 - - [29/Mar/2021:10:47:35 +0800] "GET /xingrg/check_reg.html?_=1616986055213 HTTP/1.1" 302 -
180.169.147.146 - - [29/Mar/2021:10:47:35 +0800] "GET /xingrg/all/function/internal_message.html?_=1616986055215&CODE_STATE=getMsg HTTP/1.1" 302 -
61.165.42.208 - - [29/Mar/2021:10:47:35 +0800] "GET /xingrg/all/function/internal_message.html?_=1616986057140&CODE_STATE=getMsg HTTP/1.1" 200 27
101.85.52.2 - - [29/Mar/2021:10:47:36 +0800] "GET /xingrg/all/function/internal_message.html?_=1616986056092&CODE_STATE=getMsg HTTP/1.1" 200 27
116.235.216.75 - - [29/Mar/2021:10:47:38 +0800] "GET /xingrg/kc/buy/cgsh_order_operate.html?command=get_materiel&rest_code=00107&code=00101009050&supplier_code=00100022&order_time=2021-03-29 HTTP/1.1" 200 408
114.83.217.11 - - [29/Mar/2021:10:47:39 +0800] "GET /xingrg/kc/base/wldb_order_operate.html?command=get_materiel&rest_code=00149&base_code=0010400&code=00101001016 HTTP/1.1" 200 434
116.224.253.72 - - [29/Mar/2021:10:47:40 +0800] "POST /xingrg/kc/buy/cgsh_order_operate.html HTTP/1.1" 200 37
180.169.147.146 - - [29/Mar/2021:10:47:40 +0800] "GET /xingrg/system/info/materiel_manager.html HTTP/1.1" 200 19497
180.169.147.146 - - [29/Mar/2021:10:47:40 +0800] "GET /xingrg/dwr/interface/AjaxBaseInfoService.js HTTP/1.1" 200 21363
180.169.147.146 - - [29/Mar/2021:10:47:40 +0800] "GET /xingrg/dwr/interface/AjaxComOrderService.js HTTP/1.1" 200 18264
180.169.147.146 - - [29/Mar/2021:10:47:40 +0800] "GET /xingrg/dwr/engine.js HTTP/1.1" 200 43631
116.235.216.75 - - [29/Mar/2021:10:47:41 +0800] "GET /xingrg/all/function/internal_message.html?_=1616986060068&CODE_STATE=getMsg HTTP/1.1" 200 27
180.169.147.146 - - [29/Mar/2021:10:47:41 +0800] "POST /xingrg/dwr/call/plaincall/AjaxBaseInfoService.getSubMaterielSorts.dwr HTTP/1.1" 200 219
180.169.147.146 - - [29/Mar/2021:10:47:41 +0800] "POST /xingrg/dwr/call/plaincall/AjaxBaseInfoService.getMateriels.dwr HTTP/1.1" 200 2929
120.204.17.73 - - [29/Mar/2021:10:47:41 +0800] "GET /xingrg/kc/buy/cgsh_order_operate.html?command=get_materiel&rest_code=00106&code=00101008352&supplier_code=00100007&order_time=2021-03-29 HTTP/1.1" 302 -
116.224.253.72 - - [29/Mar/2021:10:47:41 +0800] "POST /xingrg/kc/buy/cgsh_order_operate.html HTTP/1.1" 200 3269
180.169.147.146 - - [29/Mar/2021:10:47:42 +0800] "POST /xingrg/dwr/call/plaincall/AjaxBaseInfoService.getSubMaterielSorts.dwr HTTP/1.1" 200 3635
180.169.147.146 - - [29/Mar/2021:10:47:42 +0800] "POST /xingrg/dwr/call/plaincall/AjaxBaseInfoService.getMateriels.dwr HTTP/1.1" 200 2928
117.185.32.26 - - [29/Mar/2021:10:47:42 +0800] "GET /xingrg/kc/buy/cgsh_order_add.html HTTP/1.1" 200 62151
117.185.32.26 - - [29/Mar/2021:10:47:42 +0800] "POST /xingrg/kc/buy/cgsh_order_operate.html HTTP/1.1" 200 8245
117.185.32.26 - - [29/Mar/2021:10:47:42 +0800] "GET /xingrg/javascript/easyui/themes/default/validatebox.css HTTP/1.1" 404 1104
180.169.147.146 - - [29/Mar/2021:10:47:44 +0800] "POST /xingrg/dwr/call/plaincall/AjaxBaseInfoService.getSubMaterielSorts.dwr HTTP/1.1" 200 3482
180.169.147.146 - - [29/Mar/2021:10:47:44 +0800] "GET /xingrg/images/xtree/blank.png HTTP/1.1" 200 144
180.169.147.146 - - [29/Mar/2021:10:47:44 +0800] "GET /xingrg/images/xtree/Lminus.png HTTP/1.1" 200 219
180.169.147.146 - - [29/Mar/2021:10:47:44 +0800] "POST /xingrg/dwr/call/plaincall/AjaxBaseInfoService.getMateriels.dwr HTTP/1.1" 200 3020
117.185.32.26 - - [29/Mar/2021:10:47:44 +0800] "GET /xingrg/javascript/easyui/themes/default/tree.css HTTP/1.1" 404 1090
117.185.32.26 - - [29/Mar/2021:10:47:44 +0800] "POST /xingrg/all/common/load_tree.html?tree=supplier_tree_json&isDelete=1 HTTP/1.1" 200 54827
120.204.17.73 - - [29/Mar/2021:10:47:45 +0800] "GET /xingrg/login.html HTTP/1.1" 200 7641
180.169.147.146 - - [29/Mar/2021:10:47:46 +0800] "POST /xingrg/dwr/call/plaincall/AjaxBaseInfoService.getMateriels.dwr HTTP/1.1" 200 2925
61.165.42.208 - - [29/Mar/2021:10:47:46 +0800] "GET /xingrg/kc/buy/cgsh_order_operate.html?command=get_materiel&rest_code=00105&code=00101012045&supplier_code=00100326&order_time=2021-03-29 HTTP/1.1" 200 409
180.169.147.146 - - [29/Mar/2021:10:47:47 +0800] "GET /xingrg/system/info/materiel_info.html?code=00102003&isAdd=1 HTTP/1.1" 200 34487
180.169.147.146 - - [29/Mar/2021:10:47:47 +0800] "GET /xingrg/dwr/engine.js HTTP/1.1" 200 43631
180.169.147.146 - - [29/Mar/2021:10:47:47 +0800] "GET /favicon.ico HTTP/1.1" 404 -
180.169.147.146 - - [29/Mar/2021:10:47:47 +0800] "POST /xingrg/all/common/load_tree.html?tree=area_rest_tree_json HTTP/1.1" 200 3344
180.169.147.146 - - [29/Mar/2021:10:47:47 +0800] "POST /xingrg/dwr/call/plaincall/AjaxBaseInfoService.getMaterielInfo.dwr HTTP/1.1" 200 216
180.169.147.146 - - [29/Mar/2021:10:47:47 +0800] "POST /xingrg/all/common/load_tree.html?tree=area_rest_tree_json&defaultRests=undefined HTTP/1.1" 200 3344
114.88.156.246 - - [29/Mar/2021:10:47:49 +0800] "GET /xingrg/kc/buy/cgsh_order_operate.html?command=get_materiel&rest_code=00141&code=00101006113&supplier_code=00100323&order_time=2021-03-29 HTTP/1.1" 200 413
117.185.32.26 - - [29/Mar/2021:10:47:49 +0800] "GET /xingrg/all/function/internal_message.html?_=1616986567589&CODE_STATE=getMsg HTTP/1.1" 200 27
114.88.160.113 - - [29/Mar/2021:10:47:50 +0800] "GET /xingrg/all/function/internal_message.html?_=1616986069503&CODE_STATE=getMsg HTTP/1.1" 200 27
183.192.164.71 - - [29/Mar/2021:10:47:50 +0800] "GET /xingrg/all/function/internal_message.html?_=1616985439377&CODE_STATE=getMsg HTTP/1.1" 302 -
120.253.135.82 - - [29/Mar/2021:10:47:51 +0800] "GET /xingrg/all/function/internal_message.html?_=1616986120896&CODE_STATE=getMsg HTTP/1.1" 200 27
114.83.217.11 - - [29/Mar/2021:10:47:51 +0800] "POST /xingrg/kc/base/wldb_order_operate.html HTTP/1.1" 200 37
114.83.217.11 - - [29/Mar/2021:10:47:52 +0800] "POST /xingrg/kc/base/wldb_order_operate.html HTTP/1.1" 200 2185
114.83.217.11 - - [29/Mar/2021:10:47:52 +0800] "GET /xingrg/kc/base/wldb_order_info.html?code=422021032903261 HTTP/1.1" 200 30568
114.83.217.11 - - [29/Mar/2021:10:47:52 +0800] "GET /xingrg/javascript/easyui/themes/default/validatebox.css HTTP/1.1" 404 1104
114.83.217.11 - - [29/Mar/2021:10:47:52 +0800] "POST /xingrg/kc/base/wldb_order_operate.html HTTP/1.1" 200 2185
114.83.217.11 - - [29/Mar/2021:10:47:54 +0800] "GET /xingrg/kc/base/wldb_order_add.html HTTP/1.1" 200 30555
61.165.42.208 - - [29/Mar/2021:10:47:54 +0800] "GET /xingrg/kc/buy/cgsh_order_operate.html?command=get_materiel&rest_code=00105&code=00101006053&supplier_code=00100326&order_time=2021-03-29 HTTP/1.1" 200 423
114.83.217.11 - - [29/Mar/2021:10:47:54 +0800] "POST /xingrg/kc/base/wldb_order_operate.html HTTP/1.1" 200 6806
114.83.217.11 - - [29/Mar/2021:10:47:55 +0800] "GET /xingrg/javascript/easyui/themes/default/validatebox.css HTTP/1.1" 404 1104
180.152.227.142 - - [29/Mar/2021:10:47:57 +0800] "GET /xingrg/kc/buy/cgsh_order_operate.html?command=get_materiel&rest_code=00102&code=00101008038&supplier_code=00100008&order_time=2021-03-29 HTTP/1.1" 200 412
183.192.164.71 - - [29/Mar/2021:10:47:59 +0800] "GET /xingrg/login.html HTTP/1.1" 200 7641
180.162.112.81 - - [29/Mar/2021:10:47:59 +0800] "GET /xingrg/kc/base/base_main.html HTTP/1.1" 200 12142
61.165.42.208 - - [29/Mar/2021:10:48:00 +0800] "POST /xingrg/kc/buy/cgsh_order_operate.html HTTP/1.1" 200 37
61.165.42.208 - - [29/Mar/2021:10:48:01 +0800] "POST /xingrg/kc/buy/cgsh_order_operate.html HTTP/1.1" 200 4449
117.185.32.26 - - [29/Mar/2021:10:48:01 +0800] "GET /xingrg/kc/buy/cgsh_order_operate.html?command=get_materiel&rest_code=00106&code=00101018011&supplier_code=00100330&order_time=2021-03-29 HTTP/1.1" 200 413
180.162.112.81 - - [29/Mar/2021:10:48:02 +0800] "GET /xingrg/kc/base/wldb_order_list.html HTTP/1.1" 200 19392
114.83.217.11 - - [29/Mar/2021:10:48:02 +0800] "GET /xingrg/kc/base/wldb_order_operate.html?command=get_materiel&rest_code=00149&base_code=0010400&code=00101004065 HTTP/1.1" 200 436
180.162.112.81 - - [29/Mar/2021:10:48:02 +0800] "POST /xingrg/kc/base/wldb_list_operate.html HTTP/1.1" 200 2192
61.165.42.208 - - [29/Mar/2021:10:48:03 +0800] "GET /xingrg/kc/print/load_data.html?order_code=212021032912769&kc_code=cgsh&condition= HTTP/1.1" 200 1374
180.152.227.142 - - [29/Mar/2021:10:48:04 +0800] "GET /xingrg/kc/buy/cgsh_order_operate.html?command=get_materiel&rest_code=00102&code=00101008358&supplier_code=00100008&order_time=2021-03-29 HTTP/1.1" 200 412
222.70.217.33 - - [29/Mar/2021:10:48:04 +0800] "GET /xingrg/check_reg.html?_=1616986084047 HTTP/1.1" 200 22
116.235.216.75 - - [29/Mar/2021:10:48:04 +0800] "GET /xingrg/kc/buy/cgsh_order_operate.html?command=get_materiel&rest_code=00107&code=00101009011&supplier_code=00100022&order_time=2021-03-29 HTTP/1.1" 200 416
61.165.42.208 - - [29/Mar/2021:10:48:07 +0800] "GET /xingrg/kc/buy/cgsh_order_add.html HTTP/1.1" 200 62198
61.165.42.208 - - [29/Mar/2021:10:48:07 +0800] "POST /xingrg/kc/buy/cgsh_order_operate.html HTTP/1.1" 200 8245
61.165.42.208 - - [29/Mar/2021:10:48:07 +0800] "GET /xingrg/javascript/easyui/themes/default/validatebox.css HTTP/1.1" 404 1104
116.224.253.72 - - [29/Mar/2021:10:48:08 +0800] "GET /xingrg/all/function/internal_message.html?_=1616986089021&CODE_STATE=getMsg HTTP/1.1" 200 27
180.162.112.81 - - [29/Mar/2021:10:48:08 +0800] "GET /xingrg/kc/base/wldb_order_add.html HTTP/1.1" 200 30559
180.162.112.81 - - [29/Mar/2021:10:48:08 +0800] "GET /xingrg/words/20210329092025_words.js HTTP/1.1" 200 801142
180.162.112.81 - - [29/Mar/2021:10:48:09 +0800] "POST /xingrg/kc/base/wldb_order_operate.html HTTP/1.1" 200 6806
180.162.112.81 - - [29/Mar/2021:10:48:09 +0800] "GET /xingrg/all/common/auto_word.html?type=base&rest_code=00143 HTTP/1.1" 200 619
180.162.112.81 - - [29/Mar/2021:10:48:09 +0800] "GET /xingrg/all/common/auto_word.html?type=base&rest_code=00143 HTTP/1.1" 200 619
180.162.112.81 - - [29/Mar/2021:10:48:09 +0800] "GET /xingrg/javascript/easyui/themes/default/validatebox.css HTTP/1.1" 404 1104
180.152.227.142 - - [29/Mar/2021:10:48:10 +0800] "GET /xingrg/kc/buy/cgsh_order_operate.html?command=get_materiel&rest_code=00102&code=00101008355&supplier_code=00100008&order_time=2021-03-29 HTTP/1.1" 200 410
180.169.147.146 - - [29/Mar/2021:10:48:10 +0800] "GET /xingrg/all/function/internal_message.html?_=1616986081896&CODE_STATE=getMsg HTTP/1.1" 200 27
180.169.147.146 - - [29/Mar/2021:10:48:11 +0800] "GET /xingrg/system/info/materiel_info.html?code=00102003&isAdd=1 HTTP/1.1" 200 34487
180.162.112.81 - - [29/Mar/2021:10:48:11 +0800] "POST /xingrg/all/common/load_combo.html?type=base HTTP/1.1" 200 1130
180.169.147.146 - - [29/Mar/2021:10:48:11 +0800] "GET /xingrg/dwr/engine.js HTTP/1.1" 200 43631
180.169.147.146 - - [29/Mar/2021:10:48:11 +0800] "GET /favicon.ico HTTP/1.1" 404 -
180.169.147.146 - - [29/Mar/2021:10:48:11 +0800] "POST /xingrg/all/common/load_tree.html?tree=area_rest_tree_json HTTP/1.1" 200 3344
180.169.147.146 - - [29/Mar/2021:10:48:11 +0800] "POST /xingrg/dwr/call/plaincall/AjaxBaseInfoService.getMaterielInfo.dwr HTTP/1.1" 200 216
180.169.147.146 - - [29/Mar/2021:10:48:11 +0800] "POST /xingrg/all/common/load_tree.html?tree=area_rest_tree_json&defaultRests=undefined HTTP/1.1" 200 3344
114.83.217.11 - - [29/Mar/2021:10:48:13 +0800] "POST /xingrg/kc/base/wldb_order_operate.html HTTP/1.1" 200 37
114.88.156.246 - - [29/Mar/2021:10:48:13 +0800] "GET /xingrg/check_reg.html?_=1616986091366 HTTP/1.1" 200 22
114.83.217.11 - - [29/Mar/2021:10:48:13 +0800] "POST /xingrg/kc/base/wldb_order_operate.html HTTP/1.1" 200 2186
116.235.216.75 - - [29/Mar/2021:10:48:13 +0800] "POST /xingrg/kc/buy/cgsh_order_operate.html HTTP/1.1" 200 37
114.83.217.11 - - [29/Mar/2021:10:48:13 +0800] "GET /xingrg/kc/base/wldb_order_info.html?code=422021032903262 HTTP/1.1" 200 30568
114.83.217.11 - - [29/Mar/2021:10:48:14 +0800] "GET /xingrg/javascript/easyui/themes/default/validatebox.css HTTP/1.1" 404 1104
114.83.217.11 - - [29/Mar/2021:10:48:14 +0800] "POST /xingrg/kc/base/wldb_order_operate.html HTTP/1.1" 200 2186
116.235.216.75 - - [29/Mar/2021:10:48:15 +0800] "POST /xingrg/kc/buy/cgsh_order_operate.html HTTP/1.1" 200 3247
61.165.42.208 - - [29/Mar/2021:10:48:15 +0800] "GET /xingrg/kc/buy/cgsh_order_operate.html?command=get_materiel&rest_code=00105&code=00101001040&supplier_code=00100090&order_time=2021-03-29 HTTP/1.1" 200 415
116.233.75.109 - - [29/Mar/2021:10:48:16 +0800] "GET /xingrg/all/function/internal_message.html?_=1616986097467&CODE_STATE=getMsg HTTP/1.1" 200 27
116.233.75.109 - - [29/Mar/2021:10:48:16 +0800] "GET /xingrg/check_reg.html?_=1616986097468 HTTP/1.1" 200 22
180.162.112.81 - - [29/Mar/2021:10:48:16 +0800] "POST /xingrg/all/common/load_combo.html?type=base HTTP/1.1" 200 1130
116.235.216.75 - - [29/Mar/2021:10:48:16 +0800] "GET /xingrg/kc/print/load_data.html?order_code=212021032912770&kc_code=cgsh&condition= HTTP/1.1" 200 931
114.83.217.11 - - [29/Mar/2021:10:48:16 +0800] "GET /xingrg/kc/base/wldb_order_add.html HTTP/1.1" 200 30555
114.83.217.11 - - [29/Mar/2021:10:48:16 +0800] "POST /xingrg/kc/base/wldb_order_operate.html HTTP/1.1" 200 6806
114.83.217.11 - - [29/Mar/2021:10:48:16 +0800] "GET /xingrg/javascript/easyui/themes/default/validatebox.css HTTP/1.1" 404 1104
180.169.147.146 - - [29/Mar/2021:10:48:17 +0800] "GET /xingrg/system/info/materiel_info.html?code=00102003&isAdd=1 HTTP/1.1" 200 34487
180.169.147.146 - - [29/Mar/2021:10:48:17 +0800] "GET /xingrg/dwr/engine.js HTTP/1.1" 200 43631
180.169.147.146 - - [29/Mar/2021:10:48:17 +0800] "GET /favicon.ico HTTP/1.1" 404 -
180.169.147.146 - - [29/Mar/2021:10:48:17 +0800] "POST /xingrg/all/common/load_tree.html?tree=area_rest_tree_json HTTP/1.1" 200 3344
180.169.147.146 - - [29/Mar/2021:10:48:17 +0800] "POST /xingrg/dwr/call/plaincall/AjaxBaseInfoService.getMaterielInfo.dwr HTTP/1.1" 200 216
180.169.147.146 - - [29/Mar/2021:10:48:17 +0800] "POST /xingrg/all/common/load_tree.html?tree=area_rest_tree_json&defaultRests=undefined HTTP/1.1" 200 3344
180.169.147.146 - - [29/Mar/2021:10:48:18 +0800] "GET /xingrg/all/function/internal_message.html?_=1616986098230&CODE_STATE=getMsg HTTP/1.1" 302 -
101.228.165.174 - - [29/Mar/2021:10:48:18 +0800] "GET /xingrg/all/function/internal_message.html?_=1616986100326&CODE_STATE=getMsg HTTP/1.1" 200 27
180.162.112.81 - - [29/Mar/2021:10:48:19 +0800] "GET /xingrg/all/function/internal_message.html?_=1616985882074&CODE_STATE=getMsg HTTP/1.1" 200 27
117.185.32.26 - - [29/Mar/2021:10:48:19 +0800] "GET /xingrg/all/function/internal_message.html?_=1616986099203&CODE_STATE=getMsg HTTP/1.1" 200 27
116.224.253.72 - - [29/Mar/2021:10:48:19 +0800] "GET /xingrg/all/function/internal_message.html?_=1616986046411&CODE_STATE=getMsg HTTP/1.1" 200 27
117.185.32.26 - - [29/Mar/2021:10:48:22 +0800] "GET /xingrg/kc/buy/cgsh_order_operate.html?command=get_materiel&rest_code=00106&code=00101006199&supplier_code=00100330&order_time=2021-03-29 HTTP/1.1" 200 414
114.88.156.246 - - [29/Mar/2021:10:48:22 +0800] "GET /xingrg/all/function/internal_message.html?_=1616986103855&CODE_STATE=getMsg HTTP/1.1" 200 27
180.169.147.146 - - [29/Mar/2021:10:48:22 +0800] "GET /xingrg/all/function/internal_message.html?_=1616986101559&CODE_STATE=getMsg HTTP/1.1" 200 27
114.83.217.136 - - [29/Mar/2021:10:48:23 +0800] "GET /xingrg/all/function/internal_message.html?_=1616986102999&CODE_STATE=getMsg HTTP/1.1" 200 27
58.40.7.146 - - [29/Mar/2021:10:48:24 +0800] "POST /xingrg/services/DataTransmitService HTTP/1.1" 200 524
180.152.227.142 - - [29/Mar/2021:10:48:24 +0800] "GET /xingrg/check_reg.html?_=1616986104253 HTTP/1.1" 200 22
180.152.227.142 - - [29/Mar/2021:10:48:24 +0800] "GET /xingrg/all/function/internal_message.html?_=1616986104315&CODE_STATE=getMsg HTTP/1.1" 200 27
114.88.156.246 - - [29/Mar/2021:10:48:27 +0800] "GET /xingrg/kc/buy/cgsh_order_operate.html?command=get_materiel&rest_code=00141&code=00101006181&supplier_code=00100323&order_time=2021-03-29 HTTP/1.1" 200 411
117.185.32.26 - - [29/Mar/2021:10:48:28 +0800] "GET /xingrg/kc/buy/cgsh_order_operate.html?command=get_materiel&rest_code=00106&code=00101008365&supplier_code=00100007&order_time=2021-03-29 HTTP/1.1" 200 413
222.70.217.33 - - [29/Mar/2021:10:48:31 +0800] "GET /xingrg/all/function/internal_message.html?_=1616986111510&CODE_STATE=getMsg HTTP/1.1" 200 27
114.86.187.76 - - [29/Mar/2021:10:48:32 +0800] "GET /xingrg/all/function/internal_message.html?_=1616986113983&CODE_STATE=getMsg HTTP/1.1" 200 27
180.169.147.146 - - [29/Mar/2021:10:48:32 +0800] "GET /xingrg/check_reg.html?_=1616986090860 HTTP/1.1" 200 22
180.169.147.146 - - [29/Mar/2021:10:48:32 +0800] "GET /xingrg/all/function/internal_message.html?_=1616986090862&CODE_STATE=getMsg HTTP/1.1" 200 27
114.88.156.246 - - [29/Mar/2021:10:48:33 +0800] "GET /xingrg/all/function/internal_message.html?_=1616986111943&CODE_STATE=getMsg HTTP/1.1" 200 27
117.184.7.26 - - [29/Mar/2021:10:48:34 +0800] "GET /xingrg/all/function/internal_message.html?_=1616986111877&CODE_STATE=getMsg HTTP/1.1" 200 27
117.184.7.26 - - [29/Mar/2021:10:48:34 +0800] "GET /xingrg/check_reg.html?_=1616986111883 HTTP/1.1" 200 22
117.185.32.26 - - [29/Mar/2021:10:48:34 +0800] "POST /xingrg/kc/buy/cgsh_order_operate.html HTTP/1.1" 200 37
