117.185.32.26 - - [29/Mar/2021:10:17:56 +0800] "GET /xingrg/kc/buy/cgsh_order_operate.html?command=get_materiel&rest_code=00106&code=00101016053&supplier_code=00100032&order_time=2021-03-29 HTTP/1.1" 200 408
116.235.216.75 - - [29/Mar/2021:10:17:57 +0800] "GET /xingrg/javascript/easyui/themes/default/validatebox.css HTTP/1.1" 404 1104
116.235.216.75 - - [29/Mar/2021:10:17:57 +0800] "POST /xingrg/kc/buy/cgsh_order_operate.html HTTP/1.1" 200 8245
116.235.216.75 - - [29/Mar/2021:10:17:58 +0800] "GET /xingrg/javascript/easyui/themes/default/tree.css HTTP/1.1" 404 1090
116.235.216.75 - - [29/Mar/2021:10:17:58 +0800] "POST /xingrg/all/common/load_tree.html?tree=supplier_tree_json&isDelete=1 HTTP/1.1" 200 54827
114.88.156.246 - - [29/Mar/2021:10:17:58 +0800] "GET /xingrg/kc/buy/cgsh_order_operate.html?command=get_materiel&rest_code=00141&code=00101008131&supplier_code=00100007&order_time=2021-03-29 HTTP/1.1" 200 408
120.204.17.70 - - [29/Mar/2021:10:18:00 +0800] "GET /xingrg/login.html HTTP/1.1" 200 7641
180.169.147.146 - - [29/Mar/2021:10:18:01 +0800] "GET /xingrg/all/function/internal_message.html?_=1616984260132&CODE_STATE=getMsg HTTP/1.1" 200 27
117.185.32.26 - - [29/Mar/2021:10:18:03 +0800] "GET /xingrg/kc/buy/cgsh_order_operate.html?command=get_materiel&rest_code=00106&code=00101001111&supplier_code=00100032&order_time=2021-03-29 HTTP/1.1" 200 410
222.70.217.33 - - [29/Mar/2021:10:18:04 +0800] "GET /xingrg/check_reg.html?_=1616984284054 HTTP/1.1" 200 22
114.88.156.246 - - [29/Mar/2021:10:18:04 +0800] "GET /xingrg/kc/buy/cgsh_order_operate.html?command=get_materiel&rest_code=00141&code=00101008352&supplier_code=00100007&order_time=2021-03-29 HTTP/1.1" 200 414
114.88.160.113 - - [29/Mar/2021:10:18:07 +0800] "GET /xingrg/kc/buy/cgsh_order_operate.html?command=get_materiel&rest_code=00111&code=00101001029&supplier_code=00100314&order_time=2021-03-29 HTTP/1.1" 200 415
180.169.147.146 - - [29/Mar/2021:10:18:10 +0800] "GET /xingrg/all/function/internal_message.html?_=1616984281967&CODE_STATE=getMsg HTTP/1.1" 200 27
114.88.156.246 - - [29/Mar/2021:10:18:11 +0800] "GET /xingrg/kc/buy/cgsh_order_operate.html?command=get_materiel&rest_code=00141&code=00101008005&supplier_code=00100007&order_time=2021-03-29 HTTP/1.1" 200 412
114.88.156.246 - - [29/Mar/2021:10:18:12 +0800] "GET /xingrg/check_reg.html?_=1616984291311 HTTP/1.1" 200 22
116.235.216.75 - - [29/Mar/2021:10:18:13 +0800] "GET /xingrg/kc/buy/cgsh_order_operate.html?command=get_materiel&rest_code=00107&code=00101002022&supplier_code=00100199&order_time=2021-03-29 HTTP/1.1" 200 429
116.233.75.109 - - [29/Mar/2021:10:18:15 +0800] "GET /xingrg/all/function/internal_message.html?_=1616984296779&CODE_STATE=getMsg HTTP/1.1" 200 27
116.233.75.109 - - [29/Mar/2021:10:18:15 +0800] "GET /xingrg/check_reg.html?_=1616984296782 HTTP/1.1" 200 22
116.224.253.72 - - [29/Mar/2021:10:18:16 +0800] "GET /xingrg/all/function/internal_message.html?_=1616984297137&CODE_STATE=getMsg HTTP/1.1" 200 27
101.228.165.174 - - [29/Mar/2021:10:18:18 +0800] "GET /xingrg/all/function/internal_message.html?_=1616984299407&CODE_STATE=getMsg HTTP/1.1" 200 27
180.169.147.146 - - [29/Mar/2021:10:18:18 +0800] "GET /xingrg/all/function/internal_message.html?_=1616984298856&CODE_STATE=getMsg HTTP/1.1" 302 -
116.224.253.72 - - [29/Mar/2021:10:18:18 +0800] "GET /xingrg/all/function/internal_message.html?_=1616984245489&CODE_STATE=getMsg HTTP/1.1" 200 27
117.185.32.26 - - [29/Mar/2021:10:18:20 +0800] "GET /xingrg/all/function/internal_message.html?_=1616984299715&CODE_STATE=getMsg HTTP/1.1" 200 27
114.88.160.113 - - [29/Mar/2021:10:18:21 +0800] "GET /xingrg/kc/buy/cgsh_order_operate.html?command=get_materiel&rest_code=00111&code=00101001258&supplier_code=00100314&order_time=2021-03-29 HTTP/1.1" 200 395
114.88.156.246 - - [29/Mar/2021:10:18:22 +0800] "GET /xingrg/all/function/internal_message.html?_=1616984303776&CODE_STATE=getMsg HTTP/1.1" 200 27
180.169.147.146 - - [29/Mar/2021:10:18:22 +0800] "GET /xingrg/all/function/internal_message.html?_=1616984301553&CODE_STATE=getMsg HTTP/1.1" 200 27
117.185.32.26 - - [29/Mar/2021:10:18:24 +0800] "GET /xingrg/kc/buy/cgsh_order_operate.html?command=get_materiel&rest_code=00106&code=00101016071&supplier_code=00100032&order_time=2021-03-29 HTTP/1.1" 200 416
116.235.216.75 - - [29/Mar/2021:10:18:27 +0800] "GET /xingrg/kc/buy/cgsh_order_operate.html?command=get_materiel&rest_code=00107&code=00101002007&supplier_code=00100199&order_time=2021-03-29 HTTP/1.1" 200 409
114.88.156.246 - - [29/Mar/2021:10:18:28 +0800] "GET /xingrg/kc/buy/cgsh_order_operate.html?command=get_materiel&rest_code=00141&code=00101008271&supplier_code=00100007&order_time=2021-03-29 HTTP/1.1" 200 408
114.86.187.76 - - [29/Mar/2021:10:18:30 +0800] "GET /xingrg/all/function/internal_message.html?_=1616984312358&CODE_STATE=getMsg HTTP/1.1" 200 27
101.85.94.178 - - [29/Mar/2021:10:18:31 +0800] "GET /xingrg/all/function/internal_message.html?_=1616983875783&CODE_STATE=getMsg HTTP/1.1" 200 27
222.70.217.33 - - [29/Mar/2021:10:18:32 +0800] "GET /xingrg/all/function/internal_message.html?_=1616984312275&CODE_STATE=getMsg HTTP/1.1" 200 27
114.88.156.246 - - [29/Mar/2021:10:18:34 +0800] "GET /xingrg/all/function/internal_message.html?_=1616984312638&CODE_STATE=getMsg HTTP/1.1" 200 27
180.169.147.146 - - [29/Mar/2021:10:18:34 +0800] "POST /xingrg/kc/base/yddb_list_operate.html HTTP/1.1" 200 432
180.169.147.146 - - [29/Mar/2021:10:18:35 +0800] "GET /xingrg/all/function/internal_message.html?_=1616984315145&CODE_STATE=getMsg HTTP/1.1" 200 27
114.83.217.11 - - [29/Mar/2021:10:18:35 +0800] "GET /xingrg/all/function/internal_message.html?_=1616984314161&CODE_STATE=getMsg HTTP/1.1" 200 27
180.169.147.146 - - [29/Mar/2021:10:18:35 +0800] "POST /xingrg/kc/base/yddb_list_operate.html HTTP/1.1" 200 200
61.165.42.208 - - [29/Mar/2021:10:18:36 +0800] "GET /xingrg/all/function/internal_message.html?_=1616984317836&CODE_STATE=getMsg HTTP/1.1" 200 27
114.88.156.246 - - [29/Mar/2021:10:18:37 +0800] "GET /xingrg/kc/buy/cgsh_order_operate.html?command=get_materiel&rest_code=00141&code=00101008353&supplier_code=00100007&order_time=2021-03-29 HTTP/1.1" 200 408
116.235.216.75 - - [29/Mar/2021:10:18:39 +0800] "GET /xingrg/all/function/internal_message.html?_=1616984318266&CODE_STATE=getMsg HTTP/1.1" 200 27
116.235.216.75 - - [29/Mar/2021:10:18:39 +0800] "POST /xingrg/kc/buy/cgsh_order_operate.html HTTP/1.1" 200 37
116.235.216.75 - - [29/Mar/2021:10:18:41 +0800] "POST /xingrg/kc/buy/cgsh_order_operate.html HTTP/1.1" 200 3244
116.235.216.75 - - [29/Mar/2021:10:18:42 +0800] "GET /xingrg/kc/print/load_data.html?order_code=212021032912702&kc_code=cgsh&condition= HTTP/1.1" 200 884
114.88.160.113 - - [29/Mar/2021:10:18:44 +0800] "GET /xingrg/all/function/internal_message.html?_=1616984323789&CODE_STATE=getMsg HTTP/1.1" 200 27
114.88.156.246 - - [29/Mar/2021:10:18:45 +0800] "GET /xingrg/kc/buy/cgsh_order_operate.html?command=get_materiel&rest_code=00141&code=00101008213&supplier_code=00100007&order_time=2021-03-29 HTTP/1.1" 200 412
116.235.216.75 - - [29/Mar/2021:10:18:46 +0800] "GET /xingrg/kc/buy/cgsh_order_add.html HTTP/1.1" 200 62239
116.235.216.75 - - [29/Mar/2021:10:18:47 +0800] "GET /xingrg/javascript/easyui/themes/default/validatebox.css HTTP/1.1" 404 1104
116.235.216.75 - - [29/Mar/2021:10:18:47 +0800] "POST /xingrg/kc/buy/cgsh_order_operate.html HTTP/1.1" 200 8245
120.253.135.82 - - [29/Mar/2021:10:18:51 +0800] "GET /xingrg/all/function/internal_message.html?_=1616984380405&CODE_STATE=getMsg HTTP/1.1" 200 27
117.185.32.26 - - [29/Mar/2021:10:18:51 +0800] "POST /xingrg/kc/buy/cgsh_order_operate.html HTTP/1.1" 200 37
114.88.160.113 - - [29/Mar/2021:10:18:53 +0800] "POST /xingrg/kc/buy/cgsh_order_operate.html HTTP/1.1" 200 37
114.88.156.246 - - [29/Mar/2021:10:18:53 +0800] "GET /xingrg/kc/buy/cgsh_order_operate.html?command=get_materiel&rest_code=00141&code=00101008144&supplier_code=00100007&order_time=2021-03-29 HTTP/1.1" 200 412
117.185.32.26 - - [29/Mar/2021:10:18:54 +0800] "POST /xingrg/kc/buy/cgsh_order_operate.html HTTP/1.1" 200 12
114.88.160.113 - - [29/Mar/2021:10:18:54 +0800] "POST /xingrg/kc/buy/cgsh_order_operate.html HTTP/1.1" 200 3252
117.185.32.26 - - [29/Mar/2021:10:18:56 +0800] "GET /xingrg/kc/buy/cgsh_order_info.html?code=212021032912703 HTTP/1.1" 200 57063
117.185.32.26 - - [29/Mar/2021:10:18:56 +0800] "GET /xingrg/javascript/easyui/themes/default/validatebox.css HTTP/1.1" 404 1104
114.88.160.113 - - [29/Mar/2021:10:18:56 +0800] "GET /xingrg/kc/buy/cgsh_order_add.html HTTP/1.1" 200 62151
117.185.32.26 - - [29/Mar/2021:10:18:57 +0800] "POST /xingrg/kc/buy/cgsh_order_operate.html HTTP/1.1" 200 5340
114.88.160.113 - - [29/Mar/2021:10:18:58 +0800] "POST /xingrg/kc/buy/cgsh_order_operate.html HTTP/1.1" 200 8245
114.88.160.113 - - [29/Mar/2021:10:18:58 +0800] "GET /xingrg/javascript/easyui/themes/default/validatebox.css HTTP/1.1" 404 1104
116.235.216.75 - - [29/Mar/2021:10:18:59 +0800] "GET /xingrg/javascript/easyui/themes/default/tree.css HTTP/1.1" 404 1090
116.235.216.75 - - [29/Mar/2021:10:18:59 +0800] "POST /xingrg/all/common/load_tree.html?tree=supplier_tree_json&isDelete=1 HTTP/1.1" 200 54827
117.185.32.26 - - [29/Mar/2021:10:18:59 +0800] "GET /xingrg/kc/print/load_data.html?order_code=212021032912703&kc_code=cgsh&condition= HTTP/1.1" 200 2531
114.88.156.246 - - [29/Mar/2021:10:18:59 +0800] "GET /xingrg/kc/buy/cgsh_order_operate.html?command=get_materiel&rest_code=00141&code=00101008283&supplier_code=00100007&order_time=2021-03-29 HTTP/1.1" 200 408
180.169.147.146 - - [29/Mar/2021:10:19:01 +0800] "GET /xingrg/all/function/internal_message.html?_=1616984320132&CODE_STATE=getMsg HTTP/1.1" 200 27
114.88.160.113 - - [29/Mar/2021:10:19:02 +0800] "GET /xingrg/kc/buy/buy_main.html HTTP/1.1" 200 12412
114.88.160.113 - - [29/Mar/2021:10:19:02 +0800] "GET /xingrg/css/new_ie.css HTTP/1.1" 404 1036
114.88.160.113 - - [29/Mar/2021:10:19:03 +0800] "GET /xingrg/images/yd/bt.gif HTTP/1.1" 404 1040
114.88.160.113 - - [29/Mar/2021:10:19:03 +0800] "GET /xingrg/kc/buy/cgsh_order_list.html HTTP/1.1" 200 46413
114.88.160.113 - - [29/Mar/2021:10:19:06 +0800] "POST /xingrg/kc/buy/cgsh_list_operate.html HTTP/1.1" 200 3499
114.88.156.246 - - [29/Mar/2021:10:19:07 +0800] "GET /xingrg/kc/buy/cgsh_order_operate.html?command=get_materiel&rest_code=00141&code=00101008365&supplier_code=00100007&order_time=2021-03-29 HTTP/1.1" 200 413
114.88.160.113 - - [29/Mar/2021:10:19:10 +0800] "POST /xingrg/kc/buy/cgsh_list_operate.html HTTP/1.1" 200 274
180.169.147.146 - - [29/Mar/2021:10:19:10 +0800] "GET /xingrg/all/function/internal_message.html?_=1616984341937&CODE_STATE=getMsg HTTP/1.1" 200 27
114.88.160.113 - - [29/Mar/2021:10:19:10 +0800] "GET /xingrg/kc/buy/cgsh_order_info.html?code=212021032912704 HTTP/1.1" 200 62162
114.88.160.113 - - [29/Mar/2021:10:19:11 +0800] "GET /xingrg/javascript/easyui/themes/default/validatebox.css HTTP/1.1" 404 1104
114.88.160.113 - - [29/Mar/2021:10:19:11 +0800] "POST /xingrg/kc/buy/cgsh_order_operate.html HTTP/1.1" 200 3252
116.235.216.75 - - [29/Mar/2021:10:19:12 +0800] "GET /xingrg/kc/buy/cgsh_order_operate.html?command=get_materiel&rest_code=00107&code=00101006067&supplier_code=00100330&order_time=2021-03-29 HTTP/1.1" 200 409
114.88.156.246 - - [29/Mar/2021:10:19:13 +0800] "GET /xingrg/kc/buy/cgsh_order_operate.html?command=get_materiel&rest_code=00141&code=00101008261&supplier_code=00100007&order_time=2021-03-29 HTTP/1.1" 200 408
114.88.160.113 - - [29/Mar/2021:10:19:13 +0800] "GET /xingrg/kc/print/load_data.html?order_code=212021032912704&kc_code=cgsh&condition= HTTP/1.1" 200 898
116.233.75.109 - - [29/Mar/2021:10:19:15 +0800] "GET /xingrg/all/function/internal_message.html?_=1616984356781&CODE_STATE=getMsg HTTP/1.1" 200 27
116.224.253.72 - - [29/Mar/2021:10:19:16 +0800] "GET /xingrg/all/function/internal_message.html?_=1616984357141&CODE_STATE=getMsg HTTP/1.1" 200 27
101.228.165.174 - - [29/Mar/2021:10:19:18 +0800] "GET /xingrg/all/function/internal_message.html?_=1616984359421&CODE_STATE=getMsg HTTP/1.1" 200 27
180.169.147.146 - - [29/Mar/2021:10:19:18 +0800] "GET /xingrg/all/function/internal_message.html?_=1616984358846&CODE_STATE=getMsg HTTP/1.1" 302 -
116.224.253.72 - - [29/Mar/2021:10:19:18 +0800] "GET /xingrg/all/function/internal_message.html?_=1616984305502&CODE_STATE=getMsg HTTP/1.1" 200 27
116.224.253.72 - - [29/Mar/2021:10:19:19 +0800] "GET /xingrg/kc/mdqp/qqps_order_add.html HTTP/1.1" 200 27998
116.224.253.72 - - [29/Mar/2021:10:19:19 +0800] "GET /xingrg/dwr/interface/AjaxComOrderService.js HTTP/1.1" 200 18264
116.224.253.72 - - [29/Mar/2021:10:19:19 +0800] "GET /xingrg/dwr/interface/AjaxQqpsService.js HTTP/1.1" 200 16326
116.224.253.72 - - [29/Mar/2021:10:19:19 +0800] "GET /xingrg/dwr/engine.js HTTP/1.1" 200 43631
116.224.253.72 - - [29/Mar/2021:10:19:19 +0800] "GET /xingrg/words/20210329092025_words.js HTTP/1.1" 304 -
117.185.32.26 - - [29/Mar/2021:10:19:20 +0800] "GET /xingrg/all/function/internal_message.html?_=1616984359701&CODE_STATE=getMsg HTTP/1.1" 200 27
116.235.216.75 - - [29/Mar/2021:10:19:21 +0800] "POST /xingrg/kc/buy/cgsh_order_operate.html HTTP/1.1" 200 37
114.88.160.113 - - [29/Mar/2021:10:19:21 +0800] "GET /xingrg/kc/buy/cgsh_order_add.html HTTP/1.1" 200 62151
114.88.156.246 - - [29/Mar/2021:10:19:22 +0800] "GET /xingrg/all/function/internal_message.html?_=1616984363778&CODE_STATE=getMsg HTTP/1.1" 200 27
180.169.147.146 - - [29/Mar/2021:10:19:22 +0800] "GET /xingrg/all/function/internal_message.html?_=1616984361559&CODE_STATE=getMsg HTTP/1.1" 200 27
114.88.160.113 - - [29/Mar/2021:10:19:23 +0800] "POST /xingrg/kc/buy/cgsh_order_operate.html HTTP/1.1" 200 8245
114.88.160.113 - - [29/Mar/2021:10:19:23 +0800] "GET /xingrg/javascript/easyui/themes/default/validatebox.css HTTP/1.1" 404 1104
114.88.156.246 - - [29/Mar/2021:10:19:23 +0800] "POST /xingrg/kc/buy/cgsh_order_operate.html HTTP/1.1" 200 2065
116.235.216.75 - - [29/Mar/2021:10:19:23 +0800] "POST /xingrg/kc/buy/cgsh_order_operate.html HTTP/1.1" 200 2653
116.235.216.75 - - [29/Mar/2021:10:19:24 +0800] "GET /xingrg/kc/print/load_data.html?order_code=212021032912705&kc_code=cgsh&condition= HTTP/1.1" 200 675
114.88.156.246 - - [29/Mar/2021:10:19:27 +0800] "GET /xingrg/kc/buy/cgsh_order_operate.html?command=get_materiel&rest_code=00141&code=00101008300&supplier_code=00100007&order_time=2021-03-29 HTTP/1.1" 200 412
116.224.253.72 - - [29/Mar/2021:10:19:28 +0800] "POST /xingrg/dwr/call/plaincall/AjaxQqpsService.saveOrder.dwr HTTP/1.1" 200 78
114.86.187.76 - - [29/Mar/2021:10:19:30 +0800] "GET /xingrg/all/function/internal_message.html?_=1616984372365&CODE_STATE=getMsg HTTP/1.1" 200 27
101.85.94.178 - - [29/Mar/2021:10:19:31 +0800] "GET /xingrg/check_reg.html?_=1616983935786 HTTP/1.1" 200 22
101.85.94.178 - - [29/Mar/2021:10:19:31 +0800] "GET /xingrg/all/function/internal_message.html?_=1616983935784&CODE_STATE=getMsg HTTP/1.1" 200 27
114.88.160.113 - - [29/Mar/2021:10:19:31 +0800] "GET /xingrg/kc/buy/cgsh_order_operate.html?command=get_materiel&rest_code=00111&code=00101008486&supplier_code=00100327&order_time=2021-03-29 HTTP/1.1" 200 402
116.235.216.75 - - [29/Mar/2021:10:19:32 +0800] "GET /xingrg/kc/buy/cgsh_order_add.html HTTP/1.1" 200 62239
222.70.217.33 - - [29/Mar/2021:10:19:32 +0800] "GET /xingrg/all/function/internal_message.html?_=1616984372248&CODE_STATE=getMsg HTTP/1.1" 200 27
117.185.32.26 - - [29/Mar/2021:10:19:32 +0800] "GET /xingrg/kc/print/load_data.html?order_code=212021032912703&kc_code=cgsh HTTP/1.1" 200 2531
116.224.253.72 - - [29/Mar/2021:10:19:33 +0800] "POST /xingrg/dwr/call/plaincall/AjaxQqpsService.getMaterielByCode.dwr HTTP/1.1" 200 3648
116.235.216.75 - - [29/Mar/2021:10:19:33 +0800] "POST /xingrg/kc/buy/cgsh_order_operate.html HTTP/1.1" 200 8245
180.169.147.146 - - [29/Mar/2021:10:19:33 +0800] "POST /xingrg/kc/base/yddb_list_operate.html HTTP/1.1" 200 348
116.235.216.75 - - [29/Mar/2021:10:19:33 +0800] "GET /xingrg/javascript/easyui/themes/default/validatebox.css HTTP/1.1" 404 1104
114.88.156.246 - - [29/Mar/2021:10:19:33 +0800] "GET /xingrg/kc/buy/cgsh_order_operate.html?command=get_materiel&rest_code=00141&code=00101008108&supplier_code=00100007&order_time=2021-03-29 HTTP/1.1" 200 412
116.235.216.75 - - [29/Mar/2021:10:19:34 +0800] "GET /xingrg/javascript/easyui/themes/default/tree.css HTTP/1.1" 404 1090
114.88.156.246 - - [29/Mar/2021:10:19:34 +0800] "GET /xingrg/all/function/internal_message.html?_=1616984372612&CODE_STATE=getMsg HTTP/1.1" 200 27
116.235.216.75 - - [29/Mar/2021:10:19:34 +0800] "POST /xingrg/all/common/load_tree.html?tree=supplier_tree_json&isDelete=1 HTTP/1.1" 200 54827
116.224.253.72 - - [29/Mar/2021:10:19:34 +0800] "POST /xingrg/dwr/call/plaincall/AjaxQqpsService.saveMaterielItem.dwr HTTP/1.1" 200 78
180.169.147.146 - - [29/Mar/2021:10:19:35 +0800] "GET /xingrg/all/function/internal_message.html?_=1616984375147&CODE_STATE=getMsg HTTP/1.1" 200 27
114.83.217.11 - - [29/Mar/2021:10:19:35 +0800] "GET /xingrg/check_reg.html?_=1616984374085 HTTP/1.1" 200 22
114.83.217.11 - - [29/Mar/2021:10:19:35 +0800] "GET /xingrg/all/function/internal_message.html?_=1616984374134&CODE_STATE=getMsg HTTP/1.1" 200 27
61.165.42.208 - - [29/Mar/2021:10:19:36 +0800] "GET /xingrg/all/function/internal_message.html?_=1616984377816&CODE_STATE=getMsg HTTP/1.1" 200 27
61.129.6.227 - - [29/Mar/2021:10:19:37 +0800] "GET /xingrg/kc/buy/cgsh_order_operate.html?command=get_materiel&rest_code=00141&code=00101008353&supplier_code=00100007&order_time=2021-03-29 HTTP/1.1" 302 -
61.165.42.208 - - [29/Mar/2021:10:19:38 +0800] "GET /xingrg/check_reg.html?_=1616984379614 HTTP/1.1" 200 22
116.224.253.72 - - [29/Mar/2021:10:19:38 +0800] "POST /xingrg/dwr/call/plaincall/AjaxQqpsService.getMaterielByCode.dwr HTTP/1.1" 200 3648
116.235.216.75 - - [29/Mar/2021:10:19:39 +0800] "GET /xingrg/all/function/internal_message.html?_=1616984378266&CODE_STATE=getMsg HTTP/1.1" 200 27
114.88.156.246 - - [29/Mar/2021:10:19:40 +0800] "GET /xingrg/kc/buy/cgsh_order_operate.html?command=get_materiel&rest_code=00141&code=00101008098&supplier_code=00100007&order_time=2021-03-29 HTTP/1.1" 200 412
116.224.253.72 - - [29/Mar/2021:10:19:40 +0800] "POST /xingrg/dwr/call/plaincall/AjaxQqpsService.saveMaterielItem.dwr HTTP/1.1" 200 78
61.129.6.227 - - [29/Mar/2021:10:19:41 +0800] "GET /xingrg/login.html HTTP/1.1" 200 7641
101.228.165.174 - - [29/Mar/2021:10:19:43 +0800] "GET /xingrg/check_reg.html?_=1616984409024 HTTP/1.1" 302 -
114.88.160.113 - - [29/Mar/2021:10:19:44 +0800] "POST /xingrg/kc/buy/cgsh_order_operate.html HTTP/1.1" 200 37
114.88.160.113 - - [29/Mar/2021:10:19:44 +0800] "GET /xingrg/all/function/internal_message.html?_=1616984383805&CODE_STATE=getMsg HTTP/1.1" 200 27
114.88.160.113 - - [29/Mar/2021:10:19:45 +0800] "POST /xingrg/kc/buy/cgsh_order_operate.html HTTP/1.1" 200 2657
114.88.160.113 - - [29/Mar/2021:10:19:47 +0800] "GET /xingrg/kc/print/load_data.html?order_code=212021032912706&kc_code=cgsh&condition= HTTP/1.1" 200 663
116.224.253.72 - - [29/Mar/2021:10:19:48 +0800] "POST /xingrg/dwr/call/plaincall/AjaxQqpsService.getMaterielByCode.dwr HTTP/1.1" 200 3673
116.224.253.72 - - [29/Mar/2021:10:19:49 +0800] "POST /xingrg/dwr/call/plaincall/AjaxQqpsService.saveMaterielItem.dwr HTTP/1.1" 200 78
120.253.135.82 - - [29/Mar/2021:10:19:51 +0800] "GET /xingrg/all/function/internal_message.html?_=1616984440406&CODE_STATE=getMsg HTTP/1.1" 200 27
114.88.156.246 - - [29/Mar/2021:10:19:54 +0800] "POST /xingrg/kc/buy/cgsh_order_operate.html HTTP/1.1" 200 2065
116.235.216.75 - - [29/Mar/2021:10:19:58 +0800] "GET /xingrg/kc/buy/cgsh_order_operate.html?command=get_materiel&rest_code=00107&code=00101001174&supplier_code=00100314&order_time=2021-03-29 HTTP/1.1" 200 414
116.224.253.72 - - [29/Mar/2021:10:19:58 +0800] "POST /xingrg/dwr/call/plaincall/AjaxQqpsService.getMaterielByCode.dwr HTTP/1.1" 200 3641
116.224.253.72 - - [29/Mar/2021:10:19:59 +0800] "POST /xingrg/dwr/call/plaincall/AjaxQqpsService.saveMaterielItem.dwr HTTP/1.1" 200 78
114.88.156.246 - - [29/Mar/2021:10:20:00 +0800] "GET /xingrg/kc/buy/cgsh_order_operate.html?command=get_materiel&rest_code=00141&code=00101008274&supplier_code=00100007&order_time=2021-03-29 HTTP/1.1" 200 412
180.169.147.146 - - [29/Mar/2021:10:20:01 +0800] "GET /xingrg/all/function/internal_message.html?_=1616984380142&CODE_STATE=getMsg HTTP/1.1" 200 27
116.224.253.72 - - [29/Mar/2021:10:20:02 +0800] "POST /xingrg/dwr/call/plaincall/AjaxQqpsService.getMaterielByCode.dwr HTTP/1.1" 200 3666
116.224.253.72 - - [29/Mar/2021:10:20:03 +0800] "POST /xingrg/dwr/call/plaincall/AjaxQqpsService.saveMaterielItem.dwr HTTP/1.1" 200 79
114.88.160.113 - - [29/Mar/2021:10:20:04 +0800] "GET /xingrg/kc/buy/cgsh_order_add.html HTTP/1.1" 200 62151
114.88.160.113 - - [29/Mar/2021:10:20:06 +0800] "POST /xingrg/kc/buy/cgsh_order_operate.html HTTP/1.1" 200 8245
114.88.160.113 - - [29/Mar/2021:10:20:06 +0800] "GET /xingrg/javascript/easyui/themes/default/validatebox.css HTTP/1.1" 404 1104
116.235.216.75 - - [29/Mar/2021:10:20:07 +0800] "POST /xingrg/kc/buy/cgsh_order_operate.html HTTP/1.1" 200 37
114.88.156.246 - - [29/Mar/2021:10:20:08 +0800] "GET /xingrg/kc/buy/cgsh_order_operate.html?command=get_materiel&rest_code=00141&code=00101008323&supplier_code=00100007&order_time=2021-03-29 HTTP/1.1" 200 408
116.235.216.75 - - [29/Mar/2021:10:20:08 +0800] "POST /xingrg/kc/buy/cgsh_order_operate.html HTTP/1.1" 200 2661
116.235.216.75 - - [29/Mar/2021:10:20:09 +0800] "GET /xingrg/kc/print/load_data.html?order_code=212021032912707&kc_code=cgsh&condition= HTTP/1.1" 200 668
116.224.253.72 - - [29/Mar/2021:10:20:10 +0800] "POST /xingrg/dwr/call/plaincall/AjaxQqpsService.getMaterielByCode.dwr HTTP/1.1" 200 3644
180.169.147.146 - - [29/Mar/2021:10:20:10 +0800] "GET /xingrg/all/function/internal_message.html?_=1616984401911&CODE_STATE=getMsg HTTP/1.1" 200 27
116.224.253.72 - - [29/Mar/2021:10:20:13 +0800] "POST /xingrg/dwr/call/plaincall/AjaxQqpsService.saveMaterielItem.dwr HTTP/1.1" 200 79
116.235.216.75 - - [29/Mar/2021:10:20:13 +0800] "GET /xingrg/kc/buy/cgsh_order_add.html HTTP/1.1" 200 62239
116.235.216.75 - - [29/Mar/2021:10:20:14 +0800] "GET /xingrg/javascript/easyui/themes/default/validatebox.css HTTP/1.1" 404 1104
116.235.216.75 - - [29/Mar/2021:10:20:14 +0800] "POST /xingrg/kc/buy/cgsh_order_operate.html HTTP/1.1" 200 8245
116.233.75.109 - - [29/Mar/2021:10:20:15 +0800] "GET /xingrg/all/function/internal_message.html?_=1616984416784&CODE_STATE=getMsg HTTP/1.1" 200 27
116.235.216.75 - - [29/Mar/2021:10:20:15 +0800] "GET /xingrg/javascript/easyui/themes/default/tree.css HTTP/1.1" 404 1090
116.235.216.75 - - [29/Mar/2021:10:20:15 +0800] "POST /xingrg/all/common/load_tree.html?tree=supplier_tree_json&isDelete=1 HTTP/1.1" 200 54827
180.169.147.146 - - [29/Mar/2021:10:20:16 +0800] "POST /xingrg/kc/buy/cgsh_list_operate.html HTTP/1.1" 200 4
116.224.253.72 - - [29/Mar/2021:10:20:16 +0800] "GET /xingrg/all/function/internal_message.html?_=1616984417154&CODE_STATE=getMsg HTTP/1.1" 200 27
114.83.217.11 - - [29/Mar/2021:10:20:17 +0800] "POST /xingrg/kc/buy/cgsh_list_operate.html HTTP/1.1" 200 5406
114.88.156.246 - - [29/Mar/2021:10:20:17 +0800] "GET /xingrg/kc/buy/cgsh_order_operate.html?command=get_materiel&rest_code=00141&code=00101008095&supplier_code=00100007&order_time=2021-03-29 HTTP/1.1" 200 413
101.228.165.174 - - [29/Mar/2021:10:20:18 +0800] "GET /xingrg/all/function/internal_message.html?_=1616984419471&CODE_STATE=getMsg HTTP/1.1" 200 27
180.169.147.146 - - [29/Mar/2021:10:20:18 +0800] "GET /xingrg/all/function/internal_message.html?_=1616984418833&CODE_STATE=getMsg HTTP/1.1" 302 -
116.224.253.72 - - [29/Mar/2021:10:20:18 +0800] "GET /xingrg/all/function/internal_message.html?_=1616984365604&CODE_STATE=getMsg HTTP/1.1" 200 27
116.224.253.72 - - [29/Mar/2021:10:20:19 +0800] "POST /xingrg/dwr/call/plaincall/AjaxQqpsService.getMaterielByCode.dwr HTTP/1.1" 200 3585
117.185.32.26 - - [29/Mar/2021:10:20:20 +0800] "GET /xingrg/all/function/internal_message.html?_=1616984419683&CODE_STATE=getMsg HTTP/1.1" 200 27
120.204.17.73 - - [29/Mar/2021:10:20:21 +0800] "GET /xingrg/all/function/internal_message.html?_=1616984359701&CODE_STATE=getMsg HTTP/1.1" 302 -
114.88.156.246 - - [29/Mar/2021:10:20:22 +0800] "GET /xingrg/all/function/internal_message.html?_=1616984423837&CODE_STATE=getMsg HTTP/1.1" 200 27
114.88.156.246 - - [29/Mar/2021:10:20:22 +0800] "GET /xingrg/check_reg.html?_=1616984423839 HTTP/1.1" 200 22
180.169.147.146 - - [29/Mar/2021:10:20:22 +0800] "GET /xingrg/all/function/internal_message.html?_=1616984421550&CODE_STATE=getMsg HTTP/1.1" 200 27
116.224.253.72 - - [29/Mar/2021:10:20:22 +0800] "POST /xingrg/dwr/call/plaincall/AjaxQqpsService.removeMaterielItem.dwr HTTP/1.1" 200 79
114.88.156.246 - - [29/Mar/2021:10:20:24 +0800] "GET /xingrg/kc/buy/cgsh_order_operate.html?command=get_materiel&rest_code=00141&code=00101008223&supplier_code=00100007&order_time=2021-03-29 HTTP/1.1" 200 412
120.204.17.73 - - [29/Mar/2021:10:20:25 +0800] "GET /xingrg/login.html HTTP/1.1" 200 7641
180.169.147.146 - - [29/Mar/2021:10:20:25 +0800] "POST /xingrg/kc/buy/cgsh_list_operate.html HTTP/1.1" 200 5105
116.224.253.72 - - [29/Mar/2021:10:20:26 +0800] "POST /xingrg/dwr/call/plaincall/AjaxQqpsService.getMaterielByCode.dwr HTTP/1.1" 200 3583
101.89.239.216 - - [29/Mar/2021:10:20:26 +0800] "GET /xingrg/kc/buy/cgsh_order_operate.html?command=get_materiel&rest_code=00141&code=00101008300&supplier_code=00100007&order_time=2021-03-29 HTTP/1.1" 302 -
116.224.253.72 - - [29/Mar/2021:10:20:29 +0800] "POST /xingrg/dwr/call/plaincall/AjaxQqpsService.saveMaterielItem.dwr HTTP/1.1" 200 79
101.89.239.216 - - [29/Mar/2021:10:20:29 +0800] "GET /xingrg/login.html HTTP/1.1" 200 7641
114.86.187.76 - - [29/Mar/2021:10:20:29 +0800] "GET /xingrg/check_reg.html?_=1616984431356 HTTP/1.1" 200 22
114.86.187.76 - - [29/Mar/2021:10:20:30 +0800] "GET /xingrg/all/function/internal_message.html?_=1616984432379&CODE_STATE=getMsg HTTP/1.1" 200 27
101.85.94.178 - - [29/Mar/2021:10:20:31 +0800] "GET /xingrg/all/function/internal_message.html?_=1616983995786&CODE_STATE=getMsg HTTP/1.1" 200 27
222.70.217.33 - - [29/Mar/2021:10:20:32 +0800] "GET /xingrg/all/function/internal_message.html?_=1616984432219&CODE_STATE=getMsg HTTP/1.1" 200 27
114.88.160.113 - - [29/Mar/2021:10:20:33 +0800] "GET /xingrg/kc/buy/cgsh_order_operate.html?command=get_materiel&rest_code=00111&code=00101001025&supplier_code=00100090&order_time=2021-03-29 HTTP/1.1" 200 418
117.185.32.26 - - [29/Mar/2021:10:20:33 +0800] "GET /xingrg/kc/buy/cgsh_order_add.html HTTP/1.1" 200 62157
117.185.32.26 - - [29/Mar/2021:10:20:33 +0800] "POST /xingrg/kc/buy/cgsh_order_operate.html HTTP/1.1" 200 8245
117.185.32.26 - - [29/Mar/2021:10:20:33 +0800] "GET /xingrg/javascript/easyui/themes/default/validatebox.css HTTP/1.1" 404 1104
114.88.156.246 - - [29/Mar/2021:10:20:34 +0800] "POST /xingrg/kc/buy/cgsh_order_operate.html HTTP/1.1" 200 2065
114.88.156.246 - - [29/Mar/2021:10:20:34 +0800] "GET /xingrg/all/function/internal_message.html?_=1616984432589&CODE_STATE=getMsg HTTP/1.1" 200 27
116.235.216.75 - - [29/Mar/2021:10:20:35 +0800] "GET /xingrg/kc/buy/cgsh_order_operate.html?command=get_materiel&rest_code=00107&code=00101001025&supplier_code=00100090&order_time=2021-03-29 HTTP/1.1" 200 416
180.169.147.146 - - [29/Mar/2021:10:20:35 +0800] "GET /xingrg/all/function/internal_message.html?_=1616984435164&CODE_STATE=getMsg HTTP/1.1" 200 27
114.83.217.11 - - [29/Mar/2021:10:20:35 +0800] "GET /xingrg/all/function/internal_message.html?_=1616984434105&CODE_STATE=getMsg HTTP/1.1" 200 27
61.165.42.208 - - [29/Mar/2021:10:20:36 +0800] "GET /xingrg/all/function/internal_message.html?_=1616984437784&CODE_STATE=getMsg HTTP/1.1" 200 27
116.224.253.72 - - [29/Mar/2021:10:20:37 +0800] "POST /xingrg/dwr/call/plaincall/AjaxQqpsService.getMaterielByCode.dwr HTTP/1.1" 200 3601
114.88.156.246 - - [29/Mar/2021:10:20:37 +0800] "GET /xingrg/kc/buy/cgsh_order_operate.html?command=get_materiel&rest_code=00141&code=00101008168&supplier_code=00100007&order_time=2021-03-29 HTTP/1.1" 200 413
116.235.216.75 - - [29/Mar/2021:10:20:39 +0800] "GET /xingrg/all/function/internal_message.html?_=1616984438315&CODE_STATE=getMsg HTTP/1.1" 200 27
116.235.216.75 - - [29/Mar/2021:10:20:39 +0800] "GET /xingrg/check_reg.html?_=1616984438327 HTTP/1.1" 200 22
116.224.253.72 - - [29/Mar/2021:10:20:39 +0800] "POST /xingrg/dwr/call/plaincall/AjaxQqpsService.saveMaterielItem.dwr HTTP/1.1" 200 79
183.192.164.97 - - [29/Mar/2021:10:20:41 +0800] "GET /xingrg/kc/print/load_data.html?order_code=212021032912703&kc_code=cgsh HTTP/1.1" 302 -
114.88.160.113 - - [29/Mar/2021:10:20:43 +0800] "GET /xingrg/check_reg.html?_=1616984442321 HTTP/1.1" 200 22
114.88.160.113 - - [29/Mar/2021:10:20:44 +0800] "GET /xingrg/all/function/internal_message.html?_=1616984443815&CODE_STATE=getMsg HTTP/1.1" 200 27
183.192.164.97 - - [29/Mar/2021:10:20:47 +0800] "GET /xingrg/login.html HTTP/1.1" 200 7641
116.235.216.75 - - [29/Mar/2021:10:20:48 +0800] "GET /xingrg/kc/buy/cgsh_order_operate.html?command=get_materiel&rest_code=00107&code=00101001093&supplier_code=00100090&order_time=2021-03-29 HTTP/1.1" 200 411
114.88.156.246 - - [29/Mar/2021:10:20:49 +0800] "GET /xingrg/kc/buy/cgsh_order_operate.html?command=get_materiel&rest_code=00141&code=00101008114&supplier_code=00100007&order_time=2021-03-29 HTTP/1.1" 200 413
116.224.253.72 - - [29/Mar/2021:10:20:50 +0800] "POST /xingrg/dwr/call/plaincall/AjaxQqpsService.getMaterielByCode.dwr HTTP/1.1" 200 3587
120.253.135.82 - - [29/Mar/2021:10:20:51 +0800] "GET /xingrg/all/function/internal_message.html?_=1616984500433&CODE_STATE=getMsg HTTP/1.1" 200 27
114.88.160.113 - - [29/Mar/2021:10:20:51 +0800] "GET /xingrg/kc/buy/cgsh_order_operate.html?command=get_materiel&rest_code=00111&code=00101001093&supplier_code=00100090&order_time=2021-03-29 HTTP/1.1" 200 409
116.224.253.72 - - [29/Mar/2021:10:20:52 +0800] "POST /xingrg/dwr/call/plaincall/AjaxQqpsService.saveMaterielItem.dwr HTTP/1.1" 200 79
180.169.147.146 - - [29/Mar/2021:10:20:52 +0800] "POST /xingrg/kc/buy/cgsh_list_operate.html HTTP/1.1" 200 4
180.169.147.146 - - [29/Mar/2021:10:20:56 +0800] "POST /xingrg/kc/buy/cgsh_list_operate.html HTTP/1.1" 200 4952
116.224.253.72 - - [29/Mar/2021:10:21:00 +0800] "POST /xingrg/dwr/call/plaincall/AjaxQqpsService.getMaterielByCode.dwr HTTP/1.1" 200 3594
180.169.147.146 - - [29/Mar/2021:10:21:01 +0800] "GET /xingrg/all/function/internal_message.html?_=1616984440140&CODE_STATE=getMsg HTTP/1.1" 200 27
116.224.253.72 - - [29/Mar/2021:10:21:02 +0800] "POST /xingrg/dwr/call/plaincall/AjaxQqpsService.saveMaterielItem.dwr HTTP/1.1" 200 79
116.224.253.72 - - [29/Mar/2021:10:21:03 +0800] "POST /xingrg/dwr/call/plaincall/AjaxQqpsService.saveOrder.dwr HTTP/1.1" 200 79
114.86.187.76 - - [29/Mar/2021:10:21:04 +0800] "GET /xingrg/kc/buy/cgsh_order_list.html HTTP/1.1" 200 46419
114.86.187.76 - - [29/Mar/2021:10:21:04 +0800] "GET /xingrg/javascript/auto/jquery.autocomplete.css HTTP/1.1" 304 -
114.86.187.76 - - [29/Mar/2021:10:21:04 +0800] "GET /xingrg/css/base.css HTTP/1.1" 304 -
114.86.187.76 - - [29/Mar/2021:10:21:04 +0800] "GET /xingrg/css/site.css HTTP/1.1" 304 -
114.86.187.76 - - [29/Mar/2021:10:21:04 +0800] "GET /xingrg/javascript/jquery_tools/jquery.tools.hotkey.js HTTP/1.1" 304 -
114.86.187.76 - - [29/Mar/2021:10:21:04 +0800] "GET /xingrg/javascript/jquery_tools/datebox.css HTTP/1.1" 304 -
114.86.187.76 - - [29/Mar/2021:10:21:04 +0800] "GET /xingrg/javascript/easyui/themes/default/easyui.css HTTP/1.1" 304 -
114.86.187.76 - - [29/Mar/2021:10:21:04 +0800] "GET /xingrg/javascript/jquery_tools/list_manager.js HTTP/1.1" 304 -
114.86.187.76 - - [29/Mar/2021:10:21:04 +0800] "GET /xingrg/javascript/easyui/themes/icon.css HTTP/1.1" 304 -
114.86.187.76 - - [29/Mar/2021:10:21:04 +0800] "GET /xingrg/javascript/jquery_tools/fix.css HTTP/1.1" 304 -
114.86.187.76 - - [29/Mar/2021:10:21:04 +0800] "GET /xingrg/javascript/jquery_tools/table.css HTTP/1.1" 304 -
114.86.187.76 - - [29/Mar/2021:10:21:04 +0800] "GET /xingrg/javascript/jquery_tools/jquery.tools.table.js HTTP/1.1" 304 -
114.86.187.76 - - [29/Mar/2021:10:21:04 +0800] "GET /xingrg/javascript/jquery_tools/jquery.tools.min.js HTTP/1.1" 304 -
114.86.187.76 - - [29/Mar/2021:10:21:04 +0800] "GET /xingrg/javascript/jquery.utils.js HTTP/1.1" 304 -
114.86.187.76 - - [29/Mar/2021:10:21:04 +0800] "GET /xingrg/javascript/auto/jquery.autocomplete.js HTTP/1.1" 304 -
114.86.187.76 - - [29/Mar/2021:10:21:04 +0800] "GET /xingrg/javascript/jquery_tools/jquery.tools.extend.js HTTP/1.1" 304 -
114.86.187.76 - - [29/Mar/2021:10:21:04 +0800] "GET /xingrg/javascript/print/LodopFuncs.js HTTP/1.1" 304 -
114.86.187.76 - - [29/Mar/2021:10:21:04 +0800] "GET /xingrg/javascript/easyui/easyloader.js HTTP/1.1" 304 -
114.86.187.76 - - [29/Mar/2021:10:21:04 +0800] "GET /xingrg/javascript/jquery.cookie.js HTTP/1.1" 304 -
114.86.187.76 - - [29/Mar/2021:10:21:04 +0800] "GET /xingrg/javascript/easyui/plugins/jquery.parser.js HTTP/1.1" 304 -
116.235.216.75 - - [29/Mar/2021:10:21:05 +0800] "POST /xingrg/kc/buy/cgsh_order_operate.html HTTP/1.1" 200 37
114.88.160.113 - - [29/Mar/2021:10:21:06 +0800] "POST /xingrg/kc/buy/cgsh_order_operate.html HTTP/1.1" 200 37
116.235.216.75 - - [29/Mar/2021:10:21:06 +0800] "POST /xingrg/kc/buy/cgsh_order_operate.html HTTP/1.1" 200 3258
116.235.216.75 - - [29/Mar/2021:10:21:07 +0800] "GET /xingrg/kc/print/load_data.html?order_code=212021032912708&kc_code=cgsh&condition= HTTP/1.1" 200 971
114.88.160.113 - - [29/Mar/2021:10:21:08 +0800] "POST /xingrg/kc/buy/cgsh_order_operate.html HTTP/1.1" 200 3260
114.88.160.113 - - [29/Mar/2021:10:21:10 +0800] "GET /xingrg/kc/print/load_data.html?order_code=212021032912709&kc_code=cgsh&condition= HTTP/1.1" 200 968
180.169.147.146 - - [29/Mar/2021:10:21:10 +0800] "GET /xingrg/check_reg.html?_=1616984461791 HTTP/1.1" 200 22
180.169.147.146 - - [29/Mar/2021:10:21:10 +0800] "GET /xingrg/all/function/internal_message.html?_=1616984461913&CODE_STATE=getMsg HTTP/1.1" 200 27
120.253.135.82 - - [29/Mar/2021:10:21:11 +0800] "GET /xingrg/check_reg.html?_=1616984520404 HTTP/1.1" 200 22
114.83.217.11 - - [29/Mar/2021:10:21:11 +0800] "POST /xingrg/kc/buy/cgsh_list_operate.html HTTP/1.1" 200 5538
116.235.216.75 - - [29/Mar/2021:10:21:12 +0800] "GET /xingrg/kc/buy/cgsh_order_add.html HTTP/1.1" 200 62239
114.88.156.246 - - [29/Mar/2021:10:21:12 +0800] "GET /xingrg/kc/buy/cgsh_order_operate.html?command=get_materiel&rest_code=00141&code=00101008122&supplier_code=00100007&order_time=2021-03-29 HTTP/1.1" 200 413
116.235.216.75 - - [29/Mar/2021:10:21:13 +0800] "GET /xingrg/javascript/easyui/themes/default/validatebox.css HTTP/1.1" 404 1104
116.235.216.75 - - [29/Mar/2021:10:21:13 +0800] "POST /xingrg/kc/buy/cgsh_order_operate.html HTTP/1.1" 200 8245
116.235.216.75 - - [29/Mar/2021:10:21:14 +0800] "GET /xingrg/javascript/easyui/themes/default/tree.css HTTP/1.1" 404 1090
116.235.216.75 - - [29/Mar/2021:10:21:15 +0800] "POST /xingrg/all/common/load_tree.html?tree=supplier_tree_json&isDelete=1 HTTP/1.1" 200 54827
116.233.75.109 - - [29/Mar/2021:10:21:15 +0800] "GET /xingrg/all/function/internal_message.html?_=1616984476787&CODE_STATE=getMsg HTTP/1.1" 200 27
116.224.253.72 - - [29/Mar/2021:10:21:16 +0800] "GET /xingrg/all/function/internal_message.html?_=1616984477147&CODE_STATE=getMsg HTTP/1.1" 200 27
116.224.253.72 - - [29/Mar/2021:10:21:16 +0800] "GET /xingrg/check_reg.html?_=1616984477152 HTTP/1.1" 200 22
120.253.135.82 - - [29/Mar/2021:10:21:16 +0800] "GET /xingrg/check_reg.html?_=1616984251989 HTTP/1.1" 200 22
114.88.160.113 - - [29/Mar/2021:10:21:18 +0800] "GET /xingrg/kc/buy/cgsh_order_add.html HTTP/1.1" 200 62151
101.228.165.174 - - [29/Mar/2021:10:21:18 +0800] "GET /xingrg/all/function/internal_message.html?_=1616984479479&CODE_STATE=getMsg HTTP/1.1" 200 27
180.169.147.146 - - [29/Mar/2021:10:21:18 +0800] "GET /xingrg/all/function/internal_message.html?_=1616984478804&CODE_STATE=getMsg HTTP/1.1" 302 -
116.224.253.72 - - [29/Mar/2021:10:21:18 +0800] "GET /xingrg/all/function/internal_message.html?_=1616984425607&CODE_STATE=getMsg HTTP/1.1" 200 27
114.88.160.113 - - [29/Mar/2021:10:21:19 +0800] "POST /xingrg/kc/buy/cgsh_order_operate.html HTTP/1.1" 200 8245
114.88.160.113 - - [29/Mar/2021:10:21:19 +0800] "GET /xingrg/javascript/easyui/themes/default/validatebox.css HTTP/1.1" 404 1104
114.88.156.246 - - [29/Mar/2021:10:21:20 +0800] "GET /xingrg/kc/buy/cgsh_order_operate.html?command=get_materiel&rest_code=00141&code=00101015004&supplier_code=00100007&order_time=2021-03-29 HTTP/1.1" 200 408
117.185.32.26 - - [29/Mar/2021:10:21:20 +0800] "GET /xingrg/all/function/internal_message.html?_=1616984479667&CODE_STATE=getMsg HTTP/1.1" 200 27
117.185.32.26 - - [29/Mar/2021:10:21:21 +0800] "GET /xingrg/check_reg.html?_=1616984480834 HTTP/1.1" 200 22
114.88.156.246 - - [29/Mar/2021:10:21:22 +0800] "GET /xingrg/all/function/internal_message.html?_=1616984483859&CODE_STATE=getMsg HTTP/1.1" 200 27
180.169.147.146 - - [29/Mar/2021:10:21:22 +0800] "POST /xingrg/kc/buy/cgsh_list_operate.html HTTP/1.1" 200 4
180.169.147.146 - - [29/Mar/2021:10:21:22 +0800] "GET /xingrg/all/function/internal_message.html?_=1616984481556&CODE_STATE=getMsg HTTP/1.1" 200 27
117.185.32.26 - - [29/Mar/2021:10:21:22 +0800] "GET /xingrg/javascript/easyui/themes/default/tree.css HTTP/1.1" 404 1090
117.185.32.26 - - [29/Mar/2021:10:21:22 +0800] "POST /xingrg/all/common/load_tree.html?tree=supplier_tree_json&isDelete=1 HTTP/1.1" 200 54827
114.86.187.76 - - [29/Mar/2021:10:21:22 +0800] "POST /xingrg/kc/buy/cgsh_list_operate.html HTTP/1.1" 200 2383
61.151.178.197 - - [29/Mar/2021:10:21:23 +0800] "GET /xingrg/kc/buy/cgsh_order_operate.html?command=get_materiel&rest_code=00141&code=00101008095&supplier_code=00100007&order_time=2021-03-29 HTTP/1.1" 302 -
61.151.178.197 - - [29/Mar/2021:10:21:24 +0800] "GET /xingrg/login.html HTTP/1.1" 200 7641
180.169.147.146 - - [29/Mar/2021:10:21:27 +0800] "POST /xingrg/kc/buy/cgsh_list_operate.html HTTP/1.1" 200 876
114.88.160.113 - - [29/Mar/2021:10:21:29 +0800] "GET /xingrg/kc/buy/cgsh_order_operate.html?command=get_materiel&rest_code=00111&code=00101010079&supplier_code=00100336&order_time=2021-03-29 HTTP/1.1" 200 413
180.169.147.146 - - [29/Mar/2021:10:21:30 +0800] "POST /xingrg/kc/buy/cgsh_list_operate.html HTTP/1.1" 200 876
114.86.187.76 - - [29/Mar/2021:10:21:30 +0800] "GET /xingrg/all/function/internal_message.html?_=1616984492392&CODE_STATE=getMsg HTTP/1.1" 200 27
101.85.94.178 - - [29/Mar/2021:10:21:31 +0800] "GET /xingrg/all/function/internal_message.html?_=1616984055787&CODE_STATE=getMsg HTTP/1.1" 200 27
222.70.217.33 - - [29/Mar/2021:10:21:32 +0800] "GET /xingrg/all/function/internal_message.html?_=1616984492190&CODE_STATE=getMsg HTTP/1.1" 200 27
114.88.156.246 - - [29/Mar/2021:10:21:34 +0800] "GET /xingrg/all/function/internal_message.html?_=1616984492571&CODE_STATE=getMsg HTTP/1.1" 200 27
117.185.32.26 - - [29/Mar/2021:10:21:35 +0800] "GET /xingrg/kc/buy/cgsh_order_operate.html?command=get_materiel&rest_code=00106&code=00101009003&supplier_code=00100022&order_time=2021-03-29 HTTP/1.1" 200 409
180.169.147.146 - - [29/Mar/2021:10:21:35 +0800] "GET /xingrg/all/function/internal_message.html?_=1616984495164&CODE_STATE=getMsg HTTP/1.1" 200 27
114.83.217.11 - - [29/Mar/2021:10:21:35 +0800] "GET /xingrg/all/function/internal_message.html?_=1616984494085&CODE_STATE=getMsg HTTP/1.1" 200 27
61.165.42.208 - - [29/Mar/2021:10:21:36 +0800] "GET /xingrg/all/function/internal_message.html?_=1616984497759&CODE_STATE=getMsg HTTP/1.1" 200 27
114.88.156.246 - - [29/Mar/2021:10:21:37 +0800] "POST /xingrg/kc/buy/cgsh_order_operate.html HTTP/1.1" 200 2065
114.88.160.113 - - [29/Mar/2021:10:21:38 +0800] "POST /xingrg/kc/buy/cgsh_order_operate.html HTTP/1.1" 200 37
116.235.216.75 - - [29/Mar/2021:10:21:39 +0800] "GET /xingrg/all/function/internal_message.html?_=1616984498297&CODE_STATE=getMsg HTTP/1.1" 200 27
114.88.160.113 - - [29/Mar/2021:10:21:40 +0800] "POST /xingrg/kc/buy/cgsh_order_operate.html HTTP/1.1" 200 2657
114.88.160.113 - - [29/Mar/2021:10:21:41 +0800] "GET /xingrg/kc/print/load_data.html?order_code=212021032912710&kc_code=cgsh&condition= HTTP/1.1" 200 670
116.235.216.75 - - [29/Mar/2021:10:21:41 +0800] "GET /xingrg/kc/buy/cgsh_order_operate.html?command=get_materiel&rest_code=00107&code=00101004049&supplier_code=00100312&order_time=2021-03-29 HTTP/1.1" 200 413
114.88.156.246 - - [29/Mar/2021:10:21:43 +0800] "GET /xingrg/kc/buy/cgsh_order_operate.html?command=get_materiel&rest_code=00141&code=00101009062&supplier_code=00100007&order_time=2021-03-29 HTTP/1.1" 200 414
114.88.160.113 - - [29/Mar/2021:10:21:44 +0800] "GET /xingrg/all/function/internal_message.html?_=1616984503829&CODE_STATE=getMsg HTTP/1.1" 200 27
114.88.160.113 - - [29/Mar/2021:10:21:50 +0800] "GET /xingrg/kc/buy/cgsh_order_add.html HTTP/1.1" 200 62151
180.169.147.146 - - [29/Mar/2021:10:21:50 +0800] "GET /xingrg/kc/base/yddb_order_info.html?code=482021022300225 HTTP/1.1" 200 30029
180.169.147.146 - - [29/Mar/2021:10:21:50 +0800] "GET /xingrg/dwr/interface/AjaxComOrderService.js HTTP/1.1" 200 18264
180.169.147.146 - - [29/Mar/2021:10:21:50 +0800] "GET /xingrg/dwr/interface/AjaxYddbService.js HTTP/1.1" 200 13201
180.169.147.146 - - [29/Mar/2021:10:21:50 +0800] "GET /xingrg/dwr/engine.js HTTP/1.1" 200 43631
180.169.147.146 - - [29/Mar/2021:10:21:50 +0800] "GET /xingrg/dwr/util.js HTTP/1.1" 304 -
180.169.147.146 - - [29/Mar/2021:10:21:51 +0800] "POST /xingrg/dwr/call/plaincall/AjaxYddbService.loadMaterielItems.dwr HTTP/1.1" 200 384
120.253.135.82 - - [29/Mar/2021:10:21:51 +0800] "GET /xingrg/all/function/internal_message.html?_=1616984560448&CODE_STATE=getMsg HTTP/1.1" 200 27
114.88.156.246 - - [29/Mar/2021:10:21:51 +0800] "GET /xingrg/kc/buy/cgsh_order_operate.html?command=get_materiel&rest_code=00141&code=00101009013&supplier_code=00100007&order_time=2021-03-29 HTTP/1.1" 200 422
114.88.160.113 - - [29/Mar/2021:10:21:51 +0800] "POST /xingrg/kc/buy/cgsh_order_operate.html HTTP/1.1" 200 8245
114.88.160.113 - - [29/Mar/2021:10:21:51 +0800] "GET /xingrg/javascript/easyui/themes/default/validatebox.css HTTP/1.1" 404 1104
114.83.217.11 - - [29/Mar/2021:10:21:52 +0800] "POST /xingrg/kc/buy/cgsh_list_operate.html HTTP/1.1" 200 4642
101.228.165.174 - - [29/Mar/2021:10:21:54 +0800] "GET /xingrg/check_reg.html?_=1616984539939 HTTP/1.1" 302 -
116.235.216.75 - - [29/Mar/2021:10:21:56 +0800] "GET /xingrg/kc/buy/cgsh_order_operate.html?command=get_materiel&rest_code=00107&code=00101004030&supplier_code=00100312&order_time=2021-03-29 HTTP/1.1" 200 408
180.169.147.146 - - [29/Mar/2021:10:21:57 +0800] "POST /xingrg/all/user/operate.html HTTP/1.1" 200 36
180.169.147.146 - - [29/Mar/2021:10:21:57 +0800] "GET /xingrg/index.html?sysBaseUrl=http%3A%2F%2F180.169.147.146%3A18081%2Fxingrg%2F&costTime=39×tamp=1616984198706 HTTP/1.1" 200 17509
180.169.147.146 - - [29/Mar/2021:10:21:57 +0800] "GET /xingrg/javascript/jquery_easy_ui/themes/default/easyui.css HTTP/1.1" 304 -
180.169.147.146 - - [29/Mar/2021:10:21:57 +0800] "GET /xingrg/javascript/jquery_easy_ui/themes/icon.css HTTP/1.1" 304 -
180.169.147.146 - - [29/Mar/2021:10:21:57 +0800] "GET /xingrg/css/form.css HTTP/1.1" 304 -
180.169.147.146 - - [29/Mar/2021:10:21:57 +0800] "GET /xingrg/javascript/jquery-1.4.2.min.js HTTP/1.1" 304 -
180.169.147.146 - - [29/Mar/2021:10:21:57 +0800] "GET /xingrg/javascript/jquery_easy_ui/jquery.easyui.min.js HTTP/1.1" 304 -
180.169.147.146 - - [29/Mar/2021:10:21:57 +0800] "GET /xingrg/javascript/jquery_easy_ui/easyui-lang-zh_CN.js HTTP/1.1" 304 -
180.169.147.146 - - [29/Mar/2021:10:21:57 +0800] "GET /xingrg/javascript/jquery.form.js HTTP/1.1" 304 -
180.169.147.146 - - [29/Mar/2021:10:21:57 +0800] "GET /xingrg/javascript/jquery.utils.js HTTP/1.1" 304 -
180.169.147.146 - - [29/Mar/2021:10:21:57 +0800] "GET /xingrg/javascript/jquery.timers.js HTTP/1.1" 304 -
180.169.147.146 - - [29/Mar/2021:10:21:57 +0800] "GET /xingrg/images/blue/jxLogo.png HTTP/1.1" 304 -
180.169.147.146 - - [29/Mar/2021:10:21:57 +0800] "GET /xingrg/images/blue/navBackgound.jpg HTTP/1.1" 304 -
180.169.147.146 - - [29/Mar/2021:10:21:57 +0800] "GET /xingrg/javascript/jquery_easy_ui/themes/icons/settle_new.png HTTP/1.1" 304 -
180.169.147.146 - - [29/Mar/2021:10:21:58 +0800] "POST /xingrg/all/common/load_tree.html?tree=area_rest_tree_json&manage=1 HTTP/1.1" 200 3344
180.169.147.146 - - [29/Mar/2021:10:21:58 +0800] "GET /xingrg/all/function/internal_message.html?_=1616984496376&CODE_STATE=count HTTP/1.1" 200 11
180.169.147.146 - - [29/Mar/2021:10:21:58 +0800] "GET /xingrg/check_reg.html?_=1616984496376 HTTP/1.1" 200 22
180.169.147.146 - - [29/Mar/2021:10:21:58 +0800] "GET /xingrg/javascript/jquery_easy_ui/themes/default/images/panel_tool_expand.gif HTTP/1.1" 304 -
180.169.147.146 - - [29/Mar/2021:10:21:58 +0800] "GET /xingrg/javascript/jquery_easy_ui/themes/default/images/tabs_leftarrow.png HTTP/1.1" 304 -
180.169.147.146 - - [29/Mar/2021:10:21:58 +0800] "GET /xingrg/javascript/jquery_easy_ui/themes/default/images/tabs_rightarrow.png HTTP/1.1" 304 -
180.169.147.146 - - [29/Mar/2021:10:21:58 +0800] "GET /xingrg/javascript/jquery_easy_ui/themes/default/images/panel_tool_collapse.gif HTTP/1.1" 304 -
180.169.147.146 - - [29/Mar/2021:10:21:58 +0800] "GET /xingrg/images/blue/pingpu.png HTTP/1.1" 304 -
180.169.147.146 - - [29/Mar/2021:10:21:58 +0800] "POST /xingrg/load_menu.html HTTP/1.1" 200 9959
114.88.160.113 - - [29/Mar/2021:10:21:58 +0800] "GET /xingrg/kc/buy/cgsh_order_operate.html?command=get_materiel&rest_code=00111&code=00101004046&supplier_code=00100312&order_time=2021-03-29 HTTP/1.1" 200 419
180.169.147.146 - - [29/Mar/2021:10:21:59 +0800] "GET /xingrg/kc/report/report_main.html HTTP/1.1" 200 7345
180.169.147.146 - - [29/Mar/2021:10:21:59 +0800] "GET /xingrg/all/report/report_query.html?fileName=kc/buy/wlcg_mx.xml HTTP/1.1" 200 51648
180.169.147.146 - - [29/Mar/2021:10:22:00 +0800] "GET /xingrg/dwr/interface/AjaxReportQueryService.js HTTP/1.1" 200 13203
180.169.147.146 - - [29/Mar/2021:10:22:00 +0800] "GET /xingrg/dwr/engine.js HTTP/1.1" 200 43631
180.169.147.146 - - [29/Mar/2021:10:22:00 +0800] "POST /xingrg/dwr/call/plaincall/AjaxReportQueryService.getFixDate.dwr HTTP/1.1" 200 111
180.169.147.146 - - [29/Mar/2021:10:22:00 +0800] "POST /xingrg/dwr/call/plaincall/AjaxReportQueryService.getInitString.dwr HTTP/1.1" 200 24840
117.185.32.26 - - [29/Mar/2021:10:22:00 +0800] "GET /xingrg/kc/buy/cgsh_order_operate.html?command=get_materiel&rest_code=00106&code=00101009004&supplier_code=00100022&order_time=2021-03-29 HTTP/1.1" 200 409
180.169.147.146 - - [29/Mar/2021:10:22:00 +0800] "POST /xingrg/dwr/call/plaincall/AjaxReportQueryService.getInitString.dwr HTTP/1.1" 200 432
180.169.147.146 - - [29/Mar/2021:10:22:00 +0800] "POST /xingrg/dwr/call/plaincall/AjaxReportQueryService.getInitString.dwr HTTP/1.1" 200 125
180.169.147.146 - - [29/Mar/2021:10:22:01 +0800] "POST /xingrg/dwr/call/plaincall/AjaxReportQueryService.getFixDate.dwr HTTP/1.1" 200 111
114.88.156.246 - - [29/Mar/2021:10:22:04 +0800] "GET /xingrg/kc/buy/cgsh_order_operate.html?command=get_materiel&rest_code=00141&code=00101009016&supplier_code=00100007&order_time=2021-03-29 HTTP/1.1" 200 412
180.169.147.146 - - [29/Mar/2021:10:22:05 +0800] "POST /xingrg/dwr/call/plaincall/AjaxReportQueryService.refreshCache.dwr HTTP/1.1" 200 78
116.235.216.75 - - [29/Mar/2021:10:22:07 +0800] "GET /xingrg/kc/buy/cgsh_order_operate.html?command=get_materiel&rest_code=00107&code=00101005015&supplier_code=00100312&order_time=2021-03-29 HTTP/1.1" 200 409
180.169.147.146 - - [29/Mar/2021:10:22:08 +0800] "POST /xingrg/all/report/load_report_page.html HTTP/1.1" 200 78436
180.169.147.146 - - [29/Mar/2021:10:22:08 +0800] "GET /xingrg/servlets/image?cache=0.06191045864718725&image=px HTTP/1.1" 200 807
180.169.147.146 - - [29/Mar/2021:10:22:10 +0800] "GET /xingrg/all/function/internal_message.html?_=1616984521901&CODE_STATE=getMsg HTTP/1.1" 200 27
114.88.160.113 - - [29/Mar/2021:10:22:10 +0800] "GET /xingrg/kc/buy/cgsh_order_operate.html?command=get_materiel&rest_code=00111&code=00101004067&supplier_code=00100312&order_time=2021-03-29 HTTP/1.1" 200 433
117.185.32.26 - - [29/Mar/2021:10:22:14 +0800] "POST /xingrg/kc/buy/cgsh_order_operate.html HTTP/1.1" 200 37
101.228.165.174 - - [29/Mar/2021:10:22:15 +0800] "GET /xingrg/check_reg.html?_=1616984536676 HTTP/1.1" 200 22
116.233.75.109 - - [29/Mar/2021:10:22:15 +0800] "GET /xingrg/all/function/internal_message.html?_=1616984536790&CODE_STATE=getMsg HTTP/1.1" 200 27
116.235.216.75 - - [29/Mar/2021:10:22:16 +0800] "GET /xingrg/kc/buy/cgsh_order_operate.html?command=get_materiel&rest_code=00107&code=00101004057&supplier_code=00100312&order_time=2021-03-29 HTTP/1.1" 200 409
114.88.156.246 - - [29/Mar/2021:10:22:16 +0800] "GET /xingrg/kc/buy/cgsh_order_operate.html?command=get_materiel&rest_code=00141&code=00101008351&supplier_code=00100007&order_time=2021-03-29 HTTP/1.1" 200 408
116.224.253.72 - - [29/Mar/2021:10:22:16 +0800] "GET /xingrg/all/function/internal_message.html?_=1616984537168&CODE_STATE=getMsg HTTP/1.1" 200 27
101.228.165.174 - - [29/Mar/2021:10:22:18 +0800] "GET /xingrg/all/function/internal_message.html?_=1616984539492&CODE_STATE=getMsg HTTP/1.1" 200 27
116.224.253.72 - - [29/Mar/2021:10:22:18 +0800] "GET /xingrg/check_reg.html?_=1616984485217 HTTP/1.1" 200 22
117.185.32.26 - - [29/Mar/2021:10:22:18 +0800] "POST /xingrg/kc/buy/cgsh_order_operate.html HTTP/1.1" 200 12
180.169.147.146 - - [29/Mar/2021:10:22:18 +0800] "GET /xingrg/all/function/internal_message.html?_=1616984538788&CODE_STATE=getMsg HTTP/1.1" 302 -
116.224.253.72 - - [29/Mar/2021:10:22:18 +0800] "GET /xingrg/all/function/internal_message.html?_=1616984485620&CODE_STATE=getMsg HTTP/1.1" 200 27
180.169.147.146 - - [29/Mar/2021:10:22:19 +0800] "GET /xingrg/check_reg.html?_=1616984539493 HTTP/1.1" 302 -
117.185.32.26 - - [29/Mar/2021:10:22:19 +0800] "GET /xingrg/kc/buy/cgsh_order_info.html?code=212021032912711 HTTP/1.1" 200 57059
