180.169.147.146 - - [29/Mar/2021:10:08:19 +0800] "GET /xingrg/all/function/internal_message.html?_=1616983699059&CODE_STATE=getMsg HTTP/1.1" 302 -
117.185.32.26 - - [29/Mar/2021:10:08:20 +0800] "GET /xingrg/all/function/internal_message.html?_=1616983699891&CODE_STATE=getMsg HTTP/1.1" 200 27
114.88.156.246 - - [29/Mar/2021:10:08:22 +0800] "GET /xingrg/all/function/internal_message.html?_=1616983703755&CODE_STATE=getMsg HTTP/1.1" 200 27
180.169.147.146 - - [29/Mar/2021:10:08:22 +0800] "GET /xingrg/all/function/internal_message.html?_=1616983701554&CODE_STATE=getMsg HTTP/1.1" 200 27
116.224.253.72 - - [29/Mar/2021:10:08:23 +0800] "POST /xingrg/dwr/call/plaincall/AjaxQqpsService.getMaterielByCode.dwr HTTP/1.1" 200 3629
120.204.17.68 - - [29/Mar/2021:10:08:24 +0800] "GET /xingrg/all/function/internal_message.html?_=1616983639918&CODE_STATE=getMsg HTTP/1.1" 302 -
120.204.17.68 - - [29/Mar/2021:10:08:26 +0800] "GET /xingrg/login.html HTTP/1.1" 200 7641
116.224.253.72 - - [29/Mar/2021:10:08:29 +0800] "POST /xingrg/dwr/call/plaincall/AjaxQqpsService.saveMaterielItem.dwr HTTP/1.1" 200 79
101.89.29.78 - - [29/Mar/2021:10:08:29 +0800] "GET /xingrg/all/function/internal_message.html?_=1616983643755&CODE_STATE=getMsg HTTP/1.1" 302 -
114.86.187.76 - - [29/Mar/2021:10:08:30 +0800] "GET /xingrg/all/function/internal_message.html?_=1616983711811&CODE_STATE=getMsg HTTP/1.1" 200 27
114.88.160.113 - - [29/Mar/2021:10:08:30 +0800] "GET /xingrg/kc/buy/cgsh_order_operate.html?command=get_materiel&rest_code=00111&code=00101011004&supplier_code=00100037&order_time=2021-03-29 HTTP/1.1" 200 412
101.85.94.178 - - [29/Mar/2021:10:08:31 +0800] "GET /xingrg/all/function/internal_message.html?_=1616983275785&CODE_STATE=getMsg HTTP/1.1" 200 27
116.224.253.72 - - [29/Mar/2021:10:08:32 +0800] "POST /xingrg/dwr/call/plaincall/AjaxQqpsService.getMaterielByCode.dwr HTTP/1.1" 200 3635
222.70.217.33 - - [29/Mar/2021:10:08:32 +0800] "GET /xingrg/all/function/internal_message.html?_=1616983712460&CODE_STATE=getMsg HTTP/1.1" 200 27
116.224.253.72 - - [29/Mar/2021:10:08:33 +0800] "POST /xingrg/dwr/call/plaincall/AjaxQqpsService.saveMaterielItem.dwr HTTP/1.1" 200 79
114.88.156.246 - - [29/Mar/2021:10:08:34 +0800] "GET /xingrg/all/function/internal_message.html?_=1616983712864&CODE_STATE=getMsg HTTP/1.1" 200 27
180.169.147.146 - - [29/Mar/2021:10:08:35 +0800] "GET /xingrg/all/function/internal_message.html?_=1616983715145&CODE_STATE=getMsg HTTP/1.1" 200 27
114.83.217.11 - - [29/Mar/2021:10:08:35 +0800] "GET /xingrg/all/function/internal_message.html?_=1616983714301&CODE_STATE=getMsg HTTP/1.1" 200 27
61.165.42.208 - - [29/Mar/2021:10:08:36 +0800] "GET /xingrg/all/function/internal_message.html?_=1616983718070&CODE_STATE=getMsg HTTP/1.1" 200 27
116.224.253.72 - - [29/Mar/2021:10:08:37 +0800] "POST /xingrg/dwr/call/plaincall/AjaxQqpsService.getMaterielByCode.dwr HTTP/1.1" 200 3633
101.89.29.78 - - [29/Mar/2021:10:08:37 +0800] "GET /xingrg/login.html HTTP/1.1" 200 7641
116.235.216.75 - - [29/Mar/2021:10:08:39 +0800] "GET /xingrg/all/function/internal_message.html?_=1616983718250&CODE_STATE=getMsg HTTP/1.1" 200 27
120.253.135.82 - - [29/Mar/2021:10:08:41 +0800] "GET /xingrg/kc/pszx/mdqp_order_list.html?state=10 HTTP/1.1" 200 11020
120.253.135.82 - - [29/Mar/2021:10:08:41 +0800] "POST /xingrg/kc/pszx/mdps_list_operate.html HTTP/1.1" 200 1692
120.253.135.82 - - [29/Mar/2021:10:08:41 +0800] "GET /xingrg/dwr/interface/AjaxReportQueryService.js HTTP/1.1" 200 13203
120.253.135.82 - - [29/Mar/2021:10:08:41 +0800] "GET /xingrg/dwr/interface/AjaxQqpsService.js HTTP/1.1" 200 16326
120.253.135.82 - - [29/Mar/2021:10:08:41 +0800] "GET /xingrg/dwr/engine.js HTTP/1.1" 200 43631
116.224.253.72 - - [29/Mar/2021:10:08:41 +0800] "POST /xingrg/dwr/call/plaincall/AjaxQqpsService.saveMaterielItem.dwr HTTP/1.1" 200 79
114.88.160.113 - - [29/Mar/2021:10:08:43 +0800] "GET /xingrg/all/function/internal_message.html?_=1616983722451&CODE_STATE=getMsg HTTP/1.1" 200 27
120.253.135.82 - - [29/Mar/2021:10:08:45 +0800] "GET /xingrg/kc/pszx/mdqp_order_info.html?code=302021032900615 HTTP/1.1" 200 13346
120.253.135.82 - - [29/Mar/2021:10:08:45 +0800] "GET /xingrg/dwr/interface/AjaxComOrderService.js HTTP/1.1" 200 18264
120.253.135.82 - - [29/Mar/2021:10:08:45 +0800] "GET /xingrg/dwr/interface/AjaxQqpsService.js HTTP/1.1" 200 16326
120.253.135.82 - - [29/Mar/2021:10:08:45 +0800] "GET /xingrg/dwr/engine.js HTTP/1.1" 200 43631
116.224.253.72 - - [29/Mar/2021:10:08:45 +0800] "POST /xingrg/dwr/call/plaincall/AjaxQqpsService.getMaterielByCode.dwr HTTP/1.1" 200 3653
120.253.135.82 - - [29/Mar/2021:10:08:45 +0800] "POST /xingrg/dwr/call/plaincall/AjaxQqpsService.loadMaterielItems.dwr HTTP/1.1" 200 664
116.224.253.72 - - [29/Mar/2021:10:08:46 +0800] "POST /xingrg/dwr/call/plaincall/AjaxQqpsService.saveMaterielItem.dwr HTTP/1.1" 200 79
180.152.227.142 - - [29/Mar/2021:10:08:48 +0800] "GET /xingrg/all/function/internal_message.html?_=1616983998665&CODE_STATE=getMsg HTTP/1.1" 200 27
120.253.135.82 - - [29/Mar/2021:10:08:50 +0800] "GET /xingrg/all/function/internal_message.html?_=1616983780209&CODE_STATE=getMsg HTTP/1.1" 200 27
120.253.135.82 - - [29/Mar/2021:10:08:53 +0800] "GET /xingrg/kc/pszx/mdqp_order_list.html?isBack=1 HTTP/1.1" 302 -
120.253.135.82 - - [29/Mar/2021:10:08:53 +0800] "GET /xingrg/kc/pszx/mdqp_order_list.html?state=10 HTTP/1.1" 200 11020
120.253.135.82 - - [29/Mar/2021:10:08:53 +0800] "GET /xingrg/dwr/interface/AjaxReportQueryService.js HTTP/1.1" 200 13203
120.253.135.82 - - [29/Mar/2021:10:08:53 +0800] "GET /xingrg/dwr/interface/AjaxQqpsService.js HTTP/1.1" 200 16326
120.253.135.82 - - [29/Mar/2021:10:08:53 +0800] "GET /xingrg/dwr/engine.js HTTP/1.1" 200 43631
120.253.135.82 - - [29/Mar/2021:10:08:55 +0800] "GET /xingrg/kc/pszx/mdqp_order_info.html?code=302021032900614 HTTP/1.1" 200 13346
120.253.135.82 - - [29/Mar/2021:10:08:55 +0800] "GET /xingrg/dwr/interface/AjaxComOrderService.js HTTP/1.1" 200 18264
120.253.135.82 - - [29/Mar/2021:10:08:55 +0800] "GET /xingrg/dwr/interface/AjaxQqpsService.js HTTP/1.1" 200 16326
120.253.135.82 - - [29/Mar/2021:10:08:55 +0800] "GET /xingrg/dwr/engine.js HTTP/1.1" 200 43631
120.253.135.82 - - [29/Mar/2021:10:08:56 +0800] "POST /xingrg/dwr/call/plaincall/AjaxQqpsService.loadMaterielItems.dwr HTTP/1.1" 200 663
116.224.253.72 - - [29/Mar/2021:10:08:56 +0800] "POST /xingrg/dwr/call/plaincall/AjaxQqpsService.getMaterielByCode.dwr HTTP/1.1" 200 3578
116.224.253.72 - - [29/Mar/2021:10:09:01 +0800] "POST /xingrg/dwr/call/plaincall/AjaxQqpsService.saveMaterielItem.dwr HTTP/1.1" 200 79
116.224.253.72 - - [29/Mar/2021:10:09:15 +0800] "POST /xingrg/dwr/call/plaincall/AjaxQqpsService.getMaterielByCode.dwr HTTP/1.1" 200 3628
116.233.75.109 - - [29/Mar/2021:10:09:15 +0800] "GET /xingrg/all/function/internal_message.html?_=1616983756759&CODE_STATE=getMsg HTTP/1.1" 200 27
116.224.253.72 - - [29/Mar/2021:10:09:16 +0800] "GET /xingrg/all/function/internal_message.html?_=1616983757090&CODE_STATE=getMsg HTTP/1.1" 200 27
101.228.165.174 - - [29/Mar/2021:10:09:17 +0800] "GET /xingrg/all/function/internal_message.html?_=1616983759254&CODE_STATE=getMsg HTTP/1.1" 200 27
116.224.253.72 - - [29/Mar/2021:10:09:18 +0800] "GET /xingrg/all/function/internal_message.html?_=1616983705147&CODE_STATE=getMsg HTTP/1.1" 200 27
180.169.147.146 - - [29/Mar/2021:10:09:18 +0800] "GET /xingrg/all/function/internal_message.html?_=1616983759029&CODE_STATE=getMsg HTTP/1.1" 302 -
117.185.32.26 - - [29/Mar/2021:10:09:20 +0800] "GET /xingrg/all/function/internal_message.html?_=1616983759864&CODE_STATE=getMsg HTTP/1.1" 200 27
116.224.253.72 - - [29/Mar/2021:10:09:21 +0800] "POST /xingrg/dwr/call/plaincall/AjaxQqpsService.saveMaterielItem.dwr HTTP/1.1" 200 79
114.88.156.246 - - [29/Mar/2021:10:09:22 +0800] "GET /xingrg/all/function/internal_message.html?_=1616983763756&CODE_STATE=getMsg HTTP/1.1" 200 27
180.169.147.146 - - [29/Mar/2021:10:09:22 +0800] "GET /xingrg/all/function/internal_message.html?_=1616983761558&CODE_STATE=getMsg HTTP/1.1" 200 27
116.224.253.72 - - [29/Mar/2021:10:09:25 +0800] "POST /xingrg/dwr/call/plaincall/AjaxQqpsService.getMaterielByCode.dwr HTTP/1.1" 200 3618
101.89.29.92 - - [29/Mar/2021:10:09:29 +0800] "GET /xingrg/all/function/internal_message.html?_=1616983583756&CODE_STATE=getMsg HTTP/1.1" 302 -
114.86.187.76 - - [29/Mar/2021:10:09:30 +0800] "GET /xingrg/all/function/internal_message.html?_=1616983771824&CODE_STATE=getMsg HTTP/1.1" 200 27
101.85.94.178 - - [29/Mar/2021:10:09:31 +0800] "GET /xingrg/check_reg.html?_=1616983335785 HTTP/1.1" 200 22
101.85.94.178 - - [29/Mar/2021:10:09:31 +0800] "GET /xingrg/all/function/internal_message.html?_=1616983335784&CODE_STATE=getMsg HTTP/1.1" 200 27
222.70.217.33 - - [29/Mar/2021:10:09:32 +0800] "GET /xingrg/all/function/internal_message.html?_=1616983772446&CODE_STATE=getMsg HTTP/1.1" 200 27
114.88.156.246 - - [29/Mar/2021:10:09:34 +0800] "GET /xingrg/all/function/internal_message.html?_=1616983772835&CODE_STATE=getMsg HTTP/1.1" 200 27
180.169.147.146 - - [29/Mar/2021:10:09:35 +0800] "GET /xingrg/all/function/internal_message.html?_=1616983775141&CODE_STATE=getMsg HTTP/1.1" 200 27
114.83.217.11 - - [29/Mar/2021:10:09:35 +0800] "GET /xingrg/check_reg.html?_=1616983774069 HTTP/1.1" 200 22
114.83.217.11 - - [29/Mar/2021:10:09:35 +0800] "GET /xingrg/all/function/internal_message.html?_=1616983774283&CODE_STATE=getMsg HTTP/1.1" 200 27
114.83.217.11 - - [29/Mar/2021:10:09:35 +0800] "GET /xingrg/kc/buy/cgsh_order_add.html HTTP/1.1" 200 62204
101.89.29.92 - - [29/Mar/2021:10:09:35 +0800] "GET /xingrg/login.html HTTP/1.1" 200 7641
114.83.217.11 - - [29/Mar/2021:10:09:35 +0800] "GET /xingrg/words/20210329092025_words.js HTTP/1.1" 304 -
114.83.217.11 - - [29/Mar/2021:10:09:35 +0800] "POST /xingrg/kc/buy/cgsh_order_operate.html HTTP/1.1" 200 8245
114.83.217.11 - - [29/Mar/2021:10:09:35 +0800] "GET /xingrg/javascript/easyui/themes/default/validatebox.css HTTP/1.1" 404 1104
61.165.42.208 - - [29/Mar/2021:10:09:36 +0800] "GET /xingrg/all/function/internal_message.html?_=1616983778042&CODE_STATE=getMsg HTTP/1.1" 200 27
61.165.42.208 - - [29/Mar/2021:10:09:38 +0800] "GET /xingrg/check_reg.html?_=1616983779588 HTTP/1.1" 200 22
116.235.216.75 - - [29/Mar/2021:10:09:39 +0800] "GET /xingrg/all/function/internal_message.html?_=1616983778256&CODE_STATE=getMsg HTTP/1.1" 200 27
116.224.253.72 - - [29/Mar/2021:10:09:39 +0800] "POST /xingrg/dwr/call/plaincall/AjaxQqpsService.saveMaterielItem.dwr HTTP/1.1" 200 79
101.228.165.174 - - [29/Mar/2021:10:09:43 +0800] "GET /xingrg/check_reg.html?_=1616983808966 HTTP/1.1" 302 -
114.88.160.113 - - [29/Mar/2021:10:09:43 +0800] "GET /xingrg/all/function/internal_message.html?_=1616983782464&CODE_STATE=getMsg HTTP/1.1" 200 27
116.224.253.72 - - [29/Mar/2021:10:09:45 +0800] "POST /xingrg/dwr/call/plaincall/AjaxQqpsService.getMaterielByCode.dwr HTTP/1.1" 200 3598
116.224.253.72 - - [29/Mar/2021:10:09:47 +0800] "POST /xingrg/dwr/call/plaincall/AjaxQqpsService.saveMaterielItem.dwr HTTP/1.1" 200 79
114.83.217.11 - - [29/Mar/2021:10:09:48 +0800] "GET /xingrg/kc/buy/cgsh_order_operate.html?command=get_materiel&rest_code=00149&code=00101006057&supplier_code=00100012&order_time=2021-03-29 HTTP/1.1" 200 413
180.152.227.142 - - [29/Mar/2021:10:09:48 +0800] "GET /xingrg/all/function/internal_message.html?_=1616984058674&CODE_STATE=getMsg HTTP/1.1" 200 27
120.253.135.82 - - [29/Mar/2021:10:09:50 +0800] "GET /xingrg/all/function/internal_message.html?_=1616983840223&CODE_STATE=getMsg HTTP/1.1" 200 27
183.192.164.71 - - [29/Mar/2021:10:09:51 +0800] "GET /xingrg/all/function/internal_message.html?_=1616983400016&CODE_STATE=getMsg HTTP/1.1" 302 -
183.192.164.71 - - [29/Mar/2021:10:09:54 +0800] "GET /xingrg/login.html HTTP/1.1" 200 7641
116.224.253.72 - - [29/Mar/2021:10:09:55 +0800] "POST /xingrg/dwr/call/plaincall/AjaxQqpsService.getMaterielByCode.dwr HTTP/1.1" 200 3672
114.83.217.11 - - [29/Mar/2021:10:09:59 +0800] "GET /xingrg/kc/buy/cgsh_order_operate.html?command=get_materiel&rest_code=00149&code=00101006144&supplier_code=00100012&order_time=2021-03-29 HTTP/1.1" 200 409
116.224.253.72 - - [29/Mar/2021:10:10:01 +0800] "POST /xingrg/dwr/call/plaincall/AjaxQqpsService.saveMaterielItem.dwr HTTP/1.1" 200 79
116.224.253.72 - - [29/Mar/2021:10:10:06 +0800] "POST /xingrg/dwr/call/plaincall/AjaxQqpsService.getMaterielByCode.dwr HTTP/1.1" 200 3655
114.83.217.11 - - [29/Mar/2021:10:10:07 +0800] "GET /xingrg/kc/buy/cgsh_order_operate.html?command=get_materiel&rest_code=00149&code=00101006130&supplier_code=00100012&order_time=2021-03-29 HTTP/1.1" 200 427
116.224.253.72 - - [29/Mar/2021:10:10:08 +0800] "POST /xingrg/dwr/call/plaincall/AjaxQqpsService.saveMaterielItem.dwr HTTP/1.1" 200 79
116.224.253.72 - - [29/Mar/2021:10:10:14 +0800] "POST /xingrg/dwr/call/plaincall/AjaxQqpsService.getMaterielByCode.dwr HTTP/1.1" 200 3674
116.233.75.109 - - [29/Mar/2021:10:10:15 +0800] "GET /xingrg/all/function/internal_message.html?_=1616983816758&CODE_STATE=getMsg HTTP/1.1" 200 27
116.224.253.72 - - [29/Mar/2021:10:10:16 +0800] "POST /xingrg/dwr/call/plaincall/AjaxQqpsService.saveMaterielItem.dwr HTTP/1.1" 200 79
116.224.253.72 - - [29/Mar/2021:10:10:16 +0800] "GET /xingrg/all/function/internal_message.html?_=1616983817088&CODE_STATE=getMsg HTTP/1.1" 200 27
101.228.165.174 - - [29/Mar/2021:10:10:17 +0800] "GET /xingrg/all/function/internal_message.html?_=1616983819288&CODE_STATE=getMsg HTTP/1.1" 200 27
116.224.253.72 - - [29/Mar/2021:10:10:18 +0800] "GET /xingrg/all/function/internal_message.html?_=1616983765160&CODE_STATE=getMsg HTTP/1.1" 200 27
180.169.147.146 - - [29/Mar/2021:10:10:18 +0800] "GET /xingrg/all/function/internal_message.html?_=1616983819013&CODE_STATE=getMsg HTTP/1.1" 302 -
116.224.253.72 - - [29/Mar/2021:10:10:19 +0800] "POST /xingrg/dwr/call/plaincall/AjaxQqpsService.getMaterielByCode.dwr HTTP/1.1" 200 3674
117.185.32.26 - - [29/Mar/2021:10:10:20 +0800] "GET /xingrg/all/function/internal_message.html?_=1616983819838&CODE_STATE=getMsg HTTP/1.1" 200 27
114.83.217.11 - - [29/Mar/2021:10:10:20 +0800] "GET /xingrg/kc/buy/cgsh_order_operate.html?command=get_materiel&rest_code=00149&code=00101006229&supplier_code=00100012&order_time=2021-03-29 HTTP/1.1" 200 412
116.224.253.72 - - [29/Mar/2021:10:10:20 +0800] "POST /xingrg/dwr/call/plaincall/AjaxQqpsService.saveMaterielItem.dwr HTTP/1.1" 200 79
114.88.156.246 - - [29/Mar/2021:10:10:22 +0800] "GET /xingrg/all/function/internal_message.html?_=1616983823755&CODE_STATE=getMsg HTTP/1.1" 200 27
114.88.156.246 - - [29/Mar/2021:10:10:22 +0800] "GET /xingrg/check_reg.html?_=1616983823758 HTTP/1.1" 200 22
180.169.147.146 - - [29/Mar/2021:10:10:22 +0800] "GET /xingrg/all/function/internal_message.html?_=1616983821547&CODE_STATE=getMsg HTTP/1.1" 200 27
183.192.164.71 - - [29/Mar/2021:10:10:23 +0800] "GET /xingrg/all/function/internal_message.html?_=1616983759864&CODE_STATE=getMsg HTTP/1.1" 302 -
183.192.164.71 - - [29/Mar/2021:10:10:26 +0800] "GET /xingrg/login.html HTTP/1.1" 200 7641
116.224.253.72 - - [29/Mar/2021:10:10:27 +0800] "POST /xingrg/dwr/call/plaincall/AjaxQqpsService.getMaterielByCode.dwr HTTP/1.1" 200 3674
116.224.253.72 - - [29/Mar/2021:10:10:28 +0800] "POST /xingrg/dwr/call/plaincall/AjaxQqpsService.saveMaterielItem.dwr HTTP/1.1" 200 79
114.86.187.76 - - [29/Mar/2021:10:10:29 +0800] "GET /xingrg/check_reg.html?_=1616983830998 HTTP/1.1" 200 22
114.86.187.76 - - [29/Mar/2021:10:10:30 +0800] "GET /xingrg/all/function/internal_message.html?_=1616983831838&CODE_STATE=getMsg HTTP/1.1" 200 27
101.85.94.178 - - [29/Mar/2021:10:10:31 +0800] "GET /xingrg/all/function/internal_message.html?_=1616983395785&CODE_STATE=getMsg HTTP/1.1" 200 27
114.83.217.11 - - [29/Mar/2021:10:10:32 +0800] "POST /xingrg/kc/buy/cgsh_order_operate.html HTTP/1.1" 200 37
222.70.217.33 - - [29/Mar/2021:10:10:32 +0800] "GET /xingrg/all/function/internal_message.html?_=1616983832432&CODE_STATE=getMsg HTTP/1.1" 200 27
114.88.160.113 - - [29/Mar/2021:10:10:33 +0800] "GET /xingrg/kc/buy/cgsh_order_operate.html?command=get_materiel&rest_code=00111&code=00101012025&supplier_code=00100037&order_time=2021-03-29 HTTP/1.1" 200 412
116.224.253.72 - - [29/Mar/2021:10:10:33 +0800] "POST /xingrg/dwr/call/plaincall/AjaxQqpsService.getMaterielByCode.dwr HTTP/1.1" 200 3679
114.83.217.11 - - [29/Mar/2021:10:10:34 +0800] "POST /xingrg/kc/buy/cgsh_order_operate.html HTTP/1.1" 200 12
114.88.156.246 - - [29/Mar/2021:10:10:34 +0800] "GET /xingrg/all/function/internal_message.html?_=1616983832806&CODE_STATE=getMsg HTTP/1.1" 200 27
180.169.147.146 - - [29/Mar/2021:10:10:35 +0800] "GET /xingrg/all/function/internal_message.html?_=1616983835141&CODE_STATE=getMsg HTTP/1.1" 200 27
61.165.42.208 - - [29/Mar/2021:10:10:36 +0800] "GET /xingrg/all/function/internal_message.html?_=1616983838021&CODE_STATE=getMsg HTTP/1.1" 200 27
114.83.217.11 - - [29/Mar/2021:10:10:38 +0800] "GET /xingrg/kc/buy/cgsh_order_info.html?code=212021032912696 HTTP/1.1" 200 57106
114.83.217.11 - - [29/Mar/2021:10:10:38 +0800] "GET /xingrg/javascript/easyui/themes/default/validatebox.css HTTP/1.1" 404 1104
114.83.217.11 - - [29/Mar/2021:10:10:38 +0800] "POST /xingrg/kc/buy/cgsh_order_operate.html HTTP/1.1" 200 1809
116.235.216.75 - - [29/Mar/2021:10:10:39 +0800] "GET /xingrg/check_reg.html?_=1616983838246 HTTP/1.1" 200 22
116.235.216.75 - - [29/Mar/2021:10:10:39 +0800] "GET /xingrg/all/function/internal_message.html?_=1616983838275&CODE_STATE=getMsg HTTP/1.1" 200 27
114.83.217.11 - - [29/Mar/2021:10:10:40 +0800] "GET /xingrg/kc/print/load_data.html?order_code=212021032912696&kc_code=cgsh&condition= HTTP/1.1" 200 1264
114.88.160.113 - - [29/Mar/2021:10:10:43 +0800] "GET /xingrg/check_reg.html?_=1616983841995 HTTP/1.1" 200 22
114.88.160.113 - - [29/Mar/2021:10:10:43 +0800] "GET /xingrg/all/function/internal_message.html?_=1616983842479&CODE_STATE=getMsg HTTP/1.1" 200 27
114.83.217.11 - - [29/Mar/2021:10:10:44 +0800] "GET /xingrg/kc/buy/cgsh_order_add.html HTTP/1.1" 200 62204
114.83.217.11 - - [29/Mar/2021:10:10:45 +0800] "POST /xingrg/kc/buy/cgsh_order_operate.html HTTP/1.1" 200 8245
114.83.217.11 - - [29/Mar/2021:10:10:45 +0800] "GET /xingrg/javascript/easyui/themes/default/validatebox.css HTTP/1.1" 404 1104
180.152.227.142 - - [29/Mar/2021:10:10:46 +0800] "GET /xingrg/check_reg.html?_=1616984116879 HTTP/1.1" 200 22
180.152.227.142 - - [29/Mar/2021:10:10:48 +0800] "GET /xingrg/all/function/internal_message.html?_=1616984118687&CODE_STATE=getMsg HTTP/1.1" 200 27
120.253.135.82 - - [29/Mar/2021:10:10:50 +0800] "GET /xingrg/all/function/internal_message.html?_=1616983900253&CODE_STATE=getMsg HTTP/1.1" 200 27
114.88.160.113 - - [29/Mar/2021:10:10:55 +0800] "GET /xingrg/kc/buy/cgsh_order_operate.html?command=get_materiel&rest_code=00111&code=00101012051&supplier_code=00100037&order_time=2021-03-29 HTTP/1.1" 200 408
114.83.217.11 - - [29/Mar/2021:10:11:00 +0800] "GET /xingrg/kc/buy/cgsh_order_operate.html?command=get_materiel&rest_code=00149&code=00101010092&supplier_code=00100036&order_time=2021-03-29 HTTP/1.1" 200 450
120.253.135.82 - - [29/Mar/2021:10:11:03 +0800] "GET /xingrg/images/yd/bt.gif HTTP/1.1" 404 1040
114.88.160.113 - - [29/Mar/2021:10:11:07 +0800] "GET /xingrg/kc/buy/cgsh_order_operate.html?command=get_materiel&rest_code=00111&code=00101016025&supplier_code=00100037&order_time=2021-03-29 HTTP/1.1" 200 408
180.169.147.146 - - [29/Mar/2021:10:11:08 +0800] "GET /xingrg/index.html?sysBaseUrl=http%3A%2F%2F180.169.147.146%3A18081%2Fxingrg%2F&costTime=185×tamp=1615458382968 HTTP/1.1" 302 -
180.169.147.146 - - [29/Mar/2021:10:11:08 +0800] "GET /xingrg/login.html HTTP/1.1" 200 7641
120.253.135.82 - - [29/Mar/2021:10:11:08 +0800] "GET /xingrg/images/yd/bt2.gif HTTP/1.1" 404 1042
116.224.253.72 - - [29/Mar/2021:10:11:08 +0800] "POST /xingrg/dwr/call/plaincall/AjaxQqpsService.saveMaterielItem.dwr HTTP/1.1" 200 79
180.169.147.146 - - [29/Mar/2021:10:11:08 +0800] "GET /favicon.ico HTTP/1.1" 404 -
180.169.147.146 - - [29/Mar/2021:10:11:09 +0800] "POST /xingrg/login.do HTTP/1.1" 302 -
180.169.147.146 - - [29/Mar/2021:10:11:09 +0800] "GET /xingrg/index.html?sysBaseUrl=http%3A%2F%2F180.169.147.146%3A18081%2Fxingrg%2F&costTime=44×tamp=1616983869769 HTTP/1.1" 200 17179
180.169.147.146 - - [29/Mar/2021:10:11:09 +0800] "GET /favicon.ico HTTP/1.1" 404 -
180.169.147.146 - - [29/Mar/2021:10:11:10 +0800] "POST /xingrg/all/common/load_tree.html?tree=area_rest_tree_json&manage=1 HTTP/1.1" 200 351
180.169.147.146 - - [29/Mar/2021:10:11:10 +0800] "GET /xingrg/check_reg.html?_=1616983861732 HTTP/1.1" 200 22
180.169.147.146 - - [29/Mar/2021:10:11:10 +0800] "GET /xingrg/all/function/internal_message.html?_=1616983861732&CODE_STATE=count HTTP/1.1" 200 11
180.169.147.146 - - [29/Mar/2021:10:11:10 +0800] "POST /xingrg/load_menu.html HTTP/1.1" 200 5138
120.253.135.82 - - [29/Mar/2021:10:11:11 +0800] "GET /xingrg/check_reg.html?_=1616983920395 HTTP/1.1" 200 22
114.83.217.11 - - [29/Mar/2021:10:11:12 +0800] "GET /xingrg/kc/buy/cgsh_order_operate.html?command=get_materiel&rest_code=00149&code=00101012026&supplier_code=00100036&order_time=2021-03-29 HTTP/1.1" 200 408
120.253.135.82 - - [29/Mar/2021:10:11:12 +0800] "GET /xingrg/kc/pszx/mdqp_order_list.html?isBack=1 HTTP/1.1" 302 -
120.253.135.82 - - [29/Mar/2021:10:11:12 +0800] "GET /xingrg/dwr/interface/AjaxReportQueryService.js HTTP/1.1" 200 13203
120.253.135.82 - - [29/Mar/2021:10:11:12 +0800] "GET /xingrg/dwr/interface/AjaxQqpsService.js HTTP/1.1" 200 16326
120.253.135.82 - - [29/Mar/2021:10:11:12 +0800] "GET /xingrg/dwr/engine.js HTTP/1.1" 200 43631
120.253.135.82 - - [29/Mar/2021:10:11:12 +0800] "GET /xingrg/kc/pszx/mdqp_order_list.html?state=10 HTTP/1.1" 200 11020
180.169.147.146 - - [29/Mar/2021:10:11:13 +0800] "GET /xingrg/kc/mdqp/pssh_order_list.html HTTP/1.1" 200 17936
116.224.253.72 - - [29/Mar/2021:10:11:14 +0800] "POST /xingrg/dwr/call/plaincall/AjaxQqpsService.getMaterielByCode.dwr HTTP/1.1" 200 3687
120.253.135.82 - - [29/Mar/2021:10:11:14 +0800] "GET /xingrg/kc/pszx/mdqp_order_info.html?code=302021032900615 HTTP/1.1" 200 13346
120.253.135.82 - - [29/Mar/2021:10:11:14 +0800] "GET /xingrg/dwr/interface/AjaxComOrderService.js HTTP/1.1" 200 18264
120.253.135.82 - - [29/Mar/2021:10:11:14 +0800] "GET /xingrg/dwr/interface/AjaxQqpsService.js HTTP/1.1" 200 16326
120.253.135.82 - - [29/Mar/2021:10:11:14 +0800] "GET /xingrg/dwr/engine.js HTTP/1.1" 200 43631
180.169.147.146 - - [29/Mar/2021:10:11:14 +0800] "POST /xingrg/kc/mdqp/pssh_list_operate.html HTTP/1.1" 200 5219
120.253.135.82 - - [29/Mar/2021:10:11:14 +0800] "POST /xingrg/dwr/call/plaincall/AjaxQqpsService.loadMaterielItems.dwr HTTP/1.1" 200 664
116.233.75.109 - - [29/Mar/2021:10:11:15 +0800] "GET /xingrg/all/function/internal_message.html?_=1616983876761&CODE_STATE=getMsg HTTP/1.1" 200 27
180.169.147.146 - - [29/Mar/2021:10:11:15 +0800] "POST /xingrg/kc/mdqp/pssh_list_operate.html HTTP/1.1" 200 371
180.169.147.146 - - [29/Mar/2021:10:11:16 +0800] "GET /xingrg/kc/mdqp/pssh_order_info.html?code=312021032200582 HTTP/1.1" 200 17277
180.169.147.146 - - [29/Mar/2021:10:11:16 +0800] "GET /xingrg/javascript/jquery_tools/jquery-1.4.2.min.js HTTP/1.1" 404 1094
180.169.147.146 - - [29/Mar/2021:10:11:16 +0800] "GET /xingrg/words/20210329092025_words.js HTTP/1.1" 200 801142
116.224.253.72 - - [29/Mar/2021:10:11:16 +0800] "GET /xingrg/check_reg.html?_=1616983877093 HTTP/1.1" 200 22
116.224.253.72 - - [29/Mar/2021:10:11:16 +0800] "GET /xingrg/all/function/internal_message.html?_=1616983877094&CODE_STATE=getMsg HTTP/1.1" 200 27
120.253.135.82 - - [29/Mar/2021:10:11:16 +0800] "GET /xingrg/check_reg.html?_=1616983651974 HTTP/1.1" 200 22
180.169.147.146 - - [29/Mar/2021:10:11:17 +0800] "POST /xingrg/kc/mdqp/pssh_order_operate.html HTTP/1.1" 200 1083
180.169.147.146 - - [29/Mar/2021:10:11:17 +0800] "GET /xingrg/all/common/auto_word.html?type=base&rest_code=00147&rest_code=00147 HTTP/1.1" 200 1707
180.169.147.146 - - [29/Mar/2021:10:11:17 +0800] "GET /xingrg/javascript/easyui/themes/default/validatebox.css HTTP/1.1" 404 1104
180.169.147.146 - - [29/Mar/2021:10:11:17 +0800] "GET /xingrg/all/common/auto_word.html?type=employee&rest_code=00147 HTTP/1.1" 200 151
114.88.160.113 - - [29/Mar/2021:10:11:17 +0800] "GET /xingrg/kc/buy/cgsh_order_operate.html?command=get_materiel&rest_code=00111&code=00101015046&supplier_code=00100037&order_time=2021-03-29 HTTP/1.1" 200 412
101.228.165.174 - - [29/Mar/2021:10:11:17 +0800] "GET /xingrg/all/function/internal_message.html?_=1616983879297&CODE_STATE=getMsg HTTP/1.1" 200 27
116.224.253.72 - - [29/Mar/2021:10:11:18 +0800] "GET /xingrg/all/function/internal_message.html?_=1616983825174&CODE_STATE=getMsg HTTP/1.1" 200 27
180.169.147.146 - - [29/Mar/2021:10:11:18 +0800] "GET /xingrg/all/function/internal_message.html?_=1616983878983&CODE_STATE=getMsg HTTP/1.1" 302 -
120.253.135.82 - - [29/Mar/2021:10:11:19 +0800] "GET /xingrg/kc/pszx/mdqp_order_list.html?isBack=1 HTTP/1.1" 302 -
120.253.135.82 - - [29/Mar/2021:10:11:19 +0800] "GET /xingrg/kc/pszx/mdqp_order_list.html?state=10 HTTP/1.1" 200 11020
120.253.135.82 - - [29/Mar/2021:10:11:19 +0800] "GET /xingrg/dwr/interface/AjaxReportQueryService.js HTTP/1.1" 200 13203
120.253.135.82 - - [29/Mar/2021:10:11:19 +0800] "GET /xingrg/dwr/interface/AjaxQqpsService.js HTTP/1.1" 200 16326
120.253.135.82 - - [29/Mar/2021:10:11:19 +0800] "GET /xingrg/dwr/engine.js HTTP/1.1" 200 43631
117.185.32.26 - - [29/Mar/2021:10:11:20 +0800] "GET /xingrg/all/function/internal_message.html?_=1616983879812&CODE_STATE=getMsg HTTP/1.1" 200 27
180.169.147.146 - - [29/Mar/2021:10:11:20 +0800] "GET /xingrg/kc/mdqp/pssh_order_list.html?isBack=1 HTTP/1.1" 200 17936
180.169.147.146 - - [29/Mar/2021:10:11:20 +0800] "POST /xingrg/kc/mdqp/pssh_list_operate.html HTTP/1.1" 200 5219
114.83.217.11 - - [29/Mar/2021:10:11:21 +0800] "POST /xingrg/kc/buy/cgsh_order_operate.html HTTP/1.1" 200 37
117.185.32.26 - - [29/Mar/2021:10:11:21 +0800] "GET /xingrg/check_reg.html?_=1616983880871 HTTP/1.1" 200 22
114.88.156.246 - - [29/Mar/2021:10:11:22 +0800] "GET /xingrg/all/function/internal_message.html?_=1616983883757&CODE_STATE=getMsg HTTP/1.1" 200 27
180.169.147.146 - - [29/Mar/2021:10:11:22 +0800] "GET /xingrg/all/function/internal_message.html?_=1616983881554&CODE_STATE=getMsg HTTP/1.1" 200 27
116.224.253.72 - - [29/Mar/2021:10:11:22 +0800] "POST /xingrg/dwr/call/plaincall/AjaxQqpsService.saveMaterielItem.dwr HTTP/1.1" 200 79
180.169.147.146 - - [29/Mar/2021:10:11:26 +0800] "POST /xingrg/kc/mdqp/pssh_list_operate.html HTTP/1.1" 200 371
116.224.253.72 - - [29/Mar/2021:10:11:26 +0800] "POST /xingrg/dwr/call/plaincall/AjaxQqpsService.getMaterielByCode.dwr HTTP/1.1" 200 3658
116.224.253.72 - - [29/Mar/2021:10:11:27 +0800] "POST /xingrg/dwr/call/plaincall/AjaxQqpsService.saveMaterielItem.dwr HTTP/1.1" 200 79
114.88.160.113 - - [29/Mar/2021:10:11:28 +0800] "GET /xingrg/kc/buy/cgsh_order_operate.html?command=get_materiel&rest_code=00111&code=00101015066&supplier_code=00100037&order_time=2021-03-29 HTTP/1.1" 200 413
114.86.187.76 - - [29/Mar/2021:10:11:30 +0800] "GET /xingrg/all/function/internal_message.html?_=1616983891850&CODE_STATE=getMsg HTTP/1.1" 200 27
180.169.147.146 - - [29/Mar/2021:10:11:30 +0800] "POST /xingrg/kc/mdqp/pssh_list_operate.html HTTP/1.1" 200 733
101.85.94.178 - - [29/Mar/2021:10:11:31 +0800] "GET /xingrg/all/function/internal_message.html?_=1616983455784&CODE_STATE=getMsg HTTP/1.1" 200 27
180.169.147.146 - - [29/Mar/2021:10:11:32 +0800] "GET /xingrg/kc/mdqp/pssh_order_info.html?code=312021032700741 HTTP/1.1" 200 17299
180.169.147.146 - - [29/Mar/2021:10:11:32 +0800] "GET /xingrg/javascript/jquery_tools/jquery-1.4.2.min.js HTTP/1.1" 404 1094
114.83.217.11 - - [29/Mar/2021:10:11:32 +0800] "POST /xingrg/kc/buy/cgsh_order_operate.html HTTP/1.1" 200 12
180.169.147.146 - - [29/Mar/2021:10:11:32 +0800] "POST /xingrg/kc/mdqp/pssh_order_operate.html HTTP/1.1" 200 3590
180.169.147.146 - - [29/Mar/2021:10:11:32 +0800] "GET /xingrg/javascript/easyui/themes/default/validatebox.css HTTP/1.1" 404 1104
222.70.217.33 - - [29/Mar/2021:10:11:32 +0800] "GET /xingrg/all/function/internal_message.html?_=1616983892418&CODE_STATE=getMsg HTTP/1.1" 200 27
114.83.217.11 - - [29/Mar/2021:10:11:33 +0800] "GET /xingrg/kc/buy/cgsh_order_info.html?code=212021032912697 HTTP/1.1" 200 57108
116.224.253.72 - - [29/Mar/2021:10:11:34 +0800] "POST /xingrg/dwr/call/plaincall/AjaxQqpsService.getMaterielByCode.dwr HTTP/1.1" 200 3660
114.83.217.11 - - [29/Mar/2021:10:11:34 +0800] "GET /xingrg/javascript/easyui/themes/default/validatebox.css HTTP/1.1" 404 1104
114.88.156.246 - - [29/Mar/2021:10:11:34 +0800] "GET /xingrg/all/function/internal_message.html?_=1616983892784&CODE_STATE=getMsg HTTP/1.1" 200 27
114.83.217.11 - - [29/Mar/2021:10:11:34 +0800] "POST /xingrg/kc/buy/cgsh_order_operate.html HTTP/1.1" 200 1206
120.253.135.82 - - [29/Mar/2021:10:11:35 +0800] "GET /xingrg/kc/pszx/mdth_order_list.html HTTP/1.1" 200 18624
120.253.135.82 - - [29/Mar/2021:10:11:35 +0800] "POST /xingrg/kc/pszx/mdth_order_new_list.html HTTP/1.1" 200 4637
180.169.147.146 - - [29/Mar/2021:10:11:35 +0800] "GET /xingrg/all/function/internal_message.html?_=1616983895144&CODE_STATE=getMsg HTTP/1.1" 200 27
114.83.217.11 - - [29/Mar/2021:10:11:35 +0800] "GET /xingrg/all/function/internal_message.html?_=1616983894287&CODE_STATE=getMsg HTTP/1.1" 200 27
114.83.217.11 - - [29/Mar/2021:10:11:35 +0800] "GET /xingrg/kc/print/load_data.html?order_code=212021032912697&kc_code=cgsh&condition= HTTP/1.1" 200 1013
114.88.160.113 - - [29/Mar/2021:10:11:36 +0800] "GET /xingrg/kc/buy/cgsh_order_operate.html?command=get_materiel&rest_code=00111&code=00101015097&supplier_code=00100037&order_time=2021-03-29 HTTP/1.1" 200 402
61.165.42.208 - - [29/Mar/2021:10:11:36 +0800] "GET /xingrg/all/function/internal_message.html?_=1616983897996&CODE_STATE=getMsg HTTP/1.1" 200 27
116.224.253.72 - - [29/Mar/2021:10:11:37 +0800] "POST /xingrg/dwr/call/plaincall/AjaxQqpsService.saveMaterielItem.dwr HTTP/1.1" 200 79
116.235.216.75 - - [29/Mar/2021:10:11:39 +0800] "GET /xingrg/all/function/internal_message.html?_=1616983898270&CODE_STATE=getMsg HTTP/1.1" 200 27
114.88.160.113 - - [29/Mar/2021:10:11:39 +0800] "POST /xingrg/kc/buy/cgsh_order_operate.html HTTP/1.1" 200 2065
116.224.253.72 - - [29/Mar/2021:10:11:41 +0800] "POST /xingrg/dwr/call/plaincall/AjaxQqpsService.getMaterielByCode.dwr HTTP/1.1" 200 3681
180.169.147.146 - - [29/Mar/2021:10:11:43 +0800] "GET /xingrg/kc/mdqp/pssh_order_list.html?isBack=1 HTTP/1.1" 200 17936
116.224.253.72 - - [29/Mar/2021:10:11:43 +0800] "POST /xingrg/dwr/call/plaincall/AjaxQqpsService.saveMaterielItem.dwr HTTP/1.1" 200 79
114.88.160.113 - - [29/Mar/2021:10:11:43 +0800] "GET /xingrg/all/function/internal_message.html?_=1616983902493&CODE_STATE=getMsg HTTP/1.1" 200 27
180.169.147.146 - - [29/Mar/2021:10:11:43 +0800] "POST /xingrg/kc/mdqp/pssh_list_operate.html HTTP/1.1" 200 5219
180.169.147.146 - - [29/Mar/2021:10:11:45 +0800] "POST /xingrg/kc/mdqp/pssh_list_operate.html HTTP/1.1" 200 733
114.88.160.113 - - [29/Mar/2021:10:11:47 +0800] "GET /xingrg/kc/buy/cgsh_order_operate.html?command=get_materiel&rest_code=00111&code=00101012026&supplier_code=00100037&order_time=2021-03-29 HTTP/1.1" 200 410
180.169.147.146 - - [29/Mar/2021:10:11:48 +0800] "POST /xingrg/kc/mdqp/pssh_list_operate.html HTTP/1.1" 200 491
116.224.253.72 - - [29/Mar/2021:10:11:48 +0800] "POST /xingrg/dwr/call/plaincall/AjaxQqpsService.getMaterielByCode.dwr HTTP/1.1" 200 3651
180.152.227.142 - - [29/Mar/2021:10:11:48 +0800] "GET /xingrg/all/function/internal_message.html?_=1616984178701&CODE_STATE=getMsg HTTP/1.1" 200 27
180.169.147.146 - - [29/Mar/2021:10:11:49 +0800] "GET /xingrg/kc/mdqp/pssh_order_info.html?code=312021032700740 HTTP/1.1" 200 17299
180.169.147.146 - - [29/Mar/2021:10:11:49 +0800] "POST /xingrg/kc/mdqp/pssh_list_operate.html HTTP/1.1" 200 1582
180.169.147.146 - - [29/Mar/2021:10:11:49 +0800] "GET /xingrg/javascript/jquery_tools/jquery-1.4.2.min.js HTTP/1.1" 404 1094
180.169.147.146 - - [29/Mar/2021:10:11:50 +0800] "POST /xingrg/kc/mdqp/pssh_order_operate.html HTTP/1.1" 200 1641
180.169.147.146 - - [29/Mar/2021:10:11:50 +0800] "GET /xingrg/javascript/easyui/themes/default/validatebox.css HTTP/1.1" 404 1104
116.224.253.72 - - [29/Mar/2021:10:11:50 +0800] "POST /xingrg/dwr/call/plaincall/AjaxQqpsService.saveMaterielItem.dwr HTTP/1.1" 200 79
120.253.135.82 - - [29/Mar/2021:10:11:50 +0800] "GET /xingrg/all/function/internal_message.html?_=1616983960266&CODE_STATE=getMsg HTTP/1.1" 200 27
180.169.147.146 - - [29/Mar/2021:10:11:52 +0800] "POST /xingrg/all/common/load_combo.html?type=employee HTTP/1.1" 200 274
116.224.253.72 - - [29/Mar/2021:10:11:53 +0800] "POST /xingrg/dwr/call/plaincall/AjaxQqpsService.getMaterielByCode.dwr HTTP/1.1" 200 3672
101.228.165.174 - - [29/Mar/2021:10:11:54 +0800] "GET /xingrg/check_reg.html?_=1616983939859 HTTP/1.1" 302 -
116.224.253.72 - - [29/Mar/2021:10:11:54 +0800] "POST /xingrg/dwr/call/plaincall/AjaxQqpsService.saveMaterielItem.dwr HTTP/1.1" 200 79
180.169.147.146 - - [29/Mar/2021:10:11:58 +0800] "POST /xingrg/kc/mdqp/pssh_order_operate.html HTTP/1.1" 200 37
180.169.147.146 - - [29/Mar/2021:10:11:58 +0800] "POST /xingrg/kc/mdqp/pssh_order_operate.html HTTP/1.1" 200 12
116.224.253.72 - - [29/Mar/2021:10:11:58 +0800] "POST /xingrg/dwr/call/plaincall/AjaxQqpsService.getMaterielByCode.dwr HTTP/1.1" 200 3672
180.169.147.146 - - [29/Mar/2021:10:11:59 +0800] "GET /xingrg/kc/mdqp/pssh_order_info.html?code=312021032700740 HTTP/1.1" 200 14388
180.169.147.146 - - [29/Mar/2021:10:11:59 +0800] "GET /xingrg/javascript/jquery_tools/jquery-1.4.2.min.js HTTP/1.1" 404 1094
180.169.147.146 - - [29/Mar/2021:10:11:59 +0800] "GET /xingrg/javascript/easyui/themes/default/validatebox.css HTTP/1.1" 404 1104
180.169.147.146 - - [29/Mar/2021:10:11:59 +0800] "POST /xingrg/kc/mdqp/pssh_order_operate.html HTTP/1.1" 200 1641
116.224.253.72 - - [29/Mar/2021:10:12:00 +0800] "POST /xingrg/dwr/call/plaincall/AjaxQqpsService.saveMaterielItem.dwr HTTP/1.1" 200 79
180.169.147.146 - - [29/Mar/2021:10:12:00 +0800] "GET /xingrg/kc/mdqp/pssh_order_list.html?isBack=1 HTTP/1.1" 200 17936
180.169.147.146 - - [29/Mar/2021:10:12:00 +0800] "POST /xingrg/kc/mdqp/pssh_list_operate.html HTTP/1.1" 200 5244
114.88.160.113 - - [29/Mar/2021:10:12:01 +0800] "GET /xingrg/kc/buy/cgsh_order_operate.html?command=get_materiel&rest_code=00111&code=00101015038&supplier_code=00100037&order_time=2021-03-29 HTTP/1.1" 200 418
180.169.147.146 - - [29/Mar/2021:10:12:01 +0800] "POST /xingrg/kc/mdqp/pssh_list_operate.html HTTP/1.1" 200 359
180.169.147.146 - - [29/Mar/2021:10:12:02 +0800] "GET /xingrg/kc/mdqp/pssh_order_info.html?code=312021032500664 HTTP/1.1" 200 17278
180.169.147.146 - - [29/Mar/2021:10:12:02 +0800] "GET /xingrg/javascript/jquery_tools/jquery-1.4.2.min.js HTTP/1.1" 404 1094
180.169.147.146 - - [29/Mar/2021:10:12:02 +0800] "POST /xingrg/kc/mdqp/pssh_list_operate.html HTTP/1.1" 200 1582
180.169.147.146 - - [29/Mar/2021:10:12:02 +0800] "GET /xingrg/javascript/easyui/themes/default/validatebox.css HTTP/1.1" 404 1104
180.169.147.146 - - [29/Mar/2021:10:12:02 +0800] "POST /xingrg/kc/mdqp/pssh_order_operate.html HTTP/1.1" 200 1046
116.224.253.72 - - [29/Mar/2021:10:12:04 +0800] "POST /xingrg/dwr/call/plaincall/AjaxQqpsService.getMaterielByCode.dwr HTTP/1.1" 200 3673
180.169.147.146 - - [29/Mar/2021:10:12:05 +0800] "POST /xingrg/all/common/load_combo.html?type=base&rest_code=00147 HTTP/1.1" 200 3057
116.224.253.72 - - [29/Mar/2021:10:12:06 +0800] "POST /xingrg/dwr/call/plaincall/AjaxQqpsService.saveMaterielItem.dwr HTTP/1.1" 200 79
116.224.253.72 - - [29/Mar/2021:10:12:10 +0800] "POST /xingrg/dwr/call/plaincall/AjaxQqpsService.getMaterielByCode.dwr HTTP/1.1" 200 3673
180.169.147.146 - - [29/Mar/2021:10:12:10 +0800] "GET /xingrg/all/function/internal_message.html?_=1616983921730&CODE_STATE=getMsg HTTP/1.1" 200 27
114.88.160.113 - - [29/Mar/2021:10:12:11 +0800] "GET /xingrg/kc/buy/cgsh_order_operate.html?command=get_materiel&rest_code=00111&code=00101008092&supplier_code=00100037&order_time=2021-03-29 HTTP/1.1" 200 412
116.224.253.72 - - [29/Mar/2021:10:12:12 +0800] "POST /xingrg/dwr/call/plaincall/AjaxQqpsService.saveMaterielItem.dwr HTTP/1.1" 200 79
101.228.165.174 - - [29/Mar/2021:10:12:15 +0800] "GET /xingrg/check_reg.html?_=1616983936630 HTTP/1.1" 200 22
116.233.75.109 - - [29/Mar/2021:10:12:15 +0800] "GET /xingrg/all/function/internal_message.html?_=1616983936765&CODE_STATE=getMsg HTTP/1.1" 200 27
116.224.253.72 - - [29/Mar/2021:10:12:16 +0800] "POST /xingrg/dwr/call/plaincall/AjaxQqpsService.getMaterielByCode.dwr HTTP/1.1" 200 3643
116.224.253.72 - - [29/Mar/2021:10:12:16 +0800] "GET /xingrg/all/function/internal_message.html?_=1616983937094&CODE_STATE=getMsg HTTP/1.1" 200 27
116.224.253.72 - - [29/Mar/2021:10:12:17 +0800] "POST /xingrg/dwr/call/plaincall/AjaxQqpsService.saveMaterielItem.dwr HTTP/1.1" 200 79
180.169.147.146 - - [29/Mar/2021:10:12:17 +0800] "POST /xingrg/all/common/load_combo.html?type=employee HTTP/1.1" 200 274
101.228.165.174 - - [29/Mar/2021:10:12:17 +0800] "GET /xingrg/all/function/internal_message.html?_=1616983939310&CODE_STATE=getMsg HTTP/1.1" 200 27
116.224.253.72 - - [29/Mar/2021:10:12:18 +0800] "GET /xingrg/check_reg.html?_=1616983885125 HTTP/1.1" 200 22
116.224.253.72 - - [29/Mar/2021:10:12:18 +0800] "GET /xingrg/all/function/internal_message.html?_=1616983885189&CODE_STATE=getMsg HTTP/1.1" 200 27
180.169.147.146 - - [29/Mar/2021:10:12:18 +0800] "GET /xingrg/all/function/internal_message.html?_=1616983938966&CODE_STATE=getMsg HTTP/1.1" 302 -
180.169.147.146 - - [29/Mar/2021:10:12:19 +0800] "GET /xingrg/check_reg.html?_=1616983939527 HTTP/1.1" 302 -
117.185.32.26 - - [29/Mar/2021:10:12:20 +0800] "GET /xingrg/all/function/internal_message.html?_=1616983939787&CODE_STATE=getMsg HTTP/1.1" 200 27
114.88.156.246 - - [29/Mar/2021:10:12:22 +0800] "GET /xingrg/all/function/internal_message.html?_=1616983943756&CODE_STATE=getMsg HTTP/1.1" 200 27
180.169.147.146 - - [29/Mar/2021:10:12:22 +0800] "GET /xingrg/check_reg.html?_=1616983941559 HTTP/1.1" 200 22
180.169.147.146 - - [29/Mar/2021:10:12:22 +0800] "GET /xingrg/all/function/internal_message.html?_=1616983941561&CODE_STATE=getMsg HTTP/1.1" 200 27
180.169.147.146 - - [29/Mar/2021:10:12:23 +0800] "POST /xingrg/kc/mdqp/pssh_order_operate.html HTTP/1.1" 200 37
180.169.147.146 - - [29/Mar/2021:10:12:23 +0800] "POST /xingrg/kc/mdqp/pssh_order_operate.html HTTP/1.1" 200 12
114.88.160.113 - - [29/Mar/2021:10:12:24 +0800] "GET /xingrg/kc/buy/cgsh_order_operate.html?command=get_materiel&rest_code=00111&code=00101015070&supplier_code=00100037&order_time=2021-03-29 HTTP/1.1" 200 413
116.224.253.72 - - [29/Mar/2021:10:12:25 +0800] "POST /xingrg/dwr/call/plaincall/AjaxQqpsService.getMaterielByCode.dwr HTTP/1.1" 200 3664
180.169.147.146 - - [29/Mar/2021:10:12:25 +0800] "GET /xingrg/kc/mdqp/pssh_order_info.html?code=312021032500664 HTTP/1.1" 200 14394
180.169.147.146 - - [29/Mar/2021:10:12:25 +0800] "GET /xingrg/javascript/jquery_tools/jquery-1.4.2.min.js HTTP/1.1" 404 1094
180.169.147.146 - - [29/Mar/2021:10:12:25 +0800] "POST /xingrg/kc/mdqp/pssh_order_operate.html HTTP/1.1" 200 1046
180.169.147.146 - - [29/Mar/2021:10:12:25 +0800] "GET /xingrg/javascript/easyui/themes/default/validatebox.css HTTP/1.1" 404 1104
116.224.253.72 - - [29/Mar/2021:10:12:26 +0800] "POST /xingrg/dwr/call/plaincall/AjaxQqpsService.saveMaterielItem.dwr HTTP/1.1" 200 79
101.89.239.245 - - [29/Mar/2021:10:12:28 +0800] "GET /xingrg/all/function/internal_message.html?_=1616983883757&CODE_STATE=getMsg HTTP/1.1" 302 -
114.86.187.76 - - [29/Mar/2021:10:12:30 +0800] "GET /xingrg/all/function/internal_message.html?_=1616983951863&CODE_STATE=getMsg HTTP/1.1" 200 27
116.224.253.72 - - [29/Mar/2021:10:12:31 +0800] "POST /xingrg/dwr/call/plaincall/AjaxQqpsService.getMaterielByCode.dwr HTTP/1.1" 200 3658
101.85.94.178 - - [29/Mar/2021:10:12:31 +0800] "GET /xingrg/all/function/internal_message.html?_=1616983515787&CODE_STATE=getMsg HTTP/1.1" 200 27
117.185.32.26 - - [29/Mar/2021:10:12:31 +0800] "POST /xingrg/kc/base/yddb_list_operate.html HTTP/1.1" 200 4302
117.185.32.26 - - [29/Mar/2021:10:12:32 +0800] "POST /xingrg/kc/base/yddb_list_operate.html HTTP/1.1" 200 201
222.70.217.33 - - [29/Mar/2021:10:12:32 +0800] "GET /xingrg/all/function/internal_message.html?_=1616983952403&CODE_STATE=getMsg HTTP/1.1" 200 27
117.185.32.26 - - [29/Mar/2021:10:12:33 +0800] "GET /xingrg/kc/base/yddb_order_info.html?code=482021032900270 HTTP/1.1" 200 31540
117.185.32.26 - - [29/Mar/2021:10:12:33 +0800] "GET /xingrg/dwr/interface/AjaxYddbService.js HTTP/1.1" 200 13201
117.185.32.26 - - [29/Mar/2021:10:12:33 +0800] "GET /xingrg/dwr/interface/AjaxComOrderService.js HTTP/1.1" 200 18264
117.185.32.26 - - [29/Mar/2021:10:12:33 +0800] "GET /xingrg/dwr/engine.js HTTP/1.1" 200 43631
117.185.32.26 - - [29/Mar/2021:10:12:33 +0800] "POST /xingrg/dwr/call/plaincall/AjaxYddbService.loadMaterielItems.dwr HTTP/1.1" 200 387
116.224.253.72 - - [29/Mar/2021:10:12:33 +0800] "POST /xingrg/dwr/call/plaincall/AjaxQqpsService.saveMaterielItem.dwr HTTP/1.1" 200 79
114.88.156.246 - - [29/Mar/2021:10:12:34 +0800] "GET /xingrg/all/function/internal_message.html?_=1616983952759&CODE_STATE=getMsg HTTP/1.1" 200 27
101.89.239.245 - - [29/Mar/2021:10:12:35 +0800] "GET /xingrg/login.html HTTP/1.1" 200 7641
180.169.147.146 - - [29/Mar/2021:10:12:35 +0800] "GET /xingrg/check_reg.html?_=1616983955147 HTTP/1.1" 200 22
180.169.147.146 - - [29/Mar/2021:10:12:35 +0800] "GET /xingrg/all/function/internal_message.html?_=1616983955153&CODE_STATE=getMsg HTTP/1.1" 200 27
114.83.217.11 - - [29/Mar/2021:10:12:35 +0800] "GET /xingrg/all/function/internal_message.html?_=1616983954262&CODE_STATE=getMsg HTTP/1.1" 200 27
61.165.42.208 - - [29/Mar/2021:10:12:36 +0800] "GET /xingrg/all/function/internal_message.html?_=1616983957975&CODE_STATE=getMsg HTTP/1.1" 200 27
117.185.32.26 - - [29/Mar/2021:10:12:37 +0800] "GET /xingrg/kc/base/yddb_order_report.html?fileType=servlets/html&code=482021032900270&reportName=ck_order_report&subName=yddb HTTP/1.1" 302 -
117.185.32.26 - - [29/Mar/2021:10:12:37 +0800] "GET /xingrg/servlets/html?sysBaseUrl=http%3A%2F%2F180.169.147.146%3A18081%2Fxingrg%2F&costTime=84×tamp=1616983957311 HTTP/1.1" 200 14751
117.185.32.26 - - [29/Mar/2021:10:12:37 +0800] "GET /xingrg/servlets/image?image=px HTTP/1.1" 200 807
117.185.32.26 - - [29/Mar/2021:10:12:37 +0800] "GET /favicon.ico HTTP/1.1" 404 -
116.224.253.72 - - [29/Mar/2021:10:12:38 +0800] "POST /xingrg/dwr/call/plaincall/AjaxQqpsService.getMaterielByCode.dwr HTTP/1.1" 200 3643
116.235.216.75 - - [29/Mar/2021:10:12:39 +0800] "GET /xingrg/all/function/internal_message.html?_=1616983958265&CODE_STATE=getMsg HTTP/1.1" 200 27
116.224.253.72 - - [29/Mar/2021:10:12:39 +0800] "POST /xingrg/dwr/call/plaincall/AjaxQqpsService.saveMaterielItem.dwr HTTP/1.1" 200 79
114.88.160.113 - - [29/Mar/2021:10:12:43 +0800] "GET /xingrg/all/function/internal_message.html?_=1616983962821&CODE_STATE=getMsg HTTP/1.1" 200 27
116.224.253.72 - - [29/Mar/2021:10:12:47 +0800] "POST /xingrg/dwr/call/plaincall/AjaxQqpsService.getMaterielByCode.dwr HTTP/1.1" 200 3664
180.152.227.142 - - [29/Mar/2021:10:12:48 +0800] "GET /xingrg/all/function/internal_message.html?_=1616984238715&CODE_STATE=getMsg HTTP/1.1" 200 27
120.253.135.82 - - [29/Mar/2021:10:12:50 +0800] "GET /xingrg/all/function/internal_message.html?_=1616984020279&CODE_STATE=getMsg HTTP/1.1" 200 27
116.224.253.72 - - [29/Mar/2021:10:12:52 +0800] "POST /xingrg/dwr/call/plaincall/AjaxQqpsService.saveMaterielItem.dwr HTTP/1.1" 200 79
116.224.253.72 - - [29/Mar/2021:10:12:55 +0800] "POST /xingrg/dwr/call/plaincall/AjaxQqpsService.getMaterielByCode.dwr HTTP/1.1" 200 3664
116.224.253.72 - - [29/Mar/2021:10:12:57 +0800] "POST /xingrg/dwr/call/plaincall/AjaxQqpsService.saveMaterielItem.dwr HTTP/1.1" 200 79
116.224.253.72 - - [29/Mar/2021:10:13:00 +0800] "POST /xingrg/dwr/call/plaincall/AjaxQqpsService.getMaterielByCode.dwr HTTP/1.1" 200 3673
116.224.253.72 - - [29/Mar/2021:10:13:02 +0800] "POST /xingrg/dwr/call/plaincall/AjaxQqpsService.saveMaterielItem.dwr HTTP/1.1" 200 79
120.253.135.82 - - [29/Mar/2021:10:13:02 +0800] "GET /xingrg/kc/report/report_main.html HTTP/1.1" 200 9370
120.253.135.82 - - [29/Mar/2021:10:13:03 +0800] "GET /xingrg/kc/base/kc_stocks.html HTTP/1.1" 200 16380
120.253.135.82 - - [29/Mar/2021:10:13:03 +0800] "GET /xingrg/javascript/easyui/themes/default/tree.css HTTP/1.1" 404 1090
120.253.135.82 - - [29/Mar/2021:10:13:03 +0800] "POST /xingrg/all/common/load_tree.html?tree=materiel_sort_tree_json HTTP/1.1" 200 8666
222.70.217.33 - - [29/Mar/2021:10:13:04 +0800] "GET /xingrg/check_reg.html?_=1616983984045 HTTP/1.1" 200 22
120.253.135.82 - - [29/Mar/2021:10:13:04 +0800] "POST /xingrg/all/common/load_combo.html?type=base HTTP/1.1" 200 984
116.224.253.72 - - [29/Mar/2021:10:13:07 +0800] "POST /xingrg/dwr/call/plaincall/AjaxQqpsService.getMaterielByCode.dwr HTTP/1.1" 200 3678
180.169.147.146 - - [29/Mar/2021:10:13:10 +0800] "GET /xingrg/all/function/internal_message.html?_=1616983981783&CODE_STATE=getMsg HTTP/1.1" 200 27
114.88.156.246 - - [29/Mar/2021:10:13:12 +0800] "GET /xingrg/check_reg.html?_=1616983991275 HTTP/1.1" 200 22
120.253.135.82 - - [29/Mar/2021:10:13:13 +0800] "POST /xingrg/kc/base/stock_operate.html HTTP/1.1" 200 1719
116.233.75.109 - - [29/Mar/2021:10:13:15 +0800] "GET /xingrg/all/function/internal_message.html?_=1616983996768&CODE_STATE=getMsg HTTP/1.1" 200 27
116.233.75.109 - - [29/Mar/2021:10:13:15 +0800] "GET /xingrg/check_reg.html?_=1616983996769 HTTP/1.1" 200 22
116.224.253.72 - - [29/Mar/2021:10:13:16 +0800] "GET /xingrg/all/function/internal_message.html?_=1616983997101&CODE_STATE=getMsg HTTP/1.1" 200 27
101.228.165.174 - - [29/Mar/2021:10:13:18 +0800] "GET /xingrg/all/function/internal_message.html?_=1616983999323&CODE_STATE=getMsg HTTP/1.1" 200 27
116.224.253.72 - - [29/Mar/2021:10:13:18 +0800] "POST /xingrg/dwr/call/plaincall/AjaxQqpsService.saveMaterielItem.dwr HTTP/1.1" 200 79
116.224.253.72 - - [29/Mar/2021:10:13:18 +0800] "GET /xingrg/all/function/internal_message.html?_=1616983945285&CODE_STATE=getMsg HTTP/1.1" 200 27
180.169.147.146 - - [29/Mar/2021:10:13:18 +0800] "GET /xingrg/all/function/internal_message.html?_=1616983998950&CODE_STATE=getMsg HTTP/1.1" 302 -
117.185.32.26 - - [29/Mar/2021:10:13:20 +0800] "GET /xingrg/all/function/internal_message.html?_=1616983999768&CODE_STATE=getMsg HTTP/1.1" 200 27
114.88.156.246 - - [29/Mar/2021:10:13:22 +0800] "GET /xingrg/all/function/internal_message.html?_=1616984003755&CODE_STATE=getMsg HTTP/1.1" 200 27
116.224.253.72 - - [29/Mar/2021:10:13:22 +0800] "POST /xingrg/dwr/call/plaincall/AjaxQqpsService.getMaterielByCode.dwr HTTP/1.1" 200 3678
180.169.147.146 - - [29/Mar/2021:10:13:22 +0800] "GET /xingrg/all/function/internal_message.html?_=1616984001548&CODE_STATE=getMsg HTTP/1.1" 200 27
116.224.253.72 - - [29/Mar/2021:10:13:23 +0800] "POST /xingrg/dwr/call/plaincall/AjaxQqpsService.saveMaterielItem.dwr HTTP/1.1" 200 79
101.89.239.238 - - [29/Mar/2021:10:13:29 +0800] "GET /xingrg/all/function/internal_message.html?_=1616983943756&CODE_STATE=getMsg HTTP/1.1" 302 -
114.86.187.76 - - [29/Mar/2021:10:13:30 +0800] "GET /xingrg/all/function/internal_message.html?_=1616984012084&CODE_STATE=getMsg HTTP/1.1" 200 27
101.89.239.238 - - [29/Mar/2021:10:13:31 +0800] "GET /xingrg/login.html HTTP/1.1" 200 7641
101.85.94.178 - - [29/Mar/2021:10:13:31 +0800] "GET /xingrg/all/function/internal_message.html?_=1616983575786&CODE_STATE=getMsg HTTP/1.1" 200 27
116.224.253.72 - - [29/Mar/2021:10:13:32 +0800] "POST /xingrg/dwr/call/plaincall/AjaxQqpsService.getMaterielByCode.dwr HTTP/1.1" 200 3669
222.70.217.33 - - [29/Mar/2021:10:13:32 +0800] "GET /xingrg/all/function/internal_message.html?_=1616984012375&CODE_STATE=getMsg HTTP/1.1" 200 27
114.88.156.246 - - [29/Mar/2021:10:13:34 +0800] "GET /xingrg/all/function/internal_message.html?_=1616984012732&CODE_STATE=getMsg HTTP/1.1" 200 27
180.169.147.146 - - [29/Mar/2021:10:13:35 +0800] "GET /xingrg/all/function/internal_message.html?_=1616984015154&CODE_STATE=getMsg HTTP/1.1" 200 27
116.224.253.72 - - [29/Mar/2021:10:13:35 +0800] "POST /xingrg/dwr/call/plaincall/AjaxQqpsService.saveMaterielItem.dwr HTTP/1.1" 200 79
114.83.217.11 - - [29/Mar/2021:10:13:35 +0800] "GET /xingrg/all/function/internal_message.html?_=1616984014247&CODE_STATE=getMsg HTTP/1.1" 200 27
61.165.42.208 - - [29/Mar/2021:10:13:36 +0800] "GET /xingrg/all/function/internal_message.html?_=1616984017945&CODE_STATE=getMsg HTTP/1.1" 200 27
116.235.216.75 - - [29/Mar/2021:10:13:39 +0800] "GET /xingrg/all/function/internal_message.html?_=1616984018255&CODE_STATE=getMsg HTTP/1.1" 200 27
180.169.147.146 - - [29/Mar/2021:10:13:40 +0800] "GET /xingrg/kc/mdqp/pssh_order_list.html?isBack=1 HTTP/1.1" 200 17936
116.224.253.72 - - [29/Mar/2021:10:13:40 +0800] "POST /xingrg/dwr/call/plaincall/AjaxQqpsService.getMaterielByCode.dwr HTTP/1.1" 200 3673
180.169.147.146 - - [29/Mar/2021:10:13:40 +0800] "POST /xingrg/kc/mdqp/pssh_list_operate.html HTTP/1.1" 200 5275
183.192.164.71 - - [29/Mar/2021:10:13:41 +0800] "GET /xingrg/servlets/image?image=px HTTP/1.1" 200 807
180.169.147.146 - - [29/Mar/2021:10:13:42 +0800] "POST /xingrg/kc/mdqp/pssh_list_operate.html HTTP/1.1" 200 768
180.169.147.146 - - [29/Mar/2021:10:13:43 +0800] "POST /xingrg/kc/mdqp/pssh_list_operate.html HTTP/1.1" 200 1582
180.169.147.146 - - [29/Mar/2021:10:13:43 +0800] "GET /xingrg/kc/mdqp/pssh_order_info.html?code=312021032700737 HTTP/1.1" 200 17303
180.169.147.146 - - [29/Mar/2021:10:13:43 +0800] "GET /xingrg/javascript/jquery_tools/jquery-1.4.2.min.js HTTP/1.1" 404 1094
180.169.147.146 - - [29/Mar/2021:10:13:43 +0800] "GET /xingrg/javascript/easyui/themes/default/validatebox.css HTTP/1.1" 404 1104
180.169.147.146 - - [29/Mar/2021:10:13:43 +0800] "POST /xingrg/kc/mdqp/pssh_order_operate.html HTTP/1.1" 200 3645
114.88.160.113 - - [29/Mar/2021:10:13:44 +0800] "GET /xingrg/all/function/internal_message.html?_=1616984023128&CODE_STATE=getMsg HTTP/1.1" 200 27
