116.232.48.27 - - [27/Mar/2021:09:12:52 +0800] "POST /xingrg/kc/buy/cgsh_order_operate.html HTTP/1.1" 200 37
180.169.147.146 - - [27/Mar/2021:09:12:54 +0800] "GET /xingrg/all/function/internal_message.html?_=1616807570711&CODE_STATE=getMsg HTTP/1.1" 302 -
114.88.166.193 - - [27/Mar/2021:09:12:54 +0800] "GET /xingrg/kc/buy/cgsh_order_operate.html?command=get_materiel&rest_code=00111&code=00101006056&supplier_code=00100012&order_time=2021-03-27 HTTP/1.1" 200 413
116.235.216.75 - - [27/Mar/2021:09:12:58 +0800] "POST /xingrg/kc/buy/cgsh_order_operate.html HTTP/1.1" 200 37
116.224.253.72 - - [27/Mar/2021:09:12:59 +0800] "GET /xingrg/kc/buy/cgsh_order_operate.html?command=get_materiel&rest_code=00151&code=00101008349&supplier_code=00100007&order_time=2021-03-27 HTTP/1.1" 200 412
101.228.165.174 - - [27/Mar/2021:09:12:59 +0800] "GET /xingrg/all/function/internal_message.html?_=1616807594769&CODE_STATE=getMsg HTTP/1.1" 302 -
222.70.217.33 - - [27/Mar/2021:09:13:01 +0800] "GET /xingrg/all/function/internal_message.html?_=1616807576379&CODE_STATE=getMsg HTTP/1.1" 200 27
116.235.216.75 - - [27/Mar/2021:09:13:02 +0800] "POST /xingrg/kc/buy/cgsh_order_operate.html HTTP/1.1" 200 5007
116.235.216.75 - - [27/Mar/2021:09:13:05 +0800] "GET /xingrg/kc/print/load_data.html?order_code=212021032711686&kc_code=cgsh&condition= HTTP/1.1" 200 1590
116.235.216.75 - - [27/Mar/2021:09:13:06 +0800] "GET /xingrg/all/function/internal_message.html?_=1616807575496&CODE_STATE=getMsg HTTP/1.1" 200 27
180.169.147.146 - - [27/Mar/2021:09:13:07 +0800] "GET /xingrg/all/function/internal_message.html?_=1616807577509&CODE_STATE=getMsg HTTP/1.1" 200 27
114.89.82.158 - - [27/Mar/2021:09:13:13 +0800] "GET /xingrg/all/function/internal_message.html?_=1616807589678&CODE_STATE=getMsg HTTP/1.1" 302 -
116.224.253.72 - - [27/Mar/2021:09:13:14 +0800] "GET /xingrg/all/function/internal_message.html?_=1616807592094&CODE_STATE=getMsg HTTP/1.1" 200 27
116.224.253.72 - - [27/Mar/2021:09:13:14 +0800] "GET /xingrg/check_reg.html?_=1616807592095 HTTP/1.1" 200 22
116.235.216.75 - - [27/Mar/2021:09:13:14 +0800] "GET /xingrg/kc/buy/cgsh_order_add.html HTTP/1.1" 200 62239
114.88.156.246 - - [27/Mar/2021:09:13:14 +0800] "GET /xingrg/check_reg.html?_=1616807586352 HTTP/1.1" 200 22
116.235.216.75 - - [27/Mar/2021:09:13:15 +0800] "POST /xingrg/kc/buy/cgsh_order_operate.html HTTP/1.1" 200 8245
116.235.216.75 - - [27/Mar/2021:09:13:15 +0800] "GET /xingrg/javascript/easyui/themes/default/validatebox.css HTTP/1.1" 404 1104
114.88.166.193 - - [27/Mar/2021:09:13:16 +0800] "GET /xingrg/all/function/internal_message.html?_=1616807591213&CODE_STATE=getMsg HTTP/1.1" 200 27
180.169.147.146 - - [27/Mar/2021:09:13:17 +0800] "GET /xingrg/all/function/internal_message.html?_=1616807593858&CODE_STATE=getMsg HTTP/1.1" 302 -
180.169.147.146 - - [27/Mar/2021:09:13:17 +0800] "GET /xingrg/check_reg.html?_=1616807593859 HTTP/1.1" 302 -
61.165.42.208 - - [27/Mar/2021:09:13:20 +0800] "GET /xingrg/all/function/internal_message.html?_=1616807601170&CODE_STATE=getMsg HTTP/1.1" 200 27
114.88.166.193 - - [27/Mar/2021:09:13:20 +0800] "GET /xingrg/kc/buy/cgsh_order_operate.html?command=get_materiel&rest_code=00111&code=00101006111&supplier_code=00100012&order_time=2021-03-27 HTTP/1.1" 200 409
116.235.216.75 - - [27/Mar/2021:09:13:26 +0800] "GET /xingrg/javascript/easyui/themes/default/tree.css HTTP/1.1" 404 1090
116.235.216.75 - - [27/Mar/2021:09:13:26 +0800] "POST /xingrg/all/common/load_tree.html?tree=supplier_tree_json&isDelete=1 HTTP/1.1" 200 54827
117.185.32.26 - - [27/Mar/2021:09:13:27 +0800] "GET /xingrg/all/function/internal_message.html?_=1616808104071&CODE_STATE=getMsg HTTP/1.1" 200 27
117.185.32.26 - - [27/Mar/2021:09:13:27 +0800] "GET /xingrg/check_reg.html?_=1616808104074 HTTP/1.1" 200 22
114.88.166.193 - - [27/Mar/2021:09:13:28 +0800] "GET /xingrg/kc/buy/cgsh_order_operate.html?command=get_materiel&rest_code=00111&code=00101011005&supplier_code=00100012&order_time=2021-03-27 HTTP/1.1" 200 429
180.169.147.146 - - [27/Mar/2021:09:13:29 +0800] "GET /xingrg/all/function/internal_message.html?_=1616807606099&CODE_STATE=getMsg HTTP/1.1" 302 -
120.253.135.82 - - [27/Mar/2021:09:13:32 +0800] "GET /xingrg/check_reg.html?_=1616807384221 HTTP/1.1" 200 22
101.83.241.196 - - [27/Mar/2021:09:13:33 +0800] "GET /xingrg/all/function/internal_message.html?_=1616807610012&CODE_STATE=getMsg HTTP/1.1" 200 27
116.224.253.72 - - [27/Mar/2021:09:13:33 +0800] "GET /xingrg/kc/buy/cgsh_order_operate.html?command=get_materiel&rest_code=00151&code=00101008355&supplier_code=00100007&order_time=2021-03-27 HTTP/1.1" 200 408
116.224.253.72 - - [27/Mar/2021:09:13:34 +0800] "GET /xingrg/all/function/internal_message.html?_=1616807559427&CODE_STATE=getMsg HTTP/1.1" 200 27
116.232.48.27 - - [27/Mar/2021:09:13:34 +0800] "GET /xingrg/all/function/internal_message.html?_=1616807613186&CODE_STATE=getMsg HTTP/1.1" 200 27
116.232.48.27 - - [27/Mar/2021:09:13:35 +0800] "POST /xingrg/kc/buy/cgsh_order_operate.html HTTP/1.1" 200 5619
114.88.166.193 - - [27/Mar/2021:09:13:38 +0800] "POST /xingrg/kc/buy/cgsh_order_operate.html HTTP/1.1" 200 37
114.88.166.193 - - [27/Mar/2021:09:13:39 +0800] "POST /xingrg/kc/buy/cgsh_order_operate.html HTTP/1.1" 200 6807
114.88.166.193 - - [27/Mar/2021:09:13:41 +0800] "GET /xingrg/kc/print/load_data.html?order_code=212021032711687&kc_code=cgsh&condition= HTTP/1.1" 200 2345
116.232.48.27 - - [27/Mar/2021:09:13:42 +0800] "GET /xingrg/kc/buy/cgsh_order_operate.html?command=get_materiel&rest_code=00109&code=00101008256&supplier_code=00100005&order_time=2021-03-27 HTTP/1.1" 200 412
101.228.165.174 - - [27/Mar/2021:09:13:45 +0800] "GET /xingrg/check_reg.html?_=1616807643598 HTTP/1.1" 200 22
101.228.165.174 - - [27/Mar/2021:09:13:45 +0800] "GET /xingrg/all/function/internal_message.html?_=1616807644401&CODE_STATE=getMsg HTTP/1.1" 200 27
116.224.253.72 - - [27/Mar/2021:09:13:46 +0800] "GET /xingrg/kc/buy/cgsh_order_operate.html?command=get_materiel&rest_code=00151&code=00101008095&supplier_code=00100007&order_time=2021-03-27 HTTP/1.1" 200 413
101.83.241.196 - - [27/Mar/2021:09:13:47 +0800] "POST /xingrg/services/DataTransmitService HTTP/1.1" 200 501
222.70.217.33 - - [27/Mar/2021:09:13:47 +0800] "GET /xingrg/all/function/internal_message.html?_=1616807627502&CODE_STATE=getMsg HTTP/1.1" 302 -
116.232.48.27 - - [27/Mar/2021:09:13:48 +0800] "GET /xingrg/kc/buy/cgsh_order_operate.html?command=get_materiel&rest_code=00109&code=00101008257&supplier_code=00100005&order_time=2021-03-27 HTTP/1.1" 200 416
101.83.241.196 - - [27/Mar/2021:09:13:48 +0800] "POST /xingrg/services/DataTransmitService HTTP/1.1" 200 501
114.88.156.246 - - [27/Mar/2021:09:13:49 +0800] "GET /xingrg/all/function/internal_message.html?_=1616807621153&CODE_STATE=getMsg HTTP/1.1" 200 27
180.169.147.146 - - [27/Mar/2021:09:13:50 +0800] "GET /xingrg/check_reg.html?_=1616807606923 HTTP/1.1" 200 22
180.169.147.146 - - [27/Mar/2021:09:13:50 +0800] "GET /xingrg/all/function/internal_message.html?_=1616807606923&CODE_STATE=getMsg HTTP/1.1" 200 27
120.253.135.82 - - [27/Mar/2021:09:13:51 +0800] "GET /xingrg/all/function/internal_message.html?_=1616807402516&CODE_STATE=getMsg HTTP/1.1" 200 27
116.232.48.27 - - [27/Mar/2021:09:13:53 +0800] "GET /xingrg/kc/buy/cgsh_order_operate.html?command=get_materiel&rest_code=00109&code=00101008155&supplier_code=00100005&order_time=2021-03-27 HTTP/1.1" 200 408
116.224.253.72 - - [27/Mar/2021:09:13:54 +0800] "GET /xingrg/kc/buy/cgsh_order_operate.html?command=get_materiel&rest_code=00151&code=00101008351&supplier_code=00100007&order_time=2021-03-27 HTTP/1.1" 200 408
180.169.147.146 - - [27/Mar/2021:09:13:54 +0800] "GET /xingrg/check_reg.html?_=1616807630711 HTTP/1.1" 302 -
180.169.147.146 - - [27/Mar/2021:09:13:54 +0800] "GET /xingrg/all/function/internal_message.html?_=1616807630712&CODE_STATE=getMsg HTTP/1.1" 302 -
114.88.166.193 - - [27/Mar/2021:09:13:54 +0800] "GET /xingrg/kc/buy/cgsh_order_add.html HTTP/1.1" 200 62151
114.88.166.193 - - [27/Mar/2021:09:13:55 +0800] "POST /xingrg/kc/buy/cgsh_order_operate.html HTTP/1.1" 200 8245
114.88.166.193 - - [27/Mar/2021:09:13:55 +0800] "GET /xingrg/javascript/easyui/themes/default/validatebox.css HTTP/1.1" 404 1104
101.228.165.174 - - [27/Mar/2021:09:13:59 +0800] "GET /xingrg/all/function/internal_message.html?_=1616807654782&CODE_STATE=getMsg HTTP/1.1" 302 -
116.232.48.27 - - [27/Mar/2021:09:13:59 +0800] "GET /xingrg/kc/buy/cgsh_order_operate.html?command=get_materiel&rest_code=00109&code=00101008185&supplier_code=00100005&order_time=2021-03-27 HTTP/1.1" 200 409
222.70.217.33 - - [27/Mar/2021:09:14:01 +0800] "GET /xingrg/check_reg.html?_=1616807636381 HTTP/1.1" 200 22
222.70.217.33 - - [27/Mar/2021:09:14:01 +0800] "GET /xingrg/all/function/internal_message.html?_=1616807636382&CODE_STATE=getMsg HTTP/1.1" 200 27
116.232.48.27 - - [27/Mar/2021:09:14:01 +0800] "GET /xingrg/all/function/internal_message.html?_=1616807640115&CODE_STATE=getMsg HTTP/1.1" 200 27
116.232.48.27 - - [27/Mar/2021:09:14:02 +0800] "POST /xingrg/kc/buy/cgsh_order_operate.html HTTP/1.1" 200 2065
114.88.166.193 - - [27/Mar/2021:09:14:03 +0800] "GET /xingrg/kc/buy/cgsh_order_operate.html?command=get_materiel&rest_code=00111&code=00101007061&supplier_code=00100004&order_time=2021-03-27 HTTP/1.1" 200 409
116.224.253.72 - - [27/Mar/2021:09:14:04 +0800] "GET /xingrg/kc/buy/cgsh_order_operate.html?command=get_materiel&rest_code=00151&code=00101008264&supplier_code=00100007&order_time=2021-03-27 HTTP/1.1" 200 412
116.232.48.27 - - [27/Mar/2021:09:14:05 +0800] "GET /xingrg/kc/buy/cgsh_order_operate.html?command=get_materiel&rest_code=00109&code=00101008354&supplier_code=00100005&order_time=2021-03-27 HTTP/1.1" 200 412
61.165.42.208 - - [27/Mar/2021:09:14:05 +0800] "GET /xingrg/javascript/auto/indicator.gif HTTP/1.1" 404 1066
116.235.216.75 - - [27/Mar/2021:09:14:06 +0800] "GET /xingrg/all/function/internal_message.html?_=1616807635478&CODE_STATE=getMsg HTTP/1.1" 200 27
180.169.147.146 - - [27/Mar/2021:09:14:07 +0800] "GET /xingrg/all/function/internal_message.html?_=1616807637521&CODE_STATE=getMsg HTTP/1.1" 200 27
116.232.48.27 - - [27/Mar/2021:09:14:11 +0800] "GET /xingrg/kc/buy/cgsh_order_operate.html?command=get_materiel&rest_code=00109&code=00101008351&supplier_code=00100005&order_time=2021-03-27 HTTP/1.1" 200 408
114.89.82.158 - - [27/Mar/2021:09:14:13 +0800] "GET /xingrg/all/function/internal_message.html?_=1616807649681&CODE_STATE=getMsg HTTP/1.1" 302 -
116.224.253.72 - - [27/Mar/2021:09:14:13 +0800] "GET /xingrg/kc/buy/cgsh_order_operate.html?command=get_materiel&rest_code=00151&code=00101008302&supplier_code=00100007&order_time=2021-03-27 HTTP/1.1" 200 412
114.88.166.193 - - [27/Mar/2021:09:14:13 +0800] "GET /xingrg/kc/buy/cgsh_order_operate.html?command=get_materiel&rest_code=00111&code=00101007049&supplier_code=00100004&order_time=2021-03-27 HTTP/1.1" 200 409
116.224.253.72 - - [27/Mar/2021:09:14:14 +0800] "GET /xingrg/all/function/internal_message.html?_=1616807652080&CODE_STATE=getMsg HTTP/1.1" 200 27
61.165.42.208 - - [27/Mar/2021:09:14:16 +0800] "GET /xingrg/kc/buy/cgsh_order_operate.html?command=get_materiel&rest_code=00105&code=00101016053&supplier_code=00100203&order_time=2021-03-27 HTTP/1.1" 200 410
114.88.166.193 - - [27/Mar/2021:09:14:16 +0800] "GET /xingrg/all/function/internal_message.html?_=1616807651227&CODE_STATE=getMsg HTTP/1.1" 200 27
180.169.147.146 - - [27/Mar/2021:09:14:17 +0800] "GET /xingrg/all/function/internal_message.html?_=1616807653843&CODE_STATE=getMsg HTTP/1.1" 302 -
116.232.48.27 - - [27/Mar/2021:09:14:18 +0800] "GET /xingrg/kc/buy/cgsh_order_operate.html?command=get_materiel&rest_code=00109&code=00101008110&supplier_code=00100005&order_time=2021-03-27 HTTP/1.1" 200 409
116.235.216.75 - - [27/Mar/2021:09:14:19 +0800] "GET /xingrg/kc/buy/cgsh_order_operate.html?command=get_materiel&rest_code=00107&code=00101008045&supplier_code=00100006&order_time=2021-03-27 HTTP/1.1" 200 412
61.165.42.208 - - [27/Mar/2021:09:14:20 +0800] "GET /xingrg/all/function/internal_message.html?_=1616807661202&CODE_STATE=getMsg HTTP/1.1" 200 27
101.83.241.196 - - [27/Mar/2021:09:14:22 +0800] "POST /xingrg/services/DataTransmitService HTTP/1.1" 200 501
61.165.42.208 - - [27/Mar/2021:09:14:25 +0800] "GET /xingrg/kc/buy/cgsh_order_operate.html?command=get_materiel&rest_code=00105&code=00101010136&supplier_code=00100203&order_time=2021-03-27 HTTP/1.1" 200 408
117.185.32.26 - - [27/Mar/2021:09:14:27 +0800] "GET /xingrg/all/function/internal_message.html?_=1616808164077&CODE_STATE=getMsg HTTP/1.1" 200 27
114.88.166.193 - - [27/Mar/2021:09:14:28 +0800] "GET /xingrg/kc/buy/cgsh_order_operate.html?command=get_materiel&rest_code=00111&code=00101007085&supplier_code=00100004&order_time=2021-03-27 HTTP/1.1" 200 413
180.169.147.146 - - [27/Mar/2021:09:14:29 +0800] "GET /xingrg/all/function/internal_message.html?_=1616807666098&CODE_STATE=getMsg HTTP/1.1" 302 -
101.83.241.196 - - [27/Mar/2021:09:14:33 +0800] "GET /xingrg/all/function/internal_message.html?_=1616807670004&CODE_STATE=getMsg HTTP/1.1" 200 27
116.224.253.72 - - [27/Mar/2021:09:14:34 +0800] "GET /xingrg/all/function/internal_message.html?_=1616807619440&CODE_STATE=getMsg HTTP/1.1" 200 27
61.165.42.208 - - [27/Mar/2021:09:14:34 +0800] "POST /xingrg/kc/buy/cgsh_order_operate.html HTTP/1.1" 200 37
61.165.42.208 - - [27/Mar/2021:09:14:35 +0800] "POST /xingrg/kc/buy/cgsh_order_operate.html HTTP/1.1" 200 42873
116.232.48.27 - - [27/Mar/2021:09:14:37 +0800] "GET /xingrg/kc/buy/cgsh_order_operate.html?command=get_materiel&rest_code=00109&code=00101008163&supplier_code=00100005&order_time=2021-03-27 HTTP/1.1" 200 408
114.88.166.193 - - [27/Mar/2021:09:14:42 +0800] "GET /xingrg/kc/buy/cgsh_order_operate.html?command=get_materiel&rest_code=00111&code=00101007077&supplier_code=00100004&order_time=2021-03-27 HTTP/1.1" 200 415
116.235.216.75 - - [27/Mar/2021:09:14:42 +0800] "GET /xingrg/kc/buy/cgsh_order_operate.html?command=get_materiel&rest_code=00107&code=00101008232&supplier_code=00100006&order_time=2021-03-27 HTTP/1.1" 200 408
116.232.48.27 - - [27/Mar/2021:09:14:43 +0800] "GET /xingrg/kc/buy/cgsh_order_operate.html?command=get_materiel&rest_code=00109&code=00101008355&supplier_code=00100005&order_time=2021-03-27 HTTP/1.1" 200 408
116.232.48.27 - - [27/Mar/2021:09:14:45 +0800] "POST /xingrg/kc/buy/cgsh_order_operate.html HTTP/1.1" 200 2065
101.228.165.174 - - [27/Mar/2021:09:14:46 +0800] "GET /xingrg/all/function/internal_message.html?_=1616807704414&CODE_STATE=getMsg HTTP/1.1" 200 27
61.165.42.208 - - [27/Mar/2021:09:14:47 +0800] "POST /xingrg/kc/buy/cgsh_order_operate.html HTTP/1.1" 200 37
222.70.217.33 - - [27/Mar/2021:09:14:47 +0800] "GET /xingrg/all/function/internal_message.html?_=1616807687511&CODE_STATE=getMsg HTTP/1.1" 302 -
116.232.48.27 - - [27/Mar/2021:09:14:48 +0800] "GET /xingrg/kc/buy/cgsh_order_operate.html?command=get_materiel&rest_code=00109&code=00101008144&supplier_code=00100005&order_time=2021-03-27 HTTP/1.1" 200 413
114.88.156.246 - - [27/Mar/2021:09:14:49 +0800] "GET /xingrg/all/function/internal_message.html?_=1616807681124&CODE_STATE=getMsg HTTP/1.1" 200 27
180.169.147.146 - - [27/Mar/2021:09:14:50 +0800] "GET /xingrg/all/function/internal_message.html?_=1616807666909&CODE_STATE=getMsg HTTP/1.1" 200 27
120.253.135.82 - - [27/Mar/2021:09:14:51 +0800] "GET /xingrg/all/function/internal_message.html?_=1616807462529&CODE_STATE=getMsg HTTP/1.1" 200 27
116.232.48.27 - - [27/Mar/2021:09:14:53 +0800] "GET /xingrg/kc/buy/cgsh_order_operate.html?command=get_materiel&rest_code=00109&code=00101008264&supplier_code=00100005&order_time=2021-03-27 HTTP/1.1" 200 412
180.169.147.146 - - [27/Mar/2021:09:14:54 +0800] "GET /xingrg/all/function/internal_message.html?_=1616807690711&CODE_STATE=getMsg HTTP/1.1" 302 -
101.228.165.174 - - [27/Mar/2021:09:14:56 +0800] "GET /xingrg/check_reg.html?_=1616807711862 HTTP/1.1" 302 -
101.83.241.196 - - [27/Mar/2021:09:14:57 +0800] "POST /xingrg/services/DataTransmitService HTTP/1.1" 200 501
101.228.165.174 - - [27/Mar/2021:09:14:59 +0800] "GET /xingrg/all/function/internal_message.html?_=1616807714795&CODE_STATE=getMsg HTTP/1.1" 302 -
116.232.48.27 - - [27/Mar/2021:09:15:00 +0800] "GET /xingrg/kc/buy/cgsh_order_operate.html?command=get_materiel&rest_code=00109&code=00101008439&supplier_code=00100005&order_time=2021-03-27 HTTP/1.1" 200 399
222.70.217.33 - - [27/Mar/2021:09:15:01 +0800] "GET /xingrg/all/function/internal_message.html?_=1616807696367&CODE_STATE=getMsg HTTP/1.1" 200 27
116.232.48.27 - - [27/Mar/2021:09:15:01 +0800] "GET /xingrg/all/function/internal_message.html?_=1616807700133&CODE_STATE=getMsg HTTP/1.1" 200 27
114.88.166.193 - - [27/Mar/2021:09:15:01 +0800] "GET /xingrg/kc/buy/cgsh_order_operate.html?command=get_materiel&rest_code=00111&code=00101007076&supplier_code=00100004&order_time=2021-03-27 HTTP/1.1" 200 408
101.83.241.196 - - [27/Mar/2021:09:15:03 +0800] "POST /xingrg/services/DataTransmitService HTTP/1.1" 200 501
101.83.241.196 - - [27/Mar/2021:09:15:03 +0800] "POST /xingrg/services/DataTransmitService HTTP/1.1" 200 501
116.232.48.27 - - [27/Mar/2021:09:15:06 +0800] "GET /xingrg/kc/buy/cgsh_order_operate.html?command=get_materiel&rest_code=00109&code=00101008360&supplier_code=00100005&order_time=2021-03-27 HTTP/1.1" 200 413
116.235.216.75 - - [27/Mar/2021:09:15:06 +0800] "GET /xingrg/all/function/internal_message.html?_=1616807695450&CODE_STATE=getMsg HTTP/1.1" 200 27
180.169.147.146 - - [27/Mar/2021:09:15:07 +0800] "GET /xingrg/all/function/internal_message.html?_=1616807697489&CODE_STATE=getMsg HTTP/1.1" 200 27
116.232.48.27 - - [27/Mar/2021:09:15:11 +0800] "GET /xingrg/kc/buy/cgsh_order_operate.html?command=get_materiel&rest_code=00109&code=00101008270&supplier_code=00100005&order_time=2021-03-27 HTTP/1.1" 200 412
116.235.216.75 - - [27/Mar/2021:09:15:11 +0800] "GET /xingrg/kc/buy/cgsh_order_operate.html?command=get_materiel&rest_code=00107&code=00101008365&supplier_code=00100006&order_time=2021-03-27 HTTP/1.1" 200 413
114.89.82.158 - - [27/Mar/2021:09:15:13 +0800] "GET /xingrg/all/function/internal_message.html?_=1616807709686&CODE_STATE=getMsg HTTP/1.1" 302 -
116.232.48.27 - - [27/Mar/2021:09:15:13 +0800] "POST /xingrg/kc/buy/cgsh_order_operate.html HTTP/1.1" 200 2065
116.224.253.72 - - [27/Mar/2021:09:15:14 +0800] "GET /xingrg/all/function/internal_message.html?_=1616807712100&CODE_STATE=getMsg HTTP/1.1" 200 27
114.88.166.193 - - [27/Mar/2021:09:15:15 +0800] "POST /xingrg/kc/buy/cgsh_order_operate.html HTTP/1.1" 200 37
180.169.147.146 - - [27/Mar/2021:09:15:17 +0800] "GET /xingrg/all/function/internal_message.html?_=1616807713841&CODE_STATE=getMsg HTTP/1.1" 302 -
114.88.166.193 - - [27/Mar/2021:09:15:17 +0800] "POST /xingrg/kc/buy/cgsh_order_operate.html HTTP/1.1" 200 5611
116.232.48.27 - - [27/Mar/2021:09:15:18 +0800] "GET /xingrg/kc/buy/cgsh_order_operate.html?command=get_materiel&rest_code=00109&code=00101008357&supplier_code=00100005&order_time=2021-03-27 HTTP/1.1" 200 408
114.88.166.193 - - [27/Mar/2021:09:15:18 +0800] "GET /xingrg/check_reg.html?_=1616807713523 HTTP/1.1" 200 22
114.88.166.193 - - [27/Mar/2021:09:15:18 +0800] "GET /xingrg/all/function/internal_message.html?_=1616807713527&CODE_STATE=getMsg HTTP/1.1" 200 27
114.88.166.193 - - [27/Mar/2021:09:15:19 +0800] "GET /xingrg/kc/print/load_data.html?order_code=212021032711688&kc_code=cgsh&condition= HTTP/1.1" 200 1851
101.83.241.196 - - [27/Mar/2021:09:15:20 +0800] "POST /xingrg/services/DataTransmitService HTTP/1.1" 200 501
101.83.241.196 - - [27/Mar/2021:09:15:22 +0800] "POST /xingrg/services/DataTransmitService HTTP/1.1" 200 501
101.83.241.196 - - [27/Mar/2021:09:15:23 +0800] "POST /xingrg/services/DataTransmitService HTTP/1.1" 200 501
116.232.48.27 - - [27/Mar/2021:09:15:24 +0800] "GET /xingrg/kc/buy/cgsh_order_operate.html?command=get_materiel&rest_code=00109&code=00101008069&supplier_code=00100005&order_time=2021-03-27 HTTP/1.1" 200 412
116.235.216.75 - - [27/Mar/2021:09:15:26 +0800] "GET /xingrg/kc/buy/cgsh_order_operate.html?command=get_materiel&rest_code=00107&code=00101008354&supplier_code=00100006&order_time=2021-03-27 HTTP/1.1" 200 412
117.185.32.26 - - [27/Mar/2021:09:15:27 +0800] "GET /xingrg/all/function/internal_message.html?_=1616808224075&CODE_STATE=getMsg HTTP/1.1" 200 27
180.169.147.146 - - [27/Mar/2021:09:15:27 +0800] "GET /xingrg/check_reg.html?_=1616807718049 HTTP/1.1" 200 22
116.232.48.27 - - [27/Mar/2021:09:15:29 +0800] "GET /xingrg/kc/buy/cgsh_order_operate.html?command=get_materiel&rest_code=00109&code=00101008006&supplier_code=00100005&order_time=2021-03-27 HTTP/1.1" 200 416
180.169.147.146 - - [27/Mar/2021:09:15:29 +0800] "GET /xingrg/all/function/internal_message.html?_=1616807726099&CODE_STATE=getMsg HTTP/1.1" 302 -
101.83.241.196 - - [27/Mar/2021:09:15:29 +0800] "POST /xingrg/services/DataTransmitService HTTP/1.1" 200 412
101.83.241.196 - - [27/Mar/2021:09:15:33 +0800] "GET /xingrg/all/function/internal_message.html?_=1616807730001&CODE_STATE=getMsg HTTP/1.1" 200 27
116.224.253.72 - - [27/Mar/2021:09:15:34 +0800] "GET /xingrg/all/function/internal_message.html?_=1616807679454&CODE_STATE=getMsg HTTP/1.1" 200 27
116.232.48.27 - - [27/Mar/2021:09:15:35 +0800] "GET /xingrg/kc/buy/cgsh_order_operate.html?command=get_materiel&rest_code=00109&code=00101008131&supplier_code=00100005&order_time=2021-03-27 HTTP/1.1" 200 408
116.235.216.75 - - [27/Mar/2021:09:15:40 +0800] "GET /xingrg/kc/buy/cgsh_order_operate.html?command=get_materiel&rest_code=00107&code=00101008351&supplier_code=00100006&order_time=2021-03-27 HTTP/1.1" 200 408
116.232.48.27 - - [27/Mar/2021:09:15:42 +0800] "GET /xingrg/kc/buy/cgsh_order_operate.html?command=get_materiel&rest_code=00109&code=00101008318&supplier_code=00100005&order_time=2021-03-27 HTTP/1.1" 200 408
116.232.48.27 - - [27/Mar/2021:09:15:45 +0800] "POST /xingrg/kc/buy/cgsh_order_operate.html HTTP/1.1" 200 2065
101.228.165.174 - - [27/Mar/2021:09:15:46 +0800] "GET /xingrg/all/function/internal_message.html?_=1616807764429&CODE_STATE=getMsg HTTP/1.1" 200 27
222.70.217.33 - - [27/Mar/2021:09:15:47 +0800] "GET /xingrg/all/function/internal_message.html?_=1616807747509&CODE_STATE=getMsg HTTP/1.1" 302 -
114.88.156.246 - - [27/Mar/2021:09:15:49 +0800] "GET /xingrg/all/function/internal_message.html?_=1616807741100&CODE_STATE=getMsg HTTP/1.1" 200 27
180.169.147.146 - - [27/Mar/2021:09:15:50 +0800] "GET /xingrg/all/function/internal_message.html?_=1616807726911&CODE_STATE=getMsg HTTP/1.1" 200 27
120.253.135.82 - - [27/Mar/2021:09:15:51 +0800] "GET /xingrg/all/function/internal_message.html?_=1616807522824&CODE_STATE=getMsg HTTP/1.1" 200 27
116.235.216.75 - - [27/Mar/2021:09:15:53 +0800] "GET /xingrg/kc/buy/cgsh_order_operate.html?command=get_materiel&rest_code=00107&code=00101008096&supplier_code=00100006&order_time=2021-03-27 HTTP/1.1" 200 412
116.232.48.27 - - [27/Mar/2021:09:15:53 +0800] "GET /xingrg/kc/buy/cgsh_order_operate.html?command=get_materiel&rest_code=00109&code=00101008353&supplier_code=00100005&order_time=2021-03-27 HTTP/1.1" 200 408
180.169.147.146 - - [27/Mar/2021:09:15:54 +0800] "GET /xingrg/all/function/internal_message.html?_=1616807750710&CODE_STATE=getMsg HTTP/1.1" 302 -
101.228.165.174 - - [27/Mar/2021:09:15:59 +0800] "GET /xingrg/all/function/internal_message.html?_=1616807774826&CODE_STATE=getMsg HTTP/1.1" 302 -
116.232.48.27 - - [27/Mar/2021:09:15:59 +0800] "GET /xingrg/kc/buy/cgsh_order_operate.html?command=get_materiel&rest_code=00109&code=00101008312&supplier_code=00100005&order_time=2021-03-27 HTTP/1.1" 200 412
222.70.217.33 - - [27/Mar/2021:09:16:01 +0800] "GET /xingrg/all/function/internal_message.html?_=1616807756369&CODE_STATE=getMsg HTTP/1.1" 200 27
116.232.48.27 - - [27/Mar/2021:09:16:01 +0800] "GET /xingrg/check_reg.html?_=1616807760131 HTTP/1.1" 200 22
116.232.48.27 - - [27/Mar/2021:09:16:01 +0800] "GET /xingrg/all/function/internal_message.html?_=1616807760127&CODE_STATE=getMsg HTTP/1.1" 200 27
116.232.48.27 - - [27/Mar/2021:09:16:05 +0800] "GET /xingrg/kc/buy/cgsh_order_operate.html?command=get_materiel&rest_code=00109&code=00101008095&supplier_code=00100005&order_time=2021-03-27 HTTP/1.1" 200 413
116.235.216.75 - - [27/Mar/2021:09:16:05 +0800] "GET /xingrg/kc/buy/cgsh_order_operate.html?command=get_materiel&rest_code=00107&code=00101009024&supplier_code=00100006&order_time=2021-03-27 HTTP/1.1" 200 423
116.235.216.75 - - [27/Mar/2021:09:16:05 +0800] "GET /xingrg/kc/buy/cgsh_order_operate.html?command=get_materiel&rest_code=00107&code=00101009024&supplier_code=00100006&order_time=2021-03-27 HTTP/1.1" 200 423
116.235.216.75 - - [27/Mar/2021:09:16:06 +0800] "GET /xingrg/all/function/internal_message.html?_=1616807755431&CODE_STATE=getMsg HTTP/1.1" 200 27
180.169.147.146 - - [27/Mar/2021:09:16:07 +0800] "GET /xingrg/all/function/internal_message.html?_=1616807757463&CODE_STATE=getMsg HTTP/1.1" 200 27
116.232.48.27 - - [27/Mar/2021:09:16:11 +0800] "GET /xingrg/kc/buy/cgsh_order_operate.html?command=get_materiel&rest_code=00109&code=00101008196&supplier_code=00100005&order_time=2021-03-27 HTTP/1.1" 200 416
114.89.82.158 - - [27/Mar/2021:09:16:13 +0800] "GET /xingrg/check_reg.html?_=1616807769672 HTTP/1.1" 302 -
114.89.82.158 - - [27/Mar/2021:09:16:13 +0800] "GET /xingrg/all/function/internal_message.html?_=1616807769674&CODE_STATE=getMsg HTTP/1.1" 302 -
116.224.253.72 - - [27/Mar/2021:09:16:14 +0800] "GET /xingrg/all/function/internal_message.html?_=1616807772098&CODE_STATE=getMsg HTTP/1.1" 200 27
180.169.147.146 - - [27/Mar/2021:09:16:17 +0800] "GET /xingrg/all/function/internal_message.html?_=1616807773856&CODE_STATE=getMsg HTTP/1.1" 302 -
116.232.48.27 - - [27/Mar/2021:09:16:17 +0800] "GET /xingrg/kc/buy/cgsh_order_operate.html?command=get_materiel&rest_code=00109&code=00101008197&supplier_code=00100005&order_time=2021-03-27 HTTP/1.1" 200 417
116.235.216.75 - - [27/Mar/2021:09:16:18 +0800] "GET /xingrg/kc/buy/cgsh_order_operate.html?command=get_materiel&rest_code=00107&code=00101008038&supplier_code=00100006&order_time=2021-03-27 HTTP/1.1" 200 412
114.88.166.193 - - [27/Mar/2021:09:16:19 +0800] "GET /xingrg/all/function/internal_message.html?_=1616807773639&CODE_STATE=getMsg HTTP/1.1" 200 27
116.232.48.27 - - [27/Mar/2021:09:16:19 +0800] "POST /xingrg/kc/buy/cgsh_order_operate.html HTTP/1.1" 200 2065
116.232.48.27 - - [27/Mar/2021:09:16:23 +0800] "GET /xingrg/kc/buy/cgsh_order_operate.html?command=get_materiel&rest_code=00109&code=00101008221&supplier_code=00100005&order_time=2021-03-27 HTTP/1.1" 200 412
117.185.32.26 - - [27/Mar/2021:09:16:27 +0800] "GET /xingrg/all/function/internal_message.html?_=1616808284096&CODE_STATE=getMsg HTTP/1.1" 200 27
116.224.253.72 - - [27/Mar/2021:09:16:29 +0800] "GET /xingrg/kc/buy/cgsh_order_operate.html?command=get_materiel&rest_code=00151&code=00101008344&supplier_code=00100007&order_time=2021-03-27 HTTP/1.1" 200 412
116.224.253.72 - - [27/Mar/2021:09:16:29 +0800] "GET /xingrg/check_reg.html?_=1616807734771 HTTP/1.1" 200 22
116.232.48.27 - - [27/Mar/2021:09:16:29 +0800] "GET /xingrg/kc/buy/cgsh_order_operate.html?command=get_materiel&rest_code=00109&code=00101008275&supplier_code=00100005&order_time=2021-03-27 HTTP/1.1" 200 417
180.169.147.146 - - [27/Mar/2021:09:16:29 +0800] "GET /xingrg/all/function/internal_message.html?_=1616807786099&CODE_STATE=getMsg HTTP/1.1" 302 -
101.83.241.196 - - [27/Mar/2021:09:16:33 +0800] "GET /xingrg/all/function/internal_message.html?_=1616807790005&CODE_STATE=getMsg HTTP/1.1" 200 27
116.224.253.72 - - [27/Mar/2021:09:16:34 +0800] "GET /xingrg/all/function/internal_message.html?_=1616807739467&CODE_STATE=getMsg HTTP/1.1" 200 27
116.235.216.75 - - [27/Mar/2021:09:16:37 +0800] "GET /xingrg/kc/buy/cgsh_order_operate.html?command=get_materiel&rest_code=00107&code=00101008358&supplier_code=00100006&order_time=2021-03-27 HTTP/1.1" 200 412
101.228.165.174 - - [27/Mar/2021:09:16:42 +0800] "GET /xingrg/check_reg.html?_=1616807818274 HTTP/1.1" 302 -
101.228.165.174 - - [27/Mar/2021:09:16:46 +0800] "GET /xingrg/all/function/internal_message.html?_=1616807824446&CODE_STATE=getMsg HTTP/1.1" 200 27
116.224.253.72 - - [27/Mar/2021:09:16:46 +0800] "GET /xingrg/kc/buy/cgsh_order_operate.html?command=get_materiel&rest_code=00151&code=00101008371&supplier_code=00100007&order_time=2021-03-27 HTTP/1.1" 200 412
222.70.217.33 - - [27/Mar/2021:09:16:47 +0800] "GET /xingrg/all/function/internal_message.html?_=1616807807504&CODE_STATE=getMsg HTTP/1.1" 302 -
114.88.156.246 - - [27/Mar/2021:09:16:49 +0800] "GET /xingrg/all/function/internal_message.html?_=1616807801078&CODE_STATE=getMsg HTTP/1.1" 200 27
180.169.147.146 - - [27/Mar/2021:09:16:50 +0800] "GET /xingrg/all/function/internal_message.html?_=1616807786913&CODE_STATE=getMsg HTTP/1.1" 200 27
120.253.135.82 - - [27/Mar/2021:09:16:51 +0800] "GET /xingrg/all/function/internal_message.html?_=1616807582838&CODE_STATE=getMsg HTTP/1.1" 200 27
116.235.216.75 - - [27/Mar/2021:09:16:53 +0800] "GET /xingrg/kc/buy/cgsh_order_operate.html?command=get_materiel&rest_code=00107&code=00101008283&supplier_code=00100006&order_time=2021-03-27 HTTP/1.1" 200 408
180.169.147.146 - - [27/Mar/2021:09:16:54 +0800] "GET /xingrg/all/function/internal_message.html?_=1616807810707&CODE_STATE=getMsg HTTP/1.1" 302 -
116.224.253.72 - - [27/Mar/2021:09:16:58 +0800] "GET /xingrg/kc/buy/cgsh_order_operate.html?command=get_materiel&rest_code=00151&code=00101008010&supplier_code=00100007&order_time=2021-03-27 HTTP/1.1" 200 412
101.228.165.174 - - [27/Mar/2021:09:16:59 +0800] "GET /xingrg/all/function/internal_message.html?_=1616807834838&CODE_STATE=getMsg HTTP/1.1" 302 -
222.70.217.33 - - [27/Mar/2021:09:17:01 +0800] "GET /xingrg/all/function/internal_message.html?_=1616807816373&CODE_STATE=getMsg HTTP/1.1" 200 27
116.232.48.27 - - [27/Mar/2021:09:17:01 +0800] "GET /xingrg/all/function/internal_message.html?_=1616807820219&CODE_STATE=getMsg HTTP/1.1" 200 27
116.224.253.72 - - [27/Mar/2021:09:17:03 +0800] "GET /xingrg/kc/buy/cgsh_order_operate.html?command=get_materiel&rest_code=00151&code=00101008306&supplier_code=00100007&order_time=2021-03-27 HTTP/1.1" 200 412
61.165.42.208 - - [27/Mar/2021:09:17:05 +0800] "POST /xingrg/kc/buy/cgsh_order_operate.html HTTP/1.1" 200 42873
116.235.216.75 - - [27/Mar/2021:09:17:06 +0800] "GET /xingrg/all/function/internal_message.html?_=1616807815411&CODE_STATE=getMsg HTTP/1.1" 200 27
180.169.147.146 - - [27/Mar/2021:09:17:07 +0800] "GET /xingrg/all/function/internal_message.html?_=1616807817445&CODE_STATE=getMsg HTTP/1.1" 200 27
116.235.216.75 - - [27/Mar/2021:09:17:09 +0800] "GET /xingrg/kc/buy/cgsh_order_operate.html?command=get_materiel&rest_code=00107&code=00101008163&supplier_code=00100006&order_time=2021-03-27 HTTP/1.1" 200 408
116.224.253.72 - - [27/Mar/2021:09:17:09 +0800] "GET /xingrg/kc/buy/cgsh_order_operate.html?command=get_materiel&rest_code=00151&code=00101008357&supplier_code=00100007&order_time=2021-03-27 HTTP/1.1" 200 408
116.232.48.27 - - [27/Mar/2021:09:17:11 +0800] "GET /xingrg/kc/buy/cgsh_order_operate.html?command=get_materiel&rest_code=00109&code=00101008354&supplier_code=00100005&order_time=2021-03-27 HTTP/1.1" 200 412
114.89.82.158 - - [27/Mar/2021:09:17:13 +0800] "GET /xingrg/all/function/internal_message.html?_=1616807829680&CODE_STATE=getMsg HTTP/1.1" 302 -
116.224.253.72 - - [27/Mar/2021:09:17:14 +0800] "GET /xingrg/all/function/internal_message.html?_=1616807832110&CODE_STATE=getMsg HTTP/1.1" 200 27
114.88.166.193 - - [27/Mar/2021:09:17:16 +0800] "GET /xingrg/kc/buy/cgsh_order_add.html HTTP/1.1" 200 62151
114.88.166.193 - - [27/Mar/2021:09:17:17 +0800] "POST /xingrg/kc/buy/cgsh_order_operate.html HTTP/1.1" 200 8245
180.169.147.146 - - [27/Mar/2021:09:17:17 +0800] "GET /xingrg/all/function/internal_message.html?_=1616807833855&CODE_STATE=getMsg HTTP/1.1" 302 -
114.88.166.193 - - [27/Mar/2021:09:17:17 +0800] "GET /xingrg/javascript/easyui/themes/default/validatebox.css HTTP/1.1" 404 1104
116.232.48.27 - - [27/Mar/2021:09:17:18 +0800] "GET /xingrg/kc/buy/cgsh_order_operate.html?command=get_materiel&rest_code=00109&code=00101008096&supplier_code=00100005&order_time=2021-03-27 HTTP/1.1" 200 412
116.224.253.72 - - [27/Mar/2021:09:17:18 +0800] "GET /xingrg/kc/buy/cgsh_order_operate.html?command=get_materiel&rest_code=00151&code=00101008300&supplier_code=00100007&order_time=2021-03-27 HTTP/1.1" 200 412
114.88.166.193 - - [27/Mar/2021:09:17:19 +0800] "GET /xingrg/all/function/internal_message.html?_=1616807833718&CODE_STATE=getMsg HTTP/1.1" 200 27
61.165.42.208 - - [27/Mar/2021:09:17:20 +0800] "GET /xingrg/check_reg.html?_=1616807841198 HTTP/1.1" 200 22
61.165.42.208 - - [27/Mar/2021:09:17:20 +0800] "GET /xingrg/all/function/internal_message.html?_=1616807841206&CODE_STATE=getMsg HTTP/1.1" 200 27
116.232.48.27 - - [27/Mar/2021:09:17:24 +0800] "GET /xingrg/kc/buy/cgsh_order_operate.html?command=get_materiel&rest_code=00109&code=00101008290&supplier_code=00100005&order_time=2021-03-27 HTTP/1.1" 200 416
116.232.48.27 - - [27/Mar/2021:09:17:25 +0800] "POST /xingrg/kc/buy/cgsh_order_operate.html HTTP/1.1" 200 2065
116.235.216.75 - - [27/Mar/2021:09:17:27 +0800] "GET /xingrg/kc/buy/cgsh_order_operate.html?command=get_materiel&rest_code=00107&code=00101008355&supplier_code=00100006&order_time=2021-03-27 HTTP/1.1" 200 408
117.185.32.26 - - [27/Mar/2021:09:17:27 +0800] "GET /xingrg/all/function/internal_message.html?_=1616808344109&CODE_STATE=getMsg HTTP/1.1" 200 27
180.169.147.146 - - [27/Mar/2021:09:17:29 +0800] "GET /xingrg/all/function/internal_message.html?_=1616807846098&CODE_STATE=getMsg HTTP/1.1" 302 -
180.169.147.146 - - [27/Mar/2021:09:17:29 +0800] "GET /xingrg/check_reg.html?_=1616807846099 HTTP/1.1" 302 -
114.88.166.193 - - [27/Mar/2021:09:17:30 +0800] "GET /xingrg/kc/buy/cgsh_order_operate.html?command=get_materiel&rest_code=00111&code=00101020057&supplier_code=00100037&order_time=2021-03-27 HTTP/1.1" 200 408
116.232.48.27 - - [27/Mar/2021:09:17:30 +0800] "GET /xingrg/kc/buy/cgsh_order_operate.html?command=get_materiel&rest_code=00109&code=00101008003&supplier_code=00100005&order_time=2021-03-27 HTTP/1.1" 200 408
101.83.241.196 - - [27/Mar/2021:09:17:33 +0800] "GET /xingrg/check_reg.html?_=1616807850008 HTTP/1.1" 200 22
101.83.241.196 - - [27/Mar/2021:09:17:33 +0800] "GET /xingrg/all/function/internal_message.html?_=1616807850016&CODE_STATE=getMsg HTTP/1.1" 200 27
116.224.253.72 - - [27/Mar/2021:09:17:34 +0800] "GET /xingrg/all/function/internal_message.html?_=1616807799481&CODE_STATE=getMsg HTTP/1.1" 200 27
116.232.48.27 - - [27/Mar/2021:09:17:36 +0800] "GET /xingrg/kc/buy/cgsh_order_operate.html?command=get_materiel&rest_code=00109&code=00101008361&supplier_code=00100005&order_time=2021-03-27 HTTP/1.1" 200 408
58.221.95.50 - - [27/Mar/2021:09:17:36 +0800] "GET /xingrg/check_reg.html?_=1616807854556 HTTP/1.1" 302 -
116.235.216.75 - - [27/Mar/2021:09:17:42 +0800] "GET /xingrg/kc/buy/cgsh_order_operate.html?command=get_materiel&rest_code=00107&code=00101008144&supplier_code=00100006&order_time=2021-03-27 HTTP/1.1" 200 412
116.232.48.27 - - [27/Mar/2021:09:17:42 +0800] "GET /xingrg/kc/buy/cgsh_order_operate.html?command=get_materiel&rest_code=00109&code=00101008356&supplier_code=00100005&order_time=2021-03-27 HTTP/1.1" 200 408
101.228.165.174 - - [27/Mar/2021:09:17:46 +0800] "GET /xingrg/all/function/internal_message.html?_=1616807884455&CODE_STATE=getMsg HTTP/1.1" 200 27
222.70.217.33 - - [27/Mar/2021:09:17:47 +0800] "GET /xingrg/all/function/internal_message.html?_=1616807867510&CODE_STATE=getMsg HTTP/1.1" 302 -
222.70.217.33 - - [27/Mar/2021:09:17:47 +0800] "GET /xingrg/check_reg.html?_=1616807867513 HTTP/1.1" 302 -
114.88.156.246 - - [27/Mar/2021:09:17:49 +0800] "GET /xingrg/all/function/internal_message.html?_=1616807861077&CODE_STATE=getMsg HTTP/1.1" 200 27
116.232.48.27 - - [27/Mar/2021:09:17:49 +0800] "GET /xingrg/kc/buy/cgsh_order_operate.html?command=get_materiel&rest_code=00109&code=00101008357&supplier_code=00100005&order_time=2021-03-27 HTTP/1.1" 200 408
180.169.147.146 - - [27/Mar/2021:09:17:50 +0800] "GET /xingrg/all/function/internal_message.html?_=1616807846915&CODE_STATE=getMsg HTTP/1.1" 200 27
180.169.147.146 - - [27/Mar/2021:09:17:54 +0800] "GET /xingrg/all/function/internal_message.html?_=1616807870705&CODE_STATE=getMsg HTTP/1.1" 302 -
101.85.52.2 - - [27/Mar/2021:09:17:55 +0800] "GET /favicon.ico HTTP/1.1" 404 -
116.232.48.27 - - [27/Mar/2021:09:17:56 +0800] "GET /xingrg/kc/buy/cgsh_order_operate.html?command=get_materiel&rest_code=00109&code=00101008069&supplier_code=00100005&order_time=2021-03-27 HTTP/1.1" 200 412
116.235.216.75 - - [27/Mar/2021:09:17:56 +0800] "GET /xingrg/check_reg.html?_=1616807865274 HTTP/1.1" 200 22
116.232.48.27 - - [27/Mar/2021:09:17:57 +0800] "POST /xingrg/kc/buy/cgsh_order_operate.html HTTP/1.1" 200 2065
101.228.165.174 - - [27/Mar/2021:09:17:59 +0800] "GET /xingrg/all/function/internal_message.html?_=1616807894871&CODE_STATE=getMsg HTTP/1.1" 302 -
116.224.253.72 - - [27/Mar/2021:09:17:59 +0800] "GET /xingrg/kc/buy/cgsh_order_operate.html?command=get_materiel&rest_code=00151&code=00101008286&supplier_code=00100007&order_time=2021-03-27 HTTP/1.1" 200 408
116.232.48.27 - - [27/Mar/2021:09:18:01 +0800] "GET /xingrg/kc/buy/cgsh_order_operate.html?command=get_materiel&rest_code=00109&code=00101008006&supplier_code=00100005&order_time=2021-03-27 HTTP/1.1" 200 416
116.235.216.75 - - [27/Mar/2021:09:18:01 +0800] "GET /xingrg/kc/buy/cgsh_order_operate.html?command=get_materiel&rest_code=00107&code=00101015056&supplier_code=00100006&order_time=2021-03-27 HTTP/1.1" 200 413
222.70.217.33 - - [27/Mar/2021:09:18:01 +0800] "GET /xingrg/all/function/internal_message.html?_=1616807876375&CODE_STATE=getMsg HTTP/1.1" 200 27
116.232.48.27 - - [27/Mar/2021:09:18:01 +0800] "GET /xingrg/all/function/internal_message.html?_=1616807880123&CODE_STATE=getMsg HTTP/1.1" 200 27
116.235.216.75 - - [27/Mar/2021:09:18:06 +0800] "GET /xingrg/all/function/internal_message.html?_=1616807875406&CODE_STATE=getMsg HTTP/1.1" 200 27
180.169.147.146 - - [27/Mar/2021:09:18:07 +0800] "GET /xingrg/all/function/internal_message.html?_=1616807877421&CODE_STATE=getMsg HTTP/1.1" 200 27
116.232.48.27 - - [27/Mar/2021:09:18:10 +0800] "GET /xingrg/kc/buy/cgsh_order_operate.html?command=get_materiel&rest_code=00109&code=00101008131&supplier_code=00100005&order_time=2021-03-27 HTTP/1.1" 200 408
116.235.216.75 - - [27/Mar/2021:09:18:10 +0800] "GET /xingrg/kc/buy/cgsh_order_operate.html?command=get_materiel&rest_code=00107&code=00101008264&supplier_code=00100006&order_time=2021-03-27 HTTP/1.1" 200 412
114.86.187.76 - - [27/Mar/2021:09:18:11 +0800] "POST /xingrg/services/DataTransmitService HTTP/1.1" 200 524
114.86.187.76 - - [27/Mar/2021:09:18:13 +0800] "POST /xingrg/services/DataTransmitService HTTP/1.1" 200 501
114.89.82.158 - - [27/Mar/2021:09:18:13 +0800] "GET /xingrg/all/function/internal_message.html?_=1616807889688&CODE_STATE=getMsg HTTP/1.1" 302 -
114.86.187.76 - - [27/Mar/2021:09:18:13 +0800] "POST /xingrg/services/DataTransmitService HTTP/1.1" 200 524
116.224.253.72 - - [27/Mar/2021:09:18:14 +0800] "GET /xingrg/all/function/internal_message.html?_=1616807892116&CODE_STATE=getMsg HTTP/1.1" 200 27
116.224.253.72 - - [27/Mar/2021:09:18:14 +0800] "GET /xingrg/check_reg.html?_=1616807892122 HTTP/1.1" 200 22
114.88.156.246 - - [27/Mar/2021:09:18:14 +0800] "GET /xingrg/check_reg.html?_=1616807886374 HTTP/1.1" 200 22
116.232.48.27 - - [27/Mar/2021:09:18:14 +0800] "GET /xingrg/kc/buy/cgsh_order_operate.html?command=get_materiel&rest_code=00109&code=00101008296&supplier_code=00100005&order_time=2021-03-27 HTTP/1.1" 200 416
114.86.187.76 - - [27/Mar/2021:09:18:16 +0800] "POST /xingrg/services/DataTransmitService HTTP/1.1" 200 501
114.86.187.76 - - [27/Mar/2021:09:18:16 +0800] "POST /xingrg/services/DataTransmitService HTTP/1.1" 200 501
180.169.147.146 - - [27/Mar/2021:09:18:17 +0800] "GET /xingrg/all/function/internal_message.html?_=1616807893854&CODE_STATE=getMsg HTTP/1.1" 302 -
180.169.147.146 - - [27/Mar/2021:09:18:17 +0800] "GET /xingrg/check_reg.html?_=1616807893879 HTTP/1.1" 302 -
116.224.253.72 - - [27/Mar/2021:09:18:17 +0800] "GET /xingrg/kc/buy/cgsh_order_operate.html?command=get_materiel&rest_code=00151&code=00101008088&supplier_code=00100007&order_time=2021-03-27 HTTP/1.1" 200 408
114.86.187.76 - - [27/Mar/2021:09:18:18 +0800] "POST /xingrg/services/DataTransmitService HTTP/1.1" 200 501
114.88.166.193 - - [27/Mar/2021:09:18:19 +0800] "GET /xingrg/all/function/internal_message.html?_=1616807893730&CODE_STATE=getMsg HTTP/1.1" 200 27
114.86.187.76 - - [27/Mar/2021:09:18:19 +0800] "POST /xingrg/services/DataTransmitService HTTP/1.1" 200 501
61.165.42.208 - - [27/Mar/2021:09:18:20 +0800] "GET /xingrg/all/function/internal_message.html?_=1616807901181&CODE_STATE=getMsg HTTP/1.1" 200 27
114.86.187.76 - - [27/Mar/2021:09:18:20 +0800] "POST /xingrg/services/DataTransmitService HTTP/1.1" 200 501
114.86.187.76 - - [27/Mar/2021:09:18:20 +0800] "POST /xingrg/services/DataTransmitService HTTP/1.1" 200 501
116.232.48.27 - - [27/Mar/2021:09:18:20 +0800] "GET /xingrg/kc/buy/cgsh_order_operate.html?command=get_materiel&rest_code=00109&code=00101008353&supplier_code=00100005&order_time=2021-03-27 HTTP/1.1" 200 408
114.86.187.76 - - [27/Mar/2021:09:18:20 +0800] "POST /xingrg/services/DataTransmitService HTTP/1.1" 200 501
114.86.187.76 - - [27/Mar/2021:09:18:20 +0800] "POST /xingrg/services/DataTransmitService HTTP/1.1" 200 501
114.86.187.76 - - [27/Mar/2021:09:18:21 +0800] "POST /xingrg/services/DataTransmitService HTTP/1.1" 200 501
116.224.253.72 - - [27/Mar/2021:09:18:22 +0800] "POST /xingrg/kc/buy/cgsh_order_operate.html HTTP/1.1" 200 37
116.235.216.75 - - [27/Mar/2021:09:18:23 +0800] "GET /xingrg/kc/buy/cgsh_order_operate.html?command=get_materiel&rest_code=00107&code=00101008196&supplier_code=00100006&order_time=2021-03-27 HTTP/1.1" 200 416
114.86.187.76 - - [27/Mar/2021:09:18:24 +0800] "POST /xingrg/services/DataTransmitService HTTP/1.1" 200 412
116.232.48.27 - - [27/Mar/2021:09:18:25 +0800] "GET /xingrg/kc/buy/cgsh_order_operate.html?command=get_materiel&rest_code=00109&code=00101008306&supplier_code=00100005&order_time=2021-03-27 HTTP/1.1" 200 412
116.232.48.27 - - [27/Mar/2021:09:18:27 +0800] "POST /xingrg/kc/buy/cgsh_order_operate.html HTTP/1.1" 200 2065
117.185.32.26 - - [27/Mar/2021:09:18:27 +0800] "GET /xingrg/check_reg.html?_=1616808404106 HTTP/1.1" 200 22
117.185.32.26 - - [27/Mar/2021:09:18:27 +0800] "GET /xingrg/all/function/internal_message.html?_=1616808404112&CODE_STATE=getMsg HTTP/1.1" 200 27
180.169.147.146 - - [27/Mar/2021:09:18:29 +0800] "GET /xingrg/all/function/internal_message.html?_=1616807906097&CODE_STATE=getMsg HTTP/1.1" 302 -
116.224.253.72 - - [27/Mar/2021:09:18:30 +0800] "POST /xingrg/kc/buy/cgsh_order_operate.html HTTP/1.1" 200 14053
116.232.48.27 - - [27/Mar/2021:09:18:31 +0800] "GET /xingrg/kc/buy/cgsh_order_operate.html?command=get_materiel&rest_code=00109&code=00101008010&supplier_code=00100005&order_time=2021-03-27 HTTP/1.1" 200 412
101.83.241.196 - - [27/Mar/2021:09:18:33 +0800] "GET /xingrg/all/function/internal_message.html?_=1616807910016&CODE_STATE=getMsg HTTP/1.1" 200 27
116.235.216.75 - - [27/Mar/2021:09:18:33 +0800] "GET /xingrg/kc/buy/cgsh_order_operate.html?command=get_materiel&rest_code=00107&code=00101008223&supplier_code=00100006&order_time=2021-03-27 HTTP/1.1" 200 412
116.224.253.72 - - [27/Mar/2021:09:18:34 +0800] "GET /xingrg/all/function/internal_message.html?_=1616807859494&CODE_STATE=getMsg HTTP/1.1" 200 27
116.232.48.27 - - [27/Mar/2021:09:18:37 +0800] "GET /xingrg/kc/buy/cgsh_order_operate.html?command=get_materiel&rest_code=00109&code=00101008242&supplier_code=00100005&order_time=2021-03-27 HTTP/1.1" 200 408
116.224.253.72 - - [27/Mar/2021:09:18:40 +0800] "GET /xingrg/kc/buy/cgsh_order_operate.html?command=get_materiel&rest_code=00151&code=00101016025&supplier_code=00100007&order_time=2021-03-27 HTTP/1.1" 200 408
116.232.48.27 - - [27/Mar/2021:09:18:43 +0800] "GET /xingrg/kc/buy/cgsh_order_operate.html?command=get_materiel&rest_code=00109&code=00101008161&supplier_code=00100005&order_time=2021-03-27 HTTP/1.1" 200 409
101.228.165.174 - - [27/Mar/2021:09:18:45 +0800] "GET /xingrg/check_reg.html?_=1616807943601 HTTP/1.1" 200 22
101.228.165.174 - - [27/Mar/2021:09:18:46 +0800] "GET /xingrg/all/function/internal_message.html?_=1616807944469&CODE_STATE=getMsg HTTP/1.1" 200 27
222.70.217.33 - - [27/Mar/2021:09:18:47 +0800] "GET /xingrg/all/function/internal_message.html?_=1616807927498&CODE_STATE=getMsg HTTP/1.1" 302 -
116.224.253.72 - - [27/Mar/2021:09:18:48 +0800] "GET /xingrg/kc/buy/cgsh_order_operate.html?command=get_materiel&rest_code=00151&code=00101008353&supplier_code=00100007&order_time=2021-03-27 HTTP/1.1" 200 408
114.88.156.246 - - [27/Mar/2021:09:18:49 +0800] "GET /xingrg/all/function/internal_message.html?_=1616807921054&CODE_STATE=getMsg HTTP/1.1" 200 27
180.169.147.146 - - [27/Mar/2021:09:18:50 +0800] "GET /xingrg/all/function/internal_message.html?_=1616807906917&CODE_STATE=getMsg HTTP/1.1" 200 27
180.169.147.146 - - [27/Mar/2021:09:18:50 +0800] "GET /xingrg/check_reg.html?_=1616807906919 HTTP/1.1" 200 22
116.232.48.27 - - [27/Mar/2021:09:18:50 +0800] "GET /xingrg/kc/buy/cgsh_order_operate.html?command=get_materiel&rest_code=00109&code=00101008103&supplier_code=00100005&order_time=2021-03-27 HTTP/1.1" 200 417
180.169.147.146 - - [27/Mar/2021:09:18:54 +0800] "GET /xingrg/all/function/internal_message.html?_=1616807930704&CODE_STATE=getMsg HTTP/1.1" 302 -
180.169.147.146 - - [27/Mar/2021:09:18:54 +0800] "GET /xingrg/check_reg.html?_=1616807930704 HTTP/1.1" 302 -
116.224.253.72 - - [27/Mar/2021:09:18:54 +0800] "GET /xingrg/kc/buy/cgsh_order_operate.html?command=get_materiel&rest_code=00151&code=00101008017&supplier_code=00100007&order_time=2021-03-27 HTTP/1.1" 200 416
116.232.48.27 - - [27/Mar/2021:09:18:56 +0800] "GET /xingrg/kc/buy/cgsh_order_operate.html?command=get_materiel&rest_code=00109&code=00101008323&supplier_code=00100005&order_time=2021-03-27 HTTP/1.1" 200 408
116.232.48.27 - - [27/Mar/2021:09:18:58 +0800] "POST /xingrg/kc/buy/cgsh_order_operate.html HTTP/1.1" 200 2065
116.235.216.75 - - [27/Mar/2021:09:18:59 +0800] "GET /xingrg/kc/buy/cgsh_order_operate.html?command=get_materiel&rest_code=00107&code=00101008197&supplier_code=00100006&order_time=2021-03-27 HTTP/1.1" 200 417
101.228.165.174 - - [27/Mar/2021:09:18:59 +0800] "GET /xingrg/all/function/internal_message.html?_=1616807954880&CODE_STATE=getMsg HTTP/1.1" 302 -
222.70.217.33 - - [27/Mar/2021:09:19:01 +0800] "GET /xingrg/all/function/internal_message.html?_=1616807936381&CODE_STATE=getMsg HTTP/1.1" 200 27
222.70.217.33 - - [27/Mar/2021:09:19:01 +0800] "GET /xingrg/check_reg.html?_=1616807936382 HTTP/1.1" 200 22
116.232.48.27 - - [27/Mar/2021:09:19:01 +0800] "GET /xingrg/all/function/internal_message.html?_=1616807940119&CODE_STATE=getMsg HTTP/1.1" 200 27
116.232.48.27 - - [27/Mar/2021:09:19:02 +0800] "GET /xingrg/kc/buy/cgsh_order_operate.html?command=get_materiel&rest_code=00109&code=00101008155&supplier_code=00100005&order_time=2021-03-27 HTTP/1.1" 200 408
116.224.253.72 - - [27/Mar/2021:09:19:02 +0800] "GET /xingrg/kc/buy/cgsh_order_operate.html?command=get_materiel&rest_code=00151&code=00101008362&supplier_code=00100007&order_time=2021-03-27 HTTP/1.1" 200 408
116.235.216.75 - - [27/Mar/2021:09:19:06 +0800] "GET /xingrg/all/function/internal_message.html?_=1616807935370&CODE_STATE=getMsg HTTP/1.1" 200 27
180.169.147.146 - - [27/Mar/2021:09:19:07 +0800] "GET /xingrg/all/function/internal_message.html?_=1616807937397&CODE_STATE=getMsg HTTP/1.1" 200 27
116.224.253.72 - - [27/Mar/2021:09:19:08 +0800] "GET /xingrg/kc/buy/cgsh_order_operate.html?command=get_materiel&rest_code=00151&code=00101008137&supplier_code=00100007&order_time=2021-03-27 HTTP/1.1" 200 408
116.232.48.27 - - [27/Mar/2021:09:19:09 +0800] "GET /xingrg/kc/buy/cgsh_order_operate.html?command=get_materiel&rest_code=00109&code=00101008350&supplier_code=00100005&order_time=2021-03-27 HTTP/1.1" 200 408
114.88.166.193 - - [27/Mar/2021:09:19:09 +0800] "GET /xingrg/kc/buy/cgsh_order_operate.html?command=get_materiel&rest_code=00111&code=00101006031&supplier_code=00100037&order_time=2021-03-27 HTTP/1.1" 200 408
114.89.82.158 - - [27/Mar/2021:09:19:13 +0800] "GET /xingrg/all/function/internal_message.html?_=1616807949683&CODE_STATE=getMsg HTTP/1.1" 302 -
116.224.253.72 - - [27/Mar/2021:09:19:14 +0800] "POST /xingrg/kc/buy/cgsh_order_operate.html HTTP/1.1" 200 37
116.224.253.72 - - [27/Mar/2021:09:19:14 +0800] "GET /xingrg/all/function/internal_message.html?_=1616807952115&CODE_STATE=getMsg HTTP/1.1" 200 27
116.224.253.72 - - [27/Mar/2021:09:19:15 +0800] "POST /xingrg/kc/buy/cgsh_order_operate.html HTTP/1.1" 200 17047
116.232.48.27 - - [27/Mar/2021:09:19:16 +0800] "GET /xingrg/kc/buy/cgsh_order_operate.html?command=get_materiel&rest_code=00109&code=00101008112&supplier_code=00100005&order_time=2021-03-27 HTTP/1.1" 200 412
180.169.147.146 - - [27/Mar/2021:09:19:17 +0800] "GET /xingrg/all/function/internal_message.html?_=1616807953877&CODE_STATE=getMsg HTTP/1.1" 302 -
114.88.166.193 - - [27/Mar/2021:09:19:19 +0800] "GET /xingrg/all/function/internal_message.html?_=1616807953744&CODE_STATE=getMsg HTTP/1.1" 200 27
61.165.42.208 - - [27/Mar/2021:09:19:20 +0800] "GET /xingrg/all/function/internal_message.html?_=1616807961154&CODE_STATE=getMsg HTTP/1.1" 200 27
116.232.48.27 - - [27/Mar/2021:09:19:22 +0800] "GET /xingrg/kc/buy/cgsh_order_operate.html?command=get_materiel&rest_code=00109&code=00101008209&supplier_code=00100005&order_time=2021-03-27 HTTP/1.1" 200 408
116.224.253.72 - - [27/Mar/2021:09:19:22 +0800] "GET /xingrg/kc/buy/cgsh_order_operate.html?command=get_materiel&rest_code=00151&code=00101008096&supplier_code=00100007&order_time=2021-03-27 HTTP/1.1" 200 412
117.185.32.26 - - [27/Mar/2021:09:19:27 +0800] "GET /xingrg/all/function/internal_message.html?_=1616808464099&CODE_STATE=getMsg HTTP/1.1" 200 27
