114.88.156.246 - - [27/Mar/2021:09:07:49 +0800] "GET /xingrg/all/function/internal_message.html?_=1616807261295&CODE_STATE=getMsg HTTP/1.1" 200 27
180.169.147.146 - - [27/Mar/2021:09:07:50 +0800] "GET /xingrg/all/function/internal_message.html?_=1616807246909&CODE_STATE=getMsg HTTP/1.1" 200 27
120.253.135.82 - - [27/Mar/2021:09:07:50 +0800] "GET /xingrg/all/function/internal_message.html?_=1616807041823&CODE_STATE=getMsg HTTP/1.1" 200 27
180.169.147.146 - - [27/Mar/2021:09:07:54 +0800] "GET /xingrg/all/function/internal_message.html?_=1616807270703&CODE_STATE=getMsg HTTP/1.1" 302 -
116.224.253.72 - - [27/Mar/2021:09:07:54 +0800] "GET /xingrg/kc/buy/cgsh_order_operate.html?command=get_materiel&rest_code=00151&code=00101009001&supplier_code=00100424&order_time=2021-03-27 HTTP/1.1" 200 416
116.232.48.27 - - [27/Mar/2021:09:07:55 +0800] "GET /xingrg/kc/buy/cgsh_order_operate.html?command=get_materiel&rest_code=00109&code=00101007081&supplier_code=00100004&order_time=2021-03-27 HTTP/1.1" 200 413
116.235.216.75 - - [27/Mar/2021:09:07:56 +0800] "GET /xingrg/check_reg.html?_=1616807265170 HTTP/1.1" 200 22
116.235.216.75 - - [27/Mar/2021:09:07:56 +0800] "GET /xingrg/all/function/internal_message.html?_=1616807265569&CODE_STATE=getMsg HTTP/1.1" 200 27
101.228.165.174 - - [27/Mar/2021:09:07:59 +0800] "GET /xingrg/all/function/internal_message.html?_=1616807294672&CODE_STATE=getMsg HTTP/1.1" 302 -
222.70.217.33 - - [27/Mar/2021:09:08:01 +0800] "GET /xingrg/all/function/internal_message.html?_=1616807276369&CODE_STATE=getMsg HTTP/1.1" 200 27
116.232.48.27 - - [27/Mar/2021:09:08:01 +0800] "GET /xingrg/all/function/internal_message.html?_=1616807280109&CODE_STATE=getMsg HTTP/1.1" 200 27
101.83.241.196 - - [27/Mar/2021:09:08:05 +0800] "POST /xingrg/kc/buy/cgsh_order_operate.html HTTP/1.1" 200 37
180.169.147.146 - - [27/Mar/2021:09:08:07 +0800] "GET /xingrg/all/function/internal_message.html?_=1616807277619&CODE_STATE=getMsg HTTP/1.1" 200 27
116.232.48.27 - - [27/Mar/2021:09:08:07 +0800] "GET /xingrg/kc/buy/cgsh_order_operate.html?command=get_materiel&rest_code=00109&code=00101007049&supplier_code=00100004&order_time=2021-03-27 HTTP/1.1" 200 409
114.89.82.158 - - [27/Mar/2021:09:08:13 +0800] "GET /xingrg/all/function/internal_message.html?_=1616807289676&CODE_STATE=getMsg HTTP/1.1" 302 -
101.83.241.196 - - [27/Mar/2021:09:08:13 +0800] "POST /xingrg/kc/buy/cgsh_order_operate.html HTTP/1.1" 200 12
116.224.253.72 - - [27/Mar/2021:09:08:14 +0800] "GET /xingrg/check_reg.html?_=1616807292039 HTTP/1.1" 200 22
116.224.253.72 - - [27/Mar/2021:09:08:14 +0800] "GET /xingrg/all/function/internal_message.html?_=1616807292051&CODE_STATE=getMsg HTTP/1.1" 200 27
114.88.156.246 - - [27/Mar/2021:09:08:14 +0800] "GET /xingrg/check_reg.html?_=1616807286359 HTTP/1.1" 200 22
116.232.48.27 - - [27/Mar/2021:09:08:17 +0800] "POST /xingrg/kc/buy/cgsh_order_operate.html HTTP/1.1" 200 37
180.169.147.146 - - [27/Mar/2021:09:08:17 +0800] "GET /xingrg/all/function/internal_message.html?_=1616807293845&CODE_STATE=getMsg HTTP/1.1" 302 -
180.169.147.146 - - [27/Mar/2021:09:08:17 +0800] "GET /xingrg/check_reg.html?_=1616807293847 HTTP/1.1" 302 -
116.235.216.75 - - [27/Mar/2021:09:08:18 +0800] "GET /xingrg/kc/buy/cgsh_order_operate.html?command=get_materiel&rest_code=00107&code=00101006094&supplier_code=00100010&order_time=2021-03-27 HTTP/1.1" 200 410
116.232.48.27 - - [27/Mar/2021:09:08:18 +0800] "POST /xingrg/kc/buy/cgsh_order_operate.html HTTP/1.1" 200 3243
101.83.241.196 - - [27/Mar/2021:09:08:18 +0800] "GET /xingrg/kc/buy/cgsh_order_info.html?code=212021032711676 HTTP/1.1" 200 57106
116.232.48.27 - - [27/Mar/2021:09:08:19 +0800] "GET /xingrg/kc/print/load_config.html?kc_code=cgsh HTTP/1.1" 200 1845
116.232.48.27 - - [27/Mar/2021:09:08:19 +0800] "GET /xingrg/kc/print/load_data.html?order_code=212021032711677&kc_code=cgsh&condition= HTTP/1.1" 200 934
101.83.241.196 - - [27/Mar/2021:09:08:19 +0800] "GET /xingrg/javascript/easyui/themes/default/validatebox.css HTTP/1.1" 404 1104
101.83.241.196 - - [27/Mar/2021:09:08:19 +0800] "POST /xingrg/kc/buy/cgsh_order_operate.html HTTP/1.1" 200 38470
61.165.42.208 - - [27/Mar/2021:09:08:20 +0800] "GET /xingrg/all/function/internal_message.html?_=1616807301153&CODE_STATE=getMsg HTTP/1.1" 200 27
101.83.241.196 - - [27/Mar/2021:09:08:21 +0800] "GET /xingrg/kc/print/load_data.html?order_code=212021032711676&kc_code=cgsh&condition= HTTP/1.1" 200 15075
116.232.48.27 - - [27/Mar/2021:09:08:23 +0800] "GET /xingrg/kc/buy/cgsh_order_add.html HTTP/1.1" 200 62192
116.232.48.27 - - [27/Mar/2021:09:08:23 +0800] "POST /xingrg/kc/buy/cgsh_order_operate.html HTTP/1.1" 200 8245
116.232.48.27 - - [27/Mar/2021:09:08:23 +0800] "GET /xingrg/all/common/auto_word.html?type=employee&rest_code=00109 HTTP/1.1" 200 205
116.232.48.27 - - [27/Mar/2021:09:08:23 +0800] "GET /xingrg/all/common/auto_word.html?type=employee&rest_code=00109 HTTP/1.1" 200 205
116.232.48.27 - - [27/Mar/2021:09:08:23 +0800] "GET /xingrg/javascript/easyui/themes/default/validatebox.css HTTP/1.1" 404 1104
117.185.32.26 - - [27/Mar/2021:09:08:27 +0800] "GET /xingrg/all/function/internal_message.html?_=1616807804044&CODE_STATE=getMsg HTTP/1.1" 200 27
117.185.32.26 - - [27/Mar/2021:09:08:27 +0800] "GET /xingrg/check_reg.html?_=1616807804047 HTTP/1.1" 200 22
116.232.48.27 - - [27/Mar/2021:09:08:29 +0800] "GET /xingrg/kc/buy/cgsh_order_operate.html?command=get_materiel&rest_code=00109&code=00101006109&supplier_code=00100015&order_time=2021-03-27 HTTP/1.1" 200 409
116.224.253.72 - - [27/Mar/2021:09:08:29 +0800] "GET /xingrg/all/function/internal_message.html?_=1616807254787&CODE_STATE=getMsg HTTP/1.1" 200 27
180.169.147.146 - - [27/Mar/2021:09:08:29 +0800] "GET /xingrg/all/function/internal_message.html?_=1616807306082&CODE_STATE=getMsg HTTP/1.1" 302 -
116.224.253.72 - - [27/Mar/2021:09:08:31 +0800] "GET /xingrg/kc/buy/cgsh_order_operate.html?command=get_materiel&rest_code=00151&code=00101009029&supplier_code=00100424&order_time=2021-03-27 HTTP/1.1" 200 408
120.253.135.82 - - [27/Mar/2021:09:08:32 +0800] "GET /xingrg/check_reg.html?_=1616807084212 HTTP/1.1" 200 22
101.83.241.196 - - [27/Mar/2021:09:08:33 +0800] "GET /xingrg/all/function/internal_message.html?_=1616807309999&CODE_STATE=getMsg HTTP/1.1" 200 27
116.235.216.75 - - [27/Mar/2021:09:08:39 +0800] "GET /xingrg/kc/buy/cgsh_order_operate.html?command=get_materiel&rest_code=00107&code=00101006027&supplier_code=00100010&order_time=2021-03-27 HTTP/1.1" 200 409
116.224.253.72 - - [27/Mar/2021:09:08:40 +0800] "GET /xingrg/kc/buy/cgsh_order_operate.html?command=get_materiel&rest_code=00151&code=00101009062&supplier_code=00100424&order_time=2021-03-27 HTTP/1.1" 200 412
114.88.166.193 - - [27/Mar/2021:09:08:44 +0800] "GET /xingrg/all/function/internal_message.html?_=1616807319167&CODE_STATE=getMsg HTTP/1.1" 200 27
101.228.165.174 - - [27/Mar/2021:09:08:45 +0800] "GET /xingrg/check_reg.html?_=1616807343586 HTTP/1.1" 200 22
101.228.165.174 - - [27/Mar/2021:09:08:45 +0800] "GET /xingrg/all/function/internal_message.html?_=1616807344334&CODE_STATE=getMsg HTTP/1.1" 200 27
116.232.48.27 - - [27/Mar/2021:09:08:47 +0800] "GET /xingrg/kc/buy/cgsh_order_operate.html?command=get_materiel&rest_code=00109&code=00101006133&supplier_code=00100015&order_time=2021-03-27 HTTP/1.1" 200 413
222.70.217.33 - - [27/Mar/2021:09:08:47 +0800] "GET /xingrg/all/function/internal_message.html?_=1616807327506&CODE_STATE=getMsg HTTP/1.1" 302 -
116.224.253.72 - - [27/Mar/2021:09:08:49 +0800] "GET /xingrg/kc/buy/cgsh_order_operate.html?command=get_materiel&rest_code=00151&code=00101009088&supplier_code=00100424&order_time=2021-03-27 HTTP/1.1" 200 391
114.88.156.246 - - [27/Mar/2021:09:08:49 +0800] "GET /xingrg/all/function/internal_message.html?_=1616807321275&CODE_STATE=getMsg HTTP/1.1" 200 27
180.169.147.146 - - [27/Mar/2021:09:08:50 +0800] "GET /xingrg/all/function/internal_message.html?_=1616807306909&CODE_STATE=getMsg HTTP/1.1" 200 27
180.169.147.146 - - [27/Mar/2021:09:08:50 +0800] "GET /xingrg/check_reg.html?_=1616807306911 HTTP/1.1" 200 22
120.253.135.82 - - [27/Mar/2021:09:08:50 +0800] "GET /xingrg/all/function/internal_message.html?_=1616807101825&CODE_STATE=getMsg HTTP/1.1" 200 27
116.235.216.75 - - [27/Mar/2021:09:08:53 +0800] "POST /xingrg/kc/buy/cgsh_order_operate.html HTTP/1.1" 200 37
180.169.147.146 - - [27/Mar/2021:09:08:54 +0800] "GET /xingrg/all/function/internal_message.html?_=1616807330700&CODE_STATE=getMsg HTTP/1.1" 302 -
180.169.147.146 - - [27/Mar/2021:09:08:54 +0800] "GET /xingrg/check_reg.html?_=1616807330701 HTTP/1.1" 302 -
116.232.48.27 - - [27/Mar/2021:09:08:54 +0800] "GET /xingrg/kc/buy/cgsh_order_operate.html?command=get_materiel&rest_code=00109&code=00101006109&supplier_code=00100015&order_time=2021-03-27 HTTP/1.1" 200 409
116.235.216.75 - - [27/Mar/2021:09:08:54 +0800] "POST /xingrg/kc/buy/cgsh_order_operate.html HTTP/1.1" 200 8641
116.235.216.75 - - [27/Mar/2021:09:08:56 +0800] "GET /xingrg/kc/print/load_config.html?kc_code=cgsh HTTP/1.1" 200 1845
116.235.216.75 - - [27/Mar/2021:09:08:56 +0800] "GET /xingrg/kc/print/load_data.html?order_code=212021032711678&kc_code=cgsh&condition= HTTP/1.1" 200 3017
101.228.165.174 - - [27/Mar/2021:09:08:59 +0800] "GET /xingrg/all/function/internal_message.html?_=1616807354683&CODE_STATE=getMsg HTTP/1.1" 302 -
116.232.48.27 - - [27/Mar/2021:09:08:59 +0800] "GET /xingrg/kc/buy/cgsh_order_operate.html?command=get_materiel&rest_code=00109&code=00101006056&supplier_code=00100015&order_time=2021-03-27 HTTP/1.1" 200 413
116.224.253.72 - - [27/Mar/2021:09:09:00 +0800] "GET /xingrg/kc/buy/cgsh_order_operate.html?command=get_materiel&rest_code=00151&code=00101009006&supplier_code=00100424&order_time=2021-03-27 HTTP/1.1" 200 408
222.70.217.33 - - [27/Mar/2021:09:09:01 +0800] "GET /xingrg/all/function/internal_message.html?_=1616807336371&CODE_STATE=getMsg HTTP/1.1" 200 27
222.70.217.33 - - [27/Mar/2021:09:09:01 +0800] "GET /xingrg/check_reg.html?_=1616807336373 HTTP/1.1" 200 22
116.232.48.27 - - [27/Mar/2021:09:09:01 +0800] "GET /xingrg/all/function/internal_message.html?_=1616807340104&CODE_STATE=getMsg HTTP/1.1" 200 27
116.232.48.27 - - [27/Mar/2021:09:09:05 +0800] "GET /xingrg/kc/buy/cgsh_order_operate.html?command=get_materiel&rest_code=00109&code=00101006115&supplier_code=00100015&order_time=2021-03-27 HTTP/1.1" 200 409
116.235.216.75 - - [27/Mar/2021:09:09:06 +0800] "GET /xingrg/all/function/internal_message.html?_=1616807335154&CODE_STATE=getMsg HTTP/1.1" 200 27
180.169.147.146 - - [27/Mar/2021:09:09:07 +0800] "GET /xingrg/all/function/internal_message.html?_=1616807337591&CODE_STATE=getMsg HTTP/1.1" 200 27
116.224.253.72 - - [27/Mar/2021:09:09:08 +0800] "GET /xingrg/kc/buy/cgsh_order_operate.html?command=get_materiel&rest_code=00151&code=00101009011&supplier_code=00100424&order_time=2021-03-27 HTTP/1.1" 200 416
114.89.82.158 - - [27/Mar/2021:09:09:13 +0800] "GET /xingrg/all/function/internal_message.html?_=1616807349680&CODE_STATE=getMsg HTTP/1.1" 302 -
116.232.48.27 - - [27/Mar/2021:09:09:13 +0800] "GET /xingrg/kc/buy/cgsh_order_operate.html?command=get_materiel&rest_code=00109&code=00101006144&supplier_code=00100015&order_time=2021-03-27 HTTP/1.1" 200 409
116.224.253.72 - - [27/Mar/2021:09:09:14 +0800] "GET /xingrg/all/function/internal_message.html?_=1616807352051&CODE_STATE=getMsg HTTP/1.1" 200 27
116.224.253.72 - - [27/Mar/2021:09:09:15 +0800] "GET /xingrg/kc/buy/cgsh_order_operate.html?command=get_materiel&rest_code=00151&code=00101009010&supplier_code=00100424&order_time=2021-03-27 HTTP/1.1" 200 412
180.169.147.146 - - [27/Mar/2021:09:09:17 +0800] "GET /xingrg/all/function/internal_message.html?_=1616807353845&CODE_STATE=getMsg HTTP/1.1" 302 -
101.83.241.196 - - [27/Mar/2021:09:09:19 +0800] "POST /xingrg/services/DataTransmitService HTTP/1.1" 200 524
101.83.241.196 - - [27/Mar/2021:09:09:19 +0800] "POST /xingrg/services/DataTransmitService HTTP/1.1" 200 1979
101.83.241.196 - - [27/Mar/2021:09:09:19 +0800] "POST /xingrg/services/DataTransmitService HTTP/1.1" 200 133971
61.165.42.208 - - [27/Mar/2021:09:09:20 +0800] "GET /xingrg/all/function/internal_message.html?_=1616807361153&CODE_STATE=getMsg HTTP/1.1" 200 27
116.224.253.72 - - [27/Mar/2021:09:09:20 +0800] "POST /xingrg/kc/buy/cgsh_order_operate.html HTTP/1.1" 200 37
116.232.48.27 - - [27/Mar/2021:09:09:21 +0800] "GET /xingrg/kc/buy/cgsh_order_operate.html?command=get_materiel&rest_code=00109&code=00101006058&supplier_code=00100015&order_time=2021-03-27 HTTP/1.1" 200 413
116.224.253.72 - - [27/Mar/2021:09:09:22 +0800] "POST /xingrg/kc/buy/cgsh_order_operate.html HTTP/1.1" 200 6265
117.185.32.26 - - [27/Mar/2021:09:09:27 +0800] "GET /xingrg/all/function/internal_message.html?_=1616807864047&CODE_STATE=getMsg HTTP/1.1" 200 27
116.232.48.27 - - [27/Mar/2021:09:09:28 +0800] "GET /xingrg/kc/buy/cgsh_order_operate.html?command=get_materiel&rest_code=00109&code=00101006057&supplier_code=00100015&order_time=2021-03-27 HTTP/1.1" 200 413
116.224.253.72 - - [27/Mar/2021:09:09:29 +0800] "GET /xingrg/all/function/internal_message.html?_=1616807314801&CODE_STATE=getMsg HTTP/1.1" 200 27
180.169.147.146 - - [27/Mar/2021:09:09:29 +0800] "GET /xingrg/all/function/internal_message.html?_=1616807366080&CODE_STATE=getMsg HTTP/1.1" 302 -
101.83.241.196 - - [27/Mar/2021:09:09:33 +0800] "GET /xingrg/all/function/internal_message.html?_=1616807369998&CODE_STATE=getMsg HTTP/1.1" 200 27
116.224.253.72 - - [27/Mar/2021:09:09:34 +0800] "GET /xingrg/kc/buy/cgsh_order_add.html HTTP/1.1" 200 61805
116.224.253.72 - - [27/Mar/2021:09:09:34 +0800] "POST /xingrg/kc/buy/cgsh_order_operate.html HTTP/1.1" 200 8245
116.224.253.72 - - [27/Mar/2021:09:09:34 +0800] "GET /xingrg/javascript/easyui/themes/default/validatebox.css HTTP/1.1" 404 1104
116.232.48.27 - - [27/Mar/2021:09:09:35 +0800] "GET /xingrg/kc/buy/cgsh_order_operate.html?command=get_materiel&rest_code=00109&code=00101006144&supplier_code=00100015&order_time=2021-03-27 HTTP/1.1" 200 409
101.83.241.196 - - [27/Mar/2021:09:09:41 +0800] "GET /xingrg/kc/buy/cgsh_order_add.html HTTP/1.1" 200 62204
101.83.241.196 - - [27/Mar/2021:09:09:41 +0800] "GET /xingrg/javascript/easyui/themes/default/validatebox.css HTTP/1.1" 404 1104
101.83.241.196 - - [27/Mar/2021:09:09:41 +0800] "POST /xingrg/kc/buy/cgsh_order_operate.html HTTP/1.1" 200 8245
116.224.253.72 - - [27/Mar/2021:09:09:43 +0800] "GET /xingrg/kc/buy/cgsh_order_operate.html?command=get_materiel&rest_code=00151&code=00101011005&supplier_code=00100047&order_time=2021-03-27 HTTP/1.1" 200 429
114.88.166.193 - - [27/Mar/2021:09:09:44 +0800] "GET /xingrg/all/function/internal_message.html?_=1616807379177&CODE_STATE=getMsg HTTP/1.1" 200 27
101.228.165.174 - - [27/Mar/2021:09:09:45 +0800] "GET /xingrg/all/function/internal_message.html?_=1616807404347&CODE_STATE=getMsg HTTP/1.1" 200 27
61.165.42.208 - - [27/Mar/2021:09:09:45 +0800] "GET /xingrg/kc/mdqp/pssh_order_list.html HTTP/1.1" 200 18018
61.165.42.208 - - [27/Mar/2021:09:09:46 +0800] "POST /xingrg/kc/mdqp/pssh_list_operate.html HTTP/1.1" 200 5304
116.232.48.27 - - [27/Mar/2021:09:09:46 +0800] "GET /xingrg/kc/buy/cgsh_order_operate.html?command=get_materiel&rest_code=00109&code=00101006013&supplier_code=00100015&order_time=2021-03-27 HTTP/1.1" 200 409
222.70.217.33 - - [27/Mar/2021:09:09:47 +0800] "GET /xingrg/all/function/internal_message.html?_=1616807387513&CODE_STATE=getMsg HTTP/1.1" 302 -
114.88.156.246 - - [27/Mar/2021:09:09:49 +0800] "GET /xingrg/all/function/internal_message.html?_=1616807381244&CODE_STATE=getMsg HTTP/1.1" 200 27
61.165.42.208 - - [27/Mar/2021:09:09:50 +0800] "POST /xingrg/kc/mdqp/pssh_list_operate.html HTTP/1.1" 200 259
180.169.147.146 - - [27/Mar/2021:09:09:50 +0800] "GET /xingrg/all/function/internal_message.html?_=1616807366913&CODE_STATE=getMsg HTTP/1.1" 200 27
120.253.135.82 - - [27/Mar/2021:09:09:50 +0800] "GET /xingrg/all/function/internal_message.html?_=1616807161838&CODE_STATE=getMsg HTTP/1.1" 200 27
61.165.42.208 - - [27/Mar/2021:09:09:51 +0800] "POST /xingrg/kc/mdqp/pssh_list_operate.html HTTP/1.1" 200 827
61.165.42.208 - - [27/Mar/2021:09:09:52 +0800] "GET /xingrg/kc/mdqp/pssh_order_info.html?code=312021032600686 HTTP/1.1" 200 17275
61.165.42.208 - - [27/Mar/2021:09:09:52 +0800] "GET /xingrg/javascript/jquery_tools/jquery-1.4.2.min.js HTTP/1.1" 404 1094
61.165.42.208 - - [27/Mar/2021:09:09:53 +0800] "GET /xingrg/all/common/auto_word.html?type=base&rest_code=00105&rest_code=00105 HTTP/1.1" 200 1811
61.165.42.208 - - [27/Mar/2021:09:09:53 +0800] "GET /xingrg/javascript/easyui/themes/default/validatebox.css HTTP/1.1" 404 1104
61.165.42.208 - - [27/Mar/2021:09:09:53 +0800] "POST /xingrg/kc/mdqp/pssh_order_operate.html HTTP/1.1" 200 12291
116.235.216.75 - - [27/Mar/2021:09:09:53 +0800] "GET /xingrg/kc/buy/cgsh_order_add.html HTTP/1.1" 200 62239
180.169.147.146 - - [27/Mar/2021:09:09:54 +0800] "GET /xingrg/all/function/internal_message.html?_=1616807390700&CODE_STATE=getMsg HTTP/1.1" 302 -
116.232.48.27 - - [27/Mar/2021:09:09:54 +0800] "GET /xingrg/kc/buy/cgsh_order_operate.html?command=get_materiel&rest_code=00109&code=00101010248&supplier_code=00100015&order_time=2021-03-27 HTTP/1.1" 200 430
116.224.253.72 - - [27/Mar/2021:09:09:54 +0800] "GET /xingrg/kc/buy/cgsh_order_operate.html?command=get_materiel&rest_code=00151&code=00101011001&supplier_code=00100047&order_time=2021-03-27 HTTP/1.1" 200 423
116.235.216.75 - - [27/Mar/2021:09:09:55 +0800] "GET /xingrg/javascript/easyui/themes/default/validatebox.css HTTP/1.1" 404 1104
116.235.216.75 - - [27/Mar/2021:09:09:55 +0800] "POST /xingrg/kc/buy/cgsh_order_operate.html HTTP/1.1" 200 8245
101.83.241.196 - - [27/Mar/2021:09:09:56 +0800] "POST /xingrg/services/DataTransmitService HTTP/1.1" 200 524
101.228.165.174 - - [27/Mar/2021:09:09:56 +0800] "GET /xingrg/check_reg.html?_=1616807411841 HTTP/1.1" 302 -
116.235.216.75 - - [27/Mar/2021:09:09:56 +0800] "GET /xingrg/javascript/easyui/themes/default/tree.css HTTP/1.1" 404 1090
116.235.216.75 - - [27/Mar/2021:09:09:57 +0800] "POST /xingrg/all/common/load_tree.html?tree=supplier_tree_json&isDelete=1 HTTP/1.1" 200 54827
101.228.165.174 - - [27/Mar/2021:09:09:59 +0800] "GET /xingrg/all/function/internal_message.html?_=1616807414696&CODE_STATE=getMsg HTTP/1.1" 302 -
101.83.241.196 - - [27/Mar/2021:09:09:59 +0800] "POST /xingrg/services/DataTransmitService HTTP/1.1" 200 501
116.224.253.72 - - [27/Mar/2021:09:10:01 +0800] "GET /xingrg/kc/buy/cgsh_order_operate.html?command=get_materiel&rest_code=00151&code=00101011010&supplier_code=00100047&order_time=2021-03-27 HTTP/1.1" 200 418
222.70.217.33 - - [27/Mar/2021:09:10:01 +0800] "GET /xingrg/all/function/internal_message.html?_=1616807396374&CODE_STATE=getMsg HTTP/1.1" 200 27
116.232.48.27 - - [27/Mar/2021:09:10:02 +0800] "GET /xingrg/all/function/internal_message.html?_=1616807400330&CODE_STATE=getMsg HTTP/1.1" 200 27
116.232.48.27 - - [27/Mar/2021:09:10:03 +0800] "POST /xingrg/kc/buy/cgsh_order_operate.html HTTP/1.1" 200 37
116.232.48.27 - - [27/Mar/2021:09:10:04 +0800] "POST /xingrg/kc/buy/cgsh_order_operate.html HTTP/1.1" 200 7996
116.232.48.27 - - [27/Mar/2021:09:10:06 +0800] "GET /xingrg/kc/print/load_config.html?kc_code=cgsh HTTP/1.1" 200 1845
116.235.216.75 - - [27/Mar/2021:09:10:06 +0800] "GET /xingrg/all/function/internal_message.html?_=1616807395138&CODE_STATE=getMsg HTTP/1.1" 200 27
116.232.48.27 - - [27/Mar/2021:09:10:06 +0800] "GET /xingrg/kc/print/load_data.html?order_code=212021032711680&kc_code=cgsh&condition= HTTP/1.1" 200 2793
180.169.147.146 - - [27/Mar/2021:09:10:07 +0800] "GET /xingrg/all/function/internal_message.html?_=1616807397571&CODE_STATE=getMsg HTTP/1.1" 200 27
114.88.166.193 - - [27/Mar/2021:09:10:07 +0800] "GET /xingrg/index.html?sysBaseUrl=http%3A%2F%2F180.169.147.146%3A18081%2Fxingrg%2F&costTime=74×tamp=1596510965499 HTTP/1.1" 302 -
114.88.166.193 - - [27/Mar/2021:09:10:07 +0800] "GET /xingrg/login.html HTTP/1.1" 200 7641
101.83.241.196 - - [27/Mar/2021:09:10:07 +0800] "POST /xingrg/services/DataTransmitService HTTP/1.1" 200 524
114.88.166.193 - - [27/Mar/2021:09:10:08 +0800] "GET /favicon.ico HTTP/1.1" 404 -
116.232.48.27 - - [27/Mar/2021:09:10:09 +0800] "GET /xingrg/kc/buy/cgsh_order_add.html HTTP/1.1" 200 62192
116.232.48.27 - - [27/Mar/2021:09:10:09 +0800] "POST /xingrg/kc/buy/cgsh_order_operate.html HTTP/1.1" 200 8245
116.232.48.27 - - [27/Mar/2021:09:10:09 +0800] "GET /xingrg/all/common/auto_word.html?type=employee&rest_code=00109 HTTP/1.1" 200 205
116.232.48.27 - - [27/Mar/2021:09:10:09 +0800] "GET /xingrg/all/common/auto_word.html?type=employee&rest_code=00109 HTTP/1.1" 200 205
116.232.48.27 - - [27/Mar/2021:09:10:09 +0800] "GET /xingrg/javascript/easyui/themes/default/validatebox.css HTTP/1.1" 404 1104
61.165.42.208 - - [27/Mar/2021:09:10:12 +0800] "POST /xingrg/kc/mdqp/pssh_list_operate.html HTTP/1.1" 200 261
114.89.82.158 - - [27/Mar/2021:09:10:13 +0800] "GET /xingrg/all/function/internal_message.html?_=1616807409684&CODE_STATE=getMsg HTTP/1.1" 302 -
116.224.253.72 - - [27/Mar/2021:09:10:14 +0800] "GET /xingrg/all/function/internal_message.html?_=1616807412051&CODE_STATE=getMsg HTTP/1.1" 200 27
61.165.42.208 - - [27/Mar/2021:09:10:14 +0800] "POST /xingrg/kc/mdqp/pssh_list_operate.html HTTP/1.1" 200 779
114.88.166.193 - - [27/Mar/2021:09:10:15 +0800] "POST /xingrg/login.do HTTP/1.1" 302 -
114.88.166.193 - - [27/Mar/2021:09:10:16 +0800] "GET /xingrg/index.html?sysBaseUrl=http%3A%2F%2F180.169.147.146%3A18081%2Fxingrg%2F&costTime=40×tamp=1616807415985 HTTP/1.1" 200 17173
114.88.166.193 - - [27/Mar/2021:09:10:16 +0800] "GET /xingrg/javascript/jquery.form.js HTTP/1.1" 304 -
114.88.166.193 - - [27/Mar/2021:09:10:16 +0800] "GET /xingrg/css/form.css HTTP/1.1" 304 -
114.88.166.193 - - [27/Mar/2021:09:10:16 +0800] "GET /xingrg/javascript/jquery_easy_ui/themes/default/easyui.css HTTP/1.1" 304 -
114.88.166.193 - - [27/Mar/2021:09:10:16 +0800] "GET /xingrg/javascript/jquery_easy_ui/jquery.easyui.min.js HTTP/1.1" 304 -
114.88.166.193 - - [27/Mar/2021:09:10:16 +0800] "GET /xingrg/javascript/jquery_easy_ui/easyui-lang-zh_CN.js HTTP/1.1" 304 -
114.88.166.193 - - [27/Mar/2021:09:10:16 +0800] "GET /xingrg/javascript/jquery-1.4.2.min.js HTTP/1.1" 304 -
114.88.166.193 - - [27/Mar/2021:09:10:16 +0800] "GET /xingrg/javascript/jquery.utils.js HTTP/1.1" 304 -
114.88.166.193 - - [27/Mar/2021:09:10:16 +0800] "GET /xingrg/javascript/jquery_easy_ui/themes/icon.css HTTP/1.1" 304 -
114.88.166.193 - - [27/Mar/2021:09:10:16 +0800] "GET /xingrg/javascript/jquery.timers.js HTTP/1.1" 304 -
114.88.166.193 - - [27/Mar/2021:09:10:16 +0800] "POST /xingrg/all/common/load_tree.html?tree=area_rest_tree_json&manage=1 HTTP/1.1" 200 342
114.88.166.193 - - [27/Mar/2021:09:10:16 +0800] "GET /xingrg/check_reg.html?_=1616807411177 HTTP/1.1" 200 22
114.88.166.193 - - [27/Mar/2021:09:10:16 +0800] "GET /xingrg/all/function/internal_message.html?_=1616807411176&CODE_STATE=count HTTP/1.1" 200 11
114.88.166.193 - - [27/Mar/2021:09:10:16 +0800] "POST /xingrg/load_menu.html HTTP/1.1" 200 5138
114.88.166.193 - - [27/Mar/2021:09:10:16 +0800] "GET /favicon.ico HTTP/1.1" 404 -
116.224.253.72 - - [27/Mar/2021:09:10:17 +0800] "POST /xingrg/kc/buy/cgsh_order_operate.html HTTP/1.1" 200 37
180.169.147.146 - - [27/Mar/2021:09:10:17 +0800] "GET /xingrg/all/function/internal_message.html?_=1616807413844&CODE_STATE=getMsg HTTP/1.1" 302 -
114.88.166.193 - - [27/Mar/2021:09:10:18 +0800] "GET /xingrg/kc/buy/buy_main.html HTTP/1.1" 200 12412
114.88.166.193 - - [27/Mar/2021:09:10:18 +0800] "GET /xingrg/css/new_ie.css HTTP/1.1" 404 1036
114.88.166.193 - - [27/Mar/2021:09:10:18 +0800] "GET /xingrg/css/blue.css HTTP/1.1" 304 -
114.88.166.193 - - [27/Mar/2021:09:10:18 +0800] "GET /xingrg/javascript/pic_change.js HTTP/1.1" 304 -
114.88.166.193 - - [27/Mar/2021:09:10:18 +0800] "GET /xingrg/javascript/ToolTips.js HTTP/1.1" 304 -
114.88.166.193 - - [27/Mar/2021:09:10:18 +0800] "GET /xingrg/javascript/myfunction.js HTTP/1.1" 304 -
114.88.166.193 - - [27/Mar/2021:09:10:18 +0800] "GET /xingrg/javascript/jquery_ui/themes/humanity/humanity.css HTTP/1.1" 304 -
114.88.166.193 - - [27/Mar/2021:09:10:18 +0800] "GET /xingrg/javascript/jquery_ui/jquery-ui.min.js HTTP/1.1" 304 -
114.88.166.193 - - [27/Mar/2021:09:10:18 +0800] "GET /xingrg/javascript/jquery_ui/themes/humanity/images/ui-icons_ffffff_256x240.png HTTP/1.1" 304 -
114.88.166.193 - - [27/Mar/2021:09:10:19 +0800] "GET /xingrg/images/yd/bt.gif HTTP/1.1" 404 1040
114.88.166.193 - - [27/Mar/2021:09:10:19 +0800] "GET /xingrg/kc/buy/cgsh_order_list.html HTTP/1.1" 200 46413
114.88.166.193 - - [27/Mar/2021:09:10:19 +0800] "GET /xingrg/css/base.css HTTP/1.1" 304 -
114.88.166.193 - - [27/Mar/2021:09:10:19 +0800] "GET /xingrg/css/site.css HTTP/1.1" 304 -
114.88.166.193 - - [27/Mar/2021:09:10:19 +0800] "GET /xingrg/javascript/jquery_tools/datebox.css HTTP/1.1" 304 -
114.88.166.193 - - [27/Mar/2021:09:10:19 +0800] "GET /xingrg/javascript/jquery_tools/fix.css HTTP/1.1" 304 -
114.88.166.193 - - [27/Mar/2021:09:10:19 +0800] "GET /xingrg/javascript/easyui/themes/icon.css HTTP/1.1" 304 -
114.88.166.193 - - [27/Mar/2021:09:10:19 +0800] "GET /xingrg/javascript/jquery_tools/table.css HTTP/1.1" 304 -
114.88.166.193 - - [27/Mar/2021:09:10:19 +0800] "GET /xingrg/javascript/jquery_tools/jquery.tools.extend.js HTTP/1.1" 304 -
114.88.166.193 - - [27/Mar/2021:09:10:19 +0800] "GET /xingrg/javascript/easyui/themes/default/easyui.css HTTP/1.1" 304 -
114.88.166.193 - - [27/Mar/2021:09:10:19 +0800] "GET /xingrg/javascript/jquery_tools/jquery.tools.hotkey.js HTTP/1.1" 304 -
114.88.166.193 - - [27/Mar/2021:09:10:19 +0800] "GET /xingrg/javascript/jquery_tools/jquery.tools.min.js HTTP/1.1" 304 -
114.88.166.193 - - [27/Mar/2021:09:10:19 +0800] "GET /xingrg/javascript/jquery_tools/jquery.tools.table.js HTTP/1.1" 304 -
114.88.166.193 - - [27/Mar/2021:09:10:19 +0800] "GET /xingrg/javascript/jquery_tools/list_manager.js HTTP/1.1" 304 -
114.88.166.193 - - [27/Mar/2021:09:10:19 +0800] "GET /xingrg/javascript/auto/jquery.autocomplete.css HTTP/1.1" 304 -
114.88.166.193 - - [27/Mar/2021:09:10:19 +0800] "GET /xingrg/javascript/jquery.cookie.js HTTP/1.1" 304 -
114.88.166.193 - - [27/Mar/2021:09:10:19 +0800] "GET /xingrg/javascript/auto/jquery.autocomplete.js HTTP/1.1" 304 -
114.88.166.193 - - [27/Mar/2021:09:10:19 +0800] "GET /xingrg/javascript/easyui/easyloader.js HTTP/1.1" 304 -
114.88.166.193 - - [27/Mar/2021:09:10:19 +0800] "GET /xingrg/javascript/print/LodopFuncs.js HTTP/1.1" 304 -
61.165.42.208 - - [27/Mar/2021:09:10:20 +0800] "GET /xingrg/all/function/internal_message.html?_=1616807421158&CODE_STATE=getMsg HTTP/1.1" 200 27
61.165.42.208 - - [27/Mar/2021:09:10:20 +0800] "POST /xingrg/kc/mdqp/pssh_list_operate.html HTTP/1.1" 200 756
114.88.166.193 - - [27/Mar/2021:09:10:20 +0800] "GET /xingrg/javascript/easyui/plugins/jquery.parser.js HTTP/1.1" 304 -
61.165.42.208 - - [27/Mar/2021:09:10:20 +0800] "GET /xingrg/javascript/jquery_tools/jquery-1.4.2.min.js HTTP/1.1" 404 1094
61.165.42.208 - - [27/Mar/2021:09:10:20 +0800] "GET /xingrg/kc/mdqp/pssh_order_info.html?code=312021032600687 HTTP/1.1" 200 17275
61.165.42.208 - - [27/Mar/2021:09:10:21 +0800] "POST /xingrg/kc/mdqp/pssh_order_operate.html HTTP/1.1" 200 4164
61.165.42.208 - - [27/Mar/2021:09:10:21 +0800] "GET /xingrg/javascript/easyui/themes/default/validatebox.css HTTP/1.1" 404 1104
114.88.166.193 - - [27/Mar/2021:09:10:21 +0800] "POST /xingrg/kc/buy/cgsh_list_operate.html HTTP/1.1" 200 876
114.88.166.193 - - [27/Mar/2021:09:10:23 +0800] "GET /xingrg/kc/buy/cgsh_order_add.html HTTP/1.1" 200 62151
114.88.166.193 - - [27/Mar/2021:09:10:23 +0800] "GET /xingrg/javascript/jquery_tools/order_manager.js HTTP/1.1" 304 -
114.88.166.193 - - [27/Mar/2021:09:10:23 +0800] "GET /xingrg/javascript/convert.js HTTP/1.1" 304 -
114.88.166.193 - - [27/Mar/2021:09:10:23 +0800] "GET /xingrg/javascript/json2.js HTTP/1.1" 304 -
114.88.166.193 - - [27/Mar/2021:09:10:23 +0800] "GET /xingrg/javascript/print/kc_print.js HTTP/1.1" 304 -
114.88.166.193 - - [27/Mar/2021:09:10:23 +0800] "GET /xingrg/words/20210326113239_words.js HTTP/1.1" 304 -
116.224.253.72 - - [27/Mar/2021:09:10:23 +0800] "POST /xingrg/kc/buy/cgsh_order_operate.html HTTP/1.1" 200 12
114.88.166.193 - - [27/Mar/2021:09:10:23 +0800] "POST /xingrg/kc/buy/cgsh_order_operate.html HTTP/1.1" 200 8245
114.88.166.193 - - [27/Mar/2021:09:10:23 +0800] "GET /xingrg/all/common/auto_word.html?type=employee&rest_code=00111 HTTP/1.1" 200 205
114.88.166.193 - - [27/Mar/2021:09:10:23 +0800] "GET /xingrg/all/common/auto_word.html?type=employee&rest_code=00111 HTTP/1.1" 200 205
116.232.48.27 - - [27/Mar/2021:09:10:23 +0800] "GET /xingrg/kc/buy/cgsh_order_operate.html?command=get_materiel&rest_code=00109&code=00101016025&supplier_code=00100035&order_time=2021-03-27 HTTP/1.1" 200 408
114.88.166.193 - - [27/Mar/2021:09:10:23 +0800] "GET /xingrg/javascript/easyui/themes/default/validatebox.css HTTP/1.1" 404 1104
114.88.166.193 - - [27/Mar/2021:09:10:23 +0800] "GET /xingrg/javascript/easyui/plugins/jquery.validatebox.js HTTP/1.1" 304 -
114.88.166.193 - - [27/Mar/2021:09:10:23 +0800] "GET /xingrg/javascript/easyui/plugins/jquery.numberbox.js HTTP/1.1" 304 -
114.88.166.193 - - [27/Mar/2021:09:10:24 +0800] "GET /xingrg/javascript/auto/indicator.gif HTTP/1.1" 404 1066
114.88.166.193 - - [27/Mar/2021:09:10:27 +0800] "GET /xingrg/javascript/jquery_tools/images/prev.gif HTTP/1.1" 404 1086
114.88.166.193 - - [27/Mar/2021:09:10:27 +0800] "GET /xingrg/javascript/jquery_tools/images/next.gif HTTP/1.1" 404 1086
117.185.32.26 - - [27/Mar/2021:09:10:27 +0800] "GET /xingrg/all/function/internal_message.html?_=1616807924081&CODE_STATE=getMsg HTTP/1.1" 200 27
180.169.147.146 - - [27/Mar/2021:09:10:27 +0800] "GET /xingrg/check_reg.html?_=1616807418049 HTTP/1.1" 200 22
116.235.216.75 - - [27/Mar/2021:09:10:29 +0800] "GET /xingrg/kc/buy/cgsh_order_operate.html?command=get_materiel&rest_code=00107&code=00101007022&supplier_code=00100002&order_time=2021-03-27 HTTP/1.1" 200 413
180.169.147.146 - - [27/Mar/2021:09:10:29 +0800] "GET /xingrg/all/function/internal_message.html?_=1616807426095&CODE_STATE=getMsg HTTP/1.1" 302 -
116.232.48.27 - - [27/Mar/2021:09:10:32 +0800] "GET /xingrg/kc/buy/cgsh_order_operate.html?command=get_materiel&rest_code=00109&code=00101012026&supplier_code=00100035&order_time=2021-03-27 HTTP/1.1" 200 408
114.88.166.193 - - [27/Mar/2021:09:10:32 +0800] "GET /xingrg/kc/buy/cgsh_order_operate.html?command=get_materiel&rest_code=00111&code=00101002027&supplier_code=00100199&order_time=2021-03-27 HTTP/1.1" 200 434
116.224.253.72 - - [27/Mar/2021:09:10:33 +0800] "GET /xingrg/kc/buy/cgsh_order_info.html?code=212021032711681 HTTP/1.1" 200 56711
101.83.241.196 - - [27/Mar/2021:09:10:33 +0800] "GET /xingrg/all/function/internal_message.html?_=1616807430003&CODE_STATE=getMsg HTTP/1.1" 200 27
116.224.253.72 - - [27/Mar/2021:09:10:33 +0800] "GET /xingrg/javascript/easyui/themes/default/validatebox.css HTTP/1.1" 404 1104
116.224.253.72 - - [27/Mar/2021:09:10:33 +0800] "POST /xingrg/kc/buy/cgsh_order_operate.html HTTP/1.1" 200 1828
116.224.253.72 - - [27/Mar/2021:09:10:33 +0800] "GET /xingrg/all/function/internal_message.html?_=1616807379386&CODE_STATE=getMsg HTTP/1.1" 200 27
116.224.253.72 - - [27/Mar/2021:09:10:36 +0800] "GET /xingrg/kc/print/load_data.html?order_code=212021032711681&kc_code=cgsh&condition= HTTP/1.1" 200 1268
116.232.48.27 - - [27/Mar/2021:09:10:42 +0800] "GET /xingrg/kc/buy/cgsh_order_operate.html?command=get_materiel&rest_code=00109&code=00101016105&supplier_code=00100035&order_time=2021-03-27 HTTP/1.1" 200 409
101.228.165.174 - - [27/Mar/2021:09:10:45 +0800] "GET /xingrg/all/function/internal_message.html?_=1616807464360&CODE_STATE=getMsg HTTP/1.1" 200 27
116.224.253.72 - - [27/Mar/2021:09:10:46 +0800] "GET /xingrg/kc/buy/cgsh_order_add.html HTTP/1.1" 200 61805
116.224.253.72 - - [27/Mar/2021:09:10:46 +0800] "POST /xingrg/kc/buy/cgsh_order_operate.html HTTP/1.1" 200 8245
116.224.253.72 - - [27/Mar/2021:09:10:46 +0800] "GET /xingrg/javascript/easyui/themes/default/validatebox.css HTTP/1.1" 404 1104
222.70.217.33 - - [27/Mar/2021:09:10:47 +0800] "GET /xingrg/all/function/internal_message.html?_=1616807447509&CODE_STATE=getMsg HTTP/1.1" 302 -
116.235.216.75 - - [27/Mar/2021:09:10:49 +0800] "GET /xingrg/kc/buy/cgsh_order_operate.html?command=get_materiel&rest_code=00107&code=00101007023&supplier_code=00100002&order_time=2021-03-27 HTTP/1.1" 200 409
114.88.156.246 - - [27/Mar/2021:09:10:49 +0800] "GET /xingrg/all/function/internal_message.html?_=1616807441213&CODE_STATE=getMsg HTTP/1.1" 200 27
180.169.147.146 - - [27/Mar/2021:09:10:50 +0800] "GET /xingrg/all/function/internal_message.html?_=1616807426915&CODE_STATE=getMsg HTTP/1.1" 200 27
116.232.48.27 - - [27/Mar/2021:09:10:50 +0800] "GET /xingrg/kc/buy/cgsh_order_operate.html?command=get_materiel&rest_code=00109&code=00101010136&supplier_code=00100035&order_time=2021-03-27 HTTP/1.1" 200 409
120.253.135.82 - - [27/Mar/2021:09:10:50 +0800] "GET /xingrg/all/function/internal_message.html?_=1616807222174&CODE_STATE=getMsg HTTP/1.1" 200 27
180.169.147.146 - - [27/Mar/2021:09:10:54 +0800] "GET /xingrg/all/function/internal_message.html?_=1616807450700&CODE_STATE=getMsg HTTP/1.1" 302 -
114.88.166.193 - - [27/Mar/2021:09:10:54 +0800] "GET /xingrg/kc/buy/cgsh_order_operate.html?command=get_materiel&rest_code=00111&code=00101002007&supplier_code=00100199&order_time=2021-03-27 HTTP/1.1" 200 409
116.224.253.72 - - [27/Mar/2021:09:10:55 +0800] "GET /xingrg/kc/buy/cgsh_order_operate.html?command=get_materiel&rest_code=00151&code=00101016038&supplier_code=00100007&order_time=2021-03-27 HTTP/1.1" 200 408
61.165.42.208 - - [27/Mar/2021:09:10:58 +0800] "GET /xingrg/kc/base/wldb_order_list.html HTTP/1.1" 200 19386
61.165.42.208 - - [27/Mar/2021:09:10:58 +0800] "POST /xingrg/kc/mdqp/pssh_list_operate.html HTTP/1.1" 200 3186
61.165.42.208 - - [27/Mar/2021:09:10:58 +0800] "POST /xingrg/kc/base/wldb_list_operate.html HTTP/1.1" 200 1772
101.228.165.174 - - [27/Mar/2021:09:10:59 +0800] "GET /xingrg/all/function/internal_message.html?_=1616807474727&CODE_STATE=getMsg HTTP/1.1" 302 -
61.165.42.208 - - [27/Mar/2021:09:11:00 +0800] "GET /xingrg/kc/base/wldb_order_add.html HTTP/1.1" 200 30549
61.165.42.208 - - [27/Mar/2021:09:11:00 +0800] "POST /xingrg/kc/base/wldb_order_operate.html HTTP/1.1" 200 6806
61.165.42.208 - - [27/Mar/2021:09:11:00 +0800] "GET /xingrg/javascript/easyui/themes/default/validatebox.css HTTP/1.1" 404 1104
61.165.42.208 - - [27/Mar/2021:09:11:01 +0800] "POST /xingrg/all/common/load_combo.html?type=base HTTP/1.1" 200 3236
222.70.217.33 - - [27/Mar/2021:09:11:01 +0800] "GET /xingrg/all/function/internal_message.html?_=1616807456375&CODE_STATE=getMsg HTTP/1.1" 200 27
116.232.48.27 - - [27/Mar/2021:09:11:01 +0800] "GET /xingrg/all/function/internal_message.html?_=1616807460113&CODE_STATE=getMsg HTTP/1.1" 200 27
116.232.48.27 - - [27/Mar/2021:09:11:01 +0800] "GET /xingrg/check_reg.html?_=1616807460116 HTTP/1.1" 200 22
116.235.216.75 - - [27/Mar/2021:09:11:04 +0800] "GET /xingrg/kc/buy/cgsh_order_operate.html?command=get_materiel&rest_code=00107&code=00101007061&supplier_code=00100002&order_time=2021-03-27 HTTP/1.1" 200 409
114.88.166.193 - - [27/Mar/2021:09:11:05 +0800] "GET /xingrg/kc/buy/cgsh_order_operate.html?command=get_materiel&rest_code=00111&code=00101002006&supplier_code=00100199&order_time=2021-03-27 HTTP/1.1" 200 416
116.235.216.75 - - [27/Mar/2021:09:11:06 +0800] "GET /xingrg/all/function/internal_message.html?_=1616807455119&CODE_STATE=getMsg HTTP/1.1" 200 27
180.169.147.146 - - [27/Mar/2021:09:11:07 +0800] "GET /xingrg/all/function/internal_message.html?_=1616807457546&CODE_STATE=getMsg HTTP/1.1" 200 27
61.165.42.208 - - [27/Mar/2021:09:11:09 +0800] "GET /xingrg/kc/base/wldb_order_operate.html?command=get_materiel&rest_code=00105&base_code=0010508&code=00102002851 HTTP/1.1" 200 431
114.89.82.158 - - [27/Mar/2021:09:11:13 +0800] "GET /xingrg/all/function/internal_message.html?_=1616807469671&CODE_STATE=getMsg HTTP/1.1" 302 -
114.89.82.158 - - [27/Mar/2021:09:11:13 +0800] "GET /xingrg/check_reg.html?_=1616807469673 HTTP/1.1" 302 -
116.224.253.72 - - [27/Mar/2021:09:11:14 +0800] "GET /xingrg/all/function/internal_message.html?_=1616807472051&CODE_STATE=getMsg HTTP/1.1" 200 27
116.235.216.75 - - [27/Mar/2021:09:11:14 +0800] "POST /xingrg/kc/buy/cgsh_order_operate.html HTTP/1.1" 200 37
61.165.42.208 - - [27/Mar/2021:09:11:15 +0800] "POST /xingrg/kc/mdqp/pssh_list_operate.html HTTP/1.1" 200 3186
114.88.166.193 - - [27/Mar/2021:09:11:16 +0800] "GET /xingrg/all/function/internal_message.html?_=1616807471186&CODE_STATE=getMsg HTTP/1.1" 200 27
116.235.216.75 - - [27/Mar/2021:09:11:16 +0800] "POST /xingrg/kc/buy/cgsh_order_operate.html HTTP/1.1" 200 3835
180.169.147.146 - - [27/Mar/2021:09:11:17 +0800] "GET /xingrg/all/function/internal_message.html?_=1616807473843&CODE_STATE=getMsg HTTP/1.1" 302 -
116.235.216.75 - - [27/Mar/2021:09:11:18 +0800] "GET /xingrg/kc/print/load_data.html?order_code=212021032711682&kc_code=cgsh&condition= HTTP/1.1" 200 1190
61.165.42.208 - - [27/Mar/2021:09:11:20 +0800] "GET /xingrg/all/function/internal_message.html?_=1616807481157&CODE_STATE=getMsg HTTP/1.1" 200 27
114.88.166.193 - - [27/Mar/2021:09:11:20 +0800] "POST /xingrg/kc/buy/cgsh_order_operate.html HTTP/1.1" 200 37
116.224.253.72 - - [27/Mar/2021:09:11:22 +0800] "GET /xingrg/kc/buy/cgsh_order_operate.html?command=get_materiel&rest_code=00151&code=00101008323&supplier_code=00100007&order_time=2021-03-27 HTTP/1.1" 200 408
116.235.216.75 - - [27/Mar/2021:09:11:22 +0800] "GET /xingrg/kc/buy/cgsh_order_add.html HTTP/1.1" 200 62239
116.235.216.75 - - [27/Mar/2021:09:11:23 +0800] "POST /xingrg/kc/buy/cgsh_order_operate.html HTTP/1.1" 200 8245
116.235.216.75 - - [27/Mar/2021:09:11:23 +0800] "GET /xingrg/javascript/easyui/themes/default/validatebox.css HTTP/1.1" 404 1104
116.232.48.27 - - [27/Mar/2021:09:11:26 +0800] "POST /xingrg/kc/buy/cgsh_order_operate.html HTTP/1.1" 200 37
116.235.216.75 - - [27/Mar/2021:09:11:27 +0800] "GET /xingrg/javascript/easyui/themes/default/tree.css HTTP/1.1" 404 1090
116.235.216.75 - - [27/Mar/2021:09:11:27 +0800] "POST /xingrg/all/common/load_tree.html?tree=supplier_tree_json&isDelete=1 HTTP/1.1" 200 54827
117.185.32.26 - - [27/Mar/2021:09:11:27 +0800] "GET /xingrg/all/function/internal_message.html?_=1616807984067&CODE_STATE=getMsg HTTP/1.1" 200 27
116.232.48.27 - - [27/Mar/2021:09:11:27 +0800] "POST /xingrg/kc/buy/cgsh_order_operate.html HTTP/1.1" 200 4416
116.232.48.27 - - [27/Mar/2021:09:11:29 +0800] "GET /xingrg/kc/print/load_config.html?kc_code=cgsh HTTP/1.1" 200 1845
116.232.48.27 - - [27/Mar/2021:09:11:29 +0800] "GET /xingrg/kc/print/load_data.html?order_code=212021032711684&kc_code=cgsh&condition= HTTP/1.1" 200 1336
116.224.253.72 - - [27/Mar/2021:09:11:29 +0800] "GET /xingrg/check_reg.html?_=1616807434768 HTTP/1.1" 200 22
180.169.147.146 - - [27/Mar/2021:09:11:29 +0800] "GET /xingrg/all/function/internal_message.html?_=1616807486103&CODE_STATE=getMsg HTTP/1.1" 302 -
116.224.253.72 - - [27/Mar/2021:09:11:30 +0800] "GET /xingrg/kc/buy/cgsh_order_operate.html?command=get_materiel&rest_code=00151&code=00101008083&supplier_code=00100007&order_time=2021-03-27 HTTP/1.1" 200 427
116.224.253.72 - - [27/Mar/2021:09:11:31 +0800] "POST /xingrg/all/common/load_select.html HTTP/1.1" 200 25
114.88.166.193 - - [27/Mar/2021:09:11:31 +0800] "POST /xingrg/kc/buy/cgsh_order_operate.html HTTP/1.1" 200 4439
101.83.241.196 - - [27/Mar/2021:09:11:33 +0800] "GET /xingrg/all/function/internal_message.html?_=1616807490010&CODE_STATE=getMsg HTTP/1.1" 200 27
114.88.166.193 - - [27/Mar/2021:09:11:33 +0800] "GET /xingrg/kc/print/load_config.html?kc_code=cgsh HTTP/1.1" 200 1845
114.88.166.193 - - [27/Mar/2021:09:11:33 +0800] "GET /xingrg/kc/print/load_data.html?order_code=212021032711683&kc_code=cgsh&condition= HTTP/1.1" 200 1355
116.224.253.72 - - [27/Mar/2021:09:11:34 +0800] "GET /xingrg/all/function/internal_message.html?_=1616807439399&CODE_STATE=getMsg HTTP/1.1" 200 27
116.224.253.72 - - [27/Mar/2021:09:11:35 +0800] "GET /xingrg/kc/buy/cgsh_order_operate.html?command=get_materiel_price&rest_code=00151&code=00101008083&unit_code=00100026&supplier_code=00100007&order_time=2021-03-27 HTTP/1.1" 200 27
101.228.165.174 - - [27/Mar/2021:09:11:42 +0800] "GET /xingrg/check_reg.html?_=1616807518246 HTTP/1.1" 302 -
101.228.165.174 - - [27/Mar/2021:09:11:45 +0800] "GET /xingrg/all/function/internal_message.html?_=1616807524376&CODE_STATE=getMsg HTTP/1.1" 200 27
116.235.216.75 - - [27/Mar/2021:09:11:47 +0800] "GET /xingrg/kc/buy/cgsh_order_operate.html?command=get_materiel&rest_code=00107&code=00101012051&supplier_code=00100033&order_time=2021-03-27 HTTP/1.1" 200 408
222.70.217.33 - - [27/Mar/2021:09:11:47 +0800] "GET /xingrg/all/function/internal_message.html?_=1616807507502&CODE_STATE=getMsg HTTP/1.1" 302 -
114.88.166.193 - - [27/Mar/2021:09:11:49 +0800] "GET /xingrg/kc/buy/cgsh_order_add.html HTTP/1.1" 200 62151
114.88.166.193 - - [27/Mar/2021:09:11:49 +0800] "POST /xingrg/kc/buy/cgsh_order_operate.html HTTP/1.1" 200 8245
114.88.156.246 - - [27/Mar/2021:09:11:49 +0800] "GET /xingrg/all/function/internal_message.html?_=1616807501188&CODE_STATE=getMsg HTTP/1.1" 200 27
114.88.166.193 - - [27/Mar/2021:09:11:49 +0800] "GET /xingrg/javascript/easyui/themes/default/validatebox.css HTTP/1.1" 404 1104
180.169.147.146 - - [27/Mar/2021:09:11:50 +0800] "GET /xingrg/all/function/internal_message.html?_=1616807486917&CODE_STATE=getMsg HTTP/1.1" 200 27
120.253.135.82 - - [27/Mar/2021:09:11:50 +0800] "GET /xingrg/all/function/internal_message.html?_=1616807282179&CODE_STATE=getMsg HTTP/1.1" 200 27
180.169.147.146 - - [27/Mar/2021:09:11:54 +0800] "GET /xingrg/all/function/internal_message.html?_=1616807510697&CODE_STATE=getMsg HTTP/1.1" 302 -
101.228.165.174 - - [27/Mar/2021:09:11:59 +0800] "GET /xingrg/all/function/internal_message.html?_=1616807534739&CODE_STATE=getMsg HTTP/1.1" 302 -
114.88.166.193 - - [27/Mar/2021:09:12:00 +0800] "GET /xingrg/kc/buy/cgsh_order_operate.html?command=get_materiel&rest_code=00111&code=00101006136&supplier_code=00100012&order_time=2021-03-27 HTTP/1.1" 200 417
222.70.217.33 - - [27/Mar/2021:09:12:01 +0800] "GET /xingrg/all/function/internal_message.html?_=1616807516377&CODE_STATE=getMsg HTTP/1.1" 200 27
116.232.48.27 - - [27/Mar/2021:09:12:01 +0800] "GET /xingrg/all/function/internal_message.html?_=1616807520102&CODE_STATE=getMsg HTTP/1.1" 200 27
116.235.216.75 - - [27/Mar/2021:09:12:03 +0800] "GET /xingrg/kc/buy/cgsh_order_operate.html?command=get_materiel&rest_code=00107&code=00101016080&supplier_code=00100033&order_time=2021-03-27 HTTP/1.1" 200 408
116.235.216.75 - - [27/Mar/2021:09:12:06 +0800] "GET /xingrg/all/function/internal_message.html?_=1616807515094&CODE_STATE=getMsg HTTP/1.1" 200 27
180.169.147.146 - - [27/Mar/2021:09:12:07 +0800] "GET /xingrg/all/function/internal_message.html?_=1616807517529&CODE_STATE=getMsg HTTP/1.1" 200 27
114.88.166.193 - - [27/Mar/2021:09:12:09 +0800] "GET /xingrg/kc/buy/cgsh_order_operate.html?command=get_materiel&rest_code=00111&code=00101006065&supplier_code=00100012&order_time=2021-03-27 HTTP/1.1" 200 411
116.232.48.27 - - [27/Mar/2021:09:12:09 +0800] "GET /xingrg/kc/buy/cgsh_order_add.html HTTP/1.1" 200 62192
116.232.48.27 - - [27/Mar/2021:09:12:09 +0800] "POST /xingrg/kc/buy/cgsh_order_operate.html HTTP/1.1" 200 8245
116.232.48.27 - - [27/Mar/2021:09:12:09 +0800] "GET /xingrg/all/common/auto_word.html?type=employee&rest_code=00109 HTTP/1.1" 200 205
116.232.48.27 - - [27/Mar/2021:09:12:09 +0800] "GET /xingrg/all/common/auto_word.html?type=employee&rest_code=00109 HTTP/1.1" 200 205
116.232.48.27 - - [27/Mar/2021:09:12:09 +0800] "GET /xingrg/javascript/easyui/themes/default/validatebox.css HTTP/1.1" 404 1104
114.89.82.158 - - [27/Mar/2021:09:12:13 +0800] "GET /xingrg/all/function/internal_message.html?_=1616807529674&CODE_STATE=getMsg HTTP/1.1" 302 -
116.224.253.72 - - [27/Mar/2021:09:12:14 +0800] "GET /xingrg/all/function/internal_message.html?_=1616807532048&CODE_STATE=getMsg HTTP/1.1" 200 27
114.88.166.193 - - [27/Mar/2021:09:12:16 +0800] "GET /xingrg/all/function/internal_message.html?_=1616807531199&CODE_STATE=getMsg HTTP/1.1" 200 27
116.235.216.75 - - [27/Mar/2021:09:12:16 +0800] "GET /xingrg/kc/buy/cgsh_order_operate.html?command=get_materiel&rest_code=00107&code=00101012024&supplier_code=00100033&order_time=2021-03-27 HTTP/1.1" 200 408
180.169.147.146 - - [27/Mar/2021:09:12:17 +0800] "GET /xingrg/all/function/internal_message.html?_=1616807533843&CODE_STATE=getMsg HTTP/1.1" 302 -
116.232.48.27 - - [27/Mar/2021:09:12:19 +0800] "GET /xingrg/kc/buy/cgsh_order_operate.html?command=get_materiel&rest_code=00109&code=00101008248&supplier_code=00100005&order_time=2021-03-27 HTTP/1.1" 200 412
61.165.42.208 - - [27/Mar/2021:09:12:20 +0800] "GET /xingrg/all/function/internal_message.html?_=1616807541164&CODE_STATE=getMsg HTTP/1.1" 200 27
61.165.42.208 - - [27/Mar/2021:09:12:20 +0800] "GET /xingrg/check_reg.html?_=1616807541199 HTTP/1.1" 200 22
61.165.42.208 - - [27/Mar/2021:09:12:22 +0800] "GET /xingrg/kc/buy/cgsh_order_list.html HTTP/1.1" 200 46413
61.165.42.208 - - [27/Mar/2021:09:12:23 +0800] "POST /xingrg/kc/buy/cgsh_list_operate.html HTTP/1.1" 200 2044
61.165.42.208 - - [27/Mar/2021:09:12:26 +0800] "POST /xingrg/kc/buy/cgsh_list_operate.html HTTP/1.1" 200 575
61.165.42.208 - - [27/Mar/2021:09:12:26 +0800] "GET /xingrg/kc/buy/cgsh_order_info.html?code=212021032711669 HTTP/1.1" 200 62201
116.232.48.27 - - [27/Mar/2021:09:12:26 +0800] "GET /xingrg/kc/buy/cgsh_order_operate.html?command=get_materiel&rest_code=00109&code=00101008261&supplier_code=00100005&order_time=2021-03-27 HTTP/1.1" 200 408
114.88.166.193 - - [27/Mar/2021:09:12:26 +0800] "GET /xingrg/kc/buy/cgsh_order_operate.html?command=get_materiel&rest_code=00111&code=00101006038&supplier_code=00100012&order_time=2021-03-27 HTTP/1.1" 200 421
61.165.42.208 - - [27/Mar/2021:09:12:26 +0800] "GET /xingrg/javascript/easyui/themes/default/validatebox.css HTTP/1.1" 404 1104
61.165.42.208 - - [27/Mar/2021:09:12:27 +0800] "POST /xingrg/kc/buy/cgsh_order_operate.html HTTP/1.1" 200 42870
117.185.32.26 - - [27/Mar/2021:09:12:27 +0800] "GET /xingrg/all/function/internal_message.html?_=1616808044069&CODE_STATE=getMsg HTTP/1.1" 200 27
180.169.147.146 - - [27/Mar/2021:09:12:29 +0800] "GET /xingrg/check_reg.html?_=1616807546101 HTTP/1.1" 302 -
180.169.147.146 - - [27/Mar/2021:09:12:29 +0800] "GET /xingrg/all/function/internal_message.html?_=1616807546102&CODE_STATE=getMsg HTTP/1.1" 302 -
116.224.253.72 - - [27/Mar/2021:09:12:30 +0800] "GET /xingrg/kc/buy/cgsh_order_operate.html?command=get_materiel&rest_code=00151&code=00101008318&supplier_code=00100007&order_time=2021-03-27 HTTP/1.1" 200 408
116.232.48.27 - - [27/Mar/2021:09:12:31 +0800] "GET /xingrg/kc/buy/cgsh_order_operate.html?command=get_materiel&rest_code=00109&code=00101008331&supplier_code=00100005&order_time=2021-03-27 HTTP/1.1" 200 416
101.83.241.196 - - [27/Mar/2021:09:12:33 +0800] "GET /xingrg/check_reg.html?_=1616807549998 HTTP/1.1" 200 22
101.83.241.196 - - [27/Mar/2021:09:12:33 +0800] "GET /xingrg/all/function/internal_message.html?_=1616807550028&CODE_STATE=getMsg HTTP/1.1" 200 27
116.224.253.72 - - [27/Mar/2021:09:12:34 +0800] "GET /xingrg/all/function/internal_message.html?_=1616807499413&CODE_STATE=getMsg HTTP/1.1" 200 27
116.232.48.27 - - [27/Mar/2021:09:12:36 +0800] "GET /xingrg/kc/buy/cgsh_order_operate.html?command=get_materiel&rest_code=00109&code=00101008199&supplier_code=00100005&order_time=2021-03-27 HTTP/1.1" 200 408
58.221.95.50 - - [27/Mar/2021:09:12:36 +0800] "GET /xingrg/check_reg.html?_=1616807554577 HTTP/1.1" 302 -
116.224.253.72 - - [27/Mar/2021:09:12:38 +0800] "GET /xingrg/kc/buy/cgsh_order_operate.html?command=get_materiel&rest_code=00151&code=00101012039&supplier_code=00100007&order_time=2021-03-27 HTTP/1.1" 200 408
114.88.166.193 - - [27/Mar/2021:09:12:38 +0800] "GET /xingrg/kc/buy/cgsh_order_operate.html?command=get_materiel&rest_code=00111&code=00101006055&supplier_code=00100012&order_time=2021-03-27 HTTP/1.1" 200 409
116.235.216.75 - - [27/Mar/2021:09:12:40 +0800] "GET /xingrg/kc/buy/cgsh_order_operate.html?command=get_materiel&rest_code=00107&code=00101010136&supplier_code=00100033&order_time=2021-03-27 HTTP/1.1" 200 408
116.232.48.27 - - [27/Mar/2021:09:12:41 +0800] "GET /xingrg/kc/buy/cgsh_order_operate.html?command=get_materiel&rest_code=00109&code=00101008003&supplier_code=00100005&order_time=2021-03-27 HTTP/1.1" 200 408
101.228.165.174 - - [27/Mar/2021:09:12:45 +0800] "GET /xingrg/all/function/internal_message.html?_=1616807584389&CODE_STATE=getMsg HTTP/1.1" 200 27
116.232.48.27 - - [27/Mar/2021:09:12:46 +0800] "GET /xingrg/kc/buy/cgsh_order_operate.html?command=get_materiel&rest_code=00109&code=00101008332&supplier_code=00100005&order_time=2021-03-27 HTTP/1.1" 200 412
116.224.253.72 - - [27/Mar/2021:09:12:47 +0800] "GET /xingrg/kc/buy/cgsh_order_operate.html?command=get_materiel&rest_code=00151&code=00101016051&supplier_code=00100007&order_time=2021-03-27 HTTP/1.1" 200 408
222.70.217.33 - - [27/Mar/2021:09:12:47 +0800] "GET /xingrg/all/function/internal_message.html?_=1616807567510&CODE_STATE=getMsg HTTP/1.1" 302 -
222.70.217.33 - - [27/Mar/2021:09:12:47 +0800] "GET /xingrg/check_reg.html?_=1616807567511 HTTP/1.1" 302 -
114.88.156.246 - - [27/Mar/2021:09:12:49 +0800] "GET /xingrg/all/function/internal_message.html?_=1616807561171&CODE_STATE=getMsg HTTP/1.1" 200 27
116.235.216.75 - - [27/Mar/2021:09:12:49 +0800] "GET /xingrg/kc/buy/cgsh_order_operate.html?command=get_materiel&rest_code=00107&code=00101012025&supplier_code=00100033&order_time=2021-03-27 HTTP/1.1" 200 412
180.169.147.146 - - [27/Mar/2021:09:12:50 +0800] "GET /xingrg/all/function/internal_message.html?_=1616807546919&CODE_STATE=getMsg HTTP/1.1" 200 27
120.253.135.82 - - [27/Mar/2021:09:12:51 +0800] "GET /xingrg/all/function/internal_message.html?_=1616807342501&CODE_STATE=getMsg HTTP/1.1" 200 27
