61.151.207.158 - - [21/Mar/2021:09:42:26 +0800] "GET /xingrg/all/function/internal_message.html?_=1616290884181&CODE_STATE=getMsg HTTP/1.1" 302 -
180.152.227.142 - - [21/Mar/2021:09:42:26 +0800] "POST /xingrg/kc/buy/cgsh_list_operate.html HTTP/1.1" 200 6036
58.37.230.33 - - [21/Mar/2021:09:42:27 +0800] "GET /xingrg/all/function/internal_message.html?_=1616290944183&CODE_STATE=getMsg HTTP/1.1" 200 27
180.152.227.142 - - [21/Mar/2021:09:42:28 +0800] "GET /xingrg/all/function/internal_message.html?_=1616291211900&CODE_STATE=getMsg HTTP/1.1" 200 27
61.151.207.158 - - [21/Mar/2021:09:42:28 +0800] "GET /xingrg/login.html HTTP/1.1" 200 7641
114.83.220.15 - - [21/Mar/2021:09:42:31 +0800] "GET /xingrg/kc/buy/cgsh_order_info.html?code=212021032109051 HTTP/1.1" 200 57059
114.83.220.15 - - [21/Mar/2021:09:42:31 +0800] "GET /xingrg/javascript/easyui/themes/default/validatebox.css HTTP/1.1" 404 1104
116.224.253.72 - - [21/Mar/2021:09:42:31 +0800] "POST /xingrg/kc/buy/cgsh_list_operate.html HTTP/1.1" 200 1740
58.37.192.63 - - [21/Mar/2021:09:42:31 +0800] "GET /xingrg/all/function/internal_message.html?_=1616291335505&CODE_STATE=getMsg HTTP/1.1" 200 27
114.83.220.15 - - [21/Mar/2021:09:42:31 +0800] "POST /xingrg/kc/buy/cgsh_order_operate.html HTTP/1.1" 200 4158
101.91.60.105 - - [21/Mar/2021:09:42:32 +0800] "GET /xingrg/kc/print/load_config.html?kc_code=cgsh HTTP/1.1" 302 -
101.91.60.105 - - [21/Mar/2021:09:42:32 +0800] "GET /xingrg/kc/print/load_data.html?order_code=212021032109046&kc_code=cgsh&condition= HTTP/1.1" 302 -
101.91.60.105 - - [21/Mar/2021:09:42:32 +0800] "GET /xingrg/login.html HTTP/1.1" 200 7641
101.91.60.105 - - [21/Mar/2021:09:42:32 +0800] "GET /xingrg/login.html HTTP/1.1" 200 7641
101.229.174.197 - - [21/Mar/2021:09:42:33 +0800] "GET /xingrg/all/function/internal_message.html?_=1616290949672&CODE_STATE=getMsg HTTP/1.1" 302 -
180.152.227.142 - - [21/Mar/2021:09:42:33 +0800] "POST /xingrg/kc/buy/cgsh_list_operate.html HTTP/1.1" 200 284
114.88.166.193 - - [21/Mar/2021:09:42:34 +0800] "GET /xingrg/kc/buy/cgsh_order_operate.html?command=get_materiel&rest_code=00111&code=00101015004&supplier_code=00100005&order_time=2021-03-21 HTTP/1.1" 200 408
116.224.253.72 - - [21/Mar/2021:09:42:36 +0800] "GET /xingrg/kc/buy/cgsh_order_list.html HTTP/1.1" 200 46372
42.236.10.73 - - [21/Mar/2021:09:42:37 +0800] "GET /xingrg/login.html?costTime=2&sysBaseUrl=http://180.169.147.146:18081/xingrg/×tamp=1616129471374 HTTP/1.1" 200 7638
42.236.10.88 - - [21/Mar/2021:09:42:37 +0800] "GET /xingrg/login.html?costTime=2&sysBaseUrl=http://180.169.147.146:18081/xingrg/×tamp=1616129471374 HTTP/1.1" 200 7638
116.224.253.72 - - [21/Mar/2021:09:42:38 +0800] "POST /xingrg/kc/buy/cgsh_list_operate.html HTTP/1.1" 200 2050
180.152.227.142 - - [21/Mar/2021:09:42:39 +0800] "POST /xingrg/kc/buy/cgsh_list_operate.html HTTP/1.1" 200 6017
180.152.227.142 - - [21/Mar/2021:09:42:42 +0800] "POST /xingrg/kc/buy/cgsh_list_operate.html HTTP/1.1" 200 199
114.88.166.193 - - [21/Mar/2021:09:42:44 +0800] "GET /xingrg/kc/buy/cgsh_order_operate.html?command=get_materiel&rest_code=00111&code=00101008223&supplier_code=00100005&order_time=2021-03-21 HTTP/1.1" 200 412
116.224.253.72 - - [21/Mar/2021:09:42:46 +0800] "GET /xingrg/check_reg.html?_=1616290916375 HTTP/1.1" 200 22
116.224.253.72 - - [21/Mar/2021:09:42:47 +0800] "POST /xingrg/kc/buy/cgsh_list_operate.html HTTP/1.1" 200 567
116.224.253.72 - - [21/Mar/2021:09:42:48 +0800] "GET /xingrg/kc/buy/cgsh_order_info.html?code=212021032109027 HTTP/1.1" 200 62037
116.224.253.72 - - [21/Mar/2021:09:42:48 +0800] "GET /xingrg/javascript/easyui/themes/default/validatebox.css HTTP/1.1" 404 1104
116.224.253.72 - - [21/Mar/2021:09:42:49 +0800] "POST /xingrg/kc/buy/cgsh_order_operate.html HTTP/1.1" 200 22186
58.40.7.146 - - [21/Mar/2021:09:42:50 +0800] "GET /xingrg/all/function/internal_message.html?_=1616290966091&CODE_STATE=getMsg HTTP/1.1" 200 27
114.86.226.117 - - [21/Mar/2021:09:42:50 +0800] "GET /xingrg/all/function/internal_message.html?_=1616290966720&CODE_STATE=getMsg HTTP/1.1" 200 27
180.152.227.142 - - [21/Mar/2021:09:42:52 +0800] "GET /xingrg/kc/buy/cgsh_order_list.html HTTP/1.1" 200 46366
58.37.192.63 - - [21/Mar/2021:09:42:52 +0800] "GET /xingrg/check_reg.html?_=1616291356126 HTTP/1.1" 200 22
101.228.165.174 - - [21/Mar/2021:09:42:52 +0800] "GET /xingrg/all/function/internal_message.html?_=1616290990381&CODE_STATE=getMsg HTTP/1.1" 302 -
180.152.227.142 - - [21/Mar/2021:09:42:53 +0800] "POST /xingrg/kc/buy/cgsh_list_operate.html HTTP/1.1" 200 876
114.88.166.193 - - [21/Mar/2021:09:42:54 +0800] "GET /xingrg/all/function/internal_message.html?_=1616290969345&CODE_STATE=getMsg HTTP/1.1" 200 27
114.88.166.193 - - [21/Mar/2021:09:42:55 +0800] "GET /xingrg/kc/buy/cgsh_order_operate.html?command=get_materiel&rest_code=00111&code=00101008172&supplier_code=00100005&order_time=2021-03-21 HTTP/1.1" 200 412
116.235.216.75 - - [21/Mar/2021:09:42:55 +0800] "GET /xingrg/all/function/internal_message.html?_=1616290971516&CODE_STATE=getMsg HTTP/1.1" 200 27
116.224.253.72 - - [21/Mar/2021:09:42:58 +0800] "GET /xingrg/all/function/internal_message.html?_=1616290928216&CODE_STATE=getMsg HTTP/1.1" 200 27
61.165.42.208 - - [21/Mar/2021:09:43:00 +0800] "GET /xingrg/all/function/internal_message.html?_=1616290976627&CODE_STATE=getMsg HTTP/1.1" 200 27
61.165.42.208 - - [21/Mar/2021:09:43:00 +0800] "GET /xingrg/check_reg.html?_=1616290976630 HTTP/1.1" 200 22
114.86.187.76 - - [21/Mar/2021:09:43:02 +0800] "GET /xingrg/all/function/internal_message.html?_=1616290983358&CODE_STATE=getMsg HTTP/1.1" 200 27
101.228.165.174 - - [21/Mar/2021:09:43:03 +0800] "GET /xingrg/check_reg.html?_=1616291005205 HTTP/1.1" 200 22
101.228.165.174 - - [21/Mar/2021:09:43:04 +0800] "GET /xingrg/all/function/internal_message.html?_=1616291002674&CODE_STATE=getMsg HTTP/1.1" 302 -
114.88.166.193 - - [21/Mar/2021:09:43:05 +0800] "GET /xingrg/kc/buy/cgsh_order_operate.html?command=get_materiel&rest_code=00111&code=00101008061&supplier_code=00100005&order_time=2021-03-21 HTTP/1.1" 200 422
120.253.135.82 - - [21/Mar/2021:09:43:05 +0800] "GET /xingrg/all/function/internal_message.html?_=1616290754761&CODE_STATE=getMsg HTTP/1.1" 200 27
101.228.165.174 - - [21/Mar/2021:09:43:07 +0800] "GET /xingrg/all/function/internal_message.html?_=1616290989047&CODE_STATE=getMsg HTTP/1.1" 200 27
222.70.217.33 - - [21/Mar/2021:09:43:09 +0800] "GET /xingrg/all/function/internal_message.html?_=1616290982964&CODE_STATE=getMsg HTTP/1.1" 200 27
114.88.166.193 - - [21/Mar/2021:09:43:09 +0800] "POST /xingrg/kc/buy/cgsh_order_operate.html HTTP/1.1" 200 2065
114.83.220.15 - - [21/Mar/2021:09:43:12 +0800] "GET /xingrg/all/function/internal_message.html?_=1616290988025&CODE_STATE=getMsg HTTP/1.1" 200 27
114.83.220.15 - - [21/Mar/2021:09:43:12 +0800] "GET /xingrg/check_reg.html?_=1616290988026 HTTP/1.1" 200 22
180.169.147.146 - - [21/Mar/2021:09:43:13 +0800] "GET /xingrg/all/function/internal_message.html?_=1616290989683&CODE_STATE=getMsg HTTP/1.1" 200 27
101.228.165.174 - - [21/Mar/2021:09:43:21 +0800] "GET /xingrg/all/function/internal_message.html?_=1616291023189&CODE_STATE=getMsg HTTP/1.1" 200 27
101.228.165.174 - - [21/Mar/2021:09:43:21 +0800] "GET /xingrg/all/function/internal_message.html?_=1616291023528&CODE_STATE=getMsg HTTP/1.1" 200 27
116.224.253.72 - - [21/Mar/2021:09:43:21 +0800] "GET /xingrg/all/function/internal_message.html?_=1616290998051&CODE_STATE=getMsg HTTP/1.1" 200 27
114.88.166.193 - - [21/Mar/2021:09:43:24 +0800] "GET /xingrg/kc/buy/cgsh_order_operate.html?command=get_materiel&rest_code=00111&code=00101008137&supplier_code=00100005&order_time=2021-03-21 HTTP/1.1" 200 408
58.37.230.33 - - [21/Mar/2021:09:43:27 +0800] "GET /xingrg/all/function/internal_message.html?_=1616291004188&CODE_STATE=getMsg HTTP/1.1" 200 27
42.236.10.120 - - [21/Mar/2021:09:43:27 +0800] "GET /xingrg/login.html?costTime=2&sysBaseUrl=http://180.169.147.146:18081/xingrg/×tamp=1616129471374 HTTP/1.1" 200 7638
180.152.227.142 - - [21/Mar/2021:09:43:28 +0800] "GET /xingrg/all/function/internal_message.html?_=1616291272068&CODE_STATE=getMsg HTTP/1.1" 200 27
101.89.239.238 - - [21/Mar/2021:09:43:28 +0800] "GET /xingrg/all/function/internal_message.html?_=1616290944183&CODE_STATE=getMsg HTTP/1.1" 302 -
101.89.239.238 - - [21/Mar/2021:09:43:29 +0800] "GET /xingrg/login.html HTTP/1.1" 200 7641
58.37.192.63 - - [21/Mar/2021:09:43:31 +0800] "GET /xingrg/all/function/internal_message.html?_=1616291395516&CODE_STATE=getMsg HTTP/1.1" 200 27
101.229.174.197 - - [21/Mar/2021:09:43:33 +0800] "GET /xingrg/all/function/internal_message.html?_=1616291009671&CODE_STATE=getMsg HTTP/1.1" 302 -
42.236.10.109 - - [21/Mar/2021:09:43:33 +0800] "GET /xingrg/login.html?costTime=2&sysBaseUrl=http://180.169.147.146:18081/xingrg/×tamp=1616129471374 HTTP/1.1" 200 7638
42.236.102.157 - - [21/Mar/2021:09:43:46 +0800] "GET /xingrg/login.html HTTP/1.1" 200 7638
42.236.10.105 - - [21/Mar/2021:09:43:46 +0800] "GET /xingrg/index.html?costTime=52&sysBaseUrl=http://180.169.147.146:18081/xingrg/×tamp=1616117428224 HTTP/1.1" 302 -
42.236.10.104 - - [21/Mar/2021:09:43:46 +0800] "GET /xingrg/login.html?costTime=3&sysBaseUrl=http://180.169.147.146:18081/xingrg/×tamp=1616064184677 HTTP/1.1" 200 7638
42.236.10.109 - - [21/Mar/2021:09:43:46 +0800] "GET /xingrg/index.html?costTime=57&sysBaseUrl=http://180.169.147.146:18081/xingrg/×tamp=1616038811220 HTTP/1.1" 302 -
42.236.10.107 - - [21/Mar/2021:09:43:46 +0800] "GET /xingrg/index.html?costTime=39&sysBaseUrl=http://180.169.147.146:18081/xingrg/×tamp=1616064401276 HTTP/1.1" 302 -
42.236.10.74 - - [21/Mar/2021:09:43:46 +0800] "GET /xingrg/login.html HTTP/1.1" 200 7638
42.236.10.107 - - [21/Mar/2021:09:43:46 +0800] "GET /xingrg/index.html?costTime=39&sysBaseUrl=http://180.169.147.146:18081/xingrg/×tamp=1616152739201 HTTP/1.1" 302 -
42.236.10.123 - - [21/Mar/2021:09:43:47 +0800] "GET /xingrg/login.html?costTime=3&sysBaseUrl=http://180.169.147.146:18081/xingrg/×tamp=1616064184677 HTTP/1.1" 200 7638
42.236.10.81 - - [21/Mar/2021:09:43:47 +0800] "GET /xingrg/index.html?costTime=39&sysBaseUrl=http://180.169.147.146:18081/xingrg/×tamp=1616152739201 HTTP/1.1" 302 -
42.236.102.157 - - [21/Mar/2021:09:43:47 +0800] "GET /xingrg/index.html?costTime=52&sysBaseUrl=http://180.169.147.146:18081/xingrg/×tamp=1616121100213 HTTP/1.1" 302 -
42.236.10.122 - - [21/Mar/2021:09:43:47 +0800] "GET /xingrg/index.html?costTime=52&sysBaseUrl=http://180.169.147.146:18081/xingrg/×tamp=1616117428224 HTTP/1.1" 302 -
42.236.10.107 - - [21/Mar/2021:09:43:47 +0800] "GET /xingrg/index.html?costTime=57&sysBaseUrl=http://180.169.147.146:18081/xingrg/×tamp=1616038811220 HTTP/1.1" 302 -
42.236.10.88 - - [21/Mar/2021:09:43:47 +0800] "GET /xingrg/index.html?costTime=52&sysBaseUrl=http://180.169.147.146:18081/xingrg/×tamp=1616121100213 HTTP/1.1" 302 -
42.236.10.103 - - [21/Mar/2021:09:43:47 +0800] "GET /xingrg/index.html?costTime=39&sysBaseUrl=http://180.169.147.146:18081/xingrg/×tamp=1616064401276 HTTP/1.1" 302 -
42.236.10.71 - - [21/Mar/2021:09:43:49 +0800] "GET /xingrg/login.html?costTime=3&sysBaseUrl=http://180.169.147.146:18081/xingrg/×tamp=1616064184677 HTTP/1.1" 200 7638
42.236.10.79 - - [21/Mar/2021:09:43:49 +0800] "GET /xingrg/login.html HTTP/1.1" 200 7638
42.236.10.70 - - [21/Mar/2021:09:43:49 +0800] "GET /xingrg/index.html?costTime=57&sysBaseUrl=http://180.169.147.146:18081/xingrg/×tamp=1616038811220 HTTP/1.1" 302 -
42.236.10.79 - - [21/Mar/2021:09:43:49 +0800] "GET /xingrg/index.html?costTime=52&sysBaseUrl=http://180.169.147.146:18081/xingrg/×tamp=1616121100213 HTTP/1.1" 302 -
42.236.10.88 - - [21/Mar/2021:09:43:49 +0800] "GET /xingrg/index.html?costTime=52&sysBaseUrl=http://180.169.147.146:18081/xingrg/×tamp=1616117428224 HTTP/1.1" 302 -
58.40.7.146 - - [21/Mar/2021:09:43:50 +0800] "GET /xingrg/all/function/internal_message.html?_=1616291026078&CODE_STATE=getMsg HTTP/1.1" 200 27
42.236.10.81 - - [21/Mar/2021:09:43:50 +0800] "GET /xingrg/index.html?costTime=57&sysBaseUrl=http://180.169.147.146:18081/xingrg/×tamp=1616038811220 HTTP/1.1" 302 -
117.36.21.169 - - [21/Mar/2021:09:43:50 +0800] "GET /xingrg/index.html?costTime=52&sysBaseUrl=http://180.169.147.146:18081/xingrg/×tamp=1616121100213 HTTP/1.1" 302 -
114.86.226.117 - - [21/Mar/2021:09:43:50 +0800] "GET /xingrg/all/function/internal_message.html?_=1616291026722&CODE_STATE=getMsg HTTP/1.1" 200 27
42.236.10.89 - - [21/Mar/2021:09:43:51 +0800] "GET /xingrg/index.html?costTime=39&sysBaseUrl=http://180.169.147.146:18081/xingrg/×tamp=1616152739201 HTTP/1.1" 302 -
42.236.10.73 - - [21/Mar/2021:09:43:51 +0800] "GET /xingrg/index.html?costTime=52&sysBaseUrl=http://180.169.147.146:18081/xingrg/×tamp=1616121100213 HTTP/1.1" 302 -
42.236.10.113 - - [21/Mar/2021:09:43:51 +0800] "GET /xingrg/login.html?costTime=3&sysBaseUrl=http://180.169.147.146:18081/xingrg/×tamp=1616064184677 HTTP/1.1" 200 7638
42.236.10.88 - - [21/Mar/2021:09:43:51 +0800] "GET /xingrg/index.html?costTime=39&sysBaseUrl=http://180.169.147.146:18081/xingrg/×tamp=1616064401276 HTTP/1.1" 302 -
101.228.165.174 - - [21/Mar/2021:09:43:52 +0800] "GET /xingrg/all/function/internal_message.html?_=1616291050392&CODE_STATE=getMsg HTTP/1.1" 302 -
180.169.147.146 - - [21/Mar/2021:09:43:54 +0800] "GET /xingrg/index.html?sysBaseUrl=http%3A%2F%2F180.169.147.146%3A18081%2Fxingrg%2F&costTime=185×tamp=1615458382968 HTTP/1.1" 302 -
180.169.147.146 - - [21/Mar/2021:09:43:54 +0800] "GET /xingrg/login.html HTTP/1.1" 200 7641
114.88.166.193 - - [21/Mar/2021:09:43:54 +0800] "GET /xingrg/all/function/internal_message.html?_=1616291029408&CODE_STATE=getMsg HTTP/1.1" 200 27
180.169.147.146 - - [21/Mar/2021:09:43:55 +0800] "GET /favicon.ico HTTP/1.1" 404 -
116.235.216.75 - - [21/Mar/2021:09:43:55 +0800] "GET /xingrg/all/function/internal_message.html?_=1616291031497&CODE_STATE=getMsg HTTP/1.1" 200 27
180.169.147.146 - - [21/Mar/2021:09:43:56 +0800] "POST /xingrg/login.do HTTP/1.1" 302 -
180.169.147.146 - - [21/Mar/2021:09:43:56 +0800] "GET /xingrg/index.html?sysBaseUrl=http%3A%2F%2F180.169.147.146%3A18081%2Fxingrg%2F&costTime=48×tamp=1616291036751 HTTP/1.1" 200 17179
180.169.147.146 - - [21/Mar/2021:09:43:57 +0800] "POST /xingrg/all/common/load_tree.html?tree=area_rest_tree_json&manage=1 HTTP/1.1" 200 351
180.169.147.146 - - [21/Mar/2021:09:43:57 +0800] "GET /xingrg/all/function/internal_message.html?_=1616291026115&CODE_STATE=count HTTP/1.1" 200 11
180.169.147.146 - - [21/Mar/2021:09:43:57 +0800] "GET /xingrg/check_reg.html?_=1616291026116 HTTP/1.1" 200 22
180.169.147.146 - - [21/Mar/2021:09:43:57 +0800] "GET /favicon.ico HTTP/1.1" 404 -
180.169.147.146 - - [21/Mar/2021:09:43:57 +0800] "POST /xingrg/load_menu.html HTTP/1.1" 200 5138
116.224.253.72 - - [21/Mar/2021:09:43:58 +0800] "GET /xingrg/all/function/internal_message.html?_=1616290988230&CODE_STATE=getMsg HTTP/1.1" 200 27
117.36.21.169 - - [21/Mar/2021:09:43:58 +0800] "GET /spm_ppap/main.php?p=6&q=doc_ppap_upload&rowId=hR HTTP/1.1" 404 -
180.169.147.146 - - [21/Mar/2021:09:43:58 +0800] "GET /xingrg/kc/buy/buy_main.html HTTP/1.1" 200 12412
180.169.147.146 - - [21/Mar/2021:09:43:58 +0800] "GET /xingrg/css/new_ie.css HTTP/1.1" 404 1036
180.169.147.146 - - [21/Mar/2021:09:43:59 +0800] "GET /xingrg/kc/base/base_main.html HTTP/1.1" 200 12142
114.88.166.193 - - [21/Mar/2021:09:43:59 +0800] "GET /xingrg/kc/buy/cgsh_order_operate.html?command=get_materiel&rest_code=00111&code=00101008036&supplier_code=00100005&order_time=2021-03-21 HTTP/1.1" 200 408
61.165.42.208 - - [21/Mar/2021:09:44:00 +0800] "GET /xingrg/all/function/internal_message.html?_=1616291036615&CODE_STATE=getMsg HTTP/1.1" 200 27
116.224.253.72 - - [21/Mar/2021:09:44:01 +0800] "POST /xingrg/kc/buy/cgsh_order_operate.html HTTP/1.1" 200 37
114.86.187.76 - - [21/Mar/2021:09:44:02 +0800] "GET /xingrg/all/function/internal_message.html?_=1616291043337&CODE_STATE=getMsg HTTP/1.1" 200 27
114.86.187.76 - - [21/Mar/2021:09:44:02 +0800] "GET /xingrg/check_reg.html?_=1616291043341 HTTP/1.1" 200 22
116.224.253.72 - - [21/Mar/2021:09:44:04 +0800] "POST /xingrg/kc/buy/cgsh_order_operate.html HTTP/1.1" 200 12
101.228.165.174 - - [21/Mar/2021:09:44:04 +0800] "GET /xingrg/all/function/internal_message.html?_=1616291062683&CODE_STATE=getMsg HTTP/1.1" 302 -
116.224.253.72 - - [21/Mar/2021:09:44:04 +0800] "GET /xingrg/kc/buy/cgsh_order_info.html?code=212021032109027 HTTP/1.1" 200 56930
116.224.253.72 - - [21/Mar/2021:09:44:05 +0800] "GET /xingrg/javascript/easyui/themes/default/validatebox.css HTTP/1.1" 404 1104
120.253.135.82 - - [21/Mar/2021:09:44:05 +0800] "GET /xingrg/check_reg.html?_=1616290814537 HTTP/1.1" 200 22
120.253.135.82 - - [21/Mar/2021:09:44:05 +0800] "GET /xingrg/all/function/internal_message.html?_=1616290814774&CODE_STATE=getMsg HTTP/1.1" 200 27
116.224.253.72 - - [21/Mar/2021:09:44:05 +0800] "POST /xingrg/kc/buy/cgsh_order_operate.html HTTP/1.1" 200 20130
180.169.147.146 - - [21/Mar/2021:09:44:06 +0800] "GET /xingrg/kc/base/wldb_order_list.html HTTP/1.1" 200 19345
116.224.253.72 - - [21/Mar/2021:09:44:06 +0800] "GET /xingrg/kc/print/load_data.html?order_code=212021032109027&kc_code=cgsh&condition= HTTP/1.1" 200 8142
101.228.165.174 - - [21/Mar/2021:09:44:07 +0800] "GET /xingrg/all/function/internal_message.html?_=1616291049047&CODE_STATE=getMsg HTTP/1.1" 200 27
180.169.147.146 - - [21/Mar/2021:09:44:07 +0800] "POST /xingrg/kc/base/wldb_list_operate.html HTTP/1.1" 200 928
180.169.147.146 - - [21/Mar/2021:09:44:08 +0800] "GET /xingrg/kc/base/wldb_order_add.html HTTP/1.1" 200 30508
222.70.217.33 - - [21/Mar/2021:09:44:09 +0800] "GET /xingrg/all/function/internal_message.html?_=1616291042935&CODE_STATE=getMsg HTTP/1.1" 200 27
180.169.147.146 - - [21/Mar/2021:09:44:09 +0800] "POST /xingrg/kc/base/wldb_order_operate.html HTTP/1.1" 200 6806
180.169.147.146 - - [21/Mar/2021:09:44:09 +0800] "GET /xingrg/all/common/auto_word.html?type=base&rest_code=00147 HTTP/1.1" 200 1707
180.169.147.146 - - [21/Mar/2021:09:44:09 +0800] "GET /xingrg/all/common/auto_word.html?type=base&rest_code=00147 HTTP/1.1" 200 1707
180.169.147.146 - - [21/Mar/2021:09:44:09 +0800] "GET /xingrg/javascript/easyui/themes/default/validatebox.css HTTP/1.1" 404 1104
180.169.147.146 - - [21/Mar/2021:09:44:11 +0800] "POST /xingrg/all/common/load_combo.html?type=base HTTP/1.1" 200 3057
114.83.220.15 - - [21/Mar/2021:09:44:12 +0800] "GET /xingrg/all/function/internal_message.html?_=1616291048028&CODE_STATE=getMsg HTTP/1.1" 200 27
180.169.147.146 - - [21/Mar/2021:09:44:13 +0800] "GET /xingrg/check_reg.html?_=1616291049687 HTTP/1.1" 200 22
180.169.147.146 - - [21/Mar/2021:09:44:13 +0800] "GET /xingrg/all/function/internal_message.html?_=1616291049684&CODE_STATE=getMsg HTTP/1.1" 200 27
180.169.147.146 - - [21/Mar/2021:09:44:13 +0800] "POST /xingrg/all/common/load_combo.html?type=base HTTP/1.1" 200 3057
114.88.166.193 - - [21/Mar/2021:09:44:20 +0800] "POST /xingrg/kc/buy/cgsh_order_operate.html HTTP/1.1" 200 2065
101.228.165.174 - - [21/Mar/2021:09:44:21 +0800] "GET /xingrg/all/function/internal_message.html?_=1616291083203&CODE_STATE=getMsg HTTP/1.1" 200 27
101.228.165.174 - - [21/Mar/2021:09:44:21 +0800] "GET /xingrg/all/function/internal_message.html?_=1616291083530&CODE_STATE=getMsg HTTP/1.1" 200 27
116.224.253.72 - - [21/Mar/2021:09:44:21 +0800] "GET /xingrg/all/function/internal_message.html?_=1616291058031&CODE_STATE=getMsg HTTP/1.1" 200 27
58.37.230.33 - - [21/Mar/2021:09:44:27 +0800] "GET /xingrg/all/function/internal_message.html?_=1616291064190&CODE_STATE=getMsg HTTP/1.1" 200 27
180.152.227.142 - - [21/Mar/2021:09:44:28 +0800] "GET /xingrg/all/function/internal_message.html?_=1616291332083&CODE_STATE=getMsg HTTP/1.1" 200 27
58.37.192.63 - - [21/Mar/2021:09:44:31 +0800] "GET /xingrg/all/function/internal_message.html?_=1616291455531&CODE_STATE=getMsg HTTP/1.1" 200 27
101.229.174.197 - - [21/Mar/2021:09:44:33 +0800] "GET /xingrg/check_reg.html?_=1616291069670 HTTP/1.1" 302 -
101.229.174.197 - - [21/Mar/2021:09:44:33 +0800] "GET /xingrg/all/function/internal_message.html?_=1616291069673&CODE_STATE=getMsg HTTP/1.1" 302 -
180.169.147.146 - - [21/Mar/2021:09:44:34 +0800] "GET /xingrg/javascript/auto/indicator.gif HTTP/1.1" 404 1066
114.88.166.193 - - [21/Mar/2021:09:44:40 +0800] "GET /xingrg/kc/buy/cgsh_order_operate.html?command=get_materiel&rest_code=00111&code=00101016122&supplier_code=00100005&order_time=2021-03-21 HTTP/1.1" 200 395
180.169.147.146 - - [21/Mar/2021:09:44:40 +0800] "GET /xingrg/kc/base/wldb_order_operate.html?command=get_materiel&rest_code=00147&base_code=0010270&code=00101019826 HTTP/1.1" 200 430
42.236.39.143 - - [21/Mar/2021:09:44:45 +0800] "GET /xingrg/index.html?costTime=34&sysBaseUrl=http://180.169.147.146:18081/xingrg/×tamp=1585622960984 HTTP/1.1" 302 -
42.236.39.143 - - [21/Mar/2021:09:44:46 +0800] "GET /xingrg/index.html?costTime=34&sysBaseUrl=http://180.169.147.146:18081/xingrg/×tamp=1585622960984 HTTP/1.1" 302 -
58.40.7.146 - - [21/Mar/2021:09:44:50 +0800] "GET /xingrg/all/function/internal_message.html?_=1616291086082&CODE_STATE=getMsg HTTP/1.1" 200 27
114.86.226.117 - - [21/Mar/2021:09:44:50 +0800] "GET /xingrg/all/function/internal_message.html?_=1616291086724&CODE_STATE=getMsg HTTP/1.1" 200 27
114.86.226.117 - - [21/Mar/2021:09:44:50 +0800] "GET /xingrg/check_reg.html?_=1616291086724 HTTP/1.1" 200 22
101.228.165.174 - - [21/Mar/2021:09:44:52 +0800] "GET /xingrg/all/function/internal_message.html?_=1616291110408&CODE_STATE=getMsg HTTP/1.1" 302 -
114.88.166.193 - - [21/Mar/2021:09:44:54 +0800] "GET /xingrg/all/function/internal_message.html?_=1616291089420&CODE_STATE=getMsg HTTP/1.1" 200 27
116.235.216.75 - - [21/Mar/2021:09:44:55 +0800] "GET /xingrg/all/function/internal_message.html?_=1616291091471&CODE_STATE=getMsg HTTP/1.1" 200 27
114.88.166.193 - - [21/Mar/2021:09:44:55 +0800] "GET /xingrg/javascript/easyui/themes/default/images/button_plain_hover.png HTTP/1.1" 304 -
180.169.147.146 - - [21/Mar/2021:09:44:57 +0800] "GET /xingrg/all/function/internal_message.html?_=1616291086134&CODE_STATE=getMsg HTTP/1.1" 200 27
116.224.253.72 - - [21/Mar/2021:09:44:58 +0800] "GET /xingrg/all/function/internal_message.html?_=1616291048254&CODE_STATE=getMsg HTTP/1.1" 200 27
114.88.166.193 - - [21/Mar/2021:09:44:59 +0800] "POST /xingrg/kc/buy/cgsh_order_operate.html HTTP/1.1" 200 37
61.165.42.208 - - [21/Mar/2021:09:45:00 +0800] "GET /xingrg/all/function/internal_message.html?_=1616291096616&CODE_STATE=getMsg HTTP/1.1" 200 27
114.88.166.193 - - [21/Mar/2021:09:45:01 +0800] "POST /xingrg/kc/buy/cgsh_order_operate.html HTTP/1.1" 200 47041
114.86.187.76 - - [21/Mar/2021:09:45:02 +0800] "GET /xingrg/all/function/internal_message.html?_=1616291103315&CODE_STATE=getMsg HTTP/1.1" 200 27
114.88.166.193 - - [21/Mar/2021:09:45:02 +0800] "GET /xingrg/kc/print/load_config.html?kc_code=cgsh HTTP/1.1" 200 1845
114.88.166.193 - - [21/Mar/2021:09:45:03 +0800] "GET /xingrg/kc/print/load_data.html?order_code=212021032109047&kc_code=cgsh&condition= HTTP/1.1" 200 17488
101.228.165.174 - - [21/Mar/2021:09:45:04 +0800] "GET /xingrg/all/function/internal_message.html?_=1616291122716&CODE_STATE=getMsg HTTP/1.1" 302 -
120.253.135.82 - - [21/Mar/2021:09:45:05 +0800] "GET /xingrg/all/function/internal_message.html?_=1616290874788&CODE_STATE=getMsg HTTP/1.1" 200 27
180.169.147.146 - - [21/Mar/2021:09:45:05 +0800] "GET /xingrg/check_reg.html?_=1616291086465 HTTP/1.1" 302 -
101.228.165.174 - - [21/Mar/2021:09:45:07 +0800] "GET /xingrg/all/function/internal_message.html?_=1616291109047&CODE_STATE=getMsg HTTP/1.1" 200 27
116.224.253.72 - - [21/Mar/2021:09:45:08 +0800] "POST /xingrg/kc/buy/cgsh_list_operate.html HTTP/1.1" 200 431
222.70.217.33 - - [21/Mar/2021:09:45:09 +0800] "GET /xingrg/all/function/internal_message.html?_=1616291102905&CODE_STATE=getMsg HTTP/1.1" 200 27
116.224.253.72 - - [21/Mar/2021:09:45:09 +0800] "GET /xingrg/kc/buy/cgsh_order_info.html?code=212021032109025 HTTP/1.1" 200 62037
116.224.253.72 - - [21/Mar/2021:09:45:09 +0800] "GET /xingrg/javascript/easyui/themes/default/validatebox.css HTTP/1.1" 404 1104
116.224.253.72 - - [21/Mar/2021:09:45:10 +0800] "POST /xingrg/kc/buy/cgsh_order_operate.html HTTP/1.1" 200 4436
114.83.220.15 - - [21/Mar/2021:09:45:12 +0800] "GET /xingrg/all/function/internal_message.html?_=1616291108028&CODE_STATE=getMsg HTTP/1.1" 200 27
42.236.10.122 - - [21/Mar/2021:09:45:13 +0800] "GET /xingrg/index.html?costTime=34&sysBaseUrl=http://180.169.147.146:18081/xingrg/×tamp=1585622960984 HTTP/1.1" 302 -
42.236.10.110 - - [21/Mar/2021:09:45:13 +0800] "GET /xingrg/index.html?costTime=34&sysBaseUrl=http://180.169.147.146:18081/xingrg/×tamp=1585622960984 HTTP/1.1" 302 -
180.169.147.146 - - [21/Mar/2021:09:45:13 +0800] "GET /xingrg/all/function/internal_message.html?_=1616291109692&CODE_STATE=getMsg HTTP/1.1" 200 27
42.236.10.90 - - [21/Mar/2021:09:45:14 +0800] "GET /xingrg/index.html?costTime=34&sysBaseUrl=http://180.169.147.146:18081/xingrg/×tamp=1585622960984 HTTP/1.1" 302 -
42.236.10.79 - - [21/Mar/2021:09:45:14 +0800] "GET /xingrg/index.html?costTime=34&sysBaseUrl=http://180.169.147.146:18081/xingrg/×tamp=1585622960984 HTTP/1.1" 302 -
42.236.10.91 - - [21/Mar/2021:09:45:15 +0800] "GET /xingrg/index.html?costTime=34&sysBaseUrl=http://180.169.147.146:18081/xingrg/×tamp=1585622960984 HTTP/1.1" 302 -
42.236.10.70 - - [21/Mar/2021:09:45:15 +0800] "GET /xingrg/index.html?costTime=34&sysBaseUrl=http://180.169.147.146:18081/xingrg/×tamp=1585622960984 HTTP/1.1" 302 -
42.236.10.77 - - [21/Mar/2021:09:45:15 +0800] "GET /xingrg/index.html?costTime=34&sysBaseUrl=http://180.169.147.146:18081/xingrg/×tamp=1585622960984 HTTP/1.1" 302 -
42.236.10.105 - - [21/Mar/2021:09:45:15 +0800] "GET /xingrg/index.html?costTime=34&sysBaseUrl=http://180.169.147.146:18081/xingrg/×tamp=1585622960984 HTTP/1.1" 302 -
42.236.10.116 - - [21/Mar/2021:09:45:15 +0800] "GET /xingrg/index.html?costTime=34&sysBaseUrl=http://180.169.147.146:18081/xingrg/×tamp=1585622960984 HTTP/1.1" 302 -
42.236.10.103 - - [21/Mar/2021:09:45:15 +0800] "GET /xingrg/index.html?costTime=34&sysBaseUrl=http://180.169.147.146:18081/xingrg/×tamp=1585622960984 HTTP/1.1" 302 -
116.224.253.72 - - [21/Mar/2021:09:45:15 +0800] "POST /xingrg/kc/buy/cgsh_order_operate.html HTTP/1.1" 200 37
116.224.253.72 - - [21/Mar/2021:09:45:18 +0800] "POST /xingrg/kc/buy/cgsh_order_operate.html HTTP/1.1" 200 12
116.224.253.72 - - [21/Mar/2021:09:45:18 +0800] "GET /xingrg/kc/buy/cgsh_order_info.html?code=212021032109025 HTTP/1.1" 200 56930
116.224.253.72 - - [21/Mar/2021:09:45:19 +0800] "GET /xingrg/javascript/easyui/themes/default/validatebox.css HTTP/1.1" 404 1104
116.224.253.72 - - [21/Mar/2021:09:45:19 +0800] "POST /xingrg/kc/buy/cgsh_order_operate.html HTTP/1.1" 200 2386
116.224.253.72 - - [21/Mar/2021:09:45:20 +0800] "GET /xingrg/kc/print/load_data.html?order_code=212021032109025&kc_code=cgsh&condition= HTTP/1.1" 200 1379
101.228.165.174 - - [21/Mar/2021:09:45:21 +0800] "GET /xingrg/all/function/internal_message.html?_=1616291143216&CODE_STATE=getMsg HTTP/1.1" 200 27
101.228.165.174 - - [21/Mar/2021:09:45:21 +0800] "GET /xingrg/all/function/internal_message.html?_=1616291143551&CODE_STATE=getMsg HTTP/1.1" 200 27
116.224.253.72 - - [21/Mar/2021:09:45:21 +0800] "GET /xingrg/all/function/internal_message.html?_=1616291118044&CODE_STATE=getMsg HTTP/1.1" 200 27
222.70.217.33 - - [21/Mar/2021:09:45:25 +0800] "GET /xingrg/check_reg.html?_=1616291119421 HTTP/1.1" 200 22
58.37.230.33 - - [21/Mar/2021:09:45:27 +0800] "GET /xingrg/all/function/internal_message.html?_=1616291124190&CODE_STATE=getMsg HTTP/1.1" 200 27
58.37.230.33 - - [21/Mar/2021:09:45:27 +0800] "GET /xingrg/check_reg.html?_=1616291124193 HTTP/1.1" 200 22
180.152.227.142 - - [21/Mar/2021:09:45:28 +0800] "GET /xingrg/all/function/internal_message.html?_=1616291392253&CODE_STATE=getMsg HTTP/1.1" 200 27
117.131.5.26 - - [21/Mar/2021:09:45:31 +0800] "GET /xingrg/all/function/internal_message.html?_=1616291515650&CODE_STATE=getMsg HTTP/1.1" 200 27
101.229.174.197 - - [21/Mar/2021:09:45:33 +0800] "GET /xingrg/all/function/internal_message.html?_=1616291129672&CODE_STATE=getMsg HTTP/1.1" 302 -
116.224.253.72 - - [21/Mar/2021:09:45:40 +0800] "GET /xingrg/kc/buy/cgsh_order_list.html HTTP/1.1" 200 46372
116.224.253.72 - - [21/Mar/2021:09:45:40 +0800] "POST /xingrg/kc/buy/cgsh_list_operate.html HTTP/1.1" 200 876
116.224.253.72 - - [21/Mar/2021:09:45:44 +0800] "POST /xingrg/all/user/operate.html HTTP/1.1" 200 36
116.224.253.72 - - [21/Mar/2021:09:45:44 +0800] "GET /xingrg/index.html?sysBaseUrl=http%3A%2F%2F180.169.147.146%3A18081%2Fxingrg%2F&costTime=44×tamp=1616287130452 HTTP/1.1" 200 17177
116.224.253.72 - - [21/Mar/2021:09:45:44 +0800] "GET /xingrg/javascript/jquery_easy_ui/themes/default/easyui.css HTTP/1.1" 304 -
116.224.253.72 - - [21/Mar/2021:09:45:44 +0800] "GET /xingrg/javascript/jquery_easy_ui/themes/icon.css HTTP/1.1" 304 -
116.224.253.72 - - [21/Mar/2021:09:45:44 +0800] "GET /xingrg/css/form.css HTTP/1.1" 304 -
116.224.253.72 - - [21/Mar/2021:09:45:44 +0800] "GET /xingrg/javascript/jquery-1.4.2.min.js HTTP/1.1" 304 -
116.224.253.72 - - [21/Mar/2021:09:45:44 +0800] "GET /xingrg/javascript/jquery_easy_ui/jquery.easyui.min.js HTTP/1.1" 304 -
116.224.253.72 - - [21/Mar/2021:09:45:44 +0800] "GET /xingrg/javascript/jquery_easy_ui/easyui-lang-zh_CN.js HTTP/1.1" 304 -
116.224.253.72 - - [21/Mar/2021:09:45:44 +0800] "GET /xingrg/javascript/jquery.form.js HTTP/1.1" 304 -
116.224.253.72 - - [21/Mar/2021:09:45:44 +0800] "GET /xingrg/javascript/jquery.utils.js HTTP/1.1" 304 -
116.224.253.72 - - [21/Mar/2021:09:45:44 +0800] "GET /xingrg/javascript/jquery.timers.js HTTP/1.1" 304 -
116.224.253.72 - - [21/Mar/2021:09:45:44 +0800] "GET /xingrg/images/blue/jxLogo.png HTTP/1.1" 304 -
116.224.253.72 - - [21/Mar/2021:09:45:44 +0800] "GET /xingrg/images/blue/navBackgound.jpg HTTP/1.1" 304 -
116.224.253.72 - - [21/Mar/2021:09:45:44 +0800] "GET /xingrg/javascript/jquery_easy_ui/themes/icons/settle_new.png HTTP/1.1" 304 -
116.224.253.72 - - [21/Mar/2021:09:45:44 +0800] "POST /xingrg/all/common/load_tree.html?tree=area_rest_tree_json&manage=1 HTTP/1.1" 200 476
116.224.253.72 - - [21/Mar/2021:09:45:45 +0800] "GET /xingrg/all/function/internal_message.html?_=1616291141217&CODE_STATE=count HTTP/1.1" 200 11
116.224.253.72 - - [21/Mar/2021:09:45:45 +0800] "GET /xingrg/check_reg.html?_=1616291141218 HTTP/1.1" 200 22
116.224.253.72 - - [21/Mar/2021:09:45:45 +0800] "GET /xingrg/javascript/jquery_easy_ui/themes/default/images/panel_tool_collapse.gif HTTP/1.1" 304 -
116.224.253.72 - - [21/Mar/2021:09:45:45 +0800] "GET /xingrg/images/blue/pingpu.png HTTP/1.1" 304 -
116.224.253.72 - - [21/Mar/2021:09:45:45 +0800] "GET /xingrg/javascript/jquery_easy_ui/themes/default/images/tabs_rightarrow.png HTTP/1.1" 304 -
116.224.253.72 - - [21/Mar/2021:09:45:45 +0800] "GET /xingrg/javascript/jquery_easy_ui/themes/default/images/tabs_leftarrow.png HTTP/1.1" 304 -
116.224.253.72 - - [21/Mar/2021:09:45:45 +0800] "POST /xingrg/load_menu.html HTTP/1.1" 200 5138
116.224.253.72 - - [21/Mar/2021:09:45:46 +0800] "GET /xingrg/kc/buy/cgsh_order_list.html HTTP/1.1" 200 46370
116.224.253.72 - - [21/Mar/2021:09:45:49 +0800] "POST /xingrg/kc/buy/cgsh_list_operate.html HTTP/1.1" 200 2050
58.40.7.146 - - [21/Mar/2021:09:45:50 +0800] "GET /xingrg/all/function/internal_message.html?_=1616291146085&CODE_STATE=getMsg HTTP/1.1" 200 27
58.40.7.146 - - [21/Mar/2021:09:45:50 +0800] "GET /xingrg/check_reg.html?_=1616291146087 HTTP/1.1" 200 22
114.86.226.117 - - [21/Mar/2021:09:45:50 +0800] "GET /xingrg/all/function/internal_message.html?_=1616291146726&CODE_STATE=getMsg HTTP/1.1" 200 27
116.224.253.72 - - [21/Mar/2021:09:45:51 +0800] "POST /xingrg/kc/buy/cgsh_list_operate.html HTTP/1.1" 200 271
101.228.165.174 - - [21/Mar/2021:09:45:52 +0800] "GET /xingrg/all/function/internal_message.html?_=1616291170418&CODE_STATE=getMsg HTTP/1.1" 302 -
114.88.166.193 - - [21/Mar/2021:09:45:54 +0800] "GET /xingrg/check_reg.html?_=1616291149317 HTTP/1.1" 200 22
114.88.166.193 - - [21/Mar/2021:09:45:54 +0800] "GET /xingrg/all/function/internal_message.html?_=1616291149432&CODE_STATE=getMsg HTTP/1.1" 200 27
116.235.216.75 - - [21/Mar/2021:09:45:55 +0800] "GET /xingrg/all/function/internal_message.html?_=1616291151449&CODE_STATE=getMsg HTTP/1.1" 200 27
116.224.253.72 - - [21/Mar/2021:09:45:55 +0800] "GET /xingrg/kc/buy/cgsh_order_info.html?code=212021032109038 HTTP/1.1" 200 61755
116.235.216.75 - - [21/Mar/2021:09:45:55 +0800] "GET /xingrg/check_reg.html?_=1616291151917 HTTP/1.1" 200 22
116.224.253.72 - - [21/Mar/2021:09:45:56 +0800] "GET /xingrg/javascript/easyui/themes/default/validatebox.css HTTP/1.1" 404 1104
116.224.253.72 - - [21/Mar/2021:09:45:56 +0800] "POST /xingrg/kc/buy/cgsh_order_operate.html HTTP/1.1" 200 3251
180.169.147.146 - - [21/Mar/2021:09:45:57 +0800] "GET /xingrg/all/function/internal_message.html?_=1616291146131&CODE_STATE=getMsg HTTP/1.1" 200 27
116.224.253.72 - - [21/Mar/2021:09:45:58 +0800] "GET /xingrg/all/function/internal_message.html?_=1616291108257&CODE_STATE=getMsg HTTP/1.1" 200 27
61.165.42.208 - - [21/Mar/2021:09:46:00 +0800] "GET /xingrg/all/function/internal_message.html?_=1616291156620&CODE_STATE=getMsg HTTP/1.1" 200 27
114.86.187.76 - - [21/Mar/2021:09:46:02 +0800] "GET /xingrg/all/function/internal_message.html?_=1616291163295&CODE_STATE=getMsg HTTP/1.1" 200 27
180.152.227.142 - - [21/Mar/2021:09:46:03 +0800] "GET /xingrg/check_reg.html?_=1616291427510 HTTP/1.1" 200 22
101.228.165.174 - - [21/Mar/2021:09:46:04 +0800] "GET /xingrg/all/function/internal_message.html?_=1616291182726&CODE_STATE=getMsg HTTP/1.1" 302 -
116.224.253.72 - - [21/Mar/2021:09:46:04 +0800] "POST /xingrg/kc/buy/cgsh_order_operate.html HTTP/1.1" 200 37
120.253.135.82 - - [21/Mar/2021:09:46:05 +0800] "GET /xingrg/all/function/internal_message.html?_=1616290934801&CODE_STATE=getMsg HTTP/1.1" 200 27
101.228.165.174 - - [21/Mar/2021:09:46:06 +0800] "GET /xingrg/check_reg.html?_=1616291188241 HTTP/1.1" 200 22
116.224.253.72 - - [21/Mar/2021:09:46:07 +0800] "POST /xingrg/kc/buy/cgsh_order_operate.html HTTP/1.1" 200 12
101.228.165.174 - - [21/Mar/2021:09:46:07 +0800] "GET /xingrg/all/function/internal_message.html?_=1616291169047&CODE_STATE=getMsg HTTP/1.1" 200 27
116.224.253.72 - - [21/Mar/2021:09:46:07 +0800] "GET /xingrg/kc/buy/cgsh_order_info.html?code=212021032109038 HTTP/1.1" 200 56648
116.224.253.72 - - [21/Mar/2021:09:46:08 +0800] "GET /xingrg/javascript/easyui/themes/default/validatebox.css HTTP/1.1" 404 1104
116.224.253.72 - - [21/Mar/2021:09:46:08 +0800] "POST /xingrg/kc/buy/cgsh_order_operate.html HTTP/1.1" 200 1201
222.70.217.33 - - [21/Mar/2021:09:46:09 +0800] "GET /xingrg/all/function/internal_message.html?_=1616291162875&CODE_STATE=getMsg HTTP/1.1" 200 27
116.224.253.72 - - [21/Mar/2021:09:46:09 +0800] "GET /xingrg/kc/print/load_data.html?order_code=212021032109038&kc_code=cgsh&condition= HTTP/1.1" 200 926
114.83.220.15 - - [21/Mar/2021:09:46:12 +0800] "GET /xingrg/all/function/internal_message.html?_=1616291168028&CODE_STATE=getMsg HTTP/1.1" 200 27
180.169.147.146 - - [21/Mar/2021:09:46:13 +0800] "GET /xingrg/all/function/internal_message.html?_=1616291169693&CODE_STATE=getMsg HTTP/1.1" 200 27
116.224.253.72 - - [21/Mar/2021:09:46:17 +0800] "POST /xingrg/kc/buy/cgsh_list_operate.html HTTP/1.1" 200 562
116.224.253.72 - - [21/Mar/2021:09:46:18 +0800] "GET /xingrg/kc/buy/cgsh_order_info.html?code=212021032109040 HTTP/1.1" 200 61755
116.224.253.72 - - [21/Mar/2021:09:46:18 +0800] "GET /xingrg/javascript/easyui/themes/default/validatebox.css HTTP/1.1" 404 1104
116.224.253.72 - - [21/Mar/2021:09:46:18 +0800] "POST /xingrg/kc/buy/cgsh_order_operate.html HTTP/1.1" 200 20602
101.228.165.174 - - [21/Mar/2021:09:46:21 +0800] "GET /xingrg/all/function/internal_message.html?_=1616291203403&CODE_STATE=getMsg HTTP/1.1" 200 27
101.228.165.174 - - [21/Mar/2021:09:46:21 +0800] "GET /xingrg/all/function/internal_message.html?_=1616291203558&CODE_STATE=getMsg HTTP/1.1" 200 27
58.37.230.33 - - [21/Mar/2021:09:46:27 +0800] "GET /xingrg/all/function/internal_message.html?_=1616291184191&CODE_STATE=getMsg HTTP/1.1" 200 27
61.129.6.203 - - [21/Mar/2021:09:46:27 +0800] "GET /xingrg/check_reg.html?_=1616291124193 HTTP/1.1" 302 -
61.129.6.203 - - [21/Mar/2021:09:46:27 +0800] "GET /xingrg/login.html HTTP/1.1" 200 7641
180.152.227.142 - - [21/Mar/2021:09:46:28 +0800] "GET /xingrg/all/function/internal_message.html?_=1616291452267&CODE_STATE=getMsg HTTP/1.1" 200 27
180.152.227.142 - - [21/Mar/2021:09:46:31 +0800] "GET /xingrg/kc/buy/cgsh_order_add.html HTTP/1.1" 200 62063
117.131.5.26 - - [21/Mar/2021:09:46:31 +0800] "GET /xingrg/all/function/internal_message.html?_=1616291575667&CODE_STATE=getMsg HTTP/1.1" 200 27
180.152.227.142 - - [21/Mar/2021:09:46:32 +0800] "POST /xingrg/kc/buy/cgsh_order_operate.html HTTP/1.1" 200 8245
180.152.227.142 - - [21/Mar/2021:09:46:32 +0800] "GET /xingrg/javascript/easyui/themes/default/validatebox.css HTTP/1.1" 404 1104
101.229.174.197 - - [21/Mar/2021:09:46:33 +0800] "GET /xingrg/all/function/internal_message.html?_=1616291189663&CODE_STATE=getMsg HTTP/1.1" 302 -
114.86.230.114 - - [21/Mar/2021:09:46:38 +0800] "POST /xingrg/services/DataTransmitService HTTP/1.1" 200 524
114.86.230.114 - - [21/Mar/2021:09:46:38 +0800] "POST /xingrg/services/DataTransmitService HTTP/1.1" 200 501
101.228.165.174 - - [21/Mar/2021:09:46:39 +0800] "GET /xingrg/check_reg.html?_=1616291217772 HTTP/1.1" 302 -
116.224.253.72 - - [21/Mar/2021:09:46:45 +0800] "GET /xingrg/all/function/internal_message.html?_=1616291201226&CODE_STATE=getMsg HTTP/1.1" 200 27
58.40.7.146 - - [21/Mar/2021:09:46:50 +0800] "GET /xingrg/all/function/internal_message.html?_=1616291206088&CODE_STATE=getMsg HTTP/1.1" 200 27
114.86.226.117 - - [21/Mar/2021:09:46:50 +0800] "GET /xingrg/all/function/internal_message.html?_=1616291206730&CODE_STATE=getMsg HTTP/1.1" 200 27
101.228.165.174 - - [21/Mar/2021:09:46:51 +0800] "GET /xingrg/check_reg.html?_=1616291230065 HTTP/1.1" 302 -
101.228.165.174 - - [21/Mar/2021:09:46:52 +0800] "GET /xingrg/all/function/internal_message.html?_=1616291230434&CODE_STATE=getMsg HTTP/1.1" 302 -
114.88.166.193 - - [21/Mar/2021:09:46:54 +0800] "GET /xingrg/all/function/internal_message.html?_=1616291209447&CODE_STATE=getMsg HTTP/1.1" 200 27
116.235.216.75 - - [21/Mar/2021:09:46:55 +0800] "GET /xingrg/all/function/internal_message.html?_=1616291211433&CODE_STATE=getMsg HTTP/1.1" 200 27
180.169.147.146 - - [21/Mar/2021:09:46:57 +0800] "GET /xingrg/all/function/internal_message.html?_=1616291206131&CODE_STATE=getMsg HTTP/1.1" 200 27
180.152.227.142 - - [21/Mar/2021:09:46:58 +0800] "GET /xingrg/kc/buy/cgsh_order_operate.html?command=get_materiel&rest_code=00102&code=00101012025&supplier_code=00100151&order_time=2021-03-21 HTTP/1.1" 200 412
116.224.253.72 - - [21/Mar/2021:09:46:58 +0800] "GET /xingrg/all/function/internal_message.html?_=1616291168281&CODE_STATE=getMsg HTTP/1.1" 200 27
61.165.42.208 - - [21/Mar/2021:09:47:00 +0800] "GET /xingrg/all/function/internal_message.html?_=1616291216621&CODE_STATE=getMsg HTTP/1.1" 200 27
114.86.187.76 - - [21/Mar/2021:09:47:02 +0800] "GET /xingrg/all/function/internal_message.html?_=1616291223288&CODE_STATE=getMsg HTTP/1.1" 200 27
101.228.165.174 - - [21/Mar/2021:09:47:04 +0800] "GET /xingrg/all/function/internal_message.html?_=1616291242743&CODE_STATE=getMsg HTTP/1.1" 302 -
120.253.135.82 - - [21/Mar/2021:09:47:05 +0800] "GET /xingrg/all/function/internal_message.html?_=1616290994822&CODE_STATE=getMsg HTTP/1.1" 200 27
101.228.165.174 - - [21/Mar/2021:09:47:07 +0800] "GET /xingrg/all/function/internal_message.html?_=1616291229054&CODE_STATE=getMsg HTTP/1.1" 200 27
101.228.165.174 - - [21/Mar/2021:09:47:07 +0800] "GET /xingrg/check_reg.html?_=1616291229055 HTTP/1.1" 200 22
222.70.217.33 - - [21/Mar/2021:09:47:09 +0800] "GET /xingrg/all/function/internal_message.html?_=1616291222861&CODE_STATE=getMsg HTTP/1.1" 200 27
180.152.227.142 - - [21/Mar/2021:09:47:09 +0800] "GET /xingrg/kc/buy/cgsh_order_operate.html?command=get_materiel&rest_code=00102&code=00101008356&supplier_code=00100151&order_time=2021-03-21 HTTP/1.1" 200 408
114.83.220.15 - - [21/Mar/2021:09:47:12 +0800] "GET /xingrg/all/function/internal_message.html?_=1616291228040&CODE_STATE=getMsg HTTP/1.1" 200 27
180.169.147.146 - - [21/Mar/2021:09:47:13 +0800] "GET /xingrg/all/function/internal_message.html?_=1616291229693&CODE_STATE=getMsg HTTP/1.1" 200 27
180.152.227.142 - - [21/Mar/2021:09:47:16 +0800] "GET /xingrg/kc/buy/cgsh_order_operate.html?command=get_materiel&rest_code=00102&code=00101008027&supplier_code=00100151&order_time=2021-03-21 HTTP/1.1" 200 408
101.228.165.174 - - [21/Mar/2021:09:47:21 +0800] "GET /xingrg/all/function/internal_message.html?_=1616291263571&CODE_STATE=getMsg HTTP/1.1" 200 27
101.228.165.174 - - [21/Mar/2021:09:47:21 +0800] "GET /xingrg/all/function/internal_message.html?_=1616291263416&CODE_STATE=getMsg HTTP/1.1" 200 27
180.152.227.142 - - [21/Mar/2021:09:47:24 +0800] "GET /xingrg/kc/buy/cgsh_order_operate.html?command=get_materiel&rest_code=00102&code=00101008042&supplier_code=00100151&order_time=2021-03-21 HTTP/1.1" 200 435
58.37.230.33 - - [21/Mar/2021:09:47:27 +0800] "GET /xingrg/all/function/internal_message.html?_=1616291244195&CODE_STATE=getMsg HTTP/1.1" 200 27
180.152.227.142 - - [21/Mar/2021:09:47:28 +0800] "GET /xingrg/all/function/internal_message.html?_=1616291512280&CODE_STATE=getMsg HTTP/1.1" 200 27
58.37.192.63 - - [21/Mar/2021:09:47:32 +0800] "GET /xingrg/all/function/internal_message.html?_=1616291635805&CODE_STATE=getMsg HTTP/1.1" 200 27
101.229.174.197 - - [21/Mar/2021:09:47:33 +0800] "GET /xingrg/all/function/internal_message.html?_=1616291249663&CODE_STATE=getMsg HTTP/1.1" 302 -
116.224.253.72 - - [21/Mar/2021:09:47:45 +0800] "GET /xingrg/all/function/internal_message.html?_=1616291261238&CODE_STATE=getMsg HTTP/1.1" 200 27
116.224.253.72 - - [21/Mar/2021:09:47:46 +0800] "GET /xingrg/check_reg.html?_=1616291216385 HTTP/1.1" 200 22
58.40.7.146 - - [21/Mar/2021:09:47:50 +0800] "GET /xingrg/all/function/internal_message.html?_=1616291266090&CODE_STATE=getMsg HTTP/1.1" 200 27
114.86.226.117 - - [21/Mar/2021:09:47:50 +0800] "GET /xingrg/all/function/internal_message.html?_=1616291266730&CODE_STATE=getMsg HTTP/1.1" 200 27
58.37.192.63 - - [21/Mar/2021:09:47:52 +0800] "GET /xingrg/check_reg.html?_=1616291656132 HTTP/1.1" 200 22
101.228.165.174 - - [21/Mar/2021:09:47:52 +0800] "GET /xingrg/all/function/internal_message.html?_=1616291290445&CODE_STATE=getMsg HTTP/1.1" 302 -
114.88.166.193 - - [21/Mar/2021:09:47:54 +0800] "GET /xingrg/all/function/internal_message.html?_=1616291269460&CODE_STATE=getMsg HTTP/1.1" 200 27
116.235.216.75 - - [21/Mar/2021:09:47:55 +0800] "GET /xingrg/all/function/internal_message.html?_=1616291271416&CODE_STATE=getMsg HTTP/1.1" 200 27
180.169.147.146 - - [21/Mar/2021:09:47:57 +0800] "GET /xingrg/all/function/internal_message.html?_=1616291266127&CODE_STATE=getMsg HTTP/1.1" 200 27
116.224.253.72 - - [21/Mar/2021:09:47:58 +0800] "GET /xingrg/all/function/internal_message.html?_=1616291228284&CODE_STATE=getMsg HTTP/1.1" 200 27
61.165.42.208 - - [21/Mar/2021:09:48:00 +0800] "GET /xingrg/all/function/internal_message.html?_=1616291276649&CODE_STATE=getMsg HTTP/1.1" 200 27
61.165.42.208 - - [21/Mar/2021:09:48:00 +0800] "GET /xingrg/check_reg.html?_=1616291276652 HTTP/1.1" 200 22
114.86.187.76 - - [21/Mar/2021:09:48:01 +0800] "GET /xingrg/all/function/internal_message.html?_=1616291283269&CODE_STATE=getMsg HTTP/1.1" 200 27
101.228.165.174 - - [21/Mar/2021:09:48:03 +0800] "GET /xingrg/check_reg.html?_=1616291305213 HTTP/1.1" 200 22
101.228.165.174 - - [21/Mar/2021:09:48:04 +0800] "GET /xingrg/all/function/internal_message.html?_=1616291302753&CODE_STATE=getMsg HTTP/1.1" 302 -
120.253.135.82 - - [21/Mar/2021:09:48:05 +0800] "GET /xingrg/all/function/internal_message.html?_=1616291054829&CODE_STATE=getMsg HTTP/1.1" 200 27
101.228.165.174 - - [21/Mar/2021:09:48:07 +0800] "GET /xingrg/all/function/internal_message.html?_=1616291289054&CODE_STATE=getMsg HTTP/1.1" 200 27
222.70.217.33 - - [21/Mar/2021:09:48:09 +0800] "GET /xingrg/all/function/internal_message.html?_=1616291282847&CODE_STATE=getMsg HTTP/1.1" 200 27
114.83.220.15 - - [21/Mar/2021:09:48:12 +0800] "GET /xingrg/check_reg.html?_=1616291288041 HTTP/1.1" 200 22
114.83.220.15 - - [21/Mar/2021:09:48:12 +0800] "GET /xingrg/all/function/internal_message.html?_=1616291288043&CODE_STATE=getMsg HTTP/1.1" 200 27
180.169.147.146 - - [21/Mar/2021:09:48:13 +0800] "GET /xingrg/all/function/internal_message.html?_=1616291289696&CODE_STATE=getMsg HTTP/1.1" 200 27
180.152.227.142 - - [21/Mar/2021:09:48:14 +0800] "GET /xingrg/kc/buy/cgsh_order_operate.html?command=get_materiel&rest_code=00102&code=00101002027&supplier_code=00100151&order_time=2021-03-21 HTTP/1.1" 200 436
101.228.165.174 - - [21/Mar/2021:09:48:21 +0800] "GET /xingrg/all/function/internal_message.html?_=1616291323601&CODE_STATE=getMsg HTTP/1.1" 200 27
101.228.165.174 - - [21/Mar/2021:09:48:21 +0800] "GET /xingrg/all/function/internal_message.html?_=1616291323594&CODE_STATE=getMsg HTTP/1.1" 200 27
180.152.227.142 - - [21/Mar/2021:09:48:23 +0800] "GET /xingrg/kc/buy/cgsh_order_operate.html?command=get_materiel&rest_code=00102&code=00101005037&supplier_code=00100151&order_time=2021-03-21 HTTP/1.1" 200 409
117.184.7.30 - - [21/Mar/2021:09:48:24 +0800] "GET /xingrg/login.html HTTP/1.1" 200 7641
58.37.230.33 - - [21/Mar/2021:09:48:27 +0800] "GET /xingrg/all/function/internal_message.html?_=1616291304196&CODE_STATE=getMsg HTTP/1.1" 200 27
117.184.7.30 - - [21/Mar/2021:09:48:28 +0800] "GET /favicon.ico HTTP/1.1" 404 -
180.152.227.142 - - [21/Mar/2021:09:48:28 +0800] "GET /xingrg/all/function/internal_message.html?_=1616291572293&CODE_STATE=getMsg HTTP/1.1" 200 27
58.37.192.63 - - [21/Mar/2021:09:48:32 +0800] "GET /xingrg/all/function/internal_message.html?_=1616291695824&CODE_STATE=getMsg HTTP/1.1" 200 27
101.229.174.197 - - [21/Mar/2021:09:48:33 +0800] "GET /xingrg/all/function/internal_message.html?_=1616291309661&CODE_STATE=getMsg HTTP/1.1" 302 -
117.184.7.30 - - [21/Mar/2021:09:48:40 +0800] "POST /xingrg/login.do HTTP/1.1" 302 -
117.184.7.30 - - [21/Mar/2021:09:48:40 +0800] "GET /xingrg/index.html?sysBaseUrl=http%3A%2F%2F180.169.147.146%3A18081%2Fxingrg%2F&costTime=44×tamp=1616291320603 HTTP/1.1" 200 17179
117.184.7.30 - - [21/Mar/2021:09:48:41 +0800] "GET /favicon.ico HTTP/1.1" 404 -
117.184.7.30 - - [21/Mar/2021:09:48:42 +0800] "POST /xingrg/all/common/load_tree.html?tree=area_rest_tree_json&manage=1 HTTP/1.1" 200 470
117.184.7.30 - - [21/Mar/2021:09:48:42 +0800] "GET /xingrg/all/function/internal_message.html?_=1616291318801&CODE_STATE=count HTTP/1.1" 200 11
117.184.7.30 - - [21/Mar/2021:09:48:43 +0800] "GET /xingrg/check_reg.html?_=1616291318803 HTTP/1.1" 200 22
117.184.7.30 - - [21/Mar/2021:09:48:43 +0800] "POST /xingrg/load_menu.html HTTP/1.1" 200 5138
116.224.253.72 - - [21/Mar/2021:09:48:45 +0800] "GET /xingrg/all/function/internal_message.html?_=1616291321241&CODE_STATE=getMsg HTTP/1.1" 200 27
58.40.7.146 - - [21/Mar/2021:09:48:50 +0800] "GET /xingrg/all/function/internal_message.html?_=1616291326093&CODE_STATE=getMsg HTTP/1.1" 200 27
114.86.226.117 - - [21/Mar/2021:09:48:50 +0800] "GET /xingrg/all/function/internal_message.html?_=1616291326732&CODE_STATE=getMsg HTTP/1.1" 200 27
101.228.165.174 - - [21/Mar/2021:09:48:52 +0800] "GET /xingrg/all/function/internal_message.html?_=1616291350463&CODE_STATE=getMsg HTTP/1.1" 302 -
114.88.166.193 - - [21/Mar/2021:09:48:55 +0800] "GET /xingrg/all/function/internal_message.html?_=1616291329622&CODE_STATE=getMsg HTTP/1.1" 200 27
116.235.216.75 - - [21/Mar/2021:09:48:55 +0800] "GET /xingrg/all/function/internal_message.html?_=1616291331398&CODE_STATE=getMsg HTTP/1.1" 200 27
180.169.147.146 - - [21/Mar/2021:09:48:57 +0800] "GET /xingrg/check_reg.html?_=1616291326125 HTTP/1.1" 200 22
180.169.147.146 - - [21/Mar/2021:09:48:57 +0800] "GET /xingrg/all/function/internal_message.html?_=1616291326126&CODE_STATE=getMsg HTTP/1.1" 200 27
116.224.253.72 - - [21/Mar/2021:09:48:58 +0800] "GET /xingrg/all/function/internal_message.html?_=1616291288297&CODE_STATE=getMsg HTTP/1.1" 200 27
61.165.42.208 - - [21/Mar/2021:09:49:00 +0800] "GET /xingrg/all/function/internal_message.html?_=1616291336652&CODE_STATE=getMsg HTTP/1.1" 200 27
114.86.187.76 - - [21/Mar/2021:09:49:01 +0800] "GET /xingrg/all/function/internal_message.html?_=1616291343252&CODE_STATE=getMsg HTTP/1.1" 200 27
114.86.187.76 - - [21/Mar/2021:09:49:02 +0800] "GET /xingrg/check_reg.html?_=1616291343330 HTTP/1.1" 200 22
101.228.165.174 - - [21/Mar/2021:09:49:04 +0800] "GET /xingrg/all/function/internal_message.html?_=1616291362771&CODE_STATE=getMsg HTTP/1.1" 302 -
120.253.135.82 - - [21/Mar/2021:09:49:05 +0800] "GET /xingrg/check_reg.html?_=1616291114546 HTTP/1.1" 200 22
120.253.135.82 - - [21/Mar/2021:09:49:05 +0800] "GET /xingrg/all/function/internal_message.html?_=1616291114841&CODE_STATE=getMsg HTTP/1.1" 200 27
101.228.165.174 - - [21/Mar/2021:09:49:07 +0800] "GET /xingrg/all/function/internal_message.html?_=1616291349054&CODE_STATE=getMsg HTTP/1.1" 200 27
180.152.227.142 - - [21/Mar/2021:09:49:09 +0800] "GET /xingrg/kc/buy/cgsh_order_operate.html?command=get_materiel&rest_code=00102&code=00101008358&supplier_code=00100151&order_time=2021-03-21 HTTP/1.1" 200 412
222.70.217.33 - - [21/Mar/2021:09:49:09 +0800] "GET /xingrg/all/function/internal_message.html?_=1616291342832&CODE_STATE=getMsg HTTP/1.1" 200 27
114.83.220.15 - - [21/Mar/2021:09:49:12 +0800] "GET /xingrg/all/function/internal_message.html?_=1616291348041&CODE_STATE=getMsg HTTP/1.1" 200 27
180.169.147.146 - - [21/Mar/2021:09:49:13 +0800] "GET /xingrg/check_reg.html?_=1616291349696 HTTP/1.1" 200 22
180.169.147.146 - - [21/Mar/2021:09:49:13 +0800] "GET /xingrg/all/function/internal_message.html?_=1616291349699&CODE_STATE=getMsg HTTP/1.1" 200 27
101.228.165.174 - - [21/Mar/2021:09:49:21 +0800] "GET /xingrg/all/function/internal_message.html?_=1616291383599&CODE_STATE=getMsg HTTP/1.1" 200 27
