114.88.166.193 - - [21/Mar/2021:08:54:27 +0800] "GET /xingrg/javascript/easyui/themes/default/validatebox.css HTTP/1.1" 404 1104
114.88.166.193 - - [21/Mar/2021:08:54:27 +0800] "GET /xingrg/javascript/easyui/plugins/jquery.validatebox.js HTTP/1.1" 304 -
114.88.166.193 - - [21/Mar/2021:08:54:27 +0800] "GET /xingrg/javascript/easyui/plugins/jquery.numberbox.js HTTP/1.1" 304 -
117.131.5.26 - - [21/Mar/2021:08:54:28 +0800] "GET /xingrg/all/function/internal_message.html?_=1616288452660&CODE_STATE=getMsg HTTP/1.1" 200 27
114.88.166.193 - - [21/Mar/2021:08:54:31 +0800] "GET /xingrg/javascript/auto/indicator.gif HTTP/1.1" 404 1066
114.88.166.193 - - [21/Mar/2021:08:54:32 +0800] "GET /xingrg/javascript/jquery_tools/images/prev.gif HTTP/1.1" 404 1086
114.88.166.193 - - [21/Mar/2021:08:54:32 +0800] "GET /xingrg/javascript/jquery_tools/images/next.gif HTTP/1.1" 404 1086
101.229.174.197 - - [21/Mar/2021:08:54:33 +0800] "GET /xingrg/check_reg.html?_=1616288069623 HTTP/1.1" 302 -
101.229.174.197 - - [21/Mar/2021:08:54:33 +0800] "GET /xingrg/all/function/internal_message.html?_=1616288069625&CODE_STATE=getMsg HTTP/1.1" 302 -
114.88.166.193 - - [21/Mar/2021:08:54:38 +0800] "GET /xingrg/kc/buy/cgsh_order_operate.html?command=get_materiel&rest_code=00111&code=00101006055&supplier_code=00100012&order_time=2021-03-21 HTTP/1.1" 200 409
61.165.42.208 - - [21/Mar/2021:08:54:43 +0800] "GET /xingrg/kc/buy/cgsh_order_operate.html?command=get_materiel&rest_code=00105&code=00101008137&supplier_code=00100203&order_time=2021-03-21 HTTP/1.1" 200 408
114.88.166.193 - - [21/Mar/2021:08:54:46 +0800] "GET /xingrg/all/function/internal_message.html?_=1616288081144&CODE_STATE=getMsg HTTP/1.1" 200 27
114.83.220.15 - - [21/Mar/2021:08:54:50 +0800] "GET /xingrg/kc/buy/cgsh_order_operate.html?command=get_materiel&rest_code=00149&code=00101007055&supplier_code=00100205&order_time=2021-03-21 HTTP/1.1" 200 411
58.40.7.146 - - [21/Mar/2021:08:54:50 +0800] "GET /xingrg/all/function/internal_message.html?_=1616288086045&CODE_STATE=getMsg HTTP/1.1" 200 27
101.228.165.174 - - [21/Mar/2021:08:54:51 +0800] "GET /xingrg/all/function/internal_message.html?_=1616288109729&CODE_STATE=getMsg HTTP/1.1" 302 -
61.165.42.208 - - [21/Mar/2021:08:54:52 +0800] "GET /xingrg/kc/buy/cgsh_order_operate.html?command=get_materiel&rest_code=00105&code=00101008069&supplier_code=00100203&order_time=2021-03-21 HTTP/1.1" 200 412
114.88.166.193 - - [21/Mar/2021:08:54:54 +0800] "GET /xingrg/kc/buy/cgsh_order_operate.html?command=get_materiel&rest_code=00111&code=00101006065&supplier_code=00100012&order_time=2021-03-21 HTTP/1.1" 200 409
116.235.216.75 - - [21/Mar/2021:08:54:55 +0800] "GET /xingrg/all/function/internal_message.html?_=1616288091500&CODE_STATE=getMsg HTTP/1.1" 200 27
61.165.42.208 - - [21/Mar/2021:08:54:56 +0800] "POST /xingrg/kc/buy/cgsh_order_operate.html HTTP/1.1" 200 2065
116.224.253.72 - - [21/Mar/2021:08:54:57 +0800] "GET /xingrg/all/function/internal_message.html?_=1616288047514&CODE_STATE=getMsg HTTP/1.1" 200 27
61.165.42.208 - - [21/Mar/2021:08:54:58 +0800] "POST /xingrg/kc/buy/cgsh_order_operate.html HTTP/1.1" 200 2065
61.165.42.208 - - [21/Mar/2021:08:55:00 +0800] "GET /xingrg/all/function/internal_message.html?_=1616288096662&CODE_STATE=getMsg HTTP/1.1" 200 27
114.83.220.15 - - [21/Mar/2021:08:55:00 +0800] "GET /xingrg/kc/buy/cgsh_order_operate.html?command=get_materiel&rest_code=00149&code=00101007061&supplier_code=00100205&order_time=2021-03-21 HTTP/1.1" 200 409
61.165.42.208 - - [21/Mar/2021:08:55:01 +0800] "POST /xingrg/kc/buy/cgsh_order_operate.html HTTP/1.1" 200 2065
101.228.165.174 - - [21/Mar/2021:08:55:04 +0800] "GET /xingrg/all/function/internal_message.html?_=1616288122022&CODE_STATE=getMsg HTTP/1.1" 302 -
114.88.166.193 - - [21/Mar/2021:08:55:05 +0800] "GET /xingrg/kc/buy/cgsh_order_operate.html?command=get_materiel&rest_code=00111&code=00101006056&supplier_code=00100012&order_time=2021-03-21 HTTP/1.1" 200 413
101.228.165.174 - - [21/Mar/2021:08:55:07 +0800] "GET /xingrg/all/function/internal_message.html?_=1616288109002&CODE_STATE=getMsg HTTP/1.1" 200 27
114.83.220.15 - - [21/Mar/2021:08:55:09 +0800] "GET /xingrg/kc/buy/cgsh_order_operate.html?command=get_materiel&rest_code=00149&code=00101007048&supplier_code=00100205&order_time=2021-03-21 HTTP/1.1" 200 408
222.70.217.33 - - [21/Mar/2021:08:55:10 +0800] "GET /xingrg/all/function/internal_message.html?_=1616288104032&CODE_STATE=getMsg HTTP/1.1" 200 27
114.83.220.15 - - [21/Mar/2021:08:55:12 +0800] "GET /xingrg/all/function/internal_message.html?_=1616288108021&CODE_STATE=getMsg HTTP/1.1" 200 27
114.83.220.15 - - [21/Mar/2021:08:55:18 +0800] "GET /xingrg/kc/buy/cgsh_order_operate.html?command=get_materiel&rest_code=00149&code=00101007059&supplier_code=00100205&order_time=2021-03-21 HTTP/1.1" 200 411
61.165.42.208 - - [21/Mar/2021:08:55:19 +0800] "GET /xingrg/kc/buy/cgsh_order_operate.html?command=get_materiel&rest_code=00105&code=00101008108&supplier_code=00100203&order_time=2021-03-21 HTTP/1.1" 200 412
101.228.165.174 - - [21/Mar/2021:08:55:20 +0800] "GET /xingrg/all/function/internal_message.html?_=1616288141793&CODE_STATE=getMsg HTTP/1.1" 200 27
101.228.165.174 - - [21/Mar/2021:08:55:21 +0800] "GET /xingrg/all/function/internal_message.html?_=1616288142872&CODE_STATE=getMsg HTTP/1.1" 200 27
222.70.217.33 - - [21/Mar/2021:08:55:25 +0800] "GET /xingrg/check_reg.html?_=1616288119409 HTTP/1.1" 200 22
116.224.253.72 - - [21/Mar/2021:08:55:25 +0800] "GET /xingrg/all/function/internal_message.html?_=1616288122148&CODE_STATE=getMsg HTTP/1.1" 200 27
114.88.166.193 - - [21/Mar/2021:08:55:27 +0800] "GET /xingrg/kc/buy/cgsh_order_operate.html?command=get_materiel&rest_code=00111&code=00101006111&supplier_code=00100012&order_time=2021-03-21 HTTP/1.1" 200 409
117.131.5.26 - - [21/Mar/2021:08:55:28 +0800] "GET /xingrg/all/function/internal_message.html?_=1616288512778&CODE_STATE=getMsg HTTP/1.1" 200 27
114.83.220.15 - - [21/Mar/2021:08:55:30 +0800] "POST /xingrg/kc/buy/cgsh_order_operate.html HTTP/1.1" 200 37
101.229.174.197 - - [21/Mar/2021:08:55:33 +0800] "GET /xingrg/all/function/internal_message.html?_=1616288129634&CODE_STATE=getMsg HTTP/1.1" 302 -
114.83.220.15 - - [21/Mar/2021:08:55:33 +0800] "POST /xingrg/kc/buy/cgsh_order_operate.html HTTP/1.1" 200 12
114.83.220.15 - - [21/Mar/2021:08:55:37 +0800] "GET /xingrg/kc/buy/cgsh_order_info.html?code=212021032109029 HTTP/1.1" 200 57057
114.88.166.193 - - [21/Mar/2021:08:55:37 +0800] "GET /xingrg/kc/buy/cgsh_order_operate.html?command=get_materiel&rest_code=00111&code=00101006177&supplier_code=00100012&order_time=2021-03-21 HTTP/1.1" 200 409
114.83.220.15 - - [21/Mar/2021:08:55:37 +0800] "GET /xingrg/javascript/easyui/themes/default/validatebox.css HTTP/1.1" 404 1104
114.83.220.15 - - [21/Mar/2021:08:55:37 +0800] "POST /xingrg/kc/buy/cgsh_order_operate.html HTTP/1.1" 200 2374
61.165.42.208 - - [21/Mar/2021:08:55:40 +0800] "GET /xingrg/kc/buy/cgsh_order_operate.html?command=get_materiel&rest_code=00105&code=00101008213&supplier_code=00100203&order_time=2021-03-21 HTTP/1.1" 200 412
114.83.220.15 - - [21/Mar/2021:08:55:41 +0800] "GET /xingrg/kc/print/load_data.html?order_code=212021032109029&kc_code=cgsh&condition= HTTP/1.1" 200 1361
114.88.166.193 - - [21/Mar/2021:08:55:46 +0800] "GET /xingrg/all/function/internal_message.html?_=1616288141156&CODE_STATE=getMsg HTTP/1.1" 200 27
58.40.7.146 - - [21/Mar/2021:08:55:50 +0800] "GET /xingrg/all/function/internal_message.html?_=1616288146047&CODE_STATE=getMsg HTTP/1.1" 200 27
58.40.7.146 - - [21/Mar/2021:08:55:50 +0800] "GET /xingrg/check_reg.html?_=1616288146049 HTTP/1.1" 200 22
61.165.42.208 - - [21/Mar/2021:08:55:51 +0800] "GET /xingrg/kc/buy/cgsh_order_operate.html?command=get_materiel&rest_code=00105&code=00101008277&supplier_code=00100203&order_time=2021-03-21 HTTP/1.1" 200 412
101.228.165.174 - - [21/Mar/2021:08:55:51 +0800] "GET /xingrg/all/function/internal_message.html?_=1616288169739&CODE_STATE=getMsg HTTP/1.1" 302 -
114.88.166.193 - - [21/Mar/2021:08:55:55 +0800] "GET /xingrg/kc/buy/cgsh_order_operate.html?command=get_materiel&rest_code=00111&code=00101006006&supplier_code=00100012&order_time=2021-03-21 HTTP/1.1" 200 409
116.235.216.75 - - [21/Mar/2021:08:55:55 +0800] "GET /xingrg/check_reg.html?_=1616288151477 HTTP/1.1" 200 22
116.235.216.75 - - [21/Mar/2021:08:55:55 +0800] "GET /xingrg/all/function/internal_message.html?_=1616288151480&CODE_STATE=getMsg HTTP/1.1" 200 27
116.224.253.72 - - [21/Mar/2021:08:55:57 +0800] "GET /xingrg/all/function/internal_message.html?_=1616288107532&CODE_STATE=getMsg HTTP/1.1" 200 27
61.165.42.208 - - [21/Mar/2021:08:56:00 +0800] "GET /xingrg/all/function/internal_message.html?_=1616288156639&CODE_STATE=getMsg HTTP/1.1" 200 27
61.165.42.208 - - [21/Mar/2021:08:56:03 +0800] "GET /xingrg/kc/buy/cgsh_order_operate.html?command=get_materiel&rest_code=00105&code=00101008161&supplier_code=00100203&order_time=2021-03-21 HTTP/1.1" 200 409
101.228.165.174 - - [21/Mar/2021:08:56:04 +0800] "GET /xingrg/all/function/internal_message.html?_=1616288182031&CODE_STATE=getMsg HTTP/1.1" 302 -
101.228.165.174 - - [21/Mar/2021:08:56:06 +0800] "GET /xingrg/check_reg.html?_=1616288188183 HTTP/1.1" 200 22
101.228.165.174 - - [21/Mar/2021:08:56:07 +0800] "GET /xingrg/all/function/internal_message.html?_=1616288169001&CODE_STATE=getMsg HTTP/1.1" 200 27
114.88.166.193 - - [21/Mar/2021:08:56:10 +0800] "POST /xingrg/kc/buy/cgsh_order_operate.html HTTP/1.1" 200 37
222.70.217.33 - - [21/Mar/2021:08:56:10 +0800] "GET /xingrg/all/function/internal_message.html?_=1616288164004&CODE_STATE=getMsg HTTP/1.1" 200 27
114.83.220.15 - - [21/Mar/2021:08:56:12 +0800] "GET /xingrg/all/function/internal_message.html?_=1616288168003&CODE_STATE=getMsg HTTP/1.1" 200 27
114.88.166.193 - - [21/Mar/2021:08:56:12 +0800] "POST /xingrg/kc/buy/cgsh_order_operate.html HTTP/1.1" 200 5605
114.88.166.193 - - [21/Mar/2021:08:56:14 +0800] "GET /xingrg/kc/print/load_config.html?kc_code=cgsh HTTP/1.1" 200 1845
114.88.166.193 - - [21/Mar/2021:08:56:14 +0800] "GET /xingrg/kc/print/load_data.html?order_code=212021032109030&kc_code=cgsh&condition= HTTP/1.1" 200 1875
61.165.42.208 - - [21/Mar/2021:08:56:17 +0800] "GET /xingrg/kc/buy/cgsh_order_operate.html?command=get_materiel&rest_code=00105&code=00101008274&supplier_code=00100203&order_time=2021-03-21 HTTP/1.1" 200 412
101.228.165.174 - - [21/Mar/2021:08:56:20 +0800] "GET /xingrg/all/function/internal_message.html?_=1616288201803&CODE_STATE=getMsg HTTP/1.1" 200 27
101.228.165.174 - - [21/Mar/2021:08:56:21 +0800] "GET /xingrg/all/function/internal_message.html?_=1616288202878&CODE_STATE=getMsg HTTP/1.1" 200 27
61.165.42.208 - - [21/Mar/2021:08:56:24 +0800] "GET /xingrg/kc/buy/cgsh_order_operate.html?command=get_materiel&rest_code=00105&code=00101008306&supplier_code=00100203&order_time=2021-03-21 HTTP/1.1" 200 412
116.224.253.72 - - [21/Mar/2021:08:56:25 +0800] "GET /xingrg/check_reg.html?_=1616288182175 HTTP/1.1" 200 22
116.224.253.72 - - [21/Mar/2021:08:56:25 +0800] "GET /xingrg/all/function/internal_message.html?_=1616288182179&CODE_STATE=getMsg HTTP/1.1" 200 27
117.131.5.26 - - [21/Mar/2021:08:56:28 +0800] "GET /xingrg/all/function/internal_message.html?_=1616288572801&CODE_STATE=getMsg HTTP/1.1" 200 27
101.229.174.197 - - [21/Mar/2021:08:56:33 +0800] "GET /xingrg/all/function/internal_message.html?_=1616288189620&CODE_STATE=getMsg HTTP/1.1" 302 -
101.228.165.174 - - [21/Mar/2021:08:56:39 +0800] "GET /xingrg/check_reg.html?_=1616288217717 HTTP/1.1" 302 -
61.165.42.208 - - [21/Mar/2021:08:56:40 +0800] "GET /xingrg/kc/buy/cgsh_order_operate.html?command=get_materiel&rest_code=00105&code=00101008242&supplier_code=00100203&order_time=2021-03-21 HTTP/1.1" 200 408
180.152.227.142 - - [21/Mar/2021:08:56:44 +0800] "GET /xingrg/check_reg.html?_=1616288456760 HTTP/1.1" 302 -
180.152.227.142 - - [21/Mar/2021:08:56:45 +0800] "GET /xingrg/login.html HTTP/1.1" 200 7641
114.88.166.193 - - [21/Mar/2021:08:56:46 +0800] "GET /xingrg/all/function/internal_message.html?_=1616288201207&CODE_STATE=getMsg HTTP/1.1" 200 27
58.40.7.146 - - [21/Mar/2021:08:56:50 +0800] "GET /xingrg/all/function/internal_message.html?_=1616288206050&CODE_STATE=getMsg HTTP/1.1" 200 27
101.228.165.174 - - [21/Mar/2021:08:56:51 +0800] "GET /xingrg/all/function/internal_message.html?_=1616288229755&CODE_STATE=getMsg HTTP/1.1" 302 -
101.228.165.174 - - [21/Mar/2021:08:56:51 +0800] "GET /xingrg/check_reg.html?_=1616288230011 HTTP/1.1" 302 -
116.235.216.75 - - [21/Mar/2021:08:56:55 +0800] "GET /xingrg/all/function/internal_message.html?_=1616288211480&CODE_STATE=getMsg HTTP/1.1" 200 27
61.165.42.208 - - [21/Mar/2021:08:56:56 +0800] "GET /xingrg/kc/buy/cgsh_order_operate.html?command=get_materiel&rest_code=00105&code=00101008350&supplier_code=00100203&order_time=2021-03-21 HTTP/1.1" 200 408
116.224.253.72 - - [21/Mar/2021:08:56:57 +0800] "GET /xingrg/all/function/internal_message.html?_=1616288167556&CODE_STATE=getMsg HTTP/1.1" 200 27
61.165.42.208 - - [21/Mar/2021:08:57:00 +0800] "GET /xingrg/all/function/internal_message.html?_=1616288216661&CODE_STATE=getMsg HTTP/1.1" 200 27
114.83.220.15 - - [21/Mar/2021:08:57:04 +0800] "GET /xingrg/kc/buy/cgsh_order_add.html HTTP/1.1" 200 62157
101.228.165.174 - - [21/Mar/2021:08:57:04 +0800] "GET /xingrg/all/function/internal_message.html?_=1616288242048&CODE_STATE=getMsg HTTP/1.1" 302 -
114.83.220.15 - - [21/Mar/2021:08:57:04 +0800] "GET /xingrg/javascript/easyui/themes/default/validatebox.css HTTP/1.1" 404 1104
114.83.220.15 - - [21/Mar/2021:08:57:04 +0800] "POST /xingrg/kc/buy/cgsh_order_operate.html HTTP/1.1" 200 8245
101.228.165.174 - - [21/Mar/2021:08:57:07 +0800] "GET /xingrg/all/function/internal_message.html?_=1616288229000&CODE_STATE=getMsg HTTP/1.1" 200 27
101.228.165.174 - - [21/Mar/2021:08:57:07 +0800] "GET /xingrg/check_reg.html?_=1616288229001 HTTP/1.1" 200 22
222.70.217.33 - - [21/Mar/2021:08:57:10 +0800] "GET /xingrg/all/function/internal_message.html?_=1616288223976&CODE_STATE=getMsg HTTP/1.1" 200 27
114.83.220.15 - - [21/Mar/2021:08:57:12 +0800] "GET /xingrg/all/function/internal_message.html?_=1616288227990&CODE_STATE=getMsg HTTP/1.1" 200 27
61.165.42.208 - - [21/Mar/2021:08:57:17 +0800] "POST /xingrg/kc/buy/cgsh_order_operate.html HTTP/1.1" 200 2065
61.165.42.208 - - [21/Mar/2021:08:57:18 +0800] "POST /xingrg/kc/buy/cgsh_order_operate.html HTTP/1.1" 200 2065
101.228.165.174 - - [21/Mar/2021:08:57:20 +0800] "GET /xingrg/all/function/internal_message.html?_=1616288261835&CODE_STATE=getMsg HTTP/1.1" 200 27
101.228.165.174 - - [21/Mar/2021:08:57:21 +0800] "GET /xingrg/all/function/internal_message.html?_=1616288262892&CODE_STATE=getMsg HTTP/1.1" 200 27
116.224.253.72 - - [21/Mar/2021:08:57:25 +0800] "GET /xingrg/all/function/internal_message.html?_=1616288242170&CODE_STATE=getMsg HTTP/1.1" 200 27
61.165.42.208 - - [21/Mar/2021:08:57:28 +0800] "GET /xingrg/kc/buy/cgsh_order_operate.html?command=get_materiel&rest_code=00105&code=00101008112&supplier_code=00100203&order_time=2021-03-21 HTTP/1.1" 200 412
117.131.5.26 - - [21/Mar/2021:08:57:29 +0800] "GET /xingrg/all/function/internal_message.html?_=1616288632929&CODE_STATE=getMsg HTTP/1.1" 200 27
101.229.174.197 - - [21/Mar/2021:08:57:33 +0800] "GET /xingrg/all/function/internal_message.html?_=1616288249619&CODE_STATE=getMsg HTTP/1.1" 302 -
61.165.42.208 - - [21/Mar/2021:08:57:40 +0800] "GET /xingrg/kc/buy/cgsh_order_operate.html?command=get_materiel&rest_code=00105&code=00101008209&supplier_code=00100203&order_time=2021-03-21 HTTP/1.1" 200 408
116.224.253.72 - - [21/Mar/2021:08:57:46 +0800] "GET /xingrg/check_reg.html?_=1616288216328 HTTP/1.1" 200 22
114.88.166.193 - - [21/Mar/2021:08:57:46 +0800] "GET /xingrg/all/function/internal_message.html?_=1616288261214&CODE_STATE=getMsg HTTP/1.1" 200 27
61.165.42.208 - - [21/Mar/2021:08:57:48 +0800] "GET /xingrg/kc/buy/cgsh_order_operate.html?command=get_materiel&rest_code=00105&code=00101008172&supplier_code=00100203&order_time=2021-03-21 HTTP/1.1" 200 412
58.40.7.146 - - [21/Mar/2021:08:57:50 +0800] "GET /xingrg/all/function/internal_message.html?_=1616288266055&CODE_STATE=getMsg HTTP/1.1" 200 27
101.228.165.174 - - [21/Mar/2021:08:57:51 +0800] "GET /xingrg/all/function/internal_message.html?_=1616288289766&CODE_STATE=getMsg HTTP/1.1" 302 -
117.131.5.26 - - [21/Mar/2021:08:57:52 +0800] "GET /xingrg/check_reg.html?_=1616288656074 HTTP/1.1" 200 22
116.235.216.75 - - [21/Mar/2021:08:57:55 +0800] "GET /xingrg/all/function/internal_message.html?_=1616288271542&CODE_STATE=getMsg HTTP/1.1" 200 27
116.224.253.72 - - [21/Mar/2021:08:57:57 +0800] "GET /xingrg/all/function/internal_message.html?_=1616288227558&CODE_STATE=getMsg HTTP/1.1" 200 27
61.165.42.208 - - [21/Mar/2021:08:57:59 +0800] "GET /xingrg/kc/buy/cgsh_order_operate.html?command=get_materiel&rest_code=00105&code=00101008098&supplier_code=00100203&order_time=2021-03-21 HTTP/1.1" 200 412
61.165.42.208 - - [21/Mar/2021:08:58:00 +0800] "GET /xingrg/check_reg.html?_=1616288276600 HTTP/1.1" 200 22
61.165.42.208 - - [21/Mar/2021:08:58:00 +0800] "GET /xingrg/all/function/internal_message.html?_=1616288276749&CODE_STATE=getMsg HTTP/1.1" 200 27
101.228.165.174 - - [21/Mar/2021:08:58:03 +0800] "GET /xingrg/check_reg.html?_=1616288305153 HTTP/1.1" 200 22
101.228.165.174 - - [21/Mar/2021:08:58:04 +0800] "GET /xingrg/all/function/internal_message.html?_=1616288302059&CODE_STATE=getMsg HTTP/1.1" 302 -
101.228.165.174 - - [21/Mar/2021:08:58:07 +0800] "GET /xingrg/all/function/internal_message.html?_=1616288289005&CODE_STATE=getMsg HTTP/1.1" 200 27
222.70.217.33 - - [21/Mar/2021:08:58:10 +0800] "GET /xingrg/all/function/internal_message.html?_=1616288283961&CODE_STATE=getMsg HTTP/1.1" 200 27
114.83.220.15 - - [21/Mar/2021:08:58:11 +0800] "GET /xingrg/check_reg.html?_=1616288287974 HTTP/1.1" 200 22
114.83.220.15 - - [21/Mar/2021:08:58:12 +0800] "GET /xingrg/all/function/internal_message.html?_=1616288287978&CODE_STATE=getMsg HTTP/1.1" 200 27
61.165.42.208 - - [21/Mar/2021:08:58:18 +0800] "GET /xingrg/kc/buy/cgsh_order_operate.html?command=get_materiel&rest_code=00105&code=00101008114&supplier_code=00100203&order_time=2021-03-21 HTTP/1.1" 200 413
101.228.165.174 - - [21/Mar/2021:08:58:20 +0800] "GET /xingrg/all/function/internal_message.html?_=1616288321846&CODE_STATE=getMsg HTTP/1.1" 200 27
101.228.165.174 - - [21/Mar/2021:08:58:21 +0800] "GET /xingrg/all/function/internal_message.html?_=1616288322911&CODE_STATE=getMsg HTTP/1.1" 200 27
116.224.253.72 - - [21/Mar/2021:08:58:25 +0800] "GET /xingrg/all/function/internal_message.html?_=1616288302170&CODE_STATE=getMsg HTTP/1.1" 200 27
117.131.5.26 - - [21/Mar/2021:08:58:29 +0800] "GET /xingrg/all/function/internal_message.html?_=1616288692954&CODE_STATE=getMsg HTTP/1.1" 200 27
101.229.174.197 - - [21/Mar/2021:08:58:33 +0800] "GET /xingrg/all/function/internal_message.html?_=1616288309618&CODE_STATE=getMsg HTTP/1.1" 302 -
61.165.42.208 - - [21/Mar/2021:08:58:35 +0800] "GET /xingrg/kc/buy/cgsh_order_operate.html?command=get_materiel&rest_code=00105&code=00101008092&supplier_code=00100203&order_time=2021-03-21 HTTP/1.1" 200 412
61.165.42.208 - - [21/Mar/2021:08:58:43 +0800] "GET /xingrg/kc/buy/cgsh_order_operate.html?command=get_materiel&rest_code=00105&code=00101015032&supplier_code=00100203&order_time=2021-03-21 HTTP/1.1" 200 418
61.165.42.208 - - [21/Mar/2021:08:58:46 +0800] "POST /xingrg/kc/buy/cgsh_order_operate.html HTTP/1.1" 200 2065
114.88.166.193 - - [21/Mar/2021:08:58:46 +0800] "GET /xingrg/check_reg.html?_=1616288321041 HTTP/1.1" 200 22
114.88.166.193 - - [21/Mar/2021:08:58:46 +0800] "GET /xingrg/all/function/internal_message.html?_=1616288321229&CODE_STATE=getMsg HTTP/1.1" 200 27
61.165.42.208 - - [21/Mar/2021:08:58:47 +0800] "POST /xingrg/kc/buy/cgsh_order_operate.html HTTP/1.1" 200 2065
58.40.7.146 - - [21/Mar/2021:08:58:50 +0800] "GET /xingrg/all/function/internal_message.html?_=1616288326059&CODE_STATE=getMsg HTTP/1.1" 200 27
101.228.165.174 - - [21/Mar/2021:08:58:51 +0800] "GET /xingrg/all/function/internal_message.html?_=1616288349783&CODE_STATE=getMsg HTTP/1.1" 302 -
116.235.216.75 - - [21/Mar/2021:08:58:55 +0800] "GET /xingrg/all/function/internal_message.html?_=1616288331520&CODE_STATE=getMsg HTTP/1.1" 200 27
116.224.253.72 - - [21/Mar/2021:08:58:57 +0800] "GET /xingrg/all/function/internal_message.html?_=1616288287571&CODE_STATE=getMsg HTTP/1.1" 200 27
61.165.42.208 - - [21/Mar/2021:08:59:00 +0800] "GET /xingrg/all/function/internal_message.html?_=1616288336725&CODE_STATE=getMsg HTTP/1.1" 200 27
61.165.42.208 - - [21/Mar/2021:08:59:02 +0800] "GET /xingrg/kc/buy/cgsh_order_operate.html?command=get_materiel&rest_code=00105&code=00101015059&supplier_code=00100203&order_time=2021-03-21 HTTP/1.1" 200 412
101.228.165.174 - - [21/Mar/2021:08:59:04 +0800] "GET /xingrg/all/function/internal_message.html?_=1616288362076&CODE_STATE=getMsg HTTP/1.1" 302 -
101.228.165.174 - - [21/Mar/2021:08:59:07 +0800] "GET /xingrg/all/function/internal_message.html?_=1616288349005&CODE_STATE=getMsg HTTP/1.1" 200 27
222.70.217.33 - - [21/Mar/2021:08:59:10 +0800] "GET /xingrg/all/function/internal_message.html?_=1616288343946&CODE_STATE=getMsg HTTP/1.1" 200 27
114.83.220.15 - - [21/Mar/2021:08:59:11 +0800] "GET /xingrg/all/function/internal_message.html?_=1616288347964&CODE_STATE=getMsg HTTP/1.1" 200 27
61.165.42.208 - - [21/Mar/2021:08:59:13 +0800] "GET /xingrg/kc/buy/cgsh_order_operate.html?command=get_materiel&rest_code=00105&code=00102012060&supplier_code=00100203&order_time=2021-03-21 HTTP/1.1" 200 411
101.228.165.174 - - [21/Mar/2021:08:59:20 +0800] "GET /xingrg/all/function/internal_message.html?_=1616288381862&CODE_STATE=getMsg HTTP/1.1" 200 27
61.165.42.208 - - [21/Mar/2021:08:59:20 +0800] "GET /xingrg/kc/buy/cgsh_order_operate.html?command=get_materiel&rest_code=00105&code=00101015062&supplier_code=00100203&order_time=2021-03-21 HTTP/1.1" 200 412
101.228.165.174 - - [21/Mar/2021:08:59:21 +0800] "GET /xingrg/all/function/internal_message.html?_=1616288382920&CODE_STATE=getMsg HTTP/1.1" 200 27
116.224.253.72 - - [21/Mar/2021:08:59:25 +0800] "GET /xingrg/all/function/internal_message.html?_=1616288362192&CODE_STATE=getMsg HTTP/1.1" 200 27
61.165.42.208 - - [21/Mar/2021:08:59:27 +0800] "GET /xingrg/kc/buy/cgsh_order_operate.html?command=get_materiel&rest_code=00105&code=00101008041&supplier_code=00100203&order_time=2021-03-21 HTTP/1.1" 200 408
117.131.5.26 - - [21/Mar/2021:08:59:29 +0800] "GET /xingrg/all/function/internal_message.html?_=1616288752956&CODE_STATE=getMsg HTTP/1.1" 200 27
101.229.174.197 - - [21/Mar/2021:08:59:33 +0800] "GET /xingrg/all/function/internal_message.html?_=1616288369618&CODE_STATE=getMsg HTTP/1.1" 302 -
101.229.174.197 - - [21/Mar/2021:08:59:33 +0800] "GET /xingrg/check_reg.html?_=1616288369619 HTTP/1.1" 302 -
114.88.166.193 - - [21/Mar/2021:08:59:46 +0800] "GET /xingrg/all/function/internal_message.html?_=1616288381242&CODE_STATE=getMsg HTTP/1.1" 200 27
61.165.42.208 - - [21/Mar/2021:08:59:47 +0800] "GET /xingrg/kc/buy/cgsh_order_operate.html?command=get_materiel&rest_code=00105&code=00101020152&supplier_code=00100203&order_time=2021-03-21 HTTP/1.1" 200 416
58.40.7.146 - - [21/Mar/2021:08:59:50 +0800] "GET /xingrg/all/function/internal_message.html?_=1616288386045&CODE_STATE=getMsg HTTP/1.1" 200 27
101.228.165.174 - - [21/Mar/2021:08:59:51 +0800] "GET /xingrg/all/function/internal_message.html?_=1616288409793&CODE_STATE=getMsg HTTP/1.1" 302 -
116.235.216.75 - - [21/Mar/2021:08:59:55 +0800] "GET /xingrg/all/function/internal_message.html?_=1616288391505&CODE_STATE=getMsg HTTP/1.1" 200 27
116.224.253.72 - - [21/Mar/2021:08:59:57 +0800] "GET /xingrg/all/function/internal_message.html?_=1616288347596&CODE_STATE=getMsg HTTP/1.1" 200 27
61.165.42.208 - - [21/Mar/2021:09:00:00 +0800] "GET /xingrg/all/function/internal_message.html?_=1616288396704&CODE_STATE=getMsg HTTP/1.1" 200 27
101.228.165.174 - - [21/Mar/2021:09:00:04 +0800] "GET /xingrg/all/function/internal_message.html?_=1616288422086&CODE_STATE=getMsg HTTP/1.1" 302 -
101.228.165.174 - - [21/Mar/2021:09:00:07 +0800] "GET /xingrg/all/function/internal_message.html?_=1616288409005&CODE_STATE=getMsg HTTP/1.1" 200 27
222.70.217.33 - - [21/Mar/2021:09:00:10 +0800] "GET /xingrg/all/function/internal_message.html?_=1616288403916&CODE_STATE=getMsg HTTP/1.1" 200 27
114.83.220.15 - - [21/Mar/2021:09:00:11 +0800] "GET /xingrg/all/function/internal_message.html?_=1616288407968&CODE_STATE=getMsg HTTP/1.1" 200 27
61.165.42.208 - - [21/Mar/2021:09:00:17 +0800] "GET /xingrg/kc/buy/cgsh_order_operate.html?command=get_materiel&rest_code=00105&code=00101008312&supplier_code=00100203&order_time=2021-03-21 HTTP/1.1" 200 412
101.228.165.174 - - [21/Mar/2021:09:00:20 +0800] "GET /xingrg/all/function/internal_message.html?_=1616288441909&CODE_STATE=getMsg HTTP/1.1" 200 27
101.228.165.174 - - [21/Mar/2021:09:00:21 +0800] "GET /xingrg/all/function/internal_message.html?_=1616288442938&CODE_STATE=getMsg HTTP/1.1" 200 27
222.70.217.33 - - [21/Mar/2021:09:00:25 +0800] "GET /xingrg/check_reg.html?_=1616288419419 HTTP/1.1" 200 22
116.224.253.72 - - [21/Mar/2021:09:00:25 +0800] "GET /xingrg/all/function/internal_message.html?_=1616288422188&CODE_STATE=getMsg HTTP/1.1" 200 27
117.131.5.26 - - [21/Mar/2021:09:00:29 +0800] "GET /xingrg/all/function/internal_message.html?_=1616288813085&CODE_STATE=getMsg HTTP/1.1" 200 27
101.229.174.197 - - [21/Mar/2021:09:00:33 +0800] "GET /xingrg/all/function/internal_message.html?_=1616288429628&CODE_STATE=getMsg HTTP/1.1" 302 -
61.165.42.208 - - [21/Mar/2021:09:00:44 +0800] "GET /xingrg/kc/buy/cgsh_order_operate.html?command=get_materiel&rest_code=00105&code=00101008126&supplier_code=00100203&order_time=2021-03-21 HTTP/1.1" 200 412
114.88.166.193 - - [21/Mar/2021:09:00:46 +0800] "GET /xingrg/all/function/internal_message.html?_=1616288441257&CODE_STATE=getMsg HTTP/1.1" 200 27
58.40.7.146 - - [21/Mar/2021:09:00:50 +0800] "GET /xingrg/all/function/internal_message.html?_=1616288446048&CODE_STATE=getMsg HTTP/1.1" 200 27
58.40.7.146 - - [21/Mar/2021:09:00:50 +0800] "GET /xingrg/check_reg.html?_=1616288446050 HTTP/1.1" 200 22
61.165.42.208 - - [21/Mar/2021:09:00:51 +0800] "GET /xingrg/kc/buy/cgsh_order_operate.html?command=get_materiel&rest_code=00105&code=00101008355&supplier_code=00100203&order_time=2021-03-21 HTTP/1.1" 200 408
101.228.165.174 - - [21/Mar/2021:09:00:51 +0800] "GET /xingrg/all/function/internal_message.html?_=1616288469810&CODE_STATE=getMsg HTTP/1.1" 302 -
116.235.216.75 - - [21/Mar/2021:09:00:55 +0800] "GET /xingrg/check_reg.html?_=1616288451478 HTTP/1.1" 200 22
116.235.216.75 - - [21/Mar/2021:09:00:55 +0800] "GET /xingrg/all/function/internal_message.html?_=1616288451482&CODE_STATE=getMsg HTTP/1.1" 200 27
116.224.253.72 - - [21/Mar/2021:09:00:57 +0800] "GET /xingrg/all/function/internal_message.html?_=1616288407614&CODE_STATE=getMsg HTTP/1.1" 200 27
61.165.42.208 - - [21/Mar/2021:09:00:59 +0800] "GET /xingrg/kc/buy/cgsh_order_operate.html?command=get_materiel&rest_code=00105&code=00101008059&supplier_code=00100203&order_time=2021-03-21 HTTP/1.1" 200 408
61.165.42.208 - - [21/Mar/2021:09:01:00 +0800] "GET /xingrg/all/function/internal_message.html?_=1616288456677&CODE_STATE=getMsg HTTP/1.1" 200 27
101.228.165.174 - - [21/Mar/2021:09:01:04 +0800] "GET /xingrg/all/function/internal_message.html?_=1616288482103&CODE_STATE=getMsg HTTP/1.1" 302 -
61.165.42.208 - - [21/Mar/2021:09:01:06 +0800] "GET /xingrg/kc/buy/cgsh_order_operate.html?command=get_materiel&rest_code=00105&code=00101008357&supplier_code=00100203&order_time=2021-03-21 HTTP/1.1" 200 408
101.228.165.174 - - [21/Mar/2021:09:01:06 +0800] "GET /xingrg/check_reg.html?_=1616288488192 HTTP/1.1" 200 22
101.228.165.174 - - [21/Mar/2021:09:01:07 +0800] "GET /xingrg/all/function/internal_message.html?_=1616288469021&CODE_STATE=getMsg HTTP/1.1" 200 27
222.70.217.33 - - [21/Mar/2021:09:01:10 +0800] "GET /xingrg/all/function/internal_message.html?_=1616288463888&CODE_STATE=getMsg HTTP/1.1" 200 27
114.83.220.15 - - [21/Mar/2021:09:01:11 +0800] "GET /xingrg/all/function/internal_message.html?_=1616288467971&CODE_STATE=getMsg HTTP/1.1" 200 27
61.165.42.208 - - [21/Mar/2021:09:01:12 +0800] "GET /xingrg/kc/buy/cgsh_order_operate.html?command=get_materiel&rest_code=00105&code=00101008131&supplier_code=00100203&order_time=2021-03-21 HTTP/1.1" 200 408
101.228.165.174 - - [21/Mar/2021:09:01:20 +0800] "GET /xingrg/all/function/internal_message.html?_=1616288501917&CODE_STATE=getMsg HTTP/1.1" 200 27
101.228.165.174 - - [21/Mar/2021:09:01:21 +0800] "GET /xingrg/all/function/internal_message.html?_=1616288502947&CODE_STATE=getMsg HTTP/1.1" 200 27
116.224.253.72 - - [21/Mar/2021:09:01:26 +0800] "GET /xingrg/all/function/internal_message.html?_=1616288482201&CODE_STATE=getMsg HTTP/1.1" 200 27
116.224.253.72 - - [21/Mar/2021:09:01:26 +0800] "GET /xingrg/check_reg.html?_=1616288482210 HTTP/1.1" 200 22
61.165.42.208 - - [21/Mar/2021:09:01:27 +0800] "POST /xingrg/kc/buy/cgsh_order_operate.html HTTP/1.1" 200 2065
117.131.5.26 - - [21/Mar/2021:09:01:29 +0800] "GET /xingrg/all/function/internal_message.html?_=1616288873107&CODE_STATE=getMsg HTTP/1.1" 200 27
101.229.174.197 - - [21/Mar/2021:09:01:33 +0800] "GET /xingrg/all/function/internal_message.html?_=1616288489627&CODE_STATE=getMsg HTTP/1.1" 302 -
180.152.227.142 - - [21/Mar/2021:09:01:33 +0800] "GET /xingrg/check_reg.html?_=1616288756765 HTTP/1.1" 302 -
61.165.42.208 - - [21/Mar/2021:09:01:35 +0800] "GET /xingrg/kc/buy/cgsh_order_operate.html?command=get_materiel&rest_code=00105&code=00101008352&supplier_code=00100203&order_time=2021-03-21 HTTP/1.1" 200 412
101.228.165.174 - - [21/Mar/2021:09:01:39 +0800] "GET /xingrg/check_reg.html?_=1616288517714 HTTP/1.1" 302 -
114.88.166.193 - - [21/Mar/2021:09:01:46 +0800] "GET /xingrg/all/function/internal_message.html?_=1616288501313&CODE_STATE=getMsg HTTP/1.1" 200 27
58.40.7.146 - - [21/Mar/2021:09:01:50 +0800] "GET /xingrg/all/function/internal_message.html?_=1616288506053&CODE_STATE=getMsg HTTP/1.1" 200 27
101.228.165.174 - - [21/Mar/2021:09:01:51 +0800] "GET /xingrg/all/function/internal_message.html?_=1616288529820&CODE_STATE=getMsg HTTP/1.1" 302 -
101.228.165.174 - - [21/Mar/2021:09:01:51 +0800] "GET /xingrg/check_reg.html?_=1616288530007 HTTP/1.1" 302 -
114.88.166.193 - - [21/Mar/2021:09:01:53 +0800] "GET /xingrg/kc/buy/cgsh_order_add.html HTTP/1.1" 200 62104
114.88.166.193 - - [21/Mar/2021:09:01:53 +0800] "POST /xingrg/kc/buy/cgsh_order_operate.html HTTP/1.1" 200 8245
114.88.166.193 - - [21/Mar/2021:09:01:53 +0800] "GET /xingrg/javascript/easyui/themes/default/validatebox.css HTTP/1.1" 404 1104
116.235.216.75 - - [21/Mar/2021:09:01:55 +0800] "GET /xingrg/all/function/internal_message.html?_=1616288511481&CODE_STATE=getMsg HTTP/1.1" 200 27
61.165.42.208 - - [21/Mar/2021:09:01:56 +0800] "GET /xingrg/kc/buy/cgsh_order_operate.html?command=get_materiel&rest_code=00105&code=00101010136&supplier_code=00100203&order_time=2021-03-21 HTTP/1.1" 200 408
116.224.253.72 - - [21/Mar/2021:09:01:57 +0800] "GET /xingrg/all/function/internal_message.html?_=1616288467640&CODE_STATE=getMsg HTTP/1.1" 200 27
61.165.42.208 - - [21/Mar/2021:09:02:00 +0800] "GET /xingrg/all/function/internal_message.html?_=1616288516652&CODE_STATE=getMsg HTTP/1.1" 200 27
114.88.166.193 - - [21/Mar/2021:09:02:02 +0800] "GET /xingrg/kc/buy/cgsh_order_operate.html?command=get_materiel&rest_code=00111&code=00101007076&supplier_code=00100004&order_time=2021-03-21 HTTP/1.1" 200 408
101.228.165.174 - - [21/Mar/2021:09:02:04 +0800] "GET /xingrg/all/function/internal_message.html?_=1616288542113&CODE_STATE=getMsg HTTP/1.1" 302 -
101.228.165.174 - - [21/Mar/2021:09:02:07 +0800] "GET /xingrg/check_reg.html?_=1616288529006 HTTP/1.1" 200 22
101.228.165.174 - - [21/Mar/2021:09:02:07 +0800] "GET /xingrg/all/function/internal_message.html?_=1616288529007&CODE_STATE=getMsg HTTP/1.1" 200 27
222.70.217.33 - - [21/Mar/2021:09:02:10 +0800] "GET /xingrg/all/function/internal_message.html?_=1616288523860&CODE_STATE=getMsg HTTP/1.1" 200 27
114.88.166.193 - - [21/Mar/2021:09:02:11 +0800] "GET /xingrg/kc/buy/cgsh_order_operate.html?command=get_materiel&rest_code=00111&code=00101007061&supplier_code=00100004&order_time=2021-03-21 HTTP/1.1" 200 409
114.83.220.15 - - [21/Mar/2021:09:02:11 +0800] "GET /xingrg/all/function/internal_message.html?_=1616288527973&CODE_STATE=getMsg HTTP/1.1" 200 27
101.228.165.174 - - [21/Mar/2021:09:02:20 +0800] "GET /xingrg/all/function/internal_message.html?_=1616288561961&CODE_STATE=getMsg HTTP/1.1" 200 27
101.228.165.174 - - [21/Mar/2021:09:02:21 +0800] "GET /xingrg/all/function/internal_message.html?_=1616288562960&CODE_STATE=getMsg HTTP/1.1" 200 27
114.88.166.193 - - [21/Mar/2021:09:02:24 +0800] "GET /xingrg/kc/buy/cgsh_order_operate.html?command=get_materiel&rest_code=00111&code=00101007085&supplier_code=00100004&order_time=2021-03-21 HTTP/1.1" 200 413
116.224.253.72 - - [21/Mar/2021:09:02:26 +0800] "GET /xingrg/all/function/internal_message.html?_=1616288542203&CODE_STATE=getMsg HTTP/1.1" 200 27
117.131.5.26 - - [21/Mar/2021:09:02:29 +0800] "GET /xingrg/all/function/internal_message.html?_=1616288933218&CODE_STATE=getMsg HTTP/1.1" 200 27
61.165.42.208 - - [21/Mar/2021:09:02:30 +0800] "POST /xingrg/kc/buy/cgsh_order_operate.html HTTP/1.1" 200 37
61.165.42.208 - - [21/Mar/2021:09:02:31 +0800] "POST /xingrg/kc/buy/cgsh_order_operate.html HTTP/1.1" 200 39926
101.229.174.197 - - [21/Mar/2021:09:02:33 +0800] "GET /xingrg/all/function/internal_message.html?_=1616288549628&CODE_STATE=getMsg HTTP/1.1" 302 -
114.88.166.193 - - [21/Mar/2021:09:02:42 +0800] "GET /xingrg/kc/buy/cgsh_order_operate.html?command=get_materiel&rest_code=00111&code=00101007077&supplier_code=00100004&order_time=2021-03-21 HTTP/1.1" 200 415
116.224.253.72 - - [21/Mar/2021:09:02:46 +0800] "GET /xingrg/check_reg.html?_=1616288516331 HTTP/1.1" 200 22
114.88.166.193 - - [21/Mar/2021:09:02:46 +0800] "GET /xingrg/all/function/internal_message.html?_=1616288561399&CODE_STATE=getMsg HTTP/1.1" 200 27
114.88.166.193 - - [21/Mar/2021:09:02:49 +0800] "GET /xingrg/kc/buy/cgsh_order_operate.html?command=get_materiel&rest_code=00111&code=00101008185&supplier_code=00100004&order_time=2021-03-21 HTTP/1.1" 200 409
58.40.7.146 - - [21/Mar/2021:09:02:50 +0800] "GET /xingrg/all/function/internal_message.html?_=1616288566055&CODE_STATE=getMsg HTTP/1.1" 200 27
101.228.165.174 - - [21/Mar/2021:09:02:51 +0800] "GET /xingrg/all/function/internal_message.html?_=1616288589837&CODE_STATE=getMsg HTTP/1.1" 302 -
117.131.5.26 - - [21/Mar/2021:09:02:52 +0800] "GET /xingrg/check_reg.html?_=1616288956078 HTTP/1.1" 200 22
116.235.216.75 - - [21/Mar/2021:09:02:55 +0800] "GET /xingrg/all/function/internal_message.html?_=1616288571483&CODE_STATE=getMsg HTTP/1.1" 200 27
116.224.253.72 - - [21/Mar/2021:09:02:57 +0800] "GET /xingrg/all/function/internal_message.html?_=1616288527657&CODE_STATE=getMsg HTTP/1.1" 200 27
61.165.42.208 - - [21/Mar/2021:09:03:00 +0800] "GET /xingrg/check_reg.html?_=1616288576599 HTTP/1.1" 200 22
61.165.42.208 - - [21/Mar/2021:09:03:00 +0800] "GET /xingrg/all/function/internal_message.html?_=1616288576619&CODE_STATE=getMsg HTTP/1.1" 200 27
101.228.165.174 - - [21/Mar/2021:09:03:03 +0800] "GET /xingrg/check_reg.html?_=1616288605158 HTTP/1.1" 200 22
101.228.165.174 - - [21/Mar/2021:09:03:04 +0800] "GET /xingrg/all/function/internal_message.html?_=1616288602131&CODE_STATE=getMsg HTTP/1.1" 302 -
101.228.165.174 - - [21/Mar/2021:09:03:07 +0800] "GET /xingrg/all/function/internal_message.html?_=1616288589009&CODE_STATE=getMsg HTTP/1.1" 200 27
222.70.217.33 - - [21/Mar/2021:09:03:10 +0800] "GET /xingrg/all/function/internal_message.html?_=1616288583829&CODE_STATE=getMsg HTTP/1.1" 200 27
114.83.220.15 - - [21/Mar/2021:09:03:11 +0800] "GET /xingrg/all/function/internal_message.html?_=1616288587977&CODE_STATE=getMsg HTTP/1.1" 200 27
114.83.220.15 - - [21/Mar/2021:09:03:12 +0800] "GET /xingrg/check_reg.html?_=1616288587981 HTTP/1.1" 200 22
101.228.165.174 - - [21/Mar/2021:09:03:20 +0800] "GET /xingrg/all/function/internal_message.html?_=1616288621976&CODE_STATE=getMsg HTTP/1.1" 200 27
101.228.165.174 - - [21/Mar/2021:09:03:21 +0800] "GET /xingrg/all/function/internal_message.html?_=1616288622978&CODE_STATE=getMsg HTTP/1.1" 200 27
114.88.166.193 - - [21/Mar/2021:09:03:24 +0800] "GET /xingrg/kc/buy/cgsh_order_operate.html?command=get_materiel&rest_code=00111&code=00101007081&supplier_code=00100004&order_time=2021-03-21 HTTP/1.1" 200 413
116.224.253.72 - - [21/Mar/2021:09:03:26 +0800] "GET /xingrg/all/function/internal_message.html?_=1616288602206&CODE_STATE=getMsg HTTP/1.1" 200 27
117.131.5.26 - - [21/Mar/2021:09:03:29 +0800] "GET /xingrg/all/function/internal_message.html?_=1616288993229&CODE_STATE=getMsg HTTP/1.1" 200 27
101.229.174.197 - - [21/Mar/2021:09:03:33 +0800] "GET /xingrg/all/function/internal_message.html?_=1616288609630&CODE_STATE=getMsg HTTP/1.1" 302 -
114.88.166.193 - - [21/Mar/2021:09:03:46 +0800] "GET /xingrg/kc/buy/cgsh_order_operate.html?command=get_materiel&rest_code=00111&code=00101007059&supplier_code=00100004&order_time=2021-03-21 HTTP/1.1" 200 409
114.88.166.193 - - [21/Mar/2021:09:03:46 +0800] "GET /xingrg/check_reg.html?_=1616288621060 HTTP/1.1" 200 22
114.88.166.193 - - [21/Mar/2021:09:03:46 +0800] "GET /xingrg/all/function/internal_message.html?_=1616288621479&CODE_STATE=getMsg HTTP/1.1" 200 27
58.40.7.146 - - [21/Mar/2021:09:03:50 +0800] "GET /xingrg/all/function/internal_message.html?_=1616288626056&CODE_STATE=getMsg HTTP/1.1" 200 27
101.228.165.174 - - [21/Mar/2021:09:03:51 +0800] "GET /xingrg/all/function/internal_message.html?_=1616288649847&CODE_STATE=getMsg HTTP/1.1" 302 -
116.235.216.75 - - [21/Mar/2021:09:03:55 +0800] "GET /xingrg/all/function/internal_message.html?_=1616288631479&CODE_STATE=getMsg HTTP/1.1" 200 27
116.224.253.72 - - [21/Mar/2021:09:03:57 +0800] "GET /xingrg/all/function/internal_message.html?_=1616288587671&CODE_STATE=getMsg HTTP/1.1" 200 27
61.165.42.208 - - [21/Mar/2021:09:04:00 +0800] "GET /xingrg/all/function/internal_message.html?_=1616288636593&CODE_STATE=getMsg HTTP/1.1" 200 27
101.228.165.174 - - [21/Mar/2021:09:04:04 +0800] "GET /xingrg/all/function/internal_message.html?_=1616288662140&CODE_STATE=getMsg HTTP/1.1" 302 -
101.228.165.174 - - [21/Mar/2021:09:04:07 +0800] "GET /xingrg/all/function/internal_message.html?_=1616288649022&CODE_STATE=getMsg HTTP/1.1" 200 27
222.70.217.33 - - [21/Mar/2021:09:04:10 +0800] "GET /xingrg/all/function/internal_message.html?_=1616288643814&CODE_STATE=getMsg HTTP/1.1" 200 27
114.83.220.15 - - [21/Mar/2021:09:04:11 +0800] "GET /xingrg/all/function/internal_message.html?_=1616288647968&CODE_STATE=getMsg HTTP/1.1" 200 27
114.88.166.193 - - [21/Mar/2021:09:04:11 +0800] "POST /xingrg/kc/buy/cgsh_order_operate.html HTTP/1.1" 200 37
114.88.166.193 - - [21/Mar/2021:09:04:14 +0800] "POST /xingrg/kc/buy/cgsh_order_operate.html HTTP/1.1" 200 6807
114.88.166.193 - - [21/Mar/2021:09:04:16 +0800] "GET /xingrg/kc/print/load_data.html?order_code=212021032109032&kc_code=cgsh&condition= HTTP/1.1" 200 2309
101.228.165.174 - - [21/Mar/2021:09:04:20 +0800] "GET /xingrg/all/function/internal_message.html?_=1616288681990&CODE_STATE=getMsg HTTP/1.1" 200 27
101.228.165.174 - - [21/Mar/2021:09:04:21 +0800] "GET /xingrg/all/function/internal_message.html?_=1616288682988&CODE_STATE=getMsg HTTP/1.1" 200 27
116.224.253.72 - - [21/Mar/2021:09:04:26 +0800] "GET /xingrg/all/function/internal_message.html?_=1616288662198&CODE_STATE=getMsg HTTP/1.1" 200 27
117.131.5.26 - - [21/Mar/2021:09:04:29 +0800] "GET /xingrg/all/function/internal_message.html?_=1616289053250&CODE_STATE=getMsg HTTP/1.1" 200 27
101.229.174.197 - - [21/Mar/2021:09:04:33 +0800] "GET /xingrg/check_reg.html?_=1616288669635 HTTP/1.1" 302 -
101.229.174.197 - - [21/Mar/2021:09:04:33 +0800] "GET /xingrg/all/function/internal_message.html?_=1616288669644&CODE_STATE=getMsg HTTP/1.1" 302 -
114.88.166.193 - - [21/Mar/2021:09:04:46 +0800] "GET /xingrg/all/function/internal_message.html?_=1616288681561&CODE_STATE=getMsg HTTP/1.1" 200 27
58.40.7.146 - - [21/Mar/2021:09:04:50 +0800] "GET /xingrg/all/function/internal_message.html?_=1616288686059&CODE_STATE=getMsg HTTP/1.1" 200 27
101.228.165.174 - - [21/Mar/2021:09:04:51 +0800] "GET /xingrg/all/function/internal_message.html?_=1616288709864&CODE_STATE=getMsg HTTP/1.1" 302 -
116.235.216.75 - - [21/Mar/2021:09:04:55 +0800] "GET /xingrg/all/function/internal_message.html?_=1616288691479&CODE_STATE=getMsg HTTP/1.1" 200 27
116.224.253.72 - - [21/Mar/2021:09:04:57 +0800] "GET /xingrg/all/function/internal_message.html?_=1616288647696&CODE_STATE=getMsg HTTP/1.1" 200 27
61.165.42.208 - - [21/Mar/2021:09:05:00 +0800] "GET /xingrg/all/function/internal_message.html?_=1616288696596&CODE_STATE=getMsg HTTP/1.1" 200 27
101.228.165.174 - - [21/Mar/2021:09:05:04 +0800] "GET /xingrg/all/function/internal_message.html?_=1616288722157&CODE_STATE=getMsg HTTP/1.1" 302 -
101.228.165.174 - - [21/Mar/2021:09:05:07 +0800] "GET /xingrg/all/function/internal_message.html?_=1616288709021&CODE_STATE=getMsg HTTP/1.1" 200 27
222.70.217.33 - - [21/Mar/2021:09:05:10 +0800] "GET /xingrg/all/function/internal_message.html?_=1616288703784&CODE_STATE=getMsg HTTP/1.1" 200 27
114.83.220.15 - - [21/Mar/2021:09:05:11 +0800] "GET /xingrg/all/function/internal_message.html?_=1616288707972&CODE_STATE=getMsg HTTP/1.1" 200 27
101.228.165.174 - - [21/Mar/2021:09:05:20 +0800] "GET /xingrg/all/function/internal_message.html?_=1616288742024&CODE_STATE=getMsg HTTP/1.1" 200 27
101.228.165.174 - - [21/Mar/2021:09:05:21 +0800] "GET /xingrg/all/function/internal_message.html?_=1616288743006&CODE_STATE=getMsg HTTP/1.1" 200 27
222.70.217.33 - - [21/Mar/2021:09:05:25 +0800] "GET /xingrg/check_reg.html?_=1616288719410 HTTP/1.1" 200 22
116.224.253.72 - - [21/Mar/2021:09:05:26 +0800] "GET /xingrg/all/function/internal_message.html?_=1616288722202&CODE_STATE=getMsg HTTP/1.1" 200 27
58.37.192.63 - - [21/Mar/2021:09:05:29 +0800] "GET /xingrg/all/function/internal_message.html?_=1616289113366&CODE_STATE=getMsg HTTP/1.1" 200 27
114.88.166.193 - - [21/Mar/2021:09:05:32 +0800] "GET /xingrg/kc/buy/cgsh_order_operate.html?command=get_materiel&rest_code=00111&code=00101008187&supplier_code=00100004&order_time=2021-03-21 HTTP/1.1" 200 413
101.229.174.197 - - [21/Mar/2021:09:05:33 +0800] "GET /xingrg/all/function/internal_message.html?_=1616288729629&CODE_STATE=getMsg HTTP/1.1" 302 -
114.88.166.193 - - [21/Mar/2021:09:05:46 +0800] "GET /xingrg/all/function/internal_message.html?_=1616288741574&CODE_STATE=getMsg HTTP/1.1" 200 27
58.40.7.146 - - [21/Mar/2021:09:05:50 +0800] "GET /xingrg/check_reg.html?_=1616288746062 HTTP/1.1" 200 22
58.40.7.146 - - [21/Mar/2021:09:05:50 +0800] "GET /xingrg/all/function/internal_message.html?_=1616288746065&CODE_STATE=getMsg HTTP/1.1" 200 27
101.228.165.174 - - [21/Mar/2021:09:05:51 +0800] "GET /xingrg/all/function/internal_message.html?_=1616288769874&CODE_STATE=getMsg HTTP/1.1" 302 -
180.152.227.142 - - [21/Mar/2021:09:05:52 +0800] "GET /xingrg/kc/buy/cgsh_order_list.html HTTP/1.1" 302 -
180.152.227.142 - - [21/Mar/2021:09:05:52 +0800] "GET /xingrg/login.html HTTP/1.1" 200 7641
180.152.227.142 - - [21/Mar/2021:09:05:53 +0800] "GET /xingrg/login.html HTTP/1.1" 200 7641
114.88.166.193 - - [21/Mar/2021:09:05:54 +0800] "GET /xingrg/kc/buy/cgsh_order_operate.html?command=get_materiel&rest_code=00111&code=00101012097&supplier_code=00100004&order_time=2021-03-21 HTTP/1.1" 200 411
116.235.216.75 - - [21/Mar/2021:09:05:55 +0800] "GET /xingrg/all/function/internal_message.html?_=1616288751479&CODE_STATE=getMsg HTTP/1.1" 200 27
116.235.216.75 - - [21/Mar/2021:09:05:55 +0800] "GET /xingrg/check_reg.html?_=1616288751480 HTTP/1.1" 200 22
180.152.227.142 - - [21/Mar/2021:09:05:56 +0800] "GET /xingrg/images/blue/jxLogo.png HTTP/1.1" 304 -
180.152.227.142 - - [21/Mar/2021:09:05:56 +0800] "GET /xingrg/images/blue/hj.png HTTP/1.1" 304 -
180.152.227.142 - - [21/Mar/2021:09:05:56 +0800] "GET /xingrg/images/blue/srbg.png HTTP/1.1" 304 -
180.152.227.142 - - [21/Mar/2021:09:05:56 +0800] "GET /xingrg/images/blue/login_bg.png HTTP/1.1" 304 -
180.152.227.142 - - [21/Mar/2021:09:05:57 +0800] "GET /favicon.ico HTTP/1.1" 404 -
116.224.253.72 - - [21/Mar/2021:09:05:57 +0800] "GET /xingrg/all/function/internal_message.html?_=1616288707697&CODE_STATE=getMsg HTTP/1.1" 200 27
61.165.42.208 - - [21/Mar/2021:09:06:00 +0800] "GET /xingrg/all/function/internal_message.html?_=1616288756607&CODE_STATE=getMsg HTTP/1.1" 200 27
180.152.227.142 - - [21/Mar/2021:09:06:02 +0800] "POST /xingrg/login.do HTTP/1.1" 302 -
180.152.227.142 - - [21/Mar/2021:09:06:02 +0800] "GET /xingrg/index.html?sysBaseUrl=http%3A%2F%2F180.169.147.146%3A18081%2Fxingrg%2F&costTime=43×tamp=1616288762603 HTTP/1.1" 200 17173
180.152.227.142 - - [21/Mar/2021:09:06:02 +0800] "GET /xingrg/javascript/jquery_easy_ui/themes/default/easyui.css HTTP/1.1" 304 -
180.152.227.142 - - [21/Mar/2021:09:06:02 +0800] "GET /xingrg/css/form.css HTTP/1.1" 304 -
180.152.227.142 - - [21/Mar/2021:09:06:02 +0800] "GET /xingrg/javascript/jquery_easy_ui/themes/icon.css HTTP/1.1" 304 -
180.152.227.142 - - [21/Mar/2021:09:06:02 +0800] "GET /xingrg/javascript/jquery-1.4.2.min.js HTTP/1.1" 304 -
180.152.227.142 - - [21/Mar/2021:09:06:02 +0800] "GET /xingrg/javascript/jquery_easy_ui/jquery.easyui.min.js HTTP/1.1" 304 -
180.152.227.142 - - [21/Mar/2021:09:06:02 +0800] "GET /xingrg/javascript/jquery_easy_ui/easyui-lang-zh_CN.js HTTP/1.1" 304 -
180.152.227.142 - - [21/Mar/2021:09:06:02 +0800] "GET /xingrg/javascript/jquery.form.js HTTP/1.1" 304 -
180.152.227.142 - - [21/Mar/2021:09:06:02 +0800] "GET /xingrg/javascript/jquery.utils.js HTTP/1.1" 304 -
180.152.227.142 - - [21/Mar/2021:09:06:02 +0800] "GET /xingrg/javascript/jquery.timers.js HTTP/1.1" 304 -
180.152.227.142 - - [21/Mar/2021:09:06:03 +0800] "GET /xingrg/images/blue/navBackgound.jpg HTTP/1.1" 304 -
180.152.227.142 - - [21/Mar/2021:09:06:03 +0800] "GET /xingrg/javascript/jquery_easy_ui/themes/icons/settle_new.png HTTP/1.1" 304 -
180.152.227.142 - - [21/Mar/2021:09:06:03 +0800] "GET /favicon.ico HTTP/1.1" 404 -
180.152.227.142 - - [21/Mar/2021:09:06:03 +0800] "GET /xingrg/images/blue/pingpu.png HTTP/1.1" 304 -
180.152.227.142 - - [21/Mar/2021:09:06:03 +0800] "POST /xingrg/all/common/load_tree.html?tree=area_rest_tree_json&manage=1 HTTP/1.1" 200 342
180.152.227.142 - - [21/Mar/2021:09:06:03 +0800] "GET /xingrg/javascript/jquery_easy_ui/themes/default/images/tabs_leftarrow.png HTTP/1.1" 304 -
180.152.227.142 - - [21/Mar/2021:09:06:03 +0800] "GET /xingrg/javascript/jquery_easy_ui/themes/default/images/tabs_rightarrow.png HTTP/1.1" 304 -
180.152.227.142 - - [21/Mar/2021:09:06:03 +0800] "GET /xingrg/javascript/jquery_easy_ui/themes/default/images/panel_tool_collapse.gif HTTP/1.1" 304 -
180.152.227.142 - - [21/Mar/2021:09:06:03 +0800] "GET /xingrg/all/function/internal_message.html?_=1616289027161&CODE_STATE=count HTTP/1.1" 200 11
180.152.227.142 - - [21/Mar/2021:09:06:03 +0800] "GET /xingrg/check_reg.html?_=1616289027162 HTTP/1.1" 200 22
180.152.227.142 - - [21/Mar/2021:09:06:03 +0800] "POST /xingrg/load_menu.html HTTP/1.1" 200 5138
180.152.227.142 - - [21/Mar/2021:09:06:03 +0800] "GET /xingrg/javascript/jquery_easy_ui/themes/default/images/tree_arrows.gif HTTP/1.1" 304 -
180.152.227.142 - - [21/Mar/2021:09:06:04 +0800] "GET /xingrg/javascript/jquery_easy_ui/themes/default/images/tree_folder_open.gif HTTP/1.1" 304 -
180.152.227.142 - - [21/Mar/2021:09:06:04 +0800] "GET /xingrg/javascript/jquery_easy_ui/themes/icons/search_new.png HTTP/1.1" 304 -
180.152.227.142 - - [21/Mar/2021:09:06:04 +0800] "GET /xingrg/javascript/jquery_easy_ui/themes/default/images/tree_folder.gif HTTP/1.1" 304 -
180.152.227.142 - - [21/Mar/2021:09:06:04 +0800] "GET /xingrg/javascript/jquery_easy_ui/themes/icons/storage_new.png HTTP/1.1" 304 -
180.152.227.142 - - [21/Mar/2021:09:06:04 +0800] "GET /xingrg/javascript/jquery_easy_ui/themes/icons/forms_new.png HTTP/1.1" 304 -
180.152.227.142 - - [21/Mar/2021:09:06:04 +0800] "GET /xingrg/javascript/jquery_easy_ui/themes/default/images/tree_file.gif HTTP/1.1" 304 -
101.228.165.174 - - [21/Mar/2021:09:06:04 +0800] "GET /xingrg/all/function/internal_message.html?_=1616288782167&CODE_STATE=getMsg HTTP/1.1" 302 -
101.228.165.174 - - [21/Mar/2021:09:06:06 +0800] "GET /xingrg/check_reg.html?_=1616288788200 HTTP/1.1" 200 22
101.228.165.174 - - [21/Mar/2021:09:06:07 +0800] "GET /xingrg/all/function/internal_message.html?_=1616288769020&CODE_STATE=getMsg HTTP/1.1" 200 27
180.152.227.142 - - [21/Mar/2021:09:06:07 +0800] "GET /xingrg/javascript/jquery_easy_ui/themes/default/images/tabs_close.gif HTTP/1.1" 304 -
180.152.227.142 - - [21/Mar/2021:09:06:07 +0800] "GET /xingrg/kc/buy/cgsh_order_list.html HTTP/1.1" 200 46366
180.152.227.142 - - [21/Mar/2021:09:06:07 +0800] "GET /xingrg/css/base.css HTTP/1.1" 304 -
180.152.227.142 - - [21/Mar/2021:09:06:07 +0800] "GET /xingrg/javascript/jquery_tools/datebox.css HTTP/1.1" 304 -
180.152.227.142 - - [21/Mar/2021:09:06:07 +0800] "GET /xingrg/javascript/easyui/themes/icon.css HTTP/1.1" 304 -
180.152.227.142 - - [21/Mar/2021:09:06:07 +0800] "GET /xingrg/javascript/easyui/themes/default/easyui.css HTTP/1.1" 304 -
180.152.227.142 - - [21/Mar/2021:09:06:07 +0800] "GET /xingrg/css/site.css HTTP/1.1" 304 -
180.152.227.142 - - [21/Mar/2021:09:06:07 +0800] "GET /xingrg/javascript/jquery_tools/fix.css HTTP/1.1" 304 -
180.152.227.142 - - [21/Mar/2021:09:06:07 +0800] "GET /xingrg/javascript/auto/jquery.autocomplete.css HTTP/1.1" 304 -
180.152.227.142 - - [21/Mar/2021:09:06:07 +0800] "GET /xingrg/javascript/jquery_tools/jquery.tools.min.js HTTP/1.1" 304 -
180.152.227.142 - - [21/Mar/2021:09:06:07 +0800] "GET /xingrg/javascript/jquery_tools/jquery.tools.extend.js HTTP/1.1" 304 -
180.152.227.142 - - [21/Mar/2021:09:06:07 +0800] "GET /xingrg/javascript/jquery_tools/jquery.tools.hotkey.js HTTP/1.1" 304 -
