116.224.253.72 - - [21/Mar/2021:09:52:58 +0800] "GET /xingrg/all/function/internal_message.html?_=1616291528383&CODE_STATE=getMsg HTTP/1.1" 200 27
61.165.42.208 - - [21/Mar/2021:09:53:00 +0800] "GET /xingrg/all/function/internal_message.html?_=1616291576641&CODE_STATE=getMsg HTTP/1.1" 200 27
61.165.42.208 - - [21/Mar/2021:09:53:00 +0800] "GET /xingrg/check_reg.html?_=1616291576644 HTTP/1.1" 200 22
101.85.123.213 - - [21/Mar/2021:09:53:01 +0800] "POST /xingrg/kc/buy/cgsh_order_operate.html HTTP/1.1" 200 37
116.235.216.75 - - [21/Mar/2021:09:53:01 +0800] "GET /xingrg/kc/buy/cgsh_order_operate.html?command=get_materiel&rest_code=00107&code=00101008365&supplier_code=00100006&order_time=2021-03-21 HTTP/1.1" 200 413
114.86.187.76 - - [21/Mar/2021:09:53:01 +0800] "GET /xingrg/all/function/internal_message.html?_=1616291583194&CODE_STATE=getMsg HTTP/1.1" 200 27
101.85.123.213 - - [21/Mar/2021:09:53:02 +0800] "POST /xingrg/kc/buy/cgsh_order_operate.html HTTP/1.1" 200 4440
101.228.165.174 - - [21/Mar/2021:09:53:03 +0800] "GET /xingrg/check_reg.html?_=1616291605384 HTTP/1.1" 200 22
101.228.165.174 - - [21/Mar/2021:09:53:04 +0800] "GET /xingrg/all/function/internal_message.html?_=1616291602825&CODE_STATE=getMsg HTTP/1.1" 302 -
120.253.135.82 - - [21/Mar/2021:09:53:05 +0800] "GET /xingrg/all/function/internal_message.html?_=1616291354897&CODE_STATE=getMsg HTTP/1.1" 200 27
101.228.165.174 - - [21/Mar/2021:09:53:07 +0800] "GET /xingrg/all/function/internal_message.html?_=1616291589069&CODE_STATE=getMsg HTTP/1.1" 200 27
180.152.227.142 - - [21/Mar/2021:09:53:08 +0800] "GET /xingrg/kc/buy/cgsh_order_operate.html?command=get_materiel&rest_code=00102&code=00101010161&supplier_code=00100151&order_time=2021-03-21 HTTP/1.1" 200 409
222.70.217.33 - - [21/Mar/2021:09:53:09 +0800] "GET /xingrg/all/function/internal_message.html?_=1616291582713&CODE_STATE=getMsg HTTP/1.1" 200 27
116.235.216.75 - - [21/Mar/2021:09:53:10 +0800] "GET /xingrg/kc/buy/cgsh_order_operate.html?command=get_materiel&rest_code=00107&code=00101008141&supplier_code=00100006&order_time=2021-03-21 HTTP/1.1" 200 412
114.83.220.15 - - [21/Mar/2021:09:53:12 +0800] "GET /xingrg/all/function/internal_message.html?_=1616291588044&CODE_STATE=getMsg HTTP/1.1" 200 27
114.83.220.15 - - [21/Mar/2021:09:53:12 +0800] "GET /xingrg/check_reg.html?_=1616291588045 HTTP/1.1" 200 22
180.169.147.146 - - [21/Mar/2021:09:53:13 +0800] "GET /xingrg/all/function/internal_message.html?_=1616291589703&CODE_STATE=getMsg HTTP/1.1" 200 27
101.85.123.213 - - [21/Mar/2021:09:53:16 +0800] "POST /xingrg/kc/buy/cgsh_order_operate.html HTTP/1.1" 200 37
116.235.216.75 - - [21/Mar/2021:09:53:19 +0800] "GET /xingrg/kc/buy/cgsh_order_operate.html?command=get_materiel&rest_code=00107&code=00101008264&supplier_code=00100006&order_time=2021-03-21 HTTP/1.1" 200 412
101.85.123.213 - - [21/Mar/2021:09:53:20 +0800] "POST /xingrg/kc/buy/cgsh_order_operate.html HTTP/1.1" 200 12
101.85.123.213 - - [21/Mar/2021:09:53:21 +0800] "GET /xingrg/kc/buy/cgsh_order_info.html?code=212021032109053 HTTP/1.1" 200 56129
101.228.165.174 - - [21/Mar/2021:09:53:21 +0800] "GET /xingrg/all/function/internal_message.html?_=1616291623660&CODE_STATE=getMsg HTTP/1.1" 200 27
101.228.165.174 - - [21/Mar/2021:09:53:22 +0800] "GET /xingrg/all/function/internal_message.html?_=1616291623825&CODE_STATE=getMsg HTTP/1.1" 200 27
101.85.123.213 - - [21/Mar/2021:09:53:22 +0800] "GET /xingrg/javascript/easyui/themes/default/validatebox.css HTTP/1.1" 404 1104
101.85.123.213 - - [21/Mar/2021:09:53:22 +0800] "POST /xingrg/kc/buy/cgsh_order_operate.html HTTP/1.1" 200 2390
101.85.123.213 - - [21/Mar/2021:09:53:23 +0800] "GET /xingrg/kc/print/load_config.html?kc_code=cgsh HTTP/1.1" 200 1845
101.85.123.213 - - [21/Mar/2021:09:53:24 +0800] "GET /xingrg/kc/print/load_data.html?order_code=212021032109053&kc_code=cgsh&condition= HTTP/1.1" 200 1399
58.37.230.33 - - [21/Mar/2021:09:53:27 +0800] "GET /xingrg/all/function/internal_message.html?_=1616291604208&CODE_STATE=getMsg HTTP/1.1" 200 27
101.89.239.120 - - [21/Mar/2021:09:53:28 +0800] "GET /xingrg/all/function/internal_message.html?_=1616291544205&CODE_STATE=getMsg HTTP/1.1" 302 -
101.89.239.120 - - [21/Mar/2021:09:53:28 +0800] "GET /xingrg/login.html HTTP/1.1" 200 7641
180.152.227.142 - - [21/Mar/2021:09:53:28 +0800] "GET /xingrg/all/function/internal_message.html?_=1616291872413&CODE_STATE=getMsg HTTP/1.1" 200 27
101.85.123.213 - - [21/Mar/2021:09:53:32 +0800] "GET /xingrg/kc/buy/cgsh_order_add.html HTTP/1.1" 200 61222
58.37.192.63 - - [21/Mar/2021:09:53:32 +0800] "GET /xingrg/all/function/internal_message.html?_=1616291996169&CODE_STATE=getMsg HTTP/1.1" 200 27
101.85.123.213 - - [21/Mar/2021:09:53:32 +0800] "GET /xingrg/javascript/easyui/themes/default/validatebox.css HTTP/1.1" 404 1104
101.85.123.213 - - [21/Mar/2021:09:53:32 +0800] "POST /xingrg/kc/buy/cgsh_order_operate.html HTTP/1.1" 200 8245
101.229.174.197 - - [21/Mar/2021:09:53:33 +0800] "GET /xingrg/all/function/internal_message.html?_=1616291609665&CODE_STATE=getMsg HTTP/1.1" 302 -
117.184.7.30 - - [21/Mar/2021:09:53:43 +0800] "GET /xingrg/check_reg.html?_=1616291618819 HTTP/1.1" 200 22
117.184.7.30 - - [21/Mar/2021:09:53:43 +0800] "GET /xingrg/all/function/internal_message.html?_=1616291618822&CODE_STATE=getMsg HTTP/1.1" 200 27
116.224.253.72 - - [21/Mar/2021:09:53:45 +0800] "GET /xingrg/all/function/internal_message.html?_=1616291621256&CODE_STATE=getMsg HTTP/1.1" 200 27
180.152.227.142 - - [21/Mar/2021:09:53:45 +0800] "POST /xingrg/kc/buy/cgsh_order_operate.html HTTP/1.1" 200 37
101.85.123.213 - - [21/Mar/2021:09:53:45 +0800] "GET /xingrg/kc/buy/cgsh_order_operate.html?command=get_materiel&rest_code=00142&code=00101008126&supplier_code=00100161&order_time=2021-03-21 HTTP/1.1" 200 23
180.152.227.142 - - [21/Mar/2021:09:53:46 +0800] "POST /xingrg/kc/buy/cgsh_order_operate.html HTTP/1.1" 200 10371
58.40.7.146 - - [21/Mar/2021:09:53:50 +0800] "GET /xingrg/all/function/internal_message.html?_=1616291626093&CODE_STATE=getMsg HTTP/1.1" 200 27
114.86.226.117 - - [21/Mar/2021:09:53:50 +0800] "GET /xingrg/all/function/internal_message.html?_=1616291626745&CODE_STATE=getMsg HTTP/1.1" 200 27
101.228.165.174 - - [21/Mar/2021:09:53:52 +0800] "GET /xingrg/all/function/internal_message.html?_=1616291650526&CODE_STATE=getMsg HTTP/1.1" 302 -
114.88.166.193 - - [21/Mar/2021:09:53:55 +0800] "GET /xingrg/all/function/internal_message.html?_=1616291629827&CODE_STATE=getMsg HTTP/1.1" 200 27
116.235.216.75 - - [21/Mar/2021:09:53:55 +0800] "GET /xingrg/all/function/internal_message.html?_=1616291631388&CODE_STATE=getMsg HTTP/1.1" 200 27
116.235.216.75 - - [21/Mar/2021:09:53:55 +0800] "GET /xingrg/kc/buy/cgsh_order_operate.html?command=get_materiel&rest_code=00107&code=00101008355&supplier_code=00100006&order_time=2021-03-21 HTTP/1.1" 200 408
180.169.147.146 - - [21/Mar/2021:09:53:57 +0800] "GET /xingrg/check_reg.html?_=1616291626153 HTTP/1.1" 200 22
101.85.123.213 - - [21/Mar/2021:09:53:57 +0800] "GET /xingrg HTTP/1.1" 302 -
101.85.123.213 - - [21/Mar/2021:09:53:57 +0800] "GET /xingrg/index.html HTTP/1.1" 302 -
101.85.123.213 - - [21/Mar/2021:09:53:57 +0800] "GET /xingrg/login.html HTTP/1.1" 200 7641
101.85.123.213 - - [21/Mar/2021:09:53:57 +0800] "GET /favicon.ico HTTP/1.1" 404 -
101.85.123.213 - - [21/Mar/2021:09:53:58 +0800] "GET /favicon.ico HTTP/1.1" 404 -
116.224.253.72 - - [21/Mar/2021:09:53:58 +0800] "GET /xingrg/all/function/internal_message.html?_=1616291588397&CODE_STATE=getMsg HTTP/1.1" 200 27
61.165.42.208 - - [21/Mar/2021:09:54:00 +0800] "GET /xingrg/all/function/internal_message.html?_=1616291636645&CODE_STATE=getMsg HTTP/1.1" 200 27
114.86.187.76 - - [21/Mar/2021:09:54:01 +0800] "GET /xingrg/all/function/internal_message.html?_=1616291643166&CODE_STATE=getMsg HTTP/1.1" 200 27
114.86.187.76 - - [21/Mar/2021:09:54:02 +0800] "GET /xingrg/check_reg.html?_=1616291643336 HTTP/1.1" 200 22
101.228.165.174 - - [21/Mar/2021:09:54:04 +0800] "GET /xingrg/all/function/internal_message.html?_=1616291662836&CODE_STATE=getMsg HTTP/1.1" 302 -
120.253.135.82 - - [21/Mar/2021:09:54:05 +0800] "GET /xingrg/check_reg.html?_=1616291414566 HTTP/1.1" 200 22
116.224.253.72 - - [21/Mar/2021:09:54:05 +0800] "POST /xingrg/kc/buy/cgsh_order_operate.html HTTP/1.1" 200 37
120.253.135.82 - - [21/Mar/2021:09:54:05 +0800] "GET /xingrg/all/function/internal_message.html?_=1616291414910&CODE_STATE=getMsg HTTP/1.1" 200 27
101.228.165.174 - - [21/Mar/2021:09:54:07 +0800] "GET /xingrg/all/function/internal_message.html?_=1616291649071&CODE_STATE=getMsg HTTP/1.1" 200 27
116.224.253.72 - - [21/Mar/2021:09:54:07 +0800] "POST /xingrg/kc/buy/cgsh_order_operate.html HTTP/1.1" 200 12
116.224.253.72 - - [21/Mar/2021:09:54:08 +0800] "GET /xingrg/kc/buy/cgsh_order_info.html?code=212021032109040 HTTP/1.1" 200 56648
116.224.253.72 - - [21/Mar/2021:09:54:08 +0800] "GET /xingrg/javascript/easyui/themes/default/validatebox.css HTTP/1.1" 404 1104
222.70.217.33 - - [21/Mar/2021:09:54:09 +0800] "GET /xingrg/all/function/internal_message.html?_=1616291642683&CODE_STATE=getMsg HTTP/1.1" 200 27
116.224.253.72 - - [21/Mar/2021:09:54:09 +0800] "POST /xingrg/kc/buy/cgsh_order_operate.html HTTP/1.1" 200 18546
101.85.123.213 - - [21/Mar/2021:09:54:09 +0800] "POST /xingrg/login.do HTTP/1.1" 302 -
101.85.123.213 - - [21/Mar/2021:09:54:09 +0800] "GET /xingrg/index.html?sysBaseUrl=http%3A%2F%2F180.169.147.146%3A18081%2Fxingrg%2F&costTime=110×tamp=1616291649873 HTTP/1.1" 200 17179
101.85.123.213 - - [21/Mar/2021:09:54:10 +0800] "GET /favicon.ico HTTP/1.1" 404 -
101.85.123.213 - - [21/Mar/2021:09:54:10 +0800] "POST /xingrg/all/common/load_tree.html?tree=area_rest_tree_json&manage=1 HTTP/1.1" 200 351
101.85.123.213 - - [21/Mar/2021:09:54:10 +0800] "GET /xingrg/all/function/internal_message.html?_=1616291221665&CODE_STATE=count HTTP/1.1" 200 11
101.85.123.213 - - [21/Mar/2021:09:54:10 +0800] "GET /xingrg/check_reg.html?_=1616291221666 HTTP/1.1" 200 22
101.85.123.213 - - [21/Mar/2021:09:54:10 +0800] "POST /xingrg/load_menu.html HTTP/1.1" 200 5138
116.224.253.72 - - [21/Mar/2021:09:54:10 +0800] "GET /xingrg/kc/print/load_data.html?order_code=212021032109040&kc_code=cgsh&condition= HTTP/1.1" 200 7646
114.83.220.15 - - [21/Mar/2021:09:54:12 +0800] "GET /xingrg/all/function/internal_message.html?_=1616291648044&CODE_STATE=getMsg HTTP/1.1" 200 27
101.85.123.213 - - [21/Mar/2021:09:54:12 +0800] "GET /xingrg/kc/buy/cgsh_order_list.html HTTP/1.1" 200 46372
180.169.147.146 - - [21/Mar/2021:09:54:13 +0800] "GET /xingrg/check_reg.html?_=1616291649705 HTTP/1.1" 200 22
180.169.147.146 - - [21/Mar/2021:09:54:13 +0800] "GET /xingrg/all/function/internal_message.html?_=1616291649709&CODE_STATE=getMsg HTTP/1.1" 200 27
101.85.123.213 - - [21/Mar/2021:09:54:17 +0800] "POST /xingrg/kc/buy/cgsh_list_operate.html HTTP/1.1" 200 3510
101.85.123.213 - - [21/Mar/2021:09:54:20 +0800] "GET /xingrg/javascript/jquery_easy_ui/themes/default/easyui.css HTTP/1.1" 304 -
101.85.123.213 - - [21/Mar/2021:09:54:20 +0800] "GET /xingrg/index.html?sysBaseUrl=http%3A%2F%2F180.169.147.146%3A18081%2Fxingrg%2F&costTime=110×tamp=1616291649873 HTTP/1.1" 200 17179
101.85.123.213 - - [21/Mar/2021:09:54:20 +0800] "GET /xingrg/javascript/jquery_easy_ui/themes/icon.css HTTP/1.1" 304 -
101.85.123.213 - - [21/Mar/2021:09:54:20 +0800] "GET /xingrg/css/form.css HTTP/1.1" 304 -
101.85.123.213 - - [21/Mar/2021:09:54:20 +0800] "GET /xingrg/javascript/jquery-1.4.2.min.js HTTP/1.1" 304 -
101.85.123.213 - - [21/Mar/2021:09:54:20 +0800] "GET /xingrg/javascript/jquery_easy_ui/jquery.easyui.min.js HTTP/1.1" 304 -
101.85.123.213 - - [21/Mar/2021:09:54:20 +0800] "GET /xingrg/javascript/jquery_easy_ui/easyui-lang-zh_CN.js HTTP/1.1" 304 -
101.85.123.213 - - [21/Mar/2021:09:54:20 +0800] "GET /xingrg/javascript/jquery.form.js HTTP/1.1" 304 -
101.85.123.213 - - [21/Mar/2021:09:54:20 +0800] "GET /xingrg/javascript/jquery.utils.js HTTP/1.1" 304 -
101.85.123.213 - - [21/Mar/2021:09:54:20 +0800] "GET /xingrg/javascript/jquery.timers.js HTTP/1.1" 304 -
101.85.123.213 - - [21/Mar/2021:09:54:20 +0800] "GET /xingrg/images/blue/jxLogo.png HTTP/1.1" 304 -
101.85.123.213 - - [21/Mar/2021:09:54:20 +0800] "GET /xingrg/images/blue/navBackgound.jpg HTTP/1.1" 304 -
101.85.123.213 - - [21/Mar/2021:09:54:20 +0800] "GET /xingrg/javascript/jquery_easy_ui/themes/icons/settle_new.png HTTP/1.1" 304 -
101.85.123.213 - - [21/Mar/2021:09:54:20 +0800] "POST /xingrg/all/common/load_tree.html?tree=area_rest_tree_json&manage=1 HTTP/1.1" 200 351
101.85.123.213 - - [21/Mar/2021:09:54:20 +0800] "GET /xingrg/check_reg.html?_=1616291232113 HTTP/1.1" 200 22
101.85.123.213 - - [21/Mar/2021:09:54:20 +0800] "GET /xingrg/all/function/internal_message.html?_=1616291232112&CODE_STATE=count HTTP/1.1" 200 11
101.85.123.213 - - [21/Mar/2021:09:54:20 +0800] "GET /xingrg/javascript/jquery_easy_ui/themes/default/images/panel_tool_collapse.gif HTTP/1.1" 304 -
101.85.123.213 - - [21/Mar/2021:09:54:20 +0800] "GET /xingrg/javascript/jquery_easy_ui/themes/default/images/tabs_leftarrow.png HTTP/1.1" 304 -
101.85.123.213 - - [21/Mar/2021:09:54:20 +0800] "GET /xingrg/images/blue/pingpu.png HTTP/1.1" 304 -
101.85.123.213 - - [21/Mar/2021:09:54:20 +0800] "GET /xingrg/javascript/jquery_easy_ui/themes/default/images/tabs_rightarrow.png HTTP/1.1" 304 -
101.85.123.213 - - [21/Mar/2021:09:54:20 +0800] "POST /xingrg/load_menu.html HTTP/1.1" 200 5138
101.85.123.213 - - [21/Mar/2021:09:54:20 +0800] "GET /xingrg/javascript/jquery_easy_ui/themes/default/images/tree_arrows.gif HTTP/1.1" 304 -
101.85.123.213 - - [21/Mar/2021:09:54:20 +0800] "GET /xingrg/javascript/jquery_easy_ui/themes/default/images/tree_file.gif HTTP/1.1" 304 -
101.85.123.213 - - [21/Mar/2021:09:54:20 +0800] "GET /xingrg/javascript/jquery_easy_ui/themes/default/images/tree_folder.gif HTTP/1.1" 304 -
101.85.123.213 - - [21/Mar/2021:09:54:20 +0800] "GET /xingrg/javascript/jquery_easy_ui/themes/icons/forms_new.png HTTP/1.1" 304 -
101.85.123.213 - - [21/Mar/2021:09:54:20 +0800] "GET /xingrg/javascript/jquery_easy_ui/themes/icons/storage_new.png HTTP/1.1" 304 -
101.85.123.213 - - [21/Mar/2021:09:54:20 +0800] "GET /xingrg/javascript/jquery_easy_ui/themes/default/images/tree_folder_open.gif HTTP/1.1" 304 -
101.85.123.213 - - [21/Mar/2021:09:54:20 +0800] "GET /xingrg/javascript/jquery_easy_ui/themes/icons/search_new.png HTTP/1.1" 304 -
101.228.165.174 - - [21/Mar/2021:09:54:21 +0800] "GET /xingrg/all/function/internal_message.html?_=1616291683667&CODE_STATE=getMsg HTTP/1.1" 200 27
101.228.165.174 - - [21/Mar/2021:09:54:22 +0800] "GET /xingrg/all/function/internal_message.html?_=1616291683838&CODE_STATE=getMsg HTTP/1.1" 200 27
114.83.220.15 - - [21/Mar/2021:09:54:23 +0800] "POST /xingrg/services/DataTransmitService HTTP/1.1" 401 565
114.83.220.15 - - [21/Mar/2021:09:54:23 +0800] "POST /xingrg/services/DataTransmitService HTTP/1.1" 200 478
114.83.220.15 - - [21/Mar/2021:09:54:23 +0800] "POST /xingrg/services/DataTransmitService HTTP/1.1" 200 1320
114.83.220.15 - - [21/Mar/2021:09:54:23 +0800] "POST /xingrg/services/DataTransmitService HTTP/1.1" 200 478
114.83.220.15 - - [21/Mar/2021:09:54:23 +0800] "POST /xingrg/services/DataTransmitService HTTP/1.1" 200 1320
114.83.220.15 - - [21/Mar/2021:09:54:23 +0800] "POST /xingrg/services/DataTransmitService HTTP/1.1" 200 524
114.83.220.15 - - [21/Mar/2021:09:54:23 +0800] "POST /xingrg/services/DataTransmitService HTTP/1.1" 200 1975
114.83.220.15 - - [21/Mar/2021:09:54:23 +0800] "POST /xingrg/services/DataTransmitService HTTP/1.1" 200 45454
114.83.220.15 - - [21/Mar/2021:09:54:23 +0800] "POST /xingrg/services/DataTransmitService HTTP/1.1" 200 19237
116.224.253.72 - - [21/Mar/2021:09:54:23 +0800] "POST /xingrg/all/user/operate.html HTTP/1.1" 200 36
116.224.253.72 - - [21/Mar/2021:09:54:23 +0800] "GET /xingrg/index.html?sysBaseUrl=http%3A%2F%2F180.169.147.146%3A18081%2Fxingrg%2F&costTime=44×tamp=1616287130452 HTTP/1.1" 200 17179
116.224.253.72 - - [21/Mar/2021:09:54:23 +0800] "GET /xingrg/javascript/jquery_easy_ui/themes/default/easyui.css HTTP/1.1" 304 -
116.224.253.72 - - [21/Mar/2021:09:54:23 +0800] "GET /xingrg/javascript/jquery_easy_ui/themes/icon.css HTTP/1.1" 304 -
116.224.253.72 - - [21/Mar/2021:09:54:23 +0800] "GET /xingrg/css/form.css HTTP/1.1" 304 -
116.224.253.72 - - [21/Mar/2021:09:54:23 +0800] "GET /xingrg/javascript/jquery-1.4.2.min.js HTTP/1.1" 304 -
116.224.253.72 - - [21/Mar/2021:09:54:23 +0800] "GET /xingrg/javascript/jquery_easy_ui/jquery.easyui.min.js HTTP/1.1" 304 -
116.224.253.72 - - [21/Mar/2021:09:54:23 +0800] "GET /xingrg/javascript/jquery_easy_ui/easyui-lang-zh_CN.js HTTP/1.1" 304 -
116.224.253.72 - - [21/Mar/2021:09:54:23 +0800] "GET /xingrg/javascript/jquery.form.js HTTP/1.1" 304 -
116.224.253.72 - - [21/Mar/2021:09:54:23 +0800] "GET /xingrg/javascript/jquery.utils.js HTTP/1.1" 304 -
116.224.253.72 - - [21/Mar/2021:09:54:23 +0800] "GET /xingrg/javascript/jquery.timers.js HTTP/1.1" 304 -
116.224.253.72 - - [21/Mar/2021:09:54:23 +0800] "GET /xingrg/images/blue/jxLogo.png HTTP/1.1" 304 -
116.224.253.72 - - [21/Mar/2021:09:54:23 +0800] "GET /xingrg/javascript/jquery_easy_ui/themes/icons/settle_new.png HTTP/1.1" 304 -
116.224.253.72 - - [21/Mar/2021:09:54:23 +0800] "GET /xingrg/images/blue/navBackgound.jpg HTTP/1.1" 304 -
116.224.253.72 - - [21/Mar/2021:09:54:24 +0800] "POST /xingrg/all/common/load_tree.html?tree=area_rest_tree_json&manage=1 HTTP/1.1" 200 476
116.224.253.72 - - [21/Mar/2021:09:54:24 +0800] "GET /xingrg/all/function/internal_message.html?_=1616291660247&CODE_STATE=count HTTP/1.1" 200 11
116.224.253.72 - - [21/Mar/2021:09:54:24 +0800] "GET /xingrg/check_reg.html?_=1616291660247 HTTP/1.1" 200 22
116.224.253.72 - - [21/Mar/2021:09:54:24 +0800] "GET /xingrg/javascript/jquery_easy_ui/themes/default/images/tabs_leftarrow.png HTTP/1.1" 304 -
116.224.253.72 - - [21/Mar/2021:09:54:24 +0800] "GET /xingrg/javascript/jquery_easy_ui/themes/default/images/tabs_rightarrow.png HTTP/1.1" 304 -
116.224.253.72 - - [21/Mar/2021:09:54:24 +0800] "GET /xingrg/images/blue/pingpu.png HTTP/1.1" 304 -
116.224.253.72 - - [21/Mar/2021:09:54:24 +0800] "GET /xingrg/javascript/jquery_easy_ui/themes/default/images/panel_tool_collapse.gif HTTP/1.1" 304 -
116.224.253.72 - - [21/Mar/2021:09:54:24 +0800] "POST /xingrg/load_menu.html HTTP/1.1" 200 5138
101.85.123.213 - - [21/Mar/2021:09:54:25 +0800] "GET /xingrg/kc/buy/cgsh_order_list.html HTTP/1.1" 200 46372
116.224.253.72 - - [21/Mar/2021:09:54:26 +0800] "GET /xingrg/kc/buy/cgsh_order_list.html HTTP/1.1" 200 46372
116.224.253.72 - - [21/Mar/2021:09:54:26 +0800] "POST /xingrg/kc/buy/cgsh_list_operate.html HTTP/1.1" 200 876
58.37.230.33 - - [21/Mar/2021:09:54:27 +0800] "GET /xingrg/all/function/internal_message.html?_=1616291664210&CODE_STATE=getMsg HTTP/1.1" 200 27
101.91.60.105 - - [21/Mar/2021:09:54:27 +0800] "GET /xingrg/all/function/internal_message.html?_=1616291604208&CODE_STATE=getMsg HTTP/1.1" 302 -
116.224.253.72 - - [21/Mar/2021:09:54:27 +0800] "GET /xingrg/kc/buy/cgsh_order_add.html HTTP/1.1" 200 62028
101.91.60.105 - - [21/Mar/2021:09:54:27 +0800] "GET /xingrg/login.html HTTP/1.1" 200 7641
116.224.253.72 - - [21/Mar/2021:09:54:28 +0800] "POST /xingrg/kc/buy/cgsh_order_operate.html HTTP/1.1" 200 8245
116.224.253.72 - - [21/Mar/2021:09:54:28 +0800] "GET /xingrg/javascript/easyui/themes/default/validatebox.css HTTP/1.1" 404 1104
180.152.227.142 - - [21/Mar/2021:09:54:29 +0800] "GET /xingrg/all/function/internal_message.html?_=1616291932748&CODE_STATE=getMsg HTTP/1.1" 200 27
116.224.253.72 - - [21/Mar/2021:09:54:30 +0800] "GET /xingrg/javascript/auto/indicator.gif HTTP/1.1" 404 1066
101.85.123.213 - - [21/Mar/2021:09:54:30 +0800] "POST /xingrg/kc/buy/cgsh_list_operate.html HTTP/1.1" 200 3510
101.85.123.213 - - [21/Mar/2021:09:54:32 +0800] "GET /xingrg/kc/buy/cgsh_order_add.html HTTP/1.1" 200 61222
58.37.192.63 - - [21/Mar/2021:09:54:32 +0800] "GET /xingrg/all/function/internal_message.html?_=1616292056173&CODE_STATE=getMsg HTTP/1.1" 200 27
101.85.123.213 - - [21/Mar/2021:09:54:32 +0800] "GET /xingrg/all/common/auto_word.html?type=employee&rest_code=00142 HTTP/1.1" 200 105
101.85.123.213 - - [21/Mar/2021:09:54:32 +0800] "GET /xingrg/all/common/auto_word.html?type=employee&rest_code=00142 HTTP/1.1" 200 105
101.85.123.213 - - [21/Mar/2021:09:54:32 +0800] "GET /xingrg/javascript/easyui/themes/default/validatebox.css HTTP/1.1" 404 1104
101.85.123.213 - - [21/Mar/2021:09:54:32 +0800] "POST /xingrg/kc/buy/cgsh_order_operate.html HTTP/1.1" 200 8245
101.229.174.197 - - [21/Mar/2021:09:54:33 +0800] "GET /xingrg/all/function/internal_message.html?_=1616291669665&CODE_STATE=getMsg HTTP/1.1" 302 -
101.229.174.197 - - [21/Mar/2021:09:54:33 +0800] "GET /xingrg/check_reg.html?_=1616291669666 HTTP/1.1" 302 -
116.235.216.75 - - [21/Mar/2021:09:54:33 +0800] "GET /xingrg/kc/buy/cgsh_order_operate.html?command=get_materiel&rest_code=00107&code=00101008270&supplier_code=00100006&order_time=2021-03-21 HTTP/1.1" 200 412
101.85.123.213 - - [21/Mar/2021:09:54:33 +0800] "GET /xingrg/javascript/auto/indicator.gif HTTP/1.1" 404 1066
116.224.253.72 - - [21/Mar/2021:09:54:35 +0800] "GET /xingrg/kc/buy/cgsh_order_operate.html?command=get_materiel&rest_code=00150&code=00101002041&supplier_code=00100151&order_time=2021-03-21 HTTP/1.1" 200 409
117.184.7.30 - - [21/Mar/2021:09:54:43 +0800] "GET /xingrg/all/function/internal_message.html?_=1616291678806&CODE_STATE=getMsg HTTP/1.1" 200 27
116.224.253.72 - - [21/Mar/2021:09:54:45 +0800] "POST /xingrg/kc/buy/cgsh_order_operate.html HTTP/1.1" 200 37
101.85.123.213 - - [21/Mar/2021:09:54:45 +0800] "GET /xingrg/kc/buy/cgsh_order_operate.html?command=get_materiel&rest_code=00142&code=00101008126&supplier_code=00100161&order_time=2021-03-21 HTTP/1.1" 200 412
116.224.253.72 - - [21/Mar/2021:09:54:47 +0800] "POST /xingrg/kc/buy/cgsh_order_operate.html HTTP/1.1" 200 12
116.224.253.72 - - [21/Mar/2021:09:54:48 +0800] "GET /xingrg/kc/buy/cgsh_order_info.html?code=212021032109054 HTTP/1.1" 200 56920
116.224.253.72 - - [21/Mar/2021:09:54:48 +0800] "GET /xingrg/javascript/easyui/themes/default/validatebox.css HTTP/1.1" 404 1104
116.224.253.72 - - [21/Mar/2021:09:54:48 +0800] "POST /xingrg/kc/buy/cgsh_order_operate.html HTTP/1.1" 200 603
114.83.220.15 - - [21/Mar/2021:09:54:48 +0800] "POST /xingrg/services/DataTransmitService HTTP/1.1" 200 524
114.83.220.15 - - [21/Mar/2021:09:54:49 +0800] "POST /xingrg/services/DataTransmitService HTTP/1.1" 200 501
116.224.253.72 - - [21/Mar/2021:09:54:50 +0800] "GET /xingrg/kc/print/load_data.html?order_code=212021032109054&kc_code=cgsh&condition= HTTP/1.1" 200 680
58.40.7.146 - - [21/Mar/2021:09:54:50 +0800] "GET /xingrg/all/function/internal_message.html?_=1616291686095&CODE_STATE=getMsg HTTP/1.1" 200 27
114.86.226.117 - - [21/Mar/2021:09:54:50 +0800] "GET /xingrg/all/function/internal_message.html?_=1616291686744&CODE_STATE=getMsg HTTP/1.1" 200 27
114.86.226.117 - - [21/Mar/2021:09:54:50 +0800] "GET /xingrg/check_reg.html?_=1616291686747 HTTP/1.1" 200 22
101.228.165.174 - - [21/Mar/2021:09:54:52 +0800] "GET /xingrg/all/function/internal_message.html?_=1616291710544&CODE_STATE=getMsg HTTP/1.1" 302 -
114.88.166.193 - - [21/Mar/2021:09:54:55 +0800] "GET /xingrg/all/function/internal_message.html?_=1616291689835&CODE_STATE=getMsg HTTP/1.1" 200 27
116.235.216.75 - - [21/Mar/2021:09:54:55 +0800] "GET /xingrg/all/function/internal_message.html?_=1616291691363&CODE_STATE=getMsg HTTP/1.1" 200 27
101.85.123.213 - - [21/Mar/2021:09:54:55 +0800] "GET /xingrg/kc/buy/cgsh_order_operate.html?command=get_materiel&rest_code=00142&code=00101008108&supplier_code=00100161&order_time=2021-03-21 HTTP/1.1" 200 412
114.83.220.15 - - [21/Mar/2021:09:54:56 +0800] "POST /xingrg/services/DataTransmitService HTTP/1.1" 200 524
116.224.253.72 - - [21/Mar/2021:09:54:58 +0800] "GET /xingrg/all/function/internal_message.html?_=1616291648417&CODE_STATE=getMsg HTTP/1.1" 200 27
61.165.42.208 - - [21/Mar/2021:09:55:00 +0800] "GET /xingrg/all/function/internal_message.html?_=1616291696653&CODE_STATE=getMsg HTTP/1.1" 200 27
114.86.187.76 - - [21/Mar/2021:09:55:01 +0800] "GET /xingrg/all/function/internal_message.html?_=1616291703143&CODE_STATE=getMsg HTTP/1.1" 200 27
101.85.123.213 - - [21/Mar/2021:09:55:02 +0800] "GET /xingrg/kc/buy/cgsh_order_operate.html?command=get_materiel&rest_code=00142&code=00101008368&supplier_code=00100161&order_time=2021-03-21 HTTP/1.1" 200 408
101.228.165.174 - - [21/Mar/2021:09:55:04 +0800] "GET /xingrg/all/function/internal_message.html?_=1616291722853&CODE_STATE=getMsg HTTP/1.1" 302 -
180.169.147.146 - - [21/Mar/2021:09:55:05 +0800] "GET /xingrg/check_reg.html?_=1616291686419 HTTP/1.1" 302 -
120.253.135.82 - - [21/Mar/2021:09:55:05 +0800] "GET /xingrg/all/function/internal_message.html?_=1616291474924&CODE_STATE=getMsg HTTP/1.1" 200 27
101.228.165.174 - - [21/Mar/2021:09:55:07 +0800] "GET /xingrg/all/function/internal_message.html?_=1616291709071&CODE_STATE=getMsg HTTP/1.1" 200 27
222.70.217.33 - - [21/Mar/2021:09:55:09 +0800] "GET /xingrg/all/function/internal_message.html?_=1616291702668&CODE_STATE=getMsg HTTP/1.1" 200 27
101.85.123.213 - - [21/Mar/2021:09:55:09 +0800] "GET /xingrg/kc/buy/cgsh_order_operate.html?command=get_materiel&rest_code=00142&code=00101008005&supplier_code=00100161&order_time=2021-03-21 HTTP/1.1" 200 412
114.83.220.15 - - [21/Mar/2021:09:55:12 +0800] "GET /xingrg/all/function/internal_message.html?_=1616291708042&CODE_STATE=getMsg HTTP/1.1" 200 27
180.169.147.146 - - [21/Mar/2021:09:55:13 +0800] "GET /xingrg/all/function/internal_message.html?_=1616291709693&CODE_STATE=getMsg HTTP/1.1" 200 27
116.224.253.72 - - [21/Mar/2021:09:55:17 +0800] "GET /xingrg/kc/buy/cgsh_order_add.html HTTP/1.1" 200 62028
116.224.253.72 - - [21/Mar/2021:09:55:17 +0800] "GET /xingrg/javascript/easyui/themes/default/validatebox.css HTTP/1.1" 404 1104
116.224.253.72 - - [21/Mar/2021:09:55:17 +0800] "POST /xingrg/kc/buy/cgsh_order_operate.html HTTP/1.1" 200 8245
101.85.123.213 - - [21/Mar/2021:09:55:18 +0800] "GET /xingrg/kc/buy/cgsh_order_operate.html?command=get_materiel&rest_code=00142&code=00101008261&supplier_code=00100161&order_time=2021-03-21 HTTP/1.1" 200 408
101.85.123.213 - - [21/Mar/2021:09:55:20 +0800] "GET /xingrg/all/function/internal_message.html?_=1616291292122&CODE_STATE=getMsg HTTP/1.1" 200 27
101.228.165.174 - - [21/Mar/2021:09:55:21 +0800] "GET /xingrg/all/function/internal_message.html?_=1616291743687&CODE_STATE=getMsg HTTP/1.1" 200 27
101.228.165.174 - - [21/Mar/2021:09:55:22 +0800] "GET /xingrg/all/function/internal_message.html?_=1616291743852&CODE_STATE=getMsg HTTP/1.1" 200 27
116.224.253.72 - - [21/Mar/2021:09:55:24 +0800] "GET /xingrg/all/function/internal_message.html?_=1616291720265&CODE_STATE=getMsg HTTP/1.1" 200 27
222.70.217.33 - - [21/Mar/2021:09:55:25 +0800] "GET /xingrg/check_reg.html?_=1616291719419 HTTP/1.1" 200 22
101.85.123.213 - - [21/Mar/2021:09:55:25 +0800] "GET /xingrg/kc/buy/cgsh_order_operate.html?command=get_materiel&rest_code=00142&code=00101008268&supplier_code=00100161&order_time=2021-03-21 HTTP/1.1" 200 408
58.37.230.33 - - [21/Mar/2021:09:55:27 +0800] "GET /xingrg/all/function/internal_message.html?_=1616291724260&CODE_STATE=getMsg HTTP/1.1" 200 27
58.37.230.33 - - [21/Mar/2021:09:55:27 +0800] "GET /xingrg/check_reg.html?_=1616291724261 HTTP/1.1" 200 22
116.224.253.72 - - [21/Mar/2021:09:55:28 +0800] "GET /xingrg/kc/buy/cgsh_order_operate.html?command=get_materiel&rest_code=00150&code=00101008509&supplier_code=00100450&order_time=2021-03-21 HTTP/1.1" 200 396
180.152.227.142 - - [21/Mar/2021:09:55:29 +0800] "GET /xingrg/all/function/internal_message.html?_=1616291992763&CODE_STATE=getMsg HTTP/1.1" 200 27
117.131.5.26 - - [21/Mar/2021:09:55:32 +0800] "GET /xingrg/all/function/internal_message.html?_=1616292116302&CODE_STATE=getMsg HTTP/1.1" 200 27
101.229.174.197 - - [21/Mar/2021:09:55:33 +0800] "GET /xingrg/all/function/internal_message.html?_=1616291729665&CODE_STATE=getMsg HTTP/1.1" 302 -
101.85.123.213 - - [21/Mar/2021:09:55:34 +0800] "GET /xingrg/kc/buy/cgsh_order_operate.html?command=get_materiel&rest_code=00142&code=00101008370&supplier_code=00100161&order_time=2021-03-21 HTTP/1.1" 200 412
116.224.253.72 - - [21/Mar/2021:09:55:36 +0800] "GET /xingrg/kc/buy/cgsh_order_operate.html?command=get_materiel&rest_code=00150&code=00101015046&supplier_code=00100450&order_time=2021-03-21 HTTP/1.1" 200 413
101.85.123.213 - - [21/Mar/2021:09:55:42 +0800] "GET /xingrg/kc/buy/cgsh_order_operate.html?command=get_materiel&rest_code=00142&code=00101008361&supplier_code=00100161&order_time=2021-03-21 HTTP/1.1" 200 408
117.184.7.30 - - [21/Mar/2021:09:55:43 +0800] "GET /xingrg/all/function/internal_message.html?_=1616291738810&CODE_STATE=getMsg HTTP/1.1" 200 27
116.224.253.72 - - [21/Mar/2021:09:55:43 +0800] "GET /xingrg/kc/buy/cgsh_order_operate.html?command=get_materiel&rest_code=00150&code=00101015038&supplier_code=00100450&order_time=2021-03-21 HTTP/1.1" 200 419
116.235.216.75 - - [21/Mar/2021:09:55:46 +0800] "GET /xingrg/kc/buy/cgsh_order_operate.html?command=get_materiel&rest_code=00107&code=00101008147&supplier_code=00100006&order_time=2021-03-21 HTTP/1.1" 200 417
116.224.253.72 - - [21/Mar/2021:09:55:49 +0800] "GET /xingrg/kc/buy/cgsh_order_operate.html?command=get_materiel&rest_code=00150&code=00101008284&supplier_code=00100450&order_time=2021-03-21 HTTP/1.1" 200 413
58.40.7.146 - - [21/Mar/2021:09:55:50 +0800] "GET /xingrg/check_reg.html?_=1616291746097 HTTP/1.1" 200 22
58.40.7.146 - - [21/Mar/2021:09:55:50 +0800] "GET /xingrg/all/function/internal_message.html?_=1616291746098&CODE_STATE=getMsg HTTP/1.1" 200 27
101.85.123.213 - - [21/Mar/2021:09:55:50 +0800] "GET /xingrg/kc/buy/cgsh_order_operate.html?command=get_materiel&rest_code=00142&code=00101008355&supplier_code=00100161&order_time=2021-03-21 HTTP/1.1" 200 408
114.86.226.117 - - [21/Mar/2021:09:55:50 +0800] "GET /xingrg/all/function/internal_message.html?_=1616291746746&CODE_STATE=getMsg HTTP/1.1" 200 27
101.228.165.174 - - [21/Mar/2021:09:55:52 +0800] "GET /xingrg/all/function/internal_message.html?_=1616291770554&CODE_STATE=getMsg HTTP/1.1" 302 -
114.88.166.193 - - [21/Mar/2021:09:55:55 +0800] "GET /xingrg/check_reg.html?_=1616291749621 HTTP/1.1" 200 22
116.235.216.75 - - [21/Mar/2021:09:55:55 +0800] "GET /xingrg/all/function/internal_message.html?_=1616291751344&CODE_STATE=getMsg HTTP/1.1" 200 27
114.88.166.193 - - [21/Mar/2021:09:55:55 +0800] "GET /xingrg/all/function/internal_message.html?_=1616291749851&CODE_STATE=getMsg HTTP/1.1" 200 27
116.235.216.75 - - [21/Mar/2021:09:55:55 +0800] "GET /xingrg/check_reg.html?_=1616291752057 HTTP/1.1" 200 22
101.85.123.213 - - [21/Mar/2021:09:55:57 +0800] "GET /xingrg/kc/buy/cgsh_order_operate.html?command=get_materiel&rest_code=00142&code=00101008024&supplier_code=00100161&order_time=2021-03-21 HTTP/1.1" 200 408
116.224.253.72 - - [21/Mar/2021:09:55:58 +0800] "GET /xingrg/all/function/internal_message.html?_=1616291708423&CODE_STATE=getMsg HTTP/1.1" 200 27
61.165.42.208 - - [21/Mar/2021:09:56:00 +0800] "GET /xingrg/all/function/internal_message.html?_=1616291756653&CODE_STATE=getMsg HTTP/1.1" 200 27
114.86.187.76 - - [21/Mar/2021:09:56:01 +0800] "GET /xingrg/all/function/internal_message.html?_=1616291763125&CODE_STATE=getMsg HTTP/1.1" 200 27
180.152.227.142 - - [21/Mar/2021:09:56:04 +0800] "GET /xingrg/check_reg.html?_=1616292027841 HTTP/1.1" 200 22
101.228.165.174 - - [21/Mar/2021:09:56:04 +0800] "GET /xingrg/all/function/internal_message.html?_=1616291782862&CODE_STATE=getMsg HTTP/1.1" 302 -
116.224.253.72 - - [21/Mar/2021:09:56:05 +0800] "POST /xingrg/kc/buy/cgsh_order_operate.html HTTP/1.1" 200 37
101.85.123.213 - - [21/Mar/2021:09:56:05 +0800] "GET /xingrg/kc/buy/cgsh_order_operate.html?command=get_materiel&rest_code=00142&code=00101008356&supplier_code=00100161&order_time=2021-03-21 HTTP/1.1" 200 408
101.228.165.174 - - [21/Mar/2021:09:56:06 +0800] "GET /xingrg/check_reg.html?_=1616291788255 HTTP/1.1" 200 22
101.228.165.174 - - [21/Mar/2021:09:56:07 +0800] "GET /xingrg/all/function/internal_message.html?_=1616291769070&CODE_STATE=getMsg HTTP/1.1" 200 27
116.224.253.72 - - [21/Mar/2021:09:56:07 +0800] "POST /xingrg/kc/buy/cgsh_order_operate.html HTTP/1.1" 200 12
116.224.253.72 - - [21/Mar/2021:09:56:08 +0800] "GET /xingrg/kc/buy/cgsh_order_info.html?code=212021032109055 HTTP/1.1" 200 56942
116.224.253.72 - - [21/Mar/2021:09:56:08 +0800] "GET /xingrg/javascript/easyui/themes/default/validatebox.css HTTP/1.1" 404 1104
222.70.217.33 - - [21/Mar/2021:09:56:08 +0800] "GET /xingrg/all/function/internal_message.html?_=1616291762641&CODE_STATE=getMsg HTTP/1.1" 200 27
116.224.253.72 - - [21/Mar/2021:09:56:09 +0800] "POST /xingrg/kc/buy/cgsh_order_operate.html HTTP/1.1" 200 2383
116.224.253.72 - - [21/Mar/2021:09:56:10 +0800] "GET /xingrg/kc/print/load_data.html?order_code=212021032109055&kc_code=cgsh&condition= HTTP/1.1" 200 1401
116.235.216.75 - - [21/Mar/2021:09:56:11 +0800] "GET /xingrg/kc/buy/cgsh_order_operate.html?command=get_materiel&rest_code=00107&code=00101008238&supplier_code=00100006&order_time=2021-03-21 HTTP/1.1" 200 416
114.83.220.15 - - [21/Mar/2021:09:56:12 +0800] "GET /xingrg/all/function/internal_message.html?_=1616291768044&CODE_STATE=getMsg HTTP/1.1" 200 27
180.169.147.146 - - [21/Mar/2021:09:56:13 +0800] "GET /xingrg/all/function/internal_message.html?_=1616291769699&CODE_STATE=getMsg HTTP/1.1" 200 27
101.85.123.213 - - [21/Mar/2021:09:56:20 +0800] "GET /xingrg/all/function/internal_message.html?_=1616291352120&CODE_STATE=getMsg HTTP/1.1" 200 27
101.228.165.174 - - [21/Mar/2021:09:56:21 +0800] "GET /xingrg/all/function/internal_message.html?_=1616291803694&CODE_STATE=getMsg HTTP/1.1" 200 27
101.228.165.174 - - [21/Mar/2021:09:56:22 +0800] "GET /xingrg/all/function/internal_message.html?_=1616291803865&CODE_STATE=getMsg HTTP/1.1" 200 27
116.224.253.72 - - [21/Mar/2021:09:56:24 +0800] "GET /xingrg/all/function/internal_message.html?_=1616291780274&CODE_STATE=getMsg HTTP/1.1" 200 27
101.85.123.213 - - [21/Mar/2021:09:56:26 +0800] "GET /xingrg/kc/buy/cgsh_order_operate.html?command=get_materiel&rest_code=00142&code=00101008286&supplier_code=00100161&order_time=2021-03-21 HTTP/1.1" 200 408
116.235.216.75 - - [21/Mar/2021:09:56:26 +0800] "GET /xingrg/kc/buy/cgsh_order_operate.html?command=get_materiel&rest_code=00107&code=00101008230&supplier_code=00100006&order_time=2021-03-21 HTTP/1.1" 200 408
58.37.230.33 - - [21/Mar/2021:09:56:27 +0800] "GET /xingrg/all/function/internal_message.html?_=1616291784263&CODE_STATE=getMsg HTTP/1.1" 200 27
101.91.62.99 - - [21/Mar/2021:09:56:27 +0800] "GET /xingrg/all/function/internal_message.html?_=1616291724260&CODE_STATE=getMsg HTTP/1.1" 302 -
180.152.227.142 - - [21/Mar/2021:09:56:29 +0800] "GET /xingrg/all/function/internal_message.html?_=1616292052778&CODE_STATE=getMsg HTTP/1.1" 200 27
101.91.62.99 - - [21/Mar/2021:09:56:30 +0800] "GET /xingrg/login.html HTTP/1.1" 200 7641
117.131.5.26 - - [21/Mar/2021:09:56:32 +0800] "GET /xingrg/all/function/internal_message.html?_=1616292176309&CODE_STATE=getMsg HTTP/1.1" 200 27
101.229.174.197 - - [21/Mar/2021:09:56:33 +0800] "GET /xingrg/all/function/internal_message.html?_=1616291789666&CODE_STATE=getMsg HTTP/1.1" 302 -
101.85.123.213 - - [21/Mar/2021:09:56:35 +0800] "GET /xingrg/kc/buy/cgsh_order_operate.html?command=get_materiel&rest_code=00142&code=00101008366&supplier_code=00100161&order_time=2021-03-21 HTTP/1.1" 200 408
116.235.216.75 - - [21/Mar/2021:09:56:36 +0800] "GET /xingrg/kc/buy/cgsh_order_operate.html?command=get_materiel&rest_code=00107&code=00101008069&supplier_code=00100006&order_time=2021-03-21 HTTP/1.1" 200 412
116.235.216.75 - - [21/Mar/2021:09:56:39 +0800] "POST /xingrg/kc/buy/cgsh_order_operate.html HTTP/1.1" 200 2065
101.228.165.174 - - [21/Mar/2021:09:56:39 +0800] "GET /xingrg/check_reg.html?_=1616291817779 HTTP/1.1" 302 -
117.184.7.30 - - [21/Mar/2021:09:56:43 +0800] "GET /xingrg/all/function/internal_message.html?_=1616291798812&CODE_STATE=getMsg HTTP/1.1" 200 27
116.235.216.75 - - [21/Mar/2021:09:56:43 +0800] "GET /xingrg/kc/buy/cgsh_order_operate.html?command=get_materiel&rest_code=00107&code=00101008286&supplier_code=00100006&order_time=2021-03-21 HTTP/1.1" 200 408
101.85.123.213 - - [21/Mar/2021:09:56:45 +0800] "GET /xingrg/kc/buy/cgsh_order_operate.html?command=get_materiel&rest_code=00142&code=00101008350&supplier_code=00100161&order_time=2021-03-21 HTTP/1.1" 200 408
58.40.7.146 - - [21/Mar/2021:09:56:50 +0800] "GET /xingrg/all/function/internal_message.html?_=1616291806101&CODE_STATE=getMsg HTTP/1.1" 200 27
114.86.226.117 - - [21/Mar/2021:09:56:50 +0800] "GET /xingrg/all/function/internal_message.html?_=1616291806748&CODE_STATE=getMsg HTTP/1.1" 200 27
101.228.165.174 - - [21/Mar/2021:09:56:51 +0800] "GET /xingrg/check_reg.html?_=1616291830076 HTTP/1.1" 302 -
101.228.165.174 - - [21/Mar/2021:09:56:52 +0800] "GET /xingrg/all/function/internal_message.html?_=1616291830570&CODE_STATE=getMsg HTTP/1.1" 302 -
101.85.123.213 - - [21/Mar/2021:09:56:53 +0800] "GET /xingrg/kc/buy/cgsh_order_operate.html?command=get_materiel&rest_code=00142&code=00101008312&supplier_code=00100161&order_time=2021-03-21 HTTP/1.1" 200 412
116.235.216.75 - - [21/Mar/2021:09:56:55 +0800] "GET /xingrg/all/function/internal_message.html?_=1616291811342&CODE_STATE=getMsg HTTP/1.1" 200 27
114.88.166.193 - - [21/Mar/2021:09:56:55 +0800] "GET /xingrg/all/function/internal_message.html?_=1616291809864&CODE_STATE=getMsg HTTP/1.1" 200 27
116.224.253.72 - - [21/Mar/2021:09:56:58 +0800] "GET /xingrg/all/function/internal_message.html?_=1616291768449&CODE_STATE=getMsg HTTP/1.1" 200 27
61.165.42.208 - - [21/Mar/2021:09:57:00 +0800] "GET /xingrg/all/function/internal_message.html?_=1616291816644&CODE_STATE=getMsg HTTP/1.1" 200 27
114.86.187.76 - - [21/Mar/2021:09:57:01 +0800] "GET /xingrg/all/function/internal_message.html?_=1616291823106&CODE_STATE=getMsg HTTP/1.1" 200 27
116.235.216.75 - - [21/Mar/2021:09:57:02 +0800] "GET /xingrg/kc/buy/cgsh_order_operate.html?command=get_materiel&rest_code=00107&code=00101008352&supplier_code=00100006&order_time=2021-03-21 HTTP/1.1" 200 414
101.85.123.213 - - [21/Mar/2021:09:57:02 +0800] "GET /xingrg/kc/buy/cgsh_order_operate.html?command=get_materiel&rest_code=00142&code=00101008072&supplier_code=00100161&order_time=2021-03-21 HTTP/1.1" 200 408
101.228.165.174 - - [21/Mar/2021:09:57:04 +0800] "GET /xingrg/all/function/internal_message.html?_=1616291842880&CODE_STATE=getMsg HTTP/1.1" 302 -
101.228.165.174 - - [21/Mar/2021:09:57:07 +0800] "GET /xingrg/check_reg.html?_=1616291829069 HTTP/1.1" 200 22
101.228.165.174 - - [21/Mar/2021:09:57:07 +0800] "GET /xingrg/all/function/internal_message.html?_=1616291829074&CODE_STATE=getMsg HTTP/1.1" 200 27
222.70.217.33 - - [21/Mar/2021:09:57:08 +0800] "GET /xingrg/all/function/internal_message.html?_=1616291822612&CODE_STATE=getMsg HTTP/1.1" 200 27
101.85.123.213 - - [21/Mar/2021:09:57:09 +0800] "GET /xingrg/kc/buy/cgsh_order_operate.html?command=get_materiel&rest_code=00142&code=00101016057&supplier_code=00100161&order_time=2021-03-21 HTTP/1.1" 200 408
114.83.220.15 - - [21/Mar/2021:09:57:12 +0800] "GET /xingrg/all/function/internal_message.html?_=1616291828061&CODE_STATE=getMsg HTTP/1.1" 200 27
180.152.227.142 - - [21/Mar/2021:09:57:12 +0800] "GET /xingrg/kc/buy/cgsh_order_operate.html?command=get_materiel&rest_code=00102&code=00101019670&supplier_code=00100151&order_time=2021-03-21 HTTP/1.1" 200 423
180.169.147.146 - - [21/Mar/2021:09:57:13 +0800] "GET /xingrg/all/function/internal_message.html?_=1616291829703&CODE_STATE=getMsg HTTP/1.1" 200 27
116.235.216.75 - - [21/Mar/2021:09:57:14 +0800] "GET /xingrg/kc/buy/cgsh_order_operate.html?command=get_materiel&rest_code=00107&code=00101008098&supplier_code=00100006&order_time=2021-03-21 HTTP/1.1" 200 412
101.85.123.213 - - [21/Mar/2021:09:57:18 +0800] "GET /xingrg/kc/buy/cgsh_order_operate.html?command=get_materiel&rest_code=00142&code=00101008169&supplier_code=00100161&order_time=2021-03-21 HTTP/1.1" 200 412
101.85.123.213 - - [21/Mar/2021:09:57:20 +0800] "GET /xingrg/all/function/internal_message.html?_=1616291412130&CODE_STATE=getMsg HTTP/1.1" 200 27
101.228.165.174 - - [21/Mar/2021:09:57:21 +0800] "GET /xingrg/all/function/internal_message.html?_=1616291863707&CODE_STATE=getMsg HTTP/1.1" 200 27
101.228.165.174 - - [21/Mar/2021:09:57:22 +0800] "GET /xingrg/all/function/internal_message.html?_=1616291864035&CODE_STATE=getMsg HTTP/1.1" 200 27
116.235.216.75 - - [21/Mar/2021:09:57:23 +0800] "GET /xingrg/kc/buy/cgsh_order_operate.html?command=get_materiel&rest_code=00107&code=00101008353&supplier_code=00100006&order_time=2021-03-21 HTTP/1.1" 200 408
116.224.253.72 - - [21/Mar/2021:09:57:24 +0800] "GET /xingrg/all/function/internal_message.html?_=1616291840274&CODE_STATE=getMsg HTTP/1.1" 200 27
58.37.230.33 - - [21/Mar/2021:09:57:27 +0800] "GET /xingrg/all/function/internal_message.html?_=1616291844267&CODE_STATE=getMsg HTTP/1.1" 200 27
101.89.239.232 - - [21/Mar/2021:09:57:27 +0800] "GET /xingrg/all/function/internal_message.html?_=1616291784263&CODE_STATE=getMsg HTTP/1.1" 302 -
101.85.123.213 - - [21/Mar/2021:09:57:27 +0800] "GET /xingrg/kc/buy/cgsh_order_operate.html?command=get_materiel&rest_code=00142&code=00101008137&supplier_code=00100161&order_time=2021-03-21 HTTP/1.1" 200 408
101.89.239.232 - - [21/Mar/2021:09:57:27 +0800] "GET /xingrg/login.html HTTP/1.1" 200 7641
180.152.227.142 - - [21/Mar/2021:09:57:29 +0800] "GET /xingrg/all/function/internal_message.html?_=1616292112797&CODE_STATE=getMsg HTTP/1.1" 200 27
101.85.123.213 - - [21/Mar/2021:09:57:29 +0800] "POST /xingrg/kc/buy/cgsh_order_operate.html HTTP/1.1" 200 2065
117.131.5.26 - - [21/Mar/2021:09:57:32 +0800] "GET /xingrg/all/function/internal_message.html?_=1616292236434&CODE_STATE=getMsg HTTP/1.1" 200 27
101.229.174.197 - - [21/Mar/2021:09:57:33 +0800] "GET /xingrg/all/function/internal_message.html?_=1616291849668&CODE_STATE=getMsg HTTP/1.1" 302 -
101.85.123.213 - - [21/Mar/2021:09:57:35 +0800] "GET /xingrg/kc/buy/cgsh_order_operate.html?command=get_materiel&rest_code=00142&code=00101008354&supplier_code=00100161&order_time=2021-03-21 HTTP/1.1" 200 412
117.184.7.30 - - [21/Mar/2021:09:57:43 +0800] "GET /xingrg/all/function/internal_message.html?_=1616291858811&CODE_STATE=getMsg HTTP/1.1" 200 27
101.85.123.213 - - [21/Mar/2021:09:57:45 +0800] "GET /xingrg/kc/buy/cgsh_order_operate.html?command=get_materiel&rest_code=00142&code=00101008032&supplier_code=00100161&order_time=2021-03-21 HTTP/1.1" 200 408
116.224.253.72 - - [21/Mar/2021:09:57:46 +0800] "GET /xingrg/check_reg.html?_=1616291816397 HTTP/1.1" 200 22
116.235.216.75 - - [21/Mar/2021:09:57:48 +0800] "GET /xingrg/kc/buy/cgsh_order_operate.html?command=get_materiel&rest_code=00107&code=00101008005&supplier_code=00100006&order_time=2021-03-21 HTTP/1.1" 200 412
58.40.7.146 - - [21/Mar/2021:09:57:50 +0800] "GET /xingrg/all/function/internal_message.html?_=1616291866089&CODE_STATE=getMsg HTTP/1.1" 200 27
114.86.226.117 - - [21/Mar/2021:09:57:50 +0800] "GET /xingrg/all/function/internal_message.html?_=1616291866752&CODE_STATE=getMsg HTTP/1.1" 200 27
101.85.123.213 - - [21/Mar/2021:09:57:51 +0800] "GET /xingrg/kc/buy/cgsh_order_operate.html?command=get_materiel&rest_code=00142&code=00101008275&supplier_code=00100161&order_time=2021-03-21 HTTP/1.1" 200 417
116.235.216.75 - - [21/Mar/2021:09:57:51 +0800] "POST /xingrg/kc/buy/cgsh_order_operate.html HTTP/1.1" 200 2065
117.131.5.26 - - [21/Mar/2021:09:57:52 +0800] "GET /xingrg/check_reg.html?_=1616292256133 HTTP/1.1" 200 22
101.228.165.174 - - [21/Mar/2021:09:57:52 +0800] "GET /xingrg/all/function/internal_message.html?_=1616291890581&CODE_STATE=getMsg HTTP/1.1" 302 -
116.235.216.75 - - [21/Mar/2021:09:57:55 +0800] "GET /xingrg/all/function/internal_message.html?_=1616291871316&CODE_STATE=getMsg HTTP/1.1" 200 27
114.88.166.193 - - [21/Mar/2021:09:57:55 +0800] "GET /xingrg/all/function/internal_message.html?_=1616291869877&CODE_STATE=getMsg HTTP/1.1" 200 27
116.224.253.72 - - [21/Mar/2021:09:57:58 +0800] "GET /xingrg/all/function/internal_message.html?_=1616291828451&CODE_STATE=getMsg HTTP/1.1" 200 27
101.85.123.213 - - [21/Mar/2021:09:57:59 +0800] "GET /xingrg/kc/buy/cgsh_order_operate.html?command=get_materiel&rest_code=00142&code=00101015070&supplier_code=00100161&order_time=2021-03-21 HTTP/1.1" 200 413
61.165.42.208 - - [21/Mar/2021:09:58:00 +0800] "GET /xingrg/check_reg.html?_=1616291876645 HTTP/1.1" 200 22
61.165.42.208 - - [21/Mar/2021:09:58:00 +0800] "GET /xingrg/all/function/internal_message.html?_=1616291876648&CODE_STATE=getMsg HTTP/1.1" 200 27
114.86.187.76 - - [21/Mar/2021:09:58:01 +0800] "GET /xingrg/all/function/internal_message.html?_=1616291883104&CODE_STATE=getMsg HTTP/1.1" 200 27
101.228.165.174 - - [21/Mar/2021:09:58:03 +0800] "GET /xingrg/check_reg.html?_=1616291905397 HTTP/1.1" 200 22
114.83.220.15 - - [21/Mar/2021:09:58:04 +0800] "POST /xingrg/services/DataTransmitService HTTP/1.1" 200 501
101.228.165.174 - - [21/Mar/2021:09:58:04 +0800] "GET /xingrg/all/function/internal_message.html?_=1616291902889&CODE_STATE=getMsg HTTP/1.1" 302 -
114.83.220.15 - - [21/Mar/2021:09:58:06 +0800] "POST /xingrg/services/DataTransmitService HTTP/1.1" 200 501
101.228.165.174 - - [21/Mar/2021:09:58:07 +0800] "GET /xingrg/all/function/internal_message.html?_=1616291889065&CODE_STATE=getMsg HTTP/1.1" 200 27
180.152.227.142 - - [21/Mar/2021:09:58:07 +0800] "POST /xingrg/kc/buy/cgsh_order_operate.html HTTP/1.1" 200 37
116.224.253.72 - - [21/Mar/2021:09:58:08 +0800] "GET /xingrg/kc/buy/cgsh_order_list.html HTTP/1.1" 200 46372
222.70.217.33 - - [21/Mar/2021:09:58:08 +0800] "GET /xingrg/all/function/internal_message.html?_=1616291882584&CODE_STATE=getMsg HTTP/1.1" 200 27
116.224.253.72 - - [21/Mar/2021:09:58:09 +0800] "POST /xingrg/kc/buy/cgsh_list_operate.html HTTP/1.1" 200 876
101.85.123.213 - - [21/Mar/2021:09:58:09 +0800] "GET /xingrg/kc/buy/cgsh_order_operate.html?command=get_materiel&rest_code=00142&code=00101008323&supplier_code=00100161&order_time=2021-03-21 HTTP/1.1" 200 408
116.235.216.75 - - [21/Mar/2021:09:58:11 +0800] "GET /xingrg/kc/buy/cgsh_order_operate.html?command=get_materiel&rest_code=00107&code=00101008302&supplier_code=00100006&order_time=2021-03-21 HTTP/1.1" 200 431
116.224.253.72 - - [21/Mar/2021:09:58:11 +0800] "GET /xingrg/javascript/jquery_tools/images/prev.gif HTTP/1.1" 404 1086
116.224.253.72 - - [21/Mar/2021:09:58:11 +0800] "GET /xingrg/javascript/jquery_tools/images/next.gif HTTP/1.1" 404 1086
114.83.220.15 - - [21/Mar/2021:09:58:12 +0800] "GET /xingrg/check_reg.html?_=1616291888049 HTTP/1.1" 200 22
114.83.220.15 - - [21/Mar/2021:09:58:12 +0800] "GET /xingrg/all/function/internal_message.html?_=1616291888051&CODE_STATE=getMsg HTTP/1.1" 200 27
180.169.147.146 - - [21/Mar/2021:09:58:13 +0800] "GET /xingrg/all/function/internal_message.html?_=1616291889706&CODE_STATE=getMsg HTTP/1.1" 200 27
101.85.123.213 - - [21/Mar/2021:09:58:14 +0800] "POST /xingrg/kc/buy/cgsh_order_operate.html HTTP/1.1" 200 2065
180.152.227.142 - - [21/Mar/2021:09:58:19 +0800] "POST /xingrg/kc/buy/cgsh_order_operate.html HTTP/1.1" 200 10983
101.85.123.213 - - [21/Mar/2021:09:58:20 +0800] "GET /xingrg/all/function/internal_message.html?_=1616291472128&CODE_STATE=getMsg HTTP/1.1" 200 27
101.85.123.213 - - [21/Mar/2021:09:58:21 +0800] "GET /xingrg/kc/buy/cgsh_order_operate.html?command=get_materiel&rest_code=00142&code=00101008205&supplier_code=00100161&order_time=2021-03-21 HTTP/1.1" 200 412
116.235.216.75 - - [21/Mar/2021:09:58:21 +0800] "GET /xingrg/kc/buy/cgsh_order_operate.html?command=get_materiel&rest_code=00107&code=00101008027&supplier_code=00100006&order_time=2021-03-21 HTTP/1.1" 200 409
101.228.165.174 - - [21/Mar/2021:09:58:21 +0800] "GET /xingrg/all/function/internal_message.html?_=1616291923730&CODE_STATE=getMsg HTTP/1.1" 200 27
101.228.165.174 - - [21/Mar/2021:09:58:22 +0800] "GET /xingrg/all/function/internal_message.html?_=1616291924049&CODE_STATE=getMsg HTTP/1.1" 200 27
116.224.253.72 - - [21/Mar/2021:09:58:24 +0800] "GET /xingrg/all/function/internal_message.html?_=1616291900278&CODE_STATE=getMsg HTTP/1.1" 200 27
116.224.253.72 - - [21/Mar/2021:09:58:24 +0800] "POST /xingrg/kc/buy/cgsh_list_operate.html HTTP/1.1" 200 2512
58.37.230.33 - - [21/Mar/2021:09:58:27 +0800] "GET /xingrg/all/function/internal_message.html?_=1616291904265&CODE_STATE=getMsg HTTP/1.1" 200 27
101.85.123.213 - - [21/Mar/2021:09:58:28 +0800] "GET /xingrg/kc/buy/cgsh_order_operate.html?command=get_materiel&rest_code=00142&code=00101008459&supplier_code=00100161&order_time=2021-03-21 HTTP/1.1" 200 395
180.152.227.142 - - [21/Mar/2021:09:58:29 +0800] "GET /xingrg/all/function/internal_message.html?_=1616292172804&CODE_STATE=getMsg HTTP/1.1" 200 27
116.224.253.72 - - [21/Mar/2021:09:58:31 +0800] "POST /xingrg/kc/buy/cgsh_list_operate.html HTTP/1.1" 200 2514
117.131.5.26 - - [21/Mar/2021:09:58:32 +0800] "GET /xingrg/all/function/internal_message.html?_=1616292296448&CODE_STATE=getMsg HTTP/1.1" 200 27
101.229.174.197 - - [21/Mar/2021:09:58:33 +0800] "GET /xingrg/all/function/internal_message.html?_=1616291909667&CODE_STATE=getMsg HTTP/1.1" 302 -
114.83.220.15 - - [21/Mar/2021:09:58:33 +0800] "POST /xingrg/services/DataTransmitService HTTP/1.1" 200 501
116.235.216.75 - - [21/Mar/2021:09:58:35 +0800] "GET /xingrg/kc/buy/cgsh_order_operate.html?command=get_materiel&rest_code=00107&code=00101008112&supplier_code=00100006&order_time=2021-03-21 HTTP/1.1" 200 414
101.85.123.213 - - [21/Mar/2021:09:58:39 +0800] "GET /xingrg/kc/buy/cgsh_order_operate.html?command=get_materiel&rest_code=00142&code=00101008352&supplier_code=00100161&order_time=2021-03-21 HTTP/1.1" 200 412
117.184.7.30 - - [21/Mar/2021:09:58:43 +0800] "GET /xingrg/all/function/internal_message.html?_=1616291918813&CODE_STATE=getMsg HTTP/1.1" 200 27
117.184.7.30 - - [21/Mar/2021:09:58:43 +0800] "GET /xingrg/check_reg.html?_=1616291918815 HTTP/1.1" 200 22
