183.192.164.71 - - [19/Mar/2021:10:19:56 +0800] "GET /xingrg/kc/buy/cgsh_order_operate.html?command=get_materiel&rest_code=00106&code=00101006062&supplier_code=00100015&order_time=2021-03-19 HTTP/1.1" 302 -
61.151.207.141 - - [19/Mar/2021:10:20:01 +0800] "GET /xingrg/login.html HTTP/1.1" 200 7641
183.192.164.71 - - [19/Mar/2021:10:20:02 +0800] "GET /xingrg/login.html HTTP/1.1" 200 7641
101.228.165.174 - - [19/Mar/2021:10:20:04 +0800] "GET /xingrg/all/function/internal_message.html?_=1616120406166&CODE_STATE=getMsg HTTP/1.1" 200 27
116.224.253.72 - - [19/Mar/2021:10:20:07 +0800] "GET /xingrg/kc/mdqp/qqps_order_list.html HTTP/1.1" 200 9222
116.224.253.72 - - [19/Mar/2021:10:20:07 +0800] "GET /xingrg/css/blue.css HTTP/1.1" 304 -
116.224.253.72 - - [19/Mar/2021:10:20:07 +0800] "GET /xingrg/javascript/Calendar.js HTTP/1.1" 304 -
116.224.253.72 - - [19/Mar/2021:10:20:07 +0800] "GET /xingrg/dwr/util.js HTTP/1.1" 304 -
116.224.253.72 - - [19/Mar/2021:10:20:07 +0800] "GET /xingrg/javascript/myfunction.js HTTP/1.1" 304 -
116.224.253.72 - - [19/Mar/2021:10:20:07 +0800] "GET /xingrg/javascript/ToolTips.js HTTP/1.1" 304 -
116.224.253.72 - - [19/Mar/2021:10:20:07 +0800] "GET /xingrg/dwr/interface/AjaxQqpsService.js HTTP/1.1" 200 16326
116.224.253.72 - - [19/Mar/2021:10:20:07 +0800] "GET /xingrg/dwr/interface/AjaxReportQueryService.js HTTP/1.1" 200 13203
116.224.253.72 - - [19/Mar/2021:10:20:07 +0800] "GET /xingrg/dwr/engine.js HTTP/1.1" 200 43631
58.37.192.63 - - [19/Mar/2021:10:20:07 +0800] "GET /xingrg/all/function/internal_message.html?_=1616120475088&CODE_STATE=getMsg HTTP/1.1" 200 27
58.221.95.50 - - [19/Mar/2021:10:20:07 +0800] "GET /xingrg/all/function/internal_message.html?_=1616120406202&CODE_STATE=getMsg HTTP/1.1" 302 -
116.224.253.72 - - [19/Mar/2021:10:20:10 +0800] "GET /xingrg/javascript/tools/jquery.qtip-1.0.0-rc3.min.js HTTP/1.1" 304 -
116.224.253.72 - - [19/Mar/2021:10:20:10 +0800] "GET /xingrg/javascript/Grid.js HTTP/1.1" 304 -
116.224.253.72 - - [19/Mar/2021:10:20:10 +0800] "GET /xingrg/javascript/AjaxInfoList.js HTTP/1.1" 304 -
116.224.253.72 - - [19/Mar/2021:10:20:10 +0800] "GET /xingrg/dwr/interface/AjaxQqpsService.js HTTP/1.1" 200 16326
116.224.253.72 - - [19/Mar/2021:10:20:10 +0800] "GET /xingrg/kc/mdqp/qqps_order_add.html HTTP/1.1" 200 28002
116.224.253.72 - - [19/Mar/2021:10:20:10 +0800] "GET /xingrg/dwr/interface/AjaxComOrderService.js HTTP/1.1" 200 18264
116.224.253.72 - - [19/Mar/2021:10:20:10 +0800] "GET /xingrg/dwr/engine.js HTTP/1.1" 200 43631
180.169.147.146 - - [19/Mar/2021:10:20:13 +0800] "GET /xingrg/all/function/internal_message.html?_=1616120406287&CODE_STATE=getMsg HTTP/1.1" 200 27
117.185.32.26 - - [19/Mar/2021:10:20:14 +0800] "GET /xingrg/kc/buy/cgsh_order_add.html HTTP/1.1" 200 62110
117.185.32.26 - - [19/Mar/2021:10:20:15 +0800] "GET /xingrg/javascript/easyui/themes/default/validatebox.css HTTP/1.1" 404 1104
117.185.32.26 - - [19/Mar/2021:10:20:15 +0800] "POST /xingrg/kc/buy/cgsh_order_operate.html HTTP/1.1" 200 8245
117.185.32.26 - - [19/Mar/2021:10:20:16 +0800] "GET /xingrg/javascript/easyui/themes/default/tree.css HTTP/1.1" 404 1090
117.185.32.26 - - [19/Mar/2021:10:20:16 +0800] "POST /xingrg/all/common/load_tree.html?tree=supplier_tree_json&isDelete=1 HTTP/1.1" 200 54827
116.224.253.72 - - [19/Mar/2021:10:20:21 +0800] "POST /xingrg/dwr/call/plaincall/AjaxQqpsService.saveOrder.dwr HTTP/1.1" 200 78
116.224.253.72 - - [19/Mar/2021:10:20:22 +0800] "GET /xingrg/javascript/auto/indicator.gif HTTP/1.1" 404 1066
120.204.17.73 - - [19/Mar/2021:10:20:23 +0800] "GET /xingrg/kc/buy/cgsh_order_info.html?code=212021031908110 HTTP/1.1" 302 -
117.185.32.26 - - [19/Mar/2021:10:20:24 +0800] "GET /xingrg/all/function/internal_message.html?_=1616120437796&CODE_STATE=getMsg HTTP/1.1" 200 27
183.192.164.214 - - [19/Mar/2021:10:20:24 +0800] "GET /xingrg/all/function/internal_message.html?_=1616120377823&CODE_STATE=getMsg HTTP/1.1" 302 -
116.224.253.72 - - [19/Mar/2021:10:20:25 +0800] "GET /xingrg/all/function/internal_message.html?_=1616120422230&CODE_STATE=getMsg HTTP/1.1" 200 27
116.224.253.72 - - [19/Mar/2021:10:20:25 +0800] "POST /xingrg/dwr/call/plaincall/AjaxQqpsService.getMaterielByCode.dwr HTTP/1.1" 200 3583
222.70.217.33 - - [19/Mar/2021:10:20:25 +0800] "GET /xingrg/all/function/internal_message.html?_=1616120421580&CODE_STATE=getMsg HTTP/1.1" 200 27
120.204.17.73 - - [19/Mar/2021:10:20:26 +0800] "GET /xingrg/login.html HTTP/1.1" 200 7641
116.224.253.72 - - [19/Mar/2021:10:20:28 +0800] "POST /xingrg/dwr/call/plaincall/AjaxQqpsService.saveMaterielItem.dwr HTTP/1.1" 200 78
116.224.253.72 - - [19/Mar/2021:10:20:30 +0800] "POST /xingrg/dwr/call/plaincall/AjaxQqpsService.checkOrder.dwr HTTP/1.1" 200 78
183.192.164.214 - - [19/Mar/2021:10:20:31 +0800] "GET /xingrg/login.html HTTP/1.1" 200 7641
117.185.32.26 - - [19/Mar/2021:10:20:31 +0800] "GET /xingrg/kc/buy/cgsh_order_operate.html?command=get_materiel&rest_code=00106&code=00101007048&supplier_code=00100002&order_time=2021-03-19 HTTP/1.1" 200 408
116.224.253.72 - - [19/Mar/2021:10:20:31 +0800] "GET /xingrg/kc/mdqp/qqps_order_info.html?code=302021031900410 HTTP/1.1" 200 26409
116.224.253.72 - - [19/Mar/2021:10:20:31 +0800] "GET /xingrg/dwr/interface/AjaxComOrderService.js HTTP/1.1" 200 18264
116.224.253.72 - - [19/Mar/2021:10:20:31 +0800] "GET /xingrg/dwr/interface/AjaxQqpsService.js HTTP/1.1" 200 16326
116.224.253.72 - - [19/Mar/2021:10:20:31 +0800] "GET /xingrg/dwr/engine.js HTTP/1.1" 200 43631
180.169.147.146 - - [19/Mar/2021:10:20:31 +0800] "GET /xingrg/all/function/internal_message.html?_=1616120432104&CODE_STATE=getMsg HTTP/1.1" 200 27
180.169.147.146 - - [19/Mar/2021:10:20:31 +0800] "GET /xingrg/check_reg.html?_=1616120432108 HTTP/1.1" 200 22
116.224.253.72 - - [19/Mar/2021:10:20:32 +0800] "POST /xingrg/dwr/call/plaincall/AjaxQqpsService.loadMaterielItems.dwr HTTP/1.1" 200 331
120.253.135.82 - - [19/Mar/2021:10:20:33 +0800] "GET /xingrg/all/function/internal_message.html?_=1616120490737&CODE_STATE=getMsg HTTP/1.1" 200 27
116.235.216.75 - - [19/Mar/2021:10:20:35 +0800] "GET /xingrg/all/function/internal_message.html?_=1616120426092&CODE_STATE=getMsg HTTP/1.1" 200 27
116.235.216.75 - - [19/Mar/2021:10:20:35 +0800] "GET /xingrg/check_reg.html?_=1616120426323 HTTP/1.1" 200 22
61.165.42.208 - - [19/Mar/2021:10:20:38 +0800] "GET /xingrg/all/function/internal_message.html?_=1616120420160&CODE_STATE=getMsg HTTP/1.1" 200 27
117.185.32.26 - - [19/Mar/2021:10:20:40 +0800] "GET /xingrg/kc/buy/cgsh_order_operate.html?command=get_materiel&rest_code=00106&code=00101007059&supplier_code=00100002&order_time=2021-03-19 HTTP/1.1" 200 409
58.37.230.33 - - [19/Mar/2021:10:20:42 +0800] "GET /xingrg/all/function/internal_message.html?_=1616120462188&CODE_STATE=getMsg HTTP/1.1" 200 27
114.88.166.193 - - [19/Mar/2021:10:20:47 +0800] "GET /xingrg/all/function/internal_message.html?_=1616120442881&CODE_STATE=getMsg HTTP/1.1" 200 27
61.165.42.208 - - [19/Mar/2021:10:20:48 +0800] "GET /xingrg/all/function/internal_message.html?_=1616120449122&CODE_STATE=getMsg HTTP/1.1" 200 27
101.228.165.174 - - [19/Mar/2021:10:20:50 +0800] "GET /xingrg/all/function/internal_message.html?_=1616120465007&CODE_STATE=getMsg HTTP/1.1" 200 27
117.185.32.26 - - [19/Mar/2021:10:20:52 +0800] "POST /xingrg/kc/buy/cgsh_order_operate.html HTTP/1.1" 200 37
180.161.117.173 - - [19/Mar/2021:10:20:53 +0800] "GET /xingrg/check_reg.html?_=1616120706804 HTTP/1.1" 302 -
180.161.117.173 - - [19/Mar/2021:10:20:53 +0800] "GET /xingrg/login.html HTTP/1.1" 200 7641
116.224.253.72 - - [19/Mar/2021:10:20:54 +0800] "GET /xingrg/all/function/internal_message.html?_=1616120407516&CODE_STATE=getMsg HTTP/1.1" 200 27
114.83.222.187 - - [19/Mar/2021:10:20:55 +0800] "GET /xingrg/check_reg.html?_=1616120450390 HTTP/1.1" 200 22
114.83.222.187 - - [19/Mar/2021:10:20:55 +0800] "GET /xingrg/all/function/internal_message.html?_=1616120450394&CODE_STATE=getMsg HTTP/1.1" 200 27
117.185.32.26 - - [19/Mar/2021:10:20:56 +0800] "POST /xingrg/kc/buy/cgsh_order_operate.html HTTP/1.1" 200 12
117.185.32.26 - - [19/Mar/2021:10:21:00 +0800] "GET /xingrg/kc/buy/cgsh_order_info.html?code=212021031908111 HTTP/1.1" 200 57014
117.185.32.26 - - [19/Mar/2021:10:21:01 +0800] "GET /xingrg/javascript/easyui/themes/default/validatebox.css HTTP/1.1" 404 1104
117.185.32.26 - - [19/Mar/2021:10:21:01 +0800] "POST /xingrg/kc/buy/cgsh_order_operate.html HTTP/1.1" 200 1194
101.228.165.174 - - [19/Mar/2021:10:21:04 +0800] "GET /xingrg/all/function/internal_message.html?_=1616120466165&CODE_STATE=getMsg HTTP/1.1" 200 27
117.185.32.26 - - [19/Mar/2021:10:21:04 +0800] "GET /xingrg/kc/print/load_data.html?order_code=212021031908111&kc_code=cgsh&condition= HTTP/1.1" 200 999
58.37.192.63 - - [19/Mar/2021:10:21:07 +0800] "GET /xingrg/all/function/internal_message.html?_=1616120535088&CODE_STATE=getMsg HTTP/1.1" 200 27
58.221.95.50 - - [19/Mar/2021:10:21:07 +0800] "GET /xingrg/all/function/internal_message.html?_=1616120466174&CODE_STATE=getMsg HTTP/1.1" 302 -
117.185.32.26 - - [19/Mar/2021:10:21:09 +0800] "GET /xingrg/kc/print/load_data.html?order_code=212021031908111&kc_code=cgsh HTTP/1.1" 200 999
58.221.95.50 - - [19/Mar/2021:10:21:10 +0800] "GET /xingrg/check_reg.html?_=1616120468690 HTTP/1.1" 302 -
180.169.147.146 - - [19/Mar/2021:10:21:13 +0800] "GET /xingrg/all/function/internal_message.html?_=1616120466256&CODE_STATE=getMsg HTTP/1.1" 200 27
180.169.147.146 - - [19/Mar/2021:10:21:21 +0800] "GET /xingrg/check_reg.html?_=1616120473980 HTTP/1.1" 200 22
117.185.32.26 - - [19/Mar/2021:10:21:22 +0800] "GET /xingrg/check_reg.html?_=1616120495773 HTTP/1.1" 200 22
180.169.147.146 - - [19/Mar/2021:10:21:22 +0800] "GET /favicon.ico HTTP/1.1" 404 -
180.169.147.146 - - [19/Mar/2021:10:21:22 +0800] "GET /favicon.ico HTTP/1.1" 404 -
180.169.147.146 - - [19/Mar/2021:10:21:23 +0800] "GET /favicon.ico HTTP/1.1" 404 -
117.185.32.26 - - [19/Mar/2021:10:21:24 +0800] "GET /xingrg/all/function/internal_message.html?_=1616120497767&CODE_STATE=getMsg HTTP/1.1" 200 27
180.169.147.146 - - [19/Mar/2021:10:21:24 +0800] "GET /favicon.ico HTTP/1.1" 404 -
116.224.253.72 - - [19/Mar/2021:10:21:25 +0800] "GET /xingrg/all/function/internal_message.html?_=1616120482227&CODE_STATE=getMsg HTTP/1.1" 200 27
222.70.217.33 - - [19/Mar/2021:10:21:25 +0800] "GET /xingrg/all/function/internal_message.html?_=1616120481550&CODE_STATE=getMsg HTTP/1.1" 200 27
116.224.253.72 - - [19/Mar/2021:10:21:28 +0800] "GET /xingrg/dwr/interface/AjaxQqpsService.js HTTP/1.1" 200 16326
116.224.253.72 - - [19/Mar/2021:10:21:28 +0800] "GET /xingrg/dwr/interface/AjaxComOrderService.js HTTP/1.1" 200 18264
116.224.253.72 - - [19/Mar/2021:10:21:28 +0800] "GET /xingrg/dwr/engine.js HTTP/1.1" 200 43631
116.224.253.72 - - [19/Mar/2021:10:21:28 +0800] "GET /xingrg/kc/mdqp/qqps_order_add.html HTTP/1.1" 200 28002
117.185.32.26 - - [19/Mar/2021:10:21:30 +0800] "GET /xingrg/kc/buy/cgsh_order_add.html HTTP/1.1" 200 62110
117.185.32.26 - - [19/Mar/2021:10:21:30 +0800] "GET /xingrg/javascript/easyui/themes/default/validatebox.css HTTP/1.1" 404 1104
117.185.32.26 - - [19/Mar/2021:10:21:30 +0800] "POST /xingrg/kc/buy/cgsh_order_operate.html HTTP/1.1" 200 8245
117.185.32.26 - - [19/Mar/2021:10:21:31 +0800] "GET /xingrg/javascript/easyui/themes/default/tree.css HTTP/1.1" 404 1090
117.185.32.26 - - [19/Mar/2021:10:21:31 +0800] "POST /xingrg/all/common/load_tree.html?tree=supplier_tree_json&isDelete=1 HTTP/1.1" 200 54827
180.169.147.146 - - [19/Mar/2021:10:21:31 +0800] "GET /xingrg/all/function/internal_message.html?_=1616120492110&CODE_STATE=getMsg HTTP/1.1" 200 27
120.253.135.82 - - [19/Mar/2021:10:21:33 +0800] "GET /xingrg/all/function/internal_message.html?_=1616120550764&CODE_STATE=getMsg HTTP/1.1" 200 27
116.235.216.75 - - [19/Mar/2021:10:21:35 +0800] "GET /xingrg/all/function/internal_message.html?_=1616120486091&CODE_STATE=getMsg HTTP/1.1" 200 27
61.165.42.208 - - [19/Mar/2021:10:21:38 +0800] "GET /xingrg/all/function/internal_message.html?_=1616120480160&CODE_STATE=getMsg HTTP/1.1" 200 27
114.83.222.187 - - [19/Mar/2021:10:21:39 +0800] "GET /xingrg/kc/base/wldb_order_list.html HTTP/1.1" 200 19345
116.224.253.72 - - [19/Mar/2021:10:21:39 +0800] "POST /xingrg/dwr/call/plaincall/AjaxQqpsService.saveOrder.dwr HTTP/1.1" 200 78
114.83.222.187 - - [19/Mar/2021:10:21:39 +0800] "POST /xingrg/kc/base/wldb_list_operate.html HTTP/1.1" 200 928
116.224.253.72 - - [19/Mar/2021:10:21:41 +0800] "GET /xingrg/javascript/auto/indicator.gif HTTP/1.1" 404 1066
114.83.222.187 - - [19/Mar/2021:10:21:41 +0800] "GET /xingrg/kc/base/wldb_order_add.html HTTP/1.1" 200 30508
114.83.222.187 - - [19/Mar/2021:10:21:41 +0800] "POST /xingrg/kc/base/wldb_order_operate.html HTTP/1.1" 200 6806
114.83.222.187 - - [19/Mar/2021:10:21:41 +0800] "GET /xingrg/all/common/auto_word.html?type=base&rest_code=00149 HTTP/1.1" 200 1811
114.83.222.187 - - [19/Mar/2021:10:21:41 +0800] "GET /xingrg/all/common/auto_word.html?type=base&rest_code=00149 HTTP/1.1" 200 1811
114.83.222.187 - - [19/Mar/2021:10:21:41 +0800] "GET /xingrg/javascript/easyui/themes/default/validatebox.css HTTP/1.1" 404 1104
58.37.230.33 - - [19/Mar/2021:10:21:42 +0800] "GET /xingrg/all/function/internal_message.html?_=1616120522190&CODE_STATE=getMsg HTTP/1.1" 200 27
58.37.230.33 - - [19/Mar/2021:10:21:42 +0800] "GET /xingrg/check_reg.html?_=1616120522192 HTTP/1.1" 200 22
117.185.32.26 - - [19/Mar/2021:10:21:43 +0800] "GET /xingrg/kc/buy/cgsh_order_operate.html?command=get_materiel&rest_code=00106&code=00101012002&supplier_code=00100032&order_time=2021-03-19 HTTP/1.1" 200 419
116.224.253.72 - - [19/Mar/2021:10:21:45 +0800] "POST /xingrg/dwr/call/plaincall/AjaxQqpsService.getMaterielByCode.dwr HTTP/1.1" 200 3658
114.88.166.193 - - [19/Mar/2021:10:21:47 +0800] "GET /xingrg/all/function/internal_message.html?_=1616120503374&CODE_STATE=getMsg HTTP/1.1" 200 27
61.165.42.208 - - [19/Mar/2021:10:21:48 +0800] "GET /xingrg/check_reg.html?_=1616120509151 HTTP/1.1" 200 22
61.165.42.208 - - [19/Mar/2021:10:21:48 +0800] "GET /xingrg/all/function/internal_message.html?_=1616120509122&CODE_STATE=getMsg HTTP/1.1" 200 27
101.228.165.174 - - [19/Mar/2021:10:21:50 +0800] "GET /xingrg/all/function/internal_message.html?_=1616120525016&CODE_STATE=getMsg HTTP/1.1" 200 27
114.83.222.187 - - [19/Mar/2021:10:21:51 +0800] "GET /xingrg/kc/base/wldb_order_operate.html?command=get_materiel&rest_code=00149&base_code=0010394&code=00101027001 HTTP/1.1" 200 471
116.224.253.72 - - [19/Mar/2021:10:21:52 +0800] "POST /xingrg/all/user/operate.html HTTP/1.1" 200 36
116.224.253.72 - - [19/Mar/2021:10:21:53 +0800] "GET /xingrg/javascript/jquery_easy_ui/themes/default/easyui.css HTTP/1.1" 304 -
116.224.253.72 - - [19/Mar/2021:10:21:53 +0800] "GET /xingrg/index.html?sysBaseUrl=http%3A%2F%2F180.169.147.146%3A18081%2Fxingrg%2F&costTime=51×tamp=1615872240235 HTTP/1.1" 200 17179
116.224.253.72 - - [19/Mar/2021:10:21:53 +0800] "GET /xingrg/javascript/jquery_easy_ui/themes/icon.css HTTP/1.1" 304 -
116.224.253.72 - - [19/Mar/2021:10:21:53 +0800] "GET /xingrg/css/form.css HTTP/1.1" 304 -
116.224.253.72 - - [19/Mar/2021:10:21:53 +0800] "GET /xingrg/javascript/jquery-1.4.2.min.js HTTP/1.1" 304 -
116.224.253.72 - - [19/Mar/2021:10:21:53 +0800] "GET /xingrg/javascript/jquery_easy_ui/jquery.easyui.min.js HTTP/1.1" 304 -
116.224.253.72 - - [19/Mar/2021:10:21:53 +0800] "GET /xingrg/javascript/jquery_easy_ui/easyui-lang-zh_CN.js HTTP/1.1" 304 -
116.224.253.72 - - [19/Mar/2021:10:21:53 +0800] "GET /xingrg/javascript/jquery.form.js HTTP/1.1" 304 -
116.224.253.72 - - [19/Mar/2021:10:21:53 +0800] "GET /xingrg/javascript/jquery.utils.js HTTP/1.1" 304 -
116.224.253.72 - - [19/Mar/2021:10:21:53 +0800] "GET /xingrg/javascript/jquery.timers.js HTTP/1.1" 304 -
116.224.253.72 - - [19/Mar/2021:10:21:53 +0800] "GET /xingrg/images/blue/jxLogo.png HTTP/1.1" 304 -
116.224.253.72 - - [19/Mar/2021:10:21:53 +0800] "GET /xingrg/javascript/jquery_easy_ui/themes/icons/settle_new.png HTTP/1.1" 304 -
116.224.253.72 - - [19/Mar/2021:10:21:53 +0800] "GET /xingrg/images/blue/navBackgound.jpg HTTP/1.1" 304 -
116.224.253.72 - - [19/Mar/2021:10:21:53 +0800] "POST /xingrg/all/common/load_tree.html?tree=area_rest_tree_json&manage=1 HTTP/1.1" 200 476
116.224.253.72 - - [19/Mar/2021:10:21:53 +0800] "GET /xingrg/all/function/internal_message.html?_=1616120510711&CODE_STATE=count HTTP/1.1" 200 11
116.224.253.72 - - [19/Mar/2021:10:21:53 +0800] "GET /xingrg/check_reg.html?_=1616120510712 HTTP/1.1" 200 22
116.224.253.72 - - [19/Mar/2021:10:21:53 +0800] "GET /xingrg/javascript/jquery_easy_ui/themes/default/images/tabs_leftarrow.png HTTP/1.1" 304 -
116.224.253.72 - - [19/Mar/2021:10:21:53 +0800] "GET /xingrg/javascript/jquery_easy_ui/themes/default/images/tabs_rightarrow.png HTTP/1.1" 304 -
116.224.253.72 - - [19/Mar/2021:10:21:53 +0800] "GET /xingrg/images/blue/pingpu.png HTTP/1.1" 304 -
116.224.253.72 - - [19/Mar/2021:10:21:53 +0800] "GET /xingrg/javascript/jquery_easy_ui/themes/default/images/panel_tool_collapse.gif HTTP/1.1" 304 -
116.224.253.72 - - [19/Mar/2021:10:21:53 +0800] "POST /xingrg/load_menu.html HTTP/1.1" 200 5138
116.224.253.72 - - [19/Mar/2021:10:21:54 +0800] "GET /xingrg/check_reg.html?_=1616120466906 HTTP/1.1" 200 22
116.224.253.72 - - [19/Mar/2021:10:21:54 +0800] "POST /xingrg/dwr/call/plaincall/AjaxQqpsService.saveMaterielItem.dwr HTTP/1.1" 200 78
116.224.253.72 - - [19/Mar/2021:10:21:54 +0800] "GET /xingrg/all/function/internal_message.html?_=1616120467529&CODE_STATE=getMsg HTTP/1.1" 200 27
114.83.222.187 - - [19/Mar/2021:10:21:55 +0800] "GET /xingrg/all/function/internal_message.html?_=1616120510397&CODE_STATE=getMsg HTTP/1.1" 200 27
114.83.222.187 - - [19/Mar/2021:10:21:55 +0800] "GET /xingrg/kc/base/wldb_order_operate.html?command=get_materiel&rest_code=00149&base_code=0010394&code=00101019066 HTTP/1.1" 200 441
117.185.32.26 - - [19/Mar/2021:10:21:57 +0800] "GET /xingrg/kc/buy/cgsh_order_operate.html?command=get_materiel&rest_code=00106&code=00101002022&supplier_code=00100032&order_time=2021-03-19 HTTP/1.1" 200 429
116.224.253.72 - - [19/Mar/2021:10:21:58 +0800] "GET /xingrg/kc/mdqp/qqps_order_list.html HTTP/1.1" 200 10065
116.224.253.72 - - [19/Mar/2021:10:21:58 +0800] "GET /xingrg/dwr/util.js HTTP/1.1" 304 -
116.224.253.72 - - [19/Mar/2021:10:21:58 +0800] "GET /xingrg/dwr/interface/AjaxReportQueryService.js HTTP/1.1" 200 13203
116.224.253.72 - - [19/Mar/2021:10:21:58 +0800] "GET /xingrg/dwr/interface/AjaxQqpsService.js HTTP/1.1" 200 16326
116.224.253.72 - - [19/Mar/2021:10:21:58 +0800] "GET /xingrg/dwr/engine.js HTTP/1.1" 200 43631
114.83.222.187 - - [19/Mar/2021:10:21:59 +0800] "GET /xingrg/kc/base/wldb_order_operate.html?command=get_materiel&rest_code=00149&base_code=0010394&code=00101019058 HTTP/1.1" 200 454
116.224.253.72 - - [19/Mar/2021:10:22:00 +0800] "GET /xingrg/kc/mdqp/qqps_order_add.html HTTP/1.1" 200 27998
116.224.253.72 - - [19/Mar/2021:10:22:00 +0800] "GET /xingrg/dwr/interface/AjaxQqpsService.js HTTP/1.1" 200 16326
116.224.253.72 - - [19/Mar/2021:10:22:00 +0800] "GET /xingrg/dwr/interface/AjaxComOrderService.js HTTP/1.1" 200 18264
116.224.253.72 - - [19/Mar/2021:10:22:00 +0800] "GET /xingrg/dwr/engine.js HTTP/1.1" 200 43631
116.224.253.72 - - [19/Mar/2021:10:22:02 +0800] "POST /xingrg/dwr/call/plaincall/AjaxQqpsService.getMaterielByCode.dwr HTTP/1.1" 200 3633
114.83.222.187 - - [19/Mar/2021:10:22:03 +0800] "GET /xingrg/kc/base/wldb_order_operate.html?command=get_materiel&rest_code=00149&base_code=0010394&code=00101019400 HTTP/1.1" 200 450
101.228.165.174 - - [19/Mar/2021:10:22:04 +0800] "GET /xingrg/all/function/internal_message.html?_=1616120526164&CODE_STATE=getMsg HTTP/1.1" 200 27
101.228.165.174 - - [19/Mar/2021:10:22:04 +0800] "GET /xingrg/check_reg.html?_=1616120526168 HTTP/1.1" 200 22
58.37.192.63 - - [19/Mar/2021:10:22:07 +0800] "GET /xingrg/all/function/internal_message.html?_=1616120595087&CODE_STATE=getMsg HTTP/1.1" 200 27
117.185.32.26 - - [19/Mar/2021:10:22:07 +0800] "GET /xingrg/kc/buy/cgsh_order_operate.html?command=get_materiel&rest_code=00106&code=00101010161&supplier_code=00100032&order_time=2021-03-19 HTTP/1.1" 200 409
58.221.95.50 - - [19/Mar/2021:10:22:07 +0800] "GET /xingrg/all/function/internal_message.html?_=1616120526145&CODE_STATE=getMsg HTTP/1.1" 302 -
183.192.164.71 - - [19/Mar/2021:10:22:08 +0800] "GET /xingrg/kc/buy/cgsh_order_info.html?code=212021031908111 HTTP/1.1" 302 -
114.83.222.187 - - [19/Mar/2021:10:22:08 +0800] "GET /xingrg/kc/base/wldb_order_operate.html?command=get_materiel&rest_code=00149&base_code=0010394&code=00101019306 HTTP/1.1" 200 463
116.224.253.72 - - [19/Mar/2021:10:22:09 +0800] "POST /xingrg/dwr/call/plaincall/AjaxQqpsService.saveOrder.dwr HTTP/1.1" 200 78
183.192.164.71 - - [19/Mar/2021:10:22:11 +0800] "GET /xingrg/login.html HTTP/1.1" 200 7641
116.224.253.72 - - [19/Mar/2021:10:22:12 +0800] "GET /xingrg/javascript/auto/indicator.gif HTTP/1.1" 404 1066
114.83.222.187 - - [19/Mar/2021:10:22:12 +0800] "GET /xingrg/kc/base/wldb_order_operate.html?command=get_materiel&rest_code=00149&base_code=0010394&code=00101019391 HTTP/1.1" 200 471
180.169.147.146 - - [19/Mar/2021:10:22:13 +0800] "GET /xingrg/all/function/internal_message.html?_=1616120526238&CODE_STATE=getMsg HTTP/1.1" 200 27
116.224.253.72 - - [19/Mar/2021:10:22:14 +0800] "POST /xingrg/dwr/call/plaincall/AjaxQqpsService.getMaterielByCode.dwr HTTP/1.1" 200 3589
117.185.32.26 - - [19/Mar/2021:10:22:15 +0800] "GET /xingrg/kc/buy/cgsh_order_operate.html?command=get_materiel&rest_code=00106&code=00101012003&supplier_code=00100032&order_time=2021-03-19 HTTP/1.1" 200 413
120.253.135.82 - - [19/Mar/2021:10:22:18 +0800] "GET /xingrg/check_reg.html?_=1616120595825 HTTP/1.1" 200 22
114.83.222.187 - - [19/Mar/2021:10:22:19 +0800] "GET /xingrg/kc/base/wldb_order_operate.html?command=get_materiel&rest_code=00149&base_code=0010394&code=00101019133 HTTP/1.1" 200 466
116.224.253.72 - - [19/Mar/2021:10:22:20 +0800] "POST /xingrg/dwr/call/plaincall/AjaxQqpsService.saveMaterielItem.dwr HTTP/1.1" 200 78
116.224.253.72 - - [19/Mar/2021:10:22:22 +0800] "POST /xingrg/dwr/call/plaincall/AjaxQqpsService.saveMaterielItem.dwr HTTP/1.1" 200 78
114.83.222.187 - - [19/Mar/2021:10:22:23 +0800] "GET /xingrg/kc/base/wldb_order_operate.html?command=get_materiel&rest_code=00149&base_code=0010394&code=00101019127 HTTP/1.1" 200 466
117.185.32.26 - - [19/Mar/2021:10:22:23 +0800] "GET /xingrg/kc/buy/cgsh_order_operate.html?command=get_materiel&rest_code=00106&code=00101010248&supplier_code=00100032&order_time=2021-03-19 HTTP/1.1" 200 430
117.185.32.26 - - [19/Mar/2021:10:22:24 +0800] "GET /xingrg/all/function/internal_message.html?_=1616120557781&CODE_STATE=getMsg HTTP/1.1" 200 27
117.185.32.26 - - [19/Mar/2021:10:22:24 +0800] "POST /xingrg/all/common/load_select.html HTTP/1.1" 200 25
222.70.217.33 - - [19/Mar/2021:10:22:25 +0800] "GET /xingrg/all/function/internal_message.html?_=1616120541521&CODE_STATE=getMsg HTTP/1.1" 200 27
114.83.222.187 - - [19/Mar/2021:10:22:27 +0800] "GET /xingrg/kc/base/wldb_order_operate.html?command=get_materiel&rest_code=00149&base_code=0010394&code=00101019376 HTTP/1.1" 200 462
117.185.32.26 - - [19/Mar/2021:10:22:27 +0800] "GET /xingrg/kc/buy/cgsh_order_operate.html?command=get_materiel_price&rest_code=00106&code=00101010248&unit_code=00100043&supplier_code=00100032&order_time=2021-03-19 HTTP/1.1" 200 29
116.224.253.72 - - [19/Mar/2021:10:22:27 +0800] "POST /xingrg/dwr/call/plaincall/AjaxQqpsService.getMaterielByCode.dwr HTTP/1.1" 200 3629
116.224.253.72 - - [19/Mar/2021:10:22:30 +0800] "POST /xingrg/dwr/call/plaincall/AjaxQqpsService.getMaterielByCode.dwr HTTP/1.1" 200 3673
116.224.253.72 - - [19/Mar/2021:10:22:30 +0800] "POST /xingrg/dwr/call/plaincall/AjaxQqpsService.saveMaterielItem.dwr HTTP/1.1" 200 78
114.83.222.187 - - [19/Mar/2021:10:22:31 +0800] "GET /xingrg/kc/base/wldb_order_operate.html?command=get_materiel&rest_code=00149&base_code=0010394&code=00101019185 HTTP/1.1" 200 455
116.224.253.72 - - [19/Mar/2021:10:22:31 +0800] "POST /xingrg/dwr/call/plaincall/AjaxQqpsService.saveMaterielItem.dwr HTTP/1.1" 200 78
180.169.147.146 - - [19/Mar/2021:10:22:31 +0800] "GET /xingrg/all/function/internal_message.html?_=1616120552108&CODE_STATE=getMsg HTTP/1.1" 200 27
120.253.135.82 - - [19/Mar/2021:10:22:33 +0800] "GET /xingrg/all/function/internal_message.html?_=1616120610780&CODE_STATE=getMsg HTTP/1.1" 200 27
114.83.222.187 - - [19/Mar/2021:10:22:34 +0800] "GET /xingrg/kc/base/wldb_order_operate.html?command=get_materiel&rest_code=00149&base_code=0010394&code=00101019536 HTTP/1.1" 200 469
116.235.216.75 - - [19/Mar/2021:10:22:35 +0800] "GET /xingrg/all/function/internal_message.html?_=1616120546088&CODE_STATE=getMsg HTTP/1.1" 200 27
117.185.32.26 - - [19/Mar/2021:10:22:37 +0800] "GET /xingrg/kc/buy/cgsh_order_operate.html?command=get_materiel&rest_code=00106&code=00101012051&supplier_code=00100032&order_time=2021-03-19 HTTP/1.1" 200 408
61.165.42.208 - - [19/Mar/2021:10:22:38 +0800] "GET /xingrg/all/function/internal_message.html?_=1616120540159&CODE_STATE=getMsg HTTP/1.1" 200 27
114.83.222.187 - - [19/Mar/2021:10:22:39 +0800] "GET /xingrg/kc/base/wldb_order_operate.html?command=get_materiel&rest_code=00149&base_code=0010394&code=00101013052 HTTP/1.1" 200 441
116.224.253.72 - - [19/Mar/2021:10:22:39 +0800] "POST /xingrg/dwr/call/plaincall/AjaxQqpsService.getMaterielByCode.dwr HTTP/1.1" 200 3632
116.224.253.72 - - [19/Mar/2021:10:22:41 +0800] "POST /xingrg/dwr/call/plaincall/AjaxQqpsService.getMaterielByCode.dwr HTTP/1.1" 200 3644
58.37.230.33 - - [19/Mar/2021:10:22:42 +0800] "GET /xingrg/all/function/internal_message.html?_=1616120582195&CODE_STATE=getMsg HTTP/1.1" 200 27
116.224.253.72 - - [19/Mar/2021:10:22:43 +0800] "POST /xingrg/dwr/call/plaincall/AjaxQqpsService.saveMaterielItem.dwr HTTP/1.1" 200 78
114.88.166.193 - - [19/Mar/2021:10:22:47 +0800] "GET /xingrg/all/function/internal_message.html?_=1616120563375&CODE_STATE=getMsg HTTP/1.1" 200 27
116.224.253.72 - - [19/Mar/2021:10:22:47 +0800] "POST /xingrg/dwr/call/plaincall/AjaxQqpsService.saveMaterielItem.dwr HTTP/1.1" 200 78
117.185.32.26 - - [19/Mar/2021:10:22:48 +0800] "GET /xingrg/kc/buy/cgsh_order_operate.html?command=get_materiel&rest_code=00106&code=00101012025&supplier_code=00100032&order_time=2021-03-19 HTTP/1.1" 200 412
61.165.42.208 - - [19/Mar/2021:10:22:48 +0800] "GET /xingrg/all/function/internal_message.html?_=1616120569150&CODE_STATE=getMsg HTTP/1.1" 200 27
101.228.165.174 - - [19/Mar/2021:10:22:49 +0800] "GET /xingrg/check_reg.html?_=1616120584080 HTTP/1.1" 200 22
101.228.165.174 - - [19/Mar/2021:10:22:50 +0800] "GET /xingrg/all/function/internal_message.html?_=1616120585031&CODE_STATE=getMsg HTTP/1.1" 200 27
61.151.178.236 - - [19/Mar/2021:10:22:51 +0800] "GET /xingrg/check_reg.html?_=1616120522192 HTTP/1.1" 302 -
120.204.17.68 - - [19/Mar/2021:10:22:51 +0800] "GET /xingrg/kc/buy/cgsh_order_operate.html?command=get_materiel&rest_code=00106&code=00101012002&supplier_code=00100032&order_time=2021-03-19 HTTP/1.1" 302 -
116.224.253.72 - - [19/Mar/2021:10:22:52 +0800] "POST /xingrg/dwr/call/plaincall/AjaxQqpsService.getMaterielByCode.dwr HTTP/1.1" 200 3648
116.224.253.72 - - [19/Mar/2021:10:22:53 +0800] "GET /xingrg/all/function/internal_message.html?_=1616120570733&CODE_STATE=getMsg HTTP/1.1" 200 27
116.224.253.72 - - [19/Mar/2021:10:22:53 +0800] "POST /xingrg/dwr/call/plaincall/AjaxQqpsService.saveMaterielItem.dwr HTTP/1.1" 200 78
116.224.253.72 - - [19/Mar/2021:10:22:54 +0800] "POST /xingrg/dwr/call/plaincall/AjaxQqpsService.getMaterielByCode.dwr HTTP/1.1" 200 3629
116.224.253.72 - - [19/Mar/2021:10:22:55 +0800] "GET /xingrg/all/function/internal_message.html?_=1616120527544&CODE_STATE=getMsg HTTP/1.1" 200 27
114.83.222.187 - - [19/Mar/2021:10:22:55 +0800] "GET /xingrg/all/function/internal_message.html?_=1616120570386&CODE_STATE=getMsg HTTP/1.1" 200 27
61.151.178.236 - - [19/Mar/2021:10:22:56 +0800] "GET /xingrg/login.html HTTP/1.1" 200 7641
116.224.253.72 - - [19/Mar/2021:10:22:56 +0800] "POST /xingrg/dwr/call/plaincall/AjaxQqpsService.saveMaterielItem.dwr HTTP/1.1" 200 79
120.204.17.68 - - [19/Mar/2021:10:22:56 +0800] "GET /xingrg/login.html HTTP/1.1" 200 7641
117.185.32.26 - - [19/Mar/2021:10:22:57 +0800] "GET /xingrg/kc/buy/cgsh_order_operate.html?command=get_materiel&rest_code=00106&code=00101016053&supplier_code=00100032&order_time=2021-03-19 HTTP/1.1" 200 408
114.83.222.187 - - [19/Mar/2021:10:22:59 +0800] "GET /xingrg/kc/base/wldb_order_operate.html?command=get_materiel&rest_code=00149&base_code=0010394&code=00101019390 HTTP/1.1" 200 456
116.224.253.72 - - [19/Mar/2021:10:23:01 +0800] "POST /xingrg/dwr/call/plaincall/AjaxQqpsService.getMaterielByCode.dwr HTTP/1.1" 200 3654
116.224.253.72 - - [19/Mar/2021:10:23:02 +0800] "POST /xingrg/dwr/call/plaincall/AjaxQqpsService.saveMaterielItem.dwr HTTP/1.1" 200 79
117.185.32.26 - - [19/Mar/2021:10:23:03 +0800] "GET /xingrg/kc/buy/cgsh_order_operate.html?command=get_materiel&rest_code=00106&code=00101016105&supplier_code=00100032&order_time=2021-03-19 HTTP/1.1" 200 409
101.228.165.174 - - [19/Mar/2021:10:23:04 +0800] "GET /xingrg/all/function/internal_message.html?_=1616120586168&CODE_STATE=getMsg HTTP/1.1" 200 27
116.224.253.72 - - [19/Mar/2021:10:23:04 +0800] "POST /xingrg/dwr/call/plaincall/AjaxQqpsService.getMaterielByCode.dwr HTTP/1.1" 200 3657
116.224.253.72 - - [19/Mar/2021:10:23:06 +0800] "POST /xingrg/dwr/call/plaincall/AjaxQqpsService.saveMaterielItem.dwr HTTP/1.1" 200 79
58.37.192.63 - - [19/Mar/2021:10:23:07 +0800] "GET /xingrg/all/function/internal_message.html?_=1616120655086&CODE_STATE=getMsg HTTP/1.1" 200 27
58.37.192.63 - - [19/Mar/2021:10:23:07 +0800] "GET /xingrg/check_reg.html?_=1616120655088 HTTP/1.1" 200 22
58.221.95.50 - - [19/Mar/2021:10:23:07 +0800] "GET /xingrg/all/function/internal_message.html?_=1616120586145&CODE_STATE=getMsg HTTP/1.1" 302 -
116.224.253.72 - - [19/Mar/2021:10:23:08 +0800] "POST /xingrg/dwr/call/plaincall/AjaxQqpsService.getMaterielByCode.dwr HTTP/1.1" 200 3673
116.224.253.72 - - [19/Mar/2021:10:23:09 +0800] "POST /xingrg/dwr/call/plaincall/AjaxQqpsService.saveMaterielItem.dwr HTTP/1.1" 200 79
116.224.253.72 - - [19/Mar/2021:10:23:09 +0800] "POST /xingrg/dwr/call/plaincall/AjaxQqpsService.getMaterielByCode.dwr HTTP/1.1" 200 3668
116.224.253.72 - - [19/Mar/2021:10:23:11 +0800] "POST /xingrg/dwr/call/plaincall/AjaxQqpsService.saveMaterielItem.dwr HTTP/1.1" 200 79
183.192.164.97 - - [19/Mar/2021:10:23:12 +0800] "GET /xingrg/kc/buy/cgsh_order_operate.html?command=get_materiel&rest_code=00106&code=00101007059&supplier_code=00100002&order_time=2021-03-19 HTTP/1.1" 302 -
114.83.222.187 - - [19/Mar/2021:10:23:13 +0800] "POST /xingrg/kc/base/wldb_order_operate.html HTTP/1.1" 200 37
180.169.147.146 - - [19/Mar/2021:10:23:13 +0800] "GET /xingrg/all/function/internal_message.html?_=1616120586208&CODE_STATE=getMsg HTTP/1.1" 200 27
117.185.32.26 - - [19/Mar/2021:10:23:13 +0800] "POST /xingrg/kc/buy/cgsh_order_operate.html HTTP/1.1" 200 37
114.83.222.187 - - [19/Mar/2021:10:23:14 +0800] "POST /xingrg/kc/base/wldb_order_operate.html HTTP/1.1" 200 8265
114.83.222.187 - - [19/Mar/2021:10:23:14 +0800] "GET /xingrg/kc/base/wldb_order_info.html?code=422021031902065 HTTP/1.1" 200 30525
114.83.222.187 - - [19/Mar/2021:10:23:15 +0800] "GET /xingrg/javascript/easyui/themes/default/validatebox.css HTTP/1.1" 404 1104
114.83.222.187 - - [19/Mar/2021:10:23:15 +0800] "POST /xingrg/kc/base/wldb_order_operate.html HTTP/1.1" 200 8265
183.192.164.97 - - [19/Mar/2021:10:23:17 +0800] "GET /xingrg/login.html HTTP/1.1" 200 7641
114.83.222.187 - - [19/Mar/2021:10:23:17 +0800] "GET /xingrg/kc/base/wldb_order_add.html HTTP/1.1" 200 30508
114.83.222.187 - - [19/Mar/2021:10:23:17 +0800] "POST /xingrg/kc/base/wldb_order_operate.html HTTP/1.1" 200 6806
114.83.222.187 - - [19/Mar/2021:10:23:17 +0800] "GET /xingrg/javascript/easyui/themes/default/validatebox.css HTTP/1.1" 404 1104
117.185.32.26 - - [19/Mar/2021:10:23:18 +0800] "POST /xingrg/kc/buy/cgsh_order_operate.html HTTP/1.1" 200 12
117.185.32.26 - - [19/Mar/2021:10:23:20 +0800] "GET /xingrg/kc/buy/cgsh_order_info.html?code=212021031908112 HTTP/1.1" 200 57016
116.224.253.72 - - [19/Mar/2021:10:23:20 +0800] "POST /xingrg/dwr/call/plaincall/AjaxQqpsService.getMaterielByCode.dwr HTTP/1.1" 200 3645
117.185.32.26 - - [19/Mar/2021:10:23:20 +0800] "GET /xingrg/javascript/easyui/themes/default/validatebox.css HTTP/1.1" 404 1104
117.185.32.26 - - [19/Mar/2021:10:23:21 +0800] "POST /xingrg/kc/buy/cgsh_order_operate.html HTTP/1.1" 200 5341
116.224.253.72 - - [19/Mar/2021:10:23:21 +0800] "POST /xingrg/dwr/call/plaincall/AjaxQqpsService.saveMaterielItem.dwr HTTP/1.1" 200 79
117.185.32.26 - - [19/Mar/2021:10:23:24 +0800] "GET /xingrg/all/function/internal_message.html?_=1616120617757&CODE_STATE=getMsg HTTP/1.1" 200 27
117.185.32.26 - - [19/Mar/2021:10:23:24 +0800] "GET /xingrg/kc/print/load_data.html?order_code=212021031908112&kc_code=cgsh&condition= HTTP/1.1" 200 2529
222.70.217.33 - - [19/Mar/2021:10:23:25 +0800] "GET /xingrg/all/function/internal_message.html?_=1616120601492&CODE_STATE=getMsg HTTP/1.1" 200 27
114.83.222.187 - - [19/Mar/2021:10:23:27 +0800] "GET /xingrg/kc/base/wldb_order_operate.html?command=get_materiel&rest_code=00149&base_code=0010394&code=00101016044 HTTP/1.1" 200 464
116.224.253.72 - - [19/Mar/2021:10:23:28 +0800] "POST /xingrg/dwr/call/plaincall/AjaxQqpsService.getMaterielByCode.dwr HTTP/1.1" 200 3651
183.192.164.71 - - [19/Mar/2021:10:23:30 +0800] "GET /xingrg/kc/buy/cgsh_order_operate.html?command=get_materiel&rest_code=00106&code=00101010248&supplier_code=00100032&order_time=2021-03-19 HTTP/1.1" 302 -
117.185.32.26 - - [19/Mar/2021:10:23:31 +0800] "GET /xingrg/kc/print/load_data.html?order_code=212021031908112&kc_code=cgsh HTTP/1.1" 200 2529
114.83.222.187 - - [19/Mar/2021:10:23:31 +0800] "GET /xingrg/kc/base/wldb_order_operate.html?command=get_materiel&rest_code=00149&base_code=0010394&code=00101016029 HTTP/1.1" 200 463
116.224.253.72 - - [19/Mar/2021:10:23:31 +0800] "POST /xingrg/dwr/call/plaincall/AjaxQqpsService.saveMaterielItem.dwr HTTP/1.1" 200 79
180.169.147.146 - - [19/Mar/2021:10:23:31 +0800] "GET /xingrg/all/function/internal_message.html?_=1616120612110&CODE_STATE=getMsg HTTP/1.1" 200 27
120.253.135.82 - - [19/Mar/2021:10:23:33 +0800] "GET /xingrg/all/function/internal_message.html?_=1616120670794&CODE_STATE=getMsg HTTP/1.1" 200 27
183.192.164.71 - - [19/Mar/2021:10:23:34 +0800] "GET /xingrg/login.html HTTP/1.1" 200 7641
116.235.216.75 - - [19/Mar/2021:10:23:35 +0800] "GET /xingrg/all/function/internal_message.html?_=1616120606093&CODE_STATE=getMsg HTTP/1.1" 200 27
114.83.222.187 - - [19/Mar/2021:10:23:35 +0800] "GET /xingrg/kc/base/wldb_order_operate.html?command=get_materiel&rest_code=00149&base_code=0010394&code=00101019183 HTTP/1.1" 200 432
116.224.253.72 - - [19/Mar/2021:10:23:37 +0800] "POST /xingrg/dwr/call/plaincall/AjaxQqpsService.getMaterielByCode.dwr HTTP/1.1" 200 3633
61.165.42.208 - - [19/Mar/2021:10:23:38 +0800] "GET /xingrg/all/function/internal_message.html?_=1616120600160&CODE_STATE=getMsg HTTP/1.1" 200 27
61.165.42.208 - - [19/Mar/2021:10:23:38 +0800] "GET /xingrg/check_reg.html?_=1616120600163 HTTP/1.1" 200 22
114.83.222.187 - - [19/Mar/2021:10:23:39 +0800] "GET /xingrg/kc/base/wldb_order_operate.html?command=get_materiel&rest_code=00149&base_code=0010394&code=00101016020 HTTP/1.1" 200 446
120.204.17.73 - - [19/Mar/2021:10:23:40 +0800] "GET /xingrg/kc/buy/cgsh_order_operate.html?command=get_materiel_price&rest_code=00106&code=00101010248&unit_code=00100043&supplier_code=00100032&order_time=2021-03-19 HTTP/1.1" 302 -
58.37.230.33 - - [19/Mar/2021:10:23:42 +0800] "GET /xingrg/all/function/internal_message.html?_=1616120642197&CODE_STATE=getMsg HTTP/1.1" 200 27
116.224.253.72 - - [19/Mar/2021:10:23:43 +0800] "POST /xingrg/dwr/call/plaincall/AjaxQqpsService.saveMaterielItem.dwr HTTP/1.1" 200 79
120.204.17.73 - - [19/Mar/2021:10:23:43 +0800] "GET /xingrg/login.html HTTP/1.1" 200 7641
222.70.217.33 - - [19/Mar/2021:10:23:45 +0800] "GET /xingrg/check_reg.html?_=1616120621496 HTTP/1.1" 200 22
114.83.222.187 - - [19/Mar/2021:10:23:46 +0800] "GET /xingrg/kc/base/wldb_order_operate.html?command=get_materiel&rest_code=00149&base_code=0010394&code=00101016086 HTTP/1.1" 200 468
114.88.166.193 - - [19/Mar/2021:10:23:48 +0800] "GET /xingrg/all/function/internal_message.html?_=1616120623858&CODE_STATE=getMsg HTTP/1.1" 200 27
101.89.239.245 - - [19/Mar/2021:10:23:48 +0800] "GET /xingrg/all/function/internal_message.html?_=1616120582195&CODE_STATE=getMsg HTTP/1.1" 302 -
61.165.42.208 - - [19/Mar/2021:10:23:48 +0800] "GET /xingrg/all/function/internal_message.html?_=1616120629149&CODE_STATE=getMsg HTTP/1.1" 200 27
101.228.165.174 - - [19/Mar/2021:10:23:50 +0800] "GET /xingrg/all/function/internal_message.html?_=1616120645043&CODE_STATE=getMsg HTTP/1.1" 200 27
101.89.239.245 - - [19/Mar/2021:10:23:51 +0800] "GET /xingrg/login.html HTTP/1.1" 200 7641
116.224.253.72 - - [19/Mar/2021:10:23:52 +0800] "POST /xingrg/dwr/call/plaincall/AjaxQqpsService.getMaterielByCode.dwr HTTP/1.1" 200 3592
116.224.253.72 - - [19/Mar/2021:10:23:53 +0800] "GET /xingrg/all/function/internal_message.html?_=1616120630728&CODE_STATE=getMsg HTTP/1.1" 200 27
116.224.253.72 - - [19/Mar/2021:10:23:55 +0800] "GET /xingrg/all/function/internal_message.html?_=1616120587557&CODE_STATE=getMsg HTTP/1.1" 200 27
114.83.222.187 - - [19/Mar/2021:10:23:55 +0800] "GET /xingrg/all/function/internal_message.html?_=1616120630395&CODE_STATE=getMsg HTTP/1.1" 200 27
114.83.222.187 - - [19/Mar/2021:10:23:57 +0800] "GET /xingrg/kc/base/wldb_order_operate.html?command=get_materiel&rest_code=00149&base_code=0010394&code=00101019199 HTTP/1.1" 200 459
183.192.164.97 - - [19/Mar/2021:10:24:02 +0800] "GET /xingrg/all/function/internal_message.html?_=1616120497767&CODE_STATE=getMsg HTTP/1.1" 302 -
116.224.253.72 - - [19/Mar/2021:10:24:02 +0800] "POST /xingrg/dwr/call/plaincall/AjaxQqpsService.saveMaterielItem.dwr HTTP/1.1" 200 79
116.224.253.72 - - [19/Mar/2021:10:24:03 +0800] "POST /xingrg/dwr/call/plaincall/AjaxQqpsService.getMaterielByCode.dwr HTTP/1.1" 200 3628
114.83.222.187 - - [19/Mar/2021:10:24:03 +0800] "GET /xingrg/kc/base/wldb_order_operate.html?command=get_materiel&rest_code=00149&base_code=0010394&code=00101019257 HTTP/1.1" 200 478
101.228.165.174 - - [19/Mar/2021:10:24:04 +0800] "GET /xingrg/all/function/internal_message.html?_=1616120646165&CODE_STATE=getMsg HTTP/1.1" 200 27
183.192.164.97 - - [19/Mar/2021:10:24:07 +0800] "GET /xingrg/login.html HTTP/1.1" 200 7641
58.37.192.63 - - [19/Mar/2021:10:24:07 +0800] "GET /xingrg/all/function/internal_message.html?_=1616120715086&CODE_STATE=getMsg HTTP/1.1" 200 27
58.221.95.50 - - [19/Mar/2021:10:24:07 +0800] "GET /xingrg/all/function/internal_message.html?_=1616120646115&CODE_STATE=getMsg HTTP/1.1" 302 -
116.224.253.72 - - [19/Mar/2021:10:24:08 +0800] "POST /xingrg/dwr/call/plaincall/AjaxQqpsService.getMaterielByCode.dwr HTTP/1.1" 200 3630
116.224.253.72 - - [19/Mar/2021:10:24:09 +0800] "POST /xingrg/dwr/call/plaincall/AjaxQqpsService.saveMaterielItem.dwr HTTP/1.1" 200 79
180.169.147.146 - - [19/Mar/2021:10:24:13 +0800] "GET /xingrg/all/function/internal_message.html?_=1616120646188&CODE_STATE=getMsg HTTP/1.1" 200 27
116.224.253.72 - - [19/Mar/2021:10:24:16 +0800] "POST /xingrg/dwr/call/plaincall/AjaxQqpsService.getMaterielByCode.dwr HTTP/1.1" 200 3640
116.224.253.72 - - [19/Mar/2021:10:24:18 +0800] "POST /xingrg/dwr/call/plaincall/AjaxQqpsService.saveMaterielItem.dwr HTTP/1.1" 200 79
183.192.164.97 - - [19/Mar/2021:10:24:18 +0800] "GET /xingrg/kc/buy/cgsh_order_operate.html?command=get_materiel&rest_code=00106&code=00101002022&supplier_code=00100032&order_time=2021-03-19 HTTP/1.1" 302 -
114.83.222.187 - - [19/Mar/2021:10:24:19 +0800] "POST /xingrg/kc/base/wldb_order_operate.html HTTP/1.1" 200 37
114.83.222.187 - - [19/Mar/2021:10:24:20 +0800] "POST /xingrg/kc/base/wldb_order_operate.html HTTP/1.1" 200 6712
114.83.222.187 - - [19/Mar/2021:10:24:20 +0800] "GET /xingrg/kc/base/wldb_order_info.html?code=422021031902066 HTTP/1.1" 200 30523
114.83.222.187 - - [19/Mar/2021:10:24:20 +0800] "GET /xingrg/javascript/easyui/themes/default/validatebox.css HTTP/1.1" 404 1104
114.83.222.187 - - [19/Mar/2021:10:24:20 +0800] "POST /xingrg/kc/base/wldb_order_operate.html HTTP/1.1" 200 6712
114.88.166.193 - - [19/Mar/2021:10:24:21 +0800] "GET /xingrg/check_reg.html?_=1616120656929 HTTP/1.1" 200 22
116.224.253.72 - - [19/Mar/2021:10:24:22 +0800] "POST /xingrg/dwr/call/plaincall/AjaxQqpsService.saveMaterielItem.dwr HTTP/1.1" 200 79
183.192.164.97 - - [19/Mar/2021:10:24:23 +0800] "GET /xingrg/login.html HTTP/1.1" 200 7641
117.185.32.26 - - [19/Mar/2021:10:24:24 +0800] "GET /xingrg/all/function/internal_message.html?_=1616120677734&CODE_STATE=getMsg HTTP/1.1" 200 27
222.70.217.33 - - [19/Mar/2021:10:24:25 +0800] "GET /xingrg/all/function/internal_message.html?_=1616120661466&CODE_STATE=getMsg HTTP/1.1" 200 27
116.224.253.72 - - [19/Mar/2021:10:24:27 +0800] "POST /xingrg/dwr/call/plaincall/AjaxQqpsService.getMaterielByCode.dwr HTTP/1.1" 200 3631
116.224.253.72 - - [19/Mar/2021:10:24:29 +0800] "POST /xingrg/dwr/call/plaincall/AjaxQqpsService.saveMaterielItem.dwr HTTP/1.1" 200 79
180.169.147.146 - - [19/Mar/2021:10:24:31 +0800] "GET /xingrg/all/function/internal_message.html?_=1616120672108&CODE_STATE=getMsg HTTP/1.1" 200 27
120.204.17.70 - - [19/Mar/2021:10:24:32 +0800] "GET /xingrg/kc/print/load_data.html?order_code=212021031908112&kc_code=cgsh HTTP/1.1" 302 -
116.224.253.72 - - [19/Mar/2021:10:24:33 +0800] "POST /xingrg/dwr/call/plaincall/AjaxQqpsService.getMaterielByCode.dwr HTTP/1.1" 200 3655
120.253.135.82 - - [19/Mar/2021:10:24:33 +0800] "GET /xingrg/all/function/internal_message.html?_=1616120730821&CODE_STATE=getMsg HTTP/1.1" 200 27
116.235.216.75 - - [19/Mar/2021:10:24:35 +0800] "GET /xingrg/all/function/internal_message.html?_=1616120666098&CODE_STATE=getMsg HTTP/1.1" 200 27
116.224.253.72 - - [19/Mar/2021:10:24:35 +0800] "POST /xingrg/dwr/call/plaincall/AjaxQqpsService.saveMaterielItem.dwr HTTP/1.1" 200 79
120.204.17.70 - - [19/Mar/2021:10:24:36 +0800] "GET /xingrg/login.html HTTP/1.1" 200 7641
116.224.253.72 - - [19/Mar/2021:10:24:37 +0800] "POST /xingrg/dwr/call/plaincall/AjaxQqpsService.getMaterielByCode.dwr HTTP/1.1" 200 3599
61.165.42.208 - - [19/Mar/2021:10:24:38 +0800] "GET /xingrg/all/function/internal_message.html?_=1616120660163&CODE_STATE=getMsg HTTP/1.1" 200 27
116.224.253.72 - - [19/Mar/2021:10:24:41 +0800] "POST /xingrg/dwr/call/plaincall/AjaxQqpsService.getMaterielByCode.dwr HTTP/1.1" 200 3673
58.37.230.33 - - [19/Mar/2021:10:24:42 +0800] "GET /xingrg/all/function/internal_message.html?_=1616120702200&CODE_STATE=getMsg HTTP/1.1" 200 27
116.224.253.72 - - [19/Mar/2021:10:24:42 +0800] "POST /xingrg/dwr/call/plaincall/AjaxQqpsService.saveMaterielItem.dwr HTTP/1.1" 200 79
116.224.253.72 - - [19/Mar/2021:10:24:47 +0800] "POST /xingrg/dwr/call/plaincall/AjaxQqpsService.saveMaterielItem.dwr HTTP/1.1" 200 79
116.224.253.72 - - [19/Mar/2021:10:24:47 +0800] "POST /xingrg/dwr/call/plaincall/AjaxQqpsService.getMaterielByCode.dwr HTTP/1.1" 200 3680
114.88.166.193 - - [19/Mar/2021:10:24:48 +0800] "GET /xingrg/all/function/internal_message.html?_=1616120683872&CODE_STATE=getMsg HTTP/1.1" 200 27
61.165.42.208 - - [19/Mar/2021:10:24:48 +0800] "GET /xingrg/all/function/internal_message.html?_=1616120689151&CODE_STATE=getMsg HTTP/1.1" 200 27
116.224.253.72 - - [19/Mar/2021:10:24:48 +0800] "POST /xingrg/dwr/call/plaincall/AjaxQqpsService.saveMaterielItem.dwr HTTP/1.1" 200 79
114.83.222.187 - - [19/Mar/2021:10:24:49 +0800] "GET /xingrg/kc/base/wldb_order_add.html HTTP/1.1" 200 30508
114.83.222.187 - - [19/Mar/2021:10:24:49 +0800] "POST /xingrg/kc/base/wldb_order_operate.html HTTP/1.1" 200 6806
114.83.222.187 - - [19/Mar/2021:10:24:49 +0800] "GET /xingrg/javascript/easyui/themes/default/validatebox.css HTTP/1.1" 404 1104
101.228.165.174 - - [19/Mar/2021:10:24:50 +0800] "GET /xingrg/all/function/internal_message.html?_=1616120705057&CODE_STATE=getMsg HTTP/1.1" 200 27
116.224.253.72 - - [19/Mar/2021:10:24:51 +0800] "POST /xingrg/dwr/call/plaincall/AjaxQqpsService.saveMaterielItem.dwr HTTP/1.1" 200 79
116.224.253.72 - - [19/Mar/2021:10:24:53 +0800] "GET /xingrg/all/function/internal_message.html?_=1616120690734&CODE_STATE=getMsg HTTP/1.1" 200 27
116.224.253.72 - - [19/Mar/2021:10:24:55 +0800] "GET /xingrg/all/function/internal_message.html?_=1616120647570&CODE_STATE=getMsg HTTP/1.1" 200 27
114.83.222.187 - - [19/Mar/2021:10:24:55 +0800] "GET /xingrg/all/function/internal_message.html?_=1616120690400&CODE_STATE=getMsg HTTP/1.1" 200 27
116.224.253.72 - - [19/Mar/2021:10:24:56 +0800] "POST /xingrg/dwr/call/plaincall/AjaxQqpsService.getMaterielByCode.dwr HTTP/1.1" 200 3605
116.224.253.72 - - [19/Mar/2021:10:24:59 +0800] "POST /xingrg/dwr/call/plaincall/AjaxQqpsService.getMaterielByCode.dwr HTTP/1.1" 200 3623
116.224.253.72 - - [19/Mar/2021:10:25:02 +0800] "POST /xingrg/dwr/call/plaincall/AjaxQqpsService.removeMaterielItem.dwr HTTP/1.1" 200 79
114.83.222.187 - - [19/Mar/2021:10:25:03 +0800] "GET /xingrg/kc/base/wldb_order_operate.html?command=get_materiel&rest_code=00149&base_code=0010400&code=00101001016 HTTP/1.1" 200 435
101.228.165.174 - - [19/Mar/2021:10:25:04 +0800] "GET /xingrg/all/function/internal_message.html?_=1616120706164&CODE_STATE=getMsg HTTP/1.1" 200 27
58.37.192.63 - - [19/Mar/2021:10:25:07 +0800] "GET /xingrg/all/function/internal_message.html?_=1616120775086&CODE_STATE=getMsg HTTP/1.1" 200 27
58.221.95.50 - - [19/Mar/2021:10:25:07 +0800] "GET /xingrg/all/function/internal_message.html?_=1616120706084&CODE_STATE=getMsg HTTP/1.1" 302 -
120.204.17.68 - - [19/Mar/2021:10:25:07 +0800] "GET /xingrg/kc/buy/cgsh_order_info.html?code=212021031908112 HTTP/1.1" 302 -
116.224.253.72 - - [19/Mar/2021:10:25:07 +0800] "POST /xingrg/dwr/call/plaincall/AjaxQqpsService.getMaterielByCode.dwr HTTP/1.1" 200 3675
116.224.253.72 - - [19/Mar/2021:10:25:08 +0800] "POST /xingrg/dwr/call/plaincall/AjaxQqpsService.saveMaterielItem.dwr HTTP/1.1" 200 79
120.204.17.68 - - [19/Mar/2021:10:25:12 +0800] "GET /xingrg/login.html HTTP/1.1" 200 7641
180.169.147.146 - - [19/Mar/2021:10:25:13 +0800] "GET /xingrg/all/function/internal_message.html?_=1616120706171&CODE_STATE=getMsg HTTP/1.1" 200 27
116.224.253.72 - - [19/Mar/2021:10:25:14 +0800] "POST /xingrg/dwr/call/plaincall/AjaxQqpsService.saveMaterielItem.dwr HTTP/1.1" 200 79
116.224.253.72 - - [19/Mar/2021:10:25:17 +0800] "POST /xingrg/dwr/call/plaincall/AjaxQqpsService.saveOrder.dwr HTTP/1.1" 200 79
116.224.253.72 - - [19/Mar/2021:10:25:21 +0800] "POST /xingrg/dwr/call/plaincall/AjaxQqpsService.getMaterielByCode.dwr HTTP/1.1" 200 3681
116.224.253.72 - - [19/Mar/2021:10:25:23 +0800] "POST /xingrg/dwr/call/plaincall/AjaxQqpsService.saveMaterielItem.dwr HTTP/1.1" 200 79
114.83.222.187 - - [19/Mar/2021:10:25:23 +0800] "POST /xingrg/kc/base/wldb_order_operate.html HTTP/1.1" 200 37
114.83.222.187 - - [19/Mar/2021:10:25:23 +0800] "POST /xingrg/kc/base/wldb_order_operate.html HTTP/1.1" 200 2185
117.185.32.26 - - [19/Mar/2021:10:25:24 +0800] "GET /xingrg/all/function/internal_message.html?_=1616120737715&CODE_STATE=getMsg HTTP/1.1" 200 27
114.83.222.187 - - [19/Mar/2021:10:25:24 +0800] "GET /xingrg/kc/base/wldb_order_info.html?code=422021031902067 HTTP/1.1" 200 30521
114.83.222.187 - - [19/Mar/2021:10:25:24 +0800] "GET /xingrg/javascript/easyui/themes/default/validatebox.css HTTP/1.1" 404 1104
114.83.222.187 - - [19/Mar/2021:10:25:24 +0800] "POST /xingrg/kc/base/wldb_order_operate.html HTTP/1.1" 200 2185
222.70.217.33 - - [19/Mar/2021:10:25:25 +0800] "GET /xingrg/all/function/internal_message.html?_=1616120721451&CODE_STATE=getMsg HTTP/1.1" 200 27
114.83.222.187 - - [19/Mar/2021:10:25:28 +0800] "GET /xingrg/kc/base/wldb_order_add.html HTTP/1.1" 200 30508
114.83.222.187 - - [19/Mar/2021:10:25:28 +0800] "POST /xingrg/kc/base/wldb_order_operate.html HTTP/1.1" 200 6806
114.83.222.187 - - [19/Mar/2021:10:25:28 +0800] "GET /xingrg/javascript/easyui/themes/default/validatebox.css HTTP/1.1" 404 1104
116.224.253.72 - - [19/Mar/2021:10:25:28 +0800] "POST /xingrg/dwr/call/plaincall/AjaxQqpsService.getMaterielByCode.dwr HTTP/1.1" 200 3660
116.224.253.72 - - [19/Mar/2021:10:25:31 +0800] "POST /xingrg/dwr/call/plaincall/AjaxQqpsService.saveMaterielItem.dwr HTTP/1.1" 200 79
180.169.147.146 - - [19/Mar/2021:10:25:31 +0800] "GET /xingrg/all/function/internal_message.html?_=1616120732107&CODE_STATE=getMsg HTTP/1.1" 200 27
180.169.147.146 - - [19/Mar/2021:10:25:31 +0800] "GET /xingrg/check_reg.html?_=1616120732110 HTTP/1.1" 200 22
120.253.135.82 - - [19/Mar/2021:10:25:33 +0800] "GET /xingrg/all/function/internal_message.html?_=1616120790836&CODE_STATE=getMsg HTTP/1.1" 200 27
116.224.253.72 - - [19/Mar/2021:10:25:34 +0800] "POST /xingrg/dwr/call/plaincall/AjaxQqpsService.getMaterielByCode.dwr HTTP/1.1" 200 3651
116.235.216.75 - - [19/Mar/2021:10:25:35 +0800] "GET /xingrg/all/function/internal_message.html?_=1616120726102&CODE_STATE=getMsg HTTP/1.1" 200 27
116.235.216.75 - - [19/Mar/2021:10:25:35 +0800] "GET /xingrg/check_reg.html?_=1616120726300 HTTP/1.1" 200 22
116.224.253.72 - - [19/Mar/2021:10:25:36 +0800] "POST /xingrg/dwr/call/plaincall/AjaxQqpsService.saveMaterielItem.dwr HTTP/1.1" 200 79
61.165.42.208 - - [19/Mar/2021:10:25:38 +0800] "GET /xingrg/all/function/internal_message.html?_=1616120720163&CODE_STATE=getMsg HTTP/1.1" 200 27
114.83.222.187 - - [19/Mar/2021:10:25:38 +0800] "GET /xingrg/kc/base/wldb_order_operate.html?command=get_materiel&rest_code=00149&base_code=0010400&code=00101004065 HTTP/1.1" 200 435
116.224.253.72 - - [19/Mar/2021:10:25:41 +0800] "POST /xingrg/dwr/call/plaincall/AjaxQqpsService.getMaterielByCode.dwr HTTP/1.1" 200 3664
58.37.230.33 - - [19/Mar/2021:10:25:42 +0800] "GET /xingrg/all/function/internal_message.html?_=1616120762203&CODE_STATE=getMsg HTTP/1.1" 200 27
