116.224.253.72 - - [19/Mar/2021:10:25:43 +0800] "POST /xingrg/dwr/call/plaincall/AjaxQqpsService.saveMaterielItem.dwr HTTP/1.1" 200 79
180.161.117.173 - - [19/Mar/2021:10:25:45 +0800] "GET /xingrg/check_reg.html?_=1616121008587 HTTP/1.1" 302 -
114.88.166.193 - - [19/Mar/2021:10:25:48 +0800] "GET /xingrg/all/function/internal_message.html?_=1616120743884&CODE_STATE=getMsg HTTP/1.1" 200 27
116.224.253.72 - - [19/Mar/2021:10:25:48 +0800] "POST /xingrg/dwr/call/plaincall/AjaxQqpsService.getMaterielByCode.dwr HTTP/1.1" 200 3674
61.165.42.208 - - [19/Mar/2021:10:25:48 +0800] "GET /xingrg/all/function/internal_message.html?_=1616120749151&CODE_STATE=getMsg HTTP/1.1" 200 27
116.224.253.72 - - [19/Mar/2021:10:25:49 +0800] "POST /xingrg/dwr/call/plaincall/AjaxQqpsService.saveMaterielItem.dwr HTTP/1.1" 200 79
101.228.165.174 - - [19/Mar/2021:10:25:50 +0800] "GET /xingrg/all/function/internal_message.html?_=1616120765084&CODE_STATE=getMsg HTTP/1.1" 200 27
116.224.253.72 - - [19/Mar/2021:10:25:53 +0800] "GET /xingrg/all/function/internal_message.html?_=1616120750737&CODE_STATE=getMsg HTTP/1.1" 200 27
116.224.253.72 - - [19/Mar/2021:10:25:55 +0800] "GET /xingrg/all/function/internal_message.html?_=1616120707585&CODE_STATE=getMsg HTTP/1.1" 200 27
114.83.222.187 - - [19/Mar/2021:10:25:55 +0800] "GET /xingrg/check_reg.html?_=1616120750397 HTTP/1.1" 200 22
114.83.222.187 - - [19/Mar/2021:10:25:55 +0800] "GET /xingrg/all/function/internal_message.html?_=1616120750399&CODE_STATE=getMsg HTTP/1.1" 200 27
116.224.253.72 - - [19/Mar/2021:10:25:56 +0800] "POST /xingrg/dwr/call/plaincall/AjaxQqpsService.getMaterielByCode.dwr HTTP/1.1" 200 3657
116.224.253.72 - - [19/Mar/2021:10:25:57 +0800] "POST /xingrg/dwr/call/plaincall/AjaxQqpsService.saveMaterielItem.dwr HTTP/1.1" 200 79
116.224.253.72 - - [19/Mar/2021:10:26:02 +0800] "POST /xingrg/dwr/call/plaincall/AjaxQqpsService.getMaterielByCode.dwr HTTP/1.1" 200 3678
183.192.164.71 - - [19/Mar/2021:10:26:02 +0800] "GET /xingrg/kc/buy/cgsh_order_operate.html?command=get_materiel&rest_code=00106&code=00101006109&supplier_code=00100015&order_time=2021-03-19 HTTP/1.1" 302 -
101.228.165.174 - - [19/Mar/2021:10:26:04 +0800] "GET /xingrg/all/function/internal_message.html?_=1616120766167&CODE_STATE=getMsg HTTP/1.1" 200 27
58.37.192.63 - - [19/Mar/2021:10:26:07 +0800] "GET /xingrg/all/function/internal_message.html?_=1616120835084&CODE_STATE=getMsg HTTP/1.1" 200 27
58.221.95.50 - - [19/Mar/2021:10:26:07 +0800] "GET /xingrg/all/function/internal_message.html?_=1616120766067&CODE_STATE=getMsg HTTP/1.1" 302 -
116.224.253.72 - - [19/Mar/2021:10:26:08 +0800] "POST /xingrg/dwr/call/plaincall/AjaxQqpsService.saveMaterielItem.dwr HTTP/1.1" 200 79
183.192.164.71 - - [19/Mar/2021:10:26:10 +0800] "GET /xingrg/login.html HTTP/1.1" 200 7641
58.221.95.50 - - [19/Mar/2021:10:26:10 +0800] "GET /xingrg/check_reg.html?_=1616120768692 HTTP/1.1" 302 -
180.169.147.146 - - [19/Mar/2021:10:26:13 +0800] "GET /xingrg/all/function/internal_message.html?_=1616120766170&CODE_STATE=getMsg HTTP/1.1" 200 27
116.224.253.72 - - [19/Mar/2021:10:26:13 +0800] "POST /xingrg/dwr/call/plaincall/AjaxQqpsService.getMaterielByCode.dwr HTTP/1.1" 200 3673
116.224.253.72 - - [19/Mar/2021:10:26:16 +0800] "POST /xingrg/dwr/call/plaincall/AjaxQqpsService.saveMaterielItem.dwr HTTP/1.1" 200 79
180.169.147.146 - - [19/Mar/2021:10:26:21 +0800] "GET /xingrg/check_reg.html?_=1616120774004 HTTP/1.1" 200 22
117.185.32.26 - - [19/Mar/2021:10:26:22 +0800] "GET /xingrg/check_reg.html?_=1616120795784 HTTP/1.1" 200 22
117.185.32.26 - - [19/Mar/2021:10:26:24 +0800] "GET /xingrg/all/function/internal_message.html?_=1616120797691&CODE_STATE=getMsg HTTP/1.1" 200 27
222.70.217.33 - - [19/Mar/2021:10:26:25 +0800] "GET /xingrg/all/function/internal_message.html?_=1616120781425&CODE_STATE=getMsg HTTP/1.1" 200 27
116.224.253.72 - - [19/Mar/2021:10:26:25 +0800] "POST /xingrg/dwr/call/plaincall/AjaxQqpsService.getMaterielByCode.dwr HTTP/1.1" 200 3687
116.224.253.72 - - [19/Mar/2021:10:26:27 +0800] "POST /xingrg/dwr/call/plaincall/AjaxQqpsService.saveMaterielItem.dwr HTTP/1.1" 200 79
114.83.222.187 - - [19/Mar/2021:10:26:30 +0800] "POST /xingrg/kc/base/wldb_order_operate.html HTTP/1.1" 200 37
114.83.222.187 - - [19/Mar/2021:10:26:30 +0800] "POST /xingrg/kc/base/wldb_order_operate.html HTTP/1.1" 200 2184
114.83.222.187 - - [19/Mar/2021:10:26:31 +0800] "GET /xingrg/kc/base/wldb_order_info.html?code=422021031902068 HTTP/1.1" 200 30520
180.169.147.146 - - [19/Mar/2021:10:26:31 +0800] "GET /xingrg/all/function/internal_message.html?_=1616120792109&CODE_STATE=getMsg HTTP/1.1" 200 27
114.83.222.187 - - [19/Mar/2021:10:26:31 +0800] "GET /xingrg/javascript/easyui/themes/default/validatebox.css HTTP/1.1" 404 1104
114.83.222.187 - - [19/Mar/2021:10:26:32 +0800] "POST /xingrg/kc/base/wldb_order_operate.html HTTP/1.1" 200 2184
116.224.253.72 - - [19/Mar/2021:10:26:32 +0800] "POST /xingrg/dwr/call/plaincall/AjaxQqpsService.getMaterielByCode.dwr HTTP/1.1" 200 3673
120.253.135.82 - - [19/Mar/2021:10:26:33 +0800] "GET /xingrg/all/function/internal_message.html?_=1616120850863&CODE_STATE=getMsg HTTP/1.1" 200 27
120.204.17.70 - - [19/Mar/2021:10:26:34 +0800] "GET /xingrg/all/function/internal_message.html?_=1616120737715&CODE_STATE=getMsg HTTP/1.1" 302 -
116.224.253.72 - - [19/Mar/2021:10:26:34 +0800] "POST /xingrg/dwr/call/plaincall/AjaxQqpsService.saveMaterielItem.dwr HTTP/1.1" 200 79
116.235.216.75 - - [19/Mar/2021:10:26:35 +0800] "GET /xingrg/all/function/internal_message.html?_=1616120786112&CODE_STATE=getMsg HTTP/1.1" 200 27
120.204.17.70 - - [19/Mar/2021:10:26:37 +0800] "GET /xingrg/login.html HTTP/1.1" 200 7641
61.165.42.208 - - [19/Mar/2021:10:26:38 +0800] "GET /xingrg/all/function/internal_message.html?_=1616120780162&CODE_STATE=getMsg HTTP/1.1" 200 27
116.224.253.72 - - [19/Mar/2021:10:26:40 +0800] "POST /xingrg/dwr/call/plaincall/AjaxQqpsService.getMaterielByCode.dwr HTTP/1.1" 200 3652
58.37.230.33 - - [19/Mar/2021:10:26:42 +0800] "GET /xingrg/all/function/internal_message.html?_=1616120822202&CODE_STATE=getMsg HTTP/1.1" 200 27
58.37.230.33 - - [19/Mar/2021:10:26:42 +0800] "GET /xingrg/check_reg.html?_=1616120822205 HTTP/1.1" 200 22
116.224.253.72 - - [19/Mar/2021:10:26:42 +0800] "POST /xingrg/dwr/call/plaincall/AjaxQqpsService.saveMaterielItem.dwr HTTP/1.1" 200 79
114.83.222.187 - - [19/Mar/2021:10:26:44 +0800] "GET /xingrg/kc/base/wldb_order_add.html HTTP/1.1" 200 30508
114.83.222.187 - - [19/Mar/2021:10:26:44 +0800] "POST /xingrg/kc/base/wldb_order_operate.html HTTP/1.1" 200 6806
114.83.222.187 - - [19/Mar/2021:10:26:44 +0800] "GET /xingrg/javascript/easyui/themes/default/validatebox.css HTTP/1.1" 404 1104
114.88.166.193 - - [19/Mar/2021:10:26:48 +0800] "GET /xingrg/all/function/internal_message.html?_=1616120804375&CODE_STATE=getMsg HTTP/1.1" 200 27
61.165.42.208 - - [19/Mar/2021:10:26:48 +0800] "GET /xingrg/check_reg.html?_=1616120809150 HTTP/1.1" 200 22
61.165.42.208 - - [19/Mar/2021:10:26:48 +0800] "GET /xingrg/all/function/internal_message.html?_=1616120809151&CODE_STATE=getMsg HTTP/1.1" 200 27
101.228.165.174 - - [19/Mar/2021:10:26:50 +0800] "GET /xingrg/all/function/internal_message.html?_=1616120825085&CODE_STATE=getMsg HTTP/1.1" 200 27
101.91.62.65 - - [19/Mar/2021:10:26:52 +0800] "GET /xingrg/all/function/internal_message.html?_=1616120762203&CODE_STATE=getMsg HTTP/1.1" 302 -
116.224.253.72 - - [19/Mar/2021:10:26:53 +0800] "GET /xingrg/check_reg.html?_=1616120810737 HTTP/1.1" 200 22
116.224.253.72 - - [19/Mar/2021:10:26:53 +0800] "GET /xingrg/all/function/internal_message.html?_=1616120810741&CODE_STATE=getMsg HTTP/1.1" 200 27
116.224.253.72 - - [19/Mar/2021:10:26:53 +0800] "POST /xingrg/dwr/call/plaincall/AjaxQqpsService.getMaterielByCode.dwr HTTP/1.1" 200 3660
116.224.253.72 - - [19/Mar/2021:10:26:54 +0800] "GET /xingrg/check_reg.html?_=1616120766915 HTTP/1.1" 200 22
116.224.253.72 - - [19/Mar/2021:10:26:55 +0800] "POST /xingrg/dwr/call/plaincall/AjaxQqpsService.saveMaterielItem.dwr HTTP/1.1" 200 79
114.83.222.187 - - [19/Mar/2021:10:26:55 +0800] "GET /xingrg/all/function/internal_message.html?_=1616120810408&CODE_STATE=getMsg HTTP/1.1" 200 27
116.224.253.72 - - [19/Mar/2021:10:26:55 +0800] "GET /xingrg/all/function/internal_message.html?_=1616120767692&CODE_STATE=getMsg HTTP/1.1" 200 27
101.91.62.65 - - [19/Mar/2021:10:26:56 +0800] "GET /xingrg/login.html HTTP/1.1" 200 7641
114.83.222.187 - - [19/Mar/2021:10:26:56 +0800] "GET /xingrg/kc/base/wldb_order_operate.html?command=get_materiel&rest_code=00149&base_code=0010436&code=00101014041 HTTP/1.1" 200 434
116.224.253.72 - - [19/Mar/2021:10:27:00 +0800] "POST /xingrg/dwr/call/plaincall/AjaxQqpsService.getMaterielByCode.dwr HTTP/1.1" 200 3666
116.224.253.72 - - [19/Mar/2021:10:27:01 +0800] "POST /xingrg/dwr/call/plaincall/AjaxQqpsService.saveMaterielItem.dwr HTTP/1.1" 200 79
101.228.165.174 - - [19/Mar/2021:10:27:04 +0800] "GET /xingrg/all/function/internal_message.html?_=1616120826165&CODE_STATE=getMsg HTTP/1.1" 200 27
101.228.165.174 - - [19/Mar/2021:10:27:04 +0800] "GET /xingrg/check_reg.html?_=1616120826168 HTTP/1.1" 200 22
116.224.253.72 - - [19/Mar/2021:10:27:07 +0800] "POST /xingrg/dwr/call/plaincall/AjaxQqpsService.getMaterielByCode.dwr HTTP/1.1" 200 3689
58.37.192.63 - - [19/Mar/2021:10:27:07 +0800] "GET /xingrg/all/function/internal_message.html?_=1616120895083&CODE_STATE=getMsg HTTP/1.1" 200 27
58.221.95.50 - - [19/Mar/2021:10:27:07 +0800] "GET /xingrg/all/function/internal_message.html?_=1616120826040&CODE_STATE=getMsg HTTP/1.1" 302 -
116.224.253.72 - - [19/Mar/2021:10:27:11 +0800] "POST /xingrg/dwr/call/plaincall/AjaxQqpsService.saveMaterielItem.dwr HTTP/1.1" 200 79
114.83.222.187 - - [19/Mar/2021:10:27:12 +0800] "POST /xingrg/kc/base/wldb_order_operate.html HTTP/1.1" 200 37
114.83.222.187 - - [19/Mar/2021:10:27:12 +0800] "POST /xingrg/kc/base/wldb_order_operate.html HTTP/1.1" 200 2184
114.83.222.187 - - [19/Mar/2021:10:27:13 +0800] "GET /xingrg/kc/base/wldb_order_info.html?code=422021031902069 HTTP/1.1" 200 30522
180.169.147.146 - - [19/Mar/2021:10:27:13 +0800] "GET /xingrg/all/function/internal_message.html?_=1616120826144&CODE_STATE=getMsg HTTP/1.1" 200 27
114.83.222.187 - - [19/Mar/2021:10:27:13 +0800] "GET /xingrg/javascript/easyui/themes/default/validatebox.css HTTP/1.1" 404 1104
114.83.222.187 - - [19/Mar/2021:10:27:13 +0800] "POST /xingrg/kc/base/wldb_order_operate.html HTTP/1.1" 200 2184
120.204.17.72 - - [19/Mar/2021:10:27:14 +0800] "GET /xingrg/all/function/internal_message.html?_=1616120677734&CODE_STATE=getMsg HTTP/1.1" 302 -
116.224.253.72 - - [19/Mar/2021:10:27:15 +0800] "POST /xingrg/dwr/call/plaincall/AjaxQqpsService.getMaterielByCode.dwr HTTP/1.1" 200 3632
114.83.222.187 - - [19/Mar/2021:10:27:16 +0800] "GET /xingrg/kc/base/wldb_order_add.html HTTP/1.1" 200 30508
114.83.222.187 - - [19/Mar/2021:10:27:16 +0800] "GET /xingrg/javascript/easyui/themes/default/validatebox.css HTTP/1.1" 404 1104
114.83.222.187 - - [19/Mar/2021:10:27:16 +0800] "POST /xingrg/kc/base/wldb_order_operate.html HTTP/1.1" 200 6806
120.204.17.72 - - [19/Mar/2021:10:27:17 +0800] "GET /xingrg/login.html HTTP/1.1" 200 7641
120.253.135.82 - - [19/Mar/2021:10:27:18 +0800] "GET /xingrg/check_reg.html?_=1616120895827 HTTP/1.1" 200 22
117.185.32.26 - - [19/Mar/2021:10:27:24 +0800] "GET /xingrg/all/function/internal_message.html?_=1616120857659&CODE_STATE=getMsg HTTP/1.1" 200 27
116.224.253.72 - - [19/Mar/2021:10:27:24 +0800] "POST /xingrg/dwr/call/plaincall/AjaxQqpsService.saveMaterielItem.dwr HTTP/1.1" 200 79
222.70.217.33 - - [19/Mar/2021:10:27:25 +0800] "GET /xingrg/all/function/internal_message.html?_=1616120841395&CODE_STATE=getMsg HTTP/1.1" 200 27
116.224.253.72 - - [19/Mar/2021:10:27:28 +0800] "POST /xingrg/dwr/call/plaincall/AjaxQqpsService.getMaterielByCode.dwr HTTP/1.1" 200 3674
114.83.222.187 - - [19/Mar/2021:10:27:30 +0800] "GET /xingrg/kc/base/wldb_order_operate.html?command=get_materiel&rest_code=00149&base_code=0010395&code=00102002339 HTTP/1.1" 200 464
116.224.253.72 - - [19/Mar/2021:10:27:30 +0800] "POST /xingrg/dwr/call/plaincall/AjaxQqpsService.saveMaterielItem.dwr HTTP/1.1" 200 79
180.169.147.146 - - [19/Mar/2021:10:27:31 +0800] "GET /xingrg/all/function/internal_message.html?_=1616120852108&CODE_STATE=getMsg HTTP/1.1" 200 27
120.253.135.82 - - [19/Mar/2021:10:27:33 +0800] "GET /xingrg/all/function/internal_message.html?_=1616120910879&CODE_STATE=getMsg HTTP/1.1" 200 27
116.235.216.75 - - [19/Mar/2021:10:27:35 +0800] "GET /xingrg/all/function/internal_message.html?_=1616120846105&CODE_STATE=getMsg HTTP/1.1" 200 27
116.224.253.72 - - [19/Mar/2021:10:27:36 +0800] "POST /xingrg/dwr/call/plaincall/AjaxQqpsService.getMaterielByCode.dwr HTTP/1.1" 200 3588
61.165.42.208 - - [19/Mar/2021:10:27:38 +0800] "GET /xingrg/all/function/internal_message.html?_=1616120840174&CODE_STATE=getMsg HTTP/1.1" 200 27
116.224.253.72 - - [19/Mar/2021:10:27:38 +0800] "POST /xingrg/dwr/call/plaincall/AjaxQqpsService.saveMaterielItem.dwr HTTP/1.1" 200 79
114.83.222.187 - - [19/Mar/2021:10:27:41 +0800] "POST /xingrg/kc/base/wldb_order_operate.html HTTP/1.1" 200 37
114.83.222.187 - - [19/Mar/2021:10:27:41 +0800] "POST /xingrg/kc/base/wldb_order_operate.html HTTP/1.1" 200 2208
58.37.230.33 - - [19/Mar/2021:10:27:42 +0800] "GET /xingrg/all/function/internal_message.html?_=1616120882204&CODE_STATE=getMsg HTTP/1.1" 200 27
116.235.216.75 - - [19/Mar/2021:10:27:44 +0800] "GET /xingrg/kc/buy/cgsh_order_add.html HTTP/1.1" 200 62192
116.224.253.72 - - [19/Mar/2021:10:27:44 +0800] "POST /xingrg/dwr/call/plaincall/AjaxQqpsService.getMaterielByCode.dwr HTTP/1.1" 200 3633
114.83.222.187 - - [19/Mar/2021:10:27:44 +0800] "GET /xingrg/kc/base/wldb_order_info.html?code=422021031902070 HTTP/1.1" 200 30522
114.83.222.187 - - [19/Mar/2021:10:27:45 +0800] "GET /xingrg/javascript/easyui/themes/default/validatebox.css HTTP/1.1" 404 1104
114.83.222.187 - - [19/Mar/2021:10:27:45 +0800] "POST /xingrg/kc/base/wldb_order_operate.html HTTP/1.1" 200 2208
116.235.216.75 - - [19/Mar/2021:10:27:45 +0800] "GET /xingrg/javascript/easyui/themes/default/validatebox.css HTTP/1.1" 404 1104
116.235.216.75 - - [19/Mar/2021:10:27:45 +0800] "POST /xingrg/kc/buy/cgsh_order_operate.html HTTP/1.1" 200 8245
116.224.253.72 - - [19/Mar/2021:10:27:47 +0800] "POST /xingrg/dwr/call/plaincall/AjaxQqpsService.saveMaterielItem.dwr HTTP/1.1" 200 79
114.83.222.187 - - [19/Mar/2021:10:27:47 +0800] "GET /xingrg/kc/base/wldb_order_add.html HTTP/1.1" 200 30508
114.83.222.187 - - [19/Mar/2021:10:27:48 +0800] "GET /xingrg/javascript/easyui/themes/default/validatebox.css HTTP/1.1" 404 1104
114.83.222.187 - - [19/Mar/2021:10:27:48 +0800] "POST /xingrg/kc/base/wldb_order_operate.html HTTP/1.1" 200 6806
114.88.166.193 - - [19/Mar/2021:10:27:48 +0800] "GET /xingrg/all/function/internal_message.html?_=1616120864380&CODE_STATE=getMsg HTTP/1.1" 200 27
61.165.42.208 - - [19/Mar/2021:10:27:48 +0800] "GET /xingrg/all/function/internal_message.html?_=1616120869150&CODE_STATE=getMsg HTTP/1.1" 200 27
101.228.165.174 - - [19/Mar/2021:10:27:49 +0800] "GET /xingrg/check_reg.html?_=1616120884100 HTTP/1.1" 200 22
101.228.165.174 - - [19/Mar/2021:10:27:50 +0800] "GET /xingrg/all/function/internal_message.html?_=1616120885099&CODE_STATE=getMsg HTTP/1.1" 200 27
116.224.253.72 - - [19/Mar/2021:10:27:51 +0800] "POST /xingrg/dwr/call/plaincall/AjaxQqpsService.getMaterielByCode.dwr HTTP/1.1" 200 3585
116.224.253.72 - - [19/Mar/2021:10:27:53 +0800] "GET /xingrg/all/function/internal_message.html?_=1616120870739&CODE_STATE=getMsg HTTP/1.1" 200 27
114.83.222.187 - - [19/Mar/2021:10:27:54 +0800] "GET /xingrg/kc/base/wldb_order_operate.html?command=get_materiel&rest_code=00149&base_code=0010395&code=00102004035 HTTP/1.1" 200 436
114.83.222.187 - - [19/Mar/2021:10:27:55 +0800] "GET /xingrg/all/function/internal_message.html?_=1616120870408&CODE_STATE=getMsg HTTP/1.1" 200 27
116.224.253.72 - - [19/Mar/2021:10:27:55 +0800] "GET /xingrg/all/function/internal_message.html?_=1616120827704&CODE_STATE=getMsg HTTP/1.1" 200 27
101.93.222.235 - - [19/Mar/2021:10:27:58 +0800] "POST /xingrg/services/DataTransmitService HTTP/1.1" 200 524
116.224.253.72 - - [19/Mar/2021:10:28:02 +0800] "POST /xingrg/dwr/call/plaincall/AjaxQqpsService.saveMaterielItem.dwr HTTP/1.1" 200 79
101.228.165.174 - - [19/Mar/2021:10:28:04 +0800] "GET /xingrg/all/function/internal_message.html?_=1616120886167&CODE_STATE=getMsg HTTP/1.1" 200 27
117.131.5.26 - - [19/Mar/2021:10:28:07 +0800] "GET /xingrg/check_reg.html?_=1616120955090 HTTP/1.1" 200 22
58.37.192.63 - - [19/Mar/2021:10:28:07 +0800] "GET /xingrg/all/function/internal_message.html?_=1616120955089&CODE_STATE=getMsg HTTP/1.1" 200 27
58.221.95.50 - - [19/Mar/2021:10:28:07 +0800] "GET /xingrg/all/function/internal_message.html?_=1616120886010&CODE_STATE=getMsg HTTP/1.1" 302 -
58.37.230.33 - - [19/Mar/2021:10:28:09 +0800] "POST /xingrg/services/DataTransmitService HTTP/1.1" 200 524
116.224.253.72 - - [19/Mar/2021:10:28:11 +0800] "POST /xingrg/dwr/call/plaincall/AjaxQqpsService.saveOrder.dwr HTTP/1.1" 200 79
116.235.216.75 - - [19/Mar/2021:10:28:13 +0800] "GET /xingrg/javascript/easyui/themes/default/tree.css HTTP/1.1" 404 1090
116.235.216.75 - - [19/Mar/2021:10:28:13 +0800] "POST /xingrg/all/common/load_tree.html?tree=supplier_tree_json&isDelete=1 HTTP/1.1" 200 54827
114.83.222.187 - - [19/Mar/2021:10:28:13 +0800] "POST /xingrg/kc/base/wldb_order_operate.html HTTP/1.1" 200 37
180.169.147.146 - - [19/Mar/2021:10:28:13 +0800] "GET /xingrg/all/function/internal_message.html?_=1616120886119&CODE_STATE=getMsg HTTP/1.1" 200 27
114.83.222.187 - - [19/Mar/2021:10:28:13 +0800] "POST /xingrg/kc/base/wldb_order_operate.html HTTP/1.1" 200 2188
114.83.222.187 - - [19/Mar/2021:10:28:14 +0800] "GET /xingrg/kc/base/wldb_order_info.html?code=422021031902071 HTTP/1.1" 200 30522
114.83.222.187 - - [19/Mar/2021:10:28:14 +0800] "GET /xingrg/javascript/easyui/themes/default/validatebox.css HTTP/1.1" 404 1104
114.83.222.187 - - [19/Mar/2021:10:28:14 +0800] "POST /xingrg/kc/base/wldb_order_operate.html HTTP/1.1" 200 2188
114.83.222.187 - - [19/Mar/2021:10:28:17 +0800] "GET /xingrg/kc/base/wldb_order_add.html HTTP/1.1" 200 30508
114.83.222.187 - - [19/Mar/2021:10:28:17 +0800] "POST /xingrg/kc/base/wldb_order_operate.html HTTP/1.1" 200 6806
114.83.222.187 - - [19/Mar/2021:10:28:17 +0800] "GET /xingrg/javascript/easyui/themes/default/validatebox.css HTTP/1.1" 404 1104
117.185.32.26 - - [19/Mar/2021:10:28:24 +0800] "GET /xingrg/all/function/internal_message.html?_=1616120917639&CODE_STATE=getMsg HTTP/1.1" 200 27
222.70.217.33 - - [19/Mar/2021:10:28:25 +0800] "GET /xingrg/all/function/internal_message.html?_=1616120901366&CODE_STATE=getMsg HTTP/1.1" 200 27
114.83.222.187 - - [19/Mar/2021:10:28:27 +0800] "GET /xingrg/kc/base/wldb_order_operate.html?command=get_materiel&rest_code=00149&base_code=0010394&code=00101016050 HTTP/1.1" 200 464
116.235.216.75 - - [19/Mar/2021:10:28:31 +0800] "GET /xingrg/kc/buy/cgsh_order_operate.html?command=get_materiel&rest_code=00107&code=00101018007&supplier_code=00100330&order_time=2021-03-19 HTTP/1.1" 200 409
180.169.147.146 - - [19/Mar/2021:10:28:31 +0800] "GET /xingrg/all/function/internal_message.html?_=1616120912106&CODE_STATE=getMsg HTTP/1.1" 200 27
120.253.135.82 - - [19/Mar/2021:10:28:33 +0800] "GET /xingrg/all/function/internal_message.html?_=1616120970893&CODE_STATE=getMsg HTTP/1.1" 200 27
120.204.17.72 - - [19/Mar/2021:10:28:34 +0800] "GET /xingrg/all/function/internal_message.html?_=1616120857659&CODE_STATE=getMsg HTTP/1.1" 302 -
116.235.216.75 - - [19/Mar/2021:10:28:35 +0800] "GET /xingrg/all/function/internal_message.html?_=1616120906100&CODE_STATE=getMsg HTTP/1.1" 200 27
114.83.222.187 - - [19/Mar/2021:10:28:36 +0800] "GET /xingrg/kc/base/wldb_order_operate.html?command=get_materiel&rest_code=00149&base_code=0010394&code=00101016049 HTTP/1.1" 200 445
61.165.42.208 - - [19/Mar/2021:10:28:38 +0800] "GET /xingrg/check_reg.html?_=1616120900168 HTTP/1.1" 200 22
61.165.42.208 - - [19/Mar/2021:10:28:38 +0800] "GET /xingrg/all/function/internal_message.html?_=1616120900169&CODE_STATE=getMsg HTTP/1.1" 200 27
120.204.17.72 - - [19/Mar/2021:10:28:38 +0800] "GET /xingrg/login.html HTTP/1.1" 200 7641
58.37.230.33 - - [19/Mar/2021:10:28:42 +0800] "GET /xingrg/all/function/internal_message.html?_=1616120942207&CODE_STATE=getMsg HTTP/1.1" 200 27
116.235.216.75 - - [19/Mar/2021:10:28:42 +0800] "POST /xingrg/kc/buy/cgsh_order_operate.html HTTP/1.1" 200 37
116.235.216.75 - - [19/Mar/2021:10:28:44 +0800] "POST /xingrg/kc/buy/cgsh_order_operate.html HTTP/1.1" 200 2653
114.83.222.187 - - [19/Mar/2021:10:28:45 +0800] "GET /xingrg/kc/base/wldb_order_operate.html?command=get_materiel&rest_code=00149&base_code=0010394&code=00101013139 HTTP/1.1" 200 451
222.70.217.33 - - [19/Mar/2021:10:28:45 +0800] "GET /xingrg/check_reg.html?_=1616120921492 HTTP/1.1" 200 22
116.235.216.75 - - [19/Mar/2021:10:28:46 +0800] "GET /xingrg/kc/print/load_data.html?order_code=212021031908113&kc_code=cgsh&condition= HTTP/1.1" 200 675
61.165.42.208 - - [19/Mar/2021:10:28:48 +0800] "GET /xingrg/all/function/internal_message.html?_=1616120929148&CODE_STATE=getMsg HTTP/1.1" 200 27
114.88.166.193 - - [19/Mar/2021:10:28:49 +0800] "GET /xingrg/all/function/internal_message.html?_=1616120924864&CODE_STATE=getMsg HTTP/1.1" 200 27
101.228.165.174 - - [19/Mar/2021:10:28:50 +0800] "GET /xingrg/all/function/internal_message.html?_=1616120945112&CODE_STATE=getMsg HTTP/1.1" 200 27
116.235.216.75 - - [19/Mar/2021:10:28:51 +0800] "GET /xingrg/kc/buy/cgsh_order_add.html HTTP/1.1" 200 62192
116.235.216.75 - - [19/Mar/2021:10:28:52 +0800] "GET /xingrg/javascript/easyui/themes/default/validatebox.css HTTP/1.1" 404 1104
116.235.216.75 - - [19/Mar/2021:10:28:52 +0800] "POST /xingrg/kc/buy/cgsh_order_operate.html HTTP/1.1" 200 8245
101.228.165.73 - - [19/Mar/2021:10:28:52 +0800] "GET /favicon.ico HTTP/1.1" 404 -
116.235.216.75 - - [19/Mar/2021:10:28:52 +0800] "GET /xingrg/javascript/easyui/themes/default/tree.css HTTP/1.1" 404 1090
116.235.216.75 - - [19/Mar/2021:10:28:53 +0800] "POST /xingrg/all/common/load_tree.html?tree=supplier_tree_json&isDelete=1 HTTP/1.1" 200 54827
116.224.253.72 - - [19/Mar/2021:10:28:53 +0800] "GET /xingrg/all/function/internal_message.html?_=1616120930764&CODE_STATE=getMsg HTTP/1.1" 200 27
114.83.222.187 - - [19/Mar/2021:10:28:55 +0800] "GET /xingrg/all/function/internal_message.html?_=1616120930407&CODE_STATE=getMsg HTTP/1.1" 200 27
116.224.253.72 - - [19/Mar/2021:10:28:55 +0800] "GET /xingrg/all/function/internal_message.html?_=1616120887803&CODE_STATE=getMsg HTTP/1.1" 200 27
114.83.222.187 - - [19/Mar/2021:10:29:03 +0800] "POST /xingrg/kc/base/wldb_order_operate.html HTTP/1.1" 200 37
114.83.222.187 - - [19/Mar/2021:10:29:03 +0800] "POST /xingrg/kc/base/wldb_order_operate.html HTTP/1.1" 200 3677
114.83.222.187 - - [19/Mar/2021:10:29:03 +0800] "GET /xingrg/kc/base/wldb_order_info.html?code=422021031902072 HTTP/1.1" 200 30523
101.228.165.174 - - [19/Mar/2021:10:29:04 +0800] "GET /xingrg/all/function/internal_message.html?_=1616120946169&CODE_STATE=getMsg HTTP/1.1" 200 27
114.83.222.187 - - [19/Mar/2021:10:29:04 +0800] "GET /xingrg/javascript/easyui/themes/default/validatebox.css HTTP/1.1" 404 1104
114.83.222.187 - - [19/Mar/2021:10:29:04 +0800] "POST /xingrg/kc/base/wldb_order_operate.html HTTP/1.1" 200 3677
117.131.5.26 - - [19/Mar/2021:10:29:07 +0800] "GET /xingrg/all/function/internal_message.html?_=1616121015089&CODE_STATE=getMsg HTTP/1.1" 200 27
58.221.95.50 - - [19/Mar/2021:10:29:07 +0800] "GET /xingrg/all/function/internal_message.html?_=1616120946009&CODE_STATE=getMsg HTTP/1.1" 302 -
114.83.222.187 - - [19/Mar/2021:10:29:11 +0800] "POST /xingrg/kc/base/wldb_list_operate.html HTTP/1.1" 200 4594
116.235.216.75 - - [19/Mar/2021:10:29:12 +0800] "GET /xingrg/kc/buy/cgsh_order_operate.html?command=get_materiel&rest_code=00107&code=00101006159&supplier_code=00100344&order_time=2021-03-19 HTTP/1.1" 200 417
180.169.147.146 - - [19/Mar/2021:10:29:13 +0800] "GET /xingrg/all/function/internal_message.html?_=1616120946097&CODE_STATE=getMsg HTTP/1.1" 200 27
114.88.166.193 - - [19/Mar/2021:10:29:21 +0800] "GET /xingrg/check_reg.html?_=1616120956934 HTTP/1.1" 200 22
117.185.32.26 - - [19/Mar/2021:10:29:24 +0800] "GET /xingrg/all/function/internal_message.html?_=1616120977619&CODE_STATE=getMsg HTTP/1.1" 200 27
222.70.217.33 - - [19/Mar/2021:10:29:25 +0800] "GET /xingrg/all/function/internal_message.html?_=1616120961337&CODE_STATE=getMsg HTTP/1.1" 200 27
116.235.216.75 - - [19/Mar/2021:10:29:26 +0800] "POST /xingrg/kc/buy/cgsh_order_operate.html HTTP/1.1" 200 37
116.235.216.75 - - [19/Mar/2021:10:29:28 +0800] "POST /xingrg/kc/buy/cgsh_order_operate.html HTTP/1.1" 200 2662
61.165.42.208 - - [19/Mar/2021:10:29:29 +0800] "GET /xingrg/kc/buy/cgsh_order_add.html HTTP/1.1" 200 62151
116.235.216.75 - - [19/Mar/2021:10:29:30 +0800] "GET /xingrg/kc/print/load_data.html?order_code=212021031908114&kc_code=cgsh&condition= HTTP/1.1" 200 682
61.165.42.208 - - [19/Mar/2021:10:29:30 +0800] "POST /xingrg/kc/buy/cgsh_order_operate.html HTTP/1.1" 200 8245
61.165.42.208 - - [19/Mar/2021:10:29:30 +0800] "GET /xingrg/javascript/easyui/themes/default/validatebox.css HTTP/1.1" 404 1104
180.169.147.146 - - [19/Mar/2021:10:29:31 +0800] "GET /xingrg/all/function/internal_message.html?_=1616120972114&CODE_STATE=getMsg HTTP/1.1" 200 27
116.232.54.212 - - [19/Mar/2021:10:29:32 +0800] "GET /xingrg/login.html HTTP/1.1" 200 7641
120.253.135.82 - - [19/Mar/2021:10:29:33 +0800] "GET /xingrg/all/function/internal_message.html?_=1616121030922&CODE_STATE=getMsg HTTP/1.1" 200 27
116.235.216.75 - - [19/Mar/2021:10:29:34 +0800] "GET /xingrg/kc/buy/cgsh_order_add.html HTTP/1.1" 200 62192
116.235.216.75 - - [19/Mar/2021:10:29:35 +0800] "GET /xingrg/javascript/easyui/themes/default/validatebox.css HTTP/1.1" 404 1104
116.235.216.75 - - [19/Mar/2021:10:29:35 +0800] "POST /xingrg/kc/buy/cgsh_order_operate.html HTTP/1.1" 200 8245
116.235.216.75 - - [19/Mar/2021:10:29:35 +0800] "GET /xingrg/all/function/internal_message.html?_=1616120966182&CODE_STATE=getMsg HTTP/1.1" 200 27
116.235.216.75 - - [19/Mar/2021:10:29:35 +0800] "GET /xingrg/javascript/easyui/themes/default/tree.css HTTP/1.1" 404 1090
116.235.216.75 - - [19/Mar/2021:10:29:35 +0800] "POST /xingrg/all/common/load_tree.html?tree=supplier_tree_json&isDelete=1 HTTP/1.1" 200 54827
61.165.42.208 - - [19/Mar/2021:10:29:38 +0800] "GET /xingrg/all/function/internal_message.html?_=1616120960168&CODE_STATE=getMsg HTTP/1.1" 200 27
61.165.42.208 - - [19/Mar/2021:10:29:40 +0800] "GET /xingrg/kc/buy/cgsh_order_operate.html?command=get_materiel&rest_code=00105&code=00101009062&supplier_code=00100024&order_time=2021-03-19 HTTP/1.1" 200 412
114.88.166.193 - - [19/Mar/2021:10:29:41 +0800] "GET /favicon.ico HTTP/1.1" 404 -
58.37.230.33 - - [19/Mar/2021:10:29:42 +0800] "GET /xingrg/all/function/internal_message.html?_=1616121002208&CODE_STATE=getMsg HTTP/1.1" 200 27
61.165.42.208 - - [19/Mar/2021:10:29:48 +0800] "GET /xingrg/all/function/internal_message.html?_=1616120989163&CODE_STATE=getMsg HTTP/1.1" 200 27
114.88.166.193 - - [19/Mar/2021:10:29:49 +0800] "GET /xingrg/all/function/internal_message.html?_=1616120984875&CODE_STATE=getMsg HTTP/1.1" 200 27
101.228.165.174 - - [19/Mar/2021:10:29:50 +0800] "GET /xingrg/all/function/internal_message.html?_=1616121005125&CODE_STATE=getMsg HTTP/1.1" 200 27
116.224.253.72 - - [19/Mar/2021:10:29:53 +0800] "GET /xingrg/all/function/internal_message.html?_=1616120990763&CODE_STATE=getMsg HTTP/1.1" 200 27
114.83.222.187 - - [19/Mar/2021:10:29:55 +0800] "GET /xingrg/all/function/internal_message.html?_=1616120990404&CODE_STATE=getMsg HTTP/1.1" 200 27
116.224.253.72 - - [19/Mar/2021:10:29:55 +0800] "GET /xingrg/all/function/internal_message.html?_=1616120947810&CODE_STATE=getMsg HTTP/1.1" 200 27
116.235.216.75 - - [19/Mar/2021:10:29:56 +0800] "GET /xingrg/kc/buy/cgsh_order_operate.html?command=get_materiel&rest_code=00107&code=00101010108&supplier_code=00100336&order_time=2021-03-19 HTTP/1.1" 200 421
61.165.42.208 - - [19/Mar/2021:10:30:00 +0800] "GET /xingrg/kc/buy/cgsh_order_operate.html?command=get_materiel&rest_code=00105&code=00101009001&supplier_code=00100024&order_time=2021-03-19 HTTP/1.1" 200 416
116.235.216.75 - - [19/Mar/2021:10:30:03 +0800] "POST /xingrg/kc/buy/cgsh_order_operate.html HTTP/1.1" 200 37
101.228.165.174 - - [19/Mar/2021:10:30:04 +0800] "GET /xingrg/all/function/internal_message.html?_=1616121006169&CODE_STATE=getMsg HTTP/1.1" 200 27
116.235.216.75 - - [19/Mar/2021:10:30:05 +0800] "POST /xingrg/kc/buy/cgsh_order_operate.html HTTP/1.1" 200 2665
116.235.216.75 - - [19/Mar/2021:10:30:07 +0800] "GET /xingrg/kc/print/load_data.html?order_code=212021031908115&kc_code=cgsh&condition= HTTP/1.1" 200 678
117.131.5.26 - - [19/Mar/2021:10:30:07 +0800] "GET /xingrg/all/function/internal_message.html?_=1616121075087&CODE_STATE=getMsg HTTP/1.1" 200 27
58.221.95.50 - - [19/Mar/2021:10:30:07 +0800] "GET /xingrg/all/function/internal_message.html?_=1616121005979&CODE_STATE=getMsg HTTP/1.1" 302 -
116.235.216.75 - - [19/Mar/2021:10:30:10 +0800] "GET /xingrg/kc/buy/cgsh_order_add.html HTTP/1.1" 200 62192
61.165.42.208 - - [19/Mar/2021:10:30:10 +0800] "GET /xingrg/kc/buy/cgsh_order_operate.html?command=get_materiel&rest_code=00105&code=00101009010&supplier_code=00100024&order_time=2021-03-19 HTTP/1.1" 200 412
116.235.216.75 - - [19/Mar/2021:10:30:11 +0800] "GET /xingrg/javascript/easyui/themes/default/validatebox.css HTTP/1.1" 404 1104
116.235.216.75 - - [19/Mar/2021:10:30:11 +0800] "POST /xingrg/kc/buy/cgsh_order_operate.html HTTP/1.1" 200 8245
116.235.216.75 - - [19/Mar/2021:10:30:12 +0800] "GET /xingrg/javascript/easyui/themes/default/tree.css HTTP/1.1" 404 1090
116.235.216.75 - - [19/Mar/2021:10:30:12 +0800] "POST /xingrg/all/common/load_tree.html?tree=supplier_tree_json&isDelete=1 HTTP/1.1" 200 54827
180.169.147.146 - - [19/Mar/2021:10:30:13 +0800] "GET /xingrg/all/function/internal_message.html?_=1616121006079&CODE_STATE=getMsg HTTP/1.1" 200 27
117.185.32.26 - - [19/Mar/2021:10:30:24 +0800] "GET /xingrg/all/function/internal_message.html?_=1616121037587&CODE_STATE=getMsg HTTP/1.1" 200 27
61.165.42.208 - - [19/Mar/2021:10:30:24 +0800] "GET /xingrg/kc/buy/cgsh_order_operate.html?command=get_materiel&rest_code=00105&code=00101009011&supplier_code=00100024&order_time=2021-03-19 HTTP/1.1" 200 416
222.70.217.33 - - [19/Mar/2021:10:30:25 +0800] "GET /xingrg/all/function/internal_message.html?_=1616121021306&CODE_STATE=getMsg HTTP/1.1" 200 27
116.235.216.75 - - [19/Mar/2021:10:30:28 +0800] "GET /xingrg/kc/buy/cgsh_order_operate.html?command=get_materiel&rest_code=00107&code=00101004090&supplier_code=00100312&order_time=2021-03-19 HTTP/1.1" 200 412
180.169.147.146 - - [19/Mar/2021:10:30:31 +0800] "GET /xingrg/check_reg.html?_=1616121032122 HTTP/1.1" 200 22
180.169.147.146 - - [19/Mar/2021:10:30:31 +0800] "GET /xingrg/all/function/internal_message.html?_=1616121032116&CODE_STATE=getMsg HTTP/1.1" 200 27
120.253.135.82 - - [19/Mar/2021:10:30:33 +0800] "GET /xingrg/all/function/internal_message.html?_=1616121090936&CODE_STATE=getMsg HTTP/1.1" 200 27
116.235.216.75 - - [19/Mar/2021:10:30:35 +0800] "GET /xingrg/all/function/internal_message.html?_=1616121026161&CODE_STATE=getMsg HTTP/1.1" 200 27
116.235.216.75 - - [19/Mar/2021:10:30:35 +0800] "GET /xingrg/check_reg.html?_=1616121026281 HTTP/1.1" 200 22
61.165.42.208 - - [19/Mar/2021:10:30:38 +0800] "GET /xingrg/kc/buy/cgsh_order_operate.html?command=get_materiel&rest_code=00105&code=00101009016&supplier_code=00100024&order_time=2021-03-19 HTTP/1.1" 200 412
61.165.42.208 - - [19/Mar/2021:10:30:38 +0800] "GET /xingrg/all/function/internal_message.html?_=1616121020181&CODE_STATE=getMsg HTTP/1.1" 200 27
116.235.216.75 - - [19/Mar/2021:10:30:40 +0800] "POST /xingrg/services/DataTransmitService HTTP/1.1" 200 524
116.235.216.75 - - [19/Mar/2021:10:30:40 +0800] "POST /xingrg/services/DataTransmitService HTTP/1.1" 200 2235
116.235.216.75 - - [19/Mar/2021:10:30:41 +0800] "POST /xingrg/services/DataTransmitService HTTP/1.1" 200 162112
58.37.230.33 - - [19/Mar/2021:10:30:42 +0800] "GET /xingrg/all/function/internal_message.html?_=1616121062215&CODE_STATE=getMsg HTTP/1.1" 200 27
116.235.216.75 - - [19/Mar/2021:10:30:44 +0800] "GET /xingrg/kc/buy/cgsh_order_operate.html?command=get_materiel&rest_code=00107&code=00101004046&supplier_code=00100312&order_time=2021-03-19 HTTP/1.1" 200 417
61.165.42.208 - - [19/Mar/2021:10:30:44 +0800] "GET /xingrg/kc/buy/cgsh_order_operate.html?command=get_materiel&rest_code=00105&code=00101009013&supplier_code=00100024&order_time=2021-03-19 HTTP/1.1" 200 420
180.161.117.173 - - [19/Mar/2021:10:30:45 +0800] "GET /xingrg/check_reg.html?_=1616121308795 HTTP/1.1" 302 -
61.129.6.203 - - [19/Mar/2021:10:30:48 +0800] "GET /xingrg/all/function/internal_message.html?_=1616121002208&CODE_STATE=getMsg HTTP/1.1" 302 -
61.165.42.208 - - [19/Mar/2021:10:30:48 +0800] "GET /xingrg/all/function/internal_message.html?_=1616121049172&CODE_STATE=getMsg HTTP/1.1" 200 27
114.88.166.193 - - [19/Mar/2021:10:30:49 +0800] "GET /xingrg/all/function/internal_message.html?_=1616121044888&CODE_STATE=getMsg HTTP/1.1" 200 27
101.228.165.174 - - [19/Mar/2021:10:30:50 +0800] "GET /xingrg/all/function/internal_message.html?_=1616121065159&CODE_STATE=getMsg HTTP/1.1" 200 27
61.165.42.208 - - [19/Mar/2021:10:30:53 +0800] "POST /xingrg/kc/buy/cgsh_order_operate.html HTTP/1.1" 200 37
116.224.253.72 - - [19/Mar/2021:10:30:53 +0800] "GET /xingrg/all/function/internal_message.html?_=1616121050768&CODE_STATE=getMsg HTTP/1.1" 200 27
61.129.6.203 - - [19/Mar/2021:10:30:53 +0800] "GET /xingrg/login.html HTTP/1.1" 200 7641
114.83.222.187 - - [19/Mar/2021:10:30:55 +0800] "GET /xingrg/check_reg.html?_=1616121050403 HTTP/1.1" 200 22
114.83.222.187 - - [19/Mar/2021:10:30:55 +0800] "GET /xingrg/all/function/internal_message.html?_=1616121050404&CODE_STATE=getMsg HTTP/1.1" 200 27
116.224.253.72 - - [19/Mar/2021:10:30:55 +0800] "GET /xingrg/all/function/internal_message.html?_=1616121007903&CODE_STATE=getMsg HTTP/1.1" 200 27
61.165.42.208 - - [19/Mar/2021:10:30:57 +0800] "POST /xingrg/kc/buy/cgsh_order_operate.html HTTP/1.1" 200 5624
61.165.42.208 - - [19/Mar/2021:10:31:02 +0800] "GET /xingrg/kc/print/load_data.html?order_code=212021031908116&kc_code=cgsh&condition= HTTP/1.1" 200 1823
101.228.165.174 - - [19/Mar/2021:10:31:04 +0800] "GET /xingrg/all/function/internal_message.html?_=1616121066169&CODE_STATE=getMsg HTTP/1.1" 200 27
117.131.5.26 - - [19/Mar/2021:10:31:07 +0800] "GET /xingrg/all/function/internal_message.html?_=1616121135084&CODE_STATE=getMsg HTTP/1.1" 200 27
58.221.95.50 - - [19/Mar/2021:10:31:07 +0800] "GET /xingrg/all/function/internal_message.html?_=1616121065950&CODE_STATE=getMsg HTTP/1.1" 302 -
58.221.95.50 - - [19/Mar/2021:10:31:10 +0800] "GET /xingrg/check_reg.html?_=1616121068698 HTTP/1.1" 302 -
116.235.216.75 - - [19/Mar/2021:10:31:13 +0800] "GET /xingrg/kc/buy/cgsh_order_operate.html?command=get_materiel&rest_code=00107&code=00101004067&supplier_code=00100312&order_time=2021-03-19 HTTP/1.1" 200 433
180.169.147.146 - - [19/Mar/2021:10:31:13 +0800] "GET /xingrg/all/function/internal_message.html?_=1616121066076&CODE_STATE=getMsg HTTP/1.1" 200 27
101.91.60.105 - - [19/Mar/2021:10:31:17 +0800] "GET /xingrg/all/function/internal_message.html?_=1616120882204&CODE_STATE=getMsg HTTP/1.1" 302 -
180.169.147.146 - - [19/Mar/2021:10:31:21 +0800] "GET /xingrg/check_reg.html?_=1616121074033 HTTP/1.1" 200 22
117.185.32.26 - - [19/Mar/2021:10:31:22 +0800] "GET /xingrg/check_reg.html?_=1616121095783 HTTP/1.1" 200 22
101.91.60.105 - - [19/Mar/2021:10:31:23 +0800] "GET /xingrg/login.html HTTP/1.1" 200 7641
117.185.32.26 - - [19/Mar/2021:10:31:24 +0800] "GET /xingrg/all/function/internal_message.html?_=1616121097555&CODE_STATE=getMsg HTTP/1.1" 200 27
222.70.217.33 - - [19/Mar/2021:10:31:25 +0800] "GET /xingrg/all/function/internal_message.html?_=1616121081292&CODE_STATE=getMsg HTTP/1.1" 200 27
180.169.147.146 - - [19/Mar/2021:10:31:31 +0800] "GET /xingrg/all/function/internal_message.html?_=1616121092122&CODE_STATE=getMsg HTTP/1.1" 200 27
120.253.135.82 - - [19/Mar/2021:10:31:33 +0800] "GET /xingrg/all/function/internal_message.html?_=1616121150966&CODE_STATE=getMsg HTTP/1.1" 200 27
183.192.164.97 - - [19/Mar/2021:10:31:33 +0800] "GET /xingrg/all/function/internal_message.html?_=1616121037587&CODE_STATE=getMsg HTTP/1.1" 302 -
116.235.216.75 - - [19/Mar/2021:10:31:35 +0800] "GET /xingrg/all/function/internal_message.html?_=1616121086137&CODE_STATE=getMsg HTTP/1.1" 200 27
61.165.42.208 - - [19/Mar/2021:10:31:38 +0800] "GET /xingrg/all/function/internal_message.html?_=1616121080177&CODE_STATE=getMsg HTTP/1.1" 200 27
183.192.164.97 - - [19/Mar/2021:10:31:38 +0800] "GET /xingrg/login.html HTTP/1.1" 200 7641
114.88.166.193 - - [19/Mar/2021:10:31:39 +0800] "GET /favicon.ico HTTP/1.1" 404 -
116.235.216.75 - - [19/Mar/2021:10:31:39 +0800] "GET /xingrg/kc/buy/cgsh_order_operate.html?command=get_materiel&rest_code=00107&code=00101004027&supplier_code=00100312&order_time=2021-03-19 HTTP/1.1" 200 409
116.232.54.212 - - [19/Mar/2021:10:31:40 +0800] "POST /xingrg/login.do HTTP/1.1" 302 -
116.232.54.212 - - [19/Mar/2021:10:31:40 +0800] "GET /xingrg/index.html?sysBaseUrl=http%3A%2F%2F180.169.147.146%3A18081%2Fxingrg%2F&costTime=52×tamp=1616121100213 HTTP/1.1" 200 17173
116.232.54.212 - - [19/Mar/2021:10:31:40 +0800] "POST /xingrg/all/common/load_tree.html?tree=area_rest_tree_json&manage=1 HTTP/1.1" 200 342
116.232.54.212 - - [19/Mar/2021:10:31:40 +0800] "GET /xingrg/all/function/internal_message.html?_=1616121097757&CODE_STATE=count HTTP/1.1" 200 11
116.232.54.212 - - [19/Mar/2021:10:31:40 +0800] "GET /xingrg/check_reg.html?_=1616121097757 HTTP/1.1" 200 22
116.232.54.212 - - [19/Mar/2021:10:31:40 +0800] "POST /xingrg/load_menu.html HTTP/1.1" 200 5138
58.37.230.33 - - [19/Mar/2021:10:31:42 +0800] "GET /xingrg/all/function/internal_message.html?_=1616121122213&CODE_STATE=getMsg HTTP/1.1" 200 27
58.37.230.33 - - [19/Mar/2021:10:31:42 +0800] "GET /xingrg/check_reg.html?_=1616121122215 HTTP/1.1" 200 22
116.232.54.212 - - [19/Mar/2021:10:31:47 +0800] "GET /xingrg/kc/buy/buy_main.html HTTP/1.1" 200 12412
116.232.54.212 - - [19/Mar/2021:10:31:47 +0800] "GET /xingrg/css/new_ie.css HTTP/1.1" 404 1036
61.165.42.208 - - [19/Mar/2021:10:31:48 +0800] "GET /xingrg/check_reg.html?_=1616121109169 HTTP/1.1" 200 22
61.165.42.208 - - [19/Mar/2021:10:31:48 +0800] "GET /xingrg/all/function/internal_message.html?_=1616121109171&CODE_STATE=getMsg HTTP/1.1" 200 27
116.232.54.212 - - [19/Mar/2021:10:31:49 +0800] "GET /xingrg/kc/buy/cgsh_order_list.html HTTP/1.1" 200 46366
114.88.166.193 - - [19/Mar/2021:10:31:49 +0800] "GET /xingrg/all/function/internal_message.html?_=1616121105393&CODE_STATE=getMsg HTTP/1.1" 200 27
101.228.165.174 - - [19/Mar/2021:10:31:50 +0800] "GET /xingrg/all/function/internal_message.html?_=1616121125168&CODE_STATE=getMsg HTTP/1.1" 200 27
116.232.54.212 - - [19/Mar/2021:10:31:50 +0800] "POST /xingrg/kc/buy/cgsh_list_operate.html HTTP/1.1" 200 1679
116.224.253.72 - - [19/Mar/2021:10:31:53 +0800] "GET /xingrg/check_reg.html?_=1616121110761 HTTP/1.1" 200 22
116.224.253.72 - - [19/Mar/2021:10:31:53 +0800] "GET /xingrg/all/function/internal_message.html?_=1616121110765&CODE_STATE=getMsg HTTP/1.1" 200 27
114.88.166.193 - - [19/Mar/2021:10:31:53 +0800] "GET /favicon.ico HTTP/1.1" 404 -
116.224.253.72 - - [19/Mar/2021:10:31:54 +0800] "GET /xingrg/check_reg.html?_=1616121066916 HTTP/1.1" 200 22
114.83.222.187 - - [19/Mar/2021:10:31:55 +0800] "GET /xingrg/all/function/internal_message.html?_=1616121110403&CODE_STATE=getMsg HTTP/1.1" 200 27
116.224.253.72 - - [19/Mar/2021:10:31:55 +0800] "GET /xingrg/all/function/internal_message.html?_=1616121067995&CODE_STATE=getMsg HTTP/1.1" 200 27
116.232.54.212 - - [19/Mar/2021:10:31:56 +0800] "POST /xingrg/kc/buy/cgsh_list_operate.html HTTP/1.1" 200 566
116.232.54.212 - - [19/Mar/2021:10:31:57 +0800] "GET /xingrg/kc/buy/cgsh_order_info.html?code=212021031908107 HTTP/1.1" 200 62154
116.232.54.212 - - [19/Mar/2021:10:31:57 +0800] "GET /xingrg/javascript/easyui/themes/default/validatebox.css HTTP/1.1" 404 1104
116.232.54.212 - - [19/Mar/2021:10:31:57 +0800] "GET /xingrg/all/common/auto_word.html?type=employee&rest_code=00109 HTTP/1.1" 200 205
116.232.54.212 - - [19/Mar/2021:10:31:57 +0800] "GET /xingrg/all/common/auto_word.html?type=employee&rest_code=00109 HTTP/1.1" 200 205
116.232.54.212 - - [19/Mar/2021:10:31:58 +0800] "POST /xingrg/kc/buy/cgsh_order_operate.html HTTP/1.1" 200 13298
116.235.216.75 - - [19/Mar/2021:10:31:59 +0800] "GET /xingrg/kc/buy/cgsh_order_operate.html?command=get_materiel&rest_code=00107&code=00101004049&supplier_code=00100312&order_time=2021-03-19 HTTP/1.1" 200 413
101.228.165.174 - - [19/Mar/2021:10:32:04 +0800] "GET /xingrg/all/function/internal_message.html?_=1616121126169&CODE_STATE=getMsg HTTP/1.1" 200 27
101.228.165.174 - - [19/Mar/2021:10:32:04 +0800] "GET /xingrg/check_reg.html?_=1616121126170 HTTP/1.1" 200 22
58.221.95.50 - - [19/Mar/2021:10:32:07 +0800] "GET /xingrg/all/function/internal_message.html?_=1616121125923&CODE_STATE=getMsg HTTP/1.1" 302 -
117.131.5.26 - - [19/Mar/2021:10:32:07 +0800] "GET /xingrg/all/function/internal_message.html?_=1616121195082&CODE_STATE=getMsg HTTP/1.1" 200 27
180.169.147.146 - - [19/Mar/2021:10:32:13 +0800] "GET /xingrg/all/function/internal_message.html?_=1616121126048&CODE_STATE=getMsg HTTP/1.1" 200 27
114.88.166.193 - - [19/Mar/2021:10:32:14 +0800] "GET /favicon.ico HTTP/1.1" 404 -
116.235.216.75 - - [19/Mar/2021:10:32:17 +0800] "GET /xingrg/kc/buy/cgsh_order_operate.html?command=get_materiel&rest_code=00107&code=00101005017&supplier_code=00100312&order_time=2021-03-19 HTTP/1.1" 200 409
120.253.135.82 - - [19/Mar/2021:10:32:18 +0800] "GET /xingrg/check_reg.html?_=1616121195832 HTTP/1.1" 200 22
117.185.32.26 - - [19/Mar/2021:10:32:24 +0800] "GET /xingrg/all/function/internal_message.html?_=1616121157534&CODE_STATE=getMsg HTTP/1.1" 200 27
222.70.217.33 - - [19/Mar/2021:10:32:25 +0800] "GET /xingrg/all/function/internal_message.html?_=1616121141262&CODE_STATE=getMsg HTTP/1.1" 200 27
180.169.147.146 - - [19/Mar/2021:10:32:31 +0800] "GET /xingrg/all/function/internal_message.html?_=1616121152124&CODE_STATE=getMsg HTTP/1.1" 200 27
116.232.54.212 - - [19/Mar/2021:10:32:32 +0800] "GET /xingrg/kc/buy/cgsh_order_operate.html?command=get_materiel&rest_code=00109&code=00101008036&supplier_code=00100005&order_time=2021-03-19 HTTP/1.1" 200 408
120.253.135.82 - - [19/Mar/2021:10:32:33 +0800] "GET /xingrg/all/function/internal_message.html?_=1616121210978&CODE_STATE=getMsg HTTP/1.1" 200 27
116.235.216.75 - - [19/Mar/2021:10:32:34 +0800] "GET /xingrg/kc/buy/cgsh_order_operate.html?command=get_materiel&rest_code=00107&code=00101004030&supplier_code=00100312&order_time=2021-03-19 HTTP/1.1" 200 408
116.235.216.75 - - [19/Mar/2021:10:32:35 +0800] "GET /xingrg/all/function/internal_message.html?_=1616121146116&CODE_STATE=getMsg HTTP/1.1" 200 27
61.165.42.208 - - [19/Mar/2021:10:32:38 +0800] "GET /xingrg/all/function/internal_message.html?_=1616121140163&CODE_STATE=getMsg HTTP/1.1" 200 27
116.232.54.212 - - [19/Mar/2021:10:32:40 +0800] "GET /xingrg/all/function/internal_message.html?_=1616121157761&CODE_STATE=getMsg HTTP/1.1" 200 27
58.37.230.33 - - [19/Mar/2021:10:32:42 +0800] "GET /xingrg/all/function/internal_message.html?_=1616121182216&CODE_STATE=getMsg HTTP/1.1" 200 27
116.232.54.212 - - [19/Mar/2021:10:32:42 +0800] "GET /xingrg/kc/buy/cgsh_order_operate.html?command=get_materiel&rest_code=00109&code=00101008318&supplier_code=00100005&order_time=2021-03-19 HTTP/1.1" 200 408
61.165.42.208 - - [19/Mar/2021:10:32:43 +0800] "GET /xingrg/kc/buy/cgsh_order_add.html HTTP/1.1" 200 62151
61.165.42.208 - - [19/Mar/2021:10:32:43 +0800] "POST /xingrg/kc/buy/cgsh_order_operate.html HTTP/1.1" 200 8245
61.165.42.208 - - [19/Mar/2021:10:32:43 +0800] "GET /xingrg/javascript/easyui/themes/default/validatebox.css HTTP/1.1" 404 1104
183.192.164.71 - - [19/Mar/2021:10:32:48 +0800] "GET /xingrg/all/function/internal_message.html?_=1616120977619&CODE_STATE=getMsg HTTP/1.1" 302 -
61.165.42.208 - - [19/Mar/2021:10:32:48 +0800] "GET /xingrg/all/function/internal_message.html?_=1616121169175&CODE_STATE=getMsg HTTP/1.1" 200 27
116.232.54.212 - - [19/Mar/2021:10:32:49 +0800] "GET /xingrg/kc/buy/cgsh_order_operate.html?command=get_materiel&rest_code=00109&code=00101008352&supplier_code=00100005&order_time=2021-03-19 HTTP/1.1" 200 412
101.228.165.174 - - [19/Mar/2021:10:32:49 +0800] "GET /xingrg/check_reg.html?_=1616121184125 HTTP/1.1" 200 22
114.88.166.193 - - [19/Mar/2021:10:32:49 +0800] "GET /xingrg/all/function/internal_message.html?_=1616121165399&CODE_STATE=getMsg HTTP/1.1" 200 27
101.91.62.89 - - [19/Mar/2021:10:32:49 +0800] "GET /xingrg/check_reg.html?_=1616121122215 HTTP/1.1" 302 -
101.228.165.174 - - [19/Mar/2021:10:32:50 +0800] "GET /xingrg/all/function/internal_message.html?_=1616121185182&CODE_STATE=getMsg HTTP/1.1" 200 27
183.192.164.71 - - [19/Mar/2021:10:32:51 +0800] "GET /xingrg/login.html HTTP/1.1" 200 7641
101.89.29.78 - - [19/Mar/2021:10:32:52 +0800] "GET /xingrg/all/function/internal_message.html?_=1616120642197&CODE_STATE=getMsg HTTP/1.1" 302 -
116.235.216.75 - - [19/Mar/2021:10:32:53 +0800] "GET /xingrg/kc/buy/cgsh_order_operate.html?command=get_materiel&rest_code=00107&code=00101005015&supplier_code=00100312&order_time=2021-03-19 HTTP/1.1" 200 409
116.224.253.72 - - [19/Mar/2021:10:32:53 +0800] "GET /xingrg/all/function/internal_message.html?_=1616121170767&CODE_STATE=getMsg HTTP/1.1" 200 27
101.91.62.89 - - [19/Mar/2021:10:32:53 +0800] "GET /xingrg/login.html HTTP/1.1" 200 7641
114.83.222.187 - - [19/Mar/2021:10:32:55 +0800] "GET /xingrg/all/function/internal_message.html?_=1616121170405&CODE_STATE=getMsg HTTP/1.1" 200 27
116.224.253.72 - - [19/Mar/2021:10:32:55 +0800] "GET /xingrg/all/function/internal_message.html?_=1616121128007&CODE_STATE=getMsg HTTP/1.1" 200 27
101.89.29.78 - - [19/Mar/2021:10:32:55 +0800] "GET /xingrg/login.html HTTP/1.1" 200 7641
116.232.54.212 - - [19/Mar/2021:10:32:55 +0800] "GET /xingrg/kc/buy/cgsh_order_operate.html?command=get_materiel&rest_code=00109&code=00101008098&supplier_code=00100005&order_time=2021-03-19 HTTP/1.1" 200 412
116.232.54.212 - - [19/Mar/2021:10:32:57 +0800] "POST /xingrg/kc/buy/cgsh_order_operate.html HTTP/1.1" 200 2065
116.232.54.212 - - [19/Mar/2021:10:33:01 +0800] "GET /xingrg/kc/buy/cgsh_order_operate.html?command=get_materiel&rest_code=00109&code=00101008005&supplier_code=00100005&order_time=2021-03-19 HTTP/1.1" 200 412
101.228.165.174 - - [19/Mar/2021:10:33:04 +0800] "GET /xingrg/all/function/internal_message.html?_=1616121186184&CODE_STATE=getMsg HTTP/1.1" 200 27
116.235.216.75 - - [19/Mar/2021:10:33:06 +0800] "GET /xingrg/kc/buy/cgsh_order_operate.html?command=get_materiel&rest_code=00107&code=00101001029&supplier_code=00100312&order_time=2021-03-19 HTTP/1.1" 200 415
58.221.95.50 - - [19/Mar/2021:10:33:07 +0800] "GET /xingrg/all/function/internal_message.html?_=1616121185893&CODE_STATE=getMsg HTTP/1.1" 302 -
117.131.5.26 - - [19/Mar/2021:10:33:07 +0800] "GET /xingrg/check_reg.html?_=1616121255109 HTTP/1.1" 200 22
58.37.192.63 - - [19/Mar/2021:10:33:07 +0800] "GET /xingrg/all/function/internal_message.html?_=1616121255108&CODE_STATE=getMsg HTTP/1.1" 200 27
116.232.54.212 - - [19/Mar/2021:10:33:10 +0800] "GET /xingrg/kc/buy/cgsh_order_operate.html?command=get_materiel&rest_code=00109&code=00101008312&supplier_code=00100005&order_time=2021-03-19 HTTP/1.1" 200 412
180.169.147.146 - - [19/Mar/2021:10:33:13 +0800] "GET /xingrg/all/function/internal_message.html?_=1616121186030&CODE_STATE=getMsg HTTP/1.1" 200 27
116.232.54.212 - - [19/Mar/2021:10:33:15 +0800] "GET /xingrg/kc/buy/cgsh_order_operate.html?command=get_materiel&rest_code=00109&code=00101008095&supplier_code=00100005&order_time=2021-03-19 HTTP/1.1" 200 413
116.232.54.212 - - [19/Mar/2021:10:33:21 +0800] "GET /xingrg/kc/buy/cgsh_order_operate.html?command=get_materiel&rest_code=00109&code=00101008238&supplier_code=00100005&order_time=2021-03-19 HTTP/1.1" 200 416
117.185.32.26 - - [19/Mar/2021:10:33:24 +0800] "GET /xingrg/all/function/internal_message.html?_=1616121217517&CODE_STATE=getMsg HTTP/1.1" 200 27
116.235.216.75 - - [19/Mar/2021:10:33:24 +0800] "POST /xingrg/kc/buy/cgsh_order_operate.html HTTP/1.1" 200 37
222.70.217.33 - - [19/Mar/2021:10:33:25 +0800] "GET /xingrg/all/function/internal_message.html?_=1616121201232&CODE_STATE=getMsg HTTP/1.1" 200 27
116.235.216.75 - - [19/Mar/2021:10:33:25 +0800] "POST /xingrg/kc/buy/cgsh_order_operate.html HTTP/1.1" 200 6812
116.235.216.75 - - [19/Mar/2021:10:33:27 +0800] "GET /xingrg/kc/print/load_data.html?order_code=212021031908117&kc_code=cgsh&condition= HTTP/1.1" 200 2259
180.169.147.146 - - [19/Mar/2021:10:33:31 +0800] "GET /xingrg/all/function/internal_message.html?_=1616121212124&CODE_STATE=getMsg HTTP/1.1" 200 27
116.235.216.75 - - [19/Mar/2021:10:33:32 +0800] "GET /xingrg/kc/buy/cgsh_order_add.html HTTP/1.1" 200 62192
116.235.216.75 - - [19/Mar/2021:10:33:33 +0800] "GET /xingrg/javascript/easyui/themes/default/validatebox.css HTTP/1.1" 404 1104
116.235.216.75 - - [19/Mar/2021:10:33:33 +0800] "POST /xingrg/kc/buy/cgsh_order_operate.html HTTP/1.1" 200 8245
120.253.135.82 - - [19/Mar/2021:10:33:33 +0800] "GET /xingrg/all/function/internal_message.html?_=1616121270993&CODE_STATE=getMsg HTTP/1.1" 200 27
116.235.216.75 - - [19/Mar/2021:10:33:34 +0800] "GET /xingrg/javascript/easyui/themes/default/tree.css HTTP/1.1" 404 1090
116.235.216.75 - - [19/Mar/2021:10:33:34 +0800] "POST /xingrg/all/common/load_tree.html?tree=supplier_tree_json&isDelete=1 HTTP/1.1" 200 54827
116.235.216.75 - - [19/Mar/2021:10:33:37 +0800] "GET /xingrg/all/function/internal_message.html?_=1616121208283&CODE_STATE=getMsg HTTP/1.1" 200 27
