61.165.42.208 - - [19/Mar/2021:10:33:38 +0800] "GET /xingrg/all/function/internal_message.html?_=1616121200162&CODE_STATE=getMsg HTTP/1.1" 200 27
61.165.42.208 - - [19/Mar/2021:10:33:38 +0800] "GET /xingrg/check_reg.html?_=1616121200167 HTTP/1.1" 200 22
120.204.17.73 - - [19/Mar/2021:10:33:40 +0800] "GET /xingrg/all/function/internal_message.html?_=1616121157534&CODE_STATE=getMsg HTTP/1.1" 302 -
116.232.54.212 - - [19/Mar/2021:10:33:40 +0800] "GET /xingrg/all/function/internal_message.html?_=1616121217767&CODE_STATE=getMsg HTTP/1.1" 200 27
58.37.230.33 - - [19/Mar/2021:10:33:42 +0800] "GET /xingrg/all/function/internal_message.html?_=1616121242220&CODE_STATE=getMsg HTTP/1.1" 200 27
222.70.217.33 - - [19/Mar/2021:10:33:45 +0800] "GET /xingrg/check_reg.html?_=1616121221500 HTTP/1.1" 200 22
120.204.17.73 - - [19/Mar/2021:10:33:46 +0800] "GET /xingrg/login.html HTTP/1.1" 200 7641
61.165.42.208 - - [19/Mar/2021:10:33:48 +0800] "GET /xingrg/all/function/internal_message.html?_=1616121229158&CODE_STATE=getMsg HTTP/1.1" 200 27
114.88.166.193 - - [19/Mar/2021:10:33:50 +0800] "GET /xingrg/all/function/internal_message.html?_=1616121225894&CODE_STATE=getMsg HTTP/1.1" 200 27
101.228.165.174 - - [19/Mar/2021:10:33:50 +0800] "GET /xingrg/all/function/internal_message.html?_=1616121245196&CODE_STATE=getMsg HTTP/1.1" 200 27
116.224.253.72 - - [19/Mar/2021:10:33:53 +0800] "GET /xingrg/all/function/internal_message.html?_=1616121230792&CODE_STATE=getMsg HTTP/1.1" 200 27
114.83.222.187 - - [19/Mar/2021:10:33:55 +0800] "GET /xingrg/all/function/internal_message.html?_=1616121230405&CODE_STATE=getMsg HTTP/1.1" 200 27
116.224.253.72 - - [19/Mar/2021:10:33:55 +0800] "GET /xingrg/all/function/internal_message.html?_=1616121188020&CODE_STATE=getMsg HTTP/1.1" 200 27
116.235.216.75 - - [19/Mar/2021:10:34:03 +0800] "GET /xingrg/kc/buy/cgsh_order_operate.html?command=get_materiel&rest_code=00107&code=00101007032&supplier_code=00100328&order_time=2021-03-19 HTTP/1.1" 200 413
101.228.165.174 - - [19/Mar/2021:10:34:04 +0800] "GET /xingrg/all/function/internal_message.html?_=1616121246183&CODE_STATE=getMsg HTTP/1.1" 200 27
58.221.95.50 - - [19/Mar/2021:10:34:07 +0800] "GET /xingrg/all/function/internal_message.html?_=1616121245864&CODE_STATE=getMsg HTTP/1.1" 302 -
117.131.5.26 - - [19/Mar/2021:10:34:07 +0800] "GET /xingrg/all/function/internal_message.html?_=1616121315106&CODE_STATE=getMsg HTTP/1.1" 200 27
116.235.216.75 - - [19/Mar/2021:10:34:11 +0800] "POST /xingrg/kc/buy/cgsh_order_operate.html HTTP/1.1" 200 37
116.235.216.75 - - [19/Mar/2021:10:34:12 +0800] "POST /xingrg/kc/buy/cgsh_order_operate.html HTTP/1.1" 200 2658
180.169.147.146 - - [19/Mar/2021:10:34:13 +0800] "GET /xingrg/all/function/internal_message.html?_=1616121246009&CODE_STATE=getMsg HTTP/1.1" 200 27
116.235.216.75 - - [19/Mar/2021:10:34:14 +0800] "GET /xingrg/kc/print/load_data.html?order_code=212021031908118&kc_code=cgsh&condition= HTTP/1.1" 200 671
116.235.216.75 - - [19/Mar/2021:10:34:18 +0800] "GET /xingrg/kc/buy/cgsh_order_add.html HTTP/1.1" 200 62192
116.235.216.75 - - [19/Mar/2021:10:34:19 +0800] "GET /xingrg/javascript/easyui/themes/default/validatebox.css HTTP/1.1" 404 1104
116.235.216.75 - - [19/Mar/2021:10:34:19 +0800] "POST /xingrg/kc/buy/cgsh_order_operate.html HTTP/1.1" 200 8245
116.235.216.75 - - [19/Mar/2021:10:34:20 +0800] "GET /xingrg/javascript/easyui/themes/default/tree.css HTTP/1.1" 404 1090
116.235.216.75 - - [19/Mar/2021:10:34:20 +0800] "POST /xingrg/all/common/load_tree.html?tree=supplier_tree_json&isDelete=1 HTTP/1.1" 200 54827
114.88.166.193 - - [19/Mar/2021:10:34:21 +0800] "GET /xingrg/check_reg.html?_=1616121256942 HTTP/1.1" 200 22
117.185.32.26 - - [19/Mar/2021:10:34:23 +0800] "GET /xingrg/all/function/internal_message.html?_=1616121277488&CODE_STATE=getMsg HTTP/1.1" 200 27
222.70.217.33 - - [19/Mar/2021:10:34:25 +0800] "GET /xingrg/all/function/internal_message.html?_=1616121261203&CODE_STATE=getMsg HTTP/1.1" 200 27
180.169.147.146 - - [19/Mar/2021:10:34:31 +0800] "GET /xingrg/all/function/internal_message.html?_=1616121272124&CODE_STATE=getMsg HTTP/1.1" 200 27
120.253.135.82 - - [19/Mar/2021:10:34:33 +0800] "GET /xingrg/all/function/internal_message.html?_=1616121331017&CODE_STATE=getMsg HTTP/1.1" 200 27
116.235.216.75 - - [19/Mar/2021:10:34:35 +0800] "GET /xingrg/kc/buy/cgsh_order_operate.html?command=get_materiel&rest_code=00107&code=00101001044&supplier_code=00100319&order_time=2021-03-19 HTTP/1.1" 200 411
116.235.216.75 - - [19/Mar/2021:10:34:37 +0800] "GET /xingrg/all/function/internal_message.html?_=1616121268277&CODE_STATE=getMsg HTTP/1.1" 200 27
61.165.42.208 - - [19/Mar/2021:10:34:38 +0800] "GET /xingrg/all/function/internal_message.html?_=1616121260166&CODE_STATE=getMsg HTTP/1.1" 200 27
116.232.54.212 - - [19/Mar/2021:10:34:40 +0800] "GET /xingrg/all/function/internal_message.html?_=1616121277763&CODE_STATE=getMsg HTTP/1.1" 200 27
58.37.230.33 - - [19/Mar/2021:10:34:42 +0800] "GET /xingrg/all/function/internal_message.html?_=1616121302219&CODE_STATE=getMsg HTTP/1.1" 200 27
116.232.54.212 - - [19/Mar/2021:10:34:42 +0800] "GET /xingrg/kc/buy/cgsh_order_operate.html?command=get_materiel&rest_code=00109&code=00101008196&supplier_code=00100005&order_time=2021-03-19 HTTP/1.1" 200 416
116.232.54.212 - - [19/Mar/2021:10:34:44 +0800] "POST /xingrg/kc/buy/cgsh_order_operate.html HTTP/1.1" 200 2065
116.232.54.212 - - [19/Mar/2021:10:34:48 +0800] "GET /xingrg/kc/buy/cgsh_order_operate.html?command=get_materiel&rest_code=00109&code=00101008197&supplier_code=00100005&order_time=2021-03-19 HTTP/1.1" 200 417
61.165.42.208 - - [19/Mar/2021:10:34:48 +0800] "GET /xingrg/all/function/internal_message.html?_=1616121289169&CODE_STATE=getMsg HTTP/1.1" 200 27
114.88.166.193 - - [19/Mar/2021:10:34:50 +0800] "GET /xingrg/all/function/internal_message.html?_=1616121285895&CODE_STATE=getMsg HTTP/1.1" 200 27
101.228.165.174 - - [19/Mar/2021:10:34:50 +0800] "GET /xingrg/all/function/internal_message.html?_=1616121305209&CODE_STATE=getMsg HTTP/1.1" 200 27
116.235.216.75 - - [19/Mar/2021:10:34:51 +0800] "GET /xingrg/kc/buy/cgsh_order_operate.html?command=get_materiel&rest_code=00107&code=00101001125&supplier_code=00100319&order_time=2021-03-19 HTTP/1.1" 200 415
116.224.253.72 - - [19/Mar/2021:10:34:53 +0800] "GET /xingrg/all/function/internal_message.html?_=1616121290801&CODE_STATE=getMsg HTTP/1.1" 200 27
114.83.222.187 - - [19/Mar/2021:10:34:55 +0800] "GET /xingrg/all/function/internal_message.html?_=1616121290405&CODE_STATE=getMsg HTTP/1.1" 200 27
116.224.253.72 - - [19/Mar/2021:10:34:55 +0800] "GET /xingrg/all/function/internal_message.html?_=1616121248113&CODE_STATE=getMsg HTTP/1.1" 200 27
116.232.54.212 - - [19/Mar/2021:10:34:58 +0800] "POST /xingrg/kc/buy/cgsh_order_operate.html HTTP/1.1" 200 37
116.232.54.212 - - [19/Mar/2021:10:34:59 +0800] "POST /xingrg/kc/buy/cgsh_order_operate.html HTTP/1.1" 200 19229
116.235.216.75 - - [19/Mar/2021:10:35:01 +0800] "GET /xingrg/kc/buy/cgsh_order_operate.html?command=get_materiel&rest_code=00107&code=00101001093&supplier_code=00100319&order_time=2021-03-19 HTTP/1.1" 200 411
101.228.165.174 - - [19/Mar/2021:10:35:04 +0800] "GET /xingrg/all/function/internal_message.html?_=1616121306184&CODE_STATE=getMsg HTTP/1.1" 200 27
116.232.54.212 - - [19/Mar/2021:10:35:04 +0800] "GET /xingrg/kc/buy/cgsh_order_operate.html?command=get_materiel&rest_code=00109&code=00101008365&supplier_code=00100005&order_time=2021-03-19 HTTP/1.1" 200 412
58.221.95.50 - - [19/Mar/2021:10:35:07 +0800] "GET /xingrg/all/function/internal_message.html?_=1616121305862&CODE_STATE=getMsg HTTP/1.1" 302 -
58.37.192.63 - - [19/Mar/2021:10:35:07 +0800] "GET /xingrg/all/function/internal_message.html?_=1616121375126&CODE_STATE=getMsg HTTP/1.1" 200 27
116.235.216.75 - - [19/Mar/2021:10:35:12 +0800] "GET /xingrg/kc/buy/cgsh_order_operate.html?command=get_materiel&rest_code=00107&code=00101001140&supplier_code=00100319&order_time=2021-03-19 HTTP/1.1" 200 415
61.165.42.208 - - [19/Mar/2021:10:35:13 +0800] "GET /xingrg/kc/buy/cgsh_order_operate.html?command=get_materiel&rest_code=00105&code=00101018011&supplier_code=00100330&order_time=2021-03-19 HTTP/1.1" 200 413
180.169.147.146 - - [19/Mar/2021:10:35:13 +0800] "GET /xingrg/all/function/internal_message.html?_=1616121305978&CODE_STATE=getMsg HTTP/1.1" 200 27
117.185.32.26 - - [19/Mar/2021:10:35:23 +0800] "GET /xingrg/all/function/internal_message.html?_=1616121337461&CODE_STATE=getMsg HTTP/1.1" 200 27
61.165.42.208 - - [19/Mar/2021:10:35:23 +0800] "GET /xingrg/kc/buy/cgsh_order_operate.html?command=get_materiel&rest_code=00105&code=00101018007&supplier_code=00100330&order_time=2021-03-19 HTTP/1.1" 200 409
222.70.217.33 - - [19/Mar/2021:10:35:25 +0800] "GET /xingrg/all/function/internal_message.html?_=1616121321190&CODE_STATE=getMsg HTTP/1.1" 200 27
116.235.216.75 - - [19/Mar/2021:10:35:29 +0800] "POST /xingrg/kc/buy/cgsh_order_operate.html HTTP/1.1" 200 37
116.235.216.75 - - [19/Mar/2021:10:35:30 +0800] "POST /xingrg/kc/buy/cgsh_order_operate.html HTTP/1.1" 200 3851
116.235.216.75 - - [19/Mar/2021:10:35:31 +0800] "GET /xingrg/kc/print/load_data.html?order_code=212021031908119&kc_code=cgsh&condition= HTTP/1.1" 200 1131
180.169.147.146 - - [19/Mar/2021:10:35:31 +0800] "GET /xingrg/all/function/internal_message.html?_=1616121332126&CODE_STATE=getMsg HTTP/1.1" 200 27
180.169.147.146 - - [19/Mar/2021:10:35:31 +0800] "GET /xingrg/check_reg.html?_=1616121332130 HTTP/1.1" 200 22
120.253.135.82 - - [19/Mar/2021:10:35:33 +0800] "GET /xingrg/all/function/internal_message.html?_=1616121391019&CODE_STATE=getMsg HTTP/1.1" 200 27
116.235.216.75 - - [19/Mar/2021:10:35:35 +0800] "GET /xingrg/check_reg.html?_=1616121326266 HTTP/1.1" 200 22
61.165.42.208 - - [19/Mar/2021:10:35:35 +0800] "POST /xingrg/kc/buy/cgsh_order_operate.html HTTP/1.1" 200 37
116.235.216.75 - - [19/Mar/2021:10:35:35 +0800] "GET /xingrg/kc/buy/cgsh_order_add.html HTTP/1.1" 200 62192
116.235.216.75 - - [19/Mar/2021:10:35:36 +0800] "GET /xingrg/javascript/easyui/themes/default/validatebox.css HTTP/1.1" 404 1104
116.235.216.75 - - [19/Mar/2021:10:35:36 +0800] "POST /xingrg/kc/buy/cgsh_order_operate.html HTTP/1.1" 200 8245
116.235.216.75 - - [19/Mar/2021:10:35:37 +0800] "GET /xingrg/all/function/internal_message.html?_=1616121328249&CODE_STATE=getMsg HTTP/1.1" 200 27
116.235.216.75 - - [19/Mar/2021:10:35:37 +0800] "GET /xingrg/javascript/easyui/themes/default/tree.css HTTP/1.1" 404 1090
116.235.216.75 - - [19/Mar/2021:10:35:37 +0800] "POST /xingrg/all/common/load_tree.html?tree=supplier_tree_json&isDelete=1 HTTP/1.1" 200 54827
61.165.42.208 - - [19/Mar/2021:10:35:38 +0800] "POST /xingrg/kc/buy/cgsh_order_operate.html HTTP/1.1" 200 3248
61.165.42.208 - - [19/Mar/2021:10:35:38 +0800] "GET /xingrg/all/function/internal_message.html?_=1616121320166&CODE_STATE=getMsg HTTP/1.1" 200 27
116.232.54.212 - - [19/Mar/2021:10:35:38 +0800] "GET /xingrg/kc/buy/cgsh_order_operate.html?command=get_materiel&rest_code=00109&code=00101008085&supplier_code=00100005&order_time=2021-03-19 HTTP/1.1" 200 431
116.232.54.212 - - [19/Mar/2021:10:35:40 +0800] "GET /xingrg/all/function/internal_message.html?_=1616121337765&CODE_STATE=getMsg HTTP/1.1" 200 27
58.37.230.33 - - [19/Mar/2021:10:35:42 +0800] "GET /xingrg/all/function/internal_message.html?_=1616121362225&CODE_STATE=getMsg HTTP/1.1" 200 27
116.232.54.212 - - [19/Mar/2021:10:35:43 +0800] "GET /xingrg/kc/buy/cgsh_order_operate.html?command=get_materiel&rest_code=00109&code=00101008125&supplier_code=00100005&order_time=2021-03-19 HTTP/1.1" 200 413
180.161.117.173 - - [19/Mar/2021:10:35:45 +0800] "GET /xingrg/check_reg.html?_=1616121608837 HTTP/1.1" 302 -
61.165.42.208 - - [19/Mar/2021:10:35:48 +0800] "GET /xingrg/all/function/internal_message.html?_=1616121349168&CODE_STATE=getMsg HTTP/1.1" 200 27
61.165.42.208 - - [19/Mar/2021:10:35:49 +0800] "GET /xingrg/kc/print/load_data.html?order_code=212021031908120&kc_code=cgsh&condition= HTTP/1.1" 200 899
116.232.54.212 - - [19/Mar/2021:10:35:49 +0800] "GET /xingrg/kc/buy/cgsh_order_operate.html?command=get_materiel&rest_code=00109&code=00101008137&supplier_code=00100005&order_time=2021-03-19 HTTP/1.1" 200 408
114.88.166.193 - - [19/Mar/2021:10:35:50 +0800] "GET /xingrg/all/function/internal_message.html?_=1616121345910&CODE_STATE=getMsg HTTP/1.1" 200 27
101.228.165.174 - - [19/Mar/2021:10:35:50 +0800] "GET /xingrg/all/function/internal_message.html?_=1616121365245&CODE_STATE=getMsg HTTP/1.1" 200 27
116.232.54.212 - - [19/Mar/2021:10:35:50 +0800] "POST /xingrg/kc/buy/cgsh_order_operate.html HTTP/1.1" 200 2065
61.165.42.208 - - [19/Mar/2021:10:35:52 +0800] "GET /xingrg/kc/buy/cgsh_order_add.html HTTP/1.1" 200 62151
61.165.42.208 - - [19/Mar/2021:10:35:53 +0800] "POST /xingrg/kc/buy/cgsh_order_operate.html HTTP/1.1" 200 8245
61.165.42.208 - - [19/Mar/2021:10:35:53 +0800] "GET /xingrg/javascript/easyui/themes/default/validatebox.css HTTP/1.1" 404 1104
116.224.253.72 - - [19/Mar/2021:10:35:53 +0800] "GET /xingrg/all/function/internal_message.html?_=1616121350795&CODE_STATE=getMsg HTTP/1.1" 200 27
114.83.222.187 - - [19/Mar/2021:10:35:55 +0800] "GET /xingrg/all/function/internal_message.html?_=1616121350404&CODE_STATE=getMsg HTTP/1.1" 200 27
114.83.222.187 - - [19/Mar/2021:10:35:55 +0800] "GET /xingrg/check_reg.html?_=1616121350404 HTTP/1.1" 200 22
116.224.253.72 - - [19/Mar/2021:10:35:55 +0800] "GET /xingrg/all/function/internal_message.html?_=1616121308125&CODE_STATE=getMsg HTTP/1.1" 200 27
116.235.216.75 - - [19/Mar/2021:10:35:56 +0800] "GET /xingrg/kc/buy/cgsh_order_operate.html?command=get_materiel&rest_code=00107&code=00101010106&supplier_code=00100323&order_time=2021-03-19 HTTP/1.1" 200 411
61.165.42.208 - - [19/Mar/2021:10:36:02 +0800] "GET /xingrg/kc/buy/cgsh_order_operate.html?command=get_materiel&rest_code=00105&code=00101001167&supplier_code=00100314&order_time=2021-03-19 HTTP/1.1" 200 431
101.228.165.174 - - [19/Mar/2021:10:36:04 +0800] "GET /xingrg/all/function/internal_message.html?_=1616121366189&CODE_STATE=getMsg HTTP/1.1" 200 27
58.221.95.50 - - [19/Mar/2021:10:36:07 +0800] "GET /xingrg/all/function/internal_message.html?_=1616121365832&CODE_STATE=getMsg HTTP/1.1" 302 -
58.37.192.63 - - [19/Mar/2021:10:36:07 +0800] "GET /xingrg/all/function/internal_message.html?_=1616121435109&CODE_STATE=getMsg HTTP/1.1" 200 27
58.221.95.50 - - [19/Mar/2021:10:36:10 +0800] "GET /xingrg/check_reg.html?_=1616121368706 HTTP/1.1" 302 -
180.169.147.146 - - [19/Mar/2021:10:36:13 +0800] "GET /xingrg/all/function/internal_message.html?_=1616121365956&CODE_STATE=getMsg HTTP/1.1" 200 27
61.165.42.208 - - [19/Mar/2021:10:36:13 +0800] "POST /xingrg/kc/buy/cgsh_order_operate.html HTTP/1.1" 200 37
61.165.42.208 - - [19/Mar/2021:10:36:14 +0800] "POST /xingrg/kc/buy/cgsh_order_operate.html HTTP/1.1" 200 2657
61.165.42.208 - - [19/Mar/2021:10:36:15 +0800] "GET /xingrg/kc/print/load_data.html?order_code=212021031908121&kc_code=cgsh&condition= HTTP/1.1" 200 661
180.169.147.146 - - [19/Mar/2021:10:36:21 +0800] "GET /xingrg/check_reg.html?_=1616121374049 HTTP/1.1" 200 22
116.235.216.75 - - [19/Mar/2021:10:36:22 +0800] "GET /xingrg/kc/buy/cgsh_order_operate.html?command=get_materiel&rest_code=00107&code=00101010162&supplier_code=00100323&order_time=2021-03-19 HTTP/1.1" 200 417
117.185.32.26 - - [19/Mar/2021:10:36:22 +0800] "GET /xingrg/check_reg.html?_=1616121395775 HTTP/1.1" 200 22
117.185.32.26 - - [19/Mar/2021:10:36:23 +0800] "GET /xingrg/all/function/internal_message.html?_=1616121397440&CODE_STATE=getMsg HTTP/1.1" 200 27
222.70.217.33 - - [19/Mar/2021:10:36:25 +0800] "GET /xingrg/all/function/internal_message.html?_=1616121381160&CODE_STATE=getMsg HTTP/1.1" 200 27
61.165.42.208 - - [19/Mar/2021:10:36:28 +0800] "GET /xingrg/kc/buy/cgsh_order_add.html HTTP/1.1" 200 62151
61.165.42.208 - - [19/Mar/2021:10:36:28 +0800] "POST /xingrg/kc/buy/cgsh_order_operate.html HTTP/1.1" 200 8245
61.165.42.208 - - [19/Mar/2021:10:36:28 +0800] "GET /xingrg/javascript/easyui/themes/default/validatebox.css HTTP/1.1" 404 1104
180.169.147.146 - - [19/Mar/2021:10:36:31 +0800] "GET /xingrg/all/function/internal_message.html?_=1616121392130&CODE_STATE=getMsg HTTP/1.1" 200 27
120.253.135.82 - - [19/Mar/2021:10:36:33 +0800] "GET /xingrg/all/function/internal_message.html?_=1616121451043&CODE_STATE=getMsg HTTP/1.1" 200 27
116.235.216.75 - - [19/Mar/2021:10:36:37 +0800] "GET /xingrg/all/function/internal_message.html?_=1616121388229&CODE_STATE=getMsg HTTP/1.1" 200 27
61.165.42.208 - - [19/Mar/2021:10:36:38 +0800] "GET /xingrg/all/function/internal_message.html?_=1616121380165&CODE_STATE=getMsg HTTP/1.1" 200 27
116.235.216.75 - - [19/Mar/2021:10:36:38 +0800] "GET /xingrg/kc/buy/cgsh_order_operate.html?command=get_materiel&rest_code=00107&code=00101007038&supplier_code=00100323&order_time=2021-03-19 HTTP/1.1" 200 441
116.232.54.212 - - [19/Mar/2021:10:36:40 +0800] "GET /xingrg/all/function/internal_message.html?_=1616121397767&CODE_STATE=getMsg HTTP/1.1" 200 27
116.232.54.212 - - [19/Mar/2021:10:36:40 +0800] "GET /xingrg/check_reg.html?_=1616121397767 HTTP/1.1" 200 22
61.165.42.208 - - [19/Mar/2021:10:36:41 +0800] "GET /xingrg/kc/buy/cgsh_order_operate.html?command=get_materiel&rest_code=00105&code=00101010249&supplier_code=00100327&order_time=2021-03-19 HTTP/1.1" 200 409
58.37.230.33 - - [19/Mar/2021:10:36:42 +0800] "GET /xingrg/all/function/internal_message.html?_=1616121422224&CODE_STATE=getMsg HTTP/1.1" 200 27
58.37.230.33 - - [19/Mar/2021:10:36:42 +0800] "GET /xingrg/check_reg.html?_=1616121422227 HTTP/1.1" 200 22
116.232.54.212 - - [19/Mar/2021:10:36:43 +0800] "GET /xingrg/kc/buy/cgsh_order_operate.html?command=get_materiel&rest_code=00109&code=00101008027&supplier_code=00100005&order_time=2021-03-19 HTTP/1.1" 200 409
61.165.42.208 - - [19/Mar/2021:10:36:48 +0800] "GET /xingrg/check_reg.html?_=1616121409169 HTTP/1.1" 200 22
61.165.42.208 - - [19/Mar/2021:10:36:48 +0800] "GET /xingrg/all/function/internal_message.html?_=1616121409171&CODE_STATE=getMsg HTTP/1.1" 200 27
116.232.54.212 - - [19/Mar/2021:10:36:49 +0800] "GET /xingrg/kc/buy/cgsh_order_operate.html?command=get_materiel&rest_code=00109&code=00101008350&supplier_code=00100005&order_time=2021-03-19 HTTP/1.1" 200 408
101.228.165.174 - - [19/Mar/2021:10:36:50 +0800] "GET /xingrg/all/function/internal_message.html?_=1616121425252&CODE_STATE=getMsg HTTP/1.1" 200 27
114.88.166.193 - - [19/Mar/2021:10:36:50 +0800] "GET /xingrg/all/function/internal_message.html?_=1616121406394&CODE_STATE=getMsg HTTP/1.1" 200 27
116.224.253.72 - - [19/Mar/2021:10:36:53 +0800] "GET /xingrg/all/function/internal_message.html?_=1616121410798&CODE_STATE=getMsg HTTP/1.1" 200 27
116.224.253.72 - - [19/Mar/2021:10:36:53 +0800] "GET /xingrg/check_reg.html?_=1616121410794 HTTP/1.1" 200 22
116.224.253.72 - - [19/Mar/2021:10:36:54 +0800] "GET /xingrg/check_reg.html?_=1616121367002 HTTP/1.1" 200 22
114.83.222.187 - - [19/Mar/2021:10:36:55 +0800] "GET /xingrg/all/function/internal_message.html?_=1616121410404&CODE_STATE=getMsg HTTP/1.1" 200 27
116.232.54.212 - - [19/Mar/2021:10:36:55 +0800] "GET /xingrg/kc/buy/cgsh_order_operate.html?command=get_materiel&rest_code=00109&code=00101008112&supplier_code=00100005&order_time=2021-03-19 HTTP/1.1" 200 412
116.224.253.72 - - [19/Mar/2021:10:36:55 +0800] "GET /xingrg/all/function/internal_message.html?_=1616121368139&CODE_STATE=getMsg HTTP/1.1" 200 27
116.235.216.75 - - [19/Mar/2021:10:36:57 +0800] "GET /xingrg/kc/buy/cgsh_order_operate.html?command=get_materiel&rest_code=00107&code=00101006150&supplier_code=00100323&order_time=2021-03-19 HTTP/1.1" 200 413
116.232.54.212 - - [19/Mar/2021:10:37:00 +0800] "GET /xingrg/kc/buy/cgsh_order_operate.html?command=get_materiel&rest_code=00109&code=00101008354&supplier_code=00100005&order_time=2021-03-19 HTTP/1.1" 200 412
61.165.42.208 - - [19/Mar/2021:10:37:01 +0800] "GET /xingrg/kc/buy/cgsh_order_operate.html?command=get_materiel&rest_code=00105&code=00101010628&supplier_code=00100327&order_time=2021-03-19 HTTP/1.1" 200 412
101.228.165.174 - - [19/Mar/2021:10:37:04 +0800] "GET /xingrg/check_reg.html?_=1616121426188 HTTP/1.1" 200 22
101.228.165.174 - - [19/Mar/2021:10:37:04 +0800] "GET /xingrg/all/function/internal_message.html?_=1616121426190&CODE_STATE=getMsg HTTP/1.1" 200 27
116.232.54.212 - - [19/Mar/2021:10:37:06 +0800] "GET /xingrg/kc/buy/cgsh_order_operate.html?command=get_materiel&rest_code=00109&code=00101008096&supplier_code=00100005&order_time=2021-03-19 HTTP/1.1" 200 412
58.221.95.50 - - [19/Mar/2021:10:37:07 +0800] "GET /xingrg/all/function/internal_message.html?_=1616121425808&CODE_STATE=getMsg HTTP/1.1" 302 -
58.37.192.63 - - [19/Mar/2021:10:37:07 +0800] "GET /xingrg/all/function/internal_message.html?_=1616121495108&CODE_STATE=getMsg HTTP/1.1" 200 27
116.232.54.212 - - [19/Mar/2021:10:37:08 +0800] "POST /xingrg/kc/buy/cgsh_order_operate.html HTTP/1.1" 200 2065
61.165.42.208 - - [19/Mar/2021:10:37:10 +0800] "POST /xingrg/kc/buy/cgsh_order_operate.html HTTP/1.1" 200 37
61.165.42.208 - - [19/Mar/2021:10:37:11 +0800] "POST /xingrg/kc/buy/cgsh_order_operate.html HTTP/1.1" 200 3262
116.235.216.75 - - [19/Mar/2021:10:37:12 +0800] "GET /xingrg/kc/buy/cgsh_order_operate.html?command=get_materiel&rest_code=00107&code=00101007044&supplier_code=00100323&order_time=2021-03-19 HTTP/1.1" 200 422
61.165.42.208 - - [19/Mar/2021:10:37:12 +0800] "GET /xingrg/kc/print/load_data.html?order_code=212021031908122&kc_code=cgsh&condition= HTTP/1.1" 200 903
116.232.54.212 - - [19/Mar/2021:10:37:13 +0800] "GET /xingrg/kc/buy/cgsh_order_operate.html?command=get_materiel&rest_code=00109&code=00101008038&supplier_code=00100005&order_time=2021-03-19 HTTP/1.1" 200 412
180.169.147.146 - - [19/Mar/2021:10:37:13 +0800] "GET /xingrg/all/function/internal_message.html?_=1616121425960&CODE_STATE=getMsg HTTP/1.1" 200 27
61.165.42.208 - - [19/Mar/2021:10:37:17 +0800] "GET /xingrg/kc/buy/cgsh_order_add.html HTTP/1.1" 200 62151
61.165.42.208 - - [19/Mar/2021:10:37:17 +0800] "GET /xingrg/javascript/easyui/themes/default/validatebox.css HTTP/1.1" 404 1104
61.165.42.208 - - [19/Mar/2021:10:37:17 +0800] "POST /xingrg/kc/buy/cgsh_order_operate.html HTTP/1.1" 200 8245
116.232.54.212 - - [19/Mar/2021:10:37:18 +0800] "GET /xingrg/kc/buy/cgsh_order_operate.html?command=get_materiel&rest_code=00109&code=00101008290&supplier_code=00100005&order_time=2021-03-19 HTTP/1.1" 200 416
120.253.135.82 - - [19/Mar/2021:10:37:18 +0800] "GET /xingrg/check_reg.html?_=1616121495838 HTTP/1.1" 200 22
116.224.253.72 - - [19/Mar/2021:10:37:19 +0800] "GET /favicon.ico HTTP/1.1" 404 -
117.185.32.26 - - [19/Mar/2021:10:37:23 +0800] "GET /xingrg/all/function/internal_message.html?_=1616121457418&CODE_STATE=getMsg HTTP/1.1" 200 27
222.70.217.33 - - [19/Mar/2021:10:37:25 +0800] "GET /xingrg/all/function/internal_message.html?_=1616121442732&CODE_STATE=getMsg HTTP/1.1" 200 27
116.235.216.75 - - [19/Mar/2021:10:37:26 +0800] "POST /xingrg/kc/buy/cgsh_order_operate.html HTTP/1.1" 200 37
116.232.54.212 - - [19/Mar/2021:10:37:26 +0800] "GET /xingrg/kc/buy/cgsh_order_operate.html?command=get_materiel&rest_code=00109&code=00101008274&supplier_code=00100005&order_time=2021-03-19 HTTP/1.1" 200 412
116.235.216.75 - - [19/Mar/2021:10:37:28 +0800] "POST /xingrg/kc/buy/cgsh_order_operate.html HTTP/1.1" 200 5044
116.224.253.72 - - [19/Mar/2021:10:37:28 +0800] "GET /xingrg/kc/base/wldb_order_list.html HTTP/1.1" 200 19345
116.224.253.72 - - [19/Mar/2021:10:37:29 +0800] "POST /xingrg/kc/base/wldb_list_operate.html HTTP/1.1" 200 928
116.224.253.72 - - [19/Mar/2021:10:37:29 +0800] "GET /xingrg/kc/base/wldb_order_add.html HTTP/1.1" 200 30508
116.224.253.72 - - [19/Mar/2021:10:37:30 +0800] "POST /xingrg/kc/base/wldb_order_operate.html HTTP/1.1" 200 6806
116.224.253.72 - - [19/Mar/2021:10:37:30 +0800] "GET /xingrg/all/common/auto_word.html?type=base&rest_code=00150 HTTP/1.1" 200 1653
116.224.253.72 - - [19/Mar/2021:10:37:30 +0800] "GET /xingrg/all/common/auto_word.html?type=base&rest_code=00150 HTTP/1.1" 200 1653
116.224.253.72 - - [19/Mar/2021:10:37:30 +0800] "GET /xingrg/javascript/easyui/themes/default/validatebox.css HTTP/1.1" 404 1104
116.235.216.75 - - [19/Mar/2021:10:37:30 +0800] "GET /xingrg/kc/print/load_data.html?order_code=212021031908123&kc_code=cgsh&condition= HTTP/1.1" 200 1598
180.169.147.146 - - [19/Mar/2021:10:37:31 +0800] "GET /xingrg/all/function/internal_message.html?_=1616121452126&CODE_STATE=getMsg HTTP/1.1" 200 27
116.232.54.212 - - [19/Mar/2021:10:37:32 +0800] "GET /xingrg/kc/buy/cgsh_order_operate.html?command=get_materiel&rest_code=00109&code=00101008242&supplier_code=00100005&order_time=2021-03-19 HTTP/1.1" 200 408
120.253.135.82 - - [19/Mar/2021:10:37:33 +0800] "GET /xingrg/all/function/internal_message.html?_=1616121511046&CODE_STATE=getMsg HTTP/1.1" 200 27
61.165.42.208 - - [19/Mar/2021:10:37:34 +0800] "GET /xingrg/kc/buy/cgsh_order_operate.html?command=get_materiel&rest_code=00105&code=00101001037&supplier_code=00100090&order_time=2021-03-19 HTTP/1.1" 200 416
116.235.216.75 - - [19/Mar/2021:10:37:37 +0800] "GET /xingrg/all/function/internal_message.html?_=1616121448221&CODE_STATE=getMsg HTTP/1.1" 200 27
61.165.42.208 - - [19/Mar/2021:10:37:38 +0800] "GET /xingrg/all/function/internal_message.html?_=1616121440165&CODE_STATE=getMsg HTTP/1.1" 200 27
116.232.54.212 - - [19/Mar/2021:10:37:38 +0800] "GET /xingrg/kc/buy/cgsh_order_operate.html?command=get_materiel&rest_code=00109&code=00101008161&supplier_code=00100005&order_time=2021-03-19 HTTP/1.1" 200 409
116.224.253.72 - - [19/Mar/2021:10:37:38 +0800] "GET /xingrg/kc/base/wldb_order_operate.html?command=get_materiel&rest_code=00150&base_code=0010445&code=00101019238 HTTP/1.1" 200 468
116.232.54.212 - - [19/Mar/2021:10:37:40 +0800] "GET /xingrg/all/function/internal_message.html?_=1616121457771&CODE_STATE=getMsg HTTP/1.1" 200 27
116.232.54.212 - - [19/Mar/2021:10:37:40 +0800] "POST /xingrg/kc/buy/cgsh_order_operate.html HTTP/1.1" 200 2065
58.37.230.33 - - [19/Mar/2021:10:37:42 +0800] "GET /xingrg/all/function/internal_message.html?_=1616121482227&CODE_STATE=getMsg HTTP/1.1" 200 27
101.91.60.105 - - [19/Mar/2021:10:37:48 +0800] "GET /xingrg/check_reg.html?_=1616121422227 HTTP/1.1" 302 -
61.151.178.197 - - [19/Mar/2021:10:37:48 +0800] "GET /xingrg/all/function/internal_message.html?_=1616121422224&CODE_STATE=getMsg HTTP/1.1" 302 -
61.165.42.208 - - [19/Mar/2021:10:37:48 +0800] "GET /xingrg/all/function/internal_message.html?_=1616121469170&CODE_STATE=getMsg HTTP/1.1" 200 27
101.228.165.174 - - [19/Mar/2021:10:37:49 +0800] "GET /xingrg/check_reg.html?_=1616121484139 HTTP/1.1" 200 22
101.228.165.174 - - [19/Mar/2021:10:37:50 +0800] "GET /xingrg/all/function/internal_message.html?_=1616121485266&CODE_STATE=getMsg HTTP/1.1" 200 27
114.88.166.193 - - [19/Mar/2021:10:37:50 +0800] "GET /xingrg/all/function/internal_message.html?_=1616121466405&CODE_STATE=getMsg HTTP/1.1" 200 27
61.151.178.197 - - [19/Mar/2021:10:37:51 +0800] "GET /xingrg/login.html HTTP/1.1" 200 7641
101.91.60.105 - - [19/Mar/2021:10:37:51 +0800] "GET /xingrg/login.html HTTP/1.1" 200 7641
116.232.54.212 - - [19/Mar/2021:10:37:52 +0800] "GET /xingrg/kc/buy/cgsh_order_operate.html?command=get_materiel&rest_code=00109&code=00101008017&supplier_code=00100005&order_time=2021-03-19 HTTP/1.1" 200 416
116.224.253.72 - - [19/Mar/2021:10:37:53 +0800] "GET /xingrg/all/function/internal_message.html?_=1616121470821&CODE_STATE=getMsg HTTP/1.1" 200 27
114.83.222.187 - - [19/Mar/2021:10:37:55 +0800] "GET /xingrg/all/function/internal_message.html?_=1616121470417&CODE_STATE=getMsg HTTP/1.1" 200 27
116.224.253.72 - - [19/Mar/2021:10:37:55 +0800] "GET /xingrg/all/function/internal_message.html?_=1616121428152&CODE_STATE=getMsg HTTP/1.1" 200 27
116.235.216.75 - - [19/Mar/2021:10:37:57 +0800] "GET /xingrg/kc/buy/cgsh_order_add.html HTTP/1.1" 200 62192
116.235.216.75 - - [19/Mar/2021:10:37:58 +0800] "GET /xingrg/javascript/easyui/themes/default/validatebox.css HTTP/1.1" 404 1104
116.235.216.75 - - [19/Mar/2021:10:37:58 +0800] "POST /xingrg/kc/buy/cgsh_order_operate.html HTTP/1.1" 200 8245
116.235.216.75 - - [19/Mar/2021:10:38:00 +0800] "GET /xingrg/javascript/easyui/themes/default/tree.css HTTP/1.1" 404 1090
116.235.216.75 - - [19/Mar/2021:10:38:00 +0800] "POST /xingrg/all/common/load_tree.html?tree=supplier_tree_json&isDelete=1 HTTP/1.1" 200 54827
101.228.165.174 - - [19/Mar/2021:10:38:04 +0800] "GET /xingrg/all/function/internal_message.html?_=1616121486177&CODE_STATE=getMsg HTTP/1.1" 200 27
58.221.95.50 - - [19/Mar/2021:10:38:07 +0800] "GET /xingrg/all/function/internal_message.html?_=1616121485779&CODE_STATE=getMsg HTTP/1.1" 302 -
58.37.192.63 - - [19/Mar/2021:10:38:07 +0800] "GET /xingrg/check_reg.html?_=1616121555111 HTTP/1.1" 200 22
117.131.5.26 - - [19/Mar/2021:10:38:07 +0800] "GET /xingrg/all/function/internal_message.html?_=1616121555110&CODE_STATE=getMsg HTTP/1.1" 200 27
114.86.187.76 - - [19/Mar/2021:10:38:10 +0800] "GET /xingrg/kc/buy/cgsh_order_list.html HTTP/1.1" 200 46372
61.165.42.208 - - [19/Mar/2021:10:38:12 +0800] "POST /xingrg/kc/buy/cgsh_order_operate.html HTTP/1.1" 200 37
114.86.187.76 - - [19/Mar/2021:10:38:13 +0800] "POST /xingrg/kc/buy/cgsh_list_operate.html HTTP/1.1" 200 876
180.169.147.146 - - [19/Mar/2021:10:38:13 +0800] "GET /xingrg/all/function/internal_message.html?_=1616121485929&CODE_STATE=getMsg HTTP/1.1" 200 27
114.86.187.76 - - [19/Mar/2021:10:38:14 +0800] "GET /xingrg/kc/buy/cgsh_order_add.html HTTP/1.1" 200 62110
61.165.42.208 - - [19/Mar/2021:10:38:14 +0800] "POST /xingrg/kc/buy/cgsh_order_operate.html HTTP/1.1" 200 2663
114.86.187.76 - - [19/Mar/2021:10:38:15 +0800] "GET /xingrg/javascript/easyui/themes/default/validatebox.css HTTP/1.1" 404 1104
114.86.187.76 - - [19/Mar/2021:10:38:15 +0800] "POST /xingrg/kc/buy/cgsh_order_operate.html HTTP/1.1" 200 8245
114.86.187.76 - - [19/Mar/2021:10:38:15 +0800] "GET /xingrg/javascript/auto/indicator.gif HTTP/1.1" 404 1066
61.165.42.208 - - [19/Mar/2021:10:38:15 +0800] "GET /xingrg/kc/print/load_data.html?order_code=212021031908124&kc_code=cgsh&condition= HTTP/1.1" 200 734
114.86.187.76 - - [19/Mar/2021:10:38:21 +0800] "GET /xingrg/kc/buy/cgsh_order_operate.html?command=get_materiel&rest_code=00148&code=00101018011&supplier_code=00100330&order_time=2021-03-19 HTTP/1.1" 200 413
117.185.32.26 - - [19/Mar/2021:10:38:23 +0800] "GET /xingrg/all/function/internal_message.html?_=1616121517397&CODE_STATE=getMsg HTTP/1.1" 200 27
222.70.217.33 - - [19/Mar/2021:10:38:25 +0800] "GET /xingrg/all/function/internal_message.html?_=1616121502702&CODE_STATE=getMsg HTTP/1.1" 200 27
114.86.187.76 - - [19/Mar/2021:10:38:30 +0800] "GET /xingrg/kc/buy/cgsh_order_operate.html?command=get_materiel&rest_code=00148&code=00101006067&supplier_code=00100330&order_time=2021-03-19 HTTP/1.1" 200 409
61.165.42.208 - - [19/Mar/2021:10:38:30 +0800] "GET /xingrg/kc/buy/cgsh_order_add.html HTTP/1.1" 200 62151
61.165.42.208 - - [19/Mar/2021:10:38:30 +0800] "GET /xingrg/javascript/easyui/themes/default/validatebox.css HTTP/1.1" 404 1104
61.165.42.208 - - [19/Mar/2021:10:38:30 +0800] "POST /xingrg/kc/buy/cgsh_order_operate.html HTTP/1.1" 200 8245
180.169.147.146 - - [19/Mar/2021:10:38:31 +0800] "GET /xingrg/all/function/internal_message.html?_=1616121512128&CODE_STATE=getMsg HTTP/1.1" 200 27
120.253.135.82 - - [19/Mar/2021:10:38:33 +0800] "GET /xingrg/all/function/internal_message.html?_=1616121571061&CODE_STATE=getMsg HTTP/1.1" 200 27
114.86.187.76 - - [19/Mar/2021:10:38:36 +0800] "POST /xingrg/kc/buy/cgsh_order_operate.html HTTP/1.1" 200 37
116.235.216.75 - - [19/Mar/2021:10:38:37 +0800] "GET /xingrg/all/function/internal_message.html?_=1616121508204&CODE_STATE=getMsg HTTP/1.1" 200 27
61.165.42.208 - - [19/Mar/2021:10:38:38 +0800] "GET /xingrg/all/function/internal_message.html?_=1616121500165&CODE_STATE=getMsg HTTP/1.1" 200 27
61.165.42.208 - - [19/Mar/2021:10:38:38 +0800] "GET /xingrg/check_reg.html?_=1616121500168 HTTP/1.1" 200 22
114.86.187.76 - - [19/Mar/2021:10:38:39 +0800] "POST /xingrg/kc/buy/cgsh_order_operate.html HTTP/1.1" 200 12
114.86.187.76 - - [19/Mar/2021:10:38:39 +0800] "GET /xingrg/kc/buy/cgsh_order_info.html?code=212021031908125 HTTP/1.1" 200 57018
116.232.54.212 - - [19/Mar/2021:10:38:40 +0800] "GET /xingrg/all/function/internal_message.html?_=1616121517771&CODE_STATE=getMsg HTTP/1.1" 200 27
114.86.187.76 - - [19/Mar/2021:10:38:40 +0800] "GET /xingrg/javascript/easyui/themes/default/validatebox.css HTTP/1.1" 404 1104
114.86.187.76 - - [19/Mar/2021:10:38:40 +0800] "POST /xingrg/kc/buy/cgsh_order_operate.html HTTP/1.1" 200 1195
61.165.42.208 - - [19/Mar/2021:10:38:41 +0800] "GET /xingrg/kc/buy/cgsh_order_operate.html?command=get_materiel&rest_code=00105&code=00101006159&supplier_code=00100344&order_time=2021-03-19 HTTP/1.1" 200 416
114.86.187.76 - - [19/Mar/2021:10:38:41 +0800] "GET /xingrg/kc/print/load_config.html?kc_code=cgsh HTTP/1.1" 200 1845
58.37.230.33 - - [19/Mar/2021:10:38:42 +0800] "GET /xingrg/all/function/internal_message.html?_=1616121542229&CODE_STATE=getMsg HTTP/1.1" 200 27
114.86.187.76 - - [19/Mar/2021:10:38:42 +0800] "GET /xingrg/kc/print/load_data.html?order_code=212021031908125&kc_code=cgsh&condition= HTTP/1.1" 200 941
116.235.216.75 - - [19/Mar/2021:10:38:42 +0800] "GET /xingrg/kc/buy/cgsh_order_operate.html?command=get_materiel&rest_code=00107&code=00101020012&supplier_code=00100337&order_time=2021-03-19 HTTP/1.1" 200 414
222.70.217.33 - - [19/Mar/2021:10:38:45 +0800] "GET /xingrg/check_reg.html?_=1616121523094 HTTP/1.1" 200 22
61.165.42.208 - - [19/Mar/2021:10:38:48 +0800] "GET /xingrg/all/function/internal_message.html?_=1616121529163&CODE_STATE=getMsg HTTP/1.1" 200 27
101.228.165.174 - - [19/Mar/2021:10:38:50 +0800] "GET /xingrg/all/function/internal_message.html?_=1616121545284&CODE_STATE=getMsg HTTP/1.1" 200 27
114.88.166.193 - - [19/Mar/2021:10:38:51 +0800] "GET /xingrg/all/function/internal_message.html?_=1616121526878&CODE_STATE=getMsg HTTP/1.1" 200 27
116.224.253.72 - - [19/Mar/2021:10:38:53 +0800] "GET /xingrg/all/function/internal_message.html?_=1616121530822&CODE_STATE=getMsg HTTP/1.1" 200 27
114.83.222.187 - - [19/Mar/2021:10:38:55 +0800] "GET /xingrg/all/function/internal_message.html?_=1616121530422&CODE_STATE=getMsg HTTP/1.1" 200 27
114.86.187.76 - - [19/Mar/2021:10:38:55 +0800] "GET /xingrg/kc/buy/cgsh_order_add.html HTTP/1.1" 200 62110
116.224.253.72 - - [19/Mar/2021:10:38:55 +0800] "GET /xingrg/all/function/internal_message.html?_=1616121488166&CODE_STATE=getMsg HTTP/1.1" 200 27
114.86.187.76 - - [19/Mar/2021:10:38:55 +0800] "POST /xingrg/kc/buy/cgsh_order_operate.html HTTP/1.1" 200 8245
114.86.187.76 - - [19/Mar/2021:10:38:56 +0800] "GET /xingrg/javascript/easyui/themes/default/validatebox.css HTTP/1.1" 404 1104
61.165.42.208 - - [19/Mar/2021:10:38:56 +0800] "POST /xingrg/kc/buy/cgsh_order_operate.html HTTP/1.1" 200 37
61.165.42.208 - - [19/Mar/2021:10:38:57 +0800] "POST /xingrg/kc/buy/cgsh_order_operate.html HTTP/1.1" 200 2661
101.89.239.216 - - [19/Mar/2021:10:38:58 +0800] "GET /xingrg/all/function/internal_message.html?_=1616121302219&CODE_STATE=getMsg HTTP/1.1" 302 -
61.165.42.208 - - [19/Mar/2021:10:38:59 +0800] "GET /xingrg/kc/print/load_data.html?order_code=212021031908126&kc_code=cgsh&condition= HTTP/1.1" 200 678
114.86.187.76 - - [19/Mar/2021:10:39:01 +0800] "GET /xingrg/kc/buy/cgsh_order_operate.html?command=get_materiel&rest_code=00148&code=00101001141&supplier_code=00100327&order_time=2021-03-19 HTTP/1.1" 200 413
101.89.239.216 - - [19/Mar/2021:10:39:03 +0800] "GET /xingrg/login.html HTTP/1.1" 200 7641
61.165.42.208 - - [19/Mar/2021:10:39:03 +0800] "GET /xingrg/kc/buy/cgsh_order_add.html HTTP/1.1" 200 62151
101.228.165.174 - - [19/Mar/2021:10:39:04 +0800] "GET /xingrg/all/function/internal_message.html?_=1616121546177&CODE_STATE=getMsg HTTP/1.1" 200 27
61.165.42.208 - - [19/Mar/2021:10:39:04 +0800] "GET /xingrg/javascript/easyui/themes/default/validatebox.css HTTP/1.1" 404 1104
61.165.42.208 - - [19/Mar/2021:10:39:04 +0800] "POST /xingrg/kc/buy/cgsh_order_operate.html HTTP/1.1" 200 8245
116.235.216.75 - - [19/Mar/2021:10:39:07 +0800] "GET /xingrg/kc/buy/cgsh_order_operate.html?command=get_materiel&rest_code=00107&code=00101019816&supplier_code=00100337&order_time=2021-03-19 HTTP/1.1" 200 435
58.221.95.50 - - [19/Mar/2021:10:39:07 +0800] "GET /xingrg/all/function/internal_message.html?_=1616121545750&CODE_STATE=getMsg HTTP/1.1" 302 -
58.37.192.63 - - [19/Mar/2021:10:39:07 +0800] "GET /xingrg/all/function/internal_message.html?_=1616121615109&CODE_STATE=getMsg HTTP/1.1" 200 27
114.86.187.76 - - [19/Mar/2021:10:39:09 +0800] "GET /xingrg/kc/buy/cgsh_order_operate.html?command=get_materiel&rest_code=00148&code=00101008394&supplier_code=00100327&order_time=2021-03-19 HTTP/1.1" 200 413
116.235.216.75 - - [19/Mar/2021:10:39:10 +0800] "POST /xingrg/all/common/load_select.html HTTP/1.1" 200 25
116.235.216.75 - - [19/Mar/2021:10:39:13 +0800] "GET /xingrg/kc/buy/cgsh_order_operate.html?command=get_materiel_price&rest_code=00107&code=00101019816&unit_code=00100073&supplier_code=00100337&order_time=2021-03-19 HTTP/1.1" 200 28
180.169.147.146 - - [19/Mar/2021:10:39:13 +0800] "GET /xingrg/all/function/internal_message.html?_=1616121545907&CODE_STATE=getMsg HTTP/1.1" 200 27
114.86.187.76 - - [19/Mar/2021:10:39:18 +0800] "GET /xingrg/kc/buy/cgsh_order_operate.html?command=get_materiel&rest_code=00148&code=00101010111&supplier_code=00100327&order_time=2021-03-19 HTTP/1.1" 200 417
114.88.166.193 - - [19/Mar/2021:10:39:21 +0800] "GET /xingrg/check_reg.html?_=1616121556950 HTTP/1.1" 200 22
61.165.42.208 - - [19/Mar/2021:10:39:21 +0800] "GET /xingrg/kc/buy/cgsh_order_operate.html?command=get_materiel&rest_code=00105&code=00101010079&supplier_code=00100336&order_time=2021-03-19 HTTP/1.1" 200 413
117.185.32.26 - - [19/Mar/2021:10:39:23 +0800] "GET /xingrg/all/function/internal_message.html?_=1616121577372&CODE_STATE=getMsg HTTP/1.1" 200 27
222.70.217.33 - - [19/Mar/2021:10:39:25 +0800] "GET /xingrg/all/function/internal_message.html?_=1616121562673&CODE_STATE=getMsg HTTP/1.1" 200 27
114.86.187.76 - - [19/Mar/2021:10:39:26 +0800] "GET /xingrg/kc/buy/cgsh_order_operate.html?command=get_materiel&rest_code=00148&code=00101008145&supplier_code=00100327&order_time=2021-03-19 HTTP/1.1" 200 416
180.169.147.146 - - [19/Mar/2021:10:39:31 +0800] "GET /xingrg/all/function/internal_message.html?_=1616121572128&CODE_STATE=getMsg HTTP/1.1" 200 27
114.86.187.76 - - [19/Mar/2021:10:39:31 +0800] "POST /xingrg/kc/buy/cgsh_order_operate.html HTTP/1.1" 200 37
116.235.216.75 - - [19/Mar/2021:10:39:32 +0800] "GET /xingrg/kc/buy/cgsh_order_operate.html?command=get_materiel&rest_code=00107&code=00101019057&supplier_code=00100337&order_time=2021-03-19 HTTP/1.1" 200 421
120.253.135.82 - - [19/Mar/2021:10:39:33 +0800] "GET /xingrg/all/function/internal_message.html?_=1616121631084&CODE_STATE=getMsg HTTP/1.1" 200 27
114.86.187.76 - - [19/Mar/2021:10:39:35 +0800] "POST /xingrg/kc/buy/cgsh_order_operate.html HTTP/1.1" 200 12
116.235.216.75 - - [19/Mar/2021:10:39:37 +0800] "GET /xingrg/all/function/internal_message.html?_=1616121568188&CODE_STATE=getMsg HTTP/1.1" 200 27
114.86.187.76 - - [19/Mar/2021:10:39:37 +0800] "GET /xingrg/kc/buy/cgsh_order_info.html?code=212021031908127 HTTP/1.1" 200 57012
114.86.187.76 - - [19/Mar/2021:10:39:38 +0800] "GET /xingrg/javascript/easyui/themes/default/validatebox.css HTTP/1.1" 404 1104
61.165.42.208 - - [19/Mar/2021:10:39:38 +0800] "GET /xingrg/all/function/internal_message.html?_=1616121560193&CODE_STATE=getMsg HTTP/1.1" 200 27
114.86.187.76 - - [19/Mar/2021:10:39:38 +0800] "POST /xingrg/kc/buy/cgsh_order_operate.html HTTP/1.1" 200 2392
114.86.187.76 - - [19/Mar/2021:10:39:39 +0800] "GET /xingrg/kc/print/load_data.html?order_code=212021031908127&kc_code=cgsh&condition= HTTP/1.1" 200 1389
116.232.54.212 - - [19/Mar/2021:10:39:40 +0800] "GET /xingrg/all/function/internal_message.html?_=1616121577775&CODE_STATE=getMsg HTTP/1.1" 200 27
58.37.230.33 - - [19/Mar/2021:10:39:42 +0800] "GET /xingrg/all/function/internal_message.html?_=1616121602230&CODE_STATE=getMsg HTTP/1.1" 200 27
116.224.253.72 - - [19/Mar/2021:10:39:44 +0800] "GET /xingrg/kc/buy/cgsh_order_list.html HTTP/1.1" 200 46372
114.86.187.76 - - [19/Mar/2021:10:39:44 +0800] "GET /xingrg/kc/buy/cgsh_order_add.html HTTP/1.1" 200 62110
116.224.253.72 - - [19/Mar/2021:10:39:45 +0800] "POST /xingrg/kc/buy/cgsh_list_operate.html HTTP/1.1" 200 876
114.86.187.76 - - [19/Mar/2021:10:39:45 +0800] "POST /xingrg/kc/buy/cgsh_order_operate.html HTTP/1.1" 200 8245
114.86.187.76 - - [19/Mar/2021:10:39:45 +0800] "GET /xingrg/javascript/easyui/themes/default/validatebox.css HTTP/1.1" 404 1104
61.165.42.208 - - [19/Mar/2021:10:39:48 +0800] "GET /xingrg/all/function/internal_message.html?_=1616121589163&CODE_STATE=getMsg HTTP/1.1" 200 27
116.235.216.75 - - [19/Mar/2021:10:39:49 +0800] "POST /xingrg/kc/buy/cgsh_order_operate.html HTTP/1.1" 200 37
101.228.165.174 - - [19/Mar/2021:10:39:50 +0800] "GET /xingrg/all/function/internal_message.html?_=1616121605292&CODE_STATE=getMsg HTTP/1.1" 200 27
116.235.216.75 - - [19/Mar/2021:10:39:50 +0800] "POST /xingrg/kc/buy/cgsh_order_operate.html HTTP/1.1" 200 3855
114.88.166.193 - - [19/Mar/2021:10:39:51 +0800] "GET /xingrg/all/function/internal_message.html?_=1616121586883&CODE_STATE=getMsg HTTP/1.1" 200 27
116.235.216.75 - - [19/Mar/2021:10:39:52 +0800] "GET /xingrg/kc/print/load_data.html?order_code=212021031908128&kc_code=cgsh&condition= HTTP/1.1" 200 1139
114.86.187.76 - - [19/Mar/2021:10:39:52 +0800] "GET /xingrg/kc/buy/cgsh_order_operate.html?command=get_materiel&rest_code=00148&code=00101006253&supplier_code=00100331&order_time=2021-03-19 HTTP/1.1" 200 399
116.224.253.72 - - [19/Mar/2021:10:39:53 +0800] "GET /xingrg/all/function/internal_message.html?_=1616121590833&CODE_STATE=getMsg HTTP/1.1" 200 27
114.83.222.187 - - [19/Mar/2021:10:39:55 +0800] "GET /xingrg/all/function/internal_message.html?_=1616121590419&CODE_STATE=getMsg HTTP/1.1" 200 27
116.224.253.72 - - [19/Mar/2021:10:39:55 +0800] "GET /xingrg/all/function/internal_message.html?_=1616121548278&CODE_STATE=getMsg HTTP/1.1" 200 27
116.235.216.75 - - [19/Mar/2021:10:39:56 +0800] "GET /xingrg/kc/buy/cgsh_order_add.html HTTP/1.1" 200 62192
116.235.216.75 - - [19/Mar/2021:10:39:57 +0800] "POST /xingrg/kc/buy/cgsh_order_operate.html HTTP/1.1" 200 8245
116.235.216.75 - - [19/Mar/2021:10:39:57 +0800] "GET /xingrg/javascript/easyui/themes/default/validatebox.css HTTP/1.1" 404 1104
116.235.216.75 - - [19/Mar/2021:10:39:58 +0800] "GET /xingrg/javascript/easyui/themes/default/tree.css HTTP/1.1" 404 1090
116.235.216.75 - - [19/Mar/2021:10:39:58 +0800] "POST /xingrg/all/common/load_tree.html?tree=supplier_tree_json&isDelete=1 HTTP/1.1" 200 54827
61.165.42.208 - - [19/Mar/2021:10:40:03 +0800] "POST /xingrg/kc/buy/cgsh_order_operate.html HTTP/1.1" 200 37
114.86.187.76 - - [19/Mar/2021:10:40:03 +0800] "GET /xingrg/kc/buy/cgsh_order_operate.html?command=get_materiel&rest_code=00148&code=00101010281&supplier_code=00100331&order_time=2021-03-19 HTTP/1.1" 200 414
101.228.165.174 - - [19/Mar/2021:10:40:04 +0800] "GET /xingrg/all/function/internal_message.html?_=1616121606179&CODE_STATE=getMsg HTTP/1.1" 200 27
61.165.42.208 - - [19/Mar/2021:10:40:04 +0800] "POST /xingrg/kc/buy/cgsh_order_operate.html HTTP/1.1" 200 3250
61.165.42.208 - - [19/Mar/2021:10:40:06 +0800] "GET /xingrg/kc/print/load_data.html?order_code=212021031908129&kc_code=cgsh&condition= HTTP/1.1" 200 890
58.221.95.50 - - [19/Mar/2021:10:40:07 +0800] "GET /xingrg/all/function/internal_message.html?_=1616121605728&CODE_STATE=getMsg HTTP/1.1" 302 -
58.37.192.63 - - [19/Mar/2021:10:40:07 +0800] "GET /xingrg/all/function/internal_message.html?_=1616121675109&CODE_STATE=getMsg HTTP/1.1" 200 27
61.165.42.208 - - [19/Mar/2021:10:40:09 +0800] "GET /xingrg/kc/buy/cgsh_order_add.html HTTP/1.1" 200 62151
61.165.42.208 - - [19/Mar/2021:10:40:10 +0800] "POST /xingrg/kc/buy/cgsh_order_operate.html HTTP/1.1" 200 8245
61.165.42.208 - - [19/Mar/2021:10:40:10 +0800] "GET /xingrg/javascript/easyui/themes/default/validatebox.css HTTP/1.1" 404 1104
114.86.187.76 - - [19/Mar/2021:10:40:12 +0800] "POST /xingrg/kc/buy/cgsh_order_operate.html HTTP/1.1" 200 37
180.169.147.146 - - [19/Mar/2021:10:40:13 +0800] "GET /xingrg/all/function/internal_message.html?_=1616121605880&CODE_STATE=getMsg HTTP/1.1" 200 27
116.235.216.75 - - [19/Mar/2021:10:40:18 +0800] "GET /xingrg/kc/buy/cgsh_order_operate.html?command=get_materiel&rest_code=00107&code=00101006001&supplier_code=00100404&order_time=2021-03-19 HTTP/1.1" 200 428
114.86.187.76 - - [19/Mar/2021:10:40:20 +0800] "POST /xingrg/kc/buy/cgsh_order_operate.html HTTP/1.1" 200 12
114.86.187.76 - - [19/Mar/2021:10:40:20 +0800] "GET /xingrg/kc/buy/cgsh_order_info.html?code=212021031908130 HTTP/1.1" 200 57014
114.86.187.76 - - [19/Mar/2021:10:40:21 +0800] "GET /xingrg/javascript/easyui/themes/default/validatebox.css HTTP/1.1" 404 1104
114.86.187.76 - - [19/Mar/2021:10:40:22 +0800] "POST /xingrg/kc/buy/cgsh_order_operate.html HTTP/1.1" 200 1204
116.224.253.72 - - [19/Mar/2021:10:40:22 +0800] "GET /xingrg/kc/mdqp/qqps_order_list.html HTTP/1.1" 200 10448
116.224.253.72 - - [19/Mar/2021:10:40:22 +0800] "GET /xingrg/dwr/interface/AjaxQqpsService.js HTTP/1.1" 200 16326
116.224.253.72 - - [19/Mar/2021:10:40:22 +0800] "GET /xingrg/dwr/interface/AjaxReportQueryService.js HTTP/1.1" 200 13203
116.224.253.72 - - [19/Mar/2021:10:40:22 +0800] "GET /xingrg/dwr/engine.js HTTP/1.1" 200 43631
114.86.187.76 - - [19/Mar/2021:10:40:23 +0800] "GET /xingrg/kc/print/load_data.html?order_code=212021031908130&kc_code=cgsh&condition= HTTP/1.1" 200 945
61.165.42.208 - - [19/Mar/2021:10:40:23 +0800] "GET /xingrg/kc/buy/cgsh_order_operate.html?command=get_materiel&rest_code=00105&code=00101004090&supplier_code=00100312&order_time=2021-03-19 HTTP/1.1" 200 412
117.185.32.26 - - [19/Mar/2021:10:40:23 +0800] "GET /xingrg/all/function/internal_message.html?_=1616121637377&CODE_STATE=getMsg HTTP/1.1" 200 27
222.70.217.33 - - [19/Mar/2021:10:40:25 +0800] "GET /xingrg/all/function/internal_message.html?_=1616121622642&CODE_STATE=getMsg HTTP/1.1" 200 27
114.86.187.76 - - [19/Mar/2021:10:40:27 +0800] "GET /xingrg/kc/buy/cgsh_order_add.html HTTP/1.1" 200 62110
114.86.187.76 - - [19/Mar/2021:10:40:27 +0800] "GET /xingrg/kc/buy/cgsh_order_add.html HTTP/1.1" 200 62110
114.86.187.76 - - [19/Mar/2021:10:40:28 +0800] "POST /xingrg/kc/buy/cgsh_order_operate.html HTTP/1.1" 200 8245
114.86.187.76 - - [19/Mar/2021:10:40:28 +0800] "GET /xingrg/javascript/easyui/themes/default/validatebox.css HTTP/1.1" 404 1104
116.235.216.75 - - [19/Mar/2021:10:40:30 +0800] "POST /xingrg/kc/buy/cgsh_order_operate.html HTTP/1.1" 200 37
116.224.253.72 - - [19/Mar/2021:10:40:30 +0800] "GET /xingrg/kc/mdqp/qqps_order_info.html?code=302021031900412 HTTP/1.1" 200 28160
116.224.253.72 - - [19/Mar/2021:10:40:30 +0800] "GET /xingrg/dwr/interface/AjaxComOrderService.js HTTP/1.1" 200 18264
116.224.253.72 - - [19/Mar/2021:10:40:30 +0800] "GET /xingrg/dwr/interface/AjaxQqpsService.js HTTP/1.1" 200 16326
116.224.253.72 - - [19/Mar/2021:10:40:30 +0800] "GET /xingrg/dwr/engine.js HTTP/1.1" 200 43631
120.204.17.73 - - [19/Mar/2021:10:40:31 +0800] "GET /xingrg/all/function/internal_message.html?_=1616121577372&CODE_STATE=getMsg HTTP/1.1" 302 -
116.224.253.72 - - [19/Mar/2021:10:40:31 +0800] "POST /xingrg/dwr/call/plaincall/AjaxQqpsService.loadMaterielItems.dwr HTTP/1.1" 200 2766
180.169.147.146 - - [19/Mar/2021:10:40:31 +0800] "GET /xingrg/check_reg.html?_=1616121632131 HTTP/1.1" 200 22
180.169.147.146 - - [19/Mar/2021:10:40:31 +0800] "GET /xingrg/all/function/internal_message.html?_=1616121632128&CODE_STATE=getMsg HTTP/1.1" 200 27
116.235.216.75 - - [19/Mar/2021:10:40:32 +0800] "POST /xingrg/kc/buy/cgsh_order_operate.html HTTP/1.1" 200 2675
120.253.135.82 - - [19/Mar/2021:10:40:33 +0800] "GET /xingrg/all/function/internal_message.html?_=1616121691087&CODE_STATE=getMsg HTTP/1.1" 200 27
120.204.17.73 - - [19/Mar/2021:10:40:34 +0800] "GET /xingrg/login.html HTTP/1.1" 200 7641
114.86.187.76 - - [19/Mar/2021:10:40:34 +0800] "GET /xingrg/kc/buy/cgsh_order_operate.html?command=get_materiel&rest_code=00148&code=00101010567&supplier_code=00100326&order_time=2021-03-19 HTTP/1.1" 200 399
116.235.216.75 - - [19/Mar/2021:10:40:35 +0800] "GET /xingrg/check_reg.html?_=1616121626257 HTTP/1.1" 200 22
116.235.216.75 - - [19/Mar/2021:10:40:37 +0800] "GET /xingrg/all/function/internal_message.html?_=1616121628166&CODE_STATE=getMsg HTTP/1.1" 200 27
61.165.42.208 - - [19/Mar/2021:10:40:38 +0800] "GET /xingrg/all/function/internal_message.html?_=1616121620192&CODE_STATE=getMsg HTTP/1.1" 200 27
116.224.253.72 - - [19/Mar/2021:10:40:39 +0800] "POST /xingrg/dwr/call/plaincall/AjaxQqpsService.getMaterielByCode.dwr HTTP/1.1" 200 3584
116.232.54.212 - - [19/Mar/2021:10:40:40 +0800] "GET /xingrg/all/function/internal_message.html?_=1616121637775&CODE_STATE=getMsg HTTP/1.1" 200 27
116.224.253.72 - - [19/Mar/2021:10:40:41 +0800] "GET /xingrg/images/yd/bt.gif HTTP/1.1" 404 1040
58.37.230.33 - - [19/Mar/2021:10:40:42 +0800] "GET /xingrg/all/function/internal_message.html?_=1616121662233&CODE_STATE=getMsg HTTP/1.1" 200 27
114.86.187.76 - - [19/Mar/2021:10:40:43 +0800] "GET /xingrg/kc/buy/cgsh_order_operate.html?command=get_materiel&rest_code=00148&code=00101006164&supplier_code=00100326&order_time=2021-03-19 HTTP/1.1" 200 415
116.235.216.75 - - [19/Mar/2021:10:40:44 +0800] "POST /xingrg/kc/buy/cgsh_order_operate.html HTTP/1.1" 200 37
116.224.253.72 - - [19/Mar/2021:10:40:44 +0800] "POST /xingrg/dwr/call/plaincall/AjaxQqpsService.saveMaterielItem.dwr HTTP/1.1" 200 78
116.235.216.75 - - [19/Mar/2021:10:40:45 +0800] "POST /xingrg/kc/buy/cgsh_order_operate.html HTTP/1.1" 200 2675
180.161.117.173 - - [19/Mar/2021:10:40:45 +0800] "GET /xingrg/check_reg.html?_=1616121908840 HTTP/1.1" 302 -
116.235.216.75 - - [19/Mar/2021:10:40:47 +0800] "GET /xingrg/kc/print/load_data.html?order_code=212021031908131&kc_code=cgsh&condition= HTTP/1.1" 200 706
