116.224.253.72 - - [19/Mar/2021:09:08:41 +0800] "GET /xingrg/javascript/jquery.timers.js HTTP/1.1" 304 -
116.224.253.72 - - [19/Mar/2021:09:08:41 +0800] "GET /xingrg/images/blue/jxLogo.png HTTP/1.1" 304 -
116.224.253.72 - - [19/Mar/2021:09:08:41 +0800] "GET /xingrg/images/blue/navBackgound.jpg HTTP/1.1" 304 -
116.224.253.72 - - [19/Mar/2021:09:08:41 +0800] "GET /xingrg/javascript/jquery_easy_ui/themes/icons/settle_new.png HTTP/1.1" 304 -
116.224.253.72 - - [19/Mar/2021:09:08:41 +0800] "POST /xingrg/all/common/load_tree.html?tree=area_rest_tree_json&manage=1 HTTP/1.1" 200 476
116.224.253.72 - - [19/Mar/2021:09:08:41 +0800] "GET /xingrg/all/function/internal_message.html?_=1616116119157&CODE_STATE=count HTTP/1.1" 200 11
116.224.253.72 - - [19/Mar/2021:09:08:41 +0800] "GET /xingrg/check_reg.html?_=1616116119159 HTTP/1.1" 200 22
116.224.253.72 - - [19/Mar/2021:09:08:41 +0800] "GET /xingrg/javascript/jquery_easy_ui/themes/default/images/tabs_rightarrow.png HTTP/1.1" 304 -
116.224.253.72 - - [19/Mar/2021:09:08:41 +0800] "GET /xingrg/javascript/jquery_easy_ui/themes/default/images/tabs_leftarrow.png HTTP/1.1" 304 -
116.224.253.72 - - [19/Mar/2021:09:08:41 +0800] "GET /xingrg/javascript/jquery_easy_ui/themes/default/images/panel_tool_collapse.gif HTTP/1.1" 304 -
116.224.253.72 - - [19/Mar/2021:09:08:41 +0800] "GET /xingrg/images/blue/pingpu.png HTTP/1.1" 304 -
116.224.253.72 - - [19/Mar/2021:09:08:41 +0800] "POST /xingrg/load_menu.html HTTP/1.1" 200 5138
58.37.230.33 - - [19/Mar/2021:09:08:42 +0800] "GET /xingrg/all/function/internal_message.html?_=1616116142031&CODE_STATE=getMsg HTTP/1.1" 200 27
116.224.253.72 - - [19/Mar/2021:09:08:43 +0800] "GET /xingrg/kc/buy/cgsh_order_list.html HTTP/1.1" 200 46370
222.70.217.33 - - [19/Mar/2021:09:08:45 +0800] "GET /xingrg/check_reg.html?_=1616116121489 HTTP/1.1" 200 22
114.83.222.187 - - [19/Mar/2021:09:08:46 +0800] "GET /xingrg/kc/buy/cgsh_order_operate.html?command=get_materiel&rest_code=00149&code=00101007031&supplier_code=00100205&order_time=2021-03-19 HTTP/1.1" 200 413
116.224.253.72 - - [19/Mar/2021:09:08:47 +0800] "POST /xingrg/kc/buy/cgsh_list_operate.html HTTP/1.1" 200 2787
114.88.166.193 - - [19/Mar/2021:09:08:47 +0800] "GET /xingrg/kc/buy/cgsh_order_operate.html?command=get_materiel&rest_code=00111&code=00101008123&supplier_code=00100037&order_time=2021-03-19 HTTP/1.1" 200 412
61.165.42.208 - - [19/Mar/2021:09:08:48 +0800] "GET /xingrg/all/function/internal_message.html?_=1616116129041&CODE_STATE=getMsg HTTP/1.1" 200 27
101.228.165.174 - - [19/Mar/2021:09:08:48 +0800] "GET /xingrg/all/function/internal_message.html?_=1616116143807&CODE_STATE=getMsg HTTP/1.1" 200 27
61.165.42.208 - - [19/Mar/2021:09:08:49 +0800] "GET /xingrg/kc/buy/cgsh_order_operate.html?command=get_materiel&rest_code=00105&code=00101009063&supplier_code=00100203&order_time=2021-03-19 HTTP/1.1" 200 409
116.224.253.72 - - [19/Mar/2021:09:08:49 +0800] "POST /xingrg/kc/buy/cgsh_list_operate.html HTTP/1.1" 200 359
116.224.253.72 - - [19/Mar/2021:09:08:51 +0800] "GET /xingrg/kc/buy/cgsh_order_info.html?code=212021031908086 HTTP/1.1" 200 61755
116.224.253.72 - - [19/Mar/2021:09:08:51 +0800] "GET /xingrg/javascript/easyui/themes/default/validatebox.css HTTP/1.1" 404 1104
116.224.253.72 - - [19/Mar/2021:09:08:51 +0800] "POST /xingrg/kc/buy/cgsh_order_operate.html HTTP/1.1" 200 3878
114.83.222.187 - - [19/Mar/2021:09:08:55 +0800] "GET /xingrg/all/function/internal_message.html?_=1616116130358&CODE_STATE=getMsg HTTP/1.1" 200 27
116.224.253.72 - - [19/Mar/2021:09:08:55 +0800] "POST /xingrg/kc/buy/cgsh_order_operate.html HTTP/1.1" 200 37
114.88.166.193 - - [19/Mar/2021:09:08:56 +0800] "GET /xingrg/kc/buy/cgsh_order_operate.html?command=get_materiel&rest_code=00111&code=00101008284&supplier_code=00100037&order_time=2021-03-19 HTTP/1.1" 200 412
116.224.253.72 - - [19/Mar/2021:09:08:58 +0800] "POST /xingrg/kc/buy/cgsh_order_operate.html HTTP/1.1" 200 12
114.88.166.193 - - [19/Mar/2021:09:08:59 +0800] "POST /xingrg/kc/buy/cgsh_order_operate.html HTTP/1.1" 200 2065
116.224.253.72 - - [19/Mar/2021:09:08:59 +0800] "GET /xingrg/kc/buy/cgsh_order_info.html?code=212021031908086 HTTP/1.1" 200 56648
116.224.253.72 - - [19/Mar/2021:09:09:00 +0800] "GET /xingrg/javascript/easyui/themes/default/validatebox.css HTTP/1.1" 404 1104
116.224.253.72 - - [19/Mar/2021:09:09:00 +0800] "POST /xingrg/kc/buy/cgsh_order_operate.html HTTP/1.1" 200 1828
61.165.42.208 - - [19/Mar/2021:09:09:02 +0800] "GET /xingrg/kc/buy/cgsh_order_operate.html?command=get_materiel&rest_code=00105&code=00101008275&supplier_code=00100203&order_time=2021-03-19 HTTP/1.1" 200 417
116.224.253.72 - - [19/Mar/2021:09:09:02 +0800] "GET /xingrg/kc/print/load_data.html?order_code=212021031908086&kc_code=cgsh&condition= HTTP/1.1" 200 1241
116.235.216.75 - - [19/Mar/2021:09:09:03 +0800] "GET /xingrg/kc/buy/cgsh_order_operate.html?command=get_materiel&rest_code=00107&code=00101008209&supplier_code=00100006&order_time=2021-03-19 HTTP/1.1" 200 408
101.228.165.174 - - [19/Mar/2021:09:09:03 +0800] "GET /xingrg/all/function/internal_message.html?_=1616116146089&CODE_STATE=getMsg HTTP/1.1" 200 27
114.88.166.193 - - [19/Mar/2021:09:09:04 +0800] "GET /xingrg/kc/buy/cgsh_order_operate.html?command=get_materiel&rest_code=00111&code=00101015052&supplier_code=00100037&order_time=2021-03-19 HTTP/1.1" 200 413
116.224.253.72 - - [19/Mar/2021:09:09:05 +0800] "GET /xingrg/all/function/internal_message.html?_=1616116098551&CODE_STATE=getMsg HTTP/1.1" 200 27
116.224.253.72 - - [19/Mar/2021:09:09:08 +0800] "GET /xingrg/kc/buy/cgsh_order_add.html HTTP/1.1" 200 61746
116.224.253.72 - - [19/Mar/2021:09:09:08 +0800] "POST /xingrg/kc/buy/cgsh_order_operate.html HTTP/1.1" 200 8245
116.224.253.72 - - [19/Mar/2021:09:09:08 +0800] "GET /xingrg/javascript/easyui/themes/default/validatebox.css HTTP/1.1" 404 1104
58.221.95.50 - - [19/Mar/2021:09:09:09 +0800] "GET /xingrg/all/function/internal_message.html?_=1616116147871&CODE_STATE=getMsg HTTP/1.1" 302 -
116.224.253.72 - - [19/Mar/2021:09:09:09 +0800] "GET /xingrg/javascript/auto/indicator.gif HTTP/1.1" 404 1066
114.88.166.193 - - [19/Mar/2021:09:09:14 +0800] "GET /xingrg/kc/buy/cgsh_order_operate.html?command=get_materiel&rest_code=00111&code=00101015046&supplier_code=00100037&order_time=2021-03-19 HTTP/1.1" 200 412
116.224.253.72 - - [19/Mar/2021:09:09:18 +0800] "GET /xingrg/kc/buy/cgsh_order_operate.html?command=get_materiel&rest_code=00151&code=00102002376&supplier_code=00100097&order_time=2021-03-19 HTTP/1.1" 200 414
114.83.222.187 - - [19/Mar/2021:09:09:19 +0800] "POST /xingrg/kc/buy/cgsh_order_operate.html HTTP/1.1" 200 37
114.88.166.193 - - [19/Mar/2021:09:09:20 +0800] "GET /xingrg/check_reg.html?_=1616116156399 HTTP/1.1" 200 22
180.169.147.146 - - [19/Mar/2021:09:09:20 +0800] "GET /xingrg/all/function/internal_message.html?_=1616116166763&CODE_STATE=getMsg HTTP/1.1" 200 27
114.88.166.193 - - [19/Mar/2021:09:09:20 +0800] "GET /xingrg/all/function/internal_message.html?_=1616116156628&CODE_STATE=getMsg HTTP/1.1" 200 27
114.83.222.187 - - [19/Mar/2021:09:09:21 +0800] "POST /xingrg/kc/buy/cgsh_order_operate.html HTTP/1.1" 200 12
222.70.217.33 - - [19/Mar/2021:09:09:27 +0800] "GET /xingrg/all/function/internal_message.html?_=1616116163116&CODE_STATE=getMsg HTTP/1.1" 200 27
114.88.166.193 - - [19/Mar/2021:09:09:27 +0800] "GET /xingrg/kc/buy/cgsh_order_operate.html?command=get_materiel&rest_code=00111&code=00101009056&supplier_code=00100037&order_time=2021-03-19 HTTP/1.1" 200 413
114.83.222.187 - - [19/Mar/2021:09:09:29 +0800] "GET /xingrg/kc/buy/cgsh_order_info.html?code=212021031908091 HTTP/1.1" 200 57057
114.83.222.187 - - [19/Mar/2021:09:09:29 +0800] "GET /xingrg/javascript/easyui/themes/default/validatebox.css HTTP/1.1" 404 1104
114.83.222.187 - - [19/Mar/2021:09:09:30 +0800] "POST /xingrg/kc/buy/cgsh_order_operate.html HTTP/1.1" 200 3568
180.169.147.146 - - [19/Mar/2021:09:09:31 +0800] "GET /xingrg/all/function/internal_message.html?_=1616116172000&CODE_STATE=getMsg HTTP/1.1" 200 27
120.253.135.82 - - [19/Mar/2021:09:09:32 +0800] "GET /xingrg/all/function/internal_message.html?_=1616116229502&CODE_STATE=getMsg HTTP/1.1" 200 27
114.83.222.187 - - [19/Mar/2021:09:09:32 +0800] "GET /xingrg/kc/print/load_data.html?order_code=212021031908091&kc_code=cgsh&condition= HTTP/1.1" 200 1828
116.235.216.75 - - [19/Mar/2021:09:09:35 +0800] "GET /xingrg/all/function/internal_message.html?_=1616116165995&CODE_STATE=getMsg HTTP/1.1" 200 27
114.88.166.193 - - [19/Mar/2021:09:09:38 +0800] "GET /xingrg/kc/buy/cgsh_order_operate.html?command=get_materiel&rest_code=00111&code=00101008418&supplier_code=00100037&order_time=2021-03-19 HTTP/1.1" 200 399
116.224.253.72 - - [19/Mar/2021:09:09:41 +0800] "GET /xingrg/all/function/internal_message.html?_=1616116179173&CODE_STATE=getMsg HTTP/1.1" 200 27
58.37.230.33 - - [19/Mar/2021:09:09:42 +0800] "GET /xingrg/all/function/internal_message.html?_=1616116202030&CODE_STATE=getMsg HTTP/1.1" 200 27
61.165.42.208 - - [19/Mar/2021:09:09:48 +0800] "GET /xingrg/all/function/internal_message.html?_=1616116189104&CODE_STATE=getMsg HTTP/1.1" 200 27
101.228.165.174 - - [19/Mar/2021:09:09:49 +0800] "GET /xingrg/all/function/internal_message.html?_=1616116203845&CODE_STATE=getMsg HTTP/1.1" 200 27
114.83.222.187 - - [19/Mar/2021:09:09:55 +0800] "GET /xingrg/all/function/internal_message.html?_=1616116190337&CODE_STATE=getMsg HTTP/1.1" 200 27
116.235.216.75 - - [19/Mar/2021:09:10:00 +0800] "POST /xingrg/kc/buy/cgsh_order_operate.html HTTP/1.1" 200 2065
101.228.165.174 - - [19/Mar/2021:09:10:03 +0800] "GET /xingrg/all/function/internal_message.html?_=1616116206092&CODE_STATE=getMsg HTTP/1.1" 200 27
114.88.166.193 - - [19/Mar/2021:09:10:04 +0800] "POST /xingrg/kc/buy/cgsh_order_operate.html HTTP/1.1" 200 2065
114.83.222.187 - - [19/Mar/2021:09:10:05 +0800] "GET /xingrg/kc/buy/cgsh_order_add.html HTTP/1.1" 200 62157
114.83.222.187 - - [19/Mar/2021:09:10:05 +0800] "POST /xingrg/kc/buy/cgsh_order_operate.html HTTP/1.1" 200 8245
114.83.222.187 - - [19/Mar/2021:09:10:05 +0800] "GET /xingrg/javascript/easyui/themes/default/validatebox.css HTTP/1.1" 404 1104
116.224.253.72 - - [19/Mar/2021:09:10:05 +0800] "GET /xingrg/all/function/internal_message.html?_=1616116158595&CODE_STATE=getMsg HTTP/1.1" 200 27
116.235.216.75 - - [19/Mar/2021:09:10:06 +0800] "GET /xingrg/kc/buy/cgsh_order_operate.html?command=get_materiel&rest_code=00107&code=00101008172&supplier_code=00100006&order_time=2021-03-19 HTTP/1.1" 200 412
58.221.95.50 - - [19/Mar/2021:09:10:09 +0800] "GET /xingrg/all/function/internal_message.html?_=1616116207851&CODE_STATE=getMsg HTTP/1.1" 302 -
114.88.166.193 - - [19/Mar/2021:09:10:11 +0800] "GET /xingrg/kc/buy/cgsh_order_operate.html?command=get_materiel&rest_code=00111&code=00101008307&supplier_code=00100037&order_time=2021-03-19 HTTP/1.1" 200 420
114.83.222.187 - - [19/Mar/2021:09:10:15 +0800] "GET /xingrg/kc/buy/cgsh_order_operate.html?command=get_materiel&rest_code=00149&code=00101011003&supplier_code=00100051&order_time=2021-03-19 HTTP/1.1" 200 413
116.235.216.75 - - [19/Mar/2021:09:10:17 +0800] "GET /xingrg/kc/buy/cgsh_order_operate.html?command=get_materiel&rest_code=00107&code=00101008168&supplier_code=00100006&order_time=2021-03-19 HTTP/1.1" 200 413
180.169.147.146 - - [19/Mar/2021:09:10:20 +0800] "GET /xingrg/all/function/internal_message.html?_=1616116226769&CODE_STATE=getMsg HTTP/1.1" 200 27
114.88.166.193 - - [19/Mar/2021:09:10:20 +0800] "GET /xingrg/all/function/internal_message.html?_=1616116216641&CODE_STATE=getMsg HTTP/1.1" 200 27
114.88.166.193 - - [19/Mar/2021:09:10:24 +0800] "GET /xingrg/kc/buy/cgsh_order_operate.html?command=get_materiel&rest_code=00111&code=00101008041&supplier_code=00100037&order_time=2021-03-19 HTTP/1.1" 200 408
114.83.222.187 - - [19/Mar/2021:09:10:25 +0800] "GET /xingrg/kc/buy/cgsh_order_operate.html?command=get_materiel&rest_code=00149&code=00101011005&supplier_code=00100051&order_time=2021-03-19 HTTP/1.1" 200 429
222.70.217.33 - - [19/Mar/2021:09:10:27 +0800] "GET /xingrg/all/function/internal_message.html?_=1616116223101&CODE_STATE=getMsg HTTP/1.1" 200 27
116.235.216.75 - - [19/Mar/2021:09:10:28 +0800] "GET /xingrg/kc/buy/cgsh_order_operate.html?command=get_materiel&rest_code=00107&code=00101008103&supplier_code=00100006&order_time=2021-03-19 HTTP/1.1" 200 417
180.169.147.146 - - [19/Mar/2021:09:10:31 +0800] "GET /xingrg/check_reg.html?_=1616116231986 HTTP/1.1" 200 22
180.169.147.146 - - [19/Mar/2021:09:10:31 +0800] "GET /xingrg/all/function/internal_message.html?_=1616116231990&CODE_STATE=getMsg HTTP/1.1" 200 27
120.253.135.82 - - [19/Mar/2021:09:10:32 +0800] "GET /xingrg/all/function/internal_message.html?_=1616116289506&CODE_STATE=getMsg HTTP/1.1" 200 27
116.235.216.75 - - [19/Mar/2021:09:10:35 +0800] "GET /xingrg/all/function/internal_message.html?_=1616116226006&CODE_STATE=getMsg HTTP/1.1" 200 27
116.235.216.75 - - [19/Mar/2021:09:10:35 +0800] "GET /xingrg/check_reg.html?_=1616116226011 HTTP/1.1" 200 22
116.224.253.72 - - [19/Mar/2021:09:10:35 +0800] "POST /xingrg/kc/buy/cgsh_order_operate.html HTTP/1.1" 200 37
114.88.166.193 - - [19/Mar/2021:09:10:36 +0800] "GET /xingrg/kc/buy/cgsh_order_operate.html?command=get_materiel&rest_code=00111&code=00101008092&supplier_code=00100037&order_time=2021-03-19 HTTP/1.1" 200 412
116.224.253.72 - - [19/Mar/2021:09:10:37 +0800] "POST /xingrg/kc/buy/cgsh_order_operate.html HTTP/1.1" 200 12
116.224.253.72 - - [19/Mar/2021:09:10:38 +0800] "GET /xingrg/kc/buy/cgsh_order_info.html?code=212021031908092 HTTP/1.1" 200 56640
116.224.253.72 - - [19/Mar/2021:09:10:38 +0800] "GET /xingrg/javascript/easyui/themes/default/validatebox.css HTTP/1.1" 404 1104
116.224.253.72 - - [19/Mar/2021:09:10:39 +0800] "POST /xingrg/kc/buy/cgsh_order_operate.html HTTP/1.1" 200 618
116.224.253.72 - - [19/Mar/2021:09:10:40 +0800] "GET /xingrg/kc/print/load_data.html?order_code=212021031908092&kc_code=cgsh&condition= HTTP/1.1" 200 696
116.224.253.72 - - [19/Mar/2021:09:10:41 +0800] "GET /xingrg/all/function/internal_message.html?_=1616116239194&CODE_STATE=getMsg HTTP/1.1" 200 27
58.37.230.33 - - [19/Mar/2021:09:10:42 +0800] "GET /xingrg/all/function/internal_message.html?_=1616116262033&CODE_STATE=getMsg HTTP/1.1" 200 27
114.83.222.187 - - [19/Mar/2021:09:10:44 +0800] "POST /xingrg/kc/buy/cgsh_order_operate.html HTTP/1.1" 200 37
61.165.42.208 - - [19/Mar/2021:09:10:48 +0800] "GET /xingrg/all/function/internal_message.html?_=1616116249081&CODE_STATE=getMsg HTTP/1.1" 200 27
101.228.165.174 - - [19/Mar/2021:09:10:49 +0800] "GET /xingrg/all/function/internal_message.html?_=1616116263849&CODE_STATE=getMsg HTTP/1.1" 200 27
116.235.216.75 - - [19/Mar/2021:09:10:49 +0800] "GET /xingrg/kc/buy/cgsh_order_operate.html?command=get_materiel&rest_code=00107&code=00101008114&supplier_code=00100006&order_time=2021-03-19 HTTP/1.1" 200 413
114.83.222.187 - - [19/Mar/2021:09:10:53 +0800] "POST /xingrg/kc/buy/cgsh_order_operate.html HTTP/1.1" 200 12
114.83.222.187 - - [19/Mar/2021:09:10:55 +0800] "GET /xingrg/check_reg.html?_=1616116250387 HTTP/1.1" 200 22
114.83.222.187 - - [19/Mar/2021:09:10:55 +0800] "GET /xingrg/all/function/internal_message.html?_=1616116250388&CODE_STATE=getMsg HTTP/1.1" 200 27
114.83.222.187 - - [19/Mar/2021:09:10:55 +0800] "GET /xingrg/kc/buy/cgsh_order_info.html?code=212021031908093 HTTP/1.1" 200 57059
114.83.222.187 - - [19/Mar/2021:09:10:55 +0800] "GET /xingrg/javascript/easyui/themes/default/validatebox.css HTTP/1.1" 404 1104
114.83.222.187 - - [19/Mar/2021:09:10:55 +0800] "POST /xingrg/kc/buy/cgsh_order_operate.html HTTP/1.1" 200 1788
114.83.222.187 - - [19/Mar/2021:09:10:57 +0800] "GET /xingrg/kc/print/load_data.html?order_code=212021031908093&kc_code=cgsh&condition= HTTP/1.1" 200 1169
116.235.216.75 - - [19/Mar/2021:09:10:59 +0800] "GET /xingrg/kc/buy/cgsh_order_operate.html?command=get_materiel&rest_code=00107&code=00101008001&supplier_code=00100006&order_time=2021-03-19 HTTP/1.1" 200 433
116.235.216.75 - - [19/Mar/2021:09:11:02 +0800] "POST /xingrg/kc/buy/cgsh_order_operate.html HTTP/1.1" 200 2065
101.228.165.174 - - [19/Mar/2021:09:11:03 +0800] "GET /xingrg/all/function/internal_message.html?_=1616116266091&CODE_STATE=getMsg HTTP/1.1" 200 27
116.224.253.72 - - [19/Mar/2021:09:11:06 +0800] "GET /xingrg/all/function/internal_message.html?_=1616116218608&CODE_STATE=getMsg HTTP/1.1" 200 27
58.221.95.50 - - [19/Mar/2021:09:11:09 +0800] "GET /xingrg/all/function/internal_message.html?_=1616116267849&CODE_STATE=getMsg HTTP/1.1" 302 -
58.221.95.50 - - [19/Mar/2021:09:11:10 +0800] "GET /xingrg/check_reg.html?_=1616116268664 HTTP/1.1" 302 -
116.235.216.75 - - [19/Mar/2021:09:11:11 +0800] "GET /xingrg/kc/buy/cgsh_order_operate.html?command=get_materiel&rest_code=00107&code=00101015066&supplier_code=00100006&order_time=2021-03-19 HTTP/1.1" 200 413
114.83.222.187 - - [19/Mar/2021:09:11:15 +0800] "GET /xingrg/kc/buy/cgsh_order_add.html HTTP/1.1" 200 62157
114.83.222.187 - - [19/Mar/2021:09:11:16 +0800] "POST /xingrg/kc/buy/cgsh_order_operate.html HTTP/1.1" 200 8245
114.83.222.187 - - [19/Mar/2021:09:11:16 +0800] "GET /xingrg/javascript/easyui/themes/default/validatebox.css HTTP/1.1" 404 1104
180.169.147.146 - - [19/Mar/2021:09:11:20 +0800] "GET /xingrg/all/function/internal_message.html?_=1616116286757&CODE_STATE=getMsg HTTP/1.1" 200 27
114.88.166.193 - - [19/Mar/2021:09:11:20 +0800] "GET /xingrg/all/function/internal_message.html?_=1616116276656&CODE_STATE=getMsg HTTP/1.1" 200 27
116.235.216.75 - - [19/Mar/2021:09:11:27 +0800] "GET /xingrg/kc/buy/cgsh_order_operate.html?command=get_materiel&rest_code=00107&code=00101015046&supplier_code=00100006&order_time=2021-03-19 HTTP/1.1" 200 413
222.70.217.33 - - [19/Mar/2021:09:11:27 +0800] "GET /xingrg/all/function/internal_message.html?_=1616116283086&CODE_STATE=getMsg HTTP/1.1" 200 27
180.169.147.146 - - [19/Mar/2021:09:11:31 +0800] "GET /xingrg/all/function/internal_message.html?_=1616116291998&CODE_STATE=getMsg HTTP/1.1" 200 27
120.253.135.82 - - [19/Mar/2021:09:11:32 +0800] "GET /xingrg/all/function/internal_message.html?_=1616116349530&CODE_STATE=getMsg HTTP/1.1" 200 27
116.235.216.75 - - [19/Mar/2021:09:11:35 +0800] "GET /xingrg/all/function/internal_message.html?_=1616116285999&CODE_STATE=getMsg HTTP/1.1" 200 27
116.235.216.75 - - [19/Mar/2021:09:11:40 +0800] "GET /xingrg/kc/buy/cgsh_order_operate.html?command=get_materiel&rest_code=00107&code=00101015052&supplier_code=00100006&order_time=2021-03-19 HTTP/1.1" 200 413
116.224.253.72 - - [19/Mar/2021:09:11:41 +0800] "GET /xingrg/all/function/internal_message.html?_=1616116299188&CODE_STATE=getMsg HTTP/1.1" 200 27
58.37.230.33 - - [19/Mar/2021:09:11:42 +0800] "GET /xingrg/all/function/internal_message.html?_=1616116322037&CODE_STATE=getMsg HTTP/1.1" 200 27
58.37.230.33 - - [19/Mar/2021:09:11:42 +0800] "GET /xingrg/check_reg.html?_=1616116322038 HTTP/1.1" 200 22
61.165.42.208 - - [19/Mar/2021:09:11:48 +0800] "GET /xingrg/check_reg.html?_=1616116309077 HTTP/1.1" 200 22
61.165.42.208 - - [19/Mar/2021:09:11:48 +0800] "GET /xingrg/all/function/internal_message.html?_=1616116309078&CODE_STATE=getMsg HTTP/1.1" 200 27
101.228.165.174 - - [19/Mar/2021:09:11:49 +0800] "GET /xingrg/all/function/internal_message.html?_=1616116323863&CODE_STATE=getMsg HTTP/1.1" 200 27
114.83.222.187 - - [19/Mar/2021:09:11:55 +0800] "GET /xingrg/all/function/internal_message.html?_=1616116310374&CODE_STATE=getMsg HTTP/1.1" 200 27
114.88.166.193 - - [19/Mar/2021:09:11:56 +0800] "POST /xingrg/kc/buy/cgsh_order_operate.html HTTP/1.1" 200 37
116.235.216.75 - - [19/Mar/2021:09:11:57 +0800] "GET /xingrg/kc/buy/cgsh_order_operate.html?command=get_materiel&rest_code=00107&code=00101009013&supplier_code=00100006&order_time=2021-03-19 HTTP/1.1" 200 420
61.165.42.208 - - [19/Mar/2021:09:11:57 +0800] "POST /xingrg/kc/buy/cgsh_order_operate.html HTTP/1.1" 200 2065
61.165.42.208 - - [19/Mar/2021:09:11:59 +0800] "POST /xingrg/kc/buy/cgsh_order_operate.html HTTP/1.1" 200 2065
101.228.165.174 - - [19/Mar/2021:09:12:03 +0800] "GET /xingrg/all/function/internal_message.html?_=1616116326092&CODE_STATE=getMsg HTTP/1.1" 200 27
101.228.165.174 - - [19/Mar/2021:09:12:03 +0800] "GET /xingrg/check_reg.html?_=1616116326093 HTTP/1.1" 200 22
116.224.253.72 - - [19/Mar/2021:09:12:05 +0800] "GET /xingrg/check_reg.html?_=1616116278130 HTTP/1.1" 200 22
116.224.253.72 - - [19/Mar/2021:09:12:06 +0800] "GET /xingrg/all/function/internal_message.html?_=1616116278623&CODE_STATE=getMsg HTTP/1.1" 200 27
58.221.95.50 - - [19/Mar/2021:09:12:09 +0800] "GET /xingrg/all/function/internal_message.html?_=1616116327824&CODE_STATE=getMsg HTTP/1.1" 302 -
116.235.216.75 - - [19/Mar/2021:09:12:15 +0800] "GET /xingrg/kc/buy/cgsh_order_operate.html?command=get_materiel&rest_code=00107&code=00101009011&supplier_code=00100006&order_time=2021-03-19 HTTP/1.1" 200 416
120.253.135.82 - - [19/Mar/2021:09:12:18 +0800] "GET /xingrg/check_reg.html?_=1616116395732 HTTP/1.1" 200 22
180.169.147.146 - - [19/Mar/2021:09:12:20 +0800] "GET /xingrg/all/function/internal_message.html?_=1616116346756&CODE_STATE=getMsg HTTP/1.1" 200 27
61.165.42.208 - - [19/Mar/2021:09:12:23 +0800] "GET /xingrg/kc/buy/cgsh_order_operate.html?command=get_materiel&rest_code=00105&code=00101008330&supplier_code=00100203&order_time=2021-03-19 HTTP/1.1" 200 408
116.235.216.75 - - [19/Mar/2021:09:12:24 +0800] "POST /xingrg/kc/buy/cgsh_order_operate.html HTTP/1.1" 200 2065
114.88.166.193 - - [19/Mar/2021:09:12:27 +0800] "POST /xingrg/kc/buy/cgsh_order_operate.html HTTP/1.1" 200 24001
222.70.217.33 - - [19/Mar/2021:09:12:27 +0800] "GET /xingrg/all/function/internal_message.html?_=1616116343058&CODE_STATE=getMsg HTTP/1.1" 200 27
180.169.147.146 - - [19/Mar/2021:09:12:31 +0800] "GET /xingrg/all/function/internal_message.html?_=1616116352001&CODE_STATE=getMsg HTTP/1.1" 200 27
120.253.135.82 - - [19/Mar/2021:09:12:32 +0800] "GET /xingrg/all/function/internal_message.html?_=1616116409533&CODE_STATE=getMsg HTTP/1.1" 200 27
61.165.42.208 - - [19/Mar/2021:09:12:32 +0800] "GET /xingrg/kc/buy/cgsh_order_operate.html?command=get_materiel&rest_code=00105&code=00101008210&supplier_code=00100203&order_time=2021-03-19 HTTP/1.1" 200 408
116.235.216.75 - - [19/Mar/2021:09:12:35 +0800] "GET /xingrg/all/function/internal_message.html?_=1616116346000&CODE_STATE=getMsg HTTP/1.1" 200 27
114.88.166.193 - - [19/Mar/2021:09:12:38 +0800] "GET /xingrg/kc/buy/cgsh_order_add.html HTTP/1.1" 200 62104
61.165.42.208 - - [19/Mar/2021:09:12:39 +0800] "GET /xingrg/kc/buy/cgsh_order_operate.html?command=get_materiel&rest_code=00105&code=00101008027&supplier_code=00100203&order_time=2021-03-19 HTTP/1.1" 200 409
114.88.166.193 - - [19/Mar/2021:09:12:39 +0800] "GET /xingrg/all/function/internal_message.html?_=1616116355825&CODE_STATE=getMsg HTTP/1.1" 200 27
114.88.166.193 - - [19/Mar/2021:09:12:39 +0800] "GET /xingrg/javascript/easyui/themes/default/validatebox.css HTTP/1.1" 404 1104
114.88.166.193 - - [19/Mar/2021:09:12:40 +0800] "POST /xingrg/kc/buy/cgsh_order_operate.html HTTP/1.1" 200 8245
116.224.253.72 - - [19/Mar/2021:09:12:41 +0800] "GET /xingrg/all/function/internal_message.html?_=1616116359187&CODE_STATE=getMsg HTTP/1.1" 200 27
58.37.230.33 - - [19/Mar/2021:09:12:42 +0800] "GET /xingrg/all/function/internal_message.html?_=1616116382040&CODE_STATE=getMsg HTTP/1.1" 200 27
61.151.178.197 - - [19/Mar/2021:09:12:44 +0800] "GET /xingrg/all/function/internal_message.html?_=1616116322037&CODE_STATE=getMsg HTTP/1.1" 302 -
61.151.178.197 - - [19/Mar/2021:09:12:46 +0800] "GET /xingrg/login.html HTTP/1.1" 200 7641
61.165.42.208 - - [19/Mar/2021:09:12:48 +0800] "GET /xingrg/all/function/internal_message.html?_=1616116369127&CODE_STATE=getMsg HTTP/1.1" 200 27
101.228.165.174 - - [19/Mar/2021:09:12:48 +0800] "GET /xingrg/check_reg.html?_=1616116383803 HTTP/1.1" 200 22
101.228.165.174 - - [19/Mar/2021:09:12:49 +0800] "GET /xingrg/all/function/internal_message.html?_=1616116383877&CODE_STATE=getMsg HTTP/1.1" 200 27
61.129.6.145 - - [19/Mar/2021:09:12:52 +0800] "GET /xingrg/check_reg.html?_=1616116322038 HTTP/1.1" 302 -
61.165.42.208 - - [19/Mar/2021:09:12:52 +0800] "GET /xingrg/kc/buy/cgsh_order_operate.html?command=get_materiel&rest_code=00105&code=00101008028&supplier_code=00100203&order_time=2021-03-19 HTTP/1.1" 200 412
114.83.222.187 - - [19/Mar/2021:09:12:55 +0800] "GET /xingrg/all/function/internal_message.html?_=1616116370358&CODE_STATE=getMsg HTTP/1.1" 200 27
61.129.6.145 - - [19/Mar/2021:09:13:00 +0800] "GET /xingrg/login.html HTTP/1.1" 200 7641
61.165.42.208 - - [19/Mar/2021:09:13:03 +0800] "GET /xingrg/kc/buy/cgsh_order_operate.html?command=get_materiel&rest_code=00105&code=00101008351&supplier_code=00100203&order_time=2021-03-19 HTTP/1.1" 200 410
101.228.165.174 - - [19/Mar/2021:09:13:03 +0800] "GET /xingrg/all/function/internal_message.html?_=1616116386092&CODE_STATE=getMsg HTTP/1.1" 200 27
116.224.253.72 - - [19/Mar/2021:09:13:06 +0800] "GET /xingrg/all/function/internal_message.html?_=1616116338636&CODE_STATE=getMsg HTTP/1.1" 200 27
58.221.95.50 - - [19/Mar/2021:09:13:09 +0800] "GET /xingrg/all/function/internal_message.html?_=1616116387794&CODE_STATE=getMsg HTTP/1.1" 302 -
114.88.166.193 - - [19/Mar/2021:09:13:15 +0800] "GET /xingrg/kc/buy/cgsh_order_operate.html?command=get_materiel&rest_code=00111&code=00101007081&supplier_code=00100004&order_time=2021-03-19 HTTP/1.1" 200 413
180.169.147.146 - - [19/Mar/2021:09:13:20 +0800] "GET /xingrg/all/function/internal_message.html?_=1616116406775&CODE_STATE=getMsg HTTP/1.1" 200 27
180.169.147.146 - - [19/Mar/2021:09:13:20 +0800] "GET /xingrg/check_reg.html?_=1616116406779 HTTP/1.1" 200 22
222.70.217.33 - - [19/Mar/2021:09:13:27 +0800] "GET /xingrg/all/function/internal_message.html?_=1616116403027&CODE_STATE=getMsg HTTP/1.1" 200 27
180.169.147.146 - - [19/Mar/2021:09:13:31 +0800] "GET /xingrg/all/function/internal_message.html?_=1616116412003&CODE_STATE=getMsg HTTP/1.1" 200 27
120.253.135.82 - - [19/Mar/2021:09:13:32 +0800] "GET /xingrg/all/function/internal_message.html?_=1616116469546&CODE_STATE=getMsg HTTP/1.1" 200 27
116.235.216.75 - - [19/Mar/2021:09:13:35 +0800] "GET /xingrg/all/function/internal_message.html?_=1616116406007&CODE_STATE=getMsg HTTP/1.1" 200 27
114.88.166.193 - - [19/Mar/2021:09:13:39 +0800] "GET /xingrg/all/function/internal_message.html?_=1616116415840&CODE_STATE=getMsg HTTP/1.1" 200 27
116.224.253.72 - - [19/Mar/2021:09:13:41 +0800] "GET /xingrg/check_reg.html?_=1616116419184 HTTP/1.1" 200 22
116.224.253.72 - - [19/Mar/2021:09:13:41 +0800] "GET /xingrg/all/function/internal_message.html?_=1616116419186&CODE_STATE=getMsg HTTP/1.1" 200 27
58.37.230.33 - - [19/Mar/2021:09:13:42 +0800] "GET /xingrg/all/function/internal_message.html?_=1616116442039&CODE_STATE=getMsg HTTP/1.1" 200 27
222.70.217.33 - - [19/Mar/2021:09:13:45 +0800] "GET /xingrg/check_reg.html?_=1616116421497 HTTP/1.1" 200 22
61.165.42.208 - - [19/Mar/2021:09:13:48 +0800] "GET /xingrg/all/function/internal_message.html?_=1616116429070&CODE_STATE=getMsg HTTP/1.1" 200 27
101.228.165.174 - - [19/Mar/2021:09:13:49 +0800] "GET /xingrg/all/function/internal_message.html?_=1616116443891&CODE_STATE=getMsg HTTP/1.1" 200 27
114.83.222.187 - - [19/Mar/2021:09:13:55 +0800] "GET /xingrg/all/function/internal_message.html?_=1616116430343&CODE_STATE=getMsg HTTP/1.1" 200 27
61.165.42.208 - - [19/Mar/2021:09:13:58 +0800] "GET /xingrg/kc/buy/cgsh_order_operate.html?command=get_materiel&rest_code=00105&code=00101008224&supplier_code=00100203&order_time=2021-03-19 HTTP/1.1" 200 416
114.88.166.193 - - [19/Mar/2021:09:13:59 +0800] "GET /xingrg/kc/buy/cgsh_order_operate.html?command=get_materiel&rest_code=00111&code=00101007077&supplier_code=00100004&order_time=2021-03-19 HTTP/1.1" 200 415
101.228.165.174 - - [19/Mar/2021:09:14:03 +0800] "GET /xingrg/all/function/internal_message.html?_=1616116446090&CODE_STATE=getMsg HTTP/1.1" 200 27
61.165.42.208 - - [19/Mar/2021:09:14:04 +0800] "GET /xingrg/kc/buy/cgsh_order_operate.html?command=get_materiel&rest_code=00105&code=00101008003&supplier_code=00100203&order_time=2021-03-19 HTTP/1.1" 200 408
116.235.216.75 - - [19/Mar/2021:09:14:06 +0800] "GET /xingrg/kc/buy/cgsh_order_operate.html?command=get_materiel&rest_code=00107&code=00101008344&supplier_code=00100006&order_time=2021-03-19 HTTP/1.1" 200 412
116.224.253.72 - - [19/Mar/2021:09:14:06 +0800] "GET /xingrg/all/function/internal_message.html?_=1616116398650&CODE_STATE=getMsg HTTP/1.1" 200 27
58.221.95.50 - - [19/Mar/2021:09:14:09 +0800] "GET /xingrg/all/function/internal_message.html?_=1616116447764&CODE_STATE=getMsg HTTP/1.1" 302 -
61.165.42.208 - - [19/Mar/2021:09:14:11 +0800] "GET /xingrg/kc/buy/cgsh_order_operate.html?command=get_materiel&rest_code=00105&code=00101008137&supplier_code=00100203&order_time=2021-03-19 HTTP/1.1" 200 408
61.165.42.208 - - [19/Mar/2021:09:14:19 +0800] "GET /xingrg/kc/buy/cgsh_order_operate.html?command=get_materiel&rest_code=00105&code=00101008172&supplier_code=00100203&order_time=2021-03-19 HTTP/1.1" 200 412
114.88.166.193 - - [19/Mar/2021:09:14:20 +0800] "GET /xingrg/check_reg.html?_=1616116456400 HTTP/1.1" 200 22
180.169.147.146 - - [19/Mar/2021:09:14:20 +0800] "GET /xingrg/all/function/internal_message.html?_=1616116466764&CODE_STATE=getMsg HTTP/1.1" 200 27
61.165.42.208 - - [19/Mar/2021:09:14:23 +0800] "POST /xingrg/kc/buy/cgsh_order_operate.html HTTP/1.1" 200 2065
61.165.42.208 - - [19/Mar/2021:09:14:25 +0800] "POST /xingrg/kc/buy/cgsh_order_operate.html HTTP/1.1" 200 2065
222.70.217.33 - - [19/Mar/2021:09:14:27 +0800] "GET /xingrg/all/function/internal_message.html?_=1616116462999&CODE_STATE=getMsg HTTP/1.1" 200 27
180.169.147.146 - - [19/Mar/2021:09:14:31 +0800] "GET /xingrg/all/function/internal_message.html?_=1616116472007&CODE_STATE=getMsg HTTP/1.1" 200 27
120.253.135.82 - - [19/Mar/2021:09:14:32 +0800] "GET /xingrg/all/function/internal_message.html?_=1616116529571&CODE_STATE=getMsg HTTP/1.1" 200 27
116.235.216.75 - - [19/Mar/2021:09:14:34 +0800] "POST /xingrg/kc/buy/cgsh_order_operate.html HTTP/1.1" 200 2065
116.235.216.75 - - [19/Mar/2021:09:14:35 +0800] "GET /xingrg/all/function/internal_message.html?_=1616116466003&CODE_STATE=getMsg HTTP/1.1" 200 27
114.88.166.193 - - [19/Mar/2021:09:14:39 +0800] "GET /xingrg/all/function/internal_message.html?_=1616116475854&CODE_STATE=getMsg HTTP/1.1" 200 27
116.224.253.72 - - [19/Mar/2021:09:14:41 +0800] "GET /xingrg/all/function/internal_message.html?_=1616116479196&CODE_STATE=getMsg HTTP/1.1" 200 27
58.37.230.33 - - [19/Mar/2021:09:14:42 +0800] "GET /xingrg/all/function/internal_message.html?_=1616116502042&CODE_STATE=getMsg HTTP/1.1" 200 27
116.235.216.75 - - [19/Mar/2021:09:14:45 +0800] "GET /xingrg/kc/buy/cgsh_order_operate.html?command=get_materiel&rest_code=00107&code=00101009113&supplier_code=00100006&order_time=2021-03-19 HTTP/1.1" 200 398
61.165.42.208 - - [19/Mar/2021:09:14:46 +0800] "GET /xingrg/kc/buy/cgsh_order_operate.html?command=get_materiel&rest_code=00105&code=00101008108&supplier_code=00100203&order_time=2021-03-19 HTTP/1.1" 200 412
61.165.42.208 - - [19/Mar/2021:09:14:48 +0800] "GET /xingrg/all/function/internal_message.html?_=1616116489155&CODE_STATE=getMsg HTTP/1.1" 200 27
101.228.165.174 - - [19/Mar/2021:09:14:49 +0800] "GET /xingrg/all/function/internal_message.html?_=1616116503903&CODE_STATE=getMsg HTTP/1.1" 200 27
114.83.222.187 - - [19/Mar/2021:09:14:55 +0800] "GET /xingrg/all/function/internal_message.html?_=1616116490330&CODE_STATE=getMsg HTTP/1.1" 200 27
61.165.42.208 - - [19/Mar/2021:09:14:56 +0800] "GET /xingrg/kc/buy/cgsh_order_operate.html?command=get_materiel&rest_code=00105&code=00101008103&supplier_code=00100203&order_time=2021-03-19 HTTP/1.1" 200 417
116.235.216.75 - - [19/Mar/2021:09:15:02 +0800] "GET /xingrg/kc/buy/cgsh_order_operate.html?command=get_materiel&rest_code=00107&code=00101009014&supplier_code=00100006&order_time=2021-03-19 HTTP/1.1" 200 414
61.165.42.208 - - [19/Mar/2021:09:15:02 +0800] "GET /xingrg/kc/buy/cgsh_order_operate.html?command=get_materiel&rest_code=00105&code=00101008274&supplier_code=00100203&order_time=2021-03-19 HTTP/1.1" 200 412
101.228.165.174 - - [19/Mar/2021:09:15:03 +0800] "GET /xingrg/all/function/internal_message.html?_=1616116506105&CODE_STATE=getMsg HTTP/1.1" 200 27
116.224.253.72 - - [19/Mar/2021:09:15:06 +0800] "GET /xingrg/all/function/internal_message.html?_=1616116458705&CODE_STATE=getMsg HTTP/1.1" 200 27
58.221.95.50 - - [19/Mar/2021:09:15:09 +0800] "GET /xingrg/all/function/internal_message.html?_=1616116507734&CODE_STATE=getMsg HTTP/1.1" 302 -
61.165.42.208 - - [19/Mar/2021:09:15:10 +0800] "GET /xingrg/kc/buy/cgsh_order_operate.html?command=get_materiel&rest_code=00105&code=00101008161&supplier_code=00100203&order_time=2021-03-19 HTTP/1.1" 200 409
116.235.216.75 - - [19/Mar/2021:09:15:13 +0800] "POST /xingrg/kc/buy/cgsh_order_operate.html HTTP/1.1" 200 37
116.235.216.75 - - [19/Mar/2021:09:15:15 +0800] "POST /xingrg/kc/buy/cgsh_order_operate.html HTTP/1.1" 200 32301
61.165.42.208 - - [19/Mar/2021:09:15:17 +0800] "GET /xingrg/kc/buy/cgsh_order_operate.html?command=get_materiel&rest_code=00105&code=00101008242&supplier_code=00100203&order_time=2021-03-19 HTTP/1.1" 200 408
58.37.192.63 - - [19/Mar/2021:09:15:20 +0800] "GET /xingrg/login.html HTTP/1.1" 200 7641
58.37.192.63 - - [19/Mar/2021:09:15:21 +0800] "GET /xingrg/images/blue/jxLogo.png HTTP/1.1" 200 6156
58.37.192.63 - - [19/Mar/2021:09:15:21 +0800] "GET /xingrg/images/blue/hj.png HTTP/1.1" 200 1014
58.37.192.63 - - [19/Mar/2021:09:15:21 +0800] "GET /xingrg/images/blue/login_bg.png HTTP/1.1" 200 22101
117.131.5.26 - - [19/Mar/2021:09:15:21 +0800] "GET /xingrg/images/blue/srbg.png HTTP/1.1" 200 138
58.37.192.63 - - [19/Mar/2021:09:15:21 +0800] "GET /favicon.ico HTTP/1.1" 404 -
61.165.42.208 - - [19/Mar/2021:09:15:24 +0800] "GET /xingrg/kc/buy/cgsh_order_operate.html?command=get_materiel&rest_code=00105&code=00101008350&supplier_code=00100203&order_time=2021-03-19 HTTP/1.1" 200 408
222.70.217.33 - - [19/Mar/2021:09:15:27 +0800] "GET /xingrg/all/function/internal_message.html?_=1616116522984&CODE_STATE=getMsg HTTP/1.1" 200 27
58.37.192.63 - - [19/Mar/2021:09:15:27 +0800] "POST /xingrg/login.do HTTP/1.1" 302 -
58.37.192.63 - - [19/Mar/2021:09:15:27 +0800] "GET /xingrg/javascript/jquery_easy_ui/themes/icon.css HTTP/1.1" 200 3949
58.37.192.63 - - [19/Mar/2021:09:15:27 +0800] "GET /xingrg/css/form.css HTTP/1.1" 200 893
117.131.5.26 - - [19/Mar/2021:09:15:27 +0800] "GET /xingrg/index.html?sysBaseUrl=http%3A%2F%2F180.169.147.146%3A18081%2Fxingrg%2F&costTime=44×tamp=1616116527944 HTTP/1.1" 200 17179
58.37.192.63 - - [19/Mar/2021:09:15:27 +0800] "GET /xingrg/javascript/jquery_easy_ui/themes/default/easyui.css HTTP/1.1" 200 26500
58.37.192.63 - - [19/Mar/2021:09:15:28 +0800] "GET /xingrg/javascript/jquery_easy_ui/easyui-lang-zh_CN.js HTTP/1.1" 200 1900
58.37.192.63 - - [19/Mar/2021:09:15:28 +0800] "GET /xingrg/javascript/jquery_easy_ui/jquery.easyui.min.js HTTP/1.1" 200 213662
117.131.5.26 - - [19/Mar/2021:09:15:28 +0800] "GET /xingrg/javascript/jquery.utils.js HTTP/1.1" 200 11805
58.37.192.63 - - [19/Mar/2021:09:15:28 +0800] "GET /xingrg/javascript/jquery.form.js HTTP/1.1" 200 23110
58.37.192.63 - - [19/Mar/2021:09:15:28 +0800] "GET /xingrg/javascript/jquery.timers.js HTTP/1.1" 200 3532
117.131.5.26 - - [19/Mar/2021:09:15:28 +0800] "GET /xingrg/javascript/jquery-1.4.2.min.js HTTP/1.1" 200 72205
58.37.192.63 - - [19/Mar/2021:09:15:28 +0800] "GET /xingrg/javascript/jquery_easy_ui/themes/icons/settle_new.png HTTP/1.1" 200 826
58.37.192.63 - - [19/Mar/2021:09:15:28 +0800] "GET /favicon.ico HTTP/1.1" 404 -
117.131.5.26 - - [19/Mar/2021:09:15:28 +0800] "GET /xingrg/images/blue/navBackgound.jpg HTTP/1.1" 200 12378
58.37.192.63 - - [19/Mar/2021:09:15:28 +0800] "POST /xingrg/all/common/load_tree.html?tree=area_rest_tree_json&manage=1 HTTP/1.1" 200 351
58.37.192.63 - - [19/Mar/2021:09:15:28 +0800] "GET /xingrg/all/function/internal_message.html?_=1616116596154&CODE_STATE=count HTTP/1.1" 200 11
58.37.192.63 - - [19/Mar/2021:09:15:28 +0800] "GET /xingrg/check_reg.html?_=1616116596155 HTTP/1.1" 200 22
58.37.192.63 - - [19/Mar/2021:09:15:28 +0800] "GET /xingrg/images/blue/pingpu.png HTTP/1.1" 200 231
117.131.5.26 - - [19/Mar/2021:09:15:28 +0800] "GET /xingrg/javascript/jquery_easy_ui/themes/default/images/tabs_leftarrow.png HTTP/1.1" 200 389
58.37.192.63 - - [19/Mar/2021:09:15:28 +0800] "GET /xingrg/javascript/jquery_easy_ui/themes/default/images/tabs_rightarrow.png HTTP/1.1" 200 395
58.37.192.63 - - [19/Mar/2021:09:15:28 +0800] "GET /xingrg/javascript/jquery_easy_ui/themes/default/images/panel_tool_collapse.gif HTTP/1.1" 200 246
117.131.5.26 - - [19/Mar/2021:09:15:28 +0800] "POST /xingrg/load_menu.html HTTP/1.1" 200 5138
58.37.192.63 - - [19/Mar/2021:09:15:28 +0800] "GET /xingrg/javascript/jquery_easy_ui/themes/default/images/tree_arrows.gif HTTP/1.1" 200 1043
58.37.192.63 - - [19/Mar/2021:09:15:28 +0800] "GET /xingrg/javascript/jquery_easy_ui/themes/default/images/tree_folder_open.gif HTTP/1.1" 200 956
58.37.192.63 - - [19/Mar/2021:09:15:28 +0800] "GET /xingrg/javascript/jquery_easy_ui/themes/icons/search_new.png HTTP/1.1" 200 586
117.131.5.26 - - [19/Mar/2021:09:15:28 +0800] "GET /xingrg/javascript/jquery_easy_ui/themes/default/images/tree_folder.gif HTTP/1.1" 200 952
58.37.192.63 - - [19/Mar/2021:09:15:28 +0800] "GET /xingrg/javascript/jquery_easy_ui/themes/icons/storage_new.png HTTP/1.1" 200 853
58.37.192.63 - - [19/Mar/2021:09:15:28 +0800] "GET /xingrg/javascript/jquery_easy_ui/themes/icons/forms_new.png HTTP/1.1" 200 350
117.131.5.26 - - [19/Mar/2021:09:15:28 +0800] "GET /xingrg/javascript/jquery_easy_ui/themes/default/images/tree_file.gif HTTP/1.1" 200 118
58.37.192.63 - - [19/Mar/2021:09:15:30 +0800] "GET /xingrg/javascript/jquery_easy_ui/themes/default/images/tabs_close.gif HTTP/1.1" 200 829
58.37.192.63 - - [19/Mar/2021:09:15:31 +0800] "GET /xingrg/css/base.css HTTP/1.1" 200 2811
117.131.5.26 - - [19/Mar/2021:09:15:31 +0800] "GET /xingrg/css/site.css HTTP/1.1" 200 7541
58.37.192.63 - - [19/Mar/2021:09:15:31 +0800] "GET /xingrg/javascript/jquery_tools/datebox.css HTTP/1.1" 200 2597
58.37.192.63 - - [19/Mar/2021:09:15:31 +0800] "GET /xingrg/javascript/easyui/themes/icon.css HTTP/1.1" 200 4483
58.37.192.63 - - [19/Mar/2021:09:15:31 +0800] "GET /xingrg/javascript/auto/jquery.autocomplete.css HTTP/1.1" 200 587
117.131.5.26 - - [19/Mar/2021:09:15:31 +0800] "GET /xingrg/javascript/jquery_tools/fix.css HTTP/1.1" 200 1702
58.37.192.63 - - [19/Mar/2021:09:15:31 +0800] "GET /xingrg/kc/buy/cgsh_order_list.html HTTP/1.1" 200 46372
58.37.192.63 - - [19/Mar/2021:09:15:31 +0800] "GET /xingrg/javascript/jquery_tools/jquery.tools.hotkey.js HTTP/1.1" 200 3242
58.37.192.63 - - [19/Mar/2021:09:15:31 +0800] "GET /xingrg/javascript/jquery_tools/list_manager.js HTTP/1.1" 200 3652
117.131.5.26 - - [19/Mar/2021:09:15:31 +0800] "GET /xingrg/javascript/jquery_tools/jquery.tools.table.js HTTP/1.1" 200 6994
58.37.192.63 - - [19/Mar/2021:09:15:31 +0800] "GET /xingrg/javascript/jquery_tools/jquery.tools.min.js HTTP/1.1" 200 138801
58.37.192.63 - - [19/Mar/2021:09:15:31 +0800] "GET /xingrg/javascript/easyui/easyloader.js HTTP/1.1" 200 5975
58.37.192.63 - - [19/Mar/2021:09:15:31 +0800] "GET /xingrg/javascript/jquery.cookie.js HTTP/1.1" 200 5513
58.37.192.63 - - [19/Mar/2021:09:15:31 +0800] "GET /xingrg/javascript/print/LodopFuncs.js HTTP/1.1" 200 5121
117.131.5.26 - - [19/Mar/2021:09:15:31 +0800] "GET /xingrg/javascript/easyui/themes/default/easyui.css HTTP/1.1" 200 30432
117.131.5.26 - - [19/Mar/2021:09:15:31 +0800] "GET /xingrg/javascript/jquery_tools/jquery.tools.extend.js HTTP/1.1" 200 15385
117.131.5.26 - - [19/Mar/2021:09:15:31 +0800] "GET /xingrg/javascript/auto/jquery.autocomplete.js HTTP/1.1" 200 21624
117.131.5.26 - - [19/Mar/2021:09:15:31 +0800] "GET /xingrg/javascript/jquery_tools/table.css HTTP/1.1" 200 1032
58.37.192.63 - - [19/Mar/2021:09:15:31 +0800] "GET /xingrg/javascript/easyui/themes/icons/edit_add_new.png HTTP/1.1" 200 2997
58.37.192.63 - - [19/Mar/2021:09:15:31 +0800] "GET /xingrg/javascript/easyui/themes/icons/field_new.png HTTP/1.1" 200 1097
58.37.192.63 - - [19/Mar/2021:09:15:31 +0800] "GET /xingrg/javascript/easyui/themes/icons/check_new.png HTTP/1.1" 200 3224
58.37.192.63 - - [19/Mar/2021:09:15:31 +0800] "GET /xingrg/javascript/easyui/themes/icons/import_new.png HTTP/1.1" 200 1247
117.131.5.26 - - [19/Mar/2021:09:15:31 +0800] "GET /xingrg/javascript/easyui/themes/icons/cance_new.png HTTP/1.1" 200 3986
117.131.5.26 - - [19/Mar/2021:09:15:31 +0800] "GET /xingrg/javascript/easyui/plugins/jquery.parser.js HTTP/1.1" 200 1142
117.131.5.26 - - [19/Mar/2021:09:15:31 +0800] "GET /xingrg/images/control/ajaxLoader.gif HTTP/1.1" 200 4659
180.169.147.146 - - [19/Mar/2021:09:15:31 +0800] "GET /xingrg/check_reg.html?_=1616116532009 HTTP/1.1" 200 22
180.169.147.146 - - [19/Mar/2021:09:15:31 +0800] "GET /xingrg/all/function/internal_message.html?_=1616116532014&CODE_STATE=getMsg HTTP/1.1" 200 27
120.253.135.82 - - [19/Mar/2021:09:15:32 +0800] "GET /xingrg/all/function/internal_message.html?_=1616116589574&CODE_STATE=getMsg HTTP/1.1" 200 27
117.131.5.26 - - [19/Mar/2021:09:15:32 +0800] "POST /xingrg/kc/buy/cgsh_list_operate.html HTTP/1.1" 200 876
116.235.216.75 - - [19/Mar/2021:09:15:33 +0800] "POST /xingrg/kc/buy/cgsh_order_operate.html HTTP/1.1" 200 37
116.235.216.75 - - [19/Mar/2021:09:15:35 +0800] "GET /xingrg/check_reg.html?_=1616116526003 HTTP/1.1" 200 22
116.235.216.75 - - [19/Mar/2021:09:15:35 +0800] "GET /xingrg/all/function/internal_message.html?_=1616116526001&CODE_STATE=getMsg HTTP/1.1" 200 27
116.235.216.75 - - [19/Mar/2021:09:15:35 +0800] "POST /xingrg/kc/buy/cgsh_order_operate.html HTTP/1.1" 200 32301
116.235.216.75 - - [19/Mar/2021:09:15:36 +0800] "GET /xingrg/kc/print/load_config.html?kc_code=cgsh HTTP/1.1" 200 1845
116.235.216.75 - - [19/Mar/2021:09:15:37 +0800] "GET /xingrg/kc/print/load_data.html?order_code=212021031908095&kc_code=cgsh&condition= HTTP/1.1" 200 11939
114.88.166.193 - - [19/Mar/2021:09:15:39 +0800] "GET /xingrg/kc/buy/cgsh_order_operate.html?command=get_materiel&rest_code=00111&code=00101007061&supplier_code=00100004&order_time=2021-03-19 HTTP/1.1" 200 409
114.88.166.193 - - [19/Mar/2021:09:15:39 +0800] "GET /xingrg/all/function/internal_message.html?_=1616116535866&CODE_STATE=getMsg HTTP/1.1" 200 27
116.224.253.72 - - [19/Mar/2021:09:15:41 +0800] "GET /xingrg/all/function/internal_message.html?_=1616116539204&CODE_STATE=getMsg HTTP/1.1" 200 27
58.37.230.33 - - [19/Mar/2021:09:15:42 +0800] "GET /xingrg/all/function/internal_message.html?_=1616116562044&CODE_STATE=getMsg HTTP/1.1" 200 27
58.37.192.63 - - [19/Mar/2021:09:15:43 +0800] "GET /xingrg/javascript/jquery_tools/images/prev.gif HTTP/1.1" 404 1086
117.131.5.26 - - [19/Mar/2021:09:15:43 +0800] "GET /xingrg/javascript/jquery_tools/images/next.gif HTTP/1.1" 404 1086
61.165.42.208 - - [19/Mar/2021:09:15:48 +0800] "GET /xingrg/all/function/internal_message.html?_=1616116549063&CODE_STATE=getMsg HTTP/1.1" 200 27
101.228.165.174 - - [19/Mar/2021:09:15:49 +0800] "GET /xingrg/all/function/internal_message.html?_=1616116563943&CODE_STATE=getMsg HTTP/1.1" 200 27
58.37.192.63 - - [19/Mar/2021:09:15:50 +0800] "GET /xingrg/javascript/easyui/plugins/jquery.draggable.js HTTP/1.1" 200 6121
117.131.5.26 - - [19/Mar/2021:09:15:50 +0800] "GET /xingrg/css/images/panel_loading.gif HTTP/1.1" 200 1737
58.37.192.63 - - [19/Mar/2021:09:15:50 +0800] "GET /xingrg/javascript/easyui/plugins/jquery.droppable.js HTTP/1.1" 200 1167
58.37.192.63 - - [19/Mar/2021:09:15:50 +0800] "GET /xingrg/javascript/easyui/themes/default/tree.css HTTP/1.1" 404 1090
58.37.192.63 - - [19/Mar/2021:09:15:50 +0800] "GET /xingrg/javascript/easyui/plugins/jquery.tree.js HTTP/1.1" 200 20874
117.131.5.26 - - [19/Mar/2021:09:15:51 +0800] "POST /xingrg/all/common/load_tree.html?tree=supplier_tree_json&manage=1 HTTP/1.1" 200 55684
117.131.5.26 - - [19/Mar/2021:09:15:52 +0800] "GET /xingrg/javascript/easyui/themes/default/images/tree_arrows.gif HTTP/1.1" 200 617
117.131.5.26 - - [19/Mar/2021:09:15:52 +0800] "GET /xingrg/javascript/easyui/themes/default/images/tree_folder.gif HTTP/1.1" 200 952
58.37.192.63 - - [19/Mar/2021:09:15:52 +0800] "GET /xingrg/javascript/easyui/themes/default/images/tree_folder_open.gif HTTP/1.1" 200 956
58.37.192.63 - - [19/Mar/2021:09:15:52 +0800] "GET /xingrg/javascript/easyui/themes/default/images/tree_file.gif HTTP/1.1" 200 118
117.131.5.26 - - [19/Mar/2021:09:15:52 +0800] "GET /xingrg/javascript/easyui/themes/default/images/tree_checkbox_0.gif HTTP/1.1" 200 168
114.88.166.193 - - [19/Mar/2021:09:15:54 +0800] "GET /xingrg/kc/buy/cgsh_order_operate.html?command=get_materiel&rest_code=00111&code=00101007085&supplier_code=00100004&order_time=2021-03-19 HTTP/1.1" 200 413
114.83.222.187 - - [19/Mar/2021:09:15:55 +0800] "GET /xingrg/all/function/internal_message.html?_=1616116550315&CODE_STATE=getMsg HTTP/1.1" 200 27
114.83.222.187 - - [19/Mar/2021:09:15:55 +0800] "GET /xingrg/check_reg.html?_=1616116550368 HTTP/1.1" 200 22
61.165.42.208 - - [19/Mar/2021:09:15:58 +0800] "POST /xingrg/kc/buy/cgsh_order_operate.html HTTP/1.1" 200 2065
61.165.42.208 - - [19/Mar/2021:09:16:00 +0800] "POST /xingrg/kc/buy/cgsh_order_operate.html HTTP/1.1" 200 2065
101.228.165.174 - - [19/Mar/2021:09:16:03 +0800] "GET /xingrg/all/function/internal_message.html?_=1616116566107&CODE_STATE=getMsg HTTP/1.1" 200 27
116.224.253.72 - - [19/Mar/2021:09:16:06 +0800] "GET /xingrg/all/function/internal_message.html?_=1616116518708&CODE_STATE=getMsg HTTP/1.1" 200 27
114.88.166.193 - - [19/Mar/2021:09:16:06 +0800] "GET /xingrg/kc/buy/cgsh_order_operate.html?command=get_materiel&rest_code=00111&code=00101008201&supplier_code=00100004&order_time=2021-03-19 HTTP/1.1" 200 412
61.165.42.208 - - [19/Mar/2021:09:16:08 +0800] "GET /xingrg/kc/buy/cgsh_order_operate.html?command=get_materiel&rest_code=00105&code=00101008112&supplier_code=00100203&order_time=2021-03-19 HTTP/1.1" 200 412
58.221.95.50 - - [19/Mar/2021:09:16:09 +0800] "GET /xingrg/all/function/internal_message.html?_=1616116567705&CODE_STATE=getMsg HTTP/1.1" 302 -
58.221.95.50 - - [19/Mar/2021:09:16:10 +0800] "GET /xingrg/check_reg.html?_=1616116568647 HTTP/1.1" 302 -
180.169.147.146 - - [19/Mar/2021:09:16:18 +0800] "GET /xingrg/index.html?sysBaseUrl=http%3A%2F%2F180.169.147.146%3A18081%2Fxingrg%2F&costTime=185×tamp=1615458382968 HTTP/1.1" 302 -
180.169.147.146 - - [19/Mar/2021:09:16:18 +0800] "GET /xingrg/login.html HTTP/1.1" 200 7641
180.169.147.146 - - [19/Mar/2021:09:16:18 +0800] "GET /xingrg/images/blue/login_bg.png HTTP/1.1" 304 -
180.169.147.146 - - [19/Mar/2021:09:16:18 +0800] "GET /xingrg/images/blue/srbg.png HTTP/1.1" 304 -
180.169.147.146 - - [19/Mar/2021:09:16:18 +0800] "GET /xingrg/images/blue/hj.png HTTP/1.1" 304 -
180.169.147.146 - - [19/Mar/2021:09:16:18 +0800] "GET /favicon.ico HTTP/1.1" 404 -
116.235.216.75 - - [19/Mar/2021:09:16:20 +0800] "GET /xingrg/kc/buy/cgsh_order_add.html HTTP/1.1" 200 62192
180.169.147.146 - - [19/Mar/2021:09:16:20 +0800] "POST /xingrg/login.do HTTP/1.1" 302 -
180.169.147.146 - - [19/Mar/2021:09:16:20 +0800] "GET /xingrg/index.html?sysBaseUrl=http%3A%2F%2F180.169.147.146%3A18081%2Fxingrg%2F&costTime=42×tamp=1616116580829 HTTP/1.1" 200 17179
180.169.147.146 - - [19/Mar/2021:09:16:20 +0800] "POST /xingrg/all/common/load_tree.html?tree=area_rest_tree_json&manage=1 HTTP/1.1" 200 351
180.169.147.146 - - [19/Mar/2021:09:16:21 +0800] "GET /xingrg/all/function/internal_message.html?_=1616116573654&CODE_STATE=count HTTP/1.1" 200 11
180.169.147.146 - - [19/Mar/2021:09:16:21 +0800] "GET /xingrg/check_reg.html?_=1616116573655 HTTP/1.1" 200 22
180.169.147.146 - - [19/Mar/2021:09:16:21 +0800] "GET /favicon.ico HTTP/1.1" 404 -
180.169.147.146 - - [19/Mar/2021:09:16:21 +0800] "POST /xingrg/load_menu.html HTTP/1.1" 200 5138
116.235.216.75 - - [19/Mar/2021:09:16:21 +0800] "GET /xingrg/javascript/easyui/themes/default/validatebox.css HTTP/1.1" 404 1104
116.235.216.75 - - [19/Mar/2021:09:16:21 +0800] "POST /xingrg/kc/buy/cgsh_order_operate.html HTTP/1.1" 200 8245
180.169.147.146 - - [19/Mar/2021:09:16:22 +0800] "GET /xingrg/kc/buy/buy_main.html HTTP/1.1" 200 12412
180.169.147.146 - - [19/Mar/2021:09:16:22 +0800] "GET /xingrg/css/blue.css HTTP/1.1" 304 -
180.169.147.146 - - [19/Mar/2021:09:16:22 +0800] "GET /xingrg/javascript/jquery_easy_ui/themes/default/images/tabs_close.gif HTTP/1.1" 304 -
180.169.147.146 - - [19/Mar/2021:09:16:22 +0800] "GET /xingrg/css/new_ie.css HTTP/1.1" 404 1036
180.169.147.146 - - [19/Mar/2021:09:16:22 +0800] "GET /xingrg/javascript/ToolTips.js HTTP/1.1" 304 -
180.169.147.146 - - [19/Mar/2021:09:16:22 +0800] "GET /xingrg/javascript/myfunction.js HTTP/1.1" 304 -
180.169.147.146 - - [19/Mar/2021:09:16:22 +0800] "GET /xingrg/images/blue/button/cgxqd.gif HTTP/1.1" 304 -
180.169.147.146 - - [19/Mar/2021:09:16:22 +0800] "GET /xingrg/images/blue/button/cgydd.gif HTTP/1.1" 304 -
180.169.147.146 - - [19/Mar/2021:09:16:22 +0800] "GET /xingrg/javascript/jquery_ui/jquery-ui.min.js HTTP/1.1" 304 -
180.169.147.146 - - [19/Mar/2021:09:16:22 +0800] "GET /xingrg/images/blue/button/cgfkd.gif HTTP/1.1" 304 -
180.169.147.146 - - [19/Mar/2021:09:16:22 +0800] "GET /xingrg/images/blue/button/kc.gif HTTP/1.1" 304 -
180.169.147.146 - - [19/Mar/2021:09:16:22 +0800] "GET /xingrg/images/blue/pic_form2.gif HTTP/1.1" 304 -
180.169.147.146 - - [19/Mar/2021:09:16:22 +0800] "GET /xingrg/images/blue/button/ckthd.gif HTTP/1.1" 304 -
180.169.147.146 - - [19/Mar/2021:09:16:22 +0800] "GET /xingrg/images/blue/button/cgshd.gif HTTP/1.1" 304 -
180.169.147.146 - - [19/Mar/2021:09:16:22 +0800] "GET /xingrg/javascript/jquery_ui/themes/humanity/humanity.css HTTP/1.1" 304 -
180.169.147.146 - - [19/Mar/2021:09:16:23 +0800] "GET /xingrg/images/blue/bg_dotted.jpg HTTP/1.1" 304 -
180.169.147.146 - - [19/Mar/2021:09:16:23 +0800] "GET /xingrg/javascript/jquery_ui/themes/humanity/images/ui-bg_inset-soft_100_f4f0ec_1x100.png HTTP/1.1" 304 -
