116.224.253.72 - - [19/Mar/2021:11:09:16 +0800] "POST /xingrg/kc/base/yddb_list_operate.html HTTP/1.1" 200 636
117.185.32.26 - - [19/Mar/2021:11:09:17 +0800] "GET /xingrg/kc/buy/cgsh_order_add.html HTTP/1.1" 200 62104
117.185.32.26 - - [19/Mar/2021:11:09:17 +0800] "POST /xingrg/kc/buy/cgsh_order_operate.html HTTP/1.1" 200 8245
117.185.32.26 - - [19/Mar/2021:11:09:17 +0800] "GET /xingrg/javascript/easyui/themes/default/validatebox.css HTTP/1.1" 404 1104
116.224.253.72 - - [19/Mar/2021:11:09:17 +0800] "POST /xingrg/kc/base/yddb_list_operate.html HTTP/1.1" 200 636
117.185.32.26 - - [19/Mar/2021:11:09:18 +0800] "GET /xingrg/javascript/easyui/themes/default/tree.css HTTP/1.1" 404 1090
117.185.32.26 - - [19/Mar/2021:11:09:18 +0800] "POST /xingrg/all/common/load_tree.html?tree=supplier_tree_json&isDelete=1 HTTP/1.1" 200 54827
116.235.216.75 - - [19/Mar/2021:11:09:18 +0800] "GET /xingrg/kc/base/wldb_order_operate.html?command=get_materiel&rest_code=00107&base_code=0010151&code=00101019133 HTTP/1.1" 200 466
114.88.166.193 - - [19/Mar/2021:11:09:21 +0800] "GET /xingrg/check_reg.html?_=1616123356979 HTTP/1.1" 200 22
117.185.32.26 - - [19/Mar/2021:11:09:23 +0800] "GET /xingrg/all/function/internal_message.html?_=1616123376702&CODE_STATE=getMsg HTTP/1.1" 200 27
114.88.166.193 - - [19/Mar/2021:11:09:23 +0800] "GET /xingrg/kc/buy/cgsh_order_add.html HTTP/1.1" 200 62104
180.161.117.173 - - [19/Mar/2021:11:09:24 +0800] "GET /xingrg/all/function/internal_message.html?_=1616123363317&CODE_STATE=getMsg HTTP/1.1" 200 27
222.70.217.33 - - [19/Mar/2021:11:09:24 +0800] "GET /xingrg/all/function/internal_message.html?_=1616123361985&CODE_STATE=getMsg HTTP/1.1" 200 27
61.165.42.208 - - [19/Mar/2021:11:09:25 +0800] "GET /xingrg/kc/buy/cgsh_order_operate.html?command=get_materiel&rest_code=00105&code=00101005022&supplier_code=00100347&order_time=2021-03-19 HTTP/1.1" 200 417
114.88.166.193 - - [19/Mar/2021:11:09:25 +0800] "POST /xingrg/kc/buy/cgsh_order_operate.html HTTP/1.1" 200 8245
114.88.166.193 - - [19/Mar/2021:11:09:26 +0800] "GET /xingrg/javascript/easyui/themes/default/validatebox.css HTTP/1.1" 404 1104
116.235.216.75 - - [19/Mar/2021:11:09:27 +0800] "GET /xingrg/kc/base/wldb_order_operate.html?command=get_materiel&rest_code=00107&base_code=0010151&code=00101019530 HTTP/1.1" 200 480
61.151.207.158 - - [19/Mar/2021:11:09:29 +0800] "GET /xingrg/kc/buy/cgsh_order_operate.html?command=get_materiel&rest_code=00141&code=00101013165&supplier_code=00100319&order_time=2021-03-19 HTTP/1.1" 302 -
116.224.253.72 - - [19/Mar/2021:11:09:29 +0800] "POST /xingrg/kc/base/yddb_list_operate.html HTTP/1.1" 200 636
180.169.147.146 - - [19/Mar/2021:11:09:32 +0800] "GET /xingrg/all/function/internal_message.html?_=1616123372184&CODE_STATE=getMsg HTTP/1.1" 200 27
61.151.207.158 - - [19/Mar/2021:11:09:32 +0800] "GET /xingrg/login.html HTTP/1.1" 200 7641
117.185.32.26 - - [19/Mar/2021:11:09:33 +0800] "GET /xingrg/check_reg.html?_=1616123879124 HTTP/1.1" 200 22
117.185.32.26 - - [19/Mar/2021:11:09:33 +0800] "GET /xingrg/all/function/internal_message.html?_=1616123879174&CODE_STATE=getMsg HTTP/1.1" 200 27
116.224.253.72 - - [19/Mar/2021:11:09:34 +0800] "POST /xingrg/kc/base/yddb_list_operate.html HTTP/1.1" 200 636
120.253.135.82 - - [19/Mar/2021:11:09:34 +0800] "GET /xingrg/all/function/internal_message.html?_=1616123431638&CODE_STATE=getMsg HTTP/1.1" 200 27
116.224.253.72 - - [19/Mar/2021:11:09:35 +0800] "POST /xingrg/kc/buy/cgsh_list_operate.html HTTP/1.1" 200 876
117.185.32.26 - - [19/Mar/2021:11:09:37 +0800] "GET /xingrg/kc/buy/cgsh_order_operate.html?command=get_materiel&rest_code=00106&code=00101001145&supplier_code=00100314&order_time=2021-03-19 HTTP/1.1" 200 415
116.224.253.72 - - [19/Mar/2021:11:09:37 +0800] "GET /xingrg/kc/base/yddb_order_add.html HTTP/1.1" 200 29745
116.224.253.72 - - [19/Mar/2021:11:09:37 +0800] "GET /xingrg/dwr/interface/AjaxYddbService.js HTTP/1.1" 200 13201
116.224.253.72 - - [19/Mar/2021:11:09:37 +0800] "GET /xingrg/dwr/interface/AjaxComOrderService.js HTTP/1.1" 200 18264
116.224.253.72 - - [19/Mar/2021:11:09:37 +0800] "GET /xingrg/dwr/engine.js HTTP/1.1" 200 43631
114.88.166.193 - - [19/Mar/2021:11:09:37 +0800] "GET /xingrg/kc/buy/cgsh_order_operate.html?command=get_materiel&rest_code=00111&code=00101006001&supplier_code=00100404&order_time=2021-03-19 HTTP/1.1" 200 428
61.165.42.208 - - [19/Mar/2021:11:09:38 +0800] "GET /xingrg/all/function/internal_message.html?_=1616123360217&CODE_STATE=getMsg HTTP/1.1" 200 27
120.204.17.70 - - [19/Mar/2021:11:09:39 +0800] "GET /xingrg/all/function/internal_message.html?_=1616123016846&CODE_STATE=getMsg HTTP/1.1" 302 -
116.232.54.212 - - [19/Mar/2021:11:09:40 +0800] "GET /xingrg/all/function/internal_message.html?_=1616123377835&CODE_STATE=getMsg HTTP/1.1" 200 27
101.89.239.230 - - [19/Mar/2021:11:09:40 +0800] "GET /xingrg/kc/buy/cgsh_order_operate.html?command=get_materiel&rest_code=00141&code=00101001138&supplier_code=00100312&order_time=2021-03-19 HTTP/1.1" 302 -
58.37.230.33 - - [19/Mar/2021:11:09:41 +0800] "GET /xingrg/all/function/internal_message.html?_=1616123402034&CODE_STATE=getMsg HTTP/1.1" 200 27
116.224.253.72 - - [19/Mar/2021:11:09:42 +0800] "POST /xingrg/kc/buy/cgsh_list_operate.html HTTP/1.1" 200 876
116.224.253.72 - - [19/Mar/2021:11:09:43 +0800] "GET /xingrg/kc/buy/cgsh_order_add.html HTTP/1.1" 200 62028
116.224.253.72 - - [19/Mar/2021:11:09:43 +0800] "POST /xingrg/kc/buy/cgsh_order_operate.html HTTP/1.1" 200 8245
116.224.253.72 - - [19/Mar/2021:11:09:43 +0800] "GET /xingrg/javascript/easyui/themes/default/validatebox.css HTTP/1.1" 404 1104
101.89.239.230 - - [19/Mar/2021:11:09:45 +0800] "GET /xingrg/login.html HTTP/1.1" 200 7641
120.204.17.70 - - [19/Mar/2021:11:09:45 +0800] "GET /xingrg/login.html HTTP/1.1" 200 7641
116.232.54.212 - - [19/Mar/2021:11:09:46 +0800] "GET /xingrg/kc/buy/cgsh_order_add.html HTTP/1.1" 200 62145
116.232.54.212 - - [19/Mar/2021:11:09:46 +0800] "POST /xingrg/kc/buy/cgsh_order_operate.html HTTP/1.1" 200 8245
116.232.54.212 - - [19/Mar/2021:11:09:46 +0800] "GET /xingrg/all/common/auto_word.html?type=employee&rest_code=00109 HTTP/1.1" 200 205
116.232.54.212 - - [19/Mar/2021:11:09:46 +0800] "GET /xingrg/javascript/easyui/themes/default/validatebox.css HTTP/1.1" 404 1104
116.232.54.212 - - [19/Mar/2021:11:09:46 +0800] "GET /xingrg/all/common/auto_word.html?type=employee&rest_code=00109 HTTP/1.1" 200 205
116.232.54.212 - - [19/Mar/2021:11:09:49 +0800] "GET /xingrg/javascript/jquery_tools/images/next.gif HTTP/1.1" 404 1086
116.232.54.212 - - [19/Mar/2021:11:09:49 +0800] "GET /xingrg/javascript/jquery_tools/images/prev.gif HTTP/1.1" 404 1086
101.228.165.174 - - [19/Mar/2021:11:09:50 +0800] "GET /xingrg/all/function/internal_message.html?_=1616123405887&CODE_STATE=getMsg HTTP/1.1" 200 27
101.93.222.235 - - [19/Mar/2021:11:09:51 +0800] "POST /xingrg/services/DataTransmitService HTTP/1.1" 200 524
116.224.253.72 - - [19/Mar/2021:11:09:53 +0800] "GET /xingrg/all/function/internal_message.html?_=1616123391016&CODE_STATE=getMsg HTTP/1.1" 200 27
114.83.222.187 - - [19/Mar/2021:11:09:55 +0800] "GET /xingrg/all/function/internal_message.html?_=1616123390458&CODE_STATE=getMsg HTTP/1.1" 200 27
116.224.253.72 - - [19/Mar/2021:11:09:56 +0800] "GET /xingrg/all/function/internal_message.html?_=1616123349172&CODE_STATE=getMsg HTTP/1.1" 200 27
101.93.222.235 - - [19/Mar/2021:11:09:56 +0800] "POST /xingrg/services/DataTransmitService HTTP/1.1" 200 501
114.88.166.193 - - [19/Mar/2021:11:09:58 +0800] "GET /xingrg/all/function/internal_message.html?_=1616123394154&CODE_STATE=getMsg HTTP/1.1" 200 27
116.232.54.212 - - [19/Mar/2021:11:10:00 +0800] "GET /xingrg/kc/buy/cgsh_order_operate.html?command=get_materiel&rest_code=00109&code=00101011003&supplier_code=00100046&order_time=2021-03-19 HTTP/1.1" 200 412
101.85.52.2 - - [19/Mar/2021:11:10:00 +0800] "GET /xingrg/all/function/internal_message.html?_=1616123391473&CODE_STATE=getMsg HTTP/1.1" 200 27
101.228.165.174 - - [19/Mar/2021:11:10:04 +0800] "GET /xingrg/all/function/internal_message.html?_=1616123406212&CODE_STATE=getMsg HTTP/1.1" 200 27
117.185.32.26 - - [19/Mar/2021:11:10:05 +0800] "POST /xingrg/kc/buy/cgsh_order_operate.html HTTP/1.1" 200 37
61.165.42.208 - - [19/Mar/2021:11:10:05 +0800] "POST /xingrg/kc/buy/cgsh_order_operate.html HTTP/1.1" 200 88
116.235.216.75 - - [19/Mar/2021:11:10:06 +0800] "GET /xingrg/all/function/internal_message.html?_=1616123397397&CODE_STATE=getMsg HTTP/1.1" 200 27
180.162.112.81 - - [19/Mar/2021:11:10:06 +0800] "GET /xingrg/all/function/internal_message.html?_=1616123198945&CODE_STATE=getMsg HTTP/1.1" 200 27
117.131.5.26 - - [19/Mar/2021:11:10:07 +0800] "GET /xingrg/all/function/internal_message.html?_=1616123475172&CODE_STATE=getMsg HTTP/1.1" 200 27
61.165.42.208 - - [19/Mar/2021:11:10:10 +0800] "POST /xingrg/kc/buy/cgsh_order_operate.html HTTP/1.1" 200 37
117.185.32.26 - - [19/Mar/2021:11:10:11 +0800] "POST /xingrg/kc/buy/cgsh_order_operate.html HTTP/1.1" 200 12
117.185.32.26 - - [19/Mar/2021:11:10:11 +0800] "GET /xingrg/kc/buy/cgsh_order_info.html?code=212021031908213 HTTP/1.1" 200 57008
117.185.32.26 - - [19/Mar/2021:11:10:12 +0800] "GET /xingrg/javascript/easyui/themes/default/validatebox.css HTTP/1.1" 404 1104
180.169.147.146 - - [19/Mar/2021:11:10:12 +0800] "GET /xingrg/all/function/internal_message.html?_=1616123405276&CODE_STATE=getMsg HTTP/1.1" 200 27
117.185.32.26 - - [19/Mar/2021:11:10:13 +0800] "POST /xingrg/kc/buy/cgsh_order_operate.html HTTP/1.1" 200 612
61.165.42.208 - - [19/Mar/2021:11:10:14 +0800] "GET /xingrg/kc/base/base_main.html HTTP/1.1" 200 12142
117.185.32.26 - - [19/Mar/2021:11:10:15 +0800] "GET /xingrg/kc/print/load_data.html?order_code=212021031908213&kc_code=cgsh&condition= HTTP/1.1" 200 702
61.165.42.208 - - [19/Mar/2021:11:10:15 +0800] "GET /xingrg/kc/base/wldb_order_list.html HTTP/1.1" 200 19339
61.165.42.208 - - [19/Mar/2021:11:10:16 +0800] "POST /xingrg/kc/base/wldb_list_operate.html HTTP/1.1" 200 928
114.88.166.193 - - [19/Mar/2021:11:10:17 +0800] "POST /xingrg/kc/buy/cgsh_order_operate.html HTTP/1.1" 200 37
61.165.42.208 - - [19/Mar/2021:11:10:18 +0800] "GET /xingrg/kc/base/wldb_order_add.html HTTP/1.1" 200 30502
61.165.42.208 - - [19/Mar/2021:11:10:18 +0800] "POST /xingrg/kc/base/wldb_order_operate.html HTTP/1.1" 200 6806
61.165.42.208 - - [19/Mar/2021:11:10:18 +0800] "GET /xingrg/all/common/auto_word.html?type=base&rest_code=00105 HTTP/1.1" 200 1811
61.165.42.208 - - [19/Mar/2021:11:10:18 +0800] "GET /xingrg/all/common/auto_word.html?type=base&rest_code=00105 HTTP/1.1" 200 1811
61.165.42.208 - - [19/Mar/2021:11:10:19 +0800] "GET /xingrg/javascript/easyui/themes/default/validatebox.css HTTP/1.1" 404 1104
114.88.166.193 - - [19/Mar/2021:11:10:19 +0800] "POST /xingrg/kc/buy/cgsh_order_operate.html HTTP/1.1" 200 2675
116.235.216.75 - - [19/Mar/2021:11:10:19 +0800] "GET /xingrg/kc/base/wldb_order_operate.html?command=get_materiel&rest_code=00107&base_code=0010151&code=00101016094 HTTP/1.1" 200 469
114.88.166.193 - - [19/Mar/2021:11:10:20 +0800] "GET /xingrg/kc/print/load_data.html?order_code=212021031908216&kc_code=cgsh&condition= HTTP/1.1" 200 703
61.165.42.208 - - [19/Mar/2021:11:10:20 +0800] "POST /xingrg/all/common/load_combo.html?type=base HTTP/1.1" 200 3236
61.165.42.208 - - [19/Mar/2021:11:10:21 +0800] "POST /xingrg/kc/buy/cgsh_order_operate.html HTTP/1.1" 200 4436
61.165.42.208 - - [19/Mar/2021:11:10:23 +0800] "GET /xingrg/kc/print/load_data.html?order_code=212021031908215&kc_code=cgsh&condition= HTTP/1.1" 200 1334
117.185.32.26 - - [19/Mar/2021:11:10:23 +0800] "GET /xingrg/all/function/internal_message.html?_=1616123436682&CODE_STATE=getMsg HTTP/1.1" 200 27
180.161.117.173 - - [19/Mar/2021:11:10:24 +0800] "GET /xingrg/all/function/internal_message.html?_=1616123423334&CODE_STATE=getMsg HTTP/1.1" 200 27
222.70.217.33 - - [19/Mar/2021:11:10:24 +0800] "GET /xingrg/all/function/internal_message.html?_=1616123421971&CODE_STATE=getMsg HTTP/1.1" 200 27
61.165.42.208 - - [19/Mar/2021:11:10:24 +0800] "POST /xingrg/all/common/load_combo.html?type=base HTTP/1.1" 200 3236
116.232.54.212 - - [19/Mar/2021:11:10:25 +0800] "GET /xingrg/kc/buy/cgsh_order_operate.html?command=get_materiel&rest_code=00109&code=00101011001&supplier_code=00100046&order_time=2021-03-19 HTTP/1.1" 200 423
101.91.62.65 - - [19/Mar/2021:11:10:29 +0800] "GET /xingrg/kc/buy/cgsh_order_operate.html?command=get_materiel&rest_code=00141&code=00101001016&supplier_code=00100312&order_time=2021-03-19 HTTP/1.1" 302 -
116.232.54.212 - - [19/Mar/2021:11:10:31 +0800] "POST /xingrg/kc/buy/cgsh_order_operate.html HTTP/1.1" 200 37
180.169.147.146 - - [19/Mar/2021:11:10:32 +0800] "GET /xingrg/check_reg.html?_=1616123432185 HTTP/1.1" 200 22
180.169.147.146 - - [19/Mar/2021:11:10:32 +0800] "GET /xingrg/all/function/internal_message.html?_=1616123432188&CODE_STATE=getMsg HTTP/1.1" 200 27
114.88.166.193 - - [19/Mar/2021:11:10:33 +0800] "GET /xingrg/kc/buy/cgsh_order_add.html HTTP/1.1" 200 62104
117.185.32.26 - - [19/Mar/2021:11:10:33 +0800] "GET /xingrg/all/function/internal_message.html?_=1616123939148&CODE_STATE=getMsg HTTP/1.1" 200 27
117.185.32.26 - - [19/Mar/2021:11:10:34 +0800] "GET /xingrg/kc/buy/cgsh_order_add.html HTTP/1.1" 200 62104
117.185.32.26 - - [19/Mar/2021:11:10:34 +0800] "GET /xingrg/javascript/easyui/themes/default/validatebox.css HTTP/1.1" 404 1104
117.185.32.26 - - [19/Mar/2021:11:10:34 +0800] "POST /xingrg/kc/buy/cgsh_order_operate.html HTTP/1.1" 200 8245
120.253.135.82 - - [19/Mar/2021:11:10:34 +0800] "GET /xingrg/all/function/internal_message.html?_=1616123491651&CODE_STATE=getMsg HTTP/1.1" 200 27
114.88.166.193 - - [19/Mar/2021:11:10:34 +0800] "POST /xingrg/kc/buy/cgsh_order_operate.html HTTP/1.1" 200 8245
114.88.166.193 - - [19/Mar/2021:11:10:35 +0800] "GET /xingrg/javascript/easyui/themes/default/validatebox.css HTTP/1.1" 404 1104
116.232.54.212 - - [19/Mar/2021:11:10:35 +0800] "POST /xingrg/kc/buy/cgsh_order_operate.html HTTP/1.1" 200 3257
116.235.216.75 - - [19/Mar/2021:11:10:35 +0800] "GET /xingrg/kc/base/wldb_order_operate.html?command=get_materiel&rest_code=00107&base_code=0010151&code=00101016044 HTTP/1.1" 200 465
116.232.54.212 - - [19/Mar/2021:11:10:37 +0800] "GET /xingrg/kc/print/load_config.html?kc_code=cgsh HTTP/1.1" 200 1845
116.232.54.212 - - [19/Mar/2021:11:10:37 +0800] "GET /xingrg/kc/print/load_data.html?order_code=212021031908217&kc_code=cgsh&condition= HTTP/1.1" 200 904
61.165.42.208 - - [19/Mar/2021:11:10:38 +0800] "GET /xingrg/all/function/internal_message.html?_=1616123420223&CODE_STATE=getMsg HTTP/1.1" 200 27
101.91.62.65 - - [19/Mar/2021:11:10:39 +0800] "GET /xingrg/login.html HTTP/1.1" 200 7641
61.165.42.208 - - [19/Mar/2021:11:10:40 +0800] "GET /xingrg/javascript/auto/indicator.gif HTTP/1.1" 404 1066
116.232.54.212 - - [19/Mar/2021:11:10:40 +0800] "GET /xingrg/all/function/internal_message.html?_=1616123437836&CODE_STATE=getMsg HTTP/1.1" 200 27
117.185.32.26 - - [19/Mar/2021:11:10:40 +0800] "GET /xingrg/javascript/easyui/themes/default/tree.css HTTP/1.1" 404 1090
117.185.32.26 - - [19/Mar/2021:11:10:40 +0800] "POST /xingrg/all/common/load_tree.html?tree=supplier_tree_json&isDelete=1 HTTP/1.1" 200 54827
58.37.230.33 - - [19/Mar/2021:11:10:41 +0800] "GET /xingrg/all/function/internal_message.html?_=1616123462033&CODE_STATE=getMsg HTTP/1.1" 200 27
114.88.166.193 - - [19/Mar/2021:11:10:43 +0800] "GET /xingrg/kc/buy/cgsh_order_operate.html?command=get_materiel&rest_code=00111&code=00101003035&supplier_code=00100092&order_time=2021-03-19 HTTP/1.1" 200 411
116.235.216.75 - - [19/Mar/2021:11:10:45 +0800] "GET /xingrg/kc/base/wldb_order_operate.html?command=get_materiel&rest_code=00107&base_code=0010151&code=00101013011 HTTP/1.1" 200 450
61.165.42.208 - - [19/Mar/2021:11:10:48 +0800] "GET /xingrg/all/function/internal_message.html?_=1616123449216&CODE_STATE=getMsg HTTP/1.1" 200 27
101.228.165.174 - - [19/Mar/2021:11:10:50 +0800] "GET /xingrg/all/function/internal_message.html?_=1616123465983&CODE_STATE=getMsg HTTP/1.1" 200 27
116.224.253.72 - - [19/Mar/2021:11:10:53 +0800] "GET /xingrg/all/function/internal_message.html?_=1616123451021&CODE_STATE=getMsg HTTP/1.1" 200 27
114.83.222.187 - - [19/Mar/2021:11:10:55 +0800] "GET /xingrg/all/function/internal_message.html?_=1616123450459&CODE_STATE=getMsg HTTP/1.1" 200 27
114.83.222.187 - - [19/Mar/2021:11:10:55 +0800] "GET /xingrg/check_reg.html?_=1616123450462 HTTP/1.1" 200 22
116.224.253.72 - - [19/Mar/2021:11:10:56 +0800] "GET /xingrg/all/function/internal_message.html?_=1616123409178&CODE_STATE=getMsg HTTP/1.1" 200 27
114.88.166.193 - - [19/Mar/2021:11:10:58 +0800] "POST /xingrg/kc/buy/cgsh_order_operate.html HTTP/1.1" 200 37
117.185.32.26 - - [19/Mar/2021:11:10:58 +0800] "GET /xingrg/kc/buy/cgsh_order_operate.html?command=get_materiel&rest_code=00106&code=00101006164&supplier_code=00100326&order_time=2021-03-19 HTTP/1.1" 200 415
114.88.166.193 - - [19/Mar/2021:11:10:59 +0800] "POST /xingrg/kc/buy/cgsh_order_operate.html HTTP/1.1" 200 2658
116.235.216.75 - - [19/Mar/2021:11:10:59 +0800] "GET /xingrg/kc/base/wldb_order_operate.html?command=get_materiel&rest_code=00107&base_code=0010151&code=00101016020 HTTP/1.1" 200 446
61.151.178.236 - - [19/Mar/2021:11:11:00 +0800] "GET /xingrg/kc/buy/cgsh_order_operate.html?command=get_materiel&rest_code=00141&code=00101004090&supplier_code=00100312&order_time=2021-03-19 HTTP/1.1" 302 -
101.85.52.2 - - [19/Mar/2021:11:11:00 +0800] "GET /xingrg/check_reg.html?_=1616123451492 HTTP/1.1" 200 22
101.85.52.2 - - [19/Mar/2021:11:11:00 +0800] "GET /xingrg/all/function/internal_message.html?_=1616123451496&CODE_STATE=getMsg HTTP/1.1" 200 27
114.88.166.193 - - [19/Mar/2021:11:11:01 +0800] "GET /xingrg/all/function/internal_message.html?_=1616123456966&CODE_STATE=getMsg HTTP/1.1" 200 27
114.88.166.193 - - [19/Mar/2021:11:11:01 +0800] "GET /xingrg/kc/print/load_data.html?order_code=212021031908218&kc_code=cgsh&condition= HTTP/1.1" 200 719
101.228.165.174 - - [19/Mar/2021:11:11:04 +0800] "GET /xingrg/all/function/internal_message.html?_=1616123466214&CODE_STATE=getMsg HTTP/1.1" 200 27
58.37.230.33 - - [19/Mar/2021:11:11:05 +0800] "GET /xingrg/kc/buy/cgsh_order_operate.html?command=get_materiel&rest_code=00141&code=00101001125&supplier_code=00100319&order_time=2021-03-19 HTTP/1.1" 200 413
61.151.178.236 - - [19/Mar/2021:11:11:05 +0800] "GET /xingrg/login.html HTTP/1.1" 200 7641
116.235.216.75 - - [19/Mar/2021:11:11:06 +0800] "GET /xingrg/all/function/internal_message.html?_=1616123457408&CODE_STATE=getMsg HTTP/1.1" 200 27
180.162.112.81 - - [19/Mar/2021:11:11:06 +0800] "GET /xingrg/all/function/internal_message.html?_=1616123258945&CODE_STATE=getMsg HTTP/1.1" 200 27
180.162.112.81 - - [19/Mar/2021:11:11:06 +0800] "GET /xingrg/check_reg.html?_=1616123258948 HTTP/1.1" 200 22
117.131.5.26 - - [19/Mar/2021:11:11:07 +0800] "GET /xingrg/all/function/internal_message.html?_=1616123535172&CODE_STATE=getMsg HTTP/1.1" 200 27
116.235.216.75 - - [19/Mar/2021:11:11:10 +0800] "GET /xingrg/kc/base/wldb_order_operate.html?command=get_materiel&rest_code=00107&base_code=0010151&code=00101019223 HTTP/1.1" 200 459
114.88.166.193 - - [19/Mar/2021:11:11:10 +0800] "GET /xingrg/kc/buy/cgsh_order_add.html HTTP/1.1" 200 62104
114.88.166.193 - - [19/Mar/2021:11:11:11 +0800] "POST /xingrg/kc/buy/cgsh_order_operate.html HTTP/1.1" 200 8245
114.88.166.193 - - [19/Mar/2021:11:11:12 +0800] "GET /xingrg/javascript/easyui/themes/default/validatebox.css HTTP/1.1" 404 1104
180.169.147.146 - - [19/Mar/2021:11:11:12 +0800] "GET /xingrg/all/function/internal_message.html?_=1616123465280&CODE_STATE=getMsg HTTP/1.1" 200 27
117.185.32.26 - - [19/Mar/2021:11:11:16 +0800] "POST /xingrg/kc/buy/cgsh_order_operate.html HTTP/1.1" 200 37
117.185.32.26 - - [19/Mar/2021:11:11:19 +0800] "POST /xingrg/kc/buy/cgsh_order_operate.html HTTP/1.1" 200 12
117.185.32.26 - - [19/Mar/2021:11:11:20 +0800] "GET /xingrg/kc/buy/cgsh_order_info.html?code=212021031908219 HTTP/1.1" 200 57010
117.185.32.26 - - [19/Mar/2021:11:11:20 +0800] "GET /xingrg/javascript/easyui/themes/default/validatebox.css HTTP/1.1" 404 1104
117.185.32.26 - - [19/Mar/2021:11:11:20 +0800] "POST /xingrg/kc/buy/cgsh_order_operate.html HTTP/1.1" 200 610
180.169.147.146 - - [19/Mar/2021:11:11:21 +0800] "GET /xingrg/check_reg.html?_=1616123474221 HTTP/1.1" 200 22
114.88.166.193 - - [19/Mar/2021:11:11:22 +0800] "GET /xingrg/kc/buy/cgsh_order_operate.html?command=get_materiel&rest_code=00111&code=00101002035&supplier_code=00100088&order_time=2021-03-19 HTTP/1.1" 200 416
117.185.32.26 - - [19/Mar/2021:11:11:22 +0800] "GET /xingrg/check_reg.html?_=1616123495833 HTTP/1.1" 200 22
117.185.32.26 - - [19/Mar/2021:11:11:23 +0800] "GET /xingrg/all/function/internal_message.html?_=1616123496651&CODE_STATE=getMsg HTTP/1.1" 200 27
180.161.117.173 - - [19/Mar/2021:11:11:24 +0800] "GET /xingrg/all/function/internal_message.html?_=1616123483345&CODE_STATE=getMsg HTTP/1.1" 200 27
117.185.32.26 - - [19/Mar/2021:11:11:24 +0800] "GET /xingrg/kc/print/load_data.html?order_code=212021031908219&kc_code=cgsh&condition= HTTP/1.1" 200 708
222.70.217.33 - - [19/Mar/2021:11:11:24 +0800] "GET /xingrg/all/function/internal_message.html?_=1616123481955&CODE_STATE=getMsg HTTP/1.1" 200 27
180.169.147.146 - - [19/Mar/2021:11:11:31 +0800] "GET /xingrg/all/function/internal_message.html?_=1616123492176&CODE_STATE=getMsg HTTP/1.1" 200 27
117.185.32.26 - - [19/Mar/2021:11:11:33 +0800] "GET /xingrg/all/function/internal_message.html?_=1616123999136&CODE_STATE=getMsg HTTP/1.1" 200 27
116.235.216.75 - - [19/Mar/2021:11:11:33 +0800] "GET /xingrg/kc/base/wldb_order_operate.html?command=get_materiel&rest_code=00107&base_code=0010151&code=00101016007 HTTP/1.1" 200 450
58.37.230.33 - - [19/Mar/2021:11:11:34 +0800] "POST /xingrg/kc/buy/cgsh_order_operate.html HTTP/1.1" 200 37
61.165.42.208 - - [19/Mar/2021:11:11:34 +0800] "GET /xingrg/kc/base/wldb_order_operate.html?command=get_materiel&rest_code=00105&base_code=0010507&code=00101019211 HTTP/1.1" 200 445
120.253.135.82 - - [19/Mar/2021:11:11:34 +0800] "GET /xingrg/all/function/internal_message.html?_=1616123551682&CODE_STATE=getMsg HTTP/1.1" 200 27
117.185.32.26 - - [19/Mar/2021:11:11:36 +0800] "GET /xingrg/kc/buy/cgsh_order_add.html HTTP/1.1" 200 62104
58.37.230.33 - - [19/Mar/2021:11:11:36 +0800] "POST /xingrg/kc/buy/cgsh_order_operate.html HTTP/1.1" 200 12
117.185.32.26 - - [19/Mar/2021:11:11:36 +0800] "POST /xingrg/kc/buy/cgsh_order_operate.html HTTP/1.1" 200 8245
117.185.32.26 - - [19/Mar/2021:11:11:36 +0800] "GET /xingrg/javascript/easyui/themes/default/validatebox.css HTTP/1.1" 404 1104
58.37.230.33 - - [19/Mar/2021:11:11:37 +0800] "GET /xingrg/kc/buy/cgsh_order_info.html?code=212021031908220 HTTP/1.1" 200 57016
58.37.230.33 - - [19/Mar/2021:11:11:37 +0800] "GET /xingrg/javascript/easyui/themes/default/validatebox.css HTTP/1.1" 404 1104
58.37.230.33 - - [19/Mar/2021:11:11:38 +0800] "POST /xingrg/kc/buy/cgsh_order_operate.html HTTP/1.1" 200 1203
61.165.42.208 - - [19/Mar/2021:11:11:38 +0800] "GET /xingrg/all/function/internal_message.html?_=1616123480229&CODE_STATE=getMsg HTTP/1.1" 200 27
117.185.32.26 - - [19/Mar/2021:11:11:38 +0800] "GET /xingrg/javascript/easyui/themes/default/tree.css HTTP/1.1" 404 1090
117.185.32.26 - - [19/Mar/2021:11:11:38 +0800] "POST /xingrg/all/common/load_tree.html?tree=supplier_tree_json&isDelete=1 HTTP/1.1" 200 54827
58.37.230.33 - - [19/Mar/2021:11:11:39 +0800] "GET /xingrg/kc/print/load_config.html?kc_code=cgsh HTTP/1.1" 200 1845
58.37.230.33 - - [19/Mar/2021:11:11:39 +0800] "GET /xingrg/kc/print/load_data.html?order_code=212021031908220&kc_code=cgsh&condition= HTTP/1.1" 200 941
116.232.54.212 - - [19/Mar/2021:11:11:40 +0800] "GET /xingrg/all/function/internal_message.html?_=1616123497841&CODE_STATE=getMsg HTTP/1.1" 200 27
116.232.54.212 - - [19/Mar/2021:11:11:40 +0800] "GET /xingrg/check_reg.html?_=1616123497841 HTTP/1.1" 200 22
114.88.166.193 - - [19/Mar/2021:11:11:40 +0800] "GET /xingrg/kc/buy/cgsh_order_operate.html?command=get_materiel&rest_code=00111&code=00101003041&supplier_code=00100088&order_time=2021-03-19 HTTP/1.1" 200 416
58.37.230.33 - - [19/Mar/2021:11:11:42 +0800] "GET /xingrg/all/function/internal_message.html?_=1616123522798&CODE_STATE=getMsg HTTP/1.1" 200 27
58.37.230.33 - - [19/Mar/2021:11:11:42 +0800] "GET /xingrg/check_reg.html?_=1616123522799 HTTP/1.1" 200 22
61.165.42.208 - - [19/Mar/2021:11:11:48 +0800] "GET /xingrg/check_reg.html?_=1616123509194 HTTP/1.1" 200 22
61.165.42.208 - - [19/Mar/2021:11:11:48 +0800] "GET /xingrg/all/function/internal_message.html?_=1616123509198&CODE_STATE=getMsg HTTP/1.1" 200 27
58.37.230.33 - - [19/Mar/2021:11:11:49 +0800] "GET /xingrg/kc/buy/cgsh_order_add.html HTTP/1.1" 200 62110
58.37.230.33 - - [19/Mar/2021:11:11:50 +0800] "POST /xingrg/kc/buy/cgsh_order_operate.html HTTP/1.1" 200 8245
58.37.230.33 - - [19/Mar/2021:11:11:50 +0800] "GET /xingrg/all/common/auto_word.html?type=employee&rest_code=00141 HTTP/1.1" 200 201
58.37.230.33 - - [19/Mar/2021:11:11:50 +0800] "GET /xingrg/all/common/auto_word.html?type=employee&rest_code=00141 HTTP/1.1" 200 201
58.37.230.33 - - [19/Mar/2021:11:11:50 +0800] "GET /xingrg/javascript/easyui/themes/default/validatebox.css HTTP/1.1" 404 1104
101.228.165.174 - - [19/Mar/2021:11:11:50 +0800] "GET /xingrg/all/function/internal_message.html?_=1616123525993&CODE_STATE=getMsg HTTP/1.1" 200 27
61.165.42.208 - - [19/Mar/2021:11:11:52 +0800] "GET /xingrg/kc/base/wldb_order_operate.html?command=get_materiel&rest_code=00105&base_code=0010507&code=00101019376 HTTP/1.1" 200 461
116.224.253.72 - - [19/Mar/2021:11:11:53 +0800] "GET /xingrg/check_reg.html?_=1616123511015 HTTP/1.1" 200 22
116.224.253.72 - - [19/Mar/2021:11:11:53 +0800] "GET /xingrg/all/function/internal_message.html?_=1616123511016&CODE_STATE=getMsg HTTP/1.1" 200 27
116.224.253.72 - - [19/Mar/2021:11:11:55 +0800] "GET /xingrg/check_reg.html?_=1616123467643 HTTP/1.1" 200 22
114.83.222.187 - - [19/Mar/2021:11:11:55 +0800] "GET /xingrg/all/function/internal_message.html?_=1616123510469&CODE_STATE=getMsg HTTP/1.1" 200 27
116.224.253.72 - - [19/Mar/2021:11:11:56 +0800] "GET /xingrg/all/function/internal_message.html?_=1616123469192&CODE_STATE=getMsg HTTP/1.1" 200 27
117.185.32.26 - - [19/Mar/2021:11:11:59 +0800] "GET /xingrg/kc/buy/cgsh_order_operate.html?command=get_materiel&rest_code=00106&code=00101007032&supplier_code=00100328&order_time=2021-03-19 HTTP/1.1" 200 413
116.235.216.75 - - [19/Mar/2021:11:11:59 +0800] "POST /xingrg/kc/base/wldb_order_operate.html HTTP/1.1" 200 37
116.235.216.75 - - [19/Mar/2021:11:11:59 +0800] "POST /xingrg/kc/base/wldb_order_operate.html HTTP/1.1" 200 8177
116.235.216.75 - - [19/Mar/2021:11:11:59 +0800] "GET /xingrg/kc/base/wldb_order_info.html?code=422021031902081 HTTP/1.1" 200 30521
101.85.52.2 - - [19/Mar/2021:11:12:00 +0800] "GET /xingrg/all/function/internal_message.html?_=1616123511482&CODE_STATE=getMsg HTTP/1.1" 200 27
114.88.166.193 - - [19/Mar/2021:11:12:01 +0800] "GET /xingrg/all/function/internal_message.html?_=1616123516975&CODE_STATE=getMsg HTTP/1.1" 200 27
116.235.216.75 - - [19/Mar/2021:11:12:01 +0800] "GET /xingrg/javascript/easyui/themes/default/validatebox.css HTTP/1.1" 404 1104
116.235.216.75 - - [19/Mar/2021:11:12:01 +0800] "POST /xingrg/kc/base/wldb_order_operate.html HTTP/1.1" 200 8177
101.228.165.174 - - [19/Mar/2021:11:12:04 +0800] "GET /xingrg/check_reg.html?_=1616123526212 HTTP/1.1" 200 22
101.228.165.174 - - [19/Mar/2021:11:12:04 +0800] "GET /xingrg/all/function/internal_message.html?_=1616123526215&CODE_STATE=getMsg HTTP/1.1" 200 27
61.165.42.208 - - [19/Mar/2021:11:12:04 +0800] "GET /xingrg/kc/base/wldb_order_operate.html?command=get_materiel&rest_code=00105&base_code=0010507&code=00101016044 HTTP/1.1" 200 464
61.165.42.208 - - [19/Mar/2021:11:12:04 +0800] "GET /xingrg/kc/base/wldb_order_list.html HTTP/1.1" 200 19339
61.165.42.208 - - [19/Mar/2021:11:12:05 +0800] "POST /xingrg/kc/base/wldb_list_operate.html HTTP/1.1" 200 928
114.88.166.193 - - [19/Mar/2021:11:12:05 +0800] "POST /xingrg/kc/buy/cgsh_order_operate.html HTTP/1.1" 200 37
61.165.42.208 - - [19/Mar/2021:11:12:06 +0800] "GET /xingrg/kc/base/wldb_order_add.html HTTP/1.1" 200 30502
61.165.42.208 - - [19/Mar/2021:11:12:06 +0800] "POST /xingrg/kc/base/wldb_order_operate.html HTTP/1.1" 200 6806
116.235.216.75 - - [19/Mar/2021:11:12:06 +0800] "GET /xingrg/all/function/internal_message.html?_=1616123517509&CODE_STATE=getMsg HTTP/1.1" 200 27
61.165.42.208 - - [19/Mar/2021:11:12:06 +0800] "GET /xingrg/all/common/auto_word.html?type=base&rest_code=00105 HTTP/1.1" 200 1811
61.165.42.208 - - [19/Mar/2021:11:12:06 +0800] "GET /xingrg/all/common/auto_word.html?type=base&rest_code=00105 HTTP/1.1" 200 1811
61.165.42.208 - - [19/Mar/2021:11:12:06 +0800] "GET /xingrg/javascript/easyui/themes/default/validatebox.css HTTP/1.1" 404 1104
180.162.112.81 - - [19/Mar/2021:11:12:06 +0800] "GET /xingrg/all/function/internal_message.html?_=1616123318948&CODE_STATE=getMsg HTTP/1.1" 200 27
114.88.166.193 - - [19/Mar/2021:11:12:07 +0800] "POST /xingrg/kc/buy/cgsh_order_operate.html HTTP/1.1" 200 3264
117.131.5.26 - - [19/Mar/2021:11:12:07 +0800] "GET /xingrg/all/function/internal_message.html?_=1616123595180&CODE_STATE=getMsg HTTP/1.1" 200 27
61.165.42.208 - - [19/Mar/2021:11:12:07 +0800] "POST /xingrg/all/common/load_combo.html?type=base HTTP/1.1" 200 3236
58.37.230.33 - - [19/Mar/2021:11:12:09 +0800] "GET /xingrg/kc/buy/cgsh_order_operate.html?command=get_materiel&rest_code=00141&code=00101002039&supplier_code=00100087&order_time=2021-03-19 HTTP/1.1" 200 419
116.235.216.75 - - [19/Mar/2021:11:12:09 +0800] "POST /xingrg/kc/base/wldb_order_operate.html HTTP/1.1" 200 37
114.88.166.193 - - [19/Mar/2021:11:12:09 +0800] "GET /xingrg/kc/print/load_data.html?order_code=212021031908221&kc_code=cgsh&condition= HTTP/1.1" 200 982
116.235.216.75 - - [19/Mar/2021:11:12:09 +0800] "POST /xingrg/kc/base/wldb_order_operate.html HTTP/1.1" 200 8177
116.235.216.75 - - [19/Mar/2021:11:12:10 +0800] "GET /xingrg/kc/base/wldb_order_info.html?code=422021031902081 HTTP/1.1" 200 30521
116.235.216.75 - - [19/Mar/2021:11:12:11 +0800] "GET /xingrg/javascript/easyui/themes/default/validatebox.css HTTP/1.1" 404 1104
116.235.216.75 - - [19/Mar/2021:11:12:11 +0800] "POST /xingrg/kc/base/wldb_order_operate.html HTTP/1.1" 200 8177
180.169.147.146 - - [19/Mar/2021:11:12:12 +0800] "GET /xingrg/all/function/internal_message.html?_=1616123525257&CODE_STATE=getMsg HTTP/1.1" 200 27
116.235.216.75 - - [19/Mar/2021:11:12:13 +0800] "GET /xingrg/kc/base/wldb_order_add.html HTTP/1.1" 200 30504
116.235.216.75 - - [19/Mar/2021:11:12:14 +0800] "GET /xingrg/javascript/easyui/themes/default/validatebox.css HTTP/1.1" 404 1104
116.235.216.75 - - [19/Mar/2021:11:12:14 +0800] "POST /xingrg/kc/base/wldb_order_operate.html HTTP/1.1" 200 6806
61.165.42.208 - - [19/Mar/2021:11:12:16 +0800] "GET /xingrg/kc/base/wldb_order_operate.html?command=get_materiel&rest_code=00105&base_code=0010508&code=00102002258 HTTP/1.1" 200 433
116.235.216.75 - - [19/Mar/2021:11:12:16 +0800] "POST /xingrg/all/common/load_combo.html?type=base HTTP/1.1" 200 3324
120.253.135.82 - - [19/Mar/2021:11:12:18 +0800] "GET /xingrg/check_reg.html?_=1616123595880 HTTP/1.1" 200 22
58.37.230.33 - - [19/Mar/2021:11:12:18 +0800] "GET /xingrg/kc/buy/cgsh_order_operate.html?command=get_materiel&rest_code=00141&code=00101002038&supplier_code=00100087&order_time=2021-03-19 HTTP/1.1" 200 434
61.165.42.208 - - [19/Mar/2021:11:12:18 +0800] "GET /xingrg/kc/base/wldb_order_operate.html?command=get_materiel&rest_code=00105&base_code=0010507&code=00101019461 HTTP/1.1" 200 473
114.88.166.193 - - [19/Mar/2021:11:12:19 +0800] "GET /xingrg/kc/buy/cgsh_order_add.html HTTP/1.1" 200 62104
117.131.5.26 - - [19/Mar/2021:11:12:19 +0800] "GET /xingrg/check_reg.html?_=1616123922642 HTTP/1.1" 302 -
117.131.5.26 - - [19/Mar/2021:11:12:19 +0800] "GET /xingrg/login.html HTTP/1.1" 200 7641
114.88.166.193 - - [19/Mar/2021:11:12:21 +0800] "POST /xingrg/kc/buy/cgsh_order_operate.html HTTP/1.1" 200 8245
116.235.216.75 - - [19/Mar/2021:11:12:21 +0800] "POST /xingrg/all/common/load_combo.html?type=base HTTP/1.1" 200 3324
114.88.166.193 - - [19/Mar/2021:11:12:21 +0800] "GET /xingrg/javascript/easyui/themes/default/validatebox.css HTTP/1.1" 404 1104
117.185.32.26 - - [19/Mar/2021:11:12:23 +0800] "GET /xingrg/all/function/internal_message.html?_=1616123556620&CODE_STATE=getMsg HTTP/1.1" 200 27
180.161.117.173 - - [19/Mar/2021:11:12:24 +0800] "GET /xingrg/all/function/internal_message.html?_=1616123543360&CODE_STATE=getMsg HTTP/1.1" 200 27
61.165.42.208 - - [19/Mar/2021:11:12:24 +0800] "GET /xingrg/kc/base/wldb_order_operate.html?command=get_materiel&rest_code=00105&base_code=0010508&code=00102002439 HTTP/1.1" 200 458
222.70.217.33 - - [19/Mar/2021:11:12:24 +0800] "GET /xingrg/all/function/internal_message.html?_=1616123541941&CODE_STATE=getMsg HTTP/1.1" 200 27
61.165.42.208 - - [19/Mar/2021:11:12:28 +0800] "POST /xingrg/kc/base/wldb_order_operate.html HTTP/1.1" 200 37
61.165.42.208 - - [19/Mar/2021:11:12:28 +0800] "POST /xingrg/kc/base/wldb_order_operate.html HTTP/1.1" 200 2692
61.165.42.208 - - [19/Mar/2021:11:12:29 +0800] "GET /xingrg/kc/base/wldb_order_info.html?code=422021031902082 HTTP/1.1" 200 30515
61.165.42.208 - - [19/Mar/2021:11:12:29 +0800] "GET /xingrg/javascript/easyui/themes/default/validatebox.css HTTP/1.1" 404 1104
61.165.42.208 - - [19/Mar/2021:11:12:29 +0800] "POST /xingrg/kc/base/wldb_order_operate.html HTTP/1.1" 200 2692
58.37.230.33 - - [19/Mar/2021:11:12:31 +0800] "POST /xingrg/kc/buy/cgsh_order_operate.html HTTP/1.1" 200 37
114.88.166.193 - - [19/Mar/2021:11:12:31 +0800] "GET /xingrg/kc/buy/cgsh_order_operate.html?command=get_materiel&rest_code=00111&code=00101001019&supplier_code=00100318&order_time=2021-03-19 HTTP/1.1" 200 413
180.169.147.146 - - [19/Mar/2021:11:12:31 +0800] "GET /xingrg/all/function/internal_message.html?_=1616123552179&CODE_STATE=getMsg HTTP/1.1" 200 27
61.165.42.208 - - [19/Mar/2021:11:12:33 +0800] "GET /xingrg/kc/base/wldb_order_operate.html?command=get_materiel&rest_code=00105&base_code=0010507&code=00101019110 HTTP/1.1" 200 477
117.185.32.26 - - [19/Mar/2021:11:12:33 +0800] "GET /xingrg/all/function/internal_message.html?_=1616124059125&CODE_STATE=getMsg HTTP/1.1" 200 27
58.37.230.33 - - [19/Mar/2021:11:12:33 +0800] "POST /xingrg/kc/buy/cgsh_order_operate.html HTTP/1.1" 200 12
120.253.135.82 - - [19/Mar/2021:11:12:34 +0800] "GET /xingrg/all/function/internal_message.html?_=1616123611694&CODE_STATE=getMsg HTTP/1.1" 200 27
58.37.230.33 - - [19/Mar/2021:11:12:35 +0800] "GET /xingrg/kc/buy/cgsh_order_info.html?code=212021031908222 HTTP/1.1" 200 57012
58.37.230.33 - - [19/Mar/2021:11:12:35 +0800] "GET /xingrg/javascript/easyui/themes/default/validatebox.css HTTP/1.1" 404 1104
58.37.230.33 - - [19/Mar/2021:11:12:35 +0800] "POST /xingrg/kc/buy/cgsh_order_operate.html HTTP/1.1" 200 1212
58.37.230.33 - - [19/Mar/2021:11:12:36 +0800] "GET /xingrg/kc/print/load_config.html?kc_code=cgsh HTTP/1.1" 200 1845
58.37.230.33 - - [19/Mar/2021:11:12:36 +0800] "GET /xingrg/kc/print/load_data.html?order_code=212021031908222&kc_code=cgsh&condition= HTTP/1.1" 200 1001
116.232.54.212 - - [19/Mar/2021:11:12:36 +0800] "POST /xingrg/kc/buy/cgsh_list_operate.html HTTP/1.1" 200 3792
116.235.216.75 - - [19/Mar/2021:11:12:37 +0800] "GET /xingrg/kc/base/wldb_order_operate.html?command=get_materiel&rest_code=00107&base_code=0010151&code=00101019071 HTTP/1.1" 200 455
61.165.42.208 - - [19/Mar/2021:11:12:38 +0800] "GET /xingrg/all/function/internal_message.html?_=1616123540219&CODE_STATE=getMsg HTTP/1.1" 200 27
61.165.42.208 - - [19/Mar/2021:11:12:39 +0800] "GET /xingrg/kc/base/wldb_order_add.html HTTP/1.1" 200 30502
61.165.42.208 - - [19/Mar/2021:11:12:39 +0800] "GET /xingrg/javascript/easyui/themes/default/validatebox.css HTTP/1.1" 404 1104
61.165.42.208 - - [19/Mar/2021:11:12:39 +0800] "POST /xingrg/kc/base/wldb_order_operate.html HTTP/1.1" 200 6806
116.232.54.212 - - [19/Mar/2021:11:12:40 +0800] "GET /xingrg/all/function/internal_message.html?_=1616123557843&CODE_STATE=getMsg HTTP/1.1" 200 27
61.165.42.208 - - [19/Mar/2021:11:12:40 +0800] "POST /xingrg/all/common/load_combo.html?type=base HTTP/1.1" 200 3236
58.37.230.33 - - [19/Mar/2021:11:12:41 +0800] "GET /xingrg/all/function/internal_message.html?_=1616123582038&CODE_STATE=getMsg HTTP/1.1" 200 27
117.185.32.26 - - [19/Mar/2021:11:12:43 +0800] "POST /xingrg/kc/buy/cgsh_order_operate.html HTTP/1.1" 200 37
58.37.230.33 - - [19/Mar/2021:11:12:44 +0800] "GET /xingrg/kc/buy/cgsh_order_add.html HTTP/1.1" 200 62110
58.37.230.33 - - [19/Mar/2021:11:12:44 +0800] "POST /xingrg/kc/buy/cgsh_order_operate.html HTTP/1.1" 200 8245
58.37.230.33 - - [19/Mar/2021:11:12:44 +0800] "GET /xingrg/all/common/auto_word.html?type=employee&rest_code=00141 HTTP/1.1" 200 201
58.37.230.33 - - [19/Mar/2021:11:12:44 +0800] "GET /xingrg/all/common/auto_word.html?type=employee&rest_code=00141 HTTP/1.1" 200 201
58.37.230.33 - - [19/Mar/2021:11:12:44 +0800] "GET /xingrg/javascript/easyui/themes/default/validatebox.css HTTP/1.1" 404 1104
117.185.32.26 - - [19/Mar/2021:11:12:45 +0800] "POST /xingrg/kc/buy/cgsh_order_operate.html HTTP/1.1" 200 12
114.88.166.193 - - [19/Mar/2021:11:12:47 +0800] "POST /xingrg/kc/buy/cgsh_order_operate.html HTTP/1.1" 200 37
116.235.216.75 - - [19/Mar/2021:11:12:47 +0800] "GET /xingrg/kc/base/wldb_order_operate.html?command=get_materiel&rest_code=00107&base_code=0010151&code=00101019505 HTTP/1.1" 200 480
117.185.32.26 - - [19/Mar/2021:11:12:47 +0800] "GET /xingrg/kc/buy/cgsh_order_info.html?code=212021031908223 HTTP/1.1" 200 57010
117.185.32.26 - - [19/Mar/2021:11:12:48 +0800] "GET /xingrg/javascript/easyui/themes/default/validatebox.css HTTP/1.1" 404 1104
61.165.42.208 - - [19/Mar/2021:11:12:48 +0800] "GET /xingrg/kc/base/wldb_order_operate.html?command=get_materiel&rest_code=00105&base_code=0010507&code=00101019185 HTTP/1.1" 200 455
117.185.32.26 - - [19/Mar/2021:11:12:48 +0800] "POST /xingrg/kc/buy/cgsh_order_operate.html HTTP/1.1" 200 1200
61.165.42.208 - - [19/Mar/2021:11:12:48 +0800] "GET /xingrg/all/function/internal_message.html?_=1616123569181&CODE_STATE=getMsg HTTP/1.1" 200 27
114.88.166.193 - - [19/Mar/2021:11:12:49 +0800] "POST /xingrg/kc/buy/cgsh_order_operate.html HTTP/1.1" 200 2662
101.228.165.174 - - [19/Mar/2021:11:12:49 +0800] "GET /xingrg/check_reg.html?_=1616123584284 HTTP/1.1" 200 22
61.165.42.208 - - [19/Mar/2021:11:12:49 +0800] "GET /xingrg/kc/base/wldb_order_operate.html?command=get_materiel&rest_code=00105&base_code=0010508&code=00102002448 HTTP/1.1" 200 426
114.88.166.193 - - [19/Mar/2021:11:12:50 +0800] "GET /xingrg/kc/print/load_data.html?order_code=212021031908224&kc_code=cgsh&condition= HTTP/1.1" 200 679
117.185.32.26 - - [19/Mar/2021:11:12:50 +0800] "GET /xingrg/kc/print/load_data.html?order_code=212021031908223&kc_code=cgsh&condition= HTTP/1.1" 200 925
116.232.54.212 - - [19/Mar/2021:11:12:50 +0800] "POST /xingrg/kc/buy/cgsh_list_operate.html HTTP/1.1" 200 3792
101.228.165.174 - - [19/Mar/2021:11:12:50 +0800] "GET /xingrg/all/function/internal_message.html?_=1616123586006&CODE_STATE=getMsg HTTP/1.1" 200 27
116.224.253.72 - - [19/Mar/2021:11:12:53 +0800] "GET /xingrg/all/function/internal_message.html?_=1616123571003&CODE_STATE=getMsg HTTP/1.1" 200 27
114.86.187.76 - - [19/Mar/2021:11:12:54 +0800] "GET /xingrg/check_reg.html?_=1616123575651 HTTP/1.1" 200 22
116.235.216.75 - - [19/Mar/2021:11:12:55 +0800] "GET /xingrg/kc/base/wldb_order_operate.html?command=get_materiel&rest_code=00107&base_code=0010151&code=00101019438 HTTP/1.1" 200 448
114.83.222.187 - - [19/Mar/2021:11:12:55 +0800] "GET /xingrg/all/function/internal_message.html?_=1616123570468&CODE_STATE=getMsg HTTP/1.1" 200 27
61.165.42.208 - - [19/Mar/2021:11:12:55 +0800] "GET /xingrg/kc/base/wldb_order_operate.html?command=get_materiel&rest_code=00105&base_code=0010508&code=00102004006 HTTP/1.1" 200 442
116.224.253.72 - - [19/Mar/2021:11:12:56 +0800] "GET /xingrg/all/function/internal_message.html?_=1616123529205&CODE_STATE=getMsg HTTP/1.1" 200 27
114.88.166.193 - - [19/Mar/2021:11:12:59 +0800] "GET /xingrg/kc/buy/cgsh_order_add.html HTTP/1.1" 200 62104
101.85.52.2 - - [19/Mar/2021:11:13:00 +0800] "GET /xingrg/all/function/internal_message.html?_=1616123571468&CODE_STATE=getMsg HTTP/1.1" 200 27
61.165.42.208 - - [19/Mar/2021:11:13:01 +0800] "GET /xingrg/kc/base/wldb_order_operate.html?command=get_materiel&rest_code=00105&base_code=0010507&code=00101019175 HTTP/1.1" 200 439
114.88.166.193 - - [19/Mar/2021:11:13:01 +0800] "POST /xingrg/kc/buy/cgsh_order_operate.html HTTP/1.1" 200 8245
114.88.166.193 - - [19/Mar/2021:11:13:01 +0800] "GET /xingrg/all/function/internal_message.html?_=1616123577246&CODE_STATE=getMsg HTTP/1.1" 200 27
114.88.166.193 - - [19/Mar/2021:11:13:01 +0800] "GET /xingrg/javascript/easyui/themes/default/validatebox.css HTTP/1.1" 404 1104
61.165.42.208 - - [19/Mar/2021:11:13:02 +0800] "GET /xingrg/kc/base/wldb_order_operate.html?command=get_materiel&rest_code=00105&base_code=0010508&code=00101010017 HTTP/1.1" 200 445
101.228.165.174 - - [19/Mar/2021:11:13:04 +0800] "GET /xingrg/all/function/internal_message.html?_=1616123586216&CODE_STATE=getMsg HTTP/1.1" 200 27
116.235.216.75 - - [19/Mar/2021:11:13:04 +0800] "GET /xingrg/kc/base/wldb_order_operate.html?command=get_materiel&rest_code=00107&base_code=0010151&code=00101019204 HTTP/1.1" 200 437
116.235.216.75 - - [19/Mar/2021:11:13:06 +0800] "GET /xingrg/all/function/internal_message.html?_=1616123577401&CODE_STATE=getMsg HTTP/1.1" 200 27
180.162.112.81 - - [19/Mar/2021:11:13:06 +0800] "GET /xingrg/all/function/internal_message.html?_=1616123378948&CODE_STATE=getMsg HTTP/1.1" 200 27
117.131.5.26 - - [19/Mar/2021:11:13:07 +0800] "GET /xingrg/check_reg.html?_=1616123655166 HTTP/1.1" 200 22
117.131.5.26 - - [19/Mar/2021:11:13:07 +0800] "GET /xingrg/all/function/internal_message.html?_=1616123655170&CODE_STATE=getMsg HTTP/1.1" 200 27
61.165.42.208 - - [19/Mar/2021:11:13:09 +0800] "GET /xingrg/kc/base/wldb_order_operate.html?command=get_materiel&rest_code=00105&base_code=0010508&code=00102002006 HTTP/1.1" 200 468
114.88.166.193 - - [19/Mar/2021:11:13:10 +0800] "GET /xingrg/kc/buy/cgsh_order_operate.html?command=get_materiel&rest_code=00111&code=00101004065&supplier_code=00100086&order_time=2021-03-19 HTTP/1.1" 200 433
61.165.42.208 - - [19/Mar/2021:11:13:10 +0800] "GET /xingrg/kc/base/wldb_order_operate.html?command=get_materiel&rest_code=00105&base_code=0010507&code=00101019258 HTTP/1.1" 200 469
180.169.147.146 - - [19/Mar/2021:11:13:12 +0800] "GET /xingrg/all/function/internal_message.html?_=1616123585226&CODE_STATE=getMsg HTTP/1.1" 200 27
58.37.230.33 - - [19/Mar/2021:11:13:13 +0800] "GET /xingrg/kc/buy/cgsh_order_operate.html?command=get_materiel&rest_code=00141&code=00101007016&supplier_code=00100323&order_time=2021-03-19 HTTP/1.1" 200 409
61.165.42.208 - - [19/Mar/2021:11:13:16 +0800] "GET /xingrg/kc/base/wldb_order_operate.html?command=get_materiel&rest_code=00105&base_code=0010508&code=00102002022 HTTP/1.1" 200 458
61.129.6.151 - - [19/Mar/2021:11:13:19 +0800] "GET /xingrg/check_reg.html?_=1616123222028 HTTP/1.1" 302 -
61.165.42.208 - - [19/Mar/2021:11:13:19 +0800] "GET /xingrg/kc/base/wldb_order_operate.html?command=get_materiel&rest_code=00105&base_code=0010507&code=00101013003 HTTP/1.1" 200 430
116.235.216.75 - - [19/Mar/2021:11:13:19 +0800] "GET /xingrg/kc/base/wldb_order_operate.html?command=get_materiel&rest_code=00107&base_code=0010151&code=00101019257 HTTP/1.1" 200 479
61.165.42.208 - - [19/Mar/2021:11:13:22 +0800] "GET /xingrg/kc/base/wldb_order_operate.html?command=get_materiel&rest_code=00105&base_code=0010508&code=00102002562 HTTP/1.1" 200 448
117.185.32.26 - - [19/Mar/2021:11:13:23 +0800] "GET /xingrg/all/function/internal_message.html?_=1616123616592&CODE_STATE=getMsg HTTP/1.1" 200 27
180.161.117.173 - - [19/Mar/2021:11:13:23 +0800] "GET /xingrg/check_reg.html?_=1616123603312 HTTP/1.1" 200 22
180.161.117.173 - - [19/Mar/2021:11:13:24 +0800] "GET /xingrg/all/function/internal_message.html?_=1616123603388&CODE_STATE=getMsg HTTP/1.1" 200 27
222.70.217.33 - - [19/Mar/2021:11:13:24 +0800] "GET /xingrg/all/function/internal_message.html?_=1616123601929&CODE_STATE=getMsg HTTP/1.1" 200 27
114.88.166.193 - - [19/Mar/2021:11:13:26 +0800] "POST /xingrg/kc/buy/cgsh_order_operate.html HTTP/1.1" 200 37
61.129.6.151 - - [19/Mar/2021:11:13:27 +0800] "GET /xingrg/login.html HTTP/1.1" 200 7641
58.37.230.33 - - [19/Mar/2021:11:13:28 +0800] "GET /xingrg/kc/buy/cgsh_order_operate.html?command=get_materiel&rest_code=00141&code=00101010449&supplier_code=00100323&order_time=2021-03-19 HTTP/1.1" 200 399
114.88.166.193 - - [19/Mar/2021:11:13:28 +0800] "POST /xingrg/kc/buy/cgsh_order_operate.html HTTP/1.1" 200 2660
61.165.42.208 - - [19/Mar/2021:11:13:28 +0800] "GET /xingrg/kc/base/wldb_order_operate.html?command=get_materiel&rest_code=00105&base_code=0010508&code=00102004030 HTTP/1.1" 200 442
116.235.216.75 - - [19/Mar/2021:11:13:29 +0800] "GET /xingrg/kc/base/wldb_order_operate.html?command=get_materiel&rest_code=00107&base_code=0010151&code=00101019184 HTTP/1.1" 200 445
114.88.166.193 - - [19/Mar/2021:11:13:30 +0800] "GET /xingrg/kc/print/load_data.html?order_code=212021031908225&kc_code=cgsh&condition= HTTP/1.1" 200 739
61.165.42.208 - - [19/Mar/2021:11:13:31 +0800] "GET /xingrg/kc/base/wldb_order_operate.html?command=get_materiel&rest_code=00105&base_code=0010507&code=00101019142 HTTP/1.1" 200 450
61.165.42.208 - - [19/Mar/2021:11:13:31 +0800] "POST /xingrg/kc/base/wldb_order_operate.html HTTP/1.1" 200 37
180.169.147.146 - - [19/Mar/2021:11:13:31 +0800] "GET /xingrg/all/function/internal_message.html?_=1616123612182&CODE_STATE=getMsg HTTP/1.1" 200 27
61.165.42.208 - - [19/Mar/2021:11:13:32 +0800] "POST /xingrg/kc/base/wldb_order_operate.html HTTP/1.1" 200 4647
61.165.42.208 - - [19/Mar/2021:11:13:32 +0800] "GET /xingrg/kc/base/wldb_order_info.html?code=422021031902083 HTTP/1.1" 200 30516
61.165.42.208 - - [19/Mar/2021:11:13:32 +0800] "GET /xingrg/javascript/easyui/themes/default/validatebox.css HTTP/1.1" 404 1104
61.165.42.208 - - [19/Mar/2021:11:13:33 +0800] "POST /xingrg/kc/base/wldb_order_operate.html HTTP/1.1" 200 4647
117.185.32.26 - - [19/Mar/2021:11:13:33 +0800] "GET /xingrg/all/function/internal_message.html?_=1616124119144&CODE_STATE=getMsg HTTP/1.1" 200 27
120.253.135.82 - - [19/Mar/2021:11:13:34 +0800] "GET /xingrg/all/function/internal_message.html?_=1616123671708&CODE_STATE=getMsg HTTP/1.1" 200 27
61.165.42.208 - - [19/Mar/2021:11:13:38 +0800] "GET /xingrg/all/function/internal_message.html?_=1616123600229&CODE_STATE=getMsg HTTP/1.1" 200 27
61.165.42.208 - - [19/Mar/2021:11:13:38 +0800] "GET /xingrg/check_reg.html?_=1616123600233 HTTP/1.1" 200 22
114.88.166.193 - - [19/Mar/2021:11:13:39 +0800] "GET /xingrg/kc/buy/cgsh_order_add.html HTTP/1.1" 200 62104
116.232.54.212 - - [19/Mar/2021:11:13:40 +0800] "GET /xingrg/all/function/internal_message.html?_=1616123617845&CODE_STATE=getMsg HTTP/1.1" 200 27
114.88.166.193 - - [19/Mar/2021:11:13:41 +0800] "POST /xingrg/kc/buy/cgsh_order_operate.html HTTP/1.1" 200 8245
114.88.166.193 - - [19/Mar/2021:11:13:41 +0800] "GET /xingrg/javascript/easyui/themes/default/validatebox.css HTTP/1.1" 404 1104
58.37.230.33 - - [19/Mar/2021:11:13:41 +0800] "GET /xingrg/all/function/internal_message.html?_=1616123642040&CODE_STATE=getMsg HTTP/1.1" 200 27
116.235.216.75 - - [19/Mar/2021:11:13:42 +0800] "GET /xingrg/kc/base/wldb_order_operate.html?command=get_materiel&rest_code=00107&base_code=0010151&code=00101019265 HTTP/1.1" 200 480
61.165.42.208 - - [19/Mar/2021:11:13:44 +0800] "GET /xingrg/kc/base/wldb_order_add.html HTTP/1.1" 200 30502
61.165.42.208 - - [19/Mar/2021:11:13:44 +0800] "GET /xingrg/javascript/easyui/themes/default/validatebox.css HTTP/1.1" 404 1104
61.165.42.208 - - [19/Mar/2021:11:13:44 +0800] "POST /xingrg/kc/base/wldb_order_operate.html HTTP/1.1" 200 6806
61.165.42.208 - - [19/Mar/2021:11:13:44 +0800] "GET /xingrg/kc/base/wldb_order_operate.html?command=get_materiel&rest_code=00105&base_code=0010507&code=00101019222 HTTP/1.1" 200 452
61.165.42.208 - - [19/Mar/2021:11:13:45 +0800] "POST /xingrg/all/common/load_combo.html?type=base HTTP/1.1" 200 3236
222.70.217.33 - - [19/Mar/2021:11:13:45 +0800] "GET /xingrg/check_reg.html?_=1616123623101 HTTP/1.1" 200 22
61.165.42.208 - - [19/Mar/2021:11:13:48 +0800] "GET /xingrg/all/function/internal_message.html?_=1616123629161&CODE_STATE=getMsg HTTP/1.1" 200 27
101.228.165.174 - - [19/Mar/2021:11:13:50 +0800] "GET /xingrg/all/function/internal_message.html?_=1616123646019&CODE_STATE=getMsg HTTP/1.1" 200 27
114.88.166.193 - - [19/Mar/2021:11:13:50 +0800] "GET /xingrg/kc/buy/cgsh_order_operate.html?command=get_materiel&rest_code=00111&code=00101001023&supplier_code=00100439&order_time=2021-03-19 HTTP/1.1" 200 415
61.165.42.208 - - [19/Mar/2021:11:13:51 +0800] "GET /xingrg/kc/base/wldb_order_operate.html?command=get_materiel&rest_code=00105&base_code=0010508&code=00102002204 HTTP/1.1" 200 434
58.37.230.33 - - [19/Mar/2021:11:13:53 +0800] "GET /xingrg/kc/buy/cgsh_order_operate.html?command=get_materiel&rest_code=00141&code=00101010017&supplier_code=00100323&order_time=2021-03-19 HTTP/1.1" 200 442
116.235.216.75 - - [19/Mar/2021:11:13:53 +0800] "GET /xingrg/kc/base/wldb_order_operate.html?command=get_materiel&rest_code=00107&base_code=0010151&code=00101016001 HTTP/1.1" 200 457
116.224.253.72 - - [19/Mar/2021:11:13:53 +0800] "GET /xingrg/all/function/internal_message.html?_=1616123631032&CODE_STATE=getMsg HTTP/1.1" 200 27
114.83.222.187 - - [19/Mar/2021:11:13:55 +0800] "GET /xingrg/all/function/internal_message.html?_=1616123630467&CODE_STATE=getMsg HTTP/1.1" 200 27
61.165.42.208 - - [19/Mar/2021:11:13:56 +0800] "GET /xingrg/kc/base/wldb_order_operate.html?command=get_materiel&rest_code=00105&base_code=0010508&code=00102002304 HTTP/1.1" 200 450
116.224.253.72 - - [19/Mar/2021:11:13:56 +0800] "GET /xingrg/all/function/internal_message.html?_=1616123589220&CODE_STATE=getMsg HTTP/1.1" 200 27
