117.185.32.26 - - [16/Mar/2021:10:22:19 +0800] "GET /xingrg/all/function/internal_message.html?_=1615861356450&CODE_STATE=getMsg HTTP/1.1" 200 27
101.85.93.83 - - [16/Mar/2021:10:22:20 +0800] "GET /xingrg/all/function/internal_message.html?_=1615860921665&CODE_STATE=getMsg HTTP/1.1" 200 27
180.169.147.146 - - [16/Mar/2021:10:22:20 +0800] "GET /xingrg/all/function/internal_message.html?_=1615861337096&CODE_STATE=getMsg HTTP/1.1" 200 27
58.37.230.33 - - [16/Mar/2021:10:22:21 +0800] "GET /xingrg/all/function/internal_message.html?_=1615861353593&CODE_STATE=getMsg HTTP/1.1" 200 27
61.151.207.141 - - [16/Mar/2021:10:22:21 +0800] "GET /xingrg/login.html HTTP/1.1" 200 7641
114.88.166.193 - - [16/Mar/2021:10:22:22 +0800] "POST /xingrg/kc/buy/cgsh_order_operate.html HTTP/1.1" 200 37
114.88.166.193 - - [16/Mar/2021:10:22:24 +0800] "POST /xingrg/kc/buy/cgsh_order_operate.html HTTP/1.1" 200 5697
116.232.54.132 - - [16/Mar/2021:10:22:26 +0800] "GET /xingrg/kc/buy/cgsh_order_operate.html?command=get_materiel&rest_code=00109&code=00101008032&supplier_code=00100005&order_time=2021-03-16 HTTP/1.1" 200 408
180.169.147.146 - - [16/Mar/2021:10:22:27 +0800] "GET /xingrg/all/function/internal_message.html?_=1615861334619&CODE_STATE=getMsg HTTP/1.1" 200 27
114.88.166.193 - - [16/Mar/2021:10:22:29 +0800] "GET /xingrg/all/function/internal_message.html?_=1615861346758&CODE_STATE=getMsg HTTP/1.1" 200 27
114.88.166.193 - - [16/Mar/2021:10:22:29 +0800] "GET /xingrg/kc/print/load_data.html?order_code=212021031606769&kc_code=cgsh&condition= HTTP/1.1" 200 1912
101.228.165.174 - - [16/Mar/2021:10:22:29 +0800] "GET /xingrg/all/function/internal_message.html?_=1615861353530&CODE_STATE=getMsg HTTP/1.1" 200 27
116.232.54.132 - - [16/Mar/2021:10:22:31 +0800] "GET /xingrg/kc/buy/cgsh_order_operate.html?command=get_materiel&rest_code=00109&code=00101008123&supplier_code=00100005&order_time=2021-03-16 HTTP/1.1" 200 412
116.224.253.72 - - [16/Mar/2021:10:22:32 +0800] "GET /xingrg/all/function/internal_message.html?_=1615861309526&CODE_STATE=getMsg HTTP/1.1" 200 27
180.169.147.146 - - [16/Mar/2021:10:22:38 +0800] "GET /xingrg/all/function/internal_message.html?_=1615861355970&CODE_STATE=getMsg HTTP/1.1" 200 27
116.232.54.132 - - [16/Mar/2021:10:22:38 +0800] "GET /xingrg/kc/buy/cgsh_order_operate.html?command=get_materiel&rest_code=00109&code=00101008010&supplier_code=00100005&order_time=2021-03-16 HTTP/1.1" 200 412
114.88.166.193 - - [16/Mar/2021:10:22:38 +0800] "GET /xingrg/kc/buy/cgsh_order_add.html HTTP/1.1" 200 62104
114.88.166.193 - - [16/Mar/2021:10:22:40 +0800] "POST /xingrg/kc/buy/cgsh_order_operate.html HTTP/1.1" 200 8245
114.88.166.193 - - [16/Mar/2021:10:22:40 +0800] "GET /xingrg/javascript/easyui/themes/default/validatebox.css HTTP/1.1" 404 1104
120.204.17.72 - - [16/Mar/2021:10:22:43 +0800] "GET /xingrg/all/function/internal_message.html?_=1615860936611&CODE_STATE=getMsg HTTP/1.1" 302 -
116.232.54.132 - - [16/Mar/2021:10:22:43 +0800] "GET /xingrg/kc/buy/cgsh_order_operate.html?command=get_materiel&rest_code=00109&code=00101015052&supplier_code=00100005&order_time=2021-03-16 HTTP/1.1" 200 413
180.169.147.146 - - [16/Mar/2021:10:22:44 +0800] "POST /xingrg/kc/buy/cgsh_list_operate.html HTTP/1.1" 200 1696
58.40.7.146 - - [16/Mar/2021:10:22:44 +0800] "GET /xingrg/all/function/internal_message.html?_=1615861364088&CODE_STATE=getMsg HTTP/1.1" 302 -
116.232.54.132 - - [16/Mar/2021:10:22:45 +0800] "POST /xingrg/kc/buy/cgsh_order_operate.html HTTP/1.1" 200 2065
180.169.147.146 - - [16/Mar/2021:10:22:45 +0800] "POST /xingrg/kc/buy/cgsh_list_operate.html HTTP/1.1" 200 284
120.253.135.82 - - [16/Mar/2021:10:22:45 +0800] "GET /xingrg/all/function/internal_message.html?_=1615860903908&CODE_STATE=getMsg HTTP/1.1" 200 27
120.204.17.72 - - [16/Mar/2021:10:22:45 +0800] "GET /xingrg/login.html HTTP/1.1" 200 7641
180.169.147.146 - - [16/Mar/2021:10:22:46 +0800] "POST /xingrg/all/common/list_setting.html HTTP/1.1" 200 3730
116.232.54.132 - - [16/Mar/2021:10:22:48 +0800] "GET /xingrg/kc/buy/cgsh_order_operate.html?command=get_materiel&rest_code=00109&code=00101015044&supplier_code=00100005&order_time=2021-03-16 HTTP/1.1" 200 408
180.169.147.146 - - [16/Mar/2021:10:22:51 +0800] "POST /xingrg/kc/buy/cgsh_list_operate.html HTTP/1.1" 200 4
180.169.147.146 - - [16/Mar/2021:10:22:53 +0800] "POST /xingrg/kc/buy/cgsh_list_operate.html HTTP/1.1" 200 876
116.232.54.132 - - [16/Mar/2021:10:22:53 +0800] "GET /xingrg/kc/buy/cgsh_order_operate.html?command=get_materiel&rest_code=00109&code=00101015046&supplier_code=00100005&order_time=2021-03-16 HTTP/1.1" 200 412
101.228.165.174 - - [16/Mar/2021:10:22:54 +0800] "GET /xingrg/all/function/internal_message.html?_=1615861378917&CODE_STATE=getMsg HTTP/1.1" 200 27
116.224.253.72 - - [16/Mar/2021:10:22:54 +0800] "GET /xingrg/all/function/internal_message.html?_=1615861373140&CODE_STATE=getMsg HTTP/1.1" 200 27
222.70.216.222 - - [16/Mar/2021:10:22:55 +0800] "GET /xingrg/all/function/internal_message.html?_=1615861374690&CODE_STATE=getMsg HTTP/1.1" 200 27
114.86.187.76 - - [16/Mar/2021:10:22:57 +0800] "GET /xingrg/all/function/internal_message.html?_=1615861378243&CODE_STATE=getMsg HTTP/1.1" 200 27
116.235.216.75 - - [16/Mar/2021:10:22:58 +0800] "GET /xingrg/all/function/internal_message.html?_=1615861376442&CODE_STATE=getMsg HTTP/1.1" 200 27
117.185.32.26 - - [16/Mar/2021:10:22:59 +0800] "GET /xingrg/all/function/internal_message.html?_=1615861886893&CODE_STATE=getMsg HTTP/1.1" 200 27
117.185.32.26 - - [16/Mar/2021:10:22:59 +0800] "GET /xingrg/check_reg.html?_=1615861886913 HTTP/1.1" 200 22
116.232.54.132 - - [16/Mar/2021:10:22:59 +0800] "GET /xingrg/kc/buy/cgsh_order_operate.html?command=get_materiel&rest_code=00109&code=00101008103&supplier_code=00100005&order_time=2021-03-16 HTTP/1.1" 200 417
180.161.117.36 - - [16/Mar/2021:10:23:05 +0800] "GET /xingrg/check_reg.html?_=1615861650142 HTTP/1.1" 200 22
114.88.166.193 - - [16/Mar/2021:10:23:06 +0800] "GET /xingrg/kc/buy/cgsh_order_operate.html?command=get_materiel&rest_code=00111&code=00102005464&supplier_code=00100076&order_time=2021-03-16 HTTP/1.1" 200 417
116.232.54.132 - - [16/Mar/2021:10:23:06 +0800] "GET /xingrg/all/function/internal_message.html?_=1615861388160&CODE_STATE=getMsg HTTP/1.1" 200 27
120.253.135.82 - - [16/Mar/2021:10:23:06 +0800] "GET /xingrg/kc/buy/cgsh_order_operate.html?command=get_materiel&rest_code=00101&code=00102002815&supplier_code=00100399&order_time=2021-03-16 HTTP/1.1" 200 408
180.169.147.146 - - [16/Mar/2021:10:23:07 +0800] "GET /xingrg/all/function/internal_message.html?_=1615861388711&CODE_STATE=getMsg HTTP/1.1" 302 -
180.161.117.36 - - [16/Mar/2021:10:23:09 +0800] "GET /xingrg/all/function/internal_message.html?_=1615861653084&CODE_STATE=getMsg HTTP/1.1" 200 27
116.232.54.132 - - [16/Mar/2021:10:23:09 +0800] "GET /xingrg/kc/buy/cgsh_order_operate.html?command=get_materiel&rest_code=00109&code=00101015065&supplier_code=00100005&order_time=2021-03-16 HTTP/1.1" 200 413
61.165.42.208 - - [16/Mar/2021:10:23:17 +0800] "GET /xingrg/all/function/internal_message.html?_=1615861397138&CODE_STATE=getMsg HTTP/1.1" 200 27
61.165.42.208 - - [16/Mar/2021:10:23:17 +0800] "GET /xingrg/check_reg.html?_=1615861397142 HTTP/1.1" 200 22
116.232.54.132 - - [16/Mar/2021:10:23:19 +0800] "GET /xingrg/kc/buy/cgsh_order_operate.html?command=get_materiel&rest_code=00109&code=00101008087&supplier_code=00100005&order_time=2021-03-16 HTTP/1.1" 200 412
117.185.32.26 - - [16/Mar/2021:10:23:19 +0800] "GET /xingrg/all/function/internal_message.html?_=1615861416427&CODE_STATE=getMsg HTTP/1.1" 200 27
101.85.93.83 - - [16/Mar/2021:10:23:20 +0800] "GET /xingrg/all/function/internal_message.html?_=1615860981664&CODE_STATE=getMsg HTTP/1.1" 200 27
180.169.147.146 - - [16/Mar/2021:10:23:20 +0800] "GET /xingrg/all/function/internal_message.html?_=1615861397104&CODE_STATE=getMsg HTTP/1.1" 200 27
58.37.230.33 - - [16/Mar/2021:10:23:21 +0800] "GET /xingrg/all/function/internal_message.html?_=1615861413590&CODE_STATE=getMsg HTTP/1.1" 200 27
116.232.54.132 - - [16/Mar/2021:10:23:21 +0800] "POST /xingrg/kc/buy/cgsh_order_operate.html HTTP/1.1" 200 2065
116.232.54.132 - - [16/Mar/2021:10:23:25 +0800] "GET /xingrg/kc/buy/cgsh_order_operate.html?command=get_materiel&rest_code=00109&code=00101008300&supplier_code=00100005&order_time=2021-03-16 HTTP/1.1" 200 412
180.169.147.146 - - [16/Mar/2021:10:23:27 +0800] "GET /xingrg/all/function/internal_message.html?_=1615861394620&CODE_STATE=getMsg HTTP/1.1" 200 27
114.88.166.193 - - [16/Mar/2021:10:23:29 +0800] "GET /xingrg/all/function/internal_message.html?_=1615861406845&CODE_STATE=getMsg HTTP/1.1" 200 27
101.228.165.174 - - [16/Mar/2021:10:23:29 +0800] "GET /xingrg/all/function/internal_message.html?_=1615861413596&CODE_STATE=getMsg HTTP/1.1" 200 27
116.232.54.132 - - [16/Mar/2021:10:23:30 +0800] "GET /xingrg/kc/buy/cgsh_order_operate.html?command=get_materiel&rest_code=00109&code=00101008270&supplier_code=00100005&order_time=2021-03-16 HTTP/1.1" 200 412
180.169.147.146 - - [16/Mar/2021:10:23:30 +0800] "GET /xingrg/check_reg.html?_=1615861408677 HTTP/1.1" 200 22
116.224.253.72 - - [16/Mar/2021:10:23:32 +0800] "GET /xingrg/all/function/internal_message.html?_=1615861369564&CODE_STATE=getMsg HTTP/1.1" 200 27
116.232.54.132 - - [16/Mar/2021:10:23:35 +0800] "GET /xingrg/kc/buy/cgsh_order_operate.html?command=get_materiel&rest_code=00109&code=00101008359&supplier_code=00100005&order_time=2021-03-16 HTTP/1.1" 200 408
180.169.147.146 - - [16/Mar/2021:10:23:38 +0800] "GET /xingrg/all/function/internal_message.html?_=1615861415943&CODE_STATE=getMsg HTTP/1.1" 200 27
116.232.54.132 - - [16/Mar/2021:10:23:42 +0800] "GET /xingrg/kc/buy/cgsh_order_operate.html?command=get_materiel&rest_code=00109&code=00101008036&supplier_code=00100005&order_time=2021-03-16 HTTP/1.1" 200 408
58.40.7.146 - - [16/Mar/2021:10:23:44 +0800] "GET /xingrg/all/function/internal_message.html?_=1615861424076&CODE_STATE=getMsg HTTP/1.1" 302 -
120.253.135.82 - - [16/Mar/2021:10:23:45 +0800] "GET /xingrg/all/function/internal_message.html?_=1615860963900&CODE_STATE=getMsg HTTP/1.1" 200 27
116.232.54.132 - - [16/Mar/2021:10:23:50 +0800] "GET /xingrg/kc/buy/cgsh_order_operate.html?command=get_materiel&rest_code=00109&code=00101008137&supplier_code=00100005&order_time=2021-03-16 HTTP/1.1" 200 408
101.228.165.174 - - [16/Mar/2021:10:23:53 +0800] "GET /xingrg/check_reg.html?_=1615861437770 HTTP/1.1" 200 22
116.232.54.132 - - [16/Mar/2021:10:23:53 +0800] "POST /xingrg/kc/buy/cgsh_order_operate.html HTTP/1.1" 200 2065
101.228.165.73 - - [16/Mar/2021:10:23:53 +0800] "POST /xingrg/services/DataTransmitService HTTP/1.1" 200 524
101.228.165.174 - - [16/Mar/2021:10:23:54 +0800] "GET /xingrg/all/function/internal_message.html?_=1615861438930&CODE_STATE=getMsg HTTP/1.1" 200 27
116.224.253.72 - - [16/Mar/2021:10:23:54 +0800] "GET /xingrg/all/function/internal_message.html?_=1615861433144&CODE_STATE=getMsg HTTP/1.1" 200 27
101.228.165.73 - - [16/Mar/2021:10:23:54 +0800] "POST /xingrg/services/DataTransmitService HTTP/1.1" 200 501
101.228.165.73 - - [16/Mar/2021:10:23:54 +0800] "POST /xingrg/services/DataTransmitService HTTP/1.1" 200 524
222.70.216.222 - - [16/Mar/2021:10:23:55 +0800] "GET /xingrg/all/function/internal_message.html?_=1615861434660&CODE_STATE=getMsg HTTP/1.1" 200 27
116.232.54.132 - - [16/Mar/2021:10:23:57 +0800] "GET /xingrg/kc/buy/cgsh_order_operate.html?command=get_materiel&rest_code=00109&code=00101015070&supplier_code=00100005&order_time=2021-03-16 HTTP/1.1" 200 412
101.228.165.73 - - [16/Mar/2021:10:23:57 +0800] "POST /xingrg/services/DataTransmitService HTTP/1.1" 200 501
101.228.165.73 - - [16/Mar/2021:10:23:57 +0800] "POST /xingrg/services/DataTransmitService HTTP/1.1" 200 501
114.86.187.76 - - [16/Mar/2021:10:23:58 +0800] "GET /xingrg/all/function/internal_message.html?_=1615861438264&CODE_STATE=getMsg HTTP/1.1" 200 27
120.253.135.82 - - [16/Mar/2021:10:23:58 +0800] "GET /xingrg/check_reg.html?_=1615861210510 HTTP/1.1" 200 22
116.235.216.75 - - [16/Mar/2021:10:23:58 +0800] "GET /xingrg/all/function/internal_message.html?_=1615861436421&CODE_STATE=getMsg HTTP/1.1" 200 27
101.228.165.73 - - [16/Mar/2021:10:23:58 +0800] "POST /xingrg/services/DataTransmitService HTTP/1.1" 200 501
117.185.32.26 - - [16/Mar/2021:10:23:59 +0800] "GET /xingrg/all/function/internal_message.html?_=1615861946895&CODE_STATE=getMsg HTTP/1.1" 200 27
101.228.165.73 - - [16/Mar/2021:10:24:00 +0800] "POST /xingrg/services/DataTransmitService HTTP/1.1" 200 501
101.228.165.73 - - [16/Mar/2021:10:24:00 +0800] "POST /xingrg/services/DataTransmitService HTTP/1.1" 200 501
101.228.165.73 - - [16/Mar/2021:10:24:00 +0800] "POST /xingrg/services/DataTransmitService HTTP/1.1" 200 501
101.228.165.73 - - [16/Mar/2021:10:24:01 +0800] "POST /xingrg/services/DataTransmitService HTTP/1.1" 200 501
101.228.165.73 - - [16/Mar/2021:10:24:01 +0800] "POST /xingrg/services/DataTransmitService HTTP/1.1" 200 501
101.228.165.73 - - [16/Mar/2021:10:24:01 +0800] "POST /xingrg/services/DataTransmitService HTTP/1.1" 200 501
120.253.135.82 - - [16/Mar/2021:10:24:03 +0800] "GET /xingrg/kc/buy/cgsh_order_operate.html?command=get_materiel&rest_code=00101&code=00102002571&supplier_code=00100399&order_time=2021-03-16 HTTP/1.1" 200 416
101.228.165.73 - - [16/Mar/2021:10:24:03 +0800] "POST /xingrg/services/DataTransmitService HTTP/1.1" 200 412
116.232.54.132 - - [16/Mar/2021:10:24:06 +0800] "GET /xingrg/all/function/internal_message.html?_=1615861448143&CODE_STATE=getMsg HTTP/1.1" 200 27
180.169.147.146 - - [16/Mar/2021:10:24:07 +0800] "GET /xingrg/all/function/internal_message.html?_=1615861448725&CODE_STATE=getMsg HTTP/1.1" 302 -
101.228.165.73 - - [16/Mar/2021:10:24:08 +0800] "POST /xingrg/services/DataTransmitService HTTP/1.1" 200 524
101.228.165.73 - - [16/Mar/2021:10:24:08 +0800] "POST /xingrg/services/DataTransmitService HTTP/1.1" 200 524
101.228.165.73 - - [16/Mar/2021:10:24:09 +0800] "POST /xingrg/services/DataTransmitService HTTP/1.1" 200 524
180.161.117.36 - - [16/Mar/2021:10:24:09 +0800] "GET /xingrg/all/function/internal_message.html?_=1615861713331&CODE_STATE=getMsg HTTP/1.1" 200 27
101.228.165.73 - - [16/Mar/2021:10:24:09 +0800] "POST /xingrg/services/DataTransmitService HTTP/1.1" 200 524
101.228.165.174 - - [16/Mar/2021:10:24:09 +0800] "GET /xingrg/check_reg.html?_=1615861453713 HTTP/1.1" 200 22
61.165.42.208 - - [16/Mar/2021:10:24:17 +0800] "GET /xingrg/all/function/internal_message.html?_=1615861457141&CODE_STATE=getMsg HTTP/1.1" 200 27
117.185.32.26 - - [16/Mar/2021:10:24:19 +0800] "GET /xingrg/all/function/internal_message.html?_=1615861476404&CODE_STATE=getMsg HTTP/1.1" 200 27
101.85.93.83 - - [16/Mar/2021:10:24:20 +0800] "GET /xingrg/all/function/internal_message.html?_=1615861041673&CODE_STATE=getMsg HTTP/1.1" 200 27
180.169.147.146 - - [16/Mar/2021:10:24:20 +0800] "GET /xingrg/check_reg.html?_=1615861457091 HTTP/1.1" 200 22
180.169.147.146 - - [16/Mar/2021:10:24:20 +0800] "GET /xingrg/all/function/internal_message.html?_=1615861457096&CODE_STATE=getMsg HTTP/1.1" 200 27
58.37.230.33 - - [16/Mar/2021:10:24:21 +0800] "GET /xingrg/all/function/internal_message.html?_=1615861473592&CODE_STATE=getMsg HTTP/1.1" 200 27
180.169.147.146 - - [16/Mar/2021:10:24:27 +0800] "GET /xingrg/all/function/internal_message.html?_=1615861454626&CODE_STATE=getMsg HTTP/1.1" 200 27
180.169.147.146 - - [16/Mar/2021:10:24:27 +0800] "GET /xingrg/check_reg.html?_=1615861454628 HTTP/1.1" 200 22
114.88.166.193 - - [16/Mar/2021:10:24:29 +0800] "GET /xingrg/all/function/internal_message.html?_=1615861466858&CODE_STATE=getMsg HTTP/1.1" 200 27
101.228.165.174 - - [16/Mar/2021:10:24:29 +0800] "GET /xingrg/all/function/internal_message.html?_=1615861473603&CODE_STATE=getMsg HTTP/1.1" 200 27
114.88.166.193 - - [16/Mar/2021:10:24:31 +0800] "GET /xingrg/kc/buy/cgsh_order_operate.html?command=get_materiel&rest_code=00111&code=00102005221&supplier_code=00100076&order_time=2021-03-16 HTTP/1.1" 200 413
116.224.253.72 - - [16/Mar/2021:10:24:32 +0800] "GET /xingrg/all/function/internal_message.html?_=1615861429569&CODE_STATE=getMsg HTTP/1.1" 200 27
180.169.147.146 - - [16/Mar/2021:10:24:38 +0800] "GET /xingrg/all/function/internal_message.html?_=1615861475925&CODE_STATE=getMsg HTTP/1.1" 200 27
58.40.7.146 - - [16/Mar/2021:10:24:44 +0800] "GET /xingrg/all/function/internal_message.html?_=1615861484080&CODE_STATE=getMsg HTTP/1.1" 302 -
120.253.135.82 - - [16/Mar/2021:10:24:45 +0800] "GET /xingrg/all/function/internal_message.html?_=1615861023876&CODE_STATE=getMsg HTTP/1.1" 200 27
101.228.165.174 - - [16/Mar/2021:10:24:54 +0800] "GET /xingrg/all/function/internal_message.html?_=1615861498943&CODE_STATE=getMsg HTTP/1.1" 200 27
101.89.239.120 - - [16/Mar/2021:10:24:54 +0800] "GET /xingrg/check_reg.html?_=1615861293591 HTTP/1.1" 302 -
116.224.253.72 - - [16/Mar/2021:10:24:54 +0800] "GET /xingrg/check_reg.html?_=1615861493144 HTTP/1.1" 200 22
116.224.253.72 - - [16/Mar/2021:10:24:54 +0800] "GET /xingrg/all/function/internal_message.html?_=1615861493160&CODE_STATE=getMsg HTTP/1.1" 200 27
222.70.216.222 - - [16/Mar/2021:10:24:55 +0800] "GET /xingrg/all/function/internal_message.html?_=1615861494645&CODE_STATE=getMsg HTTP/1.1" 200 27
101.85.52.2 - - [16/Mar/2021:10:24:56 +0800] "GET /favicon.ico HTTP/1.1" 404 -
114.86.187.76 - - [16/Mar/2021:10:24:58 +0800] "GET /xingrg/all/function/internal_message.html?_=1615861498271&CODE_STATE=getMsg HTTP/1.1" 200 27
116.235.216.75 - - [16/Mar/2021:10:24:58 +0800] "GET /xingrg/all/function/internal_message.html?_=1615861496397&CODE_STATE=getMsg HTTP/1.1" 200 27
117.185.32.26 - - [16/Mar/2021:10:24:59 +0800] "GET /xingrg/all/function/internal_message.html?_=1615862006890&CODE_STATE=getMsg HTTP/1.1" 200 27
101.89.239.120 - - [16/Mar/2021:10:24:59 +0800] "GET /xingrg/login.html HTTP/1.1" 200 7641
101.85.52.2 - - [16/Mar/2021:10:24:59 +0800] "GET /xingrg/login.html HTTP/1.1" 200 7641
114.88.166.193 - - [16/Mar/2021:10:25:01 +0800] "POST /xingrg/kc/buy/cgsh_order_operate.html HTTP/1.1" 200 37
101.85.52.2 - - [16/Mar/2021:10:25:02 +0800] "GET /favicon.ico HTTP/1.1" 404 -
114.88.166.193 - - [16/Mar/2021:10:25:02 +0800] "POST /xingrg/kc/buy/cgsh_order_operate.html HTTP/1.1" 200 3257
114.88.166.193 - - [16/Mar/2021:10:25:04 +0800] "GET /xingrg/kc/print/load_data.html?order_code=212021031606770&kc_code=cgsh&condition= HTTP/1.1" 200 938
116.232.54.132 - - [16/Mar/2021:10:25:06 +0800] "GET /xingrg/all/function/internal_message.html?_=1615861508159&CODE_STATE=getMsg HTTP/1.1" 200 27
180.169.147.146 - - [16/Mar/2021:10:25:07 +0800] "GET /xingrg/all/function/internal_message.html?_=1615861508711&CODE_STATE=getMsg HTTP/1.1" 302 -
114.86.187.76 - - [16/Mar/2021:10:25:09 +0800] "GET /xingrg/kc/mdqp/pssh_order_list.html HTTP/1.1" 200 17927
114.86.187.76 - - [16/Mar/2021:10:25:09 +0800] "GET /xingrg/css/base.css HTTP/1.1" 304 -
114.86.187.76 - - [16/Mar/2021:10:25:09 +0800] "GET /xingrg/javascript/easyui/themes/icon.css HTTP/1.1" 304 -
114.86.187.76 - - [16/Mar/2021:10:25:09 +0800] "GET /xingrg/javascript/jquery_tools/jquery.tools.table.js HTTP/1.1" 304 -
114.86.187.76 - - [16/Mar/2021:10:25:09 +0800] "GET /xingrg/css/site.css HTTP/1.1" 304 -
114.86.187.76 - - [16/Mar/2021:10:25:09 +0800] "GET /xingrg/javascript/jquery_tools/list_manager.js HTTP/1.1" 304 -
180.161.117.36 - - [16/Mar/2021:10:25:09 +0800] "GET /xingrg/all/function/internal_message.html?_=1615861773348&CODE_STATE=getMsg HTTP/1.1" 200 27
114.86.187.76 - - [16/Mar/2021:10:25:09 +0800] "GET /xingrg/javascript/easyui/themes/default/easyui.css HTTP/1.1" 304 -
114.86.187.76 - - [16/Mar/2021:10:25:09 +0800] "GET /xingrg/javascript/jquery_tools/fix.css HTTP/1.1" 304 -
114.86.187.76 - - [16/Mar/2021:10:25:09 +0800] "GET /xingrg/javascript/auto/jquery.autocomplete.css HTTP/1.1" 304 -
114.86.187.76 - - [16/Mar/2021:10:25:09 +0800] "GET /xingrg/javascript/jquery_tools/table.css HTTP/1.1" 304 -
114.86.187.76 - - [16/Mar/2021:10:25:09 +0800] "GET /xingrg/javascript/easyui/easyloader.js HTTP/1.1" 304 -
114.86.187.76 - - [16/Mar/2021:10:25:09 +0800] "GET /xingrg/javascript/jquery_tools/jquery.tools.min.js HTTP/1.1" 304 -
114.86.187.76 - - [16/Mar/2021:10:25:09 +0800] "GET /xingrg/javascript/jquery_tools/jquery.tools.extend.js HTTP/1.1" 304 -
114.86.187.76 - - [16/Mar/2021:10:25:09 +0800] "GET /xingrg/javascript/jquery_tools/jquery.tools.hotkey.js HTTP/1.1" 304 -
114.86.187.76 - - [16/Mar/2021:10:25:09 +0800] "GET /xingrg/javascript/jquery_tools/datebox.css HTTP/1.1" 304 -
114.86.187.76 - - [16/Mar/2021:10:25:09 +0800] "GET /xingrg/javascript/auto/jquery.autocomplete.js HTTP/1.1" 304 -
114.86.187.76 - - [16/Mar/2021:10:25:09 +0800] "GET /xingrg/javascript/jquery.utils.js HTTP/1.1" 304 -
114.86.187.76 - - [16/Mar/2021:10:25:09 +0800] "GET /xingrg/javascript/jquery.cookie.js HTTP/1.1" 304 -
114.86.187.76 - - [16/Mar/2021:10:25:09 +0800] "GET /xingrg/javascript/easyui/themes/icons/field_new.png HTTP/1.1" 304 -
114.86.187.76 - - [16/Mar/2021:10:25:09 +0800] "GET /xingrg/javascript/easyui/plugins/jquery.parser.js HTTP/1.1" 304 -
114.86.187.76 - - [16/Mar/2021:10:25:09 +0800] "GET /xingrg/images/control/ajaxLoader.gif HTTP/1.1" 304 -
114.86.187.76 - - [16/Mar/2021:10:25:09 +0800] "POST /xingrg/kc/mdqp/pssh_list_operate.html HTTP/1.1" 200 5507
114.86.187.76 - - [16/Mar/2021:10:25:11 +0800] "POST /xingrg/kc/mdqp/pssh_list_operate.html HTTP/1.1" 200 1605
114.86.187.76 - - [16/Mar/2021:10:25:13 +0800] "GET /xingrg/css/site.css HTTP/1.1" 304 -
114.86.187.76 - - [16/Mar/2021:10:25:13 +0800] "GET /xingrg/javascript/auto/jquery.autocomplete.css HTTP/1.1" 304 -
114.86.187.76 - - [16/Mar/2021:10:25:13 +0800] "GET /xingrg/css/base.css HTTP/1.1" 304 -
114.86.187.76 - - [16/Mar/2021:10:25:13 +0800] "GET /xingrg/javascript/easyui/themes/default/easyui.css HTTP/1.1" 304 -
114.86.187.76 - - [16/Mar/2021:10:25:13 +0800] "GET /xingrg/javascript/jquery_tools/datebox.css HTTP/1.1" 304 -
114.86.187.76 - - [16/Mar/2021:10:25:13 +0800] "GET /xingrg/javascript/easyui/themes/icon.css HTTP/1.1" 304 -
114.86.187.76 - - [16/Mar/2021:10:25:13 +0800] "GET /xingrg/javascript/jquery_tools/table.css HTTP/1.1" 304 -
114.86.187.76 - - [16/Mar/2021:10:25:13 +0800] "GET /xingrg/javascript/jquery_tools/fix.css HTTP/1.1" 304 -
114.86.187.76 - - [16/Mar/2021:10:25:13 +0800] "GET /xingrg/javascript/jquery_tools/jquery.tools.hotkey.js HTTP/1.1" 304 -
114.86.187.76 - - [16/Mar/2021:10:25:13 +0800] "GET /xingrg/javascript/jquery_tools/jquery.tools.min.js HTTP/1.1" 304 -
114.86.187.76 - - [16/Mar/2021:10:25:13 +0800] "GET /xingrg/javascript/jquery_tools/jquery.tools.extend.js HTTP/1.1" 304 -
114.86.187.76 - - [16/Mar/2021:10:25:13 +0800] "GET /xingrg/javascript/jquery_tools/list_manager.js HTTP/1.1" 304 -
114.86.187.76 - - [16/Mar/2021:10:25:13 +0800] "GET /xingrg/javascript/jquery_tools/jquery.tools.table.js HTTP/1.1" 304 -
114.86.187.76 - - [16/Mar/2021:10:25:13 +0800] "GET /xingrg/javascript/easyui/easyloader.js HTTP/1.1" 304 -
114.86.187.76 - - [16/Mar/2021:10:25:13 +0800] "GET /xingrg/javascript/auto/jquery.autocomplete.js HTTP/1.1" 304 -
114.86.187.76 - - [16/Mar/2021:10:25:13 +0800] "GET /xingrg/javascript/print/LodopFuncs.js HTTP/1.1" 304 -
114.86.187.76 - - [16/Mar/2021:10:25:13 +0800] "GET /xingrg/javascript/jquery.utils.js HTTP/1.1" 304 -
114.86.187.76 - - [16/Mar/2021:10:25:13 +0800] "GET /xingrg/javascript/jquery.cookie.js HTTP/1.1" 304 -
114.86.187.76 - - [16/Mar/2021:10:25:13 +0800] "GET /xingrg/kc/buy/cgsh_order_list.html HTTP/1.1" 200 46372
114.86.187.76 - - [16/Mar/2021:10:25:13 +0800] "GET /xingrg/javascript/easyui/themes/icons/edit_add_new.png HTTP/1.1" 304 -
114.86.187.76 - - [16/Mar/2021:10:25:13 +0800] "GET /xingrg/javascript/easyui/themes/icons/cance_new.png HTTP/1.1" 304 -
114.86.187.76 - - [16/Mar/2021:10:25:13 +0800] "GET /xingrg/javascript/easyui/themes/icons/check_new.png HTTP/1.1" 304 -
114.86.187.76 - - [16/Mar/2021:10:25:13 +0800] "GET /xingrg/javascript/easyui/themes/icons/import_new.png HTTP/1.1" 304 -
114.86.187.76 - - [16/Mar/2021:10:25:13 +0800] "GET /xingrg/javascript/easyui/plugins/jquery.parser.js HTTP/1.1" 304 -
114.86.187.76 - - [16/Mar/2021:10:25:14 +0800] "POST /xingrg/kc/buy/cgsh_list_operate.html HTTP/1.1" 200 876
114.88.166.193 - - [16/Mar/2021:10:25:15 +0800] "GET /xingrg/kc/buy/cgsh_order_add.html HTTP/1.1" 200 62104
114.88.166.193 - - [16/Mar/2021:10:25:17 +0800] "POST /xingrg/kc/buy/cgsh_order_operate.html HTTP/1.1" 200 8245
61.165.42.208 - - [16/Mar/2021:10:25:17 +0800] "GET /xingrg/all/function/internal_message.html?_=1615861517141&CODE_STATE=getMsg HTTP/1.1" 200 27
114.88.166.193 - - [16/Mar/2021:10:25:17 +0800] "GET /xingrg/javascript/easyui/themes/default/validatebox.css HTTP/1.1" 404 1104
117.185.32.26 - - [16/Mar/2021:10:25:19 +0800] "GET /xingrg/all/function/internal_message.html?_=1615861536380&CODE_STATE=getMsg HTTP/1.1" 200 27
101.85.93.83 - - [16/Mar/2021:10:25:20 +0800] "GET /xingrg/check_reg.html?_=1615861101673 HTTP/1.1" 200 22
101.85.93.83 - - [16/Mar/2021:10:25:20 +0800] "GET /xingrg/all/function/internal_message.html?_=1615861101671&CODE_STATE=getMsg HTTP/1.1" 200 27
180.169.147.146 - - [16/Mar/2021:10:25:20 +0800] "GET /xingrg/all/function/internal_message.html?_=1615861517101&CODE_STATE=getMsg HTTP/1.1" 200 27
116.235.216.75 - - [16/Mar/2021:10:25:21 +0800] "POST /xingrg/kc/buy/cgsh_order_operate.html HTTP/1.1" 200 37
58.37.230.33 - - [16/Mar/2021:10:25:21 +0800] "GET /xingrg/all/function/internal_message.html?_=1615861533597&CODE_STATE=getMsg HTTP/1.1" 200 27
116.235.216.75 - - [16/Mar/2021:10:25:22 +0800] "POST /xingrg/kc/buy/cgsh_order_operate.html HTTP/1.1" 200 9829
180.169.147.146 - - [16/Mar/2021:10:25:27 +0800] "GET /xingrg/all/function/internal_message.html?_=1615861514630&CODE_STATE=getMsg HTTP/1.1" 200 27
116.235.216.75 - - [16/Mar/2021:10:25:29 +0800] "GET /xingrg/kc/print/load_data.html?order_code=212021031606771&kc_code=cgsh&condition= HTTP/1.1" 200 3415
114.88.166.193 - - [16/Mar/2021:10:25:29 +0800] "GET /xingrg/all/function/internal_message.html?_=1615861526870&CODE_STATE=getMsg HTTP/1.1" 200 27
101.228.165.174 - - [16/Mar/2021:10:25:29 +0800] "GET /xingrg/all/function/internal_message.html?_=1615861533617&CODE_STATE=getMsg HTTP/1.1" 200 27
116.224.253.72 - - [16/Mar/2021:10:25:35 +0800] "GET /xingrg/check_reg.html?_=1615861489388 HTTP/1.1" 200 22
116.224.253.72 - - [16/Mar/2021:10:25:35 +0800] "GET /xingrg/all/function/internal_message.html?_=1615861489583&CODE_STATE=getMsg HTTP/1.1" 200 27
180.169.147.146 - - [16/Mar/2021:10:25:38 +0800] "GET /xingrg/all/function/internal_message.html?_=1615861535904&CODE_STATE=getMsg HTTP/1.1" 200 27
116.232.54.132 - - [16/Mar/2021:10:25:38 +0800] "POST /xingrg/kc/buy/cgsh_order_operate.html HTTP/1.1" 200 37
114.88.166.193 - - [16/Mar/2021:10:25:38 +0800] "GET /xingrg/kc/buy/cgsh_order_operate.html?command=get_materiel&rest_code=00111&code=00102006808&supplier_code=00100249&order_time=2021-03-16 HTTP/1.1" 200 406
116.232.54.132 - - [16/Mar/2021:10:25:40 +0800] "POST /xingrg/kc/buy/cgsh_order_operate.html HTTP/1.1" 200 31672
116.232.54.132 - - [16/Mar/2021:10:25:42 +0800] "GET /xingrg/kc/print/load_config.html?kc_code=cgsh HTTP/1.1" 200 1845
116.232.54.132 - - [16/Mar/2021:10:25:42 +0800] "GET /xingrg/kc/print/load_data.html?order_code=212021031606772&kc_code=cgsh&condition= HTTP/1.1" 200 11704
61.165.42.208 - - [16/Mar/2021:10:25:43 +0800] "GET /xingrg/kc/buy/cgsh_order_add.html HTTP/1.1" 200 62151
61.165.42.208 - - [16/Mar/2021:10:25:43 +0800] "POST /xingrg/kc/buy/cgsh_order_operate.html HTTP/1.1" 200 8245
61.165.42.208 - - [16/Mar/2021:10:25:43 +0800] "GET /xingrg/javascript/easyui/themes/default/validatebox.css HTTP/1.1" 404 1104
58.40.7.146 - - [16/Mar/2021:10:25:44 +0800] "GET /xingrg/all/function/internal_message.html?_=1615861544086&CODE_STATE=getMsg HTTP/1.1" 302 -
58.40.7.146 - - [16/Mar/2021:10:25:44 +0800] "GET /xingrg/check_reg.html?_=1615861544088 HTTP/1.1" 302 -
120.253.135.82 - - [16/Mar/2021:10:25:45 +0800] "GET /xingrg/check_reg.html?_=1615861083320 HTTP/1.1" 200 22
120.253.135.82 - - [16/Mar/2021:10:25:45 +0800] "GET /xingrg/all/function/internal_message.html?_=1615861083836&CODE_STATE=getMsg HTTP/1.1" 200 27
120.253.135.82 - - [16/Mar/2021:10:25:46 +0800] "POST /xingrg/kc/buy/cgsh_order_operate.html HTTP/1.1" 200 37
101.228.165.73 - - [16/Mar/2021:10:25:48 +0800] "POST /xingrg/services/DataTransmitService HTTP/1.1" 200 524
101.228.165.73 - - [16/Mar/2021:10:25:49 +0800] "POST /xingrg/services/DataTransmitService HTTP/1.1" 200 2167
101.228.165.73 - - [16/Mar/2021:10:25:49 +0800] "POST /xingrg/services/DataTransmitService HTTP/1.1" 200 178388
114.88.166.193 - - [16/Mar/2021:10:25:50 +0800] "POST /xingrg/kc/buy/cgsh_order_operate.html HTTP/1.1" 200 37
120.253.135.82 - - [16/Mar/2021:10:25:50 +0800] "POST /xingrg/kc/buy/cgsh_order_operate.html HTTP/1.1" 200 12
120.253.135.82 - - [16/Mar/2021:10:25:51 +0800] "GET /xingrg/kc/buy/cgsh_order_info.html?code=212021031606773 HTTP/1.1" 200 56020
120.253.135.82 - - [16/Mar/2021:10:25:51 +0800] "GET /xingrg/javascript/easyui/themes/default/validatebox.css HTTP/1.1" 404 1104
120.253.135.82 - - [16/Mar/2021:10:25:52 +0800] "POST /xingrg/kc/buy/cgsh_order_operate.html HTTP/1.1" 200 3612
114.88.166.193 - - [16/Mar/2021:10:25:53 +0800] "POST /xingrg/kc/buy/cgsh_order_operate.html HTTP/1.1" 200 2666
120.253.135.82 - - [16/Mar/2021:10:25:53 +0800] "GET /xingrg/kc/print/load_data.html?order_code=212021031606773&kc_code=cgsh&condition= HTTP/1.1" 200 1857
101.228.165.174 - - [16/Mar/2021:10:25:54 +0800] "GET /xingrg/all/function/internal_message.html?_=1615861558957&CODE_STATE=getMsg HTTP/1.1" 200 27
116.224.253.72 - - [16/Mar/2021:10:25:54 +0800] "GET /xingrg/all/function/internal_message.html?_=1615861553147&CODE_STATE=getMsg HTTP/1.1" 200 27
114.88.166.193 - - [16/Mar/2021:10:25:54 +0800] "GET /xingrg/kc/print/load_data.html?order_code=212021031606774&kc_code=cgsh&condition= HTTP/1.1" 200 676
222.70.216.222 - - [16/Mar/2021:10:25:55 +0800] "GET /xingrg/all/function/internal_message.html?_=1615861554615&CODE_STATE=getMsg HTTP/1.1" 200 27
114.86.187.76 - - [16/Mar/2021:10:25:57 +0800] "GET /xingrg/check_reg.html?_=1615861557769 HTTP/1.1" 200 22
114.86.187.76 - - [16/Mar/2021:10:25:58 +0800] "GET /xingrg/all/function/internal_message.html?_=1615861558284&CODE_STATE=getMsg HTTP/1.1" 200 27
116.235.216.75 - - [16/Mar/2021:10:25:58 +0800] "GET /xingrg/all/function/internal_message.html?_=1615861556432&CODE_STATE=getMsg HTTP/1.1" 200 27
117.185.32.26 - - [16/Mar/2021:10:25:59 +0800] "GET /xingrg/all/function/internal_message.html?_=1615862066918&CODE_STATE=getMsg HTTP/1.1" 200 27
101.227.139.171 - - [16/Mar/2021:10:26:02 +0800] "GET /xingrg/all/function/internal_message.html?_=1615861293589&CODE_STATE=getMsg HTTP/1.1" 302 -
101.227.139.171 - - [16/Mar/2021:10:26:05 +0800] "GET /xingrg/login.html HTTP/1.1" 200 7641
116.232.54.132 - - [16/Mar/2021:10:26:06 +0800] "GET /xingrg/all/function/internal_message.html?_=1615861568163&CODE_STATE=getMsg HTTP/1.1" 200 27
116.232.54.132 - - [16/Mar/2021:10:26:06 +0800] "GET /xingrg/check_reg.html?_=1615861568165 HTTP/1.1" 200 22
180.169.147.146 - - [16/Mar/2021:10:26:07 +0800] "GET /xingrg/all/function/internal_message.html?_=1615861568713&CODE_STATE=getMsg HTTP/1.1" 302 -
180.169.147.146 - - [16/Mar/2021:10:26:07 +0800] "GET /xingrg/check_reg.html?_=1615861568716 HTTP/1.1" 302 -
180.161.117.36 - - [16/Mar/2021:10:26:09 +0800] "GET /xingrg/all/function/internal_message.html?_=1615861833359&CODE_STATE=getMsg HTTP/1.1" 200 27
114.88.166.193 - - [16/Mar/2021:10:26:09 +0800] "GET /xingrg/kc/buy/cgsh_order_add.html HTTP/1.1" 200 62104
114.88.166.193 - - [16/Mar/2021:10:26:12 +0800] "POST /xingrg/kc/buy/cgsh_order_operate.html HTTP/1.1" 200 8245
114.88.166.193 - - [16/Mar/2021:10:26:12 +0800] "GET /xingrg/javascript/easyui/themes/default/validatebox.css HTTP/1.1" 404 1104
61.165.42.208 - - [16/Mar/2021:10:26:17 +0800] "GET /xingrg/all/function/internal_message.html?_=1615861577162&CODE_STATE=getMsg HTTP/1.1" 200 27
116.235.216.75 - - [16/Mar/2021:10:26:18 +0800] "GET /xingrg/kc/buy/cgsh_order_add.html HTTP/1.1" 200 62192
116.235.216.75 - - [16/Mar/2021:10:26:18 +0800] "GET /xingrg/words/20210316092601_words.js HTTP/1.1" 304 -
116.235.216.75 - - [16/Mar/2021:10:26:19 +0800] "GET /xingrg/javascript/easyui/themes/default/validatebox.css HTTP/1.1" 404 1104
116.235.216.75 - - [16/Mar/2021:10:26:19 +0800] "POST /xingrg/kc/buy/cgsh_order_operate.html HTTP/1.1" 200 8245
101.228.165.73 - - [16/Mar/2021:10:26:19 +0800] "POST /xingrg/services/DataTransmitService HTTP/1.1" 200 524
117.185.32.26 - - [16/Mar/2021:10:26:19 +0800] "GET /xingrg/all/function/internal_message.html?_=1615861596355&CODE_STATE=getMsg HTTP/1.1" 200 27
101.228.165.73 - - [16/Mar/2021:10:26:19 +0800] "POST /xingrg/services/DataTransmitService HTTP/1.1" 200 2167
117.185.32.26 - - [16/Mar/2021:10:26:19 +0800] "GET /xingrg/check_reg.html?_=1615861596654 HTTP/1.1" 200 22
101.85.93.83 - - [16/Mar/2021:10:26:20 +0800] "GET /xingrg/all/function/internal_message.html?_=1615861161672&CODE_STATE=getMsg HTTP/1.1" 200 27
180.169.147.146 - - [16/Mar/2021:10:26:20 +0800] "GET /xingrg/all/function/internal_message.html?_=1615861577089&CODE_STATE=getMsg HTTP/1.1" 200 27
116.235.216.75 - - [16/Mar/2021:10:26:20 +0800] "GET /xingrg/javascript/easyui/themes/default/tree.css HTTP/1.1" 404 1090
116.235.216.75 - - [16/Mar/2021:10:26:21 +0800] "POST /xingrg/all/common/load_tree.html?tree=supplier_tree_json&isDelete=1 HTTP/1.1" 200 54827
58.37.230.33 - - [16/Mar/2021:10:26:21 +0800] "GET /xingrg/all/function/internal_message.html?_=1615861593597&CODE_STATE=getMsg HTTP/1.1" 200 27
58.37.230.33 - - [16/Mar/2021:10:26:21 +0800] "GET /xingrg/check_reg.html?_=1615861593600 HTTP/1.1" 200 22
222.70.216.222 - - [16/Mar/2021:10:26:21 +0800] "GET /xingrg/check_reg.html?_=1615861580678 HTTP/1.1" 200 22
114.88.166.193 - - [16/Mar/2021:10:26:26 +0800] "GET /xingrg/kc/buy/cgsh_order_operate.html?command=get_materiel&rest_code=00111&code=00102005835&supplier_code=00100098&order_time=2021-03-16 HTTP/1.1" 200 412
180.169.147.146 - - [16/Mar/2021:10:26:27 +0800] "GET /xingrg/all/function/internal_message.html?_=1615861574617&CODE_STATE=getMsg HTTP/1.1" 200 27
61.165.42.208 - - [16/Mar/2021:10:26:28 +0800] "GET /xingrg/kc/buy/cgsh_order_operate.html?command=get_materiel&rest_code=00105&code=00101007044&supplier_code=00100323&order_time=2021-03-16 HTTP/1.1" 200 424
114.88.166.193 - - [16/Mar/2021:10:26:29 +0800] "GET /xingrg/all/function/internal_message.html?_=1615861586968&CODE_STATE=getMsg HTTP/1.1" 200 27
101.228.165.174 - - [16/Mar/2021:10:26:29 +0800] "GET /xingrg/all/function/internal_message.html?_=1615861593680&CODE_STATE=getMsg HTTP/1.1" 200 27
116.224.253.72 - - [16/Mar/2021:10:26:32 +0800] "GET /xingrg/all/function/internal_message.html?_=1615861549597&CODE_STATE=getMsg HTTP/1.1" 200 27
180.169.147.146 - - [16/Mar/2021:10:26:37 +0800] "GET /xingrg/all/function/internal_message.html?_=1615861595886&CODE_STATE=getMsg HTTP/1.1" 200 27
114.88.166.193 - - [16/Mar/2021:10:26:38 +0800] "POST /xingrg/kc/buy/cgsh_order_operate.html HTTP/1.1" 200 37
114.88.166.193 - - [16/Mar/2021:10:26:40 +0800] "POST /xingrg/kc/buy/cgsh_order_operate.html HTTP/1.1" 200 2658
101.89.19.197 - - [16/Mar/2021:10:26:41 +0800] "GET /xingrg/all/function/internal_message.html?_=1615861413590&CODE_STATE=getMsg HTTP/1.1" 302 -
114.88.166.193 - - [16/Mar/2021:10:26:41 +0800] "GET /xingrg/kc/print/load_data.html?order_code=212021031606775&kc_code=cgsh&condition= HTTP/1.1" 200 650
58.40.7.146 - - [16/Mar/2021:10:26:44 +0800] "GET /xingrg/all/function/internal_message.html?_=1615861604092&CODE_STATE=getMsg HTTP/1.1" 302 -
120.253.135.82 - - [16/Mar/2021:10:26:45 +0800] "GET /xingrg/all/function/internal_message.html?_=1615861143821&CODE_STATE=getMsg HTTP/1.1" 200 27
101.89.19.197 - - [16/Mar/2021:10:26:45 +0800] "GET /xingrg/login.html HTTP/1.1" 200 7641
101.228.165.73 - - [16/Mar/2021:10:26:52 +0800] "POST /xingrg/services/DataTransmitService HTTP/1.1" 200 524
101.228.165.174 - - [16/Mar/2021:10:26:54 +0800] "GET /xingrg/all/function/internal_message.html?_=1615861618994&CODE_STATE=getMsg HTTP/1.1" 200 27
116.224.253.72 - - [16/Mar/2021:10:26:54 +0800] "GET /xingrg/all/function/internal_message.html?_=1615861613146&CODE_STATE=getMsg HTTP/1.1" 200 27
222.70.216.222 - - [16/Mar/2021:10:26:55 +0800] "GET /xingrg/all/function/internal_message.html?_=1615861614585&CODE_STATE=getMsg HTTP/1.1" 200 27
101.228.165.73 - - [16/Mar/2021:10:26:56 +0800] "POST /xingrg/services/DataTransmitService HTTP/1.1" 200 501
116.235.216.75 - - [16/Mar/2021:10:26:57 +0800] "GET /xingrg/check_reg.html?_=1615861615039 HTTP/1.1" 200 22
114.86.187.76 - - [16/Mar/2021:10:26:58 +0800] "GET /xingrg/all/function/internal_message.html?_=1615861618298&CODE_STATE=getMsg HTTP/1.1" 200 27
101.228.165.73 - - [16/Mar/2021:10:26:58 +0800] "POST /xingrg/services/DataTransmitService HTTP/1.1" 200 524
114.88.166.193 - - [16/Mar/2021:10:26:58 +0800] "GET /xingrg/check_reg.html?_=1615861615509 HTTP/1.1" 200 22
116.235.216.75 - - [16/Mar/2021:10:26:58 +0800] "GET /xingrg/all/function/internal_message.html?_=1615861616415&CODE_STATE=getMsg HTTP/1.1" 200 27
117.185.32.26 - - [16/Mar/2021:10:26:59 +0800] "GET /xingrg/all/function/internal_message.html?_=1615862126913&CODE_STATE=getMsg HTTP/1.1" 200 27
116.235.216.75 - - [16/Mar/2021:10:26:59 +0800] "GET /xingrg/kc/buy/cgsh_order_operate.html?command=get_materiel&rest_code=00107&code=00101012046&supplier_code=00100347&order_time=2021-03-16 HTTP/1.1" 200 417
101.228.165.73 - - [16/Mar/2021:10:27:01 +0800] "POST /xingrg/services/DataTransmitService HTTP/1.1" 200 501
101.228.165.73 - - [16/Mar/2021:10:27:01 +0800] "POST /xingrg/services/DataTransmitService HTTP/1.1" 200 501
101.228.165.73 - - [16/Mar/2021:10:27:03 +0800] "POST /xingrg/services/DataTransmitService HTTP/1.1" 200 501
101.228.165.73 - - [16/Mar/2021:10:27:04 +0800] "POST /xingrg/services/DataTransmitService HTTP/1.1" 200 501
101.228.165.73 - - [16/Mar/2021:10:27:05 +0800] "POST /xingrg/services/DataTransmitService HTTP/1.1" 200 501
101.228.165.73 - - [16/Mar/2021:10:27:05 +0800] "POST /xingrg/services/DataTransmitService HTTP/1.1" 200 501
101.228.165.73 - - [16/Mar/2021:10:27:05 +0800] "POST /xingrg/services/DataTransmitService HTTP/1.1" 200 501
101.228.165.73 - - [16/Mar/2021:10:27:05 +0800] "POST /xingrg/services/DataTransmitService HTTP/1.1" 200 501
101.228.165.73 - - [16/Mar/2021:10:27:05 +0800] "POST /xingrg/services/DataTransmitService HTTP/1.1" 200 501
116.232.54.132 - - [16/Mar/2021:10:27:06 +0800] "GET /xingrg/all/function/internal_message.html?_=1615861628153&CODE_STATE=getMsg HTTP/1.1" 200 27
61.165.42.208 - - [16/Mar/2021:10:27:06 +0800] "GET /xingrg/kc/buy/cgsh_order_operate.html?command=get_materiel&rest_code=00105&code=00101015054&supplier_code=00100323&order_time=2021-03-16 HTTP/1.1" 200 404
180.169.147.146 - - [16/Mar/2021:10:27:07 +0800] "GET /xingrg/all/function/internal_message.html?_=1615861628718&CODE_STATE=getMsg HTTP/1.1" 302 -
101.228.165.73 - - [16/Mar/2021:10:27:08 +0800] "POST /xingrg/services/DataTransmitService HTTP/1.1" 200 412
180.161.117.36 - - [16/Mar/2021:10:27:09 +0800] "GET /xingrg/all/function/internal_message.html?_=1615861893374&CODE_STATE=getMsg HTTP/1.1" 200 27
116.232.54.132 - - [16/Mar/2021:10:27:11 +0800] "GET /xingrg/kc/buy/cgsh_order_add.html HTTP/1.1" 200 62145
116.232.54.132 - - [16/Mar/2021:10:27:12 +0800] "GET /xingrg/words/20210316092601_words.js HTTP/1.1" 304 -
116.232.54.132 - - [16/Mar/2021:10:27:12 +0800] "POST /xingrg/kc/buy/cgsh_order_operate.html HTTP/1.1" 200 8245
116.232.54.132 - - [16/Mar/2021:10:27:12 +0800] "GET /xingrg/all/common/auto_word.html?type=employee&rest_code=00109 HTTP/1.1" 200 205
116.232.54.132 - - [16/Mar/2021:10:27:12 +0800] "GET /xingrg/all/common/auto_word.html?type=employee&rest_code=00109 HTTP/1.1" 200 205
116.232.54.132 - - [16/Mar/2021:10:27:12 +0800] "GET /xingrg/javascript/easyui/themes/default/validatebox.css HTTP/1.1" 404 1104
116.235.216.75 - - [16/Mar/2021:10:27:17 +0800] "GET /xingrg/kc/buy/cgsh_order_operate.html?command=get_materiel&rest_code=00107&code=00101006086&supplier_code=00100347&order_time=2021-03-16 HTTP/1.1" 200 415
117.185.32.26 - - [16/Mar/2021:10:27:19 +0800] "GET /xingrg/all/function/internal_message.html?_=1615861656332&CODE_STATE=getMsg HTTP/1.1" 200 27
101.85.93.83 - - [16/Mar/2021:10:27:20 +0800] "GET /xingrg/all/function/internal_message.html?_=1615861221672&CODE_STATE=getMsg HTTP/1.1" 200 27
180.169.147.146 - - [16/Mar/2021:10:27:20 +0800] "GET /xingrg/all/function/internal_message.html?_=1615861637093&CODE_STATE=getMsg HTTP/1.1" 200 27
58.37.230.33 - - [16/Mar/2021:10:27:21 +0800] "GET /xingrg/all/function/internal_message.html?_=1615861653599&CODE_STATE=getMsg HTTP/1.1" 200 27
116.232.54.132 - - [16/Mar/2021:10:27:22 +0800] "GET /xingrg/kc/buy/cgsh_order_operate.html?command=get_materiel&rest_code=00109&code=00101010136&supplier_code=00100035&order_time=2021-03-16 HTTP/1.1" 200 409
180.169.147.146 - - [16/Mar/2021:10:27:27 +0800] "GET /xingrg/all/function/internal_message.html?_=1615861634619&CODE_STATE=getMsg HTTP/1.1" 200 27
114.88.166.193 - - [16/Mar/2021:10:27:29 +0800] "GET /xingrg/all/function/internal_message.html?_=1615861646977&CODE_STATE=getMsg HTTP/1.1" 200 27
101.228.165.174 - - [16/Mar/2021:10:27:29 +0800] "GET /xingrg/all/function/internal_message.html?_=1615861653691&CODE_STATE=getMsg HTTP/1.1" 200 27
116.224.253.72 - - [16/Mar/2021:10:27:32 +0800] "GET /xingrg/all/function/internal_message.html?_=1615861609610&CODE_STATE=getMsg HTTP/1.1" 200 27
61.165.42.208 - - [16/Mar/2021:10:27:34 +0800] "POST /xingrg/kc/buy/cgsh_order_operate.html HTTP/1.1" 200 37
116.232.54.132 - - [16/Mar/2021:10:27:34 +0800] "GET /xingrg/kc/buy/cgsh_order_operate.html?command=get_materiel&rest_code=00109&code=00101012005&supplier_code=00100035&order_time=2021-03-16 HTTP/1.1" 200 412
61.165.42.208 - - [16/Mar/2021:10:27:35 +0800] "POST /xingrg/kc/buy/cgsh_order_operate.html HTTP/1.1" 200 2672
61.165.42.208 - - [16/Mar/2021:10:27:36 +0800] "GET /xingrg/kc/print/load_data.html?order_code=212021031606776&kc_code=cgsh&condition= HTTP/1.1" 200 688
180.169.147.146 - - [16/Mar/2021:10:27:37 +0800] "GET /xingrg/all/function/internal_message.html?_=1615861655895&CODE_STATE=getMsg HTTP/1.1" 200 27
116.235.216.75 - - [16/Mar/2021:10:27:38 +0800] "GET /xingrg/kc/buy/cgsh_order_operate.html?command=get_materiel&rest_code=00107&code=00102002167&supplier_code=00100347&order_time=2021-03-16 HTTP/1.1" 200 409
183.192.164.214 - - [16/Mar/2021:10:27:38 +0800] "GET /xingrg/all/function/internal_message.html?_=1615861416427&CODE_STATE=getMsg HTTP/1.1" 302 -
61.165.42.208 - - [16/Mar/2021:10:27:40 +0800] "GET /xingrg/kc/buy/cgsh_order_add.html HTTP/1.1" 200 62151
61.165.42.208 - - [16/Mar/2021:10:27:40 +0800] "POST /xingrg/kc/buy/cgsh_order_operate.html HTTP/1.1" 200 8245
61.165.42.208 - - [16/Mar/2021:10:27:40 +0800] "GET /xingrg/javascript/easyui/themes/default/validatebox.css HTTP/1.1" 404 1104
116.232.54.132 - - [16/Mar/2021:10:27:41 +0800] "GET /xingrg/kc/buy/cgsh_order_operate.html?command=get_materiel&rest_code=00109&code=00101016025&supplier_code=00100035&order_time=2021-03-16 HTTP/1.1" 200 408
58.40.7.146 - - [16/Mar/2021:10:27:44 +0800] "GET /xingrg/all/function/internal_message.html?_=1615861664097&CODE_STATE=getMsg HTTP/1.1" 302 -
120.253.135.82 - - [16/Mar/2021:10:27:45 +0800] "GET /xingrg/all/function/internal_message.html?_=1615861203789&CODE_STATE=getMsg HTTP/1.1" 200 27
183.192.164.214 - - [16/Mar/2021:10:27:47 +0800] "GET /xingrg/login.html HTTP/1.1" 200 7641
116.232.54.132 - - [16/Mar/2021:10:27:47 +0800] "GET /xingrg/kc/buy/cgsh_order_operate.html?command=get_materiel&rest_code=00109&code=00101012029&supplier_code=00100035&order_time=2021-03-16 HTTP/1.1" 200 412
116.235.216.75 - - [16/Mar/2021:10:27:51 +0800] "POST /xingrg/kc/buy/cgsh_order_operate.html HTTP/1.1" 200 37
61.165.42.208 - - [16/Mar/2021:10:27:51 +0800] "GET /xingrg/kc/buy/cgsh_order_operate.html?command=get_materiel&rest_code=00105&code=00101007077&supplier_code=00100328&order_time=2021-03-16 HTTP/1.1" 200 415
116.235.216.75 - - [16/Mar/2021:10:27:53 +0800] "POST /xingrg/kc/buy/cgsh_order_operate.html HTTP/1.1" 200 3844
101.228.165.174 - - [16/Mar/2021:10:27:54 +0800] "GET /xingrg/all/function/internal_message.html?_=1615861679000&CODE_STATE=getMsg HTTP/1.1" 200 27
116.224.253.72 - - [16/Mar/2021:10:27:54 +0800] "GET /xingrg/all/function/internal_message.html?_=1615861673161&CODE_STATE=getMsg HTTP/1.1" 200 27
116.232.54.132 - - [16/Mar/2021:10:27:54 +0800] "GET /xingrg/kc/buy/cgsh_order_operate.html?command=get_materiel&rest_code=00109&code=00101012029&supplier_code=00100035&order_time=2021-03-16 HTTP/1.1" 200 412
116.235.216.75 - - [16/Mar/2021:10:27:54 +0800] "GET /xingrg/kc/print/load_data.html?order_code=212021031606777&kc_code=cgsh&condition= HTTP/1.1" 200 1112
222.70.216.222 - - [16/Mar/2021:10:27:55 +0800] "GET /xingrg/all/function/internal_message.html?_=1615861674571&CODE_STATE=getMsg HTTP/1.1" 200 27
114.86.187.76 - - [16/Mar/2021:10:27:58 +0800] "GET /xingrg/all/function/internal_message.html?_=1615861678311&CODE_STATE=getMsg HTTP/1.1" 200 27
116.235.216.75 - - [16/Mar/2021:10:27:58 +0800] "GET /xingrg/all/function/internal_message.html?_=1615861676399&CODE_STATE=getMsg HTTP/1.1" 200 27
117.185.32.26 - - [16/Mar/2021:10:27:59 +0800] "GET /xingrg/all/function/internal_message.html?_=1615862186920&CODE_STATE=getMsg HTTP/1.1" 200 27
117.185.32.26 - - [16/Mar/2021:10:27:59 +0800] "GET /xingrg/check_reg.html?_=1615862186930 HTTP/1.1" 200 22
61.165.42.208 - - [16/Mar/2021:10:28:01 +0800] "POST /xingrg/kc/buy/cgsh_order_operate.html HTTP/1.1" 200 37
116.232.54.132 - - [16/Mar/2021:10:28:03 +0800] "GET /xingrg/kc/buy/cgsh_order_operate.html?command=get_materiel&rest_code=00109&code=00101012019&supplier_code=00100035&order_time=2021-03-16 HTTP/1.1" 200 412
61.165.42.208 - - [16/Mar/2021:10:28:03 +0800] "POST /xingrg/kc/buy/cgsh_order_operate.html HTTP/1.1" 200 2660
61.165.42.208 - - [16/Mar/2021:10:28:04 +0800] "GET /xingrg/kc/print/load_data.html?order_code=212021031606778&kc_code=cgsh&condition= HTTP/1.1" 200 673
180.161.117.36 - - [16/Mar/2021:10:28:05 +0800] "GET /xingrg/check_reg.html?_=1615861950148 HTTP/1.1" 200 22
116.232.54.132 - - [16/Mar/2021:10:28:06 +0800] "GET /xingrg/all/function/internal_message.html?_=1615861688143&CODE_STATE=getMsg HTTP/1.1" 200 27
180.169.147.146 - - [16/Mar/2021:10:28:07 +0800] "GET /xingrg/all/function/internal_message.html?_=1615861688718&CODE_STATE=getMsg HTTP/1.1" 302 -
180.161.117.36 - - [16/Mar/2021:10:28:09 +0800] "GET /xingrg/all/function/internal_message.html?_=1615861953524&CODE_STATE=getMsg HTTP/1.1" 200 27
61.165.42.208 - - [16/Mar/2021:10:28:17 +0800] "GET /xingrg/all/function/internal_message.html?_=1615861697155&CODE_STATE=getMsg HTTP/1.1" 200 27
61.165.42.208 - - [16/Mar/2021:10:28:17 +0800] "GET /xingrg/check_reg.html?_=1615861697156 HTTP/1.1" 200 22
61.165.42.208 - - [16/Mar/2021:10:28:18 +0800] "GET /xingrg/kc/buy/cgsh_order_add.html HTTP/1.1" 200 62151
61.165.42.208 - - [16/Mar/2021:10:28:18 +0800] "GET /xingrg/javascript/easyui/themes/default/validatebox.css HTTP/1.1" 404 1104
61.165.42.208 - - [16/Mar/2021:10:28:18 +0800] "POST /xingrg/kc/buy/cgsh_order_operate.html HTTP/1.1" 200 8245
117.185.32.26 - - [16/Mar/2021:10:28:19 +0800] "GET /xingrg/all/function/internal_message.html?_=1615861716302&CODE_STATE=getMsg HTTP/1.1" 200 27
116.232.54.132 - - [16/Mar/2021:10:28:20 +0800] "POST /xingrg/kc/buy/cgsh_order_operate.html HTTP/1.1" 200 37
101.85.93.83 - - [16/Mar/2021:10:28:20 +0800] "GET /xingrg/all/function/internal_message.html?_=1615861281679&CODE_STATE=getMsg HTTP/1.1" 200 27
180.169.147.146 - - [16/Mar/2021:10:28:20 +0800] "GET /xingrg/all/function/internal_message.html?_=1615861697097&CODE_STATE=getMsg HTTP/1.1" 200 27
58.37.230.33 - - [16/Mar/2021:10:28:21 +0800] "GET /xingrg/all/function/internal_message.html?_=1615861713601&CODE_STATE=getMsg HTTP/1.1" 200 27
116.232.54.132 - - [16/Mar/2021:10:28:21 +0800] "POST /xingrg/kc/buy/cgsh_order_operate.html HTTP/1.1" 200 5620
116.232.54.132 - - [16/Mar/2021:10:28:22 +0800] "GET /xingrg/kc/print/load_config.html?kc_code=cgsh HTTP/1.1" 200 1845
116.232.54.132 - - [16/Mar/2021:10:28:23 +0800] "GET /xingrg/kc/print/load_data.html?order_code=212021031606779&kc_code=cgsh&condition= HTTP/1.1" 200 1812
61.165.42.208 - - [16/Mar/2021:10:28:26 +0800] "GET /xingrg/kc/buy/cgsh_order_operate.html?command=get_materiel&rest_code=00105&code=00101007032&supplier_code=00100328&order_time=2021-03-16 HTTP/1.1" 200 413
116.232.54.132 - - [16/Mar/2021:10:28:27 +0800] "GET /xingrg/kc/buy/cgsh_order_add.html HTTP/1.1" 200 62145
116.232.54.132 - - [16/Mar/2021:10:28:27 +0800] "GET /xingrg/all/common/auto_word.html?type=employee&rest_code=00109 HTTP/1.1" 200 205
116.232.54.132 - - [16/Mar/2021:10:28:27 +0800] "POST /xingrg/kc/buy/cgsh_order_operate.html HTTP/1.1" 200 8245
116.232.54.132 - - [16/Mar/2021:10:28:27 +0800] "GET /xingrg/javascript/easyui/themes/default/validatebox.css HTTP/1.1" 404 1104
116.232.54.132 - - [16/Mar/2021:10:28:27 +0800] "GET /xingrg/all/common/auto_word.html?type=employee&rest_code=00109 HTTP/1.1" 200 205
180.169.147.146 - - [16/Mar/2021:10:28:27 +0800] "GET /xingrg/all/function/internal_message.html?_=1615861694627&CODE_STATE=getMsg HTTP/1.1" 200 27
114.88.166.193 - - [16/Mar/2021:10:28:29 +0800] "GET /xingrg/all/function/internal_message.html?_=1615861706990&CODE_STATE=getMsg HTTP/1.1" 200 27
101.228.165.174 - - [16/Mar/2021:10:28:29 +0800] "GET /xingrg/all/function/internal_message.html?_=1615861713757&CODE_STATE=getMsg HTTP/1.1" 200 27
180.169.147.146 - - [16/Mar/2021:10:28:30 +0800] "GET /xingrg/check_reg.html?_=1615861708704 HTTP/1.1" 200 22
116.224.253.72 - - [16/Mar/2021:10:28:32 +0800] "GET /xingrg/all/function/internal_message.html?_=1615861669647&CODE_STATE=getMsg HTTP/1.1" 200 27
