120.253.135.82 - - [16/Mar/2021:08:45:37 +0800] "GET /xingrg/javascript/easyui/themes/default/tree.css HTTP/1.1" 404 1090
120.253.135.82 - - [16/Mar/2021:08:45:37 +0800] "GET /xingrg/all/common/auto_word.html?type=base&rest_code=00101 HTTP/1.1" 200 559
120.253.135.82 - - [16/Mar/2021:08:45:37 +0800] "POST /xingrg/all/common/load_tree.html?tree=materiel_sort_tree_json HTTP/1.1" 200 8666
120.253.135.82 - - [16/Mar/2021:08:45:37 +0800] "GET /xingrg/javascript/easyui/themes/sunny/images/tree_arrows.gif HTTP/1.1" 304 -
120.253.135.82 - - [16/Mar/2021:08:45:37 +0800] "GET /xingrg/javascript/easyui/themes/sunny/images/tree_folder_open.gif HTTP/1.1" 304 -
120.253.135.82 - - [16/Mar/2021:08:45:37 +0800] "GET /xingrg/javascript/easyui/themes/sunny/images/tree_folder.gif HTTP/1.1" 304 -
120.253.135.82 - - [16/Mar/2021:08:45:37 +0800] "GET /xingrg/javascript/easyui/themes/sunny/images/tree_file.gif HTTP/1.1" 304 -
120.253.135.82 - - [16/Mar/2021:08:45:38 +0800] "GET /xingrg/css/images/panel_loading.gif HTTP/1.1" 304 -
120.253.135.82 - - [16/Mar/2021:08:45:38 +0800] "POST /xingrg/all/common/load_combo.html?type=base HTTP/1.1" 200 984
116.224.253.72 - - [16/Mar/2021:08:45:39 +0800] "GET /xingrg/kc/buy/cgsh_order_operate.html?command=get_materiel&rest_code=00151&code=00101008088&supplier_code=00100007&order_time=2021-03-16 HTTP/1.1" 200 408
180.169.147.146 - - [16/Mar/2021:08:45:40 +0800] "GET /xingrg/all/function/internal_message.html?_=1615855543732&CODE_STATE=getMsg HTTP/1.1" 200 27
114.88.166.193 - - [16/Mar/2021:08:45:44 +0800] "POST /xingrg/kc/buy/cgsh_list_operate.html HTTP/1.1" 200 4
58.40.7.146 - - [16/Mar/2021:08:45:44 +0800] "GET /xingrg/all/function/internal_message.html?_=1615855543978&CODE_STATE=getMsg HTTP/1.1" 302 -
58.40.7.146 - - [16/Mar/2021:08:45:44 +0800] "GET /xingrg/check_reg.html?_=1615855543980 HTTP/1.1" 302 -
116.224.253.72 - - [16/Mar/2021:08:45:45 +0800] "GET /xingrg/all/function/internal_message.html?_=1615855502640&CODE_STATE=getMsg HTTP/1.1" 200 27
116.224.253.72 - - [16/Mar/2021:08:45:45 +0800] "GET /xingrg/kc/buy/cgsh_order_operate.html?command=get_materiel&rest_code=00151&code=00101016025&supplier_code=00100007&order_time=2021-03-16 HTTP/1.1" 200 408
120.253.135.82 - - [16/Mar/2021:08:45:47 +0800] "POST /xingrg/kc/base/stock_operate.html HTTP/1.1" 200 1738
120.253.135.82 - - [16/Mar/2021:08:45:47 +0800] "GET /xingrg/javascript/jquery_tools/fix_table.js HTTP/1.1" 304 -
116.224.253.72 - - [16/Mar/2021:08:45:52 +0800] "GET /xingrg/kc/buy/cgsh_order_operate.html?command=get_materiel&rest_code=00151&code=00101008017&supplier_code=00100007&order_time=2021-03-16 HTTP/1.1" 200 416
116.224.253.72 - - [16/Mar/2021:08:45:54 +0800] "POST /xingrg/kc/buy/cgsh_order_operate.html HTTP/1.1" 200 2065
222.70.216.222 - - [16/Mar/2021:08:45:57 +0800] "GET /xingrg/all/function/internal_message.html?_=1615855555065&CODE_STATE=getMsg HTTP/1.1" 200 27
116.224.253.72 - - [16/Mar/2021:08:46:00 +0800] "GET /xingrg/kc/buy/cgsh_order_operate.html?command=get_materiel&rest_code=00151&code=00101008072&supplier_code=00100007&order_time=2021-03-16 HTTP/1.1" 200 408
114.88.166.193 - - [16/Mar/2021:08:46:00 +0800] "POST /xingrg/kc/buy/cgsh_list_operate.html HTTP/1.1" 200 5141
61.165.42.208 - - [16/Mar/2021:08:46:01 +0800] "POST /xingrg/services/DataTransmitService HTTP/1.1" 200 524
180.169.147.146 - - [16/Mar/2021:08:46:01 +0800] "GET /xingrg/all/function/internal_message.html?_=1615855562176&CODE_STATE=getMsg HTTP/1.1" 200 27
61.165.42.208 - - [16/Mar/2021:08:46:03 +0800] "POST /xingrg/services/DataTransmitService HTTP/1.1" 200 501
61.165.42.208 - - [16/Mar/2021:08:46:03 +0800] "POST /xingrg/services/DataTransmitService HTTP/1.1" 200 501
61.165.42.208 - - [16/Mar/2021:08:46:04 +0800] "GET /xingrg/all/function/internal_message.html?_=1615855548281&CODE_STATE=getMsg HTTP/1.1" 200 27
61.165.42.208 - - [16/Mar/2021:08:46:04 +0800] "POST /xingrg/services/DataTransmitService HTTP/1.1" 200 501
61.165.42.208 - - [16/Mar/2021:08:46:04 +0800] "POST /xingrg/services/DataTransmitService HTTP/1.1" 200 501
61.165.42.208 - - [16/Mar/2021:08:46:04 +0800] "POST /xingrg/services/DataTransmitService HTTP/1.1" 200 501
61.165.42.208 - - [16/Mar/2021:08:46:05 +0800] "POST /xingrg/services/DataTransmitService HTTP/1.1" 200 501
61.165.42.208 - - [16/Mar/2021:08:46:05 +0800] "POST /xingrg/services/DataTransmitService HTTP/1.1" 200 501
116.224.253.72 - - [16/Mar/2021:08:46:06 +0800] "GET /xingrg/all/function/internal_message.html?_=1615855565086&CODE_STATE=getMsg HTTP/1.1" 200 27
116.224.253.72 - - [16/Mar/2021:08:46:06 +0800] "GET /xingrg/kc/buy/cgsh_order_operate.html?command=get_materiel&rest_code=00151&code=00101015046&supplier_code=00100007&order_time=2021-03-16 HTTP/1.1" 200 413
61.165.42.208 - - [16/Mar/2021:08:46:06 +0800] "POST /xingrg/services/DataTransmitService HTTP/1.1" 200 501
61.165.42.208 - - [16/Mar/2021:08:46:06 +0800] "POST /xingrg/services/DataTransmitService HTTP/1.1" 200 412
114.88.166.193 - - [16/Mar/2021:08:46:08 +0800] "GET /xingrg/all/function/internal_message.html?_=1615855566056&CODE_STATE=getMsg HTTP/1.1" 200 27
116.224.253.72 - - [16/Mar/2021:08:46:12 +0800] "GET /xingrg/kc/buy/cgsh_order_operate.html?command=get_materiel&rest_code=00151&code=00101008069&supplier_code=00100007&order_time=2021-03-16 HTTP/1.1" 200 412
120.253.135.82 - - [16/Mar/2021:08:46:14 +0800] "POST /xingrg/kc/base/stock_operate.html HTTP/1.1" 200 2026
61.165.42.208 - - [16/Mar/2021:08:46:17 +0800] "GET /xingrg/all/function/internal_message.html?_=1615855576972&CODE_STATE=getMsg HTTP/1.1" 200 27
116.224.253.72 - - [16/Mar/2021:08:46:17 +0800] "GET /xingrg/kc/buy/cgsh_order_operate.html?command=get_materiel&rest_code=00151&code=00101008033&supplier_code=00100007&order_time=2021-03-16 HTTP/1.1" 200 408
58.37.230.33 - - [16/Mar/2021:08:46:21 +0800] "GET /xingrg/all/function/internal_message.html?_=1615855593376&CODE_STATE=getMsg HTTP/1.1" 200 27
58.37.230.33 - - [16/Mar/2021:08:46:21 +0800] "GET /xingrg/check_reg.html?_=1615855593377 HTTP/1.1" 200 22
222.70.216.222 - - [16/Mar/2021:08:46:21 +0800] "GET /xingrg/check_reg.html?_=1615855579175 HTTP/1.1" 200 22
116.224.253.72 - - [16/Mar/2021:08:46:23 +0800] "GET /xingrg/kc/buy/cgsh_order_operate.html?command=get_materiel&rest_code=00151&code=00101008042&supplier_code=00100007&order_time=2021-03-16 HTTP/1.1" 200 416
114.88.166.193 - - [16/Mar/2021:08:46:24 +0800] "POST /xingrg/kc/buy/cgsh_list_operate.html HTTP/1.1" 200 4
116.224.253.72 - - [16/Mar/2021:08:46:25 +0800] "POST /xingrg/kc/buy/cgsh_order_operate.html HTTP/1.1" 200 2065
180.169.147.146 - - [16/Mar/2021:08:46:26 +0800] "GET /xingrg/check_reg.html?_=1615855584484 HTTP/1.1" 200 22
180.169.147.146 - - [16/Mar/2021:08:46:26 +0800] "GET /xingrg/all/function/internal_message.html?_=1615855584486&CODE_STATE=getMsg HTTP/1.1" 200 27
101.228.165.174 - - [16/Mar/2021:08:46:26 +0800] "GET /xingrg/all/function/internal_message.html?_=1615855590251&CODE_STATE=getMsg HTTP/1.1" 200 27
116.224.253.72 - - [16/Mar/2021:08:46:29 +0800] "POST /xingrg/kc/buy/cgsh_order_operate.html HTTP/1.1" 200 37
116.224.253.72 - - [16/Mar/2021:08:46:31 +0800] "GET /xingrg/kc/buy/cgsh_order_operate.html?command=get_materiel&rest_code=00151&code=00101008103&supplier_code=00100007&order_time=2021-03-16 HTTP/1.1" 200 417
116.224.253.72 - - [16/Mar/2021:08:46:32 +0800] "POST /xingrg/kc/buy/cgsh_order_operate.html HTTP/1.1" 200 12
120.253.135.82 - - [16/Mar/2021:08:46:34 +0800] "GET /xingrg/all/function/internal_message.html?_=1615855365464&CODE_STATE=getMsg HTTP/1.1" 200 27
116.224.253.72 - - [16/Mar/2021:08:46:34 +0800] "GET /xingrg/kc/buy/cgsh_order_info.html?code=212021031606730 HTTP/1.1" 200 56654
116.224.253.72 - - [16/Mar/2021:08:46:35 +0800] "GET /xingrg/javascript/easyui/themes/default/validatebox.css HTTP/1.1" 404 1104
116.224.253.72 - - [16/Mar/2021:08:46:35 +0800] "POST /xingrg/kc/buy/cgsh_order_operate.html HTTP/1.1" 200 6603
114.88.166.193 - - [16/Mar/2021:08:46:35 +0800] "POST /xingrg/kc/buy/cgsh_list_operate.html HTTP/1.1" 200 3852
116.224.253.72 - - [16/Mar/2021:08:46:37 +0800] "GET /xingrg/kc/print/load_data.html?order_code=212021031606730&kc_code=cgsh&condition= HTTP/1.1" 200 3028
180.169.147.146 - - [16/Mar/2021:08:46:40 +0800] "GET /xingrg/all/function/internal_message.html?_=1615855603738&CODE_STATE=getMsg HTTP/1.1" 200 27
116.224.253.72 - - [16/Mar/2021:08:46:42 +0800] "GET /xingrg/kc/buy/cgsh_order_operate.html?command=get_materiel&rest_code=00151&code=00101015006&supplier_code=00100007&order_time=2021-03-16 HTTP/1.1" 200 413
58.40.7.146 - - [16/Mar/2021:08:46:44 +0800] "GET /xingrg/all/function/internal_message.html?_=1615855603983&CODE_STATE=getMsg HTTP/1.1" 302 -
116.224.253.72 - - [16/Mar/2021:08:46:45 +0800] "GET /xingrg/all/function/internal_message.html?_=1615855562653&CODE_STATE=getMsg HTTP/1.1" 200 27
116.224.253.72 - - [16/Mar/2021:08:46:49 +0800] "POST /xingrg/kc/buy/cgsh_order_operate.html HTTP/1.1" 200 37
116.224.253.72 - - [16/Mar/2021:08:46:51 +0800] "POST /xingrg/kc/buy/cgsh_order_operate.html HTTP/1.1" 200 24229
114.88.166.193 - - [16/Mar/2021:08:46:56 +0800] "GET /xingrg/check_reg.html?_=1615855613839 HTTP/1.1" 200 22
222.70.216.222 - - [16/Mar/2021:08:46:57 +0800] "GET /xingrg/all/function/internal_message.html?_=1615855615036&CODE_STATE=getMsg HTTP/1.1" 200 27
116.224.253.72 - - [16/Mar/2021:08:46:57 +0800] "POST /xingrg/kc/buy/cgsh_order_operate.html HTTP/1.1" 200 37
116.224.253.72 - - [16/Mar/2021:08:46:59 +0800] "POST /xingrg/kc/buy/cgsh_order_operate.html HTTP/1.1" 200 24229
116.224.253.72 - - [16/Mar/2021:08:47:00 +0800] "GET /xingrg/kc/buy/cgsh_order_list.html HTTP/1.1" 200 46370
180.169.147.146 - - [16/Mar/2021:08:47:01 +0800] "GET /xingrg/all/function/internal_message.html?_=1615855622177&CODE_STATE=getMsg HTTP/1.1" 200 27
114.88.166.193 - - [16/Mar/2021:08:47:04 +0800] "POST /xingrg/kc/buy/cgsh_list_operate.html HTTP/1.1" 200 4
61.165.42.208 - - [16/Mar/2021:08:47:04 +0800] "GET /xingrg/all/function/internal_message.html?_=1615855608281&CODE_STATE=getMsg HTTP/1.1" 200 27
116.224.253.72 - - [16/Mar/2021:08:47:05 +0800] "POST /xingrg/kc/buy/cgsh_list_operate.html HTTP/1.1" 200 1688
116.224.253.72 - - [16/Mar/2021:08:47:06 +0800] "GET /xingrg/check_reg.html?_=1615855625064 HTTP/1.1" 200 22
116.224.253.72 - - [16/Mar/2021:08:47:06 +0800] "GET /xingrg/all/function/internal_message.html?_=1615855625066&CODE_STATE=getMsg HTTP/1.1" 200 27
114.88.166.193 - - [16/Mar/2021:08:47:07 +0800] "POST /xingrg/kc/buy/cgsh_list_operate.html HTTP/1.1" 200 876
116.224.253.72 - - [16/Mar/2021:08:47:07 +0800] "GET /xingrg/kc/buy/cgsh_order_add.html HTTP/1.1" 200 61746
116.224.253.72 - - [16/Mar/2021:08:47:07 +0800] "GET /xingrg/javascript/easyui/themes/default/validatebox.css HTTP/1.1" 404 1104
116.224.253.72 - - [16/Mar/2021:08:47:07 +0800] "POST /xingrg/kc/buy/cgsh_order_operate.html HTTP/1.1" 200 8245
114.88.166.193 - - [16/Mar/2021:08:47:08 +0800] "GET /xingrg/all/function/internal_message.html?_=1615855626070&CODE_STATE=getMsg HTTP/1.1" 200 27
61.165.42.208 - - [16/Mar/2021:08:47:17 +0800] "GET /xingrg/all/function/internal_message.html?_=1615855636973&CODE_STATE=getMsg HTTP/1.1" 200 27
116.224.253.72 - - [16/Mar/2021:08:47:19 +0800] "GET /xingrg/kc/buy/cgsh_order_operate.html?command=get_materiel&rest_code=00151&code=00101011005&supplier_code=00100047&order_time=2021-03-16 HTTP/1.1" 200 408
58.37.230.33 - - [16/Mar/2021:08:47:21 +0800] "GET /xingrg/all/function/internal_message.html?_=1615855653377&CODE_STATE=getMsg HTTP/1.1" 200 27
180.169.147.146 - - [16/Mar/2021:08:47:24 +0800] "POST /xingrg/all/user/operate.html HTTP/1.1" 200 36
180.169.147.146 - - [16/Mar/2021:08:47:24 +0800] "GET /xingrg/index.html?sysBaseUrl=http%3A%2F%2F180.169.147.146%3A18081%2Fxingrg%2F&costTime=41×tamp=1615855440489 HTTP/1.1" 200 17509
180.169.147.146 - - [16/Mar/2021:08:47:24 +0800] "GET /xingrg/javascript/jquery_easy_ui/themes/default/easyui.css HTTP/1.1" 304 -
180.169.147.146 - - [16/Mar/2021:08:47:24 +0800] "GET /xingrg/javascript/jquery_easy_ui/themes/icon.css HTTP/1.1" 304 -
180.169.147.146 - - [16/Mar/2021:08:47:24 +0800] "GET /xingrg/css/form.css HTTP/1.1" 304 -
180.169.147.146 - - [16/Mar/2021:08:47:24 +0800] "GET /xingrg/javascript/jquery-1.4.2.min.js HTTP/1.1" 304 -
180.169.147.146 - - [16/Mar/2021:08:47:24 +0800] "GET /xingrg/javascript/jquery_easy_ui/jquery.easyui.min.js HTTP/1.1" 304 -
180.169.147.146 - - [16/Mar/2021:08:47:24 +0800] "GET /xingrg/javascript/jquery_easy_ui/easyui-lang-zh_CN.js HTTP/1.1" 304 -
180.169.147.146 - - [16/Mar/2021:08:47:24 +0800] "GET /xingrg/javascript/jquery.form.js HTTP/1.1" 304 -
180.169.147.146 - - [16/Mar/2021:08:47:24 +0800] "GET /xingrg/javascript/jquery.utils.js HTTP/1.1" 304 -
180.169.147.146 - - [16/Mar/2021:08:47:24 +0800] "GET /xingrg/javascript/jquery.timers.js HTTP/1.1" 304 -
180.169.147.146 - - [16/Mar/2021:08:47:24 +0800] "GET /xingrg/images/blue/jxLogo.png HTTP/1.1" 304 -
180.169.147.146 - - [16/Mar/2021:08:47:24 +0800] "GET /xingrg/images/blue/navBackgound.jpg HTTP/1.1" 304 -
180.169.147.146 - - [16/Mar/2021:08:47:24 +0800] "GET /xingrg/javascript/jquery_easy_ui/themes/icons/settle_new.png HTTP/1.1" 304 -
180.169.147.146 - - [16/Mar/2021:08:47:25 +0800] "POST /xingrg/all/common/load_tree.html?tree=area_rest_tree_json&manage=1 HTTP/1.1" 200 3216
180.169.147.146 - - [16/Mar/2021:08:47:25 +0800] "GET /xingrg/all/function/internal_message.html?_=1615855645984&CODE_STATE=count HTTP/1.1" 200 11
180.169.147.146 - - [16/Mar/2021:08:47:25 +0800] "GET /xingrg/check_reg.html?_=1615855645986 HTTP/1.1" 200 22
180.169.147.146 - - [16/Mar/2021:08:47:25 +0800] "GET /xingrg/javascript/jquery_easy_ui/themes/default/images/tabs_leftarrow.png HTTP/1.1" 304 -
180.169.147.146 - - [16/Mar/2021:08:47:25 +0800] "GET /xingrg/images/blue/pingpu.png HTTP/1.1" 304 -
180.169.147.146 - - [16/Mar/2021:08:47:25 +0800] "GET /xingrg/javascript/jquery_easy_ui/themes/default/images/panel_tool_collapse.gif HTTP/1.1" 304 -
180.169.147.146 - - [16/Mar/2021:08:47:25 +0800] "GET /xingrg/javascript/jquery_easy_ui/themes/default/images/tabs_rightarrow.png HTTP/1.1" 304 -
180.169.147.146 - - [16/Mar/2021:08:47:25 +0800] "GET /xingrg/javascript/jquery_easy_ui/themes/default/images/panel_tool_expand.gif HTTP/1.1" 304 -
180.169.147.146 - - [16/Mar/2021:08:47:25 +0800] "POST /xingrg/load_menu.html HTTP/1.1" 200 9959
180.169.147.146 - - [16/Mar/2021:08:47:26 +0800] "GET /xingrg/all/function/internal_message.html?_=1615855644484&CODE_STATE=getMsg HTTP/1.1" 200 27
101.228.165.174 - - [16/Mar/2021:08:47:26 +0800] "GET /xingrg/all/function/internal_message.html?_=1615855650259&CODE_STATE=getMsg HTTP/1.1" 200 27
180.169.147.146 - - [16/Mar/2021:08:47:27 +0800] "GET /xingrg/kc/buy/cgsh_order_list.html HTTP/1.1" 200 46627
61.129.6.251 - - [16/Mar/2021:08:47:27 +0800] "GET /xingrg/all/function/internal_message.html?_=1615855593376&CODE_STATE=getMsg HTTP/1.1" 302 -
116.224.253.72 - - [16/Mar/2021:08:47:30 +0800] "GET /xingrg/kc/buy/cgsh_order_operate.html?command=get_materiel&rest_code=00151&code=00101011001&supplier_code=00100047&order_time=2021-03-16 HTTP/1.1" 200 423
120.253.135.82 - - [16/Mar/2021:08:47:34 +0800] "GET /xingrg/all/function/internal_message.html?_=1615855425477&CODE_STATE=getMsg HTTP/1.1" 200 27
61.129.6.251 - - [16/Mar/2021:08:47:34 +0800] "GET /xingrg/login.html HTTP/1.1" 200 7641
116.224.253.72 - - [16/Mar/2021:08:47:36 +0800] "GET /xingrg/kc/buy/cgsh_order_operate.html?command=get_materiel&rest_code=00151&code=00101011010&supplier_code=00100047&order_time=2021-03-16 HTTP/1.1" 200 418
116.224.253.72 - - [16/Mar/2021:08:47:40 +0800] "POST /xingrg/kc/buy/cgsh_order_operate.html HTTP/1.1" 200 37
180.169.147.146 - - [16/Mar/2021:08:47:40 +0800] "GET /xingrg/all/function/internal_message.html?_=1615855663722&CODE_STATE=getMsg HTTP/1.1" 200 27
116.224.253.72 - - [16/Mar/2021:08:47:41 +0800] "POST /xingrg/kc/buy/cgsh_order_operate.html HTTP/1.1" 200 3878
58.40.7.146 - - [16/Mar/2021:08:47:44 +0800] "GET /xingrg/all/function/internal_message.html?_=1615855663985&CODE_STATE=getMsg HTTP/1.1" 302 -
116.224.253.72 - - [16/Mar/2021:08:47:45 +0800] "GET /xingrg/check_reg.html?_=1615855622604 HTTP/1.1" 200 22
116.224.253.72 - - [16/Mar/2021:08:47:45 +0800] "GET /xingrg/all/function/internal_message.html?_=1615855622666&CODE_STATE=getMsg HTTP/1.1" 200 27
114.88.166.193 - - [16/Mar/2021:08:47:46 +0800] "GET /xingrg/css/base.css HTTP/1.1" 304 -
114.88.166.193 - - [16/Mar/2021:08:47:46 +0800] "GET /xingrg/kc/buy/cgsh_order_add.html HTTP/1.1" 200 62104
114.88.166.193 - - [16/Mar/2021:08:47:46 +0800] "GET /xingrg/css/site.css HTTP/1.1" 304 -
114.88.166.193 - - [16/Mar/2021:08:47:46 +0800] "GET /xingrg/javascript/jquery_tools/datebox.css HTTP/1.1" 304 -
114.88.166.193 - - [16/Mar/2021:08:47:46 +0800] "GET /xingrg/javascript/easyui/themes/default/easyui.css HTTP/1.1" 304 -
114.88.166.193 - - [16/Mar/2021:08:47:46 +0800] "GET /xingrg/javascript/easyui/themes/icon.css HTTP/1.1" 304 -
114.88.166.193 - - [16/Mar/2021:08:47:46 +0800] "GET /xingrg/javascript/jquery_tools/fix.css HTTP/1.1" 304 -
114.88.166.193 - - [16/Mar/2021:08:47:46 +0800] "GET /xingrg/javascript/auto/jquery.autocomplete.css HTTP/1.1" 304 -
114.88.166.193 - - [16/Mar/2021:08:47:46 +0800] "GET /xingrg/javascript/jquery_tools/jquery.tools.min.js HTTP/1.1" 304 -
114.88.166.193 - - [16/Mar/2021:08:47:46 +0800] "GET /xingrg/javascript/jquery_tools/table.css HTTP/1.1" 304 -
114.88.166.193 - - [16/Mar/2021:08:47:46 +0800] "GET /xingrg/javascript/pic_change.js HTTP/1.1" 304 -
114.88.166.193 - - [16/Mar/2021:08:47:46 +0800] "GET /xingrg/javascript/jquery_tools/jquery.tools.extend.js HTTP/1.1" 304 -
114.88.166.193 - - [16/Mar/2021:08:47:46 +0800] "GET /xingrg/javascript/jquery_tools/jquery.tools.hotkey.js HTTP/1.1" 304 -
114.88.166.193 - - [16/Mar/2021:08:47:46 +0800] "GET /xingrg/javascript/jquery_tools/jquery.tools.table.js HTTP/1.1" 304 -
114.88.166.193 - - [16/Mar/2021:08:47:46 +0800] "GET /xingrg/javascript/jquery.utils.js HTTP/1.1" 304 -
114.88.166.193 - - [16/Mar/2021:08:47:46 +0800] "GET /xingrg/javascript/auto/jquery.autocomplete.js HTTP/1.1" 304 -
114.88.166.193 - - [16/Mar/2021:08:47:46 +0800] "GET /xingrg/javascript/jquery.cookie.js HTTP/1.1" 304 -
114.88.166.193 - - [16/Mar/2021:08:47:46 +0800] "GET /xingrg/javascript/easyui/easyloader.js HTTP/1.1" 304 -
114.88.166.193 - - [16/Mar/2021:08:47:46 +0800] "GET /xingrg/javascript/print/kc_print.js HTTP/1.1" 304 -
114.88.166.193 - - [16/Mar/2021:08:47:46 +0800] "GET /xingrg/javascript/print/LodopFuncs.js HTTP/1.1" 304 -
114.88.166.193 - - [16/Mar/2021:08:47:46 +0800] "GET /xingrg/javascript/jquery_tools/order_manager.js HTTP/1.1" 304 -
114.88.166.193 - - [16/Mar/2021:08:47:46 +0800] "GET /xingrg/javascript/convert.js HTTP/1.1" 304 -
114.88.166.193 - - [16/Mar/2021:08:47:46 +0800] "GET /xingrg/javascript/json2.js HTTP/1.1" 304 -
114.88.166.193 - - [16/Mar/2021:08:47:46 +0800] "GET /xingrg/words/20210315102325_words.js HTTP/1.1" 304 -
114.88.166.193 - - [16/Mar/2021:08:47:46 +0800] "GET /xingrg/javascript/easyui/themes/icons/copy_new.png HTTP/1.1" 304 -
114.88.166.193 - - [16/Mar/2021:08:47:46 +0800] "GET /xingrg/javascript/easyui/themes/icons/template_new.png HTTP/1.1" 304 -
114.88.166.193 - - [16/Mar/2021:08:47:46 +0800] "GET /xingrg/javascript/easyui/themes/icons/ok.png HTTP/1.1" 304 -
114.88.166.193 - - [16/Mar/2021:08:47:46 +0800] "GET /xingrg/javascript/easyui/themes/icons/print.png HTTP/1.1" 304 -
114.88.166.193 - - [16/Mar/2021:08:47:46 +0800] "GET /xingrg/javascript/easyui/themes/icons/cancel.png HTTP/1.1" 304 -
114.88.166.193 - - [16/Mar/2021:08:47:46 +0800] "GET /xingrg/javascript/easyui/themes/default/images/menu_downarrow.png HTTP/1.1" 304 -
114.88.166.193 - - [16/Mar/2021:08:47:46 +0800] "GET /xingrg/javascript/easyui/plugins/jquery.parser.js HTTP/1.1" 304 -
114.88.166.193 - - [16/Mar/2021:08:47:46 +0800] "POST /xingrg/kc/buy/cgsh_order_operate.html HTTP/1.1" 200 8245
114.88.166.193 - - [16/Mar/2021:08:47:46 +0800] "GET /xingrg/all/common/auto_word.html?type=employee&rest_code=00111 HTTP/1.1" 200 205
114.88.166.193 - - [16/Mar/2021:08:47:46 +0800] "GET /xingrg/all/common/auto_word.html?type=employee&rest_code=00111 HTTP/1.1" 200 205
114.88.166.193 - - [16/Mar/2021:08:47:46 +0800] "GET /xingrg/javascript/easyui/themes/default/validatebox.css HTTP/1.1" 404 1104
114.88.166.193 - - [16/Mar/2021:08:47:46 +0800] "GET /xingrg/javascript/easyui/plugins/jquery.validatebox.js HTTP/1.1" 304 -
114.88.166.193 - - [16/Mar/2021:08:47:46 +0800] "GET /xingrg/javascript/easyui/plugins/jquery.numberbox.js HTTP/1.1" 304 -
180.169.147.146 - - [16/Mar/2021:08:47:47 +0800] "POST /xingrg/kc/buy/cgsh_list_operate.html HTTP/1.1" 200 5199
222.70.216.222 - - [16/Mar/2021:08:47:57 +0800] "GET /xingrg/all/function/internal_message.html?_=1615855675022&CODE_STATE=getMsg HTTP/1.1" 200 27
116.224.253.72 - - [16/Mar/2021:08:48:01 +0800] "POST /xingrg/all/user/operate.html HTTP/1.1" 200 36
116.224.253.72 - - [16/Mar/2021:08:48:01 +0800] "GET /xingrg/index.html?sysBaseUrl=http%3A%2F%2F180.169.147.146%3A18081%2Fxingrg%2F&costTime=40×tamp=1615800782291 HTTP/1.1" 200 17179
116.224.253.72 - - [16/Mar/2021:08:48:01 +0800] "GET /xingrg/javascript/jquery_easy_ui/themes/default/easyui.css HTTP/1.1" 304 -
116.224.253.72 - - [16/Mar/2021:08:48:01 +0800] "GET /xingrg/javascript/jquery_easy_ui/themes/icon.css HTTP/1.1" 304 -
116.224.253.72 - - [16/Mar/2021:08:48:01 +0800] "GET /xingrg/css/form.css HTTP/1.1" 304 -
116.224.253.72 - - [16/Mar/2021:08:48:01 +0800] "GET /xingrg/javascript/jquery-1.4.2.min.js HTTP/1.1" 304 -
116.224.253.72 - - [16/Mar/2021:08:48:01 +0800] "GET /xingrg/javascript/jquery_easy_ui/jquery.easyui.min.js HTTP/1.1" 304 -
116.224.253.72 - - [16/Mar/2021:08:48:01 +0800] "GET /xingrg/javascript/jquery_easy_ui/easyui-lang-zh_CN.js HTTP/1.1" 304 -
116.224.253.72 - - [16/Mar/2021:08:48:01 +0800] "GET /xingrg/javascript/jquery.form.js HTTP/1.1" 304 -
116.224.253.72 - - [16/Mar/2021:08:48:01 +0800] "GET /xingrg/javascript/jquery.utils.js HTTP/1.1" 304 -
116.224.253.72 - - [16/Mar/2021:08:48:01 +0800] "GET /xingrg/javascript/jquery.timers.js HTTP/1.1" 304 -
116.224.253.72 - - [16/Mar/2021:08:48:01 +0800] "GET /xingrg/images/blue/jxLogo.png HTTP/1.1" 304 -
116.224.253.72 - - [16/Mar/2021:08:48:01 +0800] "GET /xingrg/images/blue/navBackgound.jpg HTTP/1.1" 304 -
116.224.253.72 - - [16/Mar/2021:08:48:01 +0800] "GET /xingrg/javascript/jquery_easy_ui/themes/icons/settle_new.png HTTP/1.1" 304 -
116.224.253.72 - - [16/Mar/2021:08:48:01 +0800] "POST /xingrg/all/common/load_tree.html?tree=area_rest_tree_json&manage=1 HTTP/1.1" 200 476
116.224.253.72 - - [16/Mar/2021:08:48:01 +0800] "GET /xingrg/all/function/internal_message.html?_=1615855680481&CODE_STATE=count HTTP/1.1" 200 11
116.224.253.72 - - [16/Mar/2021:08:48:01 +0800] "GET /xingrg/check_reg.html?_=1615855680483 HTTP/1.1" 200 22
116.224.253.72 - - [16/Mar/2021:08:48:01 +0800] "GET /xingrg/javascript/jquery_easy_ui/themes/default/images/tabs_leftarrow.png HTTP/1.1" 304 -
116.224.253.72 - - [16/Mar/2021:08:48:01 +0800] "GET /xingrg/images/blue/pingpu.png HTTP/1.1" 304 -
116.224.253.72 - - [16/Mar/2021:08:48:01 +0800] "GET /xingrg/javascript/jquery_easy_ui/themes/default/images/panel_tool_collapse.gif HTTP/1.1" 304 -
116.224.253.72 - - [16/Mar/2021:08:48:01 +0800] "GET /xingrg/javascript/jquery_easy_ui/themes/default/images/tabs_rightarrow.png HTTP/1.1" 304 -
116.224.253.72 - - [16/Mar/2021:08:48:01 +0800] "POST /xingrg/load_menu.html HTTP/1.1" 200 5138
116.224.253.72 - - [16/Mar/2021:08:48:03 +0800] "GET /xingrg/kc/base/wldb_order_list.html HTTP/1.1" 200 19345
116.224.253.72 - - [16/Mar/2021:08:48:03 +0800] "POST /xingrg/kc/base/wldb_list_operate.html HTTP/1.1" 200 928
61.165.42.208 - - [16/Mar/2021:08:48:04 +0800] "GET /xingrg/all/function/internal_message.html?_=1615855668282&CODE_STATE=getMsg HTTP/1.1" 200 27
116.224.253.72 - - [16/Mar/2021:08:48:05 +0800] "GET /xingrg/kc/base/wldb_order_add.html HTTP/1.1" 200 30508
116.224.253.72 - - [16/Mar/2021:08:48:05 +0800] "POST /xingrg/kc/base/wldb_order_operate.html HTTP/1.1" 200 6806
116.224.253.72 - - [16/Mar/2021:08:48:05 +0800] "GET /xingrg/all/common/auto_word.html?type=base&rest_code=00150 HTTP/1.1" 200 1653
116.224.253.72 - - [16/Mar/2021:08:48:05 +0800] "GET /xingrg/all/common/auto_word.html?type=base&rest_code=00150 HTTP/1.1" 200 1653
116.224.253.72 - - [16/Mar/2021:08:48:05 +0800] "GET /xingrg/javascript/easyui/themes/default/validatebox.css HTTP/1.1" 404 1104
116.224.253.72 - - [16/Mar/2021:08:48:06 +0800] "GET /xingrg/javascript/auto/indicator.gif HTTP/1.1" 404 1066
114.88.166.193 - - [16/Mar/2021:08:48:08 +0800] "GET /xingrg/kc/buy/cgsh_order_operate.html?command=get_materiel&rest_code=00111&code=00101008351&supplier_code=00100005&order_time=2021-03-16 HTTP/1.1" 200 408
114.88.166.193 - - [16/Mar/2021:08:48:08 +0800] "GET /xingrg/all/function/internal_message.html?_=1615855686131&CODE_STATE=getMsg HTTP/1.1" 200 27
116.224.253.72 - - [16/Mar/2021:08:48:16 +0800] "GET /xingrg/kc/base/wldb_order_operate.html?command=get_materiel&rest_code=00150&base_code=0010446&code=00102002193 HTTP/1.1" 200 436
61.165.42.208 - - [16/Mar/2021:08:48:17 +0800] "GET /xingrg/check_reg.html?_=1615855696974 HTTP/1.1" 200 22
61.165.42.208 - - [16/Mar/2021:08:48:17 +0800] "GET /xingrg/all/function/internal_message.html?_=1615855696978&CODE_STATE=getMsg HTTP/1.1" 200 27
114.88.166.193 - - [16/Mar/2021:08:48:19 +0800] "GET /xingrg/kc/buy/cgsh_order_operate.html?command=get_materiel&rest_code=00111&code=00101008358&supplier_code=00100005&order_time=2021-03-16 HTTP/1.1" 200 412
58.37.230.33 - - [16/Mar/2021:08:48:21 +0800] "GET /xingrg/all/function/internal_message.html?_=1615855713382&CODE_STATE=getMsg HTTP/1.1" 200 27
61.129.6.145 - - [16/Mar/2021:08:48:23 +0800] "GET /xingrg/all/function/internal_message.html?_=1615855653377&CODE_STATE=getMsg HTTP/1.1" 302 -
61.129.6.145 - - [16/Mar/2021:08:48:24 +0800] "GET /xingrg/login.html HTTP/1.1" 200 7641
180.169.147.146 - - [16/Mar/2021:08:48:25 +0800] "GET /xingrg/all/function/internal_message.html?_=1615855705998&CODE_STATE=getMsg HTTP/1.1" 200 27
180.169.147.146 - - [16/Mar/2021:08:48:26 +0800] "GET /xingrg/all/function/internal_message.html?_=1615855704483&CODE_STATE=getMsg HTTP/1.1" 200 27
101.228.165.174 - - [16/Mar/2021:08:48:26 +0800] "GET /xingrg/all/function/internal_message.html?_=1615855710325&CODE_STATE=getMsg HTTP/1.1" 200 27
180.169.147.146 - - [16/Mar/2021:08:48:30 +0800] "POST /xingrg/kc/buy/cgsh_list_operate.html HTTP/1.1" 200 5347
120.253.135.82 - - [16/Mar/2021:08:48:34 +0800] "GET /xingrg/all/function/internal_message.html?_=1615855485497&CODE_STATE=getMsg HTTP/1.1" 200 27
114.88.166.193 - - [16/Mar/2021:08:48:35 +0800] "GET /xingrg/kc/buy/cgsh_order_operate.html?command=get_materiel&rest_code=00111&code=00101008248&supplier_code=00100005&order_time=2021-03-16 HTTP/1.1" 200 414
180.169.147.146 - - [16/Mar/2021:08:48:40 +0800] "GET /xingrg/all/function/internal_message.html?_=1615855723727&CODE_STATE=getMsg HTTP/1.1" 200 27
58.40.7.146 - - [16/Mar/2021:08:48:44 +0800] "GET /xingrg/all/function/internal_message.html?_=1615855723971&CODE_STATE=getMsg HTTP/1.1" 302 -
116.224.253.72 - - [16/Mar/2021:08:48:45 +0800] "GET /xingrg/all/function/internal_message.html?_=1615855682696&CODE_STATE=getMsg HTTP/1.1" 200 27
114.88.166.193 - - [16/Mar/2021:08:48:47 +0800] "GET /xingrg/kc/buy/cgsh_order_operate.html?command=get_materiel&rest_code=00111&code=00101008096&supplier_code=00100005&order_time=2021-03-16 HTTP/1.1" 200 413
116.224.253.72 - - [16/Mar/2021:08:48:47 +0800] "GET /xingrg/kc/base/wldb_order_operate.html?command=get_materiel&rest_code=00150&base_code=0010446&code=00102002448 HTTP/1.1" 200 426
222.70.216.222 - - [16/Mar/2021:08:48:57 +0800] "GET /xingrg/all/function/internal_message.html?_=1615855735008&CODE_STATE=getMsg HTTP/1.1" 200 27
114.88.166.193 - - [16/Mar/2021:08:48:58 +0800] "GET /xingrg/kc/buy/cgsh_order_operate.html?command=get_materiel&rest_code=00111&code=00101008211&supplier_code=00100005&order_time=2021-03-16 HTTP/1.1" 200 412
116.224.253.72 - - [16/Mar/2021:08:49:01 +0800] "GET /xingrg/all/function/internal_message.html?_=1615855740499&CODE_STATE=getMsg HTTP/1.1" 200 27
180.169.147.146 - - [16/Mar/2021:08:49:04 +0800] "POST /xingrg/all/user/operate.html HTTP/1.1" 200 36
180.169.147.146 - - [16/Mar/2021:08:49:04 +0800] "GET /xingrg/index.html?sysBaseUrl=http%3A%2F%2F180.169.147.146%3A18081%2Fxingrg%2F&costTime=41×tamp=1615855440489 HTTP/1.1" 200 17503
61.165.42.208 - - [16/Mar/2021:08:49:04 +0800] "GET /xingrg/check_reg.html?_=1615855728308 HTTP/1.1" 200 22
61.165.42.208 - - [16/Mar/2021:08:49:04 +0800] "GET /xingrg/all/function/internal_message.html?_=1615855728310&CODE_STATE=getMsg HTTP/1.1" 200 27
180.169.147.146 - - [16/Mar/2021:08:49:04 +0800] "GET /xingrg/javascript/jquery_easy_ui/themes/default/easyui.css HTTP/1.1" 304 -
180.169.147.146 - - [16/Mar/2021:08:49:04 +0800] "GET /xingrg/javascript/jquery_easy_ui/themes/icon.css HTTP/1.1" 304 -
180.169.147.146 - - [16/Mar/2021:08:49:04 +0800] "GET /xingrg/css/form.css HTTP/1.1" 304 -
180.169.147.146 - - [16/Mar/2021:08:49:04 +0800] "GET /xingrg/javascript/jquery-1.4.2.min.js HTTP/1.1" 304 -
180.169.147.146 - - [16/Mar/2021:08:49:04 +0800] "GET /xingrg/javascript/jquery_easy_ui/jquery.easyui.min.js HTTP/1.1" 304 -
180.169.147.146 - - [16/Mar/2021:08:49:04 +0800] "GET /xingrg/javascript/jquery_easy_ui/easyui-lang-zh_CN.js HTTP/1.1" 304 -
180.169.147.146 - - [16/Mar/2021:08:49:04 +0800] "GET /xingrg/javascript/jquery.form.js HTTP/1.1" 304 -
180.169.147.146 - - [16/Mar/2021:08:49:04 +0800] "GET /xingrg/javascript/jquery.utils.js HTTP/1.1" 304 -
180.169.147.146 - - [16/Mar/2021:08:49:04 +0800] "GET /xingrg/javascript/jquery.timers.js HTTP/1.1" 304 -
180.169.147.146 - - [16/Mar/2021:08:49:04 +0800] "GET /xingrg/images/blue/jxLogo.png HTTP/1.1" 304 -
180.169.147.146 - - [16/Mar/2021:08:49:04 +0800] "GET /xingrg/images/blue/navBackgound.jpg HTTP/1.1" 304 -
180.169.147.146 - - [16/Mar/2021:08:49:04 +0800] "GET /xingrg/javascript/jquery_easy_ui/themes/icons/settle_new.png HTTP/1.1" 304 -
180.169.147.146 - - [16/Mar/2021:08:49:04 +0800] "POST /xingrg/all/common/load_tree.html?tree=area_rest_tree_json&manage=1 HTTP/1.1" 200 3216
180.169.147.146 - - [16/Mar/2021:08:49:04 +0800] "GET /xingrg/all/function/internal_message.html?_=1615855745343&CODE_STATE=count HTTP/1.1" 200 11
180.169.147.146 - - [16/Mar/2021:08:49:04 +0800] "GET /xingrg/check_reg.html?_=1615855745344 HTTP/1.1" 200 22
180.169.147.146 - - [16/Mar/2021:08:49:04 +0800] "GET /xingrg/images/blue/pingpu.png HTTP/1.1" 304 -
180.169.147.146 - - [16/Mar/2021:08:49:04 +0800] "GET /xingrg/javascript/jquery_easy_ui/themes/default/images/tabs_rightarrow.png HTTP/1.1" 304 -
180.169.147.146 - - [16/Mar/2021:08:49:04 +0800] "GET /xingrg/javascript/jquery_easy_ui/themes/default/images/panel_tool_collapse.gif HTTP/1.1" 304 -
180.169.147.146 - - [16/Mar/2021:08:49:04 +0800] "GET /xingrg/javascript/jquery_easy_ui/themes/default/images/tabs_leftarrow.png HTTP/1.1" 304 -
180.169.147.146 - - [16/Mar/2021:08:49:04 +0800] "GET /xingrg/javascript/jquery_easy_ui/themes/default/images/panel_tool_expand.gif HTTP/1.1" 304 -
180.169.147.146 - - [16/Mar/2021:08:49:04 +0800] "POST /xingrg/load_menu.html HTTP/1.1" 200 9959
180.169.147.146 - - [16/Mar/2021:08:49:06 +0800] "GET /xingrg/kc/buy/cgsh_order_list.html HTTP/1.1" 200 46621
180.169.147.146 - - [16/Mar/2021:08:49:07 +0800] "POST /xingrg/kc/buy/cgsh_list_operate.html HTTP/1.1" 200 876
114.88.166.193 - - [16/Mar/2021:08:49:08 +0800] "GET /xingrg/all/function/internal_message.html?_=1615855746145&CODE_STATE=getMsg HTTP/1.1" 200 27
101.228.165.174 - - [16/Mar/2021:08:49:09 +0800] "GET /xingrg/check_reg.html?_=1615855753608 HTTP/1.1" 200 22
114.88.166.193 - - [16/Mar/2021:08:49:09 +0800] "GET /xingrg/kc/buy/cgsh_order_operate.html?command=get_materiel&rest_code=00111&code=00101008126&supplier_code=00100005&order_time=2021-03-16 HTTP/1.1" 200 412
58.37.192.63 - - [16/Mar/2021:08:49:11 +0800] "POST /xingrg/services/DataTransmitService HTTP/1.1" 200 524
116.224.253.72 - - [16/Mar/2021:08:49:11 +0800] "GET /xingrg/kc/base/yddb_order_list.html HTTP/1.1" 200 16951
116.224.253.72 - - [16/Mar/2021:08:49:11 +0800] "POST /xingrg/kc/base/yddb_list_operate.html HTTP/1.1" 200 636
180.169.147.146 - - [16/Mar/2021:08:49:12 +0800] "POST /xingrg/kc/buy/cgsh_list_operate.html HTTP/1.1" 200 5893
61.165.42.208 - - [16/Mar/2021:08:49:17 +0800] "GET /xingrg/all/function/internal_message.html?_=1615855756963&CODE_STATE=getMsg HTTP/1.1" 200 27
114.88.166.193 - - [16/Mar/2021:08:49:18 +0800] "GET /xingrg/kc/buy/cgsh_order_operate.html?command=get_materiel&rest_code=00111&code=00101008355&supplier_code=00100005&order_time=2021-03-16 HTTP/1.1" 200 408
58.37.230.33 - - [16/Mar/2021:08:49:21 +0800] "GET /xingrg/all/function/internal_message.html?_=1615855773384&CODE_STATE=getMsg HTTP/1.1" 200 27
180.169.147.146 - - [16/Mar/2021:08:49:26 +0800] "GET /xingrg/all/function/internal_message.html?_=1615855764514&CODE_STATE=getMsg HTTP/1.1" 200 27
101.228.165.174 - - [16/Mar/2021:08:49:26 +0800] "GET /xingrg/all/function/internal_message.html?_=1615855770333&CODE_STATE=getMsg HTTP/1.1" 200 27
114.88.166.193 - - [16/Mar/2021:08:49:26 +0800] "GET /xingrg/kc/buy/cgsh_order_operate.html?command=get_materiel&rest_code=00111&code=00101008261&supplier_code=00100005&order_time=2021-03-16 HTTP/1.1" 200 408
180.169.147.146 - - [16/Mar/2021:08:49:29 +0800] "POST /xingrg/kc/buy/cgsh_list_operate.html HTTP/1.1" 200 6008
120.253.135.82 - - [16/Mar/2021:08:49:34 +0800] "GET /xingrg/all/function/internal_message.html?_=1615855545505&CODE_STATE=getMsg HTTP/1.1" 200 27
114.88.166.193 - - [16/Mar/2021:08:49:35 +0800] "GET /xingrg/kc/buy/cgsh_order_operate.html?command=get_materiel&rest_code=00111&code=00101008080&supplier_code=00100005&order_time=2021-03-16 HTTP/1.1" 200 416
180.169.147.146 - - [16/Mar/2021:08:49:40 +0800] "GET /xingrg/check_reg.html?_=1615855783727 HTTP/1.1" 200 22
180.169.147.146 - - [16/Mar/2021:08:49:40 +0800] "GET /xingrg/all/function/internal_message.html?_=1615855783729&CODE_STATE=getMsg HTTP/1.1" 200 27
116.224.253.72 - - [16/Mar/2021:08:49:43 +0800] "GET /xingrg/kc/base/yddb_order_add.html HTTP/1.1" 200 29745
116.224.253.72 - - [16/Mar/2021:08:49:44 +0800] "GET /xingrg/dwr/util.js HTTP/1.1" 304 -
116.224.253.72 - - [16/Mar/2021:08:49:44 +0800] "GET /xingrg/dwr/interface/AjaxYddbService.js HTTP/1.1" 200 13201
116.224.253.72 - - [16/Mar/2021:08:49:44 +0800] "GET /xingrg/dwr/interface/AjaxComOrderService.js HTTP/1.1" 200 18264
116.224.253.72 - - [16/Mar/2021:08:49:44 +0800] "GET /xingrg/dwr/engine.js HTTP/1.1" 200 43631
58.40.7.146 - - [16/Mar/2021:08:49:44 +0800] "GET /xingrg/all/function/internal_message.html?_=1615855783976&CODE_STATE=getMsg HTTP/1.1" 302 -
116.224.253.72 - - [16/Mar/2021:08:49:45 +0800] "GET /xingrg/all/function/internal_message.html?_=1615855742709&CODE_STATE=getMsg HTTP/1.1" 200 27
116.224.253.72 - - [16/Mar/2021:08:49:46 +0800] "POST /xingrg/dwr/call/plaincall/AjaxYddbService.getRestBases.dwr HTTP/1.1" 200 1514
114.88.166.193 - - [16/Mar/2021:08:49:51 +0800] "GET /xingrg/kc/buy/cgsh_order_operate.html?command=get_materiel&rest_code=00111&code=00101008185&supplier_code=00100005&order_time=2021-03-16 HTTP/1.1" 200 409
180.169.147.146 - - [16/Mar/2021:08:49:52 +0800] "POST /xingrg/all/user/operate.html HTTP/1.1" 200 36
180.169.147.146 - - [16/Mar/2021:08:49:52 +0800] "GET /xingrg/index.html?sysBaseUrl=http%3A%2F%2F180.169.147.146%3A18081%2Fxingrg%2F&costTime=41×tamp=1615855440489 HTTP/1.1" 200 17509
180.169.147.146 - - [16/Mar/2021:08:49:52 +0800] "GET /xingrg/javascript/jquery_easy_ui/themes/default/easyui.css HTTP/1.1" 304 -
180.169.147.146 - - [16/Mar/2021:08:49:52 +0800] "GET /xingrg/javascript/jquery_easy_ui/themes/icon.css HTTP/1.1" 304 -
180.169.147.146 - - [16/Mar/2021:08:49:52 +0800] "GET /xingrg/css/form.css HTTP/1.1" 304 -
180.169.147.146 - - [16/Mar/2021:08:49:52 +0800] "GET /xingrg/javascript/jquery-1.4.2.min.js HTTP/1.1" 304 -
180.169.147.146 - - [16/Mar/2021:08:49:52 +0800] "GET /xingrg/javascript/jquery_easy_ui/jquery.easyui.min.js HTTP/1.1" 304 -
180.169.147.146 - - [16/Mar/2021:08:49:52 +0800] "GET /xingrg/javascript/jquery_easy_ui/easyui-lang-zh_CN.js HTTP/1.1" 304 -
180.169.147.146 - - [16/Mar/2021:08:49:52 +0800] "GET /xingrg/javascript/jquery.form.js HTTP/1.1" 304 -
180.169.147.146 - - [16/Mar/2021:08:49:52 +0800] "GET /xingrg/javascript/jquery.utils.js HTTP/1.1" 304 -
180.169.147.146 - - [16/Mar/2021:08:49:52 +0800] "GET /xingrg/javascript/jquery.timers.js HTTP/1.1" 304 -
180.169.147.146 - - [16/Mar/2021:08:49:52 +0800] "GET /xingrg/images/blue/jxLogo.png HTTP/1.1" 304 -
180.169.147.146 - - [16/Mar/2021:08:49:52 +0800] "GET /xingrg/javascript/jquery_easy_ui/themes/icons/settle_new.png HTTP/1.1" 304 -
180.169.147.146 - - [16/Mar/2021:08:49:52 +0800] "GET /xingrg/images/blue/navBackgound.jpg HTTP/1.1" 304 -
180.169.147.146 - - [16/Mar/2021:08:49:52 +0800] "POST /xingrg/all/common/load_tree.html?tree=area_rest_tree_json&manage=1 HTTP/1.1" 200 3216
180.169.147.146 - - [16/Mar/2021:08:49:52 +0800] "GET /xingrg/all/function/internal_message.html?_=1615855793316&CODE_STATE=count HTTP/1.1" 200 11
180.169.147.146 - - [16/Mar/2021:08:49:52 +0800] "GET /xingrg/check_reg.html?_=1615855793317 HTTP/1.1" 200 22
180.169.147.146 - - [16/Mar/2021:08:49:52 +0800] "GET /xingrg/images/blue/pingpu.png HTTP/1.1" 304 -
180.169.147.146 - - [16/Mar/2021:08:49:52 +0800] "GET /xingrg/javascript/jquery_easy_ui/themes/default/images/tabs_rightarrow.png HTTP/1.1" 304 -
180.169.147.146 - - [16/Mar/2021:08:49:52 +0800] "GET /xingrg/javascript/jquery_easy_ui/themes/default/images/panel_tool_collapse.gif HTTP/1.1" 304 -
180.169.147.146 - - [16/Mar/2021:08:49:52 +0800] "GET /xingrg/javascript/jquery_easy_ui/themes/default/images/tabs_leftarrow.png HTTP/1.1" 304 -
180.169.147.146 - - [16/Mar/2021:08:49:52 +0800] "GET /xingrg/javascript/jquery_easy_ui/themes/default/images/panel_tool_expand.gif HTTP/1.1" 304 -
180.169.147.146 - - [16/Mar/2021:08:49:52 +0800] "POST /xingrg/load_menu.html HTTP/1.1" 200 9959
116.224.253.72 - - [16/Mar/2021:08:49:53 +0800] "POST /xingrg/dwr/call/plaincall/AjaxYddbService.saveOrder.dwr HTTP/1.1" 200 78
116.224.253.72 - - [16/Mar/2021:08:49:54 +0800] "GET /xingrg/images/yd/bt.gif HTTP/1.1" 404 1040
180.169.147.146 - - [16/Mar/2021:08:49:54 +0800] "GET /xingrg/kc/buy/cgsh_order_list.html HTTP/1.1" 200 46627
222.70.216.222 - - [16/Mar/2021:08:49:57 +0800] "GET /xingrg/all/function/internal_message.html?_=1615855794978&CODE_STATE=getMsg HTTP/1.1" 200 27
116.224.253.72 - - [16/Mar/2021:08:50:01 +0800] "GET /xingrg/all/function/internal_message.html?_=1615855800503&CODE_STATE=getMsg HTTP/1.1" 200 27
61.165.42.208 - - [16/Mar/2021:08:50:04 +0800] "GET /xingrg/all/function/internal_message.html?_=1615855788310&CODE_STATE=getMsg HTTP/1.1" 200 27
116.224.253.72 - - [16/Mar/2021:08:50:04 +0800] "POST /xingrg/dwr/call/plaincall/AjaxComOrderService.getMaterielSearchList.dwr HTTP/1.1" 200 351708
116.224.253.72 - - [16/Mar/2021:08:50:05 +0800] "POST /xingrg/dwr/call/plaincall/AjaxComOrderService.getMaterielSearchList.dwr HTTP/1.1" 200 76
116.224.253.72 - - [16/Mar/2021:08:50:07 +0800] "POST /xingrg/dwr/call/plaincall/AjaxComOrderService.getMaterielSearchList.dwr HTTP/1.1" 200 408873
116.224.253.72 - - [16/Mar/2021:08:50:07 +0800] "POST /xingrg/dwr/call/plaincall/AjaxComOrderService.getMaterielSearchList.dwr HTTP/1.1" 200 591
114.88.166.193 - - [16/Mar/2021:08:50:08 +0800] "GET /xingrg/all/function/internal_message.html?_=1615855806157&CODE_STATE=getMsg HTTP/1.1" 200 27
116.224.253.72 - - [16/Mar/2021:08:50:09 +0800] "POST /xingrg/dwr/call/plaincall/AjaxYddbService.getMaterielByMap.dwr HTTP/1.1" 200 3766
116.224.253.72 - - [16/Mar/2021:08:50:11 +0800] "POST /xingrg/dwr/call/plaincall/AjaxYddbService.getUnitPrice.dwr HTTP/1.1" 200 86
116.224.253.72 - - [16/Mar/2021:08:50:12 +0800] "GET /xingrg/images/yd/bt2.gif HTTP/1.1" 404 1042
116.224.253.72 - - [16/Mar/2021:08:50:12 +0800] "POST /xingrg/dwr/call/plaincall/AjaxYddbService.saveMaterielItem.dwr HTTP/1.1" 200 78
180.169.147.146 - - [16/Mar/2021:08:50:12 +0800] "POST /xingrg/kc/buy/cgsh_list_operate.html HTTP/1.1" 200 5206
116.224.253.72 - - [16/Mar/2021:08:50:15 +0800] "POST /xingrg/dwr/call/plaincall/AjaxComOrderService.getMaterielSearchList.dwr HTTP/1.1" 200 11352
116.224.253.72 - - [16/Mar/2021:08:50:16 +0800] "POST /xingrg/dwr/call/plaincall/AjaxComOrderService.getMaterielSearchList.dwr HTTP/1.1" 200 1150
61.165.42.208 - - [16/Mar/2021:08:50:17 +0800] "GET /xingrg/all/function/internal_message.html?_=1615855816964&CODE_STATE=getMsg HTTP/1.1" 200 27
116.224.253.72 - - [16/Mar/2021:08:50:20 +0800] "POST /xingrg/dwr/call/plaincall/AjaxYddbService.getMaterielByMap.dwr HTTP/1.1" 200 3737
58.37.230.33 - - [16/Mar/2021:08:50:21 +0800] "GET /xingrg/all/function/internal_message.html?_=1615855833384&CODE_STATE=getMsg HTTP/1.1" 200 27
116.224.253.72 - - [16/Mar/2021:08:50:24 +0800] "POST /xingrg/dwr/call/plaincall/AjaxYddbService.saveMaterielItem.dwr HTTP/1.1" 200 79
180.169.147.146 - - [16/Mar/2021:08:50:26 +0800] "GET /xingrg/all/function/internal_message.html?_=1615855824511&CODE_STATE=getMsg HTTP/1.1" 200 27
101.228.165.174 - - [16/Mar/2021:08:50:26 +0800] "GET /xingrg/all/function/internal_message.html?_=1615855830345&CODE_STATE=getMsg HTTP/1.1" 200 27
101.227.139.173 - - [16/Mar/2021:08:50:27 +0800] "GET /xingrg/all/function/internal_message.html?_=1615855773384&CODE_STATE=getMsg HTTP/1.1" 302 -
101.227.139.173 - - [16/Mar/2021:08:50:30 +0800] "GET /xingrg/login.html HTTP/1.1" 200 7641
120.253.135.82 - - [16/Mar/2021:08:50:34 +0800] "GET /xingrg/check_reg.html?_=1615855605466 HTTP/1.1" 200 22
120.253.135.82 - - [16/Mar/2021:08:50:34 +0800] "GET /xingrg/all/function/internal_message.html?_=1615855605519&CODE_STATE=getMsg HTTP/1.1" 200 27
180.169.147.146 - - [16/Mar/2021:08:50:34 +0800] "POST /xingrg/kc/buy/cgsh_list_operate.html HTTP/1.1" 200 5355
180.169.147.146 - - [16/Mar/2021:08:50:40 +0800] "GET /xingrg/all/function/internal_message.html?_=1615855843738&CODE_STATE=getMsg HTTP/1.1" 200 27
58.40.7.146 - - [16/Mar/2021:08:50:44 +0800] "GET /xingrg/all/function/internal_message.html?_=1615855843979&CODE_STATE=getMsg HTTP/1.1" 302 -
58.40.7.146 - - [16/Mar/2021:08:50:44 +0800] "GET /xingrg/check_reg.html?_=1615855843980 HTTP/1.1" 302 -
116.224.253.72 - - [16/Mar/2021:08:50:45 +0800] "GET /xingrg/all/function/internal_message.html?_=1615855802755&CODE_STATE=getMsg HTTP/1.1" 200 27
116.224.253.72 - - [16/Mar/2021:08:50:46 +0800] "POST /xingrg/all/user/operate.html HTTP/1.1" 200 36
116.224.253.72 - - [16/Mar/2021:08:50:46 +0800] "GET /xingrg/index.html?sysBaseUrl=http%3A%2F%2F180.169.147.146%3A18081%2Fxingrg%2F&costTime=40×tamp=1615800782291 HTTP/1.1" 200 17177
116.224.253.72 - - [16/Mar/2021:08:50:46 +0800] "GET /xingrg/javascript/jquery_easy_ui/themes/default/easyui.css HTTP/1.1" 304 -
116.224.253.72 - - [16/Mar/2021:08:50:46 +0800] "GET /xingrg/javascript/jquery_easy_ui/themes/icon.css HTTP/1.1" 304 -
116.224.253.72 - - [16/Mar/2021:08:50:46 +0800] "GET /xingrg/css/form.css HTTP/1.1" 304 -
116.224.253.72 - - [16/Mar/2021:08:50:46 +0800] "GET /xingrg/javascript/jquery-1.4.2.min.js HTTP/1.1" 304 -
116.224.253.72 - - [16/Mar/2021:08:50:46 +0800] "GET /xingrg/javascript/jquery_easy_ui/jquery.easyui.min.js HTTP/1.1" 304 -
116.224.253.72 - - [16/Mar/2021:08:50:46 +0800] "GET /xingrg/javascript/jquery_easy_ui/easyui-lang-zh_CN.js HTTP/1.1" 304 -
116.224.253.72 - - [16/Mar/2021:08:50:46 +0800] "GET /xingrg/javascript/jquery.form.js HTTP/1.1" 304 -
116.224.253.72 - - [16/Mar/2021:08:50:46 +0800] "GET /xingrg/javascript/jquery.utils.js HTTP/1.1" 304 -
116.224.253.72 - - [16/Mar/2021:08:50:46 +0800] "GET /xingrg/javascript/jquery.timers.js HTTP/1.1" 304 -
116.224.253.72 - - [16/Mar/2021:08:50:46 +0800] "GET /xingrg/images/blue/jxLogo.png HTTP/1.1" 304 -
116.224.253.72 - - [16/Mar/2021:08:50:46 +0800] "GET /xingrg/images/blue/navBackgound.jpg HTTP/1.1" 304 -
116.224.253.72 - - [16/Mar/2021:08:50:46 +0800] "GET /xingrg/javascript/jquery_easy_ui/themes/icons/settle_new.png HTTP/1.1" 304 -
116.224.253.72 - - [16/Mar/2021:08:50:46 +0800] "POST /xingrg/all/common/load_tree.html?tree=area_rest_tree_json&manage=1 HTTP/1.1" 200 476
116.224.253.72 - - [16/Mar/2021:08:50:46 +0800] "GET /xingrg/all/function/internal_message.html?_=1615855845215&CODE_STATE=count HTTP/1.1" 200 11
116.224.253.72 - - [16/Mar/2021:08:50:46 +0800] "GET /xingrg/check_reg.html?_=1615855845215 HTTP/1.1" 200 22
116.224.253.72 - - [16/Mar/2021:08:50:46 +0800] "GET /xingrg/javascript/jquery_easy_ui/themes/default/images/tabs_leftarrow.png HTTP/1.1" 304 -
116.224.253.72 - - [16/Mar/2021:08:50:46 +0800] "GET /xingrg/javascript/jquery_easy_ui/themes/default/images/tabs_rightarrow.png HTTP/1.1" 304 -
116.224.253.72 - - [16/Mar/2021:08:50:46 +0800] "GET /xingrg/javascript/jquery_easy_ui/themes/default/images/panel_tool_collapse.gif HTTP/1.1" 304 -
116.224.253.72 - - [16/Mar/2021:08:50:46 +0800] "GET /xingrg/images/blue/pingpu.png HTTP/1.1" 304 -
116.224.253.72 - - [16/Mar/2021:08:50:46 +0800] "POST /xingrg/load_menu.html HTTP/1.1" 200 5138
116.224.253.72 - - [16/Mar/2021:08:50:49 +0800] "GET /xingrg/kc/base/yddb_order_list.html HTTP/1.1" 200 16949
116.224.253.72 - - [16/Mar/2021:08:50:49 +0800] "POST /xingrg/kc/base/yddb_list_operate.html HTTP/1.1" 200 1347
116.224.253.72 - - [16/Mar/2021:08:50:51 +0800] "POST /xingrg/kc/base/yddb_list_operate.html HTTP/1.1" 200 306
116.224.253.72 - - [16/Mar/2021:08:50:52 +0800] "GET /xingrg/kc/base/yddb_order_info.html?code=482021031600130 HTTP/1.1" 200 30237
116.224.253.72 - - [16/Mar/2021:08:50:52 +0800] "GET /xingrg/dwr/interface/AjaxYddbService.js HTTP/1.1" 200 13201
116.224.253.72 - - [16/Mar/2021:08:50:52 +0800] "GET /xingrg/dwr/interface/AjaxComOrderService.js HTTP/1.1" 200 18264
116.224.253.72 - - [16/Mar/2021:08:50:52 +0800] "GET /xingrg/dwr/engine.js HTTP/1.1" 200 43631
180.169.147.146 - - [16/Mar/2021:08:50:52 +0800] "GET /xingrg/all/function/internal_message.html?_=1615855853322&CODE_STATE=getMsg HTTP/1.1" 200 27
116.224.253.72 - - [16/Mar/2021:08:50:52 +0800] "POST /xingrg/dwr/call/plaincall/AjaxYddbService.loadMaterielItems.dwr HTTP/1.1" 200 838
116.224.253.72 - - [16/Mar/2021:08:50:56 +0800] "POST /xingrg/all/user/operate.html HTTP/1.1" 200 36
116.224.253.72 - - [16/Mar/2021:08:50:56 +0800] "GET /xingrg/index.html?sysBaseUrl=http%3A%2F%2F180.169.147.146%3A18081%2Fxingrg%2F&costTime=40×tamp=1615800782291 HTTP/1.1" 200 17179
116.224.253.72 - - [16/Mar/2021:08:50:56 +0800] "GET /xingrg/javascript/jquery_easy_ui/themes/default/easyui.css HTTP/1.1" 304 -
116.224.253.72 - - [16/Mar/2021:08:50:56 +0800] "GET /xingrg/javascript/jquery_easy_ui/themes/icon.css HTTP/1.1" 304 -
116.224.253.72 - - [16/Mar/2021:08:50:56 +0800] "GET /xingrg/css/form.css HTTP/1.1" 304 -
116.224.253.72 - - [16/Mar/2021:08:50:56 +0800] "GET /xingrg/javascript/jquery-1.4.2.min.js HTTP/1.1" 304 -
116.224.253.72 - - [16/Mar/2021:08:50:56 +0800] "GET /xingrg/javascript/jquery_easy_ui/jquery.easyui.min.js HTTP/1.1" 304 -
116.224.253.72 - - [16/Mar/2021:08:50:56 +0800] "GET /xingrg/javascript/jquery_easy_ui/easyui-lang-zh_CN.js HTTP/1.1" 304 -
116.224.253.72 - - [16/Mar/2021:08:50:56 +0800] "GET /xingrg/javascript/jquery.form.js HTTP/1.1" 304 -
116.224.253.72 - - [16/Mar/2021:08:50:56 +0800] "GET /xingrg/javascript/jquery.utils.js HTTP/1.1" 304 -
116.224.253.72 - - [16/Mar/2021:08:50:56 +0800] "GET /xingrg/javascript/jquery.timers.js HTTP/1.1" 304 -
116.224.253.72 - - [16/Mar/2021:08:50:56 +0800] "GET /xingrg/images/blue/jxLogo.png HTTP/1.1" 304 -
116.224.253.72 - - [16/Mar/2021:08:50:56 +0800] "GET /xingrg/javascript/jquery_easy_ui/themes/icons/settle_new.png HTTP/1.1" 304 -
116.224.253.72 - - [16/Mar/2021:08:50:56 +0800] "GET /xingrg/images/blue/navBackgound.jpg HTTP/1.1" 304 -
116.224.253.72 - - [16/Mar/2021:08:50:56 +0800] "POST /xingrg/all/common/load_tree.html?tree=area_rest_tree_json&manage=1 HTTP/1.1" 200 476
116.224.253.72 - - [16/Mar/2021:08:50:56 +0800] "GET /xingrg/all/function/internal_message.html?_=1615855855560&CODE_STATE=count HTTP/1.1" 200 11
116.224.253.72 - - [16/Mar/2021:08:50:56 +0800] "GET /xingrg/check_reg.html?_=1615855855562 HTTP/1.1" 200 22
116.224.253.72 - - [16/Mar/2021:08:50:56 +0800] "GET /xingrg/javascript/jquery_easy_ui/themes/default/images/panel_tool_collapse.gif HTTP/1.1" 304 -
116.224.253.72 - - [16/Mar/2021:08:50:56 +0800] "GET /xingrg/javascript/jquery_easy_ui/themes/default/images/tabs_rightarrow.png HTTP/1.1" 304 -
116.224.253.72 - - [16/Mar/2021:08:50:56 +0800] "GET /xingrg/images/blue/pingpu.png HTTP/1.1" 304 -
116.224.253.72 - - [16/Mar/2021:08:50:56 +0800] "GET /xingrg/javascript/jquery_easy_ui/themes/default/images/tabs_leftarrow.png HTTP/1.1" 304 -
116.224.253.72 - - [16/Mar/2021:08:50:56 +0800] "POST /xingrg/load_menu.html HTTP/1.1" 200 5138
180.169.147.146 - - [16/Mar/2021:08:50:57 +0800] "POST /xingrg/kc/buy/cgsh_list_operate.html HTTP/1.1" 200 3751
222.70.216.222 - - [16/Mar/2021:08:50:57 +0800] "GET /xingrg/all/function/internal_message.html?_=1615855854963&CODE_STATE=getMsg HTTP/1.1" 200 27
114.88.166.193 - - [16/Mar/2021:08:50:57 +0800] "GET /xingrg/kc/buy/cgsh_order_operate.html?command=get_materiel&rest_code=00111&code=00101008067&supplier_code=00100005&order_time=2021-03-16 HTTP/1.1" 200 416
116.224.253.72 - - [16/Mar/2021:08:50:59 +0800] "GET /xingrg/kc/base/yddb_order_list.html HTTP/1.1" 200 16951
116.224.253.72 - - [16/Mar/2021:08:50:59 +0800] "POST /xingrg/kc/base/yddb_list_operate.html HTTP/1.1" 200 1347
116.224.253.72 - - [16/Mar/2021:08:51:00 +0800] "POST /xingrg/kc/base/yddb_list_operate.html HTTP/1.1" 200 306
116.224.253.72 - - [16/Mar/2021:08:51:01 +0800] "GET /xingrg/kc/base/yddb_order_info.html?code=482021031600130 HTTP/1.1" 200 31196
116.224.253.72 - - [16/Mar/2021:08:51:01 +0800] "GET /xingrg/dwr/interface/AjaxYddbService.js HTTP/1.1" 200 13201
