58.40.7.146 - - [16/Mar/2021:09:17:44 +0800] "GET /xingrg/all/function/internal_message.html?_=1615857463993&CODE_STATE=getMsg HTTP/1.1" 302 -
222.70.216.222 - - [16/Mar/2021:09:17:57 +0800] "GET /xingrg/all/function/internal_message.html?_=1615857474337&CODE_STATE=getMsg HTTP/1.1" 200 27
116.235.216.75 - - [16/Mar/2021:09:17:57 +0800] "GET /xingrg/all/function/internal_message.html?_=1615857474938&CODE_STATE=getMsg HTTP/1.1" 200 27
117.185.32.26 - - [16/Mar/2021:09:17:58 +0800] "GET /xingrg/all/function/internal_message.html?_=1615857986650&CODE_STATE=getMsg HTTP/1.1" 200 27
117.185.32.26 - - [16/Mar/2021:09:17:58 +0800] "GET /xingrg/check_reg.html?_=1615857986651 HTTP/1.1" 200 22
180.161.117.36 - - [16/Mar/2021:09:18:03 +0800] "GET /xingrg/check_reg.html?_=1615857748053 HTTP/1.1" 200 22
180.161.117.36 - - [16/Mar/2021:09:18:04 +0800] "GET /xingrg/all/function/internal_message.html?_=1615857748707&CODE_STATE=getMsg HTTP/1.1" 200 27
116.232.54.132 - - [16/Mar/2021:09:18:06 +0800] "GET /xingrg/all/function/internal_message.html?_=1615857488218&CODE_STATE=getMsg HTTP/1.1" 200 27
180.169.147.146 - - [16/Mar/2021:09:18:07 +0800] "GET /xingrg/all/function/internal_message.html?_=1615857488712&CODE_STATE=getMsg HTTP/1.1" 200 27
114.88.166.193 - - [16/Mar/2021:09:18:10 +0800] "GET /xingrg/all/function/internal_message.html?_=1615857488348&CODE_STATE=getMsg HTTP/1.1" 200 27
114.88.166.193 - - [16/Mar/2021:09:18:14 +0800] "GET /xingrg/kc/buy/cgsh_order_operate.html?command=get_materiel&rest_code=00111&code=00101007081&supplier_code=00100004&order_time=2021-03-16 HTTP/1.1" 200 413
61.165.42.208 - - [16/Mar/2021:09:18:17 +0800] "GET /xingrg/all/function/internal_message.html?_=1615857497017&CODE_STATE=getMsg HTTP/1.1" 200 27
61.165.42.208 - - [16/Mar/2021:09:18:17 +0800] "GET /xingrg/check_reg.html?_=1615857497021 HTTP/1.1" 200 22
116.224.253.72 - - [16/Mar/2021:09:18:17 +0800] "GET /xingrg/all/function/internal_message.html?_=1615857496127&CODE_STATE=getMsg HTTP/1.1" 200 27
58.37.230.33 - - [16/Mar/2021:09:18:21 +0800] "GET /xingrg/all/function/internal_message.html?_=1615857513453&CODE_STATE=getMsg HTTP/1.1" 200 27
180.169.147.146 - - [16/Mar/2021:09:18:26 +0800] "GET /xingrg/all/function/internal_message.html?_=1615857504644&CODE_STATE=getMsg HTTP/1.1" 200 27
114.88.166.193 - - [16/Mar/2021:09:18:27 +0800] "GET /xingrg/kc/buy/cgsh_order_operate.html?command=get_materiel&rest_code=00111&code=00101007061&supplier_code=00100004&order_time=2021-03-16 HTTP/1.1" 200 409
101.228.165.174 - - [16/Mar/2021:09:18:27 +0800] "GET /xingrg/all/function/internal_message.html?_=1615857511308&CODE_STATE=getMsg HTTP/1.1" 200 27
120.253.135.82 - - [16/Mar/2021:09:18:32 +0800] "GET /xingrg/login.html HTTP/1.1" 200 7641
61.151.207.158 - - [16/Mar/2021:09:18:33 +0800] "GET /xingrg/check_reg.html?_=1615857393447 HTTP/1.1" 302 -
120.253.135.82 - - [16/Mar/2021:09:18:33 +0800] "GET /favicon.ico HTTP/1.1" 404 -
101.89.239.238 - - [16/Mar/2021:09:18:33 +0800] "GET /xingrg/all/function/internal_message.html?_=1615857453445&CODE_STATE=getMsg HTTP/1.1" 302 -
114.88.166.193 - - [16/Mar/2021:09:18:34 +0800] "GET /xingrg/all/function/internal_message.html?_=1615857754408&CODE_STATE=getMsg HTTP/1.1" 302 -
114.88.166.193 - - [16/Mar/2021:09:18:34 +0800] "GET /xingrg/all/function/internal_message.html?_=1615857754416&CODE_STATE=getMsg HTTP/1.1" 302 -
101.89.239.238 - - [16/Mar/2021:09:18:35 +0800] "GET /xingrg/login.html HTTP/1.1" 200 7641
114.88.166.193 - - [16/Mar/2021:09:18:38 +0800] "GET /xingrg/kc/buy/cgsh_order_operate.html?command=get_materiel&rest_code=00111&code=00101007048&supplier_code=00100004&order_time=2021-03-16 HTTP/1.1" 200 408
120.253.135.82 - - [16/Mar/2021:09:18:39 +0800] "POST /xingrg/login.do HTTP/1.1" 302 -
120.253.135.82 - - [16/Mar/2021:09:18:39 +0800] "GET /xingrg/index.html?sysBaseUrl=http%3A%2F%2F180.169.147.146%3A18081%2Fxingrg%2F&costTime=39×tamp=1615857519725 HTTP/1.1" 200 17173
120.253.135.82 - - [16/Mar/2021:09:18:40 +0800] "GET /favicon.ico HTTP/1.1" 404 -
61.151.207.158 - - [16/Mar/2021:09:18:40 +0800] "GET /xingrg/login.html HTTP/1.1" 200 7641
120.253.135.82 - - [16/Mar/2021:09:18:40 +0800] "POST /xingrg/all/common/load_tree.html?tree=area_rest_tree_json&manage=1 HTTP/1.1" 200 3344
120.253.135.82 - - [16/Mar/2021:09:18:40 +0800] "GET /xingrg/all/function/internal_message.html?_=1615857058271&CODE_STATE=count HTTP/1.1" 200 11
120.253.135.82 - - [16/Mar/2021:09:18:40 +0800] "GET /xingrg/check_reg.html?_=1615857058272 HTTP/1.1" 200 22
120.253.135.82 - - [16/Mar/2021:09:18:40 +0800] "GET /favicon.ico HTTP/1.1" 404 -
180.169.147.146 - - [16/Mar/2021:09:18:40 +0800] "GET /xingrg/all/function/internal_message.html?_=1615857523797&CODE_STATE=getMsg HTTP/1.1" 200 27
120.253.135.82 - - [16/Mar/2021:09:18:40 +0800] "POST /xingrg/load_menu.html HTTP/1.1" 200 6743
58.40.7.146 - - [16/Mar/2021:09:18:44 +0800] "GET /xingrg/all/function/internal_message.html?_=1615857523997&CODE_STATE=getMsg HTTP/1.1" 302 -
120.253.135.82 - - [16/Mar/2021:09:18:52 +0800] "GET /xingrg/kc/buy/cgsh_order_list.html HTTP/1.1" 200 46366
120.253.135.82 - - [16/Mar/2021:09:18:54 +0800] "POST /xingrg/kc/buy/cgsh_list_operate.html HTTP/1.1" 200 1693
120.253.135.82 - - [16/Mar/2021:09:18:55 +0800] "GET /xingrg/javascript/pic_change.js HTTP/1.1" 200 4739
120.253.135.82 - - [16/Mar/2021:09:18:55 +0800] "GET /xingrg/javascript/convert.js HTTP/1.1" 200 1239
120.253.135.82 - - [16/Mar/2021:09:18:55 +0800] "GET /xingrg/javascript/jquery_tools/order_manager.js HTTP/1.1" 200 11183
120.253.135.82 - - [16/Mar/2021:09:18:55 +0800] "GET /xingrg/javascript/print/kc_print.js HTTP/1.1" 200 11415
120.253.135.82 - - [16/Mar/2021:09:18:55 +0800] "GET /xingrg/javascript/json2.js HTTP/1.1" 200 11259
120.253.135.82 - - [16/Mar/2021:09:18:55 +0800] "GET /xingrg/kc/buy/cgsh_order_add.html HTTP/1.1" 200 61120
120.253.135.82 - - [16/Mar/2021:09:18:56 +0800] "GET /xingrg/words/20210315102325_words.js HTTP/1.1" 200 799457
120.253.135.82 - - [16/Mar/2021:09:18:56 +0800] "GET /xingrg/javascript/easyui/themes/icons/copy_new.png HTTP/1.1" 200 815
120.253.135.82 - - [16/Mar/2021:09:18:56 +0800] "GET /xingrg/javascript/easyui/themes/icons/template_new.png HTTP/1.1" 200 3956
120.253.135.82 - - [16/Mar/2021:09:18:56 +0800] "GET /xingrg/javascript/easyui/themes/icons/print.png HTTP/1.1" 200 1057
120.253.135.82 - - [16/Mar/2021:09:18:56 +0800] "GET /xingrg/javascript/easyui/themes/default/images/menu_downarrow.png HTTP/1.1" 200 173
120.253.135.82 - - [16/Mar/2021:09:18:56 +0800] "GET /xingrg/javascript/easyui/themes/icons/cancel.png HTTP/1.1" 200 1133
120.253.135.82 - - [16/Mar/2021:09:18:56 +0800] "POST /xingrg/kc/buy/cgsh_order_operate.html HTTP/1.1" 200 8245
120.253.135.82 - - [16/Mar/2021:09:18:56 +0800] "GET /xingrg/all/common/auto_word.html?type=employee&rest_code=00101 HTTP/1.1" 200 1173
120.253.135.82 - - [16/Mar/2021:09:18:56 +0800] "GET /xingrg/all/common/auto_word.html?type=employee&rest_code=00101 HTTP/1.1" 200 1173
120.253.135.82 - - [16/Mar/2021:09:18:56 +0800] "GET /xingrg/javascript/easyui/plugins/jquery.validatebox.js HTTP/1.1" 200 6103
120.253.135.82 - - [16/Mar/2021:09:18:56 +0800] "GET /xingrg/javascript/easyui/themes/default/validatebox.css HTTP/1.1" 404 1104
120.253.135.82 - - [16/Mar/2021:09:18:56 +0800] "GET /xingrg/javascript/easyui/themes/icons/edit_remove.png HTTP/1.1" 200 625
120.253.135.82 - - [16/Mar/2021:09:18:56 +0800] "GET /xingrg/javascript/easyui/plugins/jquery.numberbox.js HTTP/1.1" 200 5213
222.70.216.222 - - [16/Mar/2021:09:18:57 +0800] "GET /xingrg/all/function/internal_message.html?_=1615857534323&CODE_STATE=getMsg HTTP/1.1" 200 27
116.235.216.75 - - [16/Mar/2021:09:18:57 +0800] "GET /xingrg/all/function/internal_message.html?_=1615857534960&CODE_STATE=getMsg HTTP/1.1" 200 27
117.185.32.26 - - [16/Mar/2021:09:18:58 +0800] "GET /xingrg/all/function/internal_message.html?_=1615858046649&CODE_STATE=getMsg HTTP/1.1" 200 27
114.88.166.193 - - [16/Mar/2021:09:18:59 +0800] "POST /xingrg/kc/buy/cgsh_order_operate.html HTTP/1.1" 200 37
120.253.135.82 - - [16/Mar/2021:09:18:59 +0800] "GET /xingrg/javascript/auto/indicator.gif HTTP/1.1" 404 1066
114.88.166.193 - - [16/Mar/2021:09:19:00 +0800] "POST /xingrg/kc/buy/cgsh_order_operate.html HTTP/1.1" 200 3838
114.88.166.193 - - [16/Mar/2021:09:19:02 +0800] "GET /xingrg/kc/print/load_data.html?order_code=212021031606742&kc_code=cgsh&condition= HTTP/1.1" 200 1174
180.161.117.36 - - [16/Mar/2021:09:19:04 +0800] "GET /xingrg/all/function/internal_message.html?_=1615857808720&CODE_STATE=getMsg HTTP/1.1" 200 27
116.232.54.132 - - [16/Mar/2021:09:19:06 +0800] "GET /xingrg/all/function/internal_message.html?_=1615857548220&CODE_STATE=getMsg HTTP/1.1" 200 27
180.169.147.146 - - [16/Mar/2021:09:19:07 +0800] "GET /xingrg/all/function/internal_message.html?_=1615857548682&CODE_STATE=getMsg HTTP/1.1" 200 27
101.228.165.174 - - [16/Mar/2021:09:19:09 +0800] "GET /xingrg/check_reg.html?_=1615857553642 HTTP/1.1" 200 22
114.88.166.193 - - [16/Mar/2021:09:19:10 +0800] "GET /xingrg/all/function/internal_message.html?_=1615857548362&CODE_STATE=getMsg HTTP/1.1" 200 27
61.165.42.208 - - [16/Mar/2021:09:19:17 +0800] "GET /xingrg/all/function/internal_message.html?_=1615857557020&CODE_STATE=getMsg HTTP/1.1" 200 27
116.224.253.72 - - [16/Mar/2021:09:19:17 +0800] "GET /xingrg/check_reg.html?_=1615857556129 HTTP/1.1" 200 22
116.224.253.72 - - [16/Mar/2021:09:19:17 +0800] "GET /xingrg/all/function/internal_message.html?_=1615857556131&CODE_STATE=getMsg HTTP/1.1" 200 27
58.37.230.33 - - [16/Mar/2021:09:19:21 +0800] "GET /xingrg/all/function/internal_message.html?_=1615857573449&CODE_STATE=getMsg HTTP/1.1" 200 27
114.88.166.193 - - [16/Mar/2021:09:19:23 +0800] "GET /xingrg/kc/buy/buy_main.html HTTP/1.1" 200 12412
114.88.166.193 - - [16/Mar/2021:09:19:23 +0800] "GET /xingrg/css/blue.css HTTP/1.1" 304 -
114.88.166.193 - - [16/Mar/2021:09:19:23 +0800] "GET /xingrg/css/new_ie.css HTTP/1.1" 404 1036
114.88.166.193 - - [16/Mar/2021:09:19:23 +0800] "GET /xingrg/javascript/ToolTips.js HTTP/1.1" 304 -
114.88.166.193 - - [16/Mar/2021:09:19:23 +0800] "GET /xingrg/javascript/myfunction.js HTTP/1.1" 304 -
114.88.166.193 - - [16/Mar/2021:09:19:23 +0800] "GET /xingrg/javascript/jquery_ui/themes/humanity/humanity.css HTTP/1.1" 304 -
114.88.166.193 - - [16/Mar/2021:09:19:23 +0800] "GET /xingrg/javascript/jquery-1.4.2.min.js HTTP/1.1" 304 -
114.88.166.193 - - [16/Mar/2021:09:19:23 +0800] "GET /xingrg/javascript/jquery_ui/jquery-ui.min.js HTTP/1.1" 304 -
114.88.166.193 - - [16/Mar/2021:09:19:23 +0800] "GET /xingrg/javascript/jquery_easy_ui/themes/default/easyui.css HTTP/1.1" 304 -
114.88.166.193 - - [16/Mar/2021:09:19:23 +0800] "GET /xingrg/javascript/jquery_easy_ui/themes/icon.css HTTP/1.1" 304 -
114.88.166.193 - - [16/Mar/2021:09:19:23 +0800] "GET /xingrg/images/blue/button/cgxqd.gif HTTP/1.1" 304 -
114.88.166.193 - - [16/Mar/2021:09:19:23 +0800] "GET /xingrg/images/blue/button/cgydd.gif HTTP/1.1" 304 -
114.88.166.193 - - [16/Mar/2021:09:19:23 +0800] "GET /xingrg/images/blue/button/cgfkd.gif HTTP/1.1" 304 -
114.88.166.193 - - [16/Mar/2021:09:19:23 +0800] "GET /xingrg/images/blue/button/cgshd.gif HTTP/1.1" 304 -
114.88.166.193 - - [16/Mar/2021:09:19:23 +0800] "GET /xingrg/images/blue/button/kc.gif HTTP/1.1" 304 -
114.88.166.193 - - [16/Mar/2021:09:19:23 +0800] "GET /xingrg/images/blue/button/ckthd.gif HTTP/1.1" 304 -
114.88.166.193 - - [16/Mar/2021:09:19:23 +0800] "GET /xingrg/images/blue/pic_form2.gif HTTP/1.1" 304 -
114.88.166.193 - - [16/Mar/2021:09:19:23 +0800] "GET /xingrg/images/blue/button/right_ah.jpg HTTP/1.1" 304 -
114.88.166.193 - - [16/Mar/2021:09:19:23 +0800] "GET /xingrg/images/blue/button/down_ah.jpg HTTP/1.1" 304 -
114.88.166.193 - - [16/Mar/2021:09:19:23 +0800] "GET /xingrg/images/blue/bg_dotted.jpg HTTP/1.1" 304 -
114.88.166.193 - - [16/Mar/2021:09:19:23 +0800] "GET /xingrg/javascript/jquery_ui/themes/humanity/images/ui-bg_inset-soft_100_f4f0ec_1x100.png HTTP/1.1" 304 -
114.88.166.193 - - [16/Mar/2021:09:19:23 +0800] "GET /xingrg/javascript/jquery_ui/themes/humanity/images/ui-iconsnew.jpg HTTP/1.1" 304 -
114.88.166.193 - - [16/Mar/2021:09:19:23 +0800] "GET /xingrg/javascript/jquery_ui/themes/humanity/images/ui-icons_c47a23_256x240.png HTTP/1.1" 304 -
114.88.166.193 - - [16/Mar/2021:09:19:23 +0800] "GET /xingrg/javascript/jquery_ui/themes/humanity/images/ui-bg_glass_70_ede4d4_1x400.png HTTP/1.1" 304 -
114.88.166.193 - - [16/Mar/2021:09:19:23 +0800] "GET /xingrg/javascript/jquery_ui/themes/humanity/images/ui-icons_ffffff_256x240.png HTTP/1.1" 304 -
114.88.166.193 - - [16/Mar/2021:09:19:23 +0800] "GET /xingrg/images/yd/bt.gif HTTP/1.1" 404 1040
114.88.166.193 - - [16/Mar/2021:09:19:24 +0800] "GET /xingrg/kc/buy/cgsh_order_list.html HTTP/1.1" 200 46366
114.88.166.193 - - [16/Mar/2021:09:19:24 +0800] "GET /xingrg/javascript/jquery_tools/list_manager.js HTTP/1.1" 304 -
114.88.166.193 - - [16/Mar/2021:09:19:25 +0800] "GET /xingrg/javascript/easyui/themes/icons/field_new.png HTTP/1.1" 304 -
114.88.166.193 - - [16/Mar/2021:09:19:25 +0800] "GET /xingrg/javascript/easyui/themes/icons/import_new.png HTTP/1.1" 304 -
180.169.147.146 - - [16/Mar/2021:09:19:26 +0800] "GET /xingrg/all/function/internal_message.html?_=1615857564643&CODE_STATE=getMsg HTTP/1.1" 200 27
61.151.207.158 - - [16/Mar/2021:09:19:26 +0800] "GET /xingrg/all/function/internal_message.html?_=1615857513453&CODE_STATE=getMsg HTTP/1.1" 302 -
101.228.165.174 - - [16/Mar/2021:09:19:27 +0800] "GET /xingrg/all/function/internal_message.html?_=1615857571316&CODE_STATE=getMsg HTTP/1.1" 200 27
114.88.166.193 - - [16/Mar/2021:09:19:28 +0800] "POST /xingrg/kc/buy/cgsh_list_operate.html HTTP/1.1" 200 2777
61.151.207.158 - - [16/Mar/2021:09:19:30 +0800] "GET /xingrg/login.html HTTP/1.1" 200 7641
114.88.166.193 - - [16/Mar/2021:09:19:31 +0800] "POST /xingrg/kc/buy/cgsh_list_operate.html HTTP/1.1" 200 570
114.88.166.193 - - [16/Mar/2021:09:19:32 +0800] "GET /xingrg/kc/buy/cgsh_order_info.html?code=212021031606734 HTTP/1.1" 200 62113
114.88.166.193 - - [16/Mar/2021:09:19:32 +0800] "GET /xingrg/javascript/easyui/themes/default/validatebox.css HTTP/1.1" 404 1104
114.88.166.193 - - [16/Mar/2021:09:19:32 +0800] "POST /xingrg/kc/buy/cgsh_order_operate.html HTTP/1.1" 200 18636
114.88.166.193 - - [16/Mar/2021:09:19:34 +0800] "GET /xingrg/all/function/internal_message.html?_=1615857814380&CODE_STATE=getMsg HTTP/1.1" 302 -
114.88.166.193 - - [16/Mar/2021:09:19:34 +0800] "GET /xingrg/all/function/internal_message.html?_=1615857814388&CODE_STATE=getMsg HTTP/1.1" 302 -
120.253.135.82 - - [16/Mar/2021:09:19:40 +0800] "GET /xingrg/all/function/internal_message.html?_=1615857118272&CODE_STATE=getMsg HTTP/1.1" 200 27
180.169.147.146 - - [16/Mar/2021:09:19:40 +0800] "GET /xingrg/check_reg.html?_=1615857583797 HTTP/1.1" 200 22
180.169.147.146 - - [16/Mar/2021:09:19:40 +0800] "GET /xingrg/all/function/internal_message.html?_=1615857583800&CODE_STATE=getMsg HTTP/1.1" 200 27
58.40.7.146 - - [16/Mar/2021:09:19:44 +0800] "GET /xingrg/all/function/internal_message.html?_=1615857584001&CODE_STATE=getMsg HTTP/1.1" 302 -
114.88.166.193 - - [16/Mar/2021:09:19:56 +0800] "GET /xingrg/kc/buy/cgsh_order_operate.html?command=get_materiel&rest_code=00111&code=00101008283&supplier_code=00100005&order_time=2021-03-16 HTTP/1.1" 200 408
222.70.216.222 - - [16/Mar/2021:09:19:57 +0800] "GET /xingrg/all/function/internal_message.html?_=1615857594295&CODE_STATE=getMsg HTTP/1.1" 200 27
116.235.216.75 - - [16/Mar/2021:09:19:57 +0800] "GET /xingrg/all/function/internal_message.html?_=1615857594957&CODE_STATE=getMsg HTTP/1.1" 200 27
117.185.32.26 - - [16/Mar/2021:09:19:59 +0800] "GET /xingrg/all/function/internal_message.html?_=1615858106648&CODE_STATE=getMsg HTTP/1.1" 200 27
180.161.117.36 - - [16/Mar/2021:09:20:04 +0800] "GET /xingrg/all/function/internal_message.html?_=1615857868733&CODE_STATE=getMsg HTTP/1.1" 200 27
116.232.54.132 - - [16/Mar/2021:09:20:06 +0800] "GET /xingrg/all/function/internal_message.html?_=1615857608220&CODE_STATE=getMsg HTTP/1.1" 200 27
101.85.93.83 - - [16/Mar/2021:09:20:06 +0800] "GET /xingrg HTTP/1.1" 302 -
101.85.93.83 - - [16/Mar/2021:09:20:06 +0800] "GET /xingrg/ HTTP/1.1" 200 292
180.169.147.146 - - [16/Mar/2021:09:20:07 +0800] "GET /xingrg/all/function/internal_message.html?_=1615857608655&CODE_STATE=getMsg HTTP/1.1" 200 27
114.88.166.193 - - [16/Mar/2021:09:20:08 +0800] "GET /xingrg/kc/buy/cgsh_order_operate.html?command=get_materiel&rest_code=00111&code=00101008298&supplier_code=00100005&order_time=2021-03-16 HTTP/1.1" 200 413
114.88.166.193 - - [16/Mar/2021:09:20:10 +0800] "GET /xingrg/all/function/internal_message.html?_=1615857608375&CODE_STATE=getMsg HTTP/1.1" 200 27
101.85.93.83 - - [16/Mar/2021:09:20:14 +0800] "GET /xingrg/index.html HTTP/1.1" 302 -
101.85.93.83 - - [16/Mar/2021:09:20:14 +0800] "GET /xingrg/login.html HTTP/1.1" 200 7641
101.85.93.83 - - [16/Mar/2021:09:20:14 +0800] "GET /favicon.ico HTTP/1.1" 404 -
101.85.93.83 - - [16/Mar/2021:09:20:14 +0800] "GET /xingrg/images/blue/jxLogo.png HTTP/1.1" 200 6156
61.165.42.208 - - [16/Mar/2021:09:20:17 +0800] "GET /xingrg/all/function/internal_message.html?_=1615857617021&CODE_STATE=getMsg HTTP/1.1" 200 27
101.85.93.83 - - [16/Mar/2021:09:20:17 +0800] "GET /xingrg/images/blue/hj.png HTTP/1.1" 200 1014
101.85.93.83 - - [16/Mar/2021:09:20:17 +0800] "GET /xingrg/images/blue/srbg.png HTTP/1.1" 200 138
101.85.93.83 - - [16/Mar/2021:09:20:17 +0800] "GET /xingrg/images/blue/login_bg.png HTTP/1.1" 200 22101
116.224.253.72 - - [16/Mar/2021:09:20:17 +0800] "GET /xingrg/all/function/internal_message.html?_=1615857616149&CODE_STATE=getMsg HTTP/1.1" 200 27
101.85.93.83 - - [16/Mar/2021:09:20:17 +0800] "GET /favicon.ico HTTP/1.1" 404 -
101.85.93.83 - - [16/Mar/2021:09:20:19 +0800] "POST /xingrg/login.do HTTP/1.1" 302 -
101.85.93.83 - - [16/Mar/2021:09:20:19 +0800] "GET /xingrg/index.html?sysBaseUrl=http%3A%2F%2F180.169.147.146%3A18081%2Fxingrg%2F&costTime=44×tamp=1615857619124 HTTP/1.1" 200 17179
101.85.93.83 - - [16/Mar/2021:09:20:19 +0800] "GET /xingrg/javascript/jquery_easy_ui/themes/icon.css HTTP/1.1" 200 3949
101.85.93.83 - - [16/Mar/2021:09:20:19 +0800] "GET /xingrg/css/form.css HTTP/1.1" 200 893
101.85.93.83 - - [16/Mar/2021:09:20:19 +0800] "GET /xingrg/javascript/jquery_easy_ui/themes/default/easyui.css HTTP/1.1" 200 26500
101.85.93.83 - - [16/Mar/2021:09:20:19 +0800] "GET /xingrg/javascript/jquery-1.4.2.min.js HTTP/1.1" 200 72205
101.85.93.83 - - [16/Mar/2021:09:20:19 +0800] "GET /xingrg/javascript/jquery_easy_ui/jquery.easyui.min.js HTTP/1.1" 200 213662
101.85.93.83 - - [16/Mar/2021:09:20:19 +0800] "GET /xingrg/javascript/jquery_easy_ui/easyui-lang-zh_CN.js HTTP/1.1" 200 1900
101.85.93.83 - - [16/Mar/2021:09:20:19 +0800] "GET /xingrg/javascript/jquery.timers.js HTTP/1.1" 200 3532
101.85.93.83 - - [16/Mar/2021:09:20:19 +0800] "GET /xingrg/javascript/jquery.form.js HTTP/1.1" 200 23110
101.85.93.83 - - [16/Mar/2021:09:20:19 +0800] "GET /favicon.ico HTTP/1.1" 404 -
101.85.93.83 - - [16/Mar/2021:09:20:19 +0800] "GET /xingrg/javascript/jquery.utils.js HTTP/1.1" 200 11805
114.88.166.193 - - [16/Mar/2021:09:20:19 +0800] "GET /xingrg/kc/buy/cgsh_order_operate.html?command=get_materiel&rest_code=00111&code=00101008144&supplier_code=00100005&order_time=2021-03-16 HTTP/1.1" 200 412
101.85.93.83 - - [16/Mar/2021:09:20:19 +0800] "GET /xingrg/javascript/jquery_easy_ui/themes/icons/settle_new.png HTTP/1.1" 200 826
101.85.93.83 - - [16/Mar/2021:09:20:19 +0800] "GET /xingrg/images/blue/navBackgound.jpg HTTP/1.1" 200 12378
101.85.93.83 - - [16/Mar/2021:09:20:19 +0800] "POST /xingrg/all/common/load_tree.html?tree=area_rest_tree_json&manage=1 HTTP/1.1" 200 351
101.85.93.83 - - [16/Mar/2021:09:20:20 +0800] "GET /xingrg/images/blue/pingpu.png HTTP/1.1" 200 231
101.85.93.83 - - [16/Mar/2021:09:20:20 +0800] "GET /xingrg/check_reg.html?_=1615857201580 HTTP/1.1" 200 22
101.85.93.83 - - [16/Mar/2021:09:20:20 +0800] "GET /xingrg/javascript/jquery_easy_ui/themes/default/images/tabs_leftarrow.png HTTP/1.1" 200 389
101.85.93.83 - - [16/Mar/2021:09:20:20 +0800] "GET /xingrg/javascript/jquery_easy_ui/themes/default/images/panel_tool_collapse.gif HTTP/1.1" 200 246
101.85.93.83 - - [16/Mar/2021:09:20:20 +0800] "GET /xingrg/all/function/internal_message.html?_=1615857201580&CODE_STATE=count HTTP/1.1" 200 11
101.85.93.83 - - [16/Mar/2021:09:20:20 +0800] "GET /xingrg/javascript/jquery_easy_ui/themes/default/images/tabs_rightarrow.png HTTP/1.1" 200 395
101.85.93.83 - - [16/Mar/2021:09:20:20 +0800] "GET /xingrg/javascript/jquery_easy_ui/themes/default/images/tree_arrows.gif HTTP/1.1" 200 1043
101.85.93.83 - - [16/Mar/2021:09:20:20 +0800] "POST /xingrg/load_menu.html HTTP/1.1" 200 5138
101.85.93.83 - - [16/Mar/2021:09:20:20 +0800] "GET /xingrg/javascript/jquery_easy_ui/themes/default/images/tree_folder_open.gif HTTP/1.1" 200 956
101.85.93.83 - - [16/Mar/2021:09:20:20 +0800] "GET /xingrg/javascript/jquery_easy_ui/themes/icons/search_new.png HTTP/1.1" 200 586
101.85.93.83 - - [16/Mar/2021:09:20:20 +0800] "GET /xingrg/javascript/jquery_easy_ui/themes/default/images/tree_folder.gif HTTP/1.1" 200 952
101.85.93.83 - - [16/Mar/2021:09:20:20 +0800] "GET /xingrg/javascript/jquery_easy_ui/themes/icons/storage_new.png HTTP/1.1" 200 853
101.85.93.83 - - [16/Mar/2021:09:20:20 +0800] "GET /xingrg/javascript/jquery_easy_ui/themes/icons/forms_new.png HTTP/1.1" 200 350
101.85.93.83 - - [16/Mar/2021:09:20:20 +0800] "GET /xingrg/javascript/jquery_easy_ui/themes/default/images/tree_file.gif HTTP/1.1" 200 118
58.37.230.33 - - [16/Mar/2021:09:20:21 +0800] "GET /xingrg/all/function/internal_message.html?_=1615857633452&CODE_STATE=getMsg HTTP/1.1" 200 27
120.253.135.82 - - [16/Mar/2021:09:20:23 +0800] "GET /xingrg/javascript/jquery_tools/images/next.gif HTTP/1.1" 404 1086
120.253.135.82 - - [16/Mar/2021:09:20:23 +0800] "GET /xingrg/javascript/jquery_tools/images/prev.gif HTTP/1.1" 404 1086
180.169.147.146 - - [16/Mar/2021:09:20:26 +0800] "GET /xingrg/all/function/internal_message.html?_=1615857624658&CODE_STATE=getMsg HTTP/1.1" 200 27
101.228.165.174 - - [16/Mar/2021:09:20:27 +0800] "GET /xingrg/all/function/internal_message.html?_=1615857631330&CODE_STATE=getMsg HTTP/1.1" 200 27
120.253.135.82 - - [16/Mar/2021:09:20:27 +0800] "GET /xingrg/kc/buy/cgsh_order_operate.html?command=get_materiel&rest_code=00101&code=00102006571&supplier_code=00100281&order_time=2021-03-16 HTTP/1.1" 200 395
114.88.166.193 - - [16/Mar/2021:09:20:34 +0800] "GET /xingrg/all/function/internal_message.html?_=1615857874350&CODE_STATE=getMsg HTTP/1.1" 302 -
114.88.166.193 - - [16/Mar/2021:09:20:34 +0800] "GET /xingrg/all/function/internal_message.html?_=1615857874356&CODE_STATE=getMsg HTTP/1.1" 302 -
180.169.147.146 - - [16/Mar/2021:09:20:40 +0800] "GET /xingrg/all/function/internal_message.html?_=1615857643802&CODE_STATE=getMsg HTTP/1.1" 200 27
120.253.135.82 - - [16/Mar/2021:09:20:41 +0800] "GET /xingrg/all/function/internal_message.html?_=1615857179223&CODE_STATE=getMsg HTTP/1.1" 200 27
120.253.135.82 - - [16/Mar/2021:09:20:43 +0800] "POST /xingrg/kc/buy/cgsh_order_operate.html HTTP/1.1" 200 37
58.40.7.146 - - [16/Mar/2021:09:20:44 +0800] "GET /xingrg/all/function/internal_message.html?_=1615857644004&CODE_STATE=getMsg HTTP/1.1" 302 -
58.40.7.146 - - [16/Mar/2021:09:20:44 +0800] "GET /xingrg/check_reg.html?_=1615857644005 HTTP/1.1" 302 -
114.88.166.193 - - [16/Mar/2021:09:20:45 +0800] "GET /xingrg/kc/buy/cgsh_order_operate.html?command=get_materiel&rest_code=00111&code=00101008357&supplier_code=00100005&order_time=2021-03-16 HTTP/1.1" 200 408
120.253.135.82 - - [16/Mar/2021:09:20:45 +0800] "POST /xingrg/kc/buy/cgsh_order_operate.html HTTP/1.1" 200 12
120.253.135.82 - - [16/Mar/2021:09:20:49 +0800] "GET /xingrg/kc/buy/cgsh_order_info.html?code=212021031606743 HTTP/1.1" 200 56029
120.253.135.82 - - [16/Mar/2021:09:20:49 +0800] "GET /xingrg/javascript/easyui/themes/default/validatebox.css HTTP/1.1" 404 1104
120.253.135.82 - - [16/Mar/2021:09:20:50 +0800] "POST /xingrg/kc/buy/cgsh_order_operate.html HTTP/1.1" 200 613
120.253.135.82 - - [16/Mar/2021:09:20:51 +0800] "GET /xingrg/kc/print/load_config.html?kc_code=cgsh HTTP/1.1" 200 1845
120.253.135.82 - - [16/Mar/2021:09:20:52 +0800] "GET /xingrg/kc/print/load_data.html?order_code=212021031606743&kc_code=cgsh&condition= HTTP/1.1" 200 706
114.88.166.193 - - [16/Mar/2021:09:20:53 +0800] "POST /xingrg/kc/buy/cgsh_order_operate.html HTTP/1.1" 200 2065
222.70.216.222 - - [16/Mar/2021:09:20:57 +0800] "GET /xingrg/all/function/internal_message.html?_=1615857654267&CODE_STATE=getMsg HTTP/1.1" 200 27
116.235.216.75 - - [16/Mar/2021:09:20:57 +0800] "GET /xingrg/all/function/internal_message.html?_=1615857654949&CODE_STATE=getMsg HTTP/1.1" 200 27
117.185.32.26 - - [16/Mar/2021:09:20:58 +0800] "GET /xingrg/all/function/internal_message.html?_=1615858166673&CODE_STATE=getMsg HTTP/1.1" 200 27
114.88.166.193 - - [16/Mar/2021:09:21:00 +0800] "GET /xingrg/kc/buy/cgsh_order_operate.html?command=get_materiel&rest_code=00111&code=00101008290&supplier_code=00100005&order_time=2021-03-16 HTTP/1.1" 200 416
120.253.135.82 - - [16/Mar/2021:09:21:03 +0800] "GET /xingrg/kc/buy/cgsh_order_add.html HTTP/1.1" 200 61120
120.253.135.82 - - [16/Mar/2021:09:21:03 +0800] "GET /xingrg/javascript/easyui/themes/default/validatebox.css HTTP/1.1" 404 1104
120.253.135.82 - - [16/Mar/2021:09:21:03 +0800] "POST /xingrg/kc/buy/cgsh_order_operate.html HTTP/1.1" 200 8245
180.161.117.36 - - [16/Mar/2021:09:21:04 +0800] "GET /xingrg/all/function/internal_message.html?_=1615857928962&CODE_STATE=getMsg HTTP/1.1" 200 27
116.232.54.132 - - [16/Mar/2021:09:21:06 +0800] "GET /xingrg/all/function/internal_message.html?_=1615857668221&CODE_STATE=getMsg HTTP/1.1" 200 27
116.232.54.132 - - [16/Mar/2021:09:21:06 +0800] "GET /xingrg/check_reg.html?_=1615857668222 HTTP/1.1" 200 22
180.169.147.146 - - [16/Mar/2021:09:21:07 +0800] "GET /xingrg/check_reg.html?_=1615857668642 HTTP/1.1" 200 22
180.169.147.146 - - [16/Mar/2021:09:21:07 +0800] "GET /xingrg/all/function/internal_message.html?_=1615857668646&CODE_STATE=getMsg HTTP/1.1" 200 27
114.88.166.193 - - [16/Mar/2021:09:21:10 +0800] "GET /xingrg/all/function/internal_message.html?_=1615857668389&CODE_STATE=getMsg HTTP/1.1" 200 27
116.224.253.72 - - [16/Mar/2021:09:21:17 +0800] "GET /xingrg/all/function/internal_message.html?_=1615857676157&CODE_STATE=getMsg HTTP/1.1" 200 27
61.165.42.208 - - [16/Mar/2021:09:21:17 +0800] "GET /xingrg/all/function/internal_message.html?_=1615857677047&CODE_STATE=getMsg HTTP/1.1" 200 27
101.85.93.83 - - [16/Mar/2021:09:21:20 +0800] "GET /xingrg/all/function/internal_message.html?_=1615857261587&CODE_STATE=getMsg HTTP/1.1" 200 27
58.37.230.33 - - [16/Mar/2021:09:21:21 +0800] "GET /xingrg/all/function/internal_message.html?_=1615857693452&CODE_STATE=getMsg HTTP/1.1" 200 27
58.37.230.33 - - [16/Mar/2021:09:21:21 +0800] "GET /xingrg/check_reg.html?_=1615857693457 HTTP/1.1" 200 22
222.70.216.222 - - [16/Mar/2021:09:21:21 +0800] "GET /xingrg/check_reg.html?_=1615857679018 HTTP/1.1" 200 22
180.169.147.146 - - [16/Mar/2021:09:21:26 +0800] "GET /xingrg/all/function/internal_message.html?_=1615857684643&CODE_STATE=getMsg HTTP/1.1" 200 27
180.169.147.146 - - [16/Mar/2021:09:21:26 +0800] "GET /xingrg/check_reg.html?_=1615857684644 HTTP/1.1" 200 22
117.185.32.26 - - [16/Mar/2021:09:21:27 +0800] "POST /xingrg/services/DataTransmitService HTTP/1.1" 200 524
101.228.165.174 - - [16/Mar/2021:09:21:27 +0800] "GET /xingrg/all/function/internal_message.html?_=1615857691438&CODE_STATE=getMsg HTTP/1.1" 200 27
61.165.42.208 - - [16/Mar/2021:09:21:32 +0800] "GET /xingrg/kc/mdqp/qqps_order_list.html HTTP/1.1" 200 9222
61.165.42.208 - - [16/Mar/2021:09:21:32 +0800] "GET /xingrg/dwr/util.js HTTP/1.1" 304 -
61.165.42.208 - - [16/Mar/2021:09:21:32 +0800] "GET /xingrg/dwr/interface/AjaxReportQueryService.js HTTP/1.1" 200 13203
61.165.42.208 - - [16/Mar/2021:09:21:32 +0800] "GET /xingrg/dwr/interface/AjaxQqpsService.js HTTP/1.1" 200 16326
61.165.42.208 - - [16/Mar/2021:09:21:32 +0800] "GET /xingrg/dwr/engine.js HTTP/1.1" 200 43631
61.165.42.208 - - [16/Mar/2021:09:21:33 +0800] "GET /xingrg/kc/mdqp/qqps_order_add.html HTTP/1.1" 200 28236
61.165.42.208 - - [16/Mar/2021:09:21:33 +0800] "GET /xingrg/dwr/interface/AjaxQqpsService.js HTTP/1.1" 200 16326
61.165.42.208 - - [16/Mar/2021:09:21:33 +0800] "GET /xingrg/dwr/interface/AjaxComOrderService.js HTTP/1.1" 200 18264
114.88.166.193 - - [16/Mar/2021:09:21:34 +0800] "GET /xingrg/all/function/internal_message.html?_=1615857934326&CODE_STATE=getMsg HTTP/1.1" 302 -
114.88.166.193 - - [16/Mar/2021:09:21:34 +0800] "GET /xingrg/all/function/internal_message.html?_=1615857934333&CODE_STATE=getMsg HTTP/1.1" 302 -
180.169.147.146 - - [16/Mar/2021:09:21:40 +0800] "GET /xingrg/all/function/internal_message.html?_=1615857703801&CODE_STATE=getMsg HTTP/1.1" 200 27
120.253.135.82 - - [16/Mar/2021:09:21:41 +0800] "GET /xingrg/all/function/internal_message.html?_=1615857239205&CODE_STATE=getMsg HTTP/1.1" 200 27
120.253.135.82 - - [16/Mar/2021:09:21:42 +0800] "POST /xingrg/kc/buy/cgsh_list_operate.html HTTP/1.1" 200 1724
120.253.135.82 - - [16/Mar/2021:09:21:44 +0800] "POST /xingrg/kc/buy/cgsh_list_operate.html HTTP/1.1" 200 203
58.40.7.146 - - [16/Mar/2021:09:21:44 +0800] "GET /xingrg/all/function/internal_message.html?_=1615857704006&CODE_STATE=getMsg HTTP/1.1" 302 -
120.253.135.82 - - [16/Mar/2021:09:21:45 +0800] "GET /xingrg/kc/buy/cgsh_order_info.html?code=212021031606743 HTTP/1.1" 200 56029
120.253.135.82 - - [16/Mar/2021:09:21:45 +0800] "GET /xingrg/javascript/easyui/themes/default/validatebox.css HTTP/1.1" 404 1104
120.253.135.82 - - [16/Mar/2021:09:21:45 +0800] "POST /xingrg/kc/buy/cgsh_order_operate.html HTTP/1.1" 200 613
114.88.166.193 - - [16/Mar/2021:09:21:51 +0800] "POST /xingrg/kc/buy/cgsh_order_operate.html HTTP/1.1" 200 2065
61.165.42.208 - - [16/Mar/2021:09:21:52 +0800] "GET /xingrg/kc/mdqp/qqps_order_list.html HTTP/1.1" 200 9222
61.165.42.208 - - [16/Mar/2021:09:21:52 +0800] "GET /xingrg/dwr/interface/AjaxReportQueryService.js HTTP/1.1" 200 13203
61.165.42.208 - - [16/Mar/2021:09:21:52 +0800] "GET /xingrg/dwr/interface/AjaxQqpsService.js HTTP/1.1" 200 16326
61.165.42.208 - - [16/Mar/2021:09:21:52 +0800] "GET /xingrg/dwr/engine.js HTTP/1.1" 200 43631
61.165.42.208 - - [16/Mar/2021:09:21:53 +0800] "GET /xingrg/kc/mdqp/qqps_order_list.html HTTP/1.1" 200 9222
61.165.42.208 - - [16/Mar/2021:09:21:53 +0800] "GET /xingrg/dwr/interface/AjaxQqpsService.js HTTP/1.1" 200 16326
61.165.42.208 - - [16/Mar/2021:09:21:53 +0800] "GET /xingrg/dwr/interface/AjaxReportQueryService.js HTTP/1.1" 200 13203
114.88.166.193 - - [16/Mar/2021:09:21:56 +0800] "GET /xingrg/check_reg.html?_=1615857713878 HTTP/1.1" 200 22
114.88.166.193 - - [16/Mar/2021:09:21:56 +0800] "GET /xingrg/kc/buy/cgsh_order_operate.html?command=get_materiel&rest_code=00111&code=00101008296&supplier_code=00100005&order_time=2021-03-16 HTTP/1.1" 200 416
222.70.216.222 - - [16/Mar/2021:09:21:57 +0800] "GET /xingrg/all/function/internal_message.html?_=1615857714239&CODE_STATE=getMsg HTTP/1.1" 200 27
116.235.216.75 - - [16/Mar/2021:09:21:57 +0800] "GET /xingrg/all/function/internal_message.html?_=1615857714951&CODE_STATE=getMsg HTTP/1.1" 200 27
116.235.216.75 - - [16/Mar/2021:09:21:57 +0800] "GET /xingrg/check_reg.html?_=1615857714995 HTTP/1.1" 200 22
117.185.32.26 - - [16/Mar/2021:09:21:58 +0800] "GET /xingrg/all/function/internal_message.html?_=1615858226672&CODE_STATE=getMsg HTTP/1.1" 200 27
180.161.117.36 - - [16/Mar/2021:09:22:04 +0800] "GET /xingrg/all/function/internal_message.html?_=1615857988963&CODE_STATE=getMsg HTTP/1.1" 200 27
116.232.54.132 - - [16/Mar/2021:09:22:06 +0800] "GET /xingrg/all/function/internal_message.html?_=1615857728225&CODE_STATE=getMsg HTTP/1.1" 200 27
180.169.147.146 - - [16/Mar/2021:09:22:07 +0800] "GET /xingrg/all/function/internal_message.html?_=1615857728631&CODE_STATE=getMsg HTTP/1.1" 200 27
114.88.166.193 - - [16/Mar/2021:09:22:10 +0800] "GET /xingrg/all/function/internal_message.html?_=1615857728402&CODE_STATE=getMsg HTTP/1.1" 200 27
61.165.42.208 - - [16/Mar/2021:09:22:17 +0800] "GET /xingrg/all/function/internal_message.html?_=1615857737059&CODE_STATE=getMsg HTTP/1.1" 200 27
116.224.253.72 - - [16/Mar/2021:09:22:17 +0800] "GET /xingrg/all/function/internal_message.html?_=1615857736164&CODE_STATE=getMsg HTTP/1.1" 200 27
101.85.93.83 - - [16/Mar/2021:09:22:20 +0800] "GET /xingrg/all/function/internal_message.html?_=1615857321586&CODE_STATE=getMsg HTTP/1.1" 200 27
58.37.230.33 - - [16/Mar/2021:09:22:21 +0800] "GET /xingrg/all/function/internal_message.html?_=1615857753455&CODE_STATE=getMsg HTTP/1.1" 200 27
114.88.166.193 - - [16/Mar/2021:09:22:22 +0800] "GET /xingrg/kc/buy/cgsh_order_operate.html?command=get_materiel&rest_code=00111&code=00101008274&supplier_code=00100005&order_time=2021-03-16 HTTP/1.1" 200 412
180.169.147.146 - - [16/Mar/2021:09:22:26 +0800] "GET /xingrg/all/function/internal_message.html?_=1615857744642&CODE_STATE=getMsg HTTP/1.1" 200 27
101.228.165.174 - - [16/Mar/2021:09:22:27 +0800] "GET /xingrg/all/function/internal_message.html?_=1615857751452&CODE_STATE=getMsg HTTP/1.1" 200 27
114.88.166.193 - - [16/Mar/2021:09:22:33 +0800] "GET /xingrg/kc/buy/cgsh_order_operate.html?command=get_materiel&rest_code=00111&code=00101008001&supplier_code=00100005&order_time=2021-03-16 HTTP/1.1" 200 434
114.88.166.193 - - [16/Mar/2021:09:22:34 +0800] "GET /xingrg/all/function/internal_message.html?_=1615857994300&CODE_STATE=getMsg HTTP/1.1" 302 -
114.88.166.193 - - [16/Mar/2021:09:22:34 +0800] "GET /xingrg/all/function/internal_message.html?_=1615857994302&CODE_STATE=getMsg HTTP/1.1" 302 -
114.88.166.193 - - [16/Mar/2021:09:22:34 +0800] "GET /xingrg/check_reg.html?_=1615857994764 HTTP/1.1" 302 -
114.88.166.193 - - [16/Mar/2021:09:22:34 +0800] "GET /xingrg/check_reg.html?_=1615857994767 HTTP/1.1" 302 -
114.88.166.193 - - [16/Mar/2021:09:22:36 +0800] "POST /xingrg/kc/buy/cgsh_order_operate.html HTTP/1.1" 200 2065
120.253.135.82 - - [16/Mar/2021:09:22:41 +0800] "GET /xingrg/all/function/internal_message.html?_=1615857299179&CODE_STATE=getMsg HTTP/1.1" 200 27
222.69.139.177 - - [16/Mar/2021:09:22:41 +0800] "GET /favicon.ico HTTP/1.1" 404 -
61.165.42.208 - - [16/Mar/2021:09:22:42 +0800] "GET /xingrg/kc/mdqp/qqps_order_list.html HTTP/1.1" 200 9222
61.165.42.208 - - [16/Mar/2021:09:22:42 +0800] "GET /xingrg/dwr/interface/AjaxReportQueryService.js HTTP/1.1" 200 13203
61.165.42.208 - - [16/Mar/2021:09:22:42 +0800] "GET /xingrg/dwr/interface/AjaxQqpsService.js HTTP/1.1" 200 16326
61.165.42.208 - - [16/Mar/2021:09:22:42 +0800] "GET /xingrg/dwr/engine.js HTTP/1.1" 200 43631
61.165.42.208 - - [16/Mar/2021:09:22:43 +0800] "GET /xingrg/kc/mdqp/qqps_order_add.html HTTP/1.1" 200 28236
61.165.42.208 - - [16/Mar/2021:09:22:43 +0800] "GET /xingrg/dwr/interface/AjaxQqpsService.js HTTP/1.1" 200 16326
61.165.42.208 - - [16/Mar/2021:09:22:43 +0800] "GET /xingrg/dwr/interface/AjaxComOrderService.js HTTP/1.1" 200 18264
58.40.7.146 - - [16/Mar/2021:09:22:44 +0800] "GET /xingrg/all/function/internal_message.html?_=1615857764011&CODE_STATE=getMsg HTTP/1.1" 302 -
114.88.166.193 - - [16/Mar/2021:09:22:47 +0800] "GET /xingrg/kc/buy/cgsh_order_operate.html?command=get_materiel&rest_code=00111&code=00101008323&supplier_code=00100005&order_time=2021-03-16 HTTP/1.1" 200 408
61.165.42.208 - - [16/Mar/2021:09:22:52 +0800] "POST /xingrg/dwr/call/plaincall/AjaxQqpsService.saveOrder.dwr HTTP/1.1" 200 78
61.165.42.208 - - [16/Mar/2021:09:22:54 +0800] "GET /xingrg/javascript/auto/indicator.gif HTTP/1.1" 404 1066
222.70.216.222 - - [16/Mar/2021:09:22:56 +0800] "GET /xingrg/all/function/internal_message.html?_=1615857774209&CODE_STATE=getMsg HTTP/1.1" 200 27
114.88.166.193 - - [16/Mar/2021:09:22:57 +0800] "GET /xingrg/kc/buy/cgsh_order_operate.html?command=get_materiel&rest_code=00111&code=00101008155&supplier_code=00100005&order_time=2021-03-16 HTTP/1.1" 200 408
116.235.216.75 - - [16/Mar/2021:09:22:57 +0800] "GET /xingrg/all/function/internal_message.html?_=1615857774950&CODE_STATE=getMsg HTTP/1.1" 200 27
117.185.32.26 - - [16/Mar/2021:09:22:58 +0800] "GET /xingrg/all/function/internal_message.html?_=1615858286670&CODE_STATE=getMsg HTTP/1.1" 200 27
117.185.32.26 - - [16/Mar/2021:09:22:58 +0800] "GET /xingrg/check_reg.html?_=1615858286671 HTTP/1.1" 200 22
61.165.42.208 - - [16/Mar/2021:09:22:59 +0800] "POST /xingrg/dwr/call/plaincall/AjaxQqpsService.getMaterielByCode.dwr HTTP/1.1" 200 2661
58.37.230.33 - - [16/Mar/2021:09:23:01 +0800] "GET /xingrg/kc/buy/buy_main.html HTTP/1.1" 200 12412
58.37.230.33 - - [16/Mar/2021:09:23:01 +0800] "GET /xingrg/css/new_ie.css HTTP/1.1" 404 1036
61.165.42.208 - - [16/Mar/2021:09:23:02 +0800] "POST /xingrg/dwr/call/plaincall/AjaxQqpsService.saveMaterielItem.dwr HTTP/1.1" 200 78
61.165.42.208 - - [16/Mar/2021:09:23:02 +0800] "POST /xingrg/dwr/call/plaincall/AjaxQqpsService.saveOrder.dwr HTTP/1.1" 200 78
58.37.230.33 - - [16/Mar/2021:09:23:02 +0800] "GET /xingrg/kc/buy/cgsh_order_list.html HTTP/1.1" 200 46372
58.37.230.33 - - [16/Mar/2021:09:23:03 +0800] "POST /xingrg/kc/buy/cgsh_list_operate.html HTTP/1.1" 200 876
180.161.117.36 - - [16/Mar/2021:09:23:04 +0800] "GET /xingrg/check_reg.html?_=1615858048238 HTTP/1.1" 200 22
180.161.117.36 - - [16/Mar/2021:09:23:04 +0800] "GET /xingrg/all/function/internal_message.html?_=1615858048978&CODE_STATE=getMsg HTTP/1.1" 200 27
61.165.42.208 - - [16/Mar/2021:09:23:04 +0800] "POST /xingrg/dwr/call/plaincall/AjaxQqpsService.checkOrder.dwr HTTP/1.1" 200 78
58.37.230.33 - - [16/Mar/2021:09:23:04 +0800] "GET /xingrg/kc/buy/cgsh_order_add.html HTTP/1.1" 200 62110
58.37.230.33 - - [16/Mar/2021:09:23:04 +0800] "GET /xingrg/javascript/jquery_tools/order_manager.js HTTP/1.1" 200 11183
58.37.230.33 - - [16/Mar/2021:09:23:04 +0800] "GET /xingrg/words/20210315102325_words.js HTTP/1.1" 200 799457
58.37.230.33 - - [16/Mar/2021:09:23:04 +0800] "GET /xingrg/javascript/json2.js HTTP/1.1" 200 11259
58.37.230.33 - - [16/Mar/2021:09:23:04 +0800] "GET /xingrg/javascript/easyui/themes/icons/copy_new.png HTTP/1.1" 200 815
58.37.230.33 - - [16/Mar/2021:09:23:05 +0800] "POST /xingrg/kc/buy/cgsh_order_operate.html HTTP/1.1" 200 8245
58.37.230.33 - - [16/Mar/2021:09:23:05 +0800] "GET /xingrg/all/common/auto_word.html?type=employee&rest_code=00141 HTTP/1.1" 200 201
58.37.230.33 - - [16/Mar/2021:09:23:05 +0800] "GET /xingrg/all/common/auto_word.html?type=employee&rest_code=00141 HTTP/1.1" 200 201
58.37.230.33 - - [16/Mar/2021:09:23:05 +0800] "GET /xingrg/javascript/easyui/themes/default/validatebox.css HTTP/1.1" 404 1104
61.165.42.208 - - [16/Mar/2021:09:23:05 +0800] "GET /xingrg/kc/mdqp/qqps_order_info.html?code=302021031600353 HTTP/1.1" 200 26639
61.165.42.208 - - [16/Mar/2021:09:23:05 +0800] "GET /xingrg/dwr/interface/AjaxQqpsService.js HTTP/1.1" 200 16326
61.165.42.208 - - [16/Mar/2021:09:23:05 +0800] "GET /xingrg/dwr/interface/AjaxComOrderService.js HTTP/1.1" 200 18264
61.165.42.208 - - [16/Mar/2021:09:23:05 +0800] "GET /xingrg/dwr/engine.js HTTP/1.1" 200 43631
61.165.42.208 - - [16/Mar/2021:09:23:06 +0800] "POST /xingrg/dwr/call/plaincall/AjaxQqpsService.loadMaterielItems.dwr HTTP/1.1" 200 347
116.232.54.132 - - [16/Mar/2021:09:23:06 +0800] "GET /xingrg/all/function/internal_message.html?_=1615857788227&CODE_STATE=getMsg HTTP/1.1" 200 27
114.88.166.193 - - [16/Mar/2021:09:23:07 +0800] "GET /xingrg/kc/buy/cgsh_order_operate.html?command=get_materiel&rest_code=00111&code=00101008350&supplier_code=00100005&order_time=2021-03-16 HTTP/1.1" 200 408
180.169.147.146 - - [16/Mar/2021:09:23:07 +0800] "GET /xingrg/all/function/internal_message.html?_=1615857788630&CODE_STATE=getMsg HTTP/1.1" 200 27
222.69.139.177 - - [16/Mar/2021:09:23:08 +0800] "POST /xingrg/services/DataTransmitService HTTP/1.1" 200 524
222.69.139.177 - - [16/Mar/2021:09:23:08 +0800] "POST /xingrg/services/DataTransmitService HTTP/1.1" 200 1975
114.88.166.193 - - [16/Mar/2021:09:23:11 +0800] "GET /xingrg/all/function/internal_message.html?_=1615857788448&CODE_STATE=getMsg HTTP/1.1" 200 27
61.165.42.208 - - [16/Mar/2021:09:23:17 +0800] "GET /xingrg/check_reg.html?_=1615857797053 HTTP/1.1" 200 22
61.165.42.208 - - [16/Mar/2021:09:23:17 +0800] "GET /xingrg/all/function/internal_message.html?_=1615857797057&CODE_STATE=getMsg HTTP/1.1" 200 27
116.224.253.72 - - [16/Mar/2021:09:23:17 +0800] "GET /xingrg/all/function/internal_message.html?_=1615857796156&CODE_STATE=getMsg HTTP/1.1" 200 27
222.69.139.177 - - [16/Mar/2021:09:23:17 +0800] "POST /xingrg/services/DataTransmitService HTTP/1.1" 200 524
222.69.139.177 - - [16/Mar/2021:09:23:18 +0800] "POST /xingrg/services/DataTransmitService HTTP/1.1" 200 1975
58.37.230.33 - - [16/Mar/2021:09:23:19 +0800] "GET /xingrg/javascript/jquery_tools/images/prev.gif HTTP/1.1" 404 1086
58.37.230.33 - - [16/Mar/2021:09:23:19 +0800] "GET /xingrg/javascript/jquery_tools/images/next.gif HTTP/1.1" 404 1086
101.85.93.83 - - [16/Mar/2021:09:23:20 +0800] "GET /xingrg/all/function/internal_message.html?_=1615857381585&CODE_STATE=getMsg HTTP/1.1" 200 27
58.37.230.33 - - [16/Mar/2021:09:23:20 +0800] "GET /xingrg/all/function/internal_message.html?_=1615857812475&CODE_STATE=getMsg HTTP/1.1" 200 27
58.37.230.33 - - [16/Mar/2021:09:23:26 +0800] "GET /xingrg/kc/buy/cgsh_order_operate.html?command=get_materiel&rest_code=00141&code=00101001160&supplier_code=00100040&order_time=2021-03-16 HTTP/1.1" 200 408
180.169.147.146 - - [16/Mar/2021:09:23:26 +0800] "GET /xingrg/all/function/internal_message.html?_=1615857804656&CODE_STATE=getMsg HTTP/1.1" 200 27
101.228.165.174 - - [16/Mar/2021:09:23:27 +0800] "GET /xingrg/all/function/internal_message.html?_=1615857811511&CODE_STATE=getMsg HTTP/1.1" 200 27
114.88.166.193 - - [16/Mar/2021:09:23:31 +0800] "GET /xingrg/kc/buy/cgsh_order_operate.html?command=get_materiel&rest_code=00111&code=00101008088&supplier_code=00100005&order_time=2021-03-16 HTTP/1.1" 200 408
101.89.29.92 - - [16/Mar/2021:09:23:31 +0800] "GET /xingrg/all/function/internal_message.html?_=1615857753455&CODE_STATE=getMsg HTTP/1.1" 302 -
222.69.139.177 - - [16/Mar/2021:09:23:32 +0800] "POST /xingrg/services/DataTransmitService HTTP/1.1" 200 524
114.88.166.193 - - [16/Mar/2021:09:23:33 +0800] "GET /xingrg/all/function/internal_message.html?_=1615858054274&CODE_STATE=getMsg HTTP/1.1" 302 -
114.88.166.193 - - [16/Mar/2021:09:23:34 +0800] "GET /xingrg/all/function/internal_message.html?_=1615858054289&CODE_STATE=getMsg HTTP/1.1" 302 -
101.89.29.92 - - [16/Mar/2021:09:23:36 +0800] "GET /xingrg/login.html HTTP/1.1" 200 7641
114.88.166.193 - - [16/Mar/2021:09:23:38 +0800] "POST /xingrg/kc/buy/cgsh_order_operate.html HTTP/1.1" 200 2065
120.253.135.82 - - [16/Mar/2021:09:23:40 +0800] "GET /xingrg/check_reg.html?_=1615857358282 HTTP/1.1" 200 22
120.253.135.82 - - [16/Mar/2021:09:23:41 +0800] "GET /xingrg/all/function/internal_message.html?_=1615857359159&CODE_STATE=getMsg HTTP/1.1" 200 27
58.40.7.146 - - [16/Mar/2021:09:23:44 +0800] "GET /xingrg/all/function/internal_message.html?_=1615857823998&CODE_STATE=getMsg HTTP/1.1" 302 -
58.37.230.33 - - [16/Mar/2021:09:23:45 +0800] "GET /xingrg/kc/buy/cgsh_order_operate.html?command=get_materiel&rest_code=00141&code=00101006161&supplier_code=00100040&order_time=2021-03-16 HTTP/1.1" 200 409
101.228.165.174 - - [16/Mar/2021:09:23:48 +0800] "GET /xingrg/login.html HTTP/1.1" 200 7641
101.228.165.174 - - [16/Mar/2021:09:23:48 +0800] "GET /xingrg/images/blue/jxLogo.png HTTP/1.1" 304 -
101.228.165.174 - - [16/Mar/2021:09:23:48 +0800] "GET /favicon.ico HTTP/1.1" 404 -
101.228.165.174 - - [16/Mar/2021:09:23:52 +0800] "POST /xingrg/login.do HTTP/1.1" 302 -
101.228.165.174 - - [16/Mar/2021:09:23:52 +0800] "GET /xingrg/index.html?sysBaseUrl=http%3A%2F%2F180.169.147.146%3A18081%2Fxingrg%2F&costTime=40×tamp=1615857832882 HTTP/1.1" 200 17179
101.228.165.174 - - [16/Mar/2021:09:23:52 +0800] "GET /xingrg/javascript/jquery_easy_ui/themes/default/easyui.css HTTP/1.1" 304 -
101.228.165.174 - - [16/Mar/2021:09:23:52 +0800] "GET /xingrg/javascript/jquery_easy_ui/themes/icon.css HTTP/1.1" 304 -
101.228.165.174 - - [16/Mar/2021:09:23:52 +0800] "GET /xingrg/css/form.css HTTP/1.1" 304 -
101.228.165.174 - - [16/Mar/2021:09:23:52 +0800] "GET /xingrg/javascript/jquery-1.4.2.min.js HTTP/1.1" 304 -
101.228.165.174 - - [16/Mar/2021:09:23:52 +0800] "GET /xingrg/javascript/jquery.utils.js HTTP/1.1" 304 -
101.228.165.174 - - [16/Mar/2021:09:23:52 +0800] "GET /xingrg/javascript/jquery_easy_ui/jquery.easyui.min.js HTTP/1.1" 304 -
101.228.165.174 - - [16/Mar/2021:09:23:52 +0800] "GET /xingrg/javascript/jquery.form.js HTTP/1.1" 304 -
101.228.165.174 - - [16/Mar/2021:09:23:52 +0800] "GET /xingrg/javascript/jquery.timers.js HTTP/1.1" 304 -
101.228.165.174 - - [16/Mar/2021:09:23:52 +0800] "GET /xingrg/javascript/jquery_easy_ui/easyui-lang-zh_CN.js HTTP/1.1" 304 -
101.228.165.174 - - [16/Mar/2021:09:23:52 +0800] "GET /favicon.ico HTTP/1.1" 404 -
101.228.165.174 - - [16/Mar/2021:09:23:52 +0800] "GET /xingrg/images/blue/navBackgound.jpg HTTP/1.1" 304 -
101.228.165.174 - - [16/Mar/2021:09:23:52 +0800] "GET /xingrg/javascript/jquery_easy_ui/themes/icons/settle_new.png HTTP/1.1" 304 -
101.228.165.174 - - [16/Mar/2021:09:23:53 +0800] "POST /xingrg/all/common/load_tree.html?tree=area_rest_tree_json&manage=1 HTTP/1.1" 200 479
101.228.165.174 - - [16/Mar/2021:09:23:53 +0800] "GET /xingrg/images/blue/pingpu.png HTTP/1.1" 304 -
101.228.165.174 - - [16/Mar/2021:09:23:53 +0800] "GET /xingrg/javascript/jquery_easy_ui/themes/default/images/tabs_leftarrow.png HTTP/1.1" 304 -
101.228.165.174 - - [16/Mar/2021:09:23:53 +0800] "GET /xingrg/javascript/jquery_easy_ui/themes/default/images/tabs_rightarrow.png HTTP/1.1" 304 -
101.228.165.174 - - [16/Mar/2021:09:23:53 +0800] "GET /xingrg/javascript/jquery_easy_ui/themes/default/images/panel_tool_collapse.gif HTTP/1.1" 304 -
101.228.165.174 - - [16/Mar/2021:09:23:53 +0800] "GET /xingrg/all/function/internal_message.html?_=1615857837620&CODE_STATE=count HTTP/1.1" 200 11
101.228.165.174 - - [16/Mar/2021:09:23:53 +0800] "GET /xingrg/check_reg.html?_=1615857837620 HTTP/1.1" 200 22
101.228.165.174 - - [16/Mar/2021:09:23:53 +0800] "GET /xingrg/javascript/jquery_easy_ui/themes/default/images/tree_arrows.gif HTTP/1.1" 304 -
101.228.165.174 - - [16/Mar/2021:09:23:53 +0800] "POST /xingrg/load_menu.html HTTP/1.1" 200 5138
101.228.165.174 - - [16/Mar/2021:09:23:53 +0800] "GET /xingrg/javascript/jquery_easy_ui/themes/icons/search_new.png HTTP/1.1" 304 -
101.228.165.174 - - [16/Mar/2021:09:23:53 +0800] "GET /xingrg/javascript/jquery_easy_ui/themes/default/images/tree_folder_open.gif HTTP/1.1" 304 -
101.228.165.174 - - [16/Mar/2021:09:23:53 +0800] "GET /xingrg/javascript/jquery_easy_ui/themes/default/images/tree_folder.gif HTTP/1.1" 304 -
101.228.165.174 - - [16/Mar/2021:09:23:53 +0800] "GET /xingrg/javascript/jquery_easy_ui/themes/icons/storage_new.png HTTP/1.1" 304 -
101.228.165.174 - - [16/Mar/2021:09:23:53 +0800] "GET /xingrg/javascript/jquery_easy_ui/themes/icons/forms_new.png HTTP/1.1" 304 -
101.228.165.174 - - [16/Mar/2021:09:23:53 +0800] "GET /xingrg/javascript/jquery_easy_ui/themes/default/images/tree_file.gif HTTP/1.1" 304 -
114.88.166.193 - - [16/Mar/2021:09:23:53 +0800] "GET /xingrg/kc/buy/cgsh_order_operate.html?command=get_materiel&rest_code=00111&code=00101020152&supplier_code=00100005&order_time=2021-03-16 HTTP/1.1" 200 416
222.70.216.222 - - [16/Mar/2021:09:23:56 +0800] "GET /xingrg/all/function/internal_message.html?_=1615857834194&CODE_STATE=getMsg HTTP/1.1" 200 27
101.228.165.174 - - [16/Mar/2021:09:23:57 +0800] "GET /xingrg/javascript/jquery_easy_ui/themes/default/images/tabs_close.gif HTTP/1.1" 304 -
101.228.165.174 - - [16/Mar/2021:09:23:57 +0800] "GET /xingrg/css/new_ie.css HTTP/1.1" 404 1036
101.228.165.174 - - [16/Mar/2021:09:23:57 +0800] "GET /xingrg/css/blue.css HTTP/1.1" 304 -
101.228.165.174 - - [16/Mar/2021:09:23:57 +0800] "GET /xingrg/kc/buy/buy_main.html HTTP/1.1" 200 12412
101.228.165.174 - - [16/Mar/2021:09:23:57 +0800] "GET /xingrg/javascript/pic_change.js HTTP/1.1" 304 -
101.228.165.174 - - [16/Mar/2021:09:23:57 +0800] "GET /xingrg/javascript/ToolTips.js HTTP/1.1" 304 -
101.228.165.174 - - [16/Mar/2021:09:23:57 +0800] "GET /xingrg/javascript/myfunction.js HTTP/1.1" 304 -
101.228.165.174 - - [16/Mar/2021:09:23:57 +0800] "GET /xingrg/javascript/jquery_ui/themes/humanity/humanity.css HTTP/1.1" 304 -
101.228.165.174 - - [16/Mar/2021:09:23:57 +0800] "GET /xingrg/javascript/jquery_ui/jquery-ui.min.js HTTP/1.1" 304 -
101.228.165.174 - - [16/Mar/2021:09:23:57 +0800] "GET /xingrg/images/blue/pic_form2.gif HTTP/1.1" 304 -
101.228.165.174 - - [16/Mar/2021:09:23:57 +0800] "GET /xingrg/images/blue/button/cgydd.gif HTTP/1.1" 304 -
101.228.165.174 - - [16/Mar/2021:09:23:57 +0800] "GET /xingrg/images/blue/button/cgxqd.gif HTTP/1.1" 304 -
101.228.165.174 - - [16/Mar/2021:09:23:57 +0800] "GET /xingrg/images/blue/button/cgshd.gif HTTP/1.1" 304 -
101.228.165.174 - - [16/Mar/2021:09:23:57 +0800] "GET /xingrg/images/blue/button/cgfkd.gif HTTP/1.1" 304 -
101.228.165.174 - - [16/Mar/2021:09:23:57 +0800] "GET /xingrg/images/blue/button/kc.gif HTTP/1.1" 304 -
101.228.165.174 - - [16/Mar/2021:09:23:57 +0800] "GET /xingrg/images/blue/button/ckthd.gif HTTP/1.1" 304 -
101.228.165.174 - - [16/Mar/2021:09:23:57 +0800] "GET /xingrg/images/blue/bg_dotted.jpg HTTP/1.1" 304 -
101.228.165.174 - - [16/Mar/2021:09:23:57 +0800] "GET /xingrg/javascript/jquery_ui/themes/humanity/images/ui-bg_inset-soft_100_f4f0ec_1x100.png HTTP/1.1" 304 -
101.228.165.174 - - [16/Mar/2021:09:23:57 +0800] "GET /xingrg/images/blue/button/down_ah.jpg HTTP/1.1" 304 -
101.228.165.174 - - [16/Mar/2021:09:23:57 +0800] "GET /xingrg/images/blue/button/right_ah.jpg HTTP/1.1" 304 -
101.228.165.174 - - [16/Mar/2021:09:23:57 +0800] "GET /xingrg/javascript/jquery_ui/themes/humanity/images/ui-iconsnew.jpg HTTP/1.1" 304 -
101.228.165.174 - - [16/Mar/2021:09:23:57 +0800] "GET /xingrg/javascript/jquery_ui/themes/humanity/images/ui-icons_ffffff_256x240.png HTTP/1.1" 304 -
