116.224.253.72 - - [16/Mar/2021:08:51:01 +0800] "GET /xingrg/dwr/interface/AjaxComOrderService.js HTTP/1.1" 200 18264
116.224.253.72 - - [16/Mar/2021:08:51:01 +0800] "GET /xingrg/dwr/engine.js HTTP/1.1" 200 43631
116.224.253.72 - - [16/Mar/2021:08:51:01 +0800] "POST /xingrg/dwr/call/plaincall/AjaxYddbService.loadMaterielItems.dwr HTTP/1.1" 200 838
61.165.42.208 - - [16/Mar/2021:08:51:04 +0800] "GET /xingrg/all/function/internal_message.html?_=1615855848310&CODE_STATE=getMsg HTTP/1.1" 200 27
114.88.166.193 - - [16/Mar/2021:08:51:05 +0800] "GET /xingrg/kc/buy/cgsh_order_operate.html?command=get_materiel&rest_code=00111&code=00101009030&supplier_code=00100005&order_time=2021-03-16 HTTP/1.1" 200 412
116.224.253.72 - - [16/Mar/2021:08:51:05 +0800] "POST /xingrg/dwr/call/plaincall/AjaxYddbService.checkOrder.dwr HTTP/1.1" 200 78
116.224.253.72 - - [16/Mar/2021:08:51:06 +0800] "GET /xingrg/kc/base/yddb_order_info.html?code=482021031600130 HTTP/1.1" 200 29375
116.224.253.72 - - [16/Mar/2021:08:51:06 +0800] "GET /xingrg/dwr/interface/AjaxYddbService.js HTTP/1.1" 200 13201
116.224.253.72 - - [16/Mar/2021:08:51:06 +0800] "GET /xingrg/dwr/interface/AjaxComOrderService.js HTTP/1.1" 200 18264
116.224.253.72 - - [16/Mar/2021:08:51:06 +0800] "GET /xingrg/dwr/engine.js HTTP/1.1" 200 43631
116.224.253.72 - - [16/Mar/2021:08:51:06 +0800] "POST /xingrg/dwr/call/plaincall/AjaxYddbService.loadMaterielItems.dwr HTTP/1.1" 200 838
180.169.147.146 - - [16/Mar/2021:08:51:07 +0800] "POST /xingrg/all/user/operate.html HTTP/1.1" 200 36
180.169.147.146 - - [16/Mar/2021:08:51:07 +0800] "GET /xingrg/index.html?sysBaseUrl=http%3A%2F%2F180.169.147.146%3A18081%2Fxingrg%2F&costTime=41×tamp=1615855440489 HTTP/1.1" 200 17503
180.169.147.146 - - [16/Mar/2021:08:51:07 +0800] "GET /xingrg/javascript/jquery_easy_ui/themes/default/easyui.css HTTP/1.1" 304 -
180.169.147.146 - - [16/Mar/2021:08:51:07 +0800] "GET /xingrg/javascript/jquery_easy_ui/themes/icon.css HTTP/1.1" 304 -
180.169.147.146 - - [16/Mar/2021:08:51:07 +0800] "GET /xingrg/css/form.css HTTP/1.1" 304 -
180.169.147.146 - - [16/Mar/2021:08:51:07 +0800] "GET /xingrg/javascript/jquery-1.4.2.min.js HTTP/1.1" 304 -
180.169.147.146 - - [16/Mar/2021:08:51:07 +0800] "GET /xingrg/javascript/jquery_easy_ui/jquery.easyui.min.js HTTP/1.1" 304 -
180.169.147.146 - - [16/Mar/2021:08:51:07 +0800] "GET /xingrg/javascript/jquery_easy_ui/easyui-lang-zh_CN.js HTTP/1.1" 304 -
180.169.147.146 - - [16/Mar/2021:08:51:07 +0800] "GET /xingrg/javascript/jquery.form.js HTTP/1.1" 304 -
180.169.147.146 - - [16/Mar/2021:08:51:07 +0800] "GET /xingrg/javascript/jquery.utils.js HTTP/1.1" 304 -
180.169.147.146 - - [16/Mar/2021:08:51:07 +0800] "GET /xingrg/javascript/jquery.timers.js HTTP/1.1" 304 -
180.169.147.146 - - [16/Mar/2021:08:51:07 +0800] "GET /xingrg/images/blue/jxLogo.png HTTP/1.1" 304 -
180.169.147.146 - - [16/Mar/2021:08:51:07 +0800] "GET /xingrg/javascript/jquery_easy_ui/themes/icons/settle_new.png HTTP/1.1" 304 -
180.169.147.146 - - [16/Mar/2021:08:51:07 +0800] "GET /xingrg/images/blue/navBackgound.jpg HTTP/1.1" 304 -
180.169.147.146 - - [16/Mar/2021:08:51:07 +0800] "POST /xingrg/all/common/load_tree.html?tree=area_rest_tree_json&manage=1 HTTP/1.1" 200 3216
180.169.147.146 - - [16/Mar/2021:08:51:07 +0800] "GET /xingrg/all/function/internal_message.html?_=1615855868583&CODE_STATE=count HTTP/1.1" 200 11
180.169.147.146 - - [16/Mar/2021:08:51:07 +0800] "GET /xingrg/images/blue/pingpu.png HTTP/1.1" 304 -
180.169.147.146 - - [16/Mar/2021:08:51:07 +0800] "GET /xingrg/check_reg.html?_=1615855868585 HTTP/1.1" 200 22
180.169.147.146 - - [16/Mar/2021:08:51:07 +0800] "GET /xingrg/javascript/jquery_easy_ui/themes/default/images/panel_tool_collapse.gif HTTP/1.1" 304 -
180.169.147.146 - - [16/Mar/2021:08:51:07 +0800] "GET /xingrg/javascript/jquery_easy_ui/themes/default/images/tabs_rightarrow.png HTTP/1.1" 304 -
180.169.147.146 - - [16/Mar/2021:08:51:07 +0800] "GET /xingrg/javascript/jquery_easy_ui/themes/default/images/tabs_leftarrow.png HTTP/1.1" 304 -
180.169.147.146 - - [16/Mar/2021:08:51:07 +0800] "GET /xingrg/javascript/jquery_easy_ui/themes/default/images/panel_tool_expand.gif HTTP/1.1" 304 -
180.169.147.146 - - [16/Mar/2021:08:51:07 +0800] "POST /xingrg/load_menu.html HTTP/1.1" 200 11564
180.169.147.146 - - [16/Mar/2021:08:51:08 +0800] "GET /xingrg/kc/report/report_main.html HTTP/1.1" 200 9370
114.88.166.193 - - [16/Mar/2021:08:51:08 +0800] "GET /xingrg/all/function/internal_message.html?_=1615855866170&CODE_STATE=getMsg HTTP/1.1" 200 27
180.169.147.146 - - [16/Mar/2021:08:51:09 +0800] "GET /xingrg/all/report/report_query.html?fileName=kc/buy/gys_amount_base_rest.xml HTTP/1.1" 200 51664
180.169.147.146 - - [16/Mar/2021:08:51:09 +0800] "GET /xingrg/dwr/interface/AjaxReportQueryService.js HTTP/1.1" 200 13203
180.169.147.146 - - [16/Mar/2021:08:51:09 +0800] "GET /xingrg/dwr/engine.js HTTP/1.1" 200 43631
180.169.147.146 - - [16/Mar/2021:08:51:09 +0800] "POST /xingrg/dwr/call/plaincall/AjaxReportQueryService.getFixDate.dwr HTTP/1.1" 200 111
180.169.147.146 - - [16/Mar/2021:08:51:09 +0800] "POST /xingrg/all/common/load_tree.html?tree=area_rest_tree_json&manage=1 HTTP/1.1" 200 3216
180.169.147.146 - - [16/Mar/2021:08:51:10 +0800] "POST /xingrg/all/common/load_tree.html?tree=supplier_tree_json&manage=1 HTTP/1.1" 200 55684
116.224.253.72 - - [16/Mar/2021:08:51:11 +0800] "POST /xingrg/all/user/operate.html HTTP/1.1" 200 36
116.224.253.72 - - [16/Mar/2021:08:51:11 +0800] "GET /xingrg/index.html?sysBaseUrl=http%3A%2F%2F180.169.147.146%3A18081%2Fxingrg%2F&costTime=40×tamp=1615800782291 HTTP/1.1" 200 17177
116.224.253.72 - - [16/Mar/2021:08:51:11 +0800] "GET /xingrg/javascript/jquery_easy_ui/themes/default/easyui.css HTTP/1.1" 304 -
116.224.253.72 - - [16/Mar/2021:08:51:11 +0800] "GET /xingrg/javascript/jquery_easy_ui/themes/icon.css HTTP/1.1" 304 -
116.224.253.72 - - [16/Mar/2021:08:51:11 +0800] "GET /xingrg/css/form.css HTTP/1.1" 304 -
116.224.253.72 - - [16/Mar/2021:08:51:11 +0800] "GET /xingrg/javascript/jquery-1.4.2.min.js HTTP/1.1" 304 -
116.224.253.72 - - [16/Mar/2021:08:51:11 +0800] "GET /xingrg/javascript/jquery_easy_ui/jquery.easyui.min.js HTTP/1.1" 304 -
116.224.253.72 - - [16/Mar/2021:08:51:11 +0800] "GET /xingrg/javascript/jquery_easy_ui/easyui-lang-zh_CN.js HTTP/1.1" 304 -
116.224.253.72 - - [16/Mar/2021:08:51:11 +0800] "GET /xingrg/javascript/jquery.form.js HTTP/1.1" 304 -
116.224.253.72 - - [16/Mar/2021:08:51:11 +0800] "GET /xingrg/javascript/jquery.utils.js HTTP/1.1" 304 -
116.224.253.72 - - [16/Mar/2021:08:51:11 +0800] "GET /xingrg/javascript/jquery.timers.js HTTP/1.1" 304 -
116.224.253.72 - - [16/Mar/2021:08:51:11 +0800] "GET /xingrg/images/blue/jxLogo.png HTTP/1.1" 304 -
116.224.253.72 - - [16/Mar/2021:08:51:11 +0800] "GET /xingrg/images/blue/navBackgound.jpg HTTP/1.1" 304 -
116.224.253.72 - - [16/Mar/2021:08:51:11 +0800] "GET /xingrg/javascript/jquery_easy_ui/themes/icons/settle_new.png HTTP/1.1" 304 -
116.224.253.72 - - [16/Mar/2021:08:51:11 +0800] "POST /xingrg/all/common/load_tree.html?tree=area_rest_tree_json&manage=1 HTTP/1.1" 200 476
116.224.253.72 - - [16/Mar/2021:08:51:11 +0800] "GET /xingrg/all/function/internal_message.html?_=1615855870128&CODE_STATE=count HTTP/1.1" 200 11
116.224.253.72 - - [16/Mar/2021:08:51:11 +0800] "GET /xingrg/javascript/jquery_easy_ui/themes/default/images/tabs_rightarrow.png HTTP/1.1" 304 -
116.224.253.72 - - [16/Mar/2021:08:51:11 +0800] "GET /xingrg/images/blue/pingpu.png HTTP/1.1" 304 -
116.224.253.72 - - [16/Mar/2021:08:51:11 +0800] "GET /xingrg/javascript/jquery_easy_ui/themes/default/images/tabs_leftarrow.png HTTP/1.1" 304 -
116.224.253.72 - - [16/Mar/2021:08:51:11 +0800] "GET /xingrg/check_reg.html?_=1615855870129 HTTP/1.1" 200 22
116.224.253.72 - - [16/Mar/2021:08:51:11 +0800] "GET /xingrg/javascript/jquery_easy_ui/themes/default/images/panel_tool_collapse.gif HTTP/1.1" 304 -
116.224.253.72 - - [16/Mar/2021:08:51:11 +0800] "POST /xingrg/load_menu.html HTTP/1.1" 200 5138
180.169.147.146 - - [16/Mar/2021:08:51:12 +0800] "POST /xingrg/dwr/call/plaincall/AjaxReportQueryService.getFixDate.dwr HTTP/1.1" 200 111
116.224.253.72 - - [16/Mar/2021:08:51:13 +0800] "GET /xingrg/kc/base/yddb_order_list.html HTTP/1.1" 200 16949
116.224.253.72 - - [16/Mar/2021:08:51:13 +0800] "POST /xingrg/kc/base/yddb_list_operate.html HTTP/1.1" 200 636
116.224.253.72 - - [16/Mar/2021:08:51:16 +0800] "POST /xingrg/kc/base/yddb_list_operate.html HTTP/1.1" 200 1347
114.88.166.193 - - [16/Mar/2021:08:51:16 +0800] "GET /xingrg/kc/buy/cgsh_order_operate.html?command=get_materiel&rest_code=00111&code=00101008356&supplier_code=00100005&order_time=2021-03-16 HTTP/1.1" 200 408
116.224.253.72 - - [16/Mar/2021:08:51:16 +0800] "POST /xingrg/kc/base/yddb_list_operate.html HTTP/1.1" 200 306
61.165.42.208 - - [16/Mar/2021:08:51:17 +0800] "GET /xingrg/all/function/internal_message.html?_=1615855876991&CODE_STATE=getMsg HTTP/1.1" 200 27
116.224.253.72 - - [16/Mar/2021:08:51:17 +0800] "GET /xingrg/kc/base/yddb_order_info.html?code=482021031600130 HTTP/1.1" 200 30940
116.224.253.72 - - [16/Mar/2021:08:51:17 +0800] "GET /xingrg/dwr/interface/AjaxYddbService.js HTTP/1.1" 200 13201
116.224.253.72 - - [16/Mar/2021:08:51:17 +0800] "GET /xingrg/dwr/interface/AjaxComOrderService.js HTTP/1.1" 200 18264
116.224.253.72 - - [16/Mar/2021:08:51:17 +0800] "GET /xingrg/dwr/engine.js HTTP/1.1" 200 43631
116.224.253.72 - - [16/Mar/2021:08:51:17 +0800] "POST /xingrg/dwr/call/plaincall/AjaxYddbService.loadMaterielItems.dwr HTTP/1.1" 200 838
180.169.147.146 - - [16/Mar/2021:08:51:20 +0800] "POST /xingrg/dwr/call/plaincall/AjaxReportQueryService.refreshCache.dwr HTTP/1.1" 200 78
116.224.253.72 - - [16/Mar/2021:08:51:21 +0800] "POST /xingrg/dwr/call/plaincall/AjaxYddbService.saveOrder.dwr HTTP/1.1" 200 78
58.37.230.33 - - [16/Mar/2021:08:51:21 +0800] "GET /xingrg/all/function/internal_message.html?_=1615855893386&CODE_STATE=getMsg HTTP/1.1" 200 27
58.37.230.33 - - [16/Mar/2021:08:51:21 +0800] "GET /xingrg/check_reg.html?_=1615855893391 HTTP/1.1" 200 22
222.70.216.222 - - [16/Mar/2021:08:51:21 +0800] "GET /xingrg/check_reg.html?_=1615855879151 HTTP/1.1" 200 22
180.169.147.146 - - [16/Mar/2021:08:51:21 +0800] "POST /xingrg/all/report/load_report_page.html HTTP/1.1" 200 62170
180.169.147.146 - - [16/Mar/2021:08:51:22 +0800] "GET /xingrg/servlets/image?cache=0.1336639785380137&image=px HTTP/1.1" 200 807
116.224.253.72 - - [16/Mar/2021:08:51:23 +0800] "POST /xingrg/dwr/call/plaincall/AjaxYddbService.objCheckOrder.dwr HTTP/1.1" 200 78
116.224.253.72 - - [16/Mar/2021:08:51:24 +0800] "GET /xingrg/kc/base/yddb_order_info.html?code=482021031600130 HTTP/1.1" 200 31061
116.224.253.72 - - [16/Mar/2021:08:51:24 +0800] "GET /xingrg/dwr/interface/AjaxComOrderService.js HTTP/1.1" 200 18264
116.224.253.72 - - [16/Mar/2021:08:51:24 +0800] "GET /xingrg/dwr/interface/AjaxYddbService.js HTTP/1.1" 200 13201
116.224.253.72 - - [16/Mar/2021:08:51:24 +0800] "GET /xingrg/dwr/engine.js HTTP/1.1" 200 43631
116.224.253.72 - - [16/Mar/2021:08:51:24 +0800] "POST /xingrg/dwr/call/plaincall/AjaxYddbService.loadMaterielItems.dwr HTTP/1.1" 200 838
180.169.147.146 - - [16/Mar/2021:08:51:26 +0800] "GET /xingrg/all/function/internal_message.html?_=1615855884510&CODE_STATE=getMsg HTTP/1.1" 200 27
180.169.147.146 - - [16/Mar/2021:08:51:26 +0800] "GET /xingrg/check_reg.html?_=1615855884511 HTTP/1.1" 200 22
101.228.165.174 - - [16/Mar/2021:08:51:26 +0800] "GET /xingrg/all/function/internal_message.html?_=1615855890417&CODE_STATE=getMsg HTTP/1.1" 200 27
101.91.60.105 - - [16/Mar/2021:08:51:27 +0800] "GET /xingrg/all/function/internal_message.html?_=1615855833384&CODE_STATE=getMsg HTTP/1.1" 302 -
101.91.60.105 - - [16/Mar/2021:08:51:29 +0800] "GET /xingrg/login.html HTTP/1.1" 200 7641
114.88.166.193 - - [16/Mar/2021:08:51:31 +0800] "GET /xingrg/kc/buy/cgsh_order_operate.html?command=get_materiel&rest_code=00111&code=00101008270&supplier_code=00100005&order_time=2021-03-16 HTTP/1.1" 200 412
120.253.135.82 - - [16/Mar/2021:08:51:34 +0800] "GET /xingrg/all/function/internal_message.html?_=1615855665532&CODE_STATE=getMsg HTTP/1.1" 200 27
180.169.147.146 - - [16/Mar/2021:08:51:40 +0800] "GET /xingrg/all/function/internal_message.html?_=1615855903739&CODE_STATE=getMsg HTTP/1.1" 200 27
114.88.166.193 - - [16/Mar/2021:08:51:41 +0800] "GET /xingrg/kc/buy/cgsh_order_operate.html?command=get_materiel&rest_code=00111&code=00101008197&supplier_code=00100005&order_time=2021-03-16 HTTP/1.1" 200 416
58.40.7.146 - - [16/Mar/2021:08:51:44 +0800] "GET /xingrg/all/function/internal_message.html?_=1615855903982&CODE_STATE=getMsg HTTP/1.1" 302 -
116.224.253.72 - - [16/Mar/2021:08:51:45 +0800] "GET /xingrg/all/function/internal_message.html?_=1615855862767&CODE_STATE=getMsg HTTP/1.1" 200 27
101.228.165.73 - - [16/Mar/2021:08:51:52 +0800] "GET /favicon.ico HTTP/1.1" 404 -
114.88.166.193 - - [16/Mar/2021:08:51:56 +0800] "GET /xingrg/check_reg.html?_=1615855913845 HTTP/1.1" 200 22
222.70.216.222 - - [16/Mar/2021:08:51:57 +0800] "GET /xingrg/all/function/internal_message.html?_=1615855914933&CODE_STATE=getMsg HTTP/1.1" 200 27
61.165.42.208 - - [16/Mar/2021:08:52:04 +0800] "GET /xingrg/all/function/internal_message.html?_=1615855908311&CODE_STATE=getMsg HTTP/1.1" 200 27
180.169.147.146 - - [16/Mar/2021:08:52:07 +0800] "GET /xingrg/all/function/internal_message.html?_=1615855928594&CODE_STATE=getMsg HTTP/1.1" 200 27
114.88.166.193 - - [16/Mar/2021:08:52:08 +0800] "GET /xingrg/all/function/internal_message.html?_=1615855926185&CODE_STATE=getMsg HTTP/1.1" 200 27
116.224.253.72 - - [16/Mar/2021:08:52:11 +0800] "GET /xingrg/all/function/internal_message.html?_=1615855930146&CODE_STATE=getMsg HTTP/1.1" 200 27
61.165.42.208 - - [16/Mar/2021:08:52:17 +0800] "GET /xingrg/all/function/internal_message.html?_=1615855936991&CODE_STATE=getMsg HTTP/1.1" 200 27
101.89.239.216 - - [16/Mar/2021:08:52:21 +0800] "GET /xingrg/check_reg.html?_=1615855893391 HTTP/1.1" 302 -
58.37.230.33 - - [16/Mar/2021:08:52:21 +0800] "GET /xingrg/all/function/internal_message.html?_=1615855953388&CODE_STATE=getMsg HTTP/1.1" 200 27
101.89.239.216 - - [16/Mar/2021:08:52:23 +0800] "GET /xingrg/login.html HTTP/1.1" 200 7641
180.169.147.146 - - [16/Mar/2021:08:52:26 +0800] "GET /xingrg/all/function/internal_message.html?_=1615855944509&CODE_STATE=getMsg HTTP/1.1" 200 27
101.228.165.174 - - [16/Mar/2021:08:52:26 +0800] "GET /xingrg/all/function/internal_message.html?_=1615855950435&CODE_STATE=getMsg HTTP/1.1" 200 27
61.151.178.197 - - [16/Mar/2021:08:52:30 +0800] "GET /xingrg/all/function/internal_message.html?_=1615855893386&CODE_STATE=getMsg HTTP/1.1" 302 -
61.151.178.197 - - [16/Mar/2021:08:52:32 +0800] "GET /xingrg/login.html HTTP/1.1" 200 7641
120.253.135.82 - - [16/Mar/2021:08:52:34 +0800] "GET /xingrg/all/function/internal_message.html?_=1615855725671&CODE_STATE=getMsg HTTP/1.1" 200 27
116.224.253.72 - - [16/Mar/2021:08:52:37 +0800] "POST /xingrg/all/user/operate.html HTTP/1.1" 200 36
116.224.253.72 - - [16/Mar/2021:08:52:38 +0800] "GET /xingrg/index.html?sysBaseUrl=http%3A%2F%2F180.169.147.146%3A18081%2Fxingrg%2F&costTime=40×tamp=1615800782291 HTTP/1.1" 200 17179
116.224.253.72 - - [16/Mar/2021:08:52:38 +0800] "GET /xingrg/javascript/jquery_easy_ui/themes/default/easyui.css HTTP/1.1" 304 -
116.224.253.72 - - [16/Mar/2021:08:52:38 +0800] "GET /xingrg/javascript/jquery_easy_ui/themes/icon.css HTTP/1.1" 304 -
116.224.253.72 - - [16/Mar/2021:08:52:38 +0800] "GET /xingrg/css/form.css HTTP/1.1" 304 -
116.224.253.72 - - [16/Mar/2021:08:52:38 +0800] "GET /xingrg/javascript/jquery-1.4.2.min.js HTTP/1.1" 304 -
116.224.253.72 - - [16/Mar/2021:08:52:38 +0800] "GET /xingrg/javascript/jquery_easy_ui/jquery.easyui.min.js HTTP/1.1" 304 -
116.224.253.72 - - [16/Mar/2021:08:52:38 +0800] "GET /xingrg/javascript/jquery_easy_ui/easyui-lang-zh_CN.js HTTP/1.1" 304 -
116.224.253.72 - - [16/Mar/2021:08:52:38 +0800] "GET /xingrg/javascript/jquery.form.js HTTP/1.1" 304 -
116.224.253.72 - - [16/Mar/2021:08:52:38 +0800] "GET /xingrg/javascript/jquery.utils.js HTTP/1.1" 304 -
116.224.253.72 - - [16/Mar/2021:08:52:38 +0800] "GET /xingrg/javascript/jquery.timers.js HTTP/1.1" 304 -
116.224.253.72 - - [16/Mar/2021:08:52:38 +0800] "GET /xingrg/images/blue/jxLogo.png HTTP/1.1" 304 -
116.224.253.72 - - [16/Mar/2021:08:52:38 +0800] "GET /xingrg/javascript/jquery_easy_ui/themes/icons/settle_new.png HTTP/1.1" 304 -
116.224.253.72 - - [16/Mar/2021:08:52:38 +0800] "GET /xingrg/images/blue/navBackgound.jpg HTTP/1.1" 304 -
116.224.253.72 - - [16/Mar/2021:08:52:38 +0800] "POST /xingrg/all/common/load_tree.html?tree=area_rest_tree_json&manage=1 HTTP/1.1" 200 476
116.224.253.72 - - [16/Mar/2021:08:52:38 +0800] "GET /xingrg/all/function/internal_message.html?_=1615855957087&CODE_STATE=count HTTP/1.1" 200 11
116.224.253.72 - - [16/Mar/2021:08:52:38 +0800] "GET /xingrg/check_reg.html?_=1615855957088 HTTP/1.1" 200 22
116.224.253.72 - - [16/Mar/2021:08:52:38 +0800] "GET /xingrg/javascript/jquery_easy_ui/themes/default/images/tabs_rightarrow.png HTTP/1.1" 304 -
116.224.253.72 - - [16/Mar/2021:08:52:38 +0800] "GET /xingrg/javascript/jquery_easy_ui/themes/default/images/tabs_leftarrow.png HTTP/1.1" 304 -
116.224.253.72 - - [16/Mar/2021:08:52:38 +0800] "GET /xingrg/images/blue/pingpu.png HTTP/1.1" 304 -
116.224.253.72 - - [16/Mar/2021:08:52:38 +0800] "GET /xingrg/javascript/jquery_easy_ui/themes/default/images/panel_tool_collapse.gif HTTP/1.1" 304 -
116.224.253.72 - - [16/Mar/2021:08:52:38 +0800] "POST /xingrg/load_menu.html HTTP/1.1" 200 5138
180.169.147.146 - - [16/Mar/2021:08:52:40 +0800] "GET /xingrg/all/function/internal_message.html?_=1615855963739&CODE_STATE=getMsg HTTP/1.1" 200 27
58.40.7.146 - - [16/Mar/2021:08:52:44 +0800] "GET /xingrg/all/function/internal_message.html?_=1615855963987&CODE_STATE=getMsg HTTP/1.1" 302 -
116.224.253.72 - - [16/Mar/2021:08:52:45 +0800] "GET /xingrg/check_reg.html?_=1615855922649 HTTP/1.1" 200 22
116.224.253.72 - - [16/Mar/2021:08:52:45 +0800] "GET /xingrg/all/function/internal_message.html?_=1615855922785&CODE_STATE=getMsg HTTP/1.1" 200 27
114.88.166.193 - - [16/Mar/2021:08:52:51 +0800] "GET /xingrg/kc/buy/cgsh_order_operate.html?command=get_materiel&rest_code=00111&code=00101008069&supplier_code=00100005&order_time=2021-03-16 HTTP/1.1" 200 412
222.70.216.222 - - [16/Mar/2021:08:52:57 +0800] "GET /xingrg/all/function/internal_message.html?_=1615855974904&CODE_STATE=getMsg HTTP/1.1" 200 27
114.88.166.193 - - [16/Mar/2021:08:53:00 +0800] "GET /xingrg/kc/buy/cgsh_order_operate.html?command=get_materiel&rest_code=00111&code=00101008286&supplier_code=00100005&order_time=2021-03-16 HTTP/1.1" 200 408
114.88.166.193 - - [16/Mar/2021:08:53:01 +0800] "POST /xingrg/kc/buy/cgsh_order_operate.html HTTP/1.1" 200 2065
58.37.192.63 - - [16/Mar/2021:08:53:03 +0800] "GET /xingrg/login.html HTTP/1.1" 200 7641
58.37.192.63 - - [16/Mar/2021:08:53:03 +0800] "GET /favicon.ico HTTP/1.1" 404 -
61.165.42.208 - - [16/Mar/2021:08:53:04 +0800] "GET /xingrg/all/function/internal_message.html?_=1615855968310&CODE_STATE=getMsg HTTP/1.1" 200 27
180.169.147.146 - - [16/Mar/2021:08:53:07 +0800] "GET /xingrg/all/function/internal_message.html?_=1615855988600&CODE_STATE=getMsg HTTP/1.1" 200 27
114.88.166.193 - - [16/Mar/2021:08:53:08 +0800] "GET /xingrg/all/function/internal_message.html?_=1615855986198&CODE_STATE=getMsg HTTP/1.1" 200 27
114.88.166.193 - - [16/Mar/2021:08:53:08 +0800] "GET /xingrg/kc/buy/cgsh_order_operate.html?command=get_materiel&rest_code=00111&code=00101008036&supplier_code=00100005&order_time=2021-03-16 HTTP/1.1" 200 408
61.165.42.208 - - [16/Mar/2021:08:53:17 +0800] "GET /xingrg/all/function/internal_message.html?_=1615855996994&CODE_STATE=getMsg HTTP/1.1" 200 27
61.165.42.208 - - [16/Mar/2021:08:53:17 +0800] "GET /xingrg/check_reg.html?_=1615855996997 HTTP/1.1" 200 22
114.88.166.193 - - [16/Mar/2021:08:53:20 +0800] "GET /xingrg/kc/buy/cgsh_order_operate.html?command=get_materiel&rest_code=00111&code=00101008131&supplier_code=00100005&order_time=2021-03-16 HTTP/1.1" 200 408
58.37.230.33 - - [16/Mar/2021:08:53:21 +0800] "GET /xingrg/all/function/internal_message.html?_=1615856013394&CODE_STATE=getMsg HTTP/1.1" 200 27
180.169.147.146 - - [16/Mar/2021:08:53:26 +0800] "GET /xingrg/all/function/internal_message.html?_=1615856004508&CODE_STATE=getMsg HTTP/1.1" 200 27
101.228.165.174 - - [16/Mar/2021:08:53:26 +0800] "GET /xingrg/all/function/internal_message.html?_=1615856010500&CODE_STATE=getMsg HTTP/1.1" 200 27
61.129.6.203 - - [16/Mar/2021:08:53:29 +0800] "GET /xingrg/all/function/internal_message.html?_=1615855953388&CODE_STATE=getMsg HTTP/1.1" 302 -
114.88.166.193 - - [16/Mar/2021:08:53:30 +0800] "GET /xingrg/kc/buy/cgsh_order_operate.html?command=get_materiel&rest_code=00111&code=00101008098&supplier_code=00100005&order_time=2021-03-16 HTTP/1.1" 200 412
120.253.135.82 - - [16/Mar/2021:08:53:34 +0800] "GET /xingrg/all/function/internal_message.html?_=1615855785689&CODE_STATE=getMsg HTTP/1.1" 200 27
61.129.6.203 - - [16/Mar/2021:08:53:34 +0800] "GET /xingrg/login.html HTTP/1.1" 200 7641
116.224.253.72 - - [16/Mar/2021:08:53:38 +0800] "GET /xingrg/all/function/internal_message.html?_=1615856017102&CODE_STATE=getMsg HTTP/1.1" 200 27
180.169.147.146 - - [16/Mar/2021:08:53:40 +0800] "GET /xingrg/all/function/internal_message.html?_=1615856023741&CODE_STATE=getMsg HTTP/1.1" 200 27
116.224.253.72 - - [16/Mar/2021:08:53:43 +0800] "GET /xingrg/kc/buy/cgsh_order_list.html HTTP/1.1" 200 46372
58.37.192.63 - - [16/Mar/2021:08:53:44 +0800] "POST /xingrg/login.do HTTP/1.1" 302 -
58.37.192.63 - - [16/Mar/2021:08:53:44 +0800] "GET /xingrg/index.html?sysBaseUrl=http%3A%2F%2F180.169.147.146%3A18081%2Fxingrg%2F&costTime=43×tamp=1615856024088 HTTP/1.1" 200 17179
58.37.192.63 - - [16/Mar/2021:08:53:44 +0800] "GET /favicon.ico HTTP/1.1" 404 -
58.37.192.63 - - [16/Mar/2021:08:53:44 +0800] "POST /xingrg/all/common/load_tree.html?tree=area_rest_tree_json&manage=1 HTTP/1.1" 200 351
117.131.5.26 - - [16/Mar/2021:08:53:44 +0800] "GET /xingrg/check_reg.html?_=1615856093172 HTTP/1.1" 200 22
58.37.192.63 - - [16/Mar/2021:08:53:44 +0800] "GET /xingrg/all/function/internal_message.html?_=1615856093171&CODE_STATE=count HTTP/1.1" 200 11
58.37.192.63 - - [16/Mar/2021:08:53:44 +0800] "POST /xingrg/load_menu.html HTTP/1.1" 200 5138
116.224.253.72 - - [16/Mar/2021:08:53:44 +0800] "POST /xingrg/kc/buy/cgsh_list_operate.html HTTP/1.1" 200 1691
58.40.7.146 - - [16/Mar/2021:08:53:44 +0800] "GET /xingrg/all/function/internal_message.html?_=1615856023990&CODE_STATE=getMsg HTTP/1.1" 302 -
116.224.253.72 - - [16/Mar/2021:08:53:45 +0800] "GET /xingrg/kc/buy/cgsh_order_add.html HTTP/1.1" 200 62028
116.224.253.72 - - [16/Mar/2021:08:53:45 +0800] "GET /xingrg/all/function/internal_message.html?_=1615855982794&CODE_STATE=getMsg HTTP/1.1" 200 27
116.224.253.72 - - [16/Mar/2021:08:53:46 +0800] "POST /xingrg/kc/buy/cgsh_order_operate.html HTTP/1.1" 200 8245
116.224.253.72 - - [16/Mar/2021:08:53:46 +0800] "GET /xingrg/javascript/easyui/themes/default/validatebox.css HTTP/1.1" 404 1104
116.224.253.72 - - [16/Mar/2021:08:53:47 +0800] "GET /xingrg/javascript/auto/indicator.gif HTTP/1.1" 404 1066
117.131.5.26 - - [16/Mar/2021:08:53:48 +0800] "GET /xingrg/kc/buy/cgsh_order_list.html HTTP/1.1" 200 46372
58.37.192.63 - - [16/Mar/2021:08:53:49 +0800] "POST /xingrg/kc/buy/cgsh_list_operate.html HTTP/1.1" 200 876
114.88.166.193 - - [16/Mar/2021:08:53:52 +0800] "GET /xingrg/kc/buy/cgsh_order_operate.html?command=get_materiel&rest_code=00111&code=00101008005&supplier_code=00100005&order_time=2021-03-16 HTTP/1.1" 200 412
116.224.253.72 - - [16/Mar/2021:08:53:55 +0800] "GET /xingrg/kc/buy/cgsh_order_operate.html?command=get_materiel&rest_code=00150&code=00101011005&supplier_code=00100047&order_time=2021-03-16 HTTP/1.1" 200 408
222.70.216.222 - - [16/Mar/2021:08:53:57 +0800] "GET /xingrg/all/function/internal_message.html?_=1615856034890&CODE_STATE=getMsg HTTP/1.1" 200 27
58.37.192.63 - - [16/Mar/2021:08:54:03 +0800] "GET /xingrg/javascript/jquery_easy_ui/themes/default/images/tabs_active.png HTTP/1.1" 200 2894
61.165.42.208 - - [16/Mar/2021:08:54:04 +0800] "GET /xingrg/check_reg.html?_=1615856028310 HTTP/1.1" 200 22
61.165.42.208 - - [16/Mar/2021:08:54:04 +0800] "GET /xingrg/all/function/internal_message.html?_=1615856028313&CODE_STATE=getMsg HTTP/1.1" 200 27
116.224.253.72 - - [16/Mar/2021:08:54:04 +0800] "POST /xingrg/kc/buy/cgsh_order_operate.html HTTP/1.1" 200 37
114.88.166.193 - - [16/Mar/2021:08:54:05 +0800] "GET /xingrg/kc/buy/cgsh_order_operate.html?command=get_materiel&rest_code=00111&code=00101008353&supplier_code=00100005&order_time=2021-03-16 HTTP/1.1" 200 408
180.169.147.146 - - [16/Mar/2021:08:54:07 +0800] "GET /xingrg/all/function/internal_message.html?_=1615856048605&CODE_STATE=getMsg HTTP/1.1" 200 27
116.224.253.72 - - [16/Mar/2021:08:54:07 +0800] "POST /xingrg/kc/buy/cgsh_order_operate.html HTTP/1.1" 200 12
116.224.253.72 - - [16/Mar/2021:08:54:08 +0800] "GET /xingrg/kc/buy/cgsh_order_info.html?code=212021031606733 HTTP/1.1" 200 56930
114.88.166.193 - - [16/Mar/2021:08:54:08 +0800] "GET /xingrg/all/function/internal_message.html?_=1615856046212&CODE_STATE=getMsg HTTP/1.1" 200 27
116.224.253.72 - - [16/Mar/2021:08:54:09 +0800] "GET /xingrg/javascript/easyui/themes/default/validatebox.css HTTP/1.1" 404 1104
116.224.253.72 - - [16/Mar/2021:08:54:09 +0800] "POST /xingrg/kc/buy/cgsh_order_operate.html HTTP/1.1" 200 606
114.88.166.193 - - [16/Mar/2021:08:54:09 +0800] "POST /xingrg/kc/buy/cgsh_order_operate.html HTTP/1.1" 200 2065
101.228.165.174 - - [16/Mar/2021:08:54:09 +0800] "GET /xingrg/check_reg.html?_=1615856053614 HTTP/1.1" 200 22
116.224.253.72 - - [16/Mar/2021:08:54:10 +0800] "GET /xingrg/kc/print/load_config.html?kc_code=cgsh HTTP/1.1" 200 1845
116.224.253.72 - - [16/Mar/2021:08:54:11 +0800] "GET /xingrg/kc/print/load_data.html?order_code=212021031606733&kc_code=cgsh&condition= HTTP/1.1" 200 759
114.88.166.193 - - [16/Mar/2021:08:54:14 +0800] "GET /xingrg/kc/buy/cgsh_order_operate.html?command=get_materiel&rest_code=00111&code=00101008213&supplier_code=00100005&order_time=2021-03-16 HTTP/1.1" 200 412
116.224.253.72 - - [16/Mar/2021:08:54:16 +0800] "POST /xingrg/all/user/operate.html HTTP/1.1" 200 36
116.224.253.72 - - [16/Mar/2021:08:54:16 +0800] "GET /xingrg/index.html?sysBaseUrl=http%3A%2F%2F180.169.147.146%3A18081%2Fxingrg%2F&costTime=40×tamp=1615800782291 HTTP/1.1" 200 17177
116.224.253.72 - - [16/Mar/2021:08:54:16 +0800] "GET /xingrg/javascript/jquery_easy_ui/themes/default/easyui.css HTTP/1.1" 304 -
116.224.253.72 - - [16/Mar/2021:08:54:16 +0800] "GET /xingrg/javascript/jquery_easy_ui/themes/icon.css HTTP/1.1" 304 -
116.224.253.72 - - [16/Mar/2021:08:54:16 +0800] "GET /xingrg/css/form.css HTTP/1.1" 304 -
116.224.253.72 - - [16/Mar/2021:08:54:17 +0800] "GET /xingrg/javascript/jquery-1.4.2.min.js HTTP/1.1" 304 -
116.224.253.72 - - [16/Mar/2021:08:54:17 +0800] "GET /xingrg/javascript/jquery_easy_ui/jquery.easyui.min.js HTTP/1.1" 304 -
61.165.42.208 - - [16/Mar/2021:08:54:17 +0800] "GET /xingrg/all/function/internal_message.html?_=1615856056998&CODE_STATE=getMsg HTTP/1.1" 200 27
116.224.253.72 - - [16/Mar/2021:08:54:17 +0800] "GET /xingrg/javascript/jquery_easy_ui/easyui-lang-zh_CN.js HTTP/1.1" 304 -
116.224.253.72 - - [16/Mar/2021:08:54:17 +0800] "GET /xingrg/javascript/jquery.form.js HTTP/1.1" 304 -
116.224.253.72 - - [16/Mar/2021:08:54:17 +0800] "GET /xingrg/javascript/jquery.utils.js HTTP/1.1" 304 -
116.224.253.72 - - [16/Mar/2021:08:54:17 +0800] "GET /xingrg/javascript/jquery.timers.js HTTP/1.1" 304 -
116.224.253.72 - - [16/Mar/2021:08:54:17 +0800] "GET /xingrg/images/blue/jxLogo.png HTTP/1.1" 304 -
116.224.253.72 - - [16/Mar/2021:08:54:17 +0800] "GET /xingrg/images/blue/navBackgound.jpg HTTP/1.1" 304 -
116.224.253.72 - - [16/Mar/2021:08:54:17 +0800] "GET /xingrg/javascript/jquery_easy_ui/themes/icons/settle_new.png HTTP/1.1" 304 -
116.224.253.72 - - [16/Mar/2021:08:54:17 +0800] "POST /xingrg/all/common/load_tree.html?tree=area_rest_tree_json&manage=1 HTTP/1.1" 200 476
116.224.253.72 - - [16/Mar/2021:08:54:17 +0800] "GET /xingrg/images/blue/pingpu.png HTTP/1.1" 304 -
116.224.253.72 - - [16/Mar/2021:08:54:17 +0800] "GET /xingrg/all/function/internal_message.html?_=1615856055984&CODE_STATE=count HTTP/1.1" 200 11
116.224.253.72 - - [16/Mar/2021:08:54:17 +0800] "GET /xingrg/check_reg.html?_=1615856055985 HTTP/1.1" 200 22
116.224.253.72 - - [16/Mar/2021:08:54:17 +0800] "GET /xingrg/javascript/jquery_easy_ui/themes/default/images/tabs_rightarrow.png HTTP/1.1" 304 -
116.224.253.72 - - [16/Mar/2021:08:54:17 +0800] "GET /xingrg/javascript/jquery_easy_ui/themes/default/images/panel_tool_collapse.gif HTTP/1.1" 304 -
116.224.253.72 - - [16/Mar/2021:08:54:17 +0800] "GET /xingrg/javascript/jquery_easy_ui/themes/default/images/tabs_leftarrow.png HTTP/1.1" 304 -
116.224.253.72 - - [16/Mar/2021:08:54:17 +0800] "POST /xingrg/load_menu.html HTTP/1.1" 200 5138
116.224.253.72 - - [16/Mar/2021:08:54:19 +0800] "GET /xingrg/kc/buy/cgsh_order_list.html HTTP/1.1" 200 46370
116.224.253.72 - - [16/Mar/2021:08:54:21 +0800] "POST /xingrg/kc/buy/cgsh_list_operate.html HTTP/1.1" 200 2049
58.37.230.33 - - [16/Mar/2021:08:54:21 +0800] "GET /xingrg/all/function/internal_message.html?_=1615856073398&CODE_STATE=getMsg HTTP/1.1" 200 27
114.88.166.193 - - [16/Mar/2021:08:54:23 +0800] "GET /xingrg/kc/buy/cgsh_order_operate.html?command=get_materiel&rest_code=00111&code=00101008345&supplier_code=00100005&order_time=2021-03-16 HTTP/1.1" 200 413
116.224.253.72 - - [16/Mar/2021:08:54:23 +0800] "POST /xingrg/kc/buy/cgsh_list_operate.html HTTP/1.1" 200 359
116.224.253.72 - - [16/Mar/2021:08:54:23 +0800] "GET /xingrg/kc/buy/cgsh_order_info.html?code=212021031606732 HTTP/1.1" 200 61755
116.224.253.72 - - [16/Mar/2021:08:54:23 +0800] "GET /xingrg/javascript/easyui/themes/default/validatebox.css HTTP/1.1" 404 1104
116.224.253.72 - - [16/Mar/2021:08:54:24 +0800] "POST /xingrg/kc/buy/cgsh_order_operate.html HTTP/1.1" 200 3878
180.169.147.146 - - [16/Mar/2021:08:54:26 +0800] "GET /xingrg/all/function/internal_message.html?_=1615856064508&CODE_STATE=getMsg HTTP/1.1" 200 27
101.228.165.174 - - [16/Mar/2021:08:54:26 +0800] "GET /xingrg/all/function/internal_message.html?_=1615856070510&CODE_STATE=getMsg HTTP/1.1" 200 27
61.129.6.145 - - [16/Mar/2021:08:54:27 +0800] "GET /xingrg/all/function/internal_message.html?_=1615856013394&CODE_STATE=getMsg HTTP/1.1" 302 -
61.129.6.145 - - [16/Mar/2021:08:54:29 +0800] "GET /xingrg/login.html HTTP/1.1" 200 7641
120.253.135.82 - - [16/Mar/2021:08:54:34 +0800] "GET /xingrg/all/function/internal_message.html?_=1615855845697&CODE_STATE=getMsg HTTP/1.1" 200 27
114.88.166.193 - - [16/Mar/2021:08:54:37 +0800] "GET /xingrg/kc/buy/cgsh_order_operate.html?command=get_materiel&rest_code=00111&code=00101008365&supplier_code=00100005&order_time=2021-03-16 HTTP/1.1" 200 413
180.169.147.146 - - [16/Mar/2021:08:54:40 +0800] "GET /xingrg/check_reg.html?_=1615856083749 HTTP/1.1" 200 22
180.169.147.146 - - [16/Mar/2021:08:54:40 +0800] "GET /xingrg/all/function/internal_message.html?_=1615856083746&CODE_STATE=getMsg HTTP/1.1" 200 27
117.131.5.26 - - [16/Mar/2021:08:54:44 +0800] "GET /xingrg/all/function/internal_message.html?_=1615856153172&CODE_STATE=getMsg HTTP/1.1" 200 27
58.40.7.146 - - [16/Mar/2021:08:54:44 +0800] "GET /xingrg/all/function/internal_message.html?_=1615856083978&CODE_STATE=getMsg HTTP/1.1" 302 -
116.224.253.72 - - [16/Mar/2021:08:54:45 +0800] "POST /xingrg/kc/buy/cgsh_order_operate.html HTTP/1.1" 200 37
116.224.253.72 - - [16/Mar/2021:08:54:45 +0800] "GET /xingrg/all/function/internal_message.html?_=1615856042808&CODE_STATE=getMsg HTTP/1.1" 200 27
116.224.253.72 - - [16/Mar/2021:08:54:47 +0800] "POST /xingrg/kc/buy/cgsh_order_operate.html HTTP/1.1" 200 12
116.224.253.72 - - [16/Mar/2021:08:54:48 +0800] "GET /xingrg/kc/buy/cgsh_order_info.html?code=212021031606732 HTTP/1.1" 200 56648
116.224.253.72 - - [16/Mar/2021:08:54:48 +0800] "GET /xingrg/javascript/easyui/themes/default/validatebox.css HTTP/1.1" 404 1104
116.224.253.72 - - [16/Mar/2021:08:54:49 +0800] "POST /xingrg/kc/buy/cgsh_order_operate.html HTTP/1.1" 200 1828
116.224.253.72 - - [16/Mar/2021:08:54:50 +0800] "GET /xingrg/kc/print/load_data.html?order_code=212021031606732&kc_code=cgsh&condition= HTTP/1.1" 200 1244
114.88.166.193 - - [16/Mar/2021:08:54:54 +0800] "GET /xingrg/kc/buy/cgsh_order_operate.html?command=get_materiel&rest_code=00111&code=00101008242&supplier_code=00100005&order_time=2021-03-16 HTTP/1.1" 200 408
117.131.5.26 - - [16/Mar/2021:08:54:55 +0800] "GET /xingrg/javascript/jquery_tools/images/next.gif HTTP/1.1" 404 1086
58.37.192.63 - - [16/Mar/2021:08:54:55 +0800] "GET /xingrg/javascript/jquery_tools/images/prev.gif HTTP/1.1" 404 1086
222.70.216.222 - - [16/Mar/2021:08:54:57 +0800] "GET /xingrg/all/function/internal_message.html?_=1615856094860&CODE_STATE=getMsg HTTP/1.1" 200 27
61.165.42.208 - - [16/Mar/2021:08:55:04 +0800] "GET /xingrg/all/function/internal_message.html?_=1615856088314&CODE_STATE=getMsg HTTP/1.1" 200 27
114.88.166.193 - - [16/Mar/2021:08:55:04 +0800] "POST /xingrg/kc/buy/cgsh_order_operate.html HTTP/1.1" 200 37
114.88.166.193 - - [16/Mar/2021:08:55:05 +0800] "POST /xingrg/kc/buy/cgsh_order_operate.html HTTP/1.1" 200 18636
180.169.147.146 - - [16/Mar/2021:08:55:07 +0800] "GET /xingrg/all/function/internal_message.html?_=1615856108593&CODE_STATE=getMsg HTTP/1.1" 200 27
114.88.166.193 - - [16/Mar/2021:08:55:08 +0800] "GET /xingrg/all/function/internal_message.html?_=1615856106433&CODE_STATE=getMsg HTTP/1.1" 200 27
117.131.5.26 - - [16/Mar/2021:08:55:13 +0800] "GET /xingrg/javascript/easyui/plugins/jquery.draggable.js HTTP/1.1" 200 6121
58.37.192.63 - - [16/Mar/2021:08:55:13 +0800] "GET /xingrg/css/images/panel_loading.gif HTTP/1.1" 200 1737
117.131.5.26 - - [16/Mar/2021:08:55:13 +0800] "GET /xingrg/javascript/easyui/plugins/jquery.droppable.js HTTP/1.1" 200 1167
58.37.192.63 - - [16/Mar/2021:08:55:14 +0800] "GET /xingrg/javascript/easyui/themes/default/tree.css HTTP/1.1" 404 1090
117.131.5.26 - - [16/Mar/2021:08:55:14 +0800] "GET /xingrg/javascript/easyui/plugins/jquery.tree.js HTTP/1.1" 200 20874
117.131.5.26 - - [16/Mar/2021:08:55:14 +0800] "POST /xingrg/all/common/load_tree.html?tree=supplier_tree_json&manage=1 HTTP/1.1" 200 55684
117.131.5.26 - - [16/Mar/2021:08:55:15 +0800] "GET /xingrg/javascript/easyui/themes/default/images/tree_arrows.gif HTTP/1.1" 200 617
117.131.5.26 - - [16/Mar/2021:08:55:15 +0800] "GET /xingrg/javascript/easyui/themes/default/images/tree_folder_open.gif HTTP/1.1" 200 956
117.131.5.26 - - [16/Mar/2021:08:55:15 +0800] "GET /xingrg/javascript/easyui/themes/default/images/tree_checkbox_0.gif HTTP/1.1" 200 168
117.131.5.26 - - [16/Mar/2021:08:55:15 +0800] "GET /xingrg/javascript/easyui/themes/default/images/tree_folder.gif HTTP/1.1" 200 952
58.37.192.63 - - [16/Mar/2021:08:55:15 +0800] "GET /xingrg/javascript/easyui/themes/default/images/tree_file.gif HTTP/1.1" 200 118
61.165.42.208 - - [16/Mar/2021:08:55:17 +0800] "GET /xingrg/all/function/internal_message.html?_=1615856117001&CODE_STATE=getMsg HTTP/1.1" 200 27
116.224.253.72 - - [16/Mar/2021:08:55:17 +0800] "GET /xingrg/all/function/internal_message.html?_=1615856115995&CODE_STATE=getMsg HTTP/1.1" 200 27
117.131.5.26 - - [16/Mar/2021:08:55:18 +0800] "GET /xingrg/javascript/easyui/themes/default/images/tree_checkbox_1.gif HTTP/1.1" 200 174
117.131.5.26 - - [16/Mar/2021:08:55:18 +0800] "GET /xingrg/javascript/easyui/themes/default/images/tree_checkbox_2.gif HTTP/1.1" 200 181
58.37.230.33 - - [16/Mar/2021:08:55:21 +0800] "GET /xingrg/all/function/internal_message.html?_=1615856133399&CODE_STATE=getMsg HTTP/1.1" 200 27
58.37.192.63 - - [16/Mar/2021:08:55:22 +0800] "POST /xingrg/kc/buy/cgsh_list_operate.html HTTP/1.1" 200 5236
180.169.147.146 - - [16/Mar/2021:08:55:26 +0800] "GET /xingrg/all/function/internal_message.html?_=1615856124532&CODE_STATE=getMsg HTTP/1.1" 200 27
101.228.165.174 - - [16/Mar/2021:08:55:26 +0800] "GET /xingrg/all/function/internal_message.html?_=1615856130522&CODE_STATE=getMsg HTTP/1.1" 200 27
117.131.5.26 - - [16/Mar/2021:08:55:28 +0800] "POST /xingrg/kc/buy/cgsh_list_operate.html HTTP/1.1" 200 279
120.253.135.82 - - [16/Mar/2021:08:55:34 +0800] "GET /xingrg/check_reg.html?_=1615855905466 HTTP/1.1" 200 22
117.131.5.26 - - [16/Mar/2021:08:55:34 +0800] "POST /xingrg/kc/buy/cgsh_list_operate.html HTTP/1.1" 200 198
120.253.135.82 - - [16/Mar/2021:08:55:34 +0800] "GET /xingrg/all/function/internal_message.html?_=1615855905712&CODE_STATE=getMsg HTTP/1.1" 200 27
114.88.166.193 - - [16/Mar/2021:08:55:36 +0800] "GET /xingrg/kc/buy/cgsh_order_add.html HTTP/1.1" 200 62104
114.88.166.193 - - [16/Mar/2021:08:55:37 +0800] "POST /xingrg/kc/buy/cgsh_order_operate.html HTTP/1.1" 200 8245
114.88.166.193 - - [16/Mar/2021:08:55:37 +0800] "GET /xingrg/javascript/easyui/themes/default/validatebox.css HTTP/1.1" 404 1104
117.131.5.26 - - [16/Mar/2021:08:55:40 +0800] "GET /xingrg/kc/buy/cgsh_order_info.html?code=212021021806997 HTTP/1.1" 200 56994
117.131.5.26 - - [16/Mar/2021:08:55:40 +0800] "GET /xingrg/words/20210315102325_words.js HTTP/1.1" 304 -
180.169.147.146 - - [16/Mar/2021:08:55:40 +0800] "GET /xingrg/all/function/internal_message.html?_=1615856143748&CODE_STATE=getMsg HTTP/1.1" 200 27
117.131.5.26 - - [16/Mar/2021:08:55:40 +0800] "GET /xingrg/javascript/easyui/themes/default/validatebox.css HTTP/1.1" 404 1104
58.37.192.63 - - [16/Mar/2021:08:55:41 +0800] "POST /xingrg/kc/buy/cgsh_order_operate.html HTTP/1.1" 200 605
117.131.5.26 - - [16/Mar/2021:08:55:44 +0800] "GET /xingrg/all/function/internal_message.html?_=1615856213191&CODE_STATE=getMsg HTTP/1.1" 200 27
58.40.7.146 - - [16/Mar/2021:08:55:44 +0800] "GET /xingrg/all/function/internal_message.html?_=1615856143981&CODE_STATE=getMsg HTTP/1.1" 302 -
58.40.7.146 - - [16/Mar/2021:08:55:44 +0800] "GET /xingrg/check_reg.html?_=1615856143982 HTTP/1.1" 302 -
116.224.253.72 - - [16/Mar/2021:08:55:45 +0800] "GET /xingrg/all/function/internal_message.html?_=1615856102856&CODE_STATE=getMsg HTTP/1.1" 200 27
114.88.166.193 - - [16/Mar/2021:08:55:50 +0800] "GET /xingrg/kc/buy/cgsh_order_operate.html?command=get_materiel&rest_code=00111&code=00101016080&supplier_code=00100037&order_time=2021-03-16 HTTP/1.1" 200 408
222.70.216.222 - - [16/Mar/2021:08:55:57 +0800] "GET /xingrg/all/function/internal_message.html?_=1615856154845&CODE_STATE=getMsg HTTP/1.1" 200 27
61.165.42.208 - - [16/Mar/2021:08:56:04 +0800] "GET /xingrg/all/function/internal_message.html?_=1615856148315&CODE_STATE=getMsg HTTP/1.1" 200 27
117.131.5.26 - - [16/Mar/2021:08:56:05 +0800] "POST /xingrg/kc/buy/cgsh_list_operate.html HTTP/1.1" 200 279
117.131.5.26 - - [16/Mar/2021:08:56:07 +0800] "POST /xingrg/kc/buy/cgsh_list_operate.html HTTP/1.1" 200 279
180.169.147.146 - - [16/Mar/2021:08:56:07 +0800] "GET /xingrg/check_reg.html?_=1615856168594 HTTP/1.1" 200 22
180.169.147.146 - - [16/Mar/2021:08:56:07 +0800] "GET /xingrg/all/function/internal_message.html?_=1615856168599&CODE_STATE=getMsg HTTP/1.1" 200 27
114.88.166.193 - - [16/Mar/2021:08:56:09 +0800] "GET /xingrg/all/function/internal_message.html?_=1615856166442&CODE_STATE=getMsg HTTP/1.1" 200 27
58.37.192.63 - - [16/Mar/2021:08:56:09 +0800] "POST /xingrg/kc/buy/cgsh_list_operate.html HTTP/1.1" 200 279
117.131.5.26 - - [16/Mar/2021:08:56:12 +0800] "POST /xingrg/kc/buy/cgsh_list_operate.html HTTP/1.1" 200 279
114.88.166.193 - - [16/Mar/2021:08:56:13 +0800] "GET /xingrg/kc/buy/cgsh_order_operate.html?command=get_materiel&rest_code=00111&code=00101016071&supplier_code=00100037&order_time=2021-03-16 HTTP/1.1" 200 416
117.131.5.26 - - [16/Mar/2021:08:56:14 +0800] "POST /xingrg/kc/buy/cgsh_list_operate.html HTTP/1.1" 200 279
117.131.5.26 - - [16/Mar/2021:08:56:15 +0800] "POST /xingrg/kc/buy/cgsh_list_operate.html HTTP/1.1" 200 283
61.165.42.208 - - [16/Mar/2021:08:56:17 +0800] "GET /xingrg/all/function/internal_message.html?_=1615856177002&CODE_STATE=getMsg HTTP/1.1" 200 27
116.224.253.72 - - [16/Mar/2021:08:56:17 +0800] "GET /xingrg/all/function/internal_message.html?_=1615856176002&CODE_STATE=getMsg HTTP/1.1" 200 27
58.37.192.63 - - [16/Mar/2021:08:56:20 +0800] "POST /xingrg/kc/buy/cgsh_list_operate.html HTTP/1.1" 200 279
58.37.230.33 - - [16/Mar/2021:08:56:21 +0800] "GET /xingrg/all/function/internal_message.html?_=1615856193397&CODE_STATE=getMsg HTTP/1.1" 200 27
58.37.230.33 - - [16/Mar/2021:08:56:21 +0800] "GET /xingrg/check_reg.html?_=1615856193398 HTTP/1.1" 200 22
222.70.216.222 - - [16/Mar/2021:08:56:21 +0800] "GET /xingrg/check_reg.html?_=1615856179131 HTTP/1.1" 200 22
117.131.5.26 - - [16/Mar/2021:08:56:22 +0800] "POST /xingrg/kc/buy/cgsh_list_operate.html HTTP/1.1" 200 583
114.88.166.193 - - [16/Mar/2021:08:56:25 +0800] "GET /xingrg/kc/buy/cgsh_order_operate.html?command=get_materiel&rest_code=00111&code=00101008216&supplier_code=00100037&order_time=2021-03-16 HTTP/1.1" 200 413
61.129.6.174 - - [16/Mar/2021:08:56:25 +0800] "GET /xingrg/all/function/internal_message.html?_=1615856133399&CODE_STATE=getMsg HTTP/1.1" 302 -
180.169.147.146 - - [16/Mar/2021:08:56:26 +0800] "GET /xingrg/all/function/internal_message.html?_=1615856184532&CODE_STATE=getMsg HTTP/1.1" 200 27
180.169.147.146 - - [16/Mar/2021:08:56:26 +0800] "GET /xingrg/check_reg.html?_=1615856184534 HTTP/1.1" 200 22
101.228.165.174 - - [16/Mar/2021:08:56:26 +0800] "GET /xingrg/all/function/internal_message.html?_=1615856190594&CODE_STATE=getMsg HTTP/1.1" 200 27
61.129.6.174 - - [16/Mar/2021:08:56:27 +0800] "GET /xingrg/login.html HTTP/1.1" 200 7641
120.253.135.82 - - [16/Mar/2021:08:56:34 +0800] "GET /xingrg/all/function/internal_message.html?_=1615855965725&CODE_STATE=getMsg HTTP/1.1" 200 27
180.169.147.146 - - [16/Mar/2021:08:56:40 +0800] "GET /xingrg/all/function/internal_message.html?_=1615856203749&CODE_STATE=getMsg HTTP/1.1" 200 27
58.40.7.146 - - [16/Mar/2021:08:56:44 +0800] "GET /xingrg/all/function/internal_message.html?_=1615856203985&CODE_STATE=getMsg HTTP/1.1" 302 -
116.224.253.72 - - [16/Mar/2021:08:56:45 +0800] "GET /xingrg/all/function/internal_message.html?_=1615856162867&CODE_STATE=getMsg HTTP/1.1" 200 27
114.88.166.193 - - [16/Mar/2021:08:56:48 +0800] "GET /xingrg/kc/buy/cgsh_order_operate.html?command=get_materiel&rest_code=00111&code=00101015038&supplier_code=00100037&order_time=2021-03-16 HTTP/1.1" 200 418
114.88.166.193 - - [16/Mar/2021:08:56:56 +0800] "GET /xingrg/check_reg.html?_=1615856213850 HTTP/1.1" 200 22
222.70.216.222 - - [16/Mar/2021:08:56:57 +0800] "GET /xingrg/all/function/internal_message.html?_=1615856214822&CODE_STATE=getMsg HTTP/1.1" 200 27
61.165.42.208 - - [16/Mar/2021:08:57:04 +0800] "GET /xingrg/all/function/internal_message.html?_=1615856208314&CODE_STATE=getMsg HTTP/1.1" 200 27
114.88.166.193 - - [16/Mar/2021:08:57:06 +0800] "GET /xingrg/kc/buy/cgsh_order_operate.html?command=get_materiel&rest_code=00111&code=00101012051&supplier_code=00100037&order_time=2021-03-16 HTTP/1.1" 200 408
180.169.147.146 - - [16/Mar/2021:08:57:07 +0800] "GET /xingrg/all/function/internal_message.html?_=1615856228603&CODE_STATE=getMsg HTTP/1.1" 200 27
114.88.166.193 - - [16/Mar/2021:08:57:09 +0800] "GET /xingrg/all/function/internal_message.html?_=1615856226455&CODE_STATE=getMsg HTTP/1.1" 200 27
61.165.42.208 - - [16/Mar/2021:08:57:17 +0800] "GET /xingrg/all/function/internal_message.html?_=1615856236989&CODE_STATE=getMsg HTTP/1.1" 200 27
116.224.253.72 - - [16/Mar/2021:08:57:17 +0800] "GET /xingrg/all/function/internal_message.html?_=1615856236001&CODE_STATE=getMsg HTTP/1.1" 200 27
114.88.166.193 - - [16/Mar/2021:08:57:20 +0800] "GET /xingrg/kc/buy/cgsh_order_operate.html?command=get_materiel&rest_code=00111&code=00101008161&supplier_code=00100037&order_time=2021-03-16 HTTP/1.1" 200 409
58.37.230.33 - - [16/Mar/2021:08:57:21 +0800] "GET /xingrg/all/function/internal_message.html?_=1615856253399&CODE_STATE=getMsg HTTP/1.1" 200 27
180.169.147.146 - - [16/Mar/2021:08:57:26 +0800] "GET /xingrg/all/function/internal_message.html?_=1615856244533&CODE_STATE=getMsg HTTP/1.1" 200 27
101.228.165.174 - - [16/Mar/2021:08:57:26 +0800] "GET /xingrg/all/function/internal_message.html?_=1615856250596&CODE_STATE=getMsg HTTP/1.1" 200 27
101.91.60.105 - - [16/Mar/2021:08:57:32 +0800] "GET /xingrg/all/function/internal_message.html?_=1615856193397&CODE_STATE=getMsg HTTP/1.1" 302 -
114.88.166.193 - - [16/Mar/2021:08:57:34 +0800] "GET /xingrg/kc/buy/cgsh_order_operate.html?command=get_materiel&rest_code=00111&code=00101007109&supplier_code=00100037&order_time=2021-03-16 HTTP/1.1" 200 408
120.253.135.82 - - [16/Mar/2021:08:57:34 +0800] "GET /xingrg/all/function/internal_message.html?_=1615856025739&CODE_STATE=getMsg HTTP/1.1" 200 27
101.91.60.105 - - [16/Mar/2021:08:57:35 +0800] "GET /xingrg/login.html HTTP/1.1" 200 7641
180.169.147.146 - - [16/Mar/2021:08:57:40 +0800] "GET /xingrg/all/function/internal_message.html?_=1615856263747&CODE_STATE=getMsg HTTP/1.1" 200 27
58.40.7.146 - - [16/Mar/2021:08:57:44 +0800] "GET /xingrg/all/function/internal_message.html?_=1615856263990&CODE_STATE=getMsg HTTP/1.1" 302 -
114.88.166.193 - - [16/Mar/2021:08:57:45 +0800] "GET /xingrg/kc/buy/cgsh_order_operate.html?command=get_materiel&rest_code=00111&code=00101020153&supplier_code=00100037&order_time=2021-03-16 HTTP/1.1" 200 408
116.224.253.72 - - [16/Mar/2021:08:57:45 +0800] "GET /xingrg/check_reg.html?_=1615856222678 HTTP/1.1" 200 22
116.224.253.72 - - [16/Mar/2021:08:57:45 +0800] "GET /xingrg/all/function/internal_message.html?_=1615856222881&CODE_STATE=getMsg HTTP/1.1" 200 27
180.161.117.36 - - [16/Mar/2021:08:57:52 +0800] "GET /xingrg/kc/buy/cgsh_order_list.html HTTP/1.1" 302 -
180.161.117.36 - - [16/Mar/2021:08:57:52 +0800] "GET /xingrg/login.html HTTP/1.1" 200 7641
180.161.117.36 - - [16/Mar/2021:08:57:52 +0800] "GET /xingrg/login.html HTTP/1.1" 200 7641
180.161.117.36 - - [16/Mar/2021:08:57:52 +0800] "GET /xingrg/images/blue/jxLogo.png HTTP/1.1" 304 -
180.161.117.36 - - [16/Mar/2021:08:57:52 +0800] "GET /xingrg/images/blue/login_bg.png HTTP/1.1" 304 -
180.161.117.36 - - [16/Mar/2021:08:57:52 +0800] "GET /xingrg/images/blue/hj.png HTTP/1.1" 304 -
180.161.117.36 - - [16/Mar/2021:08:57:52 +0800] "GET /xingrg/images/blue/srbg.png HTTP/1.1" 304 -
180.161.117.36 - - [16/Mar/2021:08:57:52 +0800] "GET /favicon.ico HTTP/1.1" 404 -
114.88.166.193 - - [16/Mar/2021:08:57:55 +0800] "GET /xingrg/kc/buy/cgsh_order_operate.html?command=get_materiel&rest_code=00111&code=00101016025&supplier_code=00100037&order_time=2021-03-16 HTTP/1.1" 200 408
117.185.32.26 - - [16/Mar/2021:08:57:55 +0800] "GET /xingrg/login.html HTTP/1.1" 200 7641
117.185.32.26 - - [16/Mar/2021:08:57:56 +0800] "GET /xingrg/images/blue/jxLogo.png HTTP/1.1" 304 -
117.185.32.26 - - [16/Mar/2021:08:57:56 +0800] "GET /xingrg/images/blue/login_bg.png HTTP/1.1" 304 -
117.185.32.26 - - [16/Mar/2021:08:57:56 +0800] "GET /xingrg/images/blue/hj.png HTTP/1.1" 304 -
117.185.32.26 - - [16/Mar/2021:08:57:56 +0800] "GET /xingrg/images/blue/srbg.png HTTP/1.1" 304 -
117.185.32.26 - - [16/Mar/2021:08:57:56 +0800] "GET /favicon.ico HTTP/1.1" 404 -
222.70.216.222 - - [16/Mar/2021:08:57:57 +0800] "GET /xingrg/all/function/internal_message.html?_=1615856274791&CODE_STATE=getMsg HTTP/1.1" 200 27
117.185.32.26 - - [16/Mar/2021:08:57:58 +0800] "POST /xingrg/login.do HTTP/1.1" 302 -
117.185.32.26 - - [16/Mar/2021:08:57:58 +0800] "GET /xingrg/index.html?sysBaseUrl=http%3A%2F%2F180.169.147.146%3A18081%2Fxingrg%2F&costTime=39×tamp=1615856278432 HTTP/1.1" 200 17173
117.185.32.26 - - [16/Mar/2021:08:57:58 +0800] "GET /xingrg/css/form.css HTTP/1.1" 304 -
117.185.32.26 - - [16/Mar/2021:08:57:58 +0800] "GET /xingrg/javascript/jquery.form.js HTTP/1.1" 304 -
117.185.32.26 - - [16/Mar/2021:08:57:58 +0800] "GET /xingrg/javascript/jquery.timers.js HTTP/1.1" 304 -
117.185.32.26 - - [16/Mar/2021:08:57:58 +0800] "POST /xingrg/all/common/load_tree.html?tree=area_rest_tree_json&manage=1 HTTP/1.1" 200 342
117.185.32.26 - - [16/Mar/2021:08:57:58 +0800] "GET /xingrg/all/function/internal_message.html?_=1615856786572&CODE_STATE=count HTTP/1.1" 200 11
117.185.32.26 - - [16/Mar/2021:08:57:58 +0800] "GET /xingrg/check_reg.html?_=1615856786575 HTTP/1.1" 200 22
117.185.32.26 - - [16/Mar/2021:08:57:58 +0800] "POST /xingrg/load_menu.html HTTP/1.1" 200 5138
117.185.32.26 - - [16/Mar/2021:08:57:59 +0800] "GET /favicon.ico HTTP/1.1" 404 -
117.185.32.26 - - [16/Mar/2021:08:58:00 +0800] "GET /xingrg/kc/mdqp/qp_main.html HTTP/1.1" 200 10633
117.185.32.26 - - [16/Mar/2021:08:58:00 +0800] "GET /xingrg/javascript/jquery_ui/themes/humanity/humanity.css HTTP/1.1" 304 -
117.185.32.26 - - [16/Mar/2021:08:58:00 +0800] "GET /xingrg/javascript/jquery_ui/jquery-ui.min.js HTTP/1.1" 304 -
117.185.32.26 - - [16/Mar/2021:08:58:01 +0800] "GET /xingrg/images/yd/bt.gif HTTP/1.1" 404 1040
117.185.32.26 - - [16/Mar/2021:08:58:02 +0800] "GET /xingrg/kc/mdqp/qqps_order_list.html HTTP/1.1" 200 9222
117.185.32.26 - - [16/Mar/2021:08:58:02 +0800] "GET /xingrg/dwr/util.js HTTP/1.1" 304 -
117.185.32.26 - - [16/Mar/2021:08:58:02 +0800] "GET /xingrg/dwr/interface/AjaxQqpsService.js HTTP/1.1" 200 16326
117.185.32.26 - - [16/Mar/2021:08:58:02 +0800] "GET /xingrg/dwr/interface/AjaxReportQueryService.js HTTP/1.1" 200 13203
117.185.32.26 - - [16/Mar/2021:08:58:02 +0800] "GET /xingrg/dwr/engine.js HTTP/1.1" 200 43631
114.88.166.193 - - [16/Mar/2021:08:58:03 +0800] "GET /xingrg/kc/buy/cgsh_order_operate.html?command=get_materiel&rest_code=00111&code=00101006177&supplier_code=00100037&order_time=2021-03-16 HTTP/1.1" 200 409
180.161.117.36 - - [16/Mar/2021:08:58:03 +0800] "POST /xingrg/login.do HTTP/1.1" 302 -
180.161.117.36 - - [16/Mar/2021:08:58:03 +0800] "GET /xingrg/javascript/jquery_easy_ui/themes/default/easyui.css HTTP/1.1" 304 -
180.161.117.36 - - [16/Mar/2021:08:58:03 +0800] "GET /xingrg/index.html?sysBaseUrl=http%3A%2F%2F180.169.147.146%3A18081%2Fxingrg%2F&costTime=39×tamp=1615856283251 HTTP/1.1" 200 17173
180.161.117.36 - - [16/Mar/2021:08:58:03 +0800] "GET /xingrg/css/form.css HTTP/1.1" 304 -
