61.165.42.208 - - [16/Mar/2021:08:23:17 +0800] "POST /xingrg/load_menu.html HTTP/1.1" 200 5138
61.151.178.164 - - [16/Mar/2021:08:23:20 +0800] "GET /xingrg/all/function/internal_message.html?_=1615854153322&CODE_STATE=getMsg HTTP/1.1" 302 -
58.37.230.33 - - [16/Mar/2021:08:23:21 +0800] "GET /xingrg/all/function/internal_message.html?_=1615854213326&CODE_STATE=getMsg HTTP/1.1" 200 27
61.151.178.164 - - [16/Mar/2021:08:23:22 +0800] "GET /xingrg/login.html HTTP/1.1" 200 7641
101.228.165.174 - - [16/Mar/2021:08:23:25 +0800] "GET /xingrg/all/function/internal_message.html?_=1615854209406&CODE_STATE=getMsg HTTP/1.1" 200 27
180.169.147.146 - - [16/Mar/2021:08:23:26 +0800] "GET /xingrg/all/function/internal_message.html?_=1615854204368&CODE_STATE=getMsg HTTP/1.1" 200 27
61.165.42.208 - - [16/Mar/2021:08:23:28 +0800] "GET /xingrg/kc/buy/cgsh_order_list.html HTTP/1.1" 200 46366
61.165.42.208 - - [16/Mar/2021:08:23:29 +0800] "POST /xingrg/kc/buy/cgsh_list_operate.html HTTP/1.1" 200 876
61.165.42.208 - - [16/Mar/2021:08:23:30 +0800] "GET /xingrg/kc/buy/cgsh_order_add.html HTTP/1.1" 200 62151
61.165.42.208 - - [16/Mar/2021:08:23:30 +0800] "GET /xingrg/words/20210315102325_words.js HTTP/1.1" 304 -
61.165.42.208 - - [16/Mar/2021:08:23:30 +0800] "GET /xingrg/all/common/auto_word.html?type=employee&rest_code=00105 HTTP/1.1" 200 193
61.165.42.208 - - [16/Mar/2021:08:23:30 +0800] "GET /xingrg/all/common/auto_word.html?type=employee&rest_code=00105 HTTP/1.1" 200 193
61.165.42.208 - - [16/Mar/2021:08:23:30 +0800] "GET /xingrg/javascript/easyui/themes/default/validatebox.css HTTP/1.1" 404 1104
61.165.42.208 - - [16/Mar/2021:08:23:30 +0800] "POST /xingrg/kc/buy/cgsh_order_operate.html HTTP/1.1" 200 8245
61.165.42.208 - - [16/Mar/2021:08:23:32 +0800] "GET /xingrg/javascript/auto/indicator.gif HTTP/1.1" 404 1066
180.169.147.146 - - [16/Mar/2021:08:23:40 +0800] "GET /xingrg/all/function/internal_message.html?_=1615854223688&CODE_STATE=getMsg HTTP/1.1" 200 27
114.88.166.193 - - [16/Mar/2021:08:23:43 +0800] "GET /xingrg/all/function/internal_message.html?_=1615854220954&CODE_STATE=getMsg HTTP/1.1" 200 27
58.40.7.146 - - [16/Mar/2021:08:23:44 +0800] "GET /xingrg/all/function/internal_message.html?_=1615854223966&CODE_STATE=getMsg HTTP/1.1" 302 -
222.70.216.222 - - [16/Mar/2021:08:23:58 +0800] "GET /xingrg/all/function/internal_message.html?_=1615854235543&CODE_STATE=getMsg HTTP/1.1" 200 27
101.228.165.174 - - [16/Mar/2021:08:24:09 +0800] "GET /xingrg/check_reg.html?_=1615854253582 HTTP/1.1" 200 22
61.165.42.208 - - [16/Mar/2021:08:24:17 +0800] "GET /xingrg/all/function/internal_message.html?_=1615854256945&CODE_STATE=getMsg HTTP/1.1" 200 27
61.151.178.164 - - [16/Mar/2021:08:24:20 +0800] "GET /xingrg/all/function/internal_message.html?_=1615854213326&CODE_STATE=getMsg HTTP/1.1" 302 -
61.151.178.164 - - [16/Mar/2021:08:24:21 +0800] "GET /xingrg/login.html HTTP/1.1" 200 7641
58.37.230.33 - - [16/Mar/2021:08:24:21 +0800] "GET /xingrg/all/function/internal_message.html?_=1615854273328&CODE_STATE=getMsg HTTP/1.1" 200 27
101.228.165.174 - - [16/Mar/2021:08:24:25 +0800] "GET /xingrg/all/function/internal_message.html?_=1615854269415&CODE_STATE=getMsg HTTP/1.1" 200 27
180.169.147.146 - - [16/Mar/2021:08:24:26 +0800] "GET /xingrg/all/function/internal_message.html?_=1615854264368&CODE_STATE=getMsg HTTP/1.1" 200 27
180.169.147.146 - - [16/Mar/2021:08:24:40 +0800] "GET /xingrg/check_reg.html?_=1615854283690 HTTP/1.1" 200 22
180.169.147.146 - - [16/Mar/2021:08:24:40 +0800] "GET /xingrg/all/function/internal_message.html?_=1615854283689&CODE_STATE=getMsg HTTP/1.1" 200 27
114.88.166.193 - - [16/Mar/2021:08:24:43 +0800] "GET /xingrg/all/function/internal_message.html?_=1615854281111&CODE_STATE=getMsg HTTP/1.1" 200 27
58.40.7.146 - - [16/Mar/2021:08:24:44 +0800] "GET /xingrg/all/function/internal_message.html?_=1615854283953&CODE_STATE=getMsg HTTP/1.1" 302 -
222.70.216.222 - - [16/Mar/2021:08:24:58 +0800] "GET /xingrg/all/function/internal_message.html?_=1615854295530&CODE_STATE=getMsg HTTP/1.1" 200 27
61.165.42.208 - - [16/Mar/2021:08:25:17 +0800] "GET /xingrg/all/function/internal_message.html?_=1615854316941&CODE_STATE=getMsg HTTP/1.1" 200 27
58.37.230.33 - - [16/Mar/2021:08:25:21 +0800] "GET /xingrg/all/function/internal_message.html?_=1615854333331&CODE_STATE=getMsg HTTP/1.1" 200 27
61.165.42.208 - - [16/Mar/2021:08:25:23 +0800] "GET /xingrg/kc/buy/cgsh_order_operate.html?command=get_materiel&rest_code=00105&code=00101002027&supplier_code=00100397&order_time=2021-03-16 HTTP/1.1" 200 413
101.228.165.174 - - [16/Mar/2021:08:25:25 +0800] "GET /xingrg/all/function/internal_message.html?_=1615854329428&CODE_STATE=getMsg HTTP/1.1" 200 27
180.169.147.146 - - [16/Mar/2021:08:25:26 +0800] "GET /xingrg/all/function/internal_message.html?_=1615854324397&CODE_STATE=getMsg HTTP/1.1" 200 27
61.165.42.208 - - [16/Mar/2021:08:25:36 +0800] "POST /xingrg/kc/buy/cgsh_order_operate.html HTTP/1.1" 200 37
61.165.42.208 - - [16/Mar/2021:08:25:39 +0800] "POST /xingrg/kc/buy/cgsh_order_operate.html HTTP/1.1" 200 2660
180.169.147.146 - - [16/Mar/2021:08:25:40 +0800] "GET /xingrg/all/function/internal_message.html?_=1615854343688&CODE_STATE=getMsg HTTP/1.1" 200 27
61.165.42.208 - - [16/Mar/2021:08:25:41 +0800] "GET /xingrg/kc/print/load_config.html?kc_code=cgsh HTTP/1.1" 200 1845
61.165.42.208 - - [16/Mar/2021:08:25:41 +0800] "GET /xingrg/kc/print/load_data.html?order_code=212021031606725&kc_code=cgsh&condition= HTTP/1.1" 200 670
114.88.166.193 - - [16/Mar/2021:08:25:43 +0800] "GET /xingrg/all/function/internal_message.html?_=1615854341121&CODE_STATE=getMsg HTTP/1.1" 200 27
58.40.7.146 - - [16/Mar/2021:08:25:44 +0800] "GET /xingrg/all/function/internal_message.html?_=1615854343954&CODE_STATE=getMsg HTTP/1.1" 302 -
58.40.7.146 - - [16/Mar/2021:08:25:44 +0800] "GET /xingrg/check_reg.html?_=1615854343956 HTTP/1.1" 302 -
61.165.42.208 - - [16/Mar/2021:08:25:53 +0800] "GET /xingrg/kc/buy/cgsh_order_add.html HTTP/1.1" 200 62151
61.165.42.208 - - [16/Mar/2021:08:25:54 +0800] "POST /xingrg/kc/buy/cgsh_order_operate.html HTTP/1.1" 200 8245
61.165.42.208 - - [16/Mar/2021:08:25:54 +0800] "GET /xingrg/javascript/easyui/themes/default/validatebox.css HTTP/1.1" 404 1104
222.70.216.222 - - [16/Mar/2021:08:25:58 +0800] "GET /xingrg/all/function/internal_message.html?_=1615854355515&CODE_STATE=getMsg HTTP/1.1" 200 27
61.165.42.208 - - [16/Mar/2021:08:26:17 +0800] "GET /xingrg/all/function/internal_message.html?_=1615854376945&CODE_STATE=getMsg HTTP/1.1" 200 27
61.151.207.141 - - [16/Mar/2021:08:26:20 +0800] "GET /xingrg/all/function/internal_message.html?_=1615854333331&CODE_STATE=getMsg HTTP/1.1" 302 -
58.37.230.33 - - [16/Mar/2021:08:26:21 +0800] "GET /xingrg/all/function/internal_message.html?_=1615854393334&CODE_STATE=getMsg HTTP/1.1" 200 27
58.37.230.33 - - [16/Mar/2021:08:26:21 +0800] "GET /xingrg/check_reg.html?_=1615854393335 HTTP/1.1" 200 22
222.70.216.222 - - [16/Mar/2021:08:26:21 +0800] "GET /xingrg/check_reg.html?_=1615854379266 HTTP/1.1" 200 22
61.151.207.141 - - [16/Mar/2021:08:26:22 +0800] "GET /xingrg/login.html HTTP/1.1" 200 7641
101.228.165.174 - - [16/Mar/2021:08:26:25 +0800] "GET /xingrg/all/function/internal_message.html?_=1615854389512&CODE_STATE=getMsg HTTP/1.1" 200 27
180.169.147.146 - - [16/Mar/2021:08:26:26 +0800] "GET /xingrg/all/function/internal_message.html?_=1615854384395&CODE_STATE=getMsg HTTP/1.1" 200 27
180.169.147.146 - - [16/Mar/2021:08:26:26 +0800] "GET /xingrg/check_reg.html?_=1615854384396 HTTP/1.1" 200 22
61.165.42.208 - - [16/Mar/2021:08:26:37 +0800] "GET /xingrg/kc/buy/cgsh_order_operate.html?command=get_materiel&rest_code=00105&code=00101008256&supplier_code=00100203&order_time=2021-03-16 HTTP/1.1" 200 412
180.169.147.146 - - [16/Mar/2021:08:26:40 +0800] "GET /xingrg/all/function/internal_message.html?_=1615854403701&CODE_STATE=getMsg HTTP/1.1" 200 27
114.88.166.193 - - [16/Mar/2021:08:26:43 +0800] "GET /xingrg/all/function/internal_message.html?_=1615854401282&CODE_STATE=getMsg HTTP/1.1" 200 27
58.40.7.146 - - [16/Mar/2021:08:26:44 +0800] "GET /xingrg/all/function/internal_message.html?_=1615854403958&CODE_STATE=getMsg HTTP/1.1" 302 -
61.165.42.208 - - [16/Mar/2021:08:26:53 +0800] "GET /xingrg/kc/buy/cgsh_order_operate.html?command=get_materiel&rest_code=00105&code=00101008221&supplier_code=00100203&order_time=2021-03-16 HTTP/1.1" 200 412
114.88.166.193 - - [16/Mar/2021:08:26:56 +0800] "GET /xingrg/check_reg.html?_=1615854413681 HTTP/1.1" 200 22
222.70.216.222 - - [16/Mar/2021:08:26:58 +0800] "GET /xingrg/all/function/internal_message.html?_=1615854415489&CODE_STATE=getMsg HTTP/1.1" 200 27
61.165.42.208 - - [16/Mar/2021:08:27:03 +0800] "GET /xingrg/kc/buy/cgsh_order_operate.html?command=get_materiel&rest_code=00105&code=00101008196&supplier_code=00100203&order_time=2021-03-16 HTTP/1.1" 200 416
61.165.42.208 - - [16/Mar/2021:08:27:14 +0800] "GET /xingrg/kc/buy/cgsh_order_operate.html?command=get_materiel&rest_code=00105&code=00101008136&supplier_code=00100203&order_time=2021-03-16 HTTP/1.1" 200 413
180.161.117.36 - - [16/Mar/2021:08:27:16 +0800] "POST /xingrg/services/DataTransmitService HTTP/1.1" 200 524
61.165.42.208 - - [16/Mar/2021:08:27:17 +0800] "GET /xingrg/all/function/internal_message.html?_=1615854436948&CODE_STATE=getMsg HTTP/1.1" 200 27
180.161.117.36 - - [16/Mar/2021:08:27:17 +0800] "GET /xingrg/check_reg.html?_=1615854702575 HTTP/1.1" 302 -
180.161.117.36 - - [16/Mar/2021:08:27:18 +0800] "POST /xingrg/services/DataTransmitService HTTP/1.1" 200 501
180.161.117.36 - - [16/Mar/2021:08:27:19 +0800] "POST /xingrg/services/DataTransmitService HTTP/1.1" 200 501
180.161.117.36 - - [16/Mar/2021:08:27:19 +0800] "POST /xingrg/services/DataTransmitService HTTP/1.1" 200 501
180.161.117.36 - - [16/Mar/2021:08:27:20 +0800] "POST /xingrg/services/DataTransmitService HTTP/1.1" 200 501
180.161.117.36 - - [16/Mar/2021:08:27:20 +0800] "POST /xingrg/services/DataTransmitService HTTP/1.1" 200 501
180.161.117.36 - - [16/Mar/2021:08:27:20 +0800] "POST /xingrg/services/DataTransmitService HTTP/1.1" 200 501
180.161.117.36 - - [16/Mar/2021:08:27:21 +0800] "POST /xingrg/services/DataTransmitService HTTP/1.1" 200 501
58.37.230.33 - - [16/Mar/2021:08:27:21 +0800] "GET /xingrg/all/function/internal_message.html?_=1615854453333&CODE_STATE=getMsg HTTP/1.1" 200 27
180.161.117.36 - - [16/Mar/2021:08:27:21 +0800] "POST /xingrg/services/DataTransmitService HTTP/1.1" 200 501
180.161.117.36 - - [16/Mar/2021:08:27:21 +0800] "POST /xingrg/services/DataTransmitService HTTP/1.1" 200 501
180.161.117.36 - - [16/Mar/2021:08:27:22 +0800] "POST /xingrg/services/DataTransmitService HTTP/1.1" 200 412
101.91.60.11 - - [16/Mar/2021:08:27:22 +0800] "GET /xingrg/check_reg.html?_=1615854393335 HTTP/1.1" 302 -
101.91.60.11 - - [16/Mar/2021:08:27:23 +0800] "GET /xingrg/login.html HTTP/1.1" 200 7641
61.165.42.208 - - [16/Mar/2021:08:27:24 +0800] "GET /xingrg/kc/buy/cgsh_order_operate.html?command=get_materiel&rest_code=00105&code=00101008108&supplier_code=00100203&order_time=2021-03-16 HTTP/1.1" 200 412
101.228.165.174 - - [16/Mar/2021:08:27:25 +0800] "GET /xingrg/all/function/internal_message.html?_=1615854449518&CODE_STATE=getMsg HTTP/1.1" 200 27
180.169.147.146 - - [16/Mar/2021:08:27:26 +0800] "GET /xingrg/all/function/internal_message.html?_=1615854444394&CODE_STATE=getMsg HTTP/1.1" 200 27
61.165.42.208 - - [16/Mar/2021:08:27:33 +0800] "GET /xingrg/kc/buy/cgsh_order_operate.html?command=get_materiel&rest_code=00105&code=00101008185&supplier_code=00100203&order_time=2021-03-16 HTTP/1.1" 200 409
180.169.147.146 - - [16/Mar/2021:08:27:40 +0800] "GET /xingrg/all/function/internal_message.html?_=1615854463688&CODE_STATE=getMsg HTTP/1.1" 200 27
61.165.42.208 - - [16/Mar/2021:08:27:42 +0800] "GET /xingrg/kc/buy/cgsh_order_operate.html?command=get_materiel&rest_code=00105&code=00101008125&supplier_code=00100203&order_time=2021-03-16 HTTP/1.1" 200 413
114.88.166.193 - - [16/Mar/2021:08:27:43 +0800] "GET /xingrg/all/function/internal_message.html?_=1615854461431&CODE_STATE=getMsg HTTP/1.1" 200 27
58.40.7.146 - - [16/Mar/2021:08:27:44 +0800] "GET /xingrg/all/function/internal_message.html?_=1615854463962&CODE_STATE=getMsg HTTP/1.1" 302 -
101.228.165.73 - - [16/Mar/2021:08:27:45 +0800] "POST /xingrg/services/DataTransmitService HTTP/1.1" 200 524
222.70.216.222 - - [16/Mar/2021:08:27:58 +0800] "GET /xingrg/all/function/internal_message.html?_=1615854475460&CODE_STATE=getMsg HTTP/1.1" 200 27
61.165.42.208 - - [16/Mar/2021:08:27:58 +0800] "GET /xingrg/kc/buy/cgsh_order_operate.html?command=get_materiel&rest_code=00105&code=00101016122&supplier_code=00100203&order_time=2021-03-16 HTTP/1.1" 200 395
61.165.42.208 - - [16/Mar/2021:08:28:13 +0800] "GET /xingrg/kc/buy/cgsh_order_operate.html?command=get_materiel&rest_code=00105&code=00101008096&supplier_code=00100203&order_time=2021-03-16 HTTP/1.1" 200 413
61.165.42.208 - - [16/Mar/2021:08:28:17 +0800] "GET /xingrg/check_reg.html?_=1615854496991 HTTP/1.1" 200 22
61.165.42.208 - - [16/Mar/2021:08:28:17 +0800] "GET /xingrg/all/function/internal_message.html?_=1615854496993&CODE_STATE=getMsg HTTP/1.1" 200 27
58.37.230.33 - - [16/Mar/2021:08:28:21 +0800] "GET /xingrg/all/function/internal_message.html?_=1615854513334&CODE_STATE=getMsg HTTP/1.1" 200 27
101.228.165.174 - - [16/Mar/2021:08:28:25 +0800] "GET /xingrg/all/function/internal_message.html?_=1615854509617&CODE_STATE=getMsg HTTP/1.1" 200 27
180.169.147.146 - - [16/Mar/2021:08:28:26 +0800] "GET /xingrg/all/function/internal_message.html?_=1615854504392&CODE_STATE=getMsg HTTP/1.1" 200 27
61.165.42.208 - - [16/Mar/2021:08:28:26 +0800] "GET /xingrg/kc/buy/cgsh_order_operate.html?command=get_materiel&rest_code=00105&code=00101008224&supplier_code=00100203&order_time=2021-03-16 HTTP/1.1" 200 416
180.169.147.146 - - [16/Mar/2021:08:28:40 +0800] "GET /xingrg/all/function/internal_message.html?_=1615854523694&CODE_STATE=getMsg HTTP/1.1" 200 27
114.88.166.193 - - [16/Mar/2021:08:28:43 +0800] "GET /xingrg/all/function/internal_message.html?_=1615854521445&CODE_STATE=getMsg HTTP/1.1" 200 27
58.40.7.146 - - [16/Mar/2021:08:28:44 +0800] "GET /xingrg/all/function/internal_message.html?_=1615854523965&CODE_STATE=getMsg HTTP/1.1" 302 -
61.165.42.208 - - [16/Mar/2021:08:28:47 +0800] "GET /xingrg/kc/buy/cgsh_order_operate.html?command=get_materiel&rest_code=00105&code=00101008209&supplier_code=00100203&order_time=2021-03-16 HTTP/1.1" 200 408
222.70.216.222 - - [16/Mar/2021:08:28:58 +0800] "GET /xingrg/all/function/internal_message.html?_=1615854535446&CODE_STATE=getMsg HTTP/1.1" 200 27
61.165.42.208 - - [16/Mar/2021:08:29:06 +0800] "GET /xingrg/kc/buy/cgsh_order_operate.html?command=get_materiel&rest_code=00105&code=00101008333&supplier_code=00100203&order_time=2021-03-16 HTTP/1.1" 200 412
101.228.165.174 - - [16/Mar/2021:08:29:09 +0800] "GET /xingrg/check_reg.html?_=1615854553586 HTTP/1.1" 200 22
61.165.42.208 - - [16/Mar/2021:08:29:17 +0800] "GET /xingrg/all/function/internal_message.html?_=1615854557023&CODE_STATE=getMsg HTTP/1.1" 200 27
61.165.42.208 - - [16/Mar/2021:08:29:18 +0800] "GET /xingrg/kc/buy/cgsh_order_operate.html?command=get_materiel&rest_code=00105&code=00101008212&supplier_code=00100203&order_time=2021-03-16 HTTP/1.1" 200 412
101.227.139.171 - - [16/Mar/2021:08:29:21 +0800] "GET /xingrg/all/function/internal_message.html?_=1615854513334&CODE_STATE=getMsg HTTP/1.1" 302 -
58.37.230.33 - - [16/Mar/2021:08:29:21 +0800] "GET /xingrg/all/function/internal_message.html?_=1615854573337&CODE_STATE=getMsg HTTP/1.1" 200 27
101.227.139.171 - - [16/Mar/2021:08:29:23 +0800] "GET /xingrg/login.html HTTP/1.1" 200 7641
101.228.165.174 - - [16/Mar/2021:08:29:25 +0800] "GET /xingrg/all/function/internal_message.html?_=1615854569624&CODE_STATE=getMsg HTTP/1.1" 200 27
180.169.147.146 - - [16/Mar/2021:08:29:26 +0800] "GET /xingrg/all/function/internal_message.html?_=1615854564391&CODE_STATE=getMsg HTTP/1.1" 200 27
61.165.42.208 - - [16/Mar/2021:08:29:28 +0800] "GET /xingrg/kc/buy/cgsh_order_operate.html?command=get_materiel&rest_code=00105&code=00101008137&supplier_code=00100203&order_time=2021-03-16 HTTP/1.1" 200 408
180.169.147.146 - - [16/Mar/2021:08:29:40 +0800] "GET /xingrg/all/function/internal_message.html?_=1615854583703&CODE_STATE=getMsg HTTP/1.1" 200 27
180.169.147.146 - - [16/Mar/2021:08:29:40 +0800] "GET /xingrg/check_reg.html?_=1615854583706 HTTP/1.1" 200 22
114.88.166.193 - - [16/Mar/2021:08:29:44 +0800] "GET /xingrg/all/function/internal_message.html?_=1615854581614&CODE_STATE=getMsg HTTP/1.1" 200 27
58.40.7.146 - - [16/Mar/2021:08:29:44 +0800] "GET /xingrg/all/function/internal_message.html?_=1615854583967&CODE_STATE=getMsg HTTP/1.1" 302 -
61.165.42.208 - - [16/Mar/2021:08:29:45 +0800] "GET /xingrg/kc/buy/cgsh_order_operate.html?command=get_materiel&rest_code=00105&code=00101008172&supplier_code=00100203&order_time=2021-03-16 HTTP/1.1" 200 412
222.70.216.222 - - [16/Mar/2021:08:29:58 +0800] "GET /xingrg/all/function/internal_message.html?_=1615854595431&CODE_STATE=getMsg HTTP/1.1" 200 27
61.165.42.208 - - [16/Mar/2021:08:30:17 +0800] "GET /xingrg/all/function/internal_message.html?_=1615854617062&CODE_STATE=getMsg HTTP/1.1" 200 27
58.37.230.33 - - [16/Mar/2021:08:30:21 +0800] "GET /xingrg/all/function/internal_message.html?_=1615854633340&CODE_STATE=getMsg HTTP/1.1" 200 27
101.228.165.174 - - [16/Mar/2021:08:30:25 +0800] "GET /xingrg/all/function/internal_message.html?_=1615854629638&CODE_STATE=getMsg HTTP/1.1" 200 27
180.169.147.146 - - [16/Mar/2021:08:30:26 +0800] "GET /xingrg/all/function/internal_message.html?_=1615854624389&CODE_STATE=getMsg HTTP/1.1" 200 27
61.165.42.208 - - [16/Mar/2021:08:30:31 +0800] "GET /xingrg/kc/buy/cgsh_order_operate.html?command=get_materiel&rest_code=00105&code=00101008032&supplier_code=00100203&order_time=2021-03-16 HTTP/1.1" 200 408
180.169.147.146 - - [16/Mar/2021:08:30:40 +0800] "GET /xingrg/all/function/internal_message.html?_=1615854643698&CODE_STATE=getMsg HTTP/1.1" 200 27
61.165.42.208 - - [16/Mar/2021:08:30:43 +0800] "GET /xingrg/kc/buy/cgsh_order_operate.html?command=get_materiel&rest_code=00105&code=00101008350&supplier_code=00100203&order_time=2021-03-16 HTTP/1.1" 200 408
114.88.166.193 - - [16/Mar/2021:08:30:44 +0800] "GET /xingrg/all/function/internal_message.html?_=1615854641627&CODE_STATE=getMsg HTTP/1.1" 200 27
58.40.7.146 - - [16/Mar/2021:08:30:44 +0800] "GET /xingrg/check_reg.html?_=1615854643972 HTTP/1.1" 302 -
58.40.7.146 - - [16/Mar/2021:08:30:44 +0800] "GET /xingrg/all/function/internal_message.html?_=1615854643974&CODE_STATE=getMsg HTTP/1.1" 302 -
61.165.42.208 - - [16/Mar/2021:08:30:54 +0800] "GET /xingrg/kc/buy/cgsh_order_operate.html?command=get_materiel&rest_code=00105&code=00101008358&supplier_code=00100203&order_time=2021-03-16 HTTP/1.1" 200 412
61.165.42.208 - - [16/Mar/2021:08:30:57 +0800] "POST /xingrg/kc/buy/cgsh_order_operate.html HTTP/1.1" 200 2065
222.70.216.222 - - [16/Mar/2021:08:30:58 +0800] "GET /xingrg/all/function/internal_message.html?_=1615854655418&CODE_STATE=getMsg HTTP/1.1" 200 27
61.165.42.208 - - [16/Mar/2021:08:31:04 +0800] "GET /xingrg/kc/buy/cgsh_order_operate.html?command=get_materiel&rest_code=00105&code=00101008084&supplier_code=00100203&order_time=2021-03-16 HTTP/1.1" 200 412
61.165.42.208 - - [16/Mar/2021:08:31:10 +0800] "GET /xingrg/kc/buy/cgsh_order_operate.html?command=get_materiel&rest_code=00105&code=00101008003&supplier_code=00100203&order_time=2021-03-16 HTTP/1.1" 200 408
61.165.42.208 - - [16/Mar/2021:08:31:17 +0800] "GET /xingrg/all/function/internal_message.html?_=1615854676978&CODE_STATE=getMsg HTTP/1.1" 200 27
61.165.42.208 - - [16/Mar/2021:08:31:17 +0800] "GET /xingrg/kc/buy/cgsh_order_operate.html?command=get_materiel&rest_code=00105&code=00101008126&supplier_code=00100203&order_time=2021-03-16 HTTP/1.1" 200 412
58.37.230.33 - - [16/Mar/2021:08:31:21 +0800] "GET /xingrg/all/function/internal_message.html?_=1615854693342&CODE_STATE=getMsg HTTP/1.1" 200 27
58.37.230.33 - - [16/Mar/2021:08:31:21 +0800] "GET /xingrg/check_reg.html?_=1615854693355 HTTP/1.1" 200 22
222.70.216.222 - - [16/Mar/2021:08:31:21 +0800] "GET /xingrg/check_reg.html?_=1615854679249 HTTP/1.1" 200 22
101.228.165.174 - - [16/Mar/2021:08:31:26 +0800] "GET /xingrg/all/function/internal_message.html?_=1615854689701&CODE_STATE=getMsg HTTP/1.1" 200 27
61.165.42.208 - - [16/Mar/2021:08:31:26 +0800] "GET /xingrg/kc/buy/cgsh_order_operate.html?command=get_materiel&rest_code=00105&code=00101008357&supplier_code=00100203&order_time=2021-03-16 HTTP/1.1" 200 408
180.169.147.146 - - [16/Mar/2021:08:31:26 +0800] "GET /xingrg/all/function/internal_message.html?_=1615854684418&CODE_STATE=getMsg HTTP/1.1" 200 27
180.169.147.146 - - [16/Mar/2021:08:31:26 +0800] "GET /xingrg/check_reg.html?_=1615854684419 HTTP/1.1" 200 22
61.165.42.208 - - [16/Mar/2021:08:31:32 +0800] "GET /xingrg/kc/buy/cgsh_order_operate.html?command=get_materiel&rest_code=00105&code=00101008098&supplier_code=00100203&order_time=2021-03-16 HTTP/1.1" 200 412
61.165.42.208 - - [16/Mar/2021:08:31:35 +0800] "POST /xingrg/kc/buy/cgsh_order_operate.html HTTP/1.1" 200 2065
180.169.147.146 - - [16/Mar/2021:08:31:40 +0800] "GET /xingrg/all/function/internal_message.html?_=1615854703705&CODE_STATE=getMsg HTTP/1.1" 200 27
114.88.166.193 - - [16/Mar/2021:08:31:44 +0800] "GET /xingrg/all/function/internal_message.html?_=1615854701781&CODE_STATE=getMsg HTTP/1.1" 200 27
58.40.7.146 - - [16/Mar/2021:08:31:44 +0800] "GET /xingrg/all/function/internal_message.html?_=1615854703960&CODE_STATE=getMsg HTTP/1.1" 302 -
61.165.42.208 - - [16/Mar/2021:08:31:53 +0800] "GET /xingrg/kc/buy/cgsh_order_operate.html?command=get_materiel&rest_code=00105&code=00101010136&supplier_code=00100203&order_time=2021-03-16 HTTP/1.1" 200 408
114.88.166.193 - - [16/Mar/2021:08:31:56 +0800] "GET /xingrg/check_reg.html?_=1615854713686 HTTP/1.1" 200 22
222.70.216.222 - - [16/Mar/2021:08:31:58 +0800] "GET /xingrg/all/function/internal_message.html?_=1615854715392&CODE_STATE=getMsg HTTP/1.1" 200 27
61.165.42.208 - - [16/Mar/2021:08:32:02 +0800] "GET /xingrg/kc/buy/cgsh_order_operate.html?command=get_materiel&rest_code=00105&code=00101008213&supplier_code=00100203&order_time=2021-03-16 HTTP/1.1" 200 412
61.165.42.208 - - [16/Mar/2021:08:32:13 +0800] "GET /xingrg/kc/buy/cgsh_order_operate.html?command=get_materiel&rest_code=00105&code=00101008166&supplier_code=00100203&order_time=2021-03-16 HTTP/1.1" 200 412
61.165.42.208 - - [16/Mar/2021:08:32:17 +0800] "GET /xingrg/all/function/internal_message.html?_=1615854736950&CODE_STATE=getMsg HTTP/1.1" 200 27
180.161.117.36 - - [16/Mar/2021:08:32:17 +0800] "GET /xingrg/check_reg.html?_=1615855002583 HTTP/1.1" 302 -
58.37.230.33 - - [16/Mar/2021:08:32:21 +0800] "GET /xingrg/all/function/internal_message.html?_=1615854753343&CODE_STATE=getMsg HTTP/1.1" 200 27
101.228.165.174 - - [16/Mar/2021:08:32:26 +0800] "GET /xingrg/all/function/internal_message.html?_=1615854749712&CODE_STATE=getMsg HTTP/1.1" 200 27
180.169.147.146 - - [16/Mar/2021:08:32:26 +0800] "GET /xingrg/all/function/internal_message.html?_=1615854744417&CODE_STATE=getMsg HTTP/1.1" 200 27
61.165.42.208 - - [16/Mar/2021:08:32:27 +0800] "GET /xingrg/index.html?sysBaseUrl=http%3A%2F%2F180.169.147.146%3A18081%2Fxingrg%2F&costTime=32×tamp=1585224308505 HTTP/1.1" 302 -
61.165.42.208 - - [16/Mar/2021:08:32:28 +0800] "GET /xingrg/login.html HTTP/1.1" 200 7641
180.169.147.146 - - [16/Mar/2021:08:32:40 +0800] "GET /xingrg/all/function/internal_message.html?_=1615854763705&CODE_STATE=getMsg HTTP/1.1" 200 27
61.165.42.208 - - [16/Mar/2021:08:32:42 +0800] "GET /favicon.ico HTTP/1.1" 404 -
114.88.166.193 - - [16/Mar/2021:08:32:44 +0800] "GET /xingrg/all/function/internal_message.html?_=1615854761794&CODE_STATE=getMsg HTTP/1.1" 200 27
58.40.7.146 - - [16/Mar/2021:08:32:44 +0800] "GET /xingrg/all/function/internal_message.html?_=1615854763963&CODE_STATE=getMsg HTTP/1.1" 302 -
222.70.216.222 - - [16/Mar/2021:08:32:58 +0800] "GET /xingrg/all/function/internal_message.html?_=1615854775377&CODE_STATE=getMsg HTTP/1.1" 200 27
117.184.7.26 - - [16/Mar/2021:08:33:12 +0800] "GET /xingrg/login.html HTTP/1.1" 200 7641
117.184.7.26 - - [16/Mar/2021:08:33:13 +0800] "GET /xingrg/images/blue/jxLogo.png HTTP/1.1" 200 6156
117.184.7.26 - - [16/Mar/2021:08:33:15 +0800] "GET /xingrg/images/blue/hj.png HTTP/1.1" 200 1014
117.184.7.26 - - [16/Mar/2021:08:33:15 +0800] "GET /xingrg/images/blue/login_bg.png HTTP/1.1" 200 22101
117.184.7.26 - - [16/Mar/2021:08:33:15 +0800] "GET /xingrg/images/blue/srbg.png HTTP/1.1" 200 138
117.184.7.26 - - [16/Mar/2021:08:33:15 +0800] "GET /favicon.ico HTTP/1.1" 404 -
61.165.42.208 - - [16/Mar/2021:08:33:17 +0800] "GET /xingrg/all/function/internal_message.html?_=1615854796958&CODE_STATE=getMsg HTTP/1.1" 200 27
61.165.42.208 - - [16/Mar/2021:08:33:17 +0800] "GET /xingrg/check_reg.html?_=1615854796959 HTTP/1.1" 200 22
58.37.230.33 - - [16/Mar/2021:08:33:21 +0800] "GET /xingrg/all/function/internal_message.html?_=1615854813349&CODE_STATE=getMsg HTTP/1.1" 200 27
101.228.165.174 - - [16/Mar/2021:08:33:26 +0800] "GET /xingrg/all/function/internal_message.html?_=1615854809770&CODE_STATE=getMsg HTTP/1.1" 200 27
180.169.147.146 - - [16/Mar/2021:08:33:26 +0800] "GET /xingrg/all/function/internal_message.html?_=1615854804416&CODE_STATE=getMsg HTTP/1.1" 200 27
180.97.118.219 - - [16/Mar/2021:08:33:36 +0800] "GET /xingrg/all/function/internal_message.html?_=1615854753343&CODE_STATE=getMsg HTTP/1.1" 302 -
180.97.118.219 - - [16/Mar/2021:08:33:38 +0800] "GET /xingrg/login.html HTTP/1.1" 200 7641
180.169.147.146 - - [16/Mar/2021:08:33:40 +0800] "GET /xingrg/all/function/internal_message.html?_=1615854823704&CODE_STATE=getMsg HTTP/1.1" 200 27
114.88.166.193 - - [16/Mar/2021:08:33:44 +0800] "GET /xingrg/all/function/internal_message.html?_=1615854821809&CODE_STATE=getMsg HTTP/1.1" 200 27
58.40.7.146 - - [16/Mar/2021:08:33:44 +0800] "GET /xingrg/all/function/internal_message.html?_=1615854823967&CODE_STATE=getMsg HTTP/1.1" 302 -
222.70.216.222 - - [16/Mar/2021:08:33:58 +0800] "GET /xingrg/all/function/internal_message.html?_=1615854835362&CODE_STATE=getMsg HTTP/1.1" 200 27
61.165.42.208 - - [16/Mar/2021:08:34:03 +0800] "POST /xingrg/login.do HTTP/1.1" 302 -
61.165.42.208 - - [16/Mar/2021:08:34:03 +0800] "GET /xingrg/index.html?sysBaseUrl=http%3A%2F%2F180.169.147.146%3A18081%2Fxingrg%2F&costTime=37×tamp=1615854843214 HTTP/1.1" 200 17173
61.165.42.208 - - [16/Mar/2021:08:34:03 +0800] "GET /favicon.ico HTTP/1.1" 404 -
61.165.42.208 - - [16/Mar/2021:08:34:04 +0800] "POST /xingrg/all/common/load_tree.html?tree=area_rest_tree_json&manage=1 HTTP/1.1" 200 342
61.165.42.208 - - [16/Mar/2021:08:34:04 +0800] "GET /xingrg/all/function/internal_message.html?_=1615854828274&CODE_STATE=count HTTP/1.1" 200 11
61.165.42.208 - - [16/Mar/2021:08:34:04 +0800] "GET /xingrg/check_reg.html?_=1615854828275 HTTP/1.1" 200 22
61.165.42.208 - - [16/Mar/2021:08:34:04 +0800] "POST /xingrg/load_menu.html HTTP/1.1" 200 5138
101.228.165.174 - - [16/Mar/2021:08:34:09 +0800] "GET /xingrg/check_reg.html?_=1615854853601 HTTP/1.1" 200 22
222.70.216.222 - - [16/Mar/2021:08:34:15 +0800] "POST /xingrg/services/DataTransmitService HTTP/1.1" 200 524
61.165.42.208 - - [16/Mar/2021:08:34:17 +0800] "GET /xingrg/all/function/internal_message.html?_=1615854857013&CODE_STATE=getMsg HTTP/1.1" 200 27
116.224.253.72 - - [16/Mar/2021:08:34:18 +0800] "GET /xingrg/check_reg.html?_=1615854857225 HTTP/1.1" 200 22
101.89.239.120 - - [16/Mar/2021:08:34:21 +0800] "GET /xingrg/all/function/internal_message.html?_=1615854813349&CODE_STATE=getMsg HTTP/1.1" 302 -
58.37.230.33 - - [16/Mar/2021:08:34:21 +0800] "GET /xingrg/all/function/internal_message.html?_=1615854873360&CODE_STATE=getMsg HTTP/1.1" 200 27
101.89.239.120 - - [16/Mar/2021:08:34:22 +0800] "GET /xingrg/login.html HTTP/1.1" 200 7641
101.228.165.174 - - [16/Mar/2021:08:34:26 +0800] "GET /xingrg/all/function/internal_message.html?_=1615854869785&CODE_STATE=getMsg HTTP/1.1" 200 27
180.169.147.146 - - [16/Mar/2021:08:34:26 +0800] "GET /xingrg/all/function/internal_message.html?_=1615854864415&CODE_STATE=getMsg HTTP/1.1" 200 27
116.224.253.72 - - [16/Mar/2021:08:34:29 +0800] "GET /xingrg/kc/buy/cgsh_order_list.html HTTP/1.1" 200 46372
116.224.253.72 - - [16/Mar/2021:08:34:30 +0800] "POST /xingrg/kc/buy/cgsh_list_operate.html HTTP/1.1" 200 876
116.224.253.72 - - [16/Mar/2021:08:34:35 +0800] "GET /xingrg/kc/buy/cgsh_order_add.html HTTP/1.1" 200 62028
116.224.253.72 - - [16/Mar/2021:08:34:35 +0800] "GET /xingrg/words/20210315102325_words.js HTTP/1.1" 304 -
116.224.253.72 - - [16/Mar/2021:08:34:35 +0800] "POST /xingrg/kc/buy/cgsh_order_operate.html HTTP/1.1" 200 8245
116.224.253.72 - - [16/Mar/2021:08:34:35 +0800] "GET /xingrg/all/common/auto_word.html?type=employee&rest_code=00150 HTTP/1.1" 200 205
116.224.253.72 - - [16/Mar/2021:08:34:35 +0800] "GET /xingrg/all/common/auto_word.html?type=employee&rest_code=00150 HTTP/1.1" 200 205
116.224.253.72 - - [16/Mar/2021:08:34:35 +0800] "GET /xingrg/javascript/easyui/themes/default/validatebox.css HTTP/1.1" 404 1104
180.169.147.146 - - [16/Mar/2021:08:34:40 +0800] "GET /xingrg/check_reg.html?_=1615854883704 HTTP/1.1" 200 22
180.169.147.146 - - [16/Mar/2021:08:34:40 +0800] "GET /xingrg/all/function/internal_message.html?_=1615854883703&CODE_STATE=getMsg HTTP/1.1" 200 27
116.224.253.72 - - [16/Mar/2021:08:34:42 +0800] "GET /xingrg/javascript/auto/indicator.gif HTTP/1.1" 404 1066
114.88.166.193 - - [16/Mar/2021:08:34:44 +0800] "GET /xingrg/all/function/internal_message.html?_=1615854881968&CODE_STATE=getMsg HTTP/1.1" 200 27
58.40.7.146 - - [16/Mar/2021:08:34:44 +0800] "GET /xingrg/all/function/internal_message.html?_=1615854883969&CODE_STATE=getMsg HTTP/1.1" 302 -
116.224.253.72 - - [16/Mar/2021:08:34:50 +0800] "GET /xingrg/kc/buy/cgsh_order_operate.html?command=get_materiel&rest_code=00150&code=00101008257&supplier_code=00100007&order_time=2021-03-16 HTTP/1.1" 200 416
222.70.216.222 - - [16/Mar/2021:08:34:58 +0800] "GET /xingrg/all/function/internal_message.html?_=1615854895335&CODE_STATE=getMsg HTTP/1.1" 200 27
116.224.253.72 - - [16/Mar/2021:08:34:59 +0800] "GET /xingrg/kc/buy/cgsh_order_operate.html?command=get_materiel&rest_code=00150&code=00101008256&supplier_code=00100007&order_time=2021-03-16 HTTP/1.1" 200 412
61.165.42.208 - - [16/Mar/2021:08:35:04 +0800] "GET /xingrg/all/function/internal_message.html?_=1615854888283&CODE_STATE=getMsg HTTP/1.1" 200 27
116.224.253.72 - - [16/Mar/2021:08:35:04 +0800] "GET /xingrg/kc/buy/cgsh_order_operate.html?command=get_materiel&rest_code=00150&code=00101008261&supplier_code=00100007&order_time=2021-03-16 HTTP/1.1" 200 408
116.224.253.72 - - [16/Mar/2021:08:35:11 +0800] "GET /xingrg/kc/buy/cgsh_order_operate.html?command=get_materiel&rest_code=00150&code=00101008042&supplier_code=00100007&order_time=2021-03-16 HTTP/1.1" 200 416
61.165.42.208 - - [16/Mar/2021:08:35:17 +0800] "GET /xingrg/all/function/internal_message.html?_=1615854916955&CODE_STATE=getMsg HTTP/1.1" 200 27
116.224.253.72 - - [16/Mar/2021:08:35:18 +0800] "GET /xingrg/kc/buy/cgsh_order_operate.html?command=get_materiel&rest_code=00150&code=00101008125&supplier_code=00100007&order_time=2021-03-16 HTTP/1.1" 200 413
58.37.230.33 - - [16/Mar/2021:08:35:21 +0800] "GET /xingrg/all/function/internal_message.html?_=1615854933368&CODE_STATE=getMsg HTTP/1.1" 200 27
116.224.253.72 - - [16/Mar/2021:08:35:23 +0800] "GET /xingrg/kc/buy/cgsh_order_operate.html?command=get_materiel&rest_code=00150&code=00101008337&supplier_code=00100007&order_time=2021-03-16 HTTP/1.1" 200 408
101.228.165.174 - - [16/Mar/2021:08:35:26 +0800] "GET /xingrg/all/function/internal_message.html?_=1615854929803&CODE_STATE=getMsg HTTP/1.1" 200 27
180.169.147.146 - - [16/Mar/2021:08:35:26 +0800] "GET /xingrg/all/function/internal_message.html?_=1615854924414&CODE_STATE=getMsg HTTP/1.1" 200 27
116.224.253.72 - - [16/Mar/2021:08:35:28 +0800] "GET /xingrg/kc/buy/cgsh_order_operate.html?command=get_materiel&rest_code=00150&code=00101008331&supplier_code=00100007&order_time=2021-03-16 HTTP/1.1" 200 416
116.224.253.72 - - [16/Mar/2021:08:35:36 +0800] "GET /xingrg/kc/buy/cgsh_order_operate.html?command=get_materiel&rest_code=00150&code=00101008349&supplier_code=00100007&order_time=2021-03-16 HTTP/1.1" 200 412
180.169.147.146 - - [16/Mar/2021:08:35:40 +0800] "GET /xingrg/all/function/internal_message.html?_=1615854943703&CODE_STATE=getMsg HTTP/1.1" 200 27
61.165.42.208 - - [16/Mar/2021:08:35:42 +0800] "POST /xingrg/kc/buy/cgsh_order_operate.html HTTP/1.1" 200 37
61.165.42.208 - - [16/Mar/2021:08:35:44 +0800] "POST /xingrg/kc/buy/cgsh_order_operate.html HTTP/1.1" 200 18639
114.88.166.193 - - [16/Mar/2021:08:35:44 +0800] "GET /xingrg/all/function/internal_message.html?_=1615854941976&CODE_STATE=getMsg HTTP/1.1" 200 27
58.40.7.146 - - [16/Mar/2021:08:35:44 +0800] "GET /xingrg/all/function/internal_message.html?_=1615854943976&CODE_STATE=getMsg HTTP/1.1" 302 -
58.40.7.146 - - [16/Mar/2021:08:35:44 +0800] "GET /xingrg/check_reg.html?_=1615854943978 HTTP/1.1" 302 -
61.165.42.208 - - [16/Mar/2021:08:35:45 +0800] "GET /xingrg/kc/print/load_data.html?order_code=212021031606726&kc_code=cgsh&condition= HTTP/1.1" 200 6683
116.224.253.72 - - [16/Mar/2021:08:35:46 +0800] "GET /xingrg/kc/buy/cgsh_order_operate.html?command=get_materiel&rest_code=00150&code=00101008010&supplier_code=00100007&order_time=2021-03-16 HTTP/1.1" 200 412
61.165.42.208 - - [16/Mar/2021:08:35:54 +0800] "GET /xingrg/kc/buy/cgsh_order_add.html HTTP/1.1" 200 62151
61.165.42.208 - - [16/Mar/2021:08:35:54 +0800] "GET /xingrg/javascript/easyui/themes/default/validatebox.css HTTP/1.1" 404 1104
61.165.42.208 - - [16/Mar/2021:08:35:54 +0800] "POST /xingrg/kc/buy/cgsh_order_operate.html HTTP/1.1" 200 8245
222.70.216.222 - - [16/Mar/2021:08:35:57 +0800] "GET /xingrg/all/function/internal_message.html?_=1615854955305&CODE_STATE=getMsg HTTP/1.1" 200 27
116.224.253.72 - - [16/Mar/2021:08:36:02 +0800] "GET /xingrg/kc/buy/cgsh_order_operate.html?command=get_materiel&rest_code=00150&code=00101008096&supplier_code=00100007&order_time=2021-03-16 HTTP/1.1" 200 413
61.165.42.208 - - [16/Mar/2021:08:36:04 +0800] "GET /xingrg/all/function/internal_message.html?_=1615854948286&CODE_STATE=getMsg HTTP/1.1" 200 27
61.165.42.208 - - [16/Mar/2021:08:36:04 +0800] "GET /xingrg/kc/buy/cgsh_order_operate.html?command=get_materiel&rest_code=00105&code=00101016100&supplier_code=00100034&order_time=2021-03-16 HTTP/1.1" 200 412
116.224.253.72 - - [16/Mar/2021:08:36:08 +0800] "GET /xingrg/kc/buy/cgsh_order_operate.html?command=get_materiel&rest_code=00150&code=00101008199&supplier_code=00100007&order_time=2021-03-16 HTTP/1.1" 200 408
61.165.42.208 - - [16/Mar/2021:08:36:13 +0800] "POST /xingrg/kc/buy/cgsh_order_operate.html HTTP/1.1" 200 37
61.165.42.208 - - [16/Mar/2021:08:36:14 +0800] "POST /xingrg/kc/buy/cgsh_order_operate.html HTTP/1.1" 200 2655
61.165.42.208 - - [16/Mar/2021:08:36:15 +0800] "GET /xingrg/kc/print/load_data.html?order_code=212021031606727&kc_code=cgsh&condition= HTTP/1.1" 200 704
116.224.253.72 - - [16/Mar/2021:08:36:15 +0800] "GET /xingrg/kc/buy/cgsh_order_operate.html?command=get_materiel&rest_code=00150&code=00101008163&supplier_code=00100007&order_time=2021-03-16 HTTP/1.1" 200 408
61.165.42.208 - - [16/Mar/2021:08:36:17 +0800] "GET /xingrg/all/function/internal_message.html?_=1615854976983&CODE_STATE=getMsg HTTP/1.1" 200 27
116.224.253.72 - - [16/Mar/2021:08:36:18 +0800] "GET /xingrg/login.html HTTP/1.1" 200 7641
116.224.253.72 - - [16/Mar/2021:08:36:19 +0800] "GET /favicon.ico HTTP/1.1" 404 -
116.224.253.72 - - [16/Mar/2021:08:36:20 +0800] "POST /xingrg/login.do HTTP/1.1" 302 -
116.224.253.72 - - [16/Mar/2021:08:36:20 +0800] "GET /xingrg/css/form.css HTTP/1.1" 304 -
116.224.253.72 - - [16/Mar/2021:08:36:20 +0800] "GET /xingrg/javascript/jquery_easy_ui/themes/icon.css HTTP/1.1" 304 -
116.224.253.72 - - [16/Mar/2021:08:36:20 +0800] "GET /xingrg/javascript/jquery_easy_ui/themes/default/easyui.css HTTP/1.1" 304 -
116.224.253.72 - - [16/Mar/2021:08:36:21 +0800] "GET /xingrg/index.html?sysBaseUrl=http%3A%2F%2F180.169.147.146%3A18081%2Fxingrg%2F&costTime=41×tamp=1615854980777 HTTP/1.1" 200 17179
116.224.253.72 - - [16/Mar/2021:08:36:21 +0800] "GET /xingrg/kc/buy/cgsh_order_operate.html?command=get_materiel&rest_code=00150&code=00101008224&supplier_code=00100007&order_time=2021-03-16 HTTP/1.1" 200 416
58.37.230.33 - - [16/Mar/2021:08:36:21 +0800] "GET /xingrg/all/function/internal_message.html?_=1615854993354&CODE_STATE=getMsg HTTP/1.1" 200 27
58.37.230.33 - - [16/Mar/2021:08:36:21 +0800] "GET /xingrg/check_reg.html?_=1615854993355 HTTP/1.1" 200 22
116.224.253.72 - - [16/Mar/2021:08:36:21 +0800] "GET /xingrg/javascript/jquery.utils.js HTTP/1.1" 304 -
116.224.253.72 - - [16/Mar/2021:08:36:21 +0800] "GET /xingrg/javascript/jquery.form.js HTTP/1.1" 304 -
116.224.253.72 - - [16/Mar/2021:08:36:21 +0800] "GET /xingrg/javascript/jquery_easy_ui/jquery.easyui.min.js HTTP/1.1" 304 -
116.224.253.72 - - [16/Mar/2021:08:36:21 +0800] "GET /xingrg/javascript/jquery_easy_ui/easyui-lang-zh_CN.js HTTP/1.1" 304 -
116.224.253.72 - - [16/Mar/2021:08:36:21 +0800] "GET /xingrg/javascript/jquery.timers.js HTTP/1.1" 304 -
116.224.253.72 - - [16/Mar/2021:08:36:21 +0800] "GET /xingrg/javascript/jquery-1.4.2.min.js HTTP/1.1" 304 -
116.224.253.72 - - [16/Mar/2021:08:36:21 +0800] "GET /favicon.ico HTTP/1.1" 404 -
222.70.216.222 - - [16/Mar/2021:08:36:21 +0800] "GET /xingrg/check_reg.html?_=1615854979229 HTTP/1.1" 200 22
116.224.253.72 - - [16/Mar/2021:08:36:22 +0800] "POST /xingrg/all/common/load_tree.html?tree=area_rest_tree_json&manage=1 HTTP/1.1" 200 476
116.224.253.72 - - [16/Mar/2021:08:36:22 +0800] "GET /xingrg/check_reg.html?_=1615854939274 HTTP/1.1" 200 22
116.224.253.72 - - [16/Mar/2021:08:36:22 +0800] "GET /xingrg/all/function/internal_message.html?_=1615854939273&CODE_STATE=count HTTP/1.1" 200 11
116.224.253.72 - - [16/Mar/2021:08:36:22 +0800] "POST /xingrg/load_menu.html HTTP/1.1" 200 5138
116.224.253.72 - - [16/Mar/2021:08:36:25 +0800] "GET /xingrg/css/base.css HTTP/1.1" 304 -
116.224.253.72 - - [16/Mar/2021:08:36:25 +0800] "GET /xingrg/css/site.css HTTP/1.1" 304 -
116.224.253.72 - - [16/Mar/2021:08:36:25 +0800] "GET /xingrg/javascript/jquery_tools/datebox.css HTTP/1.1" 304 -
116.224.253.72 - - [16/Mar/2021:08:36:25 +0800] "GET /xingrg/javascript/jquery_tools/fix.css HTTP/1.1" 304 -
116.224.253.72 - - [16/Mar/2021:08:36:25 +0800] "GET /xingrg/javascript/easyui/themes/default/easyui.css HTTP/1.1" 304 -
116.224.253.72 - - [16/Mar/2021:08:36:25 +0800] "GET /xingrg/javascript/jquery_tools/jquery.tools.extend.js HTTP/1.1" 304 -
116.224.253.72 - - [16/Mar/2021:08:36:25 +0800] "GET /xingrg/javascript/jquery_tools/jquery.tools.min.js HTTP/1.1" 304 -
116.224.253.72 - - [16/Mar/2021:08:36:25 +0800] "GET /xingrg/javascript/jquery_tools/jquery.tools.table.js HTTP/1.1" 304 -
116.224.253.72 - - [16/Mar/2021:08:36:25 +0800] "GET /xingrg/javascript/jquery_tools/list_manager.js HTTP/1.1" 304 -
116.224.253.72 - - [16/Mar/2021:08:36:25 +0800] "GET /xingrg/javascript/jquery_tools/table.css HTTP/1.1" 304 -
116.224.253.72 - - [16/Mar/2021:08:36:25 +0800] "GET /xingrg/javascript/jquery_tools/jquery.tools.hotkey.js HTTP/1.1" 304 -
116.224.253.72 - - [16/Mar/2021:08:36:25 +0800] "GET /xingrg/javascript/easyui/themes/icon.css HTTP/1.1" 304 -
116.224.253.72 - - [16/Mar/2021:08:36:25 +0800] "GET /xingrg/kc/buy/cgsh_order_list.html HTTP/1.1" 200 46372
116.224.253.72 - - [16/Mar/2021:08:36:25 +0800] "GET /xingrg/javascript/auto/jquery.autocomplete.css HTTP/1.1" 304 -
116.224.253.72 - - [16/Mar/2021:08:36:25 +0800] "GET /xingrg/javascript/auto/jquery.autocomplete.js HTTP/1.1" 304 -
116.224.253.72 - - [16/Mar/2021:08:36:25 +0800] "GET /xingrg/javascript/jquery.cookie.js HTTP/1.1" 304 -
116.224.253.72 - - [16/Mar/2021:08:36:25 +0800] "GET /xingrg/javascript/easyui/easyloader.js HTTP/1.1" 304 -
116.224.253.72 - - [16/Mar/2021:08:36:25 +0800] "GET /xingrg/javascript/print/LodopFuncs.js HTTP/1.1" 304 -
116.224.253.72 - - [16/Mar/2021:08:36:25 +0800] "GET /xingrg/javascript/easyui/plugins/jquery.parser.js HTTP/1.1" 304 -
101.228.165.174 - - [16/Mar/2021:08:36:26 +0800] "GET /xingrg/all/function/internal_message.html?_=1615854989877&CODE_STATE=getMsg HTTP/1.1" 200 27
180.169.147.146 - - [16/Mar/2021:08:36:26 +0800] "GET /xingrg/all/function/internal_message.html?_=1615854984413&CODE_STATE=getMsg HTTP/1.1" 200 27
180.169.147.146 - - [16/Mar/2021:08:36:26 +0800] "GET /xingrg/check_reg.html?_=1615854984415 HTTP/1.1" 200 22
116.224.253.72 - - [16/Mar/2021:08:36:26 +0800] "POST /xingrg/kc/buy/cgsh_list_operate.html HTTP/1.1" 200 876
116.224.253.72 - - [16/Mar/2021:08:36:28 +0800] "GET /xingrg/kc/buy/cgsh_order_operate.html?command=get_materiel&rest_code=00150&code=00101008370&supplier_code=00100007&order_time=2021-03-16 HTTP/1.1" 200 412
116.224.253.72 - - [16/Mar/2021:08:36:34 +0800] "GET /xingrg/kc/buy/cgsh_order_operate.html?command=get_materiel&rest_code=00150&code=00101008361&supplier_code=00100007&order_time=2021-03-16 HTTP/1.1" 200 408
116.224.253.72 - - [16/Mar/2021:08:36:37 +0800] "GET /xingrg/javascript/pic_change.js HTTP/1.1" 304 -
116.224.253.72 - - [16/Mar/2021:08:36:37 +0800] "GET /xingrg/javascript/convert.js HTTP/1.1" 304 -
116.224.253.72 - - [16/Mar/2021:08:36:37 +0800] "GET /xingrg/javascript/jquery_tools/order_manager.js HTTP/1.1" 304 -
116.224.253.72 - - [16/Mar/2021:08:36:37 +0800] "GET /xingrg/javascript/json2.js HTTP/1.1" 304 -
116.224.253.72 - - [16/Mar/2021:08:36:37 +0800] "GET /xingrg/javascript/print/kc_print.js HTTP/1.1" 304 -
116.224.253.72 - - [16/Mar/2021:08:36:37 +0800] "GET /xingrg/kc/buy/cgsh_order_add.html HTTP/1.1" 200 62040
116.224.253.72 - - [16/Mar/2021:08:36:37 +0800] "GET /xingrg/words/20210315102325_words.js HTTP/1.1" 304 -
116.224.253.72 - - [16/Mar/2021:08:36:37 +0800] "POST /xingrg/kc/buy/cgsh_order_operate.html HTTP/1.1" 200 8245
116.224.253.72 - - [16/Mar/2021:08:36:37 +0800] "GET /xingrg/all/common/auto_word.html?type=employee&rest_code=00150 HTTP/1.1" 200 205
116.224.253.72 - - [16/Mar/2021:08:36:37 +0800] "GET /xingrg/all/common/auto_word.html?type=employee&rest_code=00150 HTTP/1.1" 200 205
116.224.253.72 - - [16/Mar/2021:08:36:37 +0800] "GET /xingrg/javascript/easyui/plugins/jquery.validatebox.js HTTP/1.1" 304 -
116.224.253.72 - - [16/Mar/2021:08:36:37 +0800] "GET /xingrg/javascript/easyui/themes/default/validatebox.css HTTP/1.1" 404 1104
116.224.253.72 - - [16/Mar/2021:08:36:37 +0800] "GET /xingrg/javascript/easyui/plugins/jquery.numberbox.js HTTP/1.1" 304 -
116.224.253.72 - - [16/Mar/2021:08:36:39 +0800] "GET /xingrg/kc/buy/cgsh_order_operate.html?command=get_materiel&rest_code=00150&code=00101008355&supplier_code=00100007&order_time=2021-03-16 HTTP/1.1" 200 408
116.224.253.72 - - [16/Mar/2021:08:36:39 +0800] "GET /xingrg/javascript/auto/indicator.gif HTTP/1.1" 404 1066
180.169.147.146 - - [16/Mar/2021:08:36:40 +0800] "GET /xingrg/all/function/internal_message.html?_=1615855003703&CODE_STATE=getMsg HTTP/1.1" 200 27
114.88.166.193 - - [16/Mar/2021:08:36:44 +0800] "GET /xingrg/all/function/internal_message.html?_=1615855002133&CODE_STATE=getMsg HTTP/1.1" 200 27
58.40.7.146 - - [16/Mar/2021:08:36:44 +0800] "GET /xingrg/all/function/internal_message.html?_=1615855003965&CODE_STATE=getMsg HTTP/1.1" 302 -
116.224.253.72 - - [16/Mar/2021:08:36:46 +0800] "GET /xingrg/kc/buy/cgsh_order_operate.html?command=get_materiel&rest_code=00150&code=00101008024&supplier_code=00100007&order_time=2021-03-16 HTTP/1.1" 200 408
116.224.253.72 - - [16/Mar/2021:08:36:52 +0800] "GET /xingrg/kc/buy/cgsh_order_operate.html?command=get_materiel&rest_code=00150&code=00101001160&supplier_code=00100096&order_time=2021-03-16 HTTP/1.1" 200 408
116.224.253.72 - - [16/Mar/2021:08:36:53 +0800] "GET /xingrg/kc/buy/cgsh_order_operate.html?command=get_materiel&rest_code=00150&code=00101008356&supplier_code=00100007&order_time=2021-03-16 HTTP/1.1" 200 408
114.88.166.193 - - [16/Mar/2021:08:36:56 +0800] "GET /xingrg/check_reg.html?_=1615855013834 HTTP/1.1" 200 22
222.70.216.222 - - [16/Mar/2021:08:36:57 +0800] "GET /xingrg/all/function/internal_message.html?_=1615855015277&CODE_STATE=getMsg HTTP/1.1" 200 27
116.224.253.72 - - [16/Mar/2021:08:37:01 +0800] "GET /xingrg/kc/buy/cgsh_order_operate.html?command=get_materiel&rest_code=00150&code=00101008300&supplier_code=00100007&order_time=2021-03-16 HTTP/1.1" 200 412
61.165.42.208 - - [16/Mar/2021:08:37:04 +0800] "GET /xingrg/all/function/internal_message.html?_=1615855008283&CODE_STATE=getMsg HTTP/1.1" 200 27
116.224.253.72 - - [16/Mar/2021:08:37:06 +0800] "GET /xingrg/kc/buy/cgsh_order_operate.html?command=get_materiel&rest_code=00150&code=00101006065&supplier_code=00100096&order_time=2021-03-16 HTTP/1.1" 200 411
116.224.253.72 - - [16/Mar/2021:08:37:08 +0800] "GET /xingrg/kc/buy/cgsh_order_operate.html?command=get_materiel&rest_code=00150&code=00101008439&supplier_code=00100007&order_time=2021-03-16 HTTP/1.1" 200 399
116.224.253.72 - - [16/Mar/2021:08:37:12 +0800] "POST /xingrg/kc/buy/cgsh_order_operate.html HTTP/1.1" 200 2065
61.165.42.208 - - [16/Mar/2021:08:37:17 +0800] "GET /xingrg/all/function/internal_message.html?_=1615855036968&CODE_STATE=getMsg HTTP/1.1" 200 27
116.224.253.72 - - [16/Mar/2021:08:37:18 +0800] "GET /xingrg/kc/buy/cgsh_order_operate.html?command=get_materiel&rest_code=00150&code=00101008137&supplier_code=00100007&order_time=2021-03-16 HTTP/1.1" 200 408
116.224.253.72 - - [16/Mar/2021:08:37:19 +0800] "GET /xingrg/kc/buy/cgsh_order_operate.html?command=get_materiel&rest_code=00150&code=00101006184&supplier_code=00100096&order_time=2021-03-16 HTTP/1.1" 200 408
101.89.239.230 - - [16/Mar/2021:08:37:20 +0800] "GET /xingrg/check_reg.html?_=1615854993355 HTTP/1.1" 302 -
58.37.230.33 - - [16/Mar/2021:08:37:21 +0800] "GET /xingrg/all/function/internal_message.html?_=1615855053354&CODE_STATE=getMsg HTTP/1.1" 200 27
61.151.207.141 - - [16/Mar/2021:08:37:22 +0800] "GET /xingrg/all/function/internal_message.html?_=1615854993354&CODE_STATE=getMsg HTTP/1.1" 302 -
116.224.253.72 - - [16/Mar/2021:08:37:22 +0800] "GET /xingrg/all/function/internal_message.html?_=1615854999286&CODE_STATE=getMsg HTTP/1.1" 200 27
101.89.239.230 - - [16/Mar/2021:08:37:22 +0800] "GET /xingrg/login.html HTTP/1.1" 200 7641
61.151.207.141 - - [16/Mar/2021:08:37:23 +0800] "GET /xingrg/login.html HTTP/1.1" 200 7641
116.224.253.72 - - [16/Mar/2021:08:37:24 +0800] "GET /xingrg/kc/buy/cgsh_order_operate.html?command=get_materiel&rest_code=00150&code=00101008270&supplier_code=00100007&order_time=2021-03-16 HTTP/1.1" 200 412
101.228.165.174 - - [16/Mar/2021:08:37:26 +0800] "GET /xingrg/all/function/internal_message.html?_=1615855049888&CODE_STATE=getMsg HTTP/1.1" 200 27
180.169.147.146 - - [16/Mar/2021:08:37:26 +0800] "GET /xingrg/all/function/internal_message.html?_=1615855044444&CODE_STATE=getMsg HTTP/1.1" 200 27
116.224.253.72 - - [16/Mar/2021:08:37:29 +0800] "GET /xingrg/kc/buy/cgsh_order_operate.html?command=get_materiel&rest_code=00150&code=00101008357&supplier_code=00100007&order_time=2021-03-16 HTTP/1.1" 200 408
116.224.253.72 - - [16/Mar/2021:08:37:30 +0800] "GET /xingrg/kc/buy/cgsh_order_operate.html?command=get_materiel&rest_code=00150&code=00101006055&supplier_code=00100096&order_time=2021-03-16 HTTP/1.1" 200 409
116.224.253.72 - - [16/Mar/2021:08:37:34 +0800] "GET /xingrg/kc/buy/cgsh_order_operate.html?command=get_materiel&rest_code=00150&code=00101008286&supplier_code=00100007&order_time=2021-03-16 HTTP/1.1" 200 408
180.169.147.146 - - [16/Mar/2021:08:37:40 +0800] "GET /xingrg/all/function/internal_message.html?_=1615855063704&CODE_STATE=getMsg HTTP/1.1" 200 27
116.224.253.72 - - [16/Mar/2021:08:37:41 +0800] "GET /xingrg/kc/buy/cgsh_order_operate.html?command=get_materiel&rest_code=00150&code=00101008296&supplier_code=00100007&order_time=2021-03-16 HTTP/1.1" 200 416
116.224.253.72 - - [16/Mar/2021:08:37:42 +0800] "POST /xingrg/kc/buy/cgsh_order_operate.html HTTP/1.1" 200 2065
114.88.166.193 - - [16/Mar/2021:08:37:44 +0800] "GET /xingrg/all/function/internal_message.html?_=1615855062143&CODE_STATE=getMsg HTTP/1.1" 200 27
58.40.7.146 - - [16/Mar/2021:08:37:44 +0800] "GET /xingrg/all/function/internal_message.html?_=1615855063968&CODE_STATE=getMsg HTTP/1.1" 302 -
116.224.253.72 - - [16/Mar/2021:08:37:47 +0800] "GET /xingrg/kc/buy/cgsh_order_operate.html?command=get_materiel&rest_code=00150&code=00101006111&supplier_code=00100096&order_time=2021-03-16 HTTP/1.1" 200 411
116.224.253.72 - - [16/Mar/2021:08:37:48 +0800] "GET /xingrg/kc/buy/cgsh_order_operate.html?command=get_materiel&rest_code=00150&code=00101008098&supplier_code=00100007&order_time=2021-03-16 HTTP/1.1" 200 412
116.224.253.72 - - [16/Mar/2021:08:37:55 +0800] "GET /xingrg/kc/buy/cgsh_order_operate.html?command=get_materiel&rest_code=00150&code=00101008271&supplier_code=00100007&order_time=2021-03-16 HTTP/1.1" 200 408
222.70.216.222 - - [16/Mar/2021:08:37:57 +0800] "GET /xingrg/all/function/internal_message.html?_=1615855075263&CODE_STATE=getMsg HTTP/1.1" 200 27
116.224.253.72 - - [16/Mar/2021:08:37:58 +0800] "GET /xingrg/kc/buy/cgsh_order_operate.html?command=get_materiel&rest_code=00150&code=00101006112&supplier_code=00100096&order_time=2021-03-16 HTTP/1.1" 200 409
116.224.253.72 - - [16/Mar/2021:08:38:02 +0800] "GET /xingrg/kc/buy/cgsh_order_operate.html?command=get_materiel&rest_code=00150&code=00101008353&supplier_code=00100007&order_time=2021-03-16 HTTP/1.1" 200 408
61.165.42.208 - - [16/Mar/2021:08:38:04 +0800] "GET /xingrg/all/function/internal_message.html?_=1615855068285&CODE_STATE=getMsg HTTP/1.1" 200 27
116.224.253.72 - - [16/Mar/2021:08:38:08 +0800] "GET /xingrg/kc/buy/cgsh_order_operate.html?command=get_materiel&rest_code=00150&code=00101008213&supplier_code=00100007&order_time=2021-03-16 HTTP/1.1" 200 412
