222.69.137.247 - - [15/Mar/2021:09:07:47 +0800] "GET /xingrg/all/function/internal_message.html?_=1615770467806&CODE_STATE=getMsg HTTP/1.1" 200 27
114.88.166.193 - - [15/Mar/2021:09:07:50 +0800] "GET /xingrg/all/function/internal_message.html?_=1615770710417&CODE_STATE=getMsg HTTP/1.1" 302 -
180.169.147.146 - - [15/Mar/2021:09:07:51 +0800] "GET /xingrg/all/function/internal_message.html?_=1615770467231&CODE_STATE=getMsg HTTP/1.1" 200 27
101.228.165.174 - - [15/Mar/2021:09:07:52 +0800] "GET /xingrg/all/function/internal_message.html?_=1615770473089&CODE_STATE=getMsg HTTP/1.1" 302 -
222.69.137.247 - - [15/Mar/2021:09:07:54 +0800] "POST /xingrg/kc/mdqp/pssh_list_operate.html HTTP/1.1" 200 1899
222.69.137.247 - - [15/Mar/2021:09:07:54 +0800] "POST /xingrg/kc/mdqp/pssh_list_operate.html HTTP/1.1" 200 1899
114.88.166.193 - - [15/Mar/2021:09:07:55 +0800] "GET /xingrg/all/function/internal_message.html?_=1615770473907&CODE_STATE=getMsg HTTP/1.1" 200 27
222.70.216.222 - - [15/Mar/2021:09:07:55 +0800] "GET /xingrg/all/function/internal_message.html?_=1615770473584&CODE_STATE=getMsg HTTP/1.1" 200 27
180.169.147.146 - - [15/Mar/2021:09:07:57 +0800] "GET /xingrg/all/function/internal_message.html?_=1615770476655&CODE_STATE=getMsg HTTP/1.1" 302 -
180.169.147.146 - - [15/Mar/2021:09:07:57 +0800] "GET /xingrg/check_reg.html?_=1615770476656 HTTP/1.1" 302 -
222.69.137.247 - - [15/Mar/2021:09:07:57 +0800] "GET /xingrg/kc/buy/cgsh_order_list.html HTTP/1.1" 200 46372
114.86.227.50 - - [15/Mar/2021:09:07:57 +0800] "GET /xingrg/login.html HTTP/1.1" 200 7641
114.86.227.50 - - [15/Mar/2021:09:07:58 +0800] "GET /favicon.ico HTTP/1.1" 404 -
222.69.137.247 - - [15/Mar/2021:09:07:58 +0800] "POST /xingrg/kc/buy/cgsh_list_operate.html HTTP/1.1" 200 876
222.69.137.247 - - [15/Mar/2021:09:07:59 +0800] "GET /xingrg/kc/buy/cgsh_order_add.html HTTP/1.1" 200 62157
222.69.137.247 - - [15/Mar/2021:09:07:59 +0800] "POST /xingrg/kc/buy/cgsh_order_operate.html HTTP/1.1" 200 8245
222.69.137.247 - - [15/Mar/2021:09:07:59 +0800] "GET /xingrg/javascript/easyui/themes/default/validatebox.css HTTP/1.1" 404 1104
114.86.227.50 - - [15/Mar/2021:09:08:05 +0800] "POST /xingrg/login.do HTTP/1.1" 302 -
114.86.227.50 - - [15/Mar/2021:09:08:05 +0800] "GET /xingrg/index.html?sysBaseUrl=http%3A%2F%2F180.169.147.146%3A18081%2Fxingrg%2F&costTime=51×tamp=1615770485916 HTTP/1.1" 200 17173
114.86.227.50 - - [15/Mar/2021:09:08:06 +0800] "GET /favicon.ico HTTP/1.1" 404 -
114.86.227.50 - - [15/Mar/2021:09:08:06 +0800] "POST /xingrg/all/common/load_tree.html?tree=area_rest_tree_json&manage=1 HTTP/1.1" 200 342
114.86.227.50 - - [15/Mar/2021:09:08:06 +0800] "GET /xingrg/all/function/internal_message.html?_=1615770487314&CODE_STATE=count HTTP/1.1" 200 11
114.86.227.50 - - [15/Mar/2021:09:08:06 +0800] "GET /xingrg/check_reg.html?_=1615770487315 HTTP/1.1" 200 22
114.86.227.50 - - [15/Mar/2021:09:08:06 +0800] "POST /xingrg/load_menu.html HTTP/1.1" 200 5138
101.228.165.174 - - [15/Mar/2021:09:08:07 +0800] "POST /xingrg/kc/buy/cgsh_order_operate.html HTTP/1.1" 200 37
222.70.216.222 - - [15/Mar/2021:09:08:10 +0800] "GET /xingrg/check_reg.html?_=1615770488195 HTTP/1.1" 200 22
222.69.137.247 - - [15/Mar/2021:09:08:10 +0800] "GET /xingrg/kc/buy/cgsh_order_operate.html?command=get_materiel&rest_code=00149&code=00101007141&supplier_code=00100205&order_time=2021-03-15 HTTP/1.1" 200 393
120.253.135.82 - - [15/Mar/2021:09:08:12 +0800] "GET /xingrg/all/function/internal_message.html?_=1615770549994&CODE_STATE=getMsg HTTP/1.1" 200 27
101.228.165.174 - - [15/Mar/2021:09:08:17 +0800] "POST /xingrg/kc/buy/cgsh_order_operate.html HTTP/1.1" 200 38106
116.224.253.72 - - [15/Mar/2021:09:08:17 +0800] "GET /xingrg/check_reg.html?_=1615770496679 HTTP/1.1" 200 22
116.224.253.72 - - [15/Mar/2021:09:08:17 +0800] "GET /xingrg/all/function/internal_message.html?_=1615770496684&CODE_STATE=getMsg HTTP/1.1" 200 27
101.228.165.174 - - [15/Mar/2021:09:08:19 +0800] "GET /xingrg/all/function/internal_message.html?_=1615770500363&CODE_STATE=getMsg HTTP/1.1" 200 27
101.228.165.174 - - [15/Mar/2021:09:08:20 +0800] "POST /xingrg/kc/buy/cgsh_list_operate.html HTTP/1.1" 200 2051
101.228.165.174 - - [15/Mar/2021:09:08:22 +0800] "POST /xingrg/kc/buy/cgsh_list_operate.html HTTP/1.1" 200 352
101.228.165.174 - - [15/Mar/2021:09:08:24 +0800] "GET /xingrg/kc/buy/cgsh_order_info.html?code=212021031506276 HTTP/1.1" 200 62119
222.69.137.247 - - [15/Mar/2021:09:08:24 +0800] "GET /xingrg/kc/buy/cgsh_order_operate.html?command=get_materiel&rest_code=00149&code=00101007085&supplier_code=00100205&order_time=2021-03-15 HTTP/1.1" 200 432
101.228.165.174 - - [15/Mar/2021:09:08:24 +0800] "GET /xingrg/javascript/easyui/themes/default/validatebox.css HTTP/1.1" 404 1104
101.228.165.174 - - [15/Mar/2021:09:08:24 +0800] "POST /xingrg/kc/buy/cgsh_order_operate.html HTTP/1.1" 200 3849
58.37.230.33 - - [15/Mar/2021:09:08:25 +0800] "GET /xingrg/all/function/internal_message.html?_=1615770514711&CODE_STATE=getMsg HTTP/1.1" 200 27
58.37.230.33 - - [15/Mar/2021:09:08:25 +0800] "GET /xingrg/check_reg.html?_=1615770514712 HTTP/1.1" 200 22
101.228.165.174 - - [15/Mar/2021:09:08:26 +0800] "GET /xingrg/kc/print/load_config.html?kc_code=cgsh HTTP/1.1" 200 1845
101.228.165.174 - - [15/Mar/2021:09:08:26 +0800] "GET /xingrg/kc/print/load_data.html?order_code=212021031506276&kc_code=cgsh&condition= HTTP/1.1" 200 1189
117.185.32.26 - - [15/Mar/2021:09:08:31 +0800] "GET /xingrg/all/function/internal_message.html?_=1615770529728&CODE_STATE=getMsg HTTP/1.1" 200 27
101.228.165.174 - - [15/Mar/2021:09:08:33 +0800] "POST /xingrg/kc/buy/cgsh_list_operate.html HTTP/1.1" 200 2051
101.228.165.174 - - [15/Mar/2021:09:08:34 +0800] "POST /xingrg/kc/buy/cgsh_list_operate.html HTTP/1.1" 200 558
101.228.165.174 - - [15/Mar/2021:09:08:35 +0800] "GET /xingrg/kc/buy/cgsh_order_info.html?code=212021031506279 HTTP/1.1" 200 62119
101.228.165.174 - - [15/Mar/2021:09:08:35 +0800] "GET /xingrg/javascript/easyui/themes/default/validatebox.css HTTP/1.1" 404 1104
101.228.165.174 - - [15/Mar/2021:09:08:35 +0800] "POST /xingrg/kc/buy/cgsh_order_operate.html HTTP/1.1" 200 38106
114.86.227.50 - - [15/Mar/2021:09:08:35 +0800] "GET /xingrg/kc/buy/buy_main.html HTTP/1.1" 200 12412
114.86.227.50 - - [15/Mar/2021:09:08:35 +0800] "GET /xingrg/css/new_ie.css HTTP/1.1" 404 1036
114.86.227.50 - - [15/Mar/2021:09:08:36 +0800] "GET /xingrg/images/yd/bt.gif HTTP/1.1" 404 1040
114.86.227.50 - - [15/Mar/2021:09:08:36 +0800] "GET /xingrg/kc/buy/cgsh_order_list.html HTTP/1.1" 200 46366
101.228.165.174 - - [15/Mar/2021:09:08:37 +0800] "GET /xingrg/kc/print/load_data.html?order_code=212021031506279&kc_code=cgsh&condition= HTTP/1.1" 200 14093
222.69.137.247 - - [15/Mar/2021:09:08:37 +0800] "GET /xingrg/kc/buy/cgsh_order_operate.html?command=get_materiel&rest_code=00149&code=00101007061&supplier_code=00100205&order_time=2021-03-15 HTTP/1.1" 200 411
114.86.227.50 - - [15/Mar/2021:09:08:37 +0800] "POST /xingrg/kc/buy/cgsh_list_operate.html HTTP/1.1" 200 876
116.224.253.72 - - [15/Mar/2021:09:08:38 +0800] "GET /xingrg/all/function/internal_message.html?_=1615770476681&CODE_STATE=getMsg HTTP/1.1" 200 27
61.165.42.208 - - [15/Mar/2021:09:08:38 +0800] "GET /xingrg/all/function/internal_message.html?_=1615770518686&CODE_STATE=getMsg HTTP/1.1" 200 27
101.228.165.174 - - [15/Mar/2021:09:08:38 +0800] "GET /xingrg/check_reg.html?_=1615770519961 HTTP/1.1" 200 22
114.86.227.50 - - [15/Mar/2021:09:08:39 +0800] "GET /xingrg/kc/buy/cgsh_order_add.html HTTP/1.1" 200 62145
114.86.227.50 - - [15/Mar/2021:09:08:39 +0800] "GET /xingrg/words/20210313152050_words.js HTTP/1.1" 304 -
114.86.227.50 - - [15/Mar/2021:09:08:39 +0800] "GET /xingrg/javascript/easyui/themes/icons/copy_new.png HTTP/1.1" 200 815
114.86.227.50 - - [15/Mar/2021:09:08:39 +0800] "POST /xingrg/kc/buy/cgsh_order_operate.html HTTP/1.1" 200 8245
114.86.227.50 - - [15/Mar/2021:09:08:39 +0800] "GET /xingrg/all/common/auto_word.html?type=employee&rest_code=00109 HTTP/1.1" 200 205
114.86.227.50 - - [15/Mar/2021:09:08:39 +0800] "GET /xingrg/all/common/auto_word.html?type=employee&rest_code=00109 HTTP/1.1" 200 205
114.86.227.50 - - [15/Mar/2021:09:08:39 +0800] "GET /xingrg/javascript/easyui/themes/default/validatebox.css HTTP/1.1" 404 1104
222.70.209.13 - - [15/Mar/2021:09:08:39 +0800] "GET /xingrg/all/function/internal_message.html?_=1615770519123&CODE_STATE=getMsg HTTP/1.1" 302 -
114.86.227.50 - - [15/Mar/2021:09:08:41 +0800] "GET /xingrg/javascript/auto/indicator.gif HTTP/1.1" 404 1066
116.235.216.75 - - [15/Mar/2021:09:08:42 +0800] "GET /xingrg/all/function/internal_message.html?_=1615770521006&CODE_STATE=getMsg HTTP/1.1" 200 27
114.86.227.50 - - [15/Mar/2021:09:08:42 +0800] "GET /xingrg/javascript/jquery_tools/images/next.gif HTTP/1.1" 404 1086
114.86.227.50 - - [15/Mar/2021:09:08:42 +0800] "GET /xingrg/javascript/jquery_tools/images/prev.gif HTTP/1.1" 404 1086
58.40.7.146 - - [15/Mar/2021:09:08:43 +0800] "GET /xingrg/all/function/internal_message.html?_=1615770522895&CODE_STATE=getMsg HTTP/1.1" 302 -
101.228.165.174 - - [15/Mar/2021:09:08:43 +0800] "GET /xingrg/kc/buy/cgsh_order_add.html HTTP/1.1" 200 62110
101.228.165.174 - - [15/Mar/2021:09:08:44 +0800] "GET /xingrg/all/function/internal_message.html?_=1615770525145&CODE_STATE=getMsg HTTP/1.1" 302 -
101.228.165.174 - - [15/Mar/2021:09:08:44 +0800] "POST /xingrg/kc/buy/cgsh_order_operate.html HTTP/1.1" 200 8245
101.228.165.174 - - [15/Mar/2021:09:08:44 +0800] "GET /xingrg/javascript/easyui/themes/default/validatebox.css HTTP/1.1" 404 1104
114.86.227.50 - - [15/Mar/2021:09:08:45 +0800] "GET /favicon.ico HTTP/1.1" 404 -
114.86.227.50 - - [15/Mar/2021:09:08:45 +0800] "GET /favicon.ico HTTP/1.1" 404 -
180.169.147.146 - - [15/Mar/2021:09:08:46 +0800] "GET /xingrg/all/function/internal_message.html?_=1615770527723&CODE_STATE=getMsg HTTP/1.1" 200 27
222.69.137.247 - - [15/Mar/2021:09:08:47 +0800] "GET /xingrg/all/function/internal_message.html?_=1615770527780&CODE_STATE=getMsg HTTP/1.1" 200 27
114.86.227.50 - - [15/Mar/2021:09:08:47 +0800] "GET /xingrg/index.html?sysBaseUrl=http%3A%2F%2F180.169.147.146%3A18081%2Fxingrg%2F&costTime=51×tamp=1615770485916 HTTP/1.1" 200 17173
114.86.227.50 - - [15/Mar/2021:09:08:48 +0800] "POST /xingrg/all/common/load_tree.html?tree=area_rest_tree_json&manage=1 HTTP/1.1" 200 342
114.86.227.50 - - [15/Mar/2021:09:08:48 +0800] "GET /xingrg/all/function/internal_message.html?_=1615770529242&CODE_STATE=count HTTP/1.1" 200 11
114.86.227.50 - - [15/Mar/2021:09:08:48 +0800] "GET /xingrg/check_reg.html?_=1615770529242 HTTP/1.1" 200 22
114.86.227.50 - - [15/Mar/2021:09:08:48 +0800] "GET /favicon.ico HTTP/1.1" 404 -
114.86.227.50 - - [15/Mar/2021:09:08:48 +0800] "POST /xingrg/load_menu.html HTTP/1.1" 200 5138
114.86.227.50 - - [15/Mar/2021:09:08:48 +0800] "GET /xingrg/kc/buy/buy_main.html HTTP/1.1" 200 12412
114.86.227.50 - - [15/Mar/2021:09:08:48 +0800] "GET /xingrg/css/new_ie.css HTTP/1.1" 404 1036
114.86.227.50 - - [15/Mar/2021:09:08:49 +0800] "GET /xingrg/kc/buy/cgsh_order_list.html HTTP/1.1" 200 46366
114.88.166.193 - - [15/Mar/2021:09:08:50 +0800] "GET /xingrg/all/function/internal_message.html?_=1615770770389&CODE_STATE=getMsg HTTP/1.1" 302 -
114.86.227.50 - - [15/Mar/2021:09:08:50 +0800] "POST /xingrg/kc/buy/cgsh_list_operate.html HTTP/1.1" 200 876
180.169.147.146 - - [15/Mar/2021:09:08:51 +0800] "GET /xingrg/all/function/internal_message.html?_=1615770527204&CODE_STATE=getMsg HTTP/1.1" 200 27
114.86.227.50 - - [15/Mar/2021:09:08:51 +0800] "GET /xingrg/kc/buy/cgsh_order_add.html HTTP/1.1" 200 62145
114.86.227.50 - - [15/Mar/2021:09:08:51 +0800] "GET /xingrg/words/20210313152050_words.js HTTP/1.1" 304 -
114.86.227.50 - - [15/Mar/2021:09:08:52 +0800] "POST /xingrg/kc/buy/cgsh_order_operate.html HTTP/1.1" 200 8245
114.86.227.50 - - [15/Mar/2021:09:08:52 +0800] "GET /xingrg/all/common/auto_word.html?type=employee&rest_code=00109 HTTP/1.1" 200 205
114.86.227.50 - - [15/Mar/2021:09:08:52 +0800] "GET /xingrg/all/common/auto_word.html?type=employee&rest_code=00109 HTTP/1.1" 200 205
114.86.227.50 - - [15/Mar/2021:09:08:52 +0800] "GET /xingrg/javascript/easyui/themes/default/validatebox.css HTTP/1.1" 404 1104
101.228.165.174 - - [15/Mar/2021:09:08:52 +0800] "GET /xingrg/all/function/internal_message.html?_=1615770533112&CODE_STATE=getMsg HTTP/1.1" 302 -
114.86.227.50 - - [15/Mar/2021:09:08:54 +0800] "GET /xingrg/javascript/jquery_tools/images/prev.gif HTTP/1.1" 404 1086
114.86.227.50 - - [15/Mar/2021:09:08:54 +0800] "GET /xingrg/javascript/jquery_tools/images/next.gif HTTP/1.1" 404 1086
114.88.166.193 - - [15/Mar/2021:09:08:55 +0800] "GET /xingrg/all/function/internal_message.html?_=1615770533940&CODE_STATE=getMsg HTTP/1.1" 200 27
222.70.216.222 - - [15/Mar/2021:09:08:55 +0800] "GET /xingrg/all/function/internal_message.html?_=1615770533556&CODE_STATE=getMsg HTTP/1.1" 200 27
180.169.147.146 - - [15/Mar/2021:09:08:57 +0800] "GET /xingrg/all/function/internal_message.html?_=1615770536654&CODE_STATE=getMsg HTTP/1.1" 302 -
222.70.209.13 - - [15/Mar/2021:09:08:57 +0800] "GET /xingrg/check_reg.html?_=1615770536904 HTTP/1.1" 302 -
101.228.165.174 - - [15/Mar/2021:09:08:58 +0800] "GET /xingrg/kc/buy/cgsh_order_operate.html?command=get_materiel&rest_code=00146&code=00101012051&supplier_code=00100033&order_time=2021-03-15 HTTP/1.1" 200 408
114.86.227.50 - - [15/Mar/2021:09:08:59 +0800] "GET /xingrg/kc/buy/cgsh_order_operate.html?command=get_materiel&rest_code=00109&code=00101011005&supplier_code=00100046&order_time=2021-03-15 HTTP/1.1" 200 428
101.228.165.174 - - [15/Mar/2021:09:09:07 +0800] "GET /xingrg/check_reg.html?_=1615770548832 HTTP/1.1" 302 -
101.228.165.174 - - [15/Mar/2021:09:09:08 +0800] "GET /xingrg/kc/buy/cgsh_order_operate.html?command=get_materiel&rest_code=00146&code=00101016080&supplier_code=00100033&order_time=2021-03-15 HTTP/1.1" 200 408
222.69.137.247 - - [15/Mar/2021:09:09:09 +0800] "GET /xingrg/kc/buy/cgsh_order_operate.html?command=get_materiel&rest_code=00149&code=00101007077&supplier_code=00100205&order_time=2021-03-15 HTTP/1.1" 200 415
120.253.135.82 - - [15/Mar/2021:09:09:12 +0800] "GET /xingrg/all/function/internal_message.html?_=1615770610013&CODE_STATE=getMsg HTTP/1.1" 200 27
114.86.227.50 - - [15/Mar/2021:09:09:15 +0800] "GET /xingrg/kc/base/base_main.html HTTP/1.1" 200 12142
114.86.227.50 - - [15/Mar/2021:09:09:16 +0800] "GET /xingrg/kc/base/check_order_list.html HTTP/1.1" 200 16464
114.86.227.50 - - [15/Mar/2021:09:09:16 +0800] "POST /xingrg/kc/base/check_list_operate.html HTTP/1.1" 200 3480
116.224.253.72 - - [15/Mar/2021:09:09:17 +0800] "GET /xingrg/all/function/internal_message.html?_=1615770556682&CODE_STATE=getMsg HTTP/1.1" 200 27
101.228.165.174 - - [15/Mar/2021:09:09:17 +0800] "GET /xingrg/kc/buy/cgsh_order_operate.html?command=get_materiel&rest_code=00146&code=00101012025&supplier_code=00100033&order_time=2021-03-15 HTTP/1.1" 200 412
101.228.165.174 - - [15/Mar/2021:09:09:19 +0800] "GET /xingrg/all/function/internal_message.html?_=1615770560376&CODE_STATE=getMsg HTTP/1.1" 200 27
114.86.227.50 - - [15/Mar/2021:09:09:20 +0800] "GET /xingrg/kc/base/check_order_info.html?code=452021031400150 HTTP/1.1" 200 26486
114.86.227.50 - - [15/Mar/2021:09:09:20 +0800] "GET /xingrg/css/table.css HTTP/1.1" 200 3684
114.86.227.50 - - [15/Mar/2021:09:09:20 +0800] "GET /xingrg/dwr/interface/AjaxComOrderService.js HTTP/1.1" 200 18264
114.86.227.50 - - [15/Mar/2021:09:09:20 +0800] "GET /xingrg/dwr/interface/AjaxCheckService.js HTTP/1.1" 200 14003
114.86.227.50 - - [15/Mar/2021:09:09:20 +0800] "GET /xingrg/javascript/AjaxInfoList.js HTTP/1.1" 200 3774
114.86.227.50 - - [15/Mar/2021:09:09:20 +0800] "GET /xingrg/javascript/Calendar.js HTTP/1.1" 200 31561
114.86.227.50 - - [15/Mar/2021:09:09:20 +0800] "GET /xingrg/dwr/engine.js HTTP/1.1" 200 43631
114.86.227.50 - - [15/Mar/2021:09:09:20 +0800] "GET /xingrg/dwr/util.js HTTP/1.1" 200 35990
114.86.227.50 - - [15/Mar/2021:09:09:20 +0800] "GET /xingrg/javascript/jquery_easy_ui/themes/icons/check_new.png HTTP/1.1" 200 3224
114.86.227.50 - - [15/Mar/2021:09:09:20 +0800] "GET /xingrg/javascript/jquery_easy_ui/themes/icons/cance_new.png HTTP/1.1" 200 3986
114.86.227.50 - - [15/Mar/2021:09:09:20 +0800] "GET /xingrg/javascript/jquery_easy_ui/themes/icons/print.png HTTP/1.1" 200 1057
114.86.227.50 - - [15/Mar/2021:09:09:20 +0800] "GET /xingrg/javascript/jquery_easy_ui/themes/icons/back_new.png HTTP/1.1" 200 3414
114.86.227.50 - - [15/Mar/2021:09:09:20 +0800] "GET /xingrg/javascript/jquery_easy_ui/themes/default/images/menu_downarrow.png HTTP/1.1" 200 173
114.86.227.50 - - [15/Mar/2021:09:09:24 +0800] "GET /xingrg/index.html?sysBaseUrl=http%3A%2F%2F180.169.147.146%3A18081%2Fxingrg%2F&costTime=51×tamp=1615770485916 HTTP/1.1" 200 17173
114.86.227.50 - - [15/Mar/2021:09:09:25 +0800] "POST /xingrg/all/common/load_tree.html?tree=area_rest_tree_json&manage=1 HTTP/1.1" 200 342
114.86.227.50 - - [15/Mar/2021:09:09:25 +0800] "GET /xingrg/check_reg.html?_=1615770566407 HTTP/1.1" 200 22
114.86.227.50 - - [15/Mar/2021:09:09:25 +0800] "GET /xingrg/all/function/internal_message.html?_=1615770566407&CODE_STATE=count HTTP/1.1" 200 11
114.86.227.50 - - [15/Mar/2021:09:09:25 +0800] "POST /xingrg/load_menu.html HTTP/1.1" 200 5138
58.37.230.33 - - [15/Mar/2021:09:09:25 +0800] "GET /xingrg/all/function/internal_message.html?_=1615770574710&CODE_STATE=getMsg HTTP/1.1" 200 27
222.69.137.247 - - [15/Mar/2021:09:09:27 +0800] "GET /xingrg/kc/buy/cgsh_order_operate.html?command=get_materiel&rest_code=00149&code=00101007048&supplier_code=00100205&order_time=2021-03-15 HTTP/1.1" 200 408
114.86.227.50 - - [15/Mar/2021:09:09:27 +0800] "GET /xingrg/index.html?sysBaseUrl=http%3A%2F%2F180.169.147.146%3A18081%2Fxingrg%2F&costTime=51×tamp=1615770485916 HTTP/1.1" 200 17173
114.86.227.50 - - [15/Mar/2021:09:09:28 +0800] "POST /xingrg/all/common/load_tree.html?tree=area_rest_tree_json&manage=1 HTTP/1.1" 200 342
114.86.227.50 - - [15/Mar/2021:09:09:28 +0800] "GET /xingrg/all/function/internal_message.html?_=1615770569297&CODE_STATE=count HTTP/1.1" 200 11
114.86.227.50 - - [15/Mar/2021:09:09:28 +0800] "GET /xingrg/check_reg.html?_=1615770569297 HTTP/1.1" 200 22
114.86.227.50 - - [15/Mar/2021:09:09:28 +0800] "POST /xingrg/load_menu.html HTTP/1.1" 200 5138
114.86.227.50 - - [15/Mar/2021:09:09:28 +0800] "GET /xingrg/kc/base/base_main.html HTTP/1.1" 200 12142
114.86.227.50 - - [15/Mar/2021:09:09:29 +0800] "GET /xingrg/kc/base/check_order_list.html HTTP/1.1" 200 16464
114.86.227.50 - - [15/Mar/2021:09:09:29 +0800] "POST /xingrg/kc/base/check_list_operate.html HTTP/1.1" 200 3480
101.228.165.174 - - [15/Mar/2021:09:09:30 +0800] "GET /xingrg/kc/buy/cgsh_order_operate.html?command=get_materiel&rest_code=00146&code=00101016025&supplier_code=00100033&order_time=2021-03-15 HTTP/1.1" 200 408
114.86.227.50 - - [15/Mar/2021:09:09:31 +0800] "GET /xingrg/kc/base/check_order_info.html?code=452021031400150 HTTP/1.1" 200 26486
114.86.227.50 - - [15/Mar/2021:09:09:31 +0800] "GET /xingrg/dwr/util.js HTTP/1.1" 304 -
114.86.227.50 - - [15/Mar/2021:09:09:31 +0800] "GET /xingrg/dwr/interface/AjaxComOrderService.js HTTP/1.1" 200 18264
114.86.227.50 - - [15/Mar/2021:09:09:31 +0800] "GET /xingrg/dwr/interface/AjaxCheckService.js HTTP/1.1" 200 14003
117.185.32.26 - - [15/Mar/2021:09:09:31 +0800] "GET /xingrg/all/function/internal_message.html?_=1615770589704&CODE_STATE=getMsg HTTP/1.1" 200 27
114.86.227.50 - - [15/Mar/2021:09:09:31 +0800] "GET /xingrg/dwr/engine.js HTTP/1.1" 200 43631
114.86.227.50 - - [15/Mar/2021:09:09:31 +0800] "POST /xingrg/dwr/call/plaincall/AjaxCheckService.loadOrderItems.dwr HTTP/1.1" 200 197730
114.86.227.50 - - [15/Mar/2021:09:09:35 +0800] "GET /xingrg/kc/base/check_order_list.html?isBack=1 HTTP/1.1" 200 16464
114.86.227.50 - - [15/Mar/2021:09:09:35 +0800] "POST /xingrg/kc/base/check_list_operate.html HTTP/1.1" 200 3480
116.224.253.72 - - [15/Mar/2021:09:09:37 +0800] "GET /xingrg/check_reg.html?_=1615770536176 HTTP/1.1" 200 22
116.224.253.72 - - [15/Mar/2021:09:09:38 +0800] "GET /xingrg/all/function/internal_message.html?_=1615770536694&CODE_STATE=getMsg HTTP/1.1" 200 27
61.165.42.208 - - [15/Mar/2021:09:09:38 +0800] "GET /xingrg/all/function/internal_message.html?_=1615770578660&CODE_STATE=getMsg HTTP/1.1" 200 27
222.69.137.247 - - [15/Mar/2021:09:09:39 +0800] "POST /xingrg/kc/buy/cgsh_order_operate.html HTTP/1.1" 200 37
222.70.209.13 - - [15/Mar/2021:09:09:39 +0800] "GET /xingrg/all/function/internal_message.html?_=1615770579130&CODE_STATE=getMsg HTTP/1.1" 302 -
114.86.227.50 - - [15/Mar/2021:09:09:39 +0800] "GET /xingrg/kc/base/check_order_info.html?code=452021031400157 HTTP/1.1" 200 26486
114.86.227.50 - - [15/Mar/2021:09:09:39 +0800] "GET /xingrg/dwr/interface/AjaxComOrderService.js HTTP/1.1" 200 18264
114.86.227.50 - - [15/Mar/2021:09:09:39 +0800] "GET /xingrg/dwr/interface/AjaxCheckService.js HTTP/1.1" 200 14003
114.86.227.50 - - [15/Mar/2021:09:09:39 +0800] "GET /xingrg/dwr/engine.js HTTP/1.1" 200 43631
114.86.227.50 - - [15/Mar/2021:09:09:40 +0800] "POST /xingrg/dwr/call/plaincall/AjaxCheckService.loadOrderItems.dwr HTTP/1.1" 200 77503
116.235.216.75 - - [15/Mar/2021:09:09:42 +0800] "GET /xingrg/all/function/internal_message.html?_=1615770580990&CODE_STATE=getMsg HTTP/1.1" 200 27
114.86.227.50 - - [15/Mar/2021:09:09:42 +0800] "GET /xingrg/kc/base/check_order_list.html?isBack=1 HTTP/1.1" 200 16464
114.86.227.50 - - [15/Mar/2021:09:09:42 +0800] "POST /xingrg/kc/base/check_list_operate.html HTTP/1.1" 200 3480
222.69.137.247 - - [15/Mar/2021:09:09:42 +0800] "POST /xingrg/kc/buy/cgsh_order_operate.html HTTP/1.1" 200 12
58.40.7.146 - - [15/Mar/2021:09:09:43 +0800] "GET /xingrg/all/function/internal_message.html?_=1615770582881&CODE_STATE=getMsg HTTP/1.1" 302 -
101.228.165.174 - - [15/Mar/2021:09:09:43 +0800] "GET /xingrg/kc/buy/cgsh_order_operate.html?command=get_materiel&rest_code=00146&code=00101016105&supplier_code=00100033&order_time=2021-03-15 HTTP/1.1" 200 428
101.228.165.174 - - [15/Mar/2021:09:09:44 +0800] "GET /xingrg/all/function/internal_message.html?_=1615770585198&CODE_STATE=getMsg HTTP/1.1" 302 -
222.69.137.247 - - [15/Mar/2021:09:09:44 +0800] "GET /xingrg/kc/buy/cgsh_order_info.html?code=212021031506281 HTTP/1.1" 200 57057
222.69.137.247 - - [15/Mar/2021:09:09:45 +0800] "GET /xingrg/javascript/easyui/themes/default/validatebox.css HTTP/1.1" 404 1104
222.69.137.247 - - [15/Mar/2021:09:09:45 +0800] "POST /xingrg/kc/buy/cgsh_order_operate.html HTTP/1.1" 200 3550
180.169.147.146 - - [15/Mar/2021:09:09:46 +0800] "GET /xingrg/all/function/internal_message.html?_=1615770587724&CODE_STATE=getMsg HTTP/1.1" 200 27
222.69.137.247 - - [15/Mar/2021:09:09:47 +0800] "GET /xingrg/kc/print/load_data.html?order_code=212021031506281&kc_code=cgsh&condition= HTTP/1.1" 200 1805
222.69.137.247 - - [15/Mar/2021:09:09:47 +0800] "GET /xingrg/all/function/internal_message.html?_=1615770587978&CODE_STATE=getMsg HTTP/1.1" 200 27
114.88.166.193 - - [15/Mar/2021:09:09:50 +0800] "GET /xingrg/all/function/internal_message.html?_=1615770830367&CODE_STATE=getMsg HTTP/1.1" 302 -
180.169.147.146 - - [15/Mar/2021:09:09:51 +0800] "GET /xingrg/all/function/internal_message.html?_=1615770587178&CODE_STATE=getMsg HTTP/1.1" 200 27
101.228.165.174 - - [15/Mar/2021:09:09:52 +0800] "GET /xingrg/all/function/internal_message.html?_=1615770593115&CODE_STATE=getMsg HTTP/1.1" 302 -
101.228.165.174 - - [15/Mar/2021:09:09:53 +0800] "GET /xingrg/kc/buy/cgsh_order_operate.html?command=get_materiel&rest_code=00146&code=00101016033&supplier_code=00100033&order_time=2021-03-15 HTTP/1.1" 200 412
114.88.166.193 - - [15/Mar/2021:09:09:55 +0800] "GET /xingrg/all/function/internal_message.html?_=1615770593950&CODE_STATE=getMsg HTTP/1.1" 200 27
222.70.216.222 - - [15/Mar/2021:09:09:55 +0800] "GET /xingrg/all/function/internal_message.html?_=1615770593541&CODE_STATE=getMsg HTTP/1.1" 200 27
180.169.147.146 - - [15/Mar/2021:09:09:57 +0800] "GET /xingrg/all/function/internal_message.html?_=1615770596654&CODE_STATE=getMsg HTTP/1.1" 302 -
101.228.165.174 - - [15/Mar/2021:09:09:59 +0800] "POST /xingrg/kc/buy/cgsh_order_operate.html HTTP/1.1" 200 37
101.228.165.174 - - [15/Mar/2021:09:10:02 +0800] "POST /xingrg/kc/buy/cgsh_order_operate.html HTTP/1.1" 200 5593
101.228.165.174 - - [15/Mar/2021:09:10:04 +0800] "GET /xingrg/kc/print/load_data.html?order_code=212021031506282&kc_code=cgsh&condition= HTTP/1.1" 200 1813
120.253.135.82 - - [15/Mar/2021:09:10:12 +0800] "GET /xingrg/all/function/internal_message.html?_=1615770670024&CODE_STATE=getMsg HTTP/1.1" 200 27
116.224.253.72 - - [15/Mar/2021:09:10:17 +0800] "GET /xingrg/all/function/internal_message.html?_=1615770616685&CODE_STATE=getMsg HTTP/1.1" 200 27
101.228.165.174 - - [15/Mar/2021:09:10:19 +0800] "GET /xingrg/all/function/internal_message.html?_=1615770620642&CODE_STATE=getMsg HTTP/1.1" 200 27
180.169.147.146 - - [15/Mar/2021:09:10:22 +0800] "GET /xingrg/check_reg.html?_=1615770618224 HTTP/1.1" 200 22
222.69.137.247 - - [15/Mar/2021:09:10:23 +0800] "GET /xingrg/kc/base/yddb_order_list.html HTTP/1.1" 200 16951
222.69.137.247 - - [15/Mar/2021:09:10:23 +0800] "POST /xingrg/kc/base/yddb_list_operate.html HTTP/1.1" 200 636
222.69.137.247 - - [15/Mar/2021:09:10:25 +0800] "GET /xingrg/kc/base/yddb_order_add.html HTTP/1.1" 200 29745
58.37.230.33 - - [15/Mar/2021:09:10:25 +0800] "GET /xingrg/all/function/internal_message.html?_=1615770634708&CODE_STATE=getMsg HTTP/1.1" 200 27
222.69.137.247 - - [15/Mar/2021:09:10:25 +0800] "GET /xingrg/dwr/interface/AjaxComOrderService.js HTTP/1.1" 200 18264
222.69.137.247 - - [15/Mar/2021:09:10:25 +0800] "GET /xingrg/dwr/util.js HTTP/1.1" 304 -
222.69.137.247 - - [15/Mar/2021:09:10:25 +0800] "GET /xingrg/javascript/Grid.js HTTP/1.1" 200 58908
222.69.137.247 - - [15/Mar/2021:09:10:25 +0800] "GET /xingrg/javascript/ToolTips.js HTTP/1.1" 200 5615
222.69.137.247 - - [15/Mar/2021:09:10:25 +0800] "GET /xingrg/dwr/interface/AjaxYddbService.js HTTP/1.1" 200 13201
222.69.137.247 - - [15/Mar/2021:09:10:25 +0800] "GET /xingrg/javascript/checkform.js HTTP/1.1" 200 18351
222.69.137.247 - - [15/Mar/2021:09:10:25 +0800] "GET /xingrg/dwr/engine.js HTTP/1.1" 200 43631
222.69.137.247 - - [15/Mar/2021:09:10:25 +0800] "GET /xingrg/javascript/jquery_easy_ui/themes/icons/edit_add_new.png HTTP/1.1" 200 2997
222.69.137.247 - - [15/Mar/2021:09:10:25 +0800] "GET /xingrg/images/blue/button/kc_tab_add.gif HTTP/1.1" 200 375
222.69.137.247 - - [15/Mar/2021:09:10:25 +0800] "GET /xingrg/images/blue/button/kc_tab_save.gif HTTP/1.1" 200 777
222.69.137.247 - - [15/Mar/2021:09:10:25 +0800] "GET /xingrg/images/blue/button/kc_tab_edit.gif HTTP/1.1" 200 551
222.69.137.247 - - [15/Mar/2021:09:10:25 +0800] "GET /xingrg/images/blue/button/kc_tab_del.gif HTTP/1.1" 200 383
222.69.137.247 - - [15/Mar/2021:09:10:25 +0800] "GET /xingrg/images/blue/kc_tab_left.gif HTTP/1.1" 200 188
222.69.137.247 - - [15/Mar/2021:09:10:25 +0800] "GET /xingrg/images/blue/kc_tab_right.gif HTTP/1.1" 200 643
222.69.137.247 - - [15/Mar/2021:09:10:25 +0800] "GET /xingrg/images/blue/kc_tab_mid.gif HTTP/1.1" 200 44
222.69.137.247 - - [15/Mar/2021:09:10:25 +0800] "GET /xingrg/images/blue/kc_tab2_left.gif HTTP/1.1" 200 625
222.69.137.247 - - [15/Mar/2021:09:10:25 +0800] "GET /xingrg/images/blue/kc_tab2_right.gif HTTP/1.1" 200 192
114.86.227.50 - - [15/Mar/2021:09:10:28 +0800] "GET /xingrg/all/function/internal_message.html?_=1615770629310&CODE_STATE=getMsg HTTP/1.1" 200 27
222.69.137.247 - - [15/Mar/2021:09:10:29 +0800] "GET /xingrg/images/blue/wait.gif HTTP/1.1" 200 1100
222.69.137.247 - - [15/Mar/2021:09:10:29 +0800] "POST /xingrg/dwr/call/plaincall/AjaxYddbService.getRestBases.dwr HTTP/1.1" 200 1046
117.185.32.26 - - [15/Mar/2021:09:10:31 +0800] "GET /xingrg/all/function/internal_message.html?_=1615770649678&CODE_STATE=getMsg HTTP/1.1" 200 27
101.228.165.174 - - [15/Mar/2021:09:10:35 +0800] "GET /xingrg/check_reg.html?_=1615770636369 HTTP/1.1" 302 -
116.224.253.72 - - [15/Mar/2021:09:10:38 +0800] "GET /xingrg/all/function/internal_message.html?_=1615770596708&CODE_STATE=getMsg HTTP/1.1" 200 27
61.165.42.208 - - [15/Mar/2021:09:10:38 +0800] "GET /xingrg/all/function/internal_message.html?_=1615770638629&CODE_STATE=getMsg HTTP/1.1" 200 27
61.165.42.208 - - [15/Mar/2021:09:10:38 +0800] "GET /xingrg/check_reg.html?_=1615770638898 HTTP/1.1" 200 22
222.70.209.13 - - [15/Mar/2021:09:10:39 +0800] "GET /xingrg/all/function/internal_message.html?_=1615770639180&CODE_STATE=getMsg HTTP/1.1" 302 -
116.235.216.75 - - [15/Mar/2021:09:10:41 +0800] "GET /xingrg/check_reg.html?_=1615770640592 HTTP/1.1" 200 22
116.235.216.75 - - [15/Mar/2021:09:10:42 +0800] "GET /xingrg/all/function/internal_message.html?_=1615770640976&CODE_STATE=getMsg HTTP/1.1" 200 27
58.40.7.146 - - [15/Mar/2021:09:10:43 +0800] "GET /xingrg/all/function/internal_message.html?_=1615770642885&CODE_STATE=getMsg HTTP/1.1" 302 -
58.40.7.146 - - [15/Mar/2021:09:10:43 +0800] "GET /xingrg/check_reg.html?_=1615770642887 HTTP/1.1" 302 -
101.228.165.174 - - [15/Mar/2021:09:10:44 +0800] "GET /xingrg/all/function/internal_message.html?_=1615770645204&CODE_STATE=getMsg HTTP/1.1" 302 -
180.169.147.146 - - [15/Mar/2021:09:10:46 +0800] "GET /xingrg/all/function/internal_message.html?_=1615770647727&CODE_STATE=getMsg HTTP/1.1" 200 27
222.69.137.247 - - [15/Mar/2021:09:10:47 +0800] "GET /xingrg/all/function/internal_message.html?_=1615770647953&CODE_STATE=getMsg HTTP/1.1" 200 27
114.88.166.193 - - [15/Mar/2021:09:10:50 +0800] "GET /xingrg/all/function/internal_message.html?_=1615770890344&CODE_STATE=getMsg HTTP/1.1" 302 -
114.88.166.193 - - [15/Mar/2021:09:10:50 +0800] "GET /xingrg/check_reg.html?_=1615770890763 HTTP/1.1" 302 -
180.169.147.146 - - [15/Mar/2021:09:10:51 +0800] "GET /xingrg/all/function/internal_message.html?_=1615770647186&CODE_STATE=getMsg HTTP/1.1" 200 27
101.228.165.174 - - [15/Mar/2021:09:10:52 +0800] "GET /xingrg/all/function/internal_message.html?_=1615770653136&CODE_STATE=getMsg HTTP/1.1" 302 -
114.88.166.193 - - [15/Mar/2021:09:10:55 +0800] "GET /xingrg/all/function/internal_message.html?_=1615770653981&CODE_STATE=getMsg HTTP/1.1" 200 27
222.70.216.222 - - [15/Mar/2021:09:10:55 +0800] "GET /xingrg/all/function/internal_message.html?_=1615770653510&CODE_STATE=getMsg HTTP/1.1" 200 27
180.169.147.146 - - [15/Mar/2021:09:10:57 +0800] "GET /xingrg/all/function/internal_message.html?_=1615770656658&CODE_STATE=getMsg HTTP/1.1" 302 -
120.253.135.82 - - [15/Mar/2021:09:11:12 +0800] "GET /xingrg/all/function/internal_message.html?_=1615770730040&CODE_STATE=getMsg HTTP/1.1" 200 27
222.69.137.247 - - [15/Mar/2021:09:11:14 +0800] "POST /xingrg/dwr/call/plaincall/AjaxYddbService.saveOrder.dwr HTTP/1.1" 200 78
222.69.137.247 - - [15/Mar/2021:09:11:17 +0800] "POST /xingrg/dwr/call/plaincall/AjaxComOrderService.getMaterielSearchList.dwr HTTP/1.1" 200 4188
114.86.227.50 - - [15/Mar/2021:09:11:17 +0800] "GET /xingrg/javascript/jquery_easy_ui/themes/default/images/tabs_active.png HTTP/1.1" 200 2894
116.224.253.72 - - [15/Mar/2021:09:11:17 +0800] "GET /xingrg/all/function/internal_message.html?_=1615770676690&CODE_STATE=getMsg HTTP/1.1" 200 27
222.69.137.247 - - [15/Mar/2021:09:11:18 +0800] "POST /xingrg/dwr/call/plaincall/AjaxYddbService.getMaterielByMap.dwr HTTP/1.1" 200 2711
101.228.165.174 - - [15/Mar/2021:09:11:19 +0800] "GET /xingrg/all/function/internal_message.html?_=1615770680653&CODE_STATE=getMsg HTTP/1.1" 200 27
222.69.137.247 - - [15/Mar/2021:09:11:20 +0800] "POST /xingrg/dwr/call/plaincall/AjaxYddbService.saveMaterielItem.dwr HTTP/1.1" 200 78
114.86.227.50 - - [15/Mar/2021:09:11:21 +0800] "GET /xingrg/kc/buy/buy_main.html HTTP/1.1" 200 12412
114.86.227.50 - - [15/Mar/2021:09:11:21 +0800] "GET /xingrg/css/new_ie.css HTTP/1.1" 404 1036
114.86.227.50 - - [15/Mar/2021:09:11:21 +0800] "GET /xingrg/images/yd/bt.gif HTTP/1.1" 404 1040
114.86.227.50 - - [15/Mar/2021:09:11:22 +0800] "GET /xingrg/kc/buy/cgsh_order_list.html HTTP/1.1" 200 46366
114.86.227.50 - - [15/Mar/2021:09:11:22 +0800] "POST /xingrg/kc/buy/cgsh_list_operate.html HTTP/1.1" 200 876
114.86.227.50 - - [15/Mar/2021:09:11:23 +0800] "GET /xingrg/kc/buy/cgsh_order_add.html HTTP/1.1" 200 62145
114.86.227.50 - - [15/Mar/2021:09:11:23 +0800] "GET /xingrg/all/common/auto_word.html?type=employee&rest_code=00109 HTTP/1.1" 200 205
114.86.227.50 - - [15/Mar/2021:09:11:23 +0800] "GET /xingrg/javascript/easyui/themes/default/validatebox.css HTTP/1.1" 404 1104
114.86.227.50 - - [15/Mar/2021:09:11:23 +0800] "GET /xingrg/all/common/auto_word.html?type=employee&rest_code=00109 HTTP/1.1" 200 205
114.86.227.50 - - [15/Mar/2021:09:11:23 +0800] "POST /xingrg/kc/buy/cgsh_order_operate.html HTTP/1.1" 200 8245
58.37.230.33 - - [15/Mar/2021:09:11:25 +0800] "GET /xingrg/all/function/internal_message.html?_=1615770694707&CODE_STATE=getMsg HTTP/1.1" 200 27
114.86.227.50 - - [15/Mar/2021:09:11:25 +0800] "GET /xingrg/javascript/auto/indicator.gif HTTP/1.1" 404 1066
114.86.227.50 - - [15/Mar/2021:09:11:26 +0800] "GET /xingrg/javascript/jquery_tools/images/prev.gif HTTP/1.1" 404 1086
114.86.227.50 - - [15/Mar/2021:09:11:26 +0800] "GET /xingrg/javascript/jquery_tools/images/next.gif HTTP/1.1" 404 1086
114.86.227.50 - - [15/Mar/2021:09:11:28 +0800] "GET /xingrg/all/function/internal_message.html?_=1615770689314&CODE_STATE=getMsg HTTP/1.1" 200 27
222.69.137.247 - - [15/Mar/2021:09:11:28 +0800] "POST /xingrg/dwr/call/plaincall/AjaxYddbService.checkOrder.dwr HTTP/1.1" 200 78
117.185.32.26 - - [15/Mar/2021:09:11:29 +0800] "GET /xingrg/check_reg.html?_=1615770707293 HTTP/1.1" 200 22
222.69.137.247 - - [15/Mar/2021:09:11:29 +0800] "GET /xingrg/kc/base/yddb_order_info.html?code=482021031500124 HTTP/1.1" 200 29499
222.69.137.247 - - [15/Mar/2021:09:11:29 +0800] "GET /xingrg/dwr/interface/AjaxComOrderService.js HTTP/1.1" 200 18264
222.69.137.247 - - [15/Mar/2021:09:11:29 +0800] "GET /xingrg/dwr/interface/AjaxYddbService.js HTTP/1.1" 200 13201
222.69.137.247 - - [15/Mar/2021:09:11:29 +0800] "GET /xingrg/dwr/engine.js HTTP/1.1" 200 43631
222.69.137.247 - - [15/Mar/2021:09:11:29 +0800] "POST /xingrg/dwr/call/plaincall/AjaxYddbService.loadMaterielItems.dwr HTTP/1.1" 200 379
116.224.253.72 - - [15/Mar/2021:09:11:30 +0800] "POST /xingrg/all/user/operate.html HTTP/1.1" 200 36
116.224.253.72 - - [15/Mar/2021:09:11:31 +0800] "GET /xingrg/javascript/jquery_easy_ui/themes/default/easyui.css HTTP/1.1" 304 -
116.224.253.72 - - [15/Mar/2021:09:11:31 +0800] "GET /xingrg/index.html?sysBaseUrl=http%3A%2F%2F180.169.147.146%3A18081%2Fxingrg%2F&costTime=42×tamp=1615768250910 HTTP/1.1" 200 17179
116.224.253.72 - - [15/Mar/2021:09:11:31 +0800] "GET /xingrg/javascript/jquery_easy_ui/themes/icon.css HTTP/1.1" 304 -
116.224.253.72 - - [15/Mar/2021:09:11:31 +0800] "GET /xingrg/css/form.css HTTP/1.1" 304 -
116.224.253.72 - - [15/Mar/2021:09:11:31 +0800] "GET /xingrg/javascript/jquery-1.4.2.min.js HTTP/1.1" 304 -
116.224.253.72 - - [15/Mar/2021:09:11:31 +0800] "GET /xingrg/javascript/jquery_easy_ui/jquery.easyui.min.js HTTP/1.1" 304 -
116.224.253.72 - - [15/Mar/2021:09:11:31 +0800] "GET /xingrg/javascript/jquery_easy_ui/easyui-lang-zh_CN.js HTTP/1.1" 304 -
116.224.253.72 - - [15/Mar/2021:09:11:31 +0800] "GET /xingrg/javascript/jquery.form.js HTTP/1.1" 304 -
116.224.253.72 - - [15/Mar/2021:09:11:31 +0800] "GET /xingrg/javascript/jquery.utils.js HTTP/1.1" 304 -
116.224.253.72 - - [15/Mar/2021:09:11:31 +0800] "GET /xingrg/javascript/jquery.timers.js HTTP/1.1" 304 -
116.224.253.72 - - [15/Mar/2021:09:11:31 +0800] "GET /xingrg/images/blue/jxLogo.png HTTP/1.1" 304 -
116.224.253.72 - - [15/Mar/2021:09:11:31 +0800] "GET /xingrg/images/blue/navBackgound.jpg HTTP/1.1" 304 -
116.224.253.72 - - [15/Mar/2021:09:11:31 +0800] "GET /xingrg/javascript/jquery_easy_ui/themes/icons/settle_new.png HTTP/1.1" 304 -
116.224.253.72 - - [15/Mar/2021:09:11:31 +0800] "POST /xingrg/all/common/load_tree.html?tree=area_rest_tree_json&manage=1 HTTP/1.1" 200 476
116.224.253.72 - - [15/Mar/2021:09:11:31 +0800] "GET /xingrg/images/blue/pingpu.png HTTP/1.1" 304 -
116.224.253.72 - - [15/Mar/2021:09:11:31 +0800] "GET /xingrg/javascript/jquery_easy_ui/themes/default/images/tabs_leftarrow.png HTTP/1.1" 304 -
116.224.253.72 - - [15/Mar/2021:09:11:31 +0800] "GET /xingrg/javascript/jquery_easy_ui/themes/default/images/tabs_rightarrow.png HTTP/1.1" 304 -
116.224.253.72 - - [15/Mar/2021:09:11:31 +0800] "GET /xingrg/javascript/jquery_easy_ui/themes/default/images/panel_tool_collapse.gif HTTP/1.1" 304 -
116.224.253.72 - - [15/Mar/2021:09:11:31 +0800] "GET /xingrg/all/function/internal_message.html?_=1615770649727&CODE_STATE=count HTTP/1.1" 200 11
116.224.253.72 - - [15/Mar/2021:09:11:31 +0800] "GET /xingrg/check_reg.html?_=1615770649728 HTTP/1.1" 200 22
117.185.32.26 - - [15/Mar/2021:09:11:31 +0800] "GET /xingrg/all/function/internal_message.html?_=1615770709647&CODE_STATE=getMsg HTTP/1.1" 200 27
116.224.253.72 - - [15/Mar/2021:09:11:31 +0800] "POST /xingrg/load_menu.html HTTP/1.1" 200 5138
222.69.137.247 - - [15/Mar/2021:09:11:31 +0800] "GET /xingrg/kc/base/yddb_order_report.html?fileType=servlets/html&code=482021031500124&reportName=ck_order_report&subName=yddb HTTP/1.1" 302 -
222.69.137.247 - - [15/Mar/2021:09:11:32 +0800] "GET /xingrg/servlets/html?sysBaseUrl=http%3A%2F%2F180.169.147.146%3A18081%2Fxingrg%2F&costTime=90×tamp=1615770691995 HTTP/1.1" 200 14698
222.69.137.247 - - [15/Mar/2021:09:11:32 +0800] "GET /xingrg/servlets/image?image=px HTTP/1.1" 200 807
222.69.137.247 - - [15/Mar/2021:09:11:32 +0800] "GET /favicon.ico HTTP/1.1" 404 -
116.224.253.72 - - [15/Mar/2021:09:11:33 +0800] "GET /xingrg/kc/buy/cgsh_order_list.html HTTP/1.1" 200 46372
116.224.253.72 - - [15/Mar/2021:09:11:35 +0800] "POST /xingrg/kc/buy/cgsh_list_operate.html HTTP/1.1" 200 1690
116.224.253.72 - - [15/Mar/2021:09:11:37 +0800] "GET /xingrg/kc/buy/cgsh_order_add.html HTTP/1.1" 200 62040
116.224.253.72 - - [15/Mar/2021:09:11:37 +0800] "POST /xingrg/kc/buy/cgsh_order_operate.html HTTP/1.1" 200 8245
116.224.253.72 - - [15/Mar/2021:09:11:37 +0800] "GET /xingrg/javascript/easyui/themes/default/validatebox.css HTTP/1.1" 404 1104
61.165.42.208 - - [15/Mar/2021:09:11:38 +0800] "GET /xingrg/all/function/internal_message.html?_=1615770698603&CODE_STATE=getMsg HTTP/1.1" 200 27
116.224.253.72 - - [15/Mar/2021:09:11:38 +0800] "GET /xingrg/javascript/auto/indicator.gif HTTP/1.1" 404 1066
222.70.209.13 - - [15/Mar/2021:09:11:39 +0800] "GET /xingrg/all/function/internal_message.html?_=1615770699187&CODE_STATE=getMsg HTTP/1.1" 302 -
116.224.253.72 - - [15/Mar/2021:09:11:40 +0800] "POST /xingrg/kc/buy/cgsh_list_operate.html HTTP/1.1" 200 561
114.88.166.193 - - [15/Mar/2021:09:11:41 +0800] "GET /xingrg/check_reg.html?_=1615770699737 HTTP/1.1" 200 22
116.224.253.72 - - [15/Mar/2021:09:11:41 +0800] "GET /xingrg/kc/buy/cgsh_order_info.html?code=212021031506271 HTTP/1.1" 200 61755
116.224.253.72 - - [15/Mar/2021:09:11:41 +0800] "GET /xingrg/javascript/easyui/themes/default/validatebox.css HTTP/1.1" 404 1104
116.235.216.75 - - [15/Mar/2021:09:11:42 +0800] "GET /xingrg/all/function/internal_message.html?_=1615770700948&CODE_STATE=getMsg HTTP/1.1" 200 27
116.224.253.72 - - [15/Mar/2021:09:11:42 +0800] "POST /xingrg/kc/buy/cgsh_order_operate.html HTTP/1.1" 200 25434
58.40.7.146 - - [15/Mar/2021:09:11:43 +0800] "GET /xingrg/all/function/internal_message.html?_=1615770702889&CODE_STATE=getMsg HTTP/1.1" 302 -
101.228.165.174 - - [15/Mar/2021:09:11:44 +0800] "GET /xingrg/all/function/internal_message.html?_=1615770705265&CODE_STATE=getMsg HTTP/1.1" 302 -
180.169.147.146 - - [15/Mar/2021:09:11:46 +0800] "GET /xingrg/all/function/internal_message.html?_=1615770707729&CODE_STATE=getMsg HTTP/1.1" 200 27
222.69.137.247 - - [15/Mar/2021:09:11:47 +0800] "GET /xingrg/all/function/internal_message.html?_=1615770707929&CODE_STATE=getMsg HTTP/1.1" 200 27
222.69.137.247 - - [15/Mar/2021:09:11:47 +0800] "GET /xingrg/check_reg.html?_=1615770708280 HTTP/1.1" 200 22
116.224.253.72 - - [15/Mar/2021:09:11:48 +0800] "GET /xingrg/kc/buy/cgsh_order_operate.html?command=get_materiel&rest_code=00150&code=00101009001&supplier_code=00100424&order_time=2021-03-15 HTTP/1.1" 200 416
114.88.166.193 - - [15/Mar/2021:09:11:50 +0800] "GET /xingrg/all/function/internal_message.html?_=1615770950324&CODE_STATE=getMsg HTTP/1.1" 302 -
180.169.147.146 - - [15/Mar/2021:09:11:51 +0800] "GET /xingrg/all/function/internal_message.html?_=1615770707156&CODE_STATE=getMsg HTTP/1.1" 200 27
101.228.165.174 - - [15/Mar/2021:09:11:52 +0800] "GET /xingrg/all/function/internal_message.html?_=1615770713142&CODE_STATE=getMsg HTTP/1.1" 302 -
114.88.166.193 - - [15/Mar/2021:09:11:55 +0800] "GET /xingrg/all/function/internal_message.html?_=1615770713993&CODE_STATE=getMsg HTTP/1.1" 200 27
222.70.216.222 - - [15/Mar/2021:09:11:55 +0800] "GET /xingrg/all/function/internal_message.html?_=1615770713496&CODE_STATE=getMsg HTTP/1.1" 200 27
180.169.147.146 - - [15/Mar/2021:09:11:57 +0800] "GET /xingrg/all/function/internal_message.html?_=1615770716656&CODE_STATE=getMsg HTTP/1.1" 302 -
120.253.135.82 - - [15/Mar/2021:09:12:00 +0800] "GET /xingrg/check_reg.html?_=1615770778055 HTTP/1.1" 200 22
116.224.253.72 - - [15/Mar/2021:09:12:01 +0800] "GET /xingrg/kc/buy/cgsh_order_operate.html?command=get_materiel&rest_code=00150&code=00101009062&supplier_code=00100424&order_time=2021-03-15 HTTP/1.1" 200 412
114.86.227.50 - - [15/Mar/2021:09:12:05 +0800] "GET /xingrg/kc/buy/cgsh_order_operate.html?command=get_materiel&rest_code=00109&code=00101011005&supplier_code=00100046&order_time=2021-03-15 HTTP/1.1" 200 428
116.224.253.72 - - [15/Mar/2021:09:12:09 +0800] "GET /xingrg/kc/buy/cgsh_order_operate.html?command=get_materiel&rest_code=00150&code=00101009011&supplier_code=00100424&order_time=2021-03-15 HTTP/1.1" 200 416
120.253.135.82 - - [15/Mar/2021:09:12:12 +0800] "GET /xingrg/all/function/internal_message.html?_=1615770790050&CODE_STATE=getMsg HTTP/1.1" 200 27
114.86.227.50 - - [15/Mar/2021:09:12:15 +0800] "GET /xingrg/kc/base/base_main.html HTTP/1.1" 200 12142
114.86.227.50 - - [15/Mar/2021:09:12:17 +0800] "GET /xingrg/kc/base/check_order_list.html HTTP/1.1" 200 16464
114.86.227.50 - - [15/Mar/2021:09:12:17 +0800] "POST /xingrg/kc/base/check_list_operate.html HTTP/1.1" 200 3480
116.224.253.72 - - [15/Mar/2021:09:12:17 +0800] "GET /xingrg/all/function/internal_message.html?_=1615770736701&CODE_STATE=getMsg HTTP/1.1" 200 27
116.224.253.72 - - [15/Mar/2021:09:12:17 +0800] "GET /xingrg/kc/buy/cgsh_order_operate.html?command=get_materiel&rest_code=00150&code=00101009010&supplier_code=00100424&order_time=2021-03-15 HTTP/1.1" 200 412
114.86.227.50 - - [15/Mar/2021:09:12:19 +0800] "GET /xingrg/kc/base/check_order_info.html?code=452021031400151 HTTP/1.1" 200 26486
114.86.227.50 - - [15/Mar/2021:09:12:19 +0800] "GET /xingrg/dwr/interface/AjaxComOrderService.js HTTP/1.1" 200 18264
114.86.227.50 - - [15/Mar/2021:09:12:19 +0800] "GET /xingrg/dwr/interface/AjaxCheckService.js HTTP/1.1" 200 14003
114.86.227.50 - - [15/Mar/2021:09:12:19 +0800] "GET /xingrg/dwr/engine.js HTTP/1.1" 200 43631
101.228.165.174 - - [15/Mar/2021:09:12:19 +0800] "GET /xingrg/all/function/internal_message.html?_=1615770740960&CODE_STATE=getMsg HTTP/1.1" 200 27
114.86.227.50 - - [15/Mar/2021:09:12:19 +0800] "POST /xingrg/dwr/call/plaincall/AjaxCheckService.loadOrderItems.dwr HTTP/1.1" 200 157713
58.37.230.33 - - [15/Mar/2021:09:12:25 +0800] "GET /xingrg/all/function/internal_message.html?_=1615770754706&CODE_STATE=getMsg HTTP/1.1" 200 27
114.86.227.50 - - [15/Mar/2021:09:12:28 +0800] "GET /xingrg/all/function/internal_message.html?_=1615770749344&CODE_STATE=getMsg HTTP/1.1" 200 27
114.86.227.50 - - [15/Mar/2021:09:12:28 +0800] "POST /xingrg/dwr/call/plaincall/AjaxCheckService.setItemNumber.dwr HTTP/1.1" 200 76
114.86.227.50 - - [15/Mar/2021:09:12:29 +0800] "POST /xingrg/dwr/call/plaincall/AjaxCheckService.setItemNumber.dwr HTTP/1.1" 200 76
114.86.227.50 - - [15/Mar/2021:09:12:30 +0800] "POST /xingrg/dwr/call/plaincall/AjaxCheckService.setItemNumber.dwr HTTP/1.1" 200 76
116.224.253.72 - - [15/Mar/2021:09:12:31 +0800] "GET /xingrg/all/function/internal_message.html?_=1615770709731&CODE_STATE=getMsg HTTP/1.1" 200 27
117.185.32.26 - - [15/Mar/2021:09:12:31 +0800] "GET /xingrg/all/function/internal_message.html?_=1615770769616&CODE_STATE=getMsg HTTP/1.1" 200 27
114.86.227.50 - - [15/Mar/2021:09:12:31 +0800] "POST /xingrg/dwr/call/plaincall/AjaxCheckService.setItemNumber.dwr HTTP/1.1" 200 76
114.86.227.50 - - [15/Mar/2021:09:12:32 +0800] "POST /xingrg/dwr/call/plaincall/AjaxCheckService.setItemNumber.dwr HTTP/1.1" 200 76
114.86.227.50 - - [15/Mar/2021:09:12:32 +0800] "POST /xingrg/dwr/call/plaincall/AjaxCheckService.setItemNumber.dwr HTTP/1.1" 200 76
114.86.227.50 - - [15/Mar/2021:09:12:32 +0800] "POST /xingrg/dwr/call/plaincall/AjaxCheckService.setItemNumber.dwr HTTP/1.1" 200 76
114.86.227.50 - - [15/Mar/2021:09:12:33 +0800] "POST /xingrg/dwr/call/plaincall/AjaxCheckService.setItemNumber.dwr HTTP/1.1" 200 76
114.86.227.50 - - [15/Mar/2021:09:12:33 +0800] "POST /xingrg/dwr/call/plaincall/AjaxCheckService.setItemNumber.dwr HTTP/1.1" 200 76
116.224.253.72 - - [15/Mar/2021:09:12:34 +0800] "GET /xingrg/kc/buy/cgsh_order_operate.html?command=get_materiel&rest_code=00150&code=00101009007&supplier_code=00100424&order_time=2021-03-15 HTTP/1.1" 200 408
114.86.227.50 - - [15/Mar/2021:09:12:34 +0800] "POST /xingrg/dwr/call/plaincall/AjaxCheckService.setItemNumber.dwr HTTP/1.1" 200 77
114.86.227.50 - - [15/Mar/2021:09:12:34 +0800] "POST /xingrg/dwr/call/plaincall/AjaxCheckService.setItemNumber.dwr HTTP/1.1" 200 77
114.86.227.50 - - [15/Mar/2021:09:12:35 +0800] "POST /xingrg/dwr/call/plaincall/AjaxCheckService.setItemNumber.dwr HTTP/1.1" 200 77
114.86.227.50 - - [15/Mar/2021:09:12:35 +0800] "POST /xingrg/dwr/call/plaincall/AjaxCheckService.setItemNumber.dwr HTTP/1.1" 200 77
114.86.227.50 - - [15/Mar/2021:09:12:36 +0800] "POST /xingrg/dwr/call/plaincall/AjaxCheckService.setItemNumber.dwr HTTP/1.1" 200 77
114.86.227.50 - - [15/Mar/2021:09:12:37 +0800] "POST /xingrg/dwr/call/plaincall/AjaxCheckService.setItemNumber.dwr HTTP/1.1" 200 77
114.86.227.50 - - [15/Mar/2021:09:12:37 +0800] "POST /xingrg/dwr/call/plaincall/AjaxCheckService.setItemNumber.dwr HTTP/1.1" 200 77
114.86.227.50 - - [15/Mar/2021:09:12:38 +0800] "POST /xingrg/dwr/call/plaincall/AjaxCheckService.setItemNumber.dwr HTTP/1.1" 200 77
61.165.42.208 - - [15/Mar/2021:09:12:38 +0800] "GET /xingrg/all/function/internal_message.html?_=1615770758580&CODE_STATE=getMsg HTTP/1.1" 200 27
114.86.227.50 - - [15/Mar/2021:09:12:38 +0800] "POST /xingrg/dwr/call/plaincall/AjaxCheckService.setItemNumber.dwr HTTP/1.1" 200 77
114.86.227.50 - - [15/Mar/2021:09:12:39 +0800] "POST /xingrg/dwr/call/plaincall/AjaxCheckService.setItemNumber.dwr HTTP/1.1" 200 77
114.86.227.50 - - [15/Mar/2021:09:12:39 +0800] "POST /xingrg/dwr/call/plaincall/AjaxCheckService.setItemNumber.dwr HTTP/1.1" 200 77
222.70.209.13 - - [15/Mar/2021:09:12:39 +0800] "GET /xingrg/all/function/internal_message.html?_=1615770759239&CODE_STATE=getMsg HTTP/1.1" 302 -
114.86.227.50 - - [15/Mar/2021:09:12:39 +0800] "POST /xingrg/dwr/call/plaincall/AjaxCheckService.setItemNumber.dwr HTTP/1.1" 200 77
114.86.227.50 - - [15/Mar/2021:09:12:40 +0800] "POST /xingrg/dwr/call/plaincall/AjaxCheckService.setItemNumber.dwr HTTP/1.1" 200 77
114.86.227.50 - - [15/Mar/2021:09:12:41 +0800] "POST /xingrg/dwr/call/plaincall/AjaxCheckService.setItemNumber.dwr HTTP/1.1" 200 77
116.235.216.75 - - [15/Mar/2021:09:12:41 +0800] "GET /xingrg/all/function/internal_message.html?_=1615770760926&CODE_STATE=getMsg HTTP/1.1" 200 27
58.40.7.146 - - [15/Mar/2021:09:12:43 +0800] "GET /xingrg/all/function/internal_message.html?_=1615770762893&CODE_STATE=getMsg HTTP/1.1" 302 -
116.224.253.72 - - [15/Mar/2021:09:12:43 +0800] "GET /xingrg/kc/buy/cgsh_order_operate.html?command=get_materiel&rest_code=00150&code=00101009016&supplier_code=00100424&order_time=2021-03-15 HTTP/1.1" 200 412
101.228.165.174 - - [15/Mar/2021:09:12:44 +0800] "GET /xingrg/all/function/internal_message.html?_=1615770765278&CODE_STATE=getMsg HTTP/1.1" 302 -
114.86.227.50 - - [15/Mar/2021:09:12:45 +0800] "POST /xingrg/dwr/call/plaincall/AjaxCheckService.setItemNumber.dwr HTTP/1.1" 200 77
114.86.227.50 - - [15/Mar/2021:09:12:46 +0800] "POST /xingrg/dwr/call/plaincall/AjaxCheckService.setItemNumber.dwr HTTP/1.1" 200 77
114.86.227.50 - - [15/Mar/2021:09:12:46 +0800] "POST /xingrg/dwr/call/plaincall/AjaxCheckService.setItemNumber.dwr HTTP/1.1" 200 77
114.86.227.50 - - [15/Mar/2021:09:12:46 +0800] "POST /xingrg/dwr/call/plaincall/AjaxCheckService.setItemNumber.dwr HTTP/1.1" 200 77
180.169.147.146 - - [15/Mar/2021:09:12:46 +0800] "GET /xingrg/check_reg.html?_=1615770767730 HTTP/1.1" 200 22
180.169.147.146 - - [15/Mar/2021:09:12:46 +0800] "GET /xingrg/all/function/internal_message.html?_=1615770767735&CODE_STATE=getMsg HTTP/1.1" 200 27
114.86.227.50 - - [15/Mar/2021:09:12:47 +0800] "POST /xingrg/dwr/call/plaincall/AjaxCheckService.setItemNumber.dwr HTTP/1.1" 200 77
222.69.137.247 - - [15/Mar/2021:09:12:47 +0800] "GET /xingrg/all/function/internal_message.html?_=1615770767903&CODE_STATE=getMsg HTTP/1.1" 200 27
114.86.227.50 - - [15/Mar/2021:09:12:47 +0800] "POST /xingrg/dwr/call/plaincall/AjaxCheckService.setItemNumber.dwr HTTP/1.1" 200 77
114.86.227.50 - - [15/Mar/2021:09:12:47 +0800] "POST /xingrg/dwr/call/plaincall/AjaxCheckService.setItemNumber.dwr HTTP/1.1" 200 77
114.86.227.50 - - [15/Mar/2021:09:12:49 +0800] "POST /xingrg/dwr/call/plaincall/AjaxCheckService.setItemNumber.dwr HTTP/1.1" 200 77
114.86.227.50 - - [15/Mar/2021:09:12:49 +0800] "POST /xingrg/dwr/call/plaincall/AjaxCheckService.setItemNumber.dwr HTTP/1.1" 200 77
114.88.166.193 - - [15/Mar/2021:09:12:50 +0800] "GET /xingrg/all/function/internal_message.html?_=1615771010300&CODE_STATE=getMsg HTTP/1.1" 302 -
114.86.227.50 - - [15/Mar/2021:09:12:50 +0800] "POST /xingrg/dwr/call/plaincall/AjaxCheckService.setItemNumber.dwr HTTP/1.1" 200 77
114.86.227.50 - - [15/Mar/2021:09:12:50 +0800] "POST /xingrg/dwr/call/plaincall/AjaxCheckService.setItemNumber.dwr HTTP/1.1" 200 77
