180.169.147.146 - - [15/Mar/2021:09:12:51 +0800] "GET /xingrg/all/function/internal_message.html?_=1615770767129&CODE_STATE=getMsg HTTP/1.1" 200 27
114.86.227.50 - - [15/Mar/2021:09:12:51 +0800] "POST /xingrg/dwr/call/plaincall/AjaxCheckService.setItemNumber.dwr HTTP/1.1" 200 77
114.86.227.50 - - [15/Mar/2021:09:12:51 +0800] "POST /xingrg/dwr/call/plaincall/AjaxCheckService.setItemNumber.dwr HTTP/1.1" 200 77
116.224.253.72 - - [15/Mar/2021:09:12:52 +0800] "GET /xingrg/kc/buy/cgsh_order_operate.html?command=get_materiel&rest_code=00150&code=00101009045&supplier_code=00100424&order_time=2021-03-15 HTTP/1.1" 200 412
101.228.165.174 - - [15/Mar/2021:09:12:52 +0800] "GET /xingrg/all/function/internal_message.html?_=1615770773168&CODE_STATE=getMsg HTTP/1.1" 302 -
114.86.227.50 - - [15/Mar/2021:09:12:52 +0800] "POST /xingrg/dwr/call/plaincall/AjaxCheckService.setItemNumber.dwr HTTP/1.1" 200 77
114.86.227.50 - - [15/Mar/2021:09:12:52 +0800] "POST /xingrg/dwr/call/plaincall/AjaxCheckService.setItemNumber.dwr HTTP/1.1" 200 77
114.86.227.50 - - [15/Mar/2021:09:12:53 +0800] "POST /xingrg/dwr/call/plaincall/AjaxCheckService.setItemNumber.dwr HTTP/1.1" 200 77
114.86.227.50 - - [15/Mar/2021:09:12:53 +0800] "POST /xingrg/dwr/call/plaincall/AjaxCheckService.setItemNumber.dwr HTTP/1.1" 200 77
114.86.227.50 - - [15/Mar/2021:09:12:54 +0800] "POST /xingrg/dwr/call/plaincall/AjaxCheckService.setItemNumber.dwr HTTP/1.1" 200 77
114.86.227.50 - - [15/Mar/2021:09:12:54 +0800] "POST /xingrg/dwr/call/plaincall/AjaxCheckService.setItemNumber.dwr HTTP/1.1" 200 77
114.86.227.50 - - [15/Mar/2021:09:12:55 +0800] "POST /xingrg/dwr/call/plaincall/AjaxCheckService.setItemNumber.dwr HTTP/1.1" 200 77
114.88.166.193 - - [15/Mar/2021:09:12:55 +0800] "GET /xingrg/all/function/internal_message.html?_=1615770774006&CODE_STATE=getMsg HTTP/1.1" 200 27
114.86.227.50 - - [15/Mar/2021:09:12:55 +0800] "POST /xingrg/dwr/call/plaincall/AjaxCheckService.setItemNumber.dwr HTTP/1.1" 200 77
222.70.216.222 - - [15/Mar/2021:09:12:55 +0800] "GET /xingrg/all/function/internal_message.html?_=1615770773467&CODE_STATE=getMsg HTTP/1.1" 200 27
114.86.227.50 - - [15/Mar/2021:09:12:55 +0800] "POST /xingrg/dwr/call/plaincall/AjaxCheckService.setItemNumber.dwr HTTP/1.1" 200 77
114.86.227.50 - - [15/Mar/2021:09:12:56 +0800] "POST /xingrg/dwr/call/plaincall/AjaxCheckService.setItemNumber.dwr HTTP/1.1" 200 77
180.169.147.146 - - [15/Mar/2021:09:12:57 +0800] "GET /xingrg/all/function/internal_message.html?_=1615770776655&CODE_STATE=getMsg HTTP/1.1" 302 -
180.169.147.146 - - [15/Mar/2021:09:12:57 +0800] "GET /xingrg/check_reg.html?_=1615770776656 HTTP/1.1" 302 -
114.86.227.50 - - [15/Mar/2021:09:12:57 +0800] "POST /xingrg/dwr/call/plaincall/AjaxCheckService.setItemNumber.dwr HTTP/1.1" 200 77
114.86.227.50 - - [15/Mar/2021:09:12:57 +0800] "POST /xingrg/dwr/call/plaincall/AjaxCheckService.setItemNumber.dwr HTTP/1.1" 200 77
114.86.227.50 - - [15/Mar/2021:09:12:58 +0800] "POST /xingrg/dwr/call/plaincall/AjaxCheckService.setItemNumber.dwr HTTP/1.1" 200 77
114.86.227.50 - - [15/Mar/2021:09:13:02 +0800] "POST /xingrg/dwr/call/plaincall/AjaxCheckService.setItemNumber.dwr HTTP/1.1" 200 77
114.86.227.50 - - [15/Mar/2021:09:13:04 +0800] "POST /xingrg/dwr/call/plaincall/AjaxCheckService.setItemNumber.dwr HTTP/1.1" 200 77
114.86.227.50 - - [15/Mar/2021:09:13:05 +0800] "POST /xingrg/dwr/call/plaincall/AjaxCheckService.setItemNumber.dwr HTTP/1.1" 200 77
114.86.227.50 - - [15/Mar/2021:09:13:06 +0800] "POST /xingrg/dwr/call/plaincall/AjaxCheckService.setItemNumber.dwr HTTP/1.1" 200 77
114.86.227.50 - - [15/Mar/2021:09:13:06 +0800] "POST /xingrg/dwr/call/plaincall/AjaxCheckService.setItemNumber.dwr HTTP/1.1" 200 77
114.86.227.50 - - [15/Mar/2021:09:13:07 +0800] "POST /xingrg/dwr/call/plaincall/AjaxCheckService.setItemNumber.dwr HTTP/1.1" 200 77
114.86.227.50 - - [15/Mar/2021:09:13:07 +0800] "POST /xingrg/dwr/call/plaincall/AjaxCheckService.setItemNumber.dwr HTTP/1.1" 200 77
114.86.227.50 - - [15/Mar/2021:09:13:08 +0800] "POST /xingrg/dwr/call/plaincall/AjaxCheckService.setItemNumber.dwr HTTP/1.1" 200 77
114.86.227.50 - - [15/Mar/2021:09:13:08 +0800] "POST /xingrg/dwr/call/plaincall/AjaxCheckService.setItemNumber.dwr HTTP/1.1" 200 77
114.86.227.50 - - [15/Mar/2021:09:13:09 +0800] "POST /xingrg/dwr/call/plaincall/AjaxCheckService.setItemNumber.dwr HTTP/1.1" 200 77
114.86.227.50 - - [15/Mar/2021:09:13:09 +0800] "POST /xingrg/dwr/call/plaincall/AjaxCheckService.setItemNumber.dwr HTTP/1.1" 200 77
114.86.227.50 - - [15/Mar/2021:09:13:09 +0800] "POST /xingrg/dwr/call/plaincall/AjaxCheckService.setItemNumber.dwr HTTP/1.1" 200 77
114.86.227.50 - - [15/Mar/2021:09:13:10 +0800] "POST /xingrg/dwr/call/plaincall/AjaxCheckService.setItemNumber.dwr HTTP/1.1" 200 77
222.70.216.222 - - [15/Mar/2021:09:13:10 +0800] "GET /xingrg/check_reg.html?_=1615770788172 HTTP/1.1" 200 22
114.86.227.50 - - [15/Mar/2021:09:13:10 +0800] "POST /xingrg/dwr/call/plaincall/AjaxCheckService.setItemNumber.dwr HTTP/1.1" 200 77
114.86.227.50 - - [15/Mar/2021:09:13:11 +0800] "POST /xingrg/dwr/call/plaincall/AjaxCheckService.setItemNumber.dwr HTTP/1.1" 200 77
114.86.227.50 - - [15/Mar/2021:09:13:11 +0800] "POST /xingrg/dwr/call/plaincall/AjaxCheckService.setItemNumber.dwr HTTP/1.1" 200 77
114.86.227.50 - - [15/Mar/2021:09:13:12 +0800] "POST /xingrg/dwr/call/plaincall/AjaxCheckService.setItemNumber.dwr HTTP/1.1" 200 77
114.86.227.50 - - [15/Mar/2021:09:13:12 +0800] "POST /xingrg/dwr/call/plaincall/AjaxCheckService.setItemNumber.dwr HTTP/1.1" 200 77
120.253.135.82 - - [15/Mar/2021:09:13:12 +0800] "GET /xingrg/all/function/internal_message.html?_=1615770850063&CODE_STATE=getMsg HTTP/1.1" 200 27
114.86.227.50 - - [15/Mar/2021:09:13:12 +0800] "POST /xingrg/dwr/call/plaincall/AjaxCheckService.setItemNumber.dwr HTTP/1.1" 200 77
114.86.227.50 - - [15/Mar/2021:09:13:13 +0800] "POST /xingrg/dwr/call/plaincall/AjaxCheckService.setItemNumber.dwr HTTP/1.1" 200 77
114.86.227.50 - - [15/Mar/2021:09:13:13 +0800] "POST /xingrg/dwr/call/plaincall/AjaxCheckService.setItemNumber.dwr HTTP/1.1" 200 77
114.86.227.50 - - [15/Mar/2021:09:13:14 +0800] "POST /xingrg/dwr/call/plaincall/AjaxCheckService.setItemNumber.dwr HTTP/1.1" 200 77
114.86.227.50 - - [15/Mar/2021:09:13:14 +0800] "POST /xingrg/dwr/call/plaincall/AjaxCheckService.setItemNumber.dwr HTTP/1.1" 200 77
114.86.227.50 - - [15/Mar/2021:09:13:14 +0800] "POST /xingrg/dwr/call/plaincall/AjaxCheckService.setItemNumber.dwr HTTP/1.1" 200 77
114.86.227.50 - - [15/Mar/2021:09:13:15 +0800] "POST /xingrg/dwr/call/plaincall/AjaxCheckService.setItemNumber.dwr HTTP/1.1" 200 77
114.86.227.50 - - [15/Mar/2021:09:13:15 +0800] "POST /xingrg/dwr/call/plaincall/AjaxCheckService.setItemNumber.dwr HTTP/1.1" 200 77
114.86.227.50 - - [15/Mar/2021:09:13:15 +0800] "POST /xingrg/dwr/call/plaincall/AjaxCheckService.setItemNumber.dwr HTTP/1.1" 200 77
114.86.227.50 - - [15/Mar/2021:09:13:16 +0800] "POST /xingrg/dwr/call/plaincall/AjaxCheckService.setItemNumber.dwr HTTP/1.1" 200 77
114.86.227.50 - - [15/Mar/2021:09:13:16 +0800] "POST /xingrg/dwr/call/plaincall/AjaxCheckService.setItemNumber.dwr HTTP/1.1" 200 77
114.86.227.50 - - [15/Mar/2021:09:13:16 +0800] "POST /xingrg/dwr/call/plaincall/AjaxCheckService.setItemNumber.dwr HTTP/1.1" 200 77
114.86.227.50 - - [15/Mar/2021:09:13:17 +0800] "POST /xingrg/dwr/call/plaincall/AjaxCheckService.setItemNumber.dwr HTTP/1.1" 200 77
116.224.253.72 - - [15/Mar/2021:09:13:17 +0800] "GET /xingrg/check_reg.html?_=1615770796703 HTTP/1.1" 200 22
116.224.253.72 - - [15/Mar/2021:09:13:17 +0800] "GET /xingrg/all/function/internal_message.html?_=1615770796704&CODE_STATE=getMsg HTTP/1.1" 200 27
114.86.227.50 - - [15/Mar/2021:09:13:17 +0800] "POST /xingrg/dwr/call/plaincall/AjaxCheckService.setItemNumber.dwr HTTP/1.1" 200 77
114.86.227.50 - - [15/Mar/2021:09:13:17 +0800] "POST /xingrg/dwr/call/plaincall/AjaxCheckService.setItemNumber.dwr HTTP/1.1" 200 77
114.86.227.50 - - [15/Mar/2021:09:13:18 +0800] "POST /xingrg/dwr/call/plaincall/AjaxCheckService.setItemNumber.dwr HTTP/1.1" 200 77
114.86.227.50 - - [15/Mar/2021:09:13:18 +0800] "POST /xingrg/dwr/call/plaincall/AjaxCheckService.setItemNumber.dwr HTTP/1.1" 200 77
114.86.227.50 - - [15/Mar/2021:09:13:19 +0800] "POST /xingrg/dwr/call/plaincall/AjaxCheckService.setItemNumber.dwr HTTP/1.1" 200 77
114.86.227.50 - - [15/Mar/2021:09:13:19 +0800] "POST /xingrg/dwr/call/plaincall/AjaxCheckService.setItemNumber.dwr HTTP/1.1" 200 77
101.228.165.174 - - [15/Mar/2021:09:13:19 +0800] "GET /xingrg/all/function/internal_message.html?_=1615770800961&CODE_STATE=getMsg HTTP/1.1" 200 27
114.86.227.50 - - [15/Mar/2021:09:13:19 +0800] "POST /xingrg/dwr/call/plaincall/AjaxCheckService.setItemNumber.dwr HTTP/1.1" 200 77
114.86.227.50 - - [15/Mar/2021:09:13:20 +0800] "POST /xingrg/dwr/call/plaincall/AjaxCheckService.setItemNumber.dwr HTTP/1.1" 200 77
114.86.227.50 - - [15/Mar/2021:09:13:20 +0800] "POST /xingrg/dwr/call/plaincall/AjaxCheckService.setItemNumber.dwr HTTP/1.1" 200 77
114.86.227.50 - - [15/Mar/2021:09:13:21 +0800] "POST /xingrg/dwr/call/plaincall/AjaxCheckService.setItemNumber.dwr HTTP/1.1" 200 77
114.86.227.50 - - [15/Mar/2021:09:13:21 +0800] "POST /xingrg/dwr/call/plaincall/AjaxCheckService.setItemNumber.dwr HTTP/1.1" 200 77
114.86.227.50 - - [15/Mar/2021:09:13:22 +0800] "POST /xingrg/dwr/call/plaincall/AjaxCheckService.setItemNumber.dwr HTTP/1.1" 200 77
114.86.227.50 - - [15/Mar/2021:09:13:22 +0800] "POST /xingrg/dwr/call/plaincall/AjaxCheckService.setItemNumber.dwr HTTP/1.1" 200 77
116.224.253.72 - - [15/Mar/2021:09:13:23 +0800] "POST /xingrg/kc/buy/cgsh_order_operate.html HTTP/1.1" 200 37
114.86.227.50 - - [15/Mar/2021:09:13:23 +0800] "POST /xingrg/dwr/call/plaincall/AjaxCheckService.setItemNumber.dwr HTTP/1.1" 200 77
114.86.227.50 - - [15/Mar/2021:09:13:23 +0800] "POST /xingrg/dwr/call/plaincall/AjaxCheckService.setItemNumber.dwr HTTP/1.1" 200 77
116.224.253.72 - - [15/Mar/2021:09:13:24 +0800] "GET /xingrg/kc/buy/cgsh_order_operate.html?command=get_materiel&rest_code=00150&code=00101009013&supplier_code=00100424&order_time=2021-03-15 HTTP/1.1" 200 420
114.86.227.50 - - [15/Mar/2021:09:13:24 +0800] "POST /xingrg/dwr/call/plaincall/AjaxCheckService.setItemNumber.dwr HTTP/1.1" 200 77
116.224.253.72 - - [15/Mar/2021:09:13:24 +0800] "POST /xingrg/kc/buy/cgsh_order_operate.html HTTP/1.1" 200 25436
114.86.227.50 - - [15/Mar/2021:09:13:24 +0800] "POST /xingrg/dwr/call/plaincall/AjaxCheckService.setItemNumber.dwr HTTP/1.1" 200 77
114.86.227.50 - - [15/Mar/2021:09:13:25 +0800] "POST /xingrg/dwr/call/plaincall/AjaxCheckService.setItemNumber.dwr HTTP/1.1" 200 77
58.37.230.33 - - [15/Mar/2021:09:13:25 +0800] "GET /xingrg/all/function/internal_message.html?_=1615770814704&CODE_STATE=getMsg HTTP/1.1" 200 27
58.37.230.33 - - [15/Mar/2021:09:13:25 +0800] "GET /xingrg/check_reg.html?_=1615770814706 HTTP/1.1" 200 22
116.224.253.72 - - [15/Mar/2021:09:13:26 +0800] "GET /xingrg/kc/buy/cgsh_order_add.html HTTP/1.1" 200 61746
116.224.253.72 - - [15/Mar/2021:09:13:26 +0800] "GET /xingrg/javascript/easyui/themes/default/validatebox.css HTTP/1.1" 404 1104
116.224.253.72 - - [15/Mar/2021:09:13:26 +0800] "POST /xingrg/kc/buy/cgsh_order_operate.html HTTP/1.1" 200 8245
116.224.253.72 - - [15/Mar/2021:09:13:27 +0800] "GET /xingrg/javascript/auto/indicator.gif HTTP/1.1" 404 1066
114.86.227.50 - - [15/Mar/2021:09:13:28 +0800] "GET /xingrg/all/function/internal_message.html?_=1615770809317&CODE_STATE=getMsg HTTP/1.1" 200 27
117.185.32.26 - - [15/Mar/2021:09:13:31 +0800] "GET /xingrg/all/function/internal_message.html?_=1615770829596&CODE_STATE=getMsg HTTP/1.1" 200 27
116.224.253.72 - - [15/Mar/2021:09:13:31 +0800] "GET /xingrg/all/function/internal_message.html?_=1615770769787&CODE_STATE=getMsg HTTP/1.1" 200 27
114.86.227.50 - - [15/Mar/2021:09:13:32 +0800] "POST /xingrg/dwr/call/plaincall/AjaxCheckService.setItemNumber.dwr HTTP/1.1" 200 77
116.224.253.72 - - [15/Mar/2021:09:13:34 +0800] "GET /xingrg/kc/buy/cgsh_order_operate.html?command=get_materiel&rest_code=00151&code=00101009001&supplier_code=00100424&order_time=2021-03-15 HTTP/1.1" 200 416
61.165.42.208 - - [15/Mar/2021:09:13:38 +0800] "GET /xingrg/all/function/internal_message.html?_=1615770818551&CODE_STATE=getMsg HTTP/1.1" 200 27
101.228.165.174 - - [15/Mar/2021:09:13:39 +0800] "GET /xingrg/check_reg.html?_=1615770820235 HTTP/1.1" 200 22
222.70.209.13 - - [15/Mar/2021:09:13:39 +0800] "GET /xingrg/all/function/internal_message.html?_=1615770819245&CODE_STATE=getMsg HTTP/1.1" 302 -
114.86.227.50 - - [15/Mar/2021:09:13:41 +0800] "POST /xingrg/dwr/call/plaincall/AjaxCheckService.setItemNumber.dwr HTTP/1.1" 200 78
116.235.216.75 - - [15/Mar/2021:09:13:41 +0800] "GET /xingrg/all/function/internal_message.html?_=1615770820937&CODE_STATE=getMsg HTTP/1.1" 200 27
114.86.227.50 - - [15/Mar/2021:09:13:42 +0800] "POST /xingrg/dwr/call/plaincall/AjaxCheckService.setItemNumber.dwr HTTP/1.1" 200 78
114.86.227.50 - - [15/Mar/2021:09:13:42 +0800] "POST /xingrg/dwr/call/plaincall/AjaxCheckService.setItemNumber.dwr HTTP/1.1" 200 78
58.40.7.146 - - [15/Mar/2021:09:13:43 +0800] "GET /xingrg/all/function/internal_message.html?_=1615770822896&CODE_STATE=getMsg HTTP/1.1" 302 -
114.86.227.50 - - [15/Mar/2021:09:13:43 +0800] "POST /xingrg/dwr/call/plaincall/AjaxCheckService.setItemNumber.dwr HTTP/1.1" 200 78
114.86.227.50 - - [15/Mar/2021:09:13:43 +0800] "POST /xingrg/dwr/call/plaincall/AjaxCheckService.setItemNumber.dwr HTTP/1.1" 200 78
114.86.227.50 - - [15/Mar/2021:09:13:43 +0800] "POST /xingrg/dwr/call/plaincall/AjaxCheckService.setItemNumber.dwr HTTP/1.1" 200 78
101.228.165.174 - - [15/Mar/2021:09:13:44 +0800] "GET /xingrg/all/function/internal_message.html?_=1615770825340&CODE_STATE=getMsg HTTP/1.1" 302 -
114.86.227.50 - - [15/Mar/2021:09:13:44 +0800] "POST /xingrg/dwr/call/plaincall/AjaxCheckService.setItemNumber.dwr HTTP/1.1" 200 78
114.86.227.50 - - [15/Mar/2021:09:13:45 +0800] "POST /xingrg/dwr/call/plaincall/AjaxCheckService.setItemNumber.dwr HTTP/1.1" 200 78
116.224.253.72 - - [15/Mar/2021:09:13:45 +0800] "GET /xingrg/kc/buy/cgsh_order_operate.html?command=get_materiel&rest_code=00151&code=00101009053&supplier_code=00100424&order_time=2021-03-15 HTTP/1.1" 200 408
114.86.227.50 - - [15/Mar/2021:09:13:45 +0800] "POST /xingrg/dwr/call/plaincall/AjaxCheckService.setItemNumber.dwr HTTP/1.1" 200 78
114.86.227.50 - - [15/Mar/2021:09:13:46 +0800] "POST /xingrg/dwr/call/plaincall/AjaxCheckService.setItemNumber.dwr HTTP/1.1" 200 78
114.86.227.50 - - [15/Mar/2021:09:13:46 +0800] "POST /xingrg/dwr/call/plaincall/AjaxCheckService.setItemNumber.dwr HTTP/1.1" 200 78
180.169.147.146 - - [15/Mar/2021:09:13:46 +0800] "GET /xingrg/all/function/internal_message.html?_=1615770827719&CODE_STATE=getMsg HTTP/1.1" 200 27
114.86.227.50 - - [15/Mar/2021:09:13:47 +0800] "POST /xingrg/dwr/call/plaincall/AjaxCheckService.setItemNumber.dwr HTTP/1.1" 200 78
222.69.137.247 - - [15/Mar/2021:09:13:47 +0800] "GET /xingrg/all/function/internal_message.html?_=1615770827873&CODE_STATE=getMsg HTTP/1.1" 200 27
114.86.227.50 - - [15/Mar/2021:09:13:47 +0800] "POST /xingrg/dwr/call/plaincall/AjaxCheckService.setItemNumber.dwr HTTP/1.1" 200 78
114.86.227.50 - - [15/Mar/2021:09:13:47 +0800] "POST /xingrg/dwr/call/plaincall/AjaxCheckService.setItemNumber.dwr HTTP/1.1" 200 78
116.224.253.72 - - [15/Mar/2021:09:13:48 +0800] "POST /xingrg/kc/buy/cgsh_order_operate.html HTTP/1.1" 200 37
114.86.227.50 - - [15/Mar/2021:09:13:48 +0800] "POST /xingrg/dwr/call/plaincall/AjaxCheckService.setItemNumber.dwr HTTP/1.1" 200 78
114.86.227.50 - - [15/Mar/2021:09:13:48 +0800] "POST /xingrg/dwr/call/plaincall/AjaxCheckService.setItemNumber.dwr HTTP/1.1" 200 78
114.86.227.50 - - [15/Mar/2021:09:13:49 +0800] "POST /xingrg/dwr/call/plaincall/AjaxCheckService.setItemNumber.dwr HTTP/1.1" 200 78
114.86.227.50 - - [15/Mar/2021:09:13:49 +0800] "POST /xingrg/dwr/call/plaincall/AjaxCheckService.setItemNumber.dwr HTTP/1.1" 200 78
114.86.227.50 - - [15/Mar/2021:09:13:49 +0800] "POST /xingrg/dwr/call/plaincall/AjaxCheckService.setItemNumber.dwr HTTP/1.1" 200 78
116.224.253.72 - - [15/Mar/2021:09:13:50 +0800] "POST /xingrg/kc/buy/cgsh_order_operate.html HTTP/1.1" 200 7985
114.88.166.193 - - [15/Mar/2021:09:13:50 +0800] "GET /xingrg/all/function/internal_message.html?_=1615771070272&CODE_STATE=getMsg HTTP/1.1" 302 -
114.86.227.50 - - [15/Mar/2021:09:13:50 +0800] "POST /xingrg/dwr/call/plaincall/AjaxCheckService.setItemNumber.dwr HTTP/1.1" 200 78
114.86.227.50 - - [15/Mar/2021:09:13:50 +0800] "POST /xingrg/dwr/call/plaincall/AjaxCheckService.setItemNumber.dwr HTTP/1.1" 200 78
180.169.147.146 - - [15/Mar/2021:09:13:51 +0800] "GET /xingrg/all/function/internal_message.html?_=1615770827108&CODE_STATE=getMsg HTTP/1.1" 200 27
114.86.227.50 - - [15/Mar/2021:09:13:51 +0800] "POST /xingrg/dwr/call/plaincall/AjaxCheckService.setItemNumber.dwr HTTP/1.1" 200 78
114.86.227.50 - - [15/Mar/2021:09:13:51 +0800] "POST /xingrg/dwr/call/plaincall/AjaxCheckService.setItemNumber.dwr HTTP/1.1" 200 78
101.228.165.174 - - [15/Mar/2021:09:13:52 +0800] "GET /xingrg/all/function/internal_message.html?_=1615770833169&CODE_STATE=getMsg HTTP/1.1" 302 -
114.86.227.50 - - [15/Mar/2021:09:13:52 +0800] "POST /xingrg/dwr/call/plaincall/AjaxCheckService.setItemNumber.dwr HTTP/1.1" 200 78
114.88.166.193 - - [15/Mar/2021:09:13:55 +0800] "GET /xingrg/all/function/internal_message.html?_=1615770834035&CODE_STATE=getMsg HTTP/1.1" 200 27
222.70.216.222 - - [15/Mar/2021:09:13:55 +0800] "GET /xingrg/all/function/internal_message.html?_=1615770833440&CODE_STATE=getMsg HTTP/1.1" 200 27
180.169.147.146 - - [15/Mar/2021:09:13:57 +0800] "GET /xingrg/all/function/internal_message.html?_=1615770836654&CODE_STATE=getMsg HTTP/1.1" 302 -
222.70.209.13 - - [15/Mar/2021:09:13:57 +0800] "GET /xingrg/check_reg.html?_=1615770836952 HTTP/1.1" 302 -
114.86.227.50 - - [15/Mar/2021:09:13:57 +0800] "POST /xingrg/dwr/call/plaincall/AjaxCheckService.setItemNumber.dwr HTTP/1.1" 200 78
114.86.227.50 - - [15/Mar/2021:09:13:58 +0800] "POST /xingrg/dwr/call/plaincall/AjaxCheckService.setItemNumber.dwr HTTP/1.1" 200 78
114.86.227.50 - - [15/Mar/2021:09:13:58 +0800] "POST /xingrg/dwr/call/plaincall/AjaxCheckService.setItemNumber.dwr HTTP/1.1" 200 78
114.86.227.50 - - [15/Mar/2021:09:13:59 +0800] "POST /xingrg/dwr/call/plaincall/AjaxCheckService.setItemNumber.dwr HTTP/1.1" 200 78
114.86.227.50 - - [15/Mar/2021:09:13:59 +0800] "POST /xingrg/dwr/call/plaincall/AjaxCheckService.setItemNumber.dwr HTTP/1.1" 200 78
114.86.227.50 - - [15/Mar/2021:09:14:00 +0800] "POST /xingrg/dwr/call/plaincall/AjaxCheckService.setItemNumber.dwr HTTP/1.1" 200 78
114.86.227.50 - - [15/Mar/2021:09:14:00 +0800] "POST /xingrg/dwr/call/plaincall/AjaxCheckService.setItemNumber.dwr HTTP/1.1" 200 78
114.86.227.50 - - [15/Mar/2021:09:14:00 +0800] "POST /xingrg/dwr/call/plaincall/AjaxCheckService.setItemNumber.dwr HTTP/1.1" 200 78
114.86.227.50 - - [15/Mar/2021:09:14:01 +0800] "POST /xingrg/dwr/call/plaincall/AjaxCheckService.setItemNumber.dwr HTTP/1.1" 200 78
114.86.227.50 - - [15/Mar/2021:09:14:01 +0800] "POST /xingrg/dwr/call/plaincall/AjaxCheckService.setItemNumber.dwr HTTP/1.1" 200 78
114.86.227.50 - - [15/Mar/2021:09:14:01 +0800] "POST /xingrg/dwr/call/plaincall/AjaxCheckService.setItemNumber.dwr HTTP/1.1" 200 78
114.86.227.50 - - [15/Mar/2021:09:14:02 +0800] "POST /xingrg/dwr/call/plaincall/AjaxCheckService.setItemNumber.dwr HTTP/1.1" 200 78
114.86.227.50 - - [15/Mar/2021:09:14:03 +0800] "POST /xingrg/dwr/call/plaincall/AjaxCheckService.setItemNumber.dwr HTTP/1.1" 200 78
114.86.227.50 - - [15/Mar/2021:09:14:03 +0800] "POST /xingrg/dwr/call/plaincall/AjaxCheckService.setItemNumber.dwr HTTP/1.1" 200 78
114.86.227.50 - - [15/Mar/2021:09:14:03 +0800] "POST /xingrg/dwr/call/plaincall/AjaxCheckService.setItemNumber.dwr HTTP/1.1" 200 78
114.86.227.50 - - [15/Mar/2021:09:14:04 +0800] "POST /xingrg/dwr/call/plaincall/AjaxCheckService.setItemNumber.dwr HTTP/1.1" 200 78
114.86.227.50 - - [15/Mar/2021:09:14:04 +0800] "POST /xingrg/dwr/call/plaincall/AjaxCheckService.setItemNumber.dwr HTTP/1.1" 200 78
114.86.227.50 - - [15/Mar/2021:09:14:04 +0800] "POST /xingrg/dwr/call/plaincall/AjaxCheckService.setItemNumber.dwr HTTP/1.1" 200 78
114.86.227.50 - - [15/Mar/2021:09:14:05 +0800] "POST /xingrg/dwr/call/plaincall/AjaxCheckService.setItemNumber.dwr HTTP/1.1" 200 78
114.86.227.50 - - [15/Mar/2021:09:14:05 +0800] "POST /xingrg/dwr/call/plaincall/AjaxCheckService.setItemNumber.dwr HTTP/1.1" 200 78
114.86.227.50 - - [15/Mar/2021:09:14:06 +0800] "POST /xingrg/dwr/call/plaincall/AjaxCheckService.setItemNumber.dwr HTTP/1.1" 200 78
114.86.227.50 - - [15/Mar/2021:09:14:06 +0800] "POST /xingrg/dwr/call/plaincall/AjaxCheckService.setItemNumber.dwr HTTP/1.1" 200 78
114.86.227.50 - - [15/Mar/2021:09:14:07 +0800] "POST /xingrg/dwr/call/plaincall/AjaxCheckService.setItemNumber.dwr HTTP/1.1" 200 78
114.86.227.50 - - [15/Mar/2021:09:14:07 +0800] "POST /xingrg/dwr/call/plaincall/AjaxCheckService.setItemNumber.dwr HTTP/1.1" 200 78
101.228.165.174 - - [15/Mar/2021:09:14:07 +0800] "GET /xingrg/check_reg.html?_=1615770848841 HTTP/1.1" 302 -
114.86.227.50 - - [15/Mar/2021:09:14:08 +0800] "POST /xingrg/dwr/call/plaincall/AjaxCheckService.setItemNumber.dwr HTTP/1.1" 200 78
120.253.135.82 - - [15/Mar/2021:09:14:12 +0800] "GET /xingrg/all/function/internal_message.html?_=1615770910081&CODE_STATE=getMsg HTTP/1.1" 200 27
114.86.227.50 - - [15/Mar/2021:09:14:12 +0800] "POST /xingrg/dwr/call/plaincall/AjaxCheckService.setItemNumber.dwr HTTP/1.1" 200 78
114.86.227.50 - - [15/Mar/2021:09:14:14 +0800] "POST /xingrg/dwr/call/plaincall/AjaxCheckService.setItemNumber.dwr HTTP/1.1" 200 78
114.86.227.50 - - [15/Mar/2021:09:14:14 +0800] "POST /xingrg/dwr/call/plaincall/AjaxCheckService.setItemNumber.dwr HTTP/1.1" 200 78
116.224.253.72 - - [15/Mar/2021:09:14:15 +0800] "GET /xingrg/kc/buy/cgsh_order_operate.html?command=get_materiel&rest_code=00151&code=00101009029&supplier_code=00100424&order_time=2021-03-15 HTTP/1.1" 200 408
114.86.227.50 - - [15/Mar/2021:09:14:15 +0800] "POST /xingrg/dwr/call/plaincall/AjaxCheckService.setItemNumber.dwr HTTP/1.1" 200 78
114.86.227.50 - - [15/Mar/2021:09:14:15 +0800] "POST /xingrg/dwr/call/plaincall/AjaxCheckService.setItemNumber.dwr HTTP/1.1" 200 78
114.86.227.50 - - [15/Mar/2021:09:14:16 +0800] "POST /xingrg/dwr/call/plaincall/AjaxCheckService.setItemNumber.dwr HTTP/1.1" 200 78
114.86.227.50 - - [15/Mar/2021:09:14:16 +0800] "POST /xingrg/dwr/call/plaincall/AjaxCheckService.setItemNumber.dwr HTTP/1.1" 200 78
116.224.253.72 - - [15/Mar/2021:09:14:17 +0800] "GET /xingrg/all/function/internal_message.html?_=1615770856704&CODE_STATE=getMsg HTTP/1.1" 200 27
114.86.227.50 - - [15/Mar/2021:09:14:17 +0800] "POST /xingrg/dwr/call/plaincall/AjaxCheckService.setItemNumber.dwr HTTP/1.1" 200 78
114.86.227.50 - - [15/Mar/2021:09:14:17 +0800] "POST /xingrg/dwr/call/plaincall/AjaxCheckService.setItemNumber.dwr HTTP/1.1" 200 78
114.86.227.50 - - [15/Mar/2021:09:14:18 +0800] "POST /xingrg/dwr/call/plaincall/AjaxCheckService.setItemNumber.dwr HTTP/1.1" 200 78
114.86.227.50 - - [15/Mar/2021:09:14:18 +0800] "POST /xingrg/dwr/call/plaincall/AjaxCheckService.setItemNumber.dwr HTTP/1.1" 200 78
114.86.227.50 - - [15/Mar/2021:09:14:19 +0800] "POST /xingrg/dwr/call/plaincall/AjaxCheckService.setItemNumber.dwr HTTP/1.1" 200 78
101.228.165.174 - - [15/Mar/2021:09:14:19 +0800] "GET /xingrg/all/function/internal_message.html?_=1615770860974&CODE_STATE=getMsg HTTP/1.1" 200 27
114.86.227.50 - - [15/Mar/2021:09:14:19 +0800] "POST /xingrg/dwr/call/plaincall/AjaxCheckService.setItemNumber.dwr HTTP/1.1" 200 78
114.86.227.50 - - [15/Mar/2021:09:14:20 +0800] "POST /xingrg/dwr/call/plaincall/AjaxCheckService.setItemNumber.dwr HTTP/1.1" 200 78
114.86.227.50 - - [15/Mar/2021:09:14:20 +0800] "POST /xingrg/dwr/call/plaincall/AjaxCheckService.setItemNumber.dwr HTTP/1.1" 200 78
114.86.227.50 - - [15/Mar/2021:09:14:21 +0800] "POST /xingrg/dwr/call/plaincall/AjaxCheckService.setItemNumber.dwr HTTP/1.1" 200 78
114.86.227.50 - - [15/Mar/2021:09:14:21 +0800] "POST /xingrg/dwr/call/plaincall/AjaxCheckService.setItemNumber.dwr HTTP/1.1" 200 78
114.86.227.50 - - [15/Mar/2021:09:14:22 +0800] "POST /xingrg/dwr/call/plaincall/AjaxCheckService.setItemNumber.dwr HTTP/1.1" 200 78
114.86.227.50 - - [15/Mar/2021:09:14:22 +0800] "POST /xingrg/dwr/call/plaincall/AjaxCheckService.setItemNumber.dwr HTTP/1.1" 200 78
114.86.227.50 - - [15/Mar/2021:09:14:23 +0800] "POST /xingrg/dwr/call/plaincall/AjaxCheckService.setItemNumber.dwr HTTP/1.1" 200 78
114.86.227.50 - - [15/Mar/2021:09:14:23 +0800] "POST /xingrg/dwr/call/plaincall/AjaxCheckService.setItemNumber.dwr HTTP/1.1" 200 78
114.86.227.50 - - [15/Mar/2021:09:14:23 +0800] "POST /xingrg/dwr/call/plaincall/AjaxCheckService.setItemNumber.dwr HTTP/1.1" 200 78
114.86.227.50 - - [15/Mar/2021:09:14:24 +0800] "POST /xingrg/dwr/call/plaincall/AjaxCheckService.setItemNumber.dwr HTTP/1.1" 200 78
114.86.227.50 - - [15/Mar/2021:09:14:25 +0800] "POST /xingrg/dwr/call/plaincall/AjaxCheckService.setItemNumber.dwr HTTP/1.1" 200 78
58.37.230.33 - - [15/Mar/2021:09:14:25 +0800] "GET /xingrg/all/function/internal_message.html?_=1615770874704&CODE_STATE=getMsg HTTP/1.1" 200 27
114.86.227.50 - - [15/Mar/2021:09:14:25 +0800] "POST /xingrg/dwr/call/plaincall/AjaxCheckService.setItemNumber.dwr HTTP/1.1" 200 78
114.86.227.50 - - [15/Mar/2021:09:14:26 +0800] "POST /xingrg/dwr/call/plaincall/AjaxCheckService.setItemNumber.dwr HTTP/1.1" 200 78
114.86.227.50 - - [15/Mar/2021:09:14:26 +0800] "POST /xingrg/dwr/call/plaincall/AjaxCheckService.setItemNumber.dwr HTTP/1.1" 200 78
114.86.227.50 - - [15/Mar/2021:09:14:26 +0800] "POST /xingrg/dwr/call/plaincall/AjaxCheckService.setItemNumber.dwr HTTP/1.1" 200 78
114.86.227.50 - - [15/Mar/2021:09:14:27 +0800] "POST /xingrg/dwr/call/plaincall/AjaxCheckService.setItemNumber.dwr HTTP/1.1" 200 78
114.86.227.50 - - [15/Mar/2021:09:14:27 +0800] "POST /xingrg/dwr/call/plaincall/AjaxCheckService.setItemNumber.dwr HTTP/1.1" 200 78
114.86.227.50 - - [15/Mar/2021:09:14:28 +0800] "GET /xingrg/check_reg.html?_=1615770869332 HTTP/1.1" 200 22
114.86.227.50 - - [15/Mar/2021:09:14:28 +0800] "GET /xingrg/all/function/internal_message.html?_=1615770869332&CODE_STATE=getMsg HTTP/1.1" 200 27
114.86.227.50 - - [15/Mar/2021:09:14:28 +0800] "POST /xingrg/dwr/call/plaincall/AjaxCheckService.setItemNumber.dwr HTTP/1.1" 200 78
114.86.227.50 - - [15/Mar/2021:09:14:28 +0800] "POST /xingrg/dwr/call/plaincall/AjaxCheckService.setItemNumber.dwr HTTP/1.1" 200 78
114.86.227.50 - - [15/Mar/2021:09:14:29 +0800] "POST /xingrg/dwr/call/plaincall/AjaxCheckService.setItemNumber.dwr HTTP/1.1" 200 78
114.86.227.50 - - [15/Mar/2021:09:14:29 +0800] "POST /xingrg/dwr/call/plaincall/AjaxCheckService.setItemNumber.dwr HTTP/1.1" 200 78
116.224.253.72 - - [15/Mar/2021:09:14:29 +0800] "GET /xingrg/kc/buy/cgsh_order_operate.html?command=get_materiel&rest_code=00151&code=00101009062&supplier_code=00100424&order_time=2021-03-15 HTTP/1.1" 200 412
114.86.227.50 - - [15/Mar/2021:09:14:30 +0800] "POST /xingrg/dwr/call/plaincall/AjaxCheckService.setItemNumber.dwr HTTP/1.1" 200 78
114.86.227.50 - - [15/Mar/2021:09:14:30 +0800] "POST /xingrg/dwr/call/plaincall/AjaxCheckService.setItemNumber.dwr HTTP/1.1" 200 78
114.86.227.50 - - [15/Mar/2021:09:14:30 +0800] "POST /xingrg/dwr/call/plaincall/AjaxCheckService.setItemNumber.dwr HTTP/1.1" 200 78
114.86.227.50 - - [15/Mar/2021:09:14:31 +0800] "POST /xingrg/dwr/call/plaincall/AjaxCheckService.setItemNumber.dwr HTTP/1.1" 200 78
117.185.32.26 - - [15/Mar/2021:09:14:31 +0800] "GET /xingrg/all/function/internal_message.html?_=1615770889571&CODE_STATE=getMsg HTTP/1.1" 200 27
114.86.227.50 - - [15/Mar/2021:09:14:31 +0800] "POST /xingrg/dwr/call/plaincall/AjaxCheckService.setItemNumber.dwr HTTP/1.1" 200 78
116.224.253.72 - - [15/Mar/2021:09:14:31 +0800] "GET /xingrg/all/function/internal_message.html?_=1615770829789&CODE_STATE=getMsg HTTP/1.1" 200 27
114.86.227.50 - - [15/Mar/2021:09:14:31 +0800] "POST /xingrg/dwr/call/plaincall/AjaxCheckService.setItemNumber.dwr HTTP/1.1" 200 78
114.86.227.50 - - [15/Mar/2021:09:14:32 +0800] "POST /xingrg/dwr/call/plaincall/AjaxCheckService.setItemNumber.dwr HTTP/1.1" 200 78
114.86.227.50 - - [15/Mar/2021:09:14:32 +0800] "POST /xingrg/dwr/call/plaincall/AjaxCheckService.setItemNumber.dwr HTTP/1.1" 200 78
114.86.227.50 - - [15/Mar/2021:09:14:33 +0800] "POST /xingrg/dwr/call/plaincall/AjaxCheckService.setItemNumber.dwr HTTP/1.1" 200 78
114.86.227.50 - - [15/Mar/2021:09:14:33 +0800] "POST /xingrg/dwr/call/plaincall/AjaxCheckService.setItemNumber.dwr HTTP/1.1" 200 78
114.86.227.50 - - [15/Mar/2021:09:14:34 +0800] "POST /xingrg/dwr/call/plaincall/AjaxCheckService.setItemNumber.dwr HTTP/1.1" 200 78
114.86.227.50 - - [15/Mar/2021:09:14:34 +0800] "POST /xingrg/dwr/call/plaincall/AjaxCheckService.setItemNumber.dwr HTTP/1.1" 200 78
116.224.253.72 - - [15/Mar/2021:09:14:36 +0800] "GET /xingrg/kc/buy/cgsh_order_operate.html?command=get_materiel&rest_code=00151&code=00101009088&supplier_code=00100424&order_time=2021-03-15 HTTP/1.1" 200 391
61.165.42.208 - - [15/Mar/2021:09:14:38 +0800] "GET /xingrg/all/function/internal_message.html?_=1615770878520&CODE_STATE=getMsg HTTP/1.1" 200 27
222.70.209.13 - - [15/Mar/2021:09:14:39 +0800] "GET /xingrg/all/function/internal_message.html?_=1615770879298&CODE_STATE=getMsg HTTP/1.1" 302 -
116.235.216.75 - - [15/Mar/2021:09:14:41 +0800] "GET /xingrg/all/function/internal_message.html?_=1615770880921&CODE_STATE=getMsg HTTP/1.1" 200 27
222.69.137.247 - - [15/Mar/2021:09:14:41 +0800] "POST /xingrg/services/DataTransmitService HTTP/1.1" 200 524
222.69.137.247 - - [15/Mar/2021:09:14:42 +0800] "POST /xingrg/services/DataTransmitService HTTP/1.1" 200 1975
58.40.7.146 - - [15/Mar/2021:09:14:43 +0800] "GET /xingrg/all/function/internal_message.html?_=1615770882900&CODE_STATE=getMsg HTTP/1.1" 302 -
222.69.137.247 - - [15/Mar/2021:09:14:43 +0800] "POST /xingrg/services/DataTransmitService HTTP/1.1" 200 524
222.69.137.247 - - [15/Mar/2021:09:14:44 +0800] "POST /xingrg/services/DataTransmitService HTTP/1.1" 200 1975
101.228.165.174 - - [15/Mar/2021:09:14:44 +0800] "GET /xingrg/all/function/internal_message.html?_=1615770885352&CODE_STATE=getMsg HTTP/1.1" 302 -
114.86.227.50 - - [15/Mar/2021:09:14:44 +0800] "POST /xingrg/dwr/call/plaincall/AjaxCheckService.setItemNumber.dwr HTTP/1.1" 200 78
114.86.227.50 - - [15/Mar/2021:09:14:45 +0800] "POST /xingrg/dwr/call/plaincall/AjaxCheckService.setItemNumber.dwr HTTP/1.1" 200 78
114.86.227.50 - - [15/Mar/2021:09:14:45 +0800] "POST /xingrg/dwr/call/plaincall/AjaxCheckService.setItemNumber.dwr HTTP/1.1" 200 78
114.86.227.50 - - [15/Mar/2021:09:14:46 +0800] "POST /xingrg/dwr/call/plaincall/AjaxCheckService.setItemNumber.dwr HTTP/1.1" 200 78
114.86.227.50 - - [15/Mar/2021:09:14:46 +0800] "POST /xingrg/dwr/call/plaincall/AjaxCheckService.setItemNumber.dwr HTTP/1.1" 200 78
180.169.147.146 - - [15/Mar/2021:09:14:46 +0800] "GET /xingrg/all/function/internal_message.html?_=1615770887719&CODE_STATE=getMsg HTTP/1.1" 200 27
222.69.137.247 - - [15/Mar/2021:09:14:47 +0800] "GET /xingrg/all/function/internal_message.html?_=1615770887847&CODE_STATE=getMsg HTTP/1.1" 200 27
114.86.227.50 - - [15/Mar/2021:09:14:47 +0800] "POST /xingrg/dwr/call/plaincall/AjaxCheckService.setItemNumber.dwr HTTP/1.1" 200 78
114.86.227.50 - - [15/Mar/2021:09:14:48 +0800] "POST /xingrg/dwr/call/plaincall/AjaxCheckService.setItemNumber.dwr HTTP/1.1" 200 78
58.37.192.63 - - [15/Mar/2021:09:14:49 +0800] "GET /xingrg/login.html HTTP/1.1" 200 7641
114.86.227.50 - - [15/Mar/2021:09:14:49 +0800] "POST /xingrg/dwr/call/plaincall/AjaxCheckService.setItemNumber.dwr HTTP/1.1" 200 78
58.37.192.63 - - [15/Mar/2021:09:14:49 +0800] "GET /favicon.ico HTTP/1.1" 404 -
116.224.253.72 - - [15/Mar/2021:09:14:49 +0800] "GET /xingrg/kc/buy/cgsh_order_operate.html?command=get_materiel&rest_code=00151&code=00101009006&supplier_code=00100424&order_time=2021-03-15 HTTP/1.1" 200 408
114.86.227.50 - - [15/Mar/2021:09:14:49 +0800] "POST /xingrg/dwr/call/plaincall/AjaxCheckService.setItemNumber.dwr HTTP/1.1" 200 78
114.86.227.50 - - [15/Mar/2021:09:14:50 +0800] "POST /xingrg/dwr/call/plaincall/AjaxCheckService.setItemNumber.dwr HTTP/1.1" 200 78
114.88.166.193 - - [15/Mar/2021:09:14:50 +0800] "GET /xingrg/all/function/internal_message.html?_=1615771130245&CODE_STATE=getMsg HTTP/1.1" 302 -
114.86.227.50 - - [15/Mar/2021:09:14:51 +0800] "POST /xingrg/dwr/call/plaincall/AjaxCheckService.setItemNumber.dwr HTTP/1.1" 200 78
180.169.147.146 - - [15/Mar/2021:09:14:51 +0800] "GET /xingrg/all/function/internal_message.html?_=1615770887087&CODE_STATE=getMsg HTTP/1.1" 200 27
114.86.227.50 - - [15/Mar/2021:09:14:51 +0800] "POST /xingrg/dwr/call/plaincall/AjaxCheckService.setItemNumber.dwr HTTP/1.1" 200 78
114.86.227.50 - - [15/Mar/2021:09:14:51 +0800] "POST /xingrg/dwr/call/plaincall/AjaxCheckService.setItemNumber.dwr HTTP/1.1" 200 78
114.86.227.50 - - [15/Mar/2021:09:14:52 +0800] "POST /xingrg/dwr/call/plaincall/AjaxCheckService.setItemNumber.dwr HTTP/1.1" 200 78
101.228.165.174 - - [15/Mar/2021:09:14:52 +0800] "GET /xingrg/all/function/internal_message.html?_=1615770893194&CODE_STATE=getMsg HTTP/1.1" 302 -
114.86.227.50 - - [15/Mar/2021:09:14:52 +0800] "POST /xingrg/dwr/call/plaincall/AjaxCheckService.setItemNumber.dwr HTTP/1.1" 200 78
114.86.227.50 - - [15/Mar/2021:09:14:52 +0800] "POST /xingrg/dwr/call/plaincall/AjaxCheckService.setItemNumber.dwr HTTP/1.1" 200 78
114.86.227.50 - - [15/Mar/2021:09:14:53 +0800] "POST /xingrg/dwr/call/plaincall/AjaxCheckService.setItemNumber.dwr HTTP/1.1" 200 78
114.86.227.50 - - [15/Mar/2021:09:14:53 +0800] "POST /xingrg/dwr/call/plaincall/AjaxCheckService.setItemNumber.dwr HTTP/1.1" 200 78
114.86.227.50 - - [15/Mar/2021:09:14:54 +0800] "POST /xingrg/dwr/call/plaincall/AjaxCheckService.setItemNumber.dwr HTTP/1.1" 200 78
114.86.227.50 - - [15/Mar/2021:09:14:54 +0800] "POST /xingrg/dwr/call/plaincall/AjaxCheckService.setItemNumber.dwr HTTP/1.1" 200 78
116.224.253.72 - - [15/Mar/2021:09:14:54 +0800] "GET /xingrg/kc/buy/cgsh_order_operate.html?command=get_materiel&rest_code=00151&code=00101009031&supplier_code=00100424&order_time=2021-03-15 HTTP/1.1" 200 409
114.86.227.50 - - [15/Mar/2021:09:14:54 +0800] "POST /xingrg/dwr/call/plaincall/AjaxCheckService.setItemNumber.dwr HTTP/1.1" 200 78
114.86.227.50 - - [15/Mar/2021:09:14:55 +0800] "POST /xingrg/dwr/call/plaincall/AjaxCheckService.setItemNumber.dwr HTTP/1.1" 200 78
114.88.166.193 - - [15/Mar/2021:09:14:55 +0800] "GET /xingrg/all/function/internal_message.html?_=1615770894048&CODE_STATE=getMsg HTTP/1.1" 200 27
222.70.216.222 - - [15/Mar/2021:09:14:55 +0800] "GET /xingrg/all/function/internal_message.html?_=1615770893426&CODE_STATE=getMsg HTTP/1.1" 200 27
114.86.227.50 - - [15/Mar/2021:09:14:55 +0800] "POST /xingrg/dwr/call/plaincall/AjaxCheckService.setItemNumber.dwr HTTP/1.1" 200 78
114.86.227.50 - - [15/Mar/2021:09:14:56 +0800] "POST /xingrg/dwr/call/plaincall/AjaxCheckService.setItemNumber.dwr HTTP/1.1" 200 78
114.86.227.50 - - [15/Mar/2021:09:14:56 +0800] "POST /xingrg/dwr/call/plaincall/AjaxCheckService.setItemNumber.dwr HTTP/1.1" 200 78
114.86.227.50 - - [15/Mar/2021:09:14:56 +0800] "POST /xingrg/dwr/call/plaincall/AjaxCheckService.setItemNumber.dwr HTTP/1.1" 200 78
180.169.147.146 - - [15/Mar/2021:09:14:57 +0800] "GET /xingrg/all/function/internal_message.html?_=1615770896668&CODE_STATE=getMsg HTTP/1.1" 302 -
114.86.227.50 - - [15/Mar/2021:09:14:57 +0800] "POST /xingrg/dwr/call/plaincall/AjaxCheckService.setItemNumber.dwr HTTP/1.1" 200 78
114.86.227.50 - - [15/Mar/2021:09:14:57 +0800] "POST /xingrg/dwr/call/plaincall/AjaxCheckService.setItemNumber.dwr HTTP/1.1" 200 78
222.69.137.247 - - [15/Mar/2021:09:14:57 +0800] "POST /xingrg/services/DataTransmitService HTTP/1.1" 200 524
114.86.227.50 - - [15/Mar/2021:09:14:58 +0800] "POST /xingrg/dwr/call/plaincall/AjaxCheckService.setItemNumber.dwr HTTP/1.1" 200 78
114.86.227.50 - - [15/Mar/2021:09:14:58 +0800] "POST /xingrg/dwr/call/plaincall/AjaxCheckService.setItemNumber.dwr HTTP/1.1" 200 78
114.86.227.50 - - [15/Mar/2021:09:14:58 +0800] "POST /xingrg/dwr/call/plaincall/AjaxCheckService.setItemNumber.dwr HTTP/1.1" 200 78
114.86.227.50 - - [15/Mar/2021:09:14:59 +0800] "POST /xingrg/dwr/call/plaincall/AjaxCheckService.setItemNumber.dwr HTTP/1.1" 200 78
114.86.227.50 - - [15/Mar/2021:09:14:59 +0800] "POST /xingrg/dwr/call/plaincall/AjaxCheckService.setItemNumber.dwr HTTP/1.1" 200 78
116.224.253.72 - - [15/Mar/2021:09:15:02 +0800] "GET /xingrg/kc/buy/cgsh_order_operate.html?command=get_materiel&rest_code=00151&code=00101009057&supplier_code=00100424&order_time=2021-03-15 HTTP/1.1" 200 408
114.86.227.50 - - [15/Mar/2021:09:15:03 +0800] "POST /xingrg/dwr/call/plaincall/AjaxCheckService.setItemNumber.dwr HTTP/1.1" 200 78
114.86.227.50 - - [15/Mar/2021:09:15:04 +0800] "POST /xingrg/dwr/call/plaincall/AjaxCheckService.setItemNumber.dwr HTTP/1.1" 200 78
114.86.227.50 - - [15/Mar/2021:09:15:04 +0800] "POST /xingrg/dwr/call/plaincall/AjaxCheckService.setItemNumber.dwr HTTP/1.1" 200 78
114.86.227.50 - - [15/Mar/2021:09:15:05 +0800] "POST /xingrg/dwr/call/plaincall/AjaxCheckService.setItemNumber.dwr HTTP/1.1" 200 78
114.86.227.50 - - [15/Mar/2021:09:15:05 +0800] "POST /xingrg/dwr/call/plaincall/AjaxCheckService.setItemNumber.dwr HTTP/1.1" 200 78
114.86.227.50 - - [15/Mar/2021:09:15:06 +0800] "POST /xingrg/dwr/call/plaincall/AjaxCheckService.setItemNumber.dwr HTTP/1.1" 200 78
114.86.227.50 - - [15/Mar/2021:09:15:06 +0800] "POST /xingrg/dwr/call/plaincall/AjaxCheckService.setItemNumber.dwr HTTP/1.1" 200 78
114.86.227.50 - - [15/Mar/2021:09:15:07 +0800] "POST /xingrg/dwr/call/plaincall/AjaxCheckService.setItemNumber.dwr HTTP/1.1" 200 78
116.224.253.72 - - [15/Mar/2021:09:15:08 +0800] "POST /xingrg/kc/buy/cgsh_order_operate.html HTTP/1.1" 200 37
114.86.227.50 - - [15/Mar/2021:09:15:08 +0800] "POST /xingrg/dwr/call/plaincall/AjaxCheckService.setItemNumber.dwr HTTP/1.1" 200 78
114.86.227.50 - - [15/Mar/2021:09:15:08 +0800] "POST /xingrg/dwr/call/plaincall/AjaxCheckService.setItemNumber.dwr HTTP/1.1" 200 78
116.224.253.72 - - [15/Mar/2021:09:15:09 +0800] "POST /xingrg/kc/buy/cgsh_order_operate.html HTTP/1.1" 200 6242
114.86.227.50 - - [15/Mar/2021:09:15:09 +0800] "POST /xingrg/dwr/call/plaincall/AjaxCheckService.setItemNumber.dwr HTTP/1.1" 200 78
114.86.227.50 - - [15/Mar/2021:09:15:09 +0800] "POST /xingrg/dwr/call/plaincall/AjaxCheckService.setItemNumber.dwr HTTP/1.1" 200 78
114.86.227.50 - - [15/Mar/2021:09:15:10 +0800] "POST /xingrg/dwr/call/plaincall/AjaxCheckService.setItemNumber.dwr HTTP/1.1" 200 78
114.86.227.50 - - [15/Mar/2021:09:15:10 +0800] "POST /xingrg/dwr/call/plaincall/AjaxCheckService.setItemNumber.dwr HTTP/1.1" 200 78
114.86.227.50 - - [15/Mar/2021:09:15:11 +0800] "POST /xingrg/dwr/call/plaincall/AjaxCheckService.setItemNumber.dwr HTTP/1.1" 200 78
114.86.227.50 - - [15/Mar/2021:09:15:11 +0800] "POST /xingrg/dwr/call/plaincall/AjaxCheckService.setItemNumber.dwr HTTP/1.1" 200 78
114.86.227.50 - - [15/Mar/2021:09:15:12 +0800] "POST /xingrg/dwr/call/plaincall/AjaxCheckService.setItemNumber.dwr HTTP/1.1" 200 78
120.253.135.82 - - [15/Mar/2021:09:15:12 +0800] "GET /xingrg/all/function/internal_message.html?_=1615770970090&CODE_STATE=getMsg HTTP/1.1" 200 27
114.86.227.50 - - [15/Mar/2021:09:15:12 +0800] "POST /xingrg/dwr/call/plaincall/AjaxCheckService.setItemNumber.dwr HTTP/1.1" 200 78
114.86.227.50 - - [15/Mar/2021:09:15:13 +0800] "POST /xingrg/dwr/call/plaincall/AjaxCheckService.setItemNumber.dwr HTTP/1.1" 200 78
116.224.253.72 - - [15/Mar/2021:09:15:16 +0800] "POST /xingrg/all/user/operate.html HTTP/1.1" 200 36
116.224.253.72 - - [15/Mar/2021:09:15:17 +0800] "GET /xingrg/index.html?sysBaseUrl=http%3A%2F%2F180.169.147.146%3A18081%2Fxingrg%2F&costTime=39×tamp=1615769048764 HTTP/1.1" 200 17179
116.224.253.72 - - [15/Mar/2021:09:15:17 +0800] "GET /xingrg/javascript/jquery_easy_ui/themes/default/easyui.css HTTP/1.1" 304 -
116.224.253.72 - - [15/Mar/2021:09:15:17 +0800] "GET /xingrg/javascript/jquery_easy_ui/themes/icon.css HTTP/1.1" 304 -
116.224.253.72 - - [15/Mar/2021:09:15:17 +0800] "GET /xingrg/css/form.css HTTP/1.1" 304 -
116.224.253.72 - - [15/Mar/2021:09:15:17 +0800] "GET /xingrg/javascript/jquery-1.4.2.min.js HTTP/1.1" 304 -
116.224.253.72 - - [15/Mar/2021:09:15:17 +0800] "GET /xingrg/javascript/jquery_easy_ui/jquery.easyui.min.js HTTP/1.1" 304 -
116.224.253.72 - - [15/Mar/2021:09:15:17 +0800] "GET /xingrg/javascript/jquery_easy_ui/easyui-lang-zh_CN.js HTTP/1.1" 304 -
116.224.253.72 - - [15/Mar/2021:09:15:17 +0800] "GET /xingrg/javascript/jquery.form.js HTTP/1.1" 304 -
116.224.253.72 - - [15/Mar/2021:09:15:17 +0800] "GET /xingrg/javascript/jquery.utils.js HTTP/1.1" 304 -
116.224.253.72 - - [15/Mar/2021:09:15:17 +0800] "GET /xingrg/javascript/jquery.timers.js HTTP/1.1" 304 -
116.224.253.72 - - [15/Mar/2021:09:15:17 +0800] "GET /xingrg/images/blue/jxLogo.png HTTP/1.1" 304 -
116.224.253.72 - - [15/Mar/2021:09:15:17 +0800] "GET /xingrg/images/blue/navBackgound.jpg HTTP/1.1" 304 -
116.224.253.72 - - [15/Mar/2021:09:15:17 +0800] "GET /xingrg/javascript/jquery_easy_ui/themes/icons/settle_new.png HTTP/1.1" 304 -
116.224.253.72 - - [15/Mar/2021:09:15:17 +0800] "POST /xingrg/all/common/load_tree.html?tree=area_rest_tree_json&manage=1 HTTP/1.1" 200 476
116.224.253.72 - - [15/Mar/2021:09:15:17 +0800] "GET /xingrg/all/function/internal_message.html?_=1615770916884&CODE_STATE=count HTTP/1.1" 200 11
116.224.253.72 - - [15/Mar/2021:09:15:17 +0800] "GET /xingrg/check_reg.html?_=1615770916885 HTTP/1.1" 200 22
116.224.253.72 - - [15/Mar/2021:09:15:17 +0800] "GET /xingrg/javascript/jquery_easy_ui/themes/default/images/tabs_leftarrow.png HTTP/1.1" 304 -
116.224.253.72 - - [15/Mar/2021:09:15:17 +0800] "GET /xingrg/javascript/jquery_easy_ui/themes/default/images/tabs_rightarrow.png HTTP/1.1" 304 -
116.224.253.72 - - [15/Mar/2021:09:15:17 +0800] "GET /xingrg/javascript/jquery_easy_ui/themes/default/images/panel_tool_collapse.gif HTTP/1.1" 304 -
116.224.253.72 - - [15/Mar/2021:09:15:17 +0800] "GET /xingrg/images/blue/pingpu.png HTTP/1.1" 304 -
116.224.253.72 - - [15/Mar/2021:09:15:17 +0800] "POST /xingrg/load_menu.html HTTP/1.1" 200 5138
116.224.253.72 - - [15/Mar/2021:09:15:19 +0800] "GET /xingrg/kc/buy/cgsh_order_list.html HTTP/1.1" 200 46372
101.228.165.174 - - [15/Mar/2021:09:15:19 +0800] "GET /xingrg/all/function/internal_message.html?_=1615770920988&CODE_STATE=getMsg HTTP/1.1" 200 27
116.224.253.72 - - [15/Mar/2021:09:15:21 +0800] "POST /xingrg/kc/buy/cgsh_list_operate.html HTTP/1.1" 200 2070
58.37.230.33 - - [15/Mar/2021:09:15:22 +0800] "GET /xingrg/kc/base/base_main.html HTTP/1.1" 302 -
58.37.230.33 - - [15/Mar/2021:09:15:22 +0800] "GET /xingrg/login.html HTTP/1.1" 200 7641
180.169.147.146 - - [15/Mar/2021:09:15:22 +0800] "GET /xingrg/check_reg.html?_=1615770918244 HTTP/1.1" 200 22
58.37.230.33 - - [15/Mar/2021:09:15:22 +0800] "GET /xingrg/login.html HTTP/1.1" 200 7641
58.37.230.33 - - [15/Mar/2021:09:15:22 +0800] "GET /favicon.ico HTTP/1.1" 404 -
116.224.253.72 - - [15/Mar/2021:09:15:23 +0800] "POST /xingrg/kc/buy/cgsh_list_operate.html HTTP/1.1" 200 564
58.37.230.33 - - [15/Mar/2021:09:15:23 +0800] "POST /xingrg/login.do HTTP/1.1" 302 -
58.37.230.33 - - [15/Mar/2021:09:15:23 +0800] "GET /xingrg/index.html?sysBaseUrl=http%3A%2F%2F180.169.147.146%3A18081%2Fxingrg%2F&costTime=38×tamp=1615770923725 HTTP/1.1" 200 17179
58.37.230.33 - - [15/Mar/2021:09:15:23 +0800] "POST /xingrg/all/common/load_tree.html?tree=area_rest_tree_json&manage=1 HTTP/1.1" 200 351
58.37.230.33 - - [15/Mar/2021:09:15:23 +0800] "GET /xingrg/check_reg.html?_=1615770915668 HTTP/1.1" 200 22
58.37.230.33 - - [15/Mar/2021:09:15:23 +0800] "GET /xingrg/all/function/internal_message.html?_=1615770915667&CODE_STATE=count HTTP/1.1" 200 11
58.37.230.33 - - [15/Mar/2021:09:15:23 +0800] "GET /favicon.ico HTTP/1.1" 404 -
58.37.230.33 - - [15/Mar/2021:09:15:23 +0800] "POST /xingrg/load_menu.html HTTP/1.1" 200 5138
116.224.253.72 - - [15/Mar/2021:09:15:24 +0800] "GET /xingrg/kc/buy/cgsh_order_info.html?code=212021031506278 HTTP/1.1" 200 62037
116.224.253.72 - - [15/Mar/2021:09:15:24 +0800] "GET /xingrg/javascript/easyui/themes/default/validatebox.css HTTP/1.1" 404 1104
116.224.253.72 - - [15/Mar/2021:09:15:25 +0800] "POST /xingrg/kc/buy/cgsh_order_operate.html HTTP/1.1" 200 26293
58.37.230.33 - - [15/Mar/2021:09:15:25 +0800] "GET /xingrg/all/function/internal_message.html?_=1615770934718&CODE_STATE=getMsg HTTP/1.1" 200 27
114.86.227.50 - - [15/Mar/2021:09:15:28 +0800] "GET /xingrg/all/function/internal_message.html?_=1615770929308&CODE_STATE=getMsg HTTP/1.1" 200 27
117.185.32.26 - - [15/Mar/2021:09:15:31 +0800] "GET /xingrg/all/function/internal_message.html?_=1615770949552&CODE_STATE=getMsg HTTP/1.1" 200 27
116.224.253.72 - - [15/Mar/2021:09:15:31 +0800] "GET /xingrg/all/function/internal_message.html?_=1615770889802&CODE_STATE=getMsg HTTP/1.1" 200 27
101.228.165.73 - - [15/Mar/2021:09:15:32 +0800] "POST /xingrg/services/DataTransmitService HTTP/1.1" 200 524
101.228.165.73 - - [15/Mar/2021:09:15:32 +0800] "POST /xingrg/services/DataTransmitService HTTP/1.1" 200 2167
101.228.165.73 - - [15/Mar/2021:09:15:33 +0800] "POST /xingrg/services/DataTransmitService HTTP/1.1" 200 178392
101.228.165.174 - - [15/Mar/2021:09:15:35 +0800] "GET /xingrg/check_reg.html?_=1615770936368 HTTP/1.1" 302 -
61.165.42.208 - - [15/Mar/2021:09:15:38 +0800] "GET /xingrg/all/function/internal_message.html?_=1615770938500&CODE_STATE=getMsg HTTP/1.1" 200 27
61.165.42.208 - - [15/Mar/2021:09:15:38 +0800] "GET /xingrg/check_reg.html?_=1615770938876 HTTP/1.1" 200 22
222.70.209.13 - - [15/Mar/2021:09:15:39 +0800] "GET /xingrg/all/function/internal_message.html?_=1615770939305&CODE_STATE=getMsg HTTP/1.1" 302 -
116.235.216.75 - - [15/Mar/2021:09:15:41 +0800] "GET /xingrg/check_reg.html?_=1615770940584 HTTP/1.1" 200 22
116.235.216.75 - - [15/Mar/2021:09:15:42 +0800] "GET /xingrg/all/function/internal_message.html?_=1615770940980&CODE_STATE=getMsg HTTP/1.1" 200 27
58.40.7.146 - - [15/Mar/2021:09:15:43 +0800] "GET /xingrg/check_reg.html?_=1615770942887 HTTP/1.1" 302 -
58.40.7.146 - - [15/Mar/2021:09:15:43 +0800] "GET /xingrg/all/function/internal_message.html?_=1615770942888&CODE_STATE=getMsg HTTP/1.1" 302 -
58.37.230.33 - - [15/Mar/2021:09:15:43 +0800] "GET /xingrg/kc/base/base_main.html HTTP/1.1" 200 12142
101.228.165.174 - - [15/Mar/2021:09:15:44 +0800] "GET /xingrg/all/function/internal_message.html?_=1615770945412&CODE_STATE=getMsg HTTP/1.1" 302 -
58.37.230.33 - - [15/Mar/2021:09:15:45 +0800] "GET /xingrg/kc/base/check_order_list.html HTTP/1.1" 200 16470
58.37.230.33 - - [15/Mar/2021:09:15:45 +0800] "POST /xingrg/kc/base/check_list_operate.html HTTP/1.1" 200 3585
180.169.147.146 - - [15/Mar/2021:09:15:46 +0800] "GET /xingrg/all/function/internal_message.html?_=1615770947721&CODE_STATE=getMsg HTTP/1.1" 200 27
222.69.137.247 - - [15/Mar/2021:09:15:47 +0800] "GET /xingrg/all/function/internal_message.html?_=1615770947832&CODE_STATE=getMsg HTTP/1.1" 200 27
58.37.230.33 - - [15/Mar/2021:09:15:48 +0800] "GET /xingrg/kc/base/check_order_info.html?code=452021031400139 HTTP/1.1" 200 26442
58.37.230.33 - - [15/Mar/2021:09:15:48 +0800] "GET /xingrg/dwr/util.js HTTP/1.1" 304 -
58.37.230.33 - - [15/Mar/2021:09:15:48 +0800] "GET /xingrg/dwr/interface/AjaxCheckService.js HTTP/1.1" 200 14003
58.37.230.33 - - [15/Mar/2021:09:15:48 +0800] "GET /xingrg/dwr/interface/AjaxComOrderService.js HTTP/1.1" 200 18264
58.37.230.33 - - [15/Mar/2021:09:15:48 +0800] "GET /xingrg/dwr/engine.js HTTP/1.1" 200 43631
58.37.230.33 - - [15/Mar/2021:09:15:49 +0800] "POST /xingrg/dwr/call/plaincall/AjaxCheckService.loadOrderItems.dwr HTTP/1.1" 200 119117
114.88.166.193 - - [15/Mar/2021:09:15:50 +0800] "GET /xingrg/all/function/internal_message.html?_=1615771190214&CODE_STATE=getMsg HTTP/1.1" 302 -
114.88.166.193 - - [15/Mar/2021:09:15:50 +0800] "GET /xingrg/check_reg.html?_=1615771190738 HTTP/1.1" 302 -
58.37.230.33 - - [15/Mar/2021:09:15:51 +0800] "GET /xingrg/kc/buy/buy_main.html HTTP/1.1" 200 12412
180.169.147.146 - - [15/Mar/2021:09:15:51 +0800] "GET /xingrg/all/function/internal_message.html?_=1615770947070&CODE_STATE=getMsg HTTP/1.1" 200 27
58.37.230.33 - - [15/Mar/2021:09:15:51 +0800] "GET /xingrg/css/new_ie.css HTTP/1.1" 404 1036
58.37.230.33 - - [15/Mar/2021:09:15:51 +0800] "GET /xingrg/images/yd/bt.gif HTTP/1.1" 404 1040
101.228.165.174 - - [15/Mar/2021:09:15:52 +0800] "GET /xingrg/all/function/internal_message.html?_=1615770953196&CODE_STATE=getMsg HTTP/1.1" 302 -
58.37.230.33 - - [15/Mar/2021:09:15:52 +0800] "GET /xingrg/kc/buy/cgsh_order_list.html HTTP/1.1" 200 46372
58.37.230.33 - - [15/Mar/2021:09:15:53 +0800] "POST /xingrg/kc/buy/cgsh_list_operate.html HTTP/1.1" 200 1694
114.88.166.193 - - [15/Mar/2021:09:15:55 +0800] "GET /xingrg/all/function/internal_message.html?_=1615770954080&CODE_STATE=getMsg HTTP/1.1" 200 27
222.70.216.222 - - [15/Mar/2021:09:15:55 +0800] "GET /xingrg/all/function/internal_message.html?_=1615770953395&CODE_STATE=getMsg HTTP/1.1" 200 27
58.37.230.33 - - [15/Mar/2021:09:15:55 +0800] "POST /xingrg/kc/buy/cgsh_list_operate.html HTTP/1.1" 200 587
58.37.230.33 - - [15/Mar/2021:09:15:56 +0800] "GET /xingrg/kc/buy/cgsh_order_info.html?code=212021031406217 HTTP/1.1" 200 62122
58.37.230.33 - - [15/Mar/2021:09:15:56 +0800] "GET /xingrg/words/20210313152050_words.js HTTP/1.1" 304 -
58.37.230.33 - - [15/Mar/2021:09:15:56 +0800] "GET /xingrg/all/common/auto_word.html?type=employee&rest_code=00141 HTTP/1.1" 200 201
58.37.230.33 - - [15/Mar/2021:09:15:56 +0800] "GET /xingrg/all/common/auto_word.html?type=employee&rest_code=00141 HTTP/1.1" 200 201
58.37.230.33 - - [15/Mar/2021:09:15:56 +0800] "GET /xingrg/javascript/easyui/themes/default/validatebox.css HTTP/1.1" 404 1104
58.37.230.33 - - [15/Mar/2021:09:15:56 +0800] "POST /xingrg/kc/buy/cgsh_order_operate.html HTTP/1.1" 200 8011
