222.70.209.13 - - [15/Mar/2021:09:46:40 +0800] "GET /xingrg/all/function/internal_message.html?_=1615772800233&CODE_STATE=getMsg HTTP/1.1" 302 -
116.224.253.72 - - [15/Mar/2021:09:46:40 +0800] "POST /xingrg/all/user/operate.html HTTP/1.1" 200 36
116.224.253.72 - - [15/Mar/2021:09:46:41 +0800] "GET /xingrg/index.html?sysBaseUrl=http%3A%2F%2F180.169.147.146%3A18081%2Fxingrg%2F&costTime=39×tamp=1615769048764 HTTP/1.1" 200 17179
116.224.253.72 - - [15/Mar/2021:09:46:41 +0800] "GET /xingrg/javascript/jquery_easy_ui/themes/default/easyui.css HTTP/1.1" 304 -
116.224.253.72 - - [15/Mar/2021:09:46:41 +0800] "GET /xingrg/javascript/jquery_easy_ui/themes/icon.css HTTP/1.1" 304 -
116.224.253.72 - - [15/Mar/2021:09:46:41 +0800] "GET /xingrg/css/form.css HTTP/1.1" 304 -
116.224.253.72 - - [15/Mar/2021:09:46:41 +0800] "GET /xingrg/javascript/jquery-1.4.2.min.js HTTP/1.1" 304 -
116.224.253.72 - - [15/Mar/2021:09:46:41 +0800] "GET /xingrg/javascript/jquery_easy_ui/jquery.easyui.min.js HTTP/1.1" 304 -
116.224.253.72 - - [15/Mar/2021:09:46:41 +0800] "GET /xingrg/javascript/jquery_easy_ui/easyui-lang-zh_CN.js HTTP/1.1" 304 -
116.224.253.72 - - [15/Mar/2021:09:46:41 +0800] "GET /xingrg/javascript/jquery.form.js HTTP/1.1" 304 -
116.224.253.72 - - [15/Mar/2021:09:46:41 +0800] "GET /xingrg/javascript/jquery.utils.js HTTP/1.1" 304 -
116.224.253.72 - - [15/Mar/2021:09:46:41 +0800] "GET /xingrg/javascript/jquery.timers.js HTTP/1.1" 304 -
116.224.253.72 - - [15/Mar/2021:09:46:41 +0800] "GET /xingrg/images/blue/jxLogo.png HTTP/1.1" 304 -
116.224.253.72 - - [15/Mar/2021:09:46:41 +0800] "GET /xingrg/javascript/jquery_easy_ui/themes/icons/settle_new.png HTTP/1.1" 304 -
116.224.253.72 - - [15/Mar/2021:09:46:41 +0800] "GET /xingrg/images/blue/navBackgound.jpg HTTP/1.1" 304 -
116.224.253.72 - - [15/Mar/2021:09:46:41 +0800] "POST /xingrg/all/common/load_tree.html?tree=area_rest_tree_json&manage=1 HTTP/1.1" 200 476
116.224.253.72 - - [15/Mar/2021:09:46:41 +0800] "GET /xingrg/all/function/internal_message.html?_=1615772800855&CODE_STATE=count HTTP/1.1" 200 11
116.224.253.72 - - [15/Mar/2021:09:46:41 +0800] "GET /xingrg/check_reg.html?_=1615772800855 HTTP/1.1" 200 22
116.224.253.72 - - [15/Mar/2021:09:46:41 +0800] "GET /xingrg/javascript/jquery_easy_ui/themes/default/images/panel_tool_collapse.gif HTTP/1.1" 304 -
116.224.253.72 - - [15/Mar/2021:09:46:41 +0800] "GET /xingrg/javascript/jquery_easy_ui/themes/default/images/tabs_rightarrow.png HTTP/1.1" 304 -
116.224.253.72 - - [15/Mar/2021:09:46:41 +0800] "GET /xingrg/images/blue/pingpu.png HTTP/1.1" 304 -
116.224.253.72 - - [15/Mar/2021:09:46:41 +0800] "GET /xingrg/javascript/jquery_easy_ui/themes/default/images/tabs_leftarrow.png HTTP/1.1" 304 -
116.224.253.72 - - [15/Mar/2021:09:46:41 +0800] "POST /xingrg/load_menu.html HTTP/1.1" 200 5138
58.40.7.146 - - [15/Mar/2021:09:46:43 +0800] "GET /xingrg/all/function/internal_message.html?_=1615772802912&CODE_STATE=getMsg HTTP/1.1" 302 -
116.224.253.72 - - [15/Mar/2021:09:46:44 +0800] "GET /xingrg/kc/base/yddb_order_list.html HTTP/1.1" 200 16951
116.224.253.72 - - [15/Mar/2021:09:46:44 +0800] "POST /xingrg/kc/base/yddb_list_operate.html HTTP/1.1" 200 636
101.228.165.174 - - [15/Mar/2021:09:46:45 +0800] "GET /xingrg/all/function/internal_message.html?_=1615772806566&CODE_STATE=getMsg HTTP/1.1" 302 -
114.88.166.193 - - [15/Mar/2021:09:46:46 +0800] "POST /xingrg/dwr/call/plaincall/AjaxCheckService.setItemNumber.dwr HTTP/1.1" 200 78
61.165.42.208 - - [15/Mar/2021:09:46:46 +0800] "GET /xingrg/kc/buy/cgsh_order_operate.html?command=get_materiel&rest_code=00105&code=00101006129&supplier_code=00100012&order_time=2021-03-15 HTTP/1.1" 200 431
116.224.253.72 - - [15/Mar/2021:09:46:46 +0800] "GET /xingrg/kc/base/yddb_order_add.html HTTP/1.1" 200 29745
116.224.253.72 - - [15/Mar/2021:09:46:46 +0800] "GET /xingrg/dwr/interface/AjaxComOrderService.js HTTP/1.1" 200 18264
116.224.253.72 - - [15/Mar/2021:09:46:46 +0800] "GET /xingrg/dwr/util.js HTTP/1.1" 304 -
116.224.253.72 - - [15/Mar/2021:09:46:46 +0800] "GET /xingrg/dwr/interface/AjaxYddbService.js HTTP/1.1" 200 13201
116.224.253.72 - - [15/Mar/2021:09:46:46 +0800] "GET /xingrg/dwr/engine.js HTTP/1.1" 200 43631
222.69.137.247 - - [15/Mar/2021:09:46:46 +0800] "GET /xingrg/all/function/internal_message.html?_=1615772807275&CODE_STATE=getMsg HTTP/1.1" 200 27
180.169.147.146 - - [15/Mar/2021:09:46:46 +0800] "GET /xingrg/all/function/internal_message.html?_=1615772807753&CODE_STATE=getMsg HTTP/1.1" 200 27
222.69.137.247 - - [15/Mar/2021:09:46:47 +0800] "GET /xingrg/check_reg.html?_=1615772808321 HTTP/1.1" 200 22
116.224.253.72 - - [15/Mar/2021:09:46:49 +0800] "POST /xingrg/dwr/call/plaincall/AjaxYddbService.getRestBases.dwr HTTP/1.1" 200 1514
114.88.166.193 - - [15/Mar/2021:09:46:49 +0800] "GET /xingrg/all/function/internal_message.html?_=1615773049519&CODE_STATE=getMsg HTTP/1.1" 302 -
114.88.166.193 - - [15/Mar/2021:09:46:50 +0800] "POST /xingrg/dwr/call/plaincall/AjaxCheckService.setItemNumber.dwr HTTP/1.1" 200 78
114.88.166.193 - - [15/Mar/2021:09:46:52 +0800] "POST /xingrg/dwr/call/plaincall/AjaxCheckService.setItemNumber.dwr HTTP/1.1" 200 78
101.228.165.174 - - [15/Mar/2021:09:46:52 +0800] "GET /xingrg/all/function/internal_message.html?_=1615772813660&CODE_STATE=getMsg HTTP/1.1" 302 -
58.37.192.63 - - [15/Mar/2021:09:46:53 +0800] "POST /xingrg/kc/buy/cgsh_order_operate.html HTTP/1.1" 200 37
114.88.166.193 - - [15/Mar/2021:09:46:53 +0800] "POST /xingrg/dwr/call/plaincall/AjaxCheckService.setItemNumber.dwr HTTP/1.1" 200 78
116.224.253.72 - - [15/Mar/2021:09:46:54 +0800] "POST /xingrg/dwr/call/plaincall/AjaxYddbService.saveOrder.dwr HTTP/1.1" 200 78
58.37.192.63 - - [15/Mar/2021:09:46:54 +0800] "POST /xingrg/kc/buy/cgsh_order_operate.html HTTP/1.1" 200 7977
116.224.253.72 - - [15/Mar/2021:09:46:54 +0800] "GET /xingrg/images/yd/bt.gif HTTP/1.1" 404 1040
222.70.216.222 - - [15/Mar/2021:09:46:54 +0800] "GET /xingrg/all/function/internal_message.html?_=1615772812742&CODE_STATE=getMsg HTTP/1.1" 200 27
114.88.166.193 - - [15/Mar/2021:09:46:54 +0800] "POST /xingrg/dwr/call/plaincall/AjaxCheckService.setItemNumber.dwr HTTP/1.1" 200 78
58.37.192.63 - - [15/Mar/2021:09:46:56 +0800] "GET /xingrg/all/function/internal_message.html?_=1615772885264&CODE_STATE=getMsg HTTP/1.1" 200 27
116.224.253.72 - - [15/Mar/2021:09:46:56 +0800] "POST /xingrg/dwr/call/plaincall/AjaxComOrderService.getMaterielSearchList.dwr HTTP/1.1" 200 41891
116.224.253.72 - - [15/Mar/2021:09:46:56 +0800] "POST /xingrg/dwr/call/plaincall/AjaxComOrderService.getMaterielSearchList.dwr HTTP/1.1" 200 1413
180.169.147.146 - - [15/Mar/2021:09:46:57 +0800] "GET /xingrg/all/function/internal_message.html?_=1615772816706&CODE_STATE=getMsg HTTP/1.1" 302 -
114.88.166.193 - - [15/Mar/2021:09:46:57 +0800] "POST /xingrg/dwr/call/plaincall/AjaxCheckService.setItemNumber.dwr HTTP/1.1" 200 78
114.86.227.50 - - [15/Mar/2021:09:46:57 +0800] "GET /xingrg/all/function/internal_message.html?_=1615772819020&CODE_STATE=getMsg HTTP/1.1" 200 27
114.86.227.50 - - [15/Mar/2021:09:46:57 +0800] "GET /xingrg/check_reg.html?_=1615772819022 HTTP/1.1" 200 22
114.88.166.193 - - [15/Mar/2021:09:46:58 +0800] "POST /xingrg/dwr/call/plaincall/AjaxCheckService.setItemNumber.dwr HTTP/1.1" 200 78
61.165.42.208 - - [15/Mar/2021:09:46:58 +0800] "GET /xingrg/kc/buy/cgsh_order_operate.html?command=get_materiel&rest_code=00105&code=00101006038&supplier_code=00100012&order_time=2021-03-15 HTTP/1.1" 200 421
116.224.253.72 - - [15/Mar/2021:09:46:59 +0800] "POST /xingrg/dwr/call/plaincall/AjaxYddbService.getMaterielByMap.dwr HTTP/1.1" 200 3724
114.88.166.193 - - [15/Mar/2021:09:46:59 +0800] "POST /xingrg/dwr/call/plaincall/AjaxCheckService.setItemNumber.dwr HTTP/1.1" 200 78
120.253.135.82 - - [15/Mar/2021:09:47:00 +0800] "GET /xingrg/check_reg.html?_=1615772878091 HTTP/1.1" 200 22
114.88.166.193 - - [15/Mar/2021:09:47:00 +0800] "POST /xingrg/dwr/call/plaincall/AjaxCheckService.setItemNumber.dwr HTTP/1.1" 200 78
116.224.253.72 - - [15/Mar/2021:09:47:01 +0800] "POST /xingrg/dwr/call/plaincall/AjaxYddbService.getUnitPrice.dwr HTTP/1.1" 200 86
58.37.192.63 - - [15/Mar/2021:09:47:01 +0800] "POST /xingrg/kc/buy/cgsh_list_operate.html HTTP/1.1" 200 5682
114.88.166.193 - - [15/Mar/2021:09:47:02 +0800] "POST /xingrg/dwr/call/plaincall/AjaxCheckService.setItemNumber.dwr HTTP/1.1" 200 78
116.224.253.72 - - [15/Mar/2021:09:47:03 +0800] "POST /xingrg/dwr/call/plaincall/AjaxYddbService.saveMaterielItem.dwr HTTP/1.1" 200 78
114.88.166.193 - - [15/Mar/2021:09:47:04 +0800] "POST /xingrg/dwr/call/plaincall/AjaxCheckService.setItemNumber.dwr HTTP/1.1" 200 78
114.88.166.193 - - [15/Mar/2021:09:47:06 +0800] "POST /xingrg/dwr/call/plaincall/AjaxCheckService.setItemNumber.dwr HTTP/1.1" 200 78
114.88.166.193 - - [15/Mar/2021:09:47:07 +0800] "POST /xingrg/dwr/call/plaincall/AjaxCheckService.setItemNumber.dwr HTTP/1.1" 200 78
117.131.5.26 - - [15/Mar/2021:09:47:07 +0800] "GET /xingrg/login.html HTTP/1.1" 200 7641
116.224.253.72 - - [15/Mar/2021:09:47:08 +0800] "POST /xingrg/dwr/call/plaincall/AjaxYddbService.checkOrder.dwr HTTP/1.1" 200 78
117.131.5.26 - - [15/Mar/2021:09:47:08 +0800] "GET /favicon.ico HTTP/1.1" 404 -
114.88.166.193 - - [15/Mar/2021:09:47:08 +0800] "POST /xingrg/dwr/call/plaincall/AjaxCheckService.setItemNumber.dwr HTTP/1.1" 200 78
116.224.253.72 - - [15/Mar/2021:09:47:08 +0800] "GET /xingrg/kc/base/yddb_order_info.html?code=482021031500126 HTTP/1.1" 200 29374
116.224.253.72 - - [15/Mar/2021:09:47:08 +0800] "GET /xingrg/dwr/interface/AjaxComOrderService.js HTTP/1.1" 200 18264
116.224.253.72 - - [15/Mar/2021:09:47:08 +0800] "GET /xingrg/dwr/interface/AjaxYddbService.js HTTP/1.1" 200 13201
116.224.253.72 - - [15/Mar/2021:09:47:09 +0800] "GET /xingrg/dwr/engine.js HTTP/1.1" 200 43631
116.224.253.72 - - [15/Mar/2021:09:47:09 +0800] "POST /xingrg/dwr/call/plaincall/AjaxYddbService.loadMaterielItems.dwr HTTP/1.1" 200 432
116.235.216.75 - - [15/Mar/2021:09:47:09 +0800] "GET /xingrg/all/function/internal_message.html?_=1615772828390&CODE_STATE=getMsg HTTP/1.1" 200 27
114.88.166.193 - - [15/Mar/2021:09:47:10 +0800] "POST /xingrg/dwr/call/plaincall/AjaxCheckService.setItemNumber.dwr HTTP/1.1" 200 78
114.88.166.193 - - [15/Mar/2021:09:47:11 +0800] "POST /xingrg/dwr/call/plaincall/AjaxCheckService.setItemNumber.dwr HTTP/1.1" 200 78
180.161.124.53 - - [15/Mar/2021:09:47:12 +0800] "GET /xingrg/all/function/internal_message.html?_=1615773096248&CODE_STATE=getMsg HTTP/1.1" 200 27
120.253.135.82 - - [15/Mar/2021:09:47:13 +0800] "GET /xingrg/all/function/internal_message.html?_=1615772890540&CODE_STATE=getMsg HTTP/1.1" 200 27
114.88.166.193 - - [15/Mar/2021:09:47:14 +0800] "POST /xingrg/dwr/call/plaincall/AjaxCheckService.setItemNumber.dwr HTTP/1.1" 200 78
114.88.166.193 - - [15/Mar/2021:09:47:15 +0800] "POST /xingrg/dwr/call/plaincall/AjaxCheckService.setItemNumber.dwr HTTP/1.1" 200 78
116.224.253.72 - - [15/Mar/2021:09:47:16 +0800] "GET /xingrg/kc/base/yddb_order_add.html HTTP/1.1" 200 29745
116.224.253.72 - - [15/Mar/2021:09:47:16 +0800] "GET /xingrg/dwr/interface/AjaxYddbService.js HTTP/1.1" 200 13201
116.224.253.72 - - [15/Mar/2021:09:47:16 +0800] "GET /xingrg/dwr/interface/AjaxComOrderService.js HTTP/1.1" 200 18264
116.224.253.72 - - [15/Mar/2021:09:47:16 +0800] "GET /xingrg/dwr/engine.js HTTP/1.1" 200 43631
61.165.42.208 - - [15/Mar/2021:09:47:16 +0800] "GET /xingrg/kc/buy/cgsh_order_operate.html?command=get_materiel&rest_code=00105&code=00101006055&supplier_code=00100012&order_time=2021-03-15 HTTP/1.1" 200 409
117.131.5.26 - - [15/Mar/2021:09:47:16 +0800] "POST /xingrg/login.do HTTP/1.1" 302 -
117.131.5.26 - - [15/Mar/2021:09:47:16 +0800] "GET /xingrg/index.html?sysBaseUrl=http%3A%2F%2F180.169.147.146%3A18081%2Fxingrg%2F&costTime=39×tamp=1615772836763 HTTP/1.1" 200 17179
117.131.5.26 - - [15/Mar/2021:09:47:17 +0800] "POST /xingrg/all/common/load_tree.html?tree=area_rest_tree_json&manage=1 HTTP/1.1" 200 351
117.131.5.26 - - [15/Mar/2021:09:47:17 +0800] "GET /favicon.ico HTTP/1.1" 404 -
58.37.192.63 - - [15/Mar/2021:09:47:17 +0800] "GET /xingrg/all/function/internal_message.html?_=1615772905978&CODE_STATE=count HTTP/1.1" 200 11
58.37.192.63 - - [15/Mar/2021:09:47:17 +0800] "GET /xingrg/check_reg.html?_=1615772905979 HTTP/1.1" 200 22
117.131.5.26 - - [15/Mar/2021:09:47:17 +0800] "POST /xingrg/load_menu.html HTTP/1.1" 200 5138
114.88.166.193 - - [15/Mar/2021:09:47:18 +0800] "POST /xingrg/dwr/call/plaincall/AjaxCheckService.setItemNumber.dwr HTTP/1.1" 200 78
116.224.253.72 - - [15/Mar/2021:09:47:19 +0800] "POST /xingrg/dwr/call/plaincall/AjaxYddbService.getRestBases.dwr HTTP/1.1" 200 1514
114.88.166.193 - - [15/Mar/2021:09:47:19 +0800] "POST /xingrg/dwr/call/plaincall/AjaxCheckService.setItemNumber.dwr HTTP/1.1" 200 78
117.131.5.26 - - [15/Mar/2021:09:47:20 +0800] "GET /xingrg/kc/buy/cgsh_order_list.html HTTP/1.1" 200 46372
114.88.166.193 - - [15/Mar/2021:09:47:20 +0800] "GET /xingrg/all/function/internal_message.html?_=1615772839207&CODE_STATE=getMsg HTTP/1.1" 200 27
114.88.166.193 - - [15/Mar/2021:09:47:21 +0800] "POST /xingrg/dwr/call/plaincall/AjaxCheckService.setItemNumber.dwr HTTP/1.1" 200 78
114.88.166.193 - - [15/Mar/2021:09:47:22 +0800] "POST /xingrg/dwr/call/plaincall/AjaxCheckService.setItemNumber.dwr HTTP/1.1" 200 78
61.165.42.208 - - [15/Mar/2021:09:47:23 +0800] "GET /xingrg/kc/buy/cgsh_order_operate.html?command=get_materiel&rest_code=00105&code=00101007061&supplier_code=00100012&order_time=2021-03-15 HTTP/1.1" 200 409
58.37.192.63 - - [15/Mar/2021:09:47:23 +0800] "POST /xingrg/kc/buy/cgsh_list_operate.html HTTP/1.1" 200 2772
58.37.230.33 - - [15/Mar/2021:09:47:23 +0800] "GET /xingrg/all/function/internal_message.html?_=1615772835744&CODE_STATE=getMsg HTTP/1.1" 200 27
101.228.165.174 - - [15/Mar/2021:09:47:24 +0800] "GET /xingrg/all/function/internal_message.html?_=1615772845525&CODE_STATE=getMsg HTTP/1.1" 200 27
116.224.253.72 - - [15/Mar/2021:09:47:24 +0800] "POST /xingrg/dwr/call/plaincall/AjaxYddbService.saveOrder.dwr HTTP/1.1" 200 78
58.37.230.33 - - [15/Mar/2021:09:47:25 +0800] "GET /xingrg/all/function/internal_message.html?_=1615772854782&CODE_STATE=getMsg HTTP/1.1" 200 27
114.88.166.193 - - [15/Mar/2021:09:47:25 +0800] "POST /xingrg/dwr/call/plaincall/AjaxCheckService.setItemNumber.dwr HTTP/1.1" 200 78
114.88.166.193 - - [15/Mar/2021:09:47:27 +0800] "POST /xingrg/dwr/call/plaincall/AjaxCheckService.setItemNumber.dwr HTTP/1.1" 200 78
114.88.166.193 - - [15/Mar/2021:09:47:28 +0800] "POST /xingrg/dwr/call/plaincall/AjaxCheckService.setItemNumber.dwr HTTP/1.1" 200 78
116.224.253.72 - - [15/Mar/2021:09:47:28 +0800] "POST /xingrg/dwr/call/plaincall/AjaxComOrderService.getMaterielSearchList.dwr HTTP/1.1" 200 6362
116.224.253.72 - - [15/Mar/2021:09:47:29 +0800] "POST /xingrg/dwr/call/plaincall/AjaxComOrderService.getMaterielSearchList.dwr HTTP/1.1" 200 698
114.88.166.193 - - [15/Mar/2021:09:47:29 +0800] "POST /xingrg/dwr/call/plaincall/AjaxCheckService.setItemNumber.dwr HTTP/1.1" 200 78
114.88.166.193 - - [15/Mar/2021:09:47:31 +0800] "POST /xingrg/dwr/call/plaincall/AjaxCheckService.setItemNumber.dwr HTTP/1.1" 200 78
116.224.253.72 - - [15/Mar/2021:09:47:31 +0800] "POST /xingrg/dwr/call/plaincall/AjaxYddbService.getMaterielByMap.dwr HTTP/1.1" 200 3713
114.88.166.193 - - [15/Mar/2021:09:47:32 +0800] "POST /xingrg/dwr/call/plaincall/AjaxCheckService.setItemNumber.dwr HTTP/1.1" 200 78
116.224.253.72 - - [15/Mar/2021:09:47:34 +0800] "POST /xingrg/dwr/call/plaincall/AjaxYddbService.saveMaterielItem.dwr HTTP/1.1" 200 78
58.37.230.33 - - [15/Mar/2021:09:47:34 +0800] "GET /xingrg/kc/base/check_order_list.html HTTP/1.1" 200 16470
58.37.230.33 - - [15/Mar/2021:09:47:34 +0800] "POST /xingrg/kc/base/check_list_operate.html HTTP/1.1" 200 2910
61.165.42.208 - - [15/Mar/2021:09:47:35 +0800] "GET /xingrg/kc/buy/cgsh_order_operate.html?command=get_materiel&rest_code=00105&code=00101006106&supplier_code=00100012&order_time=2021-03-15 HTTP/1.1" 200 423
114.88.166.193 - - [15/Mar/2021:09:47:36 +0800] "POST /xingrg/dwr/call/plaincall/AjaxCheckService.setItemNumber.dwr HTTP/1.1" 200 78
58.37.230.33 - - [15/Mar/2021:09:47:36 +0800] "GET /xingrg/kc/base/check_order_info.html?code=452021031400135 HTTP/1.1" 200 26442
58.37.230.33 - - [15/Mar/2021:09:47:37 +0800] "GET /xingrg/dwr/interface/AjaxComOrderService.js HTTP/1.1" 200 18264
58.37.230.33 - - [15/Mar/2021:09:47:37 +0800] "GET /xingrg/dwr/interface/AjaxCheckService.js HTTP/1.1" 200 14003
58.37.230.33 - - [15/Mar/2021:09:47:37 +0800] "GET /xingrg/dwr/engine.js HTTP/1.1" 200 43631
61.165.42.208 - - [15/Mar/2021:09:47:37 +0800] "GET /xingrg/all/function/internal_message.html?_=1615772857740&CODE_STATE=getMsg HTTP/1.1" 200 27
116.224.253.72 - - [15/Mar/2021:09:47:37 +0800] "POST /xingrg/dwr/call/plaincall/AjaxComOrderService.getMaterielSearchList.dwr HTTP/1.1" 200 5284
58.37.230.33 - - [15/Mar/2021:09:47:37 +0800] "POST /xingrg/dwr/call/plaincall/AjaxCheckService.loadOrderItems.dwr HTTP/1.1" 200 179012
114.88.166.193 - - [15/Mar/2021:09:47:38 +0800] "POST /xingrg/dwr/call/plaincall/AjaxCheckService.setItemNumber.dwr HTTP/1.1" 200 78
116.224.253.72 - - [15/Mar/2021:09:47:38 +0800] "POST /xingrg/dwr/call/plaincall/AjaxComOrderService.getMaterielSearchList.dwr HTTP/1.1" 200 1129
58.37.192.63 - - [15/Mar/2021:09:47:38 +0800] "POST /xingrg/kc/buy/cgsh_list_operate.html HTTP/1.1" 200 4
114.88.166.193 - - [15/Mar/2021:09:47:39 +0800] "POST /xingrg/dwr/call/plaincall/AjaxCheckService.setItemNumber.dwr HTTP/1.1" 200 78
116.224.253.72 - - [15/Mar/2021:09:47:40 +0800] "POST /xingrg/dwr/call/plaincall/AjaxYddbService.getMaterielByMap.dwr HTTP/1.1" 200 3741
117.131.5.26 - - [15/Mar/2021:09:47:40 +0800] "POST /xingrg/kc/buy/cgsh_list_operate.html HTTP/1.1" 200 876
222.70.209.13 - - [15/Mar/2021:09:47:40 +0800] "GET /xingrg/all/function/internal_message.html?_=1615772860238&CODE_STATE=getMsg HTTP/1.1" 302 -
116.224.253.72 - - [15/Mar/2021:09:47:41 +0800] "GET /xingrg/all/function/internal_message.html?_=1615772860875&CODE_STATE=getMsg HTTP/1.1" 200 27
116.224.253.72 - - [15/Mar/2021:09:47:42 +0800] "POST /xingrg/dwr/call/plaincall/AjaxYddbService.getUnitPrice.dwr HTTP/1.1" 200 86
58.40.7.146 - - [15/Mar/2021:09:47:43 +0800] "GET /xingrg/all/function/internal_message.html?_=1615772862915&CODE_STATE=getMsg HTTP/1.1" 302 -
116.224.253.72 - - [15/Mar/2021:09:47:45 +0800] "POST /xingrg/dwr/call/plaincall/AjaxYddbService.saveMaterielItem.dwr HTTP/1.1" 200 79
101.228.165.174 - - [15/Mar/2021:09:47:45 +0800] "GET /xingrg/all/function/internal_message.html?_=1615772866627&CODE_STATE=getMsg HTTP/1.1" 302 -
58.37.230.33 - - [15/Mar/2021:09:47:45 +0800] "POST /xingrg/dwr/call/plaincall/AjaxCheckService.setItemNumber.dwr HTTP/1.1" 200 76
222.69.137.247 - - [15/Mar/2021:09:47:46 +0800] "GET /xingrg/all/function/internal_message.html?_=1615772867262&CODE_STATE=getMsg HTTP/1.1" 200 27
180.169.147.146 - - [15/Mar/2021:09:47:46 +0800] "GET /xingrg/check_reg.html?_=1615772867754 HTTP/1.1" 200 22
180.169.147.146 - - [15/Mar/2021:09:47:46 +0800] "GET /xingrg/all/function/internal_message.html?_=1615772867764&CODE_STATE=getMsg HTTP/1.1" 200 27
58.37.230.33 - - [15/Mar/2021:09:47:47 +0800] "POST /xingrg/dwr/call/plaincall/AjaxCheckService.setItemNumber.dwr HTTP/1.1" 200 76
58.37.230.33 - - [15/Mar/2021:09:47:48 +0800] "POST /xingrg/dwr/call/plaincall/AjaxCheckService.setItemNumber.dwr HTTP/1.1" 200 76
116.224.253.72 - - [15/Mar/2021:09:47:48 +0800] "POST /xingrg/dwr/call/plaincall/AjaxComOrderService.getMaterielSearchList.dwr HTTP/1.1" 200 298
58.37.230.33 - - [15/Mar/2021:09:47:49 +0800] "POST /xingrg/dwr/call/plaincall/AjaxCheckService.setItemNumber.dwr HTTP/1.1" 200 76
114.88.166.193 - - [15/Mar/2021:09:47:49 +0800] "GET /xingrg/all/function/internal_message.html?_=1615773109501&CODE_STATE=getMsg HTTP/1.1" 302 -
58.37.230.33 - - [15/Mar/2021:09:47:49 +0800] "POST /xingrg/dwr/call/plaincall/AjaxCheckService.setItemNumber.dwr HTTP/1.1" 200 76
61.165.42.208 - - [15/Mar/2021:09:47:49 +0800] "GET /xingrg/kc/buy/cgsh_order_operate.html?command=get_materiel&rest_code=00105&code=00101006109&supplier_code=00100012&order_time=2021-03-15 HTTP/1.1" 200 409
116.224.253.72 - - [15/Mar/2021:09:47:49 +0800] "POST /xingrg/dwr/call/plaincall/AjaxYddbService.getMaterielByMap.dwr HTTP/1.1" 200 3730
58.37.230.33 - - [15/Mar/2021:09:47:50 +0800] "POST /xingrg/dwr/call/plaincall/AjaxCheckService.setItemNumber.dwr HTTP/1.1" 200 76
58.37.230.33 - - [15/Mar/2021:09:47:50 +0800] "POST /xingrg/dwr/call/plaincall/AjaxCheckService.setItemNumber.dwr HTTP/1.1" 200 76
114.88.166.193 - - [15/Mar/2021:09:47:51 +0800] "POST /xingrg/dwr/call/plaincall/AjaxCheckService.setItemNumber.dwr HTTP/1.1" 200 78
58.37.230.33 - - [15/Mar/2021:09:47:52 +0800] "POST /xingrg/dwr/call/plaincall/AjaxCheckService.setItemNumber.dwr HTTP/1.1" 200 76
101.228.165.174 - - [15/Mar/2021:09:47:52 +0800] "GET /xingrg/all/function/internal_message.html?_=1615772873662&CODE_STATE=getMsg HTTP/1.1" 302 -
116.224.253.72 - - [15/Mar/2021:09:47:52 +0800] "POST /xingrg/dwr/call/plaincall/AjaxYddbService.saveMaterielItem.dwr HTTP/1.1" 200 79
114.88.166.193 - - [15/Mar/2021:09:47:53 +0800] "POST /xingrg/dwr/call/plaincall/AjaxCheckService.setItemNumber.dwr HTTP/1.1" 200 78
58.37.230.33 - - [15/Mar/2021:09:47:53 +0800] "POST /xingrg/dwr/call/plaincall/AjaxCheckService.setItemNumber.dwr HTTP/1.1" 200 76
222.70.216.222 - - [15/Mar/2021:09:47:54 +0800] "GET /xingrg/all/function/internal_message.html?_=1615772872733&CODE_STATE=getMsg HTTP/1.1" 200 27
58.37.230.33 - - [15/Mar/2021:09:47:55 +0800] "POST /xingrg/dwr/call/plaincall/AjaxCheckService.setItemNumber.dwr HTTP/1.1" 200 77
116.224.253.72 - - [15/Mar/2021:09:47:55 +0800] "POST /xingrg/dwr/call/plaincall/AjaxComOrderService.getMaterielSearchList.dwr HTTP/1.1" 200 24187
58.37.230.33 - - [15/Mar/2021:09:47:55 +0800] "POST /xingrg/dwr/call/plaincall/AjaxCheckService.setItemNumber.dwr HTTP/1.1" 200 77
58.37.230.33 - - [15/Mar/2021:09:47:56 +0800] "POST /xingrg/dwr/call/plaincall/AjaxCheckService.setItemNumber.dwr HTTP/1.1" 200 77
116.224.253.72 - - [15/Mar/2021:09:47:56 +0800] "POST /xingrg/dwr/call/plaincall/AjaxComOrderService.getMaterielSearchList.dwr HTTP/1.1" 200 1382
180.169.147.146 - - [15/Mar/2021:09:47:57 +0800] "GET /xingrg/check_reg.html?_=1615772876704 HTTP/1.1" 302 -
180.169.147.146 - - [15/Mar/2021:09:47:57 +0800] "GET /xingrg/all/function/internal_message.html?_=1615772876718&CODE_STATE=getMsg HTTP/1.1" 302 -
58.37.230.33 - - [15/Mar/2021:09:47:57 +0800] "POST /xingrg/dwr/call/plaincall/AjaxCheckService.setItemNumber.dwr HTTP/1.1" 200 77
114.86.227.50 - - [15/Mar/2021:09:47:57 +0800] "GET /xingrg/all/function/internal_message.html?_=1615772879019&CODE_STATE=getMsg HTTP/1.1" 200 27
58.37.230.33 - - [15/Mar/2021:09:47:58 +0800] "POST /xingrg/dwr/call/plaincall/AjaxCheckService.setItemNumber.dwr HTTP/1.1" 200 77
58.37.230.33 - - [15/Mar/2021:09:47:58 +0800] "POST /xingrg/dwr/call/plaincall/AjaxCheckService.setItemNumber.dwr HTTP/1.1" 200 77
58.37.230.33 - - [15/Mar/2021:09:47:58 +0800] "POST /xingrg/dwr/call/plaincall/AjaxCheckService.setItemNumber.dwr HTTP/1.1" 200 77
116.224.253.72 - - [15/Mar/2021:09:47:58 +0800] "POST /xingrg/dwr/call/plaincall/AjaxYddbService.getMaterielByMap.dwr HTTP/1.1" 200 3716
114.88.166.193 - - [15/Mar/2021:09:47:59 +0800] "POST /xingrg/dwr/call/plaincall/AjaxCheckService.setItemNumber.dwr HTTP/1.1" 200 78
58.37.230.33 - - [15/Mar/2021:09:47:59 +0800] "POST /xingrg/dwr/call/plaincall/AjaxCheckService.setItemNumber.dwr HTTP/1.1" 200 77
58.37.230.33 - - [15/Mar/2021:09:48:00 +0800] "POST /xingrg/dwr/call/plaincall/AjaxCheckService.setItemNumber.dwr HTTP/1.1" 200 77
58.37.230.33 - - [15/Mar/2021:09:48:00 +0800] "POST /xingrg/dwr/call/plaincall/AjaxCheckService.setItemNumber.dwr HTTP/1.1" 200 77
114.88.166.193 - - [15/Mar/2021:09:48:01 +0800] "POST /xingrg/dwr/call/plaincall/AjaxCheckService.setItemNumber.dwr HTTP/1.1" 200 78
116.224.253.72 - - [15/Mar/2021:09:48:01 +0800] "GET /xingrg/images/yd/bt2.gif HTTP/1.1" 404 1042
58.37.230.33 - - [15/Mar/2021:09:48:01 +0800] "POST /xingrg/dwr/call/plaincall/AjaxCheckService.setItemNumber.dwr HTTP/1.1" 200 77
58.37.230.33 - - [15/Mar/2021:09:48:02 +0800] "POST /xingrg/dwr/call/plaincall/AjaxCheckService.setItemNumber.dwr HTTP/1.1" 200 77
116.224.253.72 - - [15/Mar/2021:09:48:02 +0800] "POST /xingrg/dwr/call/plaincall/AjaxYddbService.saveMaterielItem.dwr HTTP/1.1" 200 79
58.37.230.33 - - [15/Mar/2021:09:48:03 +0800] "POST /xingrg/dwr/call/plaincall/AjaxCheckService.setItemNumber.dwr HTTP/1.1" 200 77
61.165.42.208 - - [15/Mar/2021:09:48:03 +0800] "GET /xingrg/kc/buy/cgsh_order_operate.html?command=get_materiel&rest_code=00105&code=00101006112&supplier_code=00100012&order_time=2021-03-15 HTTP/1.1" 200 409
114.88.166.193 - - [15/Mar/2021:09:48:03 +0800] "POST /xingrg/dwr/call/plaincall/AjaxCheckService.setItemNumber.dwr HTTP/1.1" 200 78
58.37.230.33 - - [15/Mar/2021:09:48:03 +0800] "POST /xingrg/dwr/call/plaincall/AjaxCheckService.setItemNumber.dwr HTTP/1.1" 200 77
114.88.166.193 - - [15/Mar/2021:09:48:04 +0800] "POST /xingrg/dwr/call/plaincall/AjaxCheckService.setItemNumber.dwr HTTP/1.1" 200 78
114.88.166.193 - - [15/Mar/2021:09:48:05 +0800] "POST /xingrg/dwr/call/plaincall/AjaxCheckService.setItemNumber.dwr HTTP/1.1" 200 78
116.224.253.72 - - [15/Mar/2021:09:48:06 +0800] "POST /xingrg/dwr/call/plaincall/AjaxComOrderService.getMaterielSearchList.dwr HTTP/1.1" 200 18484
114.88.166.193 - - [15/Mar/2021:09:48:06 +0800] "POST /xingrg/dwr/call/plaincall/AjaxCheckService.setItemNumber.dwr HTTP/1.1" 200 78
116.224.253.72 - - [15/Mar/2021:09:48:06 +0800] "POST /xingrg/dwr/call/plaincall/AjaxComOrderService.getMaterielSearchList.dwr HTTP/1.1" 200 739
58.37.230.33 - - [15/Mar/2021:09:48:07 +0800] "POST /xingrg/dwr/call/plaincall/AjaxCheckService.setItemNumber.dwr HTTP/1.1" 200 77
114.88.166.193 - - [15/Mar/2021:09:48:07 +0800] "POST /xingrg/dwr/call/plaincall/AjaxCheckService.setItemNumber.dwr HTTP/1.1" 200 78
116.224.253.72 - - [15/Mar/2021:09:48:08 +0800] "POST /xingrg/dwr/call/plaincall/AjaxYddbService.getMaterielByMap.dwr HTTP/1.1" 200 3749
114.88.166.193 - - [15/Mar/2021:09:48:09 +0800] "POST /xingrg/dwr/call/plaincall/AjaxCheckService.setItemNumber.dwr HTTP/1.1" 200 78
116.235.216.75 - - [15/Mar/2021:09:48:09 +0800] "GET /xingrg/all/function/internal_message.html?_=1615772888375&CODE_STATE=getMsg HTTP/1.1" 200 27
222.70.216.222 - - [15/Mar/2021:09:48:10 +0800] "GET /xingrg/check_reg.html?_=1615772888015 HTTP/1.1" 200 22
180.161.124.53 - - [15/Mar/2021:09:48:11 +0800] "GET /xingrg/check_reg.html?_=1615773155449 HTTP/1.1" 200 22
114.88.166.193 - - [15/Mar/2021:09:48:11 +0800] "POST /xingrg/dwr/call/plaincall/AjaxCheckService.setItemNumber.dwr HTTP/1.1" 200 78
116.224.253.72 - - [15/Mar/2021:09:48:11 +0800] "POST /xingrg/dwr/call/plaincall/AjaxYddbService.saveMaterielItem.dwr HTTP/1.1" 200 79
180.161.124.53 - - [15/Mar/2021:09:48:12 +0800] "GET /xingrg/all/function/internal_message.html?_=1615773156369&CODE_STATE=getMsg HTTP/1.1" 200 27
58.37.230.33 - - [15/Mar/2021:09:48:12 +0800] "POST /xingrg/dwr/call/plaincall/AjaxCheckService.setItemNumber.dwr HTTP/1.1" 200 77
120.253.135.82 - - [15/Mar/2021:09:48:13 +0800] "GET /xingrg/all/function/internal_message.html?_=1615772950554&CODE_STATE=getMsg HTTP/1.1" 200 27
114.88.166.193 - - [15/Mar/2021:09:48:13 +0800] "POST /xingrg/dwr/call/plaincall/AjaxCheckService.setItemNumber.dwr HTTP/1.1" 200 78
114.88.166.193 - - [15/Mar/2021:09:48:14 +0800] "POST /xingrg/dwr/call/plaincall/AjaxCheckService.setItemNumber.dwr HTTP/1.1" 200 78
58.37.230.33 - - [15/Mar/2021:09:48:15 +0800] "POST /xingrg/dwr/call/plaincall/AjaxCheckService.setItemNumber.dwr HTTP/1.1" 200 77
114.88.166.193 - - [15/Mar/2021:09:48:15 +0800] "POST /xingrg/dwr/call/plaincall/AjaxCheckService.setItemNumber.dwr HTTP/1.1" 200 78
58.37.230.33 - - [15/Mar/2021:09:48:15 +0800] "POST /xingrg/dwr/call/plaincall/AjaxCheckService.setItemNumber.dwr HTTP/1.1" 200 77
58.37.230.33 - - [15/Mar/2021:09:48:16 +0800] "POST /xingrg/dwr/call/plaincall/AjaxCheckService.setItemNumber.dwr HTTP/1.1" 200 77
114.88.166.193 - - [15/Mar/2021:09:48:16 +0800] "POST /xingrg/dwr/call/plaincall/AjaxCheckService.setItemNumber.dwr HTTP/1.1" 200 78
58.37.230.33 - - [15/Mar/2021:09:48:16 +0800] "POST /xingrg/dwr/call/plaincall/AjaxCheckService.setItemNumber.dwr HTTP/1.1" 200 77
117.131.5.26 - - [15/Mar/2021:09:48:17 +0800] "GET /xingrg/all/function/internal_message.html?_=1615772965991&CODE_STATE=getMsg HTTP/1.1" 200 27
58.37.230.33 - - [15/Mar/2021:09:48:17 +0800] "POST /xingrg/dwr/call/plaincall/AjaxCheckService.setItemNumber.dwr HTTP/1.1" 200 77
58.37.230.33 - - [15/Mar/2021:09:48:18 +0800] "POST /xingrg/dwr/call/plaincall/AjaxCheckService.setItemNumber.dwr HTTP/1.1" 200 77
114.88.166.193 - - [15/Mar/2021:09:48:18 +0800] "POST /xingrg/dwr/call/plaincall/AjaxCheckService.setItemNumber.dwr HTTP/1.1" 200 78
114.88.166.193 - - [15/Mar/2021:09:48:20 +0800] "POST /xingrg/dwr/call/plaincall/AjaxCheckService.setItemNumber.dwr HTTP/1.1" 200 78
114.88.166.193 - - [15/Mar/2021:09:48:20 +0800] "GET /xingrg/check_reg.html?_=1615772898963 HTTP/1.1" 200 22
58.37.230.33 - - [15/Mar/2021:09:48:20 +0800] "POST /xingrg/dwr/call/plaincall/AjaxCheckService.setItemNumber.dwr HTTP/1.1" 200 77
114.88.166.193 - - [15/Mar/2021:09:48:20 +0800] "GET /xingrg/all/function/internal_message.html?_=1615772899224&CODE_STATE=getMsg HTTP/1.1" 200 27
58.37.230.33 - - [15/Mar/2021:09:48:21 +0800] "POST /xingrg/dwr/call/plaincall/AjaxCheckService.setItemNumber.dwr HTTP/1.1" 200 77
114.88.166.193 - - [15/Mar/2021:09:48:22 +0800] "POST /xingrg/dwr/call/plaincall/AjaxCheckService.setItemNumber.dwr HTTP/1.1" 200 78
58.37.230.33 - - [15/Mar/2021:09:48:24 +0800] "GET /xingrg/all/function/internal_message.html?_=1615772896137&CODE_STATE=getMsg HTTP/1.1" 200 27
114.88.166.193 - - [15/Mar/2021:09:48:24 +0800] "POST /xingrg/dwr/call/plaincall/AjaxCheckService.setItemNumber.dwr HTTP/1.1" 200 78
58.37.230.33 - - [15/Mar/2021:09:48:24 +0800] "POST /xingrg/dwr/call/plaincall/AjaxCheckService.setItemNumber.dwr HTTP/1.1" 200 77
101.228.165.174 - - [15/Mar/2021:09:48:24 +0800] "GET /xingrg/all/function/internal_message.html?_=1615772905841&CODE_STATE=getMsg HTTP/1.1" 200 27
58.37.230.33 - - [15/Mar/2021:09:48:25 +0800] "GET /xingrg/all/function/internal_message.html?_=1615772914797&CODE_STATE=getMsg HTTP/1.1" 200 27
58.37.230.33 - - [15/Mar/2021:09:48:25 +0800] "GET /xingrg/check_reg.html?_=1615772914800 HTTP/1.1" 200 22
58.37.230.33 - - [15/Mar/2021:09:48:25 +0800] "POST /xingrg/dwr/call/plaincall/AjaxCheckService.setItemNumber.dwr HTTP/1.1" 200 77
58.37.230.33 - - [15/Mar/2021:09:48:27 +0800] "POST /xingrg/dwr/call/plaincall/AjaxCheckService.setItemNumber.dwr HTTP/1.1" 200 77
58.37.230.33 - - [15/Mar/2021:09:48:28 +0800] "POST /xingrg/dwr/call/plaincall/AjaxCheckService.setItemNumber.dwr HTTP/1.1" 200 77
58.37.230.33 - - [15/Mar/2021:09:48:28 +0800] "POST /xingrg/dwr/call/plaincall/AjaxCheckService.setItemNumber.dwr HTTP/1.1" 200 77
58.37.230.33 - - [15/Mar/2021:09:48:29 +0800] "POST /xingrg/dwr/call/plaincall/AjaxCheckService.setItemNumber.dwr HTTP/1.1" 200 77
114.88.166.193 - - [15/Mar/2021:09:48:29 +0800] "POST /xingrg/dwr/call/plaincall/AjaxCheckService.setItemNumber.dwr HTTP/1.1" 200 78
58.37.230.33 - - [15/Mar/2021:09:48:30 +0800] "POST /xingrg/dwr/call/plaincall/AjaxCheckService.setItemNumber.dwr HTTP/1.1" 200 77
114.88.166.193 - - [15/Mar/2021:09:48:31 +0800] "POST /xingrg/dwr/call/plaincall/AjaxCheckService.setItemNumber.dwr HTTP/1.1" 200 78
61.165.42.208 - - [15/Mar/2021:09:48:32 +0800] "POST /xingrg/services/DataTransmitService HTTP/1.1" 200 524
58.37.230.33 - - [15/Mar/2021:09:48:32 +0800] "POST /xingrg/dwr/call/plaincall/AjaxCheckService.setItemNumber.dwr HTTP/1.1" 200 77
61.165.42.208 - - [15/Mar/2021:09:48:32 +0800] "POST /xingrg/services/DataTransmitService HTTP/1.1" 200 2231
61.165.42.208 - - [15/Mar/2021:09:48:32 +0800] "POST /xingrg/kc/buy/cgsh_order_operate.html HTTP/1.1" 200 37
114.88.166.193 - - [15/Mar/2021:09:48:33 +0800] "POST /xingrg/dwr/call/plaincall/AjaxCheckService.setItemNumber.dwr HTTP/1.1" 200 78
58.37.230.33 - - [15/Mar/2021:09:48:33 +0800] "POST /xingrg/dwr/call/plaincall/AjaxCheckService.setItemNumber.dwr HTTP/1.1" 200 77
61.165.42.208 - - [15/Mar/2021:09:48:33 +0800] "POST /xingrg/kc/buy/cgsh_order_operate.html HTTP/1.1" 200 6235
114.88.166.193 - - [15/Mar/2021:09:48:34 +0800] "POST /xingrg/dwr/call/plaincall/AjaxCheckService.setItemNumber.dwr HTTP/1.1" 200 78
58.37.230.33 - - [15/Mar/2021:09:48:35 +0800] "POST /xingrg/dwr/call/plaincall/AjaxCheckService.setItemNumber.dwr HTTP/1.1" 200 77
114.88.166.193 - - [15/Mar/2021:09:48:35 +0800] "POST /xingrg/dwr/call/plaincall/AjaxCheckService.setItemNumber.dwr HTTP/1.1" 200 78
58.37.230.33 - - [15/Mar/2021:09:48:36 +0800] "POST /xingrg/dwr/call/plaincall/AjaxCheckService.setItemNumber.dwr HTTP/1.1" 200 77
58.37.230.33 - - [15/Mar/2021:09:48:36 +0800] "POST /xingrg/dwr/call/plaincall/AjaxCheckService.setItemNumber.dwr HTTP/1.1" 200 77
61.165.42.208 - - [15/Mar/2021:09:48:37 +0800] "GET /xingrg/all/function/internal_message.html?_=1615772917720&CODE_STATE=getMsg HTTP/1.1" 200 27
114.88.166.193 - - [15/Mar/2021:09:48:37 +0800] "POST /xingrg/dwr/call/plaincall/AjaxCheckService.setItemNumber.dwr HTTP/1.1" 200 78
58.37.230.33 - - [15/Mar/2021:09:48:37 +0800] "POST /xingrg/dwr/call/plaincall/AjaxCheckService.setItemNumber.dwr HTTP/1.1" 200 77
101.228.165.174 - - [15/Mar/2021:09:48:39 +0800] "GET /xingrg/check_reg.html?_=1615772920270 HTTP/1.1" 200 22
116.224.253.72 - - [15/Mar/2021:09:48:40 +0800] "GET /xingrg/kc/buy/cgsh_order_list.html HTTP/1.1" 200 46372
222.70.209.13 - - [15/Mar/2021:09:48:40 +0800] "GET /xingrg/all/function/internal_message.html?_=1615772920288&CODE_STATE=getMsg HTTP/1.1" 302 -
116.224.253.72 - - [15/Mar/2021:09:48:41 +0800] "GET /xingrg/all/function/internal_message.html?_=1615772920877&CODE_STATE=getMsg HTTP/1.1" 200 27
116.224.253.72 - - [15/Mar/2021:09:48:42 +0800] "POST /xingrg/kc/buy/cgsh_list_operate.html HTTP/1.1" 200 2069
58.40.7.146 - - [15/Mar/2021:09:48:43 +0800] "GET /xingrg/all/function/internal_message.html?_=1615772922918&CODE_STATE=getMsg HTTP/1.1" 302 -
101.228.165.174 - - [15/Mar/2021:09:48:45 +0800] "GET /xingrg/all/function/internal_message.html?_=1615772926640&CODE_STATE=getMsg HTTP/1.1" 302 -
58.37.230.33 - - [15/Mar/2021:09:48:46 +0800] "POST /xingrg/dwr/call/plaincall/AjaxCheckService.setItemNumber.dwr HTTP/1.1" 200 77
222.69.137.247 - - [15/Mar/2021:09:48:46 +0800] "GET /xingrg/all/function/internal_message.html?_=1615772927255&CODE_STATE=getMsg HTTP/1.1" 200 27
180.169.147.146 - - [15/Mar/2021:09:48:46 +0800] "GET /xingrg/all/function/internal_message.html?_=1615772927751&CODE_STATE=getMsg HTTP/1.1" 200 27
58.37.230.33 - - [15/Mar/2021:09:48:47 +0800] "POST /xingrg/dwr/call/plaincall/AjaxCheckService.setItemNumber.dwr HTTP/1.1" 200 77
116.224.253.72 - - [15/Mar/2021:09:48:48 +0800] "POST /xingrg/kc/buy/cgsh_list_operate.html HTTP/1.1" 200 564
114.88.166.193 - - [15/Mar/2021:09:48:49 +0800] "GET /xingrg/all/function/internal_message.html?_=1615773169479&CODE_STATE=getMsg HTTP/1.1" 302 -
116.224.253.72 - - [15/Mar/2021:09:48:49 +0800] "GET /xingrg/kc/buy/cgsh_order_info.html?code=212021031506278 HTTP/1.1" 200 62037
116.224.253.72 - - [15/Mar/2021:09:48:49 +0800] "GET /xingrg/javascript/easyui/themes/default/validatebox.css HTTP/1.1" 404 1104
114.88.166.193 - - [15/Mar/2021:09:48:50 +0800] "POST /xingrg/dwr/call/plaincall/AjaxCheckService.setItemNumber.dwr HTTP/1.1" 200 78
58.37.230.33 - - [15/Mar/2021:09:48:50 +0800] "POST /xingrg/dwr/call/plaincall/AjaxCheckService.setItemNumber.dwr HTTP/1.1" 200 77
116.224.253.72 - - [15/Mar/2021:09:48:50 +0800] "POST /xingrg/kc/buy/cgsh_order_operate.html HTTP/1.1" 200 26294
58.37.230.33 - - [15/Mar/2021:09:48:51 +0800] "POST /xingrg/dwr/call/plaincall/AjaxCheckService.setItemNumber.dwr HTTP/1.1" 200 77
58.37.230.33 - - [15/Mar/2021:09:48:51 +0800] "POST /xingrg/dwr/call/plaincall/AjaxCheckService.setItemNumber.dwr HTTP/1.1" 200 77
114.88.166.193 - - [15/Mar/2021:09:48:52 +0800] "POST /xingrg/dwr/call/plaincall/AjaxCheckService.setItemNumber.dwr HTTP/1.1" 200 78
58.37.230.33 - - [15/Mar/2021:09:48:52 +0800] "POST /xingrg/dwr/call/plaincall/AjaxCheckService.setItemNumber.dwr HTTP/1.1" 200 77
101.228.165.174 - - [15/Mar/2021:09:48:52 +0800] "GET /xingrg/all/function/internal_message.html?_=1615772933686&CODE_STATE=getMsg HTTP/1.1" 302 -
58.37.230.33 - - [15/Mar/2021:09:48:53 +0800] "POST /xingrg/dwr/call/plaincall/AjaxCheckService.setItemNumber.dwr HTTP/1.1" 200 77
58.37.230.33 - - [15/Mar/2021:09:48:54 +0800] "POST /xingrg/dwr/call/plaincall/AjaxCheckService.setItemNumber.dwr HTTP/1.1" 200 77
58.37.230.33 - - [15/Mar/2021:09:48:54 +0800] "POST /xingrg/dwr/call/plaincall/AjaxCheckService.setItemNumber.dwr HTTP/1.1" 200 77
222.70.216.222 - - [15/Mar/2021:09:48:54 +0800] "GET /xingrg/all/function/internal_message.html?_=1615772932704&CODE_STATE=getMsg HTTP/1.1" 200 27
58.37.230.33 - - [15/Mar/2021:09:48:54 +0800] "POST /xingrg/dwr/call/plaincall/AjaxCheckService.setItemNumber.dwr HTTP/1.1" 200 77
114.88.166.193 - - [15/Mar/2021:09:48:55 +0800] "POST /xingrg/dwr/call/plaincall/AjaxCheckService.setItemNumber.dwr HTTP/1.1" 200 78
58.37.230.33 - - [15/Mar/2021:09:48:55 +0800] "POST /xingrg/dwr/call/plaincall/AjaxCheckService.setItemNumber.dwr HTTP/1.1" 200 77
58.37.230.33 - - [15/Mar/2021:09:48:55 +0800] "POST /xingrg/dwr/call/plaincall/AjaxCheckService.setItemNumber.dwr HTTP/1.1" 200 77
114.88.166.193 - - [15/Mar/2021:09:48:56 +0800] "POST /xingrg/dwr/call/plaincall/AjaxCheckService.setItemNumber.dwr HTTP/1.1" 200 78
58.37.230.33 - - [15/Mar/2021:09:48:56 +0800] "POST /xingrg/dwr/call/plaincall/AjaxCheckService.setItemNumber.dwr HTTP/1.1" 200 77
58.37.230.33 - - [15/Mar/2021:09:48:56 +0800] "POST /xingrg/dwr/call/plaincall/AjaxCheckService.setItemNumber.dwr HTTP/1.1" 200 77
180.169.147.146 - - [15/Mar/2021:09:48:57 +0800] "GET /xingrg/all/function/internal_message.html?_=1615772936717&CODE_STATE=getMsg HTTP/1.1" 302 -
58.37.230.33 - - [15/Mar/2021:09:48:57 +0800] "POST /xingrg/dwr/call/plaincall/AjaxCheckService.setItemNumber.dwr HTTP/1.1" 200 77
222.70.209.13 - - [15/Mar/2021:09:48:57 +0800] "GET /xingrg/check_reg.html?_=1615772937093 HTTP/1.1" 302 -
114.88.166.193 - - [15/Mar/2021:09:48:57 +0800] "POST /xingrg/dwr/call/plaincall/AjaxCheckService.setItemNumber.dwr HTTP/1.1" 200 78
114.86.227.50 - - [15/Mar/2021:09:48:57 +0800] "GET /xingrg/all/function/internal_message.html?_=1615772939021&CODE_STATE=getMsg HTTP/1.1" 200 27
114.88.166.193 - - [15/Mar/2021:09:48:58 +0800] "POST /xingrg/dwr/call/plaincall/AjaxCheckService.setItemNumber.dwr HTTP/1.1" 200 78
114.88.166.193 - - [15/Mar/2021:09:49:00 +0800] "POST /xingrg/dwr/call/plaincall/AjaxCheckService.setItemNumber.dwr HTTP/1.1" 200 78
58.37.230.33 - - [15/Mar/2021:09:49:00 +0800] "POST /xingrg/dwr/call/plaincall/AjaxCheckService.setItemNumber.dwr HTTP/1.1" 200 77
114.88.166.193 - - [15/Mar/2021:09:49:02 +0800] "POST /xingrg/dwr/call/plaincall/AjaxCheckService.setItemNumber.dwr HTTP/1.1" 200 78
58.37.230.33 - - [15/Mar/2021:09:49:02 +0800] "POST /xingrg/dwr/call/plaincall/AjaxCheckService.setItemNumber.dwr HTTP/1.1" 200 77
58.37.230.33 - - [15/Mar/2021:09:49:03 +0800] "POST /xingrg/dwr/call/plaincall/AjaxCheckService.setItemNumber.dwr HTTP/1.1" 200 77
58.37.230.33 - - [15/Mar/2021:09:49:04 +0800] "POST /xingrg/dwr/call/plaincall/AjaxCheckService.setItemNumber.dwr HTTP/1.1" 200 77
58.37.230.33 - - [15/Mar/2021:09:49:04 +0800] "POST /xingrg/dwr/call/plaincall/AjaxCheckService.setItemNumber.dwr HTTP/1.1" 200 77
58.37.230.33 - - [15/Mar/2021:09:49:04 +0800] "POST /xingrg/dwr/call/plaincall/AjaxCheckService.setItemNumber.dwr HTTP/1.1" 200 77
58.37.230.33 - - [15/Mar/2021:09:49:05 +0800] "POST /xingrg/dwr/call/plaincall/AjaxCheckService.setItemNumber.dwr HTTP/1.1" 200 77
114.88.166.193 - - [15/Mar/2021:09:49:06 +0800] "POST /xingrg/dwr/call/plaincall/AjaxCheckService.setItemNumber.dwr HTTP/1.1" 200 78
58.37.230.33 - - [15/Mar/2021:09:49:06 +0800] "POST /xingrg/dwr/call/plaincall/AjaxCheckService.setItemNumber.dwr HTTP/1.1" 200 77
101.228.165.174 - - [15/Mar/2021:09:49:08 +0800] "GET /xingrg/check_reg.html?_=1615772949060 HTTP/1.1" 302 -
58.37.230.33 - - [15/Mar/2021:09:49:08 +0800] "POST /xingrg/dwr/call/plaincall/AjaxCheckService.setItemNumber.dwr HTTP/1.1" 200 77
58.37.230.33 - - [15/Mar/2021:09:49:08 +0800] "POST /xingrg/dwr/call/plaincall/AjaxCheckService.setItemNumber.dwr HTTP/1.1" 200 77
116.235.216.75 - - [15/Mar/2021:09:49:09 +0800] "GET /xingrg/all/function/internal_message.html?_=1615772948360&CODE_STATE=getMsg HTTP/1.1" 200 27
58.37.230.33 - - [15/Mar/2021:09:49:10 +0800] "POST /xingrg/dwr/call/plaincall/AjaxCheckService.setItemNumber.dwr HTTP/1.1" 200 77
58.37.230.33 - - [15/Mar/2021:09:49:11 +0800] "POST /xingrg/dwr/call/plaincall/AjaxCheckService.setItemNumber.dwr HTTP/1.1" 200 77
180.161.124.53 - - [15/Mar/2021:09:49:12 +0800] "GET /xingrg/all/function/internal_message.html?_=1615773216393&CODE_STATE=getMsg HTTP/1.1" 200 27
58.37.230.33 - - [15/Mar/2021:09:49:12 +0800] "POST /xingrg/dwr/call/plaincall/AjaxCheckService.setItemNumber.dwr HTTP/1.1" 200 77
58.37.230.33 - - [15/Mar/2021:09:49:12 +0800] "POST /xingrg/dwr/call/plaincall/AjaxCheckService.setItemNumber.dwr HTTP/1.1" 200 77
120.253.135.82 - - [15/Mar/2021:09:49:13 +0800] "GET /xingrg/all/function/internal_message.html?_=1615773010573&CODE_STATE=getMsg HTTP/1.1" 200 27
61.151.207.158 - - [15/Mar/2021:09:49:13 +0800] "GET /xingrg/all/function/internal_message.html?_=1615772374759&CODE_STATE=getMsg HTTP/1.1" 302 -
58.37.230.33 - - [15/Mar/2021:09:49:13 +0800] "POST /xingrg/dwr/call/plaincall/AjaxCheckService.setItemNumber.dwr HTTP/1.1" 200 77
58.37.230.33 - - [15/Mar/2021:09:49:16 +0800] "POST /xingrg/dwr/call/plaincall/AjaxCheckService.setItemNumber.dwr HTTP/1.1" 200 77
58.37.230.33 - - [15/Mar/2021:09:49:17 +0800] "POST /xingrg/dwr/call/plaincall/AjaxCheckService.setItemNumber.dwr HTTP/1.1" 200 77
117.131.5.26 - - [15/Mar/2021:09:49:17 +0800] "GET /xingrg/all/function/internal_message.html?_=1615773025989&CODE_STATE=getMsg HTTP/1.1" 200 27
58.37.230.33 - - [15/Mar/2021:09:49:17 +0800] "POST /xingrg/dwr/call/plaincall/AjaxCheckService.setItemNumber.dwr HTTP/1.1" 200 77
58.37.230.33 - - [15/Mar/2021:09:49:18 +0800] "POST /xingrg/dwr/call/plaincall/AjaxCheckService.setItemNumber.dwr HTTP/1.1" 200 77
61.151.207.158 - - [15/Mar/2021:09:49:18 +0800] "GET /xingrg/login.html HTTP/1.1" 200 7641
114.88.166.193 - - [15/Mar/2021:09:49:20 +0800] "GET /xingrg/all/function/internal_message.html?_=1615772959237&CODE_STATE=getMsg HTTP/1.1" 200 27
58.37.230.33 - - [15/Mar/2021:09:49:20 +0800] "POST /xingrg/dwr/call/plaincall/AjaxCheckService.setItemNumber.dwr HTTP/1.1" 200 77
58.37.230.33 - - [15/Mar/2021:09:49:21 +0800] "POST /xingrg/dwr/call/plaincall/AjaxCheckService.setItemNumber.dwr HTTP/1.1" 200 77
58.37.230.33 - - [15/Mar/2021:09:49:22 +0800] "POST /xingrg/dwr/call/plaincall/AjaxCheckService.setItemNumber.dwr HTTP/1.1" 200 77
58.37.230.33 - - [15/Mar/2021:09:49:24 +0800] "GET /xingrg/all/function/internal_message.html?_=1615772956117&CODE_STATE=getMsg HTTP/1.1" 200 27
101.228.165.174 - - [15/Mar/2021:09:49:24 +0800] "GET /xingrg/all/function/internal_message.html?_=1615772965849&CODE_STATE=getMsg HTTP/1.1" 200 27
58.37.230.33 - - [15/Mar/2021:09:49:25 +0800] "GET /xingrg/all/function/internal_message.html?_=1615772974784&CODE_STATE=getMsg HTTP/1.1" 200 27
58.37.230.33 - - [15/Mar/2021:09:49:27 +0800] "POST /xingrg/dwr/call/plaincall/AjaxCheckService.setItemNumber.dwr HTTP/1.1" 200 77
58.37.230.33 - - [15/Mar/2021:09:49:28 +0800] "POST /xingrg/dwr/call/plaincall/AjaxCheckService.setItemNumber.dwr HTTP/1.1" 200 77
58.37.230.33 - - [15/Mar/2021:09:49:30 +0800] "POST /xingrg/dwr/call/plaincall/AjaxCheckService.setItemNumber.dwr HTTP/1.1" 200 77
58.37.230.33 - - [15/Mar/2021:09:49:32 +0800] "POST /xingrg/dwr/call/plaincall/AjaxCheckService.setItemNumber.dwr HTTP/1.1" 200 77
58.37.230.33 - - [15/Mar/2021:09:49:33 +0800] "POST /xingrg/dwr/call/plaincall/AjaxCheckService.setItemNumber.dwr HTTP/1.1" 200 77
58.37.230.33 - - [15/Mar/2021:09:49:35 +0800] "POST /xingrg/dwr/call/plaincall/AjaxCheckService.setItemNumber.dwr HTTP/1.1" 200 77
58.37.230.33 - - [15/Mar/2021:09:49:36 +0800] "POST /xingrg/dwr/call/plaincall/AjaxCheckService.setItemNumber.dwr HTTP/1.1" 200 77
58.37.230.33 - - [15/Mar/2021:09:49:37 +0800] "POST /xingrg/dwr/call/plaincall/AjaxCheckService.setItemNumber.dwr HTTP/1.1" 200 77
61.165.42.208 - - [15/Mar/2021:09:49:37 +0800] "GET /xingrg/all/function/internal_message.html?_=1615772977701&CODE_STATE=getMsg HTTP/1.1" 200 27
58.37.230.33 - - [15/Mar/2021:09:49:38 +0800] "POST /xingrg/dwr/call/plaincall/AjaxCheckService.setItemNumber.dwr HTTP/1.1" 200 77
222.70.209.13 - - [15/Mar/2021:09:49:40 +0800] "GET /xingrg/all/function/internal_message.html?_=1615772980297&CODE_STATE=getMsg HTTP/1.1" 302 -
116.224.253.72 - - [15/Mar/2021:09:49:41 +0800] "GET /xingrg/all/function/internal_message.html?_=1615772980877&CODE_STATE=getMsg HTTP/1.1" 200 27
58.37.230.33 - - [15/Mar/2021:09:49:42 +0800] "POST /xingrg/dwr/call/plaincall/AjaxCheckService.setItemNumber.dwr HTTP/1.1" 200 77
58.37.230.33 - - [15/Mar/2021:09:49:43 +0800] "POST /xingrg/dwr/call/plaincall/AjaxCheckService.setItemNumber.dwr HTTP/1.1" 200 77
58.40.7.146 - - [15/Mar/2021:09:49:43 +0800] "GET /xingrg/all/function/internal_message.html?_=1615772982922&CODE_STATE=getMsg HTTP/1.1" 302 -
58.37.230.33 - - [15/Mar/2021:09:49:45 +0800] "POST /xingrg/dwr/call/plaincall/AjaxCheckService.setItemNumber.dwr HTTP/1.1" 200 77
101.228.165.174 - - [15/Mar/2021:09:49:45 +0800] "GET /xingrg/all/function/internal_message.html?_=1615772986699&CODE_STATE=getMsg HTTP/1.1" 302 -
114.86.227.50 - - [15/Mar/2021:09:49:46 +0800] "POST /xingrg/kc/buy/cgsh_order_operate.html HTTP/1.1" 200 2065
222.69.137.247 - - [15/Mar/2021:09:49:46 +0800] "GET /xingrg/all/function/internal_message.html?_=1615772987239&CODE_STATE=getMsg HTTP/1.1" 200 27
180.169.147.146 - - [15/Mar/2021:09:49:46 +0800] "GET /xingrg/all/function/internal_message.html?_=1615772987753&CODE_STATE=getMsg HTTP/1.1" 200 27
58.37.230.33 - - [15/Mar/2021:09:49:49 +0800] "POST /xingrg/dwr/call/plaincall/AjaxCheckService.setItemNumber.dwr HTTP/1.1" 200 77
114.88.166.193 - - [15/Mar/2021:09:49:49 +0800] "GET /xingrg/all/function/internal_message.html?_=1615773229461&CODE_STATE=getMsg HTTP/1.1" 302 -
58.37.230.33 - - [15/Mar/2021:09:49:51 +0800] "POST /xingrg/dwr/call/plaincall/AjaxCheckService.setItemNumber.dwr HTTP/1.1" 200 77
58.37.230.33 - - [15/Mar/2021:09:49:51 +0800] "POST /xingrg/dwr/call/plaincall/AjaxCheckService.setItemNumber.dwr HTTP/1.1" 200 77
58.37.230.33 - - [15/Mar/2021:09:49:52 +0800] "POST /xingrg/dwr/call/plaincall/AjaxCheckService.setItemNumber.dwr HTTP/1.1" 200 77
101.228.165.174 - - [15/Mar/2021:09:49:52 +0800] "GET /xingrg/all/function/internal_message.html?_=1615772993690&CODE_STATE=getMsg HTTP/1.1" 302 -
58.37.230.33 - - [15/Mar/2021:09:49:53 +0800] "POST /xingrg/dwr/call/plaincall/AjaxCheckService.setItemNumber.dwr HTTP/1.1" 200 78
114.86.227.50 - - [15/Mar/2021:09:49:53 +0800] "GET /xingrg/kc/buy/cgsh_order_operate.html?command=get_materiel&rest_code=00109&code=00101008357&supplier_code=00100005&order_time=2021-03-15 HTTP/1.1" 200 408
58.37.230.33 - - [15/Mar/2021:09:49:53 +0800] "POST /xingrg/dwr/call/plaincall/AjaxCheckService.setItemNumber.dwr HTTP/1.1" 200 78
58.37.230.33 - - [15/Mar/2021:09:49:54 +0800] "POST /xingrg/dwr/call/plaincall/AjaxCheckService.setItemNumber.dwr HTTP/1.1" 200 78
222.70.216.222 - - [15/Mar/2021:09:49:54 +0800] "GET /xingrg/all/function/internal_message.html?_=1615772992689&CODE_STATE=getMsg HTTP/1.1" 200 27
58.37.230.33 - - [15/Mar/2021:09:49:55 +0800] "POST /xingrg/dwr/call/plaincall/AjaxCheckService.setItemNumber.dwr HTTP/1.1" 200 78
58.37.230.33 - - [15/Mar/2021:09:49:57 +0800] "POST /xingrg/dwr/call/plaincall/AjaxCheckService.setItemNumber.dwr HTTP/1.1" 200 78
180.169.147.146 - - [15/Mar/2021:09:49:57 +0800] "GET /xingrg/all/function/internal_message.html?_=1615772996716&CODE_STATE=getMsg HTTP/1.1" 302 -
58.37.230.33 - - [15/Mar/2021:09:49:57 +0800] "POST /xingrg/dwr/call/plaincall/AjaxCheckService.setItemNumber.dwr HTTP/1.1" 200 78
114.86.227.50 - - [15/Mar/2021:09:49:57 +0800] "GET /xingrg/all/function/internal_message.html?_=1615772999023&CODE_STATE=getMsg HTTP/1.1" 200 27
58.37.230.33 - - [15/Mar/2021:09:49:58 +0800] "POST /xingrg/dwr/call/plaincall/AjaxCheckService.setItemNumber.dwr HTTP/1.1" 200 78
58.37.230.33 - - [15/Mar/2021:09:49:58 +0800] "POST /xingrg/dwr/call/plaincall/AjaxCheckService.setItemNumber.dwr HTTP/1.1" 200 78
114.86.227.50 - - [15/Mar/2021:09:50:00 +0800] "GET /xingrg/kc/buy/cgsh_order_operate.html?command=get_materiel&rest_code=00109&code=00101008313&supplier_code=00100005&order_time=2021-03-15 HTTP/1.1" 200 412
58.37.230.33 - - [15/Mar/2021:09:50:01 +0800] "POST /xingrg/dwr/call/plaincall/AjaxCheckService.setItemNumber.dwr HTTP/1.1" 200 78
61.165.42.208 - - [15/Mar/2021:09:50:03 +0800] "POST /xingrg/kc/buy/cgsh_order_operate.html HTTP/1.1" 200 37
58.37.230.33 - - [15/Mar/2021:09:50:03 +0800] "POST /xingrg/dwr/call/plaincall/AjaxCheckService.setItemNumber.dwr HTTP/1.1" 200 78
58.37.230.33 - - [15/Mar/2021:09:50:05 +0800] "POST /xingrg/dwr/call/plaincall/AjaxCheckService.setItemNumber.dwr HTTP/1.1" 200 78
61.165.42.208 - - [15/Mar/2021:09:50:06 +0800] "POST /xingrg/kc/buy/cgsh_order_operate.html HTTP/1.1" 200 6236
58.37.230.33 - - [15/Mar/2021:09:50:06 +0800] "POST /xingrg/dwr/call/plaincall/AjaxCheckService.setItemNumber.dwr HTTP/1.1" 200 78
114.86.227.50 - - [15/Mar/2021:09:50:07 +0800] "GET /xingrg/kc/buy/cgsh_order_operate.html?command=get_materiel&rest_code=00109&code=00101008361&supplier_code=00100005&order_time=2021-03-15 HTTP/1.1" 200 408
116.235.216.75 - - [15/Mar/2021:09:50:07 +0800] "GET /xingrg/check_reg.html?_=1615773006972 HTTP/1.1" 200 22
