61.165.42.208 - - [15/Mar/2021:09:50:08 +0800] "GET /xingrg/kc/print/load_data.html?order_code=212021031506298&kc_code=cgsh&condition= HTTP/1.1" 200 2145
58.37.230.33 - - [15/Mar/2021:09:50:08 +0800] "POST /xingrg/dwr/call/plaincall/AjaxCheckService.setItemNumber.dwr HTTP/1.1" 200 78
116.235.216.75 - - [15/Mar/2021:09:50:09 +0800] "GET /xingrg/all/function/internal_message.html?_=1615773008337&CODE_STATE=getMsg HTTP/1.1" 200 27
58.37.230.33 - - [15/Mar/2021:09:50:09 +0800] "POST /xingrg/dwr/call/plaincall/AjaxCheckService.setItemNumber.dwr HTTP/1.1" 200 78
58.37.230.33 - - [15/Mar/2021:09:50:10 +0800] "POST /xingrg/dwr/call/plaincall/AjaxCheckService.setItemNumber.dwr HTTP/1.1" 200 78
180.161.124.53 - - [15/Mar/2021:09:50:12 +0800] "GET /xingrg/all/function/internal_message.html?_=1615773276396&CODE_STATE=getMsg HTTP/1.1" 200 27
58.37.230.33 - - [15/Mar/2021:09:50:12 +0800] "POST /xingrg/dwr/call/plaincall/AjaxCheckService.setItemNumber.dwr HTTP/1.1" 200 78
120.253.135.82 - - [15/Mar/2021:09:50:13 +0800] "GET /xingrg/all/function/internal_message.html?_=1615773070581&CODE_STATE=getMsg HTTP/1.1" 200 27
114.86.227.50 - - [15/Mar/2021:09:50:13 +0800] "GET /xingrg/kc/buy/cgsh_order_operate.html?command=get_materiel&rest_code=00109&code=00101008067&supplier_code=00100005&order_time=2021-03-15 HTTP/1.1" 200 416
58.37.230.33 - - [15/Mar/2021:09:50:14 +0800] "POST /xingrg/dwr/call/plaincall/AjaxCheckService.setItemNumber.dwr HTTP/1.1" 200 78
58.37.230.33 - - [15/Mar/2021:09:50:15 +0800] "POST /xingrg/dwr/call/plaincall/AjaxCheckService.setItemNumber.dwr HTTP/1.1" 200 78
58.37.230.33 - - [15/Mar/2021:09:50:16 +0800] "POST /xingrg/dwr/call/plaincall/AjaxCheckService.setItemNumber.dwr HTTP/1.1" 200 78
117.131.5.26 - - [15/Mar/2021:09:50:17 +0800] "GET /xingrg/all/function/internal_message.html?_=1615773085988&CODE_STATE=getMsg HTTP/1.1" 200 27
58.37.230.33 - - [15/Mar/2021:09:50:17 +0800] "POST /xingrg/dwr/call/plaincall/AjaxCheckService.setItemNumber.dwr HTTP/1.1" 200 78
58.37.230.33 - - [15/Mar/2021:09:50:20 +0800] "POST /xingrg/dwr/call/plaincall/AjaxCheckService.setItemNumber.dwr HTTP/1.1" 200 78
114.88.166.193 - - [15/Mar/2021:09:50:20 +0800] "GET /xingrg/all/function/internal_message.html?_=1615773019251&CODE_STATE=getMsg HTTP/1.1" 200 27
58.37.230.33 - - [15/Mar/2021:09:50:20 +0800] "POST /xingrg/dwr/call/plaincall/AjaxCheckService.setItemNumber.dwr HTTP/1.1" 200 78
58.37.230.33 - - [15/Mar/2021:09:50:22 +0800] "POST /xingrg/dwr/call/plaincall/AjaxCheckService.setItemNumber.dwr HTTP/1.1" 200 78
58.37.230.33 - - [15/Mar/2021:09:50:23 +0800] "POST /xingrg/dwr/call/plaincall/AjaxCheckService.setItemNumber.dwr HTTP/1.1" 200 78
114.86.227.50 - - [15/Mar/2021:09:50:24 +0800] "POST /xingrg/kc/buy/cgsh_order_operate.html HTTP/1.1" 200 37
58.37.230.33 - - [15/Mar/2021:09:50:24 +0800] "GET /xingrg/check_reg.html?_=1615773015929 HTTP/1.1" 200 22
58.37.230.33 - - [15/Mar/2021:09:50:24 +0800] "GET /xingrg/all/function/internal_message.html?_=1615773016324&CODE_STATE=getMsg HTTP/1.1" 200 27
101.228.165.174 - - [15/Mar/2021:09:50:24 +0800] "GET /xingrg/all/function/internal_message.html?_=1615773025865&CODE_STATE=getMsg HTTP/1.1" 200 27
58.37.230.33 - - [15/Mar/2021:09:50:24 +0800] "POST /xingrg/dwr/call/plaincall/AjaxCheckService.setItemNumber.dwr HTTP/1.1" 200 78
58.37.230.33 - - [15/Mar/2021:09:50:25 +0800] "POST /xingrg/dwr/call/plaincall/AjaxCheckService.setItemNumber.dwr HTTP/1.1" 200 78
114.86.227.50 - - [15/Mar/2021:09:50:25 +0800] "POST /xingrg/kc/buy/cgsh_order_operate.html HTTP/1.1" 200 44718
58.37.230.33 - - [15/Mar/2021:09:50:25 +0800] "GET /xingrg/all/function/internal_message.html?_=1615773034783&CODE_STATE=getMsg HTTP/1.1" 200 27
58.37.230.33 - - [15/Mar/2021:09:50:25 +0800] "POST /xingrg/dwr/call/plaincall/AjaxCheckService.setItemNumber.dwr HTTP/1.1" 200 78
58.37.230.33 - - [15/Mar/2021:09:50:26 +0800] "POST /xingrg/dwr/call/plaincall/AjaxCheckService.setItemNumber.dwr HTTP/1.1" 200 78
114.86.227.50 - - [15/Mar/2021:09:50:26 +0800] "GET /xingrg/kc/print/load_config.html?kc_code=cgsh HTTP/1.1" 200 1845
114.86.227.50 - - [15/Mar/2021:09:50:26 +0800] "GET /xingrg/kc/print/load_data.html?order_code=212021031506290&kc_code=cgsh&condition= HTTP/1.1" 200 16643
58.37.230.33 - - [15/Mar/2021:09:50:27 +0800] "POST /xingrg/dwr/call/plaincall/AjaxCheckService.setItemNumber.dwr HTTP/1.1" 200 78
58.37.230.33 - - [15/Mar/2021:09:50:28 +0800] "POST /xingrg/dwr/call/plaincall/AjaxCheckService.setItemNumber.dwr HTTP/1.1" 200 78
114.86.227.50 - - [15/Mar/2021:09:50:30 +0800] "GET /xingrg/kc/buy/cgsh_order_add.html HTTP/1.1" 200 62145
114.86.227.50 - - [15/Mar/2021:09:50:30 +0800] "POST /xingrg/kc/buy/cgsh_order_operate.html HTTP/1.1" 200 8245
114.86.227.50 - - [15/Mar/2021:09:50:30 +0800] "GET /xingrg/all/common/auto_word.html?type=employee&rest_code=00109 HTTP/1.1" 200 205
114.86.227.50 - - [15/Mar/2021:09:50:30 +0800] "GET /xingrg/all/common/auto_word.html?type=employee&rest_code=00109 HTTP/1.1" 200 205
114.86.227.50 - - [15/Mar/2021:09:50:30 +0800] "GET /xingrg/javascript/easyui/themes/default/validatebox.css HTTP/1.1" 404 1104
58.37.230.33 - - [15/Mar/2021:09:50:31 +0800] "POST /xingrg/dwr/call/plaincall/AjaxCheckService.setItemNumber.dwr HTTP/1.1" 200 78
58.37.230.33 - - [15/Mar/2021:09:50:32 +0800] "POST /xingrg/dwr/call/plaincall/AjaxCheckService.setItemNumber.dwr HTTP/1.1" 200 78
58.37.230.33 - - [15/Mar/2021:09:50:33 +0800] "POST /xingrg/dwr/call/plaincall/AjaxCheckService.setItemNumber.dwr HTTP/1.1" 200 78
58.37.230.33 - - [15/Mar/2021:09:50:35 +0800] "POST /xingrg/dwr/call/plaincall/AjaxCheckService.setItemNumber.dwr HTTP/1.1" 200 78
101.228.165.174 - - [15/Mar/2021:09:50:35 +0800] "GET /xingrg/check_reg.html?_=1615773036449 HTTP/1.1" 302 -
58.37.230.33 - - [15/Mar/2021:09:50:35 +0800] "POST /xingrg/dwr/call/plaincall/AjaxCheckService.setItemNumber.dwr HTTP/1.1" 200 78
58.37.230.33 - - [15/Mar/2021:09:50:36 +0800] "POST /xingrg/dwr/call/plaincall/AjaxCheckService.setItemNumber.dwr HTTP/1.1" 200 78
61.165.42.208 - - [15/Mar/2021:09:50:37 +0800] "GET /xingrg/all/function/internal_message.html?_=1615773037788&CODE_STATE=getMsg HTTP/1.1" 200 27
58.37.230.33 - - [15/Mar/2021:09:50:37 +0800] "POST /xingrg/dwr/call/plaincall/AjaxCheckService.setItemNumber.dwr HTTP/1.1" 200 78
61.165.42.208 - - [15/Mar/2021:09:50:38 +0800] "GET /xingrg/check_reg.html?_=1615773038716 HTTP/1.1" 200 22
58.37.230.33 - - [15/Mar/2021:09:50:38 +0800] "POST /xingrg/dwr/call/plaincall/AjaxCheckService.setItemNumber.dwr HTTP/1.1" 200 78
58.37.230.33 - - [15/Mar/2021:09:50:39 +0800] "POST /xingrg/dwr/call/plaincall/AjaxCheckService.setItemNumber.dwr HTTP/1.1" 200 78
114.86.227.50 - - [15/Mar/2021:09:50:39 +0800] "GET /xingrg/kc/buy/cgsh_order_operate.html?command=get_materiel&rest_code=00109&code=00101012026&supplier_code=00100035&order_time=2021-03-15 HTTP/1.1" 200 408
58.37.230.33 - - [15/Mar/2021:09:50:40 +0800] "POST /xingrg/dwr/call/plaincall/AjaxCheckService.setItemNumber.dwr HTTP/1.1" 200 78
222.70.209.13 - - [15/Mar/2021:09:50:40 +0800] "GET /xingrg/all/function/internal_message.html?_=1615773040348&CODE_STATE=getMsg HTTP/1.1" 302 -
58.37.230.33 - - [15/Mar/2021:09:50:41 +0800] "POST /xingrg/dwr/call/plaincall/AjaxCheckService.setItemNumber.dwr HTTP/1.1" 200 78
116.224.253.72 - - [15/Mar/2021:09:50:41 +0800] "GET /xingrg/all/function/internal_message.html?_=1615773040873&CODE_STATE=getMsg HTTP/1.1" 200 27
58.37.230.33 - - [15/Mar/2021:09:50:41 +0800] "POST /xingrg/dwr/call/plaincall/AjaxCheckService.setItemNumber.dwr HTTP/1.1" 200 78
58.37.230.33 - - [15/Mar/2021:09:50:42 +0800] "POST /xingrg/dwr/call/plaincall/AjaxCheckService.setItemNumber.dwr HTTP/1.1" 200 78
58.37.230.33 - - [15/Mar/2021:09:50:42 +0800] "POST /xingrg/dwr/call/plaincall/AjaxCheckService.setItemNumber.dwr HTTP/1.1" 200 78
58.40.7.146 - - [15/Mar/2021:09:50:43 +0800] "GET /xingrg/check_reg.html?_=1615773042925 HTTP/1.1" 302 -
58.40.7.146 - - [15/Mar/2021:09:50:43 +0800] "GET /xingrg/all/function/internal_message.html?_=1615773042927&CODE_STATE=getMsg HTTP/1.1" 302 -
58.37.230.33 - - [15/Mar/2021:09:50:43 +0800] "POST /xingrg/dwr/call/plaincall/AjaxCheckService.setItemNumber.dwr HTTP/1.1" 200 78
58.37.230.33 - - [15/Mar/2021:09:50:44 +0800] "POST /xingrg/dwr/call/plaincall/AjaxCheckService.setItemNumber.dwr HTTP/1.1" 200 78
101.228.165.174 - - [15/Mar/2021:09:50:45 +0800] "GET /xingrg/all/function/internal_message.html?_=1615773046714&CODE_STATE=getMsg HTTP/1.1" 302 -
58.37.230.33 - - [15/Mar/2021:09:50:46 +0800] "POST /xingrg/dwr/call/plaincall/AjaxCheckService.setItemNumber.dwr HTTP/1.1" 200 78
222.69.137.247 - - [15/Mar/2021:09:50:46 +0800] "GET /xingrg/all/function/internal_message.html?_=1615773047213&CODE_STATE=getMsg HTTP/1.1" 200 27
180.169.147.146 - - [15/Mar/2021:09:50:46 +0800] "GET /xingrg/all/function/internal_message.html?_=1615773047753&CODE_STATE=getMsg HTTP/1.1" 200 27
58.37.230.33 - - [15/Mar/2021:09:50:47 +0800] "POST /xingrg/dwr/call/plaincall/AjaxCheckService.setItemNumber.dwr HTTP/1.1" 200 78
58.37.230.33 - - [15/Mar/2021:09:50:48 +0800] "POST /xingrg/dwr/call/plaincall/AjaxCheckService.setItemNumber.dwr HTTP/1.1" 200 78
58.37.230.33 - - [15/Mar/2021:09:50:49 +0800] "POST /xingrg/dwr/call/plaincall/AjaxCheckService.setItemNumber.dwr HTTP/1.1" 200 78
114.88.166.193 - - [15/Mar/2021:09:50:49 +0800] "GET /xingrg/all/function/internal_message.html?_=1615773289455&CODE_STATE=getMsg HTTP/1.1" 302 -
114.88.166.193 - - [15/Mar/2021:09:50:50 +0800] "GET /xingrg/check_reg.html?_=1615773290624 HTTP/1.1" 302 -
58.37.230.33 - - [15/Mar/2021:09:50:50 +0800] "POST /xingrg/dwr/call/plaincall/AjaxCheckService.setItemNumber.dwr HTTP/1.1" 200 78
114.86.227.50 - - [15/Mar/2021:09:50:52 +0800] "GET /xingrg/kc/buy/cgsh_order_operate.html?command=get_materiel&rest_code=00109&code=00101016010&supplier_code=00100035&order_time=2021-03-15 HTTP/1.1" 200 408
101.228.165.174 - - [15/Mar/2021:09:50:52 +0800] "GET /xingrg/all/function/internal_message.html?_=1615773053725&CODE_STATE=getMsg HTTP/1.1" 302 -
58.37.230.33 - - [15/Mar/2021:09:50:53 +0800] "POST /xingrg/dwr/call/plaincall/AjaxCheckService.setItemNumber.dwr HTTP/1.1" 200 78
222.70.216.222 - - [15/Mar/2021:09:50:54 +0800] "GET /xingrg/all/function/internal_message.html?_=1615773052659&CODE_STATE=getMsg HTTP/1.1" 200 27
58.37.230.33 - - [15/Mar/2021:09:50:55 +0800] "POST /xingrg/dwr/call/plaincall/AjaxCheckService.setItemNumber.dwr HTTP/1.1" 200 78
58.37.230.33 - - [15/Mar/2021:09:50:56 +0800] "POST /xingrg/dwr/call/plaincall/AjaxCheckService.setItemNumber.dwr HTTP/1.1" 200 78
116.224.253.72 - - [15/Mar/2021:09:50:56 +0800] "POST /xingrg/kc/buy/cgsh_order_operate.html HTTP/1.1" 200 37
58.37.230.33 - - [15/Mar/2021:09:50:56 +0800] "POST /xingrg/dwr/call/plaincall/AjaxCheckService.setItemNumber.dwr HTTP/1.1" 200 78
180.169.147.146 - - [15/Mar/2021:09:50:57 +0800] "GET /xingrg/all/function/internal_message.html?_=1615773056715&CODE_STATE=getMsg HTTP/1.1" 302 -
58.37.230.33 - - [15/Mar/2021:09:50:57 +0800] "POST /xingrg/dwr/call/plaincall/AjaxCheckService.setItemNumber.dwr HTTP/1.1" 200 78
58.37.230.33 - - [15/Mar/2021:09:50:57 +0800] "POST /xingrg/dwr/call/plaincall/AjaxCheckService.setItemNumber.dwr HTTP/1.1" 200 78
114.86.227.50 - - [15/Mar/2021:09:50:57 +0800] "GET /xingrg/all/function/internal_message.html?_=1615773059027&CODE_STATE=getMsg HTTP/1.1" 200 27
58.37.230.33 - - [15/Mar/2021:09:50:58 +0800] "POST /xingrg/dwr/call/plaincall/AjaxCheckService.setItemNumber.dwr HTTP/1.1" 200 78
114.86.227.50 - - [15/Mar/2021:09:50:58 +0800] "GET /xingrg/kc/buy/cgsh_order_operate.html?command=get_materiel&rest_code=00109&code=00101012051&supplier_code=00100035&order_time=2021-03-15 HTTP/1.1" 200 408
58.37.230.33 - - [15/Mar/2021:09:50:58 +0800] "POST /xingrg/dwr/call/plaincall/AjaxCheckService.setItemNumber.dwr HTTP/1.1" 200 78
58.37.230.33 - - [15/Mar/2021:09:50:59 +0800] "POST /xingrg/dwr/call/plaincall/AjaxCheckService.setItemNumber.dwr HTTP/1.1" 200 78
116.224.253.72 - - [15/Mar/2021:09:50:59 +0800] "POST /xingrg/kc/buy/cgsh_order_operate.html HTTP/1.1" 200 12
58.37.230.33 - - [15/Mar/2021:09:50:59 +0800] "POST /xingrg/dwr/call/plaincall/AjaxCheckService.setItemNumber.dwr HTTP/1.1" 200 78
58.37.230.33 - - [15/Mar/2021:09:51:00 +0800] "POST /xingrg/dwr/call/plaincall/AjaxCheckService.setItemNumber.dwr HTTP/1.1" 200 78
58.37.230.33 - - [15/Mar/2021:09:51:01 +0800] "POST /xingrg/dwr/call/plaincall/AjaxCheckService.setItemNumber.dwr HTTP/1.1" 200 78
58.37.230.33 - - [15/Mar/2021:09:51:01 +0800] "POST /xingrg/dwr/call/plaincall/AjaxCheckService.setItemNumber.dwr HTTP/1.1" 200 78
116.224.253.72 - - [15/Mar/2021:09:51:01 +0800] "GET /xingrg/kc/buy/cgsh_order_info.html?code=212021031506278 HTTP/1.1" 200 56930
116.224.253.72 - - [15/Mar/2021:09:51:02 +0800] "GET /xingrg/javascript/easyui/themes/default/validatebox.css HTTP/1.1" 404 1104
116.224.253.72 - - [15/Mar/2021:09:51:02 +0800] "POST /xingrg/kc/buy/cgsh_order_operate.html HTTP/1.1" 200 24232
58.37.230.33 - - [15/Mar/2021:09:51:03 +0800] "POST /xingrg/dwr/call/plaincall/AjaxCheckService.setItemNumber.dwr HTTP/1.1" 200 78
114.86.227.50 - - [15/Mar/2021:09:51:04 +0800] "GET /xingrg/kc/buy/cgsh_order_operate.html?command=get_materiel&rest_code=00109&code=00101012025&supplier_code=00100035&order_time=2021-03-15 HTTP/1.1" 200 412
58.37.230.33 - - [15/Mar/2021:09:51:05 +0800] "POST /xingrg/dwr/call/plaincall/AjaxCheckService.setItemNumber.dwr HTTP/1.1" 200 78
58.37.230.33 - - [15/Mar/2021:09:51:06 +0800] "POST /xingrg/dwr/call/plaincall/AjaxCheckService.setItemNumber.dwr HTTP/1.1" 200 78
116.224.253.72 - - [15/Mar/2021:09:51:06 +0800] "GET /xingrg/kc/print/load_data.html?order_code=212021031506278&kc_code=cgsh&condition= HTTP/1.1" 200 9686
58.37.230.33 - - [15/Mar/2021:09:51:07 +0800] "POST /xingrg/dwr/call/plaincall/AjaxCheckService.setItemNumber.dwr HTTP/1.1" 200 78
116.235.216.75 - - [15/Mar/2021:09:51:09 +0800] "GET /xingrg/all/function/internal_message.html?_=1615773068320&CODE_STATE=getMsg HTTP/1.1" 200 27
58.37.230.33 - - [15/Mar/2021:09:51:09 +0800] "POST /xingrg/dwr/call/plaincall/AjaxCheckService.setItemNumber.dwr HTTP/1.1" 200 78
114.86.227.50 - - [15/Mar/2021:09:51:11 +0800] "GET /xingrg/kc/buy/cgsh_order_operate.html?command=get_materiel&rest_code=00109&code=00101012051&supplier_code=00100035&order_time=2021-03-15 HTTP/1.1" 200 408
180.161.124.53 - - [15/Mar/2021:09:51:12 +0800] "GET /xingrg/all/function/internal_message.html?_=1615773336543&CODE_STATE=getMsg HTTP/1.1" 200 27
58.37.230.33 - - [15/Mar/2021:09:51:12 +0800] "POST /xingrg/dwr/call/plaincall/AjaxCheckService.setItemNumber.dwr HTTP/1.1" 200 78
120.253.135.82 - - [15/Mar/2021:09:51:13 +0800] "GET /xingrg/all/function/internal_message.html?_=1615773130599&CODE_STATE=getMsg HTTP/1.1" 200 27
58.37.230.33 - - [15/Mar/2021:09:51:13 +0800] "POST /xingrg/dwr/call/plaincall/AjaxCheckService.setItemNumber.dwr HTTP/1.1" 200 78
58.37.230.33 - - [15/Mar/2021:09:51:13 +0800] "POST /xingrg/dwr/call/plaincall/AjaxCheckService.setItemNumber.dwr HTTP/1.1" 200 78
58.37.230.33 - - [15/Mar/2021:09:51:14 +0800] "POST /xingrg/dwr/call/plaincall/AjaxCheckService.setItemNumber.dwr HTTP/1.1" 200 78
58.37.230.33 - - [15/Mar/2021:09:51:15 +0800] "POST /xingrg/dwr/call/plaincall/AjaxCheckService.setItemNumber.dwr HTTP/1.1" 200 78
58.37.230.33 - - [15/Mar/2021:09:51:15 +0800] "POST /xingrg/dwr/call/plaincall/AjaxCheckService.setItemNumber.dwr HTTP/1.1" 200 78
58.37.230.33 - - [15/Mar/2021:09:51:15 +0800] "POST /xingrg/dwr/call/plaincall/AjaxCheckService.setItemNumber.dwr HTTP/1.1" 200 78
117.131.5.26 - - [15/Mar/2021:09:51:17 +0800] "GET /xingrg/all/function/internal_message.html?_=1615773145987&CODE_STATE=getMsg HTTP/1.1" 200 27
114.86.227.50 - - [15/Mar/2021:09:51:17 +0800] "GET /xingrg/kc/buy/cgsh_order_operate.html?command=get_materiel&rest_code=00109&code=00101010136&supplier_code=00100035&order_time=2021-03-15 HTTP/1.1" 200 409
58.37.230.33 - - [15/Mar/2021:09:51:18 +0800] "POST /xingrg/dwr/call/plaincall/AjaxCheckService.setItemNumber.dwr HTTP/1.1" 200 78
114.88.166.193 - - [15/Mar/2021:09:51:20 +0800] "GET /xingrg/all/function/internal_message.html?_=1615773079263&CODE_STATE=getMsg HTTP/1.1" 200 27
58.37.230.33 - - [15/Mar/2021:09:51:22 +0800] "POST /xingrg/dwr/call/plaincall/AjaxCheckService.setItemNumber.dwr HTTP/1.1" 200 78
58.37.230.33 - - [15/Mar/2021:09:51:23 +0800] "POST /xingrg/dwr/call/plaincall/AjaxCheckService.setItemNumber.dwr HTTP/1.1" 200 78
58.37.230.33 - - [15/Mar/2021:09:51:24 +0800] "POST /xingrg/dwr/call/plaincall/AjaxCheckService.setItemNumber.dwr HTTP/1.1" 200 78
58.37.230.33 - - [15/Mar/2021:09:51:24 +0800] "GET /xingrg/all/function/internal_message.html?_=1615773076370&CODE_STATE=getMsg HTTP/1.1" 200 27
101.228.165.174 - - [15/Mar/2021:09:51:25 +0800] "GET /xingrg/all/function/internal_message.html?_=1615773086207&CODE_STATE=getMsg HTTP/1.1" 200 27
58.37.230.33 - - [15/Mar/2021:09:51:25 +0800] "GET /xingrg/all/function/internal_message.html?_=1615773094808&CODE_STATE=getMsg HTTP/1.1" 200 27
58.37.230.33 - - [15/Mar/2021:09:51:25 +0800] "POST /xingrg/dwr/call/plaincall/AjaxCheckService.setItemNumber.dwr HTTP/1.1" 200 78
58.37.230.33 - - [15/Mar/2021:09:51:29 +0800] "POST /xingrg/dwr/call/plaincall/AjaxCheckService.setItemNumber.dwr HTTP/1.1" 200 78
58.37.230.33 - - [15/Mar/2021:09:51:29 +0800] "POST /xingrg/dwr/call/plaincall/AjaxCheckService.setItemNumber.dwr HTTP/1.1" 200 78
58.37.230.33 - - [15/Mar/2021:09:51:30 +0800] "POST /xingrg/dwr/call/plaincall/AjaxCheckService.setItemNumber.dwr HTTP/1.1" 200 78
58.37.230.33 - - [15/Mar/2021:09:51:31 +0800] "POST /xingrg/dwr/call/plaincall/AjaxCheckService.setItemNumber.dwr HTTP/1.1" 200 78
58.37.230.33 - - [15/Mar/2021:09:51:32 +0800] "POST /xingrg/dwr/call/plaincall/AjaxCheckService.setItemNumber.dwr HTTP/1.1" 200 78
58.37.230.33 - - [15/Mar/2021:09:51:33 +0800] "POST /xingrg/dwr/call/plaincall/AjaxCheckService.setItemNumber.dwr HTTP/1.1" 200 78
58.37.230.33 - - [15/Mar/2021:09:51:33 +0800] "POST /xingrg/dwr/call/plaincall/AjaxCheckService.setItemNumber.dwr HTTP/1.1" 200 78
58.37.230.33 - - [15/Mar/2021:09:51:33 +0800] "POST /xingrg/dwr/call/plaincall/AjaxCheckService.setItemNumber.dwr HTTP/1.1" 200 78
58.37.230.33 - - [15/Mar/2021:09:51:35 +0800] "POST /xingrg/dwr/call/plaincall/AjaxCheckService.setItemNumber.dwr HTTP/1.1" 200 78
114.86.227.50 - - [15/Mar/2021:09:51:35 +0800] "POST /xingrg/kc/buy/cgsh_order_operate.html HTTP/1.1" 200 37
114.86.227.50 - - [15/Mar/2021:09:51:36 +0800] "POST /xingrg/kc/buy/cgsh_order_operate.html HTTP/1.1" 200 5608
58.37.230.33 - - [15/Mar/2021:09:51:36 +0800] "POST /xingrg/dwr/call/plaincall/AjaxCheckService.setItemNumber.dwr HTTP/1.1" 200 78
114.86.227.50 - - [15/Mar/2021:09:51:37 +0800] "GET /xingrg/kc/print/load_config.html?kc_code=cgsh HTTP/1.1" 200 1845
61.165.42.208 - - [15/Mar/2021:09:51:37 +0800] "GET /xingrg/all/function/internal_message.html?_=1615773097654&CODE_STATE=getMsg HTTP/1.1" 200 27
114.86.227.50 - - [15/Mar/2021:09:51:37 +0800] "GET /xingrg/kc/print/load_data.html?order_code=212021031506299&kc_code=cgsh&condition= HTTP/1.1" 200 1797
58.37.230.33 - - [15/Mar/2021:09:51:37 +0800] "POST /xingrg/dwr/call/plaincall/AjaxCheckService.setItemNumber.dwr HTTP/1.1" 200 78
58.37.230.33 - - [15/Mar/2021:09:51:38 +0800] "POST /xingrg/dwr/call/plaincall/AjaxCheckService.setItemNumber.dwr HTTP/1.1" 200 78
58.37.230.33 - - [15/Mar/2021:09:51:38 +0800] "POST /xingrg/dwr/call/plaincall/AjaxCheckService.setItemNumber.dwr HTTP/1.1" 200 78
58.37.230.33 - - [15/Mar/2021:09:51:39 +0800] "POST /xingrg/dwr/call/plaincall/AjaxCheckService.setItemNumber.dwr HTTP/1.1" 200 78
58.37.230.33 - - [15/Mar/2021:09:51:40 +0800] "POST /xingrg/dwr/call/plaincall/AjaxCheckService.setItemNumber.dwr HTTP/1.1" 200 78
222.70.209.13 - - [15/Mar/2021:09:51:40 +0800] "GET /xingrg/all/function/internal_message.html?_=1615773100354&CODE_STATE=getMsg HTTP/1.1" 302 -
116.224.253.72 - - [15/Mar/2021:09:51:41 +0800] "GET /xingrg/check_reg.html?_=1615773100891 HTTP/1.1" 200 22
116.224.253.72 - - [15/Mar/2021:09:51:41 +0800] "GET /xingrg/all/function/internal_message.html?_=1615773100894&CODE_STATE=getMsg HTTP/1.1" 200 27
58.37.230.33 - - [15/Mar/2021:09:51:41 +0800] "POST /xingrg/dwr/call/plaincall/AjaxCheckService.setItemNumber.dwr HTTP/1.1" 200 78
58.37.230.33 - - [15/Mar/2021:09:51:42 +0800] "POST /xingrg/dwr/call/plaincall/AjaxCheckService.setItemNumber.dwr HTTP/1.1" 200 78
58.40.7.146 - - [15/Mar/2021:09:51:43 +0800] "GET /xingrg/all/function/internal_message.html?_=1615773102914&CODE_STATE=getMsg HTTP/1.1" 302 -
114.86.227.50 - - [15/Mar/2021:09:51:43 +0800] "GET /xingrg/index.html?sysBaseUrl=http%3A%2F%2F180.169.147.146%3A18081%2Fxingrg%2F&costTime=51×tamp=1615770485916 HTTP/1.1" 200 17173
114.86.227.50 - - [15/Mar/2021:09:51:44 +0800] "POST /xingrg/all/common/load_tree.html?tree=area_rest_tree_json&manage=1 HTTP/1.1" 200 342
114.86.227.50 - - [15/Mar/2021:09:51:44 +0800] "GET /xingrg/all/function/internal_message.html?_=1615773105396&CODE_STATE=count HTTP/1.1" 200 11
114.86.227.50 - - [15/Mar/2021:09:51:44 +0800] "GET /xingrg/check_reg.html?_=1615773105396 HTTP/1.1" 200 22
114.86.227.50 - - [15/Mar/2021:09:51:44 +0800] "POST /xingrg/load_menu.html HTTP/1.1" 200 5138
58.37.230.33 - - [15/Mar/2021:09:51:44 +0800] "POST /xingrg/dwr/call/plaincall/AjaxCheckService.setItemNumber.dwr HTTP/1.1" 200 78
101.228.165.174 - - [15/Mar/2021:09:51:45 +0800] "GET /xingrg/all/function/internal_message.html?_=1615773106775&CODE_STATE=getMsg HTTP/1.1" 302 -
58.37.230.33 - - [15/Mar/2021:09:51:46 +0800] "POST /xingrg/dwr/call/plaincall/AjaxCheckService.setItemNumber.dwr HTTP/1.1" 200 78
114.86.227.50 - - [15/Mar/2021:09:51:46 +0800] "GET /xingrg/index.html?sysBaseUrl=http%3A%2F%2F180.169.147.146%3A18081%2Fxingrg%2F&costTime=51×tamp=1615770485916 HTTP/1.1" 200 17173
114.86.227.50 - - [15/Mar/2021:09:51:46 +0800] "POST /xingrg/all/common/load_tree.html?tree=area_rest_tree_json&manage=1 HTTP/1.1" 200 342
114.86.227.50 - - [15/Mar/2021:09:51:46 +0800] "GET /xingrg/all/function/internal_message.html?_=1615773108123&CODE_STATE=count HTTP/1.1" 200 11
114.86.227.50 - - [15/Mar/2021:09:51:46 +0800] "GET /xingrg/check_reg.html?_=1615773108123 HTTP/1.1" 200 22
114.86.227.50 - - [15/Mar/2021:09:51:46 +0800] "POST /xingrg/load_menu.html HTTP/1.1" 200 5138
222.69.137.247 - - [15/Mar/2021:09:51:46 +0800] "GET /xingrg/all/function/internal_message.html?_=1615773107378&CODE_STATE=getMsg HTTP/1.1" 200 27
180.169.147.146 - - [15/Mar/2021:09:51:46 +0800] "GET /xingrg/all/function/internal_message.html?_=1615773107755&CODE_STATE=getMsg HTTP/1.1" 200 27
58.37.230.33 - - [15/Mar/2021:09:51:47 +0800] "POST /xingrg/dwr/call/plaincall/AjaxCheckService.setItemNumber.dwr HTTP/1.1" 200 78
114.86.227.50 - - [15/Mar/2021:09:51:47 +0800] "GET /xingrg/kc/base/base_main.html HTTP/1.1" 200 12142
222.69.137.247 - - [15/Mar/2021:09:51:47 +0800] "GET /xingrg/check_reg.html?_=1615773108315 HTTP/1.1" 200 22
58.37.230.33 - - [15/Mar/2021:09:51:48 +0800] "POST /xingrg/dwr/call/plaincall/AjaxCheckService.setItemNumber.dwr HTTP/1.1" 200 78
116.224.253.72 - - [15/Mar/2021:09:51:48 +0800] "POST /xingrg/kc/buy/cgsh_list_operate.html HTTP/1.1" 200 574
114.86.227.50 - - [15/Mar/2021:09:51:48 +0800] "GET /xingrg/kc/base/check_order_list.html HTTP/1.1" 200 16464
114.86.227.50 - - [15/Mar/2021:09:51:48 +0800] "POST /xingrg/kc/base/check_list_operate.html HTTP/1.1" 200 3480
58.37.230.33 - - [15/Mar/2021:09:51:48 +0800] "POST /xingrg/dwr/call/plaincall/AjaxCheckService.setItemNumber.dwr HTTP/1.1" 200 78
116.224.253.72 - - [15/Mar/2021:09:51:49 +0800] "GET /xingrg/kc/buy/cgsh_order_info.html?code=212021031506283 HTTP/1.1" 200 62049
114.88.166.193 - - [15/Mar/2021:09:51:49 +0800] "GET /xingrg/all/function/internal_message.html?_=1615773349425&CODE_STATE=getMsg HTTP/1.1" 302 -
116.224.253.72 - - [15/Mar/2021:09:51:49 +0800] "GET /xingrg/javascript/easyui/themes/default/validatebox.css HTTP/1.1" 404 1104
116.224.253.72 - - [15/Mar/2021:09:51:49 +0800] "POST /xingrg/kc/buy/cgsh_order_operate.html HTTP/1.1" 200 7985
58.37.230.33 - - [15/Mar/2021:09:51:50 +0800] "POST /xingrg/dwr/call/plaincall/AjaxCheckService.setItemNumber.dwr HTTP/1.1" 200 78
58.37.230.33 - - [15/Mar/2021:09:51:52 +0800] "POST /xingrg/dwr/call/plaincall/AjaxCheckService.setItemNumber.dwr HTTP/1.1" 200 78
101.228.165.174 - - [15/Mar/2021:09:51:52 +0800] "GET /xingrg/all/function/internal_message.html?_=1615773113732&CODE_STATE=getMsg HTTP/1.1" 302 -
114.86.227.50 - - [15/Mar/2021:09:51:52 +0800] "GET /xingrg/kc/base/check_order_info.html?code=452021031400155 HTTP/1.1" 200 26486
114.86.227.50 - - [15/Mar/2021:09:51:52 +0800] "GET /xingrg/dwr/interface/AjaxComOrderService.js HTTP/1.1" 200 18264
114.86.227.50 - - [15/Mar/2021:09:51:52 +0800] "GET /xingrg/dwr/interface/AjaxCheckService.js HTTP/1.1" 200 14003
114.86.227.50 - - [15/Mar/2021:09:51:52 +0800] "GET /xingrg/dwr/engine.js HTTP/1.1" 200 43631
58.37.230.33 - - [15/Mar/2021:09:51:53 +0800] "POST /xingrg/dwr/call/plaincall/AjaxCheckService.setItemNumber.dwr HTTP/1.1" 200 78
114.86.227.50 - - [15/Mar/2021:09:51:53 +0800] "POST /xingrg/dwr/call/plaincall/AjaxCheckService.loadOrderItems.dwr HTTP/1.1" 200 9301
58.37.230.33 - - [15/Mar/2021:09:51:54 +0800] "POST /xingrg/dwr/call/plaincall/AjaxCheckService.setItemNumber.dwr HTTP/1.1" 200 78
222.70.216.222 - - [15/Mar/2021:09:51:54 +0800] "GET /xingrg/all/function/internal_message.html?_=1615773112644&CODE_STATE=getMsg HTTP/1.1" 200 27
180.169.147.146 - - [15/Mar/2021:09:51:57 +0800] "GET /xingrg/all/function/internal_message.html?_=1615773116716&CODE_STATE=getMsg HTTP/1.1" 302 -
114.86.227.50 - - [15/Mar/2021:09:51:57 +0800] "POST /xingrg/dwr/call/plaincall/AjaxCheckService.setItemNumber.dwr HTTP/1.1" 200 76
114.86.227.50 - - [15/Mar/2021:09:51:58 +0800] "POST /xingrg/dwr/call/plaincall/AjaxCheckService.setItemNumber.dwr HTTP/1.1" 200 76
114.86.227.50 - - [15/Mar/2021:09:51:59 +0800] "POST /xingrg/dwr/call/plaincall/AjaxCheckService.setItemNumber.dwr HTTP/1.1" 200 76
114.86.227.50 - - [15/Mar/2021:09:52:00 +0800] "POST /xingrg/dwr/call/plaincall/AjaxCheckService.setItemNumber.dwr HTTP/1.1" 200 76
58.37.230.33 - - [15/Mar/2021:09:52:00 +0800] "POST /xingrg/dwr/call/plaincall/AjaxCheckService.setItemNumber.dwr HTTP/1.1" 200 78
120.253.135.82 - - [15/Mar/2021:09:52:00 +0800] "GET /xingrg/check_reg.html?_=1615773178105 HTTP/1.1" 200 22
114.86.227.50 - - [15/Mar/2021:09:52:01 +0800] "POST /xingrg/dwr/call/plaincall/AjaxCheckService.setItemNumber.dwr HTTP/1.1" 200 76
114.86.227.50 - - [15/Mar/2021:09:52:01 +0800] "POST /xingrg/dwr/call/plaincall/AjaxCheckService.setItemNumber.dwr HTTP/1.1" 200 76
114.86.227.50 - - [15/Mar/2021:09:52:02 +0800] "POST /xingrg/dwr/call/plaincall/AjaxCheckService.setItemNumber.dwr HTTP/1.1" 200 76
58.37.230.33 - - [15/Mar/2021:09:52:02 +0800] "POST /xingrg/dwr/call/plaincall/AjaxCheckService.setItemNumber.dwr HTTP/1.1" 200 78
114.86.227.50 - - [15/Mar/2021:09:52:02 +0800] "POST /xingrg/dwr/call/plaincall/AjaxCheckService.setItemNumber.dwr HTTP/1.1" 200 76
114.86.227.50 - - [15/Mar/2021:09:52:03 +0800] "POST /xingrg/dwr/call/plaincall/AjaxCheckService.setItemNumber.dwr HTTP/1.1" 200 76
114.86.227.50 - - [15/Mar/2021:09:52:04 +0800] "POST /xingrg/dwr/call/plaincall/AjaxCheckService.setItemNumber.dwr HTTP/1.1" 200 77
114.86.227.50 - - [15/Mar/2021:09:52:04 +0800] "POST /xingrg/dwr/call/plaincall/AjaxCheckService.setItemNumber.dwr HTTP/1.1" 200 77
114.86.227.50 - - [15/Mar/2021:09:52:05 +0800] "POST /xingrg/dwr/call/plaincall/AjaxCheckService.setItemNumber.dwr HTTP/1.1" 200 77
114.86.227.50 - - [15/Mar/2021:09:52:05 +0800] "POST /xingrg/dwr/call/plaincall/AjaxCheckService.setItemNumber.dwr HTTP/1.1" 200 77
114.86.227.50 - - [15/Mar/2021:09:52:06 +0800] "POST /xingrg/dwr/call/plaincall/AjaxCheckService.setItemNumber.dwr HTTP/1.1" 200 77
58.37.230.33 - - [15/Mar/2021:09:52:06 +0800] "POST /xingrg/dwr/call/plaincall/AjaxCheckService.setItemNumber.dwr HTTP/1.1" 200 78
114.86.227.50 - - [15/Mar/2021:09:52:07 +0800] "GET /xingrg/kc/base/check_order_list.html?isBack=1 HTTP/1.1" 200 16464
114.86.227.50 - - [15/Mar/2021:09:52:08 +0800] "POST /xingrg/kc/base/check_list_operate.html HTTP/1.1" 200 3480
58.37.230.33 - - [15/Mar/2021:09:52:08 +0800] "POST /xingrg/dwr/call/plaincall/AjaxCheckService.setItemNumber.dwr HTTP/1.1" 200 78
116.235.216.75 - - [15/Mar/2021:09:52:09 +0800] "GET /xingrg/all/function/internal_message.html?_=1615773128305&CODE_STATE=getMsg HTTP/1.1" 200 27
58.37.230.33 - - [15/Mar/2021:09:52:09 +0800] "POST /xingrg/dwr/call/plaincall/AjaxCheckService.setItemNumber.dwr HTTP/1.1" 200 78
58.37.230.33 - - [15/Mar/2021:09:52:09 +0800] "POST /xingrg/dwr/call/plaincall/AjaxCheckService.setItemNumber.dwr HTTP/1.1" 200 78
58.37.230.33 - - [15/Mar/2021:09:52:10 +0800] "POST /xingrg/dwr/call/plaincall/AjaxCheckService.setItemNumber.dwr HTTP/1.1" 200 78
58.37.230.33 - - [15/Mar/2021:09:52:11 +0800] "POST /xingrg/dwr/call/plaincall/AjaxCheckService.setItemNumber.dwr HTTP/1.1" 200 78
58.37.230.33 - - [15/Mar/2021:09:52:12 +0800] "POST /xingrg/dwr/call/plaincall/AjaxCheckService.setItemNumber.dwr HTTP/1.1" 200 78
180.161.124.53 - - [15/Mar/2021:09:52:12 +0800] "GET /xingrg/all/function/internal_message.html?_=1615773396557&CODE_STATE=getMsg HTTP/1.1" 200 27
58.37.230.33 - - [15/Mar/2021:09:52:12 +0800] "POST /xingrg/dwr/call/plaincall/AjaxCheckService.setItemNumber.dwr HTTP/1.1" 200 78
120.253.135.82 - - [15/Mar/2021:09:52:13 +0800] "GET /xingrg/all/function/internal_message.html?_=1615773190608&CODE_STATE=getMsg HTTP/1.1" 200 27
58.37.230.33 - - [15/Mar/2021:09:52:13 +0800] "POST /xingrg/dwr/call/plaincall/AjaxCheckService.setItemNumber.dwr HTTP/1.1" 200 78
58.37.230.33 - - [15/Mar/2021:09:52:13 +0800] "POST /xingrg/dwr/call/plaincall/AjaxCheckService.setItemNumber.dwr HTTP/1.1" 200 78
58.37.230.33 - - [15/Mar/2021:09:52:14 +0800] "POST /xingrg/dwr/call/plaincall/AjaxCheckService.setItemNumber.dwr HTTP/1.1" 200 78
58.37.230.33 - - [15/Mar/2021:09:52:14 +0800] "POST /xingrg/dwr/call/plaincall/AjaxCheckService.setItemNumber.dwr HTTP/1.1" 200 78
58.37.230.33 - - [15/Mar/2021:09:52:15 +0800] "POST /xingrg/dwr/call/plaincall/AjaxCheckService.setItemNumber.dwr HTTP/1.1" 200 78
117.131.5.26 - - [15/Mar/2021:09:52:17 +0800] "GET /xingrg/check_reg.html?_=1615773205985 HTTP/1.1" 200 22
58.37.192.63 - - [15/Mar/2021:09:52:17 +0800] "GET /xingrg/all/function/internal_message.html?_=1615773205986&CODE_STATE=getMsg HTTP/1.1" 200 27
114.86.227.50 - - [15/Mar/2021:09:52:19 +0800] "GET /xingrg/kc/base/check_order_info.html?code=452021031400153 HTTP/1.1" 200 26486
114.86.227.50 - - [15/Mar/2021:09:52:19 +0800] "GET /xingrg/dwr/interface/AjaxComOrderService.js HTTP/1.1" 200 18264
114.86.227.50 - - [15/Mar/2021:09:52:19 +0800] "GET /xingrg/dwr/interface/AjaxCheckService.js HTTP/1.1" 200 14003
114.86.227.50 - - [15/Mar/2021:09:52:19 +0800] "GET /xingrg/dwr/engine.js HTTP/1.1" 200 43631
114.86.227.50 - - [15/Mar/2021:09:52:20 +0800] "POST /xingrg/dwr/call/plaincall/AjaxCheckService.loadOrderItems.dwr HTTP/1.1" 200 37806
114.88.166.193 - - [15/Mar/2021:09:52:20 +0800] "GET /xingrg/all/function/internal_message.html?_=1615773139279&CODE_STATE=getMsg HTTP/1.1" 200 27
114.86.227.50 - - [15/Mar/2021:09:52:21 +0800] "GET /xingrg/kc/base/check_order_list.html?isBack=1 HTTP/1.1" 200 16464
114.86.227.50 - - [15/Mar/2021:09:52:22 +0800] "POST /xingrg/kc/base/check_list_operate.html HTTP/1.1" 200 3480
58.37.230.33 - - [15/Mar/2021:09:52:22 +0800] "POST /xingrg/dwr/call/plaincall/AjaxCheckService.setItemNumber.dwr HTTP/1.1" 200 78
58.37.230.33 - - [15/Mar/2021:09:52:24 +0800] "GET /xingrg/all/function/internal_message.html?_=1615773136342&CODE_STATE=getMsg HTTP/1.1" 200 27
101.228.165.174 - - [15/Mar/2021:09:52:25 +0800] "GET /xingrg/all/function/internal_message.html?_=1615773146217&CODE_STATE=getMsg HTTP/1.1" 200 27
58.37.230.33 - - [15/Mar/2021:09:52:25 +0800] "GET /xingrg/all/function/internal_message.html?_=1615773154807&CODE_STATE=getMsg HTTP/1.1" 200 27
114.86.227.50 - - [15/Mar/2021:09:52:26 +0800] "GET /xingrg/kc/base/check_order_info.html?code=452021031400152 HTTP/1.1" 200 26486
114.86.227.50 - - [15/Mar/2021:09:52:26 +0800] "GET /xingrg/dwr/interface/AjaxComOrderService.js HTTP/1.1" 200 18264
114.86.227.50 - - [15/Mar/2021:09:52:26 +0800] "GET /xingrg/dwr/interface/AjaxCheckService.js HTTP/1.1" 200 14003
114.86.227.50 - - [15/Mar/2021:09:52:26 +0800] "GET /xingrg/dwr/engine.js HTTP/1.1" 200 43631
114.86.227.50 - - [15/Mar/2021:09:52:26 +0800] "POST /xingrg/dwr/call/plaincall/AjaxCheckService.loadOrderItems.dwr HTTP/1.1" 200 140467
114.86.227.50 - - [15/Mar/2021:09:52:28 +0800] "GET /xingrg/kc/base/check_order_list.html?isBack=1 HTTP/1.1" 200 16464
114.86.227.50 - - [15/Mar/2021:09:52:28 +0800] "POST /xingrg/kc/base/check_list_operate.html HTTP/1.1" 200 3480
58.37.230.33 - - [15/Mar/2021:09:52:31 +0800] "POST /xingrg/dwr/call/plaincall/AjaxCheckService.checkOrder.dwr HTTP/1.1" 200 80
58.37.230.33 - - [15/Mar/2021:09:52:32 +0800] "GET /xingrg/kc/base/check_order_info.html?code=452021031400135 HTTP/1.1" 200 22860
58.37.230.33 - - [15/Mar/2021:09:52:32 +0800] "GET /xingrg/dwr/interface/AjaxCheckService.js HTTP/1.1" 200 14003
58.37.230.33 - - [15/Mar/2021:09:52:32 +0800] "GET /xingrg/dwr/interface/AjaxComOrderService.js HTTP/1.1" 200 18264
58.37.230.33 - - [15/Mar/2021:09:52:32 +0800] "GET /xingrg/dwr/engine.js HTTP/1.1" 200 43631
116.224.253.72 - - [15/Mar/2021:09:52:33 +0800] "POST /xingrg/kc/buy/cgsh_order_operate.html HTTP/1.1" 200 37
116.224.253.72 - - [15/Mar/2021:09:52:37 +0800] "POST /xingrg/kc/buy/cgsh_order_operate.html HTTP/1.1" 200 12
61.165.42.208 - - [15/Mar/2021:09:52:37 +0800] "GET /xingrg/all/function/internal_message.html?_=1615773157625&CODE_STATE=getMsg HTTP/1.1" 200 27
116.224.253.72 - - [15/Mar/2021:09:52:37 +0800] "GET /xingrg/kc/buy/cgsh_order_info.html?code=212021031506283 HTTP/1.1" 200 56942
116.224.253.72 - - [15/Mar/2021:09:52:38 +0800] "GET /xingrg/javascript/easyui/themes/default/validatebox.css HTTP/1.1" 404 1104
116.224.253.72 - - [15/Mar/2021:09:52:38 +0800] "POST /xingrg/kc/buy/cgsh_order_operate.html HTTP/1.1" 200 5929
58.37.230.33 - - [15/Mar/2021:09:52:39 +0800] "POST /xingrg/dwr/call/plaincall/AjaxCheckService.loadOrderItems.dwr HTTP/1.1" 200 80358
116.224.253.72 - - [15/Mar/2021:09:52:40 +0800] "GET /xingrg/kc/print/load_data.html?order_code=212021031506283&kc_code=cgsh&condition= HTTP/1.1" 200 2747
222.70.209.13 - - [15/Mar/2021:09:52:40 +0800] "GET /xingrg/all/function/internal_message.html?_=1615773160408&CODE_STATE=getMsg HTTP/1.1" 302 -
116.224.253.72 - - [15/Mar/2021:09:52:41 +0800] "GET /xingrg/all/function/internal_message.html?_=1615773160887&CODE_STATE=getMsg HTTP/1.1" 200 27
58.40.7.146 - - [15/Mar/2021:09:52:43 +0800] "GET /xingrg/all/function/internal_message.html?_=1615773162916&CODE_STATE=getMsg HTTP/1.1" 302 -
101.228.165.174 - - [15/Mar/2021:09:52:45 +0800] "GET /xingrg/all/function/internal_message.html?_=1615773166788&CODE_STATE=getMsg HTTP/1.1" 302 -
114.86.227.50 - - [15/Mar/2021:09:52:46 +0800] "GET /xingrg/all/function/internal_message.html?_=1615773168126&CODE_STATE=getMsg HTTP/1.1" 200 27
222.69.137.247 - - [15/Mar/2021:09:52:46 +0800] "GET /xingrg/all/function/internal_message.html?_=1615773167351&CODE_STATE=getMsg HTTP/1.1" 200 27
180.169.147.146 - - [15/Mar/2021:09:52:46 +0800] "GET /xingrg/all/function/internal_message.html?_=1615773167756&CODE_STATE=getMsg HTTP/1.1" 200 27
180.169.147.146 - - [15/Mar/2021:09:52:46 +0800] "GET /xingrg/check_reg.html?_=1615773167761 HTTP/1.1" 200 22
114.88.166.193 - - [15/Mar/2021:09:52:49 +0800] "GET /xingrg/all/function/internal_message.html?_=1615773409404&CODE_STATE=getMsg HTTP/1.1" 302 -
114.86.227.50 - - [15/Mar/2021:09:52:52 +0800] "POST /xingrg/kc/base/check_list_operate.html HTTP/1.1" 200 4
101.228.165.174 - - [15/Mar/2021:09:52:52 +0800] "GET /xingrg/all/function/internal_message.html?_=1615773173759&CODE_STATE=getMsg HTTP/1.1" 302 -
222.70.216.222 - - [15/Mar/2021:09:52:54 +0800] "GET /xingrg/all/function/internal_message.html?_=1615773172630&CODE_STATE=getMsg HTTP/1.1" 200 27
180.169.147.146 - - [15/Mar/2021:09:52:57 +0800] "GET /xingrg/all/function/internal_message.html?_=1615773176715&CODE_STATE=getMsg HTTP/1.1" 302 -
180.169.147.146 - - [15/Mar/2021:09:52:57 +0800] "GET /xingrg/check_reg.html?_=1615773176723 HTTP/1.1" 302 -
116.235.216.75 - - [15/Mar/2021:09:53:09 +0800] "GET /xingrg/all/function/internal_message.html?_=1615773188286&CODE_STATE=getMsg HTTP/1.1" 200 27
222.70.216.222 - - [15/Mar/2021:09:53:10 +0800] "GET /xingrg/check_reg.html?_=1615773187990 HTTP/1.1" 200 22
180.161.124.53 - - [15/Mar/2021:09:53:11 +0800] "GET /xingrg/check_reg.html?_=1615773455578 HTTP/1.1" 200 22
116.224.253.72 - - [15/Mar/2021:09:53:11 +0800] "POST /xingrg/all/user/operate.html HTTP/1.1" 200 36
116.224.253.72 - - [15/Mar/2021:09:53:12 +0800] "GET /xingrg/index.html?sysBaseUrl=http%3A%2F%2F180.169.147.146%3A18081%2Fxingrg%2F&costTime=39×tamp=1615769048764 HTTP/1.1" 200 17177
116.224.253.72 - - [15/Mar/2021:09:53:12 +0800] "GET /xingrg/javascript/jquery_easy_ui/themes/default/easyui.css HTTP/1.1" 304 -
116.224.253.72 - - [15/Mar/2021:09:53:12 +0800] "GET /xingrg/javascript/jquery_easy_ui/themes/icon.css HTTP/1.1" 304 -
116.224.253.72 - - [15/Mar/2021:09:53:12 +0800] "GET /xingrg/css/form.css HTTP/1.1" 304 -
116.224.253.72 - - [15/Mar/2021:09:53:12 +0800] "GET /xingrg/javascript/jquery-1.4.2.min.js HTTP/1.1" 304 -
116.224.253.72 - - [15/Mar/2021:09:53:12 +0800] "GET /xingrg/javascript/jquery_easy_ui/jquery.easyui.min.js HTTP/1.1" 304 -
116.224.253.72 - - [15/Mar/2021:09:53:12 +0800] "GET /xingrg/javascript/jquery_easy_ui/easyui-lang-zh_CN.js HTTP/1.1" 304 -
116.224.253.72 - - [15/Mar/2021:09:53:12 +0800] "GET /xingrg/javascript/jquery.form.js HTTP/1.1" 304 -
116.224.253.72 - - [15/Mar/2021:09:53:12 +0800] "GET /xingrg/javascript/jquery.utils.js HTTP/1.1" 304 -
116.224.253.72 - - [15/Mar/2021:09:53:12 +0800] "GET /xingrg/javascript/jquery.timers.js HTTP/1.1" 304 -
116.224.253.72 - - [15/Mar/2021:09:53:12 +0800] "GET /xingrg/images/blue/jxLogo.png HTTP/1.1" 304 -
116.224.253.72 - - [15/Mar/2021:09:53:12 +0800] "GET /xingrg/images/blue/navBackgound.jpg HTTP/1.1" 304 -
116.224.253.72 - - [15/Mar/2021:09:53:12 +0800] "GET /xingrg/javascript/jquery_easy_ui/themes/icons/settle_new.png HTTP/1.1" 304 -
180.161.124.53 - - [15/Mar/2021:09:53:12 +0800] "GET /xingrg/all/function/internal_message.html?_=1615773456576&CODE_STATE=getMsg HTTP/1.1" 200 27
116.224.253.72 - - [15/Mar/2021:09:53:12 +0800] "POST /xingrg/all/common/load_tree.html?tree=area_rest_tree_json&manage=1 HTTP/1.1" 200 476
116.224.253.72 - - [15/Mar/2021:09:53:12 +0800] "GET /xingrg/all/function/internal_message.html?_=1615773191894&CODE_STATE=count HTTP/1.1" 200 11
116.224.253.72 - - [15/Mar/2021:09:53:12 +0800] "GET /xingrg/check_reg.html?_=1615773191896 HTTP/1.1" 200 22
116.224.253.72 - - [15/Mar/2021:09:53:12 +0800] "GET /xingrg/javascript/jquery_easy_ui/themes/default/images/tabs_rightarrow.png HTTP/1.1" 304 -
116.224.253.72 - - [15/Mar/2021:09:53:12 +0800] "GET /xingrg/javascript/jquery_easy_ui/themes/default/images/panel_tool_collapse.gif HTTP/1.1" 304 -
116.224.253.72 - - [15/Mar/2021:09:53:12 +0800] "GET /xingrg/images/blue/pingpu.png HTTP/1.1" 304 -
116.224.253.72 - - [15/Mar/2021:09:53:12 +0800] "GET /xingrg/javascript/jquery_easy_ui/themes/default/images/tabs_leftarrow.png HTTP/1.1" 304 -
116.224.253.72 - - [15/Mar/2021:09:53:12 +0800] "POST /xingrg/load_menu.html HTTP/1.1" 200 5138
120.253.135.82 - - [15/Mar/2021:09:53:13 +0800] "GET /xingrg/all/function/internal_message.html?_=1615773250622&CODE_STATE=getMsg HTTP/1.1" 200 27
116.224.253.72 - - [15/Mar/2021:09:53:14 +0800] "GET /xingrg/kc/base/yddb_order_list.html HTTP/1.1" 200 16949
116.224.253.72 - - [15/Mar/2021:09:53:15 +0800] "POST /xingrg/kc/base/yddb_list_operate.html HTTP/1.1" 200 1346
117.131.5.26 - - [15/Mar/2021:09:53:17 +0800] "GET /xingrg/all/function/internal_message.html?_=1615773265983&CODE_STATE=getMsg HTTP/1.1" 200 27
116.224.253.72 - - [15/Mar/2021:09:53:18 +0800] "POST /xingrg/kc/base/yddb_list_operate.html HTTP/1.1" 200 545
116.224.253.72 - - [15/Mar/2021:09:53:19 +0800] "GET /xingrg/kc/base/yddb_order_info.html?code=482021031500127 HTTP/1.1" 200 30237
116.224.253.72 - - [15/Mar/2021:09:53:19 +0800] "GET /xingrg/dwr/interface/AjaxYddbService.js HTTP/1.1" 200 13201
116.224.253.72 - - [15/Mar/2021:09:53:19 +0800] "GET /xingrg/dwr/interface/AjaxComOrderService.js HTTP/1.1" 200 18264
116.224.253.72 - - [15/Mar/2021:09:53:19 +0800] "GET /xingrg/dwr/engine.js HTTP/1.1" 200 43631
116.224.253.72 - - [15/Mar/2021:09:53:19 +0800] "POST /xingrg/dwr/call/plaincall/AjaxYddbService.loadMaterielItems.dwr HTTP/1.1" 200 1887
114.88.166.193 - - [15/Mar/2021:09:53:20 +0800] "GET /xingrg/check_reg.html?_=1615773198963 HTTP/1.1" 200 22
114.88.166.193 - - [15/Mar/2021:09:53:20 +0800] "GET /xingrg/all/function/internal_message.html?_=1615773199291&CODE_STATE=getMsg HTTP/1.1" 200 27
114.86.227.50 - - [15/Mar/2021:09:53:22 +0800] "POST /xingrg/kc/base/check_list_operate.html HTTP/1.1" 200 781
58.37.230.33 - - [15/Mar/2021:09:53:24 +0800] "GET /xingrg/all/function/internal_message.html?_=1615773196334&CODE_STATE=getMsg HTTP/1.1" 200 27
101.228.165.174 - - [15/Mar/2021:09:53:25 +0800] "GET /xingrg/all/function/internal_message.html?_=1615773206558&CODE_STATE=getMsg HTTP/1.1" 200 27
58.37.230.33 - - [15/Mar/2021:09:53:25 +0800] "GET /xingrg/check_reg.html?_=1615773214824 HTTP/1.1" 200 22
58.37.230.33 - - [15/Mar/2021:09:53:25 +0800] "GET /xingrg/all/function/internal_message.html?_=1615773214821&CODE_STATE=getMsg HTTP/1.1" 200 27
116.224.253.72 - - [15/Mar/2021:09:53:32 +0800] "GET /xingrg/kc/base/yddb_order_list.html?isBack=1 HTTP/1.1" 200 16949
116.224.253.72 - - [15/Mar/2021:09:53:32 +0800] "POST /xingrg/kc/base/yddb_list_operate.html HTTP/1.1" 200 1346
116.224.253.72 - - [15/Mar/2021:09:53:35 +0800] "POST /xingrg/kc/base/yddb_list_operate.html HTTP/1.1" 200 545
61.165.42.208 - - [15/Mar/2021:09:53:37 +0800] "GET /xingrg/all/function/internal_message.html?_=1615773217598&CODE_STATE=getMsg HTTP/1.1" 200 27
116.224.253.72 - - [15/Mar/2021:09:53:38 +0800] "POST /xingrg/all/user/operate.html HTTP/1.1" 200 36
116.224.253.72 - - [15/Mar/2021:09:53:39 +0800] "GET /xingrg/index.html?sysBaseUrl=http%3A%2F%2F180.169.147.146%3A18081%2Fxingrg%2F&costTime=39×tamp=1615769048764 HTTP/1.1" 200 17179
116.224.253.72 - - [15/Mar/2021:09:53:39 +0800] "GET /xingrg/javascript/jquery_easy_ui/themes/default/easyui.css HTTP/1.1" 304 -
116.224.253.72 - - [15/Mar/2021:09:53:39 +0800] "GET /xingrg/javascript/jquery_easy_ui/themes/icon.css HTTP/1.1" 304 -
116.224.253.72 - - [15/Mar/2021:09:53:39 +0800] "GET /xingrg/css/form.css HTTP/1.1" 304 -
116.224.253.72 - - [15/Mar/2021:09:53:39 +0800] "GET /xingrg/javascript/jquery-1.4.2.min.js HTTP/1.1" 304 -
101.228.165.174 - - [15/Mar/2021:09:53:39 +0800] "GET /xingrg/check_reg.html?_=1615773220272 HTTP/1.1" 200 22
116.224.253.72 - - [15/Mar/2021:09:53:39 +0800] "GET /xingrg/javascript/jquery_easy_ui/jquery.easyui.min.js HTTP/1.1" 304 -
116.224.253.72 - - [15/Mar/2021:09:53:39 +0800] "GET /xingrg/javascript/jquery_easy_ui/easyui-lang-zh_CN.js HTTP/1.1" 304 -
116.224.253.72 - - [15/Mar/2021:09:53:39 +0800] "GET /xingrg/javascript/jquery.form.js HTTP/1.1" 304 -
116.224.253.72 - - [15/Mar/2021:09:53:39 +0800] "GET /xingrg/javascript/jquery.utils.js HTTP/1.1" 304 -
116.224.253.72 - - [15/Mar/2021:09:53:39 +0800] "GET /xingrg/javascript/jquery.timers.js HTTP/1.1" 304 -
116.224.253.72 - - [15/Mar/2021:09:53:39 +0800] "GET /xingrg/images/blue/jxLogo.png HTTP/1.1" 304 -
116.224.253.72 - - [15/Mar/2021:09:53:39 +0800] "GET /xingrg/javascript/jquery_easy_ui/themes/icons/settle_new.png HTTP/1.1" 304 -
116.224.253.72 - - [15/Mar/2021:09:53:39 +0800] "GET /xingrg/images/blue/navBackgound.jpg HTTP/1.1" 304 -
116.224.253.72 - - [15/Mar/2021:09:53:39 +0800] "POST /xingrg/all/common/load_tree.html?tree=area_rest_tree_json&manage=1 HTTP/1.1" 200 476
116.224.253.72 - - [15/Mar/2021:09:53:39 +0800] "GET /xingrg/all/function/internal_message.html?_=1615773218657&CODE_STATE=count HTTP/1.1" 200 11
116.224.253.72 - - [15/Mar/2021:09:53:39 +0800] "GET /xingrg/check_reg.html?_=1615773218658 HTTP/1.1" 200 22
116.224.253.72 - - [15/Mar/2021:09:53:39 +0800] "GET /xingrg/images/blue/pingpu.png HTTP/1.1" 304 -
116.224.253.72 - - [15/Mar/2021:09:53:39 +0800] "GET /xingrg/javascript/jquery_easy_ui/themes/default/images/panel_tool_collapse.gif HTTP/1.1" 304 -
116.224.253.72 - - [15/Mar/2021:09:53:39 +0800] "GET /xingrg/javascript/jquery_easy_ui/themes/default/images/tabs_leftarrow.png HTTP/1.1" 304 -
116.224.253.72 - - [15/Mar/2021:09:53:39 +0800] "GET /xingrg/javascript/jquery_easy_ui/themes/default/images/tabs_rightarrow.png HTTP/1.1" 304 -
116.224.253.72 - - [15/Mar/2021:09:53:39 +0800] "POST /xingrg/load_menu.html HTTP/1.1" 200 5138
222.70.209.13 - - [15/Mar/2021:09:53:40 +0800] "GET /xingrg/all/function/internal_message.html?_=1615773220414&CODE_STATE=getMsg HTTP/1.1" 302 -
116.224.253.72 - - [15/Mar/2021:09:53:41 +0800] "GET /xingrg/kc/base/yddb_order_list.html HTTP/1.1" 200 16951
116.224.253.72 - - [15/Mar/2021:09:53:41 +0800] "POST /xingrg/kc/base/yddb_list_operate.html HTTP/1.1" 200 1346
116.224.253.72 - - [15/Mar/2021:09:53:42 +0800] "POST /xingrg/kc/base/yddb_list_operate.html HTTP/1.1" 200 545
58.40.7.146 - - [15/Mar/2021:09:53:43 +0800] "GET /xingrg/all/function/internal_message.html?_=1615773222919&CODE_STATE=getMsg HTTP/1.1" 302 -
116.224.253.72 - - [15/Mar/2021:09:53:43 +0800] "GET /xingrg/kc/base/yddb_order_info.html?code=482021031500127 HTTP/1.1" 200 31196
116.224.253.72 - - [15/Mar/2021:09:53:43 +0800] "GET /xingrg/dwr/interface/AjaxComOrderService.js HTTP/1.1" 200 18264
116.224.253.72 - - [15/Mar/2021:09:53:43 +0800] "GET /xingrg/dwr/interface/AjaxYddbService.js HTTP/1.1" 200 13201
116.224.253.72 - - [15/Mar/2021:09:53:43 +0800] "GET /xingrg/dwr/engine.js HTTP/1.1" 200 43631
116.224.253.72 - - [15/Mar/2021:09:53:43 +0800] "POST /xingrg/dwr/call/plaincall/AjaxYddbService.loadMaterielItems.dwr HTTP/1.1" 200 1887
101.228.165.174 - - [15/Mar/2021:09:53:45 +0800] "GET /xingrg/all/function/internal_message.html?_=1615773226846&CODE_STATE=getMsg HTTP/1.1" 302 -
114.86.227.50 - - [15/Mar/2021:09:53:46 +0800] "GET /xingrg/all/function/internal_message.html?_=1615773228139&CODE_STATE=getMsg HTTP/1.1" 200 27
222.69.137.247 - - [15/Mar/2021:09:53:46 +0800] "GET /xingrg/all/function/internal_message.html?_=1615773227339&CODE_STATE=getMsg HTTP/1.1" 200 27
180.169.147.146 - - [15/Mar/2021:09:53:46 +0800] "GET /xingrg/all/function/internal_message.html?_=1615773227765&CODE_STATE=getMsg HTTP/1.1" 200 27
116.224.253.72 - - [15/Mar/2021:09:53:47 +0800] "POST /xingrg/dwr/call/plaincall/AjaxYddbService.checkOrder.dwr HTTP/1.1" 200 78
116.224.253.72 - - [15/Mar/2021:09:53:47 +0800] "GET /xingrg/kc/base/yddb_order_info.html?code=482021031500127 HTTP/1.1" 200 29375
116.224.253.72 - - [15/Mar/2021:09:53:48 +0800] "GET /xingrg/dwr/interface/AjaxYddbService.js HTTP/1.1" 200 13201
116.224.253.72 - - [15/Mar/2021:09:53:48 +0800] "GET /xingrg/dwr/interface/AjaxComOrderService.js HTTP/1.1" 200 18264
116.224.253.72 - - [15/Mar/2021:09:53:48 +0800] "GET /xingrg/dwr/engine.js HTTP/1.1" 200 43631
116.224.253.72 - - [15/Mar/2021:09:53:48 +0800] "POST /xingrg/dwr/call/plaincall/AjaxYddbService.loadMaterielItems.dwr HTTP/1.1" 200 1887
114.88.166.193 - - [15/Mar/2021:09:53:49 +0800] "GET /xingrg/all/function/internal_message.html?_=1615773469381&CODE_STATE=getMsg HTTP/1.1" 302 -
116.224.253.72 - - [15/Mar/2021:09:53:50 +0800] "POST /xingrg/all/user/operate.html HTTP/1.1" 200 36
116.224.253.72 - - [15/Mar/2021:09:53:50 +0800] "GET /xingrg/index.html?sysBaseUrl=http%3A%2F%2F180.169.147.146%3A18081%2Fxingrg%2F&costTime=39×tamp=1615769048764 HTTP/1.1" 200 17177
116.224.253.72 - - [15/Mar/2021:09:53:50 +0800] "GET /xingrg/javascript/jquery_easy_ui/themes/default/easyui.css HTTP/1.1" 304 -
116.224.253.72 - - [15/Mar/2021:09:53:50 +0800] "GET /xingrg/javascript/jquery_easy_ui/themes/icon.css HTTP/1.1" 304 -
116.224.253.72 - - [15/Mar/2021:09:53:50 +0800] "GET /xingrg/css/form.css HTTP/1.1" 304 -
116.224.253.72 - - [15/Mar/2021:09:53:50 +0800] "GET /xingrg/javascript/jquery-1.4.2.min.js HTTP/1.1" 304 -
116.224.253.72 - - [15/Mar/2021:09:53:50 +0800] "GET /xingrg/javascript/jquery_easy_ui/jquery.easyui.min.js HTTP/1.1" 304 -
116.224.253.72 - - [15/Mar/2021:09:53:50 +0800] "GET /xingrg/javascript/jquery_easy_ui/easyui-lang-zh_CN.js HTTP/1.1" 304 -
116.224.253.72 - - [15/Mar/2021:09:53:50 +0800] "GET /xingrg/javascript/jquery.form.js HTTP/1.1" 304 -
116.224.253.72 - - [15/Mar/2021:09:53:50 +0800] "GET /xingrg/javascript/jquery.utils.js HTTP/1.1" 304 -
116.224.253.72 - - [15/Mar/2021:09:53:50 +0800] "GET /xingrg/javascript/jquery.timers.js HTTP/1.1" 304 -
116.224.253.72 - - [15/Mar/2021:09:53:50 +0800] "GET /xingrg/images/blue/jxLogo.png HTTP/1.1" 304 -
116.224.253.72 - - [15/Mar/2021:09:53:50 +0800] "GET /xingrg/javascript/jquery_easy_ui/themes/icons/settle_new.png HTTP/1.1" 304 -
116.224.253.72 - - [15/Mar/2021:09:53:50 +0800] "GET /xingrg/images/blue/navBackgound.jpg HTTP/1.1" 304 -
116.224.253.72 - - [15/Mar/2021:09:53:50 +0800] "POST /xingrg/all/common/load_tree.html?tree=area_rest_tree_json&manage=1 HTTP/1.1" 200 476
116.224.253.72 - - [15/Mar/2021:09:53:50 +0800] "GET /xingrg/all/function/internal_message.html?_=1615773230244&CODE_STATE=count HTTP/1.1" 200 11
116.224.253.72 - - [15/Mar/2021:09:53:50 +0800] "GET /xingrg/images/blue/pingpu.png HTTP/1.1" 304 -
116.224.253.72 - - [15/Mar/2021:09:53:50 +0800] "GET /xingrg/check_reg.html?_=1615773230245 HTTP/1.1" 200 22
116.224.253.72 - - [15/Mar/2021:09:53:50 +0800] "GET /xingrg/javascript/jquery_easy_ui/themes/default/images/tabs_rightarrow.png HTTP/1.1" 304 -
