120.253.135.82 - - [13/Mar/2021:06:35:26 +0800] "GET /xingrg/javascript/easyui/themes/default/validatebox.css HTTP/1.1" 404 1104
120.253.135.82 - - [13/Mar/2021:06:35:26 +0800] "POST /xingrg/kc/pszx/mdps_order_operate.html HTTP/1.1" 200 2284
116.224.253.72 - - [13/Mar/2021:06:35:27 +0800] "GET /xingrg/all/function/internal_message.html?_=1615588529470&CODE_STATE=getMsg HTTP/1.1" 200 27
222.70.209.13 - - [13/Mar/2021:06:35:27 +0800] "GET /xingrg/all/function/internal_message.html?_=1615588518844&CODE_STATE=getMsg HTTP/1.1" 200 27
120.253.135.82 - - [13/Mar/2021:06:35:29 +0800] "POST /xingrg/kc/pszx/mdps_list_operate.html HTTP/1.1" 200 2063
116.224.253.72 - - [13/Mar/2021:06:35:30 +0800] "GET /xingrg/all/function/internal_message.html?_=1615588486450&CODE_STATE=getMsg HTTP/1.1" 200 27
120.253.135.82 - - [13/Mar/2021:06:35:30 +0800] "POST /xingrg/kc/pszx/mdps_list_operate.html HTTP/1.1" 200 549
120.253.135.82 - - [13/Mar/2021:06:35:31 +0800] "GET /xingrg/kc/pszx/mdps_order_info.html?code=312021031300340 HTTP/1.1" 200 23887
120.253.135.82 - - [13/Mar/2021:06:35:32 +0800] "POST /xingrg/kc/pszx/mdps_order_operate.html HTTP/1.1" 200 4316
120.253.135.82 - - [13/Mar/2021:06:35:32 +0800] "GET /xingrg/javascript/easyui/themes/default/validatebox.css HTTP/1.1" 404 1104
222.70.216.222 - - [13/Mar/2021:06:35:32 +0800] "GET /xingrg/all/function/internal_message.html?_=1615588528342&CODE_STATE=getMsg HTTP/1.1" 200 27
101.228.165.174 - - [13/Mar/2021:06:35:37 +0800] "GET /xingrg/check_reg.html?_=1615588522569 HTTP/1.1" 200 22
120.253.135.82 - - [13/Mar/2021:06:35:38 +0800] "POST /xingrg/kc/pszx/mdps_order_operate.html HTTP/1.1" 200 37
120.253.135.82 - - [13/Mar/2021:06:35:39 +0800] "GET /xingrg/kc/pszx/mdps_order_info.html?code=312021031300340 HTTP/1.1" 200 23887
101.228.165.174 - - [13/Mar/2021:06:35:39 +0800] "GET /xingrg/all/function/internal_message.html?_=1615588524418&CODE_STATE=getMsg HTTP/1.1" 200 27
120.253.135.82 - - [13/Mar/2021:06:35:40 +0800] "POST /xingrg/kc/pszx/mdps_order_operate.html HTTP/1.1" 200 3818
120.253.135.82 - - [13/Mar/2021:06:35:40 +0800] "GET /xingrg/javascript/easyui/themes/default/validatebox.css HTTP/1.1" 404 1104
58.37.230.33 - - [13/Mar/2021:06:35:43 +0800] "GET /xingrg/all/function/internal_message.html?_=1615588545511&CODE_STATE=getMsg HTTP/1.1" 200 27
58.40.7.146 - - [13/Mar/2021:06:35:44 +0800] "GET /xingrg/all/function/internal_message.html?_=1615588540481&CODE_STATE=getMsg HTTP/1.1" 200 27
58.40.7.146 - - [13/Mar/2021:06:35:44 +0800] "GET /xingrg/check_reg.html?_=1615588540483 HTTP/1.1" 200 22
101.89.239.238 - - [13/Mar/2021:06:35:45 +0800] "GET /xingrg/all/function/internal_message.html?_=1615588485536&CODE_STATE=getMsg HTTP/1.1" 302 -
101.89.239.238 - - [13/Mar/2021:06:35:45 +0800] "GET /xingrg/login.html HTTP/1.1" 200 7641
101.228.165.174 - - [13/Mar/2021:06:35:49 +0800] "GET /xingrg/check_reg.html?_=1615588534340 HTTP/1.1" 200 22
180.169.147.146 - - [13/Mar/2021:06:35:56 +0800] "GET /xingrg/all/function/internal_message.html?_=1615588552469&CODE_STATE=getMsg HTTP/1.1" 200 27
101.228.165.174 - - [13/Mar/2021:06:35:58 +0800] "GET /xingrg/all/function/internal_message.html?_=1615588542904&CODE_STATE=getMsg HTTP/1.1" 200 27
120.253.135.82 - - [13/Mar/2021:06:36:04 +0800] "POST /xingrg/kc/pszx/mdps_list_operate.html HTTP/1.1" 200 2063
120.253.135.82 - - [13/Mar/2021:06:36:08 +0800] "GET /xingrg/kc/pszx/mdps_order_add.html HTTP/1.1" 200 29131
120.253.135.82 - - [13/Mar/2021:06:36:09 +0800] "POST /xingrg/kc/pszx/mdps_order_operate.html HTTP/1.1" 200 7126
120.253.135.82 - - [13/Mar/2021:06:36:09 +0800] "GET /xingrg/javascript/easyui/themes/default/validatebox.css HTTP/1.1" 404 1104
120.253.135.82 - - [13/Mar/2021:06:36:12 +0800] "GET /xingrg/check_reg.html?_=1615588340289 HTTP/1.1" 200 22
120.253.135.82 - - [13/Mar/2021:06:36:13 +0800] "GET /xingrg/all/function/internal_message.html?_=1615588341456&CODE_STATE=getMsg HTTP/1.1" 200 27
222.70.216.222 - - [13/Mar/2021:06:36:16 +0800] "GET /xingrg/all/function/internal_message.html?_=1615588572564&CODE_STATE=getMsg HTTP/1.1" 200 27
116.224.253.72 - - [13/Mar/2021:06:36:20 +0800] "GET /xingrg/check_reg.html?_=1615588536857 HTTP/1.1" 200 22
120.253.135.82 - - [13/Mar/2021:06:36:23 +0800] "GET /xingrg/javascript/jquery_tools/images/prev.gif HTTP/1.1" 404 1086
120.253.135.82 - - [13/Mar/2021:06:36:23 +0800] "GET /xingrg/javascript/jquery_tools/images/next.gif HTTP/1.1" 404 1086
101.228.165.174 - - [13/Mar/2021:06:36:26 +0800] "GET /xingrg/all/function/internal_message.html?_=1615588620685&CODE_STATE=getMsg HTTP/1.1" 200 27
120.253.135.82 - - [13/Mar/2021:06:36:26 +0800] "POST /xingrg/all/common/load_combo.html?type=base HTTP/1.1" 200 984
116.224.253.72 - - [13/Mar/2021:06:36:27 +0800] "GET /xingrg/all/function/internal_message.html?_=1615588589470&CODE_STATE=getMsg HTTP/1.1" 200 27
116.224.253.72 - - [13/Mar/2021:06:36:27 +0800] "GET /xingrg/check_reg.html?_=1615588589473 HTTP/1.1" 200 22
222.70.209.13 - - [13/Mar/2021:06:36:27 +0800] "GET /xingrg/all/function/internal_message.html?_=1615588578877&CODE_STATE=getMsg HTTP/1.1" 200 27
116.224.253.72 - - [13/Mar/2021:06:36:30 +0800] "GET /xingrg/all/function/internal_message.html?_=1615588546459&CODE_STATE=getMsg HTTP/1.1" 200 27
222.70.216.222 - - [13/Mar/2021:06:36:32 +0800] "GET /xingrg/all/function/internal_message.html?_=1615588588343&CODE_STATE=getMsg HTTP/1.1" 200 27
222.70.216.222 - - [13/Mar/2021:06:36:32 +0800] "GET /xingrg/check_reg.html?_=1615588588344 HTTP/1.1" 200 22
120.253.135.82 - - [13/Mar/2021:06:36:37 +0800] "GET /xingrg/kc/pszx/mdps_order_operate.html?command=get_materiel&pszx_code=00101&rest_code=00107&base_code=0010246&code=00101009093 HTTP/1.1" 200 421
101.228.165.174 - - [13/Mar/2021:06:36:39 +0800] "GET /xingrg/all/function/internal_message.html?_=1615588584432&CODE_STATE=getMsg HTTP/1.1" 200 27
58.37.230.33 - - [13/Mar/2021:06:36:43 +0800] "GET /xingrg/all/function/internal_message.html?_=1615588605487&CODE_STATE=getMsg HTTP/1.1" 200 27
58.40.7.146 - - [13/Mar/2021:06:36:44 +0800] "GET /xingrg/all/function/internal_message.html?_=1615588600486&CODE_STATE=getMsg HTTP/1.1" 200 27
120.253.135.82 - - [13/Mar/2021:06:36:48 +0800] "GET /xingrg/kc/pszx/mdps_order_operate.html?command=get_materiel&pszx_code=00101&rest_code=00107&base_code=0010246&code=00101034062 HTTP/1.1" 200 423
180.169.147.146 - - [13/Mar/2021:06:36:56 +0800] "GET /xingrg/all/function/internal_message.html?_=1615588612469&CODE_STATE=getMsg HTTP/1.1" 200 27
120.253.135.82 - - [13/Mar/2021:06:36:57 +0800] "POST /xingrg/kc/pszx/mdps_order_operate.html HTTP/1.1" 200 37
101.228.165.174 - - [13/Mar/2021:06:36:58 +0800] "GET /xingrg/all/function/internal_message.html?_=1615588602918&CODE_STATE=getMsg HTTP/1.1" 200 27
120.253.135.82 - - [13/Mar/2021:06:36:58 +0800] "GET /xingrg/kc/pszx/mdps_order_info.html?code=312021031300342 HTTP/1.1" 200 23887
120.253.135.82 - - [13/Mar/2021:06:36:58 +0800] "GET /xingrg/javascript/easyui/themes/default/validatebox.css HTTP/1.1" 404 1104
120.253.135.82 - - [13/Mar/2021:06:36:59 +0800] "POST /xingrg/kc/pszx/mdps_order_operate.html HTTP/1.1" 200 2765
120.253.135.82 - - [13/Mar/2021:06:37:04 +0800] "POST /xingrg/kc/pszx/mdps_order_operate.html HTTP/1.1" 200 37
120.253.135.82 - - [13/Mar/2021:06:37:05 +0800] "GET /xingrg/kc/pszx/mdps_order_info.html?code=312021031300342 HTTP/1.1" 200 23887
120.253.135.82 - - [13/Mar/2021:06:37:06 +0800] "POST /xingrg/kc/pszx/mdps_order_operate.html HTTP/1.1" 200 2765
120.253.135.82 - - [13/Mar/2021:06:37:06 +0800] "GET /xingrg/javascript/easyui/themes/default/validatebox.css HTTP/1.1" 404 1104
120.253.135.82 - - [13/Mar/2021:06:37:13 +0800] "GET /xingrg/all/function/internal_message.html?_=1615588401469&CODE_STATE=getMsg HTTP/1.1" 200 27
222.70.216.222 - - [13/Mar/2021:06:37:16 +0800] "GET /xingrg/all/function/internal_message.html?_=1615588632566&CODE_STATE=getMsg HTTP/1.1" 200 27
101.228.165.174 - - [13/Mar/2021:06:37:26 +0800] "GET /xingrg/all/function/internal_message.html?_=1615588680699&CODE_STATE=getMsg HTTP/1.1" 200 27
116.224.253.72 - - [13/Mar/2021:06:37:27 +0800] "GET /xingrg/all/function/internal_message.html?_=1615588649472&CODE_STATE=getMsg HTTP/1.1" 200 27
222.70.209.13 - - [13/Mar/2021:06:37:27 +0800] "GET /xingrg/all/function/internal_message.html?_=1615588638888&CODE_STATE=getMsg HTTP/1.1" 200 27
116.224.253.72 - - [13/Mar/2021:06:37:30 +0800] "GET /xingrg/all/function/internal_message.html?_=1615588606472&CODE_STATE=getMsg HTTP/1.1" 200 27
222.70.216.222 - - [13/Mar/2021:06:37:32 +0800] "GET /xingrg/all/function/internal_message.html?_=1615588648346&CODE_STATE=getMsg HTTP/1.1" 200 27
120.253.135.82 - - [13/Mar/2021:06:37:37 +0800] "POST /xingrg/kc/pszx/mdps_order_operate.html HTTP/1.1" 200 37
120.253.135.82 - - [13/Mar/2021:06:37:38 +0800] "GET /xingrg/kc/pszx/mdps_order_info.html?code=312021031300342 HTTP/1.1" 200 23887
120.253.135.82 - - [13/Mar/2021:06:37:39 +0800] "POST /xingrg/kc/pszx/mdps_order_operate.html HTTP/1.1" 200 2765
120.253.135.82 - - [13/Mar/2021:06:37:39 +0800] "GET /xingrg/javascript/easyui/themes/default/validatebox.css HTTP/1.1" 404 1104
101.228.165.174 - - [13/Mar/2021:06:37:39 +0800] "GET /xingrg/all/function/internal_message.html?_=1615588644445&CODE_STATE=getMsg HTTP/1.1" 200 27
120.253.135.82 - - [13/Mar/2021:06:37:41 +0800] "POST /xingrg/kc/pszx/mdps_list_operate.html HTTP/1.1" 200 2434
61.129.6.225 - - [13/Mar/2021:06:37:43 +0800] "GET /xingrg/all/function/internal_message.html?_=1615588605487&CODE_STATE=getMsg HTTP/1.1" 302 -
58.37.230.33 - - [13/Mar/2021:06:37:43 +0800] "GET /xingrg/all/function/internal_message.html?_=1615588665462&CODE_STATE=getMsg HTTP/1.1" 200 27
61.129.6.225 - - [13/Mar/2021:06:37:43 +0800] "GET /xingrg/login.html HTTP/1.1" 200 7641
120.253.135.82 - - [13/Mar/2021:06:37:44 +0800] "GET /xingrg/kc/pszx/mdps_order_add.html HTTP/1.1" 200 29131
58.40.7.146 - - [13/Mar/2021:06:37:44 +0800] "GET /xingrg/all/function/internal_message.html?_=1615588660490&CODE_STATE=getMsg HTTP/1.1" 200 27
120.253.135.82 - - [13/Mar/2021:06:37:44 +0800] "POST /xingrg/kc/pszx/mdps_order_operate.html HTTP/1.1" 200 7126
120.253.135.82 - - [13/Mar/2021:06:37:44 +0800] "GET /xingrg/javascript/easyui/themes/default/validatebox.css HTTP/1.1" 404 1104
120.253.135.82 - - [13/Mar/2021:06:37:56 +0800] "POST /xingrg/all/common/load_combo.html?type=base HTTP/1.1" 200 984
180.169.147.146 - - [13/Mar/2021:06:37:56 +0800] "GET /xingrg/check_reg.html?_=1615588672469 HTTP/1.1" 200 22
180.169.147.146 - - [13/Mar/2021:06:37:56 +0800] "GET /xingrg/all/function/internal_message.html?_=1615588672469&CODE_STATE=getMsg HTTP/1.1" 200 27
101.228.165.174 - - [13/Mar/2021:06:37:58 +0800] "GET /xingrg/all/function/internal_message.html?_=1615588662940&CODE_STATE=getMsg HTTP/1.1" 200 27
120.253.135.82 - - [13/Mar/2021:06:38:05 +0800] "GET /xingrg/kc/pszx/mdps_order_operate.html?command=get_materiel&pszx_code=00101&rest_code=00107&base_code=0010246&code=00101019569 HTTP/1.1" 200 433
58.37.230.33 - - [13/Mar/2021:06:38:05 +0800] "GET /xingrg/check_reg.html?_=1615588688097 HTTP/1.1" 200 22
120.253.135.82 - - [13/Mar/2021:06:38:13 +0800] "GET /xingrg/all/function/internal_message.html?_=1615588461483&CODE_STATE=getMsg HTTP/1.1" 200 27
222.70.216.222 - - [13/Mar/2021:06:38:16 +0800] "GET /xingrg/all/function/internal_message.html?_=1615588692567&CODE_STATE=getMsg HTTP/1.1" 200 27
120.253.135.82 - - [13/Mar/2021:06:38:24 +0800] "GET /xingrg/kc/pszx/mdps_order_operate.html?command=get_materiel&pszx_code=00101&rest_code=00107&base_code=0010246&code=00101008001 HTTP/1.1" 200 432
101.228.165.174 - - [13/Mar/2021:06:38:26 +0800] "GET /xingrg/all/function/internal_message.html?_=1615588740742&CODE_STATE=getMsg HTTP/1.1" 200 27
116.224.253.72 - - [13/Mar/2021:06:38:27 +0800] "GET /xingrg/all/function/internal_message.html?_=1615588709483&CODE_STATE=getMsg HTTP/1.1" 200 27
222.70.209.13 - - [13/Mar/2021:06:38:27 +0800] "GET /xingrg/all/function/internal_message.html?_=1615588698921&CODE_STATE=getMsg HTTP/1.1" 200 27
116.224.253.72 - - [13/Mar/2021:06:38:30 +0800] "GET /xingrg/all/function/internal_message.html?_=1615588666489&CODE_STATE=getMsg HTTP/1.1" 200 27
222.70.216.222 - - [13/Mar/2021:06:38:32 +0800] "GET /xingrg/all/function/internal_message.html?_=1615588708348&CODE_STATE=getMsg HTTP/1.1" 200 27
120.253.135.82 - - [13/Mar/2021:06:38:33 +0800] "POST /xingrg/kc/pszx/mdps_order_operate.html HTTP/1.1" 200 37
120.253.135.82 - - [13/Mar/2021:06:38:33 +0800] "GET /xingrg/kc/pszx/mdps_order_info.html?code=312021031300343 HTTP/1.1" 200 23887
120.253.135.82 - - [13/Mar/2021:06:38:34 +0800] "POST /xingrg/kc/pszx/mdps_order_operate.html HTTP/1.1" 200 2759
120.253.135.82 - - [13/Mar/2021:06:38:34 +0800] "GET /xingrg/javascript/easyui/themes/default/validatebox.css HTTP/1.1" 404 1104
101.228.165.174 - - [13/Mar/2021:06:38:39 +0800] "GET /xingrg/all/function/internal_message.html?_=1615588704545&CODE_STATE=getMsg HTTP/1.1" 200 27
58.37.230.33 - - [13/Mar/2021:06:38:43 +0800] "GET /xingrg/all/function/internal_message.html?_=1615588725436&CODE_STATE=getMsg HTTP/1.1" 200 27
58.40.7.146 - - [13/Mar/2021:06:38:44 +0800] "GET /xingrg/all/function/internal_message.html?_=1615588720478&CODE_STATE=getMsg HTTP/1.1" 200 27
120.253.135.82 - - [13/Mar/2021:06:38:50 +0800] "POST /xingrg/kc/pszx/mdps_order_operate.html HTTP/1.1" 200 37
222.70.209.13 - - [13/Mar/2021:06:38:50 +0800] "GET /xingrg/check_reg.html?_=1615588721500 HTTP/1.1" 200 22
120.253.135.82 - - [13/Mar/2021:06:38:50 +0800] "GET /xingrg/kc/pszx/mdps_order_info.html?code=312021031300343 HTTP/1.1" 200 23887
120.253.135.82 - - [13/Mar/2021:06:38:51 +0800] "POST /xingrg/kc/pszx/mdps_order_operate.html HTTP/1.1" 200 2759
120.253.135.82 - - [13/Mar/2021:06:38:51 +0800] "GET /xingrg/javascript/easyui/themes/default/validatebox.css HTTP/1.1" 404 1104
120.253.135.82 - - [13/Mar/2021:06:38:53 +0800] "POST /xingrg/kc/pszx/mdps_list_operate.html HTTP/1.1" 200 2805
120.253.135.82 - - [13/Mar/2021:06:38:55 +0800] "POST /xingrg/kc/pszx/mdps_list_operate.html HTTP/1.1" 200 280
180.169.147.146 - - [13/Mar/2021:06:38:56 +0800] "GET /xingrg/all/function/internal_message.html?_=1615588732476&CODE_STATE=getMsg HTTP/1.1" 200 27
120.253.135.82 - - [13/Mar/2021:06:38:56 +0800] "POST /xingrg/kc/pszx/mdps_list_operate.html HTTP/1.1" 200 282
101.228.165.174 - - [13/Mar/2021:06:38:58 +0800] "GET /xingrg/all/function/internal_message.html?_=1615588722945&CODE_STATE=getMsg HTTP/1.1" 200 27
120.253.135.82 - - [13/Mar/2021:06:38:58 +0800] "POST /xingrg/kc/pszx/mdps_list_operate.html HTTP/1.1" 200 208
120.253.135.82 - - [13/Mar/2021:06:38:59 +0800] "POST /xingrg/kc/pszx/mdps_list_operate.html HTTP/1.1" 200 467
61.151.179.84 - - [13/Mar/2021:06:39:05 +0800] "GET /xingrg/check_reg.html?_=1615588688097 HTTP/1.1" 302 -
61.151.179.84 - - [13/Mar/2021:06:39:05 +0800] "GET /xingrg/login.html HTTP/1.1" 200 7641
101.228.165.174 - - [13/Mar/2021:06:39:07 +0800] "GET /xingrg/check_reg.html?_=1615588781585 HTTP/1.1" 200 22
120.253.135.82 - - [13/Mar/2021:06:39:12 +0800] "GET /xingrg/kc/pszx/mdqp_order_list.html?state=10 HTTP/1.1" 200 13451
120.253.135.82 - - [13/Mar/2021:06:39:12 +0800] "GET /xingrg/dwr/interface/AjaxQqpsService.js HTTP/1.1" 200 16326
120.253.135.82 - - [13/Mar/2021:06:39:12 +0800] "GET /xingrg/dwr/interface/AjaxReportQueryService.js HTTP/1.1" 200 13203
120.253.135.82 - - [13/Mar/2021:06:39:12 +0800] "GET /xingrg/dwr/engine.js HTTP/1.1" 200 43631
120.253.135.82 - - [13/Mar/2021:06:39:13 +0800] "GET /xingrg/all/function/internal_message.html?_=1615588521496&CODE_STATE=getMsg HTTP/1.1" 200 27
222.70.216.222 - - [13/Mar/2021:06:39:16 +0800] "GET /xingrg/all/function/internal_message.html?_=1615588752568&CODE_STATE=getMsg HTTP/1.1" 200 27
222.70.216.222 - - [13/Mar/2021:06:39:16 +0800] "GET /xingrg/check_reg.html?_=1615588752570 HTTP/1.1" 200 22
120.253.135.82 - - [13/Mar/2021:06:39:22 +0800] "GET /xingrg/kc/pszx/jzcl_ps.html HTTP/1.1" 200 7683
120.253.135.82 - - [13/Mar/2021:06:39:22 +0800] "POST /xingrg/all/common/load_tree.html?tree=area_rest_tree_json HTTP/1.1" 200 3344
120.253.135.82 - - [13/Mar/2021:06:39:23 +0800] "POST /xingrg/kc/pszx/jzcl_ps_operate.html HTTP/1.1" 200 3463
120.253.135.82 - - [13/Mar/2021:06:39:23 +0800] "POST /xingrg/kc/pszx/jzcl_ps_operate.html HTTP/1.1" 200 3463
101.228.165.174 - - [13/Mar/2021:06:39:26 +0800] "GET /xingrg/all/function/internal_message.html?_=1615588800742&CODE_STATE=getMsg HTTP/1.1" 200 27
116.224.253.72 - - [13/Mar/2021:06:39:27 +0800] "GET /xingrg/all/function/internal_message.html?_=1615588769468&CODE_STATE=getMsg HTTP/1.1" 200 27
222.70.209.13 - - [13/Mar/2021:06:39:27 +0800] "GET /xingrg/all/function/internal_message.html?_=1615588758931&CODE_STATE=getMsg HTTP/1.1" 200 27
116.224.253.72 - - [13/Mar/2021:06:39:30 +0800] "GET /xingrg/all/function/internal_message.html?_=1615588726499&CODE_STATE=getMsg HTTP/1.1" 200 27
222.70.216.222 - - [13/Mar/2021:06:39:32 +0800] "GET /xingrg/all/function/internal_message.html?_=1615588768350&CODE_STATE=getMsg HTTP/1.1" 200 27
120.253.135.82 - - [13/Mar/2021:06:39:33 +0800] "POST /xingrg/kc/pszx/jzcl_ps_operate.html HTTP/1.1" 200 4
120.253.135.82 - - [13/Mar/2021:06:39:38 +0800] "GET /xingrg/kc/pszx/mdps_order_list.html HTTP/1.1" 200 21153
120.253.135.82 - - [13/Mar/2021:06:39:38 +0800] "POST /xingrg/kc/pszx/jzcl_ps_operate.html HTTP/1.1" 200 2110
120.253.135.82 - - [13/Mar/2021:06:39:38 +0800] "POST /xingrg/kc/pszx/mdps_list_operate.html HTTP/1.1" 200 5459
101.228.165.174 - - [13/Mar/2021:06:39:39 +0800] "GET /xingrg/all/function/internal_message.html?_=1615588764550&CODE_STATE=getMsg HTTP/1.1" 200 27
58.37.230.33 - - [13/Mar/2021:06:39:43 +0800] "GET /xingrg/all/function/internal_message.html?_=1615588785411&CODE_STATE=getMsg HTTP/1.1" 200 27
58.40.7.146 - - [13/Mar/2021:06:39:44 +0800] "GET /xingrg/all/function/internal_message.html?_=1615588780482&CODE_STATE=getMsg HTTP/1.1" 200 27
120.253.135.82 - - [13/Mar/2021:06:39:53 +0800] "POST /xingrg/kc/pszx/mdps_list_operate.html HTTP/1.1" 200 2805
180.169.147.146 - - [13/Mar/2021:06:39:56 +0800] "GET /xingrg/all/function/internal_message.html?_=1615588792472&CODE_STATE=getMsg HTTP/1.1" 200 27
101.228.165.174 - - [13/Mar/2021:06:39:58 +0800] "GET /xingrg/all/function/internal_message.html?_=1615588782965&CODE_STATE=getMsg HTTP/1.1" 200 27
120.253.135.82 - - [13/Mar/2021:06:40:13 +0800] "GET /xingrg/all/function/internal_message.html?_=1615588581509&CODE_STATE=getMsg HTTP/1.1" 200 27
222.70.216.222 - - [13/Mar/2021:06:40:16 +0800] "GET /xingrg/all/function/internal_message.html?_=1615588812571&CODE_STATE=getMsg HTTP/1.1" 200 27
120.253.135.82 - - [13/Mar/2021:06:40:17 +0800] "POST /xingrg/kc/pszx/mdps_list_operate.html HTTP/1.1" 200 2805
120.253.135.82 - - [13/Mar/2021:06:40:19 +0800] "POST /xingrg/kc/pszx/mdps_list_operate.html HTTP/1.1" 200 198
120.253.135.82 - - [13/Mar/2021:06:40:20 +0800] "POST /xingrg/kc/pszx/mdps_list_operate.html HTTP/1.1" 200 590
120.253.135.82 - - [13/Mar/2021:06:40:22 +0800] "GET /xingrg/kc/pszx/mdps_order_info.html?code=312021031300344 HTTP/1.1" 200 23887
120.253.135.82 - - [13/Mar/2021:06:40:23 +0800] "POST /xingrg/kc/pszx/mdps_order_operate.html HTTP/1.1" 200 12611
120.253.135.82 - - [13/Mar/2021:06:40:23 +0800] "GET /xingrg/javascript/easyui/themes/default/validatebox.css HTTP/1.1" 404 1104
120.253.135.82 - - [13/Mar/2021:06:40:25 +0800] "POST /xingrg/kc/pszx/mdps_order_operate.html HTTP/1.1" 200 37
101.228.165.174 - - [13/Mar/2021:06:40:26 +0800] "GET /xingrg/all/function/internal_message.html?_=1615588860756&CODE_STATE=getMsg HTTP/1.1" 200 27
120.253.135.82 - - [13/Mar/2021:06:40:26 +0800] "GET /xingrg/kc/pszx/mdps_order_info.html?code=312021031300344 HTTP/1.1" 200 23887
120.253.135.82 - - [13/Mar/2021:06:40:27 +0800] "GET /xingrg/javascript/easyui/themes/default/validatebox.css HTTP/1.1" 404 1104
116.224.253.72 - - [13/Mar/2021:06:40:27 +0800] "GET /xingrg/all/function/internal_message.html?_=1615588829473&CODE_STATE=getMsg HTTP/1.1" 200 27
120.253.135.82 - - [13/Mar/2021:06:40:27 +0800] "POST /xingrg/kc/pszx/mdps_order_operate.html HTTP/1.1" 200 12779
222.70.209.13 - - [13/Mar/2021:06:40:27 +0800] "GET /xingrg/all/function/internal_message.html?_=1615588818945&CODE_STATE=getMsg HTTP/1.1" 200 27
116.224.253.72 - - [13/Mar/2021:06:40:30 +0800] "GET /xingrg/all/function/internal_message.html?_=1615588786517&CODE_STATE=getMsg HTTP/1.1" 200 27
222.70.216.222 - - [13/Mar/2021:06:40:32 +0800] "GET /xingrg/all/function/internal_message.html?_=1615588828352&CODE_STATE=getMsg HTTP/1.1" 200 27
101.228.165.174 - - [13/Mar/2021:06:40:37 +0800] "GET /xingrg/check_reg.html?_=1615588822668 HTTP/1.1" 200 22
101.228.165.174 - - [13/Mar/2021:06:40:39 +0800] "GET /xingrg/all/function/internal_message.html?_=1615588824564&CODE_STATE=getMsg HTTP/1.1" 200 27
58.37.230.33 - - [13/Mar/2021:06:40:43 +0800] "GET /xingrg/all/function/internal_message.html?_=1615588845384&CODE_STATE=getMsg HTTP/1.1" 200 27
58.40.7.146 - - [13/Mar/2021:06:40:44 +0800] "GET /xingrg/all/function/internal_message.html?_=1615588840485&CODE_STATE=getMsg HTTP/1.1" 200 27
58.40.7.146 - - [13/Mar/2021:06:40:44 +0800] "GET /xingrg/check_reg.html?_=1615588840487 HTTP/1.1" 200 22
101.228.165.174 - - [13/Mar/2021:06:40:49 +0800] "GET /xingrg/check_reg.html?_=1615588834346 HTTP/1.1" 200 22
180.169.147.146 - - [13/Mar/2021:06:40:56 +0800] "GET /xingrg/all/function/internal_message.html?_=1615588852475&CODE_STATE=getMsg HTTP/1.1" 200 27
101.228.165.174 - - [13/Mar/2021:06:40:58 +0800] "GET /xingrg/all/function/internal_message.html?_=1615588842971&CODE_STATE=getMsg HTTP/1.1" 200 27
120.253.135.82 - - [13/Mar/2021:06:41:12 +0800] "GET /xingrg/check_reg.html?_=1615588640429 HTTP/1.1" 200 22
120.253.135.82 - - [13/Mar/2021:06:41:13 +0800] "GET /xingrg/all/function/internal_message.html?_=1615588641524&CODE_STATE=getMsg HTTP/1.1" 200 27
222.70.216.222 - - [13/Mar/2021:06:41:16 +0800] "GET /xingrg/all/function/internal_message.html?_=1615588872574&CODE_STATE=getMsg HTTP/1.1" 200 27
116.224.253.72 - - [13/Mar/2021:06:41:20 +0800] "GET /xingrg/check_reg.html?_=1615588836854 HTTP/1.1" 200 22
101.228.165.174 - - [13/Mar/2021:06:41:26 +0800] "GET /xingrg/all/function/internal_message.html?_=1615588920799&CODE_STATE=getMsg HTTP/1.1" 200 27
116.224.253.72 - - [13/Mar/2021:06:41:27 +0800] "GET /xingrg/check_reg.html?_=1615588889492 HTTP/1.1" 200 22
116.224.253.72 - - [13/Mar/2021:06:41:27 +0800] "GET /xingrg/all/function/internal_message.html?_=1615588889491&CODE_STATE=getMsg HTTP/1.1" 200 27
222.70.209.13 - - [13/Mar/2021:06:41:27 +0800] "GET /xingrg/all/function/internal_message.html?_=1615588878977&CODE_STATE=getMsg HTTP/1.1" 200 27
116.224.253.72 - - [13/Mar/2021:06:41:30 +0800] "GET /xingrg/all/function/internal_message.html?_=1615588846527&CODE_STATE=getMsg HTTP/1.1" 200 27
222.70.216.222 - - [13/Mar/2021:06:41:32 +0800] "GET /xingrg/check_reg.html?_=1615588888338 HTTP/1.1" 200 22
222.70.216.222 - - [13/Mar/2021:06:41:32 +0800] "GET /xingrg/all/function/internal_message.html?_=1615588888340&CODE_STATE=getMsg HTTP/1.1" 200 27
101.228.165.174 - - [13/Mar/2021:06:41:39 +0800] "GET /xingrg/all/function/internal_message.html?_=1615588884578&CODE_STATE=getMsg HTTP/1.1" 200 27
61.151.179.84 - - [13/Mar/2021:06:41:43 +0800] "GET /xingrg/all/function/internal_message.html?_=1615588845384&CODE_STATE=getMsg HTTP/1.1" 302 -
61.151.179.84 - - [13/Mar/2021:06:41:43 +0800] "GET /xingrg/login.html HTTP/1.1" 200 7641
58.37.230.33 - - [13/Mar/2021:06:41:43 +0800] "GET /xingrg/all/function/internal_message.html?_=1615588905390&CODE_STATE=getMsg HTTP/1.1" 200 27
58.40.7.146 - - [13/Mar/2021:06:41:44 +0800] "GET /xingrg/all/function/internal_message.html?_=1615588900490&CODE_STATE=getMsg HTTP/1.1" 200 27
101.228.165.73 - - [13/Mar/2021:06:41:55 +0800] "POST /xingrg/services/DataTransmitService HTTP/1.1" 200 524
101.228.165.73 - - [13/Mar/2021:06:41:56 +0800] "POST /xingrg/services/DataTransmitService HTTP/1.1" 200 501
180.169.147.146 - - [13/Mar/2021:06:41:56 +0800] "GET /xingrg/all/function/internal_message.html?_=1615588912473&CODE_STATE=getMsg HTTP/1.1" 200 27
101.228.165.174 - - [13/Mar/2021:06:41:58 +0800] "GET /xingrg/all/function/internal_message.html?_=1615588902986&CODE_STATE=getMsg HTTP/1.1" 200 27
120.253.135.82 - - [13/Mar/2021:06:42:14 +0800] "GET /xingrg/all/function/internal_message.html?_=1615588701674&CODE_STATE=getMsg HTTP/1.1" 200 27
222.70.216.222 - - [13/Mar/2021:06:42:16 +0800] "GET /xingrg/all/function/internal_message.html?_=1615588932576&CODE_STATE=getMsg HTTP/1.1" 200 27
101.228.165.174 - - [13/Mar/2021:06:42:26 +0800] "GET /xingrg/all/function/internal_message.html?_=1615588980814&CODE_STATE=getMsg HTTP/1.1" 200 27
116.224.253.72 - - [13/Mar/2021:06:42:27 +0800] "GET /xingrg/all/function/internal_message.html?_=1615588949478&CODE_STATE=getMsg HTTP/1.1" 200 27
222.70.209.13 - - [13/Mar/2021:06:42:27 +0800] "GET /xingrg/all/function/internal_message.html?_=1615588938987&CODE_STATE=getMsg HTTP/1.1" 200 27
116.224.253.72 - - [13/Mar/2021:06:42:30 +0800] "GET /xingrg/all/function/internal_message.html?_=1615588906539&CODE_STATE=getMsg HTTP/1.1" 200 27
222.70.216.222 - - [13/Mar/2021:06:42:32 +0800] "GET /xingrg/all/function/internal_message.html?_=1615588948341&CODE_STATE=getMsg HTTP/1.1" 200 27
101.228.165.174 - - [13/Mar/2021:06:42:39 +0800] "GET /xingrg/all/function/internal_message.html?_=1615588944592&CODE_STATE=getMsg HTTP/1.1" 200 27
58.37.230.33 - - [13/Mar/2021:06:42:43 +0800] "GET /xingrg/all/function/internal_message.html?_=1615588965368&CODE_STATE=getMsg HTTP/1.1" 200 27
58.40.7.146 - - [13/Mar/2021:06:42:44 +0800] "GET /xingrg/all/function/internal_message.html?_=1615588960493&CODE_STATE=getMsg HTTP/1.1" 200 27
120.253.135.82 - - [13/Mar/2021:06:42:55 +0800] "GET /xingrg/kc/pszx/mdps_order_operate.html?command=get_materiel&pszx_code=00101&rest_code=00148&base_code=0010246&code=00101013044 HTTP/1.1" 200 448
180.169.147.146 - - [13/Mar/2021:06:42:56 +0800] "GET /xingrg/all/function/internal_message.html?_=1615588972472&CODE_STATE=getMsg HTTP/1.1" 200 27
180.169.147.146 - - [13/Mar/2021:06:42:56 +0800] "GET /xingrg/check_reg.html?_=1615588972473 HTTP/1.1" 200 22
101.228.165.174 - - [13/Mar/2021:06:42:58 +0800] "GET /xingrg/all/function/internal_message.html?_=1615588963005&CODE_STATE=getMsg HTTP/1.1" 200 27
58.37.230.33 - - [13/Mar/2021:06:43:05 +0800] "GET /xingrg/check_reg.html?_=1615588988101 HTTP/1.1" 200 22
120.253.135.82 - - [13/Mar/2021:06:43:14 +0800] "GET /xingrg/all/function/internal_message.html?_=1615588761675&CODE_STATE=getMsg HTTP/1.1" 200 27
222.70.216.222 - - [13/Mar/2021:06:43:16 +0800] "GET /xingrg/all/function/internal_message.html?_=1615588992562&CODE_STATE=getMsg HTTP/1.1" 200 27
101.228.165.174 - - [13/Mar/2021:06:43:26 +0800] "GET /xingrg/all/function/internal_message.html?_=1615589040854&CODE_STATE=getMsg HTTP/1.1" 200 27
116.224.253.72 - - [13/Mar/2021:06:43:27 +0800] "GET /xingrg/all/function/internal_message.html?_=1615589009493&CODE_STATE=getMsg HTTP/1.1" 200 27
222.70.209.13 - - [13/Mar/2021:06:43:27 +0800] "GET /xingrg/all/function/internal_message.html?_=1615588999020&CODE_STATE=getMsg HTTP/1.1" 200 27
116.224.253.72 - - [13/Mar/2021:06:43:30 +0800] "GET /xingrg/all/function/internal_message.html?_=1615588966558&CODE_STATE=getMsg HTTP/1.1" 200 27
222.70.216.222 - - [13/Mar/2021:06:43:32 +0800] "GET /xingrg/all/function/internal_message.html?_=1615589008343&CODE_STATE=getMsg HTTP/1.1" 200 27
101.228.165.174 - - [13/Mar/2021:06:43:39 +0800] "GET /xingrg/all/function/internal_message.html?_=1615589004694&CODE_STATE=getMsg HTTP/1.1" 200 27
101.227.139.171 - - [13/Mar/2021:06:43:43 +0800] "GET /xingrg/all/function/internal_message.html?_=1615588965368&CODE_STATE=getMsg HTTP/1.1" 302 -
58.37.230.33 - - [13/Mar/2021:06:43:43 +0800] "GET /xingrg/all/function/internal_message.html?_=1615589025345&CODE_STATE=getMsg HTTP/1.1" 200 27
101.227.139.171 - - [13/Mar/2021:06:43:43 +0800] "GET /xingrg/login.html HTTP/1.1" 200 7641
58.40.7.146 - - [13/Mar/2021:06:43:44 +0800] "GET /xingrg/all/function/internal_message.html?_=1615589020482&CODE_STATE=getMsg HTTP/1.1" 200 27
222.70.209.13 - - [13/Mar/2021:06:43:50 +0800] "GET /xingrg/check_reg.html?_=1615589021496 HTTP/1.1" 200 22
120.253.135.82 - - [13/Mar/2021:06:43:50 +0800] "POST /xingrg/kc/pszx/mdps_order_operate.html HTTP/1.1" 200 37
120.253.135.82 - - [13/Mar/2021:06:43:51 +0800] "GET /xingrg/kc/pszx/mdps_order_info.html?code=312021031300344 HTTP/1.1" 200 23887
120.253.135.82 - - [13/Mar/2021:06:43:51 +0800] "GET /xingrg/javascript/easyui/themes/default/validatebox.css HTTP/1.1" 404 1104
120.253.135.82 - - [13/Mar/2021:06:43:51 +0800] "POST /xingrg/kc/pszx/mdps_order_operate.html HTTP/1.1" 200 12778
120.253.135.82 - - [13/Mar/2021:06:43:54 +0800] "POST /xingrg/kc/pszx/mdps_list_operate.html HTTP/1.1" 200 628
120.253.135.82 - - [13/Mar/2021:06:43:56 +0800] "GET /xingrg/kc/pszx/mdps_order_info.html?code=312021031300345 HTTP/1.1" 200 23887
180.169.147.146 - - [13/Mar/2021:06:43:56 +0800] "GET /xingrg/all/function/internal_message.html?_=1615589032472&CODE_STATE=getMsg HTTP/1.1" 200 27
120.253.135.82 - - [13/Mar/2021:06:43:56 +0800] "POST /xingrg/kc/pszx/mdps_order_operate.html HTTP/1.1" 200 5328
120.253.135.82 - - [13/Mar/2021:06:43:56 +0800] "GET /xingrg/javascript/easyui/themes/default/validatebox.css HTTP/1.1" 404 1104
101.228.165.174 - - [13/Mar/2021:06:43:58 +0800] "GET /xingrg/all/function/internal_message.html?_=1615589023013&CODE_STATE=getMsg HTTP/1.1" 200 27
120.253.135.82 - - [13/Mar/2021:06:44:00 +0800] "POST /xingrg/kc/pszx/mdps_order_operate.html HTTP/1.1" 200 37
120.253.135.82 - - [13/Mar/2021:06:44:01 +0800] "GET /xingrg/kc/pszx/mdps_order_info.html?code=312021031300345 HTTP/1.1" 200 23887
120.253.135.82 - - [13/Mar/2021:06:44:01 +0800] "POST /xingrg/kc/pszx/mdps_order_operate.html HTTP/1.1" 200 5384
120.253.135.82 - - [13/Mar/2021:06:44:01 +0800] "GET /xingrg/javascript/easyui/themes/default/validatebox.css HTTP/1.1" 404 1104
61.129.6.227 - - [13/Mar/2021:06:44:06 +0800] "GET /xingrg/check_reg.html?_=1615588988101 HTTP/1.1" 302 -
61.129.6.227 - - [13/Mar/2021:06:44:06 +0800] "GET /xingrg/login.html HTTP/1.1" 200 7641
101.228.165.174 - - [13/Mar/2021:06:44:07 +0800] "GET /xingrg/check_reg.html?_=1615589081595 HTTP/1.1" 200 22
120.253.135.82 - - [13/Mar/2021:06:44:14 +0800] "GET /xingrg/all/function/internal_message.html?_=1615588821688&CODE_STATE=getMsg HTTP/1.1" 200 27
222.70.216.222 - - [13/Mar/2021:06:44:16 +0800] "GET /xingrg/all/function/internal_message.html?_=1615589052563&CODE_STATE=getMsg HTTP/1.1" 200 27
222.70.216.222 - - [13/Mar/2021:06:44:16 +0800] "GET /xingrg/check_reg.html?_=1615589052564 HTTP/1.1" 200 22
120.253.135.82 - - [13/Mar/2021:06:44:18 +0800] "POST /xingrg/kc/pszx/mdps_list_operate.html HTTP/1.1" 200 2805
120.253.135.82 - - [13/Mar/2021:06:44:20 +0800] "POST /xingrg/kc/pszx/mdps_list_operate.html HTTP/1.1" 200 623
120.253.135.82 - - [13/Mar/2021:06:44:21 +0800] "GET /xingrg/kc/pszx/mdps_order_info.html?code=312021031300346 HTTP/1.1" 200 23887
120.253.135.82 - - [13/Mar/2021:06:44:21 +0800] "POST /xingrg/kc/pszx/mdps_order_operate.html HTTP/1.1" 200 5741
120.253.135.82 - - [13/Mar/2021:06:44:21 +0800] "GET /xingrg/javascript/easyui/themes/default/validatebox.css HTTP/1.1" 404 1104
120.253.135.82 - - [13/Mar/2021:06:44:24 +0800] "POST /xingrg/all/common/load_combo.html?type=base HTTP/1.1" 200 984
101.228.165.174 - - [13/Mar/2021:06:44:26 +0800] "GET /xingrg/all/function/internal_message.html?_=1615589100857&CODE_STATE=getMsg HTTP/1.1" 200 27
116.224.253.72 - - [13/Mar/2021:06:44:27 +0800] "GET /xingrg/all/function/internal_message.html?_=1615589069479&CODE_STATE=getMsg HTTP/1.1" 200 27
120.253.135.82 - - [13/Mar/2021:06:44:27 +0800] "POST /xingrg/kc/pszx/mdps_order_operate.html HTTP/1.1" 200 37
222.70.209.13 - - [13/Mar/2021:06:44:27 +0800] "GET /xingrg/all/function/internal_message.html?_=1615589059031&CODE_STATE=getMsg HTTP/1.1" 200 27
120.253.135.82 - - [13/Mar/2021:06:44:28 +0800] "GET /xingrg/kc/pszx/mdps_order_info.html?code=312021031300346 HTTP/1.1" 200 23887
120.253.135.82 - - [13/Mar/2021:06:44:29 +0800] "GET /xingrg/javascript/easyui/themes/default/validatebox.css HTTP/1.1" 404 1104
120.253.135.82 - - [13/Mar/2021:06:44:29 +0800] "POST /xingrg/kc/pszx/mdps_order_operate.html HTTP/1.1" 200 5805
116.224.253.72 - - [13/Mar/2021:06:44:30 +0800] "GET /xingrg/all/function/internal_message.html?_=1615589026568&CODE_STATE=getMsg HTTP/1.1" 200 27
222.70.216.222 - - [13/Mar/2021:06:44:32 +0800] "GET /xingrg/all/function/internal_message.html?_=1615589068345&CODE_STATE=getMsg HTTP/1.1" 200 27
101.228.165.174 - - [13/Mar/2021:06:44:39 +0800] "GET /xingrg/all/function/internal_message.html?_=1615589064696&CODE_STATE=getMsg HTTP/1.1" 200 27
101.89.19.197 - - [13/Mar/2021:06:44:43 +0800] "GET /xingrg/all/function/internal_message.html?_=1615589025345&CODE_STATE=getMsg HTTP/1.1" 302 -
58.37.230.33 - - [13/Mar/2021:06:44:43 +0800] "GET /xingrg/all/function/internal_message.html?_=1615589085321&CODE_STATE=getMsg HTTP/1.1" 200 27
101.89.19.197 - - [13/Mar/2021:06:44:43 +0800] "GET /xingrg/login.html HTTP/1.1" 200 7641
58.40.7.146 - - [13/Mar/2021:06:44:44 +0800] "GET /xingrg/all/function/internal_message.html?_=1615589080484&CODE_STATE=getMsg HTTP/1.1" 200 27
120.253.135.82 - - [13/Mar/2021:06:44:51 +0800] "POST /xingrg/kc/pszx/mdps_list_operate.html HTTP/1.1" 200 2805
120.253.135.82 - - [13/Mar/2021:06:44:52 +0800] "POST /xingrg/kc/pszx/mdps_list_operate.html HTTP/1.1" 200 198
120.253.135.82 - - [13/Mar/2021:06:44:55 +0800] "POST /xingrg/kc/pszx/mdps_list_operate.html HTTP/1.1" 200 628
180.169.147.146 - - [13/Mar/2021:06:44:56 +0800] "GET /xingrg/all/function/internal_message.html?_=1615589092469&CODE_STATE=getMsg HTTP/1.1" 200 27
120.253.135.82 - - [13/Mar/2021:06:44:57 +0800] "POST /xingrg/kc/pszx/mdps_list_operate.html HTTP/1.1" 200 586
101.228.165.174 - - [13/Mar/2021:06:44:58 +0800] "GET /xingrg/all/function/internal_message.html?_=1615589083042&CODE_STATE=getMsg HTTP/1.1" 200 27
120.253.135.82 - - [13/Mar/2021:06:44:58 +0800] "GET /xingrg/kc/pszx/mdps_order_info.html?code=312021031300344 HTTP/1.1" 200 23887
120.253.135.82 - - [13/Mar/2021:06:44:58 +0800] "POST /xingrg/kc/pszx/mdps_order_operate.html HTTP/1.1" 200 12778
120.253.135.82 - - [13/Mar/2021:06:44:58 +0800] "GET /xingrg/javascript/easyui/themes/default/validatebox.css HTTP/1.1" 404 1104
120.253.135.82 - - [13/Mar/2021:06:45:13 +0800] "GET /xingrg/kc/pszx/mdps_order_operate.html?command=get_materiel&pszx_code=00101&rest_code=00148&base_code=0010246&code=00101019115 HTTP/1.1" 200 471
120.253.135.82 - - [13/Mar/2021:06:45:14 +0800] "GET /xingrg/all/function/internal_message.html?_=1615588881703&CODE_STATE=getMsg HTTP/1.1" 200 27
222.70.216.222 - - [13/Mar/2021:06:45:16 +0800] "GET /xingrg/all/function/internal_message.html?_=1615589112565&CODE_STATE=getMsg HTTP/1.1" 200 27
120.253.135.82 - - [13/Mar/2021:06:45:19 +0800] "POST /xingrg/kc/pszx/mdps_order_operate.html HTTP/1.1" 200 37
120.253.135.82 - - [13/Mar/2021:06:45:19 +0800] "GET /xingrg/kc/pszx/mdps_order_info.html?code=312021031300344 HTTP/1.1" 200 23887
120.253.135.82 - - [13/Mar/2021:06:45:20 +0800] "GET /xingrg/javascript/easyui/themes/default/validatebox.css HTTP/1.1" 404 1104
120.253.135.82 - - [13/Mar/2021:06:45:20 +0800] "POST /xingrg/kc/pszx/mdps_order_operate.html HTTP/1.1" 200 13294
120.253.135.82 - - [13/Mar/2021:06:45:22 +0800] "POST /xingrg/kc/pszx/mdps_list_operate.html HTTP/1.1" 200 2805
101.228.165.174 - - [13/Mar/2021:06:45:26 +0800] "GET /xingrg/all/function/internal_message.html?_=1615589160871&CODE_STATE=getMsg HTTP/1.1" 200 27
116.224.253.72 - - [13/Mar/2021:06:45:27 +0800] "GET /xingrg/all/function/internal_message.html?_=1615589129496&CODE_STATE=getMsg HTTP/1.1" 200 27
222.70.209.13 - - [13/Mar/2021:06:45:27 +0800] "GET /xingrg/all/function/internal_message.html?_=1615589119045&CODE_STATE=getMsg HTTP/1.1" 200 27
116.224.253.72 - - [13/Mar/2021:06:45:30 +0800] "GET /xingrg/all/function/internal_message.html?_=1615589086585&CODE_STATE=getMsg HTTP/1.1" 200 27
120.253.135.82 - - [13/Mar/2021:06:45:32 +0800] "POST /xingrg/kc/pszx/mdps_list_operate.html HTTP/1.1" 200 198
222.70.216.222 - - [13/Mar/2021:06:45:32 +0800] "GET /xingrg/all/function/internal_message.html?_=1615589128346&CODE_STATE=getMsg HTTP/1.1" 200 27
101.228.165.174 - - [13/Mar/2021:06:45:37 +0800] "GET /xingrg/check_reg.html?_=1615589122763 HTTP/1.1" 200 22
101.228.165.174 - - [13/Mar/2021:06:45:39 +0800] "GET /xingrg/all/function/internal_message.html?_=1615589124709&CODE_STATE=getMsg HTTP/1.1" 200 27
58.37.230.33 - - [13/Mar/2021:06:45:43 +0800] "GET /xingrg/all/function/internal_message.html?_=1615589145292&CODE_STATE=getMsg HTTP/1.1" 200 27
58.40.7.146 - - [13/Mar/2021:06:45:44 +0800] "GET /xingrg/all/function/internal_message.html?_=1615589140488&CODE_STATE=getMsg HTTP/1.1" 200 27
58.40.7.146 - - [13/Mar/2021:06:45:44 +0800] "GET /xingrg/check_reg.html?_=1615589140489 HTTP/1.1" 200 22
101.228.165.174 - - [13/Mar/2021:06:45:49 +0800] "GET /xingrg/check_reg.html?_=1615589134351 HTTP/1.1" 200 22
120.253.135.82 - - [13/Mar/2021:06:45:55 +0800] "POST /xingrg/kc/pszx/mdps_list_operate.html HTTP/1.1" 200 628
180.169.147.146 - - [13/Mar/2021:06:45:56 +0800] "GET /xingrg/all/function/internal_message.html?_=1615589152468&CODE_STATE=getMsg HTTP/1.1" 200 27
101.228.165.174 - - [13/Mar/2021:06:45:58 +0800] "GET /xingrg/all/function/internal_message.html?_=1615589143055&CODE_STATE=getMsg HTTP/1.1" 200 27
120.253.135.82 - - [13/Mar/2021:06:45:59 +0800] "GET /xingrg/kc/pszx/mdps_order_info.html?code=312021031300345 HTTP/1.1" 200 23887
120.253.135.82 - - [13/Mar/2021:06:45:59 +0800] "POST /xingrg/kc/pszx/mdps_order_operate.html HTTP/1.1" 200 5384
120.253.135.82 - - [13/Mar/2021:06:45:59 +0800] "GET /xingrg/javascript/easyui/themes/default/validatebox.css HTTP/1.1" 404 1104
120.253.135.82 - - [13/Mar/2021:06:46:03 +0800] "POST /xingrg/kc/pszx/mdps_list_operate.html HTTP/1.1" 200 2805
120.253.135.82 - - [13/Mar/2021:06:46:04 +0800] "POST /xingrg/kc/pszx/mdps_list_operate.html HTTP/1.1" 200 586
120.253.135.82 - - [13/Mar/2021:06:46:05 +0800] "GET /xingrg/kc/pszx/mdps_order_info.html?code=312021031300344 HTTP/1.1" 200 23887
120.253.135.82 - - [13/Mar/2021:06:46:05 +0800] "GET /xingrg/javascript/easyui/themes/default/validatebox.css HTTP/1.1" 404 1104
120.253.135.82 - - [13/Mar/2021:06:46:05 +0800] "POST /xingrg/kc/pszx/mdps_order_operate.html HTTP/1.1" 200 13294
120.253.135.82 - - [13/Mar/2021:06:46:12 +0800] "GET /xingrg/check_reg.html?_=1615588940421 HTTP/1.1" 200 22
120.253.135.82 - - [13/Mar/2021:06:46:14 +0800] "GET /xingrg/all/function/internal_message.html?_=1615588941716&CODE_STATE=getMsg HTTP/1.1" 200 27
120.253.135.82 - - [13/Mar/2021:06:46:15 +0800] "GET /xingrg/kc/pszx/mdps_order_operate.html?command=get_materiel&pszx_code=00101&rest_code=00148&base_code=0010246&code=00101019569 HTTP/1.1" 200 433
222.70.216.222 - - [13/Mar/2021:06:46:16 +0800] "GET /xingrg/all/function/internal_message.html?_=1615589172567&CODE_STATE=getMsg HTTP/1.1" 200 27
116.224.253.72 - - [13/Mar/2021:06:46:20 +0800] "GET /xingrg/check_reg.html?_=1615589136859 HTTP/1.1" 200 22
120.253.135.82 - - [13/Mar/2021:06:46:24 +0800] "POST /xingrg/kc/pszx/mdps_order_operate.html HTTP/1.1" 200 37
120.253.135.82 - - [13/Mar/2021:06:46:24 +0800] "GET /xingrg/kc/pszx/mdps_order_info.html?code=312021031300344 HTTP/1.1" 200 23887
120.253.135.82 - - [13/Mar/2021:06:46:25 +0800] "GET /xingrg/javascript/easyui/themes/default/validatebox.css HTTP/1.1" 404 1104
120.253.135.82 - - [13/Mar/2021:06:46:25 +0800] "POST /xingrg/kc/pszx/mdps_order_operate.html HTTP/1.1" 200 13780
101.228.165.174 - - [13/Mar/2021:06:46:26 +0800] "GET /xingrg/all/function/internal_message.html?_=1615589220915&CODE_STATE=getMsg HTTP/1.1" 200 27
120.253.135.82 - - [13/Mar/2021:06:46:27 +0800] "POST /xingrg/kc/pszx/mdps_list_operate.html HTTP/1.1" 200 2805
116.224.253.72 - - [13/Mar/2021:06:46:27 +0800] "GET /xingrg/check_reg.html?_=1615589189492 HTTP/1.1" 200 22
116.224.253.72 - - [13/Mar/2021:06:46:27 +0800] "GET /xingrg/all/function/internal_message.html?_=1615589189494&CODE_STATE=getMsg HTTP/1.1" 200 27
222.70.209.13 - - [13/Mar/2021:06:46:27 +0800] "GET /xingrg/all/function/internal_message.html?_=1615589179075&CODE_STATE=getMsg HTTP/1.1" 200 27
116.224.253.72 - - [13/Mar/2021:06:46:30 +0800] "GET /xingrg/all/function/internal_message.html?_=1615589146594&CODE_STATE=getMsg HTTP/1.1" 200 27
120.253.135.82 - - [13/Mar/2021:06:46:30 +0800] "GET /xingrg/kc/pszx/mdps_order_add.html HTTP/1.1" 200 29131
120.253.135.82 - - [13/Mar/2021:06:46:30 +0800] "POST /xingrg/kc/pszx/mdps_order_operate.html HTTP/1.1" 200 7126
120.253.135.82 - - [13/Mar/2021:06:46:31 +0800] "GET /xingrg/javascript/easyui/themes/default/validatebox.css HTTP/1.1" 404 1104
222.70.216.222 - - [13/Mar/2021:06:46:32 +0800] "GET /xingrg/check_reg.html?_=1615589188348 HTTP/1.1" 200 22
222.70.216.222 - - [13/Mar/2021:06:46:32 +0800] "GET /xingrg/all/function/internal_message.html?_=1615589188349&CODE_STATE=getMsg HTTP/1.1" 200 27
101.228.165.174 - - [13/Mar/2021:06:46:39 +0800] "GET /xingrg/all/function/internal_message.html?_=1615589184723&CODE_STATE=getMsg HTTP/1.1" 200 27
120.253.135.82 - - [13/Mar/2021:06:46:42 +0800] "POST /xingrg/all/common/load_combo.html?type=base HTTP/1.1" 200 984
58.37.230.33 - - [13/Mar/2021:06:46:43 +0800] "GET /xingrg/all/function/internal_message.html?_=1615589205270&CODE_STATE=getMsg HTTP/1.1" 200 27
58.40.7.146 - - [13/Mar/2021:06:46:44 +0800] "GET /xingrg/all/function/internal_message.html?_=1615589200492&CODE_STATE=getMsg HTTP/1.1" 200 27
120.253.135.82 - - [13/Mar/2021:06:46:50 +0800] "GET /xingrg/kc/pszx/mdps_order_operate.html?command=get_materiel&pszx_code=00101&rest_code=00148&base_code=0010246&code=00101009093 HTTP/1.1" 200 421
180.169.147.146 - - [13/Mar/2021:06:46:56 +0800] "GET /xingrg/all/function/internal_message.html?_=1615589212467&CODE_STATE=getMsg HTTP/1.1" 200 27
101.228.165.174 - - [13/Mar/2021:06:46:58 +0800] "GET /xingrg/all/function/internal_message.html?_=1615589203070&CODE_STATE=getMsg HTTP/1.1" 200 27
120.253.135.82 - - [13/Mar/2021:06:47:00 +0800] "GET /xingrg/kc/pszx/mdps_order_operate.html?command=get_materiel&pszx_code=00101&rest_code=00148&base_code=0010246&code=00101034062 HTTP/1.1" 200 423
120.253.135.82 - - [13/Mar/2021:06:47:08 +0800] "POST /xingrg/kc/pszx/mdps_order_operate.html HTTP/1.1" 200 37
120.253.135.82 - - [13/Mar/2021:06:47:09 +0800] "GET /xingrg/kc/pszx/mdps_order_info.html?code=312021031300347 HTTP/1.1" 200 23887
120.253.135.82 - - [13/Mar/2021:06:47:09 +0800] "POST /xingrg/kc/pszx/mdps_order_operate.html HTTP/1.1" 200 2765
120.253.135.82 - - [13/Mar/2021:06:47:09 +0800] "GET /xingrg/javascript/easyui/themes/default/validatebox.css HTTP/1.1" 404 1104
120.253.135.82 - - [13/Mar/2021:06:47:14 +0800] "GET /xingrg/all/function/internal_message.html?_=1615589001773&CODE_STATE=getMsg HTTP/1.1" 200 27
120.253.135.82 - - [13/Mar/2021:06:47:14 +0800] "POST /xingrg/kc/pszx/mdps_order_operate.html HTTP/1.1" 200 37
120.253.135.82 - - [13/Mar/2021:06:47:14 +0800] "GET /xingrg/kc/pszx/mdps_order_info.html?code=312021031300347 HTTP/1.1" 200 23887
120.253.135.82 - - [13/Mar/2021:06:47:15 +0800] "POST /xingrg/kc/pszx/mdps_order_operate.html HTTP/1.1" 200 2765
120.253.135.82 - - [13/Mar/2021:06:47:15 +0800] "GET /xingrg/javascript/easyui/themes/default/validatebox.css HTTP/1.1" 404 1104
222.70.216.222 - - [13/Mar/2021:06:47:16 +0800] "GET /xingrg/all/function/internal_message.html?_=1615589232568&CODE_STATE=getMsg HTTP/1.1" 200 27
101.228.165.174 - - [13/Mar/2021:06:47:26 +0800] "GET /xingrg/all/function/internal_message.html?_=1615589280929&CODE_STATE=getMsg HTTP/1.1" 200 27
116.224.253.72 - - [13/Mar/2021:06:47:27 +0800] "GET /xingrg/all/function/internal_message.html?_=1615589249496&CODE_STATE=getMsg HTTP/1.1" 200 27
222.70.209.13 - - [13/Mar/2021:06:47:27 +0800] "GET /xingrg/all/function/internal_message.html?_=1615589239086&CODE_STATE=getMsg HTTP/1.1" 200 27
116.224.253.72 - - [13/Mar/2021:06:47:30 +0800] "GET /xingrg/all/function/internal_message.html?_=1615589206608&CODE_STATE=getMsg HTTP/1.1" 200 27
222.70.216.222 - - [13/Mar/2021:06:47:32 +0800] "GET /xingrg/all/function/internal_message.html?_=1615589248351&CODE_STATE=getMsg HTTP/1.1" 200 27
101.228.165.174 - - [13/Mar/2021:06:47:39 +0800] "GET /xingrg/all/function/internal_message.html?_=1615589244736&CODE_STATE=getMsg HTTP/1.1" 200 27
101.89.239.216 - - [13/Mar/2021:06:47:43 +0800] "GET /xingrg/all/function/internal_message.html?_=1615589205270&CODE_STATE=getMsg HTTP/1.1" 302 -
101.89.239.216 - - [13/Mar/2021:06:47:43 +0800] "GET /xingrg/login.html HTTP/1.1" 200 7641
58.37.230.33 - - [13/Mar/2021:06:47:43 +0800] "GET /xingrg/all/function/internal_message.html?_=1615589265238&CODE_STATE=getMsg HTTP/1.1" 200 27
58.40.7.146 - - [13/Mar/2021:06:47:44 +0800] "GET /xingrg/all/function/internal_message.html?_=1615589260498&CODE_STATE=getMsg HTTP/1.1" 200 27
180.169.147.146 - - [13/Mar/2021:06:47:56 +0800] "GET /xingrg/all/function/internal_message.html?_=1615589272464&CODE_STATE=getMsg HTTP/1.1" 200 27
180.169.147.146 - - [13/Mar/2021:06:47:56 +0800] "GET /xingrg/check_reg.html?_=1615589272467 HTTP/1.1" 200 22
101.228.165.174 - - [13/Mar/2021:06:47:58 +0800] "GET /xingrg/all/function/internal_message.html?_=1615589263092&CODE_STATE=getMsg HTTP/1.1" 200 27
58.37.230.33 - - [13/Mar/2021:06:48:05 +0800] "GET /xingrg/check_reg.html?_=1615589288070 HTTP/1.1" 200 22
120.253.135.82 - - [13/Mar/2021:06:48:14 +0800] "GET /xingrg/all/function/internal_message.html?_=1615589061774&CODE_STATE=getMsg HTTP/1.1" 200 27
222.70.216.222 - - [13/Mar/2021:06:48:16 +0800] "GET /xingrg/all/function/internal_message.html?_=1615589292573&CODE_STATE=getMsg HTTP/1.1" 200 27
58.40.7.146 - - [13/Mar/2021:06:48:22 +0800] "POST /xingrg/services/DataTransmitService HTTP/1.1" 200 524
101.228.165.174 - - [13/Mar/2021:06:48:26 +0800] "GET /xingrg/all/function/internal_message.html?_=1615589340968&CODE_STATE=getMsg HTTP/1.1" 200 27
116.224.253.72 - - [13/Mar/2021:06:48:27 +0800] "GET /xingrg/all/function/internal_message.html?_=1615589309496&CODE_STATE=getMsg HTTP/1.1" 200 27
222.70.209.13 - - [13/Mar/2021:06:48:27 +0800] "GET /xingrg/all/function/internal_message.html?_=1615589299120&CODE_STATE=getMsg HTTP/1.1" 200 27
116.224.253.72 - - [13/Mar/2021:06:48:30 +0800] "GET /xingrg/all/function/internal_message.html?_=1615589266627&CODE_STATE=getMsg HTTP/1.1" 200 27
222.70.216.222 - - [13/Mar/2021:06:48:32 +0800] "GET /xingrg/all/function/internal_message.html?_=1615589308336&CODE_STATE=getMsg HTTP/1.1" 200 27
101.228.165.174 - - [13/Mar/2021:06:48:40 +0800] "GET /xingrg/all/function/internal_message.html?_=1615589304843&CODE_STATE=getMsg HTTP/1.1" 200 27
58.37.230.33 - - [13/Mar/2021:06:48:43 +0800] "GET /xingrg/all/function/internal_message.html?_=1615589325207&CODE_STATE=getMsg HTTP/1.1" 200 27
58.40.7.146 - - [13/Mar/2021:06:48:44 +0800] "GET /xingrg/all/function/internal_message.html?_=1615589320485&CODE_STATE=getMsg HTTP/1.1" 200 27
222.70.209.13 - - [13/Mar/2021:06:48:50 +0800] "GET /xingrg/check_reg.html?_=1615589321506 HTTP/1.1" 200 22
120.253.135.82 - - [13/Mar/2021:06:48:54 +0800] "POST /xingrg/kc/pszx/mdps_order_operate.html HTTP/1.1" 200 37
120.253.135.82 - - [13/Mar/2021:06:48:54 +0800] "GET /xingrg/kc/pszx/mdps_order_info.html?code=312021031300347 HTTP/1.1" 200 23887
120.253.135.82 - - [13/Mar/2021:06:48:55 +0800] "POST /xingrg/kc/pszx/mdps_order_operate.html HTTP/1.1" 200 2765
120.253.135.82 - - [13/Mar/2021:06:48:55 +0800] "GET /xingrg/javascript/easyui/themes/default/validatebox.css HTTP/1.1" 404 1104
180.169.147.146 - - [13/Mar/2021:06:48:56 +0800] "GET /xingrg/all/function/internal_message.html?_=1615589332480&CODE_STATE=getMsg HTTP/1.1" 200 27
120.253.135.82 - - [13/Mar/2021:06:48:56 +0800] "POST /xingrg/kc/pszx/mdps_list_operate.html HTTP/1.1" 200 3176
101.228.165.174 - - [13/Mar/2021:06:48:58 +0800] "GET /xingrg/all/function/internal_message.html?_=1615589323096&CODE_STATE=getMsg HTTP/1.1" 200 27
120.253.135.82 - - [13/Mar/2021:06:48:58 +0800] "POST /xingrg/kc/pszx/mdps_list_operate.html HTTP/1.1" 200 198
120.253.135.82 - - [13/Mar/2021:06:49:00 +0800] "POST /xingrg/kc/pszx/mdps_list_operate.html HTTP/1.1" 200 282
120.253.135.82 - - [13/Mar/2021:06:49:01 +0800] "POST /xingrg/kc/pszx/mdps_list_operate.html HTTP/1.1" 200 623
101.89.19.149 - - [13/Mar/2021:06:49:05 +0800] "GET /xingrg/check_reg.html?_=1615589288070 HTTP/1.1" 302 -
120.253.135.82 - - [13/Mar/2021:06:49:05 +0800] "GET /xingrg/kc/pszx/mdqp_order_list.html?state=10 HTTP/1.1" 200 12239
120.253.135.82 - - [13/Mar/2021:06:49:05 +0800] "GET /xingrg/dwr/interface/AjaxReportQueryService.js HTTP/1.1" 200 13203
120.253.135.82 - - [13/Mar/2021:06:49:05 +0800] "GET /xingrg/dwr/interface/AjaxQqpsService.js HTTP/1.1" 200 16326
120.253.135.82 - - [13/Mar/2021:06:49:05 +0800] "GET /xingrg/dwr/engine.js HTTP/1.1" 200 43631
101.89.19.149 - - [13/Mar/2021:06:49:05 +0800] "GET /xingrg/login.html HTTP/1.1" 200 7641
101.228.165.174 - - [13/Mar/2021:06:49:07 +0800] "GET /xingrg/check_reg.html?_=1615589381596 HTTP/1.1" 200 22
120.253.135.82 - - [13/Mar/2021:06:49:11 +0800] "GET /xingrg/kc/pszx/jzcl_ps.html HTTP/1.1" 200 7683
120.253.135.82 - - [13/Mar/2021:06:49:11 +0800] "POST /xingrg/all/common/load_tree.html?tree=area_rest_tree_json HTTP/1.1" 200 3344
120.253.135.82 - - [13/Mar/2021:06:49:11 +0800] "POST /xingrg/kc/pszx/jzcl_ps_operate.html HTTP/1.1" 200 2110
120.253.135.82 - - [13/Mar/2021:06:49:11 +0800] "POST /xingrg/kc/pszx/jzcl_ps_operate.html HTTP/1.1" 200 2110
120.253.135.82 - - [13/Mar/2021:06:49:14 +0800] "GET /xingrg/all/function/internal_message.html?_=1615589121787&CODE_STATE=getMsg HTTP/1.1" 200 27
222.70.216.222 - - [13/Mar/2021:06:49:16 +0800] "GET /xingrg/check_reg.html?_=1615589352574 HTTP/1.1" 200 22
