120.253.135.82 - - [13/Mar/2021:09:57:42 +0800] "GET /xingrg/javascript/jquery_easy_ui/themes/default/images/calendar_nextyear.gif HTTP/1.1" 200 75
101.89.19.197 - - [13/Mar/2021:09:57:42 +0800] "GET /xingrg/login.html HTTP/1.1" 200 7641
120.253.135.82 - - [13/Mar/2021:09:57:42 +0800] "GET /xingrg/javascript/jquery_easy_ui/themes/default/images/button_a_bg.gif HTTP/1.1" 200 1194
120.253.135.82 - - [13/Mar/2021:09:57:43 +0800] "GET /xingrg/kc/base/stock_operate.html?_=1615600431329&command=get_report_file&start_day=20210301 HTTP/1.1" 200 53
120.253.135.82 - - [13/Mar/2021:09:57:43 +0800] "GET /xingrg/javascript/multi_select/jqueryMultiSelect.css HTTP/1.1" 200 951
120.253.135.82 - - [13/Mar/2021:09:57:43 +0800] "GET /xingrg/javascript/calendar/timePicker.css HTTP/1.1" 200 523
120.253.135.82 - - [13/Mar/2021:09:57:43 +0800] "GET /xingrg/javascript/bigrid/fix.css HTTP/1.1" 200 1702
120.253.135.82 - - [13/Mar/2021:09:57:43 +0800] "GET /xingrg/javascript/bigrid/fix.js HTTP/1.1" 200 6439
120.253.135.82 - - [13/Mar/2021:09:57:43 +0800] "GET /xingrg/javascript/calendar/jquery.timePicker.min.js HTTP/1.1" 200 2997
120.253.135.82 - - [13/Mar/2021:09:57:43 +0800] "GET /xingrg/dwr/interface/AjaxReportQueryService.js HTTP/1.1" 200 13203
120.253.135.82 - - [13/Mar/2021:09:57:43 +0800] "GET /xingrg/all/report/report_query.html?isQuery=1&onlyBody=1&rh=2000&fileName=kc/base/kc_stock_detail_new.xml&queryString=(1=1)&queryText=&tableQueryString=init_table$sp1$$sp$crk_table$sp1$order_day%20between%2020210301%20and%2020210331&varString=start_day:20210301,materiel_code:00101019289,cost_id:2983,end_date:20201231 HTTP/1.1" 200 48701
120.253.135.82 - - [13/Mar/2021:09:57:43 +0800] "GET /xingrg/javascript/jqueryMultiSelect.js HTTP/1.1" 200 11866
120.253.135.82 - - [13/Mar/2021:09:57:43 +0800] "GET /xingrg/dwr/engine.js HTTP/1.1" 200 43631
120.253.135.82 - - [13/Mar/2021:09:57:43 +0800] "GET /xingrg/images/control/loading.gif HTTP/1.1" 200 13463
120.253.135.82 - - [13/Mar/2021:09:57:43 +0800] "GET /xingrg/images/blue/button/advanceover.gif HTTP/1.1" 200 1347
120.253.135.82 - - [13/Mar/2021:09:57:43 +0800] "GET /xingrg/images/blue/button/backover.gif HTTP/1.1" 200 1348
120.253.135.82 - - [13/Mar/2021:09:57:43 +0800] "GET /xingrg/images/blue/button/back2over.gif HTTP/1.1" 200 1335
120.253.135.82 - - [13/Mar/2021:09:57:43 +0800] "GET /xingrg/images/blue/button/advance2over.gif HTTP/1.1" 200 1336
120.253.135.82 - - [13/Mar/2021:09:57:43 +0800] "GET /xingrg/javascript/jquery_easy_ui/themes/icons/help.png HTTP/1.1" 200 1187
120.253.135.82 - - [13/Mar/2021:09:57:44 +0800] "POST /xingrg/all/report/load_report_page.html HTTP/1.1" 200 25148
120.253.135.82 - - [13/Mar/2021:09:57:44 +0800] "GET /xingrg/servlets/image?cache=0.17615193515314187&image=px HTTP/1.1" 200 807
58.40.7.146 - - [13/Mar/2021:09:57:44 +0800] "GET /xingrg/all/function/internal_message.html?_=1615600660633&CODE_STATE=getMsg HTTP/1.1" 200 27
114.88.166.193 - - [13/Mar/2021:09:57:46 +0800] "GET /xingrg/kc/buy/cgsh_order_operate.html?command=get_materiel&rest_code=00111&code=00101008045&supplier_code=00100005&order_time=2021-03-13 HTTP/1.1" 200 412
101.228.165.174 - - [13/Mar/2021:09:57:47 +0800] "GET /xingrg/all/function/internal_message.html?_=1615600652638&CODE_STATE=getMsg HTTP/1.1" 302 -
116.235.216.75 - - [13/Mar/2021:09:57:48 +0800] "POST /xingrg/kc/mdqp/pssh_list_operate.html HTTP/1.1" 200 814
116.235.216.75 - - [13/Mar/2021:09:57:50 +0800] "POST /xingrg/kc/mdqp/pssh_list_operate.html HTTP/1.1" 200 814
120.253.135.82 - - [13/Mar/2021:09:57:56 +0800] "GET /xingrg/kc/base/stock_operate.html?_=1615600444290&command=get_report_file&start_day=20201231 HTTP/1.1" 200 53
120.253.135.82 - - [13/Mar/2021:09:57:56 +0800] "GET /xingrg/all/report/report_query.html?isQuery=1&onlyBody=1&rh=2000&fileName=kc/base/kc_stock_detail_new.xml&queryString=(1=1)&queryText=&tableQueryString=init_table$sp1$$sp$crk_table$sp1$order_day%20between%2020201231%20and%2020210331&varString=start_day:20201231,materiel_code:00101019289,cost_id:2952,end_date:20201130 HTTP/1.1" 200 48701
120.253.135.82 - - [13/Mar/2021:09:57:56 +0800] "GET /xingrg/dwr/interface/AjaxReportQueryService.js HTTP/1.1" 200 13203
120.253.135.82 - - [13/Mar/2021:09:57:56 +0800] "GET /xingrg/dwr/engine.js HTTP/1.1" 200 43631
180.169.147.146 - - [13/Mar/2021:09:57:56 +0800] "GET /xingrg/all/function/internal_message.html?_=1615600672732&CODE_STATE=getMsg HTTP/1.1" 200 27
180.169.147.146 - - [13/Mar/2021:09:57:56 +0800] "GET /xingrg/check_reg.html?_=1615600672734 HTTP/1.1" 200 22
120.253.135.82 - - [13/Mar/2021:09:57:58 +0800] "POST /xingrg/all/report/load_report_page.html HTTP/1.1" 200 122972
120.253.135.82 - - [13/Mar/2021:09:57:58 +0800] "GET /xingrg/servlets/image?cache=0.12456061076904579&image=px HTTP/1.1" 200 807
114.88.166.193 - - [13/Mar/2021:09:57:58 +0800] "GET /xingrg/kc/buy/cgsh_order_operate.html?command=get_materiel&rest_code=00111&code=00101008358&supplier_code=00100005&order_time=2021-03-13 HTTP/1.1" 200 412
116.235.216.75 - - [13/Mar/2021:09:57:59 +0800] "POST /xingrg/kc/mdqp/pssh_list_operate.html HTTP/1.1" 200 814
101.228.165.174 - - [13/Mar/2021:09:58:00 +0800] "GET /xingrg/all/function/internal_message.html?_=1615600665991&CODE_STATE=getMsg HTTP/1.1" 302 -
114.88.166.193 - - [13/Mar/2021:09:58:01 +0800] "GET /xingrg/all/function/internal_message.html?_=1615600677818&CODE_STATE=getMsg HTTP/1.1" 200 27
116.235.216.75 - - [13/Mar/2021:09:58:04 +0800] "POST /xingrg/kc/mdqp/pssh_list_operate.html HTTP/1.1" 200 814
116.235.216.75 - - [13/Mar/2021:09:58:05 +0800] "POST /xingrg/kc/mdqp/pssh_list_operate.html HTTP/1.1" 200 814
58.37.230.33 - - [13/Mar/2021:09:58:05 +0800] "GET /xingrg/check_reg.html?_=1615600687545 HTTP/1.1" 200 22
61.165.42.208 - - [13/Mar/2021:09:58:06 +0800] "GET /xingrg/all/function/internal_message.html?_=1615600666485&CODE_STATE=getMsg HTTP/1.1" 200 27
114.88.166.193 - - [13/Mar/2021:09:58:07 +0800] "GET /xingrg/kc/buy/cgsh_order_operate.html?command=get_materiel&rest_code=00111&code=00101008005&supplier_code=00100005&order_time=2021-03-13 HTTP/1.1" 200 412
116.235.216.75 - - [13/Mar/2021:09:58:12 +0800] "POST /xingrg/kc/mdqp/pssh_list_operate.html HTTP/1.1" 200 814
116.235.216.75 - - [13/Mar/2021:09:58:15 +0800] "POST /xingrg/kc/mdqp/pssh_list_operate.html HTTP/1.1" 200 3393
222.70.216.222 - - [13/Mar/2021:09:58:17 +0800] "GET /xingrg/all/function/internal_message.html?_=1615600692566&CODE_STATE=getMsg HTTP/1.1" 200 27
114.88.166.193 - - [13/Mar/2021:09:58:17 +0800] "GET /xingrg/kc/buy/cgsh_order_operate.html?command=get_materiel&rest_code=00111&code=00101008355&supplier_code=00100005&order_time=2021-03-13 HTTP/1.1" 200 408
116.235.216.75 - - [13/Mar/2021:09:58:19 +0800] "POST /xingrg/kc/mdqp/pssh_list_operate.html HTTP/1.1" 200 814
116.235.216.75 - - [13/Mar/2021:09:58:20 +0800] "POST /xingrg/kc/mdqp/pssh_list_operate.html HTTP/1.1" 200 814
116.224.253.72 - - [13/Mar/2021:09:58:20 +0800] "GET /xingrg/all/function/internal_message.html?_=1615600657143&CODE_STATE=getMsg HTTP/1.1" 200 27
61.165.42.208 - - [13/Mar/2021:09:58:21 +0800] "GET /xingrg/all/function/internal_message.html?_=1615600702000&CODE_STATE=getMsg HTTP/1.1" 200 27
116.235.216.75 - - [13/Mar/2021:09:58:23 +0800] "POST /xingrg/kc/mdqp/pssh_list_operate.html HTTP/1.1" 200 814
180.174.195.252 - - [13/Mar/2021:09:58:23 +0800] "GET /xingrg/all/function/internal_message.html?_=1615600964025&CODE_STATE=getMsg HTTP/1.1" 200 27
114.88.166.193 - - [13/Mar/2021:09:58:25 +0800] "GET /xingrg/all/function/internal_message.html?_=1615600937579&CODE_STATE=getMsg HTTP/1.1" 302 -
114.88.166.193 - - [13/Mar/2021:09:58:26 +0800] "GET /xingrg/kc/buy/cgsh_order_operate.html?command=get_materiel&rest_code=00111&code=00101008256&supplier_code=00100005&order_time=2021-03-13 HTTP/1.1" 200 412
116.235.216.75 - - [13/Mar/2021:09:58:26 +0800] "GET /xingrg/kc/mdqp/qp_main.html HTTP/1.1" 200 10633
116.235.216.75 - - [13/Mar/2021:09:58:27 +0800] "GET /xingrg/images/yd/bt.gif HTTP/1.1" 404 1040
116.235.216.75 - - [13/Mar/2021:09:58:27 +0800] "GET /xingrg/kc/mdqp/pssh_order_list.html HTTP/1.1" 200 18011
116.235.216.75 - - [13/Mar/2021:09:58:28 +0800] "POST /xingrg/kc/mdqp/pssh_list_operate.html HTTP/1.1" 200 5253
120.253.135.82 - - [13/Mar/2021:09:58:30 +0800] "GET /xingrg/kc/base/stock_operate.html?_=1615600478113&command=get_report_file&start_day=20201101 HTTP/1.1" 200 53
101.228.165.174 - - [13/Mar/2021:09:58:30 +0800] "GET /xingrg/all/function/internal_message.html?_=1615600745236&CODE_STATE=getMsg HTTP/1.1" 200 27
120.253.135.82 - - [13/Mar/2021:09:58:30 +0800] "GET /xingrg/dwr/interface/AjaxReportQueryService.js HTTP/1.1" 200 13203
120.253.135.82 - - [13/Mar/2021:09:58:30 +0800] "GET /xingrg/dwr/engine.js HTTP/1.1" 200 43631
116.235.216.75 - - [13/Mar/2021:09:58:30 +0800] "GET /xingrg/javascript/jquery_tools/images/prev.gif HTTP/1.1" 404 1086
116.235.216.75 - - [13/Mar/2021:09:58:31 +0800] "GET /xingrg/javascript/jquery_tools/images/next.gif HTTP/1.1" 404 1086
222.70.209.13 - - [13/Mar/2021:09:58:31 +0800] "GET /xingrg/all/function/internal_message.html?_=1615600702888&CODE_STATE=getMsg HTTP/1.1" 200 27
120.253.135.82 - - [13/Mar/2021:09:58:32 +0800] "GET /xingrg/all/report/report_query.html?isQuery=1&onlyBody=1&rh=2000&fileName=kc/base/kc_stock_detail_new.xml&queryString=(1=1)&queryText=&tableQueryString=init_table$sp1$$sp$crk_table$sp1$order_day%20between%2020201101%20and%2020210331&varString=start_day:20201101,materiel_code:00101019289,cost_id:2917,end_date:20201031 HTTP/1.1" 200 48701
222.70.216.222 - - [13/Mar/2021:09:58:33 +0800] "GET /xingrg/all/function/internal_message.html?_=1615600708341&CODE_STATE=getMsg HTTP/1.1" 200 27
116.235.216.75 - - [13/Mar/2021:09:58:33 +0800] "GET /xingrg/all/function/internal_message.html?_=1615600705833&CODE_STATE=getMsg HTTP/1.1" 200 27
120.253.135.82 - - [13/Mar/2021:09:58:33 +0800] "POST /xingrg/all/report/load_report_page.html HTTP/1.1" 200 191356
120.253.135.82 - - [13/Mar/2021:09:58:33 +0800] "GET /xingrg/servlets/image?cache=0.4696734536696462&image=px HTTP/1.1" 200 807
101.228.165.174 - - [13/Mar/2021:09:58:36 +0800] "GET /xingrg/all/function/internal_message.html?_=1615600751303&CODE_STATE=getMsg HTTP/1.1" 200 27
114.88.166.193 - - [13/Mar/2021:09:58:37 +0800] "GET /xingrg/kc/buy/cgsh_order_operate.html?command=get_materiel&rest_code=00111&code=00101008080&supplier_code=00100005&order_time=2021-03-13 HTTP/1.1" 200 416
116.235.216.75 - - [13/Mar/2021:09:58:37 +0800] "POST /xingrg/kc/mdqp/pssh_list_operate.html HTTP/1.1" 200 814
58.37.230.33 - - [13/Mar/2021:09:58:38 +0800] "GET /xingrg/all/function/internal_message.html?_=1615600720973&CODE_STATE=getMsg HTTP/1.1" 200 27
116.235.216.75 - - [13/Mar/2021:09:58:38 +0800] "POST /xingrg/kc/mdqp/pssh_list_operate.html HTTP/1.1" 200 814
61.165.42.208 - - [13/Mar/2021:09:58:38 +0800] "POST /xingrg/services/DataTransmitService HTTP/1.1" 200 524
114.86.228.221 - - [13/Mar/2021:09:58:38 +0800] "GET /xingrg/all/function/internal_message.html?_=1615600716630&CODE_STATE=getMsg HTTP/1.1" 200 27
61.165.42.208 - - [13/Mar/2021:09:58:39 +0800] "POST /xingrg/services/DataTransmitService HTTP/1.1" 200 2231
116.235.216.75 - - [13/Mar/2021:09:58:39 +0800] "POST /xingrg/kc/mdqp/pssh_list_operate.html HTTP/1.1" 200 814
61.165.42.208 - - [13/Mar/2021:09:58:39 +0800] "POST /xingrg/services/DataTransmitService HTTP/1.1" 200 147959
116.235.216.75 - - [13/Mar/2021:09:58:40 +0800] "POST /xingrg/kc/mdqp/pssh_list_operate.html HTTP/1.1" 200 814
58.40.7.146 - - [13/Mar/2021:09:58:44 +0800] "GET /xingrg/all/function/internal_message.html?_=1615600720636&CODE_STATE=getMsg HTTP/1.1" 200 27
116.235.216.75 - - [13/Mar/2021:09:58:45 +0800] "POST /xingrg/kc/mdqp/pssh_list_operate.html HTTP/1.1" 200 814
116.235.216.75 - - [13/Mar/2021:09:58:46 +0800] "POST /xingrg/kc/mdqp/pssh_list_operate.html HTTP/1.1" 200 814
101.228.165.174 - - [13/Mar/2021:09:58:47 +0800] "GET /xingrg/all/function/internal_message.html?_=1615600712751&CODE_STATE=getMsg HTTP/1.1" 302 -
222.70.209.13 - - [13/Mar/2021:09:58:50 +0800] "GET /xingrg/check_reg.html?_=1615600721721 HTTP/1.1" 200 22
116.235.216.75 - - [13/Mar/2021:09:58:53 +0800] "POST /xingrg/kc/mdqp/pssh_list_operate.html HTTP/1.1" 200 814
120.253.135.82 - - [13/Mar/2021:09:58:56 +0800] "GET /xingrg/check_reg.html?_=1615600791971 HTTP/1.1" 200 22
116.235.216.75 - - [13/Mar/2021:09:58:56 +0800] "POST /xingrg/kc/mdqp/pssh_list_operate.html HTTP/1.1" 200 814
180.169.147.146 - - [13/Mar/2021:09:58:56 +0800] "GET /xingrg/all/function/internal_message.html?_=1615600732731&CODE_STATE=getMsg HTTP/1.1" 200 27
101.228.165.174 - - [13/Mar/2021:09:59:00 +0800] "GET /xingrg/all/function/internal_message.html?_=1615600726011&CODE_STATE=getMsg HTTP/1.1" 302 -
114.88.166.193 - - [13/Mar/2021:09:59:01 +0800] "GET /xingrg/kc/buy/cgsh_order_operate.html?command=get_materiel&rest_code=00111&code=00101008185&supplier_code=00100005&order_time=2021-03-13 HTTP/1.1" 200 409
114.88.166.193 - - [13/Mar/2021:09:59:01 +0800] "GET /xingrg/all/function/internal_message.html?_=1615600737846&CODE_STATE=getMsg HTTP/1.1" 200 27
61.129.6.225 - - [13/Mar/2021:09:59:05 +0800] "GET /xingrg/check_reg.html?_=1615600687545 HTTP/1.1" 302 -
61.129.6.225 - - [13/Mar/2021:09:59:05 +0800] "GET /xingrg/login.html HTTP/1.1" 200 7641
61.165.42.208 - - [13/Mar/2021:09:59:06 +0800] "GET /xingrg/all/function/internal_message.html?_=1615600726484&CODE_STATE=getMsg HTTP/1.1" 200 27
101.228.165.174 - - [13/Mar/2021:09:59:07 +0800] "GET /xingrg/check_reg.html?_=1615600781806 HTTP/1.1" 200 22
120.253.135.82 - - [13/Mar/2021:09:59:07 +0800] "GET /xingrg/kc/pszx/mdps_order_list.html?orderType=0 HTTP/1.1" 200 21153
120.253.135.82 - - [13/Mar/2021:09:59:07 +0800] "POST /xingrg/kc/pszx/mdps_list_operate.html HTTP/1.1" 200 5580
120.253.135.82 - - [13/Mar/2021:09:59:09 +0800] "GET /xingrg/kc/pszx/mdps_order_add.html HTTP/1.1" 200 29131
120.253.135.82 - - [13/Mar/2021:09:59:09 +0800] "POST /xingrg/kc/pszx/mdps_order_operate.html HTTP/1.1" 200 7126
120.253.135.82 - - [13/Mar/2021:09:59:10 +0800] "GET /xingrg/javascript/easyui/themes/default/validatebox.css HTTP/1.1" 404 1104
114.88.166.193 - - [13/Mar/2021:09:59:13 +0800] "GET /xingrg/kc/buy/cgsh_order_operate.html?command=get_materiel&rest_code=00111&code=00101008110&supplier_code=00100005&order_time=2021-03-13 HTTP/1.1" 200 409
116.235.216.75 - - [13/Mar/2021:09:59:15 +0800] "POST /xingrg/kc/mdqp/pssh_list_operate.html HTTP/1.1" 200 814
180.169.147.146 - - [13/Mar/2021:09:59:15 +0800] "GET /xingrg/index.html?sysBaseUrl=http%3A%2F%2F180.169.147.146%3A18081%2Fxingrg%2F&costTime=185×tamp=1615458382968 HTTP/1.1" 302 -
180.169.147.146 - - [13/Mar/2021:09:59:15 +0800] "GET /xingrg/login.html HTTP/1.1" 200 7641
180.169.147.146 - - [13/Mar/2021:09:59:15 +0800] "GET /favicon.ico HTTP/1.1" 404 -
116.235.216.75 - - [13/Mar/2021:09:59:16 +0800] "POST /xingrg/kc/mdqp/pssh_list_operate.html HTTP/1.1" 200 814
180.169.147.146 - - [13/Mar/2021:09:59:17 +0800] "POST /xingrg/login.do HTTP/1.1" 302 -
180.169.147.146 - - [13/Mar/2021:09:59:17 +0800] "GET /xingrg/index.html?sysBaseUrl=http%3A%2F%2F180.169.147.146%3A18081%2Fxingrg%2F&costTime=59×tamp=1615600757047 HTTP/1.1" 200 17179
180.169.147.146 - - [13/Mar/2021:09:59:17 +0800] "GET /favicon.ico HTTP/1.1" 404 -
222.70.216.222 - - [13/Mar/2021:09:59:17 +0800] "GET /xingrg/all/function/internal_message.html?_=1615600752573&CODE_STATE=getMsg HTTP/1.1" 200 27
222.70.216.222 - - [13/Mar/2021:09:59:17 +0800] "GET /xingrg/check_reg.html?_=1615600752576 HTTP/1.1" 200 22
180.169.147.146 - - [13/Mar/2021:09:59:17 +0800] "POST /xingrg/all/common/load_tree.html?tree=area_rest_tree_json&manage=1 HTTP/1.1" 200 351
180.169.147.146 - - [13/Mar/2021:09:59:17 +0800] "GET /xingrg/check_reg.html?_=1615600751754 HTTP/1.1" 200 22
180.169.147.146 - - [13/Mar/2021:09:59:17 +0800] "GET /xingrg/all/function/internal_message.html?_=1615600751754&CODE_STATE=count HTTP/1.1" 200 11
180.169.147.146 - - [13/Mar/2021:09:59:17 +0800] "POST /xingrg/load_menu.html HTTP/1.1" 200 5138
180.169.147.146 - - [13/Mar/2021:09:59:19 +0800] "GET /xingrg/kc/buy/buy_main.html HTTP/1.1" 200 12412
180.169.147.146 - - [13/Mar/2021:09:59:19 +0800] "GET /xingrg/css/new_ie.css HTTP/1.1" 404 1036
180.169.147.146 - - [13/Mar/2021:09:59:19 +0800] "GET /xingrg/images/yd/bt.gif HTTP/1.1" 404 1040
116.235.216.75 - - [13/Mar/2021:09:59:20 +0800] "POST /xingrg/kc/mdqp/pssh_list_operate.html HTTP/1.1" 200 814
180.169.147.146 - - [13/Mar/2021:09:59:20 +0800] "GET /xingrg/kc/buy/cgsh_order_list.html HTTP/1.1" 200 46372
116.224.253.72 - - [13/Mar/2021:09:59:20 +0800] "GET /xingrg/all/function/internal_message.html?_=1615600717157&CODE_STATE=getMsg HTTP/1.1" 200 27
114.88.166.193 - - [13/Mar/2021:09:59:21 +0800] "GET /xingrg/kc/buy/cgsh_order_operate.html?command=get_materiel&rest_code=00111&code=00101008038&supplier_code=00100005&order_time=2021-03-13 HTTP/1.1" 200 413
61.165.42.208 - - [13/Mar/2021:09:59:21 +0800] "GET /xingrg/all/function/internal_message.html?_=1615600761980&CODE_STATE=getMsg HTTP/1.1" 200 27
180.174.195.252 - - [13/Mar/2021:09:59:23 +0800] "GET /xingrg/all/function/internal_message.html?_=1615601024039&CODE_STATE=getMsg HTTP/1.1" 200 27
116.235.216.75 - - [13/Mar/2021:09:59:25 +0800] "POST /xingrg/kc/mdqp/pssh_list_operate.html HTTP/1.1" 200 3393
114.88.166.193 - - [13/Mar/2021:09:59:25 +0800] "GET /xingrg/all/function/internal_message.html?_=1615600997577&CODE_STATE=getMsg HTTP/1.1" 302 -
120.253.135.82 - - [13/Mar/2021:09:59:25 +0800] "POST /xingrg/all/common/load_combo.html?type=base HTTP/1.1" 200 984
114.88.166.193 - - [13/Mar/2021:09:59:29 +0800] "GET /xingrg/kc/buy/cgsh_order_operate.html?command=get_materiel&rest_code=00111&code=00101008163&supplier_code=00100005&order_time=2021-03-13 HTTP/1.1" 200 408
116.235.216.75 - - [13/Mar/2021:09:59:30 +0800] "POST /xingrg/kc/mdqp/pssh_list_operate.html HTTP/1.1" 200 796
101.228.165.174 - - [13/Mar/2021:09:59:30 +0800] "GET /xingrg/all/function/internal_message.html?_=1615600805238&CODE_STATE=getMsg HTTP/1.1" 200 27
222.70.209.13 - - [13/Mar/2021:09:59:31 +0800] "GET /xingrg/all/function/internal_message.html?_=1615600762896&CODE_STATE=getMsg HTTP/1.1" 200 27
120.253.135.82 - - [13/Mar/2021:09:59:32 +0800] "GET /xingrg/kc/pszx/mdps_order_operate.html?command=get_materiel&pszx_code=00101&rest_code=00143&base_code=0010250&code=00102002881 HTTP/1.1" 200 456
222.70.216.222 - - [13/Mar/2021:09:59:33 +0800] "GET /xingrg/all/function/internal_message.html?_=1615600768342&CODE_STATE=getMsg HTTP/1.1" 200 27
116.235.216.75 - - [13/Mar/2021:09:59:33 +0800] "GET /xingrg/kc/mdqp/pssh_order_info.html?code=312021010300110 HTTP/1.1" 200 14388
116.235.216.75 - - [13/Mar/2021:09:59:33 +0800] "GET /xingrg/javascript/jquery_tools/jquery-1.4.2.min.js HTTP/1.1" 404 1094
116.235.216.75 - - [13/Mar/2021:09:59:33 +0800] "GET /xingrg/all/function/internal_message.html?_=1615600765831&CODE_STATE=getMsg HTTP/1.1" 200 27
116.235.216.75 - - [13/Mar/2021:09:59:33 +0800] "GET /xingrg/javascript/easyui/themes/default/validatebox.css HTTP/1.1" 404 1104
116.235.216.75 - - [13/Mar/2021:09:59:33 +0800] "POST /xingrg/kc/mdqp/pssh_order_operate.html HTTP/1.1" 200 15061
101.228.165.174 - - [13/Mar/2021:09:59:36 +0800] "GET /xingrg/all/function/internal_message.html?_=1615600811306&CODE_STATE=getMsg HTTP/1.1" 200 27
180.169.147.146 - - [13/Mar/2021:09:59:37 +0800] "POST /xingrg/kc/buy/cgsh_list_operate.html HTTP/1.1" 200 5191
120.253.135.82 - - [13/Mar/2021:09:59:38 +0800] "POST /xingrg/kc/pszx/mdps_order_operate.html HTTP/1.1" 200 37
101.89.239.232 - - [13/Mar/2021:09:59:38 +0800] "GET /xingrg/all/function/internal_message.html?_=1615600720973&CODE_STATE=getMsg HTTP/1.1" 302 -
58.37.230.33 - - [13/Mar/2021:09:59:38 +0800] "GET /xingrg/all/function/internal_message.html?_=1615600780999&CODE_STATE=getMsg HTTP/1.1" 200 27
120.253.135.82 - - [13/Mar/2021:09:59:38 +0800] "GET /xingrg/kc/pszx/mdps_order_info.html?code=312021031300362 HTTP/1.1" 200 23887
114.86.228.221 - - [13/Mar/2021:09:59:38 +0800] "GET /xingrg/all/function/internal_message.html?_=1615600776632&CODE_STATE=getMsg HTTP/1.1" 200 27
120.253.135.82 - - [13/Mar/2021:09:59:39 +0800] "GET /xingrg/javascript/easyui/themes/default/validatebox.css HTTP/1.1" 404 1104
120.253.135.82 - - [13/Mar/2021:09:59:39 +0800] "POST /xingrg/kc/pszx/mdps_order_operate.html HTTP/1.1" 200 2303
101.89.239.232 - - [13/Mar/2021:09:59:39 +0800] "GET /xingrg/login.html HTTP/1.1" 200 7641
120.253.135.82 - - [13/Mar/2021:09:59:41 +0800] "GET /xingrg/kc/print/load_config.html?kc_code=mdps HTTP/1.1" 200 2396
120.253.135.82 - - [13/Mar/2021:09:59:41 +0800] "GET /xingrg/kc/print/load_data.html?order_code=312021031300362&kc_code=mdps&condition= HTTP/1.1" 200 712
58.40.7.146 - - [13/Mar/2021:09:59:44 +0800] "GET /xingrg/all/function/internal_message.html?_=1615600780638&CODE_STATE=getMsg HTTP/1.1" 200 27
114.88.166.193 - - [13/Mar/2021:09:59:45 +0800] "GET /xingrg/kc/buy/cgsh_order_operate.html?command=get_materiel&rest_code=00111&code=00101008067&supplier_code=00100005&order_time=2021-03-13 HTTP/1.1" 200 416
116.235.216.75 - - [13/Mar/2021:09:59:45 +0800] "GET /xingrg/kc/mdqp/pssh_order_list.html?isBack=1 HTTP/1.1" 200 18011
116.235.216.75 - - [13/Mar/2021:09:59:46 +0800] "POST /xingrg/kc/mdqp/pssh_list_operate.html HTTP/1.1" 200 5253
101.228.165.174 - - [13/Mar/2021:09:59:47 +0800] "GET /xingrg/all/function/internal_message.html?_=1615600772758&CODE_STATE=getMsg HTTP/1.1" 302 -
114.88.166.193 - - [13/Mar/2021:09:59:56 +0800] "GET /xingrg/kc/buy/cgsh_order_operate.html?command=get_materiel&rest_code=00111&code=00101008264&supplier_code=00100005&order_time=2021-03-13 HTTP/1.1" 200 412
180.169.147.146 - - [13/Mar/2021:09:59:56 +0800] "GET /xingrg/all/function/internal_message.html?_=1615600792731&CODE_STATE=getMsg HTTP/1.1" 200 27
116.235.216.75 - - [13/Mar/2021:09:59:57 +0800] "POST /xingrg/kc/mdqp/pssh_list_operate.html HTTP/1.1" 200 814
116.235.216.75 - - [13/Mar/2021:10:00:00 +0800] "POST /xingrg/kc/mdqp/pssh_list_operate.html HTTP/1.1" 200 814
101.228.165.174 - - [13/Mar/2021:10:00:00 +0800] "GET /xingrg/all/function/internal_message.html?_=1615600786021&CODE_STATE=getMsg HTTP/1.1" 302 -
114.88.166.193 - - [13/Mar/2021:10:00:01 +0800] "GET /xingrg/all/function/internal_message.html?_=1615600797859&CODE_STATE=getMsg HTTP/1.1" 200 27
116.235.216.75 - - [13/Mar/2021:10:00:03 +0800] "POST /xingrg/kc/mdqp/pssh_list_operate.html HTTP/1.1" 200 5129
114.88.166.193 - - [13/Mar/2021:10:00:05 +0800] "GET /xingrg/kc/buy/cgsh_order_operate.html?command=get_materiel&rest_code=00111&code=00101009030&supplier_code=00100005&order_time=2021-03-13 HTTP/1.1" 200 431
61.165.42.208 - - [13/Mar/2021:10:00:06 +0800] "GET /xingrg/all/function/internal_message.html?_=1615600786483&CODE_STATE=getMsg HTTP/1.1" 200 27
61.165.42.208 - - [13/Mar/2021:10:00:06 +0800] "GET /xingrg/check_reg.html?_=1615600786486 HTTP/1.1" 200 22
116.235.216.75 - - [13/Mar/2021:10:00:07 +0800] "POST /xingrg/kc/mdqp/pssh_list_operate.html HTTP/1.1" 200 785
116.235.216.75 - - [13/Mar/2021:10:00:09 +0800] "GET /xingrg/kc/mdqp/pssh_order_info.html?code=312021012800893 HTTP/1.1" 200 14388
116.235.216.75 - - [13/Mar/2021:10:00:09 +0800] "GET /xingrg/javascript/jquery_tools/jquery-1.4.2.min.js HTTP/1.1" 404 1094
116.235.216.75 - - [13/Mar/2021:10:00:09 +0800] "GET /xingrg/javascript/easyui/themes/default/validatebox.css HTTP/1.1" 404 1104
116.235.216.75 - - [13/Mar/2021:10:00:09 +0800] "POST /xingrg/kc/mdqp/pssh_order_operate.html HTTP/1.1" 200 6441
116.235.216.75 - - [13/Mar/2021:10:00:16 +0800] "POST /xingrg/kc/mdqp/pssh_list_operate.html HTTP/1.1" 200 3393
222.70.216.222 - - [13/Mar/2021:10:00:17 +0800] "GET /xingrg/all/function/internal_message.html?_=1615600812562&CODE_STATE=getMsg HTTP/1.1" 200 27
180.169.147.146 - - [13/Mar/2021:10:00:17 +0800] "GET /xingrg/all/function/internal_message.html?_=1615600811788&CODE_STATE=getMsg HTTP/1.1" 200 27
116.235.216.75 - - [13/Mar/2021:10:00:18 +0800] "POST /xingrg/kc/mdqp/pssh_list_operate.html HTTP/1.1" 200 806
116.235.216.75 - - [13/Mar/2021:10:00:20 +0800] "POST /xingrg/kc/mdqp/pssh_list_operate.html HTTP/1.1" 200 3393
116.235.216.75 - - [13/Mar/2021:10:00:20 +0800] "GET /xingrg/kc/mdqp/pssh_order_info.html?code=312021012300739 HTTP/1.1" 200 14388
116.235.216.75 - - [13/Mar/2021:10:00:20 +0800] "GET /xingrg/javascript/jquery_tools/jquery-1.4.2.min.js HTTP/1.1" 404 1094
116.235.216.75 - - [13/Mar/2021:10:00:20 +0800] "GET /xingrg/javascript/easyui/themes/default/validatebox.css HTTP/1.1" 404 1104
116.235.216.75 - - [13/Mar/2021:10:00:20 +0800] "POST /xingrg/kc/mdqp/pssh_order_operate.html HTTP/1.1" 200 9128
116.224.253.72 - - [13/Mar/2021:10:00:21 +0800] "GET /xingrg/all/function/internal_message.html?_=1615600777177&CODE_STATE=getMsg HTTP/1.1" 200 27
61.165.42.208 - - [13/Mar/2021:10:00:21 +0800] "GET /xingrg/all/function/internal_message.html?_=1615600821949&CODE_STATE=getMsg HTTP/1.1" 200 27
180.174.195.252 - - [13/Mar/2021:10:00:24 +0800] "GET /xingrg/all/function/internal_message.html?_=1615601084302&CODE_STATE=getMsg HTTP/1.1" 200 27
114.88.166.193 - - [13/Mar/2021:10:00:25 +0800] "GET /xingrg/all/function/internal_message.html?_=1615601057581&CODE_STATE=getMsg HTTP/1.1" 302 -
116.235.216.75 - - [13/Mar/2021:10:00:25 +0800] "POST /xingrg/kc/mdqp/pssh_list_operate.html HTTP/1.1" 200 3393
116.235.216.75 - - [13/Mar/2021:10:00:26 +0800] "POST /xingrg/kc/mdqp/pssh_list_operate.html HTTP/1.1" 200 797
116.235.216.75 - - [13/Mar/2021:10:00:28 +0800] "POST /xingrg/kc/mdqp/pssh_list_operate.html HTTP/1.1" 200 3393
116.235.216.75 - - [13/Mar/2021:10:00:28 +0800] "GET /xingrg/kc/mdqp/pssh_order_info.html?code=312021011800587 HTTP/1.1" 200 14388
116.235.216.75 - - [13/Mar/2021:10:00:28 +0800] "GET /xingrg/javascript/jquery_tools/jquery-1.4.2.min.js HTTP/1.1" 404 1094
116.235.216.75 - - [13/Mar/2021:10:00:29 +0800] "GET /xingrg/javascript/easyui/themes/default/validatebox.css HTTP/1.1" 404 1104
116.235.216.75 - - [13/Mar/2021:10:00:29 +0800] "POST /xingrg/kc/mdqp/pssh_order_operate.html HTTP/1.1" 200 3743
101.228.165.174 - - [13/Mar/2021:10:00:30 +0800] "GET /xingrg/all/function/internal_message.html?_=1615600865251&CODE_STATE=getMsg HTTP/1.1" 200 27
222.70.209.13 - - [13/Mar/2021:10:00:31 +0800] "GET /xingrg/all/function/internal_message.html?_=1615600822910&CODE_STATE=getMsg HTTP/1.1" 200 27
116.235.216.75 - - [13/Mar/2021:10:00:31 +0800] "POST /xingrg/kc/mdqp/pssh_list_operate.html HTTP/1.1" 200 3393
116.235.216.75 - - [13/Mar/2021:10:00:32 +0800] "POST /xingrg/kc/mdqp/pssh_list_operate.html HTTP/1.1" 200 799
222.70.216.222 - - [13/Mar/2021:10:00:33 +0800] "GET /xingrg/all/function/internal_message.html?_=1615600828347&CODE_STATE=getMsg HTTP/1.1" 200 27
116.235.216.75 - - [13/Mar/2021:10:00:33 +0800] "GET /xingrg/all/function/internal_message.html?_=1615600825841&CODE_STATE=getMsg HTTP/1.1" 200 27
116.235.216.75 - - [13/Mar/2021:10:00:33 +0800] "GET /xingrg/check_reg.html?_=1615600825846 HTTP/1.1" 200 22
116.235.216.75 - - [13/Mar/2021:10:00:33 +0800] "GET /xingrg/kc/mdqp/pssh_order_info.html?code=312021011300429 HTTP/1.1" 200 14388
116.235.216.75 - - [13/Mar/2021:10:00:33 +0800] "POST /xingrg/kc/mdqp/pssh_list_operate.html HTTP/1.1" 200 3393
116.235.216.75 - - [13/Mar/2021:10:00:34 +0800] "GET /xingrg/javascript/jquery_tools/jquery-1.4.2.min.js HTTP/1.1" 404 1094
116.235.216.75 - - [13/Mar/2021:10:00:34 +0800] "GET /xingrg/javascript/easyui/themes/default/validatebox.css HTTP/1.1" 404 1104
116.235.216.75 - - [13/Mar/2021:10:00:34 +0800] "POST /xingrg/kc/mdqp/pssh_order_operate.html HTTP/1.1" 200 13498
101.228.165.174 - - [13/Mar/2021:10:00:36 +0800] "GET /xingrg/all/function/internal_message.html?_=1615600871331&CODE_STATE=getMsg HTTP/1.1" 200 27
58.37.230.33 - - [13/Mar/2021:10:00:38 +0800] "GET /xingrg/all/function/internal_message.html?_=1615600840979&CODE_STATE=getMsg HTTP/1.1" 200 27
114.86.228.221 - - [13/Mar/2021:10:00:38 +0800] "GET /xingrg/all/function/internal_message.html?_=1615600836634&CODE_STATE=getMsg HTTP/1.1" 200 27
101.228.165.174 - - [13/Mar/2021:10:00:39 +0800] "GET /xingrg/check_reg.html?_=1615600825096 HTTP/1.1" 302 -
116.235.216.75 - - [13/Mar/2021:10:00:42 +0800] "POST /xingrg/kc/mdqp/pssh_list_operate.html HTTP/1.1" 200 3393
116.235.216.75 - - [13/Mar/2021:10:00:43 +0800] "POST /xingrg/kc/mdqp/pssh_list_operate.html HTTP/1.1" 200 802
58.40.7.146 - - [13/Mar/2021:10:00:44 +0800] "GET /xingrg/all/function/internal_message.html?_=1615600840643&CODE_STATE=getMsg HTTP/1.1" 200 27
58.40.7.146 - - [13/Mar/2021:10:00:44 +0800] "GET /xingrg/check_reg.html?_=1615600840645 HTTP/1.1" 200 22
116.235.216.75 - - [13/Mar/2021:10:00:44 +0800] "POST /xingrg/kc/mdqp/pssh_list_operate.html HTTP/1.1" 200 3393
116.235.216.75 - - [13/Mar/2021:10:00:44 +0800] "GET /xingrg/kc/mdqp/pssh_order_info.html?code=312021010800274 HTTP/1.1" 200 14388
116.235.216.75 - - [13/Mar/2021:10:00:45 +0800] "GET /xingrg/javascript/jquery_tools/jquery-1.4.2.min.js HTTP/1.1" 404 1094
116.235.216.75 - - [13/Mar/2021:10:00:45 +0800] "GET /xingrg/javascript/easyui/themes/default/validatebox.css HTTP/1.1" 404 1104
116.235.216.75 - - [13/Mar/2021:10:00:45 +0800] "POST /xingrg/kc/mdqp/pssh_order_operate.html HTTP/1.1" 200 4330
101.91.60.105 - - [13/Mar/2021:10:00:46 +0800] "GET /xingrg/all/function/internal_message.html?_=1615600780999&CODE_STATE=getMsg HTTP/1.1" 302 -
101.228.165.174 - - [13/Mar/2021:10:00:47 +0800] "GET /xingrg/all/function/internal_message.html?_=1615600832773&CODE_STATE=getMsg HTTP/1.1" 302 -
101.91.60.105 - - [13/Mar/2021:10:00:48 +0800] "GET /xingrg/login.html HTTP/1.1" 200 7641
116.235.216.75 - - [13/Mar/2021:10:00:49 +0800] "POST /xingrg/kc/mdqp/pssh_list_operate.html HTTP/1.1" 200 3393
101.228.165.174 - - [13/Mar/2021:10:00:49 +0800] "GET /xingrg/check_reg.html?_=1615600834592 HTTP/1.1" 302 -
116.235.216.75 - - [13/Mar/2021:10:00:50 +0800] "POST /xingrg/kc/mdqp/pssh_list_operate.html HTTP/1.1" 200 796
116.235.216.75 - - [13/Mar/2021:10:00:51 +0800] "POST /xingrg/kc/mdqp/pssh_list_operate.html HTTP/1.1" 200 3393
116.235.216.75 - - [13/Mar/2021:10:00:51 +0800] "GET /xingrg/kc/mdqp/pssh_order_info.html?code=312021010300110 HTTP/1.1" 200 14388
116.235.216.75 - - [13/Mar/2021:10:00:51 +0800] "GET /xingrg/javascript/jquery_tools/jquery-1.4.2.min.js HTTP/1.1" 404 1094
117.184.7.30 - - [13/Mar/2021:10:00:51 +0800] "GET /xingrg/check_reg.html?_=1615600836677 HTTP/1.1" 200 22
116.235.216.75 - - [13/Mar/2021:10:00:51 +0800] "GET /xingrg/javascript/easyui/themes/default/validatebox.css HTTP/1.1" 404 1104
116.235.216.75 - - [13/Mar/2021:10:00:51 +0800] "POST /xingrg/kc/mdqp/pssh_order_operate.html HTTP/1.1" 200 15061
180.169.147.146 - - [13/Mar/2021:10:00:56 +0800] "GET /xingrg/all/function/internal_message.html?_=1615600852745&CODE_STATE=getMsg HTTP/1.1" 200 27
101.228.165.174 - - [13/Mar/2021:10:01:00 +0800] "GET /xingrg/all/function/internal_message.html?_=1615600846045&CODE_STATE=getMsg HTTP/1.1" 302 -
116.235.216.75 - - [13/Mar/2021:10:01:01 +0800] "POST /xingrg/kc/mdqp/pssh_list_operate.html HTTP/1.1" 200 3393
114.88.166.193 - - [13/Mar/2021:10:01:01 +0800] "GET /xingrg/check_reg.html?_=1615600857723 HTTP/1.1" 200 22
114.88.166.193 - - [13/Mar/2021:10:01:01 +0800] "GET /xingrg/all/function/internal_message.html?_=1615600857874&CODE_STATE=getMsg HTTP/1.1" 200 27
61.165.42.208 - - [13/Mar/2021:10:01:06 +0800] "GET /xingrg/all/function/internal_message.html?_=1615600846485&CODE_STATE=getMsg HTTP/1.1" 200 27
58.221.95.50 - - [13/Mar/2021:10:01:10 +0800] "GET /xingrg/check_reg.html?_=1615600869575 HTTP/1.1" 302 -
116.235.216.75 - - [13/Mar/2021:10:01:11 +0800] "POST /xingrg/kc/mdqp/pssh_list_operate.html HTTP/1.1" 200 1974
116.235.216.75 - - [13/Mar/2021:10:01:12 +0800] "POST /xingrg/kc/mdqp/pssh_list_operate.html HTTP/1.1" 200 819
116.235.216.75 - - [13/Mar/2021:10:01:14 +0800] "POST /xingrg/kc/mdqp/pssh_list_operate.html HTTP/1.1" 200 1974
116.235.216.75 - - [13/Mar/2021:10:01:15 +0800] "GET /xingrg/kc/mdqp/pssh_order_info.html?code=312021020800289 HTTP/1.1" 200 14388
116.235.216.75 - - [13/Mar/2021:10:01:15 +0800] "GET /xingrg/javascript/jquery_tools/jquery-1.4.2.min.js HTTP/1.1" 404 1094
116.235.216.75 - - [13/Mar/2021:10:01:15 +0800] "GET /xingrg/javascript/easyui/themes/default/validatebox.css HTTP/1.1" 404 1104
116.235.216.75 - - [13/Mar/2021:10:01:15 +0800] "POST /xingrg/kc/mdqp/pssh_order_operate.html HTTP/1.1" 200 4314
222.70.216.222 - - [13/Mar/2021:10:01:17 +0800] "GET /xingrg/all/function/internal_message.html?_=1615600872565&CODE_STATE=getMsg HTTP/1.1" 200 27
180.169.147.146 - - [13/Mar/2021:10:01:17 +0800] "GET /xingrg/all/function/internal_message.html?_=1615600871760&CODE_STATE=getMsg HTTP/1.1" 200 27
116.235.216.75 - - [13/Mar/2021:10:01:19 +0800] "POST /xingrg/kc/mdqp/pssh_list_operate.html HTTP/1.1" 200 1974
101.228.165.174 - - [13/Mar/2021:10:01:19 +0800] "GET /xingrg/check_reg.html?_=1615600914516 HTTP/1.1" 200 22
116.235.216.75 - - [13/Mar/2021:10:01:20 +0800] "POST /xingrg/kc/mdqp/pssh_list_operate.html HTTP/1.1" 200 822
116.224.253.72 - - [13/Mar/2021:10:01:21 +0800] "GET /xingrg/all/function/internal_message.html?_=1615600837184&CODE_STATE=getMsg HTTP/1.1" 200 27
61.165.42.208 - - [13/Mar/2021:10:01:21 +0800] "GET /xingrg/all/function/internal_message.html?_=1615600881917&CODE_STATE=getMsg HTTP/1.1" 200 27
116.235.216.75 - - [13/Mar/2021:10:01:22 +0800] "POST /xingrg/kc/mdqp/pssh_list_operate.html HTTP/1.1" 200 1974
116.235.216.75 - - [13/Mar/2021:10:01:22 +0800] "GET /xingrg/kc/mdqp/pssh_order_info.html?code=312021020300114 HTTP/1.1" 200 14388
116.235.216.75 - - [13/Mar/2021:10:01:22 +0800] "GET /xingrg/javascript/jquery_tools/jquery-1.4.2.min.js HTTP/1.1" 404 1094
61.165.42.208 - - [13/Mar/2021:10:01:22 +0800] "GET /xingrg/check_reg.html?_=1615600882993 HTTP/1.1" 200 22
116.235.216.75 - - [13/Mar/2021:10:01:22 +0800] "GET /xingrg/javascript/easyui/themes/default/validatebox.css HTTP/1.1" 404 1104
116.235.216.75 - - [13/Mar/2021:10:01:22 +0800] "POST /xingrg/kc/mdqp/pssh_order_operate.html HTTP/1.1" 200 8672
180.174.195.252 - - [13/Mar/2021:10:01:24 +0800] "GET /xingrg/all/function/internal_message.html?_=1615601144332&CODE_STATE=getMsg HTTP/1.1" 200 27
114.88.166.193 - - [13/Mar/2021:10:01:25 +0800] "GET /xingrg/all/function/internal_message.html?_=1615601117608&CODE_STATE=getMsg HTTP/1.1" 302 -
101.228.165.174 - - [13/Mar/2021:10:01:30 +0800] "GET /xingrg/all/function/internal_message.html?_=1615600925296&CODE_STATE=getMsg HTTP/1.1" 200 27
222.70.209.13 - - [13/Mar/2021:10:01:31 +0800] "GET /xingrg/all/function/internal_message.html?_=1615600882944&CODE_STATE=getMsg HTTP/1.1" 200 27
222.70.216.222 - - [13/Mar/2021:10:01:33 +0800] "GET /xingrg/all/function/internal_message.html?_=1615600888351&CODE_STATE=getMsg HTTP/1.1" 200 27
222.70.216.222 - - [13/Mar/2021:10:01:33 +0800] "GET /xingrg/check_reg.html?_=1615600888351 HTTP/1.1" 200 22
116.235.216.75 - - [13/Mar/2021:10:01:33 +0800] "GET /xingrg/all/function/internal_message.html?_=1615600885837&CODE_STATE=getMsg HTTP/1.1" 200 27
101.228.165.174 - - [13/Mar/2021:10:01:36 +0800] "GET /xingrg/all/function/internal_message.html?_=1615600931333&CODE_STATE=getMsg HTTP/1.1" 200 27
58.37.230.33 - - [13/Mar/2021:10:01:38 +0800] "GET /xingrg/all/function/internal_message.html?_=1615600900951&CODE_STATE=getMsg HTTP/1.1" 200 27
114.86.228.221 - - [13/Mar/2021:10:01:38 +0800] "GET /xingrg/all/function/internal_message.html?_=1615600896638&CODE_STATE=getMsg HTTP/1.1" 200 27
58.40.7.146 - - [13/Mar/2021:10:01:44 +0800] "GET /xingrg/all/function/internal_message.html?_=1615600900630&CODE_STATE=getMsg HTTP/1.1" 200 27
101.228.165.174 - - [13/Mar/2021:10:01:47 +0800] "GET /xingrg/all/function/internal_message.html?_=1615600892873&CODE_STATE=getMsg HTTP/1.1" 302 -
116.235.216.75 - - [13/Mar/2021:10:01:51 +0800] "POST /xingrg/kc/mdqp/pssh_list_operate.html HTTP/1.1" 200 1974
120.253.135.82 - - [13/Mar/2021:10:01:53 +0800] "GET /xingrg/check_reg.html?_=1615600681013 HTTP/1.1" 200 22
180.169.147.146 - - [13/Mar/2021:10:01:56 +0800] "GET /xingrg/all/function/internal_message.html?_=1615600912743&CODE_STATE=getMsg HTTP/1.1" 200 27
101.228.165.174 - - [13/Mar/2021:10:02:00 +0800] "GET /xingrg/all/function/internal_message.html?_=1615600906061&CODE_STATE=getMsg HTTP/1.1" 302 -
114.88.166.193 - - [13/Mar/2021:10:02:01 +0800] "GET /xingrg/all/function/internal_message.html?_=1615600917887&CODE_STATE=getMsg HTTP/1.1" 200 27
61.165.42.208 - - [13/Mar/2021:10:02:06 +0800] "GET /xingrg/all/function/internal_message.html?_=1615600906484&CODE_STATE=getMsg HTTP/1.1" 200 27
222.70.216.222 - - [13/Mar/2021:10:02:17 +0800] "GET /xingrg/all/function/internal_message.html?_=1615600932568&CODE_STATE=getMsg HTTP/1.1" 200 27
180.169.147.146 - - [13/Mar/2021:10:02:17 +0800] "GET /xingrg/all/function/internal_message.html?_=1615600931775&CODE_STATE=getMsg HTTP/1.1" 200 27
116.224.253.72 - - [13/Mar/2021:10:02:20 +0800] "GET /xingrg/check_reg.html?_=1615600896845 HTTP/1.1" 200 22
116.224.253.72 - - [13/Mar/2021:10:02:21 +0800] "GET /xingrg/all/function/internal_message.html?_=1615600897198&CODE_STATE=getMsg HTTP/1.1" 200 27
61.165.42.208 - - [13/Mar/2021:10:02:21 +0800] "GET /xingrg/all/function/internal_message.html?_=1615600941892&CODE_STATE=getMsg HTTP/1.1" 200 27
180.174.195.252 - - [13/Mar/2021:10:02:22 +0800] "GET /xingrg/check_reg.html?_=1615601203012 HTTP/1.1" 200 22
180.174.195.252 - - [13/Mar/2021:10:02:24 +0800] "GET /xingrg/all/function/internal_message.html?_=1615601204345&CODE_STATE=getMsg HTTP/1.1" 200 27
116.235.216.75 - - [13/Mar/2021:10:02:25 +0800] "POST /xingrg/kc/mdqp/pssh_list_operate.html HTTP/1.1" 200 3391
114.88.166.193 - - [13/Mar/2021:10:02:25 +0800] "GET /xingrg/all/function/internal_message.html?_=1615601177603&CODE_STATE=getMsg HTTP/1.1" 302 -
114.88.166.193 - - [13/Mar/2021:10:02:25 +0800] "GET /xingrg/check_reg.html?_=1615601177600 HTTP/1.1" 302 -
116.235.216.75 - - [13/Mar/2021:10:02:29 +0800] "POST /xingrg/kc/mdqp/pssh_list_operate.html HTTP/1.1" 200 816
58.40.7.146 - - [13/Mar/2021:10:02:30 +0800] "POST /xingrg/services/DataTransmitService HTTP/1.1" 200 524
101.228.165.174 - - [13/Mar/2021:10:02:30 +0800] "GET /xingrg/all/function/internal_message.html?_=1615600985310&CODE_STATE=getMsg HTTP/1.1" 200 27
222.70.209.13 - - [13/Mar/2021:10:02:31 +0800] "GET /xingrg/all/function/internal_message.html?_=1615600942952&CODE_STATE=getMsg HTTP/1.1" 200 27
116.235.216.75 - - [13/Mar/2021:10:02:32 +0800] "POST /xingrg/kc/mdqp/pssh_list_operate.html HTTP/1.1" 200 3391
116.235.216.75 - - [13/Mar/2021:10:02:32 +0800] "GET /xingrg/kc/mdqp/pssh_order_info.html?code=312020120300084 HTTP/1.1" 200 14388
116.235.216.75 - - [13/Mar/2021:10:02:32 +0800] "GET /xingrg/javascript/jquery_tools/jquery-1.4.2.min.js HTTP/1.1" 404 1094
222.70.216.222 - - [13/Mar/2021:10:02:33 +0800] "GET /xingrg/all/function/internal_message.html?_=1615600948338&CODE_STATE=getMsg HTTP/1.1" 200 27
116.235.216.75 - - [13/Mar/2021:10:02:33 +0800] "GET /xingrg/javascript/easyui/themes/default/validatebox.css HTTP/1.1" 404 1104
116.235.216.75 - - [13/Mar/2021:10:02:33 +0800] "POST /xingrg/kc/mdqp/pssh_order_operate.html HTTP/1.1" 200 4312
116.235.216.75 - - [13/Mar/2021:10:02:33 +0800] "GET /xingrg/all/function/internal_message.html?_=1615600945941&CODE_STATE=getMsg HTTP/1.1" 200 27
101.228.165.174 - - [13/Mar/2021:10:02:36 +0800] "GET /xingrg/all/function/internal_message.html?_=1615600991347&CODE_STATE=getMsg HTTP/1.1" 200 27
58.37.230.33 - - [13/Mar/2021:10:02:38 +0800] "GET /xingrg/all/function/internal_message.html?_=1615600960933&CODE_STATE=getMsg HTTP/1.1" 200 27
114.86.228.221 - - [13/Mar/2021:10:02:38 +0800] "GET /xingrg/all/function/internal_message.html?_=1615600956641&CODE_STATE=getMsg HTTP/1.1" 200 27
114.86.228.221 - - [13/Mar/2021:10:02:38 +0800] "GET /xingrg/check_reg.html?_=1615600956642 HTTP/1.1" 200 22
116.235.216.75 - - [13/Mar/2021:10:02:40 +0800] "POST /xingrg/kc/mdqp/pssh_list_operate.html HTTP/1.1" 200 3391
116.235.216.75 - - [13/Mar/2021:10:02:41 +0800] "POST /xingrg/kc/mdqp/pssh_list_operate.html HTTP/1.1" 200 805
116.235.216.75 - - [13/Mar/2021:10:02:43 +0800] "GET /xingrg/kc/mdqp/pssh_order_info.html?code=312020120800209 HTTP/1.1" 200 14388
116.235.216.75 - - [13/Mar/2021:10:02:43 +0800] "POST /xingrg/kc/mdqp/pssh_list_operate.html HTTP/1.1" 200 3391
116.235.216.75 - - [13/Mar/2021:10:02:43 +0800] "GET /xingrg/javascript/jquery_tools/jquery-1.4.2.min.js HTTP/1.1" 404 1094
116.235.216.75 - - [13/Mar/2021:10:02:43 +0800] "GET /xingrg/javascript/easyui/themes/default/validatebox.css HTTP/1.1" 404 1104
116.235.216.75 - - [13/Mar/2021:10:02:43 +0800] "POST /xingrg/kc/mdqp/pssh_order_operate.html HTTP/1.1" 200 5932
58.40.7.146 - - [13/Mar/2021:10:02:44 +0800] "GET /xingrg/all/function/internal_message.html?_=1615600960634&CODE_STATE=getMsg HTTP/1.1" 200 27
101.228.165.174 - - [13/Mar/2021:10:02:47 +0800] "GET /xingrg/all/function/internal_message.html?_=1615600952877&CODE_STATE=getMsg HTTP/1.1" 302 -
116.235.216.75 - - [13/Mar/2021:10:02:48 +0800] "POST /xingrg/kc/mdqp/pssh_list_operate.html HTTP/1.1" 200 3391
116.235.216.75 - - [13/Mar/2021:10:02:49 +0800] "POST /xingrg/kc/mdqp/pssh_list_operate.html HTTP/1.1" 200 814
116.235.216.75 - - [13/Mar/2021:10:02:51 +0800] "GET /xingrg/kc/mdqp/pssh_order_info.html?code=312020121300329 HTTP/1.1" 200 14388
116.235.216.75 - - [13/Mar/2021:10:02:51 +0800] "POST /xingrg/kc/mdqp/pssh_list_operate.html HTTP/1.1" 200 3391
116.235.216.75 - - [13/Mar/2021:10:02:51 +0800] "GET /xingrg/javascript/jquery_tools/jquery-1.4.2.min.js HTTP/1.1" 404 1094
116.235.216.75 - - [13/Mar/2021:10:02:51 +0800] "GET /xingrg/javascript/easyui/themes/default/validatebox.css HTTP/1.1" 404 1104
116.235.216.75 - - [13/Mar/2021:10:02:51 +0800] "POST /xingrg/kc/mdqp/pssh_order_operate.html HTTP/1.1" 200 6956
114.88.166.193 - - [13/Mar/2021:10:02:52 +0800] "GET /xingrg/kc/buy/cgsh_order_operate.html?command=get_materiel&rest_code=00111&code=00101008356&supplier_code=00100005&order_time=2021-03-13 HTTP/1.1" 200 408
116.235.216.75 - - [13/Mar/2021:10:02:54 +0800] "POST /xingrg/kc/mdqp/pssh_list_operate.html HTTP/1.1" 200 3391
116.235.216.75 - - [13/Mar/2021:10:02:56 +0800] "POST /xingrg/kc/mdqp/pssh_list_operate.html HTTP/1.1" 200 803
180.169.147.146 - - [13/Mar/2021:10:02:56 +0800] "GET /xingrg/check_reg.html?_=1615600972742 HTTP/1.1" 200 22
180.169.147.146 - - [13/Mar/2021:10:02:56 +0800] "GET /xingrg/all/function/internal_message.html?_=1615600972744&CODE_STATE=getMsg HTTP/1.1" 200 27
116.235.216.75 - - [13/Mar/2021:10:02:57 +0800] "POST /xingrg/kc/mdqp/pssh_list_operate.html HTTP/1.1" 200 3391
116.235.216.75 - - [13/Mar/2021:10:02:57 +0800] "GET /xingrg/kc/mdqp/pssh_order_info.html?code=312020121800463 HTTP/1.1" 200 14388
116.235.216.75 - - [13/Mar/2021:10:02:57 +0800] "GET /xingrg/javascript/jquery_tools/jquery-1.4.2.min.js HTTP/1.1" 404 1094
116.235.216.75 - - [13/Mar/2021:10:02:58 +0800] "POST /xingrg/kc/mdqp/pssh_order_operate.html HTTP/1.1" 200 5394
116.235.216.75 - - [13/Mar/2021:10:02:58 +0800] "GET /xingrg/javascript/easyui/themes/default/validatebox.css HTTP/1.1" 404 1104
101.228.165.174 - - [13/Mar/2021:10:03:00 +0800] "GET /xingrg/all/function/internal_message.html?_=1615600966086&CODE_STATE=getMsg HTTP/1.1" 302 -
116.235.216.75 - - [13/Mar/2021:10:03:01 +0800] "POST /xingrg/kc/mdqp/pssh_list_operate.html HTTP/1.1" 200 3391
114.88.166.193 - - [13/Mar/2021:10:03:01 +0800] "GET /xingrg/all/function/internal_message.html?_=1615600977901&CODE_STATE=getMsg HTTP/1.1" 200 27
116.235.216.75 - - [13/Mar/2021:10:03:02 +0800] "POST /xingrg/kc/mdqp/pssh_list_operate.html HTTP/1.1" 200 796
116.235.216.75 - - [13/Mar/2021:10:03:03 +0800] "POST /xingrg/kc/mdqp/pssh_list_operate.html HTTP/1.1" 200 3391
116.235.216.75 - - [13/Mar/2021:10:03:03 +0800] "GET /xingrg/kc/mdqp/pssh_order_info.html?code=312020122300621 HTTP/1.1" 200 14388
116.235.216.75 - - [13/Mar/2021:10:03:04 +0800] "GET /xingrg/javascript/jquery_tools/jquery-1.4.2.min.js HTTP/1.1" 404 1094
116.235.216.75 - - [13/Mar/2021:10:03:04 +0800] "GET /xingrg/javascript/easyui/themes/default/validatebox.css HTTP/1.1" 404 1104
116.235.216.75 - - [13/Mar/2021:10:03:04 +0800] "POST /xingrg/kc/mdqp/pssh_order_operate.html HTTP/1.1" 200 3230
58.37.230.33 - - [13/Mar/2021:10:03:05 +0800] "GET /xingrg/check_reg.html?_=1615600987551 HTTP/1.1" 200 22
61.165.42.208 - - [13/Mar/2021:10:03:06 +0800] "GET /xingrg/all/function/internal_message.html?_=1615600966510&CODE_STATE=getMsg HTTP/1.1" 200 27
116.235.216.75 - - [13/Mar/2021:10:03:06 +0800] "POST /xingrg/kc/mdqp/pssh_list_operate.html HTTP/1.1" 200 3391
116.235.216.75 - - [13/Mar/2021:10:03:07 +0800] "POST /xingrg/kc/mdqp/pssh_list_operate.html HTTP/1.1" 200 812
114.88.166.193 - - [13/Mar/2021:10:03:08 +0800] "GET /xingrg/kc/buy/cgsh_order_operate.html?command=get_materiel&rest_code=00111&code=00101008137&supplier_code=00100005&order_time=2021-03-13 HTTP/1.1" 200 408
116.235.216.75 - - [13/Mar/2021:10:03:09 +0800] "POST /xingrg/kc/mdqp/pssh_list_operate.html HTTP/1.1" 200 3391
116.235.216.75 - - [13/Mar/2021:10:03:09 +0800] "GET /xingrg/kc/mdqp/pssh_order_info.html?code=312020122800774 HTTP/1.1" 200 14388
116.235.216.75 - - [13/Mar/2021:10:03:09 +0800] "GET /xingrg/javascript/jquery_tools/jquery-1.4.2.min.js HTTP/1.1" 404 1094
116.235.216.75 - - [13/Mar/2021:10:03:10 +0800] "GET /xingrg/javascript/easyui/themes/default/validatebox.css HTTP/1.1" 404 1104
116.235.216.75 - - [13/Mar/2021:10:03:10 +0800] "POST /xingrg/kc/mdqp/pssh_order_operate.html HTTP/1.1" 200 4856
116.235.216.75 - - [13/Mar/2021:10:03:15 +0800] "POST /xingrg/kc/mdqp/pssh_list_operate.html HTTP/1.1" 200 3391
114.88.166.193 - - [13/Mar/2021:10:03:15 +0800] "GET /xingrg/kc/buy/cgsh_order_operate.html?command=get_materiel&rest_code=00111&code=00101008360&supplier_code=00100005&order_time=2021-03-13 HTTP/1.1" 200 413
222.70.216.222 - - [13/Mar/2021:10:03:17 +0800] "GET /xingrg/all/function/internal_message.html?_=1615600992572&CODE_STATE=getMsg HTTP/1.1" 200 27
180.169.147.146 - - [13/Mar/2021:10:03:17 +0800] "GET /xingrg/all/function/internal_message.html?_=1615600991761&CODE_STATE=getMsg HTTP/1.1" 200 27
116.224.253.72 - - [13/Mar/2021:10:03:21 +0800] "GET /xingrg/all/function/internal_message.html?_=1615600957212&CODE_STATE=getMsg HTTP/1.1" 200 27
61.165.42.208 - - [13/Mar/2021:10:03:21 +0800] "GET /xingrg/all/function/internal_message.html?_=1615601001867&CODE_STATE=getMsg HTTP/1.1" 200 27
180.174.195.252 - - [13/Mar/2021:10:03:24 +0800] "GET /xingrg/all/function/internal_message.html?_=1615601264359&CODE_STATE=getMsg HTTP/1.1" 200 27
114.88.166.193 - - [13/Mar/2021:10:03:25 +0800] "GET /xingrg/all/function/internal_message.html?_=1615601237603&CODE_STATE=getMsg HTTP/1.1" 302 -
114.88.166.193 - - [13/Mar/2021:10:03:25 +0800] "GET /xingrg/kc/buy/cgsh_order_operate.html?command=get_materiel&rest_code=00111&code=00101008270&supplier_code=00100005&order_time=2021-03-13 HTTP/1.1" 200 412
101.228.165.174 - - [13/Mar/2021:10:03:30 +0800] "GET /xingrg/all/function/internal_message.html?_=1615601045354&CODE_STATE=getMsg HTTP/1.1" 200 27
116.235.216.75 - - [13/Mar/2021:10:03:31 +0800] "POST /xingrg/kc/mdqp/pssh_list_operate.html HTTP/1.1" 200 3742
222.70.209.13 - - [13/Mar/2021:10:03:31 +0800] "GET /xingrg/all/function/internal_message.html?_=1615601002986&CODE_STATE=getMsg HTTP/1.1" 200 27
116.235.216.75 - - [13/Mar/2021:10:03:32 +0800] "POST /xingrg/kc/mdqp/pssh_list_operate.html HTTP/1.1" 200 676
114.88.166.193 - - [13/Mar/2021:10:03:33 +0800] "GET /xingrg/kc/buy/cgsh_order_operate.html?command=get_materiel&rest_code=00111&code=00101008196&supplier_code=00100005&order_time=2021-03-13 HTTP/1.1" 200 416
222.70.216.222 - - [13/Mar/2021:10:03:33 +0800] "GET /xingrg/all/function/internal_message.html?_=1615601008342&CODE_STATE=getMsg HTTP/1.1" 200 27
116.235.216.75 - - [13/Mar/2021:10:03:33 +0800] "GET /xingrg/all/function/internal_message.html?_=1615601005916&CODE_STATE=getMsg HTTP/1.1" 200 27
116.235.216.75 - - [13/Mar/2021:10:03:34 +0800] "POST /xingrg/kc/mdqp/pssh_list_operate.html HTTP/1.1" 200 799
114.88.166.193 - - [13/Mar/2021:10:03:35 +0800] "POST /xingrg/kc/buy/cgsh_order_operate.html HTTP/1.1" 200 2065
116.235.216.75 - - [13/Mar/2021:10:03:36 +0800] "POST /xingrg/kc/mdqp/pssh_list_operate.html HTTP/1.1" 200 3742
116.235.216.75 - - [13/Mar/2021:10:03:36 +0800] "GET /xingrg/kc/mdqp/pssh_order_info.html?code=312020112300623 HTTP/1.1" 200 14388
116.235.216.75 - - [13/Mar/2021:10:03:36 +0800] "GET /xingrg/javascript/jquery_tools/jquery-1.4.2.min.js HTTP/1.1" 404 1094
101.228.165.174 - - [13/Mar/2021:10:03:36 +0800] "GET /xingrg/all/function/internal_message.html?_=1615601051371&CODE_STATE=getMsg HTTP/1.1" 200 27
116.235.216.75 - - [13/Mar/2021:10:03:37 +0800] "GET /xingrg/javascript/easyui/themes/default/validatebox.css HTTP/1.1" 404 1104
116.235.216.75 - - [13/Mar/2021:10:03:37 +0800] "POST /xingrg/kc/mdqp/pssh_order_operate.html HTTP/1.1" 200 9749
58.37.230.33 - - [13/Mar/2021:10:03:38 +0800] "GET /xingrg/all/function/internal_message.html?_=1615601020912&CODE_STATE=getMsg HTTP/1.1" 200 27
114.86.228.221 - - [13/Mar/2021:10:03:38 +0800] "GET /xingrg/all/function/internal_message.html?_=1615601016649&CODE_STATE=getMsg HTTP/1.1" 200 27
114.88.166.193 - - [13/Mar/2021:10:03:41 +0800] "GET /xingrg/kc/buy/cgsh_order_operate.html?command=get_materiel&rest_code=00111&code=00101008357&supplier_code=00100005&order_time=2021-03-13 HTTP/1.1" 200 408
116.235.216.75 - - [13/Mar/2021:10:03:43 +0800] "POST /xingrg/kc/mdqp/pssh_list_operate.html HTTP/1.1" 200 3742
101.91.60.105 - - [13/Mar/2021:10:03:43 +0800] "GET /xingrg/all/function/internal_message.html?_=1615600960933&CODE_STATE=getMsg HTTP/1.1" 302 -
116.235.216.75 - - [13/Mar/2021:10:03:44 +0800] "POST /xingrg/kc/mdqp/pssh_list_operate.html HTTP/1.1" 200 774
58.40.7.146 - - [13/Mar/2021:10:03:44 +0800] "GET /xingrg/all/function/internal_message.html?_=1615601020637&CODE_STATE=getMsg HTTP/1.1" 200 27
