61.165.42.208 - - [13/Mar/2021:08:39:12 +0800] "POST /xingrg/kc/buy/cgsh_order_operate.html HTTP/1.1" 200 2065
61.165.42.208 - - [13/Mar/2021:08:39:14 +0800] "POST /xingrg/kc/buy/cgsh_order_operate.html HTTP/1.1" 200 2065
222.70.216.222 - - [13/Mar/2021:08:39:17 +0800] "GET /xingrg/check_reg.html?_=1615595952574 HTTP/1.1" 200 22
222.70.216.222 - - [13/Mar/2021:08:39:17 +0800] "GET /xingrg/all/function/internal_message.html?_=1615595952575&CODE_STATE=getMsg HTTP/1.1" 200 27
61.165.42.208 - - [13/Mar/2021:08:39:22 +0800] "GET /xingrg/all/function/internal_message.html?_=1615595963118&CODE_STATE=getMsg HTTP/1.1" 200 27
61.165.42.208 - - [13/Mar/2021:08:39:22 +0800] "GET /xingrg/kc/buy/cgsh_order_operate.html?command=get_materiel&rest_code=00105&code=00101008197&supplier_code=00100203&order_time=2021-03-13 HTTP/1.1" 200 416
116.224.253.72 - - [13/Mar/2021:08:39:27 +0800] "GET /xingrg/all/function/internal_message.html?_=1615595969823&CODE_STATE=getMsg HTTP/1.1" 200 27
101.228.165.174 - - [13/Mar/2021:08:39:28 +0800] "GET /xingrg/all/function/internal_message.html?_=1615596003417&CODE_STATE=getMsg HTTP/1.1" 200 27
222.70.209.13 - - [13/Mar/2021:08:39:30 +0800] "GET /xingrg/all/function/internal_message.html?_=1615595961310&CODE_STATE=getMsg HTTP/1.1" 200 27
61.165.42.208 - - [13/Mar/2021:08:39:31 +0800] "GET /xingrg/kc/buy/cgsh_order_operate.html?command=get_materiel&rest_code=00105&code=00101008357&supplier_code=00100203&order_time=2021-03-13 HTTP/1.1" 200 408
222.70.216.222 - - [13/Mar/2021:08:39:32 +0800] "GET /xingrg/all/function/internal_message.html?_=1615595968343&CODE_STATE=getMsg HTTP/1.1" 200 27
58.37.230.33 - - [13/Mar/2021:08:39:40 +0800] "GET /xingrg/all/function/internal_message.html?_=1615595982748&CODE_STATE=getMsg HTTP/1.1" 200 27
61.165.42.208 - - [13/Mar/2021:08:39:41 +0800] "GET /xingrg/kc/buy/cgsh_order_operate.html?command=get_materiel&rest_code=00105&code=00101008069&supplier_code=00100203&order_time=2021-03-13 HTTP/1.1" 200 412
101.228.165.174 - - [13/Mar/2021:08:39:43 +0800] "GET /xingrg/all/function/internal_message.html?_=1615595968913&CODE_STATE=getMsg HTTP/1.1" 200 27
58.40.7.146 - - [13/Mar/2021:08:39:44 +0800] "GET /xingrg/all/function/internal_message.html?_=1615595980573&CODE_STATE=getMsg HTTP/1.1" 200 27
116.224.253.72 - - [13/Mar/2021:08:39:44 +0800] "GET /xingrg/check_reg.html?_=1615595941225 HTTP/1.1" 200 22
116.224.253.72 - - [13/Mar/2021:08:39:45 +0800] "GET /xingrg/all/function/internal_message.html?_=1615595941639&CODE_STATE=getMsg HTTP/1.1" 200 27
61.165.42.208 - - [13/Mar/2021:08:39:50 +0800] "GET /xingrg/kc/buy/cgsh_order_operate.html?command=get_materiel&rest_code=00105&code=00101008036&supplier_code=00100203&order_time=2021-03-13 HTTP/1.1" 200 408
180.169.147.146 - - [13/Mar/2021:08:39:56 +0800] "GET /xingrg/all/function/internal_message.html?_=1615595992642&CODE_STATE=getMsg HTTP/1.1" 200 27
61.165.42.208 - - [13/Mar/2021:08:39:58 +0800] "GET /xingrg/kc/buy/cgsh_order_operate.html?command=get_materiel&rest_code=00105&code=00101008286&supplier_code=00100203&order_time=2021-03-13 HTTP/1.1" 200 408
101.228.165.174 - - [13/Mar/2021:08:39:59 +0800] "GET /xingrg/all/function/internal_message.html?_=1615595984804&CODE_STATE=getMsg HTTP/1.1" 200 27
61.165.42.208 - - [13/Mar/2021:08:40:05 +0800] "GET /xingrg/kc/buy/cgsh_order_operate.html?command=get_materiel&rest_code=00105&code=00101008131&supplier_code=00100203&order_time=2021-03-13 HTTP/1.1" 200 408
61.165.42.208 - - [13/Mar/2021:08:40:13 +0800] "GET /xingrg/kc/buy/cgsh_order_operate.html?command=get_materiel&rest_code=00105&code=00101008108&supplier_code=00100203&order_time=2021-03-13 HTTP/1.1" 200 412
222.70.216.222 - - [13/Mar/2021:08:40:17 +0800] "GET /xingrg/all/function/internal_message.html?_=1615596012577&CODE_STATE=getMsg HTTP/1.1" 200 27
116.235.216.75 - - [13/Mar/2021:08:40:22 +0800] "GET /xingrg/login.html HTTP/1.1" 200 7641
61.165.42.208 - - [13/Mar/2021:08:40:22 +0800] "GET /xingrg/all/function/internal_message.html?_=1615596023114&CODE_STATE=getMsg HTTP/1.1" 200 27
61.165.42.208 - - [13/Mar/2021:08:40:23 +0800] "GET /xingrg/kc/buy/cgsh_order_operate.html?command=get_materiel&rest_code=00105&code=00101008352&supplier_code=00100203&order_time=2021-03-13 HTTP/1.1" 200 412
116.235.216.75 - - [13/Mar/2021:08:40:25 +0800] "GET /favicon.ico HTTP/1.1" 404 -
116.224.253.72 - - [13/Mar/2021:08:40:27 +0800] "GET /xingrg/all/function/internal_message.html?_=1615596029825&CODE_STATE=getMsg HTTP/1.1" 200 27
116.235.216.75 - - [13/Mar/2021:08:40:28 +0800] "POST /xingrg/login.do HTTP/1.1" 302 -
116.235.216.75 - - [13/Mar/2021:08:40:28 +0800] "GET /xingrg/index.html?sysBaseUrl=http%3A%2F%2F180.169.147.146%3A18081%2Fxingrg%2F&costTime=39×tamp=1615596028570 HTTP/1.1" 200 17179
101.228.165.174 - - [13/Mar/2021:08:40:28 +0800] "GET /xingrg/all/function/internal_message.html?_=1615596063431&CODE_STATE=getMsg HTTP/1.1" 200 27
222.70.209.13 - - [13/Mar/2021:08:40:30 +0800] "GET /xingrg/all/function/internal_message.html?_=1615596021324&CODE_STATE=getMsg HTTP/1.1" 200 27
116.235.216.75 - - [13/Mar/2021:08:40:30 +0800] "GET /favicon.ico HTTP/1.1" 404 -
61.165.42.208 - - [13/Mar/2021:08:40:31 +0800] "GET /xingrg/kc/buy/cgsh_order_operate.html?command=get_materiel&rest_code=00105&code=00101008005&supplier_code=00100203&order_time=2021-03-13 HTTP/1.1" 200 412
116.235.216.75 - - [13/Mar/2021:08:40:32 +0800] "POST /xingrg/all/common/load_tree.html?tree=area_rest_tree_json&manage=1 HTTP/1.1" 200 476
222.70.216.222 - - [13/Mar/2021:08:40:32 +0800] "GET /xingrg/all/function/internal_message.html?_=1615596028345&CODE_STATE=getMsg HTTP/1.1" 200 27
116.235.216.75 - - [13/Mar/2021:08:40:33 +0800] "GET /xingrg/all/function/internal_message.html?_=1615596025715&CODE_STATE=count HTTP/1.1" 200 11
116.235.216.75 - - [13/Mar/2021:08:40:33 +0800] "GET /xingrg/check_reg.html?_=1615596025736 HTTP/1.1" 200 22
116.235.216.75 - - [13/Mar/2021:08:40:33 +0800] "POST /xingrg/load_menu.html HTTP/1.1" 200 5138
61.165.42.208 - - [13/Mar/2021:08:40:38 +0800] "GET /xingrg/kc/buy/cgsh_order_operate.html?command=get_materiel&rest_code=00105&code=00101008353&supplier_code=00100203&order_time=2021-03-13 HTTP/1.1" 200 408
101.228.165.174 - - [13/Mar/2021:08:40:39 +0800] "GET /xingrg/check_reg.html?_=1615596024618 HTTP/1.1" 200 22
58.37.230.33 - - [13/Mar/2021:08:40:40 +0800] "GET /xingrg/all/function/internal_message.html?_=1615596042724&CODE_STATE=getMsg HTTP/1.1" 200 27
61.129.6.251 - - [13/Mar/2021:08:40:41 +0800] "GET /xingrg/all/function/internal_message.html?_=1615595982748&CODE_STATE=getMsg HTTP/1.1" 302 -
61.129.6.251 - - [13/Mar/2021:08:40:42 +0800] "GET /xingrg/login.html HTTP/1.1" 200 7641
101.228.165.174 - - [13/Mar/2021:08:40:43 +0800] "GET /xingrg/all/function/internal_message.html?_=1615596028924&CODE_STATE=getMsg HTTP/1.1" 200 27
58.40.7.146 - - [13/Mar/2021:08:40:44 +0800] "GET /xingrg/all/function/internal_message.html?_=1615596040578&CODE_STATE=getMsg HTTP/1.1" 200 27
58.40.7.146 - - [13/Mar/2021:08:40:44 +0800] "GET /xingrg/check_reg.html?_=1615596040580 HTTP/1.1" 200 22
116.224.253.72 - - [13/Mar/2021:08:40:45 +0800] "GET /xingrg/all/function/internal_message.html?_=1615596001653&CODE_STATE=getMsg HTTP/1.1" 200 27
61.165.42.208 - - [13/Mar/2021:08:40:49 +0800] "GET /xingrg/kc/buy/cgsh_order_operate.html?command=get_materiel&rest_code=00105&code=00101008213&supplier_code=00100203&order_time=2021-03-13 HTTP/1.1" 200 412
101.228.165.174 - - [13/Mar/2021:08:40:49 +0800] "GET /xingrg/check_reg.html?_=1615596034498 HTTP/1.1" 200 22
117.184.7.30 - - [13/Mar/2021:08:40:51 +0800] "GET /xingrg/check_reg.html?_=1615596036927 HTTP/1.1" 200 22
61.165.42.208 - - [13/Mar/2021:08:40:55 +0800] "GET /xingrg/kc/buy/cgsh_order_operate.html?command=get_materiel&rest_code=00105&code=00101008105&supplier_code=00100203&order_time=2021-03-13 HTTP/1.1" 200 413
180.169.147.146 - - [13/Mar/2021:08:40:56 +0800] "GET /xingrg/all/function/internal_message.html?_=1615596052642&CODE_STATE=getMsg HTTP/1.1" 200 27
101.228.165.174 - - [13/Mar/2021:08:40:59 +0800] "GET /xingrg/all/function/internal_message.html?_=1615596044820&CODE_STATE=getMsg HTTP/1.1" 200 27
61.165.42.208 - - [13/Mar/2021:08:41:00 +0800] "GET /xingrg/kc/buy/cgsh_order_operate.html?command=get_materiel&rest_code=00105&code=00101010642&supplier_code=00100203&order_time=2021-03-13 HTTP/1.1" 200 395
116.235.216.75 - - [13/Mar/2021:08:41:00 +0800] "GET /xingrg/kc/buy/buy_main.html HTTP/1.1" 200 12412
116.235.216.75 - - [13/Mar/2021:08:41:00 +0800] "GET /xingrg/css/new_ie.css HTTP/1.1" 404 1036
116.235.216.75 - - [13/Mar/2021:08:41:02 +0800] "GET /xingrg/images/yd/bt.gif HTTP/1.1" 404 1040
116.235.216.75 - - [13/Mar/2021:08:41:03 +0800] "GET /xingrg/kc/buy/cgsh_order_list.html HTTP/1.1" 200 46372
222.69.137.14 - - [13/Mar/2021:08:41:03 +0800] "GET /xingrg/login.html?sysBaseUrl=http%3A%2F%2F180.169.147.146%3A18081%2Fxingrg%2F&costTime=31×tamp=1615347190560 HTTP/1.1" 200 7641
222.69.137.14 - - [13/Mar/2021:08:41:04 +0800] "GET /favicon.ico HTTP/1.1" 404 -
61.165.42.208 - - [13/Mar/2021:08:41:05 +0800] "GET /xingrg/kc/buy/cgsh_order_operate.html?command=get_materiel&rest_code=00105&code=00101008119&supplier_code=00100203&order_time=2021-03-13 HTTP/1.1" 200 413
116.235.216.75 - - [13/Mar/2021:08:41:06 +0800] "POST /xingrg/kc/buy/cgsh_list_operate.html HTTP/1.1" 200 876
222.69.137.14 - - [13/Mar/2021:08:41:07 +0800] "POST /xingrg/login.do HTTP/1.1" 302 -
222.69.137.14 - - [13/Mar/2021:08:41:07 +0800] "GET /xingrg/index.html?sysBaseUrl=http%3A%2F%2F180.169.147.146%3A18081%2Fxingrg%2F&costTime=52×tamp=1615596067612 HTTP/1.1" 200 17179
222.69.137.14 - - [13/Mar/2021:08:41:07 +0800] "GET /favicon.ico HTTP/1.1" 404 -
222.69.137.14 - - [13/Mar/2021:08:41:07 +0800] "POST /xingrg/all/common/load_tree.html?tree=area_rest_tree_json&manage=1 HTTP/1.1" 200 351
222.69.137.14 - - [13/Mar/2021:08:41:07 +0800] "GET /xingrg/check_reg.html?_=1615596060908 HTTP/1.1" 200 22
222.69.137.14 - - [13/Mar/2021:08:41:07 +0800] "GET /xingrg/all/function/internal_message.html?_=1615596060907&CODE_STATE=count HTTP/1.1" 200 11
222.69.137.14 - - [13/Mar/2021:08:41:07 +0800] "POST /xingrg/load_menu.html HTTP/1.1" 200 5138
61.165.42.208 - - [13/Mar/2021:08:41:07 +0800] "POST /xingrg/kc/buy/cgsh_order_operate.html HTTP/1.1" 200 2065
116.235.216.75 - - [13/Mar/2021:08:41:08 +0800] "GET /xingrg/kc/buy/cgsh_order_add.html HTTP/1.1" 200 62192
116.235.216.75 - - [13/Mar/2021:08:41:08 +0800] "GET /xingrg/words/20210312120648_words.js HTTP/1.1" 304 -
116.235.216.75 - - [13/Mar/2021:08:41:08 +0800] "GET /xingrg/all/common/auto_word.html?type=employee&rest_code=00107 HTTP/1.1" 200 151
116.235.216.75 - - [13/Mar/2021:08:41:09 +0800] "GET /xingrg/all/common/auto_word.html?type=employee&rest_code=00107 HTTP/1.1" 200 151
116.235.216.75 - - [13/Mar/2021:08:41:09 +0800] "GET /xingrg/javascript/easyui/themes/default/validatebox.css HTTP/1.1" 404 1104
116.235.216.75 - - [13/Mar/2021:08:41:09 +0800] "POST /xingrg/kc/buy/cgsh_order_operate.html HTTP/1.1" 200 8245
61.165.42.208 - - [13/Mar/2021:08:41:09 +0800] "POST /xingrg/kc/buy/cgsh_order_operate.html HTTP/1.1" 200 2065
116.235.216.75 - - [13/Mar/2021:08:41:13 +0800] "GET /xingrg/javascript/easyui/themes/default/tree.css HTTP/1.1" 404 1090
116.235.216.75 - - [13/Mar/2021:08:41:13 +0800] "POST /xingrg/all/common/load_tree.html?tree=supplier_tree_json&isDelete=1 HTTP/1.1" 200 54827
222.70.216.222 - - [13/Mar/2021:08:41:17 +0800] "GET /xingrg/all/function/internal_message.html?_=1615596072563&CODE_STATE=getMsg HTTP/1.1" 200 27
61.165.42.208 - - [13/Mar/2021:08:41:18 +0800] "GET /xingrg/kc/buy/cgsh_order_operate.html?command=get_materiel&rest_code=00105&code=00101008365&supplier_code=00100203&order_time=2021-03-13 HTTP/1.1" 200 432
222.69.137.14 - - [13/Mar/2021:08:41:20 +0800] "GET /xingrg/kc/buy/cgsh_order_list.html HTTP/1.1" 200 46372
222.69.137.14 - - [13/Mar/2021:08:41:22 +0800] "POST /xingrg/kc/buy/cgsh_list_operate.html HTTP/1.1" 200 876
61.165.42.208 - - [13/Mar/2021:08:41:22 +0800] "GET /xingrg/check_reg.html?_=1615596083197 HTTP/1.1" 200 22
61.165.42.208 - - [13/Mar/2021:08:41:22 +0800] "GET /xingrg/all/function/internal_message.html?_=1615596083198&CODE_STATE=getMsg HTTP/1.1" 200 27
222.69.137.14 - - [13/Mar/2021:08:41:24 +0800] "GET /xingrg/kc/buy/cgsh_order_add.html HTTP/1.1" 200 62157
222.69.137.14 - - [13/Mar/2021:08:41:24 +0800] "GET /xingrg/words/20210312120648_words.js HTTP/1.1" 304 -
222.69.137.14 - - [13/Mar/2021:08:41:24 +0800] "POST /xingrg/kc/buy/cgsh_order_operate.html HTTP/1.1" 200 8245
222.69.137.14 - - [13/Mar/2021:08:41:24 +0800] "GET /xingrg/javascript/easyui/themes/default/validatebox.css HTTP/1.1" 404 1104
222.69.137.14 - - [13/Mar/2021:08:41:24 +0800] "GET /xingrg/all/common/auto_word.html?type=employee&rest_code=00149 HTTP/1.1" 200 197
222.69.137.14 - - [13/Mar/2021:08:41:24 +0800] "GET /xingrg/all/common/auto_word.html?type=employee&rest_code=00149 HTTP/1.1" 200 197
61.165.42.208 - - [13/Mar/2021:08:41:25 +0800] "GET /xingrg/index.html?sysBaseUrl=http%3A%2F%2F180.169.147.146%3A18081%2Fxingrg%2F&costTime=32×tamp=1585224308505 HTTP/1.1" 302 -
61.165.42.208 - - [13/Mar/2021:08:41:26 +0800] "GET /xingrg/login.html HTTP/1.1" 200 7641
116.224.253.72 - - [13/Mar/2021:08:41:27 +0800] "GET /xingrg/all/function/internal_message.html?_=1615596089823&CODE_STATE=getMsg HTTP/1.1" 200 27
116.224.253.72 - - [13/Mar/2021:08:41:27 +0800] "GET /xingrg/check_reg.html?_=1615596089825 HTTP/1.1" 200 22
101.228.165.174 - - [13/Mar/2021:08:41:28 +0800] "GET /xingrg/all/function/internal_message.html?_=1615596123471&CODE_STATE=getMsg HTTP/1.1" 200 27
61.165.42.208 - - [13/Mar/2021:08:41:29 +0800] "GET /xingrg/kc/buy/cgsh_order_operate.html?command=get_materiel&rest_code=00105&code=00101008330&supplier_code=00100203&order_time=2021-03-13 HTTP/1.1" 200 408
116.235.216.75 - - [13/Mar/2021:08:41:29 +0800] "GET /xingrg/javascript/auto/indicator.gif HTTP/1.1" 404 1066
222.70.209.13 - - [13/Mar/2021:08:41:30 +0800] "GET /xingrg/all/function/internal_message.html?_=1615596081358&CODE_STATE=getMsg HTTP/1.1" 200 27
116.235.216.75 - - [13/Mar/2021:08:41:32 +0800] "GET /xingrg/kc/buy/cgsh_order_operate.html?command=get_materiel&rest_code=00107&code=00101002022&supplier_code=00100199&order_time=2021-03-13 HTTP/1.1" 200 429
222.70.216.222 - - [13/Mar/2021:08:41:32 +0800] "GET /xingrg/check_reg.html?_=1615596088346 HTTP/1.1" 200 22
222.70.216.222 - - [13/Mar/2021:08:41:32 +0800] "GET /xingrg/all/function/internal_message.html?_=1615596088348&CODE_STATE=getMsg HTTP/1.1" 200 27
116.235.216.75 - - [13/Mar/2021:08:41:33 +0800] "GET /xingrg/all/function/internal_message.html?_=1615596085755&CODE_STATE=getMsg HTTP/1.1" 200 27
61.129.6.251 - - [13/Mar/2021:08:41:40 +0800] "GET /xingrg/all/function/internal_message.html?_=1615596042724&CODE_STATE=getMsg HTTP/1.1" 302 -
58.37.230.33 - - [13/Mar/2021:08:41:40 +0800] "GET /xingrg/all/function/internal_message.html?_=1615596102701&CODE_STATE=getMsg HTTP/1.1" 200 27
61.165.42.208 - - [13/Mar/2021:08:41:41 +0800] "GET /favicon.ico HTTP/1.1" 404 -
61.129.6.251 - - [13/Mar/2021:08:41:41 +0800] "GET /xingrg/login.html HTTP/1.1" 200 7641
101.228.165.174 - - [13/Mar/2021:08:41:43 +0800] "GET /xingrg/all/function/internal_message.html?_=1615596088938&CODE_STATE=getMsg HTTP/1.1" 200 27
58.40.7.146 - - [13/Mar/2021:08:41:44 +0800] "GET /xingrg/all/function/internal_message.html?_=1615596100585&CODE_STATE=getMsg HTTP/1.1" 200 27
116.224.253.72 - - [13/Mar/2021:08:41:45 +0800] "GET /xingrg/all/function/internal_message.html?_=1615596061666&CODE_STATE=getMsg HTTP/1.1" 200 27
116.235.216.75 - - [13/Mar/2021:08:41:51 +0800] "GET /xingrg/kc/buy/cgsh_order_operate.html?command=get_materiel&rest_code=00107&code=00101002007&supplier_code=00100199&order_time=2021-03-13 HTTP/1.1" 200 409
180.169.147.146 - - [13/Mar/2021:08:41:56 +0800] "GET /xingrg/all/function/internal_message.html?_=1615596112642&CODE_STATE=getMsg HTTP/1.1" 200 27
101.228.165.174 - - [13/Mar/2021:08:41:59 +0800] "GET /xingrg/all/function/internal_message.html?_=1615596104835&CODE_STATE=getMsg HTTP/1.1" 200 27
116.235.216.75 - - [13/Mar/2021:08:42:07 +0800] "POST /xingrg/kc/buy/cgsh_order_operate.html HTTP/1.1" 200 37
222.69.137.14 - - [13/Mar/2021:08:42:07 +0800] "GET /xingrg/all/function/internal_message.html?_=1615596120918&CODE_STATE=getMsg HTTP/1.1" 200 27
116.235.216.75 - - [13/Mar/2021:08:42:09 +0800] "POST /xingrg/kc/buy/cgsh_order_operate.html HTTP/1.1" 200 3249
116.235.216.75 - - [13/Mar/2021:08:42:13 +0800] "GET /xingrg/kc/print/load_config.html?kc_code=cgsh HTTP/1.1" 200 1845
116.235.216.75 - - [13/Mar/2021:08:42:13 +0800] "GET /xingrg/kc/print/load_data.html?order_code=212021031305328&kc_code=cgsh&condition= HTTP/1.1" 200 905
222.70.216.222 - - [13/Mar/2021:08:42:17 +0800] "GET /xingrg/all/function/internal_message.html?_=1615596132564&CODE_STATE=getMsg HTTP/1.1" 200 27
61.165.42.208 - - [13/Mar/2021:08:42:17 +0800] "GET /xingrg/kc/buy/cgsh_order_operate.html?command=get_materiel&rest_code=00105&code=00101008027&supplier_code=00100203&order_time=2021-03-13 HTTP/1.1" 200 427
61.165.42.208 - - [13/Mar/2021:08:42:22 +0800] "GET /xingrg/all/function/internal_message.html?_=1615596143230&CODE_STATE=getMsg HTTP/1.1" 200 27
116.235.216.75 - - [13/Mar/2021:08:42:25 +0800] "GET /xingrg/kc/buy/cgsh_order_add.html HTTP/1.1" 200 62192
116.235.216.75 - - [13/Mar/2021:08:42:26 +0800] "GET /xingrg/javascript/easyui/themes/default/validatebox.css HTTP/1.1" 404 1104
116.235.216.75 - - [13/Mar/2021:08:42:26 +0800] "POST /xingrg/kc/buy/cgsh_order_operate.html HTTP/1.1" 200 8245
61.165.42.208 - - [13/Mar/2021:08:42:26 +0800] "GET /xingrg/kc/buy/cgsh_order_operate.html?command=get_materiel&rest_code=00105&code=00101008351&supplier_code=00100203&order_time=2021-03-13 HTTP/1.1" 200 408
116.224.253.72 - - [13/Mar/2021:08:42:27 +0800] "GET /xingrg/all/function/internal_message.html?_=1615596149829&CODE_STATE=getMsg HTTP/1.1" 200 27
101.228.165.174 - - [13/Mar/2021:08:42:28 +0800] "GET /xingrg/all/function/internal_message.html?_=1615596183474&CODE_STATE=getMsg HTTP/1.1" 200 27
222.70.209.13 - - [13/Mar/2021:08:42:30 +0800] "GET /xingrg/all/function/internal_message.html?_=1615596141366&CODE_STATE=getMsg HTTP/1.1" 200 27
222.70.216.222 - - [13/Mar/2021:08:42:32 +0800] "GET /xingrg/all/function/internal_message.html?_=1615596148349&CODE_STATE=getMsg HTTP/1.1" 200 27
116.235.216.75 - - [13/Mar/2021:08:42:33 +0800] "GET /xingrg/all/function/internal_message.html?_=1615596145760&CODE_STATE=getMsg HTTP/1.1" 200 27
61.165.42.208 - - [13/Mar/2021:08:42:33 +0800] "GET /xingrg/kc/buy/cgsh_order_operate.html?command=get_materiel&rest_code=00105&code=00101008358&supplier_code=00100203&order_time=2021-03-13 HTTP/1.1" 200 412
116.235.216.75 - - [13/Mar/2021:08:42:34 +0800] "GET /xingrg/javascript/easyui/themes/default/tree.css HTTP/1.1" 404 1090
116.235.216.75 - - [13/Mar/2021:08:42:34 +0800] "POST /xingrg/all/common/load_tree.html?tree=supplier_tree_json&isDelete=1 HTTP/1.1" 200 54827
61.165.42.208 - - [13/Mar/2021:08:42:39 +0800] "GET /xingrg/kc/buy/cgsh_order_operate.html?command=get_materiel&rest_code=00105&code=00101008088&supplier_code=00100203&order_time=2021-03-13 HTTP/1.1" 200 408
61.129.6.145 - - [13/Mar/2021:08:42:40 +0800] "GET /xingrg/all/function/internal_message.html?_=1615596102701&CODE_STATE=getMsg HTTP/1.1" 302 -
58.37.230.33 - - [13/Mar/2021:08:42:40 +0800] "GET /xingrg/all/function/internal_message.html?_=1615596162681&CODE_STATE=getMsg HTTP/1.1" 200 27
61.129.6.145 - - [13/Mar/2021:08:42:41 +0800] "GET /xingrg/login.html HTTP/1.1" 200 7641
222.69.137.14 - - [13/Mar/2021:08:42:43 +0800] "GET /xingrg/javascript/auto/indicator.gif HTTP/1.1" 404 1066
101.228.165.174 - - [13/Mar/2021:08:42:43 +0800] "GET /xingrg/all/function/internal_message.html?_=1615596149051&CODE_STATE=getMsg HTTP/1.1" 200 27
58.40.7.146 - - [13/Mar/2021:08:42:44 +0800] "GET /xingrg/all/function/internal_message.html?_=1615596160571&CODE_STATE=getMsg HTTP/1.1" 200 27
116.224.253.72 - - [13/Mar/2021:08:42:45 +0800] "GET /xingrg/all/function/internal_message.html?_=1615596121825&CODE_STATE=getMsg HTTP/1.1" 200 27
222.69.137.14 - - [13/Mar/2021:08:42:47 +0800] "GET /xingrg/javascript/jquery_tools/images/prev.gif HTTP/1.1" 404 1086
222.69.137.14 - - [13/Mar/2021:08:42:47 +0800] "GET /xingrg/javascript/jquery_tools/images/next.gif HTTP/1.1" 404 1086
61.165.42.208 - - [13/Mar/2021:08:42:48 +0800] "GET /xingrg/kc/buy/cgsh_order_operate.html?command=get_materiel&rest_code=00105&code=00101008224&supplier_code=00100203&order_time=2021-03-13 HTTP/1.1" 200 416
116.235.216.75 - - [13/Mar/2021:08:42:51 +0800] "GET /xingrg/kc/buy/cgsh_order_operate.html?command=get_materiel&rest_code=00107&code=00101006065&supplier_code=00100010&order_time=2021-03-13 HTTP/1.1" 200 409
222.69.137.14 - - [13/Mar/2021:08:42:52 +0800] "GET /xingrg/kc/buy/cgsh_order_operate.html?command=get_materiel&rest_code=00149&code=00102012036&supplier_code=00100198&order_time=2021-03-13 HTTP/1.1" 200 409
61.165.42.208 - - [13/Mar/2021:08:42:54 +0800] "GET /xingrg/kc/buy/cgsh_order_operate.html?command=get_materiel&rest_code=00105&code=00101008003&supplier_code=00100203&order_time=2021-03-13 HTTP/1.1" 200 408
180.169.147.146 - - [13/Mar/2021:08:42:56 +0800] "GET /xingrg/check_reg.html?_=1615596172647 HTTP/1.1" 200 22
180.169.147.146 - - [13/Mar/2021:08:42:56 +0800] "GET /xingrg/all/function/internal_message.html?_=1615596172648&CODE_STATE=getMsg HTTP/1.1" 200 27
180.174.195.252 - - [13/Mar/2021:08:42:59 +0800] "GET /xingrg/check_reg.html?_=1615596439168 HTTP/1.1" 302 -
101.228.165.174 - - [13/Mar/2021:08:42:59 +0800] "GET /xingrg/all/function/internal_message.html?_=1615596164855&CODE_STATE=getMsg HTTP/1.1" 200 27
61.165.42.208 - - [13/Mar/2021:08:43:00 +0800] "GET /xingrg/kc/buy/cgsh_order_operate.html?command=get_materiel&rest_code=00105&code=00101008361&supplier_code=00100203&order_time=2021-03-13 HTTP/1.1" 200 408
116.235.216.75 - - [13/Mar/2021:08:43:03 +0800] "GET /xingrg/kc/buy/cgsh_order_operate.html?command=get_materiel&rest_code=00107&code=00101006006&supplier_code=00100010&order_time=2021-03-13 HTTP/1.1" 200 409
58.37.230.33 - - [13/Mar/2021:08:43:05 +0800] "GET /xingrg/check_reg.html?_=1615596187725 HTTP/1.1" 200 22
222.69.137.14 - - [13/Mar/2021:08:43:07 +0800] "GET /xingrg/all/function/internal_message.html?_=1615596180915&CODE_STATE=getMsg HTTP/1.1" 200 27
222.69.137.14 - - [13/Mar/2021:08:43:13 +0800] "POST /xingrg/kc/buy/cgsh_order_operate.html HTTP/1.1" 200 37
222.70.216.222 - - [13/Mar/2021:08:43:17 +0800] "GET /xingrg/all/function/internal_message.html?_=1615596192566&CODE_STATE=getMsg HTTP/1.1" 200 27
222.69.137.14 - - [13/Mar/2021:08:43:18 +0800] "POST /xingrg/kc/buy/cgsh_order_operate.html HTTP/1.1" 200 12
116.235.216.75 - - [13/Mar/2021:08:43:21 +0800] "GET /xingrg/kc/buy/cgsh_order_operate.html?command=get_materiel&rest_code=00107&code=00101006111&supplier_code=00100010&order_time=2021-03-13 HTTP/1.1" 200 409
222.69.137.14 - - [13/Mar/2021:08:43:21 +0800] "GET /xingrg/kc/buy/cgsh_order_info.html?code=212021031305329 HTTP/1.1" 200 57059
222.69.137.14 - - [13/Mar/2021:08:43:21 +0800] "GET /xingrg/javascript/easyui/themes/default/validatebox.css HTTP/1.1" 404 1104
222.69.137.14 - - [13/Mar/2021:08:43:22 +0800] "POST /xingrg/kc/buy/cgsh_order_operate.html HTTP/1.1" 200 606
61.165.42.208 - - [13/Mar/2021:08:43:22 +0800] "GET /xingrg/all/function/internal_message.html?_=1615596203219&CODE_STATE=getMsg HTTP/1.1" 200 27
116.224.253.72 - - [13/Mar/2021:08:43:27 +0800] "GET /xingrg/all/function/internal_message.html?_=1615596209830&CODE_STATE=getMsg HTTP/1.1" 200 27
101.228.165.174 - - [13/Mar/2021:08:43:29 +0800] "GET /xingrg/all/function/internal_message.html?_=1615596243514&CODE_STATE=getMsg HTTP/1.1" 200 27
222.70.209.13 - - [13/Mar/2021:08:43:30 +0800] "GET /xingrg/all/function/internal_message.html?_=1615596201399&CODE_STATE=getMsg HTTP/1.1" 200 27
222.70.216.222 - - [13/Mar/2021:08:43:32 +0800] "GET /xingrg/all/function/internal_message.html?_=1615596208351&CODE_STATE=getMsg HTTP/1.1" 200 27
116.235.216.75 - - [13/Mar/2021:08:43:33 +0800] "GET /xingrg/all/function/internal_message.html?_=1615596205762&CODE_STATE=getMsg HTTP/1.1" 200 27
222.69.137.14 - - [13/Mar/2021:08:43:35 +0800] "GET /xingrg/kc/print/load_config.html?kc_code=cgsh HTTP/1.1" 200 1845
61.165.42.208 - - [13/Mar/2021:08:43:35 +0800] "GET /xingrg/kc/buy/cgsh_order_operate.html?command=get_materiel&rest_code=00105&code=00101008212&supplier_code=00100203&order_time=2021-03-13 HTTP/1.1" 200 412
222.69.137.14 - - [13/Mar/2021:08:43:35 +0800] "GET /xingrg/kc/print/load_data.html?order_code=212021031305329&kc_code=cgsh&condition= HTTP/1.1" 200 707
116.235.216.75 - - [13/Mar/2021:08:43:38 +0800] "GET /xingrg/kc/buy/cgsh_order_operate.html?command=get_materiel&rest_code=00107&code=00101006130&supplier_code=00100010&order_time=2021-03-13 HTTP/1.1" 200 427
58.37.230.33 - - [13/Mar/2021:08:43:40 +0800] "GET /xingrg/all/function/internal_message.html?_=1615596222650&CODE_STATE=getMsg HTTP/1.1" 200 27
101.228.165.174 - - [13/Mar/2021:08:43:43 +0800] "GET /xingrg/all/function/internal_message.html?_=1615596209060&CODE_STATE=getMsg HTTP/1.1" 200 27
58.40.7.146 - - [13/Mar/2021:08:43:44 +0800] "GET /xingrg/all/function/internal_message.html?_=1615596220574&CODE_STATE=getMsg HTTP/1.1" 200 27
116.224.253.72 - - [13/Mar/2021:08:43:45 +0800] "GET /xingrg/all/function/internal_message.html?_=1615596181834&CODE_STATE=getMsg HTTP/1.1" 200 27
61.165.42.208 - - [13/Mar/2021:08:43:50 +0800] "GET /xingrg/kc/buy/cgsh_order_operate.html?command=get_materiel&rest_code=00105&code=00101008172&supplier_code=00100203&order_time=2021-03-13 HTTP/1.1" 200 431
222.70.209.13 - - [13/Mar/2021:08:43:50 +0800] "GET /xingrg/check_reg.html?_=1615596221630 HTTP/1.1" 200 22
61.165.42.208 - - [13/Mar/2021:08:43:54 +0800] "POST /xingrg/kc/buy/cgsh_order_operate.html HTTP/1.1" 200 2065
120.253.135.82 - - [13/Mar/2021:08:43:56 +0800] "GET /xingrg/check_reg.html?_=1615596291871 HTTP/1.1" 200 22
61.165.42.208 - - [13/Mar/2021:08:43:56 +0800] "POST /xingrg/kc/buy/cgsh_order_operate.html HTTP/1.1" 200 2065
180.169.147.146 - - [13/Mar/2021:08:43:56 +0800] "GET /xingrg/all/function/internal_message.html?_=1615596232648&CODE_STATE=getMsg HTTP/1.1" 200 27
61.165.42.208 - - [13/Mar/2021:08:43:57 +0800] "POST /xingrg/kc/buy/cgsh_order_operate.html HTTP/1.1" 200 2065
101.228.165.174 - - [13/Mar/2021:08:43:59 +0800] "GET /xingrg/all/function/internal_message.html?_=1615596224861&CODE_STATE=getMsg HTTP/1.1" 200 27
222.69.137.14 - - [13/Mar/2021:08:44:01 +0800] "GET /xingrg/kc/buy/cgsh_order_add.html HTTP/1.1" 200 62157
222.69.137.14 - - [13/Mar/2021:08:44:02 +0800] "POST /xingrg/kc/buy/cgsh_order_operate.html HTTP/1.1" 200 8245
222.69.137.14 - - [13/Mar/2021:08:44:02 +0800] "GET /xingrg/javascript/easyui/themes/default/validatebox.css HTTP/1.1" 404 1104
101.91.60.11 - - [13/Mar/2021:08:44:06 +0800] "GET /xingrg/check_reg.html?_=1615596187725 HTTP/1.1" 302 -
101.228.165.174 - - [13/Mar/2021:08:44:07 +0800] "GET /xingrg/check_reg.html?_=1615596281723 HTTP/1.1" 200 22
101.91.60.11 - - [13/Mar/2021:08:44:07 +0800] "GET /xingrg/login.html HTTP/1.1" 200 7641
222.69.137.14 - - [13/Mar/2021:08:44:07 +0800] "GET /xingrg/all/function/internal_message.html?_=1615596240923&CODE_STATE=getMsg HTTP/1.1" 200 27
61.165.42.208 - - [13/Mar/2021:08:44:08 +0800] "GET /xingrg/kc/buy/cgsh_order_operate.html?command=get_materiel&rest_code=00105&code=00101008161&supplier_code=00100203&order_time=2021-03-13 HTTP/1.1" 200 409
120.253.135.82 - - [13/Mar/2021:08:44:09 +0800] "GET /xingrg/check_reg.html?_=1615596016194 HTTP/1.1" 200 22
116.235.216.75 - - [13/Mar/2021:08:44:11 +0800] "POST /xingrg/kc/buy/cgsh_order_operate.html HTTP/1.1" 200 37
116.235.216.75 - - [13/Mar/2021:08:44:13 +0800] "POST /xingrg/kc/buy/cgsh_order_operate.html HTTP/1.1" 200 5029
116.235.216.75 - - [13/Mar/2021:08:44:15 +0800] "GET /xingrg/kc/print/load_data.html?order_code=212021031305330&kc_code=cgsh&condition= HTTP/1.1" 200 1641
222.70.216.222 - - [13/Mar/2021:08:44:17 +0800] "GET /xingrg/all/function/internal_message.html?_=1615596252567&CODE_STATE=getMsg HTTP/1.1" 200 27
222.70.216.222 - - [13/Mar/2021:08:44:17 +0800] "GET /xingrg/check_reg.html?_=1615596252569 HTTP/1.1" 200 22
222.69.137.14 - - [13/Mar/2021:08:44:21 +0800] "GET /xingrg/kc/buy/cgsh_order_operate.html?command=get_materiel&rest_code=00149&code=00101008091&supplier_code=00100005&order_time=2021-03-13 HTTP/1.1" 200 412
61.165.42.208 - - [13/Mar/2021:08:44:21 +0800] "GET /xingrg/kc/buy/cgsh_order_operate.html?command=get_materiel&rest_code=00105&code=00101008098&supplier_code=00100203&order_time=2021-03-13 HTTP/1.1" 200 412
61.165.42.208 - - [13/Mar/2021:08:44:22 +0800] "GET /xingrg/all/function/internal_message.html?_=1615596263201&CODE_STATE=getMsg HTTP/1.1" 200 27
116.235.216.75 - - [13/Mar/2021:08:44:22 +0800] "GET /xingrg/kc/buy/cgsh_order_add.html HTTP/1.1" 200 62192
116.235.216.75 - - [13/Mar/2021:08:44:23 +0800] "POST /xingrg/kc/buy/cgsh_order_operate.html HTTP/1.1" 200 8245
116.235.216.75 - - [13/Mar/2021:08:44:23 +0800] "GET /xingrg/javascript/easyui/themes/default/validatebox.css HTTP/1.1" 404 1104
116.235.216.75 - - [13/Mar/2021:08:44:25 +0800] "GET /xingrg/javascript/easyui/themes/default/tree.css HTTP/1.1" 404 1090
116.235.216.75 - - [13/Mar/2021:08:44:25 +0800] "POST /xingrg/all/common/load_tree.html?tree=supplier_tree_json&isDelete=1 HTTP/1.1" 200 54827
116.224.253.72 - - [13/Mar/2021:08:44:27 +0800] "GET /xingrg/all/function/internal_message.html?_=1615596269834&CODE_STATE=getMsg HTTP/1.1" 200 27
61.165.42.208 - - [13/Mar/2021:08:44:27 +0800] "GET /xingrg/kc/buy/cgsh_order_operate.html?command=get_materiel&rest_code=00105&code=00101008242&supplier_code=00100203&order_time=2021-03-13 HTTP/1.1" 200 408
101.228.165.174 - - [13/Mar/2021:08:44:29 +0800] "GET /xingrg/all/function/internal_message.html?_=1615596303517&CODE_STATE=getMsg HTTP/1.1" 200 27
222.70.209.13 - - [13/Mar/2021:08:44:30 +0800] "GET /xingrg/all/function/internal_message.html?_=1615596261410&CODE_STATE=getMsg HTTP/1.1" 200 27
222.70.216.222 - - [13/Mar/2021:08:44:32 +0800] "GET /xingrg/all/function/internal_message.html?_=1615596268336&CODE_STATE=getMsg HTTP/1.1" 200 27
116.235.216.75 - - [13/Mar/2021:08:44:33 +0800] "GET /xingrg/all/function/internal_message.html?_=1615596265759&CODE_STATE=getMsg HTTP/1.1" 200 27
61.165.42.208 - - [13/Mar/2021:08:44:34 +0800] "GET /xingrg/kc/buy/cgsh_order_operate.html?command=get_materiel&rest_code=00105&code=00101008274&supplier_code=00100203&order_time=2021-03-13 HTTP/1.1" 200 412
61.151.178.177 - - [13/Mar/2021:08:44:40 +0800] "GET /xingrg/all/function/internal_message.html?_=1615596222650&CODE_STATE=getMsg HTTP/1.1" 302 -
58.37.230.33 - - [13/Mar/2021:08:44:40 +0800] "GET /xingrg/all/function/internal_message.html?_=1615596282627&CODE_STATE=getMsg HTTP/1.1" 200 27
222.69.137.14 - - [13/Mar/2021:08:44:41 +0800] "GET /xingrg/kc/buy/cgsh_order_operate.html?command=get_materiel&rest_code=00149&code=00101008256&supplier_code=00100005&order_time=2021-03-13 HTTP/1.1" 200 412
61.151.178.177 - - [13/Mar/2021:08:44:41 +0800] "GET /xingrg/login.html HTTP/1.1" 200 7641
116.235.216.75 - - [13/Mar/2021:08:44:42 +0800] "GET /xingrg/kc/buy/cgsh_order_operate.html?command=get_materiel&rest_code=00107&code=00101010136&supplier_code=00100033&order_time=2021-03-13 HTTP/1.1" 200 408
61.165.42.208 - - [13/Mar/2021:08:44:42 +0800] "GET /xingrg/kc/buy/cgsh_order_operate.html?command=get_materiel&rest_code=00105&code=00101008103&supplier_code=00100203&order_time=2021-03-13 HTTP/1.1" 200 417
101.228.165.174 - - [13/Mar/2021:08:44:44 +0800] "GET /xingrg/all/function/internal_message.html?_=1615596269171&CODE_STATE=getMsg HTTP/1.1" 200 27
58.40.7.146 - - [13/Mar/2021:08:44:44 +0800] "GET /xingrg/all/function/internal_message.html?_=1615596280578&CODE_STATE=getMsg HTTP/1.1" 200 27
116.224.253.72 - - [13/Mar/2021:08:44:45 +0800] "GET /xingrg/check_reg.html?_=1615596241370 HTTP/1.1" 200 22
116.224.253.72 - - [13/Mar/2021:08:44:45 +0800] "GET /xingrg/all/function/internal_message.html?_=1615596241847&CODE_STATE=getMsg HTTP/1.1" 200 27
222.69.137.14 - - [13/Mar/2021:08:44:48 +0800] "GET /xingrg/kc/buy/cgsh_order_operate.html?command=get_materiel&rest_code=00149&code=00101008027&supplier_code=00100005&order_time=2021-03-13 HTTP/1.1" 200 427
116.235.216.75 - - [13/Mar/2021:08:44:55 +0800] "GET /xingrg/kc/buy/cgsh_order_operate.html?command=get_materiel&rest_code=00107&code=00101012051&supplier_code=00100033&order_time=2021-03-13 HTTP/1.1" 200 408
180.169.147.146 - - [13/Mar/2021:08:44:56 +0800] "GET /xingrg/all/function/internal_message.html?_=1615596292645&CODE_STATE=getMsg HTTP/1.1" 200 27
222.69.137.14 - - [13/Mar/2021:08:44:58 +0800] "GET /xingrg/kc/buy/cgsh_order_operate.html?command=get_materiel&rest_code=00149&code=00101008257&supplier_code=00100005&order_time=2021-03-13 HTTP/1.1" 200 416
61.165.42.208 - - [13/Mar/2021:08:44:59 +0800] "GET /xingrg/kc/buy/cgsh_order_operate.html?command=get_materiel&rest_code=00105&code=00101008350&supplier_code=00100203&order_time=2021-03-13 HTTP/1.1" 200 408
101.228.165.174 - - [13/Mar/2021:08:44:59 +0800] "GET /xingrg/all/function/internal_message.html?_=1615596284887&CODE_STATE=getMsg HTTP/1.1" 200 27
222.69.137.14 - - [13/Mar/2021:08:45:07 +0800] "GET /xingrg/all/function/internal_message.html?_=1615596300922&CODE_STATE=getMsg HTTP/1.1" 200 27
222.69.137.14 - - [13/Mar/2021:08:45:08 +0800] "GET /xingrg/kc/buy/cgsh_order_operate.html?command=get_materiel&rest_code=00149&code=00101008155&supplier_code=00100005&order_time=2021-03-13 HTTP/1.1" 200 408
116.235.216.75 - - [13/Mar/2021:08:45:10 +0800] "GET /xingrg/kc/buy/cgsh_order_operate.html?command=get_materiel&rest_code=00107&code=00101012025&supplier_code=00100033&order_time=2021-03-13 HTTP/1.1" 200 412
222.70.216.222 - - [13/Mar/2021:08:45:17 +0800] "GET /xingrg/all/function/internal_message.html?_=1615596312570&CODE_STATE=getMsg HTTP/1.1" 200 27
222.69.137.14 - - [13/Mar/2021:08:45:19 +0800] "GET /xingrg/kc/buy/cgsh_order_operate.html?command=get_materiel&rest_code=00149&code=00101008080&supplier_code=00100005&order_time=2021-03-13 HTTP/1.1" 200 416
61.165.42.208 - - [13/Mar/2021:08:45:22 +0800] "GET /xingrg/all/function/internal_message.html?_=1615596323286&CODE_STATE=getMsg HTTP/1.1" 200 27
116.235.216.75 - - [13/Mar/2021:08:45:26 +0800] "GET /xingrg/kc/buy/cgsh_order_operate.html?command=get_materiel&rest_code=00107&code=00101012019&supplier_code=00100033&order_time=2021-03-13 HTTP/1.1" 200 412
116.224.253.72 - - [13/Mar/2021:08:45:27 +0800] "GET /xingrg/all/function/internal_message.html?_=1615596329836&CODE_STATE=getMsg HTTP/1.1" 200 27
101.228.165.174 - - [13/Mar/2021:08:45:29 +0800] "GET /xingrg/all/function/internal_message.html?_=1615596363530&CODE_STATE=getMsg HTTP/1.1" 200 27
222.70.209.13 - - [13/Mar/2021:08:45:30 +0800] "GET /xingrg/all/function/internal_message.html?_=1615596321423&CODE_STATE=getMsg HTTP/1.1" 200 27
222.70.216.222 - - [13/Mar/2021:08:45:32 +0800] "GET /xingrg/all/function/internal_message.html?_=1615596328339&CODE_STATE=getMsg HTTP/1.1" 200 27
116.235.216.75 - - [13/Mar/2021:08:45:33 +0800] "GET /xingrg/check_reg.html?_=1615596325756 HTTP/1.1" 200 22
116.235.216.75 - - [13/Mar/2021:08:45:33 +0800] "GET /xingrg/all/function/internal_message.html?_=1615596325760&CODE_STATE=getMsg HTTP/1.1" 200 27
180.174.195.252 - - [13/Mar/2021:08:45:34 +0800] "GET /favicon.ico HTTP/1.1" 404 -
222.69.137.14 - - [13/Mar/2021:08:45:35 +0800] "GET /xingrg/kc/buy/cgsh_order_operate.html?command=get_materiel&rest_code=00149&code=00101008331&supplier_code=00100005&order_time=2021-03-13 HTTP/1.1" 200 416
116.235.216.75 - - [13/Mar/2021:08:45:38 +0800] "GET /xingrg/kc/buy/cgsh_order_operate.html?command=get_materiel&rest_code=00107&code=00101012030&supplier_code=00100033&order_time=2021-03-13 HTTP/1.1" 200 416
101.228.165.174 - - [13/Mar/2021:08:45:39 +0800] "GET /xingrg/check_reg.html?_=1615596324630 HTTP/1.1" 200 22
101.91.60.105 - - [13/Mar/2021:08:45:40 +0800] "GET /xingrg/all/function/internal_message.html?_=1615596282627&CODE_STATE=getMsg HTTP/1.1" 302 -
58.37.230.33 - - [13/Mar/2021:08:45:40 +0800] "GET /xingrg/all/function/internal_message.html?_=1615596342597&CODE_STATE=getMsg HTTP/1.1" 200 27
101.91.60.105 - - [13/Mar/2021:08:45:40 +0800] "GET /xingrg/login.html HTTP/1.1" 200 7641
61.165.42.208 - - [13/Mar/2021:08:45:41 +0800] "GET /xingrg/kc/buy/cgsh_order_operate.html?command=get_materiel&rest_code=00105&code=00101008092&supplier_code=00100203&order_time=2021-03-13 HTTP/1.1" 200 412
101.228.165.174 - - [13/Mar/2021:08:45:44 +0800] "GET /xingrg/all/function/internal_message.html?_=1615596329180&CODE_STATE=getMsg HTTP/1.1" 200 27
58.40.7.146 - - [13/Mar/2021:08:45:44 +0800] "GET /xingrg/all/function/internal_message.html?_=1615596340580&CODE_STATE=getMsg HTTP/1.1" 200 27
58.40.7.146 - - [13/Mar/2021:08:45:44 +0800] "GET /xingrg/check_reg.html?_=1615596340582 HTTP/1.1" 200 22
116.224.253.72 - - [13/Mar/2021:08:45:45 +0800] "GET /xingrg/all/function/internal_message.html?_=1615596301860&CODE_STATE=getMsg HTTP/1.1" 200 27
116.235.216.75 - - [13/Mar/2021:08:45:49 +0800] "POST /xingrg/kc/buy/cgsh_order_operate.html HTTP/1.1" 200 37
101.228.165.174 - - [13/Mar/2021:08:45:49 +0800] "GET /xingrg/check_reg.html?_=1615596334500 HTTP/1.1" 200 22
61.165.42.208 - - [13/Mar/2021:08:45:50 +0800] "GET /xingrg/kc/buy/cgsh_order_operate.html?command=get_materiel&rest_code=00105&code=00101015059&supplier_code=00100203&order_time=2021-03-13 HTTP/1.1" 200 412
116.235.216.75 - - [13/Mar/2021:08:45:50 +0800] "POST /xingrg/kc/buy/cgsh_order_operate.html HTTP/1.1" 200 4432
117.184.7.30 - - [13/Mar/2021:08:45:51 +0800] "GET /xingrg/check_reg.html?_=1615596336907 HTTP/1.1" 200 22
116.235.216.75 - - [13/Mar/2021:08:45:52 +0800] "GET /xingrg/kc/print/load_data.html?order_code=212021031305331&kc_code=cgsh&condition= HTTP/1.1" 200 1383
61.165.42.208 - - [13/Mar/2021:08:45:55 +0800] "GET /xingrg/kc/buy/cgsh_order_operate.html?command=get_materiel&rest_code=00105&code=00102012060&supplier_code=00100203&order_time=2021-03-13 HTTP/1.1" 200 411
180.169.147.146 - - [13/Mar/2021:08:45:56 +0800] "GET /xingrg/all/function/internal_message.html?_=1615596352651&CODE_STATE=getMsg HTTP/1.1" 200 27
61.165.42.208 - - [13/Mar/2021:08:45:59 +0800] "POST /xingrg/kc/buy/cgsh_order_operate.html HTTP/1.1" 200 2065
101.228.165.174 - - [13/Mar/2021:08:45:59 +0800] "GET /xingrg/all/function/internal_message.html?_=1615596344905&CODE_STATE=getMsg HTTP/1.1" 200 27
61.165.42.208 - - [13/Mar/2021:08:46:00 +0800] "POST /xingrg/kc/buy/cgsh_order_operate.html HTTP/1.1" 200 2065
222.69.137.14 - - [13/Mar/2021:08:46:01 +0800] "GET /xingrg/kc/buy/cgsh_order_operate.html?command=get_materiel&rest_code=00149&code=00101008350&supplier_code=00100005&order_time=2021-03-13 HTTP/1.1" 200 408
222.69.137.14 - - [13/Mar/2021:08:46:07 +0800] "GET /xingrg/check_reg.html?_=1615596360930 HTTP/1.1" 200 22
222.69.137.14 - - [13/Mar/2021:08:46:07 +0800] "GET /xingrg/all/function/internal_message.html?_=1615596360934&CODE_STATE=getMsg HTTP/1.1" 200 27
61.165.42.208 - - [13/Mar/2021:08:46:08 +0800] "GET /xingrg/kc/buy/cgsh_order_operate.html?command=get_materiel&rest_code=00105&code=00101015022&supplier_code=00100203&order_time=2021-03-13 HTTP/1.1" 200 408
61.165.42.208 - - [13/Mar/2021:08:46:16 +0800] "GET /xingrg/kc/buy/cgsh_order_operate.html?command=get_materiel&rest_code=00105&code=00101015072&supplier_code=00100203&order_time=2021-03-13 HTTP/1.1" 200 408
222.70.216.222 - - [13/Mar/2021:08:46:17 +0800] "GET /xingrg/all/function/internal_message.html?_=1615596372573&CODE_STATE=getMsg HTTP/1.1" 200 27
116.235.216.75 - - [13/Mar/2021:08:46:22 +0800] "GET /xingrg/index.html?sysBaseUrl=http%3A%2F%2F180.169.147.146%3A18081%2Fxingrg%2F&costTime=33×tamp=1585306063269 HTTP/1.1" 302 -
116.235.216.75 - - [13/Mar/2021:08:46:22 +0800] "GET /xingrg/index.html?sysBaseUrl=http%3A%2F%2F180.169.147.146%3A18081%2Fxingrg%2F&costTime=33×tamp=1585306063269 HTTP/1.1" 302 -
61.165.42.208 - - [13/Mar/2021:08:46:22 +0800] "GET /xingrg/check_reg.html?_=1615596383194 HTTP/1.1" 200 22
61.165.42.208 - - [13/Mar/2021:08:46:22 +0800] "GET /xingrg/all/function/internal_message.html?_=1615596383194&CODE_STATE=getMsg HTTP/1.1" 200 27
61.165.42.208 - - [13/Mar/2021:08:46:22 +0800] "GET /xingrg/kc/buy/cgsh_order_operate.html?command=get_materiel&rest_code=00105&code=00101015001&supplier_code=00100203&order_time=2021-03-13 HTTP/1.1" 200 412
116.235.216.75 - - [13/Mar/2021:08:46:23 +0800] "GET /xingrg/login.html HTTP/1.1" 200 7641
116.235.216.75 - - [13/Mar/2021:08:46:23 +0800] "GET /xingrg/login.html HTTP/1.1" 200 7641
222.69.137.14 - - [13/Mar/2021:08:46:27 +0800] "GET /xingrg/kc/buy/cgsh_order_operate.html?command=get_materiel&rest_code=00149&code=00101008185&supplier_code=00100005&order_time=2021-03-13 HTTP/1.1" 200 408
116.224.253.72 - - [13/Mar/2021:08:46:27 +0800] "GET /xingrg/check_reg.html?_=1615596389843 HTTP/1.1" 200 22
116.224.253.72 - - [13/Mar/2021:08:46:27 +0800] "GET /xingrg/all/function/internal_message.html?_=1615596389844&CODE_STATE=getMsg HTTP/1.1" 200 27
61.165.42.208 - - [13/Mar/2021:08:46:28 +0800] "GET /xingrg/kc/buy/cgsh_order_operate.html?command=get_materiel&rest_code=00105&code=00101015062&supplier_code=00100203&order_time=2021-03-13 HTTP/1.1" 200 412
101.228.165.174 - - [13/Mar/2021:08:46:29 +0800] "GET /xingrg/all/function/internal_message.html?_=1615596423573&CODE_STATE=getMsg HTTP/1.1" 200 27
222.70.209.13 - - [13/Mar/2021:08:46:30 +0800] "GET /xingrg/all/function/internal_message.html?_=1615596381455&CODE_STATE=getMsg HTTP/1.1" 200 27
222.70.216.222 - - [13/Mar/2021:08:46:32 +0800] "GET /xingrg/all/function/internal_message.html?_=1615596388340&CODE_STATE=getMsg HTTP/1.1" 200 27
222.70.216.222 - - [13/Mar/2021:08:46:32 +0800] "GET /xingrg/check_reg.html?_=1615596388342 HTTP/1.1" 200 22
116.235.216.75 - - [13/Mar/2021:08:46:34 +0800] "GET /xingrg/all/function/internal_message.html?_=1615596385752&CODE_STATE=getMsg HTTP/1.1" 200 27
61.165.42.208 - - [13/Mar/2021:08:46:38 +0800] "GET /xingrg/kc/buy/cgsh_order_operate.html?command=get_materiel&rest_code=00105&code=00101008041&supplier_code=00100203&order_time=2021-03-13 HTTP/1.1" 200 408
58.37.230.33 - - [13/Mar/2021:08:46:40 +0800] "GET /xingrg/all/function/internal_message.html?_=1615596402574&CODE_STATE=getMsg HTTP/1.1" 200 27
101.228.165.174 - - [13/Mar/2021:08:46:44 +0800] "GET /xingrg/all/function/internal_message.html?_=1615596389193&CODE_STATE=getMsg HTTP/1.1" 200 27
58.40.7.146 - - [13/Mar/2021:08:46:44 +0800] "GET /xingrg/all/function/internal_message.html?_=1615596400587&CODE_STATE=getMsg HTTP/1.1" 200 27
116.224.253.72 - - [13/Mar/2021:08:46:45 +0800] "GET /xingrg/all/function/internal_message.html?_=1615596361874&CODE_STATE=getMsg HTTP/1.1" 200 27
180.169.147.146 - - [13/Mar/2021:08:46:56 +0800] "GET /xingrg/all/function/internal_message.html?_=1615596412638&CODE_STATE=getMsg HTTP/1.1" 200 27
101.228.165.174 - - [13/Mar/2021:08:46:59 +0800] "GET /xingrg/all/function/internal_message.html?_=1615596404917&CODE_STATE=getMsg HTTP/1.1" 200 27
222.69.137.14 - - [13/Mar/2021:08:47:07 +0800] "GET /xingrg/all/function/internal_message.html?_=1615596420926&CODE_STATE=getMsg HTTP/1.1" 200 27
61.165.42.208 - - [13/Mar/2021:08:47:14 +0800] "GET /xingrg/kc/buy/cgsh_order_operate.html?command=get_materiel&rest_code=00105&code=00101008112&supplier_code=00100203&order_time=2021-03-13 HTTP/1.1" 200 412
222.70.216.222 - - [13/Mar/2021:08:47:17 +0800] "GET /xingrg/all/function/internal_message.html?_=1615596432573&CODE_STATE=getMsg HTTP/1.1" 200 27
61.165.42.208 - - [13/Mar/2021:08:47:21 +0800] "GET /xingrg/kc/buy/cgsh_order_operate.html?command=get_materiel&rest_code=00105&code=00101008010&supplier_code=00100203&order_time=2021-03-13 HTTP/1.1" 200 412
61.165.42.208 - - [13/Mar/2021:08:47:22 +0800] "GET /xingrg/all/function/internal_message.html?_=1615596443175&CODE_STATE=getMsg HTTP/1.1" 200 27
116.224.253.72 - - [13/Mar/2021:08:47:27 +0800] "GET /xingrg/all/function/internal_message.html?_=1615596449845&CODE_STATE=getMsg HTTP/1.1" 200 27
101.228.165.174 - - [13/Mar/2021:08:47:29 +0800] "GET /xingrg/all/function/internal_message.html?_=1615596483573&CODE_STATE=getMsg HTTP/1.1" 200 27
61.165.42.208 - - [13/Mar/2021:08:47:29 +0800] "GET /xingrg/kc/buy/cgsh_order_operate.html?command=get_materiel&rest_code=00105&code=00101015074&supplier_code=00100203&order_time=2021-03-13 HTTP/1.1" 200 408
222.70.209.13 - - [13/Mar/2021:08:47:30 +0800] "GET /xingrg/all/function/internal_message.html?_=1615596441464&CODE_STATE=getMsg HTTP/1.1" 200 27
61.165.42.208 - - [13/Mar/2021:08:47:32 +0800] "POST /xingrg/kc/buy/cgsh_order_operate.html HTTP/1.1" 200 2065
222.70.216.222 - - [13/Mar/2021:08:47:32 +0800] "GET /xingrg/all/function/internal_message.html?_=1615596448343&CODE_STATE=getMsg HTTP/1.1" 200 27
116.235.216.75 - - [13/Mar/2021:08:47:33 +0800] "GET /xingrg/all/function/internal_message.html?_=1615596445756&CODE_STATE=getMsg HTTP/1.1" 200 27
61.165.42.208 - - [13/Mar/2021:08:47:33 +0800] "POST /xingrg/kc/buy/cgsh_order_operate.html HTTP/1.1" 200 2065
101.227.139.171 - - [13/Mar/2021:08:47:40 +0800] "GET /xingrg/all/function/internal_message.html?_=1615596402574&CODE_STATE=getMsg HTTP/1.1" 302 -
58.37.230.33 - - [13/Mar/2021:08:47:40 +0800] "GET /xingrg/all/function/internal_message.html?_=1615596462557&CODE_STATE=getMsg HTTP/1.1" 200 27
101.227.139.171 - - [13/Mar/2021:08:47:40 +0800] "GET /xingrg/login.html HTTP/1.1" 200 7641
101.228.165.174 - - [13/Mar/2021:08:47:44 +0800] "GET /xingrg/all/function/internal_message.html?_=1615596449313&CODE_STATE=getMsg HTTP/1.1" 200 27
58.40.7.146 - - [13/Mar/2021:08:47:44 +0800] "GET /xingrg/all/function/internal_message.html?_=1615596460574&CODE_STATE=getMsg HTTP/1.1" 200 27
61.165.42.208 - - [13/Mar/2021:08:47:44 +0800] "GET /xingrg/kc/buy/cgsh_order_operate.html?command=get_materiel&rest_code=00105&code=00101008223&supplier_code=00100203&order_time=2021-03-13 HTTP/1.1" 200 412
116.224.253.72 - - [13/Mar/2021:08:47:45 +0800] "GET /xingrg/all/function/internal_message.html?_=1615596422018&CODE_STATE=getMsg HTTP/1.1" 200 27
61.165.42.208 - - [13/Mar/2021:08:47:53 +0800] "GET /xingrg/kc/buy/cgsh_order_operate.html?command=get_materiel&rest_code=00105&code=00101015006&supplier_code=00100203&order_time=2021-03-13 HTTP/1.1" 200 413
180.169.147.146 - - [13/Mar/2021:08:47:56 +0800] "GET /xingrg/all/function/internal_message.html?_=1615596472655&CODE_STATE=getMsg HTTP/1.1" 200 27
180.169.147.146 - - [13/Mar/2021:08:47:56 +0800] "GET /xingrg/check_reg.html?_=1615596472656 HTTP/1.1" 200 22
180.174.195.252 - - [13/Mar/2021:08:47:59 +0800] "GET /xingrg/check_reg.html?_=1615596739566 HTTP/1.1" 302 -
101.228.165.174 - - [13/Mar/2021:08:47:59 +0800] "GET /xingrg/all/function/internal_message.html?_=1615596464945&CODE_STATE=getMsg HTTP/1.1" 200 27
58.37.230.33 - - [13/Mar/2021:08:48:05 +0800] "GET /xingrg/check_reg.html?_=1615596487696 HTTP/1.1" 200 22
222.69.137.14 - - [13/Mar/2021:08:48:07 +0800] "GET /xingrg/all/function/internal_message.html?_=1615596480922&CODE_STATE=getMsg HTTP/1.1" 200 27
61.165.42.208 - - [13/Mar/2021:08:48:08 +0800] "GET /xingrg/kc/buy/cgsh_order_operate.html?command=get_materiel&rest_code=00105&code=00101008236&supplier_code=00100203&order_time=2021-03-13 HTTP/1.1" 200 416
222.70.216.222 - - [13/Mar/2021:08:48:17 +0800] "GET /xingrg/all/function/internal_message.html?_=1615596492576&CODE_STATE=getMsg HTTP/1.1" 200 27
61.165.42.208 - - [13/Mar/2021:08:48:23 +0800] "GET /xingrg/all/function/internal_message.html?_=1615596503151&CODE_STATE=getMsg HTTP/1.1" 200 27
116.224.253.72 - - [13/Mar/2021:08:48:27 +0800] "GET /xingrg/all/function/internal_message.html?_=1615596509848&CODE_STATE=getMsg HTTP/1.1" 200 27
101.228.165.174 - - [13/Mar/2021:08:48:29 +0800] "GET /xingrg/all/function/internal_message.html?_=1615596543618&CODE_STATE=getMsg HTTP/1.1" 200 27
222.70.209.13 - - [13/Mar/2021:08:48:30 +0800] "GET /xingrg/all/function/internal_message.html?_=1615596501499&CODE_STATE=getMsg HTTP/1.1" 200 27
222.70.216.222 - - [13/Mar/2021:08:48:32 +0800] "GET /xingrg/all/function/internal_message.html?_=1615596508345&CODE_STATE=getMsg HTTP/1.1" 200 27
116.235.216.75 - - [13/Mar/2021:08:48:33 +0800] "GET /xingrg/all/function/internal_message.html?_=1615596505761&CODE_STATE=getMsg HTTP/1.1" 200 27
61.165.42.208 - - [13/Mar/2021:08:48:36 +0800] "GET /xingrg/kc/buy/cgsh_order_operate.html?command=get_materiel&rest_code=00105&code=00101020152&supplier_code=00100203&order_time=2021-03-13 HTTP/1.1" 200 416
101.89.239.230 - - [13/Mar/2021:08:48:40 +0800] "GET /xingrg/all/function/internal_message.html?_=1615596462557&CODE_STATE=getMsg HTTP/1.1" 302 -
58.37.230.33 - - [13/Mar/2021:08:48:40 +0800] "GET /xingrg/all/function/internal_message.html?_=1615596522534&CODE_STATE=getMsg HTTP/1.1" 200 27
101.89.239.230 - - [13/Mar/2021:08:48:40 +0800] "GET /xingrg/login.html HTTP/1.1" 200 7641
61.165.42.208 - - [13/Mar/2021:08:48:42 +0800] "GET /xingrg/kc/buy/cgsh_order_operate.html?command=get_materiel&rest_code=00105&code=00101008168&supplier_code=00100203&order_time=2021-03-13 HTTP/1.1" 200 413
101.228.165.174 - - [13/Mar/2021:08:48:44 +0800] "GET /xingrg/all/function/internal_message.html?_=1615596509313&CODE_STATE=getMsg HTTP/1.1" 200 27
58.40.7.146 - - [13/Mar/2021:08:48:44 +0800] "GET /xingrg/all/function/internal_message.html?_=1615596520578&CODE_STATE=getMsg HTTP/1.1" 200 27
116.224.253.72 - - [13/Mar/2021:08:48:45 +0800] "GET /xingrg/all/function/internal_message.html?_=1615596482026&CODE_STATE=getMsg HTTP/1.1" 200 27
61.165.42.208 - - [13/Mar/2021:08:48:49 +0800] "GET /xingrg/kc/buy/cgsh_order_operate.html?command=get_materiel&rest_code=00105&code=00101008114&supplier_code=00100203&order_time=2021-03-13 HTTP/1.1" 200 413
222.70.209.13 - - [13/Mar/2021:08:48:50 +0800] "GET /xingrg/check_reg.html?_=1615596521633 HTTP/1.1" 200 22
