120.253.135.82 - - [12/Mar/2021:08:18:30 +0800] "GET /xingrg/javascript/checkform.js HTTP/1.1" 200 18351
120.253.135.82 - - [12/Mar/2021:08:18:30 +0800] "GET /xingrg/dwr/engine.js HTTP/1.1" 200 43631
120.253.135.82 - - [12/Mar/2021:08:18:31 +0800] "GET /xingrg/javascript/jquery_easy_ui/themes/icons/print.png HTTP/1.1" 200 1057
120.253.135.82 - - [12/Mar/2021:08:18:31 +0800] "GET /xingrg/javascript/jquery_easy_ui/themes/default/images/menu_downarrow.png HTTP/1.1" 200 173
120.253.135.82 - - [12/Mar/2021:08:18:31 +0800] "GET /xingrg/images/blue/button/kc_tab_edit.gif HTTP/1.1" 200 551
120.253.135.82 - - [12/Mar/2021:08:18:31 +0800] "GET /xingrg/images/blue/button/kc_tab_save.gif HTTP/1.1" 200 777
120.253.135.82 - - [12/Mar/2021:08:18:31 +0800] "GET /xingrg/images/blue/kc_tab_mid.gif HTTP/1.1" 200 44
120.253.135.82 - - [12/Mar/2021:08:18:31 +0800] "GET /xingrg/images/blue/kc_tab2_right.gif HTTP/1.1" 200 192
120.253.135.82 - - [12/Mar/2021:08:18:31 +0800] "GET /xingrg/images/blue/kc_tab_right.gif HTTP/1.1" 200 643
120.253.135.82 - - [12/Mar/2021:08:18:31 +0800] "GET /xingrg/images/blue/wait.gif HTTP/1.1" 200 1100
120.253.135.82 - - [12/Mar/2021:08:18:31 +0800] "POST /xingrg/dwr/call/plaincall/AjaxQqpsService.loadMaterielItems.dwr HTTP/1.1" 200 1266
222.70.216.222 - - [12/Mar/2021:08:18:32 +0800] "GET /xingrg/all/function/internal_message.html?_=1615508307447&CODE_STATE=getMsg HTTP/1.1" 200 27
222.69.136.95 - - [12/Mar/2021:08:18:34 +0800] "GET /xingrg/login.html?sysBaseUrl=http%3A%2F%2F180.169.147.146%3A18081%2Fxingrg%2F&costTime=31×tamp=1615347190560 HTTP/1.1" 200 7641
222.69.136.95 - - [12/Mar/2021:08:18:34 +0800] "GET /favicon.ico HTTP/1.1" 404 -
101.228.165.174 - - [12/Mar/2021:08:18:35 +0800] "GET /xingrg/all/function/internal_message.html?_=1615508299267&CODE_STATE=getMsg HTTP/1.1" 200 27
120.253.135.82 - - [12/Mar/2021:08:18:35 +0800] "GET /xingrg/javascript/jquery_easy_ui/themes/default/images/button_plain_hover.png HTTP/1.1" 200 252
222.69.136.95 - - [12/Mar/2021:08:18:38 +0800] "POST /xingrg/login.do HTTP/1.1" 302 -
222.69.136.95 - - [12/Mar/2021:08:18:38 +0800] "GET /xingrg/index.html?sysBaseUrl=http%3A%2F%2F180.169.147.146%3A18081%2Fxingrg%2F&costTime=119×tamp=1615508318218 HTTP/1.1" 200 17179
222.69.136.95 - - [12/Mar/2021:08:18:38 +0800] "GET /favicon.ico HTTP/1.1" 404 -
222.69.136.95 - - [12/Mar/2021:08:18:38 +0800] "POST /xingrg/all/common/load_tree.html?tree=area_rest_tree_json&manage=1 HTTP/1.1" 200 351
222.69.136.95 - - [12/Mar/2021:08:18:38 +0800] "GET /xingrg/all/function/internal_message.html?_=1615508312329&CODE_STATE=count HTTP/1.1" 200 11
222.69.136.95 - - [12/Mar/2021:08:18:38 +0800] "GET /xingrg/check_reg.html?_=1615508312329 HTTP/1.1" 200 22
120.253.135.82 - - [12/Mar/2021:08:18:38 +0800] "GET /xingrg/kc/pszx/mdqp_order_list.html?isBack=1 HTTP/1.1" 302 -
222.69.136.95 - - [12/Mar/2021:08:18:38 +0800] "POST /xingrg/load_menu.html HTTP/1.1" 200 5138
120.253.135.82 - - [12/Mar/2021:08:18:38 +0800] "GET /xingrg/kc/pszx/mdqp_order_list.html?state=10 HTTP/1.1" 200 11818
120.253.135.82 - - [12/Mar/2021:08:18:38 +0800] "GET /xingrg/dwr/interface/AjaxReportQueryService.js HTTP/1.1" 200 13203
120.253.135.82 - - [12/Mar/2021:08:18:38 +0800] "GET /xingrg/dwr/interface/AjaxQqpsService.js HTTP/1.1" 200 16326
120.253.135.82 - - [12/Mar/2021:08:18:38 +0800] "GET /xingrg/dwr/engine.js HTTP/1.1" 200 43631
116.224.253.72 - - [12/Mar/2021:08:18:39 +0800] "GET /xingrg/check_reg.html?_=1615508321579 HTTP/1.1" 200 22
116.224.253.72 - - [12/Mar/2021:08:18:39 +0800] "GET /xingrg/all/function/internal_message.html?_=1615508321558&CODE_STATE=getMsg HTTP/1.1" 200 27
180.169.147.146 - - [12/Mar/2021:08:18:39 +0800] "GET /xingrg/all/function/internal_message.html?_=1615508316197&CODE_STATE=getMsg HTTP/1.1" 302 -
120.253.135.82 - - [12/Mar/2021:08:18:42 +0800] "GET /xingrg/all/function/internal_message.html?_=1615508090866&CODE_STATE=getMsg HTTP/1.1" 200 27
120.253.135.82 - - [12/Mar/2021:08:18:47 +0800] "GET /xingrg/kc/pszx/mdqp_order_list.html?state=10 HTTP/1.1" 200 11818
120.253.135.82 - - [12/Mar/2021:08:18:47 +0800] "GET /xingrg/dwr/interface/AjaxReportQueryService.js HTTP/1.1" 200 13203
120.253.135.82 - - [12/Mar/2021:08:18:47 +0800] "GET /xingrg/dwr/interface/AjaxQqpsService.js HTTP/1.1" 200 16326
120.253.135.82 - - [12/Mar/2021:08:18:47 +0800] "GET /xingrg/dwr/engine.js HTTP/1.1" 200 43631
222.70.209.13 - - [12/Mar/2021:08:18:47 +0800] "GET /xingrg/check_reg.html?_=1615508320018 HTTP/1.1" 200 22
120.253.135.82 - - [12/Mar/2021:08:18:52 +0800] "GET /xingrg/kc/pszx/mdps_order_list.html?orderType=0 HTTP/1.1" 200 21153
120.253.135.82 - - [12/Mar/2021:08:18:53 +0800] "GET /xingrg/javascript/easyui/themes/icons/edit_add_new.png HTTP/1.1" 200 2997
120.253.135.82 - - [12/Mar/2021:08:18:53 +0800] "GET /xingrg/javascript/easyui/themes/icons/uncheck_new.png HTTP/1.1" 200 3197
120.253.135.82 - - [12/Mar/2021:08:18:53 +0800] "GET /xingrg/javascript/easyui/themes/icons/check_new.png HTTP/1.1" 200 3224
120.253.135.82 - - [12/Mar/2021:08:18:53 +0800] "GET /xingrg/javascript/easyui/themes/icons/cance_new.png HTTP/1.1" 200 3986
120.253.135.82 - - [12/Mar/2021:08:18:53 +0800] "POST /xingrg/kc/pszx/mdps_list_operate.html HTTP/1.1" 200 5463
120.253.135.82 - - [12/Mar/2021:08:18:58 +0800] "POST /xingrg/kc/pszx/mdps_list_operate.html HTTP/1.1" 200 3132
58.40.7.146 - - [12/Mar/2021:08:18:59 +0800] "GET /xingrg/all/function/internal_message.html?_=1615508336387&CODE_STATE=getMsg HTTP/1.1" 200 27
120.253.135.82 - - [12/Mar/2021:08:19:00 +0800] "POST /xingrg/kc/pszx/mdps_list_operate.html HTTP/1.1" 200 600
222.70.209.13 - - [12/Mar/2021:08:19:00 +0800] "GET /xingrg/all/function/internal_message.html?_=1615508333427&CODE_STATE=getMsg HTTP/1.1" 200 27
120.253.135.82 - - [12/Mar/2021:08:19:01 +0800] "POST /xingrg/kc/pszx/mdps_list_operate.html HTTP/1.1" 200 632
120.253.135.82 - - [12/Mar/2021:08:19:03 +0800] "GET /xingrg/kc/pszx/mdps_order_info.html?code=312021031100268 HTTP/1.1" 200 23881
120.253.135.82 - - [12/Mar/2021:08:19:03 +0800] "GET /xingrg/javascript/easyui/themes/default/validatebox.css HTTP/1.1" 404 1104
116.224.253.72 - - [12/Mar/2021:08:19:03 +0800] "GET /xingrg/all/function/internal_message.html?_=1615508301618&CODE_STATE=getMsg HTTP/1.1" 200 27
120.253.135.82 - - [12/Mar/2021:08:19:04 +0800] "POST /xingrg/kc/pszx/mdps_order_operate.html HTTP/1.1" 200 7820
58.40.7.146 - - [12/Mar/2021:08:19:12 +0800] "GET /xingrg/all/function/internal_message.html?_=1615508348754&CODE_STATE=getMsg HTTP/1.1" 302 -
58.37.230.33 - - [12/Mar/2021:08:19:16 +0800] "GET /xingrg/all/function/internal_message.html?_=1615508357740&CODE_STATE=getMsg HTTP/1.1" 200 27
120.253.135.82 - - [12/Mar/2021:08:19:25 +0800] "GET /xingrg/all/function/internal_message.html?_=1615508423105&CODE_STATE=getMsg HTTP/1.1" 200 27
120.253.135.82 - - [12/Mar/2021:08:19:31 +0800] "POST /xingrg/kc/pszx/mdps_list_operate.html HTTP/1.1" 200 203
120.253.135.82 - - [12/Mar/2021:08:19:32 +0800] "POST /xingrg/kc/pszx/mdps_list_operate.html HTTP/1.1" 200 208
101.228.165.174 - - [12/Mar/2021:08:19:32 +0800] "GET /xingrg/check_reg.html?_=1615508356447 HTTP/1.1" 200 22
222.70.216.222 - - [12/Mar/2021:08:19:32 +0800] "GET /xingrg/all/function/internal_message.html?_=1615508367452&CODE_STATE=getMsg HTTP/1.1" 200 27
120.253.135.82 - - [12/Mar/2021:08:19:34 +0800] "POST /xingrg/kc/pszx/mdps_list_operate.html HTTP/1.1" 200 625
120.253.135.82 - - [12/Mar/2021:08:19:35 +0800] "GET /xingrg/kc/pszx/mdps_order_info.html?code=312021031100269 HTTP/1.1" 200 23881
101.228.165.174 - - [12/Mar/2021:08:19:35 +0800] "GET /xingrg/all/function/internal_message.html?_=1615508359280&CODE_STATE=getMsg HTTP/1.1" 200 27
120.253.135.82 - - [12/Mar/2021:08:19:35 +0800] "GET /xingrg/javascript/easyui/themes/default/validatebox.css HTTP/1.1" 404 1104
120.253.135.82 - - [12/Mar/2021:08:19:35 +0800] "POST /xingrg/kc/pszx/mdps_order_operate.html HTTP/1.1" 200 13439
222.69.136.95 - - [12/Mar/2021:08:19:38 +0800] "GET /xingrg/all/function/internal_message.html?_=1615508372331&CODE_STATE=getMsg HTTP/1.1" 200 27
116.224.253.72 - - [12/Mar/2021:08:19:39 +0800] "GET /xingrg/all/function/internal_message.html?_=1615508381579&CODE_STATE=getMsg HTTP/1.1" 200 27
180.169.147.146 - - [12/Mar/2021:08:19:39 +0800] "GET /xingrg/all/function/internal_message.html?_=1615508376201&CODE_STATE=getMsg HTTP/1.1" 302 -
180.169.147.146 - - [12/Mar/2021:08:19:39 +0800] "GET /xingrg/check_reg.html?_=1615508376202 HTTP/1.1" 302 -
222.69.136.95 - - [12/Mar/2021:08:19:39 +0800] "GET /xingrg/kc/buy/cgsh_order_list.html HTTP/1.1" 200 46372
222.69.136.95 - - [12/Mar/2021:08:19:40 +0800] "POST /xingrg/kc/buy/cgsh_list_operate.html HTTP/1.1" 200 876
222.69.136.95 - - [12/Mar/2021:08:19:41 +0800] "GET /xingrg/kc/buy/cgsh_order_add.html HTTP/1.1" 200 62157
222.69.136.95 - - [12/Mar/2021:08:19:41 +0800] "GET /xingrg/words/20210311101100_words.js HTTP/1.1" 304 -
222.69.136.95 - - [12/Mar/2021:08:19:41 +0800] "POST /xingrg/kc/buy/cgsh_order_operate.html HTTP/1.1" 200 8245
222.69.136.95 - - [12/Mar/2021:08:19:41 +0800] "GET /xingrg/javascript/easyui/themes/default/validatebox.css HTTP/1.1" 404 1104
222.69.136.95 - - [12/Mar/2021:08:19:41 +0800] "GET /xingrg/all/common/auto_word.html?type=employee&rest_code=00149 HTTP/1.1" 200 197
222.69.136.95 - - [12/Mar/2021:08:19:41 +0800] "GET /xingrg/all/common/auto_word.html?type=employee&rest_code=00149 HTTP/1.1" 200 197
120.253.135.82 - - [12/Mar/2021:08:19:42 +0800] "GET /xingrg/all/function/internal_message.html?_=1615508150879&CODE_STATE=getMsg HTTP/1.1" 200 27
180.174.195.252 - - [12/Mar/2021:08:19:56 +0800] "GET /xingrg/check_reg.html?_=1615508656553 HTTP/1.1" 200 22
58.40.7.146 - - [12/Mar/2021:08:19:59 +0800] "GET /xingrg/all/function/internal_message.html?_=1615508396389&CODE_STATE=getMsg HTTP/1.1" 200 27
58.40.7.146 - - [12/Mar/2021:08:19:59 +0800] "GET /xingrg/check_reg.html?_=1615508396392 HTTP/1.1" 200 22
222.70.209.13 - - [12/Mar/2021:08:20:00 +0800] "GET /xingrg/all/function/internal_message.html?_=1615508393439&CODE_STATE=getMsg HTTP/1.1" 200 27
116.224.253.72 - - [12/Mar/2021:08:20:03 +0800] "GET /xingrg/all/function/internal_message.html?_=1615508361653&CODE_STATE=getMsg HTTP/1.1" 200 27
58.40.7.146 - - [12/Mar/2021:08:20:12 +0800] "GET /xingrg/all/function/internal_message.html?_=1615508408757&CODE_STATE=getMsg HTTP/1.1" 302 -
58.37.230.33 - - [12/Mar/2021:08:20:16 +0800] "GET /xingrg/all/function/internal_message.html?_=1615508417711&CODE_STATE=getMsg HTTP/1.1" 200 27
120.253.135.82 - - [12/Mar/2021:08:20:25 +0800] "GET /xingrg/all/function/internal_message.html?_=1615508483126&CODE_STATE=getMsg HTTP/1.1" 200 27
58.37.230.33 - - [12/Mar/2021:08:20:30 +0800] "GET /xingrg/check_reg.html?_=1615508431346 HTTP/1.1" 200 22
222.69.136.95 - - [12/Mar/2021:08:20:32 +0800] "GET /xingrg/javascript/auto/indicator.gif HTTP/1.1" 404 1066
222.70.216.222 - - [12/Mar/2021:08:20:32 +0800] "GET /xingrg/all/function/internal_message.html?_=1615508427456&CODE_STATE=getMsg HTTP/1.1" 200 27
222.70.216.222 - - [12/Mar/2021:08:20:32 +0800] "GET /xingrg/check_reg.html?_=1615508427457 HTTP/1.1" 200 22
222.69.136.95 - - [12/Mar/2021:08:20:33 +0800] "GET /xingrg/javascript/jquery_tools/images/next.gif HTTP/1.1" 404 1086
222.69.136.95 - - [12/Mar/2021:08:20:33 +0800] "GET /xingrg/javascript/jquery_tools/images/prev.gif HTTP/1.1" 404 1086
101.228.165.174 - - [12/Mar/2021:08:20:35 +0800] "GET /xingrg/all/function/internal_message.html?_=1615508419293&CODE_STATE=getMsg HTTP/1.1" 200 27
222.69.136.95 - - [12/Mar/2021:08:20:38 +0800] "GET /xingrg/all/function/internal_message.html?_=1615508432333&CODE_STATE=getMsg HTTP/1.1" 200 27
116.224.253.72 - - [12/Mar/2021:08:20:39 +0800] "GET /xingrg/all/function/internal_message.html?_=1615508441581&CODE_STATE=getMsg HTTP/1.1" 200 27
180.169.147.146 - - [12/Mar/2021:08:20:39 +0800] "GET /xingrg/all/function/internal_message.html?_=1615508436204&CODE_STATE=getMsg HTTP/1.1" 302 -
120.253.135.82 - - [12/Mar/2021:08:20:42 +0800] "GET /xingrg/all/function/internal_message.html?_=1615508210892&CODE_STATE=getMsg HTTP/1.1" 200 27
222.69.136.95 - - [12/Mar/2021:08:20:43 +0800] "GET /xingrg/kc/buy/cgsh_order_operate.html?command=get_materiel&rest_code=00149&code=00101008323&supplier_code=00100005&order_time=2021-03-12 HTTP/1.1" 200 408
222.69.136.95 - - [12/Mar/2021:08:20:59 +0800] "GET /xingrg/kc/buy/cgsh_order_operate.html?command=get_materiel&rest_code=00149&code=00101008256&supplier_code=00100005&order_time=2021-03-12 HTTP/1.1" 200 412
58.40.7.146 - - [12/Mar/2021:08:20:59 +0800] "GET /xingrg/all/function/internal_message.html?_=1615508456396&CODE_STATE=getMsg HTTP/1.1" 200 27
222.70.209.13 - - [12/Mar/2021:08:21:00 +0800] "GET /xingrg/all/function/internal_message.html?_=1615508453464&CODE_STATE=getMsg HTTP/1.1" 200 27
116.224.253.72 - - [12/Mar/2021:08:21:03 +0800] "GET /xingrg/all/function/internal_message.html?_=1615508421662&CODE_STATE=getMsg HTTP/1.1" 200 27
222.69.136.95 - - [12/Mar/2021:08:21:07 +0800] "GET /xingrg/kc/buy/cgsh_order_operate.html?command=get_materiel&rest_code=00149&code=00101008027&supplier_code=00100005&order_time=2021-03-12 HTTP/1.1" 200 427
58.40.7.146 - - [12/Mar/2021:08:21:12 +0800] "GET /xingrg/all/function/internal_message.html?_=1615508468760&CODE_STATE=getMsg HTTP/1.1" 302 -
117.131.5.26 - - [12/Mar/2021:08:21:14 +0800] "POST /xingrg/services/DataTransmitService HTTP/1.1" 200 524
117.131.5.26 - - [12/Mar/2021:08:21:15 +0800] "POST /xingrg/services/DataTransmitService HTTP/1.1" 200 501
58.37.230.33 - - [12/Mar/2021:08:21:16 +0800] "GET /xingrg/all/function/internal_message.html?_=1615508477687&CODE_STATE=getMsg HTTP/1.1" 200 27
101.91.60.11 - - [12/Mar/2021:08:21:22 +0800] "GET /xingrg/all/function/internal_message.html?_=1615508417711&CODE_STATE=getMsg HTTP/1.1" 302 -
120.253.135.82 - - [12/Mar/2021:08:21:25 +0800] "GET /xingrg/all/function/internal_message.html?_=1615508543133&CODE_STATE=getMsg HTTP/1.1" 200 27
101.91.60.11 - - [12/Mar/2021:08:21:25 +0800] "GET /xingrg/login.html HTTP/1.1" 200 7641
222.69.136.95 - - [12/Mar/2021:08:21:27 +0800] "GET /xingrg/kc/buy/cgsh_order_operate.html?command=get_materiel&rest_code=00149&code=00101008155&supplier_code=00100005&order_time=2021-03-12 HTTP/1.1" 200 408
222.70.216.222 - - [12/Mar/2021:08:21:32 +0800] "GET /xingrg/all/function/internal_message.html?_=1615508487458&CODE_STATE=getMsg HTTP/1.1" 200 27
101.228.165.174 - - [12/Mar/2021:08:21:35 +0800] "GET /xingrg/all/function/internal_message.html?_=1615508479308&CODE_STATE=getMsg HTTP/1.1" 200 27
222.69.136.95 - - [12/Mar/2021:08:21:38 +0800] "GET /xingrg/all/function/internal_message.html?_=1615508492340&CODE_STATE=getMsg HTTP/1.1" 200 27
116.224.253.72 - - [12/Mar/2021:08:21:39 +0800] "GET /xingrg/all/function/internal_message.html?_=1615508501579&CODE_STATE=getMsg HTTP/1.1" 200 27
180.169.147.146 - - [12/Mar/2021:08:21:39 +0800] "GET /xingrg/all/function/internal_message.html?_=1615508496210&CODE_STATE=getMsg HTTP/1.1" 302 -
120.253.135.82 - - [12/Mar/2021:08:21:42 +0800] "GET /xingrg/check_reg.html?_=1615508270797 HTTP/1.1" 200 22
120.253.135.82 - - [12/Mar/2021:08:21:42 +0800] "GET /xingrg/all/function/internal_message.html?_=1615508271072&CODE_STATE=getMsg HTTP/1.1" 200 27
58.40.7.146 - - [12/Mar/2021:08:21:59 +0800] "GET /xingrg/all/function/internal_message.html?_=1615508516382&CODE_STATE=getMsg HTTP/1.1" 200 27
222.70.209.13 - - [12/Mar/2021:08:22:00 +0800] "GET /xingrg/all/function/internal_message.html?_=1615508513467&CODE_STATE=getMsg HTTP/1.1" 200 27
116.224.253.72 - - [12/Mar/2021:08:22:04 +0800] "GET /xingrg/all/function/internal_message.html?_=1615508481690&CODE_STATE=getMsg HTTP/1.1" 200 27
58.40.7.146 - - [12/Mar/2021:08:22:12 +0800] "GET /xingrg/all/function/internal_message.html?_=1615508528762&CODE_STATE=getMsg HTTP/1.1" 302 -
58.37.230.33 - - [12/Mar/2021:08:22:16 +0800] "GET /xingrg/all/function/internal_message.html?_=1615508537664&CODE_STATE=getMsg HTTP/1.1" 200 27
120.253.135.82 - - [12/Mar/2021:08:22:22 +0800] "GET /xingrg/check_reg.html?_=1615508600301 HTTP/1.1" 200 22
120.253.135.82 - - [12/Mar/2021:08:22:25 +0800] "GET /xingrg/all/function/internal_message.html?_=1615508603146&CODE_STATE=getMsg HTTP/1.1" 200 27
117.184.7.30 - - [12/Mar/2021:08:22:28 +0800] "POST /xingrg/services/DataTransmitService HTTP/1.1" 200 524
117.184.7.30 - - [12/Mar/2021:08:22:28 +0800] "POST /xingrg/services/DataTransmitService HTTP/1.1" 200 501
222.70.216.222 - - [12/Mar/2021:08:22:32 +0800] "GET /xingrg/all/function/internal_message.html?_=1615508547460&CODE_STATE=getMsg HTTP/1.1" 200 27
101.228.165.174 - - [12/Mar/2021:08:22:35 +0800] "GET /xingrg/all/function/internal_message.html?_=1615508539501&CODE_STATE=getMsg HTTP/1.1" 200 27
222.69.136.95 - - [12/Mar/2021:08:22:38 +0800] "GET /xingrg/all/function/internal_message.html?_=1615508552334&CODE_STATE=getMsg HTTP/1.1" 200 27
116.224.253.72 - - [12/Mar/2021:08:22:39 +0800] "GET /xingrg/all/function/internal_message.html?_=1615508561578&CODE_STATE=getMsg HTTP/1.1" 200 27
180.169.147.146 - - [12/Mar/2021:08:22:39 +0800] "GET /xingrg/all/function/internal_message.html?_=1615508556210&CODE_STATE=getMsg HTTP/1.1" 302 -
120.253.135.82 - - [12/Mar/2021:08:22:42 +0800] "GET /xingrg/all/function/internal_message.html?_=1615508331076&CODE_STATE=getMsg HTTP/1.1" 200 27
116.224.253.72 - - [12/Mar/2021:08:22:47 +0800] "GET /xingrg/check_reg.html?_=1615508524968 HTTP/1.1" 200 22
58.40.7.146 - - [12/Mar/2021:08:22:59 +0800] "GET /xingrg/all/function/internal_message.html?_=1615508576388&CODE_STATE=getMsg HTTP/1.1" 200 27
222.70.209.13 - - [12/Mar/2021:08:23:00 +0800] "GET /xingrg/all/function/internal_message.html?_=1615508573491&CODE_STATE=getMsg HTTP/1.1" 200 27
116.224.253.72 - - [12/Mar/2021:08:23:04 +0800] "GET /xingrg/all/function/internal_message.html?_=1615508541704&CODE_STATE=getMsg HTTP/1.1" 200 27
58.40.7.146 - - [12/Mar/2021:08:23:12 +0800] "GET /xingrg/all/function/internal_message.html?_=1615508588765&CODE_STATE=getMsg HTTP/1.1" 302 -
58.40.7.146 - - [12/Mar/2021:08:23:12 +0800] "GET /xingrg/check_reg.html?_=1615508588767 HTTP/1.1" 302 -
58.37.230.33 - - [12/Mar/2021:08:23:16 +0800] "GET /xingrg/all/function/internal_message.html?_=1615508597646&CODE_STATE=getMsg HTTP/1.1" 200 27
120.253.135.82 - - [12/Mar/2021:08:23:25 +0800] "GET /xingrg/all/function/internal_message.html?_=1615508663161&CODE_STATE=getMsg HTTP/1.1" 200 27
222.70.216.222 - - [12/Mar/2021:08:23:32 +0800] "GET /xingrg/all/function/internal_message.html?_=1615508607460&CODE_STATE=getMsg HTTP/1.1" 200 27
101.228.165.174 - - [12/Mar/2021:08:23:35 +0800] "GET /xingrg/all/function/internal_message.html?_=1615508599505&CODE_STATE=getMsg HTTP/1.1" 200 27
222.69.136.95 - - [12/Mar/2021:08:23:36 +0800] "GET /xingrg/kc/buy/cgsh_order_operate.html?command=get_materiel&rest_code=00149&code=00101008331&supplier_code=00100005&order_time=2021-03-12 HTTP/1.1" 200 416
222.69.136.95 - - [12/Mar/2021:08:23:38 +0800] "GET /xingrg/check_reg.html?_=1615508612338 HTTP/1.1" 200 22
222.69.136.95 - - [12/Mar/2021:08:23:38 +0800] "GET /xingrg/all/function/internal_message.html?_=1615508612339&CODE_STATE=getMsg HTTP/1.1" 200 27
116.224.253.72 - - [12/Mar/2021:08:23:39 +0800] "GET /xingrg/all/function/internal_message.html?_=1615508621577&CODE_STATE=getMsg HTTP/1.1" 200 27
116.224.253.72 - - [12/Mar/2021:08:23:39 +0800] "GET /xingrg/check_reg.html?_=1615508621578 HTTP/1.1" 200 22
180.169.147.146 - - [12/Mar/2021:08:23:39 +0800] "GET /xingrg/all/function/internal_message.html?_=1615508616218&CODE_STATE=getMsg HTTP/1.1" 302 -
120.253.135.82 - - [12/Mar/2021:08:23:42 +0800] "GET /xingrg/all/function/internal_message.html?_=1615508391090&CODE_STATE=getMsg HTTP/1.1" 200 27
222.70.209.13 - - [12/Mar/2021:08:23:47 +0800] "GET /xingrg/check_reg.html?_=1615508620020 HTTP/1.1" 200 22
222.69.136.95 - - [12/Mar/2021:08:23:50 +0800] "GET /xingrg/kc/buy/cgsh_order_operate.html?command=get_materiel&rest_code=00149&code=00101008350&supplier_code=00100005&order_time=2021-03-12 HTTP/1.1" 200 408
58.40.7.146 - - [12/Mar/2021:08:23:59 +0800] "GET /xingrg/all/function/internal_message.html?_=1615508636390&CODE_STATE=getMsg HTTP/1.1" 200 27
222.70.209.13 - - [12/Mar/2021:08:24:00 +0800] "GET /xingrg/all/function/internal_message.html?_=1615508633495&CODE_STATE=getMsg HTTP/1.1" 200 27
116.224.253.72 - - [12/Mar/2021:08:24:04 +0800] "GET /xingrg/all/function/internal_message.html?_=1615508601718&CODE_STATE=getMsg HTTP/1.1" 200 27
222.69.136.95 - - [12/Mar/2021:08:24:10 +0800] "GET /xingrg/kc/buy/cgsh_order_operate.html?command=get_materiel&rest_code=00149&code=00101008354&supplier_code=00100005&order_time=2021-03-12 HTTP/1.1" 200 412
58.40.7.146 - - [12/Mar/2021:08:24:12 +0800] "GET /xingrg/all/function/internal_message.html?_=1615508648770&CODE_STATE=getMsg HTTP/1.1" 302 -
58.37.230.33 - - [12/Mar/2021:08:24:16 +0800] "GET /xingrg/all/function/internal_message.html?_=1615508657626&CODE_STATE=getMsg HTTP/1.1" 200 27
120.253.135.82 - - [12/Mar/2021:08:24:25 +0800] "GET /xingrg/all/function/internal_message.html?_=1615508723174&CODE_STATE=getMsg HTTP/1.1" 200 27
222.69.136.95 - - [12/Mar/2021:08:24:28 +0800] "GET /xingrg/kc/buy/cgsh_order_operate.html?command=get_materiel&rest_code=00149&code=00101008283&supplier_code=00100005&order_time=2021-03-12 HTTP/1.1" 200 408
222.70.216.222 - - [12/Mar/2021:08:24:32 +0800] "GET /xingrg/all/function/internal_message.html?_=1615508667462&CODE_STATE=getMsg HTTP/1.1" 200 27
101.228.165.174 - - [12/Mar/2021:08:24:32 +0800] "GET /xingrg/check_reg.html?_=1615508656633 HTTP/1.1" 200 22
101.228.165.174 - - [12/Mar/2021:08:24:35 +0800] "GET /xingrg/all/function/internal_message.html?_=1615508659519&CODE_STATE=getMsg HTTP/1.1" 200 27
222.69.136.95 - - [12/Mar/2021:08:24:38 +0800] "GET /xingrg/all/function/internal_message.html?_=1615508672341&CODE_STATE=getMsg HTTP/1.1" 200 27
116.224.253.72 - - [12/Mar/2021:08:24:39 +0800] "GET /xingrg/all/function/internal_message.html?_=1615508681577&CODE_STATE=getMsg HTTP/1.1" 200 27
222.69.136.95 - - [12/Mar/2021:08:24:39 +0800] "GET /xingrg/kc/buy/cgsh_order_operate.html?command=get_materiel&rest_code=00149&code=00101008358&supplier_code=00100005&order_time=2021-03-12 HTTP/1.1" 200 412
180.169.147.146 - - [12/Mar/2021:08:24:39 +0800] "GET /xingrg/check_reg.html?_=1615508676205 HTTP/1.1" 302 -
180.169.147.146 - - [12/Mar/2021:08:24:39 +0800] "GET /xingrg/all/function/internal_message.html?_=1615508676206&CODE_STATE=getMsg HTTP/1.1" 302 -
120.253.135.82 - - [12/Mar/2021:08:24:42 +0800] "GET /xingrg/all/function/internal_message.html?_=1615508451359&CODE_STATE=getMsg HTTP/1.1" 200 27
180.174.195.252 - - [12/Mar/2021:08:24:56 +0800] "GET /xingrg/check_reg.html?_=1615508956558 HTTP/1.1" 200 22
58.40.7.146 - - [12/Mar/2021:08:24:59 +0800] "GET /xingrg/all/function/internal_message.html?_=1615508696392&CODE_STATE=getMsg HTTP/1.1" 200 27
58.40.7.146 - - [12/Mar/2021:08:24:59 +0800] "GET /xingrg/check_reg.html?_=1615508696394 HTTP/1.1" 200 22
222.70.209.13 - - [12/Mar/2021:08:25:00 +0800] "GET /xingrg/all/function/internal_message.html?_=1615508693507&CODE_STATE=getMsg HTTP/1.1" 200 27
116.224.253.72 - - [12/Mar/2021:08:25:04 +0800] "GET /xingrg/all/function/internal_message.html?_=1615508661754&CODE_STATE=getMsg HTTP/1.1" 200 27
58.40.7.146 - - [12/Mar/2021:08:25:12 +0800] "GET /xingrg/all/function/internal_message.html?_=1615508708757&CODE_STATE=getMsg HTTP/1.1" 302 -
58.37.230.33 - - [12/Mar/2021:08:25:16 +0800] "GET /xingrg/all/function/internal_message.html?_=1615508717601&CODE_STATE=getMsg HTTP/1.1" 200 27
120.253.135.82 - - [12/Mar/2021:08:25:25 +0800] "GET /xingrg/all/function/internal_message.html?_=1615508783187&CODE_STATE=getMsg HTTP/1.1" 200 27
58.37.230.33 - - [12/Mar/2021:08:25:30 +0800] "GET /xingrg/check_reg.html?_=1615508731327 HTTP/1.1" 200 22
222.70.216.222 - - [12/Mar/2021:08:25:32 +0800] "GET /xingrg/check_reg.html?_=1615508727449 HTTP/1.1" 200 22
222.70.216.222 - - [12/Mar/2021:08:25:32 +0800] "GET /xingrg/all/function/internal_message.html?_=1615508727451&CODE_STATE=getMsg HTTP/1.1" 200 27
101.228.165.174 - - [12/Mar/2021:08:25:35 +0800] "GET /xingrg/all/function/internal_message.html?_=1615508719533&CODE_STATE=getMsg HTTP/1.1" 200 27
222.69.136.95 - - [12/Mar/2021:08:25:38 +0800] "GET /xingrg/all/function/internal_message.html?_=1615508732344&CODE_STATE=getMsg HTTP/1.1" 200 27
116.224.253.72 - - [12/Mar/2021:08:25:39 +0800] "GET /xingrg/all/function/internal_message.html?_=1615508741590&CODE_STATE=getMsg HTTP/1.1" 200 27
180.169.147.146 - - [12/Mar/2021:08:25:39 +0800] "GET /xingrg/all/function/internal_message.html?_=1615508736208&CODE_STATE=getMsg HTTP/1.1" 302 -
120.253.135.82 - - [12/Mar/2021:08:25:42 +0800] "GET /xingrg/all/function/internal_message.html?_=1615508511365&CODE_STATE=getMsg HTTP/1.1" 200 27
58.40.7.146 - - [12/Mar/2021:08:25:59 +0800] "GET /xingrg/all/function/internal_message.html?_=1615508756397&CODE_STATE=getMsg HTTP/1.1" 200 27
222.70.209.13 - - [12/Mar/2021:08:26:00 +0800] "GET /xingrg/all/function/internal_message.html?_=1615508753532&CODE_STATE=getMsg HTTP/1.1" 200 27
116.224.253.72 - - [12/Mar/2021:08:26:04 +0800] "GET /xingrg/all/function/internal_message.html?_=1615508721761&CODE_STATE=getMsg HTTP/1.1" 200 27
116.233.77.91 - - [12/Mar/2021:08:26:11 +0800] "POST /xingrg/services/DataTransmitService HTTP/1.1" 200 524
58.40.7.146 - - [12/Mar/2021:08:26:12 +0800] "GET /xingrg/all/function/internal_message.html?_=1615508768760&CODE_STATE=getMsg HTTP/1.1" 302 -
58.37.230.33 - - [12/Mar/2021:08:26:16 +0800] "GET /xingrg/all/function/internal_message.html?_=1615508777570&CODE_STATE=getMsg HTTP/1.1" 200 27
61.151.178.197 - - [12/Mar/2021:08:26:21 +0800] "GET /xingrg/all/function/internal_message.html?_=1615508717601&CODE_STATE=getMsg HTTP/1.1" 302 -
222.69.136.95 - - [12/Mar/2021:08:26:22 +0800] "GET /xingrg/kc/buy/cgsh_order_operate.html?command=get_materiel&rest_code=00149&code=00101008224&supplier_code=00100005&order_time=2021-03-12 HTTP/1.1" 200 416
61.151.178.197 - - [12/Mar/2021:08:26:23 +0800] "GET /xingrg/login.html HTTP/1.1" 200 7641
120.253.135.82 - - [12/Mar/2021:08:26:25 +0800] "GET /xingrg/all/function/internal_message.html?_=1615508843201&CODE_STATE=getMsg HTTP/1.1" 200 27
222.70.216.222 - - [12/Mar/2021:08:26:32 +0800] "GET /xingrg/all/function/internal_message.html?_=1615508787451&CODE_STATE=getMsg HTTP/1.1" 200 27
101.228.165.174 - - [12/Mar/2021:08:26:35 +0800] "GET /xingrg/all/function/internal_message.html?_=1615508779546&CODE_STATE=getMsg HTTP/1.1" 200 27
222.69.136.95 - - [12/Mar/2021:08:26:38 +0800] "GET /xingrg/all/function/internal_message.html?_=1615508792332&CODE_STATE=getMsg HTTP/1.1" 200 27
116.224.253.72 - - [12/Mar/2021:08:26:39 +0800] "GET /xingrg/all/function/internal_message.html?_=1615508801590&CODE_STATE=getMsg HTTP/1.1" 200 27
222.69.136.95 - - [12/Mar/2021:08:26:39 +0800] "GET /xingrg/kc/buy/cgsh_order_operate.html?command=get_materiel&rest_code=00149&code=00101008285&supplier_code=00100005&order_time=2021-03-12 HTTP/1.1" 200 432
180.169.147.146 - - [12/Mar/2021:08:26:39 +0800] "GET /xingrg/all/function/internal_message.html?_=1615508796209&CODE_STATE=getMsg HTTP/1.1" 302 -
120.253.135.82 - - [12/Mar/2021:08:26:42 +0800] "GET /xingrg/check_reg.html?_=1615508570805 HTTP/1.1" 200 22
120.253.135.82 - - [12/Mar/2021:08:26:42 +0800] "GET /xingrg/all/function/internal_message.html?_=1615508571380&CODE_STATE=getMsg HTTP/1.1" 200 27
222.69.136.95 - - [12/Mar/2021:08:26:53 +0800] "GET /xingrg/kc/buy/cgsh_order_operate.html?command=get_materiel&rest_code=00149&code=00101008298&supplier_code=00100005&order_time=2021-03-12 HTTP/1.1" 200 413
58.40.7.146 - - [12/Mar/2021:08:26:59 +0800] "GET /xingrg/all/function/internal_message.html?_=1615508816385&CODE_STATE=getMsg HTTP/1.1" 200 27
222.70.209.13 - - [12/Mar/2021:08:27:00 +0800] "GET /xingrg/all/function/internal_message.html?_=1615508813535&CODE_STATE=getMsg HTTP/1.1" 200 27
116.224.253.72 - - [12/Mar/2021:08:27:04 +0800] "GET /xingrg/all/function/internal_message.html?_=1615508781799&CODE_STATE=getMsg HTTP/1.1" 200 27
222.69.136.95 - - [12/Mar/2021:08:27:06 +0800] "GET /xingrg/kc/buy/cgsh_order_operate.html?command=get_materiel&rest_code=00149&code=00101008355&supplier_code=00100005&order_time=2021-03-12 HTTP/1.1" 200 408
58.40.7.146 - - [12/Mar/2021:08:27:12 +0800] "GET /xingrg/all/function/internal_message.html?_=1615508828764&CODE_STATE=getMsg HTTP/1.1" 302 -
58.37.230.33 - - [12/Mar/2021:08:27:16 +0800] "GET /xingrg/all/function/internal_message.html?_=1615508837545&CODE_STATE=getMsg HTTP/1.1" 200 27
222.69.136.95 - - [12/Mar/2021:08:27:21 +0800] "GET /xingrg/kc/buy/cgsh_order_operate.html?command=get_materiel&rest_code=00149&code=00101008264&supplier_code=00100005&order_time=2021-03-12 HTTP/1.1" 200 412
120.253.135.82 - - [12/Mar/2021:08:27:22 +0800] "GET /xingrg/check_reg.html?_=1615508900304 HTTP/1.1" 200 22
120.253.135.82 - - [12/Mar/2021:08:27:25 +0800] "GET /xingrg/all/function/internal_message.html?_=1615508903215&CODE_STATE=getMsg HTTP/1.1" 200 27
222.70.216.222 - - [12/Mar/2021:08:27:32 +0800] "GET /xingrg/all/function/internal_message.html?_=1615508847454&CODE_STATE=getMsg HTTP/1.1" 200 27
222.69.136.95 - - [12/Mar/2021:08:27:33 +0800] "GET /xingrg/kc/buy/cgsh_order_operate.html?command=get_materiel&rest_code=00149&code=00101008356&supplier_code=00100005&order_time=2021-03-12 HTTP/1.1" 200 408
101.228.165.174 - - [12/Mar/2021:08:27:35 +0800] "GET /xingrg/all/function/internal_message.html?_=1615508839765&CODE_STATE=getMsg HTTP/1.1" 200 27
222.69.136.95 - - [12/Mar/2021:08:27:37 +0800] "POST /xingrg/kc/buy/cgsh_order_operate.html HTTP/1.1" 200 2065
222.69.136.95 - - [12/Mar/2021:08:27:38 +0800] "GET /xingrg/all/function/internal_message.html?_=1615508852339&CODE_STATE=getMsg HTTP/1.1" 200 27
116.224.253.72 - - [12/Mar/2021:08:27:39 +0800] "GET /xingrg/all/function/internal_message.html?_=1615508861595&CODE_STATE=getMsg HTTP/1.1" 200 27
180.169.147.146 - - [12/Mar/2021:08:27:39 +0800] "GET /xingrg/all/function/internal_message.html?_=1615508856210&CODE_STATE=getMsg HTTP/1.1" 302 -
120.253.135.82 - - [12/Mar/2021:08:27:42 +0800] "GET /xingrg/all/function/internal_message.html?_=1615508631394&CODE_STATE=getMsg HTTP/1.1" 200 27
120.253.135.82 - - [12/Mar/2021:08:27:45 +0800] "POST /xingrg/kc/pszx/mdps_list_operate.html HTTP/1.1" 200 3132
116.224.253.72 - - [12/Mar/2021:08:27:47 +0800] "GET /xingrg/check_reg.html?_=1615508824972 HTTP/1.1" 200 22
120.253.135.82 - - [12/Mar/2021:08:27:51 +0800] "POST /xingrg/kc/pszx/mdps_list_operate.html HTTP/1.1" 200 3506
222.69.136.95 - - [12/Mar/2021:08:27:51 +0800] "GET /xingrg/kc/buy/cgsh_order_operate.html?command=get_materiel&rest_code=00149&code=00101008439&supplier_code=00100005&order_time=2021-03-12 HTTP/1.1" 200 399
120.253.135.82 - - [12/Mar/2021:08:27:55 +0800] "POST /xingrg/kc/pszx/mdps_list_operate.html HTTP/1.1" 200 205
120.253.135.82 - - [12/Mar/2021:08:27:58 +0800] "POST /xingrg/kc/pszx/mdps_list_operate.html HTTP/1.1" 200 381
58.40.7.146 - - [12/Mar/2021:08:27:59 +0800] "GET /xingrg/all/function/internal_message.html?_=1615508876388&CODE_STATE=getMsg HTTP/1.1" 200 27
222.70.209.13 - - [12/Mar/2021:08:28:01 +0800] "GET /xingrg/all/function/internal_message.html?_=1615508873559&CODE_STATE=getMsg HTTP/1.1" 200 27
222.69.136.95 - - [12/Mar/2021:08:28:01 +0800] "GET /xingrg/kc/buy/cgsh_order_operate.html?command=get_materiel&rest_code=00149&code=00101008137&supplier_code=00100005&order_time=2021-03-12 HTTP/1.1" 200 408
120.253.135.82 - - [12/Mar/2021:08:28:02 +0800] "GET /xingrg/kc/pszx/mdps_order_info.html?code=312021031200294 HTTP/1.1" 200 23881
120.253.135.82 - - [12/Mar/2021:08:28:02 +0800] "GET /xingrg/javascript/easyui/themes/default/validatebox.css HTTP/1.1" 404 1104
120.253.135.82 - - [12/Mar/2021:08:28:02 +0800] "POST /xingrg/kc/pszx/mdps_order_operate.html HTTP/1.1" 200 3305
116.224.253.72 - - [12/Mar/2021:08:28:04 +0800] "GET /xingrg/all/function/internal_message.html?_=1615508841803&CODE_STATE=getMsg HTTP/1.1" 200 27
120.253.135.82 - - [12/Mar/2021:08:28:05 +0800] "POST /xingrg/kc/pszx/mdps_list_operate.html HTTP/1.1" 200 3506
120.253.135.82 - - [12/Mar/2021:08:28:06 +0800] "POST /xingrg/kc/pszx/mdps_list_operate.html HTTP/1.1" 200 233
120.253.135.82 - - [12/Mar/2021:08:28:08 +0800] "POST /xingrg/kc/pszx/mdps_list_operate.html HTTP/1.1" 200 612
120.253.135.82 - - [12/Mar/2021:08:28:10 +0800] "GET /xingrg/kc/pszx/mdps_order_info.html?code=312021031100271 HTTP/1.1" 200 23881
120.253.135.82 - - [12/Mar/2021:08:28:10 +0800] "GET /xingrg/javascript/easyui/themes/default/validatebox.css HTTP/1.1" 404 1104
120.253.135.82 - - [12/Mar/2021:08:28:11 +0800] "POST /xingrg/kc/pszx/mdps_order_operate.html HTTP/1.1" 200 15084
58.40.7.146 - - [12/Mar/2021:08:28:12 +0800] "GET /xingrg/all/function/internal_message.html?_=1615508888767&CODE_STATE=getMsg HTTP/1.1" 302 -
58.40.7.146 - - [12/Mar/2021:08:28:12 +0800] "GET /xingrg/check_reg.html?_=1615508888769 HTTP/1.1" 302 -
222.69.136.95 - - [12/Mar/2021:08:28:14 +0800] "GET /xingrg/kc/buy/cgsh_order_operate.html?command=get_materiel&rest_code=00149&code=00101008223&supplier_code=00100005&order_time=2021-03-12 HTTP/1.1" 200 412
58.37.230.33 - - [12/Mar/2021:08:28:16 +0800] "GET /xingrg/all/function/internal_message.html?_=1615508897514&CODE_STATE=getMsg HTTP/1.1" 200 27
120.253.135.82 - - [12/Mar/2021:08:28:18 +0800] "POST /xingrg/kc/pszx/mdps_list_operate.html HTTP/1.1" 200 3506
120.253.135.82 - - [12/Mar/2021:08:28:25 +0800] "GET /xingrg/all/function/internal_message.html?_=1615508963233&CODE_STATE=getMsg HTTP/1.1" 200 27
101.227.139.173 - - [12/Mar/2021:08:28:26 +0800] "GET /xingrg/all/function/internal_message.html?_=1615508837545&CODE_STATE=getMsg HTTP/1.1" 302 -
101.227.139.173 - - [12/Mar/2021:08:28:27 +0800] "GET /xingrg/login.html HTTP/1.1" 200 7641
222.69.136.95 - - [12/Mar/2021:08:28:29 +0800] "GET /xingrg/kc/buy/cgsh_order_operate.html?command=get_materiel&rest_code=00149&code=00101008172&supplier_code=00100005&order_time=2021-03-12 HTTP/1.1" 200 431
222.70.216.222 - - [12/Mar/2021:08:28:32 +0800] "GET /xingrg/all/function/internal_message.html?_=1615508907455&CODE_STATE=getMsg HTTP/1.1" 200 27
222.69.136.95 - - [12/Mar/2021:08:28:33 +0800] "POST /xingrg/kc/buy/cgsh_order_operate.html HTTP/1.1" 200 2065
101.228.165.174 - - [12/Mar/2021:08:28:35 +0800] "GET /xingrg/all/function/internal_message.html?_=1615508899776&CODE_STATE=getMsg HTTP/1.1" 200 27
222.69.136.95 - - [12/Mar/2021:08:28:38 +0800] "GET /xingrg/check_reg.html?_=1615508912341 HTTP/1.1" 200 22
222.69.136.95 - - [12/Mar/2021:08:28:38 +0800] "GET /xingrg/all/function/internal_message.html?_=1615508912343&CODE_STATE=getMsg HTTP/1.1" 200 27
222.69.136.95 - - [12/Mar/2021:08:28:38 +0800] "GET /xingrg/kc/buy/cgsh_order_operate.html?command=get_materiel&rest_code=00149&code=00101008238&supplier_code=00100005&order_time=2021-03-12 HTTP/1.1" 200 416
116.224.253.72 - - [12/Mar/2021:08:28:39 +0800] "GET /xingrg/all/function/internal_message.html?_=1615508921595&CODE_STATE=getMsg HTTP/1.1" 200 27
116.224.253.72 - - [12/Mar/2021:08:28:39 +0800] "GET /xingrg/check_reg.html?_=1615508921598 HTTP/1.1" 200 22
180.169.147.146 - - [12/Mar/2021:08:28:39 +0800] "GET /xingrg/all/function/internal_message.html?_=1615508916217&CODE_STATE=getMsg HTTP/1.1" 302 -
120.253.135.82 - - [12/Mar/2021:08:28:43 +0800] "GET /xingrg/all/function/internal_message.html?_=1615508691614&CODE_STATE=getMsg HTTP/1.1" 200 27
222.70.209.13 - - [12/Mar/2021:08:28:47 +0800] "GET /xingrg/check_reg.html?_=1615508920029 HTTP/1.1" 200 22
58.40.7.146 - - [12/Mar/2021:08:28:59 +0800] "GET /xingrg/all/function/internal_message.html?_=1615508936391&CODE_STATE=getMsg HTTP/1.1" 200 27
222.70.209.13 - - [12/Mar/2021:08:29:00 +0800] "GET /xingrg/all/function/internal_message.html?_=1615508933563&CODE_STATE=getMsg HTTP/1.1" 200 27
116.224.253.72 - - [12/Mar/2021:08:29:04 +0800] "GET /xingrg/all/function/internal_message.html?_=1615508901817&CODE_STATE=getMsg HTTP/1.1" 200 27
222.69.136.95 - - [12/Mar/2021:08:29:08 +0800] "GET /xingrg/kc/buy/cgsh_order_operate.html?command=get_materiel&rest_code=00149&code=00101008161&supplier_code=00100005&order_time=2021-03-12 HTTP/1.1" 200 409
58.40.7.146 - - [12/Mar/2021:08:29:12 +0800] "GET /xingrg/all/function/internal_message.html?_=1615508948770&CODE_STATE=getMsg HTTP/1.1" 302 -
58.37.230.33 - - [12/Mar/2021:08:29:16 +0800] "GET /xingrg/all/function/internal_message.html?_=1615508957482&CODE_STATE=getMsg HTTP/1.1" 200 27
120.253.135.82 - - [12/Mar/2021:08:29:25 +0800] "GET /xingrg/all/function/internal_message.html?_=1615509023242&CODE_STATE=getMsg HTTP/1.1" 200 27
222.69.136.95 - - [12/Mar/2021:08:29:27 +0800] "GET /xingrg/kc/buy/cgsh_order_operate.html?command=get_materiel&rest_code=00149&code=00101008357&supplier_code=00100005&order_time=2021-03-12 HTTP/1.1" 200 408
222.70.216.222 - - [12/Mar/2021:08:29:32 +0800] "GET /xingrg/all/function/internal_message.html?_=1615508967458&CODE_STATE=getMsg HTTP/1.1" 200 27
101.228.165.174 - - [12/Mar/2021:08:29:32 +0800] "GET /xingrg/check_reg.html?_=1615508956825 HTTP/1.1" 200 22
101.228.165.174 - - [12/Mar/2021:08:29:35 +0800] "GET /xingrg/all/function/internal_message.html?_=1615508959791&CODE_STATE=getMsg HTTP/1.1" 200 27
222.69.136.95 - - [12/Mar/2021:08:29:37 +0800] "GET /xingrg/kc/buy/cgsh_order_operate.html?command=get_materiel&rest_code=00149&code=00101008069&supplier_code=00100005&order_time=2021-03-12 HTTP/1.1" 200 412
222.69.136.95 - - [12/Mar/2021:08:29:38 +0800] "GET /xingrg/all/function/internal_message.html?_=1615508972331&CODE_STATE=getMsg HTTP/1.1" 200 27
116.224.253.72 - - [12/Mar/2021:08:29:39 +0800] "GET /xingrg/all/function/internal_message.html?_=1615508981595&CODE_STATE=getMsg HTTP/1.1" 200 27
180.169.147.146 - - [12/Mar/2021:08:29:39 +0800] "GET /xingrg/check_reg.html?_=1615508976206 HTTP/1.1" 302 -
180.169.147.146 - - [12/Mar/2021:08:29:39 +0800] "GET /xingrg/all/function/internal_message.html?_=1615508976208&CODE_STATE=getMsg HTTP/1.1" 302 -
120.253.135.82 - - [12/Mar/2021:08:29:43 +0800] "GET /xingrg/all/function/internal_message.html?_=1615508751625&CODE_STATE=getMsg HTTP/1.1" 200 27
222.69.136.95 - - [12/Mar/2021:08:29:48 +0800] "GET /xingrg/kc/buy/cgsh_order_operate.html?command=get_materiel&rest_code=00149&code=00101008286&supplier_code=00100005&order_time=2021-03-12 HTTP/1.1" 200 408
222.69.136.95 - - [12/Mar/2021:08:29:58 +0800] "POST /xingrg/kc/buy/cgsh_order_operate.html HTTP/1.1" 200 2065
58.40.7.146 - - [12/Mar/2021:08:29:59 +0800] "GET /xingrg/all/function/internal_message.html?_=1615508996393&CODE_STATE=getMsg HTTP/1.1" 200 27
58.40.7.146 - - [12/Mar/2021:08:29:59 +0800] "GET /xingrg/check_reg.html?_=1615508996395 HTTP/1.1" 200 22
222.70.209.13 - - [12/Mar/2021:08:30:00 +0800] "GET /xingrg/all/function/internal_message.html?_=1615508993576&CODE_STATE=getMsg HTTP/1.1" 200 27
222.69.136.95 - - [12/Mar/2021:08:30:02 +0800] "GET /xingrg/kc/buy/cgsh_order_operate.html?command=get_materiel&rest_code=00149&code=00101008036&supplier_code=00100005&order_time=2021-03-12 HTTP/1.1" 200 408
116.224.253.72 - - [12/Mar/2021:08:30:04 +0800] "GET /xingrg/all/function/internal_message.html?_=1615508961853&CODE_STATE=getMsg HTTP/1.1" 200 27
58.40.7.146 - - [12/Mar/2021:08:30:12 +0800] "GET /xingrg/all/function/internal_message.html?_=1615509008773&CODE_STATE=getMsg HTTP/1.1" 302 -
58.37.230.33 - - [12/Mar/2021:08:30:16 +0800] "GET /xingrg/all/function/internal_message.html?_=1615509017485&CODE_STATE=getMsg HTTP/1.1" 200 27
222.69.136.95 - - [12/Mar/2021:08:30:17 +0800] "GET /xingrg/kc/buy/cgsh_order_operate.html?command=get_materiel&rest_code=00149&code=00101008131&supplier_code=00100005&order_time=2021-03-12 HTTP/1.1" 200 408
120.253.135.82 - - [12/Mar/2021:08:30:25 +0800] "GET /xingrg/all/function/internal_message.html?_=1615509083260&CODE_STATE=getMsg HTTP/1.1" 200 27
222.69.136.95 - - [12/Mar/2021:08:30:26 +0800] "GET /xingrg/kc/buy/cgsh_order_operate.html?command=get_materiel&rest_code=00149&code=00101008169&supplier_code=00100005&order_time=2021-03-12 HTTP/1.1" 200 412
58.37.230.33 - - [12/Mar/2021:08:30:30 +0800] "GET /xingrg/check_reg.html?_=1615509031329 HTTP/1.1" 200 22
222.70.216.222 - - [12/Mar/2021:08:30:32 +0800] "GET /xingrg/check_reg.html?_=1615509027447 HTTP/1.1" 200 22
222.70.216.222 - - [12/Mar/2021:08:30:32 +0800] "GET /xingrg/all/function/internal_message.html?_=1615509027447&CODE_STATE=getMsg HTTP/1.1" 200 27
101.228.165.174 - - [12/Mar/2021:08:30:35 +0800] "GET /xingrg/all/function/internal_message.html?_=1615509019804&CODE_STATE=getMsg HTTP/1.1" 200 27
222.69.136.95 - - [12/Mar/2021:08:30:38 +0800] "GET /xingrg/all/function/internal_message.html?_=1615509032341&CODE_STATE=getMsg HTTP/1.1" 200 27
116.224.253.72 - - [12/Mar/2021:08:30:39 +0800] "GET /xingrg/all/function/internal_message.html?_=1615509041593&CODE_STATE=getMsg HTTP/1.1" 200 27
222.69.136.95 - - [12/Mar/2021:08:30:39 +0800] "GET /xingrg/kc/buy/cgsh_order_operate.html?command=get_materiel&rest_code=00149&code=00101008352&supplier_code=00100005&order_time=2021-03-12 HTTP/1.1" 200 412
180.169.147.146 - - [12/Mar/2021:08:30:39 +0800] "GET /xingrg/all/function/internal_message.html?_=1615509036206&CODE_STATE=getMsg HTTP/1.1" 302 -
120.253.135.82 - - [12/Mar/2021:08:30:43 +0800] "GET /xingrg/all/function/internal_message.html?_=1615508811856&CODE_STATE=getMsg HTTP/1.1" 200 27
222.69.136.95 - - [12/Mar/2021:08:30:43 +0800] "POST /xingrg/kc/buy/cgsh_order_operate.html HTTP/1.1" 200 2065
222.69.136.95 - - [12/Mar/2021:08:30:47 +0800] "GET /xingrg/kc/buy/cgsh_order_operate.html?command=get_materiel&rest_code=00149&code=00101008098&supplier_code=00100005&order_time=2021-03-12 HTTP/1.1" 200 412
222.69.136.95 - - [12/Mar/2021:08:30:57 +0800] "GET /xingrg/kc/buy/cgsh_order_operate.html?command=get_materiel&rest_code=00149&code=00101008005&supplier_code=00100005&order_time=2021-03-12 HTTP/1.1" 200 412
58.40.7.146 - - [12/Mar/2021:08:30:59 +0800] "GET /xingrg/all/function/internal_message.html?_=1615509056398&CODE_STATE=getMsg HTTP/1.1" 200 27
222.70.209.13 - - [12/Mar/2021:08:31:00 +0800] "GET /xingrg/all/function/internal_message.html?_=1615509053600&CODE_STATE=getMsg HTTP/1.1" 200 27
116.224.253.72 - - [12/Mar/2021:08:31:04 +0800] "GET /xingrg/all/function/internal_message.html?_=1615509021860&CODE_STATE=getMsg HTTP/1.1" 200 27
58.40.7.146 - - [12/Mar/2021:08:31:12 +0800] "GET /xingrg/all/function/internal_message.html?_=1615509068776&CODE_STATE=getMsg HTTP/1.1" 302 -
58.37.230.33 - - [12/Mar/2021:08:31:16 +0800] "GET /xingrg/all/function/internal_message.html?_=1615509077455&CODE_STATE=getMsg HTTP/1.1" 200 27
222.69.136.95 - - [12/Mar/2021:08:31:21 +0800] "GET /xingrg/kc/buy/cgsh_order_operate.html?command=get_materiel&rest_code=00149&code=00101008353&supplier_code=00100005&order_time=2021-03-12 HTTP/1.1" 200 408
222.69.136.95 - - [12/Mar/2021:08:31:25 +0800] "POST /xingrg/kc/buy/cgsh_order_operate.html HTTP/1.1" 200 2065
120.253.135.82 - - [12/Mar/2021:08:31:25 +0800] "GET /xingrg/all/function/internal_message.html?_=1615509143269&CODE_STATE=getMsg HTTP/1.1" 200 27
222.69.136.95 - - [12/Mar/2021:08:31:29 +0800] "GET /xingrg/kc/buy/cgsh_order_operate.html?command=get_materiel&rest_code=00149&code=00101008213&supplier_code=00100005&order_time=2021-03-12 HTTP/1.1" 200 412
222.70.216.222 - - [12/Mar/2021:08:31:32 +0800] "GET /xingrg/all/function/internal_message.html?_=1615509087447&CODE_STATE=getMsg HTTP/1.1" 200 27
101.228.165.174 - - [12/Mar/2021:08:31:35 +0800] "GET /xingrg/all/function/internal_message.html?_=1615509079818&CODE_STATE=getMsg HTTP/1.1" 200 27
101.91.62.89 - - [12/Mar/2021:08:31:37 +0800] "GET /xingrg/check_reg.html?_=1615509031329 HTTP/1.1" 302 -
222.69.136.95 - - [12/Mar/2021:08:31:38 +0800] "GET /xingrg/all/function/internal_message.html?_=1615509092337&CODE_STATE=getMsg HTTP/1.1" 200 27
116.224.253.72 - - [12/Mar/2021:08:31:39 +0800] "GET /xingrg/all/function/internal_message.html?_=1615509101596&CODE_STATE=getMsg HTTP/1.1" 200 27
180.169.147.146 - - [12/Mar/2021:08:31:39 +0800] "GET /xingrg/all/function/internal_message.html?_=1615509096204&CODE_STATE=getMsg HTTP/1.1" 302 -
222.69.136.95 - - [12/Mar/2021:08:31:40 +0800] "GET /xingrg/kc/buy/cgsh_order_operate.html?command=get_materiel&rest_code=00149&code=00101008275&supplier_code=00100005&order_time=2021-03-12 HTTP/1.1" 200 417
120.253.135.82 - - [12/Mar/2021:08:31:42 +0800] "GET /xingrg/check_reg.html?_=1615508870886 HTTP/1.1" 200 22
101.91.62.89 - - [12/Mar/2021:08:31:43 +0800] "GET /xingrg/login.html HTTP/1.1" 200 7641
120.253.135.82 - - [12/Mar/2021:08:31:43 +0800] "GET /xingrg/all/function/internal_message.html?_=1615508872094&CODE_STATE=getMsg HTTP/1.1" 200 27
222.69.136.95 - - [12/Mar/2021:08:31:53 +0800] "GET /xingrg/kc/buy/cgsh_order_operate.html?command=get_materiel&rest_code=00149&code=00101008312&supplier_code=00100005&order_time=2021-03-12 HTTP/1.1" 200 412
58.40.7.146 - - [12/Mar/2021:08:31:59 +0800] "GET /xingrg/all/function/internal_message.html?_=1615509116386&CODE_STATE=getMsg HTTP/1.1" 200 27
222.70.209.13 - - [12/Mar/2021:08:32:00 +0800] "GET /xingrg/all/function/internal_message.html?_=1615509113603&CODE_STATE=getMsg HTTP/1.1" 200 27
222.69.136.95 - - [12/Mar/2021:08:32:02 +0800] "GET /xingrg/kc/buy/cgsh_order_operate.html?command=get_materiel&rest_code=00149&code=00101010292&supplier_code=00100005&order_time=2021-03-12 HTTP/1.1" 200 410
116.224.253.72 - - [12/Mar/2021:08:32:04 +0800] "GET /xingrg/all/function/internal_message.html?_=1615509081894&CODE_STATE=getMsg HTTP/1.1" 200 27
222.69.136.95 - - [12/Mar/2021:08:32:09 +0800] "GET /xingrg/kc/buy/cgsh_order_operate.html?command=get_materiel&rest_code=00149&code=00101008365&supplier_code=00100005&order_time=2021-03-12 HTTP/1.1" 200 432
58.40.7.146 - - [12/Mar/2021:08:32:12 +0800] "GET /xingrg/all/function/internal_message.html?_=1615509128766&CODE_STATE=getMsg HTTP/1.1" 302 -
58.37.230.33 - - [12/Mar/2021:08:32:16 +0800] "GET /xingrg/all/function/internal_message.html?_=1615509137437&CODE_STATE=getMsg HTTP/1.1" 200 27
117.184.7.30 - - [12/Mar/2021:08:32:18 +0800] "GET /xingrg/login.html HTTP/1.1" 200 7641
222.69.136.95 - - [12/Mar/2021:08:32:18 +0800] "GET /xingrg/kc/buy/cgsh_order_operate.html?command=get_materiel&rest_code=00149&code=00101008114&supplier_code=00100005&order_time=2021-03-12 HTTP/1.1" 200 413
117.184.7.30 - - [12/Mar/2021:08:32:19 +0800] "GET /favicon.ico HTTP/1.1" 404 -
116.224.253.72 - - [12/Mar/2021:08:32:20 +0800] "POST /xingrg/all/user/operate.html HTTP/1.1" 200 36
116.224.253.72 - - [12/Mar/2021:08:32:20 +0800] "GET /xingrg/javascript/jquery_easy_ui/themes/default/easyui.css HTTP/1.1" 304 -
116.224.253.72 - - [12/Mar/2021:08:32:20 +0800] "GET /xingrg/javascript/jquery_easy_ui/themes/icon.css HTTP/1.1" 304 -
116.224.253.72 - - [12/Mar/2021:08:32:20 +0800] "GET /xingrg/css/form.css HTTP/1.1" 304 -
116.224.253.72 - - [12/Mar/2021:08:32:20 +0800] "GET /xingrg/javascript/jquery-1.4.2.min.js HTTP/1.1" 304 -
116.224.253.72 - - [12/Mar/2021:08:32:20 +0800] "GET /xingrg/index.html?sysBaseUrl=http%3A%2F%2F180.169.147.146%3A18081%2Fxingrg%2F&costTime=40×tamp=1615425545810 HTTP/1.1" 200 17177
116.224.253.72 - - [12/Mar/2021:08:32:20 +0800] "GET /xingrg/javascript/jquery_easy_ui/jquery.easyui.min.js HTTP/1.1" 304 -
116.224.253.72 - - [12/Mar/2021:08:32:20 +0800] "GET /xingrg/javascript/jquery_easy_ui/easyui-lang-zh_CN.js HTTP/1.1" 304 -
116.224.253.72 - - [12/Mar/2021:08:32:20 +0800] "GET /xingrg/javascript/jquery.form.js HTTP/1.1" 304 -
116.224.253.72 - - [12/Mar/2021:08:32:20 +0800] "GET /xingrg/javascript/jquery.utils.js HTTP/1.1" 304 -
116.224.253.72 - - [12/Mar/2021:08:32:20 +0800] "GET /xingrg/javascript/jquery.timers.js HTTP/1.1" 304 -
116.224.253.72 - - [12/Mar/2021:08:32:20 +0800] "GET /xingrg/images/blue/jxLogo.png HTTP/1.1" 304 -
116.224.253.72 - - [12/Mar/2021:08:32:20 +0800] "GET /xingrg/images/blue/navBackgound.jpg HTTP/1.1" 304 -
116.224.253.72 - - [12/Mar/2021:08:32:20 +0800] "GET /xingrg/javascript/jquery_easy_ui/themes/icons/settle_new.png HTTP/1.1" 304 -
116.224.253.72 - - [12/Mar/2021:08:32:20 +0800] "POST /xingrg/all/common/load_tree.html?tree=area_rest_tree_json&manage=1 HTTP/1.1" 200 476
116.224.253.72 - - [12/Mar/2021:08:32:20 +0800] "GET /xingrg/check_reg.html?_=1615509143238 HTTP/1.1" 200 22
116.224.253.72 - - [12/Mar/2021:08:32:20 +0800] "GET /xingrg/all/function/internal_message.html?_=1615509143236&CODE_STATE=count HTTP/1.1" 200 11
116.224.253.72 - - [12/Mar/2021:08:32:20 +0800] "GET /xingrg/images/blue/pingpu.png HTTP/1.1" 304 -
116.224.253.72 - - [12/Mar/2021:08:32:20 +0800] "GET /xingrg/javascript/jquery_easy_ui/themes/default/images/panel_tool_collapse.gif HTTP/1.1" 304 -
116.224.253.72 - - [12/Mar/2021:08:32:20 +0800] "GET /xingrg/javascript/jquery_easy_ui/themes/default/images/tabs_rightarrow.png HTTP/1.1" 304 -
116.224.253.72 - - [12/Mar/2021:08:32:20 +0800] "GET /xingrg/javascript/jquery_easy_ui/themes/default/images/tabs_leftarrow.png HTTP/1.1" 304 -
116.224.253.72 - - [12/Mar/2021:08:32:20 +0800] "POST /xingrg/load_menu.html HTTP/1.1" 200 5138
116.224.253.72 - - [12/Mar/2021:08:32:22 +0800] "GET /xingrg/kc/buy/cgsh_order_list.html HTTP/1.1" 200 46370
120.253.135.82 - - [12/Mar/2021:08:32:22 +0800] "GET /xingrg/check_reg.html?_=1615509200313 HTTP/1.1" 200 22
116.224.253.72 - - [12/Mar/2021:08:32:23 +0800] "POST /xingrg/kc/buy/cgsh_list_operate.html HTTP/1.1" 200 876
116.224.253.72 - - [12/Mar/2021:08:32:24 +0800] "GET /xingrg/kc/buy/cgsh_order_add.html HTTP/1.1" 200 61746
116.224.253.72 - - [12/Mar/2021:08:32:24 +0800] "GET /xingrg/words/20210311101100_words.js HTTP/1.1" 304 -
116.224.253.72 - - [12/Mar/2021:08:32:24 +0800] "POST /xingrg/kc/buy/cgsh_order_operate.html HTTP/1.1" 200 8245
116.224.253.72 - - [12/Mar/2021:08:32:24 +0800] "GET /xingrg/all/common/auto_word.html?type=employee&rest_code=00151 HTTP/1.1" 200 243
116.224.253.72 - - [12/Mar/2021:08:32:24 +0800] "GET /xingrg/javascript/easyui/themes/default/validatebox.css HTTP/1.1" 404 1104
