222.69.139.141 - - [11/Mar/2021:09:30:36 +0800] "GET /xingrg/javascript/easyui/themes/default/validatebox.css HTTP/1.1" 404 1104
114.88.166.193 - - [11/Mar/2021:09:30:37 +0800] "GET /xingrg/all/function/internal_message.html?_=1615426232956&CODE_STATE=getMsg HTTP/1.1" 200 27
180.169.147.146 - - [11/Mar/2021:09:30:37 +0800] "GET /xingrg/all/function/internal_message.html?_=1615426241615&CODE_STATE=getMsg HTTP/1.1" 200 27
180.174.195.252 - - [11/Mar/2021:09:30:37 +0800] "GET /xingrg/all/function/internal_message.html?_=1615426496984&CODE_STATE=getMsg HTTP/1.1" 200 27
116.224.253.72 - - [11/Mar/2021:09:30:44 +0800] "GET /xingrg/all/function/internal_message.html?_=1615426203518&CODE_STATE=getMsg HTTP/1.1" 200 27
180.169.147.146 - - [11/Mar/2021:09:30:45 +0800] "GET /xingrg/all/function/internal_message.html?_=1615426234141&CODE_STATE=getMsg HTTP/1.1" 200 27
222.70.216.220 - - [11/Mar/2021:09:30:45 +0800] "GET /xingrg/check_reg.html?_=1615426240823 HTTP/1.1" 200 22
222.70.216.220 - - [11/Mar/2021:09:30:45 +0800] "GET /xingrg/all/function/internal_message.html?_=1615426240824&CODE_STATE=getMsg HTTP/1.1" 200 27
114.88.166.193 - - [11/Mar/2021:09:30:52 +0800] "GET /xingrg/kc/buy/cgsh_order_operate.html?command=get_materiel&rest_code=00111&code=00101008345&supplier_code=00100005&order_time=2021-03-11 HTTP/1.1" 200 413
172.20.0.100 - - [11/Mar/2021:09:30:53 +0800] "GET /xingrg/check_reg.html?_=1615426250534 HTTP/1.1" 302 -
180.169.147.146 - - [11/Mar/2021:09:30:54 +0800] "GET /xingrg/all/function/internal_message.html?_=1615426247776&CODE_STATE=getMsg HTTP/1.1" 200 27
222.69.139.141 - - [11/Mar/2021:09:30:54 +0800] "GET /xingrg/kc/buy/cgsh_order_operate.html?command=get_materiel&rest_code=00149&code=00101006109&supplier_code=00100012&order_time=2021-03-11 HTTP/1.1" 200 409
58.37.230.33 - - [11/Mar/2021:09:30:59 +0800] "POST /xingrg/dwr/call/plaincall/AjaxQqpsService.getMaterielByCode.dwr HTTP/1.1" 200 2572
58.37.230.33 - - [11/Mar/2021:09:31:00 +0800] "GET /xingrg/all/function/internal_message.html?_=1615426261017&CODE_STATE=getMsg HTTP/1.1" 302 -
114.86.187.76 - - [11/Mar/2021:09:31:00 +0800] "GET /xingrg/kc/buy/cgsh_order_operate.html?command=get_materiel&rest_code=00148&code=00102010587&supplier_code=00100151&order_time=2021-03-11 HTTP/1.1" 200 438
61.151.178.197 - - [11/Mar/2021:09:31:03 +0800] "GET /xingrg/check_reg.html?_=1615425609256 HTTP/1.1" 302 -
58.37.230.33 - - [11/Mar/2021:09:31:04 +0800] "POST /xingrg/dwr/call/plaincall/AjaxQqpsService.saveMaterielItem.dwr HTTP/1.1" 200 78
116.233.75.117 - - [11/Mar/2021:09:31:05 +0800] "GET /xingrg/check_reg.html?_=1615426263084 HTTP/1.1" 200 22
116.233.75.117 - - [11/Mar/2021:09:31:05 +0800] "GET /xingrg/all/function/internal_message.html?_=1615426263082&CODE_STATE=getMsg HTTP/1.1" 200 27
61.151.178.197 - - [11/Mar/2021:09:31:07 +0800] "GET /xingrg/login.html HTTP/1.1" 200 7641
180.169.147.146 - - [11/Mar/2021:09:31:08 +0800] "GET /xingrg/all/function/internal_message.html?_=1615426268522&CODE_STATE=getMsg HTTP/1.1" 200 27
222.69.139.141 - - [11/Mar/2021:09:31:09 +0800] "GET /xingrg/kc/buy/cgsh_order_operate.html?command=get_materiel&rest_code=00149&code=00101006057&supplier_code=00100012&order_time=2021-03-11 HTTP/1.1" 200 413
116.235.216.75 - - [11/Mar/2021:09:31:10 +0800] "GET /xingrg/all/function/internal_message.html?_=1615426267345&CODE_STATE=getMsg HTTP/1.1" 200 27
114.88.166.193 - - [11/Mar/2021:09:31:10 +0800] "GET /xingrg/kc/buy/cgsh_order_operate.html?command=get_materiel&rest_code=00111&code=00101008125&supplier_code=00100005&order_time=2021-03-11 HTTP/1.1" 200 413
58.40.7.146 - - [11/Mar/2021:09:31:10 +0800] "GET /xingrg/all/function/internal_message.html?_=1615426267675&CODE_STATE=getMsg HTTP/1.1" 302 -
117.185.32.26 - - [11/Mar/2021:09:31:11 +0800] "GET /xingrg/all/function/internal_message.html?_=1615426771022&CODE_STATE=getMsg HTTP/1.1" 200 27
61.165.42.208 - - [11/Mar/2021:09:31:11 +0800] "GET /xingrg/all/function/internal_message.html?_=1615426272003&CODE_STATE=getMsg HTTP/1.1" 200 27
116.224.253.72 - - [11/Mar/2021:09:31:12 +0800] "GET /xingrg/all/function/internal_message.html?_=1615426275503&CODE_STATE=getMsg HTTP/1.1" 200 27
61.165.42.208 - - [11/Mar/2021:09:31:12 +0800] "GET /xingrg/all/function/internal_message.html?_=1615426254781&CODE_STATE=getMsg HTTP/1.1" 302 -
58.37.230.33 - - [11/Mar/2021:09:31:13 +0800] "POST /xingrg/dwr/call/plaincall/AjaxQqpsService.getMaterielByCode.dwr HTTP/1.1" 200 2584
58.37.230.33 - - [11/Mar/2021:09:31:19 +0800] "POST /xingrg/dwr/call/plaincall/AjaxQqpsService.saveMaterielItem.dwr HTTP/1.1" 200 78
101.91.60.11 - - [11/Mar/2021:09:31:20 +0800] "GET /xingrg/kc/buy/cgsh_order_operate.html?command=get_materiel&rest_code=00141&code=00101011003&supplier_code=00100036&order_time=2021-03-11 HTTP/1.1" 302 -
101.91.60.11 - - [11/Mar/2021:09:31:23 +0800] "GET /xingrg/login.html HTTP/1.1" 200 7641
114.88.166.193 - - [11/Mar/2021:09:31:23 +0800] "GET /xingrg/kc/buy/cgsh_order_operate.html?command=get_materiel&rest_code=00111&code=00101008242&supplier_code=00100005&order_time=2021-03-11 HTTP/1.1" 200 408
222.69.139.141 - - [11/Mar/2021:09:31:25 +0800] "GET /xingrg/check_reg.html?_=1615426271554 HTTP/1.1" 200 22
222.69.139.141 - - [11/Mar/2021:09:31:25 +0800] "GET /xingrg/all/function/internal_message.html?_=1615426271550&CODE_STATE=getMsg HTTP/1.1" 200 27
58.37.230.33 - - [11/Mar/2021:09:31:26 +0800] "POST /xingrg/dwr/call/plaincall/AjaxQqpsService.getMaterielByCode.dwr HTTP/1.1" 200 2592
222.69.139.141 - - [11/Mar/2021:09:31:26 +0800] "GET /xingrg/kc/buy/cgsh_order_operate.html?command=get_materiel&rest_code=00149&code=00101006058&supplier_code=00100012&order_time=2021-03-11 HTTP/1.1" 200 413
114.86.187.76 - - [11/Mar/2021:09:31:27 +0800] "GET /xingrg/all/function/internal_message.html?_=1615426290148&CODE_STATE=getMsg HTTP/1.1" 200 27
114.86.187.76 - - [11/Mar/2021:09:31:27 +0800] "GET /xingrg/javascript/easyui/themes/default/images/button_plain_hover.png HTTP/1.1" 304 -
114.86.187.76 - - [11/Mar/2021:09:31:27 +0800] "GET /xingrg/javascript/easyui/themes/default/images/button_plain_hover.png HTTP/1.1" 304 -
114.86.187.76 - - [11/Mar/2021:09:31:28 +0800] "GET /xingrg/javascript/easyui/themes/default/images/button_plain_hover.png HTTP/1.1" 304 -
114.86.187.76 - - [11/Mar/2021:09:31:28 +0800] "GET /xingrg/javascript/easyui/themes/default/images/button_plain_hover.png HTTP/1.1" 304 -
58.221.95.50 - - [11/Mar/2021:09:31:29 +0800] "GET /xingrg/all/function/internal_message.html?_=1615426288417&CODE_STATE=getMsg HTTP/1.1" 200 27
114.86.187.76 - - [11/Mar/2021:09:31:31 +0800] "POST /xingrg/kc/buy/cgsh_order_operate.html HTTP/1.1" 200 37
222.70.216.220 - - [11/Mar/2021:09:31:31 +0800] "GET /xingrg/all/function/internal_message.html?_=1615426286788&CODE_STATE=getMsg HTTP/1.1" 200 27
114.86.187.76 - - [11/Mar/2021:09:31:32 +0800] "POST /xingrg/kc/buy/cgsh_order_operate.html HTTP/1.1" 200 7429
58.37.230.33 - - [11/Mar/2021:09:31:33 +0800] "POST /xingrg/dwr/call/plaincall/AjaxQqpsService.saveMaterielItem.dwr HTTP/1.1" 200 78
101.228.165.174 - - [11/Mar/2021:09:31:34 +0800] "GET /xingrg/all/function/internal_message.html?_=1615426335406&CODE_STATE=getMsg HTTP/1.1" 200 27
114.88.166.193 - - [11/Mar/2021:09:31:34 +0800] "GET /xingrg/kc/buy/cgsh_order_operate.html?command=get_materiel&rest_code=00111&code=00101008283&supplier_code=00100005&order_time=2021-03-11 HTTP/1.1" 200 408
58.37.230.33 - - [11/Mar/2021:09:31:35 +0800] "GET /xingrg/all/function/internal_message.html?_=1615426299204&CODE_STATE=getMsg HTTP/1.1" 200 27
114.88.166.193 - - [11/Mar/2021:09:31:37 +0800] "GET /xingrg/all/function/internal_message.html?_=1615426292969&CODE_STATE=getMsg HTTP/1.1" 200 27
222.69.139.141 - - [11/Mar/2021:09:31:37 +0800] "POST /xingrg/kc/buy/cgsh_order_operate.html HTTP/1.1" 200 37
180.169.147.146 - - [11/Mar/2021:09:31:37 +0800] "GET /xingrg/all/function/internal_message.html?_=1615426301637&CODE_STATE=getMsg HTTP/1.1" 200 27
180.174.195.252 - - [11/Mar/2021:09:31:37 +0800] "GET /xingrg/all/function/internal_message.html?_=1615426556998&CODE_STATE=getMsg HTTP/1.1" 200 27
58.37.230.33 - - [11/Mar/2021:09:31:38 +0800] "POST /xingrg/dwr/call/plaincall/AjaxQqpsService.getMaterielByCode.dwr HTTP/1.1" 200 2641
222.69.139.141 - - [11/Mar/2021:09:31:38 +0800] "POST /xingrg/services/DataTransmitService HTTP/1.1" 200 524
61.151.207.205 - - [11/Mar/2021:09:31:39 +0800] "GET /xingrg/kc/buy/cgsh_order_operate.html?command=get_materiel&rest_code=00141&code=00101020078&supplier_code=00100036&order_time=2021-03-11 HTTP/1.1" 302 -
58.221.95.50 - - [11/Mar/2021:09:31:40 +0800] "GET /xingrg/kc/buy/cgsh_order_operate.html?command=get_materiel&rest_code=00152&code=00102029001&supplier_code=00100151&order_time=2021-03-09 HTTP/1.1" 200 469
58.37.230.33 - - [11/Mar/2021:09:31:41 +0800] "POST /xingrg/dwr/call/plaincall/AjaxQqpsService.saveMaterielItem.dwr HTTP/1.1" 200 79
114.88.166.193 - - [11/Mar/2021:09:31:41 +0800] "POST /xingrg/kc/buy/cgsh_order_operate.html HTTP/1.1" 200 2065
222.69.139.141 - - [11/Mar/2021:09:31:42 +0800] "POST /xingrg/kc/buy/cgsh_order_operate.html HTTP/1.1" 200 12
222.69.139.141 - - [11/Mar/2021:09:31:44 +0800] "GET /xingrg/kc/buy/cgsh_order_info.html?code=212021031104409 HTTP/1.1" 200 57059
116.224.253.72 - - [11/Mar/2021:09:31:44 +0800] "GET /xingrg/all/function/internal_message.html?_=1615426263533&CODE_STATE=getMsg HTTP/1.1" 200 27
222.69.139.141 - - [11/Mar/2021:09:31:44 +0800] "GET /xingrg/javascript/easyui/themes/default/validatebox.css HTTP/1.1" 404 1104
222.69.139.141 - - [11/Mar/2021:09:31:45 +0800] "POST /xingrg/kc/buy/cgsh_order_operate.html HTTP/1.1" 200 1791
180.169.147.146 - - [11/Mar/2021:09:31:45 +0800] "GET /xingrg/all/function/internal_message.html?_=1615426294144&CODE_STATE=getMsg HTTP/1.1" 200 27
222.70.216.220 - - [11/Mar/2021:09:31:45 +0800] "GET /xingrg/all/function/internal_message.html?_=1615426300823&CODE_STATE=getMsg HTTP/1.1" 200 27
58.37.230.33 - - [11/Mar/2021:09:31:46 +0800] "POST /xingrg/dwr/call/plaincall/AjaxQqpsService.getMaterielByCode.dwr HTTP/1.1" 200 2619
222.69.139.141 - - [11/Mar/2021:09:31:46 +0800] "POST /xingrg/services/DataTransmitService HTTP/1.1" 200 501
222.69.139.141 - - [11/Mar/2021:09:31:47 +0800] "GET /xingrg/kc/buy/cgsh_order_add.html HTTP/1.1" 200 62157
61.151.207.205 - - [11/Mar/2021:09:31:47 +0800] "GET /xingrg/login.html HTTP/1.1" 200 7641
222.69.139.141 - - [11/Mar/2021:09:31:47 +0800] "GET /xingrg/javascript/easyui/themes/default/validatebox.css HTTP/1.1" 404 1104
222.69.139.141 - - [11/Mar/2021:09:31:47 +0800] "POST /xingrg/kc/buy/cgsh_order_operate.html HTTP/1.1" 200 8245
58.37.230.33 - - [11/Mar/2021:09:31:50 +0800] "POST /xingrg/dwr/call/plaincall/AjaxQqpsService.saveMaterielItem.dwr HTTP/1.1" 200 79
180.169.147.146 - - [11/Mar/2021:09:31:54 +0800] "GET /xingrg/all/function/internal_message.html?_=1615426307748&CODE_STATE=getMsg HTTP/1.1" 200 27
58.37.230.33 - - [11/Mar/2021:09:31:55 +0800] "POST /xingrg/dwr/call/plaincall/AjaxQqpsService.getMaterielByCode.dwr HTTP/1.1" 200 2653
58.37.230.33 - - [11/Mar/2021:09:31:57 +0800] "POST /xingrg/dwr/call/plaincall/AjaxQqpsService.saveMaterielItem.dwr HTTP/1.1" 200 79
180.97.118.219 - - [11/Mar/2021:09:31:58 +0800] "GET /xingrg/kc/print/load_data.html?order_code=212021031104392&kc_code=cgsh&condition= HTTP/1.1" 302 -
58.37.230.33 - - [11/Mar/2021:09:32:00 +0800] "GET /xingrg/all/function/internal_message.html?_=1615426320989&CODE_STATE=getMsg HTTP/1.1" 302 -
222.69.139.141 - - [11/Mar/2021:09:32:01 +0800] "POST /xingrg/services/DataTransmitService HTTP/1.1" 200 524
58.37.230.33 - - [11/Mar/2021:09:32:01 +0800] "POST /xingrg/dwr/call/plaincall/AjaxQqpsService.getMaterielByCode.dwr HTTP/1.1" 200 2614
58.37.230.33 - - [11/Mar/2021:09:32:03 +0800] "POST /xingrg/dwr/call/plaincall/AjaxQqpsService.saveMaterielItem.dwr HTTP/1.1" 200 79
180.97.118.219 - - [11/Mar/2021:09:32:03 +0800] "GET /xingrg/login.html HTTP/1.1" 200 7641
116.233.75.117 - - [11/Mar/2021:09:32:05 +0800] "GET /xingrg/all/function/internal_message.html?_=1615426323087&CODE_STATE=getMsg HTTP/1.1" 200 27
58.37.230.33 - - [11/Mar/2021:09:32:08 +0800] "POST /xingrg/dwr/call/plaincall/AjaxQqpsService.getMaterielByCode.dwr HTTP/1.1" 200 2621
180.169.147.146 - - [11/Mar/2021:09:32:08 +0800] "GET /xingrg/all/function/internal_message.html?_=1615426328520&CODE_STATE=getMsg HTTP/1.1" 200 27
116.235.216.75 - - [11/Mar/2021:09:32:10 +0800] "GET /xingrg/all/function/internal_message.html?_=1615426327329&CODE_STATE=getMsg HTTP/1.1" 200 27
58.40.7.146 - - [11/Mar/2021:09:32:10 +0800] "GET /xingrg/all/function/internal_message.html?_=1615426327678&CODE_STATE=getMsg HTTP/1.1" 302 -
116.235.216.75 - - [11/Mar/2021:09:32:10 +0800] "GET /xingrg/check_reg.html?_=1615426327783 HTTP/1.1" 200 22
117.185.32.26 - - [11/Mar/2021:09:32:11 +0800] "GET /xingrg/all/function/internal_message.html?_=1615426831024&CODE_STATE=getMsg HTTP/1.1" 200 27
61.165.42.208 - - [11/Mar/2021:09:32:11 +0800] "GET /xingrg/all/function/internal_message.html?_=1615426332002&CODE_STATE=getMsg HTTP/1.1" 200 27
116.224.253.72 - - [11/Mar/2021:09:32:12 +0800] "GET /xingrg/all/function/internal_message.html?_=1615426335513&CODE_STATE=getMsg HTTP/1.1" 200 27
61.165.42.208 - - [11/Mar/2021:09:32:12 +0800] "GET /xingrg/all/function/internal_message.html?_=1615426314798&CODE_STATE=getMsg HTTP/1.1" 302 -
114.88.166.193 - - [11/Mar/2021:09:32:14 +0800] "GET /xingrg/kc/buy/cgsh_order_operate.html?command=get_materiel&rest_code=00111&code=00101019254&supplier_code=00100005&order_time=2021-03-11 HTTP/1.1" 200 447
58.37.230.33 - - [11/Mar/2021:09:32:14 +0800] "POST /xingrg/dwr/call/plaincall/AjaxQqpsService.saveMaterielItem.dwr HTTP/1.1" 200 79
222.69.139.141 - - [11/Mar/2021:09:32:17 +0800] "GET /xingrg/kc/buy/cgsh_order_operate.html?command=get_materiel&rest_code=00149&code=00101012025&supplier_code=00100036&order_time=2021-03-11 HTTP/1.1" 200 412
114.88.166.193 - - [11/Mar/2021:09:32:17 +0800] "POST /xingrg/all/common/load_select.html HTTP/1.1" 200 25
58.37.230.33 - - [11/Mar/2021:09:32:18 +0800] "POST /xingrg/dwr/call/plaincall/AjaxQqpsService.getMaterielByCode.dwr HTTP/1.1" 200 2571
58.37.230.33 - - [11/Mar/2021:09:32:20 +0800] "POST /xingrg/dwr/call/plaincall/AjaxQqpsService.saveMaterielItem.dwr HTTP/1.1" 200 79
114.88.166.193 - - [11/Mar/2021:09:32:22 +0800] "GET /xingrg/kc/buy/cgsh_order_operate.html?command=get_materiel_price&rest_code=00111&code=00101019254&unit_code=00100040&supplier_code=00100005&order_time=2021-03-11 HTTP/1.1" 200 27
222.69.139.141 - - [11/Mar/2021:09:32:25 +0800] "GET /xingrg/all/function/internal_message.html?_=1615426331549&CODE_STATE=getMsg HTTP/1.1" 200 27
114.86.187.76 - - [11/Mar/2021:09:32:26 +0800] "GET /xingrg/check_reg.html?_=1615426348864 HTTP/1.1" 200 22
114.86.187.76 - - [11/Mar/2021:09:32:27 +0800] "GET /xingrg/all/function/internal_message.html?_=1615426350157&CODE_STATE=getMsg HTTP/1.1" 200 27
58.37.230.33 - - [11/Mar/2021:09:32:28 +0800] "POST /xingrg/dwr/call/plaincall/AjaxQqpsService.getMaterielByCode.dwr HTTP/1.1" 200 2572
58.221.95.50 - - [11/Mar/2021:09:32:29 +0800] "GET /xingrg/all/function/internal_message.html?_=1615426348397&CODE_STATE=getMsg HTTP/1.1" 200 27
222.69.139.141 - - [11/Mar/2021:09:32:29 +0800] "GET /xingrg/kc/buy/cgsh_order_operate.html?command=get_materiel&rest_code=00149&code=00101012051&supplier_code=00100036&order_time=2021-03-11 HTTP/1.1" 200 408
58.37.230.33 - - [11/Mar/2021:09:32:31 +0800] "POST /xingrg/dwr/call/plaincall/AjaxQqpsService.saveMaterielItem.dwr HTTP/1.1" 200 79
222.70.216.220 - - [11/Mar/2021:09:32:31 +0800] "GET /xingrg/all/function/internal_message.html?_=1615426346789&CODE_STATE=getMsg HTTP/1.1" 200 27
101.228.165.174 - - [11/Mar/2021:09:32:34 +0800] "GET /xingrg/all/function/internal_message.html?_=1615426395576&CODE_STATE=getMsg HTTP/1.1" 200 27
58.37.230.33 - - [11/Mar/2021:09:32:35 +0800] "GET /xingrg/all/function/internal_message.html?_=1615426359190&CODE_STATE=getMsg HTTP/1.1" 200 27
180.174.195.252 - - [11/Mar/2021:09:32:36 +0800] "GET /xingrg/check_reg.html?_=1615426616164 HTTP/1.1" 200 22
114.88.166.193 - - [11/Mar/2021:09:32:37 +0800] "GET /xingrg/all/function/internal_message.html?_=1615426352983&CODE_STATE=getMsg HTTP/1.1" 200 27
180.169.147.146 - - [11/Mar/2021:09:32:37 +0800] "GET /xingrg/all/function/internal_message.html?_=1615426361633&CODE_STATE=getMsg HTTP/1.1" 200 27
180.169.147.146 - - [11/Mar/2021:09:32:37 +0800] "GET /xingrg/check_reg.html?_=1615426361635 HTTP/1.1" 200 22
180.174.195.252 - - [11/Mar/2021:09:32:37 +0800] "GET /xingrg/all/function/internal_message.html?_=1615426617012&CODE_STATE=getMsg HTTP/1.1" 200 27
58.37.230.33 - - [11/Mar/2021:09:32:40 +0800] "POST /xingrg/dwr/call/plaincall/AjaxQqpsService.getMaterielByCode.dwr HTTP/1.1" 200 2628
58.37.230.33 - - [11/Mar/2021:09:32:41 +0800] "POST /xingrg/dwr/call/plaincall/AjaxQqpsService.saveMaterielItem.dwr HTTP/1.1" 200 79
222.69.139.141 - - [11/Mar/2021:09:32:42 +0800] "GET /xingrg/kc/buy/cgsh_order_operate.html?command=get_materiel&rest_code=00149&code=00101010348&supplier_code=00100036&order_time=2021-03-11 HTTP/1.1" 200 417
116.224.253.72 - - [11/Mar/2021:09:32:44 +0800] "GET /xingrg/all/function/internal_message.html?_=1615426323674&CODE_STATE=getMsg HTTP/1.1" 200 27
180.169.147.146 - - [11/Mar/2021:09:32:45 +0800] "GET /xingrg/all/function/internal_message.html?_=1615426354145&CODE_STATE=getMsg HTTP/1.1" 200 27
222.70.216.220 - - [11/Mar/2021:09:32:45 +0800] "GET /xingrg/all/function/internal_message.html?_=1615426360823&CODE_STATE=getMsg HTTP/1.1" 200 27
58.37.230.33 - - [11/Mar/2021:09:32:46 +0800] "POST /xingrg/dwr/call/plaincall/AjaxQqpsService.getMaterielByCode.dwr HTTP/1.1" 200 2625
58.37.230.33 - - [11/Mar/2021:09:32:50 +0800] "POST /xingrg/dwr/call/plaincall/AjaxQqpsService.saveMaterielItem.dwr HTTP/1.1" 200 79
114.86.187.76 - - [11/Mar/2021:09:32:53 +0800] "GET /xingrg/javascript/easyui/themes/default/images/button_plain_hover.png HTTP/1.1" 304 -
114.86.187.76 - - [11/Mar/2021:09:32:53 +0800] "GET /xingrg/javascript/easyui/themes/default/images/button_plain_hover.png HTTP/1.1" 304 -
114.86.187.76 - - [11/Mar/2021:09:32:53 +0800] "GET /xingrg/javascript/easyui/themes/default/images/button_plain_hover.png HTTP/1.1" 304 -
114.86.187.76 - - [11/Mar/2021:09:32:53 +0800] "GET /xingrg/javascript/easyui/themes/default/images/button_plain_hover.png HTTP/1.1" 304 -
114.86.187.76 - - [11/Mar/2021:09:32:53 +0800] "GET /xingrg/javascript/easyui/themes/default/images/button_plain_hover.png HTTP/1.1" 304 -
114.86.187.76 - - [11/Mar/2021:09:32:53 +0800] "GET /xingrg/javascript/easyui/themes/default/images/button_plain_hover.png HTTP/1.1" 304 -
114.86.187.76 - - [11/Mar/2021:09:32:53 +0800] "GET /xingrg/javascript/easyui/themes/default/images/button_plain_hover.png HTTP/1.1" 304 -
114.86.187.76 - - [11/Mar/2021:09:32:53 +0800] "GET /xingrg/javascript/easyui/themes/default/images/button_plain_hover.png HTTP/1.1" 304 -
114.86.187.76 - - [11/Mar/2021:09:32:53 +0800] "GET /xingrg/javascript/easyui/themes/default/images/button_plain_hover.png HTTP/1.1" 304 -
222.69.139.141 - - [11/Mar/2021:09:32:53 +0800] "POST /xingrg/kc/buy/cgsh_order_operate.html HTTP/1.1" 200 37
180.169.147.146 - - [11/Mar/2021:09:32:54 +0800] "GET /xingrg/all/function/internal_message.html?_=1615426367727&CODE_STATE=getMsg HTTP/1.1" 200 27
114.88.166.193 - - [11/Mar/2021:09:32:55 +0800] "GET /xingrg/kc/buy/cgsh_order_operate.html?command=get_materiel&rest_code=00111&code=00101008003&supplier_code=00100005&order_time=2021-03-11 HTTP/1.1" 200 408
58.37.230.33 - - [11/Mar/2021:09:32:55 +0800] "POST /xingrg/dwr/call/plaincall/AjaxQqpsService.getMaterielByCode.dwr HTTP/1.1" 200 2585
222.69.139.141 - - [11/Mar/2021:09:32:56 +0800] "POST /xingrg/kc/buy/cgsh_order_operate.html HTTP/1.1" 200 12
222.69.139.141 - - [11/Mar/2021:09:32:57 +0800] "GET /xingrg/kc/buy/cgsh_order_info.html?code=212021031104410 HTTP/1.1" 200 57061
222.69.139.141 - - [11/Mar/2021:09:32:57 +0800] "GET /xingrg/javascript/easyui/themes/default/validatebox.css HTTP/1.1" 404 1104
114.86.187.76 - - [11/Mar/2021:09:32:57 +0800] "GET /xingrg/kc/buy/cgsh_order_list.html HTTP/1.1" 200 46372
114.86.187.76 - - [11/Mar/2021:09:32:57 +0800] "GET /xingrg/javascript/jquery_tools/jquery.tools.hotkey.js HTTP/1.1" 304 -
114.86.187.76 - - [11/Mar/2021:09:32:57 +0800] "GET /xingrg/css/base.css HTTP/1.1" 304 -
114.86.187.76 - - [11/Mar/2021:09:32:57 +0800] "GET /xingrg/css/site.css HTTP/1.1" 304 -
114.86.187.76 - - [11/Mar/2021:09:32:57 +0800] "GET /xingrg/javascript/jquery_tools/datebox.css HTTP/1.1" 304 -
114.86.187.76 - - [11/Mar/2021:09:32:57 +0800] "GET /xingrg/javascript/easyui/themes/icon.css HTTP/1.1" 304 -
114.86.187.76 - - [11/Mar/2021:09:32:57 +0800] "GET /xingrg/javascript/jquery_tools/jquery.tools.min.js HTTP/1.1" 304 -
114.86.187.76 - - [11/Mar/2021:09:32:57 +0800] "GET /xingrg/javascript/easyui/themes/default/easyui.css HTTP/1.1" 304 -
114.86.187.76 - - [11/Mar/2021:09:32:57 +0800] "GET /xingrg/javascript/jquery_tools/fix.css HTTP/1.1" 304 -
114.86.187.76 - - [11/Mar/2021:09:32:57 +0800] "GET /xingrg/javascript/auto/jquery.autocomplete.css HTTP/1.1" 304 -
114.86.187.76 - - [11/Mar/2021:09:32:57 +0800] "GET /xingrg/javascript/jquery_tools/list_manager.js HTTP/1.1" 304 -
114.86.187.76 - - [11/Mar/2021:09:32:57 +0800] "GET /xingrg/javascript/jquery_tools/table.css HTTP/1.1" 304 -
114.86.187.76 - - [11/Mar/2021:09:32:57 +0800] "GET /xingrg/javascript/jquery_tools/jquery.tools.extend.js HTTP/1.1" 304 -
114.86.187.76 - - [11/Mar/2021:09:32:57 +0800] "GET /xingrg/javascript/jquery_tools/jquery.tools.table.js HTTP/1.1" 304 -
114.86.187.76 - - [11/Mar/2021:09:32:57 +0800] "GET /xingrg/javascript/auto/jquery.autocomplete.js HTTP/1.1" 304 -
114.86.187.76 - - [11/Mar/2021:09:32:57 +0800] "GET /xingrg/javascript/easyui/easyloader.js HTTP/1.1" 304 -
114.86.187.76 - - [11/Mar/2021:09:32:57 +0800] "GET /xingrg/javascript/jquery.utils.js HTTP/1.1" 304 -
114.86.187.76 - - [11/Mar/2021:09:32:57 +0800] "GET /xingrg/javascript/jquery.cookie.js HTTP/1.1" 304 -
114.86.187.76 - - [11/Mar/2021:09:32:57 +0800] "GET /xingrg/javascript/print/LodopFuncs.js HTTP/1.1" 304 -
222.69.139.141 - - [11/Mar/2021:09:32:57 +0800] "POST /xingrg/kc/buy/cgsh_order_operate.html HTTP/1.1" 200 1796
114.86.187.76 - - [11/Mar/2021:09:32:57 +0800] "GET /xingrg/javascript/easyui/plugins/jquery.parser.js HTTP/1.1" 304 -
58.37.230.33 - - [11/Mar/2021:09:32:58 +0800] "POST /xingrg/dwr/call/plaincall/AjaxQqpsService.saveMaterielItem.dwr HTTP/1.1" 200 79
58.37.230.33 - - [11/Mar/2021:09:33:00 +0800] "GET /xingrg/all/function/internal_message.html?_=1615426380963&CODE_STATE=getMsg HTTP/1.1" 302 -
114.86.187.76 - - [11/Mar/2021:09:33:04 +0800] "POST /xingrg/kc/buy/cgsh_list_operate.html HTTP/1.1" 200 3752
116.233.75.117 - - [11/Mar/2021:09:33:05 +0800] "GET /xingrg/all/function/internal_message.html?_=1615426383086&CODE_STATE=getMsg HTTP/1.1" 200 27
222.69.139.141 - - [11/Mar/2021:09:33:07 +0800] "GET /xingrg/kc/buy/cgsh_order_add.html HTTP/1.1" 200 62157
222.69.139.141 - - [11/Mar/2021:09:33:07 +0800] "GET /xingrg/javascript/easyui/themes/default/validatebox.css HTTP/1.1" 404 1104
222.69.139.141 - - [11/Mar/2021:09:33:07 +0800] "POST /xingrg/kc/buy/cgsh_order_operate.html HTTP/1.1" 200 8245
180.169.147.146 - - [11/Mar/2021:09:33:08 +0800] "GET /xingrg/all/function/internal_message.html?_=1615426388520&CODE_STATE=getMsg HTTP/1.1" 200 27
180.169.147.146 - - [11/Mar/2021:09:33:08 +0800] "GET /xingrg/check_reg.html?_=1615426388521 HTTP/1.1" 200 22
114.88.166.193 - - [11/Mar/2021:09:33:09 +0800] "GET /xingrg/kc/buy/cgsh_order_operate.html?command=get_materiel&rest_code=00111&code=00101008356&supplier_code=00100005&order_time=2021-03-11 HTTP/1.1" 200 408
116.235.216.75 - - [11/Mar/2021:09:33:10 +0800] "GET /xingrg/all/function/internal_message.html?_=1615426387301&CODE_STATE=getMsg HTTP/1.1" 200 27
58.40.7.146 - - [11/Mar/2021:09:33:10 +0800] "GET /xingrg/all/function/internal_message.html?_=1615426387682&CODE_STATE=getMsg HTTP/1.1" 302 -
58.40.7.146 - - [11/Mar/2021:09:33:10 +0800] "GET /xingrg/check_reg.html?_=1615426387684 HTTP/1.1" 302 -
117.185.32.26 - - [11/Mar/2021:09:33:11 +0800] "GET /xingrg/all/function/internal_message.html?_=1615426891025&CODE_STATE=getMsg HTTP/1.1" 200 27
61.165.42.208 - - [11/Mar/2021:09:33:11 +0800] "GET /xingrg/all/function/internal_message.html?_=1615426392005&CODE_STATE=getMsg HTTP/1.1" 200 27
116.224.253.72 - - [11/Mar/2021:09:33:12 +0800] "GET /xingrg/all/function/internal_message.html?_=1615426395513&CODE_STATE=getMsg HTTP/1.1" 200 27
61.165.42.208 - - [11/Mar/2021:09:33:12 +0800] "GET /xingrg/all/function/internal_message.html?_=1615426374772&CODE_STATE=getMsg HTTP/1.1" 302 -
222.69.139.141 - - [11/Mar/2021:09:33:17 +0800] "GET /xingrg/kc/buy/cgsh_order_operate.html?command=get_materiel&rest_code=00149&code=00101004033&supplier_code=00100083&order_time=2021-03-11 HTTP/1.1" 200 439
114.88.166.193 - - [11/Mar/2021:09:33:22 +0800] "POST /xingrg/kc/buy/cgsh_order_operate.html HTTP/1.1" 200 2065
222.69.139.141 - - [11/Mar/2021:09:33:22 +0800] "POST /xingrg/services/DataTransmitService HTTP/1.1" 200 501
222.69.139.141 - - [11/Mar/2021:09:33:23 +0800] "POST /xingrg/services/DataTransmitService HTTP/1.1" 200 501
222.69.139.141 - - [11/Mar/2021:09:33:25 +0800] "GET /xingrg/all/function/internal_message.html?_=1615426391551&CODE_STATE=getMsg HTTP/1.1" 200 27
114.86.187.76 - - [11/Mar/2021:09:33:27 +0800] "GET /xingrg/all/function/internal_message.html?_=1615426410377&CODE_STATE=getMsg HTTP/1.1" 200 27
58.221.95.50 - - [11/Mar/2021:09:33:29 +0800] "GET /xingrg/all/function/internal_message.html?_=1615426408380&CODE_STATE=getMsg HTTP/1.1" 200 27
58.221.95.50 - - [11/Mar/2021:09:33:29 +0800] "GET /xingrg/check_reg.html?_=1615426408568 HTTP/1.1" 200 22
222.69.139.141 - - [11/Mar/2021:09:33:29 +0800] "GET /xingrg/kc/buy/cgsh_order_operate.html?command=get_materiel&rest_code=00149&code=00101004011&supplier_code=00100083&order_time=2021-03-11 HTTP/1.1" 200 415
58.37.230.33 - - [11/Mar/2021:09:33:30 +0800] "POST /xingrg/dwr/call/plaincall/AjaxQqpsService.getMaterielByCode.dwr HTTP/1.1" 200 2574
222.70.216.220 - - [11/Mar/2021:09:33:31 +0800] "GET /xingrg/all/function/internal_message.html?_=1615426406791&CODE_STATE=getMsg HTTP/1.1" 200 27
222.70.216.220 - - [11/Mar/2021:09:33:31 +0800] "GET /xingrg/check_reg.html?_=1615426406792 HTTP/1.1" 200 22
58.37.230.33 - - [11/Mar/2021:09:33:33 +0800] "POST /xingrg/dwr/call/plaincall/AjaxQqpsService.saveMaterielItem.dwr HTTP/1.1" 200 79
101.228.165.174 - - [11/Mar/2021:09:33:34 +0800] "GET /xingrg/all/function/internal_message.html?_=1615426455589&CODE_STATE=getMsg HTTP/1.1" 200 27
58.37.230.33 - - [11/Mar/2021:09:33:35 +0800] "GET /xingrg/all/function/internal_message.html?_=1615426419237&CODE_STATE=getMsg HTTP/1.1" 200 27
114.88.166.193 - - [11/Mar/2021:09:33:37 +0800] "GET /xingrg/all/function/internal_message.html?_=1615426412997&CODE_STATE=getMsg HTTP/1.1" 200 27
180.169.147.146 - - [11/Mar/2021:09:33:37 +0800] "GET /xingrg/all/function/internal_message.html?_=1615426421637&CODE_STATE=getMsg HTTP/1.1" 200 27
180.174.195.252 - - [11/Mar/2021:09:33:37 +0800] "GET /xingrg/all/function/internal_message.html?_=1615426677027&CODE_STATE=getMsg HTTP/1.1" 200 27
58.37.230.33 - - [11/Mar/2021:09:33:37 +0800] "POST /xingrg/dwr/call/plaincall/AjaxQqpsService.getMaterielByCode.dwr HTTP/1.1" 200 2574
114.88.166.193 - - [11/Mar/2021:09:33:40 +0800] "GET /xingrg/kc/buy/cgsh_order_operate.html?command=get_materiel&rest_code=00111&code=00101008353&supplier_code=00100005&order_time=2021-03-11 HTTP/1.1" 200 408
114.86.187.76 - - [11/Mar/2021:09:33:40 +0800] "GET /xingrg/javascript/easyui/themes/default/images/button_plain_hover.png HTTP/1.1" 304 -
114.86.187.76 - - [11/Mar/2021:09:33:40 +0800] "GET /xingrg/javascript/easyui/themes/default/images/button_plain_hover.png HTTP/1.1" 304 -
222.69.139.141 - - [11/Mar/2021:09:33:40 +0800] "POST /xingrg/services/DataTransmitService HTTP/1.1" 200 501
114.86.187.76 - - [11/Mar/2021:09:33:40 +0800] "GET /xingrg/css/site.css HTTP/1.1" 304 -
114.86.187.76 - - [11/Mar/2021:09:33:40 +0800] "GET /xingrg/css/base.css HTTP/1.1" 304 -
114.86.187.76 - - [11/Mar/2021:09:33:40 +0800] "GET /xingrg/javascript/jquery_tools/datebox.css HTTP/1.1" 304 -
114.86.187.76 - - [11/Mar/2021:09:33:40 +0800] "GET /xingrg/javascript/easyui/themes/default/easyui.css HTTP/1.1" 304 -
114.86.187.76 - - [11/Mar/2021:09:33:40 +0800] "GET /xingrg/javascript/auto/jquery.autocomplete.css HTTP/1.1" 304 -
114.86.187.76 - - [11/Mar/2021:09:33:40 +0800] "GET /xingrg/javascript/easyui/themes/icon.css HTTP/1.1" 304 -
114.86.187.76 - - [11/Mar/2021:09:33:40 +0800] "GET /xingrg/javascript/jquery_tools/fix.css HTTP/1.1" 304 -
114.86.187.76 - - [11/Mar/2021:09:33:40 +0800] "GET /xingrg/javascript/jquery_tools/table.css HTTP/1.1" 304 -
114.86.187.76 - - [11/Mar/2021:09:33:40 +0800] "GET /xingrg/javascript/pic_change.js HTTP/1.1" 304 -
114.86.187.76 - - [11/Mar/2021:09:33:40 +0800] "GET /xingrg/javascript/jquery_tools/jquery.tools.min.js HTTP/1.1" 304 -
114.86.187.76 - - [11/Mar/2021:09:33:40 +0800] "GET /xingrg/javascript/jquery_tools/jquery.tools.hotkey.js HTTP/1.1" 304 -
114.86.187.76 - - [11/Mar/2021:09:33:40 +0800] "GET /xingrg/javascript/jquery_tools/jquery.tools.extend.js HTTP/1.1" 304 -
114.86.187.76 - - [11/Mar/2021:09:33:40 +0800] "GET /xingrg/javascript/jquery_tools/jquery.tools.table.js HTTP/1.1" 304 -
114.86.187.76 - - [11/Mar/2021:09:33:40 +0800] "GET /xingrg/javascript/jquery_tools/order_manager.js HTTP/1.1" 304 -
114.86.187.76 - - [11/Mar/2021:09:33:40 +0800] "GET /xingrg/javascript/auto/jquery.autocomplete.js HTTP/1.1" 304 -
114.86.187.76 - - [11/Mar/2021:09:33:40 +0800] "GET /xingrg/javascript/easyui/easyloader.js HTTP/1.1" 304 -
114.86.187.76 - - [11/Mar/2021:09:33:40 +0800] "GET /xingrg/javascript/convert.js HTTP/1.1" 304 -
114.86.187.76 - - [11/Mar/2021:09:33:40 +0800] "GET /xingrg/javascript/json2.js HTTP/1.1" 304 -
114.86.187.76 - - [11/Mar/2021:09:33:40 +0800] "GET /xingrg/javascript/print/LodopFuncs.js HTTP/1.1" 304 -
114.86.187.76 - - [11/Mar/2021:09:33:40 +0800] "GET /xingrg/javascript/jquery.cookie.js HTTP/1.1" 304 -
114.86.187.76 - - [11/Mar/2021:09:33:40 +0800] "GET /xingrg/javascript/print/kc_print.js HTTP/1.1" 304 -
114.86.187.76 - - [11/Mar/2021:09:33:40 +0800] "GET /xingrg/javascript/jquery.utils.js HTTP/1.1" 304 -
114.86.187.76 - - [11/Mar/2021:09:33:40 +0800] "GET /xingrg/kc/buy/cgsh_order_add.html HTTP/1.1" 200 62104
114.86.187.76 - - [11/Mar/2021:09:33:40 +0800] "GET /xingrg/words/20210310172013_words.js HTTP/1.1" 304 -
114.86.187.76 - - [11/Mar/2021:09:33:41 +0800] "GET /xingrg/javascript/easyui/themes/icons/copy_new.png HTTP/1.1" 304 -
114.86.187.76 - - [11/Mar/2021:09:33:41 +0800] "GET /xingrg/javascript/easyui/themes/icons/template_new.png HTTP/1.1" 304 -
114.86.187.76 - - [11/Mar/2021:09:33:41 +0800] "GET /xingrg/javascript/easyui/themes/icons/print.png HTTP/1.1" 304 -
114.86.187.76 - - [11/Mar/2021:09:33:41 +0800] "GET /xingrg/javascript/easyui/themes/icons/ok.png HTTP/1.1" 304 -
114.86.187.76 - - [11/Mar/2021:09:33:41 +0800] "GET /xingrg/javascript/easyui/themes/default/images/menu_downarrow.png HTTP/1.1" 304 -
114.86.187.76 - - [11/Mar/2021:09:33:41 +0800] "GET /xingrg/javascript/easyui/themes/icons/cancel.png HTTP/1.1" 304 -
114.86.187.76 - - [11/Mar/2021:09:33:41 +0800] "GET /xingrg/javascript/easyui/plugins/jquery.parser.js HTTP/1.1" 304 -
114.86.187.76 - - [11/Mar/2021:09:33:41 +0800] "POST /xingrg/kc/buy/cgsh_order_operate.html HTTP/1.1" 200 8245
114.86.187.76 - - [11/Mar/2021:09:33:41 +0800] "GET /xingrg/javascript/easyui/themes/default/images/button_plain_hover.png HTTP/1.1" 304 -
114.86.187.76 - - [11/Mar/2021:09:33:41 +0800] "GET /xingrg/all/common/auto_word.html?type=employee&rest_code=00148 HTTP/1.1" 200 197
114.86.187.76 - - [11/Mar/2021:09:33:41 +0800] "GET /xingrg/all/common/auto_word.html?type=employee&rest_code=00148 HTTP/1.1" 200 197
114.86.187.76 - - [11/Mar/2021:09:33:41 +0800] "GET /xingrg/javascript/easyui/themes/default/images/button_plain_hover.png HTTP/1.1" 304 -
114.86.187.76 - - [11/Mar/2021:09:33:41 +0800] "GET /xingrg/javascript/easyui/themes/default/validatebox.css HTTP/1.1" 404 1104
114.86.187.76 - - [11/Mar/2021:09:33:41 +0800] "GET /xingrg/javascript/easyui/plugins/jquery.validatebox.js HTTP/1.1" 304 -
114.86.187.76 - - [11/Mar/2021:09:33:41 +0800] "GET /xingrg/javascript/easyui/plugins/jquery.numberbox.js HTTP/1.1" 304 -
58.37.230.33 - - [11/Mar/2021:09:33:41 +0800] "POST /xingrg/dwr/call/plaincall/AjaxQqpsService.saveMaterielItem.dwr HTTP/1.1" 200 79
222.69.139.141 - - [11/Mar/2021:09:33:41 +0800] "GET /xingrg/kc/buy/cgsh_order_operate.html?command=get_materiel&rest_code=00149&code=00101004067&supplier_code=00100083&order_time=2021-03-11 HTTP/1.1" 200 415
114.86.187.76 - - [11/Mar/2021:09:33:43 +0800] "GET /xingrg/javascript/pic_change.js HTTP/1.1" 304 -
114.86.187.76 - - [11/Mar/2021:09:33:43 +0800] "GET /xingrg/javascript/jquery_tools/jquery.tools.min.js HTTP/1.1" 304 -
114.86.187.76 - - [11/Mar/2021:09:33:43 +0800] "GET /xingrg/javascript/jquery_tools/jquery.tools.hotkey.js HTTP/1.1" 304 -
114.86.187.76 - - [11/Mar/2021:09:33:43 +0800] "GET /xingrg/javascript/jquery_tools/jquery.tools.extend.js HTTP/1.1" 304 -
114.86.187.76 - - [11/Mar/2021:09:33:43 +0800] "GET /xingrg/javascript/jquery_tools/jquery.tools.table.js HTTP/1.1" 304 -
114.86.187.76 - - [11/Mar/2021:09:33:43 +0800] "GET /xingrg/javascript/jquery.utils.js HTTP/1.1" 304 -
114.86.187.76 - - [11/Mar/2021:09:33:43 +0800] "GET /xingrg/javascript/jquery_tools/order_manager.js HTTP/1.1" 304 -
114.86.187.76 - - [11/Mar/2021:09:33:43 +0800] "GET /xingrg/javascript/auto/jquery.autocomplete.js HTTP/1.1" 304 -
114.86.187.76 - - [11/Mar/2021:09:33:43 +0800] "GET /xingrg/javascript/easyui/easyloader.js HTTP/1.1" 304 -
114.86.187.76 - - [11/Mar/2021:09:33:43 +0800] "GET /xingrg/javascript/json2.js HTTP/1.1" 304 -
114.86.187.76 - - [11/Mar/2021:09:33:43 +0800] "GET /xingrg/javascript/print/kc_print.js HTTP/1.1" 304 -
114.86.187.76 - - [11/Mar/2021:09:33:43 +0800] "GET /xingrg/javascript/jquery.cookie.js HTTP/1.1" 304 -
114.86.187.76 - - [11/Mar/2021:09:33:43 +0800] "GET /xingrg/javascript/print/LodopFuncs.js HTTP/1.1" 304 -
114.86.187.76 - - [11/Mar/2021:09:33:43 +0800] "GET /xingrg/javascript/easyui/plugins/jquery.validatebox.js HTTP/1.1" 304 -
114.86.187.76 - - [11/Mar/2021:09:33:43 +0800] "GET /xingrg/words/20210310172013_words.js HTTP/1.1" 304 -
114.86.187.76 - - [11/Mar/2021:09:33:43 +0800] "GET /xingrg/javascript/easyui/plugins/jquery.parser.js HTTP/1.1" 304 -
114.86.187.76 - - [11/Mar/2021:09:33:43 +0800] "GET /xingrg/javascript/easyui/plugins/jquery.numberbox.js HTTP/1.1" 304 -
114.86.187.76 - - [11/Mar/2021:09:33:43 +0800] "GET /xingrg/javascript/convert.js HTTP/1.1" 304 -
116.224.253.72 - - [11/Mar/2021:09:33:44 +0800] "GET /xingrg/all/function/internal_message.html?_=1615426383685&CODE_STATE=getMsg HTTP/1.1" 200 27
180.169.147.146 - - [11/Mar/2021:09:33:45 +0800] "GET /xingrg/all/function/internal_message.html?_=1615426414147&CODE_STATE=getMsg HTTP/1.1" 200 27
222.70.216.220 - - [11/Mar/2021:09:33:45 +0800] "GET /xingrg/all/function/internal_message.html?_=1615426420822&CODE_STATE=getMsg HTTP/1.1" 200 27
114.88.166.193 - - [11/Mar/2021:09:33:48 +0800] "GET /xingrg/kc/buy/cgsh_order_operate.html?command=get_materiel&rest_code=00111&code=00101008001&supplier_code=00100005&order_time=2021-03-11 HTTP/1.1" 200 434
58.37.230.33 - - [11/Mar/2021:09:33:48 +0800] "POST /xingrg/dwr/call/plaincall/AjaxQqpsService.getMaterielByCode.dwr HTTP/1.1" 200 2586
222.69.139.141 - - [11/Mar/2021:09:33:50 +0800] "GET /xingrg/kc/buy/cgsh_order_operate.html?command=get_materiel&rest_code=00149&code=00101004048&supplier_code=00100083&order_time=2021-03-11 HTTP/1.1" 200 417
58.37.230.33 - - [11/Mar/2021:09:33:51 +0800] "POST /xingrg/dwr/call/plaincall/AjaxQqpsService.saveMaterielItem.dwr HTTP/1.1" 200 79
180.169.147.146 - - [11/Mar/2021:09:33:54 +0800] "GET /xingrg/all/function/internal_message.html?_=1615426427701&CODE_STATE=getMsg HTTP/1.1" 200 27
58.221.95.50 - - [11/Mar/2021:09:33:56 +0800] "GET /xingrg/kc/buy/cgsh_order_operate.html?command=get_materiel&rest_code=00152&code=00102009391&supplier_code=00100151&order_time=2021-03-09 HTTP/1.1" 200 404
58.37.230.33 - - [11/Mar/2021:09:33:58 +0800] "POST /xingrg/dwr/call/plaincall/AjaxQqpsService.getMaterielByCode.dwr HTTP/1.1" 200 2571
222.69.139.141 - - [11/Mar/2021:09:33:59 +0800] "GET /xingrg/kc/buy/cgsh_order_operate.html?command=get_materiel&rest_code=00149&code=00101004065&supplier_code=00100083&order_time=2021-03-11 HTTP/1.1" 200 435
114.86.187.76 - - [11/Mar/2021:09:34:00 +0800] "GET /xingrg/kc/buy/cgsh_order_operate.html?command=get_materiel&rest_code=00148&code=00102002494&supplier_code=00100151&order_time=2021-03-11 HTTP/1.1" 200 420
114.86.187.76 - - [11/Mar/2021:09:34:00 +0800] "GET /xingrg/javascript/easyui/themes/default/images/button_plain_hover.png HTTP/1.1" 304 -
58.37.230.33 - - [11/Mar/2021:09:34:00 +0800] "GET /xingrg/all/function/internal_message.html?_=1615426440966&CODE_STATE=getMsg HTTP/1.1" 302 -
58.37.230.33 - - [11/Mar/2021:09:34:00 +0800] "POST /xingrg/dwr/call/plaincall/AjaxQqpsService.saveMaterielItem.dwr HTTP/1.1" 200 79
114.88.166.193 - - [11/Mar/2021:09:34:03 +0800] "GET /xingrg/kc/buy/cgsh_order_operate.html?command=get_materiel&rest_code=00111&code=00101008274&supplier_code=00100005&order_time=2021-03-11 HTTP/1.1" 200 412
222.69.139.141 - - [11/Mar/2021:09:34:03 +0800] "POST /xingrg/services/DataTransmitService HTTP/1.1" 200 501
101.89.239.245 - - [11/Mar/2021:09:34:04 +0800] "GET /xingrg/all/function/internal_message.html?_=1615425819170&CODE_STATE=getMsg HTTP/1.1" 302 -
116.233.75.117 - - [11/Mar/2021:09:34:05 +0800] "GET /xingrg/all/function/internal_message.html?_=1615426443092&CODE_STATE=getMsg HTTP/1.1" 200 27
222.70.216.220 - - [11/Mar/2021:09:34:06 +0800] "GET /xingrg/check_reg.html?_=1615426441776 HTTP/1.1" 200 22
222.69.139.141 - - [11/Mar/2021:09:34:06 +0800] "POST /xingrg/services/DataTransmitService HTTP/1.1" 200 501
222.69.139.141 - - [11/Mar/2021:09:34:06 +0800] "POST /xingrg/services/DataTransmitService HTTP/1.1" 200 501
222.69.139.141 - - [11/Mar/2021:09:34:06 +0800] "GET /xingrg/kc/buy/cgsh_order_operate.html?command=get_materiel&rest_code=00149&code=00101004009&supplier_code=00100083&order_time=2021-03-11 HTTP/1.1" 200 414
180.169.147.146 - - [11/Mar/2021:09:34:08 +0800] "GET /xingrg/all/function/internal_message.html?_=1615426448523&CODE_STATE=getMsg HTTP/1.1" 200 27
116.235.216.75 - - [11/Mar/2021:09:34:09 +0800] "GET /xingrg/all/function/internal_message.html?_=1615426447286&CODE_STATE=getMsg HTTP/1.1" 200 27
101.89.239.245 - - [11/Mar/2021:09:34:10 +0800] "GET /xingrg/login.html HTTP/1.1" 200 7641
58.40.7.146 - - [11/Mar/2021:09:34:10 +0800] "GET /xingrg/all/function/internal_message.html?_=1615426447687&CODE_STATE=getMsg HTTP/1.1" 302 -
61.165.42.208 - - [11/Mar/2021:09:34:11 +0800] "GET /xingrg/check_reg.html?_=1615426452006 HTTP/1.1" 200 22
61.165.42.208 - - [11/Mar/2021:09:34:11 +0800] "GET /xingrg/all/function/internal_message.html?_=1615426452013&CODE_STATE=getMsg HTTP/1.1" 200 27
114.86.187.76 - - [11/Mar/2021:09:34:11 +0800] "GET /xingrg/javascript/easyui/themes/default/images/button_plain_hover.png HTTP/1.1" 304 -
117.185.32.26 - - [11/Mar/2021:09:34:11 +0800] "GET /xingrg/all/function/internal_message.html?_=1615426951024&CODE_STATE=getMsg HTTP/1.1" 200 27
114.88.166.193 - - [11/Mar/2021:09:34:12 +0800] "GET /xingrg/kc/buy/cgsh_order_operate.html?command=get_materiel&rest_code=00111&code=00101008323&supplier_code=00100005&order_time=2021-03-11 HTTP/1.1" 200 408
116.224.253.72 - - [11/Mar/2021:09:34:12 +0800] "GET /xingrg/all/function/internal_message.html?_=1615426455507&CODE_STATE=getMsg HTTP/1.1" 200 27
116.224.253.72 - - [11/Mar/2021:09:34:12 +0800] "GET /xingrg/check_reg.html?_=1615426455511 HTTP/1.1" 200 22
61.165.42.208 - - [11/Mar/2021:09:34:12 +0800] "GET /xingrg/all/function/internal_message.html?_=1615426434772&CODE_STATE=getMsg HTTP/1.1" 302 -
61.165.42.208 - - [11/Mar/2021:09:34:12 +0800] "GET /xingrg/check_reg.html?_=1615426434774 HTTP/1.1" 302 -
58.37.230.33 - - [11/Mar/2021:09:34:13 +0800] "POST /xingrg/dwr/call/plaincall/AjaxQqpsService.getMaterielByCode.dwr HTTP/1.1" 200 2614
58.37.230.33 - - [11/Mar/2021:09:34:15 +0800] "POST /xingrg/dwr/call/plaincall/AjaxQqpsService.saveMaterielItem.dwr HTTP/1.1" 200 79
114.88.166.193 - - [11/Mar/2021:09:34:16 +0800] "POST /xingrg/kc/buy/cgsh_order_operate.html HTTP/1.1" 200 2065
180.169.147.146 - - [11/Mar/2021:09:34:16 +0800] "GET /xingrg/check_reg.html?_=1615426449709 HTTP/1.1" 200 22
222.69.139.141 - - [11/Mar/2021:09:34:24 +0800] "POST /xingrg/services/DataTransmitService HTTP/1.1" 200 501
58.221.95.50 - - [11/Mar/2021:09:34:24 +0800] "POST /xingrg/kc/buy/cgsh_order_operate.html HTTP/1.1" 200 64
222.69.139.141 - - [11/Mar/2021:09:34:25 +0800] "POST /xingrg/services/DataTransmitService HTTP/1.1" 200 501
222.69.139.141 - - [11/Mar/2021:09:34:25 +0800] "GET /xingrg/all/function/internal_message.html?_=1615426451558&CODE_STATE=getMsg HTTP/1.1" 200 27
222.69.139.141 - - [11/Mar/2021:09:34:25 +0800] "POST /xingrg/kc/buy/cgsh_order_operate.html HTTP/1.1" 200 37
222.69.139.141 - - [11/Mar/2021:09:34:26 +0800] "POST /xingrg/services/DataTransmitService HTTP/1.1" 200 501
114.88.166.193 - - [11/Mar/2021:09:34:27 +0800] "GET /xingrg/kc/buy/cgsh_order_operate.html?command=get_materiel&rest_code=00111&code=00101008350&supplier_code=00100005&order_time=2021-03-11 HTTP/1.1" 200 408
180.174.195.252 - - [11/Mar/2021:09:34:27 +0800] "GET /xingrg/kc/buy/cgsh_order_add.html HTTP/1.1" 200 62063
114.86.187.76 - - [11/Mar/2021:09:34:27 +0800] "GET /xingrg/all/function/internal_message.html?_=1615426470388&CODE_STATE=getMsg HTTP/1.1" 200 27
180.174.195.252 - - [11/Mar/2021:09:34:28 +0800] "POST /xingrg/kc/buy/cgsh_order_operate.html HTTP/1.1" 200 8245
180.174.195.252 - - [11/Mar/2021:09:34:29 +0800] "GET /xingrg/javascript/easyui/themes/default/validatebox.css HTTP/1.1" 404 1104
58.221.95.50 - - [11/Mar/2021:09:34:30 +0800] "POST /xingrg/kc/buy/cgsh_order_operate.html HTTP/1.1" 200 37
222.70.216.220 - - [11/Mar/2021:09:34:31 +0800] "GET /xingrg/all/function/internal_message.html?_=1615426466793&CODE_STATE=getMsg HTTP/1.1" 200 27
222.69.139.141 - - [11/Mar/2021:09:34:32 +0800] "POST /xingrg/kc/buy/cgsh_order_operate.html HTTP/1.1" 200 12
58.221.95.50 - - [11/Mar/2021:09:34:32 +0800] "POST /xingrg/kc/buy/cgsh_order_operate.html HTTP/1.1" 200 2652
222.69.139.141 - - [11/Mar/2021:09:34:32 +0800] "POST /xingrg/services/DataTransmitService HTTP/1.1" 200 412
101.228.165.174 - - [11/Mar/2021:09:34:34 +0800] "GET /xingrg/all/function/internal_message.html?_=1615426515744&CODE_STATE=getMsg HTTP/1.1" 200 27
58.221.95.50 - - [11/Mar/2021:09:34:34 +0800] "GET /xingrg/kc/print/load_data.html?order_code=212021031104413&kc_code=cgsh&condition= HTTP/1.1" 200 650
58.37.230.33 - - [11/Mar/2021:09:34:35 +0800] "GET /xingrg/all/function/internal_message.html?_=1615426479249&CODE_STATE=getMsg HTTP/1.1" 200 27
114.88.166.193 - - [11/Mar/2021:09:34:36 +0800] "GET /xingrg/check_reg.html?_=1615426472312 HTTP/1.1" 200 22
114.88.166.193 - - [11/Mar/2021:09:34:37 +0800] "GET /xingrg/all/function/internal_message.html?_=1615426473010&CODE_STATE=getMsg HTTP/1.1" 200 27
180.169.147.146 - - [11/Mar/2021:09:34:37 +0800] "GET /xingrg/all/function/internal_message.html?_=1615426481636&CODE_STATE=getMsg HTTP/1.1" 200 27
180.174.195.252 - - [11/Mar/2021:09:34:37 +0800] "GET /xingrg/all/function/internal_message.html?_=1615426737039&CODE_STATE=getMsg HTTP/1.1" 200 27
58.37.230.33 - - [11/Mar/2021:09:34:38 +0800] "POST /xingrg/dwr/call/plaincall/AjaxQqpsService.getMaterielByCode.dwr HTTP/1.1" 200 2630
101.228.165.174 - - [11/Mar/2021:09:34:40 +0800] "GET /xingrg/check_reg.html?_=1615426521642 HTTP/1.1" 200 22
58.37.230.33 - - [11/Mar/2021:09:34:41 +0800] "POST /xingrg/dwr/call/plaincall/AjaxQqpsService.saveMaterielItem.dwr HTTP/1.1" 200 79
116.224.253.72 - - [11/Mar/2021:09:34:44 +0800] "GET /xingrg/check_reg.html?_=1615426443506 HTTP/1.1" 200 22
116.224.253.72 - - [11/Mar/2021:09:34:44 +0800] "GET /xingrg/all/function/internal_message.html?_=1615426443697&CODE_STATE=getMsg HTTP/1.1" 200 27
180.169.147.146 - - [11/Mar/2021:09:34:45 +0800] "GET /xingrg/all/function/internal_message.html?_=1615426474149&CODE_STATE=getMsg HTTP/1.1" 200 27
180.169.147.146 - - [11/Mar/2021:09:34:45 +0800] "GET /xingrg/check_reg.html?_=1615426474151 HTTP/1.1" 200 22
222.70.216.220 - - [11/Mar/2021:09:34:45 +0800] "GET /xingrg/all/function/internal_message.html?_=1615426480823&CODE_STATE=getMsg HTTP/1.1" 200 27
58.37.230.33 - - [11/Mar/2021:09:34:53 +0800] "POST /xingrg/dwr/call/plaincall/AjaxQqpsService.getMaterielByCode.dwr HTTP/1.1" 200 2578
180.169.147.146 - - [11/Mar/2021:09:34:54 +0800] "GET /xingrg/all/function/internal_message.html?_=1615426487674&CODE_STATE=getMsg HTTP/1.1" 200 27
180.169.147.146 - - [11/Mar/2021:09:34:55 +0800] "GET /xingrg/index.html?sysBaseUrl=http%3A%2F%2F180.169.147.146%3A18081%2Fxingrg%2F&costTime=39×tamp=1592034574635 HTTP/1.1" 200 17509
180.169.147.146 - - [11/Mar/2021:09:34:55 +0800] "GET /favicon.ico HTTP/1.1" 404 -
180.169.147.146 - - [11/Mar/2021:09:34:55 +0800] "POST /xingrg/all/common/load_tree.html?tree=area_rest_tree_json&manage=1 HTTP/1.1" 200 3344
180.169.147.146 - - [11/Mar/2021:09:34:55 +0800] "GET /xingrg/check_reg.html?_=1615426484724 HTTP/1.1" 200 22
180.169.147.146 - - [11/Mar/2021:09:34:55 +0800] "GET /xingrg/all/function/internal_message.html?_=1615426484724&CODE_STATE=count HTTP/1.1" 200 11
180.169.147.146 - - [11/Mar/2021:09:34:56 +0800] "POST /xingrg/load_menu.html HTTP/1.1" 200 9959
58.37.230.33 - - [11/Mar/2021:09:34:56 +0800] "POST /xingrg/dwr/call/plaincall/AjaxQqpsService.saveMaterielItem.dwr HTTP/1.1" 200 79
58.37.230.33 - - [11/Mar/2021:09:35:00 +0800] "GET /xingrg/all/function/internal_message.html?_=1615426500941&CODE_STATE=getMsg HTTP/1.1" 302 -
180.169.147.146 - - [11/Mar/2021:09:35:02 +0800] "GET /xingrg/kc/report/report_main.html HTTP/1.1" 200 7345
180.169.147.146 - - [11/Mar/2021:09:35:03 +0800] "GET /xingrg/kc/base/crk_hz.html HTTP/1.1" 200 11247
180.169.147.146 - - [11/Mar/2021:09:35:03 +0800] "POST /xingrg/kc/cost/cost_operate.html?command=get_base_tree HTTP/1.1" 200 898
180.169.147.146 - - [11/Mar/2021:09:35:03 +0800] "POST /xingrg/all/common/load_tree.html?tree=materiel_sort_tree_json HTTP/1.1" 200 8666
116.233.75.117 - - [11/Mar/2021:09:35:05 +0800] "GET /xingrg/all/function/internal_message.html?_=1615426503095&CODE_STATE=getMsg HTTP/1.1" 200 27
180.169.147.146 - - [11/Mar/2021:09:35:07 +0800] "GET /xingrg/system/info/materiel_manager.html HTTP/1.1" 200 19497
180.169.147.146 - - [11/Mar/2021:09:35:07 +0800] "GET /xingrg/dwr/interface/AjaxBaseInfoService.js HTTP/1.1" 200 21363
180.169.147.146 - - [11/Mar/2021:09:35:07 +0800] "GET /xingrg/dwr/interface/AjaxComOrderService.js HTTP/1.1" 200 18264
180.169.147.146 - - [11/Mar/2021:09:35:07 +0800] "GET /xingrg/dwr/util.js HTTP/1.1" 304 -
180.169.147.146 - - [11/Mar/2021:09:35:07 +0800] "GET /xingrg/dwr/engine.js HTTP/1.1" 200 43631
180.169.147.146 - - [11/Mar/2021:09:35:07 +0800] "POST /xingrg/dwr/call/plaincall/AjaxBaseInfoService.getSubMaterielSorts.dwr HTTP/1.1" 200 219
114.86.187.76 - - [11/Mar/2021:09:35:08 +0800] "GET /xingrg/kc/buy/cgsh_order_operate.html?command=get_materiel&rest_code=00148&code=00102026006&supplier_code=00100151&order_time=2021-03-11 HTTP/1.1" 200 412
180.169.147.146 - - [11/Mar/2021:09:35:08 +0800] "POST /xingrg/dwr/call/plaincall/AjaxBaseInfoService.getMateriels.dwr HTTP/1.1" 200 2929
114.88.166.193 - - [11/Mar/2021:09:35:08 +0800] "GET /xingrg/kc/buy/cgsh_order_operate.html?command=get_materiel&rest_code=00111&code=00101008114&supplier_code=00100005&order_time=2021-03-11 HTTP/1.1" 200 413
180.169.147.146 - - [11/Mar/2021:09:35:08 +0800] "GET /xingrg/all/function/internal_message.html?_=1615426508523&CODE_STATE=getMsg HTTP/1.1" 200 27
58.37.230.33 - - [11/Mar/2021:09:35:09 +0800] "GET /xingrg/check_reg.html?_=1615426509304 HTTP/1.1" 302 -
116.235.216.75 - - [11/Mar/2021:09:35:09 +0800] "GET /xingrg/all/function/internal_message.html?_=1615426507271&CODE_STATE=getMsg HTTP/1.1" 200 27
58.40.7.146 - - [11/Mar/2021:09:35:10 +0800] "GET /xingrg/all/function/internal_message.html?_=1615426507674&CODE_STATE=getMsg HTTP/1.1" 302 -
117.185.32.26 - - [11/Mar/2021:09:35:11 +0800] "GET /xingrg/check_reg.html?_=1615427011054 HTTP/1.1" 200 22
61.165.42.208 - - [11/Mar/2021:09:35:11 +0800] "GET /xingrg/all/function/internal_message.html?_=1615426511998&CODE_STATE=getMsg HTTP/1.1" 200 27
117.185.32.26 - - [11/Mar/2021:09:35:11 +0800] "GET /xingrg/all/function/internal_message.html?_=1615427011057&CODE_STATE=getMsg HTTP/1.1" 200 27
116.224.253.72 - - [11/Mar/2021:09:35:12 +0800] "GET /xingrg/all/function/internal_message.html?_=1615426515510&CODE_STATE=getMsg HTTP/1.1" 200 27
61.165.42.208 - - [11/Mar/2021:09:35:12 +0800] "GET /xingrg/all/function/internal_message.html?_=1615426494774&CODE_STATE=getMsg HTTP/1.1" 302 -
180.169.147.146 - - [11/Mar/2021:09:35:13 +0800] "POST /xingrg/dwr/call/plaincall/AjaxBaseInfoService.searchMateriels.dwr HTTP/1.1" 200 413
180.169.147.146 - - [11/Mar/2021:09:35:16 +0800] "POST /xingrg/dwr/call/plaincall/AjaxBaseInfoService.getSubMaterielSorts.dwr HTTP/1.1" 200 3482
180.169.147.146 - - [11/Mar/2021:09:35:17 +0800] "POST /xingrg/dwr/call/plaincall/AjaxBaseInfoService.searchMateriels.dwr HTTP/1.1" 200 2739
180.169.147.146 - - [11/Mar/2021:09:35:17 +0800] "POST /xingrg/dwr/call/plaincall/AjaxBaseInfoService.getSubMaterielSorts.dwr HTTP/1.1" 200 3635
180.169.147.146 - - [11/Mar/2021:09:35:17 +0800] "POST /xingrg/dwr/call/plaincall/AjaxBaseInfoService.searchMateriels.dwr HTTP/1.1" 200 2727
180.169.147.146 - - [11/Mar/2021:09:35:21 +0800] "POST /xingrg/dwr/call/plaincall/AjaxBaseInfoService.getMateriels.dwr HTTP/1.1" 200 3074
