58.37.230.33 - - [11/Mar/2021:09:47:35 +0800] "GET /xingrg/all/function/internal_message.html?_=1615427259213&CODE_STATE=getMsg HTTP/1.1" 200 27
101.228.165.174 - - [11/Mar/2021:09:47:35 +0800] "GET /xingrg/all/function/internal_message.html?_=1615427296638&CODE_STATE=getMsg HTTP/1.1" 200 27
180.174.195.252 - - [11/Mar/2021:09:47:36 +0800] "GET /xingrg/check_reg.html?_=1615427516331 HTTP/1.1" 200 22
222.69.139.141 - - [11/Mar/2021:09:47:36 +0800] "GET /xingrg/login.html?sysBaseUrl=http%3A%2F%2F180.169.147.146%3A18081%2Fxingrg%2F&costTime=31×tamp=1615347190560 HTTP/1.1" 200 7641
222.69.139.141 - - [11/Mar/2021:09:47:37 +0800] "GET /favicon.ico HTTP/1.1" 404 -
180.169.147.146 - - [11/Mar/2021:09:47:37 +0800] "GET /xingrg/check_reg.html?_=1615427261660 HTTP/1.1" 200 22
180.169.147.146 - - [11/Mar/2021:09:47:37 +0800] "GET /xingrg/all/function/internal_message.html?_=1615427261660&CODE_STATE=getMsg HTTP/1.1" 200 27
180.174.195.252 - - [11/Mar/2021:09:47:38 +0800] "GET /xingrg/all/function/internal_message.html?_=1615427517558&CODE_STATE=getMsg HTTP/1.1" 200 27
114.88.166.193 - - [11/Mar/2021:09:47:38 +0800] "GET /xingrg/all/function/internal_message.html?_=1615427254335&CODE_STATE=getMsg HTTP/1.1" 200 27
222.69.139.141 - - [11/Mar/2021:09:47:39 +0800] "POST /xingrg/login.do HTTP/1.1" 302 -
222.69.139.141 - - [11/Mar/2021:09:47:39 +0800] "GET /xingrg/index.html?sysBaseUrl=http%3A%2F%2F180.169.147.146%3A18081%2Fxingrg%2F&costTime=166×tamp=1615427259439 HTTP/1.1" 200 17179
222.69.139.141 - - [11/Mar/2021:09:47:39 +0800] "POST /xingrg/all/common/load_tree.html?tree=area_rest_tree_json&manage=1 HTTP/1.1" 200 351
222.69.139.141 - - [11/Mar/2021:09:47:39 +0800] "GET /xingrg/check_reg.html?_=1615427256641 HTTP/1.1" 200 22
222.69.139.141 - - [11/Mar/2021:09:47:39 +0800] "GET /xingrg/all/function/internal_message.html?_=1615427256640&CODE_STATE=count HTTP/1.1" 200 11
222.69.139.141 - - [11/Mar/2021:09:47:39 +0800] "GET /favicon.ico HTTP/1.1" 404 -
222.69.139.141 - - [11/Mar/2021:09:47:39 +0800] "POST /xingrg/load_menu.html HTTP/1.1" 200 5138
222.70.216.220 - - [11/Mar/2021:09:47:45 +0800] "GET /xingrg/all/function/internal_message.html?_=1615427260823&CODE_STATE=getMsg HTTP/1.1" 200 27
222.69.139.141 - - [11/Mar/2021:09:47:45 +0800] "POST /xingrg/kc/buy/cgsh_list_operate.html HTTP/1.1" 200 876
61.165.42.208 - - [11/Mar/2021:09:47:52 +0800] "GET /xingrg/kc/buy/cgsh_order_operate.html?command=get_materiel&rest_code=00105&code=00101009010&supplier_code=00100024&order_time=2021-03-11 HTTP/1.1" 200 412
180.169.147.146 - - [11/Mar/2021:09:47:54 +0800] "GET /xingrg/all/function/internal_message.html?_=1615427267378&CODE_STATE=getMsg HTTP/1.1" 200 27
180.169.147.146 - - [11/Mar/2021:09:47:55 +0800] "GET /xingrg/all/function/internal_message.html?_=1615427264735&CODE_STATE=getMsg HTTP/1.1" 200 27
222.69.139.141 - - [11/Mar/2021:09:47:56 +0800] "POST /xingrg/kc/buy/cgsh_list_operate.html HTTP/1.1" 200 5610
61.151.178.236 - - [11/Mar/2021:09:47:57 +0800] "GET /xingrg/kc/mdqp/qqps_order_info.html?code=302021031100209 HTTP/1.1" 302 -
222.69.139.141 - - [11/Mar/2021:09:47:58 +0800] "POST /xingrg/kc/buy/cgsh_list_operate.html HTTP/1.1" 200 490
222.69.139.141 - - [11/Mar/2021:09:48:00 +0800] "GET /xingrg/kc/buy/cgsh_order_info.html?code=212021031003948 HTTP/1.1" 200 57059
222.69.139.141 - - [11/Mar/2021:09:48:00 +0800] "GET /xingrg/words/20210311093603_words.js HTTP/1.1" 200 798830
58.37.230.33 - - [11/Mar/2021:09:48:00 +0800] "GET /xingrg/all/function/internal_message.html?_=1615427280652&CODE_STATE=getMsg HTTP/1.1" 302 -
222.69.139.141 - - [11/Mar/2021:09:48:00 +0800] "GET /xingrg/javascript/easyui/themes/default/validatebox.css HTTP/1.1" 404 1104
222.69.139.141 - - [11/Mar/2021:09:48:01 +0800] "POST /xingrg/kc/buy/cgsh_order_operate.html HTTP/1.1" 200 2970
222.69.139.141 - - [11/Mar/2021:09:48:02 +0800] "GET /xingrg/kc/print/load_data.html?order_code=212021031003948&kc_code=cgsh&condition= HTTP/1.1" 200 1622
61.151.178.236 - - [11/Mar/2021:09:48:05 +0800] "GET /xingrg/login.html HTTP/1.1" 200 7641
180.169.147.146 - - [11/Mar/2021:09:48:08 +0800] "GET /xingrg/check_reg.html?_=1615427288544 HTTP/1.1" 200 22
180.169.147.146 - - [11/Mar/2021:09:48:08 +0800] "GET /xingrg/all/function/internal_message.html?_=1615427288542&CODE_STATE=getMsg HTTP/1.1" 200 27
116.235.216.75 - - [11/Mar/2021:09:48:09 +0800] "GET /xingrg/all/function/internal_message.html?_=1615427287040&CODE_STATE=getMsg HTTP/1.1" 200 27
58.40.7.146 - - [11/Mar/2021:09:48:10 +0800] "GET /xingrg/all/function/internal_message.html?_=1615427287686&CODE_STATE=getMsg HTTP/1.1" 302 -
58.40.7.146 - - [11/Mar/2021:09:48:10 +0800] "GET /xingrg/check_reg.html?_=1615427287689 HTTP/1.1" 302 -
61.165.42.208 - - [11/Mar/2021:09:48:11 +0800] "GET /xingrg/all/function/internal_message.html?_=1615427292028&CODE_STATE=getMsg HTTP/1.1" 200 27
117.185.32.26 - - [11/Mar/2021:09:48:11 +0800] "GET /xingrg/all/function/internal_message.html?_=1615427791101&CODE_STATE=getMsg HTTP/1.1" 200 27
61.165.42.208 - - [11/Mar/2021:09:48:12 +0800] "GET /xingrg/all/function/internal_message.html?_=1615427274806&CODE_STATE=getMsg HTTP/1.1" 302 -
116.224.253.72 - - [11/Mar/2021:09:48:24 +0800] "GET /xingrg/all/function/internal_message.html?_=1615427263124&CODE_STATE=getMsg HTTP/1.1" 200 27
116.224.253.72 - - [11/Mar/2021:09:48:25 +0800] "GET /xingrg/all/function/internal_message.html?_=1615427308031&CODE_STATE=getMsg HTTP/1.1" 200 27
114.86.187.76 - - [11/Mar/2021:09:48:28 +0800] "GET /xingrg/all/function/internal_message.html?_=1615427311264&CODE_STATE=getMsg HTTP/1.1" 200 27
58.221.95.50 - - [11/Mar/2021:09:48:28 +0800] "GET /xingrg/all/function/internal_message.html?_=1615427308090&CODE_STATE=getMsg HTTP/1.1" 200 27
58.221.95.50 - - [11/Mar/2021:09:48:29 +0800] "GET /xingrg/check_reg.html?_=1615427308516 HTTP/1.1" 200 22
222.70.216.220 - - [11/Mar/2021:09:48:31 +0800] "GET /xingrg/check_reg.html?_=1615427306791 HTTP/1.1" 200 22
222.70.216.220 - - [11/Mar/2021:09:48:31 +0800] "GET /xingrg/all/function/internal_message.html?_=1615427306790&CODE_STATE=getMsg HTTP/1.1" 200 27
222.69.139.141 - - [11/Mar/2021:09:48:35 +0800] "GET /xingrg/javascript/jquery_tools/images/next.gif HTTP/1.1" 404 1086
222.69.139.141 - - [11/Mar/2021:09:48:35 +0800] "GET /xingrg/javascript/jquery_tools/images/prev.gif HTTP/1.1" 404 1086
58.37.230.33 - - [11/Mar/2021:09:48:35 +0800] "GET /xingrg/all/function/internal_message.html?_=1615427319213&CODE_STATE=getMsg HTTP/1.1" 200 27
101.228.165.174 - - [11/Mar/2021:09:48:35 +0800] "GET /xingrg/all/function/internal_message.html?_=1615427356651&CODE_STATE=getMsg HTTP/1.1" 200 27
180.169.147.146 - - [11/Mar/2021:09:48:37 +0800] "GET /xingrg/all/function/internal_message.html?_=1615427321657&CODE_STATE=getMsg HTTP/1.1" 200 27
180.174.195.252 - - [11/Mar/2021:09:48:38 +0800] "GET /xingrg/all/function/internal_message.html?_=1615427577572&CODE_STATE=getMsg HTTP/1.1" 200 27
114.88.166.193 - - [11/Mar/2021:09:48:38 +0800] "GET /xingrg/all/function/internal_message.html?_=1615427314341&CODE_STATE=getMsg HTTP/1.1" 200 27
222.69.139.141 - - [11/Mar/2021:09:48:39 +0800] "GET /xingrg/all/function/internal_message.html?_=1615427316647&CODE_STATE=getMsg HTTP/1.1" 200 27
222.69.139.141 - - [11/Mar/2021:09:48:42 +0800] "POST /xingrg/kc/buy/cgsh_list_operate.html HTTP/1.1" 200 4415
180.169.147.146 - - [11/Mar/2021:09:48:42 +0800] "POST /xingrg/kc/buy/cgsh_list_operate.html HTTP/1.1" 200 4187
58.221.95.50 - - [11/Mar/2021:09:48:42 +0800] "POST /xingrg/kc/buy/cgsh_order_operate.html HTTP/1.1" 200 37
222.70.216.220 - - [11/Mar/2021:09:48:45 +0800] "GET /xingrg/all/function/internal_message.html?_=1615427320823&CODE_STATE=getMsg HTTP/1.1" 200 27
58.221.95.50 - - [11/Mar/2021:09:48:45 +0800] "POST /xingrg/kc/buy/cgsh_order_operate.html HTTP/1.1" 200 12
61.165.42.208 - - [11/Mar/2021:09:48:50 +0800] "GET /xingrg/kc/buy/cgsh_order_operate.html?command=get_materiel&rest_code=00105&code=00101009018&supplier_code=00100024&order_time=2021-03-11 HTTP/1.1" 200 408
222.69.139.141 - - [11/Mar/2021:09:48:54 +0800] "POST /xingrg/kc/buy/cgsh_list_operate.html HTTP/1.1" 200 563
180.169.147.146 - - [11/Mar/2021:09:48:54 +0800] "GET /xingrg/all/function/internal_message.html?_=1615427327357&CODE_STATE=getMsg HTTP/1.1" 200 27
180.169.147.146 - - [11/Mar/2021:09:48:55 +0800] "GET /xingrg/all/function/internal_message.html?_=1615427324735&CODE_STATE=getMsg HTTP/1.1" 200 27
222.69.139.141 - - [11/Mar/2021:09:48:57 +0800] "GET /xingrg/kc/buy/cgsh_order_info.html?code=212021031104419 HTTP/1.1" 200 57059
222.69.139.141 - - [11/Mar/2021:09:48:58 +0800] "GET /xingrg/javascript/easyui/themes/default/validatebox.css HTTP/1.1" 404 1104
222.69.139.141 - - [11/Mar/2021:09:48:58 +0800] "POST /xingrg/kc/buy/cgsh_order_operate.html HTTP/1.1" 200 4145
58.221.95.50 - - [11/Mar/2021:09:48:58 +0800] "GET /xingrg/kc/buy/cgsh_order_info.html?code=212021031104416 HTTP/1.1" 200 55970
58.221.95.50 - - [11/Mar/2021:09:48:58 +0800] "GET /xingrg/javascript/easyui/themes/default/validatebox.css HTTP/1.1" 404 1104
222.69.139.141 - - [11/Mar/2021:09:48:59 +0800] "POST /xingrg/kc/buy/cgsh_list_operate.html HTTP/1.1" 200 4415
58.221.95.50 - - [11/Mar/2021:09:48:59 +0800] "POST /xingrg/kc/buy/cgsh_order_operate.html HTTP/1.1" 200 628
222.69.139.141 - - [11/Mar/2021:09:49:00 +0800] "GET /xingrg/kc/print/load_data.html?order_code=212021031104419&kc_code=cgsh&condition= HTTP/1.1" 200 2063
58.37.230.33 - - [11/Mar/2021:09:49:00 +0800] "GET /xingrg/all/function/internal_message.html?_=1615427340627&CODE_STATE=getMsg HTTP/1.1" 302 -
117.185.32.26 - - [11/Mar/2021:09:49:03 +0800] "GET /xingrg/kc/base/base_main.html HTTP/1.1" 200 12142
61.165.42.208 - - [11/Mar/2021:09:49:03 +0800] "GET /xingrg/kc/buy/cgsh_order_operate.html?command=get_materiel&rest_code=00105&code=00101009066&supplier_code=00100024&order_time=2021-03-11 HTTP/1.1" 200 416
222.70.216.220 - - [11/Mar/2021:09:49:06 +0800] "GET /xingrg/check_reg.html?_=1615427341703 HTTP/1.1" 200 22
117.185.32.26 - - [11/Mar/2021:09:49:08 +0800] "GET /xingrg/kc/base/yddb_order_list.html HTTP/1.1" 200 16945
117.185.32.26 - - [11/Mar/2021:09:49:08 +0800] "POST /xingrg/kc/base/yddb_list_operate.html HTTP/1.1" 200 636
180.169.147.146 - - [11/Mar/2021:09:49:08 +0800] "GET /xingrg/all/function/internal_message.html?_=1615427348544&CODE_STATE=getMsg HTTP/1.1" 200 27
116.235.216.75 - - [11/Mar/2021:09:49:09 +0800] "GET /xingrg/all/function/internal_message.html?_=1615427347024&CODE_STATE=getMsg HTTP/1.1" 200 27
58.40.7.146 - - [11/Mar/2021:09:49:10 +0800] "GET /xingrg/all/function/internal_message.html?_=1615427347691&CODE_STATE=getMsg HTTP/1.1" 302 -
61.165.42.208 - - [11/Mar/2021:09:49:11 +0800] "GET /xingrg/check_reg.html?_=1615427352027 HTTP/1.1" 200 22
117.185.32.26 - - [11/Mar/2021:09:49:11 +0800] "GET /xingrg/kc/base/yddb_order_add.html HTTP/1.1" 200 29745
61.165.42.208 - - [11/Mar/2021:09:49:11 +0800] "GET /xingrg/all/function/internal_message.html?_=1615427352031&CODE_STATE=getMsg HTTP/1.1" 200 27
117.185.32.26 - - [11/Mar/2021:09:49:11 +0800] "GET /xingrg/dwr/interface/AjaxYddbService.js HTTP/1.1" 200 13201
117.185.32.26 - - [11/Mar/2021:09:49:11 +0800] "GET /xingrg/dwr/interface/AjaxComOrderService.js HTTP/1.1" 200 18264
117.185.32.26 - - [11/Mar/2021:09:49:11 +0800] "GET /xingrg/all/function/internal_message.html?_=1615427851119&CODE_STATE=getMsg HTTP/1.1" 200 27
117.185.32.26 - - [11/Mar/2021:09:49:11 +0800] "GET /xingrg/dwr/engine.js HTTP/1.1" 200 43631
117.185.32.26 - - [11/Mar/2021:09:49:11 +0800] "GET /xingrg/dwr/util.js HTTP/1.1" 304 -
61.165.42.208 - - [11/Mar/2021:09:49:12 +0800] "GET /xingrg/check_reg.html?_=1615427334806 HTTP/1.1" 302 -
61.165.42.208 - - [11/Mar/2021:09:49:12 +0800] "GET /xingrg/all/function/internal_message.html?_=1615427334809&CODE_STATE=getMsg HTTP/1.1" 302 -
180.169.147.146 - - [11/Mar/2021:09:49:16 +0800] "GET /xingrg/check_reg.html?_=1615427349644 HTTP/1.1" 200 22
58.221.95.50 - - [11/Mar/2021:09:49:19 +0800] "GET /xingrg/kc/buy/cgsh_order_add.html HTTP/1.1" 200 61077
58.221.95.50 - - [11/Mar/2021:09:49:20 +0800] "POST /xingrg/kc/buy/cgsh_order_operate.html HTTP/1.1" 200 8245
58.221.95.50 - - [11/Mar/2021:09:49:20 +0800] "GET /xingrg/javascript/easyui/themes/default/validatebox.css HTTP/1.1" 404 1104
116.224.253.72 - - [11/Mar/2021:09:49:24 +0800] "GET /xingrg/all/function/internal_message.html?_=1615427323137&CODE_STATE=getMsg HTTP/1.1" 200 27
116.224.253.72 - - [11/Mar/2021:09:49:25 +0800] "GET /xingrg/all/function/internal_message.html?_=1615427368024&CODE_STATE=getMsg HTTP/1.1" 200 27
222.69.139.141 - - [11/Mar/2021:09:49:26 +0800] "POST /xingrg/kc/buy/cgsh_list_operate.html HTTP/1.1" 200 4415
116.224.253.72 - - [11/Mar/2021:09:49:27 +0800] "POST /xingrg/all/user/operate.html HTTP/1.1" 200 36
116.224.253.72 - - [11/Mar/2021:09:49:27 +0800] "GET /xingrg/javascript/jquery_easy_ui/themes/default/easyui.css HTTP/1.1" 304 -
116.224.253.72 - - [11/Mar/2021:09:49:27 +0800] "GET /xingrg/javascript/jquery_easy_ui/themes/icon.css HTTP/1.1" 304 -
116.224.253.72 - - [11/Mar/2021:09:49:27 +0800] "GET /xingrg/css/form.css HTTP/1.1" 304 -
116.224.253.72 - - [11/Mar/2021:09:49:27 +0800] "GET /xingrg/javascript/jquery-1.4.2.min.js HTTP/1.1" 304 -
116.224.253.72 - - [11/Mar/2021:09:49:27 +0800] "GET /xingrg/index.html?sysBaseUrl=http%3A%2F%2F180.169.147.146%3A18081%2Fxingrg%2F&costTime=40×tamp=1615425545810 HTTP/1.1" 200 17179
116.224.253.72 - - [11/Mar/2021:09:49:27 +0800] "GET /xingrg/javascript/jquery_easy_ui/jquery.easyui.min.js HTTP/1.1" 304 -
116.224.253.72 - - [11/Mar/2021:09:49:27 +0800] "GET /xingrg/javascript/jquery_easy_ui/easyui-lang-zh_CN.js HTTP/1.1" 304 -
116.224.253.72 - - [11/Mar/2021:09:49:27 +0800] "GET /xingrg/javascript/jquery.form.js HTTP/1.1" 304 -
116.224.253.72 - - [11/Mar/2021:09:49:27 +0800] "GET /xingrg/javascript/jquery.utils.js HTTP/1.1" 304 -
116.224.253.72 - - [11/Mar/2021:09:49:27 +0800] "GET /xingrg/javascript/jquery.timers.js HTTP/1.1" 304 -
116.224.253.72 - - [11/Mar/2021:09:49:27 +0800] "GET /xingrg/images/blue/jxLogo.png HTTP/1.1" 304 -
116.224.253.72 - - [11/Mar/2021:09:49:27 +0800] "GET /xingrg/javascript/jquery_easy_ui/themes/icons/settle_new.png HTTP/1.1" 304 -
116.224.253.72 - - [11/Mar/2021:09:49:27 +0800] "GET /xingrg/images/blue/navBackgound.jpg HTTP/1.1" 304 -
116.224.253.72 - - [11/Mar/2021:09:49:27 +0800] "POST /xingrg/all/common/load_tree.html?tree=area_rest_tree_json&manage=1 HTTP/1.1" 200 476
116.224.253.72 - - [11/Mar/2021:09:49:27 +0800] "GET /xingrg/all/function/internal_message.html?_=1615427370962&CODE_STATE=count HTTP/1.1" 200 11
116.224.253.72 - - [11/Mar/2021:09:49:27 +0800] "GET /xingrg/check_reg.html?_=1615427370964 HTTP/1.1" 200 22
116.224.253.72 - - [11/Mar/2021:09:49:27 +0800] "GET /xingrg/javascript/jquery_easy_ui/themes/default/images/panel_tool_collapse.gif HTTP/1.1" 304 -
116.224.253.72 - - [11/Mar/2021:09:49:27 +0800] "GET /xingrg/images/blue/pingpu.png HTTP/1.1" 304 -
116.224.253.72 - - [11/Mar/2021:09:49:27 +0800] "GET /xingrg/javascript/jquery_easy_ui/themes/default/images/tabs_leftarrow.png HTTP/1.1" 304 -
116.224.253.72 - - [11/Mar/2021:09:49:27 +0800] "GET /xingrg/javascript/jquery_easy_ui/themes/default/images/tabs_rightarrow.png HTTP/1.1" 304 -
116.224.253.72 - - [11/Mar/2021:09:49:28 +0800] "POST /xingrg/load_menu.html HTTP/1.1" 200 5138
116.224.253.72 - - [11/Mar/2021:09:49:28 +0800] "POST /xingrg/kc/buy/cgsh_order_operate.html HTTP/1.1" 200 37
114.86.187.76 - - [11/Mar/2021:09:49:28 +0800] "GET /xingrg/all/function/internal_message.html?_=1615427371278&CODE_STATE=getMsg HTTP/1.1" 200 27
58.221.95.50 - - [11/Mar/2021:09:49:28 +0800] "GET /xingrg/all/function/internal_message.html?_=1615427368079&CODE_STATE=getMsg HTTP/1.1" 200 27
116.224.253.72 - - [11/Mar/2021:09:49:30 +0800] "GET /xingrg/kc/buy/cgsh_order_list.html HTTP/1.1" 200 46372
61.165.42.208 - - [11/Mar/2021:09:49:30 +0800] "POST /xingrg/kc/buy/cgsh_order_operate.html HTTP/1.1" 200 37
222.70.216.220 - - [11/Mar/2021:09:49:31 +0800] "GET /xingrg/all/function/internal_message.html?_=1615427366794&CODE_STATE=getMsg HTTP/1.1" 200 27
222.69.139.141 - - [11/Mar/2021:09:49:32 +0800] "POST /xingrg/kc/buy/cgsh_list_operate.html HTTP/1.1" 200 592
61.165.42.208 - - [11/Mar/2021:09:49:33 +0800] "POST /xingrg/kc/buy/cgsh_order_operate.html HTTP/1.1" 200 4426
116.224.253.72 - - [11/Mar/2021:09:49:34 +0800] "POST /xingrg/kc/buy/cgsh_order_operate.html HTTP/1.1" 200 12
222.69.139.141 - - [11/Mar/2021:09:49:35 +0800] "GET /xingrg/kc/buy/cgsh_order_info.html?code=212021031104411 HTTP/1.1" 200 57057
58.37.230.33 - - [11/Mar/2021:09:49:35 +0800] "GET /xingrg/all/function/internal_message.html?_=1615427379211&CODE_STATE=getMsg HTTP/1.1" 200 27
222.69.139.141 - - [11/Mar/2021:09:49:35 +0800] "GET /xingrg/javascript/easyui/themes/default/validatebox.css HTTP/1.1" 404 1104
116.224.253.72 - - [11/Mar/2021:09:49:35 +0800] "POST /xingrg/kc/buy/cgsh_list_operate.html HTTP/1.1" 200 1688
116.224.253.72 - - [11/Mar/2021:09:49:35 +0800] "GET /xingrg/kc/buy/cgsh_order_info.html?code=212021031104393 HTTP/1.1" 200 56664
101.228.165.174 - - [11/Mar/2021:09:49:35 +0800] "GET /xingrg/all/function/internal_message.html?_=1615427416799&CODE_STATE=getMsg HTTP/1.1" 200 27
222.69.139.141 - - [11/Mar/2021:09:49:35 +0800] "POST /xingrg/kc/buy/cgsh_order_operate.html HTTP/1.1" 200 3615
116.224.253.72 - - [11/Mar/2021:09:49:35 +0800] "GET /xingrg/javascript/easyui/themes/default/validatebox.css HTTP/1.1" 404 1104
114.88.166.193 - - [11/Mar/2021:09:49:36 +0800] "GET /xingrg/check_reg.html?_=1615427372572 HTTP/1.1" 200 22
116.224.253.72 - - [11/Mar/2021:09:49:36 +0800] "POST /xingrg/kc/buy/cgsh_order_operate.html HTTP/1.1" 200 25681
180.169.147.146 - - [11/Mar/2021:09:49:37 +0800] "GET /xingrg/all/function/internal_message.html?_=1615427381669&CODE_STATE=getMsg HTTP/1.1" 200 27
222.69.139.141 - - [11/Mar/2021:09:49:37 +0800] "POST /xingrg/kc/buy/cgsh_list_operate.html HTTP/1.1" 200 4415
180.174.195.252 - - [11/Mar/2021:09:49:38 +0800] "GET /xingrg/all/function/internal_message.html?_=1615427637585&CODE_STATE=getMsg HTTP/1.1" 200 27
114.88.166.193 - - [11/Mar/2021:09:49:38 +0800] "GET /xingrg/all/function/internal_message.html?_=1615427374352&CODE_STATE=getMsg HTTP/1.1" 200 27
222.69.139.141 - - [11/Mar/2021:09:49:39 +0800] "GET /xingrg/kc/print/load_data.html?order_code=212021031104411&kc_code=cgsh&condition= HTTP/1.1" 200 1898
116.224.253.72 - - [11/Mar/2021:09:49:39 +0800] "GET /xingrg/kc/print/load_data.html?order_code=212021031104393&kc_code=cgsh&condition= HTTP/1.1" 200 10404
222.69.139.141 - - [11/Mar/2021:09:49:39 +0800] "GET /xingrg/all/function/internal_message.html?_=1615427376673&CODE_STATE=getMsg HTTP/1.1" 200 27
101.228.165.174 - - [11/Mar/2021:09:49:40 +0800] "GET /xingrg/check_reg.html?_=1615427421658 HTTP/1.1" 200 22
222.70.216.220 - - [11/Mar/2021:09:49:45 +0800] "GET /xingrg/all/function/internal_message.html?_=1615427380823&CODE_STATE=getMsg HTTP/1.1" 200 27
61.165.42.208 - - [11/Mar/2021:09:49:51 +0800] "GET /xingrg/kc/buy/cgsh_order_list.html HTTP/1.1" 200 46366
58.221.95.50 - - [11/Mar/2021:09:49:52 +0800] "GET /xingrg/kc/buy/cgsh_order_operate.html?command=get_materiel&rest_code=00152&code=00102011221&supplier_code=00100151&order_time=2021-03-09 HTTP/1.1" 200 391
180.169.147.146 - - [11/Mar/2021:09:49:54 +0800] "GET /xingrg/all/function/internal_message.html?_=1615427387327&CODE_STATE=getMsg HTTP/1.1" 200 27
180.169.147.146 - - [11/Mar/2021:09:49:55 +0800] "GET /xingrg/check_reg.html?_=1615427384737 HTTP/1.1" 200 22
180.169.147.146 - - [11/Mar/2021:09:49:55 +0800] "GET /xingrg/all/function/internal_message.html?_=1615427384739&CODE_STATE=getMsg HTTP/1.1" 200 27
61.165.42.208 - - [11/Mar/2021:09:49:56 +0800] "POST /xingrg/kc/buy/cgsh_list_operate.html HTTP/1.1" 200 2765
116.224.253.72 - - [11/Mar/2021:09:49:59 +0800] "POST /xingrg/kc/buy/cgsh_list_operate.html HTTP/1.1" 200 580
116.224.253.72 - - [11/Mar/2021:09:49:59 +0800] "GET /xingrg/kc/buy/cgsh_order_info.html?code=212021031104422 HTTP/1.1" 200 62037
116.224.253.72 - - [11/Mar/2021:09:49:59 +0800] "GET /xingrg/words/20210311093603_words.js HTTP/1.1" 304 -
116.224.253.72 - - [11/Mar/2021:09:50:00 +0800] "GET /xingrg/javascript/easyui/themes/default/validatebox.css HTTP/1.1" 404 1104
58.37.230.33 - - [11/Mar/2021:09:50:00 +0800] "GET /xingrg/all/function/internal_message.html?_=1615427400603&CODE_STATE=getMsg HTTP/1.1" 302 -
116.224.253.72 - - [11/Mar/2021:09:50:00 +0800] "POST /xingrg/kc/buy/cgsh_order_operate.html HTTP/1.1" 200 5624
180.169.147.146 - - [11/Mar/2021:09:50:08 +0800] "GET /xingrg/all/function/internal_message.html?_=1615427408545&CODE_STATE=getMsg HTTP/1.1" 200 27
58.37.230.33 - - [11/Mar/2021:09:50:09 +0800] "GET /xingrg/check_reg.html?_=1615427409342 HTTP/1.1" 302 -
116.224.253.72 - - [11/Mar/2021:09:50:09 +0800] "POST /xingrg/kc/buy/cgsh_order_operate.html HTTP/1.1" 200 37
116.235.216.75 - - [11/Mar/2021:09:50:09 +0800] "GET /xingrg/all/function/internal_message.html?_=1615427407007&CODE_STATE=getMsg HTTP/1.1" 200 27
58.40.7.146 - - [11/Mar/2021:09:50:10 +0800] "GET /xingrg/all/function/internal_message.html?_=1615427407694&CODE_STATE=getMsg HTTP/1.1" 302 -
61.165.42.208 - - [11/Mar/2021:09:50:11 +0800] "GET /xingrg/all/function/internal_message.html?_=1615427412044&CODE_STATE=getMsg HTTP/1.1" 200 27
117.185.32.26 - - [11/Mar/2021:09:50:11 +0800] "GET /xingrg/check_reg.html?_=1615427911113 HTTP/1.1" 200 22
117.185.32.26 - - [11/Mar/2021:09:50:11 +0800] "GET /xingrg/all/function/internal_message.html?_=1615427911115&CODE_STATE=getMsg HTTP/1.1" 200 27
116.224.253.72 - - [11/Mar/2021:09:50:12 +0800] "POST /xingrg/kc/buy/cgsh_order_operate.html HTTP/1.1" 200 12
61.165.42.208 - - [11/Mar/2021:09:50:12 +0800] "GET /xingrg/all/function/internal_message.html?_=1615427394809&CODE_STATE=getMsg HTTP/1.1" 302 -
116.224.253.72 - - [11/Mar/2021:09:50:13 +0800] "GET /xingrg/kc/buy/cgsh_order_info.html?code=212021031104422 HTTP/1.1" 200 56930
116.224.253.72 - - [11/Mar/2021:09:50:14 +0800] "GET /xingrg/javascript/easyui/themes/default/validatebox.css HTTP/1.1" 404 1104
116.224.253.72 - - [11/Mar/2021:09:50:14 +0800] "POST /xingrg/kc/buy/cgsh_order_operate.html HTTP/1.1" 200 3572
116.224.253.72 - - [11/Mar/2021:09:50:15 +0800] "GET /xingrg/kc/print/load_config.html?kc_code=cgsh HTTP/1.1" 200 1845
61.165.42.208 - - [11/Mar/2021:09:50:16 +0800] "POST /xingrg/kc/buy/cgsh_list_operate.html HTTP/1.1" 200 575
116.224.253.72 - - [11/Mar/2021:09:50:16 +0800] "GET /xingrg/kc/print/load_data.html?order_code=212021031104422&kc_code=cgsh&condition= HTTP/1.1" 200 1838
61.165.42.208 - - [11/Mar/2021:09:50:16 +0800] "GET /xingrg/kc/buy/cgsh_order_info.html?code=212021031104372 HTTP/1.1" 200 62154
61.165.42.208 - - [11/Mar/2021:09:50:17 +0800] "GET /xingrg/javascript/easyui/themes/default/validatebox.css HTTP/1.1" 404 1104
61.165.42.208 - - [11/Mar/2021:09:50:17 +0800] "POST /xingrg/kc/buy/cgsh_order_operate.html HTTP/1.1" 200 44100
116.224.253.72 - - [11/Mar/2021:09:50:24 +0800] "GET /xingrg/check_reg.html?_=1615427383088 HTTP/1.1" 200 22
116.224.253.72 - - [11/Mar/2021:09:50:24 +0800] "GET /xingrg/all/function/internal_message.html?_=1615427383152&CODE_STATE=getMsg HTTP/1.1" 200 27
222.69.139.141 - - [11/Mar/2021:09:50:26 +0800] "POST /xingrg/kc/buy/cgsh_list_operate.html HTTP/1.1" 200 4415
116.224.253.72 - - [11/Mar/2021:09:50:27 +0800] "GET /xingrg/all/function/internal_message.html?_=1615427430979&CODE_STATE=getMsg HTTP/1.1" 200 27
58.221.95.50 - - [11/Mar/2021:09:50:28 +0800] "GET /xingrg/all/function/internal_message.html?_=1615427428053&CODE_STATE=getMsg HTTP/1.1" 200 27
222.69.139.141 - - [11/Mar/2021:09:50:29 +0800] "POST /xingrg/kc/buy/cgsh_list_operate.html HTTP/1.1" 200 345
114.86.187.76 - - [11/Mar/2021:09:50:29 +0800] "GET /xingrg/all/function/internal_message.html?_=1615427431524&CODE_STATE=getMsg HTTP/1.1" 200 27
58.221.95.50 - - [11/Mar/2021:09:50:29 +0800] "GET /xingrg/kc/buy/cgsh_order_operate.html?command=get_materiel&rest_code=00152&code=00102011121&supplier_code=00100151&order_time=2021-03-09 HTTP/1.1" 200 403
117.185.32.26 - - [11/Mar/2021:09:50:30 +0800] "GET /xingrg/kc/base/base_main.html HTTP/1.1" 200 12142
222.69.139.141 - - [11/Mar/2021:09:50:30 +0800] "GET /xingrg/kc/buy/cgsh_order_info.html?code=212021031104410 HTTP/1.1" 200 57061
222.69.139.141 - - [11/Mar/2021:09:50:30 +0800] "GET /xingrg/javascript/easyui/themes/default/validatebox.css HTTP/1.1" 404 1104
222.69.139.141 - - [11/Mar/2021:09:50:31 +0800] "POST /xingrg/kc/buy/cgsh_order_operate.html HTTP/1.1" 200 1796
222.70.216.220 - - [11/Mar/2021:09:50:31 +0800] "GET /xingrg/all/function/internal_message.html?_=1615427426796&CODE_STATE=getMsg HTTP/1.1" 200 27
61.129.6.203 - - [11/Mar/2021:09:50:31 +0800] "GET /xingrg/all/function/internal_message.html?_=1615426779208&CODE_STATE=getMsg HTTP/1.1" 302 -
117.185.32.26 - - [11/Mar/2021:09:50:32 +0800] "GET /xingrg/kc/base/wldb_order_list.html HTTP/1.1" 200 19339
222.69.139.141 - - [11/Mar/2021:09:50:32 +0800] "GET /xingrg/kc/print/load_data.html?order_code=212021031104410&kc_code=cgsh&condition= HTTP/1.1" 200 1239
117.185.32.26 - - [11/Mar/2021:09:50:32 +0800] "POST /xingrg/kc/base/wldb_list_operate.html HTTP/1.1" 200 928
222.69.139.141 - - [11/Mar/2021:09:50:32 +0800] "POST /xingrg/kc/buy/cgsh_list_operate.html HTTP/1.1" 200 4415
58.37.230.33 - - [11/Mar/2021:09:50:35 +0800] "GET /xingrg/check_reg.html?_=1615427439212 HTTP/1.1" 200 22
58.37.230.33 - - [11/Mar/2021:09:50:35 +0800] "GET /xingrg/all/function/internal_message.html?_=1615427439211&CODE_STATE=getMsg HTTP/1.1" 200 27
101.228.165.174 - - [11/Mar/2021:09:50:35 +0800] "GET /xingrg/all/function/internal_message.html?_=1615427476802&CODE_STATE=getMsg HTTP/1.1" 200 27
180.169.147.146 - - [11/Mar/2021:09:50:37 +0800] "GET /xingrg/all/function/internal_message.html?_=1615427441672&CODE_STATE=getMsg HTTP/1.1" 200 27
117.185.32.26 - - [11/Mar/2021:09:50:37 +0800] "GET /xingrg/css/new_ie.css HTTP/1.1" 404 1036
117.185.32.26 - - [11/Mar/2021:09:50:38 +0800] "GET /xingrg/kc/buy/buy_main.html HTTP/1.1" 200 12412
180.174.195.252 - - [11/Mar/2021:09:50:38 +0800] "GET /xingrg/all/function/internal_message.html?_=1615427697744&CODE_STATE=getMsg HTTP/1.1" 200 27
114.88.166.193 - - [11/Mar/2021:09:50:38 +0800] "GET /xingrg/all/function/internal_message.html?_=1615427434367&CODE_STATE=getMsg HTTP/1.1" 200 27
222.69.139.141 - - [11/Mar/2021:09:50:38 +0800] "GET /favicon.ico HTTP/1.1" 404 -
61.129.6.203 - - [11/Mar/2021:09:50:38 +0800] "GET /xingrg/login.html HTTP/1.1" 200 7641
117.185.32.26 - - [11/Mar/2021:09:50:38 +0800] "GET /xingrg/images/yd/bt.gif HTTP/1.1" 404 1040
222.69.139.141 - - [11/Mar/2021:09:50:39 +0800] "GET /xingrg/all/function/internal_message.html?_=1615427436643&CODE_STATE=getMsg HTTP/1.1" 200 27
222.69.139.141 - - [11/Mar/2021:09:50:40 +0800] "POST /xingrg/kc/buy/cgsh_list_operate.html HTTP/1.1" 200 4415
222.69.139.141 - - [11/Mar/2021:09:50:43 +0800] "POST /xingrg/kc/buy/cgsh_list_operate.html HTTP/1.1" 200 348
222.69.139.141 - - [11/Mar/2021:09:50:44 +0800] "GET /xingrg/kc/buy/cgsh_order_info.html?code=212021031104409 HTTP/1.1" 200 57059
222.69.139.141 - - [11/Mar/2021:09:50:44 +0800] "GET /xingrg/javascript/easyui/themes/default/validatebox.css HTTP/1.1" 404 1104
222.69.139.141 - - [11/Mar/2021:09:50:45 +0800] "POST /xingrg/kc/buy/cgsh_order_operate.html HTTP/1.1" 200 1791
222.70.216.220 - - [11/Mar/2021:09:50:45 +0800] "GET /xingrg/check_reg.html?_=1615427440823 HTTP/1.1" 200 22
222.70.216.220 - - [11/Mar/2021:09:50:45 +0800] "GET /xingrg/all/function/internal_message.html?_=1615427440824&CODE_STATE=getMsg HTTP/1.1" 200 27
222.69.139.141 - - [11/Mar/2021:09:50:46 +0800] "POST /xingrg/kc/buy/cgsh_list_operate.html HTTP/1.1" 200 4415
222.69.139.141 - - [11/Mar/2021:09:50:52 +0800] "GET /xingrg/kc/print/load_data.html?order_code=212021031104409&kc_code=cgsh&condition= HTTP/1.1" 200 1246
172.20.0.100 - - [11/Mar/2021:09:50:53 +0800] "GET /xingrg/check_reg.html?_=1615427450437 HTTP/1.1" 302 -
180.169.147.146 - - [11/Mar/2021:09:50:54 +0800] "GET /xingrg/all/function/internal_message.html?_=1615427447307&CODE_STATE=getMsg HTTP/1.1" 200 27
180.169.147.146 - - [11/Mar/2021:09:50:55 +0800] "GET /xingrg/all/function/internal_message.html?_=1615427444739&CODE_STATE=getMsg HTTP/1.1" 200 27
117.185.32.26 - - [11/Mar/2021:09:50:57 +0800] "GET /xingrg/kc/buy/buy_main.html HTTP/1.1" 200 12412
117.185.32.26 - - [11/Mar/2021:09:50:57 +0800] "GET /xingrg/css/new_ie.css HTTP/1.1" 404 1036
117.185.32.26 - - [11/Mar/2021:09:50:57 +0800] "GET /xingrg/kc/buy/cgsh_order_list.html HTTP/1.1" 200 16412
117.185.32.26 - - [11/Mar/2021:09:50:58 +0800] "GET /xingrg/images/yd/bt.gif HTTP/1.1" 404 1040
117.185.32.26 - - [11/Mar/2021:09:50:59 +0800] "GET /xingrg/kc/buy/cgsh_order_list.html HTTP/1.1" 200 46366
58.37.230.33 - - [11/Mar/2021:09:51:00 +0800] "GET /xingrg/all/function/internal_message.html?_=1615427460582&CODE_STATE=getMsg HTTP/1.1" 302 -
117.185.32.26 - - [11/Mar/2021:09:51:00 +0800] "POST /xingrg/kc/buy/cgsh_list_operate.html HTTP/1.1" 200 1688
222.69.139.141 - - [11/Mar/2021:09:51:00 +0800] "POST /xingrg/kc/buy/cgsh_list_operate.html HTTP/1.1" 200 4415
61.165.42.208 - - [11/Mar/2021:09:51:04 +0800] "POST /xingrg/kc/buy/cgsh_list_operate.html HTTP/1.1" 200 422
61.165.42.208 - - [11/Mar/2021:09:51:05 +0800] "GET /xingrg/kc/buy/cgsh_order_info.html?code=212021031104424 HTTP/1.1" 200 62160
61.165.42.208 - - [11/Mar/2021:09:51:05 +0800] "GET /xingrg/javascript/easyui/themes/default/validatebox.css HTTP/1.1" 404 1104
61.165.42.208 - - [11/Mar/2021:09:51:05 +0800] "POST /xingrg/kc/buy/cgsh_order_operate.html HTTP/1.1" 200 4426
61.165.42.208 - - [11/Mar/2021:09:51:07 +0800] "GET /xingrg/kc/print/load_data.html?order_code=212021031104424&kc_code=cgsh&condition= HTTP/1.1" 200 1352
58.221.95.50 - - [11/Mar/2021:09:51:08 +0800] "GET /xingrg/kc/buy/cgsh_order_operate.html?command=get_materiel&rest_code=00152&code=00102010502&supplier_code=00100151&order_time=2021-03-09 HTTP/1.1" 200 412
180.169.147.146 - - [11/Mar/2021:09:51:08 +0800] "GET /xingrg/all/function/internal_message.html?_=1615427468545&CODE_STATE=getMsg HTTP/1.1" 200 27
116.235.216.75 - - [11/Mar/2021:09:51:09 +0800] "GET /xingrg/all/function/internal_message.html?_=1615427466996&CODE_STATE=getMsg HTTP/1.1" 200 27
58.40.7.146 - - [11/Mar/2021:09:51:10 +0800] "GET /xingrg/all/function/internal_message.html?_=1615427467698&CODE_STATE=getMsg HTTP/1.1" 302 -
61.165.42.208 - - [11/Mar/2021:09:51:11 +0800] "GET /xingrg/all/function/internal_message.html?_=1615427472030&CODE_STATE=getMsg HTTP/1.1" 200 27
117.185.32.26 - - [11/Mar/2021:09:51:11 +0800] "GET /xingrg/all/function/internal_message.html?_=1615427971127&CODE_STATE=getMsg HTTP/1.1" 200 27
61.165.42.208 - - [11/Mar/2021:09:51:12 +0800] "GET /xingrg/all/function/internal_message.html?_=1615427454810&CODE_STATE=getMsg HTTP/1.1" 302 -
117.185.32.26 - - [11/Mar/2021:09:51:15 +0800] "GET /xingrg/kc/buy/buy_main.html HTTP/1.1" 200 12412
117.185.32.26 - - [11/Mar/2021:09:51:15 +0800] "GET /xingrg/css/new_ie.css HTTP/1.1" 404 1036
117.185.32.26 - - [11/Mar/2021:09:51:16 +0800] "GET /xingrg/images/yd/bt.gif HTTP/1.1" 404 1040
117.185.32.26 - - [11/Mar/2021:09:51:17 +0800] "GET /xingrg/kc/buy/cgsh_order_list.html HTTP/1.1" 200 46366
117.185.32.26 - - [11/Mar/2021:09:51:19 +0800] "POST /xingrg/kc/buy/cgsh_list_operate.html HTTP/1.1" 200 1688
117.185.32.26 - - [11/Mar/2021:09:51:22 +0800] "GET /xingrg/kc/buy/cgsh_order_add.html HTTP/1.1" 200 62104
117.185.32.26 - - [11/Mar/2021:09:51:22 +0800] "GET /xingrg/kc/buy/cgsh_order_add.html HTTP/1.1" 200 16412
117.185.32.26 - - [11/Mar/2021:09:51:22 +0800] "GET /xingrg/words/20210311093603_words.js HTTP/1.1" 200 798830
117.185.32.26 - - [11/Mar/2021:09:51:23 +0800] "GET /xingrg/javascript/easyui/themes/default/validatebox.css HTTP/1.1" 404 1104
116.224.253.72 - - [11/Mar/2021:09:51:24 +0800] "GET /xingrg/all/function/internal_message.html?_=1615427443165&CODE_STATE=getMsg HTTP/1.1" 200 27
222.69.139.141 - - [11/Mar/2021:09:51:25 +0800] "POST /xingrg/kc/buy/cgsh_list_operate.html HTTP/1.1" 200 284
117.185.32.26 - - [11/Mar/2021:09:51:26 +0800] "POST /xingrg/kc/buy/cgsh_order_operate.html HTTP/1.1" 200 8245
117.185.32.26 - - [11/Mar/2021:09:51:26 +0800] "GET /xingrg/javascript/easyui/themes/default/tree.css HTTP/1.1" 404 1090
222.69.139.141 - - [11/Mar/2021:09:51:27 +0800] "GET /xingrg/kc/buy/cgsh_order_info.html?code=212021031104389 HTTP/1.1" 200 57057
222.69.139.141 - - [11/Mar/2021:09:51:27 +0800] "GET /xingrg/javascript/easyui/themes/default/validatebox.css HTTP/1.1" 404 1104
116.224.253.72 - - [11/Mar/2021:09:51:27 +0800] "GET /xingrg/all/function/internal_message.html?_=1615427490967&CODE_STATE=getMsg HTTP/1.1" 200 27
222.69.139.141 - - [11/Mar/2021:09:51:28 +0800] "POST /xingrg/kc/buy/cgsh_order_operate.html HTTP/1.1" 200 1214
58.221.95.50 - - [11/Mar/2021:09:51:28 +0800] "GET /xingrg/all/function/internal_message.html?_=1615427488030&CODE_STATE=getMsg HTTP/1.1" 200 27
114.86.187.76 - - [11/Mar/2021:09:51:29 +0800] "GET /xingrg/all/function/internal_message.html?_=1615427491538&CODE_STATE=getMsg HTTP/1.1" 200 27
222.69.139.141 - - [11/Mar/2021:09:51:29 +0800] "POST /xingrg/kc/buy/cgsh_list_operate.html HTTP/1.1" 200 4415
222.70.216.220 - - [11/Mar/2021:09:51:31 +0800] "GET /xingrg/all/function/internal_message.html?_=1615427486797&CODE_STATE=getMsg HTTP/1.1" 200 27
222.69.139.141 - - [11/Mar/2021:09:51:32 +0800] "GET /xingrg/kc/print/load_data.html?order_code=212021031104389&kc_code=cgsh&condition= HTTP/1.1" 200 937
58.37.230.33 - - [11/Mar/2021:09:51:35 +0800] "GET /xingrg/all/function/internal_message.html?_=1615427499210&CODE_STATE=getMsg HTTP/1.1" 200 27
101.228.165.174 - - [11/Mar/2021:09:51:35 +0800] "GET /xingrg/all/function/internal_message.html?_=1615427536817&CODE_STATE=getMsg HTTP/1.1" 200 27
180.169.147.146 - - [11/Mar/2021:09:51:37 +0800] "GET /xingrg/all/function/internal_message.html?_=1615427501678&CODE_STATE=getMsg HTTP/1.1" 200 27
180.174.195.252 - - [11/Mar/2021:09:51:38 +0800] "GET /xingrg/all/function/internal_message.html?_=1615427757752&CODE_STATE=getMsg HTTP/1.1" 200 27
114.88.166.193 - - [11/Mar/2021:09:51:38 +0800] "GET /xingrg/all/function/internal_message.html?_=1615427494381&CODE_STATE=getMsg HTTP/1.1" 200 27
222.69.139.141 - - [11/Mar/2021:09:51:39 +0800] "GET /xingrg/all/function/internal_message.html?_=1615427496656&CODE_STATE=getMsg HTTP/1.1" 200 27
117.185.32.26 - - [11/Mar/2021:09:51:40 +0800] "POST /xingrg/all/common/load_tree.html?tree=supplier_tree_json&isDelete=1 HTTP/1.1" 200 54827
101.91.60.105 - - [11/Mar/2021:09:51:42 +0800] "GET /xingrg/check_reg.html?_=1615426839214 HTTP/1.1" 302 -
222.70.216.220 - - [11/Mar/2021:09:51:45 +0800] "GET /xingrg/all/function/internal_message.html?_=1615427500821&CODE_STATE=getMsg HTTP/1.1" 200 27
58.221.95.50 - - [11/Mar/2021:09:51:48 +0800] "GET /xingrg/kc/buy/cgsh_order_operate.html?command=get_materiel&rest_code=00152&code=00102026001&supplier_code=00100151&order_time=2021-03-09 HTTP/1.1" 200 408
101.91.60.105 - - [11/Mar/2021:09:51:50 +0800] "GET /xingrg/login.html HTTP/1.1" 200 7641
222.69.139.141 - - [11/Mar/2021:09:51:51 +0800] "POST /xingrg/kc/buy/cgsh_list_operate.html HTTP/1.1" 200 4415
180.169.147.146 - - [11/Mar/2021:09:51:53 +0800] "GET /xingrg/all/function/internal_message.html?_=1615427507285&CODE_STATE=getMsg HTTP/1.1" 200 27
180.169.147.146 - - [11/Mar/2021:09:51:55 +0800] "GET /xingrg/all/function/internal_message.html?_=1615427504725&CODE_STATE=getMsg HTTP/1.1" 200 27
222.69.139.141 - - [11/Mar/2021:09:51:57 +0800] "POST /xingrg/kc/buy/cgsh_list_operate.html HTTP/1.1" 200 355
222.69.139.141 - - [11/Mar/2021:09:51:58 +0800] "GET /xingrg/kc/buy/cgsh_order_info.html?code=212021031104385 HTTP/1.1" 200 57059
222.69.139.141 - - [11/Mar/2021:09:51:58 +0800] "GET /xingrg/javascript/easyui/themes/default/validatebox.css HTTP/1.1" 404 1104
222.69.139.141 - - [11/Mar/2021:09:51:59 +0800] "POST /xingrg/kc/buy/cgsh_order_operate.html HTTP/1.1" 200 1796
58.37.230.33 - - [11/Mar/2021:09:52:00 +0800] "GET /xingrg/all/function/internal_message.html?_=1615427520559&CODE_STATE=getMsg HTTP/1.1" 302 -
222.69.139.141 - - [11/Mar/2021:09:52:00 +0800] "POST /xingrg/kc/buy/cgsh_list_operate.html HTTP/1.1" 200 4415
222.69.139.141 - - [11/Mar/2021:09:52:01 +0800] "GET /xingrg/kc/print/load_data.html?order_code=212021031104385&kc_code=cgsh&condition= HTTP/1.1" 200 1174
180.169.147.146 - - [11/Mar/2021:09:52:08 +0800] "GET /xingrg/all/function/internal_message.html?_=1615427528544&CODE_STATE=getMsg HTTP/1.1" 200 27
116.235.216.75 - - [11/Mar/2021:09:52:09 +0800] "GET /xingrg/all/function/internal_message.html?_=1615427526979&CODE_STATE=getMsg HTTP/1.1" 200 27
222.69.139.141 - - [11/Mar/2021:09:52:09 +0800] "POST /xingrg/kc/buy/cgsh_list_operate.html HTTP/1.1" 200 4415
116.235.216.75 - - [11/Mar/2021:09:52:10 +0800] "GET /xingrg/check_reg.html?_=1615427527714 HTTP/1.1" 200 22
58.40.7.146 - - [11/Mar/2021:09:52:10 +0800] "GET /xingrg/all/function/internal_message.html?_=1615427527686&CODE_STATE=getMsg HTTP/1.1" 302 -
61.165.42.208 - - [11/Mar/2021:09:52:11 +0800] "GET /xingrg/all/function/internal_message.html?_=1615427532032&CODE_STATE=getMsg HTTP/1.1" 200 27
117.185.32.26 - - [11/Mar/2021:09:52:11 +0800] "GET /xingrg/all/function/internal_message.html?_=1615428031124&CODE_STATE=getMsg HTTP/1.1" 200 27
61.165.42.208 - - [11/Mar/2021:09:52:12 +0800] "GET /xingrg/all/function/internal_message.html?_=1615427514798&CODE_STATE=getMsg HTTP/1.1" 302 -
222.69.139.141 - - [11/Mar/2021:09:52:13 +0800] "POST /xingrg/kc/buy/cgsh_list_operate.html HTTP/1.1" 200 201
222.69.139.141 - - [11/Mar/2021:09:52:14 +0800] "GET /xingrg/kc/buy/cgsh_order_info.html?code=212021031104390 HTTP/1.1" 200 57059
222.69.139.141 - - [11/Mar/2021:09:52:14 +0800] "GET /xingrg/javascript/easyui/themes/default/validatebox.css HTTP/1.1" 404 1104
222.69.139.141 - - [11/Mar/2021:09:52:14 +0800] "POST /xingrg/kc/buy/cgsh_order_operate.html HTTP/1.1" 200 606
222.69.139.141 - - [11/Mar/2021:09:52:15 +0800] "POST /xingrg/kc/buy/cgsh_list_operate.html HTTP/1.1" 200 4415
222.69.139.141 - - [11/Mar/2021:09:52:19 +0800] "GET /xingrg/kc/print/load_data.html?order_code=212021031104390&kc_code=cgsh&condition= HTTP/1.1" 200 714
116.224.253.72 - - [11/Mar/2021:09:52:24 +0800] "GET /xingrg/all/function/internal_message.html?_=1615427503178&CODE_STATE=getMsg HTTP/1.1" 200 27
114.86.187.76 - - [11/Mar/2021:09:52:26 +0800] "GET /xingrg/check_reg.html?_=1615427549370 HTTP/1.1" 200 22
116.224.253.72 - - [11/Mar/2021:09:52:27 +0800] "GET /xingrg/all/function/internal_message.html?_=1615427550982&CODE_STATE=getMsg HTTP/1.1" 200 27
58.221.95.50 - - [11/Mar/2021:09:52:28 +0800] "GET /xingrg/all/function/internal_message.html?_=1615427548005&CODE_STATE=getMsg HTTP/1.1" 200 27
114.86.187.76 - - [11/Mar/2021:09:52:29 +0800] "GET /xingrg/all/function/internal_message.html?_=1615427551553&CODE_STATE=getMsg HTTP/1.1" 200 27
222.70.216.220 - - [11/Mar/2021:09:52:31 +0800] "GET /xingrg/all/function/internal_message.html?_=1615427546784&CODE_STATE=getMsg HTTP/1.1" 200 27
58.37.230.33 - - [11/Mar/2021:09:52:35 +0800] "GET /xingrg/all/function/internal_message.html?_=1615427559208&CODE_STATE=getMsg HTTP/1.1" 200 27
101.228.165.174 - - [11/Mar/2021:09:52:35 +0800] "GET /xingrg/all/function/internal_message.html?_=1615427596964&CODE_STATE=getMsg HTTP/1.1" 200 27
180.169.147.146 - - [11/Mar/2021:09:52:37 +0800] "GET /xingrg/check_reg.html?_=1615427561670 HTTP/1.1" 200 22
180.169.147.146 - - [11/Mar/2021:09:52:37 +0800] "GET /xingrg/all/function/internal_message.html?_=1615427561673&CODE_STATE=getMsg HTTP/1.1" 200 27
180.174.195.252 - - [11/Mar/2021:09:52:37 +0800] "GET /xingrg/check_reg.html?_=1615427816332 HTTP/1.1" 200 22
180.174.195.252 - - [11/Mar/2021:09:52:38 +0800] "GET /xingrg/all/function/internal_message.html?_=1615427817767&CODE_STATE=getMsg HTTP/1.1" 200 27
114.88.166.193 - - [11/Mar/2021:09:52:38 +0800] "GET /xingrg/all/function/internal_message.html?_=1615427554639&CODE_STATE=getMsg HTTP/1.1" 200 27
222.69.139.141 - - [11/Mar/2021:09:52:39 +0800] "GET /xingrg/check_reg.html?_=1615427556662 HTTP/1.1" 200 22
222.69.139.141 - - [11/Mar/2021:09:52:39 +0800] "GET /xingrg/all/function/internal_message.html?_=1615427556663&CODE_STATE=getMsg HTTP/1.1" 200 27
61.151.178.197 - - [11/Mar/2021:09:52:43 +0800] "GET /xingrg/all/function/internal_message.html?_=1615426899212&CODE_STATE=getMsg HTTP/1.1" 302 -
222.70.216.220 - - [11/Mar/2021:09:52:45 +0800] "GET /xingrg/all/function/internal_message.html?_=1615427560822&CODE_STATE=getMsg HTTP/1.1" 200 27
61.151.178.197 - - [11/Mar/2021:09:52:48 +0800] "GET /xingrg/login.html HTTP/1.1" 200 7641
180.169.147.146 - - [11/Mar/2021:09:52:53 +0800] "GET /xingrg/all/function/internal_message.html?_=1615427567259&CODE_STATE=getMsg HTTP/1.1" 200 27
180.169.147.146 - - [11/Mar/2021:09:52:55 +0800] "GET /xingrg/all/function/internal_message.html?_=1615427564725&CODE_STATE=getMsg HTTP/1.1" 200 27
58.37.230.33 - - [11/Mar/2021:09:53:00 +0800] "GET /xingrg/all/function/internal_message.html?_=1615427580536&CODE_STATE=getMsg HTTP/1.1" 302 -
180.169.147.146 - - [11/Mar/2021:09:53:08 +0800] "GET /xingrg/all/function/internal_message.html?_=1615427588543&CODE_STATE=getMsg HTTP/1.1" 200 27
180.169.147.146 - - [11/Mar/2021:09:53:08 +0800] "GET /xingrg/check_reg.html?_=1615427588545 HTTP/1.1" 200 22
116.235.216.75 - - [11/Mar/2021:09:53:09 +0800] "GET /xingrg/all/function/internal_message.html?_=1615427586952&CODE_STATE=getMsg HTTP/1.1" 200 27
58.40.7.146 - - [11/Mar/2021:09:53:10 +0800] "GET /xingrg/all/function/internal_message.html?_=1615427587689&CODE_STATE=getMsg HTTP/1.1" 302 -
58.40.7.146 - - [11/Mar/2021:09:53:10 +0800] "GET /xingrg/check_reg.html?_=1615427587692 HTTP/1.1" 302 -
117.185.32.26 - - [11/Mar/2021:09:53:11 +0800] "GET /xingrg/all/function/internal_message.html?_=1615428091124&CODE_STATE=getMsg HTTP/1.1" 200 27
61.165.42.208 - - [11/Mar/2021:09:53:11 +0800] "GET /xingrg/all/function/internal_message.html?_=1615427592098&CODE_STATE=getMsg HTTP/1.1" 200 27
61.165.42.208 - - [11/Mar/2021:09:53:12 +0800] "GET /xingrg/all/function/internal_message.html?_=1615427574812&CODE_STATE=getMsg HTTP/1.1" 302 -
61.165.42.208 - - [11/Mar/2021:09:53:14 +0800] "POST /xingrg/kc/buy/cgsh_list_operate.html HTTP/1.1" 200 2765
116.224.253.72 - - [11/Mar/2021:09:53:24 +0800] "GET /xingrg/all/function/internal_message.html?_=1615427563202&CODE_STATE=getMsg HTTP/1.1" 200 27
116.224.253.72 - - [11/Mar/2021:09:53:27 +0800] "GET /xingrg/all/function/internal_message.html?_=1615427610975&CODE_STATE=getMsg HTTP/1.1" 200 27
61.165.42.208 - - [11/Mar/2021:09:53:28 +0800] "GET /xingrg/kc/buy/cgsh_order_add.html HTTP/1.1" 200 62151
58.221.95.50 - - [11/Mar/2021:09:53:28 +0800] "GET /xingrg/all/function/internal_message.html?_=1615427607983&CODE_STATE=getMsg HTTP/1.1" 200 27
61.165.42.208 - - [11/Mar/2021:09:53:28 +0800] "GET /xingrg/javascript/easyui/themes/default/validatebox.css HTTP/1.1" 404 1104
61.165.42.208 - - [11/Mar/2021:09:53:28 +0800] "POST /xingrg/kc/buy/cgsh_order_operate.html HTTP/1.1" 200 8245
114.86.187.76 - - [11/Mar/2021:09:53:29 +0800] "GET /xingrg/all/function/internal_message.html?_=1615427611566&CODE_STATE=getMsg HTTP/1.1" 200 27
58.221.95.50 - - [11/Mar/2021:09:53:29 +0800] "GET /xingrg/check_reg.html?_=1615427608502 HTTP/1.1" 200 22
222.70.216.220 - - [11/Mar/2021:09:53:31 +0800] "GET /xingrg/all/function/internal_message.html?_=1615427606787&CODE_STATE=getMsg HTTP/1.1" 200 27
222.70.216.220 - - [11/Mar/2021:09:53:31 +0800] "GET /xingrg/check_reg.html?_=1615427606787 HTTP/1.1" 200 22
58.37.230.33 - - [11/Mar/2021:09:53:35 +0800] "GET /xingrg/all/function/internal_message.html?_=1615427619234&CODE_STATE=getMsg HTTP/1.1" 200 27
101.228.165.174 - - [11/Mar/2021:09:53:35 +0800] "GET /xingrg/all/function/internal_message.html?_=1615427656968&CODE_STATE=getMsg HTTP/1.1" 200 27
180.169.147.146 - - [11/Mar/2021:09:53:37 +0800] "GET /xingrg/all/function/internal_message.html?_=1615427621681&CODE_STATE=getMsg HTTP/1.1" 200 27
180.174.195.252 - - [11/Mar/2021:09:53:38 +0800] "GET /xingrg/all/function/internal_message.html?_=1615427877780&CODE_STATE=getMsg HTTP/1.1" 200 27
114.88.166.193 - - [11/Mar/2021:09:53:38 +0800] "GET /xingrg/all/function/internal_message.html?_=1615427614643&CODE_STATE=getMsg HTTP/1.1" 200 27
222.69.139.141 - - [11/Mar/2021:09:53:39 +0800] "GET /xingrg/all/function/internal_message.html?_=1615427616671&CODE_STATE=getMsg HTTP/1.1" 200 27
61.165.42.208 - - [11/Mar/2021:09:53:41 +0800] "GET /xingrg/kc/buy/cgsh_order_operate.html?command=get_materiel&rest_code=00105&code=00101002027&supplier_code=00100397&order_time=2021-03-11 HTTP/1.1" 200 413
222.70.216.220 - - [11/Mar/2021:09:53:45 +0800] "GET /xingrg/all/function/internal_message.html?_=1615427620823&CODE_STATE=getMsg HTTP/1.1" 200 27
71.6.199.23 - - [11/Mar/2021:09:53:48 +0800] "POST /json_rpc HTTP/1.1" 404 -
71.6.199.23 - - [11/Mar/2021:09:53:50 +0800] "GET / HTTP/1.1" 404 -
180.169.147.146 - - [11/Mar/2021:09:53:53 +0800] "GET /xingrg/all/function/internal_message.html?_=1615427627236&CODE_STATE=getMsg HTTP/1.1" 200 27
180.169.147.146 - - [11/Mar/2021:09:53:55 +0800] "GET /xingrg/all/function/internal_message.html?_=1615427624727&CODE_STATE=getMsg HTTP/1.1" 200 27
58.37.230.33 - - [11/Mar/2021:09:54:00 +0800] "GET /xingrg/all/function/internal_message.html?_=1615427640515&CODE_STATE=getMsg HTTP/1.1" 302 -
61.165.42.208 - - [11/Mar/2021:09:54:03 +0800] "GET /xingrg/kc/buy/cgsh_order_operate.html?command=get_materiel&rest_code=00105&code=00101002022&supplier_code=00100397&order_time=2021-03-11 HTTP/1.1" 200 429
58.221.95.50 - - [11/Mar/2021:09:54:03 +0800] "GET /xingrg/kc/buy/cgsh_order_operate.html?command=get_materiel&rest_code=00152&code=00102016558&supplier_code=00100151&order_time=2021-03-09 HTTP/1.1" 200 412
222.70.216.220 - - [11/Mar/2021:09:54:06 +0800] "GET /xingrg/check_reg.html?_=1615427641679 HTTP/1.1" 200 22
180.169.147.146 - - [11/Mar/2021:09:54:08 +0800] "GET /xingrg/all/function/internal_message.html?_=1615427648549&CODE_STATE=getMsg HTTP/1.1" 200 27
116.235.216.75 - - [11/Mar/2021:09:54:09 +0800] "GET /xingrg/all/function/internal_message.html?_=1615427646936&CODE_STATE=getMsg HTTP/1.1" 200 27
58.40.7.146 - - [11/Mar/2021:09:54:10 +0800] "GET /xingrg/all/function/internal_message.html?_=1615427647693&CODE_STATE=getMsg HTTP/1.1" 302 -
61.165.42.208 - - [11/Mar/2021:09:54:11 +0800] "GET /xingrg/all/function/internal_message.html?_=1615427652061&CODE_STATE=getMsg HTTP/1.1" 200 27
61.165.42.208 - - [11/Mar/2021:09:54:11 +0800] "GET /xingrg/check_reg.html?_=1615427652065 HTTP/1.1" 200 22
117.185.32.26 - - [11/Mar/2021:09:54:11 +0800] "GET /xingrg/all/function/internal_message.html?_=1615428151123&CODE_STATE=getMsg HTTP/1.1" 200 27
61.165.42.208 - - [11/Mar/2021:09:54:12 +0800] "GET /xingrg/check_reg.html?_=1615427634797 HTTP/1.1" 302 -
61.165.42.208 - - [11/Mar/2021:09:54:12 +0800] "GET /xingrg/all/function/internal_message.html?_=1615427634800&CODE_STATE=getMsg HTTP/1.1" 302 -
61.165.42.208 - - [11/Mar/2021:09:54:14 +0800] "GET /xingrg/kc/buy/cgsh_order_operate.html?command=get_materiel&rest_code=00105&code=00101005037&supplier_code=00100397&order_time=2021-03-11 HTTP/1.1" 200 411
180.169.147.146 - - [11/Mar/2021:09:54:16 +0800] "GET /xingrg/check_reg.html?_=1615427649615 HTTP/1.1" 200 22
116.224.253.72 - - [11/Mar/2021:09:54:24 +0800] "GET /xingrg/all/function/internal_message.html?_=1615427623206&CODE_STATE=getMsg HTTP/1.1" 200 27
61.165.42.208 - - [11/Mar/2021:09:54:25 +0800] "POST /xingrg/kc/buy/cgsh_order_operate.html HTTP/1.1" 200 37
61.165.42.208 - - [11/Mar/2021:09:54:26 +0800] "POST /xingrg/kc/buy/cgsh_order_operate.html HTTP/1.1" 200 4427
116.224.253.72 - - [11/Mar/2021:09:54:27 +0800] "GET /xingrg/check_reg.html?_=1615427670973 HTTP/1.1" 200 22
116.224.253.72 - - [11/Mar/2021:09:54:27 +0800] "GET /xingrg/all/function/internal_message.html?_=1615427670975&CODE_STATE=getMsg HTTP/1.1" 200 27
61.165.42.208 - - [11/Mar/2021:09:54:28 +0800] "GET /xingrg/kc/print/load_data.html?order_code=212021031104425&kc_code=cgsh&condition= HTTP/1.1" 200 1336
58.221.95.50 - - [11/Mar/2021:09:54:28 +0800] "GET /xingrg/all/function/internal_message.html?_=1615427667966&CODE_STATE=getMsg HTTP/1.1" 200 27
114.86.187.76 - - [11/Mar/2021:09:54:29 +0800] "GET /xingrg/all/function/internal_message.html?_=1615427671579&CODE_STATE=getMsg HTTP/1.1" 200 27
222.70.216.220 - - [11/Mar/2021:09:54:31 +0800] "GET /xingrg/all/function/internal_message.html?_=1615427666789&CODE_STATE=getMsg HTTP/1.1" 200 27
61.165.42.208 - - [11/Mar/2021:09:54:33 +0800] "GET /xingrg/kc/buy/cgsh_order_add.html HTTP/1.1" 200 62151
61.165.42.208 - - [11/Mar/2021:09:54:33 +0800] "GET /xingrg/javascript/easyui/themes/default/validatebox.css HTTP/1.1" 404 1104
61.165.42.208 - - [11/Mar/2021:09:54:33 +0800] "POST /xingrg/kc/buy/cgsh_order_operate.html HTTP/1.1" 200 8245
58.37.230.33 - - [11/Mar/2021:09:54:35 +0800] "GET /xingrg/all/function/internal_message.html?_=1615427679233&CODE_STATE=getMsg HTTP/1.1" 200 27
58.221.95.50 - - [11/Mar/2021:09:54:35 +0800] "GET /xingrg/kc/buy/cgsh_order_operate.html?command=get_materiel&rest_code=00152&code=00102011068&supplier_code=00100151&order_time=2021-03-09 HTTP/1.1" 200 416
101.228.165.174 - - [11/Mar/2021:09:54:35 +0800] "GET /xingrg/all/function/internal_message.html?_=1615427717144&CODE_STATE=getMsg HTTP/1.1" 200 27
114.88.166.193 - - [11/Mar/2021:09:54:36 +0800] "GET /xingrg/check_reg.html?_=1615427672810 HTTP/1.1" 200 22
180.169.147.146 - - [11/Mar/2021:09:54:37 +0800] "GET /xingrg/all/function/internal_message.html?_=1615427681671&CODE_STATE=getMsg HTTP/1.1" 200 27
180.174.195.252 - - [11/Mar/2021:09:54:38 +0800] "GET /xingrg/all/function/internal_message.html?_=1615427937793&CODE_STATE=getMsg HTTP/1.1" 200 27
114.88.166.193 - - [11/Mar/2021:09:54:38 +0800] "GET /xingrg/all/function/internal_message.html?_=1615427674654&CODE_STATE=getMsg HTTP/1.1" 200 27
