180.169.147.146 - - [11/Mar/2021:09:35:23 +0800] "GET /xingrg/system/info/materiel_info.html?code=00102012&isAdd=1 HTTP/1.1" 200 34362
180.169.147.146 - - [11/Mar/2021:09:35:23 +0800] "GET /xingrg/dwr/interface/AjaxGetFirstChart.js HTTP/1.1" 200 631
180.169.147.146 - - [11/Mar/2021:09:35:23 +0800] "GET /xingrg/dwr/engine.js HTTP/1.1" 200 43631
180.169.147.146 - - [11/Mar/2021:09:35:23 +0800] "GET /favicon.ico HTTP/1.1" 404 -
180.169.147.146 - - [11/Mar/2021:09:35:23 +0800] "POST /xingrg/all/common/load_tree.html?tree=area_rest_tree_json HTTP/1.1" 200 3344
180.169.147.146 - - [11/Mar/2021:09:35:23 +0800] "POST /xingrg/dwr/call/plaincall/AjaxBaseInfoService.getMaterielInfo.dwr HTTP/1.1" 200 222
180.169.147.146 - - [11/Mar/2021:09:35:23 +0800] "POST /xingrg/all/common/load_tree.html?tree=area_rest_tree_json&defaultRests=undefined HTTP/1.1" 200 3344
114.86.187.76 - - [11/Mar/2021:09:35:27 +0800] "GET /xingrg/all/function/internal_message.html?_=1615426530402&CODE_STATE=getMsg HTTP/1.1" 200 27
114.86.187.76 - - [11/Mar/2021:09:35:28 +0800] "GET /xingrg/kc/buy/cgsh_order_operate.html?command=get_materiel&rest_code=00148&code=00102026006&supplier_code=00100151&order_time=2021-03-11 HTTP/1.1" 200 412
58.221.95.50 - - [11/Mar/2021:09:35:29 +0800] "GET /xingrg/all/function/internal_message.html?_=1615426528388&CODE_STATE=getMsg HTTP/1.1" 200 27
58.37.230.33 - - [11/Mar/2021:09:35:31 +0800] "POST /xingrg/dwr/call/plaincall/AjaxQqpsService.getMaterielByCode.dwr HTTP/1.1" 200 2582
222.70.216.220 - - [11/Mar/2021:09:35:31 +0800] "GET /xingrg/all/function/internal_message.html?_=1615426526794&CODE_STATE=getMsg HTTP/1.1" 200 27
180.169.147.146 - - [11/Mar/2021:09:35:32 +0800] "POST /xingrg/dwr/call/plaincall/AjaxGetFirstChart.getFirstChart.dwr HTTP/1.1" 200 92
58.37.230.33 - - [11/Mar/2021:09:35:33 +0800] "POST /xingrg/dwr/call/plaincall/AjaxQqpsService.saveMaterielItem.dwr HTTP/1.1" 200 79
101.228.165.174 - - [11/Mar/2021:09:35:34 +0800] "GET /xingrg/all/function/internal_message.html?_=1615426575756&CODE_STATE=getMsg HTTP/1.1" 200 27
58.37.230.33 - - [11/Mar/2021:09:35:35 +0800] "GET /xingrg/check_reg.html?_=1615426539195 HTTP/1.1" 200 22
58.37.230.33 - - [11/Mar/2021:09:35:35 +0800] "GET /xingrg/all/function/internal_message.html?_=1615426539197&CODE_STATE=getMsg HTTP/1.1" 200 27
114.88.166.193 - - [11/Mar/2021:09:35:37 +0800] "GET /xingrg/all/function/internal_message.html?_=1615426533234&CODE_STATE=getMsg HTTP/1.1" 200 27
180.169.147.146 - - [11/Mar/2021:09:35:37 +0800] "GET /xingrg/all/function/internal_message.html?_=1615426541638&CODE_STATE=getMsg HTTP/1.1" 200 27
180.174.195.252 - - [11/Mar/2021:09:35:37 +0800] "GET /xingrg/all/function/internal_message.html?_=1615426797170&CODE_STATE=getMsg HTTP/1.1" 200 27
180.169.147.146 - - [11/Mar/2021:09:35:38 +0800] "POST /xingrg/dwr/call/plaincall/AjaxBaseInfoService.changeUnitGroup.dwr HTTP/1.1" 200 243
114.88.166.193 - - [11/Mar/2021:09:35:40 +0800] "GET /xingrg/kc/buy/cgsh_order_operate.html?command=get_materiel&rest_code=00111&code=00101008236&supplier_code=00100005&order_time=2021-03-11 HTTP/1.1" 200 416
180.169.147.146 - - [11/Mar/2021:09:35:43 +0800] "POST /xingrg/dwr/call/plaincall/AjaxBaseInfoService.saveMateriel.dwr HTTP/1.1" 200 108
180.169.147.146 - - [11/Mar/2021:09:35:43 +0800] "POST /xingrg/dwr/call/plaincall/AjaxBaseInfoService.getMateriels.dwr HTTP/1.1" 200 3074
116.224.253.72 - - [11/Mar/2021:09:35:44 +0800] "GET /xingrg/all/function/internal_message.html?_=1615426503711&CODE_STATE=getMsg HTTP/1.1" 200 27
58.221.95.50 - - [11/Mar/2021:09:35:45 +0800] "POST /xingrg/kc/buy/cgsh_order_operate.html HTTP/1.1" 200 37
222.70.216.220 - - [11/Mar/2021:09:35:45 +0800] "GET /xingrg/check_reg.html?_=1615426540823 HTTP/1.1" 200 22
222.70.216.220 - - [11/Mar/2021:09:35:45 +0800] "GET /xingrg/all/function/internal_message.html?_=1615426540823&CODE_STATE=getMsg HTTP/1.1" 200 27
58.37.230.33 - - [11/Mar/2021:09:35:48 +0800] "POST /xingrg/dwr/call/plaincall/AjaxQqpsService.getMaterielByCode.dwr HTTP/1.1" 200 2583
114.88.166.193 - - [11/Mar/2021:09:35:49 +0800] "GET /xingrg/kc/buy/cgsh_order_operate.html?command=get_materiel&rest_code=00111&code=00101008338&supplier_code=00100005&order_time=2021-03-11 HTTP/1.1" 200 408
58.37.230.33 - - [11/Mar/2021:09:35:50 +0800] "POST /xingrg/dwr/call/plaincall/AjaxQqpsService.saveMaterielItem.dwr HTTP/1.1" 200 79
58.221.95.50 - - [11/Mar/2021:09:35:51 +0800] "POST /xingrg/kc/buy/cgsh_order_operate.html HTTP/1.1" 200 12
58.221.95.50 - - [11/Mar/2021:09:35:52 +0800] "GET /xingrg/kc/buy/cgsh_order_info.html?code=212021031104413 HTTP/1.1" 200 55970
58.221.95.50 - - [11/Mar/2021:09:35:52 +0800] "GET /xingrg/words/20210311093543_words.js HTTP/1.1" 200 798776
114.86.187.76 - - [11/Mar/2021:09:35:53 +0800] "GET /xingrg/kc/buy/cgsh_order_operate.html?command=get_materiel&rest_code=00148&code=00102003211&supplier_code=00100151&order_time=2021-03-11 HTTP/1.1" 200 412
58.221.95.50 - - [11/Mar/2021:09:35:53 +0800] "GET /xingrg/javascript/easyui/themes/default/validatebox.css HTTP/1.1" 404 1104
172.20.0.100 - - [11/Mar/2021:09:35:53 +0800] "GET /xingrg/check_reg.html?_=1615426550511 HTTP/1.1" 302 -
58.221.95.50 - - [11/Mar/2021:09:35:53 +0800] "POST /xingrg/kc/buy/cgsh_order_operate.html HTTP/1.1" 200 602
180.169.147.146 - - [11/Mar/2021:09:35:54 +0800] "GET /xingrg/all/function/internal_message.html?_=1615426547656&CODE_STATE=getMsg HTTP/1.1" 200 27
180.169.147.146 - - [11/Mar/2021:09:35:55 +0800] "POST /xingrg/dwr/call/plaincall/AjaxBaseInfoService.getMateriels.dwr HTTP/1.1" 200 3009
180.169.147.146 - - [11/Mar/2021:09:35:55 +0800] "GET /xingrg/all/function/internal_message.html?_=1615426544737&CODE_STATE=getMsg HTTP/1.1" 200 27
180.169.147.146 - - [11/Mar/2021:09:35:55 +0800] "POST /xingrg/dwr/call/plaincall/AjaxBaseInfoService.getMateriels.dwr HTTP/1.1" 200 3017
180.169.147.146 - - [11/Mar/2021:09:35:56 +0800] "GET /xingrg/system/info/materiel_info.html?code=00102002&isAdd=1 HTTP/1.1" 200 34362
180.169.147.146 - - [11/Mar/2021:09:35:56 +0800] "GET /xingrg/dwr/engine.js HTTP/1.1" 200 43631
180.169.147.146 - - [11/Mar/2021:09:35:56 +0800] "GET /favicon.ico HTTP/1.1" 404 -
180.169.147.146 - - [11/Mar/2021:09:35:56 +0800] "POST /xingrg/all/common/load_tree.html?tree=area_rest_tree_json HTTP/1.1" 200 3344
180.169.147.146 - - [11/Mar/2021:09:35:56 +0800] "POST /xingrg/dwr/call/plaincall/AjaxBaseInfoService.getMaterielInfo.dwr HTTP/1.1" 200 228
180.169.147.146 - - [11/Mar/2021:09:35:56 +0800] "POST /xingrg/all/common/load_tree.html?tree=area_rest_tree_json&defaultRests=undefined HTTP/1.1" 200 3344
180.169.147.146 - - [11/Mar/2021:09:35:58 +0800] "POST /xingrg/dwr/call/plaincall/AjaxGetFirstChart.getFirstChart.dwr HTTP/1.1" 200 79
180.169.147.146 - - [11/Mar/2021:09:36:00 +0800] "POST /xingrg/dwr/call/plaincall/AjaxBaseInfoService.changeUnitGroup.dwr HTTP/1.1" 200 243
58.37.230.33 - - [11/Mar/2021:09:36:00 +0800] "GET /xingrg/all/function/internal_message.html?_=1615426560921&CODE_STATE=getMsg HTTP/1.1" 302 -
180.169.147.146 - - [11/Mar/2021:09:36:03 +0800] "POST /xingrg/dwr/call/plaincall/AjaxBaseInfoService.saveMateriel.dwr HTTP/1.1" 200 109
180.169.147.146 - - [11/Mar/2021:09:36:03 +0800] "POST /xingrg/dwr/call/plaincall/AjaxBaseInfoService.getMateriels.dwr HTTP/1.1" 200 3017
114.88.166.193 - - [11/Mar/2021:09:36:05 +0800] "GET /xingrg/kc/buy/cgsh_order_operate.html?command=get_materiel&rest_code=00111&code=00101008209&supplier_code=00100005&order_time=2021-03-11 HTTP/1.1" 200 427
116.233.75.117 - - [11/Mar/2021:09:36:05 +0800] "GET /xingrg/all/function/internal_message.html?_=1615426563093&CODE_STATE=getMsg HTTP/1.1" 200 27
116.233.75.117 - - [11/Mar/2021:09:36:05 +0800] "GET /xingrg/check_reg.html?_=1615426563093 HTTP/1.1" 200 22
114.88.166.193 - - [11/Mar/2021:09:36:07 +0800] "POST /xingrg/kc/buy/cgsh_order_operate.html HTTP/1.1" 200 2065
180.169.147.146 - - [11/Mar/2021:09:36:08 +0800] "GET /xingrg/all/function/internal_message.html?_=1615426568525&CODE_STATE=getMsg HTTP/1.1" 200 27
116.235.216.75 - - [11/Mar/2021:09:36:09 +0800] "GET /xingrg/all/function/internal_message.html?_=1615426567254&CODE_STATE=getMsg HTTP/1.1" 200 27
58.40.7.146 - - [11/Mar/2021:09:36:10 +0800] "GET /xingrg/all/function/internal_message.html?_=1615426567678&CODE_STATE=getMsg HTTP/1.1" 302 -
117.185.32.26 - - [11/Mar/2021:09:36:11 +0800] "GET /xingrg/all/function/internal_message.html?_=1615427071042&CODE_STATE=getMsg HTTP/1.1" 200 27
61.165.42.208 - - [11/Mar/2021:09:36:11 +0800] "GET /xingrg/all/function/internal_message.html?_=1615426572000&CODE_STATE=getMsg HTTP/1.1" 200 27
116.224.253.72 - - [11/Mar/2021:09:36:12 +0800] "GET /xingrg/all/function/internal_message.html?_=1615426575528&CODE_STATE=getMsg HTTP/1.1" 200 27
58.37.230.33 - - [11/Mar/2021:09:36:12 +0800] "POST /xingrg/dwr/call/plaincall/AjaxQqpsService.getMaterielByCode.dwr HTTP/1.1" 200 2587
61.165.42.208 - - [11/Mar/2021:09:36:12 +0800] "GET /xingrg/all/function/internal_message.html?_=1615426554773&CODE_STATE=getMsg HTTP/1.1" 302 -
114.88.166.193 - - [11/Mar/2021:09:36:13 +0800] "GET /xingrg/kc/buy/cgsh_order_operate.html?command=get_materiel&rest_code=00111&code=00101008165&supplier_code=00100005&order_time=2021-03-11 HTTP/1.1" 200 416
58.221.95.50 - - [11/Mar/2021:09:36:15 +0800] "GET /xingrg/kc/buy/cgsh_order_add.html HTTP/1.1" 200 61077
58.221.95.50 - - [11/Mar/2021:09:36:15 +0800] "GET /xingrg/words/20210311093603_words.js HTTP/1.1" 200 798830
114.86.187.76 - - [11/Mar/2021:09:36:15 +0800] "GET /xingrg/kc/buy/cgsh_order_operate.html?command=get_materiel&rest_code=00148&code=00102003211&supplier_code=00100151&order_time=2021-03-11 HTTP/1.1" 200 412
58.37.230.33 - - [11/Mar/2021:09:36:16 +0800] "POST /xingrg/dwr/call/plaincall/AjaxQqpsService.saveMaterielItem.dwr HTTP/1.1" 200 79
58.221.95.50 - - [11/Mar/2021:09:36:16 +0800] "GET /xingrg/javascript/easyui/themes/default/validatebox.css HTTP/1.1" 404 1104
58.221.95.50 - - [11/Mar/2021:09:36:16 +0800] "POST /xingrg/kc/buy/cgsh_order_operate.html HTTP/1.1" 200 8245
114.88.166.193 - - [11/Mar/2021:09:36:22 +0800] "GET /xingrg/kc/buy/cgsh_order_operate.html?command=get_materiel&rest_code=00111&code=00101008223&supplier_code=00100005&order_time=2021-03-11 HTTP/1.1" 200 412
114.86.187.76 - - [11/Mar/2021:09:36:28 +0800] "GET /xingrg/all/function/internal_message.html?_=1615426590415&CODE_STATE=getMsg HTTP/1.1" 200 27
58.221.95.50 - - [11/Mar/2021:09:36:29 +0800] "GET /xingrg/all/function/internal_message.html?_=1615426588364&CODE_STATE=getMsg HTTP/1.1" 200 27
58.221.95.50 - - [11/Mar/2021:09:36:30 +0800] "GET /xingrg/kc/buy/cgsh_order_operate.html?command=get_materiel&rest_code=00152&code=00102012067&supplier_code=00100151&order_time=2021-03-09 HTTP/1.1" 200 414
222.70.216.220 - - [11/Mar/2021:09:36:31 +0800] "GET /xingrg/all/function/internal_message.html?_=1615426586796&CODE_STATE=getMsg HTTP/1.1" 200 27
58.37.230.33 - - [11/Mar/2021:09:36:33 +0800] "POST /xingrg/dwr/call/plaincall/AjaxQqpsService.getMaterielByCode.dwr HTTP/1.1" 200 2611
114.86.187.76 - - [11/Mar/2021:09:36:34 +0800] "GET /xingrg/kc/buy/cgsh_order_operate.html?command=get_materiel&rest_code=00148&code=00102026006&supplier_code=00100151&order_time=2021-03-11 HTTP/1.1" 200 412
101.228.165.174 - - [11/Mar/2021:09:36:34 +0800] "GET /xingrg/all/function/internal_message.html?_=1615426635769&CODE_STATE=getMsg HTTP/1.1" 200 27
58.37.230.33 - - [11/Mar/2021:09:36:35 +0800] "GET /xingrg/all/function/internal_message.html?_=1615426599184&CODE_STATE=getMsg HTTP/1.1" 200 27
114.88.166.193 - - [11/Mar/2021:09:36:35 +0800] "GET /xingrg/kc/buy/cgsh_order_operate.html?command=get_materiel&rest_code=00111&code=00101008172&supplier_code=00100005&order_time=2021-03-11 HTTP/1.1" 200 431
58.37.230.33 - - [11/Mar/2021:09:36:35 +0800] "POST /xingrg/dwr/call/plaincall/AjaxQqpsService.saveMaterielItem.dwr HTTP/1.1" 200 79
180.169.147.146 - - [11/Mar/2021:09:36:37 +0800] "GET /xingrg/all/function/internal_message.html?_=1615426601639&CODE_STATE=getMsg HTTP/1.1" 200 27
114.88.166.193 - - [11/Mar/2021:09:36:37 +0800] "GET /xingrg/all/function/internal_message.html?_=1615426593368&CODE_STATE=getMsg HTTP/1.1" 200 27
180.174.195.252 - - [11/Mar/2021:09:36:37 +0800] "GET /xingrg/all/function/internal_message.html?_=1615426857190&CODE_STATE=getMsg HTTP/1.1" 200 27
114.86.187.76 - - [11/Mar/2021:09:36:43 +0800] "GET /xingrg/javascript/easyui/themes/default/images/button_plain_hover.png HTTP/1.1" 304 -
114.86.187.76 - - [11/Mar/2021:09:36:43 +0800] "GET /xingrg/javascript/easyui/themes/default/images/button_plain_hover.png HTTP/1.1" 304 -
114.88.166.193 - - [11/Mar/2021:09:36:43 +0800] "GET /xingrg/kc/buy/cgsh_order_operate.html?command=get_materiel&rest_code=00111&code=00101008095&supplier_code=00100005&order_time=2021-03-11 HTTP/1.1" 200 413
114.86.187.76 - - [11/Mar/2021:09:36:43 +0800] "GET /xingrg/javascript/easyui/themes/default/images/button_plain_hover.png HTTP/1.1" 304 -
114.86.187.76 - - [11/Mar/2021:09:36:44 +0800] "GET /xingrg/javascript/easyui/themes/default/images/button_plain_hover.png HTTP/1.1" 304 -
114.86.187.76 - - [11/Mar/2021:09:36:44 +0800] "GET /xingrg/javascript/easyui/themes/default/images/button_plain_hover.png HTTP/1.1" 304 -
114.86.187.76 - - [11/Mar/2021:09:36:44 +0800] "GET /xingrg/javascript/easyui/themes/default/images/button_plain_hover.png HTTP/1.1" 304 -
116.224.253.72 - - [11/Mar/2021:09:36:44 +0800] "GET /xingrg/all/function/internal_message.html?_=1615426563725&CODE_STATE=getMsg HTTP/1.1" 200 27
222.70.216.220 - - [11/Mar/2021:09:36:45 +0800] "GET /xingrg/all/function/internal_message.html?_=1615426600823&CODE_STATE=getMsg HTTP/1.1" 200 27
114.86.187.76 - - [11/Mar/2021:09:36:47 +0800] "POST /xingrg/kc/buy/cgsh_order_operate.html HTTP/1.1" 200 37
114.86.187.76 - - [11/Mar/2021:09:36:48 +0800] "POST /xingrg/kc/buy/cgsh_order_operate.html HTTP/1.1" 200 4441
114.88.166.193 - - [11/Mar/2021:09:36:51 +0800] "GET /xingrg/kc/buy/cgsh_order_operate.html?command=get_materiel&rest_code=00111&code=00101008110&supplier_code=00100005&order_time=2021-03-11 HTTP/1.1" 200 409
180.169.147.146 - - [11/Mar/2021:09:36:54 +0800] "GET /xingrg/all/function/internal_message.html?_=1615426607638&CODE_STATE=getMsg HTTP/1.1" 200 27
114.88.166.193 - - [11/Mar/2021:09:36:54 +0800] "POST /xingrg/kc/buy/cgsh_order_operate.html HTTP/1.1" 200 2065
180.169.147.146 - - [11/Mar/2021:09:36:55 +0800] "GET /xingrg/all/function/internal_message.html?_=1615426604729&CODE_STATE=getMsg HTTP/1.1" 200 27
222.69.139.141 - - [11/Mar/2021:09:36:56 +0800] "GET /xingrg/all/function/internal_message.html?_=1615426602584&CODE_STATE=getMsg HTTP/1.1" 200 27
222.69.139.141 - - [11/Mar/2021:09:36:56 +0800] "GET /xingrg/check_reg.html?_=1615426602587 HTTP/1.1" 200 22
222.69.139.141 - - [11/Mar/2021:09:36:56 +0800] "GET /xingrg/kc/buy/cgsh_order_info.html?code=212021031104411 HTTP/1.1" 200 57057
222.69.139.141 - - [11/Mar/2021:09:36:57 +0800] "GET /xingrg/words/20210311093603_words.js HTTP/1.1" 200 798830
222.69.139.141 - - [11/Mar/2021:09:36:57 +0800] "GET /xingrg/javascript/easyui/themes/default/validatebox.css HTTP/1.1" 404 1104
222.69.139.141 - - [11/Mar/2021:09:36:58 +0800] "POST /xingrg/kc/buy/cgsh_order_operate.html HTTP/1.1" 200 3615
222.69.139.141 - - [11/Mar/2021:09:36:59 +0800] "GET /xingrg/kc/buy/cgsh_order_add.html HTTP/1.1" 200 62157
222.69.139.141 - - [11/Mar/2021:09:37:00 +0800] "POST /xingrg/kc/buy/cgsh_order_operate.html HTTP/1.1" 200 8245
222.69.139.141 - - [11/Mar/2021:09:37:00 +0800] "GET /xingrg/javascript/easyui/themes/default/validatebox.css HTTP/1.1" 404 1104
58.37.230.33 - - [11/Mar/2021:09:37:00 +0800] "GET /xingrg/all/function/internal_message.html?_=1615426620903&CODE_STATE=getMsg HTTP/1.1" 302 -
116.233.75.117 - - [11/Mar/2021:09:37:05 +0800] "GET /xingrg/all/function/internal_message.html?_=1615426623095&CODE_STATE=getMsg HTTP/1.1" 200 27
58.37.230.33 - - [11/Mar/2021:09:37:06 +0800] "POST /xingrg/dwr/call/plaincall/AjaxQqpsService.checkOrder.dwr HTTP/1.1" 200 79
58.37.230.33 - - [11/Mar/2021:09:37:07 +0800] "GET /xingrg/kc/mdqp/qqps_order_info.html?code=302021031100209 HTTP/1.1" 200 26558
58.37.230.33 - - [11/Mar/2021:09:37:07 +0800] "GET /xingrg/dwr/interface/AjaxComOrderService.js HTTP/1.1" 200 18264
58.37.230.33 - - [11/Mar/2021:09:37:07 +0800] "GET /xingrg/dwr/interface/AjaxQqpsService.js HTTP/1.1" 200 16326
58.37.230.33 - - [11/Mar/2021:09:37:07 +0800] "GET /xingrg/dwr/engine.js HTTP/1.1" 200 43631
58.37.230.33 - - [11/Mar/2021:09:37:08 +0800] "GET /xingrg/words/20210311093603_words.js HTTP/1.1" 200 798830
58.37.230.33 - - [11/Mar/2021:09:37:08 +0800] "POST /xingrg/dwr/call/plaincall/AjaxQqpsService.loadMaterielItems.dwr HTTP/1.1" 200 7189
180.169.147.146 - - [11/Mar/2021:09:37:08 +0800] "GET /xingrg/all/function/internal_message.html?_=1615426628524&CODE_STATE=getMsg HTTP/1.1" 200 27
222.69.139.141 - - [11/Mar/2021:09:37:09 +0800] "GET /xingrg/kc/buy/cgsh_order_operate.html?command=get_materiel&rest_code=00149&code=00101002027&supplier_code=00100039&order_time=2021-03-11 HTTP/1.1" 200 415
116.235.216.75 - - [11/Mar/2021:09:37:09 +0800] "GET /xingrg/all/function/internal_message.html?_=1615426627240&CODE_STATE=getMsg HTTP/1.1" 200 27
116.235.216.75 - - [11/Mar/2021:09:37:10 +0800] "GET /xingrg/check_reg.html?_=1615426627772 HTTP/1.1" 200 22
58.40.7.146 - - [11/Mar/2021:09:37:10 +0800] "GET /xingrg/all/function/internal_message.html?_=1615426627681&CODE_STATE=getMsg HTTP/1.1" 302 -
61.165.42.208 - - [11/Mar/2021:09:37:11 +0800] "GET /xingrg/all/function/internal_message.html?_=1615426632000&CODE_STATE=getMsg HTTP/1.1" 200 27
117.185.32.26 - - [11/Mar/2021:09:37:11 +0800] "GET /xingrg/all/function/internal_message.html?_=1615427131041&CODE_STATE=getMsg HTTP/1.1" 200 27
116.224.253.72 - - [11/Mar/2021:09:37:12 +0800] "GET /xingrg/all/function/internal_message.html?_=1615426635527&CODE_STATE=getMsg HTTP/1.1" 200 27
61.165.42.208 - - [11/Mar/2021:09:37:12 +0800] "GET /xingrg/all/function/internal_message.html?_=1615426614773&CODE_STATE=getMsg HTTP/1.1" 302 -
222.69.139.141 - - [11/Mar/2021:09:37:20 +0800] "GET /xingrg/kc/buy/cgsh_order_operate.html?command=get_materiel&rest_code=00149&code=00101003035&supplier_code=00100039&order_time=2021-03-11 HTTP/1.1" 200 430
180.174.195.252 - - [11/Mar/2021:09:37:24 +0800] "GET /xingrg/kc/buy/cgsh_order_operate.html?command=get_materiel&rest_code=00102&code=00101006129&supplier_code=00100096&order_time=2021-03-11 HTTP/1.1" 200 433
114.88.166.193 - - [11/Mar/2021:09:37:25 +0800] "GET /xingrg/kc/buy/cgsh_order_operate.html?command=get_materiel&rest_code=00111&code=00101008036&supplier_code=00100005&order_time=2021-03-11 HTTP/1.1" 200 408
114.86.187.76 - - [11/Mar/2021:09:37:26 +0800] "GET /xingrg/check_reg.html?_=1615426648869 HTTP/1.1" 200 22
114.86.187.76 - - [11/Mar/2021:09:37:28 +0800] "GET /xingrg/all/function/internal_message.html?_=1615426650429&CODE_STATE=getMsg HTTP/1.1" 200 27
58.221.95.50 - - [11/Mar/2021:09:37:29 +0800] "GET /xingrg/all/function/internal_message.html?_=1615426648348&CODE_STATE=getMsg HTTP/1.1" 200 27
222.70.216.220 - - [11/Mar/2021:09:37:31 +0800] "GET /xingrg/all/function/internal_message.html?_=1615426646797&CODE_STATE=getMsg HTTP/1.1" 200 27
101.228.165.174 - - [11/Mar/2021:09:37:34 +0800] "GET /xingrg/all/function/internal_message.html?_=1615426695930&CODE_STATE=getMsg HTTP/1.1" 200 27
58.37.230.33 - - [11/Mar/2021:09:37:35 +0800] "GET /xingrg/all/function/internal_message.html?_=1615426659202&CODE_STATE=getMsg HTTP/1.1" 200 27
180.174.195.252 - - [11/Mar/2021:09:37:36 +0800] "GET /xingrg/check_reg.html?_=1615426916166 HTTP/1.1" 200 22
180.169.147.146 - - [11/Mar/2021:09:37:37 +0800] "GET /xingrg/check_reg.html?_=1615426661635 HTTP/1.1" 200 22
180.169.147.146 - - [11/Mar/2021:09:37:37 +0800] "GET /xingrg/all/function/internal_message.html?_=1615426661636&CODE_STATE=getMsg HTTP/1.1" 200 27
114.88.166.193 - - [11/Mar/2021:09:37:37 +0800] "GET /xingrg/all/function/internal_message.html?_=1615426653380&CODE_STATE=getMsg HTTP/1.1" 200 27
180.174.195.252 - - [11/Mar/2021:09:37:37 +0800] "GET /xingrg/all/function/internal_message.html?_=1615426917204&CODE_STATE=getMsg HTTP/1.1" 200 27
116.224.253.72 - - [11/Mar/2021:09:37:44 +0800] "GET /xingrg/all/function/internal_message.html?_=1615426623863&CODE_STATE=getMsg HTTP/1.1" 200 27
222.70.216.220 - - [11/Mar/2021:09:37:45 +0800] "GET /xingrg/all/function/internal_message.html?_=1615426660823&CODE_STATE=getMsg HTTP/1.1" 200 27
114.88.166.193 - - [11/Mar/2021:09:37:53 +0800] "POST /xingrg/kc/buy/cgsh_order_operate.html HTTP/1.1" 200 37
180.169.147.146 - - [11/Mar/2021:09:37:54 +0800] "GET /xingrg/all/function/internal_message.html?_=1615426667633&CODE_STATE=getMsg HTTP/1.1" 200 27
180.174.195.252 - - [11/Mar/2021:09:37:54 +0800] "GET /xingrg/kc/buy/cgsh_order_operate.html?command=get_materiel&rest_code=00102&code=00101006084&supplier_code=00100096&order_time=2021-03-11 HTTP/1.1" 200 413
114.88.166.193 - - [11/Mar/2021:09:37:54 +0800] "POST /xingrg/kc/buy/cgsh_order_operate.html HTTP/1.1" 200 32833
101.91.62.89 - - [11/Mar/2021:09:37:54 +0800] "GET /xingrg/all/function/internal_message.html?_=1615426021132&CODE_STATE=getMsg HTTP/1.1" 302 -
180.169.147.146 - - [11/Mar/2021:09:37:55 +0800] "GET /xingrg/all/function/internal_message.html?_=1615426664733&CODE_STATE=getMsg HTTP/1.1" 200 27
114.88.166.193 - - [11/Mar/2021:09:37:56 +0800] "GET /xingrg/kc/print/load_config.html?kc_code=cgsh HTTP/1.1" 200 1845
114.88.166.193 - - [11/Mar/2021:09:37:56 +0800] "GET /xingrg/kc/print/load_data.html?order_code=212021031104415&kc_code=cgsh&condition= HTTP/1.1" 200 12129
222.69.139.141 - - [11/Mar/2021:09:37:56 +0800] "GET /xingrg/all/function/internal_message.html?_=1615426662647&CODE_STATE=getMsg HTTP/1.1" 200 27
101.91.62.89 - - [11/Mar/2021:09:38:00 +0800] "GET /xingrg/login.html HTTP/1.1" 200 7641
58.37.230.33 - - [11/Mar/2021:09:38:00 +0800] "GET /xingrg/all/function/internal_message.html?_=1615426680881&CODE_STATE=getMsg HTTP/1.1" 302 -
116.233.75.117 - - [11/Mar/2021:09:38:05 +0800] "GET /xingrg/all/function/internal_message.html?_=1615426683098&CODE_STATE=getMsg HTTP/1.1" 200 27
222.69.139.141 - - [11/Mar/2021:09:38:06 +0800] "GET /xingrg/kc/buy/cgsh_order_operate.html?command=get_materiel&rest_code=00149&code=00101001075&supplier_code=00100039&order_time=2021-03-11 HTTP/1.1" 200 409
180.174.195.252 - - [11/Mar/2021:09:38:07 +0800] "GET /xingrg/kc/buy/cgsh_order_operate.html?command=get_materiel&rest_code=00102&code=00101006055&supplier_code=00100096&order_time=2021-03-11 HTTP/1.1" 200 409
180.169.147.146 - - [11/Mar/2021:09:38:08 +0800] "GET /xingrg/check_reg.html?_=1615426688526 HTTP/1.1" 200 22
180.169.147.146 - - [11/Mar/2021:09:38:08 +0800] "GET /xingrg/all/function/internal_message.html?_=1615426688525&CODE_STATE=getMsg HTTP/1.1" 200 27
58.221.95.50 - - [11/Mar/2021:09:38:09 +0800] "POST /xingrg/kc/buy/cgsh_order_operate.html HTTP/1.1" 200 37
116.235.216.75 - - [11/Mar/2021:09:38:09 +0800] "GET /xingrg/all/function/internal_message.html?_=1615426687213&CODE_STATE=getMsg HTTP/1.1" 200 27
58.40.7.146 - - [11/Mar/2021:09:38:10 +0800] "GET /xingrg/all/function/internal_message.html?_=1615426687683&CODE_STATE=getMsg HTTP/1.1" 302 -
58.40.7.146 - - [11/Mar/2021:09:38:10 +0800] "GET /xingrg/check_reg.html?_=1615426687686 HTTP/1.1" 302 -
58.221.95.50 - - [11/Mar/2021:09:38:11 +0800] "POST /xingrg/kc/buy/cgsh_order_operate.html HTTP/1.1" 200 2678
61.165.42.208 - - [11/Mar/2021:09:38:11 +0800] "GET /xingrg/all/function/internal_message.html?_=1615426692002&CODE_STATE=getMsg HTTP/1.1" 200 27
117.185.32.26 - - [11/Mar/2021:09:38:11 +0800] "GET /xingrg/all/function/internal_message.html?_=1615427191056&CODE_STATE=getMsg HTTP/1.1" 200 27
116.224.253.72 - - [11/Mar/2021:09:38:12 +0800] "GET /xingrg/all/function/internal_message.html?_=1615426695536&CODE_STATE=getMsg HTTP/1.1" 200 27
61.165.42.208 - - [11/Mar/2021:09:38:12 +0800] "GET /xingrg/all/function/internal_message.html?_=1615426674774&CODE_STATE=getMsg HTTP/1.1" 302 -
58.221.95.50 - - [11/Mar/2021:09:38:13 +0800] "GET /xingrg/kc/print/load_data.html?order_code=212021031104416&kc_code=cgsh&condition= HTTP/1.1" 200 665
180.174.195.252 - - [11/Mar/2021:09:38:18 +0800] "GET /xingrg/kc/buy/cgsh_order_operate.html?command=get_materiel&rest_code=00102&code=00101012029&supplier_code=00100096&order_time=2021-03-11 HTTP/1.1" 200 414
114.86.187.76 - - [11/Mar/2021:09:38:28 +0800] "GET /xingrg/all/function/internal_message.html?_=1615426710441&CODE_STATE=getMsg HTTP/1.1" 200 27
58.221.95.50 - - [11/Mar/2021:09:38:29 +0800] "GET /xingrg/all/function/internal_message.html?_=1615426708329&CODE_STATE=getMsg HTTP/1.1" 200 27
58.221.95.50 - - [11/Mar/2021:09:38:29 +0800] "GET /xingrg/check_reg.html?_=1615426708552 HTTP/1.1" 200 22
222.70.216.220 - - [11/Mar/2021:09:38:31 +0800] "GET /xingrg/check_reg.html?_=1615426706782 HTTP/1.1" 200 22
222.70.216.220 - - [11/Mar/2021:09:38:31 +0800] "GET /xingrg/all/function/internal_message.html?_=1615426706784&CODE_STATE=getMsg HTTP/1.1" 200 27
180.174.195.252 - - [11/Mar/2021:09:38:32 +0800] "GET /xingrg/kc/buy/cgsh_order_operate.html?command=get_materiel&rest_code=00102&code=00101007076&supplier_code=00100096&order_time=2021-03-11 HTTP/1.1" 200 410
101.228.165.174 - - [11/Mar/2021:09:38:34 +0800] "GET /xingrg/all/function/internal_message.html?_=1615426755937&CODE_STATE=getMsg HTTP/1.1" 200 27
58.37.230.33 - - [11/Mar/2021:09:38:35 +0800] "GET /xingrg/all/function/internal_message.html?_=1615426719202&CODE_STATE=getMsg HTTP/1.1" 200 27
180.169.147.146 - - [11/Mar/2021:09:38:37 +0800] "GET /xingrg/all/function/internal_message.html?_=1615426721655&CODE_STATE=getMsg HTTP/1.1" 200 27
114.88.166.193 - - [11/Mar/2021:09:38:37 +0800] "GET /xingrg/all/function/internal_message.html?_=1615426713567&CODE_STATE=getMsg HTTP/1.1" 200 27
180.174.195.252 - - [11/Mar/2021:09:38:37 +0800] "GET /xingrg/all/function/internal_message.html?_=1615426977218&CODE_STATE=getMsg HTTP/1.1" 200 27
58.37.230.33 - - [11/Mar/2021:09:38:38 +0800] "POST /xingrg/dwr/call/plaincall/AjaxQqpsService.uncheckOrder.dwr HTTP/1.1" 200 78
114.86.187.76 - - [11/Mar/2021:09:38:39 +0800] "GET /xingrg/javascript/easyui/themes/default/images/button_plain_hover.png HTTP/1.1" 304 -
114.86.187.76 - - [11/Mar/2021:09:38:39 +0800] "GET /xingrg/javascript/easyui/themes/default/images/button_plain_hover.png HTTP/1.1" 304 -
58.37.230.33 - - [11/Mar/2021:09:38:39 +0800] "GET /xingrg/kc/mdqp/qqps_order_info.html?code=302021031100209 HTTP/1.1" 200 28317
58.37.230.33 - - [11/Mar/2021:09:38:39 +0800] "GET /xingrg/javascript/jquery_easy_ui/themes/icon.css HTTP/1.1" 304 -
58.37.230.33 - - [11/Mar/2021:09:38:39 +0800] "GET /xingrg/css/blue.css HTTP/1.1" 304 -
58.37.230.33 - - [11/Mar/2021:09:38:39 +0800] "GET /xingrg/javascript/jquery-1.4.2.min.js HTTP/1.1" 304 -
58.37.230.33 - - [11/Mar/2021:09:38:39 +0800] "GET /xingrg/javascript/auto/jquery.autocomplete.css HTTP/1.1" 304 -
58.37.230.33 - - [11/Mar/2021:09:38:39 +0800] "GET /xingrg/javascript/jquery_easy_ui/jquery.easyui.min.js HTTP/1.1" 304 -
58.37.230.33 - - [11/Mar/2021:09:38:39 +0800] "GET /xingrg/javascript/jquery_easy_ui/easyui-lang-zh_CN.js HTTP/1.1" 304 -
58.37.230.33 - - [11/Mar/2021:09:38:39 +0800] "GET /xingrg/javascript/auto/jquery.autocomplete.js HTTP/1.1" 304 -
58.37.230.33 - - [11/Mar/2021:09:38:39 +0800] "GET /xingrg/javascript/pic_change.js HTTP/1.1" 304 -
58.37.230.33 - - [11/Mar/2021:09:38:39 +0800] "GET /xingrg/javascript/tools/jquery.qtip-1.0.0-rc3.min.js HTTP/1.1" 304 -
58.37.230.33 - - [11/Mar/2021:09:38:39 +0800] "GET /xingrg/javascript/jquery.utils.js HTTP/1.1" 304 -
58.37.230.33 - - [11/Mar/2021:09:38:39 +0800] "GET /xingrg/dwr/util.js HTTP/1.1" 304 -
58.37.230.33 - - [11/Mar/2021:09:38:39 +0800] "GET /xingrg/javascript/Calendar.js HTTP/1.1" 304 -
58.37.230.33 - - [11/Mar/2021:09:38:39 +0800] "GET /xingrg/javascript/Grid.js HTTP/1.1" 304 -
58.37.230.33 - - [11/Mar/2021:09:38:39 +0800] "GET /xingrg/javascript/ToolTips.js HTTP/1.1" 304 -
58.37.230.33 - - [11/Mar/2021:09:38:39 +0800] "GET /xingrg/javascript/print/kc_print.js HTTP/1.1" 304 -
58.37.230.33 - - [11/Mar/2021:09:38:39 +0800] "GET /xingrg/javascript/print/LodopFuncs.js HTTP/1.1" 304 -
58.37.230.33 - - [11/Mar/2021:09:38:39 +0800] "GET /xingrg/javascript/jquery_easy_ui/themes/default/easyui.css HTTP/1.1" 304 -
58.37.230.33 - - [11/Mar/2021:09:38:39 +0800] "GET /xingrg/javascript/myfunction.js HTTP/1.1" 304 -
58.37.230.33 - - [11/Mar/2021:09:38:39 +0800] "GET /xingrg/javascript/AjaxInfoList.js HTTP/1.1" 304 -
58.37.230.33 - - [11/Mar/2021:09:38:39 +0800] "GET /xingrg/dwr/interface/AjaxComOrderService.js HTTP/1.1" 200 18264
58.37.230.33 - - [11/Mar/2021:09:38:39 +0800] "GET /xingrg/dwr/interface/AjaxQqpsService.js HTTP/1.1" 200 16326
114.86.187.76 - - [11/Mar/2021:09:38:39 +0800] "GET /xingrg/javascript/easyui/themes/default/images/button_plain_hover.png HTTP/1.1" 304 -
58.37.230.33 - - [11/Mar/2021:09:38:39 +0800] "GET /xingrg/dwr/engine.js HTTP/1.1" 200 43631
114.86.187.76 - - [11/Mar/2021:09:38:39 +0800] "GET /xingrg/javascript/easyui/themes/default/images/button_plain_hover.png HTTP/1.1" 304 -
58.37.230.33 - - [11/Mar/2021:09:38:39 +0800] "GET /xingrg/words/20210311093603_words.js HTTP/1.1" 304 -
114.86.187.76 - - [11/Mar/2021:09:38:39 +0800] "GET /xingrg/javascript/easyui/themes/default/images/button_plain_hover.png HTTP/1.1" 304 -
114.86.187.76 - - [11/Mar/2021:09:38:39 +0800] "GET /xingrg/javascript/easyui/themes/default/images/button_plain_hover.png HTTP/1.1" 304 -
114.86.187.76 - - [11/Mar/2021:09:38:39 +0800] "GET /xingrg/javascript/easyui/themes/default/images/button_plain_hover.png HTTP/1.1" 304 -
114.86.187.76 - - [11/Mar/2021:09:38:39 +0800] "GET /xingrg/javascript/easyui/themes/default/images/button_plain_hover.png HTTP/1.1" 304 -
114.86.187.76 - - [11/Mar/2021:09:38:39 +0800] "GET /xingrg/javascript/easyui/themes/default/images/button_plain_hover.png HTTP/1.1" 304 -
114.86.187.76 - - [11/Mar/2021:09:38:39 +0800] "GET /xingrg/javascript/easyui/themes/default/images/button_plain_hover.png HTTP/1.1" 304 -
58.37.230.33 - - [11/Mar/2021:09:38:39 +0800] "GET /xingrg/images/blue/button/kc_tab_edit.gif HTTP/1.1" 304 -
58.37.230.33 - - [11/Mar/2021:09:38:39 +0800] "GET /xingrg/images/blue/button/kc_tab_add.gif HTTP/1.1" 304 -
58.37.230.33 - - [11/Mar/2021:09:38:39 +0800] "GET /xingrg/images/blue/button/kc_tab_del.gif HTTP/1.1" 304 -
58.37.230.33 - - [11/Mar/2021:09:38:39 +0800] "GET /xingrg/images/blue/button/kc_tab_save.gif HTTP/1.1" 304 -
58.37.230.33 - - [11/Mar/2021:09:38:39 +0800] "GET /xingrg/images/blue/wait.gif HTTP/1.1" 304 -
114.86.187.76 - - [11/Mar/2021:09:38:39 +0800] "GET /xingrg/javascript/easyui/themes/default/images/button_plain_hover.png HTTP/1.1" 304 -
58.37.230.33 - - [11/Mar/2021:09:38:39 +0800] "POST /xingrg/dwr/call/plaincall/AjaxQqpsService.loadMaterielItems.dwr HTTP/1.1" 200 7189
114.86.187.76 - - [11/Mar/2021:09:38:39 +0800] "GET /xingrg/javascript/easyui/themes/default/images/button_plain_hover.png HTTP/1.1" 304 -
114.86.187.76 - - [11/Mar/2021:09:38:39 +0800] "GET /xingrg/javascript/easyui/themes/default/images/button_plain_hover.png HTTP/1.1" 304 -
114.86.187.76 - - [11/Mar/2021:09:38:39 +0800] "GET /xingrg/javascript/easyui/themes/default/images/button_plain_hover.png HTTP/1.1" 304 -
58.37.230.33 - - [11/Mar/2021:09:38:39 +0800] "GET /xingrg/images/yd/bt.gif HTTP/1.1" 404 1040
114.86.187.76 - - [11/Mar/2021:09:38:41 +0800] "GET /xingrg/kc/buy/cgsh_order_list.html HTTP/1.1" 200 46372
114.86.187.76 - - [11/Mar/2021:09:38:41 +0800] "GET /xingrg/css/site.css HTTP/1.1" 304 -
114.86.187.76 - - [11/Mar/2021:09:38:41 +0800] "GET /xingrg/javascript/jquery_tools/jquery.tools.extend.js HTTP/1.1" 304 -
114.86.187.76 - - [11/Mar/2021:09:38:41 +0800] "GET /xingrg/javascript/jquery_tools/datebox.css HTTP/1.1" 304 -
114.86.187.76 - - [11/Mar/2021:09:38:41 +0800] "GET /xingrg/css/base.css HTTP/1.1" 304 -
114.86.187.76 - - [11/Mar/2021:09:38:41 +0800] "GET /xingrg/javascript/jquery_tools/jquery.tools.hotkey.js HTTP/1.1" 304 -
114.86.187.76 - - [11/Mar/2021:09:38:41 +0800] "GET /xingrg/javascript/easyui/themes/default/easyui.css HTTP/1.1" 304 -
114.86.187.76 - - [11/Mar/2021:09:38:41 +0800] "GET /xingrg/javascript/auto/jquery.autocomplete.css HTTP/1.1" 304 -
114.86.187.76 - - [11/Mar/2021:09:38:41 +0800] "GET /xingrg/javascript/easyui/themes/icon.css HTTP/1.1" 304 -
114.86.187.76 - - [11/Mar/2021:09:38:41 +0800] "GET /xingrg/javascript/jquery_tools/jquery.tools.table.js HTTP/1.1" 304 -
114.86.187.76 - - [11/Mar/2021:09:38:41 +0800] "GET /xingrg/javascript/jquery_tools/fix.css HTTP/1.1" 304 -
114.86.187.76 - - [11/Mar/2021:09:38:41 +0800] "GET /xingrg/javascript/jquery_tools/table.css HTTP/1.1" 304 -
114.86.187.76 - - [11/Mar/2021:09:38:41 +0800] "GET /xingrg/javascript/jquery_tools/jquery.tools.min.js HTTP/1.1" 304 -
114.86.187.76 - - [11/Mar/2021:09:38:41 +0800] "GET /xingrg/javascript/jquery.cookie.js HTTP/1.1" 304 -
114.86.187.76 - - [11/Mar/2021:09:38:41 +0800] "GET /xingrg/javascript/auto/jquery.autocomplete.js HTTP/1.1" 304 -
114.86.187.76 - - [11/Mar/2021:09:38:41 +0800] "GET /xingrg/javascript/jquery_tools/list_manager.js HTTP/1.1" 304 -
114.86.187.76 - - [11/Mar/2021:09:38:41 +0800] "GET /xingrg/javascript/easyui/easyloader.js HTTP/1.1" 304 -
114.86.187.76 - - [11/Mar/2021:09:38:41 +0800] "GET /xingrg/javascript/jquery.utils.js HTTP/1.1" 304 -
114.86.187.76 - - [11/Mar/2021:09:38:41 +0800] "GET /xingrg/javascript/print/LodopFuncs.js HTTP/1.1" 304 -
114.86.187.76 - - [11/Mar/2021:09:38:41 +0800] "GET /xingrg/javascript/easyui/plugins/jquery.parser.js HTTP/1.1" 304 -
58.37.230.33 - - [11/Mar/2021:09:38:43 +0800] "POST /xingrg/dwr/call/plaincall/AjaxQqpsService.getMaterielByCode.dwr HTTP/1.1" 200 2563
116.224.253.72 - - [11/Mar/2021:09:38:44 +0800] "GET /xingrg/all/function/internal_message.html?_=1615426683876&CODE_STATE=getMsg HTTP/1.1" 200 27
58.37.230.33 - - [11/Mar/2021:09:38:45 +0800] "POST /xingrg/dwr/call/plaincall/AjaxQqpsService.saveMaterielItem.dwr HTTP/1.1" 200 78
222.70.216.220 - - [11/Mar/2021:09:38:45 +0800] "GET /xingrg/all/function/internal_message.html?_=1615426720823&CODE_STATE=getMsg HTTP/1.1" 200 27
58.37.230.33 - - [11/Mar/2021:09:38:47 +0800] "POST /xingrg/dwr/call/plaincall/AjaxQqpsService.checkOrder.dwr HTTP/1.1" 200 78
114.86.187.76 - - [11/Mar/2021:09:38:48 +0800] "POST /xingrg/kc/buy/cgsh_list_operate.html HTTP/1.1" 200 4089
58.37.230.33 - - [11/Mar/2021:09:38:48 +0800] "GET /xingrg/kc/mdqp/qqps_order_info.html?code=302021031100209 HTTP/1.1" 200 26558
58.37.230.33 - - [11/Mar/2021:09:38:48 +0800] "GET /xingrg/dwr/interface/AjaxQqpsService.js HTTP/1.1" 200 16326
58.37.230.33 - - [11/Mar/2021:09:38:48 +0800] "GET /xingrg/dwr/interface/AjaxComOrderService.js HTTP/1.1" 200 18264
58.37.230.33 - - [11/Mar/2021:09:38:48 +0800] "GET /xingrg/dwr/engine.js HTTP/1.1" 200 43631
58.37.230.33 - - [11/Mar/2021:09:38:49 +0800] "POST /xingrg/dwr/call/plaincall/AjaxQqpsService.loadMaterielItems.dwr HTTP/1.1" 200 7450
58.37.230.33 - - [11/Mar/2021:09:38:50 +0800] "GET /xingrg/images/yd/bt2.gif HTTP/1.1" 404 1042
180.169.147.146 - - [11/Mar/2021:09:38:54 +0800] "GET /xingrg/all/function/internal_message.html?_=1615426727614&CODE_STATE=getMsg HTTP/1.1" 200 27
180.169.147.146 - - [11/Mar/2021:09:38:55 +0800] "GET /xingrg/all/function/internal_message.html?_=1615426724733&CODE_STATE=getMsg HTTP/1.1" 200 27
180.174.195.252 - - [11/Mar/2021:09:38:56 +0800] "GET /xingrg/kc/buy/cgsh_order_operate.html?command=get_materiel&rest_code=00102&code=00101001010&supplier_code=00100096&order_time=2021-03-11 HTTP/1.1" 200 410
222.69.139.141 - - [11/Mar/2021:09:38:56 +0800] "GET /xingrg/all/function/internal_message.html?_=1615426722627&CODE_STATE=getMsg HTTP/1.1" 200 27
58.37.230.33 - - [11/Mar/2021:09:39:00 +0800] "GET /xingrg/all/function/internal_message.html?_=1615426740862&CODE_STATE=getMsg HTTP/1.1" 302 -
116.233.75.117 - - [11/Mar/2021:09:39:05 +0800] "GET /xingrg/all/function/internal_message.html?_=1615426743100&CODE_STATE=getMsg HTTP/1.1" 200 27
101.89.239.238 - - [11/Mar/2021:09:39:06 +0800] "GET /xingrg/kc/buy/cgsh_order_operate.html?command=get_materiel&rest_code=00141&code=00101006062&supplier_code=00100012&order_time=2021-03-11 HTTP/1.1" 302 -
222.70.216.220 - - [11/Mar/2021:09:39:06 +0800] "GET /xingrg/check_reg.html?_=1615426741752 HTTP/1.1" 200 22
222.69.139.141 - - [11/Mar/2021:09:39:06 +0800] "GET /xingrg/kc/buy/cgsh_order_operate.html?command=get_materiel&rest_code=00149&code=00101010161&supplier_code=00100039&order_time=2021-03-11 HTTP/1.1" 200 409
180.169.147.146 - - [11/Mar/2021:09:39:08 +0800] "GET /xingrg/all/function/internal_message.html?_=1615426748523&CODE_STATE=getMsg HTTP/1.1" 200 27
116.235.216.75 - - [11/Mar/2021:09:39:09 +0800] "GET /xingrg/all/function/internal_message.html?_=1615426747200&CODE_STATE=getMsg HTTP/1.1" 200 27
58.40.7.146 - - [11/Mar/2021:09:39:10 +0800] "GET /xingrg/all/function/internal_message.html?_=1615426747688&CODE_STATE=getMsg HTTP/1.1" 302 -
117.185.32.26 - - [11/Mar/2021:09:39:11 +0800] "GET /xingrg/all/function/internal_message.html?_=1615427251041&CODE_STATE=getMsg HTTP/1.1" 200 27
61.165.42.208 - - [11/Mar/2021:09:39:11 +0800] "GET /xingrg/all/function/internal_message.html?_=1615426752002&CODE_STATE=getMsg HTTP/1.1" 200 27
61.165.42.208 - - [11/Mar/2021:09:39:11 +0800] "GET /xingrg/check_reg.html?_=1615426752006 HTTP/1.1" 200 22
116.224.253.72 - - [11/Mar/2021:09:39:12 +0800] "GET /xingrg/all/function/internal_message.html?_=1615426755524&CODE_STATE=getMsg HTTP/1.1" 200 27
116.224.253.72 - - [11/Mar/2021:09:39:12 +0800] "GET /xingrg/check_reg.html?_=1615426755520 HTTP/1.1" 200 22
61.165.42.208 - - [11/Mar/2021:09:39:12 +0800] "GET /xingrg/check_reg.html?_=1615426734775 HTTP/1.1" 302 -
61.165.42.208 - - [11/Mar/2021:09:39:12 +0800] "GET /xingrg/all/function/internal_message.html?_=1615426734777&CODE_STATE=getMsg HTTP/1.1" 302 -
101.89.239.238 - - [11/Mar/2021:09:39:13 +0800] "GET /xingrg/login.html HTTP/1.1" 200 7641
180.174.195.252 - - [11/Mar/2021:09:39:15 +0800] "GET /xingrg/kc/buy/cgsh_order_operate.html?command=get_materiel&rest_code=00102&code=00101016038&supplier_code=00100096&order_time=2021-03-11 HTTP/1.1" 200 408
222.69.139.141 - - [11/Mar/2021:09:39:15 +0800] "GET /xingrg/kc/buy/cgsh_order_operate.html?command=get_materiel&rest_code=00149&code=00101005037&supplier_code=00100039&order_time=2021-03-11 HTTP/1.1" 200 409
180.169.147.146 - - [11/Mar/2021:09:39:16 +0800] "GET /xingrg/check_reg.html?_=1615426749703 HTTP/1.1" 200 22
114.86.187.76 - - [11/Mar/2021:09:39:28 +0800] "GET /xingrg/all/function/internal_message.html?_=1615426770678&CODE_STATE=getMsg HTTP/1.1" 200 27
58.221.95.50 - - [11/Mar/2021:09:39:29 +0800] "GET /xingrg/all/function/internal_message.html?_=1615426768305&CODE_STATE=getMsg HTTP/1.1" 200 27
222.70.216.220 - - [11/Mar/2021:09:39:31 +0800] "GET /xingrg/all/function/internal_message.html?_=1615426766784&CODE_STATE=getMsg HTTP/1.1" 200 27
180.174.195.252 - - [11/Mar/2021:09:39:32 +0800] "GET /xingrg/kc/buy/cgsh_order_operate.html?command=get_materiel&rest_code=00102&code=00101006019&supplier_code=00100096&order_time=2021-03-11 HTTP/1.1" 200 417
222.69.139.141 - - [11/Mar/2021:09:39:34 +0800] "GET /xingrg/kc/buy/cgsh_order_operate.html?command=get_materiel&rest_code=00149&code=00101001052&supplier_code=00100039&order_time=2021-03-11 HTTP/1.1" 200 411
101.228.165.174 - - [11/Mar/2021:09:39:34 +0800] "GET /xingrg/all/function/internal_message.html?_=1615426816111&CODE_STATE=getMsg HTTP/1.1" 200 27
58.37.230.33 - - [11/Mar/2021:09:39:35 +0800] "GET /xingrg/all/function/internal_message.html?_=1615426779208&CODE_STATE=getMsg HTTP/1.1" 200 27
114.88.166.193 - - [11/Mar/2021:09:39:36 +0800] "GET /xingrg/check_reg.html?_=1615426772318 HTTP/1.1" 200 22
180.169.147.146 - - [11/Mar/2021:09:39:37 +0800] "GET /xingrg/all/function/internal_message.html?_=1615426781652&CODE_STATE=getMsg HTTP/1.1" 200 27
180.174.195.252 - - [11/Mar/2021:09:39:37 +0800] "GET /xingrg/all/function/internal_message.html?_=1615427037231&CODE_STATE=getMsg HTTP/1.1" 200 27
114.88.166.193 - - [11/Mar/2021:09:39:37 +0800] "GET /xingrg/all/function/internal_message.html?_=1615426773763&CODE_STATE=getMsg HTTP/1.1" 200 27
101.228.165.174 - - [11/Mar/2021:09:39:40 +0800] "GET /xingrg/check_reg.html?_=1615426821654 HTTP/1.1" 200 22
58.37.230.33 - - [11/Mar/2021:09:39:44 +0800] "GET /xingrg/kc/buy/buy_main.html HTTP/1.1" 200 12412
58.37.230.33 - - [11/Mar/2021:09:39:44 +0800] "GET /xingrg/css/new_ie.css HTTP/1.1" 404 1036
116.224.253.72 - - [11/Mar/2021:09:39:44 +0800] "GET /xingrg/check_reg.html?_=1615426743625 HTTP/1.1" 200 22
116.224.253.72 - - [11/Mar/2021:09:39:44 +0800] "GET /xingrg/all/function/internal_message.html?_=1615426743890&CODE_STATE=getMsg HTTP/1.1" 200 27
58.37.230.33 - - [11/Mar/2021:09:39:45 +0800] "GET /xingrg/kc/buy/cgsh_order_list.html HTTP/1.1" 200 46372
222.70.216.220 - - [11/Mar/2021:09:39:45 +0800] "GET /xingrg/all/function/internal_message.html?_=1615426780824&CODE_STATE=getMsg HTTP/1.1" 200 27
58.37.230.33 - - [11/Mar/2021:09:39:46 +0800] "POST /xingrg/kc/buy/cgsh_list_operate.html HTTP/1.1" 200 876
58.37.230.33 - - [11/Mar/2021:09:39:46 +0800] "GET /xingrg/kc/buy/cgsh_order_add.html HTTP/1.1" 200 62110
58.37.230.33 - - [11/Mar/2021:09:39:47 +0800] "GET /xingrg/javascript/easyui/themes/default/validatebox.css HTTP/1.1" 404 1104
58.37.230.33 - - [11/Mar/2021:09:39:47 +0800] "POST /xingrg/kc/buy/cgsh_order_operate.html HTTP/1.1" 200 8245
58.37.230.33 - - [11/Mar/2021:09:39:49 +0800] "GET /xingrg/javascript/jquery_tools/images/prev.gif HTTP/1.1" 404 1086
58.37.230.33 - - [11/Mar/2021:09:39:49 +0800] "GET /xingrg/javascript/jquery_tools/images/next.gif HTTP/1.1" 404 1086
180.169.147.146 - - [11/Mar/2021:09:39:54 +0800] "GET /xingrg/all/function/internal_message.html?_=1615426787627&CODE_STATE=getMsg HTTP/1.1" 200 27
180.169.147.146 - - [11/Mar/2021:09:39:55 +0800] "GET /xingrg/check_reg.html?_=1615426784735 HTTP/1.1" 200 22
180.169.147.146 - - [11/Mar/2021:09:39:55 +0800] "GET /xingrg/all/function/internal_message.html?_=1615426784735&CODE_STATE=getMsg HTTP/1.1" 200 27
222.69.139.141 - - [11/Mar/2021:09:39:56 +0800] "GET /xingrg/all/function/internal_message.html?_=1615426782605&CODE_STATE=getMsg HTTP/1.1" 200 27
58.37.230.33 - - [11/Mar/2021:09:40:00 +0800] "GET /xingrg/all/function/internal_message.html?_=1615426800850&CODE_STATE=getMsg HTTP/1.1" 302 -
116.233.75.117 - - [11/Mar/2021:09:40:05 +0800] "GET /xingrg/all/function/internal_message.html?_=1615426803105&CODE_STATE=getMsg HTTP/1.1" 200 27
180.169.147.146 - - [11/Mar/2021:09:40:08 +0800] "GET /xingrg/all/function/internal_message.html?_=1615426808524&CODE_STATE=getMsg HTTP/1.1" 200 27
58.37.230.33 - - [11/Mar/2021:09:40:09 +0800] "GET /xingrg/check_reg.html?_=1615426809307 HTTP/1.1" 302 -
180.174.195.252 - - [11/Mar/2021:09:40:09 +0800] "POST /xingrg/kc/buy/cgsh_order_operate.html HTTP/1.1" 200 37
116.235.216.75 - - [11/Mar/2021:09:40:09 +0800] "GET /xingrg/all/function/internal_message.html?_=1615426807183&CODE_STATE=getMsg HTTP/1.1" 200 27
58.40.7.146 - - [11/Mar/2021:09:40:10 +0800] "GET /xingrg/all/function/internal_message.html?_=1615426807690&CODE_STATE=getMsg HTTP/1.1" 302 -
61.165.42.208 - - [11/Mar/2021:09:40:11 +0800] "GET /xingrg/all/function/internal_message.html?_=1615426812006&CODE_STATE=getMsg HTTP/1.1" 200 27
117.185.32.26 - - [11/Mar/2021:09:40:11 +0800] "GET /xingrg/all/function/internal_message.html?_=1615427311041&CODE_STATE=getMsg HTTP/1.1" 200 27
117.185.32.26 - - [11/Mar/2021:09:40:11 +0800] "GET /xingrg/check_reg.html?_=1615427311046 HTTP/1.1" 200 22
116.224.253.72 - - [11/Mar/2021:09:40:12 +0800] "GET /xingrg/all/function/internal_message.html?_=1615426815525&CODE_STATE=getMsg HTTP/1.1" 200 27
180.174.195.252 - - [11/Mar/2021:09:40:12 +0800] "POST /xingrg/kc/buy/cgsh_order_operate.html HTTP/1.1" 200 12
61.165.42.208 - - [11/Mar/2021:09:40:12 +0800] "GET /xingrg/all/function/internal_message.html?_=1615426794777&CODE_STATE=getMsg HTTP/1.1" 302 -
180.174.195.252 - - [11/Mar/2021:09:40:14 +0800] "GET /xingrg/kc/buy/cgsh_order_info.html?code=212021031104417 HTTP/1.1" 200 56953
58.37.230.33 - - [11/Mar/2021:09:40:15 +0800] "GET /xingrg/kc/buy/cgsh_order_operate.html?command=get_materiel&rest_code=00141&code=00102001039&supplier_code=00100151&order_time=2021-03-11 HTTP/1.1" 200 420
180.174.195.252 - - [11/Mar/2021:09:40:15 +0800] "GET /xingrg/words/20210311093603_words.js HTTP/1.1" 200 798830
180.174.195.252 - - [11/Mar/2021:09:40:17 +0800] "GET /xingrg/javascript/easyui/themes/default/validatebox.css HTTP/1.1" 404 1104
180.174.195.252 - - [11/Mar/2021:09:40:18 +0800] "POST /xingrg/kc/buy/cgsh_order_operate.html HTTP/1.1" 200 4776
61.151.179.84 - - [11/Mar/2021:09:40:19 +0800] "GET /xingrg/kc/buy/cgsh_order_info.html?code=212021031104403 HTTP/1.1" 302 -
180.174.195.252 - - [11/Mar/2021:09:40:20 +0800] "GET /xingrg/kc/print/load_config.html?kc_code=cgsh HTTP/1.1" 200 1845
180.174.195.252 - - [11/Mar/2021:09:40:20 +0800] "GET /xingrg/kc/print/load_data.html?order_code=212021031104417&kc_code=cgsh&condition= HTTP/1.1" 200 2265
61.151.179.84 - - [11/Mar/2021:09:40:25 +0800] "GET /xingrg/login.html HTTP/1.1" 200 7641
114.86.187.76 - - [11/Mar/2021:09:40:28 +0800] "GET /xingrg/all/function/internal_message.html?_=1615426830688&CODE_STATE=getMsg HTTP/1.1" 200 27
58.221.95.50 - - [11/Mar/2021:09:40:29 +0800] "GET /xingrg/all/function/internal_message.html?_=1615426828275&CODE_STATE=getMsg HTTP/1.1" 200 27
58.37.230.33 - - [11/Mar/2021:09:40:29 +0800] "GET /xingrg/kc/buy/cgsh_order_operate.html?command=get_materiel&rest_code=00141&code=00102001104&supplier_code=00100151&order_time=2021-03-11 HTTP/1.1" 200 419
222.70.216.220 - - [11/Mar/2021:09:40:31 +0800] "GET /xingrg/all/function/internal_message.html?_=1615426826789&CODE_STATE=getMsg HTTP/1.1" 200 27
180.174.195.252 - - [11/Mar/2021:09:40:33 +0800] "GET /xingrg/kc/buy/cgsh_order_add.html HTTP/1.1" 200 62063
180.174.195.252 - - [11/Mar/2021:09:40:34 +0800] "POST /xingrg/kc/buy/cgsh_order_operate.html HTTP/1.1" 200 8245
180.174.195.252 - - [11/Mar/2021:09:40:34 +0800] "GET /xingrg/javascript/easyui/themes/default/validatebox.css HTTP/1.1" 404 1104
101.228.165.174 - - [11/Mar/2021:09:40:34 +0800] "GET /xingrg/all/function/internal_message.html?_=1615426876120&CODE_STATE=getMsg HTTP/1.1" 200 27
58.37.230.33 - - [11/Mar/2021:09:40:35 +0800] "GET /xingrg/check_reg.html?_=1615426839214 HTTP/1.1" 200 22
58.37.230.33 - - [11/Mar/2021:09:40:35 +0800] "GET /xingrg/all/function/internal_message.html?_=1615426839212&CODE_STATE=getMsg HTTP/1.1" 200 27
180.169.147.146 - - [11/Mar/2021:09:40:37 +0800] "GET /xingrg/all/function/internal_message.html?_=1615426841641&CODE_STATE=getMsg HTTP/1.1" 200 27
180.174.195.252 - - [11/Mar/2021:09:40:37 +0800] "GET /xingrg/all/function/internal_message.html?_=1615427097310&CODE_STATE=getMsg HTTP/1.1" 200 27
180.174.195.252 - - [11/Mar/2021:09:40:37 +0800] "GET /xingrg/javascript/easyui/plugins/jquery.draggable.js HTTP/1.1" 200 6121
180.174.195.252 - - [11/Mar/2021:09:40:37 +0800] "GET /xingrg/css/images/panel_loading.gif HTTP/1.1" 200 1737
114.88.166.193 - - [11/Mar/2021:09:40:37 +0800] "GET /xingrg/all/function/internal_message.html?_=1615426833778&CODE_STATE=getMsg HTTP/1.1" 200 27
180.174.195.252 - - [11/Mar/2021:09:40:38 +0800] "GET /xingrg/javascript/easyui/plugins/jquery.droppable.js HTTP/1.1" 200 1167
180.174.195.252 - - [11/Mar/2021:09:40:38 +0800] "GET /xingrg/javascript/easyui/themes/default/tree.css HTTP/1.1" 404 1090
180.174.195.252 - - [11/Mar/2021:09:40:38 +0800] "GET /xingrg/javascript/easyui/plugins/jquery.tree.js HTTP/1.1" 200 20874
180.174.195.252 - - [11/Mar/2021:09:40:38 +0800] "POST /xingrg/all/common/load_tree.html?tree=supplier_tree_json&isDelete=1 HTTP/1.1" 200 54827
180.174.195.252 - - [11/Mar/2021:09:40:40 +0800] "GET /xingrg/javascript/easyui/themes/default/images/tree_arrows.gif HTTP/1.1" 200 617
180.174.195.252 - - [11/Mar/2021:09:40:40 +0800] "GET /xingrg/javascript/easyui/themes/default/images/tree_folder_open.gif HTTP/1.1" 200 956
180.174.195.252 - - [11/Mar/2021:09:40:40 +0800] "GET /xingrg/javascript/easyui/themes/default/images/tree_folder.gif HTTP/1.1" 200 952
180.174.195.252 - - [11/Mar/2021:09:40:40 +0800] "GET /xingrg/javascript/easyui/themes/default/images/tree_file.gif HTTP/1.1" 200 118
114.88.166.193 - - [11/Mar/2021:09:40:44 +0800] "GET /xingrg/kc/buy/cgsh_order_add.html HTTP/1.1" 200 62104
116.224.253.72 - - [11/Mar/2021:09:40:44 +0800] "GET /xingrg/all/function/internal_message.html?_=1615426803904&CODE_STATE=getMsg HTTP/1.1" 200 27
114.88.166.193 - - [11/Mar/2021:09:40:45 +0800] "GET /xingrg/words/20210311093603_words.js HTTP/1.1" 200 798830
222.70.216.220 - - [11/Mar/2021:09:40:45 +0800] "GET /xingrg/check_reg.html?_=1615426840822 HTTP/1.1" 200 22
222.70.216.220 - - [11/Mar/2021:09:40:45 +0800] "GET /xingrg/all/function/internal_message.html?_=1615426840823&CODE_STATE=getMsg HTTP/1.1" 200 27
114.88.166.193 - - [11/Mar/2021:09:40:45 +0800] "POST /xingrg/kc/buy/cgsh_order_operate.html HTTP/1.1" 200 8245
114.88.166.193 - - [11/Mar/2021:09:40:45 +0800] "GET /xingrg/javascript/easyui/themes/default/validatebox.css HTTP/1.1" 404 1104
172.20.0.100 - - [11/Mar/2021:09:40:53 +0800] "GET /xingrg/check_reg.html?_=1615426850487 HTTP/1.1" 302 -
180.169.147.146 - - [11/Mar/2021:09:40:54 +0800] "GET /xingrg/all/function/internal_message.html?_=1615426847567&CODE_STATE=getMsg HTTP/1.1" 200 27
180.169.147.146 - - [11/Mar/2021:09:40:55 +0800] "GET /xingrg/all/function/internal_message.html?_=1615426844737&CODE_STATE=getMsg HTTP/1.1" 200 27
222.69.139.141 - - [11/Mar/2021:09:40:56 +0800] "GET /xingrg/all/function/internal_message.html?_=1615426842578&CODE_STATE=getMsg HTTP/1.1" 200 27
114.88.166.193 - - [11/Mar/2021:09:40:57 +0800] "GET /xingrg/kc/buy/cgsh_order_operate.html?command=get_materiel&rest_code=00111&code=00101002027&supplier_code=00100199&order_time=2021-03-11 HTTP/1.1" 200 413
