180.169.147.146 - - [11/Mar/2021:09:00:55 +0800] "GET /xingrg/all/function/internal_message.html?_=1615424448478&CODE_STATE=getMsg HTTP/1.1" 200 27
61.165.42.208 - - [11/Mar/2021:09:00:56 +0800] "GET /xingrg/kc/buy/cgsh_order_info.html?code=212021031104372 HTTP/1.1" 200 62154
117.131.5.26 - - [11/Mar/2021:09:00:56 +0800] "POST /xingrg/services/DataTransmitService HTTP/1.1" 200 524
61.165.42.208 - - [11/Mar/2021:09:00:57 +0800] "GET /xingrg/javascript/easyui/themes/default/validatebox.css HTTP/1.1" 404 1104
61.165.42.208 - - [11/Mar/2021:09:00:57 +0800] "POST /xingrg/kc/buy/cgsh_order_operate.html HTTP/1.1" 200 44100
117.131.5.26 - - [11/Mar/2021:09:00:58 +0800] "POST /xingrg/services/DataTransmitService HTTP/1.1" 200 501
117.131.5.26 - - [11/Mar/2021:09:00:58 +0800] "POST /xingrg/services/DataTransmitService HTTP/1.1" 200 501
116.235.216.75 - - [11/Mar/2021:09:00:59 +0800] "GET /xingrg/kc/buy/cgsh_order_operate.html?command=get_materiel&rest_code=00107&code=00101010136&supplier_code=00100033&order_time=2021-03-11 HTTP/1.1" 200 408
117.131.5.26 - - [11/Mar/2021:09:00:59 +0800] "POST /xingrg/services/DataTransmitService HTTP/1.1" 200 501
117.131.5.26 - - [11/Mar/2021:09:01:00 +0800] "POST /xingrg/services/DataTransmitService HTTP/1.1" 200 501
117.131.5.26 - - [11/Mar/2021:09:01:01 +0800] "POST /xingrg/services/DataTransmitService HTTP/1.1" 200 501
58.37.230.33 - - [11/Mar/2021:09:01:01 +0800] "GET /xingrg/all/function/internal_message.html?_=1615424461712&CODE_STATE=getMsg HTTP/1.1" 302 -
117.131.5.26 - - [11/Mar/2021:09:01:03 +0800] "POST /xingrg/services/DataTransmitService HTTP/1.1" 200 501
114.88.166.193 - - [11/Mar/2021:09:01:04 +0800] "POST /xingrg/kc/buy/cgsh_list_operate.html HTTP/1.1" 200 876
117.131.5.26 - - [11/Mar/2021:09:01:04 +0800] "POST /xingrg/services/DataTransmitService HTTP/1.1" 200 501
117.131.5.26 - - [11/Mar/2021:09:01:04 +0800] "POST /xingrg/services/DataTransmitService HTTP/1.1" 200 501
117.131.5.26 - - [11/Mar/2021:09:01:04 +0800] "POST /xingrg/services/DataTransmitService HTTP/1.1" 200 501
117.131.5.26 - - [11/Mar/2021:09:01:05 +0800] "POST /xingrg/services/DataTransmitService HTTP/1.1" 200 412
222.69.139.141 - - [11/Mar/2021:09:01:07 +0800] "GET /xingrg/all/function/internal_message.html?_=1615424464592&CODE_STATE=getMsg HTTP/1.1" 200 27
114.88.166.193 - - [11/Mar/2021:09:01:08 +0800] "GET /xingrg/kc/buy/cgsh_order_add.html HTTP/1.1" 200 62104
114.88.166.193 - - [11/Mar/2021:09:01:08 +0800] "GET /xingrg/javascript/convert.js HTTP/1.1" 200 1239
114.88.166.193 - - [11/Mar/2021:09:01:08 +0800] "GET /xingrg/javascript/json2.js HTTP/1.1" 200 11259
114.88.166.193 - - [11/Mar/2021:09:01:08 +0800] "GET /xingrg/javascript/jquery_tools/order_manager.js HTTP/1.1" 200 11183
114.88.166.193 - - [11/Mar/2021:09:01:08 +0800] "GET /xingrg/javascript/print/kc_print.js HTTP/1.1" 200 11415
114.88.166.193 - - [11/Mar/2021:09:01:08 +0800] "GET /xingrg/words/20210310172013_words.js HTTP/1.1" 200 798711
114.88.166.193 - - [11/Mar/2021:09:01:08 +0800] "GET /xingrg/javascript/easyui/themes/icons/copy_new.png HTTP/1.1" 200 815
114.88.166.193 - - [11/Mar/2021:09:01:08 +0800] "GET /xingrg/javascript/easyui/themes/icons/template_new.png HTTP/1.1" 200 3956
114.88.166.193 - - [11/Mar/2021:09:01:08 +0800] "GET /xingrg/javascript/easyui/themes/icons/ok.png HTTP/1.1" 200 883
114.88.166.193 - - [11/Mar/2021:09:01:08 +0800] "GET /xingrg/javascript/easyui/themes/icons/print.png HTTP/1.1" 200 1057
114.88.166.193 - - [11/Mar/2021:09:01:08 +0800] "GET /xingrg/javascript/easyui/themes/icons/cancel.png HTTP/1.1" 200 1133
114.88.166.193 - - [11/Mar/2021:09:01:08 +0800] "GET /xingrg/javascript/easyui/themes/default/images/menu_downarrow.png HTTP/1.1" 200 173
180.169.147.146 - - [11/Mar/2021:09:01:08 +0800] "GET /xingrg/all/function/internal_message.html?_=1615424468459&CODE_STATE=getMsg HTTP/1.1" 200 27
114.88.166.193 - - [11/Mar/2021:09:01:09 +0800] "GET /xingrg/all/common/auto_word.html?type=employee&rest_code=00111 HTTP/1.1" 200 205
114.88.166.193 - - [11/Mar/2021:09:01:09 +0800] "GET /xingrg/all/common/auto_word.html?type=employee&rest_code=00111 HTTP/1.1" 200 205
114.88.166.193 - - [11/Mar/2021:09:01:09 +0800] "GET /xingrg/javascript/easyui/themes/default/validatebox.css HTTP/1.1" 404 1104
114.88.166.193 - - [11/Mar/2021:09:01:09 +0800] "GET /xingrg/javascript/easyui/plugins/jquery.validatebox.js HTTP/1.1" 200 6103
114.88.166.193 - - [11/Mar/2021:09:01:09 +0800] "GET /xingrg/javascript/easyui/plugins/jquery.numberbox.js HTTP/1.1" 200 5213
114.88.166.193 - - [11/Mar/2021:09:01:09 +0800] "POST /xingrg/kc/buy/cgsh_order_operate.html HTTP/1.1" 200 8245
114.88.166.193 - - [11/Mar/2021:09:01:09 +0800] "GET /xingrg/javascript/easyui/themes/icons/edit_remove.png HTTP/1.1" 200 625
116.235.216.75 - - [11/Mar/2021:09:01:10 +0800] "GET /xingrg/kc/buy/cgsh_order_operate.html?command=get_materiel&rest_code=00107&code=00101016080&supplier_code=00100033&order_time=2021-03-11 HTTP/1.1" 200 408
58.40.7.146 - - [11/Mar/2021:09:01:10 +0800] "GET /xingrg/all/function/internal_message.html?_=1615424467654&CODE_STATE=getMsg HTTP/1.1" 302 -
116.235.216.75 - - [11/Mar/2021:09:01:10 +0800] "GET /xingrg/all/function/internal_message.html?_=1615424467912&CODE_STATE=getMsg HTTP/1.1" 200 27
117.185.32.26 - - [11/Mar/2021:09:01:11 +0800] "GET /xingrg/all/function/internal_message.html?_=1615424970881&CODE_STATE=getMsg HTTP/1.1" 200 27
61.165.42.208 - - [11/Mar/2021:09:01:11 +0800] "GET /xingrg/all/function/internal_message.html?_=1615424471981&CODE_STATE=getMsg HTTP/1.1" 200 27
61.165.42.208 - - [11/Mar/2021:09:01:12 +0800] "GET /xingrg/all/function/internal_message.html?_=1615424454731&CODE_STATE=getMsg HTTP/1.1" 200 27
116.224.253.72 - - [11/Mar/2021:09:01:16 +0800] "GET /xingrg/all/function/internal_message.html?_=1615424479159&CODE_STATE=getMsg HTTP/1.1" 200 27
114.88.166.193 - - [11/Mar/2021:09:01:19 +0800] "GET /xingrg/javascript/auto/indicator.gif HTTP/1.1" 404 1066
116.235.216.75 - - [11/Mar/2021:09:01:21 +0800] "POST /xingrg/kc/buy/cgsh_order_operate.html HTTP/1.1" 200 37
116.235.216.75 - - [11/Mar/2021:09:01:22 +0800] "POST /xingrg/kc/buy/cgsh_order_operate.html HTTP/1.1" 200 5021
116.235.216.75 - - [11/Mar/2021:09:01:24 +0800] "GET /xingrg/kc/print/load_data.html?order_code=212021031104379&kc_code=cgsh&condition= HTTP/1.1" 200 1611
114.86.187.76 - - [11/Mar/2021:09:01:26 +0800] "GET /xingrg/all/function/internal_message.html?_=1615424488758&CODE_STATE=getMsg HTTP/1.1" 200 27
116.235.216.75 - - [11/Mar/2021:09:01:28 +0800] "GET /xingrg/kc/buy/cgsh_order_add.html HTTP/1.1" 200 62192
116.235.216.75 - - [11/Mar/2021:09:01:29 +0800] "GET /xingrg/javascript/easyui/themes/default/validatebox.css HTTP/1.1" 404 1104
116.235.216.75 - - [11/Mar/2021:09:01:29 +0800] "POST /xingrg/kc/buy/cgsh_order_operate.html HTTP/1.1" 200 8245
222.69.139.141 - - [11/Mar/2021:09:01:29 +0800] "GET /xingrg/all/function/internal_message.html?_=1615424475447&CODE_STATE=getMsg HTTP/1.1" 302 -
116.235.216.75 - - [11/Mar/2021:09:01:30 +0800] "GET /xingrg/javascript/easyui/themes/default/tree.css HTTP/1.1" 404 1090
116.235.216.75 - - [11/Mar/2021:09:01:30 +0800] "POST /xingrg/all/common/load_tree.html?tree=supplier_tree_json&isDelete=1 HTTP/1.1" 200 54827
222.70.216.220 - - [11/Mar/2021:09:01:31 +0800] "GET /xingrg/all/function/internal_message.html?_=1615424486784&CODE_STATE=getMsg HTTP/1.1" 200 27
101.228.165.174 - - [11/Mar/2021:09:01:32 +0800] "GET /xingrg/all/function/internal_message.html?_=1615424533282&CODE_STATE=getMsg HTTP/1.1" 200 27
101.91.60.105 - - [11/Mar/2021:09:01:33 +0800] "GET /xingrg/check_reg.html?_=1615424409226 HTTP/1.1" 302 -
114.88.166.193 - - [11/Mar/2021:09:01:35 +0800] "GET /xingrg/kc/buy/cgsh_order_operate.html?command=get_materiel&rest_code=00111&code=00101008345&supplier_code=&order_time=2021-03-11 HTTP/1.1" 200 413
114.88.166.193 - - [11/Mar/2021:09:01:36 +0800] "GET /xingrg/all/function/internal_message.html?_=1615424492421&CODE_STATE=getMsg HTTP/1.1" 200 27
180.174.195.252 - - [11/Mar/2021:09:01:37 +0800] "GET /xingrg/all/function/internal_message.html?_=1615424756466&CODE_STATE=getMsg HTTP/1.1" 200 27
180.169.147.146 - - [11/Mar/2021:09:01:37 +0800] "GET /xingrg/all/function/internal_message.html?_=1615424501566&CODE_STATE=getMsg HTTP/1.1" 200 27
101.91.60.105 - - [11/Mar/2021:09:01:38 +0800] "GET /xingrg/login.html HTTP/1.1" 200 7641
180.169.147.146 - - [11/Mar/2021:09:01:45 +0800] "GET /xingrg/all/function/internal_message.html?_=1615424494155&CODE_STATE=getMsg HTTP/1.1" 200 27
222.70.216.220 - - [11/Mar/2021:09:01:45 +0800] "GET /xingrg/all/function/internal_message.html?_=1615424500823&CODE_STATE=getMsg HTTP/1.1" 200 27
58.37.230.33 - - [11/Mar/2021:09:02:01 +0800] "GET /xingrg/all/function/internal_message.html?_=1615424521687&CODE_STATE=getMsg HTTP/1.1" 302 -
222.69.139.141 - - [11/Mar/2021:09:02:07 +0800] "GET /xingrg/all/function/internal_message.html?_=1615424524574&CODE_STATE=getMsg HTTP/1.1" 200 27
180.169.147.146 - - [11/Mar/2021:09:02:08 +0800] "GET /xingrg/all/function/internal_message.html?_=1615424528461&CODE_STATE=getMsg HTTP/1.1" 200 27
58.40.7.146 - - [11/Mar/2021:09:02:10 +0800] "GET /xingrg/all/function/internal_message.html?_=1615424527657&CODE_STATE=getMsg HTTP/1.1" 302 -
116.235.216.75 - - [11/Mar/2021:09:02:10 +0800] "GET /xingrg/check_reg.html?_=1615424527818 HTTP/1.1" 200 22
116.235.216.75 - - [11/Mar/2021:09:02:10 +0800] "GET /xingrg/all/function/internal_message.html?_=1615424527900&CODE_STATE=getMsg HTTP/1.1" 200 27
117.185.32.26 - - [11/Mar/2021:09:02:11 +0800] "GET /xingrg/all/function/internal_message.html?_=1615425030882&CODE_STATE=getMsg HTTP/1.1" 200 27
61.165.42.208 - - [11/Mar/2021:09:02:11 +0800] "GET /xingrg/all/function/internal_message.html?_=1615424531982&CODE_STATE=getMsg HTTP/1.1" 200 27
61.165.42.208 - - [11/Mar/2021:09:02:12 +0800] "GET /xingrg/all/function/internal_message.html?_=1615424514728&CODE_STATE=getMsg HTTP/1.1" 200 27
180.169.147.146 - - [11/Mar/2021:09:02:14 +0800] "GET /xingrg/all/function/internal_message.html?_=1615424508457&CODE_STATE=getMsg HTTP/1.1" 200 27
116.224.253.72 - - [11/Mar/2021:09:02:16 +0800] "GET /xingrg/all/function/internal_message.html?_=1615424539145&CODE_STATE=getMsg HTTP/1.1" 200 27
116.235.216.75 - - [11/Mar/2021:09:02:23 +0800] "GET /xingrg/kc/buy/cgsh_order_operate.html?command=get_materiel&rest_code=00107&code=00101006177&supplier_code=00100010&order_time=2021-03-11 HTTP/1.1" 200 428
114.86.187.76 - - [11/Mar/2021:09:02:25 +0800] "GET /xingrg/check_reg.html?_=1615424548176 HTTP/1.1" 200 22
114.86.187.76 - - [11/Mar/2021:09:02:26 +0800] "GET /xingrg/all/function/internal_message.html?_=1615424548932&CODE_STATE=getMsg HTTP/1.1" 200 27
222.69.139.141 - - [11/Mar/2021:09:02:29 +0800] "GET /xingrg/all/function/internal_message.html?_=1615424535448&CODE_STATE=getMsg HTTP/1.1" 302 -
222.70.216.220 - - [11/Mar/2021:09:02:31 +0800] "GET /xingrg/all/function/internal_message.html?_=1615424546788&CODE_STATE=getMsg HTTP/1.1" 200 27
101.228.165.174 - - [11/Mar/2021:09:02:32 +0800] "GET /xingrg/all/function/internal_message.html?_=1615424593458&CODE_STATE=getMsg HTTP/1.1" 200 27
61.165.42.208 - - [11/Mar/2021:09:02:34 +0800] "POST /xingrg/kc/buy/cgsh_list_operate.html HTTP/1.1" 200 2044
116.235.216.75 - - [11/Mar/2021:09:02:36 +0800] "GET /xingrg/kc/buy/cgsh_order_operate.html?command=get_materiel&rest_code=00107&code=00101006111&supplier_code=00100010&order_time=2021-03-11 HTTP/1.1" 200 409
180.174.195.252 - - [11/Mar/2021:09:02:36 +0800] "GET /xingrg/check_reg.html?_=1615424815874 HTTP/1.1" 200 22
114.88.166.193 - - [11/Mar/2021:09:02:36 +0800] "GET /xingrg/all/function/internal_message.html?_=1615424552436&CODE_STATE=getMsg HTTP/1.1" 200 27
180.174.195.252 - - [11/Mar/2021:09:02:37 +0800] "GET /xingrg/all/function/internal_message.html?_=1615424816479&CODE_STATE=getMsg HTTP/1.1" 200 27
180.169.147.146 - - [11/Mar/2021:09:02:37 +0800] "GET /xingrg/check_reg.html?_=1615424561564 HTTP/1.1" 200 22
180.169.147.146 - - [11/Mar/2021:09:02:37 +0800] "GET /xingrg/all/function/internal_message.html?_=1615424561565&CODE_STATE=getMsg HTTP/1.1" 200 27
61.151.178.177 - - [11/Mar/2021:09:02:41 +0800] "GET /xingrg/all/function/internal_message.html?_=1615424461712&CODE_STATE=getMsg HTTP/1.1" 302 -
180.169.147.146 - - [11/Mar/2021:09:02:45 +0800] "GET /xingrg/all/function/internal_message.html?_=1615424554142&CODE_STATE=getMsg HTTP/1.1" 200 27
222.70.216.220 - - [11/Mar/2021:09:02:45 +0800] "GET /xingrg/all/function/internal_message.html?_=1615424560821&CODE_STATE=getMsg HTTP/1.1" 200 27
61.151.178.177 - - [11/Mar/2021:09:02:47 +0800] "GET /xingrg/login.html HTTP/1.1" 200 7641
180.169.147.146 - - [11/Mar/2021:09:02:55 +0800] "GET /xingrg/all/function/internal_message.html?_=1615424568439&CODE_STATE=getMsg HTTP/1.1" 200 27
58.37.230.33 - - [11/Mar/2021:09:03:01 +0800] "GET /xingrg/all/function/internal_message.html?_=1615424581662&CODE_STATE=getMsg HTTP/1.1" 302 -
222.69.139.141 - - [11/Mar/2021:09:03:07 +0800] "GET /xingrg/check_reg.html?_=1615424584571 HTTP/1.1" 200 22
222.69.139.141 - - [11/Mar/2021:09:03:07 +0800] "GET /xingrg/all/function/internal_message.html?_=1615424584588&CODE_STATE=getMsg HTTP/1.1" 200 27
180.169.147.146 - - [11/Mar/2021:09:03:08 +0800] "GET /xingrg/all/function/internal_message.html?_=1615424588473&CODE_STATE=getMsg HTTP/1.1" 200 27
180.169.147.146 - - [11/Mar/2021:09:03:08 +0800] "GET /xingrg/check_reg.html?_=1615424588474 HTTP/1.1" 200 22
58.40.7.146 - - [11/Mar/2021:09:03:10 +0800] "GET /xingrg/check_reg.html?_=1615424587660 HTTP/1.1" 302 -
58.40.7.146 - - [11/Mar/2021:09:03:10 +0800] "GET /xingrg/all/function/internal_message.html?_=1615424587661&CODE_STATE=getMsg HTTP/1.1" 302 -
116.235.216.75 - - [11/Mar/2021:09:03:10 +0800] "GET /xingrg/all/function/internal_message.html?_=1615424587884&CODE_STATE=getMsg HTTP/1.1" 200 27
117.185.32.26 - - [11/Mar/2021:09:03:11 +0800] "GET /xingrg/all/function/internal_message.html?_=1615425090881&CODE_STATE=getMsg HTTP/1.1" 200 27
61.165.42.208 - - [11/Mar/2021:09:03:11 +0800] "GET /xingrg/all/function/internal_message.html?_=1615424591982&CODE_STATE=getMsg HTTP/1.1" 200 27
61.165.42.208 - - [11/Mar/2021:09:03:12 +0800] "GET /xingrg/all/function/internal_message.html?_=1615424574732&CODE_STATE=getMsg HTTP/1.1" 200 27
116.224.253.72 - - [11/Mar/2021:09:03:16 +0800] "GET /xingrg/all/function/internal_message.html?_=1615424599135&CODE_STATE=getMsg HTTP/1.1" 200 27
114.86.187.76 - - [11/Mar/2021:09:03:26 +0800] "GET /xingrg/all/function/internal_message.html?_=1615424608937&CODE_STATE=getMsg HTTP/1.1" 200 27
222.69.139.141 - - [11/Mar/2021:09:03:29 +0800] "GET /xingrg/all/function/internal_message.html?_=1615424595451&CODE_STATE=getMsg HTTP/1.1" 302 -
222.70.216.220 - - [11/Mar/2021:09:03:31 +0800] "GET /xingrg/all/function/internal_message.html?_=1615424606794&CODE_STATE=getMsg HTTP/1.1" 200 27
222.70.216.220 - - [11/Mar/2021:09:03:31 +0800] "GET /xingrg/check_reg.html?_=1615424606796 HTTP/1.1" 200 22
101.228.165.174 - - [11/Mar/2021:09:03:32 +0800] "GET /xingrg/all/function/internal_message.html?_=1615424653465&CODE_STATE=getMsg HTTP/1.1" 200 27
116.224.253.72 - - [11/Mar/2021:09:03:34 +0800] "GET /xingrg/check_reg.html?_=1615424617078 HTTP/1.1" 200 22
114.88.166.193 - - [11/Mar/2021:09:03:36 +0800] "GET /xingrg/all/function/internal_message.html?_=1615424612449&CODE_STATE=getMsg HTTP/1.1" 200 27
180.174.195.252 - - [11/Mar/2021:09:03:37 +0800] "GET /xingrg/all/function/internal_message.html?_=1615424876492&CODE_STATE=getMsg HTTP/1.1" 200 27
180.169.147.146 - - [11/Mar/2021:09:03:37 +0800] "GET /xingrg/all/function/internal_message.html?_=1615424621569&CODE_STATE=getMsg HTTP/1.1" 200 27
180.169.147.146 - - [11/Mar/2021:09:03:45 +0800] "GET /xingrg/all/function/internal_message.html?_=1615424614144&CODE_STATE=getMsg HTTP/1.1" 200 27
222.70.216.220 - - [11/Mar/2021:09:03:45 +0800] "GET /xingrg/all/function/internal_message.html?_=1615424620823&CODE_STATE=getMsg HTTP/1.1" 200 27
180.169.147.146 - - [11/Mar/2021:09:03:55 +0800] "GET /xingrg/all/function/internal_message.html?_=1615424628439&CODE_STATE=getMsg HTTP/1.1" 200 27
58.37.230.33 - - [11/Mar/2021:09:04:01 +0800] "GET /xingrg/all/function/internal_message.html?_=1615424641639&CODE_STATE=getMsg HTTP/1.1" 302 -
222.70.216.220 - - [11/Mar/2021:09:04:06 +0800] "GET /xingrg/check_reg.html?_=1615424641905 HTTP/1.1" 200 22
222.69.139.141 - - [11/Mar/2021:09:04:07 +0800] "GET /xingrg/all/function/internal_message.html?_=1615424644582&CODE_STATE=getMsg HTTP/1.1" 200 27
180.169.147.146 - - [11/Mar/2021:09:04:08 +0800] "GET /xingrg/all/function/internal_message.html?_=1615424648474&CODE_STATE=getMsg HTTP/1.1" 200 27
58.40.7.146 - - [11/Mar/2021:09:04:10 +0800] "GET /xingrg/all/function/internal_message.html?_=1615424647648&CODE_STATE=getMsg HTTP/1.1" 302 -
116.235.216.75 - - [11/Mar/2021:09:04:10 +0800] "GET /xingrg/all/function/internal_message.html?_=1615424647870&CODE_STATE=getMsg HTTP/1.1" 200 27
117.185.32.26 - - [11/Mar/2021:09:04:11 +0800] "GET /xingrg/all/function/internal_message.html?_=1615425150881&CODE_STATE=getMsg HTTP/1.1" 200 27
61.165.42.208 - - [11/Mar/2021:09:04:11 +0800] "GET /xingrg/check_reg.html?_=1615424651968 HTTP/1.1" 200 22
61.165.42.208 - - [11/Mar/2021:09:04:11 +0800] "GET /xingrg/all/function/internal_message.html?_=1615424651971&CODE_STATE=getMsg HTTP/1.1" 200 27
61.165.42.208 - - [11/Mar/2021:09:04:12 +0800] "GET /xingrg/all/function/internal_message.html?_=1615424634736&CODE_STATE=getMsg HTTP/1.1" 200 27
61.165.42.208 - - [11/Mar/2021:09:04:12 +0800] "GET /xingrg/check_reg.html?_=1615424634731 HTTP/1.1" 200 22
116.224.253.72 - - [11/Mar/2021:09:04:16 +0800] "GET /xingrg/all/function/internal_message.html?_=1615424659116&CODE_STATE=getMsg HTTP/1.1" 200 27
180.169.147.146 - - [11/Mar/2021:09:04:16 +0800] "GET /xingrg/check_reg.html?_=1615424649853 HTTP/1.1" 200 22
114.86.187.76 - - [11/Mar/2021:09:04:26 +0800] "GET /xingrg/all/function/internal_message.html?_=1615424668951&CODE_STATE=getMsg HTTP/1.1" 200 27
222.69.139.141 - - [11/Mar/2021:09:04:29 +0800] "GET /xingrg/check_reg.html?_=1615424655452 HTTP/1.1" 302 -
222.69.139.141 - - [11/Mar/2021:09:04:29 +0800] "GET /xingrg/all/function/internal_message.html?_=1615424655457&CODE_STATE=getMsg HTTP/1.1" 302 -
222.70.216.220 - - [11/Mar/2021:09:04:31 +0800] "GET /xingrg/all/function/internal_message.html?_=1615424666798&CODE_STATE=getMsg HTTP/1.1" 200 27
101.228.165.174 - - [11/Mar/2021:09:04:32 +0800] "GET /xingrg/all/function/internal_message.html?_=1615424713618&CODE_STATE=getMsg HTTP/1.1" 200 27
114.88.166.193 - - [11/Mar/2021:09:04:36 +0800] "GET /xingrg/check_reg.html?_=1615424672226 HTTP/1.1" 200 22
114.88.166.193 - - [11/Mar/2021:09:04:36 +0800] "GET /xingrg/all/function/internal_message.html?_=1615424672462&CODE_STATE=getMsg HTTP/1.1" 200 27
180.174.195.252 - - [11/Mar/2021:09:04:37 +0800] "GET /xingrg/all/function/internal_message.html?_=1615424936512&CODE_STATE=getMsg HTTP/1.1" 200 27
180.169.147.146 - - [11/Mar/2021:09:04:37 +0800] "GET /xingrg/all/function/internal_message.html?_=1615424681584&CODE_STATE=getMsg HTTP/1.1" 200 27
101.228.165.174 - - [11/Mar/2021:09:04:40 +0800] "GET /xingrg/check_reg.html?_=1615424721471 HTTP/1.1" 200 22
180.169.147.146 - - [11/Mar/2021:09:04:45 +0800] "GET /xingrg/all/function/internal_message.html?_=1615424674145&CODE_STATE=getMsg HTTP/1.1" 200 27
180.169.147.146 - - [11/Mar/2021:09:04:45 +0800] "GET /xingrg/check_reg.html?_=1615424674146 HTTP/1.1" 200 22
222.70.216.220 - - [11/Mar/2021:09:04:45 +0800] "GET /xingrg/all/function/internal_message.html?_=1615424680823&CODE_STATE=getMsg HTTP/1.1" 200 27
180.169.147.146 - - [11/Mar/2021:09:04:55 +0800] "GET /xingrg/all/function/internal_message.html?_=1615424688413&CODE_STATE=getMsg HTTP/1.1" 200 27
58.37.230.33 - - [11/Mar/2021:09:05:01 +0800] "GET /xingrg/all/function/internal_message.html?_=1615424701616&CODE_STATE=getMsg HTTP/1.1" 302 -
222.69.139.141 - - [11/Mar/2021:09:05:07 +0800] "GET /xingrg/all/function/internal_message.html?_=1615424704580&CODE_STATE=getMsg HTTP/1.1" 200 27
180.169.147.146 - - [11/Mar/2021:09:05:08 +0800] "GET /xingrg/all/function/internal_message.html?_=1615424708474&CODE_STATE=getMsg HTTP/1.1" 200 27
58.37.230.33 - - [11/Mar/2021:09:05:09 +0800] "GET /xingrg/check_reg.html?_=1615424709229 HTTP/1.1" 302 -
58.40.7.146 - - [11/Mar/2021:09:05:10 +0800] "GET /xingrg/all/function/internal_message.html?_=1615424707652&CODE_STATE=getMsg HTTP/1.1" 302 -
116.235.216.75 - - [11/Mar/2021:09:05:10 +0800] "GET /xingrg/all/function/internal_message.html?_=1615424707840&CODE_STATE=getMsg HTTP/1.1" 200 27
117.185.32.26 - - [11/Mar/2021:09:05:11 +0800] "GET /xingrg/check_reg.html?_=1615425210881 HTTP/1.1" 200 22
117.185.32.26 - - [11/Mar/2021:09:05:11 +0800] "GET /xingrg/all/function/internal_message.html?_=1615425210909&CODE_STATE=getMsg HTTP/1.1" 200 27
61.165.42.208 - - [11/Mar/2021:09:05:11 +0800] "GET /xingrg/all/function/internal_message.html?_=1615424711971&CODE_STATE=getMsg HTTP/1.1" 200 27
61.165.42.208 - - [11/Mar/2021:09:05:12 +0800] "GET /xingrg/all/function/internal_message.html?_=1615424694723&CODE_STATE=getMsg HTTP/1.1" 302 -
116.224.253.72 - - [11/Mar/2021:09:05:16 +0800] "GET /xingrg/all/function/internal_message.html?_=1615424719100&CODE_STATE=getMsg HTTP/1.1" 200 27
114.86.187.76 - - [11/Mar/2021:09:05:26 +0800] "GET /xingrg/all/function/internal_message.html?_=1615424729124&CODE_STATE=getMsg HTTP/1.1" 200 27
222.69.139.141 - - [11/Mar/2021:09:05:29 +0800] "GET /xingrg/all/function/internal_message.html?_=1615424715446&CODE_STATE=getMsg HTTP/1.1" 302 -
222.70.216.220 - - [11/Mar/2021:09:05:31 +0800] "GET /xingrg/all/function/internal_message.html?_=1615424726783&CODE_STATE=getMsg HTTP/1.1" 200 27
101.228.165.174 - - [11/Mar/2021:09:05:32 +0800] "GET /xingrg/all/function/internal_message.html?_=1615424773617&CODE_STATE=getMsg HTTP/1.1" 200 27
58.221.95.50 - - [11/Mar/2021:09:05:35 +0800] "GET /xingrg/check_reg.html?_=1615424734447 HTTP/1.1" 302 -
114.88.166.193 - - [11/Mar/2021:09:05:36 +0800] "GET /xingrg/all/function/internal_message.html?_=1615424732497&CODE_STATE=getMsg HTTP/1.1" 200 27
180.174.195.252 - - [11/Mar/2021:09:05:37 +0800] "GET /xingrg/all/function/internal_message.html?_=1615424996521&CODE_STATE=getMsg HTTP/1.1" 200 27
180.169.147.146 - - [11/Mar/2021:09:05:37 +0800] "GET /xingrg/all/function/internal_message.html?_=1615424741575&CODE_STATE=getMsg HTTP/1.1" 200 27
180.169.147.146 - - [11/Mar/2021:09:05:45 +0800] "GET /xingrg/all/function/internal_message.html?_=1615424734149&CODE_STATE=getMsg HTTP/1.1" 200 27
222.70.216.220 - - [11/Mar/2021:09:05:45 +0800] "GET /xingrg/check_reg.html?_=1615424740822 HTTP/1.1" 200 22
222.70.216.220 - - [11/Mar/2021:09:05:45 +0800] "GET /xingrg/all/function/internal_message.html?_=1615424740822&CODE_STATE=getMsg HTTP/1.1" 200 27
172.20.0.100 - - [11/Mar/2021:09:05:53 +0800] "GET /xingrg/check_reg.html?_=1615424750658 HTTP/1.1" 302 -
180.169.147.146 - - [11/Mar/2021:09:05:55 +0800] "GET /xingrg/all/function/internal_message.html?_=1615424748388&CODE_STATE=getMsg HTTP/1.1" 200 27
58.37.230.33 - - [11/Mar/2021:09:06:01 +0800] "GET /xingrg/all/function/internal_message.html?_=1615424761594&CODE_STATE=getMsg HTTP/1.1" 302 -
116.235.216.75 - - [11/Mar/2021:09:06:04 +0800] "GET /xingrg/kc/buy/cgsh_order_operate.html?command=get_materiel&rest_code=00107&code=00101006115&supplier_code=00100010&order_time=2021-03-11 HTTP/1.1" 200 409
222.69.139.141 - - [11/Mar/2021:09:06:07 +0800] "GET /xingrg/all/function/internal_message.html?_=1615424764566&CODE_STATE=getMsg HTTP/1.1" 200 27
180.169.147.146 - - [11/Mar/2021:09:06:08 +0800] "GET /xingrg/all/function/internal_message.html?_=1615424768473&CODE_STATE=getMsg HTTP/1.1" 200 27
58.40.7.146 - - [11/Mar/2021:09:06:10 +0800] "GET /xingrg/all/function/internal_message.html?_=1615424767655&CODE_STATE=getMsg HTTP/1.1" 302 -
116.235.216.75 - - [11/Mar/2021:09:06:10 +0800] "GET /xingrg/all/function/internal_message.html?_=1615424767828&CODE_STATE=getMsg HTTP/1.1" 200 27
117.185.32.26 - - [11/Mar/2021:09:06:11 +0800] "GET /xingrg/all/function/internal_message.html?_=1615425270908&CODE_STATE=getMsg HTTP/1.1" 200 27
61.165.42.208 - - [11/Mar/2021:09:06:11 +0800] "GET /xingrg/all/function/internal_message.html?_=1615424771975&CODE_STATE=getMsg HTTP/1.1" 200 27
61.165.42.208 - - [11/Mar/2021:09:06:12 +0800] "GET /xingrg/all/function/internal_message.html?_=1615424754723&CODE_STATE=getMsg HTTP/1.1" 302 -
116.224.253.72 - - [11/Mar/2021:09:06:16 +0800] "GET /xingrg/all/function/internal_message.html?_=1615424779086&CODE_STATE=getMsg HTTP/1.1" 200 27
116.235.216.75 - - [11/Mar/2021:09:06:23 +0800] "GET /xingrg/kc/buy/cgsh_order_operate.html?command=get_materiel&rest_code=00107&code=00101006130&supplier_code=00100010&order_time=2021-03-11 HTTP/1.1" 200 427
114.86.187.76 - - [11/Mar/2021:09:06:26 +0800] "GET /xingrg/all/function/internal_message.html?_=1615424789134&CODE_STATE=getMsg HTTP/1.1" 200 27
222.69.139.141 - - [11/Mar/2021:09:06:29 +0800] "GET /xingrg/all/function/internal_message.html?_=1615424775448&CODE_STATE=getMsg HTTP/1.1" 302 -
222.70.216.220 - - [11/Mar/2021:09:06:31 +0800] "GET /xingrg/all/function/internal_message.html?_=1615424786786&CODE_STATE=getMsg HTTP/1.1" 200 27
101.228.165.174 - - [11/Mar/2021:09:06:32 +0800] "GET /xingrg/all/function/internal_message.html?_=1615424833631&CODE_STATE=getMsg HTTP/1.1" 200 27
114.88.166.193 - - [11/Mar/2021:09:06:36 +0800] "GET /xingrg/all/function/internal_message.html?_=1615424792506&CODE_STATE=getMsg HTTP/1.1" 200 27
180.174.195.252 - - [11/Mar/2021:09:06:37 +0800] "GET /xingrg/all/function/internal_message.html?_=1615425056533&CODE_STATE=getMsg HTTP/1.1" 200 27
180.169.147.146 - - [11/Mar/2021:09:06:37 +0800] "GET /xingrg/all/function/internal_message.html?_=1615424801584&CODE_STATE=getMsg HTTP/1.1" 200 27
180.169.147.146 - - [11/Mar/2021:09:06:45 +0800] "GET /xingrg/all/function/internal_message.html?_=1615424794151&CODE_STATE=getMsg HTTP/1.1" 200 27
222.70.216.220 - - [11/Mar/2021:09:06:45 +0800] "GET /xingrg/all/function/internal_message.html?_=1615424800823&CODE_STATE=getMsg HTTP/1.1" 200 27
116.235.216.75 - - [11/Mar/2021:09:06:47 +0800] "GET /xingrg/kc/buy/cgsh_order_operate.html?command=get_materiel&rest_code=00107&code=00101006113&supplier_code=00100010&order_time=2021-03-11 HTTP/1.1" 200 413
180.169.147.146 - - [11/Mar/2021:09:06:55 +0800] "GET /xingrg/all/function/internal_message.html?_=1615424808360&CODE_STATE=getMsg HTTP/1.1" 200 27
116.235.216.75 - - [11/Mar/2021:09:06:58 +0800] "GET /xingrg/kc/buy/cgsh_order_operate.html?command=get_materiel&rest_code=00107&code=00101007067&supplier_code=00100010&order_time=2021-03-11 HTTP/1.1" 200 409
58.37.230.33 - - [11/Mar/2021:09:07:01 +0800] "GET /xingrg/all/function/internal_message.html?_=1615424821573&CODE_STATE=getMsg HTTP/1.1" 302 -
222.69.139.141 - - [11/Mar/2021:09:07:07 +0800] "GET /xingrg/all/function/internal_message.html?_=1615424824560&CODE_STATE=getMsg HTTP/1.1" 200 27
180.169.147.146 - - [11/Mar/2021:09:07:08 +0800] "GET /xingrg/all/function/internal_message.html?_=1615424828476&CODE_STATE=getMsg HTTP/1.1" 200 27
58.40.7.146 - - [11/Mar/2021:09:07:10 +0800] "GET /xingrg/all/function/internal_message.html?_=1615424827657&CODE_STATE=getMsg HTTP/1.1" 302 -
117.185.32.26 - - [11/Mar/2021:09:07:11 +0800] "GET /xingrg/all/function/internal_message.html?_=1615425330909&CODE_STATE=getMsg HTTP/1.1" 200 27
61.165.42.208 - - [11/Mar/2021:09:07:11 +0800] "GET /xingrg/all/function/internal_message.html?_=1615424831976&CODE_STATE=getMsg HTTP/1.1" 200 27
61.165.42.208 - - [11/Mar/2021:09:07:12 +0800] "GET /xingrg/all/function/internal_message.html?_=1615424814722&CODE_STATE=getMsg HTTP/1.1" 302 -
116.233.75.117 - - [11/Mar/2021:09:07:14 +0800] "GET /xingrg/login.html HTTP/1.1" 200 7641
116.233.75.117 - - [11/Mar/2021:09:07:15 +0800] "GET /favicon.ico HTTP/1.1" 404 -
116.224.253.72 - - [11/Mar/2021:09:07:16 +0800] "GET /xingrg/all/function/internal_message.html?_=1615424839084&CODE_STATE=getMsg HTTP/1.1" 200 27
116.233.75.117 - - [11/Mar/2021:09:07:22 +0800] "POST /xingrg/login.do HTTP/1.1" 302 -
116.233.75.117 - - [11/Mar/2021:09:07:22 +0800] "GET /xingrg/index.html?sysBaseUrl=http%3A%2F%2F180.169.147.146%3A18081%2Fxingrg%2F&costTime=116×tamp=1615424842618 HTTP/1.1" 200 17173
116.233.75.117 - - [11/Mar/2021:09:07:22 +0800] "POST /xingrg/all/common/load_tree.html?tree=area_rest_tree_json&manage=1 HTTP/1.1" 200 342
116.233.75.117 - - [11/Mar/2021:09:07:22 +0800] "GET /xingrg/all/function/internal_message.html?_=1615424840057&CODE_STATE=count HTTP/1.1" 200 11
116.233.75.117 - - [11/Mar/2021:09:07:22 +0800] "GET /xingrg/check_reg.html?_=1615424840057 HTTP/1.1" 200 22
116.233.75.117 - - [11/Mar/2021:09:07:22 +0800] "POST /xingrg/load_menu.html HTTP/1.1" 200 5138
114.86.187.76 - - [11/Mar/2021:09:07:25 +0800] "GET /xingrg/check_reg.html?_=1615424848342 HTTP/1.1" 200 22
114.86.187.76 - - [11/Mar/2021:09:07:26 +0800] "GET /xingrg/all/function/internal_message.html?_=1615424849147&CODE_STATE=getMsg HTTP/1.1" 200 27
116.233.75.117 - - [11/Mar/2021:09:07:26 +0800] "GET /xingrg/index.html?sysBaseUrl=http%3A%2F%2F180.169.147.146%3A18081%2Fxingrg%2F&costTime=116×tamp=1615424842618 HTTP/1.1" 200 17173
116.233.75.117 - - [11/Mar/2021:09:07:27 +0800] "POST /xingrg/all/common/load_tree.html?tree=area_rest_tree_json&manage=1 HTTP/1.1" 200 342
116.233.75.117 - - [11/Mar/2021:09:07:27 +0800] "GET /xingrg/all/function/internal_message.html?_=1615424844444&CODE_STATE=count HTTP/1.1" 200 11
116.233.75.117 - - [11/Mar/2021:09:07:27 +0800] "GET /xingrg/check_reg.html?_=1615424844444 HTTP/1.1" 200 22
116.233.75.117 - - [11/Mar/2021:09:07:27 +0800] "POST /xingrg/load_menu.html HTTP/1.1" 200 5138
222.69.139.141 - - [11/Mar/2021:09:07:29 +0800] "GET /xingrg/all/function/internal_message.html?_=1615424835448&CODE_STATE=getMsg HTTP/1.1" 302 -
116.233.75.117 - - [11/Mar/2021:09:07:30 +0800] "GET /xingrg/index.html?sysBaseUrl=http%3A%2F%2F180.169.147.146%3A18081%2Fxingrg%2F&costTime=116×tamp=1615424842618 HTTP/1.1" 200 17173
116.233.75.117 - - [11/Mar/2021:09:07:30 +0800] "POST /xingrg/all/common/load_tree.html?tree=area_rest_tree_json&manage=1 HTTP/1.1" 200 342
116.233.75.117 - - [11/Mar/2021:09:07:30 +0800] "GET /xingrg/all/function/internal_message.html?_=1615424847679&CODE_STATE=count HTTP/1.1" 200 11
116.233.75.117 - - [11/Mar/2021:09:07:30 +0800] "GET /xingrg/check_reg.html?_=1615424847680 HTTP/1.1" 200 22
116.233.75.117 - - [11/Mar/2021:09:07:30 +0800] "POST /xingrg/load_menu.html HTTP/1.1" 200 5138
116.233.75.117 - - [11/Mar/2021:09:07:31 +0800] "GET /xingrg/kc/base/base_main.html HTTP/1.1" 200 12142
222.70.216.220 - - [11/Mar/2021:09:07:31 +0800] "GET /xingrg/all/function/internal_message.html?_=1615424846786&CODE_STATE=getMsg HTTP/1.1" 200 27
116.233.75.117 - - [11/Mar/2021:09:07:32 +0800] "GET /xingrg/kc/base/yddb_order_list.html HTTP/1.1" 200 16945
101.228.165.174 - - [11/Mar/2021:09:07:32 +0800] "GET /xingrg/all/function/internal_message.html?_=1615424893796&CODE_STATE=getMsg HTTP/1.1" 200 27
116.233.75.117 - - [11/Mar/2021:09:07:33 +0800] "POST /xingrg/kc/base/yddb_list_operate.html HTTP/1.1" 200 636
116.233.75.117 - - [11/Mar/2021:09:07:34 +0800] "GET /xingrg/dwr/interface/AjaxYddbService.js HTTP/1.1" 200 13201
116.233.75.117 - - [11/Mar/2021:09:07:34 +0800] "GET /xingrg/dwr/interface/AjaxComOrderService.js HTTP/1.1" 200 18264
116.233.75.117 - - [11/Mar/2021:09:07:34 +0800] "GET /xingrg/dwr/util.js HTTP/1.1" 304 -
116.233.75.117 - - [11/Mar/2021:09:07:34 +0800] "GET /xingrg/javascript/AjaxInfoList.js HTTP/1.1" 200 3774
116.233.75.117 - - [11/Mar/2021:09:07:34 +0800] "GET /xingrg/javascript/checkform.js HTTP/1.1" 200 18351
116.233.75.117 - - [11/Mar/2021:09:07:34 +0800] "GET /xingrg/javascript/Grid.js HTTP/1.1" 200 58908
116.233.75.117 - - [11/Mar/2021:09:07:34 +0800] "GET /xingrg/dwr/engine.js HTTP/1.1" 200 43631
116.233.75.117 - - [11/Mar/2021:09:07:34 +0800] "GET /xingrg/kc/base/yddb_order_add.html HTTP/1.1" 200 29743
116.233.75.117 - - [11/Mar/2021:09:07:34 +0800] "GET /xingrg/javascript/jquery_easy_ui/themes/icons/check_new.png HTTP/1.1" 200 3224
116.233.75.117 - - [11/Mar/2021:09:07:34 +0800] "GET /xingrg/javascript/jquery_easy_ui/themes/icons/edit_add_new.png HTTP/1.1" 200 2997
116.233.75.117 - - [11/Mar/2021:09:07:34 +0800] "GET /xingrg/images/blue/button/kc_tab_add.gif HTTP/1.1" 200 375
116.233.75.117 - - [11/Mar/2021:09:07:34 +0800] "GET /xingrg/images/blue/button/kc_tab_edit.gif HTTP/1.1" 200 551
116.233.75.117 - - [11/Mar/2021:09:07:34 +0800] "GET /xingrg/images/blue/button/kc_tab_save.gif HTTP/1.1" 200 777
116.233.75.117 - - [11/Mar/2021:09:07:34 +0800] "GET /xingrg/images/blue/button/kc_tab_del.gif HTTP/1.1" 200 383
116.233.75.117 - - [11/Mar/2021:09:07:34 +0800] "GET /xingrg/images/blue/kc_tab_mid.gif HTTP/1.1" 200 44
116.233.75.117 - - [11/Mar/2021:09:07:34 +0800] "GET /xingrg/images/blue/kc_tab_left.gif HTTP/1.1" 200 188
116.233.75.117 - - [11/Mar/2021:09:07:34 +0800] "GET /xingrg/images/blue/kc_tab_right.gif HTTP/1.1" 200 643
116.233.75.117 - - [11/Mar/2021:09:07:34 +0800] "GET /xingrg/images/blue/kc_tab2_left.gif HTTP/1.1" 200 625
116.233.75.117 - - [11/Mar/2021:09:07:34 +0800] "GET /xingrg/images/blue/kc_tab2_right.gif HTTP/1.1" 200 192
180.174.195.252 - - [11/Mar/2021:09:07:36 +0800] "GET /xingrg/check_reg.html?_=1615425115877 HTTP/1.1" 200 22
114.88.166.193 - - [11/Mar/2021:09:07:36 +0800] "GET /xingrg/all/function/internal_message.html?_=1615424852541&CODE_STATE=getMsg HTTP/1.1" 200 27
180.174.195.252 - - [11/Mar/2021:09:07:37 +0800] "GET /xingrg/all/function/internal_message.html?_=1615425116546&CODE_STATE=getMsg HTTP/1.1" 200 27
180.169.147.146 - - [11/Mar/2021:09:07:37 +0800] "GET /xingrg/all/function/internal_message.html?_=1615424861584&CODE_STATE=getMsg HTTP/1.1" 200 27
180.169.147.146 - - [11/Mar/2021:09:07:37 +0800] "GET /xingrg/check_reg.html?_=1615424861581 HTTP/1.1" 200 22
116.233.75.117 - - [11/Mar/2021:09:07:38 +0800] "GET /xingrg/images/blue/wait.gif HTTP/1.1" 200 1100
116.233.75.117 - - [11/Mar/2021:09:07:38 +0800] "POST /xingrg/dwr/call/plaincall/AjaxYddbService.getRestBases.dwr HTTP/1.1" 200 1046
116.235.216.75 - - [11/Mar/2021:09:07:44 +0800] "POST /xingrg/kc/buy/cgsh_order_operate.html HTTP/1.1" 200 37
180.169.147.146 - - [11/Mar/2021:09:07:45 +0800] "GET /xingrg/all/function/internal_message.html?_=1615424854152&CODE_STATE=getMsg HTTP/1.1" 200 27
222.70.216.220 - - [11/Mar/2021:09:07:45 +0800] "GET /xingrg/all/function/internal_message.html?_=1615424860823&CODE_STATE=getMsg HTTP/1.1" 200 27
116.235.216.75 - - [11/Mar/2021:09:07:46 +0800] "POST /xingrg/kc/buy/cgsh_order_operate.html HTTP/1.1" 200 5622
116.235.216.75 - - [11/Mar/2021:09:07:48 +0800] "GET /xingrg/kc/print/load_data.html?order_code=212021031104380&kc_code=cgsh&condition= HTTP/1.1" 200 1866
116.233.75.117 - - [11/Mar/2021:09:07:53 +0800] "POST /xingrg/dwr/call/plaincall/AjaxYddbService.saveOrder.dwr HTTP/1.1" 200 78
180.169.147.146 - - [11/Mar/2021:09:07:54 +0800] "GET /xingrg/all/function/internal_message.html?_=1615424868339&CODE_STATE=getMsg HTTP/1.1" 200 27
116.235.216.75 - - [11/Mar/2021:09:07:56 +0800] "GET /xingrg/kc/buy/cgsh_order_add.html HTTP/1.1" 200 62192
116.233.75.117 - - [11/Mar/2021:09:07:57 +0800] "POST /xingrg/dwr/call/plaincall/AjaxComOrderService.getMaterielSearchList.dwr HTTP/1.1" 200 19352
116.235.216.75 - - [11/Mar/2021:09:07:57 +0800] "GET /xingrg/javascript/easyui/themes/default/validatebox.css HTTP/1.1" 404 1104
116.235.216.75 - - [11/Mar/2021:09:07:57 +0800] "POST /xingrg/kc/buy/cgsh_order_operate.html HTTP/1.1" 200 8245
116.233.75.117 - - [11/Mar/2021:09:07:59 +0800] "POST /xingrg/dwr/call/plaincall/AjaxYddbService.getMaterielByMap.dwr HTTP/1.1" 200 2720
58.37.230.33 - - [11/Mar/2021:09:08:01 +0800] "GET /xingrg/all/function/internal_message.html?_=1615424881552&CODE_STATE=getMsg HTTP/1.1" 302 -
222.69.139.141 - - [11/Mar/2021:09:08:07 +0800] "GET /xingrg/all/function/internal_message.html?_=1615424884588&CODE_STATE=getMsg HTTP/1.1" 200 27
222.69.139.141 - - [11/Mar/2021:09:08:07 +0800] "GET /xingrg/check_reg.html?_=1615424884595 HTTP/1.1" 200 22
180.169.147.146 - - [11/Mar/2021:09:08:08 +0800] "GET /xingrg/check_reg.html?_=1615424888478 HTTP/1.1" 200 22
180.169.147.146 - - [11/Mar/2021:09:08:08 +0800] "GET /xingrg/all/function/internal_message.html?_=1615424888477&CODE_STATE=getMsg HTTP/1.1" 200 27
58.40.7.146 - - [11/Mar/2021:09:08:10 +0800] "GET /xingrg/all/function/internal_message.html?_=1615424887661&CODE_STATE=getMsg HTTP/1.1" 302 -
58.40.7.146 - - [11/Mar/2021:09:08:10 +0800] "GET /xingrg/check_reg.html?_=1615424887662 HTTP/1.1" 302 -
116.235.216.75 - - [11/Mar/2021:09:08:10 +0800] "GET /xingrg/all/function/internal_message.html?_=1615424887829&CODE_STATE=getMsg HTTP/1.1" 200 27
117.185.32.26 - - [11/Mar/2021:09:08:11 +0800] "GET /xingrg/all/function/internal_message.html?_=1615425390897&CODE_STATE=getMsg HTTP/1.1" 200 27
61.165.42.208 - - [11/Mar/2021:09:08:11 +0800] "GET /xingrg/all/function/internal_message.html?_=1615424891976&CODE_STATE=getMsg HTTP/1.1" 200 27
61.165.42.208 - - [11/Mar/2021:09:08:12 +0800] "GET /xingrg/all/function/internal_message.html?_=1615424874723&CODE_STATE=getMsg HTTP/1.1" 302 -
116.224.253.72 - - [11/Mar/2021:09:08:16 +0800] "GET /xingrg/all/function/internal_message.html?_=1615424899055&CODE_STATE=getMsg HTTP/1.1" 200 27
116.233.75.117 - - [11/Mar/2021:09:08:24 +0800] "GET /xingrg/images/yd/bt.gif HTTP/1.1" 404 1040
116.233.75.117 - - [11/Mar/2021:09:08:25 +0800] "POST /xingrg/dwr/call/plaincall/AjaxYddbService.saveMaterielItem.dwr HTTP/1.1" 200 78
114.86.187.76 - - [11/Mar/2021:09:08:26 +0800] "GET /xingrg/all/function/internal_message.html?_=1615424909160&CODE_STATE=getMsg HTTP/1.1" 200 27
116.233.75.117 - - [11/Mar/2021:09:08:27 +0800] "GET /xingrg/kc/base/yddb_order_list.html?isBack=1 HTTP/1.1" 200 16945
116.233.75.117 - - [11/Mar/2021:09:08:27 +0800] "POST /xingrg/kc/base/yddb_list_operate.html HTTP/1.1" 200 1335
58.221.95.50 - - [11/Mar/2021:09:08:27 +0800] "GET /xingrg/kc/buy/cgsh_order_list.html HTTP/1.1" 302 -
58.221.95.50 - - [11/Mar/2021:09:08:27 +0800] "GET /xingrg/login.html HTTP/1.1" 200 7641
58.221.95.50 - - [11/Mar/2021:09:08:27 +0800] "GET /xingrg/login.html HTTP/1.1" 200 7641
58.221.95.50 - - [11/Mar/2021:09:08:27 +0800] "GET /favicon.ico HTTP/1.1" 404 -
116.233.75.117 - - [11/Mar/2021:09:08:28 +0800] "GET /xingrg/kc/base/base_main.html HTTP/1.1" 200 12142
58.221.95.50 - - [11/Mar/2021:09:08:29 +0800] "POST /xingrg/login.do HTTP/1.1" 302 -
58.221.95.50 - - [11/Mar/2021:09:08:29 +0800] "GET /favicon.ico HTTP/1.1" 404 -
58.221.95.50 - - [11/Mar/2021:09:08:29 +0800] "GET /xingrg/index.html?sysBaseUrl=http%3A%2F%2F180.169.147.146%3A18081%2Fxingrg%2F&costTime=108×tamp=1615424909240 HTTP/1.1" 200 17417
58.221.95.50 - - [11/Mar/2021:09:08:29 +0800] "POST /xingrg/all/common/load_tree.html?tree=area_rest_tree_json&manage=1 HTTP/1.1" 200 3344
58.221.95.50 - - [11/Mar/2021:09:08:29 +0800] "GET /xingrg/check_reg.html?_=1615424908565 HTTP/1.1" 200 22
58.221.95.50 - - [11/Mar/2021:09:08:29 +0800] "GET /xingrg/all/function/internal_message.html?_=1615424908565&CODE_STATE=count HTTP/1.1" 200 11
222.69.139.141 - - [11/Mar/2021:09:08:29 +0800] "GET /xingrg/all/function/internal_message.html?_=1615424895449&CODE_STATE=getMsg HTTP/1.1" 302 -
58.221.95.50 - - [11/Mar/2021:09:08:29 +0800] "POST /xingrg/load_menu.html HTTP/1.1" 200 9959
116.233.75.117 - - [11/Mar/2021:09:08:30 +0800] "GET /xingrg/kc/buy/buy_main.html HTTP/1.1" 200 12412
116.233.75.117 - - [11/Mar/2021:09:08:30 +0800] "GET /xingrg/css/new_ie.css HTTP/1.1" 404 1036
116.233.75.117 - - [11/Mar/2021:09:08:30 +0800] "GET /xingrg/all/function/internal_message.html?_=1615424907692&CODE_STATE=getMsg HTTP/1.1" 200 27
116.233.75.117 - - [11/Mar/2021:09:08:30 +0800] "GET /xingrg/images/yd/bt.gif HTTP/1.1" 404 1040
116.233.75.117 - - [11/Mar/2021:09:08:30 +0800] "GET /xingrg/kc/buy/cgsh_order_list.html HTTP/1.1" 200 46366
222.70.216.220 - - [11/Mar/2021:09:08:31 +0800] "GET /xingrg/all/function/internal_message.html?_=1615424906788&CODE_STATE=getMsg HTTP/1.1" 200 27
222.70.216.220 - - [11/Mar/2021:09:08:31 +0800] "GET /xingrg/check_reg.html?_=1615424906789 HTTP/1.1" 200 22
116.233.75.117 - - [11/Mar/2021:09:08:32 +0800] "POST /xingrg/kc/buy/cgsh_list_operate.html HTTP/1.1" 200 876
101.228.165.174 - - [11/Mar/2021:09:08:32 +0800] "GET /xingrg/all/function/internal_message.html?_=1615424953799&CODE_STATE=getMsg HTTP/1.1" 200 27
116.224.253.72 - - [11/Mar/2021:09:08:34 +0800] "GET /xingrg/check_reg.html?_=1615424917094 HTTP/1.1" 200 22
116.233.75.117 - - [11/Mar/2021:09:08:35 +0800] "GET /xingrg/kc/report/report_main.html HTTP/1.1" 200 7345
116.233.75.117 - - [11/Mar/2021:09:08:36 +0800] "GET /xingrg/kc/base/kc_stocks.html HTTP/1.1" 200 16380
116.233.75.117 - - [11/Mar/2021:09:08:36 +0800] "GET /xingrg/javascript/easyui/themes/sunny/easyui.css HTTP/1.1" 200 34304
116.233.75.117 - - [11/Mar/2021:09:08:36 +0800] "GET /xingrg/javascript/easyui/themes/icons/print_new.png HTTP/1.1" 200 3580
116.233.75.117 - - [11/Mar/2021:09:08:36 +0800] "GET /xingrg/javascript/easyui/themes/icons/filter_new.png HTTP/1.1" 200 795
116.233.75.117 - - [11/Mar/2021:09:08:36 +0800] "GET /xingrg/javascript/easyui/themes/icons/refresh_new.png HTTP/1.1" 200 685
116.233.75.117 - - [11/Mar/2021:09:08:36 +0800] "GET /xingrg/javascript/easyui/plugins/jquery.draggable.js HTTP/1.1" 200 6121
116.233.75.117 - - [11/Mar/2021:09:08:36 +0800] "GET /xingrg/javascript/easyui/plugins/jquery.droppable.js HTTP/1.1" 200 1167
116.233.75.117 - - [11/Mar/2021:09:08:36 +0800] "GET /xingrg/javascript/easyui/themes/default/tree.css HTTP/1.1" 404 1090
116.233.75.117 - - [11/Mar/2021:09:08:36 +0800] "GET /xingrg/javascript/easyui/plugins/jquery.tree.js HTTP/1.1" 200 20874
116.233.75.117 - - [11/Mar/2021:09:08:36 +0800] "GET /xingrg/all/common/auto_word.html?type=base&rest_code=00109 HTTP/1.1" 200 1811
116.233.75.117 - - [11/Mar/2021:09:08:36 +0800] "POST /xingrg/all/common/load_tree.html?tree=materiel_sort_tree_json HTTP/1.1" 200 8666
114.88.166.193 - - [11/Mar/2021:09:08:36 +0800] "GET /xingrg/all/function/internal_message.html?_=1615424912548&CODE_STATE=getMsg HTTP/1.1" 200 27
116.233.75.117 - - [11/Mar/2021:09:08:36 +0800] "GET /xingrg/javascript/easyui/themes/sunny/images/tree_folder_open.gif HTTP/1.1" 200 956
116.233.75.117 - - [11/Mar/2021:09:08:36 +0800] "GET /xingrg/javascript/easyui/themes/sunny/images/tree_file.gif HTTP/1.1" 200 118
116.233.75.117 - - [11/Mar/2021:09:08:36 +0800] "GET /xingrg/javascript/easyui/themes/sunny/images/tree_folder.gif HTTP/1.1" 200 952
116.233.75.117 - - [11/Mar/2021:09:08:36 +0800] "GET /xingrg/javascript/easyui/themes/sunny/images/tree_arrows.gif HTTP/1.1" 200 617
180.174.195.252 - - [11/Mar/2021:09:08:37 +0800] "GET /xingrg/all/function/internal_message.html?_=1615425176561&CODE_STATE=getMsg HTTP/1.1" 200 27
180.169.147.146 - - [11/Mar/2021:09:08:37 +0800] "GET /xingrg/all/function/internal_message.html?_=1615424921592&CODE_STATE=getMsg HTTP/1.1" 200 27
116.233.75.117 - - [11/Mar/2021:09:08:45 +0800] "POST /xingrg/kc/base/stock_operate.html HTTP/1.1" 200 1676
116.233.75.117 - - [11/Mar/2021:09:08:45 +0800] "GET /xingrg/javascript/jquery_tools/fix_table.js HTTP/1.1" 200 6528
180.169.147.146 - - [11/Mar/2021:09:08:45 +0800] "GET /xingrg/all/function/internal_message.html?_=1615424914154&CODE_STATE=getMsg HTTP/1.1" 200 27
222.70.216.220 - - [11/Mar/2021:09:08:45 +0800] "GET /xingrg/all/function/internal_message.html?_=1615424920823&CODE_STATE=getMsg HTTP/1.1" 200 27
116.233.75.117 - - [11/Mar/2021:09:08:47 +0800] "GET /xingrg/kc/base/stock_detail.html?m=00101001050 HTTP/1.1" 200 7319
116.233.75.117 - - [11/Mar/2021:09:08:47 +0800] "GET /xingrg/javascript/jquery_easy_ui/themes/default/images/calendar_nextmonth.gif HTTP/1.1" 200 64
116.233.75.117 - - [11/Mar/2021:09:08:47 +0800] "GET /xingrg/javascript/jquery_easy_ui/themes/default/images/calendar_prevyear.gif HTTP/1.1" 200 76
116.233.75.117 - - [11/Mar/2021:09:08:47 +0800] "GET /xingrg/javascript/jquery_easy_ui/themes/default/images/calendar_prevmonth.gif HTTP/1.1" 200 66
116.233.75.117 - - [11/Mar/2021:09:08:47 +0800] "GET /xingrg/javascript/jquery_easy_ui/themes/default/images/calendar_nextyear.gif HTTP/1.1" 200 75
116.233.75.117 - - [11/Mar/2021:09:08:47 +0800] "GET /xingrg/javascript/jquery_easy_ui/themes/default/images/button_span_bg.gif HTTP/1.1" 200 2061
116.233.75.117 - - [11/Mar/2021:09:08:47 +0800] "GET /xingrg/javascript/jquery_easy_ui/themes/icons/search.png HTTP/1.1" 200 813
116.233.75.117 - - [11/Mar/2021:09:08:51 +0800] "GET /xingrg/kc/base/stock_operate.html?_=1615424929040&command=get_report_file&start_day=20210301 HTTP/1.1" 200 53
116.233.75.117 - - [11/Mar/2021:09:08:51 +0800] "GET /xingrg/all/report/report_query.html?isQuery=1&onlyBody=1&rh=2000&fileName=kc/base/kc_stock_detail_new.xml&queryString=(1=1)&queryText=&tableQueryString=init_table$sp1$$sp$crk_table$sp1$order_day%20between%2020210301%20and%2020210331&varString=start_day:20210301,materiel_code:00101001050,cost_id:3043,end_date:20210228 HTTP/1.1" 200 48701
116.233.75.117 - - [11/Mar/2021:09:08:51 +0800] "GET /xingrg/dwr/interface/AjaxReportQueryService.js HTTP/1.1" 200 13203
116.233.75.117 - - [11/Mar/2021:09:08:51 +0800] "GET /xingrg/dwr/engine.js HTTP/1.1" 200 43631
116.233.75.117 - - [11/Mar/2021:09:08:53 +0800] "POST /xingrg/all/report/load_report_page.html HTTP/1.1" 200 25158
116.233.75.117 - - [11/Mar/2021:09:08:53 +0800] "GET /xingrg/servlets/image?cache=0.04857014051371178&image=px HTTP/1.1" 200 807
180.169.147.146 - - [11/Mar/2021:09:08:54 +0800] "GET /xingrg/all/function/internal_message.html?_=1615424928315&CODE_STATE=getMsg HTTP/1.1" 200 27
116.233.75.117 - - [11/Mar/2021:09:09:00 +0800] "GET /xingrg/kc/base/base_main.html HTTP/1.1" 200 12142
58.37.230.33 - - [11/Mar/2021:09:09:01 +0800] "GET /xingrg/all/function/internal_message.html?_=1615424941533&CODE_STATE=getMsg HTTP/1.1" 302 -
116.233.75.117 - - [11/Mar/2021:09:09:02 +0800] "GET /xingrg/kc/base/yddb_order_list.html HTTP/1.1" 200 16945
116.233.75.117 - - [11/Mar/2021:09:09:02 +0800] "POST /xingrg/kc/base/yddb_list_operate.html HTTP/1.1" 200 1335
116.233.75.117 - - [11/Mar/2021:09:09:04 +0800] "POST /xingrg/kc/base/yddb_list_operate.html HTTP/1.1" 200 199
116.233.75.117 - - [11/Mar/2021:09:09:04 +0800] "GET /xingrg/dwr/interface/AjaxYddbService.js HTTP/1.1" 200 13201
116.233.75.117 - - [11/Mar/2021:09:09:04 +0800] "GET /xingrg/dwr/interface/AjaxComOrderService.js HTTP/1.1" 200 18264
116.233.75.117 - - [11/Mar/2021:09:09:04 +0800] "GET /xingrg/kc/base/yddb_order_info.html?code=482021031100076 HTTP/1.1" 200 31318
116.233.75.117 - - [11/Mar/2021:09:09:05 +0800] "GET /xingrg/dwr/engine.js HTTP/1.1" 200 43631
116.233.75.117 - - [11/Mar/2021:09:09:05 +0800] "POST /xingrg/dwr/call/plaincall/AjaxYddbService.loadMaterielItems.dwr HTTP/1.1" 200 391
222.70.216.220 - - [11/Mar/2021:09:09:06 +0800] "GET /xingrg/check_reg.html?_=1615424941884 HTTP/1.1" 200 22
222.69.139.141 - - [11/Mar/2021:09:09:07 +0800] "GET /xingrg/all/function/internal_message.html?_=1615424944633&CODE_STATE=getMsg HTTP/1.1" 200 27
180.169.147.146 - - [11/Mar/2021:09:09:08 +0800] "GET /xingrg/all/function/internal_message.html?_=1615424948480&CODE_STATE=getMsg HTTP/1.1" 200 27
58.40.7.146 - - [11/Mar/2021:09:09:10 +0800] "GET /xingrg/all/function/internal_message.html?_=1615424947666&CODE_STATE=getMsg HTTP/1.1" 302 -
116.233.75.117 - - [11/Mar/2021:09:09:10 +0800] "POST /xingrg/dwr/call/plaincall/AjaxYddbService.saveMaterielItem.dwr HTTP/1.1" 200 78
116.235.216.75 - - [11/Mar/2021:09:09:10 +0800] "GET /xingrg/all/function/internal_message.html?_=1615424947808&CODE_STATE=getMsg HTTP/1.1" 200 27
117.185.32.26 - - [11/Mar/2021:09:09:11 +0800] "GET /xingrg/all/function/internal_message.html?_=1615425450898&CODE_STATE=getMsg HTTP/1.1" 200 27
61.165.42.208 - - [11/Mar/2021:09:09:11 +0800] "GET /xingrg/check_reg.html?_=1615424951978 HTTP/1.1" 200 22
61.165.42.208 - - [11/Mar/2021:09:09:11 +0800] "GET /xingrg/all/function/internal_message.html?_=1615424951981&CODE_STATE=getMsg HTTP/1.1" 200 27
61.165.42.208 - - [11/Mar/2021:09:09:12 +0800] "GET /xingrg/all/function/internal_message.html?_=1615424934723&CODE_STATE=getMsg HTTP/1.1" 302 -
61.165.42.208 - - [11/Mar/2021:09:09:12 +0800] "GET /xingrg/check_reg.html?_=1615424934726 HTTP/1.1" 302 -
116.224.253.72 - - [11/Mar/2021:09:09:16 +0800] "GET /xingrg/all/function/internal_message.html?_=1615424959029&CODE_STATE=getMsg HTTP/1.1" 200 27
180.169.147.146 - - [11/Mar/2021:09:09:16 +0800] "GET /xingrg/check_reg.html?_=1615424949831 HTTP/1.1" 200 22
114.86.187.76 - - [11/Mar/2021:09:09:26 +0800] "GET /xingrg/all/function/internal_message.html?_=1615424969175&CODE_STATE=getMsg HTTP/1.1" 200 27
116.235.216.75 - - [11/Mar/2021:09:09:28 +0800] "GET /xingrg/javascript/easyui/themes/default/tree.css HTTP/1.1" 404 1090
116.233.75.117 - - [11/Mar/2021:09:09:28 +0800] "POST /xingrg/dwr/call/plaincall/AjaxYddbService.checkOrder.dwr HTTP/1.1" 200 78
116.235.216.75 - - [11/Mar/2021:09:09:28 +0800] "POST /xingrg/all/common/load_tree.html?tree=supplier_tree_json&isDelete=1 HTTP/1.1" 200 54827
58.221.95.50 - - [11/Mar/2021:09:09:29 +0800] "GET /xingrg/all/function/internal_message.html?_=1615424968566&CODE_STATE=getMsg HTTP/1.1" 200 27
222.69.139.141 - - [11/Mar/2021:09:09:29 +0800] "GET /xingrg/all/function/internal_message.html?_=1615424955453&CODE_STATE=getMsg HTTP/1.1" 302 -
222.69.139.141 - - [11/Mar/2021:09:09:29 +0800] "GET /xingrg/check_reg.html?_=1615424955460 HTTP/1.1" 302 -
222.70.216.220 - - [11/Mar/2021:09:09:31 +0800] "GET /xingrg/all/function/internal_message.html?_=1615424966791&CODE_STATE=getMsg HTTP/1.1" 200 27
101.228.165.174 - - [11/Mar/2021:09:09:32 +0800] "GET /xingrg/all/function/internal_message.html?_=1615425013948&CODE_STATE=getMsg HTTP/1.1" 200 27
