116.224.253.72 - - [11/Mar/2021:05:53:12 +0800] "GET /xingrg/all/function/internal_message.html?_=1615413152038&CODE_STATE=getMsg HTTP/1.1" 200 27
116.224.253.72 - - [11/Mar/2021:05:53:19 +0800] "GET /xingrg/all/function/internal_message.html?_=1615413202195&CODE_STATE=getMsg HTTP/1.1" 200 27
101.228.165.174 - - [11/Mar/2021:05:53:21 +0800] "GET /xingrg/all/function/internal_message.html?_=1615413241821&CODE_STATE=getMsg HTTP/1.1" 200 27
222.70.216.220 - - [11/Mar/2021:05:53:31 +0800] "GET /xingrg/check_reg.html?_=1615413206782 HTTP/1.1" 200 22
222.70.216.220 - - [11/Mar/2021:05:53:31 +0800] "GET /xingrg/all/function/internal_message.html?_=1615413206784&CODE_STATE=getMsg HTTP/1.1" 200 27
116.224.253.72 - - [11/Mar/2021:05:53:33 +0800] "GET /xingrg/check_reg.html?_=1615413216517 HTTP/1.1" 200 22
180.169.147.146 - - [11/Mar/2021:05:53:37 +0800] "GET /xingrg/all/function/internal_message.html?_=1615413221193&CODE_STATE=getMsg HTTP/1.1" 200 27
222.70.216.220 - - [11/Mar/2021:05:53:38 +0800] "GET /xingrg/all/function/internal_message.html?_=1615413214587&CODE_STATE=getMsg HTTP/1.1" 200 27
222.70.216.220 - - [11/Mar/2021:05:53:38 +0800] "GET /xingrg/check_reg.html?_=1615413214590 HTTP/1.1" 200 22
180.169.147.146 - - [11/Mar/2021:05:53:45 +0800] "GET /xingrg/all/function/internal_message.html?_=1615413214149&CODE_STATE=getMsg HTTP/1.1" 200 27
120.253.135.82 - - [11/Mar/2021:05:53:45 +0800] "GET /xingrg/login.html HTTP/1.1" 200 7641
120.253.135.82 - - [11/Mar/2021:05:53:45 +0800] "GET /xingrg/images/blue/jxLogo.png HTTP/1.1" 304 -
120.253.135.82 - - [11/Mar/2021:05:53:45 +0800] "GET /xingrg/images/blue/login_bg.png HTTP/1.1" 304 -
120.253.135.82 - - [11/Mar/2021:05:53:45 +0800] "GET /xingrg/images/blue/hj.png HTTP/1.1" 304 -
120.253.135.82 - - [11/Mar/2021:05:53:46 +0800] "GET /xingrg/images/blue/srbg.png HTTP/1.1" 304 -
120.253.135.82 - - [11/Mar/2021:05:53:46 +0800] "GET /favicon.ico HTTP/1.1" 404 -
120.253.135.82 - - [11/Mar/2021:05:53:51 +0800] "POST /xingrg/login.do HTTP/1.1" 302 -
120.253.135.82 - - [11/Mar/2021:05:53:51 +0800] "GET /xingrg/index.html?sysBaseUrl=http%3A%2F%2F180.169.147.146%3A18081%2Fxingrg%2F&costTime=41×tamp=1615413231205 HTTP/1.1" 200 17173
120.253.135.82 - - [11/Mar/2021:05:53:51 +0800] "GET /xingrg/javascript/jquery_easy_ui/themes/default/easyui.css HTTP/1.1" 304 -
120.253.135.82 - - [11/Mar/2021:05:53:51 +0800] "GET /xingrg/javascript/jquery_easy_ui/themes/icon.css HTTP/1.1" 304 -
120.253.135.82 - - [11/Mar/2021:05:53:51 +0800] "GET /xingrg/css/form.css HTTP/1.1" 304 -
120.253.135.82 - - [11/Mar/2021:05:53:51 +0800] "GET /xingrg/javascript/jquery-1.4.2.min.js HTTP/1.1" 304 -
120.253.135.82 - - [11/Mar/2021:05:53:51 +0800] "GET /xingrg/javascript/jquery_easy_ui/jquery.easyui.min.js HTTP/1.1" 304 -
120.253.135.82 - - [11/Mar/2021:05:53:51 +0800] "GET /xingrg/javascript/jquery_easy_ui/easyui-lang-zh_CN.js HTTP/1.1" 304 -
120.253.135.82 - - [11/Mar/2021:05:53:51 +0800] "GET /xingrg/javascript/jquery.utils.js HTTP/1.1" 304 -
120.253.135.82 - - [11/Mar/2021:05:53:51 +0800] "GET /xingrg/javascript/jquery.form.js HTTP/1.1" 304 -
120.253.135.82 - - [11/Mar/2021:05:53:51 +0800] "GET /xingrg/javascript/jquery.timers.js HTTP/1.1" 304 -
120.253.135.82 - - [11/Mar/2021:05:53:51 +0800] "GET /xingrg/images/blue/navBackgound.jpg HTTP/1.1" 304 -
120.253.135.82 - - [11/Mar/2021:05:53:51 +0800] "GET /xingrg/javascript/jquery_easy_ui/themes/icons/settle_new.png HTTP/1.1" 304 -
120.253.135.82 - - [11/Mar/2021:05:53:51 +0800] "GET /xingrg/images/blue/pingpu.png HTTP/1.1" 304 -
120.253.135.82 - - [11/Mar/2021:05:53:51 +0800] "GET /xingrg/javascript/jquery_easy_ui/themes/default/images/tabs_rightarrow.png HTTP/1.1" 304 -
120.253.135.82 - - [11/Mar/2021:05:53:51 +0800] "POST /xingrg/all/common/load_tree.html?tree=area_rest_tree_json&manage=1 HTTP/1.1" 200 344
120.253.135.82 - - [11/Mar/2021:05:53:51 +0800] "GET /xingrg/javascript/jquery_easy_ui/themes/default/images/tabs_leftarrow.png HTTP/1.1" 304 -
120.253.135.82 - - [11/Mar/2021:05:53:51 +0800] "GET /xingrg/javascript/jquery_easy_ui/themes/default/images/panel_tool_collapse.gif HTTP/1.1" 304 -
120.253.135.82 - - [11/Mar/2021:05:53:51 +0800] "GET /xingrg/all/function/internal_message.html?_=1615412999876&CODE_STATE=count HTTP/1.1" 200 11
120.253.135.82 - - [11/Mar/2021:05:53:51 +0800] "GET /xingrg/check_reg.html?_=1615412999877 HTTP/1.1" 200 22
120.253.135.82 - - [11/Mar/2021:05:53:51 +0800] "GET /favicon.ico HTTP/1.1" 404 -
120.253.135.82 - - [11/Mar/2021:05:53:51 +0800] "GET /xingrg/javascript/jquery_easy_ui/themes/default/images/tree_arrows.gif HTTP/1.1" 304 -
120.253.135.82 - - [11/Mar/2021:05:53:51 +0800] "POST /xingrg/load_menu.html HTTP/1.1" 200 6743
120.253.135.82 - - [11/Mar/2021:05:53:52 +0800] "GET /xingrg/javascript/jquery_easy_ui/themes/default/images/tree_folder_open.gif HTTP/1.1" 304 -
120.253.135.82 - - [11/Mar/2021:05:53:52 +0800] "GET /xingrg/javascript/jquery_easy_ui/themes/icons/search_new.png HTTP/1.1" 304 -
120.253.135.82 - - [11/Mar/2021:05:53:52 +0800] "GET /xingrg/javascript/jquery_easy_ui/themes/icons/storage_new.png HTTP/1.1" 304 -
120.253.135.82 - - [11/Mar/2021:05:53:52 +0800] "GET /xingrg/javascript/jquery_easy_ui/themes/icons/forms_new.png HTTP/1.1" 304 -
120.253.135.82 - - [11/Mar/2021:05:53:52 +0800] "GET /xingrg/javascript/jquery_easy_ui/themes/icons/delivery_new.png HTTP/1.1" 304 -
120.253.135.82 - - [11/Mar/2021:05:53:52 +0800] "GET /xingrg/javascript/jquery_easy_ui/themes/default/images/tree_file.gif HTTP/1.1" 304 -
120.253.135.82 - - [11/Mar/2021:05:53:52 +0800] "GET /xingrg/javascript/jquery_easy_ui/themes/default/images/tree_folder.gif HTTP/1.1" 304 -
120.253.135.82 - - [11/Mar/2021:05:53:57 +0800] "GET /xingrg/javascript/jquery_easy_ui/themes/default/images/tabs_close.gif HTTP/1.1" 304 -
120.253.135.82 - - [11/Mar/2021:05:53:57 +0800] "GET /xingrg/kc/pszx/mdqp_order_list.html?state=10 HTTP/1.1" 200 16315
120.253.135.82 - - [11/Mar/2021:05:53:57 +0800] "GET /xingrg/css/blue.css HTTP/1.1" 304 -
120.253.135.82 - - [11/Mar/2021:05:53:57 +0800] "GET /xingrg/javascript/pic_change.js HTTP/1.1" 304 -
120.253.135.82 - - [11/Mar/2021:05:53:57 +0800] "GET /xingrg/dwr/interface/AjaxQqpsService.js HTTP/1.1" 200 16326
120.253.135.82 - - [11/Mar/2021:05:53:57 +0800] "GET /xingrg/dwr/util.js HTTP/1.1" 304 -
120.253.135.82 - - [11/Mar/2021:05:53:57 +0800] "GET /xingrg/dwr/interface/AjaxReportQueryService.js HTTP/1.1" 200 13203
120.253.135.82 - - [11/Mar/2021:05:53:57 +0800] "GET /xingrg/javascript/Calendar.js HTTP/1.1" 304 -
120.253.135.82 - - [11/Mar/2021:05:53:57 +0800] "GET /xingrg/dwr/engine.js HTTP/1.1" 200 43631
120.253.135.82 - - [11/Mar/2021:05:53:57 +0800] "GET /xingrg/javascript/myfunction.js HTTP/1.1" 304 -
120.253.135.82 - - [11/Mar/2021:05:53:57 +0800] "GET /xingrg/javascript/jquery_easy_ui/themes/icons/check_new.png HTTP/1.1" 304 -
120.253.135.82 - - [11/Mar/2021:05:53:57 +0800] "GET /xingrg/javascript/jquery_easy_ui/themes/icons/back_new.png HTTP/1.1" 304 -
120.253.135.82 - - [11/Mar/2021:05:53:57 +0800] "GET /xingrg/javascript/jquery_easy_ui/themes/icons/uncheck_new.png HTTP/1.1" 304 -
180.169.147.146 - - [11/Mar/2021:05:53:59 +0800] "GET /xingrg/all/function/internal_message.html?_=1615413233051&CODE_STATE=getMsg HTTP/1.1" 200 27
120.253.135.82 - - [11/Mar/2021:05:54:04 +0800] "GET /xingrg/kc/pszx/mdqp_order_list.html?state=10&page_num=2 HTTP/1.1" 200 14372
120.253.135.82 - - [11/Mar/2021:05:54:04 +0800] "GET /xingrg/dwr/interface/AjaxQqpsService.js HTTP/1.1" 200 16326
120.253.135.82 - - [11/Mar/2021:05:54:04 +0800] "GET /xingrg/dwr/interface/AjaxReportQueryService.js HTTP/1.1" 200 13203
120.253.135.82 - - [11/Mar/2021:05:54:04 +0800] "GET /xingrg/dwr/engine.js HTTP/1.1" 200 43631
58.37.230.33 - - [11/Mar/2021:05:54:05 +0800] "GET /xingrg/all/function/internal_message.html?_=1615413245981&CODE_STATE=getMsg HTTP/1.1" 302 -
222.70.216.220 - - [11/Mar/2021:05:54:07 +0800] "GET /xingrg/check_reg.html?_=1615413242720 HTTP/1.1" 200 22
58.40.7.146 - - [11/Mar/2021:05:54:10 +0800] "GET /xingrg/all/function/internal_message.html?_=1615413247512&CODE_STATE=getMsg HTTP/1.1" 302 -
120.253.135.82 - - [11/Mar/2021:05:54:11 +0800] "GET /xingrg/kc/pszx/mdqp_order_info.html?code=302021031000202 HTTP/1.1" 200 13338
120.253.135.82 - - [11/Mar/2021:05:54:12 +0800] "GET /xingrg/javascript/auto/jquery.autocomplete.js HTTP/1.1" 304 -
120.253.135.82 - - [11/Mar/2021:05:54:12 +0800] "GET /xingrg/javascript/tools/jquery.qtip-1.0.0-rc3.min.js HTTP/1.1" 304 -
120.253.135.82 - - [11/Mar/2021:05:54:12 +0800] "GET /xingrg/javascript/checkform.js HTTP/1.1" 304 -
120.253.135.82 - - [11/Mar/2021:05:54:12 +0800] "GET /xingrg/javascript/AjaxInfoList.js HTTP/1.1" 304 -
120.253.135.82 - - [11/Mar/2021:05:54:12 +0800] "GET /xingrg/javascript/Grid.js HTTP/1.1" 304 -
120.253.135.82 - - [11/Mar/2021:05:54:12 +0800] "GET /xingrg/dwr/interface/AjaxComOrderService.js HTTP/1.1" 200 18264
120.253.135.82 - - [11/Mar/2021:05:54:12 +0800] "GET /xingrg/dwr/interface/AjaxQqpsService.js HTTP/1.1" 200 16326
120.253.135.82 - - [11/Mar/2021:05:54:12 +0800] "GET /xingrg/javascript/ToolTips.js HTTP/1.1" 304 -
120.253.135.82 - - [11/Mar/2021:05:54:12 +0800] "GET /xingrg/dwr/engine.js HTTP/1.1" 200 43631
120.253.135.82 - - [11/Mar/2021:05:54:12 +0800] "GET /xingrg/javascript/print/kc_print.js HTTP/1.1" 304 -
120.253.135.82 - - [11/Mar/2021:05:54:12 +0800] "GET /xingrg/javascript/print/LodopFuncs.js HTTP/1.1" 304 -
120.253.135.82 - - [11/Mar/2021:05:54:12 +0800] "GET /xingrg/javascript/jquery_easy_ui/themes/icons/print.png HTTP/1.1" 304 -
120.253.135.82 - - [11/Mar/2021:05:54:12 +0800] "GET /xingrg/javascript/jquery_easy_ui/themes/default/images/menu_downarrow.png HTTP/1.1" 304 -
120.253.135.82 - - [11/Mar/2021:05:54:12 +0800] "GET /xingrg/images/blue/button/kc_tab_edit.gif HTTP/1.1" 304 -
120.253.135.82 - - [11/Mar/2021:05:54:12 +0800] "GET /xingrg/images/blue/button/kc_tab_save.gif HTTP/1.1" 304 -
120.253.135.82 - - [11/Mar/2021:05:54:12 +0800] "GET /xingrg/images/blue/kc_tab_left.gif HTTP/1.1" 304 -
120.253.135.82 - - [11/Mar/2021:05:54:12 +0800] "GET /xingrg/images/blue/kc_tab_mid.gif HTTP/1.1" 304 -
120.253.135.82 - - [11/Mar/2021:05:54:12 +0800] "GET /xingrg/images/blue/kc_tab_right.gif HTTP/1.1" 304 -
120.253.135.82 - - [11/Mar/2021:05:54:12 +0800] "GET /xingrg/images/blue/kc_tab2_left.gif HTTP/1.1" 304 -
120.253.135.82 - - [11/Mar/2021:05:54:12 +0800] "GET /xingrg/images/blue/kc_tab2_right.gif HTTP/1.1" 304 -
120.253.135.82 - - [11/Mar/2021:05:54:12 +0800] "GET /xingrg/images/blue/wait.gif HTTP/1.1" 304 -
120.253.135.82 - - [11/Mar/2021:05:54:12 +0800] "POST /xingrg/dwr/call/plaincall/AjaxQqpsService.loadMaterielItems.dwr HTTP/1.1" 200 977
116.224.253.72 - - [11/Mar/2021:05:54:12 +0800] "GET /xingrg/all/function/internal_message.html?_=1615413212064&CODE_STATE=getMsg HTTP/1.1" 200 27
180.169.147.146 - - [11/Mar/2021:05:54:17 +0800] "GET /xingrg/check_reg.html?_=1615413250687 HTTP/1.1" 200 22
116.224.253.72 - - [11/Mar/2021:05:54:19 +0800] "GET /xingrg/all/function/internal_message.html?_=1615413262173&CODE_STATE=getMsg HTTP/1.1" 200 27
120.253.135.82 - - [11/Mar/2021:05:54:20 +0800] "GET /xingrg/images/yd/bt.gif HTTP/1.1" 404 1040
120.253.135.82 - - [11/Mar/2021:05:54:20 +0800] "GET /xingrg/images/yd/bt2.gif HTTP/1.1" 404 1042
101.228.165.174 - - [11/Mar/2021:05:54:21 +0800] "GET /xingrg/all/function/internal_message.html?_=1615413301983&CODE_STATE=getMsg HTTP/1.1" 200 27
120.253.135.82 - - [11/Mar/2021:05:54:24 +0800] "GET /xingrg/javascript/jquery_easy_ui/themes/default/images/button_plain_hover.png HTTP/1.1" 304 -
120.253.135.82 - - [11/Mar/2021:05:54:25 +0800] "GET /xingrg/kc/pszx/mdqp_order_list.html?isBack=1 HTTP/1.1" 302 -
120.253.135.82 - - [11/Mar/2021:05:54:25 +0800] "GET /xingrg/kc/pszx/mdqp_order_list.html?state=10&page_num=2 HTTP/1.1" 200 14372
120.253.135.82 - - [11/Mar/2021:05:54:25 +0800] "GET /xingrg/dwr/interface/AjaxQqpsService.js HTTP/1.1" 200 16326
120.253.135.82 - - [11/Mar/2021:05:54:25 +0800] "GET /xingrg/dwr/interface/AjaxReportQueryService.js HTTP/1.1" 200 13203
120.253.135.82 - - [11/Mar/2021:05:54:25 +0800] "GET /xingrg/dwr/engine.js HTTP/1.1" 200 43631
120.253.135.82 - - [11/Mar/2021:05:54:27 +0800] "GET /xingrg/kc/pszx/mdqp_order_info.html?code=302021031000204 HTTP/1.1" 200 13338
120.253.135.82 - - [11/Mar/2021:05:54:27 +0800] "GET /xingrg/dwr/interface/AjaxComOrderService.js HTTP/1.1" 200 18264
120.253.135.82 - - [11/Mar/2021:05:54:27 +0800] "GET /xingrg/dwr/interface/AjaxQqpsService.js HTTP/1.1" 200 16326
120.253.135.82 - - [11/Mar/2021:05:54:27 +0800] "GET /xingrg/dwr/engine.js HTTP/1.1" 200 43631
120.253.135.82 - - [11/Mar/2021:05:54:27 +0800] "POST /xingrg/dwr/call/plaincall/AjaxQqpsService.loadMaterielItems.dwr HTTP/1.1" 200 3229
222.70.216.220 - - [11/Mar/2021:05:54:31 +0800] "GET /xingrg/all/function/internal_message.html?_=1615413266785&CODE_STATE=getMsg HTTP/1.1" 200 27
120.253.135.82 - - [11/Mar/2021:05:54:34 +0800] "GET /xingrg/images/yd/bt.gif HTTP/1.1" 404 1040
120.253.135.82 - - [11/Mar/2021:05:54:34 +0800] "GET /xingrg/images/yd/bt2.gif HTTP/1.1" 404 1042
120.253.135.82 - - [11/Mar/2021:05:54:35 +0800] "GET /xingrg/kc/pszx/mdqp_order_list.html?isBack=1 HTTP/1.1" 302 -
120.253.135.82 - - [11/Mar/2021:05:54:35 +0800] "GET /xingrg/kc/pszx/mdqp_order_list.html?state=10&page_num=2 HTTP/1.1" 200 14372
120.253.135.82 - - [11/Mar/2021:05:54:35 +0800] "GET /xingrg/dwr/interface/AjaxQqpsService.js HTTP/1.1" 200 16326
120.253.135.82 - - [11/Mar/2021:05:54:35 +0800] "GET /xingrg/dwr/interface/AjaxReportQueryService.js HTTP/1.1" 200 13203
120.253.135.82 - - [11/Mar/2021:05:54:35 +0800] "GET /xingrg/dwr/engine.js HTTP/1.1" 200 43631
120.253.135.82 - - [11/Mar/2021:05:54:35 +0800] "GET /xingrg/javascript/jquery_easy_ui/themes/icons/area.png HTTP/1.1" 304 -
120.253.135.82 - - [11/Mar/2021:05:54:35 +0800] "GET /xingrg/javascript/jquery_easy_ui/themes/icons/manage.png HTTP/1.1" 304 -
180.169.147.146 - - [11/Mar/2021:05:54:37 +0800] "GET /xingrg/all/function/internal_message.html?_=1615413281193&CODE_STATE=getMsg HTTP/1.1" 200 27
120.253.135.82 - - [11/Mar/2021:05:54:38 +0800] "GET /xingrg/kc/pszx/mdqp_order_info.html?code=302021031000191 HTTP/1.1" 200 13350
120.253.135.82 - - [11/Mar/2021:05:54:38 +0800] "GET /xingrg/dwr/interface/AjaxComOrderService.js HTTP/1.1" 200 18264
120.253.135.82 - - [11/Mar/2021:05:54:38 +0800] "GET /xingrg/dwr/interface/AjaxQqpsService.js HTTP/1.1" 200 16326
120.253.135.82 - - [11/Mar/2021:05:54:38 +0800] "GET /xingrg/dwr/engine.js HTTP/1.1" 200 43631
120.253.135.82 - - [11/Mar/2021:05:54:38 +0800] "POST /xingrg/dwr/call/plaincall/AjaxQqpsService.loadMaterielItems.dwr HTTP/1.1" 200 5972
222.70.216.220 - - [11/Mar/2021:05:54:38 +0800] "GET /xingrg/all/function/internal_message.html?_=1615413274575&CODE_STATE=getMsg HTTP/1.1" 200 27
101.228.165.174 - - [11/Mar/2021:05:54:40 +0800] "GET /xingrg/check_reg.html?_=1615413321133 HTTP/1.1" 200 22
180.169.147.146 - - [11/Mar/2021:05:54:45 +0800] "GET /xingrg/check_reg.html?_=1615413274151 HTTP/1.1" 200 22
180.169.147.146 - - [11/Mar/2021:05:54:45 +0800] "GET /xingrg/all/function/internal_message.html?_=1615413274152&CODE_STATE=getMsg HTTP/1.1" 200 27
120.253.135.82 - - [11/Mar/2021:05:54:49 +0800] "GET /xingrg/images/yd/bt.gif HTTP/1.1" 404 1040
120.253.135.82 - - [11/Mar/2021:05:54:49 +0800] "GET /xingrg/images/yd/bt2.gif HTTP/1.1" 404 1042
120.253.135.82 - - [11/Mar/2021:05:54:51 +0800] "GET /xingrg/all/function/internal_message.html?_=1615413059890&CODE_STATE=getMsg HTTP/1.1" 200 27
180.169.147.146 - - [11/Mar/2021:05:54:59 +0800] "GET /xingrg/all/function/internal_message.html?_=1615413293024&CODE_STATE=getMsg HTTP/1.1" 200 27
120.253.135.82 - - [11/Mar/2021:05:55:05 +0800] "GET /xingrg/kc/pszx/mdqp_order_list.html?isBack=1 HTTP/1.1" 302 -
120.253.135.82 - - [11/Mar/2021:05:55:05 +0800] "GET /xingrg/kc/pszx/mdqp_order_list.html?state=10&page_num=2 HTTP/1.1" 200 14372
120.253.135.82 - - [11/Mar/2021:05:55:05 +0800] "GET /xingrg/dwr/interface/AjaxReportQueryService.js HTTP/1.1" 200 13203
120.253.135.82 - - [11/Mar/2021:05:55:05 +0800] "GET /xingrg/dwr/interface/AjaxQqpsService.js HTTP/1.1" 200 16326
120.253.135.82 - - [11/Mar/2021:05:55:05 +0800] "GET /xingrg/dwr/engine.js HTTP/1.1" 200 43631
58.37.230.33 - - [11/Mar/2021:05:55:05 +0800] "GET /xingrg/all/function/internal_message.html?_=1615413305955&CODE_STATE=getMsg HTTP/1.1" 302 -
120.253.135.82 - - [11/Mar/2021:05:55:08 +0800] "GET /xingrg/kc/pszx/jzcl_ps.html HTTP/1.1" 200 7683
120.253.135.82 - - [11/Mar/2021:05:55:08 +0800] "GET /xingrg/javascript/step/step.css HTTP/1.1" 304 -
120.253.135.82 - - [11/Mar/2021:05:55:08 +0800] "GET /xingrg/css/table.css HTTP/1.1" 304 -
120.253.135.82 - - [11/Mar/2021:05:55:08 +0800] "GET /xingrg/javascript/step/images/navCurrentBtn.gif HTTP/1.1" 304 -
120.253.135.82 - - [11/Mar/2021:05:55:08 +0800] "GET /xingrg/javascript/jquery_easy_ui/themes/default/images/button_a_bg.gif HTTP/1.1" 304 -
120.253.135.82 - - [11/Mar/2021:05:55:08 +0800] "GET /xingrg/javascript/jquery_easy_ui/themes/default/images/button_span_bg.gif HTTP/1.1" 304 -
120.253.135.82 - - [11/Mar/2021:05:55:08 +0800] "GET /xingrg/javascript/jquery_easy_ui/themes/icons/search.png HTTP/1.1" 304 -
120.253.135.82 - - [11/Mar/2021:05:55:08 +0800] "GET /xingrg/javascript/jquery_easy_ui/themes/default/images/combo_arrow_dot.gif HTTP/1.1" 304 -
120.253.135.82 - - [11/Mar/2021:05:55:08 +0800] "POST /xingrg/all/common/load_tree.html?tree=area_rest_tree_json HTTP/1.1" 200 3344
120.253.135.82 - - [11/Mar/2021:05:55:08 +0800] "GET /xingrg/javascript/jquery_easy_ui/themes/default/images/calendar_prevmonth.gif HTTP/1.1" 304 -
120.253.135.82 - - [11/Mar/2021:05:55:08 +0800] "GET /xingrg/javascript/jquery_easy_ui/themes/default/images/calendar_prevyear.gif HTTP/1.1" 304 -
120.253.135.82 - - [11/Mar/2021:05:55:08 +0800] "GET /xingrg/javascript/jquery_easy_ui/themes/default/images/calendar_nextyear.gif HTTP/1.1" 304 -
120.253.135.82 - - [11/Mar/2021:05:55:08 +0800] "GET /xingrg/javascript/jquery_easy_ui/themes/default/images/calendar_nextmonth.gif HTTP/1.1" 304 -
58.37.230.33 - - [11/Mar/2021:05:55:08 +0800] "GET /xingrg/check_reg.html?_=1615413308811 HTTP/1.1" 302 -
120.253.135.82 - - [11/Mar/2021:05:55:08 +0800] "GET /xingrg/images/control/ajaxLoader.gif HTTP/1.1" 304 -
120.253.135.82 - - [11/Mar/2021:05:55:08 +0800] "GET /xingrg/javascript/jquery_easy_ui/themes/default/images/datagrid_header_bg.gif HTTP/1.1" 304 -
120.253.135.82 - - [11/Mar/2021:05:55:08 +0800] "GET /xingrg/javascript/jquery_easy_ui/themes/default/images/pagination_loading.gif HTTP/1.1" 304 -
120.253.135.82 - - [11/Mar/2021:05:55:09 +0800] "GET /xingrg/javascript/jquery_easy_ui/themes/default/images/tree_checkbox_0.gif HTTP/1.1" 304 -
120.253.135.82 - - [11/Mar/2021:05:55:09 +0800] "POST /xingrg/kc/pszx/jzcl_ps_operate.html HTTP/1.1" 200 10486
120.253.135.82 - - [11/Mar/2021:05:55:09 +0800] "POST /xingrg/kc/pszx/jzcl_ps_operate.html HTTP/1.1" 200 10486
120.253.135.82 - - [11/Mar/2021:05:55:09 +0800] "GET /xingrg/javascript/jquery_easy_ui/themes/icons/rest.png HTTP/1.1" 304 -
58.40.7.146 - - [11/Mar/2021:05:55:10 +0800] "GET /xingrg/all/function/internal_message.html?_=1615413307516&CODE_STATE=getMsg HTTP/1.1" 302 -
116.224.253.72 - - [11/Mar/2021:05:55:12 +0800] "GET /xingrg/all/function/internal_message.html?_=1615413272065&CODE_STATE=getMsg HTTP/1.1" 200 27
116.224.253.72 - - [11/Mar/2021:05:55:19 +0800] "GET /xingrg/all/function/internal_message.html?_=1615413322157&CODE_STATE=getMsg HTTP/1.1" 200 27
101.228.165.174 - - [11/Mar/2021:05:55:21 +0800] "GET /xingrg/all/function/internal_message.html?_=1615413361987&CODE_STATE=getMsg HTTP/1.1" 200 27
222.70.216.220 - - [11/Mar/2021:05:55:31 +0800] "GET /xingrg/all/function/internal_message.html?_=1615413326787&CODE_STATE=getMsg HTTP/1.1" 200 27
180.169.147.146 - - [11/Mar/2021:05:55:37 +0800] "GET /xingrg/all/function/internal_message.html?_=1615413341202&CODE_STATE=getMsg HTTP/1.1" 200 27
222.70.216.220 - - [11/Mar/2021:05:55:38 +0800] "GET /xingrg/all/function/internal_message.html?_=1615413334579&CODE_STATE=getMsg HTTP/1.1" 200 27
120.253.135.82 - - [11/Mar/2021:05:55:40 +0800] "POST /xingrg/kc/pszx/jzcl_ps_operate.html HTTP/1.1" 200 4
120.253.135.82 - - [11/Mar/2021:05:55:41 +0800] "GET /xingrg/javascript/step/images/navBtn.gif HTTP/1.1" 200 361
120.253.135.82 - - [11/Mar/2021:05:55:41 +0800] "GET /xingrg/javascript/step/images/navDoneBtn.gif HTTP/1.1" 304 -
120.253.135.82 - - [11/Mar/2021:05:55:41 +0800] "GET /xingrg/javascript/step/images/navLastDoneBtn.gif HTTP/1.1" 304 -
120.253.135.82 - - [11/Mar/2021:05:55:42 +0800] "GET /xingrg/kc/pszx/mdps_order_list.html HTTP/1.1" 200 21153
120.253.135.82 - - [11/Mar/2021:05:55:42 +0800] "GET /xingrg/css/base.css HTTP/1.1" 304 -
120.253.135.82 - - [11/Mar/2021:05:55:42 +0800] "GET /xingrg/css/site.css HTTP/1.1" 304 -
120.253.135.82 - - [11/Mar/2021:05:55:42 +0800] "GET /xingrg/javascript/easyui/themes/default/easyui.css HTTP/1.1" 304 -
120.253.135.82 - - [11/Mar/2021:05:55:42 +0800] "GET /xingrg/javascript/easyui/themes/icon.css HTTP/1.1" 304 -
120.253.135.82 - - [11/Mar/2021:05:55:42 +0800] "GET /xingrg/javascript/jquery_tools/datebox.css HTTP/1.1" 304 -
120.253.135.82 - - [11/Mar/2021:05:55:42 +0800] "GET /xingrg/javascript/auto/jquery.autocomplete.css HTTP/1.1" 304 -
120.253.135.82 - - [11/Mar/2021:05:55:42 +0800] "GET /xingrg/javascript/jquery_tools/fix.css HTTP/1.1" 304 -
120.253.135.82 - - [11/Mar/2021:05:55:42 +0800] "GET /xingrg/javascript/jquery_tools/list_manager.js HTTP/1.1" 304 -
120.253.135.82 - - [11/Mar/2021:05:55:42 +0800] "GET /xingrg/javascript/easyui/easyloader.js HTTP/1.1" 304 -
120.253.135.82 - - [11/Mar/2021:05:55:42 +0800] "GET /xingrg/javascript/jquery_tools/jquery.tools.table.js HTTP/1.1" 304 -
120.253.135.82 - - [11/Mar/2021:05:55:42 +0800] "GET /xingrg/javascript/jquery.cookie.js HTTP/1.1" 304 -
120.253.135.82 - - [11/Mar/2021:05:55:42 +0800] "GET /xingrg/javascript/jquery_tools/table.css HTTP/1.1" 304 -
120.253.135.82 - - [11/Mar/2021:05:55:42 +0800] "GET /xingrg/javascript/jquery_tools/jquery.tools.min.js HTTP/1.1" 304 -
120.253.135.82 - - [11/Mar/2021:05:55:42 +0800] "GET /xingrg/javascript/jquery_tools/jquery.tools.extend.js HTTP/1.1" 304 -
120.253.135.82 - - [11/Mar/2021:05:55:42 +0800] "GET /xingrg/javascript/jquery_tools/jquery.tools.hotkey.js HTTP/1.1" 304 -
120.253.135.82 - - [11/Mar/2021:05:55:42 +0800] "GET /xingrg/javascript/easyui/themes/icons/edit_add_new.png HTTP/1.1" 304 -
120.253.135.82 - - [11/Mar/2021:05:55:42 +0800] "GET /xingrg/javascript/easyui/themes/icons/cance_new.png HTTP/1.1" 304 -
120.253.135.82 - - [11/Mar/2021:05:55:42 +0800] "GET /xingrg/javascript/easyui/themes/icons/field_new.png HTTP/1.1" 304 -
120.253.135.82 - - [11/Mar/2021:05:55:42 +0800] "GET /xingrg/javascript/easyui/themes/icons/uncheck_new.png HTTP/1.1" 304 -
120.253.135.82 - - [11/Mar/2021:05:55:42 +0800] "GET /xingrg/javascript/easyui/themes/icons/check_new.png HTTP/1.1" 304 -
120.253.135.82 - - [11/Mar/2021:05:55:42 +0800] "GET /xingrg/javascript/easyui/themes/icons/import_new.png HTTP/1.1" 304 -
120.253.135.82 - - [11/Mar/2021:05:55:42 +0800] "GET /xingrg/javascript/easyui/plugins/jquery.parser.js HTTP/1.1" 304 -
120.253.135.82 - - [11/Mar/2021:05:55:43 +0800] "POST /xingrg/kc/pszx/mdps_list_operate.html HTTP/1.1" 200 5316
180.169.147.146 - - [11/Mar/2021:05:55:45 +0800] "GET /xingrg/all/function/internal_message.html?_=1615413334153&CODE_STATE=getMsg HTTP/1.1" 200 27
120.253.135.82 - - [11/Mar/2021:05:55:46 +0800] "GET /xingrg/javascript/easyui/themes/default/images/button_plain_hover.png HTTP/1.1" 304 -
120.253.135.82 - - [11/Mar/2021:05:55:48 +0800] "GET /xingrg/dwr/interface/AjaxQqpsService.js HTTP/1.1" 200 16326
120.253.135.82 - - [11/Mar/2021:05:55:48 +0800] "GET /xingrg/dwr/interface/AjaxReportQueryService.js HTTP/1.1" 200 13203
120.253.135.82 - - [11/Mar/2021:05:55:48 +0800] "GET /xingrg/kc/pszx/mdqp_order_list.html?state=10 HTTP/1.1" 200 16315
120.253.135.82 - - [11/Mar/2021:05:55:48 +0800] "GET /xingrg/dwr/engine.js HTTP/1.1" 200 43631
120.253.135.82 - - [11/Mar/2021:05:55:51 +0800] "GET /xingrg/all/function/internal_message.html?_=1615413119904&CODE_STATE=getMsg HTTP/1.1" 200 27
172.20.0.100 - - [11/Mar/2021:05:55:54 +0800] "GET /xingrg/check_reg.html?_=1615413351548 HTTP/1.1" 302 -
120.253.135.82 - - [11/Mar/2021:05:55:55 +0800] "GET /xingrg/kc/pszx/mdqp_order_list.html?state=10&page_num=2 HTTP/1.1" 200 13171
120.253.135.82 - - [11/Mar/2021:05:55:55 +0800] "GET /xingrg/dwr/interface/AjaxQqpsService.js HTTP/1.1" 200 16326
120.253.135.82 - - [11/Mar/2021:05:55:55 +0800] "GET /xingrg/dwr/interface/AjaxReportQueryService.js HTTP/1.1" 200 13203
120.253.135.82 - - [11/Mar/2021:05:55:55 +0800] "GET /xingrg/dwr/engine.js HTTP/1.1" 200 43631
180.169.147.146 - - [11/Mar/2021:05:55:59 +0800] "GET /xingrg/all/function/internal_message.html?_=1615413352997&CODE_STATE=getMsg HTTP/1.1" 200 27
61.151.178.164 - - [11/Mar/2021:05:56:05 +0800] "GET /xingrg/all/function/internal_message.html?_=1615413305955&CODE_STATE=getMsg HTTP/1.1" 302 -
58.37.230.33 - - [11/Mar/2021:05:56:05 +0800] "GET /xingrg/all/function/internal_message.html?_=1615413365926&CODE_STATE=getMsg HTTP/1.1" 302 -
61.151.178.164 - - [11/Mar/2021:05:56:06 +0800] "GET /xingrg/login.html HTTP/1.1" 200 7641
120.253.135.82 - - [11/Mar/2021:05:56:08 +0800] "GET /xingrg/kc/pszx/mdqp_order_list.html?state=10 HTTP/1.1" 200 16315
120.253.135.82 - - [11/Mar/2021:05:56:08 +0800] "GET /xingrg/dwr/interface/AjaxQqpsService.js HTTP/1.1" 200 16326
120.253.135.82 - - [11/Mar/2021:05:56:08 +0800] "GET /xingrg/dwr/interface/AjaxReportQueryService.js HTTP/1.1" 200 13203
120.253.135.82 - - [11/Mar/2021:05:56:08 +0800] "GET /xingrg/dwr/engine.js HTTP/1.1" 200 43631
61.129.6.174 - - [11/Mar/2021:05:56:08 +0800] "GET /xingrg/check_reg.html?_=1615413308811 HTTP/1.1" 302 -
61.129.6.174 - - [11/Mar/2021:05:56:08 +0800] "GET /xingrg/login.html HTTP/1.1" 200 7641
58.40.7.146 - - [11/Mar/2021:05:56:10 +0800] "GET /xingrg/all/function/internal_message.html?_=1615413367505&CODE_STATE=getMsg HTTP/1.1" 302 -
116.224.253.72 - - [11/Mar/2021:05:56:12 +0800] "GET /xingrg/all/function/internal_message.html?_=1615413332094&CODE_STATE=getMsg HTTP/1.1" 200 27
120.253.135.82 - - [11/Mar/2021:05:56:13 +0800] "GET /xingrg/kc/pszx/mdqp_order_list.html?state=10&page_num=2 HTTP/1.1" 200 13171
120.253.135.82 - - [11/Mar/2021:05:56:13 +0800] "GET /xingrg/dwr/interface/AjaxQqpsService.js HTTP/1.1" 200 16326
120.253.135.82 - - [11/Mar/2021:05:56:13 +0800] "GET /xingrg/dwr/interface/AjaxReportQueryService.js HTTP/1.1" 200 13203
120.253.135.82 - - [11/Mar/2021:05:56:13 +0800] "GET /xingrg/dwr/engine.js HTTP/1.1" 200 43631
120.253.135.82 - - [11/Mar/2021:05:56:17 +0800] "GET /xingrg/kc/pszx/mdqp_order_list.html?state=10&page_num=1 HTTP/1.1" 200 16315
120.253.135.82 - - [11/Mar/2021:05:56:17 +0800] "GET /xingrg/dwr/interface/AjaxQqpsService.js HTTP/1.1" 200 16326
120.253.135.82 - - [11/Mar/2021:05:56:17 +0800] "GET /xingrg/dwr/interface/AjaxReportQueryService.js HTTP/1.1" 200 13203
120.253.135.82 - - [11/Mar/2021:05:56:17 +0800] "GET /xingrg/dwr/engine.js HTTP/1.1" 200 43631
116.224.253.72 - - [11/Mar/2021:05:56:19 +0800] "GET /xingrg/all/function/internal_message.html?_=1615413382147&CODE_STATE=getMsg HTTP/1.1" 200 27
101.228.165.174 - - [11/Mar/2021:05:56:21 +0800] "GET /xingrg/all/function/internal_message.html?_=1615413422001&CODE_STATE=getMsg HTTP/1.1" 200 27
120.253.135.82 - - [11/Mar/2021:05:56:27 +0800] "GET /xingrg/kc/pszx/mdps_order_list.html?orderType=0 HTTP/1.1" 200 21153
120.253.135.82 - - [11/Mar/2021:05:56:27 +0800] "POST /xingrg/kc/pszx/mdps_list_operate.html HTTP/1.1" 200 5316
120.253.135.82 - - [11/Mar/2021:05:56:30 +0800] "GET /xingrg/javascript/auto/indicator.gif HTTP/1.1" 404 1066
222.70.216.220 - - [11/Mar/2021:05:56:31 +0800] "GET /xingrg/all/function/internal_message.html?_=1615413386791&CODE_STATE=getMsg HTTP/1.1" 200 27
180.169.147.146 - - [11/Mar/2021:05:56:37 +0800] "GET /xingrg/all/function/internal_message.html?_=1615413401198&CODE_STATE=getMsg HTTP/1.1" 200 27
222.70.216.220 - - [11/Mar/2021:05:56:38 +0800] "GET /xingrg/all/function/internal_message.html?_=1615413394582&CODE_STATE=getMsg HTTP/1.1" 200 27
180.169.147.146 - - [11/Mar/2021:05:56:45 +0800] "GET /xingrg/all/function/internal_message.html?_=1615413394155&CODE_STATE=getMsg HTTP/1.1" 200 27
120.253.135.82 - - [11/Mar/2021:05:56:47 +0800] "POST /xingrg/kc/pszx/mdps_list_operate.html HTTP/1.1" 200 3508
120.253.135.82 - - [11/Mar/2021:05:56:51 +0800] "GET /xingrg/all/function/internal_message.html?_=1615413179918&CODE_STATE=getMsg HTTP/1.1" 200 27
120.253.135.82 - - [11/Mar/2021:05:56:52 +0800] "POST /xingrg/kc/pszx/mdps_list_operate.html HTTP/1.1" 200 203
120.253.135.82 - - [11/Mar/2021:05:56:53 +0800] "POST /xingrg/kc/pszx/mdps_list_operate.html HTTP/1.1" 200 213
120.253.135.82 - - [11/Mar/2021:05:56:55 +0800] "POST /xingrg/kc/pszx/mdps_list_operate.html HTTP/1.1" 200 620
120.253.135.82 - - [11/Mar/2021:05:56:57 +0800] "POST /xingrg/kc/pszx/mdps_list_operate.html HTTP/1.1" 200 602
180.169.147.146 - - [11/Mar/2021:05:56:59 +0800] "GET /xingrg/all/function/internal_message.html?_=1615413412969&CODE_STATE=getMsg HTTP/1.1" 200 27
120.253.135.82 - - [11/Mar/2021:05:57:00 +0800] "POST /xingrg/kc/pszx/mdps_list_operate.html HTTP/1.1" 200 602
120.253.135.82 - - [11/Mar/2021:05:57:01 +0800] "GET /xingrg/kc/pszx/mdps_order_info.html?code=312021031100262 HTTP/1.1" 200 23881
120.253.135.82 - - [11/Mar/2021:05:57:01 +0800] "GET /xingrg/javascript/jquery_tools/order_manager.js HTTP/1.1" 304 -
120.253.135.82 - - [11/Mar/2021:05:57:01 +0800] "GET /xingrg/javascript/convert.js HTTP/1.1" 304 -
120.253.135.82 - - [11/Mar/2021:05:57:01 +0800] "GET /xingrg/javascript/json2.js HTTP/1.1" 304 -
120.253.135.82 - - [11/Mar/2021:05:57:01 +0800] "GET /xingrg/words/20210310172013_words.js HTTP/1.1" 200 798711
120.253.135.82 - - [11/Mar/2021:05:57:01 +0800] "GET /xingrg/javascript/easyui/themes/icons/copy_new.png HTTP/1.1" 304 -
120.253.135.82 - - [11/Mar/2021:05:57:01 +0800] "GET /xingrg/javascript/easyui/themes/icons/ok.png HTTP/1.1" 304 -
120.253.135.82 - - [11/Mar/2021:05:57:01 +0800] "GET /xingrg/javascript/easyui/themes/default/images/menu_downarrow.png HTTP/1.1" 304 -
120.253.135.82 - - [11/Mar/2021:05:57:01 +0800] "GET /xingrg/javascript/easyui/themes/icons/print.png HTTP/1.1" 304 -
120.253.135.82 - - [11/Mar/2021:05:57:01 +0800] "GET /xingrg/javascript/easyui/themes/icons/cancel.png HTTP/1.1" 304 -
116.224.253.72 - - [11/Mar/2021:05:57:02 +0800] "GET /xingrg/check_reg.html?_=1615413381531 HTTP/1.1" 200 22
120.253.135.82 - - [11/Mar/2021:05:57:02 +0800] "GET /xingrg/all/common/auto_word.html?type=base&rest_code=00101 HTTP/1.1" 200 559
120.253.135.82 - - [11/Mar/2021:05:57:02 +0800] "POST /xingrg/kc/pszx/mdps_order_operate.html HTTP/1.1" 200 7220
120.253.135.82 - - [11/Mar/2021:05:57:02 +0800] "GET /xingrg/javascript/easyui/themes/default/validatebox.css HTTP/1.1" 404 1104
120.253.135.82 - - [11/Mar/2021:05:57:02 +0800] "GET /xingrg/javascript/easyui/plugins/jquery.validatebox.js HTTP/1.1" 304 -
120.253.135.82 - - [11/Mar/2021:05:57:02 +0800] "GET /xingrg/javascript/easyui/plugins/jquery.numberbox.js HTTP/1.1" 304 -
120.253.135.82 - - [11/Mar/2021:05:57:02 +0800] "GET /xingrg/javascript/easyui/themes/icons/edit_remove.png HTTP/1.1" 304 -
58.37.230.33 - - [11/Mar/2021:05:57:05 +0800] "GET /xingrg/all/function/internal_message.html?_=1615413425901&CODE_STATE=getMsg HTTP/1.1" 302 -
120.253.135.82 - - [11/Mar/2021:05:57:10 +0800] "GET /xingrg/css/images/panel_loading.gif HTTP/1.1" 304 -
120.253.135.82 - - [11/Mar/2021:05:57:10 +0800] "POST /xingrg/all/common/load_combo.html?type=base HTTP/1.1" 200 984
58.40.7.146 - - [11/Mar/2021:05:57:10 +0800] "GET /xingrg/all/function/internal_message.html?_=1615413427509&CODE_STATE=getMsg HTTP/1.1" 302 -
116.224.253.72 - - [11/Mar/2021:05:57:12 +0800] "GET /xingrg/all/function/internal_message.html?_=1615413392108&CODE_STATE=getMsg HTTP/1.1" 200 27
114.86.187.76 - - [11/Mar/2021:05:57:14 +0800] "POST /xingrg/services/DataTransmitService HTTP/1.1" 200 524
120.253.135.82 - - [11/Mar/2021:05:57:14 +0800] "POST /xingrg/kc/pszx/mdps_order_operate.html HTTP/1.1" 200 37
120.253.135.82 - - [11/Mar/2021:05:57:15 +0800] "GET /xingrg/kc/pszx/mdps_order_info.html?code=312021031100262 HTTP/1.1" 200 23881
114.86.187.76 - - [11/Mar/2021:05:57:15 +0800] "POST /xingrg/services/DataTransmitService HTTP/1.1" 200 501
120.253.135.82 - - [11/Mar/2021:05:57:15 +0800] "GET /xingrg/javascript/easyui/themes/default/validatebox.css HTTP/1.1" 404 1104
120.253.135.82 - - [11/Mar/2021:05:57:15 +0800] "POST /xingrg/kc/pszx/mdps_order_operate.html HTTP/1.1" 200 7317
116.224.253.72 - - [11/Mar/2021:05:57:19 +0800] "GET /xingrg/all/function/internal_message.html?_=1615413442122&CODE_STATE=getMsg HTTP/1.1" 200 27
120.253.135.82 - - [11/Mar/2021:05:57:21 +0800] "POST /xingrg/all/common/load_select.html HTTP/1.1" 200 25
101.228.165.174 - - [11/Mar/2021:05:57:21 +0800] "GET /xingrg/all/function/internal_message.html?_=1615413482138&CODE_STATE=getMsg HTTP/1.1" 200 27
120.253.135.82 - - [11/Mar/2021:05:57:23 +0800] "GET /xingrg/kc/pszx/mdps_order_operate.html?command=get_materiel_price&pszx_code=00101&rest_code=00102&base_code=0010250&code=00102002685&unit_code=00100348&order_time=2021-03-11 HTTP/1.1" 200 35
222.70.216.220 - - [11/Mar/2021:05:57:31 +0800] "GET /xingrg/all/function/internal_message.html?_=1615413446793&CODE_STATE=getMsg HTTP/1.1" 200 27
180.169.147.146 - - [11/Mar/2021:05:57:37 +0800] "GET /xingrg/check_reg.html?_=1615413461227 HTTP/1.1" 200 22
180.169.147.146 - - [11/Mar/2021:05:57:37 +0800] "GET /xingrg/all/function/internal_message.html?_=1615413461222&CODE_STATE=getMsg HTTP/1.1" 200 27
222.70.216.220 - - [11/Mar/2021:05:57:38 +0800] "GET /xingrg/all/function/internal_message.html?_=1615413454586&CODE_STATE=getMsg HTTP/1.1" 200 27
101.93.222.235 - - [11/Mar/2021:05:57:42 +0800] "POST /xingrg/services/DataTransmitService HTTP/1.1" 200 524
120.253.135.82 - - [11/Mar/2021:05:57:43 +0800] "POST /xingrg/kc/pszx/mdps_order_operate.html HTTP/1.1" 200 37
120.253.135.82 - - [11/Mar/2021:05:57:44 +0800] "GET /xingrg/kc/pszx/mdps_order_info.html?code=312021031100262 HTTP/1.1" 200 23881
120.253.135.82 - - [11/Mar/2021:05:57:44 +0800] "GET /xingrg/javascript/easyui/themes/default/validatebox.css HTTP/1.1" 404 1104
120.253.135.82 - - [11/Mar/2021:05:57:44 +0800] "POST /xingrg/kc/pszx/mdps_order_operate.html HTTP/1.1" 200 7314
180.169.147.146 - - [11/Mar/2021:05:57:45 +0800] "GET /xingrg/all/function/internal_message.html?_=1615413454142&CODE_STATE=getMsg HTTP/1.1" 200 27
58.37.230.33 - - [11/Mar/2021:05:57:49 +0800] "POST /xingrg/services/DataTransmitService HTTP/1.1" 200 524
120.253.135.82 - - [11/Mar/2021:05:57:50 +0800] "POST /xingrg/kc/pszx/mdps_list_operate.html HTTP/1.1" 200 370
120.253.135.82 - - [11/Mar/2021:05:57:51 +0800] "GET /xingrg/all/function/internal_message.html?_=1615413239931&CODE_STATE=getMsg HTTP/1.1" 200 27
180.169.147.146 - - [11/Mar/2021:05:57:59 +0800] "GET /xingrg/all/function/internal_message.html?_=1615413472937&CODE_STATE=getMsg HTTP/1.1" 200 27
120.253.135.82 - - [11/Mar/2021:05:58:02 +0800] "GET /xingrg/kc/pszx/mdps_order_info.html?code=312021031100263 HTTP/1.1" 200 23881
120.253.135.82 - - [11/Mar/2021:05:58:03 +0800] "GET /xingrg/javascript/easyui/themes/default/validatebox.css HTTP/1.1" 404 1104
120.253.135.82 - - [11/Mar/2021:05:58:03 +0800] "POST /xingrg/kc/pszx/mdps_order_operate.html HTTP/1.1" 200 3282
58.37.230.33 - - [11/Mar/2021:05:58:05 +0800] "GET /xingrg/all/function/internal_message.html?_=1615413485878&CODE_STATE=getMsg HTTP/1.1" 302 -
120.253.135.82 - - [11/Mar/2021:05:58:07 +0800] "POST /xingrg/kc/pszx/mdps_order_operate.html HTTP/1.1" 200 37
120.253.135.82 - - [11/Mar/2021:05:58:08 +0800] "GET /xingrg/kc/pszx/mdps_order_info.html?code=312021031100263 HTTP/1.1" 200 23881
120.253.135.82 - - [11/Mar/2021:05:58:08 +0800] "GET /xingrg/javascript/easyui/themes/default/validatebox.css HTTP/1.1" 404 1104
120.253.135.82 - - [11/Mar/2021:05:58:08 +0800] "POST /xingrg/kc/pszx/mdps_order_operate.html HTTP/1.1" 200 3304
58.40.7.146 - - [11/Mar/2021:05:58:10 +0800] "GET /xingrg/all/function/internal_message.html?_=1615413487513&CODE_STATE=getMsg HTTP/1.1" 302 -
58.40.7.146 - - [11/Mar/2021:05:58:10 +0800] "GET /xingrg/check_reg.html?_=1615413487514 HTTP/1.1" 302 -
116.224.253.72 - - [11/Mar/2021:05:58:12 +0800] "GET /xingrg/all/function/internal_message.html?_=1615413452121&CODE_STATE=getMsg HTTP/1.1" 200 27
116.224.253.72 - - [11/Mar/2021:05:58:19 +0800] "GET /xingrg/all/function/internal_message.html?_=1615413502106&CODE_STATE=getMsg HTTP/1.1" 200 27
101.228.165.174 - - [11/Mar/2021:05:58:21 +0800] "GET /xingrg/all/function/internal_message.html?_=1615413542154&CODE_STATE=getMsg HTTP/1.1" 200 27
222.70.216.220 - - [11/Mar/2021:05:58:31 +0800] "GET /xingrg/check_reg.html?_=1615413506797 HTTP/1.1" 200 22
222.70.216.220 - - [11/Mar/2021:05:58:31 +0800] "GET /xingrg/all/function/internal_message.html?_=1615413506800&CODE_STATE=getMsg HTTP/1.1" 200 27
116.224.253.72 - - [11/Mar/2021:05:58:33 +0800] "GET /xingrg/check_reg.html?_=1615413516547 HTTP/1.1" 200 22
180.169.147.146 - - [11/Mar/2021:05:58:37 +0800] "GET /xingrg/all/function/internal_message.html?_=1615413521211&CODE_STATE=getMsg HTTP/1.1" 200 27
222.70.216.220 - - [11/Mar/2021:05:58:38 +0800] "GET /xingrg/all/function/internal_message.html?_=1615413514574&CODE_STATE=getMsg HTTP/1.1" 200 27
222.70.216.220 - - [11/Mar/2021:05:58:38 +0800] "GET /xingrg/check_reg.html?_=1615413514577 HTTP/1.1" 200 22
180.169.147.146 - - [11/Mar/2021:05:58:45 +0800] "GET /xingrg/all/function/internal_message.html?_=1615413514144&CODE_STATE=getMsg HTTP/1.1" 200 27
120.253.135.82 - - [11/Mar/2021:05:58:51 +0800] "GET /xingrg/check_reg.html?_=1615413299894 HTTP/1.1" 200 22
120.253.135.82 - - [11/Mar/2021:05:58:51 +0800] "GET /xingrg/all/function/internal_message.html?_=1615413299944&CODE_STATE=getMsg HTTP/1.1" 200 27
180.169.147.146 - - [11/Mar/2021:05:58:59 +0800] "GET /xingrg/all/function/internal_message.html?_=1615413532919&CODE_STATE=getMsg HTTP/1.1" 200 27
58.37.230.33 - - [11/Mar/2021:05:59:05 +0800] "GET /xingrg/all/function/internal_message.html?_=1615413545856&CODE_STATE=getMsg HTTP/1.1" 302 -
222.70.216.220 - - [11/Mar/2021:05:59:07 +0800] "GET /xingrg/check_reg.html?_=1615413542702 HTTP/1.1" 200 22
58.40.7.146 - - [11/Mar/2021:05:59:10 +0800] "GET /xingrg/all/function/internal_message.html?_=1615413547519&CODE_STATE=getMsg HTTP/1.1" 302 -
116.224.253.72 - - [11/Mar/2021:05:59:12 +0800] "GET /xingrg/all/function/internal_message.html?_=1615413512148&CODE_STATE=getMsg HTTP/1.1" 200 27
180.169.147.146 - - [11/Mar/2021:05:59:17 +0800] "GET /xingrg/check_reg.html?_=1615413550661 HTTP/1.1" 200 22
116.224.253.72 - - [11/Mar/2021:05:59:19 +0800] "GET /xingrg/all/function/internal_message.html?_=1615413562085&CODE_STATE=getMsg HTTP/1.1" 200 27
101.228.165.174 - - [11/Mar/2021:05:59:21 +0800] "GET /xingrg/all/function/internal_message.html?_=1615413602283&CODE_STATE=getMsg HTTP/1.1" 200 27
222.70.216.220 - - [11/Mar/2021:05:59:31 +0800] "GET /xingrg/all/function/internal_message.html?_=1615413566788&CODE_STATE=getMsg HTTP/1.1" 200 27
180.169.147.146 - - [11/Mar/2021:05:59:37 +0800] "GET /xingrg/all/function/internal_message.html?_=1615413581204&CODE_STATE=getMsg HTTP/1.1" 200 27
222.70.216.220 - - [11/Mar/2021:05:59:38 +0800] "GET /xingrg/all/function/internal_message.html?_=1615413574581&CODE_STATE=getMsg HTTP/1.1" 200 27
101.228.165.174 - - [11/Mar/2021:05:59:40 +0800] "GET /xingrg/check_reg.html?_=1615413621143 HTTP/1.1" 200 22
180.169.147.146 - - [11/Mar/2021:05:59:45 +0800] "GET /xingrg/all/function/internal_message.html?_=1615413574146&CODE_STATE=getMsg HTTP/1.1" 200 27
180.169.147.146 - - [11/Mar/2021:05:59:45 +0800] "GET /xingrg/check_reg.html?_=1615413574147 HTTP/1.1" 200 22
120.253.135.82 - - [11/Mar/2021:05:59:51 +0800] "GET /xingrg/all/function/internal_message.html?_=1615413359959&CODE_STATE=getMsg HTTP/1.1" 200 27
180.169.147.146 - - [11/Mar/2021:05:59:59 +0800] "GET /xingrg/all/function/internal_message.html?_=1615413592944&CODE_STATE=getMsg HTTP/1.1" 200 27
58.37.230.33 - - [11/Mar/2021:06:00:05 +0800] "GET /xingrg/all/function/internal_message.html?_=1615413605835&CODE_STATE=getMsg HTTP/1.1" 302 -
61.129.6.145 - - [11/Mar/2021:06:00:05 +0800] "GET /xingrg/all/function/internal_message.html?_=1615413545856&CODE_STATE=getMsg HTTP/1.1" 302 -
61.129.6.145 - - [11/Mar/2021:06:00:06 +0800] "GET /xingrg/login.html HTTP/1.1" 200 7641
58.37.230.33 - - [11/Mar/2021:06:00:08 +0800] "GET /xingrg/check_reg.html?_=1615413608816 HTTP/1.1" 302 -
58.40.7.146 - - [11/Mar/2021:06:00:10 +0800] "GET /xingrg/all/function/internal_message.html?_=1615413607520&CODE_STATE=getMsg HTTP/1.1" 302 -
116.224.253.72 - - [11/Mar/2021:06:00:12 +0800] "GET /xingrg/all/function/internal_message.html?_=1615413572148&CODE_STATE=getMsg HTTP/1.1" 200 27
116.224.253.72 - - [11/Mar/2021:06:00:19 +0800] "GET /xingrg/all/function/internal_message.html?_=1615413622069&CODE_STATE=getMsg HTTP/1.1" 200 27
101.228.165.174 - - [11/Mar/2021:06:00:21 +0800] "GET /xingrg/all/function/internal_message.html?_=1615413662290&CODE_STATE=getMsg HTTP/1.1" 200 27
222.70.216.220 - - [11/Mar/2021:06:00:31 +0800] "GET /xingrg/all/function/internal_message.html?_=1615413626795&CODE_STATE=getMsg HTTP/1.1" 200 27
222.70.216.220 - - [11/Mar/2021:06:00:38 +0800] "GET /xingrg/all/function/internal_message.html?_=1615413634575&CODE_STATE=getMsg HTTP/1.1" 200 27
180.169.147.146 - - [11/Mar/2021:06:00:45 +0800] "GET /xingrg/all/function/internal_message.html?_=1615413634149&CODE_STATE=getMsg HTTP/1.1" 200 27
180.169.147.146 - - [11/Mar/2021:06:00:46 +0800] "GET /xingrg/all/function/internal_message.html?_=1615413641204&CODE_STATE=getMsg HTTP/1.1" 200 27
120.253.135.82 - - [11/Mar/2021:06:00:51 +0800] "GET /xingrg/all/function/internal_message.html?_=1615413419971&CODE_STATE=getMsg HTTP/1.1" 200 27
172.20.0.100 - - [11/Mar/2021:06:00:54 +0800] "GET /xingrg/check_reg.html?_=1615413651530 HTTP/1.1" 302 -
120.253.135.82 - - [11/Mar/2021:06:00:56 +0800] "POST /xingrg/kc/pszx/mdps_order_operate.html HTTP/1.1" 200 37
120.253.135.82 - - [11/Mar/2021:06:00:57 +0800] "GET /xingrg/kc/pszx/mdps_order_info.html?code=312021031100263 HTTP/1.1" 200 23881
120.253.135.82 - - [11/Mar/2021:06:00:57 +0800] "POST /xingrg/kc/pszx/mdps_order_operate.html HTTP/1.1" 200 2304
120.253.135.82 - - [11/Mar/2021:06:00:57 +0800] "GET /xingrg/javascript/easyui/themes/default/validatebox.css HTTP/1.1" 404 1104
180.169.147.146 - - [11/Mar/2021:06:00:59 +0800] "GET /xingrg/all/function/internal_message.html?_=1615413652864&CODE_STATE=getMsg HTTP/1.1" 200 27
120.253.135.82 - - [11/Mar/2021:06:00:59 +0800] "POST /xingrg/kc/pszx/mdps_list_operate.html HTTP/1.1" 200 3507
120.253.135.82 - - [11/Mar/2021:06:01:01 +0800] "GET /xingrg/kc/pszx/mdps_order_add.html HTTP/1.1" 200 29131
120.253.135.82 - - [11/Mar/2021:06:01:02 +0800] "POST /xingrg/kc/pszx/mdps_order_operate.html HTTP/1.1" 200 7126
120.253.135.82 - - [11/Mar/2021:06:01:02 +0800] "GET /xingrg/javascript/easyui/themes/default/validatebox.css HTTP/1.1" 404 1104
58.37.230.33 - - [11/Mar/2021:06:01:05 +0800] "GET /xingrg/all/function/internal_message.html?_=1615413665807&CODE_STATE=getMsg HTTP/1.1" 302 -
120.253.135.82 - - [11/Mar/2021:06:01:08 +0800] "POST /xingrg/all/common/load_combo.html?type=base HTTP/1.1" 200 984
58.40.7.146 - - [11/Mar/2021:06:01:10 +0800] "GET /xingrg/all/function/internal_message.html?_=1615413667508&CODE_STATE=getMsg HTTP/1.1" 302 -
116.224.253.72 - - [11/Mar/2021:06:01:12 +0800] "GET /xingrg/all/function/internal_message.html?_=1615413632181&CODE_STATE=getMsg HTTP/1.1" 200 27
116.224.253.72 - - [11/Mar/2021:06:01:18 +0800] "GET /xingrg/all/function/internal_message.html?_=1615413682055&CODE_STATE=getMsg HTTP/1.1" 200 27
101.228.165.174 - - [11/Mar/2021:06:01:21 +0800] "GET /xingrg/all/function/internal_message.html?_=1615413722303&CODE_STATE=getMsg HTTP/1.1" 200 27
120.253.135.82 - - [11/Mar/2021:06:01:24 +0800] "GET /xingrg/kc/pszx/mdps_order_operate.html?command=get_materiel&pszx_code=00101&rest_code=00102&base_code=0010246&code=00101019464 HTTP/1.1" 200 430
222.70.216.220 - - [11/Mar/2021:06:01:31 +0800] "GET /xingrg/all/function/internal_message.html?_=1615413686799&CODE_STATE=getMsg HTTP/1.1" 200 27
120.253.135.82 - - [11/Mar/2021:06:01:34 +0800] "GET /xingrg/kc/pszx/mdps_order_operate.html?command=get_materiel&pszx_code=00101&rest_code=00102&base_code=0010246&code=00101008472 HTTP/1.1" 200 439
180.169.147.146 - - [11/Mar/2021:06:01:37 +0800] "GET /xingrg/all/function/internal_message.html?_=1615413701216&CODE_STATE=getMsg HTTP/1.1" 200 27
222.70.216.220 - - [11/Mar/2021:06:01:38 +0800] "GET /xingrg/all/function/internal_message.html?_=1615413694582&CODE_STATE=getMsg HTTP/1.1" 200 27
120.253.135.82 - - [11/Mar/2021:06:01:40 +0800] "POST /xingrg/kc/pszx/mdps_order_operate.html HTTP/1.1" 200 37
120.253.135.82 - - [11/Mar/2021:06:01:41 +0800] "GET /xingrg/kc/pszx/mdps_order_info.html?code=312021031100265 HTTP/1.1" 200 23881
120.253.135.82 - - [11/Mar/2021:06:01:41 +0800] "POST /xingrg/kc/pszx/mdps_order_operate.html HTTP/1.1" 200 2784
120.253.135.82 - - [11/Mar/2021:06:01:41 +0800] "GET /xingrg/javascript/easyui/themes/default/validatebox.css HTTP/1.1" 404 1104
120.253.135.82 - - [11/Mar/2021:06:01:43 +0800] "POST /xingrg/kc/pszx/mdps_list_operate.html HTTP/1.1" 200 3869
180.169.147.146 - - [11/Mar/2021:06:01:45 +0800] "GET /xingrg/all/function/internal_message.html?_=1615413694150&CODE_STATE=getMsg HTTP/1.1" 200 27
120.253.135.82 - - [11/Mar/2021:06:01:46 +0800] "POST /xingrg/kc/pszx/mdps_list_operate.html HTTP/1.1" 200 602
120.253.135.82 - - [11/Mar/2021:06:01:48 +0800] "POST /xingrg/kc/pszx/mdps_list_operate.html HTTP/1.1" 200 602
120.253.135.82 - - [11/Mar/2021:06:01:49 +0800] "GET /xingrg/kc/pszx/mdps_order_info.html?code=312021031100262 HTTP/1.1" 200 23881
120.253.135.82 - - [11/Mar/2021:06:01:49 +0800] "POST /xingrg/kc/pszx/mdps_order_operate.html HTTP/1.1" 200 7314
120.253.135.82 - - [11/Mar/2021:06:01:49 +0800] "GET /xingrg/javascript/easyui/themes/default/validatebox.css HTTP/1.1" 404 1104
120.253.135.82 - - [11/Mar/2021:06:01:52 +0800] "GET /xingrg/all/function/internal_message.html?_=1615413480151&CODE_STATE=getMsg HTTP/1.1" 200 27
180.169.147.146 - - [11/Mar/2021:06:01:59 +0800] "GET /xingrg/all/function/internal_message.html?_=1615413712837&CODE_STATE=getMsg HTTP/1.1" 200 27
116.224.253.72 - - [11/Mar/2021:06:02:02 +0800] "GET /xingrg/check_reg.html?_=1615413681539 HTTP/1.1" 200 22
120.253.135.82 - - [11/Mar/2021:06:02:05 +0800] "GET /xingrg/kc/print/load_config.html?kc_code=mdps HTTP/1.1" 200 2396
120.253.135.82 - - [11/Mar/2021:06:02:05 +0800] "GET /xingrg/kc/print/load_data.html?order_code=312021031100262&kc_code=mdps&condition= HTTP/1.1" 200 3005
101.89.239.216 - - [11/Mar/2021:06:02:05 +0800] "GET /xingrg/all/function/internal_message.html?_=1615413665807&CODE_STATE=getMsg HTTP/1.1" 302 -
58.37.230.33 - - [11/Mar/2021:06:02:05 +0800] "GET /xingrg/all/function/internal_message.html?_=1615413725812&CODE_STATE=getMsg HTTP/1.1" 302 -
101.89.239.216 - - [11/Mar/2021:06:02:05 +0800] "GET /xingrg/login.html HTTP/1.1" 200 7641
58.40.7.146 - - [11/Mar/2021:06:02:10 +0800] "GET /xingrg/all/function/internal_message.html?_=1615413727511&CODE_STATE=getMsg HTTP/1.1" 302 -
120.253.135.82 - - [11/Mar/2021:06:02:11 +0800] "POST /xingrg/kc/pszx/mdps_list_operate.html HTTP/1.1" 200 3869
116.224.253.72 - - [11/Mar/2021:06:02:12 +0800] "GET /xingrg/all/function/internal_message.html?_=1615413692191&CODE_STATE=getMsg HTTP/1.1" 200 27
120.253.135.82 - - [11/Mar/2021:06:02:13 +0800] "POST /xingrg/kc/pszx/mdps_list_operate.html HTTP/1.1" 200 208
120.253.135.82 - - [11/Mar/2021:06:02:14 +0800] "GET /xingrg/kc/pszx/mdps_order_info.html?code=312021031100263 HTTP/1.1" 200 23881
120.253.135.82 - - [11/Mar/2021:06:02:14 +0800] "POST /xingrg/kc/pszx/mdps_order_operate.html HTTP/1.1" 200 2304
120.253.135.82 - - [11/Mar/2021:06:02:14 +0800] "GET /xingrg/javascript/easyui/themes/default/validatebox.css HTTP/1.1" 404 1104
120.253.135.82 - - [11/Mar/2021:06:02:16 +0800] "GET /xingrg/kc/print/load_data.html?order_code=312021031100263&kc_code=mdps&condition= HTTP/1.1" 200 684
116.224.253.72 - - [11/Mar/2021:06:02:18 +0800] "GET /xingrg/all/function/internal_message.html?_=1615413742040&CODE_STATE=getMsg HTTP/1.1" 200 27
101.228.165.174 - - [11/Mar/2021:06:02:21 +0800] "GET /xingrg/all/function/internal_message.html?_=1615413782432&CODE_STATE=getMsg HTTP/1.1" 200 27
120.253.135.82 - - [11/Mar/2021:06:02:22 +0800] "POST /xingrg/kc/pszx/mdps_list_operate.html HTTP/1.1" 200 3869
222.70.216.220 - - [11/Mar/2021:06:02:31 +0800] "GET /xingrg/all/function/internal_message.html?_=1615413746790&CODE_STATE=getMsg HTTP/1.1" 200 27
180.169.147.146 - - [11/Mar/2021:06:02:37 +0800] "GET /xingrg/all/function/internal_message.html?_=1615413761206&CODE_STATE=getMsg HTTP/1.1" 200 27
180.169.147.146 - - [11/Mar/2021:06:02:37 +0800] "GET /xingrg/check_reg.html?_=1615413761206 HTTP/1.1" 200 22
222.70.216.220 - - [11/Mar/2021:06:02:38 +0800] "GET /xingrg/all/function/internal_message.html?_=1615413754586&CODE_STATE=getMsg HTTP/1.1" 200 27
180.169.147.146 - - [11/Mar/2021:06:02:45 +0800] "GET /xingrg/all/function/internal_message.html?_=1615413754153&CODE_STATE=getMsg HTTP/1.1" 200 27
120.253.135.82 - - [11/Mar/2021:06:02:52 +0800] "GET /xingrg/all/function/internal_message.html?_=1615413540155&CODE_STATE=getMsg HTTP/1.1" 200 27
180.169.147.146 - - [11/Mar/2021:06:02:59 +0800] "GET /xingrg/all/function/internal_message.html?_=1615413772813&CODE_STATE=getMsg HTTP/1.1" 200 27
58.37.230.33 - - [11/Mar/2021:06:03:05 +0800] "GET /xingrg/all/function/internal_message.html?_=1615413785794&CODE_STATE=getMsg HTTP/1.1" 302 -
