116.233.75.117 - - [11/Mar/2021:09:09:35 +0800] "GET /xingrg/all/function/internal_message.html?_=1615424972692&CODE_STATE=getMsg HTTP/1.1" 200 27
116.233.75.117 - - [11/Mar/2021:09:09:35 +0800] "GET /xingrg/dwr/interface/AjaxYddbService.js HTTP/1.1" 200 13201
116.233.75.117 - - [11/Mar/2021:09:09:35 +0800] "GET /xingrg/dwr/interface/AjaxComOrderService.js HTTP/1.1" 200 18264
116.233.75.117 - - [11/Mar/2021:09:09:35 +0800] "GET /xingrg/kc/base/yddb_order_info.html?code=482021031100076 HTTP/1.1" 200 29495
116.233.75.117 - - [11/Mar/2021:09:09:35 +0800] "GET /xingrg/dwr/engine.js HTTP/1.1" 200 43631
116.233.75.117 - - [11/Mar/2021:09:09:35 +0800] "POST /xingrg/dwr/call/plaincall/AjaxYddbService.loadMaterielItems.dwr HTTP/1.1" 200 385
114.88.166.193 - - [11/Mar/2021:09:09:36 +0800] "GET /xingrg/check_reg.html?_=1615424972256 HTTP/1.1" 200 22
114.88.166.193 - - [11/Mar/2021:09:09:36 +0800] "GET /xingrg/all/function/internal_message.html?_=1615424972562&CODE_STATE=getMsg HTTP/1.1" 200 27
180.174.195.252 - - [11/Mar/2021:09:09:37 +0800] "GET /xingrg/all/function/internal_message.html?_=1615425236575&CODE_STATE=getMsg HTTP/1.1" 200 27
180.169.147.146 - - [11/Mar/2021:09:09:37 +0800] "GET /xingrg/all/function/internal_message.html?_=1615424981582&CODE_STATE=getMsg HTTP/1.1" 200 27
101.228.165.174 - - [11/Mar/2021:09:09:40 +0800] "GET /xingrg/check_reg.html?_=1615425021471 HTTP/1.1" 200 22
116.233.75.117 - - [11/Mar/2021:09:09:40 +0800] "GET /xingrg/kc/base/yddb_order_report.html?fileType=servlets/html&code=482021031100076&reportName=ck_order_report&subName=yddb HTTP/1.1" 302 -
116.233.75.117 - - [11/Mar/2021:09:09:40 +0800] "GET /xingrg/servlets/html?sysBaseUrl=http%3A%2F%2F180.169.147.146%3A18081%2Fxingrg%2F&costTime=168×tamp=1615424980628 HTTP/1.1" 200 14748
116.233.75.117 - - [11/Mar/2021:09:09:40 +0800] "GET /xingrg/servlets/image?image=px HTTP/1.1" 200 807
180.169.147.146 - - [11/Mar/2021:09:09:45 +0800] "GET /xingrg/check_reg.html?_=1615424974155 HTTP/1.1" 200 22
180.169.147.146 - - [11/Mar/2021:09:09:45 +0800] "GET /xingrg/all/function/internal_message.html?_=1615424974156&CODE_STATE=getMsg HTTP/1.1" 200 27
222.70.216.220 - - [11/Mar/2021:09:09:45 +0800] "GET /xingrg/all/function/internal_message.html?_=1615424980823&CODE_STATE=getMsg HTTP/1.1" 200 27
116.235.216.75 - - [11/Mar/2021:09:09:47 +0800] "GET /xingrg/kc/buy/cgsh_order_operate.html?command=get_materiel&rest_code=00107&code=00101007075&supplier_code=00100002&order_time=2021-03-11 HTTP/1.1" 200 410
180.169.147.146 - - [11/Mar/2021:09:09:54 +0800] "GET /xingrg/all/function/internal_message.html?_=1615424988295&CODE_STATE=getMsg HTTP/1.1" 200 27
58.37.230.33 - - [11/Mar/2021:09:10:01 +0800] "GET /xingrg/all/function/internal_message.html?_=1615425001540&CODE_STATE=getMsg HTTP/1.1" 302 -
58.221.95.50 - - [11/Mar/2021:09:10:02 +0800] "GET /xingrg/kc/buy/cgsh_order_list.html HTTP/1.1" 200 46370
58.221.95.50 - - [11/Mar/2021:09:10:04 +0800] "POST /xingrg/kc/buy/cgsh_list_operate.html HTTP/1.1" 200 876
222.69.139.141 - - [11/Mar/2021:09:10:07 +0800] "GET /xingrg/all/function/internal_message.html?_=1615425004690&CODE_STATE=getMsg HTTP/1.1" 200 27
180.169.147.146 - - [11/Mar/2021:09:10:08 +0800] "GET /xingrg/all/function/internal_message.html?_=1615425008478&CODE_STATE=getMsg HTTP/1.1" 200 27
58.37.230.33 - - [11/Mar/2021:09:10:09 +0800] "GET /xingrg/check_reg.html?_=1615425009263 HTTP/1.1" 302 -
58.221.95.50 - - [11/Mar/2021:09:10:10 +0800] "POST /xingrg/kc/buy/cgsh_list_operate.html HTTP/1.1" 200 5708
58.40.7.146 - - [11/Mar/2021:09:10:10 +0800] "GET /xingrg/all/function/internal_message.html?_=1615425007652&CODE_STATE=getMsg HTTP/1.1" 302 -
116.235.216.75 - - [11/Mar/2021:09:10:10 +0800] "GET /xingrg/all/function/internal_message.html?_=1615425007794&CODE_STATE=getMsg HTTP/1.1" 200 27
117.185.32.26 - - [11/Mar/2021:09:10:11 +0800] "GET /xingrg/all/function/internal_message.html?_=1615425510898&CODE_STATE=getMsg HTTP/1.1" 200 27
61.165.42.208 - - [11/Mar/2021:09:10:11 +0800] "GET /xingrg/all/function/internal_message.html?_=1615425011981&CODE_STATE=getMsg HTTP/1.1" 200 27
117.185.32.26 - - [11/Mar/2021:09:10:11 +0800] "GET /xingrg/check_reg.html?_=1615425510902 HTTP/1.1" 200 22
61.165.42.208 - - [11/Mar/2021:09:10:12 +0800] "GET /xingrg/all/function/internal_message.html?_=1615424994752&CODE_STATE=getMsg HTTP/1.1" 302 -
116.224.253.72 - - [11/Mar/2021:09:10:16 +0800] "GET /xingrg/all/function/internal_message.html?_=1615425019013&CODE_STATE=getMsg HTTP/1.1" 200 27
114.86.187.76 - - [11/Mar/2021:09:10:26 +0800] "GET /xingrg/all/function/internal_message.html?_=1615425029353&CODE_STATE=getMsg HTTP/1.1" 200 27
58.221.95.50 - - [11/Mar/2021:09:10:29 +0800] "GET /xingrg/all/function/internal_message.html?_=1615425028576&CODE_STATE=getMsg HTTP/1.1" 200 27
222.69.139.141 - - [11/Mar/2021:09:10:29 +0800] "GET /xingrg/all/function/internal_message.html?_=1615425015460&CODE_STATE=getMsg HTTP/1.1" 302 -
222.70.216.220 - - [11/Mar/2021:09:10:31 +0800] "GET /xingrg/all/function/internal_message.html?_=1615425026793&CODE_STATE=getMsg HTTP/1.1" 200 27
101.228.165.174 - - [11/Mar/2021:09:10:33 +0800] "GET /xingrg/all/function/internal_message.html?_=1615425074072&CODE_STATE=getMsg HTTP/1.1" 200 27
116.233.75.117 - - [11/Mar/2021:09:10:35 +0800] "GET /xingrg/all/function/internal_message.html?_=1615425032666&CODE_STATE=getMsg HTTP/1.1" 200 27
114.88.166.193 - - [11/Mar/2021:09:10:36 +0800] "GET /xingrg/all/function/internal_message.html?_=1615425032575&CODE_STATE=getMsg HTTP/1.1" 200 27
180.174.195.252 - - [11/Mar/2021:09:10:37 +0800] "GET /xingrg/all/function/internal_message.html?_=1615425296589&CODE_STATE=getMsg HTTP/1.1" 200 27
180.169.147.146 - - [11/Mar/2021:09:10:37 +0800] "GET /xingrg/all/function/internal_message.html?_=1615425041598&CODE_STATE=getMsg HTTP/1.1" 200 27
180.169.147.146 - - [11/Mar/2021:09:10:45 +0800] "GET /xingrg/all/function/internal_message.html?_=1615425034142&CODE_STATE=getMsg HTTP/1.1" 200 27
222.70.216.220 - - [11/Mar/2021:09:10:45 +0800] "GET /xingrg/all/function/internal_message.html?_=1615425040822&CODE_STATE=getMsg HTTP/1.1" 200 27
222.70.216.220 - - [11/Mar/2021:09:10:45 +0800] "GET /xingrg/check_reg.html?_=1615425040822 HTTP/1.1" 200 22
172.20.0.100 - - [11/Mar/2021:09:10:53 +0800] "GET /xingrg/check_reg.html?_=1615425050638 HTTP/1.1" 302 -
180.169.147.146 - - [11/Mar/2021:09:10:54 +0800] "GET /xingrg/all/function/internal_message.html?_=1615425048268&CODE_STATE=getMsg HTTP/1.1" 200 27
101.91.62.99 - - [11/Mar/2021:09:10:55 +0800] "GET /xingrg/all/function/internal_message.html?_=1615424761594&CODE_STATE=getMsg HTTP/1.1" 302 -
58.37.230.33 - - [11/Mar/2021:09:11:01 +0800] "GET /xingrg/all/function/internal_message.html?_=1615425061509&CODE_STATE=getMsg HTTP/1.1" 302 -
116.233.75.117 - - [11/Mar/2021:09:11:03 +0800] "GET /xingrg/kc/buy/buy_main.html HTTP/1.1" 200 12412
116.233.75.117 - - [11/Mar/2021:09:11:03 +0800] "GET /xingrg/css/new_ie.css HTTP/1.1" 404 1036
101.91.62.99 - - [11/Mar/2021:09:11:05 +0800] "GET /xingrg/login.html HTTP/1.1" 200 7641
116.233.75.117 - - [11/Mar/2021:09:11:05 +0800] "GET /xingrg/check_reg.html?_=1615425063038 HTTP/1.1" 200 22
116.233.75.117 - - [11/Mar/2021:09:11:05 +0800] "GET /xingrg/all/function/internal_message.html?_=1615425063037&CODE_STATE=count HTTP/1.1" 200 11
116.233.75.117 - - [11/Mar/2021:09:11:05 +0800] "POST /xingrg/all/common/load_tree.html?tree=area_rest_tree_json&manage=1 HTTP/1.1" 200 342
116.233.75.117 - - [11/Mar/2021:09:11:05 +0800] "POST /xingrg/load_menu.html HTTP/1.1" 200 5138
116.233.75.117 - - [11/Mar/2021:09:11:06 +0800] "GET /xingrg/kc/buy/buy_main.html HTTP/1.1" 200 12412
116.233.75.117 - - [11/Mar/2021:09:11:06 +0800] "GET /xingrg/css/new_ie.css HTTP/1.1" 404 1036
116.233.75.117 - - [11/Mar/2021:09:11:07 +0800] "GET /xingrg/kc/buy/cgsh_order_list.html HTTP/1.1" 200 46366
222.69.139.141 - - [11/Mar/2021:09:11:08 +0800] "GET /xingrg/all/function/internal_message.html?_=1615425064696&CODE_STATE=getMsg HTTP/1.1" 200 27
116.233.75.117 - - [11/Mar/2021:09:11:08 +0800] "POST /xingrg/kc/buy/cgsh_list_operate.html HTTP/1.1" 200 876
180.169.147.146 - - [11/Mar/2021:09:11:08 +0800] "GET /xingrg/all/function/internal_message.html?_=1615425068476&CODE_STATE=getMsg HTTP/1.1" 200 27
58.40.7.146 - - [11/Mar/2021:09:11:10 +0800] "GET /xingrg/all/function/internal_message.html?_=1615425067655&CODE_STATE=getMsg HTTP/1.1" 302 -
116.235.216.75 - - [11/Mar/2021:09:11:10 +0800] "GET /xingrg/all/function/internal_message.html?_=1615425067772&CODE_STATE=getMsg HTTP/1.1" 200 27
116.233.75.117 - - [11/Mar/2021:09:11:10 +0800] "GET /xingrg/kc/buy/cgsh_order_add.html HTTP/1.1" 200 62145
116.233.75.117 - - [11/Mar/2021:09:11:10 +0800] "GET /xingrg/words/20210310172013_words.js HTTP/1.1" 304 -
116.233.75.117 - - [11/Mar/2021:09:11:10 +0800] "GET /xingrg/javascript/easyui/themes/default/validatebox.css HTTP/1.1" 404 1104
116.233.75.117 - - [11/Mar/2021:09:11:10 +0800] "GET /xingrg/all/common/auto_word.html?type=employee&rest_code=00109 HTTP/1.1" 200 205
116.233.75.117 - - [11/Mar/2021:09:11:10 +0800] "POST /xingrg/kc/buy/cgsh_order_operate.html HTTP/1.1" 200 8245
116.233.75.117 - - [11/Mar/2021:09:11:10 +0800] "GET /xingrg/all/common/auto_word.html?type=employee&rest_code=00109 HTTP/1.1" 200 205
117.185.32.26 - - [11/Mar/2021:09:11:11 +0800] "GET /xingrg/all/function/internal_message.html?_=1615425570930&CODE_STATE=getMsg HTTP/1.1" 200 27
61.165.42.208 - - [11/Mar/2021:09:11:11 +0800] "GET /xingrg/all/function/internal_message.html?_=1615425071968&CODE_STATE=getMsg HTTP/1.1" 200 27
61.165.42.208 - - [11/Mar/2021:09:11:12 +0800] "GET /xingrg/all/function/internal_message.html?_=1615425054721&CODE_STATE=getMsg HTTP/1.1" 302 -
116.233.75.117 - - [11/Mar/2021:09:11:14 +0800] "GET /xingrg/javascript/jquery_tools/images/prev.gif HTTP/1.1" 404 1086
116.233.75.117 - - [11/Mar/2021:09:11:14 +0800] "GET /xingrg/javascript/jquery_tools/images/next.gif HTTP/1.1" 404 1086
116.224.253.72 - - [11/Mar/2021:09:11:15 +0800] "GET /xingrg/all/function/internal_message.html?_=1615425079002&CODE_STATE=getMsg HTTP/1.1" 200 27
116.233.75.117 - - [11/Mar/2021:09:11:21 +0800] "GET /xingrg/kc/buy/cgsh_order_operate.html?command=get_materiel&rest_code=00109&code=00101008350&supplier_code=00100005&order_time=2021-03-11 HTTP/1.1" 200 408
114.86.187.76 - - [11/Mar/2021:09:11:26 +0800] "GET /xingrg/all/function/internal_message.html?_=1615425089358&CODE_STATE=getMsg HTTP/1.1" 200 27
58.221.95.50 - - [11/Mar/2021:09:11:29 +0800] "GET /xingrg/all/function/internal_message.html?_=1615425088576&CODE_STATE=getMsg HTTP/1.1" 200 27
222.69.139.141 - - [11/Mar/2021:09:11:29 +0800] "GET /xingrg/all/function/internal_message.html?_=1615425075447&CODE_STATE=getMsg HTTP/1.1" 302 -
222.70.216.220 - - [11/Mar/2021:09:11:31 +0800] "GET /xingrg/all/function/internal_message.html?_=1615425086795&CODE_STATE=getMsg HTTP/1.1" 200 27
116.233.75.117 - - [11/Mar/2021:09:11:32 +0800] "GET /xingrg/kc/buy/cgsh_order_operate.html?command=get_materiel&rest_code=00109&code=00101008049&supplier_code=00100005&order_time=2021-03-11 HTTP/1.1" 200 408
101.228.165.174 - - [11/Mar/2021:09:11:33 +0800] "GET /xingrg/all/function/internal_message.html?_=1615425134073&CODE_STATE=getMsg HTTP/1.1" 200 27
114.88.166.193 - - [11/Mar/2021:09:11:36 +0800] "GET /xingrg/all/function/internal_message.html?_=1615425092588&CODE_STATE=getMsg HTTP/1.1" 200 27
180.174.195.252 - - [11/Mar/2021:09:11:37 +0800] "GET /xingrg/all/function/internal_message.html?_=1615425356602&CODE_STATE=getMsg HTTP/1.1" 200 27
180.169.147.146 - - [11/Mar/2021:09:11:37 +0800] "GET /xingrg/all/function/internal_message.html?_=1615425101594&CODE_STATE=getMsg HTTP/1.1" 200 27
116.233.75.117 - - [11/Mar/2021:09:11:39 +0800] "GET /xingrg/kc/buy/cgsh_order_operate.html?command=get_materiel&rest_code=00109&code=00101008351&supplier_code=00100005&order_time=2021-03-11 HTTP/1.1" 200 408
180.169.147.146 - - [11/Mar/2021:09:11:45 +0800] "GET /xingrg/all/function/internal_message.html?_=1615425094144&CODE_STATE=getMsg HTTP/1.1" 200 27
222.70.216.220 - - [11/Mar/2021:09:11:45 +0800] "GET /xingrg/all/function/internal_message.html?_=1615425100823&CODE_STATE=getMsg HTTP/1.1" 200 27
116.233.75.117 - - [11/Mar/2021:09:11:47 +0800] "GET /xingrg/kc/buy/cgsh_order_operate.html?command=get_materiel&rest_code=00109&code=00101008199&supplier_code=00100005&order_time=2021-03-11 HTTP/1.1" 200 408
116.233.75.117 - - [11/Mar/2021:09:11:54 +0800] "GET /xingrg/kc/buy/cgsh_order_operate.html?command=get_materiel&rest_code=00109&code=00101008141&supplier_code=00100005&order_time=2021-03-11 HTTP/1.1" 200 412
180.169.147.146 - - [11/Mar/2021:09:11:54 +0800] "GET /xingrg/all/function/internal_message.html?_=1615425108249&CODE_STATE=getMsg HTTP/1.1" 200 27
58.37.230.33 - - [11/Mar/2021:09:12:01 +0800] "GET /xingrg/all/function/internal_message.html?_=1615425121478&CODE_STATE=getMsg HTTP/1.1" 302 -
116.233.75.117 - - [11/Mar/2021:09:12:05 +0800] "GET /xingrg/all/function/internal_message.html?_=1615425123046&CODE_STATE=getMsg HTTP/1.1" 200 27
222.69.139.141 - - [11/Mar/2021:09:12:07 +0800] "GET /xingrg/all/function/internal_message.html?_=1615425124691&CODE_STATE=getMsg HTTP/1.1" 200 27
180.169.147.146 - - [11/Mar/2021:09:12:08 +0800] "GET /xingrg/all/function/internal_message.html?_=1615425128480&CODE_STATE=getMsg HTTP/1.1" 200 27
116.233.75.117 - - [11/Mar/2021:09:12:09 +0800] "GET /xingrg/kc/buy/cgsh_order_operate.html?command=get_materiel&rest_code=00109&code=00101008361&supplier_code=00100005&order_time=2021-03-11 HTTP/1.1" 200 408
58.40.7.146 - - [11/Mar/2021:09:12:10 +0800] "GET /xingrg/all/function/internal_message.html?_=1615425127659&CODE_STATE=getMsg HTTP/1.1" 302 -
116.235.216.75 - - [11/Mar/2021:09:12:10 +0800] "GET /xingrg/all/function/internal_message.html?_=1615425127757&CODE_STATE=getMsg HTTP/1.1" 200 27
116.235.216.75 - - [11/Mar/2021:09:12:10 +0800] "GET /xingrg/check_reg.html?_=1615425127842 HTTP/1.1" 200 22
117.185.32.26 - - [11/Mar/2021:09:12:11 +0800] "GET /xingrg/all/function/internal_message.html?_=1615425630930&CODE_STATE=getMsg HTTP/1.1" 200 27
61.165.42.208 - - [11/Mar/2021:09:12:11 +0800] "GET /xingrg/all/function/internal_message.html?_=1615425131968&CODE_STATE=getMsg HTTP/1.1" 200 27
61.165.42.208 - - [11/Mar/2021:09:12:12 +0800] "GET /xingrg/all/function/internal_message.html?_=1615425114722&CODE_STATE=getMsg HTTP/1.1" 302 -
116.224.253.72 - - [11/Mar/2021:09:12:15 +0800] "GET /xingrg/all/function/internal_message.html?_=1615425138976&CODE_STATE=getMsg HTTP/1.1" 200 27
116.233.75.117 - - [11/Mar/2021:09:12:18 +0800] "GET /xingrg/kc/buy/cgsh_order_operate.html?command=get_materiel&rest_code=00109&code=00101008332&supplier_code=00100005&order_time=2021-03-11 HTTP/1.1" 200 412
116.233.75.117 - - [11/Mar/2021:09:12:24 +0800] "GET /xingrg/kc/buy/cgsh_order_operate.html?command=get_materiel&rest_code=00109&code=00101008290&supplier_code=00100005&order_time=2021-03-11 HTTP/1.1" 200 416
114.86.187.76 - - [11/Mar/2021:09:12:26 +0800] "GET /xingrg/check_reg.html?_=1615425148514 HTTP/1.1" 200 22
114.86.187.76 - - [11/Mar/2021:09:12:26 +0800] "GET /xingrg/all/function/internal_message.html?_=1615425149371&CODE_STATE=getMsg HTTP/1.1" 200 27
58.221.95.50 - - [11/Mar/2021:09:12:29 +0800] "GET /xingrg/all/function/internal_message.html?_=1615425148580&CODE_STATE=getMsg HTTP/1.1" 200 27
222.69.139.141 - - [11/Mar/2021:09:12:29 +0800] "GET /xingrg/all/function/internal_message.html?_=1615425135448&CODE_STATE=getMsg HTTP/1.1" 302 -
116.233.75.117 - - [11/Mar/2021:09:12:30 +0800] "GET /xingrg/kc/buy/cgsh_order_operate.html?command=get_materiel&rest_code=00109&code=00101008298&supplier_code=00100005&order_time=2021-03-11 HTTP/1.1" 200 413
222.70.216.220 - - [11/Mar/2021:09:12:31 +0800] "GET /xingrg/all/function/internal_message.html?_=1615425146796&CODE_STATE=getMsg HTTP/1.1" 200 27
101.228.165.174 - - [11/Mar/2021:09:12:33 +0800] "GET /xingrg/all/function/internal_message.html?_=1615425194222&CODE_STATE=getMsg HTTP/1.1" 200 27
180.174.195.252 - - [11/Mar/2021:09:12:36 +0800] "GET /xingrg/check_reg.html?_=1615425415887 HTTP/1.1" 200 22
114.88.166.193 - - [11/Mar/2021:09:12:36 +0800] "GET /xingrg/all/function/internal_message.html?_=1615425152625&CODE_STATE=getMsg HTTP/1.1" 200 27
116.233.75.117 - - [11/Mar/2021:09:12:37 +0800] "GET /xingrg/kc/buy/cgsh_order_operate.html?command=get_materiel&rest_code=00109&code=00101008155&supplier_code=00100005&order_time=2021-03-11 HTTP/1.1" 200 408
180.174.195.252 - - [11/Mar/2021:09:12:37 +0800] "GET /xingrg/all/function/internal_message.html?_=1615425416621&CODE_STATE=getMsg HTTP/1.1" 200 27
180.169.147.146 - - [11/Mar/2021:09:12:37 +0800] "GET /xingrg/check_reg.html?_=1615425161600 HTTP/1.1" 200 22
180.169.147.146 - - [11/Mar/2021:09:12:37 +0800] "GET /xingrg/all/function/internal_message.html?_=1615425161600&CODE_STATE=getMsg HTTP/1.1" 200 27
116.233.75.117 - - [11/Mar/2021:09:12:45 +0800] "GET /xingrg/kc/buy/cgsh_order_operate.html?command=get_materiel&rest_code=00109&code=00101008351&supplier_code=00100005&order_time=2021-03-11 HTTP/1.1" 200 408
180.169.147.146 - - [11/Mar/2021:09:12:45 +0800] "GET /xingrg/all/function/internal_message.html?_=1615425154145&CODE_STATE=getMsg HTTP/1.1" 200 27
222.70.216.220 - - [11/Mar/2021:09:12:45 +0800] "GET /xingrg/all/function/internal_message.html?_=1615425160821&CODE_STATE=getMsg HTTP/1.1" 200 27
116.224.253.72 - - [11/Mar/2021:09:12:47 +0800] "POST /xingrg/all/user/operate.html HTTP/1.1" 200 36
116.224.253.72 - - [11/Mar/2021:09:12:47 +0800] "GET /xingrg/javascript/jquery_easy_ui/themes/default/easyui.css HTTP/1.1" 304 -
116.224.253.72 - - [11/Mar/2021:09:12:47 +0800] "GET /xingrg/index.html?sysBaseUrl=http%3A%2F%2F180.169.147.146%3A18081%2Fxingrg%2F&costTime=2445×tamp=1615339584586 HTTP/1.1" 200 17177
116.224.253.72 - - [11/Mar/2021:09:12:47 +0800] "GET /xingrg/javascript/jquery_easy_ui/themes/icon.css HTTP/1.1" 304 -
116.224.253.72 - - [11/Mar/2021:09:12:47 +0800] "GET /xingrg/css/form.css HTTP/1.1" 304 -
116.224.253.72 - - [11/Mar/2021:09:12:47 +0800] "GET /xingrg/javascript/jquery-1.4.2.min.js HTTP/1.1" 304 -
116.224.253.72 - - [11/Mar/2021:09:12:47 +0800] "GET /xingrg/javascript/jquery_easy_ui/jquery.easyui.min.js HTTP/1.1" 304 -
116.224.253.72 - - [11/Mar/2021:09:12:47 +0800] "GET /xingrg/javascript/jquery_easy_ui/easyui-lang-zh_CN.js HTTP/1.1" 304 -
116.224.253.72 - - [11/Mar/2021:09:12:47 +0800] "GET /xingrg/javascript/jquery.form.js HTTP/1.1" 304 -
116.224.253.72 - - [11/Mar/2021:09:12:47 +0800] "GET /xingrg/javascript/jquery.utils.js HTTP/1.1" 304 -
116.224.253.72 - - [11/Mar/2021:09:12:47 +0800] "GET /xingrg/javascript/jquery.timers.js HTTP/1.1" 304 -
116.224.253.72 - - [11/Mar/2021:09:12:47 +0800] "GET /xingrg/images/blue/jxLogo.png HTTP/1.1" 304 -
116.224.253.72 - - [11/Mar/2021:09:12:47 +0800] "GET /xingrg/images/blue/navBackgound.jpg HTTP/1.1" 304 -
116.224.253.72 - - [11/Mar/2021:09:12:47 +0800] "GET /xingrg/javascript/jquery_easy_ui/themes/icons/settle_new.png HTTP/1.1" 304 -
116.224.253.72 - - [11/Mar/2021:09:12:48 +0800] "POST /xingrg/all/common/load_tree.html?tree=area_rest_tree_json&manage=1 HTTP/1.1" 200 476
116.224.253.72 - - [11/Mar/2021:09:12:48 +0800] "GET /xingrg/all/function/internal_message.html?_=1615425171056&CODE_STATE=count HTTP/1.1" 200 11
116.224.253.72 - - [11/Mar/2021:09:12:48 +0800] "GET /xingrg/check_reg.html?_=1615425171058 HTTP/1.1" 200 22
116.224.253.72 - - [11/Mar/2021:09:12:48 +0800] "GET /xingrg/images/blue/pingpu.png HTTP/1.1" 304 -
116.224.253.72 - - [11/Mar/2021:09:12:48 +0800] "GET /xingrg/javascript/jquery_easy_ui/themes/default/images/tabs_leftarrow.png HTTP/1.1" 304 -
116.224.253.72 - - [11/Mar/2021:09:12:48 +0800] "GET /xingrg/javascript/jquery_easy_ui/themes/default/images/tabs_rightarrow.png HTTP/1.1" 304 -
116.224.253.72 - - [11/Mar/2021:09:12:48 +0800] "GET /xingrg/javascript/jquery_easy_ui/themes/default/images/panel_tool_collapse.gif HTTP/1.1" 304 -
116.224.253.72 - - [11/Mar/2021:09:12:48 +0800] "POST /xingrg/load_menu.html HTTP/1.1" 200 5138
116.224.253.72 - - [11/Mar/2021:09:12:49 +0800] "GET /xingrg/kc/buy/cgsh_order_list.html HTTP/1.1" 200 46370
116.224.253.72 - - [11/Mar/2021:09:12:50 +0800] "POST /xingrg/kc/buy/cgsh_list_operate.html HTTP/1.1" 200 876
116.233.75.117 - - [11/Mar/2021:09:12:51 +0800] "GET /xingrg/kc/buy/cgsh_order_operate.html?command=get_materiel&rest_code=00109&code=00101008125&supplier_code=00100005&order_time=2021-03-11 HTTP/1.1" 200 413
116.224.253.72 - - [11/Mar/2021:09:12:51 +0800] "GET /xingrg/kc/buy/cgsh_order_add.html HTTP/1.1" 200 61746
116.224.253.72 - - [11/Mar/2021:09:12:51 +0800] "GET /xingrg/words/20210310172013_words.js HTTP/1.1" 304 -
116.224.253.72 - - [11/Mar/2021:09:12:52 +0800] "POST /xingrg/kc/buy/cgsh_order_operate.html HTTP/1.1" 200 8245
116.224.253.72 - - [11/Mar/2021:09:12:52 +0800] "GET /xingrg/javascript/easyui/themes/default/validatebox.css HTTP/1.1" 404 1104
116.224.253.72 - - [11/Mar/2021:09:12:52 +0800] "GET /xingrg/all/common/auto_word.html?type=employee&rest_code=00151 HTTP/1.1" 200 243
116.224.253.72 - - [11/Mar/2021:09:12:52 +0800] "GET /xingrg/all/common/auto_word.html?type=employee&rest_code=00151 HTTP/1.1" 200 243
116.224.253.72 - - [11/Mar/2021:09:12:54 +0800] "GET /xingrg/javascript/auto/indicator.gif HTTP/1.1" 404 1066
180.169.147.146 - - [11/Mar/2021:09:12:54 +0800] "GET /xingrg/all/function/internal_message.html?_=1615425168228&CODE_STATE=getMsg HTTP/1.1" 200 27
116.233.75.117 - - [11/Mar/2021:09:12:58 +0800] "GET /xingrg/kc/buy/cgsh_order_operate.html?command=get_materiel&rest_code=00109&code=00101008096&supplier_code=00100005&order_time=2021-03-11 HTTP/1.1" 200 413
58.37.230.33 - - [11/Mar/2021:09:13:01 +0800] "GET /xingrg/all/function/internal_message.html?_=1615425181459&CODE_STATE=getMsg HTTP/1.1" 302 -
116.224.253.72 - - [11/Mar/2021:09:13:02 +0800] "GET /xingrg/kc/buy/cgsh_order_operate.html?command=get_materiel&rest_code=00151&code=00101011005&supplier_code=00100047&order_time=2021-03-11 HTTP/1.1" 200 428
116.233.75.117 - - [11/Mar/2021:09:13:05 +0800] "GET /xingrg/all/function/internal_message.html?_=1615425183042&CODE_STATE=getMsg HTTP/1.1" 200 27
116.233.75.117 - - [11/Mar/2021:09:13:07 +0800] "GET /xingrg/kc/buy/cgsh_order_operate.html?command=get_materiel&rest_code=00109&code=00101008038&supplier_code=00100005&order_time=2021-03-11 HTTP/1.1" 200 413
222.69.139.141 - - [11/Mar/2021:09:13:07 +0800] "GET /xingrg/check_reg.html?_=1615425184580 HTTP/1.1" 200 22
222.69.139.141 - - [11/Mar/2021:09:13:07 +0800] "GET /xingrg/all/function/internal_message.html?_=1615425184676&CODE_STATE=getMsg HTTP/1.1" 200 27
180.169.147.146 - - [11/Mar/2021:09:13:08 +0800] "GET /xingrg/all/function/internal_message.html?_=1615425188478&CODE_STATE=getMsg HTTP/1.1" 200 27
180.169.147.146 - - [11/Mar/2021:09:13:08 +0800] "GET /xingrg/check_reg.html?_=1615425188480 HTTP/1.1" 200 22
116.224.253.72 - - [11/Mar/2021:09:13:10 +0800] "GET /xingrg/login.html HTTP/1.1" 200 7641
58.40.7.146 - - [11/Mar/2021:09:13:10 +0800] "GET /xingrg/all/function/internal_message.html?_=1615425187662&CODE_STATE=getMsg HTTP/1.1" 302 -
58.40.7.146 - - [11/Mar/2021:09:13:10 +0800] "GET /xingrg/check_reg.html?_=1615425187663 HTTP/1.1" 302 -
116.235.216.75 - - [11/Mar/2021:09:13:10 +0800] "GET /xingrg/all/function/internal_message.html?_=1615425187736&CODE_STATE=getMsg HTTP/1.1" 200 27
116.224.253.72 - - [11/Mar/2021:09:13:10 +0800] "GET /favicon.ico HTTP/1.1" 404 -
117.185.32.26 - - [11/Mar/2021:09:13:11 +0800] "GET /xingrg/all/function/internal_message.html?_=1615425690930&CODE_STATE=getMsg HTTP/1.1" 200 27
61.165.42.208 - - [11/Mar/2021:09:13:11 +0800] "GET /xingrg/all/function/internal_message.html?_=1615425191972&CODE_STATE=getMsg HTTP/1.1" 200 27
61.165.42.208 - - [11/Mar/2021:09:13:12 +0800] "GET /xingrg/all/function/internal_message.html?_=1615425174722&CODE_STATE=getMsg HTTP/1.1" 302 -
116.224.253.72 - - [11/Mar/2021:09:13:13 +0800] "GET /xingrg/kc/buy/cgsh_order_operate.html?command=get_materiel&rest_code=00151&code=00101011001&supplier_code=00100047&order_time=2021-03-11 HTTP/1.1" 200 423
116.233.75.117 - - [11/Mar/2021:09:13:15 +0800] "GET /xingrg/kc/buy/cgsh_order_operate.html?command=get_materiel&rest_code=00109&code=00101008163&supplier_code=00100005&order_time=2021-03-11 HTTP/1.1" 200 408
116.224.253.72 - - [11/Mar/2021:09:13:19 +0800] "POST /xingrg/login.do HTTP/1.1" 302 -
116.224.253.72 - - [11/Mar/2021:09:13:19 +0800] "GET /xingrg/index.html?sysBaseUrl=http%3A%2F%2F180.169.147.146%3A18081%2Fxingrg%2F&costTime=94×tamp=1615425199385 HTTP/1.1" 200 17179
116.224.253.72 - - [11/Mar/2021:09:13:19 +0800] "GET /xingrg/javascript/jquery_easy_ui/themes/icon.css HTTP/1.1" 304 -
116.224.253.72 - - [11/Mar/2021:09:13:19 +0800] "GET /xingrg/javascript/jquery-1.4.2.min.js HTTP/1.1" 304 -
116.224.253.72 - - [11/Mar/2021:09:13:19 +0800] "GET /xingrg/css/form.css HTTP/1.1" 304 -
116.224.253.72 - - [11/Mar/2021:09:13:19 +0800] "GET /xingrg/javascript/jquery_easy_ui/themes/default/easyui.css HTTP/1.1" 304 -
116.224.253.72 - - [11/Mar/2021:09:13:19 +0800] "GET /xingrg/javascript/jquery_easy_ui/jquery.easyui.min.js HTTP/1.1" 304 -
116.224.253.72 - - [11/Mar/2021:09:13:19 +0800] "GET /xingrg/javascript/jquery_easy_ui/easyui-lang-zh_CN.js HTTP/1.1" 304 -
116.224.253.72 - - [11/Mar/2021:09:13:19 +0800] "GET /xingrg/javascript/jquery.timers.js HTTP/1.1" 304 -
116.224.253.72 - - [11/Mar/2021:09:13:19 +0800] "GET /xingrg/javascript/jquery.utils.js HTTP/1.1" 304 -
116.224.253.72 - - [11/Mar/2021:09:13:19 +0800] "GET /xingrg/javascript/jquery.form.js HTTP/1.1" 304 -
116.224.253.72 - - [11/Mar/2021:09:13:19 +0800] "POST /xingrg/all/common/load_tree.html?tree=area_rest_tree_json&manage=1 HTTP/1.1" 200 476
116.224.253.72 - - [11/Mar/2021:09:13:19 +0800] "GET /xingrg/all/function/internal_message.html?_=1615425158719&CODE_STATE=count HTTP/1.1" 200 11
116.224.253.72 - - [11/Mar/2021:09:13:19 +0800] "GET /xingrg/check_reg.html?_=1615425158720 HTTP/1.1" 200 22
116.224.253.72 - - [11/Mar/2021:09:13:19 +0800] "GET /favicon.ico HTTP/1.1" 404 -
116.224.253.72 - - [11/Mar/2021:09:13:19 +0800] "POST /xingrg/load_menu.html HTTP/1.1" 200 5138
116.224.253.72 - - [11/Mar/2021:09:13:20 +0800] "GET /xingrg/kc/buy/cgsh_order_operate.html?command=get_materiel&rest_code=00151&code=00101011010&supplier_code=00100047&order_time=2021-03-11 HTTP/1.1" 200 418
116.233.75.117 - - [11/Mar/2021:09:13:22 +0800] "GET /xingrg/kc/buy/cgsh_order_operate.html?command=get_materiel&rest_code=00109&code=00101008355&supplier_code=00100005&order_time=2021-03-11 HTTP/1.1" 200 408
116.224.253.72 - - [11/Mar/2021:09:13:24 +0800] "GET /xingrg/css/base.css HTTP/1.1" 304 -
116.224.253.72 - - [11/Mar/2021:09:13:24 +0800] "GET /xingrg/javascript/jquery_tools/datebox.css HTTP/1.1" 304 -
116.224.253.72 - - [11/Mar/2021:09:13:24 +0800] "GET /xingrg/css/site.css HTTP/1.1" 304 -
116.224.253.72 - - [11/Mar/2021:09:13:24 +0800] "GET /xingrg/javascript/easyui/themes/default/easyui.css HTTP/1.1" 304 -
116.224.253.72 - - [11/Mar/2021:09:13:24 +0800] "GET /xingrg/javascript/auto/jquery.autocomplete.css HTTP/1.1" 304 -
116.224.253.72 - - [11/Mar/2021:09:13:24 +0800] "GET /xingrg/javascript/jquery_tools/fix.css HTTP/1.1" 304 -
116.224.253.72 - - [11/Mar/2021:09:13:24 +0800] "GET /xingrg/javascript/easyui/themes/icon.css HTTP/1.1" 304 -
116.224.253.72 - - [11/Mar/2021:09:13:24 +0800] "GET /xingrg/javascript/jquery_tools/table.css HTTP/1.1" 304 -
116.224.253.72 - - [11/Mar/2021:09:13:24 +0800] "GET /xingrg/javascript/jquery_tools/jquery.tools.min.js HTTP/1.1" 304 -
116.224.253.72 - - [11/Mar/2021:09:13:24 +0800] "GET /xingrg/javascript/jquery_tools/jquery.tools.extend.js HTTP/1.1" 304 -
116.224.253.72 - - [11/Mar/2021:09:13:24 +0800] "GET /xingrg/javascript/jquery_tools/jquery.tools.hotkey.js HTTP/1.1" 304 -
116.224.253.72 - - [11/Mar/2021:09:13:24 +0800] "GET /xingrg/javascript/jquery_tools/jquery.tools.table.js HTTP/1.1" 304 -
116.224.253.72 - - [11/Mar/2021:09:13:24 +0800] "GET /xingrg/javascript/jquery_tools/list_manager.js HTTP/1.1" 304 -
116.224.253.72 - - [11/Mar/2021:09:13:24 +0800] "GET /xingrg/javascript/auto/jquery.autocomplete.js HTTP/1.1" 304 -
116.224.253.72 - - [11/Mar/2021:09:13:24 +0800] "GET /xingrg/javascript/print/LodopFuncs.js HTTP/1.1" 304 -
116.224.253.72 - - [11/Mar/2021:09:13:24 +0800] "GET /xingrg/javascript/jquery.cookie.js HTTP/1.1" 304 -
116.224.253.72 - - [11/Mar/2021:09:13:24 +0800] "GET /xingrg/javascript/easyui/easyloader.js HTTP/1.1" 304 -
116.224.253.72 - - [11/Mar/2021:09:13:24 +0800] "GET /xingrg/kc/buy/cgsh_order_list.html HTTP/1.1" 200 46372
116.224.253.72 - - [11/Mar/2021:09:13:25 +0800] "GET /xingrg/javascript/easyui/plugins/jquery.parser.js HTTP/1.1" 304 -
114.86.187.76 - - [11/Mar/2021:09:13:26 +0800] "GET /xingrg/all/function/internal_message.html?_=1615425209385&CODE_STATE=getMsg HTTP/1.1" 200 27
116.224.253.72 - - [11/Mar/2021:09:13:28 +0800] "POST /xingrg/kc/buy/cgsh_order_operate.html HTTP/1.1" 200 37
116.224.253.72 - - [11/Mar/2021:09:13:28 +0800] "POST /xingrg/kc/buy/cgsh_list_operate.html HTTP/1.1" 200 876
58.221.95.50 - - [11/Mar/2021:09:13:29 +0800] "GET /xingrg/all/function/internal_message.html?_=1615425208582&CODE_STATE=getMsg HTTP/1.1" 200 27
58.221.95.50 - - [11/Mar/2021:09:13:29 +0800] "GET /xingrg/check_reg.html?_=1615425208581 HTTP/1.1" 200 22
222.69.139.141 - - [11/Mar/2021:09:13:29 +0800] "GET /xingrg/all/function/internal_message.html?_=1615425195452&CODE_STATE=getMsg HTTP/1.1" 302 -
116.233.75.117 - - [11/Mar/2021:09:13:30 +0800] "GET /xingrg/kc/buy/cgsh_order_operate.html?command=get_materiel&rest_code=00109&code=00101008264&supplier_code=00100005&order_time=2021-03-11 HTTP/1.1" 200 412
222.70.216.220 - - [11/Mar/2021:09:13:31 +0800] "GET /xingrg/all/function/internal_message.html?_=1615425206784&CODE_STATE=getMsg HTTP/1.1" 200 27
222.70.216.220 - - [11/Mar/2021:09:13:31 +0800] "GET /xingrg/check_reg.html?_=1615425206783 HTTP/1.1" 200 22
116.224.253.72 - - [11/Mar/2021:09:13:32 +0800] "GET /xingrg/javascript/print/kc_print.js HTTP/1.1" 304 -
116.224.253.72 - - [11/Mar/2021:09:13:32 +0800] "GET /xingrg/javascript/jquery_tools/order_manager.js HTTP/1.1" 304 -
116.224.253.72 - - [11/Mar/2021:09:13:32 +0800] "GET /xingrg/javascript/convert.js HTTP/1.1" 304 -
116.224.253.72 - - [11/Mar/2021:09:13:32 +0800] "GET /xingrg/javascript/pic_change.js HTTP/1.1" 304 -
116.224.253.72 - - [11/Mar/2021:09:13:32 +0800] "GET /xingrg/javascript/json2.js HTTP/1.1" 304 -
116.224.253.72 - - [11/Mar/2021:09:13:32 +0800] "GET /xingrg/words/20210310172013_words.js HTTP/1.1" 200 798711
116.224.253.72 - - [11/Mar/2021:09:13:32 +0800] "GET /xingrg/kc/buy/cgsh_order_add.html HTTP/1.1" 200 62040
101.228.165.174 - - [11/Mar/2021:09:13:33 +0800] "GET /xingrg/all/function/internal_message.html?_=1615425254224&CODE_STATE=getMsg HTTP/1.1" 200 27
116.224.253.72 - - [11/Mar/2021:09:13:33 +0800] "POST /xingrg/kc/buy/cgsh_order_operate.html HTTP/1.1" 200 8245
116.224.253.72 - - [11/Mar/2021:09:13:33 +0800] "POST /xingrg/kc/buy/cgsh_order_operate.html HTTP/1.1" 200 12
116.224.253.72 - - [11/Mar/2021:09:13:33 +0800] "GET /xingrg/all/common/auto_word.html?type=employee&rest_code=00150 HTTP/1.1" 200 205
116.224.253.72 - - [11/Mar/2021:09:13:33 +0800] "GET /xingrg/all/common/auto_word.html?type=employee&rest_code=00150 HTTP/1.1" 200 205
116.224.253.72 - - [11/Mar/2021:09:13:33 +0800] "GET /xingrg/javascript/easyui/plugins/jquery.validatebox.js HTTP/1.1" 304 -
116.224.253.72 - - [11/Mar/2021:09:13:33 +0800] "GET /xingrg/javascript/easyui/themes/default/validatebox.css HTTP/1.1" 404 1104
116.224.253.72 - - [11/Mar/2021:09:13:33 +0800] "GET /xingrg/javascript/easyui/plugins/jquery.numberbox.js HTTP/1.1" 304 -
116.224.253.72 - - [11/Mar/2021:09:13:34 +0800] "GET /xingrg/kc/buy/cgsh_order_info.html?code=212021031104381 HTTP/1.1" 200 56648
116.224.253.72 - - [11/Mar/2021:09:13:34 +0800] "GET /xingrg/javascript/auto/indicator.gif HTTP/1.1" 404 1066
116.224.253.72 - - [11/Mar/2021:09:13:34 +0800] "GET /xingrg/javascript/easyui/themes/default/validatebox.css HTTP/1.1" 404 1104
116.224.253.72 - - [11/Mar/2021:09:13:35 +0800] "POST /xingrg/kc/buy/cgsh_order_operate.html HTTP/1.1" 200 1828
116.224.253.72 - - [11/Mar/2021:09:13:36 +0800] "GET /xingrg/kc/print/load_config.html?kc_code=cgsh HTTP/1.1" 200 1845
114.88.166.193 - - [11/Mar/2021:09:13:36 +0800] "GET /xingrg/all/function/internal_message.html?_=1615425212632&CODE_STATE=getMsg HTTP/1.1" 200 27
116.224.253.72 - - [11/Mar/2021:09:13:36 +0800] "GET /xingrg/kc/print/load_data.html?order_code=212021031104381&kc_code=cgsh&condition= HTTP/1.1" 200 1244
180.169.147.146 - - [11/Mar/2021:09:13:37 +0800] "GET /xingrg/all/function/internal_message.html?_=1615425221595&CODE_STATE=getMsg HTTP/1.1" 200 27
116.233.75.117 - - [11/Mar/2021:09:13:37 +0800] "GET /xingrg/kc/buy/cgsh_order_operate.html?command=get_materiel&rest_code=00109&code=00101008230&supplier_code=00100005&order_time=2021-03-11 HTTP/1.1" 200 408
180.174.195.252 - - [11/Mar/2021:09:13:37 +0800] "GET /xingrg/all/function/internal_message.html?_=1615425476629&CODE_STATE=getMsg HTTP/1.1" 200 27
116.224.253.72 - - [11/Mar/2021:09:13:43 +0800] "GET /xingrg/kc/buy/cgsh_order_operate.html?command=get_materiel&rest_code=00150&code=00101008323&supplier_code=00100007&order_time=2021-03-11 HTTP/1.1" 200 408
116.233.75.117 - - [11/Mar/2021:09:13:44 +0800] "GET /xingrg/kc/buy/cgsh_order_operate.html?command=get_materiel&rest_code=00109&code=00101008069&supplier_code=00100005&order_time=2021-03-11 HTTP/1.1" 200 412
180.169.147.146 - - [11/Mar/2021:09:13:45 +0800] "GET /xingrg/all/function/internal_message.html?_=1615425214146&CODE_STATE=getMsg HTTP/1.1" 200 27
222.70.216.220 - - [11/Mar/2021:09:13:45 +0800] "GET /xingrg/all/function/internal_message.html?_=1615425220823&CODE_STATE=getMsg HTTP/1.1" 200 27
116.233.75.117 - - [11/Mar/2021:09:13:46 +0800] "POST /xingrg/kc/buy/cgsh_order_operate.html HTTP/1.1" 200 2065
116.224.253.72 - - [11/Mar/2021:09:13:48 +0800] "GET /xingrg/all/function/internal_message.html?_=1615425231074&CODE_STATE=getMsg HTTP/1.1" 200 27
180.174.195.252 - - [11/Mar/2021:09:13:50 +0800] "GET /xingrg/css/site.css HTTP/1.1" 200 7541
180.174.195.252 - - [11/Mar/2021:09:13:50 +0800] "GET /xingrg/css/base.css HTTP/1.1" 200 2811
180.174.195.252 - - [11/Mar/2021:09:13:50 +0800] "GET /xingrg/javascript/jquery_tools/datebox.css HTTP/1.1" 200 2597
116.233.75.117 - - [11/Mar/2021:09:13:51 +0800] "GET /xingrg/kc/buy/cgsh_order_operate.html?command=get_materiel&rest_code=00109&code=00101008006&supplier_code=00100005&order_time=2021-03-11 HTTP/1.1" 200 416
180.174.195.252 - - [11/Mar/2021:09:13:51 +0800] "GET /xingrg/javascript/easyui/themes/icon.css HTTP/1.1" 200 4483
180.174.195.252 - - [11/Mar/2021:09:13:51 +0800] "GET /xingrg/javascript/jquery_tools/fix.css HTTP/1.1" 200 1702
180.174.195.252 - - [11/Mar/2021:09:13:51 +0800] "GET /xingrg/javascript/jquery_tools/table.css HTTP/1.1" 200 1032
180.174.195.252 - - [11/Mar/2021:09:13:51 +0800] "GET /xingrg/javascript/jquery_tools/jquery.tools.hotkey.js HTTP/1.1" 200 3242
180.174.195.252 - - [11/Mar/2021:09:13:51 +0800] "GET /xingrg/javascript/jquery_tools/jquery.tools.min.js HTTP/1.1" 200 138801
180.174.195.252 - - [11/Mar/2021:09:13:51 +0800] "GET /xingrg/javascript/jquery_tools/list_manager.js HTTP/1.1" 200 3652
180.174.195.252 - - [11/Mar/2021:09:13:51 +0800] "GET /xingrg/javascript/jquery_tools/jquery.tools.table.js HTTP/1.1" 200 6994
180.174.195.252 - - [11/Mar/2021:09:13:51 +0800] "GET /xingrg/javascript/easyui/easyloader.js HTTP/1.1" 200 5975
180.174.195.252 - - [11/Mar/2021:09:13:51 +0800] "GET /xingrg/javascript/jquery.cookie.js HTTP/1.1" 200 5513
180.174.195.252 - - [11/Mar/2021:09:13:51 +0800] "GET /xingrg/kc/buy/cgsh_order_list.html HTTP/1.1" 200 46366
180.174.195.252 - - [11/Mar/2021:09:13:51 +0800] "GET /xingrg/javascript/jquery_tools/jquery.tools.extend.js HTTP/1.1" 200 15385
180.174.195.252 - - [11/Mar/2021:09:13:51 +0800] "GET /xingrg/javascript/easyui/themes/default/easyui.css HTTP/1.1" 200 30432
180.174.195.252 - - [11/Mar/2021:09:13:53 +0800] "GET /xingrg/javascript/easyui/themes/icons/cance_new.png HTTP/1.1" 200 3986
180.174.195.252 - - [11/Mar/2021:09:13:53 +0800] "GET /xingrg/javascript/easyui/themes/icons/import_new.png HTTP/1.1" 200 1247
180.174.195.252 - - [11/Mar/2021:09:13:53 +0800] "GET /xingrg/javascript/easyui/themes/icons/check_new.png HTTP/1.1" 200 3224
180.174.195.252 - - [11/Mar/2021:09:13:53 +0800] "GET /xingrg/javascript/easyui/themes/icons/field_new.png HTTP/1.1" 200 1097
180.174.195.252 - - [11/Mar/2021:09:13:53 +0800] "GET /xingrg/javascript/easyui/themes/icons/edit_add_new.png HTTP/1.1" 200 2997
180.174.195.252 - - [11/Mar/2021:09:13:54 +0800] "GET /xingrg/javascript/easyui/plugins/jquery.parser.js HTTP/1.1" 200 1142
180.174.195.252 - - [11/Mar/2021:09:13:54 +0800] "GET /xingrg/images/control/ajaxLoader.gif HTTP/1.1" 200 4659
116.224.253.72 - - [11/Mar/2021:09:13:54 +0800] "GET /xingrg/kc/buy/cgsh_order_add.html HTTP/1.1" 200 61746
180.169.147.146 - - [11/Mar/2021:09:13:54 +0800] "GET /xingrg/all/function/internal_message.html?_=1615425228205&CODE_STATE=getMsg HTTP/1.1" 200 27
116.224.253.72 - - [11/Mar/2021:09:13:54 +0800] "POST /xingrg/kc/buy/cgsh_order_operate.html HTTP/1.1" 200 8245
116.224.253.72 - - [11/Mar/2021:09:13:54 +0800] "GET /xingrg/javascript/easyui/themes/default/validatebox.css HTTP/1.1" 404 1104
180.174.195.252 - - [11/Mar/2021:09:13:55 +0800] "POST /xingrg/kc/buy/cgsh_list_operate.html HTTP/1.1" 200 876
116.224.253.72 - - [11/Mar/2021:09:13:56 +0800] "GET /xingrg/kc/buy/cgsh_order_operate.html?command=get_materiel&rest_code=00150&code=00101010271&supplier_code=00100007&order_time=2021-03-11 HTTP/1.1" 200 421
116.233.75.117 - - [11/Mar/2021:09:14:00 +0800] "GET /xingrg/kc/buy/cgsh_order_operate.html?command=get_materiel&rest_code=00109&code=00101008318&supplier_code=00100005&order_time=2021-03-11 HTTP/1.1" 200 408
58.37.230.33 - - [11/Mar/2021:09:14:01 +0800] "GET /xingrg/all/function/internal_message.html?_=1615425241429&CODE_STATE=getMsg HTTP/1.1" 302 -
180.174.195.252 - - [11/Mar/2021:09:14:04 +0800] "GET /xingrg/javascript/easyui/themes/default/images/button_plain_hover.png HTTP/1.1" 200 144
116.224.253.72 - - [11/Mar/2021:09:14:04 +0800] "GET /xingrg/kc/buy/cgsh_order_operate.html?command=get_materiel&rest_code=00150&code=00101008042&supplier_code=00100007&order_time=2021-03-11 HTTP/1.1" 200 435
180.174.195.252 - - [11/Mar/2021:09:14:05 +0800] "GET /xingrg/javascript/convert.js HTTP/1.1" 200 1239
180.174.195.252 - - [11/Mar/2021:09:14:05 +0800] "GET /xingrg/javascript/jquery_tools/order_manager.js HTTP/1.1" 200 11183
180.174.195.252 - - [11/Mar/2021:09:14:05 +0800] "GET /xingrg/javascript/json2.js HTTP/1.1" 200 11259
180.174.195.252 - - [11/Mar/2021:09:14:05 +0800] "GET /xingrg/kc/buy/cgsh_order_add.html HTTP/1.1" 200 62063
116.233.75.117 - - [11/Mar/2021:09:14:05 +0800] "GET /xingrg/all/function/internal_message.html?_=1615425243044&CODE_STATE=getMsg HTTP/1.1" 200 27
222.70.216.220 - - [11/Mar/2021:09:14:06 +0800] "GET /xingrg/check_reg.html?_=1615425241859 HTTP/1.1" 200 22
180.174.195.252 - - [11/Mar/2021:09:14:07 +0800] "GET /xingrg/javascript/easyui/themes/icons/template_new.png HTTP/1.1" 200 3956
180.174.195.252 - - [11/Mar/2021:09:14:07 +0800] "GET /xingrg/javascript/easyui/themes/icons/ok.png HTTP/1.1" 200 883
180.174.195.252 - - [11/Mar/2021:09:14:07 +0800] "GET /xingrg/javascript/easyui/themes/icons/copy_new.png HTTP/1.1" 200 815
180.174.195.252 - - [11/Mar/2021:09:14:07 +0800] "GET /xingrg/javascript/easyui/themes/icons/print.png HTTP/1.1" 200 1057
180.174.195.252 - - [11/Mar/2021:09:14:07 +0800] "GET /xingrg/javascript/easyui/themes/icons/cancel.png HTTP/1.1" 200 1133
180.174.195.252 - - [11/Mar/2021:09:14:07 +0800] "GET /xingrg/javascript/easyui/themes/default/images/menu_downarrow.png HTTP/1.1" 200 173
116.233.75.117 - - [11/Mar/2021:09:14:07 +0800] "GET /xingrg/kc/buy/cgsh_order_operate.html?command=get_materiel&rest_code=00109&code=00101008098&supplier_code=00100005&order_time=2021-03-11 HTTP/1.1" 200 412
116.224.253.72 - - [11/Mar/2021:09:14:07 +0800] "GET /xingrg/kc/buy/cgsh_order_operate.html?command=get_materiel&rest_code=00151&code=00101007022&supplier_code=00100096&order_time=2021-03-11 HTTP/1.1" 200 413
222.69.139.141 - - [11/Mar/2021:09:14:07 +0800] "GET /xingrg/all/function/internal_message.html?_=1615425244671&CODE_STATE=getMsg HTTP/1.1" 200 27
180.174.195.252 - - [11/Mar/2021:09:14:08 +0800] "POST /xingrg/kc/buy/cgsh_order_operate.html HTTP/1.1" 200 8245
180.174.195.252 - - [11/Mar/2021:09:14:08 +0800] "GET /xingrg/javascript/easyui/themes/icons/edit_remove.png HTTP/1.1" 200 625
180.169.147.146 - - [11/Mar/2021:09:14:08 +0800] "GET /xingrg/all/function/internal_message.html?_=1615425248481&CODE_STATE=getMsg HTTP/1.1" 200 27
180.174.195.252 - - [11/Mar/2021:09:14:08 +0800] "GET /xingrg/javascript/easyui/themes/default/validatebox.css HTTP/1.1" 404 1104
180.174.195.252 - - [11/Mar/2021:09:14:09 +0800] "GET /xingrg/javascript/easyui/plugins/jquery.validatebox.js HTTP/1.1" 200 6103
180.174.195.252 - - [11/Mar/2021:09:14:09 +0800] "GET /xingrg/all/common/auto_word.html?type=employee&rest_code=00102 HTTP/1.1" 200 189
180.174.195.252 - - [11/Mar/2021:09:14:09 +0800] "GET /xingrg/all/common/auto_word.html?type=employee&rest_code=00102 HTTP/1.1" 200 189
180.174.195.252 - - [11/Mar/2021:09:14:09 +0800] "GET /xingrg/javascript/easyui/plugins/jquery.numberbox.js HTTP/1.1" 200 5213
58.40.7.146 - - [11/Mar/2021:09:14:10 +0800] "GET /xingrg/all/function/internal_message.html?_=1615425247664&CODE_STATE=getMsg HTTP/1.1" 302 -
116.235.216.75 - - [11/Mar/2021:09:14:10 +0800] "GET /xingrg/all/function/internal_message.html?_=1615425247709&CODE_STATE=getMsg HTTP/1.1" 200 27
117.185.32.26 - - [11/Mar/2021:09:14:11 +0800] "GET /xingrg/all/function/internal_message.html?_=1615425750930&CODE_STATE=getMsg HTTP/1.1" 200 27
61.165.42.208 - - [11/Mar/2021:09:14:11 +0800] "GET /xingrg/all/function/internal_message.html?_=1615425251973&CODE_STATE=getMsg HTTP/1.1" 200 27
61.165.42.208 - - [11/Mar/2021:09:14:11 +0800] "GET /xingrg/check_reg.html?_=1615425251977 HTTP/1.1" 200 22
180.174.195.252 - - [11/Mar/2021:09:14:12 +0800] "GET /xingrg/javascript/auto/indicator.gif HTTP/1.1" 404 1066
61.165.42.208 - - [11/Mar/2021:09:14:12 +0800] "GET /xingrg/all/function/internal_message.html?_=1615425234720&CODE_STATE=getMsg HTTP/1.1" 302 -
61.165.42.208 - - [11/Mar/2021:09:14:12 +0800] "GET /xingrg/check_reg.html?_=1615425234723 HTTP/1.1" 302 -
116.233.75.117 - - [11/Mar/2021:09:14:14 +0800] "GET /xingrg/kc/buy/cgsh_order_operate.html?command=get_materiel&rest_code=00109&code=00101008005&supplier_code=00100005&order_time=2021-03-11 HTTP/1.1" 200 412
180.169.147.146 - - [11/Mar/2021:09:14:16 +0800] "GET /xingrg/check_reg.html?_=1615425249802 HTTP/1.1" 200 22
116.224.253.72 - - [11/Mar/2021:09:14:19 +0800] "GET /xingrg/all/function/internal_message.html?_=1615425218732&CODE_STATE=getMsg HTTP/1.1" 200 27
116.224.253.72 - - [11/Mar/2021:09:14:20 +0800] "GET /xingrg/kc/buy/cgsh_order_operate.html?command=get_materiel&rest_code=00150&code=00101008349&supplier_code=00100007&order_time=2021-03-11 HTTP/1.1" 200 412
116.233.75.117 - - [11/Mar/2021:09:14:22 +0800] "GET /xingrg/kc/buy/cgsh_order_operate.html?command=get_materiel&rest_code=00109&code=00101008353&supplier_code=00100005&order_time=2021-03-11 HTTP/1.1" 200 408
116.233.75.117 - - [11/Mar/2021:09:14:24 +0800] "POST /xingrg/kc/buy/cgsh_order_operate.html HTTP/1.1" 200 2065
114.86.187.76 - - [11/Mar/2021:09:14:26 +0800] "GET /xingrg/all/function/internal_message.html?_=1615425269398&CODE_STATE=getMsg HTTP/1.1" 200 27
116.233.75.117 - - [11/Mar/2021:09:14:28 +0800] "GET /xingrg/kc/buy/cgsh_order_operate.html?command=get_materiel&rest_code=00109&code=00101008095&supplier_code=00100005&order_time=2021-03-11 HTTP/1.1" 200 413
58.221.95.50 - - [11/Mar/2021:09:14:29 +0800] "GET /xingrg/all/function/internal_message.html?_=1615425268575&CODE_STATE=getMsg HTTP/1.1" 200 27
222.69.139.141 - - [11/Mar/2021:09:14:29 +0800] "GET /xingrg/all/function/internal_message.html?_=1615425255453&CODE_STATE=getMsg HTTP/1.1" 302 -
222.69.139.141 - - [11/Mar/2021:09:14:29 +0800] "GET /xingrg/check_reg.html?_=1615425255456 HTTP/1.1" 302 -
116.224.253.72 - - [11/Mar/2021:09:14:31 +0800] "GET /xingrg/kc/buy/cgsh_order_operate.html?command=get_materiel&rest_code=00150&code=00101008354&supplier_code=00100007&order_time=2021-03-11 HTTP/1.1" 200 412
116.224.253.72 - - [11/Mar/2021:09:14:31 +0800] "GET /xingrg/kc/buy/cgsh_order_operate.html?command=get_materiel&rest_code=00151&code=00101016105&supplier_code=00100096&order_time=2021-03-11 HTTP/1.1" 200 411
222.70.216.220 - - [11/Mar/2021:09:14:31 +0800] "GET /xingrg/all/function/internal_message.html?_=1615425266786&CODE_STATE=getMsg HTTP/1.1" 200 27
101.228.165.174 - - [11/Mar/2021:09:14:33 +0800] "GET /xingrg/all/function/internal_message.html?_=1615425314369&CODE_STATE=getMsg HTTP/1.1" 200 27
116.233.75.117 - - [11/Mar/2021:09:14:35 +0800] "GET /xingrg/kc/buy/cgsh_order_operate.html?command=get_materiel&rest_code=00109&code=00101008196&supplier_code=00100005&order_time=2021-03-11 HTTP/1.1" 200 416
114.88.166.193 - - [11/Mar/2021:09:14:36 +0800] "GET /xingrg/check_reg.html?_=1615425272279 HTTP/1.1" 200 22
114.88.166.193 - - [11/Mar/2021:09:14:36 +0800] "GET /xingrg/all/function/internal_message.html?_=1615425272644&CODE_STATE=getMsg HTTP/1.1" 200 27
180.174.195.252 - - [11/Mar/2021:09:14:37 +0800] "GET /xingrg/all/function/internal_message.html?_=1615425536660&CODE_STATE=getMsg HTTP/1.1" 200 27
180.169.147.146 - - [11/Mar/2021:09:14:37 +0800] "GET /xingrg/all/function/internal_message.html?_=1615425281595&CODE_STATE=getMsg HTTP/1.1" 200 27
116.233.75.117 - - [11/Mar/2021:09:14:38 +0800] "GET /xingrg/javascript/auto/indicator.gif HTTP/1.1" 404 1066
116.224.253.72 - - [11/Mar/2021:09:14:38 +0800] "GET /xingrg/kc/buy/cgsh_order_operate.html?command=get_materiel&rest_code=00150&code=00101008096&supplier_code=00100007&order_time=2021-03-11 HTTP/1.1" 200 413
101.228.165.174 - - [11/Mar/2021:09:14:40 +0800] "GET /xingrg/check_reg.html?_=1615425321477 HTTP/1.1" 200 22
116.233.75.117 - - [11/Mar/2021:09:14:43 +0800] "GET /xingrg/kc/buy/cgsh_order_operate.html?command=get_materiel&rest_code=00109&code=00101008197&supplier_code=00100005&order_time=2021-03-11 HTTP/1.1" 200 416
180.169.147.146 - - [11/Mar/2021:09:14:45 +0800] "GET /xingrg/check_reg.html?_=1615425274149 HTTP/1.1" 200 22
180.169.147.146 - - [11/Mar/2021:09:14:45 +0800] "GET /xingrg/all/function/internal_message.html?_=1615425274147&CODE_STATE=getMsg HTTP/1.1" 200 27
222.70.216.220 - - [11/Mar/2021:09:14:45 +0800] "GET /xingrg/all/function/internal_message.html?_=1615425280824&CODE_STATE=getMsg HTTP/1.1" 200 27
116.224.253.72 - - [11/Mar/2021:09:14:48 +0800] "GET /xingrg/all/function/internal_message.html?_=1615425291063&CODE_STATE=getMsg HTTP/1.1" 200 27
116.233.75.117 - - [11/Mar/2021:09:14:50 +0800] "POST /xingrg/kc/buy/cgsh_order_operate.html HTTP/1.1" 200 37
116.224.253.72 - - [11/Mar/2021:09:14:52 +0800] "GET /xingrg/kc/buy/cgsh_order_operate.html?command=get_materiel&rest_code=00151&code=00101012070&supplier_code=00100096&order_time=2021-03-11 HTTP/1.1" 200 398
116.224.253.72 - - [11/Mar/2021:09:14:52 +0800] "GET /xingrg/kc/buy/cgsh_order_operate.html?command=get_materiel&rest_code=00150&code=00101008032&supplier_code=00100007&order_time=2021-03-11 HTTP/1.1" 200 408
180.169.147.146 - - [11/Mar/2021:09:14:54 +0800] "GET /xingrg/all/function/internal_message.html?_=1615425288184&CODE_STATE=getMsg HTTP/1.1" 200 27
116.224.253.72 - - [11/Mar/2021:09:14:59 +0800] "GET /xingrg/kc/buy/cgsh_order_operate.html?command=get_materiel&rest_code=00151&code=00101012059&supplier_code=00100096&order_time=2021-03-11 HTTP/1.1" 200 413
58.37.230.33 - - [11/Mar/2021:09:15:01 +0800] "GET /xingrg/all/function/internal_message.html?_=1615425301401&CODE_STATE=getMsg HTTP/1.1" 302 -
116.224.253.72 - - [11/Mar/2021:09:15:02 +0800] "GET /xingrg/kc/buy/cgsh_order_operate.html?command=get_materiel&rest_code=00150&code=00101008163&supplier_code=00100007&order_time=2021-03-11 HTTP/1.1" 200 408
116.224.253.72 - - [11/Mar/2021:09:15:06 +0800] "GET /xingrg/kc/buy/cgsh_order_operate.html?command=get_materiel&rest_code=00151&code=00101001075&supplier_code=00100096&order_time=2021-03-11 HTTP/1.1" 200 409
222.69.139.141 - - [11/Mar/2021:09:15:07 +0800] "GET /xingrg/all/function/internal_message.html?_=1615425304679&CODE_STATE=getMsg HTTP/1.1" 200 27
180.169.147.146 - - [11/Mar/2021:09:15:08 +0800] "GET /xingrg/all/function/internal_message.html?_=1615425308496&CODE_STATE=getMsg HTTP/1.1" 200 27
58.37.230.33 - - [11/Mar/2021:09:15:09 +0800] "GET /xingrg/check_reg.html?_=1615425309249 HTTP/1.1" 302 -
116.235.216.75 - - [11/Mar/2021:09:15:10 +0800] "GET /xingrg/all/function/internal_message.html?_=1615425307693&CODE_STATE=getMsg HTTP/1.1" 200 27
58.40.7.146 - - [11/Mar/2021:09:15:10 +0800] "GET /xingrg/all/function/internal_message.html?_=1615425307667&CODE_STATE=getMsg HTTP/1.1" 302 -
116.224.253.72 - - [11/Mar/2021:09:15:11 +0800] "GET /xingrg/kc/buy/cgsh_order_operate.html?command=get_materiel&rest_code=00150&code=00101008141&supplier_code=00100007&order_time=2021-03-11 HTTP/1.1" 200 412
117.185.32.26 - - [11/Mar/2021:09:15:11 +0800] "GET /xingrg/all/function/internal_message.html?_=1615425810930&CODE_STATE=getMsg HTTP/1.1" 200 27
117.185.32.26 - - [11/Mar/2021:09:15:11 +0800] "GET /xingrg/check_reg.html?_=1615425810933 HTTP/1.1" 200 22
61.165.42.208 - - [11/Mar/2021:09:15:11 +0800] "GET /xingrg/all/function/internal_message.html?_=1615425311979&CODE_STATE=getMsg HTTP/1.1" 200 27
61.165.42.208 - - [11/Mar/2021:09:15:12 +0800] "GET /xingrg/all/function/internal_message.html?_=1615425294724&CODE_STATE=getMsg HTTP/1.1" 302 -
