180.169.147.146 - - [10/Mar/2021:10:40:22 +0800] "GET /xingrg/all/function/internal_message.html?_=1615344012360&CODE_STATE=getMsg HTTP/1.1" 200 27
120.253.135.82 - - [10/Mar/2021:10:40:22 +0800] "GET /xingrg/all/function/internal_message.html?_=1615344022616&CODE_STATE=getMsg HTTP/1.1" 200 27
116.232.52.236 - - [10/Mar/2021:10:40:24 +0800] "GET /xingrg/all/function/internal_message.html?_=1615344024051&CODE_STATE=getMsg HTTP/1.1" 200 27
61.165.42.208 - - [10/Mar/2021:10:40:24 +0800] "GET /xingrg/kc/buy/cgsh_order_info.html?code=212021031003979 HTTP/1.1" 200 62163
61.165.42.208 - - [10/Mar/2021:10:40:24 +0800] "GET /xingrg/words/20210310103140_words.js HTTP/1.1" 304 -
61.165.42.208 - - [10/Mar/2021:10:40:24 +0800] "GET /xingrg/javascript/easyui/themes/default/validatebox.css HTTP/1.1" 404 1104
61.165.42.208 - - [10/Mar/2021:10:40:24 +0800] "GET /xingrg/all/common/auto_word.html?type=employee&rest_code=00105 HTTP/1.1" 200 193
61.165.42.208 - - [10/Mar/2021:10:40:24 +0800] "GET /xingrg/all/common/auto_word.html?type=employee&rest_code=00105 HTTP/1.1" 200 193
61.165.42.208 - - [10/Mar/2021:10:40:25 +0800] "POST /xingrg/kc/buy/cgsh_order_operate.html HTTP/1.1" 200 2659
116.224.253.72 - - [10/Mar/2021:10:40:25 +0800] "POST /xingrg/dwr/call/plaincall/AjaxYddbService.objCheckOrder.dwr HTTP/1.1" 200 78
58.37.230.33 - - [10/Mar/2021:10:40:26 +0800] "GET /xingrg/all/function/internal_message.html?_=1615344027673&CODE_STATE=getMsg HTTP/1.1" 200 27
61.165.42.208 - - [10/Mar/2021:10:40:26 +0800] "GET /xingrg/kc/print/load_config.html?kc_code=cgsh HTTP/1.1" 200 1845
61.165.42.208 - - [10/Mar/2021:10:40:27 +0800] "GET /xingrg/kc/print/load_data.html?order_code=212021031003979&kc_code=cgsh&condition= HTTP/1.1" 200 675
114.88.166.193 - - [10/Mar/2021:10:40:27 +0800] "GET /xingrg/kc/buy/cgsh_order_operate.html?command=get_materiel&rest_code=00111&code=00101001019&supplier_code=00100318&order_time=2021-03-10 HTTP/1.1" 200 415
116.224.253.72 - - [10/Mar/2021:10:40:27 +0800] "GET /xingrg/kc/base/yddb_order_info.html?code=482021031000063 HTTP/1.1" 200 31072
116.224.253.72 - - [10/Mar/2021:10:40:27 +0800] "GET /xingrg/dwr/interface/AjaxYddbService.js HTTP/1.1" 200 13201
116.224.253.72 - - [10/Mar/2021:10:40:27 +0800] "GET /xingrg/dwr/interface/AjaxComOrderService.js HTTP/1.1" 200 18264
116.224.253.72 - - [10/Mar/2021:10:40:27 +0800] "GET /xingrg/dwr/engine.js HTTP/1.1" 200 43631
116.224.253.72 - - [10/Mar/2021:10:40:27 +0800] "POST /xingrg/dwr/call/plaincall/AjaxYddbService.loadMaterielItems.dwr HTTP/1.1" 200 432
222.69.138.56 - - [10/Mar/2021:10:40:29 +0800] "POST /xingrg/kc/buy/cgsh_list_operate.html HTTP/1.1" 200 876
61.165.42.208 - - [10/Mar/2021:10:40:29 +0800] "GET /xingrg/all/function/internal_message.html?_=1615344029955&CODE_STATE=getMsg HTTP/1.1" 200 27
61.165.42.208 - - [10/Mar/2021:10:40:31 +0800] "GET /xingrg/kc/buy/cgsh_order_add.html HTTP/1.1" 200 62151
61.165.42.208 - - [10/Mar/2021:10:40:31 +0800] "GET /xingrg/javascript/easyui/themes/default/validatebox.css HTTP/1.1" 404 1104
61.165.42.208 - - [10/Mar/2021:10:40:31 +0800] "POST /xingrg/kc/buy/cgsh_order_operate.html HTTP/1.1" 200 8245
61.165.42.208 - - [10/Mar/2021:10:40:31 +0800] "GET /xingrg/javascript/auto/indicator.gif HTTP/1.1" 404 1066
222.69.138.56 - - [10/Mar/2021:10:40:32 +0800] "POST /xingrg/kc/buy/cgsh_list_operate.html HTTP/1.1" 200 876
58.37.230.33 - - [10/Mar/2021:10:40:32 +0800] "GET /xingrg/all/function/internal_message.html?_=1615344032239&CODE_STATE=getMsg HTTP/1.1" 302 -
116.224.253.72 - - [10/Mar/2021:10:40:33 +0800] "GET /xingrg/all/function/internal_message.html?_=1615344036818&CODE_STATE=getMsg HTTP/1.1" 200 27
117.185.32.26 - - [10/Mar/2021:10:40:33 +0800] "GET /xingrg/kc/base/base_main.html HTTP/1.1" 200 12142
222.70.216.220 - - [10/Mar/2021:10:40:34 +0800] "GET /xingrg/all/function/internal_message.html?_=1615344032015&CODE_STATE=getMsg HTTP/1.1" 302 -
222.70.216.220 - - [10/Mar/2021:10:40:34 +0800] "GET /xingrg/check_reg.html?_=1615344032018 HTTP/1.1" 302 -
117.185.32.26 - - [10/Mar/2021:10:40:36 +0800] "GET /xingrg/kc/base/wldb_order_list.html HTTP/1.1" 200 19339
117.185.32.26 - - [10/Mar/2021:10:40:36 +0800] "POST /xingrg/kc/base/wldb_list_operate.html HTTP/1.1" 200 1773
222.69.138.56 - - [10/Mar/2021:10:40:37 +0800] "GET /xingrg/all/function/internal_message.html?_=1615344034884&CODE_STATE=getMsg HTTP/1.1" 200 27
117.185.32.26 - - [10/Mar/2021:10:40:38 +0800] "GET /xingrg/kc/base/wldb_order_add.html HTTP/1.1" 200 30502
117.185.32.26 - - [10/Mar/2021:10:40:39 +0800] "GET /xingrg/words/20210310103140_words.js HTTP/1.1" 200 798189
180.169.147.146 - - [10/Mar/2021:10:40:39 +0800] "GET /xingrg/all/function/internal_message.html?_=1615344036422&CODE_STATE=getMsg HTTP/1.1" 200 27
117.185.32.26 - - [10/Mar/2021:10:40:39 +0800] "GET /xingrg/javascript/easyui/themes/default/validatebox.css HTTP/1.1" 404 1104
117.185.32.26 - - [10/Mar/2021:10:40:40 +0800] "POST /xingrg/kc/base/wldb_order_operate.html HTTP/1.1" 200 6806
117.185.32.26 - - [10/Mar/2021:10:40:40 +0800] "POST /xingrg/all/common/load_combo.html?type=base HTTP/1.1" 200 3142
114.88.166.193 - - [10/Mar/2021:10:40:41 +0800] "POST /xingrg/kc/buy/cgsh_order_operate.html HTTP/1.1" 200 37
114.88.166.193 - - [10/Mar/2021:10:40:42 +0800] "POST /xingrg/kc/buy/cgsh_order_operate.html HTTP/1.1" 200 2662
116.235.216.75 - - [10/Mar/2021:10:40:43 +0800] "GET /xingrg/all/function/internal_message.html?_=1615344041178&CODE_STATE=getMsg HTTP/1.1" 200 27
120.253.135.82 - - [10/Mar/2021:10:40:43 +0800] "GET /xingrg/all/function/internal_message.html?_=1615343812211&CODE_STATE=getMsg HTTP/1.1" 200 27
61.165.42.208 - - [10/Mar/2021:10:40:44 +0800] "GET /xingrg/kc/buy/cgsh_order_operate.html?command=get_materiel&rest_code=00105&code=00101005022&supplier_code=00100347&order_time=2021-03-10 HTTP/1.1" 200 417
117.185.32.26 - - [10/Mar/2021:10:40:44 +0800] "POST /xingrg/all/common/load_combo.html?type=base HTTP/1.1" 200 3142
114.88.166.193 - - [10/Mar/2021:10:40:45 +0800] "GET /xingrg/kc/print/load_data.html?order_code=212021031003982&kc_code=cgsh&condition= HTTP/1.1" 200 679
120.253.135.82 - - [10/Mar/2021:10:40:45 +0800] "GET /xingrg/kc/report/report_main.html HTTP/1.1" 200 9370
61.165.42.208 - - [10/Mar/2021:10:40:46 +0800] "GET /xingrg/all/function/internal_message.html?_=1615344040685&CODE_STATE=getMsg HTTP/1.1" 200 27
61.165.42.208 - - [10/Mar/2021:10:40:46 +0800] "GET /xingrg/all/function/internal_message.html?_=1615344028766&CODE_STATE=getMsg HTTP/1.1" 200 27
61.165.42.208 - - [10/Mar/2021:10:40:46 +0800] "GET /xingrg/kc/base/base_main.html HTTP/1.1" 200 12142
120.253.135.82 - - [10/Mar/2021:10:40:47 +0800] "GET /xingrg/kc/base/kc_stocks.html HTTP/1.1" 200 16380
120.253.135.82 - - [10/Mar/2021:10:40:47 +0800] "GET /xingrg/javascript/easyui/themes/default/tree.css HTTP/1.1" 404 1090
120.253.135.82 - - [10/Mar/2021:10:40:47 +0800] "POST /xingrg/all/common/load_tree.html?tree=materiel_sort_tree_json HTTP/1.1" 200 8666
180.174.195.252 - - [10/Mar/2021:10:40:48 +0800] "GET /xingrg/all/function/internal_message.html?_=1615344046443&CODE_STATE=getMsg HTTP/1.1" 200 27
114.88.166.193 - - [10/Mar/2021:10:40:48 +0800] "GET /xingrg/all/function/internal_message.html?_=1615344045827&CODE_STATE=getMsg HTTP/1.1" 200 27
116.224.253.72 - - [10/Mar/2021:10:40:48 +0800] "GET /xingrg/all/function/internal_message.html?_=1615344009321&CODE_STATE=getMsg HTTP/1.1" 200 27
120.253.135.82 - - [10/Mar/2021:10:40:49 +0800] "POST /xingrg/all/common/load_combo.html?type=base HTTP/1.1" 200 984
61.165.42.208 - - [10/Mar/2021:10:40:50 +0800] "GET /xingrg/kc/buy/buy_main.html HTTP/1.1" 200 12412
61.165.42.208 - - [10/Mar/2021:10:40:50 +0800] "GET /xingrg/css/new_ie.css HTTP/1.1" 404 1036
117.185.32.26 - - [10/Mar/2021:10:40:50 +0800] "GET /xingrg/all/function/internal_message.html?_=1615344551892&CODE_STATE=getMsg HTTP/1.1" 200 27
61.165.42.208 - - [10/Mar/2021:10:40:51 +0800] "GET /xingrg/images/yd/bt.gif HTTP/1.1" 404 1040
61.165.42.208 - - [10/Mar/2021:10:40:51 +0800] "GET /xingrg/kc/buy/cgsh_order_list.html HTTP/1.1" 200 46366
114.88.166.193 - - [10/Mar/2021:10:40:52 +0800] "GET /xingrg/kc/buy/cgsh_order_add.html HTTP/1.1" 200 62104
114.88.166.193 - - [10/Mar/2021:10:40:53 +0800] "POST /xingrg/kc/buy/cgsh_order_operate.html HTTP/1.1" 200 8245
114.88.166.193 - - [10/Mar/2021:10:40:53 +0800] "GET /xingrg/javascript/easyui/themes/default/validatebox.css HTTP/1.1" 404 1104
172.20.0.100 - - [10/Mar/2021:10:40:57 +0800] "GET /xingrg/check_reg.html?_=1615344053654 HTTP/1.1" 302 -
117.185.32.26 - - [10/Mar/2021:10:40:58 +0800] "GET /xingrg/kc/base/wldb_order_operate.html?command=get_materiel&rest_code=00106&base_code=0010396&code=00101019236 HTTP/1.1" 200 453
120.253.135.82 - - [10/Mar/2021:10:41:00 +0800] "POST /xingrg/kc/base/stock_operate.html HTTP/1.1" 200 1477
114.88.166.193 - - [10/Mar/2021:10:41:02 +0800] "GET /xingrg/kc/buy/cgsh_order_operate.html?command=get_materiel&rest_code=00111&code=00101006001&supplier_code=00100404&order_time=2021-03-10 HTTP/1.1" 200 428
117.185.32.26 - - [10/Mar/2021:10:41:05 +0800] "GET /xingrg/kc/base/wldb_order_operate.html?command=get_materiel&rest_code=00106&base_code=0010396&code=00101019391 HTTP/1.1" 200 471
101.228.165.174 - - [10/Mar/2021:10:41:05 +0800] "GET /xingrg/all/function/internal_message.html?_=1615344103800&CODE_STATE=getMsg HTTP/1.1" 200 27
61.165.42.208 - - [10/Mar/2021:10:41:07 +0800] "GET /xingrg/kc/buy/cgsh_order_operate.html?command=get_materiel&rest_code=00105&code=00102002167&supplier_code=00100347&order_time=2021-03-10 HTTP/1.1" 200 409
61.165.42.208 - - [10/Mar/2021:10:41:07 +0800] "POST /xingrg/kc/buy/cgsh_list_operate.html HTTP/1.1" 200 5150
58.40.7.146 - - [10/Mar/2021:10:41:08 +0800] "GET /xingrg/all/function/internal_message.html?_=1615344066613&CODE_STATE=getMsg HTTP/1.1" 302 -
117.184.7.26 - - [10/Mar/2021:10:41:14 +0800] "GET /xingrg/all/function/internal_message.html?_=1615344066854&CODE_STATE=getMsg HTTP/1.1" 200 27
61.165.42.208 - - [10/Mar/2021:10:41:14 +0800] "GET /xingrg/kc/buy/cgsh_order_add.html HTTP/1.1" 200 62151
117.184.7.26 - - [10/Mar/2021:10:41:14 +0800] "GET /xingrg/check_reg.html?_=1615344067000 HTTP/1.1" 200 22
61.165.42.208 - - [10/Mar/2021:10:41:14 +0800] "GET /xingrg/words/20210310103140_words.js HTTP/1.1" 304 -
61.165.42.208 - - [10/Mar/2021:10:41:14 +0800] "POST /xingrg/kc/buy/cgsh_order_operate.html HTTP/1.1" 200 8245
61.165.42.208 - - [10/Mar/2021:10:41:14 +0800] "GET /xingrg/javascript/easyui/themes/default/validatebox.css HTTP/1.1" 404 1104
61.165.42.208 - - [10/Mar/2021:10:41:14 +0800] "GET /xingrg/all/common/auto_word.html?type=employee&rest_code=00105 HTTP/1.1" 200 193
61.165.42.208 - - [10/Mar/2021:10:41:14 +0800] "GET /xingrg/all/common/auto_word.html?type=employee&rest_code=00105 HTTP/1.1" 200 193
58.37.230.33 - - [10/Mar/2021:10:41:14 +0800] "GET /xingrg/kc/buy/cgsh_order_operate.html?command=get_materiel&rest_code=00141&code=00101008131&supplier_code=00100007&order_time=2021-03-10 HTTP/1.1" 200 408
61.165.42.208 - - [10/Mar/2021:10:41:16 +0800] "GET /xingrg/javascript/easyui/themes/default/tree.css HTTP/1.1" 404 1090
61.165.42.208 - - [10/Mar/2021:10:41:16 +0800] "POST /xingrg/all/common/load_tree.html?tree=supplier_tree_json&isDelete=1 HTTP/1.1" 200 54827
117.185.32.26 - - [10/Mar/2021:10:41:16 +0800] "GET /xingrg/kc/base/wldb_order_operate.html?command=get_materiel&rest_code=00106&base_code=0010396&code=00101019133 HTTP/1.1" 200 466
114.88.166.193 - - [10/Mar/2021:10:41:18 +0800] "POST /xingrg/kc/buy/cgsh_order_operate.html HTTP/1.1" 200 37
114.88.166.193 - - [10/Mar/2021:10:41:19 +0800] "POST /xingrg/kc/buy/cgsh_order_operate.html HTTP/1.1" 200 2674
180.169.147.146 - - [10/Mar/2021:10:41:20 +0800] "GET /xingrg/all/function/internal_message.html?_=1615344079239&CODE_STATE=getMsg HTTP/1.1" 200 27
114.88.166.193 - - [10/Mar/2021:10:41:21 +0800] "GET /xingrg/kc/print/load_data.html?order_code=212021031003983&kc_code=cgsh&condition= HTTP/1.1" 200 706
58.37.230.33 - - [10/Mar/2021:10:41:22 +0800] "GET /xingrg/kc/buy/cgsh_order_operate.html?command=get_materiel&rest_code=00141&code=00101008233&supplier_code=00100007&order_time=2021-03-10 HTTP/1.1" 200 408
180.169.147.146 - - [10/Mar/2021:10:41:22 +0800] "GET /xingrg/all/function/internal_message.html?_=1615344072364&CODE_STATE=getMsg HTTP/1.1" 200 27
120.253.135.82 - - [10/Mar/2021:10:41:22 +0800] "GET /xingrg/all/function/internal_message.html?_=1615344082633&CODE_STATE=getMsg HTTP/1.1" 200 27
116.232.52.236 - - [10/Mar/2021:10:41:24 +0800] "GET /xingrg/all/function/internal_message.html?_=1615344084057&CODE_STATE=getMsg HTTP/1.1" 200 27
58.37.230.33 - - [10/Mar/2021:10:41:26 +0800] "GET /xingrg/all/function/internal_message.html?_=1615344087679&CODE_STATE=getMsg HTTP/1.1" 200 27
58.37.230.33 - - [10/Mar/2021:10:41:28 +0800] "GET /xingrg/kc/buy/cgsh_order_operate.html?command=get_materiel&rest_code=00141&code=00101008353&supplier_code=00100007&order_time=2021-03-10 HTTP/1.1" 200 408
61.165.42.208 - - [10/Mar/2021:10:41:28 +0800] "GET /xingrg/kc/buy/cgsh_order_operate.html?command=get_materiel&rest_code=00105&code=00101013176&supplier_code=00100347&order_time=2021-03-10 HTTP/1.1" 200 420
61.165.42.208 - - [10/Mar/2021:10:41:29 +0800] "GET /xingrg/all/function/internal_message.html?_=1615344089924&CODE_STATE=getMsg HTTP/1.1" 200 27
114.88.166.193 - - [10/Mar/2021:10:41:30 +0800] "GET /xingrg/kc/buy/cgsh_order_add.html HTTP/1.1" 200 62104
114.88.166.193 - - [10/Mar/2021:10:41:30 +0800] "POST /xingrg/kc/buy/cgsh_order_operate.html HTTP/1.1" 200 8245
58.37.230.33 - - [10/Mar/2021:10:41:30 +0800] "POST /xingrg/kc/buy/cgsh_order_operate.html HTTP/1.1" 200 2065
114.88.166.193 - - [10/Mar/2021:10:41:30 +0800] "GET /xingrg/javascript/easyui/themes/default/validatebox.css HTTP/1.1" 404 1104
61.165.42.208 - - [10/Mar/2021:10:41:32 +0800] "GET /xingrg/javascript/auto/indicator.gif HTTP/1.1" 404 1066
58.37.230.33 - - [10/Mar/2021:10:41:32 +0800] "GET /xingrg/all/function/internal_message.html?_=1615344092217&CODE_STATE=getMsg HTTP/1.1" 302 -
116.224.253.72 - - [10/Mar/2021:10:41:33 +0800] "GET /xingrg/check_reg.html?_=1615344096810 HTTP/1.1" 200 22
116.224.253.72 - - [10/Mar/2021:10:41:33 +0800] "GET /xingrg/all/function/internal_message.html?_=1615344096812&CODE_STATE=getMsg HTTP/1.1" 200 27
58.37.230.33 - - [10/Mar/2021:10:41:33 +0800] "GET /xingrg/kc/buy/cgsh_order_operate.html?command=get_materiel&rest_code=00141&code=00101008213&supplier_code=00100007&order_time=2021-03-10 HTTP/1.1" 200 412
222.70.216.220 - - [10/Mar/2021:10:41:34 +0800] "GET /xingrg/all/function/internal_message.html?_=1615344092018&CODE_STATE=getMsg HTTP/1.1" 302 -
117.185.32.26 - - [10/Mar/2021:10:41:35 +0800] "GET /xingrg/kc/base/wldb_order_operate.html?command=get_materiel&rest_code=00106&base_code=0010396&code=00101019297 HTTP/1.1" 200 464
222.69.138.56 - - [10/Mar/2021:10:41:37 +0800] "GET /xingrg/all/function/internal_message.html?_=1615344094869&CODE_STATE=getMsg HTTP/1.1" 200 27
180.169.147.146 - - [10/Mar/2021:10:41:39 +0800] "GET /xingrg/all/function/internal_message.html?_=1615344096424&CODE_STATE=getMsg HTTP/1.1" 200 27
58.37.230.33 - - [10/Mar/2021:10:41:40 +0800] "GET /xingrg/kc/buy/cgsh_order_operate.html?command=get_materiel&rest_code=00141&code=00101008039&supplier_code=00100007&order_time=2021-03-10 HTTP/1.1" 200 412
61.165.42.208 - - [10/Mar/2021:10:41:40 +0800] "GET /xingrg/kc/buy/cgsh_order_operate.html?command=get_materiel&rest_code=00105&code=00101010200&supplier_code=00100347&order_time=2021-03-10 HTTP/1.1" 200 416
116.235.216.75 - - [10/Mar/2021:10:41:43 +0800] "GET /xingrg/check_reg.html?_=1615344101178 HTTP/1.1" 200 22
116.235.216.75 - - [10/Mar/2021:10:41:43 +0800] "GET /xingrg/all/function/internal_message.html?_=1615344101181&CODE_STATE=getMsg HTTP/1.1" 200 27
120.253.135.82 - - [10/Mar/2021:10:41:43 +0800] "GET /xingrg/all/function/internal_message.html?_=1615343872320&CODE_STATE=getMsg HTTP/1.1" 200 27
114.88.166.193 - - [10/Mar/2021:10:41:43 +0800] "GET /xingrg/kc/buy/cgsh_order_operate.html?command=get_materiel&rest_code=00111&code=00101007032&supplier_code=00100328&order_time=2021-03-10 HTTP/1.1" 200 413
61.165.42.208 - - [10/Mar/2021:10:41:44 +0800] "GET /xingrg/kc/buy/cgsh_order_operate.html?command=get_materiel&rest_code=00105&code=00101028011&supplier_code=00100017&order_time=2021-03-10 HTTP/1.1" 200 452
61.165.42.208 - - [10/Mar/2021:10:41:46 +0800] "GET /xingrg/all/function/internal_message.html?_=1615344100684&CODE_STATE=getMsg HTTP/1.1" 200 27
58.37.230.33 - - [10/Mar/2021:10:41:46 +0800] "GET /xingrg/kc/buy/cgsh_order_operate.html?command=get_materiel&rest_code=00141&code=00101008306&supplier_code=00100007&order_time=2021-03-10 HTTP/1.1" 200 412
61.165.42.208 - - [10/Mar/2021:10:41:46 +0800] "GET /xingrg/all/function/internal_message.html?_=1615344088744&CODE_STATE=getMsg HTTP/1.1" 200 27
117.185.32.26 - - [10/Mar/2021:10:41:48 +0800] "POST /xingrg/kc/base/wldb_order_operate.html HTTP/1.1" 200 37
114.88.166.193 - - [10/Mar/2021:10:41:48 +0800] "GET /xingrg/check_reg.html?_=1615344105185 HTTP/1.1" 200 22
117.185.32.26 - - [10/Mar/2021:10:41:48 +0800] "POST /xingrg/kc/base/wldb_order_operate.html HTTP/1.1" 200 4253
180.174.195.252 - - [10/Mar/2021:10:41:48 +0800] "GET /xingrg/all/function/internal_message.html?_=1615344106458&CODE_STATE=getMsg HTTP/1.1" 200 27
114.88.166.193 - - [10/Mar/2021:10:41:48 +0800] "GET /xingrg/all/function/internal_message.html?_=1615344105840&CODE_STATE=getMsg HTTP/1.1" 200 27
116.224.253.72 - - [10/Mar/2021:10:41:48 +0800] "GET /xingrg/all/function/internal_message.html?_=1615344069336&CODE_STATE=getMsg HTTP/1.1" 200 27
117.185.32.26 - - [10/Mar/2021:10:41:49 +0800] "GET /xingrg/kc/base/wldb_order_info.html?code=422021031001015 HTTP/1.1" 200 30517
117.185.32.26 - - [10/Mar/2021:10:41:49 +0800] "GET /xingrg/javascript/easyui/themes/default/validatebox.css HTTP/1.1" 404 1104
117.185.32.26 - - [10/Mar/2021:10:41:49 +0800] "POST /xingrg/kc/base/wldb_order_operate.html HTTP/1.1" 200 4253
58.221.95.50 - - [10/Mar/2021:10:41:50 +0800] "GET /xingrg/check_reg.html?_=1615344109327 HTTP/1.1" 302 -
117.185.32.26 - - [10/Mar/2021:10:41:50 +0800] "GET /xingrg/all/function/internal_message.html?_=1615344611873&CODE_STATE=getMsg HTTP/1.1" 200 27
117.185.32.26 - - [10/Mar/2021:10:41:53 +0800] "GET /xingrg/kc/base/wldb_order_add.html HTTP/1.1" 200 30502
117.185.32.26 - - [10/Mar/2021:10:41:53 +0800] "POST /xingrg/kc/base/wldb_order_operate.html HTTP/1.1" 200 6806
117.185.32.26 - - [10/Mar/2021:10:41:53 +0800] "GET /xingrg/javascript/easyui/themes/default/validatebox.css HTTP/1.1" 404 1104
117.185.32.26 - - [10/Mar/2021:10:41:55 +0800] "POST /xingrg/all/common/load_combo.html?type=base HTTP/1.1" 200 3142
116.235.216.75 - - [10/Mar/2021:10:41:57 +0800] "GET /xingrg/kc/buy/cgsh_order_operate.html?command=get_materiel&rest_code=00107&code=00101008061&supplier_code=00100339&order_time=2021-03-10 HTTP/1.1" 200 422
117.185.32.26 - - [10/Mar/2021:10:41:58 +0800] "POST /xingrg/all/common/load_combo.html?type=base HTTP/1.1" 200 3142
61.165.42.208 - - [10/Mar/2021:10:42:05 +0800] "POST /xingrg/kc/buy/cgsh_order_operate.html HTTP/1.1" 200 37
101.228.165.174 - - [10/Mar/2021:10:42:05 +0800] "GET /xingrg/all/function/internal_message.html?_=1615344163822&CODE_STATE=getMsg HTTP/1.1" 200 27
58.37.230.33 - - [10/Mar/2021:10:42:07 +0800] "GET /xingrg/kc/buy/cgsh_order_operate.html?command=get_materiel&rest_code=00141&code=00101008323&supplier_code=00100007&order_time=2021-03-10 HTTP/1.1" 200 23
61.165.42.208 - - [10/Mar/2021:10:42:08 +0800] "POST /xingrg/kc/buy/cgsh_order_operate.html HTTP/1.1" 200 4443
58.40.7.146 - - [10/Mar/2021:10:42:08 +0800] "GET /xingrg/all/function/internal_message.html?_=1615344126617&CODE_STATE=getMsg HTTP/1.1" 302 -
114.88.166.193 - - [10/Mar/2021:10:42:09 +0800] "POST /xingrg/kc/buy/cgsh_order_operate.html HTTP/1.1" 200 88
61.165.42.208 - - [10/Mar/2021:10:42:10 +0800] "GET /xingrg/kc/print/load_data.html?order_code=212021031003984&kc_code=cgsh&condition= HTTP/1.1" 200 1343
61.165.42.208 - - [10/Mar/2021:10:42:11 +0800] "GET /xingrg/kc/buy/cgsh_order_operate.html?command=get_materiel&rest_code=00105&code=00101029022&supplier_code=00100017&order_time=2021-03-10 HTTP/1.1" 200 452
120.253.135.82 - - [10/Mar/2021:10:42:13 +0800] "GET /xingrg/javascript/easyui/themes/sunny/images/ui-bg_gloss-wave_70_ffdd57_500x100.png HTTP/1.1" 200 3830
120.253.135.82 - - [10/Mar/2021:10:42:13 +0800] "GET /xingrg/javascript/easyui/themes/sunny/images/ui-bg_gloss-wave_70_ffdd57_500x100.png HTTP/1.1" 200 3830
117.184.7.26 - - [10/Mar/2021:10:42:14 +0800] "GET /xingrg/all/function/internal_message.html?_=1615344126828&CODE_STATE=getMsg HTTP/1.1" 200 27
114.88.166.193 - - [10/Mar/2021:10:42:15 +0800] "POST /xingrg/kc/buy/cgsh_order_operate.html HTTP/1.1" 200 37
117.185.32.26 - - [10/Mar/2021:10:42:16 +0800] "GET /xingrg/kc/base/wldb_order_operate.html?command=get_materiel&rest_code=00106&base_code=0010397&code=00102002204 HTTP/1.1" 200 434
114.88.166.193 - - [10/Mar/2021:10:42:16 +0800] "POST /xingrg/kc/buy/cgsh_order_operate.html HTTP/1.1" 200 2657
114.88.166.193 - - [10/Mar/2021:10:42:18 +0800] "GET /xingrg/kc/print/load_data.html?order_code=212021031003986&kc_code=cgsh&condition= HTTP/1.1" 200 670
180.169.147.146 - - [10/Mar/2021:10:42:20 +0800] "GET /xingrg/all/function/internal_message.html?_=1615344139243&CODE_STATE=getMsg HTTP/1.1" 200 27
180.169.147.146 - - [10/Mar/2021:10:42:22 +0800] "GET /xingrg/check_reg.html?_=1615344132350 HTTP/1.1" 200 22
180.169.147.146 - - [10/Mar/2021:10:42:22 +0800] "GET /xingrg/all/function/internal_message.html?_=1615344132350&CODE_STATE=getMsg HTTP/1.1" 200 27
120.253.135.82 - - [10/Mar/2021:10:42:22 +0800] "GET /xingrg/all/function/internal_message.html?_=1615344142643&CODE_STATE=getMsg HTTP/1.1" 200 27
116.232.52.236 - - [10/Mar/2021:10:42:24 +0800] "GET /xingrg/all/function/internal_message.html?_=1615344144056&CODE_STATE=getMsg HTTP/1.1" 200 27
117.185.32.26 - - [10/Mar/2021:10:42:24 +0800] "GET /xingrg/kc/base/wldb_order_operate.html?command=get_materiel&rest_code=00106&base_code=0010397&code=00102002448 HTTP/1.1" 200 427
58.37.230.33 - - [10/Mar/2021:10:42:26 +0800] "GET /xingrg/all/function/internal_message.html?_=1615344147751&CODE_STATE=getMsg HTTP/1.1" 200 27
114.88.166.193 - - [10/Mar/2021:10:42:27 +0800] "GET /xingrg/kc/buy/cgsh_order_add.html HTTP/1.1" 200 62104
58.37.230.33 - - [10/Mar/2021:10:42:27 +0800] "GET /favicon.ico HTTP/1.1" 404 -
116.224.253.72 - - [10/Mar/2021:10:42:27 +0800] "GET /xingrg/kc/base/wldb_order_operate.html?command=get_materiel&rest_code=00150&base_code=0010446&code=00102002321 HTTP/1.1" 200 447
58.37.230.33 - - [10/Mar/2021:10:42:27 +0800] "POST /xingrg/kc/buy/cgsh_order_operate.html HTTP/1.1" 200 37
114.88.166.193 - - [10/Mar/2021:10:42:28 +0800] "POST /xingrg/kc/buy/cgsh_order_operate.html HTTP/1.1" 200 8245
114.88.166.193 - - [10/Mar/2021:10:42:28 +0800] "GET /xingrg/javascript/easyui/themes/default/validatebox.css HTTP/1.1" 404 1104
61.165.42.208 - - [10/Mar/2021:10:42:29 +0800] "GET /xingrg/all/function/internal_message.html?_=1615344149904&CODE_STATE=getMsg HTTP/1.1" 200 27
58.37.230.33 - - [10/Mar/2021:10:42:29 +0800] "POST /xingrg/kc/buy/cgsh_order_operate.html HTTP/1.1" 200 15044
58.37.230.33 - - [10/Mar/2021:10:42:32 +0800] "GET /xingrg/all/function/internal_message.html?_=1615344152196&CODE_STATE=getMsg HTTP/1.1" 302 -
116.224.253.72 - - [10/Mar/2021:10:42:33 +0800] "GET /xingrg/all/function/internal_message.html?_=1615344156806&CODE_STATE=getMsg HTTP/1.1" 200 27
222.70.216.220 - - [10/Mar/2021:10:42:34 +0800] "GET /xingrg/all/function/internal_message.html?_=1615344152021&CODE_STATE=getMsg HTTP/1.1" 302 -
61.165.42.208 - - [10/Mar/2021:10:42:34 +0800] "GET /xingrg/kc/buy/cgsh_order_operate.html?command=get_materiel&rest_code=00105&code=00101029002&supplier_code=00100017&order_time=2021-03-10 HTTP/1.1" 200 450
222.69.138.56 - - [10/Mar/2021:10:42:37 +0800] "GET /xingrg/all/function/internal_message.html?_=1615344154855&CODE_STATE=getMsg HTTP/1.1" 200 27
117.185.32.26 - - [10/Mar/2021:10:42:37 +0800] "GET /xingrg/kc/base/wldb_order_operate.html?command=get_materiel&rest_code=00106&base_code=0010397&code=00102002118 HTTP/1.1" 200 451
180.169.147.146 - - [10/Mar/2021:10:42:39 +0800] "GET /xingrg/all/function/internal_message.html?_=1615344156430&CODE_STATE=getMsg HTTP/1.1" 200 27
116.235.216.75 - - [10/Mar/2021:10:42:41 +0800] "POST /xingrg/kc/buy/cgsh_order_operate.html HTTP/1.1" 200 37
117.185.32.26 - - [10/Mar/2021:10:42:45 +0800] "POST /xingrg/kc/base/wldb_order_operate.html HTTP/1.1" 200 37
61.165.42.208 - - [10/Mar/2021:10:42:46 +0800] "GET /xingrg/all/function/internal_message.html?_=1615344160685&CODE_STATE=getMsg HTTP/1.1" 200 27
117.185.32.26 - - [10/Mar/2021:10:42:46 +0800] "POST /xingrg/kc/base/wldb_order_operate.html HTTP/1.1" 200 3178
61.165.42.208 - - [10/Mar/2021:10:42:46 +0800] "GET /xingrg/all/function/internal_message.html?_=1615344148727&CODE_STATE=getMsg HTTP/1.1" 200 27
117.185.32.26 - - [10/Mar/2021:10:42:46 +0800] "GET /xingrg/kc/base/wldb_order_info.html?code=422021031001016 HTTP/1.1" 200 30516
117.185.32.26 - - [10/Mar/2021:10:42:46 +0800] "GET /xingrg/words/20210310103140_words.js HTTP/1.1" 304 -
116.235.216.75 - - [10/Mar/2021:10:42:47 +0800] "POST /xingrg/kc/buy/cgsh_order_operate.html HTTP/1.1" 200 2666
117.185.32.26 - - [10/Mar/2021:10:42:47 +0800] "GET /xingrg/javascript/easyui/themes/default/validatebox.css HTTP/1.1" 404 1104
117.185.32.26 - - [10/Mar/2021:10:42:47 +0800] "POST /xingrg/kc/base/wldb_order_operate.html HTTP/1.1" 200 3178
180.174.195.252 - - [10/Mar/2021:10:42:48 +0800] "GET /xingrg/check_reg.html?_=1615344166160 HTTP/1.1" 200 22
180.174.195.252 - - [10/Mar/2021:10:42:48 +0800] "GET /xingrg/all/function/internal_message.html?_=1615344166471&CODE_STATE=getMsg HTTP/1.1" 200 27
114.88.166.193 - - [10/Mar/2021:10:42:48 +0800] "GET /xingrg/all/function/internal_message.html?_=1615344165853&CODE_STATE=getMsg HTTP/1.1" 200 27
116.224.253.72 - - [10/Mar/2021:10:42:48 +0800] "GET /xingrg/check_reg.html?_=1615344129289 HTTP/1.1" 200 22
116.224.253.72 - - [10/Mar/2021:10:42:48 +0800] "GET /xingrg/all/function/internal_message.html?_=1615344129349&CODE_STATE=getMsg HTTP/1.1" 200 27
101.91.60.105 - - [10/Mar/2021:10:42:49 +0800] "GET /xingrg/all/function/internal_message.html?_=1615343492420&CODE_STATE=getMsg HTTP/1.1" 302 -
117.185.32.26 - - [10/Mar/2021:10:42:49 +0800] "GET /xingrg/kc/base/wldb_order_add.html HTTP/1.1" 200 30502
117.185.32.26 - - [10/Mar/2021:10:42:50 +0800] "POST /xingrg/kc/base/wldb_order_operate.html HTTP/1.1" 200 6806
117.185.32.26 - - [10/Mar/2021:10:42:50 +0800] "GET /xingrg/javascript/easyui/themes/default/validatebox.css HTTP/1.1" 404 1104
117.185.32.26 - - [10/Mar/2021:10:42:50 +0800] "GET /xingrg/all/function/internal_message.html?_=1615344671853&CODE_STATE=getMsg HTTP/1.1" 200 27
116.235.216.75 - - [10/Mar/2021:10:42:51 +0800] "GET /xingrg/kc/print/load_data.html?order_code=212021031003988&kc_code=cgsh&condition= HTTP/1.1" 200 676
117.185.32.26 - - [10/Mar/2021:10:42:51 +0800] "POST /xingrg/all/common/load_combo.html?type=base HTTP/1.1" 200 3142
101.91.60.105 - - [10/Mar/2021:10:42:52 +0800] "GET /xingrg/login.html HTTP/1.1" 200 7641
116.224.253.72 - - [10/Mar/2021:10:42:53 +0800] "POST /xingrg/kc/base/wldb_order_operate.html HTTP/1.1" 200 37
117.185.32.26 - - [10/Mar/2021:10:42:54 +0800] "POST /xingrg/all/common/load_combo.html?type=base HTTP/1.1" 200 3142
114.88.166.193 - - [10/Mar/2021:10:42:57 +0800] "GET /xingrg/kc/buy/cgsh_order_operate.html?command=get_materiel&rest_code=00111&code=00101019803&supplier_code=00100338&order_time=2021-03-10 HTTP/1.1" 200 411
116.224.253.72 - - [10/Mar/2021:10:42:59 +0800] "POST /xingrg/kc/base/wldb_order_operate.html HTTP/1.1" 200 12
116.224.253.72 - - [10/Mar/2021:10:42:59 +0800] "POST /xingrg/kc/base/wldb_order_operate.html HTTP/1.1" 200 2196
61.165.42.208 - - [10/Mar/2021:10:43:00 +0800] "POST /xingrg/kc/buy/cgsh_order_operate.html HTTP/1.1" 200 37
116.224.253.72 - - [10/Mar/2021:10:43:01 +0800] "GET /xingrg/kc/base/wldb_order_info.html?code=422021031001017 HTTP/1.1" 200 26386
116.224.253.72 - - [10/Mar/2021:10:43:01 +0800] "GET /xingrg/words/20210310103140_words.js HTTP/1.1" 200 798189
61.165.42.208 - - [10/Mar/2021:10:43:01 +0800] "POST /xingrg/kc/buy/cgsh_order_operate.html HTTP/1.1" 200 3943
116.224.253.72 - - [10/Mar/2021:10:43:02 +0800] "GET /xingrg/javascript/easyui/themes/default/validatebox.css HTTP/1.1" 404 1104
116.224.253.72 - - [10/Mar/2021:10:43:02 +0800] "POST /xingrg/kc/base/wldb_order_operate.html HTTP/1.1" 200 490
61.165.42.208 - - [10/Mar/2021:10:43:03 +0800] "GET /xingrg/kc/print/load_config.html?kc_code=cgsh HTTP/1.1" 200 1845
61.165.42.208 - - [10/Mar/2021:10:43:04 +0800] "GET /xingrg/kc/print/load_data.html?order_code=212021031003989&kc_code=cgsh&condition= HTTP/1.1" 200 1288
101.228.165.174 - - [10/Mar/2021:10:43:04 +0800] "GET /xingrg/check_reg.html?_=1615344222734 HTTP/1.1" 200 22
116.224.253.72 - - [10/Mar/2021:10:43:05 +0800] "GET /xingrg/kc/base/yddb_order_list.html HTTP/1.1" 200 16951
101.228.165.174 - - [10/Mar/2021:10:43:06 +0800] "GET /xingrg/all/function/internal_message.html?_=1615344223834&CODE_STATE=getMsg HTTP/1.1" 200 27
116.224.253.72 - - [10/Mar/2021:10:43:06 +0800] "POST /xingrg/kc/base/yddb_list_operate.html HTTP/1.1" 200 636
116.235.216.75 - - [10/Mar/2021:10:43:06 +0800] "GET /xingrg/kc/buy/cgsh_order_add.html HTTP/1.1" 200 62192
116.235.216.75 - - [10/Mar/2021:10:43:06 +0800] "GET /xingrg/words/20210310103140_words.js HTTP/1.1" 304 -
116.235.216.75 - - [10/Mar/2021:10:43:07 +0800] "POST /xingrg/kc/buy/cgsh_order_operate.html HTTP/1.1" 200 8245
116.224.253.72 - - [10/Mar/2021:10:43:07 +0800] "GET /xingrg/kc/base/yddb_order_add.html HTTP/1.1" 200 29745
116.235.216.75 - - [10/Mar/2021:10:43:07 +0800] "GET /xingrg/javascript/easyui/themes/default/validatebox.css HTTP/1.1" 404 1104
116.224.253.72 - - [10/Mar/2021:10:43:07 +0800] "GET /xingrg/dwr/interface/AjaxComOrderService.js HTTP/1.1" 200 18264
116.224.253.72 - - [10/Mar/2021:10:43:07 +0800] "GET /xingrg/dwr/interface/AjaxYddbService.js HTTP/1.1" 200 13201
116.224.253.72 - - [10/Mar/2021:10:43:07 +0800] "GET /xingrg/dwr/engine.js HTTP/1.1" 200 43631
114.88.166.193 - - [10/Mar/2021:10:43:07 +0800] "POST /xingrg/kc/buy/cgsh_order_operate.html HTTP/1.1" 200 37
58.40.7.146 - - [10/Mar/2021:10:43:08 +0800] "GET /xingrg/all/function/internal_message.html?_=1615344186619&CODE_STATE=getMsg HTTP/1.1" 302 -
58.40.7.146 - - [10/Mar/2021:10:43:08 +0800] "GET /xingrg/check_reg.html?_=1615344186620 HTTP/1.1" 302 -
114.88.166.193 - - [10/Mar/2021:10:43:08 +0800] "POST /xingrg/kc/buy/cgsh_order_operate.html HTTP/1.1" 200 2668
116.224.253.72 - - [10/Mar/2021:10:43:09 +0800] "POST /xingrg/dwr/call/plaincall/AjaxYddbService.getRestBases.dwr HTTP/1.1" 200 1514
116.235.216.75 - - [10/Mar/2021:10:43:10 +0800] "GET /xingrg/javascript/easyui/themes/default/tree.css HTTP/1.1" 404 1090
116.235.216.75 - - [10/Mar/2021:10:43:10 +0800] "POST /xingrg/all/common/load_tree.html?tree=supplier_tree_json&isDelete=1 HTTP/1.1" 200 54827
114.88.166.193 - - [10/Mar/2021:10:43:11 +0800] "GET /xingrg/kc/print/load_data.html?order_code=212021031003990&kc_code=cgsh&condition= HTTP/1.1" 200 680
117.184.7.26 - - [10/Mar/2021:10:43:14 +0800] "GET /xingrg/all/function/internal_message.html?_=1615344186799&CODE_STATE=getMsg HTTP/1.1" 200 27
180.174.195.252 - - [10/Mar/2021:10:43:16 +0800] "GET /xingrg/check_reg.html?_=1615344456279 HTTP/1.1" 200 22
116.224.253.72 - - [10/Mar/2021:10:43:16 +0800] "POST /xingrg/dwr/call/plaincall/AjaxYddbService.saveOrder.dwr HTTP/1.1" 200 78
116.224.253.72 - - [10/Mar/2021:10:43:16 +0800] "GET /xingrg/images/yd/bt.gif HTTP/1.1" 404 1040
116.224.253.72 - - [10/Mar/2021:10:43:19 +0800] "POST /xingrg/dwr/call/plaincall/AjaxComOrderService.getMaterielSearchList.dwr HTTP/1.1" 200 25200
114.88.166.193 - - [10/Mar/2021:10:43:19 +0800] "GET /xingrg/kc/buy/cgsh_order_add.html HTTP/1.1" 200 62104
180.169.147.146 - - [10/Mar/2021:10:43:20 +0800] "GET /xingrg/all/function/internal_message.html?_=1615344199245&CODE_STATE=getMsg HTTP/1.1" 200 27
114.88.166.193 - - [10/Mar/2021:10:43:20 +0800] "POST /xingrg/kc/buy/cgsh_order_operate.html HTTP/1.1" 200 8245
116.224.253.72 - - [10/Mar/2021:10:43:20 +0800] "POST /xingrg/dwr/call/plaincall/AjaxComOrderService.getMaterielSearchList.dwr HTTP/1.1" 200 1119
114.88.166.193 - - [10/Mar/2021:10:43:20 +0800] "GET /xingrg/javascript/easyui/themes/default/validatebox.css HTTP/1.1" 404 1104
116.224.253.72 - - [10/Mar/2021:10:43:21 +0800] "POST /xingrg/dwr/call/plaincall/AjaxYddbService.getMaterielByMap.dwr HTTP/1.1" 200 3753
180.169.147.146 - - [10/Mar/2021:10:43:22 +0800] "GET /xingrg/all/function/internal_message.html?_=1615344192352&CODE_STATE=getMsg HTTP/1.1" 200 27
120.253.135.82 - - [10/Mar/2021:10:43:22 +0800] "GET /xingrg/all/function/internal_message.html?_=1615344202664&CODE_STATE=getMsg HTTP/1.1" 200 27
116.224.253.72 - - [10/Mar/2021:10:43:23 +0800] "POST /xingrg/dwr/call/plaincall/AjaxYddbService.getUnitPrice.dwr HTTP/1.1" 200 85
116.232.52.236 - - [10/Mar/2021:10:43:24 +0800] "GET /xingrg/all/function/internal_message.html?_=1615344204058&CODE_STATE=getMsg HTTP/1.1" 200 27
116.232.52.236 - - [10/Mar/2021:10:43:24 +0800] "GET /xingrg/check_reg.html?_=1615344204059 HTTP/1.1" 200 22
116.224.253.72 - - [10/Mar/2021:10:43:25 +0800] "POST /xingrg/dwr/call/plaincall/AjaxYddbService.saveMaterielItem.dwr HTTP/1.1" 200 78
116.224.253.72 - - [10/Mar/2021:10:43:28 +0800] "POST /xingrg/dwr/call/plaincall/AjaxComOrderService.getMaterielSearchList.dwr HTTP/1.1" 200 1949
61.165.42.208 - - [10/Mar/2021:10:43:29 +0800] "GET /xingrg/all/function/internal_message.html?_=1615344209883&CODE_STATE=getMsg HTTP/1.1" 200 27
116.224.253.72 - - [10/Mar/2021:10:43:30 +0800] "POST /xingrg/dwr/call/plaincall/AjaxYddbService.getMaterielByMap.dwr HTTP/1.1" 200 3754
116.224.253.72 - - [10/Mar/2021:10:43:32 +0800] "POST /xingrg/dwr/call/plaincall/AjaxYddbService.getUnitPrice.dwr HTTP/1.1" 200 85
114.88.166.193 - - [10/Mar/2021:10:43:32 +0800] "GET /xingrg/kc/buy/cgsh_order_operate.html?command=get_materiel&rest_code=00111&code=00101002035&supplier_code=00100088&order_time=2021-03-10 HTTP/1.1" 200 414
58.37.230.33 - - [10/Mar/2021:10:43:32 +0800] "GET /xingrg/all/function/internal_message.html?_=1615344212174&CODE_STATE=getMsg HTTP/1.1" 302 -
116.224.253.72 - - [10/Mar/2021:10:43:33 +0800] "GET /xingrg/all/function/internal_message.html?_=1615344216816&CODE_STATE=getMsg HTTP/1.1" 200 27
116.235.216.75 - - [10/Mar/2021:10:43:33 +0800] "GET /xingrg/kc/buy/cgsh_order_operate.html?command=get_materiel&rest_code=00107&code=00101006001&supplier_code=00100404&order_time=2021-03-10 HTTP/1.1" 200 426
222.70.216.220 - - [10/Mar/2021:10:43:34 +0800] "GET /xingrg/all/function/internal_message.html?_=1615344212023&CODE_STATE=getMsg HTTP/1.1" 302 -
116.224.253.72 - - [10/Mar/2021:10:43:36 +0800] "GET /xingrg/images/yd/bt2.gif HTTP/1.1" 404 1042
222.69.138.56 - - [10/Mar/2021:10:43:36 +0800] "GET /xingrg/all/function/internal_message.html?_=1615344214836&CODE_STATE=getMsg HTTP/1.1" 200 27
116.224.253.72 - - [10/Mar/2021:10:43:37 +0800] "POST /xingrg/dwr/call/plaincall/AjaxYddbService.saveMaterielItem.dwr HTTP/1.1" 200 79
180.169.147.146 - - [10/Mar/2021:10:43:39 +0800] "GET /xingrg/all/function/internal_message.html?_=1615344216421&CODE_STATE=getMsg HTTP/1.1" 200 27
101.228.165.174 - - [10/Mar/2021:10:43:40 +0800] "POST /xingrg/kc/buy/cgsh_order_operate.html HTTP/1.1" 200 37
116.224.253.72 - - [10/Mar/2021:10:43:42 +0800] "POST /xingrg/dwr/call/plaincall/AjaxYddbService.checkOrder.dwr HTTP/1.1" 200 79
101.228.165.174 - - [10/Mar/2021:10:43:42 +0800] "POST /xingrg/kc/buy/cgsh_order_operate.html HTTP/1.1" 200 6190
116.235.216.75 - - [10/Mar/2021:10:43:43 +0800] "GET /xingrg/all/function/internal_message.html?_=1615344221202&CODE_STATE=getMsg HTTP/1.1" 200 27
101.228.165.174 - - [10/Mar/2021:10:43:45 +0800] "GET /xingrg/kc/print/load_data.html?order_code=212021031003991&kc_code=cgsh&condition= HTTP/1.1" 200 2031
116.224.253.72 - - [10/Mar/2021:10:43:45 +0800] "GET /xingrg/kc/base/yddb_order_info.html?code=482021031000069 HTTP/1.1" 200 29374
116.224.253.72 - - [10/Mar/2021:10:43:45 +0800] "GET /xingrg/dwr/interface/AjaxComOrderService.js HTTP/1.1" 200 18264
116.224.253.72 - - [10/Mar/2021:10:43:45 +0800] "GET /xingrg/dwr/interface/AjaxYddbService.js HTTP/1.1" 200 13201
116.224.253.72 - - [10/Mar/2021:10:43:45 +0800] "GET /xingrg/dwr/engine.js HTTP/1.1" 200 43631
116.224.253.72 - - [10/Mar/2021:10:43:45 +0800] "POST /xingrg/dwr/call/plaincall/AjaxYddbService.loadMaterielItems.dwr HTTP/1.1" 200 825
61.165.42.208 - - [10/Mar/2021:10:43:46 +0800] "GET /xingrg/all/function/internal_message.html?_=1615344220683&CODE_STATE=getMsg HTTP/1.1" 200 27
61.165.42.208 - - [10/Mar/2021:10:43:46 +0800] "GET /xingrg/check_reg.html?_=1615344220685 HTTP/1.1" 200 22
61.165.42.208 - - [10/Mar/2021:10:43:46 +0800] "GET /xingrg/all/function/internal_message.html?_=1615344208707&CODE_STATE=getMsg HTTP/1.1" 200 27
61.165.42.208 - - [10/Mar/2021:10:43:46 +0800] "GET /xingrg/check_reg.html?_=1615344208773 HTTP/1.1" 200 22
116.224.253.72 - - [10/Mar/2021:10:43:47 +0800] "GET /xingrg/kc/base/yddb_order_add.html HTTP/1.1" 200 29745
116.224.253.72 - - [10/Mar/2021:10:43:47 +0800] "GET /xingrg/dwr/interface/AjaxComOrderService.js HTTP/1.1" 200 18264
116.224.253.72 - - [10/Mar/2021:10:43:47 +0800] "GET /xingrg/dwr/interface/AjaxYddbService.js HTTP/1.1" 200 13201
116.224.253.72 - - [10/Mar/2021:10:43:47 +0800] "GET /xingrg/dwr/engine.js HTTP/1.1" 200 43631
116.235.216.75 - - [10/Mar/2021:10:43:48 +0800] "POST /xingrg/kc/buy/cgsh_order_operate.html HTTP/1.1" 200 37
180.174.195.252 - - [10/Mar/2021:10:43:48 +0800] "GET /xingrg/all/function/internal_message.html?_=1615344226485&CODE_STATE=getMsg HTTP/1.1" 200 27
114.88.166.193 - - [10/Mar/2021:10:43:48 +0800] "GET /xingrg/all/function/internal_message.html?_=1615344225866&CODE_STATE=getMsg HTTP/1.1" 200 27
116.224.253.72 - - [10/Mar/2021:10:43:48 +0800] "GET /xingrg/all/function/internal_message.html?_=1615344189362&CODE_STATE=getMsg HTTP/1.1" 200 27
116.224.253.72 - - [10/Mar/2021:10:43:49 +0800] "POST /xingrg/dwr/call/plaincall/AjaxYddbService.getRestBases.dwr HTTP/1.1" 200 1514
117.185.32.26 - - [10/Mar/2021:10:43:50 +0800] "GET /xingrg/all/function/internal_message.html?_=1615344731829&CODE_STATE=getMsg HTTP/1.1" 200 27
116.235.216.75 - - [10/Mar/2021:10:43:51 +0800] "POST /xingrg/kc/buy/cgsh_order_operate.html HTTP/1.1" 200 2675
116.224.253.72 - - [10/Mar/2021:10:43:54 +0800] "POST /xingrg/dwr/call/plaincall/AjaxYddbService.saveOrder.dwr HTTP/1.1" 200 78
114.88.166.193 - - [10/Mar/2021:10:43:55 +0800] "POST /xingrg/kc/buy/cgsh_order_operate.html HTTP/1.1" 200 37
114.88.166.193 - - [10/Mar/2021:10:43:56 +0800] "POST /xingrg/kc/buy/cgsh_order_operate.html HTTP/1.1" 200 2665
116.224.253.72 - - [10/Mar/2021:10:43:57 +0800] "POST /xingrg/dwr/call/plaincall/AjaxComOrderService.getMaterielSearchList.dwr HTTP/1.1" 200 1281
116.235.216.75 - - [10/Mar/2021:10:43:57 +0800] "GET /xingrg/kc/print/load_data.html?order_code=212021031003992&kc_code=cgsh&condition= HTTP/1.1" 200 703
116.224.253.72 - - [10/Mar/2021:10:43:59 +0800] "POST /xingrg/dwr/call/plaincall/AjaxYddbService.getMaterielByMap.dwr HTTP/1.1" 200 3678
114.88.166.193 - - [10/Mar/2021:10:43:59 +0800] "GET /xingrg/kc/print/load_data.html?order_code=212021031003993&kc_code=cgsh&condition= HTTP/1.1" 200 751
116.224.253.72 - - [10/Mar/2021:10:44:02 +0800] "POST /xingrg/dwr/call/plaincall/AjaxYddbService.saveMaterielItem.dwr HTTP/1.1" 200 78
116.224.253.72 - - [10/Mar/2021:10:44:04 +0800] "POST /xingrg/dwr/call/plaincall/AjaxComOrderService.getMaterielSearchList.dwr HTTP/1.1" 200 443625
116.224.253.72 - - [10/Mar/2021:10:44:05 +0800] "POST /xingrg/dwr/call/plaincall/AjaxComOrderService.getMaterielSearchList.dwr HTTP/1.1" 200 282
101.228.165.174 - - [10/Mar/2021:10:44:06 +0800] "GET /xingrg/all/function/internal_message.html?_=1615344283957&CODE_STATE=getMsg HTTP/1.1" 200 27
180.169.147.146 - - [10/Mar/2021:10:44:06 +0800] "POST /xingrg/all/user/operate.html HTTP/1.1" 200 36
180.169.147.146 - - [10/Mar/2021:10:44:06 +0800] "GET /xingrg/index.html?sysBaseUrl=http%3A%2F%2F180.169.147.146%3A18081%2Fxingrg%2F&costTime=1167×tamp=1615340064664 HTTP/1.1" 200 17509
180.169.147.146 - - [10/Mar/2021:10:44:06 +0800] "GET /xingrg/javascript/jquery_easy_ui/themes/default/easyui.css HTTP/1.1" 304 -
180.169.147.146 - - [10/Mar/2021:10:44:06 +0800] "GET /xingrg/javascript/jquery_easy_ui/themes/icon.css HTTP/1.1" 304 -
180.169.147.146 - - [10/Mar/2021:10:44:06 +0800] "GET /xingrg/css/form.css HTTP/1.1" 304 -
180.169.147.146 - - [10/Mar/2021:10:44:06 +0800] "GET /xingrg/javascript/jquery-1.4.2.min.js HTTP/1.1" 304 -
180.169.147.146 - - [10/Mar/2021:10:44:06 +0800] "GET /xingrg/javascript/jquery_easy_ui/jquery.easyui.min.js HTTP/1.1" 304 -
180.169.147.146 - - [10/Mar/2021:10:44:06 +0800] "GET /xingrg/javascript/jquery_easy_ui/easyui-lang-zh_CN.js HTTP/1.1" 304 -
180.169.147.146 - - [10/Mar/2021:10:44:06 +0800] "GET /xingrg/javascript/jquery.form.js HTTP/1.1" 304 -
180.169.147.146 - - [10/Mar/2021:10:44:06 +0800] "GET /xingrg/javascript/jquery.utils.js HTTP/1.1" 304 -
180.169.147.146 - - [10/Mar/2021:10:44:06 +0800] "GET /xingrg/javascript/jquery.timers.js HTTP/1.1" 304 -
180.169.147.146 - - [10/Mar/2021:10:44:06 +0800] "GET /xingrg/images/blue/jxLogo.png HTTP/1.1" 304 -
180.169.147.146 - - [10/Mar/2021:10:44:06 +0800] "GET /xingrg/images/blue/navBackgound.jpg HTTP/1.1" 304 -
180.169.147.146 - - [10/Mar/2021:10:44:06 +0800] "GET /xingrg/javascript/jquery_easy_ui/themes/icons/settle_new.png HTTP/1.1" 304 -
180.169.147.146 - - [10/Mar/2021:10:44:06 +0800] "GET /xingrg/all/function/internal_message.html?_=1615344243786&CODE_STATE=count HTTP/1.1" 200 11
180.169.147.146 - - [10/Mar/2021:10:44:06 +0800] "GET /xingrg/check_reg.html?_=1615344243787 HTTP/1.1" 200 22
180.169.147.146 - - [10/Mar/2021:10:44:06 +0800] "GET /xingrg/javascript/jquery_easy_ui/themes/default/images/panel_tool_collapse.gif HTTP/1.1" 304 -
180.169.147.146 - - [10/Mar/2021:10:44:06 +0800] "GET /xingrg/javascript/jquery_easy_ui/themes/default/images/tabs_rightarrow.png HTTP/1.1" 304 -
180.169.147.146 - - [10/Mar/2021:10:44:06 +0800] "GET /xingrg/javascript/jquery_easy_ui/themes/default/images/panel_tool_expand.gif HTTP/1.1" 304 -
180.169.147.146 - - [10/Mar/2021:10:44:06 +0800] "GET /xingrg/images/blue/pingpu.png HTTP/1.1" 304 -
180.169.147.146 - - [10/Mar/2021:10:44:06 +0800] "GET /xingrg/javascript/jquery_easy_ui/themes/default/images/tabs_leftarrow.png HTTP/1.1" 304 -
180.169.147.146 - - [10/Mar/2021:10:44:06 +0800] "POST /xingrg/all/common/load_tree.html?tree=area_rest_tree_json&manage=1 HTTP/1.1" 200 3344
180.169.147.146 - - [10/Mar/2021:10:44:06 +0800] "POST /xingrg/load_menu.html HTTP/1.1" 200 9959
116.224.253.72 - - [10/Mar/2021:10:44:07 +0800] "POST /xingrg/dwr/call/plaincall/AjaxYddbService.getMaterielByMap.dwr HTTP/1.1" 200 3669
116.235.216.75 - - [10/Mar/2021:10:44:07 +0800] "GET /xingrg/kc/buy/cgsh_order_add.html HTTP/1.1" 200 62192
180.169.147.146 - - [10/Mar/2021:10:44:08 +0800] "GET /xingrg/kc/base/base_main.html HTTP/1.1" 200 12142
114.88.166.193 - - [10/Mar/2021:10:44:08 +0800] "GET /xingrg/kc/buy/cgsh_order_add.html HTTP/1.1" 200 62104
114.88.166.193 - - [10/Mar/2021:10:44:08 +0800] "POST /xingrg/kc/buy/cgsh_order_operate.html HTTP/1.1" 200 8245
116.235.216.75 - - [10/Mar/2021:10:44:08 +0800] "POST /xingrg/kc/buy/cgsh_order_operate.html HTTP/1.1" 200 8245
116.235.216.75 - - [10/Mar/2021:10:44:08 +0800] "GET /xingrg/javascript/easyui/themes/default/validatebox.css HTTP/1.1" 404 1104
114.88.166.193 - - [10/Mar/2021:10:44:08 +0800] "GET /xingrg/javascript/easyui/themes/default/validatebox.css HTTP/1.1" 404 1104
58.40.7.146 - - [10/Mar/2021:10:44:08 +0800] "GET /xingrg/all/function/internal_message.html?_=1615344246622&CODE_STATE=getMsg HTTP/1.1" 302 -
180.169.147.146 - - [10/Mar/2021:10:44:09 +0800] "GET /xingrg/kc/base/yddb_order_list.html HTTP/1.1" 200 16951
180.169.147.146 - - [10/Mar/2021:10:44:09 +0800] "POST /xingrg/kc/base/yddb_list_operate.html HTTP/1.1" 200 1345
116.235.216.75 - - [10/Mar/2021:10:44:10 +0800] "GET /xingrg/javascript/easyui/themes/default/tree.css HTTP/1.1" 404 1090
116.224.253.72 - - [10/Mar/2021:10:44:10 +0800] "POST /xingrg/dwr/call/plaincall/AjaxYddbService.saveMaterielItem.dwr HTTP/1.1" 200 78
222.70.216.220 - - [10/Mar/2021:10:44:10 +0800] "GET /xingrg/check_reg.html?_=1615344248356 HTTP/1.1" 302 -
116.235.216.75 - - [10/Mar/2021:10:44:10 +0800] "POST /xingrg/all/common/load_tree.html?tree=supplier_tree_json&isDelete=1 HTTP/1.1" 200 54827
117.184.7.26 - - [10/Mar/2021:10:44:14 +0800] "GET /xingrg/all/function/internal_message.html?_=1615344246789&CODE_STATE=getMsg HTTP/1.1" 200 27
116.224.253.72 - - [10/Mar/2021:10:44:14 +0800] "POST /xingrg/dwr/call/plaincall/AjaxYddbService.checkOrder.dwr HTTP/1.1" 200 78
180.169.147.146 - - [10/Mar/2021:10:44:15 +0800] "POST /xingrg/kc/base/yddb_list_operate.html HTTP/1.1" 200 4417
116.224.253.72 - - [10/Mar/2021:10:44:17 +0800] "GET /xingrg/kc/base/yddb_order_info.html?code=482021031000070 HTTP/1.1" 200 29374
116.224.253.72 - - [10/Mar/2021:10:44:17 +0800] "GET /xingrg/dwr/interface/AjaxYddbService.js HTTP/1.1" 200 13201
116.224.253.72 - - [10/Mar/2021:10:44:17 +0800] "GET /xingrg/dwr/interface/AjaxComOrderService.js HTTP/1.1" 200 18264
116.224.253.72 - - [10/Mar/2021:10:44:17 +0800] "GET /xingrg/dwr/engine.js HTTP/1.1" 200 43631
180.169.147.146 - - [10/Mar/2021:10:44:17 +0800] "POST /xingrg/kc/base/yddb_list_operate.html HTTP/1.1" 200 302
116.224.253.72 - - [10/Mar/2021:10:44:18 +0800] "POST /xingrg/dwr/call/plaincall/AjaxYddbService.loadMaterielItems.dwr HTTP/1.1" 200 728
180.169.147.146 - - [10/Mar/2021:10:44:20 +0800] "GET /xingrg/all/function/internal_message.html?_=1615344259238&CODE_STATE=getMsg HTTP/1.1" 200 27
101.228.165.174 - - [10/Mar/2021:10:44:20 +0800] "GET /xingrg/kc/buy/cgsh_order_add.html HTTP/1.1" 200 62110
101.228.165.174 - - [10/Mar/2021:10:44:20 +0800] "POST /xingrg/kc/buy/cgsh_order_operate.html HTTP/1.1" 200 8245
101.228.165.174 - - [10/Mar/2021:10:44:20 +0800] "GET /xingrg/javascript/easyui/themes/default/validatebox.css HTTP/1.1" 404 1104
116.224.253.72 - - [10/Mar/2021:10:44:21 +0800] "POST /xingrg/all/user/operate.html HTTP/1.1" 200 36
116.224.253.72 - - [10/Mar/2021:10:44:21 +0800] "GET /xingrg/index.html?sysBaseUrl=http%3A%2F%2F180.169.147.146%3A18081%2Fxingrg%2F&costTime=2445×tamp=1615339584586 HTTP/1.1" 200 17177
116.224.253.72 - - [10/Mar/2021:10:44:21 +0800] "GET /xingrg/javascript/jquery_easy_ui/themes/default/easyui.css HTTP/1.1" 304 -
116.224.253.72 - - [10/Mar/2021:10:44:21 +0800] "GET /xingrg/javascript/jquery_easy_ui/themes/icon.css HTTP/1.1" 304 -
116.224.253.72 - - [10/Mar/2021:10:44:21 +0800] "GET /xingrg/css/form.css HTTP/1.1" 304 -
116.224.253.72 - - [10/Mar/2021:10:44:21 +0800] "GET /xingrg/javascript/jquery-1.4.2.min.js HTTP/1.1" 304 -
116.224.253.72 - - [10/Mar/2021:10:44:21 +0800] "GET /xingrg/javascript/jquery_easy_ui/jquery.easyui.min.js HTTP/1.1" 304 -
116.224.253.72 - - [10/Mar/2021:10:44:21 +0800] "GET /xingrg/javascript/jquery_easy_ui/easyui-lang-zh_CN.js HTTP/1.1" 304 -
116.224.253.72 - - [10/Mar/2021:10:44:21 +0800] "GET /xingrg/javascript/jquery.form.js HTTP/1.1" 304 -
116.224.253.72 - - [10/Mar/2021:10:44:21 +0800] "GET /xingrg/javascript/jquery.utils.js HTTP/1.1" 304 -
116.224.253.72 - - [10/Mar/2021:10:44:21 +0800] "GET /xingrg/javascript/jquery.timers.js HTTP/1.1" 304 -
116.224.253.72 - - [10/Mar/2021:10:44:21 +0800] "GET /xingrg/images/blue/jxLogo.png HTTP/1.1" 304 -
116.224.253.72 - - [10/Mar/2021:10:44:21 +0800] "GET /xingrg/images/blue/navBackgound.jpg HTTP/1.1" 304 -
116.224.253.72 - - [10/Mar/2021:10:44:21 +0800] "GET /xingrg/javascript/jquery_easy_ui/themes/icons/settle_new.png HTTP/1.1" 304 -
116.224.253.72 - - [10/Mar/2021:10:44:21 +0800] "GET /xingrg/all/function/internal_message.html?_=1615344265206&CODE_STATE=count HTTP/1.1" 200 11
116.224.253.72 - - [10/Mar/2021:10:44:21 +0800] "GET /xingrg/check_reg.html?_=1615344265207 HTTP/1.1" 200 22
116.224.253.72 - - [10/Mar/2021:10:44:21 +0800] "GET /xingrg/javascript/jquery_easy_ui/themes/default/images/panel_tool_collapse.gif HTTP/1.1" 304 -
116.224.253.72 - - [10/Mar/2021:10:44:21 +0800] "GET /xingrg/javascript/jquery_easy_ui/themes/default/images/tabs_rightarrow.png HTTP/1.1" 304 -
116.224.253.72 - - [10/Mar/2021:10:44:21 +0800] "GET /xingrg/javascript/jquery_easy_ui/themes/default/images/tabs_leftarrow.png HTTP/1.1" 304 -
116.224.253.72 - - [10/Mar/2021:10:44:21 +0800] "GET /xingrg/images/blue/pingpu.png HTTP/1.1" 304 -
116.224.253.72 - - [10/Mar/2021:10:44:21 +0800] "POST /xingrg/all/common/load_tree.html?tree=area_rest_tree_json&manage=1 HTTP/1.1" 200 476
116.224.253.72 - - [10/Mar/2021:10:44:21 +0800] "POST /xingrg/load_menu.html HTTP/1.1" 200 5138
180.169.147.146 - - [10/Mar/2021:10:44:22 +0800] "GET /xingrg/all/function/internal_message.html?_=1615344252354&CODE_STATE=getMsg HTTP/1.1" 200 27
120.253.135.82 - - [10/Mar/2021:10:44:22 +0800] "GET /xingrg/all/function/internal_message.html?_=1615344262670&CODE_STATE=getMsg HTTP/1.1" 200 27
116.232.52.236 - - [10/Mar/2021:10:44:24 +0800] "GET /xingrg/all/function/internal_message.html?_=1615344264062&CODE_STATE=getMsg HTTP/1.1" 200 27
116.224.253.72 - - [10/Mar/2021:10:44:24 +0800] "GET /xingrg/kc/base/yddb_order_list.html HTTP/1.1" 200 16949
117.185.32.26 - - [10/Mar/2021:10:44:24 +0800] "GET /xingrg/kc/base/wldb_order_operate.html?command=get_materiel&rest_code=00106&base_code=0010397&code=00102002940 HTTP/1.1" 200 431
116.224.253.72 - - [10/Mar/2021:10:44:24 +0800] "POST /xingrg/kc/base/yddb_list_operate.html HTTP/1.1" 200 636
116.224.253.72 - - [10/Mar/2021:10:44:27 +0800] "POST /xingrg/kc/base/yddb_list_operate.html HTTP/1.1" 200 1602
