120.253.135.82 - - [10/Mar/2021:10:10:37 +0800] "GET /favicon.ico HTTP/1.1" 404 -
180.169.147.146 - - [10/Mar/2021:10:10:39 +0800] "GET /xingrg/all/function/internal_message.html?_=1615342236425&CODE_STATE=getMsg HTTP/1.1" 200 27
120.253.135.82 - - [10/Mar/2021:10:10:40 +0800] "POST /xingrg/login.do HTTP/1.1" 302 -
120.253.135.82 - - [10/Mar/2021:10:10:40 +0800] "GET /xingrg/javascript/jquery_easy_ui/themes/icon.css HTTP/1.1" 200 3949
120.253.135.82 - - [10/Mar/2021:10:10:40 +0800] "GET /xingrg/css/form.css HTTP/1.1" 200 893
120.253.135.82 - - [10/Mar/2021:10:10:40 +0800] "GET /xingrg/index.html?sysBaseUrl=http%3A%2F%2F180.169.147.146%3A18081%2Fxingrg%2F&costTime=701×tamp=1615342240828 HTTP/1.1" 200 17173
120.253.135.82 - - [10/Mar/2021:10:10:40 +0800] "GET /xingrg/javascript/jquery_easy_ui/themes/default/easyui.css HTTP/1.1" 200 26500
120.253.135.82 - - [10/Mar/2021:10:10:40 +0800] "GET /xingrg/javascript/jquery-1.4.2.min.js HTTP/1.1" 200 72205
120.253.135.82 - - [10/Mar/2021:10:10:40 +0800] "GET /xingrg/javascript/jquery_easy_ui/jquery.easyui.min.js HTTP/1.1" 200 213662
120.253.135.82 - - [10/Mar/2021:10:10:40 +0800] "GET /xingrg/javascript/jquery_easy_ui/easyui-lang-zh_CN.js HTTP/1.1" 200 1900
120.253.135.82 - - [10/Mar/2021:10:10:40 +0800] "GET /xingrg/javascript/jquery.timers.js HTTP/1.1" 200 3532
120.253.135.82 - - [10/Mar/2021:10:10:40 +0800] "GET /xingrg/javascript/jquery.form.js HTTP/1.1" 200 23110
120.253.135.82 - - [10/Mar/2021:10:10:40 +0800] "GET /xingrg/javascript/jquery.utils.js HTTP/1.1" 200 11805
120.253.135.82 - - [10/Mar/2021:10:10:41 +0800] "GET /xingrg/javascript/jquery_easy_ui/themes/icons/settle_new.png HTTP/1.1" 200 826
120.253.135.82 - - [10/Mar/2021:10:10:41 +0800] "GET /xingrg/images/blue/navBackgound.jpg HTTP/1.1" 200 12378
120.253.135.82 - - [10/Mar/2021:10:10:41 +0800] "GET /xingrg/javascript/jquery_easy_ui/themes/default/images/tabs_leftarrow.png HTTP/1.1" 200 389
120.253.135.82 - - [10/Mar/2021:10:10:41 +0800] "GET /xingrg/javascript/jquery_easy_ui/themes/default/images/tabs_rightarrow.png HTTP/1.1" 200 395
120.253.135.82 - - [10/Mar/2021:10:10:41 +0800] "GET /xingrg/javascript/jquery_easy_ui/themes/default/images/panel_tool_collapse.gif HTTP/1.1" 200 246
120.253.135.82 - - [10/Mar/2021:10:10:41 +0800] "GET /xingrg/images/blue/pingpu.png HTTP/1.1" 200 231
120.253.135.82 - - [10/Mar/2021:10:10:41 +0800] "POST /xingrg/all/common/load_tree.html?tree=area_rest_tree_json&manage=1 HTTP/1.1" 200 344
120.253.135.82 - - [10/Mar/2021:10:10:41 +0800] "GET /xingrg/check_reg.html?_=1615342009929 HTTP/1.1" 200 22
120.253.135.82 - - [10/Mar/2021:10:10:41 +0800] "GET /xingrg/all/function/internal_message.html?_=1615342009904&CODE_STATE=count HTTP/1.1" 200 11
120.253.135.82 - - [10/Mar/2021:10:10:41 +0800] "GET /xingrg/javascript/jquery_easy_ui/themes/default/images/tree_arrows.gif HTTP/1.1" 200 1043
120.253.135.82 - - [10/Mar/2021:10:10:41 +0800] "GET /favicon.ico HTTP/1.1" 404 -
120.253.135.82 - - [10/Mar/2021:10:10:41 +0800] "POST /xingrg/load_menu.html HTTP/1.1" 200 6743
120.253.135.82 - - [10/Mar/2021:10:10:41 +0800] "GET /xingrg/javascript/jquery_easy_ui/themes/default/images/tree_folder_open.gif HTTP/1.1" 200 956
120.253.135.82 - - [10/Mar/2021:10:10:41 +0800] "GET /xingrg/javascript/jquery_easy_ui/themes/icons/search_new.png HTTP/1.1" 200 586
120.253.135.82 - - [10/Mar/2021:10:10:41 +0800] "GET /xingrg/javascript/jquery_easy_ui/themes/default/images/tree_file.gif HTTP/1.1" 200 118
120.253.135.82 - - [10/Mar/2021:10:10:41 +0800] "GET /xingrg/javascript/jquery_easy_ui/themes/icons/forms_new.png HTTP/1.1" 200 350
120.253.135.82 - - [10/Mar/2021:10:10:41 +0800] "GET /xingrg/javascript/jquery_easy_ui/themes/icons/delivery_new.png HTTP/1.1" 200 700
120.253.135.82 - - [10/Mar/2021:10:10:41 +0800] "GET /xingrg/javascript/jquery_easy_ui/themes/icons/storage_new.png HTTP/1.1" 200 853
120.253.135.82 - - [10/Mar/2021:10:10:41 +0800] "GET /xingrg/javascript/jquery_easy_ui/themes/default/images/tree_folder.gif HTTP/1.1" 200 952
117.185.32.26 - - [10/Mar/2021:10:10:42 +0800] "GET /xingrg/kc/buy/cgsh_order_operate.html?command=get_materiel&rest_code=00106&code=00101006138&supplier_code=00100015&order_time=2021-03-10 HTTP/1.1" 200 409
120.253.135.82 - - [10/Mar/2021:10:10:44 +0800] "GET /xingrg/javascript/jquery_easy_ui/themes/default/images/tabs_close.gif HTTP/1.1" 200 829
120.253.135.82 - - [10/Mar/2021:10:10:45 +0800] "GET /xingrg/kc/pszx/mdqp_order_list.html?state=10 HTTP/1.1" 200 10171
120.253.135.82 - - [10/Mar/2021:10:10:45 +0800] "GET /xingrg/javascript/pic_change.js HTTP/1.1" 200 4739
120.253.135.82 - - [10/Mar/2021:10:10:45 +0800] "GET /xingrg/css/blue.css HTTP/1.1" 200 15949
120.253.135.82 - - [10/Mar/2021:10:10:45 +0800] "GET /xingrg/dwr/interface/AjaxReportQueryService.js HTTP/1.1" 200 13203
120.253.135.82 - - [10/Mar/2021:10:10:45 +0800] "GET /xingrg/dwr/interface/AjaxQqpsService.js HTTP/1.1" 200 16326
120.253.135.82 - - [10/Mar/2021:10:10:45 +0800] "GET /xingrg/dwr/util.js HTTP/1.1" 200 35990
120.253.135.82 - - [10/Mar/2021:10:10:45 +0800] "GET /xingrg/dwr/engine.js HTTP/1.1" 200 43631
120.253.135.82 - - [10/Mar/2021:10:10:45 +0800] "GET /xingrg/javascript/myfunction.js HTTP/1.1" 200 24559
120.253.135.82 - - [10/Mar/2021:10:10:45 +0800] "GET /xingrg/javascript/Calendar.js HTTP/1.1" 200 31561
120.253.135.82 - - [10/Mar/2021:10:10:45 +0800] "GET /xingrg/javascript/jquery_easy_ui/themes/icons/check_new.png HTTP/1.1" 200 3224
120.253.135.82 - - [10/Mar/2021:10:10:45 +0800] "GET /xingrg/javascript/jquery_easy_ui/themes/icons/back_new.png HTTP/1.1" 200 3414
120.253.135.82 - - [10/Mar/2021:10:10:45 +0800] "GET /xingrg/javascript/jquery_easy_ui/themes/icons/uncheck_new.png HTTP/1.1" 200 3197
61.165.42.208 - - [10/Mar/2021:10:10:46 +0800] "GET /xingrg/all/function/internal_message.html?_=1615342240658&CODE_STATE=getMsg HTTP/1.1" 200 27
116.224.253.72 - - [10/Mar/2021:10:10:46 +0800] "GET /xingrg/kc/base/wldb_order_operate.html?command=get_materiel&rest_code=00150&base_code=0010445&code=00101019258 HTTP/1.1" 200 469
114.88.166.193 - - [10/Mar/2021:10:10:48 +0800] "GET /xingrg/all/function/internal_message.html?_=1615342245106&CODE_STATE=getMsg HTTP/1.1" 200 27
120.253.135.82 - - [10/Mar/2021:10:10:48 +0800] "GET /xingrg/kc/pszx/mdth_order_list.html HTTP/1.1" 200 18577
120.253.135.82 - - [10/Mar/2021:10:10:48 +0800] "GET /xingrg/css/base.css HTTP/1.1" 200 2811
120.253.135.82 - - [10/Mar/2021:10:10:48 +0800] "GET /xingrg/css/site.css HTTP/1.1" 200 7541
120.253.135.82 - - [10/Mar/2021:10:10:48 +0800] "GET /xingrg/javascript/jquery_tools/datebox.css HTTP/1.1" 200 2597
120.253.135.82 - - [10/Mar/2021:10:10:48 +0800] "GET /xingrg/javascript/auto/jquery.autocomplete.css HTTP/1.1" 200 587
120.253.135.82 - - [10/Mar/2021:10:10:48 +0800] "GET /xingrg/javascript/jquery_tools/table.css HTTP/1.1" 200 1032
120.253.135.82 - - [10/Mar/2021:10:10:48 +0800] "GET /xingrg/javascript/easyui/themes/icon.css HTTP/1.1" 200 4483
120.253.135.82 - - [10/Mar/2021:10:10:48 +0800] "GET /xingrg/javascript/jquery_tools/fix.css HTTP/1.1" 200 1702
120.253.135.82 - - [10/Mar/2021:10:10:48 +0800] "GET /xingrg/javascript/jquery_tools/jquery.tools.hotkey.js HTTP/1.1" 200 3242
120.253.135.82 - - [10/Mar/2021:10:10:48 +0800] "GET /xingrg/javascript/jquery_tools/jquery.tools.min.js HTTP/1.1" 200 138801
120.253.135.82 - - [10/Mar/2021:10:10:48 +0800] "GET /xingrg/javascript/jquery_tools/jquery.tools.extend.js HTTP/1.1" 200 15385
120.253.135.82 - - [10/Mar/2021:10:10:48 +0800] "GET /xingrg/javascript/jquery_tools/jquery.tools.table.js HTTP/1.1" 200 6994
120.253.135.82 - - [10/Mar/2021:10:10:48 +0800] "GET /xingrg/javascript/jquery_tools/list_manager.js HTTP/1.1" 200 3652
120.253.135.82 - - [10/Mar/2021:10:10:48 +0800] "GET /xingrg/javascript/jquery.cookie.js HTTP/1.1" 200 5513
120.253.135.82 - - [10/Mar/2021:10:10:48 +0800] "GET /xingrg/javascript/easyui/themes/default/easyui.css HTTP/1.1" 200 30432
120.253.135.82 - - [10/Mar/2021:10:10:48 +0800] "GET /xingrg/javascript/print/LodopFuncs.js HTTP/1.1" 200 5121
120.253.135.82 - - [10/Mar/2021:10:10:48 +0800] "GET /xingrg/javascript/easyui/easyloader.js HTTP/1.1" 200 5975
120.253.135.82 - - [10/Mar/2021:10:10:48 +0800] "GET /xingrg/javascript/auto/jquery.autocomplete.js HTTP/1.1" 200 21624
120.253.135.82 - - [10/Mar/2021:10:10:48 +0800] "GET /xingrg/javascript/easyui/themes/icons/import_new.png HTTP/1.1" 200 1247
120.253.135.82 - - [10/Mar/2021:10:10:48 +0800] "GET /xingrg/javascript/jquery_easy_ui/themes/icons/manage.png HTTP/1.1" 200 696
120.253.135.82 - - [10/Mar/2021:10:10:48 +0800] "GET /xingrg/javascript/easyui/plugins/jquery.parser.js HTTP/1.1" 200 1142
120.253.135.82 - - [10/Mar/2021:10:10:48 +0800] "GET /xingrg/images/control/ajaxLoader.gif HTTP/1.1" 200 4659
120.253.135.82 - - [10/Mar/2021:10:10:48 +0800] "GET /xingrg/javascript/jquery_easy_ui/themes/icons/area.png HTTP/1.1" 200 262
120.253.135.82 - - [10/Mar/2021:10:10:48 +0800] "POST /xingrg/kc/pszx/mdth_order_new_list.html HTTP/1.1" 200 4133
120.253.135.82 - - [10/Mar/2021:10:10:50 +0800] "GET /xingrg/all/function/internal_message.html?_=1615341789187&CODE_STATE=getMsg HTTP/1.1" 200 27
120.253.135.82 - - [10/Mar/2021:10:10:50 +0800] "GET /xingrg/check_reg.html?_=1615341789189 HTTP/1.1" 200 22
117.185.32.26 - - [10/Mar/2021:10:10:50 +0800] "GET /xingrg/all/function/internal_message.html?_=1615342752049&CODE_STATE=getMsg HTTP/1.1" 200 27
120.253.135.82 - - [10/Mar/2021:10:10:52 +0800] "POST /xingrg/kc/pszx/mdth_order_new_list.html HTTP/1.1" 200 492
116.224.253.72 - - [10/Mar/2021:10:10:53 +0800] "GET /xingrg/kc/base/wldb_order_operate.html?command=get_materiel&rest_code=00150&base_code=0010445&code=00101019071 HTTP/1.1" 200 455
120.253.135.82 - - [10/Mar/2021:10:10:53 +0800] "POST /xingrg/kc/pszx/mdth_order_new_list.html HTTP/1.1" 200 199
222.69.138.56 - - [10/Mar/2021:10:10:53 +0800] "GET /xingrg/kc/buy/cgsh_order_operate.html?command=get_materiel&rest_code=00149&code=00101007059&supplier_code=00100205&order_time=2021-03-10 HTTP/1.1" 200 409
120.253.135.82 - - [10/Mar/2021:10:10:54 +0800] "POST /xingrg/kc/pszx/mdth_order_new_list.html HTTP/1.1" 200 204
120.253.135.82 - - [10/Mar/2021:10:10:56 +0800] "POST /xingrg/kc/pszx/mdth_order_new_list.html HTTP/1.1" 200 361
172.20.0.100 - - [10/Mar/2021:10:10:57 +0800] "GET /xingrg/check_reg.html?_=1615342253806 HTTP/1.1" 302 -
116.224.253.72 - - [10/Mar/2021:10:10:59 +0800] "GET /xingrg/kc/base/wldb_order_operate.html?command=get_materiel&rest_code=00150&base_code=0010445&code=00101019111 HTTP/1.1" 200 453
120.253.135.82 - - [10/Mar/2021:10:11:00 +0800] "GET /xingrg/javascript/jquery_easy_ui/themes/default/images/tabs_active.png HTTP/1.1" 200 2894
117.185.32.26 - - [10/Mar/2021:10:11:03 +0800] "GET /xingrg/kc/buy/cgsh_order_operate.html?command=get_materiel&rest_code=00106&code=00101006056&supplier_code=00100015&order_time=2021-03-10 HTTP/1.1" 200 413
101.228.165.174 - - [10/Mar/2021:10:11:05 +0800] "GET /xingrg/all/function/internal_message.html?_=1615342302990&CODE_STATE=getMsg HTTP/1.1" 200 27
116.224.253.72 - - [10/Mar/2021:10:11:06 +0800] "GET /xingrg/kc/base/wldb_order_operate.html?command=get_materiel&rest_code=00150&base_code=0010445&code=00101019174 HTTP/1.1" 200 462
58.40.7.146 - - [10/Mar/2021:10:11:08 +0800] "GET /xingrg/all/function/internal_message.html?_=1615342266627&CODE_STATE=getMsg HTTP/1.1" 302 -
116.224.253.72 - - [10/Mar/2021:10:11:12 +0800] "GET /xingrg/kc/base/wldb_order_operate.html?command=get_materiel&rest_code=00150&base_code=0010445&code=00101019306 HTTP/1.1" 200 463
180.169.147.146 - - [10/Mar/2021:10:11:13 +0800] "GET /xingrg/all/function/internal_message.html?_=1615342272667&CODE_STATE=getMsg HTTP/1.1" 302 -
116.224.253.72 - - [10/Mar/2021:10:11:15 +0800] "GET /xingrg/all/function/internal_message.html?_=1615342235762&CODE_STATE=getMsg HTTP/1.1" 200 27
116.224.253.72 - - [10/Mar/2021:10:11:20 +0800] "GET /xingrg/kc/base/wldb_order_operate.html?command=get_materiel&rest_code=00150&base_code=0010445&code=00101019637 HTTP/1.1" 200 434
117.185.32.26 - - [10/Mar/2021:10:11:21 +0800] "GET /xingrg/kc/buy/cgsh_order_operate.html?command=get_materiel&rest_code=00106&code=00101006131&supplier_code=00100015&order_time=2021-03-10 HTTP/1.1" 200 417
120.253.135.82 - - [10/Mar/2021:10:11:22 +0800] "GET /xingrg/all/function/internal_message.html?_=1615342282222&CODE_STATE=getMsg HTTP/1.1" 200 27
222.69.138.56 - - [10/Mar/2021:10:11:22 +0800] "GET /xingrg/all/function/internal_message.html?_=1615342280594&CODE_STATE=getMsg HTTP/1.1" 200 27
180.169.147.146 - - [10/Mar/2021:10:11:22 +0800] "GET /xingrg/all/function/internal_message.html?_=1615342272362&CODE_STATE=getMsg HTTP/1.1" 200 27
116.232.52.236 - - [10/Mar/2021:10:11:24 +0800] "GET /xingrg/all/function/internal_message.html?_=1615342283972&CODE_STATE=getMsg HTTP/1.1" 200 27
222.69.138.56 - - [10/Mar/2021:10:11:25 +0800] "POST /xingrg/kc/buy/cgsh_order_operate.html HTTP/1.1" 200 37
58.37.230.33 - - [10/Mar/2021:10:11:26 +0800] "GET /xingrg/all/function/internal_message.html?_=1615342287601&CODE_STATE=getMsg HTTP/1.1" 200 27
117.184.7.26 - - [10/Mar/2021:10:11:28 +0800] "GET /xingrg/kc/buy/cgsh_order_operate.html?command=get_materiel&rest_code=00108&code=00101008312&supplier_code=00100008&order_time=2021-03-10 HTTP/1.1" 200 412
222.69.138.56 - - [10/Mar/2021:10:11:29 +0800] "POST /xingrg/kc/buy/cgsh_order_operate.html HTTP/1.1" 200 12
116.224.253.72 - - [10/Mar/2021:10:11:29 +0800] "GET /xingrg/kc/base/wldb_order_operate.html?command=get_materiel&rest_code=00150&base_code=0010445&code=00101019133 HTTP/1.1" 200 465
117.184.7.26 - - [10/Mar/2021:10:11:31 +0800] "GET /xingrg/all/function/internal_message.html?_=1615342284447&CODE_STATE=getMsg HTTP/1.1" 200 27
222.69.138.56 - - [10/Mar/2021:10:11:32 +0800] "GET /xingrg/kc/buy/cgsh_order_info.html?code=212021031003944 HTTP/1.1" 200 57057
222.69.138.56 - - [10/Mar/2021:10:11:32 +0800] "GET /xingrg/words/20210310100947_words.js HTTP/1.1" 200 798084
222.69.138.56 - - [10/Mar/2021:10:11:32 +0800] "GET /xingrg/javascript/easyui/themes/default/validatebox.css HTTP/1.1" 404 1104
222.69.138.56 - - [10/Mar/2021:10:11:33 +0800] "POST /xingrg/kc/buy/cgsh_order_operate.html HTTP/1.1" 200 3561
116.224.253.72 - - [10/Mar/2021:10:11:33 +0800] "GET /xingrg/check_reg.html?_=1615342296719 HTTP/1.1" 200 22
116.224.253.72 - - [10/Mar/2021:10:11:33 +0800] "GET /xingrg/all/function/internal_message.html?_=1615342296729&CODE_STATE=getMsg HTTP/1.1" 200 27
58.37.230.33 - - [10/Mar/2021:10:11:33 +0800] "GET /xingrg/all/function/internal_message.html?_=1615342292874&CODE_STATE=getMsg HTTP/1.1" 302 -
222.70.216.220 - - [10/Mar/2021:10:11:34 +0800] "GET /xingrg/all/function/internal_message.html?_=1615342292018&CODE_STATE=getMsg HTTP/1.1" 302 -
222.69.138.56 - - [10/Mar/2021:10:11:34 +0800] "GET /xingrg/kc/print/load_data.html?order_code=212021031003944&kc_code=cgsh&condition= HTTP/1.1" 200 1823
117.184.7.26 - - [10/Mar/2021:10:11:36 +0800] "GET /xingrg/kc/buy/cgsh_order_operate.html?command=get_materiel&rest_code=00108&code=00101008010&supplier_code=00100008&order_time=2021-03-10 HTTP/1.1" 200 412
61.165.42.208 - - [10/Mar/2021:10:11:36 +0800] "GET /xingrg/all/function/internal_message.html?_=1615342296724&CODE_STATE=getMsg HTTP/1.1" 302 -
116.224.253.72 - - [10/Mar/2021:10:11:38 +0800] "GET /xingrg/kc/base/wldb_order_operate.html?command=get_materiel&rest_code=00150&base_code=0010445&code=00101019222 HTTP/1.1" 200 453
180.169.147.146 - - [10/Mar/2021:10:11:39 +0800] "GET /xingrg/all/function/internal_message.html?_=1615342296427&CODE_STATE=getMsg HTTP/1.1" 200 27
101.91.62.89 - - [10/Mar/2021:10:11:42 +0800] "GET /xingrg/all/function/internal_message.html?_=1615341627577&CODE_STATE=getMsg HTTP/1.1" 302 -
61.165.42.208 - - [10/Mar/2021:10:11:46 +0800] "GET /xingrg/all/function/internal_message.html?_=1615342300659&CODE_STATE=getMsg HTTP/1.1" 200 27
101.91.62.89 - - [10/Mar/2021:10:11:47 +0800] "GET /xingrg/login.html HTTP/1.1" 200 7641
114.88.166.193 - - [10/Mar/2021:10:11:47 +0800] "GET /xingrg/check_reg.html?_=1615342305001 HTTP/1.1" 200 22
114.88.166.193 - - [10/Mar/2021:10:11:48 +0800] "GET /xingrg/all/function/internal_message.html?_=1615342305120&CODE_STATE=getMsg HTTP/1.1" 200 27
116.224.253.72 - - [10/Mar/2021:10:11:48 +0800] "GET /xingrg/kc/base/wldb_order_operate.html?command=get_materiel&rest_code=00150&base_code=0010445&code=00101016094 HTTP/1.1" 200 468
120.253.135.82 - - [10/Mar/2021:10:11:50 +0800] "GET /xingrg/all/function/internal_message.html?_=1615341849189&CODE_STATE=getMsg HTTP/1.1" 200 27
58.221.95.50 - - [10/Mar/2021:10:11:50 +0800] "GET /xingrg/check_reg.html?_=1615342309424 HTTP/1.1" 302 -
222.69.138.56 - - [10/Mar/2021:10:11:50 +0800] "POST /xingrg/kc/buy/cgsh_list_operate.html HTTP/1.1" 200 5833
117.185.32.26 - - [10/Mar/2021:10:11:50 +0800] "GET /xingrg/all/function/internal_message.html?_=1615342812048&CODE_STATE=getMsg HTTP/1.1" 200 27
101.89.239.238 - - [10/Mar/2021:10:11:55 +0800] "GET /xingrg/all/function/internal_message.html?_=1615341693097&CODE_STATE=getMsg HTTP/1.1" 302 -
117.185.32.26 - - [10/Mar/2021:10:11:57 +0800] "POST /xingrg/kc/buy/cgsh_order_operate.html HTTP/1.1" 200 37
101.89.239.238 - - [10/Mar/2021:10:11:59 +0800] "GET /xingrg/login.html HTTP/1.1" 200 7641
222.69.138.56 - - [10/Mar/2021:10:12:00 +0800] "POST /xingrg/kc/buy/cgsh_order_operate.html HTTP/1.1" 200 8245
222.69.138.56 - - [10/Mar/2021:10:12:00 +0800] "GET /xingrg/javascript/easyui/themes/default/validatebox.css HTTP/1.1" 404 1104
117.185.32.26 - - [10/Mar/2021:10:12:05 +0800] "POST /xingrg/kc/buy/cgsh_order_operate.html HTTP/1.1" 200 9800
101.228.165.174 - - [10/Mar/2021:10:12:05 +0800] "GET /xingrg/all/function/internal_message.html?_=1615342363000&CODE_STATE=getMsg HTTP/1.1" 200 27
58.40.7.146 - - [10/Mar/2021:10:12:08 +0800] "GET /xingrg/all/function/internal_message.html?_=1615342326629&CODE_STATE=getMsg HTTP/1.1" 302 -
222.69.138.56 - - [10/Mar/2021:10:12:13 +0800] "GET /xingrg/kc/buy/cgsh_order_operate.html?command=get_materiel&rest_code=00149&code=00101011003&supplier_code=00100051&order_time=2021-03-10 HTTP/1.1" 200 413
180.169.147.146 - - [10/Mar/2021:10:12:13 +0800] "GET /xingrg/all/function/internal_message.html?_=1615342332669&CODE_STATE=getMsg HTTP/1.1" 302 -
116.224.253.72 - - [10/Mar/2021:10:12:15 +0800] "GET /xingrg/all/function/internal_message.html?_=1615342295775&CODE_STATE=getMsg HTTP/1.1" 200 27
117.185.32.26 - - [10/Mar/2021:10:12:16 +0800] "POST /xingrg/kc/buy/cgsh_order_operate.html HTTP/1.1" 200 37
117.185.32.26 - - [10/Mar/2021:10:12:17 +0800] "POST /xingrg/kc/buy/cgsh_order_operate.html HTTP/1.1" 200 9800
117.185.32.26 - - [10/Mar/2021:10:12:21 +0800] "GET /xingrg/kc/buy/buy_main.html HTTP/1.1" 200 12412
117.185.32.26 - - [10/Mar/2021:10:12:21 +0800] "GET /xingrg/css/new_ie.css HTTP/1.1" 404 1036
120.253.135.82 - - [10/Mar/2021:10:12:22 +0800] "GET /xingrg/all/function/internal_message.html?_=1615342342237&CODE_STATE=getMsg HTTP/1.1" 200 27
117.185.32.26 - - [10/Mar/2021:10:12:22 +0800] "GET /xingrg/images/yd/bt.gif HTTP/1.1" 404 1040
180.169.147.146 - - [10/Mar/2021:10:12:22 +0800] "GET /xingrg/check_reg.html?_=1615342332362 HTTP/1.1" 200 22
180.169.147.146 - - [10/Mar/2021:10:12:22 +0800] "GET /xingrg/all/function/internal_message.html?_=1615342332364&CODE_STATE=getMsg HTTP/1.1" 200 27
222.69.138.56 - - [10/Mar/2021:10:12:22 +0800] "GET /xingrg/all/function/internal_message.html?_=1615342340642&CODE_STATE=getMsg HTTP/1.1" 200 27
117.185.32.26 - - [10/Mar/2021:10:12:23 +0800] "GET /xingrg/kc/buy/cgsh_order_list.html HTTP/1.1" 200 46366
116.232.52.236 - - [10/Mar/2021:10:12:24 +0800] "GET /xingrg/all/function/internal_message.html?_=1615342343976&CODE_STATE=getMsg HTTP/1.1" 200 27
58.37.230.33 - - [10/Mar/2021:10:12:26 +0800] "GET /xingrg/all/function/internal_message.html?_=1615342347600&CODE_STATE=getMsg HTTP/1.1" 200 27
117.185.32.26 - - [10/Mar/2021:10:12:27 +0800] "POST /xingrg/kc/buy/cgsh_list_operate.html HTTP/1.1" 200 2781
116.224.253.72 - - [10/Mar/2021:10:12:29 +0800] "POST /xingrg/kc/base/wldb_order_operate.html HTTP/1.1" 200 37
116.224.253.72 - - [10/Mar/2021:10:12:30 +0800] "POST /xingrg/kc/base/wldb_order_operate.html HTTP/1.1" 200 6695
117.184.7.26 - - [10/Mar/2021:10:12:31 +0800] "GET /xingrg/all/function/internal_message.html?_=1615342344444&CODE_STATE=getMsg HTTP/1.1" 200 27
116.224.253.72 - - [10/Mar/2021:10:12:33 +0800] "GET /xingrg/all/function/internal_message.html?_=1615342356714&CODE_STATE=getMsg HTTP/1.1" 200 27
58.37.230.33 - - [10/Mar/2021:10:12:33 +0800] "GET /xingrg/all/function/internal_message.html?_=1615342352847&CODE_STATE=getMsg HTTP/1.1" 302 -
222.70.216.220 - - [10/Mar/2021:10:12:34 +0800] "GET /xingrg/all/function/internal_message.html?_=1615342352020&CODE_STATE=getMsg HTTP/1.1" 302 -
116.224.253.72 - - [10/Mar/2021:10:12:34 +0800] "POST /xingrg/kc/base/wldb_order_operate.html HTTP/1.1" 200 12
116.224.253.72 - - [10/Mar/2021:10:12:35 +0800] "GET /xingrg/kc/base/wldb_order_info.html?code=422021031001003 HTTP/1.1" 200 26400
116.224.253.72 - - [10/Mar/2021:10:12:35 +0800] "GET /xingrg/javascript/easyui/themes/default/validatebox.css HTTP/1.1" 404 1104
116.224.253.72 - - [10/Mar/2021:10:12:35 +0800] "POST /xingrg/kc/base/wldb_order_operate.html HTTP/1.1" 200 4884
61.165.42.208 - - [10/Mar/2021:10:12:36 +0800] "GET /xingrg/all/function/internal_message.html?_=1615342356712&CODE_STATE=getMsg HTTP/1.1" 302 -
222.69.138.56 - - [10/Mar/2021:10:12:37 +0800] "GET /xingrg/kc/buy/cgsh_order_operate.html?command=get_materiel&rest_code=00149&code=00101011005&supplier_code=00100051&order_time=2021-03-10 HTTP/1.1" 200 408
180.169.147.146 - - [10/Mar/2021:10:12:39 +0800] "GET /xingrg/all/function/internal_message.html?_=1615342356416&CODE_STATE=getMsg HTTP/1.1" 200 27
117.185.32.26 - - [10/Mar/2021:10:12:41 +0800] "GET /xingrg/kc/buy/cgsh_order_add.html HTTP/1.1" 200 62104
117.185.32.26 - - [10/Mar/2021:10:12:41 +0800] "GET /xingrg/words/20210310100947_words.js HTTP/1.1" 200 798084
117.185.32.26 - - [10/Mar/2021:10:12:42 +0800] "GET /xingrg/javascript/easyui/themes/default/validatebox.css HTTP/1.1" 404 1104
117.185.32.26 - - [10/Mar/2021:10:12:42 +0800] "POST /xingrg/kc/buy/cgsh_order_operate.html HTTP/1.1" 200 8245
117.185.32.26 - - [10/Mar/2021:10:12:43 +0800] "GET /xingrg/javascript/easyui/themes/default/tree.css HTTP/1.1" 404 1090
117.185.32.26 - - [10/Mar/2021:10:12:43 +0800] "POST /xingrg/all/common/load_tree.html?tree=supplier_tree_json&isDelete=1 HTTP/1.1" 200 54827
61.165.42.208 - - [10/Mar/2021:10:12:46 +0800] "GET /xingrg/all/function/internal_message.html?_=1615342360664&CODE_STATE=getMsg HTTP/1.1" 200 27
222.69.138.56 - - [10/Mar/2021:10:12:47 +0800] "GET /xingrg/kc/buy/cgsh_order_operate.html?command=get_materiel&rest_code=00149&code=00101011010&supplier_code=00100051&order_time=2021-03-10 HTTP/1.1" 200 418
116.235.216.75 - - [10/Mar/2021:10:12:48 +0800] "GET /xingrg/check_reg.html?_=1615342365944 HTTP/1.1" 302 -
114.88.166.193 - - [10/Mar/2021:10:12:48 +0800] "GET /xingrg/all/function/internal_message.html?_=1615342365134&CODE_STATE=getMsg HTTP/1.1" 200 27
120.253.135.82 - - [10/Mar/2021:10:12:50 +0800] "GET /xingrg/all/function/internal_message.html?_=1615341909189&CODE_STATE=getMsg HTTP/1.1" 200 27
117.185.32.26 - - [10/Mar/2021:10:12:50 +0800] "GET /xingrg/all/function/internal_message.html?_=1615342872054&CODE_STATE=getMsg HTTP/1.1" 200 27
116.224.253.72 - - [10/Mar/2021:10:13:00 +0800] "GET /xingrg/kc/base/wldb_order_add.html HTTP/1.1" 200 30516
116.224.253.72 - - [10/Mar/2021:10:13:00 +0800] "POST /xingrg/kc/base/wldb_order_operate.html HTTP/1.1" 200 6806
116.224.253.72 - - [10/Mar/2021:10:13:00 +0800] "GET /xingrg/javascript/easyui/themes/default/validatebox.css HTTP/1.1" 404 1104
222.69.138.56 - - [10/Mar/2021:10:13:01 +0800] "POST /xingrg/kc/buy/cgsh_order_operate.html HTTP/1.1" 200 37
116.224.253.72 - - [10/Mar/2021:10:13:02 +0800] "POST /xingrg/all/common/load_combo.html?type=base HTTP/1.1" 200 2966
101.228.165.174 - - [10/Mar/2021:10:13:04 +0800] "GET /xingrg/check_reg.html?_=1615342422161 HTTP/1.1" 200 22
101.228.165.174 - - [10/Mar/2021:10:13:05 +0800] "GET /xingrg/all/function/internal_message.html?_=1615342423015&CODE_STATE=getMsg HTTP/1.1" 200 27
117.185.32.26 - - [10/Mar/2021:10:13:05 +0800] "GET /xingrg/kc/buy/cgsh_order_operate.html?command=get_materiel&rest_code=00106&code=00101011010&supplier_code=00100050&order_time=2021-03-10 HTTP/1.1" 200 418
116.224.253.72 - - [10/Mar/2021:10:13:05 +0800] "GET /xingrg/check_reg.html?_=1615342346231 HTTP/1.1" 200 22
222.69.138.56 - - [10/Mar/2021:10:13:06 +0800] "POST /xingrg/kc/buy/cgsh_order_operate.html HTTP/1.1" 200 12
58.40.7.146 - - [10/Mar/2021:10:13:08 +0800] "GET /xingrg/all/function/internal_message.html?_=1615342386607&CODE_STATE=getMsg HTTP/1.1" 302 -
58.40.7.146 - - [10/Mar/2021:10:13:08 +0800] "GET /xingrg/check_reg.html?_=1615342386609 HTTP/1.1" 302 -
222.69.138.56 - - [10/Mar/2021:10:13:08 +0800] "GET /xingrg/kc/buy/cgsh_order_info.html?code=212021031003946 HTTP/1.1" 200 57059
222.69.138.56 - - [10/Mar/2021:10:13:09 +0800] "GET /xingrg/javascript/easyui/themes/default/validatebox.css HTTP/1.1" 404 1104
222.69.138.56 - - [10/Mar/2021:10:13:09 +0800] "POST /xingrg/kc/buy/cgsh_order_operate.html HTTP/1.1" 200 2385
116.224.253.72 - - [10/Mar/2021:10:13:12 +0800] "GET /xingrg/kc/base/wldb_order_operate.html?command=get_materiel&rest_code=00150&base_code=0010445&code=00101019391 HTTP/1.1" 200 471
180.169.147.146 - - [10/Mar/2021:10:13:13 +0800] "GET /xingrg/all/function/internal_message.html?_=1615342392671&CODE_STATE=getMsg HTTP/1.1" 302 -
222.69.138.56 - - [10/Mar/2021:10:13:14 +0800] "GET /xingrg/kc/print/load_data.html?order_code=212021031003946&kc_code=cgsh&condition= HTTP/1.1" 200 1402
116.224.253.72 - - [10/Mar/2021:10:13:15 +0800] "GET /xingrg/all/function/internal_message.html?_=1615342355876&CODE_STATE=getMsg HTTP/1.1" 200 27
117.185.32.26 - - [10/Mar/2021:10:13:19 +0800] "POST /xingrg/kc/buy/cgsh_order_operate.html HTTP/1.1" 200 37
222.69.138.56 - - [10/Mar/2021:10:13:20 +0800] "POST /xingrg/kc/buy/cgsh_order_operate.html HTTP/1.1" 200 8245
222.69.138.56 - - [10/Mar/2021:10:13:20 +0800] "GET /xingrg/javascript/easyui/themes/default/validatebox.css HTTP/1.1" 404 1104
117.185.32.26 - - [10/Mar/2021:10:13:20 +0800] "POST /xingrg/kc/buy/cgsh_order_operate.html HTTP/1.1" 200 2667
120.253.135.82 - - [10/Mar/2021:10:13:22 +0800] "GET /xingrg/all/function/internal_message.html?_=1615342402255&CODE_STATE=getMsg HTTP/1.1" 200 27
180.169.147.146 - - [10/Mar/2021:10:13:22 +0800] "GET /xingrg/all/function/internal_message.html?_=1615342392364&CODE_STATE=getMsg HTTP/1.1" 200 27
222.69.138.56 - - [10/Mar/2021:10:13:22 +0800] "GET /xingrg/all/function/internal_message.html?_=1615342400631&CODE_STATE=getMsg HTTP/1.1" 200 27
117.185.32.26 - - [10/Mar/2021:10:13:23 +0800] "GET /xingrg/kc/buy/buy_main.html HTTP/1.1" 200 12412
116.232.52.236 - - [10/Mar/2021:10:13:24 +0800] "GET /xingrg/all/function/internal_message.html?_=1615342403981&CODE_STATE=getMsg HTTP/1.1" 200 27
116.232.52.236 - - [10/Mar/2021:10:13:24 +0800] "GET /xingrg/check_reg.html?_=1615342403983 HTTP/1.1" 200 22
117.185.32.26 - - [10/Mar/2021:10:13:25 +0800] "GET /xingrg/css/new_ie.css HTTP/1.1" 404 1036
58.37.230.33 - - [10/Mar/2021:10:13:26 +0800] "GET /xingrg/all/function/internal_message.html?_=1615342407599&CODE_STATE=getMsg HTTP/1.1" 200 27
58.37.230.33 - - [10/Mar/2021:10:13:26 +0800] "GET /xingrg/check_reg.html?_=1615342407601 HTTP/1.1" 200 22
116.224.253.72 - - [10/Mar/2021:10:13:28 +0800] "GET /xingrg/kc/base/wldb_order_operate.html?command=get_materiel&rest_code=00150&base_code=0010445&code=00101016086 HTTP/1.1" 200 468
117.184.7.26 - - [10/Mar/2021:10:13:31 +0800] "GET /xingrg/all/function/internal_message.html?_=1615342404457&CODE_STATE=getMsg HTTP/1.1" 200 27
116.224.253.72 - - [10/Mar/2021:10:13:33 +0800] "GET /xingrg/all/function/internal_message.html?_=1615342416715&CODE_STATE=getMsg HTTP/1.1" 200 27
58.37.230.33 - - [10/Mar/2021:10:13:33 +0800] "GET /xingrg/all/function/internal_message.html?_=1615342412817&CODE_STATE=getMsg HTTP/1.1" 302 -
222.70.216.220 - - [10/Mar/2021:10:13:34 +0800] "GET /xingrg/all/function/internal_message.html?_=1615342412022&CODE_STATE=getMsg HTTP/1.1" 302 -
61.165.42.208 - - [10/Mar/2021:10:13:36 +0800] "GET /xingrg/all/function/internal_message.html?_=1615342416713&CODE_STATE=getMsg HTTP/1.1" 302 -
180.169.147.146 - - [10/Mar/2021:10:13:39 +0800] "GET /xingrg/all/function/internal_message.html?_=1615342416418&CODE_STATE=getMsg HTTP/1.1" 200 27
222.69.138.56 - - [10/Mar/2021:10:13:40 +0800] "GET /xingrg/kc/buy/cgsh_order_operate.html?command=get_materiel&rest_code=00149&code=00101002022&supplier_code=00100039&order_time=2021-03-10 HTTP/1.1" 200 410
58.37.230.33 - - [10/Mar/2021:10:13:41 +0800] "GET /xingrg/kc/buy/buy_main.html HTTP/1.1" 200 12412
58.37.230.33 - - [10/Mar/2021:10:13:41 +0800] "GET /xingrg/css/new_ie.css HTTP/1.1" 404 1036
58.37.230.33 - - [10/Mar/2021:10:13:41 +0800] "GET /xingrg/images/yd/bt.gif HTTP/1.1" 404 1040
58.37.230.33 - - [10/Mar/2021:10:13:42 +0800] "GET /xingrg/kc/buy/cgsh_order_list.html HTTP/1.1" 200 46372
116.224.253.72 - - [10/Mar/2021:10:13:43 +0800] "GET /xingrg/kc/base/wldb_order_operate.html?command=get_materiel&rest_code=00150&base_code=0010445&code=00101010222 HTTP/1.1" 200 446
58.37.230.33 - - [10/Mar/2021:10:13:44 +0800] "POST /xingrg/kc/buy/cgsh_list_operate.html HTTP/1.1" 200 876
61.165.42.208 - - [10/Mar/2021:10:13:46 +0800] "GET /xingrg/check_reg.html?_=1615342420662 HTTP/1.1" 200 22
61.165.42.208 - - [10/Mar/2021:10:13:46 +0800] "GET /xingrg/all/function/internal_message.html?_=1615342420667&CODE_STATE=getMsg HTTP/1.1" 200 27
114.88.166.193 - - [10/Mar/2021:10:13:48 +0800] "GET /xingrg/all/function/internal_message.html?_=1615342425147&CODE_STATE=getMsg HTTP/1.1" 200 27
120.253.135.82 - - [10/Mar/2021:10:13:50 +0800] "GET /xingrg/all/function/internal_message.html?_=1615341969189&CODE_STATE=getMsg HTTP/1.1" 200 27
58.37.230.33 - - [10/Mar/2021:10:13:50 +0800] "GET /xingrg/javascript/easyui/themes/default/images/button_plain_hover.png HTTP/1.1" 200 144
117.185.32.26 - - [10/Mar/2021:10:13:50 +0800] "GET /xingrg/all/function/internal_message.html?_=1615342932062&CODE_STATE=getMsg HTTP/1.1" 200 27
58.37.230.33 - - [10/Mar/2021:10:13:51 +0800] "GET /xingrg/kc/buy/cgsh_order_add.html HTTP/1.1" 200 62110
58.37.230.33 - - [10/Mar/2021:10:13:51 +0800] "GET /xingrg/javascript/convert.js HTTP/1.1" 200 1239
58.37.230.33 - - [10/Mar/2021:10:13:51 +0800] "GET /xingrg/javascript/jquery_tools/order_manager.js HTTP/1.1" 200 11183
58.37.230.33 - - [10/Mar/2021:10:13:51 +0800] "GET /xingrg/javascript/print/kc_print.js HTTP/1.1" 200 11415
58.37.230.33 - - [10/Mar/2021:10:13:51 +0800] "GET /xingrg/javascript/json2.js HTTP/1.1" 200 11259
58.37.230.33 - - [10/Mar/2021:10:13:51 +0800] "GET /xingrg/words/20210310100947_words.js HTTP/1.1" 200 798084
58.37.230.33 - - [10/Mar/2021:10:13:51 +0800] "GET /xingrg/javascript/easyui/themes/icons/ok.png HTTP/1.1" 200 883
58.37.230.33 - - [10/Mar/2021:10:13:51 +0800] "GET /xingrg/javascript/easyui/themes/icons/template_new.png HTTP/1.1" 200 3956
58.37.230.33 - - [10/Mar/2021:10:13:51 +0800] "GET /xingrg/javascript/easyui/themes/icons/copy_new.png HTTP/1.1" 200 815
58.37.230.33 - - [10/Mar/2021:10:13:51 +0800] "GET /xingrg/javascript/easyui/themes/icons/print.png HTTP/1.1" 200 1057
58.37.230.33 - - [10/Mar/2021:10:13:51 +0800] "GET /xingrg/javascript/easyui/themes/icons/cancel.png HTTP/1.1" 200 1133
58.37.230.33 - - [10/Mar/2021:10:13:51 +0800] "GET /xingrg/javascript/easyui/themes/default/images/menu_downarrow.png HTTP/1.1" 200 173
58.37.230.33 - - [10/Mar/2021:10:13:51 +0800] "GET /xingrg/javascript/easyui/plugins/jquery.validatebox.js HTTP/1.1" 200 6103
58.37.230.33 - - [10/Mar/2021:10:13:51 +0800] "GET /xingrg/javascript/easyui/themes/default/validatebox.css HTTP/1.1" 404 1104
58.37.230.33 - - [10/Mar/2021:10:13:51 +0800] "GET /xingrg/javascript/easyui/plugins/jquery.numberbox.js HTTP/1.1" 200 5213
58.37.230.33 - - [10/Mar/2021:10:13:51 +0800] "GET /xingrg/all/common/auto_word.html?type=employee&rest_code=00141 HTTP/1.1" 200 201
58.37.230.33 - - [10/Mar/2021:10:13:51 +0800] "GET /xingrg/all/common/auto_word.html?type=employee&rest_code=00141 HTTP/1.1" 200 201
58.37.230.33 - - [10/Mar/2021:10:13:51 +0800] "POST /xingrg/kc/buy/cgsh_order_operate.html HTTP/1.1" 200 8245
58.37.230.33 - - [10/Mar/2021:10:13:51 +0800] "GET /xingrg/javascript/easyui/themes/icons/edit_remove.png HTTP/1.1" 200 625
222.69.138.56 - - [10/Mar/2021:10:13:52 +0800] "GET /xingrg/kc/buy/cgsh_order_operate.html?command=get_materiel&rest_code=00149&code=00101003035&supplier_code=00100039&order_time=2021-03-10 HTTP/1.1" 200 411
58.37.230.33 - - [10/Mar/2021:10:13:54 +0800] "GET /xingrg/javascript/auto/indicator.gif HTTP/1.1" 404 1066
116.224.253.72 - - [10/Mar/2021:10:13:59 +0800] "GET /xingrg/kc/base/wldb_order_operate.html?command=get_materiel&rest_code=00150&base_code=0010445&code=00101019212 HTTP/1.1" 200 463
58.37.230.33 - - [10/Mar/2021:10:14:01 +0800] "GET /xingrg/javascript/jquery_tools/images/prev.gif HTTP/1.1" 404 1086
58.37.230.33 - - [10/Mar/2021:10:14:01 +0800] "GET /xingrg/javascript/jquery_tools/images/next.gif HTTP/1.1" 404 1086
61.129.6.174 - - [10/Mar/2021:10:14:04 +0800] "GET /xingrg/all/function/internal_message.html?_=1615341807570&CODE_STATE=getMsg HTTP/1.1" 302 -
101.228.165.174 - - [10/Mar/2021:10:14:05 +0800] "GET /xingrg/all/function/internal_message.html?_=1615342483027&CODE_STATE=getMsg HTTP/1.1" 200 27
222.69.138.56 - - [10/Mar/2021:10:14:05 +0800] "GET /xingrg/kc/buy/cgsh_order_operate.html?command=get_materiel&rest_code=00149&code=00101001075&supplier_code=00100039&order_time=2021-03-10 HTTP/1.1" 200 411
116.224.253.72 - - [10/Mar/2021:10:14:08 +0800] "GET /xingrg/kc/base/wldb_order_operate.html?command=get_materiel&rest_code=00150&base_code=0010445&code=00101010092 HTTP/1.1" 200 450
58.40.7.146 - - [10/Mar/2021:10:14:08 +0800] "GET /xingrg/all/function/internal_message.html?_=1615342446610&CODE_STATE=getMsg HTTP/1.1" 302 -
61.129.6.174 - - [10/Mar/2021:10:14:08 +0800] "GET /xingrg/login.html HTTP/1.1" 200 7641
222.70.216.220 - - [10/Mar/2021:10:14:10 +0800] "GET /xingrg/check_reg.html?_=1615342448518 HTTP/1.1" 302 -
180.169.147.146 - - [10/Mar/2021:10:14:13 +0800] "GET /xingrg/check_reg.html?_=1615342452672 HTTP/1.1" 302 -
180.169.147.146 - - [10/Mar/2021:10:14:13 +0800] "GET /xingrg/all/function/internal_message.html?_=1615342452702&CODE_STATE=getMsg HTTP/1.1" 302 -
116.224.253.72 - - [10/Mar/2021:10:14:15 +0800] "GET /xingrg/kc/base/wldb_order_operate.html?command=get_materiel&rest_code=00150&base_code=0010445&code=00101020144 HTTP/1.1" 200 447
116.224.253.72 - - [10/Mar/2021:10:14:15 +0800] "GET /xingrg/all/function/internal_message.html?_=1615342415881&CODE_STATE=getMsg HTTP/1.1" 200 27
58.37.230.33 - - [10/Mar/2021:10:14:17 +0800] "GET /xingrg/kc/buy/cgsh_order_operate.html?command=get_materiel&rest_code=00141&code=00101008257&supplier_code=00100007&order_time=2021-03-10 HTTP/1.1" 200 416
116.224.253.72 - - [10/Mar/2021:10:14:21 +0800] "GET /xingrg/kc/base/wldb_order_operate.html?command=get_materiel&rest_code=00150&base_code=0010445&code=00101013076 HTTP/1.1" 200 442
120.253.135.82 - - [10/Mar/2021:10:14:22 +0800] "GET /xingrg/all/function/internal_message.html?_=1615342462263&CODE_STATE=getMsg HTTP/1.1" 200 27
222.69.138.56 - - [10/Mar/2021:10:14:22 +0800] "GET /xingrg/check_reg.html?_=1615342460611 HTTP/1.1" 200 22
180.169.147.146 - - [10/Mar/2021:10:14:22 +0800] "GET /xingrg/all/function/internal_message.html?_=1615342452350&CODE_STATE=getMsg HTTP/1.1" 200 27
222.69.138.56 - - [10/Mar/2021:10:14:22 +0800] "GET /xingrg/all/function/internal_message.html?_=1615342460619&CODE_STATE=getMsg HTTP/1.1" 200 27
116.232.52.236 - - [10/Mar/2021:10:14:24 +0800] "GET /xingrg/all/function/internal_message.html?_=1615342463984&CODE_STATE=getMsg HTTP/1.1" 200 27
58.37.230.33 - - [10/Mar/2021:10:14:26 +0800] "GET /xingrg/kc/buy/cgsh_order_operate.html?command=get_materiel&rest_code=00141&code=00101008112&supplier_code=00100007&order_time=2021-03-10 HTTP/1.1" 200 412
58.37.230.33 - - [10/Mar/2021:10:14:26 +0800] "GET /xingrg/all/function/internal_message.html?_=1615342467632&CODE_STATE=getMsg HTTP/1.1" 200 27
117.184.7.26 - - [10/Mar/2021:10:14:31 +0800] "GET /xingrg/all/function/internal_message.html?_=1615342464447&CODE_STATE=getMsg HTTP/1.1" 200 27
117.184.7.26 - - [10/Mar/2021:10:14:31 +0800] "GET /xingrg/check_reg.html?_=1615342464450 HTTP/1.1" 200 22
58.37.230.33 - - [10/Mar/2021:10:14:32 +0800] "GET /xingrg/kc/buy/cgsh_order_operate.html?command=get_materiel&rest_code=00141&code=00101008185&supplier_code=00100007&order_time=2021-03-10 HTTP/1.1" 200 408
116.224.253.72 - - [10/Mar/2021:10:14:33 +0800] "GET /xingrg/all/function/internal_message.html?_=1615342476717&CODE_STATE=getMsg HTTP/1.1" 200 27
58.37.230.33 - - [10/Mar/2021:10:14:33 +0800] "GET /xingrg/all/function/internal_message.html?_=1615342472799&CODE_STATE=getMsg HTTP/1.1" 302 -
222.70.216.220 - - [10/Mar/2021:10:14:34 +0800] "GET /xingrg/all/function/internal_message.html?_=1615342472008&CODE_STATE=getMsg HTTP/1.1" 302 -
117.184.7.26 - - [10/Mar/2021:10:14:34 +0800] "GET /xingrg/kc/buy/cgsh_order_operate.html?command=get_materiel&rest_code=00108&code=00101008110&supplier_code=00100008&order_time=2021-03-10 HTTP/1.1" 200 409
61.165.42.208 - - [10/Mar/2021:10:14:36 +0800] "GET /xingrg/all/function/internal_message.html?_=1615342476723&CODE_STATE=getMsg HTTP/1.1" 302 -
120.253.135.82 - - [10/Mar/2021:10:14:39 +0800] "GET /xingrg/login.html HTTP/1.1" 200 7641
180.169.147.146 - - [10/Mar/2021:10:14:39 +0800] "GET /xingrg/all/function/internal_message.html?_=1615342476420&CODE_STATE=getMsg HTTP/1.1" 200 27
120.253.135.82 - - [10/Mar/2021:10:14:39 +0800] "GET /xingrg/images/blue/jxLogo.png HTTP/1.1" 304 -
180.169.147.146 - - [10/Mar/2021:10:14:39 +0800] "GET /xingrg/check_reg.html?_=1615342476424 HTTP/1.1" 200 22
120.253.135.82 - - [10/Mar/2021:10:14:39 +0800] "GET /xingrg/images/blue/login_bg.png HTTP/1.1" 304 -
120.253.135.82 - - [10/Mar/2021:10:14:39 +0800] "GET /xingrg/images/blue/hj.png HTTP/1.1" 304 -
120.253.135.82 - - [10/Mar/2021:10:14:39 +0800] "GET /xingrg/images/blue/srbg.png HTTP/1.1" 304 -
120.253.135.82 - - [10/Mar/2021:10:14:39 +0800] "GET /favicon.ico HTTP/1.1" 404 -
58.37.230.33 - - [10/Mar/2021:10:14:40 +0800] "GET /xingrg/kc/buy/cgsh_order_operate.html?command=get_materiel&rest_code=00141&code=00101008351&supplier_code=00100007&order_time=2021-03-10 HTTP/1.1" 200 408
117.184.7.26 - - [10/Mar/2021:10:14:40 +0800] "GET /xingrg/kc/buy/cgsh_order_operate.html?command=get_materiel&rest_code=00108&code=00101008038&supplier_code=00100008&order_time=2021-03-10 HTTP/1.1" 200 413
120.253.135.82 - - [10/Mar/2021:10:14:42 +0800] "POST /xingrg/login.do HTTP/1.1" 302 -
120.253.135.82 - - [10/Mar/2021:10:14:42 +0800] "GET /xingrg/javascript/jquery_easy_ui/themes/default/easyui.css HTTP/1.1" 304 -
120.253.135.82 - - [10/Mar/2021:10:14:42 +0800] "GET /xingrg/index.html?sysBaseUrl=http%3A%2F%2F180.169.147.146%3A18081%2Fxingrg%2F&costTime=704×tamp=1615342482596 HTTP/1.1" 200 17173
120.253.135.82 - - [10/Mar/2021:10:14:42 +0800] "GET /xingrg/css/form.css HTTP/1.1" 304 -
120.253.135.82 - - [10/Mar/2021:10:14:42 +0800] "GET /xingrg/javascript/jquery_easy_ui/themes/icon.css HTTP/1.1" 304 -
120.253.135.82 - - [10/Mar/2021:10:14:42 +0800] "GET /xingrg/javascript/jquery-1.4.2.min.js HTTP/1.1" 304 -
120.253.135.82 - - [10/Mar/2021:10:14:42 +0800] "GET /xingrg/javascript/jquery.utils.js HTTP/1.1" 304 -
120.253.135.82 - - [10/Mar/2021:10:14:42 +0800] "GET /xingrg/javascript/jquery.form.js HTTP/1.1" 304 -
120.253.135.82 - - [10/Mar/2021:10:14:42 +0800] "GET /xingrg/javascript/jquery_easy_ui/easyui-lang-zh_CN.js HTTP/1.1" 304 -
120.253.135.82 - - [10/Mar/2021:10:14:42 +0800] "GET /xingrg/javascript/jquery.timers.js HTTP/1.1" 304 -
120.253.135.82 - - [10/Mar/2021:10:14:42 +0800] "GET /favicon.ico HTTP/1.1" 404 -
120.253.135.82 - - [10/Mar/2021:10:14:43 +0800] "GET /xingrg/javascript/jquery_easy_ui/jquery.easyui.min.js HTTP/1.1" 304 -
120.253.135.82 - - [10/Mar/2021:10:14:43 +0800] "GET /xingrg/images/blue/navBackgound.jpg HTTP/1.1" 304 -
120.253.135.82 - - [10/Mar/2021:10:14:43 +0800] "GET /xingrg/javascript/jquery_easy_ui/themes/icons/settle_new.png HTTP/1.1" 304 -
120.253.135.82 - - [10/Mar/2021:10:14:43 +0800] "GET /xingrg/images/blue/pingpu.png HTTP/1.1" 304 -
120.253.135.82 - - [10/Mar/2021:10:14:43 +0800] "GET /xingrg/javascript/jquery_easy_ui/themes/default/images/tabs_leftarrow.png HTTP/1.1" 304 -
120.253.135.82 - - [10/Mar/2021:10:14:43 +0800] "GET /xingrg/javascript/jquery_easy_ui/themes/default/images/tabs_rightarrow.png HTTP/1.1" 304 -
120.253.135.82 - - [10/Mar/2021:10:14:43 +0800] "GET /xingrg/javascript/jquery_easy_ui/themes/default/images/panel_tool_collapse.gif HTTP/1.1" 304 -
120.253.135.82 - - [10/Mar/2021:10:14:43 +0800] "GET /xingrg/all/function/internal_message.html?_=1615342251866&CODE_STATE=count HTTP/1.1" 200 11
120.253.135.82 - - [10/Mar/2021:10:14:43 +0800] "GET /xingrg/check_reg.html?_=1615342251867 HTTP/1.1" 200 22
120.253.135.82 - - [10/Mar/2021:10:14:43 +0800] "POST /xingrg/all/common/load_tree.html?tree=area_rest_tree_json&manage=1 HTTP/1.1" 200 344
120.253.135.82 - - [10/Mar/2021:10:14:43 +0800] "GET /xingrg/javascript/jquery_easy_ui/themes/default/images/tree_arrows.gif HTTP/1.1" 304 -
120.253.135.82 - - [10/Mar/2021:10:14:43 +0800] "POST /xingrg/load_menu.html HTTP/1.1" 200 6743
120.253.135.82 - - [10/Mar/2021:10:14:43 +0800] "GET /xingrg/javascript/jquery_easy_ui/themes/default/images/tree_folder_open.gif HTTP/1.1" 304 -
120.253.135.82 - - [10/Mar/2021:10:14:43 +0800] "GET /xingrg/javascript/jquery_easy_ui/themes/icons/search_new.png HTTP/1.1" 304 -
120.253.135.82 - - [10/Mar/2021:10:14:43 +0800] "GET /xingrg/javascript/jquery_easy_ui/themes/icons/delivery_new.png HTTP/1.1" 304 -
120.253.135.82 - - [10/Mar/2021:10:14:43 +0800] "GET /xingrg/javascript/jquery_easy_ui/themes/icons/storage_new.png HTTP/1.1" 304 -
120.253.135.82 - - [10/Mar/2021:10:14:43 +0800] "GET /xingrg/javascript/jquery_easy_ui/themes/icons/forms_new.png HTTP/1.1" 304 -
120.253.135.82 - - [10/Mar/2021:10:14:43 +0800] "GET /xingrg/javascript/jquery_easy_ui/themes/default/images/tree_file.gif HTTP/1.1" 304 -
120.253.135.82 - - [10/Mar/2021:10:14:43 +0800] "GET /xingrg/javascript/jquery_easy_ui/themes/default/images/tree_folder.gif HTTP/1.1" 304 -
116.224.253.72 - - [10/Mar/2021:10:14:45 +0800] "POST /xingrg/kc/base/wldb_order_operate.html HTTP/1.1" 200 37
222.69.138.56 - - [10/Mar/2021:10:14:45 +0800] "GET /xingrg/kc/buy/cgsh_order_operate.html?command=get_materiel&rest_code=00149&code=00101001010&supplier_code=00100039&order_time=2021-03-10 HTTP/1.1" 200 409
116.224.253.72 - - [10/Mar/2021:10:14:45 +0800] "POST /xingrg/kc/base/wldb_order_operate.html HTTP/1.1" 200 5652
120.253.135.82 - - [10/Mar/2021:10:14:45 +0800] "GET /xingrg/javascript/jquery_easy_ui/themes/default/images/tabs_close.gif HTTP/1.1" 304 -
120.253.135.82 - - [10/Mar/2021:10:14:45 +0800] "GET /xingrg/css/blue.css HTTP/1.1" 304 -
120.253.135.82 - - [10/Mar/2021:10:14:45 +0800] "GET /xingrg/kc/report/report_main.html HTTP/1.1" 200 9370
120.253.135.82 - - [10/Mar/2021:10:14:45 +0800] "GET /xingrg/javascript/pic_change.js HTTP/1.1" 304 -
120.253.135.82 - - [10/Mar/2021:10:14:45 +0800] "GET /xingrg/javascript/myfunction.js HTTP/1.1" 304 -
120.253.135.82 - - [10/Mar/2021:10:14:45 +0800] "GET /xingrg/javascript/json2.js HTTP/1.1" 200 11259
120.253.135.82 - - [10/Mar/2021:10:14:45 +0800] "GET /xingrg/javascript/jquery_ui/themes/humanity/humanity.css HTTP/1.1" 200 27801
120.253.135.82 - - [10/Mar/2021:10:14:45 +0800] "GET /xingrg/javascript/jquery_easy_ui/themes/icons/back_new.png HTTP/1.1" 304 -
61.165.42.208 - - [10/Mar/2021:10:14:46 +0800] "GET /xingrg/all/function/internal_message.html?_=1615342480667&CODE_STATE=getMsg HTTP/1.1" 200 27
120.253.135.82 - - [10/Mar/2021:10:14:46 +0800] "GET /xingrg/kc/base/kc_stocks.html HTTP/1.1" 200 16380
120.253.135.82 - - [10/Mar/2021:10:14:46 +0800] "GET /xingrg/css/base.css HTTP/1.1" 304 -
120.253.135.82 - - [10/Mar/2021:10:14:46 +0800] "GET /xingrg/javascript/easyui/themes/icon.css HTTP/1.1" 304 -
120.253.135.82 - - [10/Mar/2021:10:14:46 +0800] "GET /xingrg/css/site.css HTTP/1.1" 304 -
120.253.135.82 - - [10/Mar/2021:10:14:46 +0800] "GET /xingrg/javascript/jquery_tools/fix.css HTTP/1.1" 304 -
120.253.135.82 - - [10/Mar/2021:10:14:46 +0800] "GET /xingrg/javascript/auto/jquery.autocomplete.css HTTP/1.1" 304 -
120.253.135.82 - - [10/Mar/2021:10:14:46 +0800] "GET /xingrg/javascript/jquery_tools/datebox.css HTTP/1.1" 304 -
120.253.135.82 - - [10/Mar/2021:10:14:46 +0800] "GET /xingrg/javascript/jquery_tools/list_manager.js HTTP/1.1" 304 -
120.253.135.82 - - [10/Mar/2021:10:14:46 +0800] "GET /xingrg/javascript/jquery_tools/jquery.tools.min.js HTTP/1.1" 304 -
120.253.135.82 - - [10/Mar/2021:10:14:46 +0800] "GET /xingrg/javascript/jquery_tools/jquery.tools.extend.js HTTP/1.1" 304 -
120.253.135.82 - - [10/Mar/2021:10:14:46 +0800] "GET /xingrg/javascript/jquery.cookie.js HTTP/1.1" 304 -
120.253.135.82 - - [10/Mar/2021:10:14:46 +0800] "GET /xingrg/javascript/convert.js HTTP/1.1" 200 1239
120.253.135.82 - - [10/Mar/2021:10:14:46 +0800] "GET /xingrg/javascript/jquery_tools/jquery.tools.hotkey.js HTTP/1.1" 304 -
120.253.135.82 - - [10/Mar/2021:10:14:46 +0800] "GET /xingrg/javascript/easyui/themes/sunny/easyui.css HTTP/1.1" 200 34304
120.253.135.82 - - [10/Mar/2021:10:14:47 +0800] "GET /xingrg/javascript/easyui/easyloader.js HTTP/1.1" 304 -
120.253.135.82 - - [10/Mar/2021:10:14:47 +0800] "GET /xingrg/javascript/auto/jquery.autocomplete.js HTTP/1.1" 304 -
120.253.135.82 - - [10/Mar/2021:10:14:47 +0800] "GET /xingrg/javascript/print/LodopFuncs.js HTTP/1.1" 304 -
120.253.135.82 - - [10/Mar/2021:10:14:47 +0800] "GET /xingrg/javascript/easyui/themes/icons/import_new.png HTTP/1.1" 304 -
120.253.135.82 - - [10/Mar/2021:10:14:47 +0800] "GET /xingrg/javascript/jquery_easy_ui/themes/icons/area.png HTTP/1.1" 304 -
120.253.135.82 - - [10/Mar/2021:10:14:47 +0800] "GET /xingrg/javascript/easyui/themes/icons/print_new.png HTTP/1.1" 200 3580
120.253.135.82 - - [10/Mar/2021:10:14:47 +0800] "GET /xingrg/javascript/easyui/themes/icons/filter_new.png HTTP/1.1" 200 795
120.253.135.82 - - [10/Mar/2021:10:14:47 +0800] "GET /xingrg/javascript/easyui/themes/icons/field_new.png HTTP/1.1" 200 1097
120.253.135.82 - - [10/Mar/2021:10:14:47 +0800] "GET /xingrg/javascript/easyui/plugins/jquery.parser.js HTTP/1.1" 304 -
120.253.135.82 - - [10/Mar/2021:10:14:47 +0800] "GET /xingrg/javascript/jquery_easy_ui/themes/icons/manage.png HTTP/1.1" 304 -
120.253.135.82 - - [10/Mar/2021:10:14:47 +0800] "GET /xingrg/javascript/easyui/themes/icons/refresh_new.png HTTP/1.1" 200 685
120.253.135.82 - - [10/Mar/2021:10:14:47 +0800] "GET /xingrg/images/control/ajaxLoader.gif HTTP/1.1" 304 -
120.253.135.82 - - [10/Mar/2021:10:14:47 +0800] "GET /xingrg/javascript/easyui/plugins/jquery.draggable.js HTTP/1.1" 200 6121
120.253.135.82 - - [10/Mar/2021:10:14:47 +0800] "GET /xingrg/javascript/easyui/plugins/jquery.droppable.js HTTP/1.1" 200 1167
120.253.135.82 - - [10/Mar/2021:10:14:47 +0800] "GET /xingrg/all/common/auto_word.html?type=base&rest_code=00101 HTTP/1.1" 200 559
58.37.230.33 - - [10/Mar/2021:10:14:47 +0800] "GET /xingrg/kc/buy/cgsh_order_operate.html?command=get_materiel&rest_code=00141&code=00101008026&supplier_code=00100007&order_time=2021-03-10 HTTP/1.1" 200 409
120.253.135.82 - - [10/Mar/2021:10:14:47 +0800] "GET /xingrg/javascript/easyui/themes/default/tree.css HTTP/1.1" 404 1090
120.253.135.82 - - [10/Mar/2021:10:14:47 +0800] "GET /xingrg/javascript/easyui/plugins/jquery.tree.js HTTP/1.1" 200 20874
114.88.166.193 - - [10/Mar/2021:10:14:48 +0800] "GET /xingrg/all/function/internal_message.html?_=1615342485208&CODE_STATE=getMsg HTTP/1.1" 200 27
120.253.135.82 - - [10/Mar/2021:10:14:48 +0800] "POST /xingrg/all/common/load_tree.html?tree=materiel_sort_tree_json HTTP/1.1" 200 8666
120.253.135.82 - - [10/Mar/2021:10:14:48 +0800] "POST /xingrg/all/common/load_tree.html?tree=materiel_sort_tree_json HTTP/1.1" 200 8666
117.184.7.26 - - [10/Mar/2021:10:14:48 +0800] "GET /xingrg/kc/buy/cgsh_order_operate.html?command=get_materiel&rest_code=00108&code=00101008199&supplier_code=00100008&order_time=2021-03-10 HTTP/1.1" 200 408
120.253.135.82 - - [10/Mar/2021:10:14:48 +0800] "GET /xingrg/javascript/easyui/themes/sunny/images/tree_arrows.gif HTTP/1.1" 200 617
120.253.135.82 - - [10/Mar/2021:10:14:48 +0800] "GET /xingrg/javascript/easyui/themes/sunny/images/tree_file.gif HTTP/1.1" 200 118
120.253.135.82 - - [10/Mar/2021:10:14:48 +0800] "GET /xingrg/javascript/easyui/themes/sunny/images/tree_folder.gif HTTP/1.1" 200 952
120.253.135.82 - - [10/Mar/2021:10:14:49 +0800] "GET /xingrg/javascript/easyui/themes/sunny/images/tree_folder_open.gif HTTP/1.1" 200 956
120.253.135.82 - - [10/Mar/2021:10:14:50 +0800] "GET /xingrg/all/function/internal_message.html?_=1615342029189&CODE_STATE=getMsg HTTP/1.1" 200 27
116.224.253.72 - - [10/Mar/2021:10:14:50 +0800] "POST /xingrg/kc/base/wldb_order_operate.html HTTP/1.1" 200 12
117.185.32.26 - - [10/Mar/2021:10:14:50 +0800] "GET /xingrg/check_reg.html?_=1615342992057 HTTP/1.1" 200 22
117.185.32.26 - - [10/Mar/2021:10:14:50 +0800] "GET /xingrg/all/function/internal_message.html?_=1615342992058&CODE_STATE=getMsg HTTP/1.1" 200 27
116.224.253.72 - - [10/Mar/2021:10:14:51 +0800] "GET /xingrg/kc/base/wldb_order_info.html?code=422021031001004 HTTP/1.1" 200 26400
116.224.253.72 - - [10/Mar/2021:10:14:51 +0800] "GET /xingrg/javascript/easyui/themes/default/validatebox.css HTTP/1.1" 404 1104
116.224.253.72 - - [10/Mar/2021:10:14:51 +0800] "POST /xingrg/kc/base/wldb_order_operate.html HTTP/1.1" 200 3867
120.253.135.82 - - [10/Mar/2021:10:14:52 +0800] "GET /xingrg/css/images/panel_loading.gif HTTP/1.1" 200 1737
