180.169.147.146 - - [10/Mar/2021:10:37:20 +0800] "GET /xingrg/all/function/internal_message.html?_=1615343839228&CODE_STATE=getMsg HTTP/1.1" 200 27
116.224.253.72 - - [10/Mar/2021:10:37:20 +0800] "POST /xingrg/dwr/call/plaincall/AjaxYddbService.checkOrder.dwr HTTP/1.1" 200 289
116.235.216.75 - - [10/Mar/2021:10:37:21 +0800] "GET /xingrg/javascript/easyui/themes/default/tree.css HTTP/1.1" 404 1090
116.235.216.75 - - [10/Mar/2021:10:37:21 +0800] "POST /xingrg/all/common/load_tree.html?tree=supplier_tree_json&isDelete=1 HTTP/1.1" 200 54827
120.253.135.82 - - [10/Mar/2021:10:37:22 +0800] "GET /xingrg/all/function/internal_message.html?_=1615343842574&CODE_STATE=getMsg HTTP/1.1" 200 27
180.169.147.146 - - [10/Mar/2021:10:37:22 +0800] "GET /xingrg/all/function/internal_message.html?_=1615343832352&CODE_STATE=getMsg HTTP/1.1" 200 27
180.169.147.146 - - [10/Mar/2021:10:37:22 +0800] "GET /xingrg/check_reg.html?_=1615343832354 HTTP/1.1" 200 22
116.232.52.236 - - [10/Mar/2021:10:37:24 +0800] "GET /xingrg/all/function/internal_message.html?_=1615343844046&CODE_STATE=getMsg HTTP/1.1" 200 27
58.37.230.33 - - [10/Mar/2021:10:37:26 +0800] "GET /xingrg/all/function/internal_message.html?_=1615343847681&CODE_STATE=getMsg HTTP/1.1" 200 27
101.228.165.174 - - [10/Mar/2021:10:37:26 +0800] "POST /xingrg/kc/buy/cgsh_order_operate.html HTTP/1.1" 200 37
61.165.42.208 - - [10/Mar/2021:10:37:26 +0800] "GET /xingrg/kc/buy/cgsh_order_operate.html?command=get_materiel&rest_code=00105&code=00101005036&supplier_code=00100334&order_time=2021-03-10 HTTP/1.1" 200 409
117.184.7.26 - - [10/Mar/2021:10:37:27 +0800] "POST /xingrg/kc/buy/cgsh_order_operate.html HTTP/1.1" 200 37
180.174.195.252 - - [10/Mar/2021:10:37:30 +0800] "GET /xingrg/kc/base/wldb_order_operate.html?command=get_materiel&rest_code=00102&base_code=0010476&code=00101019134 HTTP/1.1" 200 466
101.228.165.174 - - [10/Mar/2021:10:37:33 +0800] "POST /xingrg/kc/buy/cgsh_order_operate.html HTTP/1.1" 200 3839
58.37.230.33 - - [10/Mar/2021:10:37:33 +0800] "GET /xingrg/all/function/internal_message.html?_=1615343852289&CODE_STATE=getMsg HTTP/1.1" 302 -
116.224.253.72 - - [10/Mar/2021:10:37:33 +0800] "POST /xingrg/dwr/call/plaincall/AjaxYddbService.saveMaterielItem.dwr HTTP/1.1" 200 78
116.224.253.72 - - [10/Mar/2021:10:37:33 +0800] "GET /xingrg/all/function/internal_message.html?_=1615343856790&CODE_STATE=getMsg HTTP/1.1" 200 27
114.88.166.193 - - [10/Mar/2021:10:37:34 +0800] "GET /xingrg/kc/buy/cgsh_order_operate.html?command=get_materiel&rest_code=00111&code=00101001093&supplier_code=00100090&order_time=2021-03-10 HTTP/1.1" 200 409
222.70.216.220 - - [10/Mar/2021:10:37:34 +0800] "GET /xingrg/all/function/internal_message.html?_=1615343852010&CODE_STATE=getMsg HTTP/1.1" 302 -
101.228.165.174 - - [10/Mar/2021:10:37:36 +0800] "GET /xingrg/kc/buy/cgsh_order_add.html HTTP/1.1" 200 62110
61.165.42.208 - - [10/Mar/2021:10:37:36 +0800] "POST /xingrg/kc/buy/cgsh_order_operate.html HTTP/1.1" 200 37
101.228.165.174 - - [10/Mar/2021:10:37:36 +0800] "POST /xingrg/kc/buy/cgsh_order_operate.html HTTP/1.1" 200 8245
222.69.138.56 - - [10/Mar/2021:10:37:36 +0800] "GET /xingrg/all/function/internal_message.html?_=1615343854775&CODE_STATE=getMsg HTTP/1.1" 200 27
101.228.165.174 - - [10/Mar/2021:10:37:37 +0800] "GET /xingrg/javascript/easyui/themes/default/validatebox.css HTTP/1.1" 404 1104
180.169.147.146 - - [10/Mar/2021:10:37:39 +0800] "GET /xingrg/all/function/internal_message.html?_=1615343856416&CODE_STATE=getMsg HTTP/1.1" 200 27
116.224.253.72 - - [10/Mar/2021:10:37:39 +0800] "POST /xingrg/dwr/call/plaincall/AjaxYddbService.checkOrder.dwr HTTP/1.1" 200 78
180.174.195.252 - - [10/Mar/2021:10:37:39 +0800] "GET /xingrg/kc/base/wldb_order_operate.html?command=get_materiel&rest_code=00102&base_code=0010476&code=00101019127 HTTP/1.1" 200 465
222.69.138.56 - - [10/Mar/2021:10:37:39 +0800] "POST /xingrg/kc/buy/cgsh_list_operate.html HTTP/1.1" 200 561
222.69.138.56 - - [10/Mar/2021:10:37:40 +0800] "GET /xingrg/kc/buy/cgsh_order_info.html?code=212021031003937 HTTP/1.1" 200 62166
222.69.138.56 - - [10/Mar/2021:10:37:40 +0800] "GET /xingrg/words/20210310103140_words.js HTTP/1.1" 200 798189
116.224.253.72 - - [10/Mar/2021:10:37:40 +0800] "GET /xingrg/kc/base/yddb_order_info.html?code=482021031000066 HTTP/1.1" 200 29383
116.224.253.72 - - [10/Mar/2021:10:37:40 +0800] "GET /xingrg/dwr/interface/AjaxYddbService.js HTTP/1.1" 200 13201
116.224.253.72 - - [10/Mar/2021:10:37:40 +0800] "GET /xingrg/dwr/interface/AjaxComOrderService.js HTTP/1.1" 200 18264
116.224.253.72 - - [10/Mar/2021:10:37:41 +0800] "GET /xingrg/dwr/engine.js HTTP/1.1" 200 43631
222.69.138.56 - - [10/Mar/2021:10:37:41 +0800] "GET /xingrg/javascript/easyui/themes/default/validatebox.css HTTP/1.1" 404 1104
222.69.138.56 - - [10/Mar/2021:10:37:41 +0800] "POST /xingrg/kc/buy/cgsh_order_operate.html HTTP/1.1" 200 30463
116.224.253.72 - - [10/Mar/2021:10:37:42 +0800] "POST /xingrg/dwr/call/plaincall/AjaxYddbService.loadMaterielItems.dwr HTTP/1.1" 200 3678
61.165.42.208 - - [10/Mar/2021:10:37:42 +0800] "POST /xingrg/kc/buy/cgsh_order_operate.html HTTP/1.1" 200 2655
116.235.216.75 - - [10/Mar/2021:10:37:43 +0800] "GET /xingrg/all/function/internal_message.html?_=1615343861178&CODE_STATE=getMsg HTTP/1.1" 200 27
120.253.135.82 - - [10/Mar/2021:10:37:43 +0800] "GET /xingrg/all/function/internal_message.html?_=1615343632177&CODE_STATE=getMsg HTTP/1.1" 200 27
61.165.42.208 - - [10/Mar/2021:10:37:44 +0800] "GET /xingrg/kc/print/load_data.html?order_code=212021031003976&kc_code=cgsh&condition= HTTP/1.1" 200 666
180.174.195.252 - - [10/Mar/2021:10:37:45 +0800] "GET /xingrg/kc/base/wldb_order_operate.html?command=get_materiel&rest_code=00102&base_code=0010476&code=00101019527 HTTP/1.1" 200 473
61.165.42.208 - - [10/Mar/2021:10:37:46 +0800] "GET /xingrg/all/function/internal_message.html?_=1615343860701&CODE_STATE=getMsg HTTP/1.1" 200 27
101.228.165.174 - - [10/Mar/2021:10:37:46 +0800] "POST /xingrg/kc/buy/cgsh_list_operate.html HTTP/1.1" 200 3139
117.184.7.26 - - [10/Mar/2021:10:37:46 +0800] "POST /xingrg/kc/buy/cgsh_order_operate.html HTTP/1.1" 200 29269
116.224.253.72 - - [10/Mar/2021:10:37:47 +0800] "POST /xingrg/all/user/operate.html HTTP/1.1" 200 36
180.174.195.252 - - [10/Mar/2021:10:37:48 +0800] "GET /xingrg/check_reg.html?_=1615343866140 HTTP/1.1" 200 22
180.174.195.252 - - [10/Mar/2021:10:37:48 +0800] "GET /xingrg/all/function/internal_message.html?_=1615343866387&CODE_STATE=getMsg HTTP/1.1" 200 27
116.224.253.72 - - [10/Mar/2021:10:37:48 +0800] "GET /xingrg/index.html?sysBaseUrl=http%3A%2F%2F180.169.147.146%3A18081%2Fxingrg%2F&costTime=714×tamp=1615341785497 HTTP/1.1" 200 17177
116.224.253.72 - - [10/Mar/2021:10:37:48 +0800] "GET /xingrg/javascript/jquery_easy_ui/themes/default/easyui.css HTTP/1.1" 304 -
116.224.253.72 - - [10/Mar/2021:10:37:48 +0800] "GET /xingrg/javascript/jquery_easy_ui/themes/icon.css HTTP/1.1" 304 -
114.88.166.193 - - [10/Mar/2021:10:37:48 +0800] "GET /xingrg/all/function/internal_message.html?_=1615343865786&CODE_STATE=getMsg HTTP/1.1" 200 27
116.224.253.72 - - [10/Mar/2021:10:37:48 +0800] "GET /xingrg/css/form.css HTTP/1.1" 304 -
116.224.253.72 - - [10/Mar/2021:10:37:48 +0800] "GET /xingrg/javascript/jquery-1.4.2.min.js HTTP/1.1" 304 -
116.224.253.72 - - [10/Mar/2021:10:37:48 +0800] "GET /xingrg/javascript/jquery_easy_ui/jquery.easyui.min.js HTTP/1.1" 304 -
116.224.253.72 - - [10/Mar/2021:10:37:48 +0800] "GET /xingrg/javascript/jquery_easy_ui/easyui-lang-zh_CN.js HTTP/1.1" 304 -
116.224.253.72 - - [10/Mar/2021:10:37:48 +0800] "GET /xingrg/javascript/jquery.form.js HTTP/1.1" 304 -
116.224.253.72 - - [10/Mar/2021:10:37:48 +0800] "GET /xingrg/javascript/jquery.utils.js HTTP/1.1" 304 -
116.224.253.72 - - [10/Mar/2021:10:37:48 +0800] "GET /xingrg/javascript/jquery.timers.js HTTP/1.1" 304 -
116.224.253.72 - - [10/Mar/2021:10:37:48 +0800] "GET /xingrg/images/blue/jxLogo.png HTTP/1.1" 304 -
116.224.253.72 - - [10/Mar/2021:10:37:48 +0800] "GET /xingrg/images/blue/navBackgound.jpg HTTP/1.1" 304 -
116.224.253.72 - - [10/Mar/2021:10:37:48 +0800] "GET /xingrg/javascript/jquery_easy_ui/themes/icons/settle_new.png HTTP/1.1" 304 -
116.224.253.72 - - [10/Mar/2021:10:37:48 +0800] "GET /xingrg/images/blue/pingpu.png HTTP/1.1" 304 -
116.224.253.72 - - [10/Mar/2021:10:37:48 +0800] "GET /xingrg/javascript/jquery_easy_ui/themes/default/images/tabs_leftarrow.png HTTP/1.1" 304 -
116.224.253.72 - - [10/Mar/2021:10:37:48 +0800] "GET /xingrg/javascript/jquery_easy_ui/themes/default/images/tabs_rightarrow.png HTTP/1.1" 304 -
116.224.253.72 - - [10/Mar/2021:10:37:48 +0800] "GET /xingrg/javascript/jquery_easy_ui/themes/default/images/panel_tool_collapse.gif HTTP/1.1" 304 -
116.224.253.72 - - [10/Mar/2021:10:37:48 +0800] "GET /xingrg/all/function/internal_message.html?_=1615343829285&CODE_STATE=count HTTP/1.1" 200 11
116.224.253.72 - - [10/Mar/2021:10:37:48 +0800] "GET /xingrg/check_reg.html?_=1615343829286 HTTP/1.1" 200 22
116.224.253.72 - - [10/Mar/2021:10:37:49 +0800] "POST /xingrg/all/common/load_tree.html?tree=area_rest_tree_json&manage=1 HTTP/1.1" 200 476
116.224.253.72 - - [10/Mar/2021:10:37:49 +0800] "POST /xingrg/load_menu.html HTTP/1.1" 200 5138
114.88.166.193 - - [10/Mar/2021:10:37:49 +0800] "POST /xingrg/kc/buy/cgsh_order_operate.html HTTP/1.1" 200 37
101.228.165.174 - - [10/Mar/2021:10:37:49 +0800] "POST /xingrg/kc/buy/cgsh_list_operate.html HTTP/1.1" 200 345
61.165.42.208 - - [10/Mar/2021:10:37:49 +0800] "GET /xingrg/kc/buy/cgsh_order_add.html HTTP/1.1" 200 62151
61.165.42.208 - - [10/Mar/2021:10:37:49 +0800] "POST /xingrg/kc/buy/cgsh_order_operate.html HTTP/1.1" 200 8245
61.165.42.208 - - [10/Mar/2021:10:37:49 +0800] "GET /xingrg/javascript/easyui/themes/default/validatebox.css HTTP/1.1" 404 1104
120.253.135.82 - - [10/Mar/2021:10:37:50 +0800] "GET /xingrg/all/function/internal_message.html?_=1615343409221&CODE_STATE=getMsg HTTP/1.1" 200 27
101.228.165.174 - - [10/Mar/2021:10:37:50 +0800] "GET /xingrg/kc/buy/cgsh_order_info.html?code=212021031003975 HTTP/1.1" 200 62119
101.228.165.174 - - [10/Mar/2021:10:37:50 +0800] "GET /xingrg/javascript/easyui/themes/default/validatebox.css HTTP/1.1" 404 1104
117.185.32.26 - - [10/Mar/2021:10:37:50 +0800] "GET /xingrg/all/function/internal_message.html?_=1615344371929&CODE_STATE=getMsg HTTP/1.1" 200 27
101.228.165.174 - - [10/Mar/2021:10:37:51 +0800] "POST /xingrg/kc/buy/cgsh_order_operate.html HTTP/1.1" 200 3839
114.88.166.193 - - [10/Mar/2021:10:37:51 +0800] "POST /xingrg/kc/buy/cgsh_order_operate.html HTTP/1.1" 200 3849
116.224.253.72 - - [10/Mar/2021:10:37:51 +0800] "GET /xingrg/kc/base/yddb_order_list.html HTTP/1.1" 200 16949
222.69.138.56 - - [10/Mar/2021:10:37:51 +0800] "GET /xingrg/kc/buy/cgsh_order_operate.html?command=get_materiel&rest_code=00149&code=00101008330&supplier_code=00100005&order_time=2021-03-10 HTTP/1.1" 200 408
116.224.253.72 - - [10/Mar/2021:10:37:52 +0800] "POST /xingrg/kc/base/yddb_list_operate.html HTTP/1.1" 200 636
101.228.165.174 - - [10/Mar/2021:10:37:52 +0800] "GET /xingrg/kc/print/load_data.html?order_code=212021031003975&kc_code=cgsh&condition= HTTP/1.1" 200 1146
114.88.166.193 - - [10/Mar/2021:10:37:53 +0800] "GET /xingrg/kc/print/load_data.html?order_code=212021031003977&kc_code=cgsh&condition= HTTP/1.1" 200 1194
116.224.253.72 - - [10/Mar/2021:10:37:56 +0800] "POST /xingrg/kc/base/yddb_list_operate.html HTTP/1.1" 200 2641
180.174.195.252 - - [10/Mar/2021:10:37:57 +0800] "GET /xingrg/kc/base/wldb_order_operate.html?command=get_materiel&rest_code=00102&base_code=0010476&code=00101019185 HTTP/1.1" 200 455
61.165.42.208 - - [10/Mar/2021:10:37:58 +0800] "GET /xingrg/kc/buy/cgsh_order_operate.html?command=get_materiel&rest_code=00105&code=00101002034&supplier_code=00100091&order_time=2021-03-10 HTTP/1.1" 200 409
116.224.253.72 - - [10/Mar/2021:10:38:00 +0800] "POST /xingrg/kc/base/yddb_list_operate.html HTTP/1.1" 200 662
116.224.253.72 - - [10/Mar/2021:10:38:01 +0800] "GET /xingrg/kc/base/yddb_order_info.html?code=482021031000068 HTTP/1.1" 200 30948
116.224.253.72 - - [10/Mar/2021:10:38:01 +0800] "GET /xingrg/dwr/interface/AjaxYddbService.js HTTP/1.1" 200 13201
116.224.253.72 - - [10/Mar/2021:10:38:01 +0800] "GET /xingrg/dwr/interface/AjaxComOrderService.js HTTP/1.1" 200 18264
116.224.253.72 - - [10/Mar/2021:10:38:01 +0800] "GET /xingrg/dwr/engine.js HTTP/1.1" 200 43631
116.224.253.72 - - [10/Mar/2021:10:38:02 +0800] "POST /xingrg/dwr/call/plaincall/AjaxYddbService.loadMaterielItems.dwr HTTP/1.1" 200 3377
114.88.166.193 - - [10/Mar/2021:10:38:02 +0800] "GET /xingrg/kc/buy/cgsh_order_add.html HTTP/1.1" 200 62104
180.174.195.252 - - [10/Mar/2021:10:38:02 +0800] "GET /xingrg/kc/base/wldb_order_operate.html?command=get_materiel&rest_code=00102&base_code=0010476&code=00101019183 HTTP/1.1" 200 432
114.88.166.193 - - [10/Mar/2021:10:38:02 +0800] "POST /xingrg/kc/buy/cgsh_order_operate.html HTTP/1.1" 200 8245
114.88.166.193 - - [10/Mar/2021:10:38:02 +0800] "GET /xingrg/javascript/easyui/themes/default/validatebox.css HTTP/1.1" 404 1104
101.228.165.174 - - [10/Mar/2021:10:38:04 +0800] "GET /xingrg/check_reg.html?_=1615343922733 HTTP/1.1" 200 22
116.224.253.72 - - [10/Mar/2021:10:38:05 +0800] "POST /xingrg/dwr/call/plaincall/AjaxYddbService.saveOrder.dwr HTTP/1.1" 200 78
101.228.165.174 - - [10/Mar/2021:10:38:05 +0800] "GET /xingrg/all/function/internal_message.html?_=1615343923763&CODE_STATE=getMsg HTTP/1.1" 200 27
61.165.42.208 - - [10/Mar/2021:10:38:06 +0800] "GET /xingrg/all/function/internal_message.html?_=1615343886912&CODE_STATE=getMsg HTTP/1.1" 200 27
58.40.7.146 - - [10/Mar/2021:10:38:08 +0800] "GET /xingrg/all/function/internal_message.html?_=1615343886619&CODE_STATE=getMsg HTTP/1.1" 302 -
58.40.7.146 - - [10/Mar/2021:10:38:08 +0800] "GET /xingrg/check_reg.html?_=1615343886620 HTTP/1.1" 302 -
180.174.195.252 - - [10/Mar/2021:10:38:09 +0800] "GET /xingrg/kc/base/wldb_order_operate.html?command=get_materiel&rest_code=00102&base_code=0010476&code=00101020144 HTTP/1.1" 200 447
116.224.253.72 - - [10/Mar/2021:10:38:11 +0800] "POST /xingrg/dwr/call/plaincall/AjaxYddbService.objCheckOrder.dwr HTTP/1.1" 200 78
114.88.166.193 - - [10/Mar/2021:10:38:12 +0800] "GET /xingrg/kc/buy/cgsh_order_operate.html?command=get_materiel&rest_code=00111&code=00101004090&supplier_code=00100312&order_time=2021-03-10 HTTP/1.1" 200 391
116.224.253.72 - - [10/Mar/2021:10:38:12 +0800] "GET /xingrg/kc/base/yddb_order_info.html?code=482021031000068 HTTP/1.1" 200 31073
116.224.253.72 - - [10/Mar/2021:10:38:12 +0800] "GET /xingrg/dwr/interface/AjaxYddbService.js HTTP/1.1" 200 13201
116.224.253.72 - - [10/Mar/2021:10:38:12 +0800] "GET /xingrg/dwr/interface/AjaxComOrderService.js HTTP/1.1" 200 18264
116.224.253.72 - - [10/Mar/2021:10:38:12 +0800] "GET /xingrg/dwr/engine.js HTTP/1.1" 200 43631
116.224.253.72 - - [10/Mar/2021:10:38:13 +0800] "POST /xingrg/dwr/call/plaincall/AjaxYddbService.loadMaterielItems.dwr HTTP/1.1" 200 3377
117.184.7.26 - - [10/Mar/2021:10:38:14 +0800] "GET /xingrg/all/function/internal_message.html?_=1615343886928&CODE_STATE=getMsg HTTP/1.1" 200 27
180.174.195.252 - - [10/Mar/2021:10:38:16 +0800] "GET /xingrg/check_reg.html?_=1615344156272 HTTP/1.1" 200 22
222.69.138.56 - - [10/Mar/2021:10:38:17 +0800] "GET /xingrg/kc/buy/cgsh_order_operate.html?command=get_materiel&rest_code=00149&code=00101008166&supplier_code=00100005&order_time=2021-03-10 HTTP/1.1" 200 412
116.224.253.72 - - [10/Mar/2021:10:38:18 +0800] "POST /xingrg/kc/base/yddb_list_operate.html HTTP/1.1" 200 667
180.169.147.146 - - [10/Mar/2021:10:38:20 +0800] "GET /xingrg/all/function/internal_message.html?_=1615343899229&CODE_STATE=getMsg HTTP/1.1" 200 27
116.224.253.72 - - [10/Mar/2021:10:38:20 +0800] "GET /xingrg/kc/base/yddb_order_info.html?code=482021031000067 HTTP/1.1" 200 30948
116.224.253.72 - - [10/Mar/2021:10:38:20 +0800] "GET /xingrg/dwr/interface/AjaxYddbService.js HTTP/1.1" 200 13201
116.224.253.72 - - [10/Mar/2021:10:38:20 +0800] "GET /xingrg/dwr/interface/AjaxComOrderService.js HTTP/1.1" 200 18264
116.224.253.72 - - [10/Mar/2021:10:38:20 +0800] "GET /xingrg/dwr/engine.js HTTP/1.1" 200 43631
116.224.253.72 - - [10/Mar/2021:10:38:20 +0800] "POST /xingrg/dwr/call/plaincall/AjaxYddbService.loadMaterielItems.dwr HTTP/1.1" 200 3058
61.165.42.208 - - [10/Mar/2021:10:38:22 +0800] "GET /xingrg/kc/buy/cgsh_order_operate.html?command=get_materiel&rest_code=00105&code=00101003066&supplier_code=00100091&order_time=2021-03-10 HTTP/1.1" 200 415
180.169.147.146 - - [10/Mar/2021:10:38:22 +0800] "GET /xingrg/all/function/internal_message.html?_=1615343892354&CODE_STATE=getMsg HTTP/1.1" 200 27
120.253.135.82 - - [10/Mar/2021:10:38:22 +0800] "GET /xingrg/all/function/internal_message.html?_=1615343902596&CODE_STATE=getMsg HTTP/1.1" 200 27
61.151.178.236 - - [10/Mar/2021:10:38:22 +0800] "GET /xingrg/all/function/internal_message.html?_=1615343252498&CODE_STATE=getMsg HTTP/1.1" 302 -
116.232.52.236 - - [10/Mar/2021:10:38:24 +0800] "GET /xingrg/all/function/internal_message.html?_=1615343904049&CODE_STATE=getMsg HTTP/1.1" 200 27
116.232.52.236 - - [10/Mar/2021:10:38:24 +0800] "GET /xingrg/check_reg.html?_=1615343904050 HTTP/1.1" 200 22
180.174.195.252 - - [10/Mar/2021:10:38:24 +0800] "GET /xingrg/kc/base/wldb_order_operate.html?command=get_materiel&rest_code=00102&base_code=0010476&code=00101009024 HTTP/1.1" 200 423
58.37.230.33 - - [10/Mar/2021:10:38:26 +0800] "GET /xingrg/check_reg.html?_=1615343907715 HTTP/1.1" 200 22
58.37.230.33 - - [10/Mar/2021:10:38:26 +0800] "GET /xingrg/all/function/internal_message.html?_=1615343907717&CODE_STATE=getMsg HTTP/1.1" 200 27
114.88.166.193 - - [10/Mar/2021:10:38:26 +0800] "GET /xingrg/kc/buy/cgsh_order_operate.html?command=get_materiel&rest_code=00111&code=00101004067&supplier_code=00100312&order_time=2021-03-10 HTTP/1.1" 200 413
116.224.253.72 - - [10/Mar/2021:10:38:27 +0800] "POST /xingrg/dwr/call/plaincall/AjaxYddbService.saveOrder.dwr HTTP/1.1" 200 78
61.151.178.236 - - [10/Mar/2021:10:38:28 +0800] "GET /xingrg/login.html HTTP/1.1" 200 7641
61.165.42.208 - - [10/Mar/2021:10:38:31 +0800] "POST /xingrg/kc/buy/cgsh_order_operate.html HTTP/1.1" 200 37
222.69.138.56 - - [10/Mar/2021:10:38:31 +0800] "GET /xingrg/kc/buy/cgsh_order_operate.html?command=get_materiel&rest_code=00149&code=00101008010&supplier_code=00100005&order_time=2021-03-10 HTTP/1.1" 200 412
61.165.42.208 - - [10/Mar/2021:10:38:32 +0800] "POST /xingrg/kc/buy/cgsh_order_operate.html HTTP/1.1" 200 3267
58.37.230.33 - - [10/Mar/2021:10:38:33 +0800] "GET /xingrg/all/function/internal_message.html?_=1615343912272&CODE_STATE=getMsg HTTP/1.1" 302 -
116.224.253.72 - - [10/Mar/2021:10:38:33 +0800] "GET /xingrg/all/function/internal_message.html?_=1615343916787&CODE_STATE=getMsg HTTP/1.1" 200 27
61.165.42.208 - - [10/Mar/2021:10:38:33 +0800] "GET /xingrg/kc/print/load_data.html?order_code=212021031003978&kc_code=cgsh&condition= HTTP/1.1" 200 984
222.70.216.220 - - [10/Mar/2021:10:38:34 +0800] "GET /xingrg/all/function/internal_message.html?_=1615343912012&CODE_STATE=getMsg HTTP/1.1" 302 -
61.165.42.208 - - [10/Mar/2021:10:38:34 +0800] "GET /favicon.ico HTTP/1.1" 404 -
61.165.42.208 - - [10/Mar/2021:10:38:35 +0800] "GET /xingrg/index.html?sysBaseUrl=http%3A%2F%2F180.169.147.146%3A18081%2Fxingrg%2F&costTime=32×tamp=1585224308505 HTTP/1.1" 302 -
61.165.42.208 - - [10/Mar/2021:10:38:35 +0800] "GET /xingrg/login.html HTTP/1.1" 200 7641
180.174.195.252 - - [10/Mar/2021:10:38:36 +0800] "GET /xingrg/kc/base/wldb_order_operate.html?command=get_materiel&rest_code=00102&base_code=0010476&code=00101019400 HTTP/1.1" 200 450
61.165.42.208 - - [10/Mar/2021:10:38:36 +0800] "GET /favicon.ico HTTP/1.1" 404 -
116.224.253.72 - - [10/Mar/2021:10:38:36 +0800] "POST /xingrg/dwr/call/plaincall/AjaxYddbService.objCheckOrder.dwr HTTP/1.1" 200 78
222.69.138.56 - - [10/Mar/2021:10:38:37 +0800] "GET /xingrg/all/function/internal_message.html?_=1615343914913&CODE_STATE=getMsg HTTP/1.1" 200 27
61.165.42.208 - - [10/Mar/2021:10:38:37 +0800] "GET /xingrg/kc/buy/cgsh_order_add.html HTTP/1.1" 200 62151
61.165.42.208 - - [10/Mar/2021:10:38:37 +0800] "GET /xingrg/javascript/easyui/themes/default/validatebox.css HTTP/1.1" 404 1104
61.165.42.208 - - [10/Mar/2021:10:38:37 +0800] "POST /xingrg/kc/buy/cgsh_order_operate.html HTTP/1.1" 200 8245
116.224.253.72 - - [10/Mar/2021:10:38:39 +0800] "GET /xingrg/kc/base/yddb_order_info.html?code=482021031000067 HTTP/1.1" 200 31073
116.224.253.72 - - [10/Mar/2021:10:38:39 +0800] "GET /xingrg/dwr/interface/AjaxYddbService.js HTTP/1.1" 200 13201
116.224.253.72 - - [10/Mar/2021:10:38:39 +0800] "GET /xingrg/dwr/interface/AjaxComOrderService.js HTTP/1.1" 200 18264
116.224.253.72 - - [10/Mar/2021:10:38:39 +0800] "GET /xingrg/dwr/engine.js HTTP/1.1" 200 43631
180.169.147.146 - - [10/Mar/2021:10:38:39 +0800] "GET /xingrg/all/function/internal_message.html?_=1615343916422&CODE_STATE=getMsg HTTP/1.1" 200 27
116.224.253.72 - - [10/Mar/2021:10:38:39 +0800] "POST /xingrg/dwr/call/plaincall/AjaxYddbService.loadMaterielItems.dwr HTTP/1.1" 200 3058
180.174.195.252 - - [10/Mar/2021:10:38:40 +0800] "GET /xingrg/kc/base/wldb_order_operate.html?command=get_materiel&rest_code=00102&base_code=0010476&code=00101016044 HTTP/1.1" 200 464
117.184.7.26 - - [10/Mar/2021:10:38:41 +0800] "POST /xingrg/kc/buy/cgsh_order_operate.html HTTP/1.1" 200 37
222.69.138.56 - - [10/Mar/2021:10:38:41 +0800] "GET /xingrg/kc/buy/cgsh_order_operate.html?command=get_materiel&rest_code=00149&code=00101008306&supplier_code=00100005&order_time=2021-03-10 HTTP/1.1" 200 412
117.184.7.26 - - [10/Mar/2021:10:38:42 +0800] "POST /xingrg/kc/buy/cgsh_order_operate.html HTTP/1.1" 200 29269
114.88.166.193 - - [10/Mar/2021:10:38:43 +0800] "GET /xingrg/kc/buy/cgsh_order_operate.html?command=get_materiel&rest_code=00111&code=00101005015&supplier_code=00100312&order_time=2021-03-10 HTTP/1.1" 200 409
116.235.216.75 - - [10/Mar/2021:10:38:43 +0800] "GET /xingrg/all/function/internal_message.html?_=1615343921173&CODE_STATE=getMsg HTTP/1.1" 200 27
120.253.135.82 - - [10/Mar/2021:10:38:43 +0800] "GET /xingrg/all/function/internal_message.html?_=1615343692184&CODE_STATE=getMsg HTTP/1.1" 200 27
61.165.42.208 - - [10/Mar/2021:10:38:45 +0800] "POST /xingrg/login.do HTTP/1.1" 302 -
61.165.42.208 - - [10/Mar/2021:10:38:45 +0800] "GET /xingrg/index.html?sysBaseUrl=http%3A%2F%2F180.169.147.146%3A18081%2Fxingrg%2F&costTime=792×tamp=1615343925857 HTTP/1.1" 200 17173
61.165.42.208 - - [10/Mar/2021:10:38:46 +0800] "GET /xingrg/check_reg.html?_=1615343920686 HTTP/1.1" 200 22
61.165.42.208 - - [10/Mar/2021:10:38:46 +0800] "GET /xingrg/all/function/internal_message.html?_=1615343920688&CODE_STATE=getMsg HTTP/1.1" 200 27
61.165.42.208 - - [10/Mar/2021:10:38:46 +0800] "GET /favicon.ico HTTP/1.1" 404 -
61.165.42.208 - - [10/Mar/2021:10:38:46 +0800] "POST /xingrg/all/common/load_tree.html?tree=area_rest_tree_json&manage=1 HTTP/1.1" 200 342
61.165.42.208 - - [10/Mar/2021:10:38:46 +0800] "GET /xingrg/check_reg.html?_=1615343908760 HTTP/1.1" 200 22
61.165.42.208 - - [10/Mar/2021:10:38:46 +0800] "GET /xingrg/all/function/internal_message.html?_=1615343908756&CODE_STATE=count HTTP/1.1" 200 11
180.174.195.252 - - [10/Mar/2021:10:38:46 +0800] "GET /xingrg/kc/base/wldb_order_operate.html?command=get_materiel&rest_code=00102&base_code=0010476&code=00101013225 HTTP/1.1" 200 448
61.165.42.208 - - [10/Mar/2021:10:38:46 +0800] "POST /xingrg/load_menu.html HTTP/1.1" 200 5138
222.69.138.56 - - [10/Mar/2021:10:38:46 +0800] "POST /xingrg/kc/buy/cgsh_order_operate.html HTTP/1.1" 200 2065
116.235.216.75 - - [10/Mar/2021:10:38:46 +0800] "GET /xingrg/kc/buy/cgsh_order_operate.html?command=get_materiel&rest_code=00107&code=00101004049&supplier_code=00100312&order_time=2021-03-10 HTTP/1.1" 200 413
61.165.42.208 - - [10/Mar/2021:10:38:47 +0800] "GET /xingrg/kc/buy/cgsh_order_operate.html?command=get_materiel&rest_code=00105&code=00101006047&supplier_code=00100323&order_time=2021-03-10 HTTP/1.1" 200 413
180.174.195.252 - - [10/Mar/2021:10:38:48 +0800] "GET /xingrg/all/function/internal_message.html?_=1615343926402&CODE_STATE=getMsg HTTP/1.1" 200 27
114.88.166.193 - - [10/Mar/2021:10:38:48 +0800] "GET /xingrg/all/function/internal_message.html?_=1615343925798&CODE_STATE=getMsg HTTP/1.1" 200 27
116.224.253.72 - - [10/Mar/2021:10:38:48 +0800] "GET /xingrg/all/function/internal_message.html?_=1615343889294&CODE_STATE=getMsg HTTP/1.1" 200 27
101.228.165.174 - - [10/Mar/2021:10:38:48 +0800] "GET /xingrg/kc/buy/cgsh_order_add.html HTTP/1.1" 200 62110
116.224.253.72 - - [10/Mar/2021:10:38:49 +0800] "POST /xingrg/kc/base/yddb_list_operate.html HTTP/1.1" 200 625
101.228.165.174 - - [10/Mar/2021:10:38:49 +0800] "POST /xingrg/kc/buy/cgsh_order_operate.html HTTP/1.1" 200 8245
101.228.165.174 - - [10/Mar/2021:10:38:49 +0800] "GET /xingrg/javascript/easyui/themes/default/validatebox.css HTTP/1.1" 404 1104
117.185.32.26 - - [10/Mar/2021:10:38:50 +0800] "GET /xingrg/all/function/internal_message.html?_=1615344431936&CODE_STATE=getMsg HTTP/1.1" 200 27
116.224.253.72 - - [10/Mar/2021:10:38:54 +0800] "GET /xingrg/dwr/interface/AjaxYddbService.js HTTP/1.1" 200 13201
116.224.253.72 - - [10/Mar/2021:10:38:55 +0800] "GET /xingrg/kc/base/yddb_order_info.html?code=482021031000066 HTTP/1.1" 200 30948
116.224.253.72 - - [10/Mar/2021:10:38:55 +0800] "GET /xingrg/dwr/interface/AjaxComOrderService.js HTTP/1.1" 200 18264
116.224.253.72 - - [10/Mar/2021:10:38:55 +0800] "GET /xingrg/kc/base/wldb_order_operate.html?command=get_materiel&rest_code=00150&base_code=0010445&code=00101019056 HTTP/1.1" 200 475
61.165.42.208 - - [10/Mar/2021:10:38:56 +0800] "POST /xingrg/kc/buy/cgsh_order_operate.html HTTP/1.1" 200 37
114.88.166.193 - - [10/Mar/2021:10:38:56 +0800] "GET /xingrg/kc/buy/cgsh_order_operate.html?command=get_materiel&rest_code=00111&code=00101004023&supplier_code=00100312&order_time=2021-03-10 HTTP/1.1" 200 409
116.224.253.72 - - [10/Mar/2021:10:38:57 +0800] "GET /xingrg/dwr/engine.js HTTP/1.1" 200 43631
61.165.42.208 - - [10/Mar/2021:10:38:57 +0800] "POST /xingrg/kc/buy/cgsh_order_operate.html HTTP/1.1" 200 2657
116.224.253.72 - - [10/Mar/2021:10:38:58 +0800] "POST /xingrg/dwr/call/plaincall/AjaxYddbService.loadMaterielItems.dwr HTTP/1.1" 200 3678
61.165.42.208 - - [10/Mar/2021:10:38:59 +0800] "GET /xingrg/kc/base/base_main.html HTTP/1.1" 200 12142
61.165.42.208 - - [10/Mar/2021:10:38:59 +0800] "GET /xingrg/kc/print/load_data.html?order_code=212021031003979&kc_code=cgsh&condition= HTTP/1.1" 200 678
61.165.42.208 - - [10/Mar/2021:10:39:00 +0800] "GET /xingrg/kc/base/wldb_order_list.html HTTP/1.1" 200 19339
101.228.165.174 - - [10/Mar/2021:10:39:02 +0800] "GET /xingrg/kc/buy/cgsh_order_operate.html?command=get_materiel&rest_code=00146&code=00101010161&supplier_code=00100041&order_time=2021-03-10 HTTP/1.1" 200 409
116.235.216.75 - - [10/Mar/2021:10:39:02 +0800] "GET /xingrg/kc/buy/cgsh_order_operate.html?command=get_materiel&rest_code=00107&code=00101004030&supplier_code=00100312&order_time=2021-03-10 HTTP/1.1" 200 408
61.165.42.208 - - [10/Mar/2021:10:39:03 +0800] "POST /xingrg/kc/base/wldb_list_operate.html HTTP/1.1" 200 928
61.165.42.208 - - [10/Mar/2021:10:39:05 +0800] "GET /xingrg/kc/base/wldb_order_add.html HTTP/1.1" 200 30502
61.165.42.208 - - [10/Mar/2021:10:39:05 +0800] "GET /xingrg/words/20210310103140_words.js HTTP/1.1" 200 798189
61.165.42.208 - - [10/Mar/2021:10:39:05 +0800] "POST /xingrg/kc/base/wldb_order_operate.html HTTP/1.1" 200 6806
101.228.165.174 - - [10/Mar/2021:10:39:05 +0800] "GET /xingrg/all/function/internal_message.html?_=1615343983780&CODE_STATE=getMsg HTTP/1.1" 200 27
61.165.42.208 - - [10/Mar/2021:10:39:05 +0800] "GET /xingrg/all/common/auto_word.html?type=base&rest_code=00105 HTTP/1.1" 200 1811
61.165.42.208 - - [10/Mar/2021:10:39:05 +0800] "GET /xingrg/all/common/auto_word.html?type=base&rest_code=00105 HTTP/1.1" 200 1811
61.165.42.208 - - [10/Mar/2021:10:39:06 +0800] "GET /xingrg/javascript/easyui/themes/default/validatebox.css HTTP/1.1" 404 1104
61.165.42.208 - - [10/Mar/2021:10:39:06 +0800] "GET /xingrg/all/function/internal_message.html?_=1615343946893&CODE_STATE=getMsg HTTP/1.1" 200 27
114.88.166.193 - - [10/Mar/2021:10:39:07 +0800] "GET /xingrg/kc/buy/cgsh_order_operate.html?command=get_materiel&rest_code=00111&code=00101001029&supplier_code=00100312&order_time=2021-03-10 HTTP/1.1" 200 415
61.165.42.208 - - [10/Mar/2021:10:39:07 +0800] "POST /xingrg/all/common/load_combo.html?type=base HTTP/1.1" 200 3236
58.40.7.146 - - [10/Mar/2021:10:39:08 +0800] "GET /xingrg/all/function/internal_message.html?_=1615343946607&CODE_STATE=getMsg HTTP/1.1" 302 -
61.165.42.208 - - [10/Mar/2021:10:39:10 +0800] "POST /xingrg/all/common/load_combo.html?type=base HTTP/1.1" 200 3236
222.70.216.220 - - [10/Mar/2021:10:39:10 +0800] "GET /xingrg/check_reg.html?_=1615343948386 HTTP/1.1" 302 -
116.224.253.72 - - [10/Mar/2021:10:39:11 +0800] "POST /xingrg/dwr/call/plaincall/AjaxYddbService.saveOrder.dwr HTTP/1.1" 200 78
180.174.195.252 - - [10/Mar/2021:10:39:14 +0800] "POST /xingrg/kc/base/wldb_order_operate.html HTTP/1.1" 200 37
117.184.7.26 - - [10/Mar/2021:10:39:14 +0800] "GET /xingrg/all/function/internal_message.html?_=1615343946900&CODE_STATE=getMsg HTTP/1.1" 200 27
180.174.195.252 - - [10/Mar/2021:10:39:14 +0800] "POST /xingrg/kc/base/wldb_order_operate.html HTTP/1.1" 200 6674
116.235.216.75 - - [10/Mar/2021:10:39:15 +0800] "POST /xingrg/kc/buy/cgsh_order_operate.html HTTP/1.1" 200 37
180.174.195.252 - - [10/Mar/2021:10:39:15 +0800] "GET /xingrg/kc/base/wldb_order_info.html?code=422021031001013 HTTP/1.1" 200 30513
222.69.138.56 - - [10/Mar/2021:10:39:15 +0800] "GET /xingrg/kc/buy/cgsh_order_operate.html?command=get_materiel&rest_code=00149&code=00101037182&supplier_code=00100005&order_time=2021-03-10 HTTP/1.1" 200 414
116.235.216.75 - - [10/Mar/2021:10:39:16 +0800] "POST /xingrg/kc/buy/cgsh_order_operate.html HTTP/1.1" 200 3249
180.174.195.252 - - [10/Mar/2021:10:39:16 +0800] "POST /xingrg/kc/base/wldb_order_operate.html HTTP/1.1" 200 6674
180.174.195.252 - - [10/Mar/2021:10:39:16 +0800] "GET /xingrg/javascript/easyui/themes/default/validatebox.css HTTP/1.1" 404 1104
116.235.216.75 - - [10/Mar/2021:10:39:18 +0800] "GET /xingrg/kc/print/load_data.html?order_code=212021031003980&kc_code=cgsh&condition= HTTP/1.1" 200 901
61.165.42.208 - - [10/Mar/2021:10:39:19 +0800] "POST /xingrg/kc/buy/cgsh_order_operate.html HTTP/1.1" 200 37
180.169.147.146 - - [10/Mar/2021:10:39:20 +0800] "GET /xingrg/all/function/internal_message.html?_=1615343959231&CODE_STATE=getMsg HTTP/1.1" 200 27
222.69.138.56 - - [10/Mar/2021:10:39:20 +0800] "GET /xingrg/kc/buy/cgsh_order_operate.html?command=get_materiel&rest_code=00149&code=00101008114&supplier_code=00100005&order_time=2021-03-10 HTTP/1.1" 200 413
116.224.253.72 - - [10/Mar/2021:10:39:21 +0800] "POST /xingrg/dwr/call/plaincall/AjaxYddbService.objCheckOrder.dwr HTTP/1.1" 200 78
61.165.42.208 - - [10/Mar/2021:10:39:21 +0800] "POST /xingrg/kc/buy/cgsh_order_operate.html HTTP/1.1" 200 2659
116.224.253.72 - - [10/Mar/2021:10:39:22 +0800] "GET /xingrg/kc/base/yddb_order_info.html?code=482021031000066 HTTP/1.1" 200 31073
116.224.253.72 - - [10/Mar/2021:10:39:22 +0800] "GET /xingrg/dwr/interface/AjaxYddbService.js HTTP/1.1" 200 13201
116.224.253.72 - - [10/Mar/2021:10:39:22 +0800] "GET /xingrg/dwr/interface/AjaxComOrderService.js HTTP/1.1" 200 18264
116.224.253.72 - - [10/Mar/2021:10:39:22 +0800] "GET /xingrg/dwr/engine.js HTTP/1.1" 200 43631
180.169.147.146 - - [10/Mar/2021:10:39:22 +0800] "GET /xingrg/all/function/internal_message.html?_=1615343952356&CODE_STATE=getMsg HTTP/1.1" 200 27
120.253.135.82 - - [10/Mar/2021:10:39:22 +0800] "GET /xingrg/all/function/internal_message.html?_=1615343962603&CODE_STATE=getMsg HTTP/1.1" 200 27
116.224.253.72 - - [10/Mar/2021:10:39:23 +0800] "POST /xingrg/dwr/call/plaincall/AjaxYddbService.loadMaterielItems.dwr HTTP/1.1" 200 3678
116.235.216.75 - - [10/Mar/2021:10:39:23 +0800] "GET /xingrg/kc/buy/cgsh_order_add.html HTTP/1.1" 200 62192
116.235.216.75 - - [10/Mar/2021:10:39:23 +0800] "GET /xingrg/words/20210310103140_words.js HTTP/1.1" 304 -
116.232.52.236 - - [10/Mar/2021:10:39:24 +0800] "GET /xingrg/all/function/internal_message.html?_=1615343964048&CODE_STATE=getMsg HTTP/1.1" 200 27
116.235.216.75 - - [10/Mar/2021:10:39:24 +0800] "GET /xingrg/javascript/easyui/themes/default/validatebox.css HTTP/1.1" 404 1104
116.235.216.75 - - [10/Mar/2021:10:39:24 +0800] "POST /xingrg/kc/buy/cgsh_order_operate.html HTTP/1.1" 200 8245
101.228.165.174 - - [10/Mar/2021:10:39:25 +0800] "GET /xingrg/kc/buy/cgsh_order_operate.html?command=get_materiel&rest_code=00146&code=00101001032&supplier_code=00100041&order_time=2021-03-10 HTTP/1.1" 200 413
116.235.216.75 - - [10/Mar/2021:10:39:25 +0800] "GET /xingrg/javascript/easyui/themes/default/tree.css HTTP/1.1" 404 1090
116.235.216.75 - - [10/Mar/2021:10:39:25 +0800] "POST /xingrg/all/common/load_tree.html?tree=supplier_tree_json&isDelete=1 HTTP/1.1" 200 54827
58.37.230.33 - - [10/Mar/2021:10:39:26 +0800] "GET /xingrg/all/function/internal_message.html?_=1615343967696&CODE_STATE=getMsg HTTP/1.1" 200 27
61.165.42.208 - - [10/Mar/2021:10:39:29 +0800] "GET /xingrg/index.html?sysBaseUrl=http%3A%2F%2F180.169.147.146%3A18081%2Fxingrg%2F&costTime=36×tamp=1585222720700 HTTP/1.1" 200 17173
61.165.42.208 - - [10/Mar/2021:10:39:29 +0800] "GET /favicon.ico HTTP/1.1" 404 -
61.165.42.208 - - [10/Mar/2021:10:39:29 +0800] "GET /xingrg/check_reg.html?_=1615343969825 HTTP/1.1" 200 22
61.165.42.208 - - [10/Mar/2021:10:39:29 +0800] "GET /xingrg/all/function/internal_message.html?_=1615343969825&CODE_STATE=count HTTP/1.1" 200 11
61.165.42.208 - - [10/Mar/2021:10:39:29 +0800] "POST /xingrg/all/common/load_tree.html?tree=area_rest_tree_json&manage=1 HTTP/1.1" 200 3344
61.165.42.208 - - [10/Mar/2021:10:39:29 +0800] "POST /xingrg/load_menu.html HTTP/1.1" 200 5138
116.224.253.72 - - [10/Mar/2021:10:39:30 +0800] "POST /xingrg/kc/base/yddb_list_operate.html HTTP/1.1" 200 452
101.91.62.89 - - [10/Mar/2021:10:39:31 +0800] "GET /xingrg/check_reg.html?_=1615343307645 HTTP/1.1" 302 -
116.224.253.72 - - [10/Mar/2021:10:39:32 +0800] "GET /xingrg/kc/base/yddb_order_info.html?code=482021031000065 HTTP/1.1" 200 30948
116.224.253.72 - - [10/Mar/2021:10:39:32 +0800] "GET /xingrg/dwr/interface/AjaxYddbService.js HTTP/1.1" 200 13201
116.224.253.72 - - [10/Mar/2021:10:39:32 +0800] "GET /xingrg/dwr/interface/AjaxComOrderService.js HTTP/1.1" 200 18264
116.224.253.72 - - [10/Mar/2021:10:39:32 +0800] "GET /xingrg/dwr/engine.js HTTP/1.1" 200 43631
116.224.253.72 - - [10/Mar/2021:10:39:32 +0800] "POST /xingrg/dwr/call/plaincall/AjaxYddbService.loadMaterielItems.dwr HTTP/1.1" 200 1449
61.165.42.208 - - [10/Mar/2021:10:39:32 +0800] "GET /xingrg/kc/buy/cgsh_order_list.html HTTP/1.1" 200 46366
58.37.230.33 - - [10/Mar/2021:10:39:33 +0800] "GET /xingrg/all/function/internal_message.html?_=1615343972243&CODE_STATE=getMsg HTTP/1.1" 302 -
116.224.253.72 - - [10/Mar/2021:10:39:33 +0800] "GET /xingrg/all/function/internal_message.html?_=1615343976800&CODE_STATE=getMsg HTTP/1.1" 200 27
101.228.165.174 - - [10/Mar/2021:10:39:34 +0800] "GET /xingrg/kc/buy/cgsh_order_operate.html?command=get_materiel&rest_code=00146&code=00101005037&supplier_code=00100041&order_time=2021-03-10 HTTP/1.1" 200 409
222.70.216.220 - - [10/Mar/2021:10:39:34 +0800] "GET /xingrg/all/function/internal_message.html?_=1615343972014&CODE_STATE=getMsg HTTP/1.1" 302 -
116.224.253.72 - - [10/Mar/2021:10:39:35 +0800] "POST /xingrg/dwr/call/plaincall/AjaxYddbService.saveOrder.dwr HTTP/1.1" 200 78
222.69.138.56 - - [10/Mar/2021:10:39:36 +0800] "GET /xingrg/check_reg.html?_=1615343974789 HTTP/1.1" 200 22
222.69.138.56 - - [10/Mar/2021:10:39:37 +0800] "GET /xingrg/all/function/internal_message.html?_=1615343974899&CODE_STATE=getMsg HTTP/1.1" 200 27
222.69.138.56 - - [10/Mar/2021:10:39:37 +0800] "GET /xingrg/kc/buy/cgsh_order_operate.html?command=get_materiel&rest_code=00149&code=00101015024&supplier_code=00100005&order_time=2021-03-10 HTTP/1.1" 200 413
61.165.42.208 - - [10/Mar/2021:10:39:37 +0800] "GET /xingrg/javascript/auto/indicator.gif HTTP/1.1" 404 1066
180.169.147.146 - - [10/Mar/2021:10:39:39 +0800] "GET /xingrg/all/function/internal_message.html?_=1615343976429&CODE_STATE=getMsg HTTP/1.1" 200 27
180.169.147.146 - - [10/Mar/2021:10:39:39 +0800] "GET /xingrg/check_reg.html?_=1615343976434 HTTP/1.1" 200 22
101.91.62.89 - - [10/Mar/2021:10:39:39 +0800] "GET /xingrg/login.html HTTP/1.1" 200 7641
61.165.42.208 - - [10/Mar/2021:10:39:39 +0800] "GET /xingrg/kc/base/wldb_order_operate.html?command=get_materiel&rest_code=00105&base_code=0010507&code=00102012003 HTTP/1.1" 200 442
180.174.195.252 - - [10/Mar/2021:10:39:41 +0800] "GET /xingrg/kc/buy/cgsh_order_list.html HTTP/1.1" 200 46366
116.224.253.72 - - [10/Mar/2021:10:39:41 +0800] "POST /xingrg/dwr/call/plaincall/AjaxYddbService.objCheckOrder.dwr HTTP/1.1" 200 78
180.174.195.252 - - [10/Mar/2021:10:39:42 +0800] "POST /xingrg/kc/buy/cgsh_list_operate.html HTTP/1.1" 200 876
101.228.165.174 - - [10/Mar/2021:10:39:42 +0800] "GET /xingrg/kc/buy/cgsh_order_operate.html?command=get_materiel&rest_code=00146&code=00101018007&supplier_code=00100041&order_time=2021-03-10 HTTP/1.1" 200 409
116.224.253.72 - - [10/Mar/2021:10:39:42 +0800] "GET /xingrg/kc/base/yddb_order_info.html?code=482021031000065 HTTP/1.1" 200 31073
116.224.253.72 - - [10/Mar/2021:10:39:42 +0800] "GET /xingrg/dwr/interface/AjaxYddbService.js HTTP/1.1" 200 13201
116.224.253.72 - - [10/Mar/2021:10:39:42 +0800] "GET /xingrg/dwr/interface/AjaxComOrderService.js HTTP/1.1" 200 18264
116.224.253.72 - - [10/Mar/2021:10:39:42 +0800] "GET /xingrg/dwr/engine.js HTTP/1.1" 200 43631
116.224.253.72 - - [10/Mar/2021:10:39:43 +0800] "POST /xingrg/dwr/call/plaincall/AjaxYddbService.loadMaterielItems.dwr HTTP/1.1" 200 1449
120.253.135.82 - - [10/Mar/2021:10:39:43 +0800] "GET /xingrg/check_reg.html?_=1615343751893 HTTP/1.1" 200 22
116.235.216.75 - - [10/Mar/2021:10:39:43 +0800] "GET /xingrg/all/function/internal_message.html?_=1615343981186&CODE_STATE=getMsg HTTP/1.1" 200 27
120.253.135.82 - - [10/Mar/2021:10:39:43 +0800] "GET /xingrg/all/function/internal_message.html?_=1615343752198&CODE_STATE=getMsg HTTP/1.1" 200 27
61.165.42.208 - - [10/Mar/2021:10:39:46 +0800] "GET /xingrg/all/function/internal_message.html?_=1615343980687&CODE_STATE=getMsg HTTP/1.1" 200 27
222.69.138.56 - - [10/Mar/2021:10:39:46 +0800] "GET /xingrg/kc/buy/cgsh_order_operate.html?command=get_materiel&rest_code=00149&code=00101015046&supplier_code=00100005&order_time=2021-03-10 HTTP/1.1" 200 412
120.253.135.82 - - [10/Mar/2021:10:39:46 +0800] "GET /xingrg/javascript/jquery_easy_ui/themes/default/images/tabs_active.png HTTP/1.1" 200 2894
61.165.42.208 - - [10/Mar/2021:10:39:47 +0800] "POST /xingrg/kc/buy/cgsh_list_operate.html HTTP/1.1" 200 5150
61.165.42.208 - - [10/Mar/2021:10:39:47 +0800] "POST /xingrg/kc/base/wldb_order_operate.html HTTP/1.1" 200 37
61.165.42.208 - - [10/Mar/2021:10:39:48 +0800] "POST /xingrg/kc/base/wldb_order_operate.html HTTP/1.1" 200 2185
120.253.135.82 - - [10/Mar/2021:10:39:48 +0800] "GET /xingrg/javascript/easyui/themes/sunny/images/ui-bg_gloss-wave_60_fece2f_500x100.png HTTP/1.1" 200 3512
180.174.195.252 - - [10/Mar/2021:10:39:48 +0800] "GET /xingrg/all/function/internal_message.html?_=1615343986414&CODE_STATE=getMsg HTTP/1.1" 200 27
114.88.166.193 - - [10/Mar/2021:10:39:48 +0800] "GET /xingrg/all/function/internal_message.html?_=1615343985812&CODE_STATE=getMsg HTTP/1.1" 200 27
116.224.253.72 - - [10/Mar/2021:10:39:48 +0800] "GET /xingrg/all/function/internal_message.html?_=1615343949308&CODE_STATE=getMsg HTTP/1.1" 200 27
61.165.42.208 - - [10/Mar/2021:10:39:49 +0800] "GET /xingrg/kc/base/wldb_order_info.html?code=422021031001014 HTTP/1.1" 200 30517
61.165.42.208 - - [10/Mar/2021:10:39:49 +0800] "GET /xingrg/words/20210310103140_words.js HTTP/1.1" 304 -
61.165.42.208 - - [10/Mar/2021:10:39:49 +0800] "GET /xingrg/javascript/easyui/themes/default/validatebox.css HTTP/1.1" 404 1104
61.165.42.208 - - [10/Mar/2021:10:39:49 +0800] "POST /xingrg/kc/base/wldb_order_operate.html HTTP/1.1" 200 2185
116.224.253.72 - - [10/Mar/2021:10:39:50 +0800] "POST /xingrg/kc/base/yddb_list_operate.html HTTP/1.1" 200 304
117.185.32.26 - - [10/Mar/2021:10:39:50 +0800] "GET /xingrg/all/function/internal_message.html?_=1615344491911&CODE_STATE=getMsg HTTP/1.1" 200 27
117.185.32.26 - - [10/Mar/2021:10:39:50 +0800] "GET /xingrg/check_reg.html?_=1615344492179 HTTP/1.1" 200 22
116.224.253.72 - - [10/Mar/2021:10:39:52 +0800] "GET /xingrg/kc/base/yddb_order_info.html?code=482021031000064 HTTP/1.1" 200 30947
116.224.253.72 - - [10/Mar/2021:10:39:52 +0800] "GET /xingrg/dwr/interface/AjaxYddbService.js HTTP/1.1" 200 13201
116.224.253.72 - - [10/Mar/2021:10:39:52 +0800] "GET /xingrg/dwr/interface/AjaxComOrderService.js HTTP/1.1" 200 18264
116.224.253.72 - - [10/Mar/2021:10:39:52 +0800] "GET /xingrg/dwr/engine.js HTTP/1.1" 200 43631
116.224.253.72 - - [10/Mar/2021:10:39:52 +0800] "POST /xingrg/dwr/call/plaincall/AjaxYddbService.loadMaterielItems.dwr HTTP/1.1" 200 829
116.224.253.72 - - [10/Mar/2021:10:39:57 +0800] "POST /xingrg/dwr/call/plaincall/AjaxYddbService.saveOrder.dwr HTTP/1.1" 200 78
222.69.138.56 - - [10/Mar/2021:10:39:57 +0800] "POST /xingrg/kc/buy/cgsh_order_operate.html HTTP/1.1" 200 37
120.253.135.82 - - [10/Mar/2021:10:39:58 +0800] "GET /xingrg/kc/pszx/mdqp_order_list.html?state=10 HTTP/1.1" 200 10605
120.253.135.82 - - [10/Mar/2021:10:39:58 +0800] "GET /xingrg/javascript/Calendar.js HTTP/1.1" 304 -
120.253.135.82 - - [10/Mar/2021:10:39:58 +0800] "GET /xingrg/dwr/util.js HTTP/1.1" 304 -
120.253.135.82 - - [10/Mar/2021:10:39:58 +0800] "GET /xingrg/dwr/interface/AjaxQqpsService.js HTTP/1.1" 200 16326
120.253.135.82 - - [10/Mar/2021:10:39:58 +0800] "GET /xingrg/dwr/interface/AjaxReportQueryService.js HTTP/1.1" 200 13203
120.253.135.82 - - [10/Mar/2021:10:39:58 +0800] "GET /xingrg/dwr/engine.js HTTP/1.1" 200 43631
120.253.135.82 - - [10/Mar/2021:10:39:58 +0800] "GET /xingrg/javascript/jquery_easy_ui/themes/icons/check_new.png HTTP/1.1" 304 -
120.253.135.82 - - [10/Mar/2021:10:39:58 +0800] "GET /xingrg/javascript/jquery_easy_ui/themes/icons/uncheck_new.png HTTP/1.1" 304 -
114.88.166.193 - - [10/Mar/2021:10:40:00 +0800] "POST /xingrg/kc/buy/cgsh_order_operate.html HTTP/1.1" 200 37
120.253.135.82 - - [10/Mar/2021:10:40:01 +0800] "GET /xingrg/kc/pszx/mdqp_order_info.html?code=302021031000178 HTTP/1.1" 200 13338
120.253.135.82 - - [10/Mar/2021:10:40:01 +0800] "GET /xingrg/dwr/interface/AjaxQqpsService.js HTTP/1.1" 200 16326
120.253.135.82 - - [10/Mar/2021:10:40:01 +0800] "GET /xingrg/dwr/interface/AjaxComOrderService.js HTTP/1.1" 200 18264
120.253.135.82 - - [10/Mar/2021:10:40:01 +0800] "GET /xingrg/javascript/checkform.js HTTP/1.1" 200 18351
120.253.135.82 - - [10/Mar/2021:10:40:01 +0800] "GET /xingrg/javascript/tools/jquery.qtip-1.0.0-rc3.min.js HTTP/1.1" 200 38404
120.253.135.82 - - [10/Mar/2021:10:40:01 +0800] "GET /xingrg/javascript/AjaxInfoList.js HTTP/1.1" 200 3774
120.253.135.82 - - [10/Mar/2021:10:40:01 +0800] "GET /xingrg/javascript/Grid.js HTTP/1.1" 200 58908
120.253.135.82 - - [10/Mar/2021:10:40:01 +0800] "GET /xingrg/javascript/ToolTips.js HTTP/1.1" 200 5615
120.253.135.82 - - [10/Mar/2021:10:40:01 +0800] "GET /xingrg/dwr/engine.js HTTP/1.1" 200 43631
120.253.135.82 - - [10/Mar/2021:10:40:01 +0800] "GET /xingrg/javascript/print/kc_print.js HTTP/1.1" 200 11415
101.228.165.174 - - [10/Mar/2021:10:40:01 +0800] "GET /xingrg/kc/buy/cgsh_order_operate.html?command=get_materiel&rest_code=00146&code=00101001075&supplier_code=00100041&order_time=2021-03-10 HTTP/1.1" 200 409
120.253.135.82 - - [10/Mar/2021:10:40:01 +0800] "GET /xingrg/javascript/jquery_easy_ui/themes/icons/print.png HTTP/1.1" 200 1057
120.253.135.82 - - [10/Mar/2021:10:40:01 +0800] "GET /xingrg/javascript/jquery_easy_ui/themes/default/images/menu_downarrow.png HTTP/1.1" 200 173
120.253.135.82 - - [10/Mar/2021:10:40:01 +0800] "GET /xingrg/images/blue/button/kc_tab_edit.gif HTTP/1.1" 200 551
120.253.135.82 - - [10/Mar/2021:10:40:01 +0800] "GET /xingrg/images/blue/button/kc_tab_save.gif HTTP/1.1" 200 777
120.253.135.82 - - [10/Mar/2021:10:40:01 +0800] "GET /xingrg/images/blue/kc_tab2_left.gif HTTP/1.1" 200 625
120.253.135.82 - - [10/Mar/2021:10:40:01 +0800] "GET /xingrg/images/blue/kc_tab_right.gif HTTP/1.1" 200 643
120.253.135.82 - - [10/Mar/2021:10:40:01 +0800] "GET /xingrg/images/blue/kc_tab_left.gif HTTP/1.1" 200 188
120.253.135.82 - - [10/Mar/2021:10:40:01 +0800] "GET /xingrg/images/blue/kc_tab_mid.gif HTTP/1.1" 200 44
120.253.135.82 - - [10/Mar/2021:10:40:01 +0800] "GET /xingrg/images/blue/kc_tab2_right.gif HTTP/1.1" 200 192
120.253.135.82 - - [10/Mar/2021:10:40:01 +0800] "GET /xingrg/images/blue/wait.gif HTTP/1.1" 200 1100
120.253.135.82 - - [10/Mar/2021:10:40:02 +0800] "POST /xingrg/dwr/call/plaincall/AjaxQqpsService.loadMaterielItems.dwr HTTP/1.1" 200 1789
114.88.166.193 - - [10/Mar/2021:10:40:02 +0800] "POST /xingrg/kc/buy/cgsh_order_operate.html HTTP/1.1" 200 5019
222.69.138.56 - - [10/Mar/2021:10:40:03 +0800] "GET /xingrg/javascript/jquery_easy_ui/themes/icons/rest.png HTTP/1.1" 200 695
222.69.138.56 - - [10/Mar/2021:10:40:03 +0800] "GET /xingrg/javascript/jquery_easy_ui/themes/icons/area.png HTTP/1.1" 200 262
114.88.166.193 - - [10/Mar/2021:10:40:05 +0800] "GET /xingrg/kc/print/load_data.html?order_code=212021031003981&kc_code=cgsh&condition= HTTP/1.1" 200 1570
101.228.165.174 - - [10/Mar/2021:10:40:05 +0800] "GET /xingrg/all/function/internal_message.html?_=1615344043787&CODE_STATE=getMsg HTTP/1.1" 200 27
58.37.230.33 - - [10/Mar/2021:10:40:06 +0800] "GET /xingrg/check_reg.html?_=1615344006262 HTTP/1.1" 302 -
222.69.138.56 - - [10/Mar/2021:10:40:07 +0800] "POST /xingrg/kc/buy/cgsh_order_operate.html HTTP/1.1" 200 12
116.224.253.72 - - [10/Mar/2021:10:40:08 +0800] "POST /xingrg/dwr/call/plaincall/AjaxYddbService.objCheckOrder.dwr HTTP/1.1" 200 78
58.40.7.146 - - [10/Mar/2021:10:40:08 +0800] "GET /xingrg/all/function/internal_message.html?_=1615344006610&CODE_STATE=getMsg HTTP/1.1" 302 -
116.224.253.72 - - [10/Mar/2021:10:40:09 +0800] "GET /xingrg/kc/base/yddb_order_info.html?code=482021031000064 HTTP/1.1" 200 31072
116.224.253.72 - - [10/Mar/2021:10:40:09 +0800] "GET /xingrg/dwr/interface/AjaxYddbService.js HTTP/1.1" 200 13201
116.224.253.72 - - [10/Mar/2021:10:40:09 +0800] "GET /xingrg/dwr/interface/AjaxComOrderService.js HTTP/1.1" 200 18264
116.224.253.72 - - [10/Mar/2021:10:40:09 +0800] "GET /xingrg/dwr/engine.js HTTP/1.1" 200 43631
116.224.253.72 - - [10/Mar/2021:10:40:10 +0800] "POST /xingrg/dwr/call/plaincall/AjaxYddbService.loadMaterielItems.dwr HTTP/1.1" 200 829
222.69.138.56 - - [10/Mar/2021:10:40:10 +0800] "GET /xingrg/javascript/easyui/themes/default/validatebox.css HTTP/1.1" 404 1104
222.69.138.56 - - [10/Mar/2021:10:40:10 +0800] "POST /xingrg/kc/buy/cgsh_order_operate.html HTTP/1.1" 200 34610
101.228.165.174 - - [10/Mar/2021:10:40:12 +0800] "GET /xingrg/kc/buy/cgsh_order_operate.html?command=get_materiel&rest_code=00146&code=00101002022&supplier_code=00100041&order_time=2021-03-10 HTTP/1.1" 200 409
116.224.253.72 - - [10/Mar/2021:10:40:12 +0800] "POST /xingrg/kc/base/yddb_list_operate.html HTTP/1.1" 200 210
116.224.253.72 - - [10/Mar/2021:10:40:13 +0800] "GET /xingrg/kc/base/yddb_order_info.html?code=482021031000063 HTTP/1.1" 200 30947
116.224.253.72 - - [10/Mar/2021:10:40:13 +0800] "GET /xingrg/dwr/interface/AjaxComOrderService.js HTTP/1.1" 200 18264
116.224.253.72 - - [10/Mar/2021:10:40:13 +0800] "GET /xingrg/dwr/interface/AjaxYddbService.js HTTP/1.1" 200 13201
116.224.253.72 - - [10/Mar/2021:10:40:13 +0800] "GET /xingrg/dwr/engine.js HTTP/1.1" 200 43631
222.69.138.56 - - [10/Mar/2021:10:40:14 +0800] "GET /xingrg/kc/print/load_config.html?kc_code=cgsh HTTP/1.1" 200 1845
117.184.7.26 - - [10/Mar/2021:10:40:14 +0800] "GET /xingrg/all/function/internal_message.html?_=1615344006870&CODE_STATE=getMsg HTTP/1.1" 200 27
116.224.253.72 - - [10/Mar/2021:10:40:14 +0800] "POST /xingrg/dwr/call/plaincall/AjaxYddbService.loadMaterielItems.dwr HTTP/1.1" 200 432
222.69.138.56 - - [10/Mar/2021:10:40:15 +0800] "GET /xingrg/kc/print/load_data.html?order_code=212021031003937&kc_code=cgsh&condition= HTTP/1.1" 200 12843
114.88.166.193 - - [10/Mar/2021:10:40:15 +0800] "GET /xingrg/kc/buy/cgsh_order_add.html HTTP/1.1" 200 62104
114.88.166.193 - - [10/Mar/2021:10:40:15 +0800] "POST /xingrg/kc/buy/cgsh_order_operate.html HTTP/1.1" 200 8245
114.88.166.193 - - [10/Mar/2021:10:40:16 +0800] "GET /xingrg/javascript/easyui/themes/default/validatebox.css HTTP/1.1" 404 1104
61.165.42.208 - - [10/Mar/2021:10:40:16 +0800] "POST /xingrg/kc/buy/cgsh_list_operate.html HTTP/1.1" 200 4806
120.253.135.82 - - [10/Mar/2021:10:40:17 +0800] "GET /xingrg/javascript/jquery_easy_ui/themes/default/images/button_plain_hover.png HTTP/1.1" 200 252
116.224.253.72 - - [10/Mar/2021:10:40:17 +0800] "POST /xingrg/dwr/call/plaincall/AjaxYddbService.saveOrder.dwr HTTP/1.1" 200 78
120.253.135.82 - - [10/Mar/2021:10:40:18 +0800] "GET /xingrg/kc/pszx/mdqp_order_list.html?isBack=1 HTTP/1.1" 302 -
120.253.135.82 - - [10/Mar/2021:10:40:19 +0800] "GET /xingrg/kc/pszx/mdqp_order_list.html?state=10 HTTP/1.1" 200 10605
120.253.135.82 - - [10/Mar/2021:10:40:19 +0800] "GET /xingrg/dwr/interface/AjaxReportQueryService.js HTTP/1.1" 200 13203
120.253.135.82 - - [10/Mar/2021:10:40:19 +0800] "GET /xingrg/dwr/interface/AjaxQqpsService.js HTTP/1.1" 200 16326
120.253.135.82 - - [10/Mar/2021:10:40:19 +0800] "GET /xingrg/dwr/engine.js HTTP/1.1" 200 43631
180.169.147.146 - - [10/Mar/2021:10:40:20 +0800] "GET /xingrg/all/function/internal_message.html?_=1615344019233&CODE_STATE=getMsg HTTP/1.1" 200 27
180.169.147.146 - - [10/Mar/2021:10:40:20 +0800] "GET /xingrg/check_reg.html?_=1615344019237 HTTP/1.1" 200 22
120.253.135.82 - - [10/Mar/2021:10:40:22 +0800] "GET /xingrg/check_reg.html?_=1615344021813 HTTP/1.1" 200 22
61.165.42.208 - - [10/Mar/2021:10:40:22 +0800] "POST /xingrg/kc/buy/cgsh_list_operate.html HTTP/1.1" 200 201
