120.253.135.82 - - [10/Mar/2021:10:14:52 +0800] "POST /xingrg/all/common/load_combo.html?type=base HTTP/1.1" 200 984
116.224.253.72 - - [10/Mar/2021:10:14:54 +0800] "GET /xingrg/kc/base/wldb_order_add.html HTTP/1.1" 200 30516
116.224.253.72 - - [10/Mar/2021:10:14:54 +0800] "POST /xingrg/kc/base/wldb_order_operate.html HTTP/1.1" 200 6806
116.224.253.72 - - [10/Mar/2021:10:14:54 +0800] "GET /xingrg/javascript/easyui/themes/default/validatebox.css HTTP/1.1" 404 1104
116.224.253.72 - - [10/Mar/2021:10:14:55 +0800] "POST /xingrg/all/common/load_combo.html?type=base HTTP/1.1" 200 2966
58.37.230.33 - - [10/Mar/2021:10:14:56 +0800] "GET /xingrg/kc/buy/cgsh_order_operate.html?command=get_materiel&rest_code=00141&code=00101008038&supplier_code=00100007&order_time=2021-03-10 HTTP/1.1" 200 413
58.37.230.33 - - [10/Mar/2021:10:15:03 +0800] "GET /xingrg/kc/buy/cgsh_order_operate.html?command=get_materiel&rest_code=00141&code=00101008355&supplier_code=00100007&order_time=2021-03-10 HTTP/1.1" 200 408
101.228.165.174 - - [10/Mar/2021:10:15:05 +0800] "GET /xingrg/all/function/internal_message.html?_=1615342543042&CODE_STATE=getMsg HTTP/1.1" 200 27
120.253.135.82 - - [10/Mar/2021:10:15:06 +0800] "POST /xingrg/kc/base/stock_operate.html HTTP/1.1" 200 765
120.253.135.82 - - [10/Mar/2021:10:15:06 +0800] "GET /xingrg/javascript/jquery_tools/fix_table.js HTTP/1.1" 200 6528
58.37.230.33 - - [10/Mar/2021:10:15:06 +0800] "GET /xingrg/check_reg.html?_=1615342506171 HTTP/1.1" 302 -
222.69.138.56 - - [10/Mar/2021:10:15:07 +0800] "POST /xingrg/kc/buy/cgsh_order_operate.html HTTP/1.1" 200 37
116.224.253.72 - - [10/Mar/2021:10:15:07 +0800] "GET /xingrg/kc/base/wldb_order_operate.html?command=get_materiel&rest_code=00150&base_code=0010446&code=00102002562 HTTP/1.1" 200 447
58.40.7.146 - - [10/Mar/2021:10:15:08 +0800] "GET /xingrg/all/function/internal_message.html?_=1615342506612&CODE_STATE=getMsg HTTP/1.1" 302 -
58.37.230.33 - - [10/Mar/2021:10:15:09 +0800] "GET /xingrg/kc/buy/cgsh_order_operate.html?command=get_materiel&rest_code=00141&code=00101008264&supplier_code=00100007&order_time=2021-03-10 HTTP/1.1" 200 412
222.69.138.56 - - [10/Mar/2021:10:15:12 +0800] "POST /xingrg/kc/buy/cgsh_order_operate.html HTTP/1.1" 200 12
120.253.135.82 - - [10/Mar/2021:10:15:13 +0800] "POST /xingrg/kc/base/stock_operate.html HTTP/1.1" 200 1707
180.169.147.146 - - [10/Mar/2021:10:15:13 +0800] "GET /xingrg/all/function/internal_message.html?_=1615342512689&CODE_STATE=getMsg HTTP/1.1" 302 -
116.224.253.72 - - [10/Mar/2021:10:15:13 +0800] "GET /xingrg/kc/base/wldb_order_operate.html?command=get_materiel&rest_code=00150&base_code=0010446&code=00102002497 HTTP/1.1" 200 440
222.69.138.56 - - [10/Mar/2021:10:15:14 +0800] "GET /xingrg/kc/buy/cgsh_order_info.html?code=212021031003948 HTTP/1.1" 200 57059
222.69.138.56 - - [10/Mar/2021:10:15:14 +0800] "GET /xingrg/javascript/easyui/themes/default/validatebox.css HTTP/1.1" 404 1104
222.69.138.56 - - [10/Mar/2021:10:15:15 +0800] "POST /xingrg/kc/buy/cgsh_order_operate.html HTTP/1.1" 200 2970
116.224.253.72 - - [10/Mar/2021:10:15:15 +0800] "GET /xingrg/all/function/internal_message.html?_=1615342475895&CODE_STATE=getMsg HTTP/1.1" 200 27
58.37.230.33 - - [10/Mar/2021:10:15:15 +0800] "GET /xingrg/kc/buy/cgsh_order_operate.html?command=get_materiel&rest_code=00141&code=00101008356&supplier_code=00100007&order_time=2021-03-10 HTTP/1.1" 200 408
222.69.138.56 - - [10/Mar/2021:10:15:17 +0800] "GET /xingrg/kc/print/load_data.html?order_code=212021031003948&kc_code=cgsh&condition= HTTP/1.1" 200 1622
58.37.230.33 - - [10/Mar/2021:10:15:21 +0800] "GET /xingrg/kc/buy/cgsh_order_operate.html?command=get_materiel&rest_code=00141&code=00101008137&supplier_code=00100007&order_time=2021-03-10 HTTP/1.1" 200 408
120.253.135.82 - - [10/Mar/2021:10:15:21 +0800] "GET /xingrg/check_reg.html?_=1615342521770 HTTP/1.1" 200 22
120.253.135.82 - - [10/Mar/2021:10:15:22 +0800] "GET /xingrg/all/function/internal_message.html?_=1615342522275&CODE_STATE=getMsg HTTP/1.1" 200 27
222.69.138.56 - - [10/Mar/2021:10:15:22 +0800] "GET /xingrg/all/function/internal_message.html?_=1615342520608&CODE_STATE=getMsg HTTP/1.1" 200 27
180.169.147.146 - - [10/Mar/2021:10:15:22 +0800] "GET /xingrg/all/function/internal_message.html?_=1615342512354&CODE_STATE=getMsg HTTP/1.1" 200 27
116.232.52.236 - - [10/Mar/2021:10:15:24 +0800] "GET /xingrg/all/function/internal_message.html?_=1615342523987&CODE_STATE=getMsg HTTP/1.1" 200 27
58.37.230.33 - - [10/Mar/2021:10:15:26 +0800] "GET /xingrg/all/function/internal_message.html?_=1615342527626&CODE_STATE=getMsg HTTP/1.1" 200 27
58.37.230.33 - - [10/Mar/2021:10:15:28 +0800] "GET /xingrg/kc/buy/cgsh_order_operate.html?command=get_materiel&rest_code=00141&code=00101008270&supplier_code=00100007&order_time=2021-03-10 HTTP/1.1" 200 412
117.184.7.26 - - [10/Mar/2021:10:15:31 +0800] "GET /xingrg/kc/buy/cgsh_order_operate.html?command=get_materiel&rest_code=00108&code=00101008163&supplier_code=00100008&order_time=2021-03-10 HTTP/1.1" 200 408
117.184.7.26 - - [10/Mar/2021:10:15:31 +0800] "GET /xingrg/all/function/internal_message.html?_=1615342524448&CODE_STATE=getMsg HTTP/1.1" 200 27
116.224.253.72 - - [10/Mar/2021:10:15:33 +0800] "GET /xingrg/all/function/internal_message.html?_=1615342536717&CODE_STATE=getMsg HTTP/1.1" 200 27
58.37.230.33 - - [10/Mar/2021:10:15:33 +0800] "GET /xingrg/all/function/internal_message.html?_=1615342532776&CODE_STATE=getMsg HTTP/1.1" 302 -
222.70.216.220 - - [10/Mar/2021:10:15:34 +0800] "GET /xingrg/all/function/internal_message.html?_=1615342532009&CODE_STATE=getMsg HTTP/1.1" 302 -
222.70.216.220 - - [10/Mar/2021:10:15:34 +0800] "GET /xingrg/check_reg.html?_=1615342532010 HTTP/1.1" 302 -
58.37.230.33 - - [10/Mar/2021:10:15:35 +0800] "GET /xingrg/kc/buy/cgsh_order_operate.html?command=get_materiel&rest_code=00141&code=00101008147&supplier_code=00100007&order_time=2021-03-10 HTTP/1.1" 200 416
61.165.42.208 - - [10/Mar/2021:10:15:36 +0800] "GET /xingrg/check_reg.html?_=1615342536711 HTTP/1.1" 302 -
61.165.42.208 - - [10/Mar/2021:10:15:36 +0800] "GET /xingrg/all/function/internal_message.html?_=1615342536715&CODE_STATE=getMsg HTTP/1.1" 302 -
116.224.253.72 - - [10/Mar/2021:10:15:37 +0800] "POST /xingrg/kc/base/wldb_order_operate.html HTTP/1.1" 200 37
116.224.253.72 - - [10/Mar/2021:10:15:37 +0800] "POST /xingrg/kc/base/wldb_order_operate.html HTTP/1.1" 200 3165
180.169.147.146 - - [10/Mar/2021:10:15:39 +0800] "GET /xingrg/all/function/internal_message.html?_=1615342536429&CODE_STATE=getMsg HTTP/1.1" 200 27
116.224.253.72 - - [10/Mar/2021:10:15:41 +0800] "POST /xingrg/kc/base/wldb_order_operate.html HTTP/1.1" 200 12
120.253.135.82 - - [10/Mar/2021:10:15:43 +0800] "GET /xingrg/all/function/internal_message.html?_=1615342311872&CODE_STATE=getMsg HTTP/1.1" 200 27
58.37.230.33 - - [10/Mar/2021:10:15:43 +0800] "GET /xingrg/kc/buy/cgsh_order_operate.html?command=get_materiel&rest_code=00141&code=00101008357&supplier_code=00100007&order_time=2021-03-10 HTTP/1.1" 200 408
116.224.253.72 - - [10/Mar/2021:10:15:45 +0800] "GET /xingrg/kc/base/wldb_order_info.html?code=422021031001005 HTTP/1.1" 200 26398
61.165.42.208 - - [10/Mar/2021:10:15:46 +0800] "GET /xingrg/all/function/internal_message.html?_=1615342540654&CODE_STATE=getMsg HTTP/1.1" 200 27
116.224.253.72 - - [10/Mar/2021:10:15:46 +0800] "GET /xingrg/javascript/easyui/themes/default/validatebox.css HTTP/1.1" 404 1104
116.224.253.72 - - [10/Mar/2021:10:15:46 +0800] "POST /xingrg/kc/base/wldb_order_operate.html HTTP/1.1" 200 1438
114.88.166.193 - - [10/Mar/2021:10:15:48 +0800] "GET /xingrg/all/function/internal_message.html?_=1615342545221&CODE_STATE=getMsg HTTP/1.1" 200 27
58.37.230.33 - - [10/Mar/2021:10:15:49 +0800] "GET /xingrg/kc/buy/cgsh_order_operate.html?command=get_materiel&rest_code=00141&code=00101008069&supplier_code=00100007&order_time=2021-03-10 HTTP/1.1" 200 412
120.253.135.82 - - [10/Mar/2021:10:15:50 +0800] "GET /xingrg/all/function/internal_message.html?_=1615342089189&CODE_STATE=getMsg HTTP/1.1" 200 27
120.253.135.82 - - [10/Mar/2021:10:15:50 +0800] "GET /xingrg/check_reg.html?_=1615342089191 HTTP/1.1" 200 22
117.185.32.26 - - [10/Mar/2021:10:15:50 +0800] "GET /xingrg/all/function/internal_message.html?_=1615343052089&CODE_STATE=getMsg HTTP/1.1" 200 27
116.224.253.72 - - [10/Mar/2021:10:15:51 +0800] "GET /xingrg/kc/base/wldb_order_add.html HTTP/1.1" 200 30516
116.224.253.72 - - [10/Mar/2021:10:15:51 +0800] "POST /xingrg/kc/base/wldb_order_operate.html HTTP/1.1" 200 6806
117.184.7.26 - - [10/Mar/2021:10:15:52 +0800] "GET /xingrg/kc/buy/cgsh_order_operate.html?command=get_materiel&rest_code=00108&code=00101008084&supplier_code=00100008&order_time=2021-03-10 HTTP/1.1" 200 412
116.224.253.72 - - [10/Mar/2021:10:15:52 +0800] "GET /xingrg/javascript/easyui/themes/default/validatebox.css HTTP/1.1" 404 1104
116.224.253.72 - - [10/Mar/2021:10:15:52 +0800] "POST /xingrg/all/common/load_combo.html?type=base HTTP/1.1" 200 2966
116.232.52.236 - - [10/Mar/2021:10:15:54 +0800] "GET /xingrg/kc/buy/cgsh_order_add.html HTTP/1.1" 200 62145
116.232.52.236 - - [10/Mar/2021:10:15:54 +0800] "GET /xingrg/words/20210310100947_words.js HTTP/1.1" 200 798084
116.232.52.236 - - [10/Mar/2021:10:15:54 +0800] "POST /xingrg/kc/buy/cgsh_order_operate.html HTTP/1.1" 200 8245
116.232.52.236 - - [10/Mar/2021:10:15:54 +0800] "GET /xingrg/javascript/easyui/themes/default/validatebox.css HTTP/1.1" 404 1104
116.232.52.236 - - [10/Mar/2021:10:15:54 +0800] "GET /xingrg/all/common/auto_word.html?type=employee&rest_code=00109 HTTP/1.1" 200 205
116.232.52.236 - - [10/Mar/2021:10:15:54 +0800] "GET /xingrg/all/common/auto_word.html?type=employee&rest_code=00109 HTTP/1.1" 200 205
58.37.230.33 - - [10/Mar/2021:10:15:55 +0800] "GET /xingrg/kc/buy/cgsh_order_operate.html?command=get_materiel&rest_code=00141&code=00101008286&supplier_code=00100007&order_time=2021-03-10 HTTP/1.1" 200 408
116.232.52.236 - - [10/Mar/2021:10:15:56 +0800] "GET /xingrg/javascript/jquery_tools/images/prev.gif HTTP/1.1" 404 1086
116.232.52.236 - - [10/Mar/2021:10:15:56 +0800] "GET /xingrg/javascript/jquery_tools/images/next.gif HTTP/1.1" 404 1086
172.20.0.100 - - [10/Mar/2021:10:15:57 +0800] "GET /xingrg/check_reg.html?_=1615342553780 HTTP/1.1" 302 -
116.232.52.236 - - [10/Mar/2021:10:16:00 +0800] "GET /xingrg/kc/buy/cgsh_order_operate.html?command=get_materiel&rest_code=00109&code=00101011005&supplier_code=00100046&order_time=2021-03-10 HTTP/1.1" 200 408
117.184.7.26 - - [10/Mar/2021:10:16:00 +0800] "GET /xingrg/kc/buy/cgsh_order_operate.html?command=get_materiel&rest_code=00108&code=00101008126&supplier_code=00100008&order_time=2021-03-10 HTTP/1.1" 200 412
58.37.230.33 - - [10/Mar/2021:10:16:01 +0800] "GET /xingrg/kc/buy/cgsh_order_operate.html?command=get_materiel&rest_code=00141&code=00101008036&supplier_code=00100007&order_time=2021-03-10 HTTP/1.1" 200 408
61.165.42.208 - - [10/Mar/2021:10:16:02 +0800] "GET /xingrg/kc/buy/cgsh_order_list.html HTTP/1.1" 302 -
61.165.42.208 - - [10/Mar/2021:10:16:02 +0800] "GET /xingrg/login.html HTTP/1.1" 200 7641
61.165.42.208 - - [10/Mar/2021:10:16:02 +0800] "GET /xingrg/login.html HTTP/1.1" 200 7641
61.165.42.208 - - [10/Mar/2021:10:16:02 +0800] "GET /favicon.ico HTTP/1.1" 404 -
101.228.165.174 - - [10/Mar/2021:10:16:05 +0800] "GET /xingrg/all/function/internal_message.html?_=1615342603160&CODE_STATE=getMsg HTTP/1.1" 200 27
61.165.42.208 - - [10/Mar/2021:10:16:06 +0800] "POST /xingrg/login.do HTTP/1.1" 302 -
61.165.42.208 - - [10/Mar/2021:10:16:06 +0800] "GET /xingrg/index.html?sysBaseUrl=http%3A%2F%2F180.169.147.146%3A18081%2Fxingrg%2F&costTime=729×tamp=1615342566591 HTTP/1.1" 200 17173
61.165.42.208 - - [10/Mar/2021:10:16:06 +0800] "GET /favicon.ico HTTP/1.1" 404 -
61.165.42.208 - - [10/Mar/2021:10:16:06 +0800] "GET /xingrg/check_reg.html?_=1615342566868 HTTP/1.1" 200 22
61.165.42.208 - - [10/Mar/2021:10:16:06 +0800] "GET /xingrg/all/function/internal_message.html?_=1615342566868&CODE_STATE=count HTTP/1.1" 200 11
61.165.42.208 - - [10/Mar/2021:10:16:07 +0800] "POST /xingrg/all/common/load_tree.html?tree=area_rest_tree_json&manage=1 HTTP/1.1" 200 3344
116.232.52.236 - - [10/Mar/2021:10:16:07 +0800] "GET /xingrg/kc/buy/cgsh_order_operate.html?command=get_materiel&rest_code=00109&code=00101011003&supplier_code=00100046&order_time=2021-03-10 HTTP/1.1" 200 413
61.165.42.208 - - [10/Mar/2021:10:16:07 +0800] "POST /xingrg/load_menu.html HTTP/1.1" 200 5138
117.184.7.26 - - [10/Mar/2021:10:16:07 +0800] "GET /xingrg/kc/buy/cgsh_order_operate.html?command=get_materiel&rest_code=00108&code=00101008087&supplier_code=00100008&order_time=2021-03-10 HTTP/1.1" 200 412
116.224.253.72 - - [10/Mar/2021:10:16:07 +0800] "GET /xingrg/kc/base/wldb_order_operate.html?command=get_materiel&rest_code=00150&base_code=0010446&code=00102001084 HTTP/1.1" 200 432
58.40.7.146 - - [10/Mar/2021:10:16:08 +0800] "GET /xingrg/all/function/internal_message.html?_=1615342566600&CODE_STATE=getMsg HTTP/1.1" 302 -
180.169.147.146 - - [10/Mar/2021:10:16:13 +0800] "GET /xingrg/all/function/internal_message.html?_=1615342572690&CODE_STATE=getMsg HTTP/1.1" 302 -
117.184.7.26 - - [10/Mar/2021:10:16:13 +0800] "GET /xingrg/kc/buy/cgsh_order_operate.html?command=get_materiel&rest_code=00108&code=00101008361&supplier_code=00100008&order_time=2021-03-10 HTTP/1.1" 200 408
116.224.253.72 - - [10/Mar/2021:10:16:15 +0800] "GET /xingrg/all/function/internal_message.html?_=1615342535908&CODE_STATE=getMsg HTTP/1.1" 200 27
117.184.7.26 - - [10/Mar/2021:10:16:19 +0800] "GET /xingrg/kc/buy/cgsh_order_operate.html?command=get_materiel&rest_code=00108&code=00101008355&supplier_code=00100008&order_time=2021-03-10 HTTP/1.1" 200 408
116.224.253.72 - - [10/Mar/2021:10:16:21 +0800] "POST /xingrg/kc/base/wldb_order_operate.html HTTP/1.1" 200 37
120.253.135.82 - - [10/Mar/2021:10:16:22 +0800] "GET /xingrg/all/function/internal_message.html?_=1615342582289&CODE_STATE=getMsg HTTP/1.1" 200 27
222.69.138.56 - - [10/Mar/2021:10:16:22 +0800] "GET /xingrg/all/function/internal_message.html?_=1615342580601&CODE_STATE=getMsg HTTP/1.1" 200 27
180.169.147.146 - - [10/Mar/2021:10:16:22 +0800] "GET /xingrg/all/function/internal_message.html?_=1615342572358&CODE_STATE=getMsg HTTP/1.1" 200 27
61.165.42.208 - - [10/Mar/2021:10:16:23 +0800] "GET /xingrg/kc/buy/cgsh_order_list.html HTTP/1.1" 200 46366
116.232.52.236 - - [10/Mar/2021:10:16:24 +0800] "GET /xingrg/all/function/internal_message.html?_=1615342583990&CODE_STATE=getMsg HTTP/1.1" 200 27
117.184.7.26 - - [10/Mar/2021:10:16:25 +0800] "GET /xingrg/kc/buy/cgsh_order_operate.html?command=get_materiel&rest_code=00108&code=00101008059&supplier_code=00100008&order_time=2021-03-10 HTTP/1.1" 200 408
116.224.253.72 - - [10/Mar/2021:10:16:25 +0800] "POST /xingrg/kc/base/wldb_order_operate.html HTTP/1.1" 200 12
116.224.253.72 - - [10/Mar/2021:10:16:25 +0800] "POST /xingrg/kc/base/wldb_order_operate.html HTTP/1.1" 200 2682
58.37.230.33 - - [10/Mar/2021:10:16:26 +0800] "GET /xingrg/all/function/internal_message.html?_=1615342587668&CODE_STATE=getMsg HTTP/1.1" 200 27
116.224.253.72 - - [10/Mar/2021:10:16:26 +0800] "GET /xingrg/kc/base/wldb_order_info.html?code=422021031001006 HTTP/1.1" 200 26398
116.224.253.72 - - [10/Mar/2021:10:16:27 +0800] "GET /xingrg/javascript/easyui/themes/default/validatebox.css HTTP/1.1" 404 1104
116.224.253.72 - - [10/Mar/2021:10:16:27 +0800] "POST /xingrg/kc/base/wldb_order_operate.html HTTP/1.1" 200 965
61.165.42.208 - - [10/Mar/2021:10:16:27 +0800] "POST /xingrg/kc/buy/cgsh_list_operate.html HTTP/1.1" 200 2767
61.165.42.208 - - [10/Mar/2021:10:16:29 +0800] "GET /xingrg/words/20210310100947_words.js HTTP/1.1" 200 798084
61.165.42.208 - - [10/Mar/2021:10:16:29 +0800] "GET /xingrg/kc/buy/cgsh_order_add.html HTTP/1.1" 200 62151
116.224.253.72 - - [10/Mar/2021:10:16:29 +0800] "GET /xingrg/kc/base/wldb_order_add.html HTTP/1.1" 200 30516
116.224.253.72 - - [10/Mar/2021:10:16:29 +0800] "POST /xingrg/kc/base/wldb_order_operate.html HTTP/1.1" 200 6806
116.224.253.72 - - [10/Mar/2021:10:16:30 +0800] "GET /xingrg/javascript/easyui/themes/default/validatebox.css HTTP/1.1" 404 1104
61.165.42.208 - - [10/Mar/2021:10:16:30 +0800] "POST /xingrg/kc/buy/cgsh_order_operate.html HTTP/1.1" 200 8245
61.165.42.208 - - [10/Mar/2021:10:16:31 +0800] "GET /xingrg/javascript/easyui/themes/default/validatebox.css HTTP/1.1" 404 1104
116.224.253.72 - - [10/Mar/2021:10:16:31 +0800] "POST /xingrg/all/common/load_combo.html?type=base HTTP/1.1" 200 2966
117.184.7.26 - - [10/Mar/2021:10:16:31 +0800] "GET /xingrg/all/function/internal_message.html?_=1615342584464&CODE_STATE=getMsg HTTP/1.1" 200 27
61.165.42.208 - - [10/Mar/2021:10:16:31 +0800] "GET /xingrg/javascript/auto/indicator.gif HTTP/1.1" 404 1066
116.224.253.72 - - [10/Mar/2021:10:16:33 +0800] "GET /xingrg/all/function/internal_message.html?_=1615342596716&CODE_STATE=getMsg HTTP/1.1" 200 27
116.224.253.72 - - [10/Mar/2021:10:16:33 +0800] "GET /xingrg/check_reg.html?_=1615342596721 HTTP/1.1" 200 22
58.37.230.33 - - [10/Mar/2021:10:16:33 +0800] "GET /xingrg/all/function/internal_message.html?_=1615342592769&CODE_STATE=getMsg HTTP/1.1" 302 -
222.70.216.220 - - [10/Mar/2021:10:16:34 +0800] "GET /xingrg/all/function/internal_message.html?_=1615342592011&CODE_STATE=getMsg HTTP/1.1" 302 -
117.184.7.26 - - [10/Mar/2021:10:16:36 +0800] "GET /xingrg/kc/buy/cgsh_order_operate.html?command=get_materiel&rest_code=00108&code=00101008230&supplier_code=00100008&order_time=2021-03-10 HTTP/1.1" 200 408
116.224.253.72 - - [10/Mar/2021:10:16:38 +0800] "GET /xingrg/kc/base/wldb_order_operate.html?command=get_materiel&rest_code=00150&base_code=0010445&code=00101016097 HTTP/1.1" 200 470
180.169.147.146 - - [10/Mar/2021:10:16:39 +0800] "GET /xingrg/all/function/internal_message.html?_=1615342596421&CODE_STATE=getMsg HTTP/1.1" 200 27
116.224.253.72 - - [10/Mar/2021:10:16:40 +0800] "POST /xingrg/all/common/load_select.html HTTP/1.1" 200 25
61.165.42.208 - - [10/Mar/2021:10:16:41 +0800] "GET /xingrg/kc/buy/cgsh_order_operate.html?command=get_materiel&rest_code=00105&code=00101018011&supplier_code=00100330&order_time=2021-03-10 HTTP/1.1" 200 415
101.89.239.230 - - [10/Mar/2021:10:16:41 +0800] "GET /xingrg/all/function/internal_message.html?_=1615341987603&CODE_STATE=getMsg HTTP/1.1" 302 -
116.224.253.72 - - [10/Mar/2021:10:16:42 +0800] "GET /xingrg/kc/base/wldb_order_operate.html?command=get_materiel_price&rest_code=00150&base_code=0010445&code=00101016097&unit_code=00100163 HTTP/1.1" 200 35
120.253.135.82 - - [10/Mar/2021:10:16:43 +0800] "GET /xingrg/all/function/internal_message.html?_=1615342371885&CODE_STATE=getMsg HTTP/1.1" 200 27
116.232.52.236 - - [10/Mar/2021:10:16:43 +0800] "POST /xingrg/kc/buy/cgsh_order_operate.html HTTP/1.1" 200 37
117.184.7.26 - - [10/Mar/2021:10:16:44 +0800] "GET /xingrg/kc/buy/cgsh_order_operate.html?command=get_materiel&rest_code=00108&code=00101008069&supplier_code=00100008&order_time=2021-03-10 HTTP/1.1" 200 412
116.232.52.236 - - [10/Mar/2021:10:16:44 +0800] "POST /xingrg/kc/buy/cgsh_order_operate.html HTTP/1.1" 200 3247
116.232.52.236 - - [10/Mar/2021:10:16:45 +0800] "GET /xingrg/kc/print/load_config.html?kc_code=cgsh HTTP/1.1" 200 1845
101.89.239.230 - - [10/Mar/2021:10:16:45 +0800] "GET /xingrg/login.html HTTP/1.1" 200 7641
61.165.42.208 - - [10/Mar/2021:10:16:46 +0800] "GET /xingrg/all/function/internal_message.html?_=1615342600654&CODE_STATE=getMsg HTTP/1.1" 200 27
116.232.52.236 - - [10/Mar/2021:10:16:46 +0800] "GET /xingrg/kc/print/load_data.html?order_code=212021031003949&kc_code=cgsh&condition= HTTP/1.1" 200 901
114.88.166.193 - - [10/Mar/2021:10:16:47 +0800] "GET /xingrg/check_reg.html?_=1615342605041 HTTP/1.1" 200 22
114.88.166.193 - - [10/Mar/2021:10:16:48 +0800] "GET /xingrg/all/function/internal_message.html?_=1615342605234&CODE_STATE=getMsg HTTP/1.1" 200 27
117.184.7.26 - - [10/Mar/2021:10:16:49 +0800] "GET /xingrg/kc/buy/cgsh_order_operate.html?command=get_materiel&rest_code=00108&code=00101008286&supplier_code=00100008&order_time=2021-03-10 HTTP/1.1" 200 408
116.232.52.236 - - [10/Mar/2021:10:16:49 +0800] "GET /xingrg/kc/buy/cgsh_order_add.html HTTP/1.1" 200 62145
116.232.52.236 - - [10/Mar/2021:10:16:49 +0800] "GET /xingrg/words/20210310100947_words.js HTTP/1.1" 304 -
116.232.52.236 - - [10/Mar/2021:10:16:49 +0800] "POST /xingrg/kc/buy/cgsh_order_operate.html HTTP/1.1" 200 8245
116.232.52.236 - - [10/Mar/2021:10:16:49 +0800] "GET /xingrg/javascript/easyui/themes/default/validatebox.css HTTP/1.1" 404 1104
116.232.52.236 - - [10/Mar/2021:10:16:49 +0800] "GET /xingrg/all/common/auto_word.html?type=employee&rest_code=00109 HTTP/1.1" 200 205
116.232.52.236 - - [10/Mar/2021:10:16:49 +0800] "GET /xingrg/all/common/auto_word.html?type=employee&rest_code=00109 HTTP/1.1" 200 205
120.253.135.82 - - [10/Mar/2021:10:16:50 +0800] "GET /xingrg/all/function/internal_message.html?_=1615342149191&CODE_STATE=getMsg HTTP/1.1" 200 27
58.221.95.50 - - [10/Mar/2021:10:16:50 +0800] "GET /xingrg/check_reg.html?_=1615342609432 HTTP/1.1" 302 -
117.185.32.26 - - [10/Mar/2021:10:16:50 +0800] "GET /xingrg/all/function/internal_message.html?_=1615343112059&CODE_STATE=getMsg HTTP/1.1" 200 27
117.184.7.26 - - [10/Mar/2021:10:16:51 +0800] "POST /xingrg/kc/buy/cgsh_order_operate.html HTTP/1.1" 200 2065
116.232.52.236 - - [10/Mar/2021:10:16:54 +0800] "GET /xingrg/javascript/jquery_tools/images/prev.gif HTTP/1.1" 404 1086
116.232.52.236 - - [10/Mar/2021:10:16:54 +0800] "GET /xingrg/javascript/jquery_tools/images/next.gif HTTP/1.1" 404 1086
117.184.7.26 - - [10/Mar/2021:10:16:55 +0800] "GET /xingrg/kc/buy/cgsh_order_operate.html?command=get_materiel&rest_code=00108&code=00101008131&supplier_code=00100008&order_time=2021-03-10 HTTP/1.1" 200 408
116.232.52.236 - - [10/Mar/2021:10:16:59 +0800] "GET /xingrg/kc/buy/cgsh_order_operate.html?command=get_materiel&rest_code=00109&code=00101001032&supplier_code=00100038&order_time=2021-03-10 HTTP/1.1" 200 413
101.228.165.174 - - [10/Mar/2021:10:17:05 +0800] "GET /xingrg/all/function/internal_message.html?_=1615342663163&CODE_STATE=getMsg HTTP/1.1" 200 27
61.165.42.208 - - [10/Mar/2021:10:17:06 +0800] "GET /xingrg/all/function/internal_message.html?_=1615342626870&CODE_STATE=getMsg HTTP/1.1" 200 27
58.40.7.146 - - [10/Mar/2021:10:17:08 +0800] "GET /xingrg/all/function/internal_message.html?_=1615342626602&CODE_STATE=getMsg HTTP/1.1" 302 -
117.184.7.26 - - [10/Mar/2021:10:17:11 +0800] "GET /xingrg/kc/buy/cgsh_order_operate.html?command=get_materiel&rest_code=00108&code=00101008098&supplier_code=00100008&order_time=2021-03-10 HTTP/1.1" 200 412
116.224.253.72 - - [10/Mar/2021:10:17:12 +0800] "POST /xingrg/kc/base/wldb_order_operate.html HTTP/1.1" 200 37
116.224.253.72 - - [10/Mar/2021:10:17:13 +0800] "POST /xingrg/kc/base/wldb_order_operate.html HTTP/1.1" 200 2209
180.169.147.146 - - [10/Mar/2021:10:17:13 +0800] "GET /xingrg/all/function/internal_message.html?_=1615342632690&CODE_STATE=getMsg HTTP/1.1" 302 -
61.165.42.208 - - [10/Mar/2021:10:17:15 +0800] "GET /xingrg/kc/buy/cgsh_order_operate.html?command=get_materiel&rest_code=00105&code=00101006199&supplier_code=00100330&order_time=2021-03-10 HTTP/1.1" 200 414
116.224.253.72 - - [10/Mar/2021:10:17:15 +0800] "GET /xingrg/all/function/internal_message.html?_=1615342595921&CODE_STATE=getMsg HTTP/1.1" 200 27
116.232.52.236 - - [10/Mar/2021:10:17:15 +0800] "GET /xingrg/kc/buy/cgsh_order_operate.html?command=get_materiel&rest_code=00109&code=00101005037&supplier_code=00100038&order_time=2021-03-10 HTTP/1.1" 200 409
116.224.253.72 - - [10/Mar/2021:10:17:17 +0800] "POST /xingrg/kc/base/wldb_order_operate.html HTTP/1.1" 200 12
116.224.253.72 - - [10/Mar/2021:10:17:18 +0800] "GET /xingrg/kc/base/wldb_order_info.html?code=422021031001007 HTTP/1.1" 200 26398
116.224.253.72 - - [10/Mar/2021:10:17:18 +0800] "GET /xingrg/javascript/easyui/themes/default/validatebox.css HTTP/1.1" 404 1104
116.224.253.72 - - [10/Mar/2021:10:17:19 +0800] "POST /xingrg/kc/base/wldb_order_operate.html HTTP/1.1" 200 503
117.184.7.26 - - [10/Mar/2021:10:17:19 +0800] "GET /xingrg/kc/buy/cgsh_order_operate.html?command=get_materiel&rest_code=00108&code=00101008353&supplier_code=00100008&order_time=2021-03-10 HTTP/1.1" 200 408
116.224.253.72 - - [10/Mar/2021:10:17:21 +0800] "GET /xingrg/kc/base/wldb_order_add.html HTTP/1.1" 200 30516
116.224.253.72 - - [10/Mar/2021:10:17:22 +0800] "POST /xingrg/kc/base/wldb_order_operate.html HTTP/1.1" 200 6806
116.224.253.72 - - [10/Mar/2021:10:17:22 +0800] "GET /xingrg/javascript/easyui/themes/default/validatebox.css HTTP/1.1" 404 1104
120.253.135.82 - - [10/Mar/2021:10:17:22 +0800] "GET /xingrg/all/function/internal_message.html?_=1615342642303&CODE_STATE=getMsg HTTP/1.1" 200 27
222.69.138.56 - - [10/Mar/2021:10:17:22 +0800] "GET /xingrg/all/function/internal_message.html?_=1615342640599&CODE_STATE=getMsg HTTP/1.1" 200 27
180.169.147.146 - - [10/Mar/2021:10:17:22 +0800] "GET /xingrg/all/function/internal_message.html?_=1615342632360&CODE_STATE=getMsg HTTP/1.1" 200 27
180.169.147.146 - - [10/Mar/2021:10:17:22 +0800] "GET /xingrg/check_reg.html?_=1615342632362 HTTP/1.1" 200 22
116.224.253.72 - - [10/Mar/2021:10:17:22 +0800] "POST /xingrg/all/common/load_combo.html?type=base HTTP/1.1" 200 2966
116.232.52.236 - - [10/Mar/2021:10:17:24 +0800] "GET /xingrg/all/function/internal_message.html?_=1615342643989&CODE_STATE=getMsg HTTP/1.1" 200 27
58.37.230.33 - - [10/Mar/2021:10:17:26 +0800] "GET /xingrg/all/function/internal_message.html?_=1615342647620&CODE_STATE=getMsg HTTP/1.1" 200 27
116.224.253.72 - - [10/Mar/2021:10:17:29 +0800] "GET /xingrg/kc/base/wldb_order_operate.html?command=get_materiel&rest_code=00150&base_code=0010445&code=00101016037 HTTP/1.1" 200 450
116.232.52.236 - - [10/Mar/2021:10:17:30 +0800] "POST /xingrg/kc/buy/cgsh_order_operate.html HTTP/1.1" 200 37
117.184.7.26 - - [10/Mar/2021:10:17:31 +0800] "GET /xingrg/kc/buy/cgsh_order_operate.html?command=get_materiel&rest_code=00108&code=00101008213&supplier_code=00100008&order_time=2021-03-10 HTTP/1.1" 200 412
117.184.7.26 - - [10/Mar/2021:10:17:31 +0800] "GET /xingrg/all/function/internal_message.html?_=1615342644454&CODE_STATE=getMsg HTTP/1.1" 200 27
116.232.52.236 - - [10/Mar/2021:10:17:32 +0800] "POST /xingrg/kc/buy/cgsh_order_operate.html HTTP/1.1" 200 3245
61.165.42.208 - - [10/Mar/2021:10:17:33 +0800] "POST /xingrg/kc/buy/cgsh_order_operate.html HTTP/1.1" 200 88
117.184.7.26 - - [10/Mar/2021:10:17:33 +0800] "POST /xingrg/kc/buy/cgsh_order_operate.html HTTP/1.1" 200 2065
116.224.253.72 - - [10/Mar/2021:10:17:33 +0800] "GET /xingrg/all/function/internal_message.html?_=1615342656733&CODE_STATE=getMsg HTTP/1.1" 200 27
58.37.230.33 - - [10/Mar/2021:10:17:33 +0800] "GET /xingrg/all/function/internal_message.html?_=1615342652746&CODE_STATE=getMsg HTTP/1.1" 302 -
116.232.52.236 - - [10/Mar/2021:10:17:34 +0800] "GET /xingrg/kc/print/load_config.html?kc_code=cgsh HTTP/1.1" 200 1845
222.70.216.220 - - [10/Mar/2021:10:17:34 +0800] "GET /xingrg/all/function/internal_message.html?_=1615342652013&CODE_STATE=getMsg HTTP/1.1" 302 -
116.232.52.236 - - [10/Mar/2021:10:17:34 +0800] "GET /xingrg/kc/print/load_data.html?order_code=212021031003950&kc_code=cgsh&condition= HTTP/1.1" 200 899
116.232.52.236 - - [10/Mar/2021:10:17:38 +0800] "GET /xingrg/kc/buy/cgsh_order_add.html HTTP/1.1" 200 62145
116.232.52.236 - - [10/Mar/2021:10:17:38 +0800] "GET /xingrg/words/20210310100947_words.js HTTP/1.1" 304 -
116.232.52.236 - - [10/Mar/2021:10:17:38 +0800] "POST /xingrg/kc/buy/cgsh_order_operate.html HTTP/1.1" 200 8245
116.232.52.236 - - [10/Mar/2021:10:17:38 +0800] "GET /xingrg/javascript/easyui/themes/default/validatebox.css HTTP/1.1" 404 1104
116.232.52.236 - - [10/Mar/2021:10:17:38 +0800] "GET /xingrg/all/common/auto_word.html?type=employee&rest_code=00109 HTTP/1.1" 200 205
116.232.52.236 - - [10/Mar/2021:10:17:38 +0800] "GET /xingrg/all/common/auto_word.html?type=employee&rest_code=00109 HTTP/1.1" 200 205
180.169.147.146 - - [10/Mar/2021:10:17:39 +0800] "GET /xingrg/all/function/internal_message.html?_=1615342656424&CODE_STATE=getMsg HTTP/1.1" 200 27
61.165.42.208 - - [10/Mar/2021:10:17:39 +0800] "POST /xingrg/kc/buy/cgsh_order_operate.html HTTP/1.1" 200 37
117.184.7.26 - - [10/Mar/2021:10:17:39 +0800] "GET /xingrg/kc/buy/cgsh_order_operate.html?command=get_materiel&rest_code=00108&code=00101008211&supplier_code=00100008&order_time=2021-03-10 HTTP/1.1" 200 412
116.232.52.236 - - [10/Mar/2021:10:17:41 +0800] "GET /xingrg/javascript/jquery_tools/images/prev.gif HTTP/1.1" 404 1086
116.232.52.236 - - [10/Mar/2021:10:17:41 +0800] "GET /xingrg/javascript/jquery_tools/images/next.gif HTTP/1.1" 404 1086
61.165.42.208 - - [10/Mar/2021:10:17:41 +0800] "POST /xingrg/kc/buy/cgsh_order_operate.html HTTP/1.1" 200 3248
61.165.42.208 - - [10/Mar/2021:10:17:43 +0800] "GET /xingrg/kc/print/load_data.html?order_code=212021031003952&kc_code=cgsh&condition= HTTP/1.1" 200 897
120.253.135.82 - - [10/Mar/2021:10:17:43 +0800] "GET /xingrg/all/function/internal_message.html?_=1615342431903&CODE_STATE=getMsg HTTP/1.1" 200 27
116.224.253.72 - - [10/Mar/2021:10:17:43 +0800] "POST /xingrg/kc/base/wldb_order_operate.html HTTP/1.1" 200 37
116.224.253.72 - - [10/Mar/2021:10:17:44 +0800] "POST /xingrg/kc/base/wldb_order_operate.html HTTP/1.1" 200 2193
180.174.195.252 - - [10/Mar/2021:10:17:45 +0800] "GET /xingrg/login.html HTTP/1.1" 200 7641
61.165.42.208 - - [10/Mar/2021:10:17:46 +0800] "GET /xingrg/all/function/internal_message.html?_=1615342660669&CODE_STATE=getMsg HTTP/1.1" 200 27
180.174.195.252 - - [10/Mar/2021:10:17:46 +0800] "GET /favicon.ico HTTP/1.1" 404 -
117.184.7.26 - - [10/Mar/2021:10:17:47 +0800] "GET /xingrg/kc/buy/cgsh_order_operate.html?command=get_materiel&rest_code=00108&code=00101008298&supplier_code=00100008&order_time=2021-03-10 HTTP/1.1" 200 413
61.165.42.208 - - [10/Mar/2021:10:17:47 +0800] "GET /xingrg/kc/buy/cgsh_order_add.html HTTP/1.1" 200 62151
61.165.42.208 - - [10/Mar/2021:10:17:47 +0800] "GET /xingrg/javascript/easyui/themes/default/validatebox.css HTTP/1.1" 404 1104
61.165.42.208 - - [10/Mar/2021:10:17:47 +0800] "POST /xingrg/kc/buy/cgsh_order_operate.html HTTP/1.1" 200 8245
116.235.216.75 - - [10/Mar/2021:10:17:47 +0800] "GET /xingrg/check_reg.html?_=1615342665919 HTTP/1.1" 302 -
180.174.195.252 - - [10/Mar/2021:10:17:48 +0800] "POST /xingrg/login.do HTTP/1.1" 302 -
180.174.195.252 - - [10/Mar/2021:10:17:48 +0800] "GET /xingrg/javascript/jquery_easy_ui/themes/default/easyui.css HTTP/1.1" 304 -
180.174.195.252 - - [10/Mar/2021:10:17:48 +0800] "GET /xingrg/javascript/jquery_easy_ui/themes/icon.css HTTP/1.1" 304 -
180.174.195.252 - - [10/Mar/2021:10:17:48 +0800] "GET /xingrg/index.html?sysBaseUrl=http%3A%2F%2F180.169.147.146%3A18081%2Fxingrg%2F&costTime=941×tamp=1615342668028 HTTP/1.1" 200 17173
180.174.195.252 - - [10/Mar/2021:10:17:48 +0800] "GET /xingrg/css/form.css HTTP/1.1" 304 -
180.174.195.252 - - [10/Mar/2021:10:17:48 +0800] "GET /xingrg/javascript/jquery_easy_ui/jquery.easyui.min.js HTTP/1.1" 304 -
180.174.195.252 - - [10/Mar/2021:10:17:48 +0800] "GET /xingrg/javascript/jquery_easy_ui/easyui-lang-zh_CN.js HTTP/1.1" 304 -
180.174.195.252 - - [10/Mar/2021:10:17:48 +0800] "GET /xingrg/javascript/jquery-1.4.2.min.js HTTP/1.1" 304 -
180.174.195.252 - - [10/Mar/2021:10:17:48 +0800] "GET /xingrg/javascript/jquery.utils.js HTTP/1.1" 304 -
180.174.195.252 - - [10/Mar/2021:10:17:48 +0800] "GET /xingrg/javascript/jquery.timers.js HTTP/1.1" 304 -
180.174.195.252 - - [10/Mar/2021:10:17:48 +0800] "GET /xingrg/javascript/jquery.form.js HTTP/1.1" 304 -
114.88.166.193 - - [10/Mar/2021:10:17:48 +0800] "GET /xingrg/all/function/internal_message.html?_=1615342665248&CODE_STATE=getMsg HTTP/1.1" 200 27
180.174.195.252 - - [10/Mar/2021:10:17:48 +0800] "GET /xingrg/check_reg.html?_=1615342666091 HTTP/1.1" 200 22
180.174.195.252 - - [10/Mar/2021:10:17:48 +0800] "GET /favicon.ico HTTP/1.1" 404 -
180.174.195.252 - - [10/Mar/2021:10:17:48 +0800] "GET /xingrg/all/function/internal_message.html?_=1615342666089&CODE_STATE=count HTTP/1.1" 200 11
180.174.195.252 - - [10/Mar/2021:10:17:48 +0800] "POST /xingrg/all/common/load_tree.html?tree=area_rest_tree_json&manage=1 HTTP/1.1" 200 342
180.174.195.252 - - [10/Mar/2021:10:17:48 +0800] "POST /xingrg/load_menu.html HTTP/1.1" 200 5138
120.253.135.82 - - [10/Mar/2021:10:17:50 +0800] "GET /xingrg/all/function/internal_message.html?_=1615342209192&CODE_STATE=getMsg HTTP/1.1" 200 27
116.224.253.72 - - [10/Mar/2021:10:17:50 +0800] "POST /xingrg/kc/base/wldb_order_operate.html HTTP/1.1" 200 12
180.174.195.252 - - [10/Mar/2021:10:17:50 +0800] "GET /xingrg/css/base.css HTTP/1.1" 304 -
180.174.195.252 - - [10/Mar/2021:10:17:50 +0800] "GET /xingrg/css/site.css HTTP/1.1" 304 -
180.174.195.252 - - [10/Mar/2021:10:17:50 +0800] "GET /xingrg/javascript/jquery_tools/datebox.css HTTP/1.1" 304 -
180.174.195.252 - - [10/Mar/2021:10:17:50 +0800] "GET /xingrg/javascript/easyui/themes/default/easyui.css HTTP/1.1" 304 -
180.174.195.252 - - [10/Mar/2021:10:17:50 +0800] "GET /xingrg/javascript/easyui/themes/icon.css HTTP/1.1" 304 -
180.174.195.252 - - [10/Mar/2021:10:17:50 +0800] "GET /xingrg/javascript/auto/jquery.autocomplete.css HTTP/1.1" 304 -
180.174.195.252 - - [10/Mar/2021:10:17:50 +0800] "GET /xingrg/javascript/jquery_tools/fix.css HTTP/1.1" 304 -
180.174.195.252 - - [10/Mar/2021:10:17:50 +0800] "GET /xingrg/javascript/jquery_tools/table.css HTTP/1.1" 304 -
180.174.195.252 - - [10/Mar/2021:10:17:50 +0800] "GET /xingrg/kc/buy/cgsh_order_list.html HTTP/1.1" 200 46366
180.174.195.252 - - [10/Mar/2021:10:17:50 +0800] "GET /xingrg/javascript/jquery_tools/jquery.tools.min.js HTTP/1.1" 304 -
180.174.195.252 - - [10/Mar/2021:10:17:50 +0800] "GET /xingrg/javascript/jquery_tools/jquery.tools.extend.js HTTP/1.1" 304 -
180.174.195.252 - - [10/Mar/2021:10:17:50 +0800] "GET /xingrg/javascript/jquery_tools/jquery.tools.table.js HTTP/1.1" 304 -
180.174.195.252 - - [10/Mar/2021:10:17:50 +0800] "GET /xingrg/javascript/jquery_tools/jquery.tools.hotkey.js HTTP/1.1" 304 -
180.174.195.252 - - [10/Mar/2021:10:17:50 +0800] "GET /xingrg/javascript/jquery_tools/list_manager.js HTTP/1.1" 304 -
180.174.195.252 - - [10/Mar/2021:10:17:50 +0800] "GET /xingrg/javascript/auto/jquery.autocomplete.js HTTP/1.1" 304 -
180.174.195.252 - - [10/Mar/2021:10:17:50 +0800] "GET /xingrg/javascript/jquery.cookie.js HTTP/1.1" 304 -
180.174.195.252 - - [10/Mar/2021:10:17:50 +0800] "GET /xingrg/javascript/print/LodopFuncs.js HTTP/1.1" 304 -
180.174.195.252 - - [10/Mar/2021:10:17:50 +0800] "GET /xingrg/javascript/easyui/easyloader.js HTTP/1.1" 304 -
117.185.32.26 - - [10/Mar/2021:10:17:50 +0800] "GET /xingrg/all/function/internal_message.html?_=1615343172067&CODE_STATE=getMsg HTTP/1.1" 200 27
180.174.195.252 - - [10/Mar/2021:10:17:51 +0800] "GET /xingrg/javascript/easyui/plugins/jquery.parser.js HTTP/1.1" 304 -
116.224.253.72 - - [10/Mar/2021:10:17:51 +0800] "GET /xingrg/kc/base/wldb_order_info.html?code=422021031001008 HTTP/1.1" 200 26396
116.224.253.72 - - [10/Mar/2021:10:17:52 +0800] "GET /xingrg/javascript/easyui/themes/default/validatebox.css HTTP/1.1" 404 1104
116.232.52.236 - - [10/Mar/2021:10:17:52 +0800] "GET /xingrg/kc/buy/cgsh_order_operate.html?command=get_materiel&rest_code=00109&code=00101006174&supplier_code=00100015&order_time=2021-03-10 HTTP/1.1" 200 414
116.224.253.72 - - [10/Mar/2021:10:17:52 +0800] "POST /xingrg/kc/base/wldb_order_operate.html HTTP/1.1" 200 486
180.174.195.252 - - [10/Mar/2021:10:17:53 +0800] "POST /xingrg/kc/buy/cgsh_list_operate.html HTTP/1.1" 200 876
180.174.195.252 - - [10/Mar/2021:10:17:55 +0800] "GET /xingrg/javascript/jquery_tools/images/prev.gif HTTP/1.1" 404 1086
180.174.195.252 - - [10/Mar/2021:10:17:55 +0800] "GET /xingrg/javascript/jquery_tools/images/next.gif HTTP/1.1" 404 1086
117.184.7.26 - - [10/Mar/2021:10:17:56 +0800] "GET /xingrg/kc/buy/cgsh_order_operate.html?command=get_materiel&rest_code=00108&code=00101008134&supplier_code=00100008&order_time=2021-03-10 HTTP/1.1" 200 412
61.165.42.208 - - [10/Mar/2021:10:17:59 +0800] "GET /xingrg/kc/buy/cgsh_order_operate.html?command=get_materiel&rest_code=00105&code=00101001167&supplier_code=00100314&order_time=2021-03-10 HTTP/1.1" 200 411
116.232.52.236 - - [10/Mar/2021:10:18:00 +0800] "GET /xingrg/kc/buy/cgsh_order_operate.html?command=get_materiel&rest_code=00109&code=00101006133&supplier_code=00100015&order_time=2021-03-10 HTTP/1.1" 200 413
117.184.7.26 - - [10/Mar/2021:10:18:02 +0800] "GET /xingrg/kc/buy/cgsh_order_operate.html?command=get_materiel&rest_code=00108&code=00101008125&supplier_code=00100008&order_time=2021-03-10 HTTP/1.1" 200 413
180.174.195.252 - - [10/Mar/2021:10:18:03 +0800] "GET /xingrg/javascript/auto/indicator.gif HTTP/1.1" 404 1066
101.228.165.174 - - [10/Mar/2021:10:18:04 +0800] "GET /xingrg/check_reg.html?_=1615342722290 HTTP/1.1" 200 22
101.228.165.174 - - [10/Mar/2021:10:18:05 +0800] "GET /xingrg/all/function/internal_message.html?_=1615342723176&CODE_STATE=getMsg HTTP/1.1" 200 27
116.224.253.72 - - [10/Mar/2021:10:18:05 +0800] "GET /xingrg/check_reg.html?_=1615342646233 HTTP/1.1" 200 22
61.165.42.208 - - [10/Mar/2021:10:18:06 +0800] "GET /xingrg/all/function/internal_message.html?_=1615342686881&CODE_STATE=getMsg HTTP/1.1" 200 27
116.232.52.236 - - [10/Mar/2021:10:18:06 +0800] "GET /xingrg/kc/buy/cgsh_order_operate.html?command=get_materiel&rest_code=00109&code=00101010248&supplier_code=00100015&order_time=2021-03-10 HTTP/1.1" 200 430
58.40.7.146 - - [10/Mar/2021:10:18:08 +0800] "GET /xingrg/all/function/internal_message.html?_=1615342686605&CODE_STATE=getMsg HTTP/1.1" 302 -
58.40.7.146 - - [10/Mar/2021:10:18:08 +0800] "GET /xingrg/check_reg.html?_=1615342686606 HTTP/1.1" 302 -
180.174.195.252 - - [10/Mar/2021:10:18:08 +0800] "POST /xingrg/kc/buy/cgsh_list_operate.html HTTP/1.1" 200 2102
61.165.42.208 - - [10/Mar/2021:10:18:10 +0800] "POST /xingrg/kc/buy/cgsh_order_operate.html HTTP/1.1" 200 37
61.165.42.208 - - [10/Mar/2021:10:18:12 +0800] "POST /xingrg/kc/buy/cgsh_order_operate.html HTTP/1.1" 200 2656
116.232.52.236 - - [10/Mar/2021:10:18:12 +0800] "GET /xingrg/kc/buy/cgsh_order_operate.html?command=get_materiel&rest_code=00109&code=00101006025&supplier_code=00100015&order_time=2021-03-10 HTTP/1.1" 200 417
61.165.42.208 - - [10/Mar/2021:10:18:13 +0800] "GET /xingrg/kc/print/load_data.html?order_code=212021031003953&kc_code=cgsh&condition= HTTP/1.1" 200 669
180.169.147.146 - - [10/Mar/2021:10:18:13 +0800] "GET /xingrg/all/function/internal_message.html?_=1615342692691&CODE_STATE=getMsg HTTP/1.1" 302 -
116.224.253.72 - - [10/Mar/2021:10:18:15 +0800] "GET /xingrg/all/function/internal_message.html?_=1615342655936&CODE_STATE=getMsg HTTP/1.1" 200 27
116.232.52.236 - - [10/Mar/2021:10:18:18 +0800] "GET /xingrg/kc/buy/cgsh_order_operate.html?command=get_materiel&rest_code=00109&code=00101006109&supplier_code=00100015&order_time=2021-03-10 HTTP/1.1" 200 409
120.253.135.82 - - [10/Mar/2021:10:18:22 +0800] "GET /xingrg/all/function/internal_message.html?_=1615342702327&CODE_STATE=getMsg HTTP/1.1" 200 27
222.69.138.56 - - [10/Mar/2021:10:18:22 +0800] "GET /xingrg/all/function/internal_message.html?_=1615342700609&CODE_STATE=getMsg HTTP/1.1" 200 27
180.169.147.146 - - [10/Mar/2021:10:18:22 +0800] "GET /xingrg/all/function/internal_message.html?_=1615342692364&CODE_STATE=getMsg HTTP/1.1" 200 27
116.232.52.236 - - [10/Mar/2021:10:18:24 +0800] "GET /xingrg/all/function/internal_message.html?_=1615342703992&CODE_STATE=getMsg HTTP/1.1" 200 27
116.232.52.236 - - [10/Mar/2021:10:18:24 +0800] "GET /xingrg/check_reg.html?_=1615342703993 HTTP/1.1" 200 22
61.165.42.208 - - [10/Mar/2021:10:18:26 +0800] "GET /xingrg/kc/buy/cgsh_order_add.html HTTP/1.1" 200 62151
58.37.230.33 - - [10/Mar/2021:10:18:26 +0800] "GET /xingrg/all/function/internal_message.html?_=1615342707628&CODE_STATE=getMsg HTTP/1.1" 200 27
58.37.230.33 - - [10/Mar/2021:10:18:26 +0800] "GET /xingrg/check_reg.html?_=1615342707631 HTTP/1.1" 200 22
61.165.42.208 - - [10/Mar/2021:10:18:26 +0800] "POST /xingrg/kc/buy/cgsh_order_operate.html HTTP/1.1" 200 8245
61.165.42.208 - - [10/Mar/2021:10:18:26 +0800] "GET /xingrg/javascript/easyui/themes/default/validatebox.css HTTP/1.1" 404 1104
116.232.52.236 - - [10/Mar/2021:10:18:28 +0800] "GET /xingrg/kc/buy/cgsh_order_operate.html?command=get_materiel&rest_code=00109&code=00101006109&supplier_code=00100015&order_time=2021-03-10 HTTP/1.1" 200 409
117.184.7.26 - - [10/Mar/2021:10:18:32 +0800] "GET /xingrg/all/function/internal_message.html?_=1615342704453&CODE_STATE=getMsg HTTP/1.1" 200 27
116.232.52.236 - - [10/Mar/2021:10:18:33 +0800] "GET /xingrg/kc/buy/cgsh_order_operate.html?command=get_materiel&rest_code=00109&code=00101006056&supplier_code=00100015&order_time=2021-03-10 HTTP/1.1" 200 413
116.224.253.72 - - [10/Mar/2021:10:18:33 +0800] "GET /xingrg/all/function/internal_message.html?_=1615342716735&CODE_STATE=getMsg HTTP/1.1" 200 27
58.37.230.33 - - [10/Mar/2021:10:18:33 +0800] "GET /xingrg/all/function/internal_message.html?_=1615342712723&CODE_STATE=getMsg HTTP/1.1" 302 -
222.70.216.220 - - [10/Mar/2021:10:18:34 +0800] "GET /xingrg/all/function/internal_message.html?_=1615342712016&CODE_STATE=getMsg HTTP/1.1" 302 -
61.165.42.208 - - [10/Mar/2021:10:18:36 +0800] "GET /xingrg/kc/buy/cgsh_order_operate.html?command=get_materiel&rest_code=00105&code=00101010628&supplier_code=00100327&order_time=2021-03-10 HTTP/1.1" 200 412
116.232.52.236 - - [10/Mar/2021:10:18:39 +0800] "GET /xingrg/kc/buy/cgsh_order_operate.html?command=get_materiel&rest_code=00109&code=00101006115&supplier_code=00100015&order_time=2021-03-10 HTTP/1.1" 200 409
180.169.147.146 - - [10/Mar/2021:10:18:39 +0800] "GET /xingrg/all/function/internal_message.html?_=1615342716428&CODE_STATE=getMsg HTTP/1.1" 200 27
222.69.138.56 - - [10/Mar/2021:10:18:43 +0800] "POST /xingrg/kc/buy/cgsh_order_operate.html HTTP/1.1" 200 8245
222.69.138.56 - - [10/Mar/2021:10:18:43 +0800] "GET /xingrg/javascript/easyui/themes/default/validatebox.css HTTP/1.1" 404 1104
120.253.135.82 - - [10/Mar/2021:10:18:43 +0800] "GET /xingrg/all/function/internal_message.html?_=1615342491913&CODE_STATE=getMsg HTTP/1.1" 200 27
116.232.52.236 - - [10/Mar/2021:10:18:45 +0800] "GET /xingrg/kc/buy/cgsh_order_operate.html?command=get_materiel&rest_code=00109&code=00101006144&supplier_code=00100015&order_time=2021-03-10 HTTP/1.1" 200 409
61.165.42.208 - - [10/Mar/2021:10:18:46 +0800] "GET /xingrg/check_reg.html?_=1615342720656 HTTP/1.1" 200 22
61.165.42.208 - - [10/Mar/2021:10:18:46 +0800] "GET /xingrg/all/function/internal_message.html?_=1615342720659&CODE_STATE=getMsg HTTP/1.1" 200 27
116.224.253.72 - - [10/Mar/2021:10:18:46 +0800] "GET /xingrg/kc/base/wldb_order_add.html HTTP/1.1" 200 30516
116.224.253.72 - - [10/Mar/2021:10:18:47 +0800] "POST /xingrg/kc/base/wldb_order_operate.html HTTP/1.1" 200 6806
116.224.253.72 - - [10/Mar/2021:10:18:47 +0800] "GET /xingrg/javascript/easyui/themes/default/validatebox.css HTTP/1.1" 404 1104
114.88.166.193 - - [10/Mar/2021:10:18:48 +0800] "GET /xingrg/all/function/internal_message.html?_=1615342725262&CODE_STATE=getMsg HTTP/1.1" 200 27
116.224.253.72 - - [10/Mar/2021:10:18:48 +0800] "POST /xingrg/all/common/load_combo.html?type=base HTTP/1.1" 200 2966
180.174.195.252 - - [10/Mar/2021:10:18:48 +0800] "GET /xingrg/all/function/internal_message.html?_=1615342726098&CODE_STATE=getMsg HTTP/1.1" 200 27
120.253.135.82 - - [10/Mar/2021:10:18:50 +0800] "GET /xingrg/all/function/internal_message.html?_=1615342269192&CODE_STATE=getMsg HTTP/1.1" 200 27
117.185.32.26 - - [10/Mar/2021:10:18:50 +0800] "GET /xingrg/all/function/internal_message.html?_=1615343232087&CODE_STATE=getMsg HTTP/1.1" 200 27
61.165.42.208 - - [10/Mar/2021:10:18:52 +0800] "POST /xingrg/kc/buy/cgsh_order_operate.html HTTP/1.1" 200 37
61.165.42.208 - - [10/Mar/2021:10:18:53 +0800] "POST /xingrg/kc/buy/cgsh_order_operate.html HTTP/1.1" 200 2671
222.69.138.56 - - [10/Mar/2021:10:18:53 +0800] "GET /xingrg/kc/buy/cgsh_order_operate.html?command=get_materiel&rest_code=00149&code=00101009049&supplier_code=00100201&order_time=2021-03-10 HTTP/1.1" 200 416
116.232.52.236 - - [10/Mar/2021:10:18:54 +0800] "GET /xingrg/kc/buy/cgsh_order_operate.html?command=get_materiel&rest_code=00109&code=00101006129&supplier_code=00100015&order_time=2021-03-10 HTTP/1.1" 200 431
61.165.42.208 - - [10/Mar/2021:10:18:54 +0800] "GET /xingrg/kc/print/load_data.html?order_code=212021031003954&kc_code=cgsh&condition= HTTP/1.1" 200 675
116.224.253.72 - - [10/Mar/2021:10:18:57 +0800] "GET /xingrg/kc/base/wldb_order_operate.html?command=get_materiel&rest_code=00150&base_code=0010445&code=00101019207 HTTP/1.1" 200 474
61.165.42.208 - - [10/Mar/2021:10:18:58 +0800] "GET /xingrg/kc/buy/cgsh_order_add.html HTTP/1.1" 200 62151
61.165.42.208 - - [10/Mar/2021:10:18:58 +0800] "GET /xingrg/javascript/easyui/themes/default/validatebox.css HTTP/1.1" 404 1104
61.165.42.208 - - [10/Mar/2021:10:18:59 +0800] "POST /xingrg/kc/buy/cgsh_order_operate.html HTTP/1.1" 200 8245
222.69.138.56 - - [10/Mar/2021:10:19:02 +0800] "GET /xingrg/kc/buy/cgsh_order_operate.html?command=get_materiel&rest_code=00149&code=00101009011&supplier_code=00100201&order_time=2021-03-10 HTTP/1.1" 200 416
116.232.52.236 - - [10/Mar/2021:10:19:02 +0800] "GET /xingrg/kc/buy/cgsh_order_operate.html?command=get_materiel&rest_code=00109&code=00101006130&supplier_code=00100015&order_time=2021-03-10 HTTP/1.1" 200 427
101.228.165.174 - - [10/Mar/2021:10:19:05 +0800] "GET /xingrg/all/function/internal_message.html?_=1615342783189&CODE_STATE=getMsg HTTP/1.1" 200 27
61.165.42.208 - - [10/Mar/2021:10:19:06 +0800] "GET /xingrg/kc/buy/cgsh_order_operate.html?command=get_materiel&rest_code=00105&code=00101020016&supplier_code=00100326&order_time=2021-03-10 HTTP/1.1" 200 413
61.165.42.208 - - [10/Mar/2021:10:19:06 +0800] "GET /xingrg/all/function/internal_message.html?_=1615342746891&CODE_STATE=getMsg HTTP/1.1" 200 27
58.40.7.146 - - [10/Mar/2021:10:19:08 +0800] "GET /xingrg/all/function/internal_message.html?_=1615342746608&CODE_STATE=getMsg HTTP/1.1" 302 -
116.232.52.236 - - [10/Mar/2021:10:19:09 +0800] "GET /xingrg/kc/buy/cgsh_order_operate.html?command=get_materiel&rest_code=00109&code=00101006144&supplier_code=00100015&order_time=2021-03-10 HTTP/1.1" 200 409
222.70.216.220 - - [10/Mar/2021:10:19:10 +0800] "GET /xingrg/check_reg.html?_=1615342748493 HTTP/1.1" 302 -
222.69.138.56 - - [10/Mar/2021:10:19:11 +0800] "GET /xingrg/kc/buy/cgsh_order_operate.html?command=get_materiel&rest_code=00149&code=00101009016&supplier_code=00100201&order_time=2021-03-10 HTTP/1.1" 200 412
180.169.147.146 - - [10/Mar/2021:10:19:13 +0800] "GET /xingrg/all/function/internal_message.html?_=1615342752693&CODE_STATE=getMsg HTTP/1.1" 302 -
180.169.147.146 - - [10/Mar/2021:10:19:13 +0800] "GET /xingrg/check_reg.html?_=1615342752697 HTTP/1.1" 302 -
116.224.253.72 - - [10/Mar/2021:10:19:15 +0800] "GET /xingrg/all/function/internal_message.html?_=1615342716042&CODE_STATE=getMsg HTTP/1.1" 200 27
61.165.42.208 - - [10/Mar/2021:10:19:16 +0800] "POST /xingrg/kc/buy/cgsh_order_operate.html HTTP/1.1" 200 37
61.165.42.208 - - [10/Mar/2021:10:19:19 +0800] "POST /xingrg/kc/buy/cgsh_order_operate.html HTTP/1.1" 200 2658
61.165.42.208 - - [10/Mar/2021:10:19:21 +0800] "GET /xingrg/kc/print/load_data.html?order_code=212021031003955&kc_code=cgsh&condition= HTTP/1.1" 200 671
120.253.135.82 - - [10/Mar/2021:10:19:22 +0800] "GET /xingrg/all/function/internal_message.html?_=1615342762331&CODE_STATE=getMsg HTTP/1.1" 200 27
222.69.138.56 - - [10/Mar/2021:10:19:22 +0800] "GET /xingrg/all/function/internal_message.html?_=1615342760605&CODE_STATE=getMsg HTTP/1.1" 200 27
222.69.138.56 - - [10/Mar/2021:10:19:22 +0800] "GET /xingrg/check_reg.html?_=1615342760607 HTTP/1.1" 200 22
180.169.147.146 - - [10/Mar/2021:10:19:22 +0800] "GET /xingrg/all/function/internal_message.html?_=1615342752352&CODE_STATE=getMsg HTTP/1.1" 200 27
116.232.52.236 - - [10/Mar/2021:10:19:24 +0800] "GET /xingrg/all/function/internal_message.html?_=1615342763994&CODE_STATE=getMsg HTTP/1.1" 200 27
116.232.52.236 - - [10/Mar/2021:10:19:25 +0800] "POST /xingrg/kc/buy/cgsh_order_operate.html HTTP/1.1" 200 37
58.37.230.33 - - [10/Mar/2021:10:19:26 +0800] "GET /xingrg/all/function/internal_message.html?_=1615342767622&CODE_STATE=getMsg HTTP/1.1" 200 27
116.232.52.236 - - [10/Mar/2021:10:19:27 +0800] "POST /xingrg/kc/buy/cgsh_order_operate.html HTTP/1.1" 200 9239
116.232.52.236 - - [10/Mar/2021:10:19:29 +0800] "GET /xingrg/kc/print/load_config.html?kc_code=cgsh HTTP/1.1" 200 1845
116.232.52.236 - - [10/Mar/2021:10:19:29 +0800] "GET /xingrg/kc/print/load_data.html?order_code=212021031003956&kc_code=cgsh&condition= HTTP/1.1" 200 3277
58.37.230.33 - - [10/Mar/2021:10:19:30 +0800] "POST /xingrg/services/DataTransmitService HTTP/1.1" 200 524
222.69.138.56 - - [10/Mar/2021:10:19:31 +0800] "GET /xingrg/kc/buy/cgsh_order_operate.html?command=get_materiel&rest_code=00149&code=00101009013&supplier_code=00100201&order_time=2021-03-10 HTTP/1.1" 200 420
58.37.230.33 - - [10/Mar/2021:10:19:31 +0800] "POST /xingrg/services/DataTransmitService HTTP/1.1" 200 2243
117.184.7.26 - - [10/Mar/2021:10:19:31 +0800] "GET /xingrg/all/function/internal_message.html?_=1615342764462&CODE_STATE=getMsg HTTP/1.1" 200 27
117.184.7.26 - - [10/Mar/2021:10:19:31 +0800] "GET /xingrg/check_reg.html?_=1615342764465 HTTP/1.1" 200 22
58.37.230.33 - - [10/Mar/2021:10:19:32 +0800] "POST /xingrg/services/DataTransmitService HTTP/1.1" 200 202408
116.232.52.236 - - [10/Mar/2021:10:19:33 +0800] "GET /xingrg/kc/buy/cgsh_order_add.html HTTP/1.1" 200 62145
116.232.52.236 - - [10/Mar/2021:10:19:33 +0800] "GET /xingrg/words/20210310100947_words.js HTTP/1.1" 304 -
116.224.253.72 - - [10/Mar/2021:10:19:33 +0800] "GET /xingrg/all/function/internal_message.html?_=1615342776742&CODE_STATE=getMsg HTTP/1.1" 200 27
116.232.52.236 - - [10/Mar/2021:10:19:33 +0800] "POST /xingrg/kc/buy/cgsh_order_operate.html HTTP/1.1" 200 8245
116.232.52.236 - - [10/Mar/2021:10:19:33 +0800] "GET /xingrg/javascript/easyui/themes/default/validatebox.css HTTP/1.1" 404 1104
