172.20.0.100 - - [10/Mar/2021:10:30:25 +0800] "GET /xingrg/images/xtree/Lplus.png HTTP/1.1" 200 224
172.20.0.100 - - [10/Mar/2021:10:30:25 +0800] "POST /xingrg/dwr/call/plaincall/AjaxBaseInfoService.getMateriels.dwr HTTP/1.1" 200 2929
58.37.230.33 - - [10/Mar/2021:10:30:26 +0800] "GET /xingrg/all/function/internal_message.html?_=1615343427647&CODE_STATE=getMsg HTTP/1.1" 200 27
116.224.253.72 - - [10/Mar/2021:10:30:27 +0800] "POST /xingrg/dwr/call/plaincall/AjaxYddbService.saveMaterielItem.dwr HTTP/1.1" 200 79
172.20.0.100 - - [10/Mar/2021:10:30:28 +0800] "POST /xingrg/dwr/call/plaincall/AjaxBaseInfoService.searchMateriels.dwr HTTP/1.1" 200 1878
58.37.230.33 - - [10/Mar/2021:10:30:33 +0800] "GET /xingrg/all/function/internal_message.html?_=1615343432445&CODE_STATE=getMsg HTTP/1.1" 302 -
116.224.253.72 - - [10/Mar/2021:10:30:33 +0800] "GET /xingrg/all/function/internal_message.html?_=1615343436772&CODE_STATE=getMsg HTTP/1.1" 200 27
222.70.216.220 - - [10/Mar/2021:10:30:34 +0800] "GET /xingrg/all/function/internal_message.html?_=1615343432010&CODE_STATE=getMsg HTTP/1.1" 302 -
222.70.216.220 - - [10/Mar/2021:10:30:34 +0800] "GET /xingrg/check_reg.html?_=1615343432012 HTTP/1.1" 302 -
61.165.42.208 - - [10/Mar/2021:10:30:35 +0800] "POST /xingrg/kc/buy/cgsh_order_operate.html HTTP/1.1" 200 37
61.165.42.208 - - [10/Mar/2021:10:30:36 +0800] "POST /xingrg/kc/buy/cgsh_order_operate.html HTTP/1.1" 200 2657
116.235.216.75 - - [10/Mar/2021:10:30:37 +0800] "GET /xingrg/kc/buy/cgsh_order_add.html HTTP/1.1" 302 -
116.235.216.75 - - [10/Mar/2021:10:30:37 +0800] "GET /xingrg/login.html HTTP/1.1" 200 7641
61.165.42.208 - - [10/Mar/2021:10:30:38 +0800] "GET /xingrg/kc/print/load_data.html?order_code=212021031003965&kc_code=cgsh&condition= HTTP/1.1" 200 664
116.235.216.75 - - [10/Mar/2021:10:30:38 +0800] "GET /xingrg/login.html HTTP/1.1" 200 7641
180.169.147.146 - - [10/Mar/2021:10:30:39 +0800] "GET /xingrg/all/function/internal_message.html?_=1615343436424&CODE_STATE=getMsg HTTP/1.1" 200 27
116.235.216.75 - - [10/Mar/2021:10:30:41 +0800] "GET /favicon.ico HTTP/1.1" 404 -
120.253.135.82 - - [10/Mar/2021:10:30:43 +0800] "GET /xingrg/all/function/internal_message.html?_=1615343212076&CODE_STATE=getMsg HTTP/1.1" 200 27
61.165.42.208 - - [10/Mar/2021:10:30:44 +0800] "GET /xingrg/kc/buy/cgsh_order_add.html HTTP/1.1" 200 62151
61.165.42.208 - - [10/Mar/2021:10:30:45 +0800] "GET /xingrg/javascript/easyui/themes/default/validatebox.css HTTP/1.1" 404 1104
61.165.42.208 - - [10/Mar/2021:10:30:45 +0800] "POST /xingrg/kc/buy/cgsh_order_operate.html HTTP/1.1" 200 8245
61.165.42.208 - - [10/Mar/2021:10:30:46 +0800] "GET /xingrg/all/function/internal_message.html?_=1615343440694&CODE_STATE=getMsg HTTP/1.1" 200 27
101.228.165.73 - - [10/Mar/2021:10:30:46 +0800] "POST /xingrg/services/DataTransmitService HTTP/1.1" 200 524
101.228.165.73 - - [10/Mar/2021:10:30:47 +0800] "POST /xingrg/services/DataTransmitService HTTP/1.1" 200 2167
101.228.165.73 - - [10/Mar/2021:10:30:48 +0800] "POST /xingrg/services/DataTransmitService HTTP/1.1" 200 177816
114.88.166.193 - - [10/Mar/2021:10:30:48 +0800] "GET /xingrg/all/function/internal_message.html?_=1615343445549&CODE_STATE=getMsg HTTP/1.1" 200 27
180.174.195.252 - - [10/Mar/2021:10:30:48 +0800] "GET /xingrg/all/function/internal_message.html?_=1615343446278&CODE_STATE=getMsg HTTP/1.1" 200 27
116.224.253.72 - - [10/Mar/2021:10:30:49 +0800] "GET /xingrg/kc/base/yddb_order_add.html HTTP/1.1" 200 29749
116.224.253.72 - - [10/Mar/2021:10:30:49 +0800] "GET /xingrg/dwr/interface/AjaxYddbService.js HTTP/1.1" 200 13201
116.224.253.72 - - [10/Mar/2021:10:30:49 +0800] "GET /xingrg/dwr/interface/AjaxComOrderService.js HTTP/1.1" 200 18264
116.224.253.72 - - [10/Mar/2021:10:30:49 +0800] "GET /xingrg/dwr/engine.js HTTP/1.1" 200 43631
120.253.135.82 - - [10/Mar/2021:10:30:50 +0800] "GET /xingrg/check_reg.html?_=1615342989212 HTTP/1.1" 200 22
120.253.135.82 - - [10/Mar/2021:10:30:50 +0800] "GET /xingrg/all/function/internal_message.html?_=1615342989215&CODE_STATE=getMsg HTTP/1.1" 200 27
117.185.32.26 - - [10/Mar/2021:10:30:50 +0800] "GET /xingrg/all/function/internal_message.html?_=1615343952058&CODE_STATE=getMsg HTTP/1.1" 200 27
116.224.253.72 - - [10/Mar/2021:10:30:52 +0800] "POST /xingrg/dwr/call/plaincall/AjaxYddbService.getRestBases.dwr HTTP/1.1" 200 1514
116.224.253.72 - - [10/Mar/2021:10:30:52 +0800] "GET /xingrg/kc/base/wldb_order_operate.html?command=get_materiel&rest_code=00150&base_code=0010445&code=00101016049 HTTP/1.1" 200 445
172.20.0.100 - - [10/Mar/2021:10:30:57 +0800] "GET /xingrg/check_reg.html?_=1615343453712 HTTP/1.1" 302 -
116.224.253.72 - - [10/Mar/2021:10:31:01 +0800] "POST /xingrg/dwr/call/plaincall/AjaxYddbService.saveOrder.dwr HTTP/1.1" 200 78
101.228.165.174 - - [10/Mar/2021:10:31:05 +0800] "GET /xingrg/all/function/internal_message.html?_=1615343503675&CODE_STATE=getMsg HTTP/1.1" 200 27
101.91.60.11 - - [10/Mar/2021:10:31:06 +0800] "GET /xingrg/all/function/internal_message.html?_=1615342832675&CODE_STATE=getMsg HTTP/1.1" 302 -
172.20.0.100 - - [10/Mar/2021:10:31:06 +0800] "POST /xingrg/dwr/call/plaincall/AjaxBaseInfoService.getSubMaterielSorts.dwr HTTP/1.1" 200 3635
172.20.0.100 - - [10/Mar/2021:10:31:06 +0800] "GET /xingrg/images/xtree/I.png HTTP/1.1" 200 148
172.20.0.100 - - [10/Mar/2021:10:31:06 +0800] "GET /xingrg/images/xtree/L.png HTTP/1.1" 200 153
172.20.0.100 - - [10/Mar/2021:10:31:06 +0800] "GET /xingrg/images/xtree/file.png HTTP/1.1" 200 251
172.20.0.100 - - [10/Mar/2021:10:31:06 +0800] "GET /xingrg/images/xtree/T.png HTTP/1.1" 200 152
172.20.0.100 - - [10/Mar/2021:10:31:06 +0800] "GET /xingrg/images/xtree/Tminus.png HTTP/1.1" 200 207
172.20.0.100 - - [10/Mar/2021:10:31:06 +0800] "POST /xingrg/dwr/call/plaincall/AjaxBaseInfoService.searchMateriels.dwr HTTP/1.1" 200 2727
61.165.42.208 - - [10/Mar/2021:10:31:06 +0800] "GET /xingrg/check_reg.html?_=1615343466902 HTTP/1.1" 200 22
61.165.42.208 - - [10/Mar/2021:10:31:06 +0800] "GET /xingrg/all/function/internal_message.html?_=1615343466906&CODE_STATE=getMsg HTTP/1.1" 200 27
172.20.0.100 - - [10/Mar/2021:10:31:07 +0800] "POST /xingrg/dwr/call/plaincall/AjaxBaseInfoService.getMateriels.dwr HTTP/1.1" 200 2917
172.20.0.100 - - [10/Mar/2021:10:31:08 +0800] "GET /xingrg/system/info/materiel_info.html?code=00101001&isAdd=1 HTTP/1.1" 200 34337
172.20.0.100 - - [10/Mar/2021:10:31:08 +0800] "GET /xingrg/dwr/interface/AjaxGetFirstChart.js HTTP/1.1" 200 631
172.20.0.100 - - [10/Mar/2021:10:31:08 +0800] "GET /xingrg/dwr/engine.js HTTP/1.1" 200 43631
172.20.0.100 - - [10/Mar/2021:10:31:08 +0800] "GET /xingrg/javascript/checkform.js HTTP/1.1" 200 18351
58.40.7.146 - - [10/Mar/2021:10:31:08 +0800] "GET /xingrg/all/function/internal_message.html?_=1615343466614&CODE_STATE=getMsg HTTP/1.1" 302 -
172.20.0.100 - - [10/Mar/2021:10:31:08 +0800] "GET /favicon.ico HTTP/1.1" 404 -
172.20.0.100 - - [10/Mar/2021:10:31:08 +0800] "POST /xingrg/all/common/load_tree.html?tree=area_rest_tree_json HTTP/1.1" 200 3344
172.20.0.100 - - [10/Mar/2021:10:31:09 +0800] "POST /xingrg/dwr/call/plaincall/AjaxBaseInfoService.getMaterielInfo.dwr HTTP/1.1" 200 204
172.20.0.100 - - [10/Mar/2021:10:31:09 +0800] "GET /xingrg/javascript/jquery_easy_ui/themes/default/images/tree_checkbox_0.gif HTTP/1.1" 200 168
172.20.0.100 - - [10/Mar/2021:10:31:09 +0800] "GET /xingrg/javascript/jquery_easy_ui/themes/icons/area.png HTTP/1.1" 200 262
172.20.0.100 - - [10/Mar/2021:10:31:09 +0800] "GET /xingrg/javascript/jquery_easy_ui/themes/icons/manage.png HTTP/1.1" 200 696
172.20.0.100 - - [10/Mar/2021:10:31:09 +0800] "GET /xingrg/javascript/jquery_easy_ui/themes/icons/rest.png HTTP/1.1" 200 695
172.20.0.100 - - [10/Mar/2021:10:31:09 +0800] "POST /xingrg/all/common/load_tree.html?tree=area_rest_tree_json&defaultRests=undefined HTTP/1.1" 200 3344
101.91.60.11 - - [10/Mar/2021:10:31:09 +0800] "GET /xingrg/login.html HTTP/1.1" 200 7641
117.184.7.26 - - [10/Mar/2021:10:31:14 +0800] "GET /xingrg/all/function/internal_message.html?_=1615343467033&CODE_STATE=getMsg HTTP/1.1" 200 27
117.184.7.26 - - [10/Mar/2021:10:31:14 +0800] "GET /xingrg/check_reg.html?_=1615343467034 HTTP/1.1" 200 22
117.184.7.26 - - [10/Mar/2021:10:31:14 +0800] "POST /xingrg/kc/buy/cgsh_order_operate.html HTTP/1.1" 200 23933
116.224.253.72 - - [10/Mar/2021:10:31:14 +0800] "POST /xingrg/dwr/call/plaincall/AjaxComOrderService.getMaterielSearchList.dwr HTTP/1.1" 200 27158
172.20.0.100 - - [10/Mar/2021:10:31:14 +0800] "POST /xingrg/dwr/call/plaincall/AjaxGetFirstChart.getFirstChart.dwr HTTP/1.1" 200 78
116.224.253.72 - - [10/Mar/2021:10:31:15 +0800] "GET /xingrg/images/yd/bt.gif HTTP/1.1" 404 1040
116.224.253.72 - - [10/Mar/2021:10:31:15 +0800] "POST /xingrg/dwr/call/plaincall/AjaxComOrderService.getMaterielSearchList.dwr HTTP/1.1" 200 1553
172.20.0.100 - - [10/Mar/2021:10:31:17 +0800] "POST /xingrg/dwr/call/plaincall/AjaxBaseInfoService.changeUnitGroup.dwr HTTP/1.1" 200 243
116.224.253.72 - - [10/Mar/2021:10:31:19 +0800] "GET /xingrg/all/function/internal_message.html?_=1615343439508&CODE_STATE=getMsg HTTP/1.1" 200 27
116.224.253.72 - - [10/Mar/2021:10:31:19 +0800] "POST /xingrg/dwr/call/plaincall/AjaxYddbService.getMaterielByMap.dwr HTTP/1.1" 200 3764
180.169.147.146 - - [10/Mar/2021:10:31:20 +0800] "GET /xingrg/all/function/internal_message.html?_=1615343479222&CODE_STATE=getMsg HTTP/1.1" 200 27
172.20.0.100 - - [10/Mar/2021:10:31:21 +0800] "GET /xingrg/all/function/internal_message.html?_=1615343479875&CODE_STATE=getMsg HTTP/1.1" 200 27
116.224.253.72 - - [10/Mar/2021:10:31:21 +0800] "POST /xingrg/dwr/call/plaincall/AjaxYddbService.getUnitPrice.dwr HTTP/1.1" 200 87
120.253.135.82 - - [10/Mar/2021:10:31:22 +0800] "GET /xingrg/all/function/internal_message.html?_=1615343482493&CODE_STATE=getMsg HTTP/1.1" 200 27
222.69.138.56 - - [10/Mar/2021:10:31:22 +0800] "GET /xingrg/css/base.css HTTP/1.1" 200 2811
222.69.138.56 - - [10/Mar/2021:10:31:22 +0800] "GET /xingrg/css/site.css HTTP/1.1" 200 7541
222.69.138.56 - - [10/Mar/2021:10:31:22 +0800] "GET /xingrg/kc/buy/cgsh_order_add.html HTTP/1.1" 200 62157
222.69.138.56 - - [10/Mar/2021:10:31:22 +0800] "GET /xingrg/all/function/internal_message.html?_=1615343480617&CODE_STATE=getMsg HTTP/1.1" 200 27
222.69.138.56 - - [10/Mar/2021:10:31:22 +0800] "GET /xingrg/javascript/jquery_tools/datebox.css HTTP/1.1" 200 2597
222.69.138.56 - - [10/Mar/2021:10:31:22 +0800] "GET /xingrg/javascript/jquery_tools/table.css HTTP/1.1" 200 1032
180.169.147.146 - - [10/Mar/2021:10:31:22 +0800] "GET /xingrg/all/function/internal_message.html?_=1615343472350&CODE_STATE=getMsg HTTP/1.1" 200 27
222.69.138.56 - - [10/Mar/2021:10:31:22 +0800] "GET /xingrg/javascript/pic_change.js HTTP/1.1" 200 4739
222.69.138.56 - - [10/Mar/2021:10:31:22 +0800] "GET /xingrg/javascript/auto/jquery.autocomplete.css HTTP/1.1" 200 587
222.69.138.56 - - [10/Mar/2021:10:31:22 +0800] "GET /xingrg/javascript/jquery_tools/fix.css HTTP/1.1" 200 1702
222.69.138.56 - - [10/Mar/2021:10:31:22 +0800] "GET /xingrg/javascript/easyui/themes/icon.css HTTP/1.1" 200 4483
222.69.138.56 - - [10/Mar/2021:10:31:22 +0800] "GET /xingrg/javascript/jquery_tools/jquery.tools.min.js HTTP/1.1" 200 138801
222.69.138.56 - - [10/Mar/2021:10:31:22 +0800] "GET /xingrg/javascript/jquery_tools/jquery.tools.hotkey.js HTTP/1.1" 200 3242
222.69.138.56 - - [10/Mar/2021:10:31:22 +0800] "GET /xingrg/javascript/jquery_tools/jquery.tools.table.js HTTP/1.1" 200 6994
222.69.138.56 - - [10/Mar/2021:10:31:22 +0800] "GET /xingrg/javascript/easyui/easyloader.js HTTP/1.1" 200 5975
222.69.138.56 - - [10/Mar/2021:10:31:22 +0800] "GET /xingrg/javascript/jquery_tools/jquery.tools.extend.js HTTP/1.1" 200 15385
222.69.138.56 - - [10/Mar/2021:10:31:22 +0800] "GET /xingrg/javascript/easyui/themes/default/easyui.css HTTP/1.1" 200 30432
222.69.138.56 - - [10/Mar/2021:10:31:22 +0800] "GET /xingrg/javascript/convert.js HTTP/1.1" 200 1239
222.69.138.56 - - [10/Mar/2021:10:31:22 +0800] "GET /xingrg/javascript/jquery.cookie.js HTTP/1.1" 200 5513
222.69.138.56 - - [10/Mar/2021:10:31:22 +0800] "GET /xingrg/javascript/auto/jquery.autocomplete.js HTTP/1.1" 200 21624
222.69.138.56 - - [10/Mar/2021:10:31:22 +0800] "GET /xingrg/javascript/jquery.utils.js HTTP/1.1" 200 11805
222.69.138.56 - - [10/Mar/2021:10:31:22 +0800] "GET /xingrg/javascript/print/LodopFuncs.js HTTP/1.1" 200 5121
222.69.138.56 - - [10/Mar/2021:10:31:22 +0800] "GET /xingrg/javascript/json2.js HTTP/1.1" 200 11259
222.69.138.56 - - [10/Mar/2021:10:31:22 +0800] "GET /xingrg/javascript/print/kc_print.js HTTP/1.1" 200 11415
222.69.138.56 - - [10/Mar/2021:10:31:22 +0800] "GET /xingrg/javascript/jquery_tools/order_manager.js HTTP/1.1" 200 11183
172.20.0.100 - - [10/Mar/2021:10:31:22 +0800] "POST /xingrg/dwr/call/plaincall/AjaxBaseInfoService.saveMateriel.dwr HTTP/1.1" 200 109
222.69.138.56 - - [10/Mar/2021:10:31:22 +0800] "GET /xingrg/words/20210310100947_words.js HTTP/1.1" 404 1066
222.69.138.56 - - [10/Mar/2021:10:31:23 +0800] "GET /xingrg/javascript/easyui/plugins/jquery.parser.js HTTP/1.1" 200 1142
222.69.138.56 - - [10/Mar/2021:10:31:23 +0800] "POST /xingrg/kc/buy/cgsh_order_operate.html HTTP/1.1" 200 8245
222.69.138.56 - - [10/Mar/2021:10:31:23 +0800] "GET /xingrg/javascript/easyui/themes/default/validatebox.css HTTP/1.1" 404 1104
222.69.138.56 - - [10/Mar/2021:10:31:23 +0800] "GET /xingrg/javascript/easyui/plugins/jquery.validatebox.js HTTP/1.1" 200 6103
172.20.0.100 - - [10/Mar/2021:10:31:23 +0800] "POST /xingrg/dwr/call/plaincall/AjaxBaseInfoService.getMateriels.dwr HTTP/1.1" 200 2917
222.69.138.56 - - [10/Mar/2021:10:31:23 +0800] "GET /xingrg/javascript/easyui/plugins/jquery.numberbox.js HTTP/1.1" 200 5213
222.69.138.56 - - [10/Mar/2021:10:31:23 +0800] "GET /xingrg/all/common/auto_word.html?type=employee&rest_code=00149 HTTP/1.1" 200 197
222.69.138.56 - - [10/Mar/2021:10:31:23 +0800] "GET /xingrg/all/common/auto_word.html?type=employee&rest_code=00149 HTTP/1.1" 200 197
116.232.52.236 - - [10/Mar/2021:10:31:24 +0800] "GET /xingrg/all/function/internal_message.html?_=1615343484030&CODE_STATE=getMsg HTTP/1.1" 200 27
116.224.253.72 - - [10/Mar/2021:10:31:25 +0800] "POST /xingrg/dwr/call/plaincall/AjaxYddbService.saveMaterielItem.dwr HTTP/1.1" 200 78
172.20.0.100 - - [10/Mar/2021:10:31:25 +0800] "GET /xingrg/system/info/materiel_info.html?code=00101001&isAdd=1 HTTP/1.1" 200 34337
172.20.0.100 - - [10/Mar/2021:10:31:25 +0800] "GET /xingrg/dwr/interface/AjaxBaseInfoService.js HTTP/1.1" 200 21363
172.20.0.100 - - [10/Mar/2021:10:31:25 +0800] "GET /xingrg/dwr/interface/AjaxGetFirstChart.js HTTP/1.1" 200 631
172.20.0.100 - - [10/Mar/2021:10:31:25 +0800] "GET /xingrg/dwr/interface/AjaxComOrderService.js HTTP/1.1" 200 18264
172.20.0.100 - - [10/Mar/2021:10:31:25 +0800] "GET /xingrg/dwr/engine.js HTTP/1.1" 200 43631
172.20.0.100 - - [10/Mar/2021:10:31:25 +0800] "POST /xingrg/all/common/load_tree.html?tree=area_rest_tree_json HTTP/1.1" 200 3344
172.20.0.100 - - [10/Mar/2021:10:31:25 +0800] "POST /xingrg/dwr/call/plaincall/AjaxBaseInfoService.getMaterielInfo.dwr HTTP/1.1" 200 204
172.20.0.100 - - [10/Mar/2021:10:31:25 +0800] "POST /xingrg/all/common/load_tree.html?tree=area_rest_tree_json&defaultRests=undefined HTTP/1.1" 200 3344
58.37.230.33 - - [10/Mar/2021:10:31:26 +0800] "GET /xingrg/all/function/internal_message.html?_=1615343487644&CODE_STATE=getMsg HTTP/1.1" 200 27
116.224.253.72 - - [10/Mar/2021:10:31:27 +0800] "POST /xingrg/dwr/call/plaincall/AjaxComOrderService.getMaterielSearchList.dwr HTTP/1.1" 200 41891
116.224.253.72 - - [10/Mar/2021:10:31:28 +0800] "POST /xingrg/dwr/call/plaincall/AjaxComOrderService.getMaterielSearchList.dwr HTTP/1.1" 200 1281
172.20.0.100 - - [10/Mar/2021:10:31:30 +0800] "POST /xingrg/dwr/call/plaincall/AjaxBaseInfoService.searchMateriels.dwr HTTP/1.1" 200 1878
116.224.253.72 - - [10/Mar/2021:10:31:30 +0800] "POST /xingrg/dwr/call/plaincall/AjaxYddbService.getMaterielByMap.dwr HTTP/1.1" 200 3754
116.224.253.72 - - [10/Mar/2021:10:31:32 +0800] "POST /xingrg/dwr/call/plaincall/AjaxYddbService.getUnitPrice.dwr HTTP/1.1" 200 88
58.37.230.33 - - [10/Mar/2021:10:31:33 +0800] "GET /xingrg/all/function/internal_message.html?_=1615343492420&CODE_STATE=getMsg HTTP/1.1" 302 -
116.224.253.72 - - [10/Mar/2021:10:31:33 +0800] "GET /xingrg/check_reg.html?_=1615343496781 HTTP/1.1" 200 22
116.224.253.72 - - [10/Mar/2021:10:31:33 +0800] "GET /xingrg/all/function/internal_message.html?_=1615343496785&CODE_STATE=getMsg HTTP/1.1" 200 27
222.70.216.220 - - [10/Mar/2021:10:31:34 +0800] "GET /xingrg/all/function/internal_message.html?_=1615343492014&CODE_STATE=getMsg HTTP/1.1" 302 -
172.20.0.100 - - [10/Mar/2021:10:31:35 +0800] "POST /xingrg/dwr/call/plaincall/AjaxGetFirstChart.getFirstChart.dwr HTTP/1.1" 200 79
116.224.253.72 - - [10/Mar/2021:10:31:36 +0800] "POST /xingrg/dwr/call/plaincall/AjaxYddbService.saveMaterielItem.dwr HTTP/1.1" 200 79
101.228.165.73 - - [10/Mar/2021:10:31:37 +0800] "POST /xingrg/services/DataTransmitService HTTP/1.1" 200 524
101.228.165.73 - - [10/Mar/2021:10:31:38 +0800] "POST /xingrg/services/DataTransmitService HTTP/1.1" 200 2167
116.224.253.72 - - [10/Mar/2021:10:31:38 +0800] "POST /xingrg/dwr/call/plaincall/AjaxComOrderService.getMaterielSearchList.dwr HTTP/1.1" 200 22527
172.20.0.100 - - [10/Mar/2021:10:31:39 +0800] "POST /xingrg/dwr/call/plaincall/AjaxBaseInfoService.changeUnitGroup.dwr HTTP/1.1" 200 243
180.169.147.146 - - [10/Mar/2021:10:31:39 +0800] "GET /xingrg/all/function/internal_message.html?_=1615343496415&CODE_STATE=getMsg HTTP/1.1" 200 27
116.224.253.72 - - [10/Mar/2021:10:31:39 +0800] "POST /xingrg/dwr/call/plaincall/AjaxComOrderService.getMaterielSearchList.dwr HTTP/1.1" 200 592
61.165.42.208 - - [10/Mar/2021:10:31:40 +0800] "GET /xingrg/kc/buy/cgsh_order_operate.html?command=get_materiel&rest_code=00105&code=00101004046&supplier_code=00100312&order_time=2021-03-10 HTTP/1.1" 200 417
172.20.0.100 - - [10/Mar/2021:10:31:40 +0800] "POST /xingrg/dwr/call/plaincall/AjaxBaseInfoService.saveMateriel.dwr HTTP/1.1" 200 109
172.20.0.100 - - [10/Mar/2021:10:31:41 +0800] "POST /xingrg/dwr/call/plaincall/AjaxBaseInfoService.getMateriels.dwr HTTP/1.1" 200 2917
116.224.253.72 - - [10/Mar/2021:10:31:41 +0800] "POST /xingrg/dwr/call/plaincall/AjaxYddbService.getMaterielByMap.dwr HTTP/1.1" 200 3754
101.228.165.73 - - [10/Mar/2021:10:31:41 +0800] "POST /xingrg/services/DataTransmitService HTTP/1.1" 200 524
116.235.216.75 - - [10/Mar/2021:10:31:42 +0800] "POST /xingrg/login.do HTTP/1.1" 302 -
116.235.216.75 - - [10/Mar/2021:10:31:42 +0800] "GET /xingrg/index.html?sysBaseUrl=http%3A%2F%2F180.169.147.146%3A18081%2Fxingrg%2F&costTime=730×tamp=1615343502164 HTTP/1.1" 200 17179
101.228.165.73 - - [10/Mar/2021:10:31:42 +0800] "POST /xingrg/services/DataTransmitService HTTP/1.1" 200 2167
117.184.7.26 - - [10/Mar/2021:10:31:42 +0800] "GET /xingrg/kc/buy/cgsh_order_operate.html?command=get_materiel&rest_code=00108&code=00101008209&supplier_code=00100008&order_time=2021-03-10 HTTP/1.1" 200 408
172.20.0.100 - - [10/Mar/2021:10:31:43 +0800] "GET /xingrg/dwr/interface/AjaxGetFirstChart.js HTTP/1.1" 200 631
172.20.0.100 - - [10/Mar/2021:10:31:43 +0800] "GET /xingrg/system/info/materiel_info.html?code=00101001&isAdd=1 HTTP/1.1" 200 34337
172.20.0.100 - - [10/Mar/2021:10:31:43 +0800] "GET /xingrg/dwr/interface/AjaxBaseInfoService.js HTTP/1.1" 200 21363
172.20.0.100 - - [10/Mar/2021:10:31:43 +0800] "GET /xingrg/dwr/interface/AjaxComOrderService.js HTTP/1.1" 200 18264
172.20.0.100 - - [10/Mar/2021:10:31:43 +0800] "GET /xingrg/dwr/engine.js HTTP/1.1" 200 43631
116.235.216.75 - - [10/Mar/2021:10:31:43 +0800] "POST /xingrg/all/common/load_tree.html?tree=area_rest_tree_json&manage=1 HTTP/1.1" 200 476
116.235.216.75 - - [10/Mar/2021:10:31:43 +0800] "GET /xingrg/check_reg.html?_=1615343501159 HTTP/1.1" 200 22
116.235.216.75 - - [10/Mar/2021:10:31:43 +0800] "GET /xingrg/all/function/internal_message.html?_=1615343501148&CODE_STATE=count HTTP/1.1" 200 11
116.235.216.75 - - [10/Mar/2021:10:31:43 +0800] "GET /favicon.ico HTTP/1.1" 404 -
172.20.0.100 - - [10/Mar/2021:10:31:43 +0800] "POST /xingrg/all/common/load_tree.html?tree=area_rest_tree_json HTTP/1.1" 200 3344
116.235.216.75 - - [10/Mar/2021:10:31:43 +0800] "POST /xingrg/load_menu.html HTTP/1.1" 200 5138
172.20.0.100 - - [10/Mar/2021:10:31:43 +0800] "POST /xingrg/dwr/call/plaincall/AjaxBaseInfoService.getMaterielInfo.dwr HTTP/1.1" 200 204
120.253.135.82 - - [10/Mar/2021:10:31:43 +0800] "GET /xingrg/all/function/internal_message.html?_=1615343272089&CODE_STATE=getMsg HTTP/1.1" 200 27
172.20.0.100 - - [10/Mar/2021:10:31:43 +0800] "POST /xingrg/all/common/load_tree.html?tree=area_rest_tree_json&defaultRests=undefined HTTP/1.1" 200 3344
101.228.165.73 - - [10/Mar/2021:10:31:43 +0800] "POST /xingrg/services/DataTransmitService HTTP/1.1" 200 524
116.224.253.72 - - [10/Mar/2021:10:31:43 +0800] "POST /xingrg/dwr/call/plaincall/AjaxYddbService.getUnitPrice.dwr HTTP/1.1" 200 87
101.228.165.73 - - [10/Mar/2021:10:31:44 +0800] "POST /xingrg/services/DataTransmitService HTTP/1.1" 200 2167
101.228.165.73 - - [10/Mar/2021:10:31:44 +0800] "POST /xingrg/services/DataTransmitService HTTP/1.1" 200 524
116.235.216.75 - - [10/Mar/2021:10:31:44 +0800] "GET /xingrg/kc/mdqp/qp_main.html HTTP/1.1" 200 10633
101.228.165.73 - - [10/Mar/2021:10:31:44 +0800] "POST /xingrg/services/DataTransmitService HTTP/1.1" 200 2167
116.235.216.75 - - [10/Mar/2021:10:31:44 +0800] "GET /xingrg/images/blue/button/qqpsd.gif HTTP/1.1" 200 2548
116.235.216.75 - - [10/Mar/2021:10:31:44 +0800] "GET /xingrg/images/blue/button/pszx.gif HTTP/1.1" 200 2648
116.235.216.75 - - [10/Mar/2021:10:31:44 +0800] "GET /xingrg/images/blue/button/psshd.gif HTTP/1.1" 200 2692
61.165.42.208 - - [10/Mar/2021:10:31:46 +0800] "GET /xingrg/all/function/internal_message.html?_=1615343500693&CODE_STATE=getMsg HTTP/1.1" 200 27
116.235.216.75 - - [10/Mar/2021:10:31:46 +0800] "GET /xingrg/images/yd/bt.gif HTTP/1.1" 404 1040
116.235.216.75 - - [10/Mar/2021:10:31:47 +0800] "GET /xingrg/kc/mdqp/qqps_order_list.html HTTP/1.1" 200 9222
116.235.216.75 - - [10/Mar/2021:10:31:47 +0800] "GET /xingrg/dwr/interface/AjaxQqpsService.js HTTP/1.1" 200 16326
116.235.216.75 - - [10/Mar/2021:10:31:47 +0800] "GET /xingrg/dwr/interface/AjaxReportQueryService.js HTTP/1.1" 200 13203
116.235.216.75 - - [10/Mar/2021:10:31:47 +0800] "GET /xingrg/dwr/engine.js HTTP/1.1" 200 43631
116.235.216.75 - - [10/Mar/2021:10:31:47 +0800] "GET /xingrg/dwr/util.js HTTP/1.1" 200 35990
116.235.216.75 - - [10/Mar/2021:10:31:47 +0800] "GET /xingrg/javascript/Calendar.js HTTP/1.1" 200 31561
116.224.253.72 - - [10/Mar/2021:10:31:47 +0800] "POST /xingrg/dwr/call/plaincall/AjaxYddbService.saveMaterielItem.dwr HTTP/1.1" 200 79
116.235.216.75 - - [10/Mar/2021:10:31:47 +0800] "GET /xingrg/javascript/jquery_easy_ui/themes/icons/cance_new.png HTTP/1.1" 200 3986
116.235.216.75 - - [10/Mar/2021:10:31:47 +0800] "GET /xingrg/javascript/jquery_easy_ui/themes/icons/uncheck_new.png HTTP/1.1" 200 3197
116.235.216.75 - - [10/Mar/2021:10:31:47 +0800] "GET /xingrg/javascript/jquery_easy_ui/themes/icons/check_new.png HTTP/1.1" 200 3224
116.235.216.75 - - [10/Mar/2021:10:31:47 +0800] "GET /xingrg/javascript/jquery_easy_ui/themes/icons/edit_add_new.png HTTP/1.1" 200 2997
114.88.166.193 - - [10/Mar/2021:10:31:48 +0800] "GET /xingrg/check_reg.html?_=1615343505183 HTTP/1.1" 200 22
114.88.166.193 - - [10/Mar/2021:10:31:48 +0800] "GET /xingrg/all/function/internal_message.html?_=1615343505563&CODE_STATE=getMsg HTTP/1.1" 200 27
180.174.195.252 - - [10/Mar/2021:10:31:48 +0800] "GET /xingrg/all/function/internal_message.html?_=1615343506298&CODE_STATE=getMsg HTTP/1.1" 200 27
116.224.253.72 - - [10/Mar/2021:10:31:49 +0800] "POST /xingrg/dwr/call/plaincall/AjaxComOrderService.getMaterielSearchList.dwr HTTP/1.1" 200 396061
116.224.253.72 - - [10/Mar/2021:10:31:49 +0800] "POST /xingrg/dwr/call/plaincall/AjaxComOrderService.getMaterielSearchList.dwr HTTP/1.1" 200 2458
120.253.135.82 - - [10/Mar/2021:10:31:50 +0800] "GET /xingrg/all/function/internal_message.html?_=1615343049214&CODE_STATE=getMsg HTTP/1.1" 200 27
58.221.95.50 - - [10/Mar/2021:10:31:50 +0800] "GET /xingrg/check_reg.html?_=1615343509368 HTTP/1.1" 302 -
117.184.7.26 - - [10/Mar/2021:10:31:50 +0800] "GET /xingrg/kc/buy/cgsh_order_operate.html?command=get_materiel&rest_code=00108&code=00101008356&supplier_code=00100008&order_time=2021-03-10 HTTP/1.1" 200 408
117.185.32.26 - - [10/Mar/2021:10:31:50 +0800] "GET /xingrg/all/function/internal_message.html?_=1615344012035&CODE_STATE=getMsg HTTP/1.1" 200 27
61.165.42.208 - - [10/Mar/2021:10:31:51 +0800] "GET /xingrg/kc/buy/cgsh_order_operate.html?command=get_materiel&rest_code=00105&code=00101004067&supplier_code=00100312&order_time=2021-03-10 HTTP/1.1" 200 413
116.224.253.72 - - [10/Mar/2021:10:31:56 +0800] "POST /xingrg/dwr/call/plaincall/AjaxYddbService.getMaterielByMap.dwr HTTP/1.1" 200 3754
101.228.165.73 - - [10/Mar/2021:10:31:57 +0800] "POST /xingrg/services/DataTransmitService HTTP/1.1" 200 524
61.165.42.208 - - [10/Mar/2021:10:31:57 +0800] "GET /xingrg/kc/buy/cgsh_order_operate.html?command=get_materiel&rest_code=00105&code=00101004079&supplier_code=00100312&order_time=2021-03-10 HTTP/1.1" 200 399
117.184.7.26 - - [10/Mar/2021:10:32:00 +0800] "GET /xingrg/kc/buy/cgsh_order_operate.html?command=get_materiel&rest_code=00108&code=00101008223&supplier_code=00100008&order_time=2021-03-10 HTTP/1.1" 200 412
116.235.216.75 - - [10/Mar/2021:10:32:01 +0800] "GET /xingrg/kc/mdqp/qqps_order_list.html?isQuery=1&timeSelect=1&orderTime=day&startTime=2021-03-07&endTime=2021-03-10&state=all&query=%C8%B7++%B6%A8 HTTP/1.1" 200 11794
116.235.216.75 - - [10/Mar/2021:10:32:01 +0800] "GET /xingrg/dwr/interface/AjaxQqpsService.js HTTP/1.1" 200 16326
116.235.216.75 - - [10/Mar/2021:10:32:01 +0800] "GET /xingrg/dwr/interface/AjaxReportQueryService.js HTTP/1.1" 200 13203
116.235.216.75 - - [10/Mar/2021:10:32:01 +0800] "GET /xingrg/dwr/engine.js HTTP/1.1" 200 43631
116.224.253.72 - - [10/Mar/2021:10:32:01 +0800] "POST /xingrg/dwr/call/plaincall/AjaxYddbService.saveMaterielItem.dwr HTTP/1.1" 200 79
116.224.253.72 - - [10/Mar/2021:10:32:03 +0800] "POST /xingrg/dwr/call/plaincall/AjaxComOrderService.getMaterielSearchList.dwr HTTP/1.1" 200 17176
116.224.253.72 - - [10/Mar/2021:10:32:03 +0800] "POST /xingrg/dwr/call/plaincall/AjaxComOrderService.getMaterielSearchList.dwr HTTP/1.1" 200 1940
116.235.216.75 - - [10/Mar/2021:10:32:05 +0800] "GET /xingrg/kc/mdqp/qqps_order_info.html?code=302021030800158 HTTP/1.1" 200 26645
116.235.216.75 - - [10/Mar/2021:10:32:05 +0800] "GET /xingrg/javascript/tools/jquery.qtip-1.0.0-rc3.min.js HTTP/1.1" 200 38404
116.235.216.75 - - [10/Mar/2021:10:32:05 +0800] "GET /xingrg/dwr/interface/AjaxComOrderService.js HTTP/1.1" 200 18264
116.235.216.75 - - [10/Mar/2021:10:32:05 +0800] "GET /xingrg/dwr/interface/AjaxQqpsService.js HTTP/1.1" 200 16326
116.235.216.75 - - [10/Mar/2021:10:32:05 +0800] "GET /xingrg/dwr/engine.js HTTP/1.1" 200 43631
116.235.216.75 - - [10/Mar/2021:10:32:05 +0800] "GET /xingrg/javascript/AjaxInfoList.js HTTP/1.1" 200 3774
116.235.216.75 - - [10/Mar/2021:10:32:05 +0800] "GET /xingrg/javascript/Grid.js HTTP/1.1" 200 58908
116.235.216.75 - - [10/Mar/2021:10:32:05 +0800] "GET /xingrg/words/20210310103140_words.js HTTP/1.1" 200 798189
116.235.216.75 - - [10/Mar/2021:10:32:05 +0800] "GET /xingrg/javascript/jquery_easy_ui/themes/icons/back_new.png HTTP/1.1" 200 3414
116.235.216.75 - - [10/Mar/2021:10:32:05 +0800] "GET /xingrg/javascript/jquery_easy_ui/themes/icons/copy_new.png HTTP/1.1" 200 815
116.235.216.75 - - [10/Mar/2021:10:32:05 +0800] "GET /xingrg/javascript/jquery_easy_ui/themes/default/images/menu_downarrow.png HTTP/1.1" 200 173
116.235.216.75 - - [10/Mar/2021:10:32:05 +0800] "GET /xingrg/javascript/jquery_easy_ui/themes/icons/print.png HTTP/1.1" 200 1057
116.235.216.75 - - [10/Mar/2021:10:32:05 +0800] "GET /xingrg/javascript/jquery_easy_ui/themes/icons/template_new.png HTTP/1.1" 200 3956
101.228.165.174 - - [10/Mar/2021:10:32:05 +0800] "GET /xingrg/all/function/internal_message.html?_=1615343563678&CODE_STATE=getMsg HTTP/1.1" 200 27
116.224.253.72 - - [10/Mar/2021:10:32:06 +0800] "POST /xingrg/dwr/call/plaincall/AjaxYddbService.getMaterielByMap.dwr HTTP/1.1" 200 3756
61.165.42.208 - - [10/Mar/2021:10:32:06 +0800] "GET /xingrg/all/function/internal_message.html?_=1615343526912&CODE_STATE=getMsg HTTP/1.1" 200 27
116.235.216.75 - - [10/Mar/2021:10:32:06 +0800] "GET /xingrg/images/blue/wait.gif HTTP/1.1" 200 1100
116.235.216.75 - - [10/Mar/2021:10:32:06 +0800] "GET /xingrg/images/blue/kc_tab_mid.gif HTTP/1.1" 200 44
116.235.216.75 - - [10/Mar/2021:10:32:06 +0800] "GET /xingrg/javascript/jquery_easy_ui/themes/default/images/combo_arrow_dot.gif HTTP/1.1" 200 79
116.235.216.75 - - [10/Mar/2021:10:32:06 +0800] "GET /xingrg/images/blue/kc_tab_right.gif HTTP/1.1" 200 643
116.235.216.75 - - [10/Mar/2021:10:32:07 +0800] "GET /xingrg/images/blue/kc_tab_left.gif HTTP/1.1" 200 188
116.235.216.75 - - [10/Mar/2021:10:32:08 +0800] "POST /xingrg/dwr/call/plaincall/AjaxQqpsService.loadMaterielItems.dwr HTTP/1.1" 200 661
58.40.7.146 - - [10/Mar/2021:10:32:08 +0800] "GET /xingrg/all/function/internal_message.html?_=1615343526617&CODE_STATE=getMsg HTTP/1.1" 302 -
117.184.7.26 - - [10/Mar/2021:10:32:10 +0800] "GET /xingrg/kc/buy/cgsh_order_operate.html?command=get_materiel&rest_code=00108&code=00101008172&supplier_code=00100008&order_time=2021-03-10 HTTP/1.1" 200 412
116.235.216.75 - - [10/Mar/2021:10:32:10 +0800] "GET /xingrg/javascript/jquery_easy_ui/themes/default/images/button_plain_hover.png HTTP/1.1" 200 252
61.165.42.208 - - [10/Mar/2021:10:32:10 +0800] "GET /xingrg/kc/buy/cgsh_order_operate.html?command=get_materiel&rest_code=00105&code=00101004030&supplier_code=00100312&order_time=2021-03-10 HTTP/1.1" 200 408
116.235.216.75 - - [10/Mar/2021:10:32:11 +0800] "GET /xingrg/kc/mdqp/qqps_order_list.html?isBack=1 HTTP/1.1" 302 -
116.235.216.75 - - [10/Mar/2021:10:32:11 +0800] "GET /xingrg/kc/mdqp/qqps_order_list.html?isQuery=1&timeSelect=1&orderTime=day&startTime=2021-03-07&endTime=2021-03-10&state=all&query=%C8%B7++%B6%A8 HTTP/1.1" 200 11794
116.224.253.72 - - [10/Mar/2021:10:32:11 +0800] "POST /xingrg/dwr/call/plaincall/AjaxYddbService.getUnitPrice.dwr HTTP/1.1" 200 87
116.235.216.75 - - [10/Mar/2021:10:32:11 +0800] "GET /xingrg/dwr/interface/AjaxQqpsService.js HTTP/1.1" 200 16326
116.235.216.75 - - [10/Mar/2021:10:32:11 +0800] "GET /xingrg/dwr/interface/AjaxReportQueryService.js HTTP/1.1" 200 13203
116.235.216.75 - - [10/Mar/2021:10:32:11 +0800] "GET /xingrg/dwr/engine.js HTTP/1.1" 200 43631
101.228.165.73 - - [10/Mar/2021:10:32:11 +0800] "POST /xingrg/services/DataTransmitService HTTP/1.1" 500 589
117.184.7.26 - - [10/Mar/2021:10:32:14 +0800] "GET /xingrg/all/function/internal_message.html?_=1615343527049&CODE_STATE=getMsg HTTP/1.1" 200 27
222.69.138.56 - - [10/Mar/2021:10:32:15 +0800] "GET /xingrg/words/20210310100947_words.js HTTP/1.1" 404 1066
116.224.253.72 - - [10/Mar/2021:10:32:15 +0800] "POST /xingrg/dwr/call/plaincall/AjaxYddbService.saveMaterielItem.dwr HTTP/1.1" 200 79
222.69.138.56 - - [10/Mar/2021:10:32:15 +0800] "POST /xingrg/kc/buy/cgsh_order_operate.html HTTP/1.1" 200 8245
222.69.138.56 - - [10/Mar/2021:10:32:15 +0800] "GET /xingrg/javascript/easyui/themes/default/validatebox.css HTTP/1.1" 404 1104
117.184.7.26 - - [10/Mar/2021:10:32:15 +0800] "POST /xingrg/kc/buy/cgsh_order_operate.html HTTP/1.1" 200 2065
116.235.216.75 - - [10/Mar/2021:10:32:16 +0800] "GET /xingrg/kc/mdqp/qqps_order_info.html?code=302021030700145 HTTP/1.1" 200 26645
116.235.216.75 - - [10/Mar/2021:10:32:16 +0800] "GET /xingrg/dwr/interface/AjaxComOrderService.js HTTP/1.1" 200 18264
116.235.216.75 - - [10/Mar/2021:10:32:16 +0800] "GET /xingrg/dwr/interface/AjaxQqpsService.js HTTP/1.1" 200 16326
116.235.216.75 - - [10/Mar/2021:10:32:16 +0800] "GET /xingrg/dwr/engine.js HTTP/1.1" 200 43631
116.235.216.75 - - [10/Mar/2021:10:32:16 +0800] "GET /xingrg/words/20210310103140_words.js HTTP/1.1" 304 -
116.224.253.72 - - [10/Mar/2021:10:32:17 +0800] "POST /xingrg/dwr/call/plaincall/AjaxComOrderService.getMaterielSearchList.dwr HTTP/1.1" 200 7793
61.165.42.208 - - [10/Mar/2021:10:32:17 +0800] "GET /xingrg/kc/buy/cgsh_order_operate.html?command=get_materiel&rest_code=00105&code=00101004013&supplier_code=00100312&order_time=2021-03-10 HTTP/1.1" 200 415
116.224.253.72 - - [10/Mar/2021:10:32:18 +0800] "POST /xingrg/dwr/call/plaincall/AjaxComOrderService.getMaterielSearchList.dwr HTTP/1.1" 200 1297
116.224.253.72 - - [10/Mar/2021:10:32:19 +0800] "GET /xingrg/all/function/internal_message.html?_=1615343499510&CODE_STATE=getMsg HTTP/1.1" 200 27
116.235.216.75 - - [10/Mar/2021:10:32:20 +0800] "POST /xingrg/dwr/call/plaincall/AjaxQqpsService.loadMaterielItems.dwr HTTP/1.1" 200 865
117.184.7.26 - - [10/Mar/2021:10:32:20 +0800] "GET /xingrg/kc/buy/cgsh_order_operate.html?command=get_materiel&rest_code=00108&code=00101008168&supplier_code=00100008&order_time=2021-03-10 HTTP/1.1" 200 413
180.169.147.146 - - [10/Mar/2021:10:32:20 +0800] "GET /xingrg/all/function/internal_message.html?_=1615343539225&CODE_STATE=getMsg HTTP/1.1" 200 27
172.20.0.100 - - [10/Mar/2021:10:32:21 +0800] "GET /xingrg/all/function/internal_message.html?_=1615343539879&CODE_STATE=getMsg HTTP/1.1" 200 27
116.224.253.72 - - [10/Mar/2021:10:32:21 +0800] "POST /xingrg/dwr/call/plaincall/AjaxYddbService.getMaterielByMap.dwr HTTP/1.1" 200 3736
120.253.135.82 - - [10/Mar/2021:10:32:22 +0800] "GET /xingrg/all/function/internal_message.html?_=1615343542506&CODE_STATE=getMsg HTTP/1.1" 200 27
222.69.138.56 - - [10/Mar/2021:10:32:22 +0800] "GET /xingrg/all/function/internal_message.html?_=1615343540600&CODE_STATE=getMsg HTTP/1.1" 200 27
180.169.147.146 - - [10/Mar/2021:10:32:22 +0800] "GET /xingrg/check_reg.html?_=1615343532369 HTTP/1.1" 200 22
180.169.147.146 - - [10/Mar/2021:10:32:22 +0800] "GET /xingrg/all/function/internal_message.html?_=1615343532367&CODE_STATE=getMsg HTTP/1.1" 200 27
116.232.52.236 - - [10/Mar/2021:10:32:24 +0800] "GET /xingrg/all/function/internal_message.html?_=1615343544033&CODE_STATE=getMsg HTTP/1.1" 200 27
61.165.42.208 - - [10/Mar/2021:10:32:24 +0800] "GET /xingrg/kc/buy/cgsh_order_operate.html?command=get_materiel&rest_code=00105&code=00101004020&supplier_code=00100312&order_time=2021-03-10 HTTP/1.1" 200 409
116.224.253.72 - - [10/Mar/2021:10:32:25 +0800] "POST /xingrg/dwr/call/plaincall/AjaxYddbService.saveMaterielItem.dwr HTTP/1.1" 200 79
58.37.230.33 - - [10/Mar/2021:10:32:26 +0800] "GET /xingrg/all/function/internal_message.html?_=1615343547643&CODE_STATE=getMsg HTTP/1.1" 200 27
116.224.253.72 - - [10/Mar/2021:10:32:27 +0800] "POST /xingrg/dwr/call/plaincall/AjaxComOrderService.getMaterielSearchList.dwr HTTP/1.1" 200 28979
116.224.253.72 - - [10/Mar/2021:10:32:28 +0800] "POST /xingrg/dwr/call/plaincall/AjaxComOrderService.getMaterielSearchList.dwr HTTP/1.1" 200 2994
117.184.7.26 - - [10/Mar/2021:10:32:28 +0800] "GET /xingrg/kc/buy/cgsh_order_operate.html?command=get_materiel&rest_code=00108&code=00101008498&supplier_code=00100008&order_time=2021-03-10 HTTP/1.1" 200 410
116.224.253.72 - - [10/Mar/2021:10:32:31 +0800] "POST /xingrg/dwr/call/plaincall/AjaxYddbService.getMaterielByMap.dwr HTTP/1.1" 200 3729
58.37.230.33 - - [10/Mar/2021:10:32:33 +0800] "GET /xingrg/all/function/internal_message.html?_=1615343552401&CODE_STATE=getMsg HTTP/1.1" 302 -
116.224.253.72 - - [10/Mar/2021:10:32:33 +0800] "GET /xingrg/all/function/internal_message.html?_=1615343556780&CODE_STATE=getMsg HTTP/1.1" 200 27
222.70.216.220 - - [10/Mar/2021:10:32:34 +0800] "GET /xingrg/all/function/internal_message.html?_=1615343552016&CODE_STATE=getMsg HTTP/1.1" 302 -
101.228.165.73 - - [10/Mar/2021:10:32:36 +0800] "POST /xingrg/services/DataTransmitService HTTP/1.1" 200 496
117.184.7.26 - - [10/Mar/2021:10:32:36 +0800] "GET /xingrg/kc/buy/cgsh_order_operate.html?command=get_materiel&rest_code=00108&code=00101008285&supplier_code=00100008&order_time=2021-03-10 HTTP/1.1" 200 413
61.165.42.208 - - [10/Mar/2021:10:32:36 +0800] "GET /xingrg/kc/buy/cgsh_order_operate.html?command=get_materiel&rest_code=00105&code=00101004057&supplier_code=00100312&order_time=2021-03-10 HTTP/1.1" 200 409
101.228.165.73 - - [10/Mar/2021:10:32:37 +0800] "POST /xingrg/services/DataTransmitService HTTP/1.1" 401 565
101.228.165.73 - - [10/Mar/2021:10:32:37 +0800] "POST /xingrg/services/DataTransmitService HTTP/1.1" 200 478
101.228.165.73 - - [10/Mar/2021:10:32:37 +0800] "POST /xingrg/services/DataTransmitService HTTP/1.1" 200 1320
101.228.165.73 - - [10/Mar/2021:10:32:37 +0800] "POST /xingrg/services/DataTransmitService HTTP/1.1" 200 478
101.228.165.73 - - [10/Mar/2021:10:32:38 +0800] "POST /xingrg/services/DataTransmitService HTTP/1.1" 200 1320
101.228.165.73 - - [10/Mar/2021:10:32:38 +0800] "POST /xingrg/services/DataTransmitService HTTP/1.1" 200 524
116.224.253.72 - - [10/Mar/2021:10:32:38 +0800] "POST /xingrg/dwr/call/plaincall/AjaxYddbService.saveMaterielItem.dwr HTTP/1.1" 200 79
101.228.165.73 - - [10/Mar/2021:10:32:38 +0800] "POST /xingrg/services/DataTransmitService HTTP/1.1" 200 2167
101.228.165.73 - - [10/Mar/2021:10:32:38 +0800] "POST /xingrg/services/DataTransmitService HTTP/1.1" 200 45454
101.228.165.73 - - [10/Mar/2021:10:32:38 +0800] "POST /xingrg/services/DataTransmitService HTTP/1.1" 200 19237
180.169.147.146 - - [10/Mar/2021:10:32:39 +0800] "GET /xingrg/all/function/internal_message.html?_=1615343556423&CODE_STATE=getMsg HTTP/1.1" 200 27
116.224.253.72 - - [10/Mar/2021:10:32:39 +0800] "POST /xingrg/dwr/call/plaincall/AjaxComOrderService.getMaterielSearchList.dwr HTTP/1.1" 200 6226
116.224.253.72 - - [10/Mar/2021:10:32:41 +0800] "POST /xingrg/dwr/call/plaincall/AjaxComOrderService.getMaterielSearchList.dwr HTTP/1.1" 200 288
222.69.138.56 - - [10/Mar/2021:10:32:41 +0800] "GET /xingrg/login.html?sysBaseUrl=http%3A%2F%2F180.169.147.146%3A18081%2Fxingrg%2F&costTime=2×tamp=1615336502021 HTTP/1.1" 200 7641
222.69.138.56 - - [10/Mar/2021:10:32:41 +0800] "GET /xingrg/images/blue/jxLogo.png HTTP/1.1" 200 6156
222.69.138.56 - - [10/Mar/2021:10:32:42 +0800] "GET /xingrg/images/blue/hj.png HTTP/1.1" 200 1014
222.69.138.56 - - [10/Mar/2021:10:32:42 +0800] "GET /xingrg/images/blue/login_bg.png HTTP/1.1" 200 22101
222.69.138.56 - - [10/Mar/2021:10:32:42 +0800] "GET /xingrg/images/blue/srbg.png HTTP/1.1" 200 138
222.69.138.56 - - [10/Mar/2021:10:32:42 +0800] "GET /favicon.ico HTTP/1.1" 404 -
116.224.253.72 - - [10/Mar/2021:10:32:42 +0800] "POST /xingrg/dwr/call/plaincall/AjaxYddbService.getMaterielByMap.dwr HTTP/1.1" 200 3714
116.235.216.75 - - [10/Mar/2021:10:32:43 +0800] "GET /xingrg/all/function/internal_message.html?_=1615343561169&CODE_STATE=getMsg HTTP/1.1" 200 27
120.253.135.82 - - [10/Mar/2021:10:32:43 +0800] "GET /xingrg/all/function/internal_message.html?_=1615343332109&CODE_STATE=getMsg HTTP/1.1" 200 27
117.184.7.26 - - [10/Mar/2021:10:32:43 +0800] "GET /xingrg/kc/buy/cgsh_order_operate.html?command=get_materiel&rest_code=00108&code=00101008290&supplier_code=00100008&order_time=2021-03-10 HTTP/1.1" 200 416
116.224.253.72 - - [10/Mar/2021:10:32:46 +0800] "POST /xingrg/dwr/call/plaincall/AjaxYddbService.saveMaterielItem.dwr HTTP/1.1" 200 79
61.165.42.208 - - [10/Mar/2021:10:32:46 +0800] "GET /xingrg/all/function/internal_message.html?_=1615343560693&CODE_STATE=getMsg HTTP/1.1" 200 27
114.88.166.193 - - [10/Mar/2021:10:32:48 +0800] "GET /xingrg/all/function/internal_message.html?_=1615343565578&CODE_STATE=getMsg HTTP/1.1" 200 27
180.174.195.252 - - [10/Mar/2021:10:32:48 +0800] "GET /xingrg/check_reg.html?_=1615343566119 HTTP/1.1" 200 22
180.174.195.252 - - [10/Mar/2021:10:32:48 +0800] "GET /xingrg/all/function/internal_message.html?_=1615343566305&CODE_STATE=getMsg HTTP/1.1" 200 27
120.253.135.82 - - [10/Mar/2021:10:32:50 +0800] "GET /xingrg/all/function/internal_message.html?_=1615343109214&CODE_STATE=getMsg HTTP/1.1" 200 27
61.165.42.208 - - [10/Mar/2021:10:32:50 +0800] "GET /xingrg/kc/buy/cgsh_order_operate.html?command=get_materiel&rest_code=00105&code=00101004004&supplier_code=00100312&order_time=2021-03-10 HTTP/1.1" 200 413
117.185.32.26 - - [10/Mar/2021:10:32:50 +0800] "GET /xingrg/all/function/internal_message.html?_=1615344072041&CODE_STATE=getMsg HTTP/1.1" 200 27
116.224.253.72 - - [10/Mar/2021:10:32:52 +0800] "POST /xingrg/dwr/call/plaincall/AjaxYddbService.checkOrder.dwr HTTP/1.1" 200 79
222.69.138.56 - - [10/Mar/2021:10:32:52 +0800] "POST /xingrg/login.do HTTP/1.1" 302 -
117.184.7.26 - - [10/Mar/2021:10:32:52 +0800] "GET /xingrg/kc/buy/cgsh_order_operate.html?command=get_materiel&rest_code=00108&code=00101008137&supplier_code=00100008&order_time=2021-03-10 HTTP/1.1" 200 408
222.69.138.56 - - [10/Mar/2021:10:32:52 +0800] "GET /xingrg/javascript/jquery_easy_ui/themes/icon.css HTTP/1.1" 200 3949
222.69.138.56 - - [10/Mar/2021:10:32:52 +0800] "GET /xingrg/index.html?sysBaseUrl=http%3A%2F%2F180.169.147.146%3A18081%2Fxingrg%2F&costTime=934×tamp=1615343572084 HTTP/1.1" 200 17179
222.69.138.56 - - [10/Mar/2021:10:32:52 +0800] "GET /xingrg/css/form.css HTTP/1.1" 200 893
222.69.138.56 - - [10/Mar/2021:10:32:52 +0800] "GET /xingrg/javascript/jquery-1.4.2.min.js HTTP/1.1" 200 72205
222.69.138.56 - - [10/Mar/2021:10:32:52 +0800] "GET /xingrg/javascript/jquery_easy_ui/jquery.easyui.min.js HTTP/1.1" 200 213662
222.69.138.56 - - [10/Mar/2021:10:32:52 +0800] "GET /xingrg/javascript/jquery_easy_ui/easyui-lang-zh_CN.js HTTP/1.1" 200 1900
222.69.138.56 - - [10/Mar/2021:10:32:52 +0800] "GET /xingrg/javascript/jquery.timers.js HTTP/1.1" 200 3532
222.69.138.56 - - [10/Mar/2021:10:32:52 +0800] "GET /favicon.ico HTTP/1.1" 404 -
222.69.138.56 - - [10/Mar/2021:10:32:52 +0800] "GET /xingrg/javascript/jquery_easy_ui/themes/default/easyui.css HTTP/1.1" 200 26500
222.69.138.56 - - [10/Mar/2021:10:32:52 +0800] "GET /xingrg/javascript/jquery.form.js HTTP/1.1" 200 23110
222.69.138.56 - - [10/Mar/2021:10:32:53 +0800] "GET /xingrg/javascript/jquery_easy_ui/themes/icons/settle_new.png HTTP/1.1" 200 826
222.69.138.56 - - [10/Mar/2021:10:32:53 +0800] "GET /xingrg/images/blue/navBackgound.jpg HTTP/1.1" 200 12378
222.69.138.56 - - [10/Mar/2021:10:32:53 +0800] "GET /xingrg/check_reg.html?_=1615343571262 HTTP/1.1" 200 22
222.69.138.56 - - [10/Mar/2021:10:32:53 +0800] "GET /xingrg/all/function/internal_message.html?_=1615343571260&CODE_STATE=count HTTP/1.1" 200 11
222.69.138.56 - - [10/Mar/2021:10:32:53 +0800] "GET /xingrg/images/blue/pingpu.png HTTP/1.1" 200 231
222.69.138.56 - - [10/Mar/2021:10:32:53 +0800] "GET /xingrg/javascript/jquery_easy_ui/themes/default/images/tabs_leftarrow.png HTTP/1.1" 200 389
222.69.138.56 - - [10/Mar/2021:10:32:53 +0800] "GET /xingrg/javascript/jquery_easy_ui/themes/default/images/tabs_rightarrow.png HTTP/1.1" 200 395
222.69.138.56 - - [10/Mar/2021:10:32:53 +0800] "GET /xingrg/javascript/jquery_easy_ui/themes/default/images/panel_tool_collapse.gif HTTP/1.1" 200 246
222.69.138.56 - - [10/Mar/2021:10:32:53 +0800] "POST /xingrg/all/common/load_tree.html?tree=area_rest_tree_json&manage=1 HTTP/1.1" 200 351
222.69.138.56 - - [10/Mar/2021:10:32:53 +0800] "POST /xingrg/load_menu.html HTTP/1.1" 200 5138
116.224.253.72 - - [10/Mar/2021:10:32:53 +0800] "GET /xingrg/kc/base/yddb_order_info.html?code=482021031000067 HTTP/1.1" 200 29383
222.69.138.56 - - [10/Mar/2021:10:32:53 +0800] "GET /xingrg/javascript/jquery_easy_ui/themes/default/images/tree_arrows.gif HTTP/1.1" 200 1043
222.69.138.56 - - [10/Mar/2021:10:32:53 +0800] "GET /xingrg/javascript/jquery_easy_ui/themes/default/images/tree_folder_open.gif HTTP/1.1" 200 956
222.69.138.56 - - [10/Mar/2021:10:32:53 +0800] "GET /xingrg/javascript/jquery_easy_ui/themes/icons/search_new.png HTTP/1.1" 200 586
222.69.138.56 - - [10/Mar/2021:10:32:53 +0800] "GET /xingrg/javascript/jquery_easy_ui/themes/default/images/tree_folder.gif HTTP/1.1" 200 952
222.69.138.56 - - [10/Mar/2021:10:32:53 +0800] "GET /xingrg/javascript/jquery_easy_ui/themes/icons/storage_new.png HTTP/1.1" 200 853
222.69.138.56 - - [10/Mar/2021:10:32:53 +0800] "GET /xingrg/javascript/jquery_easy_ui/themes/icons/forms_new.png HTTP/1.1" 200 350
222.69.138.56 - - [10/Mar/2021:10:32:53 +0800] "GET /xingrg/javascript/jquery_easy_ui/themes/default/images/tree_file.gif HTTP/1.1" 200 118
116.224.253.72 - - [10/Mar/2021:10:32:53 +0800] "GET /xingrg/dwr/interface/AjaxYddbService.js HTTP/1.1" 200 13201
116.224.253.72 - - [10/Mar/2021:10:32:53 +0800] "GET /xingrg/dwr/interface/AjaxComOrderService.js HTTP/1.1" 200 18264
116.224.253.72 - - [10/Mar/2021:10:32:53 +0800] "GET /xingrg/dwr/engine.js HTTP/1.1" 200 43631
222.69.138.56 - - [10/Mar/2021:10:32:54 +0800] "GET /xingrg/javascript/jquery_easy_ui/themes/default/images/tabs_active.png HTTP/1.1" 200 2894
116.224.253.72 - - [10/Mar/2021:10:32:54 +0800] "POST /xingrg/dwr/call/plaincall/AjaxYddbService.loadMaterielItems.dwr HTTP/1.1" 200 3058
222.69.138.56 - - [10/Mar/2021:10:32:55 +0800] "GET /xingrg/javascript/jquery_easy_ui/themes/default/images/tabs_close.gif HTTP/1.1" 200 829
222.69.138.56 - - [10/Mar/2021:10:32:56 +0800] "GET /xingrg/kc/buy/cgsh_order_list.html HTTP/1.1" 200 46372
222.69.138.56 - - [10/Mar/2021:10:32:56 +0800] "GET /xingrg/javascript/jquery_tools/list_manager.js HTTP/1.1" 200 3652
222.69.138.56 - - [10/Mar/2021:10:32:56 +0800] "GET /xingrg/javascript/easyui/themes/icons/edit_add_new.png HTTP/1.1" 200 2997
222.69.138.56 - - [10/Mar/2021:10:32:56 +0800] "GET /xingrg/javascript/easyui/themes/icons/cance_new.png HTTP/1.1" 200 3986
222.69.138.56 - - [10/Mar/2021:10:32:56 +0800] "GET /xingrg/javascript/easyui/themes/icons/check_new.png HTTP/1.1" 200 3224
222.69.138.56 - - [10/Mar/2021:10:32:56 +0800] "GET /xingrg/javascript/easyui/themes/icons/field_new.png HTTP/1.1" 200 1097
222.69.138.56 - - [10/Mar/2021:10:32:56 +0800] "GET /xingrg/javascript/easyui/themes/icons/import_new.png HTTP/1.1" 200 1247
222.69.138.56 - - [10/Mar/2021:10:32:56 +0800] "GET /xingrg/images/control/ajaxLoader.gif HTTP/1.1" 200 4659
61.165.42.208 - - [10/Mar/2021:10:32:57 +0800] "GET /xingrg/kc/buy/cgsh_order_operate.html?command=get_materiel&rest_code=00105&code=00101001029&supplier_code=00100312&order_time=2021-03-10 HTTP/1.1" 200 413
222.69.138.56 - - [10/Mar/2021:10:32:58 +0800] "POST /xingrg/kc/buy/cgsh_list_operate.html HTTP/1.1" 200 1691
222.69.138.56 - - [10/Mar/2021:10:33:01 +0800] "GET /xingrg/javascript/easyui/themes/default/images/button_plain_hover.png HTTP/1.1" 200 144
222.69.138.56 - - [10/Mar/2021:10:33:01 +0800] "GET /xingrg/words/20210310100947_words.js HTTP/1.1" 404 1066
222.69.138.56 - - [10/Mar/2021:10:33:01 +0800] "GET /xingrg/javascript/easyui/themes/icons/copy_new.png HTTP/1.1" 200 815
222.69.138.56 - - [10/Mar/2021:10:33:01 +0800] "GET /xingrg/javascript/easyui/themes/icons/template_new.png HTTP/1.1" 200 3956
222.69.138.56 - - [10/Mar/2021:10:33:01 +0800] "GET /xingrg/javascript/easyui/themes/icons/ok.png HTTP/1.1" 200 883
222.69.138.56 - - [10/Mar/2021:10:33:01 +0800] "GET /xingrg/javascript/easyui/themes/icons/print.png HTTP/1.1" 200 1057
222.69.138.56 - - [10/Mar/2021:10:33:01 +0800] "GET /xingrg/javascript/easyui/themes/default/images/menu_downarrow.png HTTP/1.1" 200 173
222.69.138.56 - - [10/Mar/2021:10:33:01 +0800] "GET /xingrg/javascript/easyui/themes/icons/cancel.png HTTP/1.1" 200 1133
222.69.138.56 - - [10/Mar/2021:10:33:01 +0800] "POST /xingrg/kc/buy/cgsh_order_operate.html HTTP/1.1" 200 8245
117.184.7.26 - - [10/Mar/2021:10:33:01 +0800] "POST /xingrg/kc/buy/cgsh_order_operate.html HTTP/1.1" 200 37
222.69.138.56 - - [10/Mar/2021:10:33:01 +0800] "GET /xingrg/javascript/easyui/themes/default/validatebox.css HTTP/1.1" 404 1104
222.69.138.56 - - [10/Mar/2021:10:33:02 +0800] "GET /xingrg/javascript/easyui/themes/icons/edit_remove.png HTTP/1.1" 200 625
222.69.138.56 - - [10/Mar/2021:10:33:03 +0800] "GET /xingrg/javascript/auto/indicator.gif HTTP/1.1" 404 1066
117.184.7.26 - - [10/Mar/2021:10:33:04 +0800] "POST /xingrg/kc/buy/cgsh_order_operate.html HTTP/1.1" 200 29269
222.69.138.56 - - [10/Mar/2021:10:33:04 +0800] "GET /xingrg/javascript/jquery_tools/images/prev.gif HTTP/1.1" 404 1086
222.69.138.56 - - [10/Mar/2021:10:33:04 +0800] "GET /xingrg/javascript/jquery_tools/images/next.gif HTTP/1.1" 404 1086
101.228.165.174 - - [10/Mar/2021:10:33:04 +0800] "GET /xingrg/check_reg.html?_=1615343622636 HTTP/1.1" 200 22
101.228.165.174 - - [10/Mar/2021:10:33:05 +0800] "GET /xingrg/all/function/internal_message.html?_=1615343623691&CODE_STATE=getMsg HTTP/1.1" 200 27
61.165.42.208 - - [10/Mar/2021:10:33:06 +0800] "GET /xingrg/all/function/internal_message.html?_=1615343586939&CODE_STATE=getMsg HTTP/1.1" 200 27
61.151.178.177 - - [10/Mar/2021:10:33:07 +0800] "GET /xingrg/all/function/internal_message.html?_=1615342947627&CODE_STATE=getMsg HTTP/1.1" 302 -
116.224.253.72 - - [10/Mar/2021:10:33:07 +0800] "GET /xingrg/kc/base/yddb_order_add.html HTTP/1.1" 200 29749
116.224.253.72 - - [10/Mar/2021:10:33:07 +0800] "GET /xingrg/dwr/interface/AjaxYddbService.js HTTP/1.1" 200 13201
116.224.253.72 - - [10/Mar/2021:10:33:07 +0800] "GET /xingrg/dwr/interface/AjaxComOrderService.js HTTP/1.1" 200 18264
116.224.253.72 - - [10/Mar/2021:10:33:07 +0800] "GET /xingrg/dwr/engine.js HTTP/1.1" 200 43631
116.224.253.72 - - [10/Mar/2021:10:33:08 +0800] "GET /xingrg/check_reg.html?_=1615343549103 HTTP/1.1" 200 22
58.40.7.146 - - [10/Mar/2021:10:33:08 +0800] "GET /xingrg/check_reg.html?_=1615343586620 HTTP/1.1" 302 -
58.40.7.146 - - [10/Mar/2021:10:33:08 +0800] "GET /xingrg/all/function/internal_message.html?_=1615343586622&CODE_STATE=getMsg HTTP/1.1" 302 -
61.165.42.208 - - [10/Mar/2021:10:33:09 +0800] "GET /xingrg/kc/buy/cgsh_order_operate.html?command=get_materiel&rest_code=00105&code=00101001033&supplier_code=00100312&order_time=2021-03-10 HTTP/1.1" 200 417
114.86.187.76 - - [10/Mar/2021:10:33:09 +0800] "GET /favicon.ico HTTP/1.1" 404 -
116.224.253.72 - - [10/Mar/2021:10:33:11 +0800] "POST /xingrg/dwr/call/plaincall/AjaxYddbService.getRestBases.dwr HTTP/1.1" 200 1514
