114.88.166.193 - - [10/Mar/2021:08:52:53 +0800] "GET /xingrg/javascript/jquery.timers.js HTTP/1.1" 304 -
114.88.166.193 - - [10/Mar/2021:08:52:53 +0800] "GET /xingrg/images/blue/navBackgound.jpg HTTP/1.1" 304 -
114.88.166.193 - - [10/Mar/2021:08:52:53 +0800] "GET /xingrg/images/blue/jxLogo.png HTTP/1.1" 304 -
114.88.166.193 - - [10/Mar/2021:08:52:53 +0800] "GET /xingrg/javascript/jquery_easy_ui/themes/icons/settle_new.png HTTP/1.1" 304 -
114.88.166.193 - - [10/Mar/2021:08:52:53 +0800] "GET /xingrg/images/blue/pingpu.png HTTP/1.1" 304 -
114.88.166.193 - - [10/Mar/2021:08:52:53 +0800] "GET /xingrg/javascript/jquery_easy_ui/themes/default/images/tabs_leftarrow.png HTTP/1.1" 304 -
114.88.166.193 - - [10/Mar/2021:08:52:53 +0800] "GET /xingrg/javascript/jquery_easy_ui/themes/default/images/tabs_rightarrow.png HTTP/1.1" 304 -
114.88.166.193 - - [10/Mar/2021:08:52:53 +0800] "POST /xingrg/all/common/load_tree.html?tree=area_rest_tree_json&manage=1 HTTP/1.1" 200 342
114.88.166.193 - - [10/Mar/2021:08:52:53 +0800] "GET /xingrg/javascript/jquery_easy_ui/themes/default/images/panel_tool_collapse.gif HTTP/1.1" 304 -
114.88.166.193 - - [10/Mar/2021:08:52:53 +0800] "GET /xingrg/check_reg.html?_=1615337570936 HTTP/1.1" 200 22
114.88.166.193 - - [10/Mar/2021:08:52:53 +0800] "GET /xingrg/all/function/internal_message.html?_=1615337570935&CODE_STATE=count HTTP/1.1" 200 11
114.88.166.193 - - [10/Mar/2021:08:52:53 +0800] "POST /xingrg/load_menu.html HTTP/1.1" 200 5138
116.224.253.72 - - [10/Mar/2021:08:52:54 +0800] "GET /xingrg/kc/buy/cgsh_order_operate.html?command=get_materiel&rest_code=00150&code=00101007081&supplier_code=00100096&order_time=2021-03-10 HTTP/1.1" 200 415
180.169.147.146 - - [10/Mar/2021:08:52:55 +0800] "POST /xingrg/kc/buy/cgsh_list_operate.html HTTP/1.1" 200 5182
61.165.42.208 - - [10/Mar/2021:08:52:56 +0800] "GET /xingrg/kc/buy/cgsh_order_operate.html?command=get_materiel&rest_code=00105&code=00101008114&supplier_code=00100203&order_time=2021-03-10 HTTP/1.1" 200 413
222.69.138.56 - - [10/Mar/2021:08:53:01 +0800] "GET /xingrg/kc/buy/cgsh_order_operate.html?command=get_materiel&rest_code=00149&code=00101006057&supplier_code=00100012&order_time=2021-03-09 HTTP/1.1" 200 413
116.224.253.72 - - [10/Mar/2021:08:53:02 +0800] "GET /xingrg/kc/buy/cgsh_order_operate.html?command=get_materiel&rest_code=00150&code=00101008005&supplier_code=00100007&order_time=2021-03-10 HTTP/1.1" 200 412
180.169.147.146 - - [10/Mar/2021:08:53:07 +0800] "POST /xingrg/all/user/operate.html HTTP/1.1" 200 36
180.169.147.146 - - [10/Mar/2021:08:53:07 +0800] "GET /xingrg/index.html?sysBaseUrl=http%3A%2F%2F180.169.147.146%3A18081%2Fxingrg%2F&costTime=134×tamp=1615337237475 HTTP/1.1" 200 17509
180.169.147.146 - - [10/Mar/2021:08:53:07 +0800] "GET /xingrg/javascript/jquery_easy_ui/themes/default/easyui.css HTTP/1.1" 304 -
180.169.147.146 - - [10/Mar/2021:08:53:07 +0800] "GET /xingrg/javascript/jquery_easy_ui/themes/icon.css HTTP/1.1" 304 -
180.169.147.146 - - [10/Mar/2021:08:53:07 +0800] "GET /xingrg/css/form.css HTTP/1.1" 304 -
180.169.147.146 - - [10/Mar/2021:08:53:07 +0800] "GET /xingrg/javascript/jquery-1.4.2.min.js HTTP/1.1" 304 -
180.169.147.146 - - [10/Mar/2021:08:53:07 +0800] "GET /xingrg/javascript/jquery_easy_ui/jquery.easyui.min.js HTTP/1.1" 304 -
180.169.147.146 - - [10/Mar/2021:08:53:07 +0800] "GET /xingrg/javascript/jquery_easy_ui/easyui-lang-zh_CN.js HTTP/1.1" 304 -
180.169.147.146 - - [10/Mar/2021:08:53:07 +0800] "GET /xingrg/javascript/jquery.form.js HTTP/1.1" 304 -
180.169.147.146 - - [10/Mar/2021:08:53:07 +0800] "GET /xingrg/javascript/jquery.utils.js HTTP/1.1" 304 -
180.169.147.146 - - [10/Mar/2021:08:53:07 +0800] "GET /xingrg/javascript/jquery.timers.js HTTP/1.1" 304 -
180.169.147.146 - - [10/Mar/2021:08:53:07 +0800] "GET /xingrg/images/blue/jxLogo.png HTTP/1.1" 304 -
180.169.147.146 - - [10/Mar/2021:08:53:07 +0800] "GET /xingrg/javascript/jquery_easy_ui/themes/icons/settle_new.png HTTP/1.1" 304 -
180.169.147.146 - - [10/Mar/2021:08:53:07 +0800] "GET /xingrg/images/blue/navBackgound.jpg HTTP/1.1" 304 -
180.169.147.146 - - [10/Mar/2021:08:53:07 +0800] "POST /xingrg/all/common/load_tree.html?tree=area_rest_tree_json&manage=1 HTTP/1.1" 200 3216
180.169.147.146 - - [10/Mar/2021:08:53:07 +0800] "GET /xingrg/all/function/internal_message.html?_=1615337586961&CODE_STATE=count HTTP/1.1" 200 11
180.169.147.146 - - [10/Mar/2021:08:53:07 +0800] "GET /xingrg/check_reg.html?_=1615337586962 HTTP/1.1" 200 22
180.169.147.146 - - [10/Mar/2021:08:53:07 +0800] "GET /xingrg/images/blue/pingpu.png HTTP/1.1" 304 -
180.169.147.146 - - [10/Mar/2021:08:53:07 +0800] "GET /xingrg/javascript/jquery_easy_ui/themes/default/images/tabs_rightarrow.png HTTP/1.1" 304 -
180.169.147.146 - - [10/Mar/2021:08:53:07 +0800] "GET /xingrg/javascript/jquery_easy_ui/themes/default/images/panel_tool_collapse.gif HTTP/1.1" 304 -
180.169.147.146 - - [10/Mar/2021:08:53:07 +0800] "GET /xingrg/javascript/jquery_easy_ui/themes/default/images/panel_tool_expand.gif HTTP/1.1" 304 -
180.169.147.146 - - [10/Mar/2021:08:53:07 +0800] "GET /xingrg/javascript/jquery_easy_ui/themes/default/images/tabs_leftarrow.png HTTP/1.1" 304 -
180.174.195.252 - - [10/Mar/2021:08:53:07 +0800] "GET /xingrg/all/function/internal_message.html?_=1615337849947&CODE_STATE=getMsg HTTP/1.1" 200 27
180.169.147.146 - - [10/Mar/2021:08:53:07 +0800] "POST /xingrg/load_menu.html HTTP/1.1" 200 9959
58.40.7.146 - - [10/Mar/2021:08:53:08 +0800] "GET /xingrg/all/function/internal_message.html?_=1615337586571&CODE_STATE=getMsg HTTP/1.1" 200 27
58.40.7.146 - - [10/Mar/2021:08:53:08 +0800] "GET /xingrg/check_reg.html?_=1615337586572 HTTP/1.1" 200 22
61.165.42.208 - - [10/Mar/2021:08:53:09 +0800] "GET /xingrg/kc/buy/cgsh_order_operate.html?command=get_materiel&rest_code=00105&code=00101008010&supplier_code=00100203&order_time=2021-03-10 HTTP/1.1" 200 412
180.169.147.146 - - [10/Mar/2021:08:53:09 +0800] "GET /xingrg/kc/buy/cgsh_order_list.html HTTP/1.1" 200 46627
180.169.147.146 - - [10/Mar/2021:08:53:10 +0800] "POST /xingrg/kc/buy/cgsh_list_operate.html HTTP/1.1" 200 876
116.224.253.72 - - [10/Mar/2021:08:53:13 +0800] "GET /xingrg/kc/buy/cgsh_order_operate.html?command=get_materiel&rest_code=00150&code=00101008353&supplier_code=00100007&order_time=2021-03-10 HTTP/1.1" 200 408
114.86.187.76 - - [10/Mar/2021:08:53:14 +0800] "GET /xingrg/all/function/internal_message.html?_=1615337592822&CODE_STATE=getMsg HTTP/1.1" 200 27
180.169.147.146 - - [10/Mar/2021:08:53:16 +0800] "POST /xingrg/kc/buy/cgsh_list_operate.html HTTP/1.1" 200 5865
61.165.42.208 - - [10/Mar/2021:08:53:18 +0800] "GET /xingrg/kc/buy/cgsh_order_operate.html?command=get_materiel&rest_code=00105&code=00101008261&supplier_code=00100203&order_time=2021-03-10 HTTP/1.1" 200 408
116.224.253.72 - - [10/Mar/2021:08:53:20 +0800] "GET /xingrg/kc/buy/cgsh_order_operate.html?command=get_materiel&rest_code=00150&code=00101008213&supplier_code=00100007&order_time=2021-03-10 HTTP/1.1" 200 412
222.69.138.56 - - [10/Mar/2021:08:53:24 +0800] "GET /xingrg/kc/buy/cgsh_order_operate.html?command=get_materiel&rest_code=00149&code=00101006058&supplier_code=00100012&order_time=2021-03-09 HTTP/1.1" 200 413
61.165.42.208 - - [10/Mar/2021:08:53:25 +0800] "POST /xingrg/kc/buy/cgsh_order_operate.html HTTP/1.1" 200 2065
180.169.147.146 - - [10/Mar/2021:08:53:26 +0800] "POST /xingrg/all/user/operate.html HTTP/1.1" 200 36
101.228.165.73 - - [10/Mar/2021:08:53:26 +0800] "POST /xingrg/services/DataTransmitService HTTP/1.1" 200 524
180.169.147.146 - - [10/Mar/2021:08:53:26 +0800] "GET /xingrg/javascript/jquery_easy_ui/themes/default/easyui.css HTTP/1.1" 304 -
180.169.147.146 - - [10/Mar/2021:08:53:26 +0800] "GET /xingrg/javascript/jquery_easy_ui/themes/icon.css HTTP/1.1" 304 -
180.169.147.146 - - [10/Mar/2021:08:53:26 +0800] "GET /xingrg/css/form.css HTTP/1.1" 304 -
180.169.147.146 - - [10/Mar/2021:08:53:26 +0800] "GET /xingrg/index.html?sysBaseUrl=http%3A%2F%2F180.169.147.146%3A18081%2Fxingrg%2F&costTime=134×tamp=1615337237475 HTTP/1.1" 200 17503
180.169.147.146 - - [10/Mar/2021:08:53:26 +0800] "GET /xingrg/javascript/jquery-1.4.2.min.js HTTP/1.1" 304 -
180.169.147.146 - - [10/Mar/2021:08:53:26 +0800] "GET /xingrg/javascript/jquery_easy_ui/jquery.easyui.min.js HTTP/1.1" 304 -
180.169.147.146 - - [10/Mar/2021:08:53:26 +0800] "GET /xingrg/javascript/jquery_easy_ui/easyui-lang-zh_CN.js HTTP/1.1" 304 -
180.169.147.146 - - [10/Mar/2021:08:53:26 +0800] "GET /xingrg/javascript/jquery.form.js HTTP/1.1" 304 -
180.169.147.146 - - [10/Mar/2021:08:53:26 +0800] "GET /xingrg/javascript/jquery.utils.js HTTP/1.1" 304 -
180.169.147.146 - - [10/Mar/2021:08:53:26 +0800] "GET /xingrg/javascript/jquery.timers.js HTTP/1.1" 304 -
180.169.147.146 - - [10/Mar/2021:08:53:26 +0800] "GET /xingrg/images/blue/jxLogo.png HTTP/1.1" 304 -
180.169.147.146 - - [10/Mar/2021:08:53:26 +0800] "GET /xingrg/javascript/jquery_easy_ui/themes/icons/settle_new.png HTTP/1.1" 304 -
180.169.147.146 - - [10/Mar/2021:08:53:26 +0800] "GET /xingrg/images/blue/navBackgound.jpg HTTP/1.1" 304 -
180.169.147.146 - - [10/Mar/2021:08:53:26 +0800] "POST /xingrg/all/common/load_tree.html?tree=area_rest_tree_json&manage=1 HTTP/1.1" 200 3216
180.169.147.146 - - [10/Mar/2021:08:53:26 +0800] "GET /xingrg/all/function/internal_message.html?_=1615337605771&CODE_STATE=count HTTP/1.1" 200 11
180.169.147.146 - - [10/Mar/2021:08:53:26 +0800] "GET /xingrg/check_reg.html?_=1615337605772 HTTP/1.1" 200 22
180.169.147.146 - - [10/Mar/2021:08:53:26 +0800] "GET /xingrg/images/blue/pingpu.png HTTP/1.1" 304 -
180.169.147.146 - - [10/Mar/2021:08:53:26 +0800] "GET /xingrg/javascript/jquery_easy_ui/themes/default/images/tabs_leftarrow.png HTTP/1.1" 304 -
180.169.147.146 - - [10/Mar/2021:08:53:26 +0800] "GET /xingrg/javascript/jquery_easy_ui/themes/default/images/panel_tool_collapse.gif HTTP/1.1" 304 -
180.169.147.146 - - [10/Mar/2021:08:53:26 +0800] "GET /xingrg/javascript/jquery_easy_ui/themes/default/images/tabs_rightarrow.png HTTP/1.1" 304 -
180.169.147.146 - - [10/Mar/2021:08:53:26 +0800] "GET /xingrg/javascript/jquery_easy_ui/themes/default/images/panel_tool_expand.gif HTTP/1.1" 304 -
180.169.147.146 - - [10/Mar/2021:08:53:26 +0800] "POST /xingrg/load_menu.html HTTP/1.1" 200 9959
114.88.166.193 - - [10/Mar/2021:08:53:28 +0800] "GET /favicon.ico HTTP/1.1" 404 -
180.169.147.146 - - [10/Mar/2021:08:53:28 +0800] "GET /xingrg/kc/buy/cgsh_order_list.html HTTP/1.1" 200 46621
116.224.253.72 - - [10/Mar/2021:08:53:29 +0800] "GET /xingrg/kc/buy/cgsh_order_operate.html?command=get_materiel&rest_code=00150&code=00101008103&supplier_code=00100007&order_time=2021-03-10 HTTP/1.1" 200 417
180.169.147.146 - - [10/Mar/2021:08:53:30 +0800] "POST /xingrg/kc/buy/cgsh_list_operate.html HTTP/1.1" 200 1690
101.228.165.174 - - [10/Mar/2021:08:53:31 +0800] "GET /xingrg/all/function/internal_message.html?_=1615337649367&CODE_STATE=getMsg HTTP/1.1" 200 27
222.70.216.220 - - [10/Mar/2021:08:53:34 +0800] "GET /xingrg/all/function/internal_message.html?_=1615337610052&CODE_STATE=getMsg HTTP/1.1" 200 27
222.69.138.56 - - [10/Mar/2021:08:53:34 +0800] "GET /xingrg/all/function/internal_message.html?_=1615337610216&CODE_STATE=getMsg HTTP/1.1" 200 27
180.169.147.146 - - [10/Mar/2021:08:53:35 +0800] "POST /xingrg/kc/buy/cgsh_list_operate.html HTTP/1.1" 200 5725
58.37.230.33 - - [10/Mar/2021:08:53:35 +0800] "GET /xingrg/all/function/internal_message.html?_=1615337614639&CODE_STATE=getMsg HTTP/1.1" 200 27
116.224.253.72 - - [10/Mar/2021:08:53:35 +0800] "GET /xingrg/kc/buy/cgsh_order_operate.html?command=get_materiel&rest_code=00150&code=00101007077&supplier_code=00100096&order_time=2021-03-10 HTTP/1.1" 200 415
61.165.42.208 - - [10/Mar/2021:08:53:36 +0800] "GET /xingrg/all/function/internal_message.html?_=1615337616705&CODE_STATE=getMsg HTTP/1.1" 200 27
114.88.166.193 - - [10/Mar/2021:08:53:37 +0800] "GET /xingrg/login.html HTTP/1.1" 200 7641
114.88.166.193 - - [10/Mar/2021:08:53:38 +0800] "GET /favicon.ico HTTP/1.1" 404 -
116.224.253.72 - - [10/Mar/2021:08:53:38 +0800] "GET /xingrg/kc/buy/cgsh_order_operate.html?command=get_materiel&rest_code=00150&code=00101008221&supplier_code=00100007&order_time=2021-03-10 HTTP/1.1" 200 412
222.69.138.56 - - [10/Mar/2021:08:53:43 +0800] "POST /xingrg/kc/buy/cgsh_order_operate.html HTTP/1.1" 200 37
61.165.42.208 - - [10/Mar/2021:08:53:43 +0800] "GET /xingrg/kc/buy/cgsh_order_operate.html?command=get_materiel&rest_code=00105&code=00101008088&supplier_code=00100203&order_time=2021-03-10 HTTP/1.1" 200 408
116.224.253.72 - - [10/Mar/2021:08:53:44 +0800] "POST /xingrg/kc/buy/cgsh_order_operate.html HTTP/1.1" 200 37
222.69.138.56 - - [10/Mar/2021:08:53:46 +0800] "POST /xingrg/kc/buy/cgsh_order_operate.html HTTP/1.1" 200 12
116.224.253.72 - - [10/Mar/2021:08:53:47 +0800] "POST /xingrg/kc/buy/cgsh_order_operate.html HTTP/1.1" 200 22761
116.224.253.72 - - [10/Mar/2021:08:53:47 +0800] "GET /xingrg/kc/buy/cgsh_order_operate.html?command=get_materiel&rest_code=00150&code=00101007061&supplier_code=00100096&order_time=2021-03-10 HTTP/1.1" 200 409
116.224.253.72 - - [10/Mar/2021:08:53:47 +0800] "GET /xingrg/check_reg.html?_=1615337631412 HTTP/1.1" 200 22
116.224.253.72 - - [10/Mar/2021:08:53:47 +0800] "GET /xingrg/all/function/internal_message.html?_=1615337631450&CODE_STATE=getMsg HTTP/1.1" 200 27
101.89.239.120 - - [10/Mar/2021:08:53:48 +0800] "GET /xingrg/all/function/internal_message.html?_=1615337554660&CODE_STATE=getMsg HTTP/1.1" 302 -
222.69.138.56 - - [10/Mar/2021:08:53:49 +0800] "GET /xingrg/kc/buy/cgsh_order_info.html?code=212021031003913 HTTP/1.1" 200 57059
222.69.138.56 - - [10/Mar/2021:08:53:50 +0800] "GET /xingrg/javascript/easyui/themes/default/validatebox.css HTTP/1.1" 404 1104
222.69.138.56 - - [10/Mar/2021:08:53:50 +0800] "POST /xingrg/kc/buy/cgsh_order_operate.html HTTP/1.1" 200 3578
61.165.42.208 - - [10/Mar/2021:08:53:51 +0800] "GET /xingrg/kc/buy/cgsh_order_operate.html?command=get_materiel&rest_code=00105&code=00101008246&supplier_code=00100203&order_time=2021-03-10 HTTP/1.1" 200 410
116.224.253.72 - - [10/Mar/2021:08:53:51 +0800] "GET /xingrg/all/function/internal_message.html?_=1615337591965&CODE_STATE=getMsg HTTP/1.1" 200 27
101.89.239.120 - - [10/Mar/2021:08:53:52 +0800] "GET /xingrg/login.html HTTP/1.1" 200 7641
116.224.253.72 - - [10/Mar/2021:08:53:55 +0800] "GET /xingrg/kc/buy/cgsh_order_operate.html?command=get_materiel&rest_code=00150&code=00101008095&supplier_code=00100007&order_time=2021-03-10 HTTP/1.1" 200 413
222.69.138.56 - - [10/Mar/2021:08:53:55 +0800] "GET /xingrg/kc/print/load_data.html?order_code=212021031003913&kc_code=cgsh&condition= HTTP/1.1" 200 1939
222.69.138.56 - - [10/Mar/2021:08:54:01 +0800] "POST /xingrg/kc/buy/cgsh_order_operate.html HTTP/1.1" 200 8245
222.69.138.56 - - [10/Mar/2021:08:54:01 +0800] "GET /xingrg/javascript/easyui/themes/default/validatebox.css HTTP/1.1" 404 1104
116.224.253.72 - - [10/Mar/2021:08:54:02 +0800] "GET /xingrg/kc/buy/cgsh_order_operate.html?command=get_materiel&rest_code=00150&code=00101008110&supplier_code=00100007&order_time=2021-03-10 HTTP/1.1" 200 409
180.174.195.252 - - [10/Mar/2021:08:54:07 +0800] "GET /xingrg/all/function/internal_message.html?_=1615337909951&CODE_STATE=getMsg HTTP/1.1" 200 27
61.165.42.208 - - [10/Mar/2021:08:54:08 +0800] "GET /xingrg/kc/buy/cgsh_order_operate.html?command=get_materiel&rest_code=00105&code=00101008126&supplier_code=00100203&order_time=2021-03-10 HTTP/1.1" 200 412
58.40.7.146 - - [10/Mar/2021:08:54:08 +0800] "GET /xingrg/all/function/internal_message.html?_=1615337646575&CODE_STATE=getMsg HTTP/1.1" 200 27
222.70.216.220 - - [10/Mar/2021:08:54:10 +0800] "GET /xingrg/check_reg.html?_=1615337646984 HTTP/1.1" 200 22
116.224.253.72 - - [10/Mar/2021:08:54:11 +0800] "GET /xingrg/kc/buy/cgsh_order_operate.html?command=get_materiel&rest_code=00150&code=00101008229&supplier_code=00100007&order_time=2021-03-10 HTTP/1.1" 200 420
180.169.147.146 - - [10/Mar/2021:08:54:13 +0800] "POST /xingrg/all/user/operate.html HTTP/1.1" 200 36
180.169.147.146 - - [10/Mar/2021:08:54:13 +0800] "GET /xingrg/javascript/jquery_easy_ui/themes/default/easyui.css HTTP/1.1" 304 -
180.169.147.146 - - [10/Mar/2021:08:54:13 +0800] "GET /xingrg/javascript/jquery_easy_ui/themes/icon.css HTTP/1.1" 304 -
180.169.147.146 - - [10/Mar/2021:08:54:13 +0800] "GET /xingrg/css/form.css HTTP/1.1" 304 -
180.169.147.146 - - [10/Mar/2021:08:54:13 +0800] "GET /xingrg/javascript/jquery-1.4.2.min.js HTTP/1.1" 304 -
180.169.147.146 - - [10/Mar/2021:08:54:13 +0800] "GET /xingrg/index.html?sysBaseUrl=http%3A%2F%2F180.169.147.146%3A18081%2Fxingrg%2F&costTime=134×tamp=1615337237475 HTTP/1.1" 200 17503
180.169.147.146 - - [10/Mar/2021:08:54:13 +0800] "GET /xingrg/javascript/jquery_easy_ui/jquery.easyui.min.js HTTP/1.1" 304 -
180.169.147.146 - - [10/Mar/2021:08:54:13 +0800] "GET /xingrg/javascript/jquery_easy_ui/easyui-lang-zh_CN.js HTTP/1.1" 304 -
180.169.147.146 - - [10/Mar/2021:08:54:13 +0800] "GET /xingrg/javascript/jquery.form.js HTTP/1.1" 304 -
180.169.147.146 - - [10/Mar/2021:08:54:13 +0800] "GET /xingrg/javascript/jquery.utils.js HTTP/1.1" 304 -
180.169.147.146 - - [10/Mar/2021:08:54:13 +0800] "GET /xingrg/javascript/jquery.timers.js HTTP/1.1" 304 -
180.169.147.146 - - [10/Mar/2021:08:54:13 +0800] "GET /xingrg/images/blue/jxLogo.png HTTP/1.1" 304 -
180.169.147.146 - - [10/Mar/2021:08:54:13 +0800] "GET /xingrg/images/blue/navBackgound.jpg HTTP/1.1" 304 -
180.169.147.146 - - [10/Mar/2021:08:54:13 +0800] "GET /xingrg/javascript/jquery_easy_ui/themes/icons/settle_new.png HTTP/1.1" 304 -
180.169.147.146 - - [10/Mar/2021:08:54:13 +0800] "POST /xingrg/all/common/load_tree.html?tree=area_rest_tree_json&manage=1 HTTP/1.1" 200 3216
180.169.147.146 - - [10/Mar/2021:08:54:13 +0800] "GET /xingrg/all/function/internal_message.html?_=1615337652607&CODE_STATE=count HTTP/1.1" 200 11
180.169.147.146 - - [10/Mar/2021:08:54:13 +0800] "GET /xingrg/check_reg.html?_=1615337652608 HTTP/1.1" 200 22
180.169.147.146 - - [10/Mar/2021:08:54:13 +0800] "GET /xingrg/images/blue/pingpu.png HTTP/1.1" 304 -
180.169.147.146 - - [10/Mar/2021:08:54:13 +0800] "GET /xingrg/javascript/jquery_easy_ui/themes/default/images/panel_tool_expand.gif HTTP/1.1" 304 -
180.169.147.146 - - [10/Mar/2021:08:54:13 +0800] "GET /xingrg/javascript/jquery_easy_ui/themes/default/images/panel_tool_collapse.gif HTTP/1.1" 304 -
180.169.147.146 - - [10/Mar/2021:08:54:13 +0800] "GET /xingrg/javascript/jquery_easy_ui/themes/default/images/tabs_rightarrow.png HTTP/1.1" 304 -
180.169.147.146 - - [10/Mar/2021:08:54:13 +0800] "GET /xingrg/javascript/jquery_easy_ui/themes/default/images/tabs_leftarrow.png HTTP/1.1" 304 -
180.169.147.146 - - [10/Mar/2021:08:54:13 +0800] "POST /xingrg/load_menu.html HTTP/1.1" 200 11564
114.86.187.76 - - [10/Mar/2021:08:54:14 +0800] "GET /xingrg/check_reg.html?_=1615337652789 HTTP/1.1" 200 22
114.86.187.76 - - [10/Mar/2021:08:54:14 +0800] "GET /xingrg/all/function/internal_message.html?_=1615337652794&CODE_STATE=getMsg HTTP/1.1" 200 27
61.165.42.208 - - [10/Mar/2021:08:54:14 +0800] "GET /xingrg/kc/buy/cgsh_order_operate.html?command=get_materiel&rest_code=00105&code=00101008087&supplier_code=00100203&order_time=2021-03-10 HTTP/1.1" 200 412
180.169.147.146 - - [10/Mar/2021:08:54:14 +0800] "GET /xingrg/kc/report/report_main.html HTTP/1.1" 200 9370
180.169.147.146 - - [10/Mar/2021:08:54:15 +0800] "GET /xingrg/dwr/interface/AjaxReportQueryService.js HTTP/1.1" 200 13203
180.169.147.146 - - [10/Mar/2021:08:54:15 +0800] "GET /xingrg/all/report/report_query.html?fileName=kc/buy/gys_amount_base_rest.xml HTTP/1.1" 200 51664
180.169.147.146 - - [10/Mar/2021:08:54:15 +0800] "GET /xingrg/dwr/engine.js HTTP/1.1" 200 43631
180.169.147.146 - - [10/Mar/2021:08:54:15 +0800] "POST /xingrg/dwr/call/plaincall/AjaxReportQueryService.getFixDate.dwr HTTP/1.1" 200 111
180.169.147.146 - - [10/Mar/2021:08:54:16 +0800] "POST /xingrg/all/common/load_tree.html?tree=area_rest_tree_json&manage=1 HTTP/1.1" 200 3216
180.169.147.146 - - [10/Mar/2021:08:54:16 +0800] "POST /xingrg/all/common/load_tree.html?tree=supplier_tree_json&manage=1 HTTP/1.1" 200 55684
116.224.253.72 - - [10/Mar/2021:08:54:17 +0800] "GET /xingrg/kc/buy/cgsh_order_operate.html?command=get_materiel&rest_code=00150&code=00101007049&supplier_code=00100096&order_time=2021-03-10 HTTP/1.1" 200 409
61.165.42.208 - - [10/Mar/2021:08:54:17 +0800] "POST /xingrg/kc/buy/cgsh_order_operate.html HTTP/1.1" 200 2065
180.169.147.146 - - [10/Mar/2021:08:54:18 +0800] "POST /xingrg/dwr/call/plaincall/AjaxReportQueryService.getFixDate.dwr HTTP/1.1" 200 111
116.224.253.72 - - [10/Mar/2021:08:54:19 +0800] "GET /xingrg/kc/buy/cgsh_order_operate.html?command=get_materiel&rest_code=00150&code=00101008242&supplier_code=00100007&order_time=2021-03-10 HTTP/1.1" 200 408
114.88.166.193 - - [10/Mar/2021:08:54:27 +0800] "POST /xingrg/login.do HTTP/1.1" 302 -
114.88.166.193 - - [10/Mar/2021:08:54:27 +0800] "GET /xingrg/index.html?sysBaseUrl=http%3A%2F%2F180.169.147.146%3A18081%2Fxingrg%2F&costTime=40×tamp=1615337667430 HTTP/1.1" 200 17173
114.88.166.193 - - [10/Mar/2021:08:54:27 +0800] "GET /xingrg/javascript/jquery_easy_ui/themes/default/easyui.css HTTP/1.1" 304 -
114.88.166.193 - - [10/Mar/2021:08:54:27 +0800] "GET /xingrg/javascript/jquery_easy_ui/themes/icon.css HTTP/1.1" 304 -
114.88.166.193 - - [10/Mar/2021:08:54:27 +0800] "GET /xingrg/javascript/jquery_easy_ui/jquery.easyui.min.js HTTP/1.1" 304 -
114.88.166.193 - - [10/Mar/2021:08:54:27 +0800] "GET /xingrg/css/form.css HTTP/1.1" 304 -
114.88.166.193 - - [10/Mar/2021:08:54:27 +0800] "GET /xingrg/javascript/jquery.utils.js HTTP/1.1" 304 -
114.88.166.193 - - [10/Mar/2021:08:54:27 +0800] "GET /xingrg/javascript/jquery.form.js HTTP/1.1" 304 -
114.88.166.193 - - [10/Mar/2021:08:54:27 +0800] "GET /xingrg/javascript/jquery-1.4.2.min.js HTTP/1.1" 304 -
114.88.166.193 - - [10/Mar/2021:08:54:27 +0800] "GET /xingrg/javascript/jquery_easy_ui/easyui-lang-zh_CN.js HTTP/1.1" 304 -
114.88.166.193 - - [10/Mar/2021:08:54:27 +0800] "GET /xingrg/javascript/jquery.timers.js HTTP/1.1" 304 -
114.88.166.193 - - [10/Mar/2021:08:54:27 +0800] "GET /favicon.ico HTTP/1.1" 404 -
114.88.166.193 - - [10/Mar/2021:08:54:27 +0800] "POST /xingrg/all/common/load_tree.html?tree=area_rest_tree_json&manage=1 HTTP/1.1" 200 342
116.224.253.72 - - [10/Mar/2021:08:54:27 +0800] "GET /xingrg/kc/buy/cgsh_order_operate.html?command=get_materiel&rest_code=00150&code=00101008283&supplier_code=00100007&order_time=2021-03-10 HTTP/1.1" 200 408
114.88.166.193 - - [10/Mar/2021:08:54:27 +0800] "GET /xingrg/all/function/internal_message.html?_=1615337664845&CODE_STATE=count HTTP/1.1" 200 11
114.88.166.193 - - [10/Mar/2021:08:54:27 +0800] "GET /xingrg/check_reg.html?_=1615337664846 HTTP/1.1" 200 22
114.88.166.193 - - [10/Mar/2021:08:54:27 +0800] "POST /xingrg/load_menu.html HTTP/1.1" 200 5138
116.224.253.72 - - [10/Mar/2021:08:54:30 +0800] "GET /xingrg/kc/buy/cgsh_order_operate.html?command=get_materiel&rest_code=00150&code=00101006129&supplier_code=00100096&order_time=2021-03-10 HTTP/1.1" 200 433
61.165.42.208 - - [10/Mar/2021:08:54:30 +0800] "GET /xingrg/kc/buy/cgsh_order_operate.html?command=get_materiel&rest_code=00105&code=00101008357&supplier_code=00100203&order_time=2021-03-10 HTTP/1.1" 200 408
101.228.165.174 - - [10/Mar/2021:08:54:31 +0800] "GET /xingrg/all/function/internal_message.html?_=1615337709463&CODE_STATE=getMsg HTTP/1.1" 200 27
114.88.166.193 - - [10/Mar/2021:08:54:33 +0800] "GET /xingrg/kc/buy/buy_main.html HTTP/1.1" 200 12412
114.88.166.193 - - [10/Mar/2021:08:54:33 +0800] "GET /xingrg/css/blue.css HTTP/1.1" 304 -
114.88.166.193 - - [10/Mar/2021:08:54:33 +0800] "GET /xingrg/css/new_ie.css HTTP/1.1" 404 1036
114.88.166.193 - - [10/Mar/2021:08:54:33 +0800] "GET /xingrg/javascript/jquery_ui/themes/humanity/humanity.css HTTP/1.1" 304 -
114.88.166.193 - - [10/Mar/2021:08:54:33 +0800] "GET /xingrg/javascript/pic_change.js HTTP/1.1" 304 -
114.88.166.193 - - [10/Mar/2021:08:54:33 +0800] "GET /xingrg/javascript/ToolTips.js HTTP/1.1" 304 -
114.88.166.193 - - [10/Mar/2021:08:54:33 +0800] "GET /xingrg/javascript/myfunction.js HTTP/1.1" 304 -
114.88.166.193 - - [10/Mar/2021:08:54:33 +0800] "GET /xingrg/javascript/jquery_ui/jquery-ui.min.js HTTP/1.1" 304 -
114.88.166.193 - - [10/Mar/2021:08:54:33 +0800] "GET /xingrg/images/yd/bt.gif HTTP/1.1" 404 1040
222.69.138.56 - - [10/Mar/2021:08:54:34 +0800] "GET /xingrg/all/function/internal_message.html?_=1615337670208&CODE_STATE=getMsg HTTP/1.1" 200 27
222.70.216.220 - - [10/Mar/2021:08:54:34 +0800] "GET /xingrg/all/function/internal_message.html?_=1615337670055&CODE_STATE=getMsg HTTP/1.1" 200 27
114.88.166.193 - - [10/Mar/2021:08:54:34 +0800] "GET /xingrg/css/site.css HTTP/1.1" 304 -
114.88.166.193 - - [10/Mar/2021:08:54:34 +0800] "GET /xingrg/javascript/jquery_tools/datebox.css HTTP/1.1" 304 -
114.88.166.193 - - [10/Mar/2021:08:54:34 +0800] "GET /xingrg/css/base.css HTTP/1.1" 304 -
114.88.166.193 - - [10/Mar/2021:08:54:34 +0800] "GET /xingrg/javascript/easyui/themes/default/easyui.css HTTP/1.1" 304 -
114.88.166.193 - - [10/Mar/2021:08:54:34 +0800] "GET /xingrg/javascript/auto/jquery.autocomplete.css HTTP/1.1" 304 -
114.88.166.193 - - [10/Mar/2021:08:54:34 +0800] "GET /xingrg/javascript/easyui/themes/icon.css HTTP/1.1" 304 -
114.88.166.193 - - [10/Mar/2021:08:54:34 +0800] "GET /xingrg/javascript/jquery_tools/table.css HTTP/1.1" 304 -
114.88.166.193 - - [10/Mar/2021:08:54:34 +0800] "GET /xingrg/javascript/jquery_tools/fix.css HTTP/1.1" 304 -
114.88.166.193 - - [10/Mar/2021:08:54:34 +0800] "GET /xingrg/javascript/jquery_tools/jquery.tools.table.js HTTP/1.1" 304 -
114.88.166.193 - - [10/Mar/2021:08:54:34 +0800] "GET /xingrg/javascript/jquery_tools/jquery.tools.hotkey.js HTTP/1.1" 304 -
114.88.166.193 - - [10/Mar/2021:08:54:34 +0800] "GET /xingrg/javascript/jquery_tools/jquery.tools.extend.js HTTP/1.1" 304 -
114.88.166.193 - - [10/Mar/2021:08:54:34 +0800] "GET /xingrg/javascript/jquery_tools/list_manager.js HTTP/1.1" 304 -
114.88.166.193 - - [10/Mar/2021:08:54:34 +0800] "GET /xingrg/javascript/auto/jquery.autocomplete.js HTTP/1.1" 304 -
114.88.166.193 - - [10/Mar/2021:08:54:34 +0800] "GET /xingrg/kc/buy/cgsh_order_list.html HTTP/1.1" 200 46366
114.88.166.193 - - [10/Mar/2021:08:54:34 +0800] "GET /xingrg/javascript/print/LodopFuncs.js HTTP/1.1" 304 -
114.88.166.193 - - [10/Mar/2021:08:54:34 +0800] "GET /xingrg/javascript/jquery_tools/jquery.tools.min.js HTTP/1.1" 304 -
114.88.166.193 - - [10/Mar/2021:08:54:34 +0800] "GET /xingrg/javascript/easyui/easyloader.js HTTP/1.1" 304 -
114.88.166.193 - - [10/Mar/2021:08:54:34 +0800] "GET /xingrg/javascript/jquery.cookie.js HTTP/1.1" 304 -
114.88.166.193 - - [10/Mar/2021:08:54:34 +0800] "GET /xingrg/javascript/easyui/plugins/jquery.parser.js HTTP/1.1" 304 -
58.37.230.33 - - [10/Mar/2021:08:54:35 +0800] "GET /xingrg/all/function/internal_message.html?_=1615337674611&CODE_STATE=getMsg HTTP/1.1" 200 27
114.88.166.193 - - [10/Mar/2021:08:54:35 +0800] "POST /xingrg/kc/buy/cgsh_list_operate.html HTTP/1.1" 200 1688
61.165.42.208 - - [10/Mar/2021:08:54:36 +0800] "GET /xingrg/all/function/internal_message.html?_=1615337676718&CODE_STATE=getMsg HTTP/1.1" 200 27
114.88.166.193 - - [10/Mar/2021:08:54:38 +0800] "GET /xingrg/javascript/jquery_tools/order_manager.js HTTP/1.1" 304 -
114.88.166.193 - - [10/Mar/2021:08:54:38 +0800] "GET /xingrg/javascript/convert.js HTTP/1.1" 304 -
114.88.166.193 - - [10/Mar/2021:08:54:38 +0800] "GET /xingrg/javascript/json2.js HTTP/1.1" 304 -
114.88.166.193 - - [10/Mar/2021:08:54:38 +0800] "GET /xingrg/javascript/print/kc_print.js HTTP/1.1" 304 -
114.88.166.193 - - [10/Mar/2021:08:54:38 +0800] "GET /xingrg/kc/buy/cgsh_order_add.html HTTP/1.1" 200 62104
114.88.166.193 - - [10/Mar/2021:08:54:38 +0800] "GET /xingrg/words/20210309094201_words.js HTTP/1.1" 304 -
114.88.166.193 - - [10/Mar/2021:08:54:38 +0800] "POST /xingrg/kc/buy/cgsh_order_operate.html HTTP/1.1" 200 8245
114.88.166.193 - - [10/Mar/2021:08:54:38 +0800] "GET /xingrg/all/common/auto_word.html?type=employee&rest_code=00111 HTTP/1.1" 200 205
114.88.166.193 - - [10/Mar/2021:08:54:38 +0800] "GET /xingrg/all/common/auto_word.html?type=employee&rest_code=00111 HTTP/1.1" 200 205
114.88.166.193 - - [10/Mar/2021:08:54:38 +0800] "GET /xingrg/javascript/easyui/themes/default/validatebox.css HTTP/1.1" 404 1104
114.88.166.193 - - [10/Mar/2021:08:54:38 +0800] "GET /xingrg/javascript/easyui/plugins/jquery.validatebox.js HTTP/1.1" 304 -
114.88.166.193 - - [10/Mar/2021:08:54:38 +0800] "GET /xingrg/javascript/easyui/plugins/jquery.numberbox.js HTTP/1.1" 304 -
180.169.147.146 - - [10/Mar/2021:08:54:38 +0800] "POST /xingrg/dwr/call/plaincall/AjaxReportQueryService.refreshCache.dwr HTTP/1.1" 200 78
61.151.178.164 - - [10/Mar/2021:08:54:40 +0800] "GET /xingrg/all/function/internal_message.html?_=1615337614639&CODE_STATE=getMsg HTTP/1.1" 302 -
114.88.166.193 - - [10/Mar/2021:08:54:40 +0800] "GET /xingrg/javascript/auto/indicator.gif HTTP/1.1" 404 1066
114.88.166.193 - - [10/Mar/2021:08:54:41 +0800] "GET /xingrg/javascript/jquery_tools/images/prev.gif HTTP/1.1" 404 1086
114.88.166.193 - - [10/Mar/2021:08:54:41 +0800] "GET /xingrg/javascript/jquery_tools/images/next.gif HTTP/1.1" 404 1086
116.224.253.72 - - [10/Mar/2021:08:54:43 +0800] "POST /xingrg/kc/buy/cgsh_order_operate.html HTTP/1.1" 200 37
180.169.147.146 - - [10/Mar/2021:08:54:43 +0800] "POST /xingrg/all/report/load_report_page.html HTTP/1.1" 200 183
116.224.253.72 - - [10/Mar/2021:08:54:44 +0800] "POST /xingrg/kc/buy/cgsh_order_operate.html HTTP/1.1" 200 25722
61.151.178.164 - - [10/Mar/2021:08:54:45 +0800] "GET /xingrg/login.html HTTP/1.1" 200 7641
180.169.147.146 - - [10/Mar/2021:08:54:46 +0800] "POST /xingrg/dwr/call/plaincall/AjaxReportQueryService.refreshCache.dwr HTTP/1.1" 200 78
116.224.253.72 - - [10/Mar/2021:08:54:47 +0800] "GET /xingrg/all/function/internal_message.html?_=1615337691427&CODE_STATE=getMsg HTTP/1.1" 200 27
180.169.147.146 - - [10/Mar/2021:08:54:48 +0800] "POST /xingrg/all/report/load_report_page.html HTTP/1.1" 200 309231
116.224.253.72 - - [10/Mar/2021:08:54:48 +0800] "GET /xingrg/kc/buy/cgsh_order_operate.html?command=get_materiel&rest_code=00150&code=00101006065&supplier_code=00100096&order_time=2021-03-10 HTTP/1.1" 200 411
180.169.147.146 - - [10/Mar/2021:08:54:48 +0800] "GET /xingrg/servlets/image?cache=0.4539074934053001&image=px HTTP/1.1" 200 807
116.224.253.72 - - [10/Mar/2021:08:54:51 +0800] "GET /xingrg/check_reg.html?_=1615337651584 HTTP/1.1" 200 22
116.224.253.72 - - [10/Mar/2021:08:54:51 +0800] "GET /xingrg/all/function/internal_message.html?_=1615337651968&CODE_STATE=getMsg HTTP/1.1" 200 27
116.224.253.72 - - [10/Mar/2021:08:54:51 +0800] "GET /xingrg/kc/buy/cgsh_order_operate.html?command=get_materiel&rest_code=00150&code=00101008215&supplier_code=00100007&order_time=2021-03-10 HTTP/1.1" 200 413
222.69.138.56 - - [10/Mar/2021:08:54:54 +0800] "GET /xingrg/kc/buy/cgsh_order_operate.html?command=get_materiel&rest_code=00149&code=00101002027&supplier_code=00100039&order_time=2021-03-09 HTTP/1.1" 200 414
180.169.147.146 - - [10/Mar/2021:08:54:56 +0800] "POST /xingrg/all/report/report_print.html HTTP/1.1" 200 29733
101.228.165.174 - - [10/Mar/2021:08:55:00 +0800] "GET /xingrg/check_reg.html?_=1615337738069 HTTP/1.1" 200 22
116.224.253.72 - - [10/Mar/2021:08:55:03 +0800] "GET /xingrg/kc/buy/cgsh_order_operate.html?command=get_materiel&rest_code=00150&code=00101006184&supplier_code=00100096&order_time=2021-03-10 HTTP/1.1" 200 408
58.37.230.33 - - [10/Mar/2021:08:55:06 +0800] "GET /xingrg/check_reg.html?_=1615337706026 HTTP/1.1" 200 22
180.174.195.252 - - [10/Mar/2021:08:55:08 +0800] "GET /xingrg/all/function/internal_message.html?_=1615337970554&CODE_STATE=getMsg HTTP/1.1" 200 27
58.221.95.50 - - [10/Mar/2021:08:55:08 +0800] "GET /xingrg/check_reg.html?_=1615337707450 HTTP/1.1" 302 -
58.40.7.146 - - [10/Mar/2021:08:55:08 +0800] "GET /xingrg/all/function/internal_message.html?_=1615337706577&CODE_STATE=getMsg HTTP/1.1" 200 27
116.224.253.72 - - [10/Mar/2021:08:55:08 +0800] "GET /xingrg/kc/buy/cgsh_order_operate.html?command=get_materiel&rest_code=00150&code=00101006055&supplier_code=00100096&order_time=2021-03-10 HTTP/1.1" 200 411
61.165.42.208 - - [10/Mar/2021:08:55:10 +0800] "POST /xingrg/kc/buy/cgsh_order_operate.html HTTP/1.1" 200 2065
180.169.147.146 - - [10/Mar/2021:08:55:13 +0800] "GET /xingrg/all/function/internal_message.html?_=1615337712612&CODE_STATE=getMsg HTTP/1.1" 200 27
114.86.187.76 - - [10/Mar/2021:08:55:14 +0800] "GET /xingrg/all/function/internal_message.html?_=1615337712800&CODE_STATE=getMsg HTTP/1.1" 200 27
61.165.42.208 - - [10/Mar/2021:08:55:14 +0800] "GET /xingrg/kc/buy/cgsh_order_operate.html?command=get_materiel&rest_code=00105&code=00101010136&supplier_code=00100203&order_time=2021-03-10 HTTP/1.1" 200 408
222.69.138.56 - - [10/Mar/2021:08:55:20 +0800] "GET /xingrg/kc/buy/cgsh_order_operate.html?command=get_materiel&rest_code=00149&code=00101001044&supplier_code=00100039&order_time=2021-03-09 HTTP/1.1" 200 411
116.224.253.72 - - [10/Mar/2021:08:55:22 +0800] "GET /xingrg/kc/buy/cgsh_order_operate.html?command=get_materiel&rest_code=00150&code=00101008224&supplier_code=00100007&order_time=2021-03-10 HTTP/1.1" 200 416
61.165.42.208 - - [10/Mar/2021:08:55:26 +0800] "GET /xingrg/kc/buy/cgsh_order_operate.html?command=get_materiel&rest_code=00105&code=00101008233&supplier_code=00100203&order_time=2021-03-10 HTTP/1.1" 200 408
114.88.166.193 - - [10/Mar/2021:08:55:27 +0800] "GET /xingrg/all/function/internal_message.html?_=1615337724853&CODE_STATE=getMsg HTTP/1.1" 200 27
101.228.165.174 - - [10/Mar/2021:08:55:31 +0800] "GET /xingrg/all/function/internal_message.html?_=1615337769473&CODE_STATE=getMsg HTTP/1.1" 200 27
222.70.216.220 - - [10/Mar/2021:08:55:34 +0800] "GET /xingrg/all/function/internal_message.html?_=1615337730057&CODE_STATE=getMsg HTTP/1.1" 200 27
222.69.138.56 - - [10/Mar/2021:08:55:34 +0800] "GET /xingrg/all/function/internal_message.html?_=1615337730228&CODE_STATE=getMsg HTTP/1.1" 200 27
222.69.138.56 - - [10/Mar/2021:08:55:34 +0800] "GET /xingrg/check_reg.html?_=1615337730229 HTTP/1.1" 200 22
222.70.216.220 - - [10/Mar/2021:08:55:34 +0800] "GET /xingrg/check_reg.html?_=1615337730061 HTTP/1.1" 200 22
222.69.138.56 - - [10/Mar/2021:08:55:35 +0800] "GET /xingrg/kc/buy/cgsh_order_operate.html?command=get_materiel&rest_code=00149&code=00101002022&supplier_code=00100039&order_time=2021-03-09 HTTP/1.1" 200 430
58.37.230.33 - - [10/Mar/2021:08:55:35 +0800] "GET /xingrg/all/function/internal_message.html?_=1615337734608&CODE_STATE=getMsg HTTP/1.1" 200 27
61.165.42.208 - - [10/Mar/2021:08:55:36 +0800] "GET /xingrg/check_reg.html?_=1615337736724 HTTP/1.1" 200 22
61.165.42.208 - - [10/Mar/2021:08:55:36 +0800] "GET /xingrg/all/function/internal_message.html?_=1615337736723&CODE_STATE=getMsg HTTP/1.1" 200 27
180.174.195.252 - - [10/Mar/2021:08:55:39 +0800] "GET /xingrg/check_reg.html?_=1615338001206 HTTP/1.1" 200 22
116.224.253.72 - - [10/Mar/2021:08:55:41 +0800] "POST /xingrg/kc/buy/cgsh_order_operate.html HTTP/1.1" 200 37
114.88.166.193 - - [10/Mar/2021:08:55:43 +0800] "GET /xingrg/kc/buy/cgsh_order_operate.html?command=get_materiel&rest_code=00111&code=00101008453&supplier_code=00100004&order_time=2021-03-10 HTTP/1.1" 200 394
116.224.253.72 - - [10/Mar/2021:08:55:44 +0800] "POST /xingrg/kc/buy/cgsh_order_operate.html HTTP/1.1" 200 28679
61.151.178.197 - - [10/Mar/2021:08:55:46 +0800] "GET /xingrg/all/function/internal_message.html?_=1615337674611&CODE_STATE=getMsg HTTP/1.1" 302 -
222.69.138.56 - - [10/Mar/2021:08:55:47 +0800] "GET /xingrg/kc/buy/cgsh_order_operate.html?command=get_materiel&rest_code=00149&code=00101001060&supplier_code=00100039&order_time=2021-03-09 HTTP/1.1" 200 421
116.224.253.72 - - [10/Mar/2021:08:55:47 +0800] "GET /xingrg/all/function/internal_message.html?_=1615337751427&CODE_STATE=getMsg HTTP/1.1" 200 27
61.151.178.197 - - [10/Mar/2021:08:55:49 +0800] "GET /xingrg/login.html HTTP/1.1" 200 7641
116.224.253.72 - - [10/Mar/2021:08:55:51 +0800] "GET /xingrg/all/function/internal_message.html?_=1615337711983&CODE_STATE=getMsg HTTP/1.1" 200 27
116.224.253.72 - - [10/Mar/2021:08:55:54 +0800] "GET /xingrg/kc/buy/cgsh_order_operate.html?command=get_materiel&rest_code=00150&code=00101008077&supplier_code=00100007&order_time=2021-03-10 HTTP/1.1" 200 416
114.88.166.193 - - [10/Mar/2021:08:55:55 +0800] "GET /xingrg/kc/buy/cgsh_order_operate.html?command=get_materiel&rest_code=00111&code=00101007061&supplier_code=00100004&order_time=2021-03-10 HTTP/1.1" 200 409
116.224.253.72 - - [10/Mar/2021:08:56:06 +0800] "GET /xingrg/kc/buy/cgsh_order_operate.html?command=get_materiel&rest_code=00150&code=00101008061&supplier_code=00100007&order_time=2021-03-10 HTTP/1.1" 200 422
180.174.195.252 - - [10/Mar/2021:08:56:08 +0800] "GET /xingrg/all/function/internal_message.html?_=1615338030556&CODE_STATE=getMsg HTTP/1.1" 200 27
222.69.138.56 - - [10/Mar/2021:08:56:08 +0800] "POST /xingrg/kc/buy/cgsh_order_operate.html HTTP/1.1" 200 37
58.40.7.146 - - [10/Mar/2021:08:56:08 +0800] "GET /xingrg/all/function/internal_message.html?_=1615337766565&CODE_STATE=getMsg HTTP/1.1" 200 27
180.169.147.146 - - [10/Mar/2021:08:56:13 +0800] "GET /xingrg/all/function/internal_message.html?_=1615337772624&CODE_STATE=getMsg HTTP/1.1" 200 27
114.86.187.76 - - [10/Mar/2021:08:56:14 +0800] "GET /xingrg/all/function/internal_message.html?_=1615337772799&CODE_STATE=getMsg HTTP/1.1" 200 27
222.69.138.56 - - [10/Mar/2021:08:56:15 +0800] "POST /xingrg/kc/buy/cgsh_order_operate.html HTTP/1.1" 200 12
222.69.138.56 - - [10/Mar/2021:08:56:16 +0800] "GET /xingrg/kc/buy/cgsh_order_info.html?code=212021031003914 HTTP/1.1" 200 57059
222.69.138.56 - - [10/Mar/2021:08:56:16 +0800] "GET /xingrg/javascript/easyui/themes/default/validatebox.css HTTP/1.1" 404 1104
222.69.138.56 - - [10/Mar/2021:08:56:17 +0800] "POST /xingrg/kc/buy/cgsh_order_operate.html HTTP/1.1" 200 2394
222.69.138.56 - - [10/Mar/2021:08:56:23 +0800] "GET /xingrg/kc/print/load_data.html?order_code=212021031003914&kc_code=cgsh&condition= HTTP/1.1" 200 1414
116.224.253.72 - - [10/Mar/2021:08:56:26 +0800] "GET /xingrg/kc/buy/cgsh_order_operate.html?command=get_materiel&rest_code=00150&code=00101008519&supplier_code=00100007&order_time=2021-03-10 HTTP/1.1" 200 394
114.88.166.193 - - [10/Mar/2021:08:56:27 +0800] "GET /xingrg/all/function/internal_message.html?_=1615337784866&CODE_STATE=getMsg HTTP/1.1" 200 27
222.69.138.56 - - [10/Mar/2021:08:56:30 +0800] "POST /xingrg/kc/buy/cgsh_order_operate.html HTTP/1.1" 200 8245
222.69.138.56 - - [10/Mar/2021:08:56:30 +0800] "GET /xingrg/javascript/easyui/themes/default/validatebox.css HTTP/1.1" 404 1104
116.224.253.72 - - [10/Mar/2021:08:56:31 +0800] "POST /xingrg/kc/buy/cgsh_order_operate.html HTTP/1.1" 200 37
101.228.165.174 - - [10/Mar/2021:08:56:31 +0800] "GET /xingrg/all/function/internal_message.html?_=1615337829487&CODE_STATE=getMsg HTTP/1.1" 200 27
116.224.253.72 - - [10/Mar/2021:08:56:32 +0800] "POST /xingrg/kc/buy/cgsh_order_operate.html HTTP/1.1" 200 37
116.224.253.72 - - [10/Mar/2021:08:56:34 +0800] "POST /xingrg/kc/buy/cgsh_order_operate.html HTTP/1.1" 200 31644
222.70.216.220 - - [10/Mar/2021:08:56:34 +0800] "GET /xingrg/all/function/internal_message.html?_=1615337790048&CODE_STATE=getMsg HTTP/1.1" 200 27
222.69.138.56 - - [10/Mar/2021:08:56:34 +0800] "GET /xingrg/all/function/internal_message.html?_=1615337790225&CODE_STATE=getMsg HTTP/1.1" 200 27
58.37.230.33 - - [10/Mar/2021:08:56:35 +0800] "GET /xingrg/all/function/internal_message.html?_=1615337794584&CODE_STATE=getMsg HTTP/1.1" 200 27
61.165.42.208 - - [10/Mar/2021:08:56:36 +0800] "GET /xingrg/all/function/internal_message.html?_=1615337796603&CODE_STATE=getMsg HTTP/1.1" 200 27
61.165.42.208 - - [10/Mar/2021:08:56:37 +0800] "POST /xingrg/kc/buy/cgsh_order_operate.html HTTP/1.1" 200 37
116.224.253.72 - - [10/Mar/2021:08:56:37 +0800] "POST /xingrg/kc/buy/cgsh_order_operate.html HTTP/1.1" 200 12
61.165.42.208 - - [10/Mar/2021:08:56:38 +0800] "POST /xingrg/kc/buy/cgsh_order_operate.html HTTP/1.1" 200 35180
61.165.42.208 - - [10/Mar/2021:08:56:39 +0800] "GET /xingrg/kc/print/load_config.html?kc_code=cgsh HTTP/1.1" 200 1845
61.165.42.208 - - [10/Mar/2021:08:56:39 +0800] "GET /xingrg/kc/print/load_data.html?order_code=212021031003916&kc_code=cgsh&condition= HTTP/1.1" 200 12926
116.224.253.72 - - [10/Mar/2021:08:56:40 +0800] "GET /xingrg/kc/buy/cgsh_order_operate.html?command=get_materiel&rest_code=00150&code=00101008122&supplier_code=00100007&order_time=2021-03-10 HTTP/1.1" 200 413
61.165.42.208 - - [10/Mar/2021:08:56:44 +0800] "GET /xingrg/kc/buy/cgsh_order_add.html HTTP/1.1" 200 62151
61.165.42.208 - - [10/Mar/2021:08:56:45 +0800] "GET /xingrg/javascript/easyui/themes/default/validatebox.css HTTP/1.1" 404 1104
61.165.42.208 - - [10/Mar/2021:08:56:45 +0800] "POST /xingrg/kc/buy/cgsh_order_operate.html HTTP/1.1" 200 8245
116.224.253.72 - - [10/Mar/2021:08:56:48 +0800] "GET /xingrg/kc/buy/cgsh_order_operate.html?command=get_materiel&rest_code=00150&code=00101008284&supplier_code=00100007&order_time=2021-03-10 HTTP/1.1" 200 413
116.224.253.72 - - [10/Mar/2021:08:56:51 +0800] "GET /xingrg/all/function/internal_message.html?_=1615337772020&CODE_STATE=getMsg HTTP/1.1" 200 27
61.165.42.208 - - [10/Mar/2021:08:56:56 +0800] "GET /xingrg/kc/buy/cgsh_order_operate.html?command=get_materiel&rest_code=00105&code=00101002027&supplier_code=00100397&order_time=2021-03-10 HTTP/1.1" 200 413
116.224.253.72 - - [10/Mar/2021:08:56:58 +0800] "POST /xingrg/kc/buy/cgsh_order_operate.html HTTP/1.1" 200 37
222.69.138.56 - - [10/Mar/2021:08:57:00 +0800] "GET /xingrg/kc/buy/cgsh_order_operate.html?command=get_materiel&rest_code=00149&code=00101012025&supplier_code=00100036&order_time=2021-03-09 HTTP/1.1" 200 412
116.224.253.72 - - [10/Mar/2021:08:57:01 +0800] "POST /xingrg/kc/buy/cgsh_order_operate.html HTTP/1.1" 200 32837
61.165.42.208 - - [10/Mar/2021:08:57:08 +0800] "GET /xingrg/kc/buy/cgsh_order_operate.html?command=get_materiel&rest_code=00105&code=00101002022&supplier_code=00100397&order_time=2021-03-10 HTTP/1.1" 200 429
180.174.195.252 - - [10/Mar/2021:08:57:08 +0800] "GET /xingrg/all/function/internal_message.html?_=1615338090571&CODE_STATE=getMsg HTTP/1.1" 200 27
58.40.7.146 - - [10/Mar/2021:08:57:08 +0800] "GET /xingrg/all/function/internal_message.html?_=1615337826569&CODE_STATE=getMsg HTTP/1.1" 200 27
116.224.253.72 - - [10/Mar/2021:08:57:09 +0800] "POST /xingrg/all/user/operate.html HTTP/1.1" 200 36
116.224.253.72 - - [10/Mar/2021:08:57:10 +0800] "GET /xingrg/index.html?sysBaseUrl=http%3A%2F%2F180.169.147.146%3A18081%2Fxingrg%2F&costTime=113×tamp=1615337089627 HTTP/1.1" 200 17177
116.224.253.72 - - [10/Mar/2021:08:57:10 +0800] "GET /xingrg/javascript/jquery_easy_ui/themes/default/easyui.css HTTP/1.1" 304 -
116.224.253.72 - - [10/Mar/2021:08:57:10 +0800] "GET /xingrg/javascript/jquery_easy_ui/themes/icon.css HTTP/1.1" 304 -
116.224.253.72 - - [10/Mar/2021:08:57:10 +0800] "GET /xingrg/css/form.css HTTP/1.1" 304 -
116.224.253.72 - - [10/Mar/2021:08:57:10 +0800] "GET /xingrg/javascript/jquery-1.4.2.min.js HTTP/1.1" 304 -
116.224.253.72 - - [10/Mar/2021:08:57:10 +0800] "GET /xingrg/javascript/jquery_easy_ui/jquery.easyui.min.js HTTP/1.1" 304 -
116.224.253.72 - - [10/Mar/2021:08:57:10 +0800] "GET /xingrg/javascript/jquery_easy_ui/easyui-lang-zh_CN.js HTTP/1.1" 304 -
116.224.253.72 - - [10/Mar/2021:08:57:10 +0800] "GET /xingrg/javascript/jquery.form.js HTTP/1.1" 304 -
116.224.253.72 - - [10/Mar/2021:08:57:10 +0800] "GET /xingrg/javascript/jquery.utils.js HTTP/1.1" 304 -
116.224.253.72 - - [10/Mar/2021:08:57:10 +0800] "GET /xingrg/javascript/jquery.timers.js HTTP/1.1" 304 -
116.224.253.72 - - [10/Mar/2021:08:57:10 +0800] "GET /xingrg/images/blue/jxLogo.png HTTP/1.1" 304 -
116.224.253.72 - - [10/Mar/2021:08:57:10 +0800] "GET /xingrg/images/blue/navBackgound.jpg HTTP/1.1" 304 -
116.224.253.72 - - [10/Mar/2021:08:57:10 +0800] "GET /xingrg/javascript/jquery_easy_ui/themes/icons/settle_new.png HTTP/1.1" 304 -
116.224.253.72 - - [10/Mar/2021:08:57:10 +0800] "POST /xingrg/all/common/load_tree.html?tree=area_rest_tree_json&manage=1 HTTP/1.1" 200 476
116.224.253.72 - - [10/Mar/2021:08:57:10 +0800] "GET /xingrg/images/blue/pingpu.png HTTP/1.1" 304 -
116.224.253.72 - - [10/Mar/2021:08:57:10 +0800] "GET /xingrg/javascript/jquery_easy_ui/themes/default/images/tabs_leftarrow.png HTTP/1.1" 304 -
116.224.253.72 - - [10/Mar/2021:08:57:10 +0800] "GET /xingrg/javascript/jquery_easy_ui/themes/default/images/tabs_rightarrow.png HTTP/1.1" 304 -
116.224.253.72 - - [10/Mar/2021:08:57:10 +0800] "GET /xingrg/javascript/jquery_easy_ui/themes/default/images/panel_tool_collapse.gif HTTP/1.1" 304 -
116.224.253.72 - - [10/Mar/2021:08:57:10 +0800] "GET /xingrg/javascript/jquery_easy_ui/themes/default/images/tree_arrows.gif HTTP/1.1" 304 -
116.224.253.72 - - [10/Mar/2021:08:57:10 +0800] "GET /xingrg/check_reg.html?_=1615337791395 HTTP/1.1" 200 22
116.224.253.72 - - [10/Mar/2021:08:57:10 +0800] "GET /xingrg/all/function/internal_message.html?_=1615337791394&CODE_STATE=count HTTP/1.1" 200 11
116.224.253.72 - - [10/Mar/2021:08:57:10 +0800] "POST /xingrg/load_menu.html HTTP/1.1" 200 5138
222.69.138.56 - - [10/Mar/2021:08:57:11 +0800] "GET /xingrg/kc/buy/cgsh_order_operate.html?command=get_materiel&rest_code=00149&code=00101010092&supplier_code=00100036&order_time=2021-03-09 HTTP/1.1" 200 450
180.169.147.146 - - [10/Mar/2021:08:57:13 +0800] "GET /xingrg/all/function/internal_message.html?_=1615337832613&CODE_STATE=getMsg HTTP/1.1" 200 27
114.86.187.76 - - [10/Mar/2021:08:57:14 +0800] "GET /xingrg/all/function/internal_message.html?_=1615337832798&CODE_STATE=getMsg HTTP/1.1" 200 27
116.224.253.72 - - [10/Mar/2021:08:57:19 +0800] "GET /xingrg/kc/buy/cgsh_order_list.html HTTP/1.1" 200 46370
116.224.253.72 - - [10/Mar/2021:08:57:19 +0800] "POST /xingrg/kc/buy/cgsh_list_operate.html HTTP/1.1" 200 876
222.69.138.56 - - [10/Mar/2021:08:57:24 +0800] "POST /xingrg/kc/buy/cgsh_order_operate.html HTTP/1.1" 200 37
61.165.42.208 - - [10/Mar/2021:08:57:24 +0800] "GET /xingrg/kc/buy/cgsh_order_operate.html?command=get_materiel&rest_code=00105&code=00101001010&supplier_code=00100397&order_time=2021-03-10 HTTP/1.1" 200 409
114.88.166.193 - - [10/Mar/2021:08:57:27 +0800] "GET /xingrg/all/function/internal_message.html?_=1615337844880&CODE_STATE=getMsg HTTP/1.1" 200 27
222.69.138.56 - - [10/Mar/2021:08:57:28 +0800] "POST /xingrg/kc/buy/cgsh_order_operate.html HTTP/1.1" 200 12
101.228.165.174 - - [10/Mar/2021:08:57:32 +0800] "GET /xingrg/all/function/internal_message.html?_=1615337889585&CODE_STATE=getMsg HTTP/1.1" 200 27
222.70.216.220 - - [10/Mar/2021:08:57:34 +0800] "GET /xingrg/all/function/internal_message.html?_=1615337850050&CODE_STATE=getMsg HTTP/1.1" 200 27
58.37.230.33 - - [10/Mar/2021:08:57:35 +0800] "GET /xingrg/all/function/internal_message.html?_=1615337854561&CODE_STATE=getMsg HTTP/1.1" 200 27
61.165.42.208 - - [10/Mar/2021:08:57:36 +0800] "GET /xingrg/all/function/internal_message.html?_=1615337856610&CODE_STATE=getMsg HTTP/1.1" 200 27
222.69.138.56 - - [10/Mar/2021:08:57:36 +0800] "GET /xingrg/kc/buy/cgsh_order_info.html?code=212021031003917 HTTP/1.1" 200 57061
116.224.253.72 - - [10/Mar/2021:08:57:37 +0800] "GET /xingrg/kc/buy/cgsh_order_info.html?code=212021031003915 HTTP/1.1" 200 56920
222.69.138.56 - - [10/Mar/2021:08:57:37 +0800] "GET /xingrg/javascript/easyui/themes/default/validatebox.css HTTP/1.1" 404 1104
116.224.253.72 - - [10/Mar/2021:08:57:37 +0800] "GET /xingrg/javascript/easyui/themes/default/validatebox.css HTTP/1.1" 404 1104
222.69.138.56 - - [10/Mar/2021:08:57:37 +0800] "POST /xingrg/kc/buy/cgsh_order_operate.html HTTP/1.1" 200 1210
116.224.253.72 - - [10/Mar/2021:08:57:37 +0800] "POST /xingrg/kc/buy/cgsh_order_operate.html HTTP/1.1" 200 7720
222.69.138.56 - - [10/Mar/2021:08:57:39 +0800] "GET /xingrg/kc/print/load_data.html?order_code=212021031003917&kc_code=cgsh&condition= HTTP/1.1" 200 1026
116.224.253.72 - - [10/Mar/2021:08:57:39 +0800] "GET /xingrg/kc/print/load_data.html?order_code=212021031003915&kc_code=cgsh&condition= HTTP/1.1" 200 3388
116.224.253.72 - - [10/Mar/2021:08:57:47 +0800] "GET /xingrg/all/function/internal_message.html?_=1615337871443&CODE_STATE=getMsg HTTP/1.1" 200 27
116.235.216.75 - - [10/Mar/2021:08:57:48 +0800] "GET /xingrg/check_reg.html?_=1615337866238 HTTP/1.1" 200 22
116.224.253.72 - - [10/Mar/2021:08:57:55 +0800] "GET /xingrg/kc/buy/cgsh_order_add.html HTTP/1.1" 200 61758
116.224.253.72 - - [10/Mar/2021:08:57:55 +0800] "POST /xingrg/kc/buy/cgsh_order_operate.html HTTP/1.1" 200 8245
116.224.253.72 - - [10/Mar/2021:08:57:55 +0800] "GET /xingrg/all/common/auto_word.html?type=employee&rest_code=00151 HTTP/1.1" 200 243
116.224.253.72 - - [10/Mar/2021:08:57:55 +0800] "GET /xingrg/all/common/auto_word.html?type=employee&rest_code=00151 HTTP/1.1" 200 243
116.224.253.72 - - [10/Mar/2021:08:57:55 +0800] "GET /xingrg/javascript/easyui/themes/default/validatebox.css HTTP/1.1" 404 1104
61.165.42.208 - - [10/Mar/2021:08:57:56 +0800] "POST /xingrg/kc/buy/cgsh_order_operate.html HTTP/1.1" 200 37
61.165.42.208 - - [10/Mar/2021:08:57:57 +0800] "POST /xingrg/kc/buy/cgsh_order_operate.html HTTP/1.1" 200 5024
116.224.253.72 - - [10/Mar/2021:08:57:57 +0800] "GET /xingrg/javascript/auto/indicator.gif HTTP/1.1" 404 1066
61.165.42.208 - - [10/Mar/2021:08:57:58 +0800] "GET /xingrg/kc/print/load_data.html?order_code=212021031003918&kc_code=cgsh&condition= HTTP/1.1" 200 1565
58.40.7.146 - - [10/Mar/2021:08:58:08 +0800] "GET /xingrg/all/function/internal_message.html?_=1615337886572&CODE_STATE=getMsg HTTP/1.1" 200 27
58.40.7.146 - - [10/Mar/2021:08:58:08 +0800] "GET /xingrg/check_reg.html?_=1615337886574 HTTP/1.1" 200 22
180.174.195.252 - - [10/Mar/2021:08:58:08 +0800] "GET /xingrg/all/function/internal_message.html?_=1615338151042&CODE_STATE=getMsg HTTP/1.1" 200 27
61.165.42.208 - - [10/Mar/2021:08:58:09 +0800] "GET /xingrg/kc/buy/cgsh_order_add.html HTTP/1.1" 200 62151
