116.224.253.72 - - [08/Mar/2021:08:29:16 +0800] "GET /xingrg/all/function/internal_message.html?_=1615163358987&CODE_STATE=getMsg HTTP/1.1" 200 27
116.224.253.72 - - [08/Mar/2021:08:29:16 +0800] "GET /xingrg/check_reg.html?_=1615163358989 HTTP/1.1" 200 22
101.228.165.174 - - [08/Mar/2021:08:29:18 +0800] "GET /xingrg/all/function/internal_message.html?_=1615163388980&CODE_STATE=getMsg HTTP/1.1" 200 27
222.70.216.220 - - [08/Mar/2021:08:29:22 +0800] "GET /xingrg/check_reg.html?_=1615163360156 HTTP/1.1" 200 22
222.70.216.220 - - [08/Mar/2021:08:29:22 +0800] "GET /xingrg/all/function/internal_message.html?_=1615163360158&CODE_STATE=getMsg HTTP/1.1" 200 27
180.174.195.252 - - [08/Mar/2021:08:29:23 +0800] "GET /xingrg/kc/base/wldb_order_operate.html?command=get_materiel&rest_code=00102&base_code=0010476&code=00101019074 HTTP/1.1" 200 454
180.174.195.252 - - [08/Mar/2021:08:29:26 +0800] "GET /xingrg/javascript/jquery_easy_ui/themes/default/images/tabs_active.png HTTP/1.1" 304 -
58.37.230.33 - - [08/Mar/2021:08:29:29 +0800] "GET /xingrg/check_reg.html?_=1615163366319 HTTP/1.1" 200 22
58.37.230.33 - - [08/Mar/2021:08:29:29 +0800] "GET /xingrg/all/function/internal_message.html?_=1615163366319&CODE_STATE=getMsg HTTP/1.1" 200 27
180.174.195.252 - - [08/Mar/2021:08:29:33 +0800] "GET /xingrg/kc/buy/cgsh_order_list.html HTTP/1.1" 200 46366
180.174.195.252 - - [08/Mar/2021:08:29:34 +0800] "POST /xingrg/kc/buy/cgsh_list_operate.html HTTP/1.1" 200 876
180.169.147.146 - - [08/Mar/2021:08:29:34 +0800] "GET /xingrg/all/function/internal_message.html?_=1615163375436&CODE_STATE=getMsg HTTP/1.1" 200 27
180.174.195.252 - - [08/Mar/2021:08:29:35 +0800] "GET /xingrg/kc/buy/cgsh_order_add.html HTTP/1.1" 200 62063
180.174.195.252 - - [08/Mar/2021:08:29:35 +0800] "GET /xingrg/javascript/easyui/themes/icons/copy_new.png HTTP/1.1" 304 -
180.174.195.252 - - [08/Mar/2021:08:29:35 +0800] "POST /xingrg/kc/buy/cgsh_order_operate.html HTTP/1.1" 200 8245
180.174.195.252 - - [08/Mar/2021:08:29:36 +0800] "GET /xingrg/all/common/auto_word.html?type=employee&rest_code=00102 HTTP/1.1" 200 189
180.174.195.252 - - [08/Mar/2021:08:29:36 +0800] "GET /xingrg/all/common/auto_word.html?type=employee&rest_code=00102 HTTP/1.1" 200 189
180.174.195.252 - - [08/Mar/2021:08:29:36 +0800] "GET /xingrg/javascript/easyui/themes/default/validatebox.css HTTP/1.1" 404 1104
120.253.135.82 - - [08/Mar/2021:08:29:37 +0800] "GET /xingrg/check_reg.html?_=1615163146794 HTTP/1.1" 200 22
120.253.135.82 - - [08/Mar/2021:08:29:40 +0800] "GET /xingrg/kc/pszx/mdqp_order_list.html?state=10 HTTP/1.1" 200 10171
120.253.135.82 - - [08/Mar/2021:08:29:40 +0800] "GET /xingrg/dwr/interface/AjaxReportQueryService.js HTTP/1.1" 200 13203
120.253.135.82 - - [08/Mar/2021:08:29:40 +0800] "GET /xingrg/dwr/interface/AjaxQqpsService.js HTTP/1.1" 200 16326
120.253.135.82 - - [08/Mar/2021:08:29:40 +0800] "GET /xingrg/dwr/engine.js HTTP/1.1" 200 43631
120.253.135.82 - - [08/Mar/2021:08:29:43 +0800] "GET /xingrg/kc/report/report_main.html HTTP/1.1" 200 9370
120.253.135.82 - - [08/Mar/2021:08:29:44 +0800] "GET /xingrg/all/function/internal_message.html?_=1615163387373&CODE_STATE=getMsg HTTP/1.1" 302 -
101.89.239.245 - - [08/Mar/2021:08:29:45 +0800] "GET /xingrg/all/function/internal_message.html?_=1615163186309&CODE_STATE=getMsg HTTP/1.1" 302 -
180.174.195.252 - - [08/Mar/2021:08:29:49 +0800] "GET /xingrg/all/function/internal_message.html?_=1615163649558&CODE_STATE=getMsg HTTP/1.1" 200 27
120.253.135.82 - - [08/Mar/2021:08:29:50 +0800] "GET /xingrg/kc/base/kc_stocks.html HTTP/1.1" 200 16380
120.253.135.82 - - [08/Mar/2021:08:29:50 +0800] "GET /xingrg/javascript/easyui/themes/default/tree.css HTTP/1.1" 404 1090
120.253.135.82 - - [08/Mar/2021:08:29:50 +0800] "POST /xingrg/all/common/load_tree.html?tree=materiel_sort_tree_json HTTP/1.1" 200 8666
101.89.239.245 - - [08/Mar/2021:08:29:51 +0800] "GET /xingrg/login.html HTTP/1.1" 200 7641
120.253.135.82 - - [08/Mar/2021:08:29:52 +0800] "POST /xingrg/all/common/load_combo.html?type=base HTTP/1.1" 200 984
120.253.135.82 - - [08/Mar/2021:08:29:59 +0800] "POST /xingrg/kc/base/stock_operate.html HTTP/1.1" 200 765
120.253.135.82 - - [08/Mar/2021:08:30:00 +0800] "POST /xingrg/kc/base/stock_operate.html HTTP/1.1" 200 765
58.40.7.146 - - [08/Mar/2021:08:30:01 +0800] "GET /xingrg/all/function/internal_message.html?_=1615163400657&CODE_STATE=getMsg HTTP/1.1" 302 -
101.228.165.174 - - [08/Mar/2021:08:30:02 +0800] "GET /xingrg/all/function/internal_message.html?_=1615163401600&CODE_STATE=getMsg HTTP/1.1" 302 -
120.253.135.82 - - [08/Mar/2021:08:30:05 +0800] "POST /xingrg/kc/base/stock_operate.html HTTP/1.1" 200 1668
180.174.195.252 - - [08/Mar/2021:08:30:06 +0800] "GET /xingrg/kc/buy/cgsh_order_operate.html?command=get_materiel&rest_code=00102&code=00101006109&supplier_code=00100096&order_time=2021-03-08 HTTP/1.1" 200 411
120.253.135.82 - - [08/Mar/2021:08:30:09 +0800] "GET /xingrg/javascript/easyui/themes/sunny/images/ui-bg_gloss-wave_70_ffdd57_500x100.png HTTP/1.1" 200 3830
120.253.135.82 - - [08/Mar/2021:08:30:13 +0800] "GET /xingrg/kc/pszx/mdqp_order_list.html?state=10 HTTP/1.1" 200 10171
120.253.135.82 - - [08/Mar/2021:08:30:13 +0800] "GET /xingrg/dwr/interface/AjaxQqpsService.js HTTP/1.1" 200 16326
120.253.135.82 - - [08/Mar/2021:08:30:13 +0800] "GET /xingrg/dwr/interface/AjaxReportQueryService.js HTTP/1.1" 200 13203
120.253.135.82 - - [08/Mar/2021:08:30:13 +0800] "GET /xingrg/dwr/engine.js HTTP/1.1" 200 43631
116.224.253.72 - - [08/Mar/2021:08:30:16 +0800] "GET /xingrg/all/function/internal_message.html?_=1615163418988&CODE_STATE=getMsg HTTP/1.1" 200 27
101.228.165.174 - - [08/Mar/2021:08:30:18 +0800] "GET /xingrg/all/function/internal_message.html?_=1615163449110&CODE_STATE=getMsg HTTP/1.1" 200 27
222.70.216.220 - - [08/Mar/2021:08:30:22 +0800] "GET /xingrg/all/function/internal_message.html?_=1615163420160&CODE_STATE=getMsg HTTP/1.1" 200 27
58.37.230.33 - - [08/Mar/2021:08:30:29 +0800] "GET /xingrg/all/function/internal_message.html?_=1615163426318&CODE_STATE=getMsg HTTP/1.1" 200 27
101.228.165.174 - - [08/Mar/2021:08:30:31 +0800] "GET /xingrg/check_reg.html?_=1615163462616 HTTP/1.1" 200 22
180.169.147.146 - - [08/Mar/2021:08:30:34 +0800] "GET /xingrg/check_reg.html?_=1615163435440 HTTP/1.1" 200 22
180.169.147.146 - - [08/Mar/2021:08:30:34 +0800] "GET /xingrg/all/function/internal_message.html?_=1615163435447&CODE_STATE=getMsg HTTP/1.1" 200 27
120.253.135.82 - - [08/Mar/2021:08:30:44 +0800] "GET /xingrg/all/function/internal_message.html?_=1615163447416&CODE_STATE=getMsg HTTP/1.1" 302 -
180.174.195.252 - - [08/Mar/2021:08:30:49 +0800] "GET /xingrg/all/function/internal_message.html?_=1615163709570&CODE_STATE=getMsg HTTP/1.1" 200 27
120.253.135.82 - - [08/Mar/2021:08:30:53 +0800] "GET /xingrg/check_reg.html?_=1615163456984 HTTP/1.1" 302 -
58.40.7.146 - - [08/Mar/2021:08:31:01 +0800] "GET /xingrg/all/function/internal_message.html?_=1615163460662&CODE_STATE=getMsg HTTP/1.1" 302 -
101.228.165.174 - - [08/Mar/2021:08:31:02 +0800] "GET /xingrg/all/function/internal_message.html?_=1615163461599&CODE_STATE=getMsg HTTP/1.1" 302 -
116.224.253.72 - - [08/Mar/2021:08:31:16 +0800] "GET /xingrg/all/function/internal_message.html?_=1615163478992&CODE_STATE=getMsg HTTP/1.1" 200 27
101.228.165.174 - - [08/Mar/2021:08:31:18 +0800] "GET /xingrg/all/function/internal_message.html?_=1615163509118&CODE_STATE=getMsg HTTP/1.1" 200 27
222.70.216.220 - - [08/Mar/2021:08:31:22 +0800] "GET /xingrg/all/function/internal_message.html?_=1615163480146&CODE_STATE=getMsg HTTP/1.1" 200 27
61.165.42.208 - - [08/Mar/2021:08:31:28 +0800] "GET /xingrg/index.html?sysBaseUrl=http%3A%2F%2F180.169.147.146%3A18081%2Fxingrg%2F&costTime=36×tamp=1585223203754 HTTP/1.1" 302 -
61.165.42.208 - - [08/Mar/2021:08:31:28 +0800] "GET /xingrg/login.html HTTP/1.1" 200 7641
61.165.42.208 - - [08/Mar/2021:08:31:28 +0800] "GET /favicon.ico HTTP/1.1" 404 -
58.37.230.33 - - [08/Mar/2021:08:31:29 +0800] "GET /xingrg/all/function/internal_message.html?_=1615163486343&CODE_STATE=getMsg HTTP/1.1" 200 27
180.169.147.146 - - [08/Mar/2021:08:31:34 +0800] "GET /xingrg/all/function/internal_message.html?_=1615163495434&CODE_STATE=getMsg HTTP/1.1" 200 27
61.165.42.208 - - [08/Mar/2021:08:31:41 +0800] "POST /xingrg/login.do HTTP/1.1" 200 2421
61.165.42.208 - - [08/Mar/2021:08:31:41 +0800] "GET /favicon.ico HTTP/1.1" 404 -
61.165.42.208 - - [08/Mar/2021:08:31:43 +0800] "GET /xingrg/login.html HTTP/1.1" 200 7641
61.165.42.208 - - [08/Mar/2021:08:31:44 +0800] "GET /favicon.ico HTTP/1.1" 404 -
120.253.135.82 - - [08/Mar/2021:08:31:44 +0800] "GET /xingrg/all/function/internal_message.html?_=1615163507474&CODE_STATE=getMsg HTTP/1.1" 302 -
61.165.42.208 - - [08/Mar/2021:08:31:44 +0800] "POST /xingrg/login.do HTTP/1.1" 302 -
61.165.42.208 - - [08/Mar/2021:08:31:44 +0800] "GET /xingrg/index.html?sysBaseUrl=http%3A%2F%2F180.169.147.146%3A18081%2Fxingrg%2F&costTime=43×tamp=1615163504859 HTTP/1.1" 200 17173
61.165.42.208 - - [08/Mar/2021:08:31:45 +0800] "POST /xingrg/all/common/load_tree.html?tree=area_rest_tree_json&manage=1 HTTP/1.1" 200 3344
61.165.42.208 - - [08/Mar/2021:08:31:45 +0800] "GET /xingrg/check_reg.html?_=1615163505680 HTTP/1.1" 200 22
61.165.42.208 - - [08/Mar/2021:08:31:45 +0800] "GET /xingrg/all/function/internal_message.html?_=1615163505680&CODE_STATE=count HTTP/1.1" 200 11
61.165.42.208 - - [08/Mar/2021:08:31:45 +0800] "GET /favicon.ico HTTP/1.1" 404 -
61.165.42.208 - - [08/Mar/2021:08:31:45 +0800] "POST /xingrg/load_menu.html HTTP/1.1" 200 5138
180.174.195.252 - - [08/Mar/2021:08:31:47 +0800] "GET /favicon.ico HTTP/1.1" 404 -
61.165.42.208 - - [08/Mar/2021:08:31:48 +0800] "GET /xingrg/kc/buy/cgsh_order_list.html HTTP/1.1" 200 46366
61.165.42.208 - - [08/Mar/2021:08:31:49 +0800] "POST /xingrg/kc/buy/cgsh_list_operate.html HTTP/1.1" 200 876
180.174.195.252 - - [08/Mar/2021:08:31:50 +0800] "POST /xingrg/login.do HTTP/1.1" 200 2421
180.174.195.252 - - [08/Mar/2021:08:31:50 +0800] "GET /xingrg/css/blue.css HTTP/1.1" 304 -
180.174.195.252 - - [08/Mar/2021:08:31:50 +0800] "GET /xingrg/javascript/myfunction.js HTTP/1.1" 304 -
61.165.42.208 - - [08/Mar/2021:08:31:50 +0800] "GET /xingrg/kc/buy/cgsh_order_add.html HTTP/1.1" 200 62151
61.165.42.208 - - [08/Mar/2021:08:31:50 +0800] "GET /xingrg/words/20210307130732_words.js HTTP/1.1" 304 -
180.174.195.252 - - [08/Mar/2021:08:31:50 +0800] "GET /xingrg/images/blue/pic_top.gif HTTP/1.1" 200 3656
180.174.195.252 - - [08/Mar/2021:08:31:50 +0800] "GET /xingrg/images/blue/pic_notice.jpg HTTP/1.1" 200 3583
180.174.195.252 - - [08/Mar/2021:08:31:50 +0800] "GET /xingrg/images/blue/error_top.gif HTTP/1.1" 200 1790
180.174.195.252 - - [08/Mar/2021:08:31:50 +0800] "GET /xingrg/images/blue/error_mid.gif HTTP/1.1" 200 215
180.174.195.252 - - [08/Mar/2021:08:31:50 +0800] "GET /xingrg/images/blue/error_buttom.gif HTTP/1.1" 200 1750
61.165.42.208 - - [08/Mar/2021:08:31:51 +0800] "GET /xingrg/all/common/auto_word.html?type=employee&rest_code=00105 HTTP/1.1" 200 193
61.165.42.208 - - [08/Mar/2021:08:31:51 +0800] "GET /xingrg/javascript/easyui/themes/default/validatebox.css HTTP/1.1" 404 1104
61.165.42.208 - - [08/Mar/2021:08:31:51 +0800] "GET /xingrg/all/common/auto_word.html?type=employee&rest_code=00105 HTTP/1.1" 200 193
61.165.42.208 - - [08/Mar/2021:08:31:51 +0800] "POST /xingrg/kc/buy/cgsh_order_operate.html HTTP/1.1" 200 8245
180.174.195.252 - - [08/Mar/2021:08:31:51 +0800] "GET /favicon.ico HTTP/1.1" 404 -
61.165.42.208 - - [08/Mar/2021:08:31:53 +0800] "GET /xingrg/javascript/auto/indicator.gif HTTP/1.1" 404 1066
58.40.7.146 - - [08/Mar/2021:08:32:01 +0800] "GET /xingrg/all/function/internal_message.html?_=1615163520649&CODE_STATE=getMsg HTTP/1.1" 302 -
180.174.195.252 - - [08/Mar/2021:08:32:01 +0800] "GET /xingrg/login.html HTTP/1.1" 200 7641
180.174.195.252 - - [08/Mar/2021:08:32:02 +0800] "GET /favicon.ico HTTP/1.1" 404 -
101.228.165.174 - - [08/Mar/2021:08:32:02 +0800] "GET /xingrg/all/function/internal_message.html?_=1615163521599&CODE_STATE=getMsg HTTP/1.1" 302 -
61.165.42.208 - - [08/Mar/2021:08:32:05 +0800] "GET /xingrg/kc/buy/cgsh_order_operate.html?command=get_materiel&rest_code=00105&code=00101016100&supplier_code=00100034&order_time=2021-03-08 HTTP/1.1" 200 412
180.174.195.252 - - [08/Mar/2021:08:32:09 +0800] "POST /xingrg/login.do HTTP/1.1" 200 2421
180.174.195.252 - - [08/Mar/2021:08:32:09 +0800] "POST /xingrg/login.do HTTP/1.1" 200 2421
180.174.195.252 - - [08/Mar/2021:08:32:09 +0800] "POST /xingrg/login.do HTTP/1.1" 200 2421
180.174.195.252 - - [08/Mar/2021:08:32:09 +0800] "POST /xingrg/login.do HTTP/1.1" 200 2421
180.174.195.252 - - [08/Mar/2021:08:32:09 +0800] "POST /xingrg/login.do HTTP/1.1" 200 2421
180.174.195.252 - - [08/Mar/2021:08:32:09 +0800] "POST /xingrg/login.do HTTP/1.1" 200 2421
180.174.195.252 - - [08/Mar/2021:08:32:09 +0800] "POST /xingrg/login.do HTTP/1.1" 200 2421
180.174.195.252 - - [08/Mar/2021:08:32:09 +0800] "POST /xingrg/login.do HTTP/1.1" 200 2421
180.174.195.252 - - [08/Mar/2021:08:32:10 +0800] "GET /favicon.ico HTTP/1.1" 404 -
61.165.42.208 - - [08/Mar/2021:08:32:16 +0800] "GET /xingrg/kc/buy/cgsh_order_operate.html?command=get_materiel&rest_code=00105&code=00101012033&supplier_code=00100034&order_time=2021-03-08 HTTP/1.1" 200 426
116.224.253.72 - - [08/Mar/2021:08:32:16 +0800] "GET /xingrg/all/function/internal_message.html?_=1615163538993&CODE_STATE=getMsg HTTP/1.1" 200 27
101.228.165.174 - - [08/Mar/2021:08:32:18 +0800] "GET /xingrg/all/function/internal_message.html?_=1615163569131&CODE_STATE=getMsg HTTP/1.1" 200 27
222.70.216.220 - - [08/Mar/2021:08:32:22 +0800] "GET /xingrg/all/function/internal_message.html?_=1615163540147&CODE_STATE=getMsg HTTP/1.1" 200 27
61.151.178.177 - - [08/Mar/2021:08:32:23 +0800] "GET /xingrg/all/function/internal_message.html?_=1615163366319&CODE_STATE=getMsg HTTP/1.1" 302 -
61.165.42.208 - - [08/Mar/2021:08:32:28 +0800] "GET /xingrg/kc/buy/cgsh_order_operate.html?command=get_materiel&rest_code=00105&code=00101016030&supplier_code=00100034&order_time=2021-03-08 HTTP/1.1" 200 412
58.37.230.33 - - [08/Mar/2021:08:32:29 +0800] "GET /xingrg/all/function/internal_message.html?_=1615163546340&CODE_STATE=getMsg HTTP/1.1" 200 27
61.151.178.177 - - [08/Mar/2021:08:32:30 +0800] "GET /xingrg/login.html HTTP/1.1" 200 7641
180.169.147.146 - - [08/Mar/2021:08:32:34 +0800] "GET /xingrg/all/function/internal_message.html?_=1615163555436&CODE_STATE=getMsg HTTP/1.1" 200 27
61.165.42.208 - - [08/Mar/2021:08:32:37 +0800] "GET /xingrg/kc/buy/cgsh_order_operate.html?command=get_materiel&rest_code=00105&code=00101012059&supplier_code=00100034&order_time=2021-03-08 HTTP/1.1" 200 413
120.253.135.82 - - [08/Mar/2021:08:32:44 +0800] "GET /xingrg/all/function/internal_message.html?_=1615163567478&CODE_STATE=getMsg HTTP/1.1" 302 -
61.165.42.208 - - [08/Mar/2021:08:32:45 +0800] "GET /xingrg/all/function/internal_message.html?_=1615163565719&CODE_STATE=getMsg HTTP/1.1" 200 27
61.165.42.208 - - [08/Mar/2021:08:32:49 +0800] "POST /xingrg/kc/buy/cgsh_order_operate.html HTTP/1.1" 200 37
61.165.42.208 - - [08/Mar/2021:08:32:51 +0800] "POST /xingrg/kc/buy/cgsh_order_operate.html HTTP/1.1" 200 4439
61.165.42.208 - - [08/Mar/2021:08:32:57 +0800] "GET /xingrg/kc/print/load_config.html?kc_code=cgsh HTTP/1.1" 200 1845
61.165.42.208 - - [08/Mar/2021:08:32:57 +0800] "GET /xingrg/kc/print/load_data.html?order_code=212021030803064&kc_code=cgsh&condition= HTTP/1.1" 200 1397
58.40.7.146 - - [08/Mar/2021:08:33:01 +0800] "GET /xingrg/all/function/internal_message.html?_=1615163580653&CODE_STATE=getMsg HTTP/1.1" 302 -
101.228.165.174 - - [08/Mar/2021:08:33:02 +0800] "GET /xingrg/all/function/internal_message.html?_=1615163581599&CODE_STATE=getMsg HTTP/1.1" 302 -
61.165.42.208 - - [08/Mar/2021:08:33:03 +0800] "GET /xingrg/kc/buy/cgsh_order_add.html HTTP/1.1" 200 62151
61.165.42.208 - - [08/Mar/2021:08:33:03 +0800] "POST /xingrg/kc/buy/cgsh_order_operate.html HTTP/1.1" 200 8245
61.165.42.208 - - [08/Mar/2021:08:33:03 +0800] "GET /xingrg/javascript/easyui/themes/default/validatebox.css HTTP/1.1" 404 1104
116.224.253.72 - - [08/Mar/2021:08:33:16 +0800] "GET /xingrg/all/function/internal_message.html?_=1615163598994&CODE_STATE=getMsg HTTP/1.1" 200 27
101.228.165.174 - - [08/Mar/2021:08:33:18 +0800] "GET /xingrg/all/function/internal_message.html?_=1615163629259&CODE_STATE=getMsg HTTP/1.1" 200 27
222.70.216.220 - - [08/Mar/2021:08:33:22 +0800] "GET /xingrg/all/function/internal_message.html?_=1615163600149&CODE_STATE=getMsg HTTP/1.1" 200 27
180.174.195.252 - - [08/Mar/2021:08:33:26 +0800] "GET /xingrg/login.html HTTP/1.1" 200 7641
180.174.195.252 - - [08/Mar/2021:08:33:27 +0800] "GET /xingrg/images/blue/jxLogo.png HTTP/1.1" 304 -
180.174.195.252 - - [08/Mar/2021:08:33:27 +0800] "GET /xingrg/images/blue/login_bg.png HTTP/1.1" 304 -
58.40.7.146 - - [08/Mar/2021:08:33:27 +0800] "GET /xingrg/check_reg.html?_=1615163606748 HTTP/1.1" 302 -
180.174.195.252 - - [08/Mar/2021:08:33:27 +0800] "GET /xingrg/images/blue/hj.png HTTP/1.1" 304 -
180.174.195.252 - - [08/Mar/2021:08:33:27 +0800] "GET /xingrg/images/blue/srbg.png HTTP/1.1" 304 -
180.174.195.252 - - [08/Mar/2021:08:33:28 +0800] "GET /favicon.ico HTTP/1.1" 404 -
58.37.230.33 - - [08/Mar/2021:08:33:29 +0800] "GET /xingrg/all/function/internal_message.html?_=1615163606338&CODE_STATE=getMsg HTTP/1.1" 200 27
180.174.195.252 - - [08/Mar/2021:08:33:33 +0800] "POST /xingrg/login.do HTTP/1.1" 302 -
180.174.195.252 - - [08/Mar/2021:08:33:33 +0800] "GET /xingrg/index.html?sysBaseUrl=http%3A%2F%2F180.169.147.146%3A18081%2Fxingrg%2F&costTime=39×tamp=1615163613230 HTTP/1.1" 200 17173
180.174.195.252 - - [08/Mar/2021:08:33:33 +0800] "GET /xingrg/javascript/jquery_easy_ui/themes/default/easyui.css HTTP/1.1" 304 -
180.174.195.252 - - [08/Mar/2021:08:33:33 +0800] "GET /xingrg/javascript/jquery_easy_ui/themes/icon.css HTTP/1.1" 304 -
180.174.195.252 - - [08/Mar/2021:08:33:33 +0800] "GET /xingrg/css/form.css HTTP/1.1" 304 -
180.174.195.252 - - [08/Mar/2021:08:33:33 +0800] "GET /xingrg/javascript/jquery-1.4.2.min.js HTTP/1.1" 304 -
180.174.195.252 - - [08/Mar/2021:08:33:33 +0800] "GET /xingrg/javascript/jquery_easy_ui/jquery.easyui.min.js HTTP/1.1" 304 -
180.174.195.252 - - [08/Mar/2021:08:33:33 +0800] "GET /xingrg/javascript/jquery_easy_ui/easyui-lang-zh_CN.js HTTP/1.1" 304 -
180.174.195.252 - - [08/Mar/2021:08:33:33 +0800] "GET /xingrg/javascript/jquery.utils.js HTTP/1.1" 304 -
180.174.195.252 - - [08/Mar/2021:08:33:33 +0800] "GET /xingrg/javascript/jquery.form.js HTTP/1.1" 304 -
180.174.195.252 - - [08/Mar/2021:08:33:33 +0800] "GET /xingrg/javascript/jquery.timers.js HTTP/1.1" 304 -
180.174.195.252 - - [08/Mar/2021:08:33:33 +0800] "GET /xingrg/images/blue/navBackgound.jpg HTTP/1.1" 304 -
180.174.195.252 - - [08/Mar/2021:08:33:33 +0800] "GET /xingrg/javascript/jquery_easy_ui/themes/icons/settle_new.png HTTP/1.1" 304 -
180.174.195.252 - - [08/Mar/2021:08:33:33 +0800] "POST /xingrg/all/common/load_tree.html?tree=area_rest_tree_json&manage=1 HTTP/1.1" 200 342
180.174.195.252 - - [08/Mar/2021:08:33:33 +0800] "GET /xingrg/images/blue/pingpu.png HTTP/1.1" 304 -
180.174.195.252 - - [08/Mar/2021:08:33:33 +0800] "GET /xingrg/javascript/jquery_easy_ui/themes/default/images/tabs_leftarrow.png HTTP/1.1" 304 -
180.174.195.252 - - [08/Mar/2021:08:33:33 +0800] "GET /xingrg/javascript/jquery_easy_ui/themes/default/images/tabs_rightarrow.png HTTP/1.1" 304 -
180.174.195.252 - - [08/Mar/2021:08:33:33 +0800] "GET /xingrg/javascript/jquery_easy_ui/themes/default/images/panel_tool_collapse.gif HTTP/1.1" 304 -
180.174.195.252 - - [08/Mar/2021:08:33:34 +0800] "GET /xingrg/all/function/internal_message.html?_=1615163874520&CODE_STATE=count HTTP/1.1" 200 11
180.174.195.252 - - [08/Mar/2021:08:33:34 +0800] "GET /xingrg/check_reg.html?_=1615163874521 HTTP/1.1" 200 22
180.169.147.146 - - [08/Mar/2021:08:33:34 +0800] "GET /xingrg/all/function/internal_message.html?_=1615163615439&CODE_STATE=getMsg HTTP/1.1" 200 27
180.174.195.252 - - [08/Mar/2021:08:33:34 +0800] "POST /xingrg/load_menu.html HTTP/1.1" 200 5138
180.174.195.252 - - [08/Mar/2021:08:33:34 +0800] "GET /xingrg/javascript/jquery_easy_ui/themes/default/images/tree_arrows.gif HTTP/1.1" 304 -
180.174.195.252 - - [08/Mar/2021:08:33:34 +0800] "GET /favicon.ico HTTP/1.1" 404 -
180.174.195.252 - - [08/Mar/2021:08:33:35 +0800] "GET /xingrg/javascript/jquery_easy_ui/themes/default/images/tree_folder_open.gif HTTP/1.1" 304 -
180.174.195.252 - - [08/Mar/2021:08:33:35 +0800] "GET /xingrg/javascript/jquery_easy_ui/themes/icons/search_new.png HTTP/1.1" 304 -
180.174.195.252 - - [08/Mar/2021:08:33:35 +0800] "GET /xingrg/javascript/jquery_easy_ui/themes/default/images/tree_folder.gif HTTP/1.1" 304 -
180.174.195.252 - - [08/Mar/2021:08:33:35 +0800] "GET /xingrg/javascript/jquery_easy_ui/themes/icons/storage_new.png HTTP/1.1" 304 -
180.174.195.252 - - [08/Mar/2021:08:33:35 +0800] "GET /xingrg/javascript/jquery_easy_ui/themes/icons/forms_new.png HTTP/1.1" 304 -
180.174.195.252 - - [08/Mar/2021:08:33:35 +0800] "GET /xingrg/javascript/jquery_easy_ui/themes/default/images/tree_file.gif HTTP/1.1" 304 -
180.174.195.252 - - [08/Mar/2021:08:33:38 +0800] "GET /xingrg/javascript/jquery_easy_ui/themes/default/images/tabs_close.gif HTTP/1.1" 304 -
180.174.195.252 - - [08/Mar/2021:08:33:38 +0800] "GET /xingrg/css/base.css HTTP/1.1" 304 -
180.174.195.252 - - [08/Mar/2021:08:33:38 +0800] "GET /xingrg/css/site.css HTTP/1.1" 304 -
180.174.195.252 - - [08/Mar/2021:08:33:38 +0800] "GET /xingrg/javascript/jquery_tools/datebox.css HTTP/1.1" 304 -
180.174.195.252 - - [08/Mar/2021:08:33:38 +0800] "GET /xingrg/javascript/easyui/themes/default/easyui.css HTTP/1.1" 304 -
180.174.195.252 - - [08/Mar/2021:08:33:38 +0800] "GET /xingrg/javascript/easyui/themes/icon.css HTTP/1.1" 304 -
180.174.195.252 - - [08/Mar/2021:08:33:38 +0800] "GET /xingrg/javascript/auto/jquery.autocomplete.css HTTP/1.1" 304 -
180.174.195.252 - - [08/Mar/2021:08:33:38 +0800] "GET /xingrg/javascript/jquery_tools/fix.css HTTP/1.1" 304 -
180.174.195.252 - - [08/Mar/2021:08:33:38 +0800] "GET /xingrg/javascript/jquery_tools/table.css HTTP/1.1" 304 -
180.174.195.252 - - [08/Mar/2021:08:33:38 +0800] "GET /xingrg/kc/buy/cgsh_order_list.html HTTP/1.1" 200 46366
180.174.195.252 - - [08/Mar/2021:08:33:38 +0800] "GET /xingrg/javascript/jquery_tools/jquery.tools.min.js HTTP/1.1" 304 -
180.174.195.252 - - [08/Mar/2021:08:33:38 +0800] "GET /xingrg/javascript/jquery_tools/jquery.tools.extend.js HTTP/1.1" 304 -
180.174.195.252 - - [08/Mar/2021:08:33:38 +0800] "GET /xingrg/javascript/jquery_tools/jquery.tools.hotkey.js HTTP/1.1" 304 -
180.174.195.252 - - [08/Mar/2021:08:33:38 +0800] "GET /xingrg/javascript/jquery_tools/jquery.tools.table.js HTTP/1.1" 304 -
180.174.195.252 - - [08/Mar/2021:08:33:38 +0800] "GET /xingrg/javascript/jquery_tools/list_manager.js HTTP/1.1" 304 -
180.174.195.252 - - [08/Mar/2021:08:33:38 +0800] "GET /xingrg/javascript/auto/jquery.autocomplete.js HTTP/1.1" 304 -
180.174.195.252 - - [08/Mar/2021:08:33:38 +0800] "GET /xingrg/javascript/easyui/easyloader.js HTTP/1.1" 304 -
180.174.195.252 - - [08/Mar/2021:08:33:38 +0800] "GET /xingrg/javascript/jquery.cookie.js HTTP/1.1" 304 -
180.174.195.252 - - [08/Mar/2021:08:33:38 +0800] "GET /xingrg/javascript/print/LodopFuncs.js HTTP/1.1" 304 -
180.174.195.252 - - [08/Mar/2021:08:33:38 +0800] "GET /xingrg/javascript/easyui/themes/icons/edit_add_new.png HTTP/1.1" 304 -
180.174.195.252 - - [08/Mar/2021:08:33:38 +0800] "GET /xingrg/javascript/easyui/themes/icons/check_new.png HTTP/1.1" 304 -
180.174.195.252 - - [08/Mar/2021:08:33:38 +0800] "GET /xingrg/javascript/easyui/themes/icons/cance_new.png HTTP/1.1" 304 -
180.174.195.252 - - [08/Mar/2021:08:33:38 +0800] "GET /xingrg/javascript/easyui/themes/icons/field_new.png HTTP/1.1" 304 -
180.174.195.252 - - [08/Mar/2021:08:33:38 +0800] "GET /xingrg/javascript/easyui/themes/icons/import_new.png HTTP/1.1" 304 -
180.174.195.252 - - [08/Mar/2021:08:33:38 +0800] "GET /xingrg/javascript/jquery_easy_ui/themes/icons/area.png HTTP/1.1" 304 -
180.174.195.252 - - [08/Mar/2021:08:33:38 +0800] "GET /xingrg/javascript/jquery_easy_ui/themes/icons/rest.png HTTP/1.1" 304 -
180.174.195.252 - - [08/Mar/2021:08:33:38 +0800] "GET /xingrg/javascript/easyui/plugins/jquery.parser.js HTTP/1.1" 304 -
180.174.195.252 - - [08/Mar/2021:08:33:38 +0800] "GET /xingrg/images/control/ajaxLoader.gif HTTP/1.1" 304 -
180.174.195.252 - - [08/Mar/2021:08:33:39 +0800] "POST /xingrg/kc/buy/cgsh_list_operate.html HTTP/1.1" 200 876
180.174.195.252 - - [08/Mar/2021:08:33:43 +0800] "GET /xingrg/javascript/easyui/themes/default/images/button_plain_hover.png HTTP/1.1" 304 -
180.174.195.252 - - [08/Mar/2021:08:33:43 +0800] "GET /xingrg/javascript/pic_change.js HTTP/1.1" 304 -
180.174.195.252 - - [08/Mar/2021:08:33:43 +0800] "GET /xingrg/javascript/jquery_tools/order_manager.js HTTP/1.1" 304 -
180.174.195.252 - - [08/Mar/2021:08:33:43 +0800] "GET /xingrg/javascript/convert.js HTTP/1.1" 304 -
180.174.195.252 - - [08/Mar/2021:08:33:43 +0800] "GET /xingrg/javascript/json2.js HTTP/1.1" 304 -
180.174.195.252 - - [08/Mar/2021:08:33:43 +0800] "GET /xingrg/javascript/print/kc_print.js HTTP/1.1" 304 -
180.174.195.252 - - [08/Mar/2021:08:33:43 +0800] "GET /xingrg/kc/buy/cgsh_order_add.html HTTP/1.1" 200 62063
180.174.195.252 - - [08/Mar/2021:08:33:43 +0800] "GET /xingrg/words/20210307130732_words.js HTTP/1.1" 304 -
120.253.135.82 - - [08/Mar/2021:08:33:44 +0800] "GET /xingrg/all/function/internal_message.html?_=1615163627519&CODE_STATE=getMsg HTTP/1.1" 302 -
180.174.195.252 - - [08/Mar/2021:08:33:44 +0800] "GET /xingrg/javascript/easyui/themes/icons/copy_new.png HTTP/1.1" 304 -
180.174.195.252 - - [08/Mar/2021:08:33:44 +0800] "GET /xingrg/javascript/easyui/themes/icons/print.png HTTP/1.1" 304 -
180.174.195.252 - - [08/Mar/2021:08:33:44 +0800] "GET /xingrg/javascript/easyui/themes/icons/template_new.png HTTP/1.1" 304 -
180.174.195.252 - - [08/Mar/2021:08:33:44 +0800] "GET /xingrg/javascript/easyui/themes/icons/ok.png HTTP/1.1" 304 -
180.174.195.252 - - [08/Mar/2021:08:33:44 +0800] "GET /xingrg/javascript/easyui/themes/default/images/menu_downarrow.png HTTP/1.1" 304 -
180.174.195.252 - - [08/Mar/2021:08:33:44 +0800] "GET /xingrg/javascript/easyui/themes/icons/cancel.png HTTP/1.1" 304 -
180.174.195.252 - - [08/Mar/2021:08:33:45 +0800] "POST /xingrg/kc/buy/cgsh_order_operate.html HTTP/1.1" 200 8245
61.165.42.208 - - [08/Mar/2021:08:33:45 +0800] "GET /xingrg/all/function/internal_message.html?_=1615163625696&CODE_STATE=getMsg HTTP/1.1" 200 27
180.174.195.252 - - [08/Mar/2021:08:33:45 +0800] "GET /xingrg/all/common/auto_word.html?type=employee&rest_code=00102 HTTP/1.1" 200 189
180.174.195.252 - - [08/Mar/2021:08:33:45 +0800] "GET /xingrg/all/common/auto_word.html?type=employee&rest_code=00102 HTTP/1.1" 200 189
180.174.195.252 - - [08/Mar/2021:08:33:45 +0800] "GET /xingrg/javascript/easyui/themes/icons/edit_remove.png HTTP/1.1" 304 -
180.174.195.252 - - [08/Mar/2021:08:33:45 +0800] "GET /xingrg/javascript/easyui/themes/default/validatebox.css HTTP/1.1" 404 1104
180.174.195.252 - - [08/Mar/2021:08:33:45 +0800] "GET /xingrg/javascript/easyui/plugins/jquery.validatebox.js HTTP/1.1" 304 -
180.174.195.252 - - [08/Mar/2021:08:33:45 +0800] "GET /xingrg/javascript/easyui/plugins/jquery.numberbox.js HTTP/1.1" 304 -
180.174.195.252 - - [08/Mar/2021:08:33:46 +0800] "GET /xingrg/javascript/auto/indicator.gif HTTP/1.1" 404 1066
180.174.195.252 - - [08/Mar/2021:08:33:53 +0800] "GET /xingrg/kc/buy/cgsh_order_operate.html?command=get_materiel&rest_code=00102&code=00101006109&supplier_code=00100096&order_time=2021-03-08 HTTP/1.1" 200 411
58.40.7.146 - - [08/Mar/2021:08:34:01 +0800] "GET /xingrg/all/function/internal_message.html?_=1615163640657&CODE_STATE=getMsg HTTP/1.1" 302 -
101.228.165.174 - - [08/Mar/2021:08:34:02 +0800] "GET /xingrg/all/function/internal_message.html?_=1615163641598&CODE_STATE=getMsg HTTP/1.1" 302 -
101.228.165.174 - - [08/Mar/2021:08:34:02 +0800] "GET /xingrg/check_reg.html?_=1615163641600 HTTP/1.1" 302 -
101.89.29.92 - - [08/Mar/2021:08:34:07 +0800] "GET /xingrg/all/function/internal_message.html?_=1615163486343&CODE_STATE=getMsg HTTP/1.1" 302 -
180.174.195.252 - - [08/Mar/2021:08:34:08 +0800] "GET /xingrg/kc/buy/cgsh_order_operate.html?command=get_materiel&rest_code=00102&code=00101016038&supplier_code=00100096&order_time=2021-03-08 HTTP/1.1" 200 408
180.169.147.146 - - [08/Mar/2021:08:34:09 +0800] "GET /favicon.ico HTTP/1.1" 404 -
101.89.29.92 - - [08/Mar/2021:08:34:11 +0800] "GET /xingrg/login.html HTTP/1.1" 200 7641
116.224.253.72 - - [08/Mar/2021:08:34:16 +0800] "GET /xingrg/check_reg.html?_=1615163658997 HTTP/1.1" 200 22
116.224.253.72 - - [08/Mar/2021:08:34:16 +0800] "GET /xingrg/all/function/internal_message.html?_=1615163659000&CODE_STATE=getMsg HTTP/1.1" 200 27
101.228.165.174 - - [08/Mar/2021:08:34:18 +0800] "GET /xingrg/all/function/internal_message.html?_=1615163689268&CODE_STATE=getMsg HTTP/1.1" 200 27
180.174.195.252 - - [08/Mar/2021:08:34:21 +0800] "GET /xingrg/kc/buy/cgsh_order_operate.html?command=get_materiel&rest_code=00102&code=00101006129&supplier_code=00100096&order_time=2021-03-08 HTTP/1.1" 200 433
222.70.216.220 - - [08/Mar/2021:08:34:22 +0800] "GET /xingrg/all/function/internal_message.html?_=1615163660154&CODE_STATE=getMsg HTTP/1.1" 200 27
222.70.216.220 - - [08/Mar/2021:08:34:22 +0800] "GET /xingrg/check_reg.html?_=1615163660157 HTTP/1.1" 200 22
116.224.253.72 - - [08/Mar/2021:08:34:26 +0800] "GET /xingrg/kc/buy/cgsh_order_list.html HTTP/1.1" 200 46370
116.224.253.72 - - [08/Mar/2021:08:34:27 +0800] "POST /xingrg/kc/buy/cgsh_list_operate.html HTTP/1.1" 200 876
58.37.230.33 - - [08/Mar/2021:08:34:29 +0800] "GET /xingrg/all/function/internal_message.html?_=1615163666336&CODE_STATE=getMsg HTTP/1.1" 200 27
58.37.230.33 - - [08/Mar/2021:08:34:29 +0800] "GET /xingrg/check_reg.html?_=1615163666337 HTTP/1.1" 200 22
116.224.253.72 - - [08/Mar/2021:08:34:31 +0800] "GET /xingrg/kc/buy/cgsh_order_add.html HTTP/1.1" 200 61746
116.224.253.72 - - [08/Mar/2021:08:34:31 +0800] "GET /xingrg/words/20210307130732_words.js HTTP/1.1" 304 -
116.224.253.72 - - [08/Mar/2021:08:34:32 +0800] "GET /xingrg/all/common/auto_word.html?type=employee&rest_code=00151 HTTP/1.1" 200 243
116.224.253.72 - - [08/Mar/2021:08:34:32 +0800] "GET /xingrg/javascript/easyui/themes/default/validatebox.css HTTP/1.1" 404 1104
116.224.253.72 - - [08/Mar/2021:08:34:32 +0800] "GET /xingrg/all/common/auto_word.html?type=employee&rest_code=00151 HTTP/1.1" 200 243
116.224.253.72 - - [08/Mar/2021:08:34:32 +0800] "POST /xingrg/kc/buy/cgsh_order_operate.html HTTP/1.1" 200 8245
116.224.253.72 - - [08/Mar/2021:08:34:34 +0800] "GET /xingrg/javascript/auto/indicator.gif HTTP/1.1" 404 1066
180.174.195.252 - - [08/Mar/2021:08:34:34 +0800] "GET /xingrg/all/function/internal_message.html?_=1615163934524&CODE_STATE=getMsg HTTP/1.1" 200 27
180.169.147.146 - - [08/Mar/2021:08:34:34 +0800] "GET /xingrg/all/function/internal_message.html?_=1615163675441&CODE_STATE=getMsg HTTP/1.1" 200 27
120.253.135.82 - - [08/Mar/2021:08:34:37 +0800] "GET /xingrg/check_reg.html?_=1615163446799 HTTP/1.1" 200 22
180.174.195.252 - - [08/Mar/2021:08:34:37 +0800] "GET /xingrg/kc/buy/cgsh_order_operate.html?command=get_materiel&rest_code=00102&code=00101006019&supplier_code=00100096&order_time=2021-03-08 HTTP/1.1" 200 417
120.253.135.82 - - [08/Mar/2021:08:34:44 +0800] "GET /xingrg/all/function/internal_message.html?_=1615163687535&CODE_STATE=getMsg HTTP/1.1" 302 -
116.224.253.72 - - [08/Mar/2021:08:34:44 +0800] "GET /xingrg/kc/buy/cgsh_order_operate.html?command=get_materiel&rest_code=00151&code=00101006131&supplier_code=00100096&order_time=2021-03-08 HTTP/1.1" 200 417
61.165.42.208 - - [08/Mar/2021:08:34:45 +0800] "GET /xingrg/all/function/internal_message.html?_=1615163685693&CODE_STATE=getMsg HTTP/1.1" 200 27
58.40.7.146 - - [08/Mar/2021:08:35:01 +0800] "GET /xingrg/all/function/internal_message.html?_=1615163700660&CODE_STATE=getMsg HTTP/1.1" 302 -
116.224.253.72 - - [08/Mar/2021:08:35:02 +0800] "GET /xingrg/kc/buy/cgsh_order_operate.html?command=get_materiel&rest_code=00151&code=00101006056&supplier_code=00100096&order_time=2021-03-08 HTTP/1.1" 200 415
101.228.165.174 - - [08/Mar/2021:08:35:02 +0800] "GET /xingrg/all/function/internal_message.html?_=1615163701599&CODE_STATE=getMsg HTTP/1.1" 302 -
61.129.7.235 - - [08/Mar/2021:08:35:03 +0800] "GET /xingrg/all/function/internal_message.html?_=1615163546340&CODE_STATE=getMsg HTTP/1.1" 302 -
180.174.195.252 - - [08/Mar/2021:08:35:08 +0800] "GET /xingrg/kc/buy/cgsh_order_operate.html?command=get_materiel&rest_code=00102&code=00101016105&supplier_code=00100096&order_time=2021-03-08 HTTP/1.1" 200 409
61.129.7.235 - - [08/Mar/2021:08:35:10 +0800] "GET /xingrg/login.html HTTP/1.1" 200 7641
116.224.253.72 - - [08/Mar/2021:08:35:11 +0800] "GET /xingrg/kc/buy/cgsh_order_operate.html?command=get_materiel&rest_code=00151&code=00101006027&supplier_code=00100096&order_time=2021-03-08 HTTP/1.1" 200 409
116.224.253.72 - - [08/Mar/2021:08:35:16 +0800] "GET /xingrg/all/function/internal_message.html?_=1615163718997&CODE_STATE=getMsg HTTP/1.1" 200 27
101.228.165.174 - - [08/Mar/2021:08:35:18 +0800] "GET /xingrg/all/function/internal_message.html?_=1615163749393&CODE_STATE=getMsg HTTP/1.1" 200 27
116.224.253.72 - - [08/Mar/2021:08:35:20 +0800] "GET /xingrg/login.html HTTP/1.1" 200 7641
61.165.42.208 - - [08/Mar/2021:08:35:20 +0800] "GET /xingrg/kc/buy/cgsh_order_operate.html?command=get_materiel&rest_code=00105&code=00101002027&supplier_code=00100397&order_time=2021-03-08 HTTP/1.1" 200 413
116.224.253.72 - - [08/Mar/2021:08:35:21 +0800] "GET /favicon.ico HTTP/1.1" 404 -
222.70.216.220 - - [08/Mar/2021:08:35:22 +0800] "GET /xingrg/all/function/internal_message.html?_=1615163720145&CODE_STATE=getMsg HTTP/1.1" 200 27
116.224.253.72 - - [08/Mar/2021:08:35:22 +0800] "POST /xingrg/login.do HTTP/1.1" 302 -
116.224.253.72 - - [08/Mar/2021:08:35:22 +0800] "GET /xingrg/index.html?sysBaseUrl=http%3A%2F%2F180.169.147.146%3A18081%2Fxingrg%2F&costTime=48×tamp=1615163722941 HTTP/1.1" 200 17179
116.224.253.72 - - [08/Mar/2021:08:35:22 +0800] "GET /xingrg/css/form.css HTTP/1.1" 304 -
116.224.253.72 - - [08/Mar/2021:08:35:22 +0800] "GET /xingrg/javascript/jquery_easy_ui/themes/icon.css HTTP/1.1" 304 -
116.224.253.72 - - [08/Mar/2021:08:35:22 +0800] "GET /xingrg/javascript/jquery_easy_ui/themes/default/easyui.css HTTP/1.1" 304 -
116.224.253.72 - - [08/Mar/2021:08:35:22 +0800] "GET /xingrg/javascript/jquery_easy_ui/jquery.easyui.min.js HTTP/1.1" 304 -
116.224.253.72 - - [08/Mar/2021:08:35:22 +0800] "GET /xingrg/javascript/jquery-1.4.2.min.js HTTP/1.1" 304 -
116.224.253.72 - - [08/Mar/2021:08:35:22 +0800] "GET /xingrg/javascript/jquery_easy_ui/easyui-lang-zh_CN.js HTTP/1.1" 304 -
116.224.253.72 - - [08/Mar/2021:08:35:22 +0800] "GET /xingrg/javascript/jquery.form.js HTTP/1.1" 304 -
116.224.253.72 - - [08/Mar/2021:08:35:22 +0800] "GET /xingrg/javascript/jquery.utils.js HTTP/1.1" 304 -
116.224.253.72 - - [08/Mar/2021:08:35:22 +0800] "GET /xingrg/javascript/jquery.timers.js HTTP/1.1" 304 -
116.224.253.72 - - [08/Mar/2021:08:35:23 +0800] "GET /favicon.ico HTTP/1.1" 404 -
116.224.253.72 - - [08/Mar/2021:08:35:23 +0800] "POST /xingrg/all/common/load_tree.html?tree=area_rest_tree_json&manage=1 HTTP/1.1" 200 476
116.224.253.72 - - [08/Mar/2021:08:35:23 +0800] "GET /xingrg/check_reg.html?_=1615163687130 HTTP/1.1" 200 22
116.224.253.72 - - [08/Mar/2021:08:35:23 +0800] "GET /xingrg/all/function/internal_message.html?_=1615163687129&CODE_STATE=count HTTP/1.1" 200 11
116.224.253.72 - - [08/Mar/2021:08:35:23 +0800] "POST /xingrg/load_menu.html HTTP/1.1" 200 5138
180.174.195.252 - - [08/Mar/2021:08:35:28 +0800] "POST /xingrg/kc/buy/cgsh_order_operate.html HTTP/1.1" 200 37
58.37.230.33 - - [08/Mar/2021:08:35:29 +0800] "GET /xingrg/all/function/internal_message.html?_=1615163726335&CODE_STATE=getMsg HTTP/1.1" 200 27
180.174.195.252 - - [08/Mar/2021:08:35:30 +0800] "POST /xingrg/kc/buy/cgsh_order_operate.html HTTP/1.1" 200 12
101.228.165.174 - - [08/Mar/2021:08:35:31 +0800] "GET /xingrg/check_reg.html?_=1615163762625 HTTP/1.1" 200 22
116.224.253.72 - - [08/Mar/2021:08:35:32 +0800] "GET /xingrg/kc/buy/cgsh_order_list.html HTTP/1.1" 200 46372
116.224.253.72 - - [08/Mar/2021:08:35:32 +0800] "GET /xingrg/css/base.css HTTP/1.1" 304 -
116.224.253.72 - - [08/Mar/2021:08:35:32 +0800] "GET /xingrg/javascript/jquery_tools/jquery.tools.hotkey.js HTTP/1.1" 304 -
116.224.253.72 - - [08/Mar/2021:08:35:32 +0800] "GET /xingrg/javascript/jquery_tools/fix.css HTTP/1.1" 304 -
116.224.253.72 - - [08/Mar/2021:08:35:32 +0800] "GET /xingrg/javascript/easyui/themes/icon.css HTTP/1.1" 304 -
116.224.253.72 - - [08/Mar/2021:08:35:32 +0800] "GET /xingrg/css/site.css HTTP/1.1" 304 -
116.224.253.72 - - [08/Mar/2021:08:35:32 +0800] "GET /xingrg/javascript/jquery_tools/datebox.css HTTP/1.1" 304 -
116.224.253.72 - - [08/Mar/2021:08:35:32 +0800] "GET /xingrg/javascript/auto/jquery.autocomplete.css HTTP/1.1" 304 -
116.224.253.72 - - [08/Mar/2021:08:35:32 +0800] "GET /xingrg/javascript/jquery_tools/table.css HTTP/1.1" 304 -
116.224.253.72 - - [08/Mar/2021:08:35:32 +0800] "GET /xingrg/javascript/easyui/themes/default/easyui.css HTTP/1.1" 304 -
116.224.253.72 - - [08/Mar/2021:08:35:32 +0800] "GET /xingrg/javascript/jquery_tools/jquery.tools.extend.js HTTP/1.1" 304 -
116.224.253.72 - - [08/Mar/2021:08:35:32 +0800] "GET /xingrg/javascript/jquery_tools/jquery.tools.min.js HTTP/1.1" 304 -
116.224.253.72 - - [08/Mar/2021:08:35:32 +0800] "GET /xingrg/javascript/jquery_tools/list_manager.js HTTP/1.1" 304 -
116.224.253.72 - - [08/Mar/2021:08:35:32 +0800] "GET /xingrg/javascript/jquery_tools/jquery.tools.table.js HTTP/1.1" 304 -
116.224.253.72 - - [08/Mar/2021:08:35:32 +0800] "GET /xingrg/javascript/jquery.cookie.js HTTP/1.1" 304 -
116.224.253.72 - - [08/Mar/2021:08:35:32 +0800] "GET /xingrg/javascript/easyui/easyloader.js HTTP/1.1" 304 -
116.224.253.72 - - [08/Mar/2021:08:35:32 +0800] "GET /xingrg/javascript/auto/jquery.autocomplete.js HTTP/1.1" 304 -
116.224.253.72 - - [08/Mar/2021:08:35:32 +0800] "GET /xingrg/javascript/print/LodopFuncs.js HTTP/1.1" 304 -
180.174.195.252 - - [08/Mar/2021:08:35:32 +0800] "GET /xingrg/kc/buy/cgsh_order_info.html?code=212021030803065 HTTP/1.1" 200 56953
116.224.253.72 - - [08/Mar/2021:08:35:32 +0800] "GET /xingrg/kc/buy/cgsh_order_operate.html?command=get_materiel&rest_code=00151&code=00101006168&supplier_code=00100096&order_time=2021-03-08 HTTP/1.1" 200 423
116.224.253.72 - - [08/Mar/2021:08:35:33 +0800] "GET /xingrg/javascript/easyui/plugins/jquery.parser.js HTTP/1.1" 304 -
116.224.253.72 - - [08/Mar/2021:08:35:33 +0800] "POST /xingrg/kc/buy/cgsh_list_operate.html HTTP/1.1" 200 876
180.174.195.252 - - [08/Mar/2021:08:35:34 +0800] "GET /xingrg/javascript/easyui/themes/default/validatebox.css HTTP/1.1" 404 1104
180.174.195.252 - - [08/Mar/2021:08:35:34 +0800] "GET /xingrg/all/function/internal_message.html?_=1615163994700&CODE_STATE=getMsg HTTP/1.1" 200 27
180.169.147.146 - - [08/Mar/2021:08:35:34 +0800] "GET /xingrg/all/function/internal_message.html?_=1615163735441&CODE_STATE=getMsg HTTP/1.1" 200 27
180.169.147.146 - - [08/Mar/2021:08:35:34 +0800] "GET /xingrg/check_reg.html?_=1615163735445 HTTP/1.1" 200 22
180.174.195.252 - - [08/Mar/2021:08:35:34 +0800] "POST /xingrg/kc/buy/cgsh_order_operate.html HTTP/1.1" 200 3582
61.165.42.208 - - [08/Mar/2021:08:35:35 +0800] "GET /xingrg/kc/buy/cgsh_order_operate.html?command=get_materiel&rest_code=00105&code=00101002022&supplier_code=00100397&order_time=2021-03-08 HTTP/1.1" 200 429
116.224.253.72 - - [08/Mar/2021:08:35:41 +0800] "GET /xingrg/javascript/pic_change.js HTTP/1.1" 304 -
116.224.253.72 - - [08/Mar/2021:08:35:41 +0800] "GET /xingrg/javascript/jquery_tools/order_manager.js HTTP/1.1" 304 -
116.224.253.72 - - [08/Mar/2021:08:35:41 +0800] "GET /xingrg/javascript/json2.js HTTP/1.1" 304 -
116.224.253.72 - - [08/Mar/2021:08:35:41 +0800] "GET /xingrg/javascript/print/kc_print.js HTTP/1.1" 304 -
116.224.253.72 - - [08/Mar/2021:08:35:41 +0800] "GET /xingrg/javascript/convert.js HTTP/1.1" 304 -
116.224.253.72 - - [08/Mar/2021:08:35:41 +0800] "GET /xingrg/kc/buy/cgsh_order_add.html HTTP/1.1" 200 62040
116.224.253.72 - - [08/Mar/2021:08:35:41 +0800] "GET /xingrg/words/20210307130732_words.js HTTP/1.1" 200 797671
116.224.253.72 - - [08/Mar/2021:08:35:41 +0800] "POST /xingrg/kc/buy/cgsh_order_operate.html HTTP/1.1" 200 8245
116.224.253.72 - - [08/Mar/2021:08:35:42 +0800] "GET /xingrg/all/common/auto_word.html?type=employee&rest_code=00150 HTTP/1.1" 200 205
116.224.253.72 - - [08/Mar/2021:08:35:42 +0800] "GET /xingrg/all/common/auto_word.html?type=employee&rest_code=00150 HTTP/1.1" 200 205
116.224.253.72 - - [08/Mar/2021:08:35:42 +0800] "GET /xingrg/javascript/easyui/themes/default/validatebox.css HTTP/1.1" 404 1104
116.224.253.72 - - [08/Mar/2021:08:35:42 +0800] "GET /xingrg/javascript/easyui/plugins/jquery.validatebox.js HTTP/1.1" 304 -
116.224.253.72 - - [08/Mar/2021:08:35:42 +0800] "GET /xingrg/javascript/easyui/plugins/jquery.numberbox.js HTTP/1.1" 304 -
116.224.253.72 - - [08/Mar/2021:08:35:43 +0800] "GET /xingrg/javascript/auto/indicator.gif HTTP/1.1" 404 1066
120.253.135.82 - - [08/Mar/2021:08:35:44 +0800] "GET /xingrg/all/function/internal_message.html?_=1615163747585&CODE_STATE=getMsg HTTP/1.1" 302 -
61.165.42.208 - - [08/Mar/2021:08:35:45 +0800] "GET /xingrg/all/function/internal_message.html?_=1615163745680&CODE_STATE=getMsg HTTP/1.1" 200 27
180.174.195.252 - - [08/Mar/2021:08:35:47 +0800] "GET /xingrg/kc/print/load_config.html?kc_code=cgsh HTTP/1.1" 200 1845
180.174.195.252 - - [08/Mar/2021:08:35:47 +0800] "GET /xingrg/kc/print/load_data.html?order_code=212021030803065&kc_code=cgsh&condition= HTTP/1.1" 200 1802
116.224.253.72 - - [08/Mar/2021:08:35:51 +0800] "GET /xingrg/javascript/jquery_tools/images/prev.gif HTTP/1.1" 404 1086
116.224.253.72 - - [08/Mar/2021:08:35:51 +0800] "GET /xingrg/javascript/jquery_tools/images/next.gif HTTP/1.1" 404 1086
120.253.135.82 - - [08/Mar/2021:08:35:53 +0800] "GET /xingrg/check_reg.html?_=1615163756987 HTTP/1.1" 302 -
58.40.7.146 - - [08/Mar/2021:08:36:01 +0800] "GET /xingrg/all/function/internal_message.html?_=1615163760664&CODE_STATE=getMsg HTTP/1.1" 302 -
101.228.165.174 - - [08/Mar/2021:08:36:02 +0800] "GET /xingrg/all/function/internal_message.html?_=1615163761601&CODE_STATE=getMsg HTTP/1.1" 302 -
116.224.253.72 - - [08/Mar/2021:08:36:04 +0800] "GET /xingrg/kc/buy/cgsh_order_operate.html?command=get_materiel&rest_code=00150&code=00101008072&supplier_code=00100007&order_time=2021-03-08 HTTP/1.1" 200 408
61.165.42.208 - - [08/Mar/2021:08:36:14 +0800] "GET /xingrg/kc/buy/cgsh_order_operate.html?command=get_materiel&rest_code=00105&code=00101001049&supplier_code=00100397&order_time=2021-03-08 HTTP/1.1" 200 415
116.224.253.72 - - [08/Mar/2021:08:36:16 +0800] "GET /xingrg/all/function/internal_message.html?_=1615163778994&CODE_STATE=getMsg HTTP/1.1" 200 27
101.228.165.174 - - [08/Mar/2021:08:36:18 +0800] "GET /xingrg/all/function/internal_message.html?_=1615163809404&CODE_STATE=getMsg HTTP/1.1" 200 27
116.224.253.72 - - [08/Mar/2021:08:36:21 +0800] "GET /xingrg/kc/buy/cgsh_order_operate.html?command=get_materiel&rest_code=00150&code=00101008156&supplier_code=00100007&order_time=2021-03-08 HTTP/1.1" 200 414
222.70.216.220 - - [08/Mar/2021:08:36:22 +0800] "GET /xingrg/all/function/internal_message.html?_=1615163780146&CODE_STATE=getMsg HTTP/1.1" 200 27
116.224.253.72 - - [08/Mar/2021:08:36:23 +0800] "GET /xingrg/all/function/internal_message.html?_=1615163747141&CODE_STATE=getMsg HTTP/1.1" 200 27
61.165.42.208 - - [08/Mar/2021:08:36:25 +0800] "GET /xingrg/kc/buy/cgsh_order_operate.html?command=get_materiel&rest_code=00105&code=00101001099&supplier_code=00100397&order_time=2021-03-08 HTTP/1.1" 200 409
58.37.230.33 - - [08/Mar/2021:08:36:29 +0800] "GET /xingrg/all/function/internal_message.html?_=1615163786350&CODE_STATE=getMsg HTTP/1.1" 200 27
116.224.253.72 - - [08/Mar/2021:08:36:31 +0800] "GET /xingrg/kc/buy/cgsh_order_operate.html?command=get_materiel&rest_code=00150&code=00101008096&supplier_code=00100007&order_time=2021-03-08 HTTP/1.1" 200 413
180.169.147.146 - - [08/Mar/2021:08:36:34 +0800] "GET /xingrg/all/function/internal_message.html?_=1615163795431&CODE_STATE=getMsg HTTP/1.1" 200 27
180.174.195.252 - - [08/Mar/2021:08:36:34 +0800] "GET /xingrg/all/function/internal_message.html?_=1615164054856&CODE_STATE=getMsg HTTP/1.1" 200 27
116.224.253.72 - - [08/Mar/2021:08:36:38 +0800] "GET /xingrg/kc/buy/cgsh_order_operate.html?command=get_materiel&rest_code=00151&code=00101006062&supplier_code=00100096&order_time=2021-03-08 HTTP/1.1" 200 409
116.224.253.72 - - [08/Mar/2021:08:36:41 +0800] "GET /xingrg/kc/buy/cgsh_order_operate.html?command=get_materiel&rest_code=00150&code=00101008038&supplier_code=00100007&order_time=2021-03-08 HTTP/1.1" 200 413
120.253.135.82 - - [08/Mar/2021:08:36:44 +0800] "GET /xingrg/all/function/internal_message.html?_=1615163807625&CODE_STATE=getMsg HTTP/1.1" 302 -
61.165.42.208 - - [08/Mar/2021:08:36:45 +0800] "GET /xingrg/all/function/internal_message.html?_=1615163805718&CODE_STATE=getMsg HTTP/1.1" 200 27
61.165.42.208 - - [08/Mar/2021:08:36:45 +0800] "GET /xingrg/check_reg.html?_=1615163805722 HTTP/1.1" 200 22
116.224.253.72 - - [08/Mar/2021:08:36:48 +0800] "GET /xingrg/kc/buy/cgsh_order_operate.html?command=get_materiel&rest_code=00150&code=00101008358&supplier_code=00100007&order_time=2021-03-08 HTTP/1.1" 200 412
116.224.253.72 - - [08/Mar/2021:08:36:51 +0800] "GET /xingrg/kc/buy/cgsh_order_operate.html?command=get_materiel&rest_code=00151&code=00101006109&supplier_code=00100096&order_time=2021-03-08 HTTP/1.1" 200 411
58.40.7.146 - - [08/Mar/2021:08:37:01 +0800] "GET /xingrg/all/function/internal_message.html?_=1615163820653&CODE_STATE=getMsg HTTP/1.1" 302 -
101.228.165.174 - - [08/Mar/2021:08:37:02 +0800] "GET /xingrg/all/function/internal_message.html?_=1615163821601&CODE_STATE=getMsg HTTP/1.1" 302 -
116.224.253.72 - - [08/Mar/2021:08:37:07 +0800] "GET /xingrg/kc/buy/cgsh_order_operate.html?command=get_materiel&rest_code=00151&code=00101006039&supplier_code=00100096&order_time=2021-03-08 HTTP/1.1" 200 415
116.224.253.72 - - [08/Mar/2021:08:37:16 +0800] "GET /xingrg/all/function/internal_message.html?_=1615163839008&CODE_STATE=getMsg HTTP/1.1" 200 27
101.228.165.174 - - [08/Mar/2021:08:37:18 +0800] "GET /xingrg/all/function/internal_message.html?_=1615163869418&CODE_STATE=getMsg HTTP/1.1" 200 27
222.70.216.220 - - [08/Mar/2021:08:37:22 +0800] "GET /xingrg/all/function/internal_message.html?_=1615163840149&CODE_STATE=getMsg HTTP/1.1" 200 27
116.224.253.72 - - [08/Mar/2021:08:37:23 +0800] "GET /xingrg/all/function/internal_message.html?_=1615163807269&CODE_STATE=getMsg HTTP/1.1" 200 27
58.37.230.33 - - [08/Mar/2021:08:37:29 +0800] "GET /xingrg/all/function/internal_message.html?_=1615163846348&CODE_STATE=getMsg HTTP/1.1" 200 27
180.169.147.146 - - [08/Mar/2021:08:37:34 +0800] "GET /xingrg/all/function/internal_message.html?_=1615163855449&CODE_STATE=getMsg HTTP/1.1" 200 27
180.174.195.252 - - [08/Mar/2021:08:37:34 +0800] "GET /xingrg/all/function/internal_message.html?_=1615164114861&CODE_STATE=getMsg HTTP/1.1" 200 27
116.224.253.72 - - [08/Mar/2021:08:37:44 +0800] "GET /xingrg/kc/buy/cgsh_order_operate.html?command=get_materiel&rest_code=00151&code=00101006112&supplier_code=00100096&order_time=2021-03-08 HTTP/1.1" 200 411
120.253.135.82 - - [08/Mar/2021:08:37:44 +0800] "GET /xingrg/all/function/internal_message.html?_=1615163867637&CODE_STATE=getMsg HTTP/1.1" 302 -
61.165.42.208 - - [08/Mar/2021:08:37:45 +0800] "GET /xingrg/all/function/internal_message.html?_=1615163865688&CODE_STATE=getMsg HTTP/1.1" 200 27
116.224.253.72 - - [08/Mar/2021:08:37:54 +0800] "GET /xingrg/kc/buy/cgsh_order_operate.html?command=get_materiel&rest_code=00151&code=00101006084&supplier_code=00100096&order_time=2021-03-08 HTTP/1.1" 200 415
58.40.7.146 - - [08/Mar/2021:08:38:01 +0800] "GET /xingrg/all/function/internal_message.html?_=1615163880657&CODE_STATE=getMsg HTTP/1.1" 302 -
101.228.165.174 - - [08/Mar/2021:08:38:02 +0800] "GET /xingrg/all/function/internal_message.html?_=1615163881601&CODE_STATE=getMsg HTTP/1.1" 302 -
116.224.253.72 - - [08/Mar/2021:08:38:09 +0800] "GET /xingrg/kc/buy/cgsh_order_operate.html?command=get_materiel&rest_code=00151&code=00101012070&supplier_code=00100096&order_time=2021-03-08 HTTP/1.1" 200 398
116.224.253.72 - - [08/Mar/2021:08:38:12 +0800] "GET /xingrg/kc/buy/cgsh_order_operate.html?command=get_materiel&rest_code=00150&code=00101008163&supplier_code=00100007&order_time=2021-03-08 HTTP/1.1" 200 408
116.224.253.72 - - [08/Mar/2021:08:38:15 +0800] "GET /xingrg/kc/buy/cgsh_order_operate.html?command=get_materiel&rest_code=00151&code=00101012059&supplier_code=00100096&order_time=2021-03-08 HTTP/1.1" 200 413
116.224.253.72 - - [08/Mar/2021:08:38:16 +0800] "GET /xingrg/all/function/internal_message.html?_=1615163899005&CODE_STATE=getMsg HTTP/1.1" 200 27
101.228.165.174 - - [08/Mar/2021:08:38:18 +0800] "GET /xingrg/all/function/internal_message.html?_=1615163929553&CODE_STATE=getMsg HTTP/1.1" 200 27
222.70.216.220 - - [08/Mar/2021:08:38:22 +0800] "GET /xingrg/all/function/internal_message.html?_=1615163900150&CODE_STATE=getMsg HTTP/1.1" 200 27
116.224.253.72 - - [08/Mar/2021:08:38:23 +0800] "GET /xingrg/all/function/internal_message.html?_=1615163867276&CODE_STATE=getMsg HTTP/1.1" 200 27
58.40.7.146 - - [08/Mar/2021:08:38:27 +0800] "GET /xingrg/check_reg.html?_=1615163906751 HTTP/1.1" 302 -
116.224.253.72 - - [08/Mar/2021:08:38:29 +0800] "GET /xingrg/kc/buy/cgsh_order_operate.html?command=get_materiel&rest_code=00150&code=00101008224&supplier_code=00100007&order_time=2021-03-08 HTTP/1.1" 200 416
58.37.230.33 - - [08/Mar/2021:08:38:29 +0800] "GET /xingrg/all/function/internal_message.html?_=1615163906346&CODE_STATE=getMsg HTTP/1.1" 200 27
180.174.195.252 - - [08/Mar/2021:08:38:34 +0800] "GET /xingrg/check_reg.html?_=1615164174650 HTTP/1.1" 200 22
