180.169.147.146 - - [08/Mar/2021:09:33:59 +0800] "GET /xingrg/javascript/jquery_easy_ui/themes/icons/settle_new.png HTTP/1.1" 304 -
101.228.165.174 - - [08/Mar/2021:09:33:59 +0800] "GET /xingrg/javascript/easyui/themes/default/validatebox.css HTTP/1.1" 404 1104
180.169.147.146 - - [08/Mar/2021:09:33:59 +0800] "POST /xingrg/all/common/load_tree.html?tree=area_rest_tree_json&manage=1 HTTP/1.1" 200 3216
180.169.147.146 - - [08/Mar/2021:09:33:59 +0800] "GET /xingrg/all/function/internal_message.html?_=1615167240786&CODE_STATE=count HTTP/1.1" 200 11
180.169.147.146 - - [08/Mar/2021:09:33:59 +0800] "GET /xingrg/check_reg.html?_=1615167240786 HTTP/1.1" 200 22
180.169.147.146 - - [08/Mar/2021:09:33:59 +0800] "GET /xingrg/javascript/jquery_easy_ui/themes/default/images/tabs_rightarrow.png HTTP/1.1" 304 -
180.169.147.146 - - [08/Mar/2021:09:33:59 +0800] "GET /xingrg/images/blue/pingpu.png HTTP/1.1" 304 -
180.169.147.146 - - [08/Mar/2021:09:33:59 +0800] "GET /xingrg/javascript/jquery_easy_ui/themes/default/images/panel_tool_expand.gif HTTP/1.1" 304 -
180.169.147.146 - - [08/Mar/2021:09:33:59 +0800] "GET /xingrg/javascript/jquery_easy_ui/themes/default/images/tabs_leftarrow.png HTTP/1.1" 304 -
180.169.147.146 - - [08/Mar/2021:09:33:59 +0800] "GET /xingrg/javascript/jquery_easy_ui/themes/default/images/panel_tool_collapse.gif HTTP/1.1" 304 -
180.169.147.146 - - [08/Mar/2021:09:33:59 +0800] "POST /xingrg/load_menu.html HTTP/1.1" 200 9959
101.228.165.174 - - [08/Mar/2021:09:34:00 +0800] "POST /xingrg/kc/buy/cgsh_order_operate.html HTTP/1.1" 200 7447
116.235.216.75 - - [08/Mar/2021:09:34:00 +0800] "GET /xingrg/all/function/internal_message.html?_=1615167238426&CODE_STATE=getMsg HTTP/1.1" 200 27
180.169.147.146 - - [08/Mar/2021:09:34:01 +0800] "GET /xingrg/kc/buy/cgsh_order_list.html HTTP/1.1" 200 46627
101.228.165.174 - - [08/Mar/2021:09:34:02 +0800] "GET /xingrg/all/function/internal_message.html?_=1615167241670&CODE_STATE=getMsg HTTP/1.1" 302 -
101.228.165.174 - - [08/Mar/2021:09:34:02 +0800] "GET /xingrg/check_reg.html?_=1615167241673 HTTP/1.1" 302 -
180.169.147.146 - - [08/Mar/2021:09:34:06 +0800] "POST /xingrg/kc/buy/cgsh_list_operate.html HTTP/1.1" 200 3492
116.224.253.72 - - [08/Mar/2021:09:34:12 +0800] "GET /xingrg/all/function/internal_message.html?_=1615167215556&CODE_STATE=getMsg HTTP/1.1" 200 27
114.88.166.193 - - [08/Mar/2021:09:34:13 +0800] "GET /xingrg/check_reg.html?_=1615167251574 HTTP/1.1" 200 22
114.88.166.193 - - [08/Mar/2021:09:34:13 +0800] "GET /xingrg/all/function/internal_message.html?_=1615167251820&CODE_STATE=getMsg HTTP/1.1" 200 27
101.228.165.174 - - [08/Mar/2021:09:34:16 +0800] "POST /xingrg/kc/buy/cgsh_order_operate.html HTTP/1.1" 200 37
101.228.165.174 - - [08/Mar/2021:09:34:18 +0800] "POST /xingrg/kc/buy/cgsh_order_operate.html HTTP/1.1" 200 7447
180.169.147.146 - - [08/Mar/2021:09:34:20 +0800] "GET /xingrg/javascript/auto/indicator.gif HTTP/1.1" 404 1066
101.228.165.174 - - [08/Mar/2021:09:34:21 +0800] "GET /xingrg/all/function/internal_message.html?_=1615167292491&CODE_STATE=getMsg HTTP/1.1" 200 27
101.228.165.174 - - [08/Mar/2021:09:34:21 +0800] "GET /xingrg/kc/print/load_data.html?order_code=212021030702824&kc_code=cgsh&condition= HTTP/1.1" 200 2522
117.185.32.26 - - [08/Mar/2021:09:34:22 +0800] "GET /xingrg/all/function/internal_message.html?_=1615167767068&CODE_STATE=getMsg HTTP/1.1" 200 27
117.185.32.26 - - [08/Mar/2021:09:34:22 +0800] "GET /xingrg/check_reg.html?_=1615167767196 HTTP/1.1" 200 22
222.70.216.220 - - [08/Mar/2021:09:34:22 +0800] "GET /xingrg/all/function/internal_message.html?_=1615167260152&CODE_STATE=getMsg HTTP/1.1" 200 27
222.70.216.220 - - [08/Mar/2021:09:34:22 +0800] "GET /xingrg/check_reg.html?_=1615167260155 HTTP/1.1" 200 22
180.169.147.146 - - [08/Mar/2021:09:34:24 +0800] "POST /xingrg/kc/buy/cgsh_list_operate.html HTTP/1.1" 200 5918
116.224.253.72 - - [08/Mar/2021:09:34:26 +0800] "GET /xingrg/all/function/internal_message.html?_=1615167269062&CODE_STATE=getMsg HTTP/1.1" 200 27
180.169.147.146 - - [08/Mar/2021:09:34:28 +0800] "POST /xingrg/kc/buy/cgsh_list_operate.html HTTP/1.1" 200 589
58.37.230.33 - - [08/Mar/2021:09:34:29 +0800] "GET /xingrg/check_reg.html?_=1615167266477 HTTP/1.1" 200 22
58.37.230.33 - - [08/Mar/2021:09:34:29 +0800] "GET /xingrg/all/function/internal_message.html?_=1615167266479&CODE_STATE=getMsg HTTP/1.1" 200 27
180.169.147.146 - - [08/Mar/2021:09:34:30 +0800] "POST /xingrg/kc/buy/cgsh_list_operate.html HTTP/1.1" 200 4
180.169.147.146 - - [08/Mar/2021:09:34:32 +0800] "POST /xingrg/kc/buy/cgsh_list_operate.html HTTP/1.1" 200 5893
101.228.165.174 - - [08/Mar/2021:09:34:32 +0800] "POST /xingrg/kc/buy/cgsh_list_operate.html HTTP/1.1" 200 3860
120.253.135.82 - - [08/Mar/2021:09:34:32 +0800] "GET /xingrg/check_reg.html?_=1615167041655 HTTP/1.1" 200 22
180.174.195.252 - - [08/Mar/2021:09:34:36 +0800] "GET /xingrg/all/function/internal_message.html?_=1615167536993&CODE_STATE=getMsg HTTP/1.1" 200 27
61.165.42.208 - - [08/Mar/2021:09:34:45 +0800] "GET /xingrg/all/function/internal_message.html?_=1615167285744&CODE_STATE=getMsg HTTP/1.1" 200 27
101.228.165.174 - - [08/Mar/2021:09:34:45 +0800] "POST /xingrg/kc/buy/cgsh_list_operate.html HTTP/1.1" 200 589
120.253.135.82 - - [08/Mar/2021:09:34:46 +0800] "GET /xingrg/all/function/internal_message.html?_=1615167289535&CODE_STATE=getMsg HTTP/1.1" 302 -
180.169.147.146 - - [08/Mar/2021:09:34:52 +0800] "GET /xingrg/all/function/internal_message.html?_=1615167296133&CODE_STATE=getMsg HTTP/1.1" 200 27
180.169.147.146 - - [08/Mar/2021:09:34:59 +0800] "GET /xingrg/all/function/internal_message.html?_=1615167300790&CODE_STATE=getMsg HTTP/1.1" 200 27
116.235.216.75 - - [08/Mar/2021:09:35:00 +0800] "GET /xingrg/all/function/internal_message.html?_=1615167298405&CODE_STATE=getMsg HTTP/1.1" 200 27
101.228.165.174 - - [08/Mar/2021:09:35:02 +0800] "GET /xingrg/all/function/internal_message.html?_=1615167301672&CODE_STATE=getMsg HTTP/1.1" 302 -
101.228.165.174 - - [08/Mar/2021:09:35:05 +0800] "GET /xingrg/kc/buy/cgsh_order_info.html?code=212021030602385 HTTP/1.1" 200 62123
101.228.165.174 - - [08/Mar/2021:09:35:06 +0800] "GET /xingrg/javascript/easyui/themes/default/validatebox.css HTTP/1.1" 404 1104
101.228.165.174 - - [08/Mar/2021:09:35:06 +0800] "POST /xingrg/kc/buy/cgsh_order_operate.html HTTP/1.1" 200 6832
180.169.147.146 - - [08/Mar/2021:09:35:09 +0800] "POST /xingrg/kc/buy/cgsh_list_operate.html HTTP/1.1" 200 589
180.169.147.146 - - [08/Mar/2021:09:35:09 +0800] "GET /xingrg/kc/buy/cgsh_order_info.html?code=212021030602385 HTTP/1.1" 200 62123
180.169.147.146 - - [08/Mar/2021:09:35:09 +0800] "GET /xingrg/all/common/auto_word.html?type=employee&rest_code=00146 HTTP/1.1" 200 147
180.169.147.146 - - [08/Mar/2021:09:35:09 +0800] "GET /xingrg/javascript/easyui/themes/default/validatebox.css HTTP/1.1" 404 1104
180.169.147.146 - - [08/Mar/2021:09:35:09 +0800] "GET /xingrg/all/common/auto_word.html?type=employee&rest_code=00146 HTTP/1.1" 200 147
180.169.147.146 - - [08/Mar/2021:09:35:10 +0800] "POST /xingrg/kc/buy/cgsh_order_operate.html HTTP/1.1" 200 6832
116.224.253.72 - - [08/Mar/2021:09:35:12 +0800] "GET /xingrg/all/function/internal_message.html?_=1615167275696&CODE_STATE=getMsg HTTP/1.1" 200 27
114.88.166.193 - - [08/Mar/2021:09:35:13 +0800] "GET /xingrg/all/function/internal_message.html?_=1615167311834&CODE_STATE=getMsg HTTP/1.1" 200 27
180.169.147.146 - - [08/Mar/2021:09:35:21 +0800] "POST /xingrg/kc/buy/cgsh_order_operate.html HTTP/1.1" 200 37
101.228.165.174 - - [08/Mar/2021:09:35:22 +0800] "GET /xingrg/all/function/internal_message.html?_=1615167352806&CODE_STATE=getMsg HTTP/1.1" 200 27
117.185.32.26 - - [08/Mar/2021:09:35:22 +0800] "GET /xingrg/all/function/internal_message.html?_=1615167827039&CODE_STATE=getMsg HTTP/1.1" 200 27
222.70.216.220 - - [08/Mar/2021:09:35:22 +0800] "GET /xingrg/all/function/internal_message.html?_=1615167320157&CODE_STATE=getMsg HTTP/1.1" 200 27
180.169.147.146 - - [08/Mar/2021:09:35:24 +0800] "POST /xingrg/kc/buy/cgsh_order_operate.html HTTP/1.1" 200 12
180.169.147.146 - - [08/Mar/2021:09:35:26 +0800] "GET /xingrg/kc/buy/cgsh_order_info.html?code=212021030602385 HTTP/1.1" 200 57275
180.169.147.146 - - [08/Mar/2021:09:35:26 +0800] "GET /xingrg/javascript/easyui/themes/default/validatebox.css HTTP/1.1" 404 1104
116.224.253.72 - - [08/Mar/2021:09:35:26 +0800] "GET /xingrg/all/function/internal_message.html?_=1615167329048&CODE_STATE=getMsg HTTP/1.1" 200 27
180.169.147.146 - - [08/Mar/2021:09:35:27 +0800] "POST /xingrg/kc/buy/cgsh_order_operate.html HTTP/1.1" 200 4778
58.37.230.33 - - [08/Mar/2021:09:35:29 +0800] "GET /xingrg/all/function/internal_message.html?_=1615167326476&CODE_STATE=getMsg HTTP/1.1" 200 27
101.228.165.174 - - [08/Mar/2021:09:35:32 +0800] "GET /xingrg/check_reg.html?_=1615167363250 HTTP/1.1" 200 22
180.174.195.252 - - [08/Mar/2021:09:35:36 +0800] "GET /xingrg/all/function/internal_message.html?_=1615167597009&CODE_STATE=getMsg HTTP/1.1" 200 27
114.86.231.172 - - [08/Mar/2021:09:35:43 +0800] "GET /favicon.ico HTTP/1.1" 404 -
61.165.42.208 - - [08/Mar/2021:09:35:45 +0800] "GET /xingrg/all/function/internal_message.html?_=1615167345730&CODE_STATE=getMsg HTTP/1.1" 200 27
120.253.135.82 - - [08/Mar/2021:09:35:46 +0800] "GET /xingrg/all/function/internal_message.html?_=1615167349592&CODE_STATE=getMsg HTTP/1.1" 302 -
114.86.231.172 - - [08/Mar/2021:09:35:46 +0800] "GET /xingrg/login.html HTTP/1.1" 200 7641
114.86.231.172 - - [08/Mar/2021:09:35:46 +0800] "GET /xingrg/images/blue/jxLogo.png HTTP/1.1" 200 6156
114.86.231.172 - - [08/Mar/2021:09:35:46 +0800] "GET /xingrg/images/blue/hj.png HTTP/1.1" 200 1014
114.86.231.172 - - [08/Mar/2021:09:35:46 +0800] "GET /xingrg/images/blue/login_bg.png HTTP/1.1" 200 22101
114.86.231.172 - - [08/Mar/2021:09:35:46 +0800] "GET /xingrg/images/blue/srbg.png HTTP/1.1" 200 138
114.86.231.172 - - [08/Mar/2021:09:35:46 +0800] "GET /favicon.ico HTTP/1.1" 404 -
180.169.147.146 - - [08/Mar/2021:09:35:48 +0800] "POST /xingrg/kc/buy/cgsh_list_operate.html HTTP/1.1" 200 5917
180.169.147.146 - - [08/Mar/2021:09:35:52 +0800] "GET /xingrg/all/function/internal_message.html?_=1615167356125&CODE_STATE=getMsg HTTP/1.1" 200 27
120.253.135.82 - - [08/Mar/2021:09:35:53 +0800] "GET /xingrg/check_reg.html?_=1615167357057 HTTP/1.1" 302 -
180.169.147.146 - - [08/Mar/2021:09:35:59 +0800] "GET /xingrg/all/function/internal_message.html?_=1615167360793&CODE_STATE=getMsg HTTP/1.1" 200 27
116.235.216.75 - - [08/Mar/2021:09:36:00 +0800] "GET /xingrg/all/function/internal_message.html?_=1615167358390&CODE_STATE=getMsg HTTP/1.1" 200 27
101.228.165.174 - - [08/Mar/2021:09:36:02 +0800] "GET /xingrg/all/function/internal_message.html?_=1615167361672&CODE_STATE=getMsg HTTP/1.1" 302 -
101.228.165.174 - - [08/Mar/2021:09:36:11 +0800] "POST /xingrg/kc/buy/cgsh_list_operate.html HTTP/1.1" 200 3492
116.224.253.72 - - [08/Mar/2021:09:36:12 +0800] "GET /xingrg/all/function/internal_message.html?_=1615167335709&CODE_STATE=getMsg HTTP/1.1" 200 27
114.88.166.193 - - [08/Mar/2021:09:36:13 +0800] "GET /xingrg/all/function/internal_message.html?_=1615167371849&CODE_STATE=getMsg HTTP/1.1" 200 27
101.228.165.174 - - [08/Mar/2021:09:36:13 +0800] "POST /xingrg/kc/buy/cgsh_list_operate.html HTTP/1.1" 200 592
101.228.165.174 - - [08/Mar/2021:09:36:14 +0800] "POST /xingrg/kc/buy/cgsh_list_operate.html HTTP/1.1" 200 202
61.165.42.208 - - [08/Mar/2021:09:36:20 +0800] "GET /xingrg/index.html?sysBaseUrl=http%3A%2F%2F180.169.147.146%3A18081%2Fxingrg%2F&costTime=36×tamp=1585223203754 HTTP/1.1" 302 -
61.165.42.208 - - [08/Mar/2021:09:36:20 +0800] "GET /xingrg/login.html HTTP/1.1" 200 7641
61.165.42.208 - - [08/Mar/2021:09:36:20 +0800] "GET /favicon.ico HTTP/1.1" 404 -
101.228.165.174 - - [08/Mar/2021:09:36:21 +0800] "POST /xingrg/kc/buy/cgsh_list_operate.html HTTP/1.1" 200 4
61.165.42.208 - - [08/Mar/2021:09:36:21 +0800] "POST /xingrg/login.do HTTP/1.1" 200 2421
61.165.42.208 - - [08/Mar/2021:09:36:21 +0800] "GET /favicon.ico HTTP/1.1" 404 -
117.185.32.26 - - [08/Mar/2021:09:36:22 +0800] "GET /xingrg/all/function/internal_message.html?_=1615167887057&CODE_STATE=getMsg HTTP/1.1" 200 27
61.165.42.208 - - [08/Mar/2021:09:36:22 +0800] "GET /xingrg/login.html HTTP/1.1" 200 7641
61.165.42.208 - - [08/Mar/2021:09:36:22 +0800] "GET /favicon.ico HTTP/1.1" 404 -
222.70.216.220 - - [08/Mar/2021:09:36:22 +0800] "GET /xingrg/all/function/internal_message.html?_=1615167380159&CODE_STATE=getMsg HTTP/1.1" 200 27
61.165.42.208 - - [08/Mar/2021:09:36:23 +0800] "POST /xingrg/login.do HTTP/1.1" 302 -
61.165.42.208 - - [08/Mar/2021:09:36:24 +0800] "GET /xingrg/index.html?sysBaseUrl=http%3A%2F%2F180.169.147.146%3A18081%2Fxingrg%2F&costTime=45×tamp=1615167383985 HTTP/1.1" 200 17173
61.165.42.208 - - [08/Mar/2021:09:36:24 +0800] "GET /favicon.ico HTTP/1.1" 404 -
61.165.42.208 - - [08/Mar/2021:09:36:24 +0800] "POST /xingrg/all/common/load_tree.html?tree=area_rest_tree_json&manage=1 HTTP/1.1" 200 3344
61.165.42.208 - - [08/Mar/2021:09:36:24 +0800] "GET /xingrg/all/function/internal_message.html?_=1615167384891&CODE_STATE=count HTTP/1.1" 200 11
61.165.42.208 - - [08/Mar/2021:09:36:24 +0800] "GET /xingrg/check_reg.html?_=1615167384892 HTTP/1.1" 200 22
61.165.42.208 - - [08/Mar/2021:09:36:24 +0800] "POST /xingrg/load_menu.html HTTP/1.1" 200 5138
101.228.165.174 - - [08/Mar/2021:09:36:25 +0800] "POST /xingrg/kc/buy/cgsh_list_operate.html HTTP/1.1" 200 2777
116.224.253.72 - - [08/Mar/2021:09:36:26 +0800] "GET /xingrg/all/function/internal_message.html?_=1615167389061&CODE_STATE=getMsg HTTP/1.1" 200 27
116.224.253.72 - - [08/Mar/2021:09:36:26 +0800] "GET /xingrg/check_reg.html?_=1615167389064 HTTP/1.1" 200 22
58.221.95.50 - - [08/Mar/2021:09:36:28 +0800] "GET /xingrg/check_reg.html?_=1615167387635 HTTP/1.1" 302 -
58.37.230.33 - - [08/Mar/2021:09:36:29 +0800] "GET /xingrg/all/function/internal_message.html?_=1615167386475&CODE_STATE=getMsg HTTP/1.1" 200 27
180.174.195.252 - - [08/Mar/2021:09:36:36 +0800] "GET /xingrg/all/function/internal_message.html?_=1615167657097&CODE_STATE=getMsg HTTP/1.1" 200 27
120.253.135.82 - - [08/Mar/2021:09:36:46 +0800] "GET /xingrg/all/function/internal_message.html?_=1615167409641&CODE_STATE=getMsg HTTP/1.1" 302 -
180.169.147.146 - - [08/Mar/2021:09:36:52 +0800] "GET /xingrg/all/function/internal_message.html?_=1615167416131&CODE_STATE=getMsg HTTP/1.1" 200 27
180.169.147.146 - - [08/Mar/2021:09:36:59 +0800] "GET /xingrg/all/function/internal_message.html?_=1615167420795&CODE_STATE=getMsg HTTP/1.1" 200 27
116.235.216.75 - - [08/Mar/2021:09:37:00 +0800] "GET /xingrg/all/function/internal_message.html?_=1615167418363&CODE_STATE=getMsg HTTP/1.1" 200 27
101.228.165.174 - - [08/Mar/2021:09:37:02 +0800] "GET /xingrg/all/function/internal_message.html?_=1615167421671&CODE_STATE=getMsg HTTP/1.1" 302 -
116.224.253.72 - - [08/Mar/2021:09:37:11 +0800] "GET /xingrg/check_reg.html?_=1615167394801 HTTP/1.1" 200 22
116.224.253.72 - - [08/Mar/2021:09:37:12 +0800] "GET /xingrg/all/function/internal_message.html?_=1615167395722&CODE_STATE=getMsg HTTP/1.1" 200 27
101.228.165.174 - - [08/Mar/2021:09:37:22 +0800] "GET /xingrg/all/function/internal_message.html?_=1615167472821&CODE_STATE=getMsg HTTP/1.1" 200 27
117.185.32.26 - - [08/Mar/2021:09:37:22 +0800] "GET /xingrg/all/function/internal_message.html?_=1615167947041&CODE_STATE=getMsg HTTP/1.1" 200 27
222.70.216.220 - - [08/Mar/2021:09:37:22 +0800] "GET /xingrg/all/function/internal_message.html?_=1615167440145&CODE_STATE=getMsg HTTP/1.1" 200 27
61.165.42.208 - - [08/Mar/2021:09:37:24 +0800] "GET /xingrg/all/function/internal_message.html?_=1615167444910&CODE_STATE=getMsg HTTP/1.1" 200 27
116.224.253.72 - - [08/Mar/2021:09:37:26 +0800] "GET /xingrg/all/function/internal_message.html?_=1615167449061&CODE_STATE=getMsg HTTP/1.1" 200 27
61.129.6.145 - - [08/Mar/2021:09:37:29 +0800] "GET /xingrg/all/function/internal_message.html?_=1615166846448&CODE_STATE=getMsg HTTP/1.1" 302 -
58.37.230.33 - - [08/Mar/2021:09:37:29 +0800] "GET /xingrg/all/function/internal_message.html?_=1615167446473&CODE_STATE=getMsg HTTP/1.1" 200 27
61.129.6.145 - - [08/Mar/2021:09:37:33 +0800] "GET /xingrg/login.html HTTP/1.1" 200 7641
180.174.195.252 - - [08/Mar/2021:09:37:36 +0800] "GET /xingrg/all/function/internal_message.html?_=1615167717112&CODE_STATE=getMsg HTTP/1.1" 200 27
120.253.135.82 - - [08/Mar/2021:09:37:46 +0800] "GET /xingrg/all/function/internal_message.html?_=1615167469655&CODE_STATE=getMsg HTTP/1.1" 302 -
180.169.147.146 - - [08/Mar/2021:09:37:52 +0800] "GET /xingrg/all/function/internal_message.html?_=1615167476122&CODE_STATE=getMsg HTTP/1.1" 200 27
180.169.147.146 - - [08/Mar/2021:09:37:59 +0800] "GET /xingrg/all/function/internal_message.html?_=1615167480798&CODE_STATE=getMsg HTTP/1.1" 200 27
116.235.216.75 - - [08/Mar/2021:09:38:00 +0800] "GET /xingrg/all/function/internal_message.html?_=1615167478347&CODE_STATE=getMsg HTTP/1.1" 200 27
101.228.165.174 - - [08/Mar/2021:09:38:02 +0800] "GET /xingrg/all/function/internal_message.html?_=1615167481671&CODE_STATE=getMsg HTTP/1.1" 302 -
116.224.253.72 - - [08/Mar/2021:09:38:12 +0800] "GET /xingrg/all/function/internal_message.html?_=1615167455768&CODE_STATE=getMsg HTTP/1.1" 200 27
101.228.165.174 - - [08/Mar/2021:09:38:22 +0800] "GET /xingrg/all/function/internal_message.html?_=1615167532838&CODE_STATE=getMsg HTTP/1.1" 200 27
117.185.32.26 - - [08/Mar/2021:09:38:22 +0800] "GET /xingrg/all/function/internal_message.html?_=1615168007026&CODE_STATE=getMsg HTTP/1.1" 200 27
222.70.216.220 - - [08/Mar/2021:09:38:22 +0800] "GET /xingrg/all/function/internal_message.html?_=1615167500147&CODE_STATE=getMsg HTTP/1.1" 200 27
61.165.42.208 - - [08/Mar/2021:09:38:24 +0800] "GET /xingrg/all/function/internal_message.html?_=1615167504898&CODE_STATE=getMsg HTTP/1.1" 200 27
116.224.253.72 - - [08/Mar/2021:09:38:26 +0800] "GET /xingrg/all/function/internal_message.html?_=1615167509058&CODE_STATE=getMsg HTTP/1.1" 200 27
58.37.230.33 - - [08/Mar/2021:09:38:29 +0800] "GET /xingrg/all/function/internal_message.html?_=1615167506472&CODE_STATE=getMsg HTTP/1.1" 200 27
180.174.195.252 - - [08/Mar/2021:09:38:35 +0800] "GET /xingrg/check_reg.html?_=1615167776022 HTTP/1.1" 200 22
180.174.195.252 - - [08/Mar/2021:09:38:36 +0800] "GET /xingrg/all/function/internal_message.html?_=1615167777125&CODE_STATE=getMsg HTTP/1.1" 200 27
120.253.135.82 - - [08/Mar/2021:09:38:46 +0800] "GET /xingrg/all/function/internal_message.html?_=1615167529705&CODE_STATE=getMsg HTTP/1.1" 302 -
180.169.147.146 - - [08/Mar/2021:09:38:52 +0800] "GET /xingrg/check_reg.html?_=1615167536128 HTTP/1.1" 200 22
180.169.147.146 - - [08/Mar/2021:09:38:52 +0800] "GET /xingrg/all/function/internal_message.html?_=1615167536133&CODE_STATE=getMsg HTTP/1.1" 200 27
116.235.216.75 - - [08/Mar/2021:09:38:55 +0800] "GET /xingrg/check_reg.html?_=1615167532987 HTTP/1.1" 200 22
180.169.147.146 - - [08/Mar/2021:09:38:59 +0800] "GET /xingrg/all/function/internal_message.html?_=1615167540805&CODE_STATE=getMsg HTTP/1.1" 200 27
180.169.147.146 - - [08/Mar/2021:09:38:59 +0800] "GET /xingrg/check_reg.html?_=1615167540800 HTTP/1.1" 200 22
116.235.216.75 - - [08/Mar/2021:09:39:00 +0800] "GET /xingrg/all/function/internal_message.html?_=1615167538324&CODE_STATE=getMsg HTTP/1.1" 200 27
116.224.253.72 - - [08/Mar/2021:09:39:01 +0800] "GET /xingrg/kc/buy/cgsh_order_list.html HTTP/1.1" 200 46370
101.228.165.174 - - [08/Mar/2021:09:39:02 +0800] "GET /xingrg/all/function/internal_message.html?_=1615167541670&CODE_STATE=getMsg HTTP/1.1" 302 -
101.228.165.174 - - [08/Mar/2021:09:39:02 +0800] "GET /xingrg/check_reg.html?_=1615167541673 HTTP/1.1" 302 -
116.224.253.72 - - [08/Mar/2021:09:39:03 +0800] "POST /xingrg/kc/buy/cgsh_list_operate.html HTTP/1.1" 200 1707
116.224.253.72 - - [08/Mar/2021:09:39:09 +0800] "POST /xingrg/kc/buy/cgsh_list_operate.html HTTP/1.1" 200 561
116.224.253.72 - - [08/Mar/2021:09:39:10 +0800] "GET /xingrg/kc/buy/cgsh_order_info.html?code=212021030803072 HTTP/1.1" 200 61767
116.224.253.72 - - [08/Mar/2021:09:39:10 +0800] "GET /xingrg/javascript/easyui/themes/default/validatebox.css HTTP/1.1" 404 1104
116.224.253.72 - - [08/Mar/2021:09:39:10 +0800] "POST /xingrg/kc/buy/cgsh_order_operate.html HTTP/1.1" 200 27174
116.224.253.72 - - [08/Mar/2021:09:39:12 +0800] "GET /xingrg/all/function/internal_message.html?_=1615167515780&CODE_STATE=getMsg HTTP/1.1" 200 27
101.228.165.174 - - [08/Mar/2021:09:39:22 +0800] "GET /xingrg/all/function/internal_message.html?_=1615167593184&CODE_STATE=getMsg HTTP/1.1" 200 27
117.185.32.26 - - [08/Mar/2021:09:39:22 +0800] "GET /xingrg/all/function/internal_message.html?_=1615168067035&CODE_STATE=getMsg HTTP/1.1" 200 27
117.185.32.26 - - [08/Mar/2021:09:39:22 +0800] "GET /xingrg/check_reg.html?_=1615168067213 HTTP/1.1" 200 22
222.70.216.220 - - [08/Mar/2021:09:39:22 +0800] "GET /xingrg/all/function/internal_message.html?_=1615167560149&CODE_STATE=getMsg HTTP/1.1" 200 27
222.70.216.220 - - [08/Mar/2021:09:39:22 +0800] "GET /xingrg/check_reg.html?_=1615167560152 HTTP/1.1" 200 22
61.165.42.208 - - [08/Mar/2021:09:39:24 +0800] "GET /xingrg/all/function/internal_message.html?_=1615167564897&CODE_STATE=getMsg HTTP/1.1" 200 27
116.224.253.72 - - [08/Mar/2021:09:39:26 +0800] "GET /xingrg/all/function/internal_message.html?_=1615167569115&CODE_STATE=getMsg HTTP/1.1" 200 27
58.37.230.33 - - [08/Mar/2021:09:39:29 +0800] "GET /xingrg/check_reg.html?_=1615167566470 HTTP/1.1" 200 22
58.37.230.33 - - [08/Mar/2021:09:39:29 +0800] "GET /xingrg/all/function/internal_message.html?_=1615167566469&CODE_STATE=getMsg HTTP/1.1" 200 27
120.253.135.82 - - [08/Mar/2021:09:39:32 +0800] "GET /xingrg/check_reg.html?_=1615167342021 HTTP/1.1" 200 22
180.174.195.252 - - [08/Mar/2021:09:39:36 +0800] "GET /xingrg/all/function/internal_message.html?_=1615167837139&CODE_STATE=getMsg HTTP/1.1" 200 27
120.253.135.82 - - [08/Mar/2021:09:39:46 +0800] "GET /xingrg/all/function/internal_message.html?_=1615167589713&CODE_STATE=getMsg HTTP/1.1" 302 -
116.235.216.75 - - [08/Mar/2021:09:39:47 +0800] "GET /xingrg/kc/buy/cgsh_order_add.html HTTP/1.1" 200 62192
101.89.239.120 - - [08/Mar/2021:09:39:48 +0800] "GET /xingrg/check_reg.html?_=1615166966446 HTTP/1.1" 302 -
116.235.216.75 - - [08/Mar/2021:09:39:48 +0800] "POST /xingrg/kc/buy/cgsh_order_operate.html HTTP/1.1" 200 8245
116.235.216.75 - - [08/Mar/2021:09:39:48 +0800] "GET /xingrg/javascript/easyui/themes/default/validatebox.css HTTP/1.1" 404 1104
101.89.239.120 - - [08/Mar/2021:09:39:51 +0800] "GET /xingrg/login.html HTTP/1.1" 200 7641
180.169.147.146 - - [08/Mar/2021:09:39:52 +0800] "GET /xingrg/all/function/internal_message.html?_=1615167596121&CODE_STATE=getMsg HTTP/1.1" 200 27
180.169.147.146 - - [08/Mar/2021:09:39:59 +0800] "GET /xingrg/all/function/internal_message.html?_=1615167600795&CODE_STATE=getMsg HTTP/1.1" 200 27
116.235.216.75 - - [08/Mar/2021:09:40:00 +0800] "GET /xingrg/all/function/internal_message.html?_=1615167598306&CODE_STATE=getMsg HTTP/1.1" 200 27
114.86.231.172 - - [08/Mar/2021:09:40:01 +0800] "POST /xingrg/login.do HTTP/1.1" 302 -
114.86.231.172 - - [08/Mar/2021:09:40:01 +0800] "GET /xingrg/index.html?sysBaseUrl=http%3A%2F%2F180.169.147.146%3A18081%2Fxingrg%2F&costTime=52×tamp=1615167601799 HTTP/1.1" 200 17173
114.86.231.172 - - [08/Mar/2021:09:40:01 +0800] "GET /xingrg/javascript/jquery_easy_ui/themes/icon.css HTTP/1.1" 200 3949
114.86.231.172 - - [08/Mar/2021:09:40:01 +0800] "GET /xingrg/css/form.css HTTP/1.1" 200 893
114.86.231.172 - - [08/Mar/2021:09:40:01 +0800] "GET /xingrg/javascript/jquery-1.4.2.min.js HTTP/1.1" 200 72205
114.86.231.172 - - [08/Mar/2021:09:40:01 +0800] "GET /xingrg/javascript/jquery_easy_ui/easyui-lang-zh_CN.js HTTP/1.1" 200 1900
114.86.231.172 - - [08/Mar/2021:09:40:01 +0800] "GET /xingrg/javascript/jquery_easy_ui/jquery.easyui.min.js HTTP/1.1" 200 213662
114.86.231.172 - - [08/Mar/2021:09:40:01 +0800] "GET /xingrg/javascript/jquery_easy_ui/themes/default/easyui.css HTTP/1.1" 200 26500
114.86.231.172 - - [08/Mar/2021:09:40:01 +0800] "GET /xingrg/javascript/jquery.timers.js HTTP/1.1" 200 3532
114.86.231.172 - - [08/Mar/2021:09:40:01 +0800] "GET /xingrg/javascript/jquery.form.js HTTP/1.1" 200 23110
114.86.231.172 - - [08/Mar/2021:09:40:01 +0800] "GET /xingrg/javascript/jquery.utils.js HTTP/1.1" 200 11805
114.86.231.172 - - [08/Mar/2021:09:40:01 +0800] "GET /favicon.ico HTTP/1.1" 404 -
114.86.231.172 - - [08/Mar/2021:09:40:01 +0800] "GET /xingrg/javascript/jquery_easy_ui/themes/icons/settle_new.png HTTP/1.1" 200 826
114.86.231.172 - - [08/Mar/2021:09:40:02 +0800] "GET /xingrg/images/blue/navBackgound.jpg HTTP/1.1" 200 12378
114.86.231.172 - - [08/Mar/2021:09:40:02 +0800] "POST /xingrg/all/common/load_tree.html?tree=area_rest_tree_json&manage=1 HTTP/1.1" 200 342
114.86.231.172 - - [08/Mar/2021:09:40:02 +0800] "GET /xingrg/check_reg.html?_=1615167603263 HTTP/1.1" 200 22
114.86.231.172 - - [08/Mar/2021:09:40:02 +0800] "GET /xingrg/images/blue/pingpu.png HTTP/1.1" 200 231
114.86.231.172 - - [08/Mar/2021:09:40:02 +0800] "GET /xingrg/all/function/internal_message.html?_=1615167603262&CODE_STATE=count HTTP/1.1" 200 11
114.86.231.172 - - [08/Mar/2021:09:40:02 +0800] "GET /xingrg/javascript/jquery_easy_ui/themes/default/images/tabs_leftarrow.png HTTP/1.1" 200 389
114.86.231.172 - - [08/Mar/2021:09:40:02 +0800] "GET /xingrg/javascript/jquery_easy_ui/themes/default/images/tabs_rightarrow.png HTTP/1.1" 200 395
114.86.231.172 - - [08/Mar/2021:09:40:02 +0800] "GET /xingrg/javascript/jquery_easy_ui/themes/default/images/panel_tool_collapse.gif HTTP/1.1" 200 246
114.86.231.172 - - [08/Mar/2021:09:40:02 +0800] "POST /xingrg/load_menu.html HTTP/1.1" 200 5138
114.86.231.172 - - [08/Mar/2021:09:40:02 +0800] "GET /xingrg/javascript/jquery_easy_ui/themes/default/images/tree_folder_open.gif HTTP/1.1" 200 956
114.86.231.172 - - [08/Mar/2021:09:40:02 +0800] "GET /xingrg/javascript/jquery_easy_ui/themes/default/images/tree_arrows.gif HTTP/1.1" 200 1043
114.86.231.172 - - [08/Mar/2021:09:40:02 +0800] "GET /xingrg/javascript/jquery_easy_ui/themes/icons/search_new.png HTTP/1.1" 200 586
114.86.231.172 - - [08/Mar/2021:09:40:02 +0800] "GET /xingrg/javascript/jquery_easy_ui/themes/default/images/tree_folder.gif HTTP/1.1" 200 952
114.86.231.172 - - [08/Mar/2021:09:40:02 +0800] "GET /xingrg/javascript/jquery_easy_ui/themes/icons/storage_new.png HTTP/1.1" 200 853
114.86.231.172 - - [08/Mar/2021:09:40:02 +0800] "GET /xingrg/javascript/jquery_easy_ui/themes/default/images/tree_file.gif HTTP/1.1" 200 118
114.86.231.172 - - [08/Mar/2021:09:40:02 +0800] "GET /xingrg/javascript/jquery_easy_ui/themes/icons/forms_new.png HTTP/1.1" 200 350
101.228.165.174 - - [08/Mar/2021:09:40:02 +0800] "GET /xingrg/all/function/internal_message.html?_=1615167601672&CODE_STATE=getMsg HTTP/1.1" 302 -
114.86.231.172 - - [08/Mar/2021:09:40:05 +0800] "GET /xingrg/javascript/jquery_easy_ui/themes/default/images/tabs_close.gif HTTP/1.1" 200 829
114.86.231.172 - - [08/Mar/2021:09:40:05 +0800] "GET /xingrg/kc/buy/buy_main.html HTTP/1.1" 200 12412
114.86.231.172 - - [08/Mar/2021:09:40:05 +0800] "GET /xingrg/css/new_ie.css HTTP/1.1" 404 1036
114.86.231.172 - - [08/Mar/2021:09:40:05 +0800] "GET /xingrg/javascript/pic_change.js HTTP/1.1" 200 4739
114.86.231.172 - - [08/Mar/2021:09:40:05 +0800] "GET /xingrg/javascript/ToolTips.js HTTP/1.1" 200 5615
114.86.231.172 - - [08/Mar/2021:09:40:05 +0800] "GET /xingrg/javascript/jquery_ui/jquery-ui.min.js HTTP/1.1" 200 186181
114.86.231.172 - - [08/Mar/2021:09:40:05 +0800] "GET /xingrg/css/blue.css HTTP/1.1" 200 15949
114.86.231.172 - - [08/Mar/2021:09:40:05 +0800] "GET /xingrg/images/blue/button/cgydd.gif HTTP/1.1" 200 2712
114.86.231.172 - - [08/Mar/2021:09:40:05 +0800] "GET /xingrg/images/blue/button/cgshd.gif HTTP/1.1" 200 2618
114.86.231.172 - - [08/Mar/2021:09:40:05 +0800] "GET /xingrg/images/blue/button/kc.gif HTTP/1.1" 200 2160
114.86.231.172 - - [08/Mar/2021:09:40:05 +0800] "GET /xingrg/images/blue/button/cgxqd.gif HTTP/1.1" 200 2619
114.86.231.172 - - [08/Mar/2021:09:40:05 +0800] "GET /xingrg/javascript/jquery_ui/themes/humanity/humanity.css HTTP/1.1" 200 27801
114.86.231.172 - - [08/Mar/2021:09:40:05 +0800] "GET /xingrg/images/blue/button/cgfkd.gif HTTP/1.1" 200 2075
114.86.231.172 - - [08/Mar/2021:09:40:05 +0800] "GET /xingrg/images/blue/button/ckthd.gif HTTP/1.1" 200 2045
114.86.231.172 - - [08/Mar/2021:09:40:05 +0800] "GET /xingrg/javascript/myfunction.js HTTP/1.1" 200 24559
114.86.231.172 - - [08/Mar/2021:09:40:05 +0800] "GET /xingrg/images/blue/pic_form2.gif HTTP/1.1" 200 1853
114.86.231.172 - - [08/Mar/2021:09:40:05 +0800] "GET /xingrg/javascript/jquery_ui/themes/humanity/images/ui-bg_inset-soft_100_f4f0ec_1x100.png HTTP/1.1" 200 141
114.86.231.172 - - [08/Mar/2021:09:40:05 +0800] "GET /xingrg/images/blue/bg_dotted.jpg HTTP/1.1" 200 319
114.86.231.172 - - [08/Mar/2021:09:40:05 +0800] "GET /xingrg/images/blue/button/down_ah.jpg HTTP/1.1" 200 1732
114.86.231.172 - - [08/Mar/2021:09:40:05 +0800] "GET /xingrg/images/blue/button/right_ah.jpg HTTP/1.1" 200 1744
114.86.231.172 - - [08/Mar/2021:09:40:05 +0800] "GET /xingrg/javascript/jquery_ui/themes/humanity/images/ui-icons_ffffff_256x240.png HTTP/1.1" 200 4369
114.86.231.172 - - [08/Mar/2021:09:40:05 +0800] "GET /xingrg/javascript/jquery_ui/themes/humanity/images/ui-iconsnew.jpg HTTP/1.1" 200 337
114.86.231.172 - - [08/Mar/2021:09:40:05 +0800] "GET /xingrg/javascript/jquery_ui/themes/humanity/images/ui-icons_c47a23_256x240.png HTTP/1.1" 200 5355
114.86.231.172 - - [08/Mar/2021:09:40:05 +0800] "GET /xingrg/javascript/jquery_ui/themes/humanity/images/ui-bg_glass_70_ede4d4_1x400.png HTTP/1.1" 200 161
114.86.231.172 - - [08/Mar/2021:09:40:05 +0800] "GET /xingrg/images/yd/bt.gif HTTP/1.1" 404 1040
114.86.231.172 - - [08/Mar/2021:09:40:06 +0800] "GET /xingrg/css/base.css HTTP/1.1" 200 2811
114.86.231.172 - - [08/Mar/2021:09:40:06 +0800] "GET /xingrg/css/site.css HTTP/1.1" 200 7541
114.86.231.172 - - [08/Mar/2021:09:40:06 +0800] "GET /xingrg/javascript/jquery_tools/datebox.css HTTP/1.1" 200 2597
114.86.231.172 - - [08/Mar/2021:09:40:06 +0800] "GET /xingrg/javascript/auto/jquery.autocomplete.css HTTP/1.1" 200 587
114.86.231.172 - - [08/Mar/2021:09:40:06 +0800] "GET /xingrg/javascript/easyui/themes/icon.css HTTP/1.1" 200 4483
114.86.231.172 - - [08/Mar/2021:09:40:06 +0800] "GET /xingrg/javascript/jquery_tools/fix.css HTTP/1.1" 200 1702
114.86.231.172 - - [08/Mar/2021:09:40:06 +0800] "GET /xingrg/kc/buy/cgsh_order_list.html HTTP/1.1" 200 46366
114.86.231.172 - - [08/Mar/2021:09:40:06 +0800] "GET /xingrg/javascript/jquery_tools/table.css HTTP/1.1" 200 1032
114.86.231.172 - - [08/Mar/2021:09:40:06 +0800] "GET /xingrg/javascript/jquery_tools/jquery.tools.min.js HTTP/1.1" 200 138801
114.86.231.172 - - [08/Mar/2021:09:40:06 +0800] "GET /xingrg/javascript/jquery_tools/jquery.tools.hotkey.js HTTP/1.1" 200 3242
114.86.231.172 - - [08/Mar/2021:09:40:06 +0800] "GET /xingrg/javascript/jquery_tools/jquery.tools.table.js HTTP/1.1" 200 6994
114.86.231.172 - - [08/Mar/2021:09:40:06 +0800] "GET /xingrg/javascript/easyui/themes/default/easyui.css HTTP/1.1" 200 30432
114.86.231.172 - - [08/Mar/2021:09:40:06 +0800] "GET /xingrg/javascript/jquery_tools/list_manager.js HTTP/1.1" 200 3652
114.86.231.172 - - [08/Mar/2021:09:40:06 +0800] "GET /xingrg/javascript/jquery_tools/jquery.tools.extend.js HTTP/1.1" 200 15385
114.86.231.172 - - [08/Mar/2021:09:40:06 +0800] "GET /xingrg/javascript/easyui/easyloader.js HTTP/1.1" 200 5975
114.86.231.172 - - [08/Mar/2021:09:40:06 +0800] "GET /xingrg/javascript/jquery.cookie.js HTTP/1.1" 200 5513
114.86.231.172 - - [08/Mar/2021:09:40:06 +0800] "GET /xingrg/javascript/auto/jquery.autocomplete.js HTTP/1.1" 200 21624
114.86.231.172 - - [08/Mar/2021:09:40:06 +0800] "GET /xingrg/javascript/print/LodopFuncs.js HTTP/1.1" 200 5121
114.86.231.172 - - [08/Mar/2021:09:40:06 +0800] "GET /xingrg/javascript/easyui/themes/icons/edit_add_new.png HTTP/1.1" 200 2997
114.86.231.172 - - [08/Mar/2021:09:40:06 +0800] "GET /xingrg/javascript/easyui/themes/icons/check_new.png HTTP/1.1" 200 3224
114.86.231.172 - - [08/Mar/2021:09:40:06 +0800] "GET /xingrg/javascript/easyui/themes/icons/cance_new.png HTTP/1.1" 200 3986
114.86.231.172 - - [08/Mar/2021:09:40:06 +0800] "GET /xingrg/javascript/easyui/themes/icons/import_new.png HTTP/1.1" 200 1247
114.86.231.172 - - [08/Mar/2021:09:40:06 +0800] "GET /xingrg/javascript/easyui/themes/icons/field_new.png HTTP/1.1" 200 1097
114.86.231.172 - - [08/Mar/2021:09:40:06 +0800] "GET /xingrg/javascript/easyui/plugins/jquery.parser.js HTTP/1.1" 200 1142
114.86.231.172 - - [08/Mar/2021:09:40:06 +0800] "GET /xingrg/images/control/ajaxLoader.gif HTTP/1.1" 200 4659
114.86.231.172 - - [08/Mar/2021:09:40:07 +0800] "POST /xingrg/kc/buy/cgsh_list_operate.html HTTP/1.1" 200 876
114.86.231.172 - - [08/Mar/2021:09:40:09 +0800] "GET /xingrg/javascript/easyui/themes/default/images/button_plain_hover.png HTTP/1.1" 200 144
114.86.231.172 - - [08/Mar/2021:09:40:09 +0800] "GET /xingrg/javascript/convert.js HTTP/1.1" 200 1239
114.86.231.172 - - [08/Mar/2021:09:40:09 +0800] "GET /xingrg/kc/buy/cgsh_order_add.html HTTP/1.1" 200 62145
114.86.231.172 - - [08/Mar/2021:09:40:09 +0800] "GET /xingrg/javascript/jquery_tools/order_manager.js HTTP/1.1" 200 11183
114.86.231.172 - - [08/Mar/2021:09:40:09 +0800] "GET /xingrg/javascript/json2.js HTTP/1.1" 200 11259
114.86.231.172 - - [08/Mar/2021:09:40:09 +0800] "GET /xingrg/javascript/print/kc_print.js HTTP/1.1" 200 11415
114.86.231.172 - - [08/Mar/2021:09:40:09 +0800] "GET /xingrg/words/20210307130732_words.js HTTP/1.1" 200 797671
114.86.231.172 - - [08/Mar/2021:09:40:10 +0800] "GET /xingrg/javascript/easyui/themes/icons/copy_new.png HTTP/1.1" 200 815
114.86.231.172 - - [08/Mar/2021:09:40:10 +0800] "GET /xingrg/javascript/easyui/themes/icons/ok.png HTTP/1.1" 200 883
114.86.231.172 - - [08/Mar/2021:09:40:10 +0800] "GET /xingrg/javascript/easyui/themes/icons/template_new.png HTTP/1.1" 200 3956
114.86.231.172 - - [08/Mar/2021:09:40:10 +0800] "GET /xingrg/javascript/easyui/themes/icons/print.png HTTP/1.1" 200 1057
114.86.231.172 - - [08/Mar/2021:09:40:10 +0800] "GET /xingrg/javascript/easyui/themes/default/images/menu_downarrow.png HTTP/1.1" 200 173
114.86.231.172 - - [08/Mar/2021:09:40:10 +0800] "GET /xingrg/javascript/easyui/themes/icons/cancel.png HTTP/1.1" 200 1133
114.86.231.172 - - [08/Mar/2021:09:40:10 +0800] "POST /xingrg/kc/buy/cgsh_order_operate.html HTTP/1.1" 200 8245
114.86.231.172 - - [08/Mar/2021:09:40:10 +0800] "GET /xingrg/javascript/easyui/themes/default/validatebox.css HTTP/1.1" 404 1104
114.86.231.172 - - [08/Mar/2021:09:40:10 +0800] "GET /xingrg/javascript/easyui/plugins/jquery.validatebox.js HTTP/1.1" 200 6103
114.86.231.172 - - [08/Mar/2021:09:40:10 +0800] "GET /xingrg/all/common/auto_word.html?type=employee&rest_code=00109 HTTP/1.1" 200 205
114.86.231.172 - - [08/Mar/2021:09:40:10 +0800] "GET /xingrg/all/common/auto_word.html?type=employee&rest_code=00109 HTTP/1.1" 200 205
114.86.231.172 - - [08/Mar/2021:09:40:10 +0800] "GET /xingrg/javascript/easyui/plugins/jquery.numberbox.js HTTP/1.1" 200 5213
114.86.231.172 - - [08/Mar/2021:09:40:10 +0800] "GET /xingrg/javascript/easyui/themes/icons/edit_remove.png HTTP/1.1" 200 625
114.86.231.172 - - [08/Mar/2021:09:40:11 +0800] "GET /xingrg/javascript/auto/indicator.gif HTTP/1.1" 404 1066
116.224.253.72 - - [08/Mar/2021:09:40:12 +0800] "GET /xingrg/all/function/internal_message.html?_=1615167575910&CODE_STATE=getMsg HTTP/1.1" 200 27
114.86.231.172 - - [08/Mar/2021:09:40:13 +0800] "GET /xingrg/javascript/jquery_tools/images/prev.gif HTTP/1.1" 404 1086
114.86.231.172 - - [08/Mar/2021:09:40:13 +0800] "GET /xingrg/javascript/jquery_tools/images/next.gif HTTP/1.1" 404 1086
114.86.231.172 - - [08/Mar/2021:09:40:16 +0800] "GET /xingrg/index.html?sysBaseUrl=http%3A%2F%2F180.169.147.146%3A18081%2Fxingrg%2F&costTime=52×tamp=1615167601799 HTTP/1.1" 200 17173
114.86.231.172 - - [08/Mar/2021:09:40:17 +0800] "POST /xingrg/all/common/load_tree.html?tree=area_rest_tree_json&manage=1 HTTP/1.1" 200 342
114.86.231.172 - - [08/Mar/2021:09:40:17 +0800] "GET /xingrg/all/function/internal_message.html?_=1615167618256&CODE_STATE=count HTTP/1.1" 200 11
114.86.231.172 - - [08/Mar/2021:09:40:17 +0800] "GET /xingrg/check_reg.html?_=1615167618256 HTTP/1.1" 200 22
114.86.231.172 - - [08/Mar/2021:09:40:17 +0800] "GET /favicon.ico HTTP/1.1" 404 -
114.86.231.172 - - [08/Mar/2021:09:40:17 +0800] "POST /xingrg/load_menu.html HTTP/1.1" 200 5138
114.86.231.172 - - [08/Mar/2021:09:40:18 +0800] "GET /xingrg/kc/buy/buy_main.html HTTP/1.1" 200 12412
114.86.231.172 - - [08/Mar/2021:09:40:18 +0800] "GET /xingrg/css/new_ie.css HTTP/1.1" 404 1036
114.86.231.172 - - [08/Mar/2021:09:40:19 +0800] "GET /xingrg/kc/buy/cgsh_order_list.html HTTP/1.1" 200 46366
116.235.216.75 - - [08/Mar/2021:09:40:19 +0800] "GET /xingrg/javascript/easyui/themes/default/tree.css HTTP/1.1" 404 1090
116.235.216.75 - - [08/Mar/2021:09:40:19 +0800] "POST /xingrg/all/common/load_tree.html?tree=supplier_tree_json&isDelete=1 HTTP/1.1" 200 54827
114.86.231.172 - - [08/Mar/2021:09:40:20 +0800] "POST /xingrg/kc/buy/cgsh_list_operate.html HTTP/1.1" 200 876
114.86.231.172 - - [08/Mar/2021:09:40:21 +0800] "GET /xingrg/words/20210307130732_words.js HTTP/1.1" 304 -
114.86.231.172 - - [08/Mar/2021:09:40:21 +0800] "GET /xingrg/kc/buy/cgsh_order_add.html HTTP/1.1" 200 62145
114.86.231.172 - - [08/Mar/2021:09:40:21 +0800] "POST /xingrg/kc/buy/cgsh_order_operate.html HTTP/1.1" 200 8245
114.86.231.172 - - [08/Mar/2021:09:40:21 +0800] "GET /xingrg/all/common/auto_word.html?type=employee&rest_code=00109 HTTP/1.1" 200 205
114.86.231.172 - - [08/Mar/2021:09:40:21 +0800] "GET /xingrg/javascript/easyui/themes/default/validatebox.css HTTP/1.1" 404 1104
114.86.231.172 - - [08/Mar/2021:09:40:21 +0800] "GET /xingrg/all/common/auto_word.html?type=employee&rest_code=00109 HTTP/1.1" 200 205
101.228.165.174 - - [08/Mar/2021:09:40:22 +0800] "GET /xingrg/all/function/internal_message.html?_=1615167653190&CODE_STATE=getMsg HTTP/1.1" 200 27
117.185.32.26 - - [08/Mar/2021:09:40:22 +0800] "GET /xingrg/all/function/internal_message.html?_=1615168127032&CODE_STATE=getMsg HTTP/1.1" 200 27
222.70.216.220 - - [08/Mar/2021:09:40:22 +0800] "GET /xingrg/all/function/internal_message.html?_=1615167620153&CODE_STATE=getMsg HTTP/1.1" 200 27
61.165.42.208 - - [08/Mar/2021:09:40:24 +0800] "GET /xingrg/all/function/internal_message.html?_=1615167624897&CODE_STATE=getMsg HTTP/1.1" 200 27
114.86.231.172 - - [08/Mar/2021:09:40:24 +0800] "GET /xingrg/javascript/jquery_tools/images/prev.gif HTTP/1.1" 404 1086
114.86.231.172 - - [08/Mar/2021:09:40:24 +0800] "GET /xingrg/javascript/jquery_tools/images/next.gif HTTP/1.1" 404 1086
116.224.253.72 - - [08/Mar/2021:09:40:26 +0800] "GET /xingrg/all/function/internal_message.html?_=1615167629084&CODE_STATE=getMsg HTTP/1.1" 200 27
116.224.253.72 - - [08/Mar/2021:09:40:27 +0800] "POST /xingrg/kc/buy/cgsh_order_operate.html HTTP/1.1" 200 37
116.224.253.72 - - [08/Mar/2021:09:40:28 +0800] "POST /xingrg/kc/buy/cgsh_order_operate.html HTTP/1.1" 200 27176
58.37.230.33 - - [08/Mar/2021:09:40:29 +0800] "GET /xingrg/all/function/internal_message.html?_=1615167626467&CODE_STATE=getMsg HTTP/1.1" 200 27
116.224.253.72 - - [08/Mar/2021:09:40:31 +0800] "GET /xingrg/kc/buy/cgsh_order_list.html HTTP/1.1" 200 46370
116.224.253.72 - - [08/Mar/2021:09:40:32 +0800] "POST /xingrg/kc/buy/cgsh_list_operate.html HTTP/1.1" 200 1706
101.228.165.174 - - [08/Mar/2021:09:40:32 +0800] "GET /xingrg/check_reg.html?_=1615167663565 HTTP/1.1" 200 22
116.224.253.72 - - [08/Mar/2021:09:40:33 +0800] "GET /xingrg/kc/buy/cgsh_order_add.html HTTP/1.1" 200 61746
116.224.253.72 - - [08/Mar/2021:09:40:33 +0800] "POST /xingrg/kc/buy/cgsh_order_operate.html HTTP/1.1" 200 8245
116.224.253.72 - - [08/Mar/2021:09:40:33 +0800] "GET /xingrg/javascript/easyui/themes/default/validatebox.css HTTP/1.1" 404 1104
114.86.231.172 - - [08/Mar/2021:09:40:34 +0800] "GET /xingrg/kc/buy/cgsh_order_operate.html?command=get_materiel&rest_code=00109&code=00101008049&supplier_code=00100005&order_time=2021-03-08 HTTP/1.1" 200 408
180.174.195.252 - - [08/Mar/2021:09:40:36 +0800] "GET /xingrg/all/function/internal_message.html?_=1615167897152&CODE_STATE=getMsg HTTP/1.1" 200 27
116.224.253.72 - - [08/Mar/2021:09:40:40 +0800] "GET /xingrg/kc/buy/cgsh_order_operate.html?command=get_materiel&rest_code=00151&code=00101009001&supplier_code=00100424&order_time=2021-03-08 HTTP/1.1" 200 416
120.253.135.82 - - [08/Mar/2021:09:40:46 +0800] "GET /xingrg/all/function/internal_message.html?_=1615167649764&CODE_STATE=getMsg HTTP/1.1" 302 -
114.86.231.172 - - [08/Mar/2021:09:40:47 +0800] "GET /xingrg/kc/buy/cgsh_order_operate.html?command=get_materiel&rest_code=00109&code=00101008141&supplier_code=00100005&order_time=2021-03-08 HTTP/1.1" 200 412
116.224.253.72 - - [08/Mar/2021:09:40:49 +0800] "GET /xingrg/kc/buy/cgsh_order_operate.html?command=get_materiel&rest_code=00151&code=00101009066&supplier_code=00100424&order_time=2021-03-08 HTTP/1.1" 200 416
180.169.147.146 - - [08/Mar/2021:09:40:52 +0800] "GET /xingrg/all/function/internal_message.html?_=1615167656127&CODE_STATE=getMsg HTTP/1.1" 200 27
120.253.135.82 - - [08/Mar/2021:09:40:53 +0800] "GET /xingrg/check_reg.html?_=1615167657062 HTTP/1.1" 302 -
116.224.253.72 - - [08/Mar/2021:09:40:54 +0800] "GET /xingrg/kc/buy/cgsh_order_operate.html?command=get_materiel&rest_code=00151&code=00101009031&supplier_code=00100424&order_time=2021-03-08 HTTP/1.1" 200 409
114.86.231.172 - - [08/Mar/2021:09:40:57 +0800] "GET /xingrg/kc/buy/cgsh_order_operate.html?command=get_materiel&rest_code=00109&code=00101008126&supplier_code=00100005&order_time=2021-03-08 HTTP/1.1" 200 412
180.169.147.146 - - [08/Mar/2021:09:40:59 +0800] "GET /xingrg/all/function/internal_message.html?_=1615167660798&CODE_STATE=getMsg HTTP/1.1" 200 27
116.235.216.75 - - [08/Mar/2021:09:41:00 +0800] "GET /xingrg/all/function/internal_message.html?_=1615167658280&CODE_STATE=getMsg HTTP/1.1" 200 27
101.228.165.174 - - [08/Mar/2021:09:41:02 +0800] "GET /xingrg/all/function/internal_message.html?_=1615167661672&CODE_STATE=getMsg HTTP/1.1" 302 -
116.224.253.72 - - [08/Mar/2021:09:41:05 +0800] "POST /xingrg/kc/buy/cgsh_order_operate.html HTTP/1.1" 200 37
114.86.231.172 - - [08/Mar/2021:09:41:05 +0800] "GET /xingrg/kc/buy/cgsh_order_operate.html?command=get_materiel&rest_code=00109&code=00101008361&supplier_code=00100005&order_time=2021-03-08 HTTP/1.1" 200 408
116.224.253.72 - - [08/Mar/2021:09:41:06 +0800] "POST /xingrg/kc/buy/cgsh_order_operate.html HTTP/1.1" 200 3863
116.224.253.72 - - [08/Mar/2021:09:41:09 +0800] "POST /xingrg/all/user/operate.html HTTP/1.1" 200 36
116.224.253.72 - - [08/Mar/2021:09:41:10 +0800] "GET /xingrg/index.html?sysBaseUrl=http%3A%2F%2F180.169.147.146%3A18081%2Fxingrg%2F&costTime=43×tamp=1615089972322 HTTP/1.1" 200 17179
116.224.253.72 - - [08/Mar/2021:09:41:10 +0800] "GET /xingrg/javascript/jquery_easy_ui/themes/default/easyui.css HTTP/1.1" 304 -
116.224.253.72 - - [08/Mar/2021:09:41:10 +0800] "GET /xingrg/javascript/jquery_easy_ui/themes/icon.css HTTP/1.1" 304 -
116.224.253.72 - - [08/Mar/2021:09:41:10 +0800] "GET /xingrg/css/form.css HTTP/1.1" 304 -
116.224.253.72 - - [08/Mar/2021:09:41:10 +0800] "GET /xingrg/javascript/jquery-1.4.2.min.js HTTP/1.1" 304 -
116.224.253.72 - - [08/Mar/2021:09:41:10 +0800] "GET /xingrg/javascript/jquery_easy_ui/jquery.easyui.min.js HTTP/1.1" 304 -
116.224.253.72 - - [08/Mar/2021:09:41:10 +0800] "GET /xingrg/javascript/jquery_easy_ui/easyui-lang-zh_CN.js HTTP/1.1" 304 -
116.224.253.72 - - [08/Mar/2021:09:41:10 +0800] "GET /xingrg/javascript/jquery.form.js HTTP/1.1" 304 -
116.224.253.72 - - [08/Mar/2021:09:41:10 +0800] "GET /xingrg/javascript/jquery.utils.js HTTP/1.1" 304 -
116.224.253.72 - - [08/Mar/2021:09:41:10 +0800] "GET /xingrg/javascript/jquery.timers.js HTTP/1.1" 304 -
116.224.253.72 - - [08/Mar/2021:09:41:10 +0800] "GET /xingrg/images/blue/jxLogo.png HTTP/1.1" 304 -
116.224.253.72 - - [08/Mar/2021:09:41:10 +0800] "GET /xingrg/javascript/jquery_easy_ui/themes/icons/settle_new.png HTTP/1.1" 304 -
116.224.253.72 - - [08/Mar/2021:09:41:10 +0800] "GET /xingrg/images/blue/navBackgound.jpg HTTP/1.1" 304 -
116.224.253.72 - - [08/Mar/2021:09:41:10 +0800] "POST /xingrg/all/common/load_tree.html?tree=area_rest_tree_json&manage=1 HTTP/1.1" 200 476
116.224.253.72 - - [08/Mar/2021:09:41:10 +0800] "GET /xingrg/all/function/internal_message.html?_=1615167673146&CODE_STATE=count HTTP/1.1" 200 11
116.224.253.72 - - [08/Mar/2021:09:41:10 +0800] "GET /xingrg/check_reg.html?_=1615167673147 HTTP/1.1" 200 22
116.224.253.72 - - [08/Mar/2021:09:41:10 +0800] "GET /xingrg/javascript/jquery_easy_ui/themes/default/images/tabs_leftarrow.png HTTP/1.1" 304 -
116.224.253.72 - - [08/Mar/2021:09:41:10 +0800] "GET /xingrg/javascript/jquery_easy_ui/themes/default/images/tabs_rightarrow.png HTTP/1.1" 304 -
116.224.253.72 - - [08/Mar/2021:09:41:10 +0800] "GET /xingrg/javascript/jquery_easy_ui/themes/default/images/panel_tool_collapse.gif HTTP/1.1" 304 -
116.224.253.72 - - [08/Mar/2021:09:41:10 +0800] "GET /xingrg/images/blue/pingpu.png HTTP/1.1" 304 -
116.224.253.72 - - [08/Mar/2021:09:41:10 +0800] "POST /xingrg/load_menu.html HTTP/1.1" 200 5138
116.224.253.72 - - [08/Mar/2021:09:41:12 +0800] "GET /xingrg/all/function/internal_message.html?_=1615167635918&CODE_STATE=getMsg HTTP/1.1" 200 27
116.224.253.72 - - [08/Mar/2021:09:41:12 +0800] "GET /xingrg/kc/buy/cgsh_order_list.html HTTP/1.1" 200 46372
114.86.231.172 - - [08/Mar/2021:09:41:13 +0800] "GET /xingrg/kc/buy/cgsh_order_operate.html?command=get_materiel&rest_code=00109&code=00101008357&supplier_code=00100005&order_time=2021-03-08 HTTP/1.1" 200 408
116.224.253.72 - - [08/Mar/2021:09:41:14 +0800] "POST /xingrg/kc/buy/cgsh_list_operate.html HTTP/1.1" 200 1708
116.224.253.72 - - [08/Mar/2021:09:41:16 +0800] "POST /xingrg/kc/buy/cgsh_list_operate.html HTTP/1.1" 200 572
116.224.253.72 - - [08/Mar/2021:09:41:17 +0800] "GET /xingrg/kc/buy/cgsh_order_info.html?code=212021030803067 HTTP/1.1" 200 62049
114.86.231.172 - - [08/Mar/2021:09:41:17 +0800] "GET /xingrg/all/function/internal_message.html?_=1615167678261&CODE_STATE=getMsg HTTP/1.1" 200 27
116.224.253.72 - - [08/Mar/2021:09:41:17 +0800] "GET /xingrg/javascript/easyui/themes/default/validatebox.css HTTP/1.1" 404 1104
116.224.253.72 - - [08/Mar/2021:09:41:18 +0800] "POST /xingrg/kc/buy/cgsh_order_operate.html HTTP/1.1" 200 28716
114.86.231.172 - - [08/Mar/2021:09:41:20 +0800] "GET /xingrg/kc/buy/cgsh_order_operate.html?command=get_materiel&rest_code=00109&code=00101008312&supplier_code=00100005&order_time=2021-03-08 HTTP/1.1" 200 412
101.228.165.174 - - [08/Mar/2021:09:41:22 +0800] "GET /xingrg/all/function/internal_message.html?_=1615167713207&CODE_STATE=getMsg HTTP/1.1" 200 27
117.185.32.26 - - [08/Mar/2021:09:41:22 +0800] "GET /xingrg/all/function/internal_message.html?_=1615168187027&CODE_STATE=getMsg HTTP/1.1" 200 27
222.70.216.220 - - [08/Mar/2021:09:41:22 +0800] "GET /xingrg/all/function/internal_message.html?_=1615167680158&CODE_STATE=getMsg HTTP/1.1" 200 27
61.165.42.208 - - [08/Mar/2021:09:41:24 +0800] "GET /xingrg/check_reg.html?_=1615167684898 HTTP/1.1" 200 22
61.165.42.208 - - [08/Mar/2021:09:41:24 +0800] "GET /xingrg/all/function/internal_message.html?_=1615167684900&CODE_STATE=getMsg HTTP/1.1" 200 27
114.86.231.172 - - [08/Mar/2021:09:41:27 +0800] "GET /xingrg/kc/buy/cgsh_order_operate.html?command=get_materiel&rest_code=00109&code=00101008270&supplier_code=00100005&order_time=2021-03-08 HTTP/1.1" 200 412
58.221.95.50 - - [08/Mar/2021:09:41:28 +0800] "GET /xingrg/check_reg.html?_=1615167687613 HTTP/1.1" 302 -
58.37.230.33 - - [08/Mar/2021:09:41:29 +0800] "GET /xingrg/all/function/internal_message.html?_=1615167686466&CODE_STATE=getMsg HTTP/1.1" 200 27
114.86.231.172 - - [08/Mar/2021:09:41:35 +0800] "GET /xingrg/kc/buy/cgsh_order_operate.html?command=get_materiel&rest_code=00109&code=00101008256&supplier_code=00100005&order_time=2021-03-08 HTTP/1.1" 200 412
180.174.195.252 - - [08/Mar/2021:09:41:37 +0800] "GET /xingrg/all/function/internal_message.html?_=1615167957357&CODE_STATE=getMsg HTTP/1.1" 200 27
114.86.231.172 - - [08/Mar/2021:09:41:43 +0800] "GET /xingrg/kc/buy/cgsh_order_operate.html?command=get_materiel&rest_code=00109&code=00101008155&supplier_code=00100005&order_time=2021-03-08 HTTP/1.1" 200 408
120.253.135.82 - - [08/Mar/2021:09:41:46 +0800] "GET /xingrg/all/function/internal_message.html?_=1615167709813&CODE_STATE=getMsg HTTP/1.1" 302 -
180.169.147.146 - - [08/Mar/2021:09:41:52 +0800] "GET /xingrg/all/function/internal_message.html?_=1615167716133&CODE_STATE=getMsg HTTP/1.1" 200 27
114.86.231.172 - - [08/Mar/2021:09:41:53 +0800] "GET /xingrg/kc/buy/cgsh_order_operate.html?command=get_materiel&rest_code=00109&code=00101008350&supplier_code=00100005&order_time=2021-03-08 HTTP/1.1" 200 408
180.169.147.146 - - [08/Mar/2021:09:41:59 +0800] "GET /xingrg/all/function/internal_message.html?_=1615167720802&CODE_STATE=getMsg HTTP/1.1" 200 27
116.235.216.75 - - [08/Mar/2021:09:42:00 +0800] "GET /xingrg/all/function/internal_message.html?_=1615167718260&CODE_STATE=getMsg HTTP/1.1" 200 27
114.86.231.172 - - [08/Mar/2021:09:42:01 +0800] "GET /xingrg/kc/buy/cgsh_order_operate.html?command=get_materiel&rest_code=00109&code=00101008110&supplier_code=00100005&order_time=2021-03-08 HTTP/1.1" 200 409
101.228.165.174 - - [08/Mar/2021:09:42:02 +0800] "GET /xingrg/all/function/internal_message.html?_=1615167721672&CODE_STATE=getMsg HTTP/1.1" 302 -
114.86.231.172 - - [08/Mar/2021:09:42:07 +0800] "GET /xingrg/kc/buy/cgsh_order_operate.html?command=get_materiel&rest_code=00109&code=00101008096&supplier_code=00100005&order_time=2021-03-08 HTTP/1.1" 200 413
116.224.253.72 - - [08/Mar/2021:09:42:10 +0800] "GET /xingrg/all/function/internal_message.html?_=1615167733240&CODE_STATE=getMsg HTTP/1.1" 200 27
116.224.253.72 - - [08/Mar/2021:09:42:11 +0800] "GET /xingrg/check_reg.html?_=1615167694897 HTTP/1.1" 200 22
