116.235.216.75 - - [08/Mar/2021:08:59:00 +0800] "GET /xingrg/all/function/internal_message.html?_=1615165137933&CODE_STATE=getMsg HTTP/1.1" 200 27
101.228.165.174 - - [08/Mar/2021:08:59:00 +0800] "GET /xingrg/kc/buy/cgsh_order_operate.html?command=get_materiel&rest_code=00146&code=00101008357&supplier_code=00100005&order_time=2021-03-08 HTTP/1.1" 200 408
58.40.7.146 - - [08/Mar/2021:08:59:01 +0800] "GET /xingrg/all/function/internal_message.html?_=1615165140673&CODE_STATE=getMsg HTTP/1.1" 302 -
101.228.165.174 - - [08/Mar/2021:08:59:02 +0800] "GET /xingrg/all/function/internal_message.html?_=1615165141633&CODE_STATE=getMsg HTTP/1.1" 302 -
101.228.165.174 - - [08/Mar/2021:08:59:02 +0800] "GET /xingrg/check_reg.html?_=1615165141634 HTTP/1.1" 302 -
101.228.165.174 - - [08/Mar/2021:08:59:10 +0800] "GET /xingrg/kc/buy/cgsh_order_operate.html?command=get_materiel&rest_code=00146&code=00101008286&supplier_code=00100005&order_time=2021-03-08 HTTP/1.1" 200 408
116.224.253.72 - - [08/Mar/2021:08:59:11 +0800] "GET /xingrg/all/function/internal_message.html?_=1615165114270&CODE_STATE=getMsg HTTP/1.1" 200 27
222.69.133.78 - - [08/Mar/2021:08:59:12 +0800] "GET /xingrg/kc/buy/cgsh_order_operate.html?command=get_materiel&rest_code=00149&code=00101008331&supplier_code=00100005&order_time=2021-03-08 HTTP/1.1" 200 416
114.88.166.193 - - [08/Mar/2021:08:59:12 +0800] "GET /xingrg/check_reg.html?_=1615165150647 HTTP/1.1" 200 22
114.88.166.193 - - [08/Mar/2021:08:59:12 +0800] "GET /xingrg/all/function/internal_message.html?_=1615165150721&CODE_STATE=getMsg HTTP/1.1" 200 27
116.224.253.72 - - [08/Mar/2021:08:59:13 +0800] "GET /xingrg/all/function/internal_message.html?_=1615165155910&CODE_STATE=getMsg HTTP/1.1" 200 27
116.224.253.72 - - [08/Mar/2021:08:59:13 +0800] "GET /xingrg/check_reg.html?_=1615165155912 HTTP/1.1" 200 22
114.88.166.193 - - [08/Mar/2021:08:59:15 +0800] "GET /xingrg/kc/buy/cgsh_order_operate.html?command=get_materiel&rest_code=00111&code=00101007048&supplier_code=00100037&order_time=2021-03-08 HTTP/1.1" 200 408
180.169.147.146 - - [08/Mar/2021:08:59:16 +0800] "GET /xingrg/all/function/internal_message.html?_=1615165157655&CODE_STATE=getMsg HTTP/1.1" 200 27
101.228.165.174 - - [08/Mar/2021:08:59:19 +0800] "GET /xingrg/all/function/internal_message.html?_=1615165190340&CODE_STATE=getMsg HTTP/1.1" 200 27
101.228.165.174 - - [08/Mar/2021:08:59:20 +0800] "GET /xingrg/kc/buy/cgsh_order_operate.html?command=get_materiel&rest_code=00146&code=00101008131&supplier_code=00100005&order_time=2021-03-08 HTTP/1.1" 200 408
222.69.133.78 - - [08/Mar/2021:08:59:20 +0800] "GET /xingrg/kc/buy/cgsh_order_operate.html?command=get_materiel&rest_code=00149&code=00101008350&supplier_code=00100005&order_time=2021-03-08 HTTP/1.1" 200 408
117.185.32.26 - - [08/Mar/2021:08:59:22 +0800] "GET /xingrg/all/function/internal_message.html?_=1615165666814&CODE_STATE=getMsg HTTP/1.1" 200 27
117.185.32.26 - - [08/Mar/2021:08:59:22 +0800] "GET /xingrg/check_reg.html?_=1615165666818 HTTP/1.1" 200 22
116.235.216.75 - - [08/Mar/2021:08:59:22 +0800] "GET /xingrg/kc/buy/cgsh_order_operate.html?command=get_materiel&rest_code=00107&code=00101009062&supplier_code=00100022&order_time=2021-03-07 HTTP/1.1" 200 414
222.70.216.220 - - [08/Mar/2021:08:59:22 +0800] "GET /xingrg/all/function/internal_message.html?_=1615165160152&CODE_STATE=getMsg HTTP/1.1" 200 27
222.70.216.220 - - [08/Mar/2021:08:59:22 +0800] "GET /xingrg/check_reg.html?_=1615165160153 HTTP/1.1" 200 22
101.228.165.174 - - [08/Mar/2021:08:59:24 +0800] "POST /xingrg/kc/buy/cgsh_order_operate.html HTTP/1.1" 200 2065
222.69.133.78 - - [08/Mar/2021:08:59:27 +0800] "GET /xingrg/kc/buy/cgsh_order_operate.html?command=get_materiel&rest_code=00149&code=00101008354&supplier_code=00100005&order_time=2021-03-08 HTTP/1.1" 200 412
58.37.230.33 - - [08/Mar/2021:08:59:29 +0800] "GET /xingrg/all/function/internal_message.html?_=1615165166392&CODE_STATE=getMsg HTTP/1.1" 200 27
58.37.230.33 - - [08/Mar/2021:08:59:29 +0800] "GET /xingrg/check_reg.html?_=1615165166393 HTTP/1.1" 200 22
101.228.165.174 - - [08/Mar/2021:08:59:30 +0800] "GET /xingrg/kc/buy/cgsh_order_operate.html?command=get_materiel&rest_code=00146&code=00101008296&supplier_code=00100005&order_time=2021-03-08 HTTP/1.1" 200 416
114.88.166.193 - - [08/Mar/2021:08:59:31 +0800] "GET /xingrg/kc/buy/cgsh_order_operate.html?command=get_materiel&rest_code=00111&code=00101012025&supplier_code=00100037&order_time=2021-03-08 HTTP/1.1" 200 412
222.69.133.78 - - [08/Mar/2021:08:59:35 +0800] "GET /xingrg/kc/buy/cgsh_order_operate.html?command=get_materiel&rest_code=00149&code=00101008038&supplier_code=00100005&order_time=2021-03-08 HTTP/1.1" 200 413
180.174.195.252 - - [08/Mar/2021:08:59:35 +0800] "GET /xingrg/all/function/internal_message.html?_=1615165435611&CODE_STATE=getMsg HTTP/1.1" 200 27
120.253.135.82 - - [08/Mar/2021:08:59:37 +0800] "GET /xingrg/check_reg.html?_=1615164946831 HTTP/1.1" 200 22
101.228.165.174 - - [08/Mar/2021:08:59:42 +0800] "GET /xingrg/kc/buy/cgsh_order_operate.html?command=get_materiel&rest_code=00146&code=00101008353&supplier_code=00100005&order_time=2021-03-08 HTTP/1.1" 200 408
222.69.133.78 - - [08/Mar/2021:08:59:43 +0800] "GET /xingrg/kc/buy/cgsh_order_operate.html?command=get_materiel&rest_code=00149&code=00101008224&supplier_code=00100005&order_time=2021-03-08 HTTP/1.1" 200 416
120.253.135.82 - - [08/Mar/2021:08:59:45 +0800] "GET /xingrg/all/function/internal_message.html?_=1615165188342&CODE_STATE=getMsg HTTP/1.1" 302 -
61.165.42.208 - - [08/Mar/2021:08:59:45 +0800] "GET /xingrg/all/function/internal_message.html?_=1615165185840&CODE_STATE=getMsg HTTP/1.1" 200 27
114.88.166.193 - - [08/Mar/2021:08:59:45 +0800] "GET /xingrg/kc/buy/cgsh_order_operate.html?command=get_materiel&rest_code=00111&code=00101008293&supplier_code=00100037&order_time=2021-03-08 HTTP/1.1" 200 420
180.169.147.146 - - [08/Mar/2021:08:59:47 +0800] "POST /xingrg/dwr/call/plaincall/AjaxReportQueryService.refreshCache.dwr HTTP/1.1" 200 78
116.235.216.75 - - [08/Mar/2021:08:59:47 +0800] "POST /xingrg/kc/buy/cgsh_order_operate.html HTTP/1.1" 200 37
116.235.216.75 - - [08/Mar/2021:08:59:48 +0800] "POST /xingrg/kc/buy/cgsh_order_operate.html HTTP/1.1" 200 3246
180.169.147.146 - - [08/Mar/2021:08:59:49 +0800] "POST /xingrg/all/report/load_report_page.html HTTP/1.1" 200 48230
180.169.147.146 - - [08/Mar/2021:08:59:49 +0800] "GET /xingrg/servlets/image?cache=0.5972368799044495&image=px HTTP/1.1" 200 807
116.235.216.75 - - [08/Mar/2021:08:59:50 +0800] "GET /xingrg/kc/print/load_data.html?order_code=212021030803077&kc_code=cgsh&condition= HTTP/1.1" 200 927
222.69.133.78 - - [08/Mar/2021:08:59:52 +0800] "GET /xingrg/all/function/internal_message.html?_=1615165190970&CODE_STATE=getMsg HTTP/1.1" 200 27
180.169.147.146 - - [08/Mar/2021:08:59:52 +0800] "POST /xingrg/all/report/report_print.html HTTP/1.1" 200 7168
222.69.133.78 - - [08/Mar/2021:08:59:53 +0800] "GET /xingrg/kc/buy/cgsh_order_operate.html?command=get_materiel&rest_code=00149&code=00101008010&supplier_code=00100005&order_time=2021-03-08 HTTP/1.1" 200 412
116.235.216.75 - - [08/Mar/2021:08:59:55 +0800] "GET /xingrg/kc/buy/cgsh_order_add.html HTTP/1.1" 200 62192
116.235.216.75 - - [08/Mar/2021:08:59:56 +0800] "POST /xingrg/kc/buy/cgsh_order_operate.html HTTP/1.1" 200 8245
116.235.216.75 - - [08/Mar/2021:08:59:56 +0800] "GET /xingrg/javascript/easyui/themes/default/validatebox.css HTTP/1.1" 404 1104
116.235.216.75 - - [08/Mar/2021:08:59:57 +0800] "GET /xingrg/javascript/easyui/themes/default/tree.css HTTP/1.1" 404 1090
116.235.216.75 - - [08/Mar/2021:08:59:57 +0800] "POST /xingrg/all/common/load_tree.html?tree=supplier_tree_json&isDelete=1 HTTP/1.1" 200 54827
114.88.166.193 - - [08/Mar/2021:08:59:59 +0800] "GET /xingrg/kc/buy/cgsh_order_operate.html?command=get_materiel&rest_code=00111&code=00101008085&supplier_code=00100037&order_time=2021-03-08 HTTP/1.1" 200 412
116.235.216.75 - - [08/Mar/2021:09:00:01 +0800] "GET /xingrg/all/function/internal_message.html?_=1615165198913&CODE_STATE=getMsg HTTP/1.1" 200 27
58.40.7.146 - - [08/Mar/2021:09:00:01 +0800] "GET /xingrg/all/function/internal_message.html?_=1615165200675&CODE_STATE=getMsg HTTP/1.1" 302 -
101.228.165.174 - - [08/Mar/2021:09:00:02 +0800] "GET /xingrg/all/function/internal_message.html?_=1615165201633&CODE_STATE=getMsg HTTP/1.1" 302 -
222.69.133.78 - - [08/Mar/2021:09:00:03 +0800] "GET /xingrg/kc/buy/cgsh_order_operate.html?command=get_materiel&rest_code=00149&code=00101008281&supplier_code=00100005&order_time=2021-03-08 HTTP/1.1" 200 412
101.228.165.174 - - [08/Mar/2021:09:00:09 +0800] "GET /xingrg/kc/buy/cgsh_order_operate.html?command=get_materiel&rest_code=00146&code=00101008347&supplier_code=00100005&order_time=2021-03-08 HTTP/1.1" 200 408
116.224.253.72 - - [08/Mar/2021:09:00:11 +0800] "POST /xingrg/kc/buy/cgsh_order_operate.html HTTP/1.1" 200 37
116.224.253.72 - - [08/Mar/2021:09:00:11 +0800] "GET /xingrg/all/function/internal_message.html?_=1615165174447&CODE_STATE=getMsg HTTP/1.1" 200 27
114.88.166.193 - - [08/Mar/2021:09:00:12 +0800] "GET /xingrg/all/function/internal_message.html?_=1615165210734&CODE_STATE=getMsg HTTP/1.1" 200 27
116.224.253.72 - - [08/Mar/2021:09:00:13 +0800] "GET /xingrg/all/function/internal_message.html?_=1615165215912&CODE_STATE=getMsg HTTP/1.1" 200 27
116.224.253.72 - - [08/Mar/2021:09:00:14 +0800] "POST /xingrg/kc/buy/cgsh_order_operate.html HTTP/1.1" 200 12
116.224.253.72 - - [08/Mar/2021:09:00:14 +0800] "GET /xingrg/kc/buy/cgsh_order_info.html?code=212021030803078 HTTP/1.1" 200 56920
116.224.253.72 - - [08/Mar/2021:09:00:15 +0800] "GET /xingrg/javascript/easyui/themes/default/validatebox.css HTTP/1.1" 404 1104
222.69.133.78 - - [08/Mar/2021:09:00:15 +0800] "GET /xingrg/kc/buy/cgsh_order_operate.html?command=get_materiel&rest_code=00149&code=00101008126&supplier_code=00100005&order_time=2021-03-08 HTTP/1.1" 200 412
116.224.253.72 - - [08/Mar/2021:09:00:15 +0800] "POST /xingrg/kc/buy/cgsh_order_operate.html HTTP/1.1" 200 11927
180.169.147.146 - - [08/Mar/2021:09:00:16 +0800] "GET /xingrg/check_reg.html?_=1615165217649 HTTP/1.1" 200 22
180.169.147.146 - - [08/Mar/2021:09:00:16 +0800] "GET /xingrg/all/function/internal_message.html?_=1615165217652&CODE_STATE=getMsg HTTP/1.1" 200 27
116.224.253.72 - - [08/Mar/2021:09:00:17 +0800] "GET /xingrg/kc/print/load_data.html?order_code=212021030803078&kc_code=cgsh&condition= HTTP/1.1" 200 4992
116.235.216.75 - - [08/Mar/2021:09:00:17 +0800] "GET /xingrg/kc/buy/cgsh_order_operate.html?command=get_materiel&rest_code=00107&code=00101001045&supplier_code=00100439&order_time=2021-03-08 HTTP/1.1" 200 421
114.88.166.193 - - [08/Mar/2021:09:00:18 +0800] "GET /xingrg/kc/buy/cgsh_order_operate.html?command=get_materiel&rest_code=00111&code=00101012051&supplier_code=00100037&order_time=2021-03-08 HTTP/1.1" 200 408
101.228.165.174 - - [08/Mar/2021:09:00:19 +0800] "GET /xingrg/all/function/internal_message.html?_=1615165250353&CODE_STATE=getMsg HTTP/1.1" 200 27
117.185.32.26 - - [08/Mar/2021:09:00:22 +0800] "GET /xingrg/all/function/internal_message.html?_=1615165726856&CODE_STATE=getMsg HTTP/1.1" 200 27
222.70.216.220 - - [08/Mar/2021:09:00:22 +0800] "GET /xingrg/all/function/internal_message.html?_=1615165220154&CODE_STATE=getMsg HTTP/1.1" 200 27
222.69.133.78 - - [08/Mar/2021:09:00:23 +0800] "GET /xingrg/kc/buy/cgsh_order_operate.html?command=get_materiel&rest_code=00149&code=00101008087&supplier_code=00100005&order_time=2021-03-08 HTTP/1.1" 200 412
116.224.253.72 - - [08/Mar/2021:09:00:28 +0800] "GET /xingrg/kc/buy/cgsh_order_add.html HTTP/1.1" 200 62028
116.224.253.72 - - [08/Mar/2021:09:00:28 +0800] "POST /xingrg/kc/buy/cgsh_order_operate.html HTTP/1.1" 200 8245
116.224.253.72 - - [08/Mar/2021:09:00:28 +0800] "GET /xingrg/javascript/easyui/themes/default/validatebox.css HTTP/1.1" 404 1104
58.37.230.33 - - [08/Mar/2021:09:00:29 +0800] "GET /xingrg/all/function/internal_message.html?_=1615165226391&CODE_STATE=getMsg HTTP/1.1" 200 27
222.69.133.78 - - [08/Mar/2021:09:00:31 +0800] "GET /xingrg/kc/buy/cgsh_order_operate.html?command=get_materiel&rest_code=00149&code=00101008355&supplier_code=00100005&order_time=2021-03-08 HTTP/1.1" 200 408
101.228.165.174 - - [08/Mar/2021:09:00:32 +0800] "GET /xingrg/check_reg.html?_=1615165262943 HTTP/1.1" 200 22
180.174.195.252 - - [08/Mar/2021:09:00:35 +0800] "GET /xingrg/all/function/internal_message.html?_=1615165495626&CODE_STATE=getMsg HTTP/1.1" 200 27
116.235.216.75 - - [08/Mar/2021:09:00:37 +0800] "POST /xingrg/kc/buy/cgsh_order_operate.html HTTP/1.1" 200 37
116.224.253.72 - - [08/Mar/2021:09:00:37 +0800] "GET /xingrg/kc/buy/cgsh_order_operate.html?command=get_materiel&rest_code=00150&code=00101011003&supplier_code=00100047&order_time=2021-03-08 HTTP/1.1" 200 413
116.235.216.75 - - [08/Mar/2021:09:00:38 +0800] "POST /xingrg/kc/buy/cgsh_order_operate.html HTTP/1.1" 200 2670
114.88.166.193 - - [08/Mar/2021:09:00:40 +0800] "GET /xingrg/kc/buy/cgsh_order_operate.html?command=get_materiel&rest_code=00111&code=00101016025&supplier_code=00100037&order_time=2021-03-08 HTTP/1.1" 200 408
116.235.216.75 - - [08/Mar/2021:09:00:41 +0800] "GET /xingrg/kc/print/load_data.html?order_code=212021030803079&kc_code=cgsh&condition= HTTP/1.1" 200 690
116.224.253.72 - - [08/Mar/2021:09:00:43 +0800] "POST /xingrg/kc/buy/cgsh_order_operate.html HTTP/1.1" 200 37
222.69.133.78 - - [08/Mar/2021:09:00:44 +0800] "GET /xingrg/kc/buy/cgsh_order_operate.html?command=get_materiel&rest_code=00149&code=00101008264&supplier_code=00100005&order_time=2021-03-08 HTTP/1.1" 200 412
120.253.135.82 - - [08/Mar/2021:09:00:45 +0800] "GET /xingrg/all/function/internal_message.html?_=1615165248386&CODE_STATE=getMsg HTTP/1.1" 302 -
61.165.42.208 - - [08/Mar/2021:09:00:45 +0800] "GET /xingrg/all/function/internal_message.html?_=1615165245708&CODE_STATE=getMsg HTTP/1.1" 200 27
116.235.216.75 - - [08/Mar/2021:09:00:45 +0800] "GET /xingrg/kc/buy/cgsh_order_add.html HTTP/1.1" 200 62192
116.224.253.72 - - [08/Mar/2021:09:00:46 +0800] "POST /xingrg/kc/buy/cgsh_order_operate.html HTTP/1.1" 200 12
116.224.253.72 - - [08/Mar/2021:09:00:47 +0800] "GET /xingrg/kc/buy/cgsh_order_info.html?code=212021030803080 HTTP/1.1" 200 56930
116.235.216.75 - - [08/Mar/2021:09:00:47 +0800] "GET /xingrg/javascript/easyui/themes/default/validatebox.css HTTP/1.1" 404 1104
116.235.216.75 - - [08/Mar/2021:09:00:47 +0800] "POST /xingrg/kc/buy/cgsh_order_operate.html HTTP/1.1" 200 8245
116.224.253.72 - - [08/Mar/2021:09:00:47 +0800] "GET /xingrg/javascript/easyui/themes/default/validatebox.css HTTP/1.1" 404 1104
116.224.253.72 - - [08/Mar/2021:09:00:48 +0800] "POST /xingrg/kc/buy/cgsh_order_operate.html HTTP/1.1" 200 606
116.235.216.75 - - [08/Mar/2021:09:00:48 +0800] "GET /xingrg/javascript/easyui/themes/default/tree.css HTTP/1.1" 404 1090
116.235.216.75 - - [08/Mar/2021:09:00:48 +0800] "POST /xingrg/all/common/load_tree.html?tree=supplier_tree_json&isDelete=1 HTTP/1.1" 200 54827
116.224.253.72 - - [08/Mar/2021:09:00:49 +0800] "GET /xingrg/kc/print/load_data.html?order_code=212021030803080&kc_code=cgsh&condition= HTTP/1.1" 200 749
222.69.133.78 - - [08/Mar/2021:09:00:52 +0800] "GET /xingrg/all/function/internal_message.html?_=1615165250973&CODE_STATE=getMsg HTTP/1.1" 200 27
222.69.133.78 - - [08/Mar/2021:09:00:52 +0800] "GET /xingrg/check_reg.html?_=1615165250978 HTTP/1.1" 200 22
120.253.135.82 - - [08/Mar/2021:09:00:53 +0800] "GET /xingrg/check_reg.html?_=1615165257014 HTTP/1.1" 302 -
114.88.166.193 - - [08/Mar/2021:09:00:53 +0800] "GET /xingrg/kc/buy/cgsh_order_operate.html?command=get_materiel&rest_code=00111&code=00101008284&supplier_code=00100037&order_time=2021-03-08 HTTP/1.1" 200 412
116.224.253.72 - - [08/Mar/2021:09:00:56 +0800] "GET /xingrg/kc/buy/cgsh_order_add.html HTTP/1.1" 200 62028
116.224.253.72 - - [08/Mar/2021:09:00:56 +0800] "GET /xingrg/javascript/easyui/themes/default/validatebox.css HTTP/1.1" 404 1104
116.224.253.72 - - [08/Mar/2021:09:00:56 +0800] "POST /xingrg/kc/buy/cgsh_order_operate.html HTTP/1.1" 200 8245
116.235.216.75 - - [08/Mar/2021:09:01:01 +0800] "GET /xingrg/all/function/internal_message.html?_=1615165258912&CODE_STATE=getMsg HTTP/1.1" 200 27
58.40.7.146 - - [08/Mar/2021:09:01:01 +0800] "GET /xingrg/all/function/internal_message.html?_=1615165260679&CODE_STATE=getMsg HTTP/1.1" 302 -
101.228.165.174 - - [08/Mar/2021:09:01:02 +0800] "GET /xingrg/all/function/internal_message.html?_=1615165261631&CODE_STATE=getMsg HTTP/1.1" 302 -
222.69.133.78 - - [08/Mar/2021:09:01:03 +0800] "GET /xingrg/kc/buy/cgsh_order_operate.html?command=get_materiel&rest_code=00149&code=00101009030&supplier_code=00100005&order_time=2021-03-08 HTTP/1.1" 200 412
116.224.253.72 - - [08/Mar/2021:09:01:06 +0800] "GET /xingrg/kc/buy/cgsh_order_operate.html?command=get_materiel&rest_code=00150&code=00101031001&supplier_code=00100064&order_time=2021-03-08 HTTP/1.1" 200 419
116.224.253.72 - - [08/Mar/2021:09:01:11 +0800] "GET /xingrg/all/function/internal_message.html?_=1615165234454&CODE_STATE=getMsg HTTP/1.1" 200 27
116.235.216.75 - - [08/Mar/2021:09:01:11 +0800] "GET /xingrg/kc/buy/cgsh_order_operate.html?command=get_materiel&rest_code=00107&code=00101028020&supplier_code=00100017&order_time=2021-03-08 HTTP/1.1" 200 451
114.88.166.193 - - [08/Mar/2021:09:01:12 +0800] "GET /xingrg/all/function/internal_message.html?_=1615165270748&CODE_STATE=getMsg HTTP/1.1" 200 27
116.224.253.72 - - [08/Mar/2021:09:01:12 +0800] "POST /xingrg/kc/buy/cgsh_order_operate.html HTTP/1.1" 200 37
116.224.253.72 - - [08/Mar/2021:09:01:15 +0800] "POST /xingrg/kc/buy/cgsh_order_operate.html HTTP/1.1" 200 12
116.224.253.72 - - [08/Mar/2021:09:01:16 +0800] "GET /xingrg/kc/buy/cgsh_order_info.html?code=212021030803081 HTTP/1.1" 200 56930
180.169.147.146 - - [08/Mar/2021:09:01:16 +0800] "GET /xingrg/all/function/internal_message.html?_=1615165277652&CODE_STATE=getMsg HTTP/1.1" 200 27
116.224.253.72 - - [08/Mar/2021:09:01:16 +0800] "GET /xingrg/javascript/easyui/themes/default/validatebox.css HTTP/1.1" 404 1104
116.224.253.72 - - [08/Mar/2021:09:01:17 +0800] "POST /xingrg/kc/buy/cgsh_order_operate.html HTTP/1.1" 200 615
116.224.253.72 - - [08/Mar/2021:09:01:18 +0800] "GET /xingrg/kc/print/load_data.html?order_code=212021030803081&kc_code=cgsh&condition= HTTP/1.1" 200 751
101.228.165.174 - - [08/Mar/2021:09:01:19 +0800] "GET /xingrg/all/function/internal_message.html?_=1615165310367&CODE_STATE=getMsg HTTP/1.1" 200 27
114.88.166.193 - - [08/Mar/2021:09:01:19 +0800] "GET /xingrg/kc/buy/cgsh_order_operate.html?command=get_materiel&rest_code=00111&code=00101008123&supplier_code=00100037&order_time=2021-03-08 HTTP/1.1" 200 412
117.185.32.26 - - [08/Mar/2021:09:01:22 +0800] "GET /xingrg/all/function/internal_message.html?_=1615165786854&CODE_STATE=getMsg HTTP/1.1" 200 27
222.70.216.220 - - [08/Mar/2021:09:01:22 +0800] "GET /xingrg/all/function/internal_message.html?_=1615165280155&CODE_STATE=getMsg HTTP/1.1" 200 27
116.235.216.75 - - [08/Mar/2021:09:01:25 +0800] "POST /xingrg/kc/buy/cgsh_order_operate.html HTTP/1.1" 200 37
116.224.253.72 - - [08/Mar/2021:09:01:25 +0800] "POST /xingrg/all/user/operate.html HTTP/1.1" 200 36
116.224.253.72 - - [08/Mar/2021:09:01:26 +0800] "GET /xingrg/index.html?sysBaseUrl=http%3A%2F%2F180.169.147.146%3A18081%2Fxingrg%2F&costTime=43×tamp=1615089972322 HTTP/1.1" 200 17177
116.224.253.72 - - [08/Mar/2021:09:01:26 +0800] "GET /xingrg/javascript/jquery_easy_ui/themes/default/easyui.css HTTP/1.1" 304 -
116.224.253.72 - - [08/Mar/2021:09:01:26 +0800] "GET /xingrg/javascript/jquery_easy_ui/themes/icon.css HTTP/1.1" 304 -
116.224.253.72 - - [08/Mar/2021:09:01:26 +0800] "GET /xingrg/css/form.css HTTP/1.1" 304 -
116.224.253.72 - - [08/Mar/2021:09:01:26 +0800] "GET /xingrg/javascript/jquery-1.4.2.min.js HTTP/1.1" 304 -
116.224.253.72 - - [08/Mar/2021:09:01:26 +0800] "GET /xingrg/javascript/jquery_easy_ui/jquery.easyui.min.js HTTP/1.1" 304 -
116.224.253.72 - - [08/Mar/2021:09:01:26 +0800] "GET /xingrg/javascript/jquery_easy_ui/easyui-lang-zh_CN.js HTTP/1.1" 304 -
116.224.253.72 - - [08/Mar/2021:09:01:26 +0800] "GET /xingrg/javascript/jquery.form.js HTTP/1.1" 304 -
116.224.253.72 - - [08/Mar/2021:09:01:26 +0800] "GET /xingrg/javascript/jquery.utils.js HTTP/1.1" 304 -
116.224.253.72 - - [08/Mar/2021:09:01:26 +0800] "GET /xingrg/javascript/jquery.timers.js HTTP/1.1" 304 -
116.224.253.72 - - [08/Mar/2021:09:01:26 +0800] "GET /xingrg/images/blue/jxLogo.png HTTP/1.1" 304 -
116.224.253.72 - - [08/Mar/2021:09:01:26 +0800] "GET /xingrg/javascript/jquery_easy_ui/themes/icons/settle_new.png HTTP/1.1" 304 -
116.224.253.72 - - [08/Mar/2021:09:01:26 +0800] "GET /xingrg/images/blue/navBackgound.jpg HTTP/1.1" 304 -
116.224.253.72 - - [08/Mar/2021:09:01:26 +0800] "POST /xingrg/all/common/load_tree.html?tree=area_rest_tree_json&manage=1 HTTP/1.1" 200 476
116.224.253.72 - - [08/Mar/2021:09:01:26 +0800] "GET /xingrg/check_reg.html?_=1615165288993 HTTP/1.1" 200 22
116.224.253.72 - - [08/Mar/2021:09:01:26 +0800] "GET /xingrg/all/function/internal_message.html?_=1615165288992&CODE_STATE=count HTTP/1.1" 200 11
116.224.253.72 - - [08/Mar/2021:09:01:26 +0800] "GET /xingrg/javascript/jquery_easy_ui/themes/default/images/tabs_leftarrow.png HTTP/1.1" 304 -
116.224.253.72 - - [08/Mar/2021:09:01:26 +0800] "GET /xingrg/images/blue/pingpu.png HTTP/1.1" 304 -
116.224.253.72 - - [08/Mar/2021:09:01:26 +0800] "GET /xingrg/javascript/jquery_easy_ui/themes/default/images/panel_tool_collapse.gif HTTP/1.1" 304 -
116.224.253.72 - - [08/Mar/2021:09:01:26 +0800] "GET /xingrg/javascript/jquery_easy_ui/themes/default/images/tabs_rightarrow.png HTTP/1.1" 304 -
116.224.253.72 - - [08/Mar/2021:09:01:26 +0800] "POST /xingrg/load_menu.html HTTP/1.1" 200 5138
114.88.166.193 - - [08/Mar/2021:09:01:28 +0800] "GET /xingrg/kc/buy/cgsh_order_operate.html?command=get_materiel&rest_code=00111&code=00101015038&supplier_code=00100037&order_time=2021-03-08 HTTP/1.1" 200 418
58.37.230.33 - - [08/Mar/2021:09:01:29 +0800] "GET /xingrg/all/function/internal_message.html?_=1615165286389&CODE_STATE=getMsg HTTP/1.1" 200 27
116.224.253.72 - - [08/Mar/2021:09:01:31 +0800] "GET /xingrg/kc/mdqp/pssh_order_list.html HTTP/1.1" 200 17558
116.224.253.72 - - [08/Mar/2021:09:01:31 +0800] "POST /xingrg/kc/mdqp/pssh_list_operate.html HTTP/1.1" 200 5492
116.224.253.72 - - [08/Mar/2021:09:01:35 +0800] "GET /xingrg/kc/buy/cgsh_order_list.html HTTP/1.1" 200 46370
180.174.195.252 - - [08/Mar/2021:09:01:35 +0800] "GET /xingrg/all/function/internal_message.html?_=1615165555738&CODE_STATE=getMsg HTTP/1.1" 200 27
116.224.253.72 - - [08/Mar/2021:09:01:36 +0800] "POST /xingrg/kc/buy/cgsh_list_operate.html HTTP/1.1" 200 1707
114.88.166.193 - - [08/Mar/2021:09:01:37 +0800] "GET /xingrg/kc/buy/cgsh_order_operate.html?command=get_materiel&rest_code=00111&code=00101015066&supplier_code=00100037&order_time=2021-03-08 HTTP/1.1" 200 413
116.224.253.72 - - [08/Mar/2021:09:01:37 +0800] "GET /xingrg/kc/buy/cgsh_order_add.html HTTP/1.1" 200 61746
116.224.253.72 - - [08/Mar/2021:09:01:37 +0800] "POST /xingrg/kc/buy/cgsh_order_operate.html HTTP/1.1" 200 8245
116.224.253.72 - - [08/Mar/2021:09:01:37 +0800] "GET /xingrg/javascript/easyui/themes/default/validatebox.css HTTP/1.1" 404 1104
116.224.253.72 - - [08/Mar/2021:09:01:39 +0800] "GET /xingrg/javascript/auto/indicator.gif HTTP/1.1" 404 1066
116.224.253.72 - - [08/Mar/2021:09:01:45 +0800] "GET /xingrg/kc/buy/cgsh_order_operate.html?command=get_materiel&rest_code=00151&code=00101011005&supplier_code=00100047&order_time=2021-03-08 HTTP/1.1" 200 428
120.253.135.82 - - [08/Mar/2021:09:01:45 +0800] "GET /xingrg/all/function/internal_message.html?_=1615165308430&CODE_STATE=getMsg HTTP/1.1" 302 -
61.165.42.208 - - [08/Mar/2021:09:01:45 +0800] "GET /xingrg/check_reg.html?_=1615165305700 HTTP/1.1" 200 22
61.165.42.208 - - [08/Mar/2021:09:01:45 +0800] "GET /xingrg/all/function/internal_message.html?_=1615165305703&CODE_STATE=getMsg HTTP/1.1" 200 27
114.88.166.193 - - [08/Mar/2021:09:01:46 +0800] "GET /xingrg/kc/buy/cgsh_order_operate.html?command=get_materiel&rest_code=00111&code=00101012002&supplier_code=00100037&order_time=2021-03-08 HTTP/1.1" 200 419
222.69.133.78 - - [08/Mar/2021:09:01:48 +0800] "POST /xingrg/kc/buy/cgsh_order_operate.html HTTP/1.1" 200 2065
222.69.133.78 - - [08/Mar/2021:09:01:52 +0800] "GET /xingrg/all/function/internal_message.html?_=1615165310979&CODE_STATE=getMsg HTTP/1.1" 200 27
116.224.253.72 - - [08/Mar/2021:09:01:53 +0800] "GET /xingrg/kc/buy/cgsh_order_operate.html?command=get_materiel&rest_code=00151&code=00101011001&supplier_code=00100047&order_time=2021-03-08 HTTP/1.1" 200 423
222.69.133.78 - - [08/Mar/2021:09:01:57 +0800] "GET /xingrg/kc/buy/cgsh_order_operate.html?command=get_materiel&rest_code=00149&code=00101008356&supplier_code=00100005&order_time=2021-03-08 HTTP/1.1" 200 408
116.224.253.72 - - [08/Mar/2021:09:01:58 +0800] "GET /xingrg/kc/buy/cgsh_order_operate.html?command=get_materiel&rest_code=00151&code=00101011003&supplier_code=00100047&order_time=2021-03-08 HTTP/1.1" 200 413
58.40.7.146 - - [08/Mar/2021:09:02:01 +0800] "GET /xingrg/all/function/internal_message.html?_=1615165320682&CODE_STATE=getMsg HTTP/1.1" 302 -
101.228.165.174 - - [08/Mar/2021:09:02:02 +0800] "GET /xingrg/all/function/internal_message.html?_=1615165321630&CODE_STATE=getMsg HTTP/1.1" 302 -
116.224.253.72 - - [08/Mar/2021:09:02:10 +0800] "GET /xingrg/check_reg.html?_=1615165294003 HTTP/1.1" 200 22
116.224.253.72 - - [08/Mar/2021:09:02:11 +0800] "GET /xingrg/all/function/internal_message.html?_=1615165294467&CODE_STATE=getMsg HTTP/1.1" 200 27
114.88.166.193 - - [08/Mar/2021:09:02:12 +0800] "GET /xingrg/all/function/internal_message.html?_=1615165330761&CODE_STATE=getMsg HTTP/1.1" 200 27
222.69.133.78 - - [08/Mar/2021:09:02:12 +0800] "GET /xingrg/kc/buy/cgsh_order_operate.html?command=get_materiel&rest_code=00149&code=00101008300&supplier_code=00100005&order_time=2021-03-08 HTTP/1.1" 200 412
116.235.216.75 - - [08/Mar/2021:09:02:13 +0800] "POST /xingrg/kc/buy/cgsh_order_operate.html HTTP/1.1" 200 2690
58.221.95.50 - - [08/Mar/2021:09:02:15 +0800] "POST /xingrg/kc/base/check_list_operate.html HTTP/1.1" 302 -
58.221.95.50 - - [08/Mar/2021:09:02:15 +0800] "GET /xingrg/login.html HTTP/1.1" 200 7641
58.221.95.50 - - [08/Mar/2021:09:02:15 +0800] "GET /xingrg/kc/base/images/blue/login_bg.png HTTP/1.1" 404 1072
58.221.95.50 - - [08/Mar/2021:09:02:15 +0800] "GET /xingrg/kc/base/images/blue/hj.png HTTP/1.1" 404 1060
58.221.95.50 - - [08/Mar/2021:09:02:15 +0800] "GET /xingrg/kc/base/images/blue/srbg.png HTTP/1.1" 404 1064
58.221.95.50 - - [08/Mar/2021:09:02:16 +0800] "GET /xingrg/javascript/jquery_tools/images/next.gif HTTP/1.1" 404 1086
58.221.95.50 - - [08/Mar/2021:09:02:16 +0800] "GET /xingrg/javascript/jquery_tools/images/prev.gif HTTP/1.1" 404 1086
180.169.147.146 - - [08/Mar/2021:09:02:16 +0800] "GET /xingrg/all/function/internal_message.html?_=1615165337660&CODE_STATE=getMsg HTTP/1.1" 200 27
222.69.133.78 - - [08/Mar/2021:09:02:19 +0800] "GET /xingrg/kc/buy/cgsh_order_operate.html?command=get_materiel&rest_code=00149&code=00101008137&supplier_code=00100005&order_time=2021-03-08 HTTP/1.1" 200 408
101.228.165.174 - - [08/Mar/2021:09:02:19 +0800] "GET /xingrg/all/function/internal_message.html?_=1615165370381&CODE_STATE=getMsg HTTP/1.1" 200 27
117.185.32.26 - - [08/Mar/2021:09:02:22 +0800] "GET /xingrg/all/function/internal_message.html?_=1615165846857&CODE_STATE=getMsg HTTP/1.1" 200 27
222.70.216.220 - - [08/Mar/2021:09:02:22 +0800] "GET /xingrg/all/function/internal_message.html?_=1615165340157&CODE_STATE=getMsg HTTP/1.1" 200 27
116.224.253.72 - - [08/Mar/2021:09:02:26 +0800] "GET /xingrg/all/function/internal_message.html?_=1615165349006&CODE_STATE=getMsg HTTP/1.1" 200 27
180.169.147.146 - - [08/Mar/2021:09:02:27 +0800] "POST /xingrg/all/user/operate.html HTTP/1.1" 200 36
114.88.166.193 - - [08/Mar/2021:09:02:27 +0800] "GET /xingrg/kc/buy/cgsh_order_operate.html?command=get_materiel&rest_code=00111&code=00101007154&supplier_code=00100037&order_time=2021-03-08 HTTP/1.1" 200 396
180.169.147.146 - - [08/Mar/2021:09:02:27 +0800] "GET /xingrg/index.html?sysBaseUrl=http%3A%2F%2F180.169.147.146%3A18081%2Fxingrg%2F&costTime=42×tamp=1615164916433 HTTP/1.1" 200 17509
222.69.133.78 - - [08/Mar/2021:09:02:27 +0800] "GET /xingrg/kc/buy/cgsh_order_operate.html?command=get_materiel&rest_code=00149&code=00101008059&supplier_code=00100005&order_time=2021-03-08 HTTP/1.1" 200 408
180.169.147.146 - - [08/Mar/2021:09:02:27 +0800] "GET /xingrg/javascript/jquery_easy_ui/themes/default/easyui.css HTTP/1.1" 304 -
180.169.147.146 - - [08/Mar/2021:09:02:27 +0800] "GET /xingrg/javascript/jquery_easy_ui/themes/icon.css HTTP/1.1" 304 -
180.169.147.146 - - [08/Mar/2021:09:02:27 +0800] "GET /xingrg/css/form.css HTTP/1.1" 304 -
180.169.147.146 - - [08/Mar/2021:09:02:27 +0800] "GET /xingrg/javascript/jquery-1.4.2.min.js HTTP/1.1" 304 -
180.169.147.146 - - [08/Mar/2021:09:02:27 +0800] "GET /xingrg/javascript/jquery_easy_ui/jquery.easyui.min.js HTTP/1.1" 304 -
180.169.147.146 - - [08/Mar/2021:09:02:27 +0800] "GET /xingrg/javascript/jquery_easy_ui/easyui-lang-zh_CN.js HTTP/1.1" 304 -
180.169.147.146 - - [08/Mar/2021:09:02:27 +0800] "GET /xingrg/javascript/jquery.form.js HTTP/1.1" 304 -
180.169.147.146 - - [08/Mar/2021:09:02:27 +0800] "GET /xingrg/javascript/jquery.utils.js HTTP/1.1" 304 -
180.169.147.146 - - [08/Mar/2021:09:02:27 +0800] "GET /xingrg/javascript/jquery.timers.js HTTP/1.1" 304 -
180.169.147.146 - - [08/Mar/2021:09:02:27 +0800] "GET /xingrg/images/blue/jxLogo.png HTTP/1.1" 304 -
180.169.147.146 - - [08/Mar/2021:09:02:27 +0800] "GET /xingrg/images/blue/navBackgound.jpg HTTP/1.1" 304 -
180.169.147.146 - - [08/Mar/2021:09:02:27 +0800] "GET /xingrg/javascript/jquery_easy_ui/themes/icons/settle_new.png HTTP/1.1" 304 -
180.169.147.146 - - [08/Mar/2021:09:02:27 +0800] "POST /xingrg/all/common/load_tree.html?tree=area_rest_tree_json&manage=1 HTTP/1.1" 200 3216
180.169.147.146 - - [08/Mar/2021:09:02:27 +0800] "GET /xingrg/all/function/internal_message.html?_=1615165348894&CODE_STATE=count HTTP/1.1" 200 11
180.169.147.146 - - [08/Mar/2021:09:02:27 +0800] "GET /xingrg/check_reg.html?_=1615165348894 HTTP/1.1" 200 22
180.169.147.146 - - [08/Mar/2021:09:02:27 +0800] "GET /xingrg/javascript/jquery_easy_ui/themes/default/images/tabs_rightarrow.png HTTP/1.1" 304 -
180.169.147.146 - - [08/Mar/2021:09:02:27 +0800] "GET /xingrg/javascript/jquery_easy_ui/themes/default/images/panel_tool_collapse.gif HTTP/1.1" 304 -
180.169.147.146 - - [08/Mar/2021:09:02:27 +0800] "GET /xingrg/javascript/jquery_easy_ui/themes/default/images/tabs_leftarrow.png HTTP/1.1" 304 -
180.169.147.146 - - [08/Mar/2021:09:02:27 +0800] "GET /xingrg/javascript/jquery_easy_ui/themes/default/images/panel_tool_expand.gif HTTP/1.1" 304 -
180.169.147.146 - - [08/Mar/2021:09:02:27 +0800] "GET /xingrg/images/blue/pingpu.png HTTP/1.1" 304 -
180.169.147.146 - - [08/Mar/2021:09:02:28 +0800] "POST /xingrg/load_menu.html HTTP/1.1" 200 9959
58.37.230.33 - - [08/Mar/2021:09:02:29 +0800] "GET /xingrg/all/function/internal_message.html?_=1615165346387&CODE_STATE=getMsg HTTP/1.1" 200 27
180.169.147.146 - - [08/Mar/2021:09:02:29 +0800] "GET /xingrg/kc/buy/cgsh_order_list.html HTTP/1.1" 200 46627
222.69.133.78 - - [08/Mar/2021:09:02:33 +0800] "POST /xingrg/kc/buy/cgsh_order_operate.html HTTP/1.1" 200 2065
180.174.195.252 - - [08/Mar/2021:09:02:35 +0800] "GET /xingrg/all/function/internal_message.html?_=1615165615747&CODE_STATE=getMsg HTTP/1.1" 200 27
222.69.133.78 - - [08/Mar/2021:09:02:38 +0800] "GET /xingrg/kc/buy/cgsh_order_operate.html?command=get_materiel&rest_code=00149&code=00101008223&supplier_code=00100005&order_time=2021-03-08 HTTP/1.1" 200 412
116.235.216.75 - - [08/Mar/2021:09:02:40 +0800] "POST /xingrg/kc/buy/cgsh_list_operate.html HTTP/1.1" 200 5063
120.253.135.82 - - [08/Mar/2021:09:02:45 +0800] "GET /xingrg/all/function/internal_message.html?_=1615165368445&CODE_STATE=getMsg HTTP/1.1" 302 -
180.169.147.146 - - [08/Mar/2021:09:02:45 +0800] "POST /xingrg/kc/buy/cgsh_list_operate.html HTTP/1.1" 200 5180
61.165.42.208 - - [08/Mar/2021:09:02:45 +0800] "GET /xingrg/all/function/internal_message.html?_=1615165365702&CODE_STATE=getMsg HTTP/1.1" 200 27
222.69.133.78 - - [08/Mar/2021:09:02:52 +0800] "GET /xingrg/all/function/internal_message.html?_=1615165370982&CODE_STATE=getMsg HTTP/1.1" 200 27
116.224.253.72 - - [08/Mar/2021:09:02:54 +0800] "POST /xingrg/kc/buy/cgsh_order_operate.html HTTP/1.1" 200 37
114.88.166.193 - - [08/Mar/2021:09:02:55 +0800] "GET /xingrg/kc/buy/cgsh_order_operate.html?command=get_materiel&rest_code=00111&code=00101007117&supplier_code=00100037&order_time=2021-03-08 HTTP/1.1" 200 409
116.224.253.72 - - [08/Mar/2021:09:02:58 +0800] "POST /xingrg/kc/buy/cgsh_order_operate.html HTTP/1.1" 200 12
222.69.133.78 - - [08/Mar/2021:09:02:59 +0800] "GET /xingrg/kc/buy/cgsh_order_operate.html?command=get_materiel&rest_code=00149&code=00101008172&supplier_code=00100005&order_time=2021-03-08 HTTP/1.1" 200 412
116.224.253.72 - - [08/Mar/2021:09:02:59 +0800] "GET /xingrg/kc/buy/cgsh_order_info.html?code=212021030803083 HTTP/1.1" 200 56648
116.224.253.72 - - [08/Mar/2021:09:02:59 +0800] "GET /xingrg/javascript/easyui/themes/default/validatebox.css HTTP/1.1" 404 1104
116.224.253.72 - - [08/Mar/2021:09:03:00 +0800] "POST /xingrg/kc/buy/cgsh_order_operate.html HTTP/1.1" 200 1822
116.235.216.75 - - [08/Mar/2021:09:03:01 +0800] "GET /xingrg/all/function/internal_message.html?_=1615165378916&CODE_STATE=getMsg HTTP/1.1" 200 27
116.224.253.72 - - [08/Mar/2021:09:03:01 +0800] "GET /xingrg/kc/print/load_data.html?order_code=212021030803083&kc_code=cgsh&condition= HTTP/1.1" 200 1238
58.40.7.146 - - [08/Mar/2021:09:03:01 +0800] "GET /xingrg/all/function/internal_message.html?_=1615165380686&CODE_STATE=getMsg HTTP/1.1" 302 -
101.228.165.174 - - [08/Mar/2021:09:03:02 +0800] "GET /xingrg/all/function/internal_message.html?_=1615165381645&CODE_STATE=getMsg HTTP/1.1" 302 -
114.88.166.193 - - [08/Mar/2021:09:03:07 +0800] "POST /xingrg/kc/buy/cgsh_order_operate.html HTTP/1.1" 200 2065
116.235.216.75 - - [08/Mar/2021:09:03:10 +0800] "POST /xingrg/kc/buy/cgsh_list_operate.html HTTP/1.1" 200 4
116.224.253.72 - - [08/Mar/2021:09:03:11 +0800] "GET /xingrg/all/function/internal_message.html?_=1615165354480&CODE_STATE=getMsg HTTP/1.1" 200 27
114.88.166.193 - - [08/Mar/2021:09:03:12 +0800] "GET /xingrg/all/function/internal_message.html?_=1615165390775&CODE_STATE=getMsg HTTP/1.1" 200 27
101.228.165.174 - - [08/Mar/2021:09:03:19 +0800] "GET /xingrg/all/function/internal_message.html?_=1615165430633&CODE_STATE=getMsg HTTP/1.1" 200 27
180.169.147.146 - - [08/Mar/2021:09:03:20 +0800] "POST /xingrg/kc/buy/cgsh_list_operate.html HTTP/1.1" 200 2294
117.185.32.26 - - [08/Mar/2021:09:03:22 +0800] "GET /xingrg/all/function/internal_message.html?_=1615165906843&CODE_STATE=getMsg HTTP/1.1" 200 27
222.70.216.220 - - [08/Mar/2021:09:03:22 +0800] "GET /xingrg/all/function/internal_message.html?_=1615165400159&CODE_STATE=getMsg HTTP/1.1" 200 27
222.69.133.78 - - [08/Mar/2021:09:03:26 +0800] "GET /xingrg/kc/buy/cgsh_order_operate.html?command=get_materiel&rest_code=00149&code=00101008161&supplier_code=00100005&order_time=2021-03-08 HTTP/1.1" 200 409
116.224.253.72 - - [08/Mar/2021:09:03:26 +0800] "GET /xingrg/all/function/internal_message.html?_=1615165409003&CODE_STATE=getMsg HTTP/1.1" 200 27
61.129.6.203 - - [08/Mar/2021:09:03:26 +0800] "GET /xingrg/all/function/internal_message.html?_=1615164806361&CODE_STATE=getMsg HTTP/1.1" 302 -
58.40.7.146 - - [08/Mar/2021:09:03:27 +0800] "GET /xingrg/check_reg.html?_=1615165406767 HTTP/1.1" 302 -
180.169.147.146 - - [08/Mar/2021:09:03:27 +0800] "GET /xingrg/all/function/internal_message.html?_=1615165408900&CODE_STATE=getMsg HTTP/1.1" 200 27
58.37.230.33 - - [08/Mar/2021:09:03:29 +0800] "GET /xingrg/all/function/internal_message.html?_=1615165406401&CODE_STATE=getMsg HTTP/1.1" 200 27
61.129.6.203 - - [08/Mar/2021:09:03:33 +0800] "GET /xingrg/login.html HTTP/1.1" 200 7641
180.174.195.252 - - [08/Mar/2021:09:03:35 +0800] "GET /xingrg/check_reg.html?_=1615165675349 HTTP/1.1" 200 22
180.174.195.252 - - [08/Mar/2021:09:03:35 +0800] "GET /xingrg/all/function/internal_message.html?_=1615165675760&CODE_STATE=getMsg HTTP/1.1" 200 27
114.88.166.193 - - [08/Mar/2021:09:03:41 +0800] "POST /xingrg/kc/buy/cgsh_order_operate.html HTTP/1.1" 200 37
114.88.166.193 - - [08/Mar/2021:09:03:42 +0800] "POST /xingrg/kc/buy/cgsh_order_operate.html HTTP/1.1" 200 13320
120.253.135.82 - - [08/Mar/2021:09:03:45 +0800] "GET /xingrg/all/function/internal_message.html?_=1615165428503&CODE_STATE=getMsg HTTP/1.1" 302 -
61.165.42.208 - - [08/Mar/2021:09:03:45 +0800] "GET /xingrg/all/function/internal_message.html?_=1615165425696&CODE_STATE=getMsg HTTP/1.1" 200 27
222.69.133.78 - - [08/Mar/2021:09:03:45 +0800] "GET /xingrg/kc/buy/cgsh_order_operate.html?command=get_materiel&rest_code=00149&code=00101008357&supplier_code=00100005&order_time=2021-03-08 HTTP/1.1" 200 408
101.228.165.174 - - [08/Mar/2021:09:03:50 +0800] "GET /xingrg/kc/buy/cgsh_order_operate.html?command=get_materiel&rest_code=00146&code=00101008242&supplier_code=00100005&order_time=2021-03-08 HTTP/1.1" 200 408
222.69.133.78 - - [08/Mar/2021:09:03:52 +0800] "GET /xingrg/kc/buy/cgsh_order_operate.html?command=get_materiel&rest_code=00149&code=00101008286&supplier_code=00100005&order_time=2021-03-08 HTTP/1.1" 200 408
180.169.147.146 - - [08/Mar/2021:09:03:52 +0800] "POST /xingrg/all/user/operate.html HTTP/1.1" 200 36
222.69.133.78 - - [08/Mar/2021:09:03:52 +0800] "GET /xingrg/all/function/internal_message.html?_=1615165430976&CODE_STATE=getMsg HTTP/1.1" 200 27
180.169.147.146 - - [08/Mar/2021:09:03:52 +0800] "GET /xingrg/index.html?sysBaseUrl=http%3A%2F%2F180.169.147.146%3A18081%2Fxingrg%2F&costTime=42×tamp=1615164916433 HTTP/1.1" 200 17509
180.169.147.146 - - [08/Mar/2021:09:03:52 +0800] "GET /xingrg/javascript/jquery_easy_ui/themes/default/easyui.css HTTP/1.1" 304 -
180.169.147.146 - - [08/Mar/2021:09:03:52 +0800] "GET /xingrg/javascript/jquery_easy_ui/themes/icon.css HTTP/1.1" 304 -
180.169.147.146 - - [08/Mar/2021:09:03:52 +0800] "GET /xingrg/css/form.css HTTP/1.1" 304 -
180.169.147.146 - - [08/Mar/2021:09:03:52 +0800] "GET /xingrg/javascript/jquery-1.4.2.min.js HTTP/1.1" 304 -
180.169.147.146 - - [08/Mar/2021:09:03:52 +0800] "GET /xingrg/javascript/jquery_easy_ui/jquery.easyui.min.js HTTP/1.1" 304 -
180.169.147.146 - - [08/Mar/2021:09:03:52 +0800] "GET /xingrg/javascript/jquery_easy_ui/easyui-lang-zh_CN.js HTTP/1.1" 304 -
180.169.147.146 - - [08/Mar/2021:09:03:52 +0800] "GET /xingrg/javascript/jquery.form.js HTTP/1.1" 304 -
180.169.147.146 - - [08/Mar/2021:09:03:52 +0800] "GET /xingrg/javascript/jquery.utils.js HTTP/1.1" 304 -
180.169.147.146 - - [08/Mar/2021:09:03:52 +0800] "GET /xingrg/javascript/jquery.timers.js HTTP/1.1" 304 -
180.169.147.146 - - [08/Mar/2021:09:03:52 +0800] "GET /xingrg/images/blue/jxLogo.png HTTP/1.1" 304 -
180.169.147.146 - - [08/Mar/2021:09:03:52 +0800] "GET /xingrg/images/blue/navBackgound.jpg HTTP/1.1" 304 -
180.169.147.146 - - [08/Mar/2021:09:03:52 +0800] "GET /xingrg/javascript/jquery_easy_ui/themes/icons/settle_new.png HTTP/1.1" 304 -
180.169.147.146 - - [08/Mar/2021:09:03:53 +0800] "POST /xingrg/all/common/load_tree.html?tree=area_rest_tree_json&manage=1 HTTP/1.1" 200 3216
180.169.147.146 - - [08/Mar/2021:09:03:53 +0800] "GET /xingrg/all/function/internal_message.html?_=1615165434010&CODE_STATE=count HTTP/1.1" 200 11
180.169.147.146 - - [08/Mar/2021:09:03:53 +0800] "GET /xingrg/check_reg.html?_=1615165434014 HTTP/1.1" 200 22
180.169.147.146 - - [08/Mar/2021:09:03:53 +0800] "GET /xingrg/javascript/jquery_easy_ui/themes/default/images/panel_tool_collapse.gif HTTP/1.1" 304 -
180.169.147.146 - - [08/Mar/2021:09:03:53 +0800] "GET /xingrg/javascript/jquery_easy_ui/themes/default/images/tabs_leftarrow.png HTTP/1.1" 304 -
180.169.147.146 - - [08/Mar/2021:09:03:53 +0800] "GET /xingrg/images/blue/pingpu.png HTTP/1.1" 304 -
180.169.147.146 - - [08/Mar/2021:09:03:53 +0800] "GET /xingrg/javascript/jquery_easy_ui/themes/default/images/panel_tool_expand.gif HTTP/1.1" 304 -
180.169.147.146 - - [08/Mar/2021:09:03:53 +0800] "GET /xingrg/javascript/jquery_easy_ui/themes/default/images/tabs_rightarrow.png HTTP/1.1" 304 -
180.169.147.146 - - [08/Mar/2021:09:03:53 +0800] "POST /xingrg/load_menu.html HTTP/1.1" 200 9959
101.228.165.174 - - [08/Mar/2021:09:03:53 +0800] "POST /xingrg/kc/buy/cgsh_order_operate.html HTTP/1.1" 200 2065
180.169.147.146 - - [08/Mar/2021:09:03:54 +0800] "GET /xingrg/kc/buy/cgsh_order_list.html HTTP/1.1" 200 46627
222.69.133.78 - - [08/Mar/2021:09:04:00 +0800] "POST /xingrg/kc/buy/cgsh_order_operate.html HTTP/1.1" 200 2065
101.228.165.174 - - [08/Mar/2021:09:04:01 +0800] "GET /xingrg/kc/buy/cgsh_order_operate.html?command=get_materiel&rest_code=00146&code=00101008276&supplier_code=00100005&order_time=2021-03-08 HTTP/1.1" 200 412
58.40.7.146 - - [08/Mar/2021:09:04:01 +0800] "GET /xingrg/all/function/internal_message.html?_=1615165440677&CODE_STATE=getMsg HTTP/1.1" 302 -
180.169.147.146 - - [08/Mar/2021:09:04:02 +0800] "POST /xingrg/kc/buy/cgsh_list_operate.html HTTP/1.1" 200 4856
101.228.165.174 - - [08/Mar/2021:09:04:02 +0800] "GET /xingrg/check_reg.html?_=1615165441630 HTTP/1.1" 302 -
101.228.165.174 - - [08/Mar/2021:09:04:02 +0800] "GET /xingrg/all/function/internal_message.html?_=1615165441632&CODE_STATE=getMsg HTTP/1.1" 302 -
222.69.133.78 - - [08/Mar/2021:09:04:04 +0800] "GET /xingrg/kc/buy/cgsh_order_operate.html?command=get_materiel&rest_code=00149&code=00101008036&supplier_code=00100005&order_time=2021-03-08 HTTP/1.1" 200 408
61.165.42.208 - - [08/Mar/2021:09:04:08 +0800] "POST /xingrg/kc/buy/cgsh_order_operate.html HTTP/1.1" 200 37
61.165.42.208 - - [08/Mar/2021:09:04:10 +0800] "POST /xingrg/kc/buy/cgsh_order_operate.html HTTP/1.1" 200 32829
116.224.253.72 - - [08/Mar/2021:09:04:11 +0800] "GET /xingrg/all/function/internal_message.html?_=1615165414494&CODE_STATE=getMsg HTTP/1.1" 200 27
114.88.166.193 - - [08/Mar/2021:09:04:12 +0800] "GET /xingrg/check_reg.html?_=1615165450657 HTTP/1.1" 200 22
114.88.166.193 - - [08/Mar/2021:09:04:12 +0800] "GET /xingrg/all/function/internal_message.html?_=1615165450789&CODE_STATE=getMsg HTTP/1.1" 200 27
180.169.147.146 - - [08/Mar/2021:09:04:13 +0800] "POST /xingrg/kc/buy/cgsh_list_operate.html HTTP/1.1" 200 512
180.169.147.146 - - [08/Mar/2021:09:04:14 +0800] "GET /xingrg/kc/buy/cgsh_order_info.html?code=212021030703031 HTTP/1.1" 200 62193
180.169.147.146 - - [08/Mar/2021:09:04:14 +0800] "GET /xingrg/words/20210307130732_words.js HTTP/1.1" 200 797671
180.169.147.146 - - [08/Mar/2021:09:04:14 +0800] "GET /xingrg/all/common/auto_word.html?type=employee&rest_code=00107 HTTP/1.1" 200 151
180.169.147.146 - - [08/Mar/2021:09:04:14 +0800] "GET /xingrg/javascript/easyui/themes/default/validatebox.css HTTP/1.1" 404 1104
180.169.147.146 - - [08/Mar/2021:09:04:14 +0800] "GET /xingrg/all/common/auto_word.html?type=employee&rest_code=00107 HTTP/1.1" 200 151
180.169.147.146 - - [08/Mar/2021:09:04:15 +0800] "POST /xingrg/kc/buy/cgsh_order_operate.html HTTP/1.1" 200 5049
180.169.147.146 - - [08/Mar/2021:09:04:16 +0800] "GET /xingrg/javascript/auto/indicator.gif HTTP/1.1" 404 1066
101.228.165.174 - - [08/Mar/2021:09:04:16 +0800] "GET /xingrg/kc/buy/cgsh_order_operate.html?command=get_materiel&rest_code=00146&code=00101008025&supplier_code=00100005&order_time=2021-03-08 HTTP/1.1" 200 408
222.69.133.78 - - [08/Mar/2021:09:04:17 +0800] "GET /xingrg/kc/buy/cgsh_order_operate.html?command=get_materiel&rest_code=00149&code=00101008131&supplier_code=00100005&order_time=2021-03-08 HTTP/1.1" 200 408
101.228.165.174 - - [08/Mar/2021:09:04:19 +0800] "GET /xingrg/all/function/internal_message.html?_=1615165490642&CODE_STATE=getMsg HTTP/1.1" 200 27
117.185.32.26 - - [08/Mar/2021:09:04:22 +0800] "GET /xingrg/all/function/internal_message.html?_=1615165966860&CODE_STATE=getMsg HTTP/1.1" 200 27
117.185.32.26 - - [08/Mar/2021:09:04:22 +0800] "GET /xingrg/check_reg.html?_=1615165966862 HTTP/1.1" 200 22
222.70.216.220 - - [08/Mar/2021:09:04:22 +0800] "GET /xingrg/check_reg.html?_=1615165460145 HTTP/1.1" 200 22
222.70.216.220 - - [08/Mar/2021:09:04:22 +0800] "GET /xingrg/all/function/internal_message.html?_=1615165460146&CODE_STATE=getMsg HTTP/1.1" 200 27
116.235.216.75 - - [08/Mar/2021:09:04:26 +0800] "POST /xingrg/kc/buy/cgsh_list_operate.html HTTP/1.1" 200 4856
116.224.253.72 - - [08/Mar/2021:09:04:26 +0800] "GET /xingrg/all/function/internal_message.html?_=1615165469006&CODE_STATE=getMsg HTTP/1.1" 200 27
58.37.230.33 - - [08/Mar/2021:09:04:29 +0800] "GET /xingrg/check_reg.html?_=1615165466399 HTTP/1.1" 200 22
58.37.230.33 - - [08/Mar/2021:09:04:29 +0800] "GET /xingrg/all/function/internal_message.html?_=1615165466400&CODE_STATE=getMsg HTTP/1.1" 200 27
222.69.133.78 - - [08/Mar/2021:09:04:29 +0800] "GET /xingrg/kc/buy/cgsh_order_operate.html?command=get_materiel&rest_code=00149&code=00101008296&supplier_code=00100005&order_time=2021-03-08 HTTP/1.1" 200 416
180.174.195.252 - - [08/Mar/2021:09:04:35 +0800] "GET /xingrg/all/function/internal_message.html?_=1615165735775&CODE_STATE=getMsg HTTP/1.1" 200 27
120.253.135.82 - - [08/Mar/2021:09:04:37 +0800] "GET /xingrg/check_reg.html?_=1615165246944 HTTP/1.1" 200 22
222.69.133.78 - - [08/Mar/2021:09:04:37 +0800] "GET /xingrg/kc/buy/cgsh_order_operate.html?command=get_materiel&rest_code=00149&code=00101008307&supplier_code=00100005&order_time=2021-03-08 HTTP/1.1" 200 420
120.253.135.82 - - [08/Mar/2021:09:04:45 +0800] "GET /xingrg/all/function/internal_message.html?_=1615165488519&CODE_STATE=getMsg HTTP/1.1" 302 -
61.165.42.208 - - [08/Mar/2021:09:04:45 +0800] "GET /xingrg/all/function/internal_message.html?_=1615165485693&CODE_STATE=getMsg HTTP/1.1" 200 27
222.69.133.78 - - [08/Mar/2021:09:04:49 +0800] "GET /xingrg/kc/buy/cgsh_order_operate.html?command=get_materiel&rest_code=00149&code=00101008277&supplier_code=00100005&order_time=2021-03-08 HTTP/1.1" 200 412
222.69.133.78 - - [08/Mar/2021:09:04:52 +0800] "GET /xingrg/all/function/internal_message.html?_=1615165490980&CODE_STATE=getMsg HTTP/1.1" 200 27
180.169.147.146 - - [08/Mar/2021:09:04:53 +0800] "GET /xingrg/all/function/internal_message.html?_=1615165494017&CODE_STATE=getMsg HTTP/1.1" 200 27
222.69.133.78 - - [08/Mar/2021:09:04:55 +0800] "POST /xingrg/kc/buy/cgsh_order_operate.html HTTP/1.1" 200 2065
222.69.133.78 - - [08/Mar/2021:09:05:00 +0800] "GET /xingrg/kc/buy/cgsh_order_operate.html?command=get_materiel&rest_code=00149&code=00101008365&supplier_code=00100005&order_time=2021-03-08 HTTP/1.1" 200 413
116.235.216.75 - - [08/Mar/2021:09:05:01 +0800] "GET /xingrg/all/function/internal_message.html?_=1615165498922&CODE_STATE=getMsg HTTP/1.1" 200 27
58.40.7.146 - - [08/Mar/2021:09:05:01 +0800] "GET /xingrg/all/function/internal_message.html?_=1615165500679&CODE_STATE=getMsg HTTP/1.1" 302 -
101.228.165.174 - - [08/Mar/2021:09:05:02 +0800] "GET /xingrg/all/function/internal_message.html?_=1615165501632&CODE_STATE=getMsg HTTP/1.1" 302 -
116.224.253.72 - - [08/Mar/2021:09:05:11 +0800] "GET /xingrg/all/function/internal_message.html?_=1615165474611&CODE_STATE=getMsg HTTP/1.1" 200 27
114.88.166.193 - - [08/Mar/2021:09:05:12 +0800] "GET /xingrg/all/function/internal_message.html?_=1615165510803&CODE_STATE=getMsg HTTP/1.1" 200 27
101.228.165.174 - - [08/Mar/2021:09:05:16 +0800] "GET /xingrg/kc/buy/cgsh_order_operate.html?command=get_materiel&rest_code=00146&code=00101008274&supplier_code=00100005&order_time=2021-03-08 HTTP/1.1" 200 412
116.235.216.75 - - [08/Mar/2021:09:05:16 +0800] "POST /xingrg/kc/buy/cgsh_list_operate.html HTTP/1.1" 200 512
222.69.133.78 - - [08/Mar/2021:09:05:19 +0800] "GET /xingrg/kc/buy/cgsh_order_operate.html?command=get_materiel&rest_code=00149&code=00101013165&supplier_code=00100005&order_time=2021-03-08 HTTP/1.1" 200 409
101.228.165.174 - - [08/Mar/2021:09:05:19 +0800] "GET /xingrg/all/function/internal_message.html?_=1615165550655&CODE_STATE=getMsg HTTP/1.1" 200 27
117.185.32.26 - - [08/Mar/2021:09:05:22 +0800] "GET /xingrg/all/function/internal_message.html?_=1615166026848&CODE_STATE=getMsg HTTP/1.1" 200 27
222.70.216.220 - - [08/Mar/2021:09:05:22 +0800] "GET /xingrg/all/function/internal_message.html?_=1615165520147&CODE_STATE=getMsg HTTP/1.1" 200 27
116.235.216.75 - - [08/Mar/2021:09:05:24 +0800] "GET /xingrg/kc/buy/cgsh_order_info.html?code=212021030703031 HTTP/1.1" 200 62193
116.235.216.75 - - [08/Mar/2021:09:05:25 +0800] "GET /xingrg/javascript/easyui/themes/default/validatebox.css HTTP/1.1" 404 1104
101.228.165.174 - - [08/Mar/2021:09:05:25 +0800] "POST /xingrg/kc/buy/cgsh_order_operate.html HTTP/1.1" 200 37
116.235.216.75 - - [08/Mar/2021:09:05:25 +0800] "POST /xingrg/kc/buy/cgsh_order_operate.html HTTP/1.1" 200 5049
116.224.253.72 - - [08/Mar/2021:09:05:26 +0800] "GET /xingrg/all/function/internal_message.html?_=1615165529014&CODE_STATE=getMsg HTTP/1.1" 200 27
101.228.165.174 - - [08/Mar/2021:09:05:28 +0800] "POST /xingrg/kc/buy/cgsh_order_operate.html HTTP/1.1" 200 20409
58.37.230.33 - - [08/Mar/2021:09:05:29 +0800] "GET /xingrg/all/function/internal_message.html?_=1615165526399&CODE_STATE=getMsg HTTP/1.1" 200 27
101.228.165.174 - - [08/Mar/2021:09:05:32 +0800] "GET /xingrg/check_reg.html?_=1615165562948 HTTP/1.1" 200 22
180.174.195.252 - - [08/Mar/2021:09:05:35 +0800] "GET /xingrg/all/function/internal_message.html?_=1615165795800&CODE_STATE=getMsg HTTP/1.1" 200 27
120.253.135.82 - - [08/Mar/2021:09:05:45 +0800] "GET /xingrg/all/function/internal_message.html?_=1615165548566&CODE_STATE=getMsg HTTP/1.1" 302 -
61.165.42.208 - - [08/Mar/2021:09:05:45 +0800] "GET /xingrg/all/function/internal_message.html?_=1615165545693&CODE_STATE=getMsg HTTP/1.1" 200 27
222.69.133.78 - - [08/Mar/2021:09:05:52 +0800] "GET /xingrg/all/function/internal_message.html?_=1615165550968&CODE_STATE=getMsg HTTP/1.1" 200 27
222.69.133.78 - - [08/Mar/2021:09:05:52 +0800] "GET /xingrg/check_reg.html?_=1615165550970 HTTP/1.1" 200 22
