116.224.253.72 - - [08/Mar/2021:09:42:12 +0800] "GET /xingrg/all/function/internal_message.html?_=1615167695931&CODE_STATE=getMsg HTTP/1.1" 200 27
114.86.231.172 - - [08/Mar/2021:09:42:12 +0800] "GET /xingrg/kc/buy/cgsh_order_operate.html?command=get_materiel&rest_code=00109&code=00101008355&supplier_code=00100005&order_time=2021-03-08 HTTP/1.1" 200 408
114.86.231.172 - - [08/Mar/2021:09:42:17 +0800] "GET /xingrg/all/function/internal_message.html?_=1615167738279&CODE_STATE=getMsg HTTP/1.1" 200 27
114.86.231.172 - - [08/Mar/2021:09:42:18 +0800] "GET /xingrg/kc/buy/cgsh_order_operate.html?command=get_materiel&rest_code=00109&code=00101008264&supplier_code=00100005&order_time=2021-03-08 HTTP/1.1" 200 412
101.228.165.174 - - [08/Mar/2021:09:42:22 +0800] "GET /xingrg/all/function/internal_message.html?_=1615167773217&CODE_STATE=getMsg HTTP/1.1" 200 27
117.185.32.26 - - [08/Mar/2021:09:42:22 +0800] "GET /xingrg/all/function/internal_message.html?_=1615168247055&CODE_STATE=getMsg HTTP/1.1" 200 27
222.70.216.220 - - [08/Mar/2021:09:42:22 +0800] "GET /xingrg/all/function/internal_message.html?_=1615167740158&CODE_STATE=getMsg HTTP/1.1" 200 27
61.165.42.208 - - [08/Mar/2021:09:42:24 +0800] "GET /xingrg/all/function/internal_message.html?_=1615167744898&CODE_STATE=getMsg HTTP/1.1" 200 27
58.37.230.33 - - [08/Mar/2021:09:42:29 +0800] "GET /xingrg/all/function/internal_message.html?_=1615167746508&CODE_STATE=getMsg HTTP/1.1" 200 27
114.86.231.172 - - [08/Mar/2021:09:42:30 +0800] "GET /xingrg/kc/buy/cgsh_order_operate.html?command=get_materiel&rest_code=00109&code=00101008439&supplier_code=00100005&order_time=2021-03-08 HTTP/1.1" 200 399
180.174.195.252 - - [08/Mar/2021:09:42:37 +0800] "GET /xingrg/all/function/internal_message.html?_=1615168017401&CODE_STATE=getMsg HTTP/1.1" 200 27
114.86.231.172 - - [08/Mar/2021:09:42:38 +0800] "GET /xingrg/kc/buy/cgsh_order_operate.html?command=get_materiel&rest_code=00109&code=00101008230&supplier_code=00100005&order_time=2021-03-08 HTTP/1.1" 200 408
114.86.231.172 - - [08/Mar/2021:09:42:44 +0800] "GET /xingrg/kc/buy/cgsh_order_operate.html?command=get_materiel&rest_code=00109&code=00101008069&supplier_code=00100005&order_time=2021-03-08 HTTP/1.1" 200 412
120.253.135.82 - - [08/Mar/2021:09:42:46 +0800] "GET /xingrg/all/function/internal_message.html?_=1615167769816&CODE_STATE=getMsg HTTP/1.1" 302 -
114.86.231.172 - - [08/Mar/2021:09:42:49 +0800] "GET /xingrg/kc/buy/cgsh_order_operate.html?command=get_materiel&rest_code=00109&code=00101008006&supplier_code=00100005&order_time=2021-03-08 HTTP/1.1" 200 416
180.169.147.146 - - [08/Mar/2021:09:42:52 +0800] "GET /xingrg/all/function/internal_message.html?_=1615167776122&CODE_STATE=getMsg HTTP/1.1" 200 27
114.86.231.172 - - [08/Mar/2021:09:42:56 +0800] "GET /xingrg/kc/buy/cgsh_order_operate.html?command=get_materiel&rest_code=00109&code=00101008036&supplier_code=00100005&order_time=2021-03-08 HTTP/1.1" 200 408
114.86.231.172 - - [08/Mar/2021:09:42:59 +0800] "POST /xingrg/kc/buy/cgsh_order_operate.html HTTP/1.1" 200 2065
180.169.147.146 - - [08/Mar/2021:09:42:59 +0800] "GET /xingrg/all/function/internal_message.html?_=1615167780803&CODE_STATE=getMsg HTTP/1.1" 200 27
116.235.216.75 - - [08/Mar/2021:09:43:00 +0800] "GET /xingrg/all/function/internal_message.html?_=1615167778242&CODE_STATE=getMsg HTTP/1.1" 200 27
101.228.165.174 - - [08/Mar/2021:09:43:02 +0800] "GET /xingrg/all/function/internal_message.html?_=1615167781669&CODE_STATE=getMsg HTTP/1.1" 302 -
114.86.231.172 - - [08/Mar/2021:09:43:02 +0800] "GET /xingrg/kc/buy/cgsh_order_operate.html?command=get_materiel&rest_code=00109&code=00101008352&supplier_code=00100005&order_time=2021-03-08 HTTP/1.1" 200 412
114.86.231.172 - - [08/Mar/2021:09:43:09 +0800] "GET /xingrg/kc/buy/cgsh_order_operate.html?command=get_materiel&rest_code=00109&code=00101008098&supplier_code=00100005&order_time=2021-03-08 HTTP/1.1" 200 412
116.224.253.72 - - [08/Mar/2021:09:43:10 +0800] "GET /xingrg/javascript/auto/indicator.gif HTTP/1.1" 404 1066
116.224.253.72 - - [08/Mar/2021:09:43:10 +0800] "GET /xingrg/all/function/internal_message.html?_=1615167793220&CODE_STATE=getMsg HTTP/1.1" 200 27
116.224.253.72 - - [08/Mar/2021:09:43:12 +0800] "GET /xingrg/all/function/internal_message.html?_=1615167755944&CODE_STATE=getMsg HTTP/1.1" 200 27
116.224.253.72 - - [08/Mar/2021:09:43:14 +0800] "GET /xingrg/kc/buy/cgsh_order_operate.html?command=get_materiel&rest_code=00150&code=00101008519&supplier_code=00100007&order_time=2021-03-08 HTTP/1.1" 200 394
114.86.231.172 - - [08/Mar/2021:09:43:16 +0800] "GET /xingrg/kc/buy/cgsh_order_operate.html?command=get_materiel&rest_code=00109&code=00101008005&supplier_code=00100005&order_time=2021-03-08 HTTP/1.1" 200 412
114.86.231.172 - - [08/Mar/2021:09:43:17 +0800] "GET /xingrg/all/function/internal_message.html?_=1615167798265&CODE_STATE=getMsg HTTP/1.1" 200 27
114.86.231.172 - - [08/Mar/2021:09:43:21 +0800] "GET /xingrg/kc/buy/cgsh_order_operate.html?command=get_materiel&rest_code=00109&code=00101008095&supplier_code=00100005&order_time=2021-03-08 HTTP/1.1" 200 413
117.185.32.26 - - [08/Mar/2021:09:43:22 +0800] "GET /xingrg/all/function/internal_message.html?_=1615168307056&CODE_STATE=getMsg HTTP/1.1" 200 27
101.228.165.174 - - [08/Mar/2021:09:43:22 +0800] "GET /xingrg/all/function/internal_message.html?_=1615167833569&CODE_STATE=getMsg HTTP/1.1" 200 27
222.70.216.220 - - [08/Mar/2021:09:43:22 +0800] "GET /xingrg/all/function/internal_message.html?_=1615167800145&CODE_STATE=getMsg HTTP/1.1" 200 27
116.224.253.72 - - [08/Mar/2021:09:43:24 +0800] "GET /xingrg/kc/buy/cgsh_order_operate.html?command=get_materiel&rest_code=00150&code=00101008032&supplier_code=00100007&order_time=2021-03-08 HTTP/1.1" 200 408
61.165.42.208 - - [08/Mar/2021:09:43:24 +0800] "GET /xingrg/all/function/internal_message.html?_=1615167804897&CODE_STATE=getMsg HTTP/1.1" 200 27
114.86.231.172 - - [08/Mar/2021:09:43:28 +0800] "GET /xingrg/kc/buy/cgsh_order_operate.html?command=get_materiel&rest_code=00109&code=00101008196&supplier_code=00100005&order_time=2021-03-08 HTTP/1.1" 200 416
58.37.230.33 - - [08/Mar/2021:09:43:29 +0800] "GET /xingrg/all/function/internal_message.html?_=1615167806506&CODE_STATE=getMsg HTTP/1.1" 200 27
114.86.231.172 - - [08/Mar/2021:09:43:30 +0800] "POST /xingrg/kc/buy/cgsh_order_operate.html HTTP/1.1" 200 2065
116.224.253.72 - - [08/Mar/2021:09:43:31 +0800] "POST /xingrg/kc/buy/cgsh_order_operate.html HTTP/1.1" 200 37
116.224.253.72 - - [08/Mar/2021:09:43:32 +0800] "POST /xingrg/kc/buy/cgsh_order_operate.html HTTP/1.1" 200 29895
116.224.253.72 - - [08/Mar/2021:09:43:33 +0800] "GET /xingrg/kc/buy/cgsh_order_add.html HTTP/1.1" 200 62028
116.224.253.72 - - [08/Mar/2021:09:43:33 +0800] "POST /xingrg/kc/buy/cgsh_order_operate.html HTTP/1.1" 200 8245
116.224.253.72 - - [08/Mar/2021:09:43:34 +0800] "GET /xingrg/javascript/easyui/themes/default/validatebox.css HTTP/1.1" 404 1104
114.86.231.172 - - [08/Mar/2021:09:43:34 +0800] "GET /xingrg/kc/buy/cgsh_order_operate.html?command=get_materiel&rest_code=00109&code=00101008197&supplier_code=00100005&order_time=2021-03-08 HTTP/1.1" 200 416
117.185.32.26 - - [08/Mar/2021:09:43:35 +0800] "GET /xingrg/images/yd/bt.gif HTTP/1.1" 404 1040
180.174.195.252 - - [08/Mar/2021:09:43:35 +0800] "GET /xingrg/check_reg.html?_=1615168076114 HTTP/1.1" 200 22
117.185.32.26 - - [08/Mar/2021:09:43:36 +0800] "GET /xingrg/kc/buy/buy_main.html HTTP/1.1" 200 12412
117.185.32.26 - - [08/Mar/2021:09:43:36 +0800] "GET /xingrg/css/new_ie.css HTTP/1.1" 404 1036
180.174.195.252 - - [08/Mar/2021:09:43:37 +0800] "GET /xingrg/all/function/internal_message.html?_=1615168077442&CODE_STATE=getMsg HTTP/1.1" 200 27
117.185.32.26 - - [08/Mar/2021:09:43:38 +0800] "GET /xingrg/kc/buy/cgsh_order_list.html HTTP/1.1" 200 46366
117.185.32.26 - - [08/Mar/2021:09:43:40 +0800] "POST /xingrg/kc/buy/cgsh_list_operate.html HTTP/1.1" 200 1690
114.86.231.172 - - [08/Mar/2021:09:43:40 +0800] "GET /xingrg/kc/buy/cgsh_order_operate.html?command=get_materiel&rest_code=00109&code=00101015074&supplier_code=00100005&order_time=2021-03-08 HTTP/1.1" 200 408
117.185.32.26 - - [08/Mar/2021:09:43:41 +0800] "GET /xingrg/kc/buy/cgsh_order_add.html HTTP/1.1" 200 62104
117.185.32.26 - - [08/Mar/2021:09:43:41 +0800] "POST /xingrg/kc/buy/cgsh_order_operate.html HTTP/1.1" 200 8245
117.185.32.26 - - [08/Mar/2021:09:43:41 +0800] "GET /xingrg/javascript/easyui/themes/default/validatebox.css HTTP/1.1" 404 1104
117.185.32.26 - - [08/Mar/2021:09:43:43 +0800] "GET /xingrg/javascript/easyui/themes/default/tree.css HTTP/1.1" 404 1090
117.185.32.26 - - [08/Mar/2021:09:43:43 +0800] "POST /xingrg/all/common/load_tree.html?tree=supplier_tree_json&isDelete=1 HTTP/1.1" 200 54827
116.224.253.72 - - [08/Mar/2021:09:43:45 +0800] "GET /xingrg/kc/buy/cgsh_order_operate.html?command=get_materiel&rest_code=00150&code=00101009001&supplier_code=00100424&order_time=2021-03-08 HTTP/1.1" 200 416
114.86.231.172 - - [08/Mar/2021:09:43:45 +0800] "GET /xingrg/kc/buy/cgsh_order_operate.html?command=get_materiel&rest_code=00109&code=00101013085&supplier_code=00100005&order_time=2021-03-08 HTTP/1.1" 200 412
120.253.135.82 - - [08/Mar/2021:09:43:46 +0800] "GET /xingrg/all/function/internal_message.html?_=1615167829867&CODE_STATE=getMsg HTTP/1.1" 302 -
180.169.147.146 - - [08/Mar/2021:09:43:52 +0800] "GET /xingrg/all/function/internal_message.html?_=1615167836128&CODE_STATE=getMsg HTTP/1.1" 200 27
180.169.147.146 - - [08/Mar/2021:09:43:52 +0800] "GET /xingrg/check_reg.html?_=1615167836131 HTTP/1.1" 200 22
116.224.253.72 - - [08/Mar/2021:09:43:54 +0800] "GET /xingrg/kc/buy/cgsh_order_operate.html?command=get_materiel&rest_code=00150&code=00101009062&supplier_code=00100424&order_time=2021-03-08 HTTP/1.1" 200 412
114.86.231.172 - - [08/Mar/2021:09:43:54 +0800] "GET /xingrg/kc/buy/cgsh_order_operate.html?command=get_materiel&rest_code=00109&code=00101008085&supplier_code=00100005&order_time=2021-03-08 HTTP/1.1" 200 412
116.235.216.75 - - [08/Mar/2021:09:43:55 +0800] "GET /xingrg/check_reg.html?_=1615167832966 HTTP/1.1" 200 22
117.185.32.26 - - [08/Mar/2021:09:43:56 +0800] "GET /xingrg/javascript/auto/indicator.gif HTTP/1.1" 404 1066
180.169.147.146 - - [08/Mar/2021:09:43:59 +0800] "GET /xingrg/all/function/internal_message.html?_=1615167840803&CODE_STATE=getMsg HTTP/1.1" 200 27
180.169.147.146 - - [08/Mar/2021:09:43:59 +0800] "GET /xingrg/check_reg.html?_=1615167840808 HTTP/1.1" 200 22
116.224.253.72 - - [08/Mar/2021:09:44:00 +0800] "GET /xingrg/kc/buy/cgsh_order_operate.html?command=get_materiel&rest_code=00150&code=00101009011&supplier_code=00100424&order_time=2021-03-08 HTTP/1.1" 200 416
116.235.216.75 - - [08/Mar/2021:09:44:00 +0800] "GET /xingrg/all/function/internal_message.html?_=1615167838222&CODE_STATE=getMsg HTTP/1.1" 200 27
117.185.32.26 - - [08/Mar/2021:09:44:01 +0800] "GET /xingrg/kc/buy/cgsh_order_operate.html?command=get_materiel&rest_code=00106&code=00101010161&supplier_code=00100032&order_time=2021-03-08 HTTP/1.1" 200 409
101.228.165.174 - - [08/Mar/2021:09:44:02 +0800] "GET /xingrg/all/function/internal_message.html?_=1615167841694&CODE_STATE=getMsg HTTP/1.1" 302 -
101.228.165.174 - - [08/Mar/2021:09:44:02 +0800] "GET /xingrg/check_reg.html?_=1615167841698 HTTP/1.1" 302 -
114.86.231.172 - - [08/Mar/2021:09:44:04 +0800] "GET /xingrg/kc/buy/cgsh_order_operate.html?command=get_materiel&rest_code=00109&code=00101008221&supplier_code=00100005&order_time=2021-03-08 HTTP/1.1" 200 412
116.224.253.72 - - [08/Mar/2021:09:44:07 +0800] "GET /xingrg/kc/buy/cgsh_order_operate.html?command=get_materiel&rest_code=00150&code=00101009045&supplier_code=00100424&order_time=2021-03-08 HTTP/1.1" 200 412
116.224.253.72 - - [08/Mar/2021:09:44:10 +0800] "GET /xingrg/all/function/internal_message.html?_=1615167853264&CODE_STATE=getMsg HTTP/1.1" 200 27
114.86.231.172 - - [08/Mar/2021:09:44:11 +0800] "POST /xingrg/kc/buy/cgsh_order_operate.html HTTP/1.1" 200 37
116.224.253.72 - - [08/Mar/2021:09:44:12 +0800] "GET /xingrg/all/function/internal_message.html?_=1615167815958&CODE_STATE=getMsg HTTP/1.1" 200 27
114.86.231.172 - - [08/Mar/2021:09:44:12 +0800] "POST /xingrg/kc/buy/cgsh_order_operate.html HTTP/1.1" 200 18648
116.224.253.72 - - [08/Mar/2021:09:44:13 +0800] "GET /xingrg/kc/buy/cgsh_order_operate.html?command=get_materiel&rest_code=00150&code=00101009010&supplier_code=00100424&order_time=2021-03-08 HTTP/1.1" 200 412
114.86.231.172 - - [08/Mar/2021:09:44:17 +0800] "GET /xingrg/all/function/internal_message.html?_=1615167858272&CODE_STATE=getMsg HTTP/1.1" 200 27
116.224.253.72 - - [08/Mar/2021:09:44:18 +0800] "GET /xingrg/kc/buy/cgsh_order_operate.html?command=get_materiel&rest_code=00150&code=00101009007&supplier_code=00100424&order_time=2021-03-08 HTTP/1.1" 200 408
114.86.231.172 - - [08/Mar/2021:09:44:21 +0800] "POST /xingrg/kc/buy/cgsh_order_operate.html HTTP/1.1" 200 37
117.185.32.26 - - [08/Mar/2021:09:44:22 +0800] "GET /xingrg/check_reg.html?_=1615168367221 HTTP/1.1" 200 22
101.228.165.174 - - [08/Mar/2021:09:44:22 +0800] "GET /xingrg/all/function/internal_message.html?_=1615167893572&CODE_STATE=getMsg HTTP/1.1" 200 27
117.185.32.26 - - [08/Mar/2021:09:44:22 +0800] "GET /xingrg/all/function/internal_message.html?_=1615168367060&CODE_STATE=getMsg HTTP/1.1" 200 27
222.70.216.220 - - [08/Mar/2021:09:44:22 +0800] "GET /xingrg/all/function/internal_message.html?_=1615167860147&CODE_STATE=getMsg HTTP/1.1" 200 27
222.70.216.220 - - [08/Mar/2021:09:44:22 +0800] "GET /xingrg/check_reg.html?_=1615167860149 HTTP/1.1" 200 22
116.224.253.72 - - [08/Mar/2021:09:44:24 +0800] "GET /xingrg/kc/buy/cgsh_order_operate.html?command=get_materiel&rest_code=00150&code=00101009039&supplier_code=00100424&order_time=2021-03-08 HTTP/1.1" 200 408
61.165.42.208 - - [08/Mar/2021:09:44:24 +0800] "GET /xingrg/all/function/internal_message.html?_=1615167864897&CODE_STATE=getMsg HTTP/1.1" 200 27
114.86.231.172 - - [08/Mar/2021:09:44:24 +0800] "POST /xingrg/kc/buy/cgsh_order_operate.html HTTP/1.1" 200 18648
58.37.230.33 - - [08/Mar/2021:09:44:29 +0800] "GET /xingrg/all/function/internal_message.html?_=1615167866505&CODE_STATE=getMsg HTTP/1.1" 200 27
58.37.230.33 - - [08/Mar/2021:09:44:29 +0800] "GET /xingrg/check_reg.html?_=1615167866504 HTTP/1.1" 200 22
120.253.135.82 - - [08/Mar/2021:09:44:32 +0800] "GET /xingrg/check_reg.html?_=1615167642024 HTTP/1.1" 200 22
116.224.253.72 - - [08/Mar/2021:09:44:35 +0800] "POST /xingrg/kc/buy/cgsh_order_operate.html HTTP/1.1" 200 37
117.185.32.26 - - [08/Mar/2021:09:44:35 +0800] "GET /xingrg/kc/buy/cgsh_order_operate.html?command=get_materiel&rest_code=00106&code=00101012025&supplier_code=00100032&order_time=2021-03-08 HTTP/1.1" 200 412
101.91.60.105 - - [08/Mar/2021:09:44:36 +0800] "GET /xingrg/all/function/internal_message.html?_=1615167266479&CODE_STATE=getMsg HTTP/1.1" 302 -
116.224.253.72 - - [08/Mar/2021:09:44:36 +0800] "POST /xingrg/kc/buy/cgsh_order_operate.html HTTP/1.1" 200 6200
180.174.195.252 - - [08/Mar/2021:09:44:37 +0800] "GET /xingrg/all/function/internal_message.html?_=1615168137456&CODE_STATE=getMsg HTTP/1.1" 200 27
101.91.60.105 - - [08/Mar/2021:09:44:40 +0800] "GET /xingrg/login.html HTTP/1.1" 200 7641
120.253.135.82 - - [08/Mar/2021:09:44:46 +0800] "GET /xingrg/all/function/internal_message.html?_=1615167889890&CODE_STATE=getMsg HTTP/1.1" 302 -
117.185.32.26 - - [08/Mar/2021:09:44:50 +0800] "GET /xingrg/kc/buy/cgsh_order_operate.html?command=get_materiel&rest_code=00106&code=00101016025&supplier_code=00100032&order_time=2021-03-08 HTTP/1.1" 200 408
180.169.147.146 - - [08/Mar/2021:09:44:52 +0800] "GET /xingrg/all/function/internal_message.html?_=1615167896132&CODE_STATE=getMsg HTTP/1.1" 200 27
180.169.147.146 - - [08/Mar/2021:09:44:59 +0800] "GET /xingrg/all/function/internal_message.html?_=1615167900809&CODE_STATE=getMsg HTTP/1.1" 200 27
116.235.216.75 - - [08/Mar/2021:09:45:00 +0800] "GET /xingrg/all/function/internal_message.html?_=1615167898196&CODE_STATE=getMsg HTTP/1.1" 200 27
117.185.32.26 - - [08/Mar/2021:09:45:00 +0800] "GET /xingrg/kc/buy/cgsh_order_operate.html?command=get_materiel&rest_code=00106&code=00101020153&supplier_code=00100032&order_time=2021-03-08 HTTP/1.1" 200 408
101.228.165.174 - - [08/Mar/2021:09:45:02 +0800] "GET /xingrg/all/function/internal_message.html?_=1615167901697&CODE_STATE=getMsg HTTP/1.1" 302 -
116.224.253.72 - - [08/Mar/2021:09:45:10 +0800] "GET /xingrg/all/function/internal_message.html?_=1615167913238&CODE_STATE=getMsg HTTP/1.1" 200 27
117.185.32.26 - - [08/Mar/2021:09:45:11 +0800] "GET /xingrg/kc/buy/cgsh_order_operate.html?command=get_materiel&rest_code=00106&code=00101012029&supplier_code=00100032&order_time=2021-03-08 HTTP/1.1" 200 412
116.224.253.72 - - [08/Mar/2021:09:45:12 +0800] "GET /xingrg/all/function/internal_message.html?_=1615167876070&CODE_STATE=getMsg HTTP/1.1" 200 27
180.169.147.146 - - [08/Mar/2021:09:45:14 +0800] "POST /xingrg/all/user/operate.html HTTP/1.1" 200 36
180.169.147.146 - - [08/Mar/2021:09:45:14 +0800] "GET /xingrg/index.html?sysBaseUrl=http%3A%2F%2F180.169.147.146%3A18081%2Fxingrg%2F&costTime=42×tamp=1615164916433 HTTP/1.1" 200 17509
180.169.147.146 - - [08/Mar/2021:09:45:14 +0800] "GET /xingrg/javascript/jquery_easy_ui/themes/default/easyui.css HTTP/1.1" 304 -
180.169.147.146 - - [08/Mar/2021:09:45:14 +0800] "GET /xingrg/javascript/jquery_easy_ui/themes/icon.css HTTP/1.1" 304 -
180.169.147.146 - - [08/Mar/2021:09:45:14 +0800] "GET /xingrg/css/form.css HTTP/1.1" 304 -
180.169.147.146 - - [08/Mar/2021:09:45:14 +0800] "GET /xingrg/javascript/jquery-1.4.2.min.js HTTP/1.1" 304 -
180.169.147.146 - - [08/Mar/2021:09:45:14 +0800] "GET /xingrg/javascript/jquery_easy_ui/jquery.easyui.min.js HTTP/1.1" 304 -
180.169.147.146 - - [08/Mar/2021:09:45:14 +0800] "GET /xingrg/javascript/jquery_easy_ui/easyui-lang-zh_CN.js HTTP/1.1" 304 -
180.169.147.146 - - [08/Mar/2021:09:45:14 +0800] "GET /xingrg/javascript/jquery.form.js HTTP/1.1" 304 -
180.169.147.146 - - [08/Mar/2021:09:45:14 +0800] "GET /xingrg/javascript/jquery.utils.js HTTP/1.1" 304 -
180.169.147.146 - - [08/Mar/2021:09:45:14 +0800] "GET /xingrg/javascript/jquery.timers.js HTTP/1.1" 304 -
180.169.147.146 - - [08/Mar/2021:09:45:14 +0800] "GET /xingrg/images/blue/jxLogo.png HTTP/1.1" 304 -
180.169.147.146 - - [08/Mar/2021:09:45:14 +0800] "GET /xingrg/images/blue/navBackgound.jpg HTTP/1.1" 304 -
180.169.147.146 - - [08/Mar/2021:09:45:14 +0800] "GET /xingrg/javascript/jquery_easy_ui/themes/icons/settle_new.png HTTP/1.1" 304 -
180.169.147.146 - - [08/Mar/2021:09:45:14 +0800] "POST /xingrg/all/common/load_tree.html?tree=area_rest_tree_json&manage=1 HTTP/1.1" 200 3216
180.169.147.146 - - [08/Mar/2021:09:45:15 +0800] "GET /xingrg/all/function/internal_message.html?_=1615167915999&CODE_STATE=count HTTP/1.1" 200 11
180.169.147.146 - - [08/Mar/2021:09:45:15 +0800] "GET /xingrg/check_reg.html?_=1615167915999 HTTP/1.1" 200 22
180.169.147.146 - - [08/Mar/2021:09:45:15 +0800] "GET /xingrg/javascript/jquery_easy_ui/themes/default/images/panel_tool_expand.gif HTTP/1.1" 304 -
180.169.147.146 - - [08/Mar/2021:09:45:15 +0800] "GET /xingrg/javascript/jquery_easy_ui/themes/default/images/tabs_leftarrow.png HTTP/1.1" 304 -
180.169.147.146 - - [08/Mar/2021:09:45:15 +0800] "GET /xingrg/images/blue/pingpu.png HTTP/1.1" 304 -
180.169.147.146 - - [08/Mar/2021:09:45:15 +0800] "GET /xingrg/javascript/jquery_easy_ui/themes/default/images/tabs_rightarrow.png HTTP/1.1" 304 -
180.169.147.146 - - [08/Mar/2021:09:45:15 +0800] "GET /xingrg/javascript/jquery_easy_ui/themes/default/images/panel_tool_collapse.gif HTTP/1.1" 304 -
180.169.147.146 - - [08/Mar/2021:09:45:15 +0800] "POST /xingrg/load_menu.html HTTP/1.1" 200 9959
114.86.231.172 - - [08/Mar/2021:09:45:17 +0800] "GET /xingrg/all/function/internal_message.html?_=1615167918269&CODE_STATE=getMsg HTTP/1.1" 200 27
114.86.231.172 - - [08/Mar/2021:09:45:17 +0800] "GET /xingrg/check_reg.html?_=1615167918272 HTTP/1.1" 200 22
180.169.147.146 - - [08/Mar/2021:09:45:17 +0800] "GET /xingrg/kc/buy/cgsh_order_list.html HTTP/1.1" 200 46627
180.169.147.146 - - [08/Mar/2021:09:45:18 +0800] "POST /xingrg/kc/buy/cgsh_list_operate.html HTTP/1.1" 200 876
222.70.216.220 - - [08/Mar/2021:09:45:22 +0800] "GET /xingrg/all/function/internal_message.html?_=1615167920150&CODE_STATE=getMsg HTTP/1.1" 200 27
101.228.165.174 - - [08/Mar/2021:09:45:23 +0800] "GET /xingrg/all/function/internal_message.html?_=1615167953917&CODE_STATE=getMsg HTTP/1.1" 200 27
180.169.147.146 - - [08/Mar/2021:09:45:23 +0800] "GET /xingrg/javascript/auto/indicator.gif HTTP/1.1" 404 1066
117.185.32.26 - - [08/Mar/2021:09:45:24 +0800] "GET /xingrg/all/function/internal_message.html?_=1615168427064&CODE_STATE=getMsg HTTP/1.1" 200 27
61.165.42.208 - - [08/Mar/2021:09:45:24 +0800] "GET /xingrg/all/function/internal_message.html?_=1615167924896&CODE_STATE=getMsg HTTP/1.1" 200 27
58.37.230.33 - - [08/Mar/2021:09:45:29 +0800] "GET /xingrg/all/function/internal_message.html?_=1615167926502&CODE_STATE=getMsg HTTP/1.1" 200 27
180.169.147.146 - - [08/Mar/2021:09:45:30 +0800] "POST /xingrg/kc/buy/cgsh_list_operate.html HTTP/1.1" 200 5620
101.228.165.174 - - [08/Mar/2021:09:45:32 +0800] "GET /xingrg/check_reg.html?_=1615167963570 HTTP/1.1" 200 22
180.169.147.146 - - [08/Mar/2021:09:45:34 +0800] "POST /xingrg/kc/buy/cgsh_list_operate.html HTTP/1.1" 200 512
180.174.195.252 - - [08/Mar/2021:09:45:37 +0800] "GET /xingrg/all/function/internal_message.html?_=1615168197470&CODE_STATE=getMsg HTTP/1.1" 200 27
180.169.147.146 - - [08/Mar/2021:09:45:37 +0800] "POST /xingrg/kc/buy/cgsh_list_operate.html HTTP/1.1" 200 4
180.169.147.146 - - [08/Mar/2021:09:45:39 +0800] "POST /xingrg/kc/buy/cgsh_list_operate.html HTTP/1.1" 200 5598
120.253.135.82 - - [08/Mar/2021:09:45:46 +0800] "GET /xingrg/all/function/internal_message.html?_=1615167949935&CODE_STATE=getMsg HTTP/1.1" 302 -
180.169.147.146 - - [08/Mar/2021:09:45:52 +0800] "GET /xingrg/all/function/internal_message.html?_=1615167956121&CODE_STATE=getMsg HTTP/1.1" 200 27
120.253.135.82 - - [08/Mar/2021:09:45:53 +0800] "GET /xingrg/check_reg.html?_=1615167957063 HTTP/1.1" 302 -
116.235.216.75 - - [08/Mar/2021:09:46:00 +0800] "GET /xingrg/all/function/internal_message.html?_=1615167958182&CODE_STATE=getMsg HTTP/1.1" 200 27
101.228.165.174 - - [08/Mar/2021:09:46:02 +0800] "GET /xingrg/all/function/internal_message.html?_=1615167961696&CODE_STATE=getMsg HTTP/1.1" 302 -
116.224.253.72 - - [08/Mar/2021:09:46:10 +0800] "GET /xingrg/check_reg.html?_=1615167973162 HTTP/1.1" 200 22
116.224.253.72 - - [08/Mar/2021:09:46:10 +0800] "GET /xingrg/all/function/internal_message.html?_=1615167973215&CODE_STATE=getMsg HTTP/1.1" 200 27
116.224.253.72 - - [08/Mar/2021:09:46:12 +0800] "GET /xingrg/all/function/internal_message.html?_=1615167936078&CODE_STATE=getMsg HTTP/1.1" 200 27
180.169.147.146 - - [08/Mar/2021:09:46:15 +0800] "GET /xingrg/all/function/internal_message.html?_=1615167976007&CODE_STATE=getMsg HTTP/1.1" 200 27
114.86.231.172 - - [08/Mar/2021:09:46:17 +0800] "GET /xingrg/all/function/internal_message.html?_=1615167978270&CODE_STATE=getMsg HTTP/1.1" 200 27
222.69.133.78 - - [08/Mar/2021:09:46:20 +0800] "POST /xingrg/services/DataTransmitService HTTP/1.1" 200 524
222.69.133.78 - - [08/Mar/2021:09:46:21 +0800] "POST /xingrg/services/DataTransmitService HTTP/1.1" 200 1975
222.69.133.78 - - [08/Mar/2021:09:46:21 +0800] "POST /xingrg/services/DataTransmitService HTTP/1.1" 200 148467
117.185.32.26 - - [08/Mar/2021:09:46:22 +0800] "GET /xingrg/all/function/internal_message.html?_=1615168487069&CODE_STATE=getMsg HTTP/1.1" 200 27
222.70.216.220 - - [08/Mar/2021:09:46:22 +0800] "GET /xingrg/all/function/internal_message.html?_=1615167980152&CODE_STATE=getMsg HTTP/1.1" 200 27
101.228.165.174 - - [08/Mar/2021:09:46:23 +0800] "GET /xingrg/all/function/internal_message.html?_=1615168013926&CODE_STATE=getMsg HTTP/1.1" 200 27
61.165.42.208 - - [08/Mar/2021:09:46:24 +0800] "GET /xingrg/all/function/internal_message.html?_=1615167984896&CODE_STATE=getMsg HTTP/1.1" 200 27
61.165.42.208 - - [08/Mar/2021:09:46:24 +0800] "GET /xingrg/check_reg.html?_=1615167984898 HTTP/1.1" 200 22
58.221.95.50 - - [08/Mar/2021:09:46:28 +0800] "GET /xingrg/check_reg.html?_=1615167987588 HTTP/1.1" 302 -
58.37.230.33 - - [08/Mar/2021:09:46:29 +0800] "GET /xingrg/all/function/internal_message.html?_=1615167986500&CODE_STATE=getMsg HTTP/1.1" 200 27
180.174.195.252 - - [08/Mar/2021:09:46:37 +0800] "GET /xingrg/all/function/internal_message.html?_=1615168257577&CODE_STATE=getMsg HTTP/1.1" 200 27
222.69.133.78 - - [08/Mar/2021:09:46:37 +0800] "POST /xingrg/services/DataTransmitService HTTP/1.1" 200 524
222.69.133.78 - - [08/Mar/2021:09:46:38 +0800] "POST /xingrg/services/DataTransmitService HTTP/1.1" 200 1975
117.185.32.26 - - [08/Mar/2021:09:46:45 +0800] "GET /xingrg/kc/buy/cgsh_order_operate.html?command=get_materiel&rest_code=00106&code=00101010248&supplier_code=00100032&order_time=2021-03-08 HTTP/1.1" 200 430
222.69.133.78 - - [08/Mar/2021:09:46:46 +0800] "POST /xingrg/services/DataTransmitService HTTP/1.1" 200 524
120.253.135.82 - - [08/Mar/2021:09:46:46 +0800] "GET /xingrg/all/function/internal_message.html?_=1615168009981&CODE_STATE=getMsg HTTP/1.1" 302 -
222.69.133.78 - - [08/Mar/2021:09:46:50 +0800] "POST /xingrg/services/DataTransmitService HTTP/1.1" 200 501
180.169.147.146 - - [08/Mar/2021:09:46:52 +0800] "GET /xingrg/all/function/internal_message.html?_=1615168016127&CODE_STATE=getMsg HTTP/1.1" 200 27
222.69.133.78 - - [08/Mar/2021:09:46:57 +0800] "POST /xingrg/services/DataTransmitService HTTP/1.1" 200 524
116.235.216.75 - - [08/Mar/2021:09:47:00 +0800] "GET /xingrg/all/function/internal_message.html?_=1615168018155&CODE_STATE=getMsg HTTP/1.1" 200 27
101.228.165.174 - - [08/Mar/2021:09:47:02 +0800] "GET /xingrg/all/function/internal_message.html?_=1615168021695&CODE_STATE=getMsg HTTP/1.1" 302 -
116.224.253.72 - - [08/Mar/2021:09:47:10 +0800] "GET /xingrg/all/function/internal_message.html?_=1615168033200&CODE_STATE=getMsg HTTP/1.1" 200 27
116.224.253.72 - - [08/Mar/2021:09:47:11 +0800] "GET /xingrg/check_reg.html?_=1615167995014 HTTP/1.1" 200 22
116.224.253.72 - - [08/Mar/2021:09:47:12 +0800] "GET /xingrg/all/function/internal_message.html?_=1615167996093&CODE_STATE=getMsg HTTP/1.1" 200 27
180.169.147.146 - - [08/Mar/2021:09:47:15 +0800] "GET /xingrg/all/function/internal_message.html?_=1615168036011&CODE_STATE=getMsg HTTP/1.1" 200 27
114.86.231.172 - - [08/Mar/2021:09:47:17 +0800] "GET /xingrg/all/function/internal_message.html?_=1615168038276&CODE_STATE=getMsg HTTP/1.1" 200 27
117.185.32.26 - - [08/Mar/2021:09:47:22 +0800] "GET /xingrg/all/function/internal_message.html?_=1615168547058&CODE_STATE=getMsg HTTP/1.1" 200 27
222.70.216.220 - - [08/Mar/2021:09:47:22 +0800] "GET /xingrg/all/function/internal_message.html?_=1615168040154&CODE_STATE=getMsg HTTP/1.1" 200 27
101.228.165.174 - - [08/Mar/2021:09:47:23 +0800] "GET /xingrg/all/function/internal_message.html?_=1615168073944&CODE_STATE=getMsg HTTP/1.1" 200 27
61.165.42.208 - - [08/Mar/2021:09:47:24 +0800] "GET /xingrg/all/function/internal_message.html?_=1615168044897&CODE_STATE=getMsg HTTP/1.1" 200 27
117.185.32.26 - - [08/Mar/2021:09:47:26 +0800] "GET /xingrg/kc/buy/cgsh_order_operate.html?command=get_materiel&rest_code=00106&code=00101012070&supplier_code=00100032&order_time=2021-03-08 HTTP/1.1" 200 398
58.37.230.33 - - [08/Mar/2021:09:47:29 +0800] "GET /xingrg/all/function/internal_message.html?_=1615168046498&CODE_STATE=getMsg HTTP/1.1" 200 27
180.174.195.252 - - [08/Mar/2021:09:47:37 +0800] "GET /xingrg/all/function/internal_message.html?_=1615168317591&CODE_STATE=getMsg HTTP/1.1" 200 27
120.253.135.82 - - [08/Mar/2021:09:47:46 +0800] "GET /xingrg/all/function/internal_message.html?_=1615168069993&CODE_STATE=getMsg HTTP/1.1" 302 -
222.69.133.78 - - [08/Mar/2021:09:47:51 +0800] "POST /xingrg/services/DataTransmitService HTTP/1.1" 200 501
222.69.133.78 - - [08/Mar/2021:09:47:51 +0800] "POST /xingrg/services/DataTransmitService HTTP/1.1" 200 501
180.169.147.146 - - [08/Mar/2021:09:47:52 +0800] "GET /xingrg/all/function/internal_message.html?_=1615168076134&CODE_STATE=getMsg HTTP/1.1" 200 27
117.184.7.26 - - [08/Mar/2021:09:47:59 +0800] "GET /xingrg/login.html HTTP/1.1" 200 7641
222.69.133.78 - - [08/Mar/2021:09:48:00 +0800] "POST /xingrg/services/DataTransmitService HTTP/1.1" 200 501
116.235.216.75 - - [08/Mar/2021:09:48:00 +0800] "GET /xingrg/all/function/internal_message.html?_=1615168078139&CODE_STATE=getMsg HTTP/1.1" 200 27
117.185.32.26 - - [08/Mar/2021:09:48:01 +0800] "GET /xingrg/kc/buy/cgsh_order_operate.html?command=get_materiel&rest_code=00106&code=00101016053&supplier_code=00100032&order_time=2021-03-08 HTTP/1.1" 200 408
117.184.7.26 - - [08/Mar/2021:09:48:02 +0800] "GET /favicon.ico HTTP/1.1" 404 -
101.228.165.174 - - [08/Mar/2021:09:48:02 +0800] "GET /xingrg/all/function/internal_message.html?_=1615168081694&CODE_STATE=getMsg HTTP/1.1" 302 -
222.69.133.78 - - [08/Mar/2021:09:48:08 +0800] "POST /xingrg/services/DataTransmitService HTTP/1.1" 200 501
117.184.7.26 - - [08/Mar/2021:09:48:09 +0800] "POST /xingrg/login.do HTTP/1.1" 302 -
117.184.7.26 - - [08/Mar/2021:09:48:09 +0800] "GET /xingrg/index.html?sysBaseUrl=http%3A%2F%2F180.169.147.146%3A18081%2Fxingrg%2F&costTime=39×tamp=1615168089511 HTTP/1.1" 200 17179
222.69.133.78 - - [08/Mar/2021:09:48:10 +0800] "POST /xingrg/services/DataTransmitService HTTP/1.1" 200 501
222.69.133.78 - - [08/Mar/2021:09:48:10 +0800] "POST /xingrg/services/DataTransmitService HTTP/1.1" 200 501
117.184.7.26 - - [08/Mar/2021:09:48:10 +0800] "GET /favicon.ico HTTP/1.1" 404 -
116.224.253.72 - - [08/Mar/2021:09:48:10 +0800] "GET /xingrg/all/function/internal_message.html?_=1615168093185&CODE_STATE=getMsg HTTP/1.1" 200 27
117.184.7.26 - - [08/Mar/2021:09:48:11 +0800] "POST /xingrg/all/common/load_tree.html?tree=area_rest_tree_json&manage=1 HTTP/1.1" 200 470
117.184.7.26 - - [08/Mar/2021:09:48:11 +0800] "GET /xingrg/all/function/internal_message.html?_=1615168089651&CODE_STATE=count HTTP/1.1" 200 11
117.184.7.26 - - [08/Mar/2021:09:48:11 +0800] "GET /xingrg/check_reg.html?_=1615168089662 HTTP/1.1" 200 22
117.184.7.26 - - [08/Mar/2021:09:48:11 +0800] "POST /xingrg/load_menu.html HTTP/1.1" 200 5138
116.224.253.72 - - [08/Mar/2021:09:48:12 +0800] "GET /xingrg/all/function/internal_message.html?_=1615168056105&CODE_STATE=getMsg HTTP/1.1" 200 27
222.69.133.78 - - [08/Mar/2021:09:48:14 +0800] "POST /xingrg/services/DataTransmitService HTTP/1.1" 200 501
222.69.133.78 - - [08/Mar/2021:09:48:14 +0800] "POST /xingrg/services/DataTransmitService HTTP/1.1" 200 501
180.169.147.146 - - [08/Mar/2021:09:48:15 +0800] "GET /xingrg/all/function/internal_message.html?_=1615168096016&CODE_STATE=getMsg HTTP/1.1" 200 27
222.69.133.78 - - [08/Mar/2021:09:48:15 +0800] "POST /xingrg/services/DataTransmitService HTTP/1.1" 200 501
114.86.231.172 - - [08/Mar/2021:09:48:17 +0800] "GET /xingrg/all/function/internal_message.html?_=1615168098279&CODE_STATE=getMsg HTTP/1.1" 200 27
117.185.32.26 - - [08/Mar/2021:09:48:18 +0800] "POST /xingrg/kc/buy/cgsh_order_operate.html HTTP/1.1" 200 37
222.69.133.78 - - [08/Mar/2021:09:48:20 +0800] "POST /xingrg/services/DataTransmitService HTTP/1.1" 200 412
117.185.32.26 - - [08/Mar/2021:09:48:21 +0800] "POST /xingrg/kc/buy/cgsh_order_operate.html HTTP/1.1" 200 7980
117.185.32.26 - - [08/Mar/2021:09:48:22 +0800] "GET /xingrg/all/function/internal_message.html?_=1615168607069&CODE_STATE=getMsg HTTP/1.1" 200 27
222.70.216.220 - - [08/Mar/2021:09:48:22 +0800] "GET /xingrg/all/function/internal_message.html?_=1615168100157&CODE_STATE=getMsg HTTP/1.1" 200 27
101.228.165.174 - - [08/Mar/2021:09:48:23 +0800] "GET /xingrg/all/function/internal_message.html?_=1615168134294&CODE_STATE=getMsg HTTP/1.1" 200 27
61.165.42.208 - - [08/Mar/2021:09:48:24 +0800] "GET /xingrg/all/function/internal_message.html?_=1615168104896&CODE_STATE=getMsg HTTP/1.1" 200 27
117.185.32.26 - - [08/Mar/2021:09:48:28 +0800] "POST /xingrg/kc/buy/cgsh_order_operate.html HTTP/1.1" 200 37
58.37.230.33 - - [08/Mar/2021:09:48:29 +0800] "GET /xingrg/all/function/internal_message.html?_=1615168106497&CODE_STATE=getMsg HTTP/1.1" 200 27
117.185.32.26 - - [08/Mar/2021:09:48:30 +0800] "POST /xingrg/kc/buy/cgsh_order_operate.html HTTP/1.1" 200 7980
117.185.32.26 - - [08/Mar/2021:09:48:33 +0800] "GET /xingrg/kc/buy/cgsh_order_add.html HTTP/1.1" 200 62104
117.185.32.26 - - [08/Mar/2021:09:48:33 +0800] "GET /xingrg/javascript/easyui/themes/default/validatebox.css HTTP/1.1" 404 1104
117.185.32.26 - - [08/Mar/2021:09:48:33 +0800] "POST /xingrg/kc/buy/cgsh_order_operate.html HTTP/1.1" 200 8245
117.185.32.26 - - [08/Mar/2021:09:48:34 +0800] "GET /xingrg/javascript/easyui/themes/default/tree.css HTTP/1.1" 404 1090
117.185.32.26 - - [08/Mar/2021:09:48:34 +0800] "POST /xingrg/all/common/load_tree.html?tree=supplier_tree_json&isDelete=1 HTTP/1.1" 200 54827
180.174.195.252 - - [08/Mar/2021:09:48:35 +0800] "GET /xingrg/check_reg.html?_=1615168376202 HTTP/1.1" 200 22
180.174.195.252 - - [08/Mar/2021:09:48:37 +0800] "GET /xingrg/all/function/internal_message.html?_=1615168377604&CODE_STATE=getMsg HTTP/1.1" 200 27
114.86.231.172 - - [08/Mar/2021:09:48:42 +0800] "GET /xingrg/kc/buy/cgsh_order_operate.html?command=get_materiel&rest_code=00109&code=00101008027&supplier_code=00100005&order_time=2021-03-08 HTTP/1.1" 200 408
120.253.135.82 - - [08/Mar/2021:09:48:46 +0800] "GET /xingrg/all/function/internal_message.html?_=1615168130041&CODE_STATE=getMsg HTTP/1.1" 302 -
117.185.32.26 - - [08/Mar/2021:09:48:49 +0800] "GET /xingrg/kc/buy/cgsh_order_operate.html?command=get_materiel&rest_code=00106&code=00101007067&supplier_code=00100016&order_time=2021-03-08 HTTP/1.1" 200 431
180.169.147.146 - - [08/Mar/2021:09:48:52 +0800] "GET /xingrg/check_reg.html?_=1615168136122 HTTP/1.1" 200 22
180.169.147.146 - - [08/Mar/2021:09:48:52 +0800] "GET /xingrg/all/function/internal_message.html?_=1615168136124&CODE_STATE=getMsg HTTP/1.1" 200 27
116.235.216.75 - - [08/Mar/2021:09:48:55 +0800] "GET /xingrg/check_reg.html?_=1615168132944 HTTP/1.1" 200 22
114.86.231.172 - - [08/Mar/2021:09:48:56 +0800] "GET /xingrg/kc/buy/cgsh_order_operate.html?command=get_materiel&rest_code=00109&code=00101008308&supplier_code=00100005&order_time=2021-03-08 HTTP/1.1" 200 420
116.235.216.75 - - [08/Mar/2021:09:49:00 +0800] "GET /xingrg/all/function/internal_message.html?_=1615168138111&CODE_STATE=getMsg HTTP/1.1" 200 27
114.86.231.172 - - [08/Mar/2021:09:49:01 +0800] "GET /xingrg/kc/buy/cgsh_order_operate.html?command=get_materiel&rest_code=00109&code=00101008069&supplier_code=00100005&order_time=2021-03-08 HTTP/1.1" 200 412
101.228.165.174 - - [08/Mar/2021:09:49:02 +0800] "GET /xingrg/all/function/internal_message.html?_=1615168141693&CODE_STATE=getMsg HTTP/1.1" 302 -
101.228.165.174 - - [08/Mar/2021:09:49:02 +0800] "GET /xingrg/check_reg.html?_=1615168141694 HTTP/1.1" 302 -
114.86.231.172 - - [08/Mar/2021:09:49:06 +0800] "GET /xingrg/kc/buy/cgsh_order_operate.html?command=get_materiel&rest_code=00109&code=00101008006&supplier_code=00100005&order_time=2021-03-08 HTTP/1.1" 200 416
114.86.231.172 - - [08/Mar/2021:09:49:10 +0800] "POST /xingrg/kc/buy/cgsh_order_operate.html HTTP/1.1" 200 2065
116.224.253.72 - - [08/Mar/2021:09:49:10 +0800] "GET /xingrg/all/function/internal_message.html?_=1615168153170&CODE_STATE=getMsg HTTP/1.1" 200 27
117.184.7.26 - - [08/Mar/2021:09:49:11 +0800] "GET /xingrg/all/function/internal_message.html?_=1615168149673&CODE_STATE=getMsg HTTP/1.1" 200 27
117.185.32.26 - - [08/Mar/2021:09:49:11 +0800] "GET /xingrg/kc/buy/cgsh_order_operate.html?command=get_materiel&rest_code=00106&code=00101006084&supplier_code=00100016&order_time=2021-03-08 HTTP/1.1" 200 413
116.224.253.72 - - [08/Mar/2021:09:49:12 +0800] "GET /xingrg/all/function/internal_message.html?_=1615168116119&CODE_STATE=getMsg HTTP/1.1" 200 27
114.86.231.172 - - [08/Mar/2021:09:49:13 +0800] "GET /xingrg/kc/buy/cgsh_order_operate.html?command=get_materiel&rest_code=00109&code=00101008131&supplier_code=00100005&order_time=2021-03-08 HTTP/1.1" 200 408
180.169.147.146 - - [08/Mar/2021:09:49:15 +0800] "GET /xingrg/all/function/internal_message.html?_=1615168156006&CODE_STATE=getMsg HTTP/1.1" 200 27
114.86.231.172 - - [08/Mar/2021:09:49:17 +0800] "GET /xingrg/all/function/internal_message.html?_=1615168158282&CODE_STATE=getMsg HTTP/1.1" 200 27
114.86.231.172 - - [08/Mar/2021:09:49:18 +0800] "GET /xingrg/kc/buy/cgsh_order_operate.html?command=get_materiel&rest_code=00109&code=00101008352&supplier_code=00100005&order_time=2021-03-08 HTTP/1.1" 200 412
117.185.32.26 - - [08/Mar/2021:09:49:22 +0800] "GET /xingrg/all/function/internal_message.html?_=1615168667097&CODE_STATE=getMsg HTTP/1.1" 200 27
117.185.32.26 - - [08/Mar/2021:09:49:22 +0800] "GET /xingrg/check_reg.html?_=1615168667227 HTTP/1.1" 200 22
222.70.216.220 - - [08/Mar/2021:09:49:22 +0800] "GET /xingrg/check_reg.html?_=1615168160158 HTTP/1.1" 200 22
222.70.216.220 - - [08/Mar/2021:09:49:22 +0800] "GET /xingrg/all/function/internal_message.html?_=1615168160160&CODE_STATE=getMsg HTTP/1.1" 200 27
101.228.165.174 - - [08/Mar/2021:09:49:23 +0800] "GET /xingrg/all/function/internal_message.html?_=1615168194301&CODE_STATE=getMsg HTTP/1.1" 200 27
114.86.231.172 - - [08/Mar/2021:09:49:23 +0800] "GET /xingrg/kc/buy/cgsh_order_operate.html?command=get_materiel&rest_code=00109&code=00101008353&supplier_code=00100005&order_time=2021-03-08 HTTP/1.1" 200 408
61.165.42.208 - - [08/Mar/2021:09:49:24 +0800] "GET /xingrg/all/function/internal_message.html?_=1615168164896&CODE_STATE=getMsg HTTP/1.1" 200 27
114.86.231.172 - - [08/Mar/2021:09:49:29 +0800] "GET /xingrg/kc/buy/cgsh_order_operate.html?command=get_materiel&rest_code=00109&code=00101008213&supplier_code=00100005&order_time=2021-03-08 HTTP/1.1" 200 412
58.37.230.33 - - [08/Mar/2021:09:49:29 +0800] "GET /xingrg/all/function/internal_message.html?_=1615168166495&CODE_STATE=getMsg HTTP/1.1" 200 27
58.37.230.33 - - [08/Mar/2021:09:49:29 +0800] "GET /xingrg/check_reg.html?_=1615168166496 HTTP/1.1" 200 22
117.185.32.26 - - [08/Mar/2021:09:49:31 +0800] "POST /xingrg/kc/buy/cgsh_order_operate.html HTTP/1.1" 200 37
117.185.32.26 - - [08/Mar/2021:09:49:32 +0800] "POST /xingrg/kc/buy/cgsh_order_operate.html HTTP/1.1" 200 3251
120.253.135.82 - - [08/Mar/2021:09:49:32 +0800] "GET /xingrg/check_reg.html?_=1615167942030 HTTP/1.1" 200 22
114.86.231.172 - - [08/Mar/2021:09:49:34 +0800] "GET /xingrg/kc/buy/cgsh_order_operate.html?command=get_materiel&rest_code=00109&code=00101008242&supplier_code=00100005&order_time=2021-03-08 HTTP/1.1" 200 408
117.185.32.26 - - [08/Mar/2021:09:49:35 +0800] "GET /xingrg/kc/buy/buy_main.html HTTP/1.1" 200 12412
117.185.32.26 - - [08/Mar/2021:09:49:35 +0800] "GET /xingrg/css/new_ie.css HTTP/1.1" 404 1036
117.185.32.26 - - [08/Mar/2021:09:49:36 +0800] "GET /xingrg/images/yd/bt.gif HTTP/1.1" 404 1040
114.86.231.172 - - [08/Mar/2021:09:49:36 +0800] "POST /xingrg/kc/buy/cgsh_order_operate.html HTTP/1.1" 200 2065
117.185.32.26 - - [08/Mar/2021:09:49:36 +0800] "GET /xingrg/kc/buy/cgsh_order_list.html HTTP/1.1" 200 46366
180.174.195.252 - - [08/Mar/2021:09:49:37 +0800] "GET /xingrg/all/function/internal_message.html?_=1615168437617&CODE_STATE=getMsg HTTP/1.1" 200 27
117.185.32.26 - - [08/Mar/2021:09:49:39 +0800] "POST /xingrg/kc/buy/cgsh_list_operate.html HTTP/1.1" 200 2417
114.86.231.172 - - [08/Mar/2021:09:49:40 +0800] "GET /xingrg/kc/buy/cgsh_order_operate.html?command=get_materiel&rest_code=00109&code=00101008103&supplier_code=00100005&order_time=2021-03-08 HTTP/1.1" 200 417
116.224.253.72 - - [08/Mar/2021:09:49:40 +0800] "POST /xingrg/all/user/operate.html HTTP/1.1" 200 36
116.224.253.72 - - [08/Mar/2021:09:49:41 +0800] "GET /xingrg/javascript/jquery_easy_ui/themes/default/easyui.css HTTP/1.1" 304 -
116.224.253.72 - - [08/Mar/2021:09:49:41 +0800] "GET /xingrg/index.html?sysBaseUrl=http%3A%2F%2F180.169.147.146%3A18081%2Fxingrg%2F&costTime=48×tamp=1615163722941 HTTP/1.1" 200 17179
116.224.253.72 - - [08/Mar/2021:09:49:41 +0800] "GET /xingrg/javascript/jquery_easy_ui/themes/icon.css HTTP/1.1" 304 -
116.224.253.72 - - [08/Mar/2021:09:49:41 +0800] "GET /xingrg/css/form.css HTTP/1.1" 304 -
116.224.253.72 - - [08/Mar/2021:09:49:41 +0800] "GET /xingrg/javascript/jquery-1.4.2.min.js HTTP/1.1" 304 -
116.224.253.72 - - [08/Mar/2021:09:49:41 +0800] "GET /xingrg/javascript/jquery_easy_ui/jquery.easyui.min.js HTTP/1.1" 304 -
116.224.253.72 - - [08/Mar/2021:09:49:41 +0800] "GET /xingrg/javascript/jquery_easy_ui/easyui-lang-zh_CN.js HTTP/1.1" 304 -
116.224.253.72 - - [08/Mar/2021:09:49:41 +0800] "GET /xingrg/javascript/jquery.form.js HTTP/1.1" 304 -
116.224.253.72 - - [08/Mar/2021:09:49:41 +0800] "GET /xingrg/javascript/jquery.utils.js HTTP/1.1" 304 -
116.224.253.72 - - [08/Mar/2021:09:49:41 +0800] "GET /xingrg/javascript/jquery.timers.js HTTP/1.1" 304 -
116.224.253.72 - - [08/Mar/2021:09:49:41 +0800] "GET /xingrg/images/blue/navBackgound.jpg HTTP/1.1" 304 -
116.224.253.72 - - [08/Mar/2021:09:49:41 +0800] "GET /xingrg/images/blue/jxLogo.png HTTP/1.1" 304 -
116.224.253.72 - - [08/Mar/2021:09:49:41 +0800] "GET /xingrg/javascript/jquery_easy_ui/themes/icons/settle_new.png HTTP/1.1" 304 -
116.224.253.72 - - [08/Mar/2021:09:49:41 +0800] "GET /xingrg/images/blue/pingpu.png HTTP/1.1" 304 -
116.224.253.72 - - [08/Mar/2021:09:49:41 +0800] "POST /xingrg/all/common/load_tree.html?tree=area_rest_tree_json&manage=1 HTTP/1.1" 200 476
116.224.253.72 - - [08/Mar/2021:09:49:41 +0800] "GET /xingrg/javascript/jquery_easy_ui/themes/default/images/tabs_leftarrow.png HTTP/1.1" 304 -
116.224.253.72 - - [08/Mar/2021:09:49:41 +0800] "GET /xingrg/javascript/jquery_easy_ui/themes/default/images/tabs_rightarrow.png HTTP/1.1" 304 -
116.224.253.72 - - [08/Mar/2021:09:49:41 +0800] "GET /xingrg/javascript/jquery_easy_ui/themes/default/images/panel_tool_collapse.gif HTTP/1.1" 304 -
116.224.253.72 - - [08/Mar/2021:09:49:41 +0800] "GET /xingrg/all/function/internal_message.html?_=1615168144908&CODE_STATE=count HTTP/1.1" 200 11
116.224.253.72 - - [08/Mar/2021:09:49:41 +0800] "GET /xingrg/check_reg.html?_=1615168144909 HTTP/1.1" 200 22
116.224.253.72 - - [08/Mar/2021:09:49:41 +0800] "POST /xingrg/load_menu.html HTTP/1.1" 200 5138
116.224.253.72 - - [08/Mar/2021:09:49:43 +0800] "GET /xingrg/kc/buy/cgsh_order_list.html HTTP/1.1" 200 46372
114.86.231.172 - - [08/Mar/2021:09:49:45 +0800] "GET /xingrg/kc/buy/cgsh_order_operate.html?command=get_materiel&rest_code=00109&code=00101008323&supplier_code=00100005&order_time=2021-03-08 HTTP/1.1" 200 408
117.185.32.26 - - [08/Mar/2021:09:49:46 +0800] "POST /xingrg/kc/buy/cgsh_list_operate.html HTTP/1.1" 200 2417
116.224.253.72 - - [08/Mar/2021:09:49:46 +0800] "POST /xingrg/kc/buy/cgsh_list_operate.html HTTP/1.1" 200 2070
120.253.135.82 - - [08/Mar/2021:09:49:46 +0800] "GET /xingrg/all/function/internal_message.html?_=1615168190050&CODE_STATE=getMsg HTTP/1.1" 302 -
116.224.253.72 - - [08/Mar/2021:09:49:47 +0800] "GET /xingrg/kc/report/report_main.html HTTP/1.1" 200 7345
116.224.253.72 - - [08/Mar/2021:09:49:47 +0800] "GET /xingrg/css/blue.css HTTP/1.1" 304 -
117.185.32.26 - - [08/Mar/2021:09:49:47 +0800] "GET /xingrg/kc/buy/buy_main.html HTTP/1.1" 200 12412
117.185.32.26 - - [08/Mar/2021:09:49:47 +0800] "GET /xingrg/css/new_ie.css HTTP/1.1" 404 1036
116.224.253.72 - - [08/Mar/2021:09:49:47 +0800] "GET /xingrg/javascript/jquery_ui/themes/humanity/humanity.css HTTP/1.1" 304 -
116.224.253.72 - - [08/Mar/2021:09:49:47 +0800] "GET /xingrg/javascript/myfunction.js HTTP/1.1" 304 -
116.224.253.72 - - [08/Mar/2021:09:49:49 +0800] "GET /xingrg/kc/base/crk_hz.html HTTP/1.1" 200 11247
116.224.253.72 - - [08/Mar/2021:09:49:49 +0800] "GET /xingrg/javascript/step/step.css HTTP/1.1" 304 -
116.224.253.72 - - [08/Mar/2021:09:49:49 +0800] "GET /xingrg/css/table.css HTTP/1.1" 304 -
116.224.253.72 - - [08/Mar/2021:09:49:49 +0800] "GET /xingrg/javascript/jquery_easy_ui/themes/icons/search.png HTTP/1.1" 304 -
116.224.253.72 - - [08/Mar/2021:09:49:49 +0800] "POST /xingrg/kc/cost/cost_operate.html?command=get_base_tree HTTP/1.1" 200 3303
116.224.253.72 - - [08/Mar/2021:09:49:49 +0800] "GET /xingrg/javascript/jquery_easy_ui/themes/default/images/calendar_prevmonth.gif HTTP/1.1" 304 -
116.224.253.72 - - [08/Mar/2021:09:49:49 +0800] "POST /xingrg/all/common/load_tree.html?tree=materiel_sort_tree_json HTTP/1.1" 200 8666
116.224.253.72 - - [08/Mar/2021:09:49:49 +0800] "GET /xingrg/javascript/jquery_easy_ui/themes/default/images/calendar_nextmonth.gif HTTP/1.1" 304 -
116.224.253.72 - - [08/Mar/2021:09:49:49 +0800] "GET /xingrg/javascript/jquery_easy_ui/themes/default/images/calendar_prevyear.gif HTTP/1.1" 304 -
116.224.253.72 - - [08/Mar/2021:09:49:49 +0800] "GET /xingrg/javascript/jquery_easy_ui/themes/default/images/calendar_nextyear.gif HTTP/1.1" 304 -
114.86.231.172 - - [08/Mar/2021:09:49:51 +0800] "GET /xingrg/kc/buy/cgsh_order_operate.html?command=get_materiel&rest_code=00109&code=00101008155&supplier_code=00100005&order_time=2021-03-08 HTTP/1.1" 200 408
180.169.147.146 - - [08/Mar/2021:09:49:52 +0800] "GET /xingrg/all/function/internal_message.html?_=1615168196128&CODE_STATE=getMsg HTTP/1.1" 200 27
114.86.231.172 - - [08/Mar/2021:09:49:56 +0800] "GET /xingrg/kc/buy/cgsh_order_operate.html?command=get_materiel&rest_code=00109&code=00101008331&supplier_code=00100005&order_time=2021-03-08 HTTP/1.1" 200 416
116.235.216.75 - - [08/Mar/2021:09:50:00 +0800] "GET /xingrg/all/function/internal_message.html?_=1615168198084&CODE_STATE=getMsg HTTP/1.1" 200 27
116.224.253.72 - - [08/Mar/2021:09:50:01 +0800] "GET /xingrg/javascript/jquery_easy_ui/themes/default/images/tree_checkbox_1.gif HTTP/1.1" 304 -
116.224.253.72 - - [08/Mar/2021:09:50:01 +0800] "GET /xingrg/javascript/jquery_easy_ui/themes/default/images/tree_checkbox_2.gif HTTP/1.1" 304 -
101.228.165.174 - - [08/Mar/2021:09:50:02 +0800] "GET /xingrg/all/function/internal_message.html?_=1615168201694&CODE_STATE=getMsg HTTP/1.1" 302 -
114.86.231.172 - - [08/Mar/2021:09:50:09 +0800] "GET /xingrg/kc/buy/cgsh_order_operate.html?command=get_materiel&rest_code=00109&code=00101008338&supplier_code=00100005&order_time=2021-03-08 HTTP/1.1" 200 408
116.224.253.72 - - [08/Mar/2021:09:50:10 +0800] "GET /xingrg/all/function/internal_message.html?_=1615168213171&CODE_STATE=getMsg HTTP/1.1" 200 27
116.224.253.72 - - [08/Mar/2021:09:50:11 +0800] "GET /xingrg/kc/base/crk_hz.html?_=1615168174772&command=get_cost_id&end_date=2021-02-28&start_date=2021-02-01 HTTP/1.1" 200 51
116.224.253.72 - - [08/Mar/2021:09:50:11 +0800] "GET /xingrg/all/report/report_query.html?isQuery=1&onlyBody=1&rh=99999&rw=1800&varString=start:20210201,cost_id:3005,mid:20210201&fileName=kc/base/crk_hz_type_by_base.xml&queryString=%20a.base_code%20in%20('0010451')%20%20and%20m.sort_code%20in%20('00101008')%20&queryText=ÈÕÆÚ£º2021-02-01ÖÁ2021-02-28%20²Ö¿â£ºÔÁ²Ë&tableQueryString=materiel_table$sp1$$sp$before_table$sp1$$sp$crk_table$sp1$order_day%20between%2020210201%20and%2020210228 HTTP/1.1" 200 49432
116.224.253.72 - - [08/Mar/2021:09:50:11 +0800] "GET /xingrg/javascript/multi_select/jqueryMultiSelect.css HTTP/1.1" 304 -
116.224.253.72 - - [08/Mar/2021:09:50:11 +0800] "GET /xingrg/javascript/calendar/timePicker.css HTTP/1.1" 304 -
116.224.253.72 - - [08/Mar/2021:09:50:11 +0800] "GET /xingrg/javascript/bigrid/fix.css HTTP/1.1" 304 -
116.224.253.72 - - [08/Mar/2021:09:50:11 +0800] "GET /xingrg/dwr/interface/AjaxReportQueryService.js HTTP/1.1" 200 13203
116.224.253.72 - - [08/Mar/2021:09:50:11 +0800] "GET /xingrg/javascript/jqueryMultiSelect.js HTTP/1.1" 304 -
116.224.253.72 - - [08/Mar/2021:09:50:11 +0800] "GET /xingrg/javascript/Calendar.js HTTP/1.1" 304 -
116.224.253.72 - - [08/Mar/2021:09:50:11 +0800] "GET /xingrg/javascript/calendar/jquery.timePicker.min.js HTTP/1.1" 304 -
116.224.253.72 - - [08/Mar/2021:09:50:11 +0800] "GET /xingrg/javascript/bigrid/fix.js HTTP/1.1" 304 -
117.184.7.26 - - [08/Mar/2021:09:50:11 +0800] "GET /xingrg/all/function/internal_message.html?_=1615168209674&CODE_STATE=getMsg HTTP/1.1" 200 27
116.224.253.72 - - [08/Mar/2021:09:50:11 +0800] "GET /xingrg/dwr/util.js HTTP/1.1" 200 35990
116.224.253.72 - - [08/Mar/2021:09:50:11 +0800] "GET /xingrg/dwr/engine.js HTTP/1.1" 200 43631
116.224.253.72 - - [08/Mar/2021:09:50:12 +0800] "POST /xingrg/all/report/load_report_page.html HTTP/1.1" 200 94718
116.224.253.72 - - [08/Mar/2021:09:50:12 +0800] "GET /xingrg/servlets/image?cache=0.4939120556189459&image=px HTTP/1.1" 200 807
180.169.147.146 - - [08/Mar/2021:09:50:15 +0800] "GET /xingrg/check_reg.html?_=1615168216008 HTTP/1.1" 200 22
180.169.147.146 - - [08/Mar/2021:09:50:15 +0800] "GET /xingrg/all/function/internal_message.html?_=1615168216013&CODE_STATE=getMsg HTTP/1.1" 200 27
116.224.253.72 - - [08/Mar/2021:09:50:15 +0800] "GET /xingrg/all/report/report_query.html?isQuery=1&fileName=kc/base/crk_detail_by_small.xml&rh=99999&queryString=&queryText=%25E3%2580%2590%25E4%25BB%2593%25E5%25BA%2593%25E5%2590%258D%25E7%25A7%25B0%253A%25E7%25B2%25A4%25E8%258F%259C%25E3%2580%2591%25E3%2580%2590%25E4%25B8%259A%25E5%258A%25A1%25E7%25B1%25BB%25E5%259E%258B%25EF%25BC%259A%25E9%2587%2587%25E8%25B4%25AD%25E5%2585%25A5%25E5%25BA%2593%25E3%2580%2591%2520%253F%253F%253F%253F%253F2021-02-01%253F%253F2021-02-28%2520%253F%253F%253F%253F%253F%253F%253F&tableQueryString=crk_table%2524sp1%2524order_day%2520between%252020210201%2520and%252020210228%2520and%2520(base_code%253D'0010451')%2520and%2520(src_order_type%2520in%2520(21))%2520and%2520(is_rk%2520in%2520(1)) HTTP/1.1" 200 53778
116.224.253.72 - - [08/Mar/2021:09:50:16 +0800] "GET /xingrg/dwr/interface/AjaxReportQueryService.js HTTP/1.1" 200 13203
116.224.253.72 - - [08/Mar/2021:09:50:16 +0800] "GET /xingrg/dwr/engine.js HTTP/1.1" 200 43631
116.224.253.72 - - [08/Mar/2021:09:50:16 +0800] "POST /xingrg/all/report/load_report_page.html HTTP/1.1" 200 60799
116.224.253.72 - - [08/Mar/2021:09:50:16 +0800] "GET /xingrg/servlets/image?cache=0.3345486479570158&image=px HTTP/1.1" 200 807
