180.169.147.146 - - [07/Mar/2021:10:12:20 +0800] "GET /xingrg/all/function/internal_message.html?_=1615083140354&CODE_STATE=getMsg HTTP/1.1" 200 27
61.129.7.235 - - [07/Mar/2021:10:12:23 +0800] "GET /xingrg/all/function/internal_message.html?_=1615082645979&CODE_STATE=getMsg HTTP/1.1" 302 -
117.184.7.26 - - [07/Mar/2021:10:12:24 +0800] "GET /xingrg/kc/buy/cgsh_order_operate.html?command=get_materiel&rest_code=00108&code=00101006027&supplier_code=00100096&order_time=2021-03-07 HTTP/1.1" 200 409
61.129.7.235 - - [07/Mar/2021:10:12:30 +0800] "GET /xingrg/login.html HTTP/1.1" 200 7641
101.91.60.11 - - [07/Mar/2021:10:12:30 +0800] "GET /xingrg/all/function/internal_message.html?_=1615082765930&CODE_STATE=getMsg HTTP/1.1" 302 -
116.224.253.72 - - [07/Mar/2021:10:12:32 +0800] "GET /xingrg/all/function/internal_message.html?_=1615083117009&CODE_STATE=getMsg HTTP/1.1" 200 27
101.91.60.11 - - [07/Mar/2021:10:12:34 +0800] "GET /xingrg/login.html HTTP/1.1" 200 7641
117.184.7.26 - - [07/Mar/2021:10:12:35 +0800] "GET /xingrg/kc/buy/cgsh_order_operate.html?command=get_materiel&rest_code=00108&code=00101006144&supplier_code=00100096&order_time=2021-03-07 HTTP/1.1" 200 411
172.20.0.100 - - [07/Mar/2021:10:12:39 +0800] "GET /xingrg/check_reg.html?_=1615083156771 HTTP/1.1" 200 22
180.169.147.146 - - [07/Mar/2021:10:12:39 +0800] "POST /xingrg/dwr/call/plaincall/AjaxReportQueryService.refreshCache.dwr HTTP/1.1" 200 78
180.169.147.146 - - [07/Mar/2021:10:12:40 +0800] "POST /xingrg/all/report/load_report_page.html HTTP/1.1" 200 165601
180.169.147.146 - - [07/Mar/2021:10:12:40 +0800] "GET /xingrg/servlets/image?cache=0.08282704134003305&image=px HTTP/1.1" 200 807
222.69.137.90 - - [07/Mar/2021:10:12:40 +0800] "GET /xingrg/all/function/internal_message.html?_=1615083159341&CODE_STATE=getMsg HTTP/1.1" 200 27
180.174.195.252 - - [07/Mar/2021:10:12:41 +0800] "GET /xingrg/all/function/internal_message.html?_=1615083422278&CODE_STATE=getMsg HTTP/1.1" 200 27
180.169.147.146 - - [07/Mar/2021:10:12:42 +0800] "POST /xingrg/all/report/load_report_page.html HTTP/1.1" 200 165606
180.169.147.146 - - [07/Mar/2021:10:12:42 +0800] "GET /xingrg/servlets/image?cache=0.6626902919215176&image=px HTTP/1.1" 200 807
117.185.32.26 - - [07/Mar/2021:10:12:44 +0800] "GET /xingrg/all/function/internal_message.html?_=1615083667012&CODE_STATE=getMsg HTTP/1.1" 200 27
61.165.42.208 - - [07/Mar/2021:10:12:45 +0800] "GET /xingrg/all/function/internal_message.html?_=1615083165454&CODE_STATE=getMsg HTTP/1.1" 200 27
117.184.7.26 - - [07/Mar/2021:10:12:46 +0800] "GET /xingrg/kc/buy/cgsh_order_operate.html?command=get_materiel&rest_code=00108&code=00101006025&supplier_code=00100096&order_time=2021-03-07 HTTP/1.1" 200 417
180.169.147.146 - - [07/Mar/2021:10:12:46 +0800] "GET /xingrg/all/function/internal_message.html?_=1615083166388&CODE_STATE=getMsg HTTP/1.1" 200 27
61.165.42.208 - - [07/Mar/2021:10:12:46 +0800] "GET /xingrg/check_reg.html?_=1615083166459 HTTP/1.1" 200 22
180.169.147.146 - - [07/Mar/2021:10:12:48 +0800] "GET /xingrg/all/function/internal_message.html?_=1615083160697&CODE_STATE=getMsg HTTP/1.1" 200 27
180.169.147.146 - - [07/Mar/2021:10:12:52 +0800] "GET /xingrg/all/function/internal_message.html?_=1615083166326&CODE_STATE=getMsg HTTP/1.1" 200 27
222.69.143.194 - - [07/Mar/2021:10:12:54 +0800] "GET /xingrg/all/function/internal_message.html?_=1615083177311&CODE_STATE=getMsg HTTP/1.1" 200 27
116.224.253.72 - - [07/Mar/2021:10:12:55 +0800] "GET /xingrg/all/function/internal_message.html?_=1615083177766&CODE_STATE=getMsg HTTP/1.1" 200 27
117.184.7.26 - - [07/Mar/2021:10:12:58 +0800] "GET /xingrg/all/function/internal_message.html?_=1615083178225&CODE_STATE=getMsg HTTP/1.1" 200 27
117.184.7.26 - - [07/Mar/2021:10:12:58 +0800] "GET /xingrg/check_reg.html?_=1615083178375 HTTP/1.1" 200 22
101.228.165.174 - - [07/Mar/2021:10:12:58 +0800] "GET /xingrg/all/function/internal_message.html?_=1615083206339&CODE_STATE=getMsg HTTP/1.1" 200 27
58.40.7.146 - - [07/Mar/2021:10:12:59 +0800] "GET /xingrg/all/function/internal_message.html?_=1615083179621&CODE_STATE=getMsg HTTP/1.1" 200 27
117.184.7.26 - - [07/Mar/2021:10:13:00 +0800] "GET /xingrg/kc/buy/cgsh_order_operate.html?command=get_materiel&rest_code=00108&code=00101007061&supplier_code=00100096&order_time=2021-03-07 HTTP/1.1" 200 409
101.228.165.174 - - [07/Mar/2021:10:13:00 +0800] "GET /xingrg/all/function/internal_message.html?_=1615083180790&CODE_STATE=getMsg HTTP/1.1" 200 27
114.88.166.193 - - [07/Mar/2021:10:13:04 +0800] "GET /xingrg/all/function/internal_message.html?_=1615083183661&CODE_STATE=getMsg HTTP/1.1" 200 27
58.37.230.33 - - [07/Mar/2021:10:13:04 +0800] "GET /xingrg/all/function/internal_message.html?_=1615083185771&CODE_STATE=getMsg HTTP/1.1" 200 27
120.253.135.82 - - [07/Mar/2021:10:13:05 +0800] "GET /xingrg/all/function/internal_message.html?_=1615083190138&CODE_STATE=getMsg HTTP/1.1" 200 27
116.224.253.72 - - [07/Mar/2021:10:13:06 +0800] "GET /xingrg/check_reg.html?_=1615083151097 HTTP/1.1" 200 22
180.169.147.146 - - [07/Mar/2021:10:13:14 +0800] "GET /xingrg/all/function/internal_message.html?_=1615083187216&CODE_STATE=getMsg HTTP/1.1" 200 27
222.70.216.220 - - [07/Mar/2021:10:13:15 +0800] "GET /xingrg/all/function/internal_message.html?_=1615083195707&CODE_STATE=getMsg HTTP/1.1" 200 27
116.232.51.165 - - [07/Mar/2021:10:13:16 +0800] "GET /xingrg/all/function/internal_message.html?_=1615083196571&CODE_STATE=getMsg HTTP/1.1" 200 27
58.40.7.146 - - [07/Mar/2021:10:13:17 +0800] "GET /xingrg/all/function/internal_message.html?_=1615083197072&CODE_STATE=getMsg HTTP/1.1" 200 27
58.37.192.63 - - [07/Mar/2021:10:13:18 +0800] "GET /xingrg/check_reg.html?_=1615083197859 HTTP/1.1" 200 22
58.37.192.63 - - [07/Mar/2021:10:13:18 +0800] "GET /xingrg/all/function/internal_message.html?_=1615083197981&CODE_STATE=getMsg HTTP/1.1" 200 27
222.70.216.220 - - [07/Mar/2021:10:13:19 +0800] "GET /xingrg/all/function/internal_message.html?_=1615083198759&CODE_STATE=getMsg HTTP/1.1" 200 27
180.169.147.146 - - [07/Mar/2021:10:13:20 +0800] "GET /xingrg/all/function/internal_message.html?_=1615083200353&CODE_STATE=getMsg HTTP/1.1" 200 27
101.228.165.174 - - [07/Mar/2021:10:13:22 +0800] "GET /xingrg/check_reg.html?_=1615083229632 HTTP/1.1" 200 22
117.184.7.26 - - [07/Mar/2021:10:13:22 +0800] "GET /xingrg/kc/buy/cgsh_order_operate.html?command=get_materiel&rest_code=00108&code=00101007049&supplier_code=00100096&order_time=2021-03-07 HTTP/1.1" 200 409
58.40.7.146 - - [07/Mar/2021:10:13:25 +0800] "GET /xingrg/check_reg.html?_=1615083205716 HTTP/1.1" 200 22
58.37.230.33 - - [07/Mar/2021:10:13:29 +0800] "GET /xingrg/check_reg.html?_=1615083211271 HTTP/1.1" 200 22
117.184.7.26 - - [07/Mar/2021:10:13:30 +0800] "GET /xingrg/kc/buy/cgsh_order_operate.html?command=get_materiel&rest_code=00108&code=00101007081&supplier_code=00100096&order_time=2021-03-07 HTTP/1.1" 200 415
116.224.253.72 - - [07/Mar/2021:10:13:32 +0800] "GET /xingrg/all/function/internal_message.html?_=1615083177022&CODE_STATE=getMsg HTTP/1.1" 200 27
101.228.165.174 - - [07/Mar/2021:10:13:33 +0800] "GET /xingrg/kc/buy/cgsh_order_operate.html?command=get_materiel&rest_code=00146&code=00101008285&supplier_code=00100005&order_time=2021-03-07 HTTP/1.1" 200 413
222.69.137.90 - - [07/Mar/2021:10:13:40 +0800] "GET /xingrg/all/function/internal_message.html?_=1615083219345&CODE_STATE=getMsg HTTP/1.1" 200 27
101.228.165.174 - - [07/Mar/2021:10:13:41 +0800] "POST /xingrg/kc/buy/cgsh_order_operate.html HTTP/1.1" 200 2065
180.174.195.252 - - [07/Mar/2021:10:13:42 +0800] "GET /xingrg/all/function/internal_message.html?_=1615083482281&CODE_STATE=getMsg HTTP/1.1" 200 27
117.185.32.26 - - [07/Mar/2021:10:13:44 +0800] "GET /xingrg/all/function/internal_message.html?_=1615083727020&CODE_STATE=getMsg HTTP/1.1" 200 27
61.165.42.208 - - [07/Mar/2021:10:13:45 +0800] "GET /xingrg/all/function/internal_message.html?_=1615083225429&CODE_STATE=getMsg HTTP/1.1" 200 27
180.169.147.146 - - [07/Mar/2021:10:13:46 +0800] "GET /xingrg/all/function/internal_message.html?_=1615083226391&CODE_STATE=getMsg HTTP/1.1" 200 27
117.184.7.26 - - [07/Mar/2021:10:13:47 +0800] "GET /xingrg/kc/buy/cgsh_order_operate.html?command=get_materiel&rest_code=00108&code=00101012025&supplier_code=00100096&order_time=2021-03-07 HTTP/1.1" 200 412
180.169.147.146 - - [07/Mar/2021:10:13:48 +0800] "GET /xingrg/all/function/internal_message.html?_=1615083220698&CODE_STATE=getMsg HTTP/1.1" 200 27
101.228.165.174 - - [07/Mar/2021:10:13:51 +0800] "GET /xingrg/kc/buy/cgsh_order_operate.html?command=get_materiel&rest_code=00146&code=00101008242&supplier_code=00100005&order_time=2021-03-07 HTTP/1.1" 200 408
180.169.147.146 - - [07/Mar/2021:10:13:52 +0800] "GET /xingrg/all/function/internal_message.html?_=1615083226330&CODE_STATE=getMsg HTTP/1.1" 200 27
222.69.143.194 - - [07/Mar/2021:10:13:54 +0800] "GET /xingrg/all/function/internal_message.html?_=1615083237312&CODE_STATE=getMsg HTTP/1.1" 200 27
116.224.253.72 - - [07/Mar/2021:10:13:55 +0800] "GET /xingrg/all/function/internal_message.html?_=1615083237773&CODE_STATE=getMsg HTTP/1.1" 200 27
116.224.253.72 - - [07/Mar/2021:10:13:55 +0800] "GET /xingrg/check_reg.html?_=1615083237776 HTTP/1.1" 200 22
117.184.7.26 - - [07/Mar/2021:10:13:55 +0800] "GET /xingrg/kc/buy/cgsh_order_operate.html?command=get_materiel&rest_code=00108&code=00101001075&supplier_code=00100096&order_time=2021-03-07 HTTP/1.1" 200 409
117.184.7.26 - - [07/Mar/2021:10:13:58 +0800] "GET /xingrg/all/function/internal_message.html?_=1615083238183&CODE_STATE=getMsg HTTP/1.1" 200 27
101.228.165.174 - - [07/Mar/2021:10:13:58 +0800] "GET /xingrg/all/function/internal_message.html?_=1615083266352&CODE_STATE=getMsg HTTP/1.1" 200 27
58.40.7.146 - - [07/Mar/2021:10:13:59 +0800] "GET /xingrg/all/function/internal_message.html?_=1615083239624&CODE_STATE=getMsg HTTP/1.1" 200 27
101.228.165.174 - - [07/Mar/2021:10:14:00 +0800] "GET /xingrg/all/function/internal_message.html?_=1615083240788&CODE_STATE=getMsg HTTP/1.1" 200 27
101.228.165.174 - - [07/Mar/2021:10:14:00 +0800] "GET /xingrg/check_reg.html?_=1615083240789 HTTP/1.1" 200 22
114.88.166.193 - - [07/Mar/2021:10:14:04 +0800] "GET /xingrg/all/function/internal_message.html?_=1615083243685&CODE_STATE=getMsg HTTP/1.1" 200 27
58.37.230.33 - - [07/Mar/2021:10:14:04 +0800] "GET /xingrg/all/function/internal_message.html?_=1615083245747&CODE_STATE=getMsg HTTP/1.1" 200 27
120.253.135.82 - - [07/Mar/2021:10:14:05 +0800] "GET /xingrg/all/function/internal_message.html?_=1615083250142&CODE_STATE=getMsg HTTP/1.1" 200 27
117.185.32.26 - - [07/Mar/2021:10:14:10 +0800] "POST /xingrg/kc/buy/cgsh_order_operate.html HTTP/1.1" 200 37
117.185.32.26 - - [07/Mar/2021:10:14:11 +0800] "POST /xingrg/kc/buy/cgsh_order_operate.html HTTP/1.1" 200 10965
117.185.32.26 - - [07/Mar/2021:10:14:14 +0800] "GET /xingrg/kc/buy/cgsh_order_add.html HTTP/1.1" 200 62104
117.185.32.26 - - [07/Mar/2021:10:14:14 +0800] "POST /xingrg/kc/buy/cgsh_order_operate.html HTTP/1.1" 200 8245
180.169.147.146 - - [07/Mar/2021:10:14:14 +0800] "GET /xingrg/all/function/internal_message.html?_=1615083247217&CODE_STATE=getMsg HTTP/1.1" 200 27
117.185.32.26 - - [07/Mar/2021:10:14:14 +0800] "GET /xingrg/javascript/easyui/themes/default/validatebox.css HTTP/1.1" 404 1104
117.184.7.26 - - [07/Mar/2021:10:14:15 +0800] "POST /xingrg/kc/buy/cgsh_order_operate.html HTTP/1.1" 200 37
222.70.216.220 - - [07/Mar/2021:10:14:15 +0800] "GET /xingrg/check_reg.html?_=1615083255695 HTTP/1.1" 200 22
222.70.216.220 - - [07/Mar/2021:10:14:15 +0800] "GET /xingrg/all/function/internal_message.html?_=1615083255699&CODE_STATE=getMsg HTTP/1.1" 200 27
117.184.7.26 - - [07/Mar/2021:10:14:16 +0800] "POST /xingrg/kc/buy/cgsh_order_operate.html HTTP/1.1" 200 8583
117.185.32.26 - - [07/Mar/2021:10:14:16 +0800] "POST /xingrg/all/common/load_tree.html?tree=supplier_tree_json&isDelete=1 HTTP/1.1" 200 54827
116.232.51.165 - - [07/Mar/2021:10:14:16 +0800] "GET /xingrg/all/function/internal_message.html?_=1615083256574&CODE_STATE=getMsg HTTP/1.1" 200 27
117.185.32.26 - - [07/Mar/2021:10:14:16 +0800] "GET /xingrg/javascript/easyui/themes/default/tree.css HTTP/1.1" 404 1090
58.40.7.146 - - [07/Mar/2021:10:14:17 +0800] "GET /xingrg/all/function/internal_message.html?_=1615083257074&CODE_STATE=getMsg HTTP/1.1" 200 27
58.40.7.146 - - [07/Mar/2021:10:14:17 +0800] "GET /xingrg/check_reg.html?_=1615083257076 HTTP/1.1" 200 22
58.37.192.63 - - [07/Mar/2021:10:14:18 +0800] "GET /xingrg/all/function/internal_message.html?_=1615083257993&CODE_STATE=getMsg HTTP/1.1" 200 27
222.70.216.220 - - [07/Mar/2021:10:14:19 +0800] "GET /xingrg/all/function/internal_message.html?_=1615083258729&CODE_STATE=getMsg HTTP/1.1" 200 27
180.169.147.146 - - [07/Mar/2021:10:14:20 +0800] "GET /xingrg/all/function/internal_message.html?_=1615083260354&CODE_STATE=getMsg HTTP/1.1" 200 27
117.184.7.26 - - [07/Mar/2021:10:14:26 +0800] "GET /xingrg/kc/print/load_data.html?order_code=212021030702660&kc_code=cgsh&condition= HTTP/1.1" 200 2862
116.224.253.72 - - [07/Mar/2021:10:14:32 +0800] "GET /xingrg/all/function/internal_message.html?_=1615083237037&CODE_STATE=getMsg HTTP/1.1" 200 27
114.88.166.193 - - [07/Mar/2021:10:14:35 +0800] "GET /xingrg/check_reg.html?_=1615083274847 HTTP/1.1" 200 22
180.174.195.252 - - [07/Mar/2021:10:14:39 +0800] "GET /xingrg/check_reg.html?_=1615083540275 HTTP/1.1" 200 22
101.228.165.174 - - [07/Mar/2021:10:14:40 +0800] "GET /xingrg/kc/buy/cgsh_order_operate.html?command=get_materiel&rest_code=00146&code=00101008201&supplier_code=00100005&order_time=2021-03-07 HTTP/1.1" 200 412
222.69.137.90 - - [07/Mar/2021:10:14:40 +0800] "GET /xingrg/all/function/internal_message.html?_=1615083279351&CODE_STATE=getMsg HTTP/1.1" 200 27
180.174.195.252 - - [07/Mar/2021:10:14:42 +0800] "GET /xingrg/all/function/internal_message.html?_=1615083542607&CODE_STATE=getMsg HTTP/1.1" 200 27
117.185.32.26 - - [07/Mar/2021:10:14:44 +0800] "GET /xingrg/check_reg.html?_=1615083787033 HTTP/1.1" 200 22
117.185.32.26 - - [07/Mar/2021:10:14:44 +0800] "GET /xingrg/all/function/internal_message.html?_=1615083787036&CODE_STATE=getMsg HTTP/1.1" 200 27
222.69.137.90 - - [07/Mar/2021:10:14:44 +0800] "GET /xingrg/kc/buy/cgsh_order_operate.html?command=get_materiel&rest_code=00149&code=00101011003&supplier_code=00100051&order_time=2021-03-07 HTTP/1.1" 200 413
61.165.42.208 - - [07/Mar/2021:10:14:45 +0800] "GET /xingrg/all/function/internal_message.html?_=1615083285391&CODE_STATE=getMsg HTTP/1.1" 200 27
180.169.147.146 - - [07/Mar/2021:10:14:46 +0800] "GET /xingrg/all/function/internal_message.html?_=1615083286393&CODE_STATE=getMsg HTTP/1.1" 200 27
180.169.147.146 - - [07/Mar/2021:10:14:46 +0800] "GET /xingrg/check_reg.html?_=1615083286396 HTTP/1.1" 200 22
180.169.147.146 - - [07/Mar/2021:10:14:48 +0800] "GET /xingrg/all/function/internal_message.html?_=1615083280698&CODE_STATE=getMsg HTTP/1.1" 200 27
180.169.147.146 - - [07/Mar/2021:10:14:52 +0800] "GET /xingrg/all/function/internal_message.html?_=1615083286334&CODE_STATE=getMsg HTTP/1.1" 200 27
222.69.143.194 - - [07/Mar/2021:10:14:54 +0800] "GET /xingrg/all/function/internal_message.html?_=1615083297312&CODE_STATE=getMsg HTTP/1.1" 200 27
116.224.253.72 - - [07/Mar/2021:10:14:55 +0800] "GET /xingrg/all/function/internal_message.html?_=1615083297780&CODE_STATE=getMsg HTTP/1.1" 200 27
222.69.137.90 - - [07/Mar/2021:10:14:57 +0800] "GET /xingrg/kc/buy/cgsh_order_operate.html?command=get_materiel&rest_code=00149&code=00101011005&supplier_code=00100051&order_time=2021-03-07 HTTP/1.1" 200 428
117.184.7.26 - - [07/Mar/2021:10:14:58 +0800] "GET /xingrg/all/function/internal_message.html?_=1615083298157&CODE_STATE=getMsg HTTP/1.1" 200 27
101.228.165.174 - - [07/Mar/2021:10:14:58 +0800] "GET /xingrg/kc/buy/cgsh_order_operate.html?command=get_materiel&rest_code=00146&code=00101008298&supplier_code=00100005&order_time=2021-03-07 HTTP/1.1" 200 413
101.228.165.174 - - [07/Mar/2021:10:14:58 +0800] "GET /xingrg/all/function/internal_message.html?_=1615083326392&CODE_STATE=getMsg HTTP/1.1" 200 27
58.40.7.146 - - [07/Mar/2021:10:14:59 +0800] "GET /xingrg/all/function/internal_message.html?_=1615083299628&CODE_STATE=getMsg HTTP/1.1" 200 27
117.185.32.26 - - [07/Mar/2021:10:15:00 +0800] "GET /xingrg/kc/buy/cgsh_order_operate.html?command=get_materiel&rest_code=00106&code=00101008146&supplier_code=00100009&order_time=2021-03-07 HTTP/1.1" 200 416
101.228.165.174 - - [07/Mar/2021:10:15:00 +0800] "GET /xingrg/all/function/internal_message.html?_=1615083300788&CODE_STATE=getMsg HTTP/1.1" 200 27
114.88.166.193 - - [07/Mar/2021:10:15:04 +0800] "GET /xingrg/all/function/internal_message.html?_=1615083303704&CODE_STATE=getMsg HTTP/1.1" 200 27
58.37.230.33 - - [07/Mar/2021:10:15:04 +0800] "GET /xingrg/all/function/internal_message.html?_=1615083305720&CODE_STATE=getMsg HTTP/1.1" 200 27
120.253.135.82 - - [07/Mar/2021:10:15:05 +0800] "GET /xingrg/all/function/internal_message.html?_=1615083310181&CODE_STATE=getMsg HTTP/1.1" 200 27
222.69.137.90 - - [07/Mar/2021:10:15:09 +0800] "POST /xingrg/kc/buy/cgsh_order_operate.html HTTP/1.1" 200 37
101.228.165.174 - - [07/Mar/2021:10:15:10 +0800] "GET /xingrg/kc/buy/cgsh_order_operate.html?command=get_materiel&rest_code=00146&code=00101008161&supplier_code=00100005&order_time=2021-03-07 HTTP/1.1" 200 409
222.70.216.220 - - [07/Mar/2021:10:15:10 +0800] "GET /xingrg/check_reg.html?_=1615083310719 HTTP/1.1" 200 22
180.169.147.146 - - [07/Mar/2021:10:15:14 +0800] "GET /xingrg/all/function/internal_message.html?_=1615083307203&CODE_STATE=getMsg HTTP/1.1" 200 27
222.70.216.220 - - [07/Mar/2021:10:15:15 +0800] "GET /xingrg/all/function/internal_message.html?_=1615083315703&CODE_STATE=getMsg HTTP/1.1" 200 27
222.69.137.90 - - [07/Mar/2021:10:15:16 +0800] "POST /xingrg/kc/buy/cgsh_order_operate.html HTTP/1.1" 200 12
116.232.51.165 - - [07/Mar/2021:10:15:16 +0800] "GET /xingrg/all/function/internal_message.html?_=1615083316577&CODE_STATE=getMsg HTTP/1.1" 200 27
222.69.137.90 - - [07/Mar/2021:10:15:17 +0800] "GET /xingrg/kc/buy/cgsh_order_info.html?code=212021030702661 HTTP/1.1" 200 57059
58.40.7.146 - - [07/Mar/2021:10:15:17 +0800] "GET /xingrg/all/function/internal_message.html?_=1615083317080&CODE_STATE=getMsg HTTP/1.1" 200 27
222.69.137.90 - - [07/Mar/2021:10:15:17 +0800] "GET /xingrg/javascript/easyui/themes/default/validatebox.css HTTP/1.1" 404 1104
222.69.137.90 - - [07/Mar/2021:10:15:17 +0800] "POST /xingrg/kc/buy/cgsh_order_operate.html HTTP/1.1" 200 1788
117.131.5.26 - - [07/Mar/2021:10:15:18 +0800] "GET /xingrg/all/function/internal_message.html?_=1615083318008&CODE_STATE=getMsg HTTP/1.1" 200 27
222.70.216.220 - - [07/Mar/2021:10:15:18 +0800] "GET /xingrg/all/function/internal_message.html?_=1615083318705&CODE_STATE=getMsg HTTP/1.1" 200 27
222.69.137.90 - - [07/Mar/2021:10:15:19 +0800] "GET /xingrg/kc/print/load_data.html?order_code=212021030702661&kc_code=cgsh&condition= HTTP/1.1" 200 1172
117.185.32.26 - - [07/Mar/2021:10:15:19 +0800] "GET /xingrg/kc/buy/cgsh_order_operate.html?command=get_materiel&rest_code=00106&code=00101008147&supplier_code=00100009&order_time=2021-03-07 HTTP/1.1" 200 418
180.169.147.146 - - [07/Mar/2021:10:15:20 +0800] "GET /xingrg/all/function/internal_message.html?_=1615083320354&CODE_STATE=getMsg HTTP/1.1" 200 27
222.69.137.90 - - [07/Mar/2021:10:15:24 +0800] "GET /xingrg/kc/buy/cgsh_order_add.html HTTP/1.1" 200 62157
222.69.137.90 - - [07/Mar/2021:10:15:24 +0800] "POST /xingrg/kc/buy/cgsh_order_operate.html HTTP/1.1" 200 8245
222.69.137.90 - - [07/Mar/2021:10:15:24 +0800] "GET /xingrg/javascript/easyui/themes/default/validatebox.css HTTP/1.1" 404 1104
117.185.32.26 - - [07/Mar/2021:10:15:32 +0800] "POST /xingrg/kc/buy/cgsh_order_operate.html HTTP/1.1" 200 37
101.228.165.174 - - [07/Mar/2021:10:15:32 +0800] "GET /xingrg/kc/buy/cgsh_order_operate.html?command=get_materiel&rest_code=00146&code=00101008225&supplier_code=00100005&order_time=2021-03-07 HTTP/1.1" 200 416
116.224.253.72 - - [07/Mar/2021:10:15:32 +0800] "GET /xingrg/all/function/internal_message.html?_=1615083297111&CODE_STATE=getMsg HTTP/1.1" 200 27
117.185.32.26 - - [07/Mar/2021:10:15:33 +0800] "POST /xingrg/kc/buy/cgsh_order_operate.html HTTP/1.1" 200 3259
117.185.32.26 - - [07/Mar/2021:10:15:35 +0800] "GET /xingrg/kc/buy/buy_main.html HTTP/1.1" 200 12412
117.185.32.26 - - [07/Mar/2021:10:15:35 +0800] "GET /xingrg/css/new_ie.css HTTP/1.1" 404 1036
117.185.32.26 - - [07/Mar/2021:10:15:37 +0800] "GET /xingrg/images/yd/bt.gif HTTP/1.1" 404 1040
117.185.32.26 - - [07/Mar/2021:10:15:37 +0800] "GET /xingrg/kc/buy/cgsh_order_list.html HTTP/1.1" 200 46366
101.228.165.174 - - [07/Mar/2021:10:15:37 +0800] "POST /xingrg/kc/buy/cgsh_order_operate.html HTTP/1.1" 200 2065
222.69.137.90 - - [07/Mar/2021:10:15:40 +0800] "GET /xingrg/check_reg.html?_=1615083339338 HTTP/1.1" 200 22
222.69.137.90 - - [07/Mar/2021:10:15:40 +0800] "GET /xingrg/all/function/internal_message.html?_=1615083339359&CODE_STATE=getMsg HTTP/1.1" 200 27
117.185.32.26 - - [07/Mar/2021:10:15:41 +0800] "POST /xingrg/kc/buy/cgsh_list_operate.html HTTP/1.1" 200 2781
180.174.195.252 - - [07/Mar/2021:10:15:42 +0800] "GET /xingrg/all/function/internal_message.html?_=1615083602932&CODE_STATE=getMsg HTTP/1.1" 200 27
117.185.32.26 - - [07/Mar/2021:10:15:44 +0800] "GET /xingrg/all/function/internal_message.html?_=1615083847030&CODE_STATE=getMsg HTTP/1.1" 200 27
61.165.42.208 - - [07/Mar/2021:10:15:45 +0800] "GET /xingrg/all/function/internal_message.html?_=1615083345372&CODE_STATE=getMsg HTTP/1.1" 200 27
101.228.165.174 - - [07/Mar/2021:10:15:46 +0800] "GET /xingrg/kc/buy/cgsh_order_operate.html?command=get_materiel&rest_code=00146&code=00101008025&supplier_code=00100005&order_time=2021-03-07 HTTP/1.1" 200 408
222.69.137.90 - - [07/Mar/2021:10:15:46 +0800] "GET /xingrg/kc/buy/cgsh_order_operate.html?command=get_materiel&rest_code=00149&code=00101002027&supplier_code=00100039&order_time=2021-03-07 HTTP/1.1" 200 413
180.169.147.146 - - [07/Mar/2021:10:15:46 +0800] "GET /xingrg/all/function/internal_message.html?_=1615083346400&CODE_STATE=getMsg HTTP/1.1" 200 27
120.253.135.82 - - [07/Mar/2021:10:15:46 +0800] "GET /xingrg/check_reg.html?_=1615083351605 HTTP/1.1" 200 22
61.129.6.151 - - [07/Mar/2021:10:15:47 +0800] "GET /xingrg/all/function/internal_message.html?_=1615083125791&CODE_STATE=getMsg HTTP/1.1" 302 -
180.169.147.146 - - [07/Mar/2021:10:15:48 +0800] "GET /xingrg/all/function/internal_message.html?_=1615083340699&CODE_STATE=getMsg HTTP/1.1" 200 27
180.169.147.146 - - [07/Mar/2021:10:15:52 +0800] "GET /xingrg/all/function/internal_message.html?_=1615083346332&CODE_STATE=getMsg HTTP/1.1" 200 27
61.129.6.151 - - [07/Mar/2021:10:15:53 +0800] "GET /xingrg/login.html HTTP/1.1" 200 7641
222.69.143.194 - - [07/Mar/2021:10:15:54 +0800] "GET /xingrg/all/function/internal_message.html?_=1615083357312&CODE_STATE=getMsg HTTP/1.1" 200 27
61.165.42.208 - - [07/Mar/2021:10:15:54 +0800] "POST /xingrg/kc/buy/cgsh_order_operate.html HTTP/1.1" 200 37
116.224.253.72 - - [07/Mar/2021:10:15:55 +0800] "GET /xingrg/all/function/internal_message.html?_=1615083357802&CODE_STATE=getMsg HTTP/1.1" 200 27
61.165.42.208 - - [07/Mar/2021:10:15:56 +0800] "POST /xingrg/kc/buy/cgsh_order_operate.html HTTP/1.1" 200 39328
61.165.42.208 - - [07/Mar/2021:10:15:58 +0800] "GET /xingrg/kc/print/load_data.html?order_code=212021030702645&kc_code=cgsh&condition= HTTP/1.1" 200 14494
117.184.7.26 - - [07/Mar/2021:10:15:58 +0800] "GET /xingrg/all/function/internal_message.html?_=1615083358143&CODE_STATE=getMsg HTTP/1.1" 200 27
101.228.165.174 - - [07/Mar/2021:10:15:58 +0800] "GET /xingrg/all/function/internal_message.html?_=1615083386395&CODE_STATE=getMsg HTTP/1.1" 200 27
58.40.7.146 - - [07/Mar/2021:10:15:59 +0800] "GET /xingrg/all/function/internal_message.html?_=1615083359632&CODE_STATE=getMsg HTTP/1.1" 200 27
101.228.165.174 - - [07/Mar/2021:10:16:00 +0800] "GET /xingrg/all/function/internal_message.html?_=1615083360792&CODE_STATE=getMsg HTTP/1.1" 200 27
222.69.137.90 - - [07/Mar/2021:10:16:02 +0800] "GET /xingrg/kc/buy/cgsh_order_operate.html?command=get_materiel&rest_code=00149&code=00101002022&supplier_code=00100039&order_time=2021-03-07 HTTP/1.1" 200 430
114.88.166.193 - - [07/Mar/2021:10:16:04 +0800] "GET /xingrg/all/function/internal_message.html?_=1615083363719&CODE_STATE=getMsg HTTP/1.1" 200 27
58.37.230.33 - - [07/Mar/2021:10:16:04 +0800] "GET /xingrg/all/function/internal_message.html?_=1615083365696&CODE_STATE=getMsg HTTP/1.1" 200 27
120.253.135.82 - - [07/Mar/2021:10:16:05 +0800] "GET /xingrg/all/function/internal_message.html?_=1615083370185&CODE_STATE=getMsg HTTP/1.1" 200 27
61.165.42.208 - - [07/Mar/2021:10:16:10 +0800] "GET /xingrg/kc/buy/cgsh_order_add.html HTTP/1.1" 200 62151
61.165.42.208 - - [07/Mar/2021:10:16:11 +0800] "GET /xingrg/javascript/easyui/themes/default/validatebox.css HTTP/1.1" 404 1104
61.165.42.208 - - [07/Mar/2021:10:16:11 +0800] "POST /xingrg/kc/buy/cgsh_order_operate.html HTTP/1.1" 200 8245
101.228.165.174 - - [07/Mar/2021:10:16:12 +0800] "GET /xingrg/kc/buy/cgsh_order_operate.html?command=get_materiel&rest_code=00146&code=00101008274&supplier_code=00100005&order_time=2021-03-07 HTTP/1.1" 200 412
180.169.147.146 - - [07/Mar/2021:10:16:14 +0800] "GET /xingrg/all/function/internal_message.html?_=1615083367203&CODE_STATE=getMsg HTTP/1.1" 200 27
222.69.137.90 - - [07/Mar/2021:10:16:14 +0800] "GET /xingrg/javascript/jquery_easy_ui/themes/icons/rest.png HTTP/1.1" 200 695
222.69.137.90 - - [07/Mar/2021:10:16:14 +0800] "GET /xingrg/javascript/jquery_easy_ui/themes/icons/area.png HTTP/1.1" 200 262
222.70.216.220 - - [07/Mar/2021:10:16:15 +0800] "GET /xingrg/all/function/internal_message.html?_=1615083375707&CODE_STATE=getMsg HTTP/1.1" 200 27
116.232.51.165 - - [07/Mar/2021:10:16:16 +0800] "GET /xingrg/all/function/internal_message.html?_=1615083376576&CODE_STATE=getMsg HTTP/1.1" 200 27
116.232.51.165 - - [07/Mar/2021:10:16:16 +0800] "GET /xingrg/check_reg.html?_=1615083376576 HTTP/1.1" 200 22
58.40.7.146 - - [07/Mar/2021:10:16:17 +0800] "GET /xingrg/all/function/internal_message.html?_=1615083377084&CODE_STATE=getMsg HTTP/1.1" 200 27
117.131.5.26 - - [07/Mar/2021:10:16:18 +0800] "GET /xingrg/all/function/internal_message.html?_=1615083378024&CODE_STATE=getMsg HTTP/1.1" 200 27
222.70.216.220 - - [07/Mar/2021:10:16:18 +0800] "GET /xingrg/all/function/internal_message.html?_=1615083378679&CODE_STATE=getMsg HTTP/1.1" 200 27
180.169.147.146 - - [07/Mar/2021:10:16:20 +0800] "GET /xingrg/check_reg.html?_=1615083380340 HTTP/1.1" 200 22
180.169.147.146 - - [07/Mar/2021:10:16:20 +0800] "GET /xingrg/all/function/internal_message.html?_=1615083380344&CODE_STATE=getMsg HTTP/1.1" 200 27
222.69.137.90 - - [07/Mar/2021:10:16:24 +0800] "GET /xingrg/kc/buy/cgsh_order_operate.html?command=get_materiel&rest_code=00149&code=00101003035&supplier_code=00100039&order_time=2021-03-07 HTTP/1.1" 200 409
101.228.165.174 - - [07/Mar/2021:10:16:29 +0800] "GET /xingrg/kc/buy/cgsh_order_operate.html?command=get_materiel&rest_code=00146&code=00101008502&supplier_code=00100005&order_time=2021-03-07 HTTP/1.1" 200 398
116.224.253.72 - - [07/Mar/2021:10:16:32 +0800] "GET /xingrg/all/function/internal_message.html?_=1615083357126&CODE_STATE=getMsg HTTP/1.1" 200 27
61.165.42.208 - - [07/Mar/2021:10:16:32 +0800] "GET /xingrg/kc/buy/cgsh_order_operate.html?command=get_materiel&rest_code=00105&code=00101002027&supplier_code=00100397&order_time=2021-03-07 HTTP/1.1" 200 413
222.69.137.90 - - [07/Mar/2021:10:16:40 +0800] "GET /xingrg/all/function/internal_message.html?_=1615083399351&CODE_STATE=getMsg HTTP/1.1" 200 27
222.69.137.90 - - [07/Mar/2021:10:16:41 +0800] "GET /xingrg/kc/buy/cgsh_order_operate.html?command=get_materiel&rest_code=00149&code=00101002010&supplier_code=00100039&order_time=2021-03-07 HTTP/1.1" 200 413
180.174.195.252 - - [07/Mar/2021:10:16:42 +0800] "GET /xingrg/all/function/internal_message.html?_=1615083662953&CODE_STATE=getMsg HTTP/1.1" 200 27
117.185.32.26 - - [07/Mar/2021:10:16:44 +0800] "GET /xingrg/all/function/internal_message.html?_=1615083907041&CODE_STATE=getMsg HTTP/1.1" 200 27
61.165.42.208 - - [07/Mar/2021:10:16:45 +0800] "GET /xingrg/all/function/internal_message.html?_=1615083405375&CODE_STATE=getMsg HTTP/1.1" 200 27
180.169.147.146 - - [07/Mar/2021:10:16:46 +0800] "GET /xingrg/all/function/internal_message.html?_=1615083406403&CODE_STATE=getMsg HTTP/1.1" 200 27
61.165.42.208 - - [07/Mar/2021:10:16:47 +0800] "GET /xingrg/kc/buy/cgsh_order_operate.html?command=get_materiel&rest_code=00105&code=00101001010&supplier_code=00100397&order_time=2021-03-07 HTTP/1.1" 200 409
180.169.147.146 - - [07/Mar/2021:10:16:48 +0800] "GET /xingrg/check_reg.html?_=1615083400698 HTTP/1.1" 200 22
180.169.147.146 - - [07/Mar/2021:10:16:48 +0800] "GET /xingrg/all/function/internal_message.html?_=1615083400700&CODE_STATE=getMsg HTTP/1.1" 200 27
120.253.135.82 - - [07/Mar/2021:10:16:51 +0800] "GET /xingrg/check_reg.html?_=1615083181818 HTTP/1.1" 200 22
180.169.147.146 - - [07/Mar/2021:10:16:52 +0800] "GET /xingrg/check_reg.html?_=1615083406320 HTTP/1.1" 200 22
180.169.147.146 - - [07/Mar/2021:10:16:52 +0800] "GET /xingrg/all/function/internal_message.html?_=1615083406320&CODE_STATE=getMsg HTTP/1.1" 200 27
222.69.143.194 - - [07/Mar/2021:10:16:54 +0800] "GET /xingrg/all/function/internal_message.html?_=1615083417311&CODE_STATE=getMsg HTTP/1.1" 200 27
222.69.143.194 - - [07/Mar/2021:10:16:54 +0800] "GET /xingrg/check_reg.html?_=1615083417314 HTTP/1.1" 200 22
116.224.253.72 - - [07/Mar/2021:10:16:55 +0800] "GET /xingrg/all/function/internal_message.html?_=1615083417826&CODE_STATE=getMsg HTTP/1.1" 200 27
117.184.7.26 - - [07/Mar/2021:10:16:58 +0800] "GET /xingrg/all/function/internal_message.html?_=1615083418131&CODE_STATE=getMsg HTTP/1.1" 200 27
101.228.165.174 - - [07/Mar/2021:10:16:59 +0800] "GET /xingrg/all/function/internal_message.html?_=1615083446569&CODE_STATE=getMsg HTTP/1.1" 200 27
58.40.7.146 - - [07/Mar/2021:10:16:59 +0800] "GET /xingrg/all/function/internal_message.html?_=1615083419636&CODE_STATE=getMsg HTTP/1.1" 200 27
101.228.165.174 - - [07/Mar/2021:10:17:00 +0800] "GET /xingrg/all/function/internal_message.html?_=1615083420792&CODE_STATE=getMsg HTTP/1.1" 200 27
222.69.137.90 - - [07/Mar/2021:10:17:04 +0800] "GET /xingrg/kc/buy/cgsh_order_operate.html?command=get_materiel&rest_code=00149&code=00101003006&supplier_code=00100039&order_time=2021-03-07 HTTP/1.1" 200 412
114.88.166.193 - - [07/Mar/2021:10:17:04 +0800] "GET /xingrg/all/function/internal_message.html?_=1615083423740&CODE_STATE=getMsg HTTP/1.1" 200 27
58.37.230.33 - - [07/Mar/2021:10:17:04 +0800] "GET /xingrg/all/function/internal_message.html?_=1615083425667&CODE_STATE=getMsg HTTP/1.1" 200 27
120.253.135.82 - - [07/Mar/2021:10:17:05 +0800] "GET /xingrg/all/function/internal_message.html?_=1615083430199&CODE_STATE=getMsg HTTP/1.1" 200 27
101.228.165.174 - - [07/Mar/2021:10:17:05 +0800] "GET /xingrg/kc/buy/cgsh_order_operate.html?command=get_materiel&rest_code=00146&code=00101008091&supplier_code=00100005&order_time=2021-03-07 HTTP/1.1" 200 412
116.224.253.72 - - [07/Mar/2021:10:17:11 +0800] "POST /xingrg/kc/buy/cgsh_order_operate.html HTTP/1.1" 200 37
180.169.147.146 - - [07/Mar/2021:10:17:14 +0800] "GET /xingrg/all/function/internal_message.html?_=1615083427202&CODE_STATE=getMsg HTTP/1.1" 200 27
180.169.147.146 - - [07/Mar/2021:10:17:14 +0800] "GET /xingrg/check_reg.html?_=1615083427206 HTTP/1.1" 200 22
222.70.216.220 - - [07/Mar/2021:10:17:15 +0800] "GET /xingrg/all/function/internal_message.html?_=1615083435696&CODE_STATE=getMsg HTTP/1.1" 200 27
116.232.51.165 - - [07/Mar/2021:10:17:16 +0800] "GET /xingrg/all/function/internal_message.html?_=1615083436578&CODE_STATE=getMsg HTTP/1.1" 200 27
58.40.7.146 - - [07/Mar/2021:10:17:17 +0800] "GET /xingrg/all/function/internal_message.html?_=1615083437086&CODE_STATE=getMsg HTTP/1.1" 200 27
116.224.253.72 - - [07/Mar/2021:10:17:17 +0800] "POST /xingrg/kc/buy/cgsh_order_operate.html HTTP/1.1" 200 12
117.131.5.26 - - [07/Mar/2021:10:17:18 +0800] "GET /xingrg/all/function/internal_message.html?_=1615083438035&CODE_STATE=getMsg HTTP/1.1" 200 27
222.70.216.220 - - [07/Mar/2021:10:17:18 +0800] "GET /xingrg/all/function/internal_message.html?_=1615083438650&CODE_STATE=getMsg HTTP/1.1" 200 27
101.228.165.174 - - [07/Mar/2021:10:17:19 +0800] "GET /xingrg/kc/buy/cgsh_order_operate.html?command=get_materiel&rest_code=00146&code=00101008256&supplier_code=00100005&order_time=2021-03-07 HTTP/1.1" 200 412
116.224.253.72 - - [07/Mar/2021:10:17:19 +0800] "GET /xingrg/kc/buy/cgsh_order_info.html?code=212021030702641 HTTP/1.1" 200 56648
116.224.253.72 - - [07/Mar/2021:10:17:19 +0800] "GET /xingrg/javascript/easyui/themes/default/validatebox.css HTTP/1.1" 404 1104
180.169.147.146 - - [07/Mar/2021:10:17:20 +0800] "GET /xingrg/all/function/internal_message.html?_=1615083440345&CODE_STATE=getMsg HTTP/1.1" 200 27
116.224.253.72 - - [07/Mar/2021:10:17:21 +0800] "POST /xingrg/kc/buy/cgsh_order_operate.html HTTP/1.1" 200 23335
101.228.165.174 - - [07/Mar/2021:10:17:29 +0800] "GET /xingrg/kc/buy/cgsh_order_operate.html?command=get_materiel&rest_code=00146&code=00101008055&supplier_code=00100005&order_time=2021-03-07 HTTP/1.1" 200 409
116.224.253.72 - - [07/Mar/2021:10:17:30 +0800] "GET /xingrg/kc/print/load_data.html?order_code=212021030702641&kc_code=cgsh&condition= HTTP/1.1" 200 9518
116.224.253.72 - - [07/Mar/2021:10:17:32 +0800] "GET /xingrg/all/function/internal_message.html?_=1615083417192&CODE_STATE=getMsg HTTP/1.1" 200 27
101.228.165.174 - - [07/Mar/2021:10:17:32 +0800] "POST /xingrg/kc/buy/cgsh_order_operate.html HTTP/1.1" 200 2065
58.37.230.33 - - [07/Mar/2021:10:17:35 +0800] "GET /xingrg/kc/buy/cgsh_order_add.html HTTP/1.1" 200 62110
58.37.230.33 - - [07/Mar/2021:10:17:35 +0800] "POST /xingrg/kc/buy/cgsh_order_operate.html HTTP/1.1" 200 8245
58.37.230.33 - - [07/Mar/2021:10:17:35 +0800] "GET /xingrg/javascript/easyui/themes/default/validatebox.css HTTP/1.1" 404 1104
172.20.0.100 - - [07/Mar/2021:10:17:39 +0800] "GET /xingrg/check_reg.html?_=1615083456757 HTTP/1.1" 200 22
61.165.42.208 - - [07/Mar/2021:10:17:39 +0800] "GET /xingrg/kc/buy/cgsh_order_operate.html?command=get_materiel&rest_code=00105&code=00101002022&supplier_code=00100397&order_time=2021-03-07 HTTP/1.1" 200 429
222.69.137.90 - - [07/Mar/2021:10:17:40 +0800] "GET /xingrg/all/function/internal_message.html?_=1615083459360&CODE_STATE=getMsg HTTP/1.1" 200 27
180.174.195.252 - - [07/Mar/2021:10:17:42 +0800] "GET /xingrg/all/function/internal_message.html?_=1615083722961&CODE_STATE=getMsg HTTP/1.1" 200 27
117.185.32.26 - - [07/Mar/2021:10:17:44 +0800] "GET /xingrg/all/function/internal_message.html?_=1615083967031&CODE_STATE=getMsg HTTP/1.1" 200 27
61.165.42.208 - - [07/Mar/2021:10:17:45 +0800] "GET /xingrg/all/function/internal_message.html?_=1615083465335&CODE_STATE=getMsg HTTP/1.1" 200 27
180.169.147.146 - - [07/Mar/2021:10:17:46 +0800] "GET /xingrg/all/function/internal_message.html?_=1615083466396&CODE_STATE=getMsg HTTP/1.1" 200 27
61.165.42.208 - - [07/Mar/2021:10:17:46 +0800] "GET /xingrg/check_reg.html?_=1615083466456 HTTP/1.1" 200 22
180.169.147.146 - - [07/Mar/2021:10:17:48 +0800] "GET /xingrg/all/function/internal_message.html?_=1615083460688&CODE_STATE=getMsg HTTP/1.1" 200 27
58.37.230.33 - - [07/Mar/2021:10:17:49 +0800] "GET /xingrg/kc/buy/cgsh_order_operate.html?command=get_materiel&rest_code=00141&code=00101006144&supplier_code=00100012&order_time=2021-03-07 HTTP/1.1" 200 409
101.228.165.174 - - [07/Mar/2021:10:17:51 +0800] "GET /xingrg/kc/buy/cgsh_order_operate.html?command=get_materiel&rest_code=00146&code=00101008155&supplier_code=00100005&order_time=2021-03-07 HTTP/1.1" 200 408
180.169.147.146 - - [07/Mar/2021:10:17:52 +0800] "GET /xingrg/all/function/internal_message.html?_=1615083466326&CODE_STATE=getMsg HTTP/1.1" 200 27
222.69.143.194 - - [07/Mar/2021:10:17:54 +0800] "GET /xingrg/all/function/internal_message.html?_=1615083477314&CODE_STATE=getMsg HTTP/1.1" 200 27
116.224.253.72 - - [07/Mar/2021:10:17:55 +0800] "GET /xingrg/all/function/internal_message.html?_=1615083477805&CODE_STATE=getMsg HTTP/1.1" 200 27
117.184.7.26 - - [07/Mar/2021:10:17:58 +0800] "GET /xingrg/all/function/internal_message.html?_=1615083478117&CODE_STATE=getMsg HTTP/1.1" 200 27
58.37.230.33 - - [07/Mar/2021:10:17:58 +0800] "GET /xingrg/kc/buy/cgsh_order_operate.html?command=get_materiel&rest_code=00141&code=00101006109&supplier_code=00100012&order_time=2021-03-07 HTTP/1.1" 200 409
117.184.7.26 - - [07/Mar/2021:10:17:58 +0800] "GET /xingrg/check_reg.html?_=1615083478355 HTTP/1.1" 200 22
101.228.165.174 - - [07/Mar/2021:10:17:59 +0800] "GET /xingrg/all/function/internal_message.html?_=1615083506579&CODE_STATE=getMsg HTTP/1.1" 200 27
58.40.7.146 - - [07/Mar/2021:10:17:59 +0800] "GET /xingrg/all/function/internal_message.html?_=1615083479624&CODE_STATE=getMsg HTTP/1.1" 200 27
101.228.165.174 - - [07/Mar/2021:10:18:00 +0800] "GET /xingrg/all/function/internal_message.html?_=1615083480791&CODE_STATE=getMsg HTTP/1.1" 200 27
58.37.230.33 - - [07/Mar/2021:10:18:03 +0800] "GET /xingrg/kc/buy/cgsh_order_operate.html?command=get_materiel&rest_code=00141&code=00101006111&supplier_code=00100012&order_time=2021-03-07 HTTP/1.1" 200 409
114.88.166.193 - - [07/Mar/2021:10:18:04 +0800] "GET /xingrg/all/function/internal_message.html?_=1615083483746&CODE_STATE=getMsg HTTP/1.1" 200 27
58.37.230.33 - - [07/Mar/2021:10:18:04 +0800] "GET /xingrg/all/function/internal_message.html?_=1615083485665&CODE_STATE=getMsg HTTP/1.1" 200 27
101.228.165.174 - - [07/Mar/2021:10:18:04 +0800] "GET /xingrg/kc/buy/cgsh_order_operate.html?command=get_materiel&rest_code=00146&code=00101008313&supplier_code=00100005&order_time=2021-03-07 HTTP/1.1" 200 412
120.253.135.82 - - [07/Mar/2021:10:18:05 +0800] "GET /xingrg/all/function/internal_message.html?_=1615083490237&CODE_STATE=getMsg HTTP/1.1" 200 27
116.224.253.72 - - [07/Mar/2021:10:18:06 +0800] "GET /xingrg/check_reg.html?_=1615083451103 HTTP/1.1" 200 22
61.165.42.208 - - [07/Mar/2021:10:18:07 +0800] "POST /xingrg/kc/buy/cgsh_order_operate.html HTTP/1.1" 200 37
58.37.230.33 - - [07/Mar/2021:10:18:10 +0800] "GET /xingrg/kc/buy/cgsh_order_operate.html?command=get_materiel&rest_code=00141&code=00101006177&supplier_code=00100012&order_time=2021-03-07 HTTP/1.1" 200 409
180.169.147.146 - - [07/Mar/2021:10:18:14 +0800] "GET /xingrg/all/function/internal_message.html?_=1615083487206&CODE_STATE=getMsg HTTP/1.1" 200 27
222.70.216.220 - - [07/Mar/2021:10:18:15 +0800] "GET /xingrg/all/function/internal_message.html?_=1615083495701&CODE_STATE=getMsg HTTP/1.1" 200 27
116.232.51.165 - - [07/Mar/2021:10:18:16 +0800] "GET /xingrg/all/function/internal_message.html?_=1615083496582&CODE_STATE=getMsg HTTP/1.1" 200 27
58.37.230.33 - - [07/Mar/2021:10:18:17 +0800] "GET /xingrg/kc/buy/cgsh_order_operate.html?command=get_materiel&rest_code=00141&code=00101006055&supplier_code=00100012&order_time=2021-03-07 HTTP/1.1" 200 409
58.40.7.146 - - [07/Mar/2021:10:18:17 +0800] "GET /xingrg/all/function/internal_message.html?_=1615083497089&CODE_STATE=getMsg HTTP/1.1" 200 27
222.70.216.220 - - [07/Mar/2021:10:18:18 +0800] "GET /xingrg/all/function/internal_message.html?_=1615083498623&CODE_STATE=getMsg HTTP/1.1" 200 27
180.169.147.146 - - [07/Mar/2021:10:18:20 +0800] "GET /xingrg/all/function/internal_message.html?_=1615083500347&CODE_STATE=getMsg HTTP/1.1" 200 27
101.228.165.174 - - [07/Mar/2021:10:18:22 +0800] "GET /xingrg/check_reg.html?_=1615083529638 HTTP/1.1" 200 22
61.165.42.208 - - [07/Mar/2021:10:18:23 +0800] "POST /xingrg/kc/buy/cgsh_order_operate.html HTTP/1.1" 200 5024
61.165.42.208 - - [07/Mar/2021:10:18:25 +0800] "GET /xingrg/kc/print/load_data.html?order_code=212021030702663&kc_code=cgsh&condition= HTTP/1.1" 200 1568
58.40.7.146 - - [07/Mar/2021:10:18:25 +0800] "GET /xingrg/check_reg.html?_=1615083505720 HTTP/1.1" 200 22
58.37.230.33 - - [07/Mar/2021:10:18:29 +0800] "GET /xingrg/check_reg.html?_=1615083511275 HTTP/1.1" 200 22
58.37.230.33 - - [07/Mar/2021:10:18:32 +0800] "GET /xingrg/kc/buy/cgsh_order_operate.html?command=get_materiel&rest_code=00141&code=00101006130&supplier_code=00100012&order_time=2021-03-07 HTTP/1.1" 200 427
116.224.253.72 - - [07/Mar/2021:10:18:32 +0800] "GET /xingrg/all/function/internal_message.html?_=1615083477200&CODE_STATE=getMsg HTTP/1.1" 200 27
117.185.32.26 - - [07/Mar/2021:10:18:36 +0800] "GET /xingrg/kc/report/report_main.html HTTP/1.1" 200 7345
117.185.32.26 - - [07/Mar/2021:10:18:37 +0800] "GET /xingrg/all/report/report_query.html?fileName=kc/buy/gys_amount.xml&rh=99999 HTTP/1.1" 200 52006
117.185.32.26 - - [07/Mar/2021:10:18:37 +0800] "GET /xingrg/dwr/interface/AjaxReportQueryService.js HTTP/1.1" 200 13203
117.185.32.26 - - [07/Mar/2021:10:18:38 +0800] "GET /xingrg/dwr/util.js HTTP/1.1" 304 -
117.185.32.26 - - [07/Mar/2021:10:18:38 +0800] "GET /xingrg/dwr/engine.js HTTP/1.1" 200 43631
117.185.32.26 - - [07/Mar/2021:10:18:38 +0800] "POST /xingrg/dwr/call/plaincall/AjaxReportQueryService.getFixDate.dwr HTTP/1.1" 200 111
117.185.32.26 - - [07/Mar/2021:10:18:38 +0800] "POST /xingrg/all/common/load_tree.html?tree=supplier_tree_json&manage=1 HTTP/1.1" 200 55684
117.185.32.26 - - [07/Mar/2021:10:18:39 +0800] "POST /xingrg/all/common/load_tree.html?tree=materiel_sort_tree_json HTTP/1.1" 200 8666
117.185.32.26 - - [07/Mar/2021:10:18:40 +0800] "POST /xingrg/dwr/call/plaincall/AjaxReportQueryService.getInitString.dwr HTTP/1.1" 200 975
222.69.137.90 - - [07/Mar/2021:10:18:40 +0800] "GET /xingrg/all/function/internal_message.html?_=1615083519348&CODE_STATE=getMsg HTTP/1.1" 200 27
58.37.230.33 - - [07/Mar/2021:10:18:41 +0800] "GET /xingrg/kc/buy/cgsh_order_operate.html?command=get_materiel&rest_code=00141&code=00101006084&supplier_code=00100012&order_time=2021-03-07 HTTP/1.1" 200 413
101.228.165.174 - - [07/Mar/2021:10:18:42 +0800] "POST /xingrg/kc/buy/cgsh_order_operate.html HTTP/1.1" 200 2065
180.174.195.252 - - [07/Mar/2021:10:18:42 +0800] "GET /xingrg/all/function/internal_message.html?_=1615083782974&CODE_STATE=getMsg HTTP/1.1" 200 27
180.174.195.252 - - [07/Mar/2021:10:18:43 +0800] "POST /xingrg/kc/buy/cgsh_order_operate.html HTTP/1.1" 200 37
117.185.32.26 - - [07/Mar/2021:10:18:44 +0800] "GET /xingrg/all/function/internal_message.html?_=1615084027057&CODE_STATE=getMsg HTTP/1.1" 200 27
61.165.42.208 - - [07/Mar/2021:10:18:45 +0800] "GET /xingrg/all/function/internal_message.html?_=1615083525317&CODE_STATE=getMsg HTTP/1.1" 200 27
180.174.195.252 - - [07/Mar/2021:10:18:46 +0800] "POST /xingrg/kc/buy/cgsh_order_operate.html HTTP/1.1" 200 12
180.169.147.146 - - [07/Mar/2021:10:18:46 +0800] "GET /xingrg/all/function/internal_message.html?_=1615083526402&CODE_STATE=getMsg HTTP/1.1" 200 27
117.185.32.26 - - [07/Mar/2021:10:18:47 +0800] "POST /xingrg/dwr/call/plaincall/AjaxReportQueryService.getFixDate.dwr HTTP/1.1" 200 111
101.228.165.174 - - [07/Mar/2021:10:18:47 +0800] "GET /xingrg/kc/buy/cgsh_order_operate.html?command=get_materiel&rest_code=00146&code=00101008558&supplier_code=00100005&order_time=2021-03-07 HTTP/1.1" 200 395
180.169.147.146 - - [07/Mar/2021:10:18:48 +0800] "GET /xingrg/all/function/internal_message.html?_=1615083520692&CODE_STATE=getMsg HTTP/1.1" 200 27
180.169.147.146 - - [07/Mar/2021:10:18:52 +0800] "GET /xingrg/all/function/internal_message.html?_=1615083526328&CODE_STATE=getMsg HTTP/1.1" 200 27
222.69.143.194 - - [07/Mar/2021:10:18:54 +0800] "GET /xingrg/all/function/internal_message.html?_=1615083537314&CODE_STATE=getMsg HTTP/1.1" 200 27
116.224.253.72 - - [07/Mar/2021:10:18:55 +0800] "GET /xingrg/check_reg.html?_=1615083537784 HTTP/1.1" 200 22
116.224.253.72 - - [07/Mar/2021:10:18:55 +0800] "GET /xingrg/all/function/internal_message.html?_=1615083537787&CODE_STATE=getMsg HTTP/1.1" 200 27
58.37.230.33 - - [07/Mar/2021:10:18:57 +0800] "GET /xingrg/kc/buy/cgsh_order_operate.html?command=get_materiel&rest_code=00141&code=00101006062&supplier_code=00100012&order_time=2021-03-07 HTTP/1.1" 200 409
117.184.7.26 - - [07/Mar/2021:10:18:58 +0800] "GET /xingrg/all/function/internal_message.html?_=1615083538089&CODE_STATE=getMsg HTTP/1.1" 200 27
101.228.165.174 - - [07/Mar/2021:10:18:59 +0800] "GET /xingrg/all/function/internal_message.html?_=1615083566690&CODE_STATE=getMsg HTTP/1.1" 200 27
101.228.165.174 - - [07/Mar/2021:10:18:59 +0800] "GET /xingrg/kc/buy/cgsh_order_operate.html?command=get_materiel&rest_code=00146&code=00101008010&supplier_code=00100005&order_time=2021-03-07 HTTP/1.1" 200 412
58.40.7.146 - - [07/Mar/2021:10:18:59 +0800] "GET /xingrg/all/function/internal_message.html?_=1615083539628&CODE_STATE=getMsg HTTP/1.1" 200 27
117.185.32.26 - - [07/Mar/2021:10:19:00 +0800] "POST /xingrg/dwr/call/plaincall/AjaxReportQueryService.refreshCache.dwr HTTP/1.1" 200 78
101.228.165.174 - - [07/Mar/2021:10:19:00 +0800] "GET /xingrg/all/function/internal_message.html?_=1615083540795&CODE_STATE=getMsg HTTP/1.1" 200 27
101.228.165.174 - - [07/Mar/2021:10:19:00 +0800] "GET /xingrg/check_reg.html?_=1615083540797 HTTP/1.1" 200 22
117.185.32.26 - - [07/Mar/2021:10:19:01 +0800] "POST /xingrg/all/report/load_report_page.html HTTP/1.1" 200 8924
117.185.32.26 - - [07/Mar/2021:10:19:01 +0800] "GET /xingrg/servlets/image?cache=0.8399745144889842&image=px HTTP/1.1" 200 807
114.88.166.193 - - [07/Mar/2021:10:19:04 +0800] "GET /xingrg/all/function/internal_message.html?_=1615083543768&CODE_STATE=getMsg HTTP/1.1" 200 27
58.37.230.33 - - [07/Mar/2021:10:19:04 +0800] "GET /xingrg/all/function/internal_message.html?_=1615083545643&CODE_STATE=getMsg HTTP/1.1" 200 27
120.253.135.82 - - [07/Mar/2021:10:19:05 +0800] "GET /xingrg/all/function/internal_message.html?_=1615083550242&CODE_STATE=getMsg HTTP/1.1" 200 27
58.37.230.33 - - [07/Mar/2021:10:19:05 +0800] "GET /xingrg/kc/buy/cgsh_order_operate.html?command=get_materiel&rest_code=00141&code=00101006184&supplier_code=00100012&order_time=2021-03-07 HTTP/1.1" 200 408
180.174.195.252 - - [07/Mar/2021:10:19:09 +0800] "GET /xingrg/kc/buy/cgsh_order_info.html?code=212021030702657 HTTP/1.1" 200 56953
101.228.165.174 - - [07/Mar/2021:10:19:09 +0800] "GET /xingrg/kc/buy/cgsh_order_operate.html?command=get_materiel&rest_code=00146&code=00101008038&supplier_code=00100005&order_time=2021-03-07 HTTP/1.1" 200 413
180.174.195.252 - - [07/Mar/2021:10:19:10 +0800] "GET /xingrg/javascript/easyui/themes/default/validatebox.css HTTP/1.1" 404 1104
180.174.195.252 - - [07/Mar/2021:10:19:10 +0800] "POST /xingrg/kc/buy/cgsh_order_operate.html HTTP/1.1" 200 10081
180.174.195.252 - - [07/Mar/2021:10:19:13 +0800] "GET /xingrg/kc/print/load_data.html?order_code=212021030702657&kc_code=cgsh&condition= HTTP/1.1" 200 4234
180.169.147.146 - - [07/Mar/2021:10:19:14 +0800] "GET /xingrg/all/function/internal_message.html?_=1615083547206&CODE_STATE=getMsg HTTP/1.1" 200 27
222.70.216.220 - - [07/Mar/2021:10:19:15 +0800] "GET /xingrg/check_reg.html?_=1615083555708 HTTP/1.1" 200 22
222.70.216.220 - - [07/Mar/2021:10:19:16 +0800] "GET /xingrg/all/function/internal_message.html?_=1615083555718&CODE_STATE=getMsg HTTP/1.1" 200 27
58.37.230.33 - - [07/Mar/2021:10:19:16 +0800] "POST /xingrg/kc/buy/cgsh_order_operate.html HTTP/1.1" 200 37
116.232.51.165 - - [07/Mar/2021:10:19:16 +0800] "GET /xingrg/all/function/internal_message.html?_=1615083556585&CODE_STATE=getMsg HTTP/1.1" 200 27
114.86.187.76 - - [07/Mar/2021:10:19:16 +0800] "GET /xingrg/login.html HTTP/1.1" 200 7641
58.40.7.146 - - [07/Mar/2021:10:19:17 +0800] "GET /xingrg/check_reg.html?_=1615083557074 HTTP/1.1" 200 22
58.40.7.146 - - [07/Mar/2021:10:19:17 +0800] "GET /xingrg/all/function/internal_message.html?_=1615083557076&CODE_STATE=getMsg HTTP/1.1" 200 27
114.86.187.76 - - [07/Mar/2021:10:19:17 +0800] "GET /favicon.ico HTTP/1.1" 404 -
58.37.230.33 - - [07/Mar/2021:10:19:18 +0800] "POST /xingrg/kc/buy/cgsh_order_operate.html HTTP/1.1" 200 12
222.70.216.220 - - [07/Mar/2021:10:19:18 +0800] "GET /xingrg/all/function/internal_message.html?_=1615083558595&CODE_STATE=getMsg HTTP/1.1" 200 27
58.37.230.33 - - [07/Mar/2021:10:19:19 +0800] "GET /xingrg/kc/buy/cgsh_order_info.html?code=212021030702664 HTTP/1.1" 200 57012
58.37.230.33 - - [07/Mar/2021:10:19:19 +0800] "GET /xingrg/javascript/easyui/themes/default/validatebox.css HTTP/1.1" 404 1104
58.37.230.33 - - [07/Mar/2021:10:19:20 +0800] "POST /xingrg/kc/buy/cgsh_order_operate.html HTTP/1.1" 200 5338
180.169.147.146 - - [07/Mar/2021:10:19:20 +0800] "GET /xingrg/all/function/internal_message.html?_=1615083560349&CODE_STATE=getMsg HTTP/1.1" 200 27
58.37.230.33 - - [07/Mar/2021:10:19:21 +0800] "GET /xingrg/kc/print/load_config.html?kc_code=cgsh HTTP/1.1" 200 1845
58.37.230.33 - - [07/Mar/2021:10:19:21 +0800] "GET /xingrg/kc/print/load_data.html?order_code=212021030702664&kc_code=cgsh&condition= HTTP/1.1" 200 2601
58.37.230.33 - - [07/Mar/2021:10:19:25 +0800] "GET /xingrg/kc/buy/cgsh_order_add.html HTTP/1.1" 200 62110
101.228.165.174 - - [07/Mar/2021:10:19:25 +0800] "POST /xingrg/kc/buy/cgsh_order_operate.html HTTP/1.1" 200 2065
58.37.230.33 - - [07/Mar/2021:10:19:25 +0800] "GET /xingrg/javascript/easyui/themes/default/validatebox.css HTTP/1.1" 404 1104
58.37.230.33 - - [07/Mar/2021:10:19:25 +0800] "POST /xingrg/kc/buy/cgsh_order_operate.html HTTP/1.1" 200 8245
114.86.187.76 - - [07/Mar/2021:10:19:29 +0800] "POST /xingrg/login.do HTTP/1.1" 302 -
114.86.187.76 - - [07/Mar/2021:10:19:29 +0800] "GET /xingrg/index.html?sysBaseUrl=http%3A%2F%2F180.169.147.146%3A18081%2Fxingrg%2F&costTime=41×tamp=1615083569590 HTTP/1.1" 200 17179
114.86.187.76 - - [07/Mar/2021:10:19:30 +0800] "GET /favicon.ico HTTP/1.1" 404 -
114.86.187.76 - - [07/Mar/2021:10:19:30 +0800] "POST /xingrg/all/common/load_tree.html?tree=area_rest_tree_json&manage=1 HTTP/1.1" 200 351
114.86.187.76 - - [07/Mar/2021:10:19:30 +0800] "GET /xingrg/all/function/internal_message.html?_=1615083574847&CODE_STATE=count HTTP/1.1" 200 11
114.86.187.76 - - [07/Mar/2021:10:19:30 +0800] "GET /xingrg/check_reg.html?_=1615083574850 HTTP/1.1" 200 22
