116.224.253.72 - - [07/Mar/2021:08:54:00 +0800] "GET /xingrg/kc/buy/cgsh_order_operate.html?command=get_materiel&rest_code=00150&code=00101007071&supplier_code=00100096&order_time=2021-03-07 HTTP/1.1" 200 439
120.253.135.82 - - [07/Mar/2021:08:54:03 +0800] "GET /xingrg/all/function/internal_message.html?_=1615078448369&CODE_STATE=getMsg HTTP/1.1" 200 27
58.37.230.33 - - [07/Mar/2021:08:54:06 +0800] "GET /xingrg/all/function/internal_message.html?_=1615078447515&CODE_STATE=getMsg HTTP/1.1" 200 27
116.224.253.72 - - [07/Mar/2021:08:54:10 +0800] "GET /xingrg/kc/buy/cgsh_order_operate.html?command=get_materiel&rest_code=00150&code=00101007125&supplier_code=00100096&order_time=2021-03-07 HTTP/1.1" 200 408
101.91.60.105 - - [07/Mar/2021:08:54:13 +0800] "GET /xingrg/all/function/internal_message.html?_=1615078387538&CODE_STATE=getMsg HTTP/1.1" 302 -
180.169.147.146 - - [07/Mar/2021:08:54:14 +0800] "GET /xingrg/all/function/internal_message.html?_=1615078447154&CODE_STATE=getMsg HTTP/1.1" 200 27
222.70.216.220 - - [07/Mar/2021:08:54:15 +0800] "GET /xingrg/check_reg.html?_=1615078454145 HTTP/1.1" 200 22
222.70.216.220 - - [07/Mar/2021:08:54:15 +0800] "GET /xingrg/all/function/internal_message.html?_=1615078454150&CODE_STATE=getMsg HTTP/1.1" 200 27
101.91.60.105 - - [07/Mar/2021:08:54:16 +0800] "GET /xingrg/login.html HTTP/1.1" 200 7641
58.40.7.146 - - [07/Mar/2021:08:54:17 +0800] "GET /xingrg/all/function/internal_message.html?_=1615078457047&CODE_STATE=getMsg HTTP/1.1" 200 27
58.40.7.146 - - [07/Mar/2021:08:54:17 +0800] "GET /xingrg/check_reg.html?_=1615078457049 HTTP/1.1" 200 22
222.70.216.220 - - [07/Mar/2021:08:54:20 +0800] "GET /xingrg/all/function/internal_message.html?_=1615078459173&CODE_STATE=getMsg HTTP/1.1" 200 27
116.224.253.72 - - [07/Mar/2021:08:54:21 +0800] "GET /xingrg/kc/buy/cgsh_order_operate.html?command=get_materiel&rest_code=00150&code=00101007031&supplier_code=00100096&order_time=2021-03-07 HTTP/1.1" 200 413
116.224.253.72 - - [07/Mar/2021:08:54:29 +0800] "GET /xingrg/all/function/internal_message.html?_=1615078434108&CODE_STATE=getMsg HTTP/1.1" 200 27
116.224.253.72 - - [07/Mar/2021:08:54:32 +0800] "GET /xingrg/all/function/internal_message.html?_=1615078475181&CODE_STATE=getMsg HTTP/1.1" 200 27
116.224.253.72 - - [07/Mar/2021:08:54:34 +0800] "GET /xingrg/kc/buy/cgsh_order_operate.html?command=get_materiel&rest_code=00150&code=00101007077&supplier_code=00100096&order_time=2021-03-07 HTTP/1.1" 200 415
101.91.60.11 - - [07/Mar/2021:08:54:40 +0800] "GET /xingrg/check_reg.html?_=1615078411467 HTTP/1.1" 302 -
222.69.137.90 - - [07/Mar/2021:08:54:40 +0800] "GET /xingrg/all/function/internal_message.html?_=1615078479233&CODE_STATE=getMsg HTTP/1.1" 200 27
101.91.60.11 - - [07/Mar/2021:08:54:41 +0800] "GET /xingrg/login.html HTTP/1.1" 200 7641
116.224.253.72 - - [07/Mar/2021:08:54:43 +0800] "GET /xingrg/kc/buy/cgsh_order_operate.html?command=get_materiel&rest_code=00150&code=00101007061&supplier_code=00100096&order_time=2021-03-07 HTTP/1.1" 200 411
114.88.166.193 - - [07/Mar/2021:08:54:53 +0800] "GET /xingrg/all/function/internal_message.html?_=1615078493226&CODE_STATE=getMsg HTTP/1.1" 200 27
101.228.165.174 - - [07/Mar/2021:08:54:55 +0800] "GET /xingrg/all/function/internal_message.html?_=1615078522550&CODE_STATE=getMsg HTTP/1.1" 200 27
116.224.253.72 - - [07/Mar/2021:08:54:59 +0800] "GET /xingrg/kc/buy/cgsh_order_operate.html?command=get_materiel&rest_code=00150&code=00101007012&supplier_code=00100096&order_time=2021-03-07 HTTP/1.1" 200 410
58.40.7.146 - - [07/Mar/2021:08:54:59 +0800] "GET /xingrg/all/function/internal_message.html?_=1615078499569&CODE_STATE=getMsg HTTP/1.1" 200 27
101.228.165.174 - - [07/Mar/2021:08:55:00 +0800] "GET /xingrg/all/function/internal_message.html?_=1615078500694&CODE_STATE=getMsg HTTP/1.1" 200 27
120.253.135.82 - - [07/Mar/2021:08:55:03 +0800] "GET /xingrg/all/function/internal_message.html?_=1615078508415&CODE_STATE=getMsg HTTP/1.1" 200 27
58.37.230.33 - - [07/Mar/2021:08:55:06 +0800] "GET /xingrg/all/function/internal_message.html?_=1615078507483&CODE_STATE=getMsg HTTP/1.1" 200 27
222.70.216.220 - - [07/Mar/2021:08:55:11 +0800] "GET /xingrg/check_reg.html?_=1615078509537 HTTP/1.1" 200 22
116.224.253.72 - - [07/Mar/2021:08:55:12 +0800] "GET /xingrg/kc/buy/cgsh_order_operate.html?command=get_materiel&rest_code=00150&code=00101007049&supplier_code=00100096&order_time=2021-03-07 HTTP/1.1" 200 411
180.169.147.146 - - [07/Mar/2021:08:55:14 +0800] "GET /xingrg/all/function/internal_message.html?_=1615078507153&CODE_STATE=getMsg HTTP/1.1" 200 27
222.70.216.220 - - [07/Mar/2021:08:55:15 +0800] "GET /xingrg/all/function/internal_message.html?_=1615078514153&CODE_STATE=getMsg HTTP/1.1" 200 27
58.40.7.146 - - [07/Mar/2021:08:55:17 +0800] "GET /xingrg/all/function/internal_message.html?_=1615078517050&CODE_STATE=getMsg HTTP/1.1" 200 27
222.70.216.220 - - [07/Mar/2021:08:55:20 +0800] "GET /xingrg/all/function/internal_message.html?_=1615078519151&CODE_STATE=getMsg HTTP/1.1" 200 27
101.91.60.11 - - [07/Mar/2021:08:55:22 +0800] "GET /xingrg/all/function/internal_message.html?_=1615078447515&CODE_STATE=getMsg HTTP/1.1" 302 -
101.91.60.11 - - [07/Mar/2021:08:55:25 +0800] "GET /xingrg/login.html HTTP/1.1" 200 7641
116.224.253.72 - - [07/Mar/2021:08:55:29 +0800] "GET /xingrg/all/function/internal_message.html?_=1615078494186&CODE_STATE=getMsg HTTP/1.1" 200 27
116.224.253.72 - - [07/Mar/2021:08:55:32 +0800] "GET /xingrg/check_reg.html?_=1615078535157 HTTP/1.1" 200 22
116.224.253.72 - - [07/Mar/2021:08:55:32 +0800] "GET /xingrg/all/function/internal_message.html?_=1615078535161&CODE_STATE=getMsg HTTP/1.1" 200 27
114.88.166.193 - - [07/Mar/2021:08:55:39 +0800] "GET /xingrg/check_reg.html?_=1615078539379 HTTP/1.1" 200 22
222.69.137.90 - - [07/Mar/2021:08:55:40 +0800] "GET /xingrg/check_reg.html?_=1615078539222 HTTP/1.1" 200 22
222.69.137.90 - - [07/Mar/2021:08:55:40 +0800] "GET /xingrg/all/function/internal_message.html?_=1615078539226&CODE_STATE=getMsg HTTP/1.1" 200 27
120.253.135.82 - - [07/Mar/2021:08:55:46 +0800] "GET /xingrg/check_reg.html?_=1615078551502 HTTP/1.1" 200 22
114.88.166.193 - - [07/Mar/2021:08:55:53 +0800] "GET /xingrg/all/function/internal_message.html?_=1615078553241&CODE_STATE=getMsg HTTP/1.1" 200 27
101.228.165.174 - - [07/Mar/2021:08:55:55 +0800] "GET /xingrg/all/function/internal_message.html?_=1615078582629&CODE_STATE=getMsg HTTP/1.1" 200 27
116.224.253.72 - - [07/Mar/2021:08:55:59 +0800] "POST /xingrg/kc/buy/cgsh_order_operate.html HTTP/1.1" 200 37
58.40.7.146 - - [07/Mar/2021:08:55:59 +0800] "GET /xingrg/all/function/internal_message.html?_=1615078559571&CODE_STATE=getMsg HTTP/1.1" 200 27
101.228.165.174 - - [07/Mar/2021:08:56:00 +0800] "GET /xingrg/all/function/internal_message.html?_=1615078560695&CODE_STATE=getMsg HTTP/1.1" 200 27
120.253.135.82 - - [07/Mar/2021:08:56:03 +0800] "GET /xingrg/all/function/internal_message.html?_=1615078568428&CODE_STATE=getMsg HTTP/1.1" 200 27
116.224.253.72 - - [07/Mar/2021:08:56:03 +0800] "POST /xingrg/kc/buy/cgsh_order_operate.html HTTP/1.1" 200 12
116.224.253.72 - - [07/Mar/2021:08:56:04 +0800] "GET /xingrg/kc/buy/cgsh_order_info.html?code=212021030702634 HTTP/1.1" 200 56920
116.224.253.72 - - [07/Mar/2021:08:56:05 +0800] "GET /xingrg/javascript/easyui/themes/default/validatebox.css HTTP/1.1" 404 1104
116.224.253.72 - - [07/Mar/2021:08:56:06 +0800] "POST /xingrg/kc/buy/cgsh_order_operate.html HTTP/1.1" 200 10695
58.37.230.33 - - [07/Mar/2021:08:56:06 +0800] "GET /xingrg/all/function/internal_message.html?_=1615078567458&CODE_STATE=getMsg HTTP/1.1" 200 27
116.224.253.72 - - [07/Mar/2021:08:56:07 +0800] "GET /xingrg/kc/print/load_data.html?order_code=212021030702634&kc_code=cgsh&condition= HTTP/1.1" 200 4503
101.91.62.99 - - [07/Mar/2021:08:56:08 +0800] "GET /xingrg/all/function/internal_message.html?_=1615078507483&CODE_STATE=getMsg HTTP/1.1" 302 -
180.169.147.146 - - [07/Mar/2021:08:56:14 +0800] "GET /xingrg/all/function/internal_message.html?_=1615078567152&CODE_STATE=getMsg HTTP/1.1" 200 27
222.70.216.220 - - [07/Mar/2021:08:56:15 +0800] "GET /xingrg/all/function/internal_message.html?_=1615078574159&CODE_STATE=getMsg HTTP/1.1" 200 27
58.40.7.146 - - [07/Mar/2021:08:56:17 +0800] "GET /xingrg/all/function/internal_message.html?_=1615078577053&CODE_STATE=getMsg HTTP/1.1" 200 27
101.91.62.99 - - [07/Mar/2021:08:56:17 +0800] "GET /xingrg/login.html HTTP/1.1" 200 7641
116.224.253.72 - - [07/Mar/2021:08:56:19 +0800] "POST /xingrg/all/user/operate.html HTTP/1.1" 200 36
116.224.253.72 - - [07/Mar/2021:08:56:20 +0800] "GET /xingrg/index.html?sysBaseUrl=http%3A%2F%2F180.169.147.146%3A18081%2Fxingrg%2F&costTime=41×tamp=1614913412327 HTTP/1.1" 200 17177
116.224.253.72 - - [07/Mar/2021:08:56:20 +0800] "GET /xingrg/javascript/jquery_easy_ui/themes/default/easyui.css HTTP/1.1" 304 -
116.224.253.72 - - [07/Mar/2021:08:56:20 +0800] "GET /xingrg/javascript/jquery_easy_ui/themes/icon.css HTTP/1.1" 304 -
116.224.253.72 - - [07/Mar/2021:08:56:20 +0800] "GET /xingrg/css/form.css HTTP/1.1" 304 -
116.224.253.72 - - [07/Mar/2021:08:56:20 +0800] "GET /xingrg/javascript/jquery-1.4.2.min.js HTTP/1.1" 304 -
116.224.253.72 - - [07/Mar/2021:08:56:20 +0800] "GET /xingrg/javascript/jquery_easy_ui/jquery.easyui.min.js HTTP/1.1" 304 -
116.224.253.72 - - [07/Mar/2021:08:56:20 +0800] "GET /xingrg/javascript/jquery_easy_ui/easyui-lang-zh_CN.js HTTP/1.1" 304 -
116.224.253.72 - - [07/Mar/2021:08:56:20 +0800] "GET /xingrg/javascript/jquery.form.js HTTP/1.1" 304 -
116.224.253.72 - - [07/Mar/2021:08:56:20 +0800] "GET /xingrg/javascript/jquery.utils.js HTTP/1.1" 304 -
116.224.253.72 - - [07/Mar/2021:08:56:20 +0800] "GET /xingrg/javascript/jquery.timers.js HTTP/1.1" 304 -
116.224.253.72 - - [07/Mar/2021:08:56:20 +0800] "GET /xingrg/images/blue/jxLogo.png HTTP/1.1" 304 -
116.224.253.72 - - [07/Mar/2021:08:56:20 +0800] "GET /xingrg/images/blue/navBackgound.jpg HTTP/1.1" 304 -
116.224.253.72 - - [07/Mar/2021:08:56:20 +0800] "GET /xingrg/javascript/jquery_easy_ui/themes/icons/settle_new.png HTTP/1.1" 304 -
116.224.253.72 - - [07/Mar/2021:08:56:20 +0800] "POST /xingrg/all/common/load_tree.html?tree=area_rest_tree_json&manage=1 HTTP/1.1" 200 476
116.224.253.72 - - [07/Mar/2021:08:56:20 +0800] "GET /xingrg/check_reg.html?_=1615078583161 HTTP/1.1" 200 22
116.224.253.72 - - [07/Mar/2021:08:56:20 +0800] "GET /xingrg/all/function/internal_message.html?_=1615078583159&CODE_STATE=count HTTP/1.1" 200 11
116.224.253.72 - - [07/Mar/2021:08:56:20 +0800] "GET /xingrg/javascript/jquery_easy_ui/themes/default/images/tabs_leftarrow.png HTTP/1.1" 304 -
116.224.253.72 - - [07/Mar/2021:08:56:20 +0800] "GET /xingrg/images/blue/pingpu.png HTTP/1.1" 304 -
116.224.253.72 - - [07/Mar/2021:08:56:20 +0800] "GET /xingrg/javascript/jquery_easy_ui/themes/default/images/tabs_rightarrow.png HTTP/1.1" 304 -
116.224.253.72 - - [07/Mar/2021:08:56:20 +0800] "GET /xingrg/javascript/jquery_easy_ui/themes/default/images/panel_tool_collapse.gif HTTP/1.1" 304 -
116.224.253.72 - - [07/Mar/2021:08:56:20 +0800] "POST /xingrg/load_menu.html HTTP/1.1" 200 5138
222.70.216.220 - - [07/Mar/2021:08:56:20 +0800] "GET /xingrg/all/function/internal_message.html?_=1615078579121&CODE_STATE=getMsg HTTP/1.1" 200 27
116.224.253.72 - - [07/Mar/2021:08:56:22 +0800] "GET /xingrg/kc/buy/cgsh_order_list.html HTTP/1.1" 200 46370
116.224.253.72 - - [07/Mar/2021:08:56:23 +0800] "POST /xingrg/kc/buy/cgsh_list_operate.html HTTP/1.1" 200 876
116.224.253.72 - - [07/Mar/2021:08:56:24 +0800] "GET /xingrg/kc/buy/cgsh_order_add.html HTTP/1.1" 200 61746
116.224.253.72 - - [07/Mar/2021:08:56:24 +0800] "POST /xingrg/kc/buy/cgsh_order_operate.html HTTP/1.1" 200 8245
116.224.253.72 - - [07/Mar/2021:08:56:24 +0800] "GET /xingrg/all/common/auto_word.html?type=employee&rest_code=00151 HTTP/1.1" 200 243
116.224.253.72 - - [07/Mar/2021:08:56:24 +0800] "GET /xingrg/all/common/auto_word.html?type=employee&rest_code=00151 HTTP/1.1" 200 243
116.224.253.72 - - [07/Mar/2021:08:56:24 +0800] "GET /xingrg/javascript/easyui/themes/default/validatebox.css HTTP/1.1" 404 1104
116.224.253.72 - - [07/Mar/2021:08:56:25 +0800] "GET /xingrg/javascript/auto/indicator.gif HTTP/1.1" 404 1066
116.224.253.72 - - [07/Mar/2021:08:56:29 +0800] "GET /xingrg/all/function/internal_message.html?_=1615078554198&CODE_STATE=getMsg HTTP/1.1" 200 27
116.224.253.72 - - [07/Mar/2021:08:56:32 +0800] "GET /xingrg/kc/buy/cgsh_order_operate.html?command=get_materiel&rest_code=00151&code=00101011005&supplier_code=00100047&order_time=2021-03-07 HTTP/1.1" 200 428
222.69.137.90 - - [07/Mar/2021:08:56:40 +0800] "GET /xingrg/all/function/internal_message.html?_=1615078599226&CODE_STATE=getMsg HTTP/1.1" 200 27
180.174.195.252 - - [07/Mar/2021:08:56:43 +0800] "GET /xingrg/check_reg.html?_=1615078863612 HTTP/1.1" 302 -
116.224.253.72 - - [07/Mar/2021:08:56:47 +0800] "GET /xingrg/kc/buy/cgsh_order_operate.html?command=get_materiel&rest_code=00151&code=00101011001&supplier_code=00100047&order_time=2021-03-07 HTTP/1.1" 200 423
114.88.166.193 - - [07/Mar/2021:08:56:53 +0800] "GET /xingrg/all/function/internal_message.html?_=1615078613254&CODE_STATE=getMsg HTTP/1.1" 200 27
116.224.253.72 - - [07/Mar/2021:08:56:53 +0800] "GET /xingrg/kc/buy/cgsh_order_operate.html?command=get_materiel&rest_code=00151&code=00101011010&supplier_code=00100047&order_time=2021-03-07 HTTP/1.1" 200 418
101.228.165.174 - - [07/Mar/2021:08:56:55 +0800] "GET /xingrg/all/function/internal_message.html?_=1615078642638&CODE_STATE=getMsg HTTP/1.1" 200 27
58.40.7.146 - - [07/Mar/2021:08:56:59 +0800] "GET /xingrg/all/function/internal_message.html?_=1615078619576&CODE_STATE=getMsg HTTP/1.1" 200 27
116.224.253.72 - - [07/Mar/2021:08:57:00 +0800] "POST /xingrg/kc/buy/cgsh_order_operate.html HTTP/1.1" 200 37
101.228.165.174 - - [07/Mar/2021:08:57:00 +0800] "GET /xingrg/all/function/internal_message.html?_=1615078620697&CODE_STATE=getMsg HTTP/1.1" 200 27
120.253.135.82 - - [07/Mar/2021:08:57:03 +0800] "GET /xingrg/all/function/internal_message.html?_=1615078628441&CODE_STATE=getMsg HTTP/1.1" 200 27
116.224.253.72 - - [07/Mar/2021:08:57:04 +0800] "POST /xingrg/kc/buy/cgsh_order_operate.html HTTP/1.1" 200 12
116.224.253.72 - - [07/Mar/2021:08:57:05 +0800] "GET /xingrg/kc/buy/cgsh_order_info.html?code=212021030702635 HTTP/1.1" 200 56648
58.37.230.33 - - [07/Mar/2021:08:57:06 +0800] "GET /xingrg/all/function/internal_message.html?_=1615078627434&CODE_STATE=getMsg HTTP/1.1" 200 27
116.224.253.72 - - [07/Mar/2021:08:57:06 +0800] "GET /xingrg/javascript/easyui/themes/default/validatebox.css HTTP/1.1" 404 1104
116.224.253.72 - - [07/Mar/2021:08:57:07 +0800] "POST /xingrg/kc/buy/cgsh_order_operate.html HTTP/1.1" 200 1828
116.224.253.72 - - [07/Mar/2021:08:57:11 +0800] "GET /xingrg/kc/print/load_data.html?order_code=212021030702635&kc_code=cgsh&condition= HTTP/1.1" 200 1244
180.169.147.146 - - [07/Mar/2021:08:57:14 +0800] "GET /xingrg/all/function/internal_message.html?_=1615078627167&CODE_STATE=getMsg HTTP/1.1" 200 27
180.169.147.146 - - [07/Mar/2021:08:57:14 +0800] "GET /xingrg/check_reg.html?_=1615078627170 HTTP/1.1" 200 22
222.70.216.220 - - [07/Mar/2021:08:57:15 +0800] "GET /xingrg/all/function/internal_message.html?_=1615078634147&CODE_STATE=getMsg HTTP/1.1" 200 27
58.40.7.146 - - [07/Mar/2021:08:57:17 +0800] "GET /xingrg/all/function/internal_message.html?_=1615078637058&CODE_STATE=getMsg HTTP/1.1" 200 27
116.224.253.72 - - [07/Mar/2021:08:57:17 +0800] "GET /xingrg/kc/buy/cgsh_order_add.html HTTP/1.1" 200 61746
116.224.253.72 - - [07/Mar/2021:08:57:18 +0800] "POST /xingrg/kc/buy/cgsh_order_operate.html HTTP/1.1" 200 8245
116.224.253.72 - - [07/Mar/2021:08:57:18 +0800] "GET /xingrg/javascript/easyui/themes/default/validatebox.css HTTP/1.1" 404 1104
116.224.253.72 - - [07/Mar/2021:08:57:20 +0800] "GET /xingrg/all/function/internal_message.html?_=1615078643165&CODE_STATE=getMsg HTTP/1.1" 200 27
222.70.216.220 - - [07/Mar/2021:08:57:20 +0800] "GET /xingrg/all/function/internal_message.html?_=1615078639094&CODE_STATE=getMsg HTTP/1.1" 200 27
116.224.253.72 - - [07/Mar/2021:08:57:29 +0800] "GET /xingrg/all/function/internal_message.html?_=1615078614278&CODE_STATE=getMsg HTTP/1.1" 200 27
116.224.253.72 - - [07/Mar/2021:08:57:31 +0800] "GET /xingrg/kc/buy/cgsh_order_operate.html?command=get_materiel&rest_code=00151&code=00101007049&supplier_code=00100096&order_time=2021-03-07 HTTP/1.1" 200 409
222.69.137.90 - - [07/Mar/2021:08:57:40 +0800] "GET /xingrg/all/function/internal_message.html?_=1615078659228&CODE_STATE=getMsg HTTP/1.1" 200 27
116.224.253.72 - - [07/Mar/2021:08:57:46 +0800] "GET /xingrg/kc/buy/cgsh_order_operate.html?command=get_materiel&rest_code=00151&code=00101006131&supplier_code=00100096&order_time=2021-03-07 HTTP/1.1" 200 419
114.88.166.193 - - [07/Mar/2021:08:57:53 +0800] "GET /xingrg/all/function/internal_message.html?_=1615078673296&CODE_STATE=getMsg HTTP/1.1" 200 27
101.228.165.174 - - [07/Mar/2021:08:57:55 +0800] "GET /xingrg/all/function/internal_message.html?_=1615078702711&CODE_STATE=getMsg HTTP/1.1" 200 27
116.224.253.72 - - [07/Mar/2021:08:57:58 +0800] "GET /xingrg/kc/buy/cgsh_order_operate.html?command=get_materiel&rest_code=00151&code=00101006056&supplier_code=00100096&order_time=2021-03-07 HTTP/1.1" 200 413
58.40.7.146 - - [07/Mar/2021:08:57:59 +0800] "GET /xingrg/all/function/internal_message.html?_=1615078679563&CODE_STATE=getMsg HTTP/1.1" 200 27
101.228.165.174 - - [07/Mar/2021:08:58:00 +0800] "GET /xingrg/all/function/internal_message.html?_=1615078680697&CODE_STATE=getMsg HTTP/1.1" 200 27
120.253.135.82 - - [07/Mar/2021:08:58:03 +0800] "GET /xingrg/all/function/internal_message.html?_=1615078688481&CODE_STATE=getMsg HTTP/1.1" 200 27
58.37.230.33 - - [07/Mar/2021:08:58:06 +0800] "GET /xingrg/all/function/internal_message.html?_=1615078687416&CODE_STATE=getMsg HTTP/1.1" 200 27
116.224.253.72 - - [07/Mar/2021:08:58:06 +0800] "GET /xingrg/check_reg.html?_=1615078651017 HTTP/1.1" 200 22
101.91.60.105 - - [07/Mar/2021:08:58:10 +0800] "GET /xingrg/all/function/internal_message.html?_=1615078627434&CODE_STATE=getMsg HTTP/1.1" 302 -
116.224.253.72 - - [07/Mar/2021:08:58:13 +0800] "GET /xingrg/kc/buy/cgsh_order_operate.html?command=get_materiel&rest_code=00151&code=00101006129&supplier_code=00100096&order_time=2021-03-07 HTTP/1.1" 200 433
180.169.147.146 - - [07/Mar/2021:08:58:14 +0800] "GET /xingrg/all/function/internal_message.html?_=1615078687155&CODE_STATE=getMsg HTTP/1.1" 200 27
222.70.216.220 - - [07/Mar/2021:08:58:15 +0800] "GET /xingrg/all/function/internal_message.html?_=1615078694150&CODE_STATE=getMsg HTTP/1.1" 200 27
58.40.7.146 - - [07/Mar/2021:08:58:17 +0800] "GET /xingrg/all/function/internal_message.html?_=1615078697044&CODE_STATE=getMsg HTTP/1.1" 200 27
101.91.60.105 - - [07/Mar/2021:08:58:17 +0800] "GET /xingrg/login.html HTTP/1.1" 200 7641
116.224.253.72 - - [07/Mar/2021:08:58:20 +0800] "GET /xingrg/all/function/internal_message.html?_=1615078703191&CODE_STATE=getMsg HTTP/1.1" 200 27
222.70.216.220 - - [07/Mar/2021:08:58:20 +0800] "GET /xingrg/all/function/internal_message.html?_=1615078699067&CODE_STATE=getMsg HTTP/1.1" 200 27
101.228.165.174 - - [07/Mar/2021:08:58:21 +0800] "GET /xingrg/check_reg.html?_=1615078729237 HTTP/1.1" 200 22
58.40.7.146 - - [07/Mar/2021:08:58:25 +0800] "GET /xingrg/check_reg.html?_=1615078705659 HTTP/1.1" 200 22
116.224.253.72 - - [07/Mar/2021:08:58:29 +0800] "GET /xingrg/all/function/internal_message.html?_=1615078674288&CODE_STATE=getMsg HTTP/1.1" 200 27
58.37.230.33 - - [07/Mar/2021:08:58:30 +0800] "GET /xingrg/check_reg.html?_=1615078711446 HTTP/1.1" 200 22
116.224.253.72 - - [07/Mar/2021:08:58:32 +0800] "GET /xingrg/kc/buy/cgsh_order_operate.html?command=get_materiel&rest_code=00151&code=00101006168&supplier_code=00100096&order_time=2021-03-07 HTTP/1.1" 200 442
222.69.137.90 - - [07/Mar/2021:08:58:40 +0800] "GET /xingrg/all/function/internal_message.html?_=1615078719229&CODE_STATE=getMsg HTTP/1.1" 200 27
114.88.166.193 - - [07/Mar/2021:08:58:53 +0800] "GET /xingrg/all/function/internal_message.html?_=1615078733313&CODE_STATE=getMsg HTTP/1.1" 200 27
101.228.165.174 - - [07/Mar/2021:08:58:55 +0800] "GET /xingrg/all/function/internal_message.html?_=1615078762712&CODE_STATE=getMsg HTTP/1.1" 200 27
116.224.253.72 - - [07/Mar/2021:08:58:55 +0800] "GET /xingrg/kc/buy/cgsh_order_operate.html?command=get_materiel&rest_code=00151&code=00101006055&supplier_code=00100096&order_time=2021-03-07 HTTP/1.1" 200 409
58.40.7.146 - - [07/Mar/2021:08:58:59 +0800] "GET /xingrg/all/function/internal_message.html?_=1615078739569&CODE_STATE=getMsg HTTP/1.1" 200 27
101.228.165.174 - - [07/Mar/2021:08:59:00 +0800] "GET /xingrg/all/function/internal_message.html?_=1615078740698&CODE_STATE=getMsg HTTP/1.1" 200 27
101.228.165.174 - - [07/Mar/2021:08:59:00 +0800] "GET /xingrg/check_reg.html?_=1615078740702 HTTP/1.1" 200 22
120.253.135.82 - - [07/Mar/2021:08:59:03 +0800] "GET /xingrg/all/function/internal_message.html?_=1615078748485&CODE_STATE=getMsg HTTP/1.1" 200 27
58.37.230.33 - - [07/Mar/2021:08:59:06 +0800] "GET /xingrg/all/function/internal_message.html?_=1615078747394&CODE_STATE=getMsg HTTP/1.1" 200 27
116.224.253.72 - - [07/Mar/2021:08:59:06 +0800] "GET /xingrg/kc/buy/cgsh_order_operate.html?command=get_materiel&rest_code=00151&code=00101006124&supplier_code=00100096&order_time=2021-03-07 HTTP/1.1" 200 411
61.151.207.141 - - [07/Mar/2021:08:59:09 +0800] "GET /xingrg/all/function/internal_message.html?_=1615078687416&CODE_STATE=getMsg HTTP/1.1" 302 -
180.169.147.146 - - [07/Mar/2021:08:59:14 +0800] "GET /xingrg/all/function/internal_message.html?_=1615078747154&CODE_STATE=getMsg HTTP/1.1" 200 27
222.70.216.220 - - [07/Mar/2021:08:59:15 +0800] "GET /xingrg/check_reg.html?_=1615078754155 HTTP/1.1" 200 22
222.70.216.220 - - [07/Mar/2021:08:59:15 +0800] "GET /xingrg/all/function/internal_message.html?_=1615078754157&CODE_STATE=getMsg HTTP/1.1" 200 27
58.40.7.146 - - [07/Mar/2021:08:59:17 +0800] "GET /xingrg/all/function/internal_message.html?_=1615078757048&CODE_STATE=getMsg HTTP/1.1" 200 27
58.40.7.146 - - [07/Mar/2021:08:59:17 +0800] "GET /xingrg/check_reg.html?_=1615078757051 HTTP/1.1" 200 22
116.224.253.72 - - [07/Mar/2021:08:59:18 +0800] "GET /xingrg/kc/buy/cgsh_order_operate.html?command=get_materiel&rest_code=00151&code=00101006109&supplier_code=00100096&order_time=2021-03-07 HTTP/1.1" 200 409
61.151.207.141 - - [07/Mar/2021:08:59:19 +0800] "GET /xingrg/login.html HTTP/1.1" 200 7641
116.224.253.72 - - [07/Mar/2021:08:59:20 +0800] "GET /xingrg/all/function/internal_message.html?_=1615078763179&CODE_STATE=getMsg HTTP/1.1" 200 27
222.70.216.220 - - [07/Mar/2021:08:59:20 +0800] "GET /xingrg/all/function/internal_message.html?_=1615078759040&CODE_STATE=getMsg HTTP/1.1" 200 27
114.88.166.193 - - [07/Mar/2021:08:59:22 +0800] "GET /xingrg/index.html?sysBaseUrl=http%3A%2F%2F180.169.147.146%3A18081%2Fxingrg%2F&costTime=74×tamp=1596510965499 HTTP/1.1" 302 -
114.88.166.193 - - [07/Mar/2021:08:59:22 +0800] "GET /xingrg/login.html HTTP/1.1" 200 7641
114.88.166.193 - - [07/Mar/2021:08:59:22 +0800] "GET /favicon.ico HTTP/1.1" 404 -
116.224.253.72 - - [07/Mar/2021:08:59:29 +0800] "GET /xingrg/all/function/internal_message.html?_=1615078734301&CODE_STATE=getMsg HTTP/1.1" 200 27
101.227.139.171 - - [07/Mar/2021:08:59:32 +0800] "GET /xingrg/check_reg.html?_=1615078711446 HTTP/1.1" 302 -
116.224.253.72 - - [07/Mar/2021:08:59:32 +0800] "GET /xingrg/kc/buy/cgsh_order_operate.html?command=get_materiel&rest_code=00151&code=00101006013&supplier_code=00100096&order_time=2021-03-07 HTTP/1.1" 200 411
114.88.166.193 - - [07/Mar/2021:08:59:34 +0800] "POST /xingrg/login.do HTTP/1.1" 302 -
114.88.166.193 - - [07/Mar/2021:08:59:34 +0800] "GET /xingrg/javascript/jquery_easy_ui/themes/icon.css HTTP/1.1" 304 -
114.88.166.193 - - [07/Mar/2021:08:59:34 +0800] "GET /xingrg/javascript/jquery_easy_ui/themes/default/easyui.css HTTP/1.1" 304 -
114.88.166.193 - - [07/Mar/2021:08:59:34 +0800] "GET /xingrg/css/form.css HTTP/1.1" 304 -
114.88.166.193 - - [07/Mar/2021:08:59:34 +0800] "GET /xingrg/javascript/jquery_easy_ui/jquery.easyui.min.js HTTP/1.1" 304 -
114.88.166.193 - - [07/Mar/2021:08:59:34 +0800] "GET /xingrg/javascript/jquery-1.4.2.min.js HTTP/1.1" 304 -
114.88.166.193 - - [07/Mar/2021:08:59:34 +0800] "GET /xingrg/javascript/jquery.form.js HTTP/1.1" 304 -
114.88.166.193 - - [07/Mar/2021:08:59:34 +0800] "GET /xingrg/javascript/jquery.timers.js HTTP/1.1" 304 -
114.88.166.193 - - [07/Mar/2021:08:59:34 +0800] "GET /xingrg/javascript/jquery_easy_ui/easyui-lang-zh_CN.js HTTP/1.1" 304 -
114.88.166.193 - - [07/Mar/2021:08:59:34 +0800] "GET /xingrg/javascript/jquery.utils.js HTTP/1.1" 304 -
114.88.166.193 - - [07/Mar/2021:08:59:34 +0800] "GET /xingrg/index.html?sysBaseUrl=http%3A%2F%2F180.169.147.146%3A18081%2Fxingrg%2F&costTime=108×tamp=1615078774773 HTTP/1.1" 200 17173
114.88.166.193 - - [07/Mar/2021:08:59:34 +0800] "GET /favicon.ico HTTP/1.1" 404 -
114.88.166.193 - - [07/Mar/2021:08:59:35 +0800] "POST /xingrg/all/common/load_tree.html?tree=area_rest_tree_json&manage=1 HTTP/1.1" 200 342
114.88.166.193 - - [07/Mar/2021:08:59:35 +0800] "GET /xingrg/all/function/internal_message.html?_=1615078774749&CODE_STATE=count HTTP/1.1" 200 11
114.88.166.193 - - [07/Mar/2021:08:59:35 +0800] "GET /xingrg/check_reg.html?_=1615078774750 HTTP/1.1" 200 22
114.88.166.193 - - [07/Mar/2021:08:59:35 +0800] "POST /xingrg/load_menu.html HTTP/1.1" 200 5138
101.227.139.171 - - [07/Mar/2021:08:59:38 +0800] "GET /xingrg/login.html HTTP/1.1" 200 7641
114.88.166.193 - - [07/Mar/2021:08:59:39 +0800] "GET /xingrg/kc/buy/buy_main.html HTTP/1.1" 200 12412
114.88.166.193 - - [07/Mar/2021:08:59:39 +0800] "GET /xingrg/css/blue.css HTTP/1.1" 304 -
114.88.166.193 - - [07/Mar/2021:08:59:39 +0800] "GET /xingrg/css/new_ie.css HTTP/1.1" 404 1036
114.88.166.193 - - [07/Mar/2021:08:59:39 +0800] "GET /xingrg/javascript/pic_change.js HTTP/1.1" 304 -
114.88.166.193 - - [07/Mar/2021:08:59:39 +0800] "GET /xingrg/javascript/jquery_ui/themes/humanity/humanity.css HTTP/1.1" 304 -
114.88.166.193 - - [07/Mar/2021:08:59:39 +0800] "GET /xingrg/javascript/ToolTips.js HTTP/1.1" 304 -
114.88.166.193 - - [07/Mar/2021:08:59:39 +0800] "GET /xingrg/javascript/myfunction.js HTTP/1.1" 304 -
114.88.166.193 - - [07/Mar/2021:08:59:39 +0800] "GET /xingrg/javascript/jquery_ui/jquery-ui.min.js HTTP/1.1" 304 -
114.88.166.193 - - [07/Mar/2021:08:59:39 +0800] "GET /xingrg/images/blue/button/cgydd.gif HTTP/1.1" 304 -
114.88.166.193 - - [07/Mar/2021:08:59:39 +0800] "GET /xingrg/images/blue/button/cgxqd.gif HTTP/1.1" 304 -
114.88.166.193 - - [07/Mar/2021:08:59:39 +0800] "GET /xingrg/images/blue/button/kc.gif HTTP/1.1" 304 -
114.88.166.193 - - [07/Mar/2021:08:59:39 +0800] "GET /xingrg/images/blue/button/ckthd.gif HTTP/1.1" 304 -
114.88.166.193 - - [07/Mar/2021:08:59:39 +0800] "GET /xingrg/images/blue/button/cgshd.gif HTTP/1.1" 304 -
114.88.166.193 - - [07/Mar/2021:08:59:39 +0800] "GET /xingrg/images/blue/pic_form2.gif HTTP/1.1" 304 -
114.88.166.193 - - [07/Mar/2021:08:59:39 +0800] "GET /xingrg/images/blue/button/cgfkd.gif HTTP/1.1" 304 -
114.88.166.193 - - [07/Mar/2021:08:59:39 +0800] "GET /xingrg/images/blue/button/down_ah.jpg HTTP/1.1" 304 -
114.88.166.193 - - [07/Mar/2021:08:59:39 +0800] "GET /xingrg/images/blue/button/right_ah.jpg HTTP/1.1" 304 -
114.88.166.193 - - [07/Mar/2021:08:59:39 +0800] "GET /xingrg/images/blue/bg_dotted.jpg HTTP/1.1" 304 -
114.88.166.193 - - [07/Mar/2021:08:59:39 +0800] "GET /xingrg/javascript/jquery_ui/themes/humanity/images/ui-bg_inset-soft_100_f4f0ec_1x100.png HTTP/1.1" 304 -
114.88.166.193 - - [07/Mar/2021:08:59:39 +0800] "GET /xingrg/javascript/jquery_ui/themes/humanity/images/ui-iconsnew.jpg HTTP/1.1" 304 -
114.88.166.193 - - [07/Mar/2021:08:59:39 +0800] "GET /xingrg/javascript/jquery_ui/themes/humanity/images/ui-icons_c47a23_256x240.png HTTP/1.1" 304 -
114.88.166.193 - - [07/Mar/2021:08:59:39 +0800] "GET /xingrg/javascript/jquery_ui/themes/humanity/images/ui-bg_glass_70_ede4d4_1x400.png HTTP/1.1" 304 -
114.88.166.193 - - [07/Mar/2021:08:59:39 +0800] "GET /xingrg/javascript/jquery_ui/themes/humanity/images/ui-icons_ffffff_256x240.png HTTP/1.1" 304 -
114.88.166.193 - - [07/Mar/2021:08:59:39 +0800] "GET /xingrg/images/yd/bt.gif HTTP/1.1" 404 1040
114.88.166.193 - - [07/Mar/2021:08:59:40 +0800] "GET /xingrg/css/site.css HTTP/1.1" 304 -
114.88.166.193 - - [07/Mar/2021:08:59:40 +0800] "GET /xingrg/javascript/jquery_tools/datebox.css HTTP/1.1" 304 -
114.88.166.193 - - [07/Mar/2021:08:59:40 +0800] "GET /xingrg/css/base.css HTTP/1.1" 304 -
114.88.166.193 - - [07/Mar/2021:08:59:40 +0800] "GET /xingrg/javascript/easyui/themes/icon.css HTTP/1.1" 304 -
114.88.166.193 - - [07/Mar/2021:08:59:40 +0800] "GET /xingrg/javascript/auto/jquery.autocomplete.css HTTP/1.1" 304 -
114.88.166.193 - - [07/Mar/2021:08:59:40 +0800] "GET /xingrg/javascript/easyui/themes/default/easyui.css HTTP/1.1" 304 -
114.88.166.193 - - [07/Mar/2021:08:59:40 +0800] "GET /xingrg/javascript/jquery_tools/fix.css HTTP/1.1" 304 -
114.88.166.193 - - [07/Mar/2021:08:59:40 +0800] "GET /xingrg/javascript/jquery_tools/table.css HTTP/1.1" 304 -
114.88.166.193 - - [07/Mar/2021:08:59:40 +0800] "GET /xingrg/javascript/jquery_tools/jquery.tools.extend.js HTTP/1.1" 304 -
114.88.166.193 - - [07/Mar/2021:08:59:40 +0800] "GET /xingrg/javascript/jquery_tools/jquery.tools.table.js HTTP/1.1" 304 -
114.88.166.193 - - [07/Mar/2021:08:59:40 +0800] "GET /xingrg/javascript/jquery_tools/jquery.tools.hotkey.js HTTP/1.1" 304 -
114.88.166.193 - - [07/Mar/2021:08:59:40 +0800] "GET /xingrg/javascript/jquery.cookie.js HTTP/1.1" 304 -
114.88.166.193 - - [07/Mar/2021:08:59:40 +0800] "GET /xingrg/javascript/auto/jquery.autocomplete.js HTTP/1.1" 304 -
114.88.166.193 - - [07/Mar/2021:08:59:40 +0800] "GET /xingrg/javascript/easyui/easyloader.js HTTP/1.1" 304 -
114.88.166.193 - - [07/Mar/2021:08:59:40 +0800] "GET /xingrg/javascript/jquery_tools/list_manager.js HTTP/1.1" 304 -
114.88.166.193 - - [07/Mar/2021:08:59:40 +0800] "GET /xingrg/javascript/print/LodopFuncs.js HTTP/1.1" 304 -
114.88.166.193 - - [07/Mar/2021:08:59:40 +0800] "GET /xingrg/javascript/jquery_tools/jquery.tools.min.js HTTP/1.1" 304 -
222.69.137.90 - - [07/Mar/2021:08:59:40 +0800] "GET /xingrg/all/function/internal_message.html?_=1615078779231&CODE_STATE=getMsg HTTP/1.1" 200 27
114.88.166.193 - - [07/Mar/2021:08:59:40 +0800] "GET /xingrg/kc/buy/cgsh_order_list.html HTTP/1.1" 200 46366
114.88.166.193 - - [07/Mar/2021:08:59:41 +0800] "GET /xingrg/javascript/easyui/plugins/jquery.parser.js HTTP/1.1" 304 -
116.224.253.72 - - [07/Mar/2021:08:59:44 +0800] "GET /xingrg/kc/buy/cgsh_order_operate.html?command=get_materiel&rest_code=00151&code=00101012070&supplier_code=00100096&order_time=2021-03-07 HTTP/1.1" 200 398
116.224.253.72 - - [07/Mar/2021:08:59:50 +0800] "GET /xingrg/kc/buy/cgsh_order_operate.html?command=get_materiel&rest_code=00151&code=00101012059&supplier_code=00100096&order_time=2021-03-07 HTTP/1.1" 200 413
101.228.165.174 - - [07/Mar/2021:08:59:55 +0800] "GET /xingrg/all/function/internal_message.html?_=1615078822726&CODE_STATE=getMsg HTTP/1.1" 200 27
116.224.253.72 - - [07/Mar/2021:08:59:56 +0800] "GET /xingrg/kc/buy/cgsh_order_operate.html?command=get_materiel&rest_code=00151&code=00101001075&supplier_code=00100096&order_time=2021-03-07 HTTP/1.1" 200 411
58.40.7.146 - - [07/Mar/2021:08:59:59 +0800] "GET /xingrg/all/function/internal_message.html?_=1615078799573&CODE_STATE=getMsg HTTP/1.1" 200 27
101.228.165.174 - - [07/Mar/2021:09:00:00 +0800] "GET /xingrg/all/function/internal_message.html?_=1615078800701&CODE_STATE=getMsg HTTP/1.1" 200 27
120.253.135.82 - - [07/Mar/2021:09:00:03 +0800] "GET /xingrg/all/function/internal_message.html?_=1615078808523&CODE_STATE=getMsg HTTP/1.1" 200 27
58.37.230.33 - - [07/Mar/2021:09:00:06 +0800] "GET /xingrg/all/function/internal_message.html?_=1615078807389&CODE_STATE=getMsg HTTP/1.1" 200 27
222.70.216.220 - - [07/Mar/2021:09:00:11 +0800] "GET /xingrg/check_reg.html?_=1615078809513 HTTP/1.1" 200 22
180.169.147.146 - - [07/Mar/2021:09:00:14 +0800] "GET /xingrg/all/function/internal_message.html?_=1615078807154&CODE_STATE=getMsg HTTP/1.1" 200 27
222.70.216.220 - - [07/Mar/2021:09:00:15 +0800] "GET /xingrg/all/function/internal_message.html?_=1615078814160&CODE_STATE=getMsg HTTP/1.1" 200 27
58.40.7.146 - - [07/Mar/2021:09:00:17 +0800] "GET /xingrg/all/function/internal_message.html?_=1615078817051&CODE_STATE=getMsg HTTP/1.1" 200 27
116.224.253.72 - - [07/Mar/2021:09:00:20 +0800] "GET /xingrg/all/function/internal_message.html?_=1615078823174&CODE_STATE=getMsg HTTP/1.1" 200 27
222.70.216.220 - - [07/Mar/2021:09:00:20 +0800] "GET /xingrg/all/function/internal_message.html?_=1615078819015&CODE_STATE=getMsg HTTP/1.1" 200 27
114.88.166.193 - - [07/Mar/2021:09:00:26 +0800] "POST /xingrg/kc/buy/cgsh_list_operate.html HTTP/1.1" 200 5235
116.224.253.72 - - [07/Mar/2021:09:00:29 +0800] "GET /xingrg/all/function/internal_message.html?_=1615078794388&CODE_STATE=getMsg HTTP/1.1" 200 27
114.88.166.193 - - [07/Mar/2021:09:00:32 +0800] "GET /xingrg/javascript/easyui/themes/default/images/button_plain_hover.png HTTP/1.1" 304 -
116.224.253.72 - - [07/Mar/2021:09:00:33 +0800] "POST /xingrg/kc/buy/cgsh_order_operate.html HTTP/1.1" 200 37
58.37.192.63 - - [07/Mar/2021:09:00:34 +0800] "POST /xingrg/services/DataTransmitService HTTP/1.1" 200 524
114.88.166.193 - - [07/Mar/2021:09:00:35 +0800] "GET /xingrg/all/function/internal_message.html?_=1615078834761&CODE_STATE=getMsg HTTP/1.1" 200 27
58.37.192.63 - - [07/Mar/2021:09:00:35 +0800] "POST /xingrg/services/DataTransmitService HTTP/1.1" 200 2231
116.224.253.72 - - [07/Mar/2021:09:00:39 +0800] "POST /xingrg/kc/buy/cgsh_order_operate.html HTTP/1.1" 200 12
222.69.137.90 - - [07/Mar/2021:09:00:40 +0800] "GET /xingrg/check_reg.html?_=1615078839242 HTTP/1.1" 200 22
222.69.137.90 - - [07/Mar/2021:09:00:40 +0800] "GET /xingrg/all/function/internal_message.html?_=1615078839247&CODE_STATE=getMsg HTTP/1.1" 200 27
116.224.253.72 - - [07/Mar/2021:09:00:41 +0800] "GET /xingrg/kc/buy/cgsh_order_info.html?code=212021030702636 HTTP/1.1" 200 56638
116.224.253.72 - - [07/Mar/2021:09:00:42 +0800] "GET /xingrg/javascript/easyui/themes/default/validatebox.css HTTP/1.1" 404 1104
116.224.253.72 - - [07/Mar/2021:09:00:43 +0800] "POST /xingrg/kc/buy/cgsh_order_operate.html HTTP/1.1" 200 6606
120.253.135.82 - - [07/Mar/2021:09:00:46 +0800] "GET /xingrg/check_reg.html?_=1615078851517 HTTP/1.1" 200 22
101.228.165.174 - - [07/Mar/2021:09:00:55 +0800] "GET /xingrg/all/function/internal_message.html?_=1615078882800&CODE_STATE=getMsg HTTP/1.1" 200 27
116.224.253.72 - - [07/Mar/2021:09:00:56 +0800] "GET /xingrg/kc/print/load_data.html?order_code=212021030702636&kc_code=cgsh&condition= HTTP/1.1" 200 3009
58.40.7.146 - - [07/Mar/2021:09:00:59 +0800] "GET /xingrg/all/function/internal_message.html?_=1615078859573&CODE_STATE=getMsg HTTP/1.1" 200 27
101.228.165.174 - - [07/Mar/2021:09:01:00 +0800] "GET /xingrg/all/function/internal_message.html?_=1615078860699&CODE_STATE=getMsg HTTP/1.1" 200 27
61.165.42.208 - - [07/Mar/2021:09:01:01 +0800] "GET /favicon.ico HTTP/1.1" 404 -
61.165.42.208 - - [07/Mar/2021:09:01:02 +0800] "GET /xingrg/index.html?sysBaseUrl=http%3A%2F%2F180.169.147.146%3A18081%2Fxingrg%2F&costTime=36×tamp=1585223203754 HTTP/1.1" 302 -
61.165.42.208 - - [07/Mar/2021:09:01:02 +0800] "GET /xingrg/login.html HTTP/1.1" 200 7641
61.165.42.208 - - [07/Mar/2021:09:01:03 +0800] "GET /favicon.ico HTTP/1.1" 404 -
120.253.135.82 - - [07/Mar/2021:09:01:03 +0800] "GET /xingrg/all/function/internal_message.html?_=1615078868527&CODE_STATE=getMsg HTTP/1.1" 200 27
116.224.253.72 - - [07/Mar/2021:09:01:05 +0800] "GET /xingrg/kc/buy/cgsh_order_add.html HTTP/1.1" 200 61746
58.37.230.33 - - [07/Mar/2021:09:01:06 +0800] "GET /xingrg/all/function/internal_message.html?_=1615078867365&CODE_STATE=getMsg HTTP/1.1" 200 27
116.224.253.72 - - [07/Mar/2021:09:01:06 +0800] "POST /xingrg/kc/buy/cgsh_order_operate.html HTTP/1.1" 200 8245
116.224.253.72 - - [07/Mar/2021:09:01:06 +0800] "GET /xingrg/javascript/easyui/themes/default/validatebox.css HTTP/1.1" 404 1104
61.165.42.208 - - [07/Mar/2021:09:01:07 +0800] "POST /xingrg/login.do HTTP/1.1" 200 2421
61.165.42.208 - - [07/Mar/2021:09:01:07 +0800] "GET /favicon.ico HTTP/1.1" 404 -
61.165.42.208 - - [07/Mar/2021:09:01:08 +0800] "GET /xingrg/login.html HTTP/1.1" 200 7641
61.165.42.208 - - [07/Mar/2021:09:01:08 +0800] "GET /favicon.ico HTTP/1.1" 404 -
114.88.166.193 - - [07/Mar/2021:09:01:09 +0800] "POST /xingrg/kc/buy/cgsh_list_operate.html HTTP/1.1" 200 4
61.165.42.208 - - [07/Mar/2021:09:01:09 +0800] "POST /xingrg/login.do HTTP/1.1" 302 -
61.165.42.208 - - [07/Mar/2021:09:01:09 +0800] "GET /xingrg/index.html?sysBaseUrl=http%3A%2F%2F180.169.147.146%3A18081%2Fxingrg%2F&costTime=115×tamp=1615078869616 HTTP/1.1" 200 17173
61.165.42.208 - - [07/Mar/2021:09:01:09 +0800] "POST /xingrg/all/common/load_tree.html?tree=area_rest_tree_json&manage=1 HTTP/1.1" 200 3344
61.165.42.208 - - [07/Mar/2021:09:01:09 +0800] "GET /xingrg/check_reg.html?_=1615078869556 HTTP/1.1" 200 22
61.165.42.208 - - [07/Mar/2021:09:01:09 +0800] "GET /xingrg/all/function/internal_message.html?_=1615078869555&CODE_STATE=count HTTP/1.1" 200 11
61.165.42.208 - - [07/Mar/2021:09:01:09 +0800] "POST /xingrg/load_menu.html HTTP/1.1" 200 5138
61.165.42.208 - - [07/Mar/2021:09:01:09 +0800] "GET /favicon.ico HTTP/1.1" 404 -
61.129.6.145 - - [07/Mar/2021:09:01:11 +0800] "GET /xingrg/all/function/internal_message.html?_=1615078807389&CODE_STATE=getMsg HTTP/1.1" 302 -
61.165.42.208 - - [07/Mar/2021:09:01:12 +0800] "GET /xingrg/kc/buy/cgsh_order_list.html HTTP/1.1" 200 46366
61.165.42.208 - - [07/Mar/2021:09:01:14 +0800] "POST /xingrg/kc/buy/cgsh_list_operate.html HTTP/1.1" 200 876
180.169.147.146 - - [07/Mar/2021:09:01:14 +0800] "GET /xingrg/all/function/internal_message.html?_=1615078867154&CODE_STATE=getMsg HTTP/1.1" 200 27
61.165.42.208 - - [07/Mar/2021:09:01:14 +0800] "GET /xingrg/kc/buy/cgsh_order_add.html HTTP/1.1" 200 62151
61.165.42.208 - - [07/Mar/2021:09:01:14 +0800] "GET /xingrg/words/20210306104059_words.js HTTP/1.1" 304 -
61.165.42.208 - - [07/Mar/2021:09:01:14 +0800] "POST /xingrg/kc/buy/cgsh_order_operate.html HTTP/1.1" 200 8245
61.165.42.208 - - [07/Mar/2021:09:01:14 +0800] "GET /xingrg/javascript/easyui/themes/default/validatebox.css HTTP/1.1" 404 1104
61.165.42.208 - - [07/Mar/2021:09:01:14 +0800] "GET /xingrg/all/common/auto_word.html?type=employee&rest_code=00105 HTTP/1.1" 200 193
61.165.42.208 - - [07/Mar/2021:09:01:15 +0800] "GET /xingrg/all/common/auto_word.html?type=employee&rest_code=00105 HTTP/1.1" 200 193
222.70.216.220 - - [07/Mar/2021:09:01:15 +0800] "GET /xingrg/all/function/internal_message.html?_=1615078874147&CODE_STATE=getMsg HTTP/1.1" 200 27
58.40.7.146 - - [07/Mar/2021:09:01:17 +0800] "GET /xingrg/all/function/internal_message.html?_=1615078877053&CODE_STATE=getMsg HTTP/1.1" 200 27
61.129.6.145 - - [07/Mar/2021:09:01:18 +0800] "GET /xingrg/login.html HTTP/1.1" 200 7641
116.224.253.72 - - [07/Mar/2021:09:01:20 +0800] "GET /xingrg/check_reg.html?_=1615078883176 HTTP/1.1" 200 22
116.224.253.72 - - [07/Mar/2021:09:01:20 +0800] "GET /xingrg/all/function/internal_message.html?_=1615078883181&CODE_STATE=getMsg HTTP/1.1" 200 27
222.70.216.220 - - [07/Mar/2021:09:01:20 +0800] "GET /xingrg/all/function/internal_message.html?_=1615078878988&CODE_STATE=getMsg HTTP/1.1" 200 27
61.165.42.208 - - [07/Mar/2021:09:01:20 +0800] "GET /xingrg/javascript/auto/indicator.gif HTTP/1.1" 404 1066
116.224.253.72 - - [07/Mar/2021:09:01:27 +0800] "GET /xingrg/kc/buy/cgsh_order_operate.html?command=get_materiel&rest_code=00151&code=00101009053&supplier_code=00100424&order_time=2021-03-07 HTTP/1.1" 200 411
116.224.253.72 - - [07/Mar/2021:09:01:29 +0800] "GET /xingrg/all/function/internal_message.html?_=1615078854390&CODE_STATE=getMsg HTTP/1.1" 200 27
114.88.166.193 - - [07/Mar/2021:09:01:35 +0800] "GET /xingrg/all/function/internal_message.html?_=1615078894779&CODE_STATE=getMsg HTTP/1.1" 200 27
116.224.253.72 - - [07/Mar/2021:09:01:36 +0800] "POST /xingrg/kc/buy/cgsh_order_operate.html HTTP/1.1" 200 37
116.224.253.72 - - [07/Mar/2021:09:01:38 +0800] "POST /xingrg/kc/buy/cgsh_order_operate.html HTTP/1.1" 200 2664
116.224.253.72 - - [07/Mar/2021:09:01:39 +0800] "GET /xingrg/kc/buy/cgsh_order_add.html HTTP/1.1" 200 61746
116.224.253.72 - - [07/Mar/2021:09:01:39 +0800] "POST /xingrg/kc/buy/cgsh_order_operate.html HTTP/1.1" 200 8245
116.224.253.72 - - [07/Mar/2021:09:01:39 +0800] "GET /xingrg/javascript/easyui/themes/default/validatebox.css HTTP/1.1" 404 1104
222.69.137.90 - - [07/Mar/2021:09:01:40 +0800] "GET /xingrg/all/function/internal_message.html?_=1615078899234&CODE_STATE=getMsg HTTP/1.1" 200 27
180.174.195.252 - - [07/Mar/2021:09:01:43 +0800] "GET /xingrg/check_reg.html?_=1615079164159 HTTP/1.1" 302 -
114.88.166.193 - - [07/Mar/2021:09:01:44 +0800] "POST /xingrg/kc/buy/cgsh_list_operate.html HTTP/1.1" 200 5216
116.224.253.72 - - [07/Mar/2021:09:01:48 +0800] "GET /xingrg/kc/buy/cgsh_order_operate.html?command=get_materiel&rest_code=00151&code=00101016038&supplier_code=00100007&order_time=2021-03-07 HTTP/1.1" 200 408
61.165.42.208 - - [07/Mar/2021:09:01:51 +0800] "GET /xingrg/kc/buy/cgsh_order_operate.html?command=get_materiel&rest_code=00105&code=00101006120&supplier_code=00100002&order_time=2021-03-07 HTTP/1.1" 200 429
101.228.165.174 - - [07/Mar/2021:09:01:55 +0800] "GET /xingrg/all/function/internal_message.html?_=1615078942800&CODE_STATE=getMsg HTTP/1.1" 200 27
116.224.253.72 - - [07/Mar/2021:09:01:58 +0800] "GET /xingrg/kc/buy/cgsh_order_operate.html?command=get_materiel&rest_code=00151&code=00101008323&supplier_code=00100007&order_time=2021-03-07 HTTP/1.1" 200 408
58.40.7.146 - - [07/Mar/2021:09:01:59 +0800] "GET /xingrg/all/function/internal_message.html?_=1615078919577&CODE_STATE=getMsg HTTP/1.1" 200 27
101.228.165.174 - - [07/Mar/2021:09:02:00 +0800] "GET /xingrg/all/function/internal_message.html?_=1615078920700&CODE_STATE=getMsg HTTP/1.1" 200 27
120.253.135.82 - - [07/Mar/2021:09:02:03 +0800] "GET /xingrg/all/function/internal_message.html?_=1615078928541&CODE_STATE=getMsg HTTP/1.1" 200 27
116.224.253.72 - - [07/Mar/2021:09:02:04 +0800] "GET /xingrg/kc/buy/cgsh_order_operate.html?command=get_materiel&rest_code=00151&code=00101008257&supplier_code=00100007&order_time=2021-03-07 HTTP/1.1" 200 416
117.184.7.26 - - [07/Mar/2021:09:02:05 +0800] "POST /xingrg/services/DataTransmitService HTTP/1.1" 200 524
58.37.230.33 - - [07/Mar/2021:09:02:06 +0800] "GET /xingrg/all/function/internal_message.html?_=1615078927348&CODE_STATE=getMsg HTTP/1.1" 200 27
117.184.7.26 - - [07/Mar/2021:09:02:06 +0800] "POST /xingrg/services/DataTransmitService HTTP/1.1" 200 501
61.165.42.208 - - [07/Mar/2021:09:02:09 +0800] "GET /xingrg/all/function/internal_message.html?_=1615078929601&CODE_STATE=getMsg HTTP/1.1" 200 27
116.224.253.72 - - [07/Mar/2021:09:02:10 +0800] "GET /xingrg/kc/buy/cgsh_order_operate.html?command=get_materiel&rest_code=00151&code=00101008083&supplier_code=00100007&order_time=2021-03-07 HTTP/1.1" 200 427
116.224.253.72 - - [07/Mar/2021:09:02:12 +0800] "POST /xingrg/all/common/load_select.html HTTP/1.1" 200 25
180.169.147.146 - - [07/Mar/2021:09:02:14 +0800] "GET /xingrg/all/function/internal_message.html?_=1615078927153&CODE_STATE=getMsg HTTP/1.1" 200 27
180.169.147.146 - - [07/Mar/2021:09:02:14 +0800] "GET /xingrg/check_reg.html?_=1615078927154 HTTP/1.1" 200 22
61.165.42.208 - - [07/Mar/2021:09:02:15 +0800] "GET /xingrg/kc/buy/cgsh_order_operate.html?command=get_materiel&rest_code=00105&code=00101006106&supplier_code=00100002&order_time=2021-03-07 HTTP/1.1" 200 421
222.70.216.220 - - [07/Mar/2021:09:02:15 +0800] "GET /xingrg/all/function/internal_message.html?_=1615078934150&CODE_STATE=getMsg HTTP/1.1" 200 27
116.224.253.72 - - [07/Mar/2021:09:02:16 +0800] "GET /xingrg/kc/buy/cgsh_order_operate.html?command=get_materiel_price&rest_code=00151&code=00101008083&unit_code=00100026&supplier_code=00100007&order_time=2021-03-07 HTTP/1.1" 200 27
58.40.7.146 - - [07/Mar/2021:09:02:17 +0800] "GET /xingrg/all/function/internal_message.html?_=1615078937057&CODE_STATE=getMsg HTTP/1.1" 200 27
61.151.207.141 - - [07/Mar/2021:09:02:18 +0800] "GET /xingrg/all/function/internal_message.html?_=1615078867365&CODE_STATE=getMsg HTTP/1.1" 302 -
116.224.253.72 - - [07/Mar/2021:09:02:20 +0800] "GET /xingrg/all/function/internal_message.html?_=1615078943172&CODE_STATE=getMsg HTTP/1.1" 200 27
222.70.216.220 - - [07/Mar/2021:09:02:20 +0800] "GET /xingrg/all/function/internal_message.html?_=1615078938973&CODE_STATE=getMsg HTTP/1.1" 200 27
116.224.253.72 - - [07/Mar/2021:09:02:23 +0800] "GET /xingrg/kc/buy/cgsh_order_operate.html?command=get_materiel&rest_code=00151&code=00101008234&supplier_code=00100007&order_time=2021-03-07 HTTP/1.1" 200 408
61.151.207.141 - - [07/Mar/2021:09:02:25 +0800] "GET /xingrg/login.html HTTP/1.1" 200 7641
61.165.42.208 - - [07/Mar/2021:09:02:27 +0800] "POST /xingrg/kc/buy/cgsh_order_operate.html HTTP/1.1" 200 37
114.88.166.193 - - [07/Mar/2021:09:02:27 +0800] "POST /xingrg/kc/buy/cgsh_list_operate.html HTTP/1.1" 200 4
61.165.42.208 - - [07/Mar/2021:09:02:28 +0800] "POST /xingrg/kc/buy/cgsh_order_operate.html HTTP/1.1" 200 3270
61.165.42.208 - - [07/Mar/2021:09:02:29 +0800] "GET /xingrg/kc/print/load_config.html?kc_code=cgsh HTTP/1.1" 200 1845
116.224.253.72 - - [07/Mar/2021:09:02:29 +0800] "GET /xingrg/all/function/internal_message.html?_=1615078914467&CODE_STATE=getMsg HTTP/1.1" 200 27
61.165.42.208 - - [07/Mar/2021:09:02:30 +0800] "GET /xingrg/kc/print/load_data.html?order_code=212021030702638&kc_code=cgsh&condition= HTTP/1.1" 200 986
116.224.253.72 - - [07/Mar/2021:09:02:30 +0800] "GET /xingrg/kc/buy/cgsh_order_operate.html?command=get_materiel&rest_code=00151&code=00101008318&supplier_code=00100007&order_time=2021-03-07 HTTP/1.1" 200 408
116.224.253.72 - - [07/Mar/2021:09:02:36 +0800] "GET /xingrg/kc/buy/cgsh_order_operate.html?command=get_materiel&rest_code=00151&code=00101016080&supplier_code=00100007&order_time=2021-03-07 HTTP/1.1" 200 408
222.69.137.90 - - [07/Mar/2021:09:02:40 +0800] "GET /xingrg/all/function/internal_message.html?_=1615078959235&CODE_STATE=getMsg HTTP/1.1" 200 27
116.224.253.72 - - [07/Mar/2021:09:02:42 +0800] "GET /xingrg/kc/buy/cgsh_order_operate.html?command=get_materiel&rest_code=00151&code=00101016051&supplier_code=00100007&order_time=2021-03-07 HTTP/1.1" 200 408
61.165.42.208 - - [07/Mar/2021:09:02:43 +0800] "POST /xingrg/kc/buy/cgsh_order_operate.html HTTP/1.1" 200 37
61.165.42.208 - - [07/Mar/2021:09:02:44 +0800] "POST /xingrg/kc/buy/cgsh_order_operate.html HTTP/1.1" 200 3270
61.165.42.208 - - [07/Mar/2021:09:02:46 +0800] "GET /xingrg/index.html?sysBaseUrl=http%3A%2F%2F180.169.147.146%3A18081%2Fxingrg%2F&costTime=36×tamp=1585222720700 HTTP/1.1" 200 17173
61.165.42.208 - - [07/Mar/2021:09:02:46 +0800] "POST /xingrg/all/common/load_tree.html?tree=area_rest_tree_json&manage=1 HTTP/1.1" 200 3344
61.165.42.208 - - [07/Mar/2021:09:02:46 +0800] "GET /xingrg/check_reg.html?_=1615078966628 HTTP/1.1" 200 22
61.165.42.208 - - [07/Mar/2021:09:02:46 +0800] "GET /xingrg/all/function/internal_message.html?_=1615078966627&CODE_STATE=count HTTP/1.1" 200 11
61.165.42.208 - - [07/Mar/2021:09:02:46 +0800] "POST /xingrg/load_menu.html HTTP/1.1" 200 5138
61.165.42.208 - - [07/Mar/2021:09:02:47 +0800] "GET /favicon.ico HTTP/1.1" 404 -
116.224.253.72 - - [07/Mar/2021:09:02:48 +0800] "GET /xingrg/kc/buy/cgsh_order_operate.html?command=get_materiel&rest_code=00151&code=00101008354&supplier_code=00100007&order_time=2021-03-07 HTTP/1.1" 200 412
61.165.42.208 - - [07/Mar/2021:09:02:49 +0800] "GET /xingrg/kc/buy/cgsh_order_list.html HTTP/1.1" 200 46366
61.165.42.208 - - [07/Mar/2021:09:02:51 +0800] "POST /xingrg/kc/buy/cgsh_list_operate.html HTTP/1.1" 200 1688
58.37.192.63 - - [07/Mar/2021:09:02:52 +0800] "POST /xingrg/services/DataTransmitService HTTP/1.1" 200 524
58.37.192.63 - - [07/Mar/2021:09:02:52 +0800] "POST /xingrg/services/DataTransmitService HTTP/1.1" 200 2231
61.165.42.208 - - [07/Mar/2021:09:02:54 +0800] "POST /xingrg/kc/buy/cgsh_list_operate.html HTTP/1.1" 200 286
61.165.42.208 - - [07/Mar/2021:09:02:54 +0800] "GET /xingrg/kc/buy/cgsh_order_info.html?code=212021030702638 HTTP/1.1" 200 62160
114.88.166.193 - - [07/Mar/2021:09:02:54 +0800] "POST /xingrg/kc/buy/cgsh_list_operate.html HTTP/1.1" 200 5189
61.165.42.208 - - [07/Mar/2021:09:02:54 +0800] "GET /xingrg/all/common/auto_word.html?type=employee&rest_code=00105 HTTP/1.1" 200 193
61.165.42.208 - - [07/Mar/2021:09:02:54 +0800] "GET /xingrg/all/common/auto_word.html?type=employee&rest_code=00105 HTTP/1.1" 200 193
61.165.42.208 - - [07/Mar/2021:09:02:54 +0800] "GET /xingrg/javascript/easyui/themes/default/validatebox.css HTTP/1.1" 404 1104
61.165.42.208 - - [07/Mar/2021:09:02:55 +0800] "POST /xingrg/kc/buy/cgsh_order_operate.html HTTP/1.1" 200 3270
101.228.165.174 - - [07/Mar/2021:09:02:55 +0800] "GET /xingrg/all/function/internal_message.html?_=1615079002860&CODE_STATE=getMsg HTTP/1.1" 200 27
116.224.253.72 - - [07/Mar/2021:09:02:56 +0800] "GET /xingrg/kc/buy/cgsh_order_operate.html?command=get_materiel&rest_code=00151&code=00101008095&supplier_code=00100007&order_time=2021-03-07 HTTP/1.1" 200 413
61.165.42.208 - - [07/Mar/2021:09:02:56 +0800] "GET /xingrg/kc/print/load_config.html?kc_code=cgsh HTTP/1.1" 200 1845
61.165.42.208 - - [07/Mar/2021:09:02:56 +0800] "GET /xingrg/kc/print/load_data.html?order_code=212021030702638&kc_code=cgsh&condition= HTTP/1.1" 200 1004
58.40.7.146 - - [07/Mar/2021:09:02:59 +0800] "GET /xingrg/all/function/internal_message.html?_=1615078979581&CODE_STATE=getMsg HTTP/1.1" 200 27
101.228.165.174 - - [07/Mar/2021:09:03:00 +0800] "GET /xingrg/all/function/internal_message.html?_=1615078980700&CODE_STATE=getMsg HTTP/1.1" 200 27
