222.69.137.90 - - [07/Mar/2021:10:04:40 +0800] "GET /xingrg/all/function/internal_message.html?_=1615082679336&CODE_STATE=getMsg HTTP/1.1" 200 27
180.174.195.252 - - [07/Mar/2021:10:04:41 +0800] "GET /xingrg/all/function/internal_message.html?_=1615082941410&CODE_STATE=getMsg HTTP/1.1" 200 27
117.185.32.26 - - [07/Mar/2021:10:04:44 +0800] "GET /xingrg/check_reg.html?_=1615083186958 HTTP/1.1" 200 22
117.185.32.26 - - [07/Mar/2021:10:04:44 +0800] "GET /xingrg/all/function/internal_message.html?_=1615083186960&CODE_STATE=getMsg HTTP/1.1" 200 27
61.165.42.208 - - [07/Mar/2021:10:04:45 +0800] "GET /xingrg/all/function/internal_message.html?_=1615082685664&CODE_STATE=getMsg HTTP/1.1" 200 27
180.169.147.146 - - [07/Mar/2021:10:04:46 +0800] "GET /xingrg/all/function/internal_message.html?_=1615082686386&CODE_STATE=getMsg HTTP/1.1" 200 27
180.169.147.146 - - [07/Mar/2021:10:04:46 +0800] "GET /xingrg/check_reg.html?_=1615082686389 HTTP/1.1" 200 22
180.169.147.146 - - [07/Mar/2021:10:04:48 +0800] "GET /xingrg/all/function/internal_message.html?_=1615082680692&CODE_STATE=getMsg HTTP/1.1" 200 27
180.169.147.146 - - [07/Mar/2021:10:04:52 +0800] "GET /xingrg/all/function/internal_message.html?_=1615082686320&CODE_STATE=getMsg HTTP/1.1" 200 27
222.69.143.194 - - [07/Mar/2021:10:04:54 +0800] "GET /xingrg/all/function/internal_message.html?_=1615082697293&CODE_STATE=getMsg HTTP/1.1" 200 27
116.224.253.72 - - [07/Mar/2021:10:04:55 +0800] "GET /xingrg/all/function/internal_message.html?_=1615082697797&CODE_STATE=getMsg HTTP/1.1" 200 27
101.228.165.174 - - [07/Mar/2021:10:04:58 +0800] "GET /xingrg/all/function/internal_message.html?_=1615082725855&CODE_STATE=getMsg HTTP/1.1" 200 27
58.40.7.146 - - [07/Mar/2021:10:04:59 +0800] "GET /xingrg/all/function/internal_message.html?_=1615082699619&CODE_STATE=getMsg HTTP/1.1" 200 27
101.228.165.174 - - [07/Mar/2021:10:05:00 +0800] "GET /xingrg/all/function/internal_message.html?_=1615082700780&CODE_STATE=getMsg HTTP/1.1" 200 27
114.88.166.193 - - [07/Mar/2021:10:05:03 +0800] "GET /xingrg/all/function/internal_message.html?_=1615082703538&CODE_STATE=getMsg HTTP/1.1" 200 27
58.37.230.33 - - [07/Mar/2021:10:05:04 +0800] "GET /xingrg/all/function/internal_message.html?_=1615082705950&CODE_STATE=getMsg HTTP/1.1" 200 27
120.253.135.82 - - [07/Mar/2021:10:05:05 +0800] "GET /xingrg/all/function/internal_message.html?_=1615082709967&CODE_STATE=getMsg HTTP/1.1" 200 27
222.70.216.220 - - [07/Mar/2021:10:05:11 +0800] "GET /xingrg/check_reg.html?_=1615082709221 HTTP/1.1" 200 22
180.169.147.146 - - [07/Mar/2021:10:05:14 +0800] "GET /xingrg/all/function/internal_message.html?_=1615082707207&CODE_STATE=getMsg HTTP/1.1" 200 27
222.70.216.220 - - [07/Mar/2021:10:05:15 +0800] "GET /xingrg/all/function/internal_message.html?_=1615082714150&CODE_STATE=getMsg HTTP/1.1" 200 27
116.232.51.165 - - [07/Mar/2021:10:05:16 +0800] "GET /xingrg/all/function/internal_message.html?_=1615082716550&CODE_STATE=getMsg HTTP/1.1" 200 27
58.40.7.146 - - [07/Mar/2021:10:05:17 +0800] "GET /xingrg/all/function/internal_message.html?_=1615082717079&CODE_STATE=getMsg HTTP/1.1" 200 27
116.224.253.72 - - [07/Mar/2021:10:05:18 +0800] "GET /xingrg/kc/buy/cgsh_order_list.html HTTP/1.1" 200 46370
58.37.192.63 - - [07/Mar/2021:10:05:18 +0800] "GET /xingrg/all/function/internal_message.html?_=1615082717872&CODE_STATE=getMsg HTTP/1.1" 200 27
222.70.216.220 - - [07/Mar/2021:10:05:19 +0800] "GET /xingrg/all/function/internal_message.html?_=1615082717413&CODE_STATE=getMsg HTTP/1.1" 200 27
117.184.7.26 - - [07/Mar/2021:10:05:20 +0800] "GET /xingrg/all/function/internal_message.html?_=1615082719724&CODE_STATE=getMsg HTTP/1.1" 200 27
116.224.253.72 - - [07/Mar/2021:10:05:20 +0800] "POST /xingrg/kc/buy/cgsh_list_operate.html HTTP/1.1" 200 2049
116.224.253.72 - - [07/Mar/2021:10:05:23 +0800] "POST /xingrg/kc/buy/cgsh_list_operate.html HTTP/1.1" 200 197
116.224.253.72 - - [07/Mar/2021:10:05:24 +0800] "GET /xingrg/kc/buy/cgsh_order_info.html?code=212021030702637 HTTP/1.1" 200 61755
116.224.253.72 - - [07/Mar/2021:10:05:25 +0800] "GET /xingrg/javascript/easyui/themes/default/validatebox.css HTTP/1.1" 404 1104
116.224.253.72 - - [07/Mar/2021:10:05:25 +0800] "POST /xingrg/kc/buy/cgsh_order_operate.html HTTP/1.1" 200 2660
180.174.195.252 - - [07/Mar/2021:10:05:27 +0800] "GET /xingrg/kc/buy/cgsh_order_operate.html?command=get_materiel&rest_code=00102&code=00101008209&supplier_code=00100151&order_time=2021-03-07 HTTP/1.1" 200 408
116.224.253.72 - - [07/Mar/2021:10:05:32 +0800] "GET /xingrg/all/function/internal_message.html?_=1615082696753&CODE_STATE=getMsg HTTP/1.1" 200 27
117.184.7.26 - - [07/Mar/2021:10:05:35 +0800] "POST /xingrg/kc/buy/cgsh_order_operate.html HTTP/1.1" 200 37
117.184.7.26 - - [07/Mar/2021:10:05:39 +0800] "POST /xingrg/kc/buy/cgsh_order_operate.html HTTP/1.1" 200 26331
222.69.137.90 - - [07/Mar/2021:10:05:40 +0800] "GET /xingrg/all/function/internal_message.html?_=1615082739335&CODE_STATE=getMsg HTTP/1.1" 200 27
222.69.137.90 - - [07/Mar/2021:10:05:40 +0800] "GET /xingrg/check_reg.html?_=1615082739333 HTTP/1.1" 200 22
180.174.195.252 - - [07/Mar/2021:10:05:41 +0800] "GET /xingrg/all/function/internal_message.html?_=1615083001516&CODE_STATE=getMsg HTTP/1.1" 200 27
120.253.135.82 - - [07/Mar/2021:10:05:42 +0800] "GET /xingrg/kc/pszx/mdqp_order_list.html?state=10 HTTP/1.1" 200 10611
120.253.135.82 - - [07/Mar/2021:10:05:42 +0800] "GET /xingrg/dwr/interface/AjaxQqpsService.js HTTP/1.1" 200 16326
120.253.135.82 - - [07/Mar/2021:10:05:42 +0800] "GET /xingrg/dwr/interface/AjaxReportQueryService.js HTTP/1.1" 200 13203
120.253.135.82 - - [07/Mar/2021:10:05:42 +0800] "GET /xingrg/dwr/engine.js HTTP/1.1" 200 43631
116.224.253.72 - - [07/Mar/2021:10:05:43 +0800] "POST /xingrg/kc/buy/cgsh_order_operate.html HTTP/1.1" 200 37
117.185.32.26 - - [07/Mar/2021:10:05:44 +0800] "GET /xingrg/all/function/internal_message.html?_=1615083246958&CODE_STATE=getMsg HTTP/1.1" 200 27
116.224.253.72 - - [07/Mar/2021:10:05:45 +0800] "POST /xingrg/kc/buy/cgsh_order_operate.html HTTP/1.1" 200 12
61.165.42.208 - - [07/Mar/2021:10:05:45 +0800] "GET /xingrg/all/function/internal_message.html?_=1615082745633&CODE_STATE=getMsg HTTP/1.1" 200 27
180.174.195.252 - - [07/Mar/2021:10:05:46 +0800] "GET /xingrg/kc/buy/cgsh_order_operate.html?command=get_materiel&rest_code=00102&code=00101008163&supplier_code=00100151&order_time=2021-03-07 HTTP/1.1" 200 408
180.169.147.146 - - [07/Mar/2021:10:05:46 +0800] "GET /xingrg/all/function/internal_message.html?_=1615082746380&CODE_STATE=getMsg HTTP/1.1" 200 27
120.253.135.82 - - [07/Mar/2021:10:05:46 +0800] "GET /xingrg/check_reg.html?_=1615082751594 HTTP/1.1" 200 22
120.253.135.82 - - [07/Mar/2021:10:05:47 +0800] "GET /xingrg/kc/pszx/mdqp_order_info.html?code=302021030700134 HTTP/1.1" 200 13350
120.253.135.82 - - [07/Mar/2021:10:05:47 +0800] "GET /xingrg/dwr/interface/AjaxComOrderService.js HTTP/1.1" 200 18264
120.253.135.82 - - [07/Mar/2021:10:05:47 +0800] "GET /xingrg/dwr/interface/AjaxQqpsService.js HTTP/1.1" 200 16326
180.169.147.146 - - [07/Mar/2021:10:05:48 +0800] "GET /xingrg/all/function/internal_message.html?_=1615082740691&CODE_STATE=getMsg HTTP/1.1" 200 27
120.253.135.82 - - [07/Mar/2021:10:05:48 +0800] "POST /xingrg/dwr/call/plaincall/AjaxQqpsService.loadMaterielItems.dwr HTTP/1.1" 200 948
120.253.135.82 - - [07/Mar/2021:10:05:48 +0800] "GET /xingrg/dwr/engine.js HTTP/1.1" 200 43631
116.224.253.72 - - [07/Mar/2021:10:05:48 +0800] "GET /xingrg/kc/buy/cgsh_order_info.html?code=212021030702637 HTTP/1.1" 200 56648
116.224.253.72 - - [07/Mar/2021:10:05:49 +0800] "GET /xingrg/javascript/easyui/themes/default/validatebox.css HTTP/1.1" 404 1104
116.224.253.72 - - [07/Mar/2021:10:05:49 +0800] "POST /xingrg/kc/buy/cgsh_order_operate.html HTTP/1.1" 200 610
180.169.147.146 - - [07/Mar/2021:10:05:52 +0800] "GET /xingrg/all/function/internal_message.html?_=1615082746322&CODE_STATE=getMsg HTTP/1.1" 200 27
222.69.143.194 - - [07/Mar/2021:10:05:54 +0800] "GET /xingrg/all/function/internal_message.html?_=1615082757287&CODE_STATE=getMsg HTTP/1.1" 200 27
116.224.253.72 - - [07/Mar/2021:10:05:54 +0800] "GET /xingrg/all/function/internal_message.html?_=1615082757761&CODE_STATE=getMsg HTTP/1.1" 200 27
180.174.195.252 - - [07/Mar/2021:10:05:56 +0800] "GET /xingrg/kc/buy/cgsh_order_operate.html?command=get_materiel&rest_code=00102&code=00101008291&supplier_code=00100151&order_time=2021-03-07 HTTP/1.1" 200 408
116.224.253.72 - - [07/Mar/2021:10:05:56 +0800] "GET /xingrg/kc/print/load_data.html?order_code=212021030702637&kc_code=cgsh&condition= HTTP/1.1" 200 701
101.228.165.174 - - [07/Mar/2021:10:05:58 +0800] "GET /xingrg/all/function/internal_message.html?_=1615082785988&CODE_STATE=getMsg HTTP/1.1" 200 27
58.40.7.146 - - [07/Mar/2021:10:05:59 +0800] "GET /xingrg/all/function/internal_message.html?_=1615082759623&CODE_STATE=getMsg HTTP/1.1" 200 27
101.228.165.174 - - [07/Mar/2021:10:06:00 +0800] "GET /xingrg/all/function/internal_message.html?_=1615082760783&CODE_STATE=getMsg HTTP/1.1" 200 27
114.88.166.193 - - [07/Mar/2021:10:06:03 +0800] "GET /xingrg/all/function/internal_message.html?_=1615082763551&CODE_STATE=getMsg HTTP/1.1" 200 27
58.37.230.33 - - [07/Mar/2021:10:06:04 +0800] "GET /xingrg/all/function/internal_message.html?_=1615082765930&CODE_STATE=getMsg HTTP/1.1" 200 27
120.253.135.82 - - [07/Mar/2021:10:06:05 +0800] "GET /xingrg/all/function/internal_message.html?_=1615082769972&CODE_STATE=getMsg HTTP/1.1" 200 27
101.227.139.173 - - [07/Mar/2021:10:06:05 +0800] "GET /xingrg/all/function/internal_message.html?_=1615082346104&CODE_STATE=getMsg HTTP/1.1" 302 -
180.174.195.252 - - [07/Mar/2021:10:06:08 +0800] "GET /xingrg/kc/buy/cgsh_order_operate.html?command=get_materiel&rest_code=00102&code=00101008286&supplier_code=00100151&order_time=2021-03-07 HTTP/1.1" 200 408
101.227.139.173 - - [07/Mar/2021:10:06:12 +0800] "GET /xingrg/login.html HTTP/1.1" 200 7641
180.169.147.146 - - [07/Mar/2021:10:06:14 +0800] "GET /xingrg/all/function/internal_message.html?_=1615082767208&CODE_STATE=getMsg HTTP/1.1" 200 27
222.70.216.220 - - [07/Mar/2021:10:06:15 +0800] "GET /xingrg/all/function/internal_message.html?_=1615082774152&CODE_STATE=getMsg HTTP/1.1" 200 27
116.232.51.165 - - [07/Mar/2021:10:06:16 +0800] "GET /xingrg/all/function/internal_message.html?_=1615082776562&CODE_STATE=getMsg HTTP/1.1" 200 27
116.232.51.165 - - [07/Mar/2021:10:06:16 +0800] "GET /xingrg/check_reg.html?_=1615082776563 HTTP/1.1" 200 22
58.40.7.146 - - [07/Mar/2021:10:06:17 +0800] "GET /xingrg/all/function/internal_message.html?_=1615082777082&CODE_STATE=getMsg HTTP/1.1" 200 27
58.37.192.63 - - [07/Mar/2021:10:06:18 +0800] "GET /xingrg/all/function/internal_message.html?_=1615082777889&CODE_STATE=getMsg HTTP/1.1" 200 27
222.70.216.220 - - [07/Mar/2021:10:06:19 +0800] "GET /xingrg/all/function/internal_message.html?_=1615082777400&CODE_STATE=getMsg HTTP/1.1" 200 27
117.184.7.26 - - [07/Mar/2021:10:06:20 +0800] "GET /xingrg/all/function/internal_message.html?_=1615082779715&CODE_STATE=getMsg HTTP/1.1" 200 27
116.224.253.72 - - [07/Mar/2021:10:06:32 +0800] "GET /xingrg/all/function/internal_message.html?_=1615082756756&CODE_STATE=getMsg HTTP/1.1" 200 27
222.69.137.90 - - [07/Mar/2021:10:06:40 +0800] "GET /xingrg/all/function/internal_message.html?_=1615082799334&CODE_STATE=getMsg HTTP/1.1" 200 27
180.174.195.252 - - [07/Mar/2021:10:06:41 +0800] "GET /xingrg/all/function/internal_message.html?_=1615083061530&CODE_STATE=getMsg HTTP/1.1" 200 27
117.185.32.26 - - [07/Mar/2021:10:06:44 +0800] "GET /xingrg/all/function/internal_message.html?_=1615083306974&CODE_STATE=getMsg HTTP/1.1" 200 27
61.165.42.208 - - [07/Mar/2021:10:06:45 +0800] "GET /xingrg/all/function/internal_message.html?_=1615082805615&CODE_STATE=getMsg HTTP/1.1" 200 27
180.169.147.146 - - [07/Mar/2021:10:06:46 +0800] "GET /xingrg/all/function/internal_message.html?_=1615082806388&CODE_STATE=getMsg HTTP/1.1" 200 27
180.169.147.146 - - [07/Mar/2021:10:06:48 +0800] "GET /xingrg/check_reg.html?_=1615082800692 HTTP/1.1" 200 22
180.169.147.146 - - [07/Mar/2021:10:06:48 +0800] "GET /xingrg/all/function/internal_message.html?_=1615082800695&CODE_STATE=getMsg HTTP/1.1" 200 27
120.253.135.82 - - [07/Mar/2021:10:06:51 +0800] "GET /xingrg/check_reg.html?_=1615082581729 HTTP/1.1" 200 22
180.169.147.146 - - [07/Mar/2021:10:06:52 +0800] "GET /xingrg/check_reg.html?_=1615082806324 HTTP/1.1" 200 22
180.169.147.146 - - [07/Mar/2021:10:06:52 +0800] "GET /xingrg/all/function/internal_message.html?_=1615082806322&CODE_STATE=getMsg HTTP/1.1" 200 27
222.69.143.194 - - [07/Mar/2021:10:06:54 +0800] "GET /xingrg/check_reg.html?_=1615082817294 HTTP/1.1" 200 22
222.69.143.194 - - [07/Mar/2021:10:06:54 +0800] "GET /xingrg/all/function/internal_message.html?_=1615082817299&CODE_STATE=getMsg HTTP/1.1" 200 27
116.224.253.72 - - [07/Mar/2021:10:06:54 +0800] "GET /xingrg/all/function/internal_message.html?_=1615082817764&CODE_STATE=getMsg HTTP/1.1" 200 27
101.228.165.174 - - [07/Mar/2021:10:06:58 +0800] "GET /xingrg/all/function/internal_message.html?_=1615082845992&CODE_STATE=getMsg HTTP/1.1" 200 27
58.40.7.146 - - [07/Mar/2021:10:06:59 +0800] "GET /xingrg/all/function/internal_message.html?_=1615082819627&CODE_STATE=getMsg HTTP/1.1" 200 27
101.228.165.174 - - [07/Mar/2021:10:07:00 +0800] "GET /xingrg/all/function/internal_message.html?_=1615082820783&CODE_STATE=getMsg HTTP/1.1" 200 27
101.89.239.120 - - [07/Mar/2021:10:07:03 +0800] "GET /xingrg/all/function/internal_message.html?_=1615082526031&CODE_STATE=getMsg HTTP/1.1" 302 -
114.88.166.193 - - [07/Mar/2021:10:07:03 +0800] "GET /xingrg/all/function/internal_message.html?_=1615082823571&CODE_STATE=getMsg HTTP/1.1" 200 27
101.89.19.197 - - [07/Mar/2021:10:07:04 +0800] "GET /xingrg/all/function/internal_message.html?_=1615082705950&CODE_STATE=getMsg HTTP/1.1" 302 -
58.37.230.33 - - [07/Mar/2021:10:07:04 +0800] "GET /xingrg/all/function/internal_message.html?_=1615082825902&CODE_STATE=getMsg HTTP/1.1" 200 27
120.253.135.82 - - [07/Mar/2021:10:07:05 +0800] "GET /xingrg/all/function/internal_message.html?_=1615082829986&CODE_STATE=getMsg HTTP/1.1" 200 27
101.89.19.197 - - [07/Mar/2021:10:07:09 +0800] "GET /xingrg/login.html HTTP/1.1" 200 7641
117.185.32.26 - - [07/Mar/2021:10:07:11 +0800] "GET /xingrg/javascript/easyui/themes/default/tree.css HTTP/1.1" 404 1090
117.185.32.26 - - [07/Mar/2021:10:07:11 +0800] "POST /xingrg/all/common/load_tree.html?tree=supplier_tree_json&isDelete=1 HTTP/1.1" 200 54827
101.89.239.120 - - [07/Mar/2021:10:07:12 +0800] "GET /xingrg/login.html HTTP/1.1" 200 7641
117.184.7.26 - - [07/Mar/2021:10:07:12 +0800] "POST /xingrg/kc/buy/cgsh_order_operate.html HTTP/1.1" 200 37
180.169.147.146 - - [07/Mar/2021:10:07:14 +0800] "GET /xingrg/check_reg.html?_=1615082827209 HTTP/1.1" 200 22
180.169.147.146 - - [07/Mar/2021:10:07:14 +0800] "GET /xingrg/all/function/internal_message.html?_=1615082827212&CODE_STATE=getMsg HTTP/1.1" 200 27
222.70.216.220 - - [07/Mar/2021:10:07:15 +0800] "GET /xingrg/all/function/internal_message.html?_=1615082834156&CODE_STATE=getMsg HTTP/1.1" 200 27
116.232.51.165 - - [07/Mar/2021:10:07:16 +0800] "GET /xingrg/all/function/internal_message.html?_=1615082836551&CODE_STATE=getMsg HTTP/1.1" 200 27
58.40.7.146 - - [07/Mar/2021:10:07:17 +0800] "GET /xingrg/all/function/internal_message.html?_=1615082837086&CODE_STATE=getMsg HTTP/1.1" 200 27
58.37.192.63 - - [07/Mar/2021:10:07:18 +0800] "GET /xingrg/all/function/internal_message.html?_=1615082837899&CODE_STATE=getMsg HTTP/1.1" 200 27
222.70.216.220 - - [07/Mar/2021:10:07:19 +0800] "GET /xingrg/all/function/internal_message.html?_=1615082837374&CODE_STATE=getMsg HTTP/1.1" 200 27
116.224.253.72 - - [07/Mar/2021:10:07:32 +0800] "GET /xingrg/all/function/internal_message.html?_=1615082816840&CODE_STATE=getMsg HTTP/1.1" 200 27
117.185.32.26 - - [07/Mar/2021:10:07:33 +0800] "GET /xingrg/kc/buy/cgsh_order_operate.html?command=get_materiel&rest_code=00106&code=00101006161&supplier_code=00100032&order_time=2021-03-07 HTTP/1.1" 200 411
172.20.0.100 - - [07/Mar/2021:10:07:39 +0800] "GET /xingrg/check_reg.html?_=1615082856790 HTTP/1.1" 200 22
222.69.137.90 - - [07/Mar/2021:10:07:40 +0800] "GET /xingrg/all/function/internal_message.html?_=1615082859335&CODE_STATE=getMsg HTTP/1.1" 200 27
180.174.195.252 - - [07/Mar/2021:10:07:41 +0800] "GET /xingrg/all/function/internal_message.html?_=1615083121545&CODE_STATE=getMsg HTTP/1.1" 200 27
117.185.32.26 - - [07/Mar/2021:10:07:44 +0800] "GET /xingrg/all/function/internal_message.html?_=1615083366995&CODE_STATE=getMsg HTTP/1.1" 200 27
61.165.42.208 - - [07/Mar/2021:10:07:45 +0800] "GET /xingrg/all/function/internal_message.html?_=1615082865585&CODE_STATE=getMsg HTTP/1.1" 200 27
180.169.147.146 - - [07/Mar/2021:10:07:46 +0800] "GET /xingrg/all/function/internal_message.html?_=1615082866388&CODE_STATE=getMsg HTTP/1.1" 200 27
61.165.42.208 - - [07/Mar/2021:10:07:46 +0800] "GET /xingrg/check_reg.html?_=1615082866480 HTTP/1.1" 200 22
180.169.147.146 - - [07/Mar/2021:10:07:48 +0800] "GET /xingrg/all/function/internal_message.html?_=1615082860694&CODE_STATE=getMsg HTTP/1.1" 200 27
180.169.147.146 - - [07/Mar/2021:10:07:52 +0800] "GET /xingrg/all/function/internal_message.html?_=1615082866332&CODE_STATE=getMsg HTTP/1.1" 200 27
222.69.143.194 - - [07/Mar/2021:10:07:54 +0800] "GET /xingrg/all/function/internal_message.html?_=1615082877287&CODE_STATE=getMsg HTTP/1.1" 200 27
117.185.32.26 - - [07/Mar/2021:10:07:54 +0800] "GET /xingrg/kc/buy/cgsh_order_operate.html?command=get_materiel&rest_code=00106&code=00101010161&supplier_code=00100032&order_time=2021-03-07 HTTP/1.1" 200 410
116.224.253.72 - - [07/Mar/2021:10:07:55 +0800] "GET /xingrg/all/function/internal_message.html?_=1615082877767&CODE_STATE=getMsg HTTP/1.1" 200 27
101.228.165.174 - - [07/Mar/2021:10:07:58 +0800] "GET /xingrg/all/function/internal_message.html?_=1615082906032&CODE_STATE=getMsg HTTP/1.1" 200 27
117.184.7.26 - - [07/Mar/2021:10:07:58 +0800] "GET /xingrg/all/function/internal_message.html?_=1615082878321&CODE_STATE=getMsg HTTP/1.1" 200 27
117.184.7.26 - - [07/Mar/2021:10:07:58 +0800] "GET /xingrg/check_reg.html?_=1615082878323 HTTP/1.1" 200 22
117.184.7.26 - - [07/Mar/2021:10:07:59 +0800] "POST /xingrg/kc/buy/cgsh_order_operate.html HTTP/1.1" 200 25744
58.40.7.146 - - [07/Mar/2021:10:07:59 +0800] "GET /xingrg/all/function/internal_message.html?_=1615082879630&CODE_STATE=getMsg HTTP/1.1" 200 27
101.228.165.174 - - [07/Mar/2021:10:08:00 +0800] "GET /xingrg/all/function/internal_message.html?_=1615082880782&CODE_STATE=getMsg HTTP/1.1" 200 27
114.88.166.193 - - [07/Mar/2021:10:08:04 +0800] "GET /xingrg/all/function/internal_message.html?_=1615082883579&CODE_STATE=getMsg HTTP/1.1" 200 27
58.37.230.33 - - [07/Mar/2021:10:08:04 +0800] "GET /xingrg/all/function/internal_message.html?_=1615082885873&CODE_STATE=getMsg HTTP/1.1" 200 27
120.253.135.82 - - [07/Mar/2021:10:08:05 +0800] "GET /xingrg/all/function/internal_message.html?_=1615082890026&CODE_STATE=getMsg HTTP/1.1" 200 27
116.224.253.72 - - [07/Mar/2021:10:08:06 +0800] "GET /xingrg/check_reg.html?_=1615082851089 HTTP/1.1" 200 22
117.185.32.26 - - [07/Mar/2021:10:08:10 +0800] "GET /xingrg/kc/buy/cgsh_order_operate.html?command=get_materiel&rest_code=00106&code=00101016025&supplier_code=00100032&order_time=2021-03-07 HTTP/1.1" 200 408
180.169.147.146 - - [07/Mar/2021:10:08:14 +0800] "GET /xingrg/all/function/internal_message.html?_=1615082887212&CODE_STATE=getMsg HTTP/1.1" 200 27
222.70.216.220 - - [07/Mar/2021:10:08:15 +0800] "GET /xingrg/all/function/internal_message.html?_=1615082894160&CODE_STATE=getMsg HTTP/1.1" 200 27
116.232.51.165 - - [07/Mar/2021:10:08:16 +0800] "GET /xingrg/all/function/internal_message.html?_=1615082896558&CODE_STATE=getMsg HTTP/1.1" 200 27
58.40.7.146 - - [07/Mar/2021:10:08:17 +0800] "GET /xingrg/all/function/internal_message.html?_=1615082897071&CODE_STATE=getMsg HTTP/1.1" 200 27
58.37.192.63 - - [07/Mar/2021:10:08:18 +0800] "GET /xingrg/check_reg.html?_=1615082897854 HTTP/1.1" 200 22
58.37.192.63 - - [07/Mar/2021:10:08:18 +0800] "GET /xingrg/all/function/internal_message.html?_=1615082897916&CODE_STATE=getMsg HTTP/1.1" 200 27
222.70.216.220 - - [07/Mar/2021:10:08:19 +0800] "GET /xingrg/all/function/internal_message.html?_=1615082897347&CODE_STATE=getMsg HTTP/1.1" 200 27
180.174.195.252 - - [07/Mar/2021:10:08:20 +0800] "GET /xingrg/kc/buy/cgsh_order_operate.html?command=get_materiel&rest_code=00102&code=00101002022&supplier_code=00100151&order_time=2021-03-07 HTTP/1.1" 200 429
101.228.165.174 - - [07/Mar/2021:10:08:22 +0800] "GET /xingrg/check_reg.html?_=1615082929504 HTTP/1.1" 200 22
117.185.32.26 - - [07/Mar/2021:10:08:24 +0800] "GET /xingrg/kc/buy/cgsh_order_operate.html?command=get_materiel&rest_code=00106&code=00101002022&supplier_code=00100032&order_time=2021-03-07 HTTP/1.1" 200 429
58.40.7.146 - - [07/Mar/2021:10:08:25 +0800] "GET /xingrg/check_reg.html?_=1615082905710 HTTP/1.1" 200 22
58.37.230.33 - - [07/Mar/2021:10:08:29 +0800] "GET /xingrg/check_reg.html?_=1615082911297 HTTP/1.1" 200 22
116.224.253.72 - - [07/Mar/2021:10:08:32 +0800] "GET /xingrg/all/function/internal_message.html?_=1615082876845&CODE_STATE=getMsg HTTP/1.1" 200 27
222.69.137.90 - - [07/Mar/2021:10:08:40 +0800] "GET /xingrg/all/function/internal_message.html?_=1615082919335&CODE_STATE=getMsg HTTP/1.1" 200 27
180.174.195.252 - - [07/Mar/2021:10:08:41 +0800] "GET /xingrg/all/function/internal_message.html?_=1615083181558&CODE_STATE=getMsg HTTP/1.1" 200 27
117.185.32.26 - - [07/Mar/2021:10:08:44 +0800] "GET /xingrg/all/function/internal_message.html?_=1615083426987&CODE_STATE=getMsg HTTP/1.1" 200 27
61.165.42.208 - - [07/Mar/2021:10:08:45 +0800] "GET /xingrg/all/function/internal_message.html?_=1615082925691&CODE_STATE=getMsg HTTP/1.1" 200 27
180.169.147.146 - - [07/Mar/2021:10:08:46 +0800] "GET /xingrg/all/function/internal_message.html?_=1615082926390&CODE_STATE=getMsg HTTP/1.1" 200 27
117.185.32.26 - - [07/Mar/2021:10:08:47 +0800] "GET /xingrg/kc/buy/cgsh_order_operate.html?command=get_materiel&rest_code=00106&code=00101012002&supplier_code=00100032&order_time=2021-03-07 HTTP/1.1" 200 419
180.169.147.146 - - [07/Mar/2021:10:08:48 +0800] "GET /xingrg/all/function/internal_message.html?_=1615082920694&CODE_STATE=getMsg HTTP/1.1" 200 27
180.174.195.252 - - [07/Mar/2021:10:08:50 +0800] "POST /xingrg/kc/buy/cgsh_order_operate.html HTTP/1.1" 200 37
180.174.195.252 - - [07/Mar/2021:10:08:51 +0800] "POST /xingrg/kc/buy/cgsh_order_operate.html HTTP/1.1" 200 12134
180.169.147.146 - - [07/Mar/2021:10:08:52 +0800] "GET /xingrg/all/function/internal_message.html?_=1615082926334&CODE_STATE=getMsg HTTP/1.1" 200 27
222.69.143.194 - - [07/Mar/2021:10:08:54 +0800] "GET /xingrg/all/function/internal_message.html?_=1615082937283&CODE_STATE=getMsg HTTP/1.1" 200 27
116.224.253.72 - - [07/Mar/2021:10:08:55 +0800] "GET /xingrg/check_reg.html?_=1615082937776 HTTP/1.1" 200 22
116.224.253.72 - - [07/Mar/2021:10:08:55 +0800] "GET /xingrg/all/function/internal_message.html?_=1615082937780&CODE_STATE=getMsg HTTP/1.1" 200 27
117.184.7.26 - - [07/Mar/2021:10:08:58 +0800] "GET /xingrg/all/function/internal_message.html?_=1615082938293&CODE_STATE=getMsg HTTP/1.1" 200 27
101.228.165.174 - - [07/Mar/2021:10:08:58 +0800] "GET /xingrg/all/function/internal_message.html?_=1615082966170&CODE_STATE=getMsg HTTP/1.1" 200 27
58.40.7.146 - - [07/Mar/2021:10:08:59 +0800] "GET /xingrg/all/function/internal_message.html?_=1615082939621&CODE_STATE=getMsg HTTP/1.1" 200 27
101.228.165.174 - - [07/Mar/2021:10:09:00 +0800] "GET /xingrg/all/function/internal_message.html?_=1615082940785&CODE_STATE=getMsg HTTP/1.1" 200 27
101.228.165.174 - - [07/Mar/2021:10:09:00 +0800] "GET /xingrg/check_reg.html?_=1615082940787 HTTP/1.1" 200 22
116.224.253.72 - - [07/Mar/2021:10:09:01 +0800] "POST /xingrg/kc/buy/cgsh_list_operate.html HTTP/1.1" 200 561
116.224.253.72 - - [07/Mar/2021:10:09:03 +0800] "GET /xingrg/kc/buy/cgsh_order_info.html?code=212021030702641 HTTP/1.1" 200 61755
116.224.253.72 - - [07/Mar/2021:10:09:03 +0800] "GET /xingrg/javascript/easyui/themes/default/validatebox.css HTTP/1.1" 404 1104
114.88.166.193 - - [07/Mar/2021:10:09:04 +0800] "GET /xingrg/all/function/internal_message.html?_=1615082943601&CODE_STATE=getMsg HTTP/1.1" 200 27
116.224.253.72 - - [07/Mar/2021:10:09:04 +0800] "POST /xingrg/kc/buy/cgsh_order_operate.html HTTP/1.1" 200 25397
58.37.230.33 - - [07/Mar/2021:10:09:04 +0800] "GET /xingrg/all/function/internal_message.html?_=1615082945877&CODE_STATE=getMsg HTTP/1.1" 200 27
120.253.135.82 - - [07/Mar/2021:10:09:05 +0800] "GET /xingrg/all/function/internal_message.html?_=1615082950029&CODE_STATE=getMsg HTTP/1.1" 200 27
117.184.7.26 - - [07/Mar/2021:10:09:07 +0800] "GET /xingrg/kc/buy/cgsh_order_add.html HTTP/1.1" 200 62063
117.184.7.26 - - [07/Mar/2021:10:09:07 +0800] "POST /xingrg/kc/buy/cgsh_order_operate.html HTTP/1.1" 200 8245
117.184.7.26 - - [07/Mar/2021:10:09:08 +0800] "GET /xingrg/javascript/easyui/themes/default/validatebox.css HTTP/1.1" 404 1104
117.185.32.26 - - [07/Mar/2021:10:09:10 +0800] "GET /xingrg/kc/buy/cgsh_order_operate.html?command=get_materiel&rest_code=00106&code=00101010248&supplier_code=00100032&order_time=2021-03-07 HTTP/1.1" 200 430
101.228.165.174 - - [07/Mar/2021:10:09:11 +0800] "GET /xingrg/kc/buy/cgsh_order_operate.html?command=get_materiel&rest_code=00146&code=00101008213&supplier_code=00100005&order_time=2021-03-07 HTTP/1.1" 200 412
180.169.147.146 - - [07/Mar/2021:10:09:14 +0800] "GET /xingrg/all/function/internal_message.html?_=1615082947213&CODE_STATE=getMsg HTTP/1.1" 200 27
222.70.216.220 - - [07/Mar/2021:10:09:15 +0800] "GET /xingrg/all/function/internal_message.html?_=1615082954146&CODE_STATE=getMsg HTTP/1.1" 200 27
222.70.216.220 - - [07/Mar/2021:10:09:15 +0800] "GET /xingrg/check_reg.html?_=1615082954148 HTTP/1.1" 200 22
116.232.51.165 - - [07/Mar/2021:10:09:16 +0800] "GET /xingrg/all/function/internal_message.html?_=1615082956561&CODE_STATE=getMsg HTTP/1.1" 200 27
58.40.7.146 - - [07/Mar/2021:10:09:17 +0800] "GET /xingrg/all/function/internal_message.html?_=1615082957073&CODE_STATE=getMsg HTTP/1.1" 200 27
58.40.7.146 - - [07/Mar/2021:10:09:17 +0800] "GET /xingrg/check_reg.html?_=1615082957075 HTTP/1.1" 200 22
58.37.192.63 - - [07/Mar/2021:10:09:18 +0800] "GET /xingrg/all/function/internal_message.html?_=1615082957927&CODE_STATE=getMsg HTTP/1.1" 200 27
222.70.216.220 - - [07/Mar/2021:10:09:19 +0800] "GET /xingrg/all/function/internal_message.html?_=1615082957319&CODE_STATE=getMsg HTTP/1.1" 200 27
101.228.165.174 - - [07/Mar/2021:10:09:25 +0800] "GET /xingrg/kc/buy/cgsh_order_operate.html?command=get_materiel&rest_code=00146&code=00101016122&supplier_code=00100005&order_time=2021-03-07 HTTP/1.1" 200 395
117.185.32.26 - - [07/Mar/2021:10:09:31 +0800] "GET /xingrg/kc/buy/cgsh_order_operate.html?command=get_materiel&rest_code=00106&code=00101012051&supplier_code=00100032&order_time=2021-03-07 HTTP/1.1" 200 408
116.224.253.72 - - [07/Mar/2021:10:09:32 +0800] "GET /xingrg/all/function/internal_message.html?_=1615082936859&CODE_STATE=getMsg HTTP/1.1" 200 27
114.88.166.193 - - [07/Mar/2021:10:09:35 +0800] "GET /xingrg/check_reg.html?_=1615082974841 HTTP/1.1" 200 22
180.174.195.252 - - [07/Mar/2021:10:09:39 +0800] "GET /xingrg/check_reg.html?_=1615083240264 HTTP/1.1" 200 22
222.69.137.90 - - [07/Mar/2021:10:09:40 +0800] "GET /xingrg/all/function/internal_message.html?_=1615082979334&CODE_STATE=getMsg HTTP/1.1" 200 27
180.174.195.252 - - [07/Mar/2021:10:09:41 +0800] "GET /xingrg/all/function/internal_message.html?_=1615083241571&CODE_STATE=getMsg HTTP/1.1" 200 27
117.185.32.26 - - [07/Mar/2021:10:09:44 +0800] "GET /xingrg/check_reg.html?_=1615083486986 HTTP/1.1" 200 22
117.185.32.26 - - [07/Mar/2021:10:09:44 +0800] "GET /xingrg/all/function/internal_message.html?_=1615083486988&CODE_STATE=getMsg HTTP/1.1" 200 27
61.165.42.208 - - [07/Mar/2021:10:09:45 +0800] "GET /xingrg/all/function/internal_message.html?_=1615082985528&CODE_STATE=getMsg HTTP/1.1" 200 27
101.89.239.232 - - [07/Mar/2021:10:09:45 +0800] "GET /xingrg/all/function/internal_message.html?_=1615082586008&CODE_STATE=getMsg HTTP/1.1" 302 -
180.169.147.146 - - [07/Mar/2021:10:09:46 +0800] "GET /xingrg/all/function/internal_message.html?_=1615082986392&CODE_STATE=getMsg HTTP/1.1" 200 27
180.169.147.146 - - [07/Mar/2021:10:09:46 +0800] "GET /xingrg/check_reg.html?_=1615082986400 HTTP/1.1" 200 22
180.169.147.146 - - [07/Mar/2021:10:09:48 +0800] "GET /xingrg/all/function/internal_message.html?_=1615082980694&CODE_STATE=getMsg HTTP/1.1" 200 27
101.228.165.174 - - [07/Mar/2021:10:09:51 +0800] "GET /xingrg/kc/buy/cgsh_order_operate.html?command=get_materiel&rest_code=00146&code=00101008305&supplier_code=00100005&order_time=2021-03-07 HTTP/1.1" 200 412
180.169.147.146 - - [07/Mar/2021:10:09:52 +0800] "GET /xingrg/all/function/internal_message.html?_=1615082986318&CODE_STATE=getMsg HTTP/1.1" 200 27
222.69.143.194 - - [07/Mar/2021:10:09:54 +0800] "GET /xingrg/all/function/internal_message.html?_=1615082997293&CODE_STATE=getMsg HTTP/1.1" 200 27
117.184.7.26 - - [07/Mar/2021:10:09:54 +0800] "POST /xingrg/kc/buy/cgsh_list_operate.html HTTP/1.1" 200 1679
101.89.239.232 - - [07/Mar/2021:10:09:54 +0800] "GET /xingrg/login.html HTTP/1.1" 200 7641
116.224.253.72 - - [07/Mar/2021:10:09:55 +0800] "GET /xingrg/all/function/internal_message.html?_=1615082997775&CODE_STATE=getMsg HTTP/1.1" 200 27
114.86.187.76 - - [07/Mar/2021:10:09:55 +0800] "POST /xingrg/services/DataTransmitService HTTP/1.1" 200 524
114.86.187.76 - - [07/Mar/2021:10:09:55 +0800] "POST /xingrg/services/DataTransmitService HTTP/1.1" 200 2083
117.184.7.26 - - [07/Mar/2021:10:09:56 +0800] "POST /xingrg/kc/buy/cgsh_list_operate.html HTTP/1.1" 200 572
114.86.187.76 - - [07/Mar/2021:10:09:56 +0800] "POST /xingrg/services/DataTransmitService HTTP/1.1" 200 153236
117.184.7.26 - - [07/Mar/2021:10:09:57 +0800] "GET /xingrg/kc/buy/cgsh_order_info.html?code=212021030702656 HTTP/1.1" 200 62072
117.184.7.26 - - [07/Mar/2021:10:09:58 +0800] "GET /xingrg/javascript/easyui/themes/default/validatebox.css HTTP/1.1" 404 1104
117.184.7.26 - - [07/Mar/2021:10:09:58 +0800] "GET /xingrg/all/function/internal_message.html?_=1615082998270&CODE_STATE=getMsg HTTP/1.1" 200 27
101.228.165.174 - - [07/Mar/2021:10:09:58 +0800] "GET /xingrg/all/function/internal_message.html?_=1615083026174&CODE_STATE=getMsg HTTP/1.1" 200 27
117.184.7.26 - - [07/Mar/2021:10:09:59 +0800] "POST /xingrg/kc/buy/cgsh_order_operate.html HTTP/1.1" 200 25744
58.40.7.146 - - [07/Mar/2021:10:09:59 +0800] "GET /xingrg/all/function/internal_message.html?_=1615082999623&CODE_STATE=getMsg HTTP/1.1" 200 27
117.184.7.26 - - [07/Mar/2021:10:10:00 +0800] "GET /xingrg/kc/print/load_config.html?kc_code=cgsh HTTP/1.1" 200 1845
117.184.7.26 - - [07/Mar/2021:10:10:00 +0800] "GET /xingrg/kc/print/load_data.html?order_code=212021030702656&kc_code=cgsh&condition= HTTP/1.1" 200 9407
101.228.165.174 - - [07/Mar/2021:10:10:00 +0800] "GET /xingrg/all/function/internal_message.html?_=1615083000787&CODE_STATE=getMsg HTTP/1.1" 200 27
117.185.32.26 - - [07/Mar/2021:10:10:01 +0800] "GET /xingrg/kc/buy/cgsh_order_operate.html?command=get_materiel&rest_code=00106&code=00101012070&supplier_code=00100032&order_time=2021-03-07 HTTP/1.1" 200 398
114.88.166.193 - - [07/Mar/2021:10:10:04 +0800] "GET /xingrg/all/function/internal_message.html?_=1615083003605&CODE_STATE=getMsg HTTP/1.1" 200 27
58.37.230.33 - - [07/Mar/2021:10:10:04 +0800] "GET /xingrg/all/function/internal_message.html?_=1615083005851&CODE_STATE=getMsg HTTP/1.1" 200 27
61.165.42.208 - - [07/Mar/2021:10:10:04 +0800] "GET /xingrg/kc/buy/cgsh_order_operate.html?command=get_materiel&rest_code=00105&code=00101008238&supplier_code=00100203&order_time=2021-03-07 HTTP/1.1" 200 416
120.253.135.82 - - [07/Mar/2021:10:10:05 +0800] "GET /xingrg/all/function/internal_message.html?_=1615083010072&CODE_STATE=getMsg HTTP/1.1" 200 27
222.70.216.220 - - [07/Mar/2021:10:10:11 +0800] "GET /xingrg/check_reg.html?_=1615083010744 HTTP/1.1" 200 22
180.169.147.146 - - [07/Mar/2021:10:10:14 +0800] "GET /xingrg/all/function/internal_message.html?_=1615083007212&CODE_STATE=getMsg HTTP/1.1" 200 27
222.70.216.220 - - [07/Mar/2021:10:10:15 +0800] "GET /xingrg/all/function/internal_message.html?_=1615083015696&CODE_STATE=getMsg HTTP/1.1" 200 27
116.232.51.165 - - [07/Mar/2021:10:10:16 +0800] "GET /xingrg/all/function/internal_message.html?_=1615083016560&CODE_STATE=getMsg HTTP/1.1" 200 27
58.40.7.146 - - [07/Mar/2021:10:10:17 +0800] "GET /xingrg/all/function/internal_message.html?_=1615083017079&CODE_STATE=getMsg HTTP/1.1" 200 27
58.37.192.63 - - [07/Mar/2021:10:10:18 +0800] "GET /xingrg/all/function/internal_message.html?_=1615083017941&CODE_STATE=getMsg HTTP/1.1" 200 27
222.70.216.220 - - [07/Mar/2021:10:10:19 +0800] "GET /xingrg/all/function/internal_message.html?_=1615083018843&CODE_STATE=getMsg HTTP/1.1" 200 27
117.185.32.26 - - [07/Mar/2021:10:10:19 +0800] "GET /xingrg/kc/buy/cgsh_order_operate.html?command=get_materiel&rest_code=00106&code=00101012003&supplier_code=00100032&order_time=2021-03-07 HTTP/1.1" 200 413
101.228.165.174 - - [07/Mar/2021:10:10:22 +0800] "GET /xingrg/kc/buy/cgsh_order_operate.html?command=get_materiel&rest_code=00146&code=00101008347&supplier_code=00100005&order_time=2021-03-07 HTTP/1.1" 200 408
116.224.253.72 - - [07/Mar/2021:10:10:32 +0800] "GET /xingrg/all/function/internal_message.html?_=1615082996927&CODE_STATE=getMsg HTTP/1.1" 200 27
117.185.32.26 - - [07/Mar/2021:10:10:39 +0800] "GET /xingrg/kc/buy/cgsh_order_operate.html?command=get_materiel&rest_code=00106&code=00101018021&supplier_code=00100032&order_time=2021-03-07 HTTP/1.1" 200 417
117.184.7.26 - - [07/Mar/2021:10:10:40 +0800] "GET /xingrg/kc/buy/cgsh_order_add.html HTTP/1.1" 200 62063
117.184.7.26 - - [07/Mar/2021:10:10:40 +0800] "POST /xingrg/kc/buy/cgsh_order_operate.html HTTP/1.1" 200 8245
117.184.7.26 - - [07/Mar/2021:10:10:40 +0800] "GET /xingrg/javascript/easyui/themes/default/validatebox.css HTTP/1.1" 404 1104
222.69.137.90 - - [07/Mar/2021:10:10:40 +0800] "GET /xingrg/all/function/internal_message.html?_=1615083039335&CODE_STATE=getMsg HTTP/1.1" 200 27
222.69.137.90 - - [07/Mar/2021:10:10:40 +0800] "GET /xingrg/check_reg.html?_=1615083039337 HTTP/1.1" 200 22
180.174.195.252 - - [07/Mar/2021:10:10:41 +0800] "GET /xingrg/all/function/internal_message.html?_=1615083301585&CODE_STATE=getMsg HTTP/1.1" 200 27
117.185.32.26 - - [07/Mar/2021:10:10:44 +0800] "GET /xingrg/all/function/internal_message.html?_=1615083546999&CODE_STATE=getMsg HTTP/1.1" 200 27
61.165.42.208 - - [07/Mar/2021:10:10:45 +0800] "GET /xingrg/all/function/internal_message.html?_=1615083045509&CODE_STATE=getMsg HTTP/1.1" 200 27
180.169.147.146 - - [07/Mar/2021:10:10:46 +0800] "GET /xingrg/all/function/internal_message.html?_=1615083046386&CODE_STATE=getMsg HTTP/1.1" 200 27
120.253.135.82 - - [07/Mar/2021:10:10:46 +0800] "GET /xingrg/check_reg.html?_=1615083051603 HTTP/1.1" 200 22
180.169.147.146 - - [07/Mar/2021:10:10:48 +0800] "GET /xingrg/all/function/internal_message.html?_=1615083040694&CODE_STATE=getMsg HTTP/1.1" 200 27
117.184.7.26 - - [07/Mar/2021:10:10:51 +0800] "GET /xingrg/kc/buy/cgsh_order_operate.html?command=get_materiel&rest_code=00108&code=00101011005&supplier_code=00100047&order_time=2021-03-07 HTTP/1.1" 200 428
180.169.147.146 - - [07/Mar/2021:10:10:52 +0800] "GET /xingrg/all/function/internal_message.html?_=1615083046320&CODE_STATE=getMsg HTTP/1.1" 200 27
222.69.143.194 - - [07/Mar/2021:10:10:54 +0800] "GET /xingrg/all/function/internal_message.html?_=1615083057295&CODE_STATE=getMsg HTTP/1.1" 200 27
116.224.253.72 - - [07/Mar/2021:10:10:55 +0800] "GET /xingrg/all/function/internal_message.html?_=1615083057776&CODE_STATE=getMsg HTTP/1.1" 200 27
117.185.32.26 - - [07/Mar/2021:10:10:55 +0800] "GET /xingrg/kc/buy/cgsh_order_operate.html?command=get_materiel&rest_code=00106&code=00101012025&supplier_code=00100032&order_time=2021-03-07 HTTP/1.1" 200 412
222.69.137.90 - - [07/Mar/2021:10:10:55 +0800] "GET /xingrg/kc/buy/cgsh_order_list.html HTTP/1.1" 200 46372
222.69.137.90 - - [07/Mar/2021:10:10:56 +0800] "POST /xingrg/kc/buy/cgsh_list_operate.html HTTP/1.1" 200 876
222.69.137.90 - - [07/Mar/2021:10:10:58 +0800] "GET /xingrg/kc/buy/cgsh_order_add.html HTTP/1.1" 200 62157
222.69.137.90 - - [07/Mar/2021:10:10:58 +0800] "POST /xingrg/kc/buy/cgsh_order_operate.html HTTP/1.1" 200 8245
222.69.137.90 - - [07/Mar/2021:10:10:58 +0800] "GET /xingrg/javascript/easyui/themes/default/validatebox.css HTTP/1.1" 404 1104
117.184.7.26 - - [07/Mar/2021:10:10:58 +0800] "GET /xingrg/all/function/internal_message.html?_=1615083058258&CODE_STATE=getMsg HTTP/1.1" 200 27
101.228.165.174 - - [07/Mar/2021:10:10:58 +0800] "GET /xingrg/all/function/internal_message.html?_=1615083086187&CODE_STATE=getMsg HTTP/1.1" 200 27
58.40.7.146 - - [07/Mar/2021:10:10:59 +0800] "GET /xingrg/all/function/internal_message.html?_=1615083059627&CODE_STATE=getMsg HTTP/1.1" 200 27
117.184.7.26 - - [07/Mar/2021:10:11:00 +0800] "POST /xingrg/kc/buy/cgsh_order_operate.html HTTP/1.1" 200 37
101.228.165.174 - - [07/Mar/2021:10:11:00 +0800] "GET /xingrg/all/function/internal_message.html?_=1615083060785&CODE_STATE=getMsg HTTP/1.1" 200 27
117.184.7.26 - - [07/Mar/2021:10:11:01 +0800] "POST /xingrg/kc/buy/cgsh_order_operate.html HTTP/1.1" 200 2656
117.184.7.26 - - [07/Mar/2021:10:11:03 +0800] "GET /xingrg/kc/print/load_data.html?order_code=212021030702658&kc_code=cgsh&condition= HTTP/1.1" 200 712
114.88.166.193 - - [07/Mar/2021:10:11:04 +0800] "GET /xingrg/all/function/internal_message.html?_=1615083063620&CODE_STATE=getMsg HTTP/1.1" 200 27
58.37.230.33 - - [07/Mar/2021:10:11:04 +0800] "GET /xingrg/all/function/internal_message.html?_=1615083065819&CODE_STATE=getMsg HTTP/1.1" 200 27
120.253.135.82 - - [07/Mar/2021:10:11:05 +0800] "GET /xingrg/all/function/internal_message.html?_=1615083070086&CODE_STATE=getMsg HTTP/1.1" 200 27
114.86.187.76 - - [07/Mar/2021:10:11:10 +0800] "POST /xingrg/services/DataTransmitService HTTP/1.1" 200 524
117.184.7.26 - - [07/Mar/2021:10:11:11 +0800] "GET /xingrg/kc/buy/cgsh_order_add.html HTTP/1.1" 200 62063
117.185.32.26 - - [07/Mar/2021:10:11:11 +0800] "GET /xingrg/kc/buy/cgsh_order_operate.html?command=get_materiel&rest_code=00106&code=00101016053&supplier_code=00100032&order_time=2021-03-07 HTTP/1.1" 200 408
117.184.7.26 - - [07/Mar/2021:10:11:12 +0800] "POST /xingrg/kc/buy/cgsh_order_operate.html HTTP/1.1" 200 8245
117.184.7.26 - - [07/Mar/2021:10:11:12 +0800] "GET /xingrg/javascript/easyui/themes/default/validatebox.css HTTP/1.1" 404 1104
114.86.187.76 - - [07/Mar/2021:10:11:14 +0800] "POST /xingrg/services/DataTransmitService HTTP/1.1" 200 501
180.169.147.146 - - [07/Mar/2021:10:11:14 +0800] "GET /xingrg/all/function/internal_message.html?_=1615083067213&CODE_STATE=getMsg HTTP/1.1" 200 27
222.70.216.220 - - [07/Mar/2021:10:11:15 +0800] "GET /xingrg/all/function/internal_message.html?_=1615083075698&CODE_STATE=getMsg HTTP/1.1" 200 27
116.232.51.165 - - [07/Mar/2021:10:11:16 +0800] "GET /xingrg/all/function/internal_message.html?_=1615083076563&CODE_STATE=getMsg HTTP/1.1" 200 27
116.232.51.165 - - [07/Mar/2021:10:11:16 +0800] "GET /xingrg/check_reg.html?_=1615083076564 HTTP/1.1" 200 22
58.40.7.146 - - [07/Mar/2021:10:11:17 +0800] "GET /xingrg/all/function/internal_message.html?_=1615083077080&CODE_STATE=getMsg HTTP/1.1" 200 27
180.169.147.146 - - [07/Mar/2021:10:11:17 +0800] "GET /xingrg/index.html?sysBaseUrl=http%3A%2F%2F180.169.147.146%3A18081%2Fxingrg%2F&costTime=40×tamp=1610415445867 HTTP/1.1" 302 -
180.169.147.146 - - [07/Mar/2021:10:11:17 +0800] "GET /xingrg/login.html HTTP/1.1" 200 7641
180.169.147.146 - - [07/Mar/2021:10:11:18 +0800] "GET /favicon.ico HTTP/1.1" 404 -
58.37.192.63 - - [07/Mar/2021:10:11:18 +0800] "GET /xingrg/all/function/internal_message.html?_=1615083077957&CODE_STATE=getMsg HTTP/1.1" 200 27
114.86.187.76 - - [07/Mar/2021:10:11:18 +0800] "POST /xingrg/services/DataTransmitService HTTP/1.1" 200 524
114.86.187.76 - - [07/Mar/2021:10:11:18 +0800] "POST /xingrg/services/DataTransmitService HTTP/1.1" 200 497
222.70.216.220 - - [07/Mar/2021:10:11:19 +0800] "GET /xingrg/all/function/internal_message.html?_=1615083078813&CODE_STATE=getMsg HTTP/1.1" 200 27
114.86.187.76 - - [07/Mar/2021:10:11:20 +0800] "POST /xingrg/services/DataTransmitService HTTP/1.1" 200 524
180.169.147.146 - - [07/Mar/2021:10:11:20 +0800] "POST /xingrg/login.do HTTP/1.1" 302 -
180.169.147.146 - - [07/Mar/2021:10:11:20 +0800] "GET /xingrg/index.html?sysBaseUrl=http%3A%2F%2F180.169.147.146%3A18081%2Fxingrg%2F&costTime=43×tamp=1615083080391 HTTP/1.1" 200 17503
180.169.147.146 - - [07/Mar/2021:10:11:20 +0800] "GET /favicon.ico HTTP/1.1" 404 -
180.169.147.146 - - [07/Mar/2021:10:11:20 +0800] "POST /xingrg/all/common/load_tree.html?tree=area_rest_tree_json&manage=1 HTTP/1.1" 200 3344
180.169.147.146 - - [07/Mar/2021:10:11:20 +0800] "GET /xingrg/all/function/internal_message.html?_=1615083080337&CODE_STATE=count HTTP/1.1" 200 11
180.169.147.146 - - [07/Mar/2021:10:11:20 +0800] "GET /xingrg/check_reg.html?_=1615083080338 HTTP/1.1" 200 22
180.169.147.146 - - [07/Mar/2021:10:11:20 +0800] "POST /xingrg/load_menu.html HTTP/1.1" 200 11443
114.86.187.76 - - [07/Mar/2021:10:11:22 +0800] "POST /xingrg/services/DataTransmitService HTTP/1.1" 200 501
117.185.32.26 - - [07/Mar/2021:10:11:22 +0800] "GET /xingrg/kc/buy/cgsh_order_operate.html?command=get_materiel&rest_code=00106&code=00101016017&supplier_code=00100032&order_time=2021-03-07 HTTP/1.1" 200 408
114.86.187.76 - - [07/Mar/2021:10:11:23 +0800] "POST /xingrg/services/DataTransmitService HTTP/1.1" 200 501
114.86.187.76 - - [07/Mar/2021:10:11:24 +0800] "POST /xingrg/services/DataTransmitService HTTP/1.1" 200 501
114.86.187.76 - - [07/Mar/2021:10:11:26 +0800] "POST /xingrg/services/DataTransmitService HTTP/1.1" 200 501
114.86.187.76 - - [07/Mar/2021:10:11:27 +0800] "POST /xingrg/services/DataTransmitService HTTP/1.1" 200 501
114.86.187.76 - - [07/Mar/2021:10:11:27 +0800] "POST /xingrg/services/DataTransmitService HTTP/1.1" 200 501
114.86.187.76 - - [07/Mar/2021:10:11:27 +0800] "POST /xingrg/services/DataTransmitService HTTP/1.1" 200 501
114.86.187.76 - - [07/Mar/2021:10:11:28 +0800] "POST /xingrg/services/DataTransmitService HTTP/1.1" 200 501
180.169.147.146 - - [07/Mar/2021:10:11:28 +0800] "POST /xingrg/load_menu.html HTTP/1.1" 200 9695
114.86.187.76 - - [07/Mar/2021:10:11:28 +0800] "POST /xingrg/services/DataTransmitService HTTP/1.1" 200 501
114.86.187.76 - - [07/Mar/2021:10:11:28 +0800] "POST /xingrg/services/DataTransmitService HTTP/1.1" 200 412
180.169.147.146 - - [07/Mar/2021:10:11:29 +0800] "GET /xingrg/all/report/report_query.html?fileName=dma/new_5.0/yingye/order_list.xml HTTP/1.1" 200 55281
180.169.147.146 - - [07/Mar/2021:10:11:29 +0800] "GET /xingrg/dwr/interface/AjaxReportQueryService.js HTTP/1.1" 200 13203
180.169.147.146 - - [07/Mar/2021:10:11:29 +0800] "GET /xingrg/dwr/engine.js HTTP/1.1" 200 43631
180.169.147.146 - - [07/Mar/2021:10:11:29 +0800] "GET /xingrg/dwr/util.js HTTP/1.1" 200 35990
180.169.147.146 - - [07/Mar/2021:10:11:30 +0800] "POST /xingrg/all/common/load_tree.html?tree=area_station_tree_json&manage=1 HTTP/1.1" 200 3240
180.169.147.146 - - [07/Mar/2021:10:11:30 +0800] "POST /xingrg/dwr/call/plaincall/AjaxReportQueryService.getFixDate.dwr HTTP/1.1" 200 111
180.169.147.146 - - [07/Mar/2021:10:11:30 +0800] "POST /xingrg/dwr/call/plaincall/AjaxReportQueryService.getInitString.dwr HTTP/1.1" 200 76
116.224.253.72 - - [07/Mar/2021:10:11:32 +0800] "GET /xingrg/all/function/internal_message.html?_=1615083056932&CODE_STATE=getMsg HTTP/1.1" 200 27
117.185.32.26 - - [07/Mar/2021:10:11:33 +0800] "GET /xingrg/kc/buy/cgsh_order_operate.html?command=get_materiel&rest_code=00106&code=00101001111&supplier_code=00100032&order_time=2021-03-07 HTTP/1.1" 200 408
180.169.147.146 - - [07/Mar/2021:10:11:37 +0800] "POST /xingrg/dwr/call/plaincall/AjaxReportQueryService.queryInitializeString.dwr HTTP/1.1" 200 301
180.169.147.146 - - [07/Mar/2021:10:11:38 +0800] "POST /xingrg/dwr/call/plaincall/AjaxReportQueryService.refreshCache.dwr HTTP/1.1" 200 78
180.169.147.146 - - [07/Mar/2021:10:11:38 +0800] "POST /xingrg/all/report/load_report_page.html HTTP/1.1" 200 165602
180.169.147.146 - - [07/Mar/2021:10:11:38 +0800] "GET /xingrg/servlets/image?cache=0.4429062758338217&image=px HTTP/1.1" 200 807
180.169.147.146 - - [07/Mar/2021:10:11:40 +0800] "POST /xingrg/all/report/load_report_page.html HTTP/1.1" 200 29561
180.169.147.146 - - [07/Mar/2021:10:11:40 +0800] "GET /xingrg/servlets/image?cache=0.15062746680351158&image=px HTTP/1.1" 200 807
222.69.137.90 - - [07/Mar/2021:10:11:40 +0800] "GET /xingrg/all/function/internal_message.html?_=1615083099335&CODE_STATE=getMsg HTTP/1.1" 200 27
180.174.195.252 - - [07/Mar/2021:10:11:41 +0800] "GET /xingrg/all/function/internal_message.html?_=1615083361946&CODE_STATE=getMsg HTTP/1.1" 200 27
117.184.7.26 - - [07/Mar/2021:10:11:43 +0800] "GET /xingrg/kc/buy/cgsh_order_operate.html?command=get_materiel&rest_code=00108&code=00101006184&supplier_code=00100096&order_time=2021-03-07 HTTP/1.1" 200 408
117.185.32.26 - - [07/Mar/2021:10:11:44 +0800] "GET /xingrg/all/function/internal_message.html?_=1615083607022&CODE_STATE=getMsg HTTP/1.1" 200 27
61.165.42.208 - - [07/Mar/2021:10:11:45 +0800] "GET /xingrg/all/function/internal_message.html?_=1615083105481&CODE_STATE=getMsg HTTP/1.1" 200 27
180.169.147.146 - - [07/Mar/2021:10:11:46 +0800] "GET /xingrg/all/function/internal_message.html?_=1615083106388&CODE_STATE=getMsg HTTP/1.1" 200 27
180.169.147.146 - - [07/Mar/2021:10:11:48 +0800] "GET /xingrg/check_reg.html?_=1615083100695 HTTP/1.1" 200 22
180.169.147.146 - - [07/Mar/2021:10:11:48 +0800] "GET /xingrg/all/function/internal_message.html?_=1615083100697&CODE_STATE=getMsg HTTP/1.1" 200 27
180.169.147.146 - - [07/Mar/2021:10:11:49 +0800] "POST /xingrg/dwr/call/plaincall/AjaxReportQueryService.refreshCache.dwr HTTP/1.1" 200 78
180.169.147.146 - - [07/Mar/2021:10:11:50 +0800] "POST /xingrg/all/report/load_report_page.html HTTP/1.1" 200 165762
180.169.147.146 - - [07/Mar/2021:10:11:50 +0800] "GET /xingrg/servlets/image?cache=0.33597949714958986&image=px HTTP/1.1" 200 807
120.253.135.82 - - [07/Mar/2021:10:11:51 +0800] "GET /xingrg/check_reg.html?_=1615082881732 HTTP/1.1" 200 22
180.169.147.146 - - [07/Mar/2021:10:11:52 +0800] "GET /xingrg/all/function/internal_message.html?_=1615083106322&CODE_STATE=getMsg HTTP/1.1" 200 27
180.169.147.146 - - [07/Mar/2021:10:11:52 +0800] "GET /xingrg/check_reg.html?_=1615083106324 HTTP/1.1" 200 22
180.169.147.146 - - [07/Mar/2021:10:11:53 +0800] "POST /xingrg/all/report/load_report_page.html HTTP/1.1" 200 72753
61.151.207.158 - - [07/Mar/2021:10:11:53 +0800] "GET /xingrg/all/function/internal_message.html?_=1615082825902&CODE_STATE=getMsg HTTP/1.1" 302 -
180.169.147.146 - - [07/Mar/2021:10:11:53 +0800] "GET /xingrg/servlets/image?cache=0.8984697180449853&image=px HTTP/1.1" 200 807
222.69.143.194 - - [07/Mar/2021:10:11:54 +0800] "GET /xingrg/check_reg.html?_=1615083117295 HTTP/1.1" 200 22
222.69.143.194 - - [07/Mar/2021:10:11:54 +0800] "GET /xingrg/all/function/internal_message.html?_=1615083117298&CODE_STATE=getMsg HTTP/1.1" 200 27
116.224.253.72 - - [07/Mar/2021:10:11:55 +0800] "GET /xingrg/all/function/internal_message.html?_=1615083117768&CODE_STATE=getMsg HTTP/1.1" 200 27
61.151.207.158 - - [07/Mar/2021:10:11:58 +0800] "GET /xingrg/login.html HTTP/1.1" 200 7641
117.184.7.26 - - [07/Mar/2021:10:11:58 +0800] "GET /xingrg/all/function/internal_message.html?_=1615083118233&CODE_STATE=getMsg HTTP/1.1" 200 27
101.228.165.174 - - [07/Mar/2021:10:11:58 +0800] "GET /xingrg/all/function/internal_message.html?_=1615083146332&CODE_STATE=getMsg HTTP/1.1" 200 27
117.184.7.26 - - [07/Mar/2021:10:11:59 +0800] "GET /xingrg/kc/buy/cgsh_order_operate.html?command=get_materiel&rest_code=00108&code=00101006055&supplier_code=00100096&order_time=2021-03-07 HTTP/1.1" 200 409
58.40.7.146 - - [07/Mar/2021:10:11:59 +0800] "GET /xingrg/all/function/internal_message.html?_=1615083119631&CODE_STATE=getMsg HTTP/1.1" 200 27
101.228.165.174 - - [07/Mar/2021:10:12:00 +0800] "GET /xingrg/all/function/internal_message.html?_=1615083120785&CODE_STATE=getMsg HTTP/1.1" 200 27
114.88.166.193 - - [07/Mar/2021:10:12:04 +0800] "GET /xingrg/all/function/internal_message.html?_=1615083123642&CODE_STATE=getMsg HTTP/1.1" 200 27
58.37.230.33 - - [07/Mar/2021:10:12:04 +0800] "GET /xingrg/all/function/internal_message.html?_=1615083125791&CODE_STATE=getMsg HTTP/1.1" 200 27
120.253.135.82 - - [07/Mar/2021:10:12:05 +0800] "GET /xingrg/all/function/internal_message.html?_=1615083130101&CODE_STATE=getMsg HTTP/1.1" 200 27
117.184.7.26 - - [07/Mar/2021:10:12:08 +0800] "GET /xingrg/kc/buy/cgsh_order_operate.html?command=get_materiel&rest_code=00108&code=00101006112&supplier_code=00100096&order_time=2021-03-07 HTTP/1.1" 200 411
180.169.147.146 - - [07/Mar/2021:10:12:14 +0800] "GET /xingrg/check_reg.html?_=1615083127213 HTTP/1.1" 200 22
180.169.147.146 - - [07/Mar/2021:10:12:14 +0800] "GET /xingrg/all/function/internal_message.html?_=1615083127216&CODE_STATE=getMsg HTTP/1.1" 200 27
222.70.216.220 - - [07/Mar/2021:10:12:15 +0800] "GET /xingrg/all/function/internal_message.html?_=1615083135702&CODE_STATE=getMsg HTTP/1.1" 200 27
116.232.51.165 - - [07/Mar/2021:10:12:16 +0800] "GET /xingrg/all/function/internal_message.html?_=1615083136566&CODE_STATE=getMsg HTTP/1.1" 200 27
58.40.7.146 - - [07/Mar/2021:10:12:17 +0800] "GET /xingrg/all/function/internal_message.html?_=1615083137085&CODE_STATE=getMsg HTTP/1.1" 200 27
58.37.192.63 - - [07/Mar/2021:10:12:18 +0800] "GET /xingrg/all/function/internal_message.html?_=1615083137967&CODE_STATE=getMsg HTTP/1.1" 200 27
222.70.216.220 - - [07/Mar/2021:10:12:19 +0800] "GET /xingrg/all/function/internal_message.html?_=1615083138787&CODE_STATE=getMsg HTTP/1.1" 200 27
