101.228.165.174 - - [07/Mar/2021:09:11:00 +0800] "GET /xingrg/all/function/internal_message.html?_=1615079460713&CODE_STATE=getMsg HTTP/1.1" 200 27
61.165.42.208 - - [07/Mar/2021:09:11:01 +0800] "GET /xingrg/kc/buy/cgsh_order_operate.html?command=get_materiel&rest_code=00105&code=00101008131&supplier_code=00100203&order_time=2021-03-07 HTTP/1.1" 200 408
114.88.166.193 - - [07/Mar/2021:09:11:03 +0800] "GET /xingrg/all/function/internal_message.html?_=1615079462680&CODE_STATE=getMsg HTTP/1.1" 200 27
120.253.135.82 - - [07/Mar/2021:09:11:03 +0800] "GET /xingrg/all/function/internal_message.html?_=1615079468772&CODE_STATE=getMsg HTTP/1.1" 200 27
61.165.42.208 - - [07/Mar/2021:09:11:04 +0800] "POST /xingrg/kc/buy/cgsh_order_operate.html HTTP/1.1" 200 2065
61.165.42.208 - - [07/Mar/2021:09:11:05 +0800] "POST /xingrg/kc/buy/cgsh_order_operate.html HTTP/1.1" 200 2065
58.37.230.33 - - [07/Mar/2021:09:11:05 +0800] "GET /xingrg/all/function/internal_message.html?_=1615079467137&CODE_STATE=getMsg HTTP/1.1" 200 27
222.69.137.90 - - [07/Mar/2021:09:11:11 +0800] "GET /xingrg/kc/buy/cgsh_order_operate.html?command=get_materiel&rest_code=00149&code=00101015027&supplier_code=00100005&order_time=2021-03-07 HTTP/1.1" 200 417
61.165.42.208 - - [07/Mar/2021:09:11:13 +0800] "GET /xingrg/kc/buy/cgsh_order_operate.html?command=get_materiel&rest_code=00105&code=00101008108&supplier_code=00100203&order_time=2021-03-07 HTTP/1.1" 200 412
61.129.6.145 - - [07/Mar/2021:09:11:13 +0800] "GET /xingrg/all/function/internal_message.html?_=1615079407157&CODE_STATE=getMsg HTTP/1.1" 302 -
117.185.32.26 - - [07/Mar/2021:09:11:14 +0800] "GET /xingrg/kc/buy/cgsh_order_operate.html?command=get_materiel&rest_code=00106&code=00101007090&supplier_code=00100002&order_time=2021-03-07 HTTP/1.1" 200 415
180.169.147.146 - - [07/Mar/2021:09:11:14 +0800] "GET /xingrg/all/function/internal_message.html?_=1615079467191&CODE_STATE=getMsg HTTP/1.1" 200 27
222.70.216.220 - - [07/Mar/2021:09:11:15 +0800] "GET /xingrg/all/function/internal_message.html?_=1615079474158&CODE_STATE=getMsg HTTP/1.1" 200 27
58.40.7.146 - - [07/Mar/2021:09:11:17 +0800] "GET /xingrg/all/function/internal_message.html?_=1615079477051&CODE_STATE=getMsg HTTP/1.1" 200 27
222.70.209.13 - - [07/Mar/2021:09:11:18 +0800] "POST /xingrg/services/DataTransmitService HTTP/1.1" 200 524
61.129.6.145 - - [07/Mar/2021:09:11:19 +0800] "GET /xingrg/login.html HTTP/1.1" 200 7641
222.70.216.220 - - [07/Mar/2021:09:11:20 +0800] "GET /xingrg/all/function/internal_message.html?_=1615079478768&CODE_STATE=getMsg HTTP/1.1" 200 27
61.165.42.208 - - [07/Mar/2021:09:11:21 +0800] "GET /xingrg/kc/buy/cgsh_order_operate.html?command=get_materiel&rest_code=00105&code=00101008213&supplier_code=00100203&order_time=2021-03-07 HTTP/1.1" 200 412
116.224.253.72 - - [07/Mar/2021:09:11:30 +0800] "GET /xingrg/all/function/internal_message.html?_=1615079454746&CODE_STATE=getMsg HTTP/1.1" 200 27
222.69.137.90 - - [07/Mar/2021:09:11:40 +0800] "GET /xingrg/all/function/internal_message.html?_=1615079499251&CODE_STATE=getMsg HTTP/1.1" 200 27
117.185.32.26 - - [07/Mar/2021:09:11:43 +0800] "GET /xingrg/kc/buy/cgsh_order_operate.html?command=get_materiel&rest_code=00106&code=00101007048&supplier_code=00100002&order_time=2021-03-07 HTTP/1.1" 200 408
117.185.32.26 - - [07/Mar/2021:09:11:44 +0800] "GET /xingrg/all/function/internal_message.html?_=1615080006698&CODE_STATE=getMsg HTTP/1.1" 200 27
61.165.42.208 - - [07/Mar/2021:09:11:44 +0800] "GET /xingrg/kc/buy/cgsh_order_operate.html?command=get_materiel&rest_code=00105&code=00101008307&supplier_code=00100203&order_time=2021-03-07 HTTP/1.1" 200 420
180.174.195.252 - - [07/Mar/2021:09:11:44 +0800] "GET /xingrg/check_reg.html?_=1615079765268 HTTP/1.1" 302 -
222.69.137.90 - - [07/Mar/2021:09:11:46 +0800] "GET /xingrg/kc/buy/cgsh_order_operate.html?command=get_materiel&rest_code=00149&code=00101008355&supplier_code=00100005&order_time=2021-03-07 HTTP/1.1" 200 408
61.165.42.208 - - [07/Mar/2021:09:11:46 +0800] "GET /xingrg/all/function/internal_message.html?_=1615079506632&CODE_STATE=getMsg HTTP/1.1" 200 27
222.69.137.90 - - [07/Mar/2021:09:11:50 +0800] "POST /xingrg/kc/buy/cgsh_order_operate.html HTTP/1.1" 200 2065
222.69.137.90 - - [07/Mar/2021:09:11:54 +0800] "GET /xingrg/kc/buy/cgsh_order_operate.html?command=get_materiel&rest_code=00149&code=00101008264&supplier_code=00100005&order_time=2021-03-07 HTTP/1.1" 200 412
101.228.165.174 - - [07/Mar/2021:09:11:55 +0800] "GET /xingrg/all/function/internal_message.html?_=1615079543138&CODE_STATE=getMsg HTTP/1.1" 200 27
61.165.42.208 - - [07/Mar/2021:09:11:56 +0800] "GET /xingrg/kc/buy/cgsh_order_operate.html?command=get_materiel&rest_code=00105&code=00101008092&supplier_code=00100203&order_time=2021-03-07 HTTP/1.1" 200 412
117.185.32.26 - - [07/Mar/2021:09:11:56 +0800] "GET /xingrg/kc/buy/cgsh_order_operate.html?command=get_materiel&rest_code=00106&code=00101007059&supplier_code=00100002&order_time=2021-03-07 HTTP/1.1" 200 409
116.224.253.72 - - [07/Mar/2021:09:11:59 +0800] "GET /xingrg/all/function/internal_message.html?_=1615079521835&CODE_STATE=getMsg HTTP/1.1" 200 27
58.40.7.146 - - [07/Mar/2021:09:11:59 +0800] "GET /xingrg/all/function/internal_message.html?_=1615079519585&CODE_STATE=getMsg HTTP/1.1" 200 27
101.228.165.174 - - [07/Mar/2021:09:12:00 +0800] "GET /xingrg/all/function/internal_message.html?_=1615079520712&CODE_STATE=getMsg HTTP/1.1" 200 27
114.88.166.193 - - [07/Mar/2021:09:12:03 +0800] "GET /xingrg/all/function/internal_message.html?_=1615079522706&CODE_STATE=getMsg HTTP/1.1" 200 27
120.253.135.82 - - [07/Mar/2021:09:12:03 +0800] "GET /xingrg/all/function/internal_message.html?_=1615079528786&CODE_STATE=getMsg HTTP/1.1" 200 27
222.69.137.90 - - [07/Mar/2021:09:12:03 +0800] "GET /xingrg/kc/buy/cgsh_order_operate.html?command=get_materiel&rest_code=00149&code=00101008321&supplier_code=00100005&order_time=2021-03-07 HTTP/1.1" 200 412
61.165.42.208 - - [07/Mar/2021:09:12:04 +0800] "GET /xingrg/kc/buy/cgsh_order_operate.html?command=get_materiel&rest_code=00105&code=00101015074&supplier_code=00100203&order_time=2021-03-07 HTTP/1.1" 200 408
114.88.166.193 - - [07/Mar/2021:09:12:05 +0800] "GET /xingrg/javascript/jquery_easy_ui/themes/default/images/tabs_active.png HTTP/1.1" 304 -
58.37.230.33 - - [07/Mar/2021:09:12:05 +0800] "GET /xingrg/all/function/internal_message.html?_=1615079527114&CODE_STATE=getMsg HTTP/1.1" 200 27
101.89.19.197 - - [07/Mar/2021:09:12:09 +0800] "GET /xingrg/all/function/internal_message.html?_=1615079467137&CODE_STATE=getMsg HTTP/1.1" 302 -
61.165.42.208 - - [07/Mar/2021:09:12:13 +0800] "GET /xingrg/kc/buy/cgsh_order_operate.html?command=get_materiel&rest_code=00105&code=00101015001&supplier_code=00100203&order_time=2021-03-07 HTTP/1.1" 200 412
180.169.147.146 - - [07/Mar/2021:09:12:14 +0800] "GET /xingrg/check_reg.html?_=1615079527190 HTTP/1.1" 200 22
180.169.147.146 - - [07/Mar/2021:09:12:14 +0800] "GET /xingrg/all/function/internal_message.html?_=1615079527193&CODE_STATE=getMsg HTTP/1.1" 200 27
101.89.19.197 - - [07/Mar/2021:09:12:15 +0800] "GET /xingrg/login.html HTTP/1.1" 200 7641
222.70.216.220 - - [07/Mar/2021:09:12:15 +0800] "GET /xingrg/all/function/internal_message.html?_=1615079534147&CODE_STATE=getMsg HTTP/1.1" 200 27
222.69.137.90 - - [07/Mar/2021:09:12:16 +0800] "GET /xingrg/kc/buy/cgsh_order_operate.html?command=get_materiel&rest_code=00149&code=00101008356&supplier_code=00100005&order_time=2021-03-07 HTTP/1.1" 200 408
114.88.166.193 - - [07/Mar/2021:09:12:16 +0800] "POST /xingrg/kc/buy/cgsh_list_operate.html HTTP/1.1" 200 4
58.40.7.146 - - [07/Mar/2021:09:12:17 +0800] "GET /xingrg/all/function/internal_message.html?_=1615079537054&CODE_STATE=getMsg HTTP/1.1" 200 27
61.165.42.208 - - [07/Mar/2021:09:12:19 +0800] "GET /xingrg/kc/buy/cgsh_order_operate.html?command=get_materiel&rest_code=00105&code=00101015032&supplier_code=00100203&order_time=2021-03-07 HTTP/1.1" 200 418
222.70.216.220 - - [07/Mar/2021:09:12:20 +0800] "GET /xingrg/all/function/internal_message.html?_=1615079538741&CODE_STATE=getMsg HTTP/1.1" 200 27
114.88.166.193 - - [07/Mar/2021:09:12:21 +0800] "POST /xingrg/kc/buy/cgsh_list_operate.html HTTP/1.1" 200 876
117.185.32.26 - - [07/Mar/2021:09:12:22 +0800] "GET /xingrg/kc/buy/cgsh_order_operate.html?command=get_materiel&rest_code=00106&code=00101007077&supplier_code=00100002&order_time=2021-03-07 HTTP/1.1" 200 415
61.165.42.208 - - [07/Mar/2021:09:12:28 +0800] "GET /xingrg/kc/buy/cgsh_order_operate.html?command=get_materiel&rest_code=00105&code=00101015017&supplier_code=00100203&order_time=2021-03-07 HTTP/1.1" 200 412
116.224.253.72 - - [07/Mar/2021:09:12:30 +0800] "GET /xingrg/all/function/internal_message.html?_=1615079514831&CODE_STATE=getMsg HTTP/1.1" 200 27
61.165.42.208 - - [07/Mar/2021:09:12:34 +0800] "GET /xingrg/kc/buy/cgsh_order_operate.html?command=get_materiel&rest_code=00105&code=00101015059&supplier_code=00100203&order_time=2021-03-07 HTTP/1.1" 200 412
222.69.137.90 - - [07/Mar/2021:09:12:35 +0800] "GET /xingrg/kc/buy/cgsh_order_operate.html?command=get_materiel&rest_code=00149&code=00101008300&supplier_code=00100005&order_time=2021-03-07 HTTP/1.1" 200 412
222.69.137.90 - - [07/Mar/2021:09:12:39 +0800] "POST /xingrg/kc/buy/cgsh_order_operate.html HTTP/1.1" 200 2065
222.69.137.90 - - [07/Mar/2021:09:12:40 +0800] "GET /xingrg/all/function/internal_message.html?_=1615079559260&CODE_STATE=getMsg HTTP/1.1" 200 27
117.185.32.26 - - [07/Mar/2021:09:12:41 +0800] "POST /xingrg/kc/buy/cgsh_order_operate.html HTTP/1.1" 200 37
117.185.32.26 - - [07/Mar/2021:09:12:43 +0800] "POST /xingrg/kc/buy/cgsh_order_operate.html HTTP/1.1" 200 5025
117.185.32.26 - - [07/Mar/2021:09:12:44 +0800] "GET /xingrg/all/function/internal_message.html?_=1615080066705&CODE_STATE=getMsg HTTP/1.1" 200 27
222.69.137.90 - - [07/Mar/2021:09:12:45 +0800] "GET /xingrg/kc/buy/cgsh_order_operate.html?command=get_materiel&rest_code=00149&code=00101008439&supplier_code=00100005&order_time=2021-03-07 HTTP/1.1" 200 399
61.165.42.208 - - [07/Mar/2021:09:12:46 +0800] "GET /xingrg/check_reg.html?_=1615079566634 HTTP/1.1" 200 22
61.165.42.208 - - [07/Mar/2021:09:12:46 +0800] "GET /xingrg/all/function/internal_message.html?_=1615079566636&CODE_STATE=getMsg HTTP/1.1" 200 27
61.165.42.208 - - [07/Mar/2021:09:12:49 +0800] "GET /favicon.ico HTTP/1.1" 404 -
61.165.42.208 - - [07/Mar/2021:09:12:50 +0800] "POST /xingrg/kc/buy/cgsh_order_operate.html HTTP/1.1" 200 2065
61.165.42.208 - - [07/Mar/2021:09:12:51 +0800] "POST /xingrg/kc/buy/cgsh_order_operate.html HTTP/1.1" 200 2065
117.185.32.26 - - [07/Mar/2021:09:12:53 +0800] "POST /xingrg/kc/buy/cgsh_order_operate.html HTTP/1.1" 200 37
117.185.32.26 - - [07/Mar/2021:09:12:55 +0800] "POST /xingrg/kc/buy/cgsh_order_operate.html HTTP/1.1" 200 5025
101.228.165.174 - - [07/Mar/2021:09:12:55 +0800] "GET /xingrg/all/function/internal_message.html?_=1615079603226&CODE_STATE=getMsg HTTP/1.1" 200 27
222.69.137.90 - - [07/Mar/2021:09:12:56 +0800] "GET /xingrg/kc/buy/cgsh_order_operate.html?command=get_materiel&rest_code=00149&code=00101008137&supplier_code=00100005&order_time=2021-03-07 HTTP/1.1" 200 408
117.185.32.26 - - [07/Mar/2021:09:12:57 +0800] "GET /xingrg/kc/buy/buy_main.html HTTP/1.1" 200 12412
117.185.32.26 - - [07/Mar/2021:09:12:57 +0800] "GET /xingrg/css/new_ie.css HTTP/1.1" 404 1036
117.185.32.26 - - [07/Mar/2021:09:12:58 +0800] "GET /xingrg/images/yd/bt.gif HTTP/1.1" 404 1040
116.224.253.72 - - [07/Mar/2021:09:12:59 +0800] "GET /xingrg/all/function/internal_message.html?_=1615079581836&CODE_STATE=getMsg HTTP/1.1" 200 27
61.165.42.208 - - [07/Mar/2021:09:12:59 +0800] "GET /xingrg/kc/buy/cgsh_order_operate.html?command=get_materiel&rest_code=00105&code=00101008350&supplier_code=00100203&order_time=2021-03-07 HTTP/1.1" 200 408
117.185.32.26 - - [07/Mar/2021:09:12:59 +0800] "GET /xingrg/kc/buy/cgsh_order_list.html HTTP/1.1" 200 46366
58.40.7.146 - - [07/Mar/2021:09:12:59 +0800] "GET /xingrg/all/function/internal_message.html?_=1615079579590&CODE_STATE=getMsg HTTP/1.1" 200 27
117.185.32.26 - - [07/Mar/2021:09:13:00 +0800] "POST /xingrg/kc/buy/cgsh_list_operate.html HTTP/1.1" 200 1690
101.228.165.174 - - [07/Mar/2021:09:13:00 +0800] "GET /xingrg/all/function/internal_message.html?_=1615079580713&CODE_STATE=getMsg HTTP/1.1" 200 27
114.88.166.193 - - [07/Mar/2021:09:13:03 +0800] "GET /xingrg/all/function/internal_message.html?_=1615079582721&CODE_STATE=getMsg HTTP/1.1" 200 27
120.253.135.82 - - [07/Mar/2021:09:13:03 +0800] "GET /xingrg/all/function/internal_message.html?_=1615079588826&CODE_STATE=getMsg HTTP/1.1" 200 27
58.37.230.33 - - [07/Mar/2021:09:13:05 +0800] "GET /xingrg/all/function/internal_message.html?_=1615079587096&CODE_STATE=getMsg HTTP/1.1" 200 27
116.224.253.72 - - [07/Mar/2021:09:13:06 +0800] "GET /xingrg/check_reg.html?_=1615079551033 HTTP/1.1" 200 22
180.169.147.146 - - [07/Mar/2021:09:13:14 +0800] "GET /xingrg/all/function/internal_message.html?_=1615079587177&CODE_STATE=getMsg HTTP/1.1" 200 27
61.165.42.208 - - [07/Mar/2021:09:13:15 +0800] "GET /xingrg/kc/buy/cgsh_order_operate.html?command=get_materiel&rest_code=00105&code=00101008032&supplier_code=00100203&order_time=2021-03-07 HTTP/1.1" 200 409
222.70.216.220 - - [07/Mar/2021:09:13:15 +0800] "GET /xingrg/all/function/internal_message.html?_=1615079594153&CODE_STATE=getMsg HTTP/1.1" 200 27
58.40.7.146 - - [07/Mar/2021:09:13:17 +0800] "GET /xingrg/all/function/internal_message.html?_=1615079597059&CODE_STATE=getMsg HTTP/1.1" 200 27
222.70.216.220 - - [07/Mar/2021:09:13:20 +0800] "GET /xingrg/all/function/internal_message.html?_=1615079598713&CODE_STATE=getMsg HTTP/1.1" 200 27
101.228.165.174 - - [07/Mar/2021:09:13:21 +0800] "GET /xingrg/check_reg.html?_=1615079629253 HTTP/1.1" 200 22
58.40.7.146 - - [07/Mar/2021:09:13:25 +0800] "GET /xingrg/check_reg.html?_=1615079605670 HTTP/1.1" 200 22
58.37.230.33 - - [07/Mar/2021:09:13:30 +0800] "GET /xingrg/check_reg.html?_=1615079611418 HTTP/1.1" 200 22
116.224.253.72 - - [07/Mar/2021:09:13:30 +0800] "GET /xingrg/all/function/internal_message.html?_=1615079574834&CODE_STATE=getMsg HTTP/1.1" 200 27
222.69.137.90 - - [07/Mar/2021:09:13:40 +0800] "GET /xingrg/all/function/internal_message.html?_=1615079619281&CODE_STATE=getMsg HTTP/1.1" 200 27
222.69.137.90 - - [07/Mar/2021:09:13:42 +0800] "GET /xingrg/kc/buy/cgsh_order_operate.html?command=get_materiel&rest_code=00149&code=00101008059&supplier_code=00100005&order_time=2021-03-07 HTTP/1.1" 200 408
117.185.32.26 - - [07/Mar/2021:09:13:44 +0800] "GET /xingrg/all/function/internal_message.html?_=1615080126714&CODE_STATE=getMsg HTTP/1.1" 200 27
61.165.42.208 - - [07/Mar/2021:09:13:46 +0800] "GET /xingrg/all/function/internal_message.html?_=1615079626723&CODE_STATE=getMsg HTTP/1.1" 200 27
101.228.165.174 - - [07/Mar/2021:09:13:55 +0800] "GET /xingrg/all/function/internal_message.html?_=1615079663228&CODE_STATE=getMsg HTTP/1.1" 200 27
222.69.137.90 - - [07/Mar/2021:09:13:58 +0800] "GET /xingrg/kc/buy/cgsh_order_operate.html?command=get_materiel&rest_code=00149&code=00101008172&supplier_code=00100005&order_time=2021-03-07 HTTP/1.1" 200 412
116.224.253.72 - - [07/Mar/2021:09:13:59 +0800] "GET /xingrg/all/function/internal_message.html?_=1615079641833&CODE_STATE=getMsg HTTP/1.1" 200 27
58.40.7.146 - - [07/Mar/2021:09:13:59 +0800] "GET /xingrg/all/function/internal_message.html?_=1615079639579&CODE_STATE=getMsg HTTP/1.1" 200 27
101.228.165.174 - - [07/Mar/2021:09:14:00 +0800] "GET /xingrg/all/function/internal_message.html?_=1615079640713&CODE_STATE=getMsg HTTP/1.1" 200 27
101.228.165.174 - - [07/Mar/2021:09:14:00 +0800] "GET /xingrg/check_reg.html?_=1615079640718 HTTP/1.1" 200 22
114.88.166.193 - - [07/Mar/2021:09:14:03 +0800] "GET /xingrg/all/function/internal_message.html?_=1615079642735&CODE_STATE=getMsg HTTP/1.1" 200 27
222.69.137.90 - - [07/Mar/2021:09:14:03 +0800] "POST /xingrg/kc/buy/cgsh_order_operate.html HTTP/1.1" 200 2065
120.253.135.82 - - [07/Mar/2021:09:14:03 +0800] "GET /xingrg/all/function/internal_message.html?_=1615079648828&CODE_STATE=getMsg HTTP/1.1" 200 27
58.37.230.33 - - [07/Mar/2021:09:14:05 +0800] "GET /xingrg/all/function/internal_message.html?_=1615079647078&CODE_STATE=getMsg HTTP/1.1" 200 27
61.165.42.208 - - [07/Mar/2021:09:14:07 +0800] "GET /xingrg/kc/buy/cgsh_order_operate.html?command=get_materiel&rest_code=00105&code=00101008069&supplier_code=00100203&order_time=2021-03-07 HTTP/1.1" 200 412
180.169.147.146 - - [07/Mar/2021:09:14:14 +0800] "GET /xingrg/all/function/internal_message.html?_=1615079647191&CODE_STATE=getMsg HTTP/1.1" 200 27
101.89.19.197 - - [07/Mar/2021:09:14:15 +0800] "GET /xingrg/all/function/internal_message.html?_=1615079587096&CODE_STATE=getMsg HTTP/1.1" 302 -
180.169.147.146 - - [07/Mar/2021:09:14:15 +0800] "GET /xingrg/check_reg.html?_=1615079655182 HTTP/1.1" 200 22
222.70.216.220 - - [07/Mar/2021:09:14:15 +0800] "GET /xingrg/check_reg.html?_=1615079654158 HTTP/1.1" 200 22
222.70.216.220 - - [07/Mar/2021:09:14:15 +0800] "GET /xingrg/all/function/internal_message.html?_=1615079654162&CODE_STATE=getMsg HTTP/1.1" 200 27
222.69.137.90 - - [07/Mar/2021:09:14:16 +0800] "GET /xingrg/kc/buy/cgsh_order_operate.html?command=get_materiel&rest_code=00149&code=00101008558&supplier_code=00100005&order_time=2021-03-07 HTTP/1.1" 200 395
58.40.7.146 - - [07/Mar/2021:09:14:17 +0800] "GET /xingrg/all/function/internal_message.html?_=1615079657060&CODE_STATE=getMsg HTTP/1.1" 200 27
58.40.7.146 - - [07/Mar/2021:09:14:17 +0800] "GET /xingrg/check_reg.html?_=1615079657062 HTTP/1.1" 200 22
61.165.42.208 - - [07/Mar/2021:09:14:18 +0800] "GET /xingrg/kc/buy/cgsh_order_operate.html?command=get_materiel&rest_code=00105&code=00101008098&supplier_code=00100203&order_time=2021-03-07 HTTP/1.1" 200 412
222.70.216.220 - - [07/Mar/2021:09:14:20 +0800] "GET /xingrg/all/function/internal_message.html?_=1615079658700&CODE_STATE=getMsg HTTP/1.1" 200 27
101.89.19.197 - - [07/Mar/2021:09:14:20 +0800] "GET /xingrg/login.html HTTP/1.1" 200 7641
116.224.253.72 - - [07/Mar/2021:09:14:30 +0800] "GET /xingrg/all/function/internal_message.html?_=1615079634848&CODE_STATE=getMsg HTTP/1.1" 200 27
222.69.137.90 - - [07/Mar/2021:09:14:34 +0800] "GET /xingrg/kc/buy/cgsh_order_operate.html?command=get_materiel&rest_code=00149&code=00101008238&supplier_code=00100005&order_time=2021-03-07 HTTP/1.1" 200 416
114.88.166.193 - - [07/Mar/2021:09:14:35 +0800] "GET /xingrg/check_reg.html?_=1615079674775 HTTP/1.1" 200 22
61.165.42.208 - - [07/Mar/2021:09:14:36 +0800] "GET /xingrg/kc/buy/cgsh_order_operate.html?command=get_materiel&rest_code=00105&code=00101008168&supplier_code=00100203&order_time=2021-03-07 HTTP/1.1" 200 413
222.69.137.90 - - [07/Mar/2021:09:14:40 +0800] "GET /xingrg/all/function/internal_message.html?_=1615079679260&CODE_STATE=getMsg HTTP/1.1" 200 27
61.165.42.208 - - [07/Mar/2021:09:14:43 +0800] "GET /xingrg/kc/buy/cgsh_order_operate.html?command=get_materiel&rest_code=00105&code=00101008236&supplier_code=00100203&order_time=2021-03-07 HTTP/1.1" 200 416
117.185.32.26 - - [07/Mar/2021:09:14:44 +0800] "GET /xingrg/check_reg.html?_=1615080186721 HTTP/1.1" 200 22
117.185.32.26 - - [07/Mar/2021:09:14:44 +0800] "GET /xingrg/all/function/internal_message.html?_=1615080186722&CODE_STATE=getMsg HTTP/1.1" 200 27
61.165.42.208 - - [07/Mar/2021:09:14:46 +0800] "GET /xingrg/all/function/internal_message.html?_=1615079686718&CODE_STATE=getMsg HTTP/1.1" 200 27
61.165.42.208 - - [07/Mar/2021:09:14:49 +0800] "GET /xingrg/system/info/materiel_import.html?isSelect=1&singleSelect=false HTTP/1.1" 200 5600
61.165.42.208 - - [07/Mar/2021:09:14:50 +0800] "POST /xingrg/all/common/load_tree.html?tree=materiel_sort_tree_json HTTP/1.1" 200 8666
61.165.42.208 - - [07/Mar/2021:09:14:50 +0800] "GET /favicon.ico HTTP/1.1" 404 -
101.228.165.174 - - [07/Mar/2021:09:14:55 +0800] "GET /xingrg/all/function/internal_message.html?_=1615079723242&CODE_STATE=getMsg HTTP/1.1" 200 27
61.165.42.208 - - [07/Mar/2021:09:14:58 +0800] "GET /xingrg/kc/buy/cgsh_order_operate.html?command=get_materiel&rest_code=00105&code=00101020152&supplier_code=00100203&order_time=2021-03-07 HTTP/1.1" 200 416
116.224.253.72 - - [07/Mar/2021:09:14:59 +0800] "GET /xingrg/all/function/internal_message.html?_=1615079701844&CODE_STATE=getMsg HTTP/1.1" 200 27
58.40.7.146 - - [07/Mar/2021:09:14:59 +0800] "GET /xingrg/all/function/internal_message.html?_=1615079699583&CODE_STATE=getMsg HTTP/1.1" 200 27
101.228.165.174 - - [07/Mar/2021:09:15:00 +0800] "GET /xingrg/all/function/internal_message.html?_=1615079700717&CODE_STATE=getMsg HTTP/1.1" 200 27
114.88.166.193 - - [07/Mar/2021:09:15:03 +0800] "GET /xingrg/all/function/internal_message.html?_=1615079702749&CODE_STATE=getMsg HTTP/1.1" 200 27
120.253.135.82 - - [07/Mar/2021:09:15:04 +0800] "GET /xingrg/all/function/internal_message.html?_=1615079708868&CODE_STATE=getMsg HTTP/1.1" 200 27
58.37.230.33 - - [07/Mar/2021:09:15:05 +0800] "GET /xingrg/all/function/internal_message.html?_=1615079707048&CODE_STATE=getMsg HTTP/1.1" 200 27
222.70.216.220 - - [07/Mar/2021:09:15:11 +0800] "GET /xingrg/check_reg.html?_=1615079709454 HTTP/1.1" 200 22
222.69.137.90 - - [07/Mar/2021:09:15:13 +0800] "GET /xingrg/kc/buy/cgsh_order_operate.html?command=get_materiel&rest_code=00149&code=00101008357&supplier_code=00100005&order_time=2021-03-07 HTTP/1.1" 200 408
180.169.147.146 - - [07/Mar/2021:09:15:14 +0800] "GET /xingrg/all/function/internal_message.html?_=1615079707190&CODE_STATE=getMsg HTTP/1.1" 200 27
222.70.216.220 - - [07/Mar/2021:09:15:15 +0800] "GET /xingrg/all/function/internal_message.html?_=1615079714148&CODE_STATE=getMsg HTTP/1.1" 200 27
58.40.7.146 - - [07/Mar/2021:09:15:17 +0800] "GET /xingrg/all/function/internal_message.html?_=1615079717066&CODE_STATE=getMsg HTTP/1.1" 200 27
222.70.216.220 - - [07/Mar/2021:09:15:20 +0800] "GET /xingrg/all/function/internal_message.html?_=1615079718675&CODE_STATE=getMsg HTTP/1.1" 200 27
61.165.42.208 - - [07/Mar/2021:09:15:25 +0800] "GET /xingrg/kc/buy/cgsh_order_operate.html?command=get_materiel&rest_code=00105&code=00101008122&supplier_code=00100203&order_time=2021-03-07 HTTP/1.1" 200 412
116.224.253.72 - - [07/Mar/2021:09:15:30 +0800] "GET /xingrg/all/function/internal_message.html?_=1615079694913&CODE_STATE=getMsg HTTP/1.1" 200 27
101.228.165.174 - - [07/Mar/2021:09:15:31 +0800] "GET /xingrg/kc/buy/cgsh_order_add.html HTTP/1.1" 200 62110
101.228.165.174 - - [07/Mar/2021:09:15:31 +0800] "POST /xingrg/kc/buy/cgsh_order_operate.html HTTP/1.1" 200 8245
101.228.165.174 - - [07/Mar/2021:09:15:32 +0800] "GET /xingrg/javascript/easyui/themes/default/validatebox.css HTTP/1.1" 404 1104
222.69.137.90 - - [07/Mar/2021:09:15:38 +0800] "GET /xingrg/kc/buy/cgsh_order_operate.html?command=get_materiel&rest_code=00149&code=00101008069&supplier_code=00100005&order_time=2021-03-07 HTTP/1.1" 200 412
222.69.137.90 - - [07/Mar/2021:09:15:40 +0800] "GET /xingrg/all/function/internal_message.html?_=1615079739251&CODE_STATE=getMsg HTTP/1.1" 200 27
222.69.137.90 - - [07/Mar/2021:09:15:40 +0800] "GET /xingrg/check_reg.html?_=1615079739256 HTTP/1.1" 200 22
61.165.42.208 - - [07/Mar/2021:09:15:41 +0800] "GET /xingrg/kc/buy/cgsh_order_operate.html?command=get_materiel&rest_code=00105&code=00101008209&supplier_code=00100203&order_time=2021-03-07 HTTP/1.1" 200 408
117.185.32.26 - - [07/Mar/2021:09:15:44 +0800] "GET /xingrg/all/function/internal_message.html?_=1615080246728&CODE_STATE=getMsg HTTP/1.1" 200 27
120.253.135.82 - - [07/Mar/2021:09:15:46 +0800] "GET /xingrg/check_reg.html?_=1615079751540 HTTP/1.1" 200 22
61.165.42.208 - - [07/Mar/2021:09:15:46 +0800] "GET /xingrg/all/function/internal_message.html?_=1615079746642&CODE_STATE=getMsg HTTP/1.1" 200 27
222.69.137.90 - - [07/Mar/2021:09:15:48 +0800] "GET /xingrg/kc/buy/cgsh_order_operate.html?command=get_materiel&rest_code=00149&code=00101008286&supplier_code=00100005&order_time=2021-03-07 HTTP/1.1" 200 408
61.165.42.208 - - [07/Mar/2021:09:15:49 +0800] "GET /xingrg/kc/buy/cgsh_order_operate.html?command=get_materiel&rest_code=00105&code=00101008039&supplier_code=00100203&order_time=2021-03-07 HTTP/1.1" 200 412
222.69.137.90 - - [07/Mar/2021:09:15:53 +0800] "POST /xingrg/kc/buy/cgsh_order_operate.html HTTP/1.1" 200 2065
101.228.165.174 - - [07/Mar/2021:09:15:53 +0800] "GET /xingrg/kc/buy/cgsh_order_operate.html?command=get_materiel&rest_code=00146&code=00101006130&supplier_code=00100012&order_time=2021-03-07 HTTP/1.1" 200 427
101.228.165.174 - - [07/Mar/2021:09:15:55 +0800] "GET /xingrg/all/function/internal_message.html?_=1615079783255&CODE_STATE=getMsg HTTP/1.1" 200 27
61.165.42.208 - - [07/Mar/2021:09:15:57 +0800] "GET /xingrg/kc/buy/cgsh_order_operate.html?command=get_materiel&rest_code=00105&code=00101008010&supplier_code=00100203&order_time=2021-03-07 HTTP/1.1" 200 412
116.224.253.72 - - [07/Mar/2021:09:15:59 +0800] "GET /xingrg/check_reg.html?_=1615079761839 HTTP/1.1" 200 22
116.224.253.72 - - [07/Mar/2021:09:15:59 +0800] "GET /xingrg/all/function/internal_message.html?_=1615079761843&CODE_STATE=getMsg HTTP/1.1" 200 27
58.40.7.146 - - [07/Mar/2021:09:15:59 +0800] "GET /xingrg/all/function/internal_message.html?_=1615079759586&CODE_STATE=getMsg HTTP/1.1" 200 27
222.69.137.90 - - [07/Mar/2021:09:16:00 +0800] "GET /xingrg/kc/buy/cgsh_order_operate.html?command=get_materiel&rest_code=00149&code=00101008036&supplier_code=00100005&order_time=2021-03-07 HTTP/1.1" 200 408
101.228.165.174 - - [07/Mar/2021:09:16:00 +0800] "GET /xingrg/all/function/internal_message.html?_=1615079760717&CODE_STATE=getMsg HTTP/1.1" 200 27
61.165.42.208 - - [07/Mar/2021:09:16:00 +0800] "POST /xingrg/kc/buy/cgsh_order_operate.html HTTP/1.1" 200 2065
114.88.166.193 - - [07/Mar/2021:09:16:03 +0800] "GET /xingrg/all/function/internal_message.html?_=1615079762763&CODE_STATE=getMsg HTTP/1.1" 200 27
120.253.135.82 - - [07/Mar/2021:09:16:03 +0800] "GET /xingrg/all/function/internal_message.html?_=1615079768871&CODE_STATE=getMsg HTTP/1.1" 200 27
58.37.230.33 - - [07/Mar/2021:09:16:05 +0800] "GET /xingrg/all/function/internal_message.html?_=1615079767029&CODE_STATE=getMsg HTTP/1.1" 200 27
61.165.42.208 - - [07/Mar/2021:09:16:05 +0800] "GET /xingrg/kc/buy/cgsh_order_operate.html?command=get_materiel&rest_code=00105&code=00101008123&supplier_code=00100203&order_time=2021-03-07 HTTP/1.1" 200 412
116.232.51.165 - - [07/Mar/2021:09:16:05 +0800] "GET /xingrg/login.html HTTP/1.1" 200 7641
116.232.51.165 - - [07/Mar/2021:09:16:06 +0800] "GET /favicon.ico HTTP/1.1" 404 -
61.165.42.208 - - [07/Mar/2021:09:16:09 +0800] "POST /xingrg/kc/buy/cgsh_order_operate.html HTTP/1.1" 200 2065
222.69.137.90 - - [07/Mar/2021:09:16:13 +0800] "GET /xingrg/kc/buy/cgsh_order_operate.html?command=get_materiel&rest_code=00149&code=00101008131&supplier_code=00100005&order_time=2021-03-07 HTTP/1.1" 200 408
180.169.147.146 - - [07/Mar/2021:09:16:14 +0800] "GET /xingrg/all/function/internal_message.html?_=1615079767189&CODE_STATE=getMsg HTTP/1.1" 200 27
222.70.216.220 - - [07/Mar/2021:09:16:15 +0800] "GET /xingrg/all/function/internal_message.html?_=1615079774154&CODE_STATE=getMsg HTTP/1.1" 200 27
116.232.51.165 - - [07/Mar/2021:09:16:16 +0800] "POST /xingrg/login.do HTTP/1.1" 302 -
116.232.51.165 - - [07/Mar/2021:09:16:16 +0800] "GET /xingrg/index.html?sysBaseUrl=http%3A%2F%2F180.169.147.146%3A18081%2Fxingrg%2F&costTime=52×tamp=1615079776296 HTTP/1.1" 200 17173
116.232.51.165 - - [07/Mar/2021:09:16:16 +0800] "POST /xingrg/all/common/load_tree.html?tree=area_rest_tree_json&manage=1 HTTP/1.1" 200 342
116.232.51.165 - - [07/Mar/2021:09:16:16 +0800] "GET /xingrg/all/function/internal_message.html?_=1615079776206&CODE_STATE=count HTTP/1.1" 200 11
116.232.51.165 - - [07/Mar/2021:09:16:16 +0800] "GET /xingrg/check_reg.html?_=1615079776206 HTTP/1.1" 200 22
116.232.51.165 - - [07/Mar/2021:09:16:16 +0800] "POST /xingrg/load_menu.html HTTP/1.1" 200 5138
58.40.7.146 - - [07/Mar/2021:09:16:17 +0800] "GET /xingrg/all/function/internal_message.html?_=1615079777052&CODE_STATE=getMsg HTTP/1.1" 200 27
101.228.165.174 - - [07/Mar/2021:09:16:17 +0800] "GET /xingrg/kc/buy/cgsh_order_operate.html?command=get_materiel&rest_code=00146&code=00101006128&supplier_code=00100012&order_time=2021-03-07 HTTP/1.1" 200 427
116.232.51.165 - - [07/Mar/2021:09:16:17 +0800] "GET /xingrg/kc/buy/buy_main.html HTTP/1.1" 200 12412
116.232.51.165 - - [07/Mar/2021:09:16:17 +0800] "GET /xingrg/css/new_ie.css HTTP/1.1" 404 1036
116.232.51.165 - - [07/Mar/2021:09:16:18 +0800] "GET /xingrg/kc/buy/cgsh_order_list.html HTTP/1.1" 200 46366
116.232.51.165 - - [07/Mar/2021:09:16:19 +0800] "POST /xingrg/kc/buy/cgsh_list_operate.html HTTP/1.1" 200 876
222.70.216.220 - - [07/Mar/2021:09:16:20 +0800] "GET /xingrg/all/function/internal_message.html?_=1615079778649&CODE_STATE=getMsg HTTP/1.1" 200 27
116.232.51.165 - - [07/Mar/2021:09:16:21 +0800] "GET /xingrg/words/20210306104059_words.js HTTP/1.1" 304 -
116.232.51.165 - - [07/Mar/2021:09:16:21 +0800] "GET /xingrg/kc/buy/cgsh_order_add.html HTTP/1.1" 200 62145
116.232.51.165 - - [07/Mar/2021:09:16:21 +0800] "POST /xingrg/kc/buy/cgsh_order_operate.html HTTP/1.1" 200 8245
116.232.51.165 - - [07/Mar/2021:09:16:21 +0800] "GET /xingrg/all/common/auto_word.html?type=employee&rest_code=00109 HTTP/1.1" 200 205
116.232.51.165 - - [07/Mar/2021:09:16:21 +0800] "GET /xingrg/all/common/auto_word.html?type=employee&rest_code=00109 HTTP/1.1" 200 205
116.232.51.165 - - [07/Mar/2021:09:16:21 +0800] "GET /xingrg/javascript/easyui/themes/default/validatebox.css HTTP/1.1" 404 1104
222.69.137.90 - - [07/Mar/2021:09:16:25 +0800] "GET /xingrg/kc/buy/cgsh_order_operate.html?command=get_materiel&rest_code=00149&code=00101008296&supplier_code=00100005&order_time=2021-03-07 HTTP/1.1" 200 416
116.232.51.165 - - [07/Mar/2021:09:16:28 +0800] "GET /xingrg/javascript/jquery_tools/images/prev.gif HTTP/1.1" 404 1086
116.232.51.165 - - [07/Mar/2021:09:16:28 +0800] "GET /xingrg/javascript/jquery_tools/images/next.gif HTTP/1.1" 404 1086
116.224.253.72 - - [07/Mar/2021:09:16:30 +0800] "GET /xingrg/all/function/internal_message.html?_=1615079754923&CODE_STATE=getMsg HTTP/1.1" 200 27
61.165.42.208 - - [07/Mar/2021:09:16:31 +0800] "GET /xingrg/kc/buy/cgsh_order_operate.html?command=get_materiel&rest_code=00105&code=00101008088&supplier_code=00100203&order_time=2021-03-07 HTTP/1.1" 200 408
116.232.51.165 - - [07/Mar/2021:09:16:32 +0800] "GET /xingrg/kc/buy/cgsh_order_operate.html?command=get_materiel&rest_code=00109&code=00101008261&supplier_code=00100005&order_time=2021-03-07 HTTP/1.1" 200 408
222.69.137.90 - - [07/Mar/2021:09:16:34 +0800] "GET /xingrg/kc/buy/cgsh_order_operate.html?command=get_materiel&rest_code=00149&code=00101008352&supplier_code=00100005&order_time=2021-03-07 HTTP/1.1" 200 412
61.165.42.208 - - [07/Mar/2021:09:16:37 +0800] "GET /xingrg/kc/buy/cgsh_order_operate.html?command=get_materiel&rest_code=00105&code=00101008126&supplier_code=00100203&order_time=2021-03-07 HTTP/1.1" 200 412
116.232.51.165 - - [07/Mar/2021:09:16:38 +0800] "GET /xingrg/kc/buy/cgsh_order_operate.html?command=get_materiel&rest_code=00109&code=00101008155&supplier_code=00100005&order_time=2021-03-07 HTTP/1.1" 200 408
101.228.165.174 - - [07/Mar/2021:09:16:38 +0800] "GET /xingrg/kc/buy/cgsh_order_operate.html?command=get_materiel&rest_code=00146&code=00101006025&supplier_code=00100012&order_time=2021-03-07 HTTP/1.1" 200 417
222.69.137.90 - - [07/Mar/2021:09:16:40 +0800] "GET /xingrg/all/function/internal_message.html?_=1615079799261&CODE_STATE=getMsg HTTP/1.1" 200 27
222.69.137.90 - - [07/Mar/2021:09:16:41 +0800] "GET /xingrg/kc/buy/cgsh_order_operate.html?command=get_materiel&rest_code=00149&code=00101008098&supplier_code=00100005&order_time=2021-03-07 HTTP/1.1" 200 412
116.232.51.165 - - [07/Mar/2021:09:16:42 +0800] "GET /xingrg/kc/buy/cgsh_order_operate.html?command=get_materiel&rest_code=00109&code=00101008349&supplier_code=00100005&order_time=2021-03-07 HTTP/1.1" 200 412
117.185.32.26 - - [07/Mar/2021:09:16:44 +0800] "GET /xingrg/all/function/internal_message.html?_=1615080306721&CODE_STATE=getMsg HTTP/1.1" 200 27
61.165.42.208 - - [07/Mar/2021:09:16:44 +0800] "GET /xingrg/kc/buy/cgsh_order_operate.html?command=get_materiel&rest_code=00105&code=00101008355&supplier_code=00100203&order_time=2021-03-07 HTTP/1.1" 200 408
222.69.137.90 - - [07/Mar/2021:09:16:44 +0800] "POST /xingrg/kc/buy/cgsh_order_operate.html HTTP/1.1" 200 2065
180.174.195.252 - - [07/Mar/2021:09:16:45 +0800] "GET /xingrg/check_reg.html?_=1615080065792 HTTP/1.1" 302 -
61.165.42.208 - - [07/Mar/2021:09:16:46 +0800] "GET /xingrg/all/function/internal_message.html?_=1615079806741&CODE_STATE=getMsg HTTP/1.1" 200 27
222.69.137.90 - - [07/Mar/2021:09:16:48 +0800] "GET /xingrg/kc/buy/cgsh_order_operate.html?command=get_materiel&rest_code=00149&code=00101008005&supplier_code=00100005&order_time=2021-03-07 HTTP/1.1" 200 412
101.228.165.174 - - [07/Mar/2021:09:16:49 +0800] "GET /xingrg/kc/buy/cgsh_order_operate.html?command=get_materiel&rest_code=00146&code=00101006177&supplier_code=00100012&order_time=2021-03-07 HTTP/1.1" 200 409
101.228.165.174 - - [07/Mar/2021:09:16:55 +0800] "GET /xingrg/all/function/internal_message.html?_=1615079843270&CODE_STATE=getMsg HTTP/1.1" 200 27
61.165.42.208 - - [07/Mar/2021:09:16:58 +0800] "GET /xingrg/kc/buy/cgsh_order_operate.html?command=get_materiel&rest_code=00105&code=00101008067&supplier_code=00100203&order_time=2021-03-07 HTTP/1.1" 200 416
101.228.165.174 - - [07/Mar/2021:09:16:58 +0800] "GET /xingrg/kc/buy/cgsh_order_operate.html?command=get_materiel&rest_code=00146&code=00101006109&supplier_code=00100012&order_time=2021-03-07 HTTP/1.1" 200 409
116.224.253.72 - - [07/Mar/2021:09:16:59 +0800] "GET /xingrg/all/function/internal_message.html?_=1615079821830&CODE_STATE=getMsg HTTP/1.1" 200 27
58.40.7.146 - - [07/Mar/2021:09:16:59 +0800] "GET /xingrg/all/function/internal_message.html?_=1615079819590&CODE_STATE=getMsg HTTP/1.1" 200 27
101.228.165.174 - - [07/Mar/2021:09:17:00 +0800] "GET /xingrg/all/function/internal_message.html?_=1615079820716&CODE_STATE=getMsg HTTP/1.1" 200 27
114.88.166.193 - - [07/Mar/2021:09:17:03 +0800] "GET /xingrg/all/function/internal_message.html?_=1615079822784&CODE_STATE=getMsg HTTP/1.1" 200 27
120.253.135.82 - - [07/Mar/2021:09:17:03 +0800] "GET /xingrg/all/function/internal_message.html?_=1615079828885&CODE_STATE=getMsg HTTP/1.1" 200 27
58.37.230.33 - - [07/Mar/2021:09:17:05 +0800] "GET /xingrg/all/function/internal_message.html?_=1615079827009&CODE_STATE=getMsg HTTP/1.1" 200 27
61.165.42.208 - - [07/Mar/2021:09:17:10 +0800] "GET /xingrg/kc/buy/cgsh_order_operate.html?command=get_materiel&rest_code=00105&code=00101008059&supplier_code=00100203&order_time=2021-03-07 HTTP/1.1" 200 408
101.228.165.174 - - [07/Mar/2021:09:17:11 +0800] "GET /xingrg/kc/buy/cgsh_order_operate.html?command=get_materiel&rest_code=00146&code=00101006111&supplier_code=00100012&order_time=2021-03-07 HTTP/1.1" 200 409
222.69.137.90 - - [07/Mar/2021:09:17:11 +0800] "GET /xingrg/kc/buy/cgsh_order_operate.html?command=get_materiel&rest_code=00149&code=00101008353&supplier_code=00100005&order_time=2021-03-07 HTTP/1.1" 200 408
180.169.147.146 - - [07/Mar/2021:09:17:14 +0800] "GET /xingrg/all/function/internal_message.html?_=1615079827187&CODE_STATE=getMsg HTTP/1.1" 200 27
180.169.147.146 - - [07/Mar/2021:09:17:14 +0800] "GET /xingrg/check_reg.html?_=1615079827189 HTTP/1.1" 200 22
222.70.216.220 - - [07/Mar/2021:09:17:15 +0800] "GET /xingrg/all/function/internal_message.html?_=1615079834159&CODE_STATE=getMsg HTTP/1.1" 200 27
116.232.51.165 - - [07/Mar/2021:09:17:16 +0800] "GET /xingrg/all/function/internal_message.html?_=1615079836422&CODE_STATE=getMsg HTTP/1.1" 200 27
58.40.7.146 - - [07/Mar/2021:09:17:17 +0800] "GET /xingrg/all/function/internal_message.html?_=1615079837056&CODE_STATE=getMsg HTTP/1.1" 200 27
61.165.42.208 - - [07/Mar/2021:09:17:19 +0800] "GET /xingrg/kc/buy/cgsh_order_operate.html?command=get_materiel&rest_code=00105&code=00101008357&supplier_code=00100203&order_time=2021-03-07 HTTP/1.1" 200 408
222.70.216.220 - - [07/Mar/2021:09:17:20 +0800] "GET /xingrg/all/function/internal_message.html?_=1615079838620&CODE_STATE=getMsg HTTP/1.1" 200 27
116.224.253.72 - - [07/Mar/2021:09:17:30 +0800] "GET /xingrg/all/function/internal_message.html?_=1615079815002&CODE_STATE=getMsg HTTP/1.1" 200 27
61.165.42.208 - - [07/Mar/2021:09:17:35 +0800] "POST /xingrg/kc/buy/cgsh_order_operate.html HTTP/1.1" 200 2065
116.232.51.165 - - [07/Mar/2021:09:17:39 +0800] "GET /xingrg/kc/buy/cgsh_order_operate.html?command=get_materiel&rest_code=00109&code=00101008351&supplier_code=00100005&order_time=2021-03-07 HTTP/1.1" 200 408
172.20.0.100 - - [07/Mar/2021:09:17:39 +0800] "GET /xingrg/check_reg.html?_=1615079857030 HTTP/1.1" 200 22
222.69.137.90 - - [07/Mar/2021:09:17:40 +0800] "GET /xingrg/all/function/internal_message.html?_=1615079859255&CODE_STATE=getMsg HTTP/1.1" 200 27
222.69.137.90 - - [07/Mar/2021:09:17:42 +0800] "GET /xingrg/kc/buy/cgsh_order_operate.html?command=get_materiel&rest_code=00149&code=00101008304&supplier_code=00100005&order_time=2021-03-07 HTTP/1.1" 200 412
61.165.42.208 - - [07/Mar/2021:09:17:42 +0800] "GET /xingrg/kc/buy/cgsh_order_operate.html?command=get_materiel&rest_code=00105&code=00101008166&supplier_code=00100203&order_time=2021-03-07 HTTP/1.1" 200 412
117.185.32.26 - - [07/Mar/2021:09:17:44 +0800] "GET /xingrg/all/function/internal_message.html?_=1615080366722&CODE_STATE=getMsg HTTP/1.1" 200 27
116.232.51.165 - - [07/Mar/2021:09:17:44 +0800] "GET /xingrg/kc/buy/cgsh_order_operate.html?command=get_materiel&rest_code=00109&code=00101008199&supplier_code=00100005&order_time=2021-03-07 HTTP/1.1" 200 408
61.165.42.208 - - [07/Mar/2021:09:17:46 +0800] "GET /xingrg/check_reg.html?_=1615079866739 HTTP/1.1" 200 22
61.165.42.208 - - [07/Mar/2021:09:17:46 +0800] "GET /xingrg/all/function/internal_message.html?_=1615079866740&CODE_STATE=getMsg HTTP/1.1" 200 27
222.69.137.90 - - [07/Mar/2021:09:17:47 +0800] "POST /xingrg/kc/buy/cgsh_order_operate.html HTTP/1.1" 200 2065
116.232.51.165 - - [07/Mar/2021:09:17:49 +0800] "GET /xingrg/kc/buy/cgsh_order_operate.html?command=get_materiel&rest_code=00109&code=00101008003&supplier_code=00100005&order_time=2021-03-07 HTTP/1.1" 200 408
222.69.137.90 - - [07/Mar/2021:09:17:52 +0800] "GET /xingrg/kc/buy/cgsh_order_operate.html?command=get_materiel&rest_code=00149&code=00101008041&supplier_code=00100005&order_time=2021-03-07 HTTP/1.1" 200 408
101.228.165.174 - - [07/Mar/2021:09:17:54 +0800] "POST /xingrg/kc/buy/cgsh_order_operate.html HTTP/1.1" 200 37
116.232.51.165 - - [07/Mar/2021:09:17:55 +0800] "GET /xingrg/javascript/auto/indicator.gif HTTP/1.1" 404 1066
116.232.51.165 - - [07/Mar/2021:09:17:55 +0800] "GET /xingrg/kc/buy/cgsh_order_operate.html?command=get_materiel&rest_code=00109&code=00101008067&supplier_code=00100005&order_time=2021-03-07 HTTP/1.1" 200 416
101.228.165.174 - - [07/Mar/2021:09:17:55 +0800] "POST /xingrg/kc/buy/cgsh_order_operate.html HTTP/1.1" 200 6254
101.228.165.174 - - [07/Mar/2021:09:17:56 +0800] "GET /xingrg/all/function/internal_message.html?_=1615079903340&CODE_STATE=getMsg HTTP/1.1" 200 27
116.224.253.72 - - [07/Mar/2021:09:17:59 +0800] "GET /xingrg/all/function/internal_message.html?_=1615079881843&CODE_STATE=getMsg HTTP/1.1" 200 27
58.40.7.146 - - [07/Mar/2021:09:17:59 +0800] "GET /xingrg/all/function/internal_message.html?_=1615079879576&CODE_STATE=getMsg HTTP/1.1" 200 27
61.165.42.208 - - [07/Mar/2021:09:18:00 +0800] "POST /xingrg/kc/buy/cgsh_order_operate.html HTTP/1.1" 200 37
101.228.165.174 - - [07/Mar/2021:09:18:00 +0800] "GET /xingrg/kc/print/load_data.html?order_code=212021030702644&kc_code=cgsh&condition= HTTP/1.1" 200 2166
101.228.165.174 - - [07/Mar/2021:09:18:00 +0800] "GET /xingrg/all/function/internal_message.html?_=1615079880716&CODE_STATE=getMsg HTTP/1.1" 200 27
116.232.51.165 - - [07/Mar/2021:09:18:01 +0800] "GET /xingrg/kc/buy/cgsh_order_operate.html?command=get_materiel&rest_code=00109&code=00101008270&supplier_code=00100005&order_time=2021-03-07 HTTP/1.1" 200 412
61.165.42.208 - - [07/Mar/2021:09:18:01 +0800] "POST /xingrg/kc/buy/cgsh_order_operate.html HTTP/1.1" 200 38150
114.88.166.193 - - [07/Mar/2021:09:18:03 +0800] "GET /xingrg/all/function/internal_message.html?_=1615079882791&CODE_STATE=getMsg HTTP/1.1" 200 27
120.253.135.82 - - [07/Mar/2021:09:18:03 +0800] "GET /xingrg/all/function/internal_message.html?_=1615079888923&CODE_STATE=getMsg HTTP/1.1" 200 27
222.69.137.90 - - [07/Mar/2021:09:18:04 +0800] "GET /xingrg/kc/buy/cgsh_order_operate.html?command=get_materiel&rest_code=00149&code=00101008161&supplier_code=00100005&order_time=2021-03-07 HTTP/1.1" 200 409
58.37.230.33 - - [07/Mar/2021:09:18:05 +0800] "GET /xingrg/all/function/internal_message.html?_=1615079886983&CODE_STATE=getMsg HTTP/1.1" 200 27
116.224.253.72 - - [07/Mar/2021:09:18:06 +0800] "GET /xingrg/check_reg.html?_=1615079851034 HTTP/1.1" 200 22
101.228.165.174 - - [07/Mar/2021:09:18:13 +0800] "GET /xingrg/kc/buy/cgsh_order_add.html HTTP/1.1" 200 62110
101.228.165.174 - - [07/Mar/2021:09:18:14 +0800] "POST /xingrg/kc/buy/cgsh_order_operate.html HTTP/1.1" 200 8245
101.228.165.174 - - [07/Mar/2021:09:18:14 +0800] "GET /xingrg/javascript/easyui/themes/default/validatebox.css HTTP/1.1" 404 1104
116.232.51.165 - - [07/Mar/2021:09:18:14 +0800] "GET /xingrg/kc/buy/cgsh_order_operate.html?command=get_materiel&rest_code=00109&code=00101008354&supplier_code=00100005&order_time=2021-03-07 HTTP/1.1" 200 412
180.169.147.146 - - [07/Mar/2021:09:18:14 +0800] "GET /xingrg/all/function/internal_message.html?_=1615079887187&CODE_STATE=getMsg HTTP/1.1" 200 27
222.69.137.90 - - [07/Mar/2021:09:18:15 +0800] "GET /xingrg/kc/buy/cgsh_order_operate.html?command=get_materiel&rest_code=00149&code=00101008285&supplier_code=00100005&order_time=2021-03-07 HTTP/1.1" 200 413
222.70.216.220 - - [07/Mar/2021:09:18:15 +0800] "GET /xingrg/all/function/internal_message.html?_=1615079894147&CODE_STATE=getMsg HTTP/1.1" 200 27
116.232.51.165 - - [07/Mar/2021:09:18:16 +0800] "GET /xingrg/all/function/internal_message.html?_=1615079896210&CODE_STATE=getMsg HTTP/1.1" 200 27
58.40.7.146 - - [07/Mar/2021:09:18:17 +0800] "GET /xingrg/all/function/internal_message.html?_=1615079897060&CODE_STATE=getMsg HTTP/1.1" 200 27
222.70.216.220 - - [07/Mar/2021:09:18:20 +0800] "GET /xingrg/all/function/internal_message.html?_=1615079898594&CODE_STATE=getMsg HTTP/1.1" 200 27
101.228.165.174 - - [07/Mar/2021:09:18:22 +0800] "GET /xingrg/check_reg.html?_=1615079929319 HTTP/1.1" 200 22
116.232.51.165 - - [07/Mar/2021:09:18:22 +0800] "GET /xingrg/kc/buy/cgsh_order_operate.html?command=get_materiel&rest_code=00109&code=00101008355&supplier_code=00100005&order_time=2021-03-07 HTTP/1.1" 200 408
222.69.137.90 - - [07/Mar/2021:09:18:22 +0800] "GET /xingrg/kc/buy/cgsh_order_operate.html?command=get_materiel&rest_code=00149&code=00101008242&supplier_code=00100005&order_time=2021-03-07 HTTP/1.1" 200 408
101.228.165.174 - - [07/Mar/2021:09:18:25 +0800] "GET /xingrg/kc/buy/cgsh_order_operate.html?command=get_materiel&rest_code=00146&code=00101008072&supplier_code=00100005&order_time=2021-03-07 HTTP/1.1" 200 408
58.40.7.146 - - [07/Mar/2021:09:18:25 +0800] "GET /xingrg/check_reg.html?_=1615079905675 HTTP/1.1" 200 22
116.232.51.165 - - [07/Mar/2021:09:18:26 +0800] "GET /xingrg/kc/buy/cgsh_order_operate.html?command=get_materiel&rest_code=00109&code=00101015056&supplier_code=00100005&order_time=2021-03-07 HTTP/1.1" 200 412
58.37.230.33 - - [07/Mar/2021:09:18:30 +0800] "GET /xingrg/check_reg.html?_=1615079911392 HTTP/1.1" 200 22
116.224.253.72 - - [07/Mar/2021:09:18:30 +0800] "GET /xingrg/all/function/internal_message.html?_=1615079875012&CODE_STATE=getMsg HTTP/1.1" 200 27
222.69.137.90 - - [07/Mar/2021:09:18:32 +0800] "GET /xingrg/kc/buy/cgsh_order_operate.html?command=get_materiel&rest_code=00149&code=00101008277&supplier_code=00100005&order_time=2021-03-07 HTTP/1.1" 200 412
116.232.51.165 - - [07/Mar/2021:09:18:33 +0800] "GET /xingrg/kc/buy/cgsh_order_operate.html?command=get_materiel&rest_code=00109&code=00101008264&supplier_code=00100005&order_time=2021-03-07 HTTP/1.1" 200 412
101.228.165.174 - - [07/Mar/2021:09:18:37 +0800] "GET /xingrg/kc/buy/cgsh_order_operate.html?command=get_materiel&rest_code=00146&code=00101008290&supplier_code=00100005&order_time=2021-03-07 HTTP/1.1" 200 416
116.232.51.165 - - [07/Mar/2021:09:18:40 +0800] "GET /xingrg/kc/buy/cgsh_order_operate.html?command=get_materiel&rest_code=00109&code=00101008137&supplier_code=00100005&order_time=2021-03-07 HTTP/1.1" 200 408
222.69.137.90 - - [07/Mar/2021:09:18:40 +0800] "GET /xingrg/all/function/internal_message.html?_=1615079919266&CODE_STATE=getMsg HTTP/1.1" 200 27
117.185.32.26 - - [07/Mar/2021:09:18:44 +0800] "GET /xingrg/all/function/internal_message.html?_=1615080426750&CODE_STATE=getMsg HTTP/1.1" 200 27
222.69.137.90 - - [07/Mar/2021:09:18:44 +0800] "POST /xingrg/kc/buy/cgsh_order_operate.html HTTP/1.1" 200 2065
116.232.51.165 - - [07/Mar/2021:09:18:45 +0800] "GET /xingrg/kc/buy/cgsh_order_operate.html?command=get_materiel&rest_code=00109&code=00101008362&supplier_code=00100005&order_time=2021-03-07 HTTP/1.1" 200 408
61.165.42.208 - - [07/Mar/2021:09:18:47 +0800] "GET /xingrg/all/function/internal_message.html?_=1615079926836&CODE_STATE=getMsg HTTP/1.1" 200 27
222.69.137.90 - - [07/Mar/2021:09:18:52 +0800] "GET /xingrg/kc/buy/cgsh_order_operate.html?command=get_materiel&rest_code=00149&code=00101008330&supplier_code=00100005&order_time=2021-03-07 HTTP/1.1" 200 408
116.232.51.165 - - [07/Mar/2021:09:18:54 +0800] "GET /xingrg/kc/buy/cgsh_order_operate.html?command=get_materiel&rest_code=00109&code=00101008006&supplier_code=00100005&order_time=2021-03-07 HTTP/1.1" 200 416
180.174.195.252 - - [07/Mar/2021:09:18:55 +0800] "GET /xingrg/kc/buy/cgsh_order_list.html HTTP/1.1" 302 -
180.174.195.252 - - [07/Mar/2021:09:18:55 +0800] "GET /xingrg/login.html HTTP/1.1" 200 7641
180.174.195.252 - - [07/Mar/2021:09:18:55 +0800] "GET /xingrg/login.html HTTP/1.1" 200 7641
101.228.165.174 - - [07/Mar/2021:09:18:56 +0800] "GET /xingrg/all/function/internal_message.html?_=1615079963344&CODE_STATE=getMsg HTTP/1.1" 200 27
101.228.165.174 - - [07/Mar/2021:09:18:56 +0800] "GET /xingrg/kc/buy/cgsh_order_operate.html?command=get_materiel&rest_code=00146&code=00101008087&supplier_code=00100005&order_time=2021-03-07 HTTP/1.1" 200 412
116.224.253.72 - - [07/Mar/2021:09:18:59 +0800] "GET /xingrg/all/function/internal_message.html?_=1615079941838&CODE_STATE=getMsg HTTP/1.1" 200 27
116.232.51.165 - - [07/Mar/2021:09:18:59 +0800] "GET /xingrg/kc/buy/cgsh_order_operate.html?command=get_materiel&rest_code=00109&code=00101008005&supplier_code=00100005&order_time=2021-03-07 HTTP/1.1" 200 412
58.40.7.146 - - [07/Mar/2021:09:18:59 +0800] "GET /xingrg/all/function/internal_message.html?_=1615079939583&CODE_STATE=getMsg HTTP/1.1" 200 27
101.228.165.174 - - [07/Mar/2021:09:19:00 +0800] "GET /xingrg/all/function/internal_message.html?_=1615079940720&CODE_STATE=getMsg HTTP/1.1" 200 27
101.228.165.174 - - [07/Mar/2021:09:19:00 +0800] "GET /xingrg/check_reg.html?_=1615079940722 HTTP/1.1" 200 22
114.88.166.193 - - [07/Mar/2021:09:19:03 +0800] "GET /xingrg/all/function/internal_message.html?_=1615079942811&CODE_STATE=getMsg HTTP/1.1" 200 27
120.253.135.82 - - [07/Mar/2021:09:19:03 +0800] "GET /xingrg/all/function/internal_message.html?_=1615079948928&CODE_STATE=getMsg HTTP/1.1" 200 27
116.232.51.165 - - [07/Mar/2021:09:19:04 +0800] "GET /xingrg/kc/buy/cgsh_order_operate.html?command=get_materiel&rest_code=00109&code=00101008196&supplier_code=00100005&order_time=2021-03-07 HTTP/1.1" 200 416
58.37.230.33 - - [07/Mar/2021:09:19:05 +0800] "GET /xingrg/all/function/internal_message.html?_=1615079946959&CODE_STATE=getMsg HTTP/1.1" 200 27
101.228.165.174 - - [07/Mar/2021:09:19:05 +0800] "GET /xingrg/kc/buy/cgsh_order_operate.html?command=get_materiel&rest_code=00146&code=00101008355&supplier_code=00100005&order_time=2021-03-07 HTTP/1.1" 200 408
222.69.137.90 - - [07/Mar/2021:09:19:06 +0800] "GET /xingrg/kc/buy/cgsh_order_operate.html?command=get_materiel&rest_code=00149&code=00101008306&supplier_code=00100005&order_time=2021-03-07 HTTP/1.1" 200 412
116.232.51.165 - - [07/Mar/2021:09:19:09 +0800] "GET /xingrg/kc/buy/cgsh_order_operate.html?command=get_materiel&rest_code=00109&code=00101008096&supplier_code=00100005&order_time=2021-03-07 HTTP/1.1" 200 413
222.69.137.90 - - [07/Mar/2021:09:19:12 +0800] "POST /xingrg/services/DataTransmitService HTTP/1.1" 200 524
222.69.137.90 - - [07/Mar/2021:09:19:12 +0800] "POST /xingrg/services/DataTransmitService HTTP/1.1" 200 1975
101.228.165.174 - - [07/Mar/2021:09:19:13 +0800] "GET /xingrg/kc/buy/cgsh_order_operate.html?command=get_materiel&rest_code=00146&code=00101008137&supplier_code=00100005&order_time=2021-03-07 HTTP/1.1" 200 408
116.232.51.165 - - [07/Mar/2021:09:19:14 +0800] "GET /xingrg/kc/buy/cgsh_order_operate.html?command=get_materiel&rest_code=00109&code=00101008290&supplier_code=00100005&order_time=2021-03-07 HTTP/1.1" 200 416
180.169.147.146 - - [07/Mar/2021:09:19:14 +0800] "GET /xingrg/all/function/internal_message.html?_=1615079947187&CODE_STATE=getMsg HTTP/1.1" 200 27
222.70.216.220 - - [07/Mar/2021:09:19:15 +0800] "GET /xingrg/all/function/internal_message.html?_=1615079954158&CODE_STATE=getMsg HTTP/1.1" 200 27
222.70.216.220 - - [07/Mar/2021:09:19:15 +0800] "GET /xingrg/check_reg.html?_=1615079954161 HTTP/1.1" 200 22
116.232.51.165 - - [07/Mar/2021:09:19:16 +0800] "GET /xingrg/all/function/internal_message.html?_=1615079956218&CODE_STATE=getMsg HTTP/1.1" 200 27
58.40.7.146 - - [07/Mar/2021:09:19:17 +0800] "GET /xingrg/all/function/internal_message.html?_=1615079957062&CODE_STATE=getMsg HTTP/1.1" 200 27
58.40.7.146 - - [07/Mar/2021:09:19:17 +0800] "GET /xingrg/check_reg.html?_=1615079957064 HTTP/1.1" 200 22
