180.174.195.252 - - [04/Mar/2021:09:16:21 +0800] "GET /xingrg/all/function/internal_message.html?_=1614820841225&CODE_STATE=getMsg HTTP/1.1" 200 27
114.88.166.193 - - [04/Mar/2021:09:16:23 +0800] "GET /xingrg/javascript/jquery_tools/images/prev.gif HTTP/1.1" 404 1086
114.88.166.193 - - [04/Mar/2021:09:16:23 +0800] "GET /xingrg/javascript/jquery_tools/images/next.gif HTTP/1.1" 404 1086
101.228.165.174 - - [04/Mar/2021:09:16:27 +0800] "GET /xingrg/kc/buy/cgsh_order_operate.html?command=get_materiel&rest_code=00146&code=00101008168&supplier_code=00100005&order_time=2021-03-04 HTTP/1.1" 200 413
120.253.135.82 - - [04/Mar/2021:09:16:28 +0800] "GET /xingrg/all/function/internal_message.html?_=1614820702553&CODE_STATE=getMsg HTTP/1.1" 200 27
222.70.216.220 - - [04/Mar/2021:09:16:29 +0800] "GET /xingrg/all/function/internal_message.html?_=1614820586993&CODE_STATE=getMsg HTTP/1.1" 200 27
114.88.166.193 - - [04/Mar/2021:09:16:31 +0800] "GET /xingrg/kc/buy/cgsh_order_operate.html?command=get_materiel&rest_code=00111&code=00101007059&supplier_code=00100002&order_time=2021-03-04 HTTP/1.1" 200 409
222.69.137.21 - - [04/Mar/2021:09:16:32 +0800] "GET /xingrg/check_reg.html?_=1614820591903 HTTP/1.1" 200 22
222.69.137.21 - - [04/Mar/2021:09:16:32 +0800] "GET /xingrg/all/function/internal_message.html?_=1614820592085&CODE_STATE=getMsg HTTP/1.1" 200 27
116.224.253.72 - - [04/Mar/2021:09:16:35 +0800] "GET /xingrg/all/function/internal_message.html?_=1614820562631&CODE_STATE=getMsg HTTP/1.1" 200 27
222.70.216.220 - - [04/Mar/2021:09:16:37 +0800] "GET /xingrg/check_reg.html?_=1614820595641 HTTP/1.1" 200 22
117.185.32.26 - - [04/Mar/2021:09:16:38 +0800] "GET /xingrg/login.html HTTP/1.1" 200 7641
117.185.32.26 - - [04/Mar/2021:09:16:38 +0800] "GET /xingrg/login.html HTTP/1.1" 200 7641
101.228.165.174 - - [04/Mar/2021:09:16:38 +0800] "GET /xingrg/kc/buy/cgsh_order_operate.html?command=get_materiel&rest_code=00146&code=00101020152&supplier_code=00100005&order_time=2021-03-04 HTTP/1.1" 200 416
101.228.165.174 - - [04/Mar/2021:09:16:40 +0800] "GET /xingrg/all/function/internal_message.html?_=1614820607093&CODE_STATE=getMsg HTTP/1.1" 302 -
116.224.253.72 - - [04/Mar/2021:09:16:41 +0800] "GET /xingrg/all/function/internal_message.html?_=1614820603897&CODE_STATE=getMsg HTTP/1.1" 200 27
117.185.32.26 - - [04/Mar/2021:09:16:41 +0800] "GET /favicon.ico HTTP/1.1" 404 -
117.185.32.26 - - [04/Mar/2021:09:16:41 +0800] "GET /favicon.ico HTTP/1.1" 404 -
101.228.165.174 - - [04/Mar/2021:09:16:43 +0800] "POST /xingrg/kc/buy/cgsh_order_operate.html HTTP/1.1" 200 2065
117.185.32.26 - - [04/Mar/2021:09:16:45 +0800] "POST /xingrg/login.do HTTP/1.1" 302 -
117.185.32.26 - - [04/Mar/2021:09:16:45 +0800] "GET /xingrg/index.html?sysBaseUrl=http%3A%2F%2F180.169.147.146%3A18081%2Fxingrg%2F&costTime=39×tamp=1614820605103 HTTP/1.1" 200 17173
117.185.32.26 - - [04/Mar/2021:09:16:45 +0800] "GET /favicon.ico HTTP/1.1" 404 -
117.185.32.26 - - [04/Mar/2021:09:16:46 +0800] "POST /xingrg/all/common/load_tree.html?tree=area_rest_tree_json&manage=1 HTTP/1.1" 200 342
117.185.32.26 - - [04/Mar/2021:09:16:46 +0800] "GET /xingrg/all/function/internal_message.html?_=1614821104359&CODE_STATE=count HTTP/1.1" 200 11
117.185.32.26 - - [04/Mar/2021:09:16:46 +0800] "GET /xingrg/check_reg.html?_=1614821104360 HTTP/1.1" 200 22
117.185.32.26 - - [04/Mar/2021:09:16:46 +0800] "POST /xingrg/load_menu.html HTTP/1.1" 200 5138
101.228.165.174 - - [04/Mar/2021:09:16:46 +0800] "GET /xingrg/all/function/internal_message.html?_=1614820621513&CODE_STATE=getMsg HTTP/1.1" 200 27
117.185.32.26 - - [04/Mar/2021:09:16:48 +0800] "GET /xingrg/kc/buy/buy_main.html HTTP/1.1" 200 12412
117.185.32.26 - - [04/Mar/2021:09:16:48 +0800] "GET /xingrg/css/new_ie.css HTTP/1.1" 404 1036
222.70.216.220 - - [04/Mar/2021:09:16:49 +0800] "GET /xingrg/all/function/internal_message.html?_=1614820606873&CODE_STATE=getMsg HTTP/1.1" 200 27
101.228.165.174 - - [04/Mar/2021:09:16:50 +0800] "GET /xingrg/kc/buy/cgsh_order_operate.html?command=get_materiel&rest_code=00146&code=00101008095&supplier_code=00100005&order_time=2021-03-04 HTTP/1.1" 200 413
117.185.32.26 - - [04/Mar/2021:09:16:50 +0800] "GET /xingrg/images/yd/bt.gif HTTP/1.1" 404 1040
117.185.32.26 - - [04/Mar/2021:09:16:51 +0800] "GET /xingrg/kc/buy/cgsh_order_list.html HTTP/1.1" 200 46366
117.131.5.26 - - [04/Mar/2021:09:16:51 +0800] "GET /xingrg/all/function/internal_message.html?_=1614820676307&CODE_STATE=getMsg HTTP/1.1" 200 27
117.185.32.26 - - [04/Mar/2021:09:16:53 +0800] "POST /xingrg/kc/buy/cgsh_list_operate.html HTTP/1.1" 200 876
117.185.32.26 - - [04/Mar/2021:09:16:56 +0800] "GET /xingrg/kc/buy/cgsh_order_add.html HTTP/1.1" 200 62104
117.185.32.26 - - [04/Mar/2021:09:16:56 +0800] "GET /xingrg/words/20210303140340_words.js HTTP/1.1" 304 -
117.185.32.26 - - [04/Mar/2021:09:16:57 +0800] "GET /xingrg/all/common/auto_word.html?type=employee&rest_code=00106 HTTP/1.1" 200 205
117.185.32.26 - - [04/Mar/2021:09:16:57 +0800] "GET /xingrg/javascript/easyui/themes/default/validatebox.css HTTP/1.1" 404 1104
117.185.32.26 - - [04/Mar/2021:09:16:57 +0800] "GET /xingrg/all/common/auto_word.html?type=employee&rest_code=00106 HTTP/1.1" 200 205
117.185.32.26 - - [04/Mar/2021:09:16:58 +0800] "POST /xingrg/kc/buy/cgsh_order_operate.html HTTP/1.1" 200 8245
114.88.166.193 - - [04/Mar/2021:09:16:59 +0800] "GET /xingrg/all/function/internal_message.html?_=1614820618371&CODE_STATE=getMsg HTTP/1.1" 200 27
117.185.32.26 - - [04/Mar/2021:09:16:59 +0800] "GET /xingrg/javascript/easyui/themes/default/tree.css HTTP/1.1" 404 1090
117.185.32.26 - - [04/Mar/2021:09:16:59 +0800] "POST /xingrg/all/common/load_tree.html?tree=supplier_tree_json&isDelete=1 HTTP/1.1" 200 54827
101.228.165.174 - - [04/Mar/2021:09:17:07 +0800] "GET /xingrg/kc/buy/cgsh_order_operate.html?command=get_materiel&rest_code=00146&code=00101008323&supplier_code=00100005&order_time=2021-03-04 HTTP/1.1" 200 410
180.174.195.252 - - [04/Mar/2021:09:17:09 +0800] "GET /xingrg/check_reg.html?_=1614820889276 HTTP/1.1" 200 22
180.169.147.146 - - [04/Mar/2021:09:17:11 +0800] "GET /xingrg/all/function/internal_message.html?_=1614820627652&CODE_STATE=getMsg HTTP/1.1" 200 27
222.70.216.220 - - [04/Mar/2021:09:17:16 +0800] "GET /xingrg/all/function/internal_message.html?_=1614820634375&CODE_STATE=getMsg HTTP/1.1" 200 27
117.185.32.26 - - [04/Mar/2021:09:17:17 +0800] "GET /xingrg/javascript/auto/indicator.gif HTTP/1.1" 404 1066
114.86.187.76 - - [04/Mar/2021:09:17:19 +0800] "GET /xingrg/all/function/internal_message.html?_=1614820641682&CODE_STATE=getMsg HTTP/1.1" 200 27
114.86.187.76 - - [04/Mar/2021:09:17:19 +0800] "GET /xingrg/check_reg.html?_=1614820641699 HTTP/1.1" 200 22
117.185.32.26 - - [04/Mar/2021:09:17:20 +0800] "GET /xingrg/kc/buy/cgsh_order_operate.html?command=get_materiel&rest_code=00106&code=00101007076&supplier_code=00100002&order_time=2021-03-04 HTTP/1.1" 200 408
180.174.195.252 - - [04/Mar/2021:09:17:21 +0800] "GET /xingrg/all/function/internal_message.html?_=1614820901240&CODE_STATE=getMsg HTTP/1.1" 200 27
101.228.165.174 - - [04/Mar/2021:09:17:21 +0800] "GET /xingrg/kc/buy/cgsh_order_operate.html?command=get_materiel&rest_code=00146&code=00101008209&supplier_code=00100005&order_time=2021-03-04 HTTP/1.1" 200 408
101.228.165.174 - - [04/Mar/2021:09:17:24 +0800] "GET /xingrg/check_reg.html?_=1614820650636 HTTP/1.1" 302 -
120.253.135.82 - - [04/Mar/2021:09:17:28 +0800] "GET /xingrg/all/function/internal_message.html?_=1614820762573&CODE_STATE=getMsg HTTP/1.1" 200 27
222.70.216.220 - - [04/Mar/2021:09:17:29 +0800] "GET /xingrg/all/function/internal_message.html?_=1614820646977&CODE_STATE=getMsg HTTP/1.1" 200 27
222.69.137.21 - - [04/Mar/2021:09:17:32 +0800] "GET /xingrg/all/function/internal_message.html?_=1614820652065&CODE_STATE=getMsg HTTP/1.1" 200 27
101.228.165.174 - - [04/Mar/2021:09:17:34 +0800] "GET /xingrg/kc/buy/cgsh_order_operate.html?command=get_materiel&rest_code=00146&code=00101015038&supplier_code=00100005&order_time=2021-03-04 HTTP/1.1" 200 418
116.224.253.72 - - [04/Mar/2021:09:17:35 +0800] "GET /xingrg/all/function/internal_message.html?_=1614820622644&CODE_STATE=getMsg HTTP/1.1" 200 27
117.185.32.26 - - [04/Mar/2021:09:17:37 +0800] "GET /xingrg/kc/buy/cgsh_order_operate.html?command=get_materiel&rest_code=00106&code=00101007077&supplier_code=00100002&order_time=2021-03-04 HTTP/1.1" 200 415
101.228.165.174 - - [04/Mar/2021:09:17:40 +0800] "GET /xingrg/all/function/internal_message.html?_=1614820667117&CODE_STATE=getMsg HTTP/1.1" 302 -
116.224.253.72 - - [04/Mar/2021:09:17:41 +0800] "GET /xingrg/all/function/internal_message.html?_=1614820663896&CODE_STATE=getMsg HTTP/1.1" 200 27
117.185.32.26 - - [04/Mar/2021:09:17:46 +0800] "GET /xingrg/all/function/internal_message.html?_=1614821164373&CODE_STATE=getMsg HTTP/1.1" 200 27
101.228.165.174 - - [04/Mar/2021:09:17:46 +0800] "GET /xingrg/all/function/internal_message.html?_=1614820681523&CODE_STATE=getMsg HTTP/1.1" 200 27
101.228.165.174 - - [04/Mar/2021:09:17:48 +0800] "GET /xingrg/kc/buy/cgsh_order_operate.html?command=get_materiel&rest_code=00146&code=00101008123&supplier_code=00100005&order_time=2021-03-04 HTTP/1.1" 200 412
222.70.216.220 - - [04/Mar/2021:09:17:49 +0800] "GET /xingrg/all/function/internal_message.html?_=1614820666875&CODE_STATE=getMsg HTTP/1.1" 200 27
101.228.165.174 - - [04/Mar/2021:09:17:51 +0800] "POST /xingrg/kc/buy/cgsh_order_operate.html HTTP/1.1" 200 2065
117.131.5.26 - - [04/Mar/2021:09:17:51 +0800] "GET /xingrg/all/function/internal_message.html?_=1614820736305&CODE_STATE=getMsg HTTP/1.1" 200 27
117.131.5.26 - - [04/Mar/2021:09:17:51 +0800] "GET /xingrg/check_reg.html?_=1614820736306 HTTP/1.1" 200 22
101.228.165.174 - - [04/Mar/2021:09:17:58 +0800] "GET /xingrg/kc/buy/cgsh_order_operate.html?command=get_materiel&rest_code=00146&code=00101008509&supplier_code=00100005&order_time=2021-03-04 HTTP/1.1" 200 395
114.88.166.193 - - [04/Mar/2021:09:17:59 +0800] "GET /xingrg/all/function/internal_message.html?_=1614820678385&CODE_STATE=getMsg HTTP/1.1" 200 27
101.228.165.174 - - [04/Mar/2021:09:18:07 +0800] "GET /xingrg/kc/buy/cgsh_order_operate.html?command=get_materiel&rest_code=00146&code=00101008102&supplier_code=00100005&order_time=2021-03-04 HTTP/1.1" 200 412
180.169.147.146 - - [04/Mar/2021:09:18:11 +0800] "GET /xingrg/all/function/internal_message.html?_=1614820687652&CODE_STATE=getMsg HTTP/1.1" 200 27
222.69.137.21 - - [04/Mar/2021:09:18:12 +0800] "GET /xingrg/kc/buy/cgsh_order_operate.html?command=get_materiel&rest_code=00149&code=00102003204&supplier_code=00100151&order_time=2021-03-04 HTTP/1.1" 200 416
116.232.54.212 - - [04/Mar/2021:09:18:12 +0800] "GET /xingrg/login.html HTTP/1.1" 200 7641
116.232.54.212 - - [04/Mar/2021:09:18:12 +0800] "GET /xingrg/images/blue/jxLogo.png HTTP/1.1" 200 6156
116.232.54.212 - - [04/Mar/2021:09:18:12 +0800] "GET /xingrg/images/blue/hj.png HTTP/1.1" 200 1014
116.232.54.212 - - [04/Mar/2021:09:18:12 +0800] "GET /xingrg/images/blue/srbg.png HTTP/1.1" 200 138
116.232.54.212 - - [04/Mar/2021:09:18:12 +0800] "GET /xingrg/images/blue/login_bg.png HTTP/1.1" 200 22101
116.232.54.212 - - [04/Mar/2021:09:18:12 +0800] "GET /favicon.ico HTTP/1.1" 404 -
117.185.32.26 - - [04/Mar/2021:09:18:12 +0800] "GET /xingrg/kc/buy/cgsh_order_operate.html?command=get_materiel&rest_code=00106&code=00101007048&supplier_code=00100002&order_time=2021-03-04 HTTP/1.1" 200 408
222.70.216.220 - - [04/Mar/2021:09:18:16 +0800] "GET /xingrg/all/function/internal_message.html?_=1614820694347&CODE_STATE=getMsg HTTP/1.1" 200 27
101.228.165.174 - - [04/Mar/2021:09:18:18 +0800] "GET /xingrg/kc/buy/cgsh_order_operate.html?command=get_materiel&rest_code=00146&code=00101015044&supplier_code=00100005&order_time=2021-03-04 HTTP/1.1" 200 408
114.86.187.76 - - [04/Mar/2021:09:18:19 +0800] "GET /xingrg/all/function/internal_message.html?_=1614820701682&CODE_STATE=getMsg HTTP/1.1" 200 27
180.174.195.252 - - [04/Mar/2021:09:18:21 +0800] "GET /xingrg/all/function/internal_message.html?_=1614820961254&CODE_STATE=getMsg HTTP/1.1" 200 27
116.232.54.212 - - [04/Mar/2021:09:18:24 +0800] "POST /xingrg/login.do HTTP/1.1" 302 -
116.232.54.212 - - [04/Mar/2021:09:18:24 +0800] "GET /xingrg/index.html?sysBaseUrl=http%3A%2F%2F180.169.147.146%3A18081%2Fxingrg%2F&costTime=52×tamp=1614820704001 HTTP/1.1" 200 17173
116.232.54.212 - - [04/Mar/2021:09:18:24 +0800] "GET /xingrg/javascript/jquery_easy_ui/themes/icon.css HTTP/1.1" 200 3949
116.232.54.212 - - [04/Mar/2021:09:18:24 +0800] "GET /xingrg/css/form.css HTTP/1.1" 200 893
116.232.54.212 - - [04/Mar/2021:09:18:24 +0800] "GET /xingrg/javascript/jquery-1.4.2.min.js HTTP/1.1" 200 72205
116.232.54.212 - - [04/Mar/2021:09:18:24 +0800] "GET /xingrg/javascript/jquery_easy_ui/easyui-lang-zh_CN.js HTTP/1.1" 200 1900
116.232.54.212 - - [04/Mar/2021:09:18:24 +0800] "GET /xingrg/javascript/jquery_easy_ui/jquery.easyui.min.js HTTP/1.1" 200 213662
116.232.54.212 - - [04/Mar/2021:09:18:24 +0800] "GET /xingrg/javascript/jquery.timers.js HTTP/1.1" 200 3532
116.232.54.212 - - [04/Mar/2021:09:18:24 +0800] "GET /xingrg/javascript/jquery.utils.js HTTP/1.1" 200 11805
116.232.54.212 - - [04/Mar/2021:09:18:24 +0800] "GET /xingrg/javascript/jquery_easy_ui/themes/default/easyui.css HTTP/1.1" 200 26500
116.232.54.212 - - [04/Mar/2021:09:18:24 +0800] "GET /xingrg/javascript/jquery.form.js HTTP/1.1" 200 23110
116.232.54.212 - - [04/Mar/2021:09:18:24 +0800] "GET /favicon.ico HTTP/1.1" 404 -
116.232.54.212 - - [04/Mar/2021:09:18:24 +0800] "GET /xingrg/javascript/jquery_easy_ui/themes/icons/settle_new.png HTTP/1.1" 200 826
116.232.54.212 - - [04/Mar/2021:09:18:24 +0800] "GET /xingrg/images/blue/navBackgound.jpg HTTP/1.1" 200 12378
116.232.54.212 - - [04/Mar/2021:09:18:24 +0800] "POST /xingrg/all/common/load_tree.html?tree=area_rest_tree_json&manage=1 HTTP/1.1" 200 342
116.232.54.212 - - [04/Mar/2021:09:18:24 +0800] "GET /xingrg/check_reg.html?_=1614820706911 HTTP/1.1" 200 22
116.232.54.212 - - [04/Mar/2021:09:18:24 +0800] "GET /xingrg/all/function/internal_message.html?_=1614820706911&CODE_STATE=count HTTP/1.1" 200 11
116.232.54.212 - - [04/Mar/2021:09:18:24 +0800] "GET /xingrg/images/blue/pingpu.png HTTP/1.1" 200 231
116.232.54.212 - - [04/Mar/2021:09:18:24 +0800] "GET /xingrg/javascript/jquery_easy_ui/themes/default/images/tabs_leftarrow.png HTTP/1.1" 200 389
116.232.54.212 - - [04/Mar/2021:09:18:24 +0800] "GET /xingrg/javascript/jquery_easy_ui/themes/default/images/tabs_rightarrow.png HTTP/1.1" 200 395
116.232.54.212 - - [04/Mar/2021:09:18:24 +0800] "GET /xingrg/javascript/jquery_easy_ui/themes/default/images/panel_tool_collapse.gif HTTP/1.1" 200 246
116.232.54.212 - - [04/Mar/2021:09:18:24 +0800] "POST /xingrg/load_menu.html HTTP/1.1" 200 5138
116.232.54.212 - - [04/Mar/2021:09:18:24 +0800] "GET /xingrg/javascript/jquery_easy_ui/themes/default/images/tree_folder_open.gif HTTP/1.1" 200 956
116.232.54.212 - - [04/Mar/2021:09:18:24 +0800] "GET /xingrg/javascript/jquery_easy_ui/themes/default/images/tree_arrows.gif HTTP/1.1" 200 1043
116.232.54.212 - - [04/Mar/2021:09:18:24 +0800] "GET /xingrg/javascript/jquery_easy_ui/themes/default/images/tree_folder.gif HTTP/1.1" 200 952
116.232.54.212 - - [04/Mar/2021:09:18:24 +0800] "GET /xingrg/javascript/jquery_easy_ui/themes/icons/search_new.png HTTP/1.1" 200 586
116.232.54.212 - - [04/Mar/2021:09:18:24 +0800] "GET /xingrg/javascript/jquery_easy_ui/themes/icons/forms_new.png HTTP/1.1" 200 350
116.232.54.212 - - [04/Mar/2021:09:18:24 +0800] "GET /xingrg/javascript/jquery_easy_ui/themes/icons/storage_new.png HTTP/1.1" 200 853
116.232.54.212 - - [04/Mar/2021:09:18:24 +0800] "GET /xingrg/javascript/jquery_easy_ui/themes/default/images/tree_file.gif HTTP/1.1" 200 118
222.69.137.21 - - [04/Mar/2021:09:18:24 +0800] "POST /xingrg/kc/buy/cgsh_order_operate.html HTTP/1.1" 200 37
116.232.54.212 - - [04/Mar/2021:09:18:26 +0800] "GET /xingrg/kc/buy/buy_main.html HTTP/1.1" 200 12412
116.232.54.212 - - [04/Mar/2021:09:18:26 +0800] "GET /xingrg/javascript/jquery_easy_ui/themes/default/images/tabs_close.gif HTTP/1.1" 200 829
116.232.54.212 - - [04/Mar/2021:09:18:26 +0800] "GET /xingrg/css/new_ie.css HTTP/1.1" 404 1036
116.232.54.212 - - [04/Mar/2021:09:18:26 +0800] "GET /xingrg/javascript/pic_change.js HTTP/1.1" 200 4739
116.232.54.212 - - [04/Mar/2021:09:18:26 +0800] "GET /xingrg/javascript/ToolTips.js HTTP/1.1" 200 5615
116.232.54.212 - - [04/Mar/2021:09:18:26 +0800] "GET /xingrg/css/blue.css HTTP/1.1" 200 15949
116.232.54.212 - - [04/Mar/2021:09:18:26 +0800] "GET /xingrg/javascript/jquery_ui/jquery-ui.min.js HTTP/1.1" 200 186181
116.232.54.212 - - [04/Mar/2021:09:18:26 +0800] "GET /xingrg/javascript/jquery_ui/themes/humanity/humanity.css HTTP/1.1" 200 27801
116.232.54.212 - - [04/Mar/2021:09:18:26 +0800] "GET /xingrg/images/blue/button/cgxqd.gif HTTP/1.1" 200 2619
116.232.54.212 - - [04/Mar/2021:09:18:26 +0800] "GET /xingrg/images/blue/button/cgydd.gif HTTP/1.1" 200 2712
116.232.54.212 - - [04/Mar/2021:09:18:26 +0800] "GET /xingrg/images/blue/button/cgshd.gif HTTP/1.1" 200 2618
116.232.54.212 - - [04/Mar/2021:09:18:26 +0800] "GET /xingrg/javascript/myfunction.js HTTP/1.1" 200 24559
116.232.54.212 - - [04/Mar/2021:09:18:26 +0800] "GET /xingrg/images/blue/button/cgfkd.gif HTTP/1.1" 200 2075
116.232.54.212 - - [04/Mar/2021:09:18:26 +0800] "GET /xingrg/images/blue/button/kc.gif HTTP/1.1" 200 2160
116.232.54.212 - - [04/Mar/2021:09:18:26 +0800] "GET /xingrg/images/blue/button/ckthd.gif HTTP/1.1" 200 2045
116.232.54.212 - - [04/Mar/2021:09:18:26 +0800] "GET /xingrg/images/blue/pic_form2.gif HTTP/1.1" 200 1853
116.232.54.212 - - [04/Mar/2021:09:18:26 +0800] "GET /xingrg/images/blue/bg_dotted.jpg HTTP/1.1" 200 319
116.232.54.212 - - [04/Mar/2021:09:18:26 +0800] "GET /xingrg/javascript/jquery_ui/themes/humanity/images/ui-bg_inset-soft_100_f4f0ec_1x100.png HTTP/1.1" 200 141
116.232.54.212 - - [04/Mar/2021:09:18:26 +0800] "GET /xingrg/images/blue/button/right_ah.jpg HTTP/1.1" 200 1744
116.232.54.212 - - [04/Mar/2021:09:18:26 +0800] "GET /xingrg/images/blue/button/down_ah.jpg HTTP/1.1" 200 1732
116.232.54.212 - - [04/Mar/2021:09:18:26 +0800] "GET /xingrg/javascript/jquery_ui/themes/humanity/images/ui-iconsnew.jpg HTTP/1.1" 200 337
116.232.54.212 - - [04/Mar/2021:09:18:26 +0800] "GET /xingrg/javascript/jquery_ui/themes/humanity/images/ui-icons_ffffff_256x240.png HTTP/1.1" 200 4369
116.232.54.212 - - [04/Mar/2021:09:18:26 +0800] "GET /xingrg/javascript/jquery_ui/themes/humanity/images/ui-bg_glass_70_ede4d4_1x400.png HTTP/1.1" 200 161
116.232.54.212 - - [04/Mar/2021:09:18:26 +0800] "GET /xingrg/javascript/jquery_ui/themes/humanity/images/ui-icons_c47a23_256x240.png HTTP/1.1" 200 5355
116.232.54.212 - - [04/Mar/2021:09:18:26 +0800] "GET /xingrg/images/yd/bt.gif HTTP/1.1" 404 1040
116.232.54.212 - - [04/Mar/2021:09:18:27 +0800] "GET /xingrg/css/base.css HTTP/1.1" 200 2811
116.232.54.212 - - [04/Mar/2021:09:18:27 +0800] "GET /xingrg/css/site.css HTTP/1.1" 200 7541
116.232.54.212 - - [04/Mar/2021:09:18:27 +0800] "GET /xingrg/javascript/jquery_tools/datebox.css HTTP/1.1" 200 2597
116.232.54.212 - - [04/Mar/2021:09:18:27 +0800] "GET /xingrg/javascript/easyui/themes/icon.css HTTP/1.1" 200 4483
116.232.54.212 - - [04/Mar/2021:09:18:27 +0800] "GET /xingrg/javascript/auto/jquery.autocomplete.css HTTP/1.1" 200 587
116.232.54.212 - - [04/Mar/2021:09:18:27 +0800] "GET /xingrg/javascript/jquery_tools/fix.css HTTP/1.1" 200 1702
116.232.54.212 - - [04/Mar/2021:09:18:27 +0800] "GET /xingrg/javascript/jquery_tools/table.css HTTP/1.1" 200 1032
116.232.54.212 - - [04/Mar/2021:09:18:27 +0800] "GET /xingrg/kc/buy/cgsh_order_list.html HTTP/1.1" 200 46366
116.232.54.212 - - [04/Mar/2021:09:18:27 +0800] "GET /xingrg/javascript/jquery_tools/jquery.tools.hotkey.js HTTP/1.1" 200 3242
116.232.54.212 - - [04/Mar/2021:09:18:27 +0800] "GET /xingrg/javascript/jquery_tools/jquery.tools.table.js HTTP/1.1" 200 6994
116.232.54.212 - - [04/Mar/2021:09:18:27 +0800] "GET /xingrg/javascript/jquery_tools/jquery.tools.min.js HTTP/1.1" 200 138801
116.232.54.212 - - [04/Mar/2021:09:18:27 +0800] "GET /xingrg/javascript/jquery_tools/list_manager.js HTTP/1.1" 200 3652
116.232.54.212 - - [04/Mar/2021:09:18:27 +0800] "GET /xingrg/javascript/easyui/themes/default/easyui.css HTTP/1.1" 200 30432
116.232.54.212 - - [04/Mar/2021:09:18:27 +0800] "GET /xingrg/javascript/jquery_tools/jquery.tools.extend.js HTTP/1.1" 200 15385
116.232.54.212 - - [04/Mar/2021:09:18:27 +0800] "GET /xingrg/javascript/easyui/easyloader.js HTTP/1.1" 200 5975
116.232.54.212 - - [04/Mar/2021:09:18:27 +0800] "GET /xingrg/javascript/jquery.cookie.js HTTP/1.1" 200 5513
116.232.54.212 - - [04/Mar/2021:09:18:27 +0800] "GET /xingrg/javascript/print/LodopFuncs.js HTTP/1.1" 200 5121
116.232.54.212 - - [04/Mar/2021:09:18:27 +0800] "GET /xingrg/javascript/auto/jquery.autocomplete.js HTTP/1.1" 200 21624
116.232.54.212 - - [04/Mar/2021:09:18:27 +0800] "GET /xingrg/javascript/easyui/themes/icons/import_new.png HTTP/1.1" 200 1247
116.232.54.212 - - [04/Mar/2021:09:18:27 +0800] "GET /xingrg/javascript/easyui/themes/icons/check_new.png HTTP/1.1" 200 3224
116.232.54.212 - - [04/Mar/2021:09:18:27 +0800] "GET /xingrg/javascript/easyui/themes/icons/field_new.png HTTP/1.1" 200 1097
116.232.54.212 - - [04/Mar/2021:09:18:27 +0800] "GET /xingrg/javascript/easyui/themes/icons/cance_new.png HTTP/1.1" 200 3986
116.232.54.212 - - [04/Mar/2021:09:18:27 +0800] "GET /xingrg/javascript/easyui/themes/icons/edit_add_new.png HTTP/1.1" 200 2997
116.232.54.212 - - [04/Mar/2021:09:18:27 +0800] "GET /xingrg/javascript/easyui/plugins/jquery.parser.js HTTP/1.1" 200 1142
116.232.54.212 - - [04/Mar/2021:09:18:27 +0800] "GET /xingrg/images/control/ajaxLoader.gif HTTP/1.1" 200 4659
120.253.135.82 - - [04/Mar/2021:09:18:28 +0800] "GET /xingrg/all/function/internal_message.html?_=1614820822579&CODE_STATE=getMsg HTTP/1.1" 200 27
222.70.216.220 - - [04/Mar/2021:09:18:29 +0800] "GET /xingrg/all/function/internal_message.html?_=1614820706960&CODE_STATE=getMsg HTTP/1.1" 200 27
222.69.137.21 - - [04/Mar/2021:09:18:29 +0800] "POST /xingrg/kc/buy/cgsh_order_operate.html HTTP/1.1" 200 12
116.232.54.212 - - [04/Mar/2021:09:18:29 +0800] "POST /xingrg/kc/buy/cgsh_list_operate.html HTTP/1.1" 200 876
117.185.32.26 - - [04/Mar/2021:09:18:34 +0800] "POST /xingrg/kc/buy/cgsh_order_operate.html HTTP/1.1" 200 37
222.69.137.21 - - [04/Mar/2021:09:18:34 +0800] "GET /xingrg/kc/buy/cgsh_order_info.html?code=212021030401157 HTTP/1.1" 200 57049
222.69.137.21 - - [04/Mar/2021:09:18:34 +0800] "GET /xingrg/javascript/easyui/themes/default/validatebox.css HTTP/1.1" 404 1104
222.69.137.21 - - [04/Mar/2021:09:18:35 +0800] "POST /xingrg/kc/buy/cgsh_order_operate.html HTTP/1.1" 200 3583
116.224.253.72 - - [04/Mar/2021:09:18:35 +0800] "GET /xingrg/all/function/internal_message.html?_=1614820682746&CODE_STATE=getMsg HTTP/1.1" 200 27
222.69.137.21 - - [04/Mar/2021:09:18:35 +0800] "POST /xingrg/services/DataTransmitService HTTP/1.1" 200 524
222.69.137.21 - - [04/Mar/2021:09:18:36 +0800] "POST /xingrg/services/DataTransmitService HTTP/1.1" 200 1975
117.185.32.26 - - [04/Mar/2021:09:18:36 +0800] "POST /xingrg/kc/buy/cgsh_order_operate.html HTTP/1.1" 200 3836
222.69.137.21 - - [04/Mar/2021:09:18:36 +0800] "POST /xingrg/services/DataTransmitService HTTP/1.1" 200 147532
116.232.54.212 - - [04/Mar/2021:09:18:37 +0800] "GET /xingrg/javascript/easyui/themes/default/images/button_plain_hover.png HTTP/1.1" 200 144
116.232.54.212 - - [04/Mar/2021:09:18:38 +0800] "GET /xingrg/kc/buy/cgsh_order_add.html HTTP/1.1" 200 62145
116.232.54.212 - - [04/Mar/2021:09:18:38 +0800] "GET /xingrg/javascript/convert.js HTTP/1.1" 200 1239
116.232.54.212 - - [04/Mar/2021:09:18:38 +0800] "GET /xingrg/javascript/jquery_tools/order_manager.js HTTP/1.1" 200 11183
116.232.54.212 - - [04/Mar/2021:09:18:38 +0800] "GET /xingrg/javascript/json2.js HTTP/1.1" 200 11259
116.232.54.212 - - [04/Mar/2021:09:18:38 +0800] "GET /xingrg/javascript/print/kc_print.js HTTP/1.1" 200 11415
116.232.54.212 - - [04/Mar/2021:09:18:38 +0800] "GET /xingrg/words/20210303140340_words.js HTTP/1.1" 200 796957
116.232.54.212 - - [04/Mar/2021:09:18:38 +0800] "GET /xingrg/javascript/easyui/themes/icons/copy_new.png HTTP/1.1" 200 815
116.232.54.212 - - [04/Mar/2021:09:18:38 +0800] "GET /xingrg/javascript/easyui/themes/icons/template_new.png HTTP/1.1" 200 3956
116.232.54.212 - - [04/Mar/2021:09:18:38 +0800] "GET /xingrg/javascript/easyui/themes/icons/ok.png HTTP/1.1" 200 883
116.232.54.212 - - [04/Mar/2021:09:18:38 +0800] "GET /xingrg/javascript/easyui/themes/icons/print.png HTTP/1.1" 200 1057
116.232.54.212 - - [04/Mar/2021:09:18:38 +0800] "GET /xingrg/javascript/easyui/themes/default/images/menu_downarrow.png HTTP/1.1" 200 173
116.232.54.212 - - [04/Mar/2021:09:18:38 +0800] "GET /xingrg/javascript/easyui/themes/icons/cancel.png HTTP/1.1" 200 1133
116.232.54.212 - - [04/Mar/2021:09:18:38 +0800] "POST /xingrg/kc/buy/cgsh_order_operate.html HTTP/1.1" 200 8245
116.232.54.212 - - [04/Mar/2021:09:18:38 +0800] "GET /xingrg/all/common/auto_word.html?type=employee&rest_code=00109 HTTP/1.1" 200 205
116.232.54.212 - - [04/Mar/2021:09:18:38 +0800] "GET /xingrg/javascript/easyui/themes/default/validatebox.css HTTP/1.1" 404 1104
116.232.54.212 - - [04/Mar/2021:09:18:38 +0800] "GET /xingrg/javascript/easyui/plugins/jquery.validatebox.js HTTP/1.1" 200 6103
116.232.54.212 - - [04/Mar/2021:09:18:38 +0800] "GET /xingrg/all/common/auto_word.html?type=employee&rest_code=00109 HTTP/1.1" 200 205
116.232.54.212 - - [04/Mar/2021:09:18:38 +0800] "GET /xingrg/javascript/easyui/themes/icons/edit_remove.png HTTP/1.1" 200 625
116.232.54.212 - - [04/Mar/2021:09:18:38 +0800] "GET /xingrg/javascript/easyui/plugins/jquery.numberbox.js HTTP/1.1" 200 5213
117.185.32.26 - - [04/Mar/2021:09:18:39 +0800] "GET /xingrg/kc/buy/cgsh_order_add.html HTTP/1.1" 200 62104
116.232.54.212 - - [04/Mar/2021:09:18:40 +0800] "GET /xingrg/javascript/auto/indicator.gif HTTP/1.1" 404 1066
117.185.32.26 - - [04/Mar/2021:09:18:40 +0800] "POST /xingrg/kc/buy/cgsh_order_operate.html HTTP/1.1" 200 8245
117.185.32.26 - - [04/Mar/2021:09:18:40 +0800] "GET /xingrg/javascript/easyui/themes/default/validatebox.css HTTP/1.1" 404 1104
101.228.165.174 - - [04/Mar/2021:09:18:40 +0800] "GET /xingrg/all/function/internal_message.html?_=1614820727120&CODE_STATE=getMsg HTTP/1.1" 302 -
116.224.253.72 - - [04/Mar/2021:09:18:41 +0800] "GET /xingrg/all/function/internal_message.html?_=1614820723897&CODE_STATE=getMsg HTTP/1.1" 200 27
116.224.253.72 - - [04/Mar/2021:09:18:41 +0800] "GET /xingrg/check_reg.html?_=1614820723900 HTTP/1.1" 200 22
116.232.54.212 - - [04/Mar/2021:09:18:42 +0800] "GET /xingrg/javascript/jquery_tools/images/next.gif HTTP/1.1" 404 1086
116.232.54.212 - - [04/Mar/2021:09:18:42 +0800] "GET /xingrg/javascript/jquery_tools/images/prev.gif HTTP/1.1" 404 1086
222.69.137.21 - - [04/Mar/2021:09:18:44 +0800] "GET /xingrg/kc/print/load_data.html?order_code=212021030401157&kc_code=cgsh&condition= HTTP/1.1" 200 1825
116.232.54.212 - - [04/Mar/2021:09:18:45 +0800] "GET /xingrg/index.html?sysBaseUrl=http%3A%2F%2F180.169.147.146%3A18081%2Fxingrg%2F&costTime=52×tamp=1614820704001 HTTP/1.1" 200 17173
222.70.216.220 - - [04/Mar/2021:09:18:45 +0800] "GET /xingrg/check_reg.html?_=1614820723260 HTTP/1.1" 200 22
116.232.54.212 - - [04/Mar/2021:09:18:45 +0800] "GET /xingrg/javascript/jquery_easy_ui/themes/icon.css HTTP/1.1" 200 3949
116.232.54.212 - - [04/Mar/2021:09:18:45 +0800] "GET /xingrg/css/form.css HTTP/1.1" 200 893
116.232.54.212 - - [04/Mar/2021:09:18:45 +0800] "GET /xingrg/javascript/jquery-1.4.2.min.js HTTP/1.1" 200 72205
116.232.54.212 - - [04/Mar/2021:09:18:45 +0800] "GET /xingrg/javascript/jquery_easy_ui/easyui-lang-zh_CN.js HTTP/1.1" 200 1900
116.232.54.212 - - [04/Mar/2021:09:18:45 +0800] "GET /xingrg/javascript/jquery_easy_ui/jquery.easyui.min.js HTTP/1.1" 200 213662
116.232.54.212 - - [04/Mar/2021:09:18:45 +0800] "GET /xingrg/javascript/jquery_easy_ui/themes/default/easyui.css HTTP/1.1" 200 26500
116.232.54.212 - - [04/Mar/2021:09:18:45 +0800] "GET /xingrg/javascript/jquery.timers.js HTTP/1.1" 200 3532
116.232.54.212 - - [04/Mar/2021:09:18:45 +0800] "GET /xingrg/images/blue/jxLogo.png HTTP/1.1" 200 6156
116.232.54.212 - - [04/Mar/2021:09:18:45 +0800] "GET /xingrg/javascript/jquery.utils.js HTTP/1.1" 200 11805
116.232.54.212 - - [04/Mar/2021:09:18:45 +0800] "GET /xingrg/javascript/jquery.form.js HTTP/1.1" 200 23110
116.232.54.212 - - [04/Mar/2021:09:18:45 +0800] "GET /xingrg/javascript/jquery_easy_ui/themes/icons/settle_new.png HTTP/1.1" 200 826
116.232.54.212 - - [04/Mar/2021:09:18:45 +0800] "GET /xingrg/images/blue/navBackgound.jpg HTTP/1.1" 200 12378
116.232.54.212 - - [04/Mar/2021:09:18:45 +0800] "GET /xingrg/images/blue/pingpu.png HTTP/1.1" 200 231
116.232.54.212 - - [04/Mar/2021:09:18:45 +0800] "GET /xingrg/javascript/jquery_easy_ui/themes/default/images/tabs_leftarrow.png HTTP/1.1" 200 389
116.232.54.212 - - [04/Mar/2021:09:18:45 +0800] "GET /xingrg/javascript/jquery_easy_ui/themes/default/images/tabs_rightarrow.png HTTP/1.1" 200 395
116.232.54.212 - - [04/Mar/2021:09:18:45 +0800] "POST /xingrg/all/common/load_tree.html?tree=area_rest_tree_json&manage=1 HTTP/1.1" 200 342
116.232.54.212 - - [04/Mar/2021:09:18:45 +0800] "GET /xingrg/javascript/jquery_easy_ui/themes/default/images/panel_tool_collapse.gif HTTP/1.1" 200 246
116.232.54.212 - - [04/Mar/2021:09:18:45 +0800] "GET /xingrg/all/function/internal_message.html?_=1614820728483&CODE_STATE=count HTTP/1.1" 200 11
116.232.54.212 - - [04/Mar/2021:09:18:45 +0800] "GET /xingrg/check_reg.html?_=1614820728484 HTTP/1.1" 200 22
116.232.54.212 - - [04/Mar/2021:09:18:45 +0800] "POST /xingrg/load_menu.html HTTP/1.1" 200 5138
116.232.54.212 - - [04/Mar/2021:09:18:45 +0800] "GET /favicon.ico HTTP/1.1" 404 -
116.232.54.212 - - [04/Mar/2021:09:18:45 +0800] "GET /xingrg/javascript/jquery_easy_ui/themes/default/images/tree_folder_open.gif HTTP/1.1" 200 956
116.232.54.212 - - [04/Mar/2021:09:18:45 +0800] "GET /xingrg/javascript/jquery_easy_ui/themes/default/images/tree_arrows.gif HTTP/1.1" 200 1043
116.232.54.212 - - [04/Mar/2021:09:18:45 +0800] "GET /xingrg/javascript/jquery_easy_ui/themes/icons/search_new.png HTTP/1.1" 200 586
116.232.54.212 - - [04/Mar/2021:09:18:45 +0800] "GET /xingrg/javascript/jquery_easy_ui/themes/default/images/tree_folder.gif HTTP/1.1" 200 952
116.232.54.212 - - [04/Mar/2021:09:18:45 +0800] "GET /xingrg/javascript/jquery_easy_ui/themes/icons/storage_new.png HTTP/1.1" 200 853
116.232.54.212 - - [04/Mar/2021:09:18:45 +0800] "GET /xingrg/javascript/jquery_easy_ui/themes/icons/forms_new.png HTTP/1.1" 200 350
117.185.32.26 - - [04/Mar/2021:09:18:46 +0800] "GET /xingrg/all/function/internal_message.html?_=1614821224369&CODE_STATE=getMsg HTTP/1.1" 200 27
101.228.165.174 - - [04/Mar/2021:09:18:46 +0800] "GET /xingrg/all/function/internal_message.html?_=1614820741536&CODE_STATE=getMsg HTTP/1.1" 200 27
116.232.54.212 - - [04/Mar/2021:09:18:46 +0800] "GET /xingrg/javascript/jquery_easy_ui/themes/default/images/tabs_close.gif HTTP/1.1" 200 829
116.232.54.212 - - [04/Mar/2021:09:18:46 +0800] "GET /xingrg/kc/buy/buy_main.html HTTP/1.1" 200 12412
116.232.54.212 - - [04/Mar/2021:09:18:46 +0800] "GET /xingrg/css/new_ie.css HTTP/1.1" 404 1036
116.232.54.212 - - [04/Mar/2021:09:18:46 +0800] "GET /xingrg/javascript/ToolTips.js HTTP/1.1" 200 5615
116.232.54.212 - - [04/Mar/2021:09:18:46 +0800] "GET /xingrg/javascript/pic_change.js HTTP/1.1" 200 4739
116.232.54.212 - - [04/Mar/2021:09:18:46 +0800] "GET /xingrg/javascript/jquery_ui/jquery-ui.min.js HTTP/1.1" 200 186181
116.232.54.212 - - [04/Mar/2021:09:18:46 +0800] "GET /xingrg/css/blue.css HTTP/1.1" 200 15949
116.232.54.212 - - [04/Mar/2021:09:18:46 +0800] "GET /xingrg/images/blue/button/cgxqd.gif HTTP/1.1" 200 2619
116.232.54.212 - - [04/Mar/2021:09:18:46 +0800] "GET /xingrg/javascript/jquery_ui/themes/humanity/humanity.css HTTP/1.1" 200 27801
116.232.54.212 - - [04/Mar/2021:09:18:46 +0800] "GET /xingrg/images/blue/button/cgydd.gif HTTP/1.1" 200 2712
116.232.54.212 - - [04/Mar/2021:09:18:46 +0800] "GET /xingrg/javascript/myfunction.js HTTP/1.1" 200 24559
116.232.54.212 - - [04/Mar/2021:09:18:46 +0800] "GET /xingrg/images/blue/button/cgshd.gif HTTP/1.1" 200 2618
116.232.54.212 - - [04/Mar/2021:09:18:46 +0800] "GET /xingrg/images/blue/button/cgfkd.gif HTTP/1.1" 200 2075
116.232.54.212 - - [04/Mar/2021:09:18:46 +0800] "GET /xingrg/images/blue/button/kc.gif HTTP/1.1" 200 2160
116.232.54.212 - - [04/Mar/2021:09:18:46 +0800] "GET /xingrg/images/blue/button/ckthd.gif HTTP/1.1" 200 2045
116.232.54.212 - - [04/Mar/2021:09:18:46 +0800] "GET /xingrg/images/blue/pic_form2.gif HTTP/1.1" 200 1853
116.232.54.212 - - [04/Mar/2021:09:18:47 +0800] "GET /xingrg/images/blue/button/right_ah.jpg HTTP/1.1" 200 1744
116.232.54.212 - - [04/Mar/2021:09:18:47 +0800] "GET /xingrg/images/blue/bg_dotted.jpg HTTP/1.1" 200 319
116.232.54.212 - - [04/Mar/2021:09:18:47 +0800] "GET /xingrg/images/blue/button/down_ah.jpg HTTP/1.1" 200 1732
116.232.54.212 - - [04/Mar/2021:09:18:47 +0800] "GET /xingrg/javascript/jquery_ui/themes/humanity/images/ui-bg_inset-soft_100_f4f0ec_1x100.png HTTP/1.1" 200 141
116.232.54.212 - - [04/Mar/2021:09:18:47 +0800] "GET /xingrg/javascript/jquery_ui/themes/humanity/images/ui-icons_c47a23_256x240.png HTTP/1.1" 200 5355
117.185.32.26 - - [04/Mar/2021:09:18:47 +0800] "GET /xingrg/kc/buy/buy_main.html HTTP/1.1" 200 12412
117.185.32.26 - - [04/Mar/2021:09:18:47 +0800] "GET /xingrg/css/new_ie.css HTTP/1.1" 404 1036
116.232.54.212 - - [04/Mar/2021:09:18:47 +0800] "GET /xingrg/kc/buy/cgsh_order_list.html HTTP/1.1" 200 46366
116.232.54.212 - - [04/Mar/2021:09:18:47 +0800] "GET /xingrg/css/base.css HTTP/1.1" 200 2811
116.232.54.212 - - [04/Mar/2021:09:18:47 +0800] "GET /xingrg/css/site.css HTTP/1.1" 200 7541
116.232.54.212 - - [04/Mar/2021:09:18:47 +0800] "GET /xingrg/javascript/jquery_tools/datebox.css HTTP/1.1" 200 2597
116.232.54.212 - - [04/Mar/2021:09:18:47 +0800] "GET /xingrg/javascript/easyui/themes/icon.css HTTP/1.1" 200 4483
116.232.54.212 - - [04/Mar/2021:09:18:47 +0800] "GET /xingrg/javascript/auto/jquery.autocomplete.css HTTP/1.1" 200 587
116.232.54.212 - - [04/Mar/2021:09:18:47 +0800] "GET /xingrg/javascript/jquery_tools/table.css HTTP/1.1" 200 1032
116.232.54.212 - - [04/Mar/2021:09:18:47 +0800] "GET /xingrg/javascript/jquery_tools/fix.css HTTP/1.1" 200 1702
116.232.54.212 - - [04/Mar/2021:09:18:47 +0800] "GET /xingrg/javascript/jquery_tools/jquery.tools.min.js HTTP/1.1" 200 138801
116.232.54.212 - - [04/Mar/2021:09:18:47 +0800] "GET /xingrg/javascript/jquery_tools/jquery.tools.hotkey.js HTTP/1.1" 200 3242
116.232.54.212 - - [04/Mar/2021:09:18:47 +0800] "GET /xingrg/javascript/easyui/themes/default/easyui.css HTTP/1.1" 200 30432
116.232.54.212 - - [04/Mar/2021:09:18:47 +0800] "GET /xingrg/javascript/jquery_tools/jquery.tools.extend.js HTTP/1.1" 200 15385
116.232.54.212 - - [04/Mar/2021:09:18:47 +0800] "GET /xingrg/javascript/jquery_tools/list_manager.js HTTP/1.1" 200 3652
116.232.54.212 - - [04/Mar/2021:09:18:47 +0800] "GET /xingrg/javascript/jquery_tools/jquery.tools.table.js HTTP/1.1" 200 6994
116.232.54.212 - - [04/Mar/2021:09:18:47 +0800] "GET /xingrg/javascript/easyui/easyloader.js HTTP/1.1" 200 5975
116.232.54.212 - - [04/Mar/2021:09:18:47 +0800] "GET /xingrg/javascript/auto/jquery.autocomplete.js HTTP/1.1" 200 21624
116.232.54.212 - - [04/Mar/2021:09:18:47 +0800] "GET /xingrg/javascript/jquery.cookie.js HTTP/1.1" 200 5513
116.232.54.212 - - [04/Mar/2021:09:18:47 +0800] "GET /xingrg/javascript/print/LodopFuncs.js HTTP/1.1" 200 5121
116.232.54.212 - - [04/Mar/2021:09:18:47 +0800] "GET /xingrg/javascript/easyui/themes/icons/edit_add_new.png HTTP/1.1" 200 2997
116.232.54.212 - - [04/Mar/2021:09:18:47 +0800] "GET /xingrg/javascript/easyui/themes/icons/cance_new.png HTTP/1.1" 200 3986
116.232.54.212 - - [04/Mar/2021:09:18:47 +0800] "GET /xingrg/javascript/easyui/themes/icons/check_new.png HTTP/1.1" 200 3224
116.232.54.212 - - [04/Mar/2021:09:18:47 +0800] "GET /xingrg/javascript/easyui/themes/icons/field_new.png HTTP/1.1" 200 1097
116.232.54.212 - - [04/Mar/2021:09:18:47 +0800] "GET /xingrg/javascript/easyui/themes/icons/import_new.png HTTP/1.1" 200 1247
116.232.54.212 - - [04/Mar/2021:09:18:47 +0800] "GET /xingrg/javascript/easyui/plugins/jquery.parser.js HTTP/1.1" 200 1142
116.232.54.212 - - [04/Mar/2021:09:18:47 +0800] "GET /xingrg/images/control/ajaxLoader.gif HTTP/1.1" 200 4659
117.185.32.26 - - [04/Mar/2021:09:18:48 +0800] "GET /xingrg/images/yd/bt.gif HTTP/1.1" 404 1040
116.232.54.212 - - [04/Mar/2021:09:18:48 +0800] "POST /xingrg/kc/buy/cgsh_list_operate.html HTTP/1.1" 200 876
116.232.54.212 - - [04/Mar/2021:09:18:48 +0800] "GET /xingrg/javascript/easyui/themes/default/images/button_plain_hover.png HTTP/1.1" 200 144
117.185.32.26 - - [04/Mar/2021:09:18:48 +0800] "GET /xingrg/kc/buy/cgsh_order_list.html HTTP/1.1" 200 46366
116.232.54.212 - - [04/Mar/2021:09:18:49 +0800] "GET /xingrg/javascript/convert.js HTTP/1.1" 200 1239
116.232.54.212 - - [04/Mar/2021:09:18:49 +0800] "GET /xingrg/javascript/jquery_tools/order_manager.js HTTP/1.1" 200 11183
116.232.54.212 - - [04/Mar/2021:09:18:49 +0800] "GET /xingrg/javascript/json2.js HTTP/1.1" 200 11259
116.232.54.212 - - [04/Mar/2021:09:18:49 +0800] "GET /xingrg/javascript/print/kc_print.js HTTP/1.1" 200 11415
116.232.54.212 - - [04/Mar/2021:09:18:49 +0800] "GET /xingrg/kc/buy/cgsh_order_add.html HTTP/1.1" 200 62145
222.70.216.220 - - [04/Mar/2021:09:18:49 +0800] "GET /xingrg/all/function/internal_message.html?_=1614820726877&CODE_STATE=getMsg HTTP/1.1" 200 27
116.232.54.212 - - [04/Mar/2021:09:18:49 +0800] "GET /xingrg/words/20210303140340_words.js HTTP/1.1" 200 796957
116.232.54.212 - - [04/Mar/2021:09:18:49 +0800] "GET /xingrg/javascript/easyui/themes/icons/copy_new.png HTTP/1.1" 200 815
116.232.54.212 - - [04/Mar/2021:09:18:49 +0800] "GET /xingrg/javascript/easyui/themes/icons/ok.png HTTP/1.1" 200 883
116.232.54.212 - - [04/Mar/2021:09:18:49 +0800] "GET /xingrg/javascript/easyui/themes/icons/template_new.png HTTP/1.1" 200 3956
116.232.54.212 - - [04/Mar/2021:09:18:49 +0800] "GET /xingrg/javascript/easyui/themes/icons/print.png HTTP/1.1" 200 1057
116.232.54.212 - - [04/Mar/2021:09:18:49 +0800] "GET /xingrg/javascript/easyui/themes/default/images/menu_downarrow.png HTTP/1.1" 200 173
116.232.54.212 - - [04/Mar/2021:09:18:49 +0800] "GET /xingrg/javascript/easyui/themes/icons/cancel.png HTTP/1.1" 200 1133
116.232.54.212 - - [04/Mar/2021:09:18:49 +0800] "POST /xingrg/kc/buy/cgsh_order_operate.html HTTP/1.1" 200 8245
116.232.54.212 - - [04/Mar/2021:09:18:49 +0800] "GET /xingrg/all/common/auto_word.html?type=employee&rest_code=00109 HTTP/1.1" 200 205
116.232.54.212 - - [04/Mar/2021:09:18:49 +0800] "GET /xingrg/javascript/easyui/themes/icons/edit_remove.png HTTP/1.1" 200 625
116.232.54.212 - - [04/Mar/2021:09:18:49 +0800] "GET /xingrg/all/common/auto_word.html?type=employee&rest_code=00109 HTTP/1.1" 200 205
116.232.54.212 - - [04/Mar/2021:09:18:49 +0800] "GET /xingrg/javascript/easyui/themes/default/validatebox.css HTTP/1.1" 404 1104
116.232.54.212 - - [04/Mar/2021:09:18:49 +0800] "GET /xingrg/javascript/easyui/plugins/jquery.validatebox.js HTTP/1.1" 200 6103
116.232.54.212 - - [04/Mar/2021:09:18:49 +0800] "GET /xingrg/javascript/easyui/plugins/jquery.numberbox.js HTTP/1.1" 200 5213
117.185.32.26 - - [04/Mar/2021:09:18:50 +0800] "POST /xingrg/kc/buy/cgsh_list_operate.html HTTP/1.1" 200 1688
117.131.5.26 - - [04/Mar/2021:09:18:51 +0800] "GET /xingrg/all/function/internal_message.html?_=1614820796304&CODE_STATE=getMsg HTTP/1.1" 200 27
116.232.54.212 - - [04/Mar/2021:09:18:51 +0800] "GET /xingrg/javascript/jquery_tools/images/prev.gif HTTP/1.1" 404 1086
116.232.54.212 - - [04/Mar/2021:09:18:51 +0800] "GET /xingrg/javascript/jquery_tools/images/next.gif HTTP/1.1" 404 1086
101.228.165.174 - - [04/Mar/2021:09:18:53 +0800] "GET /xingrg/kc/buy/cgsh_order_operate.html?command=get_materiel&rest_code=00146&code=00101008121&supplier_code=00100005&order_time=2021-03-04 HTTP/1.1" 200 412
116.232.54.212 - - [04/Mar/2021:09:18:57 +0800] "GET /xingrg/kc/buy/cgsh_order_operate.html?command=get_materiel&rest_code=00109&code=00101008350&supplier_code=00100005&order_time=2021-03-04 HTTP/1.1" 200 408
114.88.166.193 - - [04/Mar/2021:09:18:59 +0800] "GET /xingrg/all/function/internal_message.html?_=1614820738446&CODE_STATE=getMsg HTTP/1.1" 200 27
116.232.54.212 - - [04/Mar/2021:09:19:04 +0800] "GET /xingrg/kc/buy/cgsh_order_operate.html?command=get_materiel&rest_code=00109&code=00101008351&supplier_code=00100005&order_time=2021-03-04 HTTP/1.1" 200 408
101.228.165.174 - - [04/Mar/2021:09:19:08 +0800] "GET /xingrg/kc/buy/cgsh_order_operate.html?command=get_materiel&rest_code=00146&code=00101008098&supplier_code=00100005&order_time=2021-03-04 HTTP/1.1" 200 412
116.232.54.212 - - [04/Mar/2021:09:19:09 +0800] "GET /xingrg/kc/buy/cgsh_order_operate.html?command=get_materiel&rest_code=00109&code=00101008199&supplier_code=00100005&order_time=2021-03-04 HTTP/1.1" 200 408
117.185.32.26 - - [04/Mar/2021:09:19:10 +0800] "POST /xingrg/kc/buy/cgsh_list_operate.html HTTP/1.1" 200 1688
117.185.32.26 - - [04/Mar/2021:09:19:10 +0800] "GET /xingrg/kc/buy/buy_main.html HTTP/1.1" 200 12412
117.185.32.26 - - [04/Mar/2021:09:19:10 +0800] "GET /xingrg/css/new_ie.css HTTP/1.1" 404 1036
180.169.147.146 - - [04/Mar/2021:09:19:11 +0800] "GET /xingrg/all/function/internal_message.html?_=1614820747653&CODE_STATE=getMsg HTTP/1.1" 200 27
117.185.32.26 - - [04/Mar/2021:09:19:13 +0800] "GET /xingrg/images/yd/bt.gif HTTP/1.1" 404 1040
116.232.54.212 - - [04/Mar/2021:09:19:14 +0800] "GET /xingrg/kc/buy/cgsh_order_operate.html?command=get_materiel&rest_code=00109&code=00101008290&supplier_code=00100005&order_time=2021-03-04 HTTP/1.1" 200 416
117.185.32.26 - - [04/Mar/2021:09:19:14 +0800] "GET /xingrg/kc/buy/cgsh_order_list.html HTTP/1.1" 200 46366
101.228.165.174 - - [04/Mar/2021:09:19:14 +0800] "POST /xingrg/kc/buy/cgsh_order_operate.html HTTP/1.1" 200 2065
117.185.32.26 - - [04/Mar/2021:09:19:15 +0800] "POST /xingrg/kc/buy/cgsh_list_operate.html HTTP/1.1" 200 1688
222.70.216.220 - - [04/Mar/2021:09:19:16 +0800] "GET /xingrg/all/function/internal_message.html?_=1614820754318&CODE_STATE=getMsg HTTP/1.1" 200 27
116.232.54.212 - - [04/Mar/2021:09:19:19 +0800] "GET /xingrg/kc/buy/cgsh_order_operate.html?command=get_materiel&rest_code=00109&code=00101008005&supplier_code=00100005&order_time=2021-03-04 HTTP/1.1" 200 412
114.86.187.76 - - [04/Mar/2021:09:19:19 +0800] "GET /xingrg/all/function/internal_message.html?_=1614820761670&CODE_STATE=getMsg HTTP/1.1" 200 27
101.228.165.174 - - [04/Mar/2021:09:19:20 +0800] "GET /xingrg/kc/buy/cgsh_order_operate.html?command=get_materiel&rest_code=00146&code=00101009030&supplier_code=00100005&order_time=2021-03-04 HTTP/1.1" 200 412
180.174.195.252 - - [04/Mar/2021:09:19:21 +0800] "GET /xingrg/all/function/internal_message.html?_=1614821021278&CODE_STATE=getMsg HTTP/1.1" 200 27
116.232.54.212 - - [04/Mar/2021:09:19:24 +0800] "GET /xingrg/kc/buy/cgsh_order_operate.html?command=get_materiel&rest_code=00109&code=00101008332&supplier_code=00100005&order_time=2021-03-04 HTTP/1.1" 200 412
120.253.135.82 - - [04/Mar/2021:09:19:27 +0800] "GET /xingrg/check_reg.html?_=1614820881962 HTTP/1.1" 200 22
120.253.135.82 - - [04/Mar/2021:09:19:28 +0800] "GET /xingrg/all/function/internal_message.html?_=1614820882593&CODE_STATE=getMsg HTTP/1.1" 200 27
116.232.54.212 - - [04/Mar/2021:09:19:29 +0800] "GET /xingrg/kc/buy/cgsh_order_operate.html?command=get_materiel&rest_code=00109&code=00101008141&supplier_code=00100005&order_time=2021-03-04 HTTP/1.1" 200 412
222.70.216.220 - - [04/Mar/2021:09:19:29 +0800] "GET /xingrg/all/function/internal_message.html?_=1614820766944&CODE_STATE=getMsg HTTP/1.1" 200 27
114.88.166.193 - - [04/Mar/2021:09:19:29 +0800] "GET /xingrg/check_reg.html?_=1614820768759 HTTP/1.1" 200 22
222.69.137.21 - - [04/Mar/2021:09:19:32 +0800] "GET /xingrg/all/function/internal_message.html?_=1614820772073&CODE_STATE=getMsg HTTP/1.1" 200 27
116.232.54.212 - - [04/Mar/2021:09:19:34 +0800] "GET /xingrg/kc/buy/cgsh_order_operate.html?command=get_materiel&rest_code=00109&code=00101008300&supplier_code=00100005&order_time=2021-03-04 HTTP/1.1" 200 412
116.224.253.72 - - [04/Mar/2021:09:19:35 +0800] "GET /xingrg/all/function/internal_message.html?_=1614820742749&CODE_STATE=getMsg HTTP/1.1" 200 27
114.88.166.193 - - [04/Mar/2021:09:19:36 +0800] "GET /xingrg/kc/buy/cgsh_order_operate.html?command=get_materiel&rest_code=00111&code=00101007081&supplier_code=00100002&order_time=2021-03-04 HTTP/1.1" 200 415
116.232.54.212 - - [04/Mar/2021:09:19:40 +0800] "GET /xingrg/kc/buy/cgsh_order_operate.html?command=get_materiel&rest_code=00109&code=00101008110&supplier_code=00100005&order_time=2021-03-04 HTTP/1.1" 200 409
101.228.165.174 - - [04/Mar/2021:09:19:40 +0800] "GET /xingrg/all/function/internal_message.html?_=1614820787149&CODE_STATE=getMsg HTTP/1.1" 302 -
116.224.253.72 - - [04/Mar/2021:09:19:41 +0800] "GET /xingrg/all/function/internal_message.html?_=1614820783903&CODE_STATE=getMsg HTTP/1.1" 200 27
116.232.54.212 - - [04/Mar/2021:09:19:45 +0800] "GET /xingrg/all/function/internal_message.html?_=1614820788492&CODE_STATE=getMsg HTTP/1.1" 200 27
116.232.54.212 - - [04/Mar/2021:09:19:46 +0800] "GET /xingrg/kc/buy/cgsh_order_operate.html?command=get_materiel&rest_code=00109&code=00101008096&supplier_code=00100005&order_time=2021-03-04 HTTP/1.1" 200 413
117.185.32.26 - - [04/Mar/2021:09:19:46 +0800] "GET /xingrg/all/function/internal_message.html?_=1614821284382&CODE_STATE=getMsg HTTP/1.1" 200 27
101.228.165.174 - - [04/Mar/2021:09:19:46 +0800] "GET /xingrg/all/function/internal_message.html?_=1614820801812&CODE_STATE=getMsg HTTP/1.1" 200 27
222.70.216.220 - - [04/Mar/2021:09:19:49 +0800] "GET /xingrg/all/function/internal_message.html?_=1614820786880&CODE_STATE=getMsg HTTP/1.1" 200 27
222.70.216.220 - - [04/Mar/2021:09:19:49 +0800] "GET /xingrg/check_reg.html?_=1614820786883 HTTP/1.1" 200 22
116.232.54.212 - - [04/Mar/2021:09:19:51 +0800] "GET /xingrg/kc/buy/cgsh_order_operate.html?command=get_materiel&rest_code=00109&code=00101008137&supplier_code=00100005&order_time=2021-03-04 HTTP/1.1" 200 408
117.131.5.26 - - [04/Mar/2021:09:19:51 +0800] "GET /xingrg/all/function/internal_message.html?_=1614820856303&CODE_STATE=getMsg HTTP/1.1" 200 27
101.228.165.174 - - [04/Mar/2021:09:19:54 +0800] "GET /xingrg/check_reg.html?_=1614820809614 HTTP/1.1" 200 22
116.232.54.212 - - [04/Mar/2021:09:19:56 +0800] "GET /xingrg/kc/buy/cgsh_order_operate.html?command=get_materiel&rest_code=00109&code=00101008270&supplier_code=00100005&order_time=2021-03-04 HTTP/1.1" 200 412
114.88.166.193 - - [04/Mar/2021:09:20:01 +0800] "POST /xingrg/kc/buy/cgsh_order_operate.html HTTP/1.1" 200 37
114.88.166.193 - - [04/Mar/2021:09:20:02 +0800] "POST /xingrg/kc/buy/cgsh_order_operate.html HTTP/1.1" 200 3248
116.232.54.212 - - [04/Mar/2021:09:20:02 +0800] "GET /xingrg/kc/buy/cgsh_order_operate.html?command=get_materiel&rest_code=00109&code=00101008357&supplier_code=00100005&order_time=2021-03-04 HTTP/1.1" 200 408
116.232.54.212 - - [04/Mar/2021:09:20:07 +0800] "GET /xingrg/kc/buy/cgsh_order_operate.html?command=get_materiel&rest_code=00109&code=00101008069&supplier_code=00100005&order_time=2021-03-04 HTTP/1.1" 200 412
116.228.172.94 - - [04/Mar/2021:09:20:08 +0800] "POST /xingrg/kc/buy/cgsh_order_operate.html HTTP/1.1" 200 32258
222.70.209.13 - - [04/Mar/2021:09:20:08 +0800] "POST /xingrg/services/DataTransmitService HTTP/1.1" 200 524
116.228.172.94 - - [04/Mar/2021:09:20:11 +0800] "GET /xingrg/kc/print/load_data.html?order_code=212021030401153&kc_code=cgsh&condition= HTTP/1.1" 200 11898
180.169.147.146 - - [04/Mar/2021:09:20:11 +0800] "GET /xingrg/all/function/internal_message.html?_=1614820807652&CODE_STATE=getMsg HTTP/1.1" 200 27
180.169.147.146 - - [04/Mar/2021:09:20:11 +0800] "GET /xingrg/check_reg.html?_=1614820807654 HTTP/1.1" 200 22
222.70.209.13 - - [04/Mar/2021:09:20:13 +0800] "POST /xingrg/services/DataTransmitService HTTP/1.1" 200 501
114.88.166.193 - - [04/Mar/2021:09:20:14 +0800] "GET /xingrg/kc/buy/cgsh_order_operate.html?command=get_materiel&rest_code=00111&code=00101007061&supplier_code=00100002&order_time=2021-03-04 HTTP/1.1" 200 409
222.70.216.220 - - [04/Mar/2021:09:20:16 +0800] "GET /xingrg/all/function/internal_message.html?_=1614820814289&CODE_STATE=getMsg HTTP/1.1" 200 27
114.86.187.76 - - [04/Mar/2021:09:20:19 +0800] "GET /xingrg/all/function/internal_message.html?_=1614820821680&CODE_STATE=getMsg HTTP/1.1" 200 27
116.232.54.212 - - [04/Mar/2021:09:20:20 +0800] "GET /xingrg/kc/buy/cgsh_order_operate.html?command=get_materiel&rest_code=00109&code=00101008006&supplier_code=00100005&order_time=2021-03-04 HTTP/1.1" 200 416
180.174.195.252 - - [04/Mar/2021:09:20:21 +0800] "GET /xingrg/all/function/internal_message.html?_=1614821081280&CODE_STATE=getMsg HTTP/1.1" 200 27
114.88.166.193 - - [04/Mar/2021:09:20:27 +0800] "GET /xingrg/all/function/internal_message.html?_=1614820826335&CODE_STATE=getMsg HTTP/1.1" 200 27
120.253.135.82 - - [04/Mar/2021:09:20:28 +0800] "GET /xingrg/all/function/internal_message.html?_=1614820942606&CODE_STATE=getMsg HTTP/1.1" 200 27
114.88.166.193 - - [04/Mar/2021:09:20:28 +0800] "POST /xingrg/kc/buy/cgsh_order_operate.html HTTP/1.1" 200 37
222.70.216.220 - - [04/Mar/2021:09:20:29 +0800] "GET /xingrg/all/function/internal_message.html?_=1614820826927&CODE_STATE=getMsg HTTP/1.1" 200 27
116.232.54.212 - - [04/Mar/2021:09:20:31 +0800] "GET /xingrg/kc/buy/cgsh_order_operate.html?command=get_materiel&rest_code=00109&code=00101008318&supplier_code=00100005&order_time=2021-03-04 HTTP/1.1" 200 408
222.69.137.21 - - [04/Mar/2021:09:20:32 +0800] "GET /xingrg/all/function/internal_message.html?_=1614820832057&CODE_STATE=getMsg HTTP/1.1" 200 27
116.224.253.72 - - [04/Mar/2021:09:20:35 +0800] "GET /xingrg/check_reg.html?_=1614820802433 HTTP/1.1" 200 22
