61.165.42.208 - - [04/Mar/2021:09:53:47 +0800] "GET /xingrg/kc/buy/cgsh_order_add.html HTTP/1.1" 200 62151
61.165.42.208 - - [04/Mar/2021:09:53:47 +0800] "GET /xingrg/javascript/easyui/themes/default/validatebox.css HTTP/1.1" 404 1104
61.165.42.208 - - [04/Mar/2021:09:53:47 +0800] "POST /xingrg/kc/buy/cgsh_order_operate.html HTTP/1.1" 200 8245
116.224.253.72 - - [04/Mar/2021:09:53:48 +0800] "POST /xingrg/kc/base/wldb_order_operate.html HTTP/1.1" 200 12
116.224.253.72 - - [04/Mar/2021:09:53:48 +0800] "POST /xingrg/kc/base/wldb_order_operate.html HTTP/1.1" 200 5662
222.70.216.220 - - [04/Mar/2021:09:53:49 +0800] "GET /xingrg/all/function/internal_message.html?_=1614822826881&CODE_STATE=getMsg HTTP/1.1" 200 27
117.185.32.26 - - [04/Mar/2021:09:53:50 +0800] "GET /xingrg/kc/buy/cgsh_order_add.html HTTP/1.1" 200 62104
101.228.165.174 - - [04/Mar/2021:09:53:50 +0800] "GET /xingrg/all/function/internal_message.html?_=1614822845449&CODE_STATE=getMsg HTTP/1.1" 200 27
117.185.32.26 - - [04/Mar/2021:09:53:50 +0800] "POST /xingrg/kc/buy/cgsh_order_operate.html HTTP/1.1" 200 8245
117.185.32.26 - - [04/Mar/2021:09:53:50 +0800] "GET /xingrg/javascript/easyui/themes/default/validatebox.css HTTP/1.1" 404 1104
117.131.5.26 - - [04/Mar/2021:09:53:51 +0800] "GET /xingrg/all/function/internal_message.html?_=1614822896362&CODE_STATE=getMsg HTTP/1.1" 200 27
117.185.32.26 - - [04/Mar/2021:09:53:53 +0800] "GET /xingrg/javascript/easyui/themes/default/tree.css HTTP/1.1" 404 1090
117.185.32.26 - - [04/Mar/2021:09:53:53 +0800] "POST /xingrg/all/common/load_tree.html?tree=supplier_tree_json&isDelete=1 HTTP/1.1" 200 54827
116.224.253.72 - - [04/Mar/2021:09:53:54 +0800] "GET /xingrg/kc/base/wldb_order_info.html?code=422021030400323 HTTP/1.1" 200 26387
116.224.253.72 - - [04/Mar/2021:09:53:54 +0800] "GET /xingrg/javascript/easyui/themes/default/validatebox.css HTTP/1.1" 404 1104
116.224.253.72 - - [04/Mar/2021:09:53:54 +0800] "POST /xingrg/kc/base/wldb_order_operate.html HTTP/1.1" 200 3878
116.224.253.72 - - [04/Mar/2021:09:54:00 +0800] "GET /xingrg/kc/base/wldb_order_add.html HTTP/1.1" 200 30508
116.224.253.72 - - [04/Mar/2021:09:54:00 +0800] "POST /xingrg/kc/base/wldb_order_operate.html HTTP/1.1" 200 6806
116.224.253.72 - - [04/Mar/2021:09:54:00 +0800] "GET /xingrg/javascript/easyui/themes/default/validatebox.css HTTP/1.1" 404 1104
61.165.42.208 - - [04/Mar/2021:09:54:01 +0800] "GET /xingrg/kc/buy/cgsh_order_operate.html?command=get_materiel&rest_code=00105&code=00101009049&supplier_code=00100024&order_time=2021-03-04 HTTP/1.1" 200 418
116.224.253.72 - - [04/Mar/2021:09:54:01 +0800] "GET /xingrg/check_reg.html?_=1614822843955 HTTP/1.1" 200 22
116.224.253.72 - - [04/Mar/2021:09:54:01 +0800] "GET /xingrg/all/function/internal_message.html?_=1614822843959&CODE_STATE=getMsg HTTP/1.1" 200 27
61.165.42.208 - - [04/Mar/2021:09:54:04 +0800] "GET /xingrg/all/function/internal_message.html?_=1614822845443&CODE_STATE=getMsg HTTP/1.1" 200 27
180.162.112.81 - - [04/Mar/2021:09:54:07 +0800] "GET /xingrg/all/function/internal_message.html?_=1614822658979&CODE_STATE=getMsg HTTP/1.1" 200 27
117.185.32.26 - - [04/Mar/2021:09:54:10 +0800] "GET /xingrg/javascript/auto/indicator.gif HTTP/1.1" 404 1066
180.169.147.146 - - [04/Mar/2021:09:54:12 +0800] "GET /xingrg/all/function/internal_message.html?_=1614822847685&CODE_STATE=getMsg HTTP/1.1" 200 27
222.70.216.220 - - [04/Mar/2021:09:54:15 +0800] "GET /xingrg/all/function/internal_message.html?_=1614822853461&CODE_STATE=getMsg HTTP/1.1" 200 27
117.185.32.26 - - [04/Mar/2021:09:54:18 +0800] "GET /xingrg/kc/buy/cgsh_order_operate.html?command=get_materiel&rest_code=00106&code=00101009062&supplier_code=00100022&order_time=2021-03-04 HTTP/1.1" 200 414
180.174.195.252 - - [04/Mar/2021:09:54:20 +0800] "GET /xingrg/check_reg.html?_=1614823120594 HTTP/1.1" 200 22
180.174.195.252 - - [04/Mar/2021:09:54:21 +0800] "GET /xingrg/all/function/internal_message.html?_=1614823121134&CODE_STATE=getMsg HTTP/1.1" 200 27
116.224.253.72 - - [04/Mar/2021:09:54:21 +0800] "GET /xingrg/kc/base/wldb_order_operate.html?command=get_materiel&rest_code=00150&base_code=0010446&code=00102001130 HTTP/1.1" 200 443
61.165.42.208 - - [04/Mar/2021:09:54:22 +0800] "GET /xingrg/kc/buy/cgsh_order_operate.html?command=get_materiel&rest_code=00105&code=00101009018&supplier_code=00100024&order_time=2021-03-04 HTTP/1.1" 200 408
120.253.135.82 - - [04/Mar/2021:09:54:27 +0800] "GET /xingrg/check_reg.html?_=1614822982022 HTTP/1.1" 200 22
114.88.166.193 - - [04/Mar/2021:09:54:28 +0800] "GET /xingrg/all/function/internal_message.html?_=1614822867500&CODE_STATE=getMsg HTTP/1.1" 200 27
120.253.135.82 - - [04/Mar/2021:09:54:28 +0800] "GET /xingrg/all/function/internal_message.html?_=1614822983068&CODE_STATE=getMsg HTTP/1.1" 200 27
222.70.216.220 - - [04/Mar/2021:09:54:28 +0800] "GET /xingrg/all/function/internal_message.html?_=1614822866357&CODE_STATE=getMsg HTTP/1.1" 200 27
114.88.166.193 - - [04/Mar/2021:09:54:29 +0800] "GET /xingrg/check_reg.html?_=1614822869049 HTTP/1.1" 200 22
116.224.253.72 - - [04/Mar/2021:09:54:30 +0800] "GET /xingrg/all/function/internal_message.html?_=1614822837000&CODE_STATE=getMsg HTTP/1.1" 200 27
61.165.42.208 - - [04/Mar/2021:09:54:31 +0800] "GET /xingrg/kc/buy/cgsh_order_operate.html?command=get_materiel&rest_code=00105&code=00101009010&supplier_code=00100024&order_time=2021-03-04 HTTP/1.1" 200 412
222.69.137.21 - - [04/Mar/2021:09:54:31 +0800] "GET /xingrg/all/function/internal_message.html?_=1614822871336&CODE_STATE=getMsg HTTP/1.1" 200 27
116.228.172.94 - - [04/Mar/2021:09:54:36 +0800] "GET /xingrg/all/function/internal_message.html?_=1614822875283&CODE_STATE=getMsg HTTP/1.1" 200 27
114.88.166.193 - - [04/Mar/2021:09:54:38 +0800] "GET /xingrg/kc/buy/cgsh_order_operate.html?command=get_materiel&rest_code=00111&code=00101008365&supplier_code=00100005&order_time=2021-03-04 HTTP/1.1" 200 413
117.185.32.26 - - [04/Mar/2021:09:54:41 +0800] "GET /xingrg/kc/buy/cgsh_order_operate.html?command=get_materiel&rest_code=00106&code=00101009010&supplier_code=00100022&order_time=2021-03-04 HTTP/1.1" 200 412
101.228.165.174 - - [04/Mar/2021:09:54:41 +0800] "GET /xingrg/all/function/internal_message.html?_=1614822887843&CODE_STATE=getMsg HTTP/1.1" 302 -
116.232.54.212 - - [04/Mar/2021:09:54:45 +0800] "GET /xingrg/all/function/internal_message.html?_=1614822888564&CODE_STATE=getMsg HTTP/1.1" 200 27
117.185.32.26 - - [04/Mar/2021:09:54:46 +0800] "GET /xingrg/all/function/internal_message.html?_=1614823384527&CODE_STATE=getMsg HTTP/1.1" 200 27
116.224.253.72 - - [04/Mar/2021:09:54:47 +0800] "POST /xingrg/kc/base/wldb_order_operate.html HTTP/1.1" 200 37
222.70.216.220 - - [04/Mar/2021:09:54:49 +0800] "GET /xingrg/check_reg.html?_=1614822886883 HTTP/1.1" 200 22
222.70.216.220 - - [04/Mar/2021:09:54:49 +0800] "GET /xingrg/all/function/internal_message.html?_=1614822886885&CODE_STATE=getMsg HTTP/1.1" 200 27
116.224.253.72 - - [04/Mar/2021:09:54:49 +0800] "POST /xingrg/kc/base/wldb_order_operate.html HTTP/1.1" 200 12
116.224.253.72 - - [04/Mar/2021:09:54:49 +0800] "POST /xingrg/kc/base/wldb_order_operate.html HTTP/1.1" 200 2194
116.224.253.72 - - [04/Mar/2021:09:54:50 +0800] "GET /xingrg/kc/base/wldb_order_info.html?code=422021030400324 HTTP/1.1" 200 26389
101.228.165.174 - - [04/Mar/2021:09:54:50 +0800] "GET /xingrg/all/function/internal_message.html?_=1614822905795&CODE_STATE=getMsg HTTP/1.1" 200 27
116.224.253.72 - - [04/Mar/2021:09:54:51 +0800] "GET /xingrg/javascript/easyui/themes/default/validatebox.css HTTP/1.1" 404 1104
116.224.253.72 - - [04/Mar/2021:09:54:51 +0800] "POST /xingrg/kc/base/wldb_order_operate.html HTTP/1.1" 200 488
114.88.166.193 - - [04/Mar/2021:09:54:51 +0800] "GET /xingrg/kc/buy/cgsh_order_operate.html?command=get_materiel&rest_code=00111&code=00101008242&supplier_code=00100005&order_time=2021-03-04 HTTP/1.1" 200 408
101.85.93.83 - - [04/Mar/2021:09:54:54 +0800] "GET /xingrg/check_reg.html?_=1614822491572 HTTP/1.1" 200 22
101.228.165.174 - - [04/Mar/2021:09:54:55 +0800] "GET /xingrg/check_reg.html?_=1614822909965 HTTP/1.1" 200 22
114.88.166.193 - - [04/Mar/2021:09:54:56 +0800] "POST /xingrg/kc/buy/cgsh_order_operate.html HTTP/1.1" 200 2065
117.131.5.26 - - [04/Mar/2021:09:55:01 +0800] "GET /xingrg/all/function/internal_message.html?_=1614822956361&CODE_STATE=getMsg HTTP/1.1" 200 27
114.88.166.193 - - [04/Mar/2021:09:55:01 +0800] "GET /xingrg/kc/buy/cgsh_order_operate.html?command=get_materiel&rest_code=00111&code=00101008055&supplier_code=00100005&order_time=2021-03-04 HTTP/1.1" 200 409
116.224.253.72 - - [04/Mar/2021:09:55:01 +0800] "GET /xingrg/all/function/internal_message.html?_=1614822903968&CODE_STATE=getMsg HTTP/1.1" 200 27
61.165.42.208 - - [04/Mar/2021:09:55:04 +0800] "GET /xingrg/all/function/internal_message.html?_=1614822905481&CODE_STATE=getMsg HTTP/1.1" 200 27
180.162.112.81 - - [04/Mar/2021:09:55:07 +0800] "GET /xingrg/check_reg.html?_=1614822718982 HTTP/1.1" 200 22
180.162.112.81 - - [04/Mar/2021:09:55:07 +0800] "GET /xingrg/all/function/internal_message.html?_=1614822718979&CODE_STATE=getMsg HTTP/1.1" 200 27
180.169.147.146 - - [04/Mar/2021:09:55:12 +0800] "GET /xingrg/check_reg.html?_=1614822907685 HTTP/1.1" 200 22
180.169.147.146 - - [04/Mar/2021:09:55:12 +0800] "GET /xingrg/all/function/internal_message.html?_=1614822907688&CODE_STATE=getMsg HTTP/1.1" 200 27
117.185.32.26 - - [04/Mar/2021:09:55:13 +0800] "GET /xingrg/kc/buy/cgsh_order_operate.html?command=get_materiel&rest_code=00106&code=00101009003&supplier_code=00100022&order_time=2021-03-04 HTTP/1.1" 200 408
222.70.216.220 - - [04/Mar/2021:09:55:15 +0800] "GET /xingrg/all/function/internal_message.html?_=1614822913433&CODE_STATE=getMsg HTTP/1.1" 200 27
61.165.42.208 - - [04/Mar/2021:09:55:16 +0800] "GET /xingrg/kc/buy/cgsh_order_operate.html?command=get_materiel&rest_code=00105&code=00101009066&supplier_code=00100024&order_time=2021-03-04 HTTP/1.1" 200 416
116.224.253.72 - - [04/Mar/2021:09:55:18 +0800] "POST /xingrg/all/user/operate.html HTTP/1.1" 200 36
116.224.253.72 - - [04/Mar/2021:09:55:19 +0800] "GET /xingrg/index.html?sysBaseUrl=http%3A%2F%2F180.169.147.146%3A18081%2Fxingrg%2F&costTime=42×tamp=1614763949212 HTTP/1.1" 200 17177
116.224.253.72 - - [04/Mar/2021:09:55:19 +0800] "GET /xingrg/javascript/jquery_easy_ui/themes/default/easyui.css HTTP/1.1" 304 -
116.224.253.72 - - [04/Mar/2021:09:55:19 +0800] "GET /xingrg/javascript/jquery_easy_ui/themes/icon.css HTTP/1.1" 304 -
116.224.253.72 - - [04/Mar/2021:09:55:19 +0800] "GET /xingrg/css/form.css HTTP/1.1" 304 -
116.224.253.72 - - [04/Mar/2021:09:55:19 +0800] "GET /xingrg/javascript/jquery-1.4.2.min.js HTTP/1.1" 304 -
116.224.253.72 - - [04/Mar/2021:09:55:19 +0800] "GET /xingrg/javascript/jquery_easy_ui/jquery.easyui.min.js HTTP/1.1" 304 -
116.224.253.72 - - [04/Mar/2021:09:55:19 +0800] "GET /xingrg/javascript/jquery_easy_ui/easyui-lang-zh_CN.js HTTP/1.1" 304 -
116.224.253.72 - - [04/Mar/2021:09:55:19 +0800] "GET /xingrg/javascript/jquery.form.js HTTP/1.1" 304 -
116.224.253.72 - - [04/Mar/2021:09:55:19 +0800] "GET /xingrg/javascript/jquery.utils.js HTTP/1.1" 304 -
116.224.253.72 - - [04/Mar/2021:09:55:19 +0800] "GET /xingrg/javascript/jquery.timers.js HTTP/1.1" 304 -
116.224.253.72 - - [04/Mar/2021:09:55:19 +0800] "GET /xingrg/images/blue/jxLogo.png HTTP/1.1" 304 -
116.224.253.72 - - [04/Mar/2021:09:55:19 +0800] "GET /xingrg/javascript/jquery_easy_ui/themes/icons/settle_new.png HTTP/1.1" 304 -
116.224.253.72 - - [04/Mar/2021:09:55:19 +0800] "GET /xingrg/images/blue/navBackgound.jpg HTTP/1.1" 304 -
116.224.253.72 - - [04/Mar/2021:09:55:19 +0800] "POST /xingrg/all/common/load_tree.html?tree=area_rest_tree_json&manage=1 HTTP/1.1" 200 476
116.224.253.72 - - [04/Mar/2021:09:55:19 +0800] "GET /xingrg/all/function/internal_message.html?_=1614822921450&CODE_STATE=count HTTP/1.1" 200 11
116.224.253.72 - - [04/Mar/2021:09:55:19 +0800] "GET /xingrg/check_reg.html?_=1614822921451 HTTP/1.1" 200 22
116.224.253.72 - - [04/Mar/2021:09:55:19 +0800] "GET /xingrg/images/blue/pingpu.png HTTP/1.1" 304 -
116.224.253.72 - - [04/Mar/2021:09:55:19 +0800] "GET /xingrg/javascript/jquery_easy_ui/themes/default/images/tabs_leftarrow.png HTTP/1.1" 304 -
116.224.253.72 - - [04/Mar/2021:09:55:19 +0800] "GET /xingrg/javascript/jquery_easy_ui/themes/default/images/tabs_rightarrow.png HTTP/1.1" 304 -
116.224.253.72 - - [04/Mar/2021:09:55:19 +0800] "GET /xingrg/javascript/jquery_easy_ui/themes/default/images/panel_tool_collapse.gif HTTP/1.1" 304 -
116.224.253.72 - - [04/Mar/2021:09:55:19 +0800] "POST /xingrg/load_menu.html HTTP/1.1" 200 5138
180.174.195.252 - - [04/Mar/2021:09:55:21 +0800] "GET /xingrg/all/function/internal_message.html?_=1614823181147&CODE_STATE=getMsg HTTP/1.1" 200 27
116.224.253.72 - - [04/Mar/2021:09:55:21 +0800] "GET /xingrg/kc/base/wldb_order_list.html HTTP/1.1" 200 19343
116.224.253.72 - - [04/Mar/2021:09:55:22 +0800] "POST /xingrg/kc/base/wldb_list_operate.html HTTP/1.1" 200 928
116.224.253.72 - - [04/Mar/2021:09:55:22 +0800] "GET /xingrg/kc/base/wldb_order_add.html HTTP/1.1" 200 30506
116.224.253.72 - - [04/Mar/2021:09:55:23 +0800] "GET /xingrg/all/common/auto_word.html?type=base&rest_code=00151 HTTP/1.1" 200 1315
116.224.253.72 - - [04/Mar/2021:09:55:23 +0800] "GET /xingrg/all/common/auto_word.html?type=base&rest_code=00151 HTTP/1.1" 200 1315
116.224.253.72 - - [04/Mar/2021:09:55:23 +0800] "GET /xingrg/javascript/easyui/themes/default/validatebox.css HTTP/1.1" 404 1104
116.224.253.72 - - [04/Mar/2021:09:55:23 +0800] "POST /xingrg/kc/base/wldb_order_operate.html HTTP/1.1" 200 6806
61.165.42.208 - - [04/Mar/2021:09:55:23 +0800] "GET /xingrg/kc/buy/cgsh_order_operate.html?command=get_materiel&rest_code=00105&code=00101009016&supplier_code=00100024&order_time=2021-03-04 HTTP/1.1" 200 412
116.224.253.72 - - [04/Mar/2021:09:55:26 +0800] "GET /xingrg/javascript/auto/indicator.gif HTTP/1.1" 404 1066
114.88.166.193 - - [04/Mar/2021:09:55:28 +0800] "GET /xingrg/all/function/internal_message.html?_=1614822927513&CODE_STATE=getMsg HTTP/1.1" 200 27
222.70.216.220 - - [04/Mar/2021:09:55:28 +0800] "GET /xingrg/all/function/internal_message.html?_=1614822926340&CODE_STATE=getMsg HTTP/1.1" 200 27
120.253.135.82 - - [04/Mar/2021:09:55:28 +0800] "GET /xingrg/all/function/internal_message.html?_=1614823043082&CODE_STATE=getMsg HTTP/1.1" 200 27
117.185.32.26 - - [04/Mar/2021:09:55:29 +0800] "POST /xingrg/kc/buy/cgsh_order_operate.html HTTP/1.1" 200 37
116.224.253.72 - - [04/Mar/2021:09:55:30 +0800] "GET /xingrg/all/function/internal_message.html?_=1614822897013&CODE_STATE=getMsg HTTP/1.1" 200 27
117.185.32.26 - - [04/Mar/2021:09:55:31 +0800] "POST /xingrg/kc/buy/cgsh_order_operate.html HTTP/1.1" 200 3836
222.69.137.21 - - [04/Mar/2021:09:55:31 +0800] "GET /xingrg/all/function/internal_message.html?_=1614822931321&CODE_STATE=getMsg HTTP/1.1" 200 27
117.185.32.26 - - [04/Mar/2021:09:55:33 +0800] "GET /xingrg/kc/buy/cgsh_order_add.html HTTP/1.1" 200 62104
61.165.42.208 - - [04/Mar/2021:09:55:34 +0800] "GET /xingrg/kc/buy/cgsh_order_operate.html?command=get_materiel&rest_code=00105&code=00101009013&supplier_code=00100024&order_time=2021-03-04 HTTP/1.1" 200 420
117.185.32.26 - - [04/Mar/2021:09:55:34 +0800] "POST /xingrg/kc/buy/cgsh_order_operate.html HTTP/1.1" 200 8245
117.185.32.26 - - [04/Mar/2021:09:55:34 +0800] "GET /xingrg/javascript/easyui/themes/default/validatebox.css HTTP/1.1" 404 1104
116.224.253.72 - - [04/Mar/2021:09:55:36 +0800] "GET /xingrg/kc/base/yddb_order_list.html HTTP/1.1" 200 16949
116.224.253.72 - - [04/Mar/2021:09:55:36 +0800] "POST /xingrg/kc/base/yddb_list_operate.html HTTP/1.1" 200 636
116.228.172.94 - - [04/Mar/2021:09:55:36 +0800] "GET /xingrg/all/function/internal_message.html?_=1614822935266&CODE_STATE=getMsg HTTP/1.1" 200 27
116.224.253.72 - - [04/Mar/2021:09:55:39 +0800] "GET /xingrg/kc/base/yddb_order_add.html HTTP/1.1" 200 29745
116.224.253.72 - - [04/Mar/2021:09:55:39 +0800] "GET /xingrg/dwr/interface/AjaxYddbService.js HTTP/1.1" 200 13201
116.224.253.72 - - [04/Mar/2021:09:55:39 +0800] "GET /xingrg/dwr/interface/AjaxComOrderService.js HTTP/1.1" 200 18264
116.224.253.72 - - [04/Mar/2021:09:55:39 +0800] "GET /xingrg/dwr/util.js HTTP/1.1" 200 35990
116.224.253.72 - - [04/Mar/2021:09:55:39 +0800] "GET /xingrg/dwr/engine.js HTTP/1.1" 200 43631
61.165.42.208 - - [04/Mar/2021:09:55:39 +0800] "GET /xingrg/kc/buy/cgsh_order_operate.html?command=get_materiel&rest_code=00105&code=00101009003&supplier_code=00100024&order_time=2021-03-04 HTTP/1.1" 200 408
117.185.32.26 - - [04/Mar/2021:09:55:40 +0800] "GET /xingrg/javascript/easyui/themes/default/tree.css HTTP/1.1" 404 1090
117.185.32.26 - - [04/Mar/2021:09:55:41 +0800] "POST /xingrg/all/common/load_tree.html?tree=supplier_tree_json&isDelete=1 HTTP/1.1" 200 54827
101.228.165.174 - - [04/Mar/2021:09:55:41 +0800] "GET /xingrg/all/function/internal_message.html?_=1614822947872&CODE_STATE=getMsg HTTP/1.1" 302 -
116.224.253.72 - - [04/Mar/2021:09:55:42 +0800] "POST /xingrg/dwr/call/plaincall/AjaxYddbService.getRestBases.dwr HTTP/1.1" 200 824
116.232.54.212 - - [04/Mar/2021:09:55:45 +0800] "GET /xingrg/all/function/internal_message.html?_=1614822948566&CODE_STATE=getMsg HTTP/1.1" 200 27
117.185.32.26 - - [04/Mar/2021:09:55:46 +0800] "GET /xingrg/all/function/internal_message.html?_=1614823444534&CODE_STATE=getMsg HTTP/1.1" 200 27
222.70.216.220 - - [04/Mar/2021:09:55:49 +0800] "GET /xingrg/all/function/internal_message.html?_=1614822946872&CODE_STATE=getMsg HTTP/1.1" 200 27
101.228.165.174 - - [04/Mar/2021:09:55:50 +0800] "GET /xingrg/all/function/internal_message.html?_=1614822965805&CODE_STATE=getMsg HTTP/1.1" 200 27
117.131.5.26 - - [04/Mar/2021:09:55:51 +0800] "GET /xingrg/all/function/internal_message.html?_=1614823016360&CODE_STATE=getMsg HTTP/1.1" 200 27
116.224.253.72 - - [04/Mar/2021:09:55:52 +0800] "POST /xingrg/dwr/call/plaincall/AjaxYddbService.saveOrder.dwr HTTP/1.1" 200 78
116.224.253.72 - - [04/Mar/2021:09:55:52 +0800] "GET /xingrg/images/yd/bt.gif HTTP/1.1" 404 1040
61.165.42.208 - - [04/Mar/2021:09:55:53 +0800] "GET /xingrg/kc/buy/cgsh_order_operate.html?command=get_materiel&rest_code=00105&code=00101009039&supplier_code=00100024&order_time=2021-03-04 HTTP/1.1" 200 408
116.224.253.72 - - [04/Mar/2021:09:55:55 +0800] "POST /xingrg/dwr/call/plaincall/AjaxComOrderService.getMaterielSearchList.dwr HTTP/1.1" 200 536
116.224.253.72 - - [04/Mar/2021:09:55:56 +0800] "POST /xingrg/dwr/call/plaincall/AjaxComOrderService.getMaterielSearchList.dwr HTTP/1.1" 200 267
116.224.253.72 - - [04/Mar/2021:09:55:57 +0800] "POST /xingrg/dwr/call/plaincall/AjaxYddbService.getMaterielByMap.dwr HTTP/1.1" 200 2277
116.224.253.72 - - [04/Mar/2021:09:55:58 +0800] "GET /xingrg/images/yd/bt2.gif HTTP/1.1" 404 1042
117.185.32.26 - - [04/Mar/2021:09:55:59 +0800] "GET /xingrg/kc/buy/cgsh_order_operate.html?command=get_materiel&rest_code=00106&code=00101016025&supplier_code=00100032&order_time=2021-03-04 HTTP/1.1" 200 408
116.224.253.72 - - [04/Mar/2021:09:55:59 +0800] "POST /xingrg/dwr/call/plaincall/AjaxYddbService.saveMaterielItem.dwr HTTP/1.1" 200 78
58.37.230.33 - - [04/Mar/2021:09:56:00 +0800] "GET /xingrg/check_reg.html?_=1614822959870 HTTP/1.1" 200 22
61.165.42.208 - - [04/Mar/2021:09:56:04 +0800] "GET /xingrg/all/function/internal_message.html?_=1614822965449&CODE_STATE=getMsg HTTP/1.1" 200 27
180.162.112.81 - - [04/Mar/2021:09:56:07 +0800] "GET /xingrg/all/function/internal_message.html?_=1614822778982&CODE_STATE=getMsg HTTP/1.1" 200 27
180.174.195.252 - - [04/Mar/2021:09:56:07 +0800] "GET /xingrg/login.html HTTP/1.1" 200 7641
116.224.253.72 - - [04/Mar/2021:09:56:09 +0800] "POST /xingrg/dwr/call/plaincall/AjaxYddbService.checkOrder.dwr HTTP/1.1" 200 78
180.174.195.252 - - [04/Mar/2021:09:56:10 +0800] "GET /favicon.ico HTTP/1.1" 404 -
116.224.253.72 - - [04/Mar/2021:09:56:10 +0800] "GET /xingrg/kc/base/yddb_order_info.html?code=482021030400018 HTTP/1.1" 200 29085
116.224.253.72 - - [04/Mar/2021:09:56:10 +0800] "GET /xingrg/dwr/interface/AjaxComOrderService.js HTTP/1.1" 200 18264
116.224.253.72 - - [04/Mar/2021:09:56:10 +0800] "GET /xingrg/dwr/interface/AjaxYddbService.js HTTP/1.1" 200 13201
116.224.253.72 - - [04/Mar/2021:09:56:10 +0800] "GET /xingrg/dwr/engine.js HTTP/1.1" 200 43631
116.224.253.72 - - [04/Mar/2021:09:56:10 +0800] "POST /xingrg/dwr/call/plaincall/AjaxYddbService.loadMaterielItems.dwr HTTP/1.1" 200 380
180.174.195.252 - - [04/Mar/2021:09:56:11 +0800] "POST /xingrg/login.do HTTP/1.1" 302 -
180.174.195.252 - - [04/Mar/2021:09:56:11 +0800] "GET /xingrg/index.html?sysBaseUrl=http%3A%2F%2F180.169.147.146%3A18081%2Fxingrg%2F&costTime=38×tamp=1614822971664 HTTP/1.1" 200 17413
180.169.147.146 - - [04/Mar/2021:09:56:12 +0800] "GET /xingrg/all/function/internal_message.html?_=1614822967687&CODE_STATE=getMsg HTTP/1.1" 200 27
180.174.195.252 - - [04/Mar/2021:09:56:12 +0800] "GET /favicon.ico HTTP/1.1" 404 -
180.174.195.252 - - [04/Mar/2021:09:56:12 +0800] "POST /xingrg/all/common/load_tree.html?tree=area_rest_tree_json&manage=1 HTTP/1.1" 200 342
180.174.195.252 - - [04/Mar/2021:09:56:13 +0800] "GET /xingrg/check_reg.html?_=1614822969898 HTTP/1.1" 200 22
180.174.195.252 - - [04/Mar/2021:09:56:13 +0800] "GET /xingrg/all/function/internal_message.html?_=1614822969897&CODE_STATE=count HTTP/1.1" 200 11
180.174.195.252 - - [04/Mar/2021:09:56:13 +0800] "GET /favicon.ico HTTP/1.1" 404 -
180.174.195.252 - - [04/Mar/2021:09:56:13 +0800] "POST /xingrg/load_menu.html HTTP/1.1" 200 9959
116.224.253.72 - - [04/Mar/2021:09:56:15 +0800] "POST /xingrg/all/user/operate.html HTTP/1.1" 200 36
222.70.216.220 - - [04/Mar/2021:09:56:15 +0800] "GET /xingrg/all/function/internal_message.html?_=1614822973404&CODE_STATE=getMsg HTTP/1.1" 200 27
116.224.253.72 - - [04/Mar/2021:09:56:15 +0800] "GET /xingrg/index.html?sysBaseUrl=http%3A%2F%2F180.169.147.146%3A18081%2Fxingrg%2F&costTime=42×tamp=1614763949212 HTTP/1.1" 200 17179
116.224.253.72 - - [04/Mar/2021:09:56:15 +0800] "GET /xingrg/javascript/jquery_easy_ui/themes/default/easyui.css HTTP/1.1" 304 -
116.224.253.72 - - [04/Mar/2021:09:56:15 +0800] "GET /xingrg/javascript/jquery_easy_ui/themes/icon.css HTTP/1.1" 304 -
116.224.253.72 - - [04/Mar/2021:09:56:15 +0800] "GET /xingrg/css/form.css HTTP/1.1" 304 -
116.224.253.72 - - [04/Mar/2021:09:56:15 +0800] "GET /xingrg/javascript/jquery-1.4.2.min.js HTTP/1.1" 304 -
116.224.253.72 - - [04/Mar/2021:09:56:15 +0800] "GET /xingrg/javascript/jquery_easy_ui/jquery.easyui.min.js HTTP/1.1" 304 -
116.224.253.72 - - [04/Mar/2021:09:56:15 +0800] "GET /xingrg/javascript/jquery_easy_ui/easyui-lang-zh_CN.js HTTP/1.1" 304 -
116.224.253.72 - - [04/Mar/2021:09:56:15 +0800] "GET /xingrg/javascript/jquery.form.js HTTP/1.1" 304 -
116.224.253.72 - - [04/Mar/2021:09:56:16 +0800] "GET /xingrg/javascript/jquery.utils.js HTTP/1.1" 304 -
116.224.253.72 - - [04/Mar/2021:09:56:16 +0800] "GET /xingrg/javascript/jquery.timers.js HTTP/1.1" 304 -
116.224.253.72 - - [04/Mar/2021:09:56:16 +0800] "GET /xingrg/images/blue/jxLogo.png HTTP/1.1" 304 -
116.224.253.72 - - [04/Mar/2021:09:56:16 +0800] "GET /xingrg/images/blue/navBackgound.jpg HTTP/1.1" 304 -
116.224.253.72 - - [04/Mar/2021:09:56:16 +0800] "GET /xingrg/javascript/jquery_easy_ui/themes/icons/settle_new.png HTTP/1.1" 304 -
116.224.253.72 - - [04/Mar/2021:09:56:16 +0800] "POST /xingrg/all/common/load_tree.html?tree=area_rest_tree_json&manage=1 HTTP/1.1" 200 476
116.224.253.72 - - [04/Mar/2021:09:56:16 +0800] "GET /xingrg/all/function/internal_message.html?_=1614822978287&CODE_STATE=count HTTP/1.1" 200 11
116.224.253.72 - - [04/Mar/2021:09:56:16 +0800] "GET /xingrg/javascript/jquery_easy_ui/themes/default/images/panel_tool_collapse.gif HTTP/1.1" 304 -
116.224.253.72 - - [04/Mar/2021:09:56:16 +0800] "GET /xingrg/check_reg.html?_=1614822978288 HTTP/1.1" 200 22
116.224.253.72 - - [04/Mar/2021:09:56:16 +0800] "GET /xingrg/javascript/jquery_easy_ui/themes/default/images/tabs_rightarrow.png HTTP/1.1" 304 -
116.224.253.72 - - [04/Mar/2021:09:56:16 +0800] "GET /xingrg/images/blue/pingpu.png HTTP/1.1" 304 -
116.224.253.72 - - [04/Mar/2021:09:56:16 +0800] "GET /xingrg/javascript/jquery_easy_ui/themes/default/images/tabs_leftarrow.png HTTP/1.1" 304 -
116.224.253.72 - - [04/Mar/2021:09:56:16 +0800] "POST /xingrg/load_menu.html HTTP/1.1" 200 5138
116.224.253.72 - - [04/Mar/2021:09:56:18 +0800] "GET /xingrg/kc/base/yddb_order_list.html HTTP/1.1" 200 16951
116.224.253.72 - - [04/Mar/2021:09:56:19 +0800] "POST /xingrg/kc/base/yddb_list_operate.html HTTP/1.1" 200 636
180.174.195.252 - - [04/Mar/2021:09:56:21 +0800] "GET /xingrg/all/function/internal_message.html?_=1614823241161&CODE_STATE=getMsg HTTP/1.1" 200 27
116.224.253.72 - - [04/Mar/2021:09:56:22 +0800] "POST /xingrg/kc/base/yddb_list_operate.html HTTP/1.1" 200 1341
116.224.253.72 - - [04/Mar/2021:09:56:22 +0800] "POST /xingrg/kc/base/yddb_list_operate.html HTTP/1.1" 200 203
116.224.253.72 - - [04/Mar/2021:09:56:23 +0800] "GET /xingrg/kc/base/yddb_order_info.html?code=482021030400018 HTTP/1.1" 200 30939
116.224.253.72 - - [04/Mar/2021:09:56:23 +0800] "GET /xingrg/dwr/interface/AjaxComOrderService.js HTTP/1.1" 200 18264
116.224.253.72 - - [04/Mar/2021:09:56:23 +0800] "GET /xingrg/dwr/interface/AjaxYddbService.js HTTP/1.1" 200 13201
116.224.253.72 - - [04/Mar/2021:09:56:23 +0800] "GET /xingrg/dwr/engine.js HTTP/1.1" 200 43631
116.224.253.72 - - [04/Mar/2021:09:56:23 +0800] "POST /xingrg/dwr/call/plaincall/AjaxYddbService.loadMaterielItems.dwr HTTP/1.1" 200 380
117.185.32.26 - - [04/Mar/2021:09:56:24 +0800] "GET /xingrg/kc/buy/cgsh_order_operate.html?command=get_materiel&rest_code=00106&code=00101020153&supplier_code=00100032&order_time=2021-03-04 HTTP/1.1" 200 408
114.88.166.193 - - [04/Mar/2021:09:56:28 +0800] "GET /xingrg/all/function/internal_message.html?_=1614822987529&CODE_STATE=getMsg HTTP/1.1" 200 27
116.224.253.72 - - [04/Mar/2021:09:56:28 +0800] "POST /xingrg/dwr/call/plaincall/AjaxYddbService.saveOrder.dwr HTTP/1.1" 200 78
222.70.216.220 - - [04/Mar/2021:09:56:28 +0800] "GET /xingrg/all/function/internal_message.html?_=1614822986324&CODE_STATE=getMsg HTTP/1.1" 200 27
120.253.135.82 - - [04/Mar/2021:09:56:28 +0800] "GET /xingrg/all/function/internal_message.html?_=1614823103096&CODE_STATE=getMsg HTTP/1.1" 200 27
222.70.216.220 - - [04/Mar/2021:09:56:29 +0800] "POST /xingrg/services/DataTransmitService HTTP/1.1" 200 524
222.70.216.220 - - [04/Mar/2021:09:56:29 +0800] "POST /xingrg/services/DataTransmitService HTTP/1.1" 200 1971
116.224.253.72 - - [04/Mar/2021:09:56:30 +0800] "GET /xingrg/check_reg.html?_=1614822956964 HTTP/1.1" 200 22
116.224.253.72 - - [04/Mar/2021:09:56:30 +0800] "GET /xingrg/all/function/internal_message.html?_=1614822957028&CODE_STATE=getMsg HTTP/1.1" 200 27
222.70.216.220 - - [04/Mar/2021:09:56:30 +0800] "POST /xingrg/services/DataTransmitService HTTP/1.1" 200 79780
116.224.253.72 - - [04/Mar/2021:09:56:31 +0800] "POST /xingrg/dwr/call/plaincall/AjaxYddbService.objCheckOrder.dwr HTTP/1.1" 200 78
222.69.137.21 - - [04/Mar/2021:09:56:31 +0800] "GET /xingrg/all/function/internal_message.html?_=1614822991307&CODE_STATE=getMsg HTTP/1.1" 200 27
116.224.253.72 - - [04/Mar/2021:09:56:32 +0800] "GET /xingrg/kc/base/yddb_order_info.html?code=482021030400018 HTTP/1.1" 200 31060
116.224.253.72 - - [04/Mar/2021:09:56:32 +0800] "GET /xingrg/dwr/interface/AjaxYddbService.js HTTP/1.1" 200 13201
116.224.253.72 - - [04/Mar/2021:09:56:32 +0800] "GET /xingrg/dwr/interface/AjaxComOrderService.js HTTP/1.1" 200 18264
116.224.253.72 - - [04/Mar/2021:09:56:32 +0800] "GET /xingrg/dwr/engine.js HTTP/1.1" 200 43631
222.69.137.21 - - [04/Mar/2021:09:56:32 +0800] "GET /xingrg/check_reg.html?_=1614822991953 HTTP/1.1" 200 22
116.224.253.72 - - [04/Mar/2021:09:56:32 +0800] "POST /xingrg/dwr/call/plaincall/AjaxYddbService.loadMaterielItems.dwr HTTP/1.1" 200 380
116.228.172.94 - - [04/Mar/2021:09:56:36 +0800] "GET /xingrg/all/function/internal_message.html?_=1614822995252&CODE_STATE=getMsg HTTP/1.1" 200 27
116.228.172.94 - - [04/Mar/2021:09:56:37 +0800] "GET /xingrg/check_reg.html?_=1614822995807 HTTP/1.1" 200 22
222.70.216.220 - - [04/Mar/2021:09:56:38 +0800] "GET /xingrg/check_reg.html?_=1614822995642 HTTP/1.1" 200 22
117.185.32.26 - - [04/Mar/2021:09:56:41 +0800] "GET /xingrg/kc/buy/cgsh_order_operate.html?command=get_materiel&rest_code=00106&code=00101012029&supplier_code=00100032&order_time=2021-03-04 HTTP/1.1" 200 412
101.228.165.174 - - [04/Mar/2021:09:56:41 +0800] "GET /xingrg/all/function/internal_message.html?_=1614823007886&CODE_STATE=getMsg HTTP/1.1" 302 -
116.232.54.212 - - [04/Mar/2021:09:56:45 +0800] "GET /xingrg/all/function/internal_message.html?_=1614823008568&CODE_STATE=getMsg HTTP/1.1" 200 27
117.185.32.26 - - [04/Mar/2021:09:56:46 +0800] "GET /xingrg/check_reg.html?_=1614823504539 HTTP/1.1" 200 22
117.185.32.26 - - [04/Mar/2021:09:56:46 +0800] "GET /xingrg/all/function/internal_message.html?_=1614823504541&CODE_STATE=getMsg HTTP/1.1" 200 27
222.70.216.220 - - [04/Mar/2021:09:56:49 +0800] "GET /xingrg/all/function/internal_message.html?_=1614823006878&CODE_STATE=getMsg HTTP/1.1" 200 27
101.228.165.174 - - [04/Mar/2021:09:56:50 +0800] "GET /xingrg/all/function/internal_message.html?_=1614823025815&CODE_STATE=getMsg HTTP/1.1" 200 27
117.131.5.26 - - [04/Mar/2021:09:56:51 +0800] "GET /xingrg/all/function/internal_message.html?_=1614823076358&CODE_STATE=getMsg HTTP/1.1" 200 27
117.185.32.26 - - [04/Mar/2021:09:57:02 +0800] "GET /xingrg/kc/buy/cgsh_order_operate.html?command=get_materiel&rest_code=00106&code=00101012025&supplier_code=00100032&order_time=2021-03-04 HTTP/1.1" 200 412
61.165.42.208 - - [04/Mar/2021:09:57:04 +0800] "GET /xingrg/check_reg.html?_=1614823025441 HTTP/1.1" 200 22
61.165.42.208 - - [04/Mar/2021:09:57:04 +0800] "GET /xingrg/all/function/internal_message.html?_=1614823025443&CODE_STATE=getMsg HTTP/1.1" 200 27
180.162.112.81 - - [04/Mar/2021:09:57:07 +0800] "GET /xingrg/all/function/internal_message.html?_=1614822838982&CODE_STATE=getMsg HTTP/1.1" 200 27
222.69.137.21 - - [04/Mar/2021:09:57:09 +0800] "POST /xingrg/services/DataTransmitService HTTP/1.1" 200 524
222.69.137.21 - - [04/Mar/2021:09:57:09 +0800] "POST /xingrg/services/DataTransmitService HTTP/1.1" 200 1975
222.69.137.21 - - [04/Mar/2021:09:57:09 +0800] "POST /xingrg/services/DataTransmitService HTTP/1.1" 200 147584
61.165.42.208 - - [04/Mar/2021:09:57:11 +0800] "POST /xingrg/kc/buy/cgsh_order_operate.html HTTP/1.1" 200 37
180.169.147.146 - - [04/Mar/2021:09:57:12 +0800] "GET /xingrg/all/function/internal_message.html?_=1614823027687&CODE_STATE=getMsg HTTP/1.1" 200 27
180.174.195.252 - - [04/Mar/2021:09:57:13 +0800] "GET /xingrg/all/function/internal_message.html?_=1614823029922&CODE_STATE=getMsg HTTP/1.1" 200 27
61.165.42.208 - - [04/Mar/2021:09:57:13 +0800] "POST /xingrg/kc/buy/cgsh_order_operate.html HTTP/1.1" 200 7977
61.165.42.208 - - [04/Mar/2021:09:57:14 +0800] "GET /xingrg/kc/print/load_data.html?order_code=212021030401179&kc_code=cgsh&condition= HTTP/1.1" 200 2705
222.70.216.220 - - [04/Mar/2021:09:57:15 +0800] "GET /xingrg/all/function/internal_message.html?_=1614823033378&CODE_STATE=getMsg HTTP/1.1" 200 27
116.224.253.72 - - [04/Mar/2021:09:57:16 +0800] "GET /xingrg/all/function/internal_message.html?_=1614823038299&CODE_STATE=getMsg HTTP/1.1" 200 27
180.174.195.252 - - [04/Mar/2021:09:57:21 +0800] "GET /xingrg/all/function/internal_message.html?_=1614823301287&CODE_STATE=getMsg HTTP/1.1" 200 27
101.228.165.174 - - [04/Mar/2021:09:57:24 +0800] "GET /xingrg/check_reg.html?_=1614823050725 HTTP/1.1" 302 -
114.88.166.193 - - [04/Mar/2021:09:57:28 +0800] "GET /xingrg/all/function/internal_message.html?_=1614823047541&CODE_STATE=getMsg HTTP/1.1" 200 27
222.70.216.220 - - [04/Mar/2021:09:57:28 +0800] "GET /xingrg/all/function/internal_message.html?_=1614823046307&CODE_STATE=getMsg HTTP/1.1" 200 27
120.253.135.82 - - [04/Mar/2021:09:57:28 +0800] "GET /xingrg/all/function/internal_message.html?_=1614823163116&CODE_STATE=getMsg HTTP/1.1" 200 27
114.88.166.193 - - [04/Mar/2021:09:57:29 +0800] "GET /xingrg/kc/buy/cgsh_order_operate.html?command=get_materiel&rest_code=00111&code=00101008298&supplier_code=00100005&order_time=2021-03-04 HTTP/1.1" 200 413
116.224.253.72 - - [04/Mar/2021:09:57:30 +0800] "GET /xingrg/all/function/internal_message.html?_=1614823017040&CODE_STATE=getMsg HTTP/1.1" 200 27
117.185.32.26 - - [04/Mar/2021:09:57:31 +0800] "GET /xingrg/kc/buy/cgsh_order_operate.html?command=get_materiel&rest_code=00106&code=00101010161&supplier_code=00100032&order_time=2021-03-04 HTTP/1.1" 200 411
222.69.137.21 - - [04/Mar/2021:09:57:31 +0800] "GET /xingrg/all/function/internal_message.html?_=1614823051281&CODE_STATE=getMsg HTTP/1.1" 200 27
116.228.172.94 - - [04/Mar/2021:09:57:36 +0800] "GET /xingrg/all/function/internal_message.html?_=1614823055229&CODE_STATE=getMsg HTTP/1.1" 200 27
114.88.166.193 - - [04/Mar/2021:09:57:38 +0800] "GET /xingrg/kc/buy/cgsh_order_operate.html?command=get_materiel&rest_code=00111&code=00101009030&supplier_code=00100005&order_time=2021-03-04 HTTP/1.1" 200 412
180.174.195.252 - - [04/Mar/2021:09:57:40 +0800] "POST /xingrg/load_menu.html HTTP/1.1" 200 9242
101.228.165.174 - - [04/Mar/2021:09:57:41 +0800] "GET /xingrg/all/function/internal_message.html?_=1614823067913&CODE_STATE=getMsg HTTP/1.1" 302 -
180.174.195.252 - - [04/Mar/2021:09:57:41 +0800] "GET /xingrg/all/report/report_query.html?fileName=dma/new_5.0/yingye/order_list.xml HTTP/1.1" 200 55281
180.174.195.252 - - [04/Mar/2021:09:57:41 +0800] "GET /xingrg/dwr/interface/AjaxReportQueryService.js HTTP/1.1" 200 13203
180.174.195.252 - - [04/Mar/2021:09:57:41 +0800] "GET /xingrg/dwr/engine.js HTTP/1.1" 200 43631
180.174.195.252 - - [04/Mar/2021:09:57:42 +0800] "GET /xingrg/dwr/util.js HTTP/1.1" 200 35990
180.174.195.252 - - [04/Mar/2021:09:57:42 +0800] "POST /xingrg/dwr/call/plaincall/AjaxReportQueryService.getFixDate.dwr HTTP/1.1" 200 111
180.174.195.252 - - [04/Mar/2021:09:57:42 +0800] "POST /xingrg/all/common/load_tree.html?tree=area_station_tree_json&manage=1 HTTP/1.1" 200 336
180.174.195.252 - - [04/Mar/2021:09:57:42 +0800] "POST /xingrg/dwr/call/plaincall/AjaxReportQueryService.getInitString.dwr HTTP/1.1" 200 76
116.232.54.212 - - [04/Mar/2021:09:57:45 +0800] "GET /xingrg/all/function/internal_message.html?_=1614823068571&CODE_STATE=getMsg HTTP/1.1" 200 27
117.185.32.26 - - [04/Mar/2021:09:57:46 +0800] "GET /xingrg/all/function/internal_message.html?_=1614823564528&CODE_STATE=getMsg HTTP/1.1" 200 27
117.185.32.26 - - [04/Mar/2021:09:57:47 +0800] "POST /xingrg/kc/buy/cgsh_order_operate.html HTTP/1.1" 200 37
117.185.32.26 - - [04/Mar/2021:09:57:48 +0800] "POST /xingrg/kc/buy/cgsh_order_operate.html HTTP/1.1" 200 5013
222.70.216.220 - - [04/Mar/2021:09:57:49 +0800] "GET /xingrg/all/function/internal_message.html?_=1614823066884&CODE_STATE=getMsg HTTP/1.1" 200 27
117.185.32.26 - - [04/Mar/2021:09:57:51 +0800] "GET /xingrg/kc/buy/buy_main.html HTTP/1.1" 200 12412
117.185.32.26 - - [04/Mar/2021:09:57:51 +0800] "GET /xingrg/css/new_ie.css HTTP/1.1" 404 1036
101.228.165.174 - - [04/Mar/2021:09:57:51 +0800] "GET /xingrg/all/function/internal_message.html?_=1614823086165&CODE_STATE=getMsg HTTP/1.1" 200 27
117.131.5.26 - - [04/Mar/2021:09:57:51 +0800] "GET /xingrg/check_reg.html?_=1614823136357 HTTP/1.1" 200 22
117.131.5.26 - - [04/Mar/2021:09:57:51 +0800] "GET /xingrg/all/function/internal_message.html?_=1614823136358&CODE_STATE=getMsg HTTP/1.1" 200 27
117.185.32.26 - - [04/Mar/2021:09:57:52 +0800] "GET /xingrg/images/yd/bt.gif HTTP/1.1" 404 1040
117.185.32.26 - - [04/Mar/2021:09:57:52 +0800] "GET /xingrg/kc/buy/cgsh_order_list.html HTTP/1.1" 200 46366
114.88.166.193 - - [04/Mar/2021:09:57:53 +0800] "GET /xingrg/kc/buy/cgsh_order_operate.html?command=get_materiel&rest_code=00111&code=00101008166&supplier_code=00100005&order_time=2021-03-04 HTTP/1.1" 200 412
180.174.195.252 - - [04/Mar/2021:09:57:54 +0800] "POST /xingrg/dwr/call/plaincall/AjaxReportQueryService.getFixDate.dwr HTTP/1.1" 200 111
116.224.253.72 - - [04/Mar/2021:09:57:56 +0800] "POST /xingrg/kc/buy/cgsh_order_operate.html HTTP/1.1" 200 37
117.185.32.26 - - [04/Mar/2021:09:57:56 +0800] "POST /xingrg/kc/buy/cgsh_list_operate.html HTTP/1.1" 200 2411
180.174.195.252 - - [04/Mar/2021:09:57:58 +0800] "POST /xingrg/dwr/call/plaincall/AjaxReportQueryService.refreshCache.dwr HTTP/1.1" 200 78
116.224.253.72 - - [04/Mar/2021:09:57:59 +0800] "POST /xingrg/kc/buy/cgsh_order_operate.html HTTP/1.1" 200 12
180.174.195.252 - - [04/Mar/2021:09:57:59 +0800] "POST /xingrg/all/report/load_report_page.html HTTP/1.1" 200 221078
180.174.195.252 - - [04/Mar/2021:09:57:59 +0800] "GET /xingrg/images/blue/button/back2.gif HTTP/1.1" 200 1339
180.174.195.252 - - [04/Mar/2021:09:57:59 +0800] "GET /xingrg/images/blue/button/back.gif HTTP/1.1" 200 1352
180.174.195.252 - - [04/Mar/2021:09:57:59 +0800] "GET /xingrg/servlets/image?cache=0.07085227696387564&image=px HTTP/1.1" 200 807
116.224.253.72 - - [04/Mar/2021:09:58:00 +0800] "GET /xingrg/kc/buy/cgsh_order_info.html?code=212021030401151 HTTP/1.1" 200 56664
116.224.253.72 - - [04/Mar/2021:09:58:01 +0800] "GET /xingrg/javascript/easyui/themes/default/validatebox.css HTTP/1.1" 404 1104
116.224.253.72 - - [04/Mar/2021:09:58:01 +0800] "POST /xingrg/kc/buy/cgsh_order_operate.html HTTP/1.1" 200 22727
180.174.195.252 - - [04/Mar/2021:09:58:02 +0800] "POST /xingrg/all/report/load_report_page.html HTTP/1.1" 200 221100
180.174.195.252 - - [04/Mar/2021:09:58:02 +0800] "GET /xingrg/servlets/image?cache=0.5332488338792148&image=px HTTP/1.1" 200 807
61.165.42.208 - - [04/Mar/2021:09:58:04 +0800] "GET /xingrg/all/function/internal_message.html?_=1614823085446&CODE_STATE=getMsg HTTP/1.1" 200 27
180.174.195.252 - - [04/Mar/2021:09:58:05 +0800] "POST /xingrg/all/report/report_print.html HTTP/1.1" 200 18972
180.162.112.81 - - [04/Mar/2021:09:58:07 +0800] "GET /xingrg/all/function/internal_message.html?_=1614822898983&CODE_STATE=getMsg HTTP/1.1" 200 27
180.169.147.146 - - [04/Mar/2021:09:58:12 +0800] "GET /xingrg/all/function/internal_message.html?_=1614823087687&CODE_STATE=getMsg HTTP/1.1" 200 27
180.174.195.252 - - [04/Mar/2021:09:58:13 +0800] "GET /xingrg/all/function/internal_message.html?_=1614823089901&CODE_STATE=getMsg HTTP/1.1" 200 27
222.70.216.220 - - [04/Mar/2021:09:58:15 +0800] "GET /xingrg/all/function/internal_message.html?_=1614823093347&CODE_STATE=getMsg HTTP/1.1" 200 27
116.224.253.72 - - [04/Mar/2021:09:58:16 +0800] "GET /xingrg/all/function/internal_message.html?_=1614823098299&CODE_STATE=getMsg HTTP/1.1" 200 27
180.174.195.252 - - [04/Mar/2021:09:58:21 +0800] "GET /xingrg/all/function/internal_message.html?_=1614823361298&CODE_STATE=getMsg HTTP/1.1" 200 27
114.88.166.193 - - [04/Mar/2021:09:58:23 +0800] "POST /xingrg/kc/buy/cgsh_order_operate.html HTTP/1.1" 200 2065
114.88.166.193 - - [04/Mar/2021:09:58:28 +0800] "GET /xingrg/all/function/internal_message.html?_=1614823107554&CODE_STATE=getMsg HTTP/1.1" 200 27
222.70.216.220 - - [04/Mar/2021:09:58:28 +0800] "GET /xingrg/all/function/internal_message.html?_=1614823106290&CODE_STATE=getMsg HTTP/1.1" 200 27
120.253.135.82 - - [04/Mar/2021:09:58:28 +0800] "GET /xingrg/all/function/internal_message.html?_=1614823223122&CODE_STATE=getMsg HTTP/1.1" 200 27
116.224.253.72 - - [04/Mar/2021:09:58:30 +0800] "GET /xingrg/all/function/internal_message.html?_=1614823077054&CODE_STATE=getMsg HTTP/1.1" 200 27
222.69.137.21 - - [04/Mar/2021:09:58:31 +0800] "GET /xingrg/all/function/internal_message.html?_=1614823111253&CODE_STATE=getMsg HTTP/1.1" 200 27
114.88.166.193 - - [04/Mar/2021:09:58:34 +0800] "GET /xingrg/kc/buy/cgsh_order_operate.html?command=get_materiel&rest_code=00111&code=00101008027&supplier_code=00100005&order_time=2021-03-04 HTTP/1.1" 200 408
116.228.172.94 - - [04/Mar/2021:09:58:36 +0800] "GET /xingrg/all/function/internal_message.html?_=1614823115213&CODE_STATE=getMsg HTTP/1.1" 200 27
101.228.165.174 - - [04/Mar/2021:09:58:41 +0800] "GET /xingrg/all/function/internal_message.html?_=1614823127928&CODE_STATE=getMsg HTTP/1.1" 302 -
101.85.93.83 - - [04/Mar/2021:09:58:41 +0800] "GET /xingrg/kc/mdqp/qqps_order_list.html?isQuery=1&timeSelect=1&orderTime=day&startTime=2021-03-04&endTime=2021-03-04&state=all&query=%C8%B7++%B6%A8 HTTP/1.1" 200 9771
101.85.93.83 - - [04/Mar/2021:09:58:41 +0800] "GET /xingrg/javascript/pic_change.js HTTP/1.1" 200 4739
101.85.93.83 - - [04/Mar/2021:09:58:41 +0800] "GET /xingrg/javascript/ToolTips.js HTTP/1.1" 200 5615
101.85.93.83 - - [04/Mar/2021:09:58:41 +0800] "GET /xingrg/css/blue.css HTTP/1.1" 200 15949
101.85.93.83 - - [04/Mar/2021:09:58:41 +0800] "GET /xingrg/dwr/interface/AjaxReportQueryService.js HTTP/1.1" 200 13203
101.85.93.83 - - [04/Mar/2021:09:58:41 +0800] "GET /xingrg/javascript/jquery_easy_ui/themes/icon.css HTTP/1.1" 200 3949
101.85.93.83 - - [04/Mar/2021:09:58:41 +0800] "GET /xingrg/javascript/jquery_easy_ui/themes/default/easyui.css HTTP/1.1" 200 26500
101.85.93.83 - - [04/Mar/2021:09:58:41 +0800] "GET /xingrg/dwr/engine.js HTTP/1.1" 200 43631
101.85.93.83 - - [04/Mar/2021:09:58:41 +0800] "GET /xingrg/javascript/Calendar.js HTTP/1.1" 200 31561
101.85.93.83 - - [04/Mar/2021:09:58:42 +0800] "GET /xingrg/dwr/interface/AjaxQqpsService.js HTTP/1.1" 200 16326
101.85.93.83 - - [04/Mar/2021:09:58:42 +0800] "GET /xingrg/dwr/util.js HTTP/1.1" 200 35990
101.85.93.83 - - [04/Mar/2021:09:58:42 +0800] "GET /xingrg/javascript/myfunction.js HTTP/1.1" 200 24559
222.70.216.220 - - [04/Mar/2021:09:58:45 +0800] "GET /xingrg/check_reg.html?_=1614823123123 HTTP/1.1" 200 22
116.232.54.212 - - [04/Mar/2021:09:58:45 +0800] "GET /xingrg/all/function/internal_message.html?_=1614823128576&CODE_STATE=getMsg HTTP/1.1" 200 27
116.232.54.212 - - [04/Mar/2021:09:58:45 +0800] "GET /xingrg/check_reg.html?_=1614823128576 HTTP/1.1" 200 22
117.185.32.26 - - [04/Mar/2021:09:58:46 +0800] "GET /xingrg/all/function/internal_message.html?_=1614823624553&CODE_STATE=getMsg HTTP/1.1" 200 27
101.85.93.83 - - [04/Mar/2021:09:58:47 +0800] "GET /xingrg/css/site.css HTTP/1.1" 200 7541
101.85.93.83 - - [04/Mar/2021:09:58:47 +0800] "GET /xingrg/css/base.css HTTP/1.1" 200 2811
101.85.93.83 - - [04/Mar/2021:09:58:47 +0800] "GET /xingrg/javascript/jquery_tools/datebox.css HTTP/1.1" 200 2597
101.85.93.83 - - [04/Mar/2021:09:58:47 +0800] "GET /xingrg/javascript/auto/jquery.autocomplete.css HTTP/1.1" 200 587
101.85.93.83 - - [04/Mar/2021:09:58:47 +0800] "GET /xingrg/javascript/easyui/themes/icon.css HTTP/1.1" 200 4483
101.85.93.83 - - [04/Mar/2021:09:58:47 +0800] "GET /xingrg/javascript/jquery_tools/fix.css HTTP/1.1" 200 1702
101.85.93.83 - - [04/Mar/2021:09:58:47 +0800] "GET /xingrg/javascript/jquery_tools/jquery.tools.min.js HTTP/1.1" 200 138801
101.85.93.83 - - [04/Mar/2021:09:58:47 +0800] "GET /xingrg/javascript/jquery_tools/table.css HTTP/1.1" 200 1032
101.85.93.83 - - [04/Mar/2021:09:58:47 +0800] "GET /xingrg/javascript/jquery_tools/jquery.tools.table.js HTTP/1.1" 200 6994
101.85.93.83 - - [04/Mar/2021:09:58:47 +0800] "GET /xingrg/javascript/jquery_tools/list_manager.js HTTP/1.1" 200 3652
101.85.93.83 - - [04/Mar/2021:09:58:47 +0800] "GET /xingrg/javascript/jquery_tools/jquery.tools.hotkey.js HTTP/1.1" 200 3242
101.85.93.83 - - [04/Mar/2021:09:58:47 +0800] "GET /xingrg/javascript/easyui/easyloader.js HTTP/1.1" 200 5975
101.85.93.83 - - [04/Mar/2021:09:58:47 +0800] "GET /xingrg/kc/buy/cgsh_order_list.html HTTP/1.1" 200 46372
101.85.93.83 - - [04/Mar/2021:09:58:48 +0800] "GET /xingrg/javascript/jquery.cookie.js HTTP/1.1" 200 5513
101.85.93.83 - - [04/Mar/2021:09:58:48 +0800] "GET /xingrg/javascript/print/LodopFuncs.js HTTP/1.1" 200 5121
101.85.93.83 - - [04/Mar/2021:09:58:48 +0800] "GET /xingrg/javascript/easyui/themes/default/easyui.css HTTP/1.1" 200 30432
101.85.93.83 - - [04/Mar/2021:09:58:48 +0800] "GET /xingrg/javascript/jquery_tools/jquery.tools.extend.js HTTP/1.1" 200 15385
101.85.93.83 - - [04/Mar/2021:09:58:48 +0800] "GET /xingrg/javascript/auto/jquery.autocomplete.js HTTP/1.1" 200 21624
101.85.93.83 - - [04/Mar/2021:09:58:48 +0800] "GET /xingrg/javascript/jquery.utils.js HTTP/1.1" 200 11805
101.85.93.83 - - [04/Mar/2021:09:58:48 +0800] "GET /xingrg/javascript/easyui/themes/icons/import_new.png HTTP/1.1" 200 1247
101.85.93.83 - - [04/Mar/2021:09:58:48 +0800] "GET /xingrg/javascript/easyui/themes/icons/field_new.png HTTP/1.1" 200 1097
101.85.93.83 - - [04/Mar/2021:09:58:48 +0800] "GET /xingrg/javascript/easyui/themes/icons/check_new.png HTTP/1.1" 200 3224
101.85.93.83 - - [04/Mar/2021:09:58:48 +0800] "GET /xingrg/javascript/easyui/themes/icons/cance_new.png HTTP/1.1" 200 3986
101.85.93.83 - - [04/Mar/2021:09:58:48 +0800] "GET /xingrg/javascript/easyui/themes/icons/edit_add_new.png HTTP/1.1" 200 2997
101.85.93.83 - - [04/Mar/2021:09:58:48 +0800] "GET /xingrg/javascript/easyui/plugins/jquery.parser.js HTTP/1.1" 200 1142
101.85.93.83 - - [04/Mar/2021:09:58:48 +0800] "GET /xingrg/images/control/ajaxLoader.gif HTTP/1.1" 200 4659
101.85.93.83 - - [04/Mar/2021:09:58:49 +0800] "POST /xingrg/kc/buy/cgsh_list_operate.html HTTP/1.1" 200 876
222.70.216.220 - - [04/Mar/2021:09:58:49 +0800] "GET /xingrg/all/function/internal_message.html?_=1614823126870&CODE_STATE=getMsg HTTP/1.1" 200 27
101.85.93.83 - - [04/Mar/2021:09:58:49 +0800] "GET /xingrg/javascript/easyui/themes/default/images/button_plain_hover.png HTTP/1.1" 200 144
101.85.93.83 - - [04/Mar/2021:09:58:49 +0800] "GET /xingrg/javascript/convert.js HTTP/1.1" 200 1239
101.85.93.83 - - [04/Mar/2021:09:58:49 +0800] "GET /xingrg/javascript/jquery_tools/order_manager.js HTTP/1.1" 200 11183
101.85.93.83 - - [04/Mar/2021:09:58:49 +0800] "GET /xingrg/javascript/print/kc_print.js HTTP/1.1" 200 11415
101.85.93.83 - - [04/Mar/2021:09:58:49 +0800] "GET /xingrg/javascript/json2.js HTTP/1.1" 200 11259
101.85.93.83 - - [04/Mar/2021:09:58:49 +0800] "GET /xingrg/kc/buy/cgsh_order_add.html HTTP/1.1" 200 61222
101.85.93.83 - - [04/Mar/2021:09:58:49 +0800] "GET /xingrg/words/20210303140340_words.js HTTP/1.1" 200 796957
101.85.93.83 - - [04/Mar/2021:09:58:49 +0800] "GET /xingrg/javascript/easyui/themes/icons/ok.png HTTP/1.1" 200 883
101.85.93.83 - - [04/Mar/2021:09:58:49 +0800] "GET /xingrg/javascript/easyui/themes/icons/copy_new.png HTTP/1.1" 200 815
101.85.93.83 - - [04/Mar/2021:09:58:49 +0800] "GET /xingrg/javascript/easyui/themes/icons/print.png HTTP/1.1" 200 1057
101.85.93.83 - - [04/Mar/2021:09:58:49 +0800] "GET /xingrg/javascript/easyui/themes/icons/template_new.png HTTP/1.1" 200 3956
101.85.93.83 - - [04/Mar/2021:09:58:49 +0800] "GET /xingrg/javascript/easyui/themes/default/images/menu_downarrow.png HTTP/1.1" 200 173
101.85.93.83 - - [04/Mar/2021:09:58:49 +0800] "GET /xingrg/javascript/easyui/themes/icons/cancel.png HTTP/1.1" 200 1133
101.85.93.83 - - [04/Mar/2021:09:58:50 +0800] "POST /xingrg/kc/buy/cgsh_order_operate.html HTTP/1.1" 200 8245
101.85.93.83 - - [04/Mar/2021:09:58:50 +0800] "GET /xingrg/all/common/auto_word.html?type=employee&rest_code=00142 HTTP/1.1" 200 105
101.85.93.83 - - [04/Mar/2021:09:58:50 +0800] "GET /xingrg/all/common/auto_word.html?type=employee&rest_code=00142 HTTP/1.1" 200 105
101.85.93.83 - - [04/Mar/2021:09:58:50 +0800] "GET /xingrg/javascript/easyui/themes/default/validatebox.css HTTP/1.1" 404 1104
101.85.93.83 - - [04/Mar/2021:09:58:50 +0800] "GET /xingrg/javascript/easyui/plugins/jquery.validatebox.js HTTP/1.1" 200 6103
101.85.93.83 - - [04/Mar/2021:09:58:51 +0800] "GET /xingrg/javascript/easyui/themes/icons/edit_remove.png HTTP/1.1" 200 625
101.85.93.83 - - [04/Mar/2021:09:58:51 +0800] "GET /xingrg/javascript/easyui/plugins/jquery.numberbox.js HTTP/1.1" 200 5213
101.228.165.174 - - [04/Mar/2021:09:58:51 +0800] "GET /xingrg/all/function/internal_message.html?_=1614823146175&CODE_STATE=getMsg HTTP/1.1" 200 27
117.131.5.26 - - [04/Mar/2021:09:58:51 +0800] "GET /xingrg/all/function/internal_message.html?_=1614823196357&CODE_STATE=getMsg HTTP/1.1" 200 27
101.85.93.83 - - [04/Mar/2021:09:58:54 +0800] "GET /xingrg/javascript/auto/indicator.gif HTTP/1.1" 404 1066
101.85.93.83 - - [04/Mar/2021:09:59:04 +0800] "GET /xingrg/kc/buy/cgsh_order_operate.html?command=get_materiel&rest_code=00142&code=00101008126&supplier_code=00100161&order_time=2021-03-04 HTTP/1.1" 200 412
61.165.42.208 - - [04/Mar/2021:09:59:04 +0800] "GET /xingrg/all/function/internal_message.html?_=1614823145442&CODE_STATE=getMsg HTTP/1.1" 200 27
116.224.253.72 - - [04/Mar/2021:09:59:05 +0800] "GET /xingrg/kc/buy/cgsh_order_list.html HTTP/1.1" 200 46372
116.224.253.72 - - [04/Mar/2021:09:59:06 +0800] "POST /xingrg/kc/buy/cgsh_list_operate.html HTTP/1.1" 200 876
180.162.112.81 - - [04/Mar/2021:09:59:07 +0800] "GET /xingrg/all/function/internal_message.html?_=1614822958981&CODE_STATE=getMsg HTTP/1.1" 200 27
116.224.253.72 - - [04/Mar/2021:09:59:09 +0800] "GET /xingrg/javascript/jquery_tools/images/prev.gif HTTP/1.1" 404 1086
116.224.253.72 - - [04/Mar/2021:09:59:09 +0800] "GET /xingrg/javascript/jquery_tools/images/next.gif HTTP/1.1" 404 1086
114.88.166.193 - - [04/Mar/2021:09:59:09 +0800] "GET /xingrg/kc/buy/cgsh_order_operate.html?command=get_materiel&rest_code=00111&code=00101008354&supplier_code=00100005&order_time=2021-03-04 HTTP/1.1" 200 412
180.169.147.146 - - [04/Mar/2021:09:59:12 +0800] "GET /xingrg/all/function/internal_message.html?_=1614823147687&CODE_STATE=getMsg HTTP/1.1" 200 27
180.174.195.252 - - [04/Mar/2021:09:59:13 +0800] "GET /xingrg/all/function/internal_message.html?_=1614823149916&CODE_STATE=getMsg HTTP/1.1" 200 27
116.224.253.72 - - [04/Mar/2021:09:59:15 +0800] "POST /xingrg/kc/buy/cgsh_list_operate.html HTTP/1.1" 200 2869
222.70.216.220 - - [04/Mar/2021:09:59:15 +0800] "GET /xingrg/all/function/internal_message.html?_=1614823153317&CODE_STATE=getMsg HTTP/1.1" 200 27
116.224.253.72 - - [04/Mar/2021:09:59:16 +0800] "GET /xingrg/all/function/internal_message.html?_=1614823158300&CODE_STATE=getMsg HTTP/1.1" 200 27
116.224.253.72 - - [04/Mar/2021:09:59:17 +0800] "POST /xingrg/kc/buy/cgsh_list_operate.html HTTP/1.1" 200 280
