116.224.253.72 - - [04/Mar/2021:10:17:16 +0800] "GET /xingrg/all/function/internal_message.html?_=1614824238334&CODE_STATE=getMsg HTTP/1.1" 200 27
61.165.42.208 - - [04/Mar/2021:10:17:18 +0800] "GET /xingrg/all/function/internal_message.html?_=1614824239355&CODE_STATE=getMsg HTTP/1.1" 200 27
61.165.42.208 - - [04/Mar/2021:10:17:20 +0800] "GET /xingrg/kc/buy/cgsh_order_operate.html?command=get_materiel&rest_code=00105&code=00101008067&supplier_code=00100203&order_time=2021-03-04 HTTP/1.1" 200 416
58.40.7.146 - - [04/Mar/2021:10:17:22 +0800] "GET /xingrg/all/function/internal_message.html?_=1614824242314&CODE_STATE=getMsg HTTP/1.1" 200 27
101.228.165.174 - - [04/Mar/2021:10:17:24 +0800] "GET /xingrg/check_reg.html?_=1614824250776 HTTP/1.1" 302 -
61.165.42.208 - - [04/Mar/2021:10:17:27 +0800] "GET /xingrg/kc/buy/cgsh_order_operate.html?command=get_materiel&rest_code=00105&code=00101008321&supplier_code=00100203&order_time=2021-03-04 HTTP/1.1" 200 412
222.70.216.220 - - [04/Mar/2021:10:17:28 +0800] "GET /xingrg/all/function/internal_message.html?_=1614824245971&CODE_STATE=getMsg HTTP/1.1" 200 27
120.253.135.82 - - [04/Mar/2021:10:17:29 +0800] "GET /xingrg/all/function/internal_message.html?_=1614824363387&CODE_STATE=getMsg HTTP/1.1" 200 27
114.88.166.193 - - [04/Mar/2021:10:17:29 +0800] "GET /xingrg/all/function/internal_message.html?_=1614824248748&CODE_STATE=getMsg HTTP/1.1" 200 27
116.224.253.72 - - [04/Mar/2021:10:17:30 +0800] "GET /xingrg/all/function/internal_message.html?_=1614824217406&CODE_STATE=getMsg HTTP/1.1" 200 27
222.69.137.21 - - [04/Mar/2021:10:17:31 +0800] "GET /xingrg/all/function/internal_message.html?_=1614824250936&CODE_STATE=getMsg HTTP/1.1" 200 27
61.165.42.208 - - [04/Mar/2021:10:17:35 +0800] "GET /xingrg/kc/buy/cgsh_order_operate.html?command=get_materiel&rest_code=00105&code=00101008059&supplier_code=00100203&order_time=2021-03-04 HTTP/1.1" 200 408
116.228.172.94 - - [04/Mar/2021:10:17:36 +0800] "GET /xingrg/all/function/internal_message.html?_=1614824254872&CODE_STATE=getMsg HTTP/1.1" 200 27
101.228.165.174 - - [04/Mar/2021:10:17:41 +0800] "GET /xingrg/all/function/internal_message.html?_=1614824268339&CODE_STATE=getMsg HTTP/1.1" 302 -
116.232.54.212 - - [04/Mar/2021:10:17:45 +0800] "GET /xingrg/all/function/internal_message.html?_=1614824268619&CODE_STATE=getMsg HTTP/1.1" 200 27
117.185.32.26 - - [04/Mar/2021:10:17:46 +0800] "GET /xingrg/all/function/internal_message.html?_=1614824764617&CODE_STATE=getMsg HTTP/1.1" 200 27
61.165.42.208 - - [04/Mar/2021:10:17:48 +0800] "POST /xingrg/kc/buy/cgsh_order_operate.html HTTP/1.1" 200 37
222.70.216.220 - - [04/Mar/2021:10:17:49 +0800] "GET /xingrg/all/function/internal_message.html?_=1614824266880&CODE_STATE=getMsg HTTP/1.1" 200 27
117.184.7.26 - - [04/Mar/2021:10:17:49 +0800] "POST /xingrg/login.do HTTP/1.1" 302 -
117.184.7.26 - - [04/Mar/2021:10:17:49 +0800] "GET /xingrg/index.html?sysBaseUrl=http%3A%2F%2F180.169.147.146%3A18081%2Fxingrg%2F&costTime=39×tamp=1614824269426 HTTP/1.1" 200 17179
117.184.7.26 - - [04/Mar/2021:10:17:50 +0800] "GET /favicon.ico HTTP/1.1" 404 -
61.165.42.208 - - [04/Mar/2021:10:17:50 +0800] "POST /xingrg/kc/buy/cgsh_order_operate.html HTTP/1.1" 200 43496
117.184.7.26 - - [04/Mar/2021:10:17:51 +0800] "POST /xingrg/all/common/load_tree.html?tree=area_rest_tree_json&manage=1 HTTP/1.1" 200 470
117.184.7.26 - - [04/Mar/2021:10:17:51 +0800] "GET /xingrg/all/function/internal_message.html?_=1614824252469&CODE_STATE=count HTTP/1.1" 200 11
117.184.7.26 - - [04/Mar/2021:10:17:51 +0800] "GET /xingrg/check_reg.html?_=1614824252470 HTTP/1.1" 200 22
117.184.7.26 - - [04/Mar/2021:10:17:51 +0800] "POST /xingrg/load_menu.html HTTP/1.1" 200 5138
101.228.165.174 - - [04/Mar/2021:10:17:54 +0800] "GET /xingrg/all/function/internal_message.html?_=1614824289097&CODE_STATE=getMsg HTTP/1.1" 200 27
180.169.147.146 - - [04/Mar/2021:10:17:56 +0800] "GET /xingrg/all/function/internal_message.html?_=1614824278488&CODE_STATE=getMsg HTTP/1.1" 200 27
117.184.7.26 - - [04/Mar/2021:10:17:57 +0800] "POST /xingrg/all/user/operate.html HTTP/1.1" 200 36
117.184.7.26 - - [04/Mar/2021:10:17:57 +0800] "GET /xingrg/index.html?sysBaseUrl=http%3A%2F%2F180.169.147.146%3A18081%2Fxingrg%2F&costTime=39×tamp=1614824269426 HTTP/1.1" 200 17173
117.184.7.26 - - [04/Mar/2021:10:17:57 +0800] "GET /xingrg/javascript/jquery_easy_ui/themes/default/easyui.css HTTP/1.1" 304 -
117.184.7.26 - - [04/Mar/2021:10:17:57 +0800] "GET /xingrg/javascript/jquery_easy_ui/themes/icon.css HTTP/1.1" 304 -
117.184.7.26 - - [04/Mar/2021:10:17:57 +0800] "GET /xingrg/css/form.css HTTP/1.1" 304 -
117.184.7.26 - - [04/Mar/2021:10:17:57 +0800] "GET /xingrg/javascript/jquery-1.4.2.min.js HTTP/1.1" 304 -
117.184.7.26 - - [04/Mar/2021:10:17:57 +0800] "GET /xingrg/javascript/jquery_easy_ui/jquery.easyui.min.js HTTP/1.1" 304 -
117.184.7.26 - - [04/Mar/2021:10:17:57 +0800] "GET /xingrg/javascript/jquery_easy_ui/easyui-lang-zh_CN.js HTTP/1.1" 304 -
117.184.7.26 - - [04/Mar/2021:10:17:57 +0800] "GET /xingrg/javascript/jquery.form.js HTTP/1.1" 304 -
117.184.7.26 - - [04/Mar/2021:10:17:57 +0800] "GET /xingrg/javascript/jquery.utils.js HTTP/1.1" 304 -
117.184.7.26 - - [04/Mar/2021:10:17:57 +0800] "GET /xingrg/javascript/jquery.timers.js HTTP/1.1" 304 -
117.184.7.26 - - [04/Mar/2021:10:17:57 +0800] "GET /xingrg/images/blue/jxLogo.png HTTP/1.1" 304 -
117.184.7.26 - - [04/Mar/2021:10:17:57 +0800] "GET /xingrg/images/blue/navBackgound.jpg HTTP/1.1" 304 -
117.184.7.26 - - [04/Mar/2021:10:17:57 +0800] "GET /xingrg/javascript/jquery_easy_ui/themes/icons/settle_new.png HTTP/1.1" 304 -
117.184.7.26 - - [04/Mar/2021:10:17:57 +0800] "POST /xingrg/all/common/load_tree.html?tree=area_rest_tree_json&manage=1 HTTP/1.1" 200 470
117.184.7.26 - - [04/Mar/2021:10:17:58 +0800] "GET /xingrg/all/function/internal_message.html?_=1614824259137&CODE_STATE=count HTTP/1.1" 200 11
117.184.7.26 - - [04/Mar/2021:10:17:58 +0800] "GET /xingrg/check_reg.html?_=1614824259138 HTTP/1.1" 200 22
117.184.7.26 - - [04/Mar/2021:10:17:58 +0800] "GET /xingrg/javascript/jquery_easy_ui/themes/default/images/tabs_rightarrow.png HTTP/1.1" 304 -
117.184.7.26 - - [04/Mar/2021:10:17:58 +0800] "GET /xingrg/javascript/jquery_easy_ui/themes/default/images/tabs_leftarrow.png HTTP/1.1" 304 -
117.184.7.26 - - [04/Mar/2021:10:17:58 +0800] "GET /xingrg/javascript/jquery_easy_ui/themes/default/images/panel_tool_collapse.gif HTTP/1.1" 304 -
117.184.7.26 - - [04/Mar/2021:10:17:58 +0800] "GET /xingrg/images/blue/pingpu.png HTTP/1.1" 304 -
117.184.7.26 - - [04/Mar/2021:10:17:58 +0800] "POST /xingrg/load_menu.html HTTP/1.1" 200 5138
117.184.7.26 - - [04/Mar/2021:10:17:59 +0800] "GET /xingrg/kc/base/base_main.html HTTP/1.1" 200 12142
180.174.195.252 - - [04/Mar/2021:10:18:01 +0800] "GET /xingrg/kc/base/wldb_order_list.html HTTP/1.1" 200 19339
180.174.195.252 - - [04/Mar/2021:10:18:02 +0800] "POST /xingrg/kc/base/wldb_list_operate.html HTTP/1.1" 200 928
117.184.7.26 - - [04/Mar/2021:10:18:03 +0800] "GET /xingrg/kc/base/yddb_order_list.html HTTP/1.1" 200 16945
180.174.195.252 - - [04/Mar/2021:10:18:03 +0800] "GET /xingrg/kc/base/wldb_order_add.html HTTP/1.1" 200 30498
180.174.195.252 - - [04/Mar/2021:10:18:04 +0800] "POST /xingrg/kc/base/wldb_order_operate.html HTTP/1.1" 200 6806
180.174.195.252 - - [04/Mar/2021:10:18:04 +0800] "GET /xingrg/all/common/auto_word.html?type=base&rest_code=00102 HTTP/1.1" 200 1711
180.174.195.252 - - [04/Mar/2021:10:18:04 +0800] "GET /xingrg/all/common/auto_word.html?type=base&rest_code=00102 HTTP/1.1" 200 1711
180.174.195.252 - - [04/Mar/2021:10:18:05 +0800] "GET /xingrg/javascript/easyui/themes/default/validatebox.css HTTP/1.1" 404 1104
117.184.7.26 - - [04/Mar/2021:10:18:05 +0800] "POST /xingrg/kc/base/yddb_list_operate.html HTTP/1.1" 200 636
180.174.195.252 - - [04/Mar/2021:10:18:05 +0800] "GET /xingrg/css/images/panel_loading.gif HTTP/1.1" 304 -
180.174.195.252 - - [04/Mar/2021:10:18:06 +0800] "POST /xingrg/all/common/load_combo.html?type=base HTTP/1.1" 200 3060
180.162.112.81 - - [04/Mar/2021:10:18:07 +0800] "GET /xingrg/all/function/internal_message.html?_=1614824099008&CODE_STATE=getMsg HTTP/1.1" 200 27
180.169.147.146 - - [04/Mar/2021:10:18:12 +0800] "GET /xingrg/all/function/internal_message.html?_=1614824287711&CODE_STATE=getMsg HTTP/1.1" 200 27
117.184.7.26 - - [04/Mar/2021:10:18:13 +0800] "GET /xingrg/javascript/jquery_tools/images/next.gif HTTP/1.1" 404 1086
117.184.7.26 - - [04/Mar/2021:10:18:13 +0800] "GET /xingrg/javascript/jquery_tools/images/prev.gif HTTP/1.1" 404 1086
222.70.216.220 - - [04/Mar/2021:10:18:15 +0800] "GET /xingrg/all/function/internal_message.html?_=1614824292803&CODE_STATE=getMsg HTTP/1.1" 200 27
116.224.253.72 - - [04/Mar/2021:10:18:16 +0800] "GET /xingrg/all/function/internal_message.html?_=1614824298336&CODE_STATE=getMsg HTTP/1.1" 200 27
61.165.42.208 - - [04/Mar/2021:10:18:18 +0800] "GET /xingrg/all/function/internal_message.html?_=1614824299346&CODE_STATE=getMsg HTTP/1.1" 200 27
222.69.137.21 - - [04/Mar/2021:10:18:19 +0800] "GET /xingrg/kc/buy/cgsh_order_add.html HTTP/1.1" 200 62157
222.69.137.21 - - [04/Mar/2021:10:18:20 +0800] "POST /xingrg/kc/buy/cgsh_order_operate.html HTTP/1.1" 200 8245
222.69.137.21 - - [04/Mar/2021:10:18:20 +0800] "GET /xingrg/javascript/easyui/themes/default/validatebox.css HTTP/1.1" 404 1104
58.40.7.146 - - [04/Mar/2021:10:18:22 +0800] "GET /xingrg/all/function/internal_message.html?_=1614824302318&CODE_STATE=getMsg HTTP/1.1" 200 27
58.40.7.146 - - [04/Mar/2021:10:18:22 +0800] "GET /xingrg/check_reg.html?_=1614824302319 HTTP/1.1" 200 22
117.184.7.26 - - [04/Mar/2021:10:18:25 +0800] "GET /xingrg/kc/base/yddb_order_add.html HTTP/1.1" 200 29743
117.184.7.26 - - [04/Mar/2021:10:18:25 +0800] "GET /xingrg/dwr/interface/AjaxYddbService.js HTTP/1.1" 200 13201
117.184.7.26 - - [04/Mar/2021:10:18:25 +0800] "GET /xingrg/dwr/interface/AjaxComOrderService.js HTTP/1.1" 200 18264
117.184.7.26 - - [04/Mar/2021:10:18:25 +0800] "GET /xingrg/dwr/engine.js HTTP/1.1" 200 43631
117.184.7.26 - - [04/Mar/2021:10:18:25 +0800] "GET /xingrg/dwr/util.js HTTP/1.1" 200 35990
117.184.7.26 - - [04/Mar/2021:10:18:25 +0800] "GET /xingrg/javascript/checkform.js HTTP/1.1" 304 -
117.184.7.26 - - [04/Mar/2021:10:18:25 +0800] "GET /xingrg/javascript/jquery_easy_ui/themes/icons/edit_add_new.png HTTP/1.1" 304 -
117.184.7.26 - - [04/Mar/2021:10:18:26 +0800] "GET /xingrg/images/blue/kc_tab_left.gif HTTP/1.1" 304 -
117.184.7.26 - - [04/Mar/2021:10:18:26 +0800] "GET /xingrg/images/blue/kc_tab_mid.gif HTTP/1.1" 304 -
117.184.7.26 - - [04/Mar/2021:10:18:26 +0800] "GET /xingrg/images/blue/kc_tab_right.gif HTTP/1.1" 304 -
222.70.216.220 - - [04/Mar/2021:10:18:28 +0800] "GET /xingrg/all/function/internal_message.html?_=1614824305954&CODE_STATE=getMsg HTTP/1.1" 200 27
180.174.195.252 - - [04/Mar/2021:10:18:28 +0800] "GET /xingrg/kc/base/wldb_order_operate.html?command=get_materiel&rest_code=00102&base_code=0010480&code=00101025014 HTTP/1.1" 200 461
120.253.135.82 - - [04/Mar/2021:10:18:29 +0800] "GET /xingrg/all/function/internal_message.html?_=1614824423395&CODE_STATE=getMsg HTTP/1.1" 200 27
114.88.166.193 - - [04/Mar/2021:10:18:29 +0800] "GET /xingrg/all/function/internal_message.html?_=1614824308762&CODE_STATE=getMsg HTTP/1.1" 200 27
117.184.7.26 - - [04/Mar/2021:10:18:29 +0800] "POST /xingrg/dwr/call/plaincall/AjaxYddbService.getRestBases.dwr HTTP/1.1" 200 1025
116.224.253.72 - - [04/Mar/2021:10:18:30 +0800] "GET /xingrg/all/function/internal_message.html?_=1614824277420&CODE_STATE=getMsg HTTP/1.1" 200 27
222.69.137.21 - - [04/Mar/2021:10:18:31 +0800] "GET /xingrg/all/function/internal_message.html?_=1614824310911&CODE_STATE=getMsg HTTP/1.1" 200 27
180.174.195.252 - - [04/Mar/2021:10:18:33 +0800] "GET /xingrg/kc/base/wldb_order_operate.html?command=get_materiel&rest_code=00102&base_code=0010480&code=00101025041 HTTP/1.1" 200 455
116.228.172.94 - - [04/Mar/2021:10:18:36 +0800] "GET /xingrg/all/function/internal_message.html?_=1614824314850&CODE_STATE=getMsg HTTP/1.1" 200 27
117.184.7.26 - - [04/Mar/2021:10:18:36 +0800] "POST /xingrg/dwr/call/plaincall/AjaxYddbService.saveOrder.dwr HTTP/1.1" 200 78
101.228.165.174 - - [04/Mar/2021:10:18:41 +0800] "GET /xingrg/all/function/internal_message.html?_=1614824328341&CODE_STATE=getMsg HTTP/1.1" 302 -
117.184.7.26 - - [04/Mar/2021:10:18:42 +0800] "GET /xingrg/images/yd/bt.gif HTTP/1.1" 404 1040
180.174.195.252 - - [04/Mar/2021:10:18:44 +0800] "GET /xingrg/kc/base/wldb_order_operate.html?command=get_materiel&rest_code=00102&base_code=0010480&code=00101025020 HTTP/1.1" 200 475
222.70.216.220 - - [04/Mar/2021:10:18:45 +0800] "GET /xingrg/check_reg.html?_=1614824323054 HTTP/1.1" 200 22
116.232.54.212 - - [04/Mar/2021:10:18:45 +0800] "GET /xingrg/all/function/internal_message.html?_=1614824328618&CODE_STATE=getMsg HTTP/1.1" 200 27
116.232.54.212 - - [04/Mar/2021:10:18:45 +0800] "GET /xingrg/check_reg.html?_=1614824328621 HTTP/1.1" 200 22
117.185.32.26 - - [04/Mar/2021:10:18:46 +0800] "GET /xingrg/all/function/internal_message.html?_=1614824824659&CODE_STATE=getMsg HTTP/1.1" 200 27
180.174.195.252 - - [04/Mar/2021:10:18:48 +0800] "GET /xingrg/kc/base/wldb_order_operate.html?command=get_materiel&rest_code=00102&base_code=0010480&code=00101025021 HTTP/1.1" 200 475
222.70.216.220 - - [04/Mar/2021:10:18:49 +0800] "GET /xingrg/all/function/internal_message.html?_=1614824326881&CODE_STATE=getMsg HTTP/1.1" 200 27
222.69.137.21 - - [04/Mar/2021:10:18:50 +0800] "GET /xingrg/kc/buy/cgsh_order_operate.html?command=get_materiel&rest_code=00149&code=00101001060&supplier_code=00100039&order_time=2021-03-04 HTTP/1.1" 200 419
58.40.7.146 - - [04/Mar/2021:10:18:51 +0800] "POST /xingrg/dwr/call/plaincall/AjaxCheckService.setItemNumber.dwr HTTP/1.1" 200 76
58.40.7.146 - - [04/Mar/2021:10:18:52 +0800] "POST /xingrg/dwr/call/plaincall/AjaxCheckService.setItemNumber.dwr HTTP/1.1" 200 76
58.40.7.146 - - [04/Mar/2021:10:18:52 +0800] "POST /xingrg/dwr/call/plaincall/AjaxCheckService.setItemNumber.dwr HTTP/1.1" 200 76
101.228.165.174 - - [04/Mar/2021:10:18:54 +0800] "GET /xingrg/all/function/internal_message.html?_=1614824349127&CODE_STATE=getMsg HTTP/1.1" 200 27
180.169.147.146 - - [04/Mar/2021:10:18:56 +0800] "GET /xingrg/all/function/internal_message.html?_=1614824338492&CODE_STATE=getMsg HTTP/1.1" 200 27
58.40.7.146 - - [04/Mar/2021:10:18:57 +0800] "POST /xingrg/dwr/call/plaincall/AjaxCheckService.setItemNumber.dwr HTTP/1.1" 200 76
117.184.7.26 - - [04/Mar/2021:10:18:58 +0800] "GET /xingrg/all/function/internal_message.html?_=1614824319154&CODE_STATE=getMsg HTTP/1.1" 200 27
58.40.7.146 - - [04/Mar/2021:10:19:00 +0800] "POST /xingrg/dwr/call/plaincall/AjaxCheckService.setItemNumber.dwr HTTP/1.1" 200 76
58.40.7.146 - - [04/Mar/2021:10:19:00 +0800] "POST /xingrg/dwr/call/plaincall/AjaxCheckService.setItemNumber.dwr HTTP/1.1" 200 76
58.40.7.146 - - [04/Mar/2021:10:19:01 +0800] "POST /xingrg/dwr/call/plaincall/AjaxCheckService.setItemNumber.dwr HTTP/1.1" 200 77
180.162.112.81 - - [04/Mar/2021:10:19:07 +0800] "GET /xingrg/all/function/internal_message.html?_=1614824159005&CODE_STATE=getMsg HTTP/1.1" 200 27
180.169.147.146 - - [04/Mar/2021:10:19:12 +0800] "GET /xingrg/all/function/internal_message.html?_=1614824347712&CODE_STATE=getMsg HTTP/1.1" 200 27
222.70.216.220 - - [04/Mar/2021:10:19:15 +0800] "GET /xingrg/all/function/internal_message.html?_=1614824352773&CODE_STATE=getMsg HTTP/1.1" 200 27
116.224.253.72 - - [04/Mar/2021:10:19:16 +0800] "GET /xingrg/all/function/internal_message.html?_=1614824358321&CODE_STATE=getMsg HTTP/1.1" 200 27
61.165.42.208 - - [04/Mar/2021:10:19:18 +0800] "GET /xingrg/all/function/internal_message.html?_=1614824359349&CODE_STATE=getMsg HTTP/1.1" 200 27
58.40.7.146 - - [04/Mar/2021:10:19:22 +0800] "GET /xingrg/all/function/internal_message.html?_=1614824362320&CODE_STATE=getMsg HTTP/1.1" 200 27
120.253.135.82 - - [04/Mar/2021:10:19:27 +0800] "GET /xingrg/check_reg.html?_=1614824482057 HTTP/1.1" 200 22
58.40.7.146 - - [04/Mar/2021:10:19:27 +0800] "POST /xingrg/dwr/call/plaincall/AjaxCheckService.setItemNumber.dwr HTTP/1.1" 200 77
222.70.216.220 - - [04/Mar/2021:10:19:28 +0800] "GET /xingrg/all/function/internal_message.html?_=1614824365937&CODE_STATE=getMsg HTTP/1.1" 200 27
58.40.7.146 - - [04/Mar/2021:10:19:28 +0800] "POST /xingrg/dwr/call/plaincall/AjaxCheckService.setItemNumber.dwr HTTP/1.1" 200 77
120.253.135.82 - - [04/Mar/2021:10:19:29 +0800] "GET /xingrg/all/function/internal_message.html?_=1614824483408&CODE_STATE=getMsg HTTP/1.1" 200 27
58.40.7.146 - - [04/Mar/2021:10:19:29 +0800] "POST /xingrg/dwr/call/plaincall/AjaxCheckService.setItemNumber.dwr HTTP/1.1" 200 77
114.88.166.193 - - [04/Mar/2021:10:19:29 +0800] "GET /xingrg/check_reg.html?_=1614824369074 HTTP/1.1" 200 22
114.88.166.193 - - [04/Mar/2021:10:19:29 +0800] "GET /xingrg/all/function/internal_message.html?_=1614824369072&CODE_STATE=getMsg HTTP/1.1" 200 27
58.40.7.146 - - [04/Mar/2021:10:19:30 +0800] "POST /xingrg/dwr/call/plaincall/AjaxCheckService.setItemNumber.dwr HTTP/1.1" 200 77
58.40.7.146 - - [04/Mar/2021:10:19:30 +0800] "POST /xingrg/dwr/call/plaincall/AjaxCheckService.setItemNumber.dwr HTTP/1.1" 200 77
116.224.253.72 - - [04/Mar/2021:10:19:30 +0800] "GET /xingrg/all/function/internal_message.html?_=1614824337451&CODE_STATE=getMsg HTTP/1.1" 200 27
58.40.7.146 - - [04/Mar/2021:10:19:31 +0800] "POST /xingrg/dwr/call/plaincall/AjaxCheckService.setItemNumber.dwr HTTP/1.1" 200 77
222.69.137.21 - - [04/Mar/2021:10:19:31 +0800] "GET /xingrg/all/function/internal_message.html?_=1614824370892&CODE_STATE=getMsg HTTP/1.1" 200 27
58.40.7.146 - - [04/Mar/2021:10:19:31 +0800] "POST /xingrg/dwr/call/plaincall/AjaxCheckService.setItemNumber.dwr HTTP/1.1" 200 77
58.40.7.146 - - [04/Mar/2021:10:19:31 +0800] "POST /xingrg/dwr/call/plaincall/AjaxCheckService.setItemNumber.dwr HTTP/1.1" 200 77
58.40.7.146 - - [04/Mar/2021:10:19:32 +0800] "POST /xingrg/dwr/call/plaincall/AjaxCheckService.setItemNumber.dwr HTTP/1.1" 200 77
58.40.7.146 - - [04/Mar/2021:10:19:32 +0800] "POST /xingrg/dwr/call/plaincall/AjaxCheckService.setItemNumber.dwr HTTP/1.1" 200 77
58.40.7.146 - - [04/Mar/2021:10:19:33 +0800] "POST /xingrg/dwr/call/plaincall/AjaxCheckService.setItemNumber.dwr HTTP/1.1" 200 77
58.40.7.146 - - [04/Mar/2021:10:19:33 +0800] "POST /xingrg/dwr/call/plaincall/AjaxCheckService.setItemNumber.dwr HTTP/1.1" 200 77
58.40.7.146 - - [04/Mar/2021:10:19:33 +0800] "POST /xingrg/dwr/call/plaincall/AjaxCheckService.setItemNumber.dwr HTTP/1.1" 200 77
58.40.7.146 - - [04/Mar/2021:10:19:34 +0800] "POST /xingrg/dwr/call/plaincall/AjaxCheckService.setItemNumber.dwr HTTP/1.1" 200 77
58.40.7.146 - - [04/Mar/2021:10:19:34 +0800] "POST /xingrg/dwr/call/plaincall/AjaxCheckService.setItemNumber.dwr HTTP/1.1" 200 77
58.40.7.146 - - [04/Mar/2021:10:19:34 +0800] "POST /xingrg/dwr/call/plaincall/AjaxCheckService.setItemNumber.dwr HTTP/1.1" 200 77
116.228.172.94 - - [04/Mar/2021:10:19:36 +0800] "GET /xingrg/all/function/internal_message.html?_=1614824374835&CODE_STATE=getMsg HTTP/1.1" 200 27
58.40.7.146 - - [04/Mar/2021:10:19:36 +0800] "POST /xingrg/dwr/call/plaincall/AjaxCheckService.setItemNumber.dwr HTTP/1.1" 200 77
58.40.7.146 - - [04/Mar/2021:10:19:36 +0800] "POST /xingrg/dwr/call/plaincall/AjaxCheckService.setItemNumber.dwr HTTP/1.1" 200 77
58.40.7.146 - - [04/Mar/2021:10:19:38 +0800] "POST /xingrg/dwr/call/plaincall/AjaxCheckService.setItemNumber.dwr HTTP/1.1" 200 77
58.40.7.146 - - [04/Mar/2021:10:19:38 +0800] "POST /xingrg/dwr/call/plaincall/AjaxCheckService.setItemNumber.dwr HTTP/1.1" 200 77
58.40.7.146 - - [04/Mar/2021:10:19:38 +0800] "POST /xingrg/dwr/call/plaincall/AjaxCheckService.setItemNumber.dwr HTTP/1.1" 200 77
58.40.7.146 - - [04/Mar/2021:10:19:39 +0800] "POST /xingrg/dwr/call/plaincall/AjaxCheckService.setItemNumber.dwr HTTP/1.1" 200 77
58.40.7.146 - - [04/Mar/2021:10:19:39 +0800] "POST /xingrg/dwr/call/plaincall/AjaxCheckService.setItemNumber.dwr HTTP/1.1" 200 77
58.40.7.146 - - [04/Mar/2021:10:19:40 +0800] "POST /xingrg/dwr/call/plaincall/AjaxCheckService.setItemNumber.dwr HTTP/1.1" 200 77
58.40.7.146 - - [04/Mar/2021:10:19:40 +0800] "POST /xingrg/dwr/call/plaincall/AjaxCheckService.setItemNumber.dwr HTTP/1.1" 200 77
58.40.7.146 - - [04/Mar/2021:10:19:40 +0800] "POST /xingrg/dwr/call/plaincall/AjaxCheckService.setItemNumber.dwr HTTP/1.1" 200 77
101.228.165.174 - - [04/Mar/2021:10:19:41 +0800] "GET /xingrg/all/function/internal_message.html?_=1614824388367&CODE_STATE=getMsg HTTP/1.1" 302 -
58.40.7.146 - - [04/Mar/2021:10:19:44 +0800] "POST /xingrg/dwr/call/plaincall/AjaxCheckService.setItemNumber.dwr HTTP/1.1" 200 77
117.184.7.26 - - [04/Mar/2021:10:19:44 +0800] "POST /xingrg/dwr/call/plaincall/AjaxComOrderService.getMaterielSearchList.dwr HTTP/1.1" 200 20078
116.232.54.212 - - [04/Mar/2021:10:19:45 +0800] "GET /xingrg/all/function/internal_message.html?_=1614824388620&CODE_STATE=getMsg HTTP/1.1" 200 27
117.184.7.26 - - [04/Mar/2021:10:19:45 +0800] "POST /xingrg/dwr/call/plaincall/AjaxYddbService.getMaterielByMap.dwr HTTP/1.1" 200 2679
116.228.172.94 - - [04/Mar/2021:10:19:46 +0800] "POST /xingrg/kc/buy/cgsh_list_operate.html HTTP/1.1" 200 5260
117.185.32.26 - - [04/Mar/2021:10:19:46 +0800] "GET /xingrg/all/function/internal_message.html?_=1614824884635&CODE_STATE=getMsg HTTP/1.1" 200 27
58.40.7.146 - - [04/Mar/2021:10:19:47 +0800] "POST /xingrg/dwr/call/plaincall/AjaxCheckService.setItemNumber.dwr HTTP/1.1" 200 77
116.228.172.94 - - [04/Mar/2021:10:19:49 +0800] "GET /xingrg/kc/buy/buy_main.html HTTP/1.1" 200 12412
222.70.216.220 - - [04/Mar/2021:10:19:49 +0800] "GET /xingrg/check_reg.html?_=1614824386886 HTTP/1.1" 200 22
222.70.216.220 - - [04/Mar/2021:10:19:49 +0800] "GET /xingrg/all/function/internal_message.html?_=1614824386889&CODE_STATE=getMsg HTTP/1.1" 200 27
116.228.172.94 - - [04/Mar/2021:10:19:49 +0800] "GET /xingrg/css/new_ie.css HTTP/1.1" 404 1036
117.184.7.26 - - [04/Mar/2021:10:19:49 +0800] "POST /xingrg/dwr/call/plaincall/AjaxYddbService.saveMaterielItem.dwr HTTP/1.1" 200 78
116.228.172.94 - - [04/Mar/2021:10:19:50 +0800] "GET /xingrg/images/yd/bt.gif HTTP/1.1" 404 1040
116.228.172.94 - - [04/Mar/2021:10:19:50 +0800] "GET /xingrg/kc/buy/cgsh_order_list.html HTTP/1.1" 200 46372
117.184.7.26 - - [04/Mar/2021:10:19:53 +0800] "POST /xingrg/dwr/call/plaincall/AjaxYddbService.checkOrder.dwr HTTP/1.1" 200 78
101.85.93.83 - - [04/Mar/2021:10:19:54 +0800] "GET /xingrg/check_reg.html?_=1614823991465 HTTP/1.1" 200 22
101.228.165.174 - - [04/Mar/2021:10:19:54 +0800] "GET /xingrg/all/function/internal_message.html?_=1614824409467&CODE_STATE=getMsg HTTP/1.1" 200 27
117.184.7.26 - - [04/Mar/2021:10:19:54 +0800] "GET /xingrg/kc/base/yddb_order_info.html?code=482021030400019 HTTP/1.1" 200 29415
117.184.7.26 - - [04/Mar/2021:10:19:54 +0800] "GET /xingrg/dwr/interface/AjaxComOrderService.js HTTP/1.1" 200 18264
117.184.7.26 - - [04/Mar/2021:10:19:54 +0800] "GET /xingrg/dwr/interface/AjaxYddbService.js HTTP/1.1" 200 13201
117.184.7.26 - - [04/Mar/2021:10:19:54 +0800] "GET /xingrg/dwr/engine.js HTTP/1.1" 200 43631
101.228.165.174 - - [04/Mar/2021:10:19:55 +0800] "GET /xingrg/check_reg.html?_=1614824409997 HTTP/1.1" 200 22
117.184.7.26 - - [04/Mar/2021:10:19:55 +0800] "POST /xingrg/dwr/call/plaincall/AjaxYddbService.loadMaterielItems.dwr HTTP/1.1" 200 385
116.228.172.94 - - [04/Mar/2021:10:19:55 +0800] "POST /xingrg/kc/buy/cgsh_list_operate.html HTTP/1.1" 200 3090
180.169.147.146 - - [04/Mar/2021:10:19:56 +0800] "GET /xingrg/all/function/internal_message.html?_=1614824398493&CODE_STATE=getMsg HTTP/1.1" 200 27
116.228.172.94 - - [04/Mar/2021:10:19:57 +0800] "POST /xingrg/kc/buy/cgsh_list_operate.html HTTP/1.1" 200 571
117.184.7.26 - - [04/Mar/2021:10:19:58 +0800] "GET /xingrg/all/function/internal_message.html?_=1614824379154&CODE_STATE=getMsg HTTP/1.1" 200 27
116.228.172.94 - - [04/Mar/2021:10:19:58 +0800] "GET /xingrg/kc/buy/cgsh_order_info.html?code=212021030401153 HTTP/1.1" 200 62201
116.228.172.94 - - [04/Mar/2021:10:19:59 +0800] "GET /xingrg/javascript/easyui/themes/default/validatebox.css HTTP/1.1" 404 1104
116.228.172.94 - - [04/Mar/2021:10:19:59 +0800] "POST /xingrg/kc/buy/cgsh_order_operate.html HTTP/1.1" 200 32258
180.162.112.81 - - [04/Mar/2021:10:20:07 +0800] "GET /xingrg/check_reg.html?_=1614824219008 HTTP/1.1" 200 22
180.162.112.81 - - [04/Mar/2021:10:20:07 +0800] "GET /xingrg/all/function/internal_message.html?_=1614824219006&CODE_STATE=getMsg HTTP/1.1" 200 27
180.169.147.146 - - [04/Mar/2021:10:20:12 +0800] "GET /xingrg/check_reg.html?_=1614824407712 HTTP/1.1" 200 22
180.169.147.146 - - [04/Mar/2021:10:20:12 +0800] "GET /xingrg/all/function/internal_message.html?_=1614824407715&CODE_STATE=getMsg HTTP/1.1" 200 27
222.70.216.220 - - [04/Mar/2021:10:20:15 +0800] "GET /xingrg/all/function/internal_message.html?_=1614824412746&CODE_STATE=getMsg HTTP/1.1" 200 27
116.224.253.72 - - [04/Mar/2021:10:20:16 +0800] "GET /xingrg/all/function/internal_message.html?_=1614824418328&CODE_STATE=getMsg HTTP/1.1" 200 27
61.165.42.208 - - [04/Mar/2021:10:20:18 +0800] "GET /xingrg/check_reg.html?_=1614824419418 HTTP/1.1" 200 22
61.165.42.208 - - [04/Mar/2021:10:20:18 +0800] "GET /xingrg/all/function/internal_message.html?_=1614824419420&CODE_STATE=getMsg HTTP/1.1" 200 27
222.69.137.21 - - [04/Mar/2021:10:20:18 +0800] "POST /xingrg/kc/buy/cgsh_order_operate.html HTTP/1.1" 200 37
222.69.137.21 - - [04/Mar/2021:10:20:22 +0800] "POST /xingrg/kc/buy/cgsh_order_operate.html HTTP/1.1" 200 12
58.40.7.146 - - [04/Mar/2021:10:20:22 +0800] "GET /xingrg/all/function/internal_message.html?_=1614824422320&CODE_STATE=getMsg HTTP/1.1" 200 27
222.69.137.21 - - [04/Mar/2021:10:20:24 +0800] "GET /xingrg/kc/buy/cgsh_order_info.html?code=212021030401188 HTTP/1.1" 200 57059
222.69.137.21 - - [04/Mar/2021:10:20:24 +0800] "GET /xingrg/javascript/easyui/themes/default/validatebox.css HTTP/1.1" 404 1104
116.228.172.94 - - [04/Mar/2021:10:20:24 +0800] "GET /xingrg/kc/buy/cgsh_order_add.html HTTP/1.1" 200 62192
222.69.137.21 - - [04/Mar/2021:10:20:25 +0800] "POST /xingrg/kc/buy/cgsh_order_operate.html HTTP/1.1" 200 614
116.228.172.94 - - [04/Mar/2021:10:20:25 +0800] "GET /xingrg/javascript/easyui/themes/default/validatebox.css HTTP/1.1" 404 1104
116.228.172.94 - - [04/Mar/2021:10:20:25 +0800] "POST /xingrg/kc/buy/cgsh_order_operate.html HTTP/1.1" 200 8245
222.69.137.21 - - [04/Mar/2021:10:20:26 +0800] "GET /xingrg/kc/print/load_data.html?order_code=212021030401188&kc_code=cgsh&condition= HTTP/1.1" 200 732
116.228.172.94 - - [04/Mar/2021:10:20:27 +0800] "GET /xingrg/javascript/easyui/themes/default/tree.css HTTP/1.1" 404 1090
116.228.172.94 - - [04/Mar/2021:10:20:27 +0800] "POST /xingrg/all/common/load_tree.html?tree=supplier_tree_json&isDelete=1 HTTP/1.1" 200 54827
222.70.216.220 - - [04/Mar/2021:10:20:28 +0800] "GET /xingrg/all/function/internal_message.html?_=1614824425921&CODE_STATE=getMsg HTTP/1.1" 200 27
120.253.135.82 - - [04/Mar/2021:10:20:29 +0800] "GET /xingrg/all/function/internal_message.html?_=1614824543422&CODE_STATE=getMsg HTTP/1.1" 200 27
114.88.166.193 - - [04/Mar/2021:10:20:29 +0800] "GET /xingrg/all/function/internal_message.html?_=1614824429085&CODE_STATE=getMsg HTTP/1.1" 200 27
116.224.253.72 - - [04/Mar/2021:10:20:30 +0800] "GET /xingrg/all/function/internal_message.html?_=1614824397462&CODE_STATE=getMsg HTTP/1.1" 200 27
222.69.137.21 - - [04/Mar/2021:10:20:31 +0800] "GET /xingrg/all/function/internal_message.html?_=1614824430868&CODE_STATE=getMsg HTTP/1.1" 200 27
222.69.137.21 - - [04/Mar/2021:10:20:31 +0800] "GET /xingrg/kc/buy/cgsh_order_add.html HTTP/1.1" 200 62157
222.69.137.21 - - [04/Mar/2021:10:20:31 +0800] "POST /xingrg/kc/buy/cgsh_order_operate.html HTTP/1.1" 200 8245
222.69.137.21 - - [04/Mar/2021:10:20:31 +0800] "GET /xingrg/javascript/easyui/themes/default/validatebox.css HTTP/1.1" 404 1104
116.228.172.94 - - [04/Mar/2021:10:20:36 +0800] "GET /xingrg/all/function/internal_message.html?_=1614824434816&CODE_STATE=getMsg HTTP/1.1" 200 27
117.185.32.26 - - [04/Mar/2021:10:20:40 +0800] "POST /xingrg/kc/buy/cgsh_order_operate.html HTTP/1.1" 200 37
101.228.165.174 - - [04/Mar/2021:10:20:41 +0800] "GET /xingrg/all/function/internal_message.html?_=1614824448368&CODE_STATE=getMsg HTTP/1.1" 302 -
117.185.32.26 - - [04/Mar/2021:10:20:44 +0800] "POST /xingrg/kc/buy/cgsh_order_operate.html HTTP/1.1" 200 3261
116.232.54.212 - - [04/Mar/2021:10:20:45 +0800] "GET /xingrg/all/function/internal_message.html?_=1614824448622&CODE_STATE=getMsg HTTP/1.1" 200 27
117.185.32.26 - - [04/Mar/2021:10:20:46 +0800] "GET /xingrg/all/function/internal_message.html?_=1614824944642&CODE_STATE=getMsg HTTP/1.1" 200 27
117.185.32.26 - - [04/Mar/2021:10:20:48 +0800] "GET /xingrg/kc/buy/cgsh_order_add.html HTTP/1.1" 200 62104
222.70.216.220 - - [04/Mar/2021:10:20:49 +0800] "GET /xingrg/all/function/internal_message.html?_=1614824446873&CODE_STATE=getMsg HTTP/1.1" 200 27
117.185.32.26 - - [04/Mar/2021:10:20:49 +0800] "POST /xingrg/kc/buy/cgsh_order_operate.html HTTP/1.1" 200 8245
117.185.32.26 - - [04/Mar/2021:10:20:49 +0800] "GET /xingrg/javascript/easyui/themes/default/validatebox.css HTTP/1.1" 404 1104
117.185.32.26 - - [04/Mar/2021:10:20:51 +0800] "GET /xingrg/javascript/easyui/themes/default/tree.css HTTP/1.1" 404 1090
117.185.32.26 - - [04/Mar/2021:10:20:51 +0800] "POST /xingrg/all/common/load_tree.html?tree=supplier_tree_json&isDelete=1 HTTP/1.1" 200 54827
58.40.7.146 - - [04/Mar/2021:10:20:53 +0800] "POST /xingrg/dwr/call/plaincall/AjaxCheckService.setItemNumber.dwr HTTP/1.1" 200 77
101.228.165.174 - - [04/Mar/2021:10:20:54 +0800] "GET /xingrg/all/function/internal_message.html?_=1614824469477&CODE_STATE=getMsg HTTP/1.1" 200 27
116.228.172.94 - - [04/Mar/2021:10:20:56 +0800] "GET /xingrg/javascript/auto/indicator.gif HTTP/1.1" 404 1066
180.169.147.146 - - [04/Mar/2021:10:20:56 +0800] "GET /xingrg/all/function/internal_message.html?_=1614824458501&CODE_STATE=getMsg HTTP/1.1" 200 27
180.169.147.146 - - [04/Mar/2021:10:20:56 +0800] "GET /xingrg/check_reg.html?_=1614824458509 HTTP/1.1" 200 22
117.184.7.26 - - [04/Mar/2021:10:20:58 +0800] "GET /xingrg/all/function/internal_message.html?_=1614824439151&CODE_STATE=getMsg HTTP/1.1" 200 27
58.40.7.146 - - [04/Mar/2021:10:20:58 +0800] "POST /xingrg/dwr/call/plaincall/AjaxCheckService.setItemNumber.dwr HTTP/1.1" 200 77
222.69.137.21 - - [04/Mar/2021:10:20:59 +0800] "GET /xingrg/kc/buy/cgsh_order_operate.html?command=get_materiel&rest_code=00149&code=00101006109&supplier_code=00100012&order_time=2021-03-04 HTTP/1.1" 200 409
58.37.230.33 - - [04/Mar/2021:10:21:00 +0800] "GET /xingrg/check_reg.html?_=1614824459820 HTTP/1.1" 200 22
58.40.7.146 - - [04/Mar/2021:10:21:00 +0800] "POST /xingrg/dwr/call/plaincall/AjaxCheckService.setItemNumber.dwr HTTP/1.1" 200 77
58.40.7.146 - - [04/Mar/2021:10:21:00 +0800] "POST /xingrg/dwr/call/plaincall/AjaxCheckService.setItemNumber.dwr HTTP/1.1" 200 77
58.40.7.146 - - [04/Mar/2021:10:21:01 +0800] "POST /xingrg/dwr/call/plaincall/AjaxCheckService.setItemNumber.dwr HTTP/1.1" 200 77
116.228.172.94 - - [04/Mar/2021:10:21:02 +0800] "GET /xingrg/kc/buy/cgsh_order_operate.html?command=get_materiel&rest_code=00107&code=00101011003&supplier_code=00100049&order_time=2021-03-04 HTTP/1.1" 200 413
58.40.7.146 - - [04/Mar/2021:10:21:04 +0800] "POST /xingrg/dwr/call/plaincall/AjaxCheckService.setItemNumber.dwr HTTP/1.1" 200 77
58.40.7.146 - - [04/Mar/2021:10:21:05 +0800] "POST /xingrg/dwr/call/plaincall/AjaxCheckService.setItemNumber.dwr HTTP/1.1" 200 77
58.40.7.146 - - [04/Mar/2021:10:21:06 +0800] "POST /xingrg/dwr/call/plaincall/AjaxCheckService.setItemNumber.dwr HTTP/1.1" 200 77
180.162.112.81 - - [04/Mar/2021:10:21:07 +0800] "GET /xingrg/all/function/internal_message.html?_=1614824279007&CODE_STATE=getMsg HTTP/1.1" 200 27
58.40.7.146 - - [04/Mar/2021:10:21:07 +0800] "POST /xingrg/dwr/call/plaincall/AjaxCheckService.setItemNumber.dwr HTTP/1.1" 200 77
180.169.147.146 - - [04/Mar/2021:10:21:07 +0800] "GET /xingrg/login.html HTTP/1.1" 200 7641
180.169.147.146 - - [04/Mar/2021:10:21:08 +0800] "GET /favicon.ico HTTP/1.1" 404 -
180.169.147.146 - - [04/Mar/2021:10:21:10 +0800] "POST /xingrg/login.do HTTP/1.1" 302 -
180.169.147.146 - - [04/Mar/2021:10:21:10 +0800] "GET /xingrg/index.html?sysBaseUrl=http%3A%2F%2F180.169.147.146%3A18081%2Fxingrg%2F&costTime=39×tamp=1614824470114 HTTP/1.1" 200 17179
180.169.147.146 - - [04/Mar/2021:10:21:10 +0800] "POST /xingrg/all/common/load_tree.html?tree=area_rest_tree_json&manage=1 HTTP/1.1" 200 351
180.169.147.146 - - [04/Mar/2021:10:21:10 +0800] "GET /xingrg/all/function/internal_message.html?_=1614824466041&CODE_STATE=count HTTP/1.1" 200 11
180.169.147.146 - - [04/Mar/2021:10:21:10 +0800] "GET /xingrg/check_reg.html?_=1614824466042 HTTP/1.1" 200 22
180.169.147.146 - - [04/Mar/2021:10:21:10 +0800] "GET /favicon.ico HTTP/1.1" 404 -
180.169.147.146 - - [04/Mar/2021:10:21:10 +0800] "POST /xingrg/load_menu.html HTTP/1.1" 200 5138
58.40.7.146 - - [04/Mar/2021:10:21:11 +0800] "POST /xingrg/dwr/call/plaincall/AjaxCheckService.setItemNumber.dwr HTTP/1.1" 200 77
58.40.7.146 - - [04/Mar/2021:10:21:11 +0800] "POST /xingrg/dwr/call/plaincall/AjaxCheckService.setItemNumber.dwr HTTP/1.1" 200 77
180.169.147.146 - - [04/Mar/2021:10:21:12 +0800] "GET /xingrg/all/function/internal_message.html?_=1614824467713&CODE_STATE=getMsg HTTP/1.1" 200 27
116.228.172.94 - - [04/Mar/2021:10:21:12 +0800] "GET /xingrg/kc/buy/cgsh_order_operate.html?command=get_materiel&rest_code=00107&code=00101011005&supplier_code=00100049&order_time=2021-03-04 HTTP/1.1" 200 428
58.40.7.146 - - [04/Mar/2021:10:21:13 +0800] "POST /xingrg/dwr/call/plaincall/AjaxCheckService.setItemNumber.dwr HTTP/1.1" 200 77
222.70.216.220 - - [04/Mar/2021:10:21:15 +0800] "GET /xingrg/all/function/internal_message.html?_=1614824472718&CODE_STATE=getMsg HTTP/1.1" 200 27
58.40.7.146 - - [04/Mar/2021:10:21:15 +0800] "POST /xingrg/dwr/call/plaincall/AjaxCheckService.setItemNumber.dwr HTTP/1.1" 200 77
222.69.137.21 - - [04/Mar/2021:10:21:15 +0800] "GET /xingrg/kc/buy/cgsh_order_operate.html?command=get_materiel&rest_code=00149&code=00101006057&supplier_code=00100012&order_time=2021-03-04 HTTP/1.1" 200 413
58.40.7.146 - - [04/Mar/2021:10:21:16 +0800] "POST /xingrg/dwr/call/plaincall/AjaxCheckService.setItemNumber.dwr HTTP/1.1" 200 77
116.224.253.72 - - [04/Mar/2021:10:21:16 +0800] "GET /xingrg/all/function/internal_message.html?_=1614824478328&CODE_STATE=getMsg HTTP/1.1" 200 27
116.224.253.72 - - [04/Mar/2021:10:21:16 +0800] "GET /xingrg/check_reg.html?_=1614824478332 HTTP/1.1" 200 22
180.169.147.146 - - [04/Mar/2021:10:21:17 +0800] "GET /xingrg/kc/buy/buy_main.html HTTP/1.1" 200 12412
180.169.147.146 - - [04/Mar/2021:10:21:17 +0800] "GET /xingrg/css/new_ie.css HTTP/1.1" 404 1036
180.169.147.146 - - [04/Mar/2021:10:21:18 +0800] "GET /xingrg/images/yd/bt.gif HTTP/1.1" 404 1040
58.40.7.146 - - [04/Mar/2021:10:21:18 +0800] "POST /xingrg/dwr/call/plaincall/AjaxCheckService.setItemNumber.dwr HTTP/1.1" 200 77
61.165.42.208 - - [04/Mar/2021:10:21:18 +0800] "GET /xingrg/all/function/internal_message.html?_=1614824479467&CODE_STATE=getMsg HTTP/1.1" 200 27
180.174.195.252 - - [04/Mar/2021:10:21:18 +0800] "GET /xingrg/check_reg.html?_=1614824737523 HTTP/1.1" 200 22
58.40.7.146 - - [04/Mar/2021:10:21:18 +0800] "POST /xingrg/dwr/call/plaincall/AjaxCheckService.setItemNumber.dwr HTTP/1.1" 200 77
180.169.147.146 - - [04/Mar/2021:10:21:18 +0800] "GET /xingrg/kc/buy/cgsh_order_list.html HTTP/1.1" 200 46372
58.40.7.146 - - [04/Mar/2021:10:21:19 +0800] "POST /xingrg/dwr/call/plaincall/AjaxCheckService.setItemNumber.dwr HTTP/1.1" 200 77
58.40.7.146 - - [04/Mar/2021:10:21:20 +0800] "POST /xingrg/dwr/call/plaincall/AjaxCheckService.setItemNumber.dwr HTTP/1.1" 200 77
222.69.137.21 - - [04/Mar/2021:10:21:21 +0800] "GET /xingrg/kc/buy/cgsh_order_operate.html?command=get_materiel&rest_code=00149&code=00101006058&supplier_code=00100012&order_time=2021-03-04 HTTP/1.1" 200 413
58.40.7.146 - - [04/Mar/2021:10:21:22 +0800] "POST /xingrg/dwr/call/plaincall/AjaxCheckService.setItemNumber.dwr HTTP/1.1" 200 77
58.40.7.146 - - [04/Mar/2021:10:21:22 +0800] "GET /xingrg/all/function/internal_message.html?_=1614824482312&CODE_STATE=getMsg HTTP/1.1" 200 27
116.228.172.94 - - [04/Mar/2021:10:21:23 +0800] "POST /xingrg/kc/buy/cgsh_order_operate.html HTTP/1.1" 200 37
116.228.172.94 - - [04/Mar/2021:10:21:24 +0800] "POST /xingrg/kc/buy/cgsh_order_operate.html HTTP/1.1" 200 3251
116.228.172.94 - - [04/Mar/2021:10:21:27 +0800] "GET /xingrg/kc/print/load_data.html?order_code=212021030401189&kc_code=cgsh&condition= HTTP/1.1" 200 944
222.70.216.220 - - [04/Mar/2021:10:21:28 +0800] "GET /xingrg/all/function/internal_message.html?_=1614824485904&CODE_STATE=getMsg HTTP/1.1" 200 27
120.253.135.82 - - [04/Mar/2021:10:21:29 +0800] "GET /xingrg/all/function/internal_message.html?_=1614824603436&CODE_STATE=getMsg HTTP/1.1" 200 27
222.69.137.21 - - [04/Mar/2021:10:21:29 +0800] "POST /xingrg/kc/buy/cgsh_order_operate.html HTTP/1.1" 200 37
114.88.166.193 - - [04/Mar/2021:10:21:30 +0800] "GET /xingrg/all/function/internal_message.html?_=1614824489394&CODE_STATE=getMsg HTTP/1.1" 200 27
116.224.253.72 - - [04/Mar/2021:10:21:30 +0800] "GET /xingrg/check_reg.html?_=1614824457042 HTTP/1.1" 200 22
116.224.253.72 - - [04/Mar/2021:10:21:30 +0800] "GET /xingrg/all/function/internal_message.html?_=1614824457476&CODE_STATE=getMsg HTTP/1.1" 200 27
58.40.7.146 - - [04/Mar/2021:10:21:31 +0800] "POST /xingrg/dwr/call/plaincall/AjaxCheckService.setItemNumber.dwr HTTP/1.1" 200 77
222.69.137.21 - - [04/Mar/2021:10:21:31 +0800] "GET /xingrg/all/function/internal_message.html?_=1614824490842&CODE_STATE=getMsg HTTP/1.1" 200 27
222.69.137.21 - - [04/Mar/2021:10:21:31 +0800] "POST /xingrg/kc/buy/cgsh_order_operate.html HTTP/1.1" 200 12
222.69.137.21 - - [04/Mar/2021:10:21:34 +0800] "GET /xingrg/kc/buy/cgsh_order_info.html?code=212021030401190 HTTP/1.1" 200 57059
222.69.137.21 - - [04/Mar/2021:10:21:35 +0800] "GET /xingrg/javascript/easyui/themes/default/validatebox.css HTTP/1.1" 404 1104
222.69.137.21 - - [04/Mar/2021:10:21:35 +0800] "POST /xingrg/kc/buy/cgsh_order_operate.html HTTP/1.1" 200 1794
116.228.172.94 - - [04/Mar/2021:10:21:36 +0800] "GET /xingrg/all/function/internal_message.html?_=1614824494803&CODE_STATE=getMsg HTTP/1.1" 200 27
116.228.172.94 - - [04/Mar/2021:10:21:36 +0800] "GET /xingrg/check_reg.html?_=1614824495710 HTTP/1.1" 200 22
222.70.216.220 - - [04/Mar/2021:10:21:38 +0800] "GET /xingrg/check_reg.html?_=1614824495641 HTTP/1.1" 200 22
117.185.32.26 - - [04/Mar/2021:10:21:38 +0800] "GET /xingrg/kc/buy/cgsh_order_operate.html?command=get_materiel&rest_code=00106&code=00101006109&supplier_code=00100015&order_time=2021-03-04 HTTP/1.1" 200 409
101.228.165.174 - - [04/Mar/2021:10:21:41 +0800] "GET /xingrg/all/function/internal_message.html?_=1614824508394&CODE_STATE=getMsg HTTP/1.1" 302 -
180.169.147.146 - - [04/Mar/2021:10:21:42 +0800] "POST /xingrg/kc/buy/cgsh_list_operate.html HTTP/1.1" 200 5181
116.232.54.212 - - [04/Mar/2021:10:21:45 +0800] "GET /xingrg/all/function/internal_message.html?_=1614824508625&CODE_STATE=getMsg HTTP/1.1" 200 27
117.185.32.26 - - [04/Mar/2021:10:21:46 +0800] "GET /xingrg/check_reg.html?_=1614825004643 HTTP/1.1" 200 22
117.185.32.26 - - [04/Mar/2021:10:21:46 +0800] "GET /xingrg/all/function/internal_message.html?_=1614825004645&CODE_STATE=getMsg HTTP/1.1" 200 27
114.88.166.193 - - [04/Mar/2021:10:21:48 +0800] "GET /xingrg/kc/buy/cgsh_order_operate.html?command=get_materiel&rest_code=00111&code=00101009062&supplier_code=00100037&order_time=2021-03-04 HTTP/1.1" 200 412
222.70.216.220 - - [04/Mar/2021:10:21:49 +0800] "GET /xingrg/all/function/internal_message.html?_=1614824506876&CODE_STATE=getMsg HTTP/1.1" 200 27
101.228.165.174 - - [04/Mar/2021:10:21:54 +0800] "GET /xingrg/all/function/internal_message.html?_=1614824529497&CODE_STATE=getMsg HTTP/1.1" 200 27
180.169.147.146 - - [04/Mar/2021:10:21:56 +0800] "GET /xingrg/all/function/internal_message.html?_=1614824518510&CODE_STATE=getMsg HTTP/1.1" 200 27
117.184.7.26 - - [04/Mar/2021:10:21:58 +0800] "GET /xingrg/all/function/internal_message.html?_=1614824499153&CODE_STATE=getMsg HTTP/1.1" 200 27
180.162.112.81 - - [04/Mar/2021:10:22:07 +0800] "GET /xingrg/all/function/internal_message.html?_=1614824339031&CODE_STATE=getMsg HTTP/1.1" 200 27
180.169.147.146 - - [04/Mar/2021:10:22:10 +0800] "GET /xingrg/all/function/internal_message.html?_=1614824526057&CODE_STATE=getMsg HTTP/1.1" 200 27
180.169.147.146 - - [04/Mar/2021:10:22:12 +0800] "GET /xingrg/all/function/internal_message.html?_=1614824527711&CODE_STATE=getMsg HTTP/1.1" 200 27
180.169.147.146 - - [04/Mar/2021:10:22:13 +0800] "POST /xingrg/kc/buy/cgsh_list_operate.html HTTP/1.1" 200 4
180.169.147.146 - - [04/Mar/2021:10:22:13 +0800] "GET /favicon.ico HTTP/1.1" 404 -
222.70.216.220 - - [04/Mar/2021:10:22:15 +0800] "GET /xingrg/all/function/internal_message.html?_=1614824532688&CODE_STATE=getMsg HTTP/1.1" 200 27
114.88.166.193 - - [04/Mar/2021:10:22:16 +0800] "GET /xingrg/kc/buy/cgsh_order_operate.html?command=get_materiel&rest_code=00111&code=00101006177&supplier_code=00100037&order_time=2021-03-04 HTTP/1.1" 200 409
116.224.253.72 - - [04/Mar/2021:10:22:16 +0800] "GET /xingrg/all/function/internal_message.html?_=1614824538338&CODE_STATE=getMsg HTTP/1.1" 200 27
117.185.32.26 - - [04/Mar/2021:10:22:17 +0800] "GET /xingrg/kc/buy/cgsh_order_operate.html?command=get_materiel&rest_code=00106&code=00101006144&supplier_code=00100015&order_time=2021-03-04 HTTP/1.1" 200 409
61.165.42.208 - - [04/Mar/2021:10:22:18 +0800] "GET /xingrg/all/function/internal_message.html?_=1614824539457&CODE_STATE=getMsg HTTP/1.1" 200 27
58.40.7.146 - - [04/Mar/2021:10:22:22 +0800] "GET /xingrg/all/function/internal_message.html?_=1614824542314&CODE_STATE=getMsg HTTP/1.1" 200 27
101.228.165.174 - - [04/Mar/2021:10:22:24 +0800] "GET /xingrg/check_reg.html?_=1614824550782 HTTP/1.1" 302 -
222.70.216.220 - - [04/Mar/2021:10:22:28 +0800] "GET /xingrg/all/function/internal_message.html?_=1614824545888&CODE_STATE=getMsg HTTP/1.1" 200 27
120.253.135.82 - - [04/Mar/2021:10:22:29 +0800] "GET /xingrg/all/function/internal_message.html?_=1614824663455&CODE_STATE=getMsg HTTP/1.1" 200 27
114.88.166.193 - - [04/Mar/2021:10:22:30 +0800] "GET /xingrg/all/function/internal_message.html?_=1614824549411&CODE_STATE=getMsg HTTP/1.1" 200 27
116.224.253.72 - - [04/Mar/2021:10:22:30 +0800] "GET /xingrg/all/function/internal_message.html?_=1614824517489&CODE_STATE=getMsg HTTP/1.1" 200 27
222.69.137.21 - - [04/Mar/2021:10:22:31 +0800] "GET /xingrg/all/function/internal_message.html?_=1614824550814&CODE_STATE=getMsg HTTP/1.1" 200 27
114.88.166.193 - - [04/Mar/2021:10:22:33 +0800] "GET /xingrg/kc/buy/cgsh_order_operate.html?command=get_materiel&rest_code=00111&code=00101008161&supplier_code=00100037&order_time=2021-03-04 HTTP/1.1" 200 409
116.228.172.94 - - [04/Mar/2021:10:22:35 +0800] "GET /xingrg/all/function/internal_message.html?_=1614824554784&CODE_STATE=getMsg HTTP/1.1" 200 27
114.88.166.193 - - [04/Mar/2021:10:22:41 +0800] "GET /xingrg/kc/buy/cgsh_order_operate.html?command=get_materiel&rest_code=00111&code=00101012025&supplier_code=00100037&order_time=2021-03-04 HTTP/1.1" 200 412
101.228.165.174 - - [04/Mar/2021:10:22:41 +0800] "GET /xingrg/all/function/internal_message.html?_=1614824568410&CODE_STATE=getMsg HTTP/1.1" 302 -
116.232.54.212 - - [04/Mar/2021:10:22:45 +0800] "GET /xingrg/all/function/internal_message.html?_=1614824568627&CODE_STATE=getMsg HTTP/1.1" 200 27
117.185.32.26 - - [04/Mar/2021:10:22:46 +0800] "GET /xingrg/all/function/internal_message.html?_=1614825064654&CODE_STATE=getMsg HTTP/1.1" 200 27
222.70.216.220 - - [04/Mar/2021:10:22:49 +0800] "GET /xingrg/all/function/internal_message.html?_=1614824566878&CODE_STATE=getMsg HTTP/1.1" 200 27
114.88.166.193 - - [04/Mar/2021:10:22:51 +0800] "GET /xingrg/kc/buy/cgsh_order_operate.html?command=get_materiel&rest_code=00111&code=00101020153&supplier_code=00100037&order_time=2021-03-04 HTTP/1.1" 200 408
116.228.172.94 - - [04/Mar/2021:10:22:51 +0800] "GET /xingrg/kc/buy/cgsh_order_add.html HTTP/1.1" 200 62192
116.228.172.94 - - [04/Mar/2021:10:22:52 +0800] "GET /xingrg/javascript/easyui/themes/default/validatebox.css HTTP/1.1" 404 1104
116.228.172.94 - - [04/Mar/2021:10:22:52 +0800] "POST /xingrg/kc/buy/cgsh_order_operate.html HTTP/1.1" 200 8245
101.228.165.174 - - [04/Mar/2021:10:22:54 +0800] "GET /xingrg/all/function/internal_message.html?_=1614824589847&CODE_STATE=getMsg HTTP/1.1" 200 27
116.224.253.72 - - [04/Mar/2021:10:22:54 +0800] "GET /favicon.ico HTTP/1.1" 404 -
180.169.147.146 - - [04/Mar/2021:10:22:55 +0800] "POST /xingrg/kc/buy/cgsh_list_operate.html HTTP/1.1" 200 5170
180.169.147.146 - - [04/Mar/2021:10:22:56 +0800] "GET /xingrg/all/function/internal_message.html?_=1614824578512&CODE_STATE=getMsg HTTP/1.1" 200 27
117.184.7.26 - - [04/Mar/2021:10:22:58 +0800] "GET /xingrg/check_reg.html?_=1614824559154 HTTP/1.1" 200 22
117.184.7.26 - - [04/Mar/2021:10:22:58 +0800] "GET /xingrg/all/function/internal_message.html?_=1614824559160&CODE_STATE=getMsg HTTP/1.1" 200 27
117.185.32.26 - - [04/Mar/2021:10:23:02 +0800] "GET /xingrg/kc/buy/cgsh_order_operate.html?command=get_materiel&rest_code=00106&code=00101006177&supplier_code=00100015&order_time=2021-03-04 HTTP/1.1" 200 411
180.162.112.81 - - [04/Mar/2021:10:23:07 +0800] "GET /xingrg/all/function/internal_message.html?_=1614824399030&CODE_STATE=getMsg HTTP/1.1" 200 27
114.88.166.193 - - [04/Mar/2021:10:23:07 +0800] "GET /xingrg/kc/buy/cgsh_order_operate.html?command=get_materiel&rest_code=00111&code=00101008257&supplier_code=00100037&order_time=2021-03-04 HTTP/1.1" 200 416
180.169.147.146 - - [04/Mar/2021:10:23:10 +0800] "GET /xingrg/all/function/internal_message.html?_=1614824586048&CODE_STATE=getMsg HTTP/1.1" 200 27
101.93.222.235 - - [04/Mar/2021:10:23:11 +0800] "POST /xingrg/services/DataTransmitService HTTP/1.1" 200 524
180.169.147.146 - - [04/Mar/2021:10:23:12 +0800] "GET /xingrg/all/function/internal_message.html?_=1614824587712&CODE_STATE=getMsg HTTP/1.1" 200 27
101.93.222.235 - - [04/Mar/2021:10:23:12 +0800] "POST /xingrg/services/DataTransmitService HTTP/1.1" 200 2067
101.93.222.235 - - [04/Mar/2021:10:23:12 +0800] "POST /xingrg/services/DataTransmitService HTTP/1.1" 200 183287
222.70.216.220 - - [04/Mar/2021:10:23:15 +0800] "GET /xingrg/all/function/internal_message.html?_=1614824592659&CODE_STATE=getMsg HTTP/1.1" 200 27
116.228.172.94 - - [04/Mar/2021:10:23:15 +0800] "GET /xingrg/javascript/easyui/themes/default/tree.css HTTP/1.1" 404 1090
116.228.172.94 - - [04/Mar/2021:10:23:15 +0800] "POST /xingrg/all/common/load_tree.html?tree=supplier_tree_json&isDelete=1 HTTP/1.1" 200 54827
116.224.253.72 - - [04/Mar/2021:10:23:16 +0800] "GET /xingrg/all/function/internal_message.html?_=1614824598340&CODE_STATE=getMsg HTTP/1.1" 200 27
61.165.42.208 - - [04/Mar/2021:10:23:18 +0800] "GET /xingrg/all/function/internal_message.html?_=1614824599361&CODE_STATE=getMsg HTTP/1.1" 200 27
117.185.32.26 - - [04/Mar/2021:10:23:19 +0800] "GET /xingrg/kc/buy/cgsh_order_operate.html?command=get_materiel&rest_code=00106&code=00101006130&supplier_code=00100015&order_time=2021-03-04 HTTP/1.1" 200 427
180.169.147.146 - - [04/Mar/2021:10:23:20 +0800] "POST /xingrg/kc/buy/cgsh_list_operate.html HTTP/1.1" 200 4
58.40.7.146 - - [04/Mar/2021:10:23:22 +0800] "GET /xingrg/all/function/internal_message.html?_=1614824602311&CODE_STATE=getMsg HTTP/1.1" 200 27
58.40.7.146 - - [04/Mar/2021:10:23:22 +0800] "GET /xingrg/check_reg.html?_=1614824602313 HTTP/1.1" 200 22
114.88.166.193 - - [04/Mar/2021:10:23:23 +0800] "GET /xingrg/kc/buy/cgsh_order_operate.html?command=get_materiel&rest_code=00111&code=00101016025&supplier_code=00100037&order_time=2021-03-04 HTTP/1.1" 200 408
222.70.216.220 - - [04/Mar/2021:10:23:28 +0800] "GET /xingrg/all/function/internal_message.html?_=1614824605871&CODE_STATE=getMsg HTTP/1.1" 200 27
120.253.135.82 - - [04/Mar/2021:10:23:29 +0800] "GET /xingrg/all/function/internal_message.html?_=1614824723463&CODE_STATE=getMsg HTTP/1.1" 200 27
114.88.166.193 - - [04/Mar/2021:10:23:30 +0800] "GET /xingrg/all/function/internal_message.html?_=1614824609423&CODE_STATE=getMsg HTTP/1.1" 200 27
116.224.253.72 - - [04/Mar/2021:10:23:30 +0800] "GET /xingrg/all/function/internal_message.html?_=1614824577504&CODE_STATE=getMsg HTTP/1.1" 200 27
222.69.137.21 - - [04/Mar/2021:10:23:31 +0800] "GET /xingrg/all/function/internal_message.html?_=1614824610789&CODE_STATE=getMsg HTTP/1.1" 200 27
180.169.147.146 - - [04/Mar/2021:10:23:31 +0800] "POST /xingrg/kc/buy/cgsh_list_operate.html HTTP/1.1" 200 4976
180.169.147.146 - - [04/Mar/2021:10:23:35 +0800] "POST /xingrg/login.do HTTP/1.1" 302 -
116.228.172.94 - - [04/Mar/2021:10:23:36 +0800] "GET /xingrg/all/function/internal_message.html?_=1614824614763&CODE_STATE=getMsg HTTP/1.1" 200 27
180.169.147.146 - - [04/Mar/2021:10:23:36 +0800] "GET /xingrg/index.html?sysBaseUrl=http%3A%2F%2F180.169.147.146%3A18081%2Fxingrg%2F&costTime=40×tamp=1614824615999 HTTP/1.1" 200 17503
180.169.147.146 - - [04/Mar/2021:10:23:36 +0800] "GET /favicon.ico HTTP/1.1" 404 -
180.169.147.146 - - [04/Mar/2021:10:23:36 +0800] "POST /xingrg/all/common/load_tree.html?tree=area_rest_tree_json&manage=1 HTTP/1.1" 200 3344
180.169.147.146 - - [04/Mar/2021:10:23:36 +0800] "GET /xingrg/all/function/internal_message.html?_=1614824608765&CODE_STATE=count HTTP/1.1" 200 11
180.169.147.146 - - [04/Mar/2021:10:23:36 +0800] "GET /xingrg/check_reg.html?_=1614824608765 HTTP/1.1" 200 22
180.169.147.146 - - [04/Mar/2021:10:23:36 +0800] "POST /xingrg/load_menu.html HTTP/1.1" 200 11564
180.169.147.146 - - [04/Mar/2021:10:23:38 +0800] "GET /xingrg/kc/base/yddb_order_list.html HTTP/1.1" 200 16945
180.169.147.146 - - [04/Mar/2021:10:23:40 +0800] "POST /xingrg/kc/base/yddb_list_operate.html HTTP/1.1" 200 636
101.228.165.174 - - [04/Mar/2021:10:23:41 +0800] "GET /xingrg/all/function/internal_message.html?_=1614824628437&CODE_STATE=getMsg HTTP/1.1" 302 -
