116.228.172.94 - - [04/Mar/2021:10:26:51 +0800] "POST /xingrg/kc/buy/cgsh_order_operate.html HTTP/1.1" 200 8245
58.40.7.146 - - [04/Mar/2021:10:26:51 +0800] "POST /xingrg/dwr/call/plaincall/AjaxCheckService.setItemNumber.dwr HTTP/1.1" 200 78
58.40.7.146 - - [04/Mar/2021:10:26:52 +0800] "POST /xingrg/dwr/call/plaincall/AjaxCheckService.setItemNumber.dwr HTTP/1.1" 200 78
58.40.7.146 - - [04/Mar/2021:10:26:54 +0800] "POST /xingrg/dwr/call/plaincall/AjaxCheckService.setItemNumber.dwr HTTP/1.1" 200 78
101.228.165.174 - - [04/Mar/2021:10:26:55 +0800] "GET /xingrg/all/function/internal_message.html?_=1614824830244&CODE_STATE=getMsg HTTP/1.1" 200 27
180.169.147.146 - - [04/Mar/2021:10:26:56 +0800] "GET /xingrg/all/function/internal_message.html?_=1614824818530&CODE_STATE=getMsg HTTP/1.1" 200 27
58.40.7.146 - - [04/Mar/2021:10:26:57 +0800] "POST /xingrg/dwr/call/plaincall/AjaxCheckService.setItemNumber.dwr HTTP/1.1" 200 78
58.40.7.146 - - [04/Mar/2021:10:26:58 +0800] "POST /xingrg/dwr/call/plaincall/AjaxCheckService.setItemNumber.dwr HTTP/1.1" 200 78
117.184.7.26 - - [04/Mar/2021:10:26:58 +0800] "GET /xingrg/all/function/internal_message.html?_=1614824799165&CODE_STATE=getMsg HTTP/1.1" 200 27
58.40.7.146 - - [04/Mar/2021:10:26:58 +0800] "POST /xingrg/dwr/call/plaincall/AjaxCheckService.setItemNumber.dwr HTTP/1.1" 200 78
58.40.7.146 - - [04/Mar/2021:10:26:59 +0800] "POST /xingrg/dwr/call/plaincall/AjaxCheckService.setItemNumber.dwr HTTP/1.1" 200 78
58.40.7.146 - - [04/Mar/2021:10:26:59 +0800] "POST /xingrg/dwr/call/plaincall/AjaxCheckService.setItemNumber.dwr HTTP/1.1" 200 78
58.37.230.33 - - [04/Mar/2021:10:26:59 +0800] "GET /xingrg/all/function/internal_message.html?_=1614824819067&CODE_STATE=getMsg HTTP/1.1" 200 27
58.40.7.146 - - [04/Mar/2021:10:27:00 +0800] "POST /xingrg/dwr/call/plaincall/AjaxCheckService.setItemNumber.dwr HTTP/1.1" 200 78
58.40.7.146 - - [04/Mar/2021:10:27:00 +0800] "POST /xingrg/dwr/call/plaincall/AjaxCheckService.setItemNumber.dwr HTTP/1.1" 200 78
58.40.7.146 - - [04/Mar/2021:10:27:00 +0800] "POST /xingrg/dwr/call/plaincall/AjaxCheckService.setItemNumber.dwr HTTP/1.1" 200 78
58.40.7.146 - - [04/Mar/2021:10:27:01 +0800] "POST /xingrg/dwr/call/plaincall/AjaxCheckService.setItemNumber.dwr HTTP/1.1" 200 78
58.40.7.146 - - [04/Mar/2021:10:27:01 +0800] "POST /xingrg/dwr/call/plaincall/AjaxCheckService.setItemNumber.dwr HTTP/1.1" 200 78
116.228.172.94 - - [04/Mar/2021:10:27:02 +0800] "GET /xingrg/javascript/easyui/themes/default/tree.css HTTP/1.1" 404 1090
116.228.172.94 - - [04/Mar/2021:10:27:02 +0800] "POST /xingrg/all/common/load_tree.html?tree=supplier_tree_json&isDelete=1 HTTP/1.1" 200 54827
116.224.253.72 - - [04/Mar/2021:10:27:03 +0800] "POST /xingrg/dwr/call/plaincall/AjaxQqpsService.saveMaterielItem.dwr HTTP/1.1" 200 79
58.40.7.146 - - [04/Mar/2021:10:27:06 +0800] "POST /xingrg/dwr/call/plaincall/AjaxCheckService.setItemNumber.dwr HTTP/1.1" 200 78
180.162.112.81 - - [04/Mar/2021:10:27:07 +0800] "GET /xingrg/all/function/internal_message.html?_=1614824639029&CODE_STATE=getMsg HTTP/1.1" 200 27
116.224.253.72 - - [04/Mar/2021:10:27:07 +0800] "POST /xingrg/dwr/call/plaincall/AjaxQqpsService.getMaterielByCode.dwr HTTP/1.1" 200 3655
180.169.147.146 - - [04/Mar/2021:10:27:10 +0800] "GET /xingrg/all/function/internal_message.html?_=1614824826053&CODE_STATE=getMsg HTTP/1.1" 200 27
116.224.253.72 - - [04/Mar/2021:10:27:11 +0800] "POST /xingrg/dwr/call/plaincall/AjaxQqpsService.saveMaterielItem.dwr HTTP/1.1" 200 79
180.169.147.146 - - [04/Mar/2021:10:27:12 +0800] "GET /xingrg/all/function/internal_message.html?_=1614824827716&CODE_STATE=getMsg HTTP/1.1" 200 27
58.40.7.146 - - [04/Mar/2021:10:27:14 +0800] "POST /xingrg/dwr/call/plaincall/AjaxCheckService.setItemNumber.dwr HTTP/1.1" 200 78
222.70.216.220 - - [04/Mar/2021:10:27:15 +0800] "GET /xingrg/all/function/internal_message.html?_=1614824832574&CODE_STATE=getMsg HTTP/1.1" 200 27
116.224.253.72 - - [04/Mar/2021:10:27:15 +0800] "POST /xingrg/dwr/call/plaincall/AjaxQqpsService.getMaterielByCode.dwr HTTP/1.1" 200 3585
58.37.230.33 - - [04/Mar/2021:10:27:16 +0800] "POST /xingrg/kc/buy/cgsh_order_operate.html HTTP/1.1" 200 37
116.224.253.72 - - [04/Mar/2021:10:27:16 +0800] "GET /xingrg/all/function/internal_message.html?_=1614824838346&CODE_STATE=getMsg HTTP/1.1" 200 27
116.224.253.72 - - [04/Mar/2021:10:27:17 +0800] "POST /xingrg/dwr/call/plaincall/AjaxQqpsService.saveMaterielItem.dwr HTTP/1.1" 200 79
61.165.42.208 - - [04/Mar/2021:10:27:18 +0800] "GET /xingrg/all/function/internal_message.html?_=1614824839342&CODE_STATE=getMsg HTTP/1.1" 200 27
58.37.230.33 - - [04/Mar/2021:10:27:19 +0800] "POST /xingrg/kc/buy/cgsh_order_operate.html HTTP/1.1" 200 12
58.40.7.146 - - [04/Mar/2021:10:27:19 +0800] "POST /xingrg/dwr/call/plaincall/AjaxCheckService.setItemNumber.dwr HTTP/1.1" 200 78
58.40.7.146 - - [04/Mar/2021:10:27:21 +0800] "POST /xingrg/dwr/call/plaincall/AjaxCheckService.setItemNumber.dwr HTTP/1.1" 200 78
58.40.7.146 - - [04/Mar/2021:10:27:22 +0800] "POST /xingrg/dwr/call/plaincall/AjaxCheckService.setItemNumber.dwr HTTP/1.1" 200 78
58.40.7.146 - - [04/Mar/2021:10:27:22 +0800] "POST /xingrg/dwr/call/plaincall/AjaxCheckService.setItemNumber.dwr HTTP/1.1" 200 78
58.40.7.146 - - [04/Mar/2021:10:27:22 +0800] "GET /xingrg/all/function/internal_message.html?_=1614824842327&CODE_STATE=getMsg HTTP/1.1" 200 27
58.40.7.146 - - [04/Mar/2021:10:27:23 +0800] "POST /xingrg/dwr/call/plaincall/AjaxCheckService.setItemNumber.dwr HTTP/1.1" 200 78
116.224.253.72 - - [04/Mar/2021:10:27:23 +0800] "POST /xingrg/dwr/call/plaincall/AjaxQqpsService.getMaterielByCode.dwr HTTP/1.1" 200 3598
58.40.7.146 - - [04/Mar/2021:10:27:23 +0800] "POST /xingrg/dwr/call/plaincall/AjaxCheckService.setItemNumber.dwr HTTP/1.1" 200 78
101.228.165.174 - - [04/Mar/2021:10:27:24 +0800] "GET /xingrg/check_reg.html?_=1614824850803 HTTP/1.1" 302 -
58.40.7.146 - - [04/Mar/2021:10:27:24 +0800] "POST /xingrg/dwr/call/plaincall/AjaxCheckService.setItemNumber.dwr HTTP/1.1" 200 78
58.40.7.146 - - [04/Mar/2021:10:27:25 +0800] "POST /xingrg/dwr/call/plaincall/AjaxCheckService.setItemNumber.dwr HTTP/1.1" 200 78
58.40.7.146 - - [04/Mar/2021:10:27:26 +0800] "POST /xingrg/dwr/call/plaincall/AjaxCheckService.setItemNumber.dwr HTTP/1.1" 200 78
116.228.172.94 - - [04/Mar/2021:10:27:26 +0800] "GET /xingrg/kc/buy/cgsh_order_operate.html?command=get_materiel&rest_code=00107&code=00101008486&supplier_code=00100327&order_time=2021-03-04 HTTP/1.1" 200 400
116.224.253.72 - - [04/Mar/2021:10:27:27 +0800] "POST /xingrg/dwr/call/plaincall/AjaxQqpsService.saveMaterielItem.dwr HTTP/1.1" 200 79
222.70.216.220 - - [04/Mar/2021:10:27:28 +0800] "GET /xingrg/all/function/internal_message.html?_=1614824845804&CODE_STATE=getMsg HTTP/1.1" 200 27
120.253.135.82 - - [04/Mar/2021:10:27:29 +0800] "GET /xingrg/all/function/internal_message.html?_=1614824963524&CODE_STATE=getMsg HTTP/1.1" 200 27
58.40.7.146 - - [04/Mar/2021:10:27:29 +0800] "POST /xingrg/dwr/call/plaincall/AjaxCheckService.setItemNumber.dwr HTTP/1.1" 200 78
114.88.166.193 - - [04/Mar/2021:10:27:30 +0800] "GET /xingrg/all/function/internal_message.html?_=1614824849838&CODE_STATE=getMsg HTTP/1.1" 200 27
116.224.253.72 - - [04/Mar/2021:10:27:31 +0800] "POST /xingrg/dwr/call/plaincall/AjaxQqpsService.getMaterielByCode.dwr HTTP/1.1" 200 3632
222.69.137.21 - - [04/Mar/2021:10:27:31 +0800] "GET /xingrg/all/function/internal_message.html?_=1614824850813&CODE_STATE=getMsg HTTP/1.1" 200 27
58.40.7.146 - - [04/Mar/2021:10:27:31 +0800] "POST /xingrg/dwr/call/plaincall/AjaxCheckService.setItemNumber.dwr HTTP/1.1" 200 78
58.40.7.146 - - [04/Mar/2021:10:27:32 +0800] "POST /xingrg/dwr/call/plaincall/AjaxCheckService.setItemNumber.dwr HTTP/1.1" 200 78
116.224.253.72 - - [04/Mar/2021:10:27:32 +0800] "POST /xingrg/dwr/call/plaincall/AjaxQqpsService.saveMaterielItem.dwr HTTP/1.1" 200 79
58.40.7.146 - - [04/Mar/2021:10:27:32 +0800] "POST /xingrg/dwr/call/plaincall/AjaxCheckService.setItemNumber.dwr HTTP/1.1" 200 78
58.40.7.146 - - [04/Mar/2021:10:27:34 +0800] "POST /xingrg/dwr/call/plaincall/AjaxCheckService.setItemNumber.dwr HTTP/1.1" 200 78
58.40.7.146 - - [04/Mar/2021:10:27:34 +0800] "POST /xingrg/dwr/call/plaincall/AjaxCheckService.setItemNumber.dwr HTTP/1.1" 200 78
58.40.7.146 - - [04/Mar/2021:10:27:35 +0800] "POST /xingrg/dwr/call/plaincall/AjaxCheckService.setItemNumber.dwr HTTP/1.1" 200 78
116.228.172.94 - - [04/Mar/2021:10:27:36 +0800] "GET /xingrg/all/function/internal_message.html?_=1614824854742&CODE_STATE=getMsg HTTP/1.1" 200 27
58.40.7.146 - - [04/Mar/2021:10:27:36 +0800] "POST /xingrg/dwr/call/plaincall/AjaxCheckService.setItemNumber.dwr HTTP/1.1" 200 78
180.169.147.146 - - [04/Mar/2021:10:27:36 +0800] "GET /xingrg/all/function/internal_message.html?_=1614824848777&CODE_STATE=getMsg HTTP/1.1" 200 27
58.40.7.146 - - [04/Mar/2021:10:27:36 +0800] "POST /xingrg/dwr/call/plaincall/AjaxCheckService.setItemNumber.dwr HTTP/1.1" 200 78
58.40.7.146 - - [04/Mar/2021:10:27:36 +0800] "POST /xingrg/dwr/call/plaincall/AjaxCheckService.setItemNumber.dwr HTTP/1.1" 200 78
58.40.7.146 - - [04/Mar/2021:10:27:37 +0800] "POST /xingrg/dwr/call/plaincall/AjaxCheckService.setItemNumber.dwr HTTP/1.1" 200 78
58.37.230.33 - - [04/Mar/2021:10:27:37 +0800] "GET /xingrg/kc/buy/cgsh_order_info.html?code=212021030401196 HTTP/1.1" 200 57012
116.224.253.72 - - [04/Mar/2021:10:27:38 +0800] "POST /xingrg/dwr/call/plaincall/AjaxQqpsService.getMaterielByCode.dwr HTTP/1.1" 200 3672
58.37.230.33 - - [04/Mar/2021:10:27:38 +0800] "GET /xingrg/javascript/easyui/themes/default/validatebox.css HTTP/1.1" 404 1104
58.40.7.146 - - [04/Mar/2021:10:27:38 +0800] "POST /xingrg/dwr/call/plaincall/AjaxCheckService.setItemNumber.dwr HTTP/1.1" 200 78
58.37.230.33 - - [04/Mar/2021:10:27:38 +0800] "POST /xingrg/kc/buy/cgsh_order_operate.html HTTP/1.1" 200 1199
58.40.7.146 - - [04/Mar/2021:10:27:39 +0800] "POST /xingrg/dwr/call/plaincall/AjaxCheckService.setItemNumber.dwr HTTP/1.1" 200 78
116.228.172.94 - - [04/Mar/2021:10:27:40 +0800] "GET /xingrg/kc/buy/cgsh_order_operate.html?command=get_materiel&rest_code=00107&code=00101020215&supplier_code=00100327&order_time=2021-03-04 HTTP/1.1" 200 391
58.40.7.146 - - [04/Mar/2021:10:27:40 +0800] "POST /xingrg/dwr/call/plaincall/AjaxCheckService.setItemNumber.dwr HTTP/1.1" 200 78
116.224.253.72 - - [04/Mar/2021:10:27:40 +0800] "POST /xingrg/dwr/call/plaincall/AjaxQqpsService.saveMaterielItem.dwr HTTP/1.1" 200 79
58.40.7.146 - - [04/Mar/2021:10:27:41 +0800] "POST /xingrg/dwr/call/plaincall/AjaxCheckService.setItemNumber.dwr HTTP/1.1" 200 78
101.228.165.174 - - [04/Mar/2021:10:27:41 +0800] "GET /xingrg/all/function/internal_message.html?_=1614824868490&CODE_STATE=getMsg HTTP/1.1" 302 -
58.37.230.33 - - [04/Mar/2021:10:27:41 +0800] "GET /xingrg/kc/print/load_config.html?kc_code=cgsh HTTP/1.1" 200 1845
58.37.230.33 - - [04/Mar/2021:10:27:42 +0800] "GET /xingrg/kc/print/load_data.html?order_code=212021030401196&kc_code=cgsh&condition= HTTP/1.1" 200 984
58.40.7.146 - - [04/Mar/2021:10:27:42 +0800] "POST /xingrg/dwr/call/plaincall/AjaxCheckService.setItemNumber.dwr HTTP/1.1" 200 78
58.40.7.146 - - [04/Mar/2021:10:27:42 +0800] "POST /xingrg/dwr/call/plaincall/AjaxCheckService.setItemNumber.dwr HTTP/1.1" 200 78
58.40.7.146 - - [04/Mar/2021:10:27:44 +0800] "POST /xingrg/dwr/call/plaincall/AjaxCheckService.setItemNumber.dwr HTTP/1.1" 200 78
116.224.253.72 - - [04/Mar/2021:10:27:45 +0800] "POST /xingrg/dwr/call/plaincall/AjaxQqpsService.getMaterielByCode.dwr HTTP/1.1" 200 3651
116.232.54.212 - - [04/Mar/2021:10:27:45 +0800] "GET /xingrg/all/function/internal_message.html?_=1614824868638&CODE_STATE=getMsg HTTP/1.1" 200 27
117.185.32.26 - - [04/Mar/2021:10:27:46 +0800] "GET /xingrg/all/function/internal_message.html?_=1614825364669&CODE_STATE=getMsg HTTP/1.1" 200 27
116.224.253.72 - - [04/Mar/2021:10:27:47 +0800] "POST /xingrg/dwr/call/plaincall/AjaxQqpsService.saveMaterielItem.dwr HTTP/1.1" 200 79
116.224.253.72 - - [04/Mar/2021:10:27:48 +0800] "GET /xingrg/all/function/internal_message.html?_=1614824835654&CODE_STATE=getMsg HTTP/1.1" 200 27
222.70.216.220 - - [04/Mar/2021:10:27:49 +0800] "GET /xingrg/all/function/internal_message.html?_=1614824866872&CODE_STATE=getMsg HTTP/1.1" 200 27
222.69.137.21 - - [04/Mar/2021:10:27:51 +0800] "GET /xingrg/kc/print/load_data.html?order_code=212021030401190&kc_code=cgsh&condition= HTTP/1.1" 200 1249
58.37.230.33 - - [04/Mar/2021:10:27:52 +0800] "GET /xingrg/kc/buy/cgsh_order_add.html HTTP/1.1" 200 62110
58.37.230.33 - - [04/Mar/2021:10:27:52 +0800] "POST /xingrg/kc/buy/cgsh_order_operate.html HTTP/1.1" 200 8245
58.37.230.33 - - [04/Mar/2021:10:27:52 +0800] "GET /xingrg/javascript/easyui/themes/default/validatebox.css HTTP/1.1" 404 1104
101.228.165.174 - - [04/Mar/2021:10:27:55 +0800] "GET /xingrg/all/function/internal_message.html?_=1614824890614&CODE_STATE=getMsg HTTP/1.1" 200 27
116.228.172.94 - - [04/Mar/2021:10:27:56 +0800] "POST /xingrg/kc/buy/cgsh_order_operate.html HTTP/1.1" 200 37
180.169.147.146 - - [04/Mar/2021:10:27:56 +0800] "GET /xingrg/all/function/internal_message.html?_=1614824878534&CODE_STATE=getMsg HTTP/1.1" 200 27
58.40.7.146 - - [04/Mar/2021:10:27:57 +0800] "POST /xingrg/dwr/call/plaincall/AjaxCheckService.setItemNumber.dwr HTTP/1.1" 200 78
116.228.172.94 - - [04/Mar/2021:10:27:58 +0800] "POST /xingrg/kc/buy/cgsh_order_operate.html HTTP/1.1" 200 3243
117.184.7.26 - - [04/Mar/2021:10:27:58 +0800] "GET /xingrg/check_reg.html?_=1614824859164 HTTP/1.1" 200 22
117.184.7.26 - - [04/Mar/2021:10:27:58 +0800] "GET /xingrg/all/function/internal_message.html?_=1614824859167&CODE_STATE=getMsg HTTP/1.1" 200 27
116.228.172.94 - - [04/Mar/2021:10:27:59 +0800] "GET /xingrg/kc/print/load_data.html?order_code=212021030401197&kc_code=cgsh&condition= HTTP/1.1" 200 889
58.37.230.33 - - [04/Mar/2021:10:27:59 +0800] "GET /xingrg/all/function/internal_message.html?_=1614824879084&CODE_STATE=getMsg HTTP/1.1" 200 27
58.40.7.146 - - [04/Mar/2021:10:28:01 +0800] "POST /xingrg/dwr/call/plaincall/AjaxCheckService.setItemNumber.dwr HTTP/1.1" 200 78
58.40.7.146 - - [04/Mar/2021:10:28:03 +0800] "POST /xingrg/dwr/call/plaincall/AjaxCheckService.setItemNumber.dwr HTTP/1.1" 200 78
116.228.172.94 - - [04/Mar/2021:10:28:04 +0800] "GET /xingrg/kc/buy/cgsh_order_add.html HTTP/1.1" 200 62192
58.40.7.146 - - [04/Mar/2021:10:28:04 +0800] "POST /xingrg/dwr/call/plaincall/AjaxCheckService.setItemNumber.dwr HTTP/1.1" 200 78
116.228.172.94 - - [04/Mar/2021:10:28:05 +0800] "GET /xingrg/javascript/easyui/themes/default/validatebox.css HTTP/1.1" 404 1104
58.40.7.146 - - [04/Mar/2021:10:28:05 +0800] "POST /xingrg/dwr/call/plaincall/AjaxCheckService.setItemNumber.dwr HTTP/1.1" 200 78
116.228.172.94 - - [04/Mar/2021:10:28:05 +0800] "POST /xingrg/kc/buy/cgsh_order_operate.html HTTP/1.1" 200 8245
116.228.172.94 - - [04/Mar/2021:10:28:06 +0800] "GET /xingrg/javascript/easyui/themes/default/tree.css HTTP/1.1" 404 1090
116.228.172.94 - - [04/Mar/2021:10:28:06 +0800] "POST /xingrg/all/common/load_tree.html?tree=supplier_tree_json&isDelete=1 HTTP/1.1" 200 54827
180.162.112.81 - - [04/Mar/2021:10:28:07 +0800] "GET /xingrg/all/function/internal_message.html?_=1614824699043&CODE_STATE=getMsg HTTP/1.1" 200 27
58.40.7.146 - - [04/Mar/2021:10:28:07 +0800] "POST /xingrg/dwr/call/plaincall/AjaxCheckService.setItemNumber.dwr HTTP/1.1" 200 78
58.40.7.146 - - [04/Mar/2021:10:28:07 +0800] "POST /xingrg/dwr/call/plaincall/AjaxCheckService.setItemNumber.dwr HTTP/1.1" 200 78
58.40.7.146 - - [04/Mar/2021:10:28:09 +0800] "POST /xingrg/dwr/call/plaincall/AjaxCheckService.setItemNumber.dwr HTTP/1.1" 200 78
58.40.7.146 - - [04/Mar/2021:10:28:09 +0800] "POST /xingrg/dwr/call/plaincall/AjaxCheckService.setItemNumber.dwr HTTP/1.1" 200 78
58.40.7.146 - - [04/Mar/2021:10:28:10 +0800] "POST /xingrg/dwr/call/plaincall/AjaxCheckService.setItemNumber.dwr HTTP/1.1" 200 78
180.169.147.146 - - [04/Mar/2021:10:28:10 +0800] "GET /xingrg/all/function/internal_message.html?_=1614824886054&CODE_STATE=getMsg HTTP/1.1" 200 27
58.40.7.146 - - [04/Mar/2021:10:28:11 +0800] "POST /xingrg/dwr/call/plaincall/AjaxCheckService.setItemNumber.dwr HTTP/1.1" 200 78
180.169.147.146 - - [04/Mar/2021:10:28:12 +0800] "GET /xingrg/all/function/internal_message.html?_=1614824887716&CODE_STATE=getMsg HTTP/1.1" 200 27
58.40.7.146 - - [04/Mar/2021:10:28:12 +0800] "POST /xingrg/dwr/call/plaincall/AjaxCheckService.setItemNumber.dwr HTTP/1.1" 200 78
58.40.7.146 - - [04/Mar/2021:10:28:12 +0800] "POST /xingrg/dwr/call/plaincall/AjaxCheckService.setItemNumber.dwr HTTP/1.1" 200 78
58.40.7.146 - - [04/Mar/2021:10:28:13 +0800] "POST /xingrg/dwr/call/plaincall/AjaxCheckService.setItemNumber.dwr HTTP/1.1" 200 78
222.70.216.220 - - [04/Mar/2021:10:28:15 +0800] "GET /xingrg/all/function/internal_message.html?_=1614824892560&CODE_STATE=getMsg HTTP/1.1" 200 27
116.224.253.72 - - [04/Mar/2021:10:28:16 +0800] "GET /xingrg/all/function/internal_message.html?_=1614824898348&CODE_STATE=getMsg HTTP/1.1" 200 27
58.40.7.146 - - [04/Mar/2021:10:28:16 +0800] "POST /xingrg/dwr/call/plaincall/AjaxCheckService.setItemNumber.dwr HTTP/1.1" 200 78
58.40.7.146 - - [04/Mar/2021:10:28:18 +0800] "POST /xingrg/dwr/call/plaincall/AjaxCheckService.setItemNumber.dwr HTTP/1.1" 200 78
61.165.42.208 - - [04/Mar/2021:10:28:18 +0800] "GET /xingrg/all/function/internal_message.html?_=1614824899492&CODE_STATE=getMsg HTTP/1.1" 200 27
58.40.7.146 - - [04/Mar/2021:10:28:19 +0800] "POST /xingrg/dwr/call/plaincall/AjaxCheckService.setItemNumber.dwr HTTP/1.1" 200 78
58.40.7.146 - - [04/Mar/2021:10:28:22 +0800] "POST /xingrg/dwr/call/plaincall/AjaxCheckService.setItemNumber.dwr HTTP/1.1" 200 78
58.40.7.146 - - [04/Mar/2021:10:28:22 +0800] "GET /xingrg/check_reg.html?_=1614824902327 HTTP/1.1" 200 22
58.40.7.146 - - [04/Mar/2021:10:28:22 +0800] "GET /xingrg/all/function/internal_message.html?_=1614824902328&CODE_STATE=getMsg HTTP/1.1" 200 27
58.40.7.146 - - [04/Mar/2021:10:28:22 +0800] "POST /xingrg/dwr/call/plaincall/AjaxCheckService.setItemNumber.dwr HTTP/1.1" 200 78
58.40.7.146 - - [04/Mar/2021:10:28:27 +0800] "POST /xingrg/dwr/call/plaincall/AjaxCheckService.setItemNumber.dwr HTTP/1.1" 200 78
116.228.172.94 - - [04/Mar/2021:10:28:27 +0800] "GET /xingrg/kc/buy/cgsh_order_operate.html?command=get_materiel&rest_code=00107&code=00101007032&supplier_code=00100328&order_time=2021-03-04 HTTP/1.1" 200 413
222.70.216.220 - - [04/Mar/2021:10:28:28 +0800] "GET /xingrg/all/function/internal_message.html?_=1614824905787&CODE_STATE=getMsg HTTP/1.1" 200 27
120.253.135.82 - - [04/Mar/2021:10:28:29 +0800] "GET /xingrg/all/function/internal_message.html?_=1614825023531&CODE_STATE=getMsg HTTP/1.1" 200 27
114.88.166.193 - - [04/Mar/2021:10:28:30 +0800] "GET /xingrg/all/function/internal_message.html?_=1614824909850&CODE_STATE=getMsg HTTP/1.1" 200 27
58.40.7.146 - - [04/Mar/2021:10:28:30 +0800] "POST /xingrg/dwr/call/plaincall/AjaxCheckService.setItemNumber.dwr HTTP/1.1" 200 78
222.69.137.21 - - [04/Mar/2021:10:28:31 +0800] "GET /xingrg/all/function/internal_message.html?_=1614824910702&CODE_STATE=getMsg HTTP/1.1" 200 27
58.40.7.146 - - [04/Mar/2021:10:28:31 +0800] "POST /xingrg/dwr/call/plaincall/AjaxCheckService.setItemNumber.dwr HTTP/1.1" 200 78
58.40.7.146 - - [04/Mar/2021:10:28:33 +0800] "POST /xingrg/dwr/call/plaincall/AjaxCheckService.setItemNumber.dwr HTTP/1.1" 200 78
116.228.172.94 - - [04/Mar/2021:10:28:35 +0800] "GET /xingrg/all/function/internal_message.html?_=1614824914739&CODE_STATE=getMsg HTTP/1.1" 200 27
58.40.7.146 - - [04/Mar/2021:10:28:36 +0800] "POST /xingrg/dwr/call/plaincall/AjaxCheckService.setItemNumber.dwr HTTP/1.1" 200 78
180.169.147.146 - - [04/Mar/2021:10:28:36 +0800] "GET /xingrg/check_reg.html?_=1614824908769 HTTP/1.1" 200 22
180.169.147.146 - - [04/Mar/2021:10:28:36 +0800] "GET /xingrg/all/function/internal_message.html?_=1614824908771&CODE_STATE=getMsg HTTP/1.1" 200 27
58.40.7.146 - - [04/Mar/2021:10:28:38 +0800] "POST /xingrg/dwr/call/plaincall/AjaxCheckService.setItemNumber.dwr HTTP/1.1" 200 78
58.40.7.146 - - [04/Mar/2021:10:28:39 +0800] "POST /xingrg/dwr/call/plaincall/AjaxCheckService.setItemNumber.dwr HTTP/1.1" 200 78
58.40.7.146 - - [04/Mar/2021:10:28:40 +0800] "POST /xingrg/dwr/call/plaincall/AjaxCheckService.setItemNumber.dwr HTTP/1.1" 200 78
58.40.7.146 - - [04/Mar/2021:10:28:41 +0800] "POST /xingrg/dwr/call/plaincall/AjaxCheckService.setItemNumber.dwr HTTP/1.1" 200 78
116.230.72.231 - - [04/Mar/2021:10:28:41 +0800] "POST /xingrg/services/DataTransmitService HTTP/1.1" 200 524
116.228.172.94 - - [04/Mar/2021:10:28:41 +0800] "POST /xingrg/kc/buy/cgsh_order_operate.html HTTP/1.1" 200 37
101.228.165.174 - - [04/Mar/2021:10:28:41 +0800] "GET /xingrg/all/function/internal_message.html?_=1614824928508&CODE_STATE=getMsg HTTP/1.1" 302 -
58.40.7.146 - - [04/Mar/2021:10:28:42 +0800] "POST /xingrg/dwr/call/plaincall/AjaxCheckService.setItemNumber.dwr HTTP/1.1" 200 78
58.40.7.146 - - [04/Mar/2021:10:28:42 +0800] "POST /xingrg/dwr/call/plaincall/AjaxCheckService.setItemNumber.dwr HTTP/1.1" 200 78
116.230.72.231 - - [04/Mar/2021:10:28:42 +0800] "POST /xingrg/services/DataTransmitService HTTP/1.1" 200 412
58.40.7.146 - - [04/Mar/2021:10:28:43 +0800] "POST /xingrg/dwr/call/plaincall/AjaxCheckService.setItemNumber.dwr HTTP/1.1" 200 78
58.40.7.146 - - [04/Mar/2021:10:28:43 +0800] "POST /xingrg/dwr/call/plaincall/AjaxCheckService.setItemNumber.dwr HTTP/1.1" 200 78
116.228.172.94 - - [04/Mar/2021:10:28:43 +0800] "POST /xingrg/kc/buy/cgsh_order_operate.html HTTP/1.1" 200 2657
116.228.172.94 - - [04/Mar/2021:10:28:44 +0800] "GET /xingrg/kc/print/load_data.html?order_code=212021030401198&kc_code=cgsh&condition= HTTP/1.1" 200 670
58.40.7.146 - - [04/Mar/2021:10:28:45 +0800] "POST /xingrg/dwr/call/plaincall/AjaxCheckService.setItemNumber.dwr HTTP/1.1" 200 78
222.70.216.220 - - [04/Mar/2021:10:28:45 +0800] "GET /xingrg/check_reg.html?_=1614824923021 HTTP/1.1" 200 22
116.232.54.212 - - [04/Mar/2021:10:28:45 +0800] "GET /xingrg/all/function/internal_message.html?_=1614824928640&CODE_STATE=getMsg HTTP/1.1" 200 27
116.232.54.212 - - [04/Mar/2021:10:28:45 +0800] "GET /xingrg/check_reg.html?_=1614824928641 HTTP/1.1" 200 22
117.185.32.26 - - [04/Mar/2021:10:28:46 +0800] "GET /xingrg/all/function/internal_message.html?_=1614825424661&CODE_STATE=getMsg HTTP/1.1" 200 27
58.40.7.146 - - [04/Mar/2021:10:28:47 +0800] "POST /xingrg/dwr/call/plaincall/AjaxCheckService.setItemNumber.dwr HTTP/1.1" 200 78
116.228.172.94 - - [04/Mar/2021:10:28:48 +0800] "GET /xingrg/kc/buy/cgsh_order_add.html HTTP/1.1" 200 62192
222.70.216.220 - - [04/Mar/2021:10:28:49 +0800] "GET /xingrg/all/function/internal_message.html?_=1614824926876&CODE_STATE=getMsg HTTP/1.1" 200 27
116.228.172.94 - - [04/Mar/2021:10:28:49 +0800] "POST /xingrg/kc/buy/cgsh_order_operate.html HTTP/1.1" 200 8245
116.228.172.94 - - [04/Mar/2021:10:28:49 +0800] "GET /xingrg/javascript/easyui/themes/default/validatebox.css HTTP/1.1" 404 1104
116.224.253.72 - - [04/Mar/2021:10:28:51 +0800] "GET /xingrg/all/function/internal_message.html?_=1614824895667&CODE_STATE=getMsg HTTP/1.1" 200 27
116.230.72.231 - - [04/Mar/2021:10:28:53 +0800] "POST /xingrg/services/DataTransmitService HTTP/1.1" 200 524
116.228.172.94 - - [04/Mar/2021:10:28:55 +0800] "GET /xingrg/javascript/easyui/themes/default/tree.css HTTP/1.1" 404 1090
116.228.172.94 - - [04/Mar/2021:10:28:55 +0800] "POST /xingrg/all/common/load_tree.html?tree=supplier_tree_json&isDelete=1 HTTP/1.1" 200 54827
101.228.165.174 - - [04/Mar/2021:10:28:55 +0800] "GET /xingrg/all/function/internal_message.html?_=1614824950614&CODE_STATE=getMsg HTTP/1.1" 200 27
116.230.72.231 - - [04/Mar/2021:10:28:55 +0800] "POST /xingrg/services/DataTransmitService HTTP/1.1" 200 412
180.169.147.146 - - [04/Mar/2021:10:28:56 +0800] "GET /xingrg/all/function/internal_message.html?_=1614824938541&CODE_STATE=getMsg HTTP/1.1" 200 27
58.40.7.146 - - [04/Mar/2021:10:28:56 +0800] "GET /xingrg/javascript/jquery_easy_ui/themes/default/images/button_plain_hover.png HTTP/1.1" 200 252
117.184.7.26 - - [04/Mar/2021:10:28:58 +0800] "GET /xingrg/all/function/internal_message.html?_=1614824919174&CODE_STATE=getMsg HTTP/1.1" 200 27
222.69.137.21 - - [04/Mar/2021:10:28:59 +0800] "GET /xingrg/kc/buy/cgsh_order_add.html HTTP/1.1" 200 62157
222.69.137.21 - - [04/Mar/2021:10:28:59 +0800] "GET /xingrg/words/20210303140340_words.js HTTP/1.1" 304 -
222.69.137.21 - - [04/Mar/2021:10:28:59 +0800] "POST /xingrg/kc/buy/cgsh_order_operate.html HTTP/1.1" 200 8245
222.69.137.21 - - [04/Mar/2021:10:28:59 +0800] "GET /xingrg/javascript/easyui/themes/default/validatebox.css HTTP/1.1" 404 1104
116.224.253.72 - - [04/Mar/2021:10:28:59 +0800] "POST /xingrg/dwr/call/plaincall/AjaxQqpsService.getMaterielByCode.dwr HTTP/1.1" 200 3592
58.37.230.33 - - [04/Mar/2021:10:28:59 +0800] "GET /xingrg/all/function/internal_message.html?_=1614824939075&CODE_STATE=getMsg HTTP/1.1" 200 27
58.40.7.146 - - [04/Mar/2021:10:29:01 +0800] "POST /xingrg/dwr/call/plaincall/AjaxCheckService.checkOrder.dwr HTTP/1.1" 200 80
116.224.253.72 - - [04/Mar/2021:10:29:04 +0800] "POST /xingrg/dwr/call/plaincall/AjaxQqpsService.saveMaterielItem.dwr HTTP/1.1" 200 79
180.162.112.81 - - [04/Mar/2021:10:29:07 +0800] "GET /xingrg/all/function/internal_message.html?_=1614824759028&CODE_STATE=getMsg HTTP/1.1" 200 27
180.169.147.146 - - [04/Mar/2021:10:29:10 +0800] "GET /xingrg/all/function/internal_message.html?_=1614824946054&CODE_STATE=getMsg HTTP/1.1" 200 27
180.169.147.146 - - [04/Mar/2021:10:29:12 +0800] "GET /xingrg/all/function/internal_message.html?_=1614824947703&CODE_STATE=getMsg HTTP/1.1" 200 27
116.224.253.72 - - [04/Mar/2021:10:29:12 +0800] "POST /xingrg/dwr/call/plaincall/AjaxQqpsService.getMaterielByCode.dwr HTTP/1.1" 200 3687
116.224.253.72 - - [04/Mar/2021:10:29:13 +0800] "POST /xingrg/dwr/call/plaincall/AjaxQqpsService.saveMaterielItem.dwr HTTP/1.1" 200 79
222.69.137.21 - - [04/Mar/2021:10:29:14 +0800] "GET /xingrg/kc/buy/cgsh_order_operate.html?command=get_materiel&rest_code=00149&code=00101012025&supplier_code=00100036&order_time=2021-03-04 HTTP/1.1" 200 412
222.70.216.220 - - [04/Mar/2021:10:29:14 +0800] "GET /xingrg/all/function/internal_message.html?_=1614824952531&CODE_STATE=getMsg HTTP/1.1" 200 27
116.224.253.72 - - [04/Mar/2021:10:29:16 +0800] "GET /xingrg/all/function/internal_message.html?_=1614824958353&CODE_STATE=getMsg HTTP/1.1" 200 27
61.165.42.208 - - [04/Mar/2021:10:29:18 +0800] "GET /xingrg/all/function/internal_message.html?_=1614824959463&CODE_STATE=getMsg HTTP/1.1" 200 27
116.224.253.72 - - [04/Mar/2021:10:29:19 +0800] "POST /xingrg/dwr/call/plaincall/AjaxQqpsService.getMaterielByCode.dwr HTTP/1.1" 200 3678
116.224.253.72 - - [04/Mar/2021:10:29:24 +0800] "POST /xingrg/dwr/call/plaincall/AjaxQqpsService.saveMaterielItem.dwr HTTP/1.1" 200 79
222.69.137.21 - - [04/Mar/2021:10:29:24 +0800] "GET /xingrg/kc/buy/cgsh_order_operate.html?command=get_materiel&rest_code=00149&code=00101012024&supplier_code=00100036&order_time=2021-03-04 HTTP/1.1" 200 408
120.253.135.82 - - [04/Mar/2021:10:29:27 +0800] "GET /xingrg/check_reg.html?_=1614825082070 HTTP/1.1" 200 22
222.70.216.220 - - [04/Mar/2021:10:29:28 +0800] "GET /xingrg/all/function/internal_message.html?_=1614824965770&CODE_STATE=getMsg HTTP/1.1" 200 27
120.253.135.82 - - [04/Mar/2021:10:29:29 +0800] "GET /xingrg/all/function/internal_message.html?_=1614825083544&CODE_STATE=getMsg HTTP/1.1" 200 27
114.88.166.193 - - [04/Mar/2021:10:29:30 +0800] "GET /xingrg/check_reg.html?_=1614824969422 HTTP/1.1" 200 22
114.88.166.193 - - [04/Mar/2021:10:29:30 +0800] "GET /xingrg/all/function/internal_message.html?_=1614824969863&CODE_STATE=getMsg HTTP/1.1" 200 27
116.224.253.72 - - [04/Mar/2021:10:29:31 +0800] "POST /xingrg/dwr/call/plaincall/AjaxQqpsService.getMaterielByCode.dwr HTTP/1.1" 200 3632
222.69.137.21 - - [04/Mar/2021:10:29:31 +0800] "GET /xingrg/all/function/internal_message.html?_=1614824970693&CODE_STATE=getMsg HTTP/1.1" 200 27
222.69.137.21 - - [04/Mar/2021:10:29:35 +0800] "GET /xingrg/kc/buy/cgsh_order_operate.html?command=get_materiel&rest_code=00149&code=00101012026&supplier_code=00100036&order_time=2021-03-04 HTTP/1.1" 200 408
116.228.172.94 - - [04/Mar/2021:10:29:35 +0800] "GET /xingrg/all/function/internal_message.html?_=1614824974722&CODE_STATE=getMsg HTTP/1.1" 200 27
180.169.147.146 - - [04/Mar/2021:10:29:36 +0800] "GET /xingrg/all/function/internal_message.html?_=1614824968773&CODE_STATE=getMsg HTTP/1.1" 200 27
116.224.253.72 - - [04/Mar/2021:10:29:37 +0800] "POST /xingrg/dwr/call/plaincall/AjaxQqpsService.saveMaterielItem.dwr HTTP/1.1" 200 79
101.228.165.174 - - [04/Mar/2021:10:29:41 +0800] "GET /xingrg/all/function/internal_message.html?_=1614824988535&CODE_STATE=getMsg HTTP/1.1" 302 -
116.224.253.72 - - [04/Mar/2021:10:29:42 +0800] "POST /xingrg/dwr/call/plaincall/AjaxQqpsService.getMaterielByCode.dwr HTTP/1.1" 200 3634
116.224.253.72 - - [04/Mar/2021:10:29:43 +0800] "POST /xingrg/dwr/call/plaincall/AjaxQqpsService.saveMaterielItem.dwr HTTP/1.1" 200 79
116.232.54.212 - - [04/Mar/2021:10:29:45 +0800] "GET /xingrg/all/function/internal_message.html?_=1614824988643&CODE_STATE=getMsg HTTP/1.1" 200 27
117.185.32.26 - - [04/Mar/2021:10:29:46 +0800] "GET /xingrg/all/function/internal_message.html?_=1614825484657&CODE_STATE=getMsg HTTP/1.1" 200 27
116.224.253.72 - - [04/Mar/2021:10:29:48 +0800] "GET /xingrg/check_reg.html?_=1614824955621 HTTP/1.1" 200 22
116.224.253.72 - - [04/Mar/2021:10:29:48 +0800] "GET /xingrg/all/function/internal_message.html?_=1614824955681&CODE_STATE=getMsg HTTP/1.1" 200 27
222.70.216.220 - - [04/Mar/2021:10:29:49 +0800] "GET /xingrg/all/function/internal_message.html?_=1614824986879&CODE_STATE=getMsg HTTP/1.1" 200 27
222.70.216.220 - - [04/Mar/2021:10:29:49 +0800] "GET /xingrg/check_reg.html?_=1614824986881 HTTP/1.1" 200 22
116.224.253.72 - - [04/Mar/2021:10:29:50 +0800] "POST /xingrg/dwr/call/plaincall/AjaxQqpsService.getMaterielByCode.dwr HTTP/1.1" 200 3625
222.69.137.21 - - [04/Mar/2021:10:29:50 +0800] "POST /xingrg/kc/buy/cgsh_order_operate.html HTTP/1.1" 200 37
101.85.93.83 - - [04/Mar/2021:10:29:54 +0800] "GET /xingrg/check_reg.html?_=1614824591448 HTTP/1.1" 200 22
222.69.137.21 - - [04/Mar/2021:10:29:55 +0800] "POST /xingrg/kc/buy/cgsh_order_operate.html HTTP/1.1" 200 12
101.228.165.174 - - [04/Mar/2021:10:29:55 +0800] "GET /xingrg/check_reg.html?_=1614825010567 HTTP/1.1" 200 22
101.228.165.174 - - [04/Mar/2021:10:29:55 +0800] "GET /xingrg/all/function/internal_message.html?_=1614825010637&CODE_STATE=getMsg HTTP/1.1" 200 27
180.169.147.146 - - [04/Mar/2021:10:29:56 +0800] "GET /xingrg/all/function/internal_message.html?_=1614824998547&CODE_STATE=getMsg HTTP/1.1" 200 27
117.184.7.26 - - [04/Mar/2021:10:29:58 +0800] "GET /xingrg/all/function/internal_message.html?_=1614824979175&CODE_STATE=getMsg HTTP/1.1" 200 27
58.37.230.33 - - [04/Mar/2021:10:29:59 +0800] "GET /xingrg/check_reg.html?_=1614824999067 HTTP/1.1" 200 22
58.37.230.33 - - [04/Mar/2021:10:29:59 +0800] "GET /xingrg/all/function/internal_message.html?_=1614824999069&CODE_STATE=getMsg HTTP/1.1" 200 27
222.69.137.21 - - [04/Mar/2021:10:30:01 +0800] "GET /xingrg/kc/buy/cgsh_order_info.html?code=212021030401199 HTTP/1.1" 200 57061
222.69.137.21 - - [04/Mar/2021:10:30:01 +0800] "GET /xingrg/javascript/easyui/themes/default/validatebox.css HTTP/1.1" 404 1104
222.69.137.21 - - [04/Mar/2021:10:30:02 +0800] "POST /xingrg/kc/buy/cgsh_order_operate.html HTTP/1.1" 200 1779
180.169.147.146 - - [04/Mar/2021:10:30:05 +0800] "GET /favicon.ico HTTP/1.1" 404 -
180.162.112.81 - - [04/Mar/2021:10:30:07 +0800] "GET /xingrg/all/function/internal_message.html?_=1614824819044&CODE_STATE=getMsg HTTP/1.1" 200 27
180.162.112.81 - - [04/Mar/2021:10:30:07 +0800] "GET /xingrg/check_reg.html?_=1614824819048 HTTP/1.1" 200 22
58.40.7.146 - - [04/Mar/2021:10:30:08 +0800] "GET /xingrg/kc/base/check_order_info.html?code=452021030400051 HTTP/1.1" 200 23114
58.40.7.146 - - [04/Mar/2021:10:30:08 +0800] "GET /xingrg/dwr/interface/AjaxComOrderService.js HTTP/1.1" 200 18264
58.40.7.146 - - [04/Mar/2021:10:30:08 +0800] "GET /xingrg/dwr/interface/AjaxCheckService.js HTTP/1.1" 200 14003
58.40.7.146 - - [04/Mar/2021:10:30:08 +0800] "GET /xingrg/all/function/internal_message.html?_=1614825008046&CODE_STATE=getMsg HTTP/1.1" 200 27
58.40.7.146 - - [04/Mar/2021:10:30:08 +0800] "GET /xingrg/dwr/engine.js HTTP/1.1" 200 43631
58.40.7.146 - - [04/Mar/2021:10:30:08 +0800] "GET /xingrg/javascript/jquery_easy_ui/themes/icons/uncheck_new.png HTTP/1.1" 200 3197
58.40.7.146 - - [04/Mar/2021:10:30:08 +0800] "GET /xingrg/javascript/jquery_easy_ui/themes/icons/exam_new.png HTTP/1.1" 200 756
222.69.137.21 - - [04/Mar/2021:10:30:08 +0800] "GET /xingrg/kc/print/load_data.html?order_code=212021030401199&kc_code=cgsh&condition= HTTP/1.1" 200 1222
58.40.7.146 - - [04/Mar/2021:10:30:09 +0800] "POST /xingrg/dwr/call/plaincall/AjaxCheckService.loadOrderItems.dwr HTTP/1.1" 200 70578
180.169.147.146 - - [04/Mar/2021:10:30:09 +0800] "GET /xingrg/index.html?sysBaseUrl=http%3A%2F%2F180.169.147.146%3A18081%2Fxingrg%2F&costTime=39×tamp=1592034574635 HTTP/1.1" 302 -
180.169.147.146 - - [04/Mar/2021:10:30:09 +0800] "GET /xingrg/login.html HTTP/1.1" 200 7641
180.169.147.146 - - [04/Mar/2021:10:30:09 +0800] "GET /xingrg/images/blue/jxLogo.png HTTP/1.1" 200 6156
180.169.147.146 - - [04/Mar/2021:10:30:09 +0800] "GET /xingrg/index.html?sysBaseUrl=http%3A%2F%2F180.169.147.146%3A18081%2Fxingrg%2F&costTime=39×tamp=1592034574635 HTTP/1.1" 302 -
180.169.147.146 - - [04/Mar/2021:10:30:09 +0800] "GET /xingrg/images/blue/hj.png HTTP/1.1" 200 1014
180.169.147.146 - - [04/Mar/2021:10:30:09 +0800] "GET /xingrg/login.html HTTP/1.1" 200 7641
180.169.147.146 - - [04/Mar/2021:10:30:09 +0800] "GET /xingrg/images/blue/login_bg.png HTTP/1.1" 200 22101
180.169.147.146 - - [04/Mar/2021:10:30:09 +0800] "GET /favicon.ico HTTP/1.1" 404 -
180.169.147.146 - - [04/Mar/2021:10:30:09 +0800] "GET /xingrg/images/blue/srbg.png HTTP/1.1" 200 138
180.169.147.146 - - [04/Mar/2021:10:30:09 +0800] "GET /favicon.ico HTTP/1.1" 404 -
180.169.147.146 - - [04/Mar/2021:10:30:10 +0800] "GET /xingrg/all/function/internal_message.html?_=1614825006053&CODE_STATE=getMsg HTTP/1.1" 200 27
180.169.147.146 - - [04/Mar/2021:10:30:12 +0800] "GET /xingrg/all/function/internal_message.html?_=1614825007702&CODE_STATE=getMsg HTTP/1.1" 200 27
180.169.147.146 - - [04/Mar/2021:10:30:12 +0800] "GET /xingrg/check_reg.html?_=1614825007706 HTTP/1.1" 200 22
222.70.216.220 - - [04/Mar/2021:10:30:14 +0800] "GET /xingrg/all/function/internal_message.html?_=1614825012502&CODE_STATE=getMsg HTTP/1.1" 200 27
116.224.253.72 - - [04/Mar/2021:10:30:16 +0800] "GET /xingrg/all/function/internal_message.html?_=1614825018354&CODE_STATE=getMsg HTTP/1.1" 200 27
61.165.42.208 - - [04/Mar/2021:10:30:18 +0800] "GET /xingrg/check_reg.html?_=1614825019376 HTTP/1.1" 200 22
61.165.42.208 - - [04/Mar/2021:10:30:18 +0800] "GET /xingrg/all/function/internal_message.html?_=1614825019440&CODE_STATE=getMsg HTTP/1.1" 200 27
58.40.7.146 - - [04/Mar/2021:10:30:20 +0800] "POST /xingrg/kc/base/check_list_operate.html HTTP/1.1" 200 781
180.169.147.146 - - [04/Mar/2021:10:30:21 +0800] "POST /xingrg/login.do HTTP/1.1" 302 -
180.169.147.146 - - [04/Mar/2021:10:30:21 +0800] "GET /xingrg/index.html?sysBaseUrl=http%3A%2F%2F180.169.147.146%3A18081%2Fxingrg%2F&costTime=54×tamp=1614825021263 HTTP/1.1" 200 17503
180.169.147.146 - - [04/Mar/2021:10:30:21 +0800] "GET /xingrg/javascript/jquery_easy_ui/themes/icon.css HTTP/1.1" 200 3949
180.169.147.146 - - [04/Mar/2021:10:30:21 +0800] "GET /xingrg/css/form.css HTTP/1.1" 200 893
180.169.147.146 - - [04/Mar/2021:10:30:21 +0800] "GET /xingrg/javascript/jquery-1.4.2.min.js HTTP/1.1" 200 72205
180.169.147.146 - - [04/Mar/2021:10:30:21 +0800] "GET /xingrg/javascript/jquery_easy_ui/jquery.easyui.min.js HTTP/1.1" 200 213662
180.169.147.146 - - [04/Mar/2021:10:30:21 +0800] "GET /xingrg/javascript/jquery_easy_ui/easyui-lang-zh_CN.js HTTP/1.1" 200 1900
180.169.147.146 - - [04/Mar/2021:10:30:21 +0800] "GET /xingrg/javascript/jquery.timers.js HTTP/1.1" 200 3532
180.169.147.146 - - [04/Mar/2021:10:30:21 +0800] "GET /xingrg/javascript/jquery_easy_ui/themes/default/easyui.css HTTP/1.1" 200 26500
180.169.147.146 - - [04/Mar/2021:10:30:21 +0800] "GET /xingrg/javascript/jquery.utils.js HTTP/1.1" 200 11805
180.169.147.146 - - [04/Mar/2021:10:30:21 +0800] "GET /xingrg/javascript/jquery.form.js HTTP/1.1" 200 23110
180.169.147.146 - - [04/Mar/2021:10:30:21 +0800] "GET /favicon.ico HTTP/1.1" 404 -
180.169.147.146 - - [04/Mar/2021:10:30:21 +0800] "POST /xingrg/all/common/load_tree.html?tree=area_rest_tree_json&manage=1 HTTP/1.1" 200 3344
180.169.147.146 - - [04/Mar/2021:10:30:21 +0800] "GET /xingrg/all/function/internal_message.html?_=1614825021953&CODE_STATE=count HTTP/1.1" 200 11
180.169.147.146 - - [04/Mar/2021:10:30:21 +0800] "GET /xingrg/check_reg.html?_=1614825021953 HTTP/1.1" 200 22
180.169.147.146 - - [04/Mar/2021:10:30:21 +0800] "GET /xingrg/javascript/jquery_easy_ui/themes/icons/settle_new.png HTTP/1.1" 200 826
180.169.147.146 - - [04/Mar/2021:10:30:21 +0800] "GET /xingrg/images/blue/navBackgound.jpg HTTP/1.1" 200 12378
180.169.147.146 - - [04/Mar/2021:10:30:21 +0800] "GET /xingrg/images/blue/pingpu.png HTTP/1.1" 200 231
180.169.147.146 - - [04/Mar/2021:10:30:21 +0800] "GET /xingrg/javascript/jquery_easy_ui/themes/default/images/tabs_leftarrow.png HTTP/1.1" 200 389
180.169.147.146 - - [04/Mar/2021:10:30:21 +0800] "GET /xingrg/javascript/jquery_easy_ui/themes/default/images/tabs_rightarrow.png HTTP/1.1" 200 395
180.169.147.146 - - [04/Mar/2021:10:30:21 +0800] "GET /xingrg/javascript/jquery_easy_ui/themes/default/images/panel_tool_collapse.gif HTTP/1.1" 200 246
180.169.147.146 - - [04/Mar/2021:10:30:21 +0800] "GET /xingrg/javascript/jquery_easy_ui/themes/default/images/panel_tool_expand.gif HTTP/1.1" 200 247
180.169.147.146 - - [04/Mar/2021:10:30:21 +0800] "POST /xingrg/load_menu.html HTTP/1.1" 200 11443
180.169.147.146 - - [04/Mar/2021:10:30:21 +0800] "GET /xingrg/javascript/jquery_easy_ui/themes/default/images/tree_arrows.gif HTTP/1.1" 200 1043
180.169.147.146 - - [04/Mar/2021:10:30:21 +0800] "GET /xingrg/javascript/jquery_easy_ui/themes/default/images/tree_folder_open.gif HTTP/1.1" 200 956
180.169.147.146 - - [04/Mar/2021:10:30:21 +0800] "GET /xingrg/javascript/jquery_easy_ui/themes/icons/area.png HTTP/1.1" 200 262
180.169.147.146 - - [04/Mar/2021:10:30:21 +0800] "GET /xingrg/javascript/jquery_easy_ui/themes/icons/manage.png HTTP/1.1" 200 696
180.169.147.146 - - [04/Mar/2021:10:30:21 +0800] "GET /xingrg/javascript/jquery_easy_ui/themes/icons/rest.png HTTP/1.1" 200 695
180.169.147.146 - - [04/Mar/2021:10:30:21 +0800] "GET /xingrg/javascript/jquery_easy_ui/themes/icons/search_new.png HTTP/1.1" 200 586
180.169.147.146 - - [04/Mar/2021:10:30:21 +0800] "GET /xingrg/javascript/jquery_easy_ui/themes/icons/delivery_new.png HTTP/1.1" 200 700
180.169.147.146 - - [04/Mar/2021:10:30:21 +0800] "GET /xingrg/javascript/jquery_easy_ui/themes/icons/storage_new.png HTTP/1.1" 200 853
180.169.147.146 - - [04/Mar/2021:10:30:21 +0800] "GET /xingrg/javascript/jquery_easy_ui/themes/icons/checkout_new.png HTTP/1.1" 200 744
180.169.147.146 - - [04/Mar/2021:10:30:21 +0800] "GET /xingrg/javascript/jquery_easy_ui/themes/icons/forms_new.png HTTP/1.1" 200 350
180.169.147.146 - - [04/Mar/2021:10:30:21 +0800] "GET /xingrg/javascript/jquery_easy_ui/themes/icons/setting_new.png HTTP/1.1" 200 450
180.169.147.146 - - [04/Mar/2021:10:30:21 +0800] "GET /xingrg/javascript/jquery_easy_ui/themes/icons/systemset_new.png HTTP/1.1" 200 606
180.169.147.146 - - [04/Mar/2021:10:30:21 +0800] "GET /xingrg/javascript/jquery_easy_ui/themes/default/images/tree_file.gif HTTP/1.1" 200 118
180.169.147.146 - - [04/Mar/2021:10:30:21 +0800] "GET /xingrg/javascript/jquery_easy_ui/themes/default/images/tree_folder.gif HTTP/1.1" 200 952
180.169.147.146 - - [04/Mar/2021:10:30:23 +0800] "GET /xingrg/javascript/jquery_easy_ui/themes/default/images/button_a_bg.gif HTTP/1.1" 200 1194
180.169.147.146 - - [04/Mar/2021:10:30:23 +0800] "GET /xingrg/javascript/jquery_easy_ui/themes/default/images/button_span_bg.gif HTTP/1.1" 200 2061
180.169.147.146 - - [04/Mar/2021:10:30:23 +0800] "GET /xingrg/javascript/jquery_easy_ui/themes/default/images/panel_title.png HTTP/1.1" 200 266
180.169.147.146 - - [04/Mar/2021:10:30:23 +0800] "GET /xingrg/javascript/jquery_easy_ui/themes/default/images/panel_tools.gif HTTP/1.1" 200 737
180.169.147.146 - - [04/Mar/2021:10:30:23 +0800] "GET /xingrg/javascript/jquery_easy_ui/themes/icons/ok.png HTTP/1.1" 200 883
58.40.7.146 - - [04/Mar/2021:10:30:24 +0800] "POST /xingrg/kc/base/check_list_operate.html HTTP/1.1" 200 5412
116.228.172.94 - - [04/Mar/2021:10:30:27 +0800] "GET /xingrg/kc/buy/cgsh_order_operate.html?command=get_materiel&rest_code=00107&code=00101001127&supplier_code=00100442&order_time=2021-03-04 HTTP/1.1" 200 429
222.70.216.220 - - [04/Mar/2021:10:30:28 +0800] "GET /xingrg/all/function/internal_message.html?_=1614825025753&CODE_STATE=getMsg HTTP/1.1" 200 27
117.185.32.26 - - [04/Mar/2021:10:30:28 +0800] "POST /xingrg/services/DataTransmitService HTTP/1.1" 200 524
117.185.32.26 - - [04/Mar/2021:10:30:29 +0800] "POST /xingrg/services/DataTransmitService HTTP/1.1" 200 412
120.253.135.82 - - [04/Mar/2021:10:30:29 +0800] "GET /xingrg/all/function/internal_message.html?_=1614825143558&CODE_STATE=getMsg HTTP/1.1" 200 27
114.88.166.193 - - [04/Mar/2021:10:30:31 +0800] "GET /xingrg/all/function/internal_message.html?_=1614825030186&CODE_STATE=getMsg HTTP/1.1" 200 27
222.69.137.21 - - [04/Mar/2021:10:30:31 +0800] "GET /xingrg/all/function/internal_message.html?_=1614825030678&CODE_STATE=getMsg HTTP/1.1" 200 27
116.224.253.72 - - [04/Mar/2021:10:30:31 +0800] "POST /xingrg/dwr/call/plaincall/AjaxQqpsService.saveMaterielItem.dwr HTTP/1.1" 200 79
180.169.147.146 - - [04/Mar/2021:10:30:33 +0800] "GET /xingrg/images/control/ajaxLoader.gif HTTP/1.1" 200 4659
180.169.147.146 - - [04/Mar/2021:10:30:33 +0800] "POST /xingrg/all/user/operate.html HTTP/1.1" 200 36
180.169.147.146 - - [04/Mar/2021:10:30:33 +0800] "GET /xingrg/javascript/jquery_easy_ui/themes/default/easyui.css HTTP/1.1" 304 -
180.169.147.146 - - [04/Mar/2021:10:30:33 +0800] "GET /xingrg/index.html?sysBaseUrl=http%3A%2F%2F180.169.147.146%3A18081%2Fxingrg%2F&costTime=54×tamp=1614825021263 HTTP/1.1" 200 17509
180.169.147.146 - - [04/Mar/2021:10:30:33 +0800] "GET /xingrg/javascript/jquery_easy_ui/themes/icon.css HTTP/1.1" 304 -
180.169.147.146 - - [04/Mar/2021:10:30:33 +0800] "GET /xingrg/css/form.css HTTP/1.1" 304 -
180.169.147.146 - - [04/Mar/2021:10:30:33 +0800] "GET /xingrg/javascript/jquery-1.4.2.min.js HTTP/1.1" 304 -
180.169.147.146 - - [04/Mar/2021:10:30:33 +0800] "GET /xingrg/javascript/jquery_easy_ui/jquery.easyui.min.js HTTP/1.1" 304 -
180.169.147.146 - - [04/Mar/2021:10:30:33 +0800] "GET /xingrg/javascript/jquery_easy_ui/easyui-lang-zh_CN.js HTTP/1.1" 304 -
180.169.147.146 - - [04/Mar/2021:10:30:33 +0800] "GET /xingrg/javascript/jquery.form.js HTTP/1.1" 304 -
180.169.147.146 - - [04/Mar/2021:10:30:33 +0800] "GET /xingrg/javascript/jquery.utils.js HTTP/1.1" 304 -
180.169.147.146 - - [04/Mar/2021:10:30:33 +0800] "GET /xingrg/javascript/jquery.timers.js HTTP/1.1" 304 -
180.169.147.146 - - [04/Mar/2021:10:30:33 +0800] "GET /xingrg/images/blue/jxLogo.png HTTP/1.1" 304 -
180.169.147.146 - - [04/Mar/2021:10:30:33 +0800] "POST /xingrg/all/common/load_tree.html?tree=area_rest_tree_json&manage=1 HTTP/1.1" 200 3344
180.169.147.146 - - [04/Mar/2021:10:30:33 +0800] "GET /xingrg/all/function/internal_message.html?_=1614825033908&CODE_STATE=count HTTP/1.1" 200 11
180.169.147.146 - - [04/Mar/2021:10:30:33 +0800] "GET /xingrg/check_reg.html?_=1614825033908 HTTP/1.1" 200 22
180.169.147.146 - - [04/Mar/2021:10:30:33 +0800] "GET /xingrg/javascript/jquery_easy_ui/themes/default/images/panel_tool_expand.gif HTTP/1.1" 304 -
180.169.147.146 - - [04/Mar/2021:10:30:33 +0800] "GET /xingrg/javascript/jquery_easy_ui/themes/default/images/panel_tool_collapse.gif HTTP/1.1" 304 -
180.169.147.146 - - [04/Mar/2021:10:30:33 +0800] "GET /xingrg/javascript/jquery_easy_ui/themes/default/images/tabs_rightarrow.png HTTP/1.1" 304 -
180.169.147.146 - - [04/Mar/2021:10:30:33 +0800] "GET /xingrg/javascript/jquery_easy_ui/themes/default/images/tabs_leftarrow.png HTTP/1.1" 304 -
180.169.147.146 - - [04/Mar/2021:10:30:33 +0800] "GET /xingrg/images/blue/pingpu.png HTTP/1.1" 304 -
180.169.147.146 - - [04/Mar/2021:10:30:33 +0800] "GET /xingrg/javascript/jquery_easy_ui/themes/icons/settle_new.png HTTP/1.1" 304 -
180.169.147.146 - - [04/Mar/2021:10:30:33 +0800] "GET /xingrg/images/blue/navBackgound.jpg HTTP/1.1" 304 -
180.169.147.146 - - [04/Mar/2021:10:30:33 +0800] "POST /xingrg/load_menu.html HTTP/1.1" 200 9959
116.224.253.72 - - [04/Mar/2021:10:30:35 +0800] "POST /xingrg/dwr/call/plaincall/AjaxQqpsService.getMaterielByCode.dwr HTTP/1.1" 200 3577
116.228.172.94 - - [04/Mar/2021:10:30:35 +0800] "GET /xingrg/all/function/internal_message.html?_=1614825034713&CODE_STATE=getMsg HTTP/1.1" 200 27
180.169.147.146 - - [04/Mar/2021:10:30:36 +0800] "GET /xingrg/all/function/internal_message.html?_=1614825028775&CODE_STATE=getMsg HTTP/1.1" 200 27
180.169.147.146 - - [04/Mar/2021:10:30:36 +0800] "GET /xingrg/javascript/jquery_easy_ui/themes/default/images/tabs_close.gif HTTP/1.1" 200 829
180.169.147.146 - - [04/Mar/2021:10:30:36 +0800] "GET /xingrg/kc/base/check_order_list.html HTTP/1.1" 200 16726
180.169.147.146 - - [04/Mar/2021:10:30:36 +0800] "GET /xingrg/css/base.css HTTP/1.1" 200 2811
180.169.147.146 - - [04/Mar/2021:10:30:36 +0800] "GET /xingrg/css/site.css HTTP/1.1" 200 7541
180.169.147.146 - - [04/Mar/2021:10:30:36 +0800] "GET /xingrg/javascript/jquery_tools/datebox.css HTTP/1.1" 200 2597
180.169.147.146 - - [04/Mar/2021:10:30:36 +0800] "GET /xingrg/javascript/easyui/themes/icon.css HTTP/1.1" 200 4483
180.169.147.146 - - [04/Mar/2021:10:30:36 +0800] "GET /xingrg/javascript/auto/jquery.autocomplete.css HTTP/1.1" 200 587
180.169.147.146 - - [04/Mar/2021:10:30:36 +0800] "GET /xingrg/javascript/jquery_tools/fix.css HTTP/1.1" 200 1702
180.169.147.146 - - [04/Mar/2021:10:30:36 +0800] "GET /xingrg/javascript/jquery_tools/table.css HTTP/1.1" 200 1032
180.169.147.146 - - [04/Mar/2021:10:30:36 +0800] "GET /xingrg/javascript/jquery_tools/jquery.tools.min.js HTTP/1.1" 200 138801
180.169.147.146 - - [04/Mar/2021:10:30:36 +0800] "GET /xingrg/javascript/easyui/themes/default/easyui.css HTTP/1.1" 200 30432
180.169.147.146 - - [04/Mar/2021:10:30:36 +0800] "GET /xingrg/javascript/jquery_tools/jquery.tools.hotkey.js HTTP/1.1" 200 3242
180.169.147.146 - - [04/Mar/2021:10:30:36 +0800] "GET /xingrg/javascript/jquery_tools/jquery.tools.table.js HTTP/1.1" 200 6994
180.169.147.146 - - [04/Mar/2021:10:30:36 +0800] "GET /xingrg/javascript/jquery_tools/list_manager.js HTTP/1.1" 200 3652
180.169.147.146 - - [04/Mar/2021:10:30:36 +0800] "GET /xingrg/javascript/jquery_tools/jquery.tools.extend.js HTTP/1.1" 200 15385
180.169.147.146 - - [04/Mar/2021:10:30:36 +0800] "GET /xingrg/javascript/easyui/easyloader.js HTTP/1.1" 200 5975
180.169.147.146 - - [04/Mar/2021:10:30:36 +0800] "GET /xingrg/javascript/jquery.cookie.js HTTP/1.1" 200 5513
180.169.147.146 - - [04/Mar/2021:10:30:36 +0800] "GET /xingrg/javascript/auto/jquery.autocomplete.js HTTP/1.1" 200 21624
180.169.147.146 - - [04/Mar/2021:10:30:36 +0800] "GET /xingrg/javascript/easyui/plugins/jquery.parser.js HTTP/1.1" 200 1142
180.169.147.146 - - [04/Mar/2021:10:30:36 +0800] "GET /xingrg/javascript/easyui/themes/icons/cance_new.png HTTP/1.1" 200 3986
180.169.147.146 - - [04/Mar/2021:10:30:36 +0800] "GET /xingrg/javascript/easyui/themes/icons/uncheck_new.png HTTP/1.1" 200 3197
180.169.147.146 - - [04/Mar/2021:10:30:36 +0800] "GET /xingrg/javascript/easyui/themes/icons/field_new.png HTTP/1.1" 200 1097
180.169.147.146 - - [04/Mar/2021:10:30:36 +0800] "GET /xingrg/javascript/easyui/themes/icons/edit_add_new.png HTTP/1.1" 200 2997
180.169.147.146 - - [04/Mar/2021:10:30:36 +0800] "GET /xingrg/javascript/easyui/themes/icons/check_new.png HTTP/1.1" 200 3224
180.169.147.146 - - [04/Mar/2021:10:30:37 +0800] "POST /xingrg/kc/base/check_list_operate.html HTTP/1.1" 200 2916
116.228.172.94 - - [04/Mar/2021:10:30:37 +0800] "POST /xingrg/kc/buy/cgsh_order_operate.html HTTP/1.1" 200 37
116.228.172.94 - - [04/Mar/2021:10:30:39 +0800] "POST /xingrg/kc/buy/cgsh_order_operate.html HTTP/1.1" 200 2676
116.228.172.94 - - [04/Mar/2021:10:30:41 +0800] "GET /xingrg/kc/print/load_data.html?order_code=212021030401200&kc_code=cgsh&condition= HTTP/1.1" 200 690
101.228.165.174 - - [04/Mar/2021:10:30:41 +0800] "GET /xingrg/all/function/internal_message.html?_=1614825048550&CODE_STATE=getMsg HTTP/1.1" 302 -
180.169.147.146 - - [04/Mar/2021:10:30:42 +0800] "POST /xingrg/all/user/operate.html HTTP/1.1" 200 36
180.169.147.146 - - [04/Mar/2021:10:30:42 +0800] "GET /xingrg/javascript/jquery_easy_ui/themes/default/easyui.css HTTP/1.1" 304 -
180.169.147.146 - - [04/Mar/2021:10:30:42 +0800] "GET /xingrg/index.html?sysBaseUrl=http%3A%2F%2F180.169.147.146%3A18081%2Fxingrg%2F&costTime=54×tamp=1614825021263 HTTP/1.1" 200 17509
180.169.147.146 - - [04/Mar/2021:10:30:42 +0800] "GET /xingrg/javascript/jquery_easy_ui/themes/icon.css HTTP/1.1" 304 -
180.169.147.146 - - [04/Mar/2021:10:30:42 +0800] "GET /xingrg/css/form.css HTTP/1.1" 304 -
180.169.147.146 - - [04/Mar/2021:10:30:42 +0800] "GET /xingrg/javascript/jquery-1.4.2.min.js HTTP/1.1" 304 -
180.169.147.146 - - [04/Mar/2021:10:30:42 +0800] "GET /xingrg/javascript/jquery_easy_ui/jquery.easyui.min.js HTTP/1.1" 304 -
180.169.147.146 - - [04/Mar/2021:10:30:42 +0800] "GET /xingrg/javascript/jquery_easy_ui/easyui-lang-zh_CN.js HTTP/1.1" 304 -
180.169.147.146 - - [04/Mar/2021:10:30:42 +0800] "GET /xingrg/javascript/jquery.form.js HTTP/1.1" 304 -
180.169.147.146 - - [04/Mar/2021:10:30:42 +0800] "GET /xingrg/javascript/jquery.utils.js HTTP/1.1" 304 -
180.169.147.146 - - [04/Mar/2021:10:30:42 +0800] "GET /xingrg/javascript/jquery.timers.js HTTP/1.1" 304 -
