116.224.253.72 - - [04/Mar/2021:09:20:35 +0800] "GET /xingrg/all/function/internal_message.html?_=1614820802763&CODE_STATE=getMsg HTTP/1.1" 200 27
101.228.165.174 - - [04/Mar/2021:09:20:36 +0800] "POST /xingrg/kc/buy/cgsh_order_operate.html HTTP/1.1" 200 37
116.228.172.94 - - [04/Mar/2021:09:20:37 +0800] "GET /xingrg/all/function/internal_message.html?_=1614820836017&CODE_STATE=getMsg HTTP/1.1" 200 27
116.232.54.212 - - [04/Mar/2021:09:20:38 +0800] "GET /xingrg/kc/buy/cgsh_order_operate.html?command=get_materiel&rest_code=00109&code=00101008352&supplier_code=00100005&order_time=2021-03-04 HTTP/1.1" 200 412
114.88.166.193 - - [04/Mar/2021:09:20:38 +0800] "POST /xingrg/kc/buy/cgsh_order_operate.html HTTP/1.1" 200 3840
101.228.165.174 - - [04/Mar/2021:09:20:40 +0800] "GET /xingrg/all/function/internal_message.html?_=1614820847163&CODE_STATE=getMsg HTTP/1.1" 302 -
114.88.166.193 - - [04/Mar/2021:09:20:40 +0800] "GET /xingrg/kc/print/load_config.html?kc_code=cgsh HTTP/1.1" 200 1845
114.88.166.193 - - [04/Mar/2021:09:20:40 +0800] "GET /xingrg/kc/print/load_data.html?order_code=212021030401159&kc_code=cgsh&condition= HTTP/1.1" 200 1193
101.228.165.174 - - [04/Mar/2021:09:20:41 +0800] "POST /xingrg/kc/buy/cgsh_order_operate.html HTTP/1.1" 200 46447
116.224.253.72 - - [04/Mar/2021:09:20:41 +0800] "GET /xingrg/all/function/internal_message.html?_=1614820843903&CODE_STATE=getMsg HTTP/1.1" 200 27
116.232.54.212 - - [04/Mar/2021:09:20:43 +0800] "GET /xingrg/kc/buy/cgsh_order_operate.html?command=get_materiel&rest_code=00109&code=00101008005&supplier_code=00100005&order_time=2021-03-04 HTTP/1.1" 200 412
101.228.165.174 - - [04/Mar/2021:09:20:45 +0800] "GET /xingrg/kc/print/load_config.html?kc_code=cgsh HTTP/1.1" 200 1845
101.228.165.174 - - [04/Mar/2021:09:20:45 +0800] "GET /xingrg/kc/print/load_data.html?order_code=212021030401160&kc_code=cgsh&condition= HTTP/1.1" 200 17285
116.232.54.212 - - [04/Mar/2021:09:20:45 +0800] "GET /xingrg/all/function/internal_message.html?_=1614820848488&CODE_STATE=getMsg HTTP/1.1" 200 27
117.185.32.26 - - [04/Mar/2021:09:20:46 +0800] "GET /xingrg/all/function/internal_message.html?_=1614821344381&CODE_STATE=getMsg HTTP/1.1" 200 27
101.228.165.174 - - [04/Mar/2021:09:20:47 +0800] "GET /xingrg/all/function/internal_message.html?_=1614820862324&CODE_STATE=getMsg HTTP/1.1" 200 27
116.232.54.212 - - [04/Mar/2021:09:20:48 +0800] "GET /xingrg/kc/buy/cgsh_order_operate.html?command=get_materiel&rest_code=00109&code=00101008353&supplier_code=00100005&order_time=2021-03-04 HTTP/1.1" 200 408
222.70.216.220 - - [04/Mar/2021:09:20:49 +0800] "GET /xingrg/all/function/internal_message.html?_=1614820846883&CODE_STATE=getMsg HTTP/1.1" 200 27
116.232.54.212 - - [04/Mar/2021:09:20:50 +0800] "POST /xingrg/kc/buy/cgsh_order_operate.html HTTP/1.1" 200 2065
117.131.5.26 - - [04/Mar/2021:09:20:51 +0800] "GET /xingrg/all/function/internal_message.html?_=1614820916327&CODE_STATE=getMsg HTTP/1.1" 200 27
116.232.54.212 - - [04/Mar/2021:09:20:53 +0800] "GET /xingrg/kc/buy/cgsh_order_operate.html?command=get_materiel&rest_code=00109&code=00101008095&supplier_code=00100005&order_time=2021-03-04 HTTP/1.1" 200 413
116.232.54.212 - - [04/Mar/2021:09:20:57 +0800] "GET /xingrg/javascript/auto/indicator.gif HTTP/1.1" 404 1066
116.232.54.212 - - [04/Mar/2021:09:20:59 +0800] "GET /xingrg/kc/buy/cgsh_order_operate.html?command=get_materiel&rest_code=00109&code=00101010196&supplier_code=00100005&order_time=2021-03-04 HTTP/1.1" 200 416
58.37.230.33 - - [04/Mar/2021:09:21:00 +0800] "GET /xingrg/check_reg.html?_=1614820859957 HTTP/1.1" 200 22
222.69.137.21 - - [04/Mar/2021:09:21:02 +0800] "POST /xingrg/services/DataTransmitService HTTP/1.1" 200 524
116.232.54.212 - - [04/Mar/2021:09:21:04 +0800] "GET /xingrg/kc/buy/cgsh_order_operate.html?command=get_materiel&rest_code=00109&code=00101008238&supplier_code=00100005&order_time=2021-03-04 HTTP/1.1" 200 416
101.228.165.174 - - [04/Mar/2021:09:21:05 +0800] "GET /xingrg/kc/buy/cgsh_order_add.html HTTP/1.1" 200 62110
222.69.137.21 - - [04/Mar/2021:09:21:06 +0800] "POST /xingrg/services/DataTransmitService HTTP/1.1" 200 501
101.228.165.174 - - [04/Mar/2021:09:21:06 +0800] "POST /xingrg/kc/buy/cgsh_order_operate.html HTTP/1.1" 200 8245
101.228.165.174 - - [04/Mar/2021:09:21:07 +0800] "GET /xingrg/javascript/easyui/themes/default/validatebox.css HTTP/1.1" 404 1104
116.232.54.212 - - [04/Mar/2021:09:21:09 +0800] "GET /xingrg/kc/buy/cgsh_order_operate.html?command=get_materiel&rest_code=00109&code=00101008196&supplier_code=00100005&order_time=2021-03-04 HTTP/1.1" 200 416
180.169.147.146 - - [04/Mar/2021:09:21:11 +0800] "GET /xingrg/all/function/internal_message.html?_=1614820867654&CODE_STATE=getMsg HTTP/1.1" 200 27
116.232.54.212 - - [04/Mar/2021:09:21:15 +0800] "GET /xingrg/kc/buy/cgsh_order_operate.html?command=get_materiel&rest_code=00109&code=00101008197&supplier_code=00100005&order_time=2021-03-04 HTTP/1.1" 200 416
222.70.216.220 - - [04/Mar/2021:09:21:16 +0800] "GET /xingrg/all/function/internal_message.html?_=1614820874261&CODE_STATE=getMsg HTTP/1.1" 200 27
114.86.187.76 - - [04/Mar/2021:09:21:19 +0800] "GET /xingrg/all/function/internal_message.html?_=1614820881693&CODE_STATE=getMsg HTTP/1.1" 200 27
116.232.54.212 - - [04/Mar/2021:09:21:20 +0800] "GET /xingrg/kc/buy/cgsh_order_operate.html?command=get_materiel&rest_code=00109&code=00101008085&supplier_code=00100005&order_time=2021-03-04 HTTP/1.1" 200 412
180.174.195.252 - - [04/Mar/2021:09:21:21 +0800] "GET /xingrg/all/function/internal_message.html?_=1614821141307&CODE_STATE=getMsg HTTP/1.1" 200 27
116.232.54.212 - - [04/Mar/2021:09:21:26 +0800] "POST /xingrg/kc/buy/cgsh_order_operate.html HTTP/1.1" 200 2065
114.88.166.193 - - [04/Mar/2021:09:21:27 +0800] "GET /xingrg/all/function/internal_message.html?_=1614820886405&CODE_STATE=getMsg HTTP/1.1" 200 27
101.228.165.174 - - [04/Mar/2021:09:21:27 +0800] "GET /xingrg/kc/buy/cgsh_order_operate.html?command=get_materiel&rest_code=00146&code=00101011005&supplier_code=00100049&order_time=2021-03-04 HTTP/1.1" 200 428
120.253.135.82 - - [04/Mar/2021:09:21:28 +0800] "GET /xingrg/all/function/internal_message.html?_=1614821002621&CODE_STATE=getMsg HTTP/1.1" 200 27
222.70.216.220 - - [04/Mar/2021:09:21:29 +0800] "GET /xingrg/all/function/internal_message.html?_=1614820886911&CODE_STATE=getMsg HTTP/1.1" 200 27
116.232.54.212 - - [04/Mar/2021:09:21:30 +0800] "GET /xingrg/kc/buy/cgsh_order_operate.html?command=get_materiel&rest_code=00109&code=00101008365&supplier_code=00100005&order_time=2021-03-04 HTTP/1.1" 200 412
222.69.137.21 - - [04/Mar/2021:09:21:32 +0800] "GET /xingrg/check_reg.html?_=1614820891899 HTTP/1.1" 200 22
222.69.137.21 - - [04/Mar/2021:09:21:32 +0800] "GET /xingrg/all/function/internal_message.html?_=1614820892027&CODE_STATE=getMsg HTTP/1.1" 200 27
116.224.253.72 - - [04/Mar/2021:09:21:35 +0800] "GET /xingrg/all/function/internal_message.html?_=1614820862776&CODE_STATE=getMsg HTTP/1.1" 200 27
116.228.172.94 - - [04/Mar/2021:09:21:37 +0800] "GET /xingrg/check_reg.html?_=1614820895932 HTTP/1.1" 200 22
116.228.172.94 - - [04/Mar/2021:09:21:37 +0800] "GET /xingrg/all/function/internal_message.html?_=1614820895997&CODE_STATE=getMsg HTTP/1.1" 200 27
222.70.216.220 - - [04/Mar/2021:09:21:37 +0800] "GET /xingrg/check_reg.html?_=1614820895639 HTTP/1.1" 200 22
101.228.165.174 - - [04/Mar/2021:09:21:40 +0800] "GET /xingrg/all/function/internal_message.html?_=1614820907189&CODE_STATE=getMsg HTTP/1.1" 302 -
116.224.253.72 - - [04/Mar/2021:09:21:41 +0800] "GET /xingrg/all/function/internal_message.html?_=1614820903902&CODE_STATE=getMsg HTTP/1.1" 200 27
117.185.32.26 - - [04/Mar/2021:09:21:46 +0800] "GET /xingrg/all/function/internal_message.html?_=1614821404381&CODE_STATE=getMsg HTTP/1.1" 200 27
117.185.32.26 - - [04/Mar/2021:09:21:46 +0800] "GET /xingrg/check_reg.html?_=1614821404379 HTTP/1.1" 200 22
116.232.54.212 - - [04/Mar/2021:09:21:46 +0800] "GET /xingrg/all/function/internal_message.html?_=1614820909391&CODE_STATE=getMsg HTTP/1.1" 200 27
101.228.165.174 - - [04/Mar/2021:09:21:47 +0800] "GET /xingrg/all/function/internal_message.html?_=1614820922325&CODE_STATE=getMsg HTTP/1.1" 200 27
222.70.216.220 - - [04/Mar/2021:09:21:49 +0800] "GET /xingrg/all/function/internal_message.html?_=1614820906884&CODE_STATE=getMsg HTTP/1.1" 200 27
117.131.5.26 - - [04/Mar/2021:09:21:51 +0800] "GET /xingrg/all/function/internal_message.html?_=1614820976324&CODE_STATE=getMsg HTTP/1.1" 200 27
222.69.137.21 - - [04/Mar/2021:09:22:03 +0800] "GET /xingrg/kc/buy/cgsh_order_add.html HTTP/1.1" 200 62157
222.69.137.21 - - [04/Mar/2021:09:22:03 +0800] "POST /xingrg/kc/buy/cgsh_order_operate.html HTTP/1.1" 200 8245
222.69.137.21 - - [04/Mar/2021:09:22:03 +0800] "GET /xingrg/javascript/easyui/themes/default/validatebox.css HTTP/1.1" 404 1104
180.174.195.252 - - [04/Mar/2021:09:22:09 +0800] "GET /xingrg/check_reg.html?_=1614821189282 HTTP/1.1" 200 22
180.169.147.146 - - [04/Mar/2021:09:22:11 +0800] "GET /xingrg/all/function/internal_message.html?_=1614820927654&CODE_STATE=getMsg HTTP/1.1" 200 27
101.228.165.174 - - [04/Mar/2021:09:22:12 +0800] "GET /xingrg/kc/buy/cgsh_order_operate.html?command=get_materiel&rest_code=00146&code=00101011010&supplier_code=00100049&order_time=2021-03-04 HTTP/1.1" 200 418
222.70.216.220 - - [04/Mar/2021:09:22:16 +0800] "GET /xingrg/all/function/internal_message.html?_=1614820934234&CODE_STATE=getMsg HTTP/1.1" 200 27
222.69.137.21 - - [04/Mar/2021:09:22:16 +0800] "GET /xingrg/kc/buy/cgsh_order_operate.html?command=get_materiel&rest_code=00149&code=00102003451&supplier_code=00100151&order_time=2021-03-04 HTTP/1.1" 200 401
114.86.187.76 - - [04/Mar/2021:09:22:19 +0800] "GET /xingrg/all/function/internal_message.html?_=1614820941679&CODE_STATE=getMsg HTTP/1.1" 200 27
114.86.187.76 - - [04/Mar/2021:09:22:19 +0800] "GET /xingrg/check_reg.html?_=1614820941694 HTTP/1.1" 200 22
180.174.195.252 - - [04/Mar/2021:09:22:21 +0800] "GET /xingrg/all/function/internal_message.html?_=1614821201324&CODE_STATE=getMsg HTTP/1.1" 200 27
101.228.165.174 - - [04/Mar/2021:09:22:23 +0800] "POST /xingrg/kc/buy/cgsh_order_operate.html HTTP/1.1" 200 37
101.228.165.174 - - [04/Mar/2021:09:22:24 +0800] "GET /xingrg/check_reg.html?_=1614820950640 HTTP/1.1" 302 -
101.228.165.174 - - [04/Mar/2021:09:22:24 +0800] "POST /xingrg/kc/buy/cgsh_order_operate.html HTTP/1.1" 200 3257
114.88.166.193 - - [04/Mar/2021:09:22:27 +0800] "GET /xingrg/all/function/internal_message.html?_=1614820946411&CODE_STATE=getMsg HTTP/1.1" 200 27
101.228.165.174 - - [04/Mar/2021:09:22:27 +0800] "GET /xingrg/kc/print/load_data.html?order_code=212021030401161&kc_code=cgsh&condition= HTTP/1.1" 200 965
120.253.135.82 - - [04/Mar/2021:09:22:28 +0800] "GET /xingrg/all/function/internal_message.html?_=1614821062640&CODE_STATE=getMsg HTTP/1.1" 200 27
222.70.216.220 - - [04/Mar/2021:09:22:29 +0800] "GET /xingrg/all/function/internal_message.html?_=1614820946894&CODE_STATE=getMsg HTTP/1.1" 200 27
222.69.137.21 - - [04/Mar/2021:09:22:32 +0800] "GET /xingrg/all/function/internal_message.html?_=1614820952003&CODE_STATE=getMsg HTTP/1.1" 200 27
116.224.253.72 - - [04/Mar/2021:09:22:35 +0800] "GET /xingrg/all/function/internal_message.html?_=1614820922790&CODE_STATE=getMsg HTTP/1.1" 200 27
116.228.172.94 - - [04/Mar/2021:09:22:37 +0800] "GET /xingrg/all/function/internal_message.html?_=1614820955968&CODE_STATE=getMsg HTTP/1.1" 200 27
101.228.165.174 - - [04/Mar/2021:09:22:39 +0800] "GET /xingrg/kc/buy/cgsh_order_add.html HTTP/1.1" 200 62110
101.228.165.174 - - [04/Mar/2021:09:22:40 +0800] "GET /xingrg/all/function/internal_message.html?_=1614820967190&CODE_STATE=getMsg HTTP/1.1" 302 -
101.228.165.174 - - [04/Mar/2021:09:22:41 +0800] "POST /xingrg/kc/buy/cgsh_order_operate.html HTTP/1.1" 200 8245
101.228.165.174 - - [04/Mar/2021:09:22:41 +0800] "GET /xingrg/javascript/easyui/themes/default/validatebox.css HTTP/1.1" 404 1104
116.224.253.72 - - [04/Mar/2021:09:22:41 +0800] "GET /xingrg/all/function/internal_message.html?_=1614820963903&CODE_STATE=getMsg HTTP/1.1" 200 27
117.185.32.26 - - [04/Mar/2021:09:22:46 +0800] "GET /xingrg/all/function/internal_message.html?_=1614821464379&CODE_STATE=getMsg HTTP/1.1" 200 27
116.232.54.212 - - [04/Mar/2021:09:22:46 +0800] "GET /xingrg/all/function/internal_message.html?_=1614820969387&CODE_STATE=getMsg HTTP/1.1" 200 27
101.228.165.174 - - [04/Mar/2021:09:22:47 +0800] "GET /xingrg/all/function/internal_message.html?_=1614820982347&CODE_STATE=getMsg HTTP/1.1" 200 27
222.70.216.220 - - [04/Mar/2021:09:22:49 +0800] "GET /xingrg/all/function/internal_message.html?_=1614820966870&CODE_STATE=getMsg HTTP/1.1" 200 27
117.131.5.26 - - [04/Mar/2021:09:22:51 +0800] "GET /xingrg/all/function/internal_message.html?_=1614821036327&CODE_STATE=getMsg HTTP/1.1" 200 27
117.131.5.26 - - [04/Mar/2021:09:22:51 +0800] "GET /xingrg/check_reg.html?_=1614821036328 HTTP/1.1" 200 22
222.69.137.21 - - [04/Mar/2021:09:22:54 +0800] "GET /xingrg/kc/buy/cgsh_order_operate.html?command=get_materiel&rest_code=00149&code=00102005958&supplier_code=00100151&order_time=2021-03-04 HTTP/1.1" 200 408
116.232.54.212 - - [04/Mar/2021:09:22:59 +0800] "GET /xingrg/kc/buy/cgsh_order_operate.html?command=get_materiel&rest_code=00109&code=00101008027&supplier_code=00100005&order_time=2021-03-04 HTTP/1.1" 200 409
101.228.165.174 - - [04/Mar/2021:09:23:02 +0800] "GET /xingrg/kc/buy/cgsh_order_operate.html?command=get_materiel&rest_code=00146&code=00101004038&supplier_code=00100199&order_time=2021-03-04 HTTP/1.1" 200 409
180.169.147.146 - - [04/Mar/2021:09:23:11 +0800] "GET /xingrg/all/function/internal_message.html?_=1614820987654&CODE_STATE=getMsg HTTP/1.1" 200 27
222.69.137.21 - - [04/Mar/2021:09:23:12 +0800] "POST /xingrg/kc/buy/cgsh_order_operate.html HTTP/1.1" 200 37
222.69.137.21 - - [04/Mar/2021:09:23:14 +0800] "POST /xingrg/kc/buy/cgsh_order_operate.html HTTP/1.1" 200 12
222.69.137.21 - - [04/Mar/2021:09:23:16 +0800] "GET /xingrg/kc/buy/cgsh_order_info.html?code=212021030401162 HTTP/1.1" 200 57049
222.70.216.220 - - [04/Mar/2021:09:23:16 +0800] "GET /xingrg/all/function/internal_message.html?_=1614820994205&CODE_STATE=getMsg HTTP/1.1" 200 27
222.69.137.21 - - [04/Mar/2021:09:23:16 +0800] "GET /xingrg/javascript/easyui/themes/default/validatebox.css HTTP/1.1" 404 1104
222.69.137.21 - - [04/Mar/2021:09:23:17 +0800] "POST /xingrg/kc/buy/cgsh_order_operate.html HTTP/1.1" 200 606
222.69.137.21 - - [04/Mar/2021:09:23:18 +0800] "GET /xingrg/kc/print/load_data.html?order_code=212021030401162&kc_code=cgsh&condition= HTTP/1.1" 200 690
114.86.187.76 - - [04/Mar/2021:09:23:19 +0800] "GET /xingrg/all/function/internal_message.html?_=1614821001674&CODE_STATE=getMsg HTTP/1.1" 200 27
116.232.54.212 - - [04/Mar/2021:09:23:20 +0800] "GET /xingrg/kc/buy/cgsh_order_operate.html?command=get_materiel&rest_code=00109&code=00101008112&supplier_code=00100005&order_time=2021-03-04 HTTP/1.1" 200 412
180.174.195.252 - - [04/Mar/2021:09:23:21 +0800] "GET /xingrg/all/function/internal_message.html?_=1614821261337&CODE_STATE=getMsg HTTP/1.1" 200 27
114.88.166.193 - - [04/Mar/2021:09:23:27 +0800] "GET /xingrg/all/function/internal_message.html?_=1614821006490&CODE_STATE=getMsg HTTP/1.1" 200 27
116.232.54.212 - - [04/Mar/2021:09:23:28 +0800] "GET /xingrg/kc/buy/cgsh_order_operate.html?command=get_materiel&rest_code=00109&code=00101008361&supplier_code=00100005&order_time=2021-03-04 HTTP/1.1" 200 408
120.253.135.82 - - [04/Mar/2021:09:23:28 +0800] "GET /xingrg/all/function/internal_message.html?_=1614821122648&CODE_STATE=getMsg HTTP/1.1" 200 27
222.70.216.220 - - [04/Mar/2021:09:23:29 +0800] "GET /xingrg/all/function/internal_message.html?_=1614821006877&CODE_STATE=getMsg HTTP/1.1" 200 27
222.69.137.21 - - [04/Mar/2021:09:23:32 +0800] "GET /xingrg/all/function/internal_message.html?_=1614821011984&CODE_STATE=getMsg HTTP/1.1" 200 27
116.224.253.72 - - [04/Mar/2021:09:23:36 +0800] "GET /xingrg/all/function/internal_message.html?_=1614820982892&CODE_STATE=getMsg HTTP/1.1" 200 27
116.228.172.94 - - [04/Mar/2021:09:23:37 +0800] "GET /xingrg/all/function/internal_message.html?_=1614821015938&CODE_STATE=getMsg HTTP/1.1" 200 27
101.228.165.174 - - [04/Mar/2021:09:23:40 +0800] "GET /xingrg/all/function/internal_message.html?_=1614821027218&CODE_STATE=getMsg HTTP/1.1" 302 -
116.224.253.72 - - [04/Mar/2021:09:23:41 +0800] "GET /xingrg/all/function/internal_message.html?_=1614821023909&CODE_STATE=getMsg HTTP/1.1" 200 27
116.224.253.72 - - [04/Mar/2021:09:23:41 +0800] "GET /xingrg/check_reg.html?_=1614821023912 HTTP/1.1" 200 22
222.70.216.220 - - [04/Mar/2021:09:23:45 +0800] "GET /xingrg/check_reg.html?_=1614821023243 HTTP/1.1" 200 22
116.232.54.212 - - [04/Mar/2021:09:23:45 +0800] "GET /xingrg/all/function/internal_message.html?_=1614821028494&CODE_STATE=getMsg HTTP/1.1" 200 27
116.232.54.212 - - [04/Mar/2021:09:23:45 +0800] "GET /xingrg/check_reg.html?_=1614821028496 HTTP/1.1" 200 22
117.185.32.26 - - [04/Mar/2021:09:23:46 +0800] "GET /xingrg/all/function/internal_message.html?_=1614821524380&CODE_STATE=getMsg HTTP/1.1" 200 27
101.228.165.174 - - [04/Mar/2021:09:23:47 +0800] "GET /xingrg/all/function/internal_message.html?_=1614821042357&CODE_STATE=getMsg HTTP/1.1" 200 27
222.70.216.220 - - [04/Mar/2021:09:23:49 +0800] "GET /xingrg/all/function/internal_message.html?_=1614821026872&CODE_STATE=getMsg HTTP/1.1" 200 27
117.131.5.26 - - [04/Mar/2021:09:23:51 +0800] "GET /xingrg/all/function/internal_message.html?_=1614821096325&CODE_STATE=getMsg HTTP/1.1" 200 27
116.232.54.212 - - [04/Mar/2021:09:23:52 +0800] "GET /xingrg/kc/buy/cgsh_order_operate.html?command=get_materiel&rest_code=00109&code=00101008067&supplier_code=00100005&order_time=2021-03-04 HTTP/1.1" 200 416
116.232.54.212 - - [04/Mar/2021:09:24:09 +0800] "POST /xingrg/kc/buy/cgsh_order_operate.html HTTP/1.1" 200 2065
180.169.147.146 - - [04/Mar/2021:09:24:11 +0800] "GET /xingrg/all/function/internal_message.html?_=1614821047655&CODE_STATE=getMsg HTTP/1.1" 200 27
116.232.54.212 - - [04/Mar/2021:09:24:15 +0800] "GET /xingrg/kc/buy/cgsh_order_operate.html?command=get_materiel&rest_code=00109&code=00101008356&supplier_code=00100005&order_time=2021-03-04 HTTP/1.1" 200 408
222.70.216.220 - - [04/Mar/2021:09:24:16 +0800] "GET /xingrg/all/function/internal_message.html?_=1614821054175&CODE_STATE=getMsg HTTP/1.1" 200 27
180.169.147.146 - - [04/Mar/2021:09:24:18 +0800] "GET /xingrg/index.html?sysBaseUrl=http%3A%2F%2F180.169.147.146%3A18081%2Fxingrg%2F&costTime=39×tamp=1592034574635 HTTP/1.1" 302 -
180.169.147.146 - - [04/Mar/2021:09:24:18 +0800] "GET /xingrg/login.html HTTP/1.1" 200 7641
180.169.147.146 - - [04/Mar/2021:09:24:19 +0800] "GET /favicon.ico HTTP/1.1" 404 -
114.86.187.76 - - [04/Mar/2021:09:24:19 +0800] "GET /xingrg/all/function/internal_message.html?_=1614821061684&CODE_STATE=getMsg HTTP/1.1" 200 27
116.232.54.212 - - [04/Mar/2021:09:24:20 +0800] "GET /xingrg/kc/buy/cgsh_order_operate.html?command=get_materiel&rest_code=00109&code=00101008006&supplier_code=00100005&order_time=2021-03-04 HTTP/1.1" 200 416
116.224.253.72 - - [04/Mar/2021:09:24:20 +0800] "POST /xingrg/services/DataTransmitService HTTP/1.1" 200 524
180.174.195.252 - - [04/Mar/2021:09:24:21 +0800] "GET /xingrg/all/function/internal_message.html?_=1614821321387&CODE_STATE=getMsg HTTP/1.1" 200 27
116.232.54.212 - - [04/Mar/2021:09:24:25 +0800] "GET /xingrg/kc/buy/cgsh_order_operate.html?command=get_materiel&rest_code=00109&code=00101008296&supplier_code=00100005&order_time=2021-03-04 HTTP/1.1" 200 416
114.88.166.193 - - [04/Mar/2021:09:24:27 +0800] "GET /xingrg/all/function/internal_message.html?_=1614821066500&CODE_STATE=getMsg HTTP/1.1" 200 27
120.253.135.82 - - [04/Mar/2021:09:24:27 +0800] "GET /xingrg/check_reg.html?_=1614821181966 HTTP/1.1" 200 22
120.253.135.82 - - [04/Mar/2021:09:24:28 +0800] "GET /xingrg/all/function/internal_message.html?_=1614821182661&CODE_STATE=getMsg HTTP/1.1" 200 27
222.70.216.220 - - [04/Mar/2021:09:24:29 +0800] "GET /xingrg/all/function/internal_message.html?_=1614821066860&CODE_STATE=getMsg HTTP/1.1" 200 27
114.88.166.193 - - [04/Mar/2021:09:24:29 +0800] "GET /xingrg/check_reg.html?_=1614821068822 HTTP/1.1" 200 22
116.232.54.212 - - [04/Mar/2021:09:24:30 +0800] "GET /xingrg/kc/buy/cgsh_order_operate.html?command=get_materiel&rest_code=00109&code=00101008353&supplier_code=00100005&order_time=2021-03-04 HTTP/1.1" 200 408
222.69.137.21 - - [04/Mar/2021:09:24:32 +0800] "GET /xingrg/all/function/internal_message.html?_=1614821071957&CODE_STATE=getMsg HTTP/1.1" 200 27
116.232.54.212 - - [04/Mar/2021:09:24:34 +0800] "GET /xingrg/kc/buy/cgsh_order_operate.html?command=get_materiel&rest_code=00109&code=00101008213&supplier_code=00100005&order_time=2021-03-04 HTTP/1.1" 200 412
116.224.253.72 - - [04/Mar/2021:09:24:36 +0800] "GET /xingrg/all/function/internal_message.html?_=1614821042895&CODE_STATE=getMsg HTTP/1.1" 200 27
116.232.54.212 - - [04/Mar/2021:09:24:36 +0800] "POST /xingrg/kc/buy/cgsh_order_operate.html HTTP/1.1" 200 2065
116.228.172.94 - - [04/Mar/2021:09:24:37 +0800] "GET /xingrg/all/function/internal_message.html?_=1614821075912&CODE_STATE=getMsg HTTP/1.1" 200 27
101.228.165.174 - - [04/Mar/2021:09:24:40 +0800] "GET /xingrg/all/function/internal_message.html?_=1614821087233&CODE_STATE=getMsg HTTP/1.1" 302 -
116.232.54.212 - - [04/Mar/2021:09:24:41 +0800] "GET /xingrg/kc/buy/cgsh_order_operate.html?command=get_materiel&rest_code=00109&code=00101008274&supplier_code=00100005&order_time=2021-03-04 HTTP/1.1" 200 412
116.224.253.72 - - [04/Mar/2021:09:24:41 +0800] "GET /xingrg/all/function/internal_message.html?_=1614821083914&CODE_STATE=getMsg HTTP/1.1" 200 27
222.69.137.21 - - [04/Mar/2021:09:24:45 +0800] "GET /xingrg/kc/buy/cgsh_order_add.html HTTP/1.1" 200 62157
116.232.54.212 - - [04/Mar/2021:09:24:45 +0800] "GET /xingrg/all/function/internal_message.html?_=1614821088497&CODE_STATE=getMsg HTTP/1.1" 200 27
222.69.137.21 - - [04/Mar/2021:09:24:46 +0800] "POST /xingrg/kc/buy/cgsh_order_operate.html HTTP/1.1" 200 8245
222.69.137.21 - - [04/Mar/2021:09:24:46 +0800] "GET /xingrg/javascript/easyui/themes/default/validatebox.css HTTP/1.1" 404 1104
117.185.32.26 - - [04/Mar/2021:09:24:46 +0800] "GET /xingrg/all/function/internal_message.html?_=1614821584379&CODE_STATE=getMsg HTTP/1.1" 200 27
116.232.54.212 - - [04/Mar/2021:09:24:46 +0800] "GET /xingrg/kc/buy/cgsh_order_operate.html?command=get_materiel&rest_code=00109&code=00101008298&supplier_code=00100005&order_time=2021-03-04 HTTP/1.1" 200 413
101.228.165.174 - - [04/Mar/2021:09:24:47 +0800] "GET /xingrg/all/function/internal_message.html?_=1614821102373&CODE_STATE=getMsg HTTP/1.1" 200 27
222.70.216.220 - - [04/Mar/2021:09:24:49 +0800] "GET /xingrg/all/function/internal_message.html?_=1614821086873&CODE_STATE=getMsg HTTP/1.1" 200 27
222.70.216.220 - - [04/Mar/2021:09:24:49 +0800] "GET /xingrg/check_reg.html?_=1614821086875 HTTP/1.1" 200 22
117.131.5.26 - - [04/Mar/2021:09:24:51 +0800] "GET /xingrg/all/function/internal_message.html?_=1614821156324&CODE_STATE=getMsg HTTP/1.1" 200 27
116.232.54.212 - - [04/Mar/2021:09:24:52 +0800] "GET /xingrg/kc/buy/cgsh_order_operate.html?command=get_materiel&rest_code=00109&code=00101008103&supplier_code=00100005&order_time=2021-03-04 HTTP/1.1" 200 417
101.228.165.174 - - [04/Mar/2021:09:24:55 +0800] "GET /xingrg/check_reg.html?_=1614821109933 HTTP/1.1" 200 22
116.232.54.212 - - [04/Mar/2021:09:24:57 +0800] "GET /xingrg/kc/buy/cgsh_order_operate.html?command=get_materiel&rest_code=00109&code=00101008242&supplier_code=00100005&order_time=2021-03-04 HTTP/1.1" 200 408
222.69.137.21 - - [04/Mar/2021:09:25:02 +0800] "GET /xingrg/kc/buy/cgsh_order_operate.html?command=get_materiel&rest_code=00149&code=00101029034&supplier_code=00100151&order_time=2021-03-04 HTTP/1.1" 200 423
116.232.54.212 - - [04/Mar/2021:09:25:02 +0800] "GET /xingrg/kc/buy/cgsh_order_operate.html?command=get_materiel&rest_code=00109&code=00101008155&supplier_code=00100005&order_time=2021-03-04 HTTP/1.1" 200 408
101.85.93.83 - - [04/Mar/2021:09:25:02 +0800] "GET /xingrg/javascript/jquery_easy_ui/themes/icons/area.png HTTP/1.1" 200 262
101.85.93.83 - - [04/Mar/2021:09:25:02 +0800] "GET /xingrg/javascript/jquery_easy_ui/themes/icons/rest.png HTTP/1.1" 200 695
116.232.54.212 - - [04/Mar/2021:09:25:05 +0800] "POST /xingrg/kc/buy/cgsh_order_operate.html HTTP/1.1" 200 2065
116.232.54.212 - - [04/Mar/2021:09:25:08 +0800] "GET /xingrg/kc/buy/cgsh_order_operate.html?command=get_materiel&rest_code=00109&code=00101008350&supplier_code=00100005&order_time=2021-03-04 HTTP/1.1" 200 408
180.174.195.252 - - [04/Mar/2021:09:25:11 +0800] "POST /xingrg/services/DataTransmitService HTTP/1.1" 200 524
180.169.147.146 - - [04/Mar/2021:09:25:11 +0800] "GET /xingrg/check_reg.html?_=1614821107654 HTTP/1.1" 200 22
180.169.147.146 - - [04/Mar/2021:09:25:11 +0800] "GET /xingrg/all/function/internal_message.html?_=1614821107658&CODE_STATE=getMsg HTTP/1.1" 200 27
222.70.216.220 - - [04/Mar/2021:09:25:16 +0800] "GET /xingrg/all/function/internal_message.html?_=1614821114146&CODE_STATE=getMsg HTTP/1.1" 200 27
116.232.54.212 - - [04/Mar/2021:09:25:20 +0800] "GET /xingrg/kc/buy/cgsh_order_operate.html?command=get_materiel&rest_code=00109&code=00101008112&supplier_code=00100005&order_time=2021-03-04 HTTP/1.1" 200 412
180.174.195.252 - - [04/Mar/2021:09:25:21 +0800] "GET /xingrg/all/function/internal_message.html?_=1614821381412&CODE_STATE=getMsg HTTP/1.1" 200 27
116.232.54.212 - - [04/Mar/2021:09:25:25 +0800] "GET /xingrg/kc/buy/cgsh_order_operate.html?command=get_materiel&rest_code=00109&code=00101008356&supplier_code=00100005&order_time=2021-03-04 HTTP/1.1" 200 408
114.88.166.193 - - [04/Mar/2021:09:25:27 +0800] "GET /xingrg/all/function/internal_message.html?_=1614821126513&CODE_STATE=getMsg HTTP/1.1" 200 27
120.253.135.82 - - [04/Mar/2021:09:25:28 +0800] "GET /xingrg/all/function/internal_message.html?_=1614821242674&CODE_STATE=getMsg HTTP/1.1" 200 27
222.70.216.220 - - [04/Mar/2021:09:25:29 +0800] "GET /xingrg/all/function/internal_message.html?_=1614821126843&CODE_STATE=getMsg HTTP/1.1" 200 27
116.232.54.212 - - [04/Mar/2021:09:25:30 +0800] "GET /xingrg/kc/buy/cgsh_order_operate.html?command=get_materiel&rest_code=00109&code=00101008223&supplier_code=00100005&order_time=2021-03-04 HTTP/1.1" 200 412
222.69.137.21 - - [04/Mar/2021:09:25:32 +0800] "GET /xingrg/all/function/internal_message.html?_=1614821131946&CODE_STATE=getMsg HTTP/1.1" 200 27
116.232.54.212 - - [04/Mar/2021:09:25:35 +0800] "GET /xingrg/kc/buy/cgsh_order_operate.html?command=get_materiel&rest_code=00109&code=00101008172&supplier_code=00100005&order_time=2021-03-04 HTTP/1.1" 200 412
116.224.253.72 - - [04/Mar/2021:09:25:35 +0800] "GET /xingrg/check_reg.html?_=1614821102512 HTTP/1.1" 200 22
116.224.253.72 - - [04/Mar/2021:09:25:36 +0800] "GET /xingrg/all/function/internal_message.html?_=1614821102908&CODE_STATE=getMsg HTTP/1.1" 200 27
116.228.172.94 - - [04/Mar/2021:09:25:37 +0800] "GET /xingrg/all/function/internal_message.html?_=1614821135897&CODE_STATE=getMsg HTTP/1.1" 200 27
116.232.54.212 - - [04/Mar/2021:09:25:37 +0800] "POST /xingrg/kc/buy/cgsh_order_operate.html HTTP/1.1" 200 2065
116.232.54.212 - - [04/Mar/2021:09:25:40 +0800] "GET /xingrg/kc/buy/cgsh_order_operate.html?command=get_materiel&rest_code=00109&code=00101008353&supplier_code=00100005&order_time=2021-03-04 HTTP/1.1" 200 408
222.69.137.21 - - [04/Mar/2021:09:25:40 +0800] "GET /xingrg/kc/buy/cgsh_order_operate.html?command=get_materiel&rest_code=00149&code=00102011223&supplier_code=00100151&order_time=2021-03-04 HTTP/1.1" 200 399
101.228.165.174 - - [04/Mar/2021:09:25:40 +0800] "GET /xingrg/all/function/internal_message.html?_=1614821147261&CODE_STATE=getMsg HTTP/1.1" 302 -
116.224.253.72 - - [04/Mar/2021:09:25:41 +0800] "GET /xingrg/all/function/internal_message.html?_=1614821143914&CODE_STATE=getMsg HTTP/1.1" 200 27
116.232.54.212 - - [04/Mar/2021:09:25:44 +0800] "GET /xingrg/kc/buy/cgsh_order_operate.html?command=get_materiel&rest_code=00109&code=00101008114&supplier_code=00100005&order_time=2021-03-04 HTTP/1.1" 200 413
116.232.54.212 - - [04/Mar/2021:09:25:45 +0800] "GET /xingrg/all/function/internal_message.html?_=1614821148499&CODE_STATE=getMsg HTTP/1.1" 200 27
117.185.32.26 - - [04/Mar/2021:09:25:46 +0800] "GET /xingrg/all/function/internal_message.html?_=1614821644409&CODE_STATE=getMsg HTTP/1.1" 200 27
101.228.165.174 - - [04/Mar/2021:09:25:47 +0800] "GET /xingrg/all/function/internal_message.html?_=1614821162383&CODE_STATE=getMsg HTTP/1.1" 200 27
222.70.216.220 - - [04/Mar/2021:09:25:49 +0800] "GET /xingrg/all/function/internal_message.html?_=1614821146876&CODE_STATE=getMsg HTTP/1.1" 200 27
116.232.54.212 - - [04/Mar/2021:09:25:50 +0800] "GET /xingrg/kc/buy/cgsh_order_operate.html?command=get_materiel&rest_code=00109&code=00101008471&supplier_code=00100005&order_time=2021-03-04 HTTP/1.1" 200 394
117.131.5.26 - - [04/Mar/2021:09:25:51 +0800] "GET /xingrg/all/function/internal_message.html?_=1614821216322&CODE_STATE=getMsg HTTP/1.1" 200 27
222.69.137.21 - - [04/Mar/2021:09:25:55 +0800] "GET /xingrg/kc/buy/cgsh_order_operate.html?command=get_materiel&rest_code=00149&code=00101031003&supplier_code=00100151&order_time=2021-03-04 HTTP/1.1" 200 420
116.232.54.212 - - [04/Mar/2021:09:25:57 +0800] "GET /xingrg/kc/buy/cgsh_order_operate.html?command=get_materiel&rest_code=00109&code=00101008168&supplier_code=00100005&order_time=2021-03-04 HTTP/1.1" 200 413
58.37.230.33 - - [04/Mar/2021:09:26:00 +0800] "GET /xingrg/check_reg.html?_=1614821159930 HTTP/1.1" 200 22
116.232.54.212 - - [04/Mar/2021:09:26:02 +0800] "GET /xingrg/kc/buy/cgsh_order_operate.html?command=get_materiel&rest_code=00109&code=00101008236&supplier_code=00100005&order_time=2021-03-04 HTTP/1.1" 200 417
180.169.147.146 - - [04/Mar/2021:09:26:11 +0800] "GET /xingrg/all/function/internal_message.html?_=1614821167657&CODE_STATE=getMsg HTTP/1.1" 200 27
222.70.216.220 - - [04/Mar/2021:09:26:16 +0800] "GET /xingrg/all/function/internal_message.html?_=1614821174132&CODE_STATE=getMsg HTTP/1.1" 200 27
116.232.54.212 - - [04/Mar/2021:09:26:20 +0800] "POST /xingrg/kc/buy/cgsh_order_operate.html HTTP/1.1" 200 2065
180.174.195.252 - - [04/Mar/2021:09:26:21 +0800] "GET /xingrg/all/function/internal_message.html?_=1614821441439&CODE_STATE=getMsg HTTP/1.1" 200 27
116.232.54.212 - - [04/Mar/2021:09:26:25 +0800] "GET /xingrg/kc/buy/cgsh_order_operate.html?command=get_materiel&rest_code=00109&code=00101008122&supplier_code=00100005&order_time=2021-03-04 HTTP/1.1" 200 412
114.88.166.193 - - [04/Mar/2021:09:26:27 +0800] "GET /xingrg/all/function/internal_message.html?_=1614821186528&CODE_STATE=getMsg HTTP/1.1" 200 27
120.253.135.82 - - [04/Mar/2021:09:26:28 +0800] "GET /xingrg/all/function/internal_message.html?_=1614821302689&CODE_STATE=getMsg HTTP/1.1" 200 27
222.70.216.220 - - [04/Mar/2021:09:26:29 +0800] "GET /xingrg/all/function/internal_message.html?_=1614821186827&CODE_STATE=getMsg HTTP/1.1" 200 27
222.69.137.21 - - [04/Mar/2021:09:26:32 +0800] "GET /xingrg/all/function/internal_message.html?_=1614821191923&CODE_STATE=getMsg HTTP/1.1" 200 27
222.69.137.21 - - [04/Mar/2021:09:26:32 +0800] "GET /xingrg/check_reg.html?_=1614821191920 HTTP/1.1" 200 22
116.232.54.212 - - [04/Mar/2021:09:26:32 +0800] "GET /xingrg/kc/buy/cgsh_order_operate.html?command=get_materiel&rest_code=00109&code=00101008290&supplier_code=00100005&order_time=2021-03-04 HTTP/1.1" 200 416
114.88.166.193 - - [04/Mar/2021:09:26:33 +0800] "GET /xingrg/kc/buy/cgsh_order_add.html HTTP/1.1" 200 62104
114.88.166.193 - - [04/Mar/2021:09:26:33 +0800] "POST /xingrg/kc/buy/cgsh_order_operate.html HTTP/1.1" 200 8245
114.88.166.193 - - [04/Mar/2021:09:26:33 +0800] "GET /xingrg/javascript/easyui/themes/default/validatebox.css HTTP/1.1" 404 1104
116.224.253.72 - - [04/Mar/2021:09:26:36 +0800] "GET /xingrg/all/function/internal_message.html?_=1614821162922&CODE_STATE=getMsg HTTP/1.1" 200 27
116.228.172.94 - - [04/Mar/2021:09:26:37 +0800] "GET /xingrg/all/function/internal_message.html?_=1614821195870&CODE_STATE=getMsg HTTP/1.1" 200 27
116.228.172.94 - - [04/Mar/2021:09:26:37 +0800] "GET /xingrg/check_reg.html?_=1614821195920 HTTP/1.1" 200 22
222.70.216.220 - - [04/Mar/2021:09:26:37 +0800] "GET /xingrg/check_reg.html?_=1614821195632 HTTP/1.1" 200 22
116.232.54.212 - - [04/Mar/2021:09:26:38 +0800] "GET /xingrg/kc/buy/cgsh_order_operate.html?command=get_materiel&rest_code=00109&code=00101008323&supplier_code=00100005&order_time=2021-03-04 HTTP/1.1" 200 408
222.69.137.21 - - [04/Mar/2021:09:26:39 +0800] "GET /xingrg/kc/buy/cgsh_order_operate.html?command=get_materiel&rest_code=00149&code=00101001174&supplier_code=00100151&order_time=2021-03-04 HTTP/1.1" 200 416
101.228.165.174 - - [04/Mar/2021:09:26:40 +0800] "GET /xingrg/all/function/internal_message.html?_=1614821207275&CODE_STATE=getMsg HTTP/1.1" 302 -
116.224.253.72 - - [04/Mar/2021:09:26:41 +0800] "GET /xingrg/all/function/internal_message.html?_=1614821203914&CODE_STATE=getMsg HTTP/1.1" 200 27
116.232.54.212 - - [04/Mar/2021:09:26:45 +0800] "GET /xingrg/all/function/internal_message.html?_=1614821208505&CODE_STATE=getMsg HTTP/1.1" 200 27
116.232.54.212 - - [04/Mar/2021:09:26:46 +0800] "GET /xingrg/kc/buy/cgsh_order_operate.html?command=get_materiel&rest_code=00109&code=00101008350&supplier_code=00100005&order_time=2021-03-04 HTTP/1.1" 200 408
117.185.32.26 - - [04/Mar/2021:09:26:46 +0800] "GET /xingrg/check_reg.html?_=1614821704408 HTTP/1.1" 200 22
117.185.32.26 - - [04/Mar/2021:09:26:46 +0800] "GET /xingrg/all/function/internal_message.html?_=1614821704409&CODE_STATE=getMsg HTTP/1.1" 200 27
101.228.165.174 - - [04/Mar/2021:09:26:47 +0800] "GET /xingrg/all/function/internal_message.html?_=1614821222393&CODE_STATE=getMsg HTTP/1.1" 200 27
222.70.216.220 - - [04/Mar/2021:09:26:49 +0800] "GET /xingrg/all/function/internal_message.html?_=1614821206880&CODE_STATE=getMsg HTTP/1.1" 200 27
116.232.54.212 - - [04/Mar/2021:09:26:53 +0800] "GET /xingrg/kc/buy/cgsh_order_operate.html?command=get_materiel&rest_code=00109&code=00101008355&supplier_code=00100005&order_time=2021-03-04 HTTP/1.1" 200 408
117.131.5.26 - - [04/Mar/2021:09:26:53 +0800] "GET /xingrg/all/function/internal_message.html?_=1614821276322&CODE_STATE=getMsg HTTP/1.1" 200 27
116.232.54.212 - - [04/Mar/2021:09:26:54 +0800] "POST /xingrg/kc/buy/cgsh_order_operate.html HTTP/1.1" 200 2065
116.232.54.212 - - [04/Mar/2021:09:26:59 +0800] "GET /xingrg/kc/buy/cgsh_order_operate.html?command=get_materiel&rest_code=00109&code=00101008357&supplier_code=00100005&order_time=2021-03-04 HTTP/1.1" 200 408
114.88.166.193 - - [04/Mar/2021:09:27:02 +0800] "GET /xingrg/kc/buy/cgsh_order_operate.html?command=get_materiel&rest_code=00111&code=00101008350&supplier_code=00100005&order_time=2021-03-04 HTTP/1.1" 200 408
116.232.54.212 - - [04/Mar/2021:09:27:05 +0800] "GET /xingrg/kc/buy/cgsh_order_operate.html?command=get_materiel&rest_code=00109&code=00101015062&supplier_code=00100005&order_time=2021-03-04 HTTP/1.1" 200 412
180.174.195.252 - - [04/Mar/2021:09:27:09 +0800] "GET /xingrg/check_reg.html?_=1614821489285 HTTP/1.1" 200 22
180.169.147.146 - - [04/Mar/2021:09:27:11 +0800] "GET /xingrg/all/function/internal_message.html?_=1614821227657&CODE_STATE=getMsg HTTP/1.1" 200 27
116.232.54.212 - - [04/Mar/2021:09:27:12 +0800] "GET /xingrg/kc/buy/cgsh_order_operate.html?command=get_materiel&rest_code=00109&code=00101008041&supplier_code=00100005&order_time=2021-03-04 HTTP/1.1" 200 408
101.228.165.174 - - [04/Mar/2021:09:27:16 +0800] "GET /xingrg/kc/buy/cgsh_order_operate.html?command=get_materiel&rest_code=00146&code=00101001002&supplier_code=00100199&order_time=2021-03-04 HTTP/1.1" 200 415
222.70.216.220 - - [04/Mar/2021:09:27:16 +0800] "GET /xingrg/all/function/internal_message.html?_=1614821234102&CODE_STATE=getMsg HTTP/1.1" 200 27
116.232.54.212 - - [04/Mar/2021:09:27:17 +0800] "GET /xingrg/kc/buy/cgsh_order_operate.html?command=get_materiel&rest_code=00109&code=00101015040&supplier_code=00100005&order_time=2021-03-04 HTTP/1.1" 200 408
180.174.195.252 - - [04/Mar/2021:09:27:21 +0800] "GET /xingrg/all/function/internal_message.html?_=1614821501454&CODE_STATE=getMsg HTTP/1.1" 200 27
116.232.54.212 - - [04/Mar/2021:09:27:23 +0800] "GET /xingrg/kc/buy/cgsh_order_operate.html?command=get_materiel&rest_code=00109&code=00101008137&supplier_code=00100005&order_time=2021-03-04 HTTP/1.1" 200 408
101.228.165.174 - - [04/Mar/2021:09:27:24 +0800] "GET /xingrg/check_reg.html?_=1614821250665 HTTP/1.1" 302 -
116.232.54.212 - - [04/Mar/2021:09:27:25 +0800] "POST /xingrg/kc/buy/cgsh_order_operate.html HTTP/1.1" 200 2065
114.88.166.193 - - [04/Mar/2021:09:27:27 +0800] "GET /xingrg/all/function/internal_message.html?_=1614821246541&CODE_STATE=getMsg HTTP/1.1" 200 27
120.253.135.82 - - [04/Mar/2021:09:27:28 +0800] "GET /xingrg/all/function/internal_message.html?_=1614821362708&CODE_STATE=getMsg HTTP/1.1" 200 27
222.70.216.220 - - [04/Mar/2021:09:27:29 +0800] "GET /xingrg/all/function/internal_message.html?_=1614821246810&CODE_STATE=getMsg HTTP/1.1" 200 27
116.232.54.212 - - [04/Mar/2021:09:27:30 +0800] "POST /xingrg/kc/buy/cgsh_order_operate.html HTTP/1.1" 200 37
116.232.54.212 - - [04/Mar/2021:09:27:31 +0800] "POST /xingrg/kc/buy/cgsh_order_operate.html HTTP/1.1" 200 37000
222.69.137.21 - - [04/Mar/2021:09:27:32 +0800] "GET /xingrg/all/function/internal_message.html?_=1614821251908&CODE_STATE=getMsg HTTP/1.1" 200 27
101.228.165.174 - - [04/Mar/2021:09:27:32 +0800] "GET /xingrg/kc/buy/cgsh_order_operate.html?command=get_materiel&rest_code=00146&code=00101001069&supplier_code=00100199&order_time=2021-03-04 HTTP/1.1" 200 411
116.232.54.212 - - [04/Mar/2021:09:27:33 +0800] "GET /xingrg/kc/print/load_config.html?kc_code=cgsh HTTP/1.1" 200 1845
116.232.54.212 - - [04/Mar/2021:09:27:33 +0800] "GET /xingrg/kc/print/load_data.html?order_code=212021030401163&kc_code=cgsh&condition= HTTP/1.1" 200 13711
116.224.253.72 - - [04/Mar/2021:09:27:36 +0800] "GET /xingrg/all/function/internal_message.html?_=1614821222935&CODE_STATE=getMsg HTTP/1.1" 200 27
116.228.172.94 - - [04/Mar/2021:09:27:37 +0800] "GET /xingrg/all/function/internal_message.html?_=1614821255857&CODE_STATE=getMsg HTTP/1.1" 200 27
222.70.216.220 - - [04/Mar/2021:09:27:40 +0800] "POST /xingrg/services/DataTransmitService HTTP/1.1" 200 524
180.174.195.252 - - [04/Mar/2021:09:27:40 +0800] "GET /xingrg/kc/buy/cgsh_order_list.html HTTP/1.1" 200 46366
101.228.165.174 - - [04/Mar/2021:09:27:40 +0800] "GET /xingrg/all/function/internal_message.html?_=1614821267301&CODE_STATE=getMsg HTTP/1.1" 302 -
180.174.195.252 - - [04/Mar/2021:09:27:41 +0800] "GET /xingrg/css/base.css HTTP/1.1" 304 -
180.174.195.252 - - [04/Mar/2021:09:27:41 +0800] "GET /xingrg/javascript/jquery_tools/datebox.css HTTP/1.1" 304 -
180.174.195.252 - - [04/Mar/2021:09:27:41 +0800] "GET /xingrg/css/site.css HTTP/1.1" 304 -
180.174.195.252 - - [04/Mar/2021:09:27:41 +0800] "GET /xingrg/javascript/easyui/themes/icon.css HTTP/1.1" 304 -
180.174.195.252 - - [04/Mar/2021:09:27:41 +0800] "GET /xingrg/javascript/jquery_tools/fix.css HTTP/1.1" 304 -
180.174.195.252 - - [04/Mar/2021:09:27:41 +0800] "GET /xingrg/javascript/easyui/themes/default/easyui.css HTTP/1.1" 304 -
180.174.195.252 - - [04/Mar/2021:09:27:41 +0800] "GET /xingrg/javascript/auto/jquery.autocomplete.css HTTP/1.1" 304 -
180.174.195.252 - - [04/Mar/2021:09:27:41 +0800] "GET /xingrg/javascript/jquery_tools/table.css HTTP/1.1" 304 -
180.174.195.252 - - [04/Mar/2021:09:27:41 +0800] "GET /xingrg/javascript/jquery_tools/jquery.tools.min.js HTTP/1.1" 304 -
180.174.195.252 - - [04/Mar/2021:09:27:41 +0800] "GET /xingrg/javascript/jquery_tools/jquery.tools.extend.js HTTP/1.1" 304 -
180.174.195.252 - - [04/Mar/2021:09:27:41 +0800] "GET /xingrg/javascript/jquery_tools/jquery.tools.hotkey.js HTTP/1.1" 304 -
180.174.195.252 - - [04/Mar/2021:09:27:41 +0800] "GET /xingrg/javascript/jquery_tools/jquery.tools.table.js HTTP/1.1" 304 -
180.174.195.252 - - [04/Mar/2021:09:27:41 +0800] "GET /xingrg/javascript/jquery_tools/list_manager.js HTTP/1.1" 304 -
180.174.195.252 - - [04/Mar/2021:09:27:41 +0800] "GET /xingrg/javascript/auto/jquery.autocomplete.js HTTP/1.1" 304 -
180.174.195.252 - - [04/Mar/2021:09:27:41 +0800] "GET /xingrg/javascript/easyui/easyloader.js HTTP/1.1" 304 -
180.174.195.252 - - [04/Mar/2021:09:27:41 +0800] "GET /xingrg/javascript/jquery.utils.js HTTP/1.1" 304 -
180.174.195.252 - - [04/Mar/2021:09:27:41 +0800] "GET /xingrg/javascript/jquery.cookie.js HTTP/1.1" 304 -
180.174.195.252 - - [04/Mar/2021:09:27:41 +0800] "GET /xingrg/javascript/print/LodopFuncs.js HTTP/1.1" 304 -
116.224.253.72 - - [04/Mar/2021:09:27:41 +0800] "GET /xingrg/all/function/internal_message.html?_=1614821263916&CODE_STATE=getMsg HTTP/1.1" 200 27
180.174.195.252 - - [04/Mar/2021:09:27:45 +0800] "GET /xingrg/javascript/easyui/themes/icons/edit_add_new.png HTTP/1.1" 304 -
180.174.195.252 - - [04/Mar/2021:09:27:45 +0800] "GET /xingrg/javascript/easyui/themes/icons/cance_new.png HTTP/1.1" 304 -
116.232.54.212 - - [04/Mar/2021:09:27:45 +0800] "GET /xingrg/all/function/internal_message.html?_=1614821268507&CODE_STATE=getMsg HTTP/1.1" 200 27
180.174.195.252 - - [04/Mar/2021:09:27:45 +0800] "GET /xingrg/javascript/easyui/themes/icons/check_new.png HTTP/1.1" 304 -
180.174.195.252 - - [04/Mar/2021:09:27:45 +0800] "GET /xingrg/javascript/easyui/themes/icons/field_new.png HTTP/1.1" 304 -
180.174.195.252 - - [04/Mar/2021:09:27:45 +0800] "GET /xingrg/javascript/easyui/themes/icons/import_new.png HTTP/1.1" 304 -
180.174.195.252 - - [04/Mar/2021:09:27:45 +0800] "GET /xingrg/javascript/easyui/plugins/jquery.parser.js HTTP/1.1" 304 -
180.174.195.252 - - [04/Mar/2021:09:27:45 +0800] "GET /xingrg/images/control/ajaxLoader.gif HTTP/1.1" 304 -
117.185.32.26 - - [04/Mar/2021:09:27:46 +0800] "GET /xingrg/all/function/internal_message.html?_=1614821764408&CODE_STATE=getMsg HTTP/1.1" 200 27
101.228.165.174 - - [04/Mar/2021:09:27:46 +0800] "GET /xingrg/kc/buy/cgsh_order_operate.html?command=get_materiel&rest_code=00146&code=00101002022&supplier_code=00100199&order_time=2021-03-04 HTTP/1.1" 200 430
180.174.195.252 - - [04/Mar/2021:09:27:46 +0800] "POST /xingrg/kc/buy/cgsh_list_operate.html HTTP/1.1" 200 876
101.228.165.174 - - [04/Mar/2021:09:27:47 +0800] "GET /xingrg/all/function/internal_message.html?_=1614821282413&CODE_STATE=getMsg HTTP/1.1" 200 27
180.174.195.252 - - [04/Mar/2021:09:27:48 +0800] "GET /xingrg/javascript/easyui/themes/default/images/button_plain_hover.png HTTP/1.1" 304 -
222.70.216.220 - - [04/Mar/2021:09:27:49 +0800] "GET /xingrg/all/function/internal_message.html?_=1614821266882&CODE_STATE=getMsg HTTP/1.1" 200 27
180.174.195.252 - - [04/Mar/2021:09:27:49 +0800] "GET /xingrg/javascript/pic_change.js HTTP/1.1" 304 -
180.174.195.252 - - [04/Mar/2021:09:27:49 +0800] "GET /xingrg/kc/buy/cgsh_order_add.html HTTP/1.1" 200 62063
180.174.195.252 - - [04/Mar/2021:09:27:49 +0800] "GET /xingrg/javascript/jquery_tools/order_manager.js HTTP/1.1" 304 -
180.174.195.252 - - [04/Mar/2021:09:27:49 +0800] "GET /xingrg/javascript/convert.js HTTP/1.1" 304 -
180.174.195.252 - - [04/Mar/2021:09:27:49 +0800] "GET /xingrg/javascript/json2.js HTTP/1.1" 304 -
180.174.195.252 - - [04/Mar/2021:09:27:49 +0800] "GET /xingrg/javascript/print/kc_print.js HTTP/1.1" 304 -
180.174.195.252 - - [04/Mar/2021:09:27:50 +0800] "GET /xingrg/words/20210303140340_words.js HTTP/1.1" 304 -
180.174.195.252 - - [04/Mar/2021:09:27:51 +0800] "GET /xingrg/javascript/easyui/themes/icons/copy_new.png HTTP/1.1" 304 -
180.174.195.252 - - [04/Mar/2021:09:27:51 +0800] "GET /xingrg/javascript/easyui/themes/icons/template_new.png HTTP/1.1" 304 -
180.174.195.252 - - [04/Mar/2021:09:27:51 +0800] "GET /xingrg/javascript/easyui/themes/icons/ok.png HTTP/1.1" 304 -
180.174.195.252 - - [04/Mar/2021:09:27:51 +0800] "GET /xingrg/javascript/easyui/themes/icons/print.png HTTP/1.1" 304 -
180.174.195.252 - - [04/Mar/2021:09:27:51 +0800] "GET /xingrg/javascript/easyui/themes/default/images/menu_downarrow.png HTTP/1.1" 304 -
180.174.195.252 - - [04/Mar/2021:09:27:51 +0800] "GET /xingrg/javascript/easyui/themes/icons/cancel.png HTTP/1.1" 304 -
180.174.195.252 - - [04/Mar/2021:09:27:51 +0800] "POST /xingrg/kc/buy/cgsh_order_operate.html HTTP/1.1" 200 8245
117.131.5.26 - - [04/Mar/2021:09:27:51 +0800] "GET /xingrg/all/function/internal_message.html?_=1614821336336&CODE_STATE=getMsg HTTP/1.1" 200 27
117.131.5.26 - - [04/Mar/2021:09:27:51 +0800] "GET /xingrg/check_reg.html?_=1614821336337 HTTP/1.1" 200 22
180.174.195.252 - - [04/Mar/2021:09:27:52 +0800] "GET /xingrg/javascript/easyui/themes/icons/edit_remove.png HTTP/1.1" 304 -
180.174.195.252 - - [04/Mar/2021:09:27:52 +0800] "GET /xingrg/all/common/auto_word.html?type=employee&rest_code=00102 HTTP/1.1" 200 189
180.174.195.252 - - [04/Mar/2021:09:27:52 +0800] "GET /xingrg/all/common/auto_word.html?type=employee&rest_code=00102 HTTP/1.1" 200 189
180.174.195.252 - - [04/Mar/2021:09:27:52 +0800] "GET /xingrg/javascript/easyui/themes/default/validatebox.css HTTP/1.1" 404 1104
180.174.195.252 - - [04/Mar/2021:09:27:52 +0800] "GET /xingrg/javascript/easyui/plugins/jquery.validatebox.js HTTP/1.1" 304 -
180.174.195.252 - - [04/Mar/2021:09:27:52 +0800] "GET /xingrg/javascript/easyui/plugins/jquery.numberbox.js HTTP/1.1" 304 -
222.69.137.21 - - [04/Mar/2021:09:27:56 +0800] "POST /xingrg/kc/buy/cgsh_order_operate.html HTTP/1.1" 200 37
222.69.137.21 - - [04/Mar/2021:09:27:59 +0800] "POST /xingrg/kc/buy/cgsh_order_operate.html HTTP/1.1" 200 12
222.69.137.21 - - [04/Mar/2021:09:28:02 +0800] "GET /xingrg/kc/buy/cgsh_order_info.html?code=212021030401164 HTTP/1.1" 200 57049
222.69.137.21 - - [04/Mar/2021:09:28:02 +0800] "GET /xingrg/javascript/easyui/themes/default/validatebox.css HTTP/1.1" 404 1104
222.69.137.21 - - [04/Mar/2021:09:28:03 +0800] "POST /xingrg/kc/buy/cgsh_order_operate.html HTTP/1.1" 200 1815
180.174.195.252 - - [04/Mar/2021:09:28:05 +0800] "GET /xingrg/javascript/easyui/plugins/jquery.draggable.js HTTP/1.1" 304 -
180.174.195.252 - - [04/Mar/2021:09:28:05 +0800] "GET /xingrg/css/images/panel_loading.gif HTTP/1.1" 304 -
180.174.195.252 - - [04/Mar/2021:09:28:05 +0800] "GET /xingrg/javascript/easyui/plugins/jquery.droppable.js HTTP/1.1" 304 -
222.69.137.21 - - [04/Mar/2021:09:28:05 +0800] "GET /xingrg/kc/print/load_data.html?order_code=212021030401164&kc_code=cgsh&condition= HTTP/1.1" 200 1159
180.174.195.252 - - [04/Mar/2021:09:28:05 +0800] "GET /xingrg/javascript/easyui/themes/default/tree.css HTTP/1.1" 404 1090
180.174.195.252 - - [04/Mar/2021:09:28:05 +0800] "GET /xingrg/javascript/easyui/plugins/jquery.tree.js HTTP/1.1" 304 -
180.174.195.252 - - [04/Mar/2021:09:28:05 +0800] "POST /xingrg/all/common/load_tree.html?tree=supplier_tree_json&isDelete=1 HTTP/1.1" 200 54827
101.228.165.174 - - [04/Mar/2021:09:28:06 +0800] "POST /xingrg/kc/buy/cgsh_order_operate.html HTTP/1.1" 200 37
101.228.165.174 - - [04/Mar/2021:09:28:08 +0800] "POST /xingrg/kc/buy/cgsh_order_operate.html HTTP/1.1" 200 4437
180.174.195.252 - - [04/Mar/2021:09:28:09 +0800] "GET /xingrg/javascript/easyui/themes/default/images/tree_arrows.gif HTTP/1.1" 304 -
180.174.195.252 - - [04/Mar/2021:09:28:09 +0800] "GET /xingrg/javascript/easyui/themes/default/images/tree_folder_open.gif HTTP/1.1" 304 -
180.174.195.252 - - [04/Mar/2021:09:28:09 +0800] "GET /xingrg/javascript/easyui/themes/default/images/tree_folder.gif HTTP/1.1" 304 -
180.174.195.252 - - [04/Mar/2021:09:28:09 +0800] "GET /xingrg/javascript/easyui/themes/default/images/tree_file.gif HTTP/1.1" 304 -
180.169.147.146 - - [04/Mar/2021:09:28:11 +0800] "GET /xingrg/all/function/internal_message.html?_=1614821287683&CODE_STATE=getMsg HTTP/1.1" 200 27
101.228.165.174 - - [04/Mar/2021:09:28:14 +0800] "GET /xingrg/kc/print/load_data.html?order_code=212021030401165&kc_code=cgsh&condition= HTTP/1.1" 200 1360
180.174.195.252 - - [04/Mar/2021:09:28:15 +0800] "GET /xingrg/javascript/auto/indicator.gif HTTP/1.1" 404 1066
222.70.216.220 - - [04/Mar/2021:09:28:16 +0800] "GET /xingrg/all/function/internal_message.html?_=1614821294088&CODE_STATE=getMsg HTTP/1.1" 200 27
114.88.166.193 - - [04/Mar/2021:09:28:27 +0800] "GET /xingrg/all/function/internal_message.html?_=1614821306554&CODE_STATE=getMsg HTTP/1.1" 200 27
120.253.135.82 - - [04/Mar/2021:09:28:28 +0800] "GET /xingrg/all/function/internal_message.html?_=1614821422715&CODE_STATE=getMsg HTTP/1.1" 200 27
222.70.216.220 - - [04/Mar/2021:09:28:29 +0800] "GET /xingrg/all/function/internal_message.html?_=1614821306793&CODE_STATE=getMsg HTTP/1.1" 200 27
101.228.165.174 - - [04/Mar/2021:09:28:32 +0800] "GET /xingrg/kc/buy/cgsh_order_add.html HTTP/1.1" 200 62110
222.69.137.21 - - [04/Mar/2021:09:28:32 +0800] "GET /xingrg/all/function/internal_message.html?_=1614821311881&CODE_STATE=getMsg HTTP/1.1" 200 27
101.228.165.174 - - [04/Mar/2021:09:28:33 +0800] "POST /xingrg/kc/buy/cgsh_order_operate.html HTTP/1.1" 200 8245
101.228.165.174 - - [04/Mar/2021:09:28:33 +0800] "GET /xingrg/javascript/easyui/themes/default/validatebox.css HTTP/1.1" 404 1104
116.224.253.72 - - [04/Mar/2021:09:28:36 +0800] "GET /xingrg/all/function/internal_message.html?_=1614821282949&CODE_STATE=getMsg HTTP/1.1" 200 27
116.228.172.94 - - [04/Mar/2021:09:28:37 +0800] "GET /xingrg/all/function/internal_message.html?_=1614821315841&CODE_STATE=getMsg HTTP/1.1" 200 27
101.228.165.174 - - [04/Mar/2021:09:28:40 +0800] "GET /xingrg/all/function/internal_message.html?_=1614821327303&CODE_STATE=getMsg HTTP/1.1" 302 -
116.224.253.72 - - [04/Mar/2021:09:28:41 +0800] "GET /xingrg/check_reg.html?_=1614821323914 HTTP/1.1" 200 22
116.224.253.72 - - [04/Mar/2021:09:28:41 +0800] "GET /xingrg/all/function/internal_message.html?_=1614821323917&CODE_STATE=getMsg HTTP/1.1" 200 27
180.174.195.252 - - [04/Mar/2021:09:28:44 +0800] "GET /favicon.ico HTTP/1.1" 404 -
222.70.216.220 - - [04/Mar/2021:09:28:45 +0800] "GET /xingrg/check_reg.html?_=1614821323226 HTTP/1.1" 200 22
