114.88.166.193 - - [03/Mar/2021:09:49:04 +0800] "GET /xingrg/kc/buy/cgsh_order_operate.html?command=get_materiel&rest_code=00111&code=00101012003&supplier_code=00100037&order_time=2021-03-03 HTTP/1.1" 200 412
180.174.195.252 - - [03/Mar/2021:09:49:04 +0800] "GET /xingrg/javascript/easyui/themes/default/validatebox.css HTTP/1.1" 404 1104
180.174.195.252 - - [03/Mar/2021:09:49:04 +0800] "GET /xingrg/javascript/easyui/plugins/jquery.validatebox.js HTTP/1.1" 304 -
180.174.195.252 - - [03/Mar/2021:09:49:04 +0800] "GET /xingrg/javascript/easyui/plugins/jquery.numberbox.js HTTP/1.1" 304 -
120.253.135.82 - - [03/Mar/2021:09:49:05 +0800] "GET /xingrg/all/function/internal_message.html?_=1614736155316&CODE_STATE=getMsg HTTP/1.1" 200 27
116.224.253.72 - - [03/Mar/2021:09:49:05 +0800] "GET /xingrg/all/function/internal_message.html?_=1614736148616&CODE_STATE=getMsg HTTP/1.1" 200 27
116.224.253.72 - - [03/Mar/2021:09:49:06 +0800] "GET /xingrg/check_reg.html?_=1614736114753 HTTP/1.1" 200 22
116.224.253.72 - - [03/Mar/2021:09:49:07 +0800] "GET /xingrg/all/function/internal_message.html?_=1614736115249&CODE_STATE=getMsg HTTP/1.1" 200 27
180.174.195.252 - - [03/Mar/2021:09:49:09 +0800] "GET /xingrg/all/function/internal_message.html?_=1614736150235&CODE_STATE=getMsg HTTP/1.1" 200 27
61.165.42.208 - - [03/Mar/2021:09:49:09 +0800] "GET /xingrg/all/function/internal_message.html?_=1614736151479&CODE_STATE=getMsg HTTP/1.1" 200 27
61.165.42.208 - - [03/Mar/2021:09:49:09 +0800] "GET /xingrg/check_reg.html?_=1614736151480 HTTP/1.1" 200 22
117.185.32.26 - - [03/Mar/2021:09:49:12 +0800] "GET /xingrg/check_reg.html?_=1614736651767 HTTP/1.1" 200 22
117.185.32.26 - - [03/Mar/2021:09:49:12 +0800] "GET /xingrg/all/function/internal_message.html?_=1614736651765&CODE_STATE=getMsg HTTP/1.1" 200 27
114.88.166.193 - - [03/Mar/2021:09:49:12 +0800] "GET /xingrg/javascript/jquery_easy_ui/themes/default/images/tabs_active.png HTTP/1.1" 304 -
58.40.7.146 - - [03/Mar/2021:09:49:16 +0800] "GET /xingrg/all/function/internal_message.html?_=1614736156452&CODE_STATE=getMsg HTTP/1.1" 200 27
180.174.195.252 - - [03/Mar/2021:09:49:17 +0800] "GET /xingrg/css/images/panel_loading.gif HTTP/1.1" 304 -
180.174.195.252 - - [03/Mar/2021:09:49:17 +0800] "GET /xingrg/javascript/easyui/plugins/jquery.draggable.js HTTP/1.1" 304 -
180.174.195.252 - - [03/Mar/2021:09:49:17 +0800] "GET /xingrg/javascript/easyui/plugins/jquery.droppable.js HTTP/1.1" 304 -
180.174.195.252 - - [03/Mar/2021:09:49:17 +0800] "GET /xingrg/javascript/easyui/themes/default/tree.css HTTP/1.1" 404 1090
180.174.195.252 - - [03/Mar/2021:09:49:17 +0800] "GET /xingrg/javascript/easyui/plugins/jquery.tree.js HTTP/1.1" 304 -
180.174.195.252 - - [03/Mar/2021:09:49:17 +0800] "POST /xingrg/all/common/load_tree.html?tree=supplier_tree_json&isDelete=1 HTTP/1.1" 200 54827
180.174.195.252 - - [03/Mar/2021:09:49:20 +0800] "GET /xingrg/javascript/easyui/themes/default/images/tree_arrows.gif HTTP/1.1" 304 -
180.174.195.252 - - [03/Mar/2021:09:49:20 +0800] "GET /xingrg/javascript/easyui/themes/default/images/tree_folder_open.gif HTTP/1.1" 304 -
180.174.195.252 - - [03/Mar/2021:09:49:20 +0800] "GET /xingrg/javascript/easyui/themes/default/images/tree_folder.gif HTTP/1.1" 304 -
180.174.195.252 - - [03/Mar/2021:09:49:20 +0800] "GET /xingrg/javascript/easyui/themes/default/images/tree_file.gif HTTP/1.1" 304 -
114.86.225.2 - - [03/Mar/2021:09:49:21 +0800] "GET /xingrg/all/function/internal_message.html?_=1614736163015&CODE_STATE=getMsg HTTP/1.1" 200 27
101.85.93.83 - - [03/Mar/2021:09:49:22 +0800] "GET /xingrg/all/function/internal_message.html?_=1614735762792&CODE_STATE=getMsg HTTP/1.1" 200 27
116.228.172.94 - - [03/Mar/2021:09:49:24 +0800] "GET /xingrg/all/function/internal_message.html?_=1614736164634&CODE_STATE=getMsg HTTP/1.1" 200 27
58.37.230.33 - - [03/Mar/2021:09:49:24 +0800] "GET /xingrg/all/function/internal_message.html?_=1614736163739&CODE_STATE=getMsg HTTP/1.1" 200 27
58.37.230.33 - - [03/Mar/2021:09:49:25 +0800] "GET /xingrg/check_reg.html?_=1614736164564 HTTP/1.1" 200 22
180.169.147.146 - - [03/Mar/2021:09:49:26 +0800] "GET /xingrg/all/function/internal_message.html?_=1614736167917&CODE_STATE=getMsg HTTP/1.1" 200 27
222.69.138.53 - - [03/Mar/2021:09:49:26 +0800] "GET /xingrg/all/function/internal_message.html?_=1614736166956&CODE_STATE=getMsg HTTP/1.1" 200 27
222.69.138.53 - - [03/Mar/2021:09:49:27 +0800] "GET /xingrg/check_reg.html?_=1614736167288 HTTP/1.1" 200 22
180.169.147.146 - - [03/Mar/2021:09:49:31 +0800] "GET /xingrg/all/function/internal_message.html?_=1614736172277&CODE_STATE=getMsg HTTP/1.1" 200 27
101.228.165.174 - - [03/Mar/2021:09:49:32 +0800] "GET /xingrg/check_reg.html?_=1614736183635 HTTP/1.1" 200 22
180.174.195.252 - - [03/Mar/2021:09:49:32 +0800] "GET /xingrg/all/function/internal_message.html?_=1614736431457&CODE_STATE=getMsg HTTP/1.1" 200 27
114.88.166.193 - - [03/Mar/2021:09:49:33 +0800] "GET /xingrg/all/function/internal_message.html?_=1614736174062&CODE_STATE=getMsg HTTP/1.1" 200 27
114.88.166.193 - - [03/Mar/2021:09:49:34 +0800] "GET /xingrg/kc/buy/cgsh_order_operate.html?command=get_materiel&rest_code=00111&code=00101016025&supplier_code=00100037&order_time=2021-03-03 HTTP/1.1" 200 408
180.174.195.252 - - [03/Mar/2021:09:49:36 +0800] "GET /xingrg/javascript/auto/indicator.gif HTTP/1.1" 404 1066
114.88.166.193 - - [03/Mar/2021:09:49:44 +0800] "GET /xingrg/kc/buy/cgsh_order_operate.html?command=get_materiel&rest_code=00111&code=00101011003&supplier_code=00100037&order_time=2021-03-03 HTTP/1.1" 200 413
180.169.147.146 - - [03/Mar/2021:09:49:44 +0800] "GET /xingrg/kc/base/check_order_info.html?code=452021030200036 HTTP/1.1" 200 26435
180.169.147.146 - - [03/Mar/2021:09:49:44 +0800] "GET /xingrg/dwr/interface/AjaxComOrderService.js HTTP/1.1" 200 18264
180.169.147.146 - - [03/Mar/2021:09:49:44 +0800] "GET /xingrg/dwr/interface/AjaxCheckService.js HTTP/1.1" 200 14003
180.169.147.146 - - [03/Mar/2021:09:49:44 +0800] "GET /xingrg/dwr/engine.js HTTP/1.1" 200 43631
180.169.147.146 - - [03/Mar/2021:09:49:44 +0800] "POST /xingrg/dwr/call/plaincall/AjaxCheckService.loadOrderItems.dwr HTTP/1.1" 200 2969
101.228.165.174 - - [03/Mar/2021:09:49:45 +0800] "GET /xingrg/check_reg.html?_=1614736189291 HTTP/1.1" 302 -
222.70.216.220 - - [03/Mar/2021:09:49:46 +0800] "GET /xingrg/all/function/internal_message.html?_=1614736186875&CODE_STATE=getMsg HTTP/1.1" 200 27
222.70.216.220 - - [03/Mar/2021:09:49:46 +0800] "GET /xingrg/check_reg.html?_=1614736186876 HTTP/1.1" 200 22
180.174.195.252 - - [03/Mar/2021:09:49:49 +0800] "GET /xingrg/kc/buy/cgsh_order_operate.html?command=get_materiel&rest_code=00102&code=00101031002&supplier_code=00100064&order_time=2021-03-03 HTTP/1.1" 200 420
101.228.165.174 - - [03/Mar/2021:09:49:56 +0800] "GET /xingrg/all/function/internal_message.html?_=1614736200256&CODE_STATE=getMsg HTTP/1.1" 302 -
101.228.165.174 - - [03/Mar/2021:09:49:58 +0800] "GET /xingrg/all/function/internal_message.html?_=1614736210325&CODE_STATE=getMsg HTTP/1.1" 200 27
180.169.147.146 - - [03/Mar/2021:09:49:58 +0800] "GET /xingrg/all/function/internal_message.html?_=1614736198008&CODE_STATE=getMsg HTTP/1.1" 200 27
180.174.195.252 - - [03/Mar/2021:09:49:59 +0800] "GET /xingrg/kc/buy/cgsh_order_operate.html?command=get_materiel&rest_code=00102&code=00101031006&supplier_code=00100064&order_time=2021-03-03 HTTP/1.1" 200 417
114.88.166.193 - - [03/Mar/2021:09:49:59 +0800] "GET /xingrg/kc/buy/cgsh_order_operate.html?command=get_materiel&rest_code=00111&code=00101016105&supplier_code=00100037&order_time=2021-03-03 HTTP/1.1" 200 409
180.169.147.146 - - [03/Mar/2021:09:50:00 +0800] "GET /xingrg/all/function/internal_message.html?_=1614736201833&CODE_STATE=getMsg HTTP/1.1" 200 27
180.169.147.146 - - [03/Mar/2021:09:50:03 +0800] "GET /xingrg/all/function/internal_message.html?_=1614736205911&CODE_STATE=getMsg HTTP/1.1" 200 27
120.253.135.82 - - [03/Mar/2021:09:50:05 +0800] "GET /xingrg/all/function/internal_message.html?_=1614736215326&CODE_STATE=getMsg HTTP/1.1" 200 27
116.224.253.72 - - [03/Mar/2021:09:50:05 +0800] "GET /xingrg/all/function/internal_message.html?_=1614736208599&CODE_STATE=getMsg HTTP/1.1" 200 27
116.224.253.72 - - [03/Mar/2021:09:50:07 +0800] "GET /xingrg/all/function/internal_message.html?_=1614736175263&CODE_STATE=getMsg HTTP/1.1" 200 27
180.174.195.252 - - [03/Mar/2021:09:50:09 +0800] "GET /xingrg/all/function/internal_message.html?_=1614736210253&CODE_STATE=getMsg HTTP/1.1" 200 27
61.165.42.208 - - [03/Mar/2021:09:50:09 +0800] "GET /xingrg/all/function/internal_message.html?_=1614736211478&CODE_STATE=getMsg HTTP/1.1" 200 27
117.185.32.26 - - [03/Mar/2021:09:50:12 +0800] "GET /xingrg/all/function/internal_message.html?_=1614736711772&CODE_STATE=getMsg HTTP/1.1" 200 27
180.169.147.146 - - [03/Mar/2021:09:50:13 +0800] "POST /xingrg/dwr/call/plaincall/AjaxCheckService.setItemNumber.dwr HTTP/1.1" 200 76
180.174.195.252 - - [03/Mar/2021:09:50:13 +0800] "GET /xingrg/kc/buy/cgsh_order_operate.html?command=get_materiel&rest_code=00102&code=00101031001&supplier_code=00100064&order_time=2021-03-03 HTTP/1.1" 200 419
114.88.166.193 - - [03/Mar/2021:09:50:14 +0800] "GET /xingrg/kc/buy/cgsh_order_operate.html?command=get_materiel&rest_code=00111&code=00101009057&supplier_code=00100037&order_time=2021-03-03 HTTP/1.1" 200 408
58.40.7.146 - - [03/Mar/2021:09:50:16 +0800] "GET /xingrg/all/function/internal_message.html?_=1614736216441&CODE_STATE=getMsg HTTP/1.1" 200 27
180.169.147.146 - - [03/Mar/2021:09:50:19 +0800] "POST /xingrg/dwr/call/plaincall/AjaxCheckService.setItemNumber.dwr HTTP/1.1" 200 76
114.86.225.2 - - [03/Mar/2021:09:50:21 +0800] "GET /xingrg/all/function/internal_message.html?_=1614736223014&CODE_STATE=getMsg HTTP/1.1" 200 27
180.174.195.252 - - [03/Mar/2021:09:50:22 +0800] "POST /xingrg/kc/buy/cgsh_order_operate.html HTTP/1.1" 200 37
101.85.93.83 - - [03/Mar/2021:09:50:22 +0800] "GET /xingrg/all/function/internal_message.html?_=1614735822795&CODE_STATE=getMsg HTTP/1.1" 200 27
58.37.230.33 - - [03/Mar/2021:09:50:24 +0800] "GET /xingrg/all/function/internal_message.html?_=1614736223714&CODE_STATE=getMsg HTTP/1.1" 200 27
116.228.172.94 - - [03/Mar/2021:09:50:24 +0800] "GET /xingrg/check_reg.html?_=1614736224650 HTTP/1.1" 200 22
116.228.172.94 - - [03/Mar/2021:09:50:24 +0800] "GET /xingrg/all/function/internal_message.html?_=1614736224643&CODE_STATE=getMsg HTTP/1.1" 200 27
180.174.195.252 - - [03/Mar/2021:09:50:24 +0800] "POST /xingrg/kc/buy/cgsh_order_operate.html HTTP/1.1" 200 12
180.174.195.252 - - [03/Mar/2021:09:50:26 +0800] "GET /xingrg/kc/buy/cgsh_order_info.html?code=212021030300763 HTTP/1.1" 200 56963
222.69.138.53 - - [03/Mar/2021:09:50:26 +0800] "GET /xingrg/all/function/internal_message.html?_=1614736226930&CODE_STATE=getMsg HTTP/1.1" 200 27
180.174.195.252 - - [03/Mar/2021:09:50:27 +0800] "GET /xingrg/javascript/easyui/themes/default/validatebox.css HTTP/1.1" 404 1104
180.174.195.252 - - [03/Mar/2021:09:50:27 +0800] "POST /xingrg/kc/buy/cgsh_order_operate.html HTTP/1.1" 200 1808
180.174.195.252 - - [03/Mar/2021:09:50:30 +0800] "GET /xingrg/kc/print/load_config.html?kc_code=cgsh HTTP/1.1" 200 1845
180.174.195.252 - - [03/Mar/2021:09:50:30 +0800] "GET /xingrg/kc/print/load_data.html?order_code=212021030300763&kc_code=cgsh&condition= HTTP/1.1" 200 1199
180.169.147.146 - - [03/Mar/2021:09:50:31 +0800] "GET /xingrg/all/function/internal_message.html?_=1614736232273&CODE_STATE=getMsg HTTP/1.1" 200 27
180.174.195.252 - - [03/Mar/2021:09:50:33 +0800] "GET /xingrg/all/function/internal_message.html?_=1614736492445&CODE_STATE=getMsg HTTP/1.1" 200 27
114.88.166.193 - - [03/Mar/2021:09:50:33 +0800] "GET /xingrg/all/function/internal_message.html?_=1614736234076&CODE_STATE=getMsg HTTP/1.1" 200 27
180.169.147.146 - - [03/Mar/2021:09:50:34 +0800] "GET /xingrg/kc/base/check_order_list.html?isBack=1 HTTP/1.1" 200 16720
180.169.147.146 - - [03/Mar/2021:09:50:34 +0800] "POST /xingrg/kc/base/check_list_operate.html HTTP/1.1" 200 1878
180.169.147.146 - - [03/Mar/2021:09:50:34 +0800] "GET /xingrg/javascript/easyui/themes/default/images/button_plain_hover.png HTTP/1.1" 200 144
180.169.147.146 - - [03/Mar/2021:09:50:36 +0800] "GET /xingrg/kc/base/check_order_info.html?code=452021030200036 HTTP/1.1" 200 26435
180.169.147.146 - - [03/Mar/2021:09:50:36 +0800] "GET /xingrg/dwr/interface/AjaxComOrderService.js HTTP/1.1" 200 18264
180.169.147.146 - - [03/Mar/2021:09:50:36 +0800] "GET /xingrg/dwr/interface/AjaxCheckService.js HTTP/1.1" 200 14003
180.169.147.146 - - [03/Mar/2021:09:50:36 +0800] "GET /xingrg/dwr/engine.js HTTP/1.1" 200 43631
180.169.147.146 - - [03/Mar/2021:09:50:36 +0800] "POST /xingrg/dwr/call/plaincall/AjaxCheckService.loadOrderItems.dwr HTTP/1.1" 200 2971
180.169.147.146 - - [03/Mar/2021:09:50:38 +0800] "GET /xingrg/kc/base/check_order_list.html?isBack=1 HTTP/1.1" 200 16720
180.169.147.146 - - [03/Mar/2021:09:50:38 +0800] "POST /xingrg/kc/base/check_list_operate.html HTTP/1.1" 200 1878
180.174.195.252 - - [03/Mar/2021:09:50:41 +0800] "GET /xingrg/kc/buy/cgsh_order_add.html HTTP/1.1" 200 62063
180.174.195.252 - - [03/Mar/2021:09:50:42 +0800] "POST /xingrg/kc/buy/cgsh_order_operate.html HTTP/1.1" 200 8245
180.174.195.252 - - [03/Mar/2021:09:50:43 +0800] "GET /xingrg/javascript/easyui/themes/default/validatebox.css HTTP/1.1" 404 1104
222.70.216.220 - - [03/Mar/2021:09:50:46 +0800] "GET /xingrg/all/function/internal_message.html?_=1614736246878&CODE_STATE=getMsg HTTP/1.1" 200 27
180.169.147.146 - - [03/Mar/2021:09:50:48 +0800] "GET /xingrg/kc/report/report_main.html HTTP/1.1" 200 7345
180.169.147.146 - - [03/Mar/2021:09:50:50 +0800] "GET /xingrg/kc/base/crk_hz.html HTTP/1.1" 200 11247
180.169.147.146 - - [03/Mar/2021:09:50:50 +0800] "POST /xingrg/kc/cost/cost_operate.html?command=get_base_tree HTTP/1.1" 200 2450
180.169.147.146 - - [03/Mar/2021:09:50:50 +0800] "POST /xingrg/all/common/load_tree.html?tree=materiel_sort_tree_json HTTP/1.1" 200 8666
180.169.147.146 - - [03/Mar/2021:09:50:52 +0800] "GET /xingrg/all/common/get_data_part.html?part=previousMonth&_=1614736253542 HTTP/1.1" 200 41
114.88.166.193 - - [03/Mar/2021:09:50:55 +0800] "GET /xingrg/kc/buy/cgsh_order_operate.html?command=get_materiel&rest_code=00111&code=00101015046&supplier_code=00100037&order_time=2021-03-03 HTTP/1.1" 200 412
101.228.165.174 - - [03/Mar/2021:09:50:56 +0800] "GET /xingrg/all/function/internal_message.html?_=1614736260276&CODE_STATE=getMsg HTTP/1.1" 302 -
180.169.147.146 - - [03/Mar/2021:09:50:58 +0800] "GET /xingrg/all/function/internal_message.html?_=1614736257997&CODE_STATE=getMsg HTTP/1.1" 200 27
101.228.165.174 - - [03/Mar/2021:09:50:58 +0800] "GET /xingrg/all/function/internal_message.html?_=1614736270335&CODE_STATE=getMsg HTTP/1.1" 200 27
180.169.147.146 - - [03/Mar/2021:09:51:00 +0800] "GET /xingrg/all/function/internal_message.html?_=1614736261841&CODE_STATE=getMsg HTTP/1.1" 200 27
180.169.147.146 - - [03/Mar/2021:09:51:00 +0800] "GET /xingrg/check_reg.html?_=1614736261845 HTTP/1.1" 200 22
180.169.147.146 - - [03/Mar/2021:09:51:03 +0800] "GET /xingrg/check_reg.html?_=1614736265897 HTTP/1.1" 200 22
180.169.147.146 - - [03/Mar/2021:09:51:03 +0800] "GET /xingrg/all/function/internal_message.html?_=1614736265902&CODE_STATE=getMsg HTTP/1.1" 200 27
120.253.135.82 - - [03/Mar/2021:09:51:05 +0800] "GET /xingrg/all/function/internal_message.html?_=1614736275345&CODE_STATE=getMsg HTTP/1.1" 200 27
116.224.253.72 - - [03/Mar/2021:09:51:05 +0800] "GET /xingrg/all/function/internal_message.html?_=1614736268577&CODE_STATE=getMsg HTTP/1.1" 200 27
116.224.253.72 - - [03/Mar/2021:09:51:06 +0800] "GET /xingrg/check_reg.html?_=1614736268873 HTTP/1.1" 200 22
116.224.253.72 - - [03/Mar/2021:09:51:07 +0800] "GET /xingrg/all/function/internal_message.html?_=1614736235275&CODE_STATE=getMsg HTTP/1.1" 200 27
180.174.195.252 - - [03/Mar/2021:09:51:09 +0800] "GET /xingrg/check_reg.html?_=1614736269954 HTTP/1.1" 200 22
180.174.195.252 - - [03/Mar/2021:09:51:09 +0800] "GET /xingrg/all/function/internal_message.html?_=1614736270266&CODE_STATE=getMsg HTTP/1.1" 200 27
114.88.166.193 - - [03/Mar/2021:09:51:09 +0800] "GET /xingrg/kc/buy/cgsh_order_operate.html?command=get_materiel&rest_code=00111&code=00101015038&supplier_code=00100037&order_time=2021-03-03 HTTP/1.1" 200 418
61.165.42.208 - - [03/Mar/2021:09:51:09 +0800] "GET /xingrg/all/function/internal_message.html?_=1614736271476&CODE_STATE=getMsg HTTP/1.1" 200 27
180.169.147.146 - - [03/Mar/2021:09:51:10 +0800] "GET /xingrg/javascript/jquery_easy_ui/themes/default/images/tree_checkbox_1.gif HTTP/1.1" 200 174
180.169.147.146 - - [03/Mar/2021:09:51:10 +0800] "GET /xingrg/javascript/jquery_easy_ui/themes/default/images/tree_checkbox_2.gif HTTP/1.1" 200 181
117.185.32.26 - - [03/Mar/2021:09:51:12 +0800] "GET /xingrg/all/function/internal_message.html?_=1614736771771&CODE_STATE=getMsg HTTP/1.1" 200 27
180.169.147.146 - - [03/Mar/2021:09:51:14 +0800] "GET /xingrg/kc/base/crk_hz.html?_=1614736275974&command=get_cost_id&end_date=2021-02-28&start_date=2021-02-01 HTTP/1.1" 200 51
180.169.147.146 - - [03/Mar/2021:09:51:14 +0800] "GET /xingrg/dwr/interface/AjaxReportQueryService.js HTTP/1.1" 200 13203
180.169.147.146 - - [03/Mar/2021:09:51:14 +0800] "GET /xingrg/all/report/report_query.html?isQuery=1&onlyBody=1&rh=99999&rw=1800&varString=start:20210201,cost_id:3020,mid:20210201&fileName=kc/base/crk_hz_type_by_base.xml&queryString=%20a.base_code%20in%20('0010711')%20&queryText=ÈÕÆÚ£º2021-02-01ÖÁ2021-02-28%20²Ö¿â£ºÀñºÐ¿â&tableQueryString=materiel_table$sp1$$sp$before_table$sp1$$sp$crk_table$sp1$order_day%20between%2020210201%20and%2020210228 HTTP/1.1" 200 49400
180.169.147.146 - - [03/Mar/2021:09:51:14 +0800] "GET /xingrg/dwr/engine.js HTTP/1.1" 200 43631
180.169.147.146 - - [03/Mar/2021:09:51:15 +0800] "POST /xingrg/all/report/load_report_page.html HTTP/1.1" 200 94483
180.169.147.146 - - [03/Mar/2021:09:51:15 +0800] "GET /xingrg/servlets/image?cache=0.5933590940751599&image=px HTTP/1.1" 200 807
58.40.7.146 - - [03/Mar/2021:09:51:16 +0800] "GET /xingrg/all/function/internal_message.html?_=1614736276445&CODE_STATE=getMsg HTTP/1.1" 200 27
114.86.225.2 - - [03/Mar/2021:09:51:21 +0800] "GET /xingrg/all/function/internal_message.html?_=1614736283040&CODE_STATE=getMsg HTTP/1.1" 200 27
114.88.166.193 - - [03/Mar/2021:09:51:21 +0800] "GET /xingrg/kc/buy/cgsh_order_operate.html?command=get_materiel&rest_code=00111&code=00101009013&supplier_code=00100037&order_time=2021-03-03 HTTP/1.1" 200 420
101.85.93.83 - - [03/Mar/2021:09:51:22 +0800] "GET /xingrg/check_reg.html?_=1614735882795 HTTP/1.1" 200 22
101.85.93.83 - - [03/Mar/2021:09:51:22 +0800] "GET /xingrg/all/function/internal_message.html?_=1614735882799&CODE_STATE=getMsg HTTP/1.1" 200 27
58.37.230.33 - - [03/Mar/2021:09:51:24 +0800] "GET /xingrg/all/function/internal_message.html?_=1614736283688&CODE_STATE=getMsg HTTP/1.1" 200 27
116.228.172.94 - - [03/Mar/2021:09:51:24 +0800] "GET /xingrg/all/function/internal_message.html?_=1614736284643&CODE_STATE=getMsg HTTP/1.1" 200 27
222.69.138.53 - - [03/Mar/2021:09:51:26 +0800] "GET /xingrg/all/function/internal_message.html?_=1614736286916&CODE_STATE=getMsg HTTP/1.1" 200 27
180.169.147.146 - - [03/Mar/2021:09:51:27 +0800] "GET /xingrg/kc/base/crk_hz.html?_=1614736288796&command=get_cost_id&end_date=2021-02-28&start_date=2021-02-01 HTTP/1.1" 200 51
180.169.147.146 - - [03/Mar/2021:09:51:27 +0800] "GET /xingrg/all/report/report_query.html?isQuery=1&onlyBody=1&rh=99999&rw=1800&varString=start:20210201,cost_id:3020,mid:20210201&fileName=kc/base/crk_hz_type_by_base.xml&queryString=%20a.base_code%20in%20('0010711')%20%20and%20m.sort_code%20in%20('00101001','00101002','00101003','00101004','00101005','00101006','00101007','00101008','00101009','00101010','00101011','00101012','00101013','00101014','00101015','00101016','00101017','00101018','00101019','00101020','00101021','00101022','00101023','00101024','00101025','00101026','00101027','00101028','00101029','00101030','00101031','00101032','00101033','00101034','00101036','00101037','00101038','00101039')%20&queryText=ÈÕÆÚ£º2021-02-01ÖÁ2021-02-28%20²Ö¿â£ºÀñºÐ¿â&tableQueryString=materiel_table$sp1$$sp$before_table$sp1$$sp$crk_table$sp1$order_day%20between%2020210201%20and%2020210228 HTTP/1.1" 200 49841
180.169.147.146 - - [03/Mar/2021:09:51:27 +0800] "GET /xingrg/dwr/interface/AjaxReportQueryService.js HTTP/1.1" 200 13203
180.169.147.146 - - [03/Mar/2021:09:51:27 +0800] "GET /xingrg/dwr/engine.js HTTP/1.1" 200 43631
180.169.147.146 - - [03/Mar/2021:09:51:28 +0800] "POST /xingrg/all/report/load_report_page.html HTTP/1.1" 200 94483
180.169.147.146 - - [03/Mar/2021:09:51:28 +0800] "GET /xingrg/servlets/image?cache=0.8709862875743033&image=px HTTP/1.1" 200 807
180.169.147.146 - - [03/Mar/2021:09:51:31 +0800] "GET /xingrg/all/function/internal_message.html?_=1614736292283&CODE_STATE=getMsg HTTP/1.1" 200 27
180.174.195.252 - - [03/Mar/2021:09:51:33 +0800] "GET /xingrg/all/function/internal_message.html?_=1614736552450&CODE_STATE=getMsg HTTP/1.1" 200 27
114.88.166.193 - - [03/Mar/2021:09:51:33 +0800] "GET /xingrg/all/function/internal_message.html?_=1614736294089&CODE_STATE=getMsg HTTP/1.1" 200 27
180.174.195.252 - - [03/Mar/2021:09:51:38 +0800] "GET /xingrg/kc/buy/cgsh_order_operate.html?command=get_materiel&rest_code=00102&code=00101006129&supplier_code=00100096&order_time=2021-03-03 HTTP/1.1" 200 433
180.169.147.146 - - [03/Mar/2021:09:51:39 +0800] "GET /xingrg/kc/base/crk_hz.html?_=1614736300903&command=get_cost_id&end_date=2021-02-28&start_date=2021-02-01 HTTP/1.1" 200 51
180.169.147.146 - - [03/Mar/2021:09:51:39 +0800] "GET /xingrg/all/report/report_query.html?isQuery=1&onlyBody=1&rh=99999&rw=1800&varString=start:20210201,cost_id:3020,mid:20210201&fileName=kc/base/crk_hz_type_by_base.xml&queryString=%20a.base_code%20in%20('0010711')%20%20and%20m.sort_code%20in%20('00101001','00101002','00101003','00101004','00101005','00101006','00101007','00101008','00101009','00101010','00101011','00101012','00101013','00101014','00101015','00101016','00101017','00101018','00101019','00101020','00101021','00101022','00101023','00101024','00101025','00101026','00101027','00101028','00101029','00101030','00101031','00101032','00101033','00101034','00101036','00101037','00101038','00101039')%20&queryText=ÈÕÆÚ£º2021-02-01ÖÁ2021-02-28%20²Ö¿â£ºÀñºÐ¿â&tableQueryString=materiel_table$sp1$$sp$before_table$sp1$$sp$crk_table$sp1$order_day%20between%2020210201%20and%2020210228 HTTP/1.1" 200 49841
180.169.147.146 - - [03/Mar/2021:09:51:39 +0800] "GET /xingrg/dwr/interface/AjaxReportQueryService.js HTTP/1.1" 200 13203
180.169.147.146 - - [03/Mar/2021:09:51:39 +0800] "GET /xingrg/dwr/engine.js HTTP/1.1" 200 43631
180.169.147.146 - - [03/Mar/2021:09:51:40 +0800] "POST /xingrg/all/report/load_report_page.html HTTP/1.1" 200 94483
180.169.147.146 - - [03/Mar/2021:09:51:40 +0800] "GET /xingrg/servlets/image?cache=0.7087681860068623&image=px HTTP/1.1" 200 807
114.88.166.193 - - [03/Mar/2021:09:51:42 +0800] "GET /xingrg/kc/buy/cgsh_order_operate.html?command=get_materiel&rest_code=00111&code=00101008092&supplier_code=00100037&order_time=2021-03-03 HTTP/1.1" 200 412
222.70.216.220 - - [03/Mar/2021:09:51:46 +0800] "GET /xingrg/all/function/internal_message.html?_=1614736306881&CODE_STATE=getMsg HTTP/1.1" 200 27
180.169.147.146 - - [03/Mar/2021:09:51:49 +0800] "GET /xingrg/all/report/report_query.html?isQuery=1&fileName=kc/base/crk_detail_by_small.xml&rh=99999&queryString=&queryText=%25E3%2580%2590%25E4%25BB%2593%25E5%25BA%2593%25E5%2590%258D%25E7%25A7%25B0%253A%25E7%25A4%25BC%25E7%259B%2592%25E5%25BA%2593%25E3%2580%2591%25E3%2580%2590%25E4%25B8%259A%25E5%258A%25A1%25E7%25B1%25BB%25E5%259E%258B%25EF%25BC%259A%25E5%2586%2585%25E9%2583%25A8%25E8%25B0%2583%25E5%2585%25A5%25E3%2580%2591%2520%253F%253F%253F%253F%253F2021-02-01%253F%253F2021-02-28%2520%253F%253F%253F%253F%253F%25D0%25BF%253F&tableQueryString=crk_table%2524sp1%2524order_day%2520between%252020210201%2520and%252020210228%2520and%2520(base_code%253D'0010711')%2520and%2520(src_order_type%2520in%2520(42))%2520and%2520(is_rk%2520in%2520(1)) HTTP/1.1" 200 53784
180.169.147.146 - - [03/Mar/2021:09:51:49 +0800] "GET /xingrg/dwr/interface/AjaxReportQueryService.js HTTP/1.1" 200 13203
180.169.147.146 - - [03/Mar/2021:09:51:49 +0800] "GET /xingrg/dwr/engine.js HTTP/1.1" 200 43631
180.169.147.146 - - [03/Mar/2021:09:51:49 +0800] "GET /xingrg/javascript/jquery_easy_ui/themes/icons/pencil.png HTTP/1.1" 200 713
180.169.147.146 - - [03/Mar/2021:09:51:49 +0800] "GET /xingrg/javascript/jquery_easy_ui/themes/default/images/menu_rightarrow.png HTTP/1.1" 200 3617
180.169.147.146 - - [03/Mar/2021:09:51:50 +0800] "POST /xingrg/all/report/load_report_page.html HTTP/1.1" 200 13920
180.169.147.146 - - [03/Mar/2021:09:51:50 +0800] "GET /xingrg/servlets/image?cache=0.2796609035270491&image=px HTTP/1.1" 200 807
180.169.147.146 - - [03/Mar/2021:09:51:51 +0800] "GET /xingrg/all/report/report_query.html?isQuery=1&fileName=kc/base/crk_detail_by_materiel.xml&queryString=&queryText=%25E3%2580%2590%25E4%25BB%2593%25E5%25BA%2593%25E5%2590%258D%25E7%25A7%25B0%253A%25E7%25A4%25BC%25E7%259B%2592%25E5%25BA%2593%25E3%2580%2591%25E3%2580%2590%25E4%25B8%259A%25E5%258A%25A1%25E7%25B1%25BB%25E5%259E%258B%25EF%25BC%259A%25E5%2586%2585%25E9%2583%25A8%25E8%25B0%2583%25E5%2585%25A5%25E3%2580%2591%2520%253F%253F%253F%253F%253F2021-02-01%253F%253F2021-02-28%2520%253F%253F%253F%253F%253F%25D0%25BF%253F&tableQueryString=crk_table%2524sp1%2524order_day%2520between%252020210201%2520and%252020210228%2520and%2520(base_code%253D'0010711')%2520and%2520(src_order_type%2520in%2520(42))%2520and%2520(is_rk%2520in%2520(1))%2520and%2520(m.sort_code%253D'00101010') HTTP/1.1" 200 53811
180.169.147.146 - - [03/Mar/2021:09:51:51 +0800] "GET /xingrg/dwr/interface/AjaxReportQueryService.js HTTP/1.1" 200 13203
180.169.147.146 - - [03/Mar/2021:09:51:51 +0800] "GET /xingrg/dwr/engine.js HTTP/1.1" 200 43631
180.169.147.146 - - [03/Mar/2021:09:51:52 +0800] "POST /xingrg/all/report/load_report_page.html HTTP/1.1" 200 15999
180.169.147.146 - - [03/Mar/2021:09:51:52 +0800] "GET /xingrg/servlets/image?cache=0.330431826620626&image=px HTTP/1.1" 200 807
120.253.135.82 - - [03/Mar/2021:09:51:53 +0800] "GET /xingrg/check_reg.html?_=1614736322998 HTTP/1.1" 200 22
101.228.165.174 - - [03/Mar/2021:09:51:56 +0800] "GET /xingrg/all/function/internal_message.html?_=1614736320283&CODE_STATE=getMsg HTTP/1.1" 302 -
114.88.166.193 - - [03/Mar/2021:09:51:57 +0800] "GET /xingrg/kc/buy/cgsh_order_operate.html?command=get_materiel&rest_code=00111&code=00101012051&supplier_code=00100037&order_time=2021-03-03 HTTP/1.1" 200 408
180.169.147.146 - - [03/Mar/2021:09:51:58 +0800] "GET /xingrg/all/function/internal_message.html?_=1614736317999&CODE_STATE=getMsg HTTP/1.1" 200 27
101.228.165.174 - - [03/Mar/2021:09:51:59 +0800] "GET /xingrg/all/function/internal_message.html?_=1614736330583&CODE_STATE=getMsg HTTP/1.1" 200 27
180.169.147.146 - - [03/Mar/2021:09:52:00 +0800] "GET /xingrg/all/function/internal_message.html?_=1614736321830&CODE_STATE=getMsg HTTP/1.1" 200 27
180.169.147.146 - - [03/Mar/2021:09:52:03 +0800] "GET /xingrg/all/function/internal_message.html?_=1614736325909&CODE_STATE=getMsg HTTP/1.1" 200 27
120.253.135.82 - - [03/Mar/2021:09:52:05 +0800] "GET /xingrg/all/function/internal_message.html?_=1614736335353&CODE_STATE=getMsg HTTP/1.1" 200 27
116.224.253.72 - - [03/Mar/2021:09:52:05 +0800] "GET /xingrg/all/function/internal_message.html?_=1614736328558&CODE_STATE=getMsg HTTP/1.1" 200 27
180.174.195.252 - - [03/Mar/2021:09:52:05 +0800] "GET /xingrg/kc/buy/cgsh_order_operate.html?command=get_materiel&rest_code=00102&code=00101006112&supplier_code=00100096&order_time=2021-03-03 HTTP/1.1" 200 411
180.169.147.146 - - [03/Mar/2021:09:52:06 +0800] "POST /xingrg/load_menu.html HTTP/1.1" 200 9695
116.224.253.72 - - [03/Mar/2021:09:52:07 +0800] "GET /xingrg/all/function/internal_message.html?_=1614736295294&CODE_STATE=getMsg HTTP/1.1" 200 27
180.169.147.146 - - [03/Mar/2021:09:52:08 +0800] "GET /xingrg/all/report/report_query.html?fileName=dma/new_5.0/menu/menu_category_hz.xml HTTP/1.1" 200 53064
180.169.147.146 - - [03/Mar/2021:09:52:09 +0800] "GET /xingrg/dwr/interface/AjaxReportQueryService.js HTTP/1.1" 200 13203
180.169.147.146 - - [03/Mar/2021:09:52:09 +0800] "GET /xingrg/dwr/engine.js HTTP/1.1" 200 43631
180.169.147.146 - - [03/Mar/2021:09:52:09 +0800] "POST /xingrg/dwr/call/plaincall/AjaxReportQueryService.getFixDate.dwr HTTP/1.1" 200 111
180.169.147.146 - - [03/Mar/2021:09:52:09 +0800] "POST /xingrg/all/common/load_tree.html?tree=area_station_tree_json&manage=1 HTTP/1.1" 200 3240
180.169.147.146 - - [03/Mar/2021:09:52:09 +0800] "GET /xingrg/javascript/multi_select/dropdown.gif HTTP/1.1" 200 61
180.174.195.252 - - [03/Mar/2021:09:52:09 +0800] "GET /xingrg/all/function/internal_message.html?_=1614736330281&CODE_STATE=getMsg HTTP/1.1" 200 27
61.165.42.208 - - [03/Mar/2021:09:52:09 +0800] "GET /xingrg/all/function/internal_message.html?_=1614736331475&CODE_STATE=getMsg HTTP/1.1" 200 27
117.185.32.26 - - [03/Mar/2021:09:52:12 +0800] "GET /xingrg/all/function/internal_message.html?_=1614736831770&CODE_STATE=getMsg HTTP/1.1" 200 27
180.169.147.146 - - [03/Mar/2021:09:52:13 +0800] "GET /xingrg/all/report/report_query.html?fileName=dma/new_5.0/menu/menu_stca_hz.xml HTTP/1.1" 200 51418
180.169.147.146 - - [03/Mar/2021:09:52:13 +0800] "GET /xingrg/dwr/interface/AjaxReportQueryService.js HTTP/1.1" 200 13203
180.169.147.146 - - [03/Mar/2021:09:52:13 +0800] "GET /xingrg/dwr/engine.js HTTP/1.1" 200 43631
180.169.147.146 - - [03/Mar/2021:09:52:13 +0800] "POST /xingrg/dwr/call/plaincall/AjaxReportQueryService.getFixDate.dwr HTTP/1.1" 200 111
180.169.147.146 - - [03/Mar/2021:09:52:13 +0800] "POST /xingrg/all/common/load_tree.html?tree=area_station_tree_json&manage=1 HTTP/1.1" 200 3240
58.40.7.146 - - [03/Mar/2021:09:52:16 +0800] "GET /xingrg/all/function/internal_message.html?_=1614736336448&CODE_STATE=getMsg HTTP/1.1" 200 27
180.169.147.146 - - [03/Mar/2021:09:52:16 +0800] "GET /favicon.ico HTTP/1.1" 404 -
180.169.147.146 - - [03/Mar/2021:09:52:16 +0800] "POST /xingrg/dwr/call/plaincall/AjaxReportQueryService.getFixDate.dwr HTTP/1.1" 200 111
114.88.166.193 - - [03/Mar/2021:09:52:19 +0800] "GET /xingrg/kc/buy/cgsh_order_operate.html?command=get_materiel&rest_code=00111&code=00101008560&supplier_code=00100037&order_time=2021-03-03 HTTP/1.1" 200 398
180.174.195.252 - - [03/Mar/2021:09:52:20 +0800] "GET /xingrg/kc/buy/cgsh_order_operate.html?command=get_materiel&rest_code=00102&code=00101001075&supplier_code=00100096&order_time=2021-03-03 HTTP/1.1" 200 409
114.86.225.2 - - [03/Mar/2021:09:52:21 +0800] "GET /xingrg/all/function/internal_message.html?_=1614736343037&CODE_STATE=getMsg HTTP/1.1" 200 27
114.86.225.2 - - [03/Mar/2021:09:52:21 +0800] "GET /xingrg/check_reg.html?_=1614736343038 HTTP/1.1" 200 22
101.85.93.83 - - [03/Mar/2021:09:52:22 +0800] "GET /xingrg/all/function/internal_message.html?_=1614735942798&CODE_STATE=getMsg HTTP/1.1" 200 27
58.37.230.33 - - [03/Mar/2021:09:52:24 +0800] "GET /xingrg/all/function/internal_message.html?_=1614736343657&CODE_STATE=getMsg HTTP/1.1" 200 27
116.228.172.94 - - [03/Mar/2021:09:52:24 +0800] "GET /xingrg/all/function/internal_message.html?_=1614736344638&CODE_STATE=getMsg HTTP/1.1" 200 27
180.169.147.146 - - [03/Mar/2021:09:52:25 +0800] "POST /xingrg/dwr/call/plaincall/AjaxReportQueryService.refreshCache.dwr HTTP/1.1" 200 78
180.169.147.146 - - [03/Mar/2021:09:52:26 +0800] "POST /xingrg/all/report/load_report_page.html HTTP/1.1" 200 42877
180.169.147.146 - - [03/Mar/2021:09:52:26 +0800] "GET /xingrg/images/blue/button/back2.gif HTTP/1.1" 200 1339
180.169.147.146 - - [03/Mar/2021:09:52:26 +0800] "GET /xingrg/images/blue/button/back.gif HTTP/1.1" 200 1352
180.169.147.146 - - [03/Mar/2021:09:52:26 +0800] "GET /xingrg/servlets/image?cache=0.10271387504041363&image=px HTTP/1.1" 200 807
222.69.138.53 - - [03/Mar/2021:09:52:26 +0800] "GET /xingrg/all/function/internal_message.html?_=1614736346893&CODE_STATE=getMsg HTTP/1.1" 200 27
180.169.147.146 - - [03/Mar/2021:09:52:29 +0800] "GET /xingrg/all/report/report_query.html?isQuery=1&fileName=dma/new_5.0/menu/menu_hz.xml&queryString=(a.sale_day%2520between%252020210201%2520and%252020210228)%2520and%2520(a.sid%2520in%2520(10))%2520and%2520(a.tj_code%253D14)&queryText=%25E3%2580%2590%25E8%2590%25A5%25E4%25B8%259A%25E6%2597%25A5%25E6%259C%259F%253A2021-02-01%2520%25E8%2587%25B3%25202021-02-28%25E3%2580%2591%2520%25E5%25B9%25B6%25E4%25B8%2594%2520%2520%25E3%2580%2590%25E9%2597%25A8%25E5%25BA%2597%25E5%2590%258D%25E7%25A7%25B0%2520%253D%2520%25E8%2599%25B9%25E5%258F%25A3%25E6%25A6%2595%25E6%25B8%25AF%25E3%2580%2591%2520%25E5%25B9%25B6%25E4%25B8%2594%2520%25E3%2580%2590%25E7%25BB%259F%25E8%25AE%25A1%25E7%25B1%25BB%25E5%2588%25AB%2520%253D%2520%25E7%25A4%25BC%25E7%259B%2592%25E3%2580%2591 HTTP/1.1" 200 54104
180.169.147.146 - - [03/Mar/2021:09:52:29 +0800] "GET /xingrg/dwr/engine.js HTTP/1.1" 200 43631
180.169.147.146 - - [03/Mar/2021:09:52:29 +0800] "GET /favicon.ico HTTP/1.1" 404 -
180.169.147.146 - - [03/Mar/2021:09:52:30 +0800] "POST /xingrg/all/report/load_report_page.html HTTP/1.1" 200 64059
180.169.147.146 - - [03/Mar/2021:09:52:30 +0800] "GET /xingrg/servlets/image?cache=0.695214047810007&image=px HTTP/1.1" 200 807
180.169.147.146 - - [03/Mar/2021:09:52:31 +0800] "GET /xingrg/all/function/internal_message.html?_=1614736352281&CODE_STATE=getMsg HTTP/1.1" 200 27
114.88.166.193 - - [03/Mar/2021:09:52:33 +0800] "GET /xingrg/check_reg.html?_=1614736354042 HTTP/1.1" 200 22
114.88.166.193 - - [03/Mar/2021:09:52:33 +0800] "GET /xingrg/all/function/internal_message.html?_=1614736354103&CODE_STATE=getMsg HTTP/1.1" 200 27
180.174.195.252 - - [03/Mar/2021:09:52:33 +0800] "GET /xingrg/all/function/internal_message.html?_=1614736612611&CODE_STATE=getMsg HTTP/1.1" 200 27
120.253.135.82 - - [03/Mar/2021:09:52:41 +0800] "GET /xingrg/check_reg.html?_=1614736130660 HTTP/1.1" 200 22
180.174.195.252 - - [03/Mar/2021:09:52:45 +0800] "GET /xingrg/kc/buy/cgsh_order_operate.html?command=get_materiel&rest_code=00102&code=00101007034&supplier_code=00100096&order_time=2021-03-03 HTTP/1.1" 200 410
222.70.216.220 - - [03/Mar/2021:09:52:46 +0800] "GET /xingrg/all/function/internal_message.html?_=1614736366883&CODE_STATE=getMsg HTTP/1.1" 200 27
180.169.147.146 - - [03/Mar/2021:09:52:53 +0800] "GET /xingrg/kc/base/check_order_list.html HTTP/1.1" 200 16720
180.169.147.146 - - [03/Mar/2021:09:52:53 +0800] "POST /xingrg/kc/base/check_list_operate.html HTTP/1.1" 200 1878
180.169.147.146 - - [03/Mar/2021:09:52:55 +0800] "GET /xingrg/kc/base/check_order_info.html?code=452021030200036 HTTP/1.1" 200 26435
180.169.147.146 - - [03/Mar/2021:09:52:55 +0800] "GET /xingrg/dwr/interface/AjaxComOrderService.js HTTP/1.1" 200 18264
180.169.147.146 - - [03/Mar/2021:09:52:55 +0800] "GET /xingrg/dwr/interface/AjaxCheckService.js HTTP/1.1" 200 14003
180.169.147.146 - - [03/Mar/2021:09:52:55 +0800] "GET /xingrg/dwr/engine.js HTTP/1.1" 200 43631
180.169.147.146 - - [03/Mar/2021:09:52:55 +0800] "POST /xingrg/dwr/call/plaincall/AjaxCheckService.loadOrderItems.dwr HTTP/1.1" 200 2971
101.228.165.174 - - [03/Mar/2021:09:52:56 +0800] "GET /xingrg/all/function/internal_message.html?_=1614736380302&CODE_STATE=getMsg HTTP/1.1" 302 -
180.169.147.146 - - [03/Mar/2021:09:52:58 +0800] "GET /xingrg/check_reg.html?_=1614736378001 HTTP/1.1" 200 22
180.169.147.146 - - [03/Mar/2021:09:52:58 +0800] "GET /xingrg/all/function/internal_message.html?_=1614736378007&CODE_STATE=getMsg HTTP/1.1" 200 27
101.228.165.174 - - [03/Mar/2021:09:52:59 +0800] "GET /xingrg/all/function/internal_message.html?_=1614736390603&CODE_STATE=getMsg HTTP/1.1" 200 27
180.169.147.146 - - [03/Mar/2021:09:53:00 +0800] "GET /xingrg/all/function/internal_message.html?_=1614736381844&CODE_STATE=getMsg HTTP/1.1" 200 27
180.169.147.146 - - [03/Mar/2021:09:53:02 +0800] "POST /xingrg/dwr/call/plaincall/AjaxCheckService.setItemNumber.dwr HTTP/1.1" 200 76
180.169.147.146 - - [03/Mar/2021:09:53:03 +0800] "GET /xingrg/all/function/internal_message.html?_=1614736385912&CODE_STATE=getMsg HTTP/1.1" 200 27
120.253.135.82 - - [03/Mar/2021:09:53:05 +0800] "GET /xingrg/all/function/internal_message.html?_=1614736395367&CODE_STATE=getMsg HTTP/1.1" 200 27
116.224.253.72 - - [03/Mar/2021:09:53:05 +0800] "GET /xingrg/all/function/internal_message.html?_=1614736388535&CODE_STATE=getMsg HTTP/1.1" 200 27
116.224.253.72 - - [03/Mar/2021:09:53:07 +0800] "GET /xingrg/all/function/internal_message.html?_=1614736355303&CODE_STATE=getMsg HTTP/1.1" 200 27
180.174.195.252 - - [03/Mar/2021:09:53:09 +0800] "GET /xingrg/all/function/internal_message.html?_=1614736390341&CODE_STATE=getMsg HTTP/1.1" 200 27
61.165.42.208 - - [03/Mar/2021:09:53:09 +0800] "GET /xingrg/all/function/internal_message.html?_=1614736391473&CODE_STATE=getMsg HTTP/1.1" 200 27
180.169.147.146 - - [03/Mar/2021:09:53:11 +0800] "POST /xingrg/dwr/call/plaincall/AjaxCheckService.checkOrder.dwr HTTP/1.1" 200 78
117.185.32.26 - - [03/Mar/2021:09:53:12 +0800] "GET /xingrg/all/function/internal_message.html?_=1614736891769&CODE_STATE=getMsg HTTP/1.1" 200 27
180.174.195.252 - - [03/Mar/2021:09:53:12 +0800] "GET /xingrg/kc/buy/cgsh_order_operate.html?command=get_materiel&rest_code=00102&code=00101007081&supplier_code=00100096&order_time=2021-03-03 HTTP/1.1" 200 413
180.169.147.146 - - [03/Mar/2021:09:53:12 +0800] "GET /xingrg/kc/base/check_order_info.html?code=452021030200036 HTTP/1.1" 200 23118
180.169.147.146 - - [03/Mar/2021:09:53:12 +0800] "GET /xingrg/dwr/interface/AjaxComOrderService.js HTTP/1.1" 200 18264
180.169.147.146 - - [03/Mar/2021:09:53:12 +0800] "GET /xingrg/dwr/interface/AjaxCheckService.js HTTP/1.1" 200 14003
180.169.147.146 - - [03/Mar/2021:09:53:12 +0800] "GET /xingrg/dwr/engine.js HTTP/1.1" 200 43631
180.169.147.146 - - [03/Mar/2021:09:53:13 +0800] "GET /xingrg/javascript/jquery_easy_ui/themes/icons/uncheck_new.png HTTP/1.1" 200 3197
180.169.147.146 - - [03/Mar/2021:09:53:13 +0800] "GET /xingrg/javascript/jquery_easy_ui/themes/icons/exam_new.png HTTP/1.1" 200 756
180.169.147.146 - - [03/Mar/2021:09:53:13 +0800] "POST /xingrg/dwr/call/plaincall/AjaxCheckService.loadOrderItems.dwr HTTP/1.1" 200 1548
180.169.147.146 - - [03/Mar/2021:09:53:16 +0800] "GET /xingrg/kc/base/check_order_list.html?isBack=1 HTTP/1.1" 200 16720
180.169.147.146 - - [03/Mar/2021:09:53:16 +0800] "POST /xingrg/kc/base/check_list_operate.html HTTP/1.1" 200 1557
58.40.7.146 - - [03/Mar/2021:09:53:16 +0800] "GET /xingrg/all/function/internal_message.html?_=1614736396451&CODE_STATE=getMsg HTTP/1.1" 200 27
58.40.7.146 - - [03/Mar/2021:09:53:16 +0800] "GET /xingrg/check_reg.html?_=1614736396452 HTTP/1.1" 200 22
114.86.225.2 - - [03/Mar/2021:09:53:21 +0800] "GET /xingrg/all/function/internal_message.html?_=1614736403036&CODE_STATE=getMsg HTTP/1.1" 200 27
101.85.93.83 - - [03/Mar/2021:09:53:22 +0800] "GET /xingrg/all/function/internal_message.html?_=1614736002798&CODE_STATE=getMsg HTTP/1.1" 200 27
58.37.230.33 - - [03/Mar/2021:09:53:24 +0800] "GET /xingrg/all/function/internal_message.html?_=1614736403630&CODE_STATE=getMsg HTTP/1.1" 200 27
116.228.172.94 - - [03/Mar/2021:09:53:24 +0800] "GET /xingrg/all/function/internal_message.html?_=1614736404640&CODE_STATE=getMsg HTTP/1.1" 200 27
180.169.147.146 - - [03/Mar/2021:09:53:25 +0800] "POST /xingrg/kc/base/check_list_operate.html HTTP/1.1" 200 5430
222.69.138.53 - - [03/Mar/2021:09:53:26 +0800] "GET /xingrg/all/function/internal_message.html?_=1614736406878&CODE_STATE=getMsg HTTP/1.1" 200 27
180.169.147.146 - - [03/Mar/2021:09:53:29 +0800] "POST /xingrg/kc/base/check_list_operate.html HTTP/1.1" 200 1557
180.169.147.146 - - [03/Mar/2021:09:53:31 +0800] "GET /xingrg/kc/base/check_order_info.html?code=452021022800171 HTTP/1.1" 200 26444
180.169.147.146 - - [03/Mar/2021:09:53:31 +0800] "GET /xingrg/dwr/interface/AjaxComOrderService.js HTTP/1.1" 200 18264
180.169.147.146 - - [03/Mar/2021:09:53:31 +0800] "GET /xingrg/dwr/interface/AjaxCheckService.js HTTP/1.1" 200 14003
180.169.147.146 - - [03/Mar/2021:09:53:31 +0800] "GET /xingrg/dwr/engine.js HTTP/1.1" 200 43631
180.169.147.146 - - [03/Mar/2021:09:53:31 +0800] "GET /xingrg/check_reg.html?_=1614736412265 HTTP/1.1" 200 22
180.169.147.146 - - [03/Mar/2021:09:53:31 +0800] "GET /xingrg/all/function/internal_message.html?_=1614736412266&CODE_STATE=getMsg HTTP/1.1" 200 27
180.169.147.146 - - [03/Mar/2021:09:53:31 +0800] "POST /xingrg/dwr/call/plaincall/AjaxCheckService.loadOrderItems.dwr HTTP/1.1" 200 206300
180.174.195.252 - - [03/Mar/2021:09:53:32 +0800] "GET /xingrg/check_reg.html?_=1614736671345 HTTP/1.1" 200 22
180.174.195.252 - - [03/Mar/2021:09:53:32 +0800] "GET /xingrg/kc/buy/cgsh_order_operate.html?command=get_materiel&rest_code=00102&code=00101006133&supplier_code=00100096&order_time=2021-03-03 HTTP/1.1" 200 414
114.88.166.193 - - [03/Mar/2021:09:53:33 +0800] "GET /xingrg/all/function/internal_message.html?_=1614736414117&CODE_STATE=getMsg HTTP/1.1" 200 27
180.174.195.252 - - [03/Mar/2021:09:53:33 +0800] "GET /xingrg/all/function/internal_message.html?_=1614736672619&CODE_STATE=getMsg HTTP/1.1" 200 27
222.70.216.220 - - [03/Mar/2021:09:53:46 +0800] "GET /xingrg/all/function/internal_message.html?_=1614736426885&CODE_STATE=getMsg HTTP/1.1" 200 27
180.174.195.252 - - [03/Mar/2021:09:53:56 +0800] "GET /xingrg/kc/buy/cgsh_order_operate.html?command=get_materiel&rest_code=00102&code=00101012025&supplier_code=00100096&order_time=2021-03-03 HTTP/1.1" 200 412
101.228.165.174 - - [03/Mar/2021:09:53:56 +0800] "GET /xingrg/all/function/internal_message.html?_=1614736440310&CODE_STATE=getMsg HTTP/1.1" 302 -
180.169.147.146 - - [03/Mar/2021:09:53:58 +0800] "GET /xingrg/all/function/internal_message.html?_=1614736437996&CODE_STATE=getMsg HTTP/1.1" 200 27
101.228.165.174 - - [03/Mar/2021:09:53:59 +0800] "GET /xingrg/all/function/internal_message.html?_=1614736450853&CODE_STATE=getMsg HTTP/1.1" 200 27
180.169.147.146 - - [03/Mar/2021:09:54:00 +0800] "GET /xingrg/all/function/internal_message.html?_=1614736441845&CODE_STATE=getMsg HTTP/1.1" 200 27
180.169.147.146 - - [03/Mar/2021:09:54:03 +0800] "GET /xingrg/all/function/internal_message.html?_=1614736445914&CODE_STATE=getMsg HTTP/1.1" 200 27
120.253.135.82 - - [03/Mar/2021:09:54:05 +0800] "GET /xingrg/all/function/internal_message.html?_=1614736455385&CODE_STATE=getMsg HTTP/1.1" 200 27
116.224.253.72 - - [03/Mar/2021:09:54:05 +0800] "GET /xingrg/all/function/internal_message.html?_=1614736448507&CODE_STATE=getMsg HTTP/1.1" 200 27
116.224.253.72 - - [03/Mar/2021:09:54:06 +0800] "GET /xingrg/check_reg.html?_=1614736414758 HTTP/1.1" 200 22
116.224.253.72 - - [03/Mar/2021:09:54:07 +0800] "GET /xingrg/all/function/internal_message.html?_=1614736415316&CODE_STATE=getMsg HTTP/1.1" 200 27
180.174.195.252 - - [03/Mar/2021:09:54:09 +0800] "GET /xingrg/kc/buy/cgsh_order_operate.html?command=get_materiel&rest_code=00102&code=00101012052&supplier_code=00100096&order_time=2021-03-03 HTTP/1.1" 200 412
180.174.195.252 - - [03/Mar/2021:09:54:09 +0800] "GET /xingrg/all/function/internal_message.html?_=1614736450366&CODE_STATE=getMsg HTTP/1.1" 200 27
61.165.42.208 - - [03/Mar/2021:09:54:09 +0800] "GET /xingrg/all/function/internal_message.html?_=1614736451489&CODE_STATE=getMsg HTTP/1.1" 200 27
61.165.42.208 - - [03/Mar/2021:09:54:09 +0800] "GET /xingrg/check_reg.html?_=1614736451490 HTTP/1.1" 200 22
117.185.32.26 - - [03/Mar/2021:09:54:12 +0800] "GET /xingrg/check_reg.html?_=1614736951793 HTTP/1.1" 200 22
117.185.32.26 - - [03/Mar/2021:09:54:12 +0800] "GET /xingrg/all/function/internal_message.html?_=1614736951794&CODE_STATE=getMsg HTTP/1.1" 200 27
58.40.7.146 - - [03/Mar/2021:09:54:16 +0800] "GET /xingrg/all/function/internal_message.html?_=1614736456455&CODE_STATE=getMsg HTTP/1.1" 200 27
114.88.166.193 - - [03/Mar/2021:09:54:19 +0800] "GET /xingrg/kc/buy/cgsh_order_operate.html?command=get_materiel&rest_code=00111&code=00101020153&supplier_code=00100037&order_time=2021-03-03 HTTP/1.1" 200 408
114.86.225.2 - - [03/Mar/2021:09:54:21 +0800] "GET /xingrg/all/function/internal_message.html?_=1614736463034&CODE_STATE=getMsg HTTP/1.1" 200 27
180.174.195.252 - - [03/Mar/2021:09:54:21 +0800] "GET /xingrg/kc/buy/cgsh_order_operate.html?command=get_materiel&rest_code=00102&code=00101001060&supplier_code=00100096&order_time=2021-03-03 HTTP/1.1" 200 421
101.85.93.83 - - [03/Mar/2021:09:54:22 +0800] "GET /xingrg/all/function/internal_message.html?_=1614736062825&CODE_STATE=getMsg HTTP/1.1" 200 27
58.37.230.33 - - [03/Mar/2021:09:54:24 +0800] "GET /xingrg/all/function/internal_message.html?_=1614736463608&CODE_STATE=getMsg HTTP/1.1" 200 27
116.228.172.94 - - [03/Mar/2021:09:54:24 +0800] "GET /xingrg/all/function/internal_message.html?_=1614736464642&CODE_STATE=getMsg HTTP/1.1" 200 27
58.37.230.33 - - [03/Mar/2021:09:54:25 +0800] "GET /xingrg/check_reg.html?_=1614736464537 HTTP/1.1" 200 22
222.69.138.53 - - [03/Mar/2021:09:54:26 +0800] "GET /xingrg/all/function/internal_message.html?_=1614736466863&CODE_STATE=getMsg HTTP/1.1" 200 27
222.69.138.53 - - [03/Mar/2021:09:54:27 +0800] "GET /xingrg/check_reg.html?_=1614736467288 HTTP/1.1" 200 22
180.169.147.146 - - [03/Mar/2021:09:54:31 +0800] "GET /xingrg/all/function/internal_message.html?_=1614736472280&CODE_STATE=getMsg HTTP/1.1" 200 27
101.228.165.174 - - [03/Mar/2021:09:54:32 +0800] "GET /xingrg/check_reg.html?_=1614736483633 HTTP/1.1" 200 22
114.88.166.193 - - [03/Mar/2021:09:54:33 +0800] "GET /xingrg/all/function/internal_message.html?_=1614736474131&CODE_STATE=getMsg HTTP/1.1" 200 27
180.174.195.252 - - [03/Mar/2021:09:54:33 +0800] "GET /xingrg/all/function/internal_message.html?_=1614736732633&CODE_STATE=getMsg HTTP/1.1" 200 27
180.174.195.252 - - [03/Mar/2021:09:54:36 +0800] "GET /xingrg/kc/buy/cgsh_order_operate.html?command=get_materiel&rest_code=00102&code=00101001010&supplier_code=00100096&order_time=2021-03-03 HTTP/1.1" 200 410
101.228.165.174 - - [03/Mar/2021:09:54:45 +0800] "GET /xingrg/check_reg.html?_=1614736489301 HTTP/1.1" 302 -
222.70.216.220 - - [03/Mar/2021:09:54:46 +0800] "GET /xingrg/check_reg.html?_=1614736486870 HTTP/1.1" 200 22
222.70.216.220 - - [03/Mar/2021:09:54:46 +0800] "GET /xingrg/all/function/internal_message.html?_=1614736486872&CODE_STATE=getMsg HTTP/1.1" 200 27
101.228.165.174 - - [03/Mar/2021:09:54:56 +0800] "GET /xingrg/all/function/internal_message.html?_=1614736500329&CODE_STATE=getMsg HTTP/1.1" 302 -
180.174.195.252 - - [03/Mar/2021:09:54:57 +0800] "GET /xingrg/kc/buy/cgsh_order_operate.html?command=get_materiel&rest_code=00102&code=00101006259&supplier_code=00100096&order_time=2021-03-03 HTTP/1.1" 200 395
180.169.147.146 - - [03/Mar/2021:09:54:58 +0800] "GET /xingrg/all/function/internal_message.html?_=1614736498002&CODE_STATE=getMsg HTTP/1.1" 200 27
101.228.165.174 - - [03/Mar/2021:09:54:59 +0800] "GET /xingrg/all/function/internal_message.html?_=1614736510863&CODE_STATE=getMsg HTTP/1.1" 200 27
180.169.147.146 - - [03/Mar/2021:09:55:00 +0800] "GET /xingrg/all/function/internal_message.html?_=1614736501831&CODE_STATE=getMsg HTTP/1.1" 200 27
180.169.147.146 - - [03/Mar/2021:09:55:03 +0800] "GET /xingrg/all/function/internal_message.html?_=1614736505918&CODE_STATE=getMsg HTTP/1.1" 200 27
116.224.253.72 - - [03/Mar/2021:09:55:05 +0800] "GET /xingrg/all/function/internal_message.html?_=1614736508477&CODE_STATE=getMsg HTTP/1.1" 200 27
120.253.135.82 - - [03/Mar/2021:09:55:05 +0800] "GET /xingrg/all/function/internal_message.html?_=1614736515393&CODE_STATE=getMsg HTTP/1.1" 200 27
116.224.253.72 - - [03/Mar/2021:09:55:07 +0800] "GET /xingrg/all/function/internal_message.html?_=1614736475330&CODE_STATE=getMsg HTTP/1.1" 200 27
180.174.195.252 - - [03/Mar/2021:09:55:09 +0800] "GET /xingrg/all/function/internal_message.html?_=1614736510384&CODE_STATE=getMsg HTTP/1.1" 200 27
61.165.42.208 - - [03/Mar/2021:09:55:09 +0800] "GET /xingrg/all/function/internal_message.html?_=1614736511488&CODE_STATE=getMsg HTTP/1.1" 200 27
117.185.32.26 - - [03/Mar/2021:09:55:12 +0800] "GET /xingrg/all/function/internal_message.html?_=1614737011792&CODE_STATE=getMsg HTTP/1.1" 200 27
180.169.147.146 - - [03/Mar/2021:09:55:12 +0800] "POST /xingrg/kc/base/check_list_operate.html HTTP/1.1" 200 1557
180.169.147.146 - - [03/Mar/2021:09:55:16 +0800] "POST /xingrg/kc/base/check_list_operate.html HTTP/1.1" 200 5430
58.40.7.146 - - [03/Mar/2021:09:55:16 +0800] "GET /xingrg/all/function/internal_message.html?_=1614736516442&CODE_STATE=getMsg HTTP/1.1" 200 27
180.174.195.252 - - [03/Mar/2021:09:55:17 +0800] "GET /xingrg/kc/buy/cgsh_order_operate.html?command=get_materiel&rest_code=00102&code=00101006110&supplier_code=00100096&order_time=2021-03-03 HTTP/1.1" 200 408
114.86.225.2 - - [03/Mar/2021:09:55:21 +0800] "GET /xingrg/all/function/internal_message.html?_=1614736523049&CODE_STATE=getMsg HTTP/1.1" 200 27
101.85.93.83 - - [03/Mar/2021:09:55:22 +0800] "GET /xingrg/all/function/internal_message.html?_=1614736122825&CODE_STATE=getMsg HTTP/1.1" 200 27
58.37.230.33 - - [03/Mar/2021:09:55:24 +0800] "GET /xingrg/all/function/internal_message.html?_=1614736523576&CODE_STATE=getMsg HTTP/1.1" 200 27
116.228.172.94 - - [03/Mar/2021:09:55:24 +0800] "GET /xingrg/all/function/internal_message.html?_=1614736524641&CODE_STATE=getMsg HTTP/1.1" 200 27
116.228.172.94 - - [03/Mar/2021:09:55:24 +0800] "GET /xingrg/check_reg.html?_=1614736524643 HTTP/1.1" 200 22
222.69.138.53 - - [03/Mar/2021:09:55:26 +0800] "GET /xingrg/all/function/internal_message.html?_=1614736526840&CODE_STATE=getMsg HTTP/1.1" 200 27
180.169.147.146 - - [03/Mar/2021:09:55:31 +0800] "GET /xingrg/all/function/internal_message.html?_=1614736532277&CODE_STATE=getMsg HTTP/1.1" 200 27
180.169.147.146 - - [03/Mar/2021:09:55:33 +0800] "POST /xingrg/all/user/operate.html HTTP/1.1" 200 36
180.169.147.146 - - [03/Mar/2021:09:55:33 +0800] "GET /xingrg/javascript/jquery_easy_ui/themes/default/easyui.css HTTP/1.1" 304 -
