222.69.138.53 - - [03/Mar/2021:08:52:40 +0800] "GET /xingrg/kc/buy/cgsh_order_operate.html?command=get_materiel&rest_code=00149&code=00101007061&supplier_code=00100205&order_time=2021-03-01 HTTP/1.1" 200 409
116.224.253.72 - - [03/Mar/2021:08:52:41 +0800] "GET /xingrg/all/function/internal_message.html?_=1614732730011&CODE_STATE=getMsg HTTP/1.1" 200 27
222.70.216.220 - - [03/Mar/2021:08:52:46 +0800] "GET /xingrg/all/function/internal_message.html?_=1614732765064&CODE_STATE=getMsg HTTP/1.1" 200 27
101.228.165.174 - - [03/Mar/2021:08:52:48 +0800] "GET /xingrg/kc/buy/cgsh_order_operate.html?command=get_materiel&rest_code=00146&code=00101008355&supplier_code=00100005&order_time=2021-03-03 HTTP/1.1" 200 408
101.228.165.174 - - [03/Mar/2021:08:52:55 +0800] "GET /xingrg/all/function/internal_message.html?_=1614732786338&CODE_STATE=getMsg HTTP/1.1" 200 27
101.228.165.174 - - [03/Mar/2021:08:52:55 +0800] "GET /xingrg/all/function/internal_message.html?_=1614732779488&CODE_STATE=getMsg HTTP/1.1" 302 -
101.228.165.174 - - [03/Mar/2021:08:53:00 +0800] "GET /xingrg/kc/buy/cgsh_order_operate.html?command=get_materiel&rest_code=00146&code=00101008067&supplier_code=00100005&order_time=2021-03-03 HTTP/1.1" 200 416
120.253.135.82 - - [03/Mar/2021:08:53:03 +0800] "GET /xingrg/check_reg.html?_=1614732553230 HTTP/1.1" 200 22
120.253.135.82 - - [03/Mar/2021:08:53:03 +0800] "GET /xingrg/all/function/internal_message.html?_=1614732553538&CODE_STATE=getMsg HTTP/1.1" 200 27
114.88.166.193 - - [03/Mar/2021:08:53:03 +0800] "GET /xingrg/all/function/internal_message.html?_=1614732784348&CODE_STATE=getMsg HTTP/1.1" 200 27
120.253.135.82 - - [03/Mar/2021:08:53:04 +0800] "GET /xingrg/all/function/internal_message.html?_=1614732794474&CODE_STATE=getMsg HTTP/1.1" 200 27
116.224.253.72 - - [03/Mar/2021:08:53:07 +0800] "GET /xingrg/all/function/internal_message.html?_=1614732789857&CODE_STATE=getMsg HTTP/1.1" 200 27
61.165.42.208 - - [03/Mar/2021:08:53:09 +0800] "GET /xingrg/all/function/internal_message.html?_=1614732791373&CODE_STATE=getMsg HTTP/1.1" 200 27
222.69.138.53 - - [03/Mar/2021:08:53:09 +0800] "POST /xingrg/kc/buy/cgsh_order_operate.html HTTP/1.1" 200 37
117.185.32.26 - - [03/Mar/2021:08:53:11 +0800] "GET /xingrg/all/function/internal_message.html?_=1614733291502&CODE_STATE=getMsg HTTP/1.1" 200 27
222.69.138.53 - - [03/Mar/2021:08:53:14 +0800] "POST /xingrg/kc/buy/cgsh_order_operate.html HTTP/1.1" 200 12
101.228.165.174 - - [03/Mar/2021:08:53:14 +0800] "GET /xingrg/kc/buy/cgsh_order_operate.html?command=get_materiel&rest_code=00146&code=00101008270&supplier_code=00100005&order_time=2021-03-03 HTTP/1.1" 200 412
58.40.7.146 - - [03/Mar/2021:08:53:16 +0800] "GET /xingrg/check_reg.html?_=1614732796386 HTTP/1.1" 200 22
58.40.7.146 - - [03/Mar/2021:08:53:16 +0800] "GET /xingrg/all/function/internal_message.html?_=1614732796389&CODE_STATE=getMsg HTTP/1.1" 200 27
222.69.138.53 - - [03/Mar/2021:08:53:19 +0800] "GET /xingrg/kc/buy/cgsh_order_info.html?code=212021030300722 HTTP/1.1" 200 57057
222.69.138.53 - - [03/Mar/2021:08:53:20 +0800] "GET /xingrg/javascript/easyui/themes/default/validatebox.css HTTP/1.1" 404 1104
222.69.138.53 - - [03/Mar/2021:08:53:20 +0800] "POST /xingrg/kc/buy/cgsh_order_operate.html HTTP/1.1" 200 1190
222.69.138.53 - - [03/Mar/2021:08:53:23 +0800] "GET /xingrg/kc/print/load_data.html?order_code=212021030300722&kc_code=cgsh&condition= HTTP/1.1" 200 915
180.169.147.146 - - [03/Mar/2021:08:53:25 +0800] "GET /xingrg/all/function/internal_message.html?_=1614732806959&CODE_STATE=getMsg HTTP/1.1" 200 27
222.69.138.53 - - [03/Mar/2021:08:53:26 +0800] "GET /xingrg/all/function/internal_message.html?_=1614732807206&CODE_STATE=getMsg HTTP/1.1" 200 27
101.228.165.174 - - [03/Mar/2021:08:53:28 +0800] "GET /xingrg/kc/buy/cgsh_order_operate.html?command=get_materiel&rest_code=00146&code=00101008359&supplier_code=00100005&order_time=2021-03-03 HTTP/1.1" 200 428
101.228.165.174 - - [03/Mar/2021:08:53:38 +0800] "GET /xingrg/kc/buy/cgsh_order_operate.html?command=get_materiel&rest_code=00146&code=00101008027&supplier_code=00100005&order_time=2021-03-03 HTTP/1.1" 200 408
116.224.253.72 - - [03/Mar/2021:08:53:41 +0800] "GET /xingrg/all/function/internal_message.html?_=1614732790132&CODE_STATE=getMsg HTTP/1.1" 200 27
222.70.216.220 - - [03/Mar/2021:08:53:46 +0800] "GET /xingrg/all/function/internal_message.html?_=1614732825067&CODE_STATE=getMsg HTTP/1.1" 200 27
222.69.138.53 - - [03/Mar/2021:08:53:52 +0800] "GET /xingrg/kc/buy/cgsh_order_add.html HTTP/1.1" 200 62157
101.228.165.174 - - [03/Mar/2021:08:53:52 +0800] "GET /xingrg/kc/buy/cgsh_order_operate.html?command=get_materiel&rest_code=00146&code=00101008354&supplier_code=00100005&order_time=2021-03-03 HTTP/1.1" 200 412
222.69.138.53 - - [03/Mar/2021:08:53:52 +0800] "POST /xingrg/kc/buy/cgsh_order_operate.html HTTP/1.1" 200 8245
222.69.138.53 - - [03/Mar/2021:08:53:52 +0800] "GET /xingrg/javascript/easyui/themes/default/validatebox.css HTTP/1.1" 404 1104
101.228.165.174 - - [03/Mar/2021:08:53:55 +0800] "GET /xingrg/all/function/internal_message.html?_=1614732846348&CODE_STATE=getMsg HTTP/1.1" 200 27
101.228.165.174 - - [03/Mar/2021:08:53:55 +0800] "GET /xingrg/all/function/internal_message.html?_=1614732839495&CODE_STATE=getMsg HTTP/1.1" 302 -
120.253.135.82 - - [03/Mar/2021:08:54:03 +0800] "GET /xingrg/all/function/internal_message.html?_=1614732613553&CODE_STATE=getMsg HTTP/1.1" 200 27
114.88.166.193 - - [03/Mar/2021:08:54:03 +0800] "GET /xingrg/check_reg.html?_=1614732844263 HTTP/1.1" 200 22
114.88.166.193 - - [03/Mar/2021:08:54:03 +0800] "GET /xingrg/all/function/internal_message.html?_=1614732844361&CODE_STATE=getMsg HTTP/1.1" 200 27
120.253.135.82 - - [03/Mar/2021:08:54:04 +0800] "GET /xingrg/all/function/internal_message.html?_=1614732854492&CODE_STATE=getMsg HTTP/1.1" 200 27
222.69.138.53 - - [03/Mar/2021:08:54:06 +0800] "GET /xingrg/kc/buy/cgsh_order_operate.html?command=get_materiel&rest_code=00149&code=00101011003&supplier_code=00100051&order_time=2021-03-01 HTTP/1.1" 200 413
116.224.253.72 - - [03/Mar/2021:08:54:07 +0800] "GET /xingrg/all/function/internal_message.html?_=1614732849860&CODE_STATE=getMsg HTTP/1.1" 200 27
101.228.165.174 - - [03/Mar/2021:08:54:07 +0800] "GET /xingrg/kc/buy/cgsh_order_operate.html?command=get_materiel&rest_code=00146&code=00101008028&supplier_code=00100005&order_time=2021-03-03 HTTP/1.1" 200 412
61.165.42.208 - - [03/Mar/2021:08:54:09 +0800] "GET /xingrg/check_reg.html?_=1614732851452 HTTP/1.1" 200 22
61.165.42.208 - - [03/Mar/2021:08:54:09 +0800] "GET /xingrg/all/function/internal_message.html?_=1614732851451&CODE_STATE=getMsg HTTP/1.1" 200 27
117.185.32.26 - - [03/Mar/2021:08:54:11 +0800] "GET /xingrg/check_reg.html?_=1614733351529 HTTP/1.1" 200 22
117.185.32.26 - - [03/Mar/2021:08:54:11 +0800] "GET /xingrg/all/function/internal_message.html?_=1614733351528&CODE_STATE=getMsg HTTP/1.1" 200 27
58.40.7.146 - - [03/Mar/2021:08:54:16 +0800] "GET /xingrg/all/function/internal_message.html?_=1614732856392&CODE_STATE=getMsg HTTP/1.1" 200 27
222.69.138.53 - - [03/Mar/2021:08:54:16 +0800] "GET /xingrg/kc/buy/cgsh_order_operate.html?command=get_materiel&rest_code=00149&code=00101011005&supplier_code=00100051&order_time=2021-03-01 HTTP/1.1" 200 428
101.228.165.174 - - [03/Mar/2021:08:54:18 +0800] "GET /xingrg/kc/buy/cgsh_order_operate.html?command=get_materiel&rest_code=00146&code=00101008338&supplier_code=00100005&order_time=2021-03-03 HTTP/1.1" 200 408
180.169.147.146 - - [03/Mar/2021:08:54:25 +0800] "GET /xingrg/all/function/internal_message.html?_=1614732866983&CODE_STATE=getMsg HTTP/1.1" 200 27
222.69.138.53 - - [03/Mar/2021:08:54:26 +0800] "GET /xingrg/check_reg.html?_=1614732867193 HTTP/1.1" 200 22
222.69.138.53 - - [03/Mar/2021:08:54:26 +0800] "GET /xingrg/all/function/internal_message.html?_=1614732867196&CODE_STATE=getMsg HTTP/1.1" 200 27
101.228.165.174 - - [03/Mar/2021:08:54:31 +0800] "GET /xingrg/kc/buy/cgsh_order_operate.html?command=get_materiel&rest_code=00146&code=00101008290&supplier_code=00100005&order_time=2021-03-03 HTTP/1.1" 200 416
101.228.165.174 - - [03/Mar/2021:08:54:31 +0800] "GET /xingrg/check_reg.html?_=1614732883128 HTTP/1.1" 200 22
222.69.138.53 - - [03/Mar/2021:08:54:34 +0800] "POST /xingrg/kc/buy/cgsh_order_operate.html HTTP/1.1" 200 37
222.69.138.53 - - [03/Mar/2021:08:54:38 +0800] "POST /xingrg/kc/buy/cgsh_order_operate.html HTTP/1.1" 200 12
222.69.138.53 - - [03/Mar/2021:08:54:39 +0800] "GET /xingrg/kc/buy/cgsh_order_info.html?code=212021030300723 HTTP/1.1" 200 57059
222.69.138.53 - - [03/Mar/2021:08:54:39 +0800] "GET /xingrg/javascript/easyui/themes/default/validatebox.css HTTP/1.1" 404 1104
222.69.138.53 - - [03/Mar/2021:08:54:39 +0800] "POST /xingrg/kc/buy/cgsh_order_operate.html HTTP/1.1" 200 1197
222.69.138.53 - - [03/Mar/2021:08:54:40 +0800] "GET /xingrg/kc/print/load_data.html?order_code=212021030300723&kc_code=cgsh&condition= HTTP/1.1" 200 948
116.224.253.72 - - [03/Mar/2021:08:54:41 +0800] "GET /xingrg/all/function/internal_message.html?_=1614732850147&CODE_STATE=getMsg HTTP/1.1" 200 27
101.228.165.174 - - [03/Mar/2021:08:54:45 +0800] "GET /xingrg/check_reg.html?_=1614732889234 HTTP/1.1" 302 -
222.70.216.220 - - [03/Mar/2021:08:54:46 +0800] "GET /xingrg/check_reg.html?_=1614732885056 HTTP/1.1" 200 22
222.70.216.220 - - [03/Mar/2021:08:54:46 +0800] "GET /xingrg/all/function/internal_message.html?_=1614732885059&CODE_STATE=getMsg HTTP/1.1" 200 27
101.228.165.174 - - [03/Mar/2021:08:54:55 +0800] "GET /xingrg/all/function/internal_message.html?_=1614732906358&CODE_STATE=getMsg HTTP/1.1" 200 27
101.228.165.174 - - [03/Mar/2021:08:54:56 +0800] "GET /xingrg/all/function/internal_message.html?_=1614732899514&CODE_STATE=getMsg HTTP/1.1" 302 -
222.69.138.53 - - [03/Mar/2021:08:54:59 +0800] "GET /xingrg/kc/buy/cgsh_order_add.html HTTP/1.1" 200 62157
222.69.138.53 - - [03/Mar/2021:08:54:59 +0800] "POST /xingrg/kc/buy/cgsh_order_operate.html HTTP/1.1" 200 8245
222.69.138.53 - - [03/Mar/2021:08:54:59 +0800] "GET /xingrg/javascript/easyui/themes/default/validatebox.css HTTP/1.1" 404 1104
120.253.135.82 - - [03/Mar/2021:08:55:03 +0800] "GET /xingrg/all/function/internal_message.html?_=1614732673566&CODE_STATE=getMsg HTTP/1.1" 200 27
114.88.166.193 - - [03/Mar/2021:08:55:03 +0800] "GET /xingrg/all/function/internal_message.html?_=1614732904375&CODE_STATE=getMsg HTTP/1.1" 200 27
120.253.135.82 - - [03/Mar/2021:08:55:04 +0800] "GET /xingrg/all/function/internal_message.html?_=1614732914501&CODE_STATE=getMsg HTTP/1.1" 200 27
116.224.253.72 - - [03/Mar/2021:08:55:07 +0800] "GET /xingrg/check_reg.html?_=1614732909859 HTTP/1.1" 200 22
116.224.253.72 - - [03/Mar/2021:08:55:07 +0800] "GET /xingrg/all/function/internal_message.html?_=1614732909864&CODE_STATE=getMsg HTTP/1.1" 200 27
61.165.42.208 - - [03/Mar/2021:08:55:09 +0800] "GET /xingrg/all/function/internal_message.html?_=1614732911393&CODE_STATE=getMsg HTTP/1.1" 200 27
222.69.138.53 - - [03/Mar/2021:08:55:09 +0800] "GET /xingrg/kc/buy/cgsh_order_operate.html?command=get_materiel&rest_code=00149&code=00101004065&supplier_code=00100083&order_time=2021-03-01 HTTP/1.1" 200 433
101.228.165.174 - - [03/Mar/2021:08:55:11 +0800] "GET /xingrg/kc/buy/cgsh_order_operate.html?command=get_materiel&rest_code=00146&code=00101008356&supplier_code=00100005&order_time=2021-03-03 HTTP/1.1" 200 408
117.185.32.26 - - [03/Mar/2021:08:55:11 +0800] "GET /xingrg/all/function/internal_message.html?_=1614733411527&CODE_STATE=getMsg HTTP/1.1" 200 27
180.169.147.146 - - [03/Mar/2021:08:55:15 +0800] "GET /xingrg/check_reg.html?_=1614732916583 HTTP/1.1" 200 22
58.40.7.146 - - [03/Mar/2021:08:55:16 +0800] "GET /xingrg/all/function/internal_message.html?_=1614732916394&CODE_STATE=getMsg HTTP/1.1" 200 27
101.228.165.174 - - [03/Mar/2021:08:55:20 +0800] "GET /xingrg/kc/buy/cgsh_order_operate.html?command=get_materiel&rest_code=00146&code=00101008361&supplier_code=00100005&order_time=2021-03-03 HTTP/1.1" 200 408
222.69.138.53 - - [03/Mar/2021:08:55:21 +0800] "GET /xingrg/kc/buy/cgsh_order_operate.html?command=get_materiel&rest_code=00149&code=00101004090&supplier_code=00100083&order_time=2021-03-01 HTTP/1.1" 200 391
180.169.147.146 - - [03/Mar/2021:08:55:25 +0800] "GET /xingrg/all/function/internal_message.html?_=1614732926987&CODE_STATE=getMsg HTTP/1.1" 200 27
222.69.138.53 - - [03/Mar/2021:08:55:26 +0800] "GET /xingrg/all/function/internal_message.html?_=1614732927225&CODE_STATE=getMsg HTTP/1.1" 200 27
222.69.138.53 - - [03/Mar/2021:08:55:27 +0800] "GET /xingrg/kc/buy/cgsh_order_operate.html?command=get_materiel&rest_code=00149&code=00101001115&supplier_code=00100083&order_time=2021-03-01 HTTP/1.1" 200 413
101.228.165.174 - - [03/Mar/2021:08:55:30 +0800] "GET /xingrg/kc/buy/cgsh_order_operate.html?command=get_materiel&rest_code=00146&code=00101008212&supplier_code=00100005&order_time=2021-03-03 HTTP/1.1" 200 412
222.69.138.53 - - [03/Mar/2021:08:55:39 +0800] "POST /xingrg/kc/buy/cgsh_order_operate.html HTTP/1.1" 200 37
180.174.195.252 - - [03/Mar/2021:08:55:39 +0800] "GET /xingrg/check_reg.html?_=1614733197991 HTTP/1.1" 302 -
101.228.165.174 - - [03/Mar/2021:08:55:40 +0800] "GET /xingrg/kc/buy/cgsh_order_operate.html?command=get_materiel&rest_code=00146&code=00101008196&supplier_code=00100005&order_time=2021-03-03 HTTP/1.1" 200 416
116.224.253.72 - - [03/Mar/2021:08:55:41 +0800] "GET /xingrg/check_reg.html?_=1614732909778 HTTP/1.1" 200 22
116.224.253.72 - - [03/Mar/2021:08:55:41 +0800] "GET /xingrg/all/function/internal_message.html?_=1614732910161&CODE_STATE=getMsg HTTP/1.1" 200 27
222.69.138.53 - - [03/Mar/2021:08:55:43 +0800] "POST /xingrg/kc/buy/cgsh_order_operate.html HTTP/1.1" 200 12
222.70.216.220 - - [03/Mar/2021:08:55:46 +0800] "GET /xingrg/all/function/internal_message.html?_=1614732945063&CODE_STATE=getMsg HTTP/1.1" 200 27
222.69.138.53 - - [03/Mar/2021:08:55:47 +0800] "GET /xingrg/kc/buy/cgsh_order_info.html?code=212021030300724 HTTP/1.1" 200 57057
222.69.138.53 - - [03/Mar/2021:08:55:47 +0800] "GET /xingrg/javascript/easyui/themes/default/validatebox.css HTTP/1.1" 404 1104
222.69.138.53 - - [03/Mar/2021:08:55:47 +0800] "POST /xingrg/kc/buy/cgsh_order_operate.html HTTP/1.1" 200 1790
222.69.138.53 - - [03/Mar/2021:08:55:50 +0800] "GET /xingrg/kc/print/load_data.html?order_code=212021030300724&kc_code=cgsh&condition= HTTP/1.1" 200 1168
101.228.165.174 - - [03/Mar/2021:08:55:53 +0800] "POST /xingrg/kc/buy/cgsh_order_operate.html HTTP/1.1" 200 2065
101.228.165.174 - - [03/Mar/2021:08:55:55 +0800] "GET /xingrg/all/function/internal_message.html?_=1614732966378&CODE_STATE=getMsg HTTP/1.1" 200 27
101.228.165.174 - - [03/Mar/2021:08:55:56 +0800] "GET /xingrg/all/function/internal_message.html?_=1614732959522&CODE_STATE=getMsg HTTP/1.1" 302 -
101.228.165.174 - - [03/Mar/2021:08:56:02 +0800] "GET /xingrg/kc/buy/cgsh_order_operate.html?command=get_materiel&rest_code=00146&code=00101008357&supplier_code=00100005&order_time=2021-03-03 HTTP/1.1" 200 408
120.253.135.82 - - [03/Mar/2021:08:56:03 +0800] "GET /xingrg/all/function/internal_message.html?_=1614732733586&CODE_STATE=getMsg HTTP/1.1" 200 27
114.88.166.193 - - [03/Mar/2021:08:56:03 +0800] "GET /xingrg/all/function/internal_message.html?_=1614732964392&CODE_STATE=getMsg HTTP/1.1" 200 27
120.253.135.82 - - [03/Mar/2021:08:56:04 +0800] "GET /xingrg/all/function/internal_message.html?_=1614732974518&CODE_STATE=getMsg HTTP/1.1" 200 27
116.224.253.72 - - [03/Mar/2021:08:56:07 +0800] "GET /xingrg/all/function/internal_message.html?_=1614732969865&CODE_STATE=getMsg HTTP/1.1" 200 27
61.165.42.208 - - [03/Mar/2021:08:56:09 +0800] "GET /xingrg/all/function/internal_message.html?_=1614732971397&CODE_STATE=getMsg HTTP/1.1" 200 27
117.185.32.26 - - [03/Mar/2021:08:56:11 +0800] "GET /xingrg/all/function/internal_message.html?_=1614733471542&CODE_STATE=getMsg HTTP/1.1" 200 27
101.228.165.174 - - [03/Mar/2021:08:56:13 +0800] "GET /xingrg/kc/buy/cgsh_order_operate.html?command=get_materiel&rest_code=00146&code=00101008036&supplier_code=00100005&order_time=2021-03-03 HTTP/1.1" 200 408
58.40.7.146 - - [03/Mar/2021:08:56:16 +0800] "GET /xingrg/all/function/internal_message.html?_=1614732976398&CODE_STATE=getMsg HTTP/1.1" 200 27
101.228.165.174 - - [03/Mar/2021:08:56:24 +0800] "GET /xingrg/kc/buy/cgsh_order_operate.html?command=get_materiel&rest_code=00146&code=00101008006&supplier_code=00100005&order_time=2021-03-03 HTTP/1.1" 200 416
180.169.147.146 - - [03/Mar/2021:08:56:25 +0800] "GET /xingrg/all/function/internal_message.html?_=1614732986999&CODE_STATE=getMsg HTTP/1.1" 200 27
222.69.138.53 - - [03/Mar/2021:08:56:26 +0800] "GET /xingrg/all/function/internal_message.html?_=1614732987199&CODE_STATE=getMsg HTTP/1.1" 200 27
222.69.138.53 - - [03/Mar/2021:08:56:30 +0800] "GET /xingrg/kc/buy/cgsh_order_add.html HTTP/1.1" 200 62157
222.69.138.53 - - [03/Mar/2021:08:56:30 +0800] "POST /xingrg/kc/buy/cgsh_order_operate.html HTTP/1.1" 200 8245
222.69.138.53 - - [03/Mar/2021:08:56:30 +0800] "GET /xingrg/javascript/easyui/themes/default/validatebox.css HTTP/1.1" 404 1104
101.228.165.174 - - [03/Mar/2021:08:56:34 +0800] "GET /xingrg/kc/buy/cgsh_order_operate.html?command=get_materiel&rest_code=00146&code=00101008131&supplier_code=00100005&order_time=2021-03-03 HTTP/1.1" 200 408
116.224.253.72 - - [03/Mar/2021:08:56:41 +0800] "GET /xingrg/all/function/internal_message.html?_=1614732970175&CODE_STATE=getMsg HTTP/1.1" 200 27
222.70.216.220 - - [03/Mar/2021:08:56:46 +0800] "GET /xingrg/all/function/internal_message.html?_=1614733005054&CODE_STATE=getMsg HTTP/1.1" 200 27
101.228.165.174 - - [03/Mar/2021:08:56:47 +0800] "GET /xingrg/kc/buy/cgsh_order_operate.html?command=get_materiel&rest_code=00146&code=00101008296&supplier_code=00100005&order_time=2021-03-03 HTTP/1.1" 200 416
222.69.138.53 - - [03/Mar/2021:08:56:48 +0800] "GET /xingrg/kc/buy/cgsh_order_operate.html?command=get_materiel&rest_code=00149&code=00101006130&supplier_code=00100012&order_time=2021-03-01 HTTP/1.1" 200 427
101.228.165.174 - - [03/Mar/2021:08:56:52 +0800] "POST /xingrg/kc/buy/cgsh_order_operate.html HTTP/1.1" 200 2065
120.253.135.82 - - [03/Mar/2021:08:56:53 +0800] "GET /xingrg/check_reg.html?_=1614733022923 HTTP/1.1" 200 22
101.228.165.174 - - [03/Mar/2021:08:56:55 +0800] "GET /xingrg/all/function/internal_message.html?_=1614733026418&CODE_STATE=getMsg HTTP/1.1" 200 27
101.228.165.174 - - [03/Mar/2021:08:56:56 +0800] "GET /xingrg/all/function/internal_message.html?_=1614733019542&CODE_STATE=getMsg HTTP/1.1" 302 -
101.228.165.174 - - [03/Mar/2021:08:56:59 +0800] "GET /xingrg/kc/buy/cgsh_order_operate.html?command=get_materiel&rest_code=00146&code=00101008353&supplier_code=00100005&order_time=2021-03-03 HTTP/1.1" 200 408
120.253.135.82 - - [03/Mar/2021:08:57:03 +0800] "GET /xingrg/all/function/internal_message.html?_=1614732793593&CODE_STATE=getMsg HTTP/1.1" 200 27
114.88.166.193 - - [03/Mar/2021:08:57:04 +0800] "GET /xingrg/all/function/internal_message.html?_=1614733024429&CODE_STATE=getMsg HTTP/1.1" 200 27
120.253.135.82 - - [03/Mar/2021:08:57:04 +0800] "GET /xingrg/all/function/internal_message.html?_=1614733034529&CODE_STATE=getMsg HTTP/1.1" 200 27
222.69.138.53 - - [03/Mar/2021:08:57:06 +0800] "GET /xingrg/kc/buy/cgsh_order_operate.html?command=get_materiel&rest_code=00149&code=00101006177&supplier_code=00100012&order_time=2021-03-01 HTTP/1.1" 200 409
116.224.253.72 - - [03/Mar/2021:08:57:07 +0800] "GET /xingrg/all/function/internal_message.html?_=1614733029863&CODE_STATE=getMsg HTTP/1.1" 200 27
61.165.42.208 - - [03/Mar/2021:08:57:09 +0800] "GET /xingrg/all/function/internal_message.html?_=1614733031430&CODE_STATE=getMsg HTTP/1.1" 200 27
117.185.32.26 - - [03/Mar/2021:08:57:11 +0800] "GET /xingrg/all/function/internal_message.html?_=1614733531542&CODE_STATE=getMsg HTTP/1.1" 200 27
58.40.7.146 - - [03/Mar/2021:08:57:16 +0800] "GET /xingrg/all/function/internal_message.html?_=1614733036384&CODE_STATE=getMsg HTTP/1.1" 200 27
222.69.138.53 - - [03/Mar/2021:08:57:16 +0800] "GET /xingrg/kc/buy/cgsh_order_operate.html?command=get_materiel&rest_code=00149&code=00101006056&supplier_code=00100012&order_time=2021-03-01 HTTP/1.1" 200 413
101.228.165.174 - - [03/Mar/2021:08:57:21 +0800] "GET /xingrg/kc/buy/cgsh_order_operate.html?command=get_materiel&rest_code=00146&code=00101008213&supplier_code=00100005&order_time=2021-03-03 HTTP/1.1" 200 412
180.169.147.146 - - [03/Mar/2021:08:57:25 +0800] "GET /xingrg/all/function/internal_message.html?_=1614733047028&CODE_STATE=getMsg HTTP/1.1" 200 27
222.69.138.53 - - [03/Mar/2021:08:57:26 +0800] "GET /xingrg/all/function/internal_message.html?_=1614733047201&CODE_STATE=getMsg HTTP/1.1" 200 27
101.228.165.174 - - [03/Mar/2021:08:57:30 +0800] "GET /xingrg/kc/buy/cgsh_order_operate.html?command=get_materiel&rest_code=00146&code=00101008242&supplier_code=00100005&order_time=2021-03-03 HTTP/1.1" 200 408
114.88.166.193 - - [03/Mar/2021:08:57:31 +0800] "GET /xingrg/javascript/easyui/themes/default/images/button_plain_hover.png HTTP/1.1" 304 -
222.69.138.53 - - [03/Mar/2021:08:57:34 +0800] "GET /xingrg/kc/buy/cgsh_order_operate.html?command=get_materiel&rest_code=00149&code=00101006109&supplier_code=00100012&order_time=2021-03-01 HTTP/1.1" 200 409
114.88.166.193 - - [03/Mar/2021:08:57:34 +0800] "GET /xingrg/kc/buy/cgsh_order_add.html HTTP/1.1" 200 62104
114.88.166.193 - - [03/Mar/2021:08:57:34 +0800] "GET /xingrg/javascript/easyui/themes/icons/template_new.png HTTP/1.1" 304 -
114.88.166.193 - - [03/Mar/2021:08:57:34 +0800] "GET /xingrg/javascript/easyui/themes/icons/ok.png HTTP/1.1" 304 -
114.88.166.193 - - [03/Mar/2021:08:57:35 +0800] "POST /xingrg/kc/buy/cgsh_order_operate.html HTTP/1.1" 200 8245
114.88.166.193 - - [03/Mar/2021:08:57:35 +0800] "GET /xingrg/all/common/auto_word.html?type=employee&rest_code=00111 HTTP/1.1" 200 205
114.88.166.193 - - [03/Mar/2021:08:57:35 +0800] "GET /xingrg/all/common/auto_word.html?type=employee&rest_code=00111 HTTP/1.1" 200 205
114.88.166.193 - - [03/Mar/2021:08:57:35 +0800] "GET /xingrg/javascript/easyui/themes/default/validatebox.css HTTP/1.1" 404 1104
116.224.253.72 - - [03/Mar/2021:08:57:41 +0800] "GET /xingrg/all/function/internal_message.html?_=1614733030188&CODE_STATE=getMsg HTTP/1.1" 200 27
222.70.216.220 - - [03/Mar/2021:08:57:46 +0800] "GET /xingrg/all/function/internal_message.html?_=1614733065058&CODE_STATE=getMsg HTTP/1.1" 200 27
222.69.138.53 - - [03/Mar/2021:08:57:47 +0800] "GET /xingrg/kc/buy/cgsh_order_operate.html?command=get_materiel&rest_code=00149&code=00101006129&supplier_code=00100012&order_time=2021-03-01 HTTP/1.1" 200 431
114.88.166.193 - - [03/Mar/2021:08:57:48 +0800] "GET /xingrg/javascript/auto/indicator.gif HTTP/1.1" 404 1066
101.228.165.174 - - [03/Mar/2021:08:57:51 +0800] "GET /xingrg/kc/buy/cgsh_order_operate.html?command=get_materiel&rest_code=00146&code=00101008225&supplier_code=00100005&order_time=2021-03-03 HTTP/1.1" 200 416
114.88.166.193 - - [03/Mar/2021:08:57:52 +0800] "GET /xingrg/kc/buy/cgsh_order_operate.html?command=get_materiel&rest_code=00111&code=00101008089&supplier_code=&order_time=2021-03-03 HTTP/1.1" 200 408
101.228.165.174 - - [03/Mar/2021:08:57:54 +0800] "POST /xingrg/kc/buy/cgsh_order_operate.html HTTP/1.1" 200 2065
101.228.165.174 - - [03/Mar/2021:08:57:55 +0800] "GET /xingrg/all/function/internal_message.html?_=1614733086438&CODE_STATE=getMsg HTTP/1.1" 200 27
101.228.165.174 - - [03/Mar/2021:08:57:56 +0800] "GET /xingrg/all/function/internal_message.html?_=1614733079549&CODE_STATE=getMsg HTTP/1.1" 302 -
101.228.165.174 - - [03/Mar/2021:08:58:01 +0800] "GET /xingrg/kc/buy/cgsh_order_operate.html?command=get_materiel&rest_code=00146&code=00101008274&supplier_code=00100005&order_time=2021-03-03 HTTP/1.1" 200 412
120.253.135.82 - - [03/Mar/2021:08:58:03 +0800] "GET /xingrg/check_reg.html?_=1614732853237 HTTP/1.1" 200 22
120.253.135.82 - - [03/Mar/2021:08:58:03 +0800] "GET /xingrg/all/function/internal_message.html?_=1614732853607&CODE_STATE=getMsg HTTP/1.1" 200 27
114.88.166.193 - - [03/Mar/2021:08:58:03 +0800] "GET /xingrg/all/function/internal_message.html?_=1614733084433&CODE_STATE=getMsg HTTP/1.1" 200 27
222.69.138.53 - - [03/Mar/2021:08:58:04 +0800] "GET /xingrg/kc/buy/cgsh_order_operate.html?command=get_materiel&rest_code=00149&code=00101006057&supplier_code=00100012&order_time=2021-03-01 HTTP/1.1" 200 413
120.253.135.82 - - [03/Mar/2021:08:58:04 +0800] "GET /xingrg/all/function/internal_message.html?_=1614733094541&CODE_STATE=getMsg HTTP/1.1" 200 27
116.224.253.72 - - [03/Mar/2021:08:58:07 +0800] "GET /xingrg/all/function/internal_message.html?_=1614733089865&CODE_STATE=getMsg HTTP/1.1" 200 27
61.165.42.208 - - [03/Mar/2021:08:58:09 +0800] "GET /xingrg/all/function/internal_message.html?_=1614733091400&CODE_STATE=getMsg HTTP/1.1" 200 27
117.185.32.26 - - [03/Mar/2021:08:58:11 +0800] "GET /xingrg/all/function/internal_message.html?_=1614733591540&CODE_STATE=getMsg HTTP/1.1" 200 27
58.40.7.146 - - [03/Mar/2021:08:58:16 +0800] "GET /xingrg/all/function/internal_message.html?_=1614733096388&CODE_STATE=getMsg HTTP/1.1" 200 27
58.40.7.146 - - [03/Mar/2021:08:58:16 +0800] "GET /xingrg/check_reg.html?_=1614733096390 HTTP/1.1" 200 22
101.228.165.174 - - [03/Mar/2021:08:58:21 +0800] "GET /xingrg/kc/buy/cgsh_order_operate.html?command=get_materiel&rest_code=00146&code=00101008256&supplier_code=00100005&order_time=2021-03-03 HTTP/1.1" 200 412
180.169.147.146 - - [03/Mar/2021:08:58:25 +0800] "GET /xingrg/all/function/internal_message.html?_=1614733107042&CODE_STATE=getMsg HTTP/1.1" 200 27
222.69.138.53 - - [03/Mar/2021:08:58:26 +0800] "GET /xingrg/all/function/internal_message.html?_=1614733107195&CODE_STATE=getMsg HTTP/1.1" 200 27
222.69.138.53 - - [03/Mar/2021:08:58:27 +0800] "GET /xingrg/kc/buy/cgsh_order_operate.html?command=get_materiel&rest_code=00149&code=00101006058&supplier_code=00100012&order_time=2021-03-01 HTTP/1.1" 200 413
222.69.138.53 - - [03/Mar/2021:08:58:41 +0800] "POST /xingrg/kc/buy/cgsh_order_operate.html HTTP/1.1" 200 37
101.228.165.174 - - [03/Mar/2021:08:58:41 +0800] "GET /xingrg/kc/buy/cgsh_order_operate.html?command=get_materiel&rest_code=00146&code=00101008261&supplier_code=00100005&order_time=2021-03-03 HTTP/1.1" 200 408
116.224.253.72 - - [03/Mar/2021:08:58:42 +0800] "GET /xingrg/all/function/internal_message.html?_=1614733090281&CODE_STATE=getMsg HTTP/1.1" 200 27
222.69.138.53 - - [03/Mar/2021:08:58:43 +0800] "POST /xingrg/kc/buy/cgsh_order_operate.html HTTP/1.1" 200 12
222.69.138.53 - - [03/Mar/2021:08:58:45 +0800] "GET /xingrg/kc/buy/cgsh_order_info.html?code=212021030300725 HTTP/1.1" 200 57059
222.69.138.53 - - [03/Mar/2021:08:58:46 +0800] "GET /xingrg/javascript/easyui/themes/default/validatebox.css HTTP/1.1" 404 1104
222.69.138.53 - - [03/Mar/2021:08:58:46 +0800] "POST /xingrg/kc/buy/cgsh_order_operate.html HTTP/1.1" 200 4194
222.70.216.220 - - [03/Mar/2021:08:58:46 +0800] "GET /xingrg/all/function/internal_message.html?_=1614733125061&CODE_STATE=getMsg HTTP/1.1" 200 27
61.165.42.208 - - [03/Mar/2021:08:58:47 +0800] "GET /xingrg/kc/buy/cgsh_order_operate.html?command=get_materiel&rest_code=00105&code=00101015062&supplier_code=00100203&order_time=2021-03-03 HTTP/1.1" 200 412
222.69.138.53 - - [03/Mar/2021:08:58:48 +0800] "GET /xingrg/kc/print/load_data.html?order_code=212021030300725&kc_code=cgsh&condition= HTTP/1.1" 200 2188
101.228.165.174 - - [03/Mar/2021:08:58:55 +0800] "GET /xingrg/all/function/internal_message.html?_=1614733146448&CODE_STATE=getMsg HTTP/1.1" 200 27
101.228.165.174 - - [03/Mar/2021:08:58:56 +0800] "GET /xingrg/all/function/internal_message.html?_=1614733139570&CODE_STATE=getMsg HTTP/1.1" 302 -
101.228.165.174 - - [03/Mar/2021:08:58:57 +0800] "GET /xingrg/kc/buy/cgsh_order_operate.html?command=get_materiel&rest_code=00146&code=00101008072&supplier_code=00100005&order_time=2021-03-03 HTTP/1.1" 200 408
61.165.42.208 - - [03/Mar/2021:08:58:58 +0800] "GET /xingrg/kc/buy/cgsh_order_operate.html?command=get_materiel&rest_code=00105&code=00101015059&supplier_code=00100203&order_time=2021-03-03 HTTP/1.1" 200 412
222.69.138.53 - - [03/Mar/2021:08:58:58 +0800] "GET /xingrg/kc/buy/cgsh_order_add.html HTTP/1.1" 200 62157
222.69.138.53 - - [03/Mar/2021:08:58:58 +0800] "POST /xingrg/kc/buy/cgsh_order_operate.html HTTP/1.1" 200 8245
222.69.138.53 - - [03/Mar/2021:08:58:58 +0800] "GET /xingrg/javascript/easyui/themes/default/validatebox.css HTTP/1.1" 404 1104
101.228.165.174 - - [03/Mar/2021:08:59:01 +0800] "POST /xingrg/kc/buy/cgsh_order_operate.html HTTP/1.1" 200 2065
120.253.135.82 - - [03/Mar/2021:08:59:03 +0800] "GET /xingrg/all/function/internal_message.html?_=1614732913621&CODE_STATE=getMsg HTTP/1.1" 200 27
114.88.166.193 - - [03/Mar/2021:08:59:03 +0800] "GET /xingrg/check_reg.html?_=1614733144262 HTTP/1.1" 200 22
114.88.166.193 - - [03/Mar/2021:08:59:04 +0800] "GET /xingrg/all/function/internal_message.html?_=1614733144446&CODE_STATE=getMsg HTTP/1.1" 200 27
120.253.135.82 - - [03/Mar/2021:08:59:04 +0800] "GET /xingrg/all/function/internal_message.html?_=1614733154560&CODE_STATE=getMsg HTTP/1.1" 200 27
116.224.253.72 - - [03/Mar/2021:08:59:07 +0800] "GET /xingrg/all/function/internal_message.html?_=1614733149865&CODE_STATE=getMsg HTTP/1.1" 200 27
101.228.165.174 - - [03/Mar/2021:08:59:08 +0800] "GET /xingrg/kc/buy/cgsh_order_operate.html?command=get_materiel&rest_code=00146&code=00101008210&supplier_code=00100005&order_time=2021-03-03 HTTP/1.1" 200 408
61.165.42.208 - - [03/Mar/2021:08:59:09 +0800] "GET /xingrg/all/function/internal_message.html?_=1614733151397&CODE_STATE=getMsg HTTP/1.1" 200 27
61.165.42.208 - - [03/Mar/2021:08:59:09 +0800] "GET /xingrg/check_reg.html?_=1614733151429 HTTP/1.1" 200 22
114.88.166.193 - - [03/Mar/2021:08:59:11 +0800] "GET /xingrg/kc/buy/cgsh_order_operate.html?command=get_materiel&rest_code=00111&code=00101007061&supplier_code=00100004&order_time=2021-03-03 HTTP/1.1" 200 409
117.185.32.26 - - [03/Mar/2021:08:59:11 +0800] "GET /xingrg/check_reg.html?_=1614733651540 HTTP/1.1" 200 22
117.185.32.26 - - [03/Mar/2021:08:59:11 +0800] "GET /xingrg/all/function/internal_message.html?_=1614733651541&CODE_STATE=getMsg HTTP/1.1" 200 27
58.40.7.146 - - [03/Mar/2021:08:59:16 +0800] "GET /xingrg/all/function/internal_message.html?_=1614733156393&CODE_STATE=getMsg HTTP/1.1" 200 27
101.228.165.174 - - [03/Mar/2021:08:59:19 +0800] "GET /xingrg/kc/buy/cgsh_order_operate.html?command=get_materiel&rest_code=00146&code=00101008055&supplier_code=00100005&order_time=2021-03-03 HTTP/1.1" 200 409
180.169.147.146 - - [03/Mar/2021:08:59:25 +0800] "GET /xingrg/all/function/internal_message.html?_=1614733167067&CODE_STATE=getMsg HTTP/1.1" 200 27
222.69.138.53 - - [03/Mar/2021:08:59:26 +0800] "GET /xingrg/all/function/internal_message.html?_=1614733167211&CODE_STATE=getMsg HTTP/1.1" 200 27
222.69.138.53 - - [03/Mar/2021:08:59:26 +0800] "GET /xingrg/check_reg.html?_=1614733167216 HTTP/1.1" 200 22
114.88.166.193 - - [03/Mar/2021:08:59:30 +0800] "GET /xingrg/kc/buy/cgsh_order_operate.html?command=get_materiel&rest_code=00111&code=00101007076&supplier_code=00100004&order_time=2021-03-03 HTTP/1.1" 200 408
101.228.165.174 - - [03/Mar/2021:08:59:31 +0800] "GET /xingrg/check_reg.html?_=1614733183128 HTTP/1.1" 200 22
101.228.165.174 - - [03/Mar/2021:08:59:33 +0800] "GET /xingrg/kc/buy/cgsh_order_operate.html?command=get_materiel&rest_code=00146&code=00101008257&supplier_code=00100005&order_time=2021-03-03 HTTP/1.1" 200 417
114.88.166.193 - - [03/Mar/2021:08:59:39 +0800] "GET /xingrg/kc/buy/cgsh_order_operate.html?command=get_materiel&rest_code=00111&code=00101007075&supplier_code=00100004&order_time=2021-03-03 HTTP/1.1" 200 410
222.69.138.53 - - [03/Mar/2021:08:59:40 +0800] "GET /xingrg/kc/buy/cgsh_order_operate.html?command=get_materiel&rest_code=00149&code=00101012025&supplier_code=00100036&order_time=2021-03-01 HTTP/1.1" 200 412
116.224.253.72 - - [03/Mar/2021:08:59:42 +0800] "GET /xingrg/all/function/internal_message.html?_=1614733150293&CODE_STATE=getMsg HTTP/1.1" 200 27
101.228.165.174 - - [03/Mar/2021:08:59:45 +0800] "GET /xingrg/check_reg.html?_=1614733189240 HTTP/1.1" 302 -
222.70.216.220 - - [03/Mar/2021:08:59:46 +0800] "GET /xingrg/check_reg.html?_=1614733185063 HTTP/1.1" 200 22
222.70.216.220 - - [03/Mar/2021:08:59:46 +0800] "GET /xingrg/all/function/internal_message.html?_=1614733185066&CODE_STATE=getMsg HTTP/1.1" 200 27
101.228.165.174 - - [03/Mar/2021:08:59:51 +0800] "GET /xingrg/kc/buy/cgsh_order_operate.html?command=get_materiel&rest_code=00146&code=00101008350&supplier_code=00100005&order_time=2021-03-03 HTTP/1.1" 200 408
101.228.165.174 - - [03/Mar/2021:08:59:55 +0800] "GET /xingrg/all/function/internal_message.html?_=1614733206518&CODE_STATE=getMsg HTTP/1.1" 200 27
101.228.165.174 - - [03/Mar/2021:08:59:56 +0800] "GET /xingrg/all/function/internal_message.html?_=1614733199576&CODE_STATE=getMsg HTTP/1.1" 302 -
114.88.166.193 - - [03/Mar/2021:08:59:58 +0800] "POST /xingrg/kc/buy/cgsh_order_operate.html HTTP/1.1" 200 37
114.88.166.193 - - [03/Mar/2021:09:00:00 +0800] "POST /xingrg/kc/buy/cgsh_order_operate.html HTTP/1.1" 200 3244
120.253.135.82 - - [03/Mar/2021:09:00:03 +0800] "GET /xingrg/all/function/internal_message.html?_=1614732973633&CODE_STATE=getMsg HTTP/1.1" 200 27
114.88.166.193 - - [03/Mar/2021:09:00:04 +0800] "GET /xingrg/all/function/internal_message.html?_=1614733204480&CODE_STATE=getMsg HTTP/1.1" 200 27
120.253.135.82 - - [03/Mar/2021:09:00:04 +0800] "GET /xingrg/all/function/internal_message.html?_=1614733214568&CODE_STATE=getMsg HTTP/1.1" 200 27
101.228.165.174 - - [03/Mar/2021:09:00:05 +0800] "GET /xingrg/kc/buy/cgsh_order_operate.html?command=get_materiel&rest_code=00146&code=00101008351&supplier_code=00100005&order_time=2021-03-03 HTTP/1.1" 200 408
116.224.253.72 - - [03/Mar/2021:09:00:07 +0800] "GET /xingrg/check_reg.html?_=1614733209865 HTTP/1.1" 200 22
116.224.253.72 - - [03/Mar/2021:09:00:07 +0800] "GET /xingrg/all/function/internal_message.html?_=1614733209868&CODE_STATE=getMsg HTTP/1.1" 200 27
101.228.165.174 - - [03/Mar/2021:09:00:08 +0800] "POST /xingrg/kc/buy/cgsh_order_operate.html HTTP/1.1" 200 2065
61.165.42.208 - - [03/Mar/2021:09:00:09 +0800] "GET /xingrg/all/function/internal_message.html?_=1614733211416&CODE_STATE=getMsg HTTP/1.1" 200 27
117.185.32.26 - - [03/Mar/2021:09:00:11 +0800] "GET /xingrg/all/function/internal_message.html?_=1614733711566&CODE_STATE=getMsg HTTP/1.1" 200 27
116.228.172.94 - - [03/Mar/2021:09:00:13 +0800] "GET /xingrg/login.html HTTP/1.1" 200 7641
114.88.166.193 - - [03/Mar/2021:09:00:13 +0800] "GET /xingrg/kc/buy/cgsh_order_add.html HTTP/1.1" 200 62104
114.88.166.193 - - [03/Mar/2021:09:00:14 +0800] "POST /xingrg/kc/buy/cgsh_order_operate.html HTTP/1.1" 200 8245
114.88.166.193 - - [03/Mar/2021:09:00:14 +0800] "GET /xingrg/javascript/easyui/themes/default/validatebox.css HTTP/1.1" 404 1104
180.169.147.146 - - [03/Mar/2021:09:00:15 +0800] "GET /xingrg/check_reg.html?_=1614733216586 HTTP/1.1" 200 22
101.228.165.174 - - [03/Mar/2021:09:00:16 +0800] "GET /xingrg/kc/buy/cgsh_order_operate.html?command=get_materiel&rest_code=00146&code=00101008038&supplier_code=00100005&order_time=2021-03-03 HTTP/1.1" 200 413
58.40.7.146 - - [03/Mar/2021:09:00:16 +0800] "GET /xingrg/all/function/internal_message.html?_=1614733216395&CODE_STATE=getMsg HTTP/1.1" 200 27
116.228.172.94 - - [03/Mar/2021:09:00:16 +0800] "GET /favicon.ico HTTP/1.1" 404 -
116.228.172.94 - - [03/Mar/2021:09:00:18 +0800] "POST /xingrg/login.do HTTP/1.1" 302 -
116.228.172.94 - - [03/Mar/2021:09:00:19 +0800] "GET /xingrg/index.html?sysBaseUrl=http%3A%2F%2F180.169.147.146%3A18081%2Fxingrg%2F&costTime=39×tamp=1614733218892 HTTP/1.1" 200 17179
116.228.172.94 - - [03/Mar/2021:09:00:22 +0800] "POST /xingrg/all/common/load_tree.html?tree=area_rest_tree_json&manage=1 HTTP/1.1" 200 476
116.228.172.94 - - [03/Mar/2021:09:00:24 +0800] "GET /xingrg/all/function/internal_message.html?_=1614733224518&CODE_STATE=count HTTP/1.1" 200 11
116.228.172.94 - - [03/Mar/2021:09:00:24 +0800] "GET /xingrg/check_reg.html?_=1614733224546 HTTP/1.1" 200 22
116.228.172.94 - - [03/Mar/2021:09:00:24 +0800] "POST /xingrg/load_menu.html HTTP/1.1" 200 5138
116.228.172.94 - - [03/Mar/2021:09:00:24 +0800] "GET /favicon.ico HTTP/1.1" 404 -
180.169.147.146 - - [03/Mar/2021:09:00:25 +0800] "GET /xingrg/all/function/internal_message.html?_=1614733227070&CODE_STATE=getMsg HTTP/1.1" 200 27
101.228.165.174 - - [03/Mar/2021:09:00:26 +0800] "GET /xingrg/kc/buy/cgsh_order_operate.html?command=get_materiel&rest_code=00146&code=00101008358&supplier_code=00100005&order_time=2021-03-03 HTTP/1.1" 200 412
222.69.138.53 - - [03/Mar/2021:09:00:26 +0800] "GET /xingrg/all/function/internal_message.html?_=1614733227208&CODE_STATE=getMsg HTTP/1.1" 200 27
114.88.166.193 - - [03/Mar/2021:09:00:35 +0800] "GET /xingrg/kc/buy/cgsh_order_operate.html?command=get_materiel&rest_code=00111&code=00101002027&supplier_code=00100199&order_time=2021-03-03 HTTP/1.1" 200 413
116.228.172.94 - - [03/Mar/2021:09:00:35 +0800] "GET /xingrg/kc/buy/buy_main.html HTTP/1.1" 200 12412
116.228.172.94 - - [03/Mar/2021:09:00:36 +0800] "GET /xingrg/css/new_ie.css HTTP/1.1" 404 1036
116.228.172.94 - - [03/Mar/2021:09:00:37 +0800] "GET /xingrg/images/yd/bt.gif HTTP/1.1" 404 1040
116.228.172.94 - - [03/Mar/2021:09:00:37 +0800] "GET /xingrg/kc/buy/cgsh_order_list.html HTTP/1.1" 200 46372
180.174.195.252 - - [03/Mar/2021:09:00:39 +0800] "GET /xingrg/check_reg.html?_=1614733498489 HTTP/1.1" 302 -
116.228.172.94 - - [03/Mar/2021:09:00:41 +0800] "POST /xingrg/kc/buy/cgsh_list_operate.html HTTP/1.1" 200 876
116.224.253.72 - - [03/Mar/2021:09:00:41 +0800] "GET /xingrg/check_reg.html?_=1614733209852 HTTP/1.1" 200 22
116.224.253.72 - - [03/Mar/2021:09:00:42 +0800] "GET /xingrg/all/function/internal_message.html?_=1614733210307&CODE_STATE=getMsg HTTP/1.1" 200 27
101.228.165.174 - - [03/Mar/2021:09:00:43 +0800] "GET /xingrg/kc/buy/cgsh_order_operate.html?command=get_materiel&rest_code=00146&code=00101008264&supplier_code=00100005&order_time=2021-03-03 HTTP/1.1" 200 412
222.70.216.220 - - [03/Mar/2021:09:00:46 +0800] "GET /xingrg/all/function/internal_message.html?_=1614733245052&CODE_STATE=getMsg HTTP/1.1" 200 27
101.228.165.174 - - [03/Mar/2021:09:00:53 +0800] "GET /xingrg/kc/buy/cgsh_order_operate.html?command=get_materiel&rest_code=00146&code=00101008024&supplier_code=00100005&order_time=2021-03-03 HTTP/1.1" 200 408
101.228.165.174 - - [03/Mar/2021:09:00:55 +0800] "GET /xingrg/all/function/internal_message.html?_=1614733266538&CODE_STATE=getMsg HTTP/1.1" 200 27
116.228.172.94 - - [03/Mar/2021:09:00:55 +0800] "GET /xingrg/kc/buy/cgsh_order_add.html HTTP/1.1" 200 62192
116.228.172.94 - - [03/Mar/2021:09:00:55 +0800] "GET /xingrg/words/20210302175416_words.js HTTP/1.1" 200 796780
101.228.165.174 - - [03/Mar/2021:09:00:56 +0800] "GET /xingrg/all/function/internal_message.html?_=1614733259597&CODE_STATE=getMsg HTTP/1.1" 302 -
116.228.172.94 - - [03/Mar/2021:09:00:56 +0800] "GET /xingrg/all/common/auto_word.html?type=employee&rest_code=00107 HTTP/1.1" 200 151
116.228.172.94 - - [03/Mar/2021:09:00:56 +0800] "GET /xingrg/all/common/auto_word.html?type=employee&rest_code=00107 HTTP/1.1" 200 151
116.228.172.94 - - [03/Mar/2021:09:00:56 +0800] "GET /xingrg/javascript/easyui/themes/default/validatebox.css HTTP/1.1" 404 1104
116.228.172.94 - - [03/Mar/2021:09:00:56 +0800] "POST /xingrg/kc/buy/cgsh_order_operate.html HTTP/1.1" 200 8245
120.253.135.82 - - [03/Mar/2021:09:01:03 +0800] "GET /xingrg/all/function/internal_message.html?_=1614733033653&CODE_STATE=getMsg HTTP/1.1" 200 27
116.228.172.94 - - [03/Mar/2021:09:01:03 +0800] "GET /xingrg/javascript/easyui/themes/default/tree.css HTTP/1.1" 404 1090
116.228.172.94 - - [03/Mar/2021:09:01:03 +0800] "POST /xingrg/all/common/load_tree.html?tree=supplier_tree_json&isDelete=1 HTTP/1.1" 200 54827
114.88.166.193 - - [03/Mar/2021:09:01:04 +0800] "GET /xingrg/all/function/internal_message.html?_=1614733264488&CODE_STATE=getMsg HTTP/1.1" 200 27
120.253.135.82 - - [03/Mar/2021:09:01:04 +0800] "GET /xingrg/all/function/internal_message.html?_=1614733274586&CODE_STATE=getMsg HTTP/1.1" 200 27
116.224.253.72 - - [03/Mar/2021:09:01:07 +0800] "GET /xingrg/all/function/internal_message.html?_=1614733269867&CODE_STATE=getMsg HTTP/1.1" 200 27
61.165.42.208 - - [03/Mar/2021:09:01:09 +0800] "GET /xingrg/all/function/internal_message.html?_=1614733271405&CODE_STATE=getMsg HTTP/1.1" 200 27
117.185.32.26 - - [03/Mar/2021:09:01:11 +0800] "GET /xingrg/all/function/internal_message.html?_=1614733771564&CODE_STATE=getMsg HTTP/1.1" 200 27
101.228.165.174 - - [03/Mar/2021:09:01:13 +0800] "GET /xingrg/kc/buy/cgsh_order_operate.html?command=get_materiel&rest_code=00146&code=00101008137&supplier_code=00100005&order_time=2021-03-03 HTTP/1.1" 200 408
58.40.7.146 - - [03/Mar/2021:09:01:16 +0800] "GET /xingrg/all/function/internal_message.html?_=1614733276397&CODE_STATE=getMsg HTTP/1.1" 200 27
61.165.42.208 - - [03/Mar/2021:09:01:18 +0800] "POST /xingrg/kc/buy/cgsh_order_operate.html HTTP/1.1" 200 37
114.88.166.193 - - [03/Mar/2021:09:01:19 +0800] "GET /xingrg/kc/buy/cgsh_order_operate.html?command=get_materiel&rest_code=00111&code=00101002007&supplier_code=00100199&order_time=2021-03-03 HTTP/1.1" 200 409
61.165.42.208 - - [03/Mar/2021:09:01:20 +0800] "POST /xingrg/kc/buy/cgsh_order_operate.html HTTP/1.1" 200 25685
101.228.165.174 - - [03/Mar/2021:09:01:21 +0800] "POST /xingrg/kc/buy/cgsh_order_operate.html HTTP/1.1" 200 2065
116.228.172.94 - - [03/Mar/2021:09:01:24 +0800] "GET /xingrg/all/function/internal_message.html?_=1614733284568&CODE_STATE=getMsg HTTP/1.1" 200 27
180.169.147.146 - - [03/Mar/2021:09:01:25 +0800] "GET /xingrg/all/function/internal_message.html?_=1614733287083&CODE_STATE=getMsg HTTP/1.1" 200 27
222.69.138.53 - - [03/Mar/2021:09:01:26 +0800] "GET /xingrg/all/function/internal_message.html?_=1614733287210&CODE_STATE=getMsg HTTP/1.1" 200 27
116.228.172.94 - - [03/Mar/2021:09:01:27 +0800] "GET /xingrg/javascript/auto/indicator.gif HTTP/1.1" 404 1066
116.228.172.94 - - [03/Mar/2021:09:01:33 +0800] "GET /xingrg/kc/buy/cgsh_order_operate.html?command=get_materiel&rest_code=00107&code=00101008037&supplier_code=00100006&order_time=2021-03-03 HTTP/1.1" 200 413
114.88.166.193 - - [03/Mar/2021:09:01:37 +0800] "GET /xingrg/kc/buy/cgsh_order_operate.html?command=get_materiel&rest_code=00111&code=00101002006&supplier_code=00100199&order_time=2021-03-03 HTTP/1.1" 200 416
116.228.172.94 - - [03/Mar/2021:09:01:41 +0800] "GET /xingrg/kc/buy/cgsh_order_operate.html?command=get_materiel&rest_code=00107&code=00101008354&supplier_code=00100006&order_time=2021-03-03 HTTP/1.1" 200 412
116.224.253.72 - - [03/Mar/2021:09:01:42 +0800] "GET /xingrg/all/function/internal_message.html?_=1614733270320&CODE_STATE=getMsg HTTP/1.1" 200 27
222.70.216.220 - - [03/Mar/2021:09:01:46 +0800] "GET /xingrg/all/function/internal_message.html?_=1614733305054&CODE_STATE=getMsg HTTP/1.1" 200 27
101.228.165.174 - - [03/Mar/2021:09:01:47 +0800] "GET /xingrg/kc/buy/cgsh_order_operate.html?command=get_materiel&rest_code=00146&code=00101008238&supplier_code=00100005&order_time=2021-03-03 HTTP/1.1" 200 416
120.253.135.82 - - [03/Mar/2021:09:01:53 +0800] "GET /xingrg/check_reg.html?_=1614733322926 HTTP/1.1" 200 22
114.88.166.193 - - [03/Mar/2021:09:01:54 +0800] "GET /xingrg/kc/buy/cgsh_order_operate.html?command=get_materiel&rest_code=00111&code=00101001093&supplier_code=00100199&order_time=2021-03-03 HTTP/1.1" 200 411
101.228.165.174 - - [03/Mar/2021:09:01:55 +0800] "GET /xingrg/all/function/internal_message.html?_=1614733326548&CODE_STATE=getMsg HTTP/1.1" 200 27
101.228.165.174 - - [03/Mar/2021:09:01:56 +0800] "GET /xingrg/all/function/internal_message.html?_=1614733319604&CODE_STATE=getMsg HTTP/1.1" 302 -
222.69.138.53 - - [03/Mar/2021:09:01:57 +0800] "GET /xingrg/kc/buy/cgsh_order_operate.html?command=get_materiel&rest_code=00149&code=00101016053&supplier_code=00100036&order_time=2021-03-01 HTTP/1.1" 200 428
116.228.172.94 - - [03/Mar/2021:09:01:58 +0800] "GET /xingrg/kc/buy/cgsh_order_operate.html?command=get_materiel&rest_code=00107&code=00101008085&supplier_code=00100006&order_time=2021-03-03 HTTP/1.1" 200 412
61.165.42.208 - - [03/Mar/2021:09:02:01 +0800] "GET /xingrg/kc/buy/cgsh_order_list.html HTTP/1.1" 200 46366
120.253.135.82 - - [03/Mar/2021:09:02:03 +0800] "GET /xingrg/all/function/internal_message.html?_=1614733093662&CODE_STATE=getMsg HTTP/1.1" 200 27
61.165.42.208 - - [03/Mar/2021:09:02:03 +0800] "POST /xingrg/kc/buy/cgsh_list_operate.html HTTP/1.1" 200 1679
114.88.166.193 - - [03/Mar/2021:09:02:04 +0800] "GET /xingrg/all/function/internal_message.html?_=1614733324559&CODE_STATE=getMsg HTTP/1.1" 200 27
120.253.135.82 - - [03/Mar/2021:09:02:05 +0800] "GET /xingrg/all/function/internal_message.html?_=1614733334596&CODE_STATE=getMsg HTTP/1.1" 200 27
116.224.253.72 - - [03/Mar/2021:09:02:07 +0800] "GET /xingrg/all/function/internal_message.html?_=1614733329883&CODE_STATE=getMsg HTTP/1.1" 200 27
61.165.42.208 - - [03/Mar/2021:09:02:08 +0800] "POST /xingrg/kc/buy/cgsh_list_operate.html HTTP/1.1" 200 572
116.228.172.94 - - [03/Mar/2021:09:02:08 +0800] "GET /xingrg/kc/buy/cgsh_order_operate.html?command=get_materiel&rest_code=00107&code=00101008298&supplier_code=00100006&order_time=2021-03-03 HTTP/1.1" 200 413
101.228.165.174 - - [03/Mar/2021:09:02:09 +0800] "GET /xingrg/kc/buy/cgsh_order_operate.html?command=get_materiel&rest_code=00146&code=00101008069&supplier_code=00100005&order_time=2021-03-03 HTTP/1.1" 200 412
61.165.42.208 - - [03/Mar/2021:09:02:09 +0800] "GET /xingrg/all/function/internal_message.html?_=1614733331410&CODE_STATE=getMsg HTTP/1.1" 200 27
114.88.166.193 - - [03/Mar/2021:09:02:10 +0800] "GET /xingrg/kc/buy/cgsh_order_operate.html?command=get_materiel&rest_code=00111&code=00101001051&supplier_code=00100199&order_time=2021-03-03 HTTP/1.1" 200 422
117.185.32.26 - - [03/Mar/2021:09:02:11 +0800] "GET /xingrg/all/function/internal_message.html?_=1614733831563&CODE_STATE=getMsg HTTP/1.1" 200 27
58.40.7.146 - - [03/Mar/2021:09:02:16 +0800] "GET /xingrg/all/function/internal_message.html?_=1614733336401&CODE_STATE=getMsg HTTP/1.1" 200 27
222.69.138.53 - - [03/Mar/2021:09:02:17 +0800] "GET /xingrg/kc/buy/cgsh_order_operate.html?command=get_materiel&rest_code=00149&code=00101012051&supplier_code=00100036&order_time=2021-03-01 HTTP/1.1" 200 408
101.228.165.174 - - [03/Mar/2021:09:02:18 +0800] "POST /xingrg/kc/buy/cgsh_order_operate.html HTTP/1.1" 200 2065
116.228.172.94 - - [03/Mar/2021:09:02:19 +0800] "GET /xingrg/kc/buy/cgsh_order_operate.html?command=get_materiel&rest_code=00107&code=00101008096&supplier_code=00100006&order_time=2021-03-03 HTTP/1.1" 200 413
61.165.42.208 - - [03/Mar/2021:09:02:21 +0800] "POST /xingrg/kc/buy/cgsh_list_operate.html HTTP/1.1" 200 5381
116.228.172.94 - - [03/Mar/2021:09:02:24 +0800] "GET /xingrg/all/function/internal_message.html?_=1614733344575&CODE_STATE=getMsg HTTP/1.1" 200 27
180.169.147.146 - - [03/Mar/2021:09:02:25 +0800] "GET /xingrg/all/function/internal_message.html?_=1614733347112&CODE_STATE=getMsg HTTP/1.1" 200 27
222.69.138.53 - - [03/Mar/2021:09:02:26 +0800] "GET /xingrg/all/function/internal_message.html?_=1614733347219&CODE_STATE=getMsg HTTP/1.1" 200 27
116.228.172.94 - - [03/Mar/2021:09:02:28 +0800] "GET /xingrg/kc/buy/cgsh_order_operate.html?command=get_materiel&rest_code=00107&code=00101008283&supplier_code=00100006&order_time=2021-03-03 HTTP/1.1" 200 408
116.228.172.94 - - [03/Mar/2021:09:02:38 +0800] "GET /xingrg/kc/buy/cgsh_order_operate.html?command=get_materiel&rest_code=00107&code=00101008355&supplier_code=00100006&order_time=2021-03-03 HTTP/1.1" 200 408
116.224.253.72 - - [03/Mar/2021:09:02:41 +0800] "GET /xingrg/kc/mdqp/qqps_order_list.html HTTP/1.1" 200 9222
116.224.253.72 - - [03/Mar/2021:09:02:41 +0800] "GET /xingrg/dwr/util.js HTTP/1.1" 304 -
116.224.253.72 - - [03/Mar/2021:09:02:41 +0800] "GET /xingrg/dwr/interface/AjaxReportQueryService.js HTTP/1.1" 200 13203
116.224.253.72 - - [03/Mar/2021:09:02:41 +0800] "GET /xingrg/dwr/interface/AjaxQqpsService.js HTTP/1.1" 200 16326
116.224.253.72 - - [03/Mar/2021:09:02:41 +0800] "GET /xingrg/dwr/engine.js HTTP/1.1" 200 43631
116.224.253.72 - - [03/Mar/2021:09:02:42 +0800] "GET /xingrg/all/function/internal_message.html?_=1614733330334&CODE_STATE=getMsg HTTP/1.1" 200 27
114.88.166.193 - - [03/Mar/2021:09:02:44 +0800] "POST /xingrg/kc/buy/cgsh_order_operate.html HTTP/1.1" 200 37
114.88.166.193 - - [03/Mar/2021:09:02:46 +0800] "POST /xingrg/kc/buy/cgsh_order_operate.html HTTP/1.1" 200 5045
222.70.216.220 - - [03/Mar/2021:09:02:46 +0800] "GET /xingrg/all/function/internal_message.html?_=1614733365058&CODE_STATE=getMsg HTTP/1.1" 200 27
116.224.253.72 - - [03/Mar/2021:09:02:50 +0800] "GET /xingrg/kc/mdqp/qqps_order_list.html?isQuery=1&timeSelect=1&orderTime=day&startTime=2021-03-01&endTime=2021-03-03&state=all&query=%C8%B7++%B6%A8 HTTP/1.1" 200 10194
116.224.253.72 - - [03/Mar/2021:09:02:50 +0800] "GET /xingrg/dwr/interface/AjaxQqpsService.js HTTP/1.1" 200 16326
116.224.253.72 - - [03/Mar/2021:09:02:50 +0800] "GET /xingrg/dwr/interface/AjaxReportQueryService.js HTTP/1.1" 200 13203
116.224.253.72 - - [03/Mar/2021:09:02:50 +0800] "GET /xingrg/dwr/engine.js HTTP/1.1" 200 43631
116.228.172.94 - - [03/Mar/2021:09:02:51 +0800] "GET /xingrg/kc/buy/cgsh_order_operate.html?command=get_materiel&rest_code=00107&code=00101008270&supplier_code=00100006&order_time=2021-03-03 HTTP/1.1" 200 412
101.228.165.174 - - [03/Mar/2021:09:02:55 +0800] "GET /xingrg/all/function/internal_message.html?_=1614733386568&CODE_STATE=getMsg HTTP/1.1" 200 27
101.228.165.174 - - [03/Mar/2021:09:02:56 +0800] "GET /xingrg/all/function/internal_message.html?_=1614733379623&CODE_STATE=getMsg HTTP/1.1" 302 -
120.253.135.82 - - [03/Mar/2021:09:03:03 +0800] "GET /xingrg/check_reg.html?_=1614733153242 HTTP/1.1" 200 22
120.253.135.82 - - [03/Mar/2021:09:03:03 +0800] "GET /xingrg/all/function/internal_message.html?_=1614733153675&CODE_STATE=getMsg HTTP/1.1" 200 27
