101.228.165.174 - - [28/Feb/2021:09:21:15 +0800] "GET /xingrg/javascript/jquery_tools/images/prev.gif HTTP/1.1" 404 1086
101.228.165.174 - - [28/Feb/2021:09:21:15 +0800] "GET /xingrg/javascript/jquery_tools/images/next.gif HTTP/1.1" 404 1086
120.253.135.82 - - [28/Feb/2021:09:21:19 +0800] "GET /xingrg/all/function/internal_message.html?_=1614475044278&CODE_STATE=getMsg HTTP/1.1" 200 27
117.184.7.30 - - [28/Feb/2021:09:21:24 +0800] "GET /xingrg/all/function/internal_message.html?_=1614475269369&CODE_STATE=getMsg HTTP/1.1" 200 27
114.88.166.193 - - [28/Feb/2021:09:21:32 +0800] "POST /xingrg/kc/buy/cgsh_order_operate.html HTTP/1.1" 200 37
114.88.166.193 - - [28/Feb/2021:09:21:33 +0800] "POST /xingrg/kc/buy/cgsh_order_operate.html HTTP/1.1" 200 23389
116.228.172.94 - - [28/Feb/2021:09:21:35 +0800] "GET /xingrg/kc/base/wldb_order_operate.html?command=get_materiel&rest_code=00107&base_code=0010151&code=00101019275 HTTP/1.1" 200 483
114.88.166.193 - - [28/Feb/2021:09:21:37 +0800] "GET /xingrg/kc/print/load_data.html?order_code=212021022810801&kc_code=cgsh&condition= HTTP/1.1" 200 8581
116.228.172.94 - - [28/Feb/2021:09:21:39 +0800] "GET /xingrg/all/function/internal_message.html?_=1614475294671&CODE_STATE=getMsg HTTP/1.1" 200 27
116.228.172.94 - - [28/Feb/2021:09:21:39 +0800] "GET /xingrg/check_reg.html?_=1614475294673 HTTP/1.1" 200 22
183.192.88.215 - - [28/Feb/2021:09:21:39 +0800] "GET /xingrg/all/function/internal_message.html?_=1614475291488&CODE_STATE=getMsg HTTP/1.1" 302 -
222.70.216.220 - - [28/Feb/2021:09:21:43 +0800] "GET /xingrg/all/function/internal_message.html?_=1614475299425&CODE_STATE=getMsg HTTP/1.1" 200 27
116.224.253.72 - - [28/Feb/2021:09:21:45 +0800] "GET /xingrg/all/function/internal_message.html?_=1614475303058&CODE_STATE=getMsg HTTP/1.1" 200 27
116.224.253.72 - - [28/Feb/2021:09:21:45 +0800] "GET /xingrg/check_reg.html?_=1614475303484 HTTP/1.1" 200 22
116.228.172.94 - - [28/Feb/2021:09:21:46 +0800] "GET /xingrg/kc/base/wldb_order_operate.html?command=get_materiel&rest_code=00107&base_code=0010151&code=00101019575 HTTP/1.1" 200 444
180.169.147.146 - - [28/Feb/2021:09:21:51 +0800] "GET /xingrg/all/function/internal_message.html?_=1614475307891&CODE_STATE=getMsg HTTP/1.1" 302 -
180.174.195.252 - - [28/Feb/2021:09:21:52 +0800] "GET /xingrg/check_reg.html?_=1614475564790 HTTP/1.1" 200 22
58.40.7.146 - - [28/Feb/2021:09:21:52 +0800] "GET /xingrg/all/function/internal_message.html?_=1614475307954&CODE_STATE=getMsg HTTP/1.1" 200 27
222.69.137.60 - - [28/Feb/2021:09:21:52 +0800] "GET /xingrg/all/function/internal_message.html?_=1614475307958&CODE_STATE=getMsg HTTP/1.1" 200 27
114.86.187.76 - - [28/Feb/2021:09:21:58 +0800] "GET /xingrg/check_reg.html?_=1614475314584 HTTP/1.1" 200 22
114.86.187.76 - - [28/Feb/2021:09:21:58 +0800] "GET /xingrg/all/function/internal_message.html?_=1614475314590&CODE_STATE=getMsg HTTP/1.1" 200 27
101.228.165.174 - - [28/Feb/2021:09:21:59 +0800] "GET /xingrg/all/function/internal_message.html?_=1614475316798&CODE_STATE=getMsg HTTP/1.1" 200 27
61.165.42.208 - - [28/Feb/2021:09:22:00 +0800] "GET /xingrg/all/function/internal_message.html?_=1614475300340&CODE_STATE=getMsg HTTP/1.1" 200 27
116.224.253.72 - - [28/Feb/2021:09:22:08 +0800] "GET /xingrg/all/function/internal_message.html?_=1614475294774&CODE_STATE=getMsg HTTP/1.1" 200 27
114.88.166.193 - - [28/Feb/2021:09:22:08 +0800] "GET /xingrg/all/function/internal_message.html?_=1614475323868&CODE_STATE=getMsg HTTP/1.1" 200 27
61.165.42.208 - - [28/Feb/2021:09:22:13 +0800] "GET /xingrg/all/function/internal_message.html?_=1614475328939&CODE_STATE=getMsg HTTP/1.1" 200 27
120.253.135.82 - - [28/Feb/2021:09:22:19 +0800] "GET /xingrg/all/function/internal_message.html?_=1614475104291&CODE_STATE=getMsg HTTP/1.1" 200 27
117.184.7.30 - - [28/Feb/2021:09:22:24 +0800] "GET /xingrg/all/function/internal_message.html?_=1614475329371&CODE_STATE=getMsg HTTP/1.1" 200 27
116.228.172.94 - - [28/Feb/2021:09:22:27 +0800] "GET /xingrg/kc/base/wldb_order_operate.html?command=get_materiel&rest_code=00107&base_code=0010151&code=00101019505 HTTP/1.1" 200 480
116.228.172.94 - - [28/Feb/2021:09:22:39 +0800] "GET /xingrg/all/function/internal_message.html?_=1614475354666&CODE_STATE=getMsg HTTP/1.1" 200 27
183.192.88.215 - - [28/Feb/2021:09:22:39 +0800] "GET /xingrg/all/function/internal_message.html?_=1614475351486&CODE_STATE=getMsg HTTP/1.1" 302 -
222.70.216.220 - - [28/Feb/2021:09:22:43 +0800] "GET /xingrg/all/function/internal_message.html?_=1614475359427&CODE_STATE=getMsg HTTP/1.1" 200 27
116.224.253.72 - - [28/Feb/2021:09:22:45 +0800] "GET /xingrg/all/function/internal_message.html?_=1614475363046&CODE_STATE=getMsg HTTP/1.1" 200 27
116.228.172.94 - - [28/Feb/2021:09:22:50 +0800] "GET /xingrg/kc/base/wldb_order_operate.html?command=get_materiel&rest_code=00107&base_code=0010151&code=00101019439 HTTP/1.1" 200 458
180.169.147.146 - - [28/Feb/2021:09:22:51 +0800] "GET /xingrg/all/function/internal_message.html?_=1614475367884&CODE_STATE=getMsg HTTP/1.1" 302 -
58.40.7.146 - - [28/Feb/2021:09:22:52 +0800] "GET /xingrg/all/function/internal_message.html?_=1614475367958&CODE_STATE=getMsg HTTP/1.1" 200 27
222.69.137.60 - - [28/Feb/2021:09:22:52 +0800] "GET /xingrg/all/function/internal_message.html?_=1614475367931&CODE_STATE=getMsg HTTP/1.1" 200 27
114.86.187.76 - - [28/Feb/2021:09:22:58 +0800] "GET /xingrg/all/function/internal_message.html?_=1614475374579&CODE_STATE=getMsg HTTP/1.1" 200 27
101.228.165.174 - - [28/Feb/2021:09:22:59 +0800] "GET /xingrg/all/function/internal_message.html?_=1614475376812&CODE_STATE=getMsg HTTP/1.1" 200 27
61.165.42.208 - - [28/Feb/2021:09:23:00 +0800] "GET /xingrg/check_reg.html?_=1614475360340 HTTP/1.1" 200 22
61.165.42.208 - - [28/Feb/2021:09:23:00 +0800] "GET /xingrg/all/function/internal_message.html?_=1614475360343&CODE_STATE=getMsg HTTP/1.1" 200 27
116.224.253.72 - - [28/Feb/2021:09:23:08 +0800] "GET /xingrg/all/function/internal_message.html?_=1614475354788&CODE_STATE=getMsg HTTP/1.1" 200 27
114.88.166.193 - - [28/Feb/2021:09:23:08 +0800] "GET /xingrg/all/function/internal_message.html?_=1614475383873&CODE_STATE=getMsg HTTP/1.1" 200 27
61.165.42.208 - - [28/Feb/2021:09:23:13 +0800] "GET /xingrg/all/function/internal_message.html?_=1614475388953&CODE_STATE=getMsg HTTP/1.1" 200 27
61.165.42.208 - - [28/Feb/2021:09:23:13 +0800] "GET /xingrg/check_reg.html?_=1614475388955 HTTP/1.1" 200 22
116.228.172.94 - - [28/Feb/2021:09:23:13 +0800] "GET /xingrg/kc/base/wldb_order_operate.html?command=get_materiel&rest_code=00107&base_code=0010151&code=00101019315 HTTP/1.1" 200 463
116.224.253.72 - - [28/Feb/2021:09:23:14 +0800] "POST /xingrg/services/DataTransmitService HTTP/1.1" 200 524
120.253.135.82 - - [28/Feb/2021:09:23:19 +0800] "GET /xingrg/all/function/internal_message.html?_=1614475164359&CODE_STATE=getMsg HTTP/1.1" 200 27
117.184.7.30 - - [28/Feb/2021:09:23:24 +0800] "GET /xingrg/all/function/internal_message.html?_=1614475389399&CODE_STATE=getMsg HTTP/1.1" 200 27
116.228.172.94 - - [28/Feb/2021:09:23:31 +0800] "GET /xingrg/kc/base/wldb_order_operate.html?command=get_materiel&rest_code=00107&base_code=0010151&code=00101019306 HTTP/1.1" 200 465
180.174.195.252 - - [28/Feb/2021:09:23:34 +0800] "POST /xingrg/services/DataTransmitService HTTP/1.1" 200 524
116.228.172.94 - - [28/Feb/2021:09:23:39 +0800] "GET /xingrg/all/function/internal_message.html?_=1614475414687&CODE_STATE=getMsg HTTP/1.1" 200 27
183.192.88.215 - - [28/Feb/2021:09:23:39 +0800] "GET /xingrg/all/function/internal_message.html?_=1614475411486&CODE_STATE=getMsg HTTP/1.1" 302 -
183.192.88.215 - - [28/Feb/2021:09:23:40 +0800] "GET /xingrg/check_reg.html?_=1614475411486 HTTP/1.1" 302 -
116.228.172.94 - - [28/Feb/2021:09:23:40 +0800] "GET /xingrg/kc/base/wldb_order_operate.html?command=get_materiel&rest_code=00107&base_code=0010151&code=00101019390 HTTP/1.1" 200 456
180.162.112.81 - - [28/Feb/2021:09:23:42 +0800] "GET /xingrg HTTP/1.1" 302 -
180.162.112.81 - - [28/Feb/2021:09:23:42 +0800] "GET /xingrg/ HTTP/1.1" 200 292
222.70.216.220 - - [28/Feb/2021:09:23:43 +0800] "GET /xingrg/all/function/internal_message.html?_=1614475419429&CODE_STATE=getMsg HTTP/1.1" 200 27
116.224.253.72 - - [28/Feb/2021:09:23:45 +0800] "GET /xingrg/all/function/internal_message.html?_=1614475423033&CODE_STATE=getMsg HTTP/1.1" 200 27
180.162.112.81 - - [28/Feb/2021:09:23:46 +0800] "GET /xingrg/index.html HTTP/1.1" 302 -
180.162.112.81 - - [28/Feb/2021:09:23:46 +0800] "GET /xingrg/login.html HTTP/1.1" 200 7641
180.162.112.81 - - [28/Feb/2021:09:23:46 +0800] "GET /favicon.ico HTTP/1.1" 404 -
180.162.112.81 - - [28/Feb/2021:09:23:46 +0800] "GET /xingrg/images/blue/jxLogo.png HTTP/1.1" 200 6156
116.228.172.94 - - [28/Feb/2021:09:23:48 +0800] "GET /xingrg/kc/base/wldb_order_operate.html?command=get_materiel&rest_code=00107&base_code=0010151&code=00101019267 HTTP/1.1" 200 481
180.162.112.81 - - [28/Feb/2021:09:23:48 +0800] "GET /xingrg/images/blue/hj.png HTTP/1.1" 200 1014
180.162.112.81 - - [28/Feb/2021:09:23:48 +0800] "GET /xingrg/images/blue/srbg.png HTTP/1.1" 200 138
180.162.112.81 - - [28/Feb/2021:09:23:48 +0800] "GET /xingrg/images/blue/login_bg.png HTTP/1.1" 200 22101
180.162.112.81 - - [28/Feb/2021:09:23:50 +0800] "GET /favicon.ico HTTP/1.1" 404 -
180.169.147.146 - - [28/Feb/2021:09:23:51 +0800] "GET /xingrg/all/function/internal_message.html?_=1614475427884&CODE_STATE=getMsg HTTP/1.1" 302 -
180.169.147.146 - - [28/Feb/2021:09:23:51 +0800] "GET /xingrg/check_reg.html?_=1614475427887 HTTP/1.1" 302 -
58.40.7.146 - - [28/Feb/2021:09:23:52 +0800] "GET /xingrg/check_reg.html?_=1614475427947 HTTP/1.1" 200 22
58.40.7.146 - - [28/Feb/2021:09:23:52 +0800] "GET /xingrg/all/function/internal_message.html?_=1614475427949&CODE_STATE=getMsg HTTP/1.1" 200 27
222.69.137.60 - - [28/Feb/2021:09:23:52 +0800] "GET /xingrg/all/function/internal_message.html?_=1614475427915&CODE_STATE=getMsg HTTP/1.1" 200 27
116.228.172.94 - - [28/Feb/2021:09:23:57 +0800] "GET /xingrg/kc/base/wldb_order_operate.html?command=get_materiel&rest_code=00107&base_code=0010151&code=00101019127 HTTP/1.1" 200 466
114.86.187.76 - - [28/Feb/2021:09:23:58 +0800] "GET /xingrg/all/function/internal_message.html?_=1614475434596&CODE_STATE=getMsg HTTP/1.1" 200 27
101.228.165.174 - - [28/Feb/2021:09:23:59 +0800] "GET /xingrg/all/function/internal_message.html?_=1614475436840&CODE_STATE=getMsg HTTP/1.1" 200 27
61.165.42.208 - - [28/Feb/2021:09:24:00 +0800] "GET /xingrg/all/function/internal_message.html?_=1614475420328&CODE_STATE=getMsg HTTP/1.1" 200 27
180.162.112.81 - - [28/Feb/2021:09:24:04 +0800] "POST /xingrg/login.do HTTP/1.1" 302 -
180.162.112.81 - - [28/Feb/2021:09:24:04 +0800] "GET /xingrg/index.html?sysBaseUrl=http%3A%2F%2F180.169.147.146%3A18081%2Fxingrg%2F&costTime=37×tamp=1614475444861 HTTP/1.1" 200 17179
180.162.112.81 - - [28/Feb/2021:09:24:04 +0800] "GET /xingrg/javascript/jquery_easy_ui/themes/icon.css HTTP/1.1" 200 3949
180.162.112.81 - - [28/Feb/2021:09:24:04 +0800] "GET /xingrg/css/form.css HTTP/1.1" 200 893
180.162.112.81 - - [28/Feb/2021:09:24:04 +0800] "GET /xingrg/javascript/jquery-1.4.2.min.js HTTP/1.1" 200 72205
180.162.112.81 - - [28/Feb/2021:09:24:04 +0800] "GET /xingrg/javascript/jquery_easy_ui/easyui-lang-zh_CN.js HTTP/1.1" 200 1900
180.162.112.81 - - [28/Feb/2021:09:24:04 +0800] "GET /xingrg/javascript/jquery_easy_ui/jquery.easyui.min.js HTTP/1.1" 200 213662
180.162.112.81 - - [28/Feb/2021:09:24:04 +0800] "GET /xingrg/javascript/jquery.timers.js HTTP/1.1" 200 3532
180.162.112.81 - - [28/Feb/2021:09:24:04 +0800] "GET /xingrg/javascript/jquery_easy_ui/themes/default/easyui.css HTTP/1.1" 200 26500
180.162.112.81 - - [28/Feb/2021:09:24:04 +0800] "GET /xingrg/javascript/jquery.form.js HTTP/1.1" 200 23110
180.162.112.81 - - [28/Feb/2021:09:24:04 +0800] "GET /xingrg/javascript/jquery.utils.js HTTP/1.1" 200 11805
180.162.112.81 - - [28/Feb/2021:09:24:05 +0800] "GET /xingrg/javascript/jquery_easy_ui/themes/icons/settle_new.png HTTP/1.1" 200 826
180.162.112.81 - - [28/Feb/2021:09:24:05 +0800] "GET /favicon.ico HTTP/1.1" 404 -
180.162.112.81 - - [28/Feb/2021:09:24:05 +0800] "GET /xingrg/images/blue/navBackgound.jpg HTTP/1.1" 200 12378
180.162.112.81 - - [28/Feb/2021:09:24:05 +0800] "POST /xingrg/all/common/load_tree.html?tree=area_rest_tree_json&manage=1 HTTP/1.1" 200 351
180.162.112.81 - - [28/Feb/2021:09:24:05 +0800] "GET /xingrg/all/function/internal_message.html?_=1614475257937&CODE_STATE=count HTTP/1.1" 200 11
180.162.112.81 - - [28/Feb/2021:09:24:05 +0800] "GET /xingrg/check_reg.html?_=1614475257938 HTTP/1.1" 200 22
180.162.112.81 - - [28/Feb/2021:09:24:05 +0800] "GET /xingrg/javascript/jquery_easy_ui/themes/default/images/tabs_leftarrow.png HTTP/1.1" 200 389
180.162.112.81 - - [28/Feb/2021:09:24:05 +0800] "GET /xingrg/images/blue/pingpu.png HTTP/1.1" 200 231
180.162.112.81 - - [28/Feb/2021:09:24:05 +0800] "GET /xingrg/javascript/jquery_easy_ui/themes/default/images/panel_tool_collapse.gif HTTP/1.1" 200 246
180.162.112.81 - - [28/Feb/2021:09:24:05 +0800] "GET /xingrg/javascript/jquery_easy_ui/themes/default/images/tabs_rightarrow.png HTTP/1.1" 200 395
180.162.112.81 - - [28/Feb/2021:09:24:05 +0800] "POST /xingrg/load_menu.html HTTP/1.1" 200 5138
180.162.112.81 - - [28/Feb/2021:09:24:05 +0800] "GET /xingrg/javascript/jquery_easy_ui/themes/default/images/tree_arrows.gif HTTP/1.1" 200 1043
180.162.112.81 - - [28/Feb/2021:09:24:05 +0800] "GET /xingrg/javascript/jquery_easy_ui/themes/icons/search_new.png HTTP/1.1" 200 586
180.162.112.81 - - [28/Feb/2021:09:24:05 +0800] "GET /xingrg/javascript/jquery_easy_ui/themes/default/images/tree_folder_open.gif HTTP/1.1" 200 956
180.162.112.81 - - [28/Feb/2021:09:24:05 +0800] "GET /xingrg/javascript/jquery_easy_ui/themes/default/images/tree_folder.gif HTTP/1.1" 200 952
180.162.112.81 - - [28/Feb/2021:09:24:05 +0800] "GET /xingrg/javascript/jquery_easy_ui/themes/icons/storage_new.png HTTP/1.1" 200 853
180.162.112.81 - - [28/Feb/2021:09:24:05 +0800] "GET /xingrg/javascript/jquery_easy_ui/themes/icons/forms_new.png HTTP/1.1" 200 350
180.162.112.81 - - [28/Feb/2021:09:24:05 +0800] "GET /xingrg/javascript/jquery_easy_ui/themes/default/images/tree_file.gif HTTP/1.1" 200 118
116.224.253.72 - - [28/Feb/2021:09:24:08 +0800] "GET /xingrg/all/function/internal_message.html?_=1614475414872&CODE_STATE=getMsg HTTP/1.1" 200 27
114.88.166.193 - - [28/Feb/2021:09:24:08 +0800] "GET /xingrg/all/function/internal_message.html?_=1614475444057&CODE_STATE=getMsg HTTP/1.1" 200 27
180.162.112.81 - - [28/Feb/2021:09:24:09 +0800] "GET /xingrg/kc/buy/buy_main.html HTTP/1.1" 200 12412
180.162.112.81 - - [28/Feb/2021:09:24:09 +0800] "GET /xingrg/javascript/jquery_easy_ui/themes/default/images/tabs_close.gif HTTP/1.1" 200 829
180.162.112.81 - - [28/Feb/2021:09:24:09 +0800] "GET /xingrg/css/new_ie.css HTTP/1.1" 404 1036
180.162.112.81 - - [28/Feb/2021:09:24:09 +0800] "GET /xingrg/javascript/ToolTips.js HTTP/1.1" 200 5615
180.162.112.81 - - [28/Feb/2021:09:24:09 +0800] "GET /xingrg/javascript/pic_change.js HTTP/1.1" 200 4739
180.162.112.81 - - [28/Feb/2021:09:24:09 +0800] "GET /xingrg/javascript/jquery_ui/jquery-ui.min.js HTTP/1.1" 200 186181
180.162.112.81 - - [28/Feb/2021:09:24:09 +0800] "GET /xingrg/images/blue/button/cgxqd.gif HTTP/1.1" 200 2619
180.162.112.81 - - [28/Feb/2021:09:24:09 +0800] "GET /xingrg/images/blue/button/cgydd.gif HTTP/1.1" 200 2712
180.162.112.81 - - [28/Feb/2021:09:24:09 +0800] "GET /xingrg/css/blue.css HTTP/1.1" 200 15949
180.162.112.81 - - [28/Feb/2021:09:24:09 +0800] "GET /xingrg/javascript/myfunction.js HTTP/1.1" 200 24559
180.162.112.81 - - [28/Feb/2021:09:24:09 +0800] "GET /xingrg/javascript/jquery_ui/themes/humanity/humanity.css HTTP/1.1" 200 27801
180.162.112.81 - - [28/Feb/2021:09:24:09 +0800] "GET /xingrg/images/blue/button/cgfkd.gif HTTP/1.1" 200 2075
180.162.112.81 - - [28/Feb/2021:09:24:09 +0800] "GET /xingrg/images/blue/button/cgshd.gif HTTP/1.1" 200 2618
180.162.112.81 - - [28/Feb/2021:09:24:09 +0800] "GET /xingrg/images/blue/button/kc.gif HTTP/1.1" 200 2160
180.162.112.81 - - [28/Feb/2021:09:24:09 +0800] "GET /xingrg/images/blue/button/ckthd.gif HTTP/1.1" 200 2045
180.162.112.81 - - [28/Feb/2021:09:24:09 +0800] "GET /xingrg/images/blue/pic_form2.gif HTTP/1.1" 200 1853
180.162.112.81 - - [28/Feb/2021:09:24:09 +0800] "GET /xingrg/images/blue/bg_dotted.jpg HTTP/1.1" 200 319
180.162.112.81 - - [28/Feb/2021:09:24:09 +0800] "GET /xingrg/images/blue/button/down_ah.jpg HTTP/1.1" 200 1732
180.162.112.81 - - [28/Feb/2021:09:24:09 +0800] "GET /xingrg/javascript/jquery_ui/themes/humanity/images/ui-bg_inset-soft_100_f4f0ec_1x100.png HTTP/1.1" 200 141
180.162.112.81 - - [28/Feb/2021:09:24:09 +0800] "GET /xingrg/images/blue/button/right_ah.jpg HTTP/1.1" 200 1744
180.162.112.81 - - [28/Feb/2021:09:24:09 +0800] "GET /xingrg/javascript/jquery_ui/themes/humanity/images/ui-iconsnew.jpg HTTP/1.1" 200 337
180.162.112.81 - - [28/Feb/2021:09:24:09 +0800] "GET /xingrg/javascript/jquery_ui/themes/humanity/images/ui-icons_c47a23_256x240.png HTTP/1.1" 200 5355
180.162.112.81 - - [28/Feb/2021:09:24:09 +0800] "GET /xingrg/javascript/jquery_ui/themes/humanity/images/ui-icons_ffffff_256x240.png HTTP/1.1" 200 4369
180.162.112.81 - - [28/Feb/2021:09:24:09 +0800] "GET /xingrg/javascript/jquery_ui/themes/humanity/images/ui-bg_glass_70_ede4d4_1x400.png HTTP/1.1" 200 161
180.162.112.81 - - [28/Feb/2021:09:24:10 +0800] "GET /xingrg/images/yd/bt.gif HTTP/1.1" 404 1040
116.228.172.94 - - [28/Feb/2021:09:24:10 +0800] "GET /xingrg/kc/base/wldb_order_operate.html?command=get_materiel&rest_code=00107&base_code=0010151&code=00101019204 HTTP/1.1" 200 437
180.162.112.81 - - [28/Feb/2021:09:24:10 +0800] "GET /xingrg/css/base.css HTTP/1.1" 200 2811
180.162.112.81 - - [28/Feb/2021:09:24:10 +0800] "GET /xingrg/css/site.css HTTP/1.1" 200 7541
180.162.112.81 - - [28/Feb/2021:09:24:10 +0800] "GET /xingrg/javascript/jquery_tools/datebox.css HTTP/1.1" 200 2597
180.162.112.81 - - [28/Feb/2021:09:24:10 +0800] "GET /xingrg/kc/buy/cgsh_order_list.html HTTP/1.1" 200 46372
180.162.112.81 - - [28/Feb/2021:09:24:10 +0800] "GET /xingrg/javascript/jquery_tools/fix.css HTTP/1.1" 200 1702
180.162.112.81 - - [28/Feb/2021:09:24:10 +0800] "GET /xingrg/javascript/easyui/themes/icon.css HTTP/1.1" 200 4483
180.162.112.81 - - [28/Feb/2021:09:24:10 +0800] "GET /xingrg/javascript/auto/jquery.autocomplete.css HTTP/1.1" 200 587
180.162.112.81 - - [28/Feb/2021:09:24:10 +0800] "GET /xingrg/javascript/jquery_tools/table.css HTTP/1.1" 200 1032
180.162.112.81 - - [28/Feb/2021:09:24:10 +0800] "GET /xingrg/javascript/easyui/themes/default/easyui.css HTTP/1.1" 200 30432
180.162.112.81 - - [28/Feb/2021:09:24:10 +0800] "GET /xingrg/javascript/jquery_tools/jquery.tools.min.js HTTP/1.1" 200 138801
180.162.112.81 - - [28/Feb/2021:09:24:10 +0800] "GET /xingrg/javascript/jquery_tools/jquery.tools.table.js HTTP/1.1" 200 6994
180.162.112.81 - - [28/Feb/2021:09:24:10 +0800] "GET /xingrg/javascript/jquery_tools/jquery.tools.hotkey.js HTTP/1.1" 200 3242
180.162.112.81 - - [28/Feb/2021:09:24:10 +0800] "GET /xingrg/javascript/jquery_tools/jquery.tools.extend.js HTTP/1.1" 200 15385
180.162.112.81 - - [28/Feb/2021:09:24:10 +0800] "GET /xingrg/javascript/jquery_tools/list_manager.js HTTP/1.1" 200 3652
180.162.112.81 - - [28/Feb/2021:09:24:10 +0800] "GET /xingrg/javascript/easyui/easyloader.js HTTP/1.1" 200 5975
180.162.112.81 - - [28/Feb/2021:09:24:10 +0800] "GET /xingrg/javascript/auto/jquery.autocomplete.js HTTP/1.1" 200 21624
180.162.112.81 - - [28/Feb/2021:09:24:10 +0800] "GET /xingrg/javascript/jquery.cookie.js HTTP/1.1" 200 5513
180.162.112.81 - - [28/Feb/2021:09:24:10 +0800] "GET /xingrg/javascript/print/LodopFuncs.js HTTP/1.1" 200 5121
180.162.112.81 - - [28/Feb/2021:09:24:11 +0800] "GET /xingrg/javascript/easyui/themes/icons/field_new.png HTTP/1.1" 200 1097
180.162.112.81 - - [28/Feb/2021:09:24:11 +0800] "GET /xingrg/javascript/easyui/themes/icons/cance_new.png HTTP/1.1" 200 3986
180.162.112.81 - - [28/Feb/2021:09:24:11 +0800] "GET /xingrg/javascript/easyui/themes/icons/check_new.png HTTP/1.1" 200 3224
180.162.112.81 - - [28/Feb/2021:09:24:11 +0800] "GET /xingrg/javascript/easyui/themes/icons/import_new.png HTTP/1.1" 200 1247
180.162.112.81 - - [28/Feb/2021:09:24:11 +0800] "GET /xingrg/javascript/easyui/themes/icons/edit_add_new.png HTTP/1.1" 200 2997
180.162.112.81 - - [28/Feb/2021:09:24:11 +0800] "GET /xingrg/javascript/easyui/plugins/jquery.parser.js HTTP/1.1" 200 1142
180.162.112.81 - - [28/Feb/2021:09:24:11 +0800] "GET /xingrg/images/control/ajaxLoader.gif HTTP/1.1" 200 4659
61.165.42.208 - - [28/Feb/2021:09:24:13 +0800] "GET /xingrg/all/function/internal_message.html?_=1614475448939&CODE_STATE=getMsg HTTP/1.1" 200 27
180.162.112.81 - - [28/Feb/2021:09:24:13 +0800] "POST /xingrg/kc/buy/cgsh_list_operate.html HTTP/1.1" 200 2063
180.162.112.81 - - [28/Feb/2021:09:24:16 +0800] "POST /xingrg/kc/buy/cgsh_list_operate.html HTTP/1.1" 200 282
180.162.112.81 - - [28/Feb/2021:09:24:18 +0800] "GET /xingrg/kc/buy/cgsh_order_info.html?code=212021022710768 HTTP/1.1" 200 61195
180.162.112.81 - - [28/Feb/2021:09:24:18 +0800] "GET /xingrg/javascript/convert.js HTTP/1.1" 200 1239
180.162.112.81 - - [28/Feb/2021:09:24:18 +0800] "GET /xingrg/javascript/json2.js HTTP/1.1" 200 11259
180.162.112.81 - - [28/Feb/2021:09:24:18 +0800] "GET /xingrg/javascript/print/kc_print.js HTTP/1.1" 200 11415
180.162.112.81 - - [28/Feb/2021:09:24:18 +0800] "GET /xingrg/javascript/jquery_tools/order_manager.js HTTP/1.1" 200 11183
180.162.112.81 - - [28/Feb/2021:09:24:18 +0800] "GET /xingrg/words/20210227111306_words.js HTTP/1.1" 200 796675
180.162.112.81 - - [28/Feb/2021:09:24:18 +0800] "GET /xingrg/javascript/easyui/themes/default/images/menu_downarrow.png HTTP/1.1" 200 173
180.162.112.81 - - [28/Feb/2021:09:24:18 +0800] "GET /xingrg/javascript/easyui/themes/icons/print.png HTTP/1.1" 200 1057
180.162.112.81 - - [28/Feb/2021:09:24:18 +0800] "GET /xingrg/javascript/easyui/themes/icons/template_new.png HTTP/1.1" 200 3956
180.162.112.81 - - [28/Feb/2021:09:24:18 +0800] "GET /xingrg/javascript/easyui/themes/icons/ok.png HTTP/1.1" 200 883
180.162.112.81 - - [28/Feb/2021:09:24:18 +0800] "GET /xingrg/javascript/easyui/themes/icons/copy_new.png HTTP/1.1" 200 815
180.162.112.81 - - [28/Feb/2021:09:24:18 +0800] "GET /xingrg/javascript/easyui/themes/icons/cancel.png HTTP/1.1" 200 1133
120.253.135.82 - - [28/Feb/2021:09:24:19 +0800] "GET /xingrg/all/function/internal_message.html?_=1614475224365&CODE_STATE=getMsg HTTP/1.1" 200 27
180.162.112.81 - - [28/Feb/2021:09:24:19 +0800] "GET /xingrg/javascript/easyui/themes/default/validatebox.css HTTP/1.1" 404 1104
180.162.112.81 - - [28/Feb/2021:09:24:19 +0800] "GET /xingrg/javascript/easyui/plugins/jquery.validatebox.js HTTP/1.1" 200 6103
180.162.112.81 - - [28/Feb/2021:09:24:19 +0800] "GET /xingrg/all/common/auto_word.html?type=employee&rest_code=00143 HTTP/1.1" 200 55
180.162.112.81 - - [28/Feb/2021:09:24:19 +0800] "GET /xingrg/all/common/auto_word.html?type=employee&rest_code=00143 HTTP/1.1" 200 55
180.162.112.81 - - [28/Feb/2021:09:24:19 +0800] "GET /xingrg/javascript/easyui/plugins/jquery.numberbox.js HTTP/1.1" 200 5213
180.162.112.81 - - [28/Feb/2021:09:24:19 +0800] "POST /xingrg/kc/buy/cgsh_order_operate.html HTTP/1.1" 200 3256
180.162.112.81 - - [28/Feb/2021:09:24:19 +0800] "GET /xingrg/javascript/easyui/themes/icons/edit_remove.png HTTP/1.1" 200 625
222.70.216.220 - - [28/Feb/2021:09:24:23 +0800] "GET /xingrg/kc/buy/cgsh_order_add.html HTTP/1.1" 200 62072
222.70.216.220 - - [28/Feb/2021:09:24:23 +0800] "POST /xingrg/kc/buy/cgsh_order_operate.html HTTP/1.1" 200 8245
222.70.216.220 - - [28/Feb/2021:09:24:23 +0800] "GET /xingrg/javascript/easyui/themes/default/validatebox.css HTTP/1.1" 404 1104
117.184.7.30 - - [28/Feb/2021:09:24:24 +0800] "GET /xingrg/all/function/internal_message.html?_=1614475449384&CODE_STATE=getMsg HTTP/1.1" 200 27
222.70.216.220 - - [28/Feb/2021:09:24:32 +0800] "GET /xingrg/kc/buy/cgsh_order_operate.html?command=get_materiel&rest_code=00155&code=00101007077&supplier_code=00100002&order_time=2021-02-28 HTTP/1.1" 200 415
222.70.216.220 - - [28/Feb/2021:09:24:37 +0800] "POST /xingrg/kc/buy/cgsh_order_operate.html HTTP/1.1" 200 37
222.70.216.220 - - [28/Feb/2021:09:24:38 +0800] "POST /xingrg/kc/buy/cgsh_order_operate.html HTTP/1.1" 200 2660
222.70.216.220 - - [28/Feb/2021:09:24:39 +0800] "GET /xingrg/kc/print/load_data.html?order_code=212021022810802&kc_code=cgsh&condition= HTTP/1.1" 200 749
183.192.88.215 - - [28/Feb/2021:09:24:39 +0800] "GET /xingrg/all/function/internal_message.html?_=1614475471484&CODE_STATE=getMsg HTTP/1.1" 302 -
116.228.172.94 - - [28/Feb/2021:09:24:39 +0800] "GET /xingrg/all/function/internal_message.html?_=1614475474774&CODE_STATE=getMsg HTTP/1.1" 200 27
222.70.216.220 - - [28/Feb/2021:09:24:43 +0800] "GET /xingrg/check_reg.html?_=1614475479421 HTTP/1.1" 200 22
222.70.216.220 - - [28/Feb/2021:09:24:43 +0800] "GET /xingrg/all/function/internal_message.html?_=1614475479425&CODE_STATE=getMsg HTTP/1.1" 200 27
116.228.172.94 - - [28/Feb/2021:09:24:44 +0800] "POST /xingrg/kc/base/wldb_order_operate.html HTTP/1.1" 200 37
116.228.172.94 - - [28/Feb/2021:09:24:45 +0800] "POST /xingrg/kc/base/wldb_order_operate.html HTTP/1.1" 200 9290
116.224.253.72 - - [28/Feb/2021:09:24:45 +0800] "GET /xingrg/all/function/internal_message.html?_=1614475483014&CODE_STATE=getMsg HTTP/1.1" 200 27
116.228.172.94 - - [28/Feb/2021:09:24:45 +0800] "GET /xingrg/kc/base/wldb_order_info.html?code=422021022803197 HTTP/1.1" 200 30519
116.228.172.94 - - [28/Feb/2021:09:24:46 +0800] "GET /xingrg/javascript/easyui/themes/default/validatebox.css HTTP/1.1" 404 1104
116.228.172.94 - - [28/Feb/2021:09:24:47 +0800] "POST /xingrg/kc/base/wldb_order_operate.html HTTP/1.1" 200 9290
117.185.32.26 - - [28/Feb/2021:09:24:47 +0800] "GET /xingrg/login.html HTTP/1.1" 200 7641
117.185.32.26 - - [28/Feb/2021:09:24:48 +0800] "GET /favicon.ico HTTP/1.1" 404 -
117.185.32.26 - - [28/Feb/2021:09:24:51 +0800] "POST /xingrg/login.do HTTP/1.1" 302 -
117.185.32.26 - - [28/Feb/2021:09:24:51 +0800] "GET /xingrg/index.html?sysBaseUrl=http%3A%2F%2F180.169.147.146%3A18081%2Fxingrg%2F&costTime=37×tamp=1614475491212 HTTP/1.1" 200 17173
180.169.147.146 - - [28/Feb/2021:09:24:51 +0800] "GET /xingrg/all/function/internal_message.html?_=1614475487911&CODE_STATE=getMsg HTTP/1.1" 302 -
117.185.32.26 - - [28/Feb/2021:09:24:51 +0800] "GET /favicon.ico HTTP/1.1" 404 -
58.40.7.146 - - [28/Feb/2021:09:24:52 +0800] "GET /xingrg/all/function/internal_message.html?_=1614475487950&CODE_STATE=getMsg HTTP/1.1" 200 27
117.185.32.26 - - [28/Feb/2021:09:24:52 +0800] "POST /xingrg/all/common/load_tree.html?tree=area_rest_tree_json&manage=1 HTTP/1.1" 200 342
117.185.32.26 - - [28/Feb/2021:09:24:52 +0800] "GET /xingrg/all/function/internal_message.html?_=1614475986372&CODE_STATE=count HTTP/1.1" 200 11
117.185.32.26 - - [28/Feb/2021:09:24:52 +0800] "GET /xingrg/check_reg.html?_=1614475986373 HTTP/1.1" 200 22
117.185.32.26 - - [28/Feb/2021:09:24:52 +0800] "POST /xingrg/load_menu.html HTTP/1.1" 200 5138
222.69.137.60 - - [28/Feb/2021:09:24:52 +0800] "GET /xingrg/all/function/internal_message.html?_=1614475487890&CODE_STATE=getMsg HTTP/1.1" 200 27
117.185.32.26 - - [28/Feb/2021:09:24:54 +0800] "GET /xingrg/kc/buy/buy_main.html HTTP/1.1" 200 12412
117.185.32.26 - - [28/Feb/2021:09:24:54 +0800] "GET /xingrg/css/new_ie.css HTTP/1.1" 404 1036
117.185.32.26 - - [28/Feb/2021:09:24:54 +0800] "GET /xingrg/images/yd/bt.gif HTTP/1.1" 404 1040
117.185.32.26 - - [28/Feb/2021:09:24:56 +0800] "GET /xingrg/kc/buy/cgsh_order_list.html HTTP/1.1" 200 46366
101.228.165.174 - - [28/Feb/2021:09:24:57 +0800] "GET /xingrg/check_reg.html?_=1614475494968 HTTP/1.1" 200 22
114.86.187.76 - - [28/Feb/2021:09:24:58 +0800] "GET /xingrg/all/function/internal_message.html?_=1614475494583&CODE_STATE=getMsg HTTP/1.1" 200 27
180.162.112.81 - - [28/Feb/2021:09:24:58 +0800] "GET /xingrg/javascript/easyui/themes/default/images/button_plain_hover.png HTTP/1.1" 200 144
101.228.165.174 - - [28/Feb/2021:09:24:59 +0800] "GET /xingrg/all/function/internal_message.html?_=1614475496867&CODE_STATE=getMsg HTTP/1.1" 200 27
61.165.42.208 - - [28/Feb/2021:09:25:00 +0800] "GET /xingrg/all/function/internal_message.html?_=1614475480328&CODE_STATE=getMsg HTTP/1.1" 200 27
117.185.32.26 - - [28/Feb/2021:09:25:02 +0800] "GET /xingrg/kc/buy/buy_main.html HTTP/1.1" 200 12412
180.162.112.81 - - [28/Feb/2021:09:25:03 +0800] "POST /xingrg/kc/buy/cgsh_order_operate.html HTTP/1.1" 200 37
180.162.112.81 - - [28/Feb/2021:09:25:05 +0800] "GET /xingrg/all/function/internal_message.html?_=1614475317944&CODE_STATE=getMsg HTTP/1.1" 200 27
180.162.112.81 - - [28/Feb/2021:09:25:05 +0800] "POST /xingrg/kc/buy/cgsh_order_operate.html HTTP/1.1" 200 12
117.185.32.26 - - [28/Feb/2021:09:25:06 +0800] "GET /xingrg/css/new_ie.css HTTP/1.1" 404 1036
117.185.32.26 - - [28/Feb/2021:09:25:06 +0800] "GET /xingrg/kc/buy/buy_main.html HTTP/1.1" 200 12412
117.185.32.26 - - [28/Feb/2021:09:25:06 +0800] "GET /xingrg/css/new_ie.css HTTP/1.1" 404 1036
117.185.32.26 - - [28/Feb/2021:09:25:07 +0800] "GET /xingrg/images/yd/bt.gif HTTP/1.1" 404 1040
116.224.253.72 - - [28/Feb/2021:09:25:08 +0800] "GET /xingrg/all/function/internal_message.html?_=1614475474877&CODE_STATE=getMsg HTTP/1.1" 200 27
117.185.32.26 - - [28/Feb/2021:09:25:08 +0800] "GET /xingrg/kc/buy/cgsh_order_list.html HTTP/1.1" 200 46366
114.88.166.193 - - [28/Feb/2021:09:25:08 +0800] "GET /xingrg/all/function/internal_message.html?_=1614475504072&CODE_STATE=getMsg HTTP/1.1" 200 27
114.86.187.76 - - [28/Feb/2021:09:25:10 +0800] "POST /xingrg/kc/base/check_list_operate.html HTTP/1.1" 200 1572
117.185.32.26 - - [28/Feb/2021:09:25:10 +0800] "POST /xingrg/kc/buy/cgsh_list_operate.html HTTP/1.1" 200 876
180.162.112.81 - - [28/Feb/2021:09:25:12 +0800] "GET /xingrg/kc/buy/cgsh_order_info.html?code=212021022710768 HTTP/1.1" 200 56091
180.162.112.81 - - [28/Feb/2021:09:25:12 +0800] "GET /xingrg/javascript/easyui/themes/default/validatebox.css HTTP/1.1" 404 1104
114.88.166.193 - - [28/Feb/2021:09:25:13 +0800] "GET /xingrg/kc/buy/cgsh_order_add.html HTTP/1.1" 200 62104
117.185.32.26 - - [28/Feb/2021:09:25:13 +0800] "GET /xingrg/kc/buy/cgsh_order_add.html HTTP/1.1" 200 62104
61.165.42.208 - - [28/Feb/2021:09:25:13 +0800] "GET /xingrg/all/function/internal_message.html?_=1614475508953&CODE_STATE=getMsg HTTP/1.1" 200 27
180.162.112.81 - - [28/Feb/2021:09:25:13 +0800] "POST /xingrg/kc/buy/cgsh_order_operate.html HTTP/1.1" 200 1210
117.185.32.26 - - [28/Feb/2021:09:25:13 +0800] "GET /xingrg/words/20210227111306_words.js HTTP/1.1" 304 -
117.185.32.26 - - [28/Feb/2021:09:25:13 +0800] "GET /xingrg/all/common/auto_word.html?type=employee&rest_code=00106 HTTP/1.1" 200 205
117.185.32.26 - - [28/Feb/2021:09:25:13 +0800] "GET /xingrg/all/common/auto_word.html?type=employee&rest_code=00106 HTTP/1.1" 200 205
117.185.32.26 - - [28/Feb/2021:09:25:13 +0800] "GET /xingrg/javascript/easyui/themes/default/validatebox.css HTTP/1.1" 404 1104
117.185.32.26 - - [28/Feb/2021:09:25:13 +0800] "POST /xingrg/kc/buy/cgsh_order_operate.html HTTP/1.1" 200 8245
114.88.166.193 - - [28/Feb/2021:09:25:13 +0800] "POST /xingrg/kc/buy/cgsh_order_operate.html HTTP/1.1" 200 8245
114.88.166.193 - - [28/Feb/2021:09:25:14 +0800] "GET /xingrg/javascript/easyui/themes/default/validatebox.css HTTP/1.1" 404 1104
117.185.32.26 - - [28/Feb/2021:09:25:15 +0800] "GET /xingrg/javascript/easyui/themes/default/tree.css HTTP/1.1" 404 1090
117.185.32.26 - - [28/Feb/2021:09:25:16 +0800] "POST /xingrg/all/common/load_tree.html?tree=supplier_tree_json&isDelete=1 HTTP/1.1" 200 54827
120.253.135.82 - - [28/Feb/2021:09:25:16 +0800] "GET /xingrg/check_reg.html?_=1614475281992 HTTP/1.1" 200 22
180.174.195.252 - - [28/Feb/2021:09:25:17 +0800] "GET /xingrg/kc/buy/cgsh_order_operate.html?command=get_materiel&rest_code=00102&code=00101002005&supplier_code=00100151&order_time=2021-02-28 HTTP/1.1" 200 412
180.162.112.81 - - [28/Feb/2021:09:25:17 +0800] "GET /xingrg/kc/print/load_config.html?kc_code=cgsh HTTP/1.1" 200 1845
180.162.112.81 - - [28/Feb/2021:09:25:17 +0800] "GET /xingrg/kc/print/load_data.html?order_code=212021022710768&kc_code=cgsh&condition= HTTP/1.1" 200 950
120.253.135.82 - - [28/Feb/2021:09:25:19 +0800] "GET /xingrg/all/function/internal_message.html?_=1614475284379&CODE_STATE=getMsg HTTP/1.1" 200 27
117.185.32.26 - - [28/Feb/2021:09:25:23 +0800] "GET /xingrg/javascript/jquery_tools/images/prev.gif HTTP/1.1" 404 1086
117.185.32.26 - - [28/Feb/2021:09:25:23 +0800] "GET /xingrg/javascript/jquery_tools/images/next.gif HTTP/1.1" 404 1086
114.88.166.193 - - [28/Feb/2021:09:25:23 +0800] "GET /xingrg/kc/buy/cgsh_order_operate.html?command=get_materiel&rest_code=00111&code=00101008355&supplier_code=00100005&order_time=2021-02-28 HTTP/1.1" 200 430
117.184.7.30 - - [28/Feb/2021:09:25:24 +0800] "GET /xingrg/all/function/internal_message.html?_=1614475509408&CODE_STATE=getMsg HTTP/1.1" 200 27
117.184.7.30 - - [28/Feb/2021:09:25:24 +0800] "GET /xingrg/check_reg.html?_=1614475509414 HTTP/1.1" 200 22
114.88.166.193 - - [28/Feb/2021:09:25:35 +0800] "GET /xingrg/kc/buy/cgsh_order_operate.html?command=get_materiel&rest_code=00111&code=00101008067&supplier_code=00100005&order_time=2021-02-28 HTTP/1.1" 200 416
117.185.32.26 - - [28/Feb/2021:09:25:38 +0800] "GET /xingrg/javascript/auto/indicator.gif HTTP/1.1" 404 1066
116.228.172.94 - - [28/Feb/2021:09:25:39 +0800] "GET /xingrg/all/function/internal_message.html?_=1614475534751&CODE_STATE=getMsg HTTP/1.1" 200 27
183.192.88.215 - - [28/Feb/2021:09:25:39 +0800] "GET /xingrg/all/function/internal_message.html?_=1614475531499&CODE_STATE=getMsg HTTP/1.1" 302 -
222.70.216.220 - - [28/Feb/2021:09:25:43 +0800] "GET /xingrg/all/function/internal_message.html?_=1614475539419&CODE_STATE=getMsg HTTP/1.1" 200 27
114.88.166.193 - - [28/Feb/2021:09:25:44 +0800] "GET /xingrg/kc/buy/cgsh_order_operate.html?command=get_materiel&rest_code=00111&code=00101008331&supplier_code=00100005&order_time=2021-02-28 HTTP/1.1" 200 416
117.185.32.26 - - [28/Feb/2021:09:25:44 +0800] "GET /xingrg/kc/buy/cgsh_order_operate.html?command=get_materiel&rest_code=00106&code=00101006109&supplier_code=00100015&order_time=2021-02-28 HTTP/1.1" 200 409
116.224.253.72 - - [28/Feb/2021:09:25:45 +0800] "GET /xingrg/all/function/internal_message.html?_=1614475543000&CODE_STATE=getMsg HTTP/1.1" 200 27
180.169.147.146 - - [28/Feb/2021:09:25:51 +0800] "GET /xingrg/all/function/internal_message.html?_=1614475547914&CODE_STATE=getMsg HTTP/1.1" 302 -
180.169.147.146 - - [28/Feb/2021:09:25:51 +0800] "GET /xingrg/login.html HTTP/1.1" 200 7641
58.40.7.146 - - [28/Feb/2021:09:25:52 +0800] "GET /xingrg/all/function/internal_message.html?_=1614475547953&CODE_STATE=getMsg HTTP/1.1" 200 27
114.88.166.193 - - [28/Feb/2021:09:25:52 +0800] "GET /xingrg/kc/buy/cgsh_order_operate.html?command=get_materiel&rest_code=00111&code=00101008126&supplier_code=00100005&order_time=2021-02-28 HTTP/1.1" 200 412
117.185.32.26 - - [28/Feb/2021:09:25:52 +0800] "GET /xingrg/all/function/internal_message.html?_=1614476046380&CODE_STATE=getMsg HTTP/1.1" 200 27
222.69.137.60 - - [28/Feb/2021:09:25:52 +0800] "GET /xingrg/all/function/internal_message.html?_=1614475547875&CODE_STATE=getMsg HTTP/1.1" 200 27
222.69.137.60 - - [28/Feb/2021:09:25:53 +0800] "GET /xingrg/check_reg.html?_=1614475548486 HTTP/1.1" 200 22
114.86.187.76 - - [28/Feb/2021:09:25:58 +0800] "GET /xingrg/all/function/internal_message.html?_=1614475554576&CODE_STATE=getMsg HTTP/1.1" 200 27
101.228.165.174 - - [28/Feb/2021:09:25:59 +0800] "GET /xingrg/all/function/internal_message.html?_=1614475556884&CODE_STATE=getMsg HTTP/1.1" 200 27
61.165.42.208 - - [28/Feb/2021:09:26:00 +0800] "GET /xingrg/all/function/internal_message.html?_=1614475540331&CODE_STATE=getMsg HTTP/1.1" 200 27
114.88.166.193 - - [28/Feb/2021:09:26:00 +0800] "GET /xingrg/kc/buy/cgsh_order_operate.html?command=get_materiel&rest_code=00111&code=00101008256&supplier_code=00100005&order_time=2021-02-28 HTTP/1.1" 200 412
180.162.112.81 - - [28/Feb/2021:09:26:05 +0800] "GET /xingrg/all/function/internal_message.html?_=1614475377951&CODE_STATE=getMsg HTTP/1.1" 200 27
114.88.166.193 - - [28/Feb/2021:09:26:07 +0800] "GET /xingrg/kc/buy/cgsh_order_operate.html?command=get_materiel&rest_code=00111&code=00101008045&supplier_code=00100005&order_time=2021-02-28 HTTP/1.1" 200 412
114.88.166.193 - - [28/Feb/2021:09:26:07 +0800] "GET /xingrg/check_reg.html?_=1614475562829 HTTP/1.1" 200 22
116.224.253.72 - - [28/Feb/2021:09:26:08 +0800] "GET /xingrg/check_reg.html?_=1614475534590 HTTP/1.1" 200 22
116.224.253.72 - - [28/Feb/2021:09:26:08 +0800] "GET /xingrg/all/function/internal_message.html?_=1614475534891&CODE_STATE=getMsg HTTP/1.1" 200 27
114.88.166.193 - - [28/Feb/2021:09:26:08 +0800] "GET /xingrg/all/function/internal_message.html?_=1614475564086&CODE_STATE=getMsg HTTP/1.1" 200 27
117.185.32.26 - - [28/Feb/2021:09:26:12 +0800] "GET /xingrg/kc/buy/cgsh_order_operate.html?command=get_materiel&rest_code=00106&code=00101006177&supplier_code=00100015&order_time=2021-02-28 HTTP/1.1" 200 409
61.165.42.208 - - [28/Feb/2021:09:26:13 +0800] "GET /xingrg/all/function/internal_message.html?_=1614475568952&CODE_STATE=getMsg HTTP/1.1" 200 27
101.228.165.174 - - [28/Feb/2021:09:26:17 +0800] "GET /xingrg/kc/buy/cgsh_order_operate.html?command=get_materiel&rest_code=00146&code=00101008049&supplier_code=00100005&order_time=2021-02-28 HTTP/1.1" 200 408
114.88.166.193 - - [28/Feb/2021:09:26:17 +0800] "GET /xingrg/kc/buy/cgsh_order_operate.html?command=get_materiel&rest_code=00111&code=00101008110&supplier_code=00100005&order_time=2021-02-28 HTTP/1.1" 200 408
120.253.135.82 - - [28/Feb/2021:09:26:19 +0800] "GET /xingrg/all/function/internal_message.html?_=1614475344392&CODE_STATE=getMsg HTTP/1.1" 200 27
117.184.7.30 - - [28/Feb/2021:09:26:24 +0800] "GET /xingrg/all/function/internal_message.html?_=1614475569384&CODE_STATE=getMsg HTTP/1.1" 200 27
180.162.112.81 - - [28/Feb/2021:09:26:25 +0800] "GET /xingrg/kc/buy/cgsh_order_add.html HTTP/1.1" 200 61184
114.88.166.193 - - [28/Feb/2021:09:26:25 +0800] "GET /xingrg/kc/buy/cgsh_order_operate.html?command=get_materiel&rest_code=00111&code=00101008096&supplier_code=00100005&order_time=2021-02-28 HTTP/1.1" 200 413
180.162.112.81 - - [28/Feb/2021:09:26:25 +0800] "POST /xingrg/kc/buy/cgsh_order_operate.html HTTP/1.1" 200 8245
180.162.112.81 - - [28/Feb/2021:09:26:25 +0800] "GET /xingrg/javascript/easyui/themes/default/validatebox.css HTTP/1.1" 404 1104
180.162.112.81 - - [28/Feb/2021:09:26:27 +0800] "GET /xingrg/javascript/easyui/plugins/jquery.draggable.js HTTP/1.1" 200 6121
180.162.112.81 - - [28/Feb/2021:09:26:27 +0800] "GET /xingrg/css/images/panel_loading.gif HTTP/1.1" 200 1737
180.162.112.81 - - [28/Feb/2021:09:26:27 +0800] "GET /xingrg/javascript/easyui/plugins/jquery.droppable.js HTTP/1.1" 200 1167
180.162.112.81 - - [28/Feb/2021:09:26:27 +0800] "GET /xingrg/javascript/easyui/themes/default/tree.css HTTP/1.1" 404 1090
180.162.112.81 - - [28/Feb/2021:09:26:27 +0800] "GET /xingrg/javascript/easyui/plugins/jquery.tree.js HTTP/1.1" 200 20874
180.162.112.81 - - [28/Feb/2021:09:26:27 +0800] "POST /xingrg/all/common/load_tree.html?tree=supplier_tree_json&isDelete=1 HTTP/1.1" 200 54827
180.162.112.81 - - [28/Feb/2021:09:26:28 +0800] "GET /xingrg/javascript/easyui/themes/default/images/tree_folder_open.gif HTTP/1.1" 200 956
180.162.112.81 - - [28/Feb/2021:09:26:28 +0800] "GET /xingrg/javascript/easyui/themes/default/images/tree_file.gif HTTP/1.1" 200 118
180.162.112.81 - - [28/Feb/2021:09:26:28 +0800] "GET /xingrg/javascript/easyui/themes/default/images/tree_folder.gif HTTP/1.1" 200 952
180.162.112.81 - - [28/Feb/2021:09:26:28 +0800] "GET /xingrg/javascript/easyui/themes/default/images/tree_arrows.gif HTTP/1.1" 200 617
180.174.195.252 - - [28/Feb/2021:09:26:30 +0800] "GET /xingrg/kc/buy/cgsh_order_operate.html?command=get_materiel&rest_code=00102&code=00101001010&supplier_code=00100151&order_time=2021-02-28 HTTP/1.1" 200 431
114.88.166.193 - - [28/Feb/2021:09:26:33 +0800] "GET /xingrg/kc/buy/cgsh_order_operate.html?command=get_materiel&rest_code=00111&code=00101008038&supplier_code=00100005&order_time=2021-02-28 HTTP/1.1" 200 412
101.228.165.174 - - [28/Feb/2021:09:26:36 +0800] "GET /xingrg/kc/buy/cgsh_order_operate.html?command=get_materiel&rest_code=00146&code=00101008087&supplier_code=00100005&order_time=2021-02-28 HTTP/1.1" 200 412
117.185.32.26 - - [28/Feb/2021:09:26:37 +0800] "GET /xingrg/kc/buy/cgsh_order_operate.html?command=get_materiel&rest_code=00106&code=00101006112&supplier_code=00100015&order_time=2021-02-28 HTTP/1.1" 200 411
116.228.172.94 - - [28/Feb/2021:09:26:39 +0800] "GET /xingrg/check_reg.html?_=1614475594678 HTTP/1.1" 200 22
116.228.172.94 - - [28/Feb/2021:09:26:39 +0800] "GET /xingrg/all/function/internal_message.html?_=1614475594727&CODE_STATE=getMsg HTTP/1.1" 200 27
183.192.88.215 - - [28/Feb/2021:09:26:39 +0800] "GET /xingrg/all/function/internal_message.html?_=1614475591497&CODE_STATE=getMsg HTTP/1.1" 302 -
180.162.112.81 - - [28/Feb/2021:09:26:43 +0800] "GET /xingrg/javascript/auto/indicator.gif HTTP/1.1" 404 1066
222.70.216.220 - - [28/Feb/2021:09:26:43 +0800] "GET /xingrg/all/function/internal_message.html?_=1614475599427&CODE_STATE=getMsg HTTP/1.1" 200 27
116.224.253.72 - - [28/Feb/2021:09:26:45 +0800] "GET /xingrg/all/function/internal_message.html?_=1614475602970&CODE_STATE=getMsg HTTP/1.1" 200 27
116.224.253.72 - - [28/Feb/2021:09:26:45 +0800] "GET /xingrg/check_reg.html?_=1614475603491 HTTP/1.1" 200 22
180.162.112.81 - - [28/Feb/2021:09:26:47 +0800] "GET /xingrg/kc/buy/cgsh_order_operate.html?command=get_materiel&rest_code=00143&code=00101008108&supplier_code=00100161&order_time=2021-02-28 HTTP/1.1" 200 412
101.228.165.174 - - [28/Feb/2021:09:26:49 +0800] "GET /xingrg/kc/buy/cgsh_order_operate.html?command=get_materiel&rest_code=00146&code=00101008355&supplier_code=00100005&order_time=2021-02-28 HTTP/1.1" 200 428
180.169.147.146 - - [28/Feb/2021:09:26:51 +0800] "GET /xingrg/all/function/internal_message.html?_=1614475607916&CODE_STATE=getMsg HTTP/1.1" 302 -
180.174.195.252 - - [28/Feb/2021:09:26:51 +0800] "GET /xingrg/check_reg.html?_=1614475864797 HTTP/1.1" 200 22
58.40.7.146 - - [28/Feb/2021:09:26:52 +0800] "GET /xingrg/all/function/internal_message.html?_=1614475607957&CODE_STATE=getMsg HTTP/1.1" 200 27
117.185.32.26 - - [28/Feb/2021:09:26:52 +0800] "GET /xingrg/all/function/internal_message.html?_=1614476106381&CODE_STATE=getMsg HTTP/1.1" 200 27
222.69.137.60 - - [28/Feb/2021:09:26:52 +0800] "GET /xingrg/all/function/internal_message.html?_=1614475607849&CODE_STATE=getMsg HTTP/1.1" 200 27
114.86.187.76 - - [28/Feb/2021:09:26:58 +0800] "GET /xingrg/all/function/internal_message.html?_=1614475614585&CODE_STATE=getMsg HTTP/1.1" 200 27
114.86.187.76 - - [28/Feb/2021:09:26:58 +0800] "GET /xingrg/check_reg.html?_=1614475614592 HTTP/1.1" 200 22
101.228.165.174 - - [28/Feb/2021:09:26:59 +0800] "GET /xingrg/kc/buy/cgsh_order_operate.html?command=get_materiel&rest_code=00146&code=00101008137&supplier_code=00100005&order_time=2021-02-28 HTTP/1.1" 200 408
101.228.165.174 - - [28/Feb/2021:09:26:59 +0800] "GET /xingrg/all/function/internal_message.html?_=1614475616896&CODE_STATE=getMsg HTTP/1.1" 200 27
61.165.42.208 - - [28/Feb/2021:09:27:00 +0800] "GET /xingrg/all/function/internal_message.html?_=1614475600331&CODE_STATE=getMsg HTTP/1.1" 200 27
117.185.32.26 - - [28/Feb/2021:09:27:00 +0800] "GET /xingrg/kc/buy/cgsh_order_operate.html?command=get_materiel&rest_code=00106&code=00101006062&supplier_code=00100015&order_time=2021-02-28 HTTP/1.1" 200 411
180.162.112.81 - - [28/Feb/2021:09:27:01 +0800] "GET /xingrg/kc/buy/cgsh_order_operate.html?command=get_materiel&rest_code=00143&code=00101008036&supplier_code=00100161&order_time=2021-02-28 HTTP/1.1" 200 427
114.88.166.193 - - [28/Feb/2021:09:27:05 +0800] "GET /xingrg/kc/buy/cgsh_order_operate.html?command=get_materiel&rest_code=00111&code=00101008264&supplier_code=00100005&order_time=2021-02-28 HTTP/1.1" 200 433
180.162.112.81 - - [28/Feb/2021:09:27:05 +0800] "GET /xingrg/all/function/internal_message.html?_=1614475437949&CODE_STATE=getMsg HTTP/1.1" 200 27
116.224.253.72 - - [28/Feb/2021:09:27:08 +0800] "GET /xingrg/all/function/internal_message.html?_=1614475594905&CODE_STATE=getMsg HTTP/1.1" 200 27
114.88.166.193 - - [28/Feb/2021:09:27:08 +0800] "GET /xingrg/all/function/internal_message.html?_=1614475624098&CODE_STATE=getMsg HTTP/1.1" 200 27
180.162.112.81 - - [28/Feb/2021:09:27:11 +0800] "GET /xingrg/kc/buy/cgsh_order_operate.html?command=get_materiel&rest_code=00143&code=00101008005&supplier_code=00100161&order_time=2021-02-28 HTTP/1.1" 200 412
61.165.42.208 - - [28/Feb/2021:09:27:13 +0800] "GET /xingrg/all/function/internal_message.html?_=1614475628951&CODE_STATE=getMsg HTTP/1.1" 200 27
114.88.166.193 - - [28/Feb/2021:09:27:13 +0800] "GET /xingrg/kc/buy/cgsh_order_operate.html?command=get_materiel&rest_code=00111&code=00101008360&supplier_code=00100005&order_time=2021-02-28 HTTP/1.1" 200 413
120.253.135.82 - - [28/Feb/2021:09:27:19 +0800] "GET /xingrg/all/function/internal_message.html?_=1614475404406&CODE_STATE=getMsg HTTP/1.1" 200 27
180.162.112.81 - - [28/Feb/2021:09:27:22 +0800] "GET /xingrg/kc/buy/cgsh_order_operate.html?command=get_materiel&rest_code=00143&code=00101008049&supplier_code=00100161&order_time=2021-02-28 HTTP/1.1" 200 408
117.184.7.30 - - [28/Feb/2021:09:27:24 +0800] "GET /xingrg/all/function/internal_message.html?_=1614475629408&CODE_STATE=getMsg HTTP/1.1" 200 27
117.185.32.26 - - [28/Feb/2021:09:27:27 +0800] "GET /xingrg/kc/buy/cgsh_order_operate.html?command=get_materiel&rest_code=00106&code=00101006110&supplier_code=00100015&order_time=2021-02-28 HTTP/1.1" 200 410
114.88.166.193 - - [28/Feb/2021:09:27:30 +0800] "GET /xingrg/kc/buy/cgsh_order_operate.html?command=get_materiel&rest_code=00111&code=00101008196&supplier_code=00100005&order_time=2021-02-28 HTTP/1.1" 200 416
180.162.112.81 - - [28/Feb/2021:09:27:33 +0800] "GET /xingrg/kc/buy/cgsh_order_operate.html?command=get_materiel&rest_code=00143&code=00101008261&supplier_code=00100161&order_time=2021-02-28 HTTP/1.1" 200 408
116.228.172.94 - - [28/Feb/2021:09:27:39 +0800] "GET /xingrg/all/function/internal_message.html?_=1614475654710&CODE_STATE=getMsg HTTP/1.1" 200 27
183.192.88.215 - - [28/Feb/2021:09:27:39 +0800] "GET /xingrg/all/function/internal_message.html?_=1614475651496&CODE_STATE=getMsg HTTP/1.1" 302 -
222.70.216.220 - - [28/Feb/2021:09:27:43 +0800] "GET /xingrg/all/function/internal_message.html?_=1614475659416&CODE_STATE=getMsg HTTP/1.1" 200 27
116.224.253.72 - - [28/Feb/2021:09:27:45 +0800] "GET /xingrg/all/function/internal_message.html?_=1614475662960&CODE_STATE=getMsg HTTP/1.1" 200 27
180.174.195.252 - - [28/Feb/2021:09:27:46 +0800] "GET /xingrg/kc/buy/cgsh_order_operate.html?command=get_materiel&rest_code=00102&code=00101002022&supplier_code=00100151&order_time=2021-02-28 HTTP/1.1" 200 431
180.169.147.146 - - [28/Feb/2021:09:27:51 +0800] "GET /xingrg/all/function/internal_message.html?_=1614475667918&CODE_STATE=getMsg HTTP/1.1" 302 -
58.40.7.146 - - [28/Feb/2021:09:27:52 +0800] "GET /xingrg/all/function/internal_message.html?_=1614475667960&CODE_STATE=getMsg HTTP/1.1" 200 27
117.185.32.26 - - [28/Feb/2021:09:27:52 +0800] "GET /xingrg/all/function/internal_message.html?_=1614476166376&CODE_STATE=getMsg HTTP/1.1" 200 27
222.69.137.60 - - [28/Feb/2021:09:27:52 +0800] "GET /xingrg/all/function/internal_message.html?_=1614475667835&CODE_STATE=getMsg HTTP/1.1" 200 27
180.162.112.81 - - [28/Feb/2021:09:27:53 +0800] "GET /xingrg/kc/buy/cgsh_order_operate.html?command=get_materiel&rest_code=00143&code=00101008268&supplier_code=00100161&order_time=2021-02-28 HTTP/1.1" 200 408
117.185.32.26 - - [28/Feb/2021:09:27:54 +0800] "GET /xingrg/kc/buy/cgsh_order_operate.html?command=get_materiel&rest_code=00106&code=00101006056&supplier_code=00100015&order_time=2021-02-28 HTTP/1.1" 200 413
114.86.187.76 - - [28/Feb/2021:09:27:58 +0800] "GET /xingrg/all/function/internal_message.html?_=1614475674582&CODE_STATE=getMsg HTTP/1.1" 200 27
101.228.165.174 - - [28/Feb/2021:09:27:59 +0800] "GET /xingrg/all/function/internal_message.html?_=1614475676910&CODE_STATE=getMsg HTTP/1.1" 200 27
61.165.42.208 - - [28/Feb/2021:09:28:00 +0800] "GET /xingrg/all/function/internal_message.html?_=1614475660331&CODE_STATE=getMsg HTTP/1.1" 200 27
61.165.42.208 - - [28/Feb/2021:09:28:00 +0800] "GET /xingrg/check_reg.html?_=1614475660334 HTTP/1.1" 200 22
180.162.112.81 - - [28/Feb/2021:09:28:05 +0800] "GET /xingrg/all/function/internal_message.html?_=1614475497950&CODE_STATE=getMsg HTTP/1.1" 200 27
117.185.32.26 - - [28/Feb/2021:09:28:06 +0800] "GET /xingrg/kc/buy/cgsh_order_operate.html?command=get_materiel&rest_code=00106&code=00101006131&supplier_code=00100015&order_time=2021-02-28 HTTP/1.1" 200 417
116.224.253.72 - - [28/Feb/2021:09:28:08 +0800] "GET /xingrg/all/function/internal_message.html?_=1614475654918&CODE_STATE=getMsg HTTP/1.1" 200 27
114.88.166.193 - - [28/Feb/2021:09:28:08 +0800] "GET /xingrg/all/function/internal_message.html?_=1614475684113&CODE_STATE=getMsg HTTP/1.1" 200 27
180.162.112.81 - - [28/Feb/2021:09:28:09 +0800] "GET /xingrg/kc/buy/cgsh_order_operate.html?command=get_materiel&rest_code=00143&code=00101008199&supplier_code=00100161&order_time=2021-02-28 HTTP/1.1" 200 408
180.174.195.252 - - [28/Feb/2021:09:28:12 +0800] "POST /xingrg/kc/buy/cgsh_order_operate.html HTTP/1.1" 200 37
61.165.42.208 - - [28/Feb/2021:09:28:13 +0800] "GET /xingrg/all/function/internal_message.html?_=1614475688949&CODE_STATE=getMsg HTTP/1.1" 200 27
61.165.42.208 - - [28/Feb/2021:09:28:13 +0800] "GET /xingrg/check_reg.html?_=1614475688951 HTTP/1.1" 200 22
180.174.195.252 - - [28/Feb/2021:09:28:15 +0800] "POST /xingrg/kc/buy/cgsh_order_operate.html HTTP/1.1" 200 7983
120.253.135.82 - - [28/Feb/2021:09:28:19 +0800] "GET /xingrg/all/function/internal_message.html?_=1614475464490&CODE_STATE=getMsg HTTP/1.1" 200 27
