116.224.253.72 - - [28/Feb/2021:08:48:55 +0800] "GET /xingrg/kc/buy/cgsh_order_operate.html?command=get_materiel&rest_code=00150&code=00101008331&supplier_code=00100007&order_time=2021-02-28 HTTP/1.1" 200 416
222.70.216.220 - - [28/Feb/2021:08:48:57 +0800] "GET /xingrg/kc/base/wldb_order_operate.html?command=get_materiel&rest_code=00155&base_code=0010739&code=00101019527 HTTP/1.1" 200 473
116.224.253.72 - - [28/Feb/2021:08:48:58 +0800] "GET /xingrg/all/function/internal_message.html?_=1614473304608&CODE_STATE=getMsg HTTP/1.1" 200 27
101.228.165.174 - - [28/Feb/2021:08:48:59 +0800] "GET /xingrg/all/function/internal_message.html?_=1614473336351&CODE_STATE=getMsg HTTP/1.1" 200 27
222.69.137.60 - - [28/Feb/2021:08:49:00 +0800] "GET /xingrg/kc/buy/cgsh_order_operate.html?command=get_materiel&rest_code=00149&code=00101009011&supplier_code=00100201&order_time=2021-02-28 HTTP/1.1" 200 416
61.165.42.208 - - [28/Feb/2021:08:49:00 +0800] "GET /xingrg/all/function/internal_message.html?_=1614473320302&CODE_STATE=getMsg HTTP/1.1" 200 27
222.70.216.220 - - [28/Feb/2021:08:49:03 +0800] "GET /xingrg/kc/base/wldb_order_operate.html?command=get_materiel&rest_code=00155&base_code=0010739&code=00101019280 HTTP/1.1" 200 480
116.224.253.72 - - [28/Feb/2021:08:49:06 +0800] "GET /xingrg/kc/buy/cgsh_order_operate.html?command=get_materiel&rest_code=00150&code=00101008350&supplier_code=00100007&order_time=2021-02-28 HTTP/1.1" 200 429
116.228.172.94 - - [28/Feb/2021:08:49:06 +0800] "GET /xingrg/kc/buy/cgsh_order_operate.html?command=get_materiel&rest_code=00107&code=00101008223&supplier_code=00100006&order_time=2021-02-28 HTTP/1.1" 200 412
222.70.216.220 - - [28/Feb/2021:08:49:10 +0800] "GET /xingrg/kc/base/wldb_order_operate.html?command=get_materiel&rest_code=00155&base_code=0010739&code=00101019279 HTTP/1.1" 200 441
61.165.42.208 - - [28/Feb/2021:08:49:13 +0800] "GET /xingrg/all/function/internal_message.html?_=1614473348923&CODE_STATE=getMsg HTTP/1.1" 200 27
114.88.166.193 - - [28/Feb/2021:08:49:15 +0800] "GET /xingrg/all/function/internal_message.html?_=1614473350883&CODE_STATE=getMsg HTTP/1.1" 200 27
222.69.137.60 - - [28/Feb/2021:08:49:16 +0800] "GET /xingrg/kc/buy/cgsh_order_operate.html?command=get_materiel&rest_code=00149&code=00101009010&supplier_code=00100201&order_time=2021-02-28 HTTP/1.1" 200 412
222.70.216.220 - - [28/Feb/2021:08:49:17 +0800] "GET /xingrg/kc/base/wldb_order_operate.html?command=get_materiel&rest_code=00155&base_code=0010739&code=00101019549 HTTP/1.1" 200 431
116.224.253.72 - - [28/Feb/2021:08:49:17 +0800] "GET /xingrg/kc/buy/cgsh_order_operate.html?command=get_materiel&rest_code=00150&code=00101008354&supplier_code=00100007&order_time=2021-02-28 HTTP/1.1" 200 432
116.224.253.72 - - [28/Feb/2021:08:49:18 +0800] "GET /xingrg/kc/buy/cgsh_order_operate.html?command=get_materiel&rest_code=00150&code=00101006055&supplier_code=00100096&order_time=2021-02-28 HTTP/1.1" 200 409
120.253.135.82 - - [28/Feb/2021:08:49:18 +0800] "GET /xingrg/login.html HTTP/1.1" 200 7641
120.253.135.82 - - [28/Feb/2021:08:49:18 +0800] "GET /xingrg/images/blue/jxLogo.png HTTP/1.1" 304 -
120.253.135.82 - - [28/Feb/2021:08:49:18 +0800] "GET /xingrg/images/blue/login_bg.png HTTP/1.1" 304 -
120.253.135.82 - - [28/Feb/2021:08:49:18 +0800] "GET /favicon.ico HTTP/1.1" 404 -
120.253.135.82 - - [28/Feb/2021:08:49:18 +0800] "GET /xingrg/images/blue/srbg.png HTTP/1.1" 304 -
120.253.135.82 - - [28/Feb/2021:08:49:18 +0800] "GET /xingrg/images/blue/hj.png HTTP/1.1" 304 -
120.253.135.82 - - [28/Feb/2021:08:49:21 +0800] "POST /xingrg/login.do HTTP/1.1" 302 -
120.253.135.82 - - [28/Feb/2021:08:49:21 +0800] "GET /xingrg/javascript/jquery_easy_ui/themes/default/easyui.css HTTP/1.1" 304 -
120.253.135.82 - - [28/Feb/2021:08:49:21 +0800] "GET /xingrg/index.html?sysBaseUrl=http%3A%2F%2F180.169.147.146%3A18081%2Fxingrg%2F&costTime=39×tamp=1614473361549 HTTP/1.1" 200 17173
120.253.135.82 - - [28/Feb/2021:08:49:21 +0800] "GET /xingrg/javascript/jquery_easy_ui/themes/icon.css HTTP/1.1" 304 -
120.253.135.82 - - [28/Feb/2021:08:49:21 +0800] "GET /xingrg/css/form.css HTTP/1.1" 304 -
120.253.135.82 - - [28/Feb/2021:08:49:21 +0800] "GET /xingrg/javascript/jquery-1.4.2.min.js HTTP/1.1" 304 -
120.253.135.82 - - [28/Feb/2021:08:49:21 +0800] "GET /xingrg/javascript/jquery_easy_ui/jquery.easyui.min.js HTTP/1.1" 304 -
120.253.135.82 - - [28/Feb/2021:08:49:21 +0800] "GET /xingrg/javascript/jquery.form.js HTTP/1.1" 304 -
120.253.135.82 - - [28/Feb/2021:08:49:21 +0800] "GET /xingrg/javascript/jquery_easy_ui/easyui-lang-zh_CN.js HTTP/1.1" 304 -
120.253.135.82 - - [28/Feb/2021:08:49:21 +0800] "GET /xingrg/javascript/jquery.utils.js HTTP/1.1" 304 -
120.253.135.82 - - [28/Feb/2021:08:49:21 +0800] "GET /xingrg/javascript/jquery.timers.js HTTP/1.1" 304 -
120.253.135.82 - - [28/Feb/2021:08:49:21 +0800] "GET /xingrg/images/blue/pingpu.png HTTP/1.1" 304 -
120.253.135.82 - - [28/Feb/2021:08:49:21 +0800] "GET /xingrg/javascript/jquery_easy_ui/themes/icons/settle_new.png HTTP/1.1" 304 -
120.253.135.82 - - [28/Feb/2021:08:49:21 +0800] "GET /xingrg/images/blue/navBackgound.jpg HTTP/1.1" 304 -
120.253.135.82 - - [28/Feb/2021:08:49:21 +0800] "GET /xingrg/javascript/jquery_easy_ui/themes/default/images/tabs_rightarrow.png HTTP/1.1" 304 -
120.253.135.82 - - [28/Feb/2021:08:49:21 +0800] "GET /xingrg/javascript/jquery_easy_ui/themes/default/images/tabs_leftarrow.png HTTP/1.1" 304 -
120.253.135.82 - - [28/Feb/2021:08:49:21 +0800] "GET /xingrg/javascript/jquery_easy_ui/themes/default/images/panel_tool_collapse.gif HTTP/1.1" 304 -
120.253.135.82 - - [28/Feb/2021:08:49:21 +0800] "POST /xingrg/all/common/load_tree.html?tree=area_rest_tree_json&manage=1 HTTP/1.1" 200 344
120.253.135.82 - - [28/Feb/2021:08:49:21 +0800] "GET /xingrg/check_reg.html?_=1614473127053 HTTP/1.1" 200 22
120.253.135.82 - - [28/Feb/2021:08:49:21 +0800] "GET /xingrg/all/function/internal_message.html?_=1614473127052&CODE_STATE=count HTTP/1.1" 200 11
120.253.135.82 - - [28/Feb/2021:08:49:21 +0800] "POST /xingrg/load_menu.html HTTP/1.1" 200 6743
120.253.135.82 - - [28/Feb/2021:08:49:21 +0800] "GET /xingrg/javascript/jquery_easy_ui/themes/default/images/tree_arrows.gif HTTP/1.1" 304 -
120.253.135.82 - - [28/Feb/2021:08:49:22 +0800] "GET /favicon.ico HTTP/1.1" 404 -
120.253.135.82 - - [28/Feb/2021:08:49:22 +0800] "GET /xingrg/javascript/jquery_easy_ui/themes/default/images/tree_folder_open.gif HTTP/1.1" 304 -
120.253.135.82 - - [28/Feb/2021:08:49:22 +0800] "GET /xingrg/javascript/jquery_easy_ui/themes/icons/search_new.png HTTP/1.1" 304 -
120.253.135.82 - - [28/Feb/2021:08:49:22 +0800] "GET /xingrg/javascript/jquery_easy_ui/themes/icons/delivery_new.png HTTP/1.1" 304 -
120.253.135.82 - - [28/Feb/2021:08:49:22 +0800] "GET /xingrg/javascript/jquery_easy_ui/themes/default/images/tree_file.gif HTTP/1.1" 304 -
120.253.135.82 - - [28/Feb/2021:08:49:22 +0800] "GET /xingrg/javascript/jquery_easy_ui/themes/icons/storage_new.png HTTP/1.1" 304 -
120.253.135.82 - - [28/Feb/2021:08:49:22 +0800] "GET /xingrg/javascript/jquery_easy_ui/themes/default/images/tree_folder.gif HTTP/1.1" 304 -
120.253.135.82 - - [28/Feb/2021:08:49:22 +0800] "GET /xingrg/javascript/jquery_easy_ui/themes/icons/forms_new.png HTTP/1.1" 304 -
61.165.42.208 - - [28/Feb/2021:08:49:22 +0800] "POST /xingrg/kc/buy/cgsh_order_operate.html HTTP/1.1" 200 37
61.165.42.208 - - [28/Feb/2021:08:49:23 +0800] "POST /xingrg/kc/buy/cgsh_order_operate.html HTTP/1.1" 200 3841
222.70.216.220 - - [28/Feb/2021:08:49:24 +0800] "GET /xingrg/kc/base/wldb_order_operate.html?command=get_materiel&rest_code=00155&base_code=0010739&code=00101019553 HTTP/1.1" 200 453
116.228.172.94 - - [28/Feb/2021:08:49:24 +0800] "GET /xingrg/kc/buy/cgsh_order_operate.html?command=get_materiel&rest_code=00107&code=00101008230&supplier_code=00100006&order_time=2021-02-28 HTTP/1.1" 200 408
120.253.135.82 - - [28/Feb/2021:08:49:24 +0800] "GET /xingrg/javascript/jquery_easy_ui/themes/default/images/tabs_close.gif HTTP/1.1" 304 -
120.253.135.82 - - [28/Feb/2021:08:49:25 +0800] "GET /xingrg/css/blue.css HTTP/1.1" 304 -
120.253.135.82 - - [28/Feb/2021:08:49:25 +0800] "GET /xingrg/javascript/pic_change.js HTTP/1.1" 304 -
120.253.135.82 - - [28/Feb/2021:08:49:25 +0800] "GET /xingrg/dwr/util.js HTTP/1.1" 304 -
120.253.135.82 - - [28/Feb/2021:08:49:25 +0800] "GET /xingrg/kc/pszx/mdqp_order_list.html?state=10 HTTP/1.1" 200 11012
120.253.135.82 - - [28/Feb/2021:08:49:25 +0800] "GET /xingrg/javascript/myfunction.js HTTP/1.1" 304 -
120.253.135.82 - - [28/Feb/2021:08:49:25 +0800] "GET /xingrg/javascript/Calendar.js HTTP/1.1" 304 -
120.253.135.82 - - [28/Feb/2021:08:49:25 +0800] "GET /xingrg/dwr/interface/AjaxReportQueryService.js HTTP/1.1" 200 13203
120.253.135.82 - - [28/Feb/2021:08:49:25 +0800] "GET /xingrg/dwr/interface/AjaxQqpsService.js HTTP/1.1" 200 16326
120.253.135.82 - - [28/Feb/2021:08:49:25 +0800] "GET /xingrg/dwr/engine.js HTTP/1.1" 200 43631
120.253.135.82 - - [28/Feb/2021:08:49:25 +0800] "GET /xingrg/javascript/jquery_easy_ui/themes/icons/check_new.png HTTP/1.1" 304 -
120.253.135.82 - - [28/Feb/2021:08:49:25 +0800] "GET /xingrg/javascript/jquery_easy_ui/themes/icons/back_new.png HTTP/1.1" 304 -
120.253.135.82 - - [28/Feb/2021:08:49:25 +0800] "GET /xingrg/javascript/jquery_easy_ui/themes/icons/uncheck_new.png HTTP/1.1" 304 -
222.69.137.60 - - [28/Feb/2021:08:49:27 +0800] "GET /xingrg/kc/buy/cgsh_order_operate.html?command=get_materiel&rest_code=00149&code=00101009016&supplier_code=00100201&order_time=2021-02-28 HTTP/1.1" 200 412
116.224.253.72 - - [28/Feb/2021:08:49:29 +0800] "GET /xingrg/kc/buy/cgsh_order_operate.html?command=get_materiel&rest_code=00150&code=00101008026&supplier_code=00100007&order_time=2021-02-28 HTTP/1.1" 200 428
120.253.135.82 - - [28/Feb/2021:08:49:29 +0800] "GET /xingrg/kc/pszx/mdps_order_list.html?orderType=0 HTTP/1.1" 200 21153
120.253.135.82 - - [28/Feb/2021:08:49:29 +0800] "GET /xingrg/css/site.css HTTP/1.1" 304 -
120.253.135.82 - - [28/Feb/2021:08:49:29 +0800] "GET /xingrg/css/base.css HTTP/1.1" 304 -
120.253.135.82 - - [28/Feb/2021:08:49:29 +0800] "GET /xingrg/javascript/auto/jquery.autocomplete.css HTTP/1.1" 304 -
120.253.135.82 - - [28/Feb/2021:08:49:29 +0800] "GET /xingrg/javascript/easyui/themes/default/easyui.css HTTP/1.1" 304 -
120.253.135.82 - - [28/Feb/2021:08:49:29 +0800] "GET /xingrg/javascript/jquery_tools/datebox.css HTTP/1.1" 304 -
120.253.135.82 - - [28/Feb/2021:08:49:29 +0800] "GET /xingrg/javascript/easyui/themes/icon.css HTTP/1.1" 304 -
120.253.135.82 - - [28/Feb/2021:08:49:29 +0800] "GET /xingrg/javascript/jquery_tools/jquery.tools.hotkey.js HTTP/1.1" 304 -
120.253.135.82 - - [28/Feb/2021:08:49:29 +0800] "GET /xingrg/javascript/jquery_tools/jquery.tools.extend.js HTTP/1.1" 304 -
120.253.135.82 - - [28/Feb/2021:08:49:29 +0800] "GET /xingrg/javascript/jquery_tools/jquery.tools.min.js HTTP/1.1" 304 -
120.253.135.82 - - [28/Feb/2021:08:49:29 +0800] "GET /xingrg/javascript/easyui/easyloader.js HTTP/1.1" 304 -
120.253.135.82 - - [28/Feb/2021:08:49:29 +0800] "GET /xingrg/javascript/auto/jquery.autocomplete.js HTTP/1.1" 304 -
120.253.135.82 - - [28/Feb/2021:08:49:29 +0800] "GET /xingrg/javascript/jquery_tools/list_manager.js HTTP/1.1" 304 -
120.253.135.82 - - [28/Feb/2021:08:49:29 +0800] "GET /xingrg/javascript/jquery_tools/table.css HTTP/1.1" 304 -
120.253.135.82 - - [28/Feb/2021:08:49:29 +0800] "GET /xingrg/javascript/jquery_tools/jquery.tools.table.js HTTP/1.1" 304 -
120.253.135.82 - - [28/Feb/2021:08:49:29 +0800] "GET /xingrg/javascript/jquery_tools/fix.css HTTP/1.1" 304 -
120.253.135.82 - - [28/Feb/2021:08:49:29 +0800] "GET /xingrg/javascript/jquery.cookie.js HTTP/1.1" 304 -
120.253.135.82 - - [28/Feb/2021:08:49:29 +0800] "GET /xingrg/javascript/print/LodopFuncs.js HTTP/1.1" 304 -
120.253.135.82 - - [28/Feb/2021:08:49:29 +0800] "GET /xingrg/javascript/easyui/themes/icons/edit_add_new.png HTTP/1.1" 304 -
120.253.135.82 - - [28/Feb/2021:08:49:29 +0800] "GET /xingrg/javascript/easyui/themes/icons/check_new.png HTTP/1.1" 304 -
120.253.135.82 - - [28/Feb/2021:08:49:29 +0800] "GET /xingrg/javascript/easyui/themes/icons/field_new.png HTTP/1.1" 304 -
120.253.135.82 - - [28/Feb/2021:08:49:29 +0800] "GET /xingrg/javascript/easyui/themes/icons/uncheck_new.png HTTP/1.1" 304 -
120.253.135.82 - - [28/Feb/2021:08:49:29 +0800] "GET /xingrg/javascript/easyui/themes/icons/cance_new.png HTTP/1.1" 304 -
120.253.135.82 - - [28/Feb/2021:08:49:29 +0800] "GET /xingrg/javascript/easyui/themes/icons/import_new.png HTTP/1.1" 304 -
120.253.135.82 - - [28/Feb/2021:08:49:29 +0800] "GET /xingrg/javascript/easyui/plugins/jquery.parser.js HTTP/1.1" 304 -
120.253.135.82 - - [28/Feb/2021:08:49:29 +0800] "GET /xingrg/images/control/ajaxLoader.gif HTTP/1.1" 304 -
120.253.135.82 - - [28/Feb/2021:08:49:29 +0800] "GET /xingrg/javascript/jquery_easy_ui/themes/icons/manage.png HTTP/1.1" 304 -
120.253.135.82 - - [28/Feb/2021:08:49:29 +0800] "GET /xingrg/javascript/jquery_easy_ui/themes/icons/area.png HTTP/1.1" 304 -
120.253.135.82 - - [28/Feb/2021:08:49:30 +0800] "POST /xingrg/kc/pszx/mdps_list_operate.html HTTP/1.1" 200 5310
120.253.135.82 - - [28/Feb/2021:08:49:31 +0800] "GET /xingrg/javascript/easyui/themes/default/images/button_plain_hover.png HTTP/1.1" 304 -
120.253.135.82 - - [28/Feb/2021:08:49:31 +0800] "GET /xingrg/kc/pszx/mdps_order_add.html HTTP/1.1" 200 29131
120.253.135.82 - - [28/Feb/2021:08:49:31 +0800] "GET /xingrg/javascript/convert.js HTTP/1.1" 304 -
120.253.135.82 - - [28/Feb/2021:08:49:31 +0800] "GET /xingrg/javascript/print/kc_print.js HTTP/1.1" 304 -
120.253.135.82 - - [28/Feb/2021:08:49:31 +0800] "GET /xingrg/javascript/json2.js HTTP/1.1" 304 -
120.253.135.82 - - [28/Feb/2021:08:49:31 +0800] "GET /xingrg/javascript/jquery_tools/order_manager.js HTTP/1.1" 304 -
120.253.135.82 - - [28/Feb/2021:08:49:32 +0800] "GET /xingrg/words/20210227111306_words.js HTTP/1.1" 304 -
120.253.135.82 - - [28/Feb/2021:08:49:32 +0800] "GET /xingrg/javascript/easyui/themes/icons/copy_new.png HTTP/1.1" 304 -
120.253.135.82 - - [28/Feb/2021:08:49:32 +0800] "GET /xingrg/javascript/easyui/themes/icons/print.png HTTP/1.1" 304 -
120.253.135.82 - - [28/Feb/2021:08:49:32 +0800] "GET /xingrg/javascript/easyui/themes/default/images/menu_downarrow.png HTTP/1.1" 304 -
120.253.135.82 - - [28/Feb/2021:08:49:32 +0800] "GET /xingrg/javascript/easyui/themes/icons/ok.png HTTP/1.1" 304 -
120.253.135.82 - - [28/Feb/2021:08:49:32 +0800] "GET /xingrg/javascript/easyui/themes/icons/cancel.png HTTP/1.1" 304 -
120.253.135.82 - - [28/Feb/2021:08:49:32 +0800] "GET /xingrg/javascript/easyui/plugins/jquery.validatebox.js HTTP/1.1" 304 -
120.253.135.82 - - [28/Feb/2021:08:49:32 +0800] "GET /xingrg/javascript/easyui/themes/default/validatebox.css HTTP/1.1" 404 1104
120.253.135.82 - - [28/Feb/2021:08:49:32 +0800] "POST /xingrg/kc/pszx/mdps_order_operate.html HTTP/1.1" 200 7126
120.253.135.82 - - [28/Feb/2021:08:49:32 +0800] "GET /xingrg/javascript/easyui/plugins/jquery.numberbox.js HTTP/1.1" 304 -
120.253.135.82 - - [28/Feb/2021:08:49:32 +0800] "GET /xingrg/all/common/auto_word.html?type=base&rest_code=00101 HTTP/1.1" 200 559
120.253.135.82 - - [28/Feb/2021:08:49:32 +0800] "GET /xingrg/javascript/easyui/themes/icons/edit_remove.png HTTP/1.1" 304 -
120.253.135.82 - - [28/Feb/2021:08:49:33 +0800] "GET /xingrg/javascript/auto/indicator.gif HTTP/1.1" 404 1066
222.70.216.220 - - [28/Feb/2021:08:49:34 +0800] "GET /xingrg/kc/base/wldb_order_operate.html?command=get_materiel&rest_code=00155&base_code=0010739&code=00101019175 HTTP/1.1" 200 439
120.253.135.82 - - [28/Feb/2021:08:49:37 +0800] "GET /xingrg/javascript/jquery_tools/images/next.gif HTTP/1.1" 404 1086
120.253.135.82 - - [28/Feb/2021:08:49:37 +0800] "GET /xingrg/javascript/jquery_tools/images/prev.gif HTTP/1.1" 404 1086
116.224.253.72 - - [28/Feb/2021:08:49:39 +0800] "GET /xingrg/kc/buy/cgsh_order_operate.html?command=get_materiel&rest_code=00150&code=00101008096&supplier_code=00100007&order_time=2021-02-28 HTTP/1.1" 200 413
183.192.88.215 - - [28/Feb/2021:08:49:39 +0800] "GET /xingrg/all/function/internal_message.html?_=1614473371466&CODE_STATE=getMsg HTTP/1.1" 302 -
116.228.172.94 - - [28/Feb/2021:08:49:42 +0800] "GET /xingrg/kc/buy/cgsh_order_operate.html?command=get_materiel&rest_code=00107&code=00101008353&supplier_code=00100006&order_time=2021-02-28 HTTP/1.1" 200 408
222.70.216.220 - - [28/Feb/2021:08:49:42 +0800] "GET /xingrg/kc/base/wldb_order_operate.html?command=get_materiel&rest_code=00155&base_code=0010739&code=00101019185 HTTP/1.1" 200 455
222.70.216.220 - - [28/Feb/2021:08:49:43 +0800] "GET /xingrg/all/function/internal_message.html?_=1614473377483&CODE_STATE=getMsg HTTP/1.1" 200 27
222.70.216.220 - - [28/Feb/2021:08:49:43 +0800] "GET /xingrg/check_reg.html?_=1614473377484 HTTP/1.1" 200 22
120.253.135.82 - - [28/Feb/2021:08:49:45 +0800] "GET /xingrg/css/images/panel_loading.gif HTTP/1.1" 304 -
120.253.135.82 - - [28/Feb/2021:08:49:45 +0800] "POST /xingrg/all/common/load_combo.html?type=base HTTP/1.1" 200 984
116.224.253.72 - - [28/Feb/2021:08:49:45 +0800] "GET /xingrg/all/function/internal_message.html?_=1614473383419&CODE_STATE=getMsg HTTP/1.1" 200 27
222.70.216.220 - - [28/Feb/2021:08:49:46 +0800] "GET /xingrg/kc/base/wldb_order_operate.html?command=get_materiel&rest_code=00155&base_code=0010739&code=00101019184 HTTP/1.1" 200 442
116.228.172.94 - - [28/Feb/2021:08:49:46 +0800] "GET /xingrg/all/function/internal_message.html?_=1614473381597&CODE_STATE=getMsg HTTP/1.1" 200 27
114.88.166.193 - - [28/Feb/2021:08:49:49 +0800] "GET /xingrg/check_reg.html?_=1614473384486 HTTP/1.1" 200 22
180.169.147.146 - - [28/Feb/2021:08:49:51 +0800] "GET /xingrg/all/function/internal_message.html?_=1614473387765&CODE_STATE=getMsg HTTP/1.1" 302 -
58.40.7.146 - - [28/Feb/2021:08:49:52 +0800] "GET /xingrg/all/function/internal_message.html?_=1614473387928&CODE_STATE=getMsg HTTP/1.1" 200 27
222.70.216.220 - - [28/Feb/2021:08:49:52 +0800] "GET /xingrg/kc/base/wldb_order_operate.html?command=get_materiel&rest_code=00155&base_code=0010739&code=00101019257 HTTP/1.1" 200 478
222.69.137.60 - - [28/Feb/2021:08:49:52 +0800] "POST /xingrg/kc/buy/cgsh_order_operate.html HTTP/1.1" 200 37
116.224.253.72 - - [28/Feb/2021:08:49:52 +0800] "GET /xingrg/kc/buy/cgsh_order_operate.html?command=get_materiel&rest_code=00150&code=00101008038&supplier_code=00100007&order_time=2021-02-28 HTTP/1.1" 200 412
116.228.172.94 - - [28/Feb/2021:08:49:54 +0800] "GET /xingrg/kc/buy/cgsh_order_operate.html?command=get_materiel&rest_code=00107&code=00101008213&supplier_code=00100006&order_time=2021-02-28 HTTP/1.1" 200 412
101.228.165.174 - - [28/Feb/2021:08:49:57 +0800] "GET /xingrg/check_reg.html?_=1614473394929 HTTP/1.1" 200 22
116.224.253.72 - - [28/Feb/2021:08:49:58 +0800] "GET /xingrg/all/function/internal_message.html?_=1614473364621&CODE_STATE=getMsg HTTP/1.1" 200 27
120.253.135.82 - - [28/Feb/2021:08:49:58 +0800] "GET /xingrg/kc/pszx/mdps_order_operate.html?command=get_materiel&pszx_code=00101&rest_code=00151&base_code=0010246&code=00101006002 HTTP/1.1" 200 440
101.228.165.174 - - [28/Feb/2021:08:49:59 +0800] "GET /xingrg/all/function/internal_message.html?_=1614473396363&CODE_STATE=getMsg HTTP/1.1" 200 27
61.165.42.208 - - [28/Feb/2021:08:50:00 +0800] "GET /xingrg/all/function/internal_message.html?_=1614473380302&CODE_STATE=getMsg HTTP/1.1" 200 27
116.224.253.72 - - [28/Feb/2021:08:50:00 +0800] "GET /xingrg/kc/buy/cgsh_order_operate.html?command=get_materiel&rest_code=00150&code=00101006109&supplier_code=00100096&order_time=2021-02-28 HTTP/1.1" 200 409
222.69.137.60 - - [28/Feb/2021:08:50:00 +0800] "POST /xingrg/kc/buy/cgsh_order_operate.html HTTP/1.1" 200 12
222.69.137.60 - - [28/Feb/2021:08:50:01 +0800] "GET /xingrg/kc/buy/cgsh_order_info.html?code=212021022810783 HTTP/1.1" 200 57059
222.69.137.60 - - [28/Feb/2021:08:50:02 +0800] "GET /xingrg/javascript/easyui/themes/default/validatebox.css HTTP/1.1" 404 1104
61.165.42.208 - - [28/Feb/2021:08:50:02 +0800] "GET /xingrg/kc/base/wldb_order_list.html HTTP/1.1" 200 19339
61.165.42.208 - - [28/Feb/2021:08:50:02 +0800] "POST /xingrg/kc/base/wldb_list_operate.html HTTP/1.1" 200 928
222.69.137.60 - - [28/Feb/2021:08:50:02 +0800] "POST /xingrg/kc/buy/cgsh_order_operate.html HTTP/1.1" 200 3570
61.165.42.208 - - [28/Feb/2021:08:50:03 +0800] "GET /xingrg/kc/base/wldb_order_add.html HTTP/1.1" 200 30502
61.165.42.208 - - [28/Feb/2021:08:50:03 +0800] "POST /xingrg/kc/base/wldb_order_operate.html HTTP/1.1" 200 6806
61.165.42.208 - - [28/Feb/2021:08:50:03 +0800] "GET /xingrg/all/common/auto_word.html?type=base&rest_code=00105 HTTP/1.1" 200 1811
61.165.42.208 - - [28/Feb/2021:08:50:03 +0800] "GET /xingrg/all/common/auto_word.html?type=base&rest_code=00105 HTTP/1.1" 200 1811
61.165.42.208 - - [28/Feb/2021:08:50:03 +0800] "GET /xingrg/javascript/easyui/themes/default/validatebox.css HTTP/1.1" 404 1104
61.165.42.208 - - [28/Feb/2021:08:50:04 +0800] "POST /xingrg/all/common/load_combo.html?type=base HTTP/1.1" 200 3236
222.69.137.60 - - [28/Feb/2021:08:50:05 +0800] "GET /xingrg/kc/print/load_data.html?order_code=212021022810783&kc_code=cgsh&condition= HTTP/1.1" 200 1845
116.224.253.72 - - [28/Feb/2021:08:50:05 +0800] "GET /xingrg/kc/buy/cgsh_order_operate.html?command=get_materiel&rest_code=00150&code=00102016357&supplier_code=00100007&order_time=2021-02-28 HTTP/1.1" 200 408
222.70.216.220 - - [28/Feb/2021:08:50:07 +0800] "GET /xingrg/kc/base/wldb_order_operate.html?command=get_materiel&rest_code=00155&base_code=0010739&code=00101016040 HTTP/1.1" 200 458
114.88.166.193 - - [28/Feb/2021:08:50:09 +0800] "GET /xingrg/javascript/easyui/themes/default/images/button_plain_hover.png HTTP/1.1" 304 -
116.224.253.72 - - [28/Feb/2021:08:50:11 +0800] "GET /xingrg/kc/buy/cgsh_order_operate.html?command=get_materiel&rest_code=00150&code=00101008032&supplier_code=00100007&order_time=2021-02-28 HTTP/1.1" 200 409
61.165.42.208 - - [28/Feb/2021:08:50:13 +0800] "GET /xingrg/all/function/internal_message.html?_=1614473408956&CODE_STATE=getMsg HTTP/1.1" 200 27
116.228.172.94 - - [28/Feb/2021:08:50:13 +0800] "GET /xingrg/kc/buy/cgsh_order_operate.html?command=get_materiel&rest_code=00107&code=00101008085&supplier_code=00100006&order_time=2021-02-28 HTTP/1.1" 200 431
222.70.216.220 - - [28/Feb/2021:08:50:13 +0800] "GET /xingrg/kc/base/wldb_order_operate.html?command=get_materiel&rest_code=00155&base_code=0010739&code=00101016029 HTTP/1.1" 200 463
61.165.42.208 - - [28/Feb/2021:08:50:14 +0800] "GET /xingrg/kc/base/wldb_order_operate.html?command=get_materiel&rest_code=00105&base_code=0010507&code=00101016094 HTTP/1.1" 200 466
117.131.5.26 - - [28/Feb/2021:08:50:16 +0800] "POST /xingrg/services/DataTransmitService HTTP/1.1" 200 524
117.131.5.26 - - [28/Feb/2021:08:50:16 +0800] "POST /xingrg/services/DataTransmitService HTTP/1.1" 200 501
61.165.42.208 - - [28/Feb/2021:08:50:19 +0800] "GET /xingrg/kc/base/wldb_order_operate.html?command=get_materiel&rest_code=00105&base_code=0010507&code=00101016086 HTTP/1.1" 200 469
117.184.7.30 - - [28/Feb/2021:08:50:19 +0800] "POST /xingrg/login.do HTTP/1.1" 302 -
117.184.7.30 - - [28/Feb/2021:08:50:19 +0800] "GET /xingrg/index.html?sysBaseUrl=http%3A%2F%2F180.169.147.146%3A18081%2Fxingrg%2F&costTime=67×tamp=1614473419369 HTTP/1.1" 200 17179
117.184.7.30 - - [28/Feb/2021:08:50:20 +0800] "GET /favicon.ico HTTP/1.1" 404 -
222.70.216.220 - - [28/Feb/2021:08:50:20 +0800] "GET /xingrg/kc/base/wldb_order_operate.html?command=get_materiel&rest_code=00155&base_code=0010739&code=00101016046 HTTP/1.1" 200 458
117.184.7.30 - - [28/Feb/2021:08:50:20 +0800] "POST /xingrg/all/common/load_tree.html?tree=area_rest_tree_json&manage=1 HTTP/1.1" 200 470
117.184.7.30 - - [28/Feb/2021:08:50:20 +0800] "GET /xingrg/all/function/internal_message.html?_=1614473405437&CODE_STATE=count HTTP/1.1" 200 11
117.184.7.30 - - [28/Feb/2021:08:50:20 +0800] "GET /xingrg/check_reg.html?_=1614473405438 HTTP/1.1" 200 22
117.184.7.30 - - [28/Feb/2021:08:50:20 +0800] "POST /xingrg/load_menu.html HTTP/1.1" 200 5138
120.253.135.82 - - [28/Feb/2021:08:50:21 +0800] "GET /xingrg/all/function/internal_message.html?_=1614473187055&CODE_STATE=getMsg HTTP/1.1" 200 27
116.224.253.72 - - [28/Feb/2021:08:50:23 +0800] "GET /xingrg/kc/buy/cgsh_order_operate.html?command=get_materiel&rest_code=00150&code=00101008163&supplier_code=00100007&order_time=2021-02-28 HTTP/1.1" 200 409
117.184.7.30 - - [28/Feb/2021:08:50:24 +0800] "POST /xingrg/all/user/operate.html HTTP/1.1" 200 36
117.184.7.30 - - [28/Feb/2021:08:50:24 +0800] "GET /xingrg/javascript/jquery_easy_ui/themes/default/easyui.css HTTP/1.1" 304 -
117.184.7.30 - - [28/Feb/2021:08:50:24 +0800] "GET /xingrg/javascript/jquery_easy_ui/themes/icon.css HTTP/1.1" 304 -
117.184.7.30 - - [28/Feb/2021:08:50:24 +0800] "GET /xingrg/index.html?sysBaseUrl=http%3A%2F%2F180.169.147.146%3A18081%2Fxingrg%2F&costTime=67×tamp=1614473419369 HTTP/1.1" 200 17173
117.184.7.30 - - [28/Feb/2021:08:50:24 +0800] "GET /xingrg/css/form.css HTTP/1.1" 304 -
116.228.172.94 - - [28/Feb/2021:08:50:24 +0800] "GET /xingrg/kc/buy/cgsh_order_operate.html?command=get_materiel&rest_code=00107&code=00101008125&supplier_code=00100006&order_time=2021-02-28 HTTP/1.1" 200 413
117.184.7.30 - - [28/Feb/2021:08:50:24 +0800] "GET /xingrg/javascript/jquery-1.4.2.min.js HTTP/1.1" 304 -
117.184.7.30 - - [28/Feb/2021:08:50:24 +0800] "GET /xingrg/javascript/jquery_easy_ui/jquery.easyui.min.js HTTP/1.1" 304 -
117.184.7.30 - - [28/Feb/2021:08:50:24 +0800] "GET /xingrg/javascript/jquery_easy_ui/easyui-lang-zh_CN.js HTTP/1.1" 304 -
117.184.7.30 - - [28/Feb/2021:08:50:24 +0800] "GET /xingrg/javascript/jquery.form.js HTTP/1.1" 304 -
117.184.7.30 - - [28/Feb/2021:08:50:24 +0800] "GET /xingrg/javascript/jquery.utils.js HTTP/1.1" 304 -
117.184.7.30 - - [28/Feb/2021:08:50:24 +0800] "GET /xingrg/javascript/jquery.timers.js HTTP/1.1" 304 -
117.184.7.30 - - [28/Feb/2021:08:50:24 +0800] "GET /xingrg/images/blue/jxLogo.png HTTP/1.1" 304 -
117.184.7.30 - - [28/Feb/2021:08:50:24 +0800] "GET /xingrg/javascript/jquery_easy_ui/themes/icons/settle_new.png HTTP/1.1" 304 -
117.184.7.30 - - [28/Feb/2021:08:50:24 +0800] "GET /xingrg/images/blue/navBackgound.jpg HTTP/1.1" 304 -
117.184.7.30 - - [28/Feb/2021:08:50:24 +0800] "POST /xingrg/all/common/load_tree.html?tree=area_rest_tree_json&manage=1 HTTP/1.1" 200 470
117.184.7.30 - - [28/Feb/2021:08:50:24 +0800] "GET /xingrg/check_reg.html?_=1614473409339 HTTP/1.1" 200 22
117.184.7.30 - - [28/Feb/2021:08:50:24 +0800] "GET /xingrg/all/function/internal_message.html?_=1614473409338&CODE_STATE=count HTTP/1.1" 200 11
117.184.7.30 - - [28/Feb/2021:08:50:24 +0800] "GET /xingrg/images/blue/pingpu.png HTTP/1.1" 304 -
117.184.7.30 - - [28/Feb/2021:08:50:24 +0800] "GET /xingrg/javascript/jquery_easy_ui/themes/default/images/tabs_leftarrow.png HTTP/1.1" 304 -
117.184.7.30 - - [28/Feb/2021:08:50:24 +0800] "GET /xingrg/javascript/jquery_easy_ui/themes/default/images/tabs_rightarrow.png HTTP/1.1" 304 -
117.184.7.30 - - [28/Feb/2021:08:50:24 +0800] "GET /xingrg/javascript/jquery_easy_ui/themes/default/images/panel_tool_collapse.gif HTTP/1.1" 304 -
117.184.7.30 - - [28/Feb/2021:08:50:24 +0800] "POST /xingrg/load_menu.html HTTP/1.1" 200 5138
117.184.7.30 - - [28/Feb/2021:08:50:25 +0800] "GET /xingrg/kc/base/base_main.html HTTP/1.1" 200 12142
116.224.253.72 - - [28/Feb/2021:08:50:26 +0800] "GET /xingrg/kc/buy/cgsh_order_operate.html?command=get_materiel&rest_code=00150&code=00101006111&supplier_code=00100096&order_time=2021-02-28 HTTP/1.1" 200 411
117.184.7.30 - - [28/Feb/2021:08:50:27 +0800] "GET /xingrg/kc/base/wldb_order_list.html HTTP/1.1" 200 19339
61.165.42.208 - - [28/Feb/2021:08:50:27 +0800] "GET /xingrg/kc/base/wldb_order_operate.html?command=get_materiel&rest_code=00105&base_code=0010507&code=00101016096 HTTP/1.1" 200 450
117.184.7.30 - - [28/Feb/2021:08:50:28 +0800] "POST /xingrg/kc/base/wldb_list_operate.html HTTP/1.1" 200 928
117.184.7.30 - - [28/Feb/2021:08:50:29 +0800] "GET /xingrg/kc/base/wldb_order_add.html HTTP/1.1" 200 30498
117.184.7.30 - - [28/Feb/2021:08:50:29 +0800] "GET /xingrg/words/20210227111306_words.js HTTP/1.1" 304 -
222.70.216.220 - - [28/Feb/2021:08:50:29 +0800] "GET /xingrg/kc/base/wldb_order_operate.html?command=get_materiel&rest_code=00155&base_code=0010739&code=00101019391 HTTP/1.1" 200 471
117.184.7.30 - - [28/Feb/2021:08:50:29 +0800] "POST /xingrg/kc/base/wldb_order_operate.html HTTP/1.1" 200 6806
117.184.7.30 - - [28/Feb/2021:08:50:29 +0800] "GET /xingrg/all/common/auto_word.html?type=base&rest_code=00108 HTTP/1.1" 200 1711
117.184.7.30 - - [28/Feb/2021:08:50:29 +0800] "GET /xingrg/all/common/auto_word.html?type=base&rest_code=00108 HTTP/1.1" 200 1711
117.184.7.30 - - [28/Feb/2021:08:50:29 +0800] "GET /xingrg/javascript/easyui/themes/default/validatebox.css HTTP/1.1" 404 1104
222.70.216.220 - - [28/Feb/2021:08:50:31 +0800] "POST /xingrg/kc/base/wldb_order_operate.html HTTP/1.1" 200 1710
117.184.7.30 - - [28/Feb/2021:08:50:31 +0800] "GET /xingrg/javascript/auto/indicator.gif HTTP/1.1" 404 1066
116.224.253.72 - - [28/Feb/2021:08:50:32 +0800] "GET /xingrg/kc/buy/cgsh_order_operate.html?command=get_materiel&rest_code=00150&code=00101008087&supplier_code=00100007&order_time=2021-02-28 HTTP/1.1" 200 412
117.184.7.30 - - [28/Feb/2021:08:50:33 +0800] "GET /xingrg/javascript/jquery_tools/images/next.gif HTTP/1.1" 404 1086
117.184.7.30 - - [28/Feb/2021:08:50:33 +0800] "GET /xingrg/javascript/jquery_tools/images/prev.gif HTTP/1.1" 404 1086
114.88.166.193 - - [28/Feb/2021:08:50:34 +0800] "GET /xingrg/index.html?sysBaseUrl=http%3A%2F%2F180.169.147.146%3A18081%2Fxingrg%2F&costTime=74×tamp=1596510965499 HTTP/1.1" 302 -
114.88.166.193 - - [28/Feb/2021:08:50:34 +0800] "GET /xingrg/login.html HTTP/1.1" 200 7641
114.88.166.193 - - [28/Feb/2021:08:50:34 +0800] "GET /xingrg/images/blue/jxLogo.png HTTP/1.1" 304 -
114.88.166.193 - - [28/Feb/2021:08:50:34 +0800] "GET /xingrg/images/blue/login_bg.png HTTP/1.1" 304 -
114.88.166.193 - - [28/Feb/2021:08:50:34 +0800] "GET /xingrg/images/blue/hj.png HTTP/1.1" 304 -
222.70.216.220 - - [28/Feb/2021:08:50:35 +0800] "GET /xingrg/kc/base/wldb_order_operate.html?command=get_materiel&rest_code=00155&base_code=0010739&code=00101019376 HTTP/1.1" 200 463
114.88.166.193 - - [28/Feb/2021:08:50:35 +0800] "GET /xingrg/images/blue/srbg.png HTTP/1.1" 304 -
114.88.166.193 - - [28/Feb/2021:08:50:35 +0800] "GET /favicon.ico HTTP/1.1" 404 -
117.184.7.30 - - [28/Feb/2021:08:50:37 +0800] "GET /xingrg/kc/base/wldb_order_operate.html?command=get_materiel&rest_code=00108&base_code=0010549&code=00101014073 HTTP/1.1" 200 447
116.228.172.94 - - [28/Feb/2021:08:50:39 +0800] "GET /xingrg/kc/buy/cgsh_order_operate.html?command=get_materiel&rest_code=00107&code=00101008027&supplier_code=00100006&order_time=2021-02-28 HTTP/1.1" 200 430
183.192.88.215 - - [28/Feb/2021:08:50:39 +0800] "GET /xingrg/all/function/internal_message.html?_=1614473431466&CODE_STATE=getMsg HTTP/1.1" 302 -
116.224.253.72 - - [28/Feb/2021:08:50:40 +0800] "GET /xingrg/kc/buy/cgsh_order_operate.html?command=get_materiel&rest_code=00150&code=00101008361&supplier_code=00100007&order_time=2021-02-28 HTTP/1.1" 200 408
222.70.216.220 - - [28/Feb/2021:08:50:41 +0800] "GET /xingrg/kc/base/wldb_order_operate.html?command=get_materiel&rest_code=00155&base_code=0010739&code=00101019164 HTTP/1.1" 200 450
222.70.216.220 - - [28/Feb/2021:08:50:43 +0800] "GET /xingrg/all/function/internal_message.html?_=1614473437473&CODE_STATE=getMsg HTTP/1.1" 200 27
120.253.135.82 - - [28/Feb/2021:08:50:43 +0800] "POST /xingrg/kc/pszx/mdps_order_operate.html HTTP/1.1" 200 37
117.184.7.30 - - [28/Feb/2021:08:50:44 +0800] "POST /xingrg/kc/base/wldb_order_operate.html HTTP/1.1" 200 37
120.253.135.82 - - [28/Feb/2021:08:50:44 +0800] "GET /xingrg/kc/pszx/mdps_order_info.html?code=312021022800565 HTTP/1.1" 200 23891
120.253.135.82 - - [28/Feb/2021:08:50:44 +0800] "GET /xingrg/javascript/easyui/themes/default/validatebox.css HTTP/1.1" 404 1104
117.184.7.30 - - [28/Feb/2021:08:50:44 +0800] "GET /xingrg/kc/base/wldb_order_info.html?code=422021022803187 HTTP/1.1" 200 30508
120.253.135.82 - - [28/Feb/2021:08:50:44 +0800] "POST /xingrg/kc/pszx/mdps_order_operate.html HTTP/1.1" 200 2281
117.184.7.30 - - [28/Feb/2021:08:50:45 +0800] "POST /xingrg/kc/base/wldb_order_operate.html HTTP/1.1" 200 2189
117.184.7.30 - - [28/Feb/2021:08:50:45 +0800] "GET /xingrg/javascript/easyui/themes/default/validatebox.css HTTP/1.1" 404 1104
116.224.253.72 - - [28/Feb/2021:08:50:45 +0800] "GET /xingrg/all/function/internal_message.html?_=1614473443430&CODE_STATE=getMsg HTTP/1.1" 200 27
117.184.7.30 - - [28/Feb/2021:08:50:45 +0800] "POST /xingrg/kc/base/wldb_order_operate.html HTTP/1.1" 200 2189
222.70.216.220 - - [28/Feb/2021:08:50:46 +0800] "GET /xingrg/kc/base/wldb_order_operate.html?command=get_materiel&rest_code=00155&base_code=0010739&code=00101019108 HTTP/1.1" 200 463
116.228.172.94 - - [28/Feb/2021:08:50:46 +0800] "GET /xingrg/all/function/internal_message.html?_=1614473441579&CODE_STATE=getMsg HTTP/1.1" 200 27
222.70.216.220 - - [28/Feb/2021:08:50:49 +0800] "GET /xingrg/kc/base/wldb_order_operate.html?command=get_materiel&rest_code=00155&base_code=0010739&code=00101019127 HTTP/1.1" 200 466
180.169.147.146 - - [28/Feb/2021:08:50:51 +0800] "GET /xingrg/all/function/internal_message.html?_=1614473447753&CODE_STATE=getMsg HTTP/1.1" 302 -
58.40.7.146 - - [28/Feb/2021:08:50:52 +0800] "GET /xingrg/all/function/internal_message.html?_=1614473447933&CODE_STATE=getMsg HTTP/1.1" 200 27
120.253.135.82 - - [28/Feb/2021:08:50:52 +0800] "POST /xingrg/kc/pszx/mdps_order_operate.html HTTP/1.1" 200 37
222.70.216.220 - - [28/Feb/2021:08:50:52 +0800] "GET /xingrg/kc/base/wldb_order_operate.html?command=get_materiel&rest_code=00155&base_code=0010739&code=00101019183 HTTP/1.1" 200 433
120.253.135.82 - - [28/Feb/2021:08:50:52 +0800] "GET /xingrg/kc/pszx/mdps_order_info.html?code=312021022800565 HTTP/1.1" 200 23891
120.253.135.82 - - [28/Feb/2021:08:50:53 +0800] "GET /xingrg/javascript/easyui/themes/default/validatebox.css HTTP/1.1" 404 1104
120.253.135.82 - - [28/Feb/2021:08:50:53 +0800] "POST /xingrg/kc/pszx/mdps_order_operate.html HTTP/1.1" 200 2281
222.69.137.60 - - [28/Feb/2021:08:50:53 +0800] "GET /xingrg/check_reg.html?_=1614473448445 HTTP/1.1" 200 22
222.69.137.60 - - [28/Feb/2021:08:50:53 +0800] "GET /xingrg/all/function/internal_message.html?_=1614473448495&CODE_STATE=getMsg HTTP/1.1" 200 27
222.70.216.220 - - [28/Feb/2021:08:50:54 +0800] "POST /xingrg/kc/base/wldb_order_operate.html HTTP/1.1" 200 1710
116.224.253.72 - - [28/Feb/2021:08:50:54 +0800] "GET /xingrg/kc/buy/cgsh_order_operate.html?command=get_materiel&rest_code=00150&code=00101008355&supplier_code=00100007&order_time=2021-02-28 HTTP/1.1" 200 428
116.228.172.94 - - [28/Feb/2021:08:50:56 +0800] "GET /xingrg/kc/buy/cgsh_order_operate.html?command=get_materiel&rest_code=00107&code=00101008080&supplier_code=00100006&order_time=2021-02-28 HTTP/1.1" 200 417
61.165.42.208 - - [28/Feb/2021:08:50:56 +0800] "GET /xingrg/kc/base/wldb_order_operate.html?command=get_materiel&rest_code=00105&base_code=0010507&code=00101016097 HTTP/1.1" 200 470
222.70.216.220 - - [28/Feb/2021:08:50:57 +0800] "GET /xingrg/kc/base/wldb_order_operate.html?command=get_materiel&rest_code=00155&base_code=0010739&code=00101019204 HTTP/1.1" 200 438
61.165.42.208 - - [28/Feb/2021:08:50:58 +0800] "POST /xingrg/all/common/load_select.html HTTP/1.1" 200 25
116.224.253.72 - - [28/Feb/2021:08:50:58 +0800] "GET /xingrg/all/function/internal_message.html?_=1614473424634&CODE_STATE=getMsg HTTP/1.1" 200 27
116.224.253.72 - - [28/Feb/2021:08:50:58 +0800] "GET /xingrg/kc/buy/cgsh_order_operate.html?command=get_materiel&rest_code=00150&code=00101016025&supplier_code=00100096&order_time=2021-02-28 HTTP/1.1" 200 408
101.228.165.174 - - [28/Feb/2021:08:50:59 +0800] "GET /xingrg/all/function/internal_message.html?_=1614473456377&CODE_STATE=getMsg HTTP/1.1" 200 27
61.165.42.208 - - [28/Feb/2021:08:51:00 +0800] "GET /xingrg/kc/base/wldb_order_operate.html?command=get_materiel_price&rest_code=00105&base_code=0010507&code=00101016097&unit_code=00100163 HTTP/1.1" 200 37
61.165.42.208 - - [28/Feb/2021:08:51:00 +0800] "GET /xingrg/all/function/internal_message.html?_=1614473440302&CODE_STATE=getMsg HTTP/1.1" 200 27
114.88.166.193 - - [28/Feb/2021:08:51:07 +0800] "POST /xingrg/login.do HTTP/1.1" 302 -
114.88.166.193 - - [28/Feb/2021:08:51:07 +0800] "GET /xingrg/javascript/jquery_easy_ui/themes/default/easyui.css HTTP/1.1" 304 -
114.88.166.193 - - [28/Feb/2021:08:51:07 +0800] "GET /xingrg/css/form.css HTTP/1.1" 304 -
114.88.166.193 - - [28/Feb/2021:08:51:07 +0800] "GET /xingrg/javascript/jquery_easy_ui/themes/icon.css HTTP/1.1" 304 -
114.88.166.193 - - [28/Feb/2021:08:51:07 +0800] "GET /xingrg/index.html?sysBaseUrl=http%3A%2F%2F180.169.147.146%3A18081%2Fxingrg%2F&costTime=61×tamp=1614473467120 HTTP/1.1" 200 17173
114.88.166.193 - - [28/Feb/2021:08:51:07 +0800] "GET /xingrg/javascript/jquery-1.4.2.min.js HTTP/1.1" 304 -
114.88.166.193 - - [28/Feb/2021:08:51:07 +0800] "GET /xingrg/javascript/jquery_easy_ui/easyui-lang-zh_CN.js HTTP/1.1" 304 -
114.88.166.193 - - [28/Feb/2021:08:51:07 +0800] "GET /xingrg/javascript/jquery.timers.js HTTP/1.1" 304 -
114.88.166.193 - - [28/Feb/2021:08:51:07 +0800] "GET /xingrg/javascript/jquery_easy_ui/jquery.easyui.min.js HTTP/1.1" 304 -
114.88.166.193 - - [28/Feb/2021:08:51:07 +0800] "GET /xingrg/javascript/jquery.utils.js HTTP/1.1" 304 -
114.88.166.193 - - [28/Feb/2021:08:51:07 +0800] "GET /xingrg/javascript/jquery.form.js HTTP/1.1" 304 -
114.88.166.193 - - [28/Feb/2021:08:51:07 +0800] "GET /favicon.ico HTTP/1.1" 404 -
114.88.166.193 - - [28/Feb/2021:08:51:07 +0800] "GET /xingrg/images/blue/navBackgound.jpg HTTP/1.1" 304 -
114.88.166.193 - - [28/Feb/2021:08:51:07 +0800] "GET /xingrg/javascript/jquery_easy_ui/themes/icons/settle_new.png HTTP/1.1" 304 -
114.88.166.193 - - [28/Feb/2021:08:51:07 +0800] "GET /xingrg/images/blue/pingpu.png HTTP/1.1" 304 -
114.88.166.193 - - [28/Feb/2021:08:51:07 +0800] "GET /xingrg/javascript/jquery_easy_ui/themes/default/images/panel_tool_collapse.gif HTTP/1.1" 304 -
114.88.166.193 - - [28/Feb/2021:08:51:07 +0800] "GET /xingrg/javascript/jquery_easy_ui/themes/default/images/tabs_leftarrow.png HTTP/1.1" 304 -
114.88.166.193 - - [28/Feb/2021:08:51:07 +0800] "GET /xingrg/javascript/jquery_easy_ui/themes/default/images/tabs_rightarrow.png HTTP/1.1" 304 -
114.88.166.193 - - [28/Feb/2021:08:51:07 +0800] "POST /xingrg/all/common/load_tree.html?tree=area_rest_tree_json&manage=1 HTTP/1.1" 200 342
114.88.166.193 - - [28/Feb/2021:08:51:07 +0800] "GET /xingrg/check_reg.html?_=1614473462646 HTTP/1.1" 200 22
114.88.166.193 - - [28/Feb/2021:08:51:07 +0800] "GET /xingrg/all/function/internal_message.html?_=1614473462645&CODE_STATE=count HTTP/1.1" 200 11
114.88.166.193 - - [28/Feb/2021:08:51:07 +0800] "GET /xingrg/javascript/jquery_easy_ui/themes/default/images/tree_arrows.gif HTTP/1.1" 304 -
114.88.166.193 - - [28/Feb/2021:08:51:07 +0800] "POST /xingrg/load_menu.html HTTP/1.1" 200 5138
116.228.172.94 - - [28/Feb/2021:08:51:07 +0800] "GET /xingrg/kc/buy/cgsh_order_operate.html?command=get_materiel&rest_code=00107&code=00101008242&supplier_code=00100006&order_time=2021-02-28 HTTP/1.1" 200 408
114.88.166.193 - - [28/Feb/2021:08:51:07 +0800] "GET /xingrg/javascript/jquery_easy_ui/themes/default/images/tree_folder_open.gif HTTP/1.1" 304 -
114.88.166.193 - - [28/Feb/2021:08:51:07 +0800] "GET /xingrg/javascript/jquery_easy_ui/themes/icons/storage_new.png HTTP/1.1" 304 -
114.88.166.193 - - [28/Feb/2021:08:51:07 +0800] "GET /xingrg/javascript/jquery_easy_ui/themes/default/images/tree_folder.gif HTTP/1.1" 304 -
114.88.166.193 - - [28/Feb/2021:08:51:07 +0800] "GET /xingrg/javascript/jquery_easy_ui/themes/icons/search_new.png HTTP/1.1" 304 -
114.88.166.193 - - [28/Feb/2021:08:51:07 +0800] "GET /xingrg/javascript/jquery_easy_ui/themes/icons/forms_new.png HTTP/1.1" 304 -
114.88.166.193 - - [28/Feb/2021:08:51:07 +0800] "GET /xingrg/javascript/jquery_easy_ui/themes/default/images/tree_file.gif HTTP/1.1" 304 -
116.224.253.72 - - [28/Feb/2021:08:51:08 +0800] "GET /xingrg/kc/buy/cgsh_order_operate.html?command=get_materiel&rest_code=00150&code=00101001010&supplier_code=00100096&order_time=2021-02-28 HTTP/1.1" 200 429
116.224.253.72 - - [28/Feb/2021:08:51:11 +0800] "GET /xingrg/kc/buy/cgsh_order_operate.html?command=get_materiel&rest_code=00150&code=00101008372&supplier_code=00100007&order_time=2021-02-28 HTTP/1.1" 200 408
61.165.42.208 - - [28/Feb/2021:08:51:13 +0800] "GET /xingrg/all/function/internal_message.html?_=1614473468918&CODE_STATE=getMsg HTTP/1.1" 200 27
116.228.172.94 - - [28/Feb/2021:08:51:17 +0800] "GET /xingrg/kc/buy/cgsh_order_operate.html?command=get_materiel&rest_code=00107&code=00101008003&supplier_code=00100006&order_time=2021-02-28 HTTP/1.1" 200 410
61.165.42.208 - - [28/Feb/2021:08:51:18 +0800] "GET /xingrg/kc/base/wldb_order_operate.html?command=get_materiel&rest_code=00105&base_code=0010508&code=00102002453 HTTP/1.1" 200 434
120.253.135.82 - - [28/Feb/2021:08:51:18 +0800] "POST /xingrg/kc/pszx/mdps_list_operate.html HTTP/1.1" 200 2434
222.70.216.220 - - [28/Feb/2021:08:51:20 +0800] "GET /xingrg/kc/base/wldb_order_operate.html?command=get_materiel&rest_code=00155&base_code=0010739&code=00101019196 HTTP/1.1" 200 469
120.253.135.82 - - [28/Feb/2021:08:51:20 +0800] "POST /xingrg/kc/pszx/mdps_list_operate.html HTTP/1.1" 200 360
120.253.135.82 - - [28/Feb/2021:08:51:21 +0800] "GET /xingrg/all/function/internal_message.html?_=1614473247069&CODE_STATE=getMsg HTTP/1.1" 200 27
116.224.253.72 - - [28/Feb/2021:08:51:22 +0800] "GET /xingrg/kc/buy/cgsh_order_operate.html?command=get_materiel&rest_code=00150&code=00101008264&supplier_code=00100007&order_time=2021-02-28 HTTP/1.1" 200 433
117.184.7.30 - - [28/Feb/2021:08:51:24 +0800] "GET /xingrg/all/function/internal_message.html?_=1614473469355&CODE_STATE=getMsg HTTP/1.1" 200 27
116.224.253.72 - - [28/Feb/2021:08:51:26 +0800] "GET /xingrg/check_reg.html?_=1614473452480 HTTP/1.1" 200 22
120.253.135.82 - - [28/Feb/2021:08:51:27 +0800] "GET /xingrg/kc/pszx/mdps_order_info.html?code=312021022700526 HTTP/1.1" 200 23887
222.70.216.220 - - [28/Feb/2021:08:51:27 +0800] "GET /xingrg/kc/base/wldb_order_operate.html?command=get_materiel&rest_code=00155&base_code=0010739&code=00101019815 HTTP/1.1" 200 422
120.253.135.82 - - [28/Feb/2021:08:51:28 +0800] "POST /xingrg/kc/pszx/mdps_order_operate.html HTTP/1.1" 200 3260
120.253.135.82 - - [28/Feb/2021:08:51:28 +0800] "GET /xingrg/javascript/easyui/themes/default/validatebox.css HTTP/1.1" 404 1104
116.228.172.94 - - [28/Feb/2021:08:51:30 +0800] "GET /xingrg/kc/buy/cgsh_order_operate.html?command=get_materiel&rest_code=00107&code=00101008126&supplier_code=00100006&order_time=2021-02-28 HTTP/1.1" 200 412
222.70.216.220 - - [28/Feb/2021:08:51:31 +0800] "GET /xingrg/kc/base/wldb_order_operate.html?command=get_materiel&rest_code=00155&base_code=0010739&code=00101027001 HTTP/1.1" 200 469
61.165.42.208 - - [28/Feb/2021:08:51:35 +0800] "GET /xingrg/kc/base/wldb_order_operate.html?command=get_materiel&rest_code=00105&base_code=0010508&code=00102002334 HTTP/1.1" 200 434
116.224.253.72 - - [28/Feb/2021:08:51:37 +0800] "GET /xingrg/kc/buy/cgsh_order_operate.html?command=get_materiel&rest_code=00150&code=00101008321&supplier_code=00100007&order_time=2021-02-28 HTTP/1.1" 200 412
116.224.253.72 - - [28/Feb/2021:08:51:39 +0800] "GET /xingrg/kc/buy/cgsh_order_operate.html?command=get_materiel&rest_code=00150&code=00101001084&supplier_code=00100096&order_time=2021-02-28 HTTP/1.1" 200 415
183.192.88.215 - - [28/Feb/2021:08:51:39 +0800] "GET /xingrg/all/function/internal_message.html?_=1614473491465&CODE_STATE=getMsg HTTP/1.1" 302 -
222.70.216.220 - - [28/Feb/2021:08:51:40 +0800] "GET /xingrg/kc/base/wldb_order_operate.html?command=get_materiel&rest_code=00155&base_code=0010739&code=00101019278 HTTP/1.1" 200 458
116.228.172.94 - - [28/Feb/2021:08:51:43 +0800] "GET /xingrg/kc/buy/cgsh_order_operate.html?command=get_materiel&rest_code=00107&code=00101008361&supplier_code=00100006&order_time=2021-02-28 HTTP/1.1" 200 408
222.70.216.220 - - [28/Feb/2021:08:51:43 +0800] "POST /xingrg/kc/base/wldb_order_operate.html HTTP/1.1" 200 1710
222.70.216.220 - - [28/Feb/2021:08:51:43 +0800] "GET /xingrg/all/function/internal_message.html?_=1614473497478&CODE_STATE=getMsg HTTP/1.1" 200 27
116.224.253.72 - - [28/Feb/2021:08:51:45 +0800] "GET /xingrg/check_reg.html?_=1614473503520 HTTP/1.1" 200 22
116.224.253.72 - - [28/Feb/2021:08:51:45 +0800] "GET /xingrg/all/function/internal_message.html?_=1614473503535&CODE_STATE=getMsg HTTP/1.1" 200 27
116.228.172.94 - - [28/Feb/2021:08:51:45 +0800] "POST /xingrg/kc/buy/cgsh_order_operate.html HTTP/1.1" 200 2065
222.70.216.220 - - [28/Feb/2021:08:51:46 +0800] "GET /xingrg/kc/base/wldb_order_operate.html?command=get_materiel&rest_code=00155&base_code=0010739&code=00101019253 HTTP/1.1" 200 467
116.228.172.94 - - [28/Feb/2021:08:51:46 +0800] "GET /xingrg/all/function/internal_message.html?_=1614473501594&CODE_STATE=getMsg HTTP/1.1" 200 27
116.224.253.72 - - [28/Feb/2021:08:51:47 +0800] "GET /xingrg/kc/buy/cgsh_order_operate.html?command=get_materiel&rest_code=00150&code=00101008356&supplier_code=00100007&order_time=2021-02-28 HTTP/1.1" 200 408
180.169.147.146 - - [28/Feb/2021:08:51:51 +0800] "GET /xingrg/all/function/internal_message.html?_=1614473507761&CODE_STATE=getMsg HTTP/1.1" 302 -
180.174.195.252 - - [28/Feb/2021:08:51:51 +0800] "GET /xingrg/check_reg.html?_=1614473764242 HTTP/1.1" 200 22
58.40.7.146 - - [28/Feb/2021:08:51:51 +0800] "GET /xingrg/all/function/internal_message.html?_=1614473507920&CODE_STATE=getMsg HTTP/1.1" 200 27
222.69.137.60 - - [28/Feb/2021:08:51:53 +0800] "GET /xingrg/all/function/internal_message.html?_=1614473508473&CODE_STATE=getMsg HTTP/1.1" 200 27
222.69.137.60 - - [28/Feb/2021:08:51:55 +0800] "GET /xingrg/kc/buy/cgsh_order_add.html HTTP/1.1" 200 62157
222.69.137.60 - - [28/Feb/2021:08:51:56 +0800] "POST /xingrg/kc/buy/cgsh_order_operate.html HTTP/1.1" 200 8245
222.69.137.60 - - [28/Feb/2021:08:51:56 +0800] "GET /xingrg/javascript/easyui/themes/default/validatebox.css HTTP/1.1" 404 1104
222.70.216.220 - - [28/Feb/2021:08:51:56 +0800] "GET /xingrg/kc/base/wldb_order_operate.html?command=get_materiel&rest_code=00155&base_code=0010739&code=00101019249 HTTP/1.1" 200 470
116.224.253.72 - - [28/Feb/2021:08:51:58 +0800] "GET /xingrg/all/function/internal_message.html?_=1614473484661&CODE_STATE=getMsg HTTP/1.1" 200 27
101.228.165.174 - - [28/Feb/2021:08:51:59 +0800] "GET /xingrg/all/function/internal_message.html?_=1614473516390&CODE_STATE=getMsg HTTP/1.1" 200 27
61.165.42.208 - - [28/Feb/2021:08:52:00 +0800] "GET /xingrg/all/function/internal_message.html?_=1614473500302&CODE_STATE=getMsg HTTP/1.1" 200 27
116.224.253.72 - - [28/Feb/2021:08:52:00 +0800] "GET /xingrg/kc/buy/cgsh_order_operate.html?command=get_materiel&rest_code=00150&code=00101008300&supplier_code=00100007&order_time=2021-02-28 HTTP/1.1" 200 412
222.70.216.220 - - [28/Feb/2021:08:52:02 +0800] "POST /xingrg/kc/base/wldb_order_operate.html HTTP/1.1" 200 37
222.70.216.220 - - [28/Feb/2021:08:52:03 +0800] "POST /xingrg/kc/base/wldb_order_operate.html HTTP/1.1" 200 17182
222.70.216.220 - - [28/Feb/2021:08:52:03 +0800] "GET /xingrg/kc/base/wldb_order_info.html?code=422021022803188 HTTP/1.1" 200 30525
222.70.216.220 - - [28/Feb/2021:08:52:03 +0800] "GET /xingrg/javascript/easyui/themes/default/validatebox.css HTTP/1.1" 404 1104
222.70.216.220 - - [28/Feb/2021:08:52:04 +0800] "POST /xingrg/kc/base/wldb_order_operate.html HTTP/1.1" 200 17182
114.88.166.193 - - [28/Feb/2021:08:52:06 +0800] "GET /xingrg/kc/buy/buy_main.html HTTP/1.1" 200 12412
114.88.166.193 - - [28/Feb/2021:08:52:06 +0800] "GET /xingrg/javascript/jquery_easy_ui/themes/default/images/tabs_close.gif HTTP/1.1" 304 -
114.88.166.193 - - [28/Feb/2021:08:52:06 +0800] "GET /xingrg/css/blue.css HTTP/1.1" 304 -
114.88.166.193 - - [28/Feb/2021:08:52:06 +0800] "GET /xingrg/css/new_ie.css HTTP/1.1" 404 1036
114.88.166.193 - - [28/Feb/2021:08:52:06 +0800] "GET /xingrg/javascript/pic_change.js HTTP/1.1" 304 -
114.88.166.193 - - [28/Feb/2021:08:52:06 +0800] "GET /xingrg/javascript/jquery_ui/themes/humanity/humanity.css HTTP/1.1" 304 -
114.88.166.193 - - [28/Feb/2021:08:52:06 +0800] "GET /xingrg/javascript/ToolTips.js HTTP/1.1" 304 -
114.88.166.193 - - [28/Feb/2021:08:52:06 +0800] "GET /xingrg/javascript/myfunction.js HTTP/1.1" 304 -
114.88.166.193 - - [28/Feb/2021:08:52:06 +0800] "GET /xingrg/javascript/jquery_ui/jquery-ui.min.js HTTP/1.1" 304 -
114.88.166.193 - - [28/Feb/2021:08:52:06 +0800] "GET /xingrg/images/blue/button/cgydd.gif HTTP/1.1" 304 -
114.88.166.193 - - [28/Feb/2021:08:52:06 +0800] "GET /xingrg/images/blue/button/cgxqd.gif HTTP/1.1" 304 -
114.88.166.193 - - [28/Feb/2021:08:52:06 +0800] "GET /xingrg/images/blue/button/cgshd.gif HTTP/1.1" 304 -
114.88.166.193 - - [28/Feb/2021:08:52:06 +0800] "GET /xingrg/images/blue/button/ckthd.gif HTTP/1.1" 304 -
114.88.166.193 - - [28/Feb/2021:08:52:06 +0800] "GET /xingrg/images/blue/button/cgfkd.gif HTTP/1.1" 304 -
114.88.166.193 - - [28/Feb/2021:08:52:06 +0800] "GET /xingrg/images/blue/pic_form2.gif HTTP/1.1" 304 -
114.88.166.193 - - [28/Feb/2021:08:52:06 +0800] "GET /xingrg/images/blue/button/kc.gif HTTP/1.1" 304 -
114.88.166.193 - - [28/Feb/2021:08:52:06 +0800] "GET /xingrg/javascript/jquery_ui/themes/humanity/images/ui-bg_inset-soft_100_f4f0ec_1x100.png HTTP/1.1" 304 -
114.88.166.193 - - [28/Feb/2021:08:52:06 +0800] "GET /xingrg/images/blue/bg_dotted.jpg HTTP/1.1" 304 -
114.88.166.193 - - [28/Feb/2021:08:52:06 +0800] "GET /xingrg/images/blue/button/right_ah.jpg HTTP/1.1" 304 -
114.88.166.193 - - [28/Feb/2021:08:52:06 +0800] "GET /xingrg/images/blue/button/down_ah.jpg HTTP/1.1" 304 -
114.88.166.193 - - [28/Feb/2021:08:52:06 +0800] "GET /xingrg/javascript/jquery_ui/themes/humanity/images/ui-icons_ffffff_256x240.png HTTP/1.1" 304 -
