116.228.172.94 - - [22/Feb/2021:09:07:06 +0800] "POST /xingrg/kc/buy/cgsh_list_operate.html HTTP/1.1" 200 876
114.88.166.193 - - [22/Feb/2021:09:07:07 +0800] "GET /xingrg/kc/buy/cgsh_order_operate.html?command=get_materiel&rest_code=00111&code=00101006056&supplier_code=00100012&order_time=2021-02-22 HTTP/1.1" 200 413
116.228.172.94 - - [22/Feb/2021:09:07:08 +0800] "GET /xingrg/kc/buy/cgsh_order_add.html HTTP/1.1" 200 62192
116.228.172.94 - - [22/Feb/2021:09:07:09 +0800] "GET /xingrg/words/20210221161058_words.js HTTP/1.1" 304 -
116.228.172.94 - - [22/Feb/2021:09:07:09 +0800] "GET /xingrg/all/common/auto_word.html?type=employee&rest_code=00107 HTTP/1.1" 200 151
116.228.172.94 - - [22/Feb/2021:09:07:09 +0800] "GET /xingrg/all/common/auto_word.html?type=employee&rest_code=00107 HTTP/1.1" 200 151
116.228.172.94 - - [22/Feb/2021:09:07:09 +0800] "GET /xingrg/javascript/easyui/themes/default/validatebox.css HTTP/1.1" 404 1104
116.228.172.94 - - [22/Feb/2021:09:07:09 +0800] "POST /xingrg/kc/buy/cgsh_order_operate.html HTTP/1.1" 200 8245
180.169.147.146 - - [22/Feb/2021:09:07:15 +0800] "GET /xingrg/all/function/internal_message.html?_=1613956036618&CODE_STATE=getMsg HTTP/1.1" 200 27
114.88.166.193 - - [22/Feb/2021:09:07:15 +0800] "GET /xingrg/kc/buy/cgsh_order_operate.html?command=get_materiel&rest_code=00111&code=00101006027&supplier_code=00100012&order_time=2021-02-22 HTTP/1.1" 200 409
116.224.253.72 - - [22/Feb/2021:09:07:16 +0800] "GET /xingrg/all/function/internal_message.html?_=1613956034224&CODE_STATE=getMsg HTTP/1.1" 200 27
116.228.172.94 - - [22/Feb/2021:09:07:18 +0800] "GET /xingrg/javascript/easyui/themes/default/tree.css HTTP/1.1" 404 1090
116.228.172.94 - - [22/Feb/2021:09:07:18 +0800] "POST /xingrg/all/common/load_tree.html?tree=supplier_tree_json&isDelete=1 HTTP/1.1" 200 54827
222.70.209.13 - - [22/Feb/2021:09:07:22 +0800] "POST /xingrg/services/DataTransmitService HTTP/1.1" 200 524
172.20.0.100 - - [22/Feb/2021:09:07:22 +0800] "GET /xingrg/check_reg.html?_=1613956040390 HTTP/1.1" 302 -
116.224.253.72 - - [22/Feb/2021:09:07:22 +0800] "GET /xingrg/check_reg.html?_=1613956043419 HTTP/1.1" 200 22
116.224.253.72 - - [22/Feb/2021:09:07:22 +0800] "GET /xingrg/all/function/internal_message.html?_=1613956043421&CODE_STATE=getMsg HTTP/1.1" 200 27
114.88.166.193 - - [22/Feb/2021:09:07:24 +0800] "GET /xingrg/all/function/internal_message.html?_=1613956039666&CODE_STATE=getMsg HTTP/1.1" 200 27
120.253.135.82 - - [22/Feb/2021:09:07:28 +0800] "GET /xingrg/all/function/internal_message.html?_=1613956161901&CODE_STATE=getMsg HTTP/1.1" 200 27
114.88.166.193 - - [22/Feb/2021:09:07:32 +0800] "GET /xingrg/kc/buy/cgsh_order_operate.html?command=get_materiel&rest_code=00111&code=00101006065&supplier_code=00100012&order_time=2021-02-22 HTTP/1.1" 200 409
117.185.32.26 - - [22/Feb/2021:09:07:36 +0800] "GET /xingrg/all/function/internal_message.html?_=1613956049255&CODE_STATE=getMsg HTTP/1.1" 200 27
120.253.135.82 - - [22/Feb/2021:09:07:41 +0800] "GET /xingrg/all/function/internal_message.html?_=1613955828593&CODE_STATE=getMsg HTTP/1.1" 200 27
180.169.147.146 - - [22/Feb/2021:09:07:42 +0800] "GET /xingrg/all/function/internal_message.html?_=1613956061078&CODE_STATE=getMsg HTTP/1.1" 200 27
114.88.166.193 - - [22/Feb/2021:09:07:52 +0800] "POST /xingrg/kc/buy/cgsh_order_operate.html HTTP/1.1" 200 37
116.228.172.94 - - [22/Feb/2021:09:07:53 +0800] "GET /xingrg/javascript/auto/indicator.gif HTTP/1.1" 404 1066
114.88.166.193 - - [22/Feb/2021:09:07:53 +0800] "POST /xingrg/kc/buy/cgsh_order_operate.html HTTP/1.1" 200 6196
116.228.172.94 - - [22/Feb/2021:09:07:56 +0800] "GET /xingrg/all/function/internal_message.html?_=1613956074558&CODE_STATE=getMsg HTTP/1.1" 200 27
116.224.253.72 - - [22/Feb/2021:09:07:56 +0800] "GET /xingrg/all/function/internal_message.html?_=1613956051702&CODE_STATE=getMsg HTTP/1.1" 200 27
116.228.172.94 - - [22/Feb/2021:09:07:57 +0800] "GET /xingrg/kc/buy/cgsh_order_operate.html?command=get_materiel&rest_code=00107&code=00101016100&supplier_code=00100033&order_time=2021-02-22 HTTP/1.1" 200 412
101.228.165.73 - - [22/Feb/2021:09:07:59 +0800] "GET /xingrg/all/function/internal_message.html?_=1613956080324&CODE_STATE=getMsg HTTP/1.1" 200 27
61.165.42.208 - - [22/Feb/2021:09:08:04 +0800] "GET /xingrg/all/function/internal_message.html?_=1613956084518&CODE_STATE=getMsg HTTP/1.1" 200 27
116.224.253.72 - - [22/Feb/2021:09:08:11 +0800] "POST /xingrg/kc/buy/cgsh_order_operate.html HTTP/1.1" 200 37
114.88.166.193 - - [22/Feb/2021:09:08:12 +0800] "POST /xingrg/kc/buy/cgsh_order_operate.html HTTP/1.1" 200 37
116.228.172.94 - - [22/Feb/2021:09:08:13 +0800] "GET /xingrg/kc/buy/cgsh_order_operate.html?command=get_materiel&rest_code=00107&code=00101012025&supplier_code=00100033&order_time=2021-02-22 HTTP/1.1" 200 412
116.224.253.72 - - [22/Feb/2021:09:08:13 +0800] "POST /xingrg/kc/buy/cgsh_order_operate.html HTTP/1.1" 200 12
114.88.166.193 - - [22/Feb/2021:09:08:14 +0800] "POST /xingrg/kc/buy/cgsh_order_operate.html HTTP/1.1" 200 6196
116.224.253.72 - - [22/Feb/2021:09:08:14 +0800] "GET /xingrg/kc/buy/cgsh_order_info.html?code=212021022208076 HTTP/1.1" 200 56664
116.224.253.72 - - [22/Feb/2021:09:08:14 +0800] "GET /xingrg/javascript/easyui/themes/default/validatebox.css HTTP/1.1" 404 1104
180.169.147.146 - - [22/Feb/2021:09:08:15 +0800] "GET /xingrg/check_reg.html?_=1613956096617 HTTP/1.1" 200 22
180.169.147.146 - - [22/Feb/2021:09:08:15 +0800] "GET /xingrg/all/function/internal_message.html?_=1613956096621&CODE_STATE=getMsg HTTP/1.1" 200 27
116.224.253.72 - - [22/Feb/2021:09:08:15 +0800] "POST /xingrg/kc/buy/cgsh_order_operate.html HTTP/1.1" 200 17356
116.224.253.72 - - [22/Feb/2021:09:08:16 +0800] "GET /xingrg/all/function/internal_message.html?_=1613956094225&CODE_STATE=getMsg HTTP/1.1" 200 27
116.224.253.72 - - [22/Feb/2021:09:08:17 +0800] "GET /xingrg/kc/print/load_data.html?order_code=212021022208076&kc_code=cgsh&condition= HTTP/1.1" 200 7229
101.228.165.73 - - [22/Feb/2021:09:08:19 +0800] "GET /xingrg/check_reg.html?_=1613956100996 HTTP/1.1" 200 22
114.88.166.193 - - [22/Feb/2021:09:08:20 +0800] "GET /xingrg/kc/print/load_data.html?order_code=212021022208087&kc_code=cgsh&condition= HTTP/1.1" 200 2092
116.224.253.72 - - [22/Feb/2021:09:08:22 +0800] "GET /xingrg/all/function/internal_message.html?_=1613956103421&CODE_STATE=getMsg HTTP/1.1" 200 27
114.88.166.193 - - [22/Feb/2021:09:08:24 +0800] "GET /xingrg/all/function/internal_message.html?_=1613956099704&CODE_STATE=getMsg HTTP/1.1" 200 27
120.253.135.82 - - [22/Feb/2021:09:08:28 +0800] "GET /xingrg/all/function/internal_message.html?_=1613956221914&CODE_STATE=getMsg HTTP/1.1" 200 27
116.228.172.94 - - [22/Feb/2021:09:08:31 +0800] "GET /xingrg/kc/buy/cgsh_order_operate.html?command=get_materiel&rest_code=00107&code=00101016080&supplier_code=00100033&order_time=2021-02-22 HTTP/1.1" 200 408
117.185.32.26 - - [22/Feb/2021:09:08:36 +0800] "GET /xingrg/all/function/internal_message.html?_=1613956109253&CODE_STATE=getMsg HTTP/1.1" 200 27
120.253.135.82 - - [22/Feb/2021:09:08:41 +0800] "GET /xingrg/all/function/internal_message.html?_=1613955888606&CODE_STATE=getMsg HTTP/1.1" 200 27
180.169.147.146 - - [22/Feb/2021:09:08:42 +0800] "GET /xingrg/check_reg.html?_=1613956121087 HTTP/1.1" 200 22
180.169.147.146 - - [22/Feb/2021:09:08:42 +0800] "GET /xingrg/all/function/internal_message.html?_=1613956121092&CODE_STATE=getMsg HTTP/1.1" 200 27
116.224.253.72 - - [22/Feb/2021:09:08:48 +0800] "GET /xingrg/kc/buy/cgsh_order_list.html HTTP/1.1" 200 46372
116.224.253.72 - - [22/Feb/2021:09:08:49 +0800] "POST /xingrg/kc/buy/cgsh_list_operate.html HTTP/1.1" 200 876
116.224.253.72 - - [22/Feb/2021:09:08:50 +0800] "GET /xingrg/kc/buy/cgsh_order_add.html HTTP/1.1" 200 62028
116.228.172.94 - - [22/Feb/2021:09:08:50 +0800] "GET /xingrg/kc/buy/cgsh_order_operate.html?command=get_materiel&rest_code=00107&code=00101012026&supplier_code=00100033&order_time=2021-02-22 HTTP/1.1" 200 408
116.224.253.72 - - [22/Feb/2021:09:08:50 +0800] "GET /xingrg/javascript/easyui/themes/default/validatebox.css HTTP/1.1" 404 1104
116.224.253.72 - - [22/Feb/2021:09:08:50 +0800] "POST /xingrg/kc/buy/cgsh_order_operate.html HTTP/1.1" 200 8245
116.228.172.94 - - [22/Feb/2021:09:08:56 +0800] "GET /xingrg/all/function/internal_message.html?_=1613956134559&CODE_STATE=getMsg HTTP/1.1" 200 27
116.224.253.72 - - [22/Feb/2021:09:08:56 +0800] "GET /xingrg/all/function/internal_message.html?_=1613956111724&CODE_STATE=getMsg HTTP/1.1" 200 27
101.228.165.73 - - [22/Feb/2021:09:08:59 +0800] "GET /xingrg/all/function/internal_message.html?_=1613956140336&CODE_STATE=getMsg HTTP/1.1" 200 27
116.224.253.72 - - [22/Feb/2021:09:08:59 +0800] "GET /xingrg/kc/buy/cgsh_order_operate.html?command=get_materiel&rest_code=00150&code=00101011005&supplier_code=00100047&order_time=2021-02-22 HTTP/1.1" 200 429
61.165.42.208 - - [22/Feb/2021:09:09:04 +0800] "GET /xingrg/all/function/internal_message.html?_=1613956144515&CODE_STATE=getMsg HTTP/1.1" 200 27
116.224.253.72 - - [22/Feb/2021:09:09:13 +0800] "POST /xingrg/kc/buy/cgsh_order_operate.html HTTP/1.1" 200 37
180.169.147.146 - - [22/Feb/2021:09:09:15 +0800] "GET /xingrg/all/function/internal_message.html?_=1613956156623&CODE_STATE=getMsg HTTP/1.1" 200 27
116.228.172.94 - - [22/Feb/2021:09:09:16 +0800] "POST /xingrg/kc/buy/cgsh_order_operate.html HTTP/1.1" 200 37
116.224.253.72 - - [22/Feb/2021:09:09:16 +0800] "GET /xingrg/all/function/internal_message.html?_=1613956154226&CODE_STATE=getMsg HTTP/1.1" 200 27
116.224.253.72 - - [22/Feb/2021:09:09:16 +0800] "POST /xingrg/kc/buy/cgsh_order_operate.html HTTP/1.1" 200 12
116.224.253.72 - - [22/Feb/2021:09:09:17 +0800] "GET /xingrg/kc/buy/cgsh_order_info.html?code=212021022208088 HTTP/1.1" 200 56930
116.224.253.72 - - [22/Feb/2021:09:09:17 +0800] "GET /xingrg/javascript/easyui/themes/default/validatebox.css HTTP/1.1" 404 1104
116.228.172.94 - - [22/Feb/2021:09:09:18 +0800] "POST /xingrg/kc/buy/cgsh_order_operate.html HTTP/1.1" 200 5010
116.224.253.72 - - [22/Feb/2021:09:09:18 +0800] "POST /xingrg/kc/buy/cgsh_order_operate.html HTTP/1.1" 200 1194
116.224.253.72 - - [22/Feb/2021:09:09:19 +0800] "GET /xingrg/kc/print/load_data.html?order_code=212021022208088&kc_code=cgsh&condition= HTTP/1.1" 200 971
116.228.172.94 - - [22/Feb/2021:09:09:20 +0800] "GET /xingrg/kc/print/load_config.html?kc_code=cgsh HTTP/1.1" 200 1845
116.228.172.94 - - [22/Feb/2021:09:09:20 +0800] "GET /xingrg/kc/print/load_data.html?order_code=212021022208089&kc_code=cgsh&condition= HTTP/1.1" 200 1596
116.224.253.72 - - [22/Feb/2021:09:09:22 +0800] "GET /xingrg/all/function/internal_message.html?_=1613956163459&CODE_STATE=getMsg HTTP/1.1" 200 27
114.88.166.193 - - [22/Feb/2021:09:09:24 +0800] "GET /xingrg/all/function/internal_message.html?_=1613956159766&CODE_STATE=getMsg HTTP/1.1" 200 27
116.224.253.72 - - [22/Feb/2021:09:09:26 +0800] "POST /xingrg/all/user/operate.html HTTP/1.1" 200 36
116.224.253.72 - - [22/Feb/2021:09:09:26 +0800] "GET /xingrg/index.html?sysBaseUrl=http%3A%2F%2F180.169.147.146%3A18081%2Fxingrg%2F&costTime=37×tamp=1613884828556 HTTP/1.1" 200 17177
116.224.253.72 - - [22/Feb/2021:09:09:26 +0800] "GET /xingrg/javascript/jquery_easy_ui/themes/default/easyui.css HTTP/1.1" 304 -
116.224.253.72 - - [22/Feb/2021:09:09:26 +0800] "GET /xingrg/javascript/jquery_easy_ui/themes/icon.css HTTP/1.1" 304 -
116.224.253.72 - - [22/Feb/2021:09:09:26 +0800] "GET /xingrg/css/form.css HTTP/1.1" 304 -
116.224.253.72 - - [22/Feb/2021:09:09:26 +0800] "GET /xingrg/javascript/jquery-1.4.2.min.js HTTP/1.1" 304 -
116.224.253.72 - - [22/Feb/2021:09:09:26 +0800] "GET /xingrg/javascript/jquery_easy_ui/jquery.easyui.min.js HTTP/1.1" 304 -
116.224.253.72 - - [22/Feb/2021:09:09:26 +0800] "GET /xingrg/javascript/jquery_easy_ui/easyui-lang-zh_CN.js HTTP/1.1" 304 -
116.224.253.72 - - [22/Feb/2021:09:09:26 +0800] "GET /xingrg/javascript/jquery.form.js HTTP/1.1" 304 -
116.224.253.72 - - [22/Feb/2021:09:09:26 +0800] "GET /xingrg/javascript/jquery.utils.js HTTP/1.1" 304 -
116.224.253.72 - - [22/Feb/2021:09:09:26 +0800] "GET /xingrg/javascript/jquery.timers.js HTTP/1.1" 304 -
116.224.253.72 - - [22/Feb/2021:09:09:26 +0800] "GET /xingrg/images/blue/jxLogo.png HTTP/1.1" 304 -
116.224.253.72 - - [22/Feb/2021:09:09:26 +0800] "GET /xingrg/javascript/jquery_easy_ui/themes/icons/settle_new.png HTTP/1.1" 304 -
116.224.253.72 - - [22/Feb/2021:09:09:26 +0800] "GET /xingrg/images/blue/navBackgound.jpg HTTP/1.1" 304 -
116.224.253.72 - - [22/Feb/2021:09:09:26 +0800] "POST /xingrg/all/common/load_tree.html?tree=area_rest_tree_json&manage=1 HTTP/1.1" 200 476
116.224.253.72 - - [22/Feb/2021:09:09:26 +0800] "GET /xingrg/all/function/internal_message.html?_=1613956167812&CODE_STATE=count HTTP/1.1" 200 11
116.224.253.72 - - [22/Feb/2021:09:09:26 +0800] "GET /xingrg/check_reg.html?_=1613956167814 HTTP/1.1" 200 22
116.224.253.72 - - [22/Feb/2021:09:09:26 +0800] "GET /xingrg/images/blue/pingpu.png HTTP/1.1" 304 -
116.224.253.72 - - [22/Feb/2021:09:09:26 +0800] "GET /xingrg/javascript/jquery_easy_ui/themes/default/images/tabs_rightarrow.png HTTP/1.1" 304 -
116.224.253.72 - - [22/Feb/2021:09:09:26 +0800] "GET /xingrg/javascript/jquery_easy_ui/themes/default/images/tabs_leftarrow.png HTTP/1.1" 304 -
116.224.253.72 - - [22/Feb/2021:09:09:26 +0800] "GET /xingrg/javascript/jquery_easy_ui/themes/default/images/panel_tool_collapse.gif HTTP/1.1" 304 -
116.224.253.72 - - [22/Feb/2021:09:09:26 +0800] "POST /xingrg/load_menu.html HTTP/1.1" 200 5138
120.253.135.82 - - [22/Feb/2021:09:09:28 +0800] "GET /xingrg/all/function/internal_message.html?_=1613956281947&CODE_STATE=getMsg HTTP/1.1" 200 27
116.224.253.72 - - [22/Feb/2021:09:09:28 +0800] "GET /xingrg/kc/buy/cgsh_order_list.html HTTP/1.1" 200 46370
116.224.253.72 - - [22/Feb/2021:09:09:29 +0800] "POST /xingrg/kc/buy/cgsh_list_operate.html HTTP/1.1" 200 876
116.224.253.72 - - [22/Feb/2021:09:09:30 +0800] "GET /xingrg/kc/buy/cgsh_order_add.html HTTP/1.1" 200 61746
116.228.172.94 - - [22/Feb/2021:09:09:30 +0800] "GET /xingrg/kc/buy/cgsh_order_add.html HTTP/1.1" 200 62192
116.224.253.72 - - [22/Feb/2021:09:09:30 +0800] "POST /xingrg/kc/buy/cgsh_order_operate.html HTTP/1.1" 200 8245
116.224.253.72 - - [22/Feb/2021:09:09:30 +0800] "GET /xingrg/javascript/easyui/themes/default/validatebox.css HTTP/1.1" 404 1104
116.228.172.94 - - [22/Feb/2021:09:09:31 +0800] "POST /xingrg/kc/buy/cgsh_order_operate.html HTTP/1.1" 200 8245
116.228.172.94 - - [22/Feb/2021:09:09:31 +0800] "GET /xingrg/javascript/easyui/themes/default/validatebox.css HTTP/1.1" 404 1104
116.224.253.72 - - [22/Feb/2021:09:09:31 +0800] "GET /xingrg/javascript/auto/indicator.gif HTTP/1.1" 404 1066
117.185.32.26 - - [22/Feb/2021:09:09:36 +0800] "GET /xingrg/check_reg.html?_=1613956169251 HTTP/1.1" 200 22
117.185.32.26 - - [22/Feb/2021:09:09:36 +0800] "GET /xingrg/all/function/internal_message.html?_=1613956169253&CODE_STATE=getMsg HTTP/1.1" 200 27
116.228.172.94 - - [22/Feb/2021:09:09:39 +0800] "GET /xingrg/javascript/easyui/themes/default/tree.css HTTP/1.1" 404 1090
116.228.172.94 - - [22/Feb/2021:09:09:39 +0800] "POST /xingrg/all/common/load_tree.html?tree=supplier_tree_json&isDelete=1 HTTP/1.1" 200 54827
120.253.135.82 - - [22/Feb/2021:09:09:41 +0800] "GET /xingrg/all/function/internal_message.html?_=1613955948629&CODE_STATE=getMsg HTTP/1.1" 200 27
116.224.253.72 - - [22/Feb/2021:09:09:41 +0800] "GET /xingrg/kc/buy/cgsh_order_operate.html?command=get_materiel&rest_code=00151&code=00101011005&supplier_code=00100047&order_time=2021-02-22 HTTP/1.1" 200 429
180.169.147.146 - - [22/Feb/2021:09:09:42 +0800] "GET /xingrg/all/function/internal_message.html?_=1613956181082&CODE_STATE=getMsg HTTP/1.1" 200 27
117.184.7.26 - - [22/Feb/2021:09:09:49 +0800] "POST /xingrg/login.do HTTP/1.1" 302 -
117.184.7.26 - - [22/Feb/2021:09:09:49 +0800] "GET /xingrg/index.html?sysBaseUrl=http%3A%2F%2F180.169.147.146%3A18081%2Fxingrg%2F&costTime=37×tamp=1613956189742 HTTP/1.1" 200 17179
116.224.253.72 - - [22/Feb/2021:09:09:50 +0800] "GET /xingrg/kc/buy/cgsh_order_operate.html?command=get_materiel&rest_code=00151&code=00101011001&supplier_code=00100047&order_time=2021-02-22 HTTP/1.1" 200 423
117.184.7.26 - - [22/Feb/2021:09:09:50 +0800] "GET /favicon.ico HTTP/1.1" 404 -
117.184.7.26 - - [22/Feb/2021:09:09:51 +0800] "POST /xingrg/all/common/load_tree.html?tree=area_rest_tree_json&manage=1 HTTP/1.1" 200 470
116.228.172.94 - - [22/Feb/2021:09:09:51 +0800] "GET /xingrg/kc/buy/cgsh_order_operate.html?command=get_materiel&rest_code=00107&code=00101007022&supplier_code=00100002&order_time=2021-02-22 HTTP/1.1" 200 413
117.184.7.26 - - [22/Feb/2021:09:09:51 +0800] "GET /xingrg/all/function/internal_message.html?_=1613956191552&CODE_STATE=count HTTP/1.1" 200 11
117.184.7.26 - - [22/Feb/2021:09:09:51 +0800] "GET /xingrg/check_reg.html?_=1613956191568 HTTP/1.1" 200 22
117.184.7.26 - - [22/Feb/2021:09:09:52 +0800] "POST /xingrg/load_menu.html HTTP/1.1" 200 5138
117.184.7.26 - - [22/Feb/2021:09:09:55 +0800] "POST /xingrg/all/user/operate.html HTTP/1.1" 200 36
117.184.7.26 - - [22/Feb/2021:09:09:55 +0800] "GET /xingrg/index.html?sysBaseUrl=http%3A%2F%2F180.169.147.146%3A18081%2Fxingrg%2F&costTime=37×tamp=1613956189742 HTTP/1.1" 200 17173
117.184.7.26 - - [22/Feb/2021:09:09:55 +0800] "GET /xingrg/javascript/jquery_easy_ui/themes/default/easyui.css HTTP/1.1" 304 -
117.184.7.26 - - [22/Feb/2021:09:09:55 +0800] "GET /xingrg/javascript/jquery_easy_ui/themes/icon.css HTTP/1.1" 304 -
117.184.7.26 - - [22/Feb/2021:09:09:55 +0800] "GET /xingrg/css/form.css HTTP/1.1" 304 -
117.184.7.26 - - [22/Feb/2021:09:09:55 +0800] "GET /xingrg/javascript/jquery-1.4.2.min.js HTTP/1.1" 304 -
117.184.7.26 - - [22/Feb/2021:09:09:55 +0800] "GET /xingrg/javascript/jquery_easy_ui/jquery.easyui.min.js HTTP/1.1" 304 -
117.184.7.26 - - [22/Feb/2021:09:09:55 +0800] "GET /xingrg/javascript/jquery_easy_ui/easyui-lang-zh_CN.js HTTP/1.1" 304 -
117.184.7.26 - - [22/Feb/2021:09:09:55 +0800] "GET /xingrg/javascript/jquery.form.js HTTP/1.1" 304 -
117.184.7.26 - - [22/Feb/2021:09:09:55 +0800] "GET /xingrg/javascript/jquery.utils.js HTTP/1.1" 304 -
117.184.7.26 - - [22/Feb/2021:09:09:55 +0800] "GET /xingrg/javascript/jquery.timers.js HTTP/1.1" 304 -
117.184.7.26 - - [22/Feb/2021:09:09:55 +0800] "GET /xingrg/images/blue/jxLogo.png HTTP/1.1" 304 -
117.184.7.26 - - [22/Feb/2021:09:09:55 +0800] "GET /xingrg/images/blue/navBackgound.jpg HTTP/1.1" 304 -
117.184.7.26 - - [22/Feb/2021:09:09:55 +0800] "GET /xingrg/javascript/jquery_easy_ui/themes/icons/settle_new.png HTTP/1.1" 304 -
117.184.7.26 - - [22/Feb/2021:09:09:55 +0800] "POST /xingrg/all/common/load_tree.html?tree=area_rest_tree_json&manage=1 HTTP/1.1" 200 470
117.184.7.26 - - [22/Feb/2021:09:09:55 +0800] "GET /xingrg/all/function/internal_message.html?_=1613956195639&CODE_STATE=count HTTP/1.1" 200 11
117.184.7.26 - - [22/Feb/2021:09:09:55 +0800] "GET /xingrg/check_reg.html?_=1613956195640 HTTP/1.1" 200 22
117.184.7.26 - - [22/Feb/2021:09:09:55 +0800] "GET /xingrg/images/blue/pingpu.png HTTP/1.1" 304 -
117.184.7.26 - - [22/Feb/2021:09:09:55 +0800] "GET /xingrg/javascript/jquery_easy_ui/themes/default/images/panel_tool_collapse.gif HTTP/1.1" 304 -
117.184.7.26 - - [22/Feb/2021:09:09:55 +0800] "GET /xingrg/javascript/jquery_easy_ui/themes/default/images/tabs_rightarrow.png HTTP/1.1" 304 -
117.184.7.26 - - [22/Feb/2021:09:09:55 +0800] "GET /xingrg/javascript/jquery_easy_ui/themes/default/images/tabs_leftarrow.png HTTP/1.1" 304 -
117.184.7.26 - - [22/Feb/2021:09:09:56 +0800] "POST /xingrg/load_menu.html HTTP/1.1" 200 5138
116.228.172.94 - - [22/Feb/2021:09:09:56 +0800] "GET /xingrg/all/function/internal_message.html?_=1613956194556&CODE_STATE=getMsg HTTP/1.1" 200 27
116.224.253.72 - - [22/Feb/2021:09:09:56 +0800] "GET /xingrg/check_reg.html?_=1613956171668 HTTP/1.1" 200 22
117.184.7.26 - - [22/Feb/2021:09:09:56 +0800] "GET /xingrg/kc/base/base_main.html HTTP/1.1" 200 12142
116.224.253.72 - - [22/Feb/2021:09:09:56 +0800] "GET /xingrg/all/function/internal_message.html?_=1613956171729&CODE_STATE=getMsg HTTP/1.1" 200 27
116.224.253.72 - - [22/Feb/2021:09:09:58 +0800] "GET /xingrg/kc/buy/cgsh_order_operate.html?command=get_materiel&rest_code=00151&code=00101011010&supplier_code=00100047&order_time=2021-02-22 HTTP/1.1" 200 418
117.184.7.26 - - [22/Feb/2021:09:09:58 +0800] "GET /xingrg/kc/base/yddb_order_list.html HTTP/1.1" 200 16945
101.228.165.73 - - [22/Feb/2021:09:09:59 +0800] "GET /xingrg/all/function/internal_message.html?_=1613956200349&CODE_STATE=getMsg HTTP/1.1" 200 27
117.184.7.26 - - [22/Feb/2021:09:10:00 +0800] "POST /xingrg/kc/base/yddb_list_operate.html HTTP/1.1" 200 636
117.184.7.26 - - [22/Feb/2021:09:10:03 +0800] "POST /xingrg/kc/base/yddb_list_operate.html HTTP/1.1" 200 4303
117.184.7.26 - - [22/Feb/2021:09:10:04 +0800] "POST /xingrg/kc/base/yddb_list_operate.html HTTP/1.1" 200 212
61.165.42.208 - - [22/Feb/2021:09:10:05 +0800] "GET /xingrg/all/function/internal_message.html?_=1613956204513&CODE_STATE=getMsg HTTP/1.1" 200 27
117.184.7.26 - - [22/Feb/2021:09:10:06 +0800] "POST /xingrg/kc/base/yddb_list_operate.html HTTP/1.1" 200 216
117.184.7.26 - - [22/Feb/2021:09:10:06 +0800] "POST /xingrg/kc/base/yddb_list_operate.html HTTP/1.1" 200 294
117.184.7.26 - - [22/Feb/2021:09:10:07 +0800] "POST /xingrg/kc/base/yddb_list_operate.html HTTP/1.1" 200 205
116.224.253.72 - - [22/Feb/2021:09:10:10 +0800] "POST /xingrg/kc/buy/cgsh_order_operate.html HTTP/1.1" 200 37
116.228.172.94 - - [22/Feb/2021:09:10:10 +0800] "GET /xingrg/kc/buy/cgsh_order_operate.html?command=get_materiel&rest_code=00107&code=00101007048&supplier_code=00100002&order_time=2021-02-22 HTTP/1.1" 200 408
116.224.253.72 - - [22/Feb/2021:09:10:12 +0800] "POST /xingrg/kc/buy/cgsh_order_operate.html HTTP/1.1" 200 12
116.224.253.72 - - [22/Feb/2021:09:10:13 +0800] "GET /xingrg/kc/buy/cgsh_order_info.html?code=212021022208090 HTTP/1.1" 200 56648
116.224.253.72 - - [22/Feb/2021:09:10:13 +0800] "GET /xingrg/javascript/easyui/themes/default/validatebox.css HTTP/1.1" 404 1104
116.224.253.72 - - [22/Feb/2021:09:10:14 +0800] "POST /xingrg/kc/buy/cgsh_order_operate.html HTTP/1.1" 200 1830
180.169.147.146 - - [22/Feb/2021:09:10:15 +0800] "GET /xingrg/all/function/internal_message.html?_=1613956216631&CODE_STATE=getMsg HTTP/1.1" 200 27
116.224.253.72 - - [22/Feb/2021:09:10:15 +0800] "GET /xingrg/kc/print/load_data.html?order_code=212021022208090&kc_code=cgsh&condition= HTTP/1.1" 200 1241
116.224.253.72 - - [22/Feb/2021:09:10:16 +0800] "GET /xingrg/all/function/internal_message.html?_=1613956214227&CODE_STATE=getMsg HTTP/1.1" 200 27
114.88.166.193 - - [22/Feb/2021:09:10:24 +0800] "GET /xingrg/all/function/internal_message.html?_=1613956219770&CODE_STATE=getMsg HTTP/1.1" 200 27
116.224.253.72 - - [22/Feb/2021:09:10:26 +0800] "GET /xingrg/all/function/internal_message.html?_=1613956227849&CODE_STATE=getMsg HTTP/1.1" 200 27
120.253.135.82 - - [22/Feb/2021:09:10:28 +0800] "GET /xingrg/all/function/internal_message.html?_=1613956341956&CODE_STATE=getMsg HTTP/1.1" 200 27
117.184.7.26 - - [22/Feb/2021:09:10:31 +0800] "POST /xingrg/kc/base/yddb_list_operate.html HTTP/1.1" 200 204
116.228.172.94 - - [22/Feb/2021:09:10:32 +0800] "GET /xingrg/kc/buy/cgsh_order_operate.html?command=get_materiel&rest_code=00107&code=00101007061&supplier_code=00100002&order_time=2021-02-22 HTTP/1.1" 200 409
117.184.7.26 - - [22/Feb/2021:09:10:36 +0800] "GET /xingrg/kc/buy/buy_main.html HTTP/1.1" 200 12412
117.184.7.26 - - [22/Feb/2021:09:10:36 +0800] "GET /xingrg/css/new_ie.css HTTP/1.1" 404 1036
117.184.7.26 - - [22/Feb/2021:09:10:36 +0800] "GET /xingrg/images/yd/bt.gif HTTP/1.1" 404 1040
117.185.32.26 - - [22/Feb/2021:09:10:36 +0800] "GET /xingrg/all/function/internal_message.html?_=1613956229251&CODE_STATE=getMsg HTTP/1.1" 200 27
117.184.7.26 - - [22/Feb/2021:09:10:37 +0800] "GET /xingrg/kc/buy/cgsh_order_list.html HTTP/1.1" 200 46366
120.253.135.82 - - [22/Feb/2021:09:10:41 +0800] "GET /xingrg/all/function/internal_message.html?_=1613956008634&CODE_STATE=getMsg HTTP/1.1" 200 27
180.169.147.146 - - [22/Feb/2021:09:10:42 +0800] "GET /xingrg/all/function/internal_message.html?_=1613956241077&CODE_STATE=getMsg HTTP/1.1" 200 27
116.228.172.94 - - [22/Feb/2021:09:10:46 +0800] "GET /xingrg/kc/buy/cgsh_order_operate.html?command=get_materiel&rest_code=00107&code=00101007075&supplier_code=00100002&order_time=2021-02-22 HTTP/1.1" 200 410
117.184.7.26 - - [22/Feb/2021:09:10:49 +0800] "POST /xingrg/kc/buy/cgsh_list_operate.html HTTP/1.1" 200 5092
117.184.7.26 - - [22/Feb/2021:09:10:56 +0800] "GET /xingrg/all/function/internal_message.html?_=1613956255650&CODE_STATE=getMsg HTTP/1.1" 200 27
116.228.172.94 - - [22/Feb/2021:09:10:56 +0800] "GET /xingrg/all/function/internal_message.html?_=1613956254567&CODE_STATE=getMsg HTTP/1.1" 200 27
116.224.253.72 - - [22/Feb/2021:09:10:57 +0800] "GET /xingrg/all/function/internal_message.html?_=1613956231743&CODE_STATE=getMsg HTTP/1.1" 200 27
101.228.165.73 - - [22/Feb/2021:09:10:59 +0800] "GET /xingrg/all/function/internal_message.html?_=1613956260501&CODE_STATE=getMsg HTTP/1.1" 200 27
61.165.42.208 - - [22/Feb/2021:09:11:04 +0800] "GET /xingrg/all/function/internal_message.html?_=1613956264509&CODE_STATE=getMsg HTTP/1.1" 200 27
61.165.42.208 - - [22/Feb/2021:09:11:04 +0800] "GET /xingrg/check_reg.html?_=1613956264512 HTTP/1.1" 200 22
116.228.172.94 - - [22/Feb/2021:09:11:05 +0800] "POST /xingrg/kc/buy/cgsh_order_operate.html HTTP/1.1" 200 37
180.174.195.252 - - [22/Feb/2021:09:11:08 +0800] "GET /xingrg/login.html HTTP/1.1" 200 7641
116.228.172.94 - - [22/Feb/2021:09:11:08 +0800] "POST /xingrg/kc/buy/cgsh_order_operate.html HTTP/1.1" 200 4425
180.174.195.252 - - [22/Feb/2021:09:11:09 +0800] "GET /favicon.ico HTTP/1.1" 404 -
116.228.172.94 - - [22/Feb/2021:09:11:10 +0800] "GET /xingrg/kc/print/load_data.html?order_code=212021022208091&kc_code=cgsh&condition= HTTP/1.1" 200 1417
117.184.7.26 - - [22/Feb/2021:09:11:11 +0800] "GET /xingrg/kc/buy/cgsh_order_add.html HTTP/1.1" 200 62063
117.184.7.26 - - [22/Feb/2021:09:11:11 +0800] "GET /xingrg/words/20210221161058_words.js HTTP/1.1" 304 -
117.184.7.26 - - [22/Feb/2021:09:11:12 +0800] "POST /xingrg/kc/buy/cgsh_order_operate.html HTTP/1.1" 200 8245
117.184.7.26 - - [22/Feb/2021:09:11:12 +0800] "GET /xingrg/all/common/auto_word.html?type=employee&rest_code=00108 HTTP/1.1" 200 147
117.184.7.26 - - [22/Feb/2021:09:11:12 +0800] "GET /xingrg/all/common/auto_word.html?type=employee&rest_code=00108 HTTP/1.1" 200 147
117.184.7.26 - - [22/Feb/2021:09:11:12 +0800] "GET /xingrg/javascript/easyui/themes/default/validatebox.css HTTP/1.1" 404 1104
117.184.7.26 - - [22/Feb/2021:09:11:13 +0800] "GET /xingrg/javascript/auto/indicator.gif HTTP/1.1" 404 1066
117.184.7.26 - - [22/Feb/2021:09:11:14 +0800] "GET /xingrg/javascript/jquery_tools/images/next.gif HTTP/1.1" 404 1086
117.184.7.26 - - [22/Feb/2021:09:11:14 +0800] "GET /xingrg/javascript/jquery_tools/images/prev.gif HTTP/1.1" 404 1086
180.169.147.146 - - [22/Feb/2021:09:11:15 +0800] "GET /xingrg/all/function/internal_message.html?_=1613956276630&CODE_STATE=getMsg HTTP/1.1" 200 27
116.224.253.72 - - [22/Feb/2021:09:11:16 +0800] "GET /xingrg/check_reg.html?_=1613956274227 HTTP/1.1" 200 22
116.224.253.72 - - [22/Feb/2021:09:11:16 +0800] "GET /xingrg/all/function/internal_message.html?_=1613956274228&CODE_STATE=getMsg HTTP/1.1" 200 27
180.174.195.252 - - [22/Feb/2021:09:11:17 +0800] "POST /xingrg/login.do HTTP/1.1" 302 -
180.174.195.252 - - [22/Feb/2021:09:11:17 +0800] "GET /xingrg/index.html?sysBaseUrl=http%3A%2F%2F180.169.147.146%3A18081%2Fxingrg%2F&costTime=36×tamp=1613956277369 HTTP/1.1" 200 17173
180.174.195.252 - - [22/Feb/2021:09:11:17 +0800] "GET /xingrg/javascript/jquery_easy_ui/themes/default/easyui.css HTTP/1.1" 304 -
180.174.195.252 - - [22/Feb/2021:09:11:17 +0800] "GET /xingrg/css/form.css HTTP/1.1" 304 -
180.174.195.252 - - [22/Feb/2021:09:11:17 +0800] "GET /xingrg/javascript/jquery-1.4.2.min.js HTTP/1.1" 304 -
180.174.195.252 - - [22/Feb/2021:09:11:17 +0800] "GET /xingrg/javascript/jquery_easy_ui/themes/icon.css HTTP/1.1" 304 -
180.174.195.252 - - [22/Feb/2021:09:11:17 +0800] "GET /xingrg/javascript/jquery.form.js HTTP/1.1" 304 -
180.174.195.252 - - [22/Feb/2021:09:11:17 +0800] "GET /xingrg/javascript/jquery_easy_ui/easyui-lang-zh_CN.js HTTP/1.1" 304 -
180.174.195.252 - - [22/Feb/2021:09:11:17 +0800] "GET /xingrg/javascript/jquery.utils.js HTTP/1.1" 304 -
180.174.195.252 - - [22/Feb/2021:09:11:17 +0800] "GET /xingrg/javascript/jquery_easy_ui/jquery.easyui.min.js HTTP/1.1" 304 -
180.174.195.252 - - [22/Feb/2021:09:11:17 +0800] "GET /xingrg/javascript/jquery.timers.js HTTP/1.1" 304 -
116.228.172.94 - - [22/Feb/2021:09:11:17 +0800] "GET /xingrg/kc/buy/cgsh_order_add.html HTTP/1.1" 200 62192
180.174.195.252 - - [22/Feb/2021:09:11:18 +0800] "POST /xingrg/all/common/load_tree.html?tree=area_rest_tree_json&manage=1 HTTP/1.1" 200 342
116.228.172.94 - - [22/Feb/2021:09:11:18 +0800] "POST /xingrg/kc/buy/cgsh_order_operate.html HTTP/1.1" 200 8245
116.228.172.94 - - [22/Feb/2021:09:11:18 +0800] "GET /xingrg/javascript/easyui/themes/default/validatebox.css HTTP/1.1" 404 1104
180.174.195.252 - - [22/Feb/2021:09:11:18 +0800] "GET /xingrg/all/function/internal_message.html?_=1613956530716&CODE_STATE=count HTTP/1.1" 200 11
180.174.195.252 - - [22/Feb/2021:09:11:18 +0800] "GET /xingrg/check_reg.html?_=1613956530719 HTTP/1.1" 200 22
180.174.195.252 - - [22/Feb/2021:09:11:19 +0800] "GET /favicon.ico HTTP/1.1" 404 -
180.174.195.252 - - [22/Feb/2021:09:11:19 +0800] "POST /xingrg/load_menu.html HTTP/1.1" 200 5138
116.228.172.94 - - [22/Feb/2021:09:11:20 +0800] "GET /xingrg/javascript/easyui/themes/default/tree.css HTTP/1.1" 404 1090
116.228.172.94 - - [22/Feb/2021:09:11:21 +0800] "POST /xingrg/all/common/load_tree.html?tree=supplier_tree_json&isDelete=1 HTTP/1.1" 200 54827
117.184.7.26 - - [22/Feb/2021:09:11:21 +0800] "GET /xingrg/kc/buy/cgsh_order_operate.html?command=get_materiel&rest_code=00108&code=00101004065&supplier_code=00100086&order_time=2021-02-17 HTTP/1.1" 200 433
114.88.166.193 - - [22/Feb/2021:09:11:24 +0800] "GET /xingrg/check_reg.html?_=1613956279652 HTTP/1.1" 200 22
114.88.166.193 - - [22/Feb/2021:09:11:24 +0800] "GET /xingrg/all/function/internal_message.html?_=1613956279783&CODE_STATE=getMsg HTTP/1.1" 200 27
116.224.253.72 - - [22/Feb/2021:09:11:26 +0800] "GET /xingrg/all/function/internal_message.html?_=1613956287836&CODE_STATE=getMsg HTTP/1.1" 200 27
117.184.7.26 - - [22/Feb/2021:09:11:27 +0800] "GET /xingrg/kc/buy/cgsh_order_operate.html?command=get_materiel&rest_code=00108&code=00101004011&supplier_code=00100086&order_time=2021-02-17 HTTP/1.1" 200 433
120.253.135.82 - - [22/Feb/2021:09:11:27 +0800] "GET /xingrg/check_reg.html?_=1613956401335 HTTP/1.1" 200 22
120.253.135.82 - - [22/Feb/2021:09:11:28 +0800] "GET /xingrg/all/function/internal_message.html?_=1613956401972&CODE_STATE=getMsg HTTP/1.1" 200 27
61.165.42.208 - - [22/Feb/2021:09:11:30 +0800] "POST /xingrg/kc/buy/cgsh_order_operate.html HTTP/1.1" 200 12
117.184.7.26 - - [22/Feb/2021:09:11:32 +0800] "POST /xingrg/kc/buy/cgsh_order_operate.html HTTP/1.1" 200 37
117.184.7.26 - - [22/Feb/2021:09:11:33 +0800] "POST /xingrg/kc/buy/cgsh_order_operate.html HTTP/1.1" 200 3255
61.165.42.208 - - [22/Feb/2021:09:11:34 +0800] "POST /xingrg/kc/buy/cgsh_list_operate.html HTTP/1.1" 200 2045
117.184.7.26 - - [22/Feb/2021:09:11:34 +0800] "GET /xingrg/kc/print/load_config.html?kc_code=cgsh HTTP/1.1" 200 1845
117.184.7.26 - - [22/Feb/2021:09:11:34 +0800] "GET /xingrg/kc/print/load_data.html?order_code=212021022208092&kc_code=cgsh&condition= HTTP/1.1" 200 955
117.185.32.26 - - [22/Feb/2021:09:11:36 +0800] "GET /xingrg/all/function/internal_message.html?_=1613956289251&CODE_STATE=getMsg HTTP/1.1" 200 27
120.253.135.82 - - [22/Feb/2021:09:11:41 +0800] "GET /xingrg/check_reg.html?_=1613956068203 HTTP/1.1" 200 22
120.253.135.82 - - [22/Feb/2021:09:11:41 +0800] "GET /xingrg/all/function/internal_message.html?_=1613956068648&CODE_STATE=getMsg HTTP/1.1" 200 27
116.228.172.94 - - [22/Feb/2021:09:11:41 +0800] "GET /xingrg/kc/buy/cgsh_order_operate.html?command=get_materiel&rest_code=00107&code=00101006133&supplier_code=00100010&order_time=2021-02-22 HTTP/1.1" 200 413
180.169.147.146 - - [22/Feb/2021:09:11:42 +0800] "GET /xingrg/all/function/internal_message.html?_=1613956301067&CODE_STATE=getMsg HTTP/1.1" 200 27
117.184.7.26 - - [22/Feb/2021:09:11:46 +0800] "GET /xingrg/kc/buy/cgsh_order_add.html HTTP/1.1" 200 62063
117.184.7.26 - - [22/Feb/2021:09:11:46 +0800] "GET /xingrg/javascript/easyui/themes/default/validatebox.css HTTP/1.1" 404 1104
117.184.7.26 - - [22/Feb/2021:09:11:47 +0800] "POST /xingrg/kc/buy/cgsh_order_operate.html HTTP/1.1" 200 8245
116.228.172.94 - - [22/Feb/2021:09:11:53 +0800] "GET /xingrg/kc/buy/cgsh_order_operate.html?command=get_materiel&rest_code=00107&code=00101006094&supplier_code=00100010&order_time=2021-02-22 HTTP/1.1" 200 410
117.184.7.26 - - [22/Feb/2021:09:11:55 +0800] "GET /xingrg/all/function/internal_message.html?_=1613956315648&CODE_STATE=getMsg HTTP/1.1" 200 27
116.228.172.94 - - [22/Feb/2021:09:11:56 +0800] "GET /xingrg/check_reg.html?_=1613956314573 HTTP/1.1" 200 22
116.228.172.94 - - [22/Feb/2021:09:11:56 +0800] "GET /xingrg/all/function/internal_message.html?_=1613956314576&CODE_STATE=getMsg HTTP/1.1" 200 27
117.184.7.26 - - [22/Feb/2021:09:11:56 +0800] "GET /xingrg/kc/buy/cgsh_order_operate.html?command=get_materiel&rest_code=00108&code=00101010161&supplier_code=00100334&order_time=2021-02-17 HTTP/1.1" 200 430
116.224.253.72 - - [22/Feb/2021:09:11:57 +0800] "GET /xingrg/all/function/internal_message.html?_=1613956291756&CODE_STATE=getMsg HTTP/1.1" 200 27
101.228.165.73 - - [22/Feb/2021:09:11:59 +0800] "GET /xingrg/all/function/internal_message.html?_=1613956320503&CODE_STATE=getMsg HTTP/1.1" 200 27
61.165.42.208 - - [22/Feb/2021:09:12:04 +0800] "GET /xingrg/all/function/internal_message.html?_=1613956324519&CODE_STATE=getMsg HTTP/1.1" 200 27
117.184.7.26 - - [22/Feb/2021:09:12:08 +0800] "GET /xingrg/kc/buy/cgsh_order_operate.html?command=get_materiel&rest_code=00108&code=00101005036&supplier_code=00100334&order_time=2021-02-17 HTTP/1.1" 200 409
116.228.172.94 - - [22/Feb/2021:09:12:09 +0800] "GET /xingrg/kc/buy/cgsh_order_operate.html?command=get_materiel&rest_code=00107&code=00101006111&supplier_code=00100010&order_time=2021-02-22 HTTP/1.1" 200 409
180.174.195.252 - - [22/Feb/2021:09:12:09 +0800] "GET /xingrg/kc/buy/cgsh_order_list.html HTTP/1.1" 200 46366
180.174.195.252 - - [22/Feb/2021:09:12:09 +0800] "GET /xingrg/css/base.css HTTP/1.1" 304 -
180.174.195.252 - - [22/Feb/2021:09:12:09 +0800] "GET /xingrg/css/site.css HTTP/1.1" 304 -
180.174.195.252 - - [22/Feb/2021:09:12:09 +0800] "GET /xingrg/javascript/easyui/themes/default/easyui.css HTTP/1.1" 304 -
180.174.195.252 - - [22/Feb/2021:09:12:09 +0800] "GET /xingrg/javascript/jquery_tools/datebox.css HTTP/1.1" 304 -
180.174.195.252 - - [22/Feb/2021:09:12:09 +0800] "GET /xingrg/javascript/easyui/themes/icon.css HTTP/1.1" 304 -
180.174.195.252 - - [22/Feb/2021:09:12:09 +0800] "GET /xingrg/javascript/auto/jquery.autocomplete.css HTTP/1.1" 304 -
180.174.195.252 - - [22/Feb/2021:09:12:09 +0800] "GET /xingrg/javascript/jquery_tools/fix.css HTTP/1.1" 304 -
180.174.195.252 - - [22/Feb/2021:09:12:09 +0800] "GET /xingrg/javascript/jquery_tools/jquery.tools.extend.js HTTP/1.1" 304 -
180.174.195.252 - - [22/Feb/2021:09:12:09 +0800] "GET /xingrg/javascript/jquery_tools/table.css HTTP/1.1" 304 -
180.174.195.252 - - [22/Feb/2021:09:12:09 +0800] "GET /xingrg/javascript/jquery_tools/jquery.tools.min.js HTTP/1.1" 304 -
180.174.195.252 - - [22/Feb/2021:09:12:09 +0800] "GET /xingrg/javascript/jquery_tools/jquery.tools.hotkey.js HTTP/1.1" 304 -
180.174.195.252 - - [22/Feb/2021:09:12:09 +0800] "GET /xingrg/javascript/jquery_tools/jquery.tools.table.js HTTP/1.1" 304 -
180.174.195.252 - - [22/Feb/2021:09:12:09 +0800] "GET /xingrg/javascript/jquery_tools/list_manager.js HTTP/1.1" 304 -
180.174.195.252 - - [22/Feb/2021:09:12:09 +0800] "GET /xingrg/javascript/auto/jquery.autocomplete.js HTTP/1.1" 304 -
180.174.195.252 - - [22/Feb/2021:09:12:09 +0800] "GET /xingrg/javascript/jquery.cookie.js HTTP/1.1" 304 -
180.174.195.252 - - [22/Feb/2021:09:12:09 +0800] "GET /xingrg/javascript/print/LodopFuncs.js HTTP/1.1" 304 -
180.174.195.252 - - [22/Feb/2021:09:12:09 +0800] "GET /xingrg/javascript/easyui/easyloader.js HTTP/1.1" 304 -
180.174.195.252 - - [22/Feb/2021:09:12:11 +0800] "GET /xingrg/javascript/easyui/plugins/jquery.parser.js HTTP/1.1" 304 -
180.174.195.252 - - [22/Feb/2021:09:12:11 +0800] "POST /xingrg/kc/buy/cgsh_list_operate.html HTTP/1.1" 200 876
117.184.7.26 - - [22/Feb/2021:09:12:14 +0800] "POST /xingrg/kc/buy/cgsh_order_operate.html HTTP/1.1" 200 37
180.169.147.146 - - [22/Feb/2021:09:12:15 +0800] "GET /xingrg/all/function/internal_message.html?_=1613956336631&CODE_STATE=getMsg HTTP/1.1" 200 27
117.184.7.26 - - [22/Feb/2021:09:12:15 +0800] "POST /xingrg/kc/buy/cgsh_order_operate.html HTTP/1.1" 200 3242
116.224.253.72 - - [22/Feb/2021:09:12:16 +0800] "GET /xingrg/all/function/internal_message.html?_=1613956334229&CODE_STATE=getMsg HTTP/1.1" 200 27
117.184.7.26 - - [22/Feb/2021:09:12:17 +0800] "GET /xingrg/kc/print/load_data.html?order_code=212021022208093&kc_code=cgsh&condition= HTTP/1.1" 200 888
180.174.195.252 - - [22/Feb/2021:09:12:18 +0800] "GET /xingrg/kc/buy/cgsh_order_add.html HTTP/1.1" 200 62063
180.174.195.252 - - [22/Feb/2021:09:12:18 +0800] "GET /xingrg/javascript/pic_change.js HTTP/1.1" 304 -
180.174.195.252 - - [22/Feb/2021:09:12:18 +0800] "GET /xingrg/javascript/print/kc_print.js HTTP/1.1" 304 -
180.174.195.252 - - [22/Feb/2021:09:12:18 +0800] "GET /xingrg/javascript/jquery_tools/order_manager.js HTTP/1.1" 304 -
180.174.195.252 - - [22/Feb/2021:09:12:18 +0800] "GET /xingrg/javascript/json2.js HTTP/1.1" 304 -
180.174.195.252 - - [22/Feb/2021:09:12:18 +0800] "GET /xingrg/javascript/convert.js HTTP/1.1" 304 -
180.174.195.252 - - [22/Feb/2021:09:12:18 +0800] "GET /xingrg/words/20210221161058_words.js HTTP/1.1" 200 795608
180.174.195.252 - - [22/Feb/2021:09:12:18 +0800] "GET /xingrg/all/function/internal_message.html?_=1613956590729&CODE_STATE=getMsg HTTP/1.1" 200 27
180.174.195.252 - - [22/Feb/2021:09:12:20 +0800] "POST /xingrg/kc/buy/cgsh_order_operate.html HTTP/1.1" 200 8245
180.174.195.252 - - [22/Feb/2021:09:12:20 +0800] "GET /xingrg/all/common/auto_word.html?type=employee&rest_code=00102 HTTP/1.1" 200 189
180.174.195.252 - - [22/Feb/2021:09:12:20 +0800] "GET /xingrg/all/common/auto_word.html?type=employee&rest_code=00102 HTTP/1.1" 200 189
180.174.195.252 - - [22/Feb/2021:09:12:20 +0800] "GET /xingrg/javascript/easyui/plugins/jquery.validatebox.js HTTP/1.1" 304 -
180.174.195.252 - - [22/Feb/2021:09:12:20 +0800] "GET /xingrg/javascript/easyui/themes/default/validatebox.css HTTP/1.1" 404 1104
180.174.195.252 - - [22/Feb/2021:09:12:20 +0800] "GET /xingrg/javascript/easyui/plugins/jquery.numberbox.js HTTP/1.1" 304 -
172.20.0.100 - - [22/Feb/2021:09:12:22 +0800] "GET /xingrg/check_reg.html?_=1613956340364 HTTP/1.1" 302 -
116.228.172.94 - - [22/Feb/2021:09:12:23 +0800] "GET /xingrg/kc/buy/cgsh_order_operate.html?command=get_materiel&rest_code=00107&code=00102002365&supplier_code=00100010&order_time=2021-02-22 HTTP/1.1" 200 408
180.174.195.252 - - [22/Feb/2021:09:12:23 +0800] "GET /xingrg/javascript/easyui/plugins/jquery.draggable.js HTTP/1.1" 304 -
180.174.195.252 - - [22/Feb/2021:09:12:23 +0800] "GET /xingrg/javascript/easyui/plugins/jquery.droppable.js HTTP/1.1" 304 -
180.174.195.252 - - [22/Feb/2021:09:12:23 +0800] "GET /xingrg/javascript/easyui/themes/default/tree.css HTTP/1.1" 404 1090
180.174.195.252 - - [22/Feb/2021:09:12:23 +0800] "GET /xingrg/javascript/easyui/plugins/jquery.tree.js HTTP/1.1" 304 -
180.174.195.252 - - [22/Feb/2021:09:12:24 +0800] "POST /xingrg/all/common/load_tree.html?tree=supplier_tree_json&isDelete=1 HTTP/1.1" 200 54827
114.88.166.193 - - [22/Feb/2021:09:12:24 +0800] "GET /xingrg/all/function/internal_message.html?_=1613956339796&CODE_STATE=getMsg HTTP/1.1" 200 27
116.224.253.72 - - [22/Feb/2021:09:12:26 +0800] "GET /xingrg/all/function/internal_message.html?_=1613956347823&CODE_STATE=getMsg HTTP/1.1" 200 27
117.184.7.26 - - [22/Feb/2021:09:12:27 +0800] "GET /xingrg/kc/buy/cgsh_order_add.html HTTP/1.1" 200 62063
117.184.7.26 - - [22/Feb/2021:09:12:27 +0800] "POST /xingrg/kc/buy/cgsh_order_operate.html HTTP/1.1" 200 8245
117.184.7.26 - - [22/Feb/2021:09:12:27 +0800] "GET /xingrg/javascript/easyui/themes/default/validatebox.css HTTP/1.1" 404 1104
120.253.135.82 - - [22/Feb/2021:09:12:28 +0800] "GET /xingrg/all/function/internal_message.html?_=1613956461983&CODE_STATE=getMsg HTTP/1.1" 200 27
116.228.172.94 - - [22/Feb/2021:09:12:28 +0800] "GET /xingrg/kc/buy/cgsh_order_operate.html?command=get_materiel&rest_code=00107&code=00101006115&supplier_code=00100010&order_time=2021-02-22 HTTP/1.1" 200 409
117.184.7.26 - - [22/Feb/2021:09:12:36 +0800] "GET /xingrg/kc/buy/cgsh_order_operate.html?command=get_materiel&rest_code=00108&code=00101001115&supplier_code=00100089&order_time=2021-02-17 HTTP/1.1" 200 415
117.185.32.26 - - [22/Feb/2021:09:12:36 +0800] "GET /xingrg/all/function/internal_message.html?_=1613956349279&CODE_STATE=getMsg HTTP/1.1" 200 27
180.169.147.146 - - [22/Feb/2021:09:12:42 +0800] "GET /xingrg/all/function/internal_message.html?_=1613956361068&CODE_STATE=getMsg HTTP/1.1" 200 27
117.184.7.26 - - [22/Feb/2021:09:12:44 +0800] "POST /xingrg/kc/buy/cgsh_order_operate.html HTTP/1.1" 200 37
117.184.7.26 - - [22/Feb/2021:09:12:45 +0800] "POST /xingrg/kc/buy/cgsh_order_operate.html HTTP/1.1" 200 2659
117.184.7.26 - - [22/Feb/2021:09:12:47 +0800] "GET /xingrg/kc/print/load_data.html?order_code=212021022208094&kc_code=cgsh&condition= HTTP/1.1" 200 733
117.184.7.26 - - [22/Feb/2021:09:12:53 +0800] "GET /xingrg/kc/buy/cgsh_order_add.html HTTP/1.1" 200 62063
117.184.7.26 - - [22/Feb/2021:09:12:53 +0800] "POST /xingrg/kc/buy/cgsh_order_operate.html HTTP/1.1" 200 8245
117.184.7.26 - - [22/Feb/2021:09:12:53 +0800] "GET /xingrg/javascript/easyui/themes/default/validatebox.css HTTP/1.1" 404 1104
117.184.7.26 - - [22/Feb/2021:09:12:56 +0800] "GET /xingrg/all/function/internal_message.html?_=1613956375754&CODE_STATE=getMsg HTTP/1.1" 200 27
116.224.253.72 - - [22/Feb/2021:09:12:57 +0800] "GET /xingrg/all/function/internal_message.html?_=1613956351774&CODE_STATE=getMsg HTTP/1.1" 200 27
116.228.172.94 - - [22/Feb/2021:09:12:58 +0800] "POST /xingrg/kc/buy/cgsh_order_operate.html HTTP/1.1" 200 37
101.228.165.73 - - [22/Feb/2021:09:12:59 +0800] "GET /xingrg/all/function/internal_message.html?_=1613956380661&CODE_STATE=getMsg HTTP/1.1" 200 27
116.228.172.94 - - [22/Feb/2021:09:13:00 +0800] "POST /xingrg/kc/buy/cgsh_order_operate.html HTTP/1.1" 200 4427
116.228.172.94 - - [22/Feb/2021:09:13:02 +0800] "GET /xingrg/kc/print/load_data.html?order_code=212021022208095&kc_code=cgsh&condition= HTTP/1.1" 200 1400
61.165.42.208 - - [22/Feb/2021:09:13:04 +0800] "GET /xingrg/all/function/internal_message.html?_=1613956384543&CODE_STATE=getMsg HTTP/1.1" 200 27
117.184.7.26 - - [22/Feb/2021:09:13:05 +0800] "GET /xingrg/kc/buy/cgsh_order_operate.html?command=get_materiel&rest_code=00108&code=00101003003&supplier_code=00100094&order_time=2021-02-17 HTTP/1.1" 200 435
180.169.147.146 - - [22/Feb/2021:09:13:15 +0800] "GET /xingrg/check_reg.html?_=1613956396631 HTTP/1.1" 200 22
180.169.147.146 - - [22/Feb/2021:09:13:15 +0800] "GET /xingrg/all/function/internal_message.html?_=1613956396635&CODE_STATE=getMsg HTTP/1.1" 200 27
116.224.253.72 - - [22/Feb/2021:09:13:16 +0800] "GET /xingrg/all/function/internal_message.html?_=1613956394231&CODE_STATE=getMsg HTTP/1.1" 200 27
117.184.7.26 - - [22/Feb/2021:09:13:16 +0800] "POST /xingrg/kc/buy/cgsh_order_operate.html HTTP/1.1" 200 37
117.184.7.26 - - [22/Feb/2021:09:13:17 +0800] "POST /xingrg/kc/buy/cgsh_order_operate.html HTTP/1.1" 200 2665
180.174.195.252 - - [22/Feb/2021:09:13:18 +0800] "GET /xingrg/all/function/internal_message.html?_=1613956650737&CODE_STATE=getMsg HTTP/1.1" 200 27
101.228.165.73 - - [22/Feb/2021:09:13:19 +0800] "GET /xingrg/check_reg.html?_=1613956401000 HTTP/1.1" 200 22
117.184.7.26 - - [22/Feb/2021:09:13:20 +0800] "GET /xingrg/kc/print/load_data.html?order_code=212021022208096&kc_code=cgsh&condition= HTTP/1.1" 200 753
114.88.166.193 - - [22/Feb/2021:09:13:21 +0800] "GET /xingrg/kc/buy/cgsh_order_add.html HTTP/1.1" 200 62104
114.88.166.193 - - [22/Feb/2021:09:13:21 +0800] "POST /xingrg/kc/buy/cgsh_order_operate.html HTTP/1.1" 200 8245
114.88.166.193 - - [22/Feb/2021:09:13:21 +0800] "GET /xingrg/javascript/easyui/themes/default/validatebox.css HTTP/1.1" 404 1104
114.88.166.193 - - [22/Feb/2021:09:13:24 +0800] "GET /xingrg/all/function/internal_message.html?_=1613956399811&CODE_STATE=getMsg HTTP/1.1" 200 27
116.224.253.72 - - [22/Feb/2021:09:13:26 +0800] "GET /xingrg/all/function/internal_message.html?_=1613956407825&CODE_STATE=getMsg HTTP/1.1" 200 27
120.253.135.82 - - [22/Feb/2021:09:13:28 +0800] "GET /xingrg/all/function/internal_message.html?_=1613956521997&CODE_STATE=getMsg HTTP/1.1" 200 27
117.185.32.26 - - [22/Feb/2021:09:13:36 +0800] "GET /xingrg/all/function/internal_message.html?_=1613956409278&CODE_STATE=getMsg HTTP/1.1" 200 27
180.169.147.146 - - [22/Feb/2021:09:13:42 +0800] "GET /xingrg/all/function/internal_message.html?_=1613956421068&CODE_STATE=getMsg HTTP/1.1" 200 27
180.169.147.146 - - [22/Feb/2021:09:13:42 +0800] "GET /xingrg/check_reg.html?_=1613956421073 HTTP/1.1" 200 22
116.228.172.94 - - [22/Feb/2021:09:13:43 +0800] "POST /xingrg/kc/buy/cgsh_order_operate.html HTTP/1.1" 200 37
116.228.172.94 - - [22/Feb/2021:09:13:44 +0800] "POST /xingrg/kc/buy/cgsh_order_operate.html HTTP/1.1" 200 4427
114.88.166.193 - - [22/Feb/2021:09:13:48 +0800] "GET /xingrg/kc/buy/cgsh_order_operate.html?command=get_materiel&rest_code=00111&code=00101008358&supplier_code=00100005&order_time=2021-02-22 HTTP/1.1" 200 412
117.184.7.26 - - [22/Feb/2021:09:13:56 +0800] "GET /xingrg/all/function/internal_message.html?_=1613956435736&CODE_STATE=getMsg HTTP/1.1" 200 27
116.228.172.94 - - [22/Feb/2021:09:13:56 +0800] "GET /xingrg/all/function/internal_message.html?_=1613956434584&CODE_STATE=getMsg HTTP/1.1" 200 27
116.224.253.72 - - [22/Feb/2021:09:13:57 +0800] "GET /xingrg/all/function/internal_message.html?_=1613956411783&CODE_STATE=getMsg HTTP/1.1" 200 27
116.228.172.94 - - [22/Feb/2021:09:13:58 +0800] "GET /xingrg/index.html?sysBaseUrl=http%3A%2F%2F180.169.147.146%3A18081%2Fxingrg%2F&costTime=33×tamp=1585306063269 HTTP/1.1" 302 -
116.228.172.94 - - [22/Feb/2021:09:13:58 +0800] "GET /xingrg/login.html HTTP/1.1" 200 7641
101.228.165.73 - - [22/Feb/2021:09:13:59 +0800] "GET /xingrg/all/function/internal_message.html?_=1613956440677&CODE_STATE=getMsg HTTP/1.1" 200 27
61.165.42.208 - - [22/Feb/2021:09:14:04 +0800] "GET /xingrg/all/function/internal_message.html?_=1613956444538&CODE_STATE=getMsg HTTP/1.1" 200 27
116.228.172.94 - - [22/Feb/2021:09:14:06 +0800] "GET /favicon.ico HTTP/1.1" 404 -
117.184.7.26 - - [22/Feb/2021:09:14:06 +0800] "GET /xingrg/kc/buy/cgsh_order_add.html HTTP/1.1" 200 62063
117.184.7.26 - - [22/Feb/2021:09:14:06 +0800] "POST /xingrg/kc/buy/cgsh_order_operate.html HTTP/1.1" 200 8245
117.184.7.26 - - [22/Feb/2021:09:14:07 +0800] "GET /xingrg/javascript/easyui/themes/default/validatebox.css HTTP/1.1" 404 1104
180.169.147.146 - - [22/Feb/2021:09:14:15 +0800] "GET /xingrg/all/function/internal_message.html?_=1613956456627&CODE_STATE=getMsg HTTP/1.1" 200 27
116.224.253.72 - - [22/Feb/2021:09:14:16 +0800] "GET /xingrg/all/function/internal_message.html?_=1613956454232&CODE_STATE=getMsg HTTP/1.1" 200 27
180.174.195.252 - - [22/Feb/2021:09:14:18 +0800] "GET /xingrg/all/function/internal_message.html?_=1613956710749&CODE_STATE=getMsg HTTP/1.1" 200 27
117.184.7.26 - - [22/Feb/2021:09:14:19 +0800] "GET /xingrg/kc/buy/cgsh_order_operate.html?command=get_materiel&rest_code=00108&code=00101007144&supplier_code=00100322&order_time=2021-02-17 HTTP/1.1" 200 428
114.88.166.193 - - [22/Feb/2021:09:14:22 +0800] "GET /xingrg/kc/buy/cgsh_order_operate.html?command=get_materiel&rest_code=00111&code=00101008126&supplier_code=00100005&order_time=2021-02-22 HTTP/1.1" 200 412
114.88.166.193 - - [22/Feb/2021:09:14:24 +0800] "GET /xingrg/all/function/internal_message.html?_=1613956459828&CODE_STATE=getMsg HTTP/1.1" 200 27
117.184.7.26 - - [22/Feb/2021:09:14:26 +0800] "POST /xingrg/kc/buy/cgsh_order_operate.html HTTP/1.1" 200 37
116.224.253.72 - - [22/Feb/2021:09:14:26 +0800] "GET /xingrg/check_reg.html?_=1613956467830 HTTP/1.1" 200 22
116.224.253.72 - - [22/Feb/2021:09:14:26 +0800] "GET /xingrg/all/function/internal_message.html?_=1613956467833&CODE_STATE=getMsg HTTP/1.1" 200 27
117.184.7.26 - - [22/Feb/2021:09:14:27 +0800] "POST /xingrg/kc/buy/cgsh_order_operate.html HTTP/1.1" 200 2679
120.253.135.82 - - [22/Feb/2021:09:14:28 +0800] "GET /xingrg/all/function/internal_message.html?_=1613956582031&CODE_STATE=getMsg HTTP/1.1" 200 27
117.184.7.26 - - [22/Feb/2021:09:14:29 +0800] "GET /xingrg/kc/print/load_data.html?order_code=212021022208097&kc_code=cgsh&condition= HTTP/1.1" 200 673
117.185.32.26 - - [22/Feb/2021:09:14:36 +0800] "GET /xingrg/check_reg.html?_=1613956469277 HTTP/1.1" 200 22
117.184.7.26 - - [22/Feb/2021:09:14:36 +0800] "GET /xingrg/kc/buy/cgsh_order_add.html HTTP/1.1" 200 62063
117.185.32.26 - - [22/Feb/2021:09:14:37 +0800] "GET /xingrg/all/function/internal_message.html?_=1613956469279&CODE_STATE=getMsg HTTP/1.1" 200 27
117.184.7.26 - - [22/Feb/2021:09:14:37 +0800] "POST /xingrg/kc/buy/cgsh_order_operate.html HTTP/1.1" 200 8245
117.184.7.26 - - [22/Feb/2021:09:14:37 +0800] "GET /xingrg/javascript/easyui/themes/default/validatebox.css HTTP/1.1" 404 1104
180.169.147.146 - - [22/Feb/2021:09:14:42 +0800] "GET /xingrg/all/function/internal_message.html?_=1613956481076&CODE_STATE=getMsg HTTP/1.1" 200 27
