116.224.253.72 - - [22/Feb/2021:09:55:57 +0800] "GET /xingrg/all/function/internal_message.html?_=1613958932353&CODE_STATE=getMsg HTTP/1.1" 200 27
114.86.187.76 - - [22/Feb/2021:09:55:58 +0800] "POST /xingrg/kc/buy/cgsh_order_operate.html HTTP/1.1" 200 37
116.228.172.94 - - [22/Feb/2021:09:55:58 +0800] "GET /xingrg/kc/buy/cgsh_order_operate.html?command=get_materiel&rest_code=00107&code=00101008092&supplier_code=00100006&order_time=2021-02-22 HTTP/1.1" 200 412
114.86.187.76 - - [22/Feb/2021:09:56:00 +0800] "POST /xingrg/kc/buy/cgsh_order_operate.html HTTP/1.1" 200 12
58.37.230.33 - - [22/Feb/2021:09:56:01 +0800] "GET /xingrg/all/function/internal_message.html?_=1613958964840&CODE_STATE=getMsg HTTP/1.1" 200 27
117.184.7.26 - - [22/Feb/2021:09:56:01 +0800] "POST /xingrg/kc/buy/cgsh_order_operate.html HTTP/1.1" 200 37
101.228.165.73 - - [22/Feb/2021:09:56:02 +0800] "GET /xingrg/all/function/internal_message.html?_=1613958963426&CODE_STATE=getMsg HTTP/1.1" 200 27
114.86.187.76 - - [22/Feb/2021:09:56:02 +0800] "GET /xingrg/kc/buy/cgsh_order_info.html?code=212021022208140 HTTP/1.1" 200 57012
117.184.7.26 - - [22/Feb/2021:09:56:03 +0800] "POST /xingrg/kc/buy/cgsh_order_operate.html HTTP/1.1" 200 2663
114.86.187.76 - - [22/Feb/2021:09:56:03 +0800] "GET /xingrg/javascript/easyui/themes/default/validatebox.css HTTP/1.1" 404 1104
58.37.230.33 - - [22/Feb/2021:09:56:03 +0800] "GET /xingrg/kc/buy/cgsh_order_operate.html?command=get_materiel&rest_code=00141&code=00101005037&supplier_code=00100040&order_time=2021-02-22 HTTP/1.1" 200 409
114.86.187.76 - - [22/Feb/2021:09:56:03 +0800] "POST /xingrg/kc/buy/cgsh_order_operate.html HTTP/1.1" 200 1206
117.184.7.26 - - [22/Feb/2021:09:56:04 +0800] "GET /xingrg/kc/print/load_data.html?order_code=212021022208141&kc_code=cgsh&condition= HTTP/1.1" 200 736
114.86.187.76 - - [22/Feb/2021:09:56:04 +0800] "GET /xingrg/kc/print/load_config.html?kc_code=cgsh HTTP/1.1" 200 1845
114.86.187.76 - - [22/Feb/2021:09:56:04 +0800] "GET /xingrg/kc/print/load_data.html?order_code=212021022208140&kc_code=cgsh&condition= HTTP/1.1" 200 937
61.165.42.208 - - [22/Feb/2021:09:56:04 +0800] "GET /xingrg/all/function/internal_message.html?_=1613958964587&CODE_STATE=getMsg HTTP/1.1" 200 27
61.165.42.208 - - [22/Feb/2021:09:56:04 +0800] "GET /xingrg/check_reg.html?_=1613958964591 HTTP/1.1" 200 22
61.165.42.208 - - [22/Feb/2021:09:56:04 +0800] "POST /xingrg/services/DataTransmitService HTTP/1.1" 200 524
61.165.42.208 - - [22/Feb/2021:09:56:05 +0800] "POST /xingrg/services/DataTransmitService HTTP/1.1" 200 2231
61.165.42.208 - - [22/Feb/2021:09:56:05 +0800] "POST /xingrg/services/DataTransmitService HTTP/1.1" 200 145248
117.184.7.26 - - [22/Feb/2021:09:56:09 +0800] "GET /xingrg/kc/buy/cgsh_order_add.html HTTP/1.1" 200 62063
116.228.172.94 - - [22/Feb/2021:09:56:09 +0800] "GET /xingrg/kc/buy/cgsh_order_operate.html?command=get_materiel&rest_code=00107&code=00101008041&supplier_code=00100006&order_time=2021-02-22 HTTP/1.1" 200 408
117.184.7.26 - - [22/Feb/2021:09:56:09 +0800] "POST /xingrg/kc/buy/cgsh_order_operate.html HTTP/1.1" 200 8245
117.184.7.26 - - [22/Feb/2021:09:56:09 +0800] "GET /xingrg/javascript/easyui/themes/default/validatebox.css HTTP/1.1" 404 1104
116.227.208.86 - - [22/Feb/2021:09:56:10 +0800] "GET /xingrg/all/function/internal_message.html?_=1613958968277&CODE_STATE=getMsg HTTP/1.1" 200 27
116.227.208.86 - - [22/Feb/2021:09:56:10 +0800] "GET /xingrg/check_reg.html?_=1613958968280 HTTP/1.1" 200 22
180.169.147.146 - - [22/Feb/2021:09:56:11 +0800] "GET /xingrg/all/function/internal_message.html?_=1613958972890&CODE_STATE=getMsg HTTP/1.1" 200 27
114.86.187.76 - - [22/Feb/2021:09:56:12 +0800] "GET /xingrg/kc/buy/cgsh_order_add.html HTTP/1.1" 200 62110
114.86.187.76 - - [22/Feb/2021:09:56:13 +0800] "POST /xingrg/kc/buy/cgsh_order_operate.html HTTP/1.1" 200 8245
114.86.187.76 - - [22/Feb/2021:09:56:13 +0800] "GET /xingrg/javascript/easyui/themes/default/validatebox.css HTTP/1.1" 404 1104
58.37.230.33 - - [22/Feb/2021:09:56:13 +0800] "POST /xingrg/kc/buy/cgsh_order_operate.html HTTP/1.1" 200 37
114.86.187.76 - - [22/Feb/2021:09:56:15 +0800] "GET /xingrg/javascript/jquery_tools/images/prev.gif HTTP/1.1" 404 1086
114.86.187.76 - - [22/Feb/2021:09:56:15 +0800] "GET /xingrg/javascript/jquery_tools/images/next.gif HTTP/1.1" 404 1086
58.37.230.33 - - [22/Feb/2021:09:56:16 +0800] "POST /xingrg/kc/buy/cgsh_order_operate.html HTTP/1.1" 200 12
116.224.253.72 - - [22/Feb/2021:09:56:16 +0800] "GET /xingrg/check_reg.html?_=1613958974224 HTTP/1.1" 200 22
116.224.253.72 - - [22/Feb/2021:09:56:16 +0800] "GET /xingrg/all/function/internal_message.html?_=1613958974223&CODE_STATE=getMsg HTTP/1.1" 200 27
58.37.230.33 - - [22/Feb/2021:09:56:16 +0800] "GET /xingrg/kc/buy/cgsh_order_info.html?code=212021022208142 HTTP/1.1" 200 57012
58.37.230.33 - - [22/Feb/2021:09:56:16 +0800] "GET /xingrg/javascript/easyui/themes/default/validatebox.css HTTP/1.1" 404 1104
58.37.230.33 - - [22/Feb/2021:09:56:17 +0800] "POST /xingrg/kc/buy/cgsh_order_operate.html HTTP/1.1" 200 1778
58.37.230.33 - - [22/Feb/2021:09:56:18 +0800] "GET /xingrg/kc/print/load_data.html?order_code=212021022208142&kc_code=cgsh&condition= HTTP/1.1" 200 1225
117.184.7.26 - - [22/Feb/2021:09:56:18 +0800] "GET /xingrg/kc/buy/cgsh_order_operate.html?command=get_materiel&rest_code=00108&code=00101008486&supplier_code=00100327&order_time=2021-02-19 HTTP/1.1" 200 400
180.174.195.252 - - [22/Feb/2021:09:56:19 +0800] "GET /xingrg/kc/buy/cgsh_order_list.html HTTP/1.1" 200 46366
116.228.172.94 - - [22/Feb/2021:09:56:20 +0800] "GET /xingrg/kc/buy/cgsh_order_operate.html?command=get_materiel&rest_code=00107&code=00101009011&supplier_code=00100006&order_time=2021-02-22 HTTP/1.1" 200 416
180.174.195.252 - - [22/Feb/2021:09:56:20 +0800] "POST /xingrg/kc/buy/cgsh_list_operate.html HTTP/1.1" 200 876
114.86.187.76 - - [22/Feb/2021:09:56:20 +0800] "GET /xingrg/all/function/internal_message.html?_=1613958980358&CODE_STATE=getMsg HTTP/1.1" 200 27
180.174.195.252 - - [22/Feb/2021:09:56:21 +0800] "GET /xingrg/kc/buy/cgsh_order_add.html HTTP/1.1" 200 62063
114.86.187.76 - - [22/Feb/2021:09:56:22 +0800] "GET /xingrg/kc/buy/cgsh_order_operate.html?command=get_materiel&rest_code=00148&code=00101007168&supplier_code=00100326&order_time=2021-02-22 HTTP/1.1" 200 396
180.174.195.252 - - [22/Feb/2021:09:56:22 +0800] "POST /xingrg/kc/buy/cgsh_order_operate.html HTTP/1.1" 200 8245
180.174.195.252 - - [22/Feb/2021:09:56:23 +0800] "GET /xingrg/javascript/easyui/themes/default/validatebox.css HTTP/1.1" 404 1104
180.174.195.252 - - [22/Feb/2021:09:56:23 +0800] "GET /xingrg/check_reg.html?_=1613959235529 HTTP/1.1" 200 22
117.184.7.26 - - [22/Feb/2021:09:56:23 +0800] "POST /xingrg/kc/buy/cgsh_order_operate.html HTTP/1.1" 200 37
116.228.172.94 - - [22/Feb/2021:09:56:24 +0800] "POST /xingrg/kc/buy/cgsh_order_operate.html HTTP/1.1" 200 2065
117.184.7.26 - - [22/Feb/2021:09:56:24 +0800] "POST /xingrg/kc/buy/cgsh_order_operate.html HTTP/1.1" 200 2658
114.88.166.193 - - [22/Feb/2021:09:56:25 +0800] "GET /xingrg/check_reg.html?_=1613958980609 HTTP/1.1" 200 22
114.88.166.193 - - [22/Feb/2021:09:56:26 +0800] "GET /xingrg/all/function/internal_message.html?_=1613958982048&CODE_STATE=getMsg HTTP/1.1" 200 27
120.253.135.82 - - [22/Feb/2021:09:56:28 +0800] "GET /xingrg/check_reg.html?_=1613959101568 HTTP/1.1" 200 22
114.86.187.76 - - [22/Feb/2021:09:56:28 +0800] "POST /xingrg/kc/buy/cgsh_order_operate.html HTTP/1.1" 200 37
117.184.7.26 - - [22/Feb/2021:09:56:28 +0800] "GET /xingrg/kc/print/load_data.html?order_code=212021022208143&kc_code=cgsh&condition= HTTP/1.1" 200 659
120.253.135.82 - - [22/Feb/2021:09:56:29 +0800] "GET /xingrg/all/function/internal_message.html?_=1613959102723&CODE_STATE=getMsg HTTP/1.1" 200 27
116.224.253.72 - - [22/Feb/2021:09:56:31 +0800] "GET /xingrg/all/function/internal_message.html?_=1613958992085&CODE_STATE=getMsg HTTP/1.1" 200 27
117.184.7.26 - - [22/Feb/2021:09:56:34 +0800] "GET /xingrg/kc/buy/cgsh_order_add.html HTTP/1.1" 200 62063
117.184.7.26 - - [22/Feb/2021:09:56:34 +0800] "POST /xingrg/kc/buy/cgsh_order_operate.html HTTP/1.1" 200 8245
117.184.7.26 - - [22/Feb/2021:09:56:34 +0800] "GET /xingrg/javascript/easyui/themes/default/validatebox.css HTTP/1.1" 404 1104
180.174.195.252 - - [22/Feb/2021:09:56:35 +0800] "GET /xingrg/all/function/internal_message.html?_=1613959247512&CODE_STATE=getMsg HTTP/1.1" 200 27
114.86.187.76 - - [22/Feb/2021:09:56:35 +0800] "POST /xingrg/kc/buy/cgsh_order_operate.html HTTP/1.1" 200 12
117.185.32.26 - - [22/Feb/2021:09:56:37 +0800] "GET /xingrg/all/function/internal_message.html?_=1613958989333&CODE_STATE=getMsg HTTP/1.1" 200 27
116.228.172.94 - - [22/Feb/2021:09:56:39 +0800] "GET /xingrg/kc/buy/cgsh_order_operate.html?command=get_materiel&rest_code=00107&code=00101009013&supplier_code=00100006&order_time=2021-02-22 HTTP/1.1" 200 420
114.86.187.76 - - [22/Feb/2021:09:56:39 +0800] "GET /xingrg/kc/buy/cgsh_order_info.html?code=212021022208144 HTTP/1.1" 200 57016
114.86.187.76 - - [22/Feb/2021:09:56:39 +0800] "GET /xingrg/javascript/easyui/themes/default/validatebox.css HTTP/1.1" 404 1104
114.86.187.76 - - [22/Feb/2021:09:56:40 +0800] "POST /xingrg/kc/buy/cgsh_order_operate.html HTTP/1.1" 200 604
114.86.187.76 - - [22/Feb/2021:09:56:41 +0800] "GET /xingrg/kc/print/load_data.html?order_code=212021022208144&kc_code=cgsh&condition= HTTP/1.1" 200 714
180.169.147.146 - - [22/Feb/2021:09:56:42 +0800] "GET /xingrg/all/function/internal_message.html?_=1613959001083&CODE_STATE=getMsg HTTP/1.1" 200 27
114.86.187.76 - - [22/Feb/2021:09:56:45 +0800] "GET /xingrg/kc/buy/cgsh_order_add.html HTTP/1.1" 200 62110
114.86.187.76 - - [22/Feb/2021:09:56:46 +0800] "POST /xingrg/kc/buy/cgsh_order_operate.html HTTP/1.1" 200 8245
114.86.187.76 - - [22/Feb/2021:09:56:46 +0800] "GET /xingrg/javascript/easyui/themes/default/validatebox.css HTTP/1.1" 404 1104
114.86.231.125 - - [22/Feb/2021:09:56:48 +0800] "GET /xingrg/check_reg.html?_=1613959131389 HTTP/1.1" 200 22
114.86.231.125 - - [22/Feb/2021:09:56:48 +0800] "GET /xingrg/all/function/internal_message.html?_=1613959131391&CODE_STATE=getMsg HTTP/1.1" 200 27
116.228.172.94 - - [22/Feb/2021:09:56:52 +0800] "GET /xingrg/kc/buy/cgsh_order_operate.html?command=get_materiel&rest_code=00107&code=00101009016&supplier_code=00100006&order_time=2021-02-22 HTTP/1.1" 200 412
114.86.187.76 - - [22/Feb/2021:09:56:53 +0800] "GET /xingrg/kc/buy/cgsh_order_operate.html?command=get_materiel&rest_code=00148&code=00101001093&supplier_code=00100090&order_time=2021-02-22 HTTP/1.1" 200 432
117.184.7.26 - - [22/Feb/2021:09:56:56 +0800] "GET /xingrg/all/function/internal_message.html?_=1613959015727&CODE_STATE=getMsg HTTP/1.1" 200 27
116.228.172.94 - - [22/Feb/2021:09:56:56 +0800] "GET /xingrg/all/function/internal_message.html?_=1613959014527&CODE_STATE=getMsg HTTP/1.1" 200 27
116.228.172.94 - - [22/Feb/2021:09:56:56 +0800] "GET /xingrg/check_reg.html?_=1613959014859 HTTP/1.1" 200 22
117.184.7.26 - - [22/Feb/2021:09:56:57 +0800] "GET /xingrg/kc/buy/cgsh_order_operate.html?command=get_materiel&rest_code=00108&code=00101020225&supplier_code=00100347&order_time=2021-02-19 HTTP/1.1" 200 424
116.224.253.72 - - [22/Feb/2021:09:56:57 +0800] "GET /xingrg/all/function/internal_message.html?_=1613958992371&CODE_STATE=getMsg HTTP/1.1" 200 27
58.37.230.33 - - [22/Feb/2021:09:57:01 +0800] "GET /xingrg/all/function/internal_message.html?_=1613959024861&CODE_STATE=getMsg HTTP/1.1" 200 27
101.228.165.73 - - [22/Feb/2021:09:57:02 +0800] "GET /xingrg/all/function/internal_message.html?_=1613959023438&CODE_STATE=getMsg HTTP/1.1" 200 27
114.86.187.76 - - [22/Feb/2021:09:57:04 +0800] "GET /xingrg/kc/buy/cgsh_order_operate.html?command=get_materiel&rest_code=00148&code=00101001125&supplier_code=00100090&order_time=2021-02-22 HTTP/1.1" 200 413
61.165.42.208 - - [22/Feb/2021:09:57:04 +0800] "GET /xingrg/all/function/internal_message.html?_=1613959024598&CODE_STATE=getMsg HTTP/1.1" 200 27
116.228.172.94 - - [22/Feb/2021:09:57:06 +0800] "GET /xingrg/kc/buy/cgsh_order_operate.html?command=get_materiel&rest_code=00107&code=00101015062&supplier_code=00100006&order_time=2021-02-22 HTTP/1.1" 200 412
117.184.7.26 - - [22/Feb/2021:09:57:10 +0800] "POST /xingrg/kc/buy/cgsh_order_operate.html HTTP/1.1" 200 37
116.227.208.86 - - [22/Feb/2021:09:57:10 +0800] "GET /xingrg/all/function/internal_message.html?_=1613959028274&CODE_STATE=getMsg HTTP/1.1" 200 27
117.184.7.26 - - [22/Feb/2021:09:57:11 +0800] "POST /xingrg/kc/buy/cgsh_order_operate.html HTTP/1.1" 200 2662
180.169.147.146 - - [22/Feb/2021:09:57:11 +0800] "GET /xingrg/check_reg.html?_=1613959032889 HTTP/1.1" 200 22
180.169.147.146 - - [22/Feb/2021:09:57:11 +0800] "GET /xingrg/all/function/internal_message.html?_=1613959032894&CODE_STATE=getMsg HTTP/1.1" 200 27
114.86.187.76 - - [22/Feb/2021:09:57:11 +0800] "GET /xingrg/kc/buy/cgsh_order_operate.html?command=get_materiel&rest_code=00148&code=00101001025&supplier_code=00100090&order_time=2021-02-22 HTTP/1.1" 200 439
117.184.7.26 - - [22/Feb/2021:09:57:13 +0800] "GET /xingrg/kc/print/load_data.html?order_code=212021022208145&kc_code=cgsh&condition= HTTP/1.1" 200 657
120.253.135.82 - - [22/Feb/2021:09:57:15 +0800] "GET /xingrg/check_reg.html?_=1613958802643 HTTP/1.1" 200 22
116.224.253.72 - - [22/Feb/2021:09:57:16 +0800] "GET /xingrg/all/function/internal_message.html?_=1613959034225&CODE_STATE=getMsg HTTP/1.1" 200 27
116.228.172.94 - - [22/Feb/2021:09:57:17 +0800] "GET /xingrg/kc/buy/cgsh_order_operate.html?command=get_materiel&rest_code=00107&code=00101015033&supplier_code=00100006&order_time=2021-02-22 HTTP/1.1" 200 408
114.86.187.76 - - [22/Feb/2021:09:57:20 +0800] "GET /xingrg/all/function/internal_message.html?_=1613959040339&CODE_STATE=getMsg HTTP/1.1" 200 27
114.86.187.76 - - [22/Feb/2021:09:57:20 +0800] "POST /xingrg/kc/buy/cgsh_order_operate.html HTTP/1.1" 200 37
172.20.0.100 - - [22/Feb/2021:09:57:22 +0800] "GET /xingrg/check_reg.html?_=1613959040246 HTTP/1.1" 302 -
114.88.166.193 - - [22/Feb/2021:09:57:26 +0800] "GET /xingrg/all/function/internal_message.html?_=1613959042062&CODE_STATE=getMsg HTTP/1.1" 200 27
116.228.172.94 - - [22/Feb/2021:09:57:27 +0800] "POST /xingrg/kc/buy/cgsh_order_operate.html HTTP/1.1" 200 37
120.253.135.82 - - [22/Feb/2021:09:57:29 +0800] "GET /xingrg/all/function/internal_message.html?_=1613959162737&CODE_STATE=getMsg HTTP/1.1" 200 27
114.86.187.76 - - [22/Feb/2021:09:57:29 +0800] "POST /xingrg/kc/buy/cgsh_order_operate.html HTTP/1.1" 200 12
114.86.187.76 - - [22/Feb/2021:09:57:30 +0800] "GET /xingrg/kc/buy/cgsh_order_info.html?code=212021022208146 HTTP/1.1" 200 57016
116.224.253.72 - - [22/Feb/2021:09:57:31 +0800] "GET /xingrg/all/function/internal_message.html?_=1613959052087&CODE_STATE=getMsg HTTP/1.1" 200 27
114.86.187.76 - - [22/Feb/2021:09:57:31 +0800] "GET /xingrg/javascript/easyui/themes/default/validatebox.css HTTP/1.1" 404 1104
114.86.187.76 - - [22/Feb/2021:09:57:31 +0800] "POST /xingrg/kc/buy/cgsh_order_operate.html HTTP/1.1" 200 1804
114.86.187.76 - - [22/Feb/2021:09:57:32 +0800] "GET /xingrg/kc/print/load_data.html?order_code=212021022208146&kc_code=cgsh&condition= HTTP/1.1" 200 1243
180.174.195.252 - - [22/Feb/2021:09:57:35 +0800] "GET /xingrg/all/function/internal_message.html?_=1613959307527&CODE_STATE=getMsg HTTP/1.1" 200 27
114.86.187.76 - - [22/Feb/2021:09:57:36 +0800] "GET /xingrg/kc/buy/cgsh_order_add.html HTTP/1.1" 200 62110
117.185.32.26 - - [22/Feb/2021:09:57:37 +0800] "GET /xingrg/all/function/internal_message.html?_=1613959049335&CODE_STATE=getMsg HTTP/1.1" 200 27
114.86.187.76 - - [22/Feb/2021:09:57:37 +0800] "POST /xingrg/kc/buy/cgsh_order_operate.html HTTP/1.1" 200 8245
114.86.187.76 - - [22/Feb/2021:09:57:37 +0800] "GET /xingrg/javascript/easyui/themes/default/validatebox.css HTTP/1.1" 404 1104
180.169.147.146 - - [22/Feb/2021:09:57:42 +0800] "GET /xingrg/all/function/internal_message.html?_=1613959061063&CODE_STATE=getMsg HTTP/1.1" 200 27
114.86.187.76 - - [22/Feb/2021:09:57:44 +0800] "GET /xingrg/kc/buy/cgsh_order_operate.html?command=get_materiel&rest_code=00148&code=00101010079&supplier_code=00100336&order_time=2021-02-22 HTTP/1.1" 200 413
117.184.7.26 - - [22/Feb/2021:09:57:44 +0800] "POST /xingrg/kc/buy/cgsh_list_operate.html HTTP/1.1" 200 5084
114.86.231.125 - - [22/Feb/2021:09:57:48 +0800] "GET /xingrg/all/function/internal_message.html?_=1613959191386&CODE_STATE=getMsg HTTP/1.1" 200 27
114.86.187.76 - - [22/Feb/2021:09:57:49 +0800] "POST /xingrg/kc/buy/cgsh_order_operate.html HTTP/1.1" 200 37
114.86.187.76 - - [22/Feb/2021:09:57:55 +0800] "POST /xingrg/kc/buy/cgsh_order_operate.html HTTP/1.1" 200 12
114.86.187.76 - - [22/Feb/2021:09:57:55 +0800] "GET /xingrg/kc/buy/cgsh_order_info.html?code=212021022208147 HTTP/1.1" 200 57012
117.184.7.26 - - [22/Feb/2021:09:57:56 +0800] "GET /xingrg/all/function/internal_message.html?_=1613959075725&CODE_STATE=getMsg HTTP/1.1" 200 27
114.86.187.76 - - [22/Feb/2021:09:57:56 +0800] "GET /xingrg/javascript/easyui/themes/default/validatebox.css HTTP/1.1" 404 1104
114.86.187.76 - - [22/Feb/2021:09:57:57 +0800] "POST /xingrg/kc/buy/cgsh_order_operate.html HTTP/1.1" 200 607
116.224.253.72 - - [22/Feb/2021:09:57:57 +0800] "GET /xingrg/all/function/internal_message.html?_=1613959052381&CODE_STATE=getMsg HTTP/1.1" 200 27
114.86.187.76 - - [22/Feb/2021:09:57:58 +0800] "GET /xingrg/kc/print/load_data.html?order_code=212021022208147&kc_code=cgsh&condition= HTTP/1.1" 200 708
58.37.230.33 - - [22/Feb/2021:09:58:01 +0800] "GET /xingrg/all/function/internal_message.html?_=1613959084857&CODE_STATE=getMsg HTTP/1.1" 200 27
114.86.187.76 - - [22/Feb/2021:09:58:02 +0800] "GET /xingrg/kc/buy/cgsh_order_add.html HTTP/1.1" 200 62110
101.228.165.73 - - [22/Feb/2021:09:58:02 +0800] "GET /xingrg/all/function/internal_message.html?_=1613959083589&CODE_STATE=getMsg HTTP/1.1" 200 27
114.86.187.76 - - [22/Feb/2021:09:58:02 +0800] "POST /xingrg/kc/buy/cgsh_order_operate.html HTTP/1.1" 200 8245
114.86.187.76 - - [22/Feb/2021:09:58:02 +0800] "GET /xingrg/javascript/easyui/themes/default/validatebox.css HTTP/1.1" 404 1104
61.165.42.208 - - [22/Feb/2021:09:58:04 +0800] "GET /xingrg/all/function/internal_message.html?_=1613959084623&CODE_STATE=getMsg HTTP/1.1" 200 27
114.86.187.76 - - [22/Feb/2021:09:58:09 +0800] "GET /xingrg/kc/buy/cgsh_order_operate.html?command=get_materiel&rest_code=00148&code=00101004046&supplier_code=00100312&order_time=2021-02-22 HTTP/1.1" 200 438
116.227.208.86 - - [22/Feb/2021:09:58:10 +0800] "GET /xingrg/all/function/internal_message.html?_=1613959088276&CODE_STATE=getMsg HTTP/1.1" 200 27
180.169.147.146 - - [22/Feb/2021:09:58:11 +0800] "GET /xingrg/all/function/internal_message.html?_=1613959092880&CODE_STATE=getMsg HTTP/1.1" 200 27
116.224.253.72 - - [22/Feb/2021:09:58:16 +0800] "GET /xingrg/all/function/internal_message.html?_=1613959094227&CODE_STATE=getMsg HTTP/1.1" 200 27
114.86.187.76 - - [22/Feb/2021:09:58:18 +0800] "GET /xingrg/kc/buy/cgsh_order_operate.html?command=get_materiel&rest_code=00148&code=00101004010&supplier_code=00100312&order_time=2021-02-22 HTTP/1.1" 200 429
101.228.165.73 - - [22/Feb/2021:09:58:19 +0800] "GET /xingrg/check_reg.html?_=1613959101047 HTTP/1.1" 200 22
114.86.187.76 - - [22/Feb/2021:09:58:20 +0800] "GET /xingrg/all/function/internal_message.html?_=1613959100316&CODE_STATE=getMsg HTTP/1.1" 200 27
114.86.187.76 - - [22/Feb/2021:09:58:25 +0800] "GET /xingrg/kc/buy/cgsh_order_operate.html?command=get_materiel&rest_code=00148&code=00101004067&supplier_code=00100312&order_time=2021-02-22 HTTP/1.1" 200 413
114.88.166.193 - - [22/Feb/2021:09:58:26 +0800] "GET /xingrg/all/function/internal_message.html?_=1613959102074&CODE_STATE=getMsg HTTP/1.1" 200 27
120.253.135.82 - - [22/Feb/2021:09:58:29 +0800] "GET /xingrg/all/function/internal_message.html?_=1613959222750&CODE_STATE=getMsg HTTP/1.1" 200 27
116.224.253.72 - - [22/Feb/2021:09:58:31 +0800] "GET /xingrg/check_reg.html?_=1613959112095 HTTP/1.1" 200 22
116.224.253.72 - - [22/Feb/2021:09:58:31 +0800] "GET /xingrg/all/function/internal_message.html?_=1613959112111&CODE_STATE=getMsg HTTP/1.1" 200 27
180.174.195.252 - - [22/Feb/2021:09:58:36 +0800] "GET /xingrg/all/function/internal_message.html?_=1613959367830&CODE_STATE=getMsg HTTP/1.1" 200 27
117.185.32.26 - - [22/Feb/2021:09:58:37 +0800] "GET /xingrg/all/function/internal_message.html?_=1613959109334&CODE_STATE=getMsg HTTP/1.1" 200 27
114.86.187.76 - - [22/Feb/2021:09:58:39 +0800] "GET /xingrg/kc/buy/cgsh_order_operate.html?command=get_materiel&rest_code=00148&code=00101004061&supplier_code=00100312&order_time=2021-02-22 HTTP/1.1" 200 409
180.174.195.252 - - [22/Feb/2021:09:58:41 +0800] "POST /xingrg/services/DataTransmitService HTTP/1.1" 200 524
120.253.135.82 - - [22/Feb/2021:09:58:41 +0800] "GET /xingrg/kc/pszx/mdqp_order_list.html?state=10 HTTP/1.1" 200 10611
120.253.135.82 - - [22/Feb/2021:09:58:41 +0800] "POST /xingrg/kc/pszx/mdps_list_operate.html HTTP/1.1" 200 2425
120.253.135.82 - - [22/Feb/2021:09:58:41 +0800] "GET /xingrg/dwr/interface/AjaxReportQueryService.js HTTP/1.1" 200 13203
120.253.135.82 - - [22/Feb/2021:09:58:41 +0800] "GET /xingrg/dwr/interface/AjaxQqpsService.js HTTP/1.1" 200 16326
120.253.135.82 - - [22/Feb/2021:09:58:41 +0800] "GET /xingrg/dwr/engine.js HTTP/1.1" 200 43631
180.169.147.146 - - [22/Feb/2021:09:58:42 +0800] "GET /xingrg/all/function/internal_message.html?_=1613959121083&CODE_STATE=getMsg HTTP/1.1" 200 27
180.169.147.146 - - [22/Feb/2021:09:58:42 +0800] "GET /xingrg/check_reg.html?_=1613959121085 HTTP/1.1" 200 22
114.86.187.76 - - [22/Feb/2021:09:58:46 +0800] "GET /xingrg/kc/buy/cgsh_order_operate.html?command=get_materiel&rest_code=00148&code=00101004030&supplier_code=00100312&order_time=2021-02-22 HTTP/1.1" 200 429
120.253.135.82 - - [22/Feb/2021:09:58:48 +0800] "GET /xingrg/kc/pszx/mdqp_order_list.html?state=10 HTTP/1.1" 200 10611
120.253.135.82 - - [22/Feb/2021:09:58:48 +0800] "GET /xingrg/dwr/interface/AjaxReportQueryService.js HTTP/1.1" 200 13203
120.253.135.82 - - [22/Feb/2021:09:58:48 +0800] "GET /xingrg/dwr/interface/AjaxQqpsService.js HTTP/1.1" 200 16326
120.253.135.82 - - [22/Feb/2021:09:58:48 +0800] "GET /xingrg/dwr/engine.js HTTP/1.1" 200 43631
114.86.231.125 - - [22/Feb/2021:09:58:48 +0800] "GET /xingrg/all/function/internal_message.html?_=1613959251390&CODE_STATE=getMsg HTTP/1.1" 200 27
120.253.135.82 - - [22/Feb/2021:09:58:50 +0800] "GET /xingrg/kc/pszx/mdps_order_list.html?orderType=0 HTTP/1.1" 200 21153
120.253.135.82 - - [22/Feb/2021:09:58:50 +0800] "POST /xingrg/kc/pszx/mdps_list_operate.html HTTP/1.1" 200 5402
114.86.187.76 - - [22/Feb/2021:09:58:55 +0800] "GET /xingrg/kc/buy/cgsh_order_operate.html?command=get_materiel&rest_code=00148&code=00101005015&supplier_code=00100312&order_time=2021-02-22 HTTP/1.1" 200 409
117.184.7.26 - - [22/Feb/2021:09:58:56 +0800] "GET /xingrg/all/function/internal_message.html?_=1613959135725&CODE_STATE=getMsg HTTP/1.1" 200 27
116.224.253.72 - - [22/Feb/2021:09:58:57 +0800] "GET /xingrg/all/function/internal_message.html?_=1613959112409&CODE_STATE=getMsg HTTP/1.1" 200 27
117.184.7.26 - - [22/Feb/2021:09:58:58 +0800] "POST /xingrg/kc/buy/cgsh_list_operate.html HTTP/1.1" 200 4
120.253.135.82 - - [22/Feb/2021:09:58:58 +0800] "GET /xingrg/kc/pszx/mdqp_order_list.html?state=10 HTTP/1.1" 200 10611
120.253.135.82 - - [22/Feb/2021:09:58:58 +0800] "GET /xingrg/dwr/interface/AjaxQqpsService.js HTTP/1.1" 200 16326
120.253.135.82 - - [22/Feb/2021:09:58:58 +0800] "GET /xingrg/dwr/interface/AjaxReportQueryService.js HTTP/1.1" 200 13203
120.253.135.82 - - [22/Feb/2021:09:58:58 +0800] "GET /xingrg/dwr/engine.js HTTP/1.1" 200 43631
114.86.187.76 - - [22/Feb/2021:09:59:00 +0800] "GET /xingrg/kc/buy/cgsh_order_operate.html?command=get_materiel&rest_code=00148&code=00101001016&supplier_code=00100312&order_time=2021-02-22 HTTP/1.1" 200 435
58.37.230.33 - - [22/Feb/2021:09:59:01 +0800] "GET /xingrg/all/function/internal_message.html?_=1613959144841&CODE_STATE=getMsg HTTP/1.1" 200 27
117.184.7.26 - - [22/Feb/2021:09:59:01 +0800] "POST /xingrg/kc/buy/cgsh_list_operate.html HTTP/1.1" 200 2019
101.228.165.73 - - [22/Feb/2021:09:59:02 +0800] "GET /xingrg/all/function/internal_message.html?_=1613959143592&CODE_STATE=getMsg HTTP/1.1" 200 27
61.165.42.208 - - [22/Feb/2021:09:59:04 +0800] "GET /xingrg/all/function/internal_message.html?_=1613959144620&CODE_STATE=getMsg HTTP/1.1" 200 27
117.184.7.26 - - [22/Feb/2021:09:59:09 +0800] "POST /xingrg/kc/buy/cgsh_list_operate.html HTTP/1.1" 200 4
116.227.208.86 - - [22/Feb/2021:09:59:10 +0800] "GET /xingrg/all/function/internal_message.html?_=1613959148268&CODE_STATE=getMsg HTTP/1.1" 200 27
180.169.147.146 - - [22/Feb/2021:09:59:11 +0800] "GET /xingrg/all/function/internal_message.html?_=1613959152880&CODE_STATE=getMsg HTTP/1.1" 200 27
117.184.7.26 - - [22/Feb/2021:09:59:14 +0800] "POST /xingrg/kc/buy/cgsh_list_operate.html HTTP/1.1" 200 876
116.224.253.72 - - [22/Feb/2021:09:59:16 +0800] "GET /xingrg/all/function/internal_message.html?_=1613959154227&CODE_STATE=getMsg HTTP/1.1" 200 27
117.184.7.26 - - [22/Feb/2021:09:59:17 +0800] "GET /xingrg/kc/buy/cgsh_order_add.html HTTP/1.1" 200 62063
117.184.7.26 - - [22/Feb/2021:09:59:17 +0800] "POST /xingrg/kc/buy/cgsh_order_operate.html HTTP/1.1" 200 8245
117.184.7.26 - - [22/Feb/2021:09:59:17 +0800] "GET /xingrg/javascript/easyui/themes/default/validatebox.css HTTP/1.1" 404 1104
114.86.187.76 - - [22/Feb/2021:09:59:20 +0800] "GET /xingrg/all/function/internal_message.html?_=1613959160321&CODE_STATE=getMsg HTTP/1.1" 200 27
120.253.135.82 - - [22/Feb/2021:09:59:23 +0800] "GET /xingrg/kc/pszx/mdqp_order_list.html?state=10 HTTP/1.1" 200 10611
120.253.135.82 - - [22/Feb/2021:09:59:24 +0800] "GET /xingrg/dwr/interface/AjaxReportQueryService.js HTTP/1.1" 200 13203
120.253.135.82 - - [22/Feb/2021:09:59:24 +0800] "GET /xingrg/dwr/interface/AjaxQqpsService.js HTTP/1.1" 200 16326
120.253.135.82 - - [22/Feb/2021:09:59:24 +0800] "GET /xingrg/dwr/engine.js HTTP/1.1" 200 43631
114.86.187.76 - - [22/Feb/2021:09:59:24 +0800] "POST /xingrg/kc/buy/cgsh_order_operate.html HTTP/1.1" 200 37
114.88.166.193 - - [22/Feb/2021:09:59:26 +0800] "GET /xingrg/all/function/internal_message.html?_=1613959162321&CODE_STATE=getMsg HTTP/1.1" 200 27
114.86.187.76 - - [22/Feb/2021:09:59:29 +0800] "POST /xingrg/kc/buy/cgsh_order_operate.html HTTP/1.1" 200 12
120.253.135.82 - - [22/Feb/2021:09:59:29 +0800] "GET /xingrg/all/function/internal_message.html?_=1613959282785&CODE_STATE=getMsg HTTP/1.1" 200 27
114.86.187.76 - - [22/Feb/2021:09:59:30 +0800] "GET /xingrg/kc/buy/cgsh_order_info.html?code=212021022208148 HTTP/1.1" 200 57016
114.86.187.76 - - [22/Feb/2021:09:59:30 +0800] "GET /xingrg/javascript/easyui/themes/default/validatebox.css HTTP/1.1" 404 1104
116.224.253.72 - - [22/Feb/2021:09:59:31 +0800] "GET /xingrg/all/function/internal_message.html?_=1613959172097&CODE_STATE=getMsg HTTP/1.1" 200 27
114.86.187.76 - - [22/Feb/2021:09:59:31 +0800] "POST /xingrg/kc/buy/cgsh_order_operate.html HTTP/1.1" 200 4170
114.86.187.76 - - [22/Feb/2021:09:59:32 +0800] "GET /xingrg/kc/print/load_data.html?order_code=212021022208148&kc_code=cgsh&condition= HTTP/1.1" 200 2080
180.174.195.252 - - [22/Feb/2021:09:59:35 +0800] "GET /xingrg/all/function/internal_message.html?_=1613959427835&CODE_STATE=getMsg HTTP/1.1" 200 27
117.185.32.26 - - [22/Feb/2021:09:59:37 +0800] "GET /xingrg/check_reg.html?_=1613959169332 HTTP/1.1" 200 22
117.185.32.26 - - [22/Feb/2021:09:59:37 +0800] "GET /xingrg/all/function/internal_message.html?_=1613959169358&CODE_STATE=getMsg HTTP/1.1" 200 27
114.86.187.76 - - [22/Feb/2021:09:59:37 +0800] "GET /xingrg/kc/buy/cgsh_order_add.html HTTP/1.1" 200 62110
117.184.7.26 - - [22/Feb/2021:09:59:37 +0800] "GET /xingrg/kc/buy/cgsh_order_operate.html?command=get_materiel&rest_code=00108&code=00101001025&supplier_code=00100090&order_time=2021-02-20 HTTP/1.1" 200 439
114.86.187.76 - - [22/Feb/2021:09:59:37 +0800] "POST /xingrg/kc/buy/cgsh_order_operate.html HTTP/1.1" 200 8245
114.86.187.76 - - [22/Feb/2021:09:59:38 +0800] "GET /xingrg/javascript/easyui/themes/default/validatebox.css HTTP/1.1" 404 1104
180.169.147.146 - - [22/Feb/2021:09:59:42 +0800] "GET /xingrg/all/function/internal_message.html?_=1613959181070&CODE_STATE=getMsg HTTP/1.1" 200 27
117.184.7.26 - - [22/Feb/2021:09:59:45 +0800] "POST /xingrg/kc/buy/cgsh_order_operate.html HTTP/1.1" 200 37
114.86.187.76 - - [22/Feb/2021:09:59:45 +0800] "GET /xingrg/kc/buy/cgsh_order_operate.html?command=get_materiel&rest_code=00148&code=00101004011&supplier_code=00100086&order_time=2021-02-22 HTTP/1.1" 200 433
117.184.7.26 - - [22/Feb/2021:09:59:47 +0800] "POST /xingrg/kc/buy/cgsh_order_operate.html HTTP/1.1" 200 2666
114.86.231.125 - - [22/Feb/2021:09:59:48 +0800] "GET /xingrg/all/function/internal_message.html?_=1613959311390&CODE_STATE=getMsg HTTP/1.1" 200 27
117.184.7.26 - - [22/Feb/2021:09:59:48 +0800] "GET /xingrg/kc/print/load_data.html?order_code=212021022208149&kc_code=cgsh&condition= HTTP/1.1" 200 737
114.86.187.76 - - [22/Feb/2021:09:59:51 +0800] "POST /xingrg/kc/buy/cgsh_order_operate.html HTTP/1.1" 200 37
117.184.7.26 - - [22/Feb/2021:09:59:55 +0800] "GET /xingrg/kc/buy/cgsh_order_add.html HTTP/1.1" 200 62063
117.184.7.26 - - [22/Feb/2021:09:59:56 +0800] "GET /xingrg/javascript/easyui/themes/default/validatebox.css HTTP/1.1" 404 1104
117.184.7.26 - - [22/Feb/2021:09:59:56 +0800] "GET /xingrg/all/function/internal_message.html?_=1613959195739&CODE_STATE=getMsg HTTP/1.1" 200 27
117.184.7.26 - - [22/Feb/2021:09:59:56 +0800] "GET /xingrg/check_reg.html?_=1613959195740 HTTP/1.1" 200 22
117.184.7.26 - - [22/Feb/2021:09:59:56 +0800] "POST /xingrg/kc/buy/cgsh_order_operate.html HTTP/1.1" 200 8245
116.224.253.72 - - [22/Feb/2021:09:59:57 +0800] "GET /xingrg/check_reg.html?_=1613959171737 HTTP/1.1" 200 22
116.224.253.72 - - [22/Feb/2021:09:59:57 +0800] "GET /xingrg/all/function/internal_message.html?_=1613959172430&CODE_STATE=getMsg HTTP/1.1" 200 27
58.37.230.33 - - [22/Feb/2021:10:00:01 +0800] "GET /xingrg/check_reg.html?_=1613959204856 HTTP/1.1" 200 22
58.37.230.33 - - [22/Feb/2021:10:00:01 +0800] "GET /xingrg/all/function/internal_message.html?_=1613959204858&CODE_STATE=getMsg HTTP/1.1" 200 27
101.228.165.73 - - [22/Feb/2021:10:00:02 +0800] "GET /xingrg/all/function/internal_message.html?_=1613959203606&CODE_STATE=getMsg HTTP/1.1" 200 27
114.86.187.76 - - [22/Feb/2021:10:00:03 +0800] "POST /xingrg/kc/buy/cgsh_order_operate.html HTTP/1.1" 200 12
114.86.187.76 - - [22/Feb/2021:10:00:03 +0800] "GET /xingrg/kc/buy/cgsh_order_info.html?code=212021022208150 HTTP/1.1" 200 57016
114.86.187.76 - - [22/Feb/2021:10:00:04 +0800] "GET /xingrg/javascript/easyui/themes/default/validatebox.css HTTP/1.1" 404 1104
61.165.42.208 - - [22/Feb/2021:10:00:04 +0800] "GET /xingrg/all/function/internal_message.html?_=1613959204614&CODE_STATE=getMsg HTTP/1.1" 200 27
114.86.187.76 - - [22/Feb/2021:10:00:05 +0800] "POST /xingrg/kc/buy/cgsh_order_operate.html HTTP/1.1" 200 610
114.86.187.76 - - [22/Feb/2021:10:00:06 +0800] "GET /xingrg/kc/print/load_data.html?order_code=212021022208150&kc_code=cgsh&condition= HTTP/1.1" 200 777
114.86.187.76 - - [22/Feb/2021:10:00:10 +0800] "GET /xingrg/kc/buy/cgsh_order_add.html HTTP/1.1" 200 62110
116.227.208.86 - - [22/Feb/2021:10:00:10 +0800] "GET /xingrg/all/function/internal_message.html?_=1613959208274&CODE_STATE=getMsg HTTP/1.1" 200 27
114.86.187.76 - - [22/Feb/2021:10:00:10 +0800] "POST /xingrg/kc/buy/cgsh_order_operate.html HTTP/1.1" 200 8245
114.86.187.76 - - [22/Feb/2021:10:00:11 +0800] "GET /xingrg/javascript/easyui/themes/default/validatebox.css HTTP/1.1" 404 1104
180.169.147.146 - - [22/Feb/2021:10:00:11 +0800] "GET /xingrg/all/function/internal_message.html?_=1613959212881&CODE_STATE=getMsg HTTP/1.1" 200 27
116.224.253.72 - - [22/Feb/2021:10:00:16 +0800] "GET /xingrg/all/function/internal_message.html?_=1613959214228&CODE_STATE=getMsg HTTP/1.1" 200 27
117.184.7.26 - - [22/Feb/2021:10:00:16 +0800] "GET /xingrg/kc/buy/cgsh_order_operate.html?command=get_materiel&rest_code=00108&code=00101004067&supplier_code=00100312&order_time=2021-02-20 HTTP/1.1" 200 413
114.86.187.76 - - [22/Feb/2021:10:00:17 +0800] "GET /xingrg/kc/buy/cgsh_order_operate.html?command=get_materiel&rest_code=00148&code=00101001019&supplier_code=00100430&order_time=2021-02-22 HTTP/1.1" 200 414
114.86.187.76 - - [22/Feb/2021:10:00:20 +0800] "GET /xingrg/check_reg.html?_=1613959220334 HTTP/1.1" 200 22
114.86.187.76 - - [22/Feb/2021:10:00:20 +0800] "GET /xingrg/all/function/internal_message.html?_=1613959220339&CODE_STATE=getMsg HTTP/1.1" 200 27
114.88.166.193 - - [22/Feb/2021:10:00:26 +0800] "GET /xingrg/all/function/internal_message.html?_=1613959222336&CODE_STATE=getMsg HTTP/1.1" 200 27
114.86.187.76 - - [22/Feb/2021:10:00:28 +0800] "POST /xingrg/kc/buy/cgsh_order_operate.html HTTP/1.1" 200 37
120.253.135.82 - - [22/Feb/2021:10:00:29 +0800] "GET /xingrg/all/function/internal_message.html?_=1613959342791&CODE_STATE=getMsg HTTP/1.1" 200 27
117.184.7.26 - - [22/Feb/2021:10:00:30 +0800] "GET /xingrg/kc/buy/cgsh_order_operate.html?command=get_materiel&rest_code=00108&code=00101005015&supplier_code=00100312&order_time=2021-02-20 HTTP/1.1" 200 409
116.224.253.72 - - [22/Feb/2021:10:00:31 +0800] "GET /xingrg/all/function/internal_message.html?_=1613959232099&CODE_STATE=getMsg HTTP/1.1" 200 27
114.86.187.76 - - [22/Feb/2021:10:00:34 +0800] "POST /xingrg/kc/buy/cgsh_order_operate.html HTTP/1.1" 200 12
114.86.187.76 - - [22/Feb/2021:10:00:35 +0800] "GET /xingrg/kc/buy/cgsh_order_info.html?code=212021022208151 HTTP/1.1" 200 57004
180.174.195.252 - - [22/Feb/2021:10:00:36 +0800] "GET /xingrg/all/function/internal_message.html?_=1613959488136&CODE_STATE=getMsg HTTP/1.1" 200 27
114.86.187.76 - - [22/Feb/2021:10:00:36 +0800] "GET /xingrg/javascript/easyui/themes/default/validatebox.css HTTP/1.1" 404 1104
117.184.7.26 - - [22/Feb/2021:10:00:36 +0800] "GET /xingrg/kc/buy/cgsh_order_operate.html?command=get_materiel&rest_code=00108&code=00101004047&supplier_code=00100312&order_time=2021-02-20 HTTP/1.1" 200 436
114.86.187.76 - - [22/Feb/2021:10:00:36 +0800] "POST /xingrg/kc/buy/cgsh_order_operate.html HTTP/1.1" 200 612
117.185.32.26 - - [22/Feb/2021:10:00:37 +0800] "GET /xingrg/all/function/internal_message.html?_=1613959229357&CODE_STATE=getMsg HTTP/1.1" 200 27
114.86.187.76 - - [22/Feb/2021:10:00:37 +0800] "GET /xingrg/kc/print/load_data.html?order_code=212021022208151&kc_code=cgsh&condition= HTTP/1.1" 200 693
114.86.187.76 - - [22/Feb/2021:10:00:41 +0800] "GET /xingrg/kc/buy/cgsh_order_add.html HTTP/1.1" 200 62110
180.169.147.146 - - [22/Feb/2021:10:00:42 +0800] "GET /xingrg/all/function/internal_message.html?_=1613959241063&CODE_STATE=getMsg HTTP/1.1" 200 27
114.86.187.76 - - [22/Feb/2021:10:00:42 +0800] "POST /xingrg/kc/buy/cgsh_order_operate.html HTTP/1.1" 200 8245
114.86.187.76 - - [22/Feb/2021:10:00:42 +0800] "GET /xingrg/javascript/easyui/themes/default/validatebox.css HTTP/1.1" 404 1104
117.184.7.26 - - [22/Feb/2021:10:00:47 +0800] "POST /xingrg/kc/buy/cgsh_order_operate.html HTTP/1.1" 200 37
114.86.187.76 - - [22/Feb/2021:10:00:48 +0800] "GET /xingrg/kc/buy/cgsh_order_operate.html?command=get_materiel&rest_code=00148&code=00101002006&supplier_code=00100091&order_time=2021-02-22 HTTP/1.1" 200 435
117.184.7.26 - - [22/Feb/2021:10:00:48 +0800] "POST /xingrg/kc/buy/cgsh_order_operate.html HTTP/1.1" 200 3869
114.86.231.125 - - [22/Feb/2021:10:00:48 +0800] "GET /xingrg/all/function/internal_message.html?_=1613959371376&CODE_STATE=getMsg HTTP/1.1" 200 27
117.184.7.26 - - [22/Feb/2021:10:00:49 +0800] "GET /xingrg/kc/print/load_data.html?order_code=212021022208152&kc_code=cgsh&condition= HTTP/1.1" 200 1143
117.184.7.26 - - [22/Feb/2021:10:00:54 +0800] "GET /xingrg/kc/buy/cgsh_order_add.html HTTP/1.1" 200 62063
117.184.7.26 - - [22/Feb/2021:10:00:54 +0800] "POST /xingrg/kc/buy/cgsh_order_operate.html HTTP/1.1" 200 8245
117.184.7.26 - - [22/Feb/2021:10:00:54 +0800] "GET /xingrg/javascript/easyui/themes/default/validatebox.css HTTP/1.1" 404 1104
114.86.187.76 - - [22/Feb/2021:10:00:55 +0800] "GET /xingrg/kc/buy/cgsh_order_operate.html?command=get_materiel&rest_code=00148&code=00101002034&supplier_code=00100091&order_time=2021-02-22 HTTP/1.1" 200 429
117.184.7.26 - - [22/Feb/2021:10:00:56 +0800] "GET /xingrg/all/function/internal_message.html?_=1613959255735&CODE_STATE=getMsg HTTP/1.1" 200 27
116.224.253.72 - - [22/Feb/2021:10:00:57 +0800] "GET /xingrg/all/function/internal_message.html?_=1613959232437&CODE_STATE=getMsg HTTP/1.1" 200 27
114.86.187.76 - - [22/Feb/2021:10:01:00 +0800] "GET /xingrg/kc/buy/cgsh_order_operate.html?command=get_materiel&rest_code=00148&code=00101003037&supplier_code=00100091&order_time=2021-02-22 HTTP/1.1" 200 434
58.37.230.33 - - [22/Feb/2021:10:01:01 +0800] "GET /xingrg/all/function/internal_message.html?_=1613959264842&CODE_STATE=getMsg HTTP/1.1" 200 27
117.184.7.26 - - [22/Feb/2021:10:01:02 +0800] "GET /xingrg/kc/buy/cgsh_order_operate.html?command=get_materiel&rest_code=00108&code=00101003035&supplier_code=00100092&order_time=2021-02-20 HTTP/1.1" 200 412
101.228.165.73 - - [22/Feb/2021:10:01:02 +0800] "GET /xingrg/all/function/internal_message.html?_=1613959263760&CODE_STATE=getMsg HTTP/1.1" 200 27
61.165.42.208 - - [22/Feb/2021:10:01:04 +0800] "GET /xingrg/all/function/internal_message.html?_=1613959264610&CODE_STATE=getMsg HTTP/1.1" 200 27
61.165.42.208 - - [22/Feb/2021:10:01:04 +0800] "GET /xingrg/check_reg.html?_=1613959264614 HTTP/1.1" 200 22
114.86.187.76 - - [22/Feb/2021:10:01:10 +0800] "POST /xingrg/kc/buy/cgsh_order_operate.html HTTP/1.1" 200 37
116.227.208.86 - - [22/Feb/2021:10:01:10 +0800] "GET /xingrg/all/function/internal_message.html?_=1613959270306&CODE_STATE=getMsg HTTP/1.1" 200 27
116.227.208.86 - - [22/Feb/2021:10:01:10 +0800] "GET /xingrg/check_reg.html?_=1613959270310 HTTP/1.1" 200 22
180.169.147.146 - - [22/Feb/2021:10:01:11 +0800] "GET /xingrg/all/function/internal_message.html?_=1613959272883&CODE_STATE=getMsg HTTP/1.1" 200 27
114.86.187.76 - - [22/Feb/2021:10:01:16 +0800] "POST /xingrg/kc/buy/cgsh_order_operate.html HTTP/1.1" 200 12
116.224.253.72 - - [22/Feb/2021:10:01:16 +0800] "GET /xingrg/all/function/internal_message.html?_=1613959274229&CODE_STATE=getMsg HTTP/1.1" 200 27
116.224.253.72 - - [22/Feb/2021:10:01:16 +0800] "GET /xingrg/check_reg.html?_=1613959274228 HTTP/1.1" 200 22
114.86.187.76 - - [22/Feb/2021:10:01:16 +0800] "GET /xingrg/kc/buy/cgsh_order_info.html?code=212021022208153 HTTP/1.1" 200 57016
114.86.187.76 - - [22/Feb/2021:10:01:17 +0800] "GET /xingrg/javascript/easyui/themes/default/validatebox.css HTTP/1.1" 404 1104
117.184.7.26 - - [22/Feb/2021:10:01:18 +0800] "POST /xingrg/kc/buy/cgsh_order_operate.html HTTP/1.1" 200 37
114.86.187.76 - - [22/Feb/2021:10:01:18 +0800] "POST /xingrg/kc/buy/cgsh_order_operate.html HTTP/1.1" 200 1802
117.184.7.26 - - [22/Feb/2021:10:01:19 +0800] "POST /xingrg/kc/buy/cgsh_order_operate.html HTTP/1.1" 200 2660
114.86.187.76 - - [22/Feb/2021:10:01:19 +0800] "GET /xingrg/kc/print/load_data.html?order_code=212021022208153&kc_code=cgsh&condition= HTTP/1.1" 200 1240
114.86.187.76 - - [22/Feb/2021:10:01:20 +0800] "GET /xingrg/all/function/internal_message.html?_=1613959280530&CODE_STATE=getMsg HTTP/1.1" 200 27
117.184.7.26 - - [22/Feb/2021:10:01:22 +0800] "GET /xingrg/kc/print/load_data.html?order_code=212021022208154&kc_code=cgsh&condition= HTTP/1.1" 200 719
180.174.195.252 - - [22/Feb/2021:10:01:23 +0800] "GET /xingrg/check_reg.html?_=1613959535522 HTTP/1.1" 200 22
114.88.166.193 - - [22/Feb/2021:10:01:25 +0800] "GET /xingrg/check_reg.html?_=1613959280825 HTTP/1.1" 200 22
114.86.187.76 - - [22/Feb/2021:10:01:25 +0800] "GET /xingrg/kc/buy/cgsh_order_add.html HTTP/1.1" 200 62110
180.169.147.146 - - [22/Feb/2021:10:01:25 +0800] "GET /xingrg/index.html?sysBaseUrl=http%3A%2F%2F180.169.147.146%3A18081%2Fxingrg%2F&costTime=39×tamp=1592034574635 HTTP/1.1" 200 17509
180.169.147.146 - - [22/Feb/2021:10:01:25 +0800] "GET /xingrg/javascript/jquery_easy_ui/themes/default/easyui.css HTTP/1.1" 200 26500
180.169.147.146 - - [22/Feb/2021:10:01:25 +0800] "GET /xingrg/css/form.css HTTP/1.1" 200 893
180.169.147.146 - - [22/Feb/2021:10:01:25 +0800] "GET /xingrg/javascript/jquery_easy_ui/jquery.easyui.min.js HTTP/1.1" 200 213662
180.169.147.146 - - [22/Feb/2021:10:01:25 +0800] "GET /xingrg/javascript/jquery-1.4.2.min.js HTTP/1.1" 200 72205
180.169.147.146 - - [22/Feb/2021:10:01:25 +0800] "GET /xingrg/javascript/jquery_easy_ui/themes/icon.css HTTP/1.1" 200 3949
180.169.147.146 - - [22/Feb/2021:10:01:25 +0800] "GET /xingrg/javascript/jquery_easy_ui/easyui-lang-zh_CN.js HTTP/1.1" 200 1900
180.169.147.146 - - [22/Feb/2021:10:01:25 +0800] "GET /xingrg/javascript/jquery.timers.js HTTP/1.1" 200 3532
180.169.147.146 - - [22/Feb/2021:10:01:25 +0800] "GET /xingrg/javascript/jquery.form.js HTTP/1.1" 200 23110
180.169.147.146 - - [22/Feb/2021:10:01:25 +0800] "GET /xingrg/images/blue/jxLogo.png HTTP/1.1" 200 6156
180.169.147.146 - - [22/Feb/2021:10:01:25 +0800] "GET /xingrg/javascript/jquery.utils.js HTTP/1.1" 200 11805
180.169.147.146 - - [22/Feb/2021:10:01:26 +0800] "POST /xingrg/all/common/load_tree.html?tree=area_rest_tree_json&manage=1 HTTP/1.1" 200 3344
180.169.147.146 - - [22/Feb/2021:10:01:26 +0800] "GET /xingrg/all/function/internal_message.html?_=1613959285104&CODE_STATE=count HTTP/1.1" 200 11
180.169.147.146 - - [22/Feb/2021:10:01:26 +0800] "GET /xingrg/check_reg.html?_=1613959285105 HTTP/1.1" 200 22
114.86.187.76 - - [22/Feb/2021:10:01:26 +0800] "POST /xingrg/kc/buy/cgsh_order_operate.html HTTP/1.1" 200 8245
114.86.187.76 - - [22/Feb/2021:10:01:26 +0800] "GET /xingrg/javascript/easyui/themes/default/validatebox.css HTTP/1.1" 404 1104
180.169.147.146 - - [22/Feb/2021:10:01:26 +0800] "GET /xingrg/javascript/jquery_easy_ui/themes/icons/settle_new.png HTTP/1.1" 200 826
180.169.147.146 - - [22/Feb/2021:10:01:26 +0800] "GET /xingrg/images/blue/pingpu.png HTTP/1.1" 200 231
180.169.147.146 - - [22/Feb/2021:10:01:26 +0800] "GET /xingrg/images/blue/navBackgound.jpg HTTP/1.1" 200 12378
180.169.147.146 - - [22/Feb/2021:10:01:26 +0800] "GET /xingrg/javascript/jquery_easy_ui/themes/default/images/tabs_leftarrow.png HTTP/1.1" 200 389
180.169.147.146 - - [22/Feb/2021:10:01:26 +0800] "GET /xingrg/javascript/jquery_easy_ui/themes/default/images/tabs_rightarrow.png HTTP/1.1" 200 395
180.169.147.146 - - [22/Feb/2021:10:01:26 +0800] "GET /xingrg/javascript/jquery_easy_ui/themes/default/images/panel_tool_collapse.gif HTTP/1.1" 200 246
180.169.147.146 - - [22/Feb/2021:10:01:26 +0800] "GET /xingrg/javascript/jquery_easy_ui/themes/default/images/panel_tool_expand.gif HTTP/1.1" 200 247
180.169.147.146 - - [22/Feb/2021:10:01:26 +0800] "GET /favicon.ico HTTP/1.1" 404 -
180.169.147.146 - - [22/Feb/2021:10:01:26 +0800] "POST /xingrg/load_menu.html HTTP/1.1" 200 9959
114.88.166.193 - - [22/Feb/2021:10:01:26 +0800] "GET /xingrg/all/function/internal_message.html?_=1613959282350&CODE_STATE=getMsg HTTP/1.1" 200 27
180.169.147.146 - - [22/Feb/2021:10:01:26 +0800] "GET /xingrg/javascript/jquery_easy_ui/themes/default/images/tree_arrows.gif HTTP/1.1" 200 1043
180.169.147.146 - - [22/Feb/2021:10:01:26 +0800] "GET /xingrg/javascript/jquery_easy_ui/themes/default/images/tree_folder_open.gif HTTP/1.1" 200 956
180.169.147.146 - - [22/Feb/2021:10:01:26 +0800] "GET /xingrg/javascript/jquery_easy_ui/themes/icons/search_new.png HTTP/1.1" 200 586
180.169.147.146 - - [22/Feb/2021:10:01:26 +0800] "GET /xingrg/javascript/jquery_easy_ui/themes/default/images/tree_folder.gif HTTP/1.1" 200 952
180.169.147.146 - - [22/Feb/2021:10:01:26 +0800] "GET /xingrg/javascript/jquery_easy_ui/themes/icons/storage_new.png HTTP/1.1" 200 853
180.169.147.146 - - [22/Feb/2021:10:01:26 +0800] "GET /xingrg/javascript/jquery_easy_ui/themes/icons/checkout_new.png HTTP/1.1" 200 744
180.169.147.146 - - [22/Feb/2021:10:01:26 +0800] "GET /xingrg/javascript/jquery_easy_ui/themes/icons/forms_new.png HTTP/1.1" 200 350
180.169.147.146 - - [22/Feb/2021:10:01:26 +0800] "GET /xingrg/javascript/jquery_easy_ui/themes/icons/setting_new.png HTTP/1.1" 200 450
180.169.147.146 - - [22/Feb/2021:10:01:26 +0800] "GET /xingrg/javascript/jquery_easy_ui/themes/icons/systemset_new.png HTTP/1.1" 200 606
180.169.147.146 - - [22/Feb/2021:10:01:26 +0800] "GET /xingrg/javascript/jquery_easy_ui/themes/default/images/tree_file.gif HTTP/1.1" 200 118
180.169.147.146 - - [22/Feb/2021:10:01:26 +0800] "GET /xingrg/javascript/jquery_easy_ui/themes/icons/area.png HTTP/1.1" 200 262
180.169.147.146 - - [22/Feb/2021:10:01:26 +0800] "GET /xingrg/javascript/jquery_easy_ui/themes/icons/manage.png HTTP/1.1" 200 696
180.169.147.146 - - [22/Feb/2021:10:01:26 +0800] "GET /xingrg/javascript/jquery_easy_ui/themes/icons/rest.png HTTP/1.1" 200 695
120.253.135.82 - - [22/Feb/2021:10:01:28 +0800] "GET /xingrg/check_reg.html?_=1613959401613 HTTP/1.1" 200 22
120.253.135.82 - - [22/Feb/2021:10:01:29 +0800] "GET /xingrg/all/function/internal_message.html?_=1613959402806&CODE_STATE=getMsg HTTP/1.1" 200 27
117.184.7.26 - - [22/Feb/2021:10:01:29 +0800] "GET /xingrg/kc/buy/cgsh_order_add.html HTTP/1.1" 200 62063
117.184.7.26 - - [22/Feb/2021:10:01:29 +0800] "POST /xingrg/kc/buy/cgsh_order_operate.html HTTP/1.1" 200 8245
117.184.7.26 - - [22/Feb/2021:10:01:29 +0800] "GET /xingrg/javascript/easyui/themes/default/validatebox.css HTTP/1.1" 404 1104
114.86.187.76 - - [22/Feb/2021:10:01:30 +0800] "GET /xingrg/kc/buy/cgsh_order_operate.html?command=get_materiel&rest_code=00148&code=00101007085&supplier_code=00100328&order_time=2021-02-22 HTTP/1.1" 200 413
116.224.253.72 - - [22/Feb/2021:10:01:31 +0800] "GET /xingrg/all/function/internal_message.html?_=1613959292084&CODE_STATE=getMsg HTTP/1.1" 200 27
117.185.32.26 - - [22/Feb/2021:10:01:33 +0800] "POST /xingrg/services/DataTransmitService HTTP/1.1" 200 524
117.185.32.26 - - [22/Feb/2021:10:01:34 +0800] "POST /xingrg/services/DataTransmitService HTTP/1.1" 200 2503
117.185.32.26 - - [22/Feb/2021:10:01:35 +0800] "POST /xingrg/services/DataTransmitService HTTP/1.1" 200 176844
180.174.195.252 - - [22/Feb/2021:10:01:36 +0800] "GET /xingrg/all/function/internal_message.html?_=1613959548143&CODE_STATE=getMsg HTTP/1.1" 200 27
114.86.187.76 - - [22/Feb/2021:10:01:36 +0800] "GET /xingrg/kc/buy/cgsh_order_operate.html?command=get_materiel&rest_code=00148&code=00101007077&supplier_code=00100328&order_time=2021-02-22 HTTP/1.1" 200 415
117.185.32.26 - - [22/Feb/2021:10:01:37 +0800] "GET /xingrg/all/function/internal_message.html?_=1613959289356&CODE_STATE=getMsg HTTP/1.1" 200 27
114.86.187.76 - - [22/Feb/2021:10:01:44 +0800] "POST /xingrg/kc/buy/cgsh_order_operate.html HTTP/1.1" 200 37
117.184.7.26 - - [22/Feb/2021:10:01:45 +0800] "GET /xingrg/kc/buy/cgsh_order_operate.html?command=get_materiel&rest_code=00108&code=00101001135&supplier_code=00100313&order_time=2021-02-20 HTTP/1.1" 200 435
114.86.231.125 - - [22/Feb/2021:10:01:48 +0800] "GET /xingrg/check_reg.html?_=1613959431375 HTTP/1.1" 200 22
114.86.231.125 - - [22/Feb/2021:10:01:48 +0800] "GET /xingrg/all/function/internal_message.html?_=1613959431377&CODE_STATE=getMsg HTTP/1.1" 200 27
114.86.187.76 - - [22/Feb/2021:10:01:48 +0800] "POST /xingrg/kc/buy/cgsh_order_operate.html HTTP/1.1" 200 12
114.86.187.76 - - [22/Feb/2021:10:01:49 +0800] "GET /xingrg/kc/buy/cgsh_order_info.html?code=212021022208155 HTTP/1.1" 200 57016
114.86.187.76 - - [22/Feb/2021:10:01:49 +0800] "GET /xingrg/javascript/easyui/themes/default/validatebox.css HTTP/1.1" 404 1104
114.86.187.76 - - [22/Feb/2021:10:01:50 +0800] "POST /xingrg/kc/buy/cgsh_order_operate.html HTTP/1.1" 200 1202
114.86.187.76 - - [22/Feb/2021:10:01:51 +0800] "GET /xingrg/kc/print/load_data.html?order_code=212021022208155&kc_code=cgsh&condition= HTTP/1.1" 200 942
114.86.187.76 - - [22/Feb/2021:10:01:54 +0800] "GET /xingrg/kc/buy/cgsh_order_add.html HTTP/1.1" 200 62110
114.86.187.76 - - [22/Feb/2021:10:01:55 +0800] "POST /xingrg/kc/buy/cgsh_order_operate.html HTTP/1.1" 200 8245
114.86.187.76 - - [22/Feb/2021:10:01:55 +0800] "GET /xingrg/javascript/easyui/themes/default/validatebox.css HTTP/1.1" 404 1104
117.184.7.26 - - [22/Feb/2021:10:01:56 +0800] "GET /xingrg/all/function/internal_message.html?_=1613959315734&CODE_STATE=getMsg HTTP/1.1" 200 27
117.184.7.26 - - [22/Feb/2021:10:01:56 +0800] "GET /xingrg/kc/buy/cgsh_order_operate.html?command=get_materiel&rest_code=00108&code=00101002058&supplier_code=00100313&order_time=2021-02-20 HTTP/1.1" 200 396
116.224.253.72 - - [22/Feb/2021:10:01:57 +0800] "GET /xingrg/all/function/internal_message.html?_=1613959292450&CODE_STATE=getMsg HTTP/1.1" 200 27
58.37.230.33 - - [22/Feb/2021:10:02:01 +0800] "GET /xingrg/all/function/internal_message.html?_=1613959324847&CODE_STATE=getMsg HTTP/1.1" 200 27
114.86.187.76 - - [22/Feb/2021:10:02:01 +0800] "GET /xingrg/kc/buy/cgsh_order_operate.html?command=get_materiel&rest_code=00148&code=00101008146&supplier_code=00100440&order_time=2021-02-22 HTTP/1.1" 200 416
101.228.165.73 - - [22/Feb/2021:10:02:02 +0800] "GET /xingrg/all/function/internal_message.html?_=1613959323772&CODE_STATE=getMsg HTTP/1.1" 200 27
117.184.7.26 - - [22/Feb/2021:10:02:02 +0800] "GET /xingrg/kc/buy/cgsh_order_operate.html?command=get_materiel&rest_code=00108&code=00101001162&supplier_code=00100313&order_time=2021-02-20 HTTP/1.1" 200 415
61.165.42.208 - - [22/Feb/2021:10:02:04 +0800] "GET /xingrg/all/function/internal_message.html?_=1613959324624&CODE_STATE=getMsg HTTP/1.1" 200 27
114.86.187.76 - - [22/Feb/2021:10:02:08 +0800] "POST /xingrg/kc/buy/cgsh_order_operate.html HTTP/1.1" 200 37
101.93.222.235 - - [22/Feb/2021:10:02:09 +0800] "POST /xingrg/services/DataTransmitService HTTP/1.1" 200 524
116.227.208.86 - - [22/Feb/2021:10:02:10 +0800] "GET /xingrg/all/function/internal_message.html?_=1613959330299&CODE_STATE=getMsg HTTP/1.1" 200 27
180.169.147.146 - - [22/Feb/2021:10:02:11 +0800] "GET /xingrg/all/function/internal_message.html?_=1613959332883&CODE_STATE=getMsg HTTP/1.1" 200 27
