180.169.147.146 - - [22/Feb/2021:09:23:42 +0800] "GET /xingrg/all/function/internal_message.html?_=1613957021079&CODE_STATE=getMsg HTTP/1.1" 200 27
116.228.172.94 - - [22/Feb/2021:09:23:44 +0800] "GET /xingrg/kc/buy/cgsh_order_operate.html?command=get_materiel&rest_code=00107&code=00101008069&supplier_code=00100006&order_time=2021-02-22 HTTP/1.1" 200 412
180.174.195.252 - - [22/Feb/2021:09:23:45 +0800] "GET /xingrg/kc/buy/cgsh_order_operate.html?command=get_materiel&rest_code=00102&code=00101008123&supplier_code=00100008&order_time=2021-02-22 HTTP/1.1" 200 412
114.86.231.125 - - [22/Feb/2021:09:23:52 +0800] "GET /xingrg/kc/buy/cgsh_order_add.html HTTP/1.1" 200 62145
114.86.231.125 - - [22/Feb/2021:09:23:52 +0800] "GET /xingrg/words/20210221161058_words.js HTTP/1.1" 304 -
114.86.231.125 - - [22/Feb/2021:09:23:52 +0800] "POST /xingrg/kc/buy/cgsh_order_operate.html HTTP/1.1" 200 8245
114.86.231.125 - - [22/Feb/2021:09:23:52 +0800] "GET /xingrg/all/common/auto_word.html?type=employee&rest_code=00109 HTTP/1.1" 200 205
114.86.231.125 - - [22/Feb/2021:09:23:52 +0800] "GET /xingrg/javascript/easyui/themes/default/validatebox.css HTTP/1.1" 404 1104
114.86.231.125 - - [22/Feb/2021:09:23:52 +0800] "GET /xingrg/all/common/auto_word.html?type=employee&rest_code=00109 HTTP/1.1" 200 205
116.228.172.94 - - [22/Feb/2021:09:23:55 +0800] "GET /xingrg/kc/buy/cgsh_order_operate.html?command=get_materiel&rest_code=00107&code=00101008131&supplier_code=00100006&order_time=2021-02-22 HTTP/1.1" 200 410
117.184.7.26 - - [22/Feb/2021:09:23:55 +0800] "GET /xingrg/all/function/internal_message.html?_=1613957035667&CODE_STATE=getMsg HTTP/1.1" 200 27
116.228.172.94 - - [22/Feb/2021:09:23:56 +0800] "GET /xingrg/all/function/internal_message.html?_=1613957034474&CODE_STATE=getMsg HTTP/1.1" 200 27
116.224.253.72 - - [22/Feb/2021:09:23:57 +0800] "GET /xingrg/all/function/internal_message.html?_=1613957011919&CODE_STATE=getMsg HTTP/1.1" 200 27
114.86.231.125 - - [22/Feb/2021:09:23:58 +0800] "GET /xingrg/all/function/internal_message.html?_=1613957091387&CODE_STATE=getMsg HTTP/1.1" 200 27
114.86.231.125 - - [22/Feb/2021:09:23:59 +0800] "GET /xingrg/javascript/jquery_tools/images/prev.gif HTTP/1.1" 404 1086
114.86.231.125 - - [22/Feb/2021:09:23:59 +0800] "GET /xingrg/javascript/jquery_tools/images/next.gif HTTP/1.1" 404 1086
101.228.165.73 - - [22/Feb/2021:09:24:00 +0800] "GET /xingrg/all/function/internal_message.html?_=1613957041214&CODE_STATE=getMsg HTTP/1.1" 200 27
61.165.42.208 - - [22/Feb/2021:09:24:04 +0800] "GET /xingrg/all/function/internal_message.html?_=1613957044562&CODE_STATE=getMsg HTTP/1.1" 200 27
116.228.172.94 - - [22/Feb/2021:09:24:05 +0800] "GET /xingrg/kc/buy/cgsh_order_operate.html?command=get_materiel&rest_code=00107&code=00101008318&supplier_code=00100006&order_time=2021-02-22 HTTP/1.1" 200 408
180.174.195.252 - - [22/Feb/2021:09:24:07 +0800] "POST /xingrg/kc/buy/cgsh_order_operate.html HTTP/1.1" 200 37
180.174.195.252 - - [22/Feb/2021:09:24:09 +0800] "POST /xingrg/kc/buy/cgsh_order_operate.html HTTP/1.1" 200 18044
116.227.208.86 - - [22/Feb/2021:09:24:10 +0800] "GET /xingrg/all/function/internal_message.html?_=1613957048272&CODE_STATE=getMsg HTTP/1.1" 200 27
114.86.231.125 - - [22/Feb/2021:09:24:14 +0800] "GET /xingrg/kc/buy/cgsh_order_operate.html?command=get_materiel&rest_code=00109&code=00101008248&supplier_code=00100005&order_time=2021-02-22 HTTP/1.1" 200 412
180.169.147.146 - - [22/Feb/2021:09:24:15 +0800] "GET /xingrg/all/function/internal_message.html?_=1613957056636&CODE_STATE=getMsg HTTP/1.1" 200 27
116.224.253.72 - - [22/Feb/2021:09:24:15 +0800] "GET /xingrg/all/function/internal_message.html?_=1613957056457&CODE_STATE=getMsg HTTP/1.1" 200 27
116.224.253.72 - - [22/Feb/2021:09:24:16 +0800] "GET /xingrg/all/function/internal_message.html?_=1613957054230&CODE_STATE=getMsg HTTP/1.1" 200 27
116.228.172.94 - - [22/Feb/2021:09:24:18 +0800] "GET /xingrg/kc/buy/cgsh_order_operate.html?command=get_materiel&rest_code=00107&code=00101008352&supplier_code=00100006&order_time=2021-02-22 HTTP/1.1" 200 434
180.174.195.252 - - [22/Feb/2021:09:24:19 +0800] "GET /xingrg/all/function/internal_message.html?_=1613957311261&CODE_STATE=getMsg HTTP/1.1" 200 27
101.228.165.73 - - [22/Feb/2021:09:24:21 +0800] "GET /xingrg/kc/buy/cgsh_order_operate.html?command=get_materiel&rest_code=00146&code=00101016105&supplier_code=00100033&order_time=2021-02-22 HTTP/1.1" 200 409
114.88.166.193 - - [22/Feb/2021:09:24:24 +0800] "GET /xingrg/all/function/internal_message.html?_=1613957059959&CODE_STATE=getMsg HTTP/1.1" 200 27
120.253.135.82 - - [22/Feb/2021:09:24:28 +0800] "GET /xingrg/all/function/internal_message.html?_=1613957182199&CODE_STATE=getMsg HTTP/1.1" 200 27
116.228.172.94 - - [22/Feb/2021:09:24:31 +0800] "GET /xingrg/kc/buy/cgsh_order_operate.html?command=get_materiel&rest_code=00107&code=00101008005&supplier_code=00100006&order_time=2021-02-22 HTTP/1.1" 200 412
117.185.32.26 - - [22/Feb/2021:09:24:37 +0800] "GET /xingrg/all/function/internal_message.html?_=1613957069274&CODE_STATE=getMsg HTTP/1.1" 200 27
117.185.32.26 - - [22/Feb/2021:09:24:37 +0800] "GET /xingrg/check_reg.html?_=1613957069276 HTTP/1.1" 200 22
116.228.172.94 - - [22/Feb/2021:09:24:40 +0800] "POST /xingrg/kc/buy/cgsh_order_operate.html HTTP/1.1" 200 37
117.184.7.26 - - [22/Feb/2021:09:24:41 +0800] "GET /xingrg/kc/buy/cgsh_order_add.html HTTP/1.1" 200 62063
117.184.7.26 - - [22/Feb/2021:09:24:41 +0800] "POST /xingrg/kc/buy/cgsh_order_operate.html HTTP/1.1" 200 8245
117.184.7.26 - - [22/Feb/2021:09:24:41 +0800] "GET /xingrg/javascript/easyui/themes/default/validatebox.css HTTP/1.1" 404 1104
180.169.147.146 - - [22/Feb/2021:09:24:42 +0800] "GET /xingrg/all/function/internal_message.html?_=1613957081067&CODE_STATE=getMsg HTTP/1.1" 200 27
101.228.165.73 - - [22/Feb/2021:09:24:46 +0800] "GET /xingrg/kc/buy/cgsh_order_operate.html?command=get_materiel&rest_code=00146&code=00101016080&supplier_code=00100033&order_time=2021-02-22 HTTP/1.1" 200 408
117.184.7.26 - - [22/Feb/2021:09:24:55 +0800] "GET /xingrg/check_reg.html?_=1613957095672 HTTP/1.1" 200 22
117.184.7.26 - - [22/Feb/2021:09:24:55 +0800] "GET /xingrg/all/function/internal_message.html?_=1613957095675&CODE_STATE=getMsg HTTP/1.1" 200 27
114.86.231.125 - - [22/Feb/2021:09:24:56 +0800] "GET /xingrg/all/function/internal_message.html?_=1613957151379&CODE_STATE=getMsg HTTP/1.1" 200 27
116.224.253.72 - - [22/Feb/2021:09:24:56 +0800] "GET /xingrg/check_reg.html?_=1613957071697 HTTP/1.1" 200 22
116.224.253.72 - - [22/Feb/2021:09:24:57 +0800] "GET /xingrg/all/function/internal_message.html?_=1613957071932&CODE_STATE=getMsg HTTP/1.1" 200 27
101.228.165.73 - - [22/Feb/2021:09:25:00 +0800] "GET /xingrg/all/function/internal_message.html?_=1613957101232&CODE_STATE=getMsg HTTP/1.1" 200 27
117.184.7.26 - - [22/Feb/2021:09:25:00 +0800] "GET /xingrg/kc/buy/cgsh_order_operate.html?command=get_materiel&rest_code=00108&code=00101001168&supplier_code=00100313&order_time=2021-02-17 HTTP/1.1" 200 414
101.228.165.73 - - [22/Feb/2021:09:25:02 +0800] "GET /xingrg/kc/buy/cgsh_order_operate.html?command=get_materiel&rest_code=00146&code=00101012025&supplier_code=00100033&order_time=2021-02-22 HTTP/1.1" 200 412
61.165.42.208 - - [22/Feb/2021:09:25:04 +0800] "GET /xingrg/all/function/internal_message.html?_=1613957104557&CODE_STATE=getMsg HTTP/1.1" 200 27
116.227.208.86 - - [22/Feb/2021:09:25:10 +0800] "GET /xingrg/all/function/internal_message.html?_=1613957108274&CODE_STATE=getMsg HTTP/1.1" 200 27
117.184.7.26 - - [22/Feb/2021:09:25:13 +0800] "GET /xingrg/kc/buy/cgsh_order_operate.html?command=get_materiel&rest_code=00108&code=00101001016&supplier_code=00100313&order_time=2021-02-17 HTTP/1.1" 200 435
180.169.147.146 - - [22/Feb/2021:09:25:15 +0800] "GET /xingrg/all/function/internal_message.html?_=1613957116638&CODE_STATE=getMsg HTTP/1.1" 200 27
116.224.253.72 - - [22/Feb/2021:09:25:15 +0800] "GET /xingrg/check_reg.html?_=1613957116482 HTTP/1.1" 200 22
116.224.253.72 - - [22/Feb/2021:09:25:15 +0800] "GET /xingrg/all/function/internal_message.html?_=1613957116485&CODE_STATE=getMsg HTTP/1.1" 200 27
116.224.253.72 - - [22/Feb/2021:09:25:16 +0800] "GET /xingrg/all/function/internal_message.html?_=1613957114231&CODE_STATE=getMsg HTTP/1.1" 200 27
180.174.195.252 - - [22/Feb/2021:09:25:19 +0800] "GET /xingrg/all/function/internal_message.html?_=1613957371540&CODE_STATE=getMsg HTTP/1.1" 200 27
116.224.253.72 - - [22/Feb/2021:09:25:23 +0800] "GET /xingrg/kc/buy/cgsh_order_list.html HTTP/1.1" 200 46372
114.88.166.193 - - [22/Feb/2021:09:25:24 +0800] "GET /xingrg/all/function/internal_message.html?_=1613957120013&CODE_STATE=getMsg HTTP/1.1" 200 27
116.224.253.72 - - [22/Feb/2021:09:25:24 +0800] "POST /xingrg/kc/buy/cgsh_list_operate.html HTTP/1.1" 200 876
120.253.135.82 - - [22/Feb/2021:09:25:28 +0800] "GET /xingrg/all/function/internal_message.html?_=1613957242207&CODE_STATE=getMsg HTTP/1.1" 200 27
101.228.165.73 - - [22/Feb/2021:09:25:29 +0800] "GET /xingrg/kc/buy/cgsh_order_operate.html?command=get_materiel&rest_code=00146&code=00101016025&supplier_code=00100033&order_time=2021-02-22 HTTP/1.1" 200 408
117.184.7.26 - - [22/Feb/2021:09:25:30 +0800] "GET /xingrg/kc/buy/cgsh_order_operate.html?command=get_materiel&rest_code=00108&code=00101001162&supplier_code=00100313&order_time=2021-02-17 HTTP/1.1" 200 413
114.88.166.193 - - [22/Feb/2021:09:25:32 +0800] "GET /xingrg/kc/buy/cgsh_order_operate.html?command=get_materiel&rest_code=00111&code=00101008251&supplier_code=00100005&order_time=2021-02-22 HTTP/1.1" 200 408
114.88.166.193 - - [22/Feb/2021:09:25:35 +0800] "POST /xingrg/kc/buy/cgsh_order_operate.html HTTP/1.1" 200 2065
114.86.231.125 - - [22/Feb/2021:09:25:36 +0800] "GET /xingrg/kc/buy/cgsh_order_operate.html?command=get_materiel&rest_code=00109&code=00101008155&supplier_code=00100005&order_time=2021-02-22 HTTP/1.1" 200 428
117.185.32.26 - - [22/Feb/2021:09:25:37 +0800] "GET /xingrg/all/function/internal_message.html?_=1613957129275&CODE_STATE=getMsg HTTP/1.1" 200 27
101.228.165.73 - - [22/Feb/2021:09:25:41 +0800] "POST /xingrg/kc/buy/cgsh_order_operate.html HTTP/1.1" 200 37
114.86.231.125 - - [22/Feb/2021:09:25:41 +0800] "GET /xingrg/javascript/auto/indicator.gif HTTP/1.1" 404 1066
114.86.231.125 - - [22/Feb/2021:09:25:42 +0800] "GET /xingrg/kc/buy/cgsh_order_operate.html?command=get_materiel&rest_code=00109&code=00101008290&supplier_code=00100005&order_time=2021-02-22 HTTP/1.1" 200 416
180.169.147.146 - - [22/Feb/2021:09:25:42 +0800] "GET /xingrg/all/function/internal_message.html?_=1613957141087&CODE_STATE=getMsg HTTP/1.1" 200 27
101.228.165.73 - - [22/Feb/2021:09:25:42 +0800] "POST /xingrg/kc/buy/cgsh_order_operate.html HTTP/1.1" 200 4415
101.228.165.73 - - [22/Feb/2021:09:25:46 +0800] "GET /xingrg/kc/print/load_data.html?order_code=212021022208104&kc_code=cgsh&condition= HTTP/1.1" 200 1371
114.86.231.125 - - [22/Feb/2021:09:25:47 +0800] "GET /xingrg/kc/buy/cgsh_order_operate.html?command=get_materiel&rest_code=00109&code=00101008003&supplier_code=00100005&order_time=2021-02-22 HTTP/1.1" 200 408
117.184.7.26 - - [22/Feb/2021:09:25:49 +0800] "GET /xingrg/kc/buy/cgsh_order_operate.html?command=get_materiel&rest_code=00108&code=00101005024&supplier_code=00100313&order_time=2021-02-17 HTTP/1.1" 200 409
114.86.231.125 - - [22/Feb/2021:09:25:52 +0800] "GET /xingrg/kc/buy/cgsh_order_operate.html?command=get_materiel&rest_code=00109&code=00101008361&supplier_code=00100005&order_time=2021-02-22 HTTP/1.1" 200 408
114.86.231.125 - - [22/Feb/2021:09:25:54 +0800] "GET /xingrg/all/function/internal_message.html?_=1613957211381&CODE_STATE=getMsg HTTP/1.1" 200 27
117.184.7.26 - - [22/Feb/2021:09:25:55 +0800] "GET /xingrg/all/function/internal_message.html?_=1613957155686&CODE_STATE=getMsg HTTP/1.1" 200 27
117.184.7.26 - - [22/Feb/2021:09:25:56 +0800] "GET /xingrg/kc/buy/cgsh_order_operate.html?command=get_materiel&rest_code=00108&code=00101001096&supplier_code=00100313&order_time=2021-02-17 HTTP/1.1" 200 413
116.224.253.72 - - [22/Feb/2021:09:25:57 +0800] "GET /xingrg/all/function/internal_message.html?_=1613957131946&CODE_STATE=getMsg HTTP/1.1" 200 27
114.86.231.125 - - [22/Feb/2021:09:25:59 +0800] "GET /xingrg/kc/buy/cgsh_order_operate.html?command=get_materiel&rest_code=00109&code=00101008355&supplier_code=00100005&order_time=2021-02-22 HTTP/1.1" 200 428
101.228.165.73 - - [22/Feb/2021:09:26:00 +0800] "GET /xingrg/all/function/internal_message.html?_=1613957161358&CODE_STATE=getMsg HTTP/1.1" 200 27
101.228.165.73 - - [22/Feb/2021:09:26:00 +0800] "GET /xingrg/kc/buy/cgsh_order_add.html HTTP/1.1" 200 62110
101.228.165.73 - - [22/Feb/2021:09:26:00 +0800] "POST /xingrg/kc/buy/cgsh_order_operate.html HTTP/1.1" 200 8245
101.228.165.73 - - [22/Feb/2021:09:26:01 +0800] "GET /xingrg/javascript/easyui/themes/default/validatebox.css HTTP/1.1" 404 1104
61.165.42.208 - - [22/Feb/2021:09:26:04 +0800] "GET /xingrg/all/function/internal_message.html?_=1613957164597&CODE_STATE=getMsg HTTP/1.1" 200 27
61.165.42.208 - - [22/Feb/2021:09:26:04 +0800] "GET /xingrg/check_reg.html?_=1613957164598 HTTP/1.1" 200 22
114.86.231.125 - - [22/Feb/2021:09:26:06 +0800] "GET /xingrg/kc/buy/cgsh_order_operate.html?command=get_materiel&rest_code=00109&code=00101008110&supplier_code=00100005&order_time=2021-02-22 HTTP/1.1" 200 408
114.88.166.193 - - [22/Feb/2021:09:26:09 +0800] "GET /xingrg/kc/buy/cgsh_order_operate.html?command=get_materiel&rest_code=00111&code=00101008274&supplier_code=00100005&order_time=2021-02-22 HTTP/1.1" 200 412
116.227.208.86 - - [22/Feb/2021:09:26:10 +0800] "GET /xingrg/check_reg.html?_=1613957168269 HTTP/1.1" 200 22
116.227.208.86 - - [22/Feb/2021:09:26:10 +0800] "GET /xingrg/all/function/internal_message.html?_=1613957168273&CODE_STATE=getMsg HTTP/1.1" 200 27
114.86.231.125 - - [22/Feb/2021:09:26:12 +0800] "GET /xingrg/kc/buy/cgsh_order_operate.html?command=get_materiel&rest_code=00109&code=00101008355&supplier_code=00100005&order_time=2021-02-22 HTTP/1.1" 200 428
180.169.147.146 - - [22/Feb/2021:09:26:15 +0800] "GET /xingrg/all/function/internal_message.html?_=1613957176640&CODE_STATE=getMsg HTTP/1.1" 200 27
116.224.253.72 - - [22/Feb/2021:09:26:15 +0800] "GET /xingrg/all/function/internal_message.html?_=1613957176590&CODE_STATE=getMsg HTTP/1.1" 200 27
116.224.253.72 - - [22/Feb/2021:09:26:16 +0800] "GET /xingrg/check_reg.html?_=1613957174233 HTTP/1.1" 200 22
116.224.253.72 - - [22/Feb/2021:09:26:16 +0800] "GET /xingrg/all/function/internal_message.html?_=1613957174233&CODE_STATE=getMsg HTTP/1.1" 200 27
114.86.231.125 - - [22/Feb/2021:09:26:17 +0800] "GET /xingrg/kc/buy/cgsh_order_operate.html?command=get_materiel&rest_code=00109&code=00101008264&supplier_code=00100005&order_time=2021-02-22 HTTP/1.1" 200 433
101.228.165.73 - - [22/Feb/2021:09:26:17 +0800] "GET /xingrg/kc/buy/cgsh_order_operate.html?command=get_materiel&rest_code=00146&code=00101006111&supplier_code=00100012&order_time=2021-02-22 HTTP/1.1" 200 409
180.174.195.252 - - [22/Feb/2021:09:26:18 +0800] "GET /xingrg/check_reg.html?_=1613957430725 HTTP/1.1" 200 22
180.174.195.252 - - [22/Feb/2021:09:26:19 +0800] "GET /xingrg/all/function/internal_message.html?_=1613957431551&CODE_STATE=getMsg HTTP/1.1" 200 27
117.184.7.26 - - [22/Feb/2021:09:26:20 +0800] "GET /xingrg/kc/buy/cgsh_order_operate.html?command=get_materiel&rest_code=00108&code=00101002058&supplier_code=00100313&order_time=2021-02-17 HTTP/1.1" 200 396
114.86.231.125 - - [22/Feb/2021:09:26:22 +0800] "GET /xingrg/kc/buy/cgsh_order_operate.html?command=get_materiel&rest_code=00109&code=00101008069&supplier_code=00100005&order_time=2021-02-22 HTTP/1.1" 200 412
114.88.166.193 - - [22/Feb/2021:09:26:24 +0800] "GET /xingrg/check_reg.html?_=1613957179659 HTTP/1.1" 200 22
116.224.253.72 - - [22/Feb/2021:09:26:24 +0800] "GET /xingrg/kc/buy/cgsh_order_add.html HTTP/1.1" 200 62028
114.88.166.193 - - [22/Feb/2021:09:26:24 +0800] "GET /xingrg/all/function/internal_message.html?_=1613957180018&CODE_STATE=getMsg HTTP/1.1" 200 27
116.224.253.72 - - [22/Feb/2021:09:26:24 +0800] "POST /xingrg/kc/buy/cgsh_order_operate.html HTTP/1.1" 200 8245
116.224.253.72 - - [22/Feb/2021:09:26:24 +0800] "GET /xingrg/javascript/easyui/themes/default/validatebox.css HTTP/1.1" 404 1104
114.88.166.193 - - [22/Feb/2021:09:26:25 +0800] "GET /xingrg/kc/buy/cgsh_order_operate.html?command=get_materiel&rest_code=00111&code=00101008338&supplier_code=00100005&order_time=2021-02-22 HTTP/1.1" 200 409
116.224.253.72 - - [22/Feb/2021:09:26:26 +0800] "GET /xingrg/javascript/auto/indicator.gif HTTP/1.1" 404 1066
114.86.231.125 - - [22/Feb/2021:09:26:27 +0800] "GET /xingrg/kc/buy/cgsh_order_operate.html?command=get_materiel&rest_code=00109&code=00101008006&supplier_code=00100005&order_time=2021-02-22 HTTP/1.1" 200 417
120.253.135.82 - - [22/Feb/2021:09:26:27 +0800] "GET /xingrg/check_reg.html?_=1613957301398 HTTP/1.1" 200 22
120.253.135.82 - - [22/Feb/2021:09:26:28 +0800] "GET /xingrg/all/function/internal_message.html?_=1613957302221&CODE_STATE=getMsg HTTP/1.1" 200 27
117.184.7.26 - - [22/Feb/2021:09:26:28 +0800] "GET /xingrg/kc/buy/cgsh_order_operate.html?command=get_materiel&rest_code=00108&code=00101008108&supplier_code=00100313&order_time=2021-02-17 HTTP/1.1" 200 412
101.228.165.73 - - [22/Feb/2021:09:26:31 +0800] "GET /xingrg/kc/buy/cgsh_order_operate.html?command=get_materiel&rest_code=00146&code=00101006056&supplier_code=00100012&order_time=2021-02-22 HTTP/1.1" 200 413
114.86.231.125 - - [22/Feb/2021:09:26:32 +0800] "GET /xingrg/kc/buy/cgsh_order_operate.html?command=get_materiel&rest_code=00109&code=00101008318&supplier_code=00100005&order_time=2021-02-22 HTTP/1.1" 200 408
117.184.7.26 - - [22/Feb/2021:09:26:36 +0800] "GET /xingrg/kc/buy/cgsh_order_operate.html?command=get_materiel&rest_code=00108&code=00101001194&supplier_code=00100313&order_time=2021-02-17 HTTP/1.1" 200 401
117.185.32.26 - - [22/Feb/2021:09:26:37 +0800] "GET /xingrg/all/function/internal_message.html?_=1613957189276&CODE_STATE=getMsg HTTP/1.1" 200 27
114.86.231.125 - - [22/Feb/2021:09:26:37 +0800] "GET /xingrg/kc/buy/cgsh_order_operate.html?command=get_materiel&rest_code=00109&code=00101008353&supplier_code=00100005&order_time=2021-02-22 HTTP/1.1" 200 408
180.169.147.146 - - [22/Feb/2021:09:26:42 +0800] "GET /xingrg/all/function/internal_message.html?_=1613957201076&CODE_STATE=getMsg HTTP/1.1" 200 27
116.224.253.72 - - [22/Feb/2021:09:26:42 +0800] "GET /xingrg/kc/buy/cgsh_order_operate.html?command=get_materiel&rest_code=00150&code=00101029023&supplier_code=00100017&order_time=2021-02-22 HTTP/1.1" 200 456
101.228.165.73 - - [22/Feb/2021:09:26:43 +0800] "GET /xingrg/kc/buy/cgsh_order_operate.html?command=get_materiel&rest_code=00146&code=00101006174&supplier_code=00100012&order_time=2021-02-22 HTTP/1.1" 200 414
116.224.253.72 - - [22/Feb/2021:09:26:44 +0800] "POST /xingrg/all/common/load_select.html HTTP/1.1" 200 25
117.184.7.26 - - [22/Feb/2021:09:26:45 +0800] "GET /xingrg/kc/buy/cgsh_order_operate.html?command=get_materiel&rest_code=00108&code=00101010600&supplier_code=00100313&order_time=2021-02-17 HTTP/1.1" 200 399
116.224.253.72 - - [22/Feb/2021:09:26:47 +0800] "GET /xingrg/kc/buy/cgsh_order_operate.html?command=get_materiel_price&rest_code=00150&code=00101029023&unit_code=00100179&supplier_code=00100017&order_time=2021-02-22 HTTP/1.1" 200 29
114.88.166.193 - - [22/Feb/2021:09:26:49 +0800] "POST /xingrg/kc/buy/cgsh_order_operate.html HTTP/1.1" 200 2065
114.86.231.125 - - [22/Feb/2021:09:26:51 +0800] "GET /xingrg/all/function/internal_message.html?_=1613957271381&CODE_STATE=getMsg HTTP/1.1" 200 27
117.184.7.26 - - [22/Feb/2021:09:26:54 +0800] "GET /xingrg/kc/buy/cgsh_order_operate.html?command=get_materiel&rest_code=00108&code=00101001142&supplier_code=00100313&order_time=2021-02-17 HTTP/1.1" 200 413
117.184.7.26 - - [22/Feb/2021:09:26:55 +0800] "GET /xingrg/all/function/internal_message.html?_=1613957215674&CODE_STATE=getMsg HTTP/1.1" 200 27
116.224.253.72 - - [22/Feb/2021:09:26:57 +0800] "GET /xingrg/all/function/internal_message.html?_=1613957191959&CODE_STATE=getMsg HTTP/1.1" 200 27
114.88.166.193 - - [22/Feb/2021:09:26:57 +0800] "GET /xingrg/kc/buy/cgsh_order_operate.html?command=get_materiel&rest_code=00111&code=00101008323&supplier_code=00100005&order_time=2021-02-22 HTTP/1.1" 200 408
101.228.165.73 - - [22/Feb/2021:09:26:59 +0800] "GET /xingrg/kc/buy/cgsh_order_operate.html?command=get_materiel&rest_code=00146&code=00101006129&supplier_code=00100012&order_time=2021-02-22 HTTP/1.1" 200 451
116.224.253.72 - - [22/Feb/2021:09:26:59 +0800] "GET /xingrg/kc/buy/cgsh_order_operate.html?command=get_materiel&rest_code=00150&code=00101029003&supplier_code=00100017&order_time=2021-02-22 HTTP/1.1" 200 475
101.228.165.73 - - [22/Feb/2021:09:27:00 +0800] "GET /xingrg/all/function/internal_message.html?_=1613957221367&CODE_STATE=getMsg HTTP/1.1" 200 27
116.224.253.72 - - [22/Feb/2021:09:27:00 +0800] "POST /xingrg/all/common/load_select.html HTTP/1.1" 200 25
116.224.253.72 - - [22/Feb/2021:09:27:03 +0800] "GET /xingrg/kc/buy/cgsh_order_operate.html?command=get_materiel_price&rest_code=00150&code=00101029003&unit_code=00100179&supplier_code=00100017&order_time=2021-02-22 HTTP/1.1" 200 29
61.165.42.208 - - [22/Feb/2021:09:27:04 +0800] "GET /xingrg/all/function/internal_message.html?_=1613957224565&CODE_STATE=getMsg HTTP/1.1" 200 27
114.86.231.125 - - [22/Feb/2021:09:27:07 +0800] "GET /xingrg/kc/buy/cgsh_order_operate.html?command=get_materiel&rest_code=00109&code=00101008312&supplier_code=00100005&order_time=2021-02-22 HTTP/1.1" 200 412
116.224.253.72 - - [22/Feb/2021:09:27:08 +0800] "POST /xingrg/kc/buy/cgsh_order_operate.html HTTP/1.1" 200 37
117.184.7.26 - - [22/Feb/2021:09:27:10 +0800] "GET /xingrg/kc/buy/cgsh_order_operate.html?command=get_materiel&rest_code=00108&code=00101013276&supplier_code=00100313&order_time=2021-02-17 HTTP/1.1" 200 402
116.227.208.86 - - [22/Feb/2021:09:27:10 +0800] "GET /xingrg/all/function/internal_message.html?_=1613957228276&CODE_STATE=getMsg HTTP/1.1" 200 27
116.224.253.72 - - [22/Feb/2021:09:27:11 +0800] "POST /xingrg/kc/buy/cgsh_order_operate.html HTTP/1.1" 200 12
114.88.166.193 - - [22/Feb/2021:09:27:12 +0800] "GET /xingrg/kc/buy/cgsh_order_operate.html?command=get_materiel&rest_code=00111&code=00101008350&supplier_code=00100005&order_time=2021-02-22 HTTP/1.1" 200 429
114.86.231.125 - - [22/Feb/2021:09:27:14 +0800] "GET /xingrg/kc/buy/cgsh_order_operate.html?command=get_materiel&rest_code=00109&code=00101008095&supplier_code=00100005&order_time=2021-02-22 HTTP/1.1" 200 412
180.169.147.146 - - [22/Feb/2021:09:27:15 +0800] "GET /xingrg/all/function/internal_message.html?_=1613957236641&CODE_STATE=getMsg HTTP/1.1" 200 27
116.224.253.72 - - [22/Feb/2021:09:27:16 +0800] "GET /xingrg/kc/buy/cgsh_order_info.html?code=212021022208105 HTTP/1.1" 200 56928
116.224.253.72 - - [22/Feb/2021:09:27:16 +0800] "GET /xingrg/all/function/internal_message.html?_=1613957234218&CODE_STATE=getMsg HTTP/1.1" 200 27
116.224.253.72 - - [22/Feb/2021:09:27:16 +0800] "GET /xingrg/javascript/easyui/themes/default/validatebox.css HTTP/1.1" 404 1104
101.228.165.73 - - [22/Feb/2021:09:27:17 +0800] "POST /xingrg/kc/buy/cgsh_order_operate.html HTTP/1.1" 200 37
116.224.253.72 - - [22/Feb/2021:09:27:17 +0800] "POST /xingrg/kc/buy/cgsh_order_operate.html HTTP/1.1" 200 1282
101.228.165.73 - - [22/Feb/2021:09:27:19 +0800] "POST /xingrg/kc/buy/cgsh_order_operate.html HTTP/1.1" 200 4452
180.174.195.252 - - [22/Feb/2021:09:27:19 +0800] "GET /xingrg/all/function/internal_message.html?_=1613957491566&CODE_STATE=getMsg HTTP/1.1" 200 27
114.86.231.125 - - [22/Feb/2021:09:27:20 +0800] "GET /xingrg/kc/buy/cgsh_order_operate.html?command=get_materiel&rest_code=00109&code=00101008196&supplier_code=00100005&order_time=2021-02-22 HTTP/1.1" 200 416
101.228.165.73 - - [22/Feb/2021:09:27:22 +0800] "GET /xingrg/kc/print/load_data.html?order_code=212021022208106&kc_code=cgsh&condition= HTTP/1.1" 200 1461
172.20.0.100 - - [22/Feb/2021:09:27:22 +0800] "GET /xingrg/check_reg.html?_=1613957240344 HTTP/1.1" 302 -
114.88.166.193 - - [22/Feb/2021:09:27:24 +0800] "GET /xingrg/all/function/internal_message.html?_=1613957240032&CODE_STATE=getMsg HTTP/1.1" 200 27
114.86.231.125 - - [22/Feb/2021:09:27:25 +0800] "GET /xingrg/kc/buy/cgsh_order_operate.html?command=get_materiel&rest_code=00109&code=00101008197&supplier_code=00100005&order_time=2021-02-22 HTTP/1.1" 200 416
116.224.253.72 - - [22/Feb/2021:09:27:25 +0800] "GET /xingrg/kc/print/load_data.html?order_code=212021022208105&kc_code=cgsh&condition= HTTP/1.1" 200 1077
120.253.135.82 - - [22/Feb/2021:09:27:28 +0800] "GET /xingrg/all/function/internal_message.html?_=1613957362235&CODE_STATE=getMsg HTTP/1.1" 200 27
117.184.7.26 - - [22/Feb/2021:09:27:30 +0800] "GET /xingrg/kc/buy/cgsh_order_operate.html?command=get_materiel&rest_code=00108&code=00102026001&supplier_code=00100313&order_time=2021-02-17 HTTP/1.1" 200 409
114.86.231.125 - - [22/Feb/2021:09:27:31 +0800] "GET /xingrg/kc/buy/cgsh_order_operate.html?command=get_materiel&rest_code=00109&code=00101008107&supplier_code=00100005&order_time=2021-02-22 HTTP/1.1" 200 412
116.224.253.72 - - [22/Feb/2021:09:27:33 +0800] "GET /xingrg/kc/base/yddb_order_list.html HTTP/1.1" 200 16951
116.224.253.72 - - [22/Feb/2021:09:27:34 +0800] "POST /xingrg/kc/base/yddb_list_operate.html HTTP/1.1" 200 636
116.224.253.72 - - [22/Feb/2021:09:27:35 +0800] "GET /xingrg/kc/base/yddb_order_add.html HTTP/1.1" 200 29745
116.224.253.72 - - [22/Feb/2021:09:27:35 +0800] "GET /xingrg/dwr/interface/AjaxYddbService.js HTTP/1.1" 200 13201
116.224.253.72 - - [22/Feb/2021:09:27:35 +0800] "GET /xingrg/dwr/interface/AjaxComOrderService.js HTTP/1.1" 200 18264
116.224.253.72 - - [22/Feb/2021:09:27:35 +0800] "GET /xingrg/dwr/engine.js HTTP/1.1" 200 43631
117.185.32.26 - - [22/Feb/2021:09:27:37 +0800] "GET /xingrg/all/function/internal_message.html?_=1613957249275&CODE_STATE=getMsg HTTP/1.1" 200 27
116.224.253.72 - - [22/Feb/2021:09:27:38 +0800] "POST /xingrg/dwr/call/plaincall/AjaxYddbService.getRestBases.dwr HTTP/1.1" 200 1514
180.169.147.146 - - [22/Feb/2021:09:27:42 +0800] "GET /xingrg/all/function/internal_message.html?_=1613957261066&CODE_STATE=getMsg HTTP/1.1" 200 27
116.224.253.72 - - [22/Feb/2021:09:27:43 +0800] "POST /xingrg/dwr/call/plaincall/AjaxYddbService.saveOrder.dwr HTTP/1.1" 200 78
116.224.253.72 - - [22/Feb/2021:09:27:43 +0800] "GET /xingrg/images/yd/bt.gif HTTP/1.1" 404 1040
116.224.253.72 - - [22/Feb/2021:09:27:46 +0800] "POST /xingrg/dwr/call/plaincall/AjaxComOrderService.getMaterielSearchList.dwr HTTP/1.1" 200 1428
114.88.166.193 - - [22/Feb/2021:09:27:47 +0800] "GET /xingrg/kc/buy/cgsh_order_operate.html?command=get_materiel&rest_code=00111&code=00101008112&supplier_code=00100005&order_time=2021-02-22 HTTP/1.1" 200 412
116.224.253.72 - - [22/Feb/2021:09:27:47 +0800] "POST /xingrg/dwr/call/plaincall/AjaxComOrderService.getMaterielSearchList.dwr HTTP/1.1" 200 464
114.86.231.125 - - [22/Feb/2021:09:27:49 +0800] "GET /xingrg/check_reg.html?_=1613957331386 HTTP/1.1" 200 22
114.86.231.125 - - [22/Feb/2021:09:27:49 +0800] "GET /xingrg/all/function/internal_message.html?_=1613957331388&CODE_STATE=getMsg HTTP/1.1" 200 27
116.224.253.72 - - [22/Feb/2021:09:27:49 +0800] "POST /xingrg/dwr/call/plaincall/AjaxYddbService.getMaterielByMap.dwr HTTP/1.1" 200 3749
116.224.253.72 - - [22/Feb/2021:09:27:51 +0800] "POST /xingrg/dwr/call/plaincall/AjaxYddbService.getUnitPrice.dwr HTTP/1.1" 200 86
222.69.139.13 - - [22/Feb/2021:09:27:53 +0800] "POST /xingrg/services/DataTransmitService HTTP/1.1" 200 524
117.184.7.26 - - [22/Feb/2021:09:27:54 +0800] "POST /xingrg/kc/buy/cgsh_order_operate.html HTTP/1.1" 200 37
116.224.253.72 - - [22/Feb/2021:09:27:54 +0800] "GET /xingrg/images/yd/bt2.gif HTTP/1.1" 404 1042
117.184.7.26 - - [22/Feb/2021:09:27:55 +0800] "POST /xingrg/kc/buy/cgsh_order_operate.html HTTP/1.1" 200 10990
116.224.253.72 - - [22/Feb/2021:09:27:55 +0800] "POST /xingrg/dwr/call/plaincall/AjaxYddbService.saveMaterielItem.dwr HTTP/1.1" 200 78
117.184.7.26 - - [22/Feb/2021:09:27:55 +0800] "GET /xingrg/all/function/internal_message.html?_=1613957275672&CODE_STATE=getMsg HTTP/1.1" 200 27
116.224.253.72 - - [22/Feb/2021:09:27:57 +0800] "POST /xingrg/dwr/call/plaincall/AjaxComOrderService.getMaterielSearchList.dwr HTTP/1.1" 200 1428
116.224.253.72 - - [22/Feb/2021:09:27:57 +0800] "GET /xingrg/all/function/internal_message.html?_=1613957251979&CODE_STATE=getMsg HTTP/1.1" 200 27
61.165.42.208 - - [22/Feb/2021:09:27:57 +0800] "GET /xingrg/kc/buy/cgsh_order_operate.html?command=get_materiel&rest_code=00105&code=00101008298&supplier_code=00100203&order_time=2021-02-22 HTTP/1.1" 200 413
117.184.7.26 - - [22/Feb/2021:09:27:57 +0800] "GET /xingrg/kc/print/load_data.html?order_code=212021022208107&kc_code=cgsh&condition= HTTP/1.1" 200 3826
222.69.139.13 - - [22/Feb/2021:09:27:57 +0800] "POST /xingrg/services/DataTransmitService HTTP/1.1" 200 501
116.224.253.72 - - [22/Feb/2021:09:27:58 +0800] "POST /xingrg/dwr/call/plaincall/AjaxComOrderService.getMaterielSearchList.dwr HTTP/1.1" 200 464
116.224.253.72 - - [22/Feb/2021:09:27:59 +0800] "POST /xingrg/dwr/call/plaincall/AjaxYddbService.getMaterielByMap.dwr HTTP/1.1" 200 3746
101.228.165.73 - - [22/Feb/2021:09:28:00 +0800] "GET /xingrg/all/function/internal_message.html?_=1613957281509&CODE_STATE=getMsg HTTP/1.1" 200 27
116.224.253.72 - - [22/Feb/2021:09:28:01 +0800] "POST /xingrg/dwr/call/plaincall/AjaxYddbService.getUnitPrice.dwr HTTP/1.1" 200 88
114.88.166.193 - - [22/Feb/2021:09:28:03 +0800] "GET /xingrg/kc/buy/cgsh_order_operate.html?command=get_materiel&rest_code=00111&code=00101015038&supplier_code=00100005&order_time=2021-02-22 HTTP/1.1" 200 418
61.165.42.208 - - [22/Feb/2021:09:28:04 +0800] "GET /xingrg/all/function/internal_message.html?_=1613957284546&CODE_STATE=getMsg HTTP/1.1" 200 27
116.224.253.72 - - [22/Feb/2021:09:28:04 +0800] "POST /xingrg/dwr/call/plaincall/AjaxYddbService.saveMaterielItem.dwr HTTP/1.1" 200 79
61.165.42.208 - - [22/Feb/2021:09:28:05 +0800] "POST /xingrg/kc/buy/cgsh_order_operate.html HTTP/1.1" 200 37
61.165.42.208 - - [22/Feb/2021:09:28:06 +0800] "POST /xingrg/kc/buy/cgsh_order_operate.html HTTP/1.1" 200 34009
61.165.42.208 - - [22/Feb/2021:09:28:07 +0800] "GET /xingrg/kc/print/load_data.html?order_code=212021022208079&kc_code=cgsh&condition= HTTP/1.1" 200 12497
116.227.208.86 - - [22/Feb/2021:09:28:10 +0800] "GET /xingrg/all/function/internal_message.html?_=1613957288264&CODE_STATE=getMsg HTTP/1.1" 200 27
116.224.253.72 - - [22/Feb/2021:09:28:10 +0800] "POST /xingrg/dwr/call/plaincall/AjaxYddbService.saveMaterielItem.dwr HTTP/1.1" 200 79
114.88.166.193 - - [22/Feb/2021:09:28:12 +0800] "GET /xingrg/kc/buy/cgsh_order_operate.html?command=get_materiel&rest_code=00111&code=00101008150&supplier_code=00100005&order_time=2021-02-22 HTTP/1.1" 200 409
117.184.7.26 - - [22/Feb/2021:09:28:14 +0800] "GET /xingrg/kc/buy/cgsh_order_add.html HTTP/1.1" 200 62063
116.224.253.72 - - [22/Feb/2021:09:28:14 +0800] "POST /xingrg/dwr/call/plaincall/AjaxYddbService.checkOrder.dwr HTTP/1.1" 200 79
117.184.7.26 - - [22/Feb/2021:09:28:15 +0800] "POST /xingrg/kc/buy/cgsh_order_operate.html HTTP/1.1" 200 8245
180.169.147.146 - - [22/Feb/2021:09:28:15 +0800] "GET /xingrg/check_reg.html?_=1613957296648 HTTP/1.1" 200 22
180.169.147.146 - - [22/Feb/2021:09:28:15 +0800] "GET /xingrg/all/function/internal_message.html?_=1613957296643&CODE_STATE=getMsg HTTP/1.1" 200 27
117.184.7.26 - - [22/Feb/2021:09:28:15 +0800] "GET /xingrg/javascript/easyui/themes/default/validatebox.css HTTP/1.1" 404 1104
116.224.253.72 - - [22/Feb/2021:09:28:15 +0800] "GET /xingrg/kc/base/yddb_order_info.html?code=482021022200210 HTTP/1.1" 200 29375
116.224.253.72 - - [22/Feb/2021:09:28:15 +0800] "GET /xingrg/dwr/interface/AjaxComOrderService.js HTTP/1.1" 200 18264
116.224.253.72 - - [22/Feb/2021:09:28:15 +0800] "GET /xingrg/dwr/interface/AjaxYddbService.js HTTP/1.1" 200 13201
116.224.253.72 - - [22/Feb/2021:09:28:15 +0800] "GET /xingrg/dwr/engine.js HTTP/1.1" 200 43631
116.224.253.72 - - [22/Feb/2021:09:28:15 +0800] "POST /xingrg/dwr/call/plaincall/AjaxYddbService.loadMaterielItems.dwr HTTP/1.1" 200 835
114.88.166.193 - - [22/Feb/2021:09:28:16 +0800] "POST /xingrg/kc/buy/cgsh_order_operate.html HTTP/1.1" 200 2065
116.224.253.72 - - [22/Feb/2021:09:28:16 +0800] "GET /xingrg/all/function/internal_message.html?_=1613957294220&CODE_STATE=getMsg HTTP/1.1" 200 27
114.86.231.125 - - [22/Feb/2021:09:28:16 +0800] "GET /xingrg/kc/buy/cgsh_order_operate.html?command=get_materiel&rest_code=00109&code=00101008313&supplier_code=00100005&order_time=2021-02-22 HTTP/1.1" 200 412
116.224.253.72 - - [22/Feb/2021:09:28:18 +0800] "GET /xingrg/kc/base/yddb_order_report.html?fileType=servlets/html&code=482021022200210&reportName=ck_order_report&subName=yddb HTTP/1.1" 302 -
116.224.253.72 - - [22/Feb/2021:09:28:18 +0800] "GET /xingrg/servlets/html?sysBaseUrl=http%3A%2F%2F180.169.147.146%3A18081%2Fxingrg%2F&costTime=67×tamp=1613957298242 HTTP/1.1" 200 17560
116.224.253.72 - - [22/Feb/2021:09:28:18 +0800] "GET /xingrg/servlets/image?image=px HTTP/1.1" 200 807
116.224.253.72 - - [22/Feb/2021:09:28:18 +0800] "GET /favicon.ico HTTP/1.1" 404 -
114.86.231.125 - - [22/Feb/2021:09:28:18 +0800] "POST /xingrg/kc/buy/cgsh_order_operate.html HTTP/1.1" 200 2065
180.174.195.252 - - [22/Feb/2021:09:28:19 +0800] "GET /xingrg/all/function/internal_message.html?_=1613957551580&CODE_STATE=getMsg HTTP/1.1" 200 27
101.228.165.73 - - [22/Feb/2021:09:28:19 +0800] "GET /xingrg/check_reg.html?_=1613957301014 HTTP/1.1" 200 22
114.86.231.125 - - [22/Feb/2021:09:28:22 +0800] "GET /xingrg/kc/buy/cgsh_order_operate.html?command=get_materiel&rest_code=00109&code=00101008006&supplier_code=00100005&order_time=2021-02-22 HTTP/1.1" 200 417
114.88.166.193 - - [22/Feb/2021:09:28:24 +0800] "GET /xingrg/all/function/internal_message.html?_=1613957300045&CODE_STATE=getMsg HTTP/1.1" 200 27
114.86.231.125 - - [22/Feb/2021:09:28:28 +0800] "GET /xingrg/kc/buy/cgsh_order_operate.html?command=get_materiel&rest_code=00109&code=00101008296&supplier_code=00100005&order_time=2021-02-22 HTTP/1.1" 200 416
120.253.135.82 - - [22/Feb/2021:09:28:28 +0800] "GET /xingrg/all/function/internal_message.html?_=1613957422247&CODE_STATE=getMsg HTTP/1.1" 200 27
114.88.166.193 - - [22/Feb/2021:09:28:29 +0800] "GET /xingrg/kc/buy/cgsh_order_operate.html?command=get_materiel&rest_code=00111&code=00101008168&supplier_code=00100005&order_time=2021-02-22 HTTP/1.1" 200 413
116.224.253.72 - - [22/Feb/2021:09:28:30 +0800] "POST /xingrg/all/user/operate.html HTTP/1.1" 200 36
116.224.253.72 - - [22/Feb/2021:09:28:30 +0800] "GET /xingrg/index.html?sysBaseUrl=http%3A%2F%2F180.169.147.146%3A18081%2Fxingrg%2F&costTime=37×tamp=1613884828556 HTTP/1.1" 200 17177
116.224.253.72 - - [22/Feb/2021:09:28:30 +0800] "GET /xingrg/javascript/jquery_easy_ui/themes/default/easyui.css HTTP/1.1" 304 -
116.224.253.72 - - [22/Feb/2021:09:28:30 +0800] "GET /xingrg/javascript/jquery_easy_ui/themes/icon.css HTTP/1.1" 304 -
116.224.253.72 - - [22/Feb/2021:09:28:30 +0800] "GET /xingrg/css/form.css HTTP/1.1" 304 -
116.224.253.72 - - [22/Feb/2021:09:28:30 +0800] "GET /xingrg/javascript/jquery-1.4.2.min.js HTTP/1.1" 304 -
116.224.253.72 - - [22/Feb/2021:09:28:30 +0800] "GET /xingrg/javascript/jquery_easy_ui/jquery.easyui.min.js HTTP/1.1" 304 -
116.224.253.72 - - [22/Feb/2021:09:28:30 +0800] "GET /xingrg/javascript/jquery_easy_ui/easyui-lang-zh_CN.js HTTP/1.1" 304 -
116.224.253.72 - - [22/Feb/2021:09:28:30 +0800] "GET /xingrg/javascript/jquery.form.js HTTP/1.1" 304 -
116.224.253.72 - - [22/Feb/2021:09:28:30 +0800] "GET /xingrg/javascript/jquery.utils.js HTTP/1.1" 304 -
116.224.253.72 - - [22/Feb/2021:09:28:30 +0800] "GET /xingrg/javascript/jquery.timers.js HTTP/1.1" 304 -
116.224.253.72 - - [22/Feb/2021:09:28:30 +0800] "GET /xingrg/images/blue/jxLogo.png HTTP/1.1" 304 -
116.224.253.72 - - [22/Feb/2021:09:28:30 +0800] "GET /xingrg/javascript/jquery_easy_ui/themes/icons/settle_new.png HTTP/1.1" 304 -
116.224.253.72 - - [22/Feb/2021:09:28:30 +0800] "GET /xingrg/images/blue/navBackgound.jpg HTTP/1.1" 304 -
116.224.253.72 - - [22/Feb/2021:09:28:31 +0800] "POST /xingrg/all/common/load_tree.html?tree=area_rest_tree_json&manage=1 HTTP/1.1" 200 476
116.224.253.72 - - [22/Feb/2021:09:28:31 +0800] "GET /xingrg/all/function/internal_message.html?_=1613957312030&CODE_STATE=count HTTP/1.1" 200 11
116.224.253.72 - - [22/Feb/2021:09:28:31 +0800] "GET /xingrg/check_reg.html?_=1613957312032 HTTP/1.1" 200 22
116.224.253.72 - - [22/Feb/2021:09:28:31 +0800] "GET /xingrg/javascript/jquery_easy_ui/themes/default/images/tabs_rightarrow.png HTTP/1.1" 304 -
116.224.253.72 - - [22/Feb/2021:09:28:31 +0800] "GET /xingrg/javascript/jquery_easy_ui/themes/default/images/panel_tool_collapse.gif HTTP/1.1" 304 -
116.224.253.72 - - [22/Feb/2021:09:28:31 +0800] "GET /xingrg/images/blue/pingpu.png HTTP/1.1" 304 -
116.224.253.72 - - [22/Feb/2021:09:28:31 +0800] "GET /xingrg/javascript/jquery_easy_ui/themes/default/images/tabs_leftarrow.png HTTP/1.1" 304 -
116.224.253.72 - - [22/Feb/2021:09:28:31 +0800] "POST /xingrg/load_menu.html HTTP/1.1" 200 5138
116.224.253.72 - - [22/Feb/2021:09:28:33 +0800] "GET /xingrg/kc/base/yddb_order_list.html HTTP/1.1" 200 16949
116.224.253.72 - - [22/Feb/2021:09:28:33 +0800] "POST /xingrg/kc/base/yddb_list_operate.html HTTP/1.1" 200 636
116.224.253.72 - - [22/Feb/2021:09:28:36 +0800] "POST /xingrg/kc/base/yddb_list_operate.html HTTP/1.1" 200 1346
117.185.32.26 - - [22/Feb/2021:09:28:37 +0800] "GET /xingrg/all/function/internal_message.html?_=1613957309301&CODE_STATE=getMsg HTTP/1.1" 200 27
114.88.166.193 - - [22/Feb/2021:09:28:37 +0800] "GET /xingrg/kc/buy/cgsh_order_operate.html?command=get_materiel&rest_code=00111&code=00101008165&supplier_code=00100005&order_time=2021-02-22 HTTP/1.1" 200 416
116.224.253.72 - - [22/Feb/2021:09:28:38 +0800] "POST /xingrg/kc/base/yddb_list_operate.html HTTP/1.1" 200 302
116.224.253.72 - - [22/Feb/2021:09:28:39 +0800] "GET /xingrg/kc/base/yddb_order_info.html?code=482021022200210 HTTP/1.1" 200 30940
116.224.253.72 - - [22/Feb/2021:09:28:39 +0800] "GET /xingrg/dwr/interface/AjaxComOrderService.js HTTP/1.1" 200 18264
116.224.253.72 - - [22/Feb/2021:09:28:39 +0800] "GET /xingrg/dwr/interface/AjaxYddbService.js HTTP/1.1" 200 13201
116.224.253.72 - - [22/Feb/2021:09:28:39 +0800] "GET /xingrg/dwr/engine.js HTTP/1.1" 200 43631
116.224.253.72 - - [22/Feb/2021:09:28:39 +0800] "POST /xingrg/dwr/call/plaincall/AjaxYddbService.loadMaterielItems.dwr HTTP/1.1" 200 835
180.169.147.146 - - [22/Feb/2021:09:28:42 +0800] "GET /xingrg/all/function/internal_message.html?_=1613957321081&CODE_STATE=getMsg HTTP/1.1" 200 27
180.169.147.146 - - [22/Feb/2021:09:28:42 +0800] "GET /xingrg/check_reg.html?_=1613957321086 HTTP/1.1" 200 22
116.224.253.72 - - [22/Feb/2021:09:28:42 +0800] "POST /xingrg/dwr/call/plaincall/AjaxYddbService.saveOrder.dwr HTTP/1.1" 200 78
222.69.139.13 - - [22/Feb/2021:09:28:42 +0800] "POST /xingrg/services/DataTransmitService HTTP/1.1" 200 524
114.88.166.193 - - [22/Feb/2021:09:28:44 +0800] "GET /xingrg/kc/buy/cgsh_order_operate.html?command=get_materiel&rest_code=00111&code=00101008223&supplier_code=00100005&order_time=2021-02-22 HTTP/1.1" 200 412
117.184.7.26 - - [22/Feb/2021:09:28:46 +0800] "GET /xingrg/kc/buy/cgsh_order_operate.html?command=get_materiel&rest_code=00108&code=00101012046&supplier_code=00100347&order_time=2021-02-17 HTTP/1.1" 200 437
114.86.231.125 - - [22/Feb/2021:09:28:46 +0800] "GET /xingrg/all/function/internal_message.html?_=1613957391390&CODE_STATE=getMsg HTTP/1.1" 200 27
116.224.253.72 - - [22/Feb/2021:09:28:48 +0800] "POST /xingrg/dwr/call/plaincall/AjaxYddbService.objCheckOrder.dwr HTTP/1.1" 200 78
116.224.253.72 - - [22/Feb/2021:09:28:48 +0800] "GET /xingrg/kc/base/yddb_order_info.html?code=482021022200210 HTTP/1.1" 200 31061
116.224.253.72 - - [22/Feb/2021:09:28:48 +0800] "GET /xingrg/dwr/interface/AjaxYddbService.js HTTP/1.1" 200 13201
116.224.253.72 - - [22/Feb/2021:09:28:48 +0800] "GET /xingrg/dwr/interface/AjaxComOrderService.js HTTP/1.1" 200 18264
116.224.253.72 - - [22/Feb/2021:09:28:48 +0800] "GET /xingrg/dwr/engine.js HTTP/1.1" 200 43631
116.224.253.72 - - [22/Feb/2021:09:28:49 +0800] "POST /xingrg/dwr/call/plaincall/AjaxYddbService.loadMaterielItems.dwr HTTP/1.1" 200 835
114.88.166.193 - - [22/Feb/2021:09:28:52 +0800] "GET /xingrg/kc/buy/cgsh_order_operate.html?command=get_materiel&rest_code=00111&code=00101008114&supplier_code=00100005&order_time=2021-02-22 HTTP/1.1" 200 413
117.184.7.26 - - [22/Feb/2021:09:28:55 +0800] "GET /xingrg/all/function/internal_message.html?_=1613957335675&CODE_STATE=getMsg HTTP/1.1" 200 27
116.224.253.72 - - [22/Feb/2021:09:28:57 +0800] "GET /xingrg/all/function/internal_message.html?_=1613957311986&CODE_STATE=getMsg HTTP/1.1" 200 27
101.228.165.73 - - [22/Feb/2021:09:29:00 +0800] "GET /xingrg/all/function/internal_message.html?_=1613957341514&CODE_STATE=getMsg HTTP/1.1" 200 27
114.88.166.193 - - [22/Feb/2021:09:29:01 +0800] "GET /xingrg/kc/buy/cgsh_order_operate.html?command=get_materiel&rest_code=00111&code=00101008061&supplier_code=00100005&order_time=2021-02-22 HTTP/1.1" 200 443
117.184.7.26 - - [22/Feb/2021:09:29:01 +0800] "GET /xingrg/kc/buy/cgsh_order_operate.html?command=get_materiel&rest_code=00108&code=00101005022&supplier_code=00100347&order_time=2021-02-17 HTTP/1.1" 200 417
114.88.166.193 - - [22/Feb/2021:09:29:03 +0800] "POST /xingrg/kc/buy/cgsh_order_operate.html HTTP/1.1" 200 2065
61.165.42.208 - - [22/Feb/2021:09:29:04 +0800] "GET /xingrg/all/function/internal_message.html?_=1613957344571&CODE_STATE=getMsg HTTP/1.1" 200 27
114.88.166.193 - - [22/Feb/2021:09:29:08 +0800] "GET /xingrg/kc/buy/cgsh_order_operate.html?command=get_materiel&rest_code=00111&code=00101015027&supplier_code=00100005&order_time=2021-02-22 HTTP/1.1" 200 417
116.227.208.86 - - [22/Feb/2021:09:29:10 +0800] "GET /xingrg/all/function/internal_message.html?_=1613957348266&CODE_STATE=getMsg HTTP/1.1" 200 27
180.169.147.146 - - [22/Feb/2021:09:29:15 +0800] "GET /xingrg/all/function/internal_message.html?_=1613957356638&CODE_STATE=getMsg HTTP/1.1" 200 27
116.224.253.72 - - [22/Feb/2021:09:29:16 +0800] "GET /xingrg/all/function/internal_message.html?_=1613957354221&CODE_STATE=getMsg HTTP/1.1" 200 27
180.174.195.252 - - [22/Feb/2021:09:29:19 +0800] "GET /xingrg/all/function/internal_message.html?_=1613957611828&CODE_STATE=getMsg HTTP/1.1" 200 27
114.88.166.193 - - [22/Feb/2021:09:29:24 +0800] "GET /xingrg/all/function/internal_message.html?_=1613957360059&CODE_STATE=getMsg HTTP/1.1" 200 27
120.253.135.82 - - [22/Feb/2021:09:29:28 +0800] "GET /xingrg/all/function/internal_message.html?_=1613957482283&CODE_STATE=getMsg HTTP/1.1" 200 27
114.88.166.193 - - [22/Feb/2021:09:29:29 +0800] "GET /xingrg/kc/buy/cgsh_order_operate.html?command=get_materiel&rest_code=00111&code=00101008036&supplier_code=00100005&order_time=2021-02-22 HTTP/1.1" 200 427
116.224.253.72 - - [22/Feb/2021:09:29:31 +0800] "GET /xingrg/all/function/internal_message.html?_=1613957372044&CODE_STATE=getMsg HTTP/1.1" 200 27
117.185.32.26 - - [22/Feb/2021:09:29:37 +0800] "GET /xingrg/all/function/internal_message.html?_=1613957369300&CODE_STATE=getMsg HTTP/1.1" 200 27
117.185.32.26 - - [22/Feb/2021:09:29:37 +0800] "GET /xingrg/check_reg.html?_=1613957369302 HTTP/1.1" 200 22
116.224.253.72 - - [22/Feb/2021:09:29:38 +0800] "GET /xingrg/kc/base/yddb_order_report.html?fileType=printView.do&code=482021022200210&reportName=ck_order_report&subName=yddb HTTP/1.1" 302 -
116.224.253.72 - - [22/Feb/2021:09:29:38 +0800] "GET /xingrg/printView.do?sysBaseUrl=http%3A%2F%2F180.169.147.146%3A18081%2Fxingrg%2F&costTime=101×tamp=1613957378443 HTTP/1.1" 200 1153
116.224.253.72 - - [22/Feb/2021:09:29:38 +0800] "GET /xingrg/applets HTTP/1.1" 302 -
116.224.253.72 - - [22/Feb/2021:09:29:38 +0800] "GET /xingrg/applets/ HTTP/1.1" 404 992
116.224.253.72 - - [22/Feb/2021:09:29:38 +0800] "GET /favicon.ico HTTP/1.1" 404 -
180.169.147.146 - - [22/Feb/2021:09:29:42 +0800] "GET /xingrg/all/function/internal_message.html?_=1613957381065&CODE_STATE=getMsg HTTP/1.1" 200 27
116.224.253.72 - - [22/Feb/2021:09:29:42 +0800] "GET /xingrg/kc/base/yddb_order_report.html?fileType=printReport.do&code=482021022200210&reportName=ck_order_report&subName=yddb HTTP/1.1" 302 -
116.224.253.72 - - [22/Feb/2021:09:29:42 +0800] "GET /xingrg/printReport.do?sysBaseUrl=http%3A%2F%2F180.169.147.146%3A18081%2Fxingrg%2F&costTime=50×tamp=1613957382423 HTTP/1.1" 200 1138
116.224.253.72 - - [22/Feb/2021:09:29:42 +0800] "GET /xingrg/applets HTTP/1.1" 302 -
116.224.253.72 - - [22/Feb/2021:09:29:42 +0800] "GET /xingrg/applets/ HTTP/1.1" 404 992
116.224.253.72 - - [22/Feb/2021:09:29:42 +0800] "GET /favicon.ico HTTP/1.1" 404 -
114.86.231.125 - - [22/Feb/2021:09:29:44 +0800] "GET /xingrg/all/function/internal_message.html?_=1613957451390&CODE_STATE=getMsg HTTP/1.1" 200 27
58.37.230.33 - - [22/Feb/2021:09:29:54 +0800] "GET /xingrg/check_reg.html?_=1613957393544 HTTP/1.1" 302 -
58.37.230.33 - - [22/Feb/2021:09:29:54 +0800] "GET /xingrg/login.html HTTP/1.1" 200 7641
117.184.7.26 - - [22/Feb/2021:09:29:56 +0800] "GET /xingrg/all/function/internal_message.html?_=1613957395686&CODE_STATE=getMsg HTTP/1.1" 200 27
117.184.7.26 - - [22/Feb/2021:09:29:56 +0800] "GET /xingrg/check_reg.html?_=1613957395690 HTTP/1.1" 200 22
116.224.253.72 - - [22/Feb/2021:09:29:57 +0800] "GET /xingrg/check_reg.html?_=1613957371707 HTTP/1.1" 200 22
116.224.253.72 - - [22/Feb/2021:09:29:57 +0800] "GET /xingrg/all/function/internal_message.html?_=1613957372000&CODE_STATE=getMsg HTTP/1.1" 200 27
101.228.165.73 - - [22/Feb/2021:09:30:00 +0800] "GET /xingrg/all/function/internal_message.html?_=1613957401533&CODE_STATE=getMsg HTTP/1.1" 200 27
114.88.166.193 - - [22/Feb/2021:09:30:02 +0800] "GET /xingrg/kc/buy/cgsh_order_operate.html?command=get_materiel&rest_code=00111&code=00101016122&supplier_code=00100005&order_time=2021-02-22 HTTP/1.1" 200 395
61.165.42.208 - - [22/Feb/2021:09:30:04 +0800] "GET /xingrg/all/function/internal_message.html?_=1613957404566&CODE_STATE=getMsg HTTP/1.1" 200 27
114.88.166.193 - - [22/Feb/2021:09:30:07 +0800] "POST /xingrg/kc/buy/cgsh_order_operate.html HTTP/1.1" 200 2065
116.227.208.86 - - [22/Feb/2021:09:30:10 +0800] "GET /xingrg/all/function/internal_message.html?_=1613957408271&CODE_STATE=getMsg HTTP/1.1" 200 27
117.184.7.26 - - [22/Feb/2021:09:30:10 +0800] "GET /xingrg/kc/buy/cgsh_order_operate.html?command=get_materiel&rest_code=00108&code=00101004006&supplier_code=00100347&order_time=2021-02-17 HTTP/1.1" 200 425
114.88.166.193 - - [22/Feb/2021:09:30:13 +0800] "GET /xingrg/kc/buy/cgsh_order_operate.html?command=get_materiel&rest_code=00111&code=00101008233&supplier_code=00100005&order_time=2021-02-22 HTTP/1.1" 200 408
180.169.147.146 - - [22/Feb/2021:09:30:15 +0800] "GET /xingrg/all/function/internal_message.html?_=1613957416648&CODE_STATE=getMsg HTTP/1.1" 200 27
116.224.253.72 - - [22/Feb/2021:09:30:16 +0800] "GET /xingrg/all/function/internal_message.html?_=1613957414222&CODE_STATE=getMsg HTTP/1.1" 200 27
180.174.195.252 - - [22/Feb/2021:09:30:19 +0800] "GET /xingrg/all/function/internal_message.html?_=1613957671841&CODE_STATE=getMsg HTTP/1.1" 200 27
114.86.231.125 - - [22/Feb/2021:09:30:21 +0800] "GET /xingrg/kc/buy/cgsh_order_operate.html?command=get_materiel&rest_code=00109&code=00101008225&supplier_code=00100005&order_time=2021-02-22 HTTP/1.1" 200 416
114.88.166.193 - - [22/Feb/2021:09:30:24 +0800] "GET /xingrg/all/function/internal_message.html?_=1613957420132&CODE_STATE=getMsg HTTP/1.1" 200 27
114.88.166.193 - - [22/Feb/2021:09:30:25 +0800] "POST /xingrg/kc/buy/cgsh_order_operate.html HTTP/1.1" 200 37
120.253.135.82 - - [22/Feb/2021:09:30:28 +0800] "GET /xingrg/all/function/internal_message.html?_=1613957542290&CODE_STATE=getMsg HTTP/1.1" 200 27
117.184.7.26 - - [22/Feb/2021:09:30:28 +0800] "GET /xingrg/kc/buy/cgsh_order_operate.html?command=get_materiel&rest_code=00108&code=00101020073&supplier_code=00100347&order_time=2021-02-17 HTTP/1.1" 200 413
116.224.253.72 - - [22/Feb/2021:09:30:31 +0800] "GET /xingrg/all/function/internal_message.html?_=1613957432035&CODE_STATE=getMsg HTTP/1.1" 200 27
117.185.32.26 - - [22/Feb/2021:09:30:37 +0800] "GET /xingrg/all/function/internal_message.html?_=1613957429300&CODE_STATE=getMsg HTTP/1.1" 200 27
114.88.166.193 - - [22/Feb/2021:09:30:38 +0800] "POST /xingrg/kc/buy/cgsh_order_operate.html HTTP/1.1" 200 31653
117.184.7.26 - - [22/Feb/2021:09:30:40 +0800] "POST /xingrg/kc/buy/cgsh_order_operate.html HTTP/1.1" 200 37
114.88.166.193 - - [22/Feb/2021:09:30:40 +0800] "GET /xingrg/kc/print/load_data.html?order_code=212021022208108&kc_code=cgsh&condition= HTTP/1.1" 200 11690
117.184.7.26 - - [22/Feb/2021:09:30:42 +0800] "POST /xingrg/kc/buy/cgsh_order_operate.html HTTP/1.1" 200 4457
180.169.147.146 - - [22/Feb/2021:09:30:42 +0800] "GET /xingrg/all/function/internal_message.html?_=1613957441082&CODE_STATE=getMsg HTTP/1.1" 200 27
114.86.231.125 - - [22/Feb/2021:09:30:42 +0800] "GET /xingrg/all/function/internal_message.html?_=1613957511390&CODE_STATE=getMsg HTTP/1.1" 200 27
117.184.7.26 - - [22/Feb/2021:09:30:44 +0800] "GET /xingrg/kc/print/load_data.html?order_code=212021022208109&kc_code=cgsh&condition= HTTP/1.1" 200 1358
117.184.7.26 - - [22/Feb/2021:09:30:56 +0800] "GET /xingrg/all/function/internal_message.html?_=1613957455685&CODE_STATE=getMsg HTTP/1.1" 200 27
116.224.253.72 - - [22/Feb/2021:09:30:57 +0800] "GET /xingrg/all/function/internal_message.html?_=1613957432014&CODE_STATE=getMsg HTTP/1.1" 200 27
101.228.165.73 - - [22/Feb/2021:09:31:00 +0800] "GET /xingrg/all/function/internal_message.html?_=1613957461705&CODE_STATE=getMsg HTTP/1.1" 200 27
61.165.42.208 - - [22/Feb/2021:09:31:04 +0800] "GET /xingrg/all/function/internal_message.html?_=1613957464563&CODE_STATE=getMsg HTTP/1.1" 200 27
61.165.42.208 - - [22/Feb/2021:09:31:04 +0800] "GET /xingrg/check_reg.html?_=1613957464581 HTTP/1.1" 200 22
