101.228.165.73 - - [22/Feb/2021:08:44:15 +0800] "GET /xingrg/javascript/convert.js HTTP/1.1" 304 -
101.228.165.73 - - [22/Feb/2021:08:44:15 +0800] "GET /xingrg/javascript/print/kc_print.js HTTP/1.1" 304 -
101.228.165.73 - - [22/Feb/2021:08:44:15 +0800] "GET /xingrg/javascript/jquery_tools/order_manager.js HTTP/1.1" 304 -
101.228.165.73 - - [22/Feb/2021:08:44:15 +0800] "GET /xingrg/javascript/json2.js HTTP/1.1" 304 -
101.228.165.73 - - [22/Feb/2021:08:44:15 +0800] "GET /xingrg/kc/buy/cgsh_order_add.html HTTP/1.1" 200 62110
101.228.165.73 - - [22/Feb/2021:08:44:15 +0800] "GET /xingrg/words/20210221161058_words.js HTTP/1.1" 304 -
101.228.165.73 - - [22/Feb/2021:08:44:16 +0800] "GET /xingrg/all/common/auto_word.html?type=employee&rest_code=00146 HTTP/1.1" 200 147
101.228.165.73 - - [22/Feb/2021:08:44:16 +0800] "GET /xingrg/all/common/auto_word.html?type=employee&rest_code=00146 HTTP/1.1" 200 147
101.228.165.73 - - [22/Feb/2021:08:44:16 +0800] "POST /xingrg/kc/buy/cgsh_order_operate.html HTTP/1.1" 200 8245
101.228.165.73 - - [22/Feb/2021:08:44:16 +0800] "GET /xingrg/javascript/easyui/themes/default/validatebox.css HTTP/1.1" 404 1104
101.228.165.73 - - [22/Feb/2021:08:44:16 +0800] "GET /xingrg/javascript/easyui/plugins/jquery.validatebox.js HTTP/1.1" 304 -
101.228.165.73 - - [22/Feb/2021:08:44:16 +0800] "GET /xingrg/javascript/easyui/plugins/jquery.numberbox.js HTTP/1.1" 304 -
116.224.253.72 - - [22/Feb/2021:08:44:16 +0800] "GET /xingrg/all/function/internal_message.html?_=1613954654226&CODE_STATE=getMsg HTTP/1.1" 200 27
101.228.165.73 - - [22/Feb/2021:08:44:23 +0800] "GET /xingrg/javascript/auto/indicator.gif HTTP/1.1" 404 1066
116.224.253.72 - - [22/Feb/2021:08:44:27 +0800] "GET /xingrg/kc/buy/cgsh_order_operate.html?command=get_materiel&rest_code=00150&code=00101008286&supplier_code=00100007&order_time=2021-02-22 HTTP/1.1" 200 409
120.253.135.82 - - [22/Feb/2021:08:44:27 +0800] "GET /xingrg/all/function/internal_message.html?_=1613954781530&CODE_STATE=getMsg HTTP/1.1" 200 27
101.228.165.73 - - [22/Feb/2021:08:44:32 +0800] "GET /xingrg/javascript/jquery_tools/images/next.gif HTTP/1.1" 404 1086
101.228.165.73 - - [22/Feb/2021:08:44:32 +0800] "GET /xingrg/javascript/jquery_tools/images/prev.gif HTTP/1.1" 404 1086
114.88.166.193 - - [22/Feb/2021:08:44:34 +0800] "GET /xingrg/all/function/internal_message.html?_=1613954670617&CODE_STATE=getMsg HTTP/1.1" 200 27
116.224.253.72 - - [22/Feb/2021:08:44:36 +0800] "GET /xingrg/kc/buy/cgsh_order_operate.html?command=get_materiel&rest_code=00150&code=00101008131&supplier_code=00100007&order_time=2021-02-22 HTTP/1.1" 200 408
116.224.253.72 - - [22/Feb/2021:08:44:37 +0800] "GET /xingrg/all/function/internal_message.html?_=1613954678405&CODE_STATE=getMsg HTTP/1.1" 200 27
116.224.253.72 - - [22/Feb/2021:08:44:37 +0800] "GET /xingrg/check_reg.html?_=1613954678410 HTTP/1.1" 200 22
120.253.135.82 - - [22/Feb/2021:08:44:41 +0800] "GET /xingrg/all/function/internal_message.html?_=1613954448210&CODE_STATE=getMsg HTTP/1.1" 200 27
180.169.147.146 - - [22/Feb/2021:08:44:42 +0800] "GET /xingrg/all/function/internal_message.html?_=1613954681065&CODE_STATE=getMsg HTTP/1.1" 200 27
116.224.253.72 - - [22/Feb/2021:08:44:45 +0800] "GET /xingrg/kc/buy/cgsh_order_operate.html?command=get_materiel&rest_code=00150&code=00101008296&supplier_code=00100007&order_time=2021-02-22 HTTP/1.1" 200 416
101.228.165.73 - - [22/Feb/2021:08:44:46 +0800] "GET /xingrg/kc/buy/cgsh_order_operate.html?command=get_materiel&rest_code=00146&code=00101008017&supplier_code=00100005&order_time=2021-02-22 HTTP/1.1" 200 417
116.224.253.72 - - [22/Feb/2021:08:44:54 +0800] "GET /xingrg/kc/buy/cgsh_order_operate.html?command=get_materiel&rest_code=00150&code=00101008371&supplier_code=00100007&order_time=2021-02-22 HTTP/1.1" 200 412
101.228.165.73 - - [22/Feb/2021:08:44:58 +0800] "GET /xingrg/all/function/internal_message.html?_=1613954699152&CODE_STATE=getMsg HTTP/1.1" 200 27
116.224.253.72 - - [22/Feb/2021:08:45:00 +0800] "GET /xingrg/all/function/internal_message.html?_=1613954674883&CODE_STATE=getMsg HTTP/1.1" 200 27
101.228.165.73 - - [22/Feb/2021:08:45:01 +0800] "GET /xingrg/kc/buy/cgsh_order_operate.html?command=get_materiel&rest_code=00146&code=00101008290&supplier_code=00100005&order_time=2021-02-22 HTTP/1.1" 200 416
116.224.253.72 - - [22/Feb/2021:08:45:02 +0800] "GET /xingrg/kc/buy/cgsh_order_operate.html?command=get_materiel&rest_code=00150&code=00101008005&supplier_code=00100007&order_time=2021-02-22 HTTP/1.1" 200 412
101.228.165.73 - - [22/Feb/2021:08:45:12 +0800] "GET /xingrg/kc/buy/cgsh_order_operate.html?command=get_materiel&rest_code=00146&code=00101008003&supplier_code=00100005&order_time=2021-02-22 HTTP/1.1" 200 408
116.224.253.72 - - [22/Feb/2021:08:45:13 +0800] "GET /xingrg/kc/buy/cgsh_order_operate.html?command=get_materiel&rest_code=00150&code=00101008242&supplier_code=00100007&order_time=2021-02-22 HTTP/1.1" 200 408
116.224.253.72 - - [22/Feb/2021:08:45:16 +0800] "GET /xingrg/all/function/internal_message.html?_=1613954714227&CODE_STATE=getMsg HTTP/1.1" 200 27
101.228.165.73 - - [22/Feb/2021:08:45:23 +0800] "GET /xingrg/kc/buy/cgsh_order_operate.html?command=get_materiel&rest_code=00146&code=00101008087&supplier_code=00100005&order_time=2021-02-22 HTTP/1.1" 200 412
120.253.135.82 - - [22/Feb/2021:08:45:27 +0800] "GET /xingrg/all/function/internal_message.html?_=1613954841539&CODE_STATE=getMsg HTTP/1.1" 200 27
101.228.165.73 - - [22/Feb/2021:08:45:34 +0800] "GET /xingrg/kc/buy/cgsh_order_operate.html?command=get_materiel&rest_code=00146&code=00101008321&supplier_code=00100005&order_time=2021-02-22 HTTP/1.1" 200 412
114.88.166.193 - - [22/Feb/2021:08:45:35 +0800] "GET /xingrg/all/function/internal_message.html?_=1613954730654&CODE_STATE=getMsg HTTP/1.1" 200 27
116.224.253.72 - - [22/Feb/2021:08:45:37 +0800] "GET /xingrg/all/function/internal_message.html?_=1613954738403&CODE_STATE=getMsg HTTP/1.1" 200 27
116.224.253.72 - - [22/Feb/2021:08:45:40 +0800] "GET /xingrg/kc/buy/cgsh_order_operate.html?command=get_materiel&rest_code=00150&code=00101008156&supplier_code=00100007&order_time=2021-02-22 HTTP/1.1" 200 414
120.253.135.82 - - [22/Feb/2021:08:45:41 +0800] "GET /xingrg/all/function/internal_message.html?_=1613954508215&CODE_STATE=getMsg HTTP/1.1" 200 27
180.169.147.146 - - [22/Feb/2021:08:45:42 +0800] "GET /xingrg/all/function/internal_message.html?_=1613954741067&CODE_STATE=getMsg HTTP/1.1" 200 27
101.228.165.73 - - [22/Feb/2021:08:45:45 +0800] "GET /xingrg/kc/buy/cgsh_order_operate.html?command=get_materiel&rest_code=00146&code=00101008137&supplier_code=00100005&order_time=2021-02-22 HTTP/1.1" 200 408
116.224.253.72 - - [22/Feb/2021:08:45:50 +0800] "GET /xingrg/kc/buy/cgsh_order_operate.html?command=get_materiel&rest_code=00150&code=00101008350&supplier_code=00100007&order_time=2021-02-22 HTTP/1.1" 200 429
101.228.165.73 - - [22/Feb/2021:08:45:56 +0800] "GET /xingrg/kc/buy/cgsh_order_operate.html?command=get_materiel&rest_code=00146&code=00101008270&supplier_code=00100005&order_time=2021-02-22 HTTP/1.1" 200 431
61.165.42.208 - - [22/Feb/2021:08:45:56 +0800] "GET /xingrg/index.html?sysBaseUrl=http%3A%2F%2F180.169.147.146%3A18081%2Fxingrg%2F&costTime=36×tamp=1585223203754 HTTP/1.1" 302 -
61.165.42.208 - - [22/Feb/2021:08:45:57 +0800] "GET /xingrg/login.html HTTP/1.1" 200 7641
61.165.42.208 - - [22/Feb/2021:08:45:57 +0800] "GET /favicon.ico HTTP/1.1" 404 -
101.228.165.73 - - [22/Feb/2021:08:45:58 +0800] "GET /xingrg/all/function/internal_message.html?_=1613954759166&CODE_STATE=getMsg HTTP/1.1" 200 27
116.224.253.72 - - [22/Feb/2021:08:45:58 +0800] "GET /xingrg/kc/buy/cgsh_order_operate.html?command=get_materiel&rest_code=00150&code=00101008096&supplier_code=00100007&order_time=2021-02-22 HTTP/1.1" 200 413
116.224.253.72 - - [22/Feb/2021:08:46:00 +0800] "GET /xingrg/all/function/internal_message.html?_=1613954735156&CODE_STATE=getMsg HTTP/1.1" 200 27
61.165.42.208 - - [22/Feb/2021:08:46:02 +0800] "POST /xingrg/login.do HTTP/1.1" 200 2421
61.165.42.208 - - [22/Feb/2021:08:46:02 +0800] "GET /favicon.ico HTTP/1.1" 404 -
61.165.42.208 - - [22/Feb/2021:08:46:03 +0800] "GET /xingrg/login.html HTTP/1.1" 200 7641
61.165.42.208 - - [22/Feb/2021:08:46:03 +0800] "GET /favicon.ico HTTP/1.1" 404 -
61.165.42.208 - - [22/Feb/2021:08:46:04 +0800] "POST /xingrg/login.do HTTP/1.1" 302 -
61.165.42.208 - - [22/Feb/2021:08:46:04 +0800] "GET /xingrg/index.html?sysBaseUrl=http%3A%2F%2F180.169.147.146%3A18081%2Fxingrg%2F&costTime=65×tamp=1613954764374 HTTP/1.1" 200 17173
61.165.42.208 - - [22/Feb/2021:08:46:04 +0800] "GET /favicon.ico HTTP/1.1" 404 -
61.165.42.208 - - [22/Feb/2021:08:46:04 +0800] "POST /xingrg/all/common/load_tree.html?tree=area_rest_tree_json&manage=1 HTTP/1.1" 200 3344
61.165.42.208 - - [22/Feb/2021:08:46:04 +0800] "GET /xingrg/all/function/internal_message.html?_=1613954764484&CODE_STATE=count HTTP/1.1" 200 11
61.165.42.208 - - [22/Feb/2021:08:46:04 +0800] "GET /xingrg/check_reg.html?_=1613954764485 HTTP/1.1" 200 22
61.165.42.208 - - [22/Feb/2021:08:46:04 +0800] "POST /xingrg/load_menu.html HTTP/1.1" 200 5138
116.224.253.72 - - [22/Feb/2021:08:46:06 +0800] "GET /xingrg/kc/buy/cgsh_order_operate.html?command=get_materiel&rest_code=00150&code=00101008223&supplier_code=00100007&order_time=2021-02-22 HTTP/1.1" 200 412
101.228.165.73 - - [22/Feb/2021:08:46:08 +0800] "GET /xingrg/kc/buy/cgsh_order_operate.html?command=get_materiel&rest_code=00146&code=00101008359&supplier_code=00100005&order_time=2021-02-22 HTTP/1.1" 200 408
180.174.195.252 - - [22/Feb/2021:08:46:11 +0800] "GET /xingrg/check_reg.html?_=1613955022575 HTTP/1.1" 302 -
61.165.42.208 - - [22/Feb/2021:08:46:11 +0800] "GET /xingrg/kc/buy/cgsh_order_list.html HTTP/1.1" 200 46366
180.174.195.252 - - [22/Feb/2021:08:46:11 +0800] "GET /xingrg/login.html HTTP/1.1" 200 7641
61.165.42.208 - - [22/Feb/2021:08:46:12 +0800] "POST /xingrg/kc/buy/cgsh_list_operate.html HTTP/1.1" 200 876
61.165.42.208 - - [22/Feb/2021:08:46:13 +0800] "GET /xingrg/kc/buy/cgsh_order_add.html HTTP/1.1" 200 62151
61.165.42.208 - - [22/Feb/2021:08:46:13 +0800] "GET /xingrg/words/20210221161058_words.js HTTP/1.1" 304 -
61.165.42.208 - - [22/Feb/2021:08:46:13 +0800] "POST /xingrg/kc/buy/cgsh_order_operate.html HTTP/1.1" 200 8245
61.165.42.208 - - [22/Feb/2021:08:46:13 +0800] "GET /xingrg/all/common/auto_word.html?type=employee&rest_code=00105 HTTP/1.1" 200 193
61.165.42.208 - - [22/Feb/2021:08:46:13 +0800] "GET /xingrg/all/common/auto_word.html?type=employee&rest_code=00105 HTTP/1.1" 200 193
61.165.42.208 - - [22/Feb/2021:08:46:13 +0800] "GET /xingrg/javascript/easyui/themes/default/validatebox.css HTTP/1.1" 404 1104
61.165.42.208 - - [22/Feb/2021:08:46:14 +0800] "GET /xingrg/javascript/auto/indicator.gif HTTP/1.1" 404 1066
116.224.253.72 - - [22/Feb/2021:08:46:16 +0800] "GET /xingrg/check_reg.html?_=1613954774228 HTTP/1.1" 200 22
116.224.253.72 - - [22/Feb/2021:08:46:16 +0800] "GET /xingrg/all/function/internal_message.html?_=1613954774228&CODE_STATE=getMsg HTTP/1.1" 200 27
114.88.166.193 - - [22/Feb/2021:08:46:18 +0800] "GET /xingrg/check_reg.html?_=1613954774394 HTTP/1.1" 200 22
116.224.253.72 - - [22/Feb/2021:08:46:19 +0800] "GET /xingrg/kc/buy/cgsh_order_operate.html?command=get_materiel&rest_code=00150&code=00101008236&supplier_code=00100007&order_time=2021-02-22 HTTP/1.1" 200 417
101.228.165.73 - - [22/Feb/2021:08:46:19 +0800] "GET /xingrg/kc/buy/cgsh_order_operate.html?command=get_materiel&rest_code=00146&code=00101008027&supplier_code=00100005&order_time=2021-02-22 HTTP/1.1" 200 430
120.253.135.82 - - [22/Feb/2021:08:46:27 +0800] "GET /xingrg/check_reg.html?_=1613954901216 HTTP/1.1" 200 22
120.253.135.82 - - [22/Feb/2021:08:46:27 +0800] "GET /xingrg/all/function/internal_message.html?_=1613954901554&CODE_STATE=getMsg HTTP/1.1" 200 27
116.224.253.72 - - [22/Feb/2021:08:46:28 +0800] "GET /xingrg/kc/buy/cgsh_order_operate.html?command=get_materiel&rest_code=00150&code=00101008095&supplier_code=00100007&order_time=2021-02-22 HTTP/1.1" 200 412
61.165.42.208 - - [22/Feb/2021:08:46:28 +0800] "GET /xingrg/kc/buy/cgsh_order_operate.html?command=get_materiel&rest_code=00105&code=00101016122&supplier_code=00100203&order_time=2021-02-22 HTTP/1.1" 200 395
116.224.253.72 - - [22/Feb/2021:08:46:34 +0800] "POST /xingrg/kc/buy/cgsh_order_operate.html HTTP/1.1" 200 37
114.88.166.193 - - [22/Feb/2021:08:46:35 +0800] "GET /xingrg/all/function/internal_message.html?_=1613954790660&CODE_STATE=getMsg HTTP/1.1" 200 27
101.228.165.73 - - [22/Feb/2021:08:46:35 +0800] "GET /xingrg/kc/buy/cgsh_order_operate.html?command=get_materiel&rest_code=00146&code=00101008354&supplier_code=00100005&order_time=2021-02-22 HTTP/1.1" 200 432
116.224.253.72 - - [22/Feb/2021:08:46:36 +0800] "POST /xingrg/kc/buy/cgsh_order_operate.html HTTP/1.1" 200 13885
116.224.253.72 - - [22/Feb/2021:08:46:37 +0800] "GET /xingrg/all/function/internal_message.html?_=1613954798405&CODE_STATE=getMsg HTTP/1.1" 200 27
120.253.135.82 - - [22/Feb/2021:08:46:41 +0800] "GET /xingrg/check_reg.html?_=1613954568173 HTTP/1.1" 200 22
120.253.135.82 - - [22/Feb/2021:08:46:41 +0800] "GET /xingrg/all/function/internal_message.html?_=1613954568230&CODE_STATE=getMsg HTTP/1.1" 200 27
180.169.147.146 - - [22/Feb/2021:08:46:42 +0800] "GET /xingrg/all/function/internal_message.html?_=1613954801069&CODE_STATE=getMsg HTTP/1.1" 200 27
116.224.253.72 - - [22/Feb/2021:08:46:43 +0800] "GET /xingrg/kc/buy/cgsh_order_operate.html?command=get_materiel&rest_code=00150&code=00101008110&supplier_code=00100007&order_time=2021-02-22 HTTP/1.1" 200 408
116.224.253.72 - - [22/Feb/2021:08:46:50 +0800] "POST /xingrg/kc/buy/cgsh_order_operate.html HTTP/1.1" 200 37
101.228.165.73 - - [22/Feb/2021:08:46:52 +0800] "GET /xingrg/kc/buy/cgsh_order_operate.html?command=get_materiel&rest_code=00146&code=00101008338&supplier_code=00100005&order_time=2021-02-22 HTTP/1.1" 200 409
116.224.253.72 - - [22/Feb/2021:08:46:54 +0800] "POST /xingrg/kc/buy/cgsh_order_operate.html HTTP/1.1" 200 14472
101.228.165.73 - - [22/Feb/2021:08:46:58 +0800] "GET /xingrg/all/function/internal_message.html?_=1613954819179&CODE_STATE=getMsg HTTP/1.1" 200 27
116.224.253.72 - - [22/Feb/2021:08:47:00 +0800] "GET /xingrg/check_reg.html?_=1613954794852 HTTP/1.1" 200 22
116.224.253.72 - - [22/Feb/2021:08:47:00 +0800] "GET /xingrg/all/function/internal_message.html?_=1613954795161&CODE_STATE=getMsg HTTP/1.1" 200 27
61.165.42.208 - - [22/Feb/2021:08:47:04 +0800] "GET /xingrg/all/function/internal_message.html?_=1613954824502&CODE_STATE=getMsg HTTP/1.1" 200 27
116.224.253.72 - - [22/Feb/2021:08:47:16 +0800] "GET /xingrg/all/function/internal_message.html?_=1613954834229&CODE_STATE=getMsg HTTP/1.1" 200 27
172.20.0.100 - - [22/Feb/2021:08:47:22 +0800] "GET /xingrg/check_reg.html?_=1613954840470 HTTP/1.1" 302 -
101.228.165.73 - - [22/Feb/2021:08:47:24 +0800] "GET /xingrg/kc/buy/cgsh_order_operate.html?command=get_materiel&rest_code=00146&code=00101008361&supplier_code=00100005&order_time=2021-02-22 HTTP/1.1" 200 408
120.253.135.82 - - [22/Feb/2021:08:47:28 +0800] "GET /xingrg/all/function/internal_message.html?_=1613954961566&CODE_STATE=getMsg HTTP/1.1" 200 27
61.165.42.208 - - [22/Feb/2021:08:47:30 +0800] "GET /xingrg/kc/buy/cgsh_order_operate.html?command=get_materiel&rest_code=00105&code=00101008256&supplier_code=00100203&order_time=2021-02-22 HTTP/1.1" 200 412
114.88.166.193 - - [22/Feb/2021:08:47:35 +0800] "GET /xingrg/all/function/internal_message.html?_=1613954850673&CODE_STATE=getMsg HTTP/1.1" 200 27
116.224.253.72 - - [22/Feb/2021:08:47:37 +0800] "GET /xingrg/all/function/internal_message.html?_=1613954858409&CODE_STATE=getMsg HTTP/1.1" 200 27
120.253.135.82 - - [22/Feb/2021:08:47:41 +0800] "GET /xingrg/all/function/internal_message.html?_=1613954628243&CODE_STATE=getMsg HTTP/1.1" 200 27
180.169.147.146 - - [22/Feb/2021:08:47:42 +0800] "GET /xingrg/all/function/internal_message.html?_=1613954861072&CODE_STATE=getMsg HTTP/1.1" 200 27
61.165.42.208 - - [22/Feb/2021:08:47:44 +0800] "GET /xingrg/kc/buy/cgsh_order_operate.html?command=get_materiel&rest_code=00105&code=00101008312&supplier_code=00100203&order_time=2021-02-22 HTTP/1.1" 200 412
61.165.42.208 - - [22/Feb/2021:08:47:51 +0800] "GET /xingrg/kc/buy/cgsh_order_operate.html?command=get_materiel&rest_code=00105&code=00101008096&supplier_code=00100203&order_time=2021-02-22 HTTP/1.1" 200 413
101.228.165.73 - - [22/Feb/2021:08:47:53 +0800] "GET /xingrg/kc/buy/cgsh_order_operate.html?command=get_materiel&rest_code=00146&code=00101008067&supplier_code=00100005&order_time=2021-02-22 HTTP/1.1" 200 418
101.228.165.73 - - [22/Feb/2021:08:47:58 +0800] "GET /xingrg/all/function/internal_message.html?_=1613954879192&CODE_STATE=getMsg HTTP/1.1" 200 27
116.224.253.72 - - [22/Feb/2021:08:48:00 +0800] "GET /xingrg/all/function/internal_message.html?_=1613954855225&CODE_STATE=getMsg HTTP/1.1" 200 27
61.165.42.208 - - [22/Feb/2021:08:48:00 +0800] "GET /xingrg/kc/buy/cgsh_order_operate.html?command=get_materiel&rest_code=00105&code=00101008361&supplier_code=00100203&order_time=2021-02-22 HTTP/1.1" 200 408
61.165.42.208 - - [22/Feb/2021:08:48:04 +0800] "GET /xingrg/all/function/internal_message.html?_=1613954884502&CODE_STATE=getMsg HTTP/1.1" 200 27
101.228.165.73 - - [22/Feb/2021:08:48:08 +0800] "GET /xingrg/kc/buy/cgsh_order_operate.html?command=get_materiel&rest_code=00146&code=00101008264&supplier_code=00100005&order_time=2021-02-22 HTTP/1.1" 200 433
116.227.208.86 - - [22/Feb/2021:08:48:09 +0800] "POST /xingrg/services/DataTransmitService HTTP/1.1" 200 524
61.165.42.208 - - [22/Feb/2021:08:48:10 +0800] "GET /xingrg/kc/buy/cgsh_order_operate.html?command=get_materiel&rest_code=00105&code=00101008355&supplier_code=00100203&order_time=2021-02-22 HTTP/1.1" 200 428
116.224.253.72 - - [22/Feb/2021:08:48:16 +0800] "GET /xingrg/all/function/internal_message.html?_=1613954894231&CODE_STATE=getMsg HTTP/1.1" 200 27
61.165.42.208 - - [22/Feb/2021:08:48:18 +0800] "GET /xingrg/kc/buy/cgsh_order_operate.html?command=get_materiel&rest_code=00105&code=00101008196&supplier_code=00100203&order_time=2021-02-22 HTTP/1.1" 200 416
101.228.165.73 - - [22/Feb/2021:08:48:19 +0800] "GET /xingrg/kc/buy/cgsh_order_operate.html?command=get_materiel&rest_code=00146&code=00101008356&supplier_code=00100005&order_time=2021-02-22 HTTP/1.1" 200 408
101.228.165.73 - - [22/Feb/2021:08:48:19 +0800] "GET /xingrg/check_reg.html?_=1613954900976 HTTP/1.1" 200 22
61.165.42.208 - - [22/Feb/2021:08:48:25 +0800] "GET /xingrg/kc/buy/cgsh_order_operate.html?command=get_materiel&rest_code=00105&code=00101008069&supplier_code=00100203&order_time=2021-02-22 HTTP/1.1" 200 412
120.253.135.82 - - [22/Feb/2021:08:48:28 +0800] "GET /xingrg/all/function/internal_message.html?_=1613955021581&CODE_STATE=getMsg HTTP/1.1" 200 27
101.228.165.73 - - [22/Feb/2021:08:48:29 +0800] "GET /xingrg/kc/buy/cgsh_order_operate.html?command=get_materiel&rest_code=00146&code=00101008212&supplier_code=00100005&order_time=2021-02-22 HTTP/1.1" 200 412
61.165.42.208 - - [22/Feb/2021:08:48:34 +0800] "GET /xingrg/kc/buy/cgsh_order_operate.html?command=get_materiel&rest_code=00105&code=00101008286&supplier_code=00100203&order_time=2021-02-22 HTTP/1.1" 200 409
114.88.166.193 - - [22/Feb/2021:08:48:35 +0800] "GET /xingrg/all/function/internal_message.html?_=1613954910729&CODE_STATE=getMsg HTTP/1.1" 200 27
116.224.253.72 - - [22/Feb/2021:08:48:37 +0800] "GET /xingrg/all/function/internal_message.html?_=1613954918409&CODE_STATE=getMsg HTTP/1.1" 200 27
101.228.165.73 - - [22/Feb/2021:08:48:39 +0800] "GET /xingrg/kc/buy/cgsh_order_operate.html?command=get_materiel&rest_code=00146&code=00101008251&supplier_code=00100005&order_time=2021-02-22 HTTP/1.1" 200 408
120.253.135.82 - - [22/Feb/2021:08:48:41 +0800] "GET /xingrg/all/function/internal_message.html?_=1613954688265&CODE_STATE=getMsg HTTP/1.1" 200 27
61.165.42.208 - - [22/Feb/2021:08:48:41 +0800] "GET /xingrg/kc/buy/cgsh_order_operate.html?command=get_materiel&rest_code=00105&code=00101008131&supplier_code=00100203&order_time=2021-02-22 HTTP/1.1" 200 408
180.169.147.146 - - [22/Feb/2021:08:48:42 +0800] "GET /xingrg/check_reg.html?_=1613954921060 HTTP/1.1" 200 22
180.169.147.146 - - [22/Feb/2021:08:48:42 +0800] "GET /xingrg/all/function/internal_message.html?_=1613954921062&CODE_STATE=getMsg HTTP/1.1" 200 27
61.165.42.208 - - [22/Feb/2021:08:48:48 +0800] "GET /xingrg/kc/buy/cgsh_order_operate.html?command=get_materiel&rest_code=00105&code=00101001225&supplier_code=00100203&order_time=2021-02-22 HTTP/1.1" 200 398
61.165.42.208 - - [22/Feb/2021:08:48:55 +0800] "GET /xingrg/kc/buy/cgsh_order_operate.html?command=get_materiel&rest_code=00105&code=00101008005&supplier_code=00100203&order_time=2021-02-22 HTTP/1.1" 200 412
101.228.165.73 - - [22/Feb/2021:08:48:55 +0800] "GET /xingrg/kc/buy/cgsh_order_operate.html?command=get_materiel&rest_code=00146&code=00101008357&supplier_code=00100005&order_time=2021-02-22 HTTP/1.1" 200 408
101.228.165.73 - - [22/Feb/2021:08:48:58 +0800] "GET /xingrg/all/function/internal_message.html?_=1613954939207&CODE_STATE=getMsg HTTP/1.1" 200 27
116.224.253.72 - - [22/Feb/2021:08:49:00 +0800] "GET /xingrg/all/function/internal_message.html?_=1613954915234&CODE_STATE=getMsg HTTP/1.1" 200 27
101.228.165.73 - - [22/Feb/2021:08:49:01 +0800] "POST /xingrg/kc/buy/cgsh_order_operate.html HTTP/1.1" 200 2065
61.165.42.208 - - [22/Feb/2021:08:49:03 +0800] "GET /xingrg/kc/buy/cgsh_order_operate.html?command=get_materiel&rest_code=00105&code=00101008353&supplier_code=00100203&order_time=2021-02-22 HTTP/1.1" 200 408
61.165.42.208 - - [22/Feb/2021:08:49:04 +0800] "GET /xingrg/all/function/internal_message.html?_=1613954944488&CODE_STATE=getMsg HTTP/1.1" 200 27
61.165.42.208 - - [22/Feb/2021:08:49:08 +0800] "POST /xingrg/kc/buy/cgsh_order_operate.html HTTP/1.1" 200 2065
101.228.165.73 - - [22/Feb/2021:08:49:09 +0800] "GET /xingrg/kc/buy/cgsh_order_operate.html?command=get_materiel&rest_code=00146&code=00101008006&supplier_code=00100005&order_time=2021-02-22 HTTP/1.1" 200 417
61.165.42.208 - - [22/Feb/2021:08:49:11 +0800] "POST /xingrg/kc/buy/cgsh_order_operate.html HTTP/1.1" 200 2065
117.185.32.26 - - [22/Feb/2021:08:49:13 +0800] "GET /xingrg/login.html HTTP/1.1" 200 7641
116.224.253.72 - - [22/Feb/2021:08:49:16 +0800] "GET /xingrg/all/function/internal_message.html?_=1613954954232&CODE_STATE=getMsg HTTP/1.1" 200 27
117.184.7.30 - - [22/Feb/2021:08:49:18 +0800] "GET /xingrg/login.html HTTP/1.1" 200 7641
61.165.42.208 - - [22/Feb/2021:08:49:20 +0800] "GET /xingrg/kc/buy/cgsh_order_operate.html?command=get_materiel&rest_code=00105&code=00101008197&supplier_code=00100203&order_time=2021-02-22 HTTP/1.1" 200 416
101.228.165.73 - - [22/Feb/2021:08:49:21 +0800] "GET /xingrg/kc/buy/cgsh_order_operate.html?command=get_materiel&rest_code=00146&code=00101008131&supplier_code=00100005&order_time=2021-02-22 HTTP/1.1" 200 408
117.185.32.26 - - [22/Feb/2021:08:49:26 +0800] "GET /favicon.ico HTTP/1.1" 404 -
117.185.32.26 - - [22/Feb/2021:08:49:27 +0800] "GET /xingrg/login.html HTTP/1.1" 200 7641
120.253.135.82 - - [22/Feb/2021:08:49:28 +0800] "GET /xingrg/all/function/internal_message.html?_=1613955081613&CODE_STATE=getMsg HTTP/1.1" 200 27
117.185.32.26 - - [22/Feb/2021:08:49:30 +0800] "POST /xingrg/login.do HTTP/1.1" 302 -
117.185.32.26 - - [22/Feb/2021:08:49:30 +0800] "GET /xingrg/index.html?sysBaseUrl=http%3A%2F%2F180.169.147.146%3A18081%2Fxingrg%2F&costTime=77×tamp=1613954970375 HTTP/1.1" 200 17173
101.228.165.73 - - [22/Feb/2021:08:49:32 +0800] "GET /xingrg/kc/buy/cgsh_order_operate.html?command=get_materiel&rest_code=00146&code=00101008296&supplier_code=00100005&order_time=2021-02-22 HTTP/1.1" 200 416
117.185.32.26 - - [22/Feb/2021:08:49:34 +0800] "POST /xingrg/login.do HTTP/1.1" 302 -
117.185.32.26 - - [22/Feb/2021:08:49:34 +0800] "GET /xingrg/index.html?sysBaseUrl=http%3A%2F%2F180.169.147.146%3A18081%2Fxingrg%2F&costTime=78×tamp=1613954974029 HTTP/1.1" 200 17173
114.88.166.193 - - [22/Feb/2021:08:49:35 +0800] "GET /xingrg/all/function/internal_message.html?_=1613954970732&CODE_STATE=getMsg HTTP/1.1" 200 27
117.184.7.30 - - [22/Feb/2021:08:49:36 +0800] "GET /favicon.ico HTTP/1.1" 404 -
117.185.32.26 - - [22/Feb/2021:08:49:36 +0800] "POST /xingrg/all/common/load_tree.html?tree=area_rest_tree_json&manage=1 HTTP/1.1" 200 342
117.185.32.26 - - [22/Feb/2021:08:49:36 +0800] "GET /xingrg/all/function/internal_message.html?_=1613954969232&CODE_STATE=count HTTP/1.1" 200 11
117.185.32.26 - - [22/Feb/2021:08:49:36 +0800] "GET /xingrg/check_reg.html?_=1613954969233 HTTP/1.1" 200 22
117.185.32.26 - - [22/Feb/2021:08:49:37 +0800] "GET /favicon.ico HTTP/1.1" 404 -
117.185.32.26 - - [22/Feb/2021:08:49:37 +0800] "POST /xingrg/load_menu.html HTTP/1.1" 200 5138
116.224.253.72 - - [22/Feb/2021:08:49:37 +0800] "GET /xingrg/all/function/internal_message.html?_=1613954978411&CODE_STATE=getMsg HTTP/1.1" 200 27
116.224.253.72 - - [22/Feb/2021:08:49:37 +0800] "GET /xingrg/check_reg.html?_=1613954978414 HTTP/1.1" 200 22
117.185.32.26 - - [22/Feb/2021:08:49:39 +0800] "GET /xingrg/kc/base/base_main.html HTTP/1.1" 200 12142
120.253.135.82 - - [22/Feb/2021:08:49:41 +0800] "GET /xingrg/all/function/internal_message.html?_=1613954748270&CODE_STATE=getMsg HTTP/1.1" 200 27
180.169.147.146 - - [22/Feb/2021:08:49:42 +0800] "GET /xingrg/all/function/internal_message.html?_=1613954981064&CODE_STATE=getMsg HTTP/1.1" 200 27
117.185.32.26 - - [22/Feb/2021:08:49:42 +0800] "GET /xingrg/kc/report/report_main.html HTTP/1.1" 200 7345
61.165.42.208 - - [22/Feb/2021:08:49:43 +0800] "GET /xingrg/kc/buy/cgsh_order_operate.html?command=get_materiel&rest_code=00105&code=00101008302&supplier_code=00100203&order_time=2021-02-22 HTTP/1.1" 200 412
101.228.165.73 - - [22/Feb/2021:08:49:44 +0800] "GET /xingrg/kc/buy/cgsh_order_operate.html?command=get_materiel&rest_code=00146&code=00101008353&supplier_code=00100005&order_time=2021-02-22 HTTP/1.1" 200 408
117.185.32.26 - - [22/Feb/2021:08:49:50 +0800] "GET /xingrg/dwr/interface/AjaxReportQueryService.js HTTP/1.1" 200 13203
117.185.32.26 - - [22/Feb/2021:08:49:50 +0800] "GET /xingrg/dwr/engine.js HTTP/1.1" 200 43631
117.185.32.26 - - [22/Feb/2021:08:49:50 +0800] "GET /xingrg/all/report/report_query.html?fileName=kc/base/wldb_base.xml HTTP/1.1" 200 51144
117.185.32.26 - - [22/Feb/2021:08:49:50 +0800] "POST /xingrg/dwr/call/plaincall/AjaxReportQueryService.getFixDate.dwr HTTP/1.1" 200 111
117.185.32.26 - - [22/Feb/2021:08:49:50 +0800] "POST /xingrg/dwr/call/plaincall/AjaxReportQueryService.getInitString.dwr HTTP/1.1" 200 975
117.185.32.26 - - [22/Feb/2021:08:49:51 +0800] "POST /xingrg/dwr/call/plaincall/AjaxReportQueryService.getInitString.dwr HTTP/1.1" 200 975
117.185.32.26 - - [22/Feb/2021:08:49:51 +0800] "POST /xingrg/all/common/load_tree.html?tree=materiel_sort_tree_json HTTP/1.1" 200 8666
117.185.32.26 - - [22/Feb/2021:08:49:53 +0800] "GET /xingrg/javascript/multi_select/dropdown_hover.gif HTTP/1.1" 200 61
61.165.42.208 - - [22/Feb/2021:08:49:53 +0800] "GET /xingrg/kc/buy/cgsh_order_operate.html?command=get_materiel&rest_code=00105&code=00101008027&supplier_code=00100203&order_time=2021-02-22 HTTP/1.1" 200 430
101.228.165.73 - - [22/Feb/2021:08:49:58 +0800] "GET /xingrg/all/function/internal_message.html?_=1613954999219&CODE_STATE=getMsg HTTP/1.1" 200 27
101.228.165.73 - - [22/Feb/2021:08:49:59 +0800] "GET /xingrg/kc/buy/cgsh_order_operate.html?command=get_materiel&rest_code=00146&code=00101008213&supplier_code=00100005&order_time=2021-02-22 HTTP/1.1" 200 412
117.185.32.26 - - [22/Feb/2021:08:50:00 +0800] "GET /xingrg/javascript/multi_select/dropdown_active.gif HTTP/1.1" 200 61
116.224.253.72 - - [22/Feb/2021:08:50:00 +0800] "GET /xingrg/all/function/internal_message.html?_=1613954975312&CODE_STATE=getMsg HTTP/1.1" 200 27
101.228.165.73 - - [22/Feb/2021:08:50:02 +0800] "POST /xingrg/kc/buy/cgsh_order_operate.html HTTP/1.1" 200 2065
61.165.42.208 - - [22/Feb/2021:08:50:02 +0800] "GET /xingrg/kc/buy/cgsh_order_operate.html?command=get_materiel&rest_code=00105&code=00101008257&supplier_code=00100203&order_time=2021-02-22 HTTP/1.1" 200 416
61.165.42.208 - - [22/Feb/2021:08:50:04 +0800] "GET /xingrg/all/function/internal_message.html?_=1613955004497&CODE_STATE=getMsg HTTP/1.1" 200 27
101.228.165.73 - - [22/Feb/2021:08:50:10 +0800] "GET /xingrg/kc/buy/cgsh_order_operate.html?command=get_materiel&rest_code=00146&code=00101008274&supplier_code=00100005&order_time=2021-02-22 HTTP/1.1" 200 412
117.185.32.26 - - [22/Feb/2021:08:50:11 +0800] "POST /xingrg/dwr/call/plaincall/AjaxReportQueryService.refreshCache.dwr HTTP/1.1" 200 78
61.165.42.208 - - [22/Feb/2021:08:50:12 +0800] "GET /xingrg/kc/buy/cgsh_order_operate.html?command=get_materiel&rest_code=00105&code=00101008028&supplier_code=00100203&order_time=2021-02-22 HTTP/1.1" 200 412
117.185.32.26 - - [22/Feb/2021:08:50:14 +0800] "POST /xingrg/dwr/call/plaincall/AjaxReportQueryService.refreshCache.dwr HTTP/1.1" 200 78
117.185.32.26 - - [22/Feb/2021:08:50:15 +0800] "POST /xingrg/all/report/load_report_page.html HTTP/1.1" 200 56902
117.185.32.26 - - [22/Feb/2021:08:50:15 +0800] "GET /xingrg/servlets/image?cache=0.3612421249219613&image=px HTTP/1.1" 200 807
117.185.32.26 - - [22/Feb/2021:08:50:15 +0800] "POST /xingrg/all/report/load_report_page.html HTTP/1.1" 200 56976
117.185.32.26 - - [22/Feb/2021:08:50:16 +0800] "GET /xingrg/servlets/image?cache=0.08369338457341735&image=px HTTP/1.1" 200 807
116.224.253.72 - - [22/Feb/2021:08:50:16 +0800] "GET /xingrg/all/function/internal_message.html?_=1613955014217&CODE_STATE=getMsg HTTP/1.1" 200 27
61.165.42.208 - - [22/Feb/2021:08:50:20 +0800] "GET /xingrg/kc/buy/cgsh_order_operate.html?command=get_materiel&rest_code=00105&code=00101008351&supplier_code=00100203&order_time=2021-02-22 HTTP/1.1" 200 428
101.228.165.73 - - [22/Feb/2021:08:50:22 +0800] "GET /xingrg/kc/buy/cgsh_order_operate.html?command=get_materiel&rest_code=00146&code=00101008225&supplier_code=00100005&order_time=2021-02-22 HTTP/1.1" 200 416
61.165.42.208 - - [22/Feb/2021:08:50:27 +0800] "GET /xingrg/kc/buy/cgsh_order_operate.html?command=get_materiel&rest_code=00105&code=00101008038&supplier_code=00100203&order_time=2021-02-22 HTTP/1.1" 200 412
120.253.135.82 - - [22/Feb/2021:08:50:28 +0800] "GET /xingrg/all/function/internal_message.html?_=1613955141623&CODE_STATE=getMsg HTTP/1.1" 200 27
180.174.195.252 - - [22/Feb/2021:08:50:31 +0800] "GET /xingrg/kc/base/yddb_order_list.html HTTP/1.1" 302 -
180.174.195.252 - - [22/Feb/2021:08:50:31 +0800] "GET /xingrg/login.html HTTP/1.1" 200 7641
180.174.195.252 - - [22/Feb/2021:08:50:32 +0800] "GET /xingrg/login.html HTTP/1.1" 200 7641
114.88.166.193 - - [22/Feb/2021:08:50:35 +0800] "GET /xingrg/all/function/internal_message.html?_=1613955030787&CODE_STATE=getMsg HTTP/1.1" 200 27
61.165.42.208 - - [22/Feb/2021:08:50:35 +0800] "GET /xingrg/kc/buy/cgsh_order_operate.html?command=get_materiel&rest_code=00105&code=00101008224&supplier_code=00100203&order_time=2021-02-22 HTTP/1.1" 200 436
117.185.32.26 - - [22/Feb/2021:08:50:36 +0800] "GET /xingrg/all/function/internal_message.html?_=1613955029237&CODE_STATE=getMsg HTTP/1.1" 200 27
116.224.253.72 - - [22/Feb/2021:08:50:37 +0800] "GET /xingrg/all/function/internal_message.html?_=1613955038423&CODE_STATE=getMsg HTTP/1.1" 200 27
120.253.135.82 - - [22/Feb/2021:08:50:41 +0800] "GET /xingrg/all/function/internal_message.html?_=1613954808292&CODE_STATE=getMsg HTTP/1.1" 200 27
180.169.147.146 - - [22/Feb/2021:08:50:42 +0800] "GET /xingrg/all/function/internal_message.html?_=1613955041067&CODE_STATE=getMsg HTTP/1.1" 200 27
117.185.32.26 - - [22/Feb/2021:08:50:49 +0800] "GET /xingrg/kc/base/crk_hz.html HTTP/1.1" 200 11247
117.185.32.26 - - [22/Feb/2021:08:50:49 +0800] "GET /xingrg/javascript/step/step.css HTTP/1.1" 200 999
117.185.32.26 - - [22/Feb/2021:08:50:49 +0800] "POST /xingrg/kc/cost/cost_operate.html?command=get_base_tree HTTP/1.1" 200 2450
117.185.32.26 - - [22/Feb/2021:08:50:49 +0800] "POST /xingrg/all/common/load_tree.html?tree=materiel_sort_tree_json HTTP/1.1" 200 8666
117.185.32.26 - - [22/Feb/2021:08:50:49 +0800] "GET /xingrg/javascript/jquery_easy_ui/themes/default/images/calendar_prevmonth.gif HTTP/1.1" 200 66
117.185.32.26 - - [22/Feb/2021:08:50:49 +0800] "GET /xingrg/javascript/jquery_easy_ui/themes/icons/search.png HTTP/1.1" 200 813
117.185.32.26 - - [22/Feb/2021:08:50:49 +0800] "GET /xingrg/javascript/jquery_easy_ui/themes/default/images/calendar_prevyear.gif HTTP/1.1" 200 76
117.185.32.26 - - [22/Feb/2021:08:50:49 +0800] "GET /xingrg/javascript/jquery_easy_ui/themes/default/images/calendar_nextmonth.gif HTTP/1.1" 200 64
117.185.32.26 - - [22/Feb/2021:08:50:49 +0800] "GET /xingrg/javascript/jquery_easy_ui/themes/default/images/calendar_nextyear.gif HTTP/1.1" 200 75
180.174.195.252 - - [22/Feb/2021:08:50:50 +0800] "GET /favicon.ico HTTP/1.1" 404 -
180.169.147.146 - - [22/Feb/2021:08:50:52 +0800] "GET /favicon.ico HTTP/1.1" 404 -
61.165.42.208 - - [22/Feb/2021:08:50:53 +0800] "GET /xingrg/kc/buy/cgsh_order_operate.html?command=get_materiel&rest_code=00105&code=00101008161&supplier_code=00100203&order_time=2021-02-22 HTTP/1.1" 200 409
180.174.195.252 - - [22/Feb/2021:08:50:55 +0800] "POST /xingrg/login.do HTTP/1.1" 302 -
180.174.195.252 - - [22/Feb/2021:08:50:55 +0800] "GET /xingrg/index.html?sysBaseUrl=http%3A%2F%2F180.169.147.146%3A18081%2Fxingrg%2F&costTime=88×tamp=1613955055625 HTTP/1.1" 200 17173
180.174.195.252 - - [22/Feb/2021:08:50:55 +0800] "GET /xingrg/javascript/jquery_easy_ui/themes/default/easyui.css HTTP/1.1" 304 -
180.174.195.252 - - [22/Feb/2021:08:50:55 +0800] "GET /xingrg/javascript/jquery_easy_ui/themes/icon.css HTTP/1.1" 304 -
180.174.195.252 - - [22/Feb/2021:08:50:55 +0800] "GET /xingrg/css/form.css HTTP/1.1" 304 -
180.174.195.252 - - [22/Feb/2021:08:50:55 +0800] "GET /xingrg/javascript/jquery-1.4.2.min.js HTTP/1.1" 304 -
180.174.195.252 - - [22/Feb/2021:08:50:55 +0800] "GET /xingrg/javascript/jquery_easy_ui/jquery.easyui.min.js HTTP/1.1" 304 -
180.174.195.252 - - [22/Feb/2021:08:50:55 +0800] "GET /xingrg/javascript/jquery_easy_ui/easyui-lang-zh_CN.js HTTP/1.1" 304 -
180.174.195.252 - - [22/Feb/2021:08:50:55 +0800] "GET /xingrg/javascript/jquery.form.js HTTP/1.1" 304 -
180.174.195.252 - - [22/Feb/2021:08:50:55 +0800] "GET /xingrg/javascript/jquery.utils.js HTTP/1.1" 304 -
180.174.195.252 - - [22/Feb/2021:08:50:55 +0800] "GET /xingrg/javascript/jquery.timers.js HTTP/1.1" 304 -
180.174.195.252 - - [22/Feb/2021:08:50:56 +0800] "POST /xingrg/all/common/load_tree.html?tree=area_rest_tree_json&manage=1 HTTP/1.1" 200 342
180.174.195.252 - - [22/Feb/2021:08:50:56 +0800] "GET /xingrg/check_reg.html?_=1613955308374 HTTP/1.1" 200 22
180.174.195.252 - - [22/Feb/2021:08:50:56 +0800] "GET /xingrg/all/function/internal_message.html?_=1613955308372&CODE_STATE=count HTTP/1.1" 200 11
117.185.32.26 - - [22/Feb/2021:08:50:56 +0800] "GET /xingrg/kc/base/crk_hz.html?_=1613955048830&command=get_cost_id&end_date=2021-02-28&start_date=2021-02-01 HTTP/1.1" 200 51
180.174.195.252 - - [22/Feb/2021:08:50:56 +0800] "POST /xingrg/load_menu.html HTTP/1.1" 200 5138
117.185.32.26 - - [22/Feb/2021:08:50:56 +0800] "GET /xingrg/all/report/report_query.html?isQuery=1&onlyBody=1&rh=99999&rw=1800&varString=start:20210201,cost_id:2996,mid:20210201&fileName=kc/base/crk_hz_type_by_base.xml&queryString=%20a.base_code%20in%20('0010244')%20&queryText=ÈÕÆÚ£º2021-02-01ÖÁ2021-02-28%20²Ö¿â£ºÂ¥Ãæ&tableQueryString=materiel_table$sp1$$sp$before_table$sp1$$sp$crk_table$sp1$order_day%20between%2020210201%20and%2020210228 HTTP/1.1" 200 49398
117.185.32.26 - - [22/Feb/2021:08:50:56 +0800] "GET /xingrg/dwr/interface/AjaxReportQueryService.js HTTP/1.1" 200 13203
117.185.32.26 - - [22/Feb/2021:08:50:56 +0800] "GET /xingrg/dwr/engine.js HTTP/1.1" 200 43631
180.174.195.252 - - [22/Feb/2021:08:50:57 +0800] "GET /favicon.ico HTTP/1.1" 404 -
117.185.32.26 - - [22/Feb/2021:08:50:58 +0800] "POST /xingrg/all/report/load_report_page.html HTTP/1.1" 200 94558
117.185.32.26 - - [22/Feb/2021:08:50:58 +0800] "GET /xingrg/servlets/image?cache=0.2868014154626034&image=px HTTP/1.1" 200 807
101.228.165.73 - - [22/Feb/2021:08:50:58 +0800] "GET /xingrg/all/function/internal_message.html?_=1613955059233&CODE_STATE=getMsg HTTP/1.1" 200 27
180.174.195.252 - - [22/Feb/2021:08:51:00 +0800] "GET /xingrg/kc/base/yddb_order_list.html HTTP/1.1" 200 16945
180.174.195.252 - - [22/Feb/2021:08:51:00 +0800] "GET /xingrg/css/base.css HTTP/1.1" 304 -
180.174.195.252 - - [22/Feb/2021:08:51:00 +0800] "GET /xingrg/css/site.css HTTP/1.1" 304 -
180.174.195.252 - - [22/Feb/2021:08:51:00 +0800] "GET /xingrg/javascript/jquery_tools/datebox.css HTTP/1.1" 304 -
180.174.195.252 - - [22/Feb/2021:08:51:00 +0800] "GET /xingrg/javascript/easyui/themes/default/easyui.css HTTP/1.1" 304 -
180.174.195.252 - - [22/Feb/2021:08:51:00 +0800] "GET /xingrg/javascript/auto/jquery.autocomplete.css HTTP/1.1" 304 -
180.174.195.252 - - [22/Feb/2021:08:51:00 +0800] "GET /xingrg/javascript/jquery_tools/fix.css HTTP/1.1" 304 -
180.174.195.252 - - [22/Feb/2021:08:51:00 +0800] "GET /xingrg/javascript/easyui/themes/icon.css HTTP/1.1" 304 -
180.174.195.252 - - [22/Feb/2021:08:51:00 +0800] "GET /xingrg/javascript/jquery_tools/jquery.tools.hotkey.js HTTP/1.1" 304 -
180.174.195.252 - - [22/Feb/2021:08:51:00 +0800] "GET /xingrg/javascript/jquery_tools/list_manager.js HTTP/1.1" 304 -
180.174.195.252 - - [22/Feb/2021:08:51:00 +0800] "GET /xingrg/javascript/auto/jquery.autocomplete.js HTTP/1.1" 304 -
180.174.195.252 - - [22/Feb/2021:08:51:00 +0800] "GET /xingrg/javascript/jquery_tools/jquery.tools.table.js HTTP/1.1" 304 -
180.174.195.252 - - [22/Feb/2021:08:51:00 +0800] "GET /xingrg/javascript/jquery_tools/jquery.tools.min.js HTTP/1.1" 304 -
180.174.195.252 - - [22/Feb/2021:08:51:00 +0800] "GET /xingrg/javascript/easyui/easyloader.js HTTP/1.1" 304 -
180.174.195.252 - - [22/Feb/2021:08:51:00 +0800] "GET /xingrg/javascript/jquery_tools/jquery.tools.extend.js HTTP/1.1" 304 -
180.174.195.252 - - [22/Feb/2021:08:51:00 +0800] "GET /xingrg/javascript/jquery_tools/table.css HTTP/1.1" 304 -
180.174.195.252 - - [22/Feb/2021:08:51:00 +0800] "GET /xingrg/javascript/jquery.cookie.js HTTP/1.1" 304 -
180.174.195.252 - - [22/Feb/2021:08:51:00 +0800] "GET /xingrg/javascript/print/LodopFuncs.js HTTP/1.1" 304 -
116.224.253.72 - - [22/Feb/2021:08:51:00 +0800] "GET /xingrg/all/function/internal_message.html?_=1613955035323&CODE_STATE=getMsg HTTP/1.1" 200 27
180.174.195.252 - - [22/Feb/2021:08:51:00 +0800] "GET /xingrg/javascript/easyui/plugins/jquery.parser.js HTTP/1.1" 304 -
180.174.195.252 - - [22/Feb/2021:08:51:00 +0800] "POST /xingrg/kc/base/yddb_list_operate.html HTTP/1.1" 200 636
101.228.165.73 - - [22/Feb/2021:08:51:02 +0800] "GET /xingrg/kc/buy/cgsh_order_operate.html?command=get_materiel&rest_code=00146&code=00101008055&supplier_code=00100005&order_time=2021-02-22 HTTP/1.1" 200 409
61.165.42.208 - - [22/Feb/2021:08:51:04 +0800] "GET /xingrg/check_reg.html?_=1613955064568 HTTP/1.1" 200 22
61.165.42.208 - - [22/Feb/2021:08:51:04 +0800] "GET /xingrg/all/function/internal_message.html?_=1613955064569&CODE_STATE=getMsg HTTP/1.1" 200 27
180.174.195.252 - - [22/Feb/2021:08:51:05 +0800] "POST /xingrg/kc/base/yddb_list_operate.html HTTP/1.1" 200 636
61.165.42.208 - - [22/Feb/2021:08:51:05 +0800] "GET /xingrg/kc/buy/cgsh_order_operate.html?command=get_materiel&rest_code=00105&code=00101008108&supplier_code=00100203&order_time=2021-02-22 HTTP/1.1" 200 412
180.174.195.252 - - [22/Feb/2021:08:51:08 +0800] "POST /xingrg/kc/base/yddb_list_operate.html HTTP/1.1" 200 636
61.165.42.208 - - [22/Feb/2021:08:51:09 +0800] "POST /xingrg/kc/buy/cgsh_order_operate.html HTTP/1.1" 200 2065
61.165.42.208 - - [22/Feb/2021:08:51:10 +0800] "POST /xingrg/kc/buy/cgsh_order_operate.html HTTP/1.1" 200 2065
180.174.195.252 - - [22/Feb/2021:08:51:10 +0800] "GET /xingrg/javascript/jquery_tools/images/prev.gif HTTP/1.1" 404 1086
180.174.195.252 - - [22/Feb/2021:08:51:10 +0800] "GET /xingrg/javascript/jquery_tools/images/next.gif HTTP/1.1" 404 1086
117.185.32.26 - - [22/Feb/2021:08:51:10 +0800] "GET /xingrg/all/report/report_query.html?isQuery=1&fileName=kc/base/crk_detail_by_small.xml&rh=99999&queryString=&queryText=%25E3%2580%2590%25E4%25BB%2593%25E5%25BA%2593%25E5%2590%258D%25E7%25A7%25B0%253A%25E6%25A5%25BC%25E9%259D%25A2%25E3%2580%2591%25E3%2580%2590%25E4%25B8%259A%25E5%258A%25A1%25E7%25B1%25BB%25E5%259E%258B%25EF%25BC%259A%25E5%2586%2585%25E9%2583%25A8%25E8%25B0%2583%25E5%2585%25A5%25E3%2580%2591%2520%253F%253F%253F%253F%253F2021-02-01%253F%253F2021-02-28%2520%253F%253F%253F%253F%253F%253F&tableQueryString=crk_table%2524sp1%2524order_day%2520between%252020210201%2520and%252020210228%2520and%2520(base_code%253D'0010244')%2520and%2520(src_order_type%2520in%2520(42))%2520and%2520(is_rk%2520in%2520(1)) HTTP/1.1" 200 53776
117.185.32.26 - - [22/Feb/2021:08:51:11 +0800] "GET /xingrg/dwr/interface/AjaxReportQueryService.js HTTP/1.1" 200 13203
117.185.32.26 - - [22/Feb/2021:08:51:11 +0800] "GET /xingrg/dwr/engine.js HTTP/1.1" 200 43631
117.185.32.26 - - [22/Feb/2021:08:51:11 +0800] "GET /xingrg/servlets/image?cache=0.01514694986546039&image=px HTTP/1.1" 200 807
117.185.32.26 - - [22/Feb/2021:08:51:12 +0800] "POST /xingrg/all/report/load_report_page.html HTTP/1.1" 200 25955
180.174.195.252 - - [22/Feb/2021:08:51:12 +0800] "POST /xingrg/kc/base/yddb_list_operate.html HTTP/1.1" 200 4276
101.228.165.73 - - [22/Feb/2021:08:51:15 +0800] "GET /xingrg/kc/buy/cgsh_order_operate.html?command=get_materiel&rest_code=00146&code=00101008155&supplier_code=00100005&order_time=2021-02-22 HTTP/1.1" 200 428
116.224.253.72 - - [22/Feb/2021:08:51:16 +0800] "GET /xingrg/all/function/internal_message.html?_=1613955074219&CODE_STATE=getMsg HTTP/1.1" 200 27
116.224.253.72 - - [22/Feb/2021:08:51:16 +0800] "GET /xingrg/check_reg.html?_=1613955074219 HTTP/1.1" 200 22
101.228.165.73 - - [22/Feb/2021:08:51:18 +0800] "POST /xingrg/kc/buy/cgsh_order_operate.html HTTP/1.1" 200 2065
114.88.166.193 - - [22/Feb/2021:08:51:18 +0800] "GET /xingrg/check_reg.html?_=1613955074403 HTTP/1.1" 200 22
117.185.32.26 - - [22/Feb/2021:08:51:20 +0800] "GET /xingrg/all/report/report_query.html?isQuery=1&fileName=kc/base/crk_detail_by_materiel.xml&queryString=&queryText=%25E3%2580%2590%25E4%25BB%2593%25E5%25BA%2593%25E5%2590%258D%25E7%25A7%25B0%253A%25E6%25A5%25BC%25E9%259D%25A2%25E3%2580%2591%25E3%2580%2590%25E4%25B8%259A%25E5%258A%25A1%25E7%25B1%25BB%25E5%259E%258B%25EF%25BC%259A%25E5%2586%2585%25E9%2583%25A8%25E8%25B0%2583%25E5%2585%25A5%25E3%2580%2591%2520%253F%253F%253F%253F%253F2021-02-01%253F%253F2021-02-28%2520%253F%253F%253F%253F%253F%253F&tableQueryString=crk_table%2524sp1%2524order_day%2520between%252020210201%2520and%252020210228%2520and%2520(base_code%253D'0010244')%2520and%2520(src_order_type%2520in%2520(42))%2520and%2520(is_rk%2520in%2520(1))%2520and%2520(m.sort_code%253D'00102002') HTTP/1.1" 200 53803
117.185.32.26 - - [22/Feb/2021:08:51:20 +0800] "GET /xingrg/dwr/interface/AjaxReportQueryService.js HTTP/1.1" 200 13203
117.185.32.26 - - [22/Feb/2021:08:51:20 +0800] "GET /xingrg/dwr/engine.js HTTP/1.1" 200 43631
117.185.32.26 - - [22/Feb/2021:08:51:20 +0800] "POST /xingrg/all/report/load_report_page.html HTTP/1.1" 200 49393
117.185.32.26 - - [22/Feb/2021:08:51:20 +0800] "GET /xingrg/servlets/image?cache=0.11163764154769906&image=px HTTP/1.1" 200 807
61.165.42.208 - - [22/Feb/2021:08:51:22 +0800] "GET /xingrg/kc/buy/cgsh_order_operate.html?command=get_materiel&rest_code=00105&code=00101008098&supplier_code=00100203&order_time=2021-02-22 HTTP/1.1" 200 412
116.224.253.72 - - [22/Feb/2021:08:51:25 +0800] "GET /xingrg/kc/buy/cgsh_order_list.html HTTP/1.1" 200 46372
180.174.195.252 - - [22/Feb/2021:08:51:25 +0800] "POST /xingrg/kc/base/yddb_list_operate.html HTTP/1.1" 200 205
180.174.195.252 - - [22/Feb/2021:08:51:26 +0800] "GET /xingrg/kc/base/yddb_order_info.html?code=482021021300133 HTTP/1.1" 200 31460
180.174.195.252 - - [22/Feb/2021:08:51:26 +0800] "GET /xingrg/css/blue.css HTTP/1.1" 304 -
180.174.195.252 - - [22/Feb/2021:08:51:26 +0800] "GET /xingrg/javascript/pic_change.js HTTP/1.1" 304 -
180.174.195.252 - - [22/Feb/2021:08:51:26 +0800] "GET /xingrg/javascript/AjaxInfoList.js HTTP/1.1" 304 -
180.174.195.252 - - [22/Feb/2021:08:51:26 +0800] "GET /xingrg/javascript/Grid.js HTTP/1.1" 304 -
180.174.195.252 - - [22/Feb/2021:08:51:26 +0800] "GET /xingrg/javascript/ToolTips.js HTTP/1.1" 304 -
180.174.195.252 - - [22/Feb/2021:08:51:26 +0800] "GET /xingrg/dwr/util.js HTTP/1.1" 304 -
180.174.195.252 - - [22/Feb/2021:08:51:26 +0800] "GET /xingrg/javascript/Calendar.js HTTP/1.1" 304 -
180.174.195.252 - - [22/Feb/2021:08:51:26 +0800] "GET /xingrg/javascript/myfunction.js HTTP/1.1" 304 -
180.174.195.252 - - [22/Feb/2021:08:51:26 +0800] "GET /xingrg/javascript/checkform.js HTTP/1.1" 304 -
180.174.195.252 - - [22/Feb/2021:08:51:26 +0800] "GET /xingrg/dwr/interface/AjaxYddbService.js HTTP/1.1" 200 13201
180.174.195.252 - - [22/Feb/2021:08:51:26 +0800] "GET /xingrg/dwr/interface/AjaxComOrderService.js HTTP/1.1" 200 18264
180.174.195.252 - - [22/Feb/2021:08:51:26 +0800] "GET /xingrg/dwr/engine.js HTTP/1.1" 200 43631
180.174.195.252 - - [22/Feb/2021:08:51:26 +0800] "GET /xingrg/javascript/jquery_easy_ui/themes/icons/edit_add_new.png HTTP/1.1" 304 -
180.174.195.252 - - [22/Feb/2021:08:51:26 +0800] "GET /xingrg/javascript/jquery_easy_ui/themes/default/images/menu_downarrow.png HTTP/1.1" 304 -
180.174.195.252 - - [22/Feb/2021:08:51:26 +0800] "GET /xingrg/javascript/jquery_easy_ui/themes/icons/print.png HTTP/1.1" 304 -
180.174.195.252 - - [22/Feb/2021:08:51:26 +0800] "GET /xingrg/javascript/jquery_easy_ui/themes/icons/back_new.png HTTP/1.1" 304 -
116.224.253.72 - - [22/Feb/2021:08:51:26 +0800] "POST /xingrg/kc/buy/cgsh_list_operate.html HTTP/1.1" 200 1707
180.174.195.252 - - [22/Feb/2021:08:51:27 +0800] "GET /xingrg/images/blue/kc_tab_left.gif HTTP/1.1" 304 -
180.174.195.252 - - [22/Feb/2021:08:51:27 +0800] "GET /xingrg/images/blue/kc_tab_mid.gif HTTP/1.1" 304 -
180.174.195.252 - - [22/Feb/2021:08:51:27 +0800] "GET /xingrg/images/blue/kc_tab_right.gif HTTP/1.1" 304 -
180.174.195.252 - - [22/Feb/2021:08:51:27 +0800] "GET /xingrg/images/blue/wait.gif HTTP/1.1" 304 -
180.174.195.252 - - [22/Feb/2021:08:51:27 +0800] "POST /xingrg/dwr/call/plaincall/AjaxYddbService.loadMaterielItems.dwr HTTP/1.1" 200 399
101.228.165.73 - - [22/Feb/2021:08:51:27 +0800] "GET /xingrg/kc/buy/cgsh_order_operate.html?command=get_materiel&rest_code=00146&code=00101008313&supplier_code=00100005&order_time=2021-02-22 HTTP/1.1" 200 412
120.253.135.82 - - [22/Feb/2021:08:51:27 +0800] "GET /xingrg/check_reg.html?_=1613955201236 HTTP/1.1" 200 22
120.253.135.82 - - [22/Feb/2021:08:51:28 +0800] "GET /xingrg/all/function/internal_message.html?_=1613955201636&CODE_STATE=getMsg HTTP/1.1" 200 27
61.165.42.208 - - [22/Feb/2021:08:51:28 +0800] "GET /xingrg/kc/buy/cgsh_order_operate.html?command=get_materiel&rest_code=00105&code=00101008305&supplier_code=00100203&order_time=2021-02-22 HTTP/1.1" 200 412
180.174.195.252 - - [22/Feb/2021:08:51:31 +0800] "GET /xingrg/javascript/jquery_easy_ui/themes/default/images/button_plain_hover.png HTTP/1.1" 304 -
180.174.195.252 - - [22/Feb/2021:08:51:34 +0800] "GET /xingrg/kc/base/yddb_order_report.html?fileType=servlets/html&code=482021021300133&reportName=ck_order_report&subName=yddb HTTP/1.1" 302 -
180.174.195.252 - - [22/Feb/2021:08:51:34 +0800] "GET /xingrg/servlets/image?image=px HTTP/1.1" 200 807
61.165.42.208 - - [22/Feb/2021:08:51:34 +0800] "GET /xingrg/kc/buy/cgsh_order_operate.html?command=get_materiel&rest_code=00105&code=00101008276&supplier_code=00100203&order_time=2021-02-22 HTTP/1.1" 200 412
180.174.195.252 - - [22/Feb/2021:08:51:34 +0800] "GET /xingrg/servlets/html?sysBaseUrl=http%3A%2F%2F180.169.147.146%3A18081%2Fxingrg%2F&costTime=74×tamp=1613955094415 HTTP/1.1" 200 14756
114.88.166.193 - - [22/Feb/2021:08:51:35 +0800] "GET /xingrg/all/function/internal_message.html?_=1613955090791&CODE_STATE=getMsg HTTP/1.1" 200 27
180.174.195.252 - - [22/Feb/2021:08:51:35 +0800] "GET /favicon.ico HTTP/1.1" 404 -
117.185.32.26 - - [22/Feb/2021:08:51:36 +0800] "GET /xingrg/all/function/internal_message.html?_=1613955089244&CODE_STATE=getMsg HTTP/1.1" 200 27
116.224.253.72 - - [22/Feb/2021:08:51:37 +0800] "GET /xingrg/all/function/internal_message.html?_=1613955098426&CODE_STATE=getMsg HTTP/1.1" 200 27
101.228.165.73 - - [22/Feb/2021:08:51:37 +0800] "GET /xingrg/kc/buy/cgsh_order_operate.html?command=get_materiel&rest_code=00146&code=00101008351&supplier_code=00100005&order_time=2021-02-22 HTTP/1.1" 200 428
120.253.135.82 - - [22/Feb/2021:08:51:41 +0800] "GET /xingrg/check_reg.html?_=1613954868173 HTTP/1.1" 200 22
61.165.42.208 - - [22/Feb/2021:08:51:41 +0800] "GET /xingrg/kc/buy/cgsh_order_operate.html?command=get_materiel&rest_code=00105&code=00101008242&supplier_code=00100203&order_time=2021-02-22 HTTP/1.1" 200 408
120.253.135.82 - - [22/Feb/2021:08:51:41 +0800] "GET /xingrg/all/function/internal_message.html?_=1613954868381&CODE_STATE=getMsg HTTP/1.1" 200 27
180.169.147.146 - - [22/Feb/2021:08:51:42 +0800] "GET /xingrg/all/function/internal_message.html?_=1613955101070&CODE_STATE=getMsg HTTP/1.1" 200 27
116.224.253.72 - - [22/Feb/2021:08:51:43 +0800] "GET /xingrg/kc/buy/cgsh_order_add.html HTTP/1.1" 200 62028
116.224.253.72 - - [22/Feb/2021:08:51:43 +0800] "GET /xingrg/words/20210221161058_words.js HTTP/1.1" 304 -
116.224.253.72 - - [22/Feb/2021:08:51:43 +0800] "POST /xingrg/kc/buy/cgsh_order_operate.html HTTP/1.1" 200 8245
116.224.253.72 - - [22/Feb/2021:08:51:43 +0800] "GET /xingrg/all/common/auto_word.html?type=employee&rest_code=00150 HTTP/1.1" 200 205
116.224.253.72 - - [22/Feb/2021:08:51:43 +0800] "GET /xingrg/javascript/easyui/themes/default/validatebox.css HTTP/1.1" 404 1104
116.224.253.72 - - [22/Feb/2021:08:51:43 +0800] "GET /xingrg/all/common/auto_word.html?type=employee&rest_code=00150 HTTP/1.1" 200 205
