116.228.172.94 - - [21/Feb/2021:09:33:06 +0800] "GET /xingrg/all/function/internal_message.html?_=1613871181948&CODE_STATE=getMsg HTTP/1.1" 200 27
180.174.195.252 - - [21/Feb/2021:09:33:10 +0800] "GET /xingrg/kc/buy/cgsh_order_operate.html?command=get_materiel&rest_code=00102&code=00101008350&supplier_code=00100008&order_time=2021-02-21 HTTP/1.1" 200 429
116.232.54.37 - - [21/Feb/2021:09:33:13 +0800] "GET /xingrg/all/function/internal_message.html?_=1613871283468&CODE_STATE=getMsg HTTP/1.1" 200 27
222.69.136.62 - - [21/Feb/2021:09:33:14 +0800] "GET /xingrg/kc/buy/cgsh_order_operate.html?command=get_materiel&rest_code=00149&code=00101008087&supplier_code=00100005&order_time=2021-02-21 HTTP/1.1" 200 412
116.227.208.86 - - [21/Feb/2021:09:33:14 +0800] "GET /xingrg/all/function/internal_message.html?_=1613871187752&CODE_STATE=getMsg HTTP/1.1" 200 27
120.253.135.82 - - [21/Feb/2021:09:33:14 +0800] "GET /xingrg/all/function/internal_message.html?_=1613870957589&CODE_STATE=getMsg HTTP/1.1" 200 27
114.88.166.193 - - [21/Feb/2021:09:33:15 +0800] "GET /xingrg/all/function/internal_message.html?_=1613871186707&CODE_STATE=getMsg HTTP/1.1" 200 27
180.174.195.252 - - [21/Feb/2021:09:33:17 +0800] "GET /xingrg/all/function/internal_message.html?_=1613871443832&CODE_STATE=getMsg HTTP/1.1" 200 27
180.174.195.252 - - [21/Feb/2021:09:33:18 +0800] "GET /xingrg/kc/buy/cgsh_order_operate.html?command=get_materiel&rest_code=00102&code=00101008110&supplier_code=00100008&order_time=2021-02-21 HTTP/1.1" 200 409
117.185.32.26 - - [21/Feb/2021:09:33:19 +0800] "GET /xingrg/check_reg.html?_=1613871187979 HTTP/1.1" 200 22
116.224.253.72 - - [21/Feb/2021:09:33:20 +0800] "GET /xingrg/all/function/internal_message.html?_=1613871194233&CODE_STATE=getMsg HTTP/1.1" 200 27
114.88.166.193 - - [21/Feb/2021:09:33:26 +0800] "GET /xingrg/kc/buy/cgsh_order_operate.html?command=get_materiel&rest_code=00111&code=00101008112&supplier_code=00100005&order_time=2021-02-21 HTTP/1.1" 200 412
180.174.195.252 - - [21/Feb/2021:09:33:27 +0800] "GET /xingrg/kc/buy/cgsh_order_operate.html?command=get_materiel&rest_code=00102&code=00101008038&supplier_code=00100008&order_time=2021-02-21 HTTP/1.1" 200 413
116.224.253.72 - - [21/Feb/2021:09:33:29 +0800] "GET /xingrg/check_reg.html?_=1613871180201 HTTP/1.1" 200 22
101.228.165.73 - - [21/Feb/2021:09:33:32 +0800] "GET /xingrg/all/function/internal_message.html?_=1613871202454&CODE_STATE=getMsg HTTP/1.1" 200 27
114.88.166.193 - - [21/Feb/2021:09:33:34 +0800] "GET /xingrg/kc/buy/cgsh_order_operate.html?command=get_materiel&rest_code=00111&code=00101008150&supplier_code=00100005&order_time=2021-02-21 HTTP/1.1" 200 409
180.174.195.252 - - [21/Feb/2021:09:33:36 +0800] "GET /xingrg/kc/buy/cgsh_order_operate.html?command=get_materiel&rest_code=00102&code=00101008355&supplier_code=00100008&order_time=2021-02-21 HTTP/1.1" 200 428
58.37.230.33 - - [21/Feb/2021:09:33:39 +0800] "GET /xingrg/all/function/internal_message.html?_=1613871220364&CODE_STATE=getMsg HTTP/1.1" 200 27
114.88.166.193 - - [21/Feb/2021:09:33:40 +0800] "POST /xingrg/kc/buy/cgsh_order_operate.html HTTP/1.1" 200 2065
61.165.42.208 - - [21/Feb/2021:09:33:40 +0800] "GET /xingrg/all/function/internal_message.html?_=1613871217524&CODE_STATE=getMsg HTTP/1.1" 200 27
61.165.42.208 - - [21/Feb/2021:09:33:40 +0800] "GET /xingrg/check_reg.html?_=1613871217528 HTTP/1.1" 200 22
116.224.253.72 - - [21/Feb/2021:09:33:42 +0800] "GET /xingrg/all/function/internal_message.html?_=1613871193897&CODE_STATE=getMsg HTTP/1.1" 200 27
180.174.195.252 - - [21/Feb/2021:09:33:44 +0800] "GET /xingrg/kc/buy/cgsh_order_operate.html?command=get_materiel&rest_code=00102&code=00101008264&supplier_code=00100008&order_time=2021-02-21 HTTP/1.1" 200 433
116.224.253.72 - - [21/Feb/2021:09:33:45 +0800] "GET /xingrg/all/function/internal_message.html?_=1613871221383&CODE_STATE=getMsg HTTP/1.1" 200 27
114.88.166.193 - - [21/Feb/2021:09:33:47 +0800] "GET /xingrg/kc/buy/cgsh_order_operate.html?command=get_materiel&rest_code=00111&code=00101008168&supplier_code=00100005&order_time=2021-02-21 HTTP/1.1" 200 413
222.69.136.62 - - [21/Feb/2021:09:33:48 +0800] "GET /xingrg/all/function/internal_message.html?_=1613871223564&CODE_STATE=getMsg HTTP/1.1" 200 27
223.167.127.36 - - [21/Feb/2021:09:33:49 +0800] "GET /xingrg/all/function/internal_message.html?_=1613871225671&CODE_STATE=getMsg HTTP/1.1" 200 27
180.174.195.252 - - [21/Feb/2021:09:33:51 +0800] "GET /xingrg/kc/buy/cgsh_order_operate.html?command=get_materiel&rest_code=00102&code=00101008077&supplier_code=00100008&order_time=2021-02-21 HTTP/1.1" 200 416
114.88.166.193 - - [21/Feb/2021:09:33:55 +0800] "GET /xingrg/kc/buy/cgsh_order_operate.html?command=get_materiel&rest_code=00111&code=00101008165&supplier_code=00100005&order_time=2021-02-21 HTTP/1.1" 200 416
117.185.32.26 - - [21/Feb/2021:09:33:57 +0800] "GET /xingrg/all/function/internal_message.html?_=1613871225620&CODE_STATE=getMsg HTTP/1.1" 200 27
114.88.166.193 - - [21/Feb/2021:09:34:02 +0800] "GET /xingrg/kc/buy/cgsh_order_operate.html?command=get_materiel&rest_code=00111&code=00101008469&supplier_code=00100005&order_time=2021-02-21 HTTP/1.1" 200 398
116.227.208.86 - - [21/Feb/2021:09:34:02 +0800] "GET /xingrg/kc/buy/cgsh_order_add.html HTTP/1.1" 200 62072
116.227.208.86 - - [21/Feb/2021:09:34:02 +0800] "POST /xingrg/kc/buy/cgsh_order_operate.html HTTP/1.1" 200 8245
116.227.208.86 - - [21/Feb/2021:09:34:02 +0800] "GET /xingrg/javascript/easyui/themes/default/validatebox.css HTTP/1.1" 404 1104
180.174.195.252 - - [21/Feb/2021:09:34:04 +0800] "GET /xingrg/kc/buy/cgsh_order_operate.html?command=get_materiel&rest_code=00102&code=00101008069&supplier_code=00100008&order_time=2021-02-21 HTTP/1.1" 200 412
116.228.172.94 - - [21/Feb/2021:09:34:06 +0800] "GET /xingrg/all/function/internal_message.html?_=1613871241935&CODE_STATE=getMsg HTTP/1.1" 200 27
120.204.17.73 - - [21/Feb/2021:09:34:07 +0800] "GET /xingrg/all/function/internal_message.html?_=1613871165689&CODE_STATE=getMsg HTTP/1.1" 302 -
222.69.136.62 - - [21/Feb/2021:09:34:09 +0800] "POST /xingrg/services/DataTransmitService HTTP/1.1" 200 501
222.69.136.62 - - [21/Feb/2021:09:34:10 +0800] "POST /xingrg/services/DataTransmitService HTTP/1.1" 200 501
120.204.17.73 - - [21/Feb/2021:09:34:11 +0800] "GET /xingrg/login.html HTTP/1.1" 200 7641
116.232.54.37 - - [21/Feb/2021:09:34:13 +0800] "GET /xingrg/all/function/internal_message.html?_=1613871343471&CODE_STATE=getMsg HTTP/1.1" 200 27
180.174.195.252 - - [21/Feb/2021:09:34:14 +0800] "GET /xingrg/kc/buy/cgsh_order_operate.html?command=get_materiel&rest_code=00102&code=00101008286&supplier_code=00100008&order_time=2021-02-21 HTTP/1.1" 200 408
116.227.208.86 - - [21/Feb/2021:09:34:14 +0800] "GET /xingrg/all/function/internal_message.html?_=1613871247779&CODE_STATE=getMsg HTTP/1.1" 200 27
120.253.135.82 - - [21/Feb/2021:09:34:15 +0800] "GET /xingrg/all/function/internal_message.html?_=1613871017700&CODE_STATE=getMsg HTTP/1.1" 200 27
114.88.166.193 - - [21/Feb/2021:09:34:15 +0800] "GET /xingrg/all/function/internal_message.html?_=1613871246723&CODE_STATE=getMsg HTTP/1.1" 200 27
116.227.208.86 - - [21/Feb/2021:09:34:15 +0800] "GET /xingrg/kc/buy/cgsh_order_operate.html?command=get_materiel&rest_code=00155&code=00101008248&supplier_code=00100005&order_time=2021-02-21 HTTP/1.1" 200 414
180.174.195.252 - - [21/Feb/2021:09:34:17 +0800] "GET /xingrg/all/function/internal_message.html?_=1613871503847&CODE_STATE=getMsg HTTP/1.1" 200 27
222.69.136.62 - - [21/Feb/2021:09:34:17 +0800] "GET /xingrg/kc/buy/cgsh_order_operate.html?command=get_materiel&rest_code=00149&code=00101008361&supplier_code=00100005&order_time=2021-02-21 HTTP/1.1" 200 408
114.88.166.193 - - [21/Feb/2021:09:34:19 +0800] "GET /xingrg/kc/buy/cgsh_order_operate.html?command=get_materiel&rest_code=00111&code=00101008356&supplier_code=00100005&order_time=2021-02-21 HTTP/1.1" 200 408
116.224.253.72 - - [21/Feb/2021:09:34:20 +0800] "GET /xingrg/all/function/internal_message.html?_=1613871254219&CODE_STATE=getMsg HTTP/1.1" 200 27
180.174.195.252 - - [21/Feb/2021:09:34:21 +0800] "GET /xingrg/kc/buy/cgsh_order_operate.html?command=get_materiel&rest_code=00102&code=00101008036&supplier_code=00100008&order_time=2021-02-21 HTTP/1.1" 200 427
116.227.208.86 - - [21/Feb/2021:09:34:25 +0800] "GET /xingrg/kc/buy/cgsh_order_operate.html?command=get_materiel&rest_code=00155&code=00101008350&supplier_code=00100005&order_time=2021-02-21 HTTP/1.1" 200 429
222.69.136.62 - - [21/Feb/2021:09:34:28 +0800] "GET /xingrg/kc/buy/cgsh_order_operate.html?command=get_materiel&rest_code=00149&code=00101008355&supplier_code=00100005&order_time=2021-02-21 HTTP/1.1" 200 428
180.174.195.252 - - [21/Feb/2021:09:34:29 +0800] "GET /xingrg/kc/buy/cgsh_order_operate.html?command=get_materiel&rest_code=00102&code=00101008131&supplier_code=00100008&order_time=2021-02-21 HTTP/1.1" 200 408
116.227.208.86 - - [21/Feb/2021:09:34:31 +0800] "GET /xingrg/kc/buy/cgsh_order_operate.html?command=get_materiel&rest_code=00155&code=00101008358&supplier_code=00100005&order_time=2021-02-21 HTTP/1.1" 200 412
101.228.165.73 - - [21/Feb/2021:09:34:32 +0800] "GET /xingrg/check_reg.html?_=1613871261914 HTTP/1.1" 200 22
101.228.165.73 - - [21/Feb/2021:09:34:32 +0800] "GET /xingrg/all/function/internal_message.html?_=1613871262474&CODE_STATE=getMsg HTTP/1.1" 200 27
114.88.166.193 - - [21/Feb/2021:09:34:33 +0800] "POST /xingrg/kc/buy/cgsh_order_operate.html HTTP/1.1" 200 2065
180.174.195.252 - - [21/Feb/2021:09:34:36 +0800] "GET /xingrg/kc/buy/cgsh_order_operate.html?command=get_materiel&rest_code=00102&code=00101008352&supplier_code=00100008&order_time=2021-02-21 HTTP/1.1" 200 432
222.69.136.62 - - [21/Feb/2021:09:34:36 +0800] "GET /xingrg/kc/buy/cgsh_order_operate.html?command=get_materiel&rest_code=00149&code=00101008264&supplier_code=00100005&order_time=2021-02-21 HTTP/1.1" 200 433
58.37.230.33 - - [21/Feb/2021:09:34:39 +0800] "GET /xingrg/all/function/internal_message.html?_=1613871280340&CODE_STATE=getMsg HTTP/1.1" 200 27
61.165.42.208 - - [21/Feb/2021:09:34:40 +0800] "GET /xingrg/all/function/internal_message.html?_=1613871277528&CODE_STATE=getMsg HTTP/1.1" 200 27
116.224.253.72 - - [21/Feb/2021:09:34:42 +0800] "GET /xingrg/all/function/internal_message.html?_=1613871253910&CODE_STATE=getMsg HTTP/1.1" 200 27
180.174.195.252 - - [21/Feb/2021:09:34:43 +0800] "GET /xingrg/kc/buy/cgsh_order_operate.html?command=get_materiel&rest_code=00102&code=00101008098&supplier_code=00100008&order_time=2021-02-21 HTTP/1.1" 200 412
114.88.166.193 - - [21/Feb/2021:09:34:44 +0800] "GET /xingrg/kc/buy/cgsh_order_operate.html?command=get_materiel&rest_code=00111&code=00101008131&supplier_code=00100005&order_time=2021-02-21 HTTP/1.1" 200 408
116.224.253.72 - - [21/Feb/2021:09:34:45 +0800] "GET /xingrg/all/function/internal_message.html?_=1613871281388&CODE_STATE=getMsg HTTP/1.1" 200 27
222.69.136.62 - - [21/Feb/2021:09:34:48 +0800] "GET /xingrg/all/function/internal_message.html?_=1613871283534&CODE_STATE=getMsg HTTP/1.1" 200 27
222.69.136.62 - - [21/Feb/2021:09:34:48 +0800] "GET /xingrg/check_reg.html?_=1613871284112 HTTP/1.1" 200 22
222.69.136.62 - - [21/Feb/2021:09:34:49 +0800] "GET /xingrg/kc/buy/cgsh_order_operate.html?command=get_materiel&rest_code=00149&code=00101008356&supplier_code=00100005&order_time=2021-02-21 HTTP/1.1" 200 408
223.167.127.36 - - [21/Feb/2021:09:34:49 +0800] "GET /xingrg/all/function/internal_message.html?_=1613871285673&CODE_STATE=getMsg HTTP/1.1" 200 27
116.227.208.86 - - [21/Feb/2021:09:34:50 +0800] "GET /xingrg/kc/buy/cgsh_order_operate.html?command=get_materiel&rest_code=00155&code=00101008003&supplier_code=00100005&order_time=2021-02-21 HTTP/1.1" 200 408
222.69.136.62 - - [21/Feb/2021:09:34:52 +0800] "POST /xingrg/services/DataTransmitService HTTP/1.1" 200 501
180.174.195.252 - - [21/Feb/2021:09:34:52 +0800] "GET /xingrg/kc/buy/cgsh_order_operate.html?command=get_materiel&rest_code=00102&code=00101008005&supplier_code=00100008&order_time=2021-02-21 HTTP/1.1" 200 412
117.185.32.26 - - [21/Feb/2021:09:34:57 +0800] "GET /xingrg/all/function/internal_message.html?_=1613871285716&CODE_STATE=getMsg HTTP/1.1" 200 27
116.227.208.86 - - [21/Feb/2021:09:34:59 +0800] "GET /xingrg/kc/buy/cgsh_order_operate.html?command=get_materiel&rest_code=00155&code=00101008126&supplier_code=00100005&order_time=2021-02-21 HTTP/1.1" 200 412
114.88.166.193 - - [21/Feb/2021:09:35:01 +0800] "GET /xingrg/kc/buy/cgsh_order_operate.html?command=get_materiel&rest_code=00111&code=00101008061&supplier_code=00100005&order_time=2021-02-21 HTTP/1.1" 200 443
180.174.195.252 - - [21/Feb/2021:09:35:02 +0800] "GET /xingrg/kc/buy/cgsh_order_operate.html?command=get_materiel&rest_code=00102&code=00101008353&supplier_code=00100008&order_time=2021-02-21 HTTP/1.1" 200 408
120.204.17.70 - - [21/Feb/2021:09:35:04 +0800] "GET /xingrg/all/function/internal_message.html?_=1613871225620&CODE_STATE=getMsg HTTP/1.1" 302 -
222.69.136.62 - - [21/Feb/2021:09:35:04 +0800] "GET /xingrg/kc/buy/cgsh_order_operate.html?command=get_materiel&rest_code=00149&code=00101008251&supplier_code=00100005&order_time=2021-02-21 HTTP/1.1" 200 408
116.227.208.86 - - [21/Feb/2021:09:35:04 +0800] "GET /xingrg/kc/buy/cgsh_order_operate.html?command=get_materiel&rest_code=00155&code=00101008270&supplier_code=00100005&order_time=2021-02-21 HTTP/1.1" 200 431
116.228.172.94 - - [21/Feb/2021:09:35:06 +0800] "GET /xingrg/all/function/internal_message.html?_=1613871301910&CODE_STATE=getMsg HTTP/1.1" 200 27
120.253.135.82 - - [21/Feb/2021:09:35:06 +0800] "GET /xingrg/check_reg.html?_=1613871069290 HTTP/1.1" 200 22
180.174.195.252 - - [21/Feb/2021:09:35:09 +0800] "GET /xingrg/kc/buy/cgsh_order_operate.html?command=get_materiel&rest_code=00102&code=00101008213&supplier_code=00100008&order_time=2021-02-21 HTTP/1.1" 200 412
114.88.166.193 - - [21/Feb/2021:09:35:09 +0800] "GET /xingrg/kc/buy/cgsh_order_operate.html?command=get_materiel&rest_code=00111&code=00101008095&supplier_code=00100005&order_time=2021-02-21 HTTP/1.1" 200 412
116.227.208.86 - - [21/Feb/2021:09:35:10 +0800] "GET /xingrg/kc/buy/cgsh_order_operate.html?command=get_materiel&rest_code=00155&code=00101008318&supplier_code=00100005&order_time=2021-02-21 HTTP/1.1" 200 408
114.88.166.193 - - [21/Feb/2021:09:35:13 +0800] "POST /xingrg/kc/buy/cgsh_order_operate.html HTTP/1.1" 200 2065
116.232.54.37 - - [21/Feb/2021:09:35:13 +0800] "GET /xingrg/all/function/internal_message.html?_=1613871403459&CODE_STATE=getMsg HTTP/1.1" 200 27
120.204.17.70 - - [21/Feb/2021:09:35:14 +0800] "GET /xingrg/login.html HTTP/1.1" 200 7641
116.227.208.86 - - [21/Feb/2021:09:35:14 +0800] "GET /xingrg/all/function/internal_message.html?_=1613871307758&CODE_STATE=getMsg HTTP/1.1" 200 27
120.253.135.82 - - [21/Feb/2021:09:35:15 +0800] "GET /xingrg/all/function/internal_message.html?_=1613871077710&CODE_STATE=getMsg HTTP/1.1" 200 27
114.88.166.193 - - [21/Feb/2021:09:35:15 +0800] "GET /xingrg/all/function/internal_message.html?_=1613871306734&CODE_STATE=getMsg HTTP/1.1" 200 27
116.227.208.86 - - [21/Feb/2021:09:35:16 +0800] "GET /xingrg/kc/buy/cgsh_order_operate.html?command=get_materiel&rest_code=00155&code=00101008055&supplier_code=00100005&order_time=2021-02-21 HTTP/1.1" 200 409
180.174.195.252 - - [21/Feb/2021:09:35:17 +0800] "GET /xingrg/all/function/internal_message.html?_=1613871563860&CODE_STATE=getMsg HTTP/1.1" 200 27
180.174.195.252 - - [21/Feb/2021:09:35:19 +0800] "GET /xingrg/kc/buy/cgsh_order_operate.html?command=get_materiel&rest_code=00102&code=00101008291&supplier_code=00100008&order_time=2021-02-21 HTTP/1.1" 200 408
116.224.253.72 - - [21/Feb/2021:09:35:20 +0800] "GET /xingrg/all/function/internal_message.html?_=1613871314219&CODE_STATE=getMsg HTTP/1.1" 200 27
222.69.136.62 - - [21/Feb/2021:09:35:21 +0800] "GET /xingrg/kc/buy/cgsh_order_operate.html?command=get_materiel&rest_code=00149&code=00101008360&supplier_code=00100005&order_time=2021-02-21 HTTP/1.1" 200 413
222.69.136.62 - - [21/Feb/2021:09:35:25 +0800] "POST /xingrg/kc/buy/cgsh_order_operate.html HTTP/1.1" 200 2065
180.174.195.252 - - [21/Feb/2021:09:35:28 +0800] "GET /xingrg/kc/buy/cgsh_order_operate.html?command=get_materiel&rest_code=00102&code=00101019224&supplier_code=00100008&order_time=2021-02-21 HTTP/1.1" 200 408
116.227.208.86 - - [21/Feb/2021:09:35:32 +0800] "GET /xingrg/kc/buy/cgsh_order_operate.html?command=get_materiel&rest_code=00155&code=00101008042&supplier_code=00100005&order_time=2021-02-21 HTTP/1.1" 200 416
222.69.136.62 - - [21/Feb/2021:09:35:32 +0800] "GET /xingrg/kc/buy/cgsh_order_operate.html?command=get_materiel&rest_code=00149&code=00101008077&supplier_code=00100005&order_time=2021-02-21 HTTP/1.1" 200 416
101.228.165.73 - - [21/Feb/2021:09:35:32 +0800] "GET /xingrg/all/function/internal_message.html?_=1613871322484&CODE_STATE=getMsg HTTP/1.1" 200 27
180.174.195.252 - - [21/Feb/2021:09:35:33 +0800] "POST /xingrg/kc/buy/cgsh_order_operate.html HTTP/1.1" 200 2065
222.69.136.62 - - [21/Feb/2021:09:35:35 +0800] "POST /xingrg/services/DataTransmitService HTTP/1.1" 200 501
180.174.195.252 - - [21/Feb/2021:09:35:38 +0800] "GET /xingrg/kc/buy/cgsh_order_operate.html?command=get_materiel&rest_code=00102&code=00101008529&supplier_code=00100008&order_time=2021-02-21 HTTP/1.1" 200 402
58.37.230.33 - - [21/Feb/2021:09:35:38 +0800] "GET /xingrg/all/function/internal_message.html?_=1613871340309&CODE_STATE=getMsg HTTP/1.1" 200 27
61.165.42.208 - - [21/Feb/2021:09:35:40 +0800] "GET /xingrg/all/function/internal_message.html?_=1613871337529&CODE_STATE=getMsg HTTP/1.1" 200 27
222.69.136.62 - - [21/Feb/2021:09:35:42 +0800] "POST /xingrg/services/DataTransmitService HTTP/1.1" 200 501
222.69.136.62 - - [21/Feb/2021:09:35:42 +0800] "POST /xingrg/services/DataTransmitService HTTP/1.1" 200 501
116.224.253.72 - - [21/Feb/2021:09:35:42 +0800] "GET /xingrg/all/function/internal_message.html?_=1613871313931&CODE_STATE=getMsg HTTP/1.1" 200 27
116.224.253.72 - - [21/Feb/2021:09:35:45 +0800] "GET /xingrg/all/function/internal_message.html?_=1613871341390&CODE_STATE=getMsg HTTP/1.1" 200 27
116.227.208.86 - - [21/Feb/2021:09:35:47 +0800] "GET /xingrg/kc/buy/cgsh_order_operate.html?command=get_materiel&rest_code=00155&code=00101008355&supplier_code=00100005&order_time=2021-02-21 HTTP/1.1" 200 430
222.69.136.62 - - [21/Feb/2021:09:35:48 +0800] "GET /xingrg/all/function/internal_message.html?_=1613871343523&CODE_STATE=getMsg HTTP/1.1" 200 27
223.167.127.36 - - [21/Feb/2021:09:35:49 +0800] "GET /xingrg/all/function/internal_message.html?_=1613871345670&CODE_STATE=getMsg HTTP/1.1" 200 27
180.174.195.252 - - [21/Feb/2021:09:35:52 +0800] "GET /xingrg/kc/buy/cgsh_order_operate.html?command=get_materiel&rest_code=00102&code=00101008229&supplier_code=00100008&order_time=2021-02-21 HTTP/1.1" 200 420
222.69.136.62 - - [21/Feb/2021:09:35:53 +0800] "GET /xingrg/kc/buy/cgsh_order_operate.html?command=get_materiel&rest_code=00149&code=00101008077&supplier_code=00100005&order_time=2021-02-21 HTTP/1.1" 200 416
116.227.208.86 - - [21/Feb/2021:09:35:56 +0800] "GET /xingrg/kc/buy/cgsh_order_operate.html?command=get_materiel&rest_code=00155&code=00101008272&supplier_code=00100005&order_time=2021-02-21 HTTP/1.1" 200 412
117.185.32.26 - - [21/Feb/2021:09:35:57 +0800] "GET /xingrg/all/function/internal_message.html?_=1613871345568&CODE_STATE=getMsg HTTP/1.1" 200 27
222.69.136.62 - - [21/Feb/2021:09:36:01 +0800] "GET /xingrg/kc/buy/cgsh_order_operate.html?command=get_materiel&rest_code=00149&code=00101008223&supplier_code=00100005&order_time=2021-02-21 HTTP/1.1" 200 412
180.174.195.252 - - [21/Feb/2021:09:36:01 +0800] "GET /xingrg/kc/buy/cgsh_order_operate.html?command=get_materiel&rest_code=00102&code=00101008114&supplier_code=00100008&order_time=2021-02-21 HTTP/1.1" 200 412
222.69.136.62 - - [21/Feb/2021:09:36:03 +0800] "POST /xingrg/services/DataTransmitService HTTP/1.1" 200 501
116.227.208.86 - - [21/Feb/2021:09:36:03 +0800] "GET /xingrg/kc/buy/cgsh_order_operate.html?command=get_materiel&rest_code=00155&code=00101008006&supplier_code=00100005&order_time=2021-02-21 HTTP/1.1" 200 417
183.192.164.71 - - [21/Feb/2021:09:36:04 +0800] "GET /xingrg/all/function/internal_message.html?_=1613871285716&CODE_STATE=getMsg HTTP/1.1" 302 -
58.37.230.33 - - [21/Feb/2021:09:36:05 +0800] "GET /xingrg/check_reg.html?_=1613871366698 HTTP/1.1" 200 22
222.69.136.62 - - [21/Feb/2021:09:36:05 +0800] "POST /xingrg/services/DataTransmitService HTTP/1.1" 200 501
116.228.172.94 - - [21/Feb/2021:09:36:06 +0800] "GET /xingrg/all/function/internal_message.html?_=1613871361895&CODE_STATE=getMsg HTTP/1.1" 200 27
222.69.136.62 - - [21/Feb/2021:09:36:07 +0800] "POST /xingrg/services/DataTransmitService HTTP/1.1" 200 501
183.192.164.71 - - [21/Feb/2021:09:36:07 +0800] "GET /xingrg/login.html HTTP/1.1" 200 7641
116.227.208.86 - - [21/Feb/2021:09:36:10 +0800] "GET /xingrg/kc/buy/cgsh_order_operate.html?command=get_materiel&rest_code=00155&code=00101008036&supplier_code=00100005&order_time=2021-02-21 HTTP/1.1" 200 427
180.174.195.252 - - [21/Feb/2021:09:36:10 +0800] "GET /xingrg/kc/buy/cgsh_order_operate.html?command=get_materiel&rest_code=00102&code=00101008125&supplier_code=00100008&order_time=2021-02-21 HTTP/1.1" 200 413
222.69.136.62 - - [21/Feb/2021:09:36:10 +0800] "GET /xingrg/kc/buy/cgsh_order_operate.html?command=get_materiel&rest_code=00149&code=00101008558&supplier_code=00100005&order_time=2021-02-21 HTTP/1.1" 200 395
222.69.136.62 - - [21/Feb/2021:09:36:13 +0800] "POST /xingrg/services/DataTransmitService HTTP/1.1" 200 412
116.232.54.37 - - [21/Feb/2021:09:36:13 +0800] "GET /xingrg/all/function/internal_message.html?_=1613871463468&CODE_STATE=getMsg HTTP/1.1" 200 27
116.227.208.86 - - [21/Feb/2021:09:36:14 +0800] "GET /xingrg/check_reg.html?_=1613871367744 HTTP/1.1" 200 22
116.227.208.86 - - [21/Feb/2021:09:36:14 +0800] "GET /xingrg/all/function/internal_message.html?_=1613871367746&CODE_STATE=getMsg HTTP/1.1" 200 27
120.253.135.82 - - [21/Feb/2021:09:36:15 +0800] "GET /xingrg/all/function/internal_message.html?_=1613871137723&CODE_STATE=getMsg HTTP/1.1" 200 27
114.88.166.193 - - [21/Feb/2021:09:36:15 +0800] "GET /xingrg/all/function/internal_message.html?_=1613871366742&CODE_STATE=getMsg HTTP/1.1" 200 27
116.227.208.86 - - [21/Feb/2021:09:36:16 +0800] "GET /xingrg/kc/buy/cgsh_order_operate.html?command=get_materiel&rest_code=00155&code=00101008131&supplier_code=00100005&order_time=2021-02-21 HTTP/1.1" 200 408
180.174.195.252 - - [21/Feb/2021:09:36:17 +0800] "GET /xingrg/all/function/internal_message.html?_=1613871623872&CODE_STATE=getMsg HTTP/1.1" 200 27
116.224.253.72 - - [21/Feb/2021:09:36:20 +0800] "GET /xingrg/all/function/internal_message.html?_=1613871374220&CODE_STATE=getMsg HTTP/1.1" 200 27
116.224.253.72 - - [21/Feb/2021:09:36:20 +0800] "GET /xingrg/check_reg.html?_=1613871374221 HTTP/1.1" 200 22
116.227.208.86 - - [21/Feb/2021:09:36:23 +0800] "GET /xingrg/kc/buy/cgsh_order_operate.html?command=get_materiel&rest_code=00155&code=00101008108&supplier_code=00100005&order_time=2021-02-21 HTTP/1.1" 200 412
101.228.165.73 - - [21/Feb/2021:09:36:32 +0800] "GET /xingrg/all/function/internal_message.html?_=1613871382501&CODE_STATE=getMsg HTTP/1.1" 200 27
222.69.136.62 - - [21/Feb/2021:09:36:33 +0800] "GET /xingrg/kc/buy/cgsh_order_operate.html?command=get_materiel&rest_code=00149&code=00101008286&supplier_code=00100005&order_time=2021-02-21 HTTP/1.1" 200 409
116.227.208.86 - - [21/Feb/2021:09:36:33 +0800] "GET /xingrg/kc/buy/cgsh_order_operate.html?command=get_materiel&rest_code=00155&code=00101008353&supplier_code=00100005&order_time=2021-02-21 HTTP/1.1" 200 408
58.37.230.33 - - [21/Feb/2021:09:36:38 +0800] "GET /xingrg/all/function/internal_message.html?_=1613871400286&CODE_STATE=getMsg HTTP/1.1" 200 27
114.88.166.193 - - [21/Feb/2021:09:36:39 +0800] "POST /xingrg/kc/buy/cgsh_order_operate.html HTTP/1.1" 200 37
116.227.208.86 - - [21/Feb/2021:09:36:39 +0800] "GET /xingrg/kc/buy/cgsh_order_operate.html?command=get_materiel&rest_code=00155&code=00101008161&supplier_code=00100005&order_time=2021-02-21 HTTP/1.1" 200 408
114.88.166.193 - - [21/Feb/2021:09:36:40 +0800] "POST /xingrg/kc/buy/cgsh_order_operate.html HTTP/1.1" 200 31057
61.165.42.208 - - [21/Feb/2021:09:36:40 +0800] "GET /xingrg/all/function/internal_message.html?_=1613871397518&CODE_STATE=getMsg HTTP/1.1" 200 27
180.174.195.252 - - [21/Feb/2021:09:36:41 +0800] "GET /xingrg/kc/buy/cgsh_order_operate.html?command=get_materiel&rest_code=00102&code=00101008072&supplier_code=00100008&order_time=2021-02-21 HTTP/1.1" 200 408
116.224.253.72 - - [21/Feb/2021:09:36:42 +0800] "GET /xingrg/all/function/internal_message.html?_=1613871373937&CODE_STATE=getMsg HTTP/1.1" 200 27
116.224.253.72 - - [21/Feb/2021:09:36:45 +0800] "GET /xingrg/all/function/internal_message.html?_=1613871401391&CODE_STATE=getMsg HTTP/1.1" 200 27
180.174.195.252 - - [21/Feb/2021:09:36:47 +0800] "POST /xingrg/kc/buy/cgsh_order_operate.html HTTP/1.1" 200 2065
223.167.127.36 - - [21/Feb/2021:09:36:49 +0800] "GET /xingrg/check_reg.html?_=1613871405673 HTTP/1.1" 200 22
223.167.127.36 - - [21/Feb/2021:09:36:49 +0800] "GET /xingrg/all/function/internal_message.html?_=1613871405676&CODE_STATE=getMsg HTTP/1.1" 200 27
116.227.208.86 - - [21/Feb/2021:09:36:51 +0800] "GET /xingrg/kc/buy/cgsh_order_operate.html?command=get_materiel&rest_code=00155&code=00101008242&supplier_code=00100005&order_time=2021-02-21 HTTP/1.1" 200 408
180.174.195.252 - - [21/Feb/2021:09:36:53 +0800] "GET /xingrg/kc/buy/cgsh_order_operate.html?command=get_materiel&rest_code=00102&code=00101008370&supplier_code=00100008&order_time=2021-02-21 HTTP/1.1" 200 412
114.88.166.193 - - [21/Feb/2021:09:36:53 +0800] "GET /xingrg/kc/mdqp/pssh_order_list.html HTTP/1.1" 200 17927
114.88.166.193 - - [21/Feb/2021:09:36:54 +0800] "POST /xingrg/kc/mdqp/pssh_list_operate.html HTTP/1.1" 200 5297
222.69.136.62 - - [21/Feb/2021:09:36:57 +0800] "GET /xingrg/all/function/internal_message.html?_=1613871403487&CODE_STATE=getMsg HTTP/1.1" 200 27
114.88.166.193 - - [21/Feb/2021:09:36:58 +0800] "POST /xingrg/kc/mdqp/pssh_list_operate.html HTTP/1.1" 200 778
116.227.208.86 - - [21/Feb/2021:09:36:58 +0800] "GET /xingrg/kc/buy/cgsh_order_operate.html?command=get_materiel&rest_code=00155&code=00101008155&supplier_code=00100005&order_time=2021-02-21 HTTP/1.1" 200 428
117.185.32.26 - - [21/Feb/2021:09:36:58 +0800] "GET /xingrg/all/function/internal_message.html?_=1613871405544&CODE_STATE=getMsg HTTP/1.1" 200 27
116.227.208.86 - - [21/Feb/2021:09:36:59 +0800] "POST /xingrg/kc/buy/cgsh_order_operate.html HTTP/1.1" 200 2065
180.174.195.252 - - [21/Feb/2021:09:37:00 +0800] "GET /xingrg/kc/buy/cgsh_order_operate.html?command=get_materiel&rest_code=00102&code=00101008321&supplier_code=00100008&order_time=2021-02-21 HTTP/1.1" 200 412
114.88.166.193 - - [21/Feb/2021:09:37:01 +0800] "GET /xingrg/kc/mdqp/pssh_order_info.html?code=312021022000405 HTTP/1.1" 200 17275
114.88.166.193 - - [21/Feb/2021:09:37:01 +0800] "GET /xingrg/javascript/jquery_tools/jquery-1.4.2.min.js HTTP/1.1" 404 1094
114.88.166.193 - - [21/Feb/2021:09:37:01 +0800] "GET /xingrg/javascript/easyui/themes/icons/back_new.png HTTP/1.1" 200 3414
114.88.166.193 - - [21/Feb/2021:09:37:01 +0800] "POST /xingrg/kc/mdqp/pssh_order_operate.html HTTP/1.1" 200 18566
114.88.166.193 - - [21/Feb/2021:09:37:01 +0800] "GET /xingrg/all/common/auto_word.html?type=base&rest_code=00111&rest_code=00111 HTTP/1.1" 200 1753
114.88.166.193 - - [21/Feb/2021:09:37:01 +0800] "GET /xingrg/javascript/easyui/themes/default/validatebox.css HTTP/1.1" 404 1104
116.227.208.86 - - [21/Feb/2021:09:37:05 +0800] "GET /xingrg/kc/buy/cgsh_order_operate.html?command=get_materiel&rest_code=00155&code=00101008104&supplier_code=00100005&order_time=2021-02-21 HTTP/1.1" 200 416
116.228.172.94 - - [21/Feb/2021:09:37:06 +0800] "GET /xingrg/all/function/internal_message.html?_=1613871421883&CODE_STATE=getMsg HTTP/1.1" 200 27
116.228.172.94 - - [21/Feb/2021:09:37:06 +0800] "GET /xingrg/check_reg.html?_=1613871422043 HTTP/1.1" 200 22
114.88.166.193 - - [21/Feb/2021:09:37:07 +0800] "GET /xingrg/check_reg.html?_=1613871419535 HTTP/1.1" 200 22
180.174.195.252 - - [21/Feb/2021:09:37:10 +0800] "GET /xingrg/kc/buy/cgsh_order_operate.html?command=get_materiel&rest_code=00102&code=00101008137&supplier_code=00100008&order_time=2021-02-21 HTTP/1.1" 200 408
114.88.166.193 - - [21/Feb/2021:09:37:11 +0800] "GET /xingrg/kc/buy/buy_main.html HTTP/1.1" 200 12412
114.88.166.193 - - [21/Feb/2021:09:37:11 +0800] "GET /xingrg/css/new_ie.css HTTP/1.1" 404 1036
114.88.166.193 - - [21/Feb/2021:09:37:11 +0800] "POST /xingrg/kc/mdqp/pssh_list_operate.html HTTP/1.1" 200 2860
116.227.208.86 - - [21/Feb/2021:09:37:11 +0800] "GET /xingrg/kc/buy/cgsh_order_operate.html?command=get_materiel&rest_code=00155&code=00101008196&supplier_code=00100005&order_time=2021-02-21 HTTP/1.1" 200 416
114.88.166.193 - - [21/Feb/2021:09:37:11 +0800] "GET /xingrg/images/yd/bt.gif HTTP/1.1" 404 1040
114.88.166.193 - - [21/Feb/2021:09:37:12 +0800] "GET /xingrg/kc/buy/cgsh_order_list.html HTTP/1.1" 200 46366
116.232.54.37 - - [21/Feb/2021:09:37:13 +0800] "GET /xingrg/check_reg.html?_=1613871523468 HTTP/1.1" 200 22
116.232.54.37 - - [21/Feb/2021:09:37:13 +0800] "GET /xingrg/all/function/internal_message.html?_=1613871523468&CODE_STATE=getMsg HTTP/1.1" 200 27
116.227.208.86 - - [21/Feb/2021:09:37:14 +0800] "GET /xingrg/all/function/internal_message.html?_=1613871427749&CODE_STATE=getMsg HTTP/1.1" 200 27
114.88.166.193 - - [21/Feb/2021:09:37:15 +0800] "GET /xingrg/all/function/internal_message.html?_=1613871426751&CODE_STATE=getMsg HTTP/1.1" 200 27
120.253.135.82 - - [21/Feb/2021:09:37:15 +0800] "GET /xingrg/all/function/internal_message.html?_=1613871197836&CODE_STATE=getMsg HTTP/1.1" 200 27
114.88.166.193 - - [21/Feb/2021:09:37:15 +0800] "POST /xingrg/kc/buy/cgsh_list_operate.html HTTP/1.1" 200 2411
180.174.195.252 - - [21/Feb/2021:09:37:16 +0800] "GET /xingrg/check_reg.html?_=1613871683203 HTTP/1.1" 200 22
180.174.195.252 - - [21/Feb/2021:09:37:17 +0800] "GET /xingrg/all/function/internal_message.html?_=1613871684154&CODE_STATE=getMsg HTTP/1.1" 200 27
114.88.166.193 - - [21/Feb/2021:09:37:18 +0800] "POST /xingrg/kc/buy/cgsh_list_operate.html HTTP/1.1" 200 576
114.88.166.193 - - [21/Feb/2021:09:37:19 +0800] "GET /xingrg/kc/buy/cgsh_order_info.html?code=212021022107643 HTTP/1.1" 200 62113
114.88.166.193 - - [21/Feb/2021:09:37:20 +0800] "GET /xingrg/javascript/easyui/themes/default/validatebox.css HTTP/1.1" 404 1104
116.227.208.86 - - [21/Feb/2021:09:37:20 +0800] "GET /xingrg/kc/buy/cgsh_order_operate.html?command=get_materiel&rest_code=00155&code=00101008331&supplier_code=00100005&order_time=2021-02-21 HTTP/1.1" 200 416
116.224.253.72 - - [21/Feb/2021:09:37:20 +0800] "GET /xingrg/all/function/internal_message.html?_=1613871434222&CODE_STATE=getMsg HTTP/1.1" 200 27
114.88.166.193 - - [21/Feb/2021:09:37:20 +0800] "POST /xingrg/kc/buy/cgsh_order_operate.html HTTP/1.1" 200 31057
116.227.208.86 - - [21/Feb/2021:09:37:25 +0800] "GET /xingrg/kc/buy/cgsh_order_operate.html?command=get_materiel&rest_code=00155&code=00101008114&supplier_code=00100005&order_time=2021-02-21 HTTP/1.1" 200 413
180.174.195.252 - - [21/Feb/2021:09:37:29 +0800] "GET /xingrg/kc/buy/cgsh_order_operate.html?command=get_materiel&rest_code=00102&code=00101008230&supplier_code=00100008&order_time=2021-02-21 HTTP/1.1" 200 408
172.20.0.100 - - [21/Feb/2021:09:37:31 +0800] "GET /xingrg/check_reg.html?_=1613871445203 HTTP/1.1" 302 -
101.228.165.73 - - [21/Feb/2021:09:37:32 +0800] "GET /xingrg/all/function/internal_message.html?_=1613871442681&CODE_STATE=getMsg HTTP/1.1" 200 27
116.227.208.86 - - [21/Feb/2021:09:37:33 +0800] "GET /xingrg/kc/buy/cgsh_order_operate.html?command=get_materiel&rest_code=00155&code=00101008172&supplier_code=00100005&order_time=2021-02-21 HTTP/1.1" 200 412
114.88.166.193 - - [21/Feb/2021:09:37:34 +0800] "GET /xingrg/kc/buy/cgsh_order_operate.html?command=get_materiel&rest_code=00111&code=00101008110&supplier_code=00100005&order_time=2021-02-21 HTTP/1.1" 200 408
116.227.208.86 - - [21/Feb/2021:09:37:35 +0800] "POST /xingrg/kc/buy/cgsh_order_operate.html HTTP/1.1" 200 2065
58.37.230.33 - - [21/Feb/2021:09:37:38 +0800] "GET /xingrg/all/function/internal_message.html?_=1613871460261&CODE_STATE=getMsg HTTP/1.1" 200 27
180.174.195.252 - - [21/Feb/2021:09:37:40 +0800] "GET /xingrg/kc/buy/cgsh_order_operate.html?command=get_materiel&rest_code=00102&code=00101008169&supplier_code=00100008&order_time=2021-02-21 HTTP/1.1" 200 412
61.165.42.208 - - [21/Feb/2021:09:37:40 +0800] "GET /xingrg/all/function/internal_message.html?_=1613871457519&CODE_STATE=getMsg HTTP/1.1" 200 27
116.224.253.72 - - [21/Feb/2021:09:37:42 +0800] "GET /xingrg/all/function/internal_message.html?_=1613871433960&CODE_STATE=getMsg HTTP/1.1" 200 27
116.227.208.86 - - [21/Feb/2021:09:37:44 +0800] "POST /xingrg/kc/buy/cgsh_order_operate.html HTTP/1.1" 200 37
116.224.253.72 - - [21/Feb/2021:09:37:45 +0800] "GET /xingrg/check_reg.html?_=1613871461378 HTTP/1.1" 200 22
116.224.253.72 - - [21/Feb/2021:09:37:45 +0800] "GET /xingrg/all/function/internal_message.html?_=1613871461380&CODE_STATE=getMsg HTTP/1.1" 200 27
116.227.208.86 - - [21/Feb/2021:09:37:45 +0800] "POST /xingrg/kc/buy/cgsh_order_operate.html HTTP/1.1" 200 16873
114.88.166.193 - - [21/Feb/2021:09:37:45 +0800] "GET /xingrg/kc/buy/cgsh_order_operate.html?command=get_materiel&rest_code=00111&code=00101008114&supplier_code=00100005&order_time=2021-02-21 HTTP/1.1" 200 413
116.227.208.86 - - [21/Feb/2021:09:37:46 +0800] "GET /xingrg/kc/print/load_data.html?order_code=212021022107644&kc_code=cgsh&condition= HTTP/1.1" 200 6098
222.69.136.62 - - [21/Feb/2021:09:37:48 +0800] "GET /xingrg/all/function/internal_message.html?_=1613871463469&CODE_STATE=getMsg HTTP/1.1" 200 27
223.167.127.36 - - [21/Feb/2021:09:37:49 +0800] "GET /xingrg/all/function/internal_message.html?_=1613871465676&CODE_STATE=getMsg HTTP/1.1" 200 27
117.185.32.26 - - [21/Feb/2021:09:37:57 +0800] "GET /xingrg/all/function/internal_message.html?_=1613871465517&CODE_STATE=getMsg HTTP/1.1" 200 27
180.174.195.252 - - [21/Feb/2021:09:38:04 +0800] "POST /xingrg/kc/buy/cgsh_order_operate.html HTTP/1.1" 200 2065
116.228.172.94 - - [21/Feb/2021:09:38:06 +0800] "GET /xingrg/all/function/internal_message.html?_=1613871481857&CODE_STATE=getMsg HTTP/1.1" 200 27
222.69.136.62 - - [21/Feb/2021:09:38:08 +0800] "GET /xingrg/index.html?sysBaseUrl=http%3A%2F%2F180.169.147.146%3A18081%2Fxingrg%2F&costTime=52×tamp=1591679117969 HTTP/1.1" 200 17179
222.69.136.62 - - [21/Feb/2021:09:38:09 +0800] "GET /favicon.ico HTTP/1.1" 404 -
222.69.136.62 - - [21/Feb/2021:09:38:09 +0800] "POST /xingrg/all/common/load_tree.html?tree=area_rest_tree_json&manage=1 HTTP/1.1" 200 351
222.69.136.62 - - [21/Feb/2021:09:38:09 +0800] "GET /xingrg/all/function/internal_message.html?_=1613871484614&CODE_STATE=count HTTP/1.1" 200 11
222.69.136.62 - - [21/Feb/2021:09:38:09 +0800] "GET /xingrg/check_reg.html?_=1613871484616 HTTP/1.1" 200 22
222.69.136.62 - - [21/Feb/2021:09:38:09 +0800] "POST /xingrg/load_menu.html HTTP/1.1" 200 5138
116.232.54.37 - - [21/Feb/2021:09:38:13 +0800] "GET /xingrg/all/function/internal_message.html?_=1613871583468&CODE_STATE=getMsg HTTP/1.1" 200 27
222.69.136.62 - - [21/Feb/2021:09:38:13 +0800] "GET /xingrg/kc/buy/cgsh_order_list.html HTTP/1.1" 200 46372
222.69.136.62 - - [21/Feb/2021:09:38:14 +0800] "POST /xingrg/kc/buy/cgsh_list_operate.html HTTP/1.1" 200 876
116.227.208.86 - - [21/Feb/2021:09:38:14 +0800] "GET /xingrg/all/function/internal_message.html?_=1613871487751&CODE_STATE=getMsg HTTP/1.1" 200 27
114.88.166.193 - - [21/Feb/2021:09:38:15 +0800] "POST /xingrg/kc/buy/cgsh_order_operate.html HTTP/1.1" 200 2065
120.253.135.82 - - [21/Feb/2021:09:38:15 +0800] "GET /xingrg/all/function/internal_message.html?_=1613871257844&CODE_STATE=getMsg HTTP/1.1" 200 27
114.88.166.193 - - [21/Feb/2021:09:38:15 +0800] "GET /xingrg/all/function/internal_message.html?_=1613871486822&CODE_STATE=getMsg HTTP/1.1" 200 27
180.174.195.252 - - [21/Feb/2021:09:38:17 +0800] "GET /xingrg/all/function/internal_message.html?_=1613871744180&CODE_STATE=getMsg HTTP/1.1" 200 27
117.185.32.26 - - [21/Feb/2021:09:38:19 +0800] "GET /xingrg/check_reg.html?_=1613871487908 HTTP/1.1" 200 22
116.224.253.72 - - [21/Feb/2021:09:38:20 +0800] "GET /xingrg/all/function/internal_message.html?_=1613871494223&CODE_STATE=getMsg HTTP/1.1" 200 27
114.88.166.193 - - [21/Feb/2021:09:38:20 +0800] "GET /xingrg/kc/buy/cgsh_order_operate.html?command=get_materiel&rest_code=00111&code=00101008233&supplier_code=00100005&order_time=2021-02-21 HTTP/1.1" 200 408
180.174.195.252 - - [21/Feb/2021:09:38:27 +0800] "POST /xingrg/kc/buy/cgsh_order_operate.html HTTP/1.1" 200 37
180.174.195.252 - - [21/Feb/2021:09:38:28 +0800] "POST /xingrg/kc/buy/cgsh_order_operate.html HTTP/1.1" 200 19816
116.224.253.72 - - [21/Feb/2021:09:38:29 +0800] "GET /xingrg/check_reg.html?_=1613871480209 HTTP/1.1" 200 22
101.228.165.73 - - [21/Feb/2021:09:38:33 +0800] "GET /xingrg/all/function/internal_message.html?_=1613871502701&CODE_STATE=getMsg HTTP/1.1" 200 27
180.174.195.252 - - [21/Feb/2021:09:38:35 +0800] "GET /xingrg/kc/buy/cgsh_order_add.html HTTP/1.1" 200 62063
180.174.195.252 - - [21/Feb/2021:09:38:36 +0800] "POST /xingrg/kc/buy/cgsh_order_operate.html HTTP/1.1" 200 8245
180.174.195.252 - - [21/Feb/2021:09:38:36 +0800] "GET /xingrg/javascript/easyui/themes/default/validatebox.css HTTP/1.1" 404 1104
180.174.195.252 - - [21/Feb/2021:09:38:38 +0800] "GET /xingrg/javascript/easyui/themes/default/tree.css HTTP/1.1" 404 1090
180.174.195.252 - - [21/Feb/2021:09:38:38 +0800] "POST /xingrg/all/common/load_tree.html?tree=supplier_tree_json&isDelete=1 HTTP/1.1" 200 54827
58.37.230.33 - - [21/Feb/2021:09:38:38 +0800] "GET /xingrg/all/function/internal_message.html?_=1613871520241&CODE_STATE=getMsg HTTP/1.1" 200 27
114.88.166.193 - - [21/Feb/2021:09:38:39 +0800] "GET /xingrg/kc/buy/cgsh_order_operate.html?command=get_materiel&rest_code=00111&code=00101016122&supplier_code=00100005&order_time=2021-02-21 HTTP/1.1" 200 395
61.165.42.208 - - [21/Feb/2021:09:38:40 +0800] "GET /xingrg/all/function/internal_message.html?_=1613871517520&CODE_STATE=getMsg HTTP/1.1" 200 27
61.165.42.208 - - [21/Feb/2021:09:38:40 +0800] "GET /xingrg/check_reg.html?_=1613871517521 HTTP/1.1" 200 22
116.224.253.72 - - [21/Feb/2021:09:38:42 +0800] "GET /xingrg/all/function/internal_message.html?_=1613871493965&CODE_STATE=getMsg HTTP/1.1" 200 27
116.224.253.72 - - [21/Feb/2021:09:38:45 +0800] "GET /xingrg/all/function/internal_message.html?_=1613871521385&CODE_STATE=getMsg HTTP/1.1" 200 27
222.69.136.62 - - [21/Feb/2021:09:38:48 +0800] "GET /xingrg/all/function/internal_message.html?_=1613871523443&CODE_STATE=getMsg HTTP/1.1" 200 27
223.167.127.36 - - [21/Feb/2021:09:38:49 +0800] "GET /xingrg/all/function/internal_message.html?_=1613871525676&CODE_STATE=getMsg HTTP/1.1" 200 27
117.185.32.26 - - [21/Feb/2021:09:38:57 +0800] "GET /xingrg/all/function/internal_message.html?_=1613871525526&CODE_STATE=getMsg HTTP/1.1" 200 27
180.174.195.252 - - [21/Feb/2021:09:39:02 +0800] "GET /xingrg/kc/buy/cgsh_order_operate.html?command=get_materiel&rest_code=00102&code=00101008175&supplier_code=00100008&order_time=2021-02-21 HTTP/1.1" 200 412
116.228.172.94 - - [21/Feb/2021:09:39:06 +0800] "GET /xingrg/all/function/internal_message.html?_=1613871541829&CODE_STATE=getMsg HTTP/1.1" 200 27
114.88.166.193 - - [21/Feb/2021:09:39:12 +0800] "POST /xingrg/kc/buy/cgsh_order_operate.html HTTP/1.1" 200 37
180.174.195.252 - - [21/Feb/2021:09:39:12 +0800] "GET /xingrg/kc/buy/cgsh_order_operate.html?command=get_materiel&rest_code=00102&code=00101008344&supplier_code=00100008&order_time=2021-02-21 HTTP/1.1" 200 23
116.232.54.37 - - [21/Feb/2021:09:39:13 +0800] "GET /xingrg/all/function/internal_message.html?_=1613871643473&CODE_STATE=getMsg HTTP/1.1" 200 27
114.88.166.193 - - [21/Feb/2021:09:39:14 +0800] "POST /xingrg/kc/buy/cgsh_order_operate.html HTTP/1.1" 200 35772
116.227.208.86 - - [21/Feb/2021:09:39:14 +0800] "GET /xingrg/all/function/internal_message.html?_=1613871547752&CODE_STATE=getMsg HTTP/1.1" 200 27
114.88.166.193 - - [21/Feb/2021:09:39:15 +0800] "GET /xingrg/all/function/internal_message.html?_=1613871546825&CODE_STATE=getMsg HTTP/1.1" 200 27
120.253.135.82 - - [21/Feb/2021:09:39:15 +0800] "GET /xingrg/all/function/internal_message.html?_=1613871317963&CODE_STATE=getMsg HTTP/1.1" 200 27
116.224.253.72 - - [21/Feb/2021:09:39:20 +0800] "GET /xingrg/all/function/internal_message.html?_=1613871554224&CODE_STATE=getMsg HTTP/1.1" 200 27
101.228.165.73 - - [21/Feb/2021:09:39:32 +0800] "GET /xingrg/check_reg.html?_=1613871561912 HTTP/1.1" 200 22
101.228.165.73 - - [21/Feb/2021:09:39:33 +0800] "GET /xingrg/all/function/internal_message.html?_=1613871562707&CODE_STATE=getMsg HTTP/1.1" 200 27
180.174.195.252 - - [21/Feb/2021:09:39:33 +0800] "GET /xingrg/all/function/internal_message.html?_=1613871820155&CODE_STATE=getMsg HTTP/1.1" 200 27
180.174.195.252 - - [21/Feb/2021:09:39:34 +0800] "POST /xingrg/kc/buy/cgsh_order_operate.html HTTP/1.1" 200 37
180.174.195.252 - - [21/Feb/2021:09:39:36 +0800] "POST /xingrg/kc/buy/cgsh_order_operate.html HTTP/1.1" 200 2654
61.165.42.208 - - [21/Feb/2021:09:39:38 +0800] "GET /xingrg/kc/buy/cgsh_order_list.html HTTP/1.1" 200 46366
58.37.230.33 - - [21/Feb/2021:09:39:38 +0800] "GET /xingrg/all/function/internal_message.html?_=1613871580252&CODE_STATE=getMsg HTTP/1.1" 200 27
61.165.42.208 - - [21/Feb/2021:09:39:40 +0800] "GET /xingrg/all/function/internal_message.html?_=1613871577539&CODE_STATE=getMsg HTTP/1.1" 200 27
61.165.42.208 - - [21/Feb/2021:09:39:40 +0800] "POST /xingrg/kc/buy/cgsh_list_operate.html HTTP/1.1" 200 2408
116.224.253.72 - - [21/Feb/2021:09:39:42 +0800] "GET /xingrg/all/function/internal_message.html?_=1613871553978&CODE_STATE=getMsg HTTP/1.1" 200 27
61.165.42.208 - - [21/Feb/2021:09:39:45 +0800] "GET /xingrg/kc/buy/cgsh_order_add.html HTTP/1.1" 200 62151
116.224.253.72 - - [21/Feb/2021:09:39:45 +0800] "GET /xingrg/all/function/internal_message.html?_=1613871581388&CODE_STATE=getMsg HTTP/1.1" 200 27
61.165.42.208 - - [21/Feb/2021:09:39:45 +0800] "POST /xingrg/kc/buy/cgsh_order_operate.html HTTP/1.1" 200 8245
61.165.42.208 - - [21/Feb/2021:09:39:45 +0800] "GET /xingrg/javascript/easyui/themes/default/validatebox.css HTTP/1.1" 404 1104
180.162.226.107 - - [21/Feb/2021:09:39:46 +0800] "GET /favicon.ico HTTP/1.1" 404 -
61.165.42.208 - - [21/Feb/2021:09:39:47 +0800] "GET /xingrg/javascript/auto/indicator.gif HTTP/1.1" 404 1066
58.37.230.33 - - [21/Feb/2021:09:39:47 +0800] "GET /xingrg/kc/buy/cgsh_order_operate.html?command=get_materiel&rest_code=00141&code=00101008210&supplier_code=00100007&order_time=2021-02-21 HTTP/1.1" 200 408
222.69.136.62 - - [21/Feb/2021:09:39:48 +0800] "GET /xingrg/all/function/internal_message.html?_=1613871583419&CODE_STATE=getMsg HTTP/1.1" 200 27
223.167.127.36 - - [21/Feb/2021:09:39:49 +0800] "GET /xingrg/all/function/internal_message.html?_=1613871585678&CODE_STATE=getMsg HTTP/1.1" 200 27
61.165.42.208 - - [21/Feb/2021:09:39:56 +0800] "GET /xingrg/kc/buy/cgsh_order_operate.html?command=get_materiel&rest_code=00105&code=00101018011&supplier_code=00100330&order_time=2021-02-21 HTTP/1.1" 200 433
117.185.32.26 - - [21/Feb/2021:09:39:57 +0800] "GET /xingrg/all/function/internal_message.html?_=1613871585496&CODE_STATE=getMsg HTTP/1.1" 200 27
222.69.136.62 - - [21/Feb/2021:09:39:57 +0800] "GET /xingrg/check_reg.html?_=1613871584093 HTTP/1.1" 200 22
58.37.230.33 - - [21/Feb/2021:09:40:01 +0800] "GET /xingrg/kc/buy/cgsh_order_operate.html?command=get_materiel&rest_code=00141&code=00101008028&supplier_code=00100007&order_time=2021-02-21 HTTP/1.1" 200 412
116.228.172.94 - - [21/Feb/2021:09:40:06 +0800] "GET /xingrg/all/function/internal_message.html?_=1613871601802&CODE_STATE=getMsg HTTP/1.1" 200 27
120.253.135.82 - - [21/Feb/2021:09:40:06 +0800] "GET /xingrg/check_reg.html?_=1613871369296 HTTP/1.1" 200 22
58.37.230.33 - - [21/Feb/2021:09:40:08 +0800] "GET /xingrg/kc/buy/cgsh_order_operate.html?command=get_materiel&rest_code=00141&code=00101008313&supplier_code=00100007&order_time=2021-02-21 HTTP/1.1" 200 412
58.37.230.33 - - [21/Feb/2021:09:40:10 +0800] "POST /xingrg/kc/buy/cgsh_order_operate.html HTTP/1.1" 200 2065
116.232.54.37 - - [21/Feb/2021:09:40:13 +0800] "GET /xingrg/all/function/internal_message.html?_=1613871703467&CODE_STATE=getMsg HTTP/1.1" 200 27
116.227.208.86 - - [21/Feb/2021:09:40:14 +0800] "GET /xingrg/all/function/internal_message.html?_=1613871607756&CODE_STATE=getMsg HTTP/1.1" 200 27
61.165.42.208 - - [21/Feb/2021:09:40:14 +0800] "GET /xingrg/kc/buy/cgsh_order_operate.html?command=get_materiel&rest_code=00105&code=00101018007&supplier_code=00100330&order_time=2021-02-21 HTTP/1.1" 200 431
114.88.166.193 - - [21/Feb/2021:09:40:15 +0800] "GET /xingrg/all/function/internal_message.html?_=1613871606840&CODE_STATE=getMsg HTTP/1.1" 200 27
120.253.135.82 - - [21/Feb/2021:09:40:15 +0800] "GET /xingrg/all/function/internal_message.html?_=1613871377965&CODE_STATE=getMsg HTTP/1.1" 200 27
116.224.253.72 - - [21/Feb/2021:09:40:20 +0800] "GET /xingrg/all/function/internal_message.html?_=1613871614226&CODE_STATE=getMsg HTTP/1.1" 200 27
58.37.230.33 - - [21/Feb/2021:09:40:22 +0800] "GET /xingrg/kc/buy/cgsh_order_operate.html?command=get_materiel&rest_code=00141&code=00101008038&supplier_code=00100007&order_time=2021-02-21 HTTP/1.1" 200 412
101.85.93.83 - - [21/Feb/2021:09:40:23 +0800] "GET /xingrg HTTP/1.1" 302 -
101.85.93.83 - - [21/Feb/2021:09:40:23 +0800] "GET /xingrg/ HTTP/1.1" 200 292
61.165.42.208 - - [21/Feb/2021:09:40:27 +0800] "POST /xingrg/kc/buy/cgsh_order_operate.html HTTP/1.1" 200 37
58.37.230.33 - - [21/Feb/2021:09:40:28 +0800] "GET /xingrg/kc/buy/cgsh_order_operate.html?command=get_materiel&rest_code=00141&code=00101008396&supplier_code=00100007&order_time=2021-02-21 HTTP/1.1" 200 412
61.165.42.208 - - [21/Feb/2021:09:40:28 +0800] "POST /xingrg/kc/buy/cgsh_order_operate.html HTTP/1.1" 200 3245
101.85.93.83 - - [21/Feb/2021:09:40:29 +0800] "GET /xingrg/index.html HTTP/1.1" 302 -
101.85.93.83 - - [21/Feb/2021:09:40:29 +0800] "GET /favicon.ico HTTP/1.1" 404 -
101.85.93.83 - - [21/Feb/2021:09:40:29 +0800] "GET /xingrg/login.html HTTP/1.1" 200 7641
101.85.93.83 - - [21/Feb/2021:09:40:30 +0800] "GET /xingrg/images/blue/jxLogo.png HTTP/1.1" 200 6156
61.165.42.208 - - [21/Feb/2021:09:40:30 +0800] "GET /xingrg/kc/print/load_data.html?order_code=212021022107647&kc_code=cgsh&condition= HTTP/1.1" 200 898
101.85.93.83 - - [21/Feb/2021:09:40:31 +0800] "GET /xingrg/images/blue/hj.png HTTP/1.1" 200 1014
101.85.93.83 - - [21/Feb/2021:09:40:31 +0800] "GET /xingrg/images/blue/login_bg.png HTTP/1.1" 200 22101
101.85.93.83 - - [21/Feb/2021:09:40:31 +0800] "GET /xingrg/images/blue/srbg.png HTTP/1.1" 200 138
101.85.93.83 - - [21/Feb/2021:09:40:31 +0800] "GET /favicon.ico HTTP/1.1" 404 -
101.228.165.73 - - [21/Feb/2021:09:40:33 +0800] "GET /xingrg/all/function/internal_message.html?_=1613871622720&CODE_STATE=getMsg HTTP/1.1" 200 27
61.165.42.208 - - [21/Feb/2021:09:40:33 +0800] "GET /xingrg/kc/buy/cgsh_order_add.html HTTP/1.1" 200 62151
61.165.42.208 - - [21/Feb/2021:09:40:34 +0800] "POST /xingrg/kc/buy/cgsh_order_operate.html HTTP/1.1" 200 8245
61.165.42.208 - - [21/Feb/2021:09:40:34 +0800] "GET /xingrg/javascript/easyui/themes/default/validatebox.css HTTP/1.1" 404 1104
58.37.230.33 - - [21/Feb/2021:09:40:35 +0800] "GET /xingrg/kc/buy/cgsh_order_operate.html?command=get_materiel&rest_code=00141&code=00101008003&supplier_code=00100007&order_time=2021-02-21 HTTP/1.1" 200 408
58.37.230.33 - - [21/Feb/2021:09:40:38 +0800] "GET /xingrg/all/function/internal_message.html?_=1613871640222&CODE_STATE=getMsg HTTP/1.1" 200 27
61.165.42.208 - - [21/Feb/2021:09:40:41 +0800] "GET /xingrg/all/function/internal_message.html?_=1613871637628&CODE_STATE=getMsg HTTP/1.1" 200 27
101.85.93.83 - - [21/Feb/2021:09:40:41 +0800] "POST /xingrg/login.do HTTP/1.1" 302 -
101.85.93.83 - - [21/Feb/2021:09:40:41 +0800] "GET /xingrg/javascript/jquery_easy_ui/themes/icon.css HTTP/1.1" 200 3949
101.85.93.83 - - [21/Feb/2021:09:40:41 +0800] "GET /xingrg/index.html?sysBaseUrl=http%3A%2F%2F180.169.147.146%3A18081%2Fxingrg%2F&costTime=37×tamp=1613871641248 HTTP/1.1" 200 17179
101.85.93.83 - - [21/Feb/2021:09:40:41 +0800] "GET /xingrg/css/form.css HTTP/1.1" 200 893
101.85.93.83 - - [21/Feb/2021:09:40:41 +0800] "GET /xingrg/javascript/jquery-1.4.2.min.js HTTP/1.1" 200 72205
101.85.93.83 - - [21/Feb/2021:09:40:41 +0800] "GET /xingrg/javascript/jquery_easy_ui/jquery.easyui.min.js HTTP/1.1" 200 213662
101.85.93.83 - - [21/Feb/2021:09:40:41 +0800] "GET /xingrg/javascript/jquery_easy_ui/themes/default/easyui.css HTTP/1.1" 200 26500
101.85.93.83 - - [21/Feb/2021:09:40:41 +0800] "GET /xingrg/javascript/jquery.timers.js HTTP/1.1" 200 3532
101.85.93.83 - - [21/Feb/2021:09:40:41 +0800] "GET /xingrg/javascript/jquery_easy_ui/easyui-lang-zh_CN.js HTTP/1.1" 200 1900
101.85.93.83 - - [21/Feb/2021:09:40:41 +0800] "GET /xingrg/javascript/jquery.form.js HTTP/1.1" 200 23110
101.85.93.83 - - [21/Feb/2021:09:40:41 +0800] "GET /xingrg/javascript/jquery.utils.js HTTP/1.1" 200 11805
101.85.93.83 - - [21/Feb/2021:09:40:41 +0800] "GET /favicon.ico HTTP/1.1" 404 -
101.85.93.83 - - [21/Feb/2021:09:40:42 +0800] "GET /xingrg/javascript/jquery_easy_ui/themes/icons/settle_new.png HTTP/1.1" 200 826
101.85.93.83 - - [21/Feb/2021:09:40:42 +0800] "GET /xingrg/images/blue/navBackgound.jpg HTTP/1.1" 200 12378
101.85.93.83 - - [21/Feb/2021:09:40:42 +0800] "POST /xingrg/all/common/load_tree.html?tree=area_rest_tree_json&manage=1 HTTP/1.1" 200 351
101.85.93.83 - - [21/Feb/2021:09:40:42 +0800] "GET /xingrg/all/function/internal_message.html?_=1613871250208&CODE_STATE=count HTTP/1.1" 200 11
101.85.93.83 - - [21/Feb/2021:09:40:42 +0800] "GET /xingrg/images/blue/pingpu.png HTTP/1.1" 200 231
101.85.93.83 - - [21/Feb/2021:09:40:42 +0800] "GET /xingrg/check_reg.html?_=1613871250209 HTTP/1.1" 200 22
