116.224.253.72 - - [21/Feb/2021:08:41:35 +0800] "GET /xingrg/javascript/jquery_easy_ui/themes/icons/settle_new.png HTTP/1.1" 304 -
116.224.253.72 - - [21/Feb/2021:08:41:35 +0800] "GET /xingrg/images/blue/jxLogo.png HTTP/1.1" 304 -
116.224.253.72 - - [21/Feb/2021:08:41:35 +0800] "GET /xingrg/images/blue/navBackgound.jpg HTTP/1.1" 304 -
116.224.253.72 - - [21/Feb/2021:08:41:35 +0800] "POST /xingrg/all/common/load_tree.html?tree=area_rest_tree_json&manage=1 HTTP/1.1" 200 476
116.224.253.72 - - [21/Feb/2021:08:41:35 +0800] "GET /xingrg/all/function/internal_message.html?_=1613868091603&CODE_STATE=count HTTP/1.1" 200 11
116.224.253.72 - - [21/Feb/2021:08:41:35 +0800] "GET /xingrg/check_reg.html?_=1613868091604 HTTP/1.1" 200 22
116.224.253.72 - - [21/Feb/2021:08:41:35 +0800] "GET /xingrg/javascript/jquery_easy_ui/themes/default/images/panel_tool_collapse.gif HTTP/1.1" 304 -
116.224.253.72 - - [21/Feb/2021:08:41:35 +0800] "GET /xingrg/javascript/jquery_easy_ui/themes/default/images/tabs_rightarrow.png HTTP/1.1" 304 -
116.224.253.72 - - [21/Feb/2021:08:41:35 +0800] "GET /xingrg/images/blue/pingpu.png HTTP/1.1" 304 -
116.224.253.72 - - [21/Feb/2021:08:41:35 +0800] "GET /xingrg/javascript/jquery_easy_ui/themes/default/images/tabs_leftarrow.png HTTP/1.1" 304 -
116.224.253.72 - - [21/Feb/2021:08:41:35 +0800] "POST /xingrg/load_menu.html HTTP/1.1" 200 5138
114.88.166.193 - - [21/Feb/2021:08:41:38 +0800] "GET /xingrg/all/function/internal_message.html?_=1613868089671&CODE_STATE=getMsg HTTP/1.1" 200 27
58.37.230.33 - - [21/Feb/2021:08:41:40 +0800] "GET /xingrg/all/function/internal_message.html?_=1613868101377&CODE_STATE=getMsg HTTP/1.1" 200 27
61.165.42.208 - - [21/Feb/2021:08:41:40 +0800] "GET /xingrg/all/function/internal_message.html?_=1613868097468&CODE_STATE=getMsg HTTP/1.1" 200 27
116.224.253.72 - - [21/Feb/2021:08:41:42 +0800] "GET /xingrg/all/function/internal_message.html?_=1613868073175&CODE_STATE=getMsg HTTP/1.1" 200 27
222.69.136.62 - - [21/Feb/2021:08:41:42 +0800] "POST /xingrg/kc/buy/cgsh_order_operate.html HTTP/1.1" 200 37
222.69.136.62 - - [21/Feb/2021:08:41:48 +0800] "GET /xingrg/all/function/internal_message.html?_=1613868104193&CODE_STATE=getMsg HTTP/1.1" 200 27
223.167.127.36 - - [21/Feb/2021:08:41:49 +0800] "GET /xingrg/check_reg.html?_=1613868105626 HTTP/1.1" 200 22
223.167.127.36 - - [21/Feb/2021:08:41:49 +0800] "GET /xingrg/all/function/internal_message.html?_=1613868105627&CODE_STATE=getMsg HTTP/1.1" 200 27
116.224.253.72 - - [21/Feb/2021:08:41:51 +0800] "GET /xingrg/kc/buy/cgsh_order_list.html HTTP/1.1" 200 46370
222.69.136.62 - - [21/Feb/2021:08:41:51 +0800] "POST /xingrg/kc/buy/cgsh_order_operate.html HTTP/1.1" 200 12
116.224.253.72 - - [21/Feb/2021:08:41:52 +0800] "POST /xingrg/kc/buy/cgsh_list_operate.html HTTP/1.1" 200 876
222.69.136.62 - - [21/Feb/2021:08:41:53 +0800] "GET /xingrg/kc/buy/cgsh_order_info.html?code=212021022107602 HTTP/1.1" 200 57059
222.69.136.62 - - [21/Feb/2021:08:41:53 +0800] "GET /xingrg/javascript/easyui/themes/default/validatebox.css HTTP/1.1" 404 1104
222.69.136.62 - - [21/Feb/2021:08:41:54 +0800] "POST /xingrg/kc/buy/cgsh_order_operate.html HTTP/1.1" 200 2383
222.69.136.62 - - [21/Feb/2021:08:41:55 +0800] "GET /xingrg/kc/print/load_data.html?order_code=212021022107602&kc_code=cgsh&condition= HTTP/1.1" 200 1406
116.224.253.72 - - [21/Feb/2021:08:41:56 +0800] "GET /xingrg/kc/buy/cgsh_order_add.html HTTP/1.1" 200 61746
116.224.253.72 - - [21/Feb/2021:08:41:56 +0800] "POST /xingrg/kc/buy/cgsh_order_operate.html HTTP/1.1" 200 8245
116.224.253.72 - - [21/Feb/2021:08:41:56 +0800] "GET /xingrg/all/common/auto_word.html?type=employee&rest_code=00151 HTTP/1.1" 200 243
116.224.253.72 - - [21/Feb/2021:08:41:56 +0800] "GET /xingrg/javascript/easyui/themes/default/validatebox.css HTTP/1.1" 404 1104
116.224.253.72 - - [21/Feb/2021:08:41:56 +0800] "GET /xingrg/all/common/auto_word.html?type=employee&rest_code=00151 HTTP/1.1" 200 243
117.185.32.26 - - [21/Feb/2021:08:41:58 +0800] "GET /xingrg/all/function/internal_message.html?_=1613868106865&CODE_STATE=getMsg HTTP/1.1" 200 27
116.224.253.72 - - [21/Feb/2021:08:42:02 +0800] "GET /xingrg/javascript/auto/indicator.gif HTTP/1.1" 404 1066
61.165.42.208 - - [21/Feb/2021:08:42:04 +0800] "GET /xingrg/kc/buy/cgsh_order_operate.html?command=get_materiel&rest_code=00105&code=00101008224&supplier_code=00100203&order_time=2021-02-21 HTTP/1.1" 200 436
120.253.135.82 - - [21/Feb/2021:08:42:12 +0800] "GET /xingrg/all/function/internal_message.html?_=1613867894666&CODE_STATE=getMsg HTTP/1.1" 200 27
116.224.253.72 - - [21/Feb/2021:08:42:20 +0800] "GET /xingrg/all/function/internal_message.html?_=1613868134220&CODE_STATE=getMsg HTTP/1.1" 200 27
61.165.42.208 - - [21/Feb/2021:08:42:27 +0800] "GET /xingrg/kc/buy/cgsh_order_operate.html?command=get_materiel&rest_code=00105&code=00101010136&supplier_code=00100203&order_time=2021-02-21 HTTP/1.1" 200 408
116.227.208.86 - - [21/Feb/2021:08:42:29 +0800] "GET /xingrg/all/function/internal_message.html?_=1613868142644&CODE_STATE=getMsg HTTP/1.1" 200 27
172.20.0.100 - - [21/Feb/2021:08:42:31 +0800] "GET /xingrg/check_reg.html?_=1613868145406 HTTP/1.1" 302 -
61.165.42.208 - - [21/Feb/2021:08:42:35 +0800] "POST /xingrg/kc/buy/cgsh_order_operate.html HTTP/1.1" 200 37
116.224.253.72 - - [21/Feb/2021:08:42:35 +0800] "GET /xingrg/all/function/internal_message.html?_=1613868151606&CODE_STATE=getMsg HTTP/1.1" 200 27
61.165.42.208 - - [21/Feb/2021:08:42:36 +0800] "POST /xingrg/kc/buy/cgsh_order_operate.html HTTP/1.1" 200 25736
114.88.166.193 - - [21/Feb/2021:08:42:38 +0800] "GET /xingrg/all/function/internal_message.html?_=1613868149686&CODE_STATE=getMsg HTTP/1.1" 200 27
58.37.230.33 - - [21/Feb/2021:08:42:40 +0800] "GET /xingrg/all/function/internal_message.html?_=1613868161354&CODE_STATE=getMsg HTTP/1.1" 200 27
61.165.42.208 - - [21/Feb/2021:08:42:40 +0800] "GET /xingrg/all/function/internal_message.html?_=1613868157464&CODE_STATE=getMsg HTTP/1.1" 200 27
116.224.253.72 - - [21/Feb/2021:08:42:42 +0800] "GET /xingrg/all/function/internal_message.html?_=1613868133196&CODE_STATE=getMsg HTTP/1.1" 200 27
222.69.136.62 - - [21/Feb/2021:08:42:48 +0800] "GET /xingrg/all/function/internal_message.html?_=1613868164194&CODE_STATE=getMsg HTTP/1.1" 200 27
223.167.127.36 - - [21/Feb/2021:08:42:49 +0800] "GET /xingrg/all/function/internal_message.html?_=1613868165626&CODE_STATE=getMsg HTTP/1.1" 200 27
117.185.32.26 - - [21/Feb/2021:08:42:58 +0800] "GET /xingrg/all/function/internal_message.html?_=1613868166834&CODE_STATE=getMsg HTTP/1.1" 200 27
120.253.135.82 - - [21/Feb/2021:08:43:12 +0800] "GET /xingrg/all/function/internal_message.html?_=1613867954793&CODE_STATE=getMsg HTTP/1.1" 200 27
117.185.32.26 - - [21/Feb/2021:08:43:19 +0800] "GET /xingrg/check_reg.html?_=1613868188122 HTTP/1.1" 200 22
116.224.253.72 - - [21/Feb/2021:08:43:20 +0800] "GET /xingrg/all/function/internal_message.html?_=1613868194222&CODE_STATE=getMsg HTTP/1.1" 200 27
222.69.136.62 - - [21/Feb/2021:08:43:25 +0800] "GET /xingrg/kc/buy/cgsh_order_add.html HTTP/1.1" 200 62157
222.69.136.62 - - [21/Feb/2021:08:43:26 +0800] "POST /xingrg/kc/buy/cgsh_order_operate.html HTTP/1.1" 200 8245
222.69.136.62 - - [21/Feb/2021:08:43:26 +0800] "GET /xingrg/javascript/easyui/themes/default/validatebox.css HTTP/1.1" 404 1104
116.224.253.72 - - [21/Feb/2021:08:43:29 +0800] "GET /xingrg/check_reg.html?_=1613868180144 HTTP/1.1" 200 22
116.227.208.86 - - [21/Feb/2021:08:43:29 +0800] "GET /xingrg/all/function/internal_message.html?_=1613868202648&CODE_STATE=getMsg HTTP/1.1" 200 27
116.224.253.72 - - [21/Feb/2021:08:43:35 +0800] "GET /xingrg/all/function/internal_message.html?_=1613868211606&CODE_STATE=getMsg HTTP/1.1" 200 27
114.88.166.193 - - [21/Feb/2021:08:43:38 +0800] "GET /xingrg/all/function/internal_message.html?_=1613868209712&CODE_STATE=getMsg HTTP/1.1" 200 27
58.37.230.33 - - [21/Feb/2021:08:43:40 +0800] "GET /xingrg/all/function/internal_message.html?_=1613868221327&CODE_STATE=getMsg HTTP/1.1" 200 27
61.165.42.208 - - [21/Feb/2021:08:43:40 +0800] "GET /xingrg/all/function/internal_message.html?_=1613868217465&CODE_STATE=getMsg HTTP/1.1" 200 27
61.165.42.208 - - [21/Feb/2021:08:43:40 +0800] "GET /xingrg/check_reg.html?_=1613868217471 HTTP/1.1" 200 22
61.165.42.208 - - [21/Feb/2021:08:43:41 +0800] "POST /xingrg/kc/buy/cgsh_order_operate.html HTTP/1.1" 200 37
222.69.136.62 - - [21/Feb/2021:08:43:41 +0800] "GET /xingrg/kc/buy/cgsh_order_operate.html?command=get_materiel&rest_code=00149&code=00101016104&supplier_code=00100012&order_time=2021-02-20 HTTP/1.1" 200 409
116.224.253.72 - - [21/Feb/2021:08:43:42 +0800] "GET /xingrg/all/function/internal_message.html?_=1613868193202&CODE_STATE=getMsg HTTP/1.1" 200 27
222.69.136.62 - - [21/Feb/2021:08:43:48 +0800] "GET /xingrg/all/function/internal_message.html?_=1613868224194&CODE_STATE=getMsg HTTP/1.1" 200 27
61.165.42.208 - - [21/Feb/2021:08:43:49 +0800] "POST /xingrg/kc/buy/cgsh_order_operate.html HTTP/1.1" 200 25736
223.167.127.36 - - [21/Feb/2021:08:43:49 +0800] "GET /xingrg/all/function/internal_message.html?_=1613868225631&CODE_STATE=getMsg HTTP/1.1" 200 27
222.69.136.62 - - [21/Feb/2021:08:43:52 +0800] "GET /xingrg/kc/buy/cgsh_order_operate.html?command=get_materiel&rest_code=00149&code=00101006006&supplier_code=00100012&order_time=2021-02-20 HTTP/1.1" 200 409
117.185.32.26 - - [21/Feb/2021:08:43:58 +0800] "GET /xingrg/all/function/internal_message.html?_=1613868226805&CODE_STATE=getMsg HTTP/1.1" 200 27
61.165.42.208 - - [21/Feb/2021:08:43:59 +0800] "GET /xingrg/kc/buy/cgsh_order_add.html HTTP/1.1" 200 62151
61.165.42.208 - - [21/Feb/2021:08:43:59 +0800] "POST /xingrg/kc/buy/cgsh_order_operate.html HTTP/1.1" 200 8245
61.165.42.208 - - [21/Feb/2021:08:43:59 +0800] "GET /xingrg/javascript/easyui/themes/default/validatebox.css HTTP/1.1" 404 1104
120.253.135.82 - - [21/Feb/2021:08:44:12 +0800] "GET /xingrg/all/function/internal_message.html?_=1613868014802&CODE_STATE=getMsg HTTP/1.1" 200 27
120.204.17.71 - - [21/Feb/2021:08:44:20 +0800] "GET /xingrg/check_reg.html?_=1613868188122 HTTP/1.1" 302 -
116.224.253.72 - - [21/Feb/2021:08:44:20 +0800] "GET /xingrg/all/function/internal_message.html?_=1613868254222&CODE_STATE=getMsg HTTP/1.1" 200 27
120.204.17.71 - - [21/Feb/2021:08:44:20 +0800] "GET /xingrg/login.html HTTP/1.1" 200 7641
61.165.42.208 - - [21/Feb/2021:08:44:26 +0800] "GET /xingrg/kc/buy/cgsh_order_operate.html?command=get_materiel&rest_code=00105&code=00101002027&supplier_code=00100397&order_time=2021-02-21 HTTP/1.1" 200 433
114.88.166.193 - - [21/Feb/2021:08:44:26 +0800] "GET /xingrg/check_reg.html?_=1613868258106 HTTP/1.1" 200 22
116.227.208.86 - - [21/Feb/2021:08:44:29 +0800] "GET /xingrg/all/function/internal_message.html?_=1613868262653&CODE_STATE=getMsg HTTP/1.1" 200 27
116.227.208.86 - - [21/Feb/2021:08:44:29 +0800] "GET /xingrg/check_reg.html?_=1613868262660 HTTP/1.1" 200 22
116.224.253.72 - - [21/Feb/2021:08:44:35 +0800] "GET /xingrg/all/function/internal_message.html?_=1613868271620&CODE_STATE=getMsg HTTP/1.1" 200 27
114.88.166.193 - - [21/Feb/2021:08:44:38 +0800] "GET /xingrg/all/function/internal_message.html?_=1613868269728&CODE_STATE=getMsg HTTP/1.1" 200 27
61.165.42.208 - - [21/Feb/2021:08:44:39 +0800] "POST /xingrg/kc/buy/cgsh_order_operate.html HTTP/1.1" 200 37
58.37.230.33 - - [21/Feb/2021:08:44:40 +0800] "GET /xingrg/all/function/internal_message.html?_=1613868281306&CODE_STATE=getMsg HTTP/1.1" 200 27
61.165.42.208 - - [21/Feb/2021:08:44:40 +0800] "POST /xingrg/kc/buy/cgsh_order_operate.html HTTP/1.1" 200 2660
61.165.42.208 - - [21/Feb/2021:08:44:40 +0800] "GET /xingrg/all/function/internal_message.html?_=1613868277525&CODE_STATE=getMsg HTTP/1.1" 200 27
61.165.42.208 - - [21/Feb/2021:08:44:41 +0800] "GET /xingrg/kc/print/load_config.html?kc_code=cgsh HTTP/1.1" 200 1845
61.165.42.208 - - [21/Feb/2021:08:44:42 +0800] "GET /xingrg/kc/print/load_data.html?order_code=212021022107604&kc_code=cgsh&condition= HTTP/1.1" 200 670
116.224.253.72 - - [21/Feb/2021:08:44:42 +0800] "GET /xingrg/all/function/internal_message.html?_=1613868253215&CODE_STATE=getMsg HTTP/1.1" 200 27
222.69.136.62 - - [21/Feb/2021:08:44:48 +0800] "GET /xingrg/kc/buy/cgsh_order_operate.html?command=get_materiel&rest_code=00149&code=00101006109&supplier_code=00100012&order_time=2021-02-20 HTTP/1.1" 200 409
222.69.136.62 - - [21/Feb/2021:08:44:48 +0800] "GET /xingrg/check_reg.html?_=1613868284204 HTTP/1.1" 200 22
222.69.136.62 - - [21/Feb/2021:08:44:48 +0800] "GET /xingrg/all/function/internal_message.html?_=1613868284207&CODE_STATE=getMsg HTTP/1.1" 200 27
223.167.127.36 - - [21/Feb/2021:08:44:49 +0800] "GET /xingrg/all/function/internal_message.html?_=1613868285630&CODE_STATE=getMsg HTTP/1.1" 200 27
61.165.42.208 - - [21/Feb/2021:08:44:54 +0800] "GET /xingrg/kc/buy/cgsh_order_list.html HTTP/1.1" 200 46366
61.165.42.208 - - [21/Feb/2021:08:44:57 +0800] "POST /xingrg/kc/buy/cgsh_list_operate.html HTTP/1.1" 200 2045
183.192.164.71 - - [21/Feb/2021:08:44:57 +0800] "GET /xingrg/all/function/internal_message.html?_=1613868226805&CODE_STATE=getMsg HTTP/1.1" 302 -
183.192.164.71 - - [21/Feb/2021:08:44:58 +0800] "GET /xingrg/login.html HTTP/1.1" 200 7641
117.185.32.26 - - [21/Feb/2021:08:44:58 +0800] "GET /xingrg/all/function/internal_message.html?_=1613868286778&CODE_STATE=getMsg HTTP/1.1" 200 27
222.69.136.62 - - [21/Feb/2021:08:44:58 +0800] "GET /xingrg/kc/buy/cgsh_order_operate.html?command=get_materiel&rest_code=00149&code=00101006144&supplier_code=00100012&order_time=2021-02-20 HTTP/1.1" 200 409
61.165.42.208 - - [21/Feb/2021:08:44:59 +0800] "POST /xingrg/kc/buy/cgsh_list_operate.html HTTP/1.1" 200 567
61.165.42.208 - - [21/Feb/2021:08:45:00 +0800] "GET /xingrg/kc/buy/cgsh_order_info.html?code=212021022107603 HTTP/1.1" 200 62154
61.165.42.208 - - [21/Feb/2021:08:45:00 +0800] "GET /xingrg/javascript/easyui/themes/default/validatebox.css HTTP/1.1" 404 1104
61.165.42.208 - - [21/Feb/2021:08:45:01 +0800] "POST /xingrg/kc/buy/cgsh_order_operate.html HTTP/1.1" 200 25736
120.253.135.82 - - [21/Feb/2021:08:45:06 +0800] "GET /xingrg/check_reg.html?_=1613868069025 HTTP/1.1" 200 22
120.253.135.82 - - [21/Feb/2021:08:45:12 +0800] "GET /xingrg/all/function/internal_message.html?_=1613868074815&CODE_STATE=getMsg HTTP/1.1" 200 27
116.224.253.72 - - [21/Feb/2021:08:45:19 +0800] "GET /xingrg/kc/buy/cgsh_order_operate.html?command=get_materiel&rest_code=00151&code=00101007022&supplier_code=00100096&order_time=2021-02-21 HTTP/1.1" 200 413
116.224.253.72 - - [21/Feb/2021:08:45:20 +0800] "GET /xingrg/all/function/internal_message.html?_=1613868314223&CODE_STATE=getMsg HTTP/1.1" 200 27
116.227.208.86 - - [21/Feb/2021:08:45:29 +0800] "GET /xingrg/all/function/internal_message.html?_=1613868322647&CODE_STATE=getMsg HTTP/1.1" 200 27
116.224.253.72 - - [21/Feb/2021:08:45:30 +0800] "GET /xingrg/kc/buy/cgsh_order_operate.html?command=get_materiel&rest_code=00151&code=00101006112&supplier_code=00100096&order_time=2021-02-21 HTTP/1.1" 200 409
116.224.253.72 - - [21/Feb/2021:08:45:35 +0800] "GET /xingrg/all/function/internal_message.html?_=1613868331614&CODE_STATE=getMsg HTTP/1.1" 200 27
116.224.253.72 - - [21/Feb/2021:08:45:38 +0800] "GET /xingrg/kc/buy/cgsh_order_operate.html?command=get_materiel&rest_code=00151&code=00101006084&supplier_code=00100096&order_time=2021-02-21 HTTP/1.1" 200 413
114.88.166.193 - - [21/Feb/2021:08:45:38 +0800] "GET /xingrg/all/function/internal_message.html?_=1613868329743&CODE_STATE=getMsg HTTP/1.1" 200 27
58.37.230.33 - - [21/Feb/2021:08:45:39 +0800] "GET /xingrg/all/function/internal_message.html?_=1613868341283&CODE_STATE=getMsg HTTP/1.1" 200 27
61.165.42.208 - - [21/Feb/2021:08:45:40 +0800] "GET /xingrg/all/function/internal_message.html?_=1613868337502&CODE_STATE=getMsg HTTP/1.1" 200 27
116.224.253.72 - - [21/Feb/2021:08:45:42 +0800] "GET /xingrg/all/function/internal_message.html?_=1613868313236&CODE_STATE=getMsg HTTP/1.1" 200 27
101.228.165.73 - - [21/Feb/2021:08:45:43 +0800] "GET /xingrg/check_reg.html?_=1613868332915 HTTP/1.1" 200 22
222.69.136.62 - - [21/Feb/2021:08:45:48 +0800] "GET /xingrg/all/function/internal_message.html?_=1613868344187&CODE_STATE=getMsg HTTP/1.1" 200 27
223.167.127.36 - - [21/Feb/2021:08:45:49 +0800] "GET /xingrg/all/function/internal_message.html?_=1613868345629&CODE_STATE=getMsg HTTP/1.1" 200 27
222.69.136.62 - - [21/Feb/2021:08:45:58 +0800] "POST /xingrg/kc/buy/cgsh_order_operate.html HTTP/1.1" 200 37
116.224.253.72 - - [21/Feb/2021:08:45:58 +0800] "GET /xingrg/kc/buy/cgsh_order_operate.html?command=get_materiel&rest_code=00151&code=00101012070&supplier_code=00100096&order_time=2021-02-21 HTTP/1.1" 200 398
117.185.32.26 - - [21/Feb/2021:08:45:58 +0800] "GET /xingrg/all/function/internal_message.html?_=1613868346750&CODE_STATE=getMsg HTTP/1.1" 200 27
222.69.136.62 - - [21/Feb/2021:08:46:05 +0800] "POST /xingrg/kc/buy/cgsh_order_operate.html HTTP/1.1" 200 12
58.37.230.33 - - [21/Feb/2021:08:46:05 +0800] "GET /xingrg/check_reg.html?_=1613868366844 HTTP/1.1" 200 22
222.69.136.62 - - [21/Feb/2021:08:46:06 +0800] "GET /xingrg/kc/buy/cgsh_order_info.html?code=212021022107605 HTTP/1.1" 200 57059
222.69.136.62 - - [21/Feb/2021:08:46:06 +0800] "GET /xingrg/javascript/easyui/themes/default/validatebox.css HTTP/1.1" 404 1104
222.69.136.62 - - [21/Feb/2021:08:46:07 +0800] "POST /xingrg/kc/buy/cgsh_order_operate.html HTTP/1.1" 200 1784
120.204.17.72 - - [21/Feb/2021:08:46:08 +0800] "GET /xingrg/all/function/internal_message.html?_=1613868286778&CODE_STATE=getMsg HTTP/1.1" 302 -
222.69.136.62 - - [21/Feb/2021:08:46:08 +0800] "GET /xingrg/kc/print/load_data.html?order_code=212021022107605&kc_code=cgsh&condition= HTTP/1.1" 200 1237
116.227.208.86 - - [21/Feb/2021:08:46:09 +0800] "GET /xingrg/login.html HTTP/1.1" 200 7641
120.204.17.72 - - [21/Feb/2021:08:46:10 +0800] "GET /xingrg/login.html HTTP/1.1" 200 7641
116.224.253.72 - - [21/Feb/2021:08:46:10 +0800] "GET /xingrg/kc/buy/cgsh_order_operate.html?command=get_materiel&rest_code=00151&code=00101001075&supplier_code=00100096&order_time=2021-02-21 HTTP/1.1" 200 409
116.227.208.86 - - [21/Feb/2021:08:46:10 +0800] "GET /favicon.ico HTTP/1.1" 404 -
120.253.135.82 - - [21/Feb/2021:08:46:12 +0800] "GET /xingrg/all/function/internal_message.html?_=1613868134829&CODE_STATE=getMsg HTTP/1.1" 200 27
116.227.208.86 - - [21/Feb/2021:08:46:14 +0800] "POST /xingrg/login.do HTTP/1.1" 302 -
116.227.208.86 - - [21/Feb/2021:08:46:14 +0800] "GET /xingrg/index.html?sysBaseUrl=http%3A%2F%2F180.169.147.146%3A18081%2Fxingrg%2F&costTime=77×tamp=1613868374102 HTTP/1.1" 200 17179
116.227.208.86 - - [21/Feb/2021:08:46:14 +0800] "POST /xingrg/all/common/load_tree.html?tree=area_rest_tree_json&manage=1 HTTP/1.1" 200 351
116.227.208.86 - - [21/Feb/2021:08:46:14 +0800] "GET /xingrg/check_reg.html?_=1613868367742 HTTP/1.1" 200 22
116.227.208.86 - - [21/Feb/2021:08:46:14 +0800] "GET /xingrg/all/function/internal_message.html?_=1613868367741&CODE_STATE=count HTTP/1.1" 200 11
116.227.208.86 - - [21/Feb/2021:08:46:14 +0800] "GET /favicon.ico HTTP/1.1" 404 -
116.227.208.86 - - [21/Feb/2021:08:46:14 +0800] "POST /xingrg/load_menu.html HTTP/1.1" 200 5138
222.69.136.62 - - [21/Feb/2021:08:46:16 +0800] "GET /xingrg/kc/buy/cgsh_order_add.html HTTP/1.1" 200 16412
116.227.208.86 - - [21/Feb/2021:08:46:16 +0800] "GET /xingrg/kc/buy/cgsh_order_list.html HTTP/1.1" 200 46372
116.227.208.86 - - [21/Feb/2021:08:46:18 +0800] "POST /xingrg/kc/buy/cgsh_list_operate.html HTTP/1.1" 200 876
222.69.136.62 - - [21/Feb/2021:08:46:19 +0800] "GET /xingrg/kc/buy/cgsh_order_add.html HTTP/1.1" 200 62157
222.69.136.62 - - [21/Feb/2021:08:46:19 +0800] "POST /xingrg/kc/buy/cgsh_order_operate.html HTTP/1.1" 200 8245
222.69.136.62 - - [21/Feb/2021:08:46:19 +0800] "GET /xingrg/javascript/easyui/themes/default/validatebox.css HTTP/1.1" 404 1104
116.227.208.86 - - [21/Feb/2021:08:46:19 +0800] "GET /xingrg/kc/buy/cgsh_order_add.html HTTP/1.1" 200 62072
116.227.208.86 - - [21/Feb/2021:08:46:20 +0800] "GET /xingrg/words/20210220135317_words.js HTTP/1.1" 200 795554
116.224.253.72 - - [21/Feb/2021:08:46:20 +0800] "GET /xingrg/check_reg.html?_=1613868374225 HTTP/1.1" 200 22
116.224.253.72 - - [21/Feb/2021:08:46:20 +0800] "GET /xingrg/all/function/internal_message.html?_=1613868374225&CODE_STATE=getMsg HTTP/1.1" 200 27
116.227.208.86 - - [21/Feb/2021:08:46:20 +0800] "POST /xingrg/kc/buy/cgsh_order_operate.html HTTP/1.1" 200 8245
116.227.208.86 - - [21/Feb/2021:08:46:20 +0800] "GET /xingrg/all/common/auto_word.html?type=employee&rest_code=00155 HTTP/1.1" 200 51
116.227.208.86 - - [21/Feb/2021:08:46:20 +0800] "GET /xingrg/javascript/easyui/themes/default/validatebox.css HTTP/1.1" 404 1104
116.227.208.86 - - [21/Feb/2021:08:46:20 +0800] "GET /xingrg/all/common/auto_word.html?type=employee&rest_code=00155 HTTP/1.1" 200 51
116.227.208.86 - - [21/Feb/2021:08:46:22 +0800] "GET /xingrg/javascript/auto/indicator.gif HTTP/1.1" 404 1066
116.227.208.86 - - [21/Feb/2021:08:46:26 +0800] "GET /xingrg/javascript/jquery_tools/images/next.gif HTTP/1.1" 404 1086
116.227.208.86 - - [21/Feb/2021:08:46:26 +0800] "GET /xingrg/javascript/jquery_tools/images/prev.gif HTTP/1.1" 404 1086
116.224.253.72 - - [21/Feb/2021:08:46:26 +0800] "POST /xingrg/kc/buy/cgsh_order_operate.html HTTP/1.1" 200 37
116.224.253.72 - - [21/Feb/2021:08:46:30 +0800] "POST /xingrg/kc/buy/cgsh_order_operate.html HTTP/1.1" 200 12
116.224.253.72 - - [21/Feb/2021:08:46:31 +0800] "GET /xingrg/kc/buy/cgsh_order_info.html?code=212021022107606 HTTP/1.1" 200 56638
116.224.253.72 - - [21/Feb/2021:08:46:31 +0800] "GET /xingrg/javascript/easyui/themes/default/validatebox.css HTTP/1.1" 404 1104
116.224.253.72 - - [21/Feb/2021:08:46:32 +0800] "POST /xingrg/kc/buy/cgsh_order_operate.html HTTP/1.1" 200 2999
116.224.253.72 - - [21/Feb/2021:08:46:33 +0800] "GET /xingrg/kc/print/load_data.html?order_code=212021022107606&kc_code=cgsh&condition= HTTP/1.1" 200 1606
116.224.253.72 - - [21/Feb/2021:08:46:35 +0800] "GET /xingrg/check_reg.html?_=1613868391616 HTTP/1.1" 200 22
116.224.253.72 - - [21/Feb/2021:08:46:35 +0800] "GET /xingrg/all/function/internal_message.html?_=1613868391619&CODE_STATE=getMsg HTTP/1.1" 200 27
116.227.208.86 - - [21/Feb/2021:08:46:35 +0800] "GET /xingrg/kc/buy/cgsh_order_operate.html?command=get_materiel&rest_code=00155&code=00101006027&supplier_code=00100012&order_time=2021-02-21 HTTP/1.1" 200 409
116.224.253.72 - - [21/Feb/2021:08:46:38 +0800] "GET /xingrg/kc/buy/cgsh_order_add.html HTTP/1.1" 200 61746
114.88.166.193 - - [21/Feb/2021:08:46:38 +0800] "GET /xingrg/all/function/internal_message.html?_=1613868389770&CODE_STATE=getMsg HTTP/1.1" 200 27
116.224.253.72 - - [21/Feb/2021:08:46:38 +0800] "POST /xingrg/kc/buy/cgsh_order_operate.html HTTP/1.1" 200 8245
116.224.253.72 - - [21/Feb/2021:08:46:38 +0800] "GET /xingrg/javascript/easyui/themes/default/validatebox.css HTTP/1.1" 404 1104
58.37.230.33 - - [21/Feb/2021:08:46:39 +0800] "GET /xingrg/all/function/internal_message.html?_=1613868401255&CODE_STATE=getMsg HTTP/1.1" 200 27
222.69.136.62 - - [21/Feb/2021:08:46:40 +0800] "GET /xingrg/kc/buy/cgsh_order_operate.html?command=get_materiel&rest_code=00149&code=00101012025&supplier_code=00100036&order_time=2021-02-20 HTTP/1.1" 200 412
61.165.42.208 - - [21/Feb/2021:08:46:41 +0800] "GET /xingrg/all/function/internal_message.html?_=1613868397598&CODE_STATE=getMsg HTTP/1.1" 200 27
116.224.253.72 - - [21/Feb/2021:08:46:42 +0800] "GET /xingrg/all/function/internal_message.html?_=1613868373242&CODE_STATE=getMsg HTTP/1.1" 200 27
61.165.42.208 - - [21/Feb/2021:08:46:44 +0800] "GET /xingrg/kc/buy/cgsh_order_operate.html?command=get_materiel&rest_code=00105&code=00101008028&supplier_code=00100203&order_time=2021-02-21 HTTP/1.1" 200 412
116.227.208.86 - - [21/Feb/2021:08:46:44 +0800] "GET /xingrg/kc/buy/cgsh_order_operate.html?command=get_materiel&rest_code=00155&code=00101006109&supplier_code=00100012&order_time=2021-02-21 HTTP/1.1" 200 409
223.167.127.36 - - [21/Feb/2021:08:46:49 +0800] "GET /xingrg/all/function/internal_message.html?_=1613868405632&CODE_STATE=getMsg HTTP/1.1" 200 27
223.167.127.36 - - [21/Feb/2021:08:46:49 +0800] "GET /xingrg/check_reg.html?_=1613868405635 HTTP/1.1" 200 22
114.88.166.193 - - [21/Feb/2021:08:46:50 +0800] "GET /xingrg/index.html?sysBaseUrl=http%3A%2F%2F180.169.147.146%3A18081%2Fxingrg%2F&costTime=74×tamp=1596510965499 HTTP/1.1" 302 -
114.88.166.193 - - [21/Feb/2021:08:46:50 +0800] "GET /xingrg/login.html HTTP/1.1" 200 7641
114.88.166.193 - - [21/Feb/2021:08:46:50 +0800] "GET /xingrg/images/blue/login_bg.png HTTP/1.1" 304 -
114.88.166.193 - - [21/Feb/2021:08:46:51 +0800] "GET /favicon.ico HTTP/1.1" 404 -
114.88.166.193 - - [21/Feb/2021:08:46:51 +0800] "GET /xingrg/images/blue/hj.png HTTP/1.1" 304 -
114.88.166.193 - - [21/Feb/2021:08:46:51 +0800] "GET /xingrg/images/blue/srbg.png HTTP/1.1" 304 -
222.69.136.62 - - [21/Feb/2021:08:46:51 +0800] "GET /xingrg/all/function/internal_message.html?_=1613868404200&CODE_STATE=getMsg HTTP/1.1" 200 27
116.224.253.72 - - [21/Feb/2021:08:46:57 +0800] "GET /xingrg/kc/buy/cgsh_order_operate.html?command=get_materiel&rest_code=00151&code=00101016038&supplier_code=00100007&order_time=2021-02-21 HTTP/1.1" 200 408
117.185.32.26 - - [21/Feb/2021:08:46:58 +0800] "GET /xingrg/all/function/internal_message.html?_=1613868406719&CODE_STATE=getMsg HTTP/1.1" 200 27
120.204.17.72 - - [21/Feb/2021:08:47:01 +0800] "GET /xingrg/all/function/internal_message.html?_=1613868346750&CODE_STATE=getMsg HTTP/1.1" 302 -
222.69.136.62 - - [21/Feb/2021:08:47:01 +0800] "GET /xingrg/kc/buy/cgsh_order_operate.html?command=get_materiel&rest_code=00149&code=00101012025&supplier_code=00100036&order_time=2021-02-20 HTTP/1.1" 200 412
120.204.17.72 - - [21/Feb/2021:08:47:05 +0800] "GET /xingrg/login.html HTTP/1.1" 200 7641
116.224.253.72 - - [21/Feb/2021:08:47:06 +0800] "GET /xingrg/kc/buy/cgsh_order_operate.html?command=get_materiel&rest_code=00151&code=00101008323&supplier_code=00100007&order_time=2021-02-21 HTTP/1.1" 200 408
114.88.166.193 - - [21/Feb/2021:08:47:06 +0800] "POST /xingrg/login.do HTTP/1.1" 302 -
114.88.166.193 - - [21/Feb/2021:08:47:06 +0800] "GET /xingrg/javascript/jquery_easy_ui/themes/default/easyui.css HTTP/1.1" 304 -
114.88.166.193 - - [21/Feb/2021:08:47:06 +0800] "GET /xingrg/javascript/jquery_easy_ui/themes/icon.css HTTP/1.1" 304 -
114.88.166.193 - - [21/Feb/2021:08:47:06 +0800] "GET /xingrg/css/form.css HTTP/1.1" 304 -
114.88.166.193 - - [21/Feb/2021:08:47:06 +0800] "GET /xingrg/index.html?sysBaseUrl=http%3A%2F%2F180.169.147.146%3A18081%2Fxingrg%2F&costTime=54×tamp=1613868426880 HTTP/1.1" 200 17173
114.88.166.193 - - [21/Feb/2021:08:47:07 +0800] "GET /xingrg/javascript/jquery-1.4.2.min.js HTTP/1.1" 304 -
114.88.166.193 - - [21/Feb/2021:08:47:07 +0800] "GET /xingrg/javascript/jquery_easy_ui/jquery.easyui.min.js HTTP/1.1" 304 -
114.88.166.193 - - [21/Feb/2021:08:47:07 +0800] "GET /xingrg/javascript/jquery_easy_ui/easyui-lang-zh_CN.js HTTP/1.1" 304 -
114.88.166.193 - - [21/Feb/2021:08:47:07 +0800] "GET /xingrg/javascript/jquery.form.js HTTP/1.1" 304 -
114.88.166.193 - - [21/Feb/2021:08:47:07 +0800] "GET /favicon.ico HTTP/1.1" 404 -
114.88.166.193 - - [21/Feb/2021:08:47:07 +0800] "GET /xingrg/javascript/jquery.utils.js HTTP/1.1" 304 -
114.88.166.193 - - [21/Feb/2021:08:47:07 +0800] "GET /xingrg/javascript/jquery.timers.js HTTP/1.1" 304 -
114.88.166.193 - - [21/Feb/2021:08:47:07 +0800] "POST /xingrg/all/common/load_tree.html?tree=area_rest_tree_json&manage=1 HTTP/1.1" 200 342
114.88.166.193 - - [21/Feb/2021:08:47:07 +0800] "GET /xingrg/check_reg.html?_=1613868419055 HTTP/1.1" 200 22
114.88.166.193 - - [21/Feb/2021:08:47:07 +0800] "GET /xingrg/all/function/internal_message.html?_=1613868419054&CODE_STATE=count HTTP/1.1" 200 11
114.88.166.193 - - [21/Feb/2021:08:47:07 +0800] "GET /xingrg/javascript/jquery_easy_ui/themes/default/images/tree_arrows.gif HTTP/1.1" 304 -
114.88.166.193 - - [21/Feb/2021:08:47:07 +0800] "POST /xingrg/load_menu.html HTTP/1.1" 200 5138
114.88.166.193 - - [21/Feb/2021:08:47:07 +0800] "GET /xingrg/javascript/jquery_easy_ui/themes/default/images/tree_folder_open.gif HTTP/1.1" 304 -
114.88.166.193 - - [21/Feb/2021:08:47:07 +0800] "GET /xingrg/javascript/jquery_easy_ui/themes/icons/search_new.png HTTP/1.1" 304 -
114.88.166.193 - - [21/Feb/2021:08:47:07 +0800] "GET /xingrg/javascript/jquery_easy_ui/themes/default/images/tree_folder.gif HTTP/1.1" 304 -
114.88.166.193 - - [21/Feb/2021:08:47:07 +0800] "GET /xingrg/javascript/jquery_easy_ui/themes/icons/storage_new.png HTTP/1.1" 304 -
114.88.166.193 - - [21/Feb/2021:08:47:07 +0800] "GET /xingrg/javascript/jquery_easy_ui/themes/icons/forms_new.png HTTP/1.1" 304 -
114.88.166.193 - - [21/Feb/2021:08:47:07 +0800] "GET /xingrg/javascript/jquery_easy_ui/themes/default/images/tree_file.gif HTTP/1.1" 304 -
116.227.208.86 - - [21/Feb/2021:08:47:08 +0800] "POST /xingrg/kc/buy/cgsh_order_operate.html HTTP/1.1" 200 37
114.88.166.193 - - [21/Feb/2021:08:47:08 +0800] "GET /xingrg/javascript/jquery_easy_ui/themes/default/images/tabs_close.gif HTTP/1.1" 304 -
114.88.166.193 - - [21/Feb/2021:08:47:08 +0800] "GET /xingrg/kc/buy/buy_main.html HTTP/1.1" 200 12412
114.88.166.193 - - [21/Feb/2021:08:47:08 +0800] "GET /xingrg/css/new_ie.css HTTP/1.1" 404 1036
114.88.166.193 - - [21/Feb/2021:08:47:08 +0800] "GET /xingrg/css/blue.css HTTP/1.1" 304 -
114.88.166.193 - - [21/Feb/2021:08:47:08 +0800] "GET /xingrg/javascript/jquery_ui/themes/humanity/humanity.css HTTP/1.1" 304 -
114.88.166.193 - - [21/Feb/2021:08:47:09 +0800] "GET /xingrg/javascript/pic_change.js HTTP/1.1" 304 -
114.88.166.193 - - [21/Feb/2021:08:47:09 +0800] "GET /xingrg/javascript/ToolTips.js HTTP/1.1" 304 -
114.88.166.193 - - [21/Feb/2021:08:47:09 +0800] "GET /xingrg/javascript/myfunction.js HTTP/1.1" 304 -
114.88.166.193 - - [21/Feb/2021:08:47:09 +0800] "GET /xingrg/javascript/jquery_ui/jquery-ui.min.js HTTP/1.1" 304 -
114.88.166.193 - - [21/Feb/2021:08:47:09 +0800] "GET /xingrg/images/blue/button/cgfkd.gif HTTP/1.1" 304 -
114.88.166.193 - - [21/Feb/2021:08:47:09 +0800] "GET /xingrg/images/blue/button/cgydd.gif HTTP/1.1" 304 -
114.88.166.193 - - [21/Feb/2021:08:47:09 +0800] "GET /xingrg/images/blue/button/kc.gif HTTP/1.1" 304 -
114.88.166.193 - - [21/Feb/2021:08:47:09 +0800] "GET /xingrg/images/blue/button/ckthd.gif HTTP/1.1" 304 -
114.88.166.193 - - [21/Feb/2021:08:47:09 +0800] "GET /xingrg/images/blue/button/cgshd.gif HTTP/1.1" 304 -
114.88.166.193 - - [21/Feb/2021:08:47:09 +0800] "GET /xingrg/images/blue/button/cgxqd.gif HTTP/1.1" 304 -
114.88.166.193 - - [21/Feb/2021:08:47:09 +0800] "GET /xingrg/images/blue/pic_form2.gif HTTP/1.1" 304 -
114.88.166.193 - - [21/Feb/2021:08:47:09 +0800] "GET /xingrg/images/blue/bg_dotted.jpg HTTP/1.1" 304 -
114.88.166.193 - - [21/Feb/2021:08:47:09 +0800] "GET /xingrg/javascript/jquery_ui/themes/humanity/images/ui-bg_inset-soft_100_f4f0ec_1x100.png HTTP/1.1" 304 -
114.88.166.193 - - [21/Feb/2021:08:47:09 +0800] "GET /xingrg/images/blue/button/right_ah.jpg HTTP/1.1" 304 -
114.88.166.193 - - [21/Feb/2021:08:47:09 +0800] "GET /xingrg/images/blue/button/down_ah.jpg HTTP/1.1" 304 -
114.88.166.193 - - [21/Feb/2021:08:47:09 +0800] "GET /xingrg/javascript/jquery_ui/themes/humanity/images/ui-iconsnew.jpg HTTP/1.1" 304 -
114.88.166.193 - - [21/Feb/2021:08:47:09 +0800] "GET /xingrg/javascript/jquery_ui/themes/humanity/images/ui-icons_ffffff_256x240.png HTTP/1.1" 304 -
114.88.166.193 - - [21/Feb/2021:08:47:09 +0800] "GET /xingrg/javascript/jquery_ui/themes/humanity/images/ui-icons_c47a23_256x240.png HTTP/1.1" 304 -
114.88.166.193 - - [21/Feb/2021:08:47:09 +0800] "GET /xingrg/javascript/jquery_ui/themes/humanity/images/ui-bg_glass_70_ede4d4_1x400.png HTTP/1.1" 304 -
114.88.166.193 - - [21/Feb/2021:08:47:09 +0800] "GET /xingrg/images/yd/bt.gif HTTP/1.1" 404 1040
116.227.208.86 - - [21/Feb/2021:08:47:09 +0800] "POST /xingrg/kc/buy/cgsh_order_operate.html HTTP/1.1" 200 3831
114.88.166.193 - - [21/Feb/2021:08:47:10 +0800] "GET /xingrg/kc/buy/cgsh_order_list.html HTTP/1.1" 200 46366
114.88.166.193 - - [21/Feb/2021:08:47:10 +0800] "GET /xingrg/css/base.css HTTP/1.1" 304 -
114.88.166.193 - - [21/Feb/2021:08:47:10 +0800] "GET /xingrg/css/site.css HTTP/1.1" 304 -
114.88.166.193 - - [21/Feb/2021:08:47:10 +0800] "GET /xingrg/javascript/jquery_tools/datebox.css HTTP/1.1" 304 -
114.88.166.193 - - [21/Feb/2021:08:47:10 +0800] "GET /xingrg/javascript/easyui/themes/default/easyui.css HTTP/1.1" 304 -
114.88.166.193 - - [21/Feb/2021:08:47:10 +0800] "GET /xingrg/javascript/easyui/themes/icon.css HTTP/1.1" 304 -
114.88.166.193 - - [21/Feb/2021:08:47:10 +0800] "GET /xingrg/javascript/auto/jquery.autocomplete.css HTTP/1.1" 304 -
114.88.166.193 - - [21/Feb/2021:08:47:10 +0800] "GET /xingrg/javascript/jquery_tools/jquery.tools.min.js HTTP/1.1" 304 -
114.88.166.193 - - [21/Feb/2021:08:47:10 +0800] "GET /xingrg/javascript/jquery_tools/jquery.tools.table.js HTTP/1.1" 304 -
114.88.166.193 - - [21/Feb/2021:08:47:10 +0800] "GET /xingrg/javascript/jquery_tools/jquery.tools.hotkey.js HTTP/1.1" 304 -
114.88.166.193 - - [21/Feb/2021:08:47:10 +0800] "GET /xingrg/javascript/jquery_tools/list_manager.js HTTP/1.1" 304 -
114.88.166.193 - - [21/Feb/2021:08:47:10 +0800] "GET /xingrg/javascript/auto/jquery.autocomplete.js HTTP/1.1" 304 -
114.88.166.193 - - [21/Feb/2021:08:47:10 +0800] "GET /xingrg/javascript/jquery.cookie.js HTTP/1.1" 304 -
114.88.166.193 - - [21/Feb/2021:08:47:10 +0800] "GET /xingrg/javascript/easyui/easyloader.js HTTP/1.1" 304 -
114.88.166.193 - - [21/Feb/2021:08:47:10 +0800] "GET /xingrg/javascript/print/LodopFuncs.js HTTP/1.1" 304 -
114.88.166.193 - - [21/Feb/2021:08:47:10 +0800] "GET /xingrg/javascript/jquery_tools/fix.css HTTP/1.1" 304 -
114.88.166.193 - - [21/Feb/2021:08:47:10 +0800] "GET /xingrg/javascript/jquery_tools/jquery.tools.extend.js HTTP/1.1" 304 -
114.88.166.193 - - [21/Feb/2021:08:47:10 +0800] "GET /xingrg/javascript/jquery_tools/table.css HTTP/1.1" 304 -
116.227.208.86 - - [21/Feb/2021:08:47:10 +0800] "GET /xingrg/kc/print/load_config.html?kc_code=cgsh HTTP/1.1" 200 1845
116.227.208.86 - - [21/Feb/2021:08:47:11 +0800] "GET /xingrg/kc/print/load_data.html?order_code=212021022107607&kc_code=cgsh&condition= HTTP/1.1" 200 1210
114.88.166.193 - - [21/Feb/2021:08:47:11 +0800] "GET /xingrg/javascript/easyui/themes/icons/edit_add_new.png HTTP/1.1" 304 -
114.88.166.193 - - [21/Feb/2021:08:47:11 +0800] "GET /xingrg/javascript/easyui/themes/icons/cance_new.png HTTP/1.1" 304 -
114.88.166.193 - - [21/Feb/2021:08:47:11 +0800] "GET /xingrg/javascript/easyui/themes/icons/check_new.png HTTP/1.1" 304 -
114.88.166.193 - - [21/Feb/2021:08:47:11 +0800] "GET /xingrg/javascript/easyui/themes/icons/field_new.png HTTP/1.1" 304 -
114.88.166.193 - - [21/Feb/2021:08:47:11 +0800] "GET /xingrg/javascript/easyui/themes/icons/import_new.png HTTP/1.1" 304 -
114.88.166.193 - - [21/Feb/2021:08:47:11 +0800] "GET /xingrg/javascript/jquery_easy_ui/themes/icons/area.png HTTP/1.1" 304 -
114.88.166.193 - - [21/Feb/2021:08:47:11 +0800] "GET /xingrg/javascript/jquery_easy_ui/themes/icons/rest.png HTTP/1.1" 304 -
114.88.166.193 - - [21/Feb/2021:08:47:11 +0800] "GET /xingrg/javascript/easyui/plugins/jquery.parser.js HTTP/1.1" 304 -
114.88.166.193 - - [21/Feb/2021:08:47:11 +0800] "GET /xingrg/images/control/ajaxLoader.gif HTTP/1.1" 304 -
116.224.253.72 - - [21/Feb/2021:08:47:12 +0800] "GET /xingrg/kc/buy/cgsh_order_operate.html?command=get_materiel&rest_code=00151&code=00101008067&supplier_code=00100007&order_time=2021-02-21 HTTP/1.1" 200 416
120.253.135.82 - - [21/Feb/2021:08:47:12 +0800] "GET /xingrg/all/function/internal_message.html?_=1613868194955&CODE_STATE=getMsg HTTP/1.1" 200 27
116.227.208.86 - - [21/Feb/2021:08:47:14 +0800] "GET /xingrg/all/function/internal_message.html?_=1613868427941&CODE_STATE=getMsg HTTP/1.1" 200 27
222.69.136.62 - - [21/Feb/2021:08:47:14 +0800] "GET /xingrg/kc/buy/cgsh_order_operate.html?command=get_materiel&rest_code=00149&code=00101012029&supplier_code=00100036&order_time=2021-02-20 HTTP/1.1" 200 412
116.224.253.72 - - [21/Feb/2021:08:47:20 +0800] "GET /xingrg/all/function/internal_message.html?_=1613868434226&CODE_STATE=getMsg HTTP/1.1" 200 27
116.224.253.72 - - [21/Feb/2021:08:47:22 +0800] "GET /xingrg/kc/buy/cgsh_order_operate.html?command=get_materiel&rest_code=00151&code=00101008257&supplier_code=00100007&order_time=2021-02-21 HTTP/1.1" 200 416
116.224.253.72 - - [21/Feb/2021:08:47:29 +0800] "GET /xingrg/kc/buy/cgsh_order_operate.html?command=get_materiel&rest_code=00151&code=00101008083&supplier_code=00100007&order_time=2021-02-21 HTTP/1.1" 200 427
116.224.253.72 - - [21/Feb/2021:08:47:29 +0800] "POST /xingrg/all/common/load_select.html HTTP/1.1" 200 25
114.88.166.193 - - [21/Feb/2021:08:47:31 +0800] "POST /xingrg/kc/buy/cgsh_list_operate.html HTTP/1.1" 200 5167
172.20.0.100 - - [21/Feb/2021:08:47:31 +0800] "GET /xingrg/check_reg.html?_=1613868445386 HTTP/1.1" 302 -
116.224.253.72 - - [21/Feb/2021:08:47:33 +0800] "GET /xingrg/kc/buy/cgsh_order_operate.html?command=get_materiel_price&rest_code=00151&code=00101008083&unit_code=00100026&supplier_code=00100007&order_time=2021-02-21 HTTP/1.1" 200 27
116.224.253.72 - - [21/Feb/2021:08:47:35 +0800] "GET /xingrg/all/function/internal_message.html?_=1613868451629&CODE_STATE=getMsg HTTP/1.1" 200 27
114.88.166.193 - - [21/Feb/2021:08:47:37 +0800] "GET /xingrg/javascript/easyui/themes/default/images/button_plain_hover.png HTTP/1.1" 304 -
222.69.136.62 - - [21/Feb/2021:08:47:39 +0800] "POST /xingrg/kc/buy/cgsh_order_operate.html HTTP/1.1" 200 37
58.37.230.33 - - [21/Feb/2021:08:47:39 +0800] "GET /xingrg/all/function/internal_message.html?_=1613868461223&CODE_STATE=getMsg HTTP/1.1" 200 27
61.165.42.208 - - [21/Feb/2021:08:47:41 +0800] "GET /xingrg/all/function/internal_message.html?_=1613868457575&CODE_STATE=getMsg HTTP/1.1" 200 27
116.224.253.72 - - [21/Feb/2021:08:47:42 +0800] "GET /xingrg/all/function/internal_message.html?_=1613868433263&CODE_STATE=getMsg HTTP/1.1" 200 27
116.224.253.72 - - [21/Feb/2021:08:47:44 +0800] "GET /xingrg/kc/buy/cgsh_order_operate.html?command=get_materiel&rest_code=00151&code=00101008234&supplier_code=00100007&order_time=2021-02-21 HTTP/1.1" 200 408
223.167.127.36 - - [21/Feb/2021:08:47:49 +0800] "GET /xingrg/all/function/internal_message.html?_=1613868465633&CODE_STATE=getMsg HTTP/1.1" 200 27
116.224.253.72 - - [21/Feb/2021:08:47:50 +0800] "GET /xingrg/kc/buy/cgsh_order_operate.html?command=get_materiel&rest_code=00151&code=00101008318&supplier_code=00100007&order_time=2021-02-21 HTTP/1.1" 200 408
116.224.253.72 - - [21/Feb/2021:08:47:55 +0800] "GET /xingrg/kc/buy/cgsh_order_operate.html?command=get_materiel&rest_code=00151&code=00101016080&supplier_code=00100007&order_time=2021-02-21 HTTP/1.1" 200 408
222.69.136.62 - - [21/Feb/2021:08:47:58 +0800] "POST /xingrg/kc/buy/cgsh_order_operate.html HTTP/1.1" 200 12
117.185.32.26 - - [21/Feb/2021:08:47:58 +0800] "GET /xingrg/all/function/internal_message.html?_=1613868466701&CODE_STATE=getMsg HTTP/1.1" 200 27
116.224.253.72 - - [21/Feb/2021:08:48:00 +0800] "GET /xingrg/kc/buy/cgsh_order_operate.html?command=get_materiel&rest_code=00151&code=00101016051&supplier_code=00100007&order_time=2021-02-21 HTTP/1.1" 200 408
114.88.166.193 - - [21/Feb/2021:08:48:05 +0800] "POST /xingrg/kc/buy/cgsh_list_operate.html HTTP/1.1" 200 4
222.69.136.62 - - [21/Feb/2021:08:48:05 +0800] "GET /xingrg/kc/buy/cgsh_order_info.html?code=212021022107608 HTTP/1.1" 200 57061
222.69.136.62 - - [21/Feb/2021:08:48:05 +0800] "GET /xingrg/javascript/easyui/themes/default/validatebox.css HTTP/1.1" 404 1104
222.69.136.62 - - [21/Feb/2021:08:48:06 +0800] "POST /xingrg/kc/buy/cgsh_order_operate.html HTTP/1.1" 200 1200
114.88.166.193 - - [21/Feb/2021:08:48:07 +0800] "GET /xingrg/all/function/internal_message.html?_=1613868479066&CODE_STATE=getMsg HTTP/1.1" 200 27
222.69.136.62 - - [21/Feb/2021:08:48:07 +0800] "GET /xingrg/kc/print/load_data.html?order_code=212021022107608&kc_code=cgsh&condition= HTTP/1.1" 200 1012
116.224.253.72 - - [21/Feb/2021:08:48:07 +0800] "GET /xingrg/kc/buy/cgsh_order_operate.html?command=get_materiel&rest_code=00151&code=00101008095&supplier_code=00100007&order_time=2021-02-21 HTTP/1.1" 200 412
120.253.135.82 - - [21/Feb/2021:08:48:12 +0800] "GET /xingrg/all/function/internal_message.html?_=1613868254967&CODE_STATE=getMsg HTTP/1.1" 200 27
116.224.253.72 - - [21/Feb/2021:08:48:12 +0800] "GET /xingrg/kc/buy/cgsh_order_operate.html?command=get_materiel&rest_code=00151&code=00101008221&supplier_code=00100007&order_time=2021-02-21 HTTP/1.1" 200 412
61.165.42.208 - - [21/Feb/2021:08:48:12 +0800] "GET /xingrg/kc/buy/cgsh_order_operate.html?command=get_materiel&rest_code=00105&code=00101008285&supplier_code=00100203&order_time=2021-02-21 HTTP/1.1" 200 413
116.227.208.86 - - [21/Feb/2021:08:48:14 +0800] "GET /xingrg/all/function/internal_message.html?_=1613868487915&CODE_STATE=getMsg HTTP/1.1" 200 27
222.69.136.62 - - [21/Feb/2021:08:48:15 +0800] "GET /xingrg/kc/buy/cgsh_order_add.html HTTP/1.1" 200 16412
114.88.166.193 - - [21/Feb/2021:08:48:15 +0800] "POST /xingrg/kc/buy/cgsh_list_operate.html HTTP/1.1" 200 4233
222.69.136.62 - - [21/Feb/2021:08:48:15 +0800] "GET /xingrg/kc/buy/cgsh_order_add.html HTTP/1.1" 200 62157
222.69.136.62 - - [21/Feb/2021:08:48:15 +0800] "POST /xingrg/kc/buy/cgsh_order_operate.html HTTP/1.1" 200 8245
222.69.136.62 - - [21/Feb/2021:08:48:15 +0800] "GET /xingrg/javascript/easyui/themes/default/validatebox.css HTTP/1.1" 404 1104
116.224.253.72 - - [21/Feb/2021:08:48:19 +0800] "GET /xingrg/kc/buy/cgsh_order_operate.html?command=get_materiel&rest_code=00151&code=00101008351&supplier_code=00100007&order_time=2021-02-21 HTTP/1.1" 200 428
117.185.32.26 - - [21/Feb/2021:08:48:19 +0800] "GET /xingrg/check_reg.html?_=1613868488101 HTTP/1.1" 200 22
116.224.253.72 - - [21/Feb/2021:08:48:20 +0800] "GET /xingrg/all/function/internal_message.html?_=1613868494227&CODE_STATE=getMsg HTTP/1.1" 200 27
116.224.253.72 - - [21/Feb/2021:08:48:25 +0800] "GET /xingrg/kc/buy/cgsh_order_operate.html?command=get_materiel&rest_code=00151&code=00101008118&supplier_code=00100007&order_time=2021-02-21 HTTP/1.1" 200 418
116.224.253.72 - - [21/Feb/2021:08:48:29 +0800] "GET /xingrg/check_reg.html?_=1613868480150 HTTP/1.1" 200 22
116.224.253.72 - - [21/Feb/2021:08:48:32 +0800] "GET /xingrg/kc/buy/cgsh_order_operate.html?command=get_materiel&rest_code=00151&code=00101008186&supplier_code=00100007&order_time=2021-02-21 HTTP/1.1" 200 408
116.224.253.72 - - [21/Feb/2021:08:48:35 +0800] "GET /xingrg/all/function/internal_message.html?_=1613868511637&CODE_STATE=getMsg HTTP/1.1" 200 27
222.69.136.62 - - [21/Feb/2021:08:48:35 +0800] "GET /xingrg/kc/buy/cgsh_order_operate.html?command=get_materiel&rest_code=00149&code=00101004067&supplier_code=00100083&order_time=2021-02-20 HTTP/1.1" 200 413
58.37.230.33 - - [21/Feb/2021:08:48:39 +0800] "GET /xingrg/all/function/internal_message.html?_=1613868521203&CODE_STATE=getMsg HTTP/1.1" 200 27
116.224.253.72 - - [21/Feb/2021:08:48:40 +0800] "GET /xingrg/kc/buy/cgsh_order_operate.html?command=get_materiel&rest_code=00151&code=00101008357&supplier_code=00100007&order_time=2021-02-21 HTTP/1.1" 200 408
61.165.42.208 - - [21/Feb/2021:08:48:40 +0800] "GET /xingrg/check_reg.html?_=1613868517504 HTTP/1.1" 200 22
61.165.42.208 - - [21/Feb/2021:08:48:40 +0800] "GET /xingrg/all/function/internal_message.html?_=1613868517552&CODE_STATE=getMsg HTTP/1.1" 200 27
116.224.253.72 - - [21/Feb/2021:08:48:42 +0800] "GET /xingrg/all/function/internal_message.html?_=1613868493269&CODE_STATE=getMsg HTTP/1.1" 200 27
114.88.166.193 - - [21/Feb/2021:08:48:42 +0800] "POST /xingrg/kc/buy/cgsh_list_operate.html HTTP/1.1" 200 4
114.88.166.193 - - [21/Feb/2021:08:48:43 +0800] "POST /xingrg/kc/buy/cgsh_list_operate.html HTTP/1.1" 200 876
116.224.253.72 - - [21/Feb/2021:08:48:45 +0800] "GET /xingrg/kc/buy/cgsh_order_operate.html?command=get_materiel&rest_code=00151&code=00101008261&supplier_code=00100007&order_time=2021-02-21 HTTP/1.1" 200 408
222.69.136.62 - - [21/Feb/2021:08:48:45 +0800] "GET /xingrg/kc/buy/cgsh_order_operate.html?command=get_materiel&rest_code=00149&code=00101004048&supplier_code=00100083&order_time=2021-02-20 HTTP/1.1" 200 417
114.88.166.193 - - [21/Feb/2021:08:48:48 +0800] "GET /xingrg/kc/base/wldb_order_list.html HTTP/1.1" 200 19339
222.69.136.62 - - [21/Feb/2021:08:48:48 +0800] "GET /xingrg/all/function/internal_message.html?_=1613868524211&CODE_STATE=getMsg HTTP/1.1" 200 27
114.88.166.193 - - [21/Feb/2021:08:48:49 +0800] "POST /xingrg/kc/base/wldb_list_operate.html HTTP/1.1" 200 928
223.167.127.36 - - [21/Feb/2021:08:48:49 +0800] "GET /xingrg/all/function/internal_message.html?_=1613868525633&CODE_STATE=getMsg HTTP/1.1" 200 27
114.88.166.193 - - [21/Feb/2021:08:48:50 +0800] "GET /xingrg/kc/base/wldb_order_list.html HTTP/1.1" 200 19339
114.88.166.193 - - [21/Feb/2021:08:48:51 +0800] "POST /xingrg/kc/base/wldb_list_operate.html HTTP/1.1" 200 928
116.224.253.72 - - [21/Feb/2021:08:48:52 +0800] "GET /xingrg/kc/buy/cgsh_order_operate.html?command=get_materiel&rest_code=00151&code=00101008286&supplier_code=00100007&order_time=2021-02-21 HTTP/1.1" 200 409
114.88.166.193 - - [21/Feb/2021:08:48:52 +0800] "GET /xingrg/kc/buy/buy_main.html HTTP/1.1" 200 12412
114.88.166.193 - - [21/Feb/2021:08:48:52 +0800] "GET /xingrg/css/new_ie.css HTTP/1.1" 404 1036
114.88.166.193 - - [21/Feb/2021:08:48:53 +0800] "GET /xingrg/images/yd/bt.gif HTTP/1.1" 404 1040
114.88.166.193 - - [21/Feb/2021:08:48:54 +0800] "GET /xingrg/kc/buy/cgsh_order_list.html HTTP/1.1" 200 46366
114.88.166.193 - - [21/Feb/2021:08:48:54 +0800] "POST /xingrg/kc/buy/cgsh_list_operate.html HTTP/1.1" 200 876
114.88.166.193 - - [21/Feb/2021:08:48:56 +0800] "GET /xingrg/kc/buy/cgsh_order_add.html HTTP/1.1" 200 62104
114.88.166.193 - - [21/Feb/2021:08:48:56 +0800] "GET /xingrg/javascript/jquery_tools/order_manager.js HTTP/1.1" 304 -
114.88.166.193 - - [21/Feb/2021:08:48:56 +0800] "GET /xingrg/javascript/convert.js HTTP/1.1" 304 -
114.88.166.193 - - [21/Feb/2021:08:48:56 +0800] "GET /xingrg/javascript/json2.js HTTP/1.1" 304 -
114.88.166.193 - - [21/Feb/2021:08:48:56 +0800] "GET /xingrg/javascript/print/kc_print.js HTTP/1.1" 304 -
114.88.166.193 - - [21/Feb/2021:08:48:56 +0800] "GET /xingrg/words/20210220135317_words.js HTTP/1.1" 304 -
114.88.166.193 - - [21/Feb/2021:08:48:56 +0800] "GET /xingrg/javascript/easyui/themes/icons/copy_new.png HTTP/1.1" 304 -
114.88.166.193 - - [21/Feb/2021:08:48:56 +0800] "GET /xingrg/javascript/easyui/themes/icons/template_new.png HTTP/1.1" 304 -
114.88.166.193 - - [21/Feb/2021:08:48:56 +0800] "GET /xingrg/javascript/easyui/themes/icons/ok.png HTTP/1.1" 304 -
114.88.166.193 - - [21/Feb/2021:08:48:56 +0800] "GET /xingrg/javascript/easyui/themes/icons/print.png HTTP/1.1" 304 -
114.88.166.193 - - [21/Feb/2021:08:48:56 +0800] "GET /xingrg/javascript/easyui/themes/default/images/menu_downarrow.png HTTP/1.1" 304 -
114.88.166.193 - - [21/Feb/2021:08:48:56 +0800] "GET /xingrg/javascript/easyui/themes/icons/cancel.png HTTP/1.1" 304 -
114.88.166.193 - - [21/Feb/2021:08:48:56 +0800] "POST /xingrg/kc/buy/cgsh_order_operate.html HTTP/1.1" 200 8245
114.88.166.193 - - [21/Feb/2021:08:48:56 +0800] "GET /xingrg/javascript/easyui/themes/icons/edit_remove.png HTTP/1.1" 304 -
114.88.166.193 - - [21/Feb/2021:08:48:56 +0800] "GET /xingrg/all/common/auto_word.html?type=employee&rest_code=00111 HTTP/1.1" 200 205
114.88.166.193 - - [21/Feb/2021:08:48:57 +0800] "GET /xingrg/all/common/auto_word.html?type=employee&rest_code=00111 HTTP/1.1" 200 205
114.88.166.193 - - [21/Feb/2021:08:48:57 +0800] "GET /xingrg/javascript/easyui/themes/default/validatebox.css HTTP/1.1" 404 1104
114.88.166.193 - - [21/Feb/2021:08:48:57 +0800] "GET /xingrg/javascript/easyui/plugins/jquery.validatebox.js HTTP/1.1" 304 -
114.88.166.193 - - [21/Feb/2021:08:48:57 +0800] "GET /xingrg/javascript/easyui/plugins/jquery.numberbox.js HTTP/1.1" 304 -
222.69.136.62 - - [21/Feb/2021:08:48:57 +0800] "GET /xingrg/kc/buy/cgsh_order_operate.html?command=get_materiel&rest_code=00149&code=00101004071&supplier_code=00100083&order_time=2021-02-20 HTTP/1.1" 200 411
117.185.32.26 - - [21/Feb/2021:08:48:58 +0800] "GET /xingrg/all/function/internal_message.html?_=1613868526673&CODE_STATE=getMsg HTTP/1.1" 200 27
120.204.17.72 - - [21/Feb/2021:08:48:59 +0800] "GET /xingrg/all/function/internal_message.html?_=1613868466701&CODE_STATE=getMsg HTTP/1.1" 302 -
114.88.166.193 - - [21/Feb/2021:08:49:00 +0800] "GET /xingrg/javascript/auto/indicator.gif HTTP/1.1" 404 1066
114.88.166.193 - - [21/Feb/2021:08:49:01 +0800] "GET /xingrg/javascript/jquery_tools/images/prev.gif HTTP/1.1" 404 1086
114.88.166.193 - - [21/Feb/2021:08:49:01 +0800] "GET /xingrg/javascript/jquery_tools/images/next.gif HTTP/1.1" 404 1086
120.204.17.72 - - [21/Feb/2021:08:49:03 +0800] "GET /xingrg/login.html HTTP/1.1" 200 7641
114.88.166.193 - - [21/Feb/2021:08:49:07 +0800] "GET /xingrg/all/function/internal_message.html?_=1613868539080&CODE_STATE=getMsg HTTP/1.1" 200 27
222.69.136.62 - - [21/Feb/2021:08:49:07 +0800] "GET /xingrg/kc/buy/cgsh_order_operate.html?command=get_materiel&rest_code=00149&code=00101004065&supplier_code=00100083&order_time=2021-02-20 HTTP/1.1" 200 435
114.88.166.193 - - [21/Feb/2021:08:49:09 +0800] "GET /xingrg/kc/buy/cgsh_order_operate.html?command=get_materiel&rest_code=00111&code=00101006025&supplier_code=00100012&order_time=2021-02-21 HTTP/1.1" 200 417
116.224.253.72 - - [21/Feb/2021:08:49:11 +0800] "GET /xingrg/kc/buy/cgsh_order_operate.html?command=get_materiel&rest_code=00151&code=00101008049&supplier_code=00100007&order_time=2021-02-21 HTTP/1.1" 200 408
120.253.135.82 - - [21/Feb/2021:08:49:12 +0800] "GET /xingrg/all/function/internal_message.html?_=1613868315082&CODE_STATE=getMsg HTTP/1.1" 200 27
116.227.208.86 - - [21/Feb/2021:08:49:14 +0800] "GET /xingrg/all/function/internal_message.html?_=1613868547901&CODE_STATE=getMsg HTTP/1.1" 200 27
