180.169.147.146 - - [21/Feb/2021:10:25:41 +0800] "POST /xingrg/all/common/load_tree.html?tree=area_rest_tree_json&manage=1 HTTP/1.1" 200 3344
180.169.147.146 - - [21/Feb/2021:10:25:41 +0800] "GET /xingrg/all/function/internal_message.html?_=1613874335719&CODE_STATE=count HTTP/1.1" 200 11
180.169.147.146 - - [21/Feb/2021:10:25:41 +0800] "GET /xingrg/check_reg.html?_=1613874335719 HTTP/1.1" 200 22
180.169.147.146 - - [21/Feb/2021:10:25:41 +0800] "GET /xingrg/javascript/jquery_easy_ui/themes/default/images/panel_tool_expand.gif HTTP/1.1" 304 -
180.169.147.146 - - [21/Feb/2021:10:25:41 +0800] "GET /xingrg/javascript/jquery_easy_ui/themes/default/images/panel_tool_collapse.gif HTTP/1.1" 304 -
180.169.147.146 - - [21/Feb/2021:10:25:41 +0800] "GET /xingrg/javascript/jquery_easy_ui/themes/default/images/tabs_rightarrow.png HTTP/1.1" 304 -
180.169.147.146 - - [21/Feb/2021:10:25:41 +0800] "GET /xingrg/images/blue/pingpu.png HTTP/1.1" 304 -
180.169.147.146 - - [21/Feb/2021:10:25:41 +0800] "GET /xingrg/javascript/jquery_easy_ui/themes/default/images/tabs_leftarrow.png HTTP/1.1" 304 -
180.169.147.146 - - [21/Feb/2021:10:25:41 +0800] "GET /xingrg/images/blue/navBackgound.jpg HTTP/1.1" 304 -
180.169.147.146 - - [21/Feb/2021:10:25:41 +0800] "GET /xingrg/javascript/jquery_easy_ui/themes/icons/settle_new.png HTTP/1.1" 304 -
180.169.147.146 - - [21/Feb/2021:10:25:41 +0800] "POST /xingrg/load_menu.html HTTP/1.1" 200 9959
101.85.93.83 - - [21/Feb/2021:10:25:42 +0800] "GET /xingrg/all/function/internal_message.html?_=1613873950295&CODE_STATE=getMsg HTTP/1.1" 200 27
101.85.93.83 - - [21/Feb/2021:10:25:42 +0800] "GET /xingrg/check_reg.html?_=1613873950297 HTTP/1.1" 200 22
116.224.253.72 - - [21/Feb/2021:10:25:42 +0800] "POST /xingrg/kc/buy/cgsh_order_operate.html HTTP/1.1" 200 37
116.224.253.72 - - [21/Feb/2021:10:25:43 +0800] "GET /xingrg/all/function/internal_message.html?_=1613874314612&CODE_STATE=getMsg HTTP/1.1" 200 27
116.224.253.72 - - [21/Feb/2021:10:25:45 +0800] "POST /xingrg/kc/buy/cgsh_order_operate.html HTTP/1.1" 200 12
116.224.253.72 - - [21/Feb/2021:10:25:46 +0800] "GET /xingrg/kc/buy/cgsh_order_info.html?code=212021022107736 HTTP/1.1" 200 56932
116.224.253.72 - - [21/Feb/2021:10:25:46 +0800] "GET /xingrg/javascript/easyui/themes/default/validatebox.css HTTP/1.1" 404 1104
116.224.253.72 - - [21/Feb/2021:10:25:47 +0800] "POST /xingrg/kc/buy/cgsh_order_operate.html HTTP/1.1" 200 1213
116.224.253.72 - - [21/Feb/2021:10:25:48 +0800] "GET /xingrg/kc/print/load_data.html?order_code=212021022107736&kc_code=cgsh&condition= HTTP/1.1" 200 952
180.174.195.252 - - [21/Feb/2021:10:25:49 +0800] "GET /xingrg/kc/buy/cgsh_order_add.html HTTP/1.1" 200 62063
180.169.147.146 - - [21/Feb/2021:10:25:49 +0800] "GET /xingrg/javascript/jquery_easy_ui/themes/default/images/tabs_close.gif HTTP/1.1" 200 829
180.169.147.146 - - [21/Feb/2021:10:25:49 +0800] "GET /xingrg/css/base.css HTTP/1.1" 200 2811
180.169.147.146 - - [21/Feb/2021:10:25:49 +0800] "GET /xingrg/css/site.css HTTP/1.1" 200 7541
180.169.147.146 - - [21/Feb/2021:10:25:49 +0800] "GET /xingrg/javascript/jquery_tools/datebox.css HTTP/1.1" 200 2597
180.169.147.146 - - [21/Feb/2021:10:25:49 +0800] "GET /xingrg/kc/buy/cgsh_order_list.html HTTP/1.1" 200 46627
180.169.147.146 - - [21/Feb/2021:10:25:49 +0800] "GET /xingrg/javascript/easyui/themes/icon.css HTTP/1.1" 200 4483
180.169.147.146 - - [21/Feb/2021:10:25:49 +0800] "GET /xingrg/javascript/auto/jquery.autocomplete.css HTTP/1.1" 200 587
180.169.147.146 - - [21/Feb/2021:10:25:49 +0800] "GET /xingrg/javascript/jquery_tools/fix.css HTTP/1.1" 200 1702
180.169.147.146 - - [21/Feb/2021:10:25:49 +0800] "GET /xingrg/javascript/jquery_tools/table.css HTTP/1.1" 200 1032
180.169.147.146 - - [21/Feb/2021:10:25:49 +0800] "GET /xingrg/javascript/jquery_tools/jquery.tools.min.js HTTP/1.1" 200 138801
180.169.147.146 - - [21/Feb/2021:10:25:49 +0800] "GET /xingrg/javascript/easyui/themes/default/easyui.css HTTP/1.1" 200 30432
180.169.147.146 - - [21/Feb/2021:10:25:49 +0800] "GET /xingrg/javascript/jquery_tools/jquery.tools.hotkey.js HTTP/1.1" 200 3242
180.169.147.146 - - [21/Feb/2021:10:25:49 +0800] "GET /xingrg/javascript/jquery_tools/jquery.tools.table.js HTTP/1.1" 200 6994
180.169.147.146 - - [21/Feb/2021:10:25:49 +0800] "GET /xingrg/javascript/jquery_tools/jquery.tools.extend.js HTTP/1.1" 200 15385
180.169.147.146 - - [21/Feb/2021:10:25:49 +0800] "GET /xingrg/javascript/jquery_tools/list_manager.js HTTP/1.1" 200 3652
180.169.147.146 - - [21/Feb/2021:10:25:49 +0800] "GET /xingrg/javascript/easyui/easyloader.js HTTP/1.1" 200 5975
180.169.147.146 - - [21/Feb/2021:10:25:49 +0800] "GET /xingrg/javascript/jquery.cookie.js HTTP/1.1" 200 5513
180.169.147.146 - - [21/Feb/2021:10:25:49 +0800] "GET /xingrg/javascript/auto/jquery.autocomplete.js HTTP/1.1" 200 21624
180.169.147.146 - - [21/Feb/2021:10:25:49 +0800] "GET /xingrg/javascript/print/LodopFuncs.js HTTP/1.1" 200 5121
117.184.7.26 - - [21/Feb/2021:10:25:49 +0800] "POST /xingrg/kc/buy/cgsh_list_operate.html HTTP/1.1" 200 4188
180.169.147.146 - - [21/Feb/2021:10:25:49 +0800] "GET /xingrg/javascript/easyui/plugins/jquery.parser.js HTTP/1.1" 200 1142
180.169.147.146 - - [21/Feb/2021:10:25:49 +0800] "GET /xingrg/javascript/easyui/themes/icons/uncheck_new.png HTTP/1.1" 200 3197
180.169.147.146 - - [21/Feb/2021:10:25:49 +0800] "GET /xingrg/javascript/easyui/themes/icons/field_new.png HTTP/1.1" 200 1097
180.169.147.146 - - [21/Feb/2021:10:25:49 +0800] "GET /xingrg/javascript/easyui/themes/icons/import_new.png HTTP/1.1" 200 1247
180.169.147.146 - - [21/Feb/2021:10:25:49 +0800] "GET /xingrg/javascript/easyui/themes/icons/check_new.png HTTP/1.1" 200 3224
180.169.147.146 - - [21/Feb/2021:10:25:49 +0800] "GET /xingrg/javascript/easyui/themes/icons/edit_add_new.png HTTP/1.1" 200 2997
180.169.147.146 - - [21/Feb/2021:10:25:49 +0800] "GET /xingrg/javascript/easyui/themes/icons/cance_new.png HTTP/1.1" 200 3986
223.167.127.36 - - [21/Feb/2021:10:25:49 +0800] "GET /xingrg/all/function/internal_message.html?_=1613874345706&CODE_STATE=getMsg HTTP/1.1" 302 -
180.169.147.146 - - [21/Feb/2021:10:25:50 +0800] "POST /xingrg/kc/buy/cgsh_list_operate.html HTTP/1.1" 200 876
180.174.195.252 - - [21/Feb/2021:10:25:51 +0800] "POST /xingrg/kc/buy/cgsh_order_operate.html HTTP/1.1" 200 8245
180.174.195.252 - - [21/Feb/2021:10:25:51 +0800] "GET /xingrg/javascript/easyui/themes/default/validatebox.css HTTP/1.1" 404 1104
116.224.253.72 - - [21/Feb/2021:10:25:52 +0800] "GET /xingrg/kc/buy/cgsh_order_add.html HTTP/1.1" 200 62028
116.224.253.72 - - [21/Feb/2021:10:25:53 +0800] "POST /xingrg/kc/buy/cgsh_order_operate.html HTTP/1.1" 200 8245
116.224.253.72 - - [21/Feb/2021:10:25:53 +0800] "GET /xingrg/javascript/easyui/themes/default/validatebox.css HTTP/1.1" 404 1104
116.224.253.72 - - [21/Feb/2021:10:25:53 +0800] "GET /xingrg/check_reg.html?_=1613874350022 HTTP/1.1" 200 22
116.224.253.72 - - [21/Feb/2021:10:25:53 +0800] "GET /xingrg/all/function/internal_message.html?_=1613874350026&CODE_STATE=getMsg HTTP/1.1" 200 27
180.174.195.252 - - [21/Feb/2021:10:25:54 +0800] "GET /xingrg/javascript/easyui/themes/default/tree.css HTTP/1.1" 404 1090
180.174.195.252 - - [21/Feb/2021:10:25:54 +0800] "POST /xingrg/all/common/load_tree.html?tree=supplier_tree_json&isDelete=1 HTTP/1.1" 200 54827
117.184.7.26 - - [21/Feb/2021:10:25:55 +0800] "POST /xingrg/kc/buy/cgsh_list_operate.html HTTP/1.1" 200 5619
117.185.32.26 - - [21/Feb/2021:10:25:56 +0800] "GET /xingrg/all/function/internal_message.html?_=1613874344419&CODE_STATE=getMsg HTTP/1.1" 200 27
117.184.7.26 - - [21/Feb/2021:10:25:59 +0800] "POST /xingrg/kc/buy/cgsh_list_operate.html HTTP/1.1" 200 575
116.224.253.72 - - [21/Feb/2021:10:26:00 +0800] "GET /xingrg/kc/buy/cgsh_order_operate.html?command=get_materiel&rest_code=00150&code=00101004034&supplier_code=00100085&order_time=2021-02-21 HTTP/1.1" 200 416
117.184.7.26 - - [21/Feb/2021:10:26:00 +0800] "POST /xingrg/kc/buy/cgsh_list_operate.html HTTP/1.1" 200 567
116.232.54.37 - - [21/Feb/2021:10:26:01 +0800] "GET /xingrg/all/function/internal_message.html?_=1613874463457&CODE_STATE=getMsg HTTP/1.1" 200 27
222.69.136.62 - - [21/Feb/2021:10:26:02 +0800] "GET /xingrg/all/function/internal_message.html?_=1613874358055&CODE_STATE=getMsg HTTP/1.1" 200 27
117.184.7.26 - - [21/Feb/2021:10:26:03 +0800] "POST /xingrg/kc/buy/cgsh_list_operate.html HTTP/1.1" 200 202
180.169.147.146 - - [21/Feb/2021:10:26:04 +0800] "GET /xingrg/javascript/jquery_tools/images/next.gif HTTP/1.1" 404 1086
180.169.147.146 - - [21/Feb/2021:10:26:04 +0800] "GET /xingrg/javascript/jquery_tools/images/prev.gif HTTP/1.1" 404 1086
58.37.230.33 - - [21/Feb/2021:10:26:05 +0800] "GET /xingrg/check_reg.html?_=1613874366727 HTTP/1.1" 200 22
116.224.253.72 - - [21/Feb/2021:10:26:10 +0800] "POST /xingrg/kc/buy/cgsh_order_operate.html HTTP/1.1" 200 37
116.228.172.94 - - [21/Feb/2021:10:26:10 +0800] "GET /xingrg/all/function/internal_message.html?_=1613874366003&CODE_STATE=getMsg HTTP/1.1" 200 27
180.174.195.252 - - [21/Feb/2021:10:26:11 +0800] "GET /xingrg/kc/buy/cgsh_order_operate.html?command=get_materiel&rest_code=00102&code=00101001019&supplier_code=00100318&order_time=2021-02-21 HTTP/1.1" 200 416
116.224.253.72 - - [21/Feb/2021:10:26:12 +0800] "POST /xingrg/kc/buy/cgsh_order_operate.html HTTP/1.1" 200 12
116.224.253.72 - - [21/Feb/2021:10:26:13 +0800] "GET /xingrg/kc/buy/cgsh_order_info.html?code=212021022107737 HTTP/1.1" 200 56932
116.224.253.72 - - [21/Feb/2021:10:26:14 +0800] "GET /xingrg/javascript/easyui/themes/default/validatebox.css HTTP/1.1" 404 1104
116.224.253.72 - - [21/Feb/2021:10:26:14 +0800] "POST /xingrg/kc/buy/cgsh_order_operate.html HTTP/1.1" 200 613
116.227.208.86 - - [21/Feb/2021:10:26:14 +0800] "GET /xingrg/all/function/internal_message.html?_=1613874369818&CODE_STATE=getMsg HTTP/1.1" 200 27
116.227.208.86 - - [21/Feb/2021:10:26:14 +0800] "GET /xingrg/check_reg.html?_=1613874369821 HTTP/1.1" 200 22
61.165.42.208 - - [21/Feb/2021:10:26:14 +0800] "GET /xingrg/all/function/internal_message.html?_=1613874371341&CODE_STATE=getMsg HTTP/1.1" 200 27
180.169.147.146 - - [21/Feb/2021:10:26:15 +0800] "POST /xingrg/kc/buy/cgsh_list_operate.html HTTP/1.1" 200 5570
116.228.172.94 - - [21/Feb/2021:10:26:15 +0800] "POST /xingrg/kc/buy/cgsh_order_operate.html HTTP/1.1" 200 2065
180.174.195.252 - - [21/Feb/2021:10:26:15 +0800] "GET /xingrg/check_reg.html?_=1613874622680 HTTP/1.1" 200 22
116.224.253.72 - - [21/Feb/2021:10:26:16 +0800] "GET /xingrg/kc/print/load_data.html?order_code=212021022107737&kc_code=cgsh&condition= HTTP/1.1" 200 762
117.184.7.26 - - [21/Feb/2021:10:26:17 +0800] "GET /xingrg/kc/buy/cgsh_order_info.html?code=212021021505947 HTTP/1.1" 200 56969
180.174.195.252 - - [21/Feb/2021:10:26:18 +0800] "GET /xingrg/all/function/internal_message.html?_=1613874624694&CODE_STATE=getMsg HTTP/1.1" 200 27
117.184.7.26 - - [21/Feb/2021:10:26:18 +0800] "GET /xingrg/javascript/easyui/themes/default/validatebox.css HTTP/1.1" 404 1104
120.253.135.82 - - [21/Feb/2021:10:26:18 +0800] "GET /xingrg/all/function/internal_message.html?_=1613874140758&CODE_STATE=getMsg HTTP/1.1" 200 27
117.184.7.26 - - [21/Feb/2021:10:26:18 +0800] "POST /xingrg/kc/buy/cgsh_order_operate.html HTTP/1.1" 200 4731
114.86.187.76 - - [21/Feb/2021:10:26:20 +0800] "GET /xingrg/all/function/internal_message.html?_=1613874375340&CODE_STATE=getMsg HTTP/1.1" 200 27
116.224.253.72 - - [21/Feb/2021:10:26:20 +0800] "GET /xingrg/check_reg.html?_=1613874374231 HTTP/1.1" 200 22
116.224.253.72 - - [21/Feb/2021:10:26:20 +0800] "GET /xingrg/all/function/internal_message.html?_=1613874374232&CODE_STATE=getMsg HTTP/1.1" 200 27
117.184.7.26 - - [21/Feb/2021:10:26:20 +0800] "GET /xingrg/kc/print/load_config.html?kc_code=cgsh HTTP/1.1" 200 1845
116.224.253.72 - - [21/Feb/2021:10:26:20 +0800] "GET /xingrg/kc/buy/cgsh_order_add.html HTTP/1.1" 200 62028
117.184.7.26 - - [21/Feb/2021:10:26:20 +0800] "GET /xingrg/kc/print/load_data.html?order_code=212021021505947&kc_code=cgsh&condition= HTTP/1.1" 200 2268
116.224.253.72 - - [21/Feb/2021:10:26:21 +0800] "POST /xingrg/kc/buy/cgsh_order_operate.html HTTP/1.1" 200 8245
116.224.253.72 - - [21/Feb/2021:10:26:21 +0800] "GET /xingrg/javascript/easyui/themes/default/validatebox.css HTTP/1.1" 404 1104
114.88.166.193 - - [21/Feb/2021:10:26:21 +0800] "GET /xingrg/all/function/internal_message.html?_=1613874372840&CODE_STATE=getMsg HTTP/1.1" 200 27
180.174.195.252 - - [21/Feb/2021:10:26:22 +0800] "POST /xingrg/kc/buy/cgsh_order_operate.html HTTP/1.1" 200 37
116.228.172.94 - - [21/Feb/2021:10:26:25 +0800] "GET /xingrg/kc/buy/cgsh_order_operate.html?command=get_materiel&rest_code=00107&code=00101008270&supplier_code=00100006&order_time=2021-02-21 HTTP/1.1" 200 431
180.174.195.252 - - [21/Feb/2021:10:26:26 +0800] "POST /xingrg/kc/buy/cgsh_order_operate.html HTTP/1.1" 200 12
180.174.195.252 - - [21/Feb/2021:10:26:27 +0800] "GET /xingrg/kc/buy/cgsh_order_info.html?code=212021022107738 HTTP/1.1" 200 56967
116.224.253.72 - - [21/Feb/2021:10:26:28 +0800] "GET /xingrg/kc/buy/cgsh_order_operate.html?command=get_materiel&rest_code=00150&code=00101002038&supplier_code=00100087&order_time=2021-02-21 HTTP/1.1" 200 414
180.174.195.252 - - [21/Feb/2021:10:26:29 +0800] "GET /xingrg/javascript/easyui/themes/default/validatebox.css HTTP/1.1" 404 1104
180.174.195.252 - - [21/Feb/2021:10:26:29 +0800] "POST /xingrg/kc/buy/cgsh_order_operate.html HTTP/1.1" 200 611
180.174.195.252 - - [21/Feb/2021:10:26:31 +0800] "GET /xingrg/kc/print/load_data.html?order_code=212021022107738&kc_code=cgsh&condition= HTTP/1.1" 200 697
117.184.7.26 - - [21/Feb/2021:10:26:33 +0800] "GET /xingrg/all/function/internal_message.html?_=1613874387219&CODE_STATE=getMsg HTTP/1.1" 200 27
180.169.147.146 - - [21/Feb/2021:10:26:33 +0800] "POST /xingrg/kc/buy/cgsh_list_operate.html HTTP/1.1" 200 5702
101.228.165.73 - - [21/Feb/2021:10:26:35 +0800] "GET /xingrg/all/function/internal_message.html?_=1613874385092&CODE_STATE=getMsg HTTP/1.1" 200 27
180.174.195.252 - - [21/Feb/2021:10:26:37 +0800] "GET /xingrg/kc/buy/cgsh_order_add.html HTTP/1.1" 200 62063
58.37.230.33 - - [21/Feb/2021:10:26:37 +0800] "GET /xingrg/all/function/internal_message.html?_=1613874399294&CODE_STATE=getMsg HTTP/1.1" 200 27
116.224.253.72 - - [21/Feb/2021:10:26:39 +0800] "POST /xingrg/kc/buy/cgsh_order_operate.html HTTP/1.1" 200 37
180.174.195.252 - - [21/Feb/2021:10:26:39 +0800] "POST /xingrg/kc/buy/cgsh_order_operate.html HTTP/1.1" 200 8245
180.174.195.252 - - [21/Feb/2021:10:26:40 +0800] "GET /xingrg/javascript/easyui/themes/default/validatebox.css HTTP/1.1" 404 1104
180.174.195.252 - - [21/Feb/2021:10:26:40 +0800] "GET /xingrg/javascript/easyui/themes/default/tree.css HTTP/1.1" 404 1090
180.174.195.252 - - [21/Feb/2021:10:26:40 +0800] "POST /xingrg/all/common/load_tree.html?tree=supplier_tree_json&isDelete=1 HTTP/1.1" 200 54827
180.169.147.146 - - [21/Feb/2021:10:26:41 +0800] "GET /xingrg/all/function/internal_message.html?_=1613874395725&CODE_STATE=getMsg HTTP/1.1" 200 27
101.85.93.83 - - [21/Feb/2021:10:26:42 +0800] "GET /xingrg/all/function/internal_message.html?_=1613874010299&CODE_STATE=getMsg HTTP/1.1" 200 27
116.224.253.72 - - [21/Feb/2021:10:26:42 +0800] "POST /xingrg/kc/buy/cgsh_order_operate.html HTTP/1.1" 200 12
180.169.147.146 - - [21/Feb/2021:10:26:43 +0800] "POST /xingrg/kc/buy/cgsh_list_operate.html HTTP/1.1" 200 5713
116.224.253.72 - - [21/Feb/2021:10:26:43 +0800] "GET /xingrg/all/function/internal_message.html?_=1613874374617&CODE_STATE=getMsg HTTP/1.1" 200 27
116.224.253.72 - - [21/Feb/2021:10:26:43 +0800] "GET /xingrg/kc/buy/cgsh_order_info.html?code=212021022107739 HTTP/1.1" 200 56930
116.224.253.72 - - [21/Feb/2021:10:26:44 +0800] "GET /xingrg/javascript/easyui/themes/default/validatebox.css HTTP/1.1" 404 1104
61.165.42.208 - - [21/Feb/2021:10:26:44 +0800] "POST /xingrg/login.do HTTP/1.1" 302 -
61.165.42.208 - - [21/Feb/2021:10:26:44 +0800] "GET /xingrg/index.html?sysBaseUrl=http%3A%2F%2F180.169.147.146%3A18081%2Fxingrg%2F&costTime=36×tamp=1613874404345 HTTP/1.1" 200 17173
61.165.42.208 - - [21/Feb/2021:10:26:44 +0800] "GET /favicon.ico HTTP/1.1" 404 -
116.224.253.72 - - [21/Feb/2021:10:26:44 +0800] "POST /xingrg/kc/buy/cgsh_order_operate.html HTTP/1.1" 200 614
61.165.42.208 - - [21/Feb/2021:10:26:44 +0800] "POST /xingrg/all/common/load_tree.html?tree=area_rest_tree_json&manage=1 HTTP/1.1" 200 342
61.165.42.208 - - [21/Feb/2021:10:26:45 +0800] "GET /xingrg/all/function/internal_message.html?_=1613874383579&CODE_STATE=count HTTP/1.1" 200 11
61.165.42.208 - - [21/Feb/2021:10:26:45 +0800] "GET /xingrg/check_reg.html?_=1613874383580 HTTP/1.1" 200 22
61.165.42.208 - - [21/Feb/2021:10:26:45 +0800] "POST /xingrg/load_menu.html HTTP/1.1" 200 5138
61.165.42.208 - - [21/Feb/2021:10:26:45 +0800] "GET /xingrg/javascript/jquery_easy_ui/themes/default/images/tree_arrows.gif HTTP/1.1" 304 -
61.165.42.208 - - [21/Feb/2021:10:26:45 +0800] "GET /xingrg/javascript/jquery_easy_ui/themes/default/images/tree_folder_open.gif HTTP/1.1" 304 -
61.165.42.208 - - [21/Feb/2021:10:26:45 +0800] "GET /xingrg/javascript/jquery_easy_ui/themes/default/images/tree_folder.gif HTTP/1.1" 304 -
61.165.42.208 - - [21/Feb/2021:10:26:45 +0800] "GET /xingrg/javascript/jquery_easy_ui/themes/icons/search_new.png HTTP/1.1" 304 -
61.165.42.208 - - [21/Feb/2021:10:26:45 +0800] "GET /xingrg/javascript/jquery_easy_ui/themes/icons/storage_new.png HTTP/1.1" 304 -
61.165.42.208 - - [21/Feb/2021:10:26:45 +0800] "GET /xingrg/javascript/jquery_easy_ui/themes/icons/forms_new.png HTTP/1.1" 304 -
61.165.42.208 - - [21/Feb/2021:10:26:45 +0800] "GET /xingrg/javascript/jquery_easy_ui/themes/default/images/tree_file.gif HTTP/1.1" 304 -
116.228.172.94 - - [21/Feb/2021:10:26:45 +0800] "GET /xingrg/kc/buy/cgsh_order_operate.html?command=get_materiel&rest_code=00107&code=00101008359&supplier_code=00100006&order_time=2021-02-21 HTTP/1.1" 200 408
116.224.253.72 - - [21/Feb/2021:10:26:46 +0800] "GET /xingrg/kc/print/load_data.html?order_code=212021022107739&kc_code=cgsh&condition= HTTP/1.1" 200 765
61.165.42.208 - - [21/Feb/2021:10:26:47 +0800] "GET /xingrg/kc/mdqp/qp_main.html HTTP/1.1" 200 10633
61.165.42.208 - - [21/Feb/2021:10:26:47 +0800] "GET /xingrg/javascript/jquery_easy_ui/themes/default/images/tabs_close.gif HTTP/1.1" 304 -
180.169.147.146 - - [21/Feb/2021:10:26:47 +0800] "POST /xingrg/kc/buy/cgsh_list_operate.html HTTP/1.1" 200 5656
61.165.42.208 - - [21/Feb/2021:10:26:48 +0800] "GET /xingrg/images/yd/bt.gif HTTP/1.1" 404 1040
61.165.42.208 - - [21/Feb/2021:10:26:48 +0800] "GET /xingrg/kc/mdqp/qqps_order_list.html HTTP/1.1" 200 9222
61.165.42.208 - - [21/Feb/2021:10:26:48 +0800] "GET /xingrg/dwr/interface/AjaxQqpsService.js HTTP/1.1" 200 16326
61.165.42.208 - - [21/Feb/2021:10:26:48 +0800] "GET /xingrg/dwr/interface/AjaxReportQueryService.js HTTP/1.1" 200 13203
61.165.42.208 - - [21/Feb/2021:10:26:48 +0800] "GET /xingrg/dwr/engine.js HTTP/1.1" 200 43631
223.167.127.36 - - [21/Feb/2021:10:26:49 +0800] "GET /xingrg/all/function/internal_message.html?_=1613874405720&CODE_STATE=getMsg HTTP/1.1" 302 -
223.167.127.36 - - [21/Feb/2021:10:26:49 +0800] "GET /xingrg/check_reg.html?_=1613874405721 HTTP/1.1" 302 -
116.224.253.72 - - [21/Feb/2021:10:26:50 +0800] "GET /xingrg/kc/buy/cgsh_order_add.html HTTP/1.1" 200 62028
116.224.253.72 - - [21/Feb/2021:10:26:51 +0800] "POST /xingrg/kc/buy/cgsh_order_operate.html HTTP/1.1" 200 8245
116.224.253.72 - - [21/Feb/2021:10:26:51 +0800] "GET /xingrg/javascript/easyui/themes/default/validatebox.css HTTP/1.1" 404 1104
61.165.42.208 - - [21/Feb/2021:10:26:52 +0800] "GET /xingrg/kc/mdqp/qqps_order_add.html HTTP/1.1" 200 28236
61.165.42.208 - - [21/Feb/2021:10:26:52 +0800] "GET /xingrg/dwr/interface/AjaxComOrderService.js HTTP/1.1" 200 18264
61.165.42.208 - - [21/Feb/2021:10:26:52 +0800] "GET /xingrg/dwr/interface/AjaxQqpsService.js HTTP/1.1" 200 16326
61.165.42.208 - - [21/Feb/2021:10:26:52 +0800] "GET /xingrg/dwr/engine.js HTTP/1.1" 200 43631
61.165.42.208 - - [21/Feb/2021:10:26:53 +0800] "GET /xingrg/words/20210220135317_words.js HTTP/1.1" 304 -
180.169.147.146 - - [21/Feb/2021:10:26:53 +0800] "POST /xingrg/kc/buy/cgsh_list_operate.html HTTP/1.1" 200 371
116.224.253.72 - - [21/Feb/2021:10:26:53 +0800] "GET /xingrg/all/function/internal_message.html?_=1613874410067&CODE_STATE=getMsg HTTP/1.1" 200 27
180.169.147.146 - - [21/Feb/2021:10:26:54 +0800] "GET /xingrg/javascript/easyui/themes/default/images/button_plain_hover.png HTTP/1.1" 200 144
117.185.32.26 - - [21/Feb/2021:10:26:56 +0800] "GET /xingrg/all/function/internal_message.html?_=1613874404417&CODE_STATE=getMsg HTTP/1.1" 200 27
180.174.195.252 - - [21/Feb/2021:10:26:56 +0800] "GET /xingrg/kc/buy/cgsh_order_operate.html?command=get_materiel&rest_code=00102&code=00101001045&supplier_code=00100312&order_time=2021-02-21 HTTP/1.1" 200 423
180.169.147.146 - - [21/Feb/2021:10:26:56 +0800] "POST /xingrg/kc/buy/cgsh_list_operate.html HTTP/1.1" 200 4
116.224.253.72 - - [21/Feb/2021:10:26:59 +0800] "GET /xingrg/kc/buy/cgsh_order_operate.html?command=get_materiel&rest_code=00150&code=00101008016&supplier_code=00100440&order_time=2021-02-21 HTTP/1.1" 200 416
180.169.147.146 - - [21/Feb/2021:10:26:59 +0800] "POST /xingrg/kc/buy/cgsh_list_operate.html HTTP/1.1" 200 5570
116.232.54.37 - - [21/Feb/2021:10:27:01 +0800] "GET /xingrg/check_reg.html?_=1613874523468 HTTP/1.1" 200 22
116.232.54.37 - - [21/Feb/2021:10:27:01 +0800] "GET /xingrg/all/function/internal_message.html?_=1613874523469&CODE_STATE=getMsg HTTP/1.1" 200 27
222.69.136.62 - - [21/Feb/2021:10:27:02 +0800] "GET /xingrg/all/function/internal_message.html?_=1613874418053&CODE_STATE=getMsg HTTP/1.1" 200 27
61.165.42.208 - - [21/Feb/2021:10:27:06 +0800] "POST /xingrg/dwr/call/plaincall/AjaxQqpsService.saveOrder.dwr HTTP/1.1" 200 78
116.228.172.94 - - [21/Feb/2021:10:27:06 +0800] "POST /xingrg/kc/buy/cgsh_order_operate.html HTTP/1.1" 200 37
180.174.195.252 - - [21/Feb/2021:10:27:08 +0800] "POST /xingrg/kc/buy/cgsh_order_operate.html HTTP/1.1" 200 37
114.88.166.193 - - [21/Feb/2021:10:27:08 +0800] "GET /xingrg/check_reg.html?_=1613874419601 HTTP/1.1" 200 22
116.228.172.94 - - [21/Feb/2021:10:27:08 +0800] "POST /xingrg/kc/buy/cgsh_order_operate.html HTTP/1.1" 200 38725
116.224.253.72 - - [21/Feb/2021:10:27:09 +0800] "GET /xingrg/kc/buy/cgsh_order_operate.html?command=get_materiel&rest_code=00150&code=00101008037&supplier_code=00100440&order_time=2021-02-21 HTTP/1.1" 200 413
116.228.172.94 - - [21/Feb/2021:10:27:10 +0800] "GET /xingrg/all/function/internal_message.html?_=1613874425994&CODE_STATE=getMsg HTTP/1.1" 200 27
180.174.195.252 - - [21/Feb/2021:10:27:12 +0800] "POST /xingrg/kc/buy/cgsh_order_operate.html HTTP/1.1" 200 12
180.174.195.252 - - [21/Feb/2021:10:27:12 +0800] "GET /xingrg/kc/buy/cgsh_order_info.html?code=212021022107741 HTTP/1.1" 200 56967
180.174.195.252 - - [21/Feb/2021:10:27:14 +0800] "GET /xingrg/javascript/easyui/themes/default/validatebox.css HTTP/1.1" 404 1104
116.227.208.86 - - [21/Feb/2021:10:27:14 +0800] "GET /xingrg/all/function/internal_message.html?_=1613874429808&CODE_STATE=getMsg HTTP/1.1" 200 27
61.165.42.208 - - [21/Feb/2021:10:27:14 +0800] "GET /xingrg/javascript/auto/indicator.gif HTTP/1.1" 404 1066
61.165.42.208 - - [21/Feb/2021:10:27:14 +0800] "GET /xingrg/check_reg.html?_=1613874431343 HTTP/1.1" 200 22
61.165.42.208 - - [21/Feb/2021:10:27:14 +0800] "GET /xingrg/all/function/internal_message.html?_=1613874431346&CODE_STATE=getMsg HTTP/1.1" 200 27
180.174.195.252 - - [21/Feb/2021:10:27:14 +0800] "POST /xingrg/kc/buy/cgsh_order_operate.html HTTP/1.1" 200 618
180.174.195.252 - - [21/Feb/2021:10:27:16 +0800] "GET /xingrg/kc/print/load_data.html?order_code=212021022107741&kc_code=cgsh&condition= HTTP/1.1" 200 704
116.224.253.72 - - [21/Feb/2021:10:27:17 +0800] "GET /xingrg/kc/buy/cgsh_order_operate.html?command=get_materiel&rest_code=00150&code=00101008146&supplier_code=00100440&order_time=2021-02-21 HTTP/1.1" 200 416
120.253.135.82 - - [21/Feb/2021:10:27:18 +0800] "GET /xingrg/all/function/internal_message.html?_=1613874200880&CODE_STATE=getMsg HTTP/1.1" 200 27
180.174.195.252 - - [21/Feb/2021:10:27:19 +0800] "GET /xingrg/all/function/internal_message.html?_=1613874685814&CODE_STATE=getMsg HTTP/1.1" 200 27
114.86.187.76 - - [21/Feb/2021:10:27:20 +0800] "GET /xingrg/all/function/internal_message.html?_=1613874435321&CODE_STATE=getMsg HTTP/1.1" 200 27
116.224.253.72 - - [21/Feb/2021:10:27:20 +0800] "GET /xingrg/all/function/internal_message.html?_=1613874434233&CODE_STATE=getMsg HTTP/1.1" 200 27
114.88.166.193 - - [21/Feb/2021:10:27:21 +0800] "GET /xingrg/all/function/internal_message.html?_=1613874432854&CODE_STATE=getMsg HTTP/1.1" 200 27
180.174.195.252 - - [21/Feb/2021:10:27:23 +0800] "GET /xingrg/kc/buy/cgsh_order_add.html HTTP/1.1" 200 62063
180.174.195.252 - - [21/Feb/2021:10:27:25 +0800] "POST /xingrg/kc/buy/cgsh_order_operate.html HTTP/1.1" 200 8245
180.174.195.252 - - [21/Feb/2021:10:27:25 +0800] "GET /xingrg/javascript/easyui/themes/default/validatebox.css HTTP/1.1" 404 1104
180.174.195.252 - - [21/Feb/2021:10:27:26 +0800] "GET /xingrg/javascript/easyui/themes/default/tree.css HTTP/1.1" 404 1090
180.174.195.252 - - [21/Feb/2021:10:27:26 +0800] "POST /xingrg/all/common/load_tree.html?tree=supplier_tree_json&isDelete=1 HTTP/1.1" 200 54827
61.165.42.208 - - [21/Feb/2021:10:27:28 +0800] "POST /xingrg/dwr/call/plaincall/AjaxQqpsService.getMaterielByCode.dwr HTTP/1.1" 200 2764
172.20.0.100 - - [21/Feb/2021:10:27:30 +0800] "GET /xingrg/check_reg.html?_=1613874445058 HTTP/1.1" 302 -
117.184.7.26 - - [21/Feb/2021:10:27:33 +0800] "GET /xingrg/all/function/internal_message.html?_=1613874447204&CODE_STATE=getMsg HTTP/1.1" 200 27
101.228.165.73 - - [21/Feb/2021:10:27:35 +0800] "GET /xingrg/all/function/internal_message.html?_=1613874445317&CODE_STATE=getMsg HTTP/1.1" 200 27
116.224.253.72 - - [21/Feb/2021:10:27:36 +0800] "POST /xingrg/kc/buy/cgsh_order_operate.html HTTP/1.1" 200 37
58.37.230.33 - - [21/Feb/2021:10:27:37 +0800] "GET /xingrg/all/function/internal_message.html?_=1613874459298&CODE_STATE=getMsg HTTP/1.1" 200 27
116.224.253.72 - - [21/Feb/2021:10:27:38 +0800] "POST /xingrg/kc/buy/cgsh_order_operate.html HTTP/1.1" 200 12
116.224.253.72 - - [21/Feb/2021:10:27:39 +0800] "GET /xingrg/kc/buy/cgsh_order_info.html?code=212021022107742 HTTP/1.1" 200 56934
116.224.253.72 - - [21/Feb/2021:10:27:39 +0800] "GET /xingrg/javascript/easyui/themes/default/validatebox.css HTTP/1.1" 404 1104
116.224.253.72 - - [21/Feb/2021:10:27:40 +0800] "POST /xingrg/kc/buy/cgsh_order_operate.html HTTP/1.1" 200 1798
61.165.42.208 - - [21/Feb/2021:10:27:41 +0800] "POST /xingrg/dwr/call/plaincall/AjaxQqpsService.saveMaterielItem.dwr HTTP/1.1" 200 78
180.169.147.146 - - [21/Feb/2021:10:27:41 +0800] "GET /xingrg/all/function/internal_message.html?_=1613874455744&CODE_STATE=getMsg HTTP/1.1" 200 27
116.224.253.72 - - [21/Feb/2021:10:27:41 +0800] "GET /xingrg/kc/print/load_data.html?order_code=212021022107742&kc_code=cgsh&condition= HTTP/1.1" 200 1174
101.85.93.83 - - [21/Feb/2021:10:27:42 +0800] "GET /xingrg/all/function/internal_message.html?_=1613874070298&CODE_STATE=getMsg HTTP/1.1" 200 27
116.224.253.72 - - [21/Feb/2021:10:27:43 +0800] "GET /xingrg/all/function/internal_message.html?_=1613874434640&CODE_STATE=getMsg HTTP/1.1" 200 27
61.165.42.208 - - [21/Feb/2021:10:27:45 +0800] "GET /xingrg/all/function/internal_message.html?_=1613874443604&CODE_STATE=getMsg HTTP/1.1" 200 27
61.165.42.208 - - [21/Feb/2021:10:27:45 +0800] "POST /xingrg/dwr/call/plaincall/AjaxQqpsService.saveOrder.dwr HTTP/1.1" 200 78
116.224.253.72 - - [21/Feb/2021:10:27:46 +0800] "GET /xingrg/kc/buy/cgsh_order_add.html HTTP/1.1" 200 62028
116.224.253.72 - - [21/Feb/2021:10:27:46 +0800] "GET /xingrg/javascript/easyui/themes/default/validatebox.css HTTP/1.1" 404 1104
116.224.253.72 - - [21/Feb/2021:10:27:46 +0800] "POST /xingrg/kc/buy/cgsh_order_operate.html HTTP/1.1" 200 8245
223.167.127.36 - - [21/Feb/2021:10:27:49 +0800] "GET /xingrg/all/function/internal_message.html?_=1613874465705&CODE_STATE=getMsg HTTP/1.1" 302 -
180.174.195.252 - - [21/Feb/2021:10:27:50 +0800] "GET /xingrg/kc/buy/cgsh_order_operate.html?command=get_materiel&rest_code=00102&code=00101008291&supplier_code=00100338&order_time=2021-02-21 HTTP/1.1" 200 408
61.165.42.208 - - [21/Feb/2021:10:27:50 +0800] "POST /xingrg/dwr/call/plaincall/AjaxQqpsService.checkOrder.dwr HTTP/1.1" 200 78
61.165.42.208 - - [21/Feb/2021:10:27:51 +0800] "GET /xingrg/kc/mdqp/qqps_order_info.html?code=302021022100306 HTTP/1.1" 200 26639
61.165.42.208 - - [21/Feb/2021:10:27:51 +0800] "GET /xingrg/dwr/interface/AjaxQqpsService.js HTTP/1.1" 200 16326
61.165.42.208 - - [21/Feb/2021:10:27:51 +0800] "GET /xingrg/dwr/interface/AjaxComOrderService.js HTTP/1.1" 200 18264
61.165.42.208 - - [21/Feb/2021:10:27:51 +0800] "GET /xingrg/dwr/engine.js HTTP/1.1" 200 43631
61.165.42.208 - - [21/Feb/2021:10:27:51 +0800] "POST /xingrg/dwr/call/plaincall/AjaxQqpsService.loadMaterielItems.dwr HTTP/1.1" 200 405
116.224.253.72 - - [21/Feb/2021:10:27:53 +0800] "GET /xingrg/all/function/internal_message.html?_=1613874470052&CODE_STATE=getMsg HTTP/1.1" 200 27
116.224.253.72 - - [21/Feb/2021:10:27:53 +0800] "GET /xingrg/kc/buy/cgsh_order_operate.html?command=get_materiel&rest_code=00150&code=00101010309&supplier_code=00100091&order_time=2021-02-21 HTTP/1.1" 200 442
116.228.172.94 - - [21/Feb/2021:10:27:55 +0800] "POST /xingrg/kc/buy/cgsh_order_operate.html HTTP/1.1" 200 37
117.185.32.26 - - [21/Feb/2021:10:27:56 +0800] "GET /xingrg/all/function/internal_message.html?_=1613874464395&CODE_STATE=getMsg HTTP/1.1" 200 27
116.224.253.72 - - [21/Feb/2021:10:27:59 +0800] "POST /xingrg/kc/buy/cgsh_order_operate.html HTTP/1.1" 200 37
101.228.165.73 - - [21/Feb/2021:10:28:00 +0800] "GET /xingrg/kc/buy/cgsh_order_list.html HTTP/1.1" 200 46372
116.232.54.37 - - [21/Feb/2021:10:28:01 +0800] "GET /xingrg/all/function/internal_message.html?_=1613874583468&CODE_STATE=getMsg HTTP/1.1" 200 27
116.224.253.72 - - [21/Feb/2021:10:28:02 +0800] "POST /xingrg/kc/buy/cgsh_order_operate.html HTTP/1.1" 200 12
116.224.253.72 - - [21/Feb/2021:10:28:02 +0800] "GET /favicon.ico HTTP/1.1" 404 -
222.69.136.62 - - [21/Feb/2021:10:28:02 +0800] "GET /xingrg/all/function/internal_message.html?_=1613874478061&CODE_STATE=getMsg HTTP/1.1" 200 27
116.224.253.72 - - [21/Feb/2021:10:28:02 +0800] "GET /xingrg/kc/buy/cgsh_order_info.html?code=212021022107743 HTTP/1.1" 200 56934
116.224.253.72 - - [21/Feb/2021:10:28:03 +0800] "GET /xingrg/javascript/easyui/themes/default/validatebox.css HTTP/1.1" 404 1104
116.224.253.72 - - [21/Feb/2021:10:28:03 +0800] "POST /xingrg/kc/buy/cgsh_order_operate.html HTTP/1.1" 200 617
116.224.253.72 - - [21/Feb/2021:10:28:05 +0800] "GET /xingrg/kc/print/load_data.html?order_code=212021022107743&kc_code=cgsh&condition= HTTP/1.1" 200 784
101.228.165.73 - - [21/Feb/2021:10:28:05 +0800] "POST /xingrg/kc/buy/cgsh_list_operate.html HTTP/1.1" 200 2778
101.228.165.73 - - [21/Feb/2021:10:28:07 +0800] "POST /xingrg/kc/buy/cgsh_list_operate.html HTTP/1.1" 200 2778
180.174.195.252 - - [21/Feb/2021:10:28:09 +0800] "POST /xingrg/kc/buy/cgsh_order_operate.html HTTP/1.1" 200 37
116.224.253.72 - - [21/Feb/2021:10:28:10 +0800] "GET /xingrg/kc/buy/cgsh_order_add.html HTTP/1.1" 200 62028
116.224.253.72 - - [21/Feb/2021:10:28:11 +0800] "POST /xingrg/kc/buy/cgsh_order_operate.html HTTP/1.1" 200 8245
116.224.253.72 - - [21/Feb/2021:10:28:11 +0800] "GET /xingrg/javascript/easyui/themes/default/validatebox.css HTTP/1.1" 404 1104
180.174.195.252 - - [21/Feb/2021:10:28:12 +0800] "POST /xingrg/kc/buy/cgsh_order_operate.html HTTP/1.1" 200 12
180.174.195.252 - - [21/Feb/2021:10:28:13 +0800] "GET /xingrg/kc/buy/cgsh_order_info.html?code=212021022107744 HTTP/1.1" 200 56967
116.227.208.86 - - [21/Feb/2021:10:28:14 +0800] "GET /xingrg/all/function/internal_message.html?_=1613874489810&CODE_STATE=getMsg HTTP/1.1" 200 27
61.165.42.208 - - [21/Feb/2021:10:28:14 +0800] "GET /xingrg/all/function/internal_message.html?_=1613874491332&CODE_STATE=getMsg HTTP/1.1" 200 27
180.174.195.252 - - [21/Feb/2021:10:28:15 +0800] "GET /xingrg/javascript/easyui/themes/default/validatebox.css HTTP/1.1" 404 1104
180.174.195.252 - - [21/Feb/2021:10:28:15 +0800] "POST /xingrg/kc/buy/cgsh_order_operate.html HTTP/1.1" 200 605
180.174.195.252 - - [21/Feb/2021:10:28:17 +0800] "GET /xingrg/kc/print/load_data.html?order_code=212021022107744&kc_code=cgsh&condition= HTTP/1.1" 200 692
120.253.135.82 - - [21/Feb/2021:10:28:18 +0800] "GET /xingrg/all/function/internal_message.html?_=1613874260895&CODE_STATE=getMsg HTTP/1.1" 200 27
117.185.32.26 - - [21/Feb/2021:10:28:19 +0800] "GET /xingrg/check_reg.html?_=1613874487752 HTTP/1.1" 200 22
114.86.187.76 - - [21/Feb/2021:10:28:20 +0800] "GET /xingrg/all/function/internal_message.html?_=1613874495316&CODE_STATE=getMsg HTTP/1.1" 200 27
114.86.187.76 - - [21/Feb/2021:10:28:20 +0800] "POST /xingrg/services/DataTransmitService HTTP/1.1" 200 524
116.224.253.72 - - [21/Feb/2021:10:28:20 +0800] "GET /xingrg/all/function/internal_message.html?_=1613874494218&CODE_STATE=getMsg HTTP/1.1" 200 27
180.174.195.252 - - [21/Feb/2021:10:28:20 +0800] "GET /xingrg/all/function/internal_message.html?_=1613874747325&CODE_STATE=getMsg HTTP/1.1" 200 27
114.86.187.76 - - [21/Feb/2021:10:28:20 +0800] "POST /xingrg/services/DataTransmitService HTTP/1.1" 200 2087
114.86.187.76 - - [21/Feb/2021:10:28:21 +0800] "POST /xingrg/services/DataTransmitService HTTP/1.1" 200 151667
114.88.166.193 - - [21/Feb/2021:10:28:21 +0800] "GET /xingrg/all/function/internal_message.html?_=1613874492862&CODE_STATE=getMsg HTTP/1.1" 200 27
101.228.165.73 - - [21/Feb/2021:10:28:22 +0800] "GET /xingrg/kc/buy/cgsh_order_add.html HTTP/1.1" 200 62110
101.228.165.73 - - [21/Feb/2021:10:28:22 +0800] "POST /xingrg/kc/buy/cgsh_order_operate.html HTTP/1.1" 200 8245
101.228.165.73 - - [21/Feb/2021:10:28:22 +0800] "GET /xingrg/javascript/easyui/themes/default/validatebox.css HTTP/1.1" 404 1104
180.174.195.252 - - [21/Feb/2021:10:28:24 +0800] "GET /xingrg/kc/buy/cgsh_order_add.html HTTP/1.1" 200 62063
180.174.195.252 - - [21/Feb/2021:10:28:26 +0800] "POST /xingrg/kc/buy/cgsh_order_operate.html HTTP/1.1" 200 8245
180.174.195.252 - - [21/Feb/2021:10:28:27 +0800] "GET /xingrg/javascript/easyui/themes/default/validatebox.css HTTP/1.1" 404 1104
180.174.195.252 - - [21/Feb/2021:10:28:27 +0800] "GET /xingrg/javascript/easyui/themes/default/tree.css HTTP/1.1" 404 1090
180.174.195.252 - - [21/Feb/2021:10:28:27 +0800] "POST /xingrg/all/common/load_tree.html?tree=supplier_tree_json&isDelete=1 HTTP/1.1" 200 54827
116.224.253.72 - - [21/Feb/2021:10:28:29 +0800] "GET /xingrg/kc/buy/cgsh_order_operate.html?command=get_materiel&rest_code=00150&code=00101001115&supplier_code=00100089&order_time=2021-02-21 HTTP/1.1" 200 415
116.224.253.72 - - [21/Feb/2021:10:28:29 +0800] "GET /xingrg/check_reg.html?_=1613874480260 HTTP/1.1" 200 22
116.228.172.94 - - [21/Feb/2021:10:28:29 +0800] "POST /xingrg/kc/buy/cgsh_order_operate.html HTTP/1.1" 200 38725
117.184.7.26 - - [21/Feb/2021:10:28:33 +0800] "GET /xingrg/all/function/internal_message.html?_=1613874507207&CODE_STATE=getMsg HTTP/1.1" 200 27
101.228.165.73 - - [21/Feb/2021:10:28:35 +0800] "GET /xingrg/all/function/internal_message.html?_=1613874505325&CODE_STATE=getMsg HTTP/1.1" 200 27
58.37.230.33 - - [21/Feb/2021:10:28:37 +0800] "GET /xingrg/all/function/internal_message.html?_=1613874519269&CODE_STATE=getMsg HTTP/1.1" 200 27
116.224.253.72 - - [21/Feb/2021:10:28:40 +0800] "POST /xingrg/kc/buy/cgsh_order_operate.html HTTP/1.1" 200 37
180.169.147.146 - - [21/Feb/2021:10:28:41 +0800] "GET /xingrg/all/function/internal_message.html?_=1613874515736&CODE_STATE=getMsg HTTP/1.1" 200 27
101.85.93.83 - - [21/Feb/2021:10:28:42 +0800] "GET /xingrg/all/function/internal_message.html?_=1613874130296&CODE_STATE=getMsg HTTP/1.1" 200 27
116.224.253.72 - - [21/Feb/2021:10:28:42 +0800] "POST /xingrg/kc/buy/cgsh_order_operate.html HTTP/1.1" 200 12
116.224.253.72 - - [21/Feb/2021:10:28:43 +0800] "GET /xingrg/all/function/internal_message.html?_=1613874494643&CODE_STATE=getMsg HTTP/1.1" 200 27
116.224.253.72 - - [21/Feb/2021:10:28:43 +0800] "GET /xingrg/kc/buy/cgsh_order_info.html?code=212021022107745 HTTP/1.1" 200 56932
116.224.253.72 - - [21/Feb/2021:10:28:44 +0800] "GET /xingrg/javascript/easyui/themes/default/validatebox.css HTTP/1.1" 404 1104
116.224.253.72 - - [21/Feb/2021:10:28:44 +0800] "POST /xingrg/kc/buy/cgsh_order_operate.html HTTP/1.1" 200 609
61.165.42.208 - - [21/Feb/2021:10:28:45 +0800] "GET /xingrg/all/function/internal_message.html?_=1613874503586&CODE_STATE=getMsg HTTP/1.1" 200 27
116.224.253.72 - - [21/Feb/2021:10:28:45 +0800] "GET /xingrg/kc/print/load_data.html?order_code=212021022107745&kc_code=cgsh&condition= HTTP/1.1" 200 780
114.86.187.76 - - [21/Feb/2021:10:28:46 +0800] "GET /xingrg/kc/buy/cgsh_order_operate.html?command=get_materiel&rest_code=00148&code=00101007085&supplier_code=00100328&order_time=2021-02-21 HTTP/1.1" 200 413
180.174.195.252 - - [21/Feb/2021:10:28:48 +0800] "GET /xingrg/kc/buy/cgsh_order_operate.html?command=get_materiel&rest_code=00102&code=00101001127&supplier_code=00100442&order_time=2021-02-21 HTTP/1.1" 200 431
223.167.127.36 - - [21/Feb/2021:10:28:49 +0800] "GET /xingrg/all/function/internal_message.html?_=1613874525720&CODE_STATE=getMsg HTTP/1.1" 302 -
116.224.253.72 - - [21/Feb/2021:10:28:50 +0800] "GET /xingrg/kc/buy/cgsh_order_add.html HTTP/1.1" 200 62028
116.224.253.72 - - [21/Feb/2021:10:28:50 +0800] "GET /xingrg/javascript/easyui/themes/default/validatebox.css HTTP/1.1" 404 1104
116.224.253.72 - - [21/Feb/2021:10:28:50 +0800] "POST /xingrg/kc/buy/cgsh_order_operate.html HTTP/1.1" 200 8245
116.224.253.72 - - [21/Feb/2021:10:28:53 +0800] "GET /xingrg/all/function/internal_message.html?_=1613874530036&CODE_STATE=getMsg HTTP/1.1" 200 27
114.86.187.76 - - [21/Feb/2021:10:28:54 +0800] "GET /xingrg/kc/buy/cgsh_order_operate.html?command=get_materiel&rest_code=00148&code=00101007077&supplier_code=00100328&order_time=2021-02-21 HTTP/1.1" 200 415
101.228.165.73 - - [21/Feb/2021:10:28:55 +0800] "GET /xingrg/kc/buy/cgsh_order_operate.html?command=get_materiel&rest_code=00146&code=00101010161&supplier_code=00100041&order_time=2021-02-21 HTTP/1.1" 200 430
117.185.32.26 - - [21/Feb/2021:10:28:56 +0800] "GET /xingrg/all/function/internal_message.html?_=1613874524371&CODE_STATE=getMsg HTTP/1.1" 200 27
116.224.253.72 - - [21/Feb/2021:10:28:58 +0800] "GET /xingrg/kc/buy/cgsh_order_operate.html?command=get_materiel&rest_code=00150&code=00101006001&supplier_code=00100404&order_time=2021-02-21 HTTP/1.1" 200 426
116.232.54.37 - - [21/Feb/2021:10:29:01 +0800] "GET /xingrg/all/function/internal_message.html?_=1613874643457&CODE_STATE=getMsg HTTP/1.1" 200 27
180.174.195.252 - - [21/Feb/2021:10:29:01 +0800] "POST /xingrg/kc/buy/cgsh_order_operate.html HTTP/1.1" 200 37
222.69.136.62 - - [21/Feb/2021:10:29:02 +0800] "GET /xingrg/all/function/internal_message.html?_=1613874538059&CODE_STATE=getMsg HTTP/1.1" 200 27
114.86.187.76 - - [21/Feb/2021:10:29:04 +0800] "POST /xingrg/kc/buy/cgsh_order_operate.html HTTP/1.1" 200 37
180.174.195.252 - - [21/Feb/2021:10:29:07 +0800] "POST /xingrg/kc/buy/cgsh_order_operate.html HTTP/1.1" 200 12
183.192.164.71 - - [21/Feb/2021:10:29:07 +0800] "GET /xingrg/all/function/internal_message.html?_=1613874464395&CODE_STATE=getMsg HTTP/1.1" 302 -
180.174.195.252 - - [21/Feb/2021:10:29:08 +0800] "GET /xingrg/kc/buy/cgsh_order_info.html?code=212021022107746 HTTP/1.1" 200 56965
180.174.195.252 - - [21/Feb/2021:10:29:10 +0800] "GET /xingrg/javascript/easyui/themes/default/validatebox.css HTTP/1.1" 404 1104
116.228.172.94 - - [21/Feb/2021:10:29:10 +0800] "GET /xingrg/all/function/internal_message.html?_=1613874545990&CODE_STATE=getMsg HTTP/1.1" 200 27
180.174.195.252 - - [21/Feb/2021:10:29:10 +0800] "POST /xingrg/kc/buy/cgsh_order_operate.html HTTP/1.1" 200 624
180.174.195.252 - - [21/Feb/2021:10:29:12 +0800] "GET /xingrg/kc/print/load_data.html?order_code=212021022107746&kc_code=cgsh&condition= HTTP/1.1" 200 710
183.192.164.71 - - [21/Feb/2021:10:29:13 +0800] "GET /xingrg/login.html HTTP/1.1" 200 7641
116.227.208.86 - - [21/Feb/2021:10:29:14 +0800] "GET /xingrg/all/function/internal_message.html?_=1613874549810&CODE_STATE=getMsg HTTP/1.1" 200 27
61.165.42.208 - - [21/Feb/2021:10:29:14 +0800] "GET /xingrg/all/function/internal_message.html?_=1613874551332&CODE_STATE=getMsg HTTP/1.1" 200 27
120.253.135.82 - - [21/Feb/2021:10:29:18 +0800] "GET /xingrg/all/function/internal_message.html?_=1613874321021&CODE_STATE=getMsg HTTP/1.1" 200 27
114.86.187.76 - - [21/Feb/2021:10:29:19 +0800] "POST /xingrg/kc/buy/cgsh_order_operate.html HTTP/1.1" 200 12
116.224.253.72 - - [21/Feb/2021:10:29:20 +0800] "GET /xingrg/all/function/internal_message.html?_=1613874554219&CODE_STATE=getMsg HTTP/1.1" 200 27
114.86.187.76 - - [21/Feb/2021:10:29:20 +0800] "GET /xingrg/all/function/internal_message.html?_=1613874555435&CODE_STATE=getMsg HTTP/1.1" 200 27
114.86.187.76 - - [21/Feb/2021:10:29:20 +0800] "GET /xingrg/kc/buy/cgsh_order_info.html?code=212021022107747 HTTP/1.1" 200 57016
180.174.195.252 - - [21/Feb/2021:10:29:20 +0800] "GET /xingrg/all/function/internal_message.html?_=1613874807339&CODE_STATE=getMsg HTTP/1.1" 200 27
114.86.187.76 - - [21/Feb/2021:10:29:20 +0800] "GET /xingrg/javascript/easyui/themes/default/validatebox.css HTTP/1.1" 404 1104
114.86.187.76 - - [21/Feb/2021:10:29:21 +0800] "POST /xingrg/kc/buy/cgsh_order_operate.html HTTP/1.1" 200 1203
114.88.166.193 - - [21/Feb/2021:10:29:21 +0800] "GET /xingrg/all/function/internal_message.html?_=1613874553336&CODE_STATE=getMsg HTTP/1.1" 200 27
114.86.187.76 - - [21/Feb/2021:10:29:22 +0800] "GET /xingrg/kc/print/load_data.html?order_code=212021022107747&kc_code=cgsh&condition= HTTP/1.1" 200 950
116.224.253.72 - - [21/Feb/2021:10:29:24 +0800] "POST /xingrg/kc/buy/cgsh_order_operate.html HTTP/1.1" 200 37
180.174.195.252 - - [21/Feb/2021:10:29:24 +0800] "GET /xingrg/kc/buy/cgsh_order_add.html HTTP/1.1" 200 62063
116.224.253.72 - - [21/Feb/2021:10:29:25 +0800] "POST /xingrg/kc/buy/cgsh_order_operate.html HTTP/1.1" 200 2672
180.174.195.252 - - [21/Feb/2021:10:29:26 +0800] "POST /xingrg/kc/buy/cgsh_order_operate.html HTTP/1.1" 200 8245
114.86.187.76 - - [21/Feb/2021:10:29:27 +0800] "GET /xingrg/kc/buy/cgsh_order_add.html HTTP/1.1" 200 62110
180.174.195.252 - - [21/Feb/2021:10:29:27 +0800] "GET /xingrg/javascript/easyui/themes/default/validatebox.css HTTP/1.1" 404 1104
114.86.187.76 - - [21/Feb/2021:10:29:27 +0800] "POST /xingrg/kc/buy/cgsh_order_operate.html HTTP/1.1" 200 8245
180.174.195.252 - - [21/Feb/2021:10:29:27 +0800] "GET /xingrg/javascript/easyui/themes/default/tree.css HTTP/1.1" 404 1090
114.86.187.76 - - [21/Feb/2021:10:29:27 +0800] "GET /xingrg/javascript/easyui/themes/default/validatebox.css HTTP/1.1" 404 1104
180.174.195.252 - - [21/Feb/2021:10:29:27 +0800] "POST /xingrg/all/common/load_tree.html?tree=supplier_tree_json&isDelete=1 HTTP/1.1" 200 54827
117.184.7.26 - - [21/Feb/2021:10:29:33 +0800] "GET /xingrg/all/function/internal_message.html?_=1613874567206&CODE_STATE=getMsg HTTP/1.1" 200 27
101.228.165.73 - - [21/Feb/2021:10:29:33 +0800] "GET /xingrg/check_reg.html?_=1613874563705 HTTP/1.1" 200 22
101.228.165.73 - - [21/Feb/2021:10:29:35 +0800] "GET /xingrg/all/function/internal_message.html?_=1613874565345&CODE_STATE=getMsg HTTP/1.1" 200 27
114.86.187.76 - - [21/Feb/2021:10:29:35 +0800] "GET /xingrg/kc/buy/cgsh_order_operate.html?command=get_materiel&rest_code=00148&code=00101002038&supplier_code=00100087&order_time=2021-02-21 HTTP/1.1" 200 414
58.37.230.33 - - [21/Feb/2021:10:29:37 +0800] "GET /xingrg/all/function/internal_message.html?_=1613874579243&CODE_STATE=getMsg HTTP/1.1" 200 27
180.169.147.146 - - [21/Feb/2021:10:29:41 +0800] "GET /xingrg/all/function/internal_message.html?_=1613874575745&CODE_STATE=getMsg HTTP/1.1" 200 27
101.85.93.83 - - [21/Feb/2021:10:29:42 +0800] "GET /xingrg/all/function/internal_message.html?_=1613874190294&CODE_STATE=getMsg HTTP/1.1" 200 27
116.224.253.72 - - [21/Feb/2021:10:29:43 +0800] "GET /xingrg/all/function/internal_message.html?_=1613874554658&CODE_STATE=getMsg HTTP/1.1" 200 27
114.86.187.76 - - [21/Feb/2021:10:29:44 +0800] "POST /xingrg/kc/buy/cgsh_order_operate.html HTTP/1.1" 200 37
180.174.195.252 - - [21/Feb/2021:10:29:44 +0800] "GET /xingrg/kc/buy/cgsh_order_operate.html?command=get_materiel&rest_code=00102&code=00101003041&supplier_code=00100088&order_time=2021-02-21 HTTP/1.1" 200 414
61.165.42.208 - - [21/Feb/2021:10:29:45 +0800] "GET /xingrg/all/function/internal_message.html?_=1613874563586&CODE_STATE=getMsg HTTP/1.1" 200 27
223.167.127.36 - - [21/Feb/2021:10:29:49 +0800] "GET /xingrg/all/function/internal_message.html?_=1613874585705&CODE_STATE=getMsg HTTP/1.1" 302 -
116.224.253.72 - - [21/Feb/2021:10:29:53 +0800] "GET /xingrg/all/function/internal_message.html?_=1613874590035&CODE_STATE=getMsg HTTP/1.1" 200 27
114.86.187.76 - - [21/Feb/2021:10:29:54 +0800] "POST /xingrg/kc/buy/cgsh_order_operate.html HTTP/1.1" 200 12
117.185.32.26 - - [21/Feb/2021:10:29:56 +0800] "GET /xingrg/all/function/internal_message.html?_=1613874584352&CODE_STATE=getMsg HTTP/1.1" 200 27
114.86.187.76 - - [21/Feb/2021:10:29:56 +0800] "GET /xingrg/kc/buy/cgsh_order_info.html?code=212021022107749 HTTP/1.1" 200 57012
114.86.187.76 - - [21/Feb/2021:10:29:57 +0800] "GET /xingrg/javascript/easyui/themes/default/validatebox.css HTTP/1.1" 404 1104
114.86.187.76 - - [21/Feb/2021:10:29:57 +0800] "POST /xingrg/kc/buy/cgsh_order_operate.html HTTP/1.1" 200 612
114.86.187.76 - - [21/Feb/2021:10:29:58 +0800] "GET /xingrg/kc/print/load_data.html?order_code=212021022107749&kc_code=cgsh&condition= HTTP/1.1" 200 768
116.232.54.37 - - [21/Feb/2021:10:30:01 +0800] "GET /xingrg/all/function/internal_message.html?_=1613874703468&CODE_STATE=getMsg HTTP/1.1" 200 27
180.174.195.252 - - [21/Feb/2021:10:30:02 +0800] "POST /xingrg/kc/buy/cgsh_order_operate.html HTTP/1.1" 200 37
114.86.187.76 - - [21/Feb/2021:10:30:02 +0800] "GET /xingrg/kc/buy/cgsh_order_add.html HTTP/1.1" 200 62110
222.69.136.62 - - [21/Feb/2021:10:30:02 +0800] "GET /xingrg/all/function/internal_message.html?_=1613874598062&CODE_STATE=getMsg HTTP/1.1" 200 27
222.69.136.62 - - [21/Feb/2021:10:30:02 +0800] "GET /xingrg/check_reg.html?_=1613874598064 HTTP/1.1" 200 22
114.86.187.76 - - [21/Feb/2021:10:30:03 +0800] "POST /xingrg/kc/buy/cgsh_order_operate.html HTTP/1.1" 200 8245
114.86.187.76 - - [21/Feb/2021:10:30:03 +0800] "GET /xingrg/javascript/easyui/themes/default/validatebox.css HTTP/1.1" 404 1104
180.174.195.252 - - [21/Feb/2021:10:30:05 +0800] "POST /xingrg/kc/buy/cgsh_order_operate.html HTTP/1.1" 200 12
180.174.195.252 - - [21/Feb/2021:10:30:06 +0800] "GET /xingrg/kc/buy/cgsh_order_info.html?code=212021022107750 HTTP/1.1" 200 56965
120.253.135.82 - - [21/Feb/2021:10:30:06 +0800] "GET /xingrg/check_reg.html?_=1613874369424 HTTP/1.1" 200 22
180.174.195.252 - - [21/Feb/2021:10:30:08 +0800] "GET /xingrg/javascript/easyui/themes/default/validatebox.css HTTP/1.1" 404 1104
180.174.195.252 - - [21/Feb/2021:10:30:08 +0800] "POST /xingrg/kc/buy/cgsh_order_operate.html HTTP/1.1" 200 615
114.86.187.76 - - [21/Feb/2021:10:30:09 +0800] "GET /xingrg/kc/buy/cgsh_order_operate.html?command=get_materiel&rest_code=00148&code=00101008147&supplier_code=00100440&order_time=2021-02-21 HTTP/1.1" 200 416
180.174.195.252 - - [21/Feb/2021:10:30:10 +0800] "GET /xingrg/kc/print/load_data.html?order_code=212021022107750&kc_code=cgsh&condition= HTTP/1.1" 200 768
116.228.172.94 - - [21/Feb/2021:10:30:10 +0800] "GET /xingrg/all/function/internal_message.html?_=1613874605959&CODE_STATE=getMsg HTTP/1.1" 200 27
116.227.208.86 - - [21/Feb/2021:10:30:14 +0800] "GET /xingrg/all/function/internal_message.html?_=1613874609812&CODE_STATE=getMsg HTTP/1.1" 200 27
61.165.42.208 - - [21/Feb/2021:10:30:14 +0800] "GET /xingrg/all/function/internal_message.html?_=1613874611336&CODE_STATE=getMsg HTTP/1.1" 200 27
114.86.187.76 - - [21/Feb/2021:10:30:16 +0800] "POST /xingrg/kc/buy/cgsh_order_operate.html HTTP/1.1" 200 37
180.174.195.252 - - [21/Feb/2021:10:30:17 +0800] "GET /xingrg/kc/buy/cgsh_order_add.html HTTP/1.1" 200 62063
120.253.135.82 - - [21/Feb/2021:10:30:18 +0800] "GET /xingrg/all/function/internal_message.html?_=1613874381031&CODE_STATE=getMsg HTTP/1.1" 200 27
116.224.253.72 - - [21/Feb/2021:10:30:19 +0800] "POST /xingrg/kc/buy/cgsh_order_operate.html HTTP/1.1" 200 37
180.174.195.252 - - [21/Feb/2021:10:30:19 +0800] "POST /xingrg/kc/buy/cgsh_order_operate.html HTTP/1.1" 200 8245
116.224.253.72 - - [21/Feb/2021:10:30:20 +0800] "GET /xingrg/all/function/internal_message.html?_=1613874614221&CODE_STATE=getMsg HTTP/1.1" 200 27
180.174.195.252 - - [21/Feb/2021:10:30:20 +0800] "GET /xingrg/javascript/easyui/themes/default/validatebox.css HTTP/1.1" 404 1104
180.174.195.252 - - [21/Feb/2021:10:30:20 +0800] "GET /xingrg/all/function/internal_message.html?_=1613874867352&CODE_STATE=getMsg HTTP/1.1" 200 27
114.88.166.193 - - [21/Feb/2021:10:30:21 +0800] "GET /xingrg/all/function/internal_message.html?_=1613874613339&CODE_STATE=getMsg HTTP/1.1" 200 27
116.224.253.72 - - [21/Feb/2021:10:30:22 +0800] "POST /xingrg/kc/buy/cgsh_order_operate.html HTTP/1.1" 200 12
114.86.187.76 - - [21/Feb/2021:10:30:24 +0800] "POST /xingrg/kc/buy/cgsh_order_operate.html HTTP/1.1" 200 12
116.224.253.72 - - [21/Feb/2021:10:30:24 +0800] "GET /xingrg/kc/buy/cgsh_order_info.html?code=212021022107748 HTTP/1.1" 200 56936
116.224.253.72 - - [21/Feb/2021:10:30:24 +0800] "GET /xingrg/javascript/easyui/themes/default/validatebox.css HTTP/1.1" 404 1104
114.86.187.76 - - [21/Feb/2021:10:30:24 +0800] "GET /xingrg/kc/buy/cgsh_order_info.html?code=212021022107751 HTTP/1.1" 200 57016
116.224.253.72 - - [21/Feb/2021:10:30:25 +0800] "POST /xingrg/kc/buy/cgsh_order_operate.html HTTP/1.1" 200 622
114.86.187.76 - - [21/Feb/2021:10:30:25 +0800] "GET /xingrg/javascript/easyui/themes/default/validatebox.css HTTP/1.1" 404 1104
