120.253.135.82 - - [21/Feb/2021:07:14:19 +0800] "POST /xingrg/kc/pszx/mdps_list_operate.html HTTP/1.1" 200 2063
116.224.253.72 - - [21/Feb/2021:07:14:20 +0800] "GET /xingrg/all/function/internal_message.html?_=1613862854226&CODE_STATE=getMsg HTTP/1.1" 200 27
61.165.42.208 - - [21/Feb/2021:07:14:22 +0800] "POST /xingrg/services/DataTransmitService HTTP/1.1" 200 524
61.165.42.208 - - [21/Feb/2021:07:14:22 +0800] "POST /xingrg/services/DataTransmitService HTTP/1.1" 200 501
120.253.135.82 - - [21/Feb/2021:07:14:26 +0800] "GET /xingrg/kc/pszx/mdqp_order_list.html?state=10 HTTP/1.1" 200 13812
120.253.135.82 - - [21/Feb/2021:07:14:26 +0800] "GET /xingrg/dwr/interface/AjaxQqpsService.js HTTP/1.1" 200 16326
120.253.135.82 - - [21/Feb/2021:07:14:26 +0800] "GET /xingrg/dwr/interface/AjaxReportQueryService.js HTTP/1.1" 200 13203
120.253.135.82 - - [21/Feb/2021:07:14:26 +0800] "GET /xingrg/dwr/engine.js HTTP/1.1" 200 43631
114.88.166.193 - - [21/Feb/2021:07:14:26 +0800] "GET /xingrg/check_reg.html?_=1613862858012 HTTP/1.1" 200 22
120.253.135.82 - - [21/Feb/2021:07:14:27 +0800] "GET /xingrg/kc/pszx/mdqp_order_info.html?code=302021022000287 HTTP/1.1" 200 13338
120.253.135.82 - - [21/Feb/2021:07:14:27 +0800] "GET /xingrg/dwr/interface/AjaxQqpsService.js HTTP/1.1" 200 16326
120.253.135.82 - - [21/Feb/2021:07:14:27 +0800] "GET /xingrg/dwr/interface/AjaxComOrderService.js HTTP/1.1" 200 18264
120.253.135.82 - - [21/Feb/2021:07:14:27 +0800] "GET /xingrg/dwr/engine.js HTTP/1.1" 200 43631
120.253.135.82 - - [21/Feb/2021:07:14:28 +0800] "POST /xingrg/dwr/call/plaincall/AjaxQqpsService.loadMaterielItems.dwr HTTP/1.1" 200 8263
116.227.208.86 - - [21/Feb/2021:07:14:29 +0800] "GET /xingrg/all/function/internal_message.html?_=1613862862646&CODE_STATE=getMsg HTTP/1.1" 200 27
116.227.208.86 - - [21/Feb/2021:07:14:29 +0800] "GET /xingrg/check_reg.html?_=1613862862648 HTTP/1.1" 200 22
114.88.166.193 - - [21/Feb/2021:07:14:36 +0800] "GET /xingrg/all/function/internal_message.html?_=1613862868006&CODE_STATE=getMsg HTTP/1.1" 200 27
120.253.135.82 - - [21/Feb/2021:07:14:40 +0800] "GET /xingrg/images/yd/bt.gif HTTP/1.1" 404 1040
120.253.135.82 - - [21/Feb/2021:07:14:40 +0800] "GET /xingrg/images/yd/bt2.gif HTTP/1.1" 404 1042
116.224.253.72 - - [21/Feb/2021:07:14:40 +0800] "GET /xingrg/all/function/internal_message.html?_=1613862851979&CODE_STATE=getMsg HTTP/1.1" 200 27
58.37.230.33 - - [21/Feb/2021:07:14:42 +0800] "GET /xingrg/all/function/internal_message.html?_=1613862883321&CODE_STATE=getMsg HTTP/1.1" 200 27
223.167.127.36 - - [21/Feb/2021:07:14:49 +0800] "GET /xingrg/all/function/internal_message.html?_=1613862885539&CODE_STATE=getMsg HTTP/1.1" 200 27
117.185.32.26 - - [21/Feb/2021:07:15:00 +0800] "GET /xingrg/all/function/internal_message.html?_=1613862888906&CODE_STATE=getMsg HTTP/1.1" 200 27
120.253.135.82 - - [21/Feb/2021:07:15:05 +0800] "GET /xingrg/check_reg.html?_=1613862668416 HTTP/1.1" 200 22
120.253.135.82 - - [21/Feb/2021:07:15:08 +0800] "GET /xingrg/all/function/internal_message.html?_=1613862671362&CODE_STATE=getMsg HTTP/1.1" 200 27
120.253.135.82 - - [21/Feb/2021:07:15:10 +0800] "GET /xingrg/kc/pszx/mdqp_order_list.html?isBack=1 HTTP/1.1" 302 -
120.253.135.82 - - [21/Feb/2021:07:15:10 +0800] "GET /xingrg/kc/pszx/mdqp_order_list.html?state=10 HTTP/1.1" 200 13812
120.253.135.82 - - [21/Feb/2021:07:15:10 +0800] "GET /xingrg/dwr/interface/AjaxQqpsService.js HTTP/1.1" 200 16326
120.253.135.82 - - [21/Feb/2021:07:15:10 +0800] "GET /xingrg/dwr/interface/AjaxReportQueryService.js HTTP/1.1" 200 13203
120.253.135.82 - - [21/Feb/2021:07:15:10 +0800] "GET /xingrg/dwr/engine.js HTTP/1.1" 200 43631
120.253.135.82 - - [21/Feb/2021:07:15:12 +0800] "GET /xingrg/kc/pszx/mdqp_order_info.html?code=302021022000288 HTTP/1.1" 200 13338
120.253.135.82 - - [21/Feb/2021:07:15:12 +0800] "GET /xingrg/dwr/interface/AjaxComOrderService.js HTTP/1.1" 200 18264
120.253.135.82 - - [21/Feb/2021:07:15:12 +0800] "GET /xingrg/dwr/interface/AjaxQqpsService.js HTTP/1.1" 200 16326
120.253.135.82 - - [21/Feb/2021:07:15:12 +0800] "GET /xingrg/dwr/engine.js HTTP/1.1" 200 43631
120.253.135.82 - - [21/Feb/2021:07:15:12 +0800] "POST /xingrg/dwr/call/plaincall/AjaxQqpsService.loadMaterielItems.dwr HTTP/1.1" 200 371
120.253.135.82 - - [21/Feb/2021:07:15:15 +0800] "GET /xingrg/kc/pszx/mdqp_order_list.html?isBack=1 HTTP/1.1" 302 -
120.253.135.82 - - [21/Feb/2021:07:15:16 +0800] "GET /xingrg/kc/pszx/mdqp_order_list.html?state=10 HTTP/1.1" 200 13812
120.253.135.82 - - [21/Feb/2021:07:15:16 +0800] "GET /xingrg/dwr/interface/AjaxReportQueryService.js HTTP/1.1" 200 13203
120.253.135.82 - - [21/Feb/2021:07:15:16 +0800] "GET /xingrg/dwr/interface/AjaxQqpsService.js HTTP/1.1" 200 16326
120.253.135.82 - - [21/Feb/2021:07:15:16 +0800] "GET /xingrg/dwr/engine.js HTTP/1.1" 200 43631
120.253.135.82 - - [21/Feb/2021:07:15:19 +0800] "GET /xingrg/kc/pszx/mdqp_order_info.html?code=302021022000288 HTTP/1.1" 200 13338
120.253.135.82 - - [21/Feb/2021:07:15:19 +0800] "GET /xingrg/dwr/interface/AjaxQqpsService.js HTTP/1.1" 200 16326
120.253.135.82 - - [21/Feb/2021:07:15:19 +0800] "GET /xingrg/dwr/interface/AjaxComOrderService.js HTTP/1.1" 200 18264
120.253.135.82 - - [21/Feb/2021:07:15:19 +0800] "GET /xingrg/dwr/engine.js HTTP/1.1" 200 43631
120.253.135.82 - - [21/Feb/2021:07:15:19 +0800] "POST /xingrg/dwr/call/plaincall/AjaxQqpsService.loadMaterielItems.dwr HTTP/1.1" 200 371
116.224.253.72 - - [21/Feb/2021:07:15:20 +0800] "GET /xingrg/all/function/internal_message.html?_=1613862914227&CODE_STATE=getMsg HTTP/1.1" 200 27
120.253.135.82 - - [21/Feb/2021:07:15:20 +0800] "GET /xingrg/kc/pszx/mdqp_order_list.html?isBack=1 HTTP/1.1" 302 -
120.253.135.82 - - [21/Feb/2021:07:15:20 +0800] "GET /xingrg/kc/pszx/mdqp_order_list.html?state=10 HTTP/1.1" 200 13812
120.253.135.82 - - [21/Feb/2021:07:15:20 +0800] "GET /xingrg/dwr/interface/AjaxQqpsService.js HTTP/1.1" 200 16326
120.253.135.82 - - [21/Feb/2021:07:15:20 +0800] "GET /xingrg/dwr/interface/AjaxReportQueryService.js HTTP/1.1" 200 13203
120.253.135.82 - - [21/Feb/2021:07:15:20 +0800] "GET /xingrg/dwr/engine.js HTTP/1.1" 200 43631
120.253.135.82 - - [21/Feb/2021:07:15:22 +0800] "GET /xingrg/kc/pszx/mdqp_order_info.html?code=302021022000289 HTTP/1.1" 200 13338
120.253.135.82 - - [21/Feb/2021:07:15:22 +0800] "GET /xingrg/dwr/interface/AjaxComOrderService.js HTTP/1.1" 200 18264
120.253.135.82 - - [21/Feb/2021:07:15:22 +0800] "GET /xingrg/dwr/interface/AjaxQqpsService.js HTTP/1.1" 200 16326
120.253.135.82 - - [21/Feb/2021:07:15:22 +0800] "GET /xingrg/dwr/engine.js HTTP/1.1" 200 43631
120.253.135.82 - - [21/Feb/2021:07:15:23 +0800] "POST /xingrg/dwr/call/plaincall/AjaxQqpsService.loadMaterielItems.dwr HTTP/1.1" 200 620
120.253.135.82 - - [21/Feb/2021:07:15:28 +0800] "GET /xingrg/kc/pszx/mdqp_order_list.html?isBack=1 HTTP/1.1" 302 -
120.253.135.82 - - [21/Feb/2021:07:15:28 +0800] "GET /xingrg/kc/pszx/mdqp_order_list.html?state=10 HTTP/1.1" 200 13812
120.253.135.82 - - [21/Feb/2021:07:15:28 +0800] "GET /xingrg/dwr/interface/AjaxReportQueryService.js HTTP/1.1" 200 13203
120.253.135.82 - - [21/Feb/2021:07:15:28 +0800] "GET /xingrg/dwr/interface/AjaxQqpsService.js HTTP/1.1" 200 16326
120.253.135.82 - - [21/Feb/2021:07:15:28 +0800] "GET /xingrg/dwr/engine.js HTTP/1.1" 200 43631
116.227.208.86 - - [21/Feb/2021:07:15:29 +0800] "GET /xingrg/all/function/internal_message.html?_=1613862922650&CODE_STATE=getMsg HTTP/1.1" 200 27
120.253.135.82 - - [21/Feb/2021:07:15:31 +0800] "GET /xingrg/kc/pszx/mdqp_order_info.html?code=302021022000289 HTTP/1.1" 200 13338
120.253.135.82 - - [21/Feb/2021:07:15:31 +0800] "GET /xingrg/dwr/interface/AjaxComOrderService.js HTTP/1.1" 200 18264
120.253.135.82 - - [21/Feb/2021:07:15:31 +0800] "GET /xingrg/dwr/interface/AjaxQqpsService.js HTTP/1.1" 200 16326
120.253.135.82 - - [21/Feb/2021:07:15:31 +0800] "GET /xingrg/dwr/engine.js HTTP/1.1" 200 43631
120.253.135.82 - - [21/Feb/2021:07:15:31 +0800] "POST /xingrg/dwr/call/plaincall/AjaxQqpsService.loadMaterielItems.dwr HTTP/1.1" 200 620
120.253.135.82 - - [21/Feb/2021:07:15:33 +0800] "GET /xingrg/kc/pszx/mdqp_order_list.html?isBack=1 HTTP/1.1" 302 -
120.253.135.82 - - [21/Feb/2021:07:15:33 +0800] "GET /xingrg/kc/pszx/mdqp_order_list.html?state=10 HTTP/1.1" 200 13812
120.253.135.82 - - [21/Feb/2021:07:15:33 +0800] "GET /xingrg/dwr/interface/AjaxQqpsService.js HTTP/1.1" 200 16326
120.253.135.82 - - [21/Feb/2021:07:15:33 +0800] "GET /xingrg/dwr/interface/AjaxReportQueryService.js HTTP/1.1" 200 13203
120.253.135.82 - - [21/Feb/2021:07:15:33 +0800] "GET /xingrg/dwr/engine.js HTTP/1.1" 200 43631
114.88.166.193 - - [21/Feb/2021:07:15:36 +0800] "GET /xingrg/all/function/internal_message.html?_=1613862928021&CODE_STATE=getMsg HTTP/1.1" 200 27
120.253.135.82 - - [21/Feb/2021:07:15:37 +0800] "GET /xingrg/kc/pszx/mdqp_order_info.html?code=302021022000290 HTTP/1.1" 200 13338
120.253.135.82 - - [21/Feb/2021:07:15:37 +0800] "GET /xingrg/dwr/interface/AjaxComOrderService.js HTTP/1.1" 200 18264
120.253.135.82 - - [21/Feb/2021:07:15:37 +0800] "GET /xingrg/dwr/interface/AjaxQqpsService.js HTTP/1.1" 200 16326
120.253.135.82 - - [21/Feb/2021:07:15:37 +0800] "GET /xingrg/dwr/engine.js HTTP/1.1" 200 43631
120.253.135.82 - - [21/Feb/2021:07:15:37 +0800] "POST /xingrg/dwr/call/plaincall/AjaxQqpsService.loadMaterielItems.dwr HTTP/1.1" 200 347
120.253.135.82 - - [21/Feb/2021:07:15:39 +0800] "GET /xingrg/kc/pszx/mdqp_order_list.html?isBack=1 HTTP/1.1" 302 -
120.253.135.82 - - [21/Feb/2021:07:15:39 +0800] "GET /xingrg/kc/pszx/mdqp_order_list.html?state=10 HTTP/1.1" 200 13812
120.253.135.82 - - [21/Feb/2021:07:15:40 +0800] "GET /xingrg/dwr/interface/AjaxQqpsService.js HTTP/1.1" 200 16326
120.253.135.82 - - [21/Feb/2021:07:15:40 +0800] "GET /xingrg/dwr/interface/AjaxReportQueryService.js HTTP/1.1" 200 13203
120.253.135.82 - - [21/Feb/2021:07:15:40 +0800] "GET /xingrg/dwr/engine.js HTTP/1.1" 200 43631
116.224.253.72 - - [21/Feb/2021:07:15:40 +0800] "GET /xingrg/all/function/internal_message.html?_=1613862911997&CODE_STATE=getMsg HTTP/1.1" 200 27
58.37.230.33 - - [21/Feb/2021:07:15:42 +0800] "GET /xingrg/all/function/internal_message.html?_=1613862943292&CODE_STATE=getMsg HTTP/1.1" 200 27
120.253.135.82 - - [21/Feb/2021:07:15:42 +0800] "GET /xingrg/kc/pszx/mdqp_order_info.html?code=302021022000291 HTTP/1.1" 200 13338
120.253.135.82 - - [21/Feb/2021:07:15:42 +0800] "GET /xingrg/dwr/interface/AjaxComOrderService.js HTTP/1.1" 200 18264
120.253.135.82 - - [21/Feb/2021:07:15:42 +0800] "GET /xingrg/dwr/interface/AjaxQqpsService.js HTTP/1.1" 200 16326
120.253.135.82 - - [21/Feb/2021:07:15:42 +0800] "GET /xingrg/dwr/engine.js HTTP/1.1" 200 43631
120.253.135.82 - - [21/Feb/2021:07:15:42 +0800] "POST /xingrg/dwr/call/plaincall/AjaxQqpsService.loadMaterielItems.dwr HTTP/1.1" 200 1862
101.228.165.73 - - [21/Feb/2021:07:15:43 +0800] "GET /xingrg/check_reg.html?_=1613862932810 HTTP/1.1" 200 22
223.167.127.36 - - [21/Feb/2021:07:15:49 +0800] "GET /xingrg/all/function/internal_message.html?_=1613862945540&CODE_STATE=getMsg HTTP/1.1" 200 27
120.253.135.82 - - [21/Feb/2021:07:15:54 +0800] "GET /xingrg/kc/pszx/mdqp_order_list.html?isBack=1 HTTP/1.1" 302 -
120.253.135.82 - - [21/Feb/2021:07:15:54 +0800] "GET /xingrg/kc/pszx/mdqp_order_list.html?state=10 HTTP/1.1" 200 13812
120.253.135.82 - - [21/Feb/2021:07:15:55 +0800] "GET /xingrg/dwr/interface/AjaxQqpsService.js HTTP/1.1" 200 16326
120.253.135.82 - - [21/Feb/2021:07:15:55 +0800] "GET /xingrg/dwr/interface/AjaxReportQueryService.js HTTP/1.1" 200 13203
120.253.135.82 - - [21/Feb/2021:07:15:55 +0800] "GET /xingrg/dwr/engine.js HTTP/1.1" 200 43631
120.253.135.82 - - [21/Feb/2021:07:15:58 +0800] "GET /xingrg/kc/pszx/mdqp_order_info.html?code=302021022000292 HTTP/1.1" 200 13338
120.253.135.82 - - [21/Feb/2021:07:15:58 +0800] "GET /xingrg/dwr/interface/AjaxComOrderService.js HTTP/1.1" 200 18264
120.253.135.82 - - [21/Feb/2021:07:15:58 +0800] "GET /xingrg/dwr/interface/AjaxQqpsService.js HTTP/1.1" 200 16326
120.253.135.82 - - [21/Feb/2021:07:15:58 +0800] "GET /xingrg/dwr/engine.js HTTP/1.1" 200 43631
120.253.135.82 - - [21/Feb/2021:07:15:58 +0800] "POST /xingrg/dwr/call/plaincall/AjaxQqpsService.loadMaterielItems.dwr HTTP/1.1" 200 2277
183.192.164.71 - - [21/Feb/2021:07:15:59 +0800] "GET /xingrg/all/function/internal_message.html?_=1613862888906&CODE_STATE=getMsg HTTP/1.1" 302 -
183.192.164.71 - - [21/Feb/2021:07:15:59 +0800] "GET /xingrg/login.html HTTP/1.1" 200 7641
117.185.32.26 - - [21/Feb/2021:07:16:00 +0800] "GET /xingrg/all/function/internal_message.html?_=1613862948877&CODE_STATE=getMsg HTTP/1.1" 200 27
58.37.230.33 - - [21/Feb/2021:07:16:05 +0800] "GET /xingrg/check_reg.html?_=1613862967038 HTTP/1.1" 200 22
120.253.135.82 - - [21/Feb/2021:07:16:07 +0800] "GET /xingrg/images/yd/bt.gif HTTP/1.1" 404 1040
120.253.135.82 - - [21/Feb/2021:07:16:07 +0800] "GET /xingrg/images/yd/bt2.gif HTTP/1.1" 404 1042
120.253.135.82 - - [21/Feb/2021:07:16:08 +0800] "GET /xingrg/all/function/internal_message.html?_=1613862731376&CODE_STATE=getMsg HTTP/1.1" 200 27
120.253.135.82 - - [21/Feb/2021:07:16:09 +0800] "GET /xingrg/kc/pszx/mdqp_order_list.html?isBack=1 HTTP/1.1" 302 -
120.253.135.82 - - [21/Feb/2021:07:16:09 +0800] "GET /xingrg/kc/pszx/mdqp_order_list.html?state=10 HTTP/1.1" 200 13812
120.253.135.82 - - [21/Feb/2021:07:16:09 +0800] "GET /xingrg/dwr/interface/AjaxQqpsService.js HTTP/1.1" 200 16326
120.253.135.82 - - [21/Feb/2021:07:16:09 +0800] "GET /xingrg/dwr/interface/AjaxReportQueryService.js HTTP/1.1" 200 13203
120.253.135.82 - - [21/Feb/2021:07:16:09 +0800] "GET /xingrg/dwr/engine.js HTTP/1.1" 200 43631
120.253.135.82 - - [21/Feb/2021:07:16:13 +0800] "GET /xingrg/kc/pszx/mdqp_order_info.html?code=302021022000292 HTTP/1.1" 200 13338
120.253.135.82 - - [21/Feb/2021:07:16:13 +0800] "GET /xingrg/dwr/interface/AjaxComOrderService.js HTTP/1.1" 200 18264
120.253.135.82 - - [21/Feb/2021:07:16:13 +0800] "GET /xingrg/dwr/interface/AjaxQqpsService.js HTTP/1.1" 200 16326
120.253.135.82 - - [21/Feb/2021:07:16:13 +0800] "GET /xingrg/dwr/engine.js HTTP/1.1" 200 43631
120.253.135.82 - - [21/Feb/2021:07:16:13 +0800] "POST /xingrg/dwr/call/plaincall/AjaxQqpsService.loadMaterielItems.dwr HTTP/1.1" 200 2277
120.253.135.82 - - [21/Feb/2021:07:16:15 +0800] "GET /xingrg/kc/pszx/mdqp_order_list.html?isBack=1 HTTP/1.1" 302 -
120.253.135.82 - - [21/Feb/2021:07:16:15 +0800] "GET /xingrg/kc/pszx/mdqp_order_list.html?state=10 HTTP/1.1" 200 13812
120.253.135.82 - - [21/Feb/2021:07:16:15 +0800] "GET /xingrg/dwr/interface/AjaxReportQueryService.js HTTP/1.1" 200 13203
120.253.135.82 - - [21/Feb/2021:07:16:15 +0800] "GET /xingrg/dwr/interface/AjaxQqpsService.js HTTP/1.1" 200 16326
120.253.135.82 - - [21/Feb/2021:07:16:15 +0800] "GET /xingrg/dwr/engine.js HTTP/1.1" 200 43631
120.253.135.82 - - [21/Feb/2021:07:16:19 +0800] "GET /xingrg/kc/pszx/mdqp_order_info.html?code=302021022000294 HTTP/1.1" 200 13338
120.253.135.82 - - [21/Feb/2021:07:16:19 +0800] "GET /xingrg/dwr/interface/AjaxComOrderService.js HTTP/1.1" 200 18264
120.253.135.82 - - [21/Feb/2021:07:16:19 +0800] "GET /xingrg/dwr/interface/AjaxQqpsService.js HTTP/1.1" 200 16326
120.253.135.82 - - [21/Feb/2021:07:16:19 +0800] "GET /xingrg/dwr/engine.js HTTP/1.1" 200 43631
120.253.135.82 - - [21/Feb/2021:07:16:19 +0800] "POST /xingrg/dwr/call/plaincall/AjaxQqpsService.loadMaterielItems.dwr HTTP/1.1" 200 401
116.224.253.72 - - [21/Feb/2021:07:16:20 +0800] "GET /xingrg/check_reg.html?_=1613862974229 HTTP/1.1" 200 22
116.224.253.72 - - [21/Feb/2021:07:16:20 +0800] "GET /xingrg/all/function/internal_message.html?_=1613862974229&CODE_STATE=getMsg HTTP/1.1" 200 27
120.253.135.82 - - [21/Feb/2021:07:16:22 +0800] "GET /xingrg/kc/pszx/mdqp_order_list.html?isBack=1 HTTP/1.1" 302 -
120.253.135.82 - - [21/Feb/2021:07:16:22 +0800] "GET /xingrg/kc/pszx/mdqp_order_list.html?state=10 HTTP/1.1" 200 13812
120.253.135.82 - - [21/Feb/2021:07:16:22 +0800] "GET /xingrg/dwr/interface/AjaxQqpsService.js HTTP/1.1" 200 16326
120.253.135.82 - - [21/Feb/2021:07:16:22 +0800] "GET /xingrg/dwr/interface/AjaxReportQueryService.js HTTP/1.1" 200 13203
120.253.135.82 - - [21/Feb/2021:07:16:22 +0800] "GET /xingrg/dwr/engine.js HTTP/1.1" 200 43631
120.253.135.82 - - [21/Feb/2021:07:16:23 +0800] "GET /xingrg/kc/pszx/mdqp_order_info.html?code=302021022000295 HTTP/1.1" 200 13338
120.253.135.82 - - [21/Feb/2021:07:16:23 +0800] "GET /xingrg/dwr/interface/AjaxComOrderService.js HTTP/1.1" 200 18264
120.253.135.82 - - [21/Feb/2021:07:16:23 +0800] "GET /xingrg/dwr/interface/AjaxQqpsService.js HTTP/1.1" 200 16326
120.253.135.82 - - [21/Feb/2021:07:16:23 +0800] "GET /xingrg/dwr/engine.js HTTP/1.1" 200 43631
120.253.135.82 - - [21/Feb/2021:07:16:24 +0800] "POST /xingrg/dwr/call/plaincall/AjaxQqpsService.loadMaterielItems.dwr HTTP/1.1" 200 389
120.253.135.82 - - [21/Feb/2021:07:16:27 +0800] "GET /xingrg/kc/pszx/mdqp_order_list.html?isBack=1 HTTP/1.1" 302 -
120.253.135.82 - - [21/Feb/2021:07:16:27 +0800] "GET /xingrg/kc/pszx/mdqp_order_list.html?state=10 HTTP/1.1" 200 13812
120.253.135.82 - - [21/Feb/2021:07:16:27 +0800] "GET /xingrg/dwr/interface/AjaxQqpsService.js HTTP/1.1" 200 16326
120.253.135.82 - - [21/Feb/2021:07:16:27 +0800] "GET /xingrg/dwr/interface/AjaxReportQueryService.js HTTP/1.1" 200 13203
120.253.135.82 - - [21/Feb/2021:07:16:27 +0800] "GET /xingrg/dwr/engine.js HTTP/1.1" 200 43631
116.227.208.86 - - [21/Feb/2021:07:16:29 +0800] "GET /xingrg/all/function/internal_message.html?_=1613862982651&CODE_STATE=getMsg HTTP/1.1" 200 27
120.253.135.82 - - [21/Feb/2021:07:16:33 +0800] "GET /xingrg/kc/pszx/jzcl_ps.html HTTP/1.1" 200 7683
120.253.135.82 - - [21/Feb/2021:07:16:34 +0800] "POST /xingrg/all/common/load_tree.html?tree=area_rest_tree_json HTTP/1.1" 200 3344
120.253.135.82 - - [21/Feb/2021:07:16:34 +0800] "POST /xingrg/kc/pszx/jzcl_ps_operate.html HTTP/1.1" 200 3719
120.253.135.82 - - [21/Feb/2021:07:16:34 +0800] "POST /xingrg/kc/pszx/jzcl_ps_operate.html HTTP/1.1" 200 3719
114.88.166.193 - - [21/Feb/2021:07:16:36 +0800] "GET /xingrg/all/function/internal_message.html?_=1613862988048&CODE_STATE=getMsg HTTP/1.1" 200 27
116.224.253.72 - - [21/Feb/2021:07:16:40 +0800] "GET /xingrg/all/function/internal_message.html?_=1613862972005&CODE_STATE=getMsg HTTP/1.1" 200 27
58.37.230.33 - - [21/Feb/2021:07:16:42 +0800] "GET /xingrg/all/function/internal_message.html?_=1613863003262&CODE_STATE=getMsg HTTP/1.1" 200 27
120.253.135.82 - - [21/Feb/2021:07:16:46 +0800] "POST /xingrg/kc/pszx/jzcl_ps_operate.html HTTP/1.1" 200 4
120.253.135.82 - - [21/Feb/2021:07:16:47 +0800] "GET /xingrg/kc/pszx/mdps_order_list.html HTTP/1.1" 200 21153
120.253.135.82 - - [21/Feb/2021:07:16:48 +0800] "POST /xingrg/kc/pszx/mdps_list_operate.html HTTP/1.1" 200 5271
223.167.127.36 - - [21/Feb/2021:07:16:49 +0800] "GET /xingrg/check_reg.html?_=1613863005539 HTTP/1.1" 200 22
223.167.127.36 - - [21/Feb/2021:07:16:49 +0800] "GET /xingrg/all/function/internal_message.html?_=1613863005542&CODE_STATE=getMsg HTTP/1.1" 200 27
120.253.135.82 - - [21/Feb/2021:07:16:55 +0800] "POST /xingrg/kc/pszx/mdps_list_operate.html HTTP/1.1" 200 4219
120.253.135.82 - - [21/Feb/2021:07:16:56 +0800] "POST /xingrg/kc/pszx/mdps_list_operate.html HTTP/1.1" 200 601
120.253.135.82 - - [21/Feb/2021:07:16:57 +0800] "GET /xingrg/kc/pszx/mdps_order_info.html?code=312021022100426 HTTP/1.1" 200 23881
120.253.135.82 - - [21/Feb/2021:07:16:58 +0800] "GET /xingrg/javascript/easyui/themes/default/validatebox.css HTTP/1.1" 404 1104
120.253.135.82 - - [21/Feb/2021:07:16:58 +0800] "POST /xingrg/kc/pszx/mdps_order_operate.html HTTP/1.1" 200 15606
117.185.32.26 - - [21/Feb/2021:07:17:00 +0800] "GET /xingrg/all/function/internal_message.html?_=1613863008877&CODE_STATE=getMsg HTTP/1.1" 200 27
120.253.135.82 - - [21/Feb/2021:07:17:01 +0800] "POST /xingrg/all/common/load_combo.html?type=base HTTP/1.1" 200 984
120.253.135.82 - - [21/Feb/2021:07:17:04 +0800] "POST /xingrg/kc/pszx/mdps_order_operate.html HTTP/1.1" 200 37
120.253.135.82 - - [21/Feb/2021:07:17:05 +0800] "GET /xingrg/kc/pszx/mdps_order_info.html?code=312021022100426 HTTP/1.1" 200 23881
120.253.135.82 - - [21/Feb/2021:07:17:06 +0800] "GET /xingrg/javascript/easyui/themes/default/validatebox.css HTTP/1.1" 404 1104
120.253.135.82 - - [21/Feb/2021:07:17:06 +0800] "POST /xingrg/kc/pszx/mdps_order_operate.html HTTP/1.1" 200 15838
120.253.135.82 - - [21/Feb/2021:07:17:08 +0800] "GET /xingrg/all/function/internal_message.html?_=1613862791389&CODE_STATE=getMsg HTTP/1.1" 200 27
116.224.253.72 - - [21/Feb/2021:07:17:20 +0800] "GET /xingrg/all/function/internal_message.html?_=1613863034230&CODE_STATE=getMsg HTTP/1.1" 200 27
116.227.208.86 - - [21/Feb/2021:07:17:29 +0800] "GET /xingrg/all/function/internal_message.html?_=1613863042653&CODE_STATE=getMsg HTTP/1.1" 200 27
120.253.135.82 - - [21/Feb/2021:07:17:29 +0800] "POST /xingrg/kc/pszx/mdps_list_operate.html HTTP/1.1" 200 217
120.253.135.82 - - [21/Feb/2021:07:17:30 +0800] "GET /xingrg/kc/pszx/mdps_order_info.html?code=312021022100427 HTTP/1.1" 200 23881
120.253.135.82 - - [21/Feb/2021:07:17:30 +0800] "POST /xingrg/kc/pszx/mdps_order_operate.html HTTP/1.1" 200 2296
120.253.135.82 - - [21/Feb/2021:07:17:30 +0800] "GET /xingrg/javascript/easyui/themes/default/validatebox.css HTTP/1.1" 404 1104
172.20.0.100 - - [21/Feb/2021:07:17:31 +0800] "GET /xingrg/check_reg.html?_=1613863045702 HTTP/1.1" 302 -
120.253.135.82 - - [21/Feb/2021:07:17:32 +0800] "POST /xingrg/all/common/load_combo.html?type=base HTTP/1.1" 200 984
114.88.166.193 - - [21/Feb/2021:07:17:36 +0800] "GET /xingrg/all/function/internal_message.html?_=1613863048063&CODE_STATE=getMsg HTTP/1.1" 200 27
120.253.135.82 - - [21/Feb/2021:07:17:37 +0800] "POST /xingrg/kc/pszx/mdps_order_operate.html HTTP/1.1" 200 37
120.253.135.82 - - [21/Feb/2021:07:17:38 +0800] "GET /xingrg/kc/pszx/mdps_order_info.html?code=312021022100427 HTTP/1.1" 200 23879
120.253.135.82 - - [21/Feb/2021:07:17:39 +0800] "POST /xingrg/kc/pszx/mdps_order_operate.html HTTP/1.1" 200 2305
120.253.135.82 - - [21/Feb/2021:07:17:39 +0800] "GET /xingrg/javascript/easyui/themes/default/validatebox.css HTTP/1.1" 404 1104
116.224.253.72 - - [21/Feb/2021:07:17:40 +0800] "GET /xingrg/all/function/internal_message.html?_=1613863032025&CODE_STATE=getMsg HTTP/1.1" 200 27
58.37.230.33 - - [21/Feb/2021:07:17:42 +0800] "GET /xingrg/all/function/internal_message.html?_=1613863063232&CODE_STATE=getMsg HTTP/1.1" 200 27
223.167.127.36 - - [21/Feb/2021:07:17:49 +0800] "GET /xingrg/all/function/internal_message.html?_=1613863065543&CODE_STATE=getMsg HTTP/1.1" 200 27
117.185.32.26 - - [21/Feb/2021:07:18:00 +0800] "GET /xingrg/all/function/internal_message.html?_=1613863068855&CODE_STATE=getMsg HTTP/1.1" 200 27
120.253.135.82 - - [21/Feb/2021:07:18:08 +0800] "GET /xingrg/all/function/internal_message.html?_=1613862851403&CODE_STATE=getMsg HTTP/1.1" 200 27
116.224.253.72 - - [21/Feb/2021:07:18:20 +0800] "GET /xingrg/all/function/internal_message.html?_=1613863094232&CODE_STATE=getMsg HTTP/1.1" 200 27
117.185.32.26 - - [21/Feb/2021:07:18:20 +0800] "GET /xingrg/check_reg.html?_=1613863088417 HTTP/1.1" 200 22
116.224.253.72 - - [21/Feb/2021:07:18:28 +0800] "GET /xingrg/check_reg.html?_=1613863080050 HTTP/1.1" 200 22
116.227.208.86 - - [21/Feb/2021:07:18:29 +0800] "GET /xingrg/all/function/internal_message.html?_=1613863102655&CODE_STATE=getMsg HTTP/1.1" 200 27
120.253.135.82 - - [21/Feb/2021:07:18:30 +0800] "POST /xingrg/kc/pszx/mdps_list_operate.html HTTP/1.1" 200 4216
120.253.135.82 - - [21/Feb/2021:07:18:32 +0800] "POST /xingrg/kc/pszx/mdps_list_operate.html HTTP/1.1" 200 217
120.253.135.82 - - [21/Feb/2021:07:18:32 +0800] "GET /xingrg/kc/pszx/mdps_order_info.html?code=312021022100428 HTTP/1.1" 200 23881
120.253.135.82 - - [21/Feb/2021:07:18:33 +0800] "POST /xingrg/kc/pszx/mdps_order_operate.html HTTP/1.1" 200 2306
120.253.135.82 - - [21/Feb/2021:07:18:33 +0800] "GET /xingrg/javascript/easyui/themes/default/validatebox.css HTTP/1.1" 404 1104
120.253.135.82 - - [21/Feb/2021:07:18:36 +0800] "POST /xingrg/kc/pszx/mdps_order_operate.html HTTP/1.1" 200 37
114.88.166.193 - - [21/Feb/2021:07:18:36 +0800] "GET /xingrg/all/function/internal_message.html?_=1613863108089&CODE_STATE=getMsg HTTP/1.1" 200 27
120.253.135.82 - - [21/Feb/2021:07:18:36 +0800] "GET /xingrg/kc/pszx/mdps_order_info.html?code=312021022100428 HTTP/1.1" 200 23881
120.253.135.82 - - [21/Feb/2021:07:18:37 +0800] "POST /xingrg/kc/pszx/mdps_order_operate.html HTTP/1.1" 200 2314
120.253.135.82 - - [21/Feb/2021:07:18:37 +0800] "GET /xingrg/javascript/easyui/themes/default/validatebox.css HTTP/1.1" 404 1104
116.224.253.72 - - [21/Feb/2021:07:18:40 +0800] "GET /xingrg/all/function/internal_message.html?_=1613863092031&CODE_STATE=getMsg HTTP/1.1" 200 27
58.37.230.33 - - [21/Feb/2021:07:18:42 +0800] "GET /xingrg/all/function/internal_message.html?_=1613863123207&CODE_STATE=getMsg HTTP/1.1" 200 27
223.167.127.36 - - [21/Feb/2021:07:18:49 +0800] "GET /xingrg/all/function/internal_message.html?_=1613863125544&CODE_STATE=getMsg HTTP/1.1" 200 27
117.185.32.26 - - [21/Feb/2021:07:19:00 +0800] "GET /xingrg/all/function/internal_message.html?_=1613863128835&CODE_STATE=getMsg HTTP/1.1" 200 27
120.253.135.82 - - [21/Feb/2021:07:19:00 +0800] "POST /xingrg/kc/pszx/mdps_list_operate.html HTTP/1.1" 200 4216
120.253.135.82 - - [21/Feb/2021:07:19:05 +0800] "POST /xingrg/kc/pszx/mdps_list_operate.html HTTP/1.1" 200 203
120.253.135.82 - - [21/Feb/2021:07:19:06 +0800] "GET /xingrg/kc/pszx/mdps_order_info.html?code=312021022100429 HTTP/1.1" 200 23881
120.253.135.82 - - [21/Feb/2021:07:19:07 +0800] "GET /xingrg/javascript/easyui/themes/default/validatebox.css HTTP/1.1" 404 1104
120.253.135.82 - - [21/Feb/2021:07:19:07 +0800] "POST /xingrg/kc/pszx/mdps_order_operate.html HTTP/1.1" 200 2277
120.253.135.82 - - [21/Feb/2021:07:19:08 +0800] "GET /xingrg/all/function/internal_message.html?_=1613862911416&CODE_STATE=getMsg HTTP/1.1" 200 27
120.253.135.82 - - [21/Feb/2021:07:19:09 +0800] "POST /xingrg/kc/pszx/mdps_order_operate.html HTTP/1.1" 200 37
120.253.135.82 - - [21/Feb/2021:07:19:10 +0800] "GET /xingrg/kc/pszx/mdps_order_info.html?code=312021022100429 HTTP/1.1" 200 23881
120.253.135.82 - - [21/Feb/2021:07:19:11 +0800] "GET /xingrg/javascript/easyui/themes/default/validatebox.css HTTP/1.1" 404 1104
120.253.135.82 - - [21/Feb/2021:07:19:11 +0800] "POST /xingrg/kc/pszx/mdps_order_operate.html HTTP/1.1" 200 2284
116.224.253.72 - - [21/Feb/2021:07:19:20 +0800] "GET /xingrg/all/function/internal_message.html?_=1613863154217&CODE_STATE=getMsg HTTP/1.1" 200 27
114.88.166.193 - - [21/Feb/2021:07:19:26 +0800] "GET /xingrg/check_reg.html?_=1613863158016 HTTP/1.1" 200 22
116.227.208.86 - - [21/Feb/2021:07:19:29 +0800] "GET /xingrg/check_reg.html?_=1613863162643 HTTP/1.1" 200 22
116.227.208.86 - - [21/Feb/2021:07:19:29 +0800] "GET /xingrg/all/function/internal_message.html?_=1613863162644&CODE_STATE=getMsg HTTP/1.1" 200 27
120.253.135.82 - - [21/Feb/2021:07:19:33 +0800] "POST /xingrg/kc/pszx/mdps_list_operate.html HTTP/1.1" 200 4216
120.253.135.82 - - [21/Feb/2021:07:19:35 +0800] "POST /xingrg/kc/pszx/mdps_list_operate.html HTTP/1.1" 200 281
114.88.166.193 - - [21/Feb/2021:07:19:36 +0800] "GET /xingrg/all/function/internal_message.html?_=1613863168105&CODE_STATE=getMsg HTTP/1.1" 200 27
120.253.135.82 - - [21/Feb/2021:07:19:37 +0800] "GET /xingrg/kc/pszx/mdps_order_info.html?code=312021022100430 HTTP/1.1" 200 23881
120.253.135.82 - - [21/Feb/2021:07:19:37 +0800] "POST /xingrg/kc/pszx/mdps_order_operate.html HTTP/1.1" 200 2763
120.253.135.82 - - [21/Feb/2021:07:19:37 +0800] "GET /xingrg/javascript/easyui/themes/default/validatebox.css HTTP/1.1" 404 1104
116.224.253.72 - - [21/Feb/2021:07:19:40 +0800] "GET /xingrg/all/function/internal_message.html?_=1613863152045&CODE_STATE=getMsg HTTP/1.1" 200 27
120.253.135.82 - - [21/Feb/2021:07:19:41 +0800] "POST /xingrg/kc/pszx/mdps_order_operate.html HTTP/1.1" 200 37
58.37.230.33 - - [21/Feb/2021:07:19:41 +0800] "GET /xingrg/all/function/internal_message.html?_=1613863183208&CODE_STATE=getMsg HTTP/1.1" 200 27
120.253.135.82 - - [21/Feb/2021:07:19:42 +0800] "GET /xingrg/kc/pszx/mdps_order_info.html?code=312021022100430 HTTP/1.1" 200 23881
120.253.135.82 - - [21/Feb/2021:07:19:43 +0800] "POST /xingrg/kc/pszx/mdps_order_operate.html HTTP/1.1" 200 2779
120.253.135.82 - - [21/Feb/2021:07:19:43 +0800] "GET /xingrg/javascript/easyui/themes/default/validatebox.css HTTP/1.1" 404 1104
120.253.135.82 - - [21/Feb/2021:07:19:47 +0800] "POST /xingrg/kc/pszx/mdps_list_operate.html HTTP/1.1" 200 4216
223.167.127.36 - - [21/Feb/2021:07:19:49 +0800] "GET /xingrg/all/function/internal_message.html?_=1613863185546&CODE_STATE=getMsg HTTP/1.1" 200 27
120.253.135.82 - - [21/Feb/2021:07:19:50 +0800] "POST /xingrg/kc/pszx/mdps_list_operate.html HTTP/1.1" 200 281
120.253.135.82 - - [21/Feb/2021:07:19:51 +0800] "POST /xingrg/kc/pszx/mdps_list_operate.html HTTP/1.1" 200 198
120.253.135.82 - - [21/Feb/2021:07:19:53 +0800] "GET /xingrg/kc/pszx/mdps_order_info.html?code=312021022100431 HTTP/1.1" 200 23881
120.253.135.82 - - [21/Feb/2021:07:19:53 +0800] "POST /xingrg/kc/pszx/mdps_order_operate.html HTTP/1.1" 200 2270
120.253.135.82 - - [21/Feb/2021:07:19:53 +0800] "GET /xingrg/javascript/easyui/themes/default/validatebox.css HTTP/1.1" 404 1104
120.253.135.82 - - [21/Feb/2021:07:19:56 +0800] "POST /xingrg/kc/pszx/mdps_order_operate.html HTTP/1.1" 200 37
120.253.135.82 - - [21/Feb/2021:07:19:57 +0800] "GET /xingrg/kc/pszx/mdps_order_info.html?code=312021022100431 HTTP/1.1" 200 23881
120.253.135.82 - - [21/Feb/2021:07:19:57 +0800] "POST /xingrg/kc/pszx/mdps_order_operate.html HTTP/1.1" 200 2277
120.253.135.82 - - [21/Feb/2021:07:19:57 +0800] "GET /xingrg/javascript/easyui/themes/default/validatebox.css HTTP/1.1" 404 1104
120.204.17.71 - - [21/Feb/2021:07:19:59 +0800] "GET /xingrg/all/function/internal_message.html?_=1613863128835&CODE_STATE=getMsg HTTP/1.1" 302 -
117.185.32.26 - - [21/Feb/2021:07:20:00 +0800] "GET /xingrg/all/function/internal_message.html?_=1613863188815&CODE_STATE=getMsg HTTP/1.1" 200 27
120.204.17.71 - - [21/Feb/2021:07:20:01 +0800] "GET /xingrg/login.html HTTP/1.1" 200 7641
120.253.135.82 - - [21/Feb/2021:07:20:01 +0800] "POST /xingrg/kc/pszx/mdps_list_operate.html HTTP/1.1" 200 4216
120.253.135.82 - - [21/Feb/2021:07:20:03 +0800] "POST /xingrg/kc/pszx/mdps_list_operate.html HTTP/1.1" 200 628
120.253.135.82 - - [21/Feb/2021:07:20:04 +0800] "GET /xingrg/kc/pszx/mdps_order_info.html?code=312021022100432 HTTP/1.1" 200 23881
120.253.135.82 - - [21/Feb/2021:07:20:04 +0800] "POST /xingrg/kc/pszx/mdps_order_operate.html HTTP/1.1" 200 4781
120.253.135.82 - - [21/Feb/2021:07:20:04 +0800] "GET /xingrg/javascript/easyui/themes/default/validatebox.css HTTP/1.1" 404 1104
120.253.135.82 - - [21/Feb/2021:07:20:05 +0800] "GET /xingrg/check_reg.html?_=1613862968419 HTTP/1.1" 200 22
120.253.135.82 - - [21/Feb/2021:07:20:07 +0800] "POST /xingrg/kc/pszx/mdps_order_operate.html HTTP/1.1" 200 37
120.253.135.82 - - [21/Feb/2021:07:20:08 +0800] "GET /xingrg/kc/pszx/mdps_order_info.html?code=312021022100432 HTTP/1.1" 200 23881
120.253.135.82 - - [21/Feb/2021:07:20:09 +0800] "GET /xingrg/all/function/internal_message.html?_=1613862971752&CODE_STATE=getMsg HTTP/1.1" 200 27
120.253.135.82 - - [21/Feb/2021:07:20:09 +0800] "GET /xingrg/javascript/easyui/themes/default/validatebox.css HTTP/1.1" 404 1104
120.253.135.82 - - [21/Feb/2021:07:20:09 +0800] "POST /xingrg/kc/pszx/mdps_order_operate.html HTTP/1.1" 200 4828
116.224.253.72 - - [21/Feb/2021:07:20:20 +0800] "GET /xingrg/all/function/internal_message.html?_=1613863214218&CODE_STATE=getMsg HTTP/1.1" 200 27
116.227.208.86 - - [21/Feb/2021:07:20:29 +0800] "GET /xingrg/all/function/internal_message.html?_=1613863222645&CODE_STATE=getMsg HTTP/1.1" 200 27
120.253.135.82 - - [21/Feb/2021:07:20:31 +0800] "GET /xingrg/kc/pszx/mdps_order_operate.html?command=get_materiel&pszx_code=00101&rest_code=00106&base_code=0010246&code=00101018012 HTTP/1.1" 200 476
120.253.135.82 - - [21/Feb/2021:07:20:33 +0800] "POST /xingrg/all/common/load_select.html HTTP/1.1" 200 25
120.253.135.82 - - [21/Feb/2021:07:20:35 +0800] "GET /xingrg/kc/pszx/mdps_order_operate.html?command=get_materiel_price&pszx_code=00101&rest_code=00106&base_code=0010246&code=00101018012&unit_code=00100078&order_time=2021-02-22 HTTP/1.1" 200 36
114.88.166.193 - - [21/Feb/2021:07:20:36 +0800] "GET /xingrg/all/function/internal_message.html?_=1613863228120&CODE_STATE=getMsg HTTP/1.1" 200 27
116.224.253.72 - - [21/Feb/2021:07:20:40 +0800] "GET /xingrg/all/function/internal_message.html?_=1613863212065&CODE_STATE=getMsg HTTP/1.1" 200 27
58.37.230.33 - - [21/Feb/2021:07:20:41 +0800] "GET /xingrg/all/function/internal_message.html?_=1613863243183&CODE_STATE=getMsg HTTP/1.1" 200 27
120.253.135.82 - - [21/Feb/2021:07:20:42 +0800] "POST /xingrg/kc/pszx/mdps_order_operate.html HTTP/1.1" 200 37
120.253.135.82 - - [21/Feb/2021:07:20:42 +0800] "GET /xingrg/kc/pszx/mdps_order_info.html?code=312021022100432 HTTP/1.1" 200 23881
101.228.165.73 - - [21/Feb/2021:07:20:43 +0800] "GET /xingrg/check_reg.html?_=1613863232819 HTTP/1.1" 200 22
120.253.135.82 - - [21/Feb/2021:07:20:43 +0800] "POST /xingrg/kc/pszx/mdps_order_operate.html HTTP/1.1" 200 4834
120.253.135.82 - - [21/Feb/2021:07:20:43 +0800] "GET /xingrg/javascript/easyui/themes/default/validatebox.css HTTP/1.1" 404 1104
223.167.127.36 - - [21/Feb/2021:07:20:49 +0800] "GET /xingrg/all/function/internal_message.html?_=1613863245546&CODE_STATE=getMsg HTTP/1.1" 200 27
183.192.164.71 - - [21/Feb/2021:07:20:59 +0800] "GET /xingrg/all/function/internal_message.html?_=1613863188815&CODE_STATE=getMsg HTTP/1.1" 302 -
183.192.164.71 - - [21/Feb/2021:07:21:00 +0800] "GET /xingrg/login.html HTTP/1.1" 200 7641
117.185.32.26 - - [21/Feb/2021:07:21:00 +0800] "GET /xingrg/all/function/internal_message.html?_=1613863248791&CODE_STATE=getMsg HTTP/1.1" 200 27
58.37.230.33 - - [21/Feb/2021:07:21:05 +0800] "GET /xingrg/check_reg.html?_=1613863267044 HTTP/1.1" 200 22
120.253.135.82 - - [21/Feb/2021:07:21:09 +0800] "GET /xingrg/all/function/internal_message.html?_=1613863031756&CODE_STATE=getMsg HTTP/1.1" 200 27
120.253.135.82 - - [21/Feb/2021:07:21:13 +0800] "POST /xingrg/kc/pszx/mdps_order_operate.html HTTP/1.1" 200 37
120.253.135.82 - - [21/Feb/2021:07:21:14 +0800] "GET /xingrg/kc/pszx/mdps_order_info.html?code=312021022100432 HTTP/1.1" 200 23881
120.253.135.82 - - [21/Feb/2021:07:21:15 +0800] "POST /xingrg/kc/pszx/mdps_order_operate.html HTTP/1.1" 200 4834
120.253.135.82 - - [21/Feb/2021:07:21:15 +0800] "GET /xingrg/javascript/easyui/themes/default/validatebox.css HTTP/1.1" 404 1104
120.253.135.82 - - [21/Feb/2021:07:21:16 +0800] "POST /xingrg/kc/pszx/mdps_list_operate.html HTTP/1.1" 200 4216
120.253.135.82 - - [21/Feb/2021:07:21:18 +0800] "POST /xingrg/kc/pszx/mdps_list_operate.html HTTP/1.1" 200 630
116.224.253.72 - - [21/Feb/2021:07:21:20 +0800] "GET /xingrg/check_reg.html?_=1613863274219 HTTP/1.1" 200 22
116.224.253.72 - - [21/Feb/2021:07:21:20 +0800] "GET /xingrg/all/function/internal_message.html?_=1613863274219&CODE_STATE=getMsg HTTP/1.1" 200 27
120.253.135.82 - - [21/Feb/2021:07:21:20 +0800] "POST /xingrg/kc/pszx/mdps_list_operate.html HTTP/1.1" 200 599
120.253.135.82 - - [21/Feb/2021:07:21:21 +0800] "GET /xingrg/kc/pszx/mdps_order_info.html?code=312021022100433 HTTP/1.1" 200 23881
120.253.135.82 - - [21/Feb/2021:07:21:22 +0800] "POST /xingrg/kc/pszx/mdps_order_operate.html HTTP/1.1" 200 5686
120.253.135.82 - - [21/Feb/2021:07:21:22 +0800] "GET /xingrg/javascript/easyui/themes/default/validatebox.css HTTP/1.1" 404 1104
120.253.135.82 - - [21/Feb/2021:07:21:25 +0800] "POST /xingrg/kc/pszx/mdps_order_operate.html HTTP/1.1" 200 37
120.253.135.82 - - [21/Feb/2021:07:21:26 +0800] "GET /xingrg/kc/pszx/mdps_order_info.html?code=312021022100433 HTTP/1.1" 200 23881
120.253.135.82 - - [21/Feb/2021:07:21:26 +0800] "POST /xingrg/kc/pszx/mdps_order_operate.html HTTP/1.1" 200 5745
120.253.135.82 - - [21/Feb/2021:07:21:26 +0800] "GET /xingrg/javascript/easyui/themes/default/validatebox.css HTTP/1.1" 404 1104
116.227.208.86 - - [21/Feb/2021:07:21:29 +0800] "GET /xingrg/all/function/internal_message.html?_=1613863282649&CODE_STATE=getMsg HTTP/1.1" 200 27
114.88.166.193 - - [21/Feb/2021:07:21:36 +0800] "GET /xingrg/all/function/internal_message.html?_=1613863288147&CODE_STATE=getMsg HTTP/1.1" 200 27
116.224.253.72 - - [21/Feb/2021:07:21:40 +0800] "GET /xingrg/all/function/internal_message.html?_=1613863272072&CODE_STATE=getMsg HTTP/1.1" 200 27
58.37.230.33 - - [21/Feb/2021:07:21:41 +0800] "GET /xingrg/all/function/internal_message.html?_=1613863303156&CODE_STATE=getMsg HTTP/1.1" 200 27
223.167.127.36 - - [21/Feb/2021:07:21:49 +0800] "GET /xingrg/check_reg.html?_=1613863305544 HTTP/1.1" 200 22
223.167.127.36 - - [21/Feb/2021:07:21:49 +0800] "GET /xingrg/all/function/internal_message.html?_=1613863305547&CODE_STATE=getMsg HTTP/1.1" 200 27
101.228.165.73 - - [21/Feb/2021:07:21:54 +0800] "POST /xingrg/services/DataTransmitService HTTP/1.1" 200 524
117.185.32.26 - - [21/Feb/2021:07:22:00 +0800] "GET /xingrg/all/function/internal_message.html?_=1613863308759&CODE_STATE=getMsg HTTP/1.1" 200 27
120.253.135.82 - - [21/Feb/2021:07:22:06 +0800] "GET /xingrg/kc/pszx/mdps_order_operate.html?command=get_materiel&pszx_code=00101&rest_code=00106&base_code=0010246&code=00101010222 HTTP/1.1" 200 447
120.253.135.82 - - [21/Feb/2021:07:22:09 +0800] "GET /xingrg/all/function/internal_message.html?_=1613863091769&CODE_STATE=getMsg HTTP/1.1" 200 27
120.253.135.82 - - [21/Feb/2021:07:22:14 +0800] "POST /xingrg/kc/pszx/mdps_order_operate.html HTTP/1.1" 200 37
120.253.135.82 - - [21/Feb/2021:07:22:15 +0800] "GET /xingrg/kc/pszx/mdps_order_info.html?code=312021022100433 HTTP/1.1" 200 23881
120.253.135.82 - - [21/Feb/2021:07:22:15 +0800] "POST /xingrg/kc/pszx/mdps_order_operate.html HTTP/1.1" 200 5753
120.253.135.82 - - [21/Feb/2021:07:22:15 +0800] "GET /xingrg/javascript/easyui/themes/default/validatebox.css HTTP/1.1" 404 1104
116.224.253.72 - - [21/Feb/2021:07:22:20 +0800] "GET /xingrg/all/function/internal_message.html?_=1613863334220&CODE_STATE=getMsg HTTP/1.1" 200 27
120.253.135.82 - - [21/Feb/2021:07:22:23 +0800] "GET /xingrg/kc/pszx/mdps_order_operate.html?command=get_materiel&pszx_code=00101&rest_code=00106&base_code=0010246&code=00101019816 HTTP/1.1" 200 434
116.227.208.86 - - [21/Feb/2021:07:22:29 +0800] "GET /xingrg/all/function/internal_message.html?_=1613863342650&CODE_STATE=getMsg HTTP/1.1" 200 27
120.253.135.82 - - [21/Feb/2021:07:22:30 +0800] "POST /xingrg/kc/pszx/mdps_order_operate.html HTTP/1.1" 200 37
172.20.0.100 - - [21/Feb/2021:07:22:31 +0800] "GET /xingrg/check_reg.html?_=1613863345685 HTTP/1.1" 302 -
120.253.135.82 - - [21/Feb/2021:07:22:31 +0800] "GET /xingrg/kc/pszx/mdps_order_info.html?code=312021022100433 HTTP/1.1" 200 23881
120.253.135.82 - - [21/Feb/2021:07:22:32 +0800] "POST /xingrg/kc/pszx/mdps_order_operate.html HTTP/1.1" 200 5755
120.253.135.82 - - [21/Feb/2021:07:22:32 +0800] "GET /xingrg/javascript/easyui/themes/default/validatebox.css HTTP/1.1" 404 1104
116.230.72.231 - - [21/Feb/2021:07:22:35 +0800] "POST /xingrg/services/DataTransmitService HTTP/1.1" 200 524
116.230.72.231 - - [21/Feb/2021:07:22:35 +0800] "POST /xingrg/services/DataTransmitService HTTP/1.1" 200 501
114.88.166.193 - - [21/Feb/2021:07:22:36 +0800] "GET /xingrg/all/function/internal_message.html?_=1613863348162&CODE_STATE=getMsg HTTP/1.1" 200 27
116.224.253.72 - - [21/Feb/2021:07:22:40 +0800] "GET /xingrg/all/function/internal_message.html?_=1613863332094&CODE_STATE=getMsg HTTP/1.1" 200 27
58.37.230.33 - - [21/Feb/2021:07:22:41 +0800] "GET /xingrg/all/function/internal_message.html?_=1613863363137&CODE_STATE=getMsg HTTP/1.1" 200 27
223.167.127.36 - - [21/Feb/2021:07:22:49 +0800] "GET /xingrg/all/function/internal_message.html?_=1613863365550&CODE_STATE=getMsg HTTP/1.1" 200 27
117.185.32.26 - - [21/Feb/2021:07:23:00 +0800] "GET /xingrg/all/function/internal_message.html?_=1613863368740&CODE_STATE=getMsg HTTP/1.1" 200 27
120.253.135.82 - - [21/Feb/2021:07:23:09 +0800] "GET /xingrg/all/function/internal_message.html?_=1613863151783&CODE_STATE=getMsg HTTP/1.1" 200 27
117.185.32.26 - - [21/Feb/2021:07:23:14 +0800] "POST /xingrg/services/DataTransmitService HTTP/1.1" 200 524
116.224.253.72 - - [21/Feb/2021:07:23:20 +0800] "GET /xingrg/all/function/internal_message.html?_=1613863394221&CODE_STATE=getMsg HTTP/1.1" 200 27
117.185.32.26 - - [21/Feb/2021:07:23:20 +0800] "GET /xingrg/check_reg.html?_=1613863388394 HTTP/1.1" 200 22
116.224.253.72 - - [21/Feb/2021:07:23:28 +0800] "GET /xingrg/check_reg.html?_=1613863380056 HTTP/1.1" 200 22
116.227.208.86 - - [21/Feb/2021:07:23:29 +0800] "GET /xingrg/all/function/internal_message.html?_=1613863402652&CODE_STATE=getMsg HTTP/1.1" 200 27
114.88.166.193 - - [21/Feb/2021:07:23:36 +0800] "GET /xingrg/all/function/internal_message.html?_=1613863408190&CODE_STATE=getMsg HTTP/1.1" 200 27
116.224.253.72 - - [21/Feb/2021:07:23:40 +0800] "GET /xingrg/all/function/internal_message.html?_=1613863392099&CODE_STATE=getMsg HTTP/1.1" 200 27
58.37.230.33 - - [21/Feb/2021:07:23:41 +0800] "GET /xingrg/all/function/internal_message.html?_=1613863423108&CODE_STATE=getMsg HTTP/1.1" 200 27
223.167.127.36 - - [21/Feb/2021:07:23:49 +0800] "GET /xingrg/all/function/internal_message.html?_=1613863425549&CODE_STATE=getMsg HTTP/1.1" 200 27
120.253.135.82 - - [21/Feb/2021:07:23:55 +0800] "POST /xingrg/kc/pszx/mdps_order_operate.html HTTP/1.1" 200 37
120.253.135.82 - - [21/Feb/2021:07:23:56 +0800] "GET /xingrg/kc/pszx/mdps_order_info.html?code=312021022100433 HTTP/1.1" 200 23881
120.253.135.82 - - [21/Feb/2021:07:23:56 +0800] "POST /xingrg/kc/pszx/mdps_order_operate.html HTTP/1.1" 200 5755
120.253.135.82 - - [21/Feb/2021:07:23:56 +0800] "GET /xingrg/javascript/easyui/themes/default/validatebox.css HTTP/1.1" 404 1104
117.185.32.26 - - [21/Feb/2021:07:24:00 +0800] "GET /xingrg/all/function/internal_message.html?_=1613863428709&CODE_STATE=getMsg HTTP/1.1" 200 27
120.204.17.72 - - [21/Feb/2021:07:24:01 +0800] "GET /xingrg/all/function/internal_message.html?_=1613863368740&CODE_STATE=getMsg HTTP/1.1" 302 -
120.204.17.72 - - [21/Feb/2021:07:24:01 +0800] "GET /xingrg/login.html HTTP/1.1" 200 7641
120.253.135.82 - - [21/Feb/2021:07:24:09 +0800] "GET /xingrg/all/function/internal_message.html?_=1613863211796&CODE_STATE=getMsg HTTP/1.1" 200 27
120.204.17.70 - - [21/Feb/2021:07:24:19 +0800] "GET /xingrg/check_reg.html?_=1613863388394 HTTP/1.1" 302 -
116.224.253.72 - - [21/Feb/2021:07:24:20 +0800] "GET /xingrg/all/function/internal_message.html?_=1613863454221&CODE_STATE=getMsg HTTP/1.1" 200 27
120.204.17.70 - - [21/Feb/2021:07:24:20 +0800] "GET /xingrg/login.html HTTP/1.1" 200 7641
114.88.166.193 - - [21/Feb/2021:07:24:26 +0800] "GET /xingrg/check_reg.html?_=1613863458017 HTTP/1.1" 200 22
116.227.208.86 - - [21/Feb/2021:07:24:29 +0800] "GET /xingrg/check_reg.html?_=1613863462655 HTTP/1.1" 200 22
116.227.208.86 - - [21/Feb/2021:07:24:29 +0800] "GET /xingrg/all/function/internal_message.html?_=1613863462658&CODE_STATE=getMsg HTTP/1.1" 200 27
120.253.135.82 - - [21/Feb/2021:07:24:35 +0800] "POST /xingrg/kc/pszx/mdps_order_operate.html HTTP/1.1" 200 37
120.253.135.82 - - [21/Feb/2021:07:24:35 +0800] "GET /xingrg/kc/pszx/mdps_order_info.html?code=312021022100433 HTTP/1.1" 200 23881
120.253.135.82 - - [21/Feb/2021:07:24:36 +0800] "POST /xingrg/kc/pszx/mdps_order_operate.html HTTP/1.1" 200 5755
120.253.135.82 - - [21/Feb/2021:07:24:36 +0800] "GET /xingrg/javascript/easyui/themes/default/validatebox.css HTTP/1.1" 404 1104
114.88.166.193 - - [21/Feb/2021:07:24:36 +0800] "GET /xingrg/all/function/internal_message.html?_=1613863468204&CODE_STATE=getMsg HTTP/1.1" 200 27
120.253.135.82 - - [21/Feb/2021:07:24:38 +0800] "POST /xingrg/kc/pszx/mdps_list_operate.html HTTP/1.1" 200 4216
116.224.253.72 - - [21/Feb/2021:07:24:40 +0800] "GET /xingrg/all/function/internal_message.html?_=1613863452113&CODE_STATE=getMsg HTTP/1.1" 200 27
58.37.230.33 - - [21/Feb/2021:07:24:41 +0800] "GET /xingrg/all/function/internal_message.html?_=1613863483082&CODE_STATE=getMsg HTTP/1.1" 200 27
120.253.135.82 - - [21/Feb/2021:07:24:44 +0800] "GET /xingrg/kc/pszx/mdqp_order_list.html?state=10 HTTP/1.1" 200 10611
120.253.135.82 - - [21/Feb/2021:07:24:44 +0800] "GET /xingrg/dwr/interface/AjaxReportQueryService.js HTTP/1.1" 200 13203
120.253.135.82 - - [21/Feb/2021:07:24:44 +0800] "GET /xingrg/dwr/interface/AjaxQqpsService.js HTTP/1.1" 200 16326
120.253.135.82 - - [21/Feb/2021:07:24:44 +0800] "GET /xingrg/dwr/engine.js HTTP/1.1" 200 43631
120.253.135.82 - - [21/Feb/2021:07:24:46 +0800] "GET /xingrg/kc/pszx/mdqp_order_info.html?code=302021022000296 HTTP/1.1" 200 13350
120.253.135.82 - - [21/Feb/2021:07:24:46 +0800] "GET /xingrg/dwr/interface/AjaxComOrderService.js HTTP/1.1" 200 18264
120.253.135.82 - - [21/Feb/2021:07:24:46 +0800] "GET /xingrg/dwr/interface/AjaxQqpsService.js HTTP/1.1" 200 16326
120.253.135.82 - - [21/Feb/2021:07:24:46 +0800] "GET /xingrg/dwr/engine.js HTTP/1.1" 200 43631
120.253.135.82 - - [21/Feb/2021:07:24:47 +0800] "POST /xingrg/dwr/call/plaincall/AjaxQqpsService.loadMaterielItems.dwr HTTP/1.1" 200 3426
120.253.135.82 - - [21/Feb/2021:07:24:49 +0800] "GET /xingrg/images/yd/bt.gif HTTP/1.1" 404 1040
120.253.135.82 - - [21/Feb/2021:07:24:49 +0800] "GET /xingrg/images/yd/bt2.gif HTTP/1.1" 404 1042
223.167.127.36 - - [21/Feb/2021:07:24:49 +0800] "GET /xingrg/all/function/internal_message.html?_=1613863485550&CODE_STATE=getMsg HTTP/1.1" 200 27
120.253.135.82 - - [21/Feb/2021:07:24:59 +0800] "GET /xingrg/kc/pszx/mdqp_order_list.html?isBack=1 HTTP/1.1" 302 -
120.253.135.82 - - [21/Feb/2021:07:24:59 +0800] "GET /xingrg/kc/pszx/mdqp_order_list.html?state=10 HTTP/1.1" 200 10611
120.253.135.82 - - [21/Feb/2021:07:24:59 +0800] "GET /xingrg/dwr/interface/AjaxReportQueryService.js HTTP/1.1" 200 13203
120.253.135.82 - - [21/Feb/2021:07:24:59 +0800] "GET /xingrg/dwr/engine.js HTTP/1.1" 200 43631
120.253.135.82 - - [21/Feb/2021:07:24:59 +0800] "GET /xingrg/dwr/interface/AjaxQqpsService.js HTTP/1.1" 200 16326
117.185.32.26 - - [21/Feb/2021:07:25:00 +0800] "GET /xingrg/all/function/internal_message.html?_=1613863488684&CODE_STATE=getMsg HTTP/1.1" 200 27
120.253.135.82 - - [21/Feb/2021:07:25:05 +0800] "GET /xingrg/check_reg.html?_=1613863268429 HTTP/1.1" 200 22
120.253.135.82 - - [21/Feb/2021:07:25:09 +0800] "GET /xingrg/all/function/internal_message.html?_=1613863271810&CODE_STATE=getMsg HTTP/1.1" 200 27
116.224.253.72 - - [21/Feb/2021:07:25:20 +0800] "GET /xingrg/all/function/internal_message.html?_=1613863514223&CODE_STATE=getMsg HTTP/1.1" 200 27
116.227.208.86 - - [21/Feb/2021:07:25:29 +0800] "GET /xingrg/all/function/internal_message.html?_=1613863522645&CODE_STATE=getMsg HTTP/1.1" 200 27
114.88.166.193 - - [21/Feb/2021:07:25:36 +0800] "GET /xingrg/all/function/internal_message.html?_=1613863528217&CODE_STATE=getMsg HTTP/1.1" 200 27
116.224.253.72 - - [21/Feb/2021:07:25:41 +0800] "GET /xingrg/all/function/internal_message.html?_=1613863512134&CODE_STATE=getMsg HTTP/1.1" 200 27
58.37.230.33 - - [21/Feb/2021:07:25:41 +0800] "GET /xingrg/all/function/internal_message.html?_=1613863543060&CODE_STATE=getMsg HTTP/1.1" 200 27
101.228.165.73 - - [21/Feb/2021:07:25:43 +0800] "GET /xingrg/check_reg.html?_=1613863532820 HTTP/1.1" 200 22
223.167.127.36 - - [21/Feb/2021:07:25:49 +0800] "GET /xingrg/all/function/internal_message.html?_=1613863545549&CODE_STATE=getMsg HTTP/1.1" 200 27
120.253.135.82 - - [21/Feb/2021:07:25:57 +0800] "GET /xingrg/kc/pszx/mdqp_order_list.html?state=10 HTTP/1.1" 200 10611
120.253.135.82 - - [21/Feb/2021:07:25:57 +0800] "GET /xingrg/dwr/interface/AjaxReportQueryService.js HTTP/1.1" 200 13203
120.253.135.82 - - [21/Feb/2021:07:25:57 +0800] "GET /xingrg/dwr/interface/AjaxQqpsService.js HTTP/1.1" 200 16326
120.253.135.82 - - [21/Feb/2021:07:25:57 +0800] "GET /xingrg/dwr/engine.js HTTP/1.1" 200 43631
117.185.32.26 - - [21/Feb/2021:07:26:00 +0800] "GET /xingrg/all/function/internal_message.html?_=1613863548670&CODE_STATE=getMsg HTTP/1.1" 200 27
120.253.135.82 - - [21/Feb/2021:07:26:03 +0800] "GET /xingrg/kc/report/report_main.html HTTP/1.1" 200 9370
120.253.135.82 - - [21/Feb/2021:07:26:03 +0800] "GET /xingrg/javascript/jquery_ui/themes/humanity/humanity.css HTTP/1.1" 304 -
120.253.135.82 - - [21/Feb/2021:07:26:04 +0800] "GET /xingrg/kc/base/kc_stocks.html HTTP/1.1" 200 16380
120.253.135.82 - - [21/Feb/2021:07:26:04 +0800] "GET /xingrg/javascript/easyui/themes/sunny/easyui.css HTTP/1.1" 304 -
120.253.135.82 - - [21/Feb/2021:07:26:04 +0800] "GET /xingrg/javascript/easyui/themes/icons/print_new.png HTTP/1.1" 304 -
120.253.135.82 - - [21/Feb/2021:07:26:04 +0800] "GET /xingrg/javascript/easyui/themes/icons/refresh_new.png HTTP/1.1" 304 -
120.253.135.82 - - [21/Feb/2021:07:26:04 +0800] "GET /xingrg/javascript/easyui/themes/icons/filter_new.png HTTP/1.1" 304 -
120.253.135.82 - - [21/Feb/2021:07:26:04 +0800] "GET /xingrg/javascript/easyui/plugins/jquery.draggable.js HTTP/1.1" 304 -
120.253.135.82 - - [21/Feb/2021:07:26:04 +0800] "GET /xingrg/javascript/easyui/plugins/jquery.droppable.js HTTP/1.1" 304 -
120.253.135.82 - - [21/Feb/2021:07:26:04 +0800] "GET /xingrg/javascript/easyui/themes/default/tree.css HTTP/1.1" 404 1090
120.253.135.82 - - [21/Feb/2021:07:26:04 +0800] "GET /xingrg/javascript/easyui/plugins/jquery.tree.js HTTP/1.1" 304 -
120.253.135.82 - - [21/Feb/2021:07:26:04 +0800] "POST /xingrg/all/common/load_tree.html?tree=materiel_sort_tree_json HTTP/1.1" 200 8666
120.253.135.82 - - [21/Feb/2021:07:26:04 +0800] "GET /xingrg/javascript/easyui/themes/sunny/images/tree_arrows.gif HTTP/1.1" 304 -
120.253.135.82 - - [21/Feb/2021:07:26:04 +0800] "GET /xingrg/javascript/easyui/themes/sunny/images/tree_folder_open.gif HTTP/1.1" 304 -
120.253.135.82 - - [21/Feb/2021:07:26:04 +0800] "GET /xingrg/javascript/easyui/themes/sunny/images/tree_file.gif HTTP/1.1" 304 -
120.253.135.82 - - [21/Feb/2021:07:26:04 +0800] "GET /xingrg/javascript/easyui/themes/sunny/images/tree_folder.gif HTTP/1.1" 304 -
