120.253.135.82 - - [21/Feb/2021:08:17:17 +0800] "GET /xingrg/dwr/interface/AjaxReportQueryService.js HTTP/1.1" 200 13203
120.253.135.82 - - [21/Feb/2021:08:17:17 +0800] "GET /xingrg/dwr/engine.js HTTP/1.1" 200 43631
116.224.253.72 - - [21/Feb/2021:08:17:20 +0800] "GET /xingrg/all/function/internal_message.html?_=1613866634223&CODE_STATE=getMsg HTTP/1.1" 200 27
120.253.135.82 - - [21/Feb/2021:08:17:22 +0800] "GET /xingrg/kc/pszx/mdth_order_list.html HTTP/1.1" 200 18577
120.253.135.82 - - [21/Feb/2021:08:17:22 +0800] "POST /xingrg/kc/pszx/mdth_order_new_list.html HTTP/1.1" 200 4657
120.253.135.82 - - [21/Feb/2021:08:17:26 +0800] "GET /xingrg/kc/pszx/mdqp_order_list.html?state=10 HTTP/1.1" 200 10611
120.253.135.82 - - [21/Feb/2021:08:17:26 +0800] "GET /xingrg/dwr/interface/AjaxReportQueryService.js HTTP/1.1" 200 13203
120.253.135.82 - - [21/Feb/2021:08:17:26 +0800] "GET /xingrg/dwr/interface/AjaxQqpsService.js HTTP/1.1" 200 16326
120.253.135.82 - - [21/Feb/2021:08:17:26 +0800] "GET /xingrg/dwr/engine.js HTTP/1.1" 200 43631
116.227.208.86 - - [21/Feb/2021:08:17:29 +0800] "GET /xingrg/all/function/internal_message.html?_=1613866642645&CODE_STATE=getMsg HTTP/1.1" 200 27
172.20.0.100 - - [21/Feb/2021:08:17:31 +0800] "GET /xingrg/check_reg.html?_=1613866645500 HTTP/1.1" 302 -
120.253.135.82 - - [21/Feb/2021:08:17:32 +0800] "GET /xingrg/kc/pszx/mdqp_order_list.html?state=10 HTTP/1.1" 200 10611
120.253.135.82 - - [21/Feb/2021:08:17:32 +0800] "GET /xingrg/dwr/interface/AjaxReportQueryService.js HTTP/1.1" 200 13203
120.253.135.82 - - [21/Feb/2021:08:17:32 +0800] "GET /xingrg/dwr/interface/AjaxQqpsService.js HTTP/1.1" 200 16326
120.253.135.82 - - [21/Feb/2021:08:17:32 +0800] "GET /xingrg/dwr/engine.js HTTP/1.1" 200 43631
114.88.166.193 - - [21/Feb/2021:08:17:37 +0800] "GET /xingrg/all/function/internal_message.html?_=1613866649206&CODE_STATE=getMsg HTTP/1.1" 200 27
58.37.230.33 - - [21/Feb/2021:08:17:40 +0800] "GET /xingrg/all/function/internal_message.html?_=1613866661908&CODE_STATE=getMsg HTTP/1.1" 200 27
116.224.253.72 - - [21/Feb/2021:08:17:41 +0800] "GET /xingrg/all/function/internal_message.html?_=1613866632858&CODE_STATE=getMsg HTTP/1.1" 200 27
223.167.127.36 - - [21/Feb/2021:08:17:49 +0800] "GET /xingrg/all/function/internal_message.html?_=1613866665595&CODE_STATE=getMsg HTTP/1.1" 200 27
117.185.32.26 - - [21/Feb/2021:08:17:59 +0800] "GET /xingrg/all/function/internal_message.html?_=1613866667403&CODE_STATE=getMsg HTTP/1.1" 200 27
120.253.135.82 - - [21/Feb/2021:08:18:04 +0800] "GET /xingrg/kc/pszx/mdqp_order_list.html?state=10 HTTP/1.1" 200 10611
120.253.135.82 - - [21/Feb/2021:08:18:04 +0800] "GET /xingrg/dwr/interface/AjaxQqpsService.js HTTP/1.1" 200 16326
120.253.135.82 - - [21/Feb/2021:08:18:04 +0800] "GET /xingrg/dwr/interface/AjaxReportQueryService.js HTTP/1.1" 200 13203
120.253.135.82 - - [21/Feb/2021:08:18:04 +0800] "GET /xingrg/dwr/engine.js HTTP/1.1" 200 43631
120.253.135.82 - - [21/Feb/2021:08:18:10 +0800] "GET /xingrg/all/function/internal_message.html?_=1613866453590&CODE_STATE=getMsg HTTP/1.1" 200 27
117.185.32.26 - - [21/Feb/2021:08:18:19 +0800] "GET /xingrg/check_reg.html?_=1613866688197 HTTP/1.1" 200 22
116.224.253.72 - - [21/Feb/2021:08:18:20 +0800] "GET /xingrg/all/function/internal_message.html?_=1613866694224&CODE_STATE=getMsg HTTP/1.1" 200 27
116.224.253.72 - - [21/Feb/2021:08:18:29 +0800] "GET /xingrg/check_reg.html?_=1613866680116 HTTP/1.1" 200 22
116.227.208.86 - - [21/Feb/2021:08:18:29 +0800] "GET /xingrg/all/function/internal_message.html?_=1613866702647&CODE_STATE=getMsg HTTP/1.1" 200 27
120.253.135.82 - - [21/Feb/2021:08:18:33 +0800] "GET /favicon.ico HTTP/1.1" 404 -
114.88.166.193 - - [21/Feb/2021:08:18:37 +0800] "GET /xingrg/all/function/internal_message.html?_=1613866709230&CODE_STATE=getMsg HTTP/1.1" 200 27
58.37.230.33 - - [21/Feb/2021:08:18:40 +0800] "GET /xingrg/all/function/internal_message.html?_=1613866721886&CODE_STATE=getMsg HTTP/1.1" 200 27
116.224.253.72 - - [21/Feb/2021:08:18:41 +0800] "GET /xingrg/all/function/internal_message.html?_=1613866692863&CODE_STATE=getMsg HTTP/1.1" 200 27
223.167.127.36 - - [21/Feb/2021:08:18:49 +0800] "GET /xingrg/all/function/internal_message.html?_=1613866725600&CODE_STATE=getMsg HTTP/1.1" 200 27
183.192.164.97 - - [21/Feb/2021:08:18:58 +0800] "GET /xingrg/all/function/internal_message.html?_=1613866667403&CODE_STATE=getMsg HTTP/1.1" 302 -
117.185.32.26 - - [21/Feb/2021:08:18:59 +0800] "GET /xingrg/all/function/internal_message.html?_=1613866727372&CODE_STATE=getMsg HTTP/1.1" 200 27
183.192.164.97 - - [21/Feb/2021:08:18:59 +0800] "GET /xingrg/login.html HTTP/1.1" 200 7641
120.253.135.82 - - [21/Feb/2021:08:19:11 +0800] "GET /xingrg/all/function/internal_message.html?_=1613866513711&CODE_STATE=getMsg HTTP/1.1" 200 27
116.224.253.72 - - [21/Feb/2021:08:19:20 +0800] "GET /xingrg/all/function/internal_message.html?_=1613866754225&CODE_STATE=getMsg HTTP/1.1" 200 27
183.192.164.71 - - [21/Feb/2021:08:19:20 +0800] "GET /xingrg/check_reg.html?_=1613866688197 HTTP/1.1" 302 -
183.192.164.71 - - [21/Feb/2021:08:19:22 +0800] "GET /xingrg/login.html HTTP/1.1" 200 7641
114.88.166.193 - - [21/Feb/2021:08:19:26 +0800] "GET /xingrg/check_reg.html?_=1613866758082 HTTP/1.1" 200 22
116.227.208.86 - - [21/Feb/2021:08:19:29 +0800] "GET /xingrg/all/function/internal_message.html?_=1613866762651&CODE_STATE=getMsg HTTP/1.1" 200 27
116.227.208.86 - - [21/Feb/2021:08:19:29 +0800] "GET /xingrg/check_reg.html?_=1613866762651 HTTP/1.1" 200 22
114.88.166.193 - - [21/Feb/2021:08:19:37 +0800] "GET /xingrg/all/function/internal_message.html?_=1613866769248&CODE_STATE=getMsg HTTP/1.1" 200 27
58.37.230.33 - - [21/Feb/2021:08:19:40 +0800] "GET /xingrg/all/function/internal_message.html?_=1613866781855&CODE_STATE=getMsg HTTP/1.1" 200 27
116.224.253.72 - - [21/Feb/2021:08:19:41 +0800] "GET /xingrg/all/function/internal_message.html?_=1613866752875&CODE_STATE=getMsg HTTP/1.1" 200 27
223.167.127.36 - - [21/Feb/2021:08:19:49 +0800] "GET /xingrg/all/function/internal_message.html?_=1613866785601&CODE_STATE=getMsg HTTP/1.1" 200 27
117.185.32.26 - - [21/Feb/2021:08:19:59 +0800] "GET /xingrg/all/function/internal_message.html?_=1613866787351&CODE_STATE=getMsg HTTP/1.1" 200 27
120.253.135.82 - - [21/Feb/2021:08:20:06 +0800] "GET /xingrg/check_reg.html?_=1613866568688 HTTP/1.1" 200 22
120.253.135.82 - - [21/Feb/2021:08:20:11 +0800] "GET /xingrg/all/function/internal_message.html?_=1613866573727&CODE_STATE=getMsg HTTP/1.1" 200 27
116.224.253.72 - - [21/Feb/2021:08:20:20 +0800] "GET /xingrg/all/function/internal_message.html?_=1613866814225&CODE_STATE=getMsg HTTP/1.1" 200 27
116.227.208.86 - - [21/Feb/2021:08:20:29 +0800] "GET /xingrg/all/function/internal_message.html?_=1613866822653&CODE_STATE=getMsg HTTP/1.1" 200 27
114.88.166.193 - - [21/Feb/2021:08:20:37 +0800] "GET /xingrg/all/function/internal_message.html?_=1613866829261&CODE_STATE=getMsg HTTP/1.1" 200 27
58.37.230.33 - - [21/Feb/2021:08:20:40 +0800] "GET /xingrg/all/function/internal_message.html?_=1613866841829&CODE_STATE=getMsg HTTP/1.1" 200 27
116.224.253.72 - - [21/Feb/2021:08:20:41 +0800] "GET /xingrg/all/function/internal_message.html?_=1613866812896&CODE_STATE=getMsg HTTP/1.1" 200 27
101.228.165.73 - - [21/Feb/2021:08:20:43 +0800] "GET /xingrg/check_reg.html?_=1613866832881 HTTP/1.1" 200 22
223.167.127.36 - - [21/Feb/2021:08:20:49 +0800] "GET /xingrg/all/function/internal_message.html?_=1613866845599&CODE_STATE=getMsg HTTP/1.1" 200 27
117.185.32.26 - - [21/Feb/2021:08:20:59 +0800] "GET /xingrg/all/function/internal_message.html?_=1613866847353&CODE_STATE=getMsg HTTP/1.1" 200 27
58.37.230.33 - - [21/Feb/2021:08:21:05 +0800] "GET /xingrg/check_reg.html?_=1613866866905 HTTP/1.1" 200 22
120.253.135.82 - - [21/Feb/2021:08:21:11 +0800] "GET /xingrg/all/function/internal_message.html?_=1613866633741&CODE_STATE=getMsg HTTP/1.1" 200 27
116.224.253.72 - - [21/Feb/2021:08:21:20 +0800] "GET /xingrg/all/function/internal_message.html?_=1613866874227&CODE_STATE=getMsg HTTP/1.1" 200 27
116.224.253.72 - - [21/Feb/2021:08:21:20 +0800] "GET /xingrg/check_reg.html?_=1613866874226 HTTP/1.1" 200 22
116.227.208.86 - - [21/Feb/2021:08:21:29 +0800] "GET /xingrg/all/function/internal_message.html?_=1613866882643&CODE_STATE=getMsg HTTP/1.1" 200 27
114.88.166.193 - - [21/Feb/2021:08:21:37 +0800] "GET /xingrg/all/function/internal_message.html?_=1613866889287&CODE_STATE=getMsg HTTP/1.1" 200 27
58.37.230.33 - - [21/Feb/2021:08:21:40 +0800] "GET /xingrg/all/function/internal_message.html?_=1613866901805&CODE_STATE=getMsg HTTP/1.1" 200 27
116.224.253.72 - - [21/Feb/2021:08:21:41 +0800] "GET /xingrg/all/function/internal_message.html?_=1613866872903&CODE_STATE=getMsg HTTP/1.1" 200 27
120.253.135.82 - - [21/Feb/2021:08:21:46 +0800] "GET /xingrg/kc/pszx/mdqp_order_list.html?state=10 HTTP/1.1" 200 10611
120.253.135.82 - - [21/Feb/2021:08:21:46 +0800] "GET /xingrg/dwr/interface/AjaxReportQueryService.js HTTP/1.1" 200 13203
120.253.135.82 - - [21/Feb/2021:08:21:46 +0800] "GET /xingrg/dwr/interface/AjaxQqpsService.js HTTP/1.1" 200 16326
120.253.135.82 - - [21/Feb/2021:08:21:46 +0800] "GET /xingrg/dwr/engine.js HTTP/1.1" 200 43631
223.167.127.36 - - [21/Feb/2021:08:21:49 +0800] "GET /xingrg/all/function/internal_message.html?_=1613866905600&CODE_STATE=getMsg HTTP/1.1" 200 27
223.167.127.36 - - [21/Feb/2021:08:21:49 +0800] "GET /xingrg/check_reg.html?_=1613866905601 HTTP/1.1" 200 22
120.253.135.82 - - [21/Feb/2021:08:21:51 +0800] "GET /xingrg/kc/pszx/mdqp_order_list.html?state=10 HTTP/1.1" 200 10611
120.253.135.82 - - [21/Feb/2021:08:21:51 +0800] "GET /xingrg/dwr/interface/AjaxQqpsService.js HTTP/1.1" 200 16326
120.253.135.82 - - [21/Feb/2021:08:21:51 +0800] "GET /xingrg/dwr/interface/AjaxReportQueryService.js HTTP/1.1" 200 13203
120.253.135.82 - - [21/Feb/2021:08:21:51 +0800] "GET /xingrg/dwr/engine.js HTTP/1.1" 200 43631
117.185.32.26 - - [21/Feb/2021:08:21:59 +0800] "GET /xingrg/all/function/internal_message.html?_=1613866907334&CODE_STATE=getMsg HTTP/1.1" 200 27
120.253.135.82 - - [21/Feb/2021:08:21:59 +0800] "GET /xingrg/kc/pszx/mdqp_order_list.html?state=10 HTTP/1.1" 200 10611
120.253.135.82 - - [21/Feb/2021:08:21:59 +0800] "GET /xingrg/dwr/interface/AjaxQqpsService.js HTTP/1.1" 200 16326
120.253.135.82 - - [21/Feb/2021:08:21:59 +0800] "GET /xingrg/dwr/interface/AjaxReportQueryService.js HTTP/1.1" 200 13203
120.253.135.82 - - [21/Feb/2021:08:21:59 +0800] "GET /xingrg/dwr/engine.js HTTP/1.1" 200 43631
120.253.135.82 - - [21/Feb/2021:08:22:09 +0800] "GET /xingrg/kc/pszx/mdqp_order_list.html?state=10 HTTP/1.1" 200 10611
120.253.135.82 - - [21/Feb/2021:08:22:09 +0800] "GET /xingrg/dwr/interface/AjaxReportQueryService.js HTTP/1.1" 200 13203
120.253.135.82 - - [21/Feb/2021:08:22:09 +0800] "GET /xingrg/dwr/interface/AjaxQqpsService.js HTTP/1.1" 200 16326
120.253.135.82 - - [21/Feb/2021:08:22:09 +0800] "GET /xingrg/dwr/engine.js HTTP/1.1" 200 43631
120.253.135.82 - - [21/Feb/2021:08:22:11 +0800] "GET /xingrg/all/function/internal_message.html?_=1613866693754&CODE_STATE=getMsg HTTP/1.1" 200 27
120.253.135.82 - - [21/Feb/2021:08:22:14 +0800] "GET /xingrg/kc/pszx/mdqp_order_list.html?state=10 HTTP/1.1" 200 10611
120.253.135.82 - - [21/Feb/2021:08:22:14 +0800] "GET /xingrg/dwr/interface/AjaxQqpsService.js HTTP/1.1" 200 16326
120.253.135.82 - - [21/Feb/2021:08:22:14 +0800] "GET /xingrg/dwr/interface/AjaxReportQueryService.js HTTP/1.1" 200 13203
120.253.135.82 - - [21/Feb/2021:08:22:14 +0800] "GET /xingrg/dwr/engine.js HTTP/1.1" 200 43631
120.253.135.82 - - [21/Feb/2021:08:22:17 +0800] "GET /xingrg/kc/pszx/mdps_order_list.html?orderType=0 HTTP/1.1" 200 21153
120.253.135.82 - - [21/Feb/2021:08:22:17 +0800] "POST /xingrg/kc/pszx/mdps_list_operate.html HTTP/1.1" 200 5268
116.224.253.72 - - [21/Feb/2021:08:22:20 +0800] "GET /xingrg/all/function/internal_message.html?_=1613866934228&CODE_STATE=getMsg HTTP/1.1" 200 27
120.253.135.82 - - [21/Feb/2021:08:22:23 +0800] "GET /xingrg/kc/pszx/mdth_order_list.html HTTP/1.1" 200 18577
120.253.135.82 - - [21/Feb/2021:08:22:24 +0800] "POST /xingrg/kc/pszx/mdth_order_new_list.html HTTP/1.1" 200 4657
120.253.135.82 - - [21/Feb/2021:08:22:25 +0800] "GET /xingrg/kc/pszx/mdqp_order_list.html?state=10 HTTP/1.1" 200 10611
120.253.135.82 - - [21/Feb/2021:08:22:25 +0800] "GET /xingrg/dwr/interface/AjaxReportQueryService.js HTTP/1.1" 200 13203
120.253.135.82 - - [21/Feb/2021:08:22:25 +0800] "GET /xingrg/dwr/interface/AjaxQqpsService.js HTTP/1.1" 200 16326
120.253.135.82 - - [21/Feb/2021:08:22:25 +0800] "GET /xingrg/dwr/engine.js HTTP/1.1" 200 43631
116.227.208.86 - - [21/Feb/2021:08:22:29 +0800] "GET /xingrg/all/function/internal_message.html?_=1613866942644&CODE_STATE=getMsg HTTP/1.1" 200 27
172.20.0.100 - - [21/Feb/2021:08:22:31 +0800] "GET /xingrg/check_reg.html?_=1613866945480 HTTP/1.1" 302 -
120.253.135.82 - - [21/Feb/2021:08:22:32 +0800] "GET /xingrg/kc/pszx/mdqp_order_list.html?state=10 HTTP/1.1" 200 10611
120.253.135.82 - - [21/Feb/2021:08:22:32 +0800] "GET /xingrg/dwr/interface/AjaxQqpsService.js HTTP/1.1" 200 16326
120.253.135.82 - - [21/Feb/2021:08:22:32 +0800] "GET /xingrg/dwr/interface/AjaxReportQueryService.js HTTP/1.1" 200 13203
120.253.135.82 - - [21/Feb/2021:08:22:32 +0800] "GET /xingrg/dwr/engine.js HTTP/1.1" 200 43631
114.88.166.193 - - [21/Feb/2021:08:22:37 +0800] "GET /xingrg/all/function/internal_message.html?_=1613866949305&CODE_STATE=getMsg HTTP/1.1" 200 27
58.37.230.33 - - [21/Feb/2021:08:22:40 +0800] "GET /xingrg/all/function/internal_message.html?_=1613866961778&CODE_STATE=getMsg HTTP/1.1" 200 27
120.253.135.82 - - [21/Feb/2021:08:22:40 +0800] "GET /xingrg/kc/pszx/mdqp_order_list.html?state=10 HTTP/1.1" 200 10611
120.253.135.82 - - [21/Feb/2021:08:22:40 +0800] "GET /xingrg/dwr/interface/AjaxReportQueryService.js HTTP/1.1" 200 13203
120.253.135.82 - - [21/Feb/2021:08:22:40 +0800] "GET /xingrg/dwr/interface/AjaxQqpsService.js HTTP/1.1" 200 16326
120.253.135.82 - - [21/Feb/2021:08:22:40 +0800] "GET /xingrg/dwr/engine.js HTTP/1.1" 200 43631
116.224.253.72 - - [21/Feb/2021:08:22:41 +0800] "GET /xingrg/all/function/internal_message.html?_=1613866932923&CODE_STATE=getMsg HTTP/1.1" 200 27
120.253.135.82 - - [21/Feb/2021:08:22:47 +0800] "GET /xingrg/kc/pszx/mdqp_order_list.html?state=10 HTTP/1.1" 200 10611
120.253.135.82 - - [21/Feb/2021:08:22:47 +0800] "GET /xingrg/dwr/interface/AjaxQqpsService.js HTTP/1.1" 200 16326
120.253.135.82 - - [21/Feb/2021:08:22:47 +0800] "GET /xingrg/dwr/interface/AjaxReportQueryService.js HTTP/1.1" 200 13203
120.253.135.82 - - [21/Feb/2021:08:22:47 +0800] "GET /xingrg/dwr/engine.js HTTP/1.1" 200 43631
223.167.127.36 - - [21/Feb/2021:08:22:49 +0800] "GET /xingrg/all/function/internal_message.html?_=1613866965600&CODE_STATE=getMsg HTTP/1.1" 200 27
120.253.135.82 - - [21/Feb/2021:08:22:54 +0800] "GET /xingrg/kc/pszx/mdqp_order_list.html?state=10 HTTP/1.1" 200 10611
120.253.135.82 - - [21/Feb/2021:08:22:54 +0800] "GET /xingrg/dwr/interface/AjaxReportQueryService.js HTTP/1.1" 200 13203
120.253.135.82 - - [21/Feb/2021:08:22:54 +0800] "GET /xingrg/dwr/interface/AjaxQqpsService.js HTTP/1.1" 200 16326
120.253.135.82 - - [21/Feb/2021:08:22:54 +0800] "GET /xingrg/dwr/engine.js HTTP/1.1" 200 43631
120.204.17.71 - - [21/Feb/2021:08:22:58 +0800] "GET /xingrg/all/function/internal_message.html?_=1613866907334&CODE_STATE=getMsg HTTP/1.1" 302 -
120.253.135.82 - - [21/Feb/2021:08:22:58 +0800] "GET /xingrg/kc/pszx/mdqp_order_list.html?state=10 HTTP/1.1" 200 10611
120.253.135.82 - - [21/Feb/2021:08:22:58 +0800] "GET /xingrg/dwr/interface/AjaxQqpsService.js HTTP/1.1" 200 16326
120.253.135.82 - - [21/Feb/2021:08:22:58 +0800] "GET /xingrg/dwr/interface/AjaxReportQueryService.js HTTP/1.1" 200 13203
120.253.135.82 - - [21/Feb/2021:08:22:58 +0800] "GET /xingrg/dwr/engine.js HTTP/1.1" 200 43631
117.185.32.26 - - [21/Feb/2021:08:22:59 +0800] "GET /xingrg/all/function/internal_message.html?_=1613866967316&CODE_STATE=getMsg HTTP/1.1" 200 27
120.204.17.71 - - [21/Feb/2021:08:22:59 +0800] "GET /xingrg/login.html HTTP/1.1" 200 7641
120.253.135.82 - - [21/Feb/2021:08:23:03 +0800] "GET /xingrg/kc/pszx/mdqp_order_list.html?state=10 HTTP/1.1" 200 10611
120.253.135.82 - - [21/Feb/2021:08:23:03 +0800] "GET /xingrg/dwr/interface/AjaxReportQueryService.js HTTP/1.1" 200 13203
120.253.135.82 - - [21/Feb/2021:08:23:03 +0800] "GET /xingrg/dwr/interface/AjaxQqpsService.js HTTP/1.1" 200 16326
120.253.135.82 - - [21/Feb/2021:08:23:03 +0800] "GET /xingrg/dwr/engine.js HTTP/1.1" 200 43631
120.253.135.82 - - [21/Feb/2021:08:23:11 +0800] "GET /xingrg/all/function/internal_message.html?_=1613866753768&CODE_STATE=getMsg HTTP/1.1" 200 27
120.253.135.82 - - [21/Feb/2021:08:23:11 +0800] "GET /xingrg/kc/pszx/mdqp_order_list.html?state=10 HTTP/1.1" 200 10611
120.253.135.82 - - [21/Feb/2021:08:23:11 +0800] "GET /xingrg/dwr/interface/AjaxQqpsService.js HTTP/1.1" 200 16326
120.253.135.82 - - [21/Feb/2021:08:23:11 +0800] "GET /xingrg/dwr/interface/AjaxReportQueryService.js HTTP/1.1" 200 13203
120.253.135.82 - - [21/Feb/2021:08:23:11 +0800] "GET /xingrg/dwr/engine.js HTTP/1.1" 200 43631
120.253.135.82 - - [21/Feb/2021:08:23:16 +0800] "GET /xingrg/kc/pszx/mdqp_order_list.html?state=10 HTTP/1.1" 200 10611
120.253.135.82 - - [21/Feb/2021:08:23:16 +0800] "GET /xingrg/dwr/interface/AjaxQqpsService.js HTTP/1.1" 200 16326
120.253.135.82 - - [21/Feb/2021:08:23:16 +0800] "GET /xingrg/dwr/interface/AjaxReportQueryService.js HTTP/1.1" 200 13203
120.253.135.82 - - [21/Feb/2021:08:23:16 +0800] "GET /xingrg/dwr/engine.js HTTP/1.1" 200 43631
117.185.32.26 - - [21/Feb/2021:08:23:19 +0800] "GET /xingrg/check_reg.html?_=1613866988195 HTTP/1.1" 200 22
116.224.253.72 - - [21/Feb/2021:08:23:20 +0800] "GET /xingrg/all/function/internal_message.html?_=1613866994228&CODE_STATE=getMsg HTTP/1.1" 200 27
120.253.135.82 - - [21/Feb/2021:08:23:21 +0800] "GET /xingrg/kc/pszx/mdqp_order_list.html?state=10 HTTP/1.1" 200 10611
120.253.135.82 - - [21/Feb/2021:08:23:21 +0800] "GET /xingrg/dwr/interface/AjaxReportQueryService.js HTTP/1.1" 200 13203
120.253.135.82 - - [21/Feb/2021:08:23:21 +0800] "GET /xingrg/dwr/interface/AjaxQqpsService.js HTTP/1.1" 200 16326
120.253.135.82 - - [21/Feb/2021:08:23:21 +0800] "GET /xingrg/dwr/engine.js HTTP/1.1" 200 43631
116.224.253.72 - - [21/Feb/2021:08:23:29 +0800] "GET /xingrg/check_reg.html?_=1613866980126 HTTP/1.1" 200 22
116.227.208.86 - - [21/Feb/2021:08:23:29 +0800] "GET /xingrg/all/function/internal_message.html?_=1613867002645&CODE_STATE=getMsg HTTP/1.1" 200 27
114.88.166.193 - - [21/Feb/2021:08:23:37 +0800] "GET /xingrg/all/function/internal_message.html?_=1613867009331&CODE_STATE=getMsg HTTP/1.1" 200 27
58.37.230.33 - - [21/Feb/2021:08:23:40 +0800] "GET /xingrg/all/function/internal_message.html?_=1613867021745&CODE_STATE=getMsg HTTP/1.1" 200 27
116.224.253.72 - - [21/Feb/2021:08:23:41 +0800] "GET /xingrg/all/function/internal_message.html?_=1613866992930&CODE_STATE=getMsg HTTP/1.1" 200 27
223.167.127.36 - - [21/Feb/2021:08:23:49 +0800] "GET /xingrg/all/function/internal_message.html?_=1613867025601&CODE_STATE=getMsg HTTP/1.1" 200 27
117.185.32.26 - - [21/Feb/2021:08:23:58 +0800] "GET /xingrg/all/function/internal_message.html?_=1613867027292&CODE_STATE=getMsg HTTP/1.1" 200 27
120.253.135.82 - - [21/Feb/2021:08:24:11 +0800] "GET /xingrg/all/function/internal_message.html?_=1613866813783&CODE_STATE=getMsg HTTP/1.1" 200 27
116.224.253.72 - - [21/Feb/2021:08:24:20 +0800] "GET /xingrg/all/function/internal_message.html?_=1613867054229&CODE_STATE=getMsg HTTP/1.1" 200 27
114.88.166.193 - - [21/Feb/2021:08:24:26 +0800] "GET /xingrg/check_reg.html?_=1613867058085 HTTP/1.1" 200 22
116.227.208.86 - - [21/Feb/2021:08:24:29 +0800] "GET /xingrg/all/function/internal_message.html?_=1613867062647&CODE_STATE=getMsg HTTP/1.1" 200 27
116.227.208.86 - - [21/Feb/2021:08:24:29 +0800] "GET /xingrg/check_reg.html?_=1613867062649 HTTP/1.1" 200 22
114.88.166.193 - - [21/Feb/2021:08:24:37 +0800] "GET /xingrg/all/function/internal_message.html?_=1613867069348&CODE_STATE=getMsg HTTP/1.1" 200 27
58.37.230.33 - - [21/Feb/2021:08:24:40 +0800] "GET /xingrg/all/function/internal_message.html?_=1613867081723&CODE_STATE=getMsg HTTP/1.1" 200 27
116.224.253.72 - - [21/Feb/2021:08:24:41 +0800] "GET /xingrg/all/function/internal_message.html?_=1613867052944&CODE_STATE=getMsg HTTP/1.1" 200 27
223.167.127.36 - - [21/Feb/2021:08:24:49 +0800] "GET /xingrg/all/function/internal_message.html?_=1613867085599&CODE_STATE=getMsg HTTP/1.1" 200 27
117.185.32.26 - - [21/Feb/2021:08:24:58 +0800] "GET /xingrg/all/function/internal_message.html?_=1613867087264&CODE_STATE=getMsg HTTP/1.1" 200 27
120.204.17.70 - - [21/Feb/2021:08:24:58 +0800] "GET /xingrg/all/function/internal_message.html?_=1613867027292&CODE_STATE=getMsg HTTP/1.1" 302 -
120.204.17.70 - - [21/Feb/2021:08:24:59 +0800] "GET /xingrg/login.html HTTP/1.1" 200 7641
120.253.135.82 - - [21/Feb/2021:08:25:06 +0800] "GET /xingrg/check_reg.html?_=1613866868787 HTTP/1.1" 200 22
120.253.135.82 - - [21/Feb/2021:08:25:11 +0800] "GET /xingrg/all/function/internal_message.html?_=1613866873794&CODE_STATE=getMsg HTTP/1.1" 200 27
116.224.253.72 - - [21/Feb/2021:08:25:20 +0800] "GET /xingrg/all/function/internal_message.html?_=1613867114231&CODE_STATE=getMsg HTTP/1.1" 200 27
116.227.208.86 - - [21/Feb/2021:08:25:29 +0800] "GET /xingrg/all/function/internal_message.html?_=1613867122653&CODE_STATE=getMsg HTTP/1.1" 200 27
114.88.166.193 - - [21/Feb/2021:08:25:37 +0800] "GET /xingrg/all/function/internal_message.html?_=1613867129360&CODE_STATE=getMsg HTTP/1.1" 200 27
58.37.230.33 - - [21/Feb/2021:08:25:40 +0800] "GET /xingrg/all/function/internal_message.html?_=1613867141701&CODE_STATE=getMsg HTTP/1.1" 200 27
116.224.253.72 - - [21/Feb/2021:08:25:41 +0800] "GET /xingrg/all/function/internal_message.html?_=1613867112966&CODE_STATE=getMsg HTTP/1.1" 200 27
101.228.165.73 - - [21/Feb/2021:08:25:43 +0800] "GET /xingrg/check_reg.html?_=1613867132887 HTTP/1.1" 200 22
223.167.127.36 - - [21/Feb/2021:08:25:49 +0800] "GET /xingrg/all/function/internal_message.html?_=1613867145618&CODE_STATE=getMsg HTTP/1.1" 200 27
117.185.32.26 - - [21/Feb/2021:08:25:58 +0800] "GET /xingrg/all/function/internal_message.html?_=1613867147240&CODE_STATE=getMsg HTTP/1.1" 200 27
58.37.230.33 - - [21/Feb/2021:08:26:05 +0800] "GET /xingrg/check_reg.html?_=1613867166880 HTTP/1.1" 200 22
120.253.135.82 - - [21/Feb/2021:08:26:11 +0800] "GET /xingrg/all/function/internal_message.html?_=1613866933808&CODE_STATE=getMsg HTTP/1.1" 200 27
116.224.253.72 - - [21/Feb/2021:08:26:20 +0800] "GET /xingrg/check_reg.html?_=1613867174232 HTTP/1.1" 200 22
116.224.253.72 - - [21/Feb/2021:08:26:20 +0800] "GET /xingrg/all/function/internal_message.html?_=1613867174233&CODE_STATE=getMsg HTTP/1.1" 200 27
116.227.208.86 - - [21/Feb/2021:08:26:29 +0800] "GET /xingrg/all/function/internal_message.html?_=1613867182656&CODE_STATE=getMsg HTTP/1.1" 200 27
114.88.166.193 - - [21/Feb/2021:08:26:37 +0800] "GET /xingrg/all/function/internal_message.html?_=1613867189388&CODE_STATE=getMsg HTTP/1.1" 200 27
58.37.230.33 - - [21/Feb/2021:08:26:40 +0800] "GET /xingrg/all/function/internal_message.html?_=1613867201671&CODE_STATE=getMsg HTTP/1.1" 200 27
116.224.253.72 - - [21/Feb/2021:08:26:41 +0800] "GET /xingrg/all/function/internal_message.html?_=1613867172970&CODE_STATE=getMsg HTTP/1.1" 200 27
223.167.127.36 - - [21/Feb/2021:08:26:49 +0800] "GET /xingrg/check_reg.html?_=1613867205617 HTTP/1.1" 200 22
223.167.127.36 - - [21/Feb/2021:08:26:49 +0800] "GET /xingrg/all/function/internal_message.html?_=1613867205618&CODE_STATE=getMsg HTTP/1.1" 200 27
117.185.32.26 - - [21/Feb/2021:08:26:58 +0800] "GET /xingrg/all/function/internal_message.html?_=1613867207220&CODE_STATE=getMsg HTTP/1.1" 200 27
120.253.135.82 - - [21/Feb/2021:08:27:11 +0800] "GET /xingrg/all/function/internal_message.html?_=1613866993924&CODE_STATE=getMsg HTTP/1.1" 200 27
116.224.253.72 - - [21/Feb/2021:08:27:20 +0800] "GET /xingrg/all/function/internal_message.html?_=1613867234218&CODE_STATE=getMsg HTTP/1.1" 200 27
116.227.208.86 - - [21/Feb/2021:08:27:29 +0800] "GET /xingrg/all/function/internal_message.html?_=1613867242644&CODE_STATE=getMsg HTTP/1.1" 200 27
172.20.0.100 - - [21/Feb/2021:08:27:31 +0800] "GET /xingrg/check_reg.html?_=1613867245452 HTTP/1.1" 302 -
114.88.166.193 - - [21/Feb/2021:08:27:37 +0800] "GET /xingrg/all/function/internal_message.html?_=1613867249404&CODE_STATE=getMsg HTTP/1.1" 200 27
58.37.230.33 - - [21/Feb/2021:08:27:40 +0800] "GET /xingrg/all/function/internal_message.html?_=1613867261643&CODE_STATE=getMsg HTTP/1.1" 200 27
116.224.253.72 - - [21/Feb/2021:08:27:41 +0800] "GET /xingrg/all/function/internal_message.html?_=1613867232993&CODE_STATE=getMsg HTTP/1.1" 200 27
223.167.127.36 - - [21/Feb/2021:08:27:49 +0800] "GET /xingrg/all/function/internal_message.html?_=1613867265617&CODE_STATE=getMsg HTTP/1.1" 200 27
117.185.32.26 - - [21/Feb/2021:08:27:58 +0800] "GET /xingrg/all/function/internal_message.html?_=1613867267188&CODE_STATE=getMsg HTTP/1.1" 200 27
120.204.17.73 - - [21/Feb/2021:08:27:59 +0800] "GET /xingrg/all/function/internal_message.html?_=1613867207220&CODE_STATE=getMsg HTTP/1.1" 302 -
120.204.17.73 - - [21/Feb/2021:08:27:59 +0800] "GET /xingrg/login.html HTTP/1.1" 200 7641
116.224.253.72 - - [21/Feb/2021:08:28:08 +0800] "GET /xingrg/login.html HTTP/1.1" 200 7641
116.224.253.72 - - [21/Feb/2021:08:28:09 +0800] "GET /favicon.ico HTTP/1.1" 404 -
120.253.135.82 - - [21/Feb/2021:08:28:11 +0800] "GET /xingrg/all/function/internal_message.html?_=1613867053929&CODE_STATE=getMsg HTTP/1.1" 200 27
116.224.253.72 - - [21/Feb/2021:08:28:15 +0800] "POST /xingrg/login.do HTTP/1.1" 302 -
116.224.253.72 - - [21/Feb/2021:08:28:15 +0800] "GET /xingrg/index.html?sysBaseUrl=http%3A%2F%2F180.169.147.146%3A18081%2Fxingrg%2F&costTime=40×tamp=1613867295797 HTTP/1.1" 200 17177
116.224.253.72 - - [21/Feb/2021:08:28:16 +0800] "GET /favicon.ico HTTP/1.1" 404 -
116.224.253.72 - - [21/Feb/2021:08:28:16 +0800] "POST /xingrg/all/common/load_tree.html?tree=area_rest_tree_json&manage=1 HTTP/1.1" 200 476
116.224.253.72 - - [21/Feb/2021:08:28:16 +0800] "GET /xingrg/all/function/internal_message.html?_=1613867292612&CODE_STATE=count HTTP/1.1" 200 11
116.224.253.72 - - [21/Feb/2021:08:28:16 +0800] "GET /xingrg/check_reg.html?_=1613867292615 HTTP/1.1" 200 22
116.224.253.72 - - [21/Feb/2021:08:28:16 +0800] "POST /xingrg/load_menu.html HTTP/1.1" 200 5138
61.165.42.208 - - [21/Feb/2021:08:28:18 +0800] "GET /favicon.ico HTTP/1.1" 404 -
61.165.42.208 - - [21/Feb/2021:08:28:19 +0800] "GET /xingrg/index.html?sysBaseUrl=http%3A%2F%2F180.169.147.146%3A18081%2Fxingrg%2F&costTime=36×tamp=1585223203754 HTTP/1.1" 302 -
61.165.42.208 - - [21/Feb/2021:08:28:19 +0800] "GET /xingrg/login.html HTTP/1.1" 200 7641
61.165.42.208 - - [21/Feb/2021:08:28:19 +0800] "GET /favicon.ico HTTP/1.1" 404 -
117.185.32.26 - - [21/Feb/2021:08:28:19 +0800] "GET /xingrg/check_reg.html?_=1613867288165 HTTP/1.1" 200 22
116.224.253.72 - - [21/Feb/2021:08:28:20 +0800] "POST /xingrg/all/user/operate.html HTTP/1.1" 200 36
116.224.253.72 - - [21/Feb/2021:08:28:20 +0800] "GET /xingrg/all/function/internal_message.html?_=1613867294219&CODE_STATE=getMsg HTTP/1.1" 200 27
116.224.253.72 - - [21/Feb/2021:08:28:20 +0800] "GET /xingrg/index.html?sysBaseUrl=http%3A%2F%2F180.169.147.146%3A18081%2Fxingrg%2F&costTime=40×tamp=1613867295797 HTTP/1.1" 200 17179
116.224.253.72 - - [21/Feb/2021:08:28:20 +0800] "GET /xingrg/javascript/jquery_easy_ui/themes/default/easyui.css HTTP/1.1" 304 -
116.224.253.72 - - [21/Feb/2021:08:28:20 +0800] "GET /xingrg/javascript/jquery_easy_ui/themes/icon.css HTTP/1.1" 304 -
116.224.253.72 - - [21/Feb/2021:08:28:20 +0800] "GET /xingrg/css/form.css HTTP/1.1" 304 -
116.224.253.72 - - [21/Feb/2021:08:28:20 +0800] "GET /xingrg/javascript/jquery-1.4.2.min.js HTTP/1.1" 304 -
116.224.253.72 - - [21/Feb/2021:08:28:20 +0800] "GET /xingrg/javascript/jquery_easy_ui/jquery.easyui.min.js HTTP/1.1" 304 -
116.224.253.72 - - [21/Feb/2021:08:28:20 +0800] "GET /xingrg/javascript/jquery_easy_ui/easyui-lang-zh_CN.js HTTP/1.1" 304 -
116.224.253.72 - - [21/Feb/2021:08:28:20 +0800] "GET /xingrg/javascript/jquery.form.js HTTP/1.1" 304 -
116.224.253.72 - - [21/Feb/2021:08:28:20 +0800] "GET /xingrg/javascript/jquery.utils.js HTTP/1.1" 304 -
116.224.253.72 - - [21/Feb/2021:08:28:20 +0800] "GET /xingrg/javascript/jquery.timers.js HTTP/1.1" 304 -
116.224.253.72 - - [21/Feb/2021:08:28:20 +0800] "GET /xingrg/images/blue/jxLogo.png HTTP/1.1" 304 -
116.224.253.72 - - [21/Feb/2021:08:28:20 +0800] "GET /xingrg/images/blue/navBackgound.jpg HTTP/1.1" 304 -
116.224.253.72 - - [21/Feb/2021:08:28:20 +0800] "GET /xingrg/javascript/jquery_easy_ui/themes/icons/settle_new.png HTTP/1.1" 304 -
116.224.253.72 - - [21/Feb/2021:08:28:20 +0800] "POST /xingrg/all/common/load_tree.html?tree=area_rest_tree_json&manage=1 HTTP/1.1" 200 476
116.224.253.72 - - [21/Feb/2021:08:28:20 +0800] "GET /xingrg/all/function/internal_message.html?_=1613867296735&CODE_STATE=count HTTP/1.1" 200 11
116.224.253.72 - - [21/Feb/2021:08:28:20 +0800] "GET /xingrg/check_reg.html?_=1613867296736 HTTP/1.1" 200 22
116.224.253.72 - - [21/Feb/2021:08:28:20 +0800] "GET /xingrg/javascript/jquery_easy_ui/themes/default/images/tabs_leftarrow.png HTTP/1.1" 304 -
116.224.253.72 - - [21/Feb/2021:08:28:20 +0800] "GET /xingrg/javascript/jquery_easy_ui/themes/default/images/panel_tool_collapse.gif HTTP/1.1" 304 -
116.224.253.72 - - [21/Feb/2021:08:28:20 +0800] "GET /xingrg/javascript/jquery_easy_ui/themes/default/images/tabs_rightarrow.png HTTP/1.1" 304 -
116.224.253.72 - - [21/Feb/2021:08:28:20 +0800] "GET /xingrg/images/blue/pingpu.png HTTP/1.1" 304 -
116.224.253.72 - - [21/Feb/2021:08:28:20 +0800] "POST /xingrg/load_menu.html HTTP/1.1" 200 5138
116.224.253.72 - - [21/Feb/2021:08:28:22 +0800] "GET /xingrg/kc/buy/cgsh_order_list.html HTTP/1.1" 200 46372
116.224.253.72 - - [21/Feb/2021:08:28:22 +0800] "GET /xingrg/javascript/easyui/themes/icons/cance_new.png HTTP/1.1" 304 -
116.224.253.72 - - [21/Feb/2021:08:28:22 +0800] "GET /xingrg/javascript/easyui/themes/icons/check_new.png HTTP/1.1" 304 -
116.224.253.72 - - [21/Feb/2021:08:28:23 +0800] "POST /xingrg/kc/buy/cgsh_list_operate.html HTTP/1.1" 200 876
116.224.253.72 - - [21/Feb/2021:08:28:23 +0800] "GET /xingrg/kc/buy/cgsh_order_add.html HTTP/1.1" 200 62028
116.224.253.72 - - [21/Feb/2021:08:28:24 +0800] "GET /xingrg/words/20210220135317_words.js HTTP/1.1" 200 795554
116.224.253.72 - - [21/Feb/2021:08:28:24 +0800] "POST /xingrg/kc/buy/cgsh_order_operate.html HTTP/1.1" 200 8245
116.224.253.72 - - [21/Feb/2021:08:28:24 +0800] "GET /xingrg/all/common/auto_word.html?type=employee&rest_code=00150 HTTP/1.1" 200 205
116.224.253.72 - - [21/Feb/2021:08:28:24 +0800] "GET /xingrg/javascript/easyui/themes/default/validatebox.css HTTP/1.1" 404 1104
116.224.253.72 - - [21/Feb/2021:08:28:24 +0800] "GET /xingrg/all/common/auto_word.html?type=employee&rest_code=00150 HTTP/1.1" 200 205
116.224.253.72 - - [21/Feb/2021:08:28:25 +0800] "GET /xingrg/javascript/auto/indicator.gif HTTP/1.1" 404 1066
116.224.253.72 - - [21/Feb/2021:08:28:29 +0800] "GET /xingrg/check_reg.html?_=1613867280130 HTTP/1.1" 200 22
116.227.208.86 - - [21/Feb/2021:08:28:29 +0800] "GET /xingrg/all/function/internal_message.html?_=1613867302645&CODE_STATE=getMsg HTTP/1.1" 200 27
222.69.136.62 - - [21/Feb/2021:08:28:29 +0800] "GET /favicon.ico HTTP/1.1" 404 -
116.224.253.72 - - [21/Feb/2021:08:28:34 +0800] "GET /xingrg/javascript/jquery_tools/images/prev.gif HTTP/1.1" 404 1086
116.224.253.72 - - [21/Feb/2021:08:28:34 +0800] "GET /xingrg/javascript/jquery_tools/images/next.gif HTTP/1.1" 404 1086
114.88.166.193 - - [21/Feb/2021:08:28:37 +0800] "GET /xingrg/all/function/internal_message.html?_=1613867309431&CODE_STATE=getMsg HTTP/1.1" 200 27
116.224.253.72 - - [21/Feb/2021:08:28:37 +0800] "GET /xingrg/kc/buy/cgsh_order_operate.html?command=get_materiel&rest_code=00150&code=00101008265&supplier_code=00100007&order_time=2021-02-21 HTTP/1.1" 200 409
61.165.42.208 - - [21/Feb/2021:08:28:38 +0800] "POST /xingrg/login.do HTTP/1.1" 200 2421
61.165.42.208 - - [21/Feb/2021:08:28:38 +0800] "GET /favicon.ico HTTP/1.1" 404 -
61.165.42.208 - - [21/Feb/2021:08:28:39 +0800] "GET /xingrg/login.html HTTP/1.1" 200 7641
61.165.42.208 - - [21/Feb/2021:08:28:39 +0800] "GET /favicon.ico HTTP/1.1" 404 -
58.37.230.33 - - [21/Feb/2021:08:28:40 +0800] "GET /xingrg/all/function/internal_message.html?_=1613867321610&CODE_STATE=getMsg HTTP/1.1" 200 27
61.165.42.208 - - [21/Feb/2021:08:28:40 +0800] "POST /xingrg/login.do HTTP/1.1" 302 -
61.165.42.208 - - [21/Feb/2021:08:28:40 +0800] "GET /xingrg/index.html?sysBaseUrl=http%3A%2F%2F180.169.147.146%3A18081%2Fxingrg%2F&costTime=40×tamp=1613867320645 HTTP/1.1" 200 17173
61.165.42.208 - - [21/Feb/2021:08:28:40 +0800] "GET /favicon.ico HTTP/1.1" 404 -
61.165.42.208 - - [21/Feb/2021:08:28:40 +0800] "POST /xingrg/all/common/load_tree.html?tree=area_rest_tree_json&manage=1 HTTP/1.1" 200 3344
61.165.42.208 - - [21/Feb/2021:08:28:40 +0800] "GET /xingrg/all/function/internal_message.html?_=1613867317462&CODE_STATE=count HTTP/1.1" 200 11
61.165.42.208 - - [21/Feb/2021:08:28:40 +0800] "GET /xingrg/check_reg.html?_=1613867317463 HTTP/1.1" 200 22
61.165.42.208 - - [21/Feb/2021:08:28:40 +0800] "POST /xingrg/load_menu.html HTTP/1.1" 200 5138
116.224.253.72 - - [21/Feb/2021:08:28:41 +0800] "GET /xingrg/all/function/internal_message.html?_=1613867292998&CODE_STATE=getMsg HTTP/1.1" 200 27
61.165.42.208 - - [21/Feb/2021:08:28:43 +0800] "GET /xingrg/kc/buy/cgsh_order_list.html HTTP/1.1" 200 46366
61.165.42.208 - - [21/Feb/2021:08:28:44 +0800] "POST /xingrg/kc/buy/cgsh_list_operate.html HTTP/1.1" 200 876
61.165.42.208 - - [21/Feb/2021:08:28:45 +0800] "GET /xingrg/kc/buy/cgsh_order_add.html HTTP/1.1" 200 62151
61.165.42.208 - - [21/Feb/2021:08:28:45 +0800] "GET /xingrg/words/20210220135317_words.js HTTP/1.1" 304 -
61.165.42.208 - - [21/Feb/2021:08:28:45 +0800] "GET /xingrg/all/common/auto_word.html?type=employee&rest_code=00105 HTTP/1.1" 200 193
61.165.42.208 - - [21/Feb/2021:08:28:45 +0800] "GET /xingrg/javascript/easyui/themes/default/validatebox.css HTTP/1.1" 404 1104
61.165.42.208 - - [21/Feb/2021:08:28:45 +0800] "GET /xingrg/all/common/auto_word.html?type=employee&rest_code=00105 HTTP/1.1" 200 193
61.165.42.208 - - [21/Feb/2021:08:28:45 +0800] "POST /xingrg/kc/buy/cgsh_order_operate.html HTTP/1.1" 200 8245
116.224.253.72 - - [21/Feb/2021:08:28:46 +0800] "GET /xingrg/kc/buy/cgsh_order_operate.html?command=get_materiel&rest_code=00150&code=00101008256&supplier_code=00100007&order_time=2021-02-21 HTTP/1.1" 200 412
61.165.42.208 - - [21/Feb/2021:08:28:48 +0800] "GET /xingrg/javascript/auto/indicator.gif HTTP/1.1" 404 1066
223.167.127.36 - - [21/Feb/2021:08:28:49 +0800] "GET /xingrg/all/function/internal_message.html?_=1613867325616&CODE_STATE=getMsg HTTP/1.1" 200 27
116.224.253.72 - - [21/Feb/2021:08:28:57 +0800] "GET /xingrg/kc/buy/cgsh_order_operate.html?command=get_materiel&rest_code=00150&code=00101008161&supplier_code=00100007&order_time=2021-02-21 HTTP/1.1" 200 409
117.185.32.26 - - [21/Feb/2021:08:28:58 +0800] "GET /xingrg/all/function/internal_message.html?_=1613867327158&CODE_STATE=getMsg HTTP/1.1" 200 27
61.165.42.208 - - [21/Feb/2021:08:29:02 +0800] "GET /xingrg/kc/buy/cgsh_order_operate.html?command=get_materiel&rest_code=00105&code=00101016122&supplier_code=00100203&order_time=2021-02-21 HTTP/1.1" 200 395
116.224.253.72 - - [21/Feb/2021:08:29:07 +0800] "GET /xingrg/kc/buy/cgsh_order_operate.html?command=get_materiel&rest_code=00150&code=00101008190&supplier_code=00100007&order_time=2021-02-21 HTTP/1.1" 200 412
120.253.135.82 - - [21/Feb/2021:08:29:11 +0800] "GET /xingrg/all/function/internal_message.html?_=1613867114052&CODE_STATE=getMsg HTTP/1.1" 200 27
116.224.253.72 - - [21/Feb/2021:08:29:14 +0800] "GET /xingrg/kc/buy/cgsh_order_operate.html?command=get_materiel&rest_code=00150&code=00101008354&supplier_code=00100007&order_time=2021-02-21 HTTP/1.1" 200 432
116.224.253.72 - - [21/Feb/2021:08:29:20 +0800] "GET /xingrg/all/function/internal_message.html?_=1613867354220&CODE_STATE=getMsg HTTP/1.1" 200 27
120.204.17.71 - - [21/Feb/2021:08:29:20 +0800] "GET /xingrg/check_reg.html?_=1613867288165 HTTP/1.1" 302 -
116.224.253.72 - - [21/Feb/2021:08:29:20 +0800] "GET /xingrg/all/function/internal_message.html?_=1613867356743&CODE_STATE=getMsg HTTP/1.1" 200 27
120.204.17.71 - - [21/Feb/2021:08:29:21 +0800] "GET /xingrg/login.html HTTP/1.1" 200 7641
116.224.253.72 - - [21/Feb/2021:08:29:22 +0800] "GET /xingrg/kc/buy/cgsh_order_operate.html?command=get_materiel&rest_code=00150&code=00101008010&supplier_code=00100007&order_time=2021-02-21 HTTP/1.1" 200 432
61.165.42.208 - - [21/Feb/2021:08:29:25 +0800] "GET /xingrg/kc/buy/cgsh_order_operate.html?command=get_materiel&rest_code=00105&code=00101008354&supplier_code=00100203&order_time=2021-02-21 HTTP/1.1" 200 432
114.88.166.193 - - [21/Feb/2021:08:29:26 +0800] "GET /xingrg/check_reg.html?_=1613867358090 HTTP/1.1" 200 22
116.224.253.72 - - [21/Feb/2021:08:29:28 +0800] "GET /xingrg/kc/buy/cgsh_order_operate.html?command=get_materiel&rest_code=00150&code=00101008163&supplier_code=00100007&order_time=2021-02-21 HTTP/1.1" 200 409
116.227.208.86 - - [21/Feb/2021:08:29:29 +0800] "GET /xingrg/all/function/internal_message.html?_=1613867362646&CODE_STATE=getMsg HTTP/1.1" 200 27
116.227.208.86 - - [21/Feb/2021:08:29:29 +0800] "GET /xingrg/check_reg.html?_=1613867362648 HTTP/1.1" 200 22
116.224.253.72 - - [21/Feb/2021:08:29:33 +0800] "GET /xingrg/kc/buy/cgsh_order_operate.html?command=get_materiel&rest_code=00150&code=00101008087&supplier_code=00100007&order_time=2021-02-21 HTTP/1.1" 200 412
61.165.42.208 - - [21/Feb/2021:08:29:36 +0800] "GET /xingrg/kc/buy/cgsh_order_operate.html?command=get_materiel&rest_code=00105&code=00101008096&supplier_code=00100203&order_time=2021-02-21 HTTP/1.1" 200 413
114.88.166.193 - - [21/Feb/2021:08:29:37 +0800] "GET /xingrg/all/function/internal_message.html?_=1613867369446&CODE_STATE=getMsg HTTP/1.1" 200 27
116.224.253.72 - - [21/Feb/2021:08:29:39 +0800] "GET /xingrg/kc/buy/cgsh_order_operate.html?command=get_materiel&rest_code=00150&code=00101008209&supplier_code=00100007&order_time=2021-02-21 HTTP/1.1" 200 408
58.37.230.33 - - [21/Feb/2021:08:29:40 +0800] "GET /xingrg/all/function/internal_message.html?_=1613867381619&CODE_STATE=getMsg HTTP/1.1" 200 27
61.165.42.208 - - [21/Feb/2021:08:29:40 +0800] "GET /xingrg/all/function/internal_message.html?_=1613867377499&CODE_STATE=getMsg HTTP/1.1" 200 27
116.224.253.72 - - [21/Feb/2021:08:29:41 +0800] "GET /xingrg/all/function/internal_message.html?_=1613867353012&CODE_STATE=getMsg HTTP/1.1" 200 27
61.165.42.208 - - [21/Feb/2021:08:29:43 +0800] "GET /xingrg/kc/buy/cgsh_order_operate.html?command=get_materiel&rest_code=00105&code=00101008361&supplier_code=00100203&order_time=2021-02-21 HTTP/1.1" 200 408
116.224.253.72 - - [21/Feb/2021:08:29:45 +0800] "GET /xingrg/kc/buy/cgsh_order_operate.html?command=get_materiel&rest_code=00150&code=00101008562&supplier_code=00100007&order_time=2021-02-21 HTTP/1.1" 200 395
223.167.127.36 - - [21/Feb/2021:08:29:49 +0800] "GET /xingrg/all/function/internal_message.html?_=1613867385616&CODE_STATE=getMsg HTTP/1.1" 200 27
116.224.253.72 - - [21/Feb/2021:08:29:51 +0800] "GET /xingrg/kc/buy/cgsh_order_operate.html?command=get_materiel&rest_code=00150&code=00101008251&supplier_code=00100007&order_time=2021-02-21 HTTP/1.1" 200 408
61.165.42.208 - - [21/Feb/2021:08:29:56 +0800] "GET /xingrg/kc/buy/cgsh_order_operate.html?command=get_materiel&rest_code=00105&code=00101008355&supplier_code=00100203&order_time=2021-02-21 HTTP/1.1" 200 428
116.224.253.72 - - [21/Feb/2021:08:29:56 +0800] "GET /xingrg/kc/buy/cgsh_order_operate.html?command=get_materiel&rest_code=00150&code=00101008069&supplier_code=00100007&order_time=2021-02-21 HTTP/1.1" 200 412
117.185.32.26 - - [21/Feb/2021:08:29:58 +0800] "GET /xingrg/all/function/internal_message.html?_=1613867387131&CODE_STATE=getMsg HTTP/1.1" 200 27
116.224.253.72 - - [21/Feb/2021:08:30:01 +0800] "GET /xingrg/kc/buy/cgsh_order_operate.html?command=get_materiel&rest_code=00150&code=00101008286&supplier_code=00100007&order_time=2021-02-21 HTTP/1.1" 200 409
120.253.135.82 - - [21/Feb/2021:08:30:04 +0800] "GET /xingrg/kc/pszx/mdqp_order_list.html?state=10 HTTP/1.1" 200 10611
61.165.42.208 - - [21/Feb/2021:08:30:04 +0800] "GET /xingrg/kc/buy/cgsh_order_operate.html?command=get_materiel&rest_code=00105&code=00101008136&supplier_code=00100203&order_time=2021-02-21 HTTP/1.1" 200 413
120.253.135.82 - - [21/Feb/2021:08:30:04 +0800] "GET /xingrg/dwr/interface/AjaxQqpsService.js HTTP/1.1" 200 16326
120.253.135.82 - - [21/Feb/2021:08:30:04 +0800] "GET /xingrg/dwr/interface/AjaxReportQueryService.js HTTP/1.1" 200 13203
120.253.135.82 - - [21/Feb/2021:08:30:04 +0800] "GET /xingrg/dwr/engine.js HTTP/1.1" 200 43631
120.253.135.82 - - [21/Feb/2021:08:30:06 +0800] "GET /xingrg/check_reg.html?_=1613867168800 HTTP/1.1" 200 22
116.224.253.72 - - [21/Feb/2021:08:30:07 +0800] "GET /xingrg/kc/buy/cgsh_order_operate.html?command=get_materiel&rest_code=00150&code=00101008036&supplier_code=00100007&order_time=2021-02-21 HTTP/1.1" 200 427
120.253.135.82 - - [21/Feb/2021:08:30:11 +0800] "GET /xingrg/kc/pszx/mdps_order_list.html?orderType=0 HTTP/1.1" 200 21153
120.253.135.82 - - [21/Feb/2021:08:30:11 +0800] "GET /xingrg/all/function/internal_message.html?_=1613867174239&CODE_STATE=getMsg HTTP/1.1" 200 27
120.253.135.82 - - [21/Feb/2021:08:30:11 +0800] "POST /xingrg/kc/pszx/mdps_list_operate.html HTTP/1.1" 200 5268
61.165.42.208 - - [21/Feb/2021:08:30:13 +0800] "GET /xingrg/kc/buy/cgsh_order_operate.html?command=get_materiel&rest_code=00105&code=00101008108&supplier_code=00100203&order_time=2021-02-21 HTTP/1.1" 200 412
116.224.253.72 - - [21/Feb/2021:08:30:13 +0800] "GET /xingrg/kc/buy/cgsh_order_operate.html?command=get_materiel&rest_code=00150&code=00101008005&supplier_code=00100007&order_time=2021-02-21 HTTP/1.1" 200 412
120.253.135.82 - - [21/Feb/2021:08:30:15 +0800] "GET /xingrg/kc/pszx/mdqp_order_list.html?state=10 HTTP/1.1" 200 10611
120.253.135.82 - - [21/Feb/2021:08:30:15 +0800] "GET /xingrg/dwr/interface/AjaxQqpsService.js HTTP/1.1" 200 16326
120.253.135.82 - - [21/Feb/2021:08:30:15 +0800] "GET /xingrg/dwr/interface/AjaxReportQueryService.js HTTP/1.1" 200 13203
120.253.135.82 - - [21/Feb/2021:08:30:15 +0800] "GET /xingrg/dwr/engine.js HTTP/1.1" 200 43631
61.165.42.208 - - [21/Feb/2021:08:30:19 +0800] "GET /xingrg/kc/buy/cgsh_order_operate.html?command=get_materiel&rest_code=00105&code=00101008005&supplier_code=00100203&order_time=2021-02-21 HTTP/1.1" 200 412
116.224.253.72 - - [21/Feb/2021:08:30:20 +0800] "GET /xingrg/all/function/internal_message.html?_=1613867414222&CODE_STATE=getMsg HTTP/1.1" 200 27
116.224.253.72 - - [21/Feb/2021:08:30:20 +0800] "GET /xingrg/all/function/internal_message.html?_=1613867416754&CODE_STATE=getMsg HTTP/1.1" 200 27
116.224.253.72 - - [21/Feb/2021:08:30:21 +0800] "GET /xingrg/kc/buy/cgsh_order_operate.html?command=get_materiel&rest_code=00150&code=00101008353&supplier_code=00100007&order_time=2021-02-21 HTTP/1.1" 200 408
120.253.135.82 - - [21/Feb/2021:08:30:22 +0800] "GET /xingrg/kc/pszx/mdqp_order_list.html?state=10 HTTP/1.1" 200 10611
120.253.135.82 - - [21/Feb/2021:08:30:22 +0800] "GET /xingrg/dwr/interface/AjaxReportQueryService.js HTTP/1.1" 200 13203
120.253.135.82 - - [21/Feb/2021:08:30:22 +0800] "GET /xingrg/dwr/interface/AjaxQqpsService.js HTTP/1.1" 200 16326
120.253.135.82 - - [21/Feb/2021:08:30:22 +0800] "GET /xingrg/dwr/engine.js HTTP/1.1" 200 43631
61.165.42.208 - - [21/Feb/2021:08:30:25 +0800] "GET /xingrg/kc/buy/cgsh_order_operate.html?command=get_materiel&rest_code=00105&code=00101008353&supplier_code=00100203&order_time=2021-02-21 HTTP/1.1" 200 408
120.253.135.82 - - [21/Feb/2021:08:30:26 +0800] "GET /xingrg/kc/pszx/mdps_order_list.html?orderType=0 HTTP/1.1" 200 21153
120.253.135.82 - - [21/Feb/2021:08:30:26 +0800] "POST /xingrg/kc/pszx/mdps_list_operate.html HTTP/1.1" 200 5268
116.224.253.72 - - [21/Feb/2021:08:30:27 +0800] "GET /xingrg/kc/buy/cgsh_order_operate.html?command=get_materiel&rest_code=00150&code=00101008095&supplier_code=00100007&order_time=2021-02-21 HTTP/1.1" 200 412
116.227.208.86 - - [21/Feb/2021:08:30:29 +0800] "GET /xingrg/all/function/internal_message.html?_=1613867422648&CODE_STATE=getMsg HTTP/1.1" 200 27
120.253.135.82 - - [21/Feb/2021:08:30:29 +0800] "GET /xingrg/kc/pszx/mdqp_order_list.html?state=10 HTTP/1.1" 200 10611
120.253.135.82 - - [21/Feb/2021:08:30:29 +0800] "GET /xingrg/dwr/interface/AjaxQqpsService.js HTTP/1.1" 200 16326
120.253.135.82 - - [21/Feb/2021:08:30:29 +0800] "GET /xingrg/dwr/interface/AjaxReportQueryService.js HTTP/1.1" 200 13203
120.253.135.82 - - [21/Feb/2021:08:30:29 +0800] "GET /xingrg/dwr/engine.js HTTP/1.1" 200 43631
116.224.253.72 - - [21/Feb/2021:08:30:31 +0800] "GET /xingrg/kc/buy/cgsh_order_operate.html?command=get_materiel&rest_code=00150&code=00101008110&supplier_code=00100007&order_time=2021-02-21 HTTP/1.1" 200 408
61.165.42.208 - - [21/Feb/2021:08:30:35 +0800] "GET /xingrg/kc/buy/cgsh_order_operate.html?command=get_materiel&rest_code=00105&code=00101008197&supplier_code=00100203&order_time=2021-02-21 HTTP/1.1" 200 416
114.88.166.193 - - [21/Feb/2021:08:30:37 +0800] "GET /xingrg/all/function/internal_message.html?_=1613867429460&CODE_STATE=getMsg HTTP/1.1" 200 27
58.37.230.33 - - [21/Feb/2021:08:30:40 +0800] "GET /xingrg/all/function/internal_message.html?_=1613867441600&CODE_STATE=getMsg HTTP/1.1" 200 27
61.165.42.208 - - [21/Feb/2021:08:30:40 +0800] "GET /xingrg/all/function/internal_message.html?_=1613867437492&CODE_STATE=getMsg HTTP/1.1" 200 27
116.224.253.72 - - [21/Feb/2021:08:30:41 +0800] "GET /xingrg/all/function/internal_message.html?_=1613867413031&CODE_STATE=getMsg HTTP/1.1" 200 27
61.165.42.208 - - [21/Feb/2021:08:30:43 +0800] "GET /xingrg/kc/buy/cgsh_order_operate.html?command=get_materiel&rest_code=00105&code=00101008027&supplier_code=00100203&order_time=2021-02-21 HTTP/1.1" 200 430
101.228.165.73 - - [21/Feb/2021:08:30:43 +0800] "GET /xingrg/check_reg.html?_=1613867432892 HTTP/1.1" 200 22
223.167.127.36 - - [21/Feb/2021:08:30:49 +0800] "GET /xingrg/all/function/internal_message.html?_=1613867445614&CODE_STATE=getMsg HTTP/1.1" 200 27
117.185.32.26 - - [21/Feb/2021:08:30:58 +0800] "GET /xingrg/all/function/internal_message.html?_=1613867447102&CODE_STATE=getMsg HTTP/1.1" 200 27
58.37.230.33 - - [21/Feb/2021:08:31:05 +0800] "GET /xingrg/check_reg.html?_=1613867466886 HTTP/1.1" 200 22
120.253.135.82 - - [21/Feb/2021:08:31:11 +0800] "GET /xingrg/all/function/internal_message.html?_=1613867234341&CODE_STATE=getMsg HTTP/1.1" 200 27
116.224.253.72 - - [21/Feb/2021:08:31:20 +0800] "GET /xingrg/all/function/internal_message.html?_=1613867474222&CODE_STATE=getMsg HTTP/1.1" 200 27
116.224.253.72 - - [21/Feb/2021:08:31:20 +0800] "GET /xingrg/check_reg.html?_=1613867474223 HTTP/1.1" 200 22
116.224.253.72 - - [21/Feb/2021:08:31:20 +0800] "GET /xingrg/all/function/internal_message.html?_=1613867476751&CODE_STATE=getMsg HTTP/1.1" 200 27
116.224.253.72 - - [21/Feb/2021:08:31:20 +0800] "GET /xingrg/kc/buy/cgsh_order_operate.html?command=get_materiel&rest_code=00150&code=00101008323&supplier_code=00100007&order_time=2021-02-21 HTTP/1.1" 200 408
116.224.253.72 - - [21/Feb/2021:08:31:28 +0800] "POST /xingrg/kc/buy/cgsh_order_operate.html HTTP/1.1" 200 37
116.224.253.72 - - [21/Feb/2021:08:31:29 +0800] "POST /xingrg/kc/buy/cgsh_order_operate.html HTTP/1.1" 200 13280
116.227.208.86 - - [21/Feb/2021:08:31:29 +0800] "GET /xingrg/all/function/internal_message.html?_=1613867482651&CODE_STATE=getMsg HTTP/1.1" 200 27
114.88.166.193 - - [21/Feb/2021:08:31:37 +0800] "GET /xingrg/all/function/internal_message.html?_=1613867489488&CODE_STATE=getMsg HTTP/1.1" 200 27
58.37.230.33 - - [21/Feb/2021:08:31:40 +0800] "GET /xingrg/all/function/internal_message.html?_=1613867501582&CODE_STATE=getMsg HTTP/1.1" 200 27
61.165.42.208 - - [21/Feb/2021:08:31:40 +0800] "GET /xingrg/all/function/internal_message.html?_=1613867497523&CODE_STATE=getMsg HTTP/1.1" 200 27
116.224.253.72 - - [21/Feb/2021:08:31:41 +0800] "GET /xingrg/all/function/internal_message.html?_=1613867473038&CODE_STATE=getMsg HTTP/1.1" 200 27
223.167.127.36 - - [21/Feb/2021:08:31:49 +0800] "GET /xingrg/all/function/internal_message.html?_=1613867505613&CODE_STATE=getMsg HTTP/1.1" 200 27
223.167.127.36 - - [21/Feb/2021:08:31:49 +0800] "GET /xingrg/check_reg.html?_=1613867505614 HTTP/1.1" 200 22
117.185.32.26 - - [21/Feb/2021:08:31:58 +0800] "GET /xingrg/all/function/internal_message.html?_=1613867507082&CODE_STATE=getMsg HTTP/1.1" 200 27
120.204.17.72 - - [21/Feb/2021:08:31:58 +0800] "GET /xingrg/all/function/internal_message.html?_=1613867447102&CODE_STATE=getMsg HTTP/1.1" 302 -
120.204.17.72 - - [21/Feb/2021:08:31:59 +0800] "GET /xingrg/login.html HTTP/1.1" 200 7641
120.253.135.82 - - [21/Feb/2021:08:32:11 +0800] "GET /xingrg/all/function/internal_message.html?_=1613867294343&CODE_STATE=getMsg HTTP/1.1" 200 27
116.224.253.72 - - [21/Feb/2021:08:32:20 +0800] "GET /xingrg/all/function/internal_message.html?_=1613867534224&CODE_STATE=getMsg HTTP/1.1" 200 27
116.224.253.72 - - [21/Feb/2021:08:32:20 +0800] "GET /xingrg/all/function/internal_message.html?_=1613867536749&CODE_STATE=getMsg HTTP/1.1" 200 27
116.227.208.86 - - [21/Feb/2021:08:32:29 +0800] "GET /xingrg/all/function/internal_message.html?_=1613867542654&CODE_STATE=getMsg HTTP/1.1" 200 27
172.20.0.100 - - [21/Feb/2021:08:32:31 +0800] "GET /xingrg/check_reg.html?_=1613867545436 HTTP/1.1" 302 -
114.88.166.193 - - [21/Feb/2021:08:32:37 +0800] "GET /xingrg/all/function/internal_message.html?_=1613867549502&CODE_STATE=getMsg HTTP/1.1" 200 27
58.37.230.33 - - [21/Feb/2021:08:32:40 +0800] "GET /xingrg/all/function/internal_message.html?_=1613867561559&CODE_STATE=getMsg HTTP/1.1" 200 27
