116.232.54.37 - - [21/Feb/2021:09:07:18 +0800] "GET /xingrg/all/report/report_query.html?isQuery=1&onlyBody=1&rh=2000&fileName=kc/base/kc_stock_detail_new.xml&queryString=(1=1)&queryText=&tableQueryString=init_table$sp1$$sp$crk_table$sp1$order_day%20between%2020210201%20and%2020210228&varString=start_day:20210201,materiel_code:00101002005,cost_id:2993,end_date:20210131 HTTP/1.1" 200 48701
116.232.54.37 - - [21/Feb/2021:09:07:18 +0800] "GET /xingrg/dwr/interface/AjaxReportQueryService.js HTTP/1.1" 200 13203
116.232.54.37 - - [21/Feb/2021:09:07:18 +0800] "GET /xingrg/dwr/engine.js HTTP/1.1" 200 43631
116.232.54.37 - - [21/Feb/2021:09:07:19 +0800] "POST /xingrg/all/report/load_report_page.html HTTP/1.1" 200 20170
116.232.54.37 - - [21/Feb/2021:09:07:19 +0800] "GET /xingrg/servlets/image?cache=0.23134137408169508&image=px HTTP/1.1" 200 807
116.224.253.72 - - [21/Feb/2021:09:07:20 +0800] "GET /xingrg/all/function/internal_message.html?_=1613869634217&CODE_STATE=getMsg HTTP/1.1" 200 27
61.165.42.208 - - [21/Feb/2021:09:07:21 +0800] "POST /xingrg/dwr/call/plaincall/AjaxReportQueryService.refreshCache.dwr HTTP/1.1" 200 78
61.165.42.208 - - [21/Feb/2021:09:07:21 +0800] "POST /xingrg/all/report/load_report_page.html HTTP/1.1" 200 152864
61.165.42.208 - - [21/Feb/2021:09:07:22 +0800] "GET /xingrg/images/blue/button/back2.gif HTTP/1.1" 304 -
61.165.42.208 - - [21/Feb/2021:09:07:22 +0800] "GET /xingrg/images/blue/button/back.gif HTTP/1.1" 304 -
61.165.42.208 - - [21/Feb/2021:09:07:22 +0800] "GET /xingrg/servlets/image?cache=0.7162733089117146&image=px HTTP/1.1" 200 807
116.228.172.94 - - [21/Feb/2021:09:07:22 +0800] "POST /xingrg/kc/buy/cgsh_list_operate.html HTTP/1.1" 200 876
116.232.54.37 - - [21/Feb/2021:09:07:24 +0800] "GET /xingrg/kc/base/stock_operate.html?_=1613869693759&command=get_report_file&start_day=20201201 HTTP/1.1" 200 53
116.232.54.37 - - [21/Feb/2021:09:07:24 +0800] "GET /xingrg/all/report/report_query.html?isQuery=1&onlyBody=1&rh=2000&fileName=kc/base/kc_stock_detail_new.xml&queryString=(1=1)&queryText=&tableQueryString=init_table$sp1$$sp$crk_table$sp1$order_day%20between%2020201201%20and%2020210228&varString=start_day:20201201,materiel_code:00101002005,cost_id:2929,end_date:20201130 HTTP/1.1" 200 48701
116.232.54.37 - - [21/Feb/2021:09:07:24 +0800] "GET /xingrg/dwr/interface/AjaxReportQueryService.js HTTP/1.1" 200 13203
116.232.54.37 - - [21/Feb/2021:09:07:24 +0800] "POST /xingrg/all/report/load_report_page.html HTTP/1.1" 200 54403
116.232.54.37 - - [21/Feb/2021:09:07:24 +0800] "GET /xingrg/servlets/image?cache=0.08440312402071004&image=px HTTP/1.1" 200 807
61.165.42.208 - - [21/Feb/2021:09:07:27 +0800] "POST /xingrg/all/report/load_report_page.html HTTP/1.1" 200 54330
61.165.42.208 - - [21/Feb/2021:09:07:27 +0800] "GET /xingrg/images/blue/button/advance.gif HTTP/1.1" 200 1354
61.165.42.208 - - [21/Feb/2021:09:07:27 +0800] "GET /xingrg/images/blue/button/advance2.gif HTTP/1.1" 200 1338
116.228.172.94 - - [21/Feb/2021:09:07:27 +0800] "GET /xingrg/javascript/jquery_tools/images/next.gif HTTP/1.1" 404 1086
61.165.42.208 - - [21/Feb/2021:09:07:27 +0800] "GET /xingrg/servlets/image?cache=0.45646815503265536&image=px HTTP/1.1" 200 807
116.228.172.94 - - [21/Feb/2021:09:07:28 +0800] "GET /xingrg/javascript/jquery_tools/images/prev.gif HTTP/1.1" 404 1086
116.232.54.37 - - [21/Feb/2021:09:07:28 +0800] "GET /xingrg/kc/info/info_main.html HTTP/1.1" 200 6010
172.20.0.100 - - [21/Feb/2021:09:07:31 +0800] "GET /xingrg/check_reg.html?_=1613869645311 HTTP/1.1" 302 -
116.224.253.72 - - [21/Feb/2021:09:07:35 +0800] "GET /xingrg/all/function/internal_message.html?_=1613869651650&CODE_STATE=getMsg HTTP/1.1" 200 27
116.232.54.37 - - [21/Feb/2021:09:07:35 +0800] "POST /xingrg/all/user/operate.html HTTP/1.1" 200 36
116.232.54.37 - - [21/Feb/2021:09:07:35 +0800] "GET /xingrg/index.html?sysBaseUrl=http%3A%2F%2F180.169.147.146%3A18081%2Fxingrg%2F&costTime=40×tamp=1613869493388 HTTP/1.1" 200 17509
222.69.136.62 - - [21/Feb/2021:09:07:35 +0800] "GET /xingrg/kc/buy/cgsh_order_operate.html?command=get_materiel&rest_code=00149&code=00101015006&supplier_code=00100005&order_time=2021-02-20 HTTP/1.1" 200 413
116.232.54.37 - - [21/Feb/2021:09:07:36 +0800] "POST /xingrg/all/common/load_tree.html?tree=area_rest_tree_json&manage=1 HTTP/1.1" 200 3216
116.232.54.37 - - [21/Feb/2021:09:07:36 +0800] "GET /xingrg/all/function/internal_message.html?_=1613869705887&CODE_STATE=count HTTP/1.1" 200 11
116.232.54.37 - - [21/Feb/2021:09:07:36 +0800] "GET /xingrg/check_reg.html?_=1613869705889 HTTP/1.1" 200 22
116.232.54.37 - - [21/Feb/2021:09:07:36 +0800] "POST /xingrg/load_menu.html HTTP/1.1" 200 9959
116.232.54.37 - - [21/Feb/2021:09:07:38 +0800] "GET /xingrg/kc/report/report_main.html HTTP/1.1" 200 7345
116.232.54.37 - - [21/Feb/2021:09:07:39 +0800] "GET /xingrg/kc/base/kc_stocks.html HTTP/1.1" 200 16386
116.232.54.37 - - [21/Feb/2021:09:07:39 +0800] "GET /xingrg/all/common/auto_word.html?type=base&rest_code=00141 HTTP/1.1" 200 1753
116.232.54.37 - - [21/Feb/2021:09:07:39 +0800] "GET /xingrg/javascript/easyui/themes/default/tree.css HTTP/1.1" 404 1090
116.232.54.37 - - [21/Feb/2021:09:07:39 +0800] "POST /xingrg/all/common/load_tree.html?tree=materiel_sort_tree_json HTTP/1.1" 200 8666
58.37.230.33 - - [21/Feb/2021:09:07:39 +0800] "GET /xingrg/all/function/internal_message.html?_=1613869660815&CODE_STATE=getMsg HTTP/1.1" 200 27
222.69.136.62 - - [21/Feb/2021:09:07:40 +0800] "POST /xingrg/kc/buy/cgsh_order_operate.html HTTP/1.1" 200 2065
61.165.42.208 - - [21/Feb/2021:09:07:40 +0800] "GET /xingrg/all/function/internal_message.html?_=1613869657496&CODE_STATE=getMsg HTTP/1.1" 200 27
116.224.253.72 - - [21/Feb/2021:09:07:42 +0800] "GET /xingrg/all/function/internal_message.html?_=1613869633535&CODE_STATE=getMsg HTTP/1.1" 200 27
116.232.54.37 - - [21/Feb/2021:09:07:43 +0800] "POST /xingrg/kc/base/stock_operate.html HTTP/1.1" 200 1449
116.232.54.37 - - [21/Feb/2021:09:07:44 +0800] "GET /xingrg/kc/base/stock_detail.html?m=00101002005 HTTP/1.1" 200 7277
222.69.136.62 - - [21/Feb/2021:09:07:45 +0800] "GET /xingrg/kc/buy/cgsh_order_operate.html?command=get_materiel&rest_code=00149&code=00101008183&supplier_code=00100005&order_time=2021-02-20 HTTP/1.1" 200 413
116.232.54.37 - - [21/Feb/2021:09:07:46 +0800] "GET /xingrg/kc/base/stock_operate.html?_=1613869716502&command=get_report_file&start_day=20210201 HTTP/1.1" 200 53
116.232.54.37 - - [21/Feb/2021:09:07:46 +0800] "GET /xingrg/all/report/report_query.html?isQuery=1&onlyBody=1&rh=2000&fileName=kc/base/kc_stock_detail_new.xml&queryString=(1=1)&queryText=&tableQueryString=init_table$sp1$$sp$crk_table$sp1$order_day%20between%2020210201%20and%2020210228&varString=start_day:20210201,materiel_code:00101002005,cost_id:2999,end_date:20210131 HTTP/1.1" 200 48701
116.232.54.37 - - [21/Feb/2021:09:07:46 +0800] "GET /xingrg/dwr/interface/AjaxReportQueryService.js HTTP/1.1" 200 13203
116.232.54.37 - - [21/Feb/2021:09:07:46 +0800] "GET /xingrg/dwr/engine.js HTTP/1.1" 200 43631
116.232.54.37 - - [21/Feb/2021:09:07:46 +0800] "POST /xingrg/all/report/load_report_page.html HTTP/1.1" 200 20142
116.232.54.37 - - [21/Feb/2021:09:07:46 +0800] "GET /xingrg/servlets/image?cache=0.7713779481122814&image=px HTTP/1.1" 200 807
222.69.136.62 - - [21/Feb/2021:09:07:48 +0800] "GET /xingrg/all/function/internal_message.html?_=1613869663970&CODE_STATE=getMsg HTTP/1.1" 200 27
223.167.127.36 - - [21/Feb/2021:09:07:49 +0800] "GET /xingrg/all/function/internal_message.html?_=1613869665652&CODE_STATE=getMsg HTTP/1.1" 200 27
116.232.54.37 - - [21/Feb/2021:09:07:51 +0800] "GET /xingrg/logout.do HTTP/1.1" 302 -
116.232.54.37 - - [21/Feb/2021:09:07:51 +0800] "GET /xingrg/login.html?sysBaseUrl=http%3A%2F%2F180.169.147.146%3A18081%2Fxingrg%2F&costTime=3×tamp=1613869671766 HTTP/1.1" 200 7641
116.232.54.37 - - [21/Feb/2021:09:07:53 +0800] "POST /xingrg/login.do HTTP/1.1" 302 -
116.232.54.37 - - [21/Feb/2021:09:07:53 +0800] "GET /xingrg/index.html?sysBaseUrl=http%3A%2F%2F180.169.147.146%3A18081%2Fxingrg%2F&costTime=49×tamp=1613869673124 HTTP/1.1" 200 17173
116.232.54.37 - - [21/Feb/2021:09:07:53 +0800] "POST /xingrg/all/common/load_tree.html?tree=area_rest_tree_json&manage=1 HTTP/1.1" 200 342
116.232.54.37 - - [21/Feb/2021:09:07:53 +0800] "POST /xingrg/load_menu.html HTTP/1.1" 200 5138
116.232.54.37 - - [21/Feb/2021:09:07:53 +0800] "GET /xingrg/check_reg.html?_=1613869723467 HTTP/1.1" 200 22
116.232.54.37 - - [21/Feb/2021:09:07:53 +0800] "GET /xingrg/all/function/internal_message.html?_=1613869723464&CODE_STATE=count HTTP/1.1" 200 11
116.232.54.37 - - [21/Feb/2021:09:07:54 +0800] "GET /xingrg/kc/buy/buy_main.html HTTP/1.1" 200 12412
116.232.54.37 - - [21/Feb/2021:09:07:54 +0800] "GET /xingrg/css/new_ie.css HTTP/1.1" 404 1036
116.228.172.94 - - [21/Feb/2021:09:07:54 +0800] "GET /xingrg/kc/buy/cgsh_order_add.html HTTP/1.1" 200 62192
222.69.136.62 - - [21/Feb/2021:09:07:55 +0800] "GET /xingrg/kc/buy/cgsh_order_operate.html?command=get_materiel&rest_code=00149&code=00101008211&supplier_code=00100005&order_time=2021-02-20 HTTP/1.1" 200 412
116.228.172.94 - - [21/Feb/2021:09:07:55 +0800] "GET /xingrg/words/20210220135317_words.js HTTP/1.1" 304 -
116.232.54.37 - - [21/Feb/2021:09:07:55 +0800] "GET /xingrg/kc/buy/cgsh_order_list.html HTTP/1.1" 200 46366
116.228.172.94 - - [21/Feb/2021:09:07:55 +0800] "POST /xingrg/kc/buy/cgsh_order_operate.html HTTP/1.1" 200 8245
116.232.54.37 - - [21/Feb/2021:09:07:56 +0800] "POST /xingrg/kc/buy/cgsh_list_operate.html HTTP/1.1" 200 876
116.228.172.94 - - [21/Feb/2021:09:07:56 +0800] "GET /xingrg/all/common/auto_word.html?type=employee&rest_code=00107 HTTP/1.1" 200 151
116.228.172.94 - - [21/Feb/2021:09:07:56 +0800] "GET /xingrg/all/common/auto_word.html?type=employee&rest_code=00107 HTTP/1.1" 200 151
116.228.172.94 - - [21/Feb/2021:09:07:56 +0800] "GET /xingrg/javascript/easyui/themes/default/validatebox.css HTTP/1.1" 404 1104
116.232.54.37 - - [21/Feb/2021:09:07:56 +0800] "GET /xingrg/kc/buy/cgsh_order_add.html HTTP/1.1" 200 62145
116.232.54.37 - - [21/Feb/2021:09:07:57 +0800] "POST /xingrg/kc/buy/cgsh_order_operate.html HTTP/1.1" 200 8245
116.232.54.37 - - [21/Feb/2021:09:07:57 +0800] "GET /xingrg/all/common/auto_word.html?type=employee&rest_code=00109 HTTP/1.1" 200 205
116.232.54.37 - - [21/Feb/2021:09:07:57 +0800] "GET /xingrg/all/common/auto_word.html?type=employee&rest_code=00109 HTTP/1.1" 200 205
116.232.54.37 - - [21/Feb/2021:09:07:57 +0800] "GET /xingrg/javascript/easyui/themes/default/validatebox.css HTTP/1.1" 404 1104
61.165.42.208 - - [21/Feb/2021:09:07:57 +0800] "GET /xingrg/all/function/internal_message.html?_=1613869672407&CODE_STATE=getMsg HTTP/1.1" 200 27
117.185.32.26 - - [21/Feb/2021:09:07:58 +0800] "GET /xingrg/all/function/internal_message.html?_=1613869666248&CODE_STATE=getMsg HTTP/1.1" 200 27
116.232.54.37 - - [21/Feb/2021:09:08:01 +0800] "GET /xingrg/javascript/jquery_tools/images/next.gif HTTP/1.1" 404 1086
116.232.54.37 - - [21/Feb/2021:09:08:01 +0800] "GET /xingrg/javascript/jquery_tools/images/prev.gif HTTP/1.1" 404 1086
116.228.172.94 - - [21/Feb/2021:09:08:02 +0800] "GET /xingrg/javascript/easyui/themes/default/tree.css HTTP/1.1" 404 1090
116.228.172.94 - - [21/Feb/2021:09:08:02 +0800] "POST /xingrg/all/common/load_tree.html?tree=supplier_tree_json&isDelete=1 HTTP/1.1" 200 54827
116.232.54.37 - - [21/Feb/2021:09:08:06 +0800] "GET /xingrg/kc/buy/cgsh_order_operate.html?command=get_materiel&rest_code=00109&code=00101002005&supplier_code=00100038&order_time=2021-02-21 HTTP/1.1" 200 413
116.228.172.94 - - [21/Feb/2021:09:08:06 +0800] "GET /xingrg/all/function/internal_message.html?_=1613869682225&CODE_STATE=getMsg HTTP/1.1" 200 27
120.253.135.82 - - [21/Feb/2021:09:08:13 +0800] "GET /xingrg/all/function/internal_message.html?_=1613869456204&CODE_STATE=getMsg HTTP/1.1" 200 27
114.88.166.193 - - [21/Feb/2021:09:08:14 +0800] "GET /xingrg/all/function/internal_message.html?_=1613869685864&CODE_STATE=getMsg HTTP/1.1" 200 27
116.227.208.86 - - [21/Feb/2021:09:08:14 +0800] "GET /xingrg/all/function/internal_message.html?_=1613869687753&CODE_STATE=getMsg HTTP/1.1" 200 27
222.69.136.62 - - [21/Feb/2021:09:08:18 +0800] "GET /xingrg/kc/buy/cgsh_order_operate.html?command=get_materiel&rest_code=00149&code=00101008141&supplier_code=00100005&order_time=2021-02-20 HTTP/1.1" 200 412
117.185.32.26 - - [21/Feb/2021:09:08:19 +0800] "GET /xingrg/check_reg.html?_=1613869688051 HTTP/1.1" 200 22
116.232.54.37 - - [21/Feb/2021:09:08:20 +0800] "GET /xingrg/kc/buy/cgsh_order_operate.html?command=get_materiel&rest_code=00109&code=00101002027&supplier_code=00100038&order_time=2021-02-21 HTTP/1.1" 200 433
116.224.253.72 - - [21/Feb/2021:09:08:20 +0800] "GET /xingrg/all/function/internal_message.html?_=1613869694218&CODE_STATE=getMsg HTTP/1.1" 200 27
116.232.54.37 - - [21/Feb/2021:09:08:26 +0800] "GET /xingrg/kc/buy/cgsh_order_operate.html?command=get_materiel&rest_code=00109&code=00101005037&supplier_code=00100038&order_time=2021-02-21 HTTP/1.1" 200 409
116.224.253.72 - - [21/Feb/2021:09:08:29 +0800] "GET /xingrg/check_reg.html?_=1613869680172 HTTP/1.1" 200 22
222.69.136.62 - - [21/Feb/2021:09:08:32 +0800] "GET /xingrg/kc/buy/cgsh_order_operate.html?command=get_materiel&rest_code=00149&code=00101008355&supplier_code=00100005&order_time=2021-02-20 HTTP/1.1" 200 428
116.224.253.72 - - [21/Feb/2021:09:08:35 +0800] "GET /xingrg/all/function/internal_message.html?_=1613869711664&CODE_STATE=getMsg HTTP/1.1" 200 27
116.232.54.37 - - [21/Feb/2021:09:08:36 +0800] "GET /xingrg/kc/buy/cgsh_order_operate.html?command=get_materiel&rest_code=00109&code=00101006161&supplier_code=00100038&order_time=2021-02-21 HTTP/1.1" 200 429
58.37.230.33 - - [21/Feb/2021:09:08:39 +0800] "GET /xingrg/all/function/internal_message.html?_=1613869720797&CODE_STATE=getMsg HTTP/1.1" 200 27
101.228.165.73 - - [21/Feb/2021:09:08:40 +0800] "GET /xingrg/kc/buy/cgsh_order_list.html HTTP/1.1" 200 46372
61.165.42.208 - - [21/Feb/2021:09:08:40 +0800] "GET /xingrg/all/function/internal_message.html?_=1613869717496&CODE_STATE=getMsg HTTP/1.1" 200 27
61.165.42.208 - - [21/Feb/2021:09:08:40 +0800] "GET /xingrg/check_reg.html?_=1613869717500 HTTP/1.1" 200 22
101.228.165.73 - - [21/Feb/2021:09:08:41 +0800] "POST /xingrg/kc/buy/cgsh_list_operate.html HTTP/1.1" 200 876
116.224.253.72 - - [21/Feb/2021:09:08:42 +0800] "GET /xingrg/all/function/internal_message.html?_=1613869693542&CODE_STATE=getMsg HTTP/1.1" 200 27
101.228.165.73 - - [21/Feb/2021:09:08:44 +0800] "GET /xingrg/javascript/jquery_tools/order_manager.js HTTP/1.1" 304 -
101.228.165.73 - - [21/Feb/2021:09:08:44 +0800] "GET /xingrg/javascript/convert.js HTTP/1.1" 304 -
101.228.165.73 - - [21/Feb/2021:09:08:44 +0800] "GET /xingrg/javascript/print/kc_print.js HTTP/1.1" 304 -
101.228.165.73 - - [21/Feb/2021:09:08:44 +0800] "GET /xingrg/javascript/json2.js HTTP/1.1" 304 -
101.228.165.73 - - [21/Feb/2021:09:08:44 +0800] "GET /xingrg/javascript/pic_change.js HTTP/1.1" 304 -
101.228.165.73 - - [21/Feb/2021:09:08:44 +0800] "GET /xingrg/kc/buy/cgsh_order_add.html HTTP/1.1" 200 62110
101.228.165.73 - - [21/Feb/2021:09:08:44 +0800] "GET /xingrg/words/20210220135317_words.js HTTP/1.1" 304 -
101.228.165.73 - - [21/Feb/2021:09:08:45 +0800] "POST /xingrg/kc/buy/cgsh_order_operate.html HTTP/1.1" 200 8245
101.228.165.73 - - [21/Feb/2021:09:08:45 +0800] "GET /xingrg/all/common/auto_word.html?type=employee&rest_code=00146 HTTP/1.1" 200 147
101.228.165.73 - - [21/Feb/2021:09:08:45 +0800] "GET /xingrg/all/common/auto_word.html?type=employee&rest_code=00146 HTTP/1.1" 200 147
101.228.165.73 - - [21/Feb/2021:09:08:45 +0800] "GET /xingrg/javascript/easyui/themes/default/validatebox.css HTTP/1.1" 404 1104
101.228.165.73 - - [21/Feb/2021:09:08:45 +0800] "GET /xingrg/javascript/easyui/plugins/jquery.validatebox.js HTTP/1.1" 304 -
101.228.165.73 - - [21/Feb/2021:09:08:45 +0800] "GET /xingrg/javascript/easyui/plugins/jquery.numberbox.js HTTP/1.1" 304 -
222.69.136.62 - - [21/Feb/2021:09:08:48 +0800] "GET /xingrg/all/function/internal_message.html?_=1613869723976&CODE_STATE=getMsg HTTP/1.1" 200 27
222.69.136.62 - - [21/Feb/2021:09:08:49 +0800] "GET /xingrg/kc/buy/cgsh_order_operate.html?command=get_materiel&rest_code=00149&code=00101008264&supplier_code=00100005&order_time=2021-02-20 HTTP/1.1" 200 433
223.167.127.36 - - [21/Feb/2021:09:08:49 +0800] "GET /xingrg/all/function/internal_message.html?_=1613869725652&CODE_STATE=getMsg HTTP/1.1" 200 27
116.232.54.37 - - [21/Feb/2021:09:08:50 +0800] "GET /xingrg/all/function/internal_message.html?_=1613869783472&CODE_STATE=getMsg HTTP/1.1" 200 27
222.69.136.62 - - [21/Feb/2021:09:08:54 +0800] "POST /xingrg/kc/buy/cgsh_order_operate.html HTTP/1.1" 200 2065
116.232.54.37 - - [21/Feb/2021:09:08:54 +0800] "POST /xingrg/kc/buy/cgsh_order_operate.html HTTP/1.1" 200 37
116.232.54.37 - - [21/Feb/2021:09:08:55 +0800] "POST /xingrg/kc/buy/cgsh_order_operate.html HTTP/1.1" 200 4426
116.232.54.37 - - [21/Feb/2021:09:08:56 +0800] "GET /xingrg/kc/print/load_config.html?kc_code=cgsh HTTP/1.1" 200 1845
116.232.54.37 - - [21/Feb/2021:09:08:56 +0800] "GET /xingrg/kc/print/load_data.html?order_code=212021022107618&kc_code=cgsh&condition= HTTP/1.1" 200 1354
61.165.42.208 - - [21/Feb/2021:09:08:57 +0800] "GET /xingrg/all/function/internal_message.html?_=1613869732407&CODE_STATE=getMsg HTTP/1.1" 200 27
117.185.32.26 - - [21/Feb/2021:09:08:57 +0800] "GET /xingrg/all/function/internal_message.html?_=1613869726213&CODE_STATE=getMsg HTTP/1.1" 200 27
222.69.136.62 - - [21/Feb/2021:09:09:00 +0800] "GET /xingrg/kc/buy/cgsh_order_operate.html?command=get_materiel&rest_code=00149&code=00101008024&supplier_code=00100005&order_time=2021-02-20 HTTP/1.1" 200 428
116.228.172.94 - - [21/Feb/2021:09:09:00 +0800] "GET /xingrg/javascript/auto/indicator.gif HTTP/1.1" 404 1066
116.228.172.94 - - [21/Feb/2021:09:09:03 +0800] "GET /xingrg/kc/buy/cgsh_order_operate.html?command=get_materiel&rest_code=00107&code=00101012026&supplier_code=00100033&order_time=2021-02-21 HTTP/1.1" 200 408
183.192.164.214 - - [21/Feb/2021:09:09:03 +0800] "GET /xingrg/all/function/internal_message.html?_=1613869666248&CODE_STATE=getMsg HTTP/1.1" 302 -
116.232.54.37 - - [21/Feb/2021:09:09:06 +0800] "GET /xingrg/kc/buy/cgsh_order_add.html HTTP/1.1" 200 62145
116.232.54.37 - - [21/Feb/2021:09:09:06 +0800] "POST /xingrg/kc/buy/cgsh_order_operate.html HTTP/1.1" 200 8245
116.232.54.37 - - [21/Feb/2021:09:09:06 +0800] "GET /xingrg/all/common/auto_word.html?type=employee&rest_code=00109 HTTP/1.1" 200 205
116.232.54.37 - - [21/Feb/2021:09:09:06 +0800] "GET /xingrg/javascript/easyui/themes/default/validatebox.css HTTP/1.1" 404 1104
116.232.54.37 - - [21/Feb/2021:09:09:06 +0800] "GET /xingrg/all/common/auto_word.html?type=employee&rest_code=00109 HTTP/1.1" 200 205
116.228.172.94 - - [21/Feb/2021:09:09:06 +0800] "GET /xingrg/all/function/internal_message.html?_=1613869742231&CODE_STATE=getMsg HTTP/1.1" 200 27
183.192.164.214 - - [21/Feb/2021:09:09:07 +0800] "GET /xingrg/login.html HTTP/1.1" 200 7641
222.69.136.62 - - [21/Feb/2021:09:09:08 +0800] "POST /xingrg/services/DataTransmitService HTTP/1.1" 200 524
222.69.136.62 - - [21/Feb/2021:09:09:09 +0800] "POST /xingrg/services/DataTransmitService HTTP/1.1" 200 1979
222.69.136.62 - - [21/Feb/2021:09:09:09 +0800] "POST /xingrg/services/DataTransmitService HTTP/1.1" 200 146948
222.69.136.62 - - [21/Feb/2021:09:09:10 +0800] "GET /xingrg/kc/buy/cgsh_order_operate.html?command=get_materiel&rest_code=00149&code=00101008356&supplier_code=00100005&order_time=2021-02-20 HTTP/1.1" 200 408
120.253.135.82 - - [21/Feb/2021:09:09:13 +0800] "GET /xingrg/all/function/internal_message.html?_=1613869516318&CODE_STATE=getMsg HTTP/1.1" 200 27
114.88.166.193 - - [21/Feb/2021:09:09:14 +0800] "GET /xingrg/all/function/internal_message.html?_=1613869745911&CODE_STATE=getMsg HTTP/1.1" 200 27
116.227.208.86 - - [21/Feb/2021:09:09:14 +0800] "GET /xingrg/all/function/internal_message.html?_=1613869747755&CODE_STATE=getMsg HTTP/1.1" 200 27
116.232.54.37 - - [21/Feb/2021:09:09:18 +0800] "GET /xingrg/kc/buy/cgsh_order_operate.html?command=get_materiel&rest_code=00109&code=00101009049&supplier_code=00100022&order_time=2021-02-21 HTTP/1.1" 200 416
116.224.253.72 - - [21/Feb/2021:09:09:20 +0800] "GET /xingrg/all/function/internal_message.html?_=1613869754219&CODE_STATE=getMsg HTTP/1.1" 200 27
116.228.172.94 - - [21/Feb/2021:09:09:20 +0800] "GET /xingrg/kc/buy/cgsh_order_operate.html?command=get_materiel&rest_code=00107&code=00101010136&supplier_code=00100033&order_time=2021-02-21 HTTP/1.1" 200 408
120.204.17.70 - - [21/Feb/2021:09:09:22 +0800] "GET /xingrg/check_reg.html?_=1613869688051 HTTP/1.1" 302 -
222.69.136.62 - - [21/Feb/2021:09:09:24 +0800] "GET /xingrg/kc/buy/cgsh_order_operate.html?command=get_materiel&rest_code=00149&code=00101008251&supplier_code=00100005&order_time=2021-02-20 HTTP/1.1" 200 408
120.204.17.70 - - [21/Feb/2021:09:09:24 +0800] "GET /xingrg/login.html HTTP/1.1" 200 7641
116.232.54.37 - - [21/Feb/2021:09:09:26 +0800] "GET /xingrg/kc/buy/cgsh_order_operate.html?command=get_materiel&rest_code=00109&code=00101009011&supplier_code=00100022&order_time=2021-02-21 HTTP/1.1" 200 416
101.228.165.73 - - [21/Feb/2021:09:09:30 +0800] "GET /favicon.ico HTTP/1.1" 404 -
101.228.165.73 - - [21/Feb/2021:09:09:30 +0800] "GET /xingrg/login.html HTTP/1.1" 200 7641
101.228.165.73 - - [21/Feb/2021:09:09:30 +0800] "GET /xingrg/images/blue/jxLogo.png HTTP/1.1" 304 -
101.228.165.73 - - [21/Feb/2021:09:09:30 +0800] "GET /favicon.ico HTTP/1.1" 404 -
101.228.165.73 - - [21/Feb/2021:09:09:31 +0800] "POST /xingrg/login.do HTTP/1.1" 302 -
101.228.165.73 - - [21/Feb/2021:09:09:31 +0800] "GET /xingrg/index.html?sysBaseUrl=http%3A%2F%2F180.169.147.146%3A18081%2Fxingrg%2F&costTime=37×tamp=1613869771810 HTTP/1.1" 200 17179
101.228.165.73 - - [21/Feb/2021:09:09:31 +0800] "GET /xingrg/javascript/jquery_easy_ui/themes/default/easyui.css HTTP/1.1" 304 -
101.228.165.73 - - [21/Feb/2021:09:09:31 +0800] "GET /xingrg/javascript/jquery_easy_ui/themes/icon.css HTTP/1.1" 304 -
101.228.165.73 - - [21/Feb/2021:09:09:31 +0800] "GET /xingrg/css/form.css HTTP/1.1" 304 -
101.228.165.73 - - [21/Feb/2021:09:09:31 +0800] "GET /xingrg/javascript/jquery-1.4.2.min.js HTTP/1.1" 304 -
101.228.165.73 - - [21/Feb/2021:09:09:31 +0800] "GET /xingrg/javascript/jquery.utils.js HTTP/1.1" 304 -
101.228.165.73 - - [21/Feb/2021:09:09:31 +0800] "GET /xingrg/javascript/jquery_easy_ui/easyui-lang-zh_CN.js HTTP/1.1" 304 -
101.228.165.73 - - [21/Feb/2021:09:09:31 +0800] "GET /xingrg/javascript/jquery.form.js HTTP/1.1" 304 -
101.228.165.73 - - [21/Feb/2021:09:09:31 +0800] "GET /xingrg/javascript/jquery_easy_ui/jquery.easyui.min.js HTTP/1.1" 304 -
101.228.165.73 - - [21/Feb/2021:09:09:31 +0800] "GET /xingrg/javascript/jquery.timers.js HTTP/1.1" 304 -
101.228.165.73 - - [21/Feb/2021:09:09:31 +0800] "GET /favicon.ico HTTP/1.1" 404 -
101.228.165.73 - - [21/Feb/2021:09:09:31 +0800] "GET /xingrg/images/blue/navBackgound.jpg HTTP/1.1" 304 -
101.228.165.73 - - [21/Feb/2021:09:09:31 +0800] "GET /xingrg/javascript/jquery_easy_ui/themes/icons/settle_new.png HTTP/1.1" 304 -
101.228.165.73 - - [21/Feb/2021:09:09:31 +0800] "POST /xingrg/all/common/load_tree.html?tree=area_rest_tree_json&manage=1 HTTP/1.1" 200 479
101.228.165.73 - - [21/Feb/2021:09:09:31 +0800] "GET /xingrg/images/blue/pingpu.png HTTP/1.1" 304 -
101.228.165.73 - - [21/Feb/2021:09:09:31 +0800] "GET /xingrg/javascript/jquery_easy_ui/themes/default/images/tabs_leftarrow.png HTTP/1.1" 304 -
101.228.165.73 - - [21/Feb/2021:09:09:31 +0800] "GET /xingrg/javascript/jquery_easy_ui/themes/default/images/tabs_rightarrow.png HTTP/1.1" 304 -
101.228.165.73 - - [21/Feb/2021:09:09:31 +0800] "GET /xingrg/javascript/jquery_easy_ui/themes/default/images/panel_tool_collapse.gif HTTP/1.1" 304 -
101.228.165.73 - - [21/Feb/2021:09:09:32 +0800] "GET /xingrg/all/function/internal_message.html?_=1613869761642&CODE_STATE=count HTTP/1.1" 200 11
101.228.165.73 - - [21/Feb/2021:09:09:32 +0800] "GET /xingrg/check_reg.html?_=1613869761643 HTTP/1.1" 200 22
101.228.165.73 - - [21/Feb/2021:09:09:32 +0800] "GET /xingrg/javascript/jquery_easy_ui/themes/default/images/tree_arrows.gif HTTP/1.1" 304 -
101.228.165.73 - - [21/Feb/2021:09:09:32 +0800] "POST /xingrg/load_menu.html HTTP/1.1" 200 5138
101.228.165.73 - - [21/Feb/2021:09:09:32 +0800] "GET /xingrg/javascript/jquery_easy_ui/themes/default/images/tree_folder_open.gif HTTP/1.1" 304 -
101.228.165.73 - - [21/Feb/2021:09:09:32 +0800] "GET /xingrg/javascript/jquery_easy_ui/themes/icons/search_new.png HTTP/1.1" 304 -
101.228.165.73 - - [21/Feb/2021:09:09:32 +0800] "GET /xingrg/javascript/jquery_easy_ui/themes/default/images/tree_folder.gif HTTP/1.1" 304 -
101.228.165.73 - - [21/Feb/2021:09:09:32 +0800] "GET /xingrg/javascript/jquery_easy_ui/themes/icons/storage_new.png HTTP/1.1" 304 -
101.228.165.73 - - [21/Feb/2021:09:09:32 +0800] "GET /xingrg/javascript/jquery_easy_ui/themes/default/images/tree_file.gif HTTP/1.1" 304 -
101.228.165.73 - - [21/Feb/2021:09:09:32 +0800] "GET /xingrg/javascript/jquery_easy_ui/themes/icons/forms_new.png HTTP/1.1" 304 -
116.232.54.37 - - [21/Feb/2021:09:09:33 +0800] "GET /xingrg/kc/buy/cgsh_order_operate.html?command=get_materiel&rest_code=00109&code=00101009013&supplier_code=00100022&order_time=2021-02-21 HTTP/1.1" 200 420
101.228.165.73 - - [21/Feb/2021:09:09:35 +0800] "GET /xingrg/javascript/jquery_easy_ui/themes/default/images/tabs_close.gif HTTP/1.1" 304 -
101.228.165.73 - - [21/Feb/2021:09:09:35 +0800] "GET /xingrg/css/site.css HTTP/1.1" 304 -
101.228.165.73 - - [21/Feb/2021:09:09:35 +0800] "GET /xingrg/javascript/jquery_tools/datebox.css HTTP/1.1" 304 -
101.228.165.73 - - [21/Feb/2021:09:09:35 +0800] "GET /xingrg/javascript/jquery_tools/fix.css HTTP/1.1" 304 -
101.228.165.73 - - [21/Feb/2021:09:09:35 +0800] "GET /xingrg/javascript/easyui/themes/default/easyui.css HTTP/1.1" 304 -
101.228.165.73 - - [21/Feb/2021:09:09:35 +0800] "GET /xingrg/javascript/easyui/themes/icon.css HTTP/1.1" 304 -
101.228.165.73 - - [21/Feb/2021:09:09:35 +0800] "GET /xingrg/javascript/auto/jquery.autocomplete.css HTTP/1.1" 304 -
101.228.165.73 - - [21/Feb/2021:09:09:35 +0800] "GET /xingrg/css/base.css HTTP/1.1" 304 -
101.228.165.73 - - [21/Feb/2021:09:09:35 +0800] "GET /xingrg/javascript/jquery_tools/table.css HTTP/1.1" 304 -
101.228.165.73 - - [21/Feb/2021:09:09:35 +0800] "GET /xingrg/javascript/jquery_tools/jquery.tools.min.js HTTP/1.1" 304 -
101.228.165.73 - - [21/Feb/2021:09:09:35 +0800] "GET /xingrg/javascript/jquery_tools/jquery.tools.extend.js HTTP/1.1" 304 -
101.228.165.73 - - [21/Feb/2021:09:09:35 +0800] "GET /xingrg/javascript/jquery_tools/jquery.tools.hotkey.js HTTP/1.1" 304 -
101.228.165.73 - - [21/Feb/2021:09:09:35 +0800] "GET /xingrg/javascript/jquery_tools/jquery.tools.table.js HTTP/1.1" 304 -
101.228.165.73 - - [21/Feb/2021:09:09:35 +0800] "GET /xingrg/javascript/jquery_tools/list_manager.js HTTP/1.1" 304 -
101.228.165.73 - - [21/Feb/2021:09:09:35 +0800] "GET /xingrg/javascript/auto/jquery.autocomplete.js HTTP/1.1" 304 -
101.228.165.73 - - [21/Feb/2021:09:09:35 +0800] "GET /xingrg/javascript/print/LodopFuncs.js HTTP/1.1" 304 -
101.228.165.73 - - [21/Feb/2021:09:09:35 +0800] "GET /xingrg/javascript/easyui/easyloader.js HTTP/1.1" 304 -
101.228.165.73 - - [21/Feb/2021:09:09:35 +0800] "GET /xingrg/javascript/jquery.cookie.js HTTP/1.1" 304 -
101.228.165.73 - - [21/Feb/2021:09:09:35 +0800] "GET /xingrg/kc/buy/cgsh_order_list.html HTTP/1.1" 200 46372
116.224.253.72 - - [21/Feb/2021:09:09:35 +0800] "GET /xingrg/all/function/internal_message.html?_=1613869771653&CODE_STATE=getMsg HTTP/1.1" 200 27
101.228.165.73 - - [21/Feb/2021:09:09:36 +0800] "GET /xingrg/javascript/jquery_easy_ui/themes/icons/area.png HTTP/1.1" 304 -
101.228.165.73 - - [21/Feb/2021:09:09:36 +0800] "GET /xingrg/javascript/jquery_easy_ui/themes/icons/rest.png HTTP/1.1" 304 -
101.228.165.73 - - [21/Feb/2021:09:09:36 +0800] "GET /xingrg/javascript/easyui/plugins/jquery.parser.js HTTP/1.1" 304 -
101.228.165.73 - - [21/Feb/2021:09:09:36 +0800] "POST /xingrg/kc/buy/cgsh_list_operate.html HTTP/1.1" 200 876
101.228.165.73 - - [21/Feb/2021:09:09:38 +0800] "GET /xingrg/javascript/pic_change.js HTTP/1.1" 304 -
101.228.165.73 - - [21/Feb/2021:09:09:38 +0800] "GET /xingrg/javascript/jquery_tools/order_manager.js HTTP/1.1" 304 -
101.228.165.73 - - [21/Feb/2021:09:09:38 +0800] "GET /xingrg/javascript/convert.js HTTP/1.1" 304 -
101.228.165.73 - - [21/Feb/2021:09:09:38 +0800] "GET /xingrg/javascript/json2.js HTTP/1.1" 304 -
101.228.165.73 - - [21/Feb/2021:09:09:38 +0800] "GET /xingrg/javascript/print/kc_print.js HTTP/1.1" 304 -
101.228.165.73 - - [21/Feb/2021:09:09:38 +0800] "GET /xingrg/kc/buy/cgsh_order_add.html HTTP/1.1" 200 62110
101.228.165.73 - - [21/Feb/2021:09:09:38 +0800] "GET /xingrg/words/20210220135317_words.js HTTP/1.1" 304 -
101.228.165.73 - - [21/Feb/2021:09:09:38 +0800] "GET /xingrg/all/common/auto_word.html?type=employee&rest_code=00146 HTTP/1.1" 200 147
101.228.165.73 - - [21/Feb/2021:09:09:38 +0800] "GET /xingrg/all/common/auto_word.html?type=employee&rest_code=00146 HTTP/1.1" 200 147
101.228.165.73 - - [21/Feb/2021:09:09:38 +0800] "GET /xingrg/javascript/easyui/themes/icons/edit_remove.png HTTP/1.1" 304 -
101.228.165.73 - - [21/Feb/2021:09:09:38 +0800] "GET /xingrg/javascript/easyui/themes/default/validatebox.css HTTP/1.1" 404 1104
101.228.165.73 - - [21/Feb/2021:09:09:38 +0800] "GET /xingrg/javascript/easyui/plugins/jquery.validatebox.js HTTP/1.1" 304 -
101.228.165.73 - - [21/Feb/2021:09:09:38 +0800] "GET /xingrg/javascript/easyui/plugins/jquery.numberbox.js HTTP/1.1" 304 -
101.228.165.73 - - [21/Feb/2021:09:09:38 +0800] "POST /xingrg/kc/buy/cgsh_order_operate.html HTTP/1.1" 200 8245
116.232.54.37 - - [21/Feb/2021:09:09:39 +0800] "GET /xingrg/kc/buy/cgsh_order_operate.html?command=get_materiel&rest_code=00109&code=00101009016&supplier_code=00100022&order_time=2021-02-21 HTTP/1.1" 200 412
58.37.230.33 - - [21/Feb/2021:09:09:39 +0800] "GET /xingrg/all/function/internal_message.html?_=1613869780784&CODE_STATE=getMsg HTTP/1.1" 200 27
222.69.136.62 - - [21/Feb/2021:09:09:39 +0800] "GET /xingrg/kc/buy/cgsh_order_operate.html?command=get_materiel&rest_code=00149&code=00101008223&supplier_code=00100005&order_time=2021-02-20 HTTP/1.1" 200 412
101.228.165.73 - - [21/Feb/2021:09:09:40 +0800] "GET /xingrg/javascript/auto/indicator.gif HTTP/1.1" 404 1066
61.165.42.208 - - [21/Feb/2021:09:09:40 +0800] "GET /xingrg/all/function/internal_message.html?_=1613869777500&CODE_STATE=getMsg HTTP/1.1" 200 27
116.224.253.72 - - [21/Feb/2021:09:09:42 +0800] "GET /xingrg/all/function/internal_message.html?_=1613869753555&CODE_STATE=getMsg HTTP/1.1" 200 27
101.228.165.73 - - [21/Feb/2021:09:09:43 +0800] "GET /xingrg/javascript/jquery_tools/images/prev.gif HTTP/1.1" 404 1086
101.228.165.73 - - [21/Feb/2021:09:09:43 +0800] "GET /xingrg/javascript/jquery_tools/images/next.gif HTTP/1.1" 404 1086
116.228.172.94 - - [21/Feb/2021:09:09:43 +0800] "GET /xingrg/kc/buy/cgsh_order_operate.html?command=get_materiel&rest_code=00107&code=00101012051&supplier_code=00100033&order_time=2021-02-21 HTTP/1.1" 200 408
116.232.54.37 - - [21/Feb/2021:09:09:48 +0800] "GET /xingrg/all/function/internal_message.html?_=1613869843465&CODE_STATE=getMsg HTTP/1.1" 200 27
222.69.136.62 - - [21/Feb/2021:09:09:48 +0800] "GET /xingrg/all/function/internal_message.html?_=1613869783938&CODE_STATE=getMsg HTTP/1.1" 200 27
116.232.54.37 - - [21/Feb/2021:09:09:48 +0800] "POST /xingrg/kc/buy/cgsh_order_operate.html HTTP/1.1" 200 37
222.69.136.62 - - [21/Feb/2021:09:09:48 +0800] "GET /xingrg/check_reg.html?_=1613869784216 HTTP/1.1" 200 22
223.167.127.36 - - [21/Feb/2021:09:09:49 +0800] "GET /xingrg/all/function/internal_message.html?_=1613869785650&CODE_STATE=getMsg HTTP/1.1" 200 27
101.228.165.73 - - [21/Feb/2021:09:09:56 +0800] "GET /xingrg/kc/buy/cgsh_order_operate.html?command=get_materiel&rest_code=00146&code=00101008049&supplier_code=00100005&order_time=2021-02-21 HTTP/1.1" 200 408
61.165.42.208 - - [21/Feb/2021:09:09:57 +0800] "GET /xingrg/all/function/internal_message.html?_=1613869792407&CODE_STATE=getMsg HTTP/1.1" 200 27
117.185.32.26 - - [21/Feb/2021:09:09:57 +0800] "GET /xingrg/all/function/internal_message.html?_=1613869786210&CODE_STATE=getMsg HTTP/1.1" 200 27
116.228.172.94 - - [21/Feb/2021:09:09:58 +0800] "GET /xingrg/kc/buy/cgsh_order_operate.html?command=get_materiel&rest_code=00107&code=00101012029&supplier_code=00100033&order_time=2021-02-21 HTTP/1.1" 200 412
120.204.17.73 - - [21/Feb/2021:09:10:01 +0800] "GET /xingrg/all/function/internal_message.html?_=1613869726213&CODE_STATE=getMsg HTTP/1.1" 302 -
120.204.17.73 - - [21/Feb/2021:09:10:06 +0800] "GET /xingrg/login.html HTTP/1.1" 200 7641
120.253.135.82 - - [21/Feb/2021:09:10:06 +0800] "GET /xingrg/check_reg.html?_=1613869569196 HTTP/1.1" 200 22
116.228.172.94 - - [21/Feb/2021:09:10:06 +0800] "GET /xingrg/all/function/internal_message.html?_=1613869802206&CODE_STATE=getMsg HTTP/1.1" 200 27
101.228.165.73 - - [21/Feb/2021:09:10:10 +0800] "GET /xingrg/kc/buy/cgsh_order_operate.html?command=get_materiel&rest_code=00146&code=00101008239&supplier_code=00100005&order_time=2021-02-21 HTTP/1.1" 200 416
120.253.135.82 - - [21/Feb/2021:09:10:13 +0800] "GET /xingrg/all/function/internal_message.html?_=1613869576325&CODE_STATE=getMsg HTTP/1.1" 200 27
114.88.166.193 - - [21/Feb/2021:09:10:14 +0800] "GET /xingrg/all/function/internal_message.html?_=1613869805942&CODE_STATE=getMsg HTTP/1.1" 200 27
116.227.208.86 - - [21/Feb/2021:09:10:14 +0800] "GET /xingrg/all/function/internal_message.html?_=1613869807756&CODE_STATE=getMsg HTTP/1.1" 200 27
116.224.253.72 - - [21/Feb/2021:09:10:20 +0800] "GET /xingrg/all/function/internal_message.html?_=1613869814221&CODE_STATE=getMsg HTTP/1.1" 200 27
116.228.172.94 - - [21/Feb/2021:09:10:20 +0800] "GET /xingrg/kc/buy/cgsh_order_operate.html?command=get_materiel&rest_code=00107&code=00101016080&supplier_code=00100033&order_time=2021-02-21 HTTP/1.1" 200 408
101.228.165.73 - - [21/Feb/2021:09:10:22 +0800] "GET /xingrg/kc/buy/cgsh_order_operate.html?command=get_materiel&rest_code=00146&code=00101008017&supplier_code=00100005&order_time=2021-02-21 HTTP/1.1" 200 417
101.228.165.73 - - [21/Feb/2021:09:10:31 +0800] "GET /xingrg/kc/buy/cgsh_order_operate.html?command=get_materiel&rest_code=00146&code=00101008126&supplier_code=00100005&order_time=2021-02-21 HTTP/1.1" 200 412
101.228.165.73 - - [21/Feb/2021:09:10:32 +0800] "GET /xingrg/all/function/internal_message.html?_=1613869821657&CODE_STATE=getMsg HTTP/1.1" 200 27
116.224.253.72 - - [21/Feb/2021:09:10:35 +0800] "GET /xingrg/all/function/internal_message.html?_=1613869831654&CODE_STATE=getMsg HTTP/1.1" 200 27
58.37.230.33 - - [21/Feb/2021:09:10:39 +0800] "GET /xingrg/all/function/internal_message.html?_=1613869840756&CODE_STATE=getMsg HTTP/1.1" 200 27
101.228.165.73 - - [21/Feb/2021:09:10:39 +0800] "GET /xingrg/kc/buy/cgsh_order_operate.html?command=get_materiel&rest_code=00146&code=00101008361&supplier_code=00100005&order_time=2021-02-21 HTTP/1.1" 200 408
61.165.42.208 - - [21/Feb/2021:09:10:40 +0800] "GET /xingrg/all/function/internal_message.html?_=1613869837500&CODE_STATE=getMsg HTTP/1.1" 200 27
116.224.253.72 - - [21/Feb/2021:09:10:42 +0800] "GET /xingrg/all/function/internal_message.html?_=1613869813578&CODE_STATE=getMsg HTTP/1.1" 200 27
116.228.172.94 - - [21/Feb/2021:09:10:44 +0800] "GET /xingrg/kc/buy/cgsh_order_operate.html?command=get_materiel&rest_code=00107&code=00101012025&supplier_code=00100033&order_time=2021-02-21 HTTP/1.1" 200 412
222.69.136.62 - - [21/Feb/2021:09:10:48 +0800] "GET /xingrg/all/function/internal_message.html?_=1613869843908&CODE_STATE=getMsg HTTP/1.1" 200 27
223.167.127.36 - - [21/Feb/2021:09:10:49 +0800] "GET /xingrg/all/function/internal_message.html?_=1613869845652&CODE_STATE=getMsg HTTP/1.1" 200 27
116.228.172.94 - - [21/Feb/2021:09:10:51 +0800] "POST /xingrg/kc/buy/cgsh_order_operate.html HTTP/1.1" 200 37
101.228.165.73 - - [21/Feb/2021:09:10:52 +0800] "GET /xingrg/kc/buy/cgsh_order_operate.html?command=get_materiel&rest_code=00146&code=00101008355&supplier_code=00100005&order_time=2021-02-21 HTTP/1.1" 200 428
222.69.136.62 - - [21/Feb/2021:09:10:53 +0800] "GET /xingrg/kc/buy/cgsh_order_operate.html?command=get_materiel&rest_code=00149&code=00101008131&supplier_code=00100005&order_time=2021-02-20 HTTP/1.1" 200 408
116.228.172.94 - - [21/Feb/2021:09:10:54 +0800] "POST /xingrg/kc/buy/cgsh_order_operate.html HTTP/1.1" 200 6189
116.228.172.94 - - [21/Feb/2021:09:10:56 +0800] "GET /xingrg/kc/print/load_config.html?kc_code=cgsh HTTP/1.1" 200 1845
116.228.172.94 - - [21/Feb/2021:09:10:56 +0800] "GET /xingrg/kc/print/load_data.html?order_code=212021022107620&kc_code=cgsh&condition= HTTP/1.1" 200 2039
61.165.42.208 - - [21/Feb/2021:09:10:57 +0800] "GET /xingrg/all/function/internal_message.html?_=1613869852406&CODE_STATE=getMsg HTTP/1.1" 200 27
116.232.54.37 - - [21/Feb/2021:09:10:59 +0800] "GET /xingrg/all/function/internal_message.html?_=1613869915003&CODE_STATE=getMsg HTTP/1.1" 200 27
117.185.32.26 - - [21/Feb/2021:09:11:00 +0800] "GET /xingrg/all/function/internal_message.html?_=1613869848164&CODE_STATE=getMsg HTTP/1.1" 200 27
116.232.54.37 - - [21/Feb/2021:09:11:00 +0800] "POST /xingrg/kc/buy/cgsh_order_operate.html HTTP/1.1" 200 4444
180.174.195.252 - - [21/Feb/2021:09:11:00 +0800] "GET /xingrg/kc/buy/cgsh_order_list.html HTTP/1.1" 302 -
180.174.195.252 - - [21/Feb/2021:09:11:00 +0800] "GET /xingrg/login.html HTTP/1.1" 200 7641
180.174.195.252 - - [21/Feb/2021:09:11:01 +0800] "GET /xingrg/login.html HTTP/1.1" 200 7641
116.232.54.37 - - [21/Feb/2021:09:11:01 +0800] "GET /xingrg/kc/print/load_config.html?kc_code=cgsh HTTP/1.1" 200 1845
116.232.54.37 - - [21/Feb/2021:09:11:01 +0800] "GET /xingrg/kc/print/load_data.html?order_code=212021022107619&kc_code=cgsh&condition= HTTP/1.1" 200 1385
222.69.136.62 - - [21/Feb/2021:09:11:01 +0800] "POST /xingrg/kc/buy/cgsh_order_operate.html HTTP/1.1" 200 2065
101.228.165.73 - - [21/Feb/2021:09:11:02 +0800] "GET /xingrg/kc/buy/cgsh_order_operate.html?command=get_materiel&rest_code=00146&code=00101008212&supplier_code=00100005&order_time=2021-02-21 HTTP/1.1" 200 412
116.232.54.37 - - [21/Feb/2021:09:11:04 +0800] "GET /xingrg/kc/buy/cgsh_order_add.html HTTP/1.1" 200 62145
116.232.54.37 - - [21/Feb/2021:09:11:04 +0800] "POST /xingrg/kc/buy/cgsh_order_operate.html HTTP/1.1" 200 8245
116.232.54.37 - - [21/Feb/2021:09:11:04 +0800] "GET /xingrg/all/common/auto_word.html?type=employee&rest_code=00109 HTTP/1.1" 200 205
116.232.54.37 - - [21/Feb/2021:09:11:04 +0800] "GET /xingrg/all/common/auto_word.html?type=employee&rest_code=00109 HTTP/1.1" 200 205
116.232.54.37 - - [21/Feb/2021:09:11:04 +0800] "GET /xingrg/javascript/easyui/themes/default/validatebox.css HTTP/1.1" 404 1104
222.69.136.62 - - [21/Feb/2021:09:11:04 +0800] "GET /xingrg/kc/buy/cgsh_order_operate.html?command=get_materiel&rest_code=00149&code=00101008296&supplier_code=00100005&order_time=2021-02-20 HTTP/1.1" 200 416
58.37.230.33 - - [21/Feb/2021:09:11:05 +0800] "GET /xingrg/check_reg.html?_=1613869866762 HTTP/1.1" 200 22
116.228.172.94 - - [21/Feb/2021:09:11:06 +0800] "GET /xingrg/all/function/internal_message.html?_=1613869862229&CODE_STATE=getMsg HTTP/1.1" 200 27
116.232.54.37 - - [21/Feb/2021:09:11:11 +0800] "GET /xingrg/kc/buy/cgsh_order_operate.html?command=get_materiel&rest_code=00109&code=00101006144&supplier_code=00100015&order_time=2021-02-21 HTTP/1.1" 200 409
101.228.165.73 - - [21/Feb/2021:09:11:12 +0800] "GET /xingrg/kc/buy/cgsh_order_operate.html?command=get_materiel&rest_code=00146&code=00101008115&supplier_code=00100005&order_time=2021-02-21 HTTP/1.1" 200 412
120.253.135.82 - - [21/Feb/2021:09:11:13 +0800] "GET /xingrg/all/function/internal_message.html?_=1613869636338&CODE_STATE=getMsg HTTP/1.1" 200 27
114.88.166.193 - - [21/Feb/2021:09:11:14 +0800] "GET /xingrg/all/function/internal_message.html?_=1613869866011&CODE_STATE=getMsg HTTP/1.1" 200 27
116.227.208.86 - - [21/Feb/2021:09:11:14 +0800] "GET /xingrg/check_reg.html?_=1613869867757 HTTP/1.1" 200 22
116.227.208.86 - - [21/Feb/2021:09:11:14 +0800] "GET /xingrg/all/function/internal_message.html?_=1613869867759&CODE_STATE=getMsg HTTP/1.1" 200 27
222.69.136.62 - - [21/Feb/2021:09:11:17 +0800] "GET /xingrg/kc/buy/cgsh_order_operate.html?command=get_materiel&rest_code=00149&code=00101008005&supplier_code=00100005&order_time=2021-02-20 HTTP/1.1" 200 412
116.224.253.72 - - [21/Feb/2021:09:11:20 +0800] "GET /xingrg/check_reg.html?_=1613869874222 HTTP/1.1" 200 22
116.224.253.72 - - [21/Feb/2021:09:11:20 +0800] "GET /xingrg/all/function/internal_message.html?_=1613869874221&CODE_STATE=getMsg HTTP/1.1" 200 27
116.232.54.37 - - [21/Feb/2021:09:11:20 +0800] "GET /xingrg/kc/buy/cgsh_order_operate.html?command=get_materiel&rest_code=00109&code=00101006130&supplier_code=00100015&order_time=2021-02-21 HTTP/1.1" 200 427
101.228.165.73 - - [21/Feb/2021:09:11:22 +0800] "GET /xingrg/kc/buy/cgsh_order_operate.html?command=get_materiel&rest_code=00146&code=00101008270&supplier_code=00100005&order_time=2021-02-21 HTTP/1.1" 200 431
116.228.172.94 - - [21/Feb/2021:09:11:24 +0800] "GET /xingrg/kc/buy/cgsh_order_add.html HTTP/1.1" 200 62192
116.228.172.94 - - [21/Feb/2021:09:11:25 +0800] "POST /xingrg/kc/buy/cgsh_order_operate.html HTTP/1.1" 200 8245
116.228.172.94 - - [21/Feb/2021:09:11:25 +0800] "GET /xingrg/javascript/easyui/themes/default/validatebox.css HTTP/1.1" 404 1104
116.232.54.37 - - [21/Feb/2021:09:11:25 +0800] "GET /xingrg/kc/buy/cgsh_order_operate.html?command=get_materiel&rest_code=00109&code=00101006109&supplier_code=00100015&order_time=2021-02-21 HTTP/1.1" 200 409
101.228.165.73 - - [21/Feb/2021:09:11:29 +0800] "GET /xingrg/kc/buy/cgsh_order_operate.html?command=get_materiel&rest_code=00146&code=00101008027&supplier_code=00100005&order_time=2021-02-21 HTTP/1.1" 200 430
101.228.165.73 - - [21/Feb/2021:09:11:32 +0800] "GET /xingrg/all/function/internal_message.html?_=1613869881688&CODE_STATE=getMsg HTTP/1.1" 200 27
116.228.172.94 - - [21/Feb/2021:09:11:32 +0800] "GET /xingrg/javascript/easyui/themes/default/tree.css HTTP/1.1" 404 1090
116.228.172.94 - - [21/Feb/2021:09:11:32 +0800] "POST /xingrg/all/common/load_tree.html?tree=supplier_tree_json&isDelete=1 HTTP/1.1" 200 54827
116.232.54.37 - - [21/Feb/2021:09:11:34 +0800] "GET /xingrg/kc/buy/cgsh_order_operate.html?command=get_materiel&rest_code=00109&code=00101006130&supplier_code=00100015&order_time=2021-02-21 HTTP/1.1" 200 427
116.224.253.72 - - [21/Feb/2021:09:11:35 +0800] "GET /xingrg/all/function/internal_message.html?_=1613869891655&CODE_STATE=getMsg HTTP/1.1" 200 27
116.224.253.72 - - [21/Feb/2021:09:11:35 +0800] "GET /xingrg/check_reg.html?_=1613869891659 HTTP/1.1" 200 22
58.37.230.33 - - [21/Feb/2021:09:11:39 +0800] "GET /xingrg/all/function/internal_message.html?_=1613869900734&CODE_STATE=getMsg HTTP/1.1" 200 27
116.232.54.37 - - [21/Feb/2021:09:11:39 +0800] "GET /xingrg/kc/buy/cgsh_order_operate.html?command=get_materiel&rest_code=00109&code=00101006057&supplier_code=00100015&order_time=2021-02-21 HTTP/1.1" 200 413
61.165.42.208 - - [21/Feb/2021:09:11:40 +0800] "GET /xingrg/all/function/internal_message.html?_=1613869897505&CODE_STATE=getMsg HTTP/1.1" 200 27
222.69.136.62 - - [21/Feb/2021:09:11:41 +0800] "GET /xingrg/kc/buy/cgsh_order_operate.html?command=get_materiel&rest_code=00149&code=00101008353&supplier_code=00100005&order_time=2021-02-20 HTTP/1.1" 200 408
101.228.165.73 - - [21/Feb/2021:09:11:42 +0800] "GET /xingrg/kc/buy/cgsh_order_operate.html?command=get_materiel&rest_code=00146&code=00101008096&supplier_code=00100005&order_time=2021-02-21 HTTP/1.1" 200 413
116.224.253.72 - - [21/Feb/2021:09:11:42 +0800] "GET /xingrg/all/function/internal_message.html?_=1613869873582&CODE_STATE=getMsg HTTP/1.1" 200 27
116.232.54.37 - - [21/Feb/2021:09:11:43 +0800] "GET /xingrg/kc/buy/cgsh_order_operate.html?command=get_materiel&rest_code=00109&code=00101006058&supplier_code=00100015&order_time=2021-02-21 HTTP/1.1" 200 413
116.232.54.37 - - [21/Feb/2021:09:11:45 +0800] "GET /xingrg/all/function/internal_message.html?_=1613869963459&CODE_STATE=getMsg HTTP/1.1" 200 27
222.69.136.62 - - [21/Feb/2021:09:11:48 +0800] "GET /xingrg/all/function/internal_message.html?_=1613869903894&CODE_STATE=getMsg HTTP/1.1" 200 27
223.167.127.36 - - [21/Feb/2021:09:11:49 +0800] "GET /xingrg/all/function/internal_message.html?_=1613869905652&CODE_STATE=getMsg HTTP/1.1" 200 27
223.167.127.36 - - [21/Feb/2021:09:11:49 +0800] "GET /xingrg/check_reg.html?_=1613869905660 HTTP/1.1" 200 22
101.228.165.73 - - [21/Feb/2021:09:11:51 +0800] "GET /xingrg/kc/buy/cgsh_order_operate.html?command=get_materiel&rest_code=00146&code=00101008290&supplier_code=00100005&order_time=2021-02-21 HTTP/1.1" 200 416
116.232.54.37 - - [21/Feb/2021:09:11:53 +0800] "POST /xingrg/kc/buy/cgsh_order_operate.html HTTP/1.1" 200 37
61.165.42.208 - - [21/Feb/2021:09:11:57 +0800] "GET /xingrg/check_reg.html?_=1613869912398 HTTP/1.1" 200 22
61.165.42.208 - - [21/Feb/2021:09:11:57 +0800] "GET /xingrg/all/function/internal_message.html?_=1613869912406&CODE_STATE=getMsg HTTP/1.1" 200 27
116.228.172.94 - - [21/Feb/2021:09:11:58 +0800] "GET /xingrg/kc/buy/cgsh_order_operate.html?command=get_materiel&rest_code=00107&code=00101006115&supplier_code=00100010&order_time=2021-02-21 HTTP/1.1" 200 409
222.69.136.62 - - [21/Feb/2021:09:11:58 +0800] "GET /xingrg/kc/buy/cgsh_order_operate.html?command=get_materiel&rest_code=00149&code=00101008213&supplier_code=00100005&order_time=2021-02-20 HTTP/1.1" 200 412
117.185.32.26 - - [21/Feb/2021:09:11:59 +0800] "GET /xingrg/all/function/internal_message.html?_=1613869907862&CODE_STATE=getMsg HTTP/1.1" 200 27
116.232.54.37 - - [21/Feb/2021:09:12:01 +0800] "POST /xingrg/kc/buy/cgsh_order_operate.html HTTP/1.1" 200 5648
101.228.165.73 - - [21/Feb/2021:09:12:02 +0800] "GET /xingrg/kc/buy/cgsh_order_operate.html?command=get_materiel&rest_code=00146&code=00101008003&supplier_code=00100005&order_time=2021-02-21 HTTP/1.1" 200 408
116.228.172.94 - - [21/Feb/2021:09:12:06 +0800] "GET /xingrg/check_reg.html?_=1613869922111 HTTP/1.1" 200 22
116.228.172.94 - - [21/Feb/2021:09:12:07 +0800] "GET /xingrg/all/function/internal_message.html?_=1613869922325&CODE_STATE=getMsg HTTP/1.1" 200 27
222.69.136.62 - - [21/Feb/2021:09:12:07 +0800] "POST /xingrg/kc/buy/cgsh_order_operate.html HTTP/1.1" 200 2065
116.232.54.37 - - [21/Feb/2021:09:12:07 +0800] "GET /xingrg/kc/print/load_config.html?kc_code=cgsh HTTP/1.1" 200 1845
116.232.54.37 - - [21/Feb/2021:09:12:07 +0800] "GET /xingrg/kc/print/load_data.html?order_code=212021022107621&kc_code=cgsh&condition= HTTP/1.1" 200 1909
114.88.166.193 - - [21/Feb/2021:09:12:07 +0800] "GET /xingrg/check_reg.html?_=1613869919302 HTTP/1.1" 200 22
180.174.195.252 - - [21/Feb/2021:09:12:09 +0800] "GET /xingrg/images/blue/jxLogo.png HTTP/1.1" 304 -
180.174.195.252 - - [21/Feb/2021:09:12:09 +0800] "GET /xingrg/images/blue/login_bg.png HTTP/1.1" 304 -
180.174.195.252 - - [21/Feb/2021:09:12:09 +0800] "GET /xingrg/images/blue/hj.png HTTP/1.1" 304 -
180.174.195.252 - - [21/Feb/2021:09:12:09 +0800] "GET /xingrg/images/blue/srbg.png HTTP/1.1" 304 -
180.174.195.252 - - [21/Feb/2021:09:12:09 +0800] "GET /favicon.ico HTTP/1.1" 404 -
116.232.54.37 - - [21/Feb/2021:09:12:11 +0800] "GET /xingrg/kc/buy/cgsh_order_add.html HTTP/1.1" 200 62145
116.232.54.37 - - [21/Feb/2021:09:12:11 +0800] "POST /xingrg/kc/buy/cgsh_order_operate.html HTTP/1.1" 200 8245
116.232.54.37 - - [21/Feb/2021:09:12:11 +0800] "GET /xingrg/all/common/auto_word.html?type=employee&rest_code=00109 HTTP/1.1" 200 205
116.232.54.37 - - [21/Feb/2021:09:12:11 +0800] "GET /xingrg/all/common/auto_word.html?type=employee&rest_code=00109 HTTP/1.1" 200 205
116.232.54.37 - - [21/Feb/2021:09:12:11 +0800] "GET /xingrg/javascript/easyui/themes/default/validatebox.css HTTP/1.1" 404 1104
120.253.135.82 - - [21/Feb/2021:09:12:13 +0800] "GET /xingrg/all/function/internal_message.html?_=1613869696470&CODE_STATE=getMsg HTTP/1.1" 200 27
114.88.166.193 - - [21/Feb/2021:09:12:14 +0800] "GET /xingrg/all/function/internal_message.html?_=1613869926041&CODE_STATE=getMsg HTTP/1.1" 200 27
116.227.208.86 - - [21/Feb/2021:09:12:14 +0800] "GET /xingrg/all/function/internal_message.html?_=1613869927744&CODE_STATE=getMsg HTTP/1.1" 200 27
180.174.195.252 - - [21/Feb/2021:09:12:15 +0800] "POST /xingrg/login.do HTTP/1.1" 302 -
180.174.195.252 - - [21/Feb/2021:09:12:15 +0800] "GET /xingrg/index.html?sysBaseUrl=http%3A%2F%2F180.169.147.146%3A18081%2Fxingrg%2F&costTime=36×tamp=1613869935253 HTTP/1.1" 200 17173
180.174.195.252 - - [21/Feb/2021:09:12:15 +0800] "GET /xingrg/javascript/jquery_easy_ui/themes/default/easyui.css HTTP/1.1" 304 -
180.174.195.252 - - [21/Feb/2021:09:12:15 +0800] "GET /xingrg/javascript/jquery.timers.js HTTP/1.1" 304 -
180.174.195.252 - - [21/Feb/2021:09:12:15 +0800] "GET /xingrg/css/form.css HTTP/1.1" 304 -
180.174.195.252 - - [21/Feb/2021:09:12:15 +0800] "GET /xingrg/javascript/jquery_easy_ui/themes/icon.css HTTP/1.1" 304 -
180.174.195.252 - - [21/Feb/2021:09:12:15 +0800] "GET /xingrg/javascript/jquery-1.4.2.min.js HTTP/1.1" 304 -
180.174.195.252 - - [21/Feb/2021:09:12:15 +0800] "GET /xingrg/javascript/jquery_easy_ui/jquery.easyui.min.js HTTP/1.1" 304 -
180.174.195.252 - - [21/Feb/2021:09:12:15 +0800] "GET /xingrg/javascript/jquery.utils.js HTTP/1.1" 304 -
180.174.195.252 - - [21/Feb/2021:09:12:15 +0800] "GET /xingrg/javascript/jquery_easy_ui/easyui-lang-zh_CN.js HTTP/1.1" 304 -
180.174.195.252 - - [21/Feb/2021:09:12:15 +0800] "GET /xingrg/javascript/jquery.form.js HTTP/1.1" 304 -
101.228.165.73 - - [21/Feb/2021:09:12:15 +0800] "GET /xingrg/kc/buy/cgsh_order_operate.html?command=get_materiel&rest_code=00146&code=00101008067&supplier_code=00100005&order_time=2021-02-21 HTTP/1.1" 200 416
180.174.195.252 - - [21/Feb/2021:09:12:16 +0800] "GET /xingrg/images/blue/navBackgound.jpg HTTP/1.1" 304 -
