61.165.42.208 - - [19/Feb/2021:09:48:08 +0800] "GET /xingrg/javascript/easyui/themes/default/validatebox.css HTTP/1.1" 404 1104
114.88.166.193 - - [19/Feb/2021:09:48:08 +0800] "POST /xingrg/kc/buy/cgsh_order_operate.html HTTP/1.1" 200 37
114.88.166.193 - - [19/Feb/2021:09:48:09 +0800] "POST /xingrg/kc/buy/cgsh_order_operate.html HTTP/1.1" 200 2664
101.228.165.174 - - [19/Feb/2021:09:48:10 +0800] "GET /xingrg/all/function/internal_message.html?_=1613699286391&CODE_STATE=getMsg HTTP/1.1" 200 27
114.86.187.76 - - [19/Feb/2021:09:48:11 +0800] "GET /xingrg/kc/base/wldb_order_operate.html?command=get_materiel&rest_code=00148&base_code=0010001&code=00101013011 HTTP/1.1" 200 451
180.174.195.252 - - [19/Feb/2021:09:48:11 +0800] "GET /xingrg/all/function/internal_message.html?_=1613699539310&CODE_STATE=getMsg HTTP/1.1" 200 27
114.88.166.193 - - [19/Feb/2021:09:48:12 +0800] "GET /xingrg/kc/print/load_data.html?order_code=212021021907090&kc_code=cgsh&condition= HTTP/1.1" 200 732
222.69.136.197 - - [19/Feb/2021:09:48:13 +0800] "GET /xingrg/all/function/internal_message.html?_=1613699288711&CODE_STATE=getMsg HTTP/1.1" 200 27
58.37.230.33 - - [19/Feb/2021:09:48:16 +0800] "GET /xingrg/all/function/internal_message.html?_=1613699307923&CODE_STATE=getMsg HTTP/1.1" 200 27
116.224.253.72 - - [19/Feb/2021:09:48:17 +0800] "GET /xingrg/all/function/internal_message.html?_=1613699288553&CODE_STATE=getMsg HTTP/1.1" 200 27
114.86.187.76 - - [19/Feb/2021:09:48:18 +0800] "GET /xingrg/kc/base/wldb_order_operate.html?command=get_materiel&rest_code=00148&base_code=0010001&code=00101019079 HTTP/1.1" 200 465
61.165.42.208 - - [19/Feb/2021:09:48:19 +0800] "GET /xingrg/kc/buy/cgsh_order_operate.html?command=get_materiel&rest_code=00105&code=00101003066&supplier_code=00100091&order_time=2021-02-19 HTTP/1.1" 200 415
114.86.187.76 - - [19/Feb/2021:09:48:20 +0800] "GET /xingrg/kc/base/wldb_order_operate.html?command=get_materiel&rest_code=00148&base_code=0010001&code=00101019405 HTTP/1.1" 200 468
114.86.187.76 - - [19/Feb/2021:09:48:23 +0800] "GET /xingrg/all/function/internal_message.html?_=1613699304273&CODE_STATE=getMsg HTTP/1.1" 200 27
114.86.187.76 - - [19/Feb/2021:09:48:26 +0800] "POST /xingrg/kc/base/wldb_order_operate.html HTTP/1.1" 200 37
114.86.187.76 - - [19/Feb/2021:09:48:27 +0800] "POST /xingrg/kc/base/wldb_order_operate.html HTTP/1.1" 200 12
114.86.187.76 - - [19/Feb/2021:09:48:27 +0800] "POST /xingrg/kc/base/wldb_order_operate.html HTTP/1.1" 200 3722
116.227.208.86 - - [19/Feb/2021:09:48:28 +0800] "GET /xingrg/all/function/internal_message.html?_=1613699304105&CODE_STATE=getMsg HTTP/1.1" 200 27
101.228.165.73 - - [19/Feb/2021:09:48:29 +0800] "GET /xingrg/all/function/internal_message.html?_=1613699352374&CODE_STATE=getMsg HTTP/1.1" 302 -
114.88.166.193 - - [19/Feb/2021:09:48:29 +0800] "GET /xingrg/check_reg.html?_=1613699303158 HTTP/1.1" 200 22
114.88.166.193 - - [19/Feb/2021:09:48:29 +0800] "GET /xingrg/all/function/internal_message.html?_=1613699303204&CODE_STATE=getMsg HTTP/1.1" 200 27
61.165.42.208 - - [19/Feb/2021:09:48:30 +0800] "POST /xingrg/kc/buy/cgsh_order_operate.html HTTP/1.1" 200 37
61.165.42.208 - - [19/Feb/2021:09:48:31 +0800] "POST /xingrg/kc/buy/cgsh_order_operate.html HTTP/1.1" 200 2675
61.165.42.208 - - [19/Feb/2021:09:48:32 +0800] "GET /xingrg/kc/print/load_data.html?order_code=212021021907091&kc_code=cgsh&condition= HTTP/1.1" 200 758
58.37.230.33 - - [19/Feb/2021:09:48:32 +0800] "GET /xingrg/all/function/internal_message.html?_=1613699316607&CODE_STATE=getMsg HTTP/1.1" 200 27
114.86.187.76 - - [19/Feb/2021:09:48:33 +0800] "GET /xingrg/kc/base/wldb_order_info.html?code=422021021902171 HTTP/1.1" 200 26387
114.86.187.76 - - [19/Feb/2021:09:48:34 +0800] "GET /xingrg/javascript/easyui/themes/default/validatebox.css HTTP/1.1" 404 1104
114.86.187.76 - - [19/Feb/2021:09:48:34 +0800] "POST /xingrg/kc/base/wldb_order_operate.html HTTP/1.1" 200 1984
58.37.230.33 - - [19/Feb/2021:09:48:36 +0800] "GET /xingrg/all/function/internal_message.html?_=1613699321055&CODE_STATE=getMsg HTTP/1.1" 200 27
101.228.165.174 - - [19/Feb/2021:09:48:40 +0800] "GET /xingrg/check_reg.html?_=1613699349499 HTTP/1.1" 200 22
101.228.165.174 - - [19/Feb/2021:09:48:41 +0800] "GET /xingrg/all/function/internal_message.html?_=1613699349781&CODE_STATE=getMsg HTTP/1.1" 200 27
116.224.253.72 - - [19/Feb/2021:09:48:41 +0800] "GET /xingrg/all/function/internal_message.html?_=1613699318524&CODE_STATE=getMsg HTTP/1.1" 200 27
61.165.42.208 - - [19/Feb/2021:09:48:44 +0800] "GET /xingrg/kc/buy/cgsh_order_add.html HTTP/1.1" 200 62151
61.165.42.208 - - [19/Feb/2021:09:48:44 +0800] "POST /xingrg/kc/buy/cgsh_order_operate.html HTTP/1.1" 200 8245
61.165.42.208 - - [19/Feb/2021:09:48:44 +0800] "GET /xingrg/javascript/easyui/themes/default/validatebox.css HTTP/1.1" 404 1104
117.185.32.26 - - [19/Feb/2021:09:48:46 +0800] "GET /xingrg/all/function/internal_message.html?_=1613699316751&CODE_STATE=getMsg HTTP/1.1" 200 27
114.86.187.76 - - [19/Feb/2021:09:48:47 +0800] "GET /xingrg/kc/mdqp/pssh_order_list.html HTTP/1.1" 200 17927
114.86.187.76 - - [19/Feb/2021:09:48:48 +0800] "POST /xingrg/kc/mdqp/pssh_list_operate.html HTTP/1.1" 200 5425
114.86.187.76 - - [19/Feb/2021:09:48:49 +0800] "POST /xingrg/kc/mdqp/pssh_list_operate.html HTTP/1.1" 200 807
114.86.187.76 - - [19/Feb/2021:09:48:50 +0800] "GET /xingrg/kc/mdqp/pssh_order_info.html?code=312021021800397 HTTP/1.1" 200 17281
116.228.172.94 - - [19/Feb/2021:09:48:50 +0800] "GET /xingrg/all/function/internal_message.html?_=1613699327588&CODE_STATE=getMsg HTTP/1.1" 200 27
114.86.187.76 - - [19/Feb/2021:09:48:50 +0800] "GET /xingrg/javascript/jquery_tools/jquery-1.4.2.min.js HTTP/1.1" 404 1094
114.86.187.76 - - [19/Feb/2021:09:48:51 +0800] "POST /xingrg/kc/mdqp/pssh_order_operate.html HTTP/1.1" 200 5915
114.86.187.76 - - [19/Feb/2021:09:48:51 +0800] "GET /xingrg/all/common/auto_word.html?type=base&rest_code=00148&rest_code=00148 HTTP/1.1" 200 1753
114.86.187.76 - - [19/Feb/2021:09:48:51 +0800] "GET /xingrg/javascript/easyui/themes/default/validatebox.css HTTP/1.1" 404 1104
61.165.42.208 - - [19/Feb/2021:09:48:54 +0800] "GET /xingrg/kc/buy/cgsh_order_operate.html?command=get_materiel&rest_code=00105&code=00101008061&supplier_code=00100339&order_time=2021-02-19 HTTP/1.1" 200 444
180.169.147.146 - - [19/Feb/2021:09:48:54 +0800] "GET /xingrg/all/function/internal_message.html?_=1613699331232&CODE_STATE=getMsg HTTP/1.1" 200 27
117.131.5.26 - - [19/Feb/2021:09:48:55 +0800] "GET /xingrg/all/function/internal_message.html?_=1613699702974&CODE_STATE=getMsg HTTP/1.1" 200 27
114.86.187.76 - - [19/Feb/2021:09:48:56 +0800] "POST /xingrg/all/common/load_combo.html?type=employee HTTP/1.1" 200 359
114.86.187.76 - - [19/Feb/2021:09:48:59 +0800] "POST /xingrg/kc/mdqp/pssh_order_operate.html HTTP/1.1" 200 37
116.224.253.72 - - [19/Feb/2021:09:48:59 +0800] "GET /xingrg/all/function/internal_message.html?_=1613699313123&CODE_STATE=getMsg HTTP/1.1" 200 27
114.86.187.76 - - [19/Feb/2021:09:48:59 +0800] "POST /xingrg/kc/mdqp/pssh_order_operate.html HTTP/1.1" 200 5915
114.86.187.76 - - [19/Feb/2021:09:49:00 +0800] "GET /xingrg/kc/print/load_config.html?kc_code=pssh HTTP/1.1" 200 2290
101.228.165.174 - - [19/Feb/2021:09:49:00 +0800] "GET /xingrg/all/function/internal_message.html?_=1613699369468&CODE_STATE=getMsg HTTP/1.1" 200 27
114.86.187.76 - - [19/Feb/2021:09:49:01 +0800] "GET /xingrg/kc/print/load_data.html?order_code=312021021800397&kc_code=pssh&condition= HTTP/1.1" 200 2571
61.165.42.208 - - [19/Feb/2021:09:49:01 +0800] "POST /xingrg/kc/buy/cgsh_order_operate.html HTTP/1.1" 200 37
61.165.42.208 - - [19/Feb/2021:09:49:07 +0800] "POST /xingrg/kc/buy/cgsh_order_operate.html HTTP/1.1" 200 2666
114.86.187.76 - - [19/Feb/2021:09:49:08 +0800] "POST /xingrg/kc/mdqp/pssh_list_operate.html HTTP/1.1" 200 773
114.86.187.76 - - [19/Feb/2021:09:49:08 +0800] "GET /xingrg/kc/mdqp/pssh_order_info.html?code=312021021800396 HTTP/1.1" 200 17281
114.86.187.76 - - [19/Feb/2021:09:49:08 +0800] "GET /xingrg/javascript/jquery_tools/jquery-1.4.2.min.js HTTP/1.1" 404 1094
61.165.42.208 - - [19/Feb/2021:09:49:08 +0800] "GET /xingrg/kc/print/load_data.html?order_code=212021021907092&kc_code=cgsh&condition= HTTP/1.1" 200 676
114.86.187.76 - - [19/Feb/2021:09:49:09 +0800] "POST /xingrg/kc/mdqp/pssh_order_operate.html HTTP/1.1" 200 5254
114.86.187.76 - - [19/Feb/2021:09:49:09 +0800] "GET /xingrg/javascript/easyui/themes/default/validatebox.css HTTP/1.1" 404 1104
101.228.165.174 - - [19/Feb/2021:09:49:10 +0800] "GET /xingrg/all/function/internal_message.html?_=1613699346391&CODE_STATE=getMsg HTTP/1.1" 200 27
114.86.187.76 - - [19/Feb/2021:09:49:11 +0800] "POST /xingrg/all/common/load_combo.html?type=employee HTTP/1.1" 200 359
180.174.195.252 - - [19/Feb/2021:09:49:11 +0800] "GET /xingrg/all/function/internal_message.html?_=1613699599587&CODE_STATE=getMsg HTTP/1.1" 200 27
61.165.42.208 - - [19/Feb/2021:09:49:12 +0800] "GET /xingrg/kc/buy/cgsh_order_add.html HTTP/1.1" 200 62151
61.165.42.208 - - [19/Feb/2021:09:49:12 +0800] "POST /xingrg/kc/buy/cgsh_order_operate.html HTTP/1.1" 200 8245
61.165.42.208 - - [19/Feb/2021:09:49:12 +0800] "GET /xingrg/javascript/easyui/themes/default/validatebox.css HTTP/1.1" 404 1104
222.69.136.197 - - [19/Feb/2021:09:49:13 +0800] "GET /xingrg/all/function/internal_message.html?_=1613699348710&CODE_STATE=getMsg HTTP/1.1" 200 27
114.86.187.76 - - [19/Feb/2021:09:49:16 +0800] "POST /xingrg/kc/mdqp/pssh_order_operate.html HTTP/1.1" 200 37
58.37.230.33 - - [19/Feb/2021:09:49:16 +0800] "GET /xingrg/all/function/internal_message.html?_=1613699367892&CODE_STATE=getMsg HTTP/1.1" 200 27
114.86.187.76 - - [19/Feb/2021:09:49:16 +0800] "POST /xingrg/kc/mdqp/pssh_order_operate.html HTTP/1.1" 200 5254
116.224.253.72 - - [19/Feb/2021:09:49:17 +0800] "GET /xingrg/all/function/internal_message.html?_=1613699348555&CODE_STATE=getMsg HTTP/1.1" 200 27
114.86.187.76 - - [19/Feb/2021:09:49:17 +0800] "GET /xingrg/kc/print/load_data.html?order_code=312021021800396&kc_code=pssh&condition= HTTP/1.1" 200 2229
61.165.42.208 - - [19/Feb/2021:09:49:21 +0800] "GET /xingrg/kc/buy/cgsh_order_operate.html?command=get_materiel&rest_code=00105&code=00101008055&supplier_code=00100440&order_time=2021-02-19 HTTP/1.1" 200 411
114.86.187.76 - - [19/Feb/2021:09:49:22 +0800] "POST /xingrg/kc/mdqp/pssh_list_operate.html HTTP/1.1" 200 1949
114.86.187.76 - - [19/Feb/2021:09:49:23 +0800] "GET /xingrg/all/function/internal_message.html?_=1613699364264&CODE_STATE=getMsg HTTP/1.1" 200 27
114.86.187.76 - - [19/Feb/2021:09:49:24 +0800] "POST /xingrg/kc/mdqp/pssh_list_operate.html HTTP/1.1" 200 1949
114.86.187.76 - - [19/Feb/2021:09:49:24 +0800] "POST /xingrg/kc/mdqp/pssh_list_operate.html HTTP/1.1" 200 1949
114.86.187.76 - - [19/Feb/2021:09:49:25 +0800] "GET /xingrg/kc/mdqp/pssh_order_list.html HTTP/1.1" 200 17927
114.86.187.76 - - [19/Feb/2021:09:49:25 +0800] "POST /xingrg/kc/mdqp/pssh_list_operate.html HTTP/1.1" 200 5463
183.192.164.71 - - [19/Feb/2021:09:49:26 +0800] "GET /xingrg/all/function/internal_message.html?_=1613698896747&CODE_STATE=getMsg HTTP/1.1" 302 -
114.86.187.76 - - [19/Feb/2021:09:49:27 +0800] "POST /xingrg/kc/mdqp/pssh_list_operate.html HTTP/1.1" 200 259
114.86.187.76 - - [19/Feb/2021:09:49:28 +0800] "GET /xingrg/kc/mdqp/pssh_order_info.html?code=312021021000321 HTTP/1.1" 200 17278
114.86.187.76 - - [19/Feb/2021:09:49:28 +0800] "GET /xingrg/javascript/jquery_tools/jquery-1.4.2.min.js HTTP/1.1" 404 1094
114.86.187.76 - - [19/Feb/2021:09:49:28 +0800] "POST /xingrg/kc/mdqp/pssh_order_operate.html HTTP/1.1" 200 529
114.86.187.76 - - [19/Feb/2021:09:49:28 +0800] "GET /xingrg/javascript/easyui/themes/default/validatebox.css HTTP/1.1" 404 1104
116.227.208.86 - - [19/Feb/2021:09:49:28 +0800] "GET /xingrg/all/function/internal_message.html?_=1613699364091&CODE_STATE=getMsg HTTP/1.1" 200 27
101.228.165.73 - - [19/Feb/2021:09:49:29 +0800] "GET /xingrg/all/function/internal_message.html?_=1613699412383&CODE_STATE=getMsg HTTP/1.1" 302 -
114.88.166.193 - - [19/Feb/2021:09:49:29 +0800] "GET /xingrg/all/function/internal_message.html?_=1613699363219&CODE_STATE=getMsg HTTP/1.1" 200 27
114.86.187.76 - - [19/Feb/2021:09:49:29 +0800] "POST /xingrg/all/common/load_combo.html?type=base&rest_code=00148 HTTP/1.1" 200 3142
61.165.42.208 - - [19/Feb/2021:09:49:31 +0800] "POST /xingrg/kc/buy/cgsh_order_operate.html HTTP/1.1" 200 37
61.165.42.208 - - [19/Feb/2021:09:49:32 +0800] "POST /xingrg/kc/buy/cgsh_order_operate.html HTTP/1.1" 200 2655
58.37.230.33 - - [19/Feb/2021:09:49:32 +0800] "GET /xingrg/all/function/internal_message.html?_=1613699376584&CODE_STATE=getMsg HTTP/1.1" 200 27
114.86.187.76 - - [19/Feb/2021:09:49:32 +0800] "POST /xingrg/all/common/load_combo.html?type=employee HTTP/1.1" 200 359
61.165.42.208 - - [19/Feb/2021:09:49:33 +0800] "GET /xingrg/kc/print/load_data.html?order_code=212021021907093&kc_code=cgsh&condition= HTTP/1.1" 200 672
183.192.164.71 - - [19/Feb/2021:09:49:35 +0800] "GET /xingrg/login.html HTTP/1.1" 200 7641
114.86.187.76 - - [19/Feb/2021:09:49:35 +0800] "POST /xingrg/kc/mdqp/pssh_order_operate.html HTTP/1.1" 200 37
114.86.187.76 - - [19/Feb/2021:09:49:35 +0800] "POST /xingrg/kc/mdqp/pssh_order_operate.html HTTP/1.1" 200 529
58.37.230.33 - - [19/Feb/2021:09:49:36 +0800] "GET /xingrg/all/function/internal_message.html?_=1613699381054&CODE_STATE=getMsg HTTP/1.1" 200 27
114.86.187.76 - - [19/Feb/2021:09:49:37 +0800] "GET /xingrg/kc/print/load_data.html?order_code=312021021000321&kc_code=pssh&condition= HTTP/1.1" 200 608
101.228.165.174 - - [19/Feb/2021:09:49:41 +0800] "GET /xingrg/all/function/internal_message.html?_=1613699409795&CODE_STATE=getMsg HTTP/1.1" 200 27
116.224.253.72 - - [19/Feb/2021:09:49:41 +0800] "GET /xingrg/all/function/internal_message.html?_=1613699378524&CODE_STATE=getMsg HTTP/1.1" 200 27
61.165.42.208 - - [19/Feb/2021:09:49:44 +0800] "GET /xingrg/kc/buy/cgsh_order_add.html HTTP/1.1" 200 62151
61.165.42.208 - - [19/Feb/2021:09:49:45 +0800] "POST /xingrg/kc/buy/cgsh_order_operate.html HTTP/1.1" 200 8245
61.165.42.208 - - [19/Feb/2021:09:49:45 +0800] "GET /xingrg/javascript/easyui/themes/default/validatebox.css HTTP/1.1" 404 1104
117.185.32.26 - - [19/Feb/2021:09:49:46 +0800] "GET /xingrg/all/function/internal_message.html?_=1613699376750&CODE_STATE=getMsg HTTP/1.1" 200 27
116.227.208.86 - - [19/Feb/2021:09:49:46 +0800] "GET /xingrg/check_reg.html?_=1613699381529 HTTP/1.1" 200 22
114.86.187.76 - - [19/Feb/2021:09:49:50 +0800] "POST /xingrg/kc/mdqp/pssh_order_operate.html HTTP/1.1" 200 37
114.86.187.76 - - [19/Feb/2021:09:49:50 +0800] "POST /xingrg/kc/mdqp/pssh_order_operate.html HTTP/1.1" 200 529
116.228.172.94 - - [19/Feb/2021:09:49:50 +0800] "GET /xingrg/all/function/internal_message.html?_=1613699387572&CODE_STATE=getMsg HTTP/1.1" 200 27
61.165.42.208 - - [19/Feb/2021:09:49:53 +0800] "GET /xingrg/kc/buy/cgsh_order_operate.html?command=get_materiel&rest_code=00105&code=00101007032&supplier_code=00100328&order_time=2021-02-19 HTTP/1.1" 200 434
180.169.147.146 - - [19/Feb/2021:09:49:54 +0800] "GET /xingrg/all/function/internal_message.html?_=1613699391235&CODE_STATE=getMsg HTTP/1.1" 200 27
61.129.6.174 - - [19/Feb/2021:09:49:54 +0800] "GET /xingrg/all/function/internal_message.html?_=1613699068032&CODE_STATE=getMsg HTTP/1.1" 302 -
117.131.5.26 - - [19/Feb/2021:09:49:55 +0800] "GET /xingrg/all/function/internal_message.html?_=1613699763010&CODE_STATE=getMsg HTTP/1.1" 200 27
61.129.6.174 - - [19/Feb/2021:09:49:58 +0800] "GET /xingrg/login.html HTTP/1.1" 200 7641
116.224.253.72 - - [19/Feb/2021:09:49:59 +0800] "GET /xingrg/all/function/internal_message.html?_=1613699373132&CODE_STATE=getMsg HTTP/1.1" 200 27
58.37.230.33 - - [19/Feb/2021:09:50:00 +0800] "POST /xingrg/kc/buy/cgsh_order_operate.html HTTP/1.1" 200 37
101.228.165.174 - - [19/Feb/2021:09:50:00 +0800] "GET /xingrg/all/function/internal_message.html?_=1613699429482&CODE_STATE=getMsg HTTP/1.1" 200 27
61.165.42.208 - - [19/Feb/2021:09:50:05 +0800] "GET /xingrg/all/function/internal_message.html?_=1613699401861&CODE_STATE=getMsg HTTP/1.1" 200 27
61.165.42.208 - - [19/Feb/2021:09:50:07 +0800] "GET /xingrg/kc/buy/cgsh_order_operate.html?command=get_materiel&rest_code=00105&code=00101007085&supplier_code=00100328&order_time=2021-02-19 HTTP/1.1" 200 413
101.228.165.174 - - [19/Feb/2021:09:50:10 +0800] "GET /xingrg/all/function/internal_message.html?_=1613699406395&CODE_STATE=getMsg HTTP/1.1" 200 27
101.228.165.174 - - [19/Feb/2021:09:50:10 +0800] "GET /xingrg/check_reg.html?_=1613699406397 HTTP/1.1" 200 22
58.37.230.33 - - [19/Feb/2021:09:50:11 +0800] "GET /xingrg/check_reg.html?_=1613699422653 HTTP/1.1" 200 22
180.174.195.252 - - [19/Feb/2021:09:50:11 +0800] "GET /xingrg/all/function/internal_message.html?_=1613699659603&CODE_STATE=getMsg HTTP/1.1" 200 27
58.37.230.33 - - [19/Feb/2021:09:50:11 +0800] "POST /xingrg/kc/buy/cgsh_order_operate.html HTTP/1.1" 200 46975
222.69.136.197 - - [19/Feb/2021:09:50:13 +0800] "GET /xingrg/all/function/internal_message.html?_=1613699408710&CODE_STATE=getMsg HTTP/1.1" 200 27
222.69.136.197 - - [19/Feb/2021:09:50:13 +0800] "GET /xingrg/check_reg.html?_=1613699408711 HTTP/1.1" 200 22
120.204.17.73 - - [19/Feb/2021:09:50:13 +0800] "GET /xingrg/all/function/internal_message.html?_=1613699016753&CODE_STATE=getMsg HTTP/1.1" 302 -
58.37.230.33 - - [19/Feb/2021:09:50:16 +0800] "GET /xingrg/all/function/internal_message.html?_=1613699427865&CODE_STATE=getMsg HTTP/1.1" 200 27
116.224.253.72 - - [19/Feb/2021:09:50:17 +0800] "GET /xingrg/all/function/internal_message.html?_=1613699408556&CODE_STATE=getMsg HTTP/1.1" 200 27
120.204.17.73 - - [19/Feb/2021:09:50:17 +0800] "GET /xingrg/login.html HTTP/1.1" 200 7641
61.165.42.208 - - [19/Feb/2021:09:50:18 +0800] "GET /xingrg/kc/buy/cgsh_order_operate.html?command=get_materiel&rest_code=00105&code=00101007077&supplier_code=00100328&order_time=2021-02-19 HTTP/1.1" 200 415
101.228.165.73 - - [19/Feb/2021:09:50:23 +0800] "GET /xingrg/check_reg.html?_=1613699466219 HTTP/1.1" 302 -
114.86.187.76 - - [19/Feb/2021:09:50:23 +0800] "GET /xingrg/all/function/internal_message.html?_=1613699424269&CODE_STATE=getMsg HTTP/1.1" 200 27
61.165.42.208 - - [19/Feb/2021:09:50:25 +0800] "POST /xingrg/kc/buy/cgsh_order_operate.html HTTP/1.1" 200 37
61.165.42.208 - - [19/Feb/2021:09:50:25 +0800] "POST /xingrg/kc/buy/cgsh_order_operate.html HTTP/1.1" 200 3845
114.86.187.76 - - [19/Feb/2021:09:50:26 +0800] "GET /xingrg/kc/base/wldb_order_list.html HTTP/1.1" 200 19345
61.165.42.208 - - [19/Feb/2021:09:50:27 +0800] "GET /xingrg/kc/print/load_data.html?order_code=212021021907094&kc_code=cgsh&condition= HTTP/1.1" 200 1130
114.86.187.76 - - [19/Feb/2021:09:50:27 +0800] "POST /xingrg/kc/base/wldb_list_operate.html HTTP/1.1" 200 928
116.227.208.86 - - [19/Feb/2021:09:50:28 +0800] "GET /xingrg/all/function/internal_message.html?_=1613699424061&CODE_STATE=getMsg HTTP/1.1" 200 27
101.228.165.73 - - [19/Feb/2021:09:50:29 +0800] "GET /xingrg/all/function/internal_message.html?_=1613699472400&CODE_STATE=getMsg HTTP/1.1" 302 -
114.88.166.193 - - [19/Feb/2021:09:50:29 +0800] "GET /xingrg/all/function/internal_message.html?_=1613699423231&CODE_STATE=getMsg HTTP/1.1" 200 27
61.165.42.208 - - [19/Feb/2021:09:50:30 +0800] "GET /xingrg/kc/buy/cgsh_order_add.html HTTP/1.1" 200 62151
61.165.42.208 - - [19/Feb/2021:09:50:31 +0800] "POST /xingrg/kc/buy/cgsh_order_operate.html HTTP/1.1" 200 8245
61.165.42.208 - - [19/Feb/2021:09:50:31 +0800] "GET /xingrg/javascript/easyui/themes/default/validatebox.css HTTP/1.1" 404 1104
58.37.230.33 - - [19/Feb/2021:09:50:32 +0800] "GET /xingrg/all/function/internal_message.html?_=1613699436554&CODE_STATE=getMsg HTTP/1.1" 200 27
58.37.230.33 - - [19/Feb/2021:09:50:36 +0800] "GET /xingrg/all/function/internal_message.html?_=1613699441054&CODE_STATE=getMsg HTTP/1.1" 200 27
61.165.42.208 - - [19/Feb/2021:09:50:40 +0800] "GET /xingrg/kc/buy/cgsh_order_operate.html?command=get_materiel&rest_code=00105&code=00101002035&supplier_code=00100088&order_time=2021-02-19 HTTP/1.1" 200 416
117.131.5.26 - - [19/Feb/2021:09:50:41 +0800] "GET /xingrg/check_reg.html?_=1613699808340 HTTP/1.1" 200 22
101.228.165.174 - - [19/Feb/2021:09:50:41 +0800] "GET /xingrg/all/function/internal_message.html?_=1613699469808&CODE_STATE=getMsg HTTP/1.1" 200 27
116.224.253.72 - - [19/Feb/2021:09:50:41 +0800] "GET /xingrg/all/function/internal_message.html?_=1613699438533&CODE_STATE=getMsg HTTP/1.1" 200 27
117.185.32.26 - - [19/Feb/2021:09:50:46 +0800] "GET /xingrg/check_reg.html?_=1613699436752 HTTP/1.1" 200 22
117.185.32.26 - - [19/Feb/2021:09:50:46 +0800] "GET /xingrg/all/function/internal_message.html?_=1613699436754&CODE_STATE=getMsg HTTP/1.1" 200 27
116.228.172.94 - - [19/Feb/2021:09:50:47 +0800] "GET /xingrg/check_reg.html?_=1613699444375 HTTP/1.1" 200 22
116.228.172.94 - - [19/Feb/2021:09:50:50 +0800] "GET /xingrg/all/function/internal_message.html?_=1613699447556&CODE_STATE=getMsg HTTP/1.1" 200 27
61.165.42.208 - - [19/Feb/2021:09:50:51 +0800] "POST /xingrg/kc/buy/cgsh_order_operate.html HTTP/1.1" 200 37
61.165.42.208 - - [19/Feb/2021:09:50:53 +0800] "POST /xingrg/kc/buy/cgsh_order_operate.html HTTP/1.1" 200 2665
61.165.42.208 - - [19/Feb/2021:09:50:53 +0800] "GET /xingrg/kc/print/load_data.html?order_code=212021021907095&kc_code=cgsh&condition= HTTP/1.1" 200 748
58.37.230.33 - - [19/Feb/2021:09:50:54 +0800] "GET /xingrg/kc/buy/cgsh_order_operate.html?command=get_materiel&rest_code=00141&code=00101008354&supplier_code=00100007&order_time=2021-02-19 HTTP/1.1" 200 432
180.169.147.146 - - [19/Feb/2021:09:50:54 +0800] "GET /xingrg/all/function/internal_message.html?_=1613699451221&CODE_STATE=getMsg HTTP/1.1" 200 27
117.131.5.26 - - [19/Feb/2021:09:50:55 +0800] "GET /xingrg/all/function/internal_message.html?_=1613699823016&CODE_STATE=getMsg HTTP/1.1" 200 27
116.224.253.72 - - [19/Feb/2021:09:50:58 +0800] "GET /xingrg/check_reg.html?_=1613699432713 HTTP/1.1" 200 22
116.224.253.72 - - [19/Feb/2021:09:50:59 +0800] "GET /xingrg/all/function/internal_message.html?_=1613699433145&CODE_STATE=getMsg HTTP/1.1" 200 27
101.228.165.174 - - [19/Feb/2021:09:51:00 +0800] "GET /xingrg/all/function/internal_message.html?_=1613699489499&CODE_STATE=getMsg HTTP/1.1" 200 27
61.165.42.208 - - [19/Feb/2021:09:51:05 +0800] "GET /xingrg/all/function/internal_message.html?_=1613699461842&CODE_STATE=getMsg HTTP/1.1" 200 27
61.165.42.208 - - [19/Feb/2021:09:51:06 +0800] "GET /xingrg/kc/buy/cgsh_order_add.html HTTP/1.1" 200 62151
61.165.42.208 - - [19/Feb/2021:09:51:06 +0800] "GET /xingrg/javascript/easyui/themes/default/validatebox.css HTTP/1.1" 404 1104
61.165.42.208 - - [19/Feb/2021:09:51:06 +0800] "POST /xingrg/kc/buy/cgsh_order_operate.html HTTP/1.1" 200 8245
180.174.195.252 - - [19/Feb/2021:09:51:09 +0800] "GET /xingrg/check_reg.html?_=1613699717583 HTTP/1.1" 200 22
101.228.165.174 - - [19/Feb/2021:09:51:10 +0800] "GET /xingrg/all/function/internal_message.html?_=1613699466394&CODE_STATE=getMsg HTTP/1.1" 200 27
180.174.195.252 - - [19/Feb/2021:09:51:11 +0800] "GET /xingrg/all/function/internal_message.html?_=1613699719616&CODE_STATE=getMsg HTTP/1.1" 200 27
222.69.136.197 - - [19/Feb/2021:09:51:13 +0800] "GET /xingrg/all/function/internal_message.html?_=1613699468710&CODE_STATE=getMsg HTTP/1.1" 200 27
114.86.187.76 - - [19/Feb/2021:09:51:14 +0800] "GET /xingrg/kc/base/yddb_order_list.html HTTP/1.1" 200 16951
114.86.187.76 - - [19/Feb/2021:09:51:15 +0800] "POST /xingrg/kc/base/yddb_list_operate.html HTTP/1.1" 200 636
58.37.230.33 - - [19/Feb/2021:09:51:16 +0800] "GET /xingrg/all/function/internal_message.html?_=1613699487839&CODE_STATE=getMsg HTTP/1.1" 200 27
116.224.253.72 - - [19/Feb/2021:09:51:17 +0800] "GET /xingrg/check_reg.html?_=1613699468557 HTTP/1.1" 200 22
116.224.253.72 - - [19/Feb/2021:09:51:17 +0800] "GET /xingrg/all/function/internal_message.html?_=1613699468558&CODE_STATE=getMsg HTTP/1.1" 200 27
114.86.187.76 - - [19/Feb/2021:09:51:19 +0800] "GET /xingrg/kc/base/kc_stocks.html HTTP/1.1" 200 16386
114.86.187.76 - - [19/Feb/2021:09:51:19 +0800] "GET /xingrg/javascript/easyui/themes/default/tree.css HTTP/1.1" 404 1090
114.86.187.76 - - [19/Feb/2021:09:51:19 +0800] "POST /xingrg/all/common/load_tree.html?tree=materiel_sort_tree_json HTTP/1.1" 200 8666
61.165.42.208 - - [19/Feb/2021:09:51:21 +0800] "GET /xingrg/kc/buy/cgsh_order_operate.html?command=get_materiel&rest_code=00105&code=00101010569&supplier_code=00100327&order_time=2021-02-19 HTTP/1.1" 200 397
114.86.187.76 - - [19/Feb/2021:09:51:23 +0800] "GET /xingrg/all/function/internal_message.html?_=1613699484295&CODE_STATE=getMsg HTTP/1.1" 200 27
114.86.187.76 - - [19/Feb/2021:09:51:25 +0800] "POST /xingrg/kc/base/stock_operate.html HTTP/1.1" 200 1465
114.86.187.76 - - [19/Feb/2021:09:51:28 +0800] "GET /xingrg/kc/base/stock_detail.html?m=00101017004 HTTP/1.1" 200 7279
116.227.208.86 - - [19/Feb/2021:09:51:28 +0800] "GET /xingrg/all/function/internal_message.html?_=1613699484031&CODE_STATE=getMsg HTTP/1.1" 200 27
101.228.165.73 - - [19/Feb/2021:09:51:29 +0800] "GET /xingrg/all/function/internal_message.html?_=1613699532430&CODE_STATE=getMsg HTTP/1.1" 302 -
114.88.166.193 - - [19/Feb/2021:09:51:29 +0800] "GET /xingrg/all/function/internal_message.html?_=1613699483292&CODE_STATE=getMsg HTTP/1.1" 200 27
114.86.187.76 - - [19/Feb/2021:09:51:30 +0800] "GET /xingrg/kc/base/stock_operate.html?_=1613699490726&command=get_report_file&start_day=20210201 HTTP/1.1" 200 53
114.86.187.76 - - [19/Feb/2021:09:51:30 +0800] "GET /xingrg/all/report/report_query.html?isQuery=1&onlyBody=1&rh=2000&fileName=kc/base/kc_stock_detail_new.xml&queryString=(1=1)&queryText=&tableQueryString=init_table$sp1$$sp$crk_table$sp1$order_day%20between%2020210201%20and%2020210228&varString=start_day:20210201,materiel_code:00101017004,cost_id:3003,end_date:20210131 HTTP/1.1" 200 48701
114.86.187.76 - - [19/Feb/2021:09:51:30 +0800] "GET /xingrg/dwr/interface/AjaxReportQueryService.js HTTP/1.1" 200 13203
114.86.187.76 - - [19/Feb/2021:09:51:30 +0800] "GET /xingrg/dwr/util.js HTTP/1.1" 304 -
114.86.187.76 - - [19/Feb/2021:09:51:30 +0800] "GET /xingrg/dwr/engine.js HTTP/1.1" 200 43631
114.86.187.76 - - [19/Feb/2021:09:51:30 +0800] "POST /xingrg/all/report/load_report_page.html HTTP/1.1" 200 20254
114.86.187.76 - - [19/Feb/2021:09:51:31 +0800] "GET /xingrg/servlets/image?cache=0.24914210752010535&image=px HTTP/1.1" 200 807
58.37.230.33 - - [19/Feb/2021:09:51:32 +0800] "GET /xingrg/all/function/internal_message.html?_=1613699496536&CODE_STATE=getMsg HTTP/1.1" 200 27
114.86.187.76 - - [19/Feb/2021:09:51:36 +0800] "GET /xingrg/kc/base/stock_operate.html?_=1613699496646&command=get_report_file&start_day=20210101 HTTP/1.1" 200 53
114.86.187.76 - - [19/Feb/2021:09:51:36 +0800] "GET /xingrg/all/report/report_query.html?isQuery=1&onlyBody=1&rh=2000&fileName=kc/base/kc_stock_detail_new.xml&queryString=(1=1)&queryText=&tableQueryString=init_table$sp1$$sp$crk_table$sp1$order_day%20between%2020210101%20and%2020210228&varString=start_day:20210101,materiel_code:00101017004,cost_id:2967,end_date:20201231 HTTP/1.1" 200 48701
114.86.187.76 - - [19/Feb/2021:09:51:36 +0800] "GET /xingrg/dwr/interface/AjaxReportQueryService.js HTTP/1.1" 200 13203
114.86.187.76 - - [19/Feb/2021:09:51:36 +0800] "GET /xingrg/dwr/engine.js HTTP/1.1" 200 43631
58.37.230.33 - - [19/Feb/2021:09:51:36 +0800] "GET /xingrg/all/function/internal_message.html?_=1613699501054&CODE_STATE=getMsg HTTP/1.1" 200 27
114.86.187.76 - - [19/Feb/2021:09:51:36 +0800] "POST /xingrg/all/report/load_report_page.html HTTP/1.1" 200 34852
114.86.187.76 - - [19/Feb/2021:09:51:37 +0800] "GET /xingrg/servlets/image?cache=0.9757127279733894&image=px HTTP/1.1" 200 807
61.165.42.208 - - [19/Feb/2021:09:51:39 +0800] "GET /xingrg/kc/buy/cgsh_order_operate.html?command=get_materiel&rest_code=00105&code=00101008394&supplier_code=00100327&order_time=2021-02-19 HTTP/1.1" 200 413
101.228.165.174 - - [19/Feb/2021:09:51:41 +0800] "GET /xingrg/all/function/internal_message.html?_=1613699529828&CODE_STATE=getMsg HTTP/1.1" 200 27
116.224.253.72 - - [19/Feb/2021:09:51:41 +0800] "GET /xingrg/all/function/internal_message.html?_=1613699498534&CODE_STATE=getMsg HTTP/1.1" 200 27
61.165.42.208 - - [19/Feb/2021:09:51:45 +0800] "GET /xingrg/kc/buy/cgsh_order_operate.html?command=get_materiel&rest_code=00105&code=00101010250&supplier_code=00100327&order_time=2021-02-19 HTTP/1.1" 200 413
117.185.32.26 - - [19/Feb/2021:09:51:46 +0800] "GET /xingrg/all/function/internal_message.html?_=1613699496738&CODE_STATE=getMsg HTTP/1.1" 200 27
116.228.172.94 - - [19/Feb/2021:09:51:50 +0800] "GET /xingrg/all/function/internal_message.html?_=1613699507538&CODE_STATE=getMsg HTTP/1.1" 200 27
61.165.42.208 - - [19/Feb/2021:09:51:51 +0800] "POST /xingrg/kc/buy/cgsh_order_operate.html HTTP/1.1" 200 37
61.165.42.208 - - [19/Feb/2021:09:51:52 +0800] "POST /xingrg/kc/buy/cgsh_order_operate.html HTTP/1.1" 200 3842
61.165.42.208 - - [19/Feb/2021:09:51:54 +0800] "GET /xingrg/kc/print/load_data.html?order_code=212021021907096&kc_code=cgsh&condition= HTTP/1.1" 200 1118
180.169.147.146 - - [19/Feb/2021:09:51:54 +0800] "GET /xingrg/all/function/internal_message.html?_=1613699511237&CODE_STATE=getMsg HTTP/1.1" 200 27
180.169.147.146 - - [19/Feb/2021:09:51:54 +0800] "GET /xingrg/check_reg.html?_=1613699511242 HTTP/1.1" 200 22
117.131.5.26 - - [19/Feb/2021:09:51:55 +0800] "GET /xingrg/all/function/internal_message.html?_=1613699883036&CODE_STATE=getMsg HTTP/1.1" 200 27
116.224.253.72 - - [19/Feb/2021:09:51:59 +0800] "GET /xingrg/all/function/internal_message.html?_=1613699493158&CODE_STATE=getMsg HTTP/1.1" 200 27
101.228.165.174 - - [19/Feb/2021:09:52:00 +0800] "GET /xingrg/all/function/internal_message.html?_=1613699549509&CODE_STATE=getMsg HTTP/1.1" 200 27
114.88.166.193 - - [19/Feb/2021:09:52:01 +0800] "POST /xingrg/kc/buy/cgsh_order_operate.html HTTP/1.1" 200 37
61.165.42.208 - - [19/Feb/2021:09:52:02 +0800] "GET /xingrg/kc/buy/cgsh_order_add.html HTTP/1.1" 200 62151
61.165.42.208 - - [19/Feb/2021:09:52:02 +0800] "POST /xingrg/kc/buy/cgsh_order_operate.html HTTP/1.1" 200 8245
114.86.187.76 - - [19/Feb/2021:09:52:02 +0800] "GET /xingrg/kc/base/yddb_order_list.html HTTP/1.1" 200 16951
114.88.166.193 - - [19/Feb/2021:09:52:02 +0800] "POST /xingrg/kc/buy/cgsh_order_operate.html HTTP/1.1" 200 2664
61.165.42.208 - - [19/Feb/2021:09:52:02 +0800] "GET /xingrg/javascript/easyui/themes/default/validatebox.css HTTP/1.1" 404 1104
114.86.187.76 - - [19/Feb/2021:09:52:03 +0800] "POST /xingrg/kc/base/yddb_list_operate.html HTTP/1.1" 200 636
61.165.42.208 - - [19/Feb/2021:09:52:05 +0800] "GET /xingrg/all/function/internal_message.html?_=1613699521823&CODE_STATE=getMsg HTTP/1.1" 200 27
58.37.230.33 - - [19/Feb/2021:09:52:05 +0800] "GET /xingrg/check_reg.html?_=1613699529453 HTTP/1.1" 200 22
114.86.187.76 - - [19/Feb/2021:09:52:05 +0800] "POST /xingrg/kc/base/yddb_list_operate.html HTTP/1.1" 200 636
114.86.187.76 - - [19/Feb/2021:09:52:07 +0800] "POST /xingrg/kc/base/yddb_list_operate.html HTTP/1.1" 200 636
114.86.187.76 - - [19/Feb/2021:09:52:08 +0800] "GET /xingrg/kc/base/yddb_order_add.html HTTP/1.1" 200 29745
114.86.187.76 - - [19/Feb/2021:09:52:08 +0800] "GET /xingrg/dwr/interface/AjaxComOrderService.js HTTP/1.1" 200 18264
114.86.187.76 - - [19/Feb/2021:09:52:08 +0800] "GET /xingrg/dwr/interface/AjaxYddbService.js HTTP/1.1" 200 13201
114.86.187.76 - - [19/Feb/2021:09:52:08 +0800] "GET /xingrg/dwr/engine.js HTTP/1.1" 200 43631
101.228.165.174 - - [19/Feb/2021:09:52:10 +0800] "GET /xingrg/all/function/internal_message.html?_=1613699526394&CODE_STATE=getMsg HTTP/1.1" 200 27
180.174.195.252 - - [19/Feb/2021:09:52:11 +0800] "GET /xingrg/all/function/internal_message.html?_=1613699779629&CODE_STATE=getMsg HTTP/1.1" 200 27
114.86.187.76 - - [19/Feb/2021:09:52:12 +0800] "POST /xingrg/dwr/call/plaincall/AjaxYddbService.getRestBases.dwr HTTP/1.1" 200 1007
222.69.136.197 - - [19/Feb/2021:09:52:13 +0800] "GET /xingrg/all/function/internal_message.html?_=1613699528707&CODE_STATE=getMsg HTTP/1.1" 200 27
61.165.42.208 - - [19/Feb/2021:09:52:14 +0800] "GET /xingrg/kc/buy/cgsh_order_operate.html?command=get_materiel&rest_code=00105&code=00101005022&supplier_code=00100347&order_time=2021-02-19 HTTP/1.1" 200 417
58.37.230.33 - - [19/Feb/2021:09:52:16 +0800] "GET /xingrg/all/function/internal_message.html?_=1613699547823&CODE_STATE=getMsg HTTP/1.1" 200 27
116.224.253.72 - - [19/Feb/2021:09:52:17 +0800] "GET /xingrg/all/function/internal_message.html?_=1613699528558&CODE_STATE=getMsg HTTP/1.1" 200 27
114.86.187.76 - - [19/Feb/2021:09:52:17 +0800] "POST /xingrg/dwr/call/plaincall/AjaxYddbService.saveOrder.dwr HTTP/1.1" 200 78
114.86.187.76 - - [19/Feb/2021:09:52:20 +0800] "POST /xingrg/dwr/call/plaincall/AjaxComOrderService.getMaterielSearchList.dwr HTTP/1.1" 200 76
114.86.187.76 - - [19/Feb/2021:09:52:21 +0800] "POST /xingrg/dwr/call/plaincall/AjaxComOrderService.getMaterielSearchList.dwr HTTP/1.1" 200 76
114.86.187.76 - - [19/Feb/2021:09:52:22 +0800] "POST /xingrg/dwr/call/plaincall/AjaxComOrderService.getMaterielSearchList.dwr HTTP/1.1" 200 26428
114.86.187.76 - - [19/Feb/2021:09:52:23 +0800] "POST /xingrg/dwr/call/plaincall/AjaxComOrderService.getMaterielSearchList.dwr HTTP/1.1" 200 4816
114.86.187.76 - - [19/Feb/2021:09:52:23 +0800] "GET /xingrg/check_reg.html?_=1613699544272 HTTP/1.1" 200 22
114.86.187.76 - - [19/Feb/2021:09:52:23 +0800] "GET /xingrg/all/function/internal_message.html?_=1613699544278&CODE_STATE=getMsg HTTP/1.1" 200 27
114.86.187.76 - - [19/Feb/2021:09:52:23 +0800] "POST /xingrg/dwr/call/plaincall/AjaxComOrderService.getMaterielSearchList.dwr HTTP/1.1" 200 434
114.86.187.76 - - [19/Feb/2021:09:52:24 +0800] "POST /xingrg/dwr/call/plaincall/AjaxYddbService.getMaterielByMap.dwr HTTP/1.1" 200 2647
61.165.42.208 - - [19/Feb/2021:09:52:26 +0800] "GET /xingrg/kc/buy/cgsh_order_operate.html?command=get_materiel&rest_code=00105&code=00102002167&supplier_code=00100347&order_time=2021-02-19 HTTP/1.1" 200 409
114.86.187.76 - - [19/Feb/2021:09:52:28 +0800] "POST /xingrg/dwr/call/plaincall/AjaxYddbService.saveMaterielItem.dwr HTTP/1.1" 200 78
114.88.166.193 - - [19/Feb/2021:09:52:28 +0800] "GET /xingrg/kc/buy/cgsh_order_add.html HTTP/1.1" 200 62104
116.227.208.86 - - [19/Feb/2021:09:52:28 +0800] "GET /xingrg/all/function/internal_message.html?_=1613699544016&CODE_STATE=getMsg HTTP/1.1" 200 27
114.88.166.193 - - [19/Feb/2021:09:52:29 +0800] "POST /xingrg/kc/buy/cgsh_order_operate.html HTTP/1.1" 200 8245
101.228.165.73 - - [19/Feb/2021:09:52:29 +0800] "GET /xingrg/all/function/internal_message.html?_=1613699592441&CODE_STATE=getMsg HTTP/1.1" 302 -
114.88.166.193 - - [19/Feb/2021:09:52:29 +0800] "GET /xingrg/javascript/easyui/themes/default/validatebox.css HTTP/1.1" 404 1104
114.88.166.193 - - [19/Feb/2021:09:52:29 +0800] "GET /xingrg/all/function/internal_message.html?_=1613699543305&CODE_STATE=getMsg HTTP/1.1" 200 27
58.37.230.33 - - [19/Feb/2021:09:52:31 +0800] "GET /xingrg/kc/buy/cgsh_order_operate.html?command=get_materiel&rest_code=00141&code=00101012051&supplier_code=00100007&order_time=2021-02-19 HTTP/1.1" 200 408
114.86.187.76 - - [19/Feb/2021:09:52:32 +0800] "POST /xingrg/dwr/call/plaincall/AjaxYddbService.checkOrder.dwr HTTP/1.1" 200 78
58.37.230.33 - - [19/Feb/2021:09:52:32 +0800] "GET /xingrg/all/function/internal_message.html?_=1613699556504&CODE_STATE=getMsg HTTP/1.1" 200 27
114.86.187.76 - - [19/Feb/2021:09:52:32 +0800] "GET /xingrg/kc/base/yddb_order_info.html?code=482021021900180 HTTP/1.1" 200 29455
114.86.187.76 - - [19/Feb/2021:09:52:32 +0800] "GET /xingrg/dwr/interface/AjaxComOrderService.js HTTP/1.1" 200 18264
114.86.187.76 - - [19/Feb/2021:09:52:32 +0800] "GET /xingrg/dwr/interface/AjaxYddbService.js HTTP/1.1" 200 13201
114.86.187.76 - - [19/Feb/2021:09:52:32 +0800] "GET /xingrg/dwr/engine.js HTTP/1.1" 200 43631
114.86.187.76 - - [19/Feb/2021:09:52:33 +0800] "POST /xingrg/dwr/call/plaincall/AjaxYddbService.loadMaterielItems.dwr HTTP/1.1" 200 397
58.37.230.33 - - [19/Feb/2021:09:52:34 +0800] "POST /xingrg/kc/buy/cgsh_order_operate.html HTTP/1.1" 200 2065
114.86.187.76 - - [19/Feb/2021:09:52:34 +0800] "GET /xingrg/kc/base/yddb_order_report.html?fileType=servlets/html&code=482021021900180&reportName=ck_order_report&subName=yddb HTTP/1.1" 302 -
114.86.187.76 - - [19/Feb/2021:09:52:34 +0800] "GET /xingrg/servlets/html?sysBaseUrl=http%3A%2F%2F180.169.147.146%3A18081%2Fxingrg%2F&costTime=65×tamp=1613699554968 HTTP/1.1" 200 14762
114.86.187.76 - - [19/Feb/2021:09:52:35 +0800] "GET /xingrg/servlets/image?image=px HTTP/1.1" 200 807
114.86.187.76 - - [19/Feb/2021:09:52:35 +0800] "GET /favicon.ico HTTP/1.1" 404 -
58.37.230.33 - - [19/Feb/2021:09:52:36 +0800] "GET /xingrg/all/function/internal_message.html?_=1613699561054&CODE_STATE=getMsg HTTP/1.1" 200 27
58.37.230.33 - - [19/Feb/2021:09:52:36 +0800] "GET /xingrg/check_reg.html?_=1613699561059 HTTP/1.1" 200 22
172.20.0.100 - - [19/Feb/2021:09:52:38 +0800] "GET /xingrg/check_reg.html?_=1613699553201 HTTP/1.1" 302 -
114.88.166.193 - - [19/Feb/2021:09:52:41 +0800] "GET /xingrg/kc/buy/cgsh_order_add.html HTTP/1.1" 200 62104
101.228.165.174 - - [19/Feb/2021:09:52:41 +0800] "GET /xingrg/all/function/internal_message.html?_=1613699589835&CODE_STATE=getMsg HTTP/1.1" 200 27
116.224.253.72 - - [19/Feb/2021:09:52:41 +0800] "GET /xingrg/check_reg.html?_=1613699558535 HTTP/1.1" 200 22
116.224.253.72 - - [19/Feb/2021:09:52:41 +0800] "GET /xingrg/all/function/internal_message.html?_=1613699558538&CODE_STATE=getMsg HTTP/1.1" 200 27
114.88.166.193 - - [19/Feb/2021:09:52:41 +0800] "POST /xingrg/kc/buy/cgsh_order_operate.html HTTP/1.1" 200 8245
114.88.166.193 - - [19/Feb/2021:09:52:41 +0800] "GET /xingrg/javascript/easyui/themes/default/validatebox.css HTTP/1.1" 404 1104
58.37.230.33 - - [19/Feb/2021:09:52:45 +0800] "GET /xingrg/kc/buy/cgsh_order_operate.html?command=get_materiel&rest_code=00141&code=00101008080&supplier_code=00100007&order_time=2021-02-19 HTTP/1.1" 200 417
117.185.32.26 - - [19/Feb/2021:09:52:46 +0800] "GET /xingrg/all/function/internal_message.html?_=1613699556737&CODE_STATE=getMsg HTTP/1.1" 200 27
61.165.42.208 - - [19/Feb/2021:09:52:46 +0800] "GET /xingrg/kc/buy/cgsh_order_operate.html?command=get_materiel&rest_code=00105&code=00101020225&supplier_code=00100347&order_time=2021-02-19 HTTP/1.1" 200 424
116.228.172.94 - - [19/Feb/2021:09:52:50 +0800] "GET /xingrg/all/function/internal_message.html?_=1613699567523&CODE_STATE=getMsg HTTP/1.1" 200 27
58.37.230.33 - - [19/Feb/2021:09:52:53 +0800] "GET /xingrg/kc/buy/cgsh_order_operate.html?command=get_materiel&rest_code=00141&code=00101012003&supplier_code=00100007&order_time=2021-02-19 HTTP/1.1" 200 412
180.169.147.146 - - [19/Feb/2021:09:52:54 +0800] "GET /xingrg/all/function/internal_message.html?_=1613699571245&CODE_STATE=getMsg HTTP/1.1" 200 27
117.131.5.26 - - [19/Feb/2021:09:52:55 +0800] "GET /xingrg/all/function/internal_message.html?_=1613699943069&CODE_STATE=getMsg HTTP/1.1" 200 27
116.224.253.72 - - [19/Feb/2021:09:52:59 +0800] "GET /xingrg/all/function/internal_message.html?_=1613699553172&CODE_STATE=getMsg HTTP/1.1" 200 27
61.165.42.208 - - [19/Feb/2021:09:52:59 +0800] "POST /xingrg/kc/buy/cgsh_order_operate.html HTTP/1.1" 200 37
114.88.166.193 - - [19/Feb/2021:09:52:59 +0800] "GET /xingrg/kc/buy/cgsh_order_operate.html?command=get_materiel&rest_code=00111&code=00101003033&supplier_code=00100092&order_time=2021-02-19 HTTP/1.1" 200 443
61.165.42.208 - - [19/Feb/2021:09:53:00 +0800] "POST /xingrg/kc/buy/cgsh_order_operate.html HTTP/1.1" 200 3848
101.228.165.174 - - [19/Feb/2021:09:53:00 +0800] "GET /xingrg/check_reg.html?_=1613699609214 HTTP/1.1" 200 22
101.228.165.174 - - [19/Feb/2021:09:53:01 +0800] "GET /xingrg/all/function/internal_message.html?_=1613699609523&CODE_STATE=getMsg HTTP/1.1" 200 27
61.165.42.208 - - [19/Feb/2021:09:53:01 +0800] "GET /xingrg/kc/print/load_data.html?order_code=212021021907097&kc_code=cgsh&condition= HTTP/1.1" 200 1115
58.37.230.33 - - [19/Feb/2021:09:53:04 +0800] "GET /xingrg/kc/buy/cgsh_order_operate.html?command=get_materiel&rest_code=00141&code=00101008304&supplier_code=00100007&order_time=2021-02-19 HTTP/1.1" 200 412
61.165.42.208 - - [19/Feb/2021:09:53:05 +0800] "GET /xingrg/all/function/internal_message.html?_=1613699581798&CODE_STATE=getMsg HTTP/1.1" 200 27
61.165.42.208 - - [19/Feb/2021:09:53:05 +0800] "GET /xingrg/check_reg.html?_=1613699581828 HTTP/1.1" 200 22
58.37.230.33 - - [19/Feb/2021:09:53:06 +0800] "POST /xingrg/kc/buy/cgsh_order_operate.html HTTP/1.1" 200 2065
101.228.165.174 - - [19/Feb/2021:09:53:10 +0800] "GET /xingrg/all/function/internal_message.html?_=1613699586392&CODE_STATE=getMsg HTTP/1.1" 200 27
180.174.195.252 - - [19/Feb/2021:09:53:11 +0800] "GET /xingrg/all/function/internal_message.html?_=1613699839644&CODE_STATE=getMsg HTTP/1.1" 200 27
222.69.136.197 - - [19/Feb/2021:09:53:13 +0800] "GET /xingrg/all/function/internal_message.html?_=1613699588727&CODE_STATE=getMsg HTTP/1.1" 200 27
183.192.164.214 - - [19/Feb/2021:09:53:15 +0800] "GET /xingrg/all/function/internal_message.html?_=1613699136744&CODE_STATE=getMsg HTTP/1.1" 302 -
114.88.166.193 - - [19/Feb/2021:09:53:16 +0800] "POST /xingrg/kc/buy/cgsh_order_operate.html HTTP/1.1" 200 37
58.37.230.33 - - [19/Feb/2021:09:53:16 +0800] "GET /xingrg/all/function/internal_message.html?_=1613699607974&CODE_STATE=getMsg HTTP/1.1" 200 27
114.88.166.193 - - [19/Feb/2021:09:53:17 +0800] "POST /xingrg/kc/buy/cgsh_order_operate.html HTTP/1.1" 200 2672
116.224.253.72 - - [19/Feb/2021:09:53:17 +0800] "GET /xingrg/all/function/internal_message.html?_=1613699588559&CODE_STATE=getMsg HTTP/1.1" 200 27
114.88.166.193 - - [19/Feb/2021:09:53:19 +0800] "GET /xingrg/kc/print/load_data.html?order_code=212021021907098&kc_code=cgsh&condition= HTTP/1.1" 200 740
183.192.164.214 - - [19/Feb/2021:09:53:19 +0800] "GET /xingrg/login.html HTTP/1.1" 200 7641
114.86.187.76 - - [19/Feb/2021:09:53:23 +0800] "GET /xingrg/all/function/internal_message.html?_=1613699604290&CODE_STATE=getMsg HTTP/1.1" 200 27
114.88.166.193 - - [19/Feb/2021:09:53:27 +0800] "GET /xingrg/kc/buy/cgsh_order_add.html HTTP/1.1" 200 62104
114.88.166.193 - - [19/Feb/2021:09:53:27 +0800] "POST /xingrg/kc/buy/cgsh_order_operate.html HTTP/1.1" 200 8245
114.88.166.193 - - [19/Feb/2021:09:53:27 +0800] "GET /xingrg/javascript/easyui/themes/default/validatebox.css HTTP/1.1" 404 1104
116.227.208.86 - - [19/Feb/2021:09:53:28 +0800] "GET /xingrg/all/function/internal_message.html?_=1613699603986&CODE_STATE=getMsg HTTP/1.1" 200 27
101.228.165.73 - - [19/Feb/2021:09:53:29 +0800] "GET /xingrg/all/function/internal_message.html?_=1613699652493&CODE_STATE=getMsg HTTP/1.1" 302 -
114.88.166.193 - - [19/Feb/2021:09:53:29 +0800] "GET /xingrg/check_reg.html?_=1613699603166 HTTP/1.1" 200 22
114.88.166.193 - - [19/Feb/2021:09:53:29 +0800] "GET /xingrg/all/function/internal_message.html?_=1613699603370&CODE_STATE=getMsg HTTP/1.1" 200 27
58.37.230.33 - - [19/Feb/2021:09:53:32 +0800] "GET /xingrg/all/function/internal_message.html?_=1613699616484&CODE_STATE=getMsg HTTP/1.1" 200 27
58.37.230.33 - - [19/Feb/2021:09:53:36 +0800] "GET /xingrg/all/function/internal_message.html?_=1613699621126&CODE_STATE=getMsg HTTP/1.1" 200 27
101.228.165.174 - - [19/Feb/2021:09:53:40 +0800] "GET /xingrg/check_reg.html?_=1613699649514 HTTP/1.1" 200 22
116.224.253.72 - - [19/Feb/2021:09:53:41 +0800] "GET /xingrg/all/function/internal_message.html?_=1613699618523&CODE_STATE=getMsg HTTP/1.1" 200 27
101.228.165.174 - - [19/Feb/2021:09:53:41 +0800] "GET /xingrg/all/function/internal_message.html?_=1613699649849&CODE_STATE=getMsg HTTP/1.1" 200 27
117.185.32.26 - - [19/Feb/2021:09:53:46 +0800] "GET /xingrg/all/function/internal_message.html?_=1613699616751&CODE_STATE=getMsg HTTP/1.1" 200 27
116.228.172.94 - - [19/Feb/2021:09:53:51 +0800] "GET /xingrg/all/function/internal_message.html?_=1613699627513&CODE_STATE=getMsg HTTP/1.1" 200 27
180.169.147.146 - - [19/Feb/2021:09:53:54 +0800] "GET /xingrg/all/function/internal_message.html?_=1613699631246&CODE_STATE=getMsg HTTP/1.1" 200 27
117.131.5.26 - - [19/Feb/2021:09:53:56 +0800] "GET /xingrg/all/function/internal_message.html?_=1613700003079&CODE_STATE=getMsg HTTP/1.1" 200 27
116.224.253.72 - - [19/Feb/2021:09:53:59 +0800] "GET /xingrg/all/function/internal_message.html?_=1613699613192&CODE_STATE=getMsg HTTP/1.1" 200 27
101.228.165.174 - - [19/Feb/2021:09:54:01 +0800] "GET /xingrg/all/function/internal_message.html?_=1613699669536&CODE_STATE=getMsg HTTP/1.1" 200 27
61.165.42.208 - - [19/Feb/2021:09:54:05 +0800] "GET /xingrg/all/function/internal_message.html?_=1613699641774&CODE_STATE=getMsg HTTP/1.1" 200 27
101.228.165.174 - - [19/Feb/2021:09:54:10 +0800] "GET /xingrg/all/function/internal_message.html?_=1613699646393&CODE_STATE=getMsg HTTP/1.1" 200 27
180.174.195.252 - - [19/Feb/2021:09:54:11 +0800] "GET /xingrg/all/function/internal_message.html?_=1613699899918&CODE_STATE=getMsg HTTP/1.1" 200 27
222.69.136.197 - - [19/Feb/2021:09:54:13 +0800] "GET /xingrg/all/function/internal_message.html?_=1613699648711&CODE_STATE=getMsg HTTP/1.1" 200 27
58.37.230.33 - - [19/Feb/2021:09:54:16 +0800] "GET /xingrg/all/function/internal_message.html?_=1613699667948&CODE_STATE=getMsg HTTP/1.1" 200 27
116.224.253.72 - - [19/Feb/2021:09:54:17 +0800] "GET /xingrg/all/function/internal_message.html?_=1613699648561&CODE_STATE=getMsg HTTP/1.1" 200 27
114.86.187.76 - - [19/Feb/2021:09:54:23 +0800] "GET /xingrg/all/function/internal_message.html?_=1613699664291&CODE_STATE=getMsg HTTP/1.1" 200 27
116.227.208.86 - - [19/Feb/2021:09:54:28 +0800] "GET /xingrg/all/function/internal_message.html?_=1613699663972&CODE_STATE=getMsg HTTP/1.1" 200 27
101.228.165.73 - - [19/Feb/2021:09:54:29 +0800] "GET /xingrg/all/function/internal_message.html?_=1613699712498&CODE_STATE=getMsg HTTP/1.1" 302 -
114.88.166.193 - - [19/Feb/2021:09:54:29 +0800] "GET /xingrg/all/function/internal_message.html?_=1613699663379&CODE_STATE=getMsg HTTP/1.1" 200 27
58.37.230.33 - - [19/Feb/2021:09:54:32 +0800] "GET /xingrg/all/function/internal_message.html?_=1613699676456&CODE_STATE=getMsg HTTP/1.1" 200 27
114.86.187.76 - - [19/Feb/2021:09:54:34 +0800] "POST /xingrg/kc/base/yddb_list_operate.html HTTP/1.1" 200 1340
114.86.187.76 - - [19/Feb/2021:09:54:35 +0800] "POST /xingrg/kc/base/yddb_list_operate.html HTTP/1.1" 200 205
58.37.230.33 - - [19/Feb/2021:09:54:36 +0800] "GET /xingrg/all/function/internal_message.html?_=1613699681048&CODE_STATE=getMsg HTTP/1.1" 200 27
114.86.187.76 - - [19/Feb/2021:09:54:38 +0800] "GET /xingrg/kc/base/wldb_order_list.html HTTP/1.1" 200 19345
114.86.187.76 - - [19/Feb/2021:09:54:39 +0800] "POST /xingrg/kc/base/wldb_list_operate.html HTTP/1.1" 200 928
116.224.253.72 - - [19/Feb/2021:09:54:41 +0800] "GET /xingrg/all/function/internal_message.html?_=1613699678527&CODE_STATE=getMsg HTTP/1.1" 200 27
101.228.165.174 - - [19/Feb/2021:09:54:41 +0800] "GET /xingrg/all/function/internal_message.html?_=1613699709863&CODE_STATE=getMsg HTTP/1.1" 200 27
116.227.208.86 - - [19/Feb/2021:09:54:46 +0800] "GET /xingrg/check_reg.html?_=1613699681506 HTTP/1.1" 200 22
117.185.32.26 - - [19/Feb/2021:09:54:46 +0800] "GET /xingrg/all/function/internal_message.html?_=1613699676750&CODE_STATE=getMsg HTTP/1.1" 200 27
116.228.172.94 - - [19/Feb/2021:09:54:51 +0800] "GET /xingrg/all/function/internal_message.html?_=1613699687501&CODE_STATE=getMsg HTTP/1.1" 200 27
180.169.147.146 - - [19/Feb/2021:09:54:54 +0800] "GET /xingrg/all/function/internal_message.html?_=1613699691255&CODE_STATE=getMsg HTTP/1.1" 200 27
117.131.5.26 - - [19/Feb/2021:09:54:56 +0800] "GET /xingrg/all/function/internal_message.html?_=1613700063095&CODE_STATE=getMsg HTTP/1.1" 200 27
116.224.253.72 - - [19/Feb/2021:09:54:59 +0800] "GET /xingrg/all/function/internal_message.html?_=1613699673200&CODE_STATE=getMsg HTTP/1.1" 200 27
101.228.165.174 - - [19/Feb/2021:09:55:01 +0800] "GET /xingrg/all/function/internal_message.html?_=1613699729550&CODE_STATE=getMsg HTTP/1.1" 200 27
61.165.42.208 - - [19/Feb/2021:09:55:05 +0800] "GET /xingrg/all/function/internal_message.html?_=1613699701743&CODE_STATE=getMsg HTTP/1.1" 200 27
101.228.165.174 - - [19/Feb/2021:09:55:10 +0800] "GET /xingrg/all/function/internal_message.html?_=1613699706407&CODE_STATE=getMsg HTTP/1.1" 200 27
101.228.165.174 - - [19/Feb/2021:09:55:10 +0800] "GET /xingrg/check_reg.html?_=1613699706408 HTTP/1.1" 200 22
58.37.230.33 - - [19/Feb/2021:09:55:10 +0800] "POST /xingrg/kc/buy/cgsh_order_operate.html HTTP/1.1" 200 37
58.37.230.33 - - [19/Feb/2021:09:55:11 +0800] "GET /xingrg/check_reg.html?_=1613699723137 HTTP/1.1" 200 22
180.174.195.252 - - [19/Feb/2021:09:55:11 +0800] "GET /xingrg/all/function/internal_message.html?_=1613699959936&CODE_STATE=getMsg HTTP/1.1" 200 27
222.69.136.197 - - [19/Feb/2021:09:55:13 +0800] "GET /xingrg/all/function/internal_message.html?_=1613699708727&CODE_STATE=getMsg HTTP/1.1" 200 27
222.69.136.197 - - [19/Feb/2021:09:55:13 +0800] "GET /xingrg/check_reg.html?_=1613699708729 HTTP/1.1" 200 22
58.37.230.33 - - [19/Feb/2021:09:55:13 +0800] "POST /xingrg/kc/buy/cgsh_order_operate.html HTTP/1.1" 200 12
58.37.230.33 - - [19/Feb/2021:09:55:14 +0800] "GET /xingrg/kc/buy/cgsh_order_info.html?code=212021021907044 HTTP/1.1" 200 57012
58.37.230.33 - - [19/Feb/2021:09:55:15 +0800] "GET /xingrg/javascript/easyui/themes/default/validatebox.css HTTP/1.1" 404 1104
58.37.230.33 - - [19/Feb/2021:09:55:15 +0800] "POST /xingrg/kc/buy/cgsh_order_operate.html HTTP/1.1" 200 50260
58.37.230.33 - - [19/Feb/2021:09:55:16 +0800] "GET /xingrg/all/function/internal_message.html?_=1613699727798&CODE_STATE=getMsg HTTP/1.1" 200 27
58.37.230.33 - - [19/Feb/2021:09:55:16 +0800] "GET /xingrg/kc/print/load_config.html?kc_code=cgsh HTTP/1.1" 200 1845
58.37.230.33 - - [19/Feb/2021:09:55:17 +0800] "GET /xingrg/kc/print/load_data.html?order_code=212021021907044&kc_code=cgsh&condition= HTTP/1.1" 200 19485
116.224.253.72 - - [19/Feb/2021:09:55:17 +0800] "GET /xingrg/all/function/internal_message.html?_=1613699708563&CODE_STATE=getMsg HTTP/1.1" 200 27
