114.88.166.193 - - [19/Feb/2021:09:43:29 +0800] "GET /favicon.ico HTTP/1.1" 404 -
114.88.166.193 - - [19/Feb/2021:09:43:31 +0800] "GET /xingrg/kc/buy/buy_main.html HTTP/1.1" 200 12412
114.88.166.193 - - [19/Feb/2021:09:43:31 +0800] "GET /xingrg/css/new_ie.css HTTP/1.1" 404 1036
114.88.166.193 - - [19/Feb/2021:09:43:31 +0800] "GET /xingrg/javascript/ToolTips.js HTTP/1.1" 304 -
114.88.166.193 - - [19/Feb/2021:09:43:31 +0800] "GET /xingrg/css/blue.css HTTP/1.1" 304 -
114.88.166.193 - - [19/Feb/2021:09:43:31 +0800] "GET /xingrg/javascript/jquery_ui/jquery-ui.min.js HTTP/1.1" 304 -
114.88.166.193 - - [19/Feb/2021:09:43:31 +0800] "GET /xingrg/javascript/pic_change.js HTTP/1.1" 304 -
114.88.166.193 - - [19/Feb/2021:09:43:31 +0800] "GET /xingrg/javascript/jquery_ui/themes/humanity/humanity.css HTTP/1.1" 304 -
114.88.166.193 - - [19/Feb/2021:09:43:31 +0800] "GET /xingrg/javascript/myfunction.js HTTP/1.1" 304 -
114.88.166.193 - - [19/Feb/2021:09:43:32 +0800] "GET /xingrg/images/yd/bt.gif HTTP/1.1" 404 1040
58.37.230.33 - - [19/Feb/2021:09:43:32 +0800] "GET /xingrg/all/function/internal_message.html?_=1613699016695&CODE_STATE=getMsg HTTP/1.1" 200 27
114.88.166.193 - - [19/Feb/2021:09:43:33 +0800] "GET /xingrg/css/site.css HTTP/1.1" 304 -
114.88.166.193 - - [19/Feb/2021:09:43:33 +0800] "GET /xingrg/css/base.css HTTP/1.1" 304 -
114.88.166.193 - - [19/Feb/2021:09:43:33 +0800] "GET /xingrg/javascript/jquery_tools/datebox.css HTTP/1.1" 304 -
114.88.166.193 - - [19/Feb/2021:09:43:33 +0800] "GET /xingrg/javascript/easyui/themes/default/easyui.css HTTP/1.1" 304 -
114.88.166.193 - - [19/Feb/2021:09:43:33 +0800] "GET /xingrg/kc/buy/cgsh_order_list.html HTTP/1.1" 200 46366
114.88.166.193 - - [19/Feb/2021:09:43:33 +0800] "GET /xingrg/javascript/easyui/themes/icon.css HTTP/1.1" 304 -
114.88.166.193 - - [19/Feb/2021:09:43:33 +0800] "GET /xingrg/javascript/auto/jquery.autocomplete.css HTTP/1.1" 304 -
114.88.166.193 - - [19/Feb/2021:09:43:33 +0800] "GET /xingrg/javascript/jquery_tools/fix.css HTTP/1.1" 304 -
114.88.166.193 - - [19/Feb/2021:09:43:33 +0800] "GET /xingrg/javascript/jquery_tools/table.css HTTP/1.1" 304 -
114.88.166.193 - - [19/Feb/2021:09:43:33 +0800] "GET /xingrg/javascript/jquery_tools/jquery.tools.hotkey.js HTTP/1.1" 304 -
114.88.166.193 - - [19/Feb/2021:09:43:33 +0800] "GET /xingrg/javascript/jquery_tools/jquery.tools.extend.js HTTP/1.1" 304 -
114.88.166.193 - - [19/Feb/2021:09:43:33 +0800] "GET /xingrg/javascript/jquery_tools/list_manager.js HTTP/1.1" 304 -
114.88.166.193 - - [19/Feb/2021:09:43:33 +0800] "GET /xingrg/javascript/auto/jquery.autocomplete.js HTTP/1.1" 304 -
114.88.166.193 - - [19/Feb/2021:09:43:33 +0800] "GET /xingrg/javascript/easyui/easyloader.js HTTP/1.1" 304 -
114.88.166.193 - - [19/Feb/2021:09:43:33 +0800] "GET /xingrg/javascript/jquery.cookie.js HTTP/1.1" 304 -
114.88.166.193 - - [19/Feb/2021:09:43:33 +0800] "GET /xingrg/javascript/print/LodopFuncs.js HTTP/1.1" 304 -
114.88.166.193 - - [19/Feb/2021:09:43:33 +0800] "GET /xingrg/javascript/jquery_tools/jquery.tools.table.js HTTP/1.1" 304 -
114.88.166.193 - - [19/Feb/2021:09:43:33 +0800] "GET /xingrg/javascript/jquery_tools/jquery.tools.min.js HTTP/1.1" 304 -
114.88.166.193 - - [19/Feb/2021:09:43:33 +0800] "GET /xingrg/javascript/easyui/plugins/jquery.parser.js HTTP/1.1" 304 -
114.88.166.193 - - [19/Feb/2021:09:43:34 +0800] "POST /xingrg/kc/buy/cgsh_list_operate.html HTTP/1.1" 200 876
61.165.42.208 - - [19/Feb/2021:09:43:35 +0800] "GET /xingrg/kc/buy/cgsh_order_operate.html?command=get_materiel&rest_code=00105&code=00101004030&supplier_code=00100312&order_time=2021-02-19 HTTP/1.1" 200 429
114.88.166.193 - - [19/Feb/2021:09:43:36 +0800] "GET /xingrg/javascript/jquery_tools/order_manager.js HTTP/1.1" 304 -
114.88.166.193 - - [19/Feb/2021:09:43:36 +0800] "GET /xingrg/javascript/print/kc_print.js HTTP/1.1" 304 -
114.88.166.193 - - [19/Feb/2021:09:43:36 +0800] "GET /xingrg/javascript/convert.js HTTP/1.1" 304 -
114.88.166.193 - - [19/Feb/2021:09:43:36 +0800] "GET /xingrg/javascript/json2.js HTTP/1.1" 304 -
114.88.166.193 - - [19/Feb/2021:09:43:36 +0800] "GET /xingrg/kc/buy/cgsh_order_add.html HTTP/1.1" 200 62104
114.88.166.193 - - [19/Feb/2021:09:43:36 +0800] "GET /xingrg/words/20210217100626_words.js HTTP/1.1" 304 -
114.88.166.193 - - [19/Feb/2021:09:43:36 +0800] "POST /xingrg/kc/buy/cgsh_order_operate.html HTTP/1.1" 200 8245
58.37.230.33 - - [19/Feb/2021:09:43:36 +0800] "GET /xingrg/all/function/internal_message.html?_=1613699021029&CODE_STATE=getMsg HTTP/1.1" 200 27
114.88.166.193 - - [19/Feb/2021:09:43:36 +0800] "GET /xingrg/all/common/auto_word.html?type=employee&rest_code=00111 HTTP/1.1" 200 205
114.88.166.193 - - [19/Feb/2021:09:43:36 +0800] "GET /xingrg/all/common/auto_word.html?type=employee&rest_code=00111 HTTP/1.1" 200 205
114.88.166.193 - - [19/Feb/2021:09:43:37 +0800] "GET /xingrg/javascript/easyui/themes/default/validatebox.css HTTP/1.1" 404 1104
114.88.166.193 - - [19/Feb/2021:09:43:37 +0800] "GET /xingrg/javascript/easyui/plugins/jquery.validatebox.js HTTP/1.1" 304 -
114.88.166.193 - - [19/Feb/2021:09:43:37 +0800] "GET /xingrg/javascript/easyui/plugins/jquery.numberbox.js HTTP/1.1" 304 -
114.86.187.76 - - [19/Feb/2021:09:43:39 +0800] "GET /xingrg/kc/buy/cgsh_order_add.html HTTP/1.1" 200 62110
114.88.166.193 - - [19/Feb/2021:09:43:40 +0800] "GET /xingrg/javascript/auto/indicator.gif HTTP/1.1" 404 1066
114.86.187.76 - - [19/Feb/2021:09:43:40 +0800] "POST /xingrg/kc/buy/cgsh_order_operate.html HTTP/1.1" 200 8245
114.86.187.76 - - [19/Feb/2021:09:43:40 +0800] "GET /xingrg/javascript/easyui/themes/default/validatebox.css HTTP/1.1" 404 1104
101.228.165.174 - - [19/Feb/2021:09:43:40 +0800] "GET /xingrg/check_reg.html?_=1613699049478 HTTP/1.1" 200 22
114.88.166.193 - - [19/Feb/2021:09:43:40 +0800] "GET /xingrg/javascript/jquery_tools/images/prev.gif HTTP/1.1" 404 1086
114.88.166.193 - - [19/Feb/2021:09:43:40 +0800] "GET /xingrg/javascript/jquery_tools/images/next.gif HTTP/1.1" 404 1086
101.228.165.174 - - [19/Feb/2021:09:43:41 +0800] "GET /xingrg/all/function/internal_message.html?_=1613699049713&CODE_STATE=getMsg HTTP/1.1" 200 27
116.224.253.72 - - [19/Feb/2021:09:43:41 +0800] "GET /xingrg/all/function/internal_message.html?_=1613699018510&CODE_STATE=getMsg HTTP/1.1" 200 27
61.165.42.208 - - [19/Feb/2021:09:43:44 +0800] "GET /xingrg/kc/buy/cgsh_order_operate.html?command=get_materiel&rest_code=00105&code=00101005015&supplier_code=00100312&order_time=2021-02-19 HTTP/1.1" 200 409
117.185.32.26 - - [19/Feb/2021:09:43:46 +0800] "GET /xingrg/all/function/internal_message.html?_=1613699016753&CODE_STATE=getMsg HTTP/1.1" 200 27
114.88.166.193 - - [19/Feb/2021:09:43:49 +0800] "GET /xingrg/kc/buy/cgsh_order_operate.html?command=get_materiel&rest_code=00111&code=00101001140&supplier_code=00100090&order_time=2021-02-19 HTTP/1.1" 200 434
116.228.172.94 - - [19/Feb/2021:09:43:51 +0800] "GET /xingrg/all/function/internal_message.html?_=1613699027682&CODE_STATE=getMsg HTTP/1.1" 200 27
114.86.187.76 - - [19/Feb/2021:09:43:51 +0800] "GET /xingrg/kc/buy/cgsh_order_operate.html?command=get_materiel&rest_code=00148&code=00101004001&supplier_code=00100094&order_time=2021-02-19 HTTP/1.1" 200 412
116.228.172.94 - - [19/Feb/2021:09:43:52 +0800] "GET /xingrg/index.html?sysBaseUrl=http%3A%2F%2F180.169.147.146%3A18081%2Fxingrg%2F&costTime=33×tamp=1585306063269 HTTP/1.1" 302 -
116.228.172.94 - - [19/Feb/2021:09:43:52 +0800] "GET /xingrg/login.html HTTP/1.1" 200 7641
180.169.147.146 - - [19/Feb/2021:09:43:54 +0800] "GET /xingrg/all/function/internal_message.html?_=1613699031202&CODE_STATE=getMsg HTTP/1.1" 200 27
117.131.5.26 - - [19/Feb/2021:09:43:55 +0800] "GET /xingrg/all/function/internal_message.html?_=1613699402879&CODE_STATE=getMsg HTTP/1.1" 200 27
116.224.253.72 - - [19/Feb/2021:09:43:59 +0800] "GET /xingrg/all/function/internal_message.html?_=1613699013054&CODE_STATE=getMsg HTTP/1.1" 200 27
116.228.172.94 - - [19/Feb/2021:09:44:00 +0800] "GET /favicon.ico HTTP/1.1" 404 -
101.228.165.174 - - [19/Feb/2021:09:44:00 +0800] "GET /xingrg/all/function/internal_message.html?_=1613699069400&CODE_STATE=getMsg HTTP/1.1" 200 27
114.86.187.76 - - [19/Feb/2021:09:44:01 +0800] "POST /xingrg/kc/buy/cgsh_order_operate.html HTTP/1.1" 200 37
61.165.42.208 - - [19/Feb/2021:09:44:01 +0800] "GET /xingrg/kc/buy/cgsh_order_operate.html?command=get_materiel&rest_code=00105&code=00101001015&supplier_code=00100312&order_time=2021-02-19 HTTP/1.1" 200 416
61.165.42.208 - - [19/Feb/2021:09:44:05 +0800] "GET /xingrg/all/function/internal_message.html?_=1613699041834&CODE_STATE=getMsg HTTP/1.1" 200 27
114.88.166.193 - - [19/Feb/2021:09:44:07 +0800] "GET /xingrg/kc/buy/cgsh_order_operate.html?command=get_materiel&rest_code=00111&code=00101001093&supplier_code=00100090&order_time=2021-02-19 HTTP/1.1" 200 432
61.165.42.208 - - [19/Feb/2021:09:44:07 +0800] "GET /xingrg/kc/buy/cgsh_order_operate.html?command=get_materiel&rest_code=00105&code=00101001016&supplier_code=00100312&order_time=2021-02-19 HTTP/1.1" 200 435
114.86.187.76 - - [19/Feb/2021:09:44:08 +0800] "POST /xingrg/kc/buy/cgsh_order_operate.html HTTP/1.1" 200 12
101.228.165.174 - - [19/Feb/2021:09:44:10 +0800] "GET /xingrg/all/function/internal_message.html?_=1613699046388&CODE_STATE=getMsg HTTP/1.1" 200 27
180.174.195.252 - - [19/Feb/2021:09:44:11 +0800] "GET /xingrg/all/function/internal_message.html?_=1613699299263&CODE_STATE=getMsg HTTP/1.1" 200 27
114.86.187.76 - - [19/Feb/2021:09:44:11 +0800] "GET /xingrg/kc/buy/cgsh_order_info.html?code=212021021907080 HTTP/1.1" 200 57012
114.86.187.76 - - [19/Feb/2021:09:44:12 +0800] "GET /xingrg/javascript/easyui/themes/default/validatebox.css HTTP/1.1" 404 1104
114.86.187.76 - - [19/Feb/2021:09:44:12 +0800] "POST /xingrg/kc/buy/cgsh_order_operate.html HTTP/1.1" 200 607
222.69.136.197 - - [19/Feb/2021:09:44:13 +0800] "GET /xingrg/all/function/internal_message.html?_=1613699048706&CODE_STATE=getMsg HTTP/1.1" 200 27
114.86.187.76 - - [19/Feb/2021:09:44:13 +0800] "GET /xingrg/kc/print/load_data.html?order_code=212021021907080&kc_code=cgsh&condition= HTTP/1.1" 200 779
114.86.187.76 - - [19/Feb/2021:09:44:15 +0800] "GET /xingrg/all/function/internal_message.html?_=1613699056486&CODE_STATE=getMsg HTTP/1.1" 200 27
58.37.230.33 - - [19/Feb/2021:09:44:16 +0800] "GET /xingrg/all/function/internal_message.html?_=1613699068032&CODE_STATE=getMsg HTTP/1.1" 200 27
116.224.253.72 - - [19/Feb/2021:09:44:17 +0800] "GET /xingrg/all/function/internal_message.html?_=1613699048564&CODE_STATE=getMsg HTTP/1.1" 200 27
114.86.187.76 - - [19/Feb/2021:09:44:20 +0800] "GET /xingrg/kc/buy/cgsh_order_add.html HTTP/1.1" 200 62110
114.86.187.76 - - [19/Feb/2021:09:44:21 +0800] "GET /xingrg/javascript/easyui/themes/default/validatebox.css HTTP/1.1" 404 1104
114.86.187.76 - - [19/Feb/2021:09:44:21 +0800] "POST /xingrg/kc/buy/cgsh_order_operate.html HTTP/1.1" 200 8245
120.204.17.71 - - [19/Feb/2021:09:44:23 +0800] "GET /xingrg/all/function/internal_message.html?_=1613698716714&CODE_STATE=getMsg HTTP/1.1" 302 -
116.227.208.86 - - [19/Feb/2021:09:44:28 +0800] "GET /xingrg/all/function/internal_message.html?_=1613699064190&CODE_STATE=getMsg HTTP/1.1" 200 27
101.228.165.73 - - [19/Feb/2021:09:44:29 +0800] "GET /xingrg/all/function/internal_message.html?_=1613699112254&CODE_STATE=getMsg HTTP/1.1" 302 -
114.88.166.193 - - [19/Feb/2021:09:44:29 +0800] "GET /xingrg/all/function/internal_message.html?_=1613699063152&CODE_STATE=getMsg HTTP/1.1" 200 27
61.165.42.208 - - [19/Feb/2021:09:44:30 +0800] "POST /xingrg/kc/buy/cgsh_order_operate.html HTTP/1.1" 200 37
114.86.187.76 - - [19/Feb/2021:09:44:31 +0800] "GET /xingrg/kc/buy/cgsh_order_operate.html?command=get_materiel&rest_code=00148&code=00101001141&supplier_code=00100327&order_time=2021-02-19 HTTP/1.1" 200 413
61.165.42.208 - - [19/Feb/2021:09:44:31 +0800] "POST /xingrg/kc/buy/cgsh_order_operate.html HTTP/1.1" 200 5035
120.204.17.71 - - [19/Feb/2021:09:44:31 +0800] "GET /xingrg/login.html HTTP/1.1" 200 7641
58.37.230.33 - - [19/Feb/2021:09:44:32 +0800] "GET /xingrg/all/function/internal_message.html?_=1613699076665&CODE_STATE=getMsg HTTP/1.1" 200 27
61.165.42.208 - - [19/Feb/2021:09:44:32 +0800] "GET /xingrg/kc/print/load_data.html?order_code=212021021907081&kc_code=cgsh&condition= HTTP/1.1" 200 1581
58.37.230.33 - - [19/Feb/2021:09:44:36 +0800] "GET /xingrg/all/function/internal_message.html?_=1613699081028&CODE_STATE=getMsg HTTP/1.1" 200 27
61.165.42.208 - - [19/Feb/2021:09:44:39 +0800] "GET /xingrg/kc/buy/cgsh_order_add.html HTTP/1.1" 200 62151
61.165.42.208 - - [19/Feb/2021:09:44:39 +0800] "POST /xingrg/kc/buy/cgsh_order_operate.html HTTP/1.1" 200 8245
61.165.42.208 - - [19/Feb/2021:09:44:39 +0800] "GET /xingrg/javascript/easyui/themes/default/validatebox.css HTTP/1.1" 404 1104
101.228.165.174 - - [19/Feb/2021:09:44:41 +0800] "GET /xingrg/all/function/internal_message.html?_=1613699109727&CODE_STATE=getMsg HTTP/1.1" 200 27
116.224.253.72 - - [19/Feb/2021:09:44:41 +0800] "GET /xingrg/all/function/internal_message.html?_=1613699078511&CODE_STATE=getMsg HTTP/1.1" 200 27
114.86.187.76 - - [19/Feb/2021:09:44:43 +0800] "POST /xingrg/kc/buy/cgsh_order_operate.html HTTP/1.1" 200 37
117.185.32.26 - - [19/Feb/2021:09:44:46 +0800] "GET /xingrg/all/function/internal_message.html?_=1613699076742&CODE_STATE=getMsg HTTP/1.1" 200 27
116.227.208.86 - - [19/Feb/2021:09:44:46 +0800] "GET /xingrg/check_reg.html?_=1613699081551 HTTP/1.1" 200 22
116.228.172.94 - - [19/Feb/2021:09:44:51 +0800] "GET /xingrg/all/function/internal_message.html?_=1613699087672&CODE_STATE=getMsg HTTP/1.1" 200 27
114.86.187.76 - - [19/Feb/2021:09:44:52 +0800] "POST /xingrg/kc/buy/cgsh_order_operate.html HTTP/1.1" 200 12
114.86.187.76 - - [19/Feb/2021:09:44:53 +0800] "GET /xingrg/kc/buy/cgsh_order_info.html?code=212021021907082 HTTP/1.1" 200 57012
114.86.187.76 - - [19/Feb/2021:09:44:53 +0800] "GET /xingrg/javascript/easyui/themes/default/validatebox.css HTTP/1.1" 404 1104
114.86.187.76 - - [19/Feb/2021:09:44:54 +0800] "POST /xingrg/kc/buy/cgsh_order_operate.html HTTP/1.1" 200 608
180.169.147.146 - - [19/Feb/2021:09:44:54 +0800] "GET /xingrg/all/function/internal_message.html?_=1613699091204&CODE_STATE=getMsg HTTP/1.1" 200 27
114.86.187.76 - - [19/Feb/2021:09:44:55 +0800] "GET /xingrg/kc/print/load_data.html?order_code=212021021907082&kc_code=cgsh&condition= HTTP/1.1" 200 706
117.131.5.26 - - [19/Feb/2021:09:44:55 +0800] "GET /xingrg/all/function/internal_message.html?_=1613699462915&CODE_STATE=getMsg HTTP/1.1" 200 27
116.224.253.72 - - [19/Feb/2021:09:44:59 +0800] "GET /xingrg/all/function/internal_message.html?_=1613699073064&CODE_STATE=getMsg HTTP/1.1" 200 27
101.228.165.174 - - [19/Feb/2021:09:45:00 +0800] "GET /xingrg/all/function/internal_message.html?_=1613699129414&CODE_STATE=getMsg HTTP/1.1" 200 27
58.37.230.33 - - [19/Feb/2021:09:45:01 +0800] "GET /xingrg/check_reg.html?_=1613699112590 HTTP/1.1" 200 22
114.86.187.76 - - [19/Feb/2021:09:45:02 +0800] "POST /xingrg/kc/buy/cgsh_list_operate.html HTTP/1.1" 200 876
61.151.178.197 - - [19/Feb/2021:09:45:04 +0800] "GET /xingrg/kc/buy/cgsh_order_operate.html?command=get_materiel&rest_code=00141&code=00101015006&supplier_code=00100007&order_time=2021-02-19 HTTP/1.1" 302 -
61.165.42.208 - - [19/Feb/2021:09:45:05 +0800] "GET /xingrg/all/function/internal_message.html?_=1613699101835&CODE_STATE=getMsg HTTP/1.1" 200 27
114.86.187.76 - - [19/Feb/2021:09:45:06 +0800] "GET /xingrg/kc/buy/cgsh_order_add.html HTTP/1.1" 200 62110
114.86.187.76 - - [19/Feb/2021:09:45:07 +0800] "GET /xingrg/javascript/easyui/themes/default/validatebox.css HTTP/1.1" 404 1104
114.86.187.76 - - [19/Feb/2021:09:45:07 +0800] "POST /xingrg/kc/buy/cgsh_order_operate.html HTTP/1.1" 200 8245
101.228.165.174 - - [19/Feb/2021:09:45:10 +0800] "GET /xingrg/all/function/internal_message.html?_=1613699106387&CODE_STATE=getMsg HTTP/1.1" 200 27
101.228.165.174 - - [19/Feb/2021:09:45:10 +0800] "GET /xingrg/check_reg.html?_=1613699106389 HTTP/1.1" 200 22
180.174.195.252 - - [19/Feb/2021:09:45:11 +0800] "GET /xingrg/all/function/internal_message.html?_=1613699359269&CODE_STATE=getMsg HTTP/1.1" 200 27
101.89.239.245 - - [19/Feb/2021:09:45:12 +0800] "GET /xingrg/kc/buy/cgsh_order_operate.html?command=get_materiel&rest_code=00141&code=00101008096&supplier_code=00100007&order_time=2021-02-19 HTTP/1.1" 302 -
61.151.178.197 - - [19/Feb/2021:09:45:13 +0800] "GET /xingrg/login.html HTTP/1.1" 200 7641
222.69.136.197 - - [19/Feb/2021:09:45:13 +0800] "GET /xingrg/all/function/internal_message.html?_=1613699108707&CODE_STATE=getMsg HTTP/1.1" 200 27
222.69.136.197 - - [19/Feb/2021:09:45:13 +0800] "GET /xingrg/check_reg.html?_=1613699108708 HTTP/1.1" 200 22
114.86.187.76 - - [19/Feb/2021:09:45:15 +0800] "GET /xingrg/all/function/internal_message.html?_=1613699116492&CODE_STATE=getMsg HTTP/1.1" 200 27
58.37.230.33 - - [19/Feb/2021:09:45:16 +0800] "GET /xingrg/all/function/internal_message.html?_=1613699128004&CODE_STATE=getMsg HTTP/1.1" 200 27
116.224.253.72 - - [19/Feb/2021:09:45:17 +0800] "GET /xingrg/all/function/internal_message.html?_=1613699108549&CODE_STATE=getMsg HTTP/1.1" 200 27
114.88.166.193 - - [19/Feb/2021:09:45:18 +0800] "POST /xingrg/kc/buy/cgsh_order_operate.html HTTP/1.1" 200 37
101.89.239.245 - - [19/Feb/2021:09:45:19 +0800] "GET /xingrg/login.html HTTP/1.1" 200 7641
114.88.166.193 - - [19/Feb/2021:09:45:19 +0800] "POST /xingrg/kc/buy/cgsh_order_operate.html HTTP/1.1" 200 2658
114.86.187.76 - - [19/Feb/2021:09:45:21 +0800] "GET /xingrg/kc/buy/cgsh_order_operate.html?command=get_materiel&rest_code=00148&code=00101010039&supplier_code=00100347&order_time=2021-02-19 HTTP/1.1" 200 413
114.88.166.193 - - [19/Feb/2021:09:45:22 +0800] "GET /xingrg/kc/print/load_config.html?kc_code=cgsh HTTP/1.1" 200 1845
114.88.166.193 - - [19/Feb/2021:09:45:22 +0800] "GET /xingrg/kc/print/load_data.html?order_code=212021021907083&kc_code=cgsh&condition= HTTP/1.1" 200 735
101.228.165.73 - - [19/Feb/2021:09:45:22 +0800] "GET /xingrg/check_reg.html?_=1613699166186 HTTP/1.1" 302 -
116.227.208.86 - - [19/Feb/2021:09:45:28 +0800] "GET /xingrg/all/function/internal_message.html?_=1613699124163&CODE_STATE=getMsg HTTP/1.1" 200 27
101.228.165.73 - - [19/Feb/2021:09:45:29 +0800] "GET /xingrg/all/function/internal_message.html?_=1613699172266&CODE_STATE=getMsg HTTP/1.1" 302 -
61.165.42.208 - - [19/Feb/2021:09:45:29 +0800] "GET /xingrg/kc/buy/cgsh_order_operate.html?command=get_materiel&rest_code=00105&code=00101001140&supplier_code=00100319&order_time=2021-02-19 HTTP/1.1" 200 433
114.88.166.193 - - [19/Feb/2021:09:45:29 +0800] "GET /xingrg/all/function/internal_message.html?_=1613699123165&CODE_STATE=getMsg HTTP/1.1" 200 27
114.86.187.76 - - [19/Feb/2021:09:45:30 +0800] "GET /xingrg/kc/buy/cgsh_order_operate.html?command=get_materiel&rest_code=00148&code=00101004051&supplier_code=00100347&order_time=2021-02-19 HTTP/1.1" 200 409
114.88.166.193 - - [19/Feb/2021:09:45:31 +0800] "GET /xingrg/kc/buy/cgsh_order_add.html HTTP/1.1" 200 62104
114.88.166.193 - - [19/Feb/2021:09:45:31 +0800] "POST /xingrg/kc/buy/cgsh_order_operate.html HTTP/1.1" 200 8245
114.88.166.193 - - [19/Feb/2021:09:45:32 +0800] "GET /xingrg/javascript/easyui/themes/default/validatebox.css HTTP/1.1" 404 1104
58.37.230.33 - - [19/Feb/2021:09:45:32 +0800] "GET /xingrg/all/function/internal_message.html?_=1613699136635&CODE_STATE=getMsg HTTP/1.1" 200 27
58.37.230.33 - - [19/Feb/2021:09:45:36 +0800] "GET /xingrg/all/function/internal_message.html?_=1613699141028&CODE_STATE=getMsg HTTP/1.1" 200 27
114.86.187.76 - - [19/Feb/2021:09:45:39 +0800] "GET /xingrg/kc/buy/cgsh_order_operate.html?command=get_materiel&rest_code=00148&code=00101003004&supplier_code=00100347&order_time=2021-02-19 HTTP/1.1" 200 422
114.88.166.193 - - [19/Feb/2021:09:45:39 +0800] "GET /xingrg/kc/buy/cgsh_order_operate.html?command=get_materiel&rest_code=00111&code=00102005696&supplier_code=00100336&order_time=2021-02-19 HTTP/1.1" 200 420
101.228.165.174 - - [19/Feb/2021:09:45:41 +0800] "GET /xingrg/all/function/internal_message.html?_=1613699169740&CODE_STATE=getMsg HTTP/1.1" 200 27
117.131.5.26 - - [19/Feb/2021:09:45:41 +0800] "GET /xingrg/check_reg.html?_=1613699508336 HTTP/1.1" 200 22
116.224.253.72 - - [19/Feb/2021:09:45:41 +0800] "GET /xingrg/all/function/internal_message.html?_=1613699138523&CODE_STATE=getMsg HTTP/1.1" 200 27
117.185.32.26 - - [19/Feb/2021:09:45:46 +0800] "GET /xingrg/check_reg.html?_=1613699136741 HTTP/1.1" 200 22
117.185.32.26 - - [19/Feb/2021:09:45:46 +0800] "GET /xingrg/all/function/internal_message.html?_=1613699136744&CODE_STATE=getMsg HTTP/1.1" 200 27
61.165.42.208 - - [19/Feb/2021:09:45:46 +0800] "GET /xingrg/kc/buy/cgsh_order_operate.html?command=get_materiel&rest_code=00105&code=00101001044&supplier_code=00100319&order_time=2021-02-19 HTTP/1.1" 200 429
114.88.166.193 - - [19/Feb/2021:09:45:46 +0800] "GET /xingrg/kc/buy/cgsh_order_operate.html?command=get_materiel&rest_code=00111&code=00101010079&supplier_code=00100336&order_time=2021-02-19 HTTP/1.1" 200 413
116.228.172.94 - - [19/Feb/2021:09:45:47 +0800] "GET /xingrg/check_reg.html?_=1613699144373 HTTP/1.1" 200 22
114.86.187.76 - - [19/Feb/2021:09:45:49 +0800] "POST /xingrg/kc/buy/cgsh_order_operate.html HTTP/1.1" 200 37
116.228.172.94 - - [19/Feb/2021:09:45:51 +0800] "GET /xingrg/all/function/internal_message.html?_=1613699147651&CODE_STATE=getMsg HTTP/1.1" 200 27
114.86.187.76 - - [19/Feb/2021:09:45:52 +0800] "POST /xingrg/kc/buy/cgsh_order_operate.html HTTP/1.1" 200 12
114.86.187.76 - - [19/Feb/2021:09:45:53 +0800] "GET /xingrg/kc/buy/cgsh_order_info.html?code=212021021907084 HTTP/1.1" 200 57004
114.86.187.76 - - [19/Feb/2021:09:45:53 +0800] "GET /xingrg/javascript/easyui/themes/default/validatebox.css HTTP/1.1" 404 1104
114.86.187.76 - - [19/Feb/2021:09:45:54 +0800] "POST /xingrg/kc/buy/cgsh_order_operate.html HTTP/1.1" 200 1809
180.169.147.146 - - [19/Feb/2021:09:45:54 +0800] "GET /xingrg/all/function/internal_message.html?_=1613699151204&CODE_STATE=getMsg HTTP/1.1" 200 27
117.131.5.26 - - [19/Feb/2021:09:45:55 +0800] "GET /xingrg/all/function/internal_message.html?_=1613699522915&CODE_STATE=getMsg HTTP/1.1" 200 27
114.88.166.193 - - [19/Feb/2021:09:45:56 +0800] "POST /xingrg/kc/buy/cgsh_order_operate.html HTTP/1.1" 200 37
114.86.187.76 - - [19/Feb/2021:09:45:56 +0800] "GET /xingrg/kc/print/load_data.html?order_code=212021021907084&kc_code=cgsh&condition= HTTP/1.1" 200 1172
116.224.253.72 - - [19/Feb/2021:09:45:58 +0800] "GET /xingrg/check_reg.html?_=1613699132708 HTTP/1.1" 200 22
116.224.253.72 - - [19/Feb/2021:09:45:59 +0800] "GET /xingrg/all/function/internal_message.html?_=1613699133078&CODE_STATE=getMsg HTTP/1.1" 200 27
101.228.165.174 - - [19/Feb/2021:09:46:00 +0800] "GET /xingrg/all/function/internal_message.html?_=1613699189431&CODE_STATE=getMsg HTTP/1.1" 200 27
61.165.42.208 - - [19/Feb/2021:09:46:01 +0800] "GET /xingrg/kc/buy/cgsh_order_operate.html?command=get_materiel&rest_code=00105&code=00101001125&supplier_code=00100319&order_time=2021-02-19 HTTP/1.1" 200 414
114.86.187.76 - - [19/Feb/2021:09:46:01 +0800] "GET /xingrg/kc/base/yddb_order_list.html HTTP/1.1" 200 16951
114.86.187.76 - - [19/Feb/2021:09:46:01 +0800] "POST /xingrg/kc/base/yddb_list_operate.html HTTP/1.1" 200 636
114.86.187.76 - - [19/Feb/2021:09:46:03 +0800] "GET /xingrg/kc/base/wldb_order_list.html HTTP/1.1" 200 19345
114.86.187.76 - - [19/Feb/2021:09:46:04 +0800] "POST /xingrg/kc/base/wldb_list_operate.html HTTP/1.1" 200 928
114.88.166.193 - - [19/Feb/2021:09:46:04 +0800] "POST /xingrg/kc/buy/cgsh_order_operate.html HTTP/1.1" 200 2657
61.165.42.208 - - [19/Feb/2021:09:46:05 +0800] "GET /xingrg/all/function/internal_message.html?_=1613699161812&CODE_STATE=getMsg HTTP/1.1" 200 27
114.88.166.193 - - [19/Feb/2021:09:46:07 +0800] "GET /xingrg/kc/print/load_data.html?order_code=212021021907085&kc_code=cgsh&condition= HTTP/1.1" 200 670
114.86.187.76 - - [19/Feb/2021:09:46:09 +0800] "GET /xingrg/kc/base/wldb_order_add.html HTTP/1.1" 200 30508
180.174.195.252 - - [19/Feb/2021:09:46:09 +0800] "GET /xingrg/check_reg.html?_=1613699417346 HTTP/1.1" 200 22
114.86.187.76 - - [19/Feb/2021:09:46:09 +0800] "GET /xingrg/all/common/auto_word.html?type=base&rest_code=00148 HTTP/1.1" 200 1753
114.86.187.76 - - [19/Feb/2021:09:46:09 +0800] "GET /xingrg/all/common/auto_word.html?type=base&rest_code=00148 HTTP/1.1" 200 1753
114.86.187.76 - - [19/Feb/2021:09:46:09 +0800] "GET /xingrg/javascript/easyui/themes/default/validatebox.css HTTP/1.1" 404 1104
114.86.187.76 - - [19/Feb/2021:09:46:09 +0800] "POST /xingrg/kc/base/wldb_order_operate.html HTTP/1.1" 200 6806
101.228.165.174 - - [19/Feb/2021:09:46:10 +0800] "GET /xingrg/all/function/internal_message.html?_=1613699166393&CODE_STATE=getMsg HTTP/1.1" 200 27
180.174.195.252 - - [19/Feb/2021:09:46:11 +0800] "GET /xingrg/all/function/internal_message.html?_=1613699419283&CODE_STATE=getMsg HTTP/1.1" 200 27
222.69.136.197 - - [19/Feb/2021:09:46:13 +0800] "GET /xingrg/all/function/internal_message.html?_=1613699168708&CODE_STATE=getMsg HTTP/1.1" 200 27
61.165.42.208 - - [19/Feb/2021:09:46:14 +0800] "POST /xingrg/kc/buy/cgsh_order_operate.html HTTP/1.1" 200 37
61.165.42.208 - - [19/Feb/2021:09:46:15 +0800] "POST /xingrg/kc/buy/cgsh_order_operate.html HTTP/1.1" 200 3849
114.86.187.76 - - [19/Feb/2021:09:46:15 +0800] "GET /xingrg/check_reg.html?_=1613699176552 HTTP/1.1" 200 22
114.86.187.76 - - [19/Feb/2021:09:46:15 +0800] "GET /xingrg/all/function/internal_message.html?_=1613699176555&CODE_STATE=getMsg HTTP/1.1" 200 27
58.37.230.33 - - [19/Feb/2021:09:46:16 +0800] "GET /xingrg/all/function/internal_message.html?_=1613699187973&CODE_STATE=getMsg HTTP/1.1" 200 27
114.88.166.193 - - [19/Feb/2021:09:46:16 +0800] "GET /xingrg/kc/buy/cgsh_order_add.html HTTP/1.1" 200 62104
114.88.166.193 - - [19/Feb/2021:09:46:17 +0800] "POST /xingrg/kc/buy/cgsh_order_operate.html HTTP/1.1" 200 8245
61.165.42.208 - - [19/Feb/2021:09:46:17 +0800] "GET /xingrg/kc/print/load_data.html?order_code=212021021907086&kc_code=cgsh&condition= HTTP/1.1" 200 1131
114.88.166.193 - - [19/Feb/2021:09:46:17 +0800] "GET /xingrg/javascript/easyui/themes/default/validatebox.css HTTP/1.1" 404 1104
116.224.253.72 - - [19/Feb/2021:09:46:17 +0800] "GET /xingrg/all/function/internal_message.html?_=1613699168551&CODE_STATE=getMsg HTTP/1.1" 200 27
116.224.253.72 - - [19/Feb/2021:09:46:17 +0800] "GET /xingrg/check_reg.html?_=1613699168551 HTTP/1.1" 200 22
114.86.187.76 - - [19/Feb/2021:09:46:17 +0800] "GET /xingrg/kc/base/wldb_order_operate.html?command=get_materiel&rest_code=00148&base_code=0010001&code=00101026177 HTTP/1.1" 200 423
61.165.42.208 - - [19/Feb/2021:09:46:20 +0800] "GET /xingrg/kc/buy/cgsh_order_add.html HTTP/1.1" 200 62151
61.165.42.208 - - [19/Feb/2021:09:46:20 +0800] "POST /xingrg/kc/buy/cgsh_order_operate.html HTTP/1.1" 200 8245
61.165.42.208 - - [19/Feb/2021:09:46:20 +0800] "GET /xingrg/javascript/easyui/themes/default/validatebox.css HTTP/1.1" 404 1104
114.86.187.76 - - [19/Feb/2021:09:46:25 +0800] "GET /xingrg/kc/base/wldb_order_operate.html?command=get_materiel&rest_code=00148&base_code=0010005&code=00101026177 HTTP/1.1" 200 423
114.88.166.193 - - [19/Feb/2021:09:46:26 +0800] "GET /xingrg/kc/buy/cgsh_order_operate.html?command=get_materiel&rest_code=00111&code=00101004090&supplier_code=00100312&order_time=2021-02-19 HTTP/1.1" 200 412
116.227.208.86 - - [19/Feb/2021:09:46:28 +0800] "GET /xingrg/all/function/internal_message.html?_=1613699184149&CODE_STATE=getMsg HTTP/1.1" 200 27
101.228.165.73 - - [19/Feb/2021:09:46:29 +0800] "GET /xingrg/all/function/internal_message.html?_=1613699232309&CODE_STATE=getMsg HTTP/1.1" 302 -
114.88.166.193 - - [19/Feb/2021:09:46:29 +0800] "GET /xingrg/all/function/internal_message.html?_=1613699183177&CODE_STATE=getMsg HTTP/1.1" 200 27
114.86.187.76 - - [19/Feb/2021:09:46:29 +0800] "POST /xingrg/kc/base/wldb_order_operate.html HTTP/1.1" 200 37
114.86.187.76 - - [19/Feb/2021:09:46:31 +0800] "POST /xingrg/kc/base/wldb_order_operate.html HTTP/1.1" 200 12
114.86.187.76 - - [19/Feb/2021:09:46:31 +0800] "POST /xingrg/kc/base/wldb_order_operate.html HTTP/1.1" 200 2188
58.37.230.33 - - [19/Feb/2021:09:46:32 +0800] "GET /xingrg/all/function/internal_message.html?_=1613699196618&CODE_STATE=getMsg HTTP/1.1" 200 27
61.165.42.208 - - [19/Feb/2021:09:46:36 +0800] "GET /xingrg/kc/buy/cgsh_order_operate.html?command=get_materiel&rest_code=00105&code=00101005037&supplier_code=00100334&order_time=2021-02-19 HTTP/1.1" 200 409
58.37.230.33 - - [19/Feb/2021:09:46:36 +0800] "GET /xingrg/all/function/internal_message.html?_=1613699201028&CODE_STATE=getMsg HTTP/1.1" 200 27
114.86.187.76 - - [19/Feb/2021:09:46:36 +0800] "GET /xingrg/kc/base/wldb_order_info.html?code=422021021902170 HTTP/1.1" 200 26387
114.86.187.76 - - [19/Feb/2021:09:46:37 +0800] "POST /xingrg/kc/base/wldb_order_operate.html HTTP/1.1" 200 483
114.86.187.76 - - [19/Feb/2021:09:46:37 +0800] "GET /xingrg/javascript/easyui/themes/default/validatebox.css HTTP/1.1" 404 1104
114.86.187.76 - - [19/Feb/2021:09:46:39 +0800] "GET /xingrg/logout.do HTTP/1.1" 302 -
114.86.187.76 - - [19/Feb/2021:09:46:39 +0800] "GET /xingrg/login.html?sysBaseUrl=http%3A%2F%2F180.169.147.146%3A18081%2Fxingrg%2F&costTime=3×tamp=1613699199110 HTTP/1.1" 200 7641
114.86.187.76 - - [19/Feb/2021:09:46:39 +0800] "GET /favicon.ico HTTP/1.1" 404 -
101.228.165.174 - - [19/Feb/2021:09:46:41 +0800] "GET /xingrg/all/function/internal_message.html?_=1613699229760&CODE_STATE=getMsg HTTP/1.1" 200 27
116.224.253.72 - - [19/Feb/2021:09:46:41 +0800] "GET /xingrg/all/function/internal_message.html?_=1613699198524&CODE_STATE=getMsg HTTP/1.1" 200 27
114.88.166.193 - - [19/Feb/2021:09:46:41 +0800] "GET /xingrg/kc/buy/cgsh_order_operate.html?command=get_materiel&rest_code=00111&code=00101004014&supplier_code=00100312&order_time=2021-02-19 HTTP/1.1" 200 408
114.86.187.76 - - [19/Feb/2021:09:46:43 +0800] "POST /xingrg/login.do HTTP/1.1" 302 -
114.86.187.76 - - [19/Feb/2021:09:46:43 +0800] "GET /xingrg/index.html?sysBaseUrl=http%3A%2F%2F180.169.147.146%3A18081%2Fxingrg%2F&costTime=38×tamp=1613699203524 HTTP/1.1" 200 17503
114.86.187.76 - - [19/Feb/2021:09:46:43 +0800] "GET /favicon.ico HTTP/1.1" 404 -
114.86.187.76 - - [19/Feb/2021:09:46:43 +0800] "POST /xingrg/all/common/load_tree.html?tree=area_rest_tree_json&manage=1 HTTP/1.1" 200 3344
114.86.187.76 - - [19/Feb/2021:09:46:44 +0800] "GET /xingrg/all/function/internal_message.html?_=1613699204744&CODE_STATE=count HTTP/1.1" 200 11
114.86.187.76 - - [19/Feb/2021:09:46:44 +0800] "GET /xingrg/check_reg.html?_=1613699204746 HTTP/1.1" 200 22
114.86.187.76 - - [19/Feb/2021:09:46:44 +0800] "POST /xingrg/load_menu.html HTTP/1.1" 200 11443
117.185.32.26 - - [19/Feb/2021:09:46:46 +0800] "GET /xingrg/all/function/internal_message.html?_=1613699196744&CODE_STATE=getMsg HTTP/1.1" 200 27
114.86.187.76 - - [19/Feb/2021:09:46:47 +0800] "POST /xingrg/all/user/operate.html HTTP/1.1" 200 36
114.86.187.76 - - [19/Feb/2021:09:46:48 +0800] "GET /xingrg/index.html?sysBaseUrl=http%3A%2F%2F180.169.147.146%3A18081%2Fxingrg%2F&costTime=38×tamp=1613699203524 HTTP/1.1" 200 17509
114.86.187.76 - - [19/Feb/2021:09:46:48 +0800] "GET /xingrg/javascript/jquery_easy_ui/themes/default/easyui.css HTTP/1.1" 304 -
114.86.187.76 - - [19/Feb/2021:09:46:48 +0800] "GET /xingrg/javascript/jquery_easy_ui/themes/icon.css HTTP/1.1" 304 -
114.86.187.76 - - [19/Feb/2021:09:46:48 +0800] "GET /xingrg/css/form.css HTTP/1.1" 304 -
114.86.187.76 - - [19/Feb/2021:09:46:48 +0800] "GET /xingrg/javascript/jquery-1.4.2.min.js HTTP/1.1" 304 -
114.86.187.76 - - [19/Feb/2021:09:46:48 +0800] "GET /xingrg/javascript/jquery_easy_ui/jquery.easyui.min.js HTTP/1.1" 304 -
114.86.187.76 - - [19/Feb/2021:09:46:48 +0800] "GET /xingrg/javascript/jquery_easy_ui/easyui-lang-zh_CN.js HTTP/1.1" 304 -
114.86.187.76 - - [19/Feb/2021:09:46:48 +0800] "GET /xingrg/javascript/jquery.form.js HTTP/1.1" 304 -
114.86.187.76 - - [19/Feb/2021:09:46:48 +0800] "GET /xingrg/javascript/jquery.utils.js HTTP/1.1" 304 -
114.86.187.76 - - [19/Feb/2021:09:46:48 +0800] "GET /xingrg/javascript/jquery.timers.js HTTP/1.1" 304 -
114.86.187.76 - - [19/Feb/2021:09:46:48 +0800] "GET /xingrg/images/blue/jxLogo.png HTTP/1.1" 304 -
114.86.187.76 - - [19/Feb/2021:09:46:48 +0800] "GET /xingrg/images/blue/navBackgound.jpg HTTP/1.1" 304 -
114.86.187.76 - - [19/Feb/2021:09:46:48 +0800] "GET /xingrg/javascript/jquery_easy_ui/themes/icons/settle_new.png HTTP/1.1" 304 -
114.86.187.76 - - [19/Feb/2021:09:46:48 +0800] "POST /xingrg/all/common/load_tree.html?tree=area_rest_tree_json&manage=1 HTTP/1.1" 200 3344
114.86.187.76 - - [19/Feb/2021:09:46:48 +0800] "GET /xingrg/all/function/internal_message.html?_=1613699209145&CODE_STATE=count HTTP/1.1" 200 11
114.86.187.76 - - [19/Feb/2021:09:46:48 +0800] "GET /xingrg/check_reg.html?_=1613699209147 HTTP/1.1" 200 22
114.86.187.76 - - [19/Feb/2021:09:46:48 +0800] "GET /xingrg/javascript/jquery_easy_ui/themes/default/images/tabs_leftarrow.png HTTP/1.1" 304 -
114.86.187.76 - - [19/Feb/2021:09:46:48 +0800] "GET /xingrg/images/blue/pingpu.png HTTP/1.1" 304 -
114.86.187.76 - - [19/Feb/2021:09:46:48 +0800] "GET /xingrg/javascript/jquery_easy_ui/themes/default/images/panel_tool_collapse.gif HTTP/1.1" 304 -
114.86.187.76 - - [19/Feb/2021:09:46:48 +0800] "GET /xingrg/javascript/jquery_easy_ui/themes/default/images/panel_tool_expand.gif HTTP/1.1" 304 -
114.86.187.76 - - [19/Feb/2021:09:46:48 +0800] "GET /xingrg/javascript/jquery_easy_ui/themes/default/images/tabs_rightarrow.png HTTP/1.1" 304 -
114.86.187.76 - - [19/Feb/2021:09:46:48 +0800] "POST /xingrg/load_menu.html HTTP/1.1" 200 9959
114.86.187.76 - - [19/Feb/2021:09:46:50 +0800] "GET /xingrg/kc/buy/cgsh_order_list.html HTTP/1.1" 200 46627
116.228.172.94 - - [19/Feb/2021:09:46:50 +0800] "GET /xingrg/all/function/internal_message.html?_=1613699207625&CODE_STATE=getMsg HTTP/1.1" 200 27
114.86.187.76 - - [19/Feb/2021:09:46:51 +0800] "POST /xingrg/kc/buy/cgsh_list_operate.html HTTP/1.1" 200 876
61.165.42.208 - - [19/Feb/2021:09:46:52 +0800] "GET /xingrg/kc/buy/cgsh_order_operate.html?command=get_materiel&rest_code=00105&code=00101010161&supplier_code=00100334&order_time=2021-02-19 HTTP/1.1" 200 430
114.88.166.193 - - [19/Feb/2021:09:46:53 +0800] "GET /xingrg/kc/buy/cgsh_order_operate.html?command=get_materiel&rest_code=00111&code=00101004030&supplier_code=00100312&order_time=2021-02-19 HTTP/1.1" 200 429
114.86.187.76 - - [19/Feb/2021:09:46:54 +0800] "GET /xingrg/javascript/auto/indicator.gif HTTP/1.1" 404 1066
180.169.147.146 - - [19/Feb/2021:09:46:54 +0800] "GET /xingrg/all/function/internal_message.html?_=1613699211204&CODE_STATE=getMsg HTTP/1.1" 200 27
180.169.147.146 - - [19/Feb/2021:09:46:54 +0800] "GET /xingrg/check_reg.html?_=1613699211209 HTTP/1.1" 200 22
117.131.5.26 - - [19/Feb/2021:09:46:55 +0800] "GET /xingrg/all/function/internal_message.html?_=1613699582935&CODE_STATE=getMsg HTTP/1.1" 200 27
114.86.187.76 - - [19/Feb/2021:09:46:57 +0800] "POST /xingrg/kc/buy/cgsh_list_operate.html HTTP/1.1" 200 5915
116.224.253.72 - - [19/Feb/2021:09:46:59 +0800] "GET /xingrg/all/function/internal_message.html?_=1613699193090&CODE_STATE=getMsg HTTP/1.1" 200 27
114.86.187.76 - - [19/Feb/2021:09:46:59 +0800] "POST /xingrg/kc/buy/cgsh_list_operate.html HTTP/1.1" 200 201
101.228.165.174 - - [19/Feb/2021:09:47:00 +0800] "GET /xingrg/all/function/internal_message.html?_=1613699249441&CODE_STATE=getMsg HTTP/1.1" 200 27
114.86.187.76 - - [19/Feb/2021:09:47:01 +0800] "GET /xingrg/kc/buy/cgsh_order_info.html?code=212021021907079 HTTP/1.1" 200 57273
114.88.166.193 - - [19/Feb/2021:09:47:02 +0800] "GET /xingrg/kc/buy/cgsh_order_operate.html?command=get_materiel&rest_code=00111&code=00101004067&supplier_code=00100312&order_time=2021-02-19 HTTP/1.1" 200 415
114.86.187.76 - - [19/Feb/2021:09:47:02 +0800] "GET /xingrg/javascript/easyui/themes/default/validatebox.css HTTP/1.1" 404 1104
114.86.187.76 - - [19/Feb/2021:09:47:02 +0800] "POST /xingrg/kc/buy/cgsh_order_operate.html HTTP/1.1" 200 610
114.86.187.76 - - [19/Feb/2021:09:47:04 +0800] "POST /xingrg/kc/buy/cgsh_order_operate.html HTTP/1.1" 200 12
114.86.187.76 - - [19/Feb/2021:09:47:05 +0800] "GET /xingrg/kc/buy/cgsh_order_info.html?code=212021021907079 HTTP/1.1" 200 62123
61.165.42.208 - - [19/Feb/2021:09:47:05 +0800] "GET /xingrg/all/function/internal_message.html?_=1613699221805&CODE_STATE=getMsg HTTP/1.1" 200 27
58.37.230.33 - - [19/Feb/2021:09:47:05 +0800] "GET /xingrg/check_reg.html?_=1613699229426 HTTP/1.1" 200 22
114.86.187.76 - - [19/Feb/2021:09:47:06 +0800] "GET /xingrg/javascript/easyui/themes/default/validatebox.css HTTP/1.1" 404 1104
61.165.42.208 - - [19/Feb/2021:09:47:06 +0800] "POST /xingrg/kc/buy/cgsh_order_operate.html HTTP/1.1" 200 37
114.86.187.76 - - [19/Feb/2021:09:47:06 +0800] "POST /xingrg/kc/buy/cgsh_order_operate.html HTTP/1.1" 200 2660
114.86.187.76 - - [19/Feb/2021:09:47:06 +0800] "GET /xingrg/kc/base/wldb_order_list.html HTTP/1.1" 200 19600
61.165.42.208 - - [19/Feb/2021:09:47:07 +0800] "POST /xingrg/kc/buy/cgsh_order_operate.html HTTP/1.1" 200 3242
114.86.187.76 - - [19/Feb/2021:09:47:07 +0800] "POST /xingrg/kc/base/wldb_list_operate.html HTTP/1.1" 200 928
61.165.42.208 - - [19/Feb/2021:09:47:08 +0800] "GET /xingrg/kc/print/load_data.html?order_code=212021021907087&kc_code=cgsh&condition= HTTP/1.1" 200 888
114.86.187.76 - - [19/Feb/2021:09:47:10 +0800] "POST /xingrg/kc/base/wldb_list_operate.html HTTP/1.1" 200 6214
101.228.165.174 - - [19/Feb/2021:09:47:10 +0800] "GET /xingrg/all/function/internal_message.html?_=1613699226392&CODE_STATE=getMsg HTTP/1.1" 200 27
114.88.166.193 - - [19/Feb/2021:09:47:11 +0800] "GET /xingrg/javascript/jquery_easy_ui/themes/default/images/tabs_active.png HTTP/1.1" 304 -
180.174.195.252 - - [19/Feb/2021:09:47:11 +0800] "GET /xingrg/all/function/internal_message.html?_=1613699479297&CODE_STATE=getMsg HTTP/1.1" 200 27
114.86.187.76 - - [19/Feb/2021:09:47:11 +0800] "POST /xingrg/kc/base/wldb_list_operate.html HTTP/1.1" 200 202
114.86.187.76 - - [19/Feb/2021:09:47:12 +0800] "GET /xingrg/kc/base/wldb_order_info.html?code=422021021902170 HTTP/1.1" 200 26644
61.165.42.208 - - [19/Feb/2021:09:47:12 +0800] "GET /xingrg/kc/buy/cgsh_order_add.html HTTP/1.1" 200 62151
61.165.42.208 - - [19/Feb/2021:09:47:12 +0800] "POST /xingrg/kc/buy/cgsh_order_operate.html HTTP/1.1" 200 8245
61.165.42.208 - - [19/Feb/2021:09:47:12 +0800] "GET /xingrg/javascript/easyui/themes/default/validatebox.css HTTP/1.1" 404 1104
222.69.136.197 - - [19/Feb/2021:09:47:13 +0800] "GET /xingrg/all/function/internal_message.html?_=1613699228711&CODE_STATE=getMsg HTTP/1.1" 200 27
114.86.187.76 - - [19/Feb/2021:09:47:13 +0800] "POST /xingrg/kc/base/wldb_order_operate.html HTTP/1.1" 200 483
114.86.187.76 - - [19/Feb/2021:09:47:13 +0800] "GET /xingrg/javascript/easyui/themes/default/validatebox.css HTTP/1.1" 404 1104
114.88.166.193 - - [19/Feb/2021:09:47:15 +0800] "POST /xingrg/kc/buy/cgsh_order_operate.html HTTP/1.1" 200 37
114.86.187.76 - - [19/Feb/2021:09:47:16 +0800] "POST /xingrg/kc/base/wldb_order_operate.html HTTP/1.1" 200 12
114.88.166.193 - - [19/Feb/2021:09:47:16 +0800] "POST /xingrg/kc/buy/cgsh_order_operate.html HTTP/1.1" 200 4427
58.37.230.33 - - [19/Feb/2021:09:47:16 +0800] "GET /xingrg/all/function/internal_message.html?_=1613699247945&CODE_STATE=getMsg HTTP/1.1" 200 27
114.86.187.76 - - [19/Feb/2021:09:47:16 +0800] "GET /xingrg/kc/base/wldb_order_info.html?code=422021021902170 HTTP/1.1" 200 30523
116.224.253.72 - - [19/Feb/2021:09:47:17 +0800] "GET /xingrg/all/function/internal_message.html?_=1613699228552&CODE_STATE=getMsg HTTP/1.1" 200 27
114.86.187.76 - - [19/Feb/2021:09:47:17 +0800] "GET /xingrg/javascript/easyui/themes/default/validatebox.css HTTP/1.1" 404 1104
114.86.187.76 - - [19/Feb/2021:09:47:17 +0800] "POST /xingrg/kc/base/wldb_order_operate.html HTTP/1.1" 200 2188
114.88.166.193 - - [19/Feb/2021:09:47:18 +0800] "GET /xingrg/kc/print/load_data.html?order_code=212021021907088&kc_code=cgsh&condition= HTTP/1.1" 200 1345
114.86.187.76 - - [19/Feb/2021:09:47:19 +0800] "GET /xingrg/logout.do HTTP/1.1" 302 -
114.86.187.76 - - [19/Feb/2021:09:47:19 +0800] "GET /xingrg/login.html?sysBaseUrl=http%3A%2F%2F180.169.147.146%3A18081%2Fxingrg%2F&costTime=2×tamp=1613699239302 HTTP/1.1" 200 7641
114.86.187.76 - - [19/Feb/2021:09:47:19 +0800] "GET /favicon.ico HTTP/1.1" 404 -
183.192.164.97 - - [19/Feb/2021:09:47:21 +0800] "GET /xingrg/all/function/internal_message.html?_=1613698836747&CODE_STATE=getMsg HTTP/1.1" 302 -
101.89.19.149 - - [19/Feb/2021:09:47:22 +0800] "GET /xingrg/check_reg.html?_=1613698812744 HTTP/1.1" 302 -
114.86.187.76 - - [19/Feb/2021:09:47:23 +0800] "POST /xingrg/login.do HTTP/1.1" 302 -
114.86.187.76 - - [19/Feb/2021:09:47:23 +0800] "GET /xingrg/index.html?sysBaseUrl=http%3A%2F%2F180.169.147.146%3A18081%2Fxingrg%2F&costTime=261×tamp=1613699243114 HTTP/1.1" 200 17179
114.86.187.76 - - [19/Feb/2021:09:47:23 +0800] "GET /favicon.ico HTTP/1.1" 404 -
61.165.42.208 - - [19/Feb/2021:09:47:23 +0800] "GET /xingrg/kc/buy/cgsh_order_operate.html?command=get_materiel&rest_code=00105&code=00101001060&supplier_code=00100442&order_time=2021-02-19 HTTP/1.1" 200 421
114.86.187.76 - - [19/Feb/2021:09:47:23 +0800] "POST /xingrg/all/common/load_tree.html?tree=area_rest_tree_json&manage=1 HTTP/1.1" 200 351
114.86.187.76 - - [19/Feb/2021:09:47:23 +0800] "GET /xingrg/all/function/internal_message.html?_=1613699244265&CODE_STATE=count HTTP/1.1" 200 11
114.86.187.76 - - [19/Feb/2021:09:47:23 +0800] "GET /xingrg/check_reg.html?_=1613699244267 HTTP/1.1" 200 22
114.86.187.76 - - [19/Feb/2021:09:47:23 +0800] "POST /xingrg/load_menu.html HTTP/1.1" 200 5138
114.86.187.76 - - [19/Feb/2021:09:47:25 +0800] "GET /xingrg/kc/base/wldb_order_list.html HTTP/1.1" 200 19345
114.88.166.193 - - [19/Feb/2021:09:47:25 +0800] "GET /xingrg/kc/buy/cgsh_order_add.html HTTP/1.1" 200 62104
114.88.166.193 - - [19/Feb/2021:09:47:26 +0800] "POST /xingrg/kc/buy/cgsh_order_operate.html HTTP/1.1" 200 8245
114.88.166.193 - - [19/Feb/2021:09:47:26 +0800] "GET /xingrg/javascript/easyui/themes/default/validatebox.css HTTP/1.1" 404 1104
114.86.187.76 - - [19/Feb/2021:09:47:26 +0800] "POST /xingrg/kc/base/wldb_list_operate.html HTTP/1.1" 200 1781
101.89.19.149 - - [19/Feb/2021:09:47:26 +0800] "GET /xingrg/login.html HTTP/1.1" 200 7641
114.86.187.76 - - [19/Feb/2021:09:47:27 +0800] "POST /xingrg/kc/base/wldb_list_operate.html HTTP/1.1" 200 202
114.86.187.76 - - [19/Feb/2021:09:47:27 +0800] "GET /xingrg/kc/base/wldb_order_info.html?code=422021021902170 HTTP/1.1" 200 30523
183.192.164.97 - - [19/Feb/2021:09:47:28 +0800] "GET /xingrg/login.html HTTP/1.1" 200 7641
116.227.208.86 - - [19/Feb/2021:09:47:28 +0800] "GET /xingrg/all/function/internal_message.html?_=1613699244119&CODE_STATE=getMsg HTTP/1.1" 200 27
114.86.187.76 - - [19/Feb/2021:09:47:28 +0800] "GET /xingrg/javascript/easyui/themes/default/validatebox.css HTTP/1.1" 404 1104
114.86.187.76 - - [19/Feb/2021:09:47:29 +0800] "POST /xingrg/kc/base/wldb_order_operate.html HTTP/1.1" 200 2188
101.228.165.73 - - [19/Feb/2021:09:47:29 +0800] "GET /xingrg/all/function/internal_message.html?_=1613699292325&CODE_STATE=getMsg HTTP/1.1" 302 -
114.88.166.193 - - [19/Feb/2021:09:47:29 +0800] "GET /xingrg/all/function/internal_message.html?_=1613699243191&CODE_STATE=getMsg HTTP/1.1" 200 27
114.86.187.76 - - [19/Feb/2021:09:47:29 +0800] "GET /xingrg/javascript/auto/indicator.gif HTTP/1.1" 404 1066
58.37.230.33 - - [19/Feb/2021:09:47:32 +0800] "GET /xingrg/all/function/internal_message.html?_=1613699256599&CODE_STATE=getMsg HTTP/1.1" 200 27
114.86.187.76 - - [19/Feb/2021:09:47:36 +0800] "POST /xingrg/kc/base/wldb_order_operate.html HTTP/1.1" 200 37
61.165.42.208 - - [19/Feb/2021:09:47:36 +0800] "GET /xingrg/kc/buy/cgsh_order_operate.html?command=get_materiel&rest_code=00105&code=00101002007&supplier_code=00100442&order_time=2021-02-19 HTTP/1.1" 200 409
58.37.230.33 - - [19/Feb/2021:09:47:36 +0800] "GET /xingrg/all/function/internal_message.html?_=1613699261054&CODE_STATE=getMsg HTTP/1.1" 200 27
114.88.166.193 - - [19/Feb/2021:09:47:36 +0800] "GET /xingrg/kc/buy/cgsh_order_operate.html?command=get_materiel&rest_code=00111&code=00101004034&supplier_code=00100085&order_time=2021-02-19 HTTP/1.1" 200 416
58.37.230.33 - - [19/Feb/2021:09:47:36 +0800] "GET /xingrg/check_reg.html?_=1613699261057 HTTP/1.1" 200 22
114.86.187.76 - - [19/Feb/2021:09:47:37 +0800] "POST /xingrg/kc/base/wldb_order_operate.html HTTP/1.1" 200 12
114.86.187.76 - - [19/Feb/2021:09:47:37 +0800] "POST /xingrg/kc/base/wldb_order_operate.html HTTP/1.1" 200 2188
114.86.187.76 - - [19/Feb/2021:09:47:38 +0800] "GET /xingrg/kc/base/wldb_order_info.html?code=422021021902170 HTTP/1.1" 200 26387
172.20.0.100 - - [19/Feb/2021:09:47:38 +0800] "GET /xingrg/check_reg.html?_=1613699253233 HTTP/1.1" 302 -
114.86.187.76 - - [19/Feb/2021:09:47:38 +0800] "POST /xingrg/kc/base/wldb_order_operate.html HTTP/1.1" 200 483
114.86.187.76 - - [19/Feb/2021:09:47:38 +0800] "GET /xingrg/javascript/easyui/themes/default/validatebox.css HTTP/1.1" 404 1104
101.228.165.174 - - [19/Feb/2021:09:47:41 +0800] "GET /xingrg/all/function/internal_message.html?_=1613699289767&CODE_STATE=getMsg HTTP/1.1" 200 27
116.224.253.72 - - [19/Feb/2021:09:47:41 +0800] "GET /xingrg/all/function/internal_message.html?_=1613699258525&CODE_STATE=getMsg HTTP/1.1" 200 27
116.224.253.72 - - [19/Feb/2021:09:47:41 +0800] "GET /xingrg/check_reg.html?_=1613699258524 HTTP/1.1" 200 22
114.86.187.76 - - [19/Feb/2021:09:47:44 +0800] "GET /xingrg/kc/buy/cgsh_order_list.html HTTP/1.1" 200 46372
114.86.187.76 - - [19/Feb/2021:09:47:46 +0800] "POST /xingrg/kc/buy/cgsh_list_operate.html HTTP/1.1" 200 1694
117.185.32.26 - - [19/Feb/2021:09:47:46 +0800] "GET /xingrg/all/function/internal_message.html?_=1613699256748&CODE_STATE=getMsg HTTP/1.1" 200 27
61.165.42.208 - - [19/Feb/2021:09:47:47 +0800] "POST /xingrg/kc/buy/cgsh_order_operate.html HTTP/1.1" 200 37
114.86.187.76 - - [19/Feb/2021:09:47:47 +0800] "POST /xingrg/kc/buy/cgsh_list_operate.html HTTP/1.1" 200 201
114.86.187.76 - - [19/Feb/2021:09:47:48 +0800] "GET /xingrg/kc/buy/cgsh_order_info.html?code=212021021907079 HTTP/1.1" 200 62123
114.86.187.76 - - [19/Feb/2021:09:47:49 +0800] "GET /xingrg/javascript/easyui/themes/default/validatebox.css HTTP/1.1" 404 1104
114.86.187.76 - - [19/Feb/2021:09:47:49 +0800] "POST /xingrg/kc/buy/cgsh_order_operate.html HTTP/1.1" 200 2660
116.228.172.94 - - [19/Feb/2021:09:47:51 +0800] "GET /xingrg/all/function/internal_message.html?_=1613699267603&CODE_STATE=getMsg HTTP/1.1" 200 27
114.88.166.193 - - [19/Feb/2021:09:47:52 +0800] "POST /xingrg/kc/buy/cgsh_order_operate.html HTTP/1.1" 200 37
114.86.187.76 - - [19/Feb/2021:09:47:54 +0800] "POST /xingrg/kc/buy/cgsh_order_operate.html HTTP/1.1" 200 37
114.88.166.193 - - [19/Feb/2021:09:47:54 +0800] "POST /xingrg/kc/buy/cgsh_order_operate.html HTTP/1.1" 200 2664
180.169.147.146 - - [19/Feb/2021:09:47:54 +0800] "GET /xingrg/all/function/internal_message.html?_=1613699271228&CODE_STATE=getMsg HTTP/1.1" 200 27
61.165.42.208 - - [19/Feb/2021:09:47:55 +0800] "POST /xingrg/kc/buy/cgsh_order_operate.html HTTP/1.1" 200 3253
117.131.5.26 - - [19/Feb/2021:09:47:56 +0800] "GET /xingrg/all/function/internal_message.html?_=1613699642968&CODE_STATE=getMsg HTTP/1.1" 200 27
114.86.187.76 - - [19/Feb/2021:09:47:56 +0800] "POST /xingrg/kc/buy/cgsh_order_operate.html HTTP/1.1" 200 12
114.86.187.76 - - [19/Feb/2021:09:47:57 +0800] "GET /xingrg/kc/buy/cgsh_order_info.html?code=212021021907079 HTTP/1.1" 200 57016
114.86.187.76 - - [19/Feb/2021:09:47:58 +0800] "GET /xingrg/javascript/easyui/themes/default/validatebox.css HTTP/1.1" 404 1104
114.86.187.76 - - [19/Feb/2021:09:47:58 +0800] "POST /xingrg/kc/buy/cgsh_order_operate.html HTTP/1.1" 200 607
114.86.187.76 - - [19/Feb/2021:09:47:59 +0800] "GET /xingrg/kc/base/wldb_order_list.html HTTP/1.1" 200 19345
116.224.253.72 - - [19/Feb/2021:09:47:59 +0800] "GET /xingrg/all/function/internal_message.html?_=1613699253105&CODE_STATE=getMsg HTTP/1.1" 200 27
114.86.187.76 - - [19/Feb/2021:09:47:59 +0800] "POST /xingrg/kc/base/wldb_list_operate.html HTTP/1.1" 200 928
101.228.165.174 - - [19/Feb/2021:09:48:00 +0800] "GET /xingrg/check_reg.html?_=1613699309208 HTTP/1.1" 200 22
114.86.187.76 - - [19/Feb/2021:09:48:00 +0800] "GET /xingrg/kc/base/wldb_order_add.html HTTP/1.1" 200 30508
101.228.165.174 - - [19/Feb/2021:09:48:00 +0800] "GET /xingrg/all/function/internal_message.html?_=1613699309455&CODE_STATE=getMsg HTTP/1.1" 200 27
61.165.42.208 - - [19/Feb/2021:09:48:01 +0800] "POST /xingrg/kc/buy/cgsh_order_operate.html HTTP/1.1" 200 37
114.86.187.76 - - [19/Feb/2021:09:48:01 +0800] "GET /xingrg/javascript/easyui/themes/default/validatebox.css HTTP/1.1" 404 1104
114.86.187.76 - - [19/Feb/2021:09:48:01 +0800] "POST /xingrg/kc/base/wldb_order_operate.html HTTP/1.1" 200 6806
61.165.42.208 - - [19/Feb/2021:09:48:02 +0800] "POST /xingrg/kc/buy/cgsh_order_operate.html HTTP/1.1" 200 3256
61.165.42.208 - - [19/Feb/2021:09:48:02 +0800] "GET /xingrg/kc/print/load_data.html?order_code=212021021907089&kc_code=cgsh&condition= HTTP/1.1" 200 904
114.86.187.76 - - [19/Feb/2021:09:48:04 +0800] "GET /xingrg/javascript/jquery_tools/images/next.gif HTTP/1.1" 404 1086
114.86.187.76 - - [19/Feb/2021:09:48:04 +0800] "GET /xingrg/javascript/jquery_tools/images/prev.gif HTTP/1.1" 404 1086
61.165.42.208 - - [19/Feb/2021:09:48:05 +0800] "GET /xingrg/all/function/internal_message.html?_=1613699281830&CODE_STATE=getMsg HTTP/1.1" 200 27
61.165.42.208 - - [19/Feb/2021:09:48:05 +0800] "GET /xingrg/check_reg.html?_=1613699281831 HTTP/1.1" 200 22
114.86.187.76 - - [19/Feb/2021:09:48:07 +0800] "GET /xingrg/kc/base/wldb_order_operate.html?command=get_materiel&rest_code=00148&base_code=0010001&code=00101019439 HTTP/1.1" 200 455
61.165.42.208 - - [19/Feb/2021:09:48:07 +0800] "GET /xingrg/kc/buy/cgsh_order_add.html HTTP/1.1" 200 62151
61.165.42.208 - - [19/Feb/2021:09:48:08 +0800] "POST /xingrg/kc/buy/cgsh_order_operate.html HTTP/1.1" 200 8245
