180.174.195.252 - - [19/Feb/2021:08:36:14 +0800] "GET /xingrg/javascript/print/kc_print.js HTTP/1.1" 304 -
180.174.195.252 - - [19/Feb/2021:08:36:14 +0800] "GET /xingrg/javascript/json2.js HTTP/1.1" 304 -
180.174.195.252 - - [19/Feb/2021:08:36:14 +0800] "GET /xingrg/kc/buy/cgsh_order_add.html HTTP/1.1" 200 62063
180.174.195.252 - - [19/Feb/2021:08:36:14 +0800] "GET /xingrg/words/20210217100626_words.js HTTP/1.1" 304 -
180.174.195.252 - - [19/Feb/2021:08:36:14 +0800] "GET /xingrg/javascript/easyui/themes/icons/copy_new.png HTTP/1.1" 304 -
180.174.195.252 - - [19/Feb/2021:08:36:14 +0800] "GET /xingrg/javascript/easyui/themes/icons/template_new.png HTTP/1.1" 304 -
180.174.195.252 - - [19/Feb/2021:08:36:14 +0800] "GET /xingrg/javascript/easyui/themes/icons/ok.png HTTP/1.1" 304 -
180.174.195.252 - - [19/Feb/2021:08:36:14 +0800] "GET /xingrg/javascript/easyui/themes/icons/print.png HTTP/1.1" 304 -
180.174.195.252 - - [19/Feb/2021:08:36:14 +0800] "GET /xingrg/javascript/easyui/themes/default/images/menu_downarrow.png HTTP/1.1" 304 -
180.174.195.252 - - [19/Feb/2021:08:36:14 +0800] "GET /xingrg/javascript/easyui/themes/icons/cancel.png HTTP/1.1" 304 -
180.174.195.252 - - [19/Feb/2021:08:36:15 +0800] "POST /xingrg/kc/buy/cgsh_order_operate.html HTTP/1.1" 200 8245
180.174.195.252 - - [19/Feb/2021:08:36:15 +0800] "GET /xingrg/javascript/easyui/themes/icons/edit_remove.png HTTP/1.1" 304 -
180.174.195.252 - - [19/Feb/2021:08:36:15 +0800] "GET /xingrg/all/common/auto_word.html?type=employee&rest_code=00102 HTTP/1.1" 200 189
180.174.195.252 - - [19/Feb/2021:08:36:15 +0800] "GET /xingrg/all/common/auto_word.html?type=employee&rest_code=00102 HTTP/1.1" 200 189
180.174.195.252 - - [19/Feb/2021:08:36:16 +0800] "GET /xingrg/javascript/easyui/plugins/jquery.validatebox.js HTTP/1.1" 304 -
180.174.195.252 - - [19/Feb/2021:08:36:16 +0800] "GET /xingrg/javascript/easyui/themes/default/validatebox.css HTTP/1.1" 404 1104
180.174.195.252 - - [19/Feb/2021:08:36:16 +0800] "GET /xingrg/javascript/easyui/plugins/jquery.numberbox.js HTTP/1.1" 304 -
116.224.253.72 - - [19/Feb/2021:08:36:17 +0800] "GET /xingrg/all/function/internal_message.html?_=1613694968558&CODE_STATE=getMsg HTTP/1.1" 200 27
116.224.253.72 - - [19/Feb/2021:08:36:17 +0800] "GET /xingrg/check_reg.html?_=1613694968558 HTTP/1.1" 200 22
180.174.195.252 - - [19/Feb/2021:08:36:20 +0800] "GET /xingrg/javascript/auto/indicator.gif HTTP/1.1" 404 1066
180.174.195.252 - - [19/Feb/2021:08:36:24 +0800] "GET /xingrg/javascript/jquery_easy_ui/themes/icons/rest.png HTTP/1.1" 304 -
180.174.195.252 - - [19/Feb/2021:08:36:24 +0800] "GET /xingrg/javascript/jquery_easy_ui/themes/icons/area.png HTTP/1.1" 304 -
180.174.195.252 - - [19/Feb/2021:08:36:24 +0800] "GET /xingrg/javascript/jquery_tools/images/next.gif HTTP/1.1" 404 1086
180.174.195.252 - - [19/Feb/2021:08:36:24 +0800] "GET /xingrg/javascript/jquery_tools/images/prev.gif HTTP/1.1" 404 1086
101.228.165.73 - - [19/Feb/2021:08:36:29 +0800] "GET /xingrg/check_reg.html?_=1613695032329 HTTP/1.1" 200 22
116.227.208.86 - - [19/Feb/2021:08:36:30 +0800] "GET /xingrg/all/function/internal_message.html?_=1613694985618&CODE_STATE=getMsg HTTP/1.1" 200 27
101.228.165.73 - - [19/Feb/2021:08:36:30 +0800] "GET /xingrg/all/function/internal_message.html?_=1613695033719&CODE_STATE=getMsg HTTP/1.1" 200 27
222.69.136.197 - - [19/Feb/2021:08:36:33 +0800] "GET /xingrg/kc/buy/cgsh_order_add.html HTTP/1.1" 200 62157
222.69.136.197 - - [19/Feb/2021:08:36:33 +0800] "POST /xingrg/kc/buy/cgsh_order_operate.html HTTP/1.1" 200 8245
222.69.136.197 - - [19/Feb/2021:08:36:33 +0800] "GET /xingrg/javascript/easyui/themes/default/validatebox.css HTTP/1.1" 404 1104
58.37.230.33 - - [19/Feb/2021:08:36:34 +0800] "GET /xingrg/all/function/internal_message.html?_=1613694998202&CODE_STATE=getMsg HTTP/1.1" 200 27
180.174.195.252 - - [19/Feb/2021:08:36:36 +0800] "GET /xingrg/kc/buy/cgsh_order_operate.html?command=get_materiel&rest_code=00102&code=00101006129&supplier_code=00100096&order_time=2021-02-19 HTTP/1.1" 200 451
61.165.42.208 - - [19/Feb/2021:08:36:36 +0800] "GET /xingrg/kc/buy/cgsh_order_operate.html?command=get_materiel&rest_code=00105&code=00101016082&supplier_code=00100203&order_time=2021-02-19 HTTP/1.1" 200 427
58.37.230.33 - - [19/Feb/2021:08:36:36 +0800] "GET /xingrg/all/function/internal_message.html?_=1613695000846&CODE_STATE=getMsg HTTP/1.1" 200 27
116.224.253.72 - - [19/Feb/2021:08:36:41 +0800] "GET /xingrg/all/function/internal_message.html?_=1613694998403&CODE_STATE=getMsg HTTP/1.1" 200 27
180.174.195.252 - - [19/Feb/2021:08:36:51 +0800] "GET /xingrg/kc/buy/cgsh_order_operate.html?command=get_materiel&rest_code=00102&code=00101006109&supplier_code=00100096&order_time=2021-02-19 HTTP/1.1" 200 409
61.165.42.208 - - [19/Feb/2021:08:36:51 +0800] "GET /xingrg/kc/buy/cgsh_order_operate.html?command=get_materiel&rest_code=00105&code=00101008027&supplier_code=00100203&order_time=2021-02-19 HTTP/1.1" 200 430
117.131.5.26 - - [19/Feb/2021:08:36:54 +0800] "GET /xingrg/all/function/internal_message.html?_=1613695381433&CODE_STATE=getMsg HTTP/1.1" 200 27
61.165.42.208 - - [19/Feb/2021:08:37:02 +0800] "GET /xingrg/kc/buy/cgsh_order_operate.html?command=get_materiel&rest_code=00105&code=00101008112&supplier_code=00100203&order_time=2021-02-19 HTTP/1.1" 200 412
180.174.195.252 - - [19/Feb/2021:08:37:04 +0800] "GET /xingrg/kc/buy/cgsh_order_operate.html?command=get_materiel&rest_code=00102&code=00101012029&supplier_code=00100096&order_time=2021-02-19 HTTP/1.1" 200 412
58.37.230.33 - - [19/Feb/2021:08:37:05 +0800] "GET /xingrg/check_reg.html?_=1613695029248 HTTP/1.1" 200 22
61.165.42.208 - - [19/Feb/2021:08:37:05 +0800] "GET /xingrg/all/function/internal_message.html?_=1613695021693&CODE_STATE=getMsg HTTP/1.1" 200 27
180.174.195.252 - - [19/Feb/2021:08:37:05 +0800] "GET /xingrg/all/function/internal_message.html?_=1613695273057&CODE_STATE=getMsg HTTP/1.1" 200 27
61.165.42.208 - - [19/Feb/2021:08:37:10 +0800] "GET /xingrg/kc/buy/cgsh_order_operate.html?command=get_materiel&rest_code=00105&code=00101008354&supplier_code=00100203&order_time=2021-02-19 HTTP/1.1" 200 432
101.228.165.174 - - [19/Feb/2021:08:37:10 +0800] "GET /xingrg/all/function/internal_message.html?_=1613695026317&CODE_STATE=getMsg HTTP/1.1" 200 27
222.69.136.197 - - [19/Feb/2021:08:37:11 +0800] "GET /xingrg/kc/buy/cgsh_order_operate.html?command=get_materiel&rest_code=00149&code=00101008091&supplier_code=00100005&order_time=2021-02-19 HTTP/1.1" 200 412
222.69.136.197 - - [19/Feb/2021:08:37:12 +0800] "GET /xingrg/all/function/internal_message.html?_=1613695028599&CODE_STATE=getMsg HTTP/1.1" 200 27
180.174.195.252 - - [19/Feb/2021:08:37:16 +0800] "GET /xingrg/kc/buy/cgsh_order_operate.html?command=get_materiel&rest_code=00102&code=00101001009&supplier_code=00100096&order_time=2021-02-19 HTTP/1.1" 200 411
61.165.42.208 - - [19/Feb/2021:08:37:16 +0800] "GET /xingrg/kc/buy/cgsh_order_operate.html?command=get_materiel&rest_code=00105&code=00101008096&supplier_code=00100203&order_time=2021-02-19 HTTP/1.1" 200 413
116.224.253.72 - - [19/Feb/2021:08:37:17 +0800] "GET /xingrg/all/function/internal_message.html?_=1613695028559&CODE_STATE=getMsg HTTP/1.1" 200 27
222.69.136.197 - - [19/Feb/2021:08:37:19 +0800] "GET /xingrg/kc/buy/cgsh_order_operate.html?command=get_materiel&rest_code=00149&code=00101008027&supplier_code=00100005&order_time=2021-02-19 HTTP/1.1" 200 430
222.69.136.197 - - [19/Feb/2021:08:37:27 +0800] "GET /xingrg/kc/buy/cgsh_order_operate.html?command=get_materiel&rest_code=00149&code=00101008055&supplier_code=00100005&order_time=2021-02-19 HTTP/1.1" 200 409
61.165.42.208 - - [19/Feb/2021:08:37:28 +0800] "GET /xingrg/kc/buy/cgsh_order_operate.html?command=get_materiel&rest_code=00105&code=00101008224&supplier_code=00100203&order_time=2021-02-19 HTTP/1.1" 200 436
116.227.208.86 - - [19/Feb/2021:08:37:30 +0800] "GET /xingrg/all/function/internal_message.html?_=1613695045604&CODE_STATE=getMsg HTTP/1.1" 200 27
101.228.165.73 - - [19/Feb/2021:08:37:30 +0800] "GET /xingrg/all/function/internal_message.html?_=1613695093829&CODE_STATE=getMsg HTTP/1.1" 200 27
180.174.195.252 - - [19/Feb/2021:08:37:30 +0800] "GET /xingrg/kc/buy/cgsh_order_operate.html?command=get_materiel&rest_code=00102&code=00101012025&supplier_code=00100096&order_time=2021-02-19 HTTP/1.1" 200 412
58.37.230.33 - - [19/Feb/2021:08:37:34 +0800] "GET /xingrg/all/function/internal_message.html?_=1613695058178&CODE_STATE=getMsg HTTP/1.1" 200 27
222.69.136.197 - - [19/Feb/2021:08:37:34 +0800] "GET /xingrg/kc/buy/cgsh_order_operate.html?command=get_materiel&rest_code=00149&code=00101008155&supplier_code=00100005&order_time=2021-02-19 HTTP/1.1" 200 428
58.37.230.33 - - [19/Feb/2021:08:37:36 +0800] "GET /xingrg/all/function/internal_message.html?_=1613695060871&CODE_STATE=getMsg HTTP/1.1" 200 27
58.37.230.33 - - [19/Feb/2021:08:37:36 +0800] "GET /xingrg/check_reg.html?_=1613695060872 HTTP/1.1" 200 22
172.20.0.100 - - [19/Feb/2021:08:37:38 +0800] "GET /xingrg/check_reg.html?_=1613695053499 HTTP/1.1" 302 -
116.224.253.72 - - [19/Feb/2021:08:37:41 +0800] "GET /xingrg/check_reg.html?_=1613695058403 HTTP/1.1" 200 22
116.224.253.72 - - [19/Feb/2021:08:37:41 +0800] "GET /xingrg/all/function/internal_message.html?_=1613695058405&CODE_STATE=getMsg HTTP/1.1" 200 27
61.165.42.208 - - [19/Feb/2021:08:37:42 +0800] "GET /xingrg/kc/buy/cgsh_order_operate.html?command=get_materiel&rest_code=00105&code=00101008212&supplier_code=00100203&order_time=2021-02-19 HTTP/1.1" 200 412
222.69.136.197 - - [19/Feb/2021:08:37:48 +0800] "GET /xingrg/kc/buy/cgsh_order_operate.html?command=get_materiel&rest_code=00149&code=00101008331&supplier_code=00100005&order_time=2021-02-19 HTTP/1.1" 200 416
61.165.42.208 - - [19/Feb/2021:08:37:50 +0800] "GET /xingrg/kc/buy/cgsh_order_operate.html?command=get_materiel&rest_code=00105&code=00101008137&supplier_code=00100203&order_time=2021-02-19 HTTP/1.1" 200 408
117.131.5.26 - - [19/Feb/2021:08:37:54 +0800] "GET /xingrg/all/function/internal_message.html?_=1613695441459&CODE_STATE=getMsg HTTP/1.1" 200 27
222.69.136.197 - - [19/Feb/2021:08:37:59 +0800] "GET /xingrg/kc/buy/cgsh_order_operate.html?command=get_materiel&rest_code=00149&code=00101008350&supplier_code=00100005&order_time=2021-02-19 HTTP/1.1" 200 429
61.165.42.208 - - [19/Feb/2021:08:38:05 +0800] "GET /xingrg/check_reg.html?_=1613695081759 HTTP/1.1" 200 22
61.165.42.208 - - [19/Feb/2021:08:38:05 +0800] "GET /xingrg/all/function/internal_message.html?_=1613695081760&CODE_STATE=getMsg HTTP/1.1" 200 27
61.165.42.208 - - [19/Feb/2021:08:38:05 +0800] "GET /xingrg/kc/buy/cgsh_order_operate.html?command=get_materiel&rest_code=00105&code=00101008298&supplier_code=00100203&order_time=2021-02-19 HTTP/1.1" 200 413
180.174.195.252 - - [19/Feb/2021:08:38:05 +0800] "GET /xingrg/all/function/internal_message.html?_=1613695333140&CODE_STATE=getMsg HTTP/1.1" 200 27
61.165.42.208 - - [19/Feb/2021:08:38:09 +0800] "POST /xingrg/kc/buy/cgsh_order_operate.html HTTP/1.1" 200 2065
101.228.165.174 - - [19/Feb/2021:08:38:10 +0800] "GET /xingrg/all/function/internal_message.html?_=1613695086319&CODE_STATE=getMsg HTTP/1.1" 200 27
222.69.136.197 - - [19/Feb/2021:08:38:12 +0800] "GET /xingrg/all/function/internal_message.html?_=1613695088612&CODE_STATE=getMsg HTTP/1.1" 200 27
61.165.42.208 - - [19/Feb/2021:08:38:15 +0800] "POST /xingrg/kc/buy/cgsh_order_operate.html HTTP/1.1" 200 2065
222.69.136.197 - - [19/Feb/2021:08:38:17 +0800] "GET /xingrg/kc/buy/cgsh_order_operate.html?command=get_materiel&rest_code=00149&code=00101008028&supplier_code=00100005&order_time=2021-02-19 HTTP/1.1" 200 412
116.224.253.72 - - [19/Feb/2021:08:38:17 +0800] "GET /xingrg/all/function/internal_message.html?_=1613695088561&CODE_STATE=getMsg HTTP/1.1" 200 27
180.174.195.252 - - [19/Feb/2021:08:38:21 +0800] "POST /xingrg/kc/buy/cgsh_order_operate.html HTTP/1.1" 200 37
180.174.195.252 - - [19/Feb/2021:08:38:24 +0800] "POST /xingrg/kc/buy/cgsh_order_operate.html HTTP/1.1" 200 12
180.174.195.252 - - [19/Feb/2021:08:38:25 +0800] "GET /xingrg/kc/buy/cgsh_order_info.html?code=212021021907024 HTTP/1.1" 200 56953
222.69.136.197 - - [19/Feb/2021:08:38:26 +0800] "GET /xingrg/kc/buy/cgsh_order_operate.html?command=get_materiel&rest_code=00149&code=00101008064&supplier_code=00100005&order_time=2021-02-19 HTTP/1.1" 200 412
180.174.195.252 - - [19/Feb/2021:08:38:26 +0800] "GET /xingrg/javascript/easyui/themes/default/validatebox.css HTTP/1.1" 404 1104
180.174.195.252 - - [19/Feb/2021:08:38:27 +0800] "POST /xingrg/kc/buy/cgsh_order_operate.html HTTP/1.1" 200 2998
180.174.195.252 - - [19/Feb/2021:08:38:30 +0800] "GET /xingrg/kc/print/load_config.html?kc_code=cgsh HTTP/1.1" 200 1845
116.227.208.86 - - [19/Feb/2021:08:38:30 +0800] "GET /xingrg/all/function/internal_message.html?_=1613695105575&CODE_STATE=getMsg HTTP/1.1" 200 27
180.174.195.252 - - [19/Feb/2021:08:38:30 +0800] "GET /xingrg/kc/print/load_data.html?order_code=212021021907024&kc_code=cgsh&condition= HTTP/1.1" 200 1583
101.228.165.73 - - [19/Feb/2021:08:38:30 +0800] "GET /xingrg/all/function/internal_message.html?_=1613695153842&CODE_STATE=getMsg HTTP/1.1" 200 27
58.37.230.33 - - [19/Feb/2021:08:38:34 +0800] "GET /xingrg/all/function/internal_message.html?_=1613695118178&CODE_STATE=getMsg HTTP/1.1" 200 27
58.37.230.33 - - [19/Feb/2021:08:38:36 +0800] "GET /xingrg/all/function/internal_message.html?_=1613695120870&CODE_STATE=getMsg HTTP/1.1" 200 27
116.224.253.72 - - [19/Feb/2021:08:38:41 +0800] "GET /xingrg/all/function/internal_message.html?_=1613695118406&CODE_STATE=getMsg HTTP/1.1" 200 27
180.174.195.252 - - [19/Feb/2021:08:38:44 +0800] "GET /xingrg/kc/buy/cgsh_order_add.html HTTP/1.1" 200 62063
180.174.195.252 - - [19/Feb/2021:08:38:45 +0800] "POST /xingrg/kc/buy/cgsh_order_operate.html HTTP/1.1" 200 8245
180.174.195.252 - - [19/Feb/2021:08:38:46 +0800] "GET /xingrg/javascript/easyui/themes/default/validatebox.css HTTP/1.1" 404 1104
222.69.136.197 - - [19/Feb/2021:08:38:47 +0800] "GET /xingrg/kc/buy/cgsh_order_operate.html?command=get_materiel&rest_code=00149&code=00101008211&supplier_code=00100005&order_time=2021-02-19 HTTP/1.1" 200 412
180.174.195.252 - - [19/Feb/2021:08:38:49 +0800] "GET /xingrg/javascript/easyui/plugins/jquery.draggable.js HTTP/1.1" 304 -
180.174.195.252 - - [19/Feb/2021:08:38:49 +0800] "GET /xingrg/css/images/panel_loading.gif HTTP/1.1" 304 -
180.174.195.252 - - [19/Feb/2021:08:38:50 +0800] "GET /xingrg/javascript/easyui/plugins/jquery.droppable.js HTTP/1.1" 304 -
180.174.195.252 - - [19/Feb/2021:08:38:50 +0800] "GET /xingrg/javascript/easyui/themes/default/tree.css HTTP/1.1" 404 1090
180.174.195.252 - - [19/Feb/2021:08:38:50 +0800] "GET /xingrg/javascript/easyui/plugins/jquery.tree.js HTTP/1.1" 304 -
180.174.195.252 - - [19/Feb/2021:08:38:50 +0800] "POST /xingrg/all/common/load_tree.html?tree=supplier_tree_json&isDelete=1 HTTP/1.1" 200 54827
180.174.195.252 - - [19/Feb/2021:08:38:53 +0800] "GET /xingrg/javascript/easyui/themes/default/images/tree_arrows.gif HTTP/1.1" 304 -
180.174.195.252 - - [19/Feb/2021:08:38:53 +0800] "GET /xingrg/javascript/easyui/themes/default/images/tree_folder_open.gif HTTP/1.1" 304 -
180.174.195.252 - - [19/Feb/2021:08:38:53 +0800] "GET /xingrg/javascript/easyui/themes/default/images/tree_folder.gif HTTP/1.1" 304 -
180.174.195.252 - - [19/Feb/2021:08:38:53 +0800] "GET /xingrg/javascript/easyui/themes/default/images/tree_file.gif HTTP/1.1" 304 -
117.131.5.26 - - [19/Feb/2021:08:38:54 +0800] "GET /xingrg/all/function/internal_message.html?_=1613695501481&CODE_STATE=getMsg HTTP/1.1" 200 27
222.69.136.197 - - [19/Feb/2021:08:39:02 +0800] "GET /xingrg/kc/buy/cgsh_order_operate.html?command=get_materiel&rest_code=00149&code=00101008355&supplier_code=00100005&order_time=2021-02-19 HTTP/1.1" 200 428
61.165.42.208 - - [19/Feb/2021:08:39:03 +0800] "GET /xingrg/kc/buy/cgsh_order_operate.html?command=get_materiel&rest_code=00105&code=00101008274&supplier_code=00100203&order_time=2021-02-19 HTTP/1.1" 200 412
61.165.42.208 - - [19/Feb/2021:08:39:05 +0800] "GET /xingrg/all/function/internal_message.html?_=1613695141817&CODE_STATE=getMsg HTTP/1.1" 200 27
180.174.195.252 - - [19/Feb/2021:08:39:05 +0800] "GET /xingrg/all/function/internal_message.html?_=1613695393146&CODE_STATE=getMsg HTTP/1.1" 200 27
101.228.165.174 - - [19/Feb/2021:08:39:10 +0800] "GET /xingrg/all/function/internal_message.html?_=1613695146318&CODE_STATE=getMsg HTTP/1.1" 200 27
222.69.136.197 - - [19/Feb/2021:08:39:12 +0800] "GET /xingrg/all/function/internal_message.html?_=1613695148605&CODE_STATE=getMsg HTTP/1.1" 200 27
222.69.136.197 - - [19/Feb/2021:08:39:13 +0800] "GET /xingrg/kc/buy/cgsh_order_operate.html?command=get_materiel&rest_code=00149&code=00101008372&supplier_code=00100005&order_time=2021-02-19 HTTP/1.1" 200 408
116.224.253.72 - - [19/Feb/2021:08:39:17 +0800] "GET /xingrg/all/function/internal_message.html?_=1613695148562&CODE_STATE=getMsg HTTP/1.1" 200 27
61.165.42.208 - - [19/Feb/2021:08:39:21 +0800] "GET /xingrg/kc/buy/cgsh_order_operate.html?command=get_materiel&rest_code=00105&code=00101008036&supplier_code=00100203&order_time=2021-02-19 HTTP/1.1" 200 427
222.69.136.197 - - [19/Feb/2021:08:39:22 +0800] "GET /xingrg/kc/buy/cgsh_order_operate.html?command=get_materiel&rest_code=00149&code=00101008264&supplier_code=00100005&order_time=2021-02-19 HTTP/1.1" 200 433
116.227.208.86 - - [19/Feb/2021:08:39:30 +0800] "GET /xingrg/all/function/internal_message.html?_=1613695165544&CODE_STATE=getMsg HTTP/1.1" 200 27
101.228.165.73 - - [19/Feb/2021:08:39:30 +0800] "GET /xingrg/all/function/internal_message.html?_=1613695213952&CODE_STATE=getMsg HTTP/1.1" 200 27
222.69.136.197 - - [19/Feb/2021:08:39:33 +0800] "GET /xingrg/kc/buy/cgsh_order_operate.html?command=get_materiel&rest_code=00149&code=00101008321&supplier_code=00100005&order_time=2021-02-19 HTTP/1.1" 200 412
58.37.230.33 - - [19/Feb/2021:08:39:34 +0800] "GET /xingrg/all/function/internal_message.html?_=1613695178145&CODE_STATE=getMsg HTTP/1.1" 200 27
58.37.230.33 - - [19/Feb/2021:08:39:36 +0800] "GET /xingrg/all/function/internal_message.html?_=1613695180870&CODE_STATE=getMsg HTTP/1.1" 200 27
116.224.253.72 - - [19/Feb/2021:08:39:41 +0800] "GET /xingrg/all/function/internal_message.html?_=1613695178406&CODE_STATE=getMsg HTTP/1.1" 200 27
222.69.136.197 - - [19/Feb/2021:08:39:44 +0800] "GET /xingrg/kc/buy/cgsh_order_operate.html?command=get_materiel&rest_code=00149&code=00101008356&supplier_code=00100005&order_time=2021-02-19 HTTP/1.1" 200 408
116.227.208.86 - - [19/Feb/2021:08:39:46 +0800] "GET /xingrg/check_reg.html?_=1613695181858 HTTP/1.1" 200 22
180.174.195.252 - - [19/Feb/2021:08:39:47 +0800] "GET /xingrg/kc/buy/cgsh_order_operate.html?command=get_materiel&rest_code=00102&code=00101008210&supplier_code=00100008&order_time=2021-02-19 HTTP/1.1" 200 408
117.131.5.26 - - [19/Feb/2021:08:39:54 +0800] "GET /xingrg/all/function/internal_message.html?_=1613695561505&CODE_STATE=getMsg HTTP/1.1" 200 27
61.165.42.208 - - [19/Feb/2021:08:39:54 +0800] "GET /xingrg/kc/buy/cgsh_order_operate.html?command=get_materiel&rest_code=00105&code=00101016059&supplier_code=00100203&order_time=2021-02-19 HTTP/1.1" 200 427
222.69.136.197 - - [19/Feb/2021:08:39:58 +0800] "GET /xingrg/kc/buy/cgsh_order_operate.html?command=get_materiel&rest_code=00149&code=00101008300&supplier_code=00100005&order_time=2021-02-19 HTTP/1.1" 200 412
180.174.195.252 - - [19/Feb/2021:08:40:02 +0800] "GET /xingrg/kc/buy/cgsh_order_operate.html?command=get_materiel&rest_code=00102&code=00101008354&supplier_code=00100008&order_time=2021-02-19 HTTP/1.1" 200 432
61.165.42.208 - - [19/Feb/2021:08:40:05 +0800] "GET /xingrg/all/function/internal_message.html?_=1613695201712&CODE_STATE=getMsg HTTP/1.1" 200 27
180.174.195.252 - - [19/Feb/2021:08:40:05 +0800] "GET /xingrg/all/function/internal_message.html?_=1613695453161&CODE_STATE=getMsg HTTP/1.1" 200 27
222.69.136.197 - - [19/Feb/2021:08:40:09 +0800] "GET /xingrg/kc/buy/cgsh_order_operate.html?command=get_materiel&rest_code=00149&code=00101008251&supplier_code=00100005&order_time=2021-02-19 HTTP/1.1" 200 408
180.174.195.252 - - [19/Feb/2021:08:40:09 +0800] "GET /xingrg/kc/buy/cgsh_order_operate.html?command=get_materiel&rest_code=00102&code=00101008264&supplier_code=00100008&order_time=2021-02-19 HTTP/1.1" 200 433
101.228.165.174 - - [19/Feb/2021:08:40:10 +0800] "GET /xingrg/all/function/internal_message.html?_=1613695206317&CODE_STATE=getMsg HTTP/1.1" 200 27
101.228.165.174 - - [19/Feb/2021:08:40:10 +0800] "GET /xingrg/check_reg.html?_=1613695206320 HTTP/1.1" 200 22
222.69.136.197 - - [19/Feb/2021:08:40:10 +0800] "POST /xingrg/kc/buy/cgsh_order_operate.html HTTP/1.1" 200 2065
222.69.136.197 - - [19/Feb/2021:08:40:12 +0800] "GET /xingrg/all/function/internal_message.html?_=1613695208611&CODE_STATE=getMsg HTTP/1.1" 200 27
222.69.136.197 - - [19/Feb/2021:08:40:12 +0800] "GET /xingrg/check_reg.html?_=1613695208616 HTTP/1.1" 200 22
116.224.253.72 - - [19/Feb/2021:08:40:17 +0800] "GET /xingrg/all/function/internal_message.html?_=1613695208564&CODE_STATE=getMsg HTTP/1.1" 200 27
180.174.195.252 - - [19/Feb/2021:08:40:18 +0800] "GET /xingrg/kc/buy/cgsh_order_operate.html?command=get_materiel&rest_code=00102&code=00101008300&supplier_code=00100008&order_time=2021-02-19 HTTP/1.1" 200 412
222.69.136.197 - - [19/Feb/2021:08:40:21 +0800] "GET /xingrg/kc/buy/cgsh_order_operate.html?command=get_materiel&rest_code=00149&code=00101008360&supplier_code=00100005&order_time=2021-02-19 HTTP/1.1" 200 413
180.174.195.252 - - [19/Feb/2021:08:40:28 +0800] "GET /xingrg/kc/buy/cgsh_order_operate.html?command=get_materiel&rest_code=00102&code=00101008069&supplier_code=00100008&order_time=2021-02-19 HTTP/1.1" 200 412
222.69.136.197 - - [19/Feb/2021:08:40:28 +0800] "GET /xingrg/kc/buy/cgsh_order_operate.html?command=get_materiel&rest_code=00149&code=00101008059&supplier_code=00100005&order_time=2021-02-19 HTTP/1.1" 200 408
116.227.208.86 - - [19/Feb/2021:08:40:30 +0800] "GET /xingrg/all/function/internal_message.html?_=1613695225515&CODE_STATE=getMsg HTTP/1.1" 200 27
101.228.165.73 - - [19/Feb/2021:08:40:30 +0800] "GET /xingrg/all/function/internal_message.html?_=1613695273962&CODE_STATE=getMsg HTTP/1.1" 200 27
58.37.230.33 - - [19/Feb/2021:08:40:33 +0800] "GET /xingrg/all/function/internal_message.html?_=1613695238121&CODE_STATE=getMsg HTTP/1.1" 200 27
180.174.195.252 - - [19/Feb/2021:08:40:36 +0800] "GET /xingrg/kc/buy/cgsh_order_operate.html?command=get_materiel&rest_code=00102&code=00101008286&supplier_code=00100008&order_time=2021-02-19 HTTP/1.1" 200 408
58.37.230.33 - - [19/Feb/2021:08:40:36 +0800] "GET /xingrg/all/function/internal_message.html?_=1613695240869&CODE_STATE=getMsg HTTP/1.1" 200 27
222.69.136.197 - - [19/Feb/2021:08:40:38 +0800] "GET /xingrg/kc/buy/cgsh_order_operate.html?command=get_materiel&rest_code=00149&code=00101008223&supplier_code=00100005&order_time=2021-02-19 HTTP/1.1" 200 412
116.224.253.72 - - [19/Feb/2021:08:40:41 +0800] "GET /xingrg/all/function/internal_message.html?_=1613695238408&CODE_STATE=getMsg HTTP/1.1" 200 27
117.131.5.26 - - [19/Feb/2021:08:40:41 +0800] "GET /xingrg/check_reg.html?_=1613695608260 HTTP/1.1" 200 22
180.174.195.252 - - [19/Feb/2021:08:40:44 +0800] "GET /xingrg/kc/buy/cgsh_order_operate.html?command=get_materiel&rest_code=00102&code=00101008318&supplier_code=00100008&order_time=2021-02-19 HTTP/1.1" 200 408
180.174.195.252 - - [19/Feb/2021:08:40:52 +0800] "GET /xingrg/kc/buy/cgsh_order_operate.html?command=get_materiel&rest_code=00102&code=00101008005&supplier_code=00100008&order_time=2021-02-19 HTTP/1.1" 200 412
117.131.5.26 - - [19/Feb/2021:08:40:54 +0800] "GET /xingrg/all/function/internal_message.html?_=1613695621524&CODE_STATE=getMsg HTTP/1.1" 200 27
222.69.136.197 - - [19/Feb/2021:08:40:57 +0800] "GET /xingrg/kc/buy/cgsh_order_operate.html?command=get_materiel&rest_code=00149&code=00101008079&supplier_code=00100005&order_time=2021-02-19 HTTP/1.1" 200 416
61.165.42.208 - - [19/Feb/2021:08:41:05 +0800] "GET /xingrg/all/function/internal_message.html?_=1613695261677&CODE_STATE=getMsg HTTP/1.1" 200 27
180.174.195.252 - - [19/Feb/2021:08:41:05 +0800] "GET /xingrg/check_reg.html?_=1613695513069 HTTP/1.1" 200 22
180.174.195.252 - - [19/Feb/2021:08:41:05 +0800] "GET /xingrg/all/function/internal_message.html?_=1613695513174&CODE_STATE=getMsg HTTP/1.1" 200 27
101.228.165.174 - - [19/Feb/2021:08:41:10 +0800] "GET /xingrg/all/function/internal_message.html?_=1613695266321&CODE_STATE=getMsg HTTP/1.1" 200 27
222.69.136.197 - - [19/Feb/2021:08:41:12 +0800] "GET /xingrg/all/function/internal_message.html?_=1613695268608&CODE_STATE=getMsg HTTP/1.1" 200 27
61.165.42.208 - - [19/Feb/2021:08:41:13 +0800] "GET /xingrg/kc/buy/cgsh_order_operate.html?command=get_materiel&rest_code=00105&code=00101008114&supplier_code=00100203&order_time=2021-02-19 HTTP/1.1" 200 413
116.224.253.72 - - [19/Feb/2021:08:41:17 +0800] "GET /xingrg/check_reg.html?_=1613695268549 HTTP/1.1" 200 22
116.224.253.72 - - [19/Feb/2021:08:41:17 +0800] "GET /xingrg/all/function/internal_message.html?_=1613695268550&CODE_STATE=getMsg HTTP/1.1" 200 27
222.69.136.197 - - [19/Feb/2021:08:41:19 +0800] "GET /xingrg/kc/buy/cgsh_order_operate.html?command=get_materiel&rest_code=00149&code=00101008286&supplier_code=00100005&order_time=2021-02-19 HTTP/1.1" 200 409
222.69.136.197 - - [19/Feb/2021:08:41:23 +0800] "POST /xingrg/kc/buy/cgsh_order_operate.html HTTP/1.1" 200 2065
61.165.42.208 - - [19/Feb/2021:08:41:26 +0800] "GET /xingrg/kc/buy/cgsh_order_operate.html?command=get_materiel&rest_code=00105&code=00101008236&supplier_code=00100203&order_time=2021-02-19 HTTP/1.1" 200 417
222.69.136.197 - - [19/Feb/2021:08:41:27 +0800] "GET /xingrg/kc/buy/cgsh_order_operate.html?command=get_materiel&rest_code=00149&code=00101008131&supplier_code=00100005&order_time=2021-02-19 HTTP/1.1" 200 408
101.228.165.73 - - [19/Feb/2021:08:41:29 +0800] "GET /xingrg/check_reg.html?_=1613695332432 HTTP/1.1" 200 22
116.227.208.86 - - [19/Feb/2021:08:41:30 +0800] "GET /xingrg/all/function/internal_message.html?_=1613695285500&CODE_STATE=getMsg HTTP/1.1" 200 27
101.228.165.73 - - [19/Feb/2021:08:41:30 +0800] "GET /xingrg/all/function/internal_message.html?_=1613695333972&CODE_STATE=getMsg HTTP/1.1" 200 27
58.37.230.33 - - [19/Feb/2021:08:41:33 +0800] "GET /xingrg/all/function/internal_message.html?_=1613695298094&CODE_STATE=getMsg HTTP/1.1" 200 27
222.69.136.197 - - [19/Feb/2021:08:41:35 +0800] "GET /xingrg/kc/buy/cgsh_order_operate.html?command=get_materiel&rest_code=00149&code=00101008296&supplier_code=00100005&order_time=2021-02-19 HTTP/1.1" 200 416
58.37.230.33 - - [19/Feb/2021:08:41:36 +0800] "GET /xingrg/all/function/internal_message.html?_=1613695300868&CODE_STATE=getMsg HTTP/1.1" 200 27
116.224.253.72 - - [19/Feb/2021:08:41:41 +0800] "GET /xingrg/all/function/internal_message.html?_=1613695298407&CODE_STATE=getMsg HTTP/1.1" 200 27
222.69.136.197 - - [19/Feb/2021:08:41:44 +0800] "GET /xingrg/kc/buy/cgsh_order_operate.html?command=get_materiel&rest_code=00149&code=00101008005&supplier_code=00100005&order_time=2021-02-19 HTTP/1.1" 200 412
222.69.136.197 - - [19/Feb/2021:08:41:54 +0800] "GET /xingrg/kc/buy/cgsh_order_operate.html?command=get_materiel&rest_code=00149&code=00101008353&supplier_code=00100005&order_time=2021-02-19 HTTP/1.1" 200 408
117.131.5.26 - - [19/Feb/2021:08:41:54 +0800] "GET /xingrg/all/function/internal_message.html?_=1613695681531&CODE_STATE=getMsg HTTP/1.1" 200 27
61.165.42.208 - - [19/Feb/2021:08:42:05 +0800] "GET /xingrg/all/function/internal_message.html?_=1613695321681&CODE_STATE=getMsg HTTP/1.1" 200 27
58.37.230.33 - - [19/Feb/2021:08:42:05 +0800] "GET /xingrg/check_reg.html?_=1613695329281 HTTP/1.1" 200 22
222.69.136.197 - - [19/Feb/2021:08:42:05 +0800] "POST /xingrg/kc/buy/cgsh_order_operate.html HTTP/1.1" 200 2065
180.174.195.252 - - [19/Feb/2021:08:42:05 +0800] "GET /xingrg/all/function/internal_message.html?_=1613695573188&CODE_STATE=getMsg HTTP/1.1" 200 27
222.69.136.197 - - [19/Feb/2021:08:42:09 +0800] "GET /xingrg/kc/buy/cgsh_order_operate.html?command=get_materiel&rest_code=00149&code=00101008213&supplier_code=00100005&order_time=2021-02-19 HTTP/1.1" 200 412
61.165.42.208 - - [19/Feb/2021:08:42:09 +0800] "GET /xingrg/kc/buy/cgsh_order_operate.html?command=get_materiel&rest_code=00105&code=00101008039&supplier_code=00100203&order_time=2021-02-19 HTTP/1.1" 200 412
101.228.165.174 - - [19/Feb/2021:08:42:10 +0800] "GET /xingrg/all/function/internal_message.html?_=1613695326320&CODE_STATE=getMsg HTTP/1.1" 200 27
222.69.136.197 - - [19/Feb/2021:08:42:12 +0800] "GET /xingrg/all/function/internal_message.html?_=1613695328619&CODE_STATE=getMsg HTTP/1.1" 200 27
180.174.195.252 - - [19/Feb/2021:08:42:17 +0800] "GET /xingrg/kc/buy/cgsh_order_operate.html?command=get_materiel&rest_code=00102&code=00101008213&supplier_code=00100008&order_time=2021-02-19 HTTP/1.1" 200 412
116.224.253.72 - - [19/Feb/2021:08:42:17 +0800] "GET /xingrg/all/function/internal_message.html?_=1613695328551&CODE_STATE=getMsg HTTP/1.1" 200 27
222.69.136.197 - - [19/Feb/2021:08:42:25 +0800] "GET /xingrg/kc/buy/cgsh_order_operate.html?command=get_materiel&rest_code=00149&code=00101008095&supplier_code=00100005&order_time=2021-02-19 HTTP/1.1" 200 412
116.227.208.86 - - [19/Feb/2021:08:42:30 +0800] "GET /xingrg/all/function/internal_message.html?_=1613695345486&CODE_STATE=getMsg HTTP/1.1" 200 27
101.228.165.73 - - [19/Feb/2021:08:42:30 +0800] "GET /xingrg/all/function/internal_message.html?_=1613695393992&CODE_STATE=getMsg HTTP/1.1" 200 27
222.69.136.197 - - [19/Feb/2021:08:42:33 +0800] "GET /xingrg/kc/buy/cgsh_order_operate.html?command=get_materiel&rest_code=00149&code=00101008041&supplier_code=00100005&order_time=2021-02-19 HTTP/1.1" 200 408
58.37.230.33 - - [19/Feb/2021:08:42:33 +0800] "GET /xingrg/all/function/internal_message.html?_=1613695358069&CODE_STATE=getMsg HTTP/1.1" 200 27
180.174.195.252 - - [19/Feb/2021:08:42:36 +0800] "GET /xingrg/kc/buy/cgsh_order_operate.html?command=get_materiel&rest_code=00102&code=00101008350&supplier_code=00100008&order_time=2021-02-19 HTTP/1.1" 200 429
58.37.230.33 - - [19/Feb/2021:08:42:36 +0800] "GET /xingrg/all/function/internal_message.html?_=1613695360867&CODE_STATE=getMsg HTTP/1.1" 200 27
58.37.230.33 - - [19/Feb/2021:08:42:36 +0800] "GET /xingrg/check_reg.html?_=1613695360869 HTTP/1.1" 200 22
172.20.0.100 - - [19/Feb/2021:08:42:38 +0800] "GET /xingrg/check_reg.html?_=1613695353483 HTTP/1.1" 302 -
116.224.253.72 - - [19/Feb/2021:08:42:41 +0800] "GET /xingrg/all/function/internal_message.html?_=1613695358412&CODE_STATE=getMsg HTTP/1.1" 200 27
116.224.253.72 - - [19/Feb/2021:08:42:41 +0800] "GET /xingrg/check_reg.html?_=1613695358415 HTTP/1.1" 200 22
61.165.42.208 - - [19/Feb/2021:08:42:44 +0800] "GET /xingrg/kc/buy/cgsh_order_operate.html?command=get_materiel&rest_code=00105&code=00101015074&supplier_code=00100203&order_time=2021-02-19 HTTP/1.1" 200 408
222.69.136.197 - - [19/Feb/2021:08:42:45 +0800] "GET /xingrg/kc/buy/cgsh_order_operate.html?command=get_materiel&rest_code=00149&code=00101008010&supplier_code=00100005&order_time=2021-02-19 HTTP/1.1" 200 432
116.224.253.72 - - [19/Feb/2021:08:42:49 +0800] "GET /xingrg/login.html HTTP/1.1" 200 7641
116.224.253.72 - - [19/Feb/2021:08:42:50 +0800] "GET /favicon.ico HTTP/1.1" 404 -
116.224.253.72 - - [19/Feb/2021:08:42:52 +0800] "POST /xingrg/login.do HTTP/1.1" 302 -
116.224.253.72 - - [19/Feb/2021:08:42:52 +0800] "GET /xingrg/index.html?sysBaseUrl=http%3A%2F%2F180.169.147.146%3A18081%2Fxingrg%2F&costTime=41×tamp=1613695372045 HTTP/1.1" 200 17179
116.224.253.72 - - [19/Feb/2021:08:42:52 +0800] "GET /xingrg/javascript/jquery_easy_ui/themes/default/easyui.css HTTP/1.1" 304 -
116.224.253.72 - - [19/Feb/2021:08:42:52 +0800] "GET /xingrg/javascript/jquery.utils.js HTTP/1.1" 304 -
116.224.253.72 - - [19/Feb/2021:08:42:52 +0800] "GET /xingrg/javascript/jquery-1.4.2.min.js HTTP/1.1" 304 -
116.224.253.72 - - [19/Feb/2021:08:42:52 +0800] "GET /xingrg/javascript/jquery_easy_ui/themes/icon.css HTTP/1.1" 304 -
116.224.253.72 - - [19/Feb/2021:08:42:52 +0800] "GET /xingrg/javascript/jquery_easy_ui/easyui-lang-zh_CN.js HTTP/1.1" 304 -
116.224.253.72 - - [19/Feb/2021:08:42:52 +0800] "GET /xingrg/css/form.css HTTP/1.1" 304 -
116.224.253.72 - - [19/Feb/2021:08:42:52 +0800] "GET /xingrg/javascript/jquery.form.js HTTP/1.1" 304 -
116.224.253.72 - - [19/Feb/2021:08:42:52 +0800] "GET /xingrg/javascript/jquery.timers.js HTTP/1.1" 304 -
116.224.253.72 - - [19/Feb/2021:08:42:52 +0800] "GET /xingrg/javascript/jquery_easy_ui/jquery.easyui.min.js HTTP/1.1" 304 -
116.224.253.72 - - [19/Feb/2021:08:42:52 +0800] "GET /favicon.ico HTTP/1.1" 404 -
116.224.253.72 - - [19/Feb/2021:08:42:52 +0800] "POST /xingrg/all/common/load_tree.html?tree=area_rest_tree_json&manage=1 HTTP/1.1" 200 476
116.224.253.72 - - [19/Feb/2021:08:42:53 +0800] "GET /xingrg/check_reg.html?_=1613695346960 HTTP/1.1" 200 22
116.224.253.72 - - [19/Feb/2021:08:42:53 +0800] "GET /xingrg/all/function/internal_message.html?_=1613695346959&CODE_STATE=count HTTP/1.1" 200 11
116.224.253.72 - - [19/Feb/2021:08:42:53 +0800] "POST /xingrg/load_menu.html HTTP/1.1" 200 5138
117.131.5.26 - - [19/Feb/2021:08:42:54 +0800] "GET /xingrg/all/function/internal_message.html?_=1613695741573&CODE_STATE=getMsg HTTP/1.1" 200 27
222.69.136.197 - - [19/Feb/2021:08:43:00 +0800] "POST /xingrg/kc/buy/cgsh_order_operate.html HTTP/1.1" 200 2065
61.165.42.208 - - [19/Feb/2021:08:43:00 +0800] "GET /xingrg/kc/buy/cgsh_order_operate.html?command=get_materiel&rest_code=00105&code=00101008248&supplier_code=00100203&order_time=2021-02-19 HTTP/1.1" 200 412
180.174.195.252 - - [19/Feb/2021:08:43:01 +0800] "GET /xingrg/kc/buy/cgsh_order_operate.html?command=get_materiel&rest_code=00102&code=00101008357&supplier_code=00100008&order_time=2021-02-19 HTTP/1.1" 200 408
61.165.42.208 - - [19/Feb/2021:08:43:05 +0800] "GET /xingrg/all/function/internal_message.html?_=1613695381687&CODE_STATE=getMsg HTTP/1.1" 200 27
61.165.42.208 - - [19/Feb/2021:08:43:05 +0800] "GET /xingrg/check_reg.html?_=1613695381738 HTTP/1.1" 200 22
180.174.195.252 - - [19/Feb/2021:08:43:05 +0800] "GET /xingrg/all/function/internal_message.html?_=1613695633342&CODE_STATE=getMsg HTTP/1.1" 200 27
222.69.136.197 - - [19/Feb/2021:08:43:07 +0800] "GET /xingrg/kc/buy/cgsh_order_operate.html?command=get_materiel&rest_code=00149&code=00101013179&supplier_code=00100005&order_time=2021-02-19 HTTP/1.1" 200 431
180.174.195.252 - - [19/Feb/2021:08:43:08 +0800] "GET /xingrg/kc/buy/cgsh_order_operate.html?command=get_materiel&rest_code=00102&code=00101008296&supplier_code=00100008&order_time=2021-02-19 HTTP/1.1" 200 416
61.165.42.208 - - [19/Feb/2021:08:43:10 +0800] "POST /xingrg/kc/buy/cgsh_order_operate.html HTTP/1.1" 200 2065
101.228.165.174 - - [19/Feb/2021:08:43:10 +0800] "GET /xingrg/all/function/internal_message.html?_=1613695386322&CODE_STATE=getMsg HTTP/1.1" 200 27
222.69.136.197 - - [19/Feb/2021:08:43:12 +0800] "GET /xingrg/all/function/internal_message.html?_=1613695388624&CODE_STATE=getMsg HTTP/1.1" 200 27
61.165.42.208 - - [19/Feb/2021:08:43:14 +0800] "POST /xingrg/kc/buy/cgsh_order_operate.html HTTP/1.1" 200 2065
222.69.136.197 - - [19/Feb/2021:08:43:16 +0800] "GET /xingrg/kc/buy/cgsh_order_operate.html?command=get_materiel&rest_code=00149&code=00101008306&supplier_code=00100005&order_time=2021-02-19 HTTP/1.1" 200 412
116.224.253.72 - - [19/Feb/2021:08:43:17 +0800] "GET /xingrg/all/function/internal_message.html?_=1613695388552&CODE_STATE=getMsg HTTP/1.1" 200 27
180.174.195.252 - - [19/Feb/2021:08:43:20 +0800] "GET /xingrg/kc/buy/cgsh_order_operate.html?command=get_materiel&rest_code=00102&code=00101008043&supplier_code=00100008&order_time=2021-02-19 HTTP/1.1" 200 416
61.165.42.208 - - [19/Feb/2021:08:43:24 +0800] "GET /xingrg/kc/buy/cgsh_order_operate.html?command=get_materiel&rest_code=00105&code=00101008207&supplier_code=00100203&order_time=2021-02-19 HTTP/1.1" 200 408
222.69.136.197 - - [19/Feb/2021:08:43:26 +0800] "GET /xingrg/kc/buy/cgsh_order_operate.html?command=get_materiel&rest_code=00149&code=00101008330&supplier_code=00100005&order_time=2021-02-19 HTTP/1.1" 200 408
116.227.208.86 - - [19/Feb/2021:08:43:30 +0800] "GET /xingrg/all/function/internal_message.html?_=1613695405472&CODE_STATE=getMsg HTTP/1.1" 200 27
101.228.165.73 - - [19/Feb/2021:08:43:30 +0800] "GET /xingrg/all/function/internal_message.html?_=1613695454002&CODE_STATE=getMsg HTTP/1.1" 200 27
58.37.230.33 - - [19/Feb/2021:08:43:33 +0800] "GET /xingrg/all/function/internal_message.html?_=1613695418038&CODE_STATE=getMsg HTTP/1.1" 200 27
222.69.136.197 - - [19/Feb/2021:08:43:34 +0800] "GET /xingrg/kc/buy/cgsh_order_operate.html?command=get_materiel&rest_code=00149&code=00101008114&supplier_code=00100005&order_time=2021-02-19 HTTP/1.1" 200 413
58.37.230.33 - - [19/Feb/2021:08:43:36 +0800] "GET /xingrg/all/function/internal_message.html?_=1613695420867&CODE_STATE=getMsg HTTP/1.1" 200 27
180.174.195.252 - - [19/Feb/2021:08:43:38 +0800] "GET /xingrg/kc/buy/cgsh_order_operate.html?command=get_materiel&rest_code=00102&code=00101008175&supplier_code=00100008&order_time=2021-02-19 HTTP/1.1" 200 412
116.224.253.72 - - [19/Feb/2021:08:43:41 +0800] "GET /xingrg/all/function/internal_message.html?_=1613695418413&CODE_STATE=getMsg HTTP/1.1" 200 27
222.69.136.197 - - [19/Feb/2021:08:43:49 +0800] "GET /xingrg/kc/buy/cgsh_order_operate.html?command=get_materiel&rest_code=00149&code=00101015006&supplier_code=00100005&order_time=2021-02-19 HTTP/1.1" 200 413
180.174.195.252 - - [19/Feb/2021:08:43:52 +0800] "GET /xingrg/kc/buy/cgsh_order_operate.html?command=get_materiel&rest_code=00102&code=00101008027&supplier_code=00100008&order_time=2021-02-19 HTTP/1.1" 200 430
222.69.136.197 - - [19/Feb/2021:08:43:52 +0800] "POST /xingrg/kc/buy/cgsh_order_operate.html HTTP/1.1" 200 2065
116.224.253.72 - - [19/Feb/2021:08:43:53 +0800] "GET /xingrg/all/function/internal_message.html?_=1613695406963&CODE_STATE=getMsg HTTP/1.1" 200 27
117.131.5.26 - - [19/Feb/2021:08:43:54 +0800] "GET /xingrg/all/function/internal_message.html?_=1613695801577&CODE_STATE=getMsg HTTP/1.1" 200 27
222.69.136.197 - - [19/Feb/2021:08:43:59 +0800] "GET /xingrg/kc/buy/cgsh_order_operate.html?command=get_materiel&rest_code=00149&code=00101015024&supplier_code=00100005&order_time=2021-02-19 HTTP/1.1" 200 413
116.224.253.72 - - [19/Feb/2021:08:44:02 +0800] "GET /xingrg/css/site.css HTTP/1.1" 304 -
116.224.253.72 - - [19/Feb/2021:08:44:02 +0800] "GET /xingrg/css/base.css HTTP/1.1" 304 -
116.224.253.72 - - [19/Feb/2021:08:44:02 +0800] "GET /xingrg/javascript/jquery_tools/jquery.tools.min.js HTTP/1.1" 304 -
116.224.253.72 - - [19/Feb/2021:08:44:02 +0800] "GET /xingrg/javascript/easyui/themes/icon.css HTTP/1.1" 304 -
116.224.253.72 - - [19/Feb/2021:08:44:02 +0800] "GET /xingrg/javascript/jquery_tools/fix.css HTTP/1.1" 304 -
116.224.253.72 - - [19/Feb/2021:08:44:02 +0800] "GET /xingrg/javascript/jquery_tools/table.css HTTP/1.1" 304 -
116.224.253.72 - - [19/Feb/2021:08:44:02 +0800] "GET /xingrg/javascript/easyui/themes/default/easyui.css HTTP/1.1" 304 -
116.224.253.72 - - [19/Feb/2021:08:44:02 +0800] "GET /xingrg/javascript/jquery_tools/datebox.css HTTP/1.1" 304 -
116.224.253.72 - - [19/Feb/2021:08:44:02 +0800] "GET /xingrg/javascript/auto/jquery.autocomplete.css HTTP/1.1" 304 -
116.224.253.72 - - [19/Feb/2021:08:44:02 +0800] "GET /xingrg/javascript/jquery_tools/jquery.tools.hotkey.js HTTP/1.1" 304 -
116.224.253.72 - - [19/Feb/2021:08:44:02 +0800] "GET /xingrg/javascript/jquery_tools/jquery.tools.extend.js HTTP/1.1" 304 -
116.224.253.72 - - [19/Feb/2021:08:44:02 +0800] "GET /xingrg/javascript/auto/jquery.autocomplete.js HTTP/1.1" 304 -
116.224.253.72 - - [19/Feb/2021:08:44:02 +0800] "GET /xingrg/javascript/easyui/easyloader.js HTTP/1.1" 304 -
116.224.253.72 - - [19/Feb/2021:08:44:02 +0800] "GET /xingrg/javascript/jquery_tools/jquery.tools.table.js HTTP/1.1" 304 -
116.224.253.72 - - [19/Feb/2021:08:44:02 +0800] "GET /xingrg/javascript/jquery_tools/list_manager.js HTTP/1.1" 304 -
116.224.253.72 - - [19/Feb/2021:08:44:02 +0800] "GET /xingrg/javascript/print/LodopFuncs.js HTTP/1.1" 304 -
116.224.253.72 - - [19/Feb/2021:08:44:02 +0800] "GET /xingrg/javascript/jquery.cookie.js HTTP/1.1" 304 -
116.224.253.72 - - [19/Feb/2021:08:44:02 +0800] "GET /xingrg/kc/buy/cgsh_order_list.html HTTP/1.1" 200 46372
116.224.253.72 - - [19/Feb/2021:08:44:03 +0800] "GET /xingrg/javascript/easyui/plugins/jquery.parser.js HTTP/1.1" 304 -
180.174.195.252 - - [19/Feb/2021:08:44:04 +0800] "GET /xingrg/kc/buy/cgsh_order_operate.html?command=get_materiel&rest_code=00102&code=00101008351&supplier_code=00100008&order_time=2021-02-19 HTTP/1.1" 200 428
116.224.253.72 - - [19/Feb/2021:08:44:04 +0800] "POST /xingrg/kc/buy/cgsh_list_operate.html HTTP/1.1" 200 876
61.165.42.208 - - [19/Feb/2021:08:44:05 +0800] "GET /xingrg/all/function/internal_message.html?_=1613695441689&CODE_STATE=getMsg HTTP/1.1" 200 27
180.174.195.252 - - [19/Feb/2021:08:44:05 +0800] "GET /xingrg/all/function/internal_message.html?_=1613695693504&CODE_STATE=getMsg HTTP/1.1" 200 27
180.169.147.146 - - [19/Feb/2021:08:44:09 +0800] "GET /favicon.ico HTTP/1.1" 404 -
116.224.253.72 - - [19/Feb/2021:08:44:09 +0800] "GET /xingrg/javascript/jquery_tools/order_manager.js HTTP/1.1" 304 -
116.224.253.72 - - [19/Feb/2021:08:44:09 +0800] "GET /xingrg/javascript/pic_change.js HTTP/1.1" 304 -
116.224.253.72 - - [19/Feb/2021:08:44:09 +0800] "GET /xingrg/javascript/json2.js HTTP/1.1" 304 -
116.224.253.72 - - [19/Feb/2021:08:44:09 +0800] "GET /xingrg/javascript/convert.js HTTP/1.1" 304 -
116.224.253.72 - - [19/Feb/2021:08:44:09 +0800] "GET /xingrg/javascript/print/kc_print.js HTTP/1.1" 304 -
116.224.253.72 - - [19/Feb/2021:08:44:09 +0800] "GET /xingrg/kc/buy/cgsh_order_add.html HTTP/1.1" 200 62040
116.224.253.72 - - [19/Feb/2021:08:44:10 +0800] "GET /xingrg/words/20210217100626_words.js HTTP/1.1" 304 -
116.224.253.72 - - [19/Feb/2021:08:44:10 +0800] "POST /xingrg/kc/buy/cgsh_order_operate.html HTTP/1.1" 200 8245
116.224.253.72 - - [19/Feb/2021:08:44:10 +0800] "GET /xingrg/all/common/auto_word.html?type=employee&rest_code=00150 HTTP/1.1" 200 205
116.224.253.72 - - [19/Feb/2021:08:44:10 +0800] "GET /xingrg/all/common/auto_word.html?type=employee&rest_code=00150 HTTP/1.1" 200 205
116.224.253.72 - - [19/Feb/2021:08:44:10 +0800] "GET /xingrg/javascript/easyui/plugins/jquery.validatebox.js HTTP/1.1" 304 -
116.224.253.72 - - [19/Feb/2021:08:44:10 +0800] "GET /xingrg/javascript/easyui/themes/default/validatebox.css HTTP/1.1" 404 1104
116.224.253.72 - - [19/Feb/2021:08:44:10 +0800] "GET /xingrg/javascript/easyui/plugins/jquery.numberbox.js HTTP/1.1" 304 -
101.228.165.174 - - [19/Feb/2021:08:44:10 +0800] "GET /xingrg/all/function/internal_message.html?_=1613695446320&CODE_STATE=getMsg HTTP/1.1" 200 27
222.69.136.197 - - [19/Feb/2021:08:44:11 +0800] "GET /xingrg/kc/buy/cgsh_order_operate.html?command=get_materiel&rest_code=00149&code=00101008043&supplier_code=00100005&order_time=2021-02-19 HTTP/1.1" 200 416
116.224.253.72 - - [19/Feb/2021:08:44:12 +0800] "GET /xingrg/javascript/auto/indicator.gif HTTP/1.1" 404 1066
222.69.136.197 - - [19/Feb/2021:08:44:12 +0800] "GET /xingrg/all/function/internal_message.html?_=1613695448620&CODE_STATE=getMsg HTTP/1.1" 200 27
180.169.147.146 - - [19/Feb/2021:08:44:15 +0800] "GET /xingrg/login.html HTTP/1.1" 200 7641
180.174.195.252 - - [19/Feb/2021:08:44:15 +0800] "GET /xingrg/kc/buy/cgsh_order_operate.html?command=get_materiel&rest_code=00102&code=00101008110&supplier_code=00100008&order_time=2021-02-19 HTTP/1.1" 200 409
61.165.42.208 - - [19/Feb/2021:08:44:16 +0800] "GET /xingrg/kc/buy/cgsh_order_operate.html?command=get_materiel&rest_code=00105&code=00101008333&supplier_code=00100203&order_time=2021-02-19 HTTP/1.1" 200 412
116.224.253.72 - - [19/Feb/2021:08:44:17 +0800] "GET /xingrg/all/function/internal_message.html?_=1613695448553&CODE_STATE=getMsg HTTP/1.1" 200 27
180.169.147.146 - - [19/Feb/2021:08:44:21 +0800] "GET /xingrg/images/blue/login_bg.png HTTP/1.1" 304 -
180.169.147.146 - - [19/Feb/2021:08:44:21 +0800] "GET /xingrg/images/blue/hj.png HTTP/1.1" 304 -
180.169.147.146 - - [19/Feb/2021:08:44:21 +0800] "GET /xingrg/images/blue/srbg.png HTTP/1.1" 304 -
116.224.253.72 - - [19/Feb/2021:08:44:24 +0800] "GET /xingrg/kc/buy/cgsh_order_operate.html?command=get_materiel&rest_code=00150&code=00101006168&supplier_code=00100096&order_time=2021-02-19 HTTP/1.1" 200 421
61.165.42.208 - - [19/Feb/2021:08:44:25 +0800] "GET /xingrg/kc/buy/cgsh_order_operate.html?command=get_materiel&rest_code=00105&code=00101008246&supplier_code=00100203&order_time=2021-02-19 HTTP/1.1" 200 408
180.169.147.146 - - [19/Feb/2021:08:44:25 +0800] "GET /favicon.ico HTTP/1.1" 404 -
180.174.195.252 - - [19/Feb/2021:08:44:27 +0800] "GET /xingrg/kc/buy/cgsh_order_operate.html?command=get_materiel&rest_code=00102&code=00101008096&supplier_code=00100008&order_time=2021-02-19 HTTP/1.1" 200 413
116.227.208.86 - - [19/Feb/2021:08:44:30 +0800] "GET /xingrg/all/function/internal_message.html?_=1613695465458&CODE_STATE=getMsg HTTP/1.1" 200 27
180.169.147.146 - - [19/Feb/2021:08:44:30 +0800] "POST /xingrg/login.do HTTP/1.1" 302 -
180.169.147.146 - - [19/Feb/2021:08:44:30 +0800] "GET /xingrg/index.html?sysBaseUrl=http%3A%2F%2F180.169.147.146%3A18081%2Fxingrg%2F&costTime=64×tamp=1613695470295 HTTP/1.1" 200 17503
101.228.165.73 - - [19/Feb/2021:08:44:30 +0800] "GET /xingrg/all/function/internal_message.html?_=1613695514020&CODE_STATE=getMsg HTTP/1.1" 200 27
222.69.136.197 - - [19/Feb/2021:08:44:31 +0800] "GET /xingrg/kc/buy/cgsh_order_operate.html?command=get_materiel&rest_code=00149&code=00101015066&supplier_code=00100005&order_time=2021-02-19 HTTP/1.1" 200 413
58.37.230.33 - - [19/Feb/2021:08:44:33 +0800] "GET /xingrg/all/function/internal_message.html?_=1613695478009&CODE_STATE=getMsg HTTP/1.1" 200 27
180.169.147.146 - - [19/Feb/2021:08:44:36 +0800] "GET /favicon.ico HTTP/1.1" 404 -
58.37.230.33 - - [19/Feb/2021:08:44:36 +0800] "GET /xingrg/all/function/internal_message.html?_=1613695480881&CODE_STATE=getMsg HTTP/1.1" 200 27
180.169.147.146 - - [19/Feb/2021:08:44:37 +0800] "POST /xingrg/all/common/load_tree.html?tree=area_rest_tree_json&manage=1 HTTP/1.1" 200 3216
101.228.165.73 - - [19/Feb/2021:08:44:38 +0800] "POST /xingrg/kc/buy/cgsh_list_operate.html HTTP/1.1" 200 5450
180.169.147.146 - - [19/Feb/2021:08:44:38 +0800] "GET /xingrg/all/function/internal_message.html?_=1613695482491&CODE_STATE=count HTTP/1.1" 200 11
180.169.147.146 - - [19/Feb/2021:08:44:38 +0800] "GET /xingrg/check_reg.html?_=1613695482494 HTTP/1.1" 200 22
180.169.147.146 - - [19/Feb/2021:08:44:38 +0800] "POST /xingrg/load_menu.html HTTP/1.1" 200 11564
116.224.253.72 - - [19/Feb/2021:08:44:39 +0800] "GET /xingrg/kc/buy/cgsh_order_operate.html?command=get_materiel&rest_code=00150&code=00101006111&supplier_code=00100096&order_time=2021-02-19 HTTP/1.1" 200 409
180.169.147.146 - - [19/Feb/2021:08:44:39 +0800] "GET /xingrg/javascript/jquery_easy_ui/themes/default/images/tree_arrows.gif HTTP/1.1" 304 -
180.169.147.146 - - [19/Feb/2021:08:44:39 +0800] "GET /xingrg/javascript/jquery_easy_ui/themes/default/images/tree_folder_open.gif HTTP/1.1" 304 -
180.169.147.146 - - [19/Feb/2021:08:44:39 +0800] "GET /xingrg/javascript/jquery_easy_ui/themes/icons/search_new.png HTTP/1.1" 304 -
180.169.147.146 - - [19/Feb/2021:08:44:39 +0800] "GET /xingrg/javascript/jquery_easy_ui/themes/icons/delivery_new.png HTTP/1.1" 304 -
180.169.147.146 - - [19/Feb/2021:08:44:39 +0800] "GET /xingrg/javascript/jquery_easy_ui/themes/icons/storage_new.png HTTP/1.1" 304 -
180.169.147.146 - - [19/Feb/2021:08:44:40 +0800] "GET /xingrg/javascript/jquery_easy_ui/themes/icons/checkout_new.png HTTP/1.1" 304 -
180.169.147.146 - - [19/Feb/2021:08:44:40 +0800] "GET /xingrg/javascript/jquery_easy_ui/themes/icons/forms_new.png HTTP/1.1" 304 -
180.169.147.146 - - [19/Feb/2021:08:44:40 +0800] "GET /xingrg/javascript/jquery_easy_ui/themes/icons/setting_new.png HTTP/1.1" 304 -
180.169.147.146 - - [19/Feb/2021:08:44:40 +0800] "GET /xingrg/javascript/jquery_easy_ui/themes/icons/systemset_new.png HTTP/1.1" 304 -
180.169.147.146 - - [19/Feb/2021:08:44:40 +0800] "GET /xingrg/javascript/jquery_easy_ui/themes/default/images/tree_file.gif HTTP/1.1" 304 -
180.169.147.146 - - [19/Feb/2021:08:44:40 +0800] "GET /xingrg/javascript/jquery_easy_ui/themes/default/images/tree_folder.gif HTTP/1.1" 304 -
61.165.42.208 - - [19/Feb/2021:08:44:40 +0800] "GET /xingrg/kc/buy/cgsh_order_operate.html?command=get_materiel&rest_code=00105&code=00101008282&supplier_code=00100203&order_time=2021-02-19 HTTP/1.1" 200 414
116.224.253.72 - - [19/Feb/2021:08:44:41 +0800] "GET /xingrg/all/function/internal_message.html?_=1613695478414&CODE_STATE=getMsg HTTP/1.1" 200 27
222.69.136.197 - - [19/Feb/2021:08:44:45 +0800] "POST /xingrg/kc/buy/cgsh_order_operate.html HTTP/1.1" 200 37
180.174.195.252 - - [19/Feb/2021:08:44:45 +0800] "GET /xingrg/kc/buy/cgsh_order_operate.html?command=get_materiel&rest_code=00102&code=00101008088&supplier_code=00100008&order_time=2021-02-19 HTTP/1.1" 200 409
116.227.208.86 - - [19/Feb/2021:08:44:46 +0800] "GET /xingrg/check_reg.html?_=1613695481834 HTTP/1.1" 200 22
180.169.147.146 - - [19/Feb/2021:08:44:48 +0800] "GET /xingrg/kc/report/report_main.html HTTP/1.1" 200 9370
180.169.147.146 - - [19/Feb/2021:08:44:48 +0800] "GET /xingrg/javascript/jquery_easy_ui/themes/default/images/tabs_close.gif HTTP/1.1" 304 -
180.169.147.146 - - [19/Feb/2021:08:44:49 +0800] "GET /xingrg/css/blue.css HTTP/1.1" 304 -
180.169.147.146 - - [19/Feb/2021:08:44:49 +0800] "GET /xingrg/javascript/jquery_ui/themes/humanity/humanity.css HTTP/1.1" 304 -
180.169.147.146 - - [19/Feb/2021:08:44:49 +0800] "GET /xingrg/javascript/pic_change.js HTTP/1.1" 304 -
180.169.147.146 - - [19/Feb/2021:08:44:49 +0800] "GET /xingrg/javascript/myfunction.js HTTP/1.1" 304 -
180.169.147.146 - - [19/Feb/2021:08:44:49 +0800] "GET /xingrg/javascript/json2.js HTTP/1.1" 304 -
