101.228.165.73 - - [19/Feb/2021:07:09:22 +0800] "GET /xingrg/all/function/internal_message.html?_=1613689805016&CODE_STATE=getMsg HTTP/1.1" 302 -
116.227.208.86 - - [19/Feb/2021:07:09:31 +0800] "GET /xingrg/all/function/internal_message.html?_=1613689767429&CODE_STATE=getMsg HTTP/1.1" 200 27
58.37.230.33 - - [19/Feb/2021:07:09:35 +0800] "GET /xingrg/all/function/internal_message.html?_=1613689780075&CODE_STATE=getMsg HTTP/1.1" 200 27
58.37.230.33 - - [19/Feb/2021:07:09:36 +0800] "GET /xingrg/all/function/internal_message.html?_=1613689780639&CODE_STATE=getMsg HTTP/1.1" 200 27
116.224.253.72 - - [19/Feb/2021:07:09:40 +0800] "GET /xingrg/all/function/internal_message.html?_=1613689778253&CODE_STATE=getMsg HTTP/1.1" 200 27
101.228.165.174 - - [19/Feb/2021:07:09:46 +0800] "GET /xingrg/all/function/internal_message.html?_=1613689814844&CODE_STATE=getMsg HTTP/1.1" 200 27
116.227.208.86 - - [19/Feb/2021:07:09:46 +0800] "GET /xingrg/check_reg.html?_=1613689782273 HTTP/1.1" 200 22
117.131.5.26 - - [19/Feb/2021:07:09:52 +0800] "GET /xingrg/all/function/internal_message.html?_=1613690159611&CODE_STATE=getMsg HTTP/1.1" 200 27
101.228.165.174 - - [19/Feb/2021:07:10:02 +0800] "GET /xingrg/check_reg.html?_=1613689830620 HTTP/1.1" 200 22
101.228.165.174 - - [19/Feb/2021:07:10:10 +0800] "GET /xingrg/all/function/internal_message.html?_=1613689806236&CODE_STATE=getMsg HTTP/1.1" 200 27
101.228.165.174 - - [19/Feb/2021:07:10:10 +0800] "GET /xingrg/check_reg.html?_=1613689806239 HTTP/1.1" 200 22
101.228.165.174 - - [19/Feb/2021:07:10:11 +0800] "GET /xingrg/all/function/internal_message.html?_=1613689839414&CODE_STATE=getMsg HTTP/1.1" 200 27
116.224.253.72 - - [19/Feb/2021:07:10:17 +0800] "GET /xingrg/all/function/internal_message.html?_=1613689808549&CODE_STATE=getMsg HTTP/1.1" 200 27
101.228.165.73 - - [19/Feb/2021:07:10:22 +0800] "GET /xingrg/all/function/internal_message.html?_=1613689865389&CODE_STATE=getMsg HTTP/1.1" 302 -
116.227.208.86 - - [19/Feb/2021:07:10:31 +0800] "GET /xingrg/all/function/internal_message.html?_=1613689827399&CODE_STATE=getMsg HTTP/1.1" 200 27
58.37.230.33 - - [19/Feb/2021:07:10:35 +0800] "GET /xingrg/all/function/internal_message.html?_=1613689840052&CODE_STATE=getMsg HTTP/1.1" 200 27
58.37.230.33 - - [19/Feb/2021:07:10:36 +0800] "GET /xingrg/all/function/internal_message.html?_=1613689840638&CODE_STATE=getMsg HTTP/1.1" 200 27
116.224.253.72 - - [19/Feb/2021:07:10:40 +0800] "GET /xingrg/all/function/internal_message.html?_=1613689838254&CODE_STATE=getMsg HTTP/1.1" 200 27
117.131.5.26 - - [19/Feb/2021:07:10:41 +0800] "GET /xingrg/check_reg.html?_=1613690208151 HTTP/1.1" 200 22
101.228.165.174 - - [19/Feb/2021:07:10:46 +0800] "GET /xingrg/all/function/internal_message.html?_=1613689874883&CODE_STATE=getMsg HTTP/1.1" 200 27
117.131.5.26 - - [19/Feb/2021:07:10:52 +0800] "GET /xingrg/all/function/internal_message.html?_=1613690219633&CODE_STATE=getMsg HTTP/1.1" 200 27
101.228.165.174 - - [19/Feb/2021:07:11:10 +0800] "GET /xingrg/all/function/internal_message.html?_=1613689866241&CODE_STATE=getMsg HTTP/1.1" 200 27
101.228.165.174 - - [19/Feb/2021:07:11:11 +0800] "GET /xingrg/all/function/internal_message.html?_=1613689899428&CODE_STATE=getMsg HTTP/1.1" 200 27
116.224.253.72 - - [19/Feb/2021:07:11:17 +0800] "GET /xingrg/all/function/internal_message.html?_=1613689868551&CODE_STATE=getMsg HTTP/1.1" 200 27
116.224.253.72 - - [19/Feb/2021:07:11:17 +0800] "GET /xingrg/check_reg.html?_=1613689868551 HTTP/1.1" 200 22
101.228.165.73 - - [19/Feb/2021:07:11:22 +0800] "GET /xingrg/all/function/internal_message.html?_=1613689925409&CODE_STATE=getMsg HTTP/1.1" 302 -
116.227.208.86 - - [19/Feb/2021:07:11:31 +0800] "GET /xingrg/all/function/internal_message.html?_=1613689887375&CODE_STATE=getMsg HTTP/1.1" 200 27
58.37.230.33 - - [19/Feb/2021:07:11:35 +0800] "GET /xingrg/all/function/internal_message.html?_=1613689900025&CODE_STATE=getMsg HTTP/1.1" 200 27
58.37.230.33 - - [19/Feb/2021:07:11:36 +0800] "GET /xingrg/all/function/internal_message.html?_=1613689900636&CODE_STATE=getMsg HTTP/1.1" 200 27
116.224.253.72 - - [19/Feb/2021:07:11:40 +0800] "GET /xingrg/all/function/internal_message.html?_=1613689898254&CODE_STATE=getMsg HTTP/1.1" 200 27
101.228.165.174 - - [19/Feb/2021:07:11:46 +0800] "GET /xingrg/all/function/internal_message.html?_=1613689934887&CODE_STATE=getMsg HTTP/1.1" 200 27
117.131.5.26 - - [19/Feb/2021:07:11:52 +0800] "GET /xingrg/all/function/internal_message.html?_=1613690279639&CODE_STATE=getMsg HTTP/1.1" 200 27
58.37.230.33 - - [19/Feb/2021:07:12:04 +0800] "GET /xingrg/check_reg.html?_=1613689929042 HTTP/1.1" 200 22
101.228.165.174 - - [19/Feb/2021:07:12:10 +0800] "GET /xingrg/all/function/internal_message.html?_=1613689926240&CODE_STATE=getMsg HTTP/1.1" 200 27
101.228.165.174 - - [19/Feb/2021:07:12:11 +0800] "GET /xingrg/all/function/internal_message.html?_=1613689959444&CODE_STATE=getMsg HTTP/1.1" 200 27
116.224.253.72 - - [19/Feb/2021:07:12:17 +0800] "GET /xingrg/all/function/internal_message.html?_=1613689928552&CODE_STATE=getMsg HTTP/1.1" 200 27
101.228.165.73 - - [19/Feb/2021:07:12:22 +0800] "GET /xingrg/all/function/internal_message.html?_=1613689985779&CODE_STATE=getMsg HTTP/1.1" 302 -
116.227.208.86 - - [19/Feb/2021:07:12:31 +0800] "GET /xingrg/all/function/internal_message.html?_=1613689947346&CODE_STATE=getMsg HTTP/1.1" 200 27
172.20.0.100 - - [19/Feb/2021:07:12:34 +0800] "GET /favicon.ico HTTP/1.1" 404 -
58.37.230.33 - - [19/Feb/2021:07:12:35 +0800] "GET /xingrg/all/function/internal_message.html?_=1613689960002&CODE_STATE=getMsg HTTP/1.1" 200 27
58.37.230.33 - - [19/Feb/2021:07:12:36 +0800] "GET /xingrg/all/function/internal_message.html?_=1613689960636&CODE_STATE=getMsg HTTP/1.1" 200 27
58.37.230.33 - - [19/Feb/2021:07:12:36 +0800] "GET /xingrg/check_reg.html?_=1613689960638 HTTP/1.1" 200 22
172.20.0.100 - - [19/Feb/2021:07:12:39 +0800] "GET /xingrg/check_reg.html?_=1613689953834 HTTP/1.1" 302 -
116.224.253.72 - - [19/Feb/2021:07:12:40 +0800] "GET /xingrg/all/function/internal_message.html?_=1613689958263&CODE_STATE=getMsg HTTP/1.1" 200 27
116.224.253.72 - - [19/Feb/2021:07:12:41 +0800] "GET /xingrg/check_reg.html?_=1613689958267 HTTP/1.1" 200 22
101.228.165.174 - - [19/Feb/2021:07:12:46 +0800] "GET /xingrg/all/function/internal_message.html?_=1613689994924&CODE_STATE=getMsg HTTP/1.1" 200 27
117.131.5.26 - - [19/Feb/2021:07:12:52 +0800] "GET /xingrg/all/function/internal_message.html?_=1613690339669&CODE_STATE=getMsg HTTP/1.1" 200 27
101.228.165.174 - - [19/Feb/2021:07:13:03 +0800] "GET /xingrg/check_reg.html?_=1613690011269 HTTP/1.1" 200 22
101.228.165.174 - - [19/Feb/2021:07:13:10 +0800] "GET /xingrg/all/function/internal_message.html?_=1613689986243&CODE_STATE=getMsg HTTP/1.1" 200 27
101.228.165.174 - - [19/Feb/2021:07:13:11 +0800] "GET /xingrg/all/function/internal_message.html?_=1613690019455&CODE_STATE=getMsg HTTP/1.1" 200 27
101.228.165.73 - - [19/Feb/2021:07:13:11 +0800] "GET /xingrg/check_reg.html?_=1613690034309 HTTP/1.1" 302 -
116.224.253.72 - - [19/Feb/2021:07:13:17 +0800] "GET /xingrg/all/function/internal_message.html?_=1613689988553&CODE_STATE=getMsg HTTP/1.1" 200 27
101.228.165.73 - - [19/Feb/2021:07:13:22 +0800] "GET /xingrg/all/function/internal_message.html?_=1613690045789&CODE_STATE=getMsg HTTP/1.1" 302 -
116.227.208.86 - - [19/Feb/2021:07:13:31 +0800] "GET /xingrg/all/function/internal_message.html?_=1613690007320&CODE_STATE=getMsg HTTP/1.1" 200 27
58.37.230.33 - - [19/Feb/2021:07:13:35 +0800] "GET /xingrg/all/function/internal_message.html?_=1613690019975&CODE_STATE=getMsg HTTP/1.1" 200 27
58.37.230.33 - - [19/Feb/2021:07:13:36 +0800] "GET /xingrg/all/function/internal_message.html?_=1613690020636&CODE_STATE=getMsg HTTP/1.1" 200 27
116.224.253.72 - - [19/Feb/2021:07:13:41 +0800] "GET /xingrg/all/function/internal_message.html?_=1613690018286&CODE_STATE=getMsg HTTP/1.1" 200 27
101.228.165.174 - - [19/Feb/2021:07:13:46 +0800] "GET /xingrg/all/function/internal_message.html?_=1613690054929&CODE_STATE=getMsg HTTP/1.1" 200 27
117.131.5.26 - - [19/Feb/2021:07:13:52 +0800] "GET /xingrg/all/function/internal_message.html?_=1613690399689&CODE_STATE=getMsg HTTP/1.1" 200 27
101.228.165.174 - - [19/Feb/2021:07:14:10 +0800] "GET /xingrg/all/function/internal_message.html?_=1613690046242&CODE_STATE=getMsg HTTP/1.1" 200 27
101.228.165.174 - - [19/Feb/2021:07:14:11 +0800] "GET /xingrg/all/function/internal_message.html?_=1613690079471&CODE_STATE=getMsg HTTP/1.1" 200 27
116.224.253.72 - - [19/Feb/2021:07:14:17 +0800] "GET /xingrg/all/function/internal_message.html?_=1613690048555&CODE_STATE=getMsg HTTP/1.1" 200 27
101.228.165.73 - - [19/Feb/2021:07:14:23 +0800] "GET /xingrg/all/function/internal_message.html?_=1613690106169&CODE_STATE=getMsg HTTP/1.1" 302 -
116.227.208.86 - - [19/Feb/2021:07:14:31 +0800] "GET /xingrg/all/function/internal_message.html?_=1613690067306&CODE_STATE=getMsg HTTP/1.1" 200 27
58.37.230.33 - - [19/Feb/2021:07:14:35 +0800] "GET /xingrg/all/function/internal_message.html?_=1613690079956&CODE_STATE=getMsg HTTP/1.1" 200 27
58.37.230.33 - - [19/Feb/2021:07:14:36 +0800] "GET /xingrg/all/function/internal_message.html?_=1613690080650&CODE_STATE=getMsg HTTP/1.1" 200 27
116.224.253.72 - - [19/Feb/2021:07:14:41 +0800] "GET /xingrg/all/function/internal_message.html?_=1613690078274&CODE_STATE=getMsg HTTP/1.1" 200 27
116.227.208.86 - - [19/Feb/2021:07:14:46 +0800] "GET /xingrg/check_reg.html?_=1613690082244 HTTP/1.1" 200 22
101.228.165.174 - - [19/Feb/2021:07:14:46 +0800] "GET /xingrg/all/function/internal_message.html?_=1613690114943&CODE_STATE=getMsg HTTP/1.1" 200 27
117.131.5.26 - - [19/Feb/2021:07:14:53 +0800] "GET /xingrg/all/function/internal_message.html?_=1613690459723&CODE_STATE=getMsg HTTP/1.1" 200 27
101.228.165.174 - - [19/Feb/2021:07:15:02 +0800] "GET /xingrg/check_reg.html?_=1613690130621 HTTP/1.1" 200 22
101.228.165.174 - - [19/Feb/2021:07:15:10 +0800] "GET /xingrg/all/function/internal_message.html?_=1613690106242&CODE_STATE=getMsg HTTP/1.1" 200 27
101.228.165.174 - - [19/Feb/2021:07:15:10 +0800] "GET /xingrg/check_reg.html?_=1613690106245 HTTP/1.1" 200 22
101.228.165.174 - - [19/Feb/2021:07:15:11 +0800] "GET /xingrg/all/function/internal_message.html?_=1613690139482&CODE_STATE=getMsg HTTP/1.1" 200 27
116.224.253.72 - - [19/Feb/2021:07:15:17 +0800] "GET /xingrg/all/function/internal_message.html?_=1613690108556&CODE_STATE=getMsg HTTP/1.1" 200 27
101.228.165.73 - - [19/Feb/2021:07:15:23 +0800] "GET /xingrg/all/function/internal_message.html?_=1613690166179&CODE_STATE=getMsg HTTP/1.1" 302 -
116.227.208.86 - - [19/Feb/2021:07:15:31 +0800] "GET /xingrg/all/function/internal_message.html?_=1613690127277&CODE_STATE=getMsg HTTP/1.1" 200 27
58.37.230.33 - - [19/Feb/2021:07:15:35 +0800] "GET /xingrg/all/function/internal_message.html?_=1613690139933&CODE_STATE=getMsg HTTP/1.1" 200 27
58.37.230.33 - - [19/Feb/2021:07:15:36 +0800] "GET /xingrg/all/function/internal_message.html?_=1613690140649&CODE_STATE=getMsg HTTP/1.1" 200 27
116.224.253.72 - - [19/Feb/2021:07:15:41 +0800] "GET /xingrg/all/function/internal_message.html?_=1613690138273&CODE_STATE=getMsg HTTP/1.1" 200 27
117.131.5.26 - - [19/Feb/2021:07:15:41 +0800] "GET /xingrg/check_reg.html?_=1613690508166 HTTP/1.1" 200 22
101.228.165.174 - - [19/Feb/2021:07:15:46 +0800] "GET /xingrg/all/function/internal_message.html?_=1613690174982&CODE_STATE=getMsg HTTP/1.1" 200 27
117.131.5.26 - - [19/Feb/2021:07:15:52 +0800] "GET /xingrg/all/function/internal_message.html?_=1613690519725&CODE_STATE=getMsg HTTP/1.1" 200 27
101.228.165.174 - - [19/Feb/2021:07:16:10 +0800] "GET /xingrg/all/function/internal_message.html?_=1613690166244&CODE_STATE=getMsg HTTP/1.1" 200 27
101.228.165.73 - - [19/Feb/2021:07:16:10 +0800] "POST /xingrg/kc/buy/cgsh_list_operate.html HTTP/1.1" 302 -
101.228.165.174 - - [19/Feb/2021:07:16:11 +0800] "GET /xingrg/all/function/internal_message.html?_=1613690199496&CODE_STATE=getMsg HTTP/1.1" 200 27
116.224.253.72 - - [19/Feb/2021:07:16:17 +0800] "GET /xingrg/check_reg.html?_=1613690168557 HTTP/1.1" 200 22
116.224.253.72 - - [19/Feb/2021:07:16:17 +0800] "GET /xingrg/all/function/internal_message.html?_=1613690168558&CODE_STATE=getMsg HTTP/1.1" 200 27
101.228.165.73 - - [19/Feb/2021:07:16:26 +0800] "GET /xingrg/login.html HTTP/1.1" 200 7641
101.228.165.73 - - [19/Feb/2021:07:16:26 +0800] "GET /favicon.ico HTTP/1.1" 404 -
101.228.165.73 - - [19/Feb/2021:07:16:28 +0800] "POST /xingrg/login.do HTTP/1.1" 302 -
101.228.165.73 - - [19/Feb/2021:07:16:28 +0800] "GET /xingrg/index.html?sysBaseUrl=http%3A%2F%2F180.169.147.146%3A18081%2Fxingrg%2F&costTime=36×tamp=1613690188285 HTTP/1.1" 200 17179
101.228.165.73 - - [19/Feb/2021:07:16:28 +0800] "GET /xingrg/javascript/jquery_easy_ui/themes/default/easyui.css HTTP/1.1" 304 -
101.228.165.73 - - [19/Feb/2021:07:16:28 +0800] "GET /xingrg/javascript/jquery_easy_ui/themes/icon.css HTTP/1.1" 304 -
101.228.165.73 - - [19/Feb/2021:07:16:28 +0800] "GET /xingrg/javascript/jquery.utils.js HTTP/1.1" 304 -
101.228.165.73 - - [19/Feb/2021:07:16:28 +0800] "GET /xingrg/javascript/jquery.timers.js HTTP/1.1" 304 -
101.228.165.73 - - [19/Feb/2021:07:16:28 +0800] "GET /xingrg/javascript/jquery-1.4.2.min.js HTTP/1.1" 304 -
101.228.165.73 - - [19/Feb/2021:07:16:28 +0800] "GET /xingrg/javascript/jquery_easy_ui/jquery.easyui.min.js HTTP/1.1" 304 -
101.228.165.73 - - [19/Feb/2021:07:16:28 +0800] "GET /xingrg/javascript/jquery_easy_ui/easyui-lang-zh_CN.js HTTP/1.1" 304 -
101.228.165.73 - - [19/Feb/2021:07:16:28 +0800] "GET /xingrg/css/form.css HTTP/1.1" 304 -
101.228.165.73 - - [19/Feb/2021:07:16:28 +0800] "GET /xingrg/javascript/jquery.form.js HTTP/1.1" 304 -
101.228.165.73 - - [19/Feb/2021:07:16:28 +0800] "GET /favicon.ico HTTP/1.1" 404 -
101.228.165.73 - - [19/Feb/2021:07:16:28 +0800] "POST /xingrg/all/common/load_tree.html?tree=area_rest_tree_json&manage=1 HTTP/1.1" 200 479
101.228.165.73 - - [19/Feb/2021:07:16:28 +0800] "GET /xingrg/all/function/internal_message.html?_=1613690231357&CODE_STATE=count HTTP/1.1" 200 11
101.228.165.73 - - [19/Feb/2021:07:16:28 +0800] "GET /xingrg/check_reg.html?_=1613690231358 HTTP/1.1" 200 22
101.228.165.73 - - [19/Feb/2021:07:16:28 +0800] "POST /xingrg/load_menu.html HTTP/1.1" 200 5138
116.227.208.86 - - [19/Feb/2021:07:16:31 +0800] "GET /xingrg/all/function/internal_message.html?_=1613690187263&CODE_STATE=getMsg HTTP/1.1" 200 27
101.228.165.73 - - [19/Feb/2021:07:16:32 +0800] "GET /xingrg/css/base.css HTTP/1.1" 304 -
101.228.165.73 - - [19/Feb/2021:07:16:32 +0800] "GET /xingrg/css/site.css HTTP/1.1" 304 -
101.228.165.73 - - [19/Feb/2021:07:16:32 +0800] "GET /xingrg/javascript/jquery_tools/datebox.css HTTP/1.1" 304 -
101.228.165.73 - - [19/Feb/2021:07:16:32 +0800] "GET /xingrg/javascript/easyui/themes/icon.css HTTP/1.1" 304 -
101.228.165.73 - - [19/Feb/2021:07:16:32 +0800] "GET /xingrg/javascript/easyui/themes/default/easyui.css HTTP/1.1" 304 -
101.228.165.73 - - [19/Feb/2021:07:16:32 +0800] "GET /xingrg/javascript/jquery_tools/fix.css HTTP/1.1" 304 -
101.228.165.73 - - [19/Feb/2021:07:16:32 +0800] "GET /xingrg/javascript/jquery_tools/jquery.tools.extend.js HTTP/1.1" 304 -
101.228.165.73 - - [19/Feb/2021:07:16:32 +0800] "GET /xingrg/javascript/jquery_tools/jquery.tools.min.js HTTP/1.1" 304 -
101.228.165.73 - - [19/Feb/2021:07:16:32 +0800] "GET /xingrg/javascript/jquery_tools/table.css HTTP/1.1" 304 -
101.228.165.73 - - [19/Feb/2021:07:16:32 +0800] "GET /xingrg/javascript/jquery_tools/jquery.tools.hotkey.js HTTP/1.1" 304 -
101.228.165.73 - - [19/Feb/2021:07:16:32 +0800] "GET /xingrg/javascript/jquery_tools/jquery.tools.table.js HTTP/1.1" 304 -
101.228.165.73 - - [19/Feb/2021:07:16:32 +0800] "GET /xingrg/javascript/jquery_tools/list_manager.js HTTP/1.1" 304 -
101.228.165.73 - - [19/Feb/2021:07:16:32 +0800] "GET /xingrg/javascript/jquery.cookie.js HTTP/1.1" 304 -
101.228.165.73 - - [19/Feb/2021:07:16:32 +0800] "GET /xingrg/javascript/auto/jquery.autocomplete.js HTTP/1.1" 304 -
101.228.165.73 - - [19/Feb/2021:07:16:32 +0800] "GET /xingrg/javascript/auto/jquery.autocomplete.css HTTP/1.1" 304 -
101.228.165.73 - - [19/Feb/2021:07:16:32 +0800] "GET /xingrg/javascript/print/LodopFuncs.js HTTP/1.1" 304 -
101.228.165.73 - - [19/Feb/2021:07:16:32 +0800] "GET /xingrg/javascript/easyui/easyloader.js HTTP/1.1" 304 -
101.228.165.73 - - [19/Feb/2021:07:16:32 +0800] "GET /xingrg/kc/buy/cgsh_order_list.html HTTP/1.1" 200 46372
101.228.165.73 - - [19/Feb/2021:07:16:33 +0800] "GET /xingrg/javascript/easyui/themes/icons/edit_add_new.png HTTP/1.1" 304 -
101.228.165.73 - - [19/Feb/2021:07:16:33 +0800] "GET /xingrg/javascript/easyui/themes/icons/cance_new.png HTTP/1.1" 304 -
101.228.165.73 - - [19/Feb/2021:07:16:33 +0800] "GET /xingrg/javascript/easyui/themes/icons/field_new.png HTTP/1.1" 304 -
101.228.165.73 - - [19/Feb/2021:07:16:33 +0800] "GET /xingrg/javascript/easyui/themes/icons/check_new.png HTTP/1.1" 304 -
101.228.165.73 - - [19/Feb/2021:07:16:33 +0800] "GET /xingrg/javascript/easyui/themes/icons/import_new.png HTTP/1.1" 304 -
101.228.165.73 - - [19/Feb/2021:07:16:33 +0800] "GET /xingrg/javascript/easyui/plugins/jquery.parser.js HTTP/1.1" 304 -
101.228.165.73 - - [19/Feb/2021:07:16:33 +0800] "GET /xingrg/images/control/ajaxLoader.gif HTTP/1.1" 304 -
58.37.230.33 - - [19/Feb/2021:07:16:35 +0800] "GET /xingrg/all/function/internal_message.html?_=1613690199904&CODE_STATE=getMsg HTTP/1.1" 200 27
58.37.230.33 - - [19/Feb/2021:07:16:36 +0800] "GET /xingrg/all/function/internal_message.html?_=1613690200636&CODE_STATE=getMsg HTTP/1.1" 200 27
116.224.253.72 - - [19/Feb/2021:07:16:41 +0800] "GET /xingrg/all/function/internal_message.html?_=1613690198290&CODE_STATE=getMsg HTTP/1.1" 200 27
101.228.165.73 - - [19/Feb/2021:07:16:43 +0800] "GET /xingrg/javascript/jquery_tools/images/next.gif HTTP/1.1" 404 1086
101.228.165.73 - - [19/Feb/2021:07:16:43 +0800] "GET /xingrg/javascript/jquery_tools/images/prev.gif HTTP/1.1" 404 1086
101.228.165.174 - - [19/Feb/2021:07:16:46 +0800] "GET /xingrg/all/function/internal_message.html?_=1613690234986&CODE_STATE=getMsg HTTP/1.1" 302 -
101.228.165.73 - - [19/Feb/2021:07:16:49 +0800] "POST /xingrg/kc/buy/cgsh_list_operate.html HTTP/1.1" 200 5213
117.131.5.26 - - [19/Feb/2021:07:16:52 +0800] "GET /xingrg/all/function/internal_message.html?_=1613690579742&CODE_STATE=getMsg HTTP/1.1" 200 27
58.37.230.33 - - [19/Feb/2021:07:17:04 +0800] "GET /xingrg/check_reg.html?_=1613690229047 HTTP/1.1" 200 22
101.228.165.73 - - [19/Feb/2021:07:17:08 +0800] "POST /xingrg/kc/buy/cgsh_list_operate.html HTTP/1.1" 200 593
101.228.165.174 - - [19/Feb/2021:07:17:10 +0800] "GET /xingrg/all/function/internal_message.html?_=1613690226245&CODE_STATE=getMsg HTTP/1.1" 200 27
101.228.165.174 - - [19/Feb/2021:07:17:11 +0800] "GET /xingrg/all/function/internal_message.html?_=1613690259512&CODE_STATE=getMsg HTTP/1.1" 302 -
116.224.253.72 - - [19/Feb/2021:07:17:17 +0800] "GET /xingrg/all/function/internal_message.html?_=1613690228558&CODE_STATE=getMsg HTTP/1.1" 200 27
101.228.165.73 - - [19/Feb/2021:07:17:22 +0800] "POST /xingrg/kc/buy/cgsh_list_operate.html HTTP/1.1" 200 577
101.228.165.73 - - [19/Feb/2021:07:17:24 +0800] "POST /xingrg/kc/buy/cgsh_list_operate.html HTTP/1.1" 200 202
101.228.165.73 - - [19/Feb/2021:07:17:28 +0800] "GET /xingrg/all/function/internal_message.html?_=1613690291364&CODE_STATE=getMsg HTTP/1.1" 200 27
101.228.165.73 - - [19/Feb/2021:07:17:28 +0800] "POST /xingrg/kc/buy/cgsh_list_operate.html HTTP/1.1" 200 212
101.228.165.73 - - [19/Feb/2021:07:17:30 +0800] "POST /xingrg/kc/buy/cgsh_list_operate.html HTTP/1.1" 200 572
116.227.208.86 - - [19/Feb/2021:07:17:31 +0800] "GET /xingrg/all/function/internal_message.html?_=1613690247234&CODE_STATE=getMsg HTTP/1.1" 200 27
58.37.230.33 - - [19/Feb/2021:07:17:35 +0800] "GET /xingrg/all/function/internal_message.html?_=1613690259877&CODE_STATE=getMsg HTTP/1.1" 200 27
58.37.230.33 - - [19/Feb/2021:07:17:36 +0800] "GET /xingrg/all/function/internal_message.html?_=1613690260663&CODE_STATE=getMsg HTTP/1.1" 200 27
58.37.230.33 - - [19/Feb/2021:07:17:36 +0800] "GET /xingrg/check_reg.html?_=1613690260664 HTTP/1.1" 200 22
172.20.0.100 - - [19/Feb/2021:07:17:39 +0800] "GET /xingrg/check_reg.html?_=1613690253804 HTTP/1.1" 302 -
116.224.253.72 - - [19/Feb/2021:07:17:41 +0800] "GET /xingrg/check_reg.html?_=1613690258276 HTTP/1.1" 200 22
116.224.253.72 - - [19/Feb/2021:07:17:41 +0800] "GET /xingrg/all/function/internal_message.html?_=1613690258281&CODE_STATE=getMsg HTTP/1.1" 200 27
101.228.165.174 - - [19/Feb/2021:07:17:46 +0800] "GET /xingrg/all/function/internal_message.html?_=1613690295023&CODE_STATE=getMsg HTTP/1.1" 302 -
101.228.165.73 - - [19/Feb/2021:07:17:48 +0800] "POST /xingrg/kc/buy/cgsh_list_operate.html HTTP/1.1" 200 5343
117.131.5.26 - - [19/Feb/2021:07:17:52 +0800] "GET /xingrg/all/function/internal_message.html?_=1613690639777&CODE_STATE=getMsg HTTP/1.1" 200 27
101.228.165.73 - - [19/Feb/2021:07:17:59 +0800] "POST /xingrg/kc/buy/cgsh_list_operate.html HTTP/1.1" 200 204
101.228.165.73 - - [19/Feb/2021:07:18:00 +0800] "GET /xingrg/javascript/pic_change.js HTTP/1.1" 304 -
101.228.165.73 - - [19/Feb/2021:07:18:00 +0800] "GET /xingrg/javascript/convert.js HTTP/1.1" 304 -
101.228.165.73 - - [19/Feb/2021:07:18:00 +0800] "GET /xingrg/javascript/json2.js HTTP/1.1" 304 -
101.228.165.73 - - [19/Feb/2021:07:18:00 +0800] "GET /xingrg/javascript/jquery_tools/order_manager.js HTTP/1.1" 304 -
101.228.165.73 - - [19/Feb/2021:07:18:00 +0800] "GET /xingrg/javascript/print/kc_print.js HTTP/1.1" 304 -
101.228.165.73 - - [19/Feb/2021:07:18:00 +0800] "GET /xingrg/kc/buy/cgsh_order_info.html?code=212021021806777 HTTP/1.1" 200 62123
101.228.165.73 - - [19/Feb/2021:07:18:00 +0800] "GET /xingrg/words/20210217100626_words.js HTTP/1.1" 304 -
101.228.165.73 - - [19/Feb/2021:07:18:00 +0800] "GET /xingrg/all/common/auto_word.html?type=employee&rest_code=00146 HTTP/1.1" 200 147
101.228.165.73 - - [19/Feb/2021:07:18:00 +0800] "GET /xingrg/all/common/auto_word.html?type=employee&rest_code=00146 HTTP/1.1" 200 147
101.228.165.73 - - [19/Feb/2021:07:18:00 +0800] "GET /xingrg/javascript/easyui/themes/default/validatebox.css HTTP/1.1" 404 1104
101.228.165.73 - - [19/Feb/2021:07:18:00 +0800] "GET /xingrg/javascript/easyui/plugins/jquery.validatebox.js HTTP/1.1" 304 -
101.228.165.73 - - [19/Feb/2021:07:18:00 +0800] "GET /xingrg/javascript/easyui/plugins/jquery.numberbox.js HTTP/1.1" 304 -
101.228.165.73 - - [19/Feb/2021:07:18:01 +0800] "POST /xingrg/kc/buy/cgsh_order_operate.html HTTP/1.1" 200 2661
101.228.165.174 - - [19/Feb/2021:07:18:03 +0800] "GET /xingrg/check_reg.html?_=1613690311270 HTTP/1.1" 302 -
101.228.165.174 - - [19/Feb/2021:07:18:10 +0800] "GET /xingrg/all/function/internal_message.html?_=1613690286253&CODE_STATE=getMsg HTTP/1.1" 200 27
101.228.165.174 - - [19/Feb/2021:07:18:11 +0800] "GET /xingrg/all/function/internal_message.html?_=1613690319523&CODE_STATE=getMsg HTTP/1.1" 302 -
101.228.165.73 - - [19/Feb/2021:07:18:16 +0800] "POST /xingrg/kc/buy/cgsh_order_operate.html HTTP/1.1" 200 37
116.224.253.72 - - [19/Feb/2021:07:18:17 +0800] "GET /xingrg/all/function/internal_message.html?_=1613690288559&CODE_STATE=getMsg HTTP/1.1" 200 27
101.228.165.73 - - [19/Feb/2021:07:18:18 +0800] "POST /xingrg/kc/buy/cgsh_order_operate.html HTTP/1.1" 200 2663
101.228.165.73 - - [19/Feb/2021:07:18:28 +0800] "GET /xingrg/all/function/internal_message.html?_=1613690351395&CODE_STATE=getMsg HTTP/1.1" 200 27
116.227.208.86 - - [19/Feb/2021:07:18:31 +0800] "GET /xingrg/all/function/internal_message.html?_=1613690307220&CODE_STATE=getMsg HTTP/1.1" 200 27
58.37.230.33 - - [19/Feb/2021:07:18:35 +0800] "GET /xingrg/all/function/internal_message.html?_=1613690319888&CODE_STATE=getMsg HTTP/1.1" 200 27
58.37.230.33 - - [19/Feb/2021:07:18:36 +0800] "GET /xingrg/all/function/internal_message.html?_=1613690320663&CODE_STATE=getMsg HTTP/1.1" 200 27
101.228.165.73 - - [19/Feb/2021:07:18:38 +0800] "POST /xingrg/kc/buy/cgsh_list_operate.html HTTP/1.1" 200 5213
116.224.253.72 - - [19/Feb/2021:07:18:41 +0800] "GET /xingrg/all/function/internal_message.html?_=1613690318280&CODE_STATE=getMsg HTTP/1.1" 200 27
101.228.165.174 - - [19/Feb/2021:07:18:46 +0800] "GET /xingrg/all/function/internal_message.html?_=1613690355030&CODE_STATE=getMsg HTTP/1.1" 302 -
117.131.5.26 - - [19/Feb/2021:07:18:52 +0800] "GET /xingrg/all/function/internal_message.html?_=1613690699789&CODE_STATE=getMsg HTTP/1.1" 200 27
101.228.165.73 - - [19/Feb/2021:07:18:57 +0800] "POST /xingrg/kc/buy/cgsh_list_operate.html HTTP/1.1" 200 5343
101.228.165.73 - - [19/Feb/2021:07:19:04 +0800] "POST /xingrg/kc/buy/cgsh_list_operate.html HTTP/1.1" 200 201
101.228.165.73 - - [19/Feb/2021:07:19:05 +0800] "GET /xingrg/kc/buy/cgsh_order_info.html?code=212021021806779 HTTP/1.1" 200 62123
101.228.165.73 - - [19/Feb/2021:07:19:05 +0800] "GET /xingrg/javascript/easyui/themes/default/validatebox.css HTTP/1.1" 404 1104
101.228.165.73 - - [19/Feb/2021:07:19:05 +0800] "POST /xingrg/kc/buy/cgsh_order_operate.html HTTP/1.1" 200 2660
101.228.165.174 - - [19/Feb/2021:07:19:10 +0800] "GET /xingrg/all/function/internal_message.html?_=1613690346236&CODE_STATE=getMsg HTTP/1.1" 200 27
101.228.165.174 - - [19/Feb/2021:07:19:11 +0800] "GET /xingrg/all/function/internal_message.html?_=1613690379539&CODE_STATE=getMsg HTTP/1.1" 302 -
116.224.253.72 - - [19/Feb/2021:07:19:17 +0800] "GET /xingrg/all/function/internal_message.html?_=1613690348560&CODE_STATE=getMsg HTTP/1.1" 200 27
101.228.165.73 - - [19/Feb/2021:07:19:21 +0800] "POST /xingrg/kc/buy/cgsh_order_operate.html HTTP/1.1" 200 37
101.228.165.73 - - [19/Feb/2021:07:19:24 +0800] "POST /xingrg/kc/buy/cgsh_order_operate.html HTTP/1.1" 200 2660
101.228.165.73 - - [19/Feb/2021:07:19:28 +0800] "GET /xingrg/all/function/internal_message.html?_=1613690411407&CODE_STATE=getMsg HTTP/1.1" 200 27
116.227.208.86 - - [19/Feb/2021:07:19:31 +0800] "GET /xingrg/all/function/internal_message.html?_=1613690367190&CODE_STATE=getMsg HTTP/1.1" 200 27
58.37.230.33 - - [19/Feb/2021:07:19:35 +0800] "GET /xingrg/all/function/internal_message.html?_=1613690379862&CODE_STATE=getMsg HTTP/1.1" 200 27
58.37.230.33 - - [19/Feb/2021:07:19:36 +0800] "GET /xingrg/all/function/internal_message.html?_=1613690380662&CODE_STATE=getMsg HTTP/1.1" 200 27
116.224.253.72 - - [19/Feb/2021:07:19:41 +0800] "GET /xingrg/all/function/internal_message.html?_=1613690378281&CODE_STATE=getMsg HTTP/1.1" 200 27
101.228.165.73 - - [19/Feb/2021:07:19:42 +0800] "POST /xingrg/kc/buy/cgsh_list_operate.html HTTP/1.1" 200 5343
101.228.165.73 - - [19/Feb/2021:07:19:46 +0800] "POST /xingrg/kc/buy/cgsh_list_operate.html HTTP/1.1" 200 202
116.227.208.86 - - [19/Feb/2021:07:19:46 +0800] "GET /xingrg/check_reg.html?_=1613690382226 HTTP/1.1" 200 22
101.228.165.174 - - [19/Feb/2021:07:19:46 +0800] "GET /xingrg/all/function/internal_message.html?_=1613690415066&CODE_STATE=getMsg HTTP/1.1" 302 -
101.228.165.73 - - [19/Feb/2021:07:19:47 +0800] "GET /xingrg/kc/buy/cgsh_order_info.html?code=212021021806791 HTTP/1.1" 200 62121
101.228.165.73 - - [19/Feb/2021:07:19:48 +0800] "GET /xingrg/javascript/easyui/themes/default/validatebox.css HTTP/1.1" 404 1104
101.228.165.73 - - [19/Feb/2021:07:19:48 +0800] "POST /xingrg/kc/buy/cgsh_order_operate.html HTTP/1.1" 200 2661
117.131.5.26 - - [19/Feb/2021:07:19:52 +0800] "GET /xingrg/all/function/internal_message.html?_=1613690759812&CODE_STATE=getMsg HTTP/1.1" 200 27
101.228.165.174 - - [19/Feb/2021:07:20:02 +0800] "GET /xingrg/check_reg.html?_=1613690430631 HTTP/1.1" 302 -
101.228.165.73 - - [19/Feb/2021:07:20:09 +0800] "POST /xingrg/kc/buy/cgsh_order_operate.html HTTP/1.1" 200 37
101.228.165.174 - - [19/Feb/2021:07:20:10 +0800] "GET /xingrg/all/function/internal_message.html?_=1613690406236&CODE_STATE=getMsg HTTP/1.1" 200 27
101.228.165.174 - - [19/Feb/2021:07:20:10 +0800] "GET /xingrg/check_reg.html?_=1613690406238 HTTP/1.1" 200 22
101.228.165.174 - - [19/Feb/2021:07:20:11 +0800] "GET /xingrg/all/function/internal_message.html?_=1613690439550&CODE_STATE=getMsg HTTP/1.1" 302 -
101.228.165.73 - - [19/Feb/2021:07:20:11 +0800] "POST /xingrg/kc/buy/cgsh_order_operate.html HTTP/1.1" 200 2661
116.224.253.72 - - [19/Feb/2021:07:20:17 +0800] "GET /xingrg/all/function/internal_message.html?_=1613690408560&CODE_STATE=getMsg HTTP/1.1" 200 27
101.228.165.73 - - [19/Feb/2021:07:20:28 +0800] "GET /xingrg/all/function/internal_message.html?_=1613690471439&CODE_STATE=getMsg HTTP/1.1" 200 27
116.227.208.86 - - [19/Feb/2021:07:20:31 +0800] "GET /xingrg/all/function/internal_message.html?_=1613690427165&CODE_STATE=getMsg HTTP/1.1" 200 27
101.228.165.73 - - [19/Feb/2021:07:20:32 +0800] "POST /xingrg/kc/buy/cgsh_list_operate.html HTTP/1.1" 200 5343
58.37.230.33 - - [19/Feb/2021:07:20:35 +0800] "GET /xingrg/all/function/internal_message.html?_=1613690439833&CODE_STATE=getMsg HTTP/1.1" 200 27
58.37.230.33 - - [19/Feb/2021:07:20:36 +0800] "GET /xingrg/all/function/internal_message.html?_=1613690440677&CODE_STATE=getMsg HTTP/1.1" 200 27
116.224.253.72 - - [19/Feb/2021:07:20:41 +0800] "GET /xingrg/all/function/internal_message.html?_=1613690438282&CODE_STATE=getMsg HTTP/1.1" 200 27
117.131.5.26 - - [19/Feb/2021:07:20:41 +0800] "GET /xingrg/check_reg.html?_=1613690808172 HTTP/1.1" 200 22
101.228.165.174 - - [19/Feb/2021:07:20:46 +0800] "GET /xingrg/all/function/internal_message.html?_=1613690475071&CODE_STATE=getMsg HTTP/1.1" 302 -
117.131.5.26 - - [19/Feb/2021:07:20:52 +0800] "GET /xingrg/all/function/internal_message.html?_=1613690819828&CODE_STATE=getMsg HTTP/1.1" 200 27
101.228.165.73 - - [19/Feb/2021:07:20:54 +0800] "POST /xingrg/kc/buy/cgsh_list_operate.html HTTP/1.1" 200 2663
101.228.165.174 - - [19/Feb/2021:07:21:10 +0800] "GET /xingrg/all/function/internal_message.html?_=1613690466239&CODE_STATE=getMsg HTTP/1.1" 200 27
101.228.165.174 - - [19/Feb/2021:07:21:11 +0800] "GET /xingrg/all/function/internal_message.html?_=1613690499567&CODE_STATE=getMsg HTTP/1.1" 302 -
116.224.253.72 - - [19/Feb/2021:07:21:17 +0800] "GET /xingrg/check_reg.html?_=1613690468562 HTTP/1.1" 200 22
116.224.253.72 - - [19/Feb/2021:07:21:17 +0800] "GET /xingrg/all/function/internal_message.html?_=1613690468563&CODE_STATE=getMsg HTTP/1.1" 200 27
101.228.165.73 - - [19/Feb/2021:07:21:25 +0800] "POST /xingrg/services/DataTransmitService HTTP/1.1" 200 524
101.228.165.73 - - [19/Feb/2021:07:21:28 +0800] "GET /xingrg/check_reg.html?_=1613690531366 HTTP/1.1" 200 22
101.228.165.73 - - [19/Feb/2021:07:21:28 +0800] "GET /xingrg/all/function/internal_message.html?_=1613690531449&CODE_STATE=getMsg HTTP/1.1" 200 27
116.227.208.86 - - [19/Feb/2021:07:21:31 +0800] "GET /xingrg/all/function/internal_message.html?_=1613690487151&CODE_STATE=getMsg HTTP/1.1" 200 27
58.37.230.33 - - [19/Feb/2021:07:21:35 +0800] "GET /xingrg/all/function/internal_message.html?_=1613690499813&CODE_STATE=getMsg HTTP/1.1" 200 27
58.37.230.33 - - [19/Feb/2021:07:21:36 +0800] "GET /xingrg/all/function/internal_message.html?_=1613690500676&CODE_STATE=getMsg HTTP/1.1" 200 27
116.224.253.72 - - [19/Feb/2021:07:21:41 +0800] "GET /xingrg/all/function/internal_message.html?_=1613690498286&CODE_STATE=getMsg HTTP/1.1" 200 27
101.228.165.174 - - [19/Feb/2021:07:21:46 +0800] "GET /xingrg/all/function/internal_message.html?_=1613690535111&CODE_STATE=getMsg HTTP/1.1" 302 -
117.131.5.26 - - [19/Feb/2021:07:21:52 +0800] "GET /xingrg/all/function/internal_message.html?_=1613690879843&CODE_STATE=getMsg HTTP/1.1" 200 27
58.37.230.33 - - [19/Feb/2021:07:22:04 +0800] "GET /xingrg/check_reg.html?_=1613690529065 HTTP/1.1" 200 22
101.228.165.174 - - [19/Feb/2021:07:22:10 +0800] "GET /xingrg/all/function/internal_message.html?_=1613690526239&CODE_STATE=getMsg HTTP/1.1" 200 27
101.228.165.174 - - [19/Feb/2021:07:22:11 +0800] "GET /xingrg/all/function/internal_message.html?_=1613690559577&CODE_STATE=getMsg HTTP/1.1" 302 -
117.185.32.26 - - [19/Feb/2021:07:22:17 +0800] "POST /xingrg/services/DataTransmitService HTTP/1.1" 200 524
116.224.253.72 - - [19/Feb/2021:07:22:17 +0800] "GET /xingrg/all/function/internal_message.html?_=1613690528564&CODE_STATE=getMsg HTTP/1.1" 200 27
101.228.165.73 - - [19/Feb/2021:07:22:28 +0800] "GET /xingrg/all/function/internal_message.html?_=1613690591463&CODE_STATE=getMsg HTTP/1.1" 200 27
116.227.208.86 - - [19/Feb/2021:07:22:31 +0800] "GET /xingrg/all/function/internal_message.html?_=1613690547136&CODE_STATE=getMsg HTTP/1.1" 200 27
58.37.230.33 - - [19/Feb/2021:07:22:35 +0800] "GET /xingrg/all/function/internal_message.html?_=1613690559781&CODE_STATE=getMsg HTTP/1.1" 200 27
58.37.230.33 - - [19/Feb/2021:07:22:36 +0800] "GET /xingrg/all/function/internal_message.html?_=1613690560678&CODE_STATE=getMsg HTTP/1.1" 200 27
58.37.230.33 - - [19/Feb/2021:07:22:36 +0800] "GET /xingrg/check_reg.html?_=1613690560675 HTTP/1.1" 200 22
172.20.0.100 - - [19/Feb/2021:07:22:39 +0800] "GET /xingrg/check_reg.html?_=1613690553782 HTTP/1.1" 302 -
116.224.253.72 - - [19/Feb/2021:07:22:41 +0800] "GET /xingrg/check_reg.html?_=1613690558287 HTTP/1.1" 200 22
116.224.253.72 - - [19/Feb/2021:07:22:41 +0800] "GET /xingrg/all/function/internal_message.html?_=1613690558289&CODE_STATE=getMsg HTTP/1.1" 200 27
101.228.165.174 - - [19/Feb/2021:07:22:46 +0800] "GET /xingrg/all/function/internal_message.html?_=1613690595114&CODE_STATE=getMsg HTTP/1.1" 302 -
117.131.5.26 - - [19/Feb/2021:07:22:52 +0800] "GET /xingrg/all/function/internal_message.html?_=1613690939867&CODE_STATE=getMsg HTTP/1.1" 200 27
101.228.165.174 - - [19/Feb/2021:07:23:03 +0800] "GET /xingrg/check_reg.html?_=1613690611301 HTTP/1.1" 302 -
101.228.165.174 - - [19/Feb/2021:07:23:10 +0800] "GET /xingrg/all/function/internal_message.html?_=1613690586239&CODE_STATE=getMsg HTTP/1.1" 200 27
101.228.165.174 - - [19/Feb/2021:07:23:11 +0800] "GET /xingrg/all/function/internal_message.html?_=1613690619594&CODE_STATE=getMsg HTTP/1.1" 302 -
116.224.253.72 - - [19/Feb/2021:07:23:17 +0800] "GET /xingrg/all/function/internal_message.html?_=1613690588548&CODE_STATE=getMsg HTTP/1.1" 200 27
101.228.165.73 - - [19/Feb/2021:07:23:28 +0800] "GET /xingrg/all/function/internal_message.html?_=1613690651477&CODE_STATE=getMsg HTTP/1.1" 200 27
116.227.208.86 - - [19/Feb/2021:07:23:31 +0800] "GET /xingrg/all/function/internal_message.html?_=1613690607123&CODE_STATE=getMsg HTTP/1.1" 200 27
58.37.230.33 - - [19/Feb/2021:07:23:35 +0800] "GET /xingrg/all/function/internal_message.html?_=1613690619757&CODE_STATE=getMsg HTTP/1.1" 200 27
58.37.230.33 - - [19/Feb/2021:07:23:36 +0800] "GET /xingrg/all/function/internal_message.html?_=1613690620677&CODE_STATE=getMsg HTTP/1.1" 200 27
116.224.253.72 - - [19/Feb/2021:07:23:41 +0800] "GET /xingrg/all/function/internal_message.html?_=1613690618289&CODE_STATE=getMsg HTTP/1.1" 200 27
101.228.165.73 - - [19/Feb/2021:07:23:42 +0800] "POST /xingrg/kc/buy/cgsh_list_operate.html HTTP/1.1" 200 4
101.228.165.174 - - [19/Feb/2021:07:23:46 +0800] "GET /xingrg/all/function/internal_message.html?_=1613690655150&CODE_STATE=getMsg HTTP/1.1" 302 -
117.131.5.26 - - [19/Feb/2021:07:23:52 +0800] "GET /xingrg/all/function/internal_message.html?_=1613690999884&CODE_STATE=getMsg HTTP/1.1" 200 27
101.228.165.73 - - [19/Feb/2021:07:23:57 +0800] "POST /xingrg/kc/buy/cgsh_list_operate.html HTTP/1.1" 200 5154
101.228.165.174 - - [19/Feb/2021:07:24:10 +0800] "GET /xingrg/all/function/internal_message.html?_=1613690646241&CODE_STATE=getMsg HTTP/1.1" 200 27
101.228.165.174 - - [19/Feb/2021:07:24:11 +0800] "GET /xingrg/all/function/internal_message.html?_=1613690679604&CODE_STATE=getMsg HTTP/1.1" 302 -
116.224.253.72 - - [19/Feb/2021:07:24:17 +0800] "GET /xingrg/all/function/internal_message.html?_=1613690648549&CODE_STATE=getMsg HTTP/1.1" 200 27
101.228.165.73 - - [19/Feb/2021:07:24:28 +0800] "GET /xingrg/all/function/internal_message.html?_=1613690711499&CODE_STATE=getMsg HTTP/1.1" 200 27
101.228.165.73 - - [19/Feb/2021:07:24:28 +0800] "POST /xingrg/kc/buy/cgsh_list_operate.html HTTP/1.1" 200 4
116.227.208.86 - - [19/Feb/2021:07:24:31 +0800] "GET /xingrg/all/function/internal_message.html?_=1613690667108&CODE_STATE=getMsg HTTP/1.1" 200 27
58.37.230.33 - - [19/Feb/2021:07:24:35 +0800] "GET /xingrg/all/function/internal_message.html?_=1613690679727&CODE_STATE=getMsg HTTP/1.1" 200 27
58.37.230.33 - - [19/Feb/2021:07:24:36 +0800] "GET /xingrg/all/function/internal_message.html?_=1613690680682&CODE_STATE=getMsg HTTP/1.1" 200 27
101.228.165.73 - - [19/Feb/2021:07:24:39 +0800] "POST /xingrg/kc/buy/cgsh_list_operate.html HTTP/1.1" 200 4968
116.224.253.72 - - [19/Feb/2021:07:24:41 +0800] "GET /xingrg/all/function/internal_message.html?_=1613690678290&CODE_STATE=getMsg HTTP/1.1" 200 27
116.227.208.86 - - [19/Feb/2021:07:24:46 +0800] "GET /xingrg/check_reg.html?_=1613690682202 HTTP/1.1" 200 22
101.228.165.174 - - [19/Feb/2021:07:24:46 +0800] "GET /xingrg/all/function/internal_message.html?_=1613690715157&CODE_STATE=getMsg HTTP/1.1" 302 -
117.131.5.26 - - [19/Feb/2021:07:24:52 +0800] "GET /xingrg/all/function/internal_message.html?_=1613691059904&CODE_STATE=getMsg HTTP/1.1" 200 27
101.228.165.174 - - [19/Feb/2021:07:25:02 +0800] "GET /xingrg/check_reg.html?_=1613690730632 HTTP/1.1" 302 -
101.228.165.174 - - [19/Feb/2021:07:25:02 +0800] "GET /xingrg/login.html HTTP/1.1" 200 7641
101.228.165.174 - - [19/Feb/2021:07:25:10 +0800] "GET /xingrg/all/function/internal_message.html?_=1613690706241&CODE_STATE=getMsg HTTP/1.1" 200 27
101.228.165.174 - - [19/Feb/2021:07:25:10 +0800] "GET /xingrg/check_reg.html?_=1613690706243 HTTP/1.1" 200 22
101.228.165.174 - - [19/Feb/2021:07:25:11 +0800] "GET /xingrg/all/function/internal_message.html?_=1613690739618&CODE_STATE=getMsg HTTP/1.1" 302 -
116.224.253.72 - - [19/Feb/2021:07:25:17 +0800] "GET /xingrg/all/function/internal_message.html?_=1613690708550&CODE_STATE=getMsg HTTP/1.1" 200 27
101.228.165.73 - - [19/Feb/2021:07:25:28 +0800] "GET /xingrg/all/function/internal_message.html?_=1613690771504&CODE_STATE=getMsg HTTP/1.1" 200 27
116.227.208.86 - - [19/Feb/2021:07:25:31 +0800] "GET /xingrg/all/function/internal_message.html?_=1613690727080&CODE_STATE=getMsg HTTP/1.1" 200 27
58.37.230.33 - - [19/Feb/2021:07:25:35 +0800] "GET /xingrg/all/function/internal_message.html?_=1613690739706&CODE_STATE=getMsg HTTP/1.1" 200 27
58.37.230.33 - - [19/Feb/2021:07:25:36 +0800] "GET /xingrg/all/function/internal_message.html?_=1613690740668&CODE_STATE=getMsg HTTP/1.1" 200 27
116.224.253.72 - - [19/Feb/2021:07:25:41 +0800] "GET /xingrg/all/function/internal_message.html?_=1613690738291&CODE_STATE=getMsg HTTP/1.1" 200 27
117.131.5.26 - - [19/Feb/2021:07:25:41 +0800] "GET /xingrg/check_reg.html?_=1613691108184 HTTP/1.1" 200 22
101.228.165.174 - - [19/Feb/2021:07:25:46 +0800] "GET /xingrg/all/function/internal_message.html?_=1613690775197&CODE_STATE=getMsg HTTP/1.1" 302 -
117.131.5.26 - - [19/Feb/2021:07:25:52 +0800] "GET /xingrg/all/function/internal_message.html?_=1613691119924&CODE_STATE=getMsg HTTP/1.1" 200 27
101.228.165.174 - - [19/Feb/2021:07:26:10 +0800] "GET /xingrg/all/function/internal_message.html?_=1613690766245&CODE_STATE=getMsg HTTP/1.1" 200 27
101.228.165.174 - - [19/Feb/2021:07:26:11 +0800] "GET /xingrg/all/function/internal_message.html?_=1613690799634&CODE_STATE=getMsg HTTP/1.1" 302 -
116.224.253.72 - - [19/Feb/2021:07:26:17 +0800] "GET /xingrg/check_reg.html?_=1613690768552 HTTP/1.1" 200 22
116.224.253.72 - - [19/Feb/2021:07:26:17 +0800] "GET /xingrg/all/function/internal_message.html?_=1613690768551&CODE_STATE=getMsg HTTP/1.1" 200 27
101.228.165.73 - - [19/Feb/2021:07:26:28 +0800] "GET /xingrg/check_reg.html?_=1613690831362 HTTP/1.1" 200 22
101.228.165.73 - - [19/Feb/2021:07:26:28 +0800] "GET /xingrg/all/function/internal_message.html?_=1613690831517&CODE_STATE=getMsg HTTP/1.1" 200 27
116.227.208.86 - - [19/Feb/2021:07:26:31 +0800] "GET /xingrg/all/function/internal_message.html?_=1613690787052&CODE_STATE=getMsg HTTP/1.1" 200 27
58.37.230.33 - - [19/Feb/2021:07:26:35 +0800] "GET /xingrg/all/function/internal_message.html?_=1613690799679&CODE_STATE=getMsg HTTP/1.1" 200 27
58.37.230.33 - - [19/Feb/2021:07:26:36 +0800] "GET /xingrg/all/function/internal_message.html?_=1613690800667&CODE_STATE=getMsg HTTP/1.1" 200 27
116.224.253.72 - - [19/Feb/2021:07:26:41 +0800] "GET /xingrg/all/function/internal_message.html?_=1613690798292&CODE_STATE=getMsg HTTP/1.1" 200 27
101.228.165.174 - - [19/Feb/2021:07:26:46 +0800] "GET /xingrg/all/function/internal_message.html?_=1613690835200&CODE_STATE=getMsg HTTP/1.1" 302 -
117.131.5.26 - - [19/Feb/2021:07:26:52 +0800] "GET /xingrg/all/function/internal_message.html?_=1613691179935&CODE_STATE=getMsg HTTP/1.1" 200 27
58.37.230.33 - - [19/Feb/2021:07:27:04 +0800] "GET /xingrg/check_reg.html?_=1613690829072 HTTP/1.1" 200 22
101.228.165.73 - - [19/Feb/2021:07:27:10 +0800] "POST /xingrg/kc/buy/cgsh_list_operate.html HTTP/1.1" 200 4
101.228.165.174 - - [19/Feb/2021:07:27:10 +0800] "GET /xingrg/all/function/internal_message.html?_=1613690826245&CODE_STATE=getMsg HTTP/1.1" 200 27
101.228.165.174 - - [19/Feb/2021:07:27:11 +0800] "GET /xingrg/all/function/internal_message.html?_=1613690859645&CODE_STATE=getMsg HTTP/1.1" 302 -
101.228.165.73 - - [19/Feb/2021:07:27:13 +0800] "POST /xingrg/kc/buy/cgsh_list_operate.html HTTP/1.1" 200 876
116.224.253.72 - - [19/Feb/2021:07:27:17 +0800] "GET /xingrg/all/function/internal_message.html?_=1613690828553&CODE_STATE=getMsg HTTP/1.1" 200 27
101.228.165.73 - - [19/Feb/2021:07:27:28 +0800] "GET /xingrg/all/function/internal_message.html?_=1613690891531&CODE_STATE=getMsg HTTP/1.1" 200 27
116.227.208.86 - - [19/Feb/2021:07:27:31 +0800] "GET /xingrg/all/function/internal_message.html?_=1613690847022&CODE_STATE=getMsg HTTP/1.1" 200 27
58.37.230.33 - - [19/Feb/2021:07:27:35 +0800] "GET /xingrg/all/function/internal_message.html?_=1613690859656&CODE_STATE=getMsg HTTP/1.1" 200 27
58.37.230.33 - - [19/Feb/2021:07:27:36 +0800] "GET /xingrg/all/function/internal_message.html?_=1613690860693&CODE_STATE=getMsg HTTP/1.1" 200 27
58.37.230.33 - - [19/Feb/2021:07:27:36 +0800] "GET /xingrg/check_reg.html?_=1613690860694 HTTP/1.1" 200 22
172.20.0.100 - - [19/Feb/2021:07:27:39 +0800] "GET /xingrg/check_reg.html?_=1613690853765 HTTP/1.1" 302 -
116.224.253.72 - - [19/Feb/2021:07:27:41 +0800] "GET /xingrg/check_reg.html?_=1613690858298 HTTP/1.1" 200 22
116.224.253.72 - - [19/Feb/2021:07:27:41 +0800] "GET /xingrg/all/function/internal_message.html?_=1613690858299&CODE_STATE=getMsg HTTP/1.1" 200 27
101.228.165.174 - - [19/Feb/2021:07:27:47 +0800] "GET /xingrg/all/function/internal_message.html?_=1613690895238&CODE_STATE=getMsg HTTP/1.1" 302 -
117.131.5.26 - - [19/Feb/2021:07:27:52 +0800] "GET /xingrg/all/function/internal_message.html?_=1613691239975&CODE_STATE=getMsg HTTP/1.1" 200 27
101.228.165.174 - - [19/Feb/2021:07:28:03 +0800] "GET /xingrg/check_reg.html?_=1613690911297 HTTP/1.1" 302 -
101.228.165.174 - - [19/Feb/2021:07:28:10 +0800] "GET /xingrg/all/function/internal_message.html?_=1613690886244&CODE_STATE=getMsg HTTP/1.1" 200 27
101.228.165.174 - - [19/Feb/2021:07:28:11 +0800] "GET /xingrg/all/function/internal_message.html?_=1613690919662&CODE_STATE=getMsg HTTP/1.1" 302 -
116.224.253.72 - - [19/Feb/2021:07:28:17 +0800] "GET /xingrg/all/function/internal_message.html?_=1613690888553&CODE_STATE=getMsg HTTP/1.1" 200 27
101.228.165.73 - - [19/Feb/2021:07:28:28 +0800] "GET /xingrg/all/function/internal_message.html?_=1613690951544&CODE_STATE=getMsg HTTP/1.1" 200 27
116.227.208.86 - - [19/Feb/2021:07:28:31 +0800] "GET /xingrg/all/function/internal_message.html?_=1613690907007&CODE_STATE=getMsg HTTP/1.1" 200 27
58.37.230.33 - - [19/Feb/2021:07:28:35 +0800] "GET /xingrg/all/function/internal_message.html?_=1613690919655&CODE_STATE=getMsg HTTP/1.1" 200 27
101.228.165.73 - - [19/Feb/2021:07:28:35 +0800] "GET /xingrg/kc/base/wldb_order_list.html HTTP/1.1" 200 19345
101.228.165.73 - - [19/Feb/2021:07:28:35 +0800] "POST /xingrg/kc/base/wldb_list_operate.html HTTP/1.1" 200 1787
58.37.230.33 - - [19/Feb/2021:07:28:36 +0800] "GET /xingrg/all/function/internal_message.html?_=1613690920692&CODE_STATE=getMsg HTTP/1.1" 200 27
101.228.165.73 - - [19/Feb/2021:07:28:40 +0800] "POST /xingrg/kc/base/wldb_list_operate.html HTTP/1.1" 200 203
101.228.165.73 - - [19/Feb/2021:07:28:40 +0800] "GET /xingrg/kc/base/wldb_order_info.html?code=422021021501833 HTTP/1.1" 200 30524
101.228.165.73 - - [19/Feb/2021:07:28:40 +0800] "GET /xingrg/all/common/auto_word.html?type=base&rest_code=00146 HTTP/1.1" 200 1753
101.228.165.73 - - [19/Feb/2021:07:28:40 +0800] "GET /xingrg/all/common/auto_word.html?type=base&rest_code=00146 HTTP/1.1" 200 1753
101.228.165.73 - - [19/Feb/2021:07:28:40 +0800] "GET /xingrg/javascript/easyui/themes/default/validatebox.css HTTP/1.1" 404 1104
116.224.253.72 - - [19/Feb/2021:07:28:41 +0800] "GET /xingrg/all/function/internal_message.html?_=1613690918298&CODE_STATE=getMsg HTTP/1.1" 200 27
101.228.165.73 - - [19/Feb/2021:07:28:41 +0800] "POST /xingrg/kc/base/wldb_order_operate.html HTTP/1.1" 200 2188
101.228.165.174 - - [19/Feb/2021:07:28:47 +0800] "GET /xingrg/all/function/internal_message.html?_=1613690955242&CODE_STATE=getMsg HTTP/1.1" 302 -
117.131.5.26 - - [19/Feb/2021:07:28:52 +0800] "GET /xingrg/all/function/internal_message.html?_=1613691299984&CODE_STATE=getMsg HTTP/1.1" 200 27
101.228.165.174 - - [19/Feb/2021:07:29:10 +0800] "GET /xingrg/all/function/internal_message.html?_=1613690946261&CODE_STATE=getMsg HTTP/1.1" 200 27
101.228.165.174 - - [19/Feb/2021:07:29:11 +0800] "GET /xingrg/all/function/internal_message.html?_=1613690979672&CODE_STATE=getMsg HTTP/1.1" 302 -
116.224.253.72 - - [19/Feb/2021:07:29:17 +0800] "GET /xingrg/all/function/internal_message.html?_=1613690948554&CODE_STATE=getMsg HTTP/1.1" 200 27
101.228.165.73 - - [19/Feb/2021:07:29:28 +0800] "GET /xingrg/all/function/internal_message.html?_=1613691011571&CODE_STATE=getMsg HTTP/1.1" 200 27
116.227.208.86 - - [19/Feb/2021:07:29:31 +0800] "GET /xingrg/all/function/internal_message.html?_=1613690966993&CODE_STATE=getMsg HTTP/1.1" 200 27
117.184.7.26 - - [19/Feb/2021:07:29:32 +0800] "POST /xingrg/services/DataTransmitService HTTP/1.1" 200 524
101.228.165.73 - - [19/Feb/2021:07:29:34 +0800] "POST /xingrg/kc/base/wldb_order_operate.html HTTP/1.1" 200 12
58.37.230.33 - - [19/Feb/2021:07:29:35 +0800] "GET /xingrg/all/function/internal_message.html?_=1613690979628&CODE_STATE=getMsg HTTP/1.1" 200 27
58.37.230.33 - - [19/Feb/2021:07:29:36 +0800] "GET /xingrg/all/function/internal_message.html?_=1613690980691&CODE_STATE=getMsg HTTP/1.1" 200 27
101.228.165.73 - - [19/Feb/2021:07:29:37 +0800] "POST /xingrg/kc/base/wldb_list_operate.html HTTP/1.1" 200 928
116.224.253.72 - - [19/Feb/2021:07:29:41 +0800] "GET /xingrg/all/function/internal_message.html?_=1613690978298&CODE_STATE=getMsg HTTP/1.1" 200 27
116.227.208.86 - - [19/Feb/2021:07:29:46 +0800] "GET /xingrg/check_reg.html?_=1613690982181 HTTP/1.1" 200 22
101.228.165.174 - - [19/Feb/2021:07:29:47 +0800] "GET /xingrg/all/function/internal_message.html?_=1613691015280&CODE_STATE=getMsg HTTP/1.1" 302 -
117.131.5.26 - - [19/Feb/2021:07:29:52 +0800] "GET /xingrg/all/function/internal_message.html?_=1613691360003&CODE_STATE=getMsg HTTP/1.1" 200 27
101.228.165.73 - - [19/Feb/2021:07:29:58 +0800] "GET /xingrg/kc/base/wldb_order_add.html HTTP/1.1" 200 30508
101.228.165.73 - - [19/Feb/2021:07:29:59 +0800] "POST /xingrg/kc/base/wldb_order_operate.html HTTP/1.1" 200 6806
101.228.165.73 - - [19/Feb/2021:07:29:59 +0800] "GET /xingrg/javascript/easyui/themes/default/validatebox.css HTTP/1.1" 404 1104
101.228.165.174 - - [19/Feb/2021:07:30:02 +0800] "GET /xingrg/check_reg.html?_=1613691030642 HTTP/1.1" 302 -
101.228.165.73 - - [19/Feb/2021:07:30:06 +0800] "GET /xingrg/javascript/auto/indicator.gif HTTP/1.1" 404 1066
101.228.165.174 - - [19/Feb/2021:07:30:10 +0800] "GET /xingrg/check_reg.html?_=1613691006261 HTTP/1.1" 200 22
101.228.165.174 - - [19/Feb/2021:07:30:10 +0800] "GET /xingrg/all/function/internal_message.html?_=1613691006263&CODE_STATE=getMsg HTTP/1.1" 200 27
101.228.165.174 - - [19/Feb/2021:07:30:11 +0800] "GET /xingrg/all/function/internal_message.html?_=1613691039686&CODE_STATE=getMsg HTTP/1.1" 302 -
116.224.253.72 - - [19/Feb/2021:07:30:17 +0800] "GET /xingrg/all/function/internal_message.html?_=1613691008556&CODE_STATE=getMsg HTTP/1.1" 200 27
101.228.165.73 - - [19/Feb/2021:07:30:28 +0800] "GET /xingrg/all/function/internal_message.html?_=1613691071592&CODE_STATE=getMsg HTTP/1.1" 200 27
116.227.208.86 - - [19/Feb/2021:07:30:31 +0800] "GET /xingrg/all/function/internal_message.html?_=1613691026963&CODE_STATE=getMsg HTTP/1.1" 200 27
101.228.165.73 - - [19/Feb/2021:07:30:33 +0800] "GET /xingrg/javascript/jquery_tools/images/prev.gif HTTP/1.1" 404 1086
101.228.165.73 - - [19/Feb/2021:07:30:33 +0800] "GET /xingrg/javascript/jquery_tools/images/next.gif HTTP/1.1" 404 1086
58.37.230.33 - - [19/Feb/2021:07:30:35 +0800] "GET /xingrg/all/function/internal_message.html?_=1613691039608&CODE_STATE=getMsg HTTP/1.1" 200 27
58.37.230.33 - - [19/Feb/2021:07:30:36 +0800] "GET /xingrg/all/function/internal_message.html?_=1613691040690&CODE_STATE=getMsg HTTP/1.1" 200 27
116.224.253.72 - - [19/Feb/2021:07:30:41 +0800] "GET /xingrg/all/function/internal_message.html?_=1613691038303&CODE_STATE=getMsg HTTP/1.1" 200 27
101.228.165.73 - - [19/Feb/2021:07:30:41 +0800] "GET /xingrg/kc/base/wldb_order_operate.html?command=get_materiel&rest_code=00146&base_code=0010064&code=00102002286 HTTP/1.1" 200 433
117.131.5.26 - - [19/Feb/2021:07:30:41 +0800] "GET /xingrg/check_reg.html?_=1613691408181 HTTP/1.1" 200 22
101.228.165.174 - - [19/Feb/2021:07:30:47 +0800] "GET /xingrg/all/function/internal_message.html?_=1613691075285&CODE_STATE=getMsg HTTP/1.1" 302 -
117.131.5.26 - - [19/Feb/2021:07:30:53 +0800] "GET /xingrg/all/function/internal_message.html?_=1613691420029&CODE_STATE=getMsg HTTP/1.1" 200 27
101.228.165.73 - - [19/Feb/2021:07:30:58 +0800] "GET /xingrg/kc/base/wldb_order_operate.html?command=get_materiel&rest_code=00146&base_code=0010064&code=00102002238 HTTP/1.1" 200 434
