116.224.253.72 - - [12/Feb/2021:11:45:00 +0800] "POST /xingrg/kc/base/wldb_order_operate.html HTTP/1.1" 200 2697
117.185.32.26 - - [12/Feb/2021:11:45:01 +0800] "GET /xingrg/all/function/internal_message.html?_=1613101494186&CODE_STATE=getMsg HTTP/1.1" 200 27
180.169.147.146 - - [12/Feb/2021:11:45:02 +0800] "GET /xingrg/kc/buy/cgsh_order_operate.html?command=get_materiel&rest_code=00147&code=00101015065&supplier_code=00100007&order_time=2021-02-12 HTTP/1.1" 200 413
61.165.42.208 - - [12/Feb/2021:11:45:03 +0800] "GET /xingrg/kc/base/wldb_order_operate.html?command=get_materiel&rest_code=00105&base_code=0010507&code=00101016044 HTTP/1.1" 200 464
180.174.195.252 - - [12/Feb/2021:11:45:07 +0800] "GET /xingrg/check_reg.html?_=1613101749923 HTTP/1.1" 200 22
180.174.195.252 - - [12/Feb/2021:11:45:07 +0800] "GET /xingrg/all/function/internal_message.html?_=1613101749981&CODE_STATE=getMsg HTTP/1.1" 200 27
114.88.166.193 - - [12/Feb/2021:11:45:12 +0800] "GET /xingrg/all/function/internal_message.html?_=1613101506424&CODE_STATE=getMsg HTTP/1.1" 200 27
116.224.253.72 - - [12/Feb/2021:11:45:14 +0800] "GET /xingrg/all/function/internal_message.html?_=1613101508556&CODE_STATE=getMsg HTTP/1.1" 200 27
180.169.147.146 - - [12/Feb/2021:11:45:15 +0800] "GET /xingrg/kc/buy/cgsh_order_operate.html?command=get_materiel&rest_code=00147&code=00101015038&supplier_code=00100007&order_time=2021-02-12 HTTP/1.1" 200 419
180.169.147.146 - - [12/Feb/2021:11:45:16 +0800] "GET /xingrg/all/function/internal_message.html?_=1613101505821&CODE_STATE=getMsg HTTP/1.1" 200 27
61.165.42.208 - - [12/Feb/2021:11:45:17 +0800] "GET /xingrg/kc/base/wldb_order_operate.html?command=get_materiel&rest_code=00105&base_code=0010507&code=00101006047 HTTP/1.1" 200 433
116.224.253.72 - - [12/Feb/2021:11:45:25 +0800] "GET /xingrg/kc/base/wldb_order_operate.html?command=get_materiel&rest_code=00150&base_code=0010446&code=00102021018 HTTP/1.1" 200 446
101.228.165.73 - - [12/Feb/2021:11:45:25 +0800] "GET /xingrg/all/function/internal_message.html?_=1613101538972&CODE_STATE=getMsg HTTP/1.1" 200 27
180.174.195.252 - - [12/Feb/2021:11:45:28 +0800] "POST /xingrg/kc/base/wldb_order_operate.html HTTP/1.1" 200 37
180.174.195.252 - - [12/Feb/2021:11:45:29 +0800] "POST /xingrg/kc/base/wldb_order_operate.html HTTP/1.1" 200 12
180.174.195.252 - - [12/Feb/2021:11:45:29 +0800] "POST /xingrg/kc/base/wldb_order_operate.html HTTP/1.1" 200 6733
116.224.253.72 - - [12/Feb/2021:11:45:30 +0800] "POST /xingrg/kc/base/wldb_order_operate.html HTTP/1.1" 200 37
180.174.195.252 - - [12/Feb/2021:11:45:30 +0800] "GET /xingrg/kc/base/wldb_order_info.html?code=422021021201490 HTTP/1.1" 200 26375
180.174.195.252 - - [12/Feb/2021:11:45:31 +0800] "POST /xingrg/kc/base/wldb_order_operate.html HTTP/1.1" 200 4923
180.174.195.252 - - [12/Feb/2021:11:45:31 +0800] "GET /xingrg/javascript/easyui/themes/default/validatebox.css HTTP/1.1" 404 1104
116.224.253.72 - - [12/Feb/2021:11:45:32 +0800] "POST /xingrg/kc/base/wldb_order_operate.html HTTP/1.1" 200 12
116.224.253.72 - - [12/Feb/2021:11:45:32 +0800] "POST /xingrg/kc/base/wldb_order_operate.html HTTP/1.1" 200 3181
116.224.253.72 - - [12/Feb/2021:11:45:32 +0800] "GET /xingrg/kc/base/wldb_order_info.html?code=422021021201487 HTTP/1.1" 200 26389
116.224.253.72 - - [12/Feb/2021:11:45:33 +0800] "GET /xingrg/javascript/easyui/themes/default/validatebox.css HTTP/1.1" 404 1104
116.224.253.72 - - [12/Feb/2021:11:45:33 +0800] "POST /xingrg/kc/base/wldb_order_operate.html HTTP/1.1" 200 1454
61.165.42.208 - - [12/Feb/2021:11:45:34 +0800] "POST /xingrg/kc/base/wldb_order_operate.html HTTP/1.1" 200 37
61.165.42.208 - - [12/Feb/2021:11:45:35 +0800] "POST /xingrg/kc/base/wldb_order_operate.html HTTP/1.1" 200 7670
120.253.135.82 - - [12/Feb/2021:11:45:36 +0800] "GET /xingrg/all/function/internal_message.html?_=1613101560715&CODE_STATE=getMsg HTTP/1.1" 200 27
61.165.42.208 - - [12/Feb/2021:11:45:36 +0800] "GET /xingrg/kc/base/wldb_order_info.html?code=422021021201491 HTTP/1.1" 200 30517
61.165.42.208 - - [12/Feb/2021:11:45:36 +0800] "GET /xingrg/all/function/internal_message.html?_=1613101515140&CODE_STATE=getMsg HTTP/1.1" 200 27
61.165.42.208 - - [12/Feb/2021:11:45:37 +0800] "GET /xingrg/javascript/easyui/themes/default/validatebox.css HTTP/1.1" 404 1104
61.165.42.208 - - [12/Feb/2021:11:45:37 +0800] "POST /xingrg/kc/base/wldb_order_operate.html HTTP/1.1" 200 7670
116.224.253.72 - - [12/Feb/2021:11:45:40 +0800] "GET /xingrg/kc/base/wldb_order_add.html HTTP/1.1" 200 30508
116.224.253.72 - - [12/Feb/2021:11:45:40 +0800] "POST /xingrg/kc/base/wldb_order_operate.html HTTP/1.1" 200 6806
116.224.253.72 - - [12/Feb/2021:11:45:40 +0800] "GET /xingrg/javascript/easyui/themes/default/validatebox.css HTTP/1.1" 404 1104
117.185.32.26 - - [12/Feb/2021:11:45:43 +0800] "GET /xingrg/all/function/internal_message.html?_=1613102013750&CODE_STATE=getMsg HTTP/1.1" 200 27
101.85.93.83 - - [12/Feb/2021:11:45:46 +0800] "GET /xingrg/all/function/internal_message.html?_=1613101166752&CODE_STATE=getMsg HTTP/1.1" 200 27
101.85.93.83 - - [12/Feb/2021:11:45:46 +0800] "GET /xingrg/check_reg.html?_=1613101166754 HTTP/1.1" 200 22
116.224.253.72 - - [12/Feb/2021:11:45:46 +0800] "GET /xingrg/all/function/internal_message.html?_=1613101543754&CODE_STATE=getMsg HTTP/1.1" 200 27
58.37.230.33 - - [12/Feb/2021:11:45:54 +0800] "GET /xingrg/all/function/internal_message.html?_=1613101557952&CODE_STATE=getMsg HTTP/1.1" 200 27
61.165.42.208 - - [12/Feb/2021:11:45:54 +0800] "GET /xingrg/kc/base/wldb_order_add.html HTTP/1.1" 200 30502
61.165.42.208 - - [12/Feb/2021:11:45:54 +0800] "POST /xingrg/kc/base/wldb_order_operate.html HTTP/1.1" 200 6806
61.165.42.208 - - [12/Feb/2021:11:45:54 +0800] "GET /xingrg/javascript/easyui/themes/default/validatebox.css HTTP/1.1" 404 1104
61.165.42.208 - - [12/Feb/2021:11:45:55 +0800] "POST /xingrg/all/common/load_combo.html?type=base HTTP/1.1" 200 3236
116.227.208.86 - - [12/Feb/2021:11:45:58 +0800] "GET /xingrg/all/function/internal_message.html?_=1613101553020&CODE_STATE=getMsg HTTP/1.1" 200 27
61.165.42.208 - - [12/Feb/2021:11:45:58 +0800] "POST /xingrg/all/common/load_combo.html?type=base HTTP/1.1" 200 3236
117.185.32.26 - - [12/Feb/2021:11:46:01 +0800] "GET /xingrg/all/function/internal_message.html?_=1613101554163&CODE_STATE=getMsg HTTP/1.1" 200 27
180.174.195.252 - - [12/Feb/2021:11:46:07 +0800] "GET /xingrg/all/function/internal_message.html?_=1613101810177&CODE_STATE=getMsg HTTP/1.1" 200 27
116.224.253.72 - - [12/Feb/2021:11:46:11 +0800] "GET /xingrg/kc/base/wldb_order_operate.html?command=get_materiel&rest_code=00150&base_code=0010445&code=00102012014 HTTP/1.1" 200 433
114.88.166.193 - - [12/Feb/2021:11:46:11 +0800] "GET /xingrg/check_reg.html?_=1613101565400 HTTP/1.1" 200 22
114.88.166.193 - - [12/Feb/2021:11:46:12 +0800] "GET /xingrg/all/function/internal_message.html?_=1613101566438&CODE_STATE=getMsg HTTP/1.1" 200 27
61.165.42.208 - - [12/Feb/2021:11:46:13 +0800] "GET /xingrg/kc/base/wldb_order_operate.html?command=get_materiel&rest_code=00105&base_code=0010507&code=00101019015 HTTP/1.1" 200 437
116.224.253.72 - - [12/Feb/2021:11:46:14 +0800] "GET /xingrg/all/function/internal_message.html?_=1613101568558&CODE_STATE=getMsg HTTP/1.1" 200 27
116.224.253.72 - - [12/Feb/2021:11:46:14 +0800] "GET /xingrg/check_reg.html?_=1613101568557 HTTP/1.1" 200 22
180.169.147.146 - - [12/Feb/2021:11:46:16 +0800] "GET /xingrg/all/function/internal_message.html?_=1613101565791&CODE_STATE=getMsg HTTP/1.1" 200 27
101.228.165.73 - - [12/Feb/2021:11:46:25 +0800] "GET /xingrg/all/function/internal_message.html?_=1613101599055&CODE_STATE=getMsg HTTP/1.1" 200 27
116.224.253.72 - - [12/Feb/2021:11:46:27 +0800] "GET /xingrg/kc/base/wldb_order_operate.html?command=get_materiel&rest_code=00150&base_code=0010446&code=00102002028 HTTP/1.1" 200 468
117.185.32.26 - - [12/Feb/2021:11:46:35 +0800] "GET /xingrg/check_reg.html?_=1613101588294 HTTP/1.1" 200 22
116.224.253.72 - - [12/Feb/2021:11:46:36 +0800] "GET /xingrg/kc/base/wldb_order_operate.html?command=get_materiel&rest_code=00150&base_code=0010446&code=00102004035 HTTP/1.1" 200 436
120.253.135.82 - - [12/Feb/2021:11:46:36 +0800] "GET /xingrg/all/function/internal_message.html?_=1613101620733&CODE_STATE=getMsg HTTP/1.1" 200 27
61.165.42.208 - - [12/Feb/2021:11:46:36 +0800] "GET /xingrg/all/function/internal_message.html?_=1613101575136&CODE_STATE=getMsg HTTP/1.1" 200 27
61.165.42.208 - - [12/Feb/2021:11:46:37 +0800] "GET /xingrg/kc/base/wldb_order_operate.html?command=get_materiel&rest_code=00105&base_code=0010507&code=00101019184 HTTP/1.1" 200 442
116.224.253.72 - - [12/Feb/2021:11:46:43 +0800] "GET /xingrg/kc/base/wldb_order_operate.html?command=get_materiel&rest_code=00150&base_code=0010446&code=00101017004 HTTP/1.1" 200 438
117.185.32.26 - - [12/Feb/2021:11:46:43 +0800] "GET /xingrg/all/function/internal_message.html?_=1613102073732&CODE_STATE=getMsg HTTP/1.1" 200 27
101.85.93.83 - - [12/Feb/2021:11:46:46 +0800] "GET /xingrg/all/function/internal_message.html?_=1613101226751&CODE_STATE=getMsg HTTP/1.1" 200 27
116.224.253.72 - - [12/Feb/2021:11:46:47 +0800] "GET /xingrg/all/function/internal_message.html?_=1613101603824&CODE_STATE=getMsg HTTP/1.1" 200 27
61.165.42.208 - - [12/Feb/2021:11:46:50 +0800] "GET /xingrg/kc/base/wldb_order_operate.html?command=get_materiel&rest_code=00105&base_code=0010507&code=00101019376 HTTP/1.1" 200 462
58.37.230.33 - - [12/Feb/2021:11:46:54 +0800] "GET /xingrg/all/function/internal_message.html?_=1613101617926&CODE_STATE=getMsg HTTP/1.1" 200 27
116.227.208.86 - - [12/Feb/2021:11:46:58 +0800] "GET /xingrg/all/function/internal_message.html?_=1613101613021&CODE_STATE=getMsg HTTP/1.1" 200 27
116.227.208.86 - - [12/Feb/2021:11:46:58 +0800] "GET /xingrg/check_reg.html?_=1613101613025 HTTP/1.1" 200 22
61.165.42.208 - - [12/Feb/2021:11:47:01 +0800] "GET /xingrg/kc/base/wldb_order_operate.html?command=get_materiel&rest_code=00105&base_code=0010507&code=00101019405 HTTP/1.1" 200 468
117.185.32.26 - - [12/Feb/2021:11:47:01 +0800] "GET /xingrg/all/function/internal_message.html?_=1613101614145&CODE_STATE=getMsg HTTP/1.1" 200 27
117.185.32.26 - - [12/Feb/2021:11:47:02 +0800] "GET /xingrg/check_reg.html?_=1613102091925 HTTP/1.1" 200 22
180.174.195.252 - - [12/Feb/2021:11:47:07 +0800] "GET /xingrg/all/function/internal_message.html?_=1613101870179&CODE_STATE=getMsg HTTP/1.1" 200 27
116.224.253.72 - - [12/Feb/2021:11:47:07 +0800] "GET /xingrg/kc/base/wldb_order_operate.html?command=get_materiel&rest_code=00150&base_code=0010446&code=00102002940 HTTP/1.1" 200 431
114.88.166.193 - - [12/Feb/2021:11:47:12 +0800] "GET /xingrg/all/function/internal_message.html?_=1613101626450&CODE_STATE=getMsg HTTP/1.1" 200 27
116.224.253.72 - - [12/Feb/2021:11:47:14 +0800] "GET /xingrg/all/function/internal_message.html?_=1613101628559&CODE_STATE=getMsg HTTP/1.1" 200 27
180.169.147.146 - - [12/Feb/2021:11:47:16 +0800] "GET /xingrg/all/function/internal_message.html?_=1613101625789&CODE_STATE=getMsg HTTP/1.1" 200 27
116.224.253.72 - - [12/Feb/2021:11:47:16 +0800] "GET /xingrg/kc/base/wldb_order_operate.html?command=get_materiel&rest_code=00150&base_code=0010446&code=00102001118 HTTP/1.1" 200 434
180.169.147.146 - - [12/Feb/2021:11:47:16 +0800] "GET /xingrg/check_reg.html?_=1613101626134 HTTP/1.1" 200 22
116.224.253.72 - - [12/Feb/2021:11:47:21 +0800] "GET /xingrg/kc/base/wldb_order_operate.html?command=get_materiel&rest_code=00150&base_code=0010446&code=00102001151 HTTP/1.1" 200 434
101.228.165.73 - - [12/Feb/2021:11:47:25 +0800] "GET /xingrg/all/function/internal_message.html?_=1613101659062&CODE_STATE=getMsg HTTP/1.1" 200 27
116.224.253.72 - - [12/Feb/2021:11:47:27 +0800] "GET /xingrg/kc/base/wldb_order_operate.html?command=get_materiel&rest_code=00150&base_code=0010446&code=00102001074 HTTP/1.1" 200 432
116.224.253.72 - - [12/Feb/2021:11:47:34 +0800] "POST /xingrg/kc/base/wldb_order_operate.html HTTP/1.1" 200 37
116.224.253.72 - - [12/Feb/2021:11:47:34 +0800] "POST /xingrg/kc/base/wldb_order_operate.html HTTP/1.1" 200 5555
116.224.253.72 - - [12/Feb/2021:11:47:35 +0800] "GET /xingrg/kc/base/wldb_order_info.html?code=422021021201492 HTTP/1.1" 200 30525
116.224.253.72 - - [12/Feb/2021:11:47:35 +0800] "GET /xingrg/javascript/easyui/themes/default/validatebox.css HTTP/1.1" 404 1104
116.224.253.72 - - [12/Feb/2021:11:47:36 +0800] "POST /xingrg/kc/base/wldb_order_operate.html HTTP/1.1" 200 5555
120.253.135.82 - - [12/Feb/2021:11:47:36 +0800] "GET /xingrg/all/function/internal_message.html?_=1613101680756&CODE_STATE=getMsg HTTP/1.1" 200 27
61.165.42.208 - - [12/Feb/2021:11:47:36 +0800] "GET /xingrg/all/function/internal_message.html?_=1613101635114&CODE_STATE=getMsg HTTP/1.1" 200 27
117.185.32.26 - - [12/Feb/2021:11:47:43 +0800] "GET /xingrg/all/function/internal_message.html?_=1613102133704&CODE_STATE=getMsg HTTP/1.1" 200 27
61.165.42.208 - - [12/Feb/2021:11:47:44 +0800] "GET /xingrg/kc/base/wldb_order_operate.html?command=get_materiel&rest_code=00105&base_code=0010507&code=00101019297 HTTP/1.1" 200 464
101.85.93.83 - - [12/Feb/2021:11:47:46 +0800] "GET /xingrg/all/function/internal_message.html?_=1613101286750&CODE_STATE=getMsg HTTP/1.1" 200 27
116.224.253.72 - - [12/Feb/2021:11:47:47 +0800] "GET /xingrg/all/function/internal_message.html?_=1613101663808&CODE_STATE=getMsg HTTP/1.1" 200 27
58.37.230.33 - - [12/Feb/2021:11:47:54 +0800] "GET /xingrg/all/function/internal_message.html?_=1613101677894&CODE_STATE=getMsg HTTP/1.1" 200 27
61.165.42.208 - - [12/Feb/2021:11:47:54 +0800] "GET /xingrg/kc/base/wldb_order_operate.html?command=get_materiel&rest_code=00105&base_code=0010507&code=00101019174 HTTP/1.1" 200 462
116.227.208.86 - - [12/Feb/2021:11:47:58 +0800] "GET /xingrg/all/function/internal_message.html?_=1613101673027&CODE_STATE=getMsg HTTP/1.1" 200 27
116.224.253.72 - - [12/Feb/2021:11:48:01 +0800] "POST /xingrg/kc/base/wldb_order_operate.html HTTP/1.1" 200 37
117.185.32.26 - - [12/Feb/2021:11:48:01 +0800] "GET /xingrg/all/function/internal_message.html?_=1613101674119&CODE_STATE=getMsg HTTP/1.1" 200 27
116.224.253.72 - - [12/Feb/2021:11:48:02 +0800] "POST /xingrg/kc/base/wldb_order_operate.html HTTP/1.1" 200 12
116.224.253.72 - - [12/Feb/2021:11:48:02 +0800] "POST /xingrg/kc/base/wldb_order_operate.html HTTP/1.1" 200 5554
117.184.7.30 - - [12/Feb/2021:11:48:03 +0800] "POST /xingrg/services/DataTransmitService HTTP/1.1" 200 524
117.184.7.30 - - [12/Feb/2021:11:48:03 +0800] "POST /xingrg/services/DataTransmitService HTTP/1.1" 200 412
116.224.253.72 - - [12/Feb/2021:11:48:03 +0800] "GET /xingrg/kc/base/wldb_order_info.html?code=422021021201492 HTTP/1.1" 200 26389
116.224.253.72 - - [12/Feb/2021:11:48:04 +0800] "GET /xingrg/javascript/easyui/themes/default/validatebox.css HTTP/1.1" 404 1104
116.224.253.72 - - [12/Feb/2021:11:48:04 +0800] "POST /xingrg/kc/base/wldb_order_operate.html HTTP/1.1" 200 3760
180.174.195.252 - - [12/Feb/2021:11:48:07 +0800] "GET /xingrg/all/function/internal_message.html?_=1613101930376&CODE_STATE=getMsg HTTP/1.1" 200 27
116.224.253.72 - - [12/Feb/2021:11:48:09 +0800] "GET /xingrg/kc/base/wldb_order_add.html HTTP/1.1" 200 30508
116.224.253.72 - - [12/Feb/2021:11:48:09 +0800] "POST /xingrg/kc/base/wldb_order_operate.html HTTP/1.1" 200 6806
116.224.253.72 - - [12/Feb/2021:11:48:09 +0800] "GET /xingrg/javascript/easyui/themes/default/validatebox.css HTTP/1.1" 404 1104
172.20.0.100 - - [12/Feb/2021:11:48:11 +0800] "GET /xingrg/check_reg.html?_=1613101685473 HTTP/1.1" 302 -
114.88.166.193 - - [12/Feb/2021:11:48:12 +0800] "GET /xingrg/all/function/internal_message.html?_=1613101686465&CODE_STATE=getMsg HTTP/1.1" 200 27
116.224.253.72 - - [12/Feb/2021:11:48:14 +0800] "GET /xingrg/all/function/internal_message.html?_=1613101688561&CODE_STATE=getMsg HTTP/1.1" 200 27
180.169.147.146 - - [12/Feb/2021:11:48:16 +0800] "GET /xingrg/all/function/internal_message.html?_=1613101685762&CODE_STATE=getMsg HTTP/1.1" 200 27
120.253.135.82 - - [12/Feb/2021:11:48:17 +0800] "GET /xingrg/check_reg.html?_=1613101722086 HTTP/1.1" 200 22
61.165.42.208 - - [12/Feb/2021:11:48:19 +0800] "GET /xingrg/kc/base/wldb_order_operate.html?command=get_materiel&rest_code=00105&base_code=0010507&code=00101016019 HTTP/1.1" 200 451
116.224.253.72 - - [12/Feb/2021:11:48:20 +0800] "GET /xingrg/kc/base/wldb_order_operate.html?command=get_materiel&rest_code=00150&base_code=0010445&code=00101019358 HTTP/1.1" 200 460
101.228.165.73 - - [12/Feb/2021:11:48:24 +0800] "GET /xingrg/check_reg.html?_=1613101718173 HTTP/1.1" 200 22
101.228.165.73 - - [12/Feb/2021:11:48:25 +0800] "GET /xingrg/all/function/internal_message.html?_=1613101719075&CODE_STATE=getMsg HTTP/1.1" 200 27
61.165.42.208 - - [12/Feb/2021:11:48:30 +0800] "POST /xingrg/kc/base/wldb_order_operate.html HTTP/1.1" 200 37
61.165.42.208 - - [12/Feb/2021:11:48:31 +0800] "POST /xingrg/kc/base/wldb_order_operate.html HTTP/1.1" 200 6676
61.165.42.208 - - [12/Feb/2021:11:48:32 +0800] "GET /xingrg/kc/base/wldb_order_info.html?code=422021021201493 HTTP/1.1" 200 30517
61.165.42.208 - - [12/Feb/2021:11:48:32 +0800] "GET /xingrg/javascript/easyui/themes/default/validatebox.css HTTP/1.1" 404 1104
61.165.42.208 - - [12/Feb/2021:11:48:33 +0800] "POST /xingrg/kc/base/wldb_order_operate.html HTTP/1.1" 200 6676
120.253.135.82 - - [12/Feb/2021:11:48:36 +0800] "GET /xingrg/all/function/internal_message.html?_=1613101740760&CODE_STATE=getMsg HTTP/1.1" 200 27
61.165.42.208 - - [12/Feb/2021:11:48:36 +0800] "GET /xingrg/all/function/internal_message.html?_=1613101695087&CODE_STATE=getMsg HTTP/1.1" 200 27
116.224.253.72 - - [12/Feb/2021:11:48:42 +0800] "POST /xingrg/kc/base/wldb_order_operate.html HTTP/1.1" 200 37
117.185.32.26 - - [12/Feb/2021:11:48:43 +0800] "GET /xingrg/all/function/internal_message.html?_=1613102193692&CODE_STATE=getMsg HTTP/1.1" 200 27
116.224.253.72 - - [12/Feb/2021:11:48:44 +0800] "POST /xingrg/kc/base/wldb_order_operate.html HTTP/1.1" 200 12
116.224.253.72 - - [12/Feb/2021:11:48:44 +0800] "POST /xingrg/kc/base/wldb_order_operate.html HTTP/1.1" 200 2202
116.224.253.72 - - [12/Feb/2021:11:48:45 +0800] "GET /xingrg/kc/base/wldb_order_info.html?code=422021021201494 HTTP/1.1" 200 26386
116.224.253.72 - - [12/Feb/2021:11:48:46 +0800] "GET /xingrg/javascript/easyui/themes/default/validatebox.css HTTP/1.1" 404 1104
116.224.253.72 - - [12/Feb/2021:11:48:46 +0800] "POST /xingrg/kc/base/wldb_order_operate.html HTTP/1.1" 200 496
101.85.93.83 - - [12/Feb/2021:11:48:46 +0800] "GET /xingrg/all/function/internal_message.html?_=1613101346749&CODE_STATE=getMsg HTTP/1.1" 200 27
116.224.253.72 - - [12/Feb/2021:11:48:47 +0800] "GET /xingrg/all/function/internal_message.html?_=1613101723795&CODE_STATE=getMsg HTTP/1.1" 200 27
61.165.42.208 - - [12/Feb/2021:11:48:48 +0800] "GET /xingrg/kc/base/wldb_order_add.html HTTP/1.1" 200 30502
61.165.42.208 - - [12/Feb/2021:11:48:48 +0800] "POST /xingrg/kc/base/wldb_order_operate.html HTTP/1.1" 200 6806
61.165.42.208 - - [12/Feb/2021:11:48:49 +0800] "GET /xingrg/javascript/easyui/themes/default/validatebox.css HTTP/1.1" 404 1104
61.165.42.208 - - [12/Feb/2021:11:48:49 +0800] "POST /xingrg/all/common/load_combo.html?type=base HTTP/1.1" 200 3236
61.165.42.208 - - [12/Feb/2021:11:48:53 +0800] "POST /xingrg/all/common/load_combo.html?type=base HTTP/1.1" 200 3236
58.37.230.33 - - [12/Feb/2021:11:48:54 +0800] "GET /xingrg/all/function/internal_message.html?_=1613101737872&CODE_STATE=getMsg HTTP/1.1" 200 27
116.224.253.72 - - [12/Feb/2021:11:48:57 +0800] "GET /xingrg/kc/base/wldb_order_add.html HTTP/1.1" 200 30508
116.224.253.72 - - [12/Feb/2021:11:48:57 +0800] "POST /xingrg/kc/base/wldb_order_operate.html HTTP/1.1" 200 6806
116.224.253.72 - - [12/Feb/2021:11:48:57 +0800] "GET /xingrg/javascript/easyui/themes/default/validatebox.css HTTP/1.1" 404 1104
116.227.208.86 - - [12/Feb/2021:11:48:58 +0800] "GET /xingrg/all/function/internal_message.html?_=1613101733029&CODE_STATE=getMsg HTTP/1.1" 200 27
117.185.32.26 - - [12/Feb/2021:11:49:01 +0800] "GET /xingrg/all/function/internal_message.html?_=1613101734089&CODE_STATE=getMsg HTTP/1.1" 200 27
61.165.42.208 - - [12/Feb/2021:11:49:05 +0800] "GET /xingrg/kc/base/wldb_order_operate.html?command=get_materiel&rest_code=00105&base_code=0010507&code=00101019542 HTTP/1.1" 200 448
116.224.253.72 - - [12/Feb/2021:11:49:05 +0800] "GET /xingrg/kc/base/wldb_order_operate.html?command=get_materiel&rest_code=00150&base_code=0010448&code=00101036002 HTTP/1.1" 200 441
180.174.195.252 - - [12/Feb/2021:11:49:07 +0800] "GET /xingrg/all/function/internal_message.html?_=1613101990379&CODE_STATE=getMsg HTTP/1.1" 200 27
114.88.166.193 - - [12/Feb/2021:11:49:12 +0800] "GET /xingrg/all/function/internal_message.html?_=1613101746539&CODE_STATE=getMsg HTTP/1.1" 200 27
116.224.253.72 - - [12/Feb/2021:11:49:14 +0800] "GET /xingrg/all/function/internal_message.html?_=1613101748562&CODE_STATE=getMsg HTTP/1.1" 200 27
180.169.147.146 - - [12/Feb/2021:11:49:16 +0800] "GET /xingrg/all/function/internal_message.html?_=1613101745742&CODE_STATE=getMsg HTTP/1.1" 200 27
116.224.253.72 - - [12/Feb/2021:11:49:16 +0800] "POST /xingrg/kc/base/wldb_order_operate.html HTTP/1.1" 200 37
116.224.253.72 - - [12/Feb/2021:11:49:17 +0800] "POST /xingrg/kc/base/wldb_order_operate.html HTTP/1.1" 200 12
116.224.253.72 - - [12/Feb/2021:11:49:17 +0800] "POST /xingrg/kc/base/wldb_order_operate.html HTTP/1.1" 200 2193
61.165.42.208 - - [12/Feb/2021:11:49:18 +0800] "GET /xingrg/kc/base/wldb_order_operate.html?command=get_materiel&rest_code=00105&base_code=0010507&code=00101019430 HTTP/1.1" 200 462
116.224.253.72 - - [12/Feb/2021:11:49:18 +0800] "GET /xingrg/kc/base/wldb_order_info.html?code=422021021201495 HTTP/1.1" 200 26387
116.224.253.72 - - [12/Feb/2021:11:49:18 +0800] "GET /xingrg/javascript/easyui/themes/default/validatebox.css HTTP/1.1" 404 1104
116.224.253.72 - - [12/Feb/2021:11:49:19 +0800] "POST /xingrg/kc/base/wldb_order_operate.html HTTP/1.1" 200 487
116.224.253.72 - - [12/Feb/2021:11:49:20 +0800] "GET /xingrg/kc/base/wldb_order_add.html HTTP/1.1" 200 30508
116.224.253.72 - - [12/Feb/2021:11:49:21 +0800] "POST /xingrg/kc/base/wldb_order_operate.html HTTP/1.1" 200 6806
116.224.253.72 - - [12/Feb/2021:11:49:21 +0800] "GET /xingrg/javascript/easyui/themes/default/validatebox.css HTTP/1.1" 404 1104
101.228.165.73 - - [12/Feb/2021:11:49:25 +0800] "GET /xingrg/all/function/internal_message.html?_=1613101779089&CODE_STATE=getMsg HTTP/1.1" 200 27
61.165.42.208 - - [12/Feb/2021:11:49:27 +0800] "GET /xingrg/check_reg.html?_=1613101745793 HTTP/1.1" 200 22
61.165.42.208 - - [12/Feb/2021:11:49:29 +0800] "GET /xingrg/kc/base/wldb_order_operate.html?command=get_materiel&rest_code=00105&base_code=0010507&code=00101019339 HTTP/1.1" 200 454
116.224.253.72 - - [12/Feb/2021:11:49:30 +0800] "GET /xingrg/kc/base/wldb_order_operate.html?command=get_materiel&rest_code=00150&base_code=0010446&code=00102002258 HTTP/1.1" 200 434
120.253.135.82 - - [12/Feb/2021:11:49:36 +0800] "GET /xingrg/all/function/internal_message.html?_=1613101800773&CODE_STATE=getMsg HTTP/1.1" 200 27
61.165.42.208 - - [12/Feb/2021:11:49:36 +0800] "GET /xingrg/all/function/internal_message.html?_=1613101755070&CODE_STATE=getMsg HTTP/1.1" 200 27
117.185.32.26 - - [12/Feb/2021:11:49:43 +0800] "GET /xingrg/all/function/internal_message.html?_=1613102253691&CODE_STATE=getMsg HTTP/1.1" 200 27
61.165.42.208 - - [12/Feb/2021:11:49:44 +0800] "GET /xingrg/kc/base/wldb_order_operate.html?command=get_materiel&rest_code=00105&base_code=0010507&code=00101019249 HTTP/1.1" 200 470
101.85.93.83 - - [12/Feb/2021:11:49:46 +0800] "GET /xingrg/all/function/internal_message.html?_=1613101406763&CODE_STATE=getMsg HTTP/1.1" 200 27
116.224.253.72 - - [12/Feb/2021:11:49:47 +0800] "GET /xingrg/all/function/internal_message.html?_=1613101783778&CODE_STATE=getMsg HTTP/1.1" 200 27
116.224.253.72 - - [12/Feb/2021:11:49:47 +0800] "GET /xingrg/check_reg.html?_=1613101783764 HTTP/1.1" 200 22
180.169.147.146 - - [12/Feb/2021:11:49:51 +0800] "GET /xingrg/kc/buy/cgsh_order_operate.html?command=get_materiel&rest_code=00147&code=00101008284&supplier_code=00100007&order_time=2021-02-12 HTTP/1.1" 200 413
58.37.230.33 - - [12/Feb/2021:11:49:54 +0800] "GET /xingrg/all/function/internal_message.html?_=1613101797846&CODE_STATE=getMsg HTTP/1.1" 200 27
58.37.230.33 - - [12/Feb/2021:11:49:54 +0800] "GET /xingrg/check_reg.html?_=1613101798205 HTTP/1.1" 200 22
116.227.208.86 - - [12/Feb/2021:11:49:58 +0800] "GET /xingrg/all/function/internal_message.html?_=1613101793015&CODE_STATE=getMsg HTTP/1.1" 200 27
117.185.32.26 - - [12/Feb/2021:11:50:01 +0800] "GET /xingrg/all/function/internal_message.html?_=1613101794071&CODE_STATE=getMsg HTTP/1.1" 200 27
116.224.253.72 - - [12/Feb/2021:11:50:02 +0800] "GET /xingrg/kc/base/wldb_order_operate.html?command=get_materiel&rest_code=00150&base_code=0010446&code=00102002082 HTTP/1.1" 200 438
180.174.195.252 - - [12/Feb/2021:11:50:07 +0800] "GET /xingrg/check_reg.html?_=1613102050122 HTTP/1.1" 200 22
180.174.195.252 - - [12/Feb/2021:11:50:07 +0800] "GET /xingrg/all/function/internal_message.html?_=1613102050392&CODE_STATE=getMsg HTTP/1.1" 200 27
180.169.147.146 - - [12/Feb/2021:11:50:12 +0800] "GET /xingrg/kc/buy/cgsh_order_operate.html?command=get_materiel&rest_code=00147&code=00101015046&supplier_code=00100007&order_time=2021-02-12 HTTP/1.1" 200 413
114.88.166.193 - - [12/Feb/2021:11:50:12 +0800] "GET /xingrg/all/function/internal_message.html?_=1613101806555&CODE_STATE=getMsg HTTP/1.1" 200 27
116.224.253.72 - - [12/Feb/2021:11:50:14 +0800] "GET /xingrg/all/function/internal_message.html?_=1613101808564&CODE_STATE=getMsg HTTP/1.1" 200 27
180.169.147.146 - - [12/Feb/2021:11:50:15 +0800] "POST /xingrg/kc/buy/cgsh_order_operate.html HTTP/1.1" 200 2065
180.169.147.146 - - [12/Feb/2021:11:50:16 +0800] "GET /xingrg/all/function/internal_message.html?_=1613101805716&CODE_STATE=getMsg HTTP/1.1" 200 27
116.224.253.72 - - [12/Feb/2021:11:50:19 +0800] "GET /xingrg/kc/base/wldb_order_operate.html?command=get_materiel&rest_code=00150&base_code=0010446&code=00102002543 HTTP/1.1" 200 443
180.169.147.146 - - [12/Feb/2021:11:50:23 +0800] "GET /xingrg/kc/buy/cgsh_order_operate.html?command=get_materiel&rest_code=00147&code=00101008236&supplier_code=00100007&order_time=2021-02-12 HTTP/1.1" 200 417
101.228.165.73 - - [12/Feb/2021:11:50:25 +0800] "GET /xingrg/all/function/internal_message.html?_=1613101839102&CODE_STATE=getMsg HTTP/1.1" 200 27
116.224.253.72 - - [12/Feb/2021:11:50:26 +0800] "GET /xingrg/kc/base/wldb_order_operate.html?command=get_materiel&rest_code=00150&base_code=0010446&code=00102002441 HTTP/1.1" 200 448
61.165.42.208 - - [12/Feb/2021:11:50:28 +0800] "GET /xingrg/kc/base/wldb_order_operate.html?command=get_materiel&rest_code=00105&base_code=0010507&code=00101019384 HTTP/1.1" 200 457
120.253.135.82 - - [12/Feb/2021:11:50:36 +0800] "GET /xingrg/all/function/internal_message.html?_=1613101860794&CODE_STATE=getMsg HTTP/1.1" 200 27
61.165.42.208 - - [12/Feb/2021:11:50:36 +0800] "GET /xingrg/all/function/internal_message.html?_=1613101815048&CODE_STATE=getMsg HTTP/1.1" 200 27
116.224.253.72 - - [12/Feb/2021:11:50:39 +0800] "POST /xingrg/all/common/load_select.html HTTP/1.1" 200 38
117.185.32.26 - - [12/Feb/2021:11:50:43 +0800] "GET /xingrg/all/function/internal_message.html?_=1613102313674&CODE_STATE=getMsg HTTP/1.1" 200 27
101.85.93.83 - - [12/Feb/2021:11:50:46 +0800] "GET /xingrg/check_reg.html?_=1613101466761 HTTP/1.1" 200 22
101.85.93.83 - - [12/Feb/2021:11:50:46 +0800] "GET /xingrg/all/function/internal_message.html?_=1613101466763&CODE_STATE=getMsg HTTP/1.1" 200 27
116.224.253.72 - - [12/Feb/2021:11:50:46 +0800] "GET /xingrg/all/function/internal_message.html?_=1613101843758&CODE_STATE=getMsg HTTP/1.1" 200 27
58.37.230.33 - - [12/Feb/2021:11:50:54 +0800] "GET /xingrg/all/function/internal_message.html?_=1613101857818&CODE_STATE=getMsg HTTP/1.1" 200 27
116.227.208.86 - - [12/Feb/2021:11:50:58 +0800] "GET /xingrg/all/function/internal_message.html?_=1613101853020&CODE_STATE=getMsg HTTP/1.1" 200 27
117.185.32.26 - - [12/Feb/2021:11:51:01 +0800] "GET /xingrg/all/function/internal_message.html?_=1613101854050&CODE_STATE=getMsg HTTP/1.1" 200 27
180.174.195.252 - - [12/Feb/2021:11:51:07 +0800] "GET /xingrg/all/function/internal_message.html?_=1613102110406&CODE_STATE=getMsg HTTP/1.1" 200 27
114.88.166.193 - - [12/Feb/2021:11:51:11 +0800] "GET /xingrg/check_reg.html?_=1613101865448 HTTP/1.1" 200 22
61.165.42.208 - - [12/Feb/2021:11:51:12 +0800] "GET /xingrg/kc/base/wldb_order_operate.html?command=get_materiel&rest_code=00105&base_code=0010507&code=00101013115 HTTP/1.1" 200 434
114.88.166.193 - - [12/Feb/2021:11:51:12 +0800] "GET /xingrg/all/function/internal_message.html?_=1613101866568&CODE_STATE=getMsg HTTP/1.1" 200 27
116.224.253.72 - - [12/Feb/2021:11:51:14 +0800] "GET /xingrg/all/function/internal_message.html?_=1613101868550&CODE_STATE=getMsg HTTP/1.1" 200 27
116.224.253.72 - - [12/Feb/2021:11:51:14 +0800] "GET /xingrg/check_reg.html?_=1613101868549 HTTP/1.1" 200 22
180.169.147.146 - - [12/Feb/2021:11:51:16 +0800] "GET /xingrg/all/function/internal_message.html?_=1613101865699&CODE_STATE=getMsg HTTP/1.1" 200 27
61.165.42.208 - - [12/Feb/2021:11:51:18 +0800] "POST /xingrg/kc/base/wldb_order_operate.html HTTP/1.1" 200 37
61.165.42.208 - - [12/Feb/2021:11:51:19 +0800] "POST /xingrg/kc/base/wldb_order_operate.html HTTP/1.1" 200 6682
61.165.42.208 - - [12/Feb/2021:11:51:19 +0800] "GET /xingrg/kc/base/wldb_order_info.html?code=422021021201496 HTTP/1.1" 200 30517
61.165.42.208 - - [12/Feb/2021:11:51:20 +0800] "GET /xingrg/javascript/easyui/themes/default/validatebox.css HTTP/1.1" 404 1104
61.165.42.208 - - [12/Feb/2021:11:51:20 +0800] "POST /xingrg/kc/base/wldb_order_operate.html HTTP/1.1" 200 6682
101.228.165.73 - - [12/Feb/2021:11:51:25 +0800] "GET /xingrg/all/function/internal_message.html?_=1613101899172&CODE_STATE=getMsg HTTP/1.1" 200 27
116.224.253.72 - - [12/Feb/2021:11:51:30 +0800] "POST /xingrg/kc/base/wldb_order_operate.html HTTP/1.1" 200 37
116.224.253.72 - - [12/Feb/2021:11:51:32 +0800] "POST /xingrg/kc/base/wldb_order_operate.html HTTP/1.1" 200 12
116.224.253.72 - - [12/Feb/2021:11:51:32 +0800] "POST /xingrg/kc/base/wldb_order_operate.html HTTP/1.1" 200 4631
116.224.253.72 - - [12/Feb/2021:11:51:33 +0800] "GET /xingrg/kc/base/wldb_order_info.html?code=422021021201497 HTTP/1.1" 200 26389
116.224.253.72 - - [12/Feb/2021:11:51:33 +0800] "GET /xingrg/javascript/easyui/themes/default/validatebox.css HTTP/1.1" 404 1104
116.224.253.72 - - [12/Feb/2021:11:51:33 +0800] "POST /xingrg/kc/base/wldb_order_operate.html HTTP/1.1" 200 2866
117.185.32.26 - - [12/Feb/2021:11:51:35 +0800] "GET /xingrg/check_reg.html?_=1613101888297 HTTP/1.1" 200 22
120.253.135.82 - - [12/Feb/2021:11:51:36 +0800] "GET /xingrg/all/function/internal_message.html?_=1613101920801&CODE_STATE=getMsg HTTP/1.1" 200 27
61.165.42.208 - - [12/Feb/2021:11:51:36 +0800] "GET /xingrg/all/function/internal_message.html?_=1613101875034&CODE_STATE=getMsg HTTP/1.1" 200 27
116.224.253.72 - - [12/Feb/2021:11:51:42 +0800] "GET /xingrg/kc/base/wldb_order_add.html HTTP/1.1" 200 30508
116.224.253.72 - - [12/Feb/2021:11:51:42 +0800] "POST /xingrg/kc/base/wldb_order_operate.html HTTP/1.1" 200 6806
116.224.253.72 - - [12/Feb/2021:11:51:42 +0800] "GET /xingrg/javascript/easyui/themes/default/validatebox.css HTTP/1.1" 404 1104
117.185.32.26 - - [12/Feb/2021:11:51:43 +0800] "GET /xingrg/all/function/internal_message.html?_=1613102373658&CODE_STATE=getMsg HTTP/1.1" 200 27
101.85.93.83 - - [12/Feb/2021:11:51:46 +0800] "GET /xingrg/all/function/internal_message.html?_=1613101526761&CODE_STATE=getMsg HTTP/1.1" 200 27
116.224.253.72 - - [12/Feb/2021:11:51:46 +0800] "GET /xingrg/all/function/internal_message.html?_=1613101903762&CODE_STATE=getMsg HTTP/1.1" 200 27
116.224.253.72 - - [12/Feb/2021:11:51:49 +0800] "GET /xingrg/kc/base/wldb_order_operate.html?command=get_materiel&rest_code=00150&base_code=0010450&code=00101004065 HTTP/1.1" 200 434
58.37.230.33 - - [12/Feb/2021:11:51:54 +0800] "GET /xingrg/all/function/internal_message.html?_=1613101917798&CODE_STATE=getMsg HTTP/1.1" 200 27
116.227.208.86 - - [12/Feb/2021:11:51:58 +0800] "GET /xingrg/all/function/internal_message.html?_=1613101913022&CODE_STATE=getMsg HTTP/1.1" 200 27
116.227.208.86 - - [12/Feb/2021:11:51:58 +0800] "GET /xingrg/check_reg.html?_=1613101913024 HTTP/1.1" 200 22
116.224.253.72 - - [12/Feb/2021:11:51:59 +0800] "POST /xingrg/kc/base/wldb_order_operate.html HTTP/1.1" 200 37
116.224.253.72 - - [12/Feb/2021:11:52:01 +0800] "POST /xingrg/kc/base/wldb_order_operate.html HTTP/1.1" 200 12
116.224.253.72 - - [12/Feb/2021:11:52:01 +0800] "POST /xingrg/kc/base/wldb_order_operate.html HTTP/1.1" 200 2181
117.185.32.26 - - [12/Feb/2021:11:52:01 +0800] "GET /xingrg/all/function/internal_message.html?_=1613101914025&CODE_STATE=getMsg HTTP/1.1" 200 27
116.224.253.72 - - [12/Feb/2021:11:52:01 +0800] "GET /xingrg/kc/base/wldb_order_info.html?code=422021021201498 HTTP/1.1" 200 26384
117.185.32.26 - - [12/Feb/2021:11:52:02 +0800] "GET /xingrg/check_reg.html?_=1613102391940 HTTP/1.1" 200 22
116.224.253.72 - - [12/Feb/2021:11:52:02 +0800] "GET /xingrg/javascript/easyui/themes/default/validatebox.css HTTP/1.1" 404 1104
116.224.253.72 - - [12/Feb/2021:11:52:02 +0800] "POST /xingrg/kc/base/wldb_order_operate.html HTTP/1.1" 200 476
180.174.195.252 - - [12/Feb/2021:11:52:07 +0800] "GET /xingrg/all/function/internal_message.html?_=1613102170419&CODE_STATE=getMsg HTTP/1.1" 200 27
114.88.166.193 - - [12/Feb/2021:11:52:12 +0800] "GET /xingrg/all/function/internal_message.html?_=1613101926581&CODE_STATE=getMsg HTTP/1.1" 200 27
116.224.253.72 - - [12/Feb/2021:11:52:13 +0800] "POST /xingrg/kc/base/wldb_order_operate.html HTTP/1.1" 200 12
116.224.253.72 - - [12/Feb/2021:11:52:14 +0800] "GET /xingrg/kc/base/wldb_order_info.html?code=422021021201498 HTTP/1.1" 200 30520
116.224.253.72 - - [12/Feb/2021:11:52:14 +0800] "GET /xingrg/all/function/internal_message.html?_=1613101928551&CODE_STATE=getMsg HTTP/1.1" 200 27
116.224.253.72 - - [12/Feb/2021:11:52:14 +0800] "GET /xingrg/javascript/easyui/themes/default/validatebox.css HTTP/1.1" 404 1104
116.224.253.72 - - [12/Feb/2021:11:52:14 +0800] "POST /xingrg/kc/base/wldb_order_operate.html HTTP/1.1" 200 2181
180.169.147.146 - - [12/Feb/2021:11:52:16 +0800] "GET /xingrg/all/function/internal_message.html?_=1613101925680&CODE_STATE=getMsg HTTP/1.1" 200 27
180.169.147.146 - - [12/Feb/2021:11:52:16 +0800] "GET /xingrg/check_reg.html?_=1613101926126 HTTP/1.1" 200 22
116.224.253.72 - - [12/Feb/2021:11:52:19 +0800] "POST /xingrg/kc/base/wldb_order_operate.html HTTP/1.1" 200 37
116.224.253.72 - - [12/Feb/2021:11:52:21 +0800] "POST /xingrg/kc/base/wldb_order_operate.html HTTP/1.1" 200 12
116.224.253.72 - - [12/Feb/2021:11:52:21 +0800] "POST /xingrg/kc/base/wldb_order_operate.html HTTP/1.1" 200 2181
116.224.253.72 - - [12/Feb/2021:11:52:22 +0800] "GET /xingrg/kc/base/wldb_order_info.html?code=422021021201498 HTTP/1.1" 200 26384
116.224.253.72 - - [12/Feb/2021:11:52:23 +0800] "GET /xingrg/javascript/easyui/themes/default/validatebox.css HTTP/1.1" 404 1104
116.224.253.72 - - [12/Feb/2021:11:52:23 +0800] "POST /xingrg/kc/base/wldb_order_operate.html HTTP/1.1" 200 476
116.224.253.72 - - [12/Feb/2021:11:52:25 +0800] "GET /xingrg/kc/base/wldb_order_add.html HTTP/1.1" 200 30508
180.169.147.146 - - [12/Feb/2021:11:52:25 +0800] "GET /xingrg/kc/buy/cgsh_order_operate.html?command=get_materiel&rest_code=00147&code=00101008061&supplier_code=00100007&order_time=2021-02-12 HTTP/1.1" 200 422
101.228.165.73 - - [12/Feb/2021:11:52:25 +0800] "GET /xingrg/all/function/internal_message.html?_=1613101959176&CODE_STATE=getMsg HTTP/1.1" 200 27
116.224.253.72 - - [12/Feb/2021:11:52:25 +0800] "POST /xingrg/kc/base/wldb_order_operate.html HTTP/1.1" 200 6806
116.224.253.72 - - [12/Feb/2021:11:52:26 +0800] "GET /xingrg/javascript/easyui/themes/default/validatebox.css HTTP/1.1" 404 1104
116.224.253.72 - - [12/Feb/2021:11:52:33 +0800] "GET /xingrg/kc/base/wldb_order_operate.html?command=get_materiel&rest_code=00150&base_code=0010446&code=00102002610 HTTP/1.1" 200 430
120.253.135.82 - - [12/Feb/2021:11:52:36 +0800] "GET /xingrg/all/function/internal_message.html?_=1613101980820&CODE_STATE=getMsg HTTP/1.1" 200 27
61.165.42.208 - - [12/Feb/2021:11:52:36 +0800] "GET /xingrg/all/function/internal_message.html?_=1613101935010&CODE_STATE=getMsg HTTP/1.1" 200 27
180.169.147.146 - - [12/Feb/2021:11:52:40 +0800] "GET /xingrg/kc/buy/cgsh_order_operate.html?command=get_materiel&rest_code=00147&code=00101008254&supplier_code=00100007&order_time=2021-02-12 HTTP/1.1" 200 412
116.224.253.72 - - [12/Feb/2021:11:52:40 +0800] "POST /xingrg/kc/base/wldb_order_operate.html HTTP/1.1" 200 37
117.185.32.26 - - [12/Feb/2021:11:52:43 +0800] "GET /xingrg/all/function/internal_message.html?_=1613102433640&CODE_STATE=getMsg HTTP/1.1" 200 27
101.85.93.83 - - [12/Feb/2021:11:52:46 +0800] "GET /xingrg/all/function/internal_message.html?_=1613101586760&CODE_STATE=getMsg HTTP/1.1" 200 27
116.224.253.72 - - [12/Feb/2021:11:52:47 +0800] "GET /xingrg/all/function/internal_message.html?_=1613101963768&CODE_STATE=getMsg HTTP/1.1" 200 27
116.224.253.72 - - [12/Feb/2021:11:52:47 +0800] "POST /xingrg/kc/base/wldb_order_operate.html HTTP/1.1" 200 12
116.224.253.72 - - [12/Feb/2021:11:52:47 +0800] "POST /xingrg/kc/base/wldb_order_operate.html HTTP/1.1" 200 2191
116.224.253.72 - - [12/Feb/2021:11:52:50 +0800] "GET /xingrg/kc/base/wldb_order_info.html?code=422021021201499 HTTP/1.1" 200 26385
116.224.253.72 - - [12/Feb/2021:11:52:50 +0800] "GET /xingrg/javascript/easyui/themes/default/validatebox.css HTTP/1.1" 404 1104
116.224.253.72 - - [12/Feb/2021:11:52:51 +0800] "POST /xingrg/kc/base/wldb_order_operate.html HTTP/1.1" 200 485
58.37.230.33 - - [12/Feb/2021:11:52:54 +0800] "GET /xingrg/all/function/internal_message.html?_=1613101977770&CODE_STATE=getMsg HTTP/1.1" 200 27
180.169.147.146 - - [12/Feb/2021:11:52:56 +0800] "GET /xingrg/kc/buy/cgsh_order_operate.html?command=get_materiel&rest_code=00147&code=00101008350&supplier_code=00100007&order_time=2021-02-12 HTTP/1.1" 200 429
116.227.208.86 - - [12/Feb/2021:11:52:58 +0800] "GET /xingrg/all/function/internal_message.html?_=1613101973025&CODE_STATE=getMsg HTTP/1.1" 200 27
116.224.253.72 - - [12/Feb/2021:11:52:59 +0800] "GET /xingrg/kc/base/yddb_order_list.html HTTP/1.1" 200 16951
116.224.253.72 - - [12/Feb/2021:11:52:59 +0800] "POST /xingrg/kc/base/yddb_list_operate.html HTTP/1.1" 200 636
116.224.253.72 - - [12/Feb/2021:11:53:00 +0800] "GET /xingrg/kc/base/yddb_order_add.html HTTP/1.1" 200 29745
116.224.253.72 - - [12/Feb/2021:11:53:00 +0800] "GET /xingrg/dwr/util.js HTTP/1.1" 304 -
116.224.253.72 - - [12/Feb/2021:11:53:00 +0800] "GET /xingrg/dwr/interface/AjaxYddbService.js HTTP/1.1" 200 13201
116.224.253.72 - - [12/Feb/2021:11:53:00 +0800] "GET /xingrg/dwr/engine.js HTTP/1.1" 200 43631
116.224.253.72 - - [12/Feb/2021:11:53:00 +0800] "GET /xingrg/dwr/interface/AjaxComOrderService.js HTTP/1.1" 200 18264
117.185.32.26 - - [12/Feb/2021:11:53:01 +0800] "GET /xingrg/all/function/internal_message.html?_=1613101974012&CODE_STATE=getMsg HTTP/1.1" 200 27
116.224.253.72 - - [12/Feb/2021:11:53:03 +0800] "POST /xingrg/dwr/call/plaincall/AjaxYddbService.getRestBases.dwr HTTP/1.1" 200 1514
180.169.147.146 - - [12/Feb/2021:11:53:07 +0800] "GET /xingrg/kc/buy/cgsh_order_operate.html?command=get_materiel&rest_code=00147&code=00102014046&supplier_code=00100007&order_time=2021-02-12 HTTP/1.1" 200 409
180.174.195.252 - - [12/Feb/2021:11:53:08 +0800] "GET /xingrg/all/function/internal_message.html?_=1613102230631&CODE_STATE=getMsg HTTP/1.1" 200 27
116.224.253.72 - - [12/Feb/2021:11:53:08 +0800] "POST /xingrg/dwr/call/plaincall/AjaxYddbService.saveOrder.dwr HTTP/1.1" 200 78
116.224.253.72 - - [12/Feb/2021:11:53:09 +0800] "GET /xingrg/images/yd/bt.gif HTTP/1.1" 404 1040
180.169.147.146 - - [12/Feb/2021:11:53:09 +0800] "POST /xingrg/kc/buy/cgsh_order_operate.html HTTP/1.1" 200 2065
116.224.253.72 - - [12/Feb/2021:11:53:11 +0800] "POST /xingrg/dwr/call/plaincall/AjaxComOrderService.getMaterielSearchList.dwr HTTP/1.1" 200 13719
172.20.0.100 - - [12/Feb/2021:11:53:11 +0800] "GET /xingrg/check_reg.html?_=1613101985440 HTTP/1.1" 302 -
116.224.253.72 - - [12/Feb/2021:11:53:11 +0800] "POST /xingrg/dwr/call/plaincall/AjaxComOrderService.getMaterielSearchList.dwr HTTP/1.1" 200 683
114.88.166.193 - - [12/Feb/2021:11:53:12 +0800] "GET /xingrg/all/function/internal_message.html?_=1613101986594&CODE_STATE=getMsg HTTP/1.1" 200 27
116.224.253.72 - - [12/Feb/2021:11:53:14 +0800] "POST /xingrg/dwr/call/plaincall/AjaxYddbService.getMaterielByMap.dwr HTTP/1.1" 200 3670
116.224.253.72 - - [12/Feb/2021:11:53:14 +0800] "GET /xingrg/all/function/internal_message.html?_=1613101988552&CODE_STATE=getMsg HTTP/1.1" 200 27
116.224.253.72 - - [12/Feb/2021:11:53:16 +0800] "POST /xingrg/dwr/call/plaincall/AjaxYddbService.saveMaterielItem.dwr HTTP/1.1" 200 78
180.169.147.146 - - [12/Feb/2021:11:53:16 +0800] "GET /xingrg/all/function/internal_message.html?_=1613101985763&CODE_STATE=getMsg HTTP/1.1" 200 27
180.169.147.146 - - [12/Feb/2021:11:53:17 +0800] "GET /xingrg/kc/buy/cgsh_order_operate.html?command=get_materiel&rest_code=00147&code=00101008331&supplier_code=00100007&order_time=2021-02-12 HTTP/1.1" 200 416
120.253.135.82 - - [12/Feb/2021:11:53:17 +0800] "GET /xingrg/check_reg.html?_=1613102022092 HTTP/1.1" 200 22
116.224.253.72 - - [12/Feb/2021:11:53:18 +0800] "POST /xingrg/dwr/call/plaincall/AjaxComOrderService.getMaterielSearchList.dwr HTTP/1.1" 200 1281
116.224.253.72 - - [12/Feb/2021:11:53:20 +0800] "POST /xingrg/dwr/call/plaincall/AjaxYddbService.getMaterielByMap.dwr HTTP/1.1" 200 3678
116.224.253.72 - - [12/Feb/2021:11:53:22 +0800] "GET /xingrg/images/yd/bt2.gif HTTP/1.1" 404 1042
116.224.253.72 - - [12/Feb/2021:11:53:22 +0800] "POST /xingrg/dwr/call/plaincall/AjaxYddbService.saveMaterielItem.dwr HTTP/1.1" 200 78
101.228.165.73 - - [12/Feb/2021:11:53:24 +0800] "GET /xingrg/check_reg.html?_=1613102018250 HTTP/1.1" 200 22
101.228.165.73 - - [12/Feb/2021:11:53:25 +0800] "GET /xingrg/all/function/internal_message.html?_=1613102019190&CODE_STATE=getMsg HTTP/1.1" 200 27
116.224.253.72 - - [12/Feb/2021:11:53:25 +0800] "POST /xingrg/dwr/call/plaincall/AjaxYddbService.checkOrder.dwr HTTP/1.1" 200 78
116.224.253.72 - - [12/Feb/2021:11:53:29 +0800] "GET /xingrg/kc/base/yddb_order_info.html?code=482021021200115 HTTP/1.1" 200 29375
116.224.253.72 - - [12/Feb/2021:11:53:29 +0800] "GET /xingrg/dwr/interface/AjaxComOrderService.js HTTP/1.1" 200 18264
116.224.253.72 - - [12/Feb/2021:11:53:29 +0800] "GET /xingrg/dwr/interface/AjaxYddbService.js HTTP/1.1" 200 13201
116.224.253.72 - - [12/Feb/2021:11:53:29 +0800] "GET /xingrg/dwr/engine.js HTTP/1.1" 200 43631
116.224.253.72 - - [12/Feb/2021:11:53:30 +0800] "POST /xingrg/dwr/call/plaincall/AjaxYddbService.loadMaterielItems.dwr HTTP/1.1" 200 732
116.224.253.72 - - [12/Feb/2021:11:53:32 +0800] "GET /xingrg/kc/base/yddb_order_add.html HTTP/1.1" 200 29745
116.224.253.72 - - [12/Feb/2021:11:53:32 +0800] "GET /xingrg/dwr/interface/AjaxYddbService.js HTTP/1.1" 200 13201
116.224.253.72 - - [12/Feb/2021:11:53:32 +0800] "GET /xingrg/dwr/interface/AjaxComOrderService.js HTTP/1.1" 200 18264
116.224.253.72 - - [12/Feb/2021:11:53:32 +0800] "GET /xingrg/dwr/engine.js HTTP/1.1" 200 43631
180.169.147.146 - - [12/Feb/2021:11:53:35 +0800] "GET /xingrg/kc/buy/cgsh_order_operate.html?command=get_materiel&rest_code=00147&code=00101022052&supplier_code=00100007&order_time=2021-02-12 HTTP/1.1" 200 431
116.224.253.72 - - [12/Feb/2021:11:53:36 +0800] "POST /xingrg/dwr/call/plaincall/AjaxYddbService.getRestBases.dwr HTTP/1.1" 200 1514
61.165.42.208 - - [12/Feb/2021:11:53:36 +0800] "GET /xingrg/all/function/internal_message.html?_=1613101994995&CODE_STATE=getMsg HTTP/1.1" 200 27
120.253.135.82 - - [12/Feb/2021:11:53:36 +0800] "GET /xingrg/all/function/internal_message.html?_=1613102040829&CODE_STATE=getMsg HTTP/1.1" 200 27
116.224.253.72 - - [12/Feb/2021:11:53:41 +0800] "POST /xingrg/dwr/call/plaincall/AjaxYddbService.saveOrder.dwr HTTP/1.1" 200 78
117.185.32.26 - - [12/Feb/2021:11:53:43 +0800] "GET /xingrg/all/function/internal_message.html?_=1613102493624&CODE_STATE=getMsg HTTP/1.1" 200 27
116.224.253.72 - - [12/Feb/2021:11:53:43 +0800] "POST /xingrg/dwr/call/plaincall/AjaxComOrderService.getMaterielSearchList.dwr HTTP/1.1" 200 22430
116.224.253.72 - - [12/Feb/2021:11:53:44 +0800] "POST /xingrg/dwr/call/plaincall/AjaxComOrderService.getMaterielSearchList.dwr HTTP/1.1" 200 2539
116.224.253.72 - - [12/Feb/2021:11:53:45 +0800] "POST /xingrg/dwr/call/plaincall/AjaxYddbService.getMaterielByMap.dwr HTTP/1.1" 200 3766
101.85.93.83 - - [12/Feb/2021:11:53:46 +0800] "GET /xingrg/all/function/internal_message.html?_=1613101646749&CODE_STATE=getMsg HTTP/1.1" 200 27
116.224.253.72 - - [12/Feb/2021:11:53:46 +0800] "GET /xingrg/all/function/internal_message.html?_=1613102023758&CODE_STATE=getMsg HTTP/1.1" 200 27
116.224.253.72 - - [12/Feb/2021:11:53:47 +0800] "POST /xingrg/dwr/call/plaincall/AjaxYddbService.getUnitPrice.dwr HTTP/1.1" 200 86
180.169.147.146 - - [12/Feb/2021:11:53:47 +0800] "GET /xingrg/kc/buy/cgsh_order_operate.html?command=get_materiel&rest_code=00147&code=00101008134&supplier_code=00100007&order_time=2021-02-12 HTTP/1.1" 200 412
116.224.253.72 - - [12/Feb/2021:11:53:49 +0800] "POST /xingrg/dwr/call/plaincall/AjaxYddbService.saveMaterielItem.dwr HTTP/1.1" 200 78
116.224.253.72 - - [12/Feb/2021:11:53:51 +0800] "POST /xingrg/dwr/call/plaincall/AjaxComOrderService.getMaterielSearchList.dwr HTTP/1.1" 200 484
116.224.253.72 - - [12/Feb/2021:11:53:52 +0800] "POST /xingrg/dwr/call/plaincall/AjaxComOrderService.getMaterielSearchList.dwr HTTP/1.1" 200 484
116.224.253.72 - - [12/Feb/2021:11:53:53 +0800] "POST /xingrg/dwr/call/plaincall/AjaxYddbService.getMaterielByMap.dwr HTTP/1.1" 200 3768
58.37.230.33 - - [12/Feb/2021:11:53:54 +0800] "GET /xingrg/all/function/internal_message.html?_=1613102037744&CODE_STATE=getMsg HTTP/1.1" 200 27
116.224.253.72 - - [12/Feb/2021:11:53:55 +0800] "POST /xingrg/dwr/call/plaincall/AjaxYddbService.getUnitPrice.dwr HTTP/1.1" 200 88
116.224.253.72 - - [12/Feb/2021:11:53:57 +0800] "POST /xingrg/dwr/call/plaincall/AjaxYddbService.saveMaterielItem.dwr HTTP/1.1" 200 79
116.227.208.86 - - [12/Feb/2021:11:53:58 +0800] "GET /xingrg/all/function/internal_message.html?_=1613102033030&CODE_STATE=getMsg HTTP/1.1" 200 27
180.169.147.146 - - [12/Feb/2021:11:53:59 +0800] "GET /xingrg/kc/buy/cgsh_order_operate.html?command=get_materiel&rest_code=00147&code=00101008336&supplier_code=00100007&order_time=2021-02-12 HTTP/1.1" 200 412
116.224.253.72 - - [12/Feb/2021:11:54:00 +0800] "POST /xingrg/dwr/call/plaincall/AjaxComOrderService.getMaterielSearchList.dwr HTTP/1.1" 200 25146
116.224.253.72 - - [12/Feb/2021:11:54:01 +0800] "POST /xingrg/dwr/call/plaincall/AjaxComOrderService.getMaterielSearchList.dwr HTTP/1.1" 200 1504
117.185.32.26 - - [12/Feb/2021:11:54:01 +0800] "GET /xingrg/all/function/internal_message.html?_=1613102033994&CODE_STATE=getMsg HTTP/1.1" 200 27
116.224.253.72 - - [12/Feb/2021:11:54:02 +0800] "POST /xingrg/dwr/call/plaincall/AjaxYddbService.getMaterielByMap.dwr HTTP/1.1" 200 3753
116.224.253.72 - - [12/Feb/2021:11:54:03 +0800] "POST /xingrg/dwr/call/plaincall/AjaxYddbService.getUnitPrice.dwr HTTP/1.1" 200 87
116.224.253.72 - - [12/Feb/2021:11:54:07 +0800] "POST /xingrg/dwr/call/plaincall/AjaxYddbService.saveMaterielItem.dwr HTTP/1.1" 200 79
180.174.195.252 - - [12/Feb/2021:11:54:08 +0800] "GET /xingrg/all/function/internal_message.html?_=1613102290633&CODE_STATE=getMsg HTTP/1.1" 200 27
116.224.253.72 - - [12/Feb/2021:11:54:10 +0800] "POST /xingrg/dwr/call/plaincall/AjaxComOrderService.getMaterielSearchList.dwr HTTP/1.1" 200 298
116.224.253.72 - - [12/Feb/2021:11:54:10 +0800] "POST /xingrg/dwr/call/plaincall/AjaxComOrderService.getMaterielSearchList.dwr HTTP/1.1" 200 298
180.169.147.146 - - [12/Feb/2021:11:54:11 +0800] "GET /xingrg/kc/buy/cgsh_order_operate.html?command=get_materiel&rest_code=00147&code=00101008337&supplier_code=00100007&order_time=2021-02-12 HTTP/1.1" 200 427
116.224.253.72 - - [12/Feb/2021:11:54:12 +0800] "POST /xingrg/dwr/call/plaincall/AjaxYddbService.getMaterielByMap.dwr HTTP/1.1" 200 3729
114.88.166.193 - - [12/Feb/2021:11:54:12 +0800] "GET /xingrg/all/function/internal_message.html?_=1613102046663&CODE_STATE=getMsg HTTP/1.1" 200 27
116.224.253.72 - - [12/Feb/2021:11:54:13 +0800] "POST /xingrg/dwr/call/plaincall/AjaxYddbService.getUnitPrice.dwr HTTP/1.1" 200 88
180.169.147.146 - - [12/Feb/2021:11:54:13 +0800] "POST /xingrg/kc/buy/cgsh_order_operate.html HTTP/1.1" 200 2065
116.224.253.72 - - [12/Feb/2021:11:54:14 +0800] "GET /xingrg/all/function/internal_message.html?_=1613102048552&CODE_STATE=getMsg HTTP/1.1" 200 27
180.169.147.146 - - [12/Feb/2021:11:54:16 +0800] "GET /xingrg/all/function/internal_message.html?_=1613102045660&CODE_STATE=getMsg HTTP/1.1" 200 27
116.224.253.72 - - [12/Feb/2021:11:54:16 +0800] "POST /xingrg/dwr/call/plaincall/AjaxYddbService.saveMaterielItem.dwr HTTP/1.1" 200 79
116.224.253.72 - - [12/Feb/2021:11:54:19 +0800] "POST /xingrg/dwr/call/plaincall/AjaxComOrderService.getMaterielSearchList.dwr HTTP/1.1" 200 24292
116.224.253.72 - - [12/Feb/2021:11:54:20 +0800] "POST /xingrg/dwr/call/plaincall/AjaxComOrderService.getMaterielSearchList.dwr HTTP/1.1" 200 1576
116.224.253.72 - - [12/Feb/2021:11:54:22 +0800] "POST /xingrg/dwr/call/plaincall/AjaxYddbService.getMaterielByMap.dwr HTTP/1.1" 200 3758
101.228.165.73 - - [12/Feb/2021:11:54:25 +0800] "GET /xingrg/all/function/internal_message.html?_=1613102079203&CODE_STATE=getMsg HTTP/1.1" 200 27
61.165.42.208 - - [12/Feb/2021:11:54:27 +0800] "GET /xingrg/check_reg.html?_=1613102045807 HTTP/1.1" 200 22
116.224.253.72 - - [12/Feb/2021:11:54:27 +0800] "POST /xingrg/dwr/call/plaincall/AjaxYddbService.saveMaterielItem.dwr HTTP/1.1" 200 79
116.224.253.72 - - [12/Feb/2021:11:54:32 +0800] "POST /xingrg/dwr/call/plaincall/AjaxYddbService.checkOrder.dwr HTTP/1.1" 200 79
