116.224.253.72 - - [12/Feb/2021:11:54:33 +0800] "GET /xingrg/kc/base/yddb_order_info.html?code=482021021200116 HTTP/1.1" 200 29375
116.224.253.72 - - [12/Feb/2021:11:54:33 +0800] "GET /xingrg/dwr/interface/AjaxYddbService.js HTTP/1.1" 200 13201
116.224.253.72 - - [12/Feb/2021:11:54:33 +0800] "GET /xingrg/dwr/interface/AjaxComOrderService.js HTTP/1.1" 200 18264
116.224.253.72 - - [12/Feb/2021:11:54:33 +0800] "GET /xingrg/dwr/engine.js HTTP/1.1" 200 43631
116.224.253.72 - - [12/Feb/2021:11:54:34 +0800] "POST /xingrg/dwr/call/plaincall/AjaxYddbService.loadMaterielItems.dwr HTTP/1.1" 200 1979
61.165.42.208 - - [12/Feb/2021:11:54:36 +0800] "GET /xingrg/all/function/internal_message.html?_=1613102054968&CODE_STATE=getMsg HTTP/1.1" 200 27
120.253.135.82 - - [12/Feb/2021:11:54:36 +0800] "GET /xingrg/all/function/internal_message.html?_=1613102100842&CODE_STATE=getMsg HTTP/1.1" 200 27
116.224.253.72 - - [12/Feb/2021:11:54:38 +0800] "GET /xingrg/kc/base/yddb_order_add.html HTTP/1.1" 200 29745
116.224.253.72 - - [12/Feb/2021:11:54:38 +0800] "GET /xingrg/dwr/interface/AjaxYddbService.js HTTP/1.1" 200 13201
116.224.253.72 - - [12/Feb/2021:11:54:38 +0800] "GET /xingrg/dwr/interface/AjaxComOrderService.js HTTP/1.1" 200 18264
116.224.253.72 - - [12/Feb/2021:11:54:38 +0800] "GET /xingrg/dwr/engine.js HTTP/1.1" 200 43631
116.224.253.72 - - [12/Feb/2021:11:54:41 +0800] "POST /xingrg/dwr/call/plaincall/AjaxYddbService.getRestBases.dwr HTTP/1.1" 200 1514
180.169.147.146 - - [12/Feb/2021:11:54:43 +0800] "GET /xingrg/kc/buy/cgsh_order_operate.html?command=get_materiel&rest_code=00147&code=00101008091&supplier_code=00100007&order_time=2021-02-12 HTTP/1.1" 200 412
117.185.32.26 - - [12/Feb/2021:11:54:43 +0800] "GET /xingrg/all/function/internal_message.html?_=1613102553608&CODE_STATE=getMsg HTTP/1.1" 200 27
101.85.93.83 - - [12/Feb/2021:11:54:46 +0800] "GET /xingrg/all/function/internal_message.html?_=1613101706754&CODE_STATE=getMsg HTTP/1.1" 200 27
116.224.253.72 - - [12/Feb/2021:11:54:47 +0800] "GET /xingrg/all/function/internal_message.html?_=1613102083774&CODE_STATE=getMsg HTTP/1.1" 200 27
116.224.253.72 - - [12/Feb/2021:11:54:47 +0800] "GET /xingrg/check_reg.html?_=1613102083776 HTTP/1.1" 200 22
116.224.253.72 - - [12/Feb/2021:11:54:47 +0800] "POST /xingrg/dwr/call/plaincall/AjaxYddbService.saveOrder.dwr HTTP/1.1" 200 78
116.224.253.72 - - [12/Feb/2021:11:54:49 +0800] "POST /xingrg/dwr/call/plaincall/AjaxComOrderService.getMaterielSearchList.dwr HTTP/1.1" 200 18160
116.224.253.72 - - [12/Feb/2021:11:54:50 +0800] "POST /xingrg/dwr/call/plaincall/AjaxComOrderService.getMaterielSearchList.dwr HTTP/1.1" 200 1012
116.224.253.72 - - [12/Feb/2021:11:54:53 +0800] "POST /xingrg/dwr/call/plaincall/AjaxYddbService.getMaterielByMap.dwr HTTP/1.1" 200 3728
58.37.230.33 - - [12/Feb/2021:11:54:54 +0800] "GET /xingrg/all/function/internal_message.html?_=1613102097716&CODE_STATE=getMsg HTTP/1.1" 200 27
58.37.230.33 - - [12/Feb/2021:11:54:54 +0800] "GET /xingrg/check_reg.html?_=1613102098216 HTTP/1.1" 200 22
116.224.253.72 - - [12/Feb/2021:11:54:54 +0800] "POST /xingrg/dwr/call/plaincall/AjaxYddbService.saveMaterielItem.dwr HTTP/1.1" 200 78
116.227.208.86 - - [12/Feb/2021:11:54:58 +0800] "GET /xingrg/all/function/internal_message.html?_=1613102093018&CODE_STATE=getMsg HTTP/1.1" 200 27
116.224.253.72 - - [12/Feb/2021:11:54:58 +0800] "POST /xingrg/dwr/call/plaincall/AjaxComOrderService.getMaterielSearchList.dwr HTTP/1.1" 200 11397
180.169.147.146 - - [12/Feb/2021:11:54:58 +0800] "GET /xingrg/kc/buy/cgsh_order_operate.html?command=get_materiel&rest_code=00147&code=00101008261&supplier_code=00100007&order_time=2021-02-12 HTTP/1.1" 200 408
116.224.253.72 - - [12/Feb/2021:11:54:59 +0800] "POST /xingrg/dwr/call/plaincall/AjaxComOrderService.getMaterielSearchList.dwr HTTP/1.1" 200 429
116.224.253.72 - - [12/Feb/2021:11:55:00 +0800] "POST /xingrg/dwr/call/plaincall/AjaxYddbService.getMaterielByMap.dwr HTTP/1.1" 200 3714
117.185.32.26 - - [12/Feb/2021:11:55:01 +0800] "GET /xingrg/all/function/internal_message.html?_=1613102093971&CODE_STATE=getMsg HTTP/1.1" 200 27
116.224.253.72 - - [12/Feb/2021:11:55:01 +0800] "POST /xingrg/dwr/call/plaincall/AjaxYddbService.getUnitPrice.dwr HTTP/1.1" 200 85
116.224.253.72 - - [12/Feb/2021:11:55:05 +0800] "POST /xingrg/dwr/call/plaincall/AjaxYddbService.saveMaterielItem.dwr HTTP/1.1" 200 79
116.224.253.72 - - [12/Feb/2021:11:55:07 +0800] "POST /xingrg/dwr/call/plaincall/AjaxComOrderService.getMaterielSearchList.dwr HTTP/1.1" 200 5275
180.174.195.252 - - [12/Feb/2021:11:55:07 +0800] "GET /xingrg/check_reg.html?_=1613102350350 HTTP/1.1" 200 22
180.174.195.252 - - [12/Feb/2021:11:55:08 +0800] "GET /xingrg/all/function/internal_message.html?_=1613102350647&CODE_STATE=getMsg HTTP/1.1" 200 27
116.224.253.72 - - [12/Feb/2021:11:55:08 +0800] "POST /xingrg/dwr/call/plaincall/AjaxComOrderService.getMaterielSearchList.dwr HTTP/1.1" 200 1080
116.224.253.72 - - [12/Feb/2021:11:55:09 +0800] "POST /xingrg/dwr/call/plaincall/AjaxYddbService.getMaterielByMap.dwr HTTP/1.1" 200 3731
116.224.253.72 - - [12/Feb/2021:11:55:12 +0800] "POST /xingrg/dwr/call/plaincall/AjaxYddbService.saveMaterielItem.dwr HTTP/1.1" 200 79
114.88.166.193 - - [12/Feb/2021:11:55:12 +0800] "GET /xingrg/all/function/internal_message.html?_=1613102106669&CODE_STATE=getMsg HTTP/1.1" 200 27
180.169.147.146 - - [12/Feb/2021:11:55:13 +0800] "POST /xingrg/kc/buy/cgsh_order_operate.html HTTP/1.1" 200 2065
116.224.253.72 - - [12/Feb/2021:11:55:14 +0800] "GET /xingrg/all/function/internal_message.html?_=1613102108553&CODE_STATE=getMsg HTTP/1.1" 200 27
116.224.253.72 - - [12/Feb/2021:11:55:14 +0800] "POST /xingrg/dwr/call/plaincall/AjaxComOrderService.getMaterielSearchList.dwr HTTP/1.1" 200 16394
180.169.147.146 - - [12/Feb/2021:11:55:16 +0800] "GET /xingrg/all/function/internal_message.html?_=1613102105633&CODE_STATE=getMsg HTTP/1.1" 200 27
116.224.253.72 - - [12/Feb/2021:11:55:21 +0800] "POST /xingrg/dwr/call/plaincall/AjaxYddbService.getMaterielByMap.dwr HTTP/1.1" 200 3714
116.224.253.72 - - [12/Feb/2021:11:55:23 +0800] "POST /xingrg/dwr/call/plaincall/AjaxYddbService.getUnitPrice.dwr HTTP/1.1" 200 87
101.228.165.73 - - [12/Feb/2021:11:55:25 +0800] "GET /xingrg/all/function/internal_message.html?_=1613102139218&CODE_STATE=getMsg HTTP/1.1" 200 27
116.224.253.72 - - [12/Feb/2021:11:55:26 +0800] "POST /xingrg/dwr/call/plaincall/AjaxYddbService.saveMaterielItem.dwr HTTP/1.1" 200 79
116.224.253.72 - - [12/Feb/2021:11:55:30 +0800] "POST /xingrg/dwr/call/plaincall/AjaxComOrderService.getMaterielSearchList.dwr HTTP/1.1" 200 5659
116.224.253.72 - - [12/Feb/2021:11:55:31 +0800] "POST /xingrg/dwr/call/plaincall/AjaxComOrderService.getMaterielSearchList.dwr HTTP/1.1" 200 774
116.224.253.72 - - [12/Feb/2021:11:55:31 +0800] "POST /xingrg/dwr/call/plaincall/AjaxComOrderService.getMaterielSearchList.dwr HTTP/1.1" 200 739
116.224.253.72 - - [12/Feb/2021:11:55:32 +0800] "POST /xingrg/dwr/call/plaincall/AjaxComOrderService.getMaterielSearchList.dwr HTTP/1.1" 200 739
116.224.253.72 - - [12/Feb/2021:11:55:33 +0800] "POST /xingrg/dwr/call/plaincall/AjaxYddbService.getMaterielByMap.dwr HTTP/1.1" 200 3731
180.169.147.146 - - [12/Feb/2021:11:55:35 +0800] "GET /xingrg/kc/buy/cgsh_order_operate.html?command=get_materiel&rest_code=00147&code=00101008049&supplier_code=00100007&order_time=2021-02-12 HTTP/1.1" 200 408
116.224.253.72 - - [12/Feb/2021:11:55:35 +0800] "POST /xingrg/dwr/call/plaincall/AjaxYddbService.getUnitPrice.dwr HTTP/1.1" 200 86
61.165.42.208 - - [12/Feb/2021:11:55:36 +0800] "GET /xingrg/all/function/internal_message.html?_=1613102114953&CODE_STATE=getMsg HTTP/1.1" 200 27
120.253.135.82 - - [12/Feb/2021:11:55:36 +0800] "GET /xingrg/all/function/internal_message.html?_=1613102160863&CODE_STATE=getMsg HTTP/1.1" 200 27
116.224.253.72 - - [12/Feb/2021:11:55:38 +0800] "POST /xingrg/dwr/call/plaincall/AjaxYddbService.saveMaterielItem.dwr HTTP/1.1" 200 79
117.185.32.26 - - [12/Feb/2021:11:55:43 +0800] "GET /xingrg/all/function/internal_message.html?_=1613102613620&CODE_STATE=getMsg HTTP/1.1" 200 27
116.224.253.72 - - [12/Feb/2021:11:55:45 +0800] "POST /xingrg/dwr/call/plaincall/AjaxYddbService.checkOrder.dwr HTTP/1.1" 200 79
101.85.93.83 - - [12/Feb/2021:11:55:46 +0800] "GET /xingrg/all/function/internal_message.html?_=1613101766790&CODE_STATE=getMsg HTTP/1.1" 200 27
101.85.93.83 - - [12/Feb/2021:11:55:46 +0800] "GET /xingrg/check_reg.html?_=1613101766794 HTTP/1.1" 200 22
116.224.253.72 - - [12/Feb/2021:11:55:49 +0800] "GET /xingrg/all/function/internal_message.html?_=1613102146174&CODE_STATE=getMsg HTTP/1.1" 200 27
116.224.253.72 - - [12/Feb/2021:11:55:49 +0800] "GET /xingrg/kc/base/yddb_order_info.html?code=482021021200117 HTTP/1.1" 200 29375
116.224.253.72 - - [12/Feb/2021:11:55:49 +0800] "GET /xingrg/dwr/interface/AjaxYddbService.js HTTP/1.1" 200 13201
116.224.253.72 - - [12/Feb/2021:11:55:49 +0800] "GET /xingrg/dwr/interface/AjaxComOrderService.js HTTP/1.1" 200 18264
116.224.253.72 - - [12/Feb/2021:11:55:49 +0800] "GET /xingrg/dwr/engine.js HTTP/1.1" 200 43631
116.224.253.72 - - [12/Feb/2021:11:55:49 +0800] "POST /xingrg/dwr/call/plaincall/AjaxYddbService.loadMaterielItems.dwr HTTP/1.1" 200 1840
58.37.230.33 - - [12/Feb/2021:11:55:54 +0800] "GET /xingrg/all/function/internal_message.html?_=1613102157711&CODE_STATE=getMsg HTTP/1.1" 200 27
116.224.253.72 - - [12/Feb/2021:11:55:56 +0800] "GET /xingrg/kc/base/yddb_order_add.html HTTP/1.1" 200 29745
116.224.253.72 - - [12/Feb/2021:11:55:56 +0800] "GET /xingrg/dwr/interface/AjaxComOrderService.js HTTP/1.1" 200 18264
116.224.253.72 - - [12/Feb/2021:11:55:56 +0800] "GET /xingrg/dwr/interface/AjaxYddbService.js HTTP/1.1" 200 13201
116.224.253.72 - - [12/Feb/2021:11:55:56 +0800] "GET /xingrg/dwr/engine.js HTTP/1.1" 200 43631
180.169.147.146 - - [12/Feb/2021:11:55:57 +0800] "GET /xingrg/kc/buy/cgsh_order_operate.html?command=get_materiel&rest_code=00147&code=00101008351&supplier_code=00100007&order_time=2021-02-12 HTTP/1.1" 200 428
116.227.208.86 - - [12/Feb/2021:11:55:58 +0800] "GET /xingrg/all/function/internal_message.html?_=1613102153021&CODE_STATE=getMsg HTTP/1.1" 200 27
116.224.253.72 - - [12/Feb/2021:11:55:59 +0800] "POST /xingrg/dwr/call/plaincall/AjaxYddbService.getRestBases.dwr HTTP/1.1" 200 1514
117.185.32.26 - - [12/Feb/2021:11:56:01 +0800] "GET /xingrg/all/function/internal_message.html?_=1613102153945&CODE_STATE=getMsg HTTP/1.1" 200 27
180.169.147.146 - - [12/Feb/2021:11:56:06 +0800] "GET /xingrg/kc/buy/cgsh_order_operate.html?command=get_materiel&rest_code=00147&code=00101008199&supplier_code=00100007&order_time=2021-02-12 HTTP/1.1" 200 408
180.174.195.252 - - [12/Feb/2021:11:56:08 +0800] "GET /xingrg/all/function/internal_message.html?_=1613102410661&CODE_STATE=getMsg HTTP/1.1" 200 27
116.224.253.72 - - [12/Feb/2021:11:56:08 +0800] "POST /xingrg/dwr/call/plaincall/AjaxYddbService.saveOrder.dwr HTTP/1.1" 200 78
114.88.166.193 - - [12/Feb/2021:11:56:11 +0800] "GET /xingrg/check_reg.html?_=1613102165510 HTTP/1.1" 200 22
116.224.253.72 - - [12/Feb/2021:11:56:11 +0800] "POST /xingrg/dwr/call/plaincall/AjaxComOrderService.getMaterielSearchList.dwr HTTP/1.1" 200 591
116.224.253.72 - - [12/Feb/2021:11:56:11 +0800] "POST /xingrg/dwr/call/plaincall/AjaxComOrderService.getMaterielSearchList.dwr HTTP/1.1" 200 421916
114.88.166.193 - - [12/Feb/2021:11:56:12 +0800] "GET /xingrg/all/function/internal_message.html?_=1613102166683&CODE_STATE=getMsg HTTP/1.1" 200 27
116.224.253.72 - - [12/Feb/2021:11:56:14 +0800] "GET /xingrg/all/function/internal_message.html?_=1613102168556&CODE_STATE=getMsg HTTP/1.1" 200 27
116.224.253.72 - - [12/Feb/2021:11:56:14 +0800] "GET /xingrg/check_reg.html?_=1613102168555 HTTP/1.1" 200 22
116.224.253.72 - - [12/Feb/2021:11:56:14 +0800] "POST /xingrg/dwr/call/plaincall/AjaxComOrderService.getMaterielSearchList.dwr HTTP/1.1" 200 76
180.169.147.146 - - [12/Feb/2021:11:56:16 +0800] "GET /xingrg/all/function/internal_message.html?_=1613102165607&CODE_STATE=getMsg HTTP/1.1" 200 27
116.224.253.72 - - [12/Feb/2021:11:56:16 +0800] "POST /xingrg/dwr/call/plaincall/AjaxComOrderService.getMaterielSearchList.dwr HTTP/1.1" 200 421916
116.224.253.72 - - [12/Feb/2021:11:56:17 +0800] "POST /xingrg/dwr/call/plaincall/AjaxComOrderService.getMaterielSearchList.dwr HTTP/1.1" 200 591
180.169.147.146 - - [12/Feb/2021:11:56:20 +0800] "GET /xingrg/kc/buy/cgsh_order_operate.html?command=get_materiel&rest_code=00147&code=00101008370&supplier_code=00100007&order_time=2021-02-12 HTTP/1.1" 200 412
116.224.253.72 - - [12/Feb/2021:11:56:20 +0800] "POST /xingrg/dwr/call/plaincall/AjaxYddbService.getMaterielByMap.dwr HTTP/1.1" 200 3753
116.224.253.72 - - [12/Feb/2021:11:56:22 +0800] "POST /xingrg/dwr/call/plaincall/AjaxYddbService.getUnitPrice.dwr HTTP/1.1" 200 86
180.169.147.146 - - [12/Feb/2021:11:56:24 +0800] "POST /xingrg/kc/buy/cgsh_order_operate.html HTTP/1.1" 200 2065
116.224.253.72 - - [12/Feb/2021:11:56:25 +0800] "POST /xingrg/dwr/call/plaincall/AjaxYddbService.saveMaterielItem.dwr HTTP/1.1" 200 78
101.228.165.73 - - [12/Feb/2021:11:56:25 +0800] "GET /xingrg/all/function/internal_message.html?_=1613102199297&CODE_STATE=getMsg HTTP/1.1" 200 27
116.224.253.72 - - [12/Feb/2021:11:56:28 +0800] "POST /xingrg/dwr/call/plaincall/AjaxComOrderService.getMaterielSearchList.dwr HTTP/1.1" 200 16394
180.169.147.146 - - [12/Feb/2021:11:56:30 +0800] "GET /xingrg/kc/buy/cgsh_order_operate.html?command=get_materiel&rest_code=00147&code=00101008141&supplier_code=00100007&order_time=2021-02-12 HTTP/1.1" 200 412
116.224.253.72 - - [12/Feb/2021:11:56:35 +0800] "POST /xingrg/dwr/call/plaincall/AjaxYddbService.getMaterielByMap.dwr HTTP/1.1" 200 3714
117.185.32.26 - - [12/Feb/2021:11:56:35 +0800] "GET /xingrg/check_reg.html?_=1613102188294 HTTP/1.1" 200 22
61.165.42.208 - - [12/Feb/2021:11:56:36 +0800] "GET /xingrg/all/function/internal_message.html?_=1613102174939&CODE_STATE=getMsg HTTP/1.1" 200 27
120.253.135.82 - - [12/Feb/2021:11:56:36 +0800] "GET /xingrg/all/function/internal_message.html?_=1613102220868&CODE_STATE=getMsg HTTP/1.1" 200 27
116.224.253.72 - - [12/Feb/2021:11:56:36 +0800] "POST /xingrg/dwr/call/plaincall/AjaxYddbService.getUnitPrice.dwr HTTP/1.1" 200 87
180.169.147.146 - - [12/Feb/2021:11:56:40 +0800] "GET /xingrg/kc/buy/cgsh_order_operate.html?command=get_materiel&rest_code=00147&code=00101008059&supplier_code=00100007&order_time=2021-02-12 HTTP/1.1" 200 408
116.224.253.72 - - [12/Feb/2021:11:56:41 +0800] "POST /xingrg/dwr/call/plaincall/AjaxYddbService.saveMaterielItem.dwr HTTP/1.1" 200 79
117.185.32.26 - - [12/Feb/2021:11:56:43 +0800] "GET /xingrg/all/function/internal_message.html?_=1613102673603&CODE_STATE=getMsg HTTP/1.1" 200 27
116.224.253.72 - - [12/Feb/2021:11:56:45 +0800] "POST /xingrg/dwr/call/plaincall/AjaxComOrderService.getMaterielSearchList.dwr HTTP/1.1" 200 302753
116.224.253.72 - - [12/Feb/2021:11:56:45 +0800] "POST /xingrg/dwr/call/plaincall/AjaxComOrderService.getMaterielSearchList.dwr HTTP/1.1" 200 739
101.85.93.83 - - [12/Feb/2021:11:56:46 +0800] "GET /xingrg/all/function/internal_message.html?_=1613101826789&CODE_STATE=getMsg HTTP/1.1" 200 27
116.224.253.72 - - [12/Feb/2021:11:56:48 +0800] "POST /xingrg/dwr/call/plaincall/AjaxYddbService.getMaterielByMap.dwr HTTP/1.1" 200 3751
116.224.253.72 - - [12/Feb/2021:11:56:49 +0800] "GET /xingrg/all/function/internal_message.html?_=1613102206152&CODE_STATE=getMsg HTTP/1.1" 200 27
116.224.253.72 - - [12/Feb/2021:11:56:52 +0800] "POST /xingrg/dwr/call/plaincall/AjaxYddbService.saveMaterielItem.dwr HTTP/1.1" 200 79
58.37.230.33 - - [12/Feb/2021:11:56:54 +0800] "GET /xingrg/all/function/internal_message.html?_=1613102217691&CODE_STATE=getMsg HTTP/1.1" 200 27
180.169.147.146 - - [12/Feb/2021:11:56:55 +0800] "GET /xingrg/kc/buy/cgsh_order_operate.html?command=get_materiel&rest_code=00147&code=00101008357&supplier_code=00100007&order_time=2021-02-12 HTTP/1.1" 200 408
116.224.253.72 - - [12/Feb/2021:11:56:55 +0800] "POST /xingrg/dwr/call/plaincall/AjaxComOrderService.getMaterielSearchList.dwr HTTP/1.1" 200 5153
116.224.253.72 - - [12/Feb/2021:11:56:56 +0800] "POST /xingrg/dwr/call/plaincall/AjaxComOrderService.getMaterielSearchList.dwr HTTP/1.1" 200 1130
116.224.253.72 - - [12/Feb/2021:11:56:56 +0800] "POST /xingrg/dwr/call/plaincall/AjaxComOrderService.getMaterielSearchList.dwr HTTP/1.1" 200 1130
116.224.253.72 - - [12/Feb/2021:11:56:57 +0800] "POST /xingrg/dwr/call/plaincall/AjaxYddbService.getMaterielByMap.dwr HTTP/1.1" 200 3742
116.227.208.86 - - [12/Feb/2021:11:56:58 +0800] "GET /xingrg/all/function/internal_message.html?_=1613102213024&CODE_STATE=getMsg HTTP/1.1" 200 27
116.227.208.86 - - [12/Feb/2021:11:56:58 +0800] "GET /xingrg/check_reg.html?_=1613102213025 HTTP/1.1" 200 22
116.224.253.72 - - [12/Feb/2021:11:56:59 +0800] "POST /xingrg/dwr/call/plaincall/AjaxYddbService.getUnitPrice.dwr HTTP/1.1" 200 87
117.185.32.26 - - [12/Feb/2021:11:57:01 +0800] "GET /xingrg/all/function/internal_message.html?_=1613102213947&CODE_STATE=getMsg HTTP/1.1" 200 27
117.185.32.26 - - [12/Feb/2021:11:57:02 +0800] "GET /xingrg/check_reg.html?_=1613102691936 HTTP/1.1" 200 22
116.224.253.72 - - [12/Feb/2021:11:57:02 +0800] "POST /xingrg/dwr/call/plaincall/AjaxYddbService.saveMaterielItem.dwr HTTP/1.1" 200 79
116.224.253.72 - - [12/Feb/2021:11:57:05 +0800] "POST /xingrg/dwr/call/plaincall/AjaxComOrderService.getMaterielSearchList.dwr HTTP/1.1" 200 24187
116.224.253.72 - - [12/Feb/2021:11:57:06 +0800] "POST /xingrg/dwr/call/plaincall/AjaxComOrderService.getMaterielSearchList.dwr HTTP/1.1" 200 1382
180.174.195.252 - - [12/Feb/2021:11:57:08 +0800] "GET /xingrg/all/function/internal_message.html?_=1613102470675&CODE_STATE=getMsg HTTP/1.1" 200 27
116.224.253.72 - - [12/Feb/2021:11:57:08 +0800] "POST /xingrg/dwr/call/plaincall/AjaxYddbService.getMaterielByMap.dwr HTTP/1.1" 200 3718
180.169.147.146 - - [12/Feb/2021:11:57:09 +0800] "GET /xingrg/kc/buy/cgsh_order_operate.html?command=get_materiel&rest_code=00147&code=00101008371&supplier_code=00100007&order_time=2021-02-12 HTTP/1.1" 200 412
116.224.253.72 - - [12/Feb/2021:11:57:11 +0800] "POST /xingrg/dwr/call/plaincall/AjaxYddbService.saveMaterielItem.dwr HTTP/1.1" 200 79
114.88.166.193 - - [12/Feb/2021:11:57:12 +0800] "GET /xingrg/all/function/internal_message.html?_=1613102226696&CODE_STATE=getMsg HTTP/1.1" 200 27
116.224.253.72 - - [12/Feb/2021:11:57:14 +0800] "GET /xingrg/all/function/internal_message.html?_=1613102228556&CODE_STATE=getMsg HTTP/1.1" 200 27
116.224.253.72 - - [12/Feb/2021:11:57:15 +0800] "POST /xingrg/dwr/call/plaincall/AjaxComOrderService.getMaterielSearchList.dwr HTTP/1.1" 200 394248
180.169.147.146 - - [12/Feb/2021:11:57:16 +0800] "GET /xingrg/all/function/internal_message.html?_=1613102225583&CODE_STATE=getMsg HTTP/1.1" 200 27
116.224.253.72 - - [12/Feb/2021:11:57:16 +0800] "POST /xingrg/dwr/call/plaincall/AjaxComOrderService.getMaterielSearchList.dwr HTTP/1.1" 200 1095
180.169.147.146 - - [12/Feb/2021:11:57:16 +0800] "GET /xingrg/check_reg.html?_=1613102226208 HTTP/1.1" 200 22
116.224.253.72 - - [12/Feb/2021:11:57:18 +0800] "POST /xingrg/dwr/call/plaincall/AjaxYddbService.getMaterielByMap.dwr HTTP/1.1" 200 3713
180.169.147.146 - - [12/Feb/2021:11:57:19 +0800] "GET /xingrg/kc/buy/cgsh_order_operate.html?command=get_materiel&rest_code=00147&code=00101008213&supplier_code=00100007&order_time=2021-02-12 HTTP/1.1" 200 412
116.224.253.72 - - [12/Feb/2021:11:57:20 +0800] "POST /xingrg/dwr/call/plaincall/AjaxYddbService.getUnitPrice.dwr HTTP/1.1" 200 87
180.169.147.146 - - [12/Feb/2021:11:57:21 +0800] "POST /xingrg/kc/buy/cgsh_order_operate.html HTTP/1.1" 200 2065
116.224.253.72 - - [12/Feb/2021:11:57:22 +0800] "POST /xingrg/dwr/call/plaincall/AjaxYddbService.saveMaterielItem.dwr HTTP/1.1" 200 79
101.228.165.73 - - [12/Feb/2021:11:57:25 +0800] "GET /xingrg/all/function/internal_message.html?_=1613102259306&CODE_STATE=getMsg HTTP/1.1" 200 27
116.224.253.72 - - [12/Feb/2021:11:57:26 +0800] "POST /xingrg/dwr/call/plaincall/AjaxComOrderService.getMaterielSearchList.dwr HTTP/1.1" 200 20908
116.224.253.72 - - [12/Feb/2021:11:57:27 +0800] "POST /xingrg/dwr/call/plaincall/AjaxComOrderService.getMaterielSearchList.dwr HTTP/1.1" 200 298
116.224.253.72 - - [12/Feb/2021:11:57:28 +0800] "POST /xingrg/dwr/call/plaincall/AjaxYddbService.getMaterielByMap.dwr HTTP/1.1" 200 3732
180.169.147.146 - - [12/Feb/2021:11:57:29 +0800] "GET /xingrg/kc/buy/cgsh_order_operate.html?command=get_materiel&rest_code=00147&code=00101008312&supplier_code=00100007&order_time=2021-02-12 HTTP/1.1" 200 412
116.224.253.72 - - [12/Feb/2021:11:57:31 +0800] "POST /xingrg/dwr/call/plaincall/AjaxYddbService.saveMaterielItem.dwr HTTP/1.1" 200 79
116.224.253.72 - - [12/Feb/2021:11:57:35 +0800] "POST /xingrg/dwr/call/plaincall/AjaxComOrderService.getMaterielSearchList.dwr HTTP/1.1" 200 14702
116.224.253.72 - - [12/Feb/2021:11:57:36 +0800] "POST /xingrg/dwr/call/plaincall/AjaxComOrderService.getMaterielSearchList.dwr HTTP/1.1" 200 1160
61.165.42.208 - - [12/Feb/2021:11:57:36 +0800] "GET /xingrg/all/function/internal_message.html?_=1613102234924&CODE_STATE=getMsg HTTP/1.1" 200 27
120.253.135.82 - - [12/Feb/2021:11:57:36 +0800] "GET /xingrg/all/function/internal_message.html?_=1613102280892&CODE_STATE=getMsg HTTP/1.1" 200 27
116.224.253.72 - - [12/Feb/2021:11:57:38 +0800] "POST /xingrg/dwr/call/plaincall/AjaxYddbService.getMaterielByMap.dwr HTTP/1.1" 200 3727
180.169.147.146 - - [12/Feb/2021:11:57:40 +0800] "GET /xingrg/kc/buy/cgsh_order_operate.html?command=get_materiel&rest_code=00147&code=00101008034&supplier_code=00100007&order_time=2021-02-12 HTTP/1.1" 200 408
116.224.253.72 - - [12/Feb/2021:11:57:40 +0800] "POST /xingrg/dwr/call/plaincall/AjaxYddbService.saveMaterielItem.dwr HTTP/1.1" 200 79
117.185.32.26 - - [12/Feb/2021:11:57:43 +0800] "GET /xingrg/all/function/internal_message.html?_=1613102733575&CODE_STATE=getMsg HTTP/1.1" 200 27
101.85.93.83 - - [12/Feb/2021:11:57:46 +0800] "GET /xingrg/all/function/internal_message.html?_=1613101886778&CODE_STATE=getMsg HTTP/1.1" 200 27
116.224.253.72 - - [12/Feb/2021:11:57:48 +0800] "POST /xingrg/dwr/call/plaincall/AjaxYddbService.checkOrder.dwr HTTP/1.1" 200 79
116.224.253.72 - - [12/Feb/2021:11:57:49 +0800] "GET /xingrg/all/function/internal_message.html?_=1613102266572&CODE_STATE=getMsg HTTP/1.1" 200 27
116.224.253.72 - - [12/Feb/2021:11:57:49 +0800] "GET /xingrg/kc/base/yddb_order_info.html?code=482021021200118 HTTP/1.1" 200 29375
116.224.253.72 - - [12/Feb/2021:11:57:49 +0800] "GET /xingrg/dwr/interface/AjaxComOrderService.js HTTP/1.1" 200 18264
116.224.253.72 - - [12/Feb/2021:11:57:49 +0800] "GET /xingrg/dwr/interface/AjaxYddbService.js HTTP/1.1" 200 13201
116.224.253.72 - - [12/Feb/2021:11:57:49 +0800] "GET /xingrg/dwr/engine.js HTTP/1.1" 200 43631
116.224.253.72 - - [12/Feb/2021:11:57:50 +0800] "POST /xingrg/dwr/call/plaincall/AjaxYddbService.loadMaterielItems.dwr HTTP/1.1" 200 2953
58.37.230.33 - - [12/Feb/2021:11:57:54 +0800] "GET /xingrg/all/function/internal_message.html?_=1613102277670&CODE_STATE=getMsg HTTP/1.1" 200 27
180.169.147.146 - - [12/Feb/2021:11:57:54 +0800] "GET /xingrg/kc/buy/cgsh_order_operate.html?command=get_materiel&rest_code=00147&code=00101008354&supplier_code=00100007&order_time=2021-02-12 HTTP/1.1" 200 432
116.227.208.86 - - [12/Feb/2021:11:57:58 +0800] "GET /xingrg/all/function/internal_message.html?_=1613102273028&CODE_STATE=getMsg HTTP/1.1" 200 27
116.224.253.72 - - [12/Feb/2021:11:57:59 +0800] "POST /xingrg/all/user/operate.html HTTP/1.1" 200 36
116.224.253.72 - - [12/Feb/2021:11:57:59 +0800] "GET /xingrg/index.html?sysBaseUrl=http%3A%2F%2F180.169.147.146%3A18081%2Fxingrg%2F&costTime=39×tamp=1613100581145 HTTP/1.1" 200 17177
116.224.253.72 - - [12/Feb/2021:11:57:59 +0800] "GET /xingrg/javascript/jquery_easy_ui/themes/default/easyui.css HTTP/1.1" 304 -
116.224.253.72 - - [12/Feb/2021:11:57:59 +0800] "GET /xingrg/javascript/jquery_easy_ui/themes/icon.css HTTP/1.1" 304 -
116.224.253.72 - - [12/Feb/2021:11:57:59 +0800] "GET /xingrg/css/form.css HTTP/1.1" 304 -
116.224.253.72 - - [12/Feb/2021:11:57:59 +0800] "GET /xingrg/javascript/jquery-1.4.2.min.js HTTP/1.1" 304 -
116.224.253.72 - - [12/Feb/2021:11:57:59 +0800] "GET /xingrg/javascript/jquery_easy_ui/jquery.easyui.min.js HTTP/1.1" 304 -
116.224.253.72 - - [12/Feb/2021:11:57:59 +0800] "GET /xingrg/javascript/jquery_easy_ui/easyui-lang-zh_CN.js HTTP/1.1" 304 -
116.224.253.72 - - [12/Feb/2021:11:57:59 +0800] "GET /xingrg/javascript/jquery.form.js HTTP/1.1" 304 -
116.224.253.72 - - [12/Feb/2021:11:57:59 +0800] "GET /xingrg/javascript/jquery.utils.js HTTP/1.1" 304 -
116.224.253.72 - - [12/Feb/2021:11:57:59 +0800] "GET /xingrg/javascript/jquery.timers.js HTTP/1.1" 304 -
116.224.253.72 - - [12/Feb/2021:11:57:59 +0800] "GET /xingrg/images/blue/jxLogo.png HTTP/1.1" 304 -
116.224.253.72 - - [12/Feb/2021:11:57:59 +0800] "GET /xingrg/images/blue/navBackgound.jpg HTTP/1.1" 304 -
116.224.253.72 - - [12/Feb/2021:11:57:59 +0800] "GET /xingrg/javascript/jquery_easy_ui/themes/icons/settle_new.png HTTP/1.1" 304 -
116.224.253.72 - - [12/Feb/2021:11:57:59 +0800] "POST /xingrg/all/common/load_tree.html?tree=area_rest_tree_json&manage=1 HTTP/1.1" 200 476
116.224.253.72 - - [12/Feb/2021:11:57:59 +0800] "GET /xingrg/all/function/internal_message.html?_=1613102276137&CODE_STATE=count HTTP/1.1" 200 11
116.224.253.72 - - [12/Feb/2021:11:57:59 +0800] "GET /xingrg/check_reg.html?_=1613102276138 HTTP/1.1" 200 22
116.224.253.72 - - [12/Feb/2021:11:57:59 +0800] "GET /xingrg/javascript/jquery_easy_ui/themes/default/images/panel_tool_collapse.gif HTTP/1.1" 304 -
116.224.253.72 - - [12/Feb/2021:11:57:59 +0800] "GET /xingrg/images/blue/pingpu.png HTTP/1.1" 304 -
116.224.253.72 - - [12/Feb/2021:11:57:59 +0800] "GET /xingrg/javascript/jquery_easy_ui/themes/default/images/tabs_leftarrow.png HTTP/1.1" 304 -
116.224.253.72 - - [12/Feb/2021:11:57:59 +0800] "GET /xingrg/javascript/jquery_easy_ui/themes/default/images/tabs_rightarrow.png HTTP/1.1" 304 -
116.224.253.72 - - [12/Feb/2021:11:57:59 +0800] "POST /xingrg/load_menu.html HTTP/1.1" 200 5138
117.185.32.26 - - [12/Feb/2021:11:58:01 +0800] "GET /xingrg/all/function/internal_message.html?_=1613102273927&CODE_STATE=getMsg HTTP/1.1" 200 27
180.174.195.252 - - [12/Feb/2021:11:58:08 +0800] "GET /xingrg/all/function/internal_message.html?_=1613102530937&CODE_STATE=getMsg HTTP/1.1" 200 27
172.20.0.100 - - [12/Feb/2021:11:58:11 +0800] "GET /xingrg/check_reg.html?_=1613102285421 HTTP/1.1" 302 -
114.88.166.193 - - [12/Feb/2021:11:58:12 +0800] "GET /xingrg/all/function/internal_message.html?_=1613102286710&CODE_STATE=getMsg HTTP/1.1" 200 27
116.224.253.72 - - [12/Feb/2021:11:58:14 +0800] "GET /xingrg/all/function/internal_message.html?_=1613102288557&CODE_STATE=getMsg HTTP/1.1" 200 27
180.169.147.146 - - [12/Feb/2021:11:58:16 +0800] "GET /xingrg/all/function/internal_message.html?_=1613102285592&CODE_STATE=getMsg HTTP/1.1" 200 27
120.253.135.82 - - [12/Feb/2021:11:58:17 +0800] "GET /xingrg/check_reg.html?_=1613102322101 HTTP/1.1" 200 22
116.224.253.72 - - [12/Feb/2021:11:58:22 +0800] "GET /xingrg/kc/base/yddb_order_list.html HTTP/1.1" 200 16949
116.224.253.72 - - [12/Feb/2021:11:58:22 +0800] "POST /xingrg/kc/base/yddb_list_operate.html HTTP/1.1" 200 636
101.228.165.73 - - [12/Feb/2021:11:58:24 +0800] "GET /xingrg/check_reg.html?_=1613102318319 HTTP/1.1" 200 22
116.224.253.72 - - [12/Feb/2021:11:58:25 +0800] "POST /xingrg/kc/base/yddb_list_operate.html HTTP/1.1" 200 2125
101.228.165.73 - - [12/Feb/2021:11:58:25 +0800] "GET /xingrg/all/function/internal_message.html?_=1613102319320&CODE_STATE=getMsg HTTP/1.1" 200 27
116.224.253.72 - - [12/Feb/2021:11:58:27 +0800] "POST /xingrg/kc/base/yddb_list_operate.html HTTP/1.1" 200 616
116.224.253.72 - - [12/Feb/2021:11:58:27 +0800] "GET /xingrg/kc/base/yddb_order_info.html?code=482021021200118 HTTP/1.1" 200 30940
116.224.253.72 - - [12/Feb/2021:11:58:28 +0800] "GET /xingrg/dwr/interface/AjaxComOrderService.js HTTP/1.1" 200 18264
116.224.253.72 - - [12/Feb/2021:11:58:28 +0800] "GET /xingrg/dwr/interface/AjaxYddbService.js HTTP/1.1" 200 13201
116.224.253.72 - - [12/Feb/2021:11:58:28 +0800] "GET /xingrg/dwr/engine.js HTTP/1.1" 200 43631
116.224.253.72 - - [12/Feb/2021:11:58:28 +0800] "POST /xingrg/dwr/call/plaincall/AjaxYddbService.loadMaterielItems.dwr HTTP/1.1" 200 2953
180.169.147.146 - - [12/Feb/2021:11:58:29 +0800] "GET /xingrg/kc/buy/cgsh_order_operate.html?command=get_materiel&rest_code=00147&code=00101008300&supplier_code=00100007&order_time=2021-02-12 HTTP/1.1" 200 412
116.224.253.72 - - [12/Feb/2021:11:58:32 +0800] "POST /xingrg/dwr/call/plaincall/AjaxYddbService.saveOrder.dwr HTTP/1.1" 200 78
116.224.253.72 - - [12/Feb/2021:11:58:35 +0800] "POST /xingrg/dwr/call/plaincall/AjaxYddbService.objCheckOrder.dwr HTTP/1.1" 200 78
116.224.253.72 - - [12/Feb/2021:11:58:36 +0800] "GET /xingrg/kc/base/yddb_order_info.html?code=482021021200118 HTTP/1.1" 200 31061
116.224.253.72 - - [12/Feb/2021:11:58:36 +0800] "GET /xingrg/dwr/interface/AjaxComOrderService.js HTTP/1.1" 200 18264
116.224.253.72 - - [12/Feb/2021:11:58:36 +0800] "GET /xingrg/dwr/interface/AjaxYddbService.js HTTP/1.1" 200 13201
116.224.253.72 - - [12/Feb/2021:11:58:36 +0800] "GET /xingrg/dwr/engine.js HTTP/1.1" 200 43631
116.224.253.72 - - [12/Feb/2021:11:58:36 +0800] "POST /xingrg/dwr/call/plaincall/AjaxYddbService.loadMaterielItems.dwr HTTP/1.1" 200 2953
61.165.42.208 - - [12/Feb/2021:11:58:36 +0800] "GET /xingrg/all/function/internal_message.html?_=1613102294908&CODE_STATE=getMsg HTTP/1.1" 200 27
120.253.135.82 - - [12/Feb/2021:11:58:36 +0800] "GET /xingrg/all/function/internal_message.html?_=1613102340896&CODE_STATE=getMsg HTTP/1.1" 200 27
116.224.253.72 - - [12/Feb/2021:11:58:37 +0800] "GET /xingrg/kc/base/yddb_order_list.html?isBack=1 HTTP/1.1" 200 16949
116.224.253.72 - - [12/Feb/2021:11:58:37 +0800] "POST /xingrg/kc/base/yddb_list_operate.html HTTP/1.1" 200 636
180.169.147.146 - - [12/Feb/2021:11:58:39 +0800] "GET /xingrg/kc/buy/cgsh_order_operate.html?command=get_materiel&rest_code=00147&code=00101008283&supplier_code=00100007&order_time=2021-02-12 HTTP/1.1" 200 409
116.224.253.72 - - [12/Feb/2021:11:58:39 +0800] "POST /xingrg/kc/base/yddb_list_operate.html HTTP/1.1" 200 1864
116.224.253.72 - - [12/Feb/2021:11:58:41 +0800] "POST /xingrg/kc/base/yddb_list_operate.html HTTP/1.1" 200 522
180.169.147.146 - - [12/Feb/2021:11:58:41 +0800] "POST /xingrg/kc/buy/cgsh_order_operate.html HTTP/1.1" 200 2065
116.224.253.72 - - [12/Feb/2021:11:58:41 +0800] "GET /xingrg/kc/base/yddb_order_info.html?code=482021021200117 HTTP/1.1" 200 30940
116.224.253.72 - - [12/Feb/2021:11:58:41 +0800] "GET /xingrg/dwr/interface/AjaxComOrderService.js HTTP/1.1" 200 18264
116.224.253.72 - - [12/Feb/2021:11:58:41 +0800] "GET /xingrg/dwr/interface/AjaxYddbService.js HTTP/1.1" 200 13201
116.224.253.72 - - [12/Feb/2021:11:58:41 +0800] "GET /xingrg/dwr/engine.js HTTP/1.1" 200 43631
116.224.253.72 - - [12/Feb/2021:11:58:41 +0800] "POST /xingrg/dwr/call/plaincall/AjaxYddbService.loadMaterielItems.dwr HTTP/1.1" 200 1840
117.185.32.26 - - [12/Feb/2021:11:58:43 +0800] "GET /xingrg/all/function/internal_message.html?_=1613102793561&CODE_STATE=getMsg HTTP/1.1" 200 27
116.224.253.72 - - [12/Feb/2021:11:58:45 +0800] "POST /xingrg/dwr/call/plaincall/AjaxYddbService.saveOrder.dwr HTTP/1.1" 200 78
116.224.253.72 - - [12/Feb/2021:11:58:48 +0800] "POST /xingrg/dwr/call/plaincall/AjaxYddbService.objCheckOrder.dwr HTTP/1.1" 200 78
101.85.93.83 - - [12/Feb/2021:11:58:49 +0800] "GET /xingrg/all/function/internal_message.html?_=1613101946777&CODE_STATE=getMsg HTTP/1.1" 200 27
116.224.253.72 - - [12/Feb/2021:11:58:50 +0800] "GET /xingrg/kc/base/yddb_order_info.html?code=482021021200117 HTTP/1.1" 200 31061
116.224.253.72 - - [12/Feb/2021:11:58:50 +0800] "GET /xingrg/dwr/interface/AjaxComOrderService.js HTTP/1.1" 200 18264
116.224.253.72 - - [12/Feb/2021:11:58:50 +0800] "GET /xingrg/dwr/interface/AjaxYddbService.js HTTP/1.1" 200 13201
116.224.253.72 - - [12/Feb/2021:11:58:50 +0800] "GET /xingrg/dwr/engine.js HTTP/1.1" 200 43631
116.224.253.72 - - [12/Feb/2021:11:58:50 +0800] "POST /xingrg/dwr/call/plaincall/AjaxYddbService.loadMaterielItems.dwr HTTP/1.1" 200 1840
116.224.253.72 - - [12/Feb/2021:11:58:51 +0800] "GET /xingrg/kc/base/yddb_order_list.html?isBack=1 HTTP/1.1" 200 16949
116.224.253.72 - - [12/Feb/2021:11:58:51 +0800] "POST /xingrg/kc/base/yddb_list_operate.html HTTP/1.1" 200 636
58.37.230.33 - - [12/Feb/2021:11:58:54 +0800] "GET /xingrg/all/function/internal_message.html?_=1613102337642&CODE_STATE=getMsg HTTP/1.1" 200 27
116.224.253.72 - - [12/Feb/2021:11:58:56 +0800] "POST /xingrg/kc/base/yddb_list_operate.html HTTP/1.1" 200 1606
116.224.253.72 - - [12/Feb/2021:11:58:57 +0800] "POST /xingrg/kc/base/yddb_list_operate.html HTTP/1.1" 200 281
116.227.208.86 - - [12/Feb/2021:11:58:58 +0800] "GET /xingrg/all/function/internal_message.html?_=1613102333017&CODE_STATE=getMsg HTTP/1.1" 200 27
116.224.253.72 - - [12/Feb/2021:11:58:59 +0800] "POST /xingrg/kc/base/yddb_list_operate.html HTTP/1.1" 200 573
116.224.253.72 - - [12/Feb/2021:11:58:59 +0800] "GET /xingrg/all/function/internal_message.html?_=1613102336141&CODE_STATE=getMsg HTTP/1.1" 200 27
116.224.253.72 - - [12/Feb/2021:11:58:59 +0800] "GET /xingrg/kc/base/yddb_order_info.html?code=482021021200116 HTTP/1.1" 200 30940
116.224.253.72 - - [12/Feb/2021:11:58:59 +0800] "GET /xingrg/dwr/interface/AjaxComOrderService.js HTTP/1.1" 200 18264
116.224.253.72 - - [12/Feb/2021:11:58:59 +0800] "GET /xingrg/dwr/interface/AjaxYddbService.js HTTP/1.1" 200 13201
116.224.253.72 - - [12/Feb/2021:11:58:59 +0800] "GET /xingrg/dwr/engine.js HTTP/1.1" 200 43631
116.224.253.72 - - [12/Feb/2021:11:58:59 +0800] "POST /xingrg/dwr/call/plaincall/AjaxYddbService.loadMaterielItems.dwr HTTP/1.1" 200 1979
117.185.32.26 - - [12/Feb/2021:11:59:01 +0800] "GET /xingrg/all/function/internal_message.html?_=1613102333924&CODE_STATE=getMsg HTTP/1.1" 200 27
116.224.253.72 - - [12/Feb/2021:11:59:02 +0800] "POST /xingrg/dwr/call/plaincall/AjaxYddbService.saveOrder.dwr HTTP/1.1" 200 78
116.224.253.72 - - [12/Feb/2021:11:59:05 +0800] "POST /xingrg/dwr/call/plaincall/AjaxYddbService.objCheckOrder.dwr HTTP/1.1" 200 78
117.185.32.26 - - [12/Feb/2021:11:59:05 +0800] "GET /xingrg/kc/base/wldb_order_add.html HTTP/1.1" 200 30506
116.224.253.72 - - [12/Feb/2021:11:59:06 +0800] "GET /xingrg/kc/base/yddb_order_info.html?code=482021021200116 HTTP/1.1" 200 31061
116.224.253.72 - - [12/Feb/2021:11:59:06 +0800] "GET /xingrg/dwr/interface/AjaxComOrderService.js HTTP/1.1" 200 18264
116.224.253.72 - - [12/Feb/2021:11:59:06 +0800] "GET /xingrg/dwr/interface/AjaxYddbService.js HTTP/1.1" 200 13201
116.224.253.72 - - [12/Feb/2021:11:59:06 +0800] "GET /xingrg/dwr/engine.js HTTP/1.1" 200 43631
116.224.253.72 - - [12/Feb/2021:11:59:06 +0800] "POST /xingrg/dwr/call/plaincall/AjaxYddbService.loadMaterielItems.dwr HTTP/1.1" 200 1979
117.185.32.26 - - [12/Feb/2021:11:59:06 +0800] "GET /xingrg/javascript/easyui/themes/default/validatebox.css HTTP/1.1" 404 1104
117.185.32.26 - - [12/Feb/2021:11:59:06 +0800] "POST /xingrg/kc/base/wldb_order_operate.html HTTP/1.1" 200 6806
116.224.253.72 - - [12/Feb/2021:11:59:06 +0800] "GET /xingrg/kc/base/yddb_order_list.html?isBack=1 HTTP/1.1" 200 16949
116.224.253.72 - - [12/Feb/2021:11:59:07 +0800] "POST /xingrg/kc/base/yddb_list_operate.html HTTP/1.1" 200 636
117.185.32.26 - - [12/Feb/2021:11:59:07 +0800] "POST /xingrg/all/common/load_combo.html?type=base HTTP/1.1" 200 3142
180.174.195.252 - - [12/Feb/2021:11:59:08 +0800] "GET /xingrg/all/function/internal_message.html?_=1613102590951&CODE_STATE=getMsg HTTP/1.1" 200 27
116.224.253.72 - - [12/Feb/2021:11:59:09 +0800] "POST /xingrg/kc/base/yddb_list_operate.html HTTP/1.1" 200 1347
116.224.253.72 - - [12/Feb/2021:11:59:10 +0800] "POST /xingrg/kc/base/yddb_list_operate.html HTTP/1.1" 200 281
116.224.253.72 - - [12/Feb/2021:11:59:11 +0800] "GET /xingrg/kc/base/yddb_order_info.html?code=482021021200115 HTTP/1.1" 200 30940
116.224.253.72 - - [12/Feb/2021:11:59:11 +0800] "GET /xingrg/dwr/interface/AjaxComOrderService.js HTTP/1.1" 200 18264
116.224.253.72 - - [12/Feb/2021:11:59:11 +0800] "GET /xingrg/dwr/interface/AjaxYddbService.js HTTP/1.1" 200 13201
116.224.253.72 - - [12/Feb/2021:11:59:11 +0800] "GET /xingrg/dwr/engine.js HTTP/1.1" 200 43631
116.224.253.72 - - [12/Feb/2021:11:59:11 +0800] "POST /xingrg/dwr/call/plaincall/AjaxYddbService.loadMaterielItems.dwr HTTP/1.1" 200 732
114.88.166.193 - - [12/Feb/2021:11:59:12 +0800] "GET /xingrg/all/function/internal_message.html?_=1613102346776&CODE_STATE=getMsg HTTP/1.1" 200 27
116.224.253.72 - - [12/Feb/2021:11:59:14 +0800] "GET /xingrg/all/function/internal_message.html?_=1613102348559&CODE_STATE=getMsg HTTP/1.1" 200 27
116.224.253.72 - - [12/Feb/2021:11:59:15 +0800] "POST /xingrg/dwr/call/plaincall/AjaxYddbService.saveOrder.dwr HTTP/1.1" 200 78
180.169.147.146 - - [12/Feb/2021:11:59:16 +0800] "GET /xingrg/all/function/internal_message.html?_=1613102345565&CODE_STATE=getMsg HTTP/1.1" 200 27
117.185.32.26 - - [12/Feb/2021:11:59:19 +0800] "POST /xingrg/all/common/load_combo.html?type=base HTTP/1.1" 200 3142
116.224.253.72 - - [12/Feb/2021:11:59:20 +0800] "POST /xingrg/dwr/call/plaincall/AjaxYddbService.objCheckOrder.dwr HTTP/1.1" 200 78
116.224.253.72 - - [12/Feb/2021:11:59:20 +0800] "GET /xingrg/kc/base/yddb_order_info.html?code=482021021200115 HTTP/1.1" 200 31061
116.224.253.72 - - [12/Feb/2021:11:59:21 +0800] "GET /xingrg/dwr/interface/AjaxYddbService.js HTTP/1.1" 200 13201
116.224.253.72 - - [12/Feb/2021:11:59:21 +0800] "GET /xingrg/dwr/interface/AjaxComOrderService.js HTTP/1.1" 200 18264
116.224.253.72 - - [12/Feb/2021:11:59:21 +0800] "GET /xingrg/dwr/engine.js HTTP/1.1" 200 43631
116.224.253.72 - - [12/Feb/2021:11:59:21 +0800] "POST /xingrg/dwr/call/plaincall/AjaxYddbService.loadMaterielItems.dwr HTTP/1.1" 200 732
180.169.147.146 - - [12/Feb/2021:11:59:23 +0800] "GET /xingrg/kc/buy/cgsh_order_operate.html?command=get_materiel&rest_code=00147&code=00101008209&supplier_code=00100007&order_time=2021-02-12 HTTP/1.1" 200 408
116.224.253.72 - - [12/Feb/2021:11:59:23 +0800] "POST /xingrg/all/user/operate.html HTTP/1.1" 200 36
116.224.253.72 - - [12/Feb/2021:11:59:23 +0800] "GET /xingrg/index.html?sysBaseUrl=http%3A%2F%2F180.169.147.146%3A18081%2Fxingrg%2F&costTime=39×tamp=1613100581145 HTTP/1.1" 200 17179
116.224.253.72 - - [12/Feb/2021:11:59:23 +0800] "GET /xingrg/javascript/jquery_easy_ui/themes/default/easyui.css HTTP/1.1" 304 -
116.224.253.72 - - [12/Feb/2021:11:59:23 +0800] "GET /xingrg/javascript/jquery_easy_ui/themes/icon.css HTTP/1.1" 304 -
116.224.253.72 - - [12/Feb/2021:11:59:23 +0800] "GET /xingrg/css/form.css HTTP/1.1" 304 -
116.224.253.72 - - [12/Feb/2021:11:59:23 +0800] "GET /xingrg/javascript/jquery-1.4.2.min.js HTTP/1.1" 304 -
116.224.253.72 - - [12/Feb/2021:11:59:23 +0800] "GET /xingrg/javascript/jquery_easy_ui/jquery.easyui.min.js HTTP/1.1" 304 -
116.224.253.72 - - [12/Feb/2021:11:59:23 +0800] "GET /xingrg/javascript/jquery_easy_ui/easyui-lang-zh_CN.js HTTP/1.1" 304 -
116.224.253.72 - - [12/Feb/2021:11:59:23 +0800] "GET /xingrg/javascript/jquery.form.js HTTP/1.1" 304 -
116.224.253.72 - - [12/Feb/2021:11:59:23 +0800] "GET /xingrg/javascript/jquery.utils.js HTTP/1.1" 304 -
116.224.253.72 - - [12/Feb/2021:11:59:24 +0800] "GET /xingrg/javascript/jquery.timers.js HTTP/1.1" 304 -
116.224.253.72 - - [12/Feb/2021:11:59:24 +0800] "GET /xingrg/images/blue/jxLogo.png HTTP/1.1" 304 -
116.224.253.72 - - [12/Feb/2021:11:59:24 +0800] "GET /xingrg/javascript/jquery_easy_ui/themes/icons/settle_new.png HTTP/1.1" 304 -
116.224.253.72 - - [12/Feb/2021:11:59:24 +0800] "GET /xingrg/images/blue/navBackgound.jpg HTTP/1.1" 304 -
116.224.253.72 - - [12/Feb/2021:11:59:24 +0800] "POST /xingrg/all/common/load_tree.html?tree=area_rest_tree_json&manage=1 HTTP/1.1" 200 476
116.224.253.72 - - [12/Feb/2021:11:59:24 +0800] "GET /xingrg/all/function/internal_message.html?_=1613102360893&CODE_STATE=count HTTP/1.1" 200 11
116.224.253.72 - - [12/Feb/2021:11:59:24 +0800] "GET /xingrg/check_reg.html?_=1613102360894 HTTP/1.1" 200 22
116.224.253.72 - - [12/Feb/2021:11:59:24 +0800] "GET /xingrg/javascript/jquery_easy_ui/themes/default/images/tabs_leftarrow.png HTTP/1.1" 304 -
116.224.253.72 - - [12/Feb/2021:11:59:24 +0800] "GET /xingrg/javascript/jquery_easy_ui/themes/default/images/panel_tool_collapse.gif HTTP/1.1" 304 -
116.224.253.72 - - [12/Feb/2021:11:59:24 +0800] "GET /xingrg/images/blue/pingpu.png HTTP/1.1" 304 -
116.224.253.72 - - [12/Feb/2021:11:59:24 +0800] "GET /xingrg/javascript/jquery_easy_ui/themes/default/images/tabs_rightarrow.png HTTP/1.1" 304 -
116.224.253.72 - - [12/Feb/2021:11:59:24 +0800] "POST /xingrg/load_menu.html HTTP/1.1" 200 5138
117.185.32.26 - - [12/Feb/2021:11:59:25 +0800] "GET /xingrg/kc/base/wldb_order_operate.html?command=get_materiel&rest_code=00106&base_code=0010397&code=00101019110 HTTP/1.1" 200 476
101.228.165.73 - - [12/Feb/2021:11:59:25 +0800] "GET /xingrg/all/function/internal_message.html?_=1613102379334&CODE_STATE=getMsg HTTP/1.1" 200 27
116.224.253.72 - - [12/Feb/2021:11:59:26 +0800] "GET /xingrg/kc/base/wldb_order_list.html HTTP/1.1" 200 19345
116.224.253.72 - - [12/Feb/2021:11:59:26 +0800] "POST /xingrg/kc/base/wldb_list_operate.html HTTP/1.1" 200 928
61.165.42.208 - - [12/Feb/2021:11:59:27 +0800] "GET /xingrg/check_reg.html?_=1613102345798 HTTP/1.1" 200 22
116.224.253.72 - - [12/Feb/2021:11:59:27 +0800] "GET /xingrg/kc/base/wldb_order_add.html HTTP/1.1" 200 30508
116.224.253.72 - - [12/Feb/2021:11:59:28 +0800] "GET /xingrg/javascript/easyui/themes/default/validatebox.css HTTP/1.1" 404 1104
116.224.253.72 - - [12/Feb/2021:11:59:28 +0800] "POST /xingrg/kc/base/wldb_order_operate.html HTTP/1.1" 200 6806
180.169.147.146 - - [12/Feb/2021:11:59:28 +0800] "GET /xingrg/kc/buy/cgsh_order_operate.html?command=get_materiel&rest_code=00147&code=00101008137&supplier_code=00100007&order_time=2021-02-12 HTTP/1.1" 200 408
116.224.253.72 - - [12/Feb/2021:11:59:28 +0800] "GET /xingrg/javascript/auto/indicator.gif HTTP/1.1" 404 1066
116.224.253.72 - - [12/Feb/2021:11:59:33 +0800] "GET /xingrg/kc/base/wldb_order_operate.html?command=get_materiel&rest_code=00150&base_code=0010445&code=00101016035 HTTP/1.1" 200 469
117.185.32.26 - - [12/Feb/2021:11:59:33 +0800] "GET /xingrg/kc/base/wldb_order_operate.html?command=get_materiel&rest_code=00106&base_code=0010396&code=00101019110 HTTP/1.1" 200 477
61.165.42.208 - - [12/Feb/2021:11:59:36 +0800] "GET /xingrg/all/function/internal_message.html?_=1613102354880&CODE_STATE=getMsg HTTP/1.1" 200 27
120.253.135.82 - - [12/Feb/2021:11:59:36 +0800] "GET /xingrg/all/function/internal_message.html?_=1613102400917&CODE_STATE=getMsg HTTP/1.1" 200 27
180.169.147.146 - - [12/Feb/2021:11:59:37 +0800] "GET /xingrg/kc/buy/cgsh_order_operate.html?command=get_materiel&rest_code=00147&code=00101008362&supplier_code=00100007&order_time=2021-02-12 HTTP/1.1" 200 409
117.185.32.26 - - [12/Feb/2021:11:59:39 +0800] "GET /xingrg/kc/base/wldb_order_operate.html?command=get_materiel&rest_code=00106&base_code=0010396&code=00101019398 HTTP/1.1" 200 471
116.224.253.72 - - [12/Feb/2021:11:59:42 +0800] "GET /xingrg/kc/base/wldb_order_operate.html?command=get_materiel&rest_code=00150&base_code=0010445&code=00101019373 HTTP/1.1" 200 451
117.185.32.26 - - [12/Feb/2021:11:59:43 +0800] "GET /xingrg/all/function/internal_message.html?_=1613102853544&CODE_STATE=getMsg HTTP/1.1" 200 27
117.185.32.26 - - [12/Feb/2021:11:59:44 +0800] "GET /xingrg/kc/base/wldb_order_operate.html?command=get_materiel&rest_code=00106&base_code=0010396&code=00101019315 HTTP/1.1" 200 461
101.85.93.83 - - [12/Feb/2021:11:59:46 +0800] "GET /xingrg/all/function/internal_message.html?_=1613102006784&CODE_STATE=getMsg HTTP/1.1" 200 27
116.224.253.72 - - [12/Feb/2021:11:59:47 +0800] "GET /xingrg/kc/base/wldb_order_operate.html?command=get_materiel&rest_code=00150&base_code=0010445&code=00101019374 HTTP/1.1" 200 452
117.185.32.26 - - [12/Feb/2021:11:59:51 +0800] "GET /xingrg/kc/base/wldb_order_operate.html?command=get_materiel&rest_code=00106&base_code=0010396&code=00101019183 HTTP/1.1" 200 433
58.37.230.33 - - [12/Feb/2021:11:59:53 +0800] "GET /xingrg/all/function/internal_message.html?_=1613102397626&CODE_STATE=getMsg HTTP/1.1" 200 27
58.37.230.33 - - [12/Feb/2021:11:59:54 +0800] "GET /xingrg/check_reg.html?_=1613102398238 HTTP/1.1" 200 22
180.169.147.146 - - [12/Feb/2021:11:59:56 +0800] "GET /xingrg/kc/buy/cgsh_order_operate.html?command=get_materiel&rest_code=00147&code=00101009030&supplier_code=00100007&order_time=2021-02-12 HTTP/1.1" 200 412
117.185.32.26 - - [12/Feb/2021:11:59:57 +0800] "POST /xingrg/kc/base/wldb_order_operate.html HTTP/1.1" 200 37
117.185.32.26 - - [12/Feb/2021:11:59:57 +0800] "POST /xingrg/kc/base/wldb_order_operate.html HTTP/1.1" 200 3720
116.227.208.86 - - [12/Feb/2021:11:59:58 +0800] "GET /xingrg/all/function/internal_message.html?_=1613102393021&CODE_STATE=getMsg HTTP/1.1" 200 27
117.185.32.26 - - [12/Feb/2021:11:59:58 +0800] "GET /xingrg/kc/base/wldb_order_info.html?code=422021021201500 HTTP/1.1" 200 30520
117.185.32.26 - - [12/Feb/2021:11:59:58 +0800] "GET /xingrg/javascript/easyui/themes/default/validatebox.css HTTP/1.1" 404 1104
117.185.32.26 - - [12/Feb/2021:11:59:59 +0800] "POST /xingrg/kc/base/wldb_order_operate.html HTTP/1.1" 200 3720
117.185.32.26 - - [12/Feb/2021:12:00:01 +0800] "GET /xingrg/all/function/internal_message.html?_=1613102393932&CODE_STATE=getMsg HTTP/1.1" 200 27
117.185.32.26 - - [12/Feb/2021:12:00:07 +0800] "GET /xingrg/kc/base/wldb_order_add.html HTTP/1.1" 200 30506
180.174.195.252 - - [12/Feb/2021:12:00:07 +0800] "GET /xingrg/check_reg.html?_=1613102650556 HTTP/1.1" 200 22
117.185.32.26 - - [12/Feb/2021:12:00:08 +0800] "GET /xingrg/javascript/easyui/themes/default/validatebox.css HTTP/1.1" 404 1104
180.174.195.252 - - [12/Feb/2021:12:00:08 +0800] "GET /xingrg/all/function/internal_message.html?_=1613102650964&CODE_STATE=getMsg HTTP/1.1" 200 27
117.185.32.26 - - [12/Feb/2021:12:00:08 +0800] "POST /xingrg/kc/base/wldb_order_operate.html HTTP/1.1" 200 6806
117.185.32.26 - - [12/Feb/2021:12:00:11 +0800] "POST /xingrg/all/common/load_combo.html?type=base HTTP/1.1" 200 3142
114.88.166.193 - - [12/Feb/2021:12:00:12 +0800] "GET /xingrg/all/function/internal_message.html?_=1613102406783&CODE_STATE=getMsg HTTP/1.1" 200 27
116.224.253.72 - - [12/Feb/2021:12:00:14 +0800] "GET /xingrg/all/function/internal_message.html?_=1613102408560&CODE_STATE=getMsg HTTP/1.1" 200 27
180.169.147.146 - - [12/Feb/2021:12:00:15 +0800] "GET /xingrg/kc/buy/cgsh_order_operate.html?command=get_materiel&rest_code=00147&code=00101008100&supplier_code=00100007&order_time=2021-02-12 HTTP/1.1" 200 408
180.169.147.146 - - [12/Feb/2021:12:00:16 +0800] "GET /xingrg/all/function/internal_message.html?_=1613102405547&CODE_STATE=getMsg HTTP/1.1" 200 27
117.185.32.26 - - [12/Feb/2021:12:00:16 +0800] "POST /xingrg/all/common/load_combo.html?type=base HTTP/1.1" 200 3142
180.169.147.146 - - [12/Feb/2021:12:00:19 +0800] "POST /xingrg/kc/buy/cgsh_order_operate.html HTTP/1.1" 200 2065
117.185.32.26 - - [12/Feb/2021:12:00:21 +0800] "GET /xingrg/kc/base/wldb_order_operate.html?command=get_materiel&rest_code=00106&base_code=0010396&code=00101019184 HTTP/1.1" 200 445
116.224.253.72 - - [12/Feb/2021:12:00:24 +0800] "GET /xingrg/all/function/internal_message.html?_=1613102420900&CODE_STATE=getMsg HTTP/1.1" 200 27
101.228.165.73 - - [12/Feb/2021:12:00:25 +0800] "GET /xingrg/all/function/internal_message.html?_=1613102439348&CODE_STATE=getMsg HTTP/1.1" 200 27
180.169.147.146 - - [12/Feb/2021:12:00:26 +0800] "GET /xingrg/kc/buy/cgsh_order_operate.html?command=get_materiel&rest_code=00147&code=00101015037&supplier_code=00100007&order_time=2021-02-12 HTTP/1.1" 200 413
117.185.32.26 - - [12/Feb/2021:12:00:28 +0800] "GET /xingrg/kc/base/wldb_order_operate.html?command=get_materiel&rest_code=00106&base_code=0010396&code=00101019185 HTTP/1.1" 200 455
61.165.42.208 - - [12/Feb/2021:12:00:36 +0800] "GET /xingrg/all/function/internal_message.html?_=1613102414866&CODE_STATE=getMsg HTTP/1.1" 200 27
120.253.135.82 - - [12/Feb/2021:12:00:36 +0800] "GET /xingrg/all/function/internal_message.html?_=1613102460945&CODE_STATE=getMsg HTTP/1.1" 200 27
117.185.32.26 - - [12/Feb/2021:12:00:43 +0800] "GET /xingrg/all/function/internal_message.html?_=1613102913528&CODE_STATE=getMsg HTTP/1.1" 200 27
101.85.93.83 - - [12/Feb/2021:12:00:46 +0800] "GET /xingrg/all/function/internal_message.html?_=1613102066784&CODE_STATE=getMsg HTTP/1.1" 200 27
101.85.93.83 - - [12/Feb/2021:12:00:46 +0800] "GET /xingrg/check_reg.html?_=1613102066785 HTTP/1.1" 200 22
180.169.147.146 - - [12/Feb/2021:12:00:47 +0800] "GET /xingrg/kc/buy/cgsh_order_operate.html?command=get_materiel&rest_code=00147&code=00101015062&supplier_code=00100007&order_time=2021-02-12 HTTP/1.1" 200 413
58.37.230.33 - - [12/Feb/2021:12:00:53 +0800] "GET /xingrg/all/function/internal_message.html?_=1613102457603&CODE_STATE=getMsg HTTP/1.1" 200 27
61.165.42.208 - - [12/Feb/2021:12:00:54 +0800] "GET /xingrg/index.html?sysBaseUrl=http%3A%2F%2F180.169.147.146%3A18081%2Fxingrg%2F&costTime=36×tamp=1585223203754 HTTP/1.1" 302 -
61.165.42.208 - - [12/Feb/2021:12:00:54 +0800] "GET /xingrg/login.html HTTP/1.1" 200 7641
61.165.42.208 - - [12/Feb/2021:12:00:56 +0800] "GET /favicon.ico HTTP/1.1" 404 -
117.185.32.26 - - [12/Feb/2021:12:00:57 +0800] "GET /xingrg/kc/base/wldb_order_operate.html?command=get_materiel&rest_code=00106&base_code=0010396&code=00101019492 HTTP/1.1" 200 459
116.227.208.86 - - [12/Feb/2021:12:00:58 +0800] "GET /xingrg/all/function/internal_message.html?_=1613102453023&CODE_STATE=getMsg HTTP/1.1" 200 27
61.165.42.208 - - [12/Feb/2021:12:00:58 +0800] "POST /xingrg/login.do HTTP/1.1" 200 2421
61.165.42.208 - - [12/Feb/2021:12:00:58 +0800] "GET /favicon.ico HTTP/1.1" 404 -
61.165.42.208 - - [12/Feb/2021:12:00:59 +0800] "GET /xingrg/login.html HTTP/1.1" 200 7641
61.165.42.208 - - [12/Feb/2021:12:00:59 +0800] "GET /favicon.ico HTTP/1.1" 404 -
