114.88.166.193 - - [12/Feb/2021:12:13:13 +0800] "GET /xingrg/all/function/internal_message.html?_=1613103187068&CODE_STATE=getMsg HTTP/1.1" 200 27
116.224.253.72 - - [12/Feb/2021:12:13:14 +0800] "GET /xingrg/all/function/internal_message.html?_=1613103188560&CODE_STATE=getMsg HTTP/1.1" 200 27
180.169.147.146 - - [12/Feb/2021:12:13:16 +0800] "GET /xingrg/all/function/internal_message.html?_=1613103185537&CODE_STATE=getMsg HTTP/1.1" 200 27
120.253.135.82 - - [12/Feb/2021:12:13:17 +0800] "GET /xingrg/check_reg.html?_=1613103222121 HTTP/1.1" 200 22
116.224.253.72 - - [12/Feb/2021:12:13:24 +0800] "GET /xingrg/all/function/internal_message.html?_=1613103200923&CODE_STATE=getMsg HTTP/1.1" 200 27
101.228.165.73 - - [12/Feb/2021:12:13:25 +0800] "GET /xingrg/check_reg.html?_=1613103218509 HTTP/1.1" 200 22
101.228.165.73 - - [12/Feb/2021:12:13:26 +0800] "GET /xingrg/all/function/internal_message.html?_=1613103219680&CODE_STATE=getMsg HTTP/1.1" 200 27
61.165.42.208 - - [12/Feb/2021:12:13:36 +0800] "GET /xingrg/all/function/internal_message.html?_=1613103194675&CODE_STATE=getMsg HTTP/1.1" 200 27
120.253.135.82 - - [12/Feb/2021:12:13:36 +0800] "GET /xingrg/all/function/internal_message.html?_=1613103241130&CODE_STATE=getMsg HTTP/1.1" 200 27
117.185.32.26 - - [12/Feb/2021:12:13:43 +0800] "GET /xingrg/all/function/internal_message.html?_=1613103693370&CODE_STATE=getMsg HTTP/1.1" 200 27
101.85.93.83 - - [12/Feb/2021:12:13:46 +0800] "GET /xingrg/all/function/internal_message.html?_=1613102846802&CODE_STATE=getMsg HTTP/1.1" 200 27
58.37.230.33 - - [12/Feb/2021:12:13:53 +0800] "GET /xingrg/all/function/internal_message.html?_=1613103237358&CODE_STATE=getMsg HTTP/1.1" 200 27
116.227.208.86 - - [12/Feb/2021:12:13:58 +0800] "GET /xingrg/all/function/internal_message.html?_=1613103233024&CODE_STATE=getMsg HTTP/1.1" 200 27
117.185.32.26 - - [12/Feb/2021:12:14:01 +0800] "GET /xingrg/all/function/internal_message.html?_=1613103233571&CODE_STATE=getMsg HTTP/1.1" 200 27
61.165.42.208 - - [12/Feb/2021:12:14:01 +0800] "GET /xingrg/all/function/internal_message.html?_=1613103239107&CODE_STATE=getMsg HTTP/1.1" 200 27
180.174.195.252 - - [12/Feb/2021:12:14:09 +0800] "GET /xingrg/all/function/internal_message.html?_=1613103491872&CODE_STATE=getMsg HTTP/1.1" 200 27
114.88.166.193 - - [12/Feb/2021:12:14:13 +0800] "GET /xingrg/all/function/internal_message.html?_=1613103247142&CODE_STATE=getMsg HTTP/1.1" 200 27
116.224.253.72 - - [12/Feb/2021:12:14:14 +0800] "GET /xingrg/all/function/internal_message.html?_=1613103248562&CODE_STATE=getMsg HTTP/1.1" 200 27
180.169.147.146 - - [12/Feb/2021:12:14:16 +0800] "GET /xingrg/all/function/internal_message.html?_=1613103245557&CODE_STATE=getMsg HTTP/1.1" 200 27
180.169.147.146 - - [12/Feb/2021:12:14:16 +0800] "POST /xingrg/kc/buy/cgsh_order_operate.html HTTP/1.1" 200 2065
116.224.253.72 - - [12/Feb/2021:12:14:24 +0800] "GET /xingrg/check_reg.html?_=1613103261111 HTTP/1.1" 200 22
116.224.253.72 - - [12/Feb/2021:12:14:24 +0800] "GET /xingrg/all/function/internal_message.html?_=1613103261278&CODE_STATE=getMsg HTTP/1.1" 200 27
101.228.165.73 - - [12/Feb/2021:12:14:26 +0800] "GET /xingrg/all/function/internal_message.html?_=1613103279693&CODE_STATE=getMsg HTTP/1.1" 200 27
61.165.42.208 - - [12/Feb/2021:12:14:27 +0800] "GET /xingrg/check_reg.html?_=1613103245829 HTTP/1.1" 200 22
61.165.42.208 - - [12/Feb/2021:12:14:36 +0800] "GET /xingrg/all/function/internal_message.html?_=1613103254647&CODE_STATE=getMsg HTTP/1.1" 200 27
120.253.135.82 - - [12/Feb/2021:12:14:36 +0800] "GET /xingrg/all/function/internal_message.html?_=1613103301146&CODE_STATE=getMsg HTTP/1.1" 200 27
61.165.42.208 - - [12/Feb/2021:12:14:41 +0800] "GET /xingrg/kc/base/wldb_order_operate.html?command=get_materiel&rest_code=00105&base_code=0010508&code=00102002197 HTTP/1.1" 200 445
117.185.32.26 - - [12/Feb/2021:12:14:43 +0800] "GET /xingrg/all/function/internal_message.html?_=1613103753353&CODE_STATE=getMsg HTTP/1.1" 200 27
61.165.42.208 - - [12/Feb/2021:12:14:45 +0800] "POST /xingrg/kc/base/wldb_order_operate.html HTTP/1.1" 200 37
61.165.42.208 - - [12/Feb/2021:12:14:46 +0800] "POST /xingrg/kc/base/wldb_order_operate.html HTTP/1.1" 200 2691
101.85.93.83 - - [12/Feb/2021:12:14:46 +0800] "GET /xingrg/all/function/internal_message.html?_=1613102906802&CODE_STATE=getMsg HTTP/1.1" 200 27
61.165.42.208 - - [12/Feb/2021:12:14:47 +0800] "GET /xingrg/kc/base/wldb_order_info.html?code=422021021201506 HTTP/1.1" 200 30517
61.165.42.208 - - [12/Feb/2021:12:14:48 +0800] "GET /xingrg/javascript/easyui/themes/default/validatebox.css HTTP/1.1" 404 1104
61.165.42.208 - - [12/Feb/2021:12:14:48 +0800] "POST /xingrg/kc/base/wldb_order_operate.html HTTP/1.1" 200 2691
58.37.230.33 - - [12/Feb/2021:12:14:53 +0800] "GET /xingrg/all/function/internal_message.html?_=1613103297333&CODE_STATE=getMsg HTTP/1.1" 200 27
58.37.230.33 - - [12/Feb/2021:12:14:54 +0800] "GET /xingrg/check_reg.html?_=1613103298255 HTTP/1.1" 200 22
61.165.42.208 - - [12/Feb/2021:12:14:56 +0800] "GET /xingrg/kc/base/wldb_order_add.html HTTP/1.1" 200 30502
61.165.42.208 - - [12/Feb/2021:12:14:56 +0800] "GET /xingrg/javascript/easyui/themes/default/validatebox.css HTTP/1.1" 404 1104
61.165.42.208 - - [12/Feb/2021:12:14:56 +0800] "POST /xingrg/kc/base/wldb_order_operate.html HTTP/1.1" 200 6806
61.165.42.208 - - [12/Feb/2021:12:14:57 +0800] "POST /xingrg/all/common/load_combo.html?type=base HTTP/1.1" 200 3236
116.227.208.86 - - [12/Feb/2021:12:14:58 +0800] "GET /xingrg/all/function/internal_message.html?_=1613103293027&CODE_STATE=getMsg HTTP/1.1" 200 27
117.185.32.26 - - [12/Feb/2021:12:15:01 +0800] "GET /xingrg/all/function/internal_message.html?_=1613103293543&CODE_STATE=getMsg HTTP/1.1" 200 27
61.165.42.208 - - [12/Feb/2021:12:15:01 +0800] "GET /xingrg/all/function/internal_message.html?_=1613103299088&CODE_STATE=getMsg HTTP/1.1" 200 27
180.174.195.252 - - [12/Feb/2021:12:15:08 +0800] "GET /xingrg/check_reg.html?_=1613103551205 HTTP/1.1" 200 22
180.174.195.252 - - [12/Feb/2021:12:15:09 +0800] "GET /xingrg/all/function/internal_message.html?_=1613103551892&CODE_STATE=getMsg HTTP/1.1" 200 27
61.165.42.208 - - [12/Feb/2021:12:15:10 +0800] "GET /xingrg/kc/base/wldb_order_operate.html?command=get_materiel&rest_code=00105&base_code=0010508&code=00102002610 HTTP/1.1" 200 431
114.88.166.193 - - [12/Feb/2021:12:15:13 +0800] "GET /xingrg/all/function/internal_message.html?_=1613103307143&CODE_STATE=getMsg HTTP/1.1" 200 27
116.224.253.72 - - [12/Feb/2021:12:15:14 +0800] "GET /xingrg/all/function/internal_message.html?_=1613103308550&CODE_STATE=getMsg HTTP/1.1" 200 27
180.169.147.146 - - [12/Feb/2021:12:15:16 +0800] "GET /xingrg/all/function/internal_message.html?_=1613103305561&CODE_STATE=getMsg HTTP/1.1" 200 27
61.165.42.208 - - [12/Feb/2021:12:15:17 +0800] "GET /xingrg/kc/base/wldb_order_operate.html?command=get_materiel&rest_code=00105&base_code=0010508&code=00102002556 HTTP/1.1" 200 429
116.224.253.72 - - [12/Feb/2021:12:15:24 +0800] "GET /xingrg/all/function/internal_message.html?_=1613103321262&CODE_STATE=getMsg HTTP/1.1" 200 27
101.228.165.73 - - [12/Feb/2021:12:15:26 +0800] "GET /xingrg/all/function/internal_message.html?_=1613103339707&CODE_STATE=getMsg HTTP/1.1" 200 27
61.165.42.208 - - [12/Feb/2021:12:15:36 +0800] "GET /xingrg/all/function/internal_message.html?_=1613103314632&CODE_STATE=getMsg HTTP/1.1" 200 27
120.253.135.82 - - [12/Feb/2021:12:15:36 +0800] "GET /xingrg/all/function/internal_message.html?_=1613103361170&CODE_STATE=getMsg HTTP/1.1" 200 27
117.185.32.26 - - [12/Feb/2021:12:15:43 +0800] "GET /xingrg/all/function/internal_message.html?_=1613103813337&CODE_STATE=getMsg HTTP/1.1" 200 27
101.85.93.83 - - [12/Feb/2021:12:15:46 +0800] "GET /xingrg/all/function/internal_message.html?_=1613102966807&CODE_STATE=getMsg HTTP/1.1" 200 27
101.85.93.83 - - [12/Feb/2021:12:15:46 +0800] "GET /xingrg/check_reg.html?_=1613102966806 HTTP/1.1" 200 22
58.37.230.33 - - [12/Feb/2021:12:15:53 +0800] "GET /xingrg/all/function/internal_message.html?_=1613103357332&CODE_STATE=getMsg HTTP/1.1" 200 27
61.165.42.208 - - [12/Feb/2021:12:15:54 +0800] "GET /xingrg/kc/base/wldb_order_operate.html?command=get_materiel&rest_code=00105&base_code=0010508&code=00102001050 HTTP/1.1" 200 435
116.227.208.86 - - [12/Feb/2021:12:15:58 +0800] "GET /xingrg/all/function/internal_message.html?_=1613103353029&CODE_STATE=getMsg HTTP/1.1" 200 27
117.185.32.26 - - [12/Feb/2021:12:16:01 +0800] "GET /xingrg/all/function/internal_message.html?_=1613103353516&CODE_STATE=getMsg HTTP/1.1" 200 27
61.165.42.208 - - [12/Feb/2021:12:16:01 +0800] "GET /xingrg/all/function/internal_message.html?_=1613103359101&CODE_STATE=getMsg HTTP/1.1" 200 27
61.165.42.208 - - [12/Feb/2021:12:16:01 +0800] "GET /xingrg/check_reg.html?_=1613103359105 HTTP/1.1" 200 22
61.165.42.208 - - [12/Feb/2021:12:16:02 +0800] "GET /xingrg/kc/base/wldb_order_operate.html?command=get_materiel&rest_code=00105&base_code=0010508&code=00102001051 HTTP/1.1" 200 436
180.174.195.252 - - [12/Feb/2021:12:16:09 +0800] "GET /xingrg/all/function/internal_message.html?_=1613103611900&CODE_STATE=getMsg HTTP/1.1" 200 27
114.88.166.193 - - [12/Feb/2021:12:16:11 +0800] "GET /xingrg/check_reg.html?_=1613103365734 HTTP/1.1" 200 22
114.88.166.193 - - [12/Feb/2021:12:16:13 +0800] "GET /xingrg/all/function/internal_message.html?_=1613103367157&CODE_STATE=getMsg HTTP/1.1" 200 27
116.224.253.72 - - [12/Feb/2021:12:16:14 +0800] "GET /xingrg/all/function/internal_message.html?_=1613103368551&CODE_STATE=getMsg HTTP/1.1" 200 27
116.224.253.72 - - [12/Feb/2021:12:16:14 +0800] "GET /xingrg/check_reg.html?_=1613103368552 HTTP/1.1" 200 22
180.169.147.146 - - [12/Feb/2021:12:16:16 +0800] "GET /xingrg/all/function/internal_message.html?_=1613103365532&CODE_STATE=getMsg HTTP/1.1" 200 27
116.224.253.72 - - [12/Feb/2021:12:16:24 +0800] "GET /xingrg/all/function/internal_message.html?_=1613103381248&CODE_STATE=getMsg HTTP/1.1" 200 27
101.228.165.73 - - [12/Feb/2021:12:16:26 +0800] "GET /xingrg/all/function/internal_message.html?_=1613103399799&CODE_STATE=getMsg HTTP/1.1" 200 27
117.185.32.26 - - [12/Feb/2021:12:16:35 +0800] "GET /xingrg/check_reg.html?_=1613103388332 HTTP/1.1" 200 22
61.165.42.208 - - [12/Feb/2021:12:16:36 +0800] "GET /xingrg/all/function/internal_message.html?_=1613103374616&CODE_STATE=getMsg HTTP/1.1" 200 27
120.253.135.82 - - [12/Feb/2021:12:16:36 +0800] "GET /xingrg/all/function/internal_message.html?_=1613103421188&CODE_STATE=getMsg HTTP/1.1" 200 27
117.185.32.26 - - [12/Feb/2021:12:16:43 +0800] "GET /xingrg/all/function/internal_message.html?_=1613103873321&CODE_STATE=getMsg HTTP/1.1" 200 27
101.85.93.83 - - [12/Feb/2021:12:16:46 +0800] "GET /xingrg/all/function/internal_message.html?_=1613103026805&CODE_STATE=getMsg HTTP/1.1" 200 27
61.165.42.208 - - [12/Feb/2021:12:16:55 +0800] "GET /xingrg/kc/base/wldb_order_operate.html?command=get_materiel&rest_code=00105&base_code=0010508&code=00102021018 HTTP/1.1" 200 446
116.227.208.86 - - [12/Feb/2021:12:16:58 +0800] "GET /xingrg/check_reg.html?_=1613103413030 HTTP/1.1" 200 22
116.227.208.86 - - [12/Feb/2021:12:16:58 +0800] "GET /xingrg/all/function/internal_message.html?_=1613103413030&CODE_STATE=getMsg HTTP/1.1" 200 27
117.185.32.26 - - [12/Feb/2021:12:17:01 +0800] "GET /xingrg/all/function/internal_message.html?_=1613103413489&CODE_STATE=getMsg HTTP/1.1" 200 27
61.165.42.208 - - [12/Feb/2021:12:17:01 +0800] "GET /xingrg/all/function/internal_message.html?_=1613103419102&CODE_STATE=getMsg HTTP/1.1" 200 27
117.185.32.26 - - [12/Feb/2021:12:17:02 +0800] "GET /xingrg/check_reg.html?_=1613103891936 HTTP/1.1" 200 22
180.174.195.252 - - [12/Feb/2021:12:17:09 +0800] "GET /xingrg/all/function/internal_message.html?_=1613103671913&CODE_STATE=getMsg HTTP/1.1" 200 27
114.88.166.193 - - [12/Feb/2021:12:17:13 +0800] "GET /xingrg/all/function/internal_message.html?_=1613103427171&CODE_STATE=getMsg HTTP/1.1" 200 27
116.224.253.72 - - [12/Feb/2021:12:17:14 +0800] "GET /xingrg/all/function/internal_message.html?_=1613103428553&CODE_STATE=getMsg HTTP/1.1" 200 27
180.169.147.146 - - [12/Feb/2021:12:17:16 +0800] "GET /xingrg/all/function/internal_message.html?_=1613103425644&CODE_STATE=getMsg HTTP/1.1" 200 27
180.169.147.146 - - [12/Feb/2021:12:17:16 +0800] "GET /xingrg/check_reg.html?_=1613103426301 HTTP/1.1" 200 22
116.224.253.72 - - [12/Feb/2021:12:17:24 +0800] "GET /xingrg/all/function/internal_message.html?_=1613103441227&CODE_STATE=getMsg HTTP/1.1" 200 27
101.228.165.73 - - [12/Feb/2021:12:17:26 +0800] "GET /xingrg/all/function/internal_message.html?_=1613103459812&CODE_STATE=getMsg HTTP/1.1" 200 27
61.165.42.208 - - [12/Feb/2021:12:17:36 +0800] "GET /xingrg/all/function/internal_message.html?_=1613103434601&CODE_STATE=getMsg HTTP/1.1" 200 27
120.253.135.82 - - [12/Feb/2021:12:17:37 +0800] "GET /xingrg/all/function/internal_message.html?_=1613103481208&CODE_STATE=getMsg HTTP/1.1" 200 27
61.165.42.208 - - [12/Feb/2021:12:17:41 +0800] "GET /xingrg/kc/base/wldb_order_operate.html?command=get_materiel&rest_code=00105&base_code=0010508&code=00102002026 HTTP/1.1" 200 434
117.185.32.26 - - [12/Feb/2021:12:17:43 +0800] "GET /xingrg/all/function/internal_message.html?_=1613103933296&CODE_STATE=getMsg HTTP/1.1" 200 27
101.85.93.83 - - [12/Feb/2021:12:17:46 +0800] "GET /xingrg/all/function/internal_message.html?_=1613103086804&CODE_STATE=getMsg HTTP/1.1" 200 27
180.169.147.146 - - [12/Feb/2021:12:17:46 +0800] "GET /xingrg/kc/buy/cgsh_order_operate.html?command=get_materiel&rest_code=00147&code=00101015021&supplier_code=00100007&order_time=2021-02-12 HTTP/1.1" 200 409
61.165.42.208 - - [12/Feb/2021:12:17:48 +0800] "GET /xingrg/kc/base/wldb_order_operate.html?command=get_materiel&rest_code=00105&base_code=0010508&code=00102002082 HTTP/1.1" 200 440
61.165.42.208 - - [12/Feb/2021:12:17:52 +0800] "POST /xingrg/kc/base/wldb_order_operate.html HTTP/1.1" 200 37
61.165.42.208 - - [12/Feb/2021:12:17:52 +0800] "POST /xingrg/kc/base/wldb_order_operate.html HTTP/1.1" 200 5075
61.165.42.208 - - [12/Feb/2021:12:17:53 +0800] "GET /xingrg/kc/base/wldb_order_info.html?code=422021021201507 HTTP/1.1" 200 30517
61.165.42.208 - - [12/Feb/2021:12:17:54 +0800] "GET /xingrg/javascript/easyui/themes/default/validatebox.css HTTP/1.1" 404 1104
61.165.42.208 - - [12/Feb/2021:12:17:54 +0800] "POST /xingrg/kc/base/wldb_order_operate.html HTTP/1.1" 200 5075
116.227.208.86 - - [12/Feb/2021:12:17:58 +0800] "GET /xingrg/all/function/internal_message.html?_=1613103473016&CODE_STATE=getMsg HTTP/1.1" 200 27
180.169.147.146 - - [12/Feb/2021:12:17:59 +0800] "GET /xingrg/kc/buy/cgsh_order_operate.html?command=get_materiel&rest_code=00147&code=00101015106&supplier_code=00100007&order_time=2021-02-12 HTTP/1.1" 200 391
117.185.32.26 - - [12/Feb/2021:12:18:01 +0800] "GET /xingrg/all/function/internal_message.html?_=1613103473457&CODE_STATE=getMsg HTTP/1.1" 200 27
61.165.42.208 - - [12/Feb/2021:12:18:01 +0800] "GET /xingrg/all/function/internal_message.html?_=1613103479125&CODE_STATE=getMsg HTTP/1.1" 200 27
180.174.195.252 - - [12/Feb/2021:12:18:09 +0800] "GET /xingrg/all/function/internal_message.html?_=1613103732178&CODE_STATE=getMsg HTTP/1.1" 200 27
172.20.0.100 - - [12/Feb/2021:12:18:11 +0800] "GET /xingrg/check_reg.html?_=1613103485350 HTTP/1.1" 302 -
114.88.166.193 - - [12/Feb/2021:12:18:13 +0800] "GET /xingrg/all/function/internal_message.html?_=1613103487184&CODE_STATE=getMsg HTTP/1.1" 200 27
116.224.253.72 - - [12/Feb/2021:12:18:14 +0800] "GET /xingrg/all/function/internal_message.html?_=1613103488553&CODE_STATE=getMsg HTTP/1.1" 200 27
180.169.147.146 - - [12/Feb/2021:12:18:16 +0800] "GET /xingrg/all/function/internal_message.html?_=1613103485659&CODE_STATE=getMsg HTTP/1.1" 200 27
120.253.135.82 - - [12/Feb/2021:12:18:17 +0800] "GET /xingrg/check_reg.html?_=1613103522120 HTTP/1.1" 200 22
61.165.42.208 - - [12/Feb/2021:12:18:21 +0800] "GET /xingrg/kc/base/wldb_order_list.html HTTP/1.1" 200 19339
61.165.42.208 - - [12/Feb/2021:12:18:21 +0800] "POST /xingrg/kc/base/wldb_list_operate.html HTTP/1.1" 200 4911
116.224.253.72 - - [12/Feb/2021:12:18:24 +0800] "GET /xingrg/all/function/internal_message.html?_=1613103501199&CODE_STATE=getMsg HTTP/1.1" 200 27
101.228.165.73 - - [12/Feb/2021:12:18:25 +0800] "GET /xingrg/check_reg.html?_=1613103518592 HTTP/1.1" 200 22
101.228.165.73 - - [12/Feb/2021:12:18:26 +0800] "GET /xingrg/all/function/internal_message.html?_=1613103519826&CODE_STATE=getMsg HTTP/1.1" 200 27
61.165.42.208 - - [12/Feb/2021:12:18:36 +0800] "GET /xingrg/all/function/internal_message.html?_=1613103494587&CODE_STATE=getMsg HTTP/1.1" 200 27
120.253.135.82 - - [12/Feb/2021:12:18:37 +0800] "GET /xingrg/all/function/internal_message.html?_=1613103541215&CODE_STATE=getMsg HTTP/1.1" 200 27
117.185.32.26 - - [12/Feb/2021:12:18:43 +0800] "GET /xingrg/all/function/internal_message.html?_=1613103993279&CODE_STATE=getMsg HTTP/1.1" 200 27
101.85.93.83 - - [12/Feb/2021:12:18:46 +0800] "GET /xingrg/all/function/internal_message.html?_=1613103146802&CODE_STATE=getMsg HTTP/1.1" 200 27
116.227.208.86 - - [12/Feb/2021:12:18:58 +0800] "GET /xingrg/all/function/internal_message.html?_=1613103533018&CODE_STATE=getMsg HTTP/1.1" 200 27
117.185.32.26 - - [12/Feb/2021:12:19:01 +0800] "GET /xingrg/all/function/internal_message.html?_=1613103533444&CODE_STATE=getMsg HTTP/1.1" 200 27
61.165.42.208 - - [12/Feb/2021:12:19:01 +0800] "GET /xingrg/all/function/internal_message.html?_=1613103539120&CODE_STATE=getMsg HTTP/1.1" 200 27
180.174.195.252 - - [12/Feb/2021:12:19:09 +0800] "GET /xingrg/all/function/internal_message.html?_=1613103792201&CODE_STATE=getMsg HTTP/1.1" 200 27
114.88.166.193 - - [12/Feb/2021:12:19:13 +0800] "GET /xingrg/all/function/internal_message.html?_=1613103547254&CODE_STATE=getMsg HTTP/1.1" 200 27
116.224.253.72 - - [12/Feb/2021:12:19:14 +0800] "GET /xingrg/all/function/internal_message.html?_=1613103548555&CODE_STATE=getMsg HTTP/1.1" 200 27
180.169.147.146 - - [12/Feb/2021:12:19:16 +0800] "GET /xingrg/all/function/internal_message.html?_=1613103545628&CODE_STATE=getMsg HTTP/1.1" 200 27
116.224.253.72 - - [12/Feb/2021:12:19:24 +0800] "GET /xingrg/check_reg.html?_=1613103561046 HTTP/1.1" 200 22
116.224.253.72 - - [12/Feb/2021:12:19:24 +0800] "GET /xingrg/all/function/internal_message.html?_=1613103561175&CODE_STATE=getMsg HTTP/1.1" 200 27
101.228.165.73 - - [12/Feb/2021:12:19:26 +0800] "GET /xingrg/all/function/internal_message.html?_=1613103579839&CODE_STATE=getMsg HTTP/1.1" 200 27
61.165.42.208 - - [12/Feb/2021:12:19:27 +0800] "GET /xingrg/check_reg.html?_=1613103545820 HTTP/1.1" 200 22
61.165.42.208 - - [12/Feb/2021:12:19:36 +0800] "GET /xingrg/all/function/internal_message.html?_=1613103554559&CODE_STATE=getMsg HTTP/1.1" 200 27
120.253.135.82 - - [12/Feb/2021:12:19:37 +0800] "GET /xingrg/all/function/internal_message.html?_=1613103601228&CODE_STATE=getMsg HTTP/1.1" 200 27
117.185.32.26 - - [12/Feb/2021:12:19:43 +0800] "GET /xingrg/all/function/internal_message.html?_=1613104053290&CODE_STATE=getMsg HTTP/1.1" 200 27
101.85.93.83 - - [12/Feb/2021:12:19:46 +0800] "GET /xingrg/all/function/internal_message.html?_=1613103206801&CODE_STATE=getMsg HTTP/1.1" 200 27
180.169.147.146 - - [12/Feb/2021:12:19:54 +0800] "POST /xingrg/kc/buy/cgsh_order_operate.html HTTP/1.1" 200 37
116.227.208.86 - - [12/Feb/2021:12:19:58 +0800] "GET /xingrg/all/function/internal_message.html?_=1613103593019&CODE_STATE=getMsg HTTP/1.1" 200 27
180.169.147.146 - - [12/Feb/2021:12:19:59 +0800] "POST /xingrg/kc/buy/cgsh_order_operate.html HTTP/1.1" 200 60646
117.185.32.26 - - [12/Feb/2021:12:20:01 +0800] "GET /xingrg/all/function/internal_message.html?_=1613103593444&CODE_STATE=getMsg HTTP/1.1" 200 27
180.169.147.146 - - [12/Feb/2021:12:20:01 +0800] "GET /xingrg/kc/print/load_data.html?order_code=212021021205336&kc_code=cgsh&condition= HTTP/1.1" 200 22627
61.165.42.208 - - [12/Feb/2021:12:20:01 +0800] "GET /xingrg/all/function/internal_message.html?_=1613103599135&CODE_STATE=getMsg HTTP/1.1" 200 27
180.174.195.252 - - [12/Feb/2021:12:20:08 +0800] "GET /xingrg/check_reg.html?_=1613103851527 HTTP/1.1" 200 22
180.174.195.252 - - [12/Feb/2021:12:20:09 +0800] "GET /xingrg/all/function/internal_message.html?_=1613103852204&CODE_STATE=getMsg HTTP/1.1" 200 27
114.88.166.193 - - [12/Feb/2021:12:20:13 +0800] "GET /xingrg/all/function/internal_message.html?_=1613103607258&CODE_STATE=getMsg HTTP/1.1" 200 27
116.224.253.72 - - [12/Feb/2021:12:20:14 +0800] "GET /xingrg/all/function/internal_message.html?_=1613103608557&CODE_STATE=getMsg HTTP/1.1" 200 27
180.169.147.146 - - [12/Feb/2021:12:20:16 +0800] "GET /xingrg/all/function/internal_message.html?_=1613103605630&CODE_STATE=getMsg HTTP/1.1" 200 27
116.224.253.72 - - [12/Feb/2021:12:20:24 +0800] "GET /xingrg/all/function/internal_message.html?_=1613103621146&CODE_STATE=getMsg HTTP/1.1" 200 27
101.228.165.73 - - [12/Feb/2021:12:20:26 +0800] "GET /xingrg/all/function/internal_message.html?_=1613103639853&CODE_STATE=getMsg HTTP/1.1" 200 27
61.165.42.208 - - [12/Feb/2021:12:20:36 +0800] "GET /xingrg/all/function/internal_message.html?_=1613103614543&CODE_STATE=getMsg HTTP/1.1" 200 27
120.253.135.82 - - [12/Feb/2021:12:20:37 +0800] "GET /xingrg/all/function/internal_message.html?_=1613103661251&CODE_STATE=getMsg HTTP/1.1" 200 27
117.185.32.26 - - [12/Feb/2021:12:20:43 +0800] "GET /xingrg/all/function/internal_message.html?_=1613104113275&CODE_STATE=getMsg HTTP/1.1" 200 27
101.85.93.83 - - [12/Feb/2021:12:20:46 +0800] "GET /xingrg/check_reg.html?_=1613103266801 HTTP/1.1" 200 22
101.85.93.83 - - [12/Feb/2021:12:20:46 +0800] "GET /xingrg/all/function/internal_message.html?_=1613103266800&CODE_STATE=getMsg HTTP/1.1" 200 27
116.227.208.86 - - [12/Feb/2021:12:20:58 +0800] "GET /xingrg/all/function/internal_message.html?_=1613103653019&CODE_STATE=getMsg HTTP/1.1" 200 27
117.185.32.26 - - [12/Feb/2021:12:21:00 +0800] "GET /xingrg/all/function/internal_message.html?_=1613103653411&CODE_STATE=getMsg HTTP/1.1" 200 27
61.165.42.208 - - [12/Feb/2021:12:21:01 +0800] "GET /xingrg/all/function/internal_message.html?_=1613103659104&CODE_STATE=getMsg HTTP/1.1" 200 27
61.165.42.208 - - [12/Feb/2021:12:21:01 +0800] "GET /xingrg/check_reg.html?_=1613103659108 HTTP/1.1" 200 22
180.174.195.252 - - [12/Feb/2021:12:21:09 +0800] "GET /xingrg/all/function/internal_message.html?_=1613103912221&CODE_STATE=getMsg HTTP/1.1" 200 27
114.88.166.193 - - [12/Feb/2021:12:21:11 +0800] "GET /xingrg/check_reg.html?_=1613103665783 HTTP/1.1" 200 22
114.88.166.193 - - [12/Feb/2021:12:21:13 +0800] "GET /xingrg/all/function/internal_message.html?_=1613103667271&CODE_STATE=getMsg HTTP/1.1" 200 27
116.224.253.72 - - [12/Feb/2021:12:21:14 +0800] "GET /xingrg/check_reg.html?_=1613103668557 HTTP/1.1" 200 22
116.224.253.72 - - [12/Feb/2021:12:21:14 +0800] "GET /xingrg/all/function/internal_message.html?_=1613103668558&CODE_STATE=getMsg HTTP/1.1" 200 27
180.169.147.146 - - [12/Feb/2021:12:21:16 +0800] "GET /xingrg/all/function/internal_message.html?_=1613103665604&CODE_STATE=getMsg HTTP/1.1" 200 27
116.224.253.72 - - [12/Feb/2021:12:21:24 +0800] "GET /xingrg/all/function/internal_message.html?_=1613103681133&CODE_STATE=getMsg HTTP/1.1" 200 27
101.228.165.73 - - [12/Feb/2021:12:21:26 +0800] "GET /xingrg/all/function/internal_message.html?_=1613103699922&CODE_STATE=getMsg HTTP/1.1" 200 27
117.185.32.26 - - [12/Feb/2021:12:21:35 +0800] "GET /xingrg/check_reg.html?_=1613103688355 HTTP/1.1" 200 22
61.165.42.208 - - [12/Feb/2021:12:21:36 +0800] "GET /xingrg/all/function/internal_message.html?_=1613103674529&CODE_STATE=getMsg HTTP/1.1" 200 27
120.253.135.82 - - [12/Feb/2021:12:21:37 +0800] "GET /xingrg/all/function/internal_message.html?_=1613103721255&CODE_STATE=getMsg HTTP/1.1" 200 27
117.185.32.26 - - [12/Feb/2021:12:21:43 +0800] "GET /xingrg/all/function/internal_message.html?_=1613104173259&CODE_STATE=getMsg HTTP/1.1" 200 27
101.85.93.83 - - [12/Feb/2021:12:21:46 +0800] "GET /xingrg/all/function/internal_message.html?_=1613103326800&CODE_STATE=getMsg HTTP/1.1" 200 27
116.227.208.86 - - [12/Feb/2021:12:21:58 +0800] "GET /xingrg/all/function/internal_message.html?_=1613103713021&CODE_STATE=getMsg HTTP/1.1" 200 27
116.227.208.86 - - [12/Feb/2021:12:21:58 +0800] "GET /xingrg/check_reg.html?_=1613103713024 HTTP/1.1" 200 22
117.185.32.26 - - [12/Feb/2021:12:22:00 +0800] "GET /xingrg/all/function/internal_message.html?_=1613103713391&CODE_STATE=getMsg HTTP/1.1" 200 27
61.165.42.208 - - [12/Feb/2021:12:22:01 +0800] "GET /xingrg/all/function/internal_message.html?_=1613103719109&CODE_STATE=getMsg HTTP/1.1" 200 27
117.185.32.26 - - [12/Feb/2021:12:22:02 +0800] "GET /xingrg/check_reg.html?_=1613104191934 HTTP/1.1" 200 22
180.174.195.252 - - [12/Feb/2021:12:22:09 +0800] "GET /xingrg/all/function/internal_message.html?_=1613103972231&CODE_STATE=getMsg HTTP/1.1" 200 27
114.88.166.193 - - [12/Feb/2021:12:22:13 +0800] "GET /xingrg/all/function/internal_message.html?_=1613103727285&CODE_STATE=getMsg HTTP/1.1" 200 27
116.224.253.72 - - [12/Feb/2021:12:22:14 +0800] "GET /xingrg/all/function/internal_message.html?_=1613103728559&CODE_STATE=getMsg HTTP/1.1" 200 27
180.169.147.146 - - [12/Feb/2021:12:22:16 +0800] "GET /xingrg/all/function/internal_message.html?_=1613103725580&CODE_STATE=getMsg HTTP/1.1" 200 27
180.169.147.146 - - [12/Feb/2021:12:22:16 +0800] "GET /xingrg/check_reg.html?_=1613103726301 HTTP/1.1" 200 22
116.224.253.72 - - [12/Feb/2021:12:22:24 +0800] "GET /xingrg/all/function/internal_message.html?_=1613103741119&CODE_STATE=getMsg HTTP/1.1" 200 27
101.228.165.73 - - [12/Feb/2021:12:22:26 +0800] "GET /xingrg/all/function/internal_message.html?_=1613103759927&CODE_STATE=getMsg HTTP/1.1" 200 27
61.165.42.208 - - [12/Feb/2021:12:22:36 +0800] "GET /xingrg/all/function/internal_message.html?_=1613103734514&CODE_STATE=getMsg HTTP/1.1" 200 27
101.85.93.83 - - [12/Feb/2021:12:22:36 +0800] "GET /xingrg/javascript/jquery_easy_ui/themes/default/images/tabs_close.gif HTTP/1.1" 200 829
101.85.93.83 - - [12/Feb/2021:12:22:36 +0800] "GET /xingrg/css/base.css HTTP/1.1" 200 2811
101.85.93.83 - - [12/Feb/2021:12:22:36 +0800] "GET /xingrg/css/site.css HTTP/1.1" 200 7541
101.85.93.83 - - [12/Feb/2021:12:22:36 +0800] "GET /xingrg/javascript/jquery_tools/datebox.css HTTP/1.1" 200 2597
101.85.93.83 - - [12/Feb/2021:12:22:36 +0800] "GET /xingrg/javascript/easyui/themes/icon.css HTTP/1.1" 200 4483
101.85.93.83 - - [12/Feb/2021:12:22:36 +0800] "GET /xingrg/javascript/auto/jquery.autocomplete.css HTTP/1.1" 200 587
101.85.93.83 - - [12/Feb/2021:12:22:36 +0800] "GET /xingrg/javascript/jquery_tools/table.css HTTP/1.1" 200 1032
101.85.93.83 - - [12/Feb/2021:12:22:36 +0800] "GET /xingrg/javascript/jquery_tools/jquery.tools.min.js HTTP/1.1" 200 138801
101.85.93.83 - - [12/Feb/2021:12:22:36 +0800] "GET /xingrg/javascript/jquery_tools/fix.css HTTP/1.1" 200 1702
101.85.93.83 - - [12/Feb/2021:12:22:36 +0800] "GET /xingrg/kc/buy/cgsh_order_list.html HTTP/1.1" 200 46372
101.85.93.83 - - [12/Feb/2021:12:22:36 +0800] "GET /xingrg/javascript/jquery_tools/list_manager.js HTTP/1.1" 200 3652
101.85.93.83 - - [12/Feb/2021:12:22:36 +0800] "GET /xingrg/javascript/jquery_tools/jquery.tools.hotkey.js HTTP/1.1" 200 3242
101.85.93.83 - - [12/Feb/2021:12:22:36 +0800] "GET /xingrg/javascript/jquery_tools/jquery.tools.extend.js HTTP/1.1" 200 15385
101.85.93.83 - - [12/Feb/2021:12:22:36 +0800] "GET /xingrg/javascript/jquery.cookie.js HTTP/1.1" 200 5513
101.85.93.83 - - [12/Feb/2021:12:22:36 +0800] "GET /xingrg/javascript/print/LodopFuncs.js HTTP/1.1" 200 5121
101.85.93.83 - - [12/Feb/2021:12:22:36 +0800] "GET /xingrg/javascript/jquery_tools/jquery.tools.table.js HTTP/1.1" 200 6994
101.85.93.83 - - [12/Feb/2021:12:22:36 +0800] "GET /xingrg/javascript/easyui/easyloader.js HTTP/1.1" 200 5975
101.85.93.83 - - [12/Feb/2021:12:22:36 +0800] "GET /xingrg/javascript/easyui/themes/default/easyui.css HTTP/1.1" 200 30432
120.253.135.82 - - [12/Feb/2021:12:22:37 +0800] "GET /xingrg/all/function/internal_message.html?_=1613103781275&CODE_STATE=getMsg HTTP/1.1" 200 27
101.85.93.83 - - [12/Feb/2021:12:22:37 +0800] "GET /xingrg/javascript/auto/jquery.autocomplete.js HTTP/1.1" 200 21624
101.85.93.83 - - [12/Feb/2021:12:22:37 +0800] "GET /xingrg/javascript/easyui/plugins/jquery.parser.js HTTP/1.1" 200 1142
101.85.93.83 - - [12/Feb/2021:12:22:37 +0800] "GET /xingrg/images/control/ajaxLoader.gif HTTP/1.1" 200 4659
101.85.93.83 - - [12/Feb/2021:12:22:38 +0800] "GET /xingrg/javascript/easyui/themes/icons/field_new.png HTTP/1.1" 200 1097
101.85.93.83 - - [12/Feb/2021:12:22:38 +0800] "GET /xingrg/javascript/easyui/themes/icons/cance_new.png HTTP/1.1" 200 3986
101.85.93.83 - - [12/Feb/2021:12:22:38 +0800] "GET /xingrg/javascript/easyui/themes/icons/edit_add_new.png HTTP/1.1" 200 2997
101.85.93.83 - - [12/Feb/2021:12:22:38 +0800] "GET /xingrg/javascript/easyui/themes/icons/check_new.png HTTP/1.1" 200 3224
101.85.93.83 - - [12/Feb/2021:12:22:38 +0800] "GET /xingrg/javascript/easyui/themes/icons/import_new.png HTTP/1.1" 200 1247
101.85.93.83 - - [12/Feb/2021:12:22:38 +0800] "POST /xingrg/kc/buy/cgsh_list_operate.html HTTP/1.1" 200 876
101.85.93.83 - - [12/Feb/2021:12:22:40 +0800] "GET /xingrg/javascript/easyui/themes/default/images/button_plain_hover.png HTTP/1.1" 200 144
101.85.93.83 - - [12/Feb/2021:12:22:40 +0800] "GET /xingrg/javascript/pic_change.js HTTP/1.1" 200 4739
101.85.93.83 - - [12/Feb/2021:12:22:40 +0800] "GET /xingrg/javascript/convert.js HTTP/1.1" 200 1239
101.85.93.83 - - [12/Feb/2021:12:22:40 +0800] "GET /xingrg/javascript/jquery_tools/order_manager.js HTTP/1.1" 200 11183
101.85.93.83 - - [12/Feb/2021:12:22:40 +0800] "GET /xingrg/javascript/json2.js HTTP/1.1" 200 11259
101.85.93.83 - - [12/Feb/2021:12:22:40 +0800] "GET /xingrg/javascript/print/kc_print.js HTTP/1.1" 200 11415
101.85.93.83 - - [12/Feb/2021:12:22:40 +0800] "GET /xingrg/kc/buy/cgsh_order_add.html HTTP/1.1" 200 61222
101.85.93.83 - - [12/Feb/2021:12:22:40 +0800] "GET /xingrg/words/20210210182418_words.js HTTP/1.1" 200 795173
101.85.93.83 - - [12/Feb/2021:12:22:40 +0800] "GET /xingrg/javascript/easyui/themes/icons/copy_new.png HTTP/1.1" 200 815
101.85.93.83 - - [12/Feb/2021:12:22:40 +0800] "GET /xingrg/javascript/easyui/themes/icons/ok.png HTTP/1.1" 200 883
101.85.93.83 - - [12/Feb/2021:12:22:40 +0800] "GET /xingrg/javascript/easyui/themes/icons/template_new.png HTTP/1.1" 200 3956
101.85.93.83 - - [12/Feb/2021:12:22:40 +0800] "GET /xingrg/javascript/easyui/themes/icons/cancel.png HTTP/1.1" 200 1133
101.85.93.83 - - [12/Feb/2021:12:22:40 +0800] "GET /xingrg/javascript/easyui/themes/default/images/menu_downarrow.png HTTP/1.1" 200 173
101.85.93.83 - - [12/Feb/2021:12:22:40 +0800] "GET /xingrg/javascript/easyui/themes/icons/print.png HTTP/1.1" 200 1057
101.85.93.83 - - [12/Feb/2021:12:22:41 +0800] "GET /xingrg/all/common/auto_word.html?type=employee&rest_code=00142 HTTP/1.1" 200 105
101.85.93.83 - - [12/Feb/2021:12:22:41 +0800] "GET /xingrg/all/common/auto_word.html?type=employee&rest_code=00142 HTTP/1.1" 200 105
101.85.93.83 - - [12/Feb/2021:12:22:41 +0800] "GET /xingrg/javascript/easyui/themes/default/validatebox.css HTTP/1.1" 404 1104
101.85.93.83 - - [12/Feb/2021:12:22:41 +0800] "GET /xingrg/javascript/easyui/plugins/jquery.validatebox.js HTTP/1.1" 200 6103
101.85.93.83 - - [12/Feb/2021:12:22:41 +0800] "GET /xingrg/javascript/easyui/plugins/jquery.numberbox.js HTTP/1.1" 200 5213
101.85.93.83 - - [12/Feb/2021:12:22:41 +0800] "POST /xingrg/kc/buy/cgsh_order_operate.html HTTP/1.1" 200 8245
101.85.93.83 - - [12/Feb/2021:12:22:41 +0800] "GET /xingrg/javascript/easyui/themes/icons/edit_remove.png HTTP/1.1" 200 625
117.185.32.26 - - [12/Feb/2021:12:22:43 +0800] "GET /xingrg/all/function/internal_message.html?_=1613104233229&CODE_STATE=getMsg HTTP/1.1" 200 27
101.85.93.83 - - [12/Feb/2021:12:22:43 +0800] "GET /xingrg/javascript/auto/indicator.gif HTTP/1.1" 404 1066
101.85.93.83 - - [12/Feb/2021:12:22:46 +0800] "GET /xingrg/all/function/internal_message.html?_=1613103386830&CODE_STATE=getMsg HTTP/1.1" 200 27
116.227.208.86 - - [12/Feb/2021:12:22:58 +0800] "GET /xingrg/all/function/internal_message.html?_=1613103773025&CODE_STATE=getMsg HTTP/1.1" 200 27
117.185.32.26 - - [12/Feb/2021:12:23:01 +0800] "GET /xingrg/all/function/internal_message.html?_=1613103773368&CODE_STATE=getMsg HTTP/1.1" 200 27
61.165.42.208 - - [12/Feb/2021:12:23:01 +0800] "GET /xingrg/all/function/internal_message.html?_=1613103779110&CODE_STATE=getMsg HTTP/1.1" 200 27
101.85.93.83 - - [12/Feb/2021:12:23:05 +0800] "GET /xingrg/kc/buy/cgsh_order_operate.html?command=get_materiel&rest_code=00142&code=00101008368&supplier_code=00100161&order_time=2021-02-12 HTTP/1.1" 200 408
180.174.195.252 - - [12/Feb/2021:12:23:09 +0800] "GET /xingrg/all/function/internal_message.html?_=1613104032512&CODE_STATE=getMsg HTTP/1.1" 200 27
172.20.0.100 - - [12/Feb/2021:12:23:11 +0800] "GET /xingrg/check_reg.html?_=1613103785334 HTTP/1.1" 302 -
114.88.166.193 - - [12/Feb/2021:12:23:13 +0800] "GET /xingrg/all/function/internal_message.html?_=1613103787298&CODE_STATE=getMsg HTTP/1.1" 200 27
116.224.253.72 - - [12/Feb/2021:12:23:14 +0800] "GET /xingrg/all/function/internal_message.html?_=1613103788561&CODE_STATE=getMsg HTTP/1.1" 200 27
180.169.147.146 - - [12/Feb/2021:12:23:16 +0800] "GET /xingrg/all/function/internal_message.html?_=1613103785547&CODE_STATE=getMsg HTTP/1.1" 200 27
101.85.93.83 - - [12/Feb/2021:12:23:17 +0800] "GET /xingrg/kc/buy/cgsh_order_operate.html?command=get_materiel&rest_code=00142&code=00101008005&supplier_code=00100161&order_time=2021-02-12 HTTP/1.1" 200 412
120.253.135.82 - - [12/Feb/2021:12:23:17 +0800] "GET /xingrg/check_reg.html?_=1613103822130 HTTP/1.1" 200 22
116.224.253.72 - - [12/Feb/2021:12:23:24 +0800] "GET /xingrg/all/function/internal_message.html?_=1613103801104&CODE_STATE=getMsg HTTP/1.1" 200 27
101.228.165.73 - - [12/Feb/2021:12:23:25 +0800] "GET /xingrg/check_reg.html?_=1613103818661 HTTP/1.1" 200 22
101.85.93.83 - - [12/Feb/2021:12:23:25 +0800] "GET /xingrg/kc/buy/cgsh_order_operate.html?command=get_materiel&rest_code=00142&code=00101008049&supplier_code=00100161&order_time=2021-02-12 HTTP/1.1" 200 408
101.228.165.73 - - [12/Feb/2021:12:23:26 +0800] "GET /xingrg/all/function/internal_message.html?_=1613103819941&CODE_STATE=getMsg HTTP/1.1" 200 27
61.165.42.208 - - [12/Feb/2021:12:23:36 +0800] "GET /xingrg/all/function/internal_message.html?_=1613103794498&CODE_STATE=getMsg HTTP/1.1" 200 27
101.85.93.83 - - [12/Feb/2021:12:23:36 +0800] "GET /xingrg/kc/buy/cgsh_order_operate.html?command=get_materiel&rest_code=00142&code=00101008261&supplier_code=00100161&order_time=2021-02-12 HTTP/1.1" 200 408
120.253.135.82 - - [12/Feb/2021:12:23:37 +0800] "GET /xingrg/all/function/internal_message.html?_=1613103841282&CODE_STATE=getMsg HTTP/1.1" 200 27
180.169.147.146 - - [12/Feb/2021:12:23:37 +0800] "POST /xingrg/kc/buy/cgsh_list_operate.html HTTP/1.1" 200 5129
117.185.32.26 - - [12/Feb/2021:12:23:43 +0800] "GET /xingrg/all/function/internal_message.html?_=1613104293213&CODE_STATE=getMsg HTTP/1.1" 200 27
101.85.93.83 - - [12/Feb/2021:12:23:46 +0800] "GET /xingrg/all/function/internal_message.html?_=1613103446831&CODE_STATE=getMsg HTTP/1.1" 200 27
101.85.93.83 - - [12/Feb/2021:12:23:47 +0800] "GET /xingrg/kc/buy/cgsh_order_operate.html?command=get_materiel&rest_code=00142&code=00101008268&supplier_code=00100161&order_time=2021-02-12 HTTP/1.1" 200 408
180.169.147.146 - - [12/Feb/2021:12:23:52 +0800] "POST /xingrg/kc/buy/cgsh_list_operate.html HTTP/1.1" 200 4087
101.85.93.83 - - [12/Feb/2021:12:23:55 +0800] "GET /xingrg/kc/buy/cgsh_order_operate.html?command=get_materiel&rest_code=00142&code=00101008199&supplier_code=00100161&order_time=2021-02-12 HTTP/1.1" 200 408
116.227.208.86 - - [12/Feb/2021:12:23:58 +0800] "GET /xingrg/all/function/internal_message.html?_=1613103833029&CODE_STATE=getMsg HTTP/1.1" 200 27
180.169.147.146 - - [12/Feb/2021:12:24:00 +0800] "GET /xingrg/kc/base/base_main.html HTTP/1.1" 200 12142
117.185.32.26 - - [12/Feb/2021:12:24:00 +0800] "GET /xingrg/all/function/internal_message.html?_=1613103833339&CODE_STATE=getMsg HTTP/1.1" 200 27
61.165.42.208 - - [12/Feb/2021:12:24:01 +0800] "GET /xingrg/all/function/internal_message.html?_=1613103839110&CODE_STATE=getMsg HTTP/1.1" 200 27
180.169.147.146 - - [12/Feb/2021:12:24:01 +0800] "GET /xingrg/kc/base/wldb_order_list.html HTTP/1.1" 200 19345
180.169.147.146 - - [12/Feb/2021:12:24:02 +0800] "POST /xingrg/kc/base/wldb_list_operate.html HTTP/1.1" 200 2588
101.85.93.83 - - [12/Feb/2021:12:24:03 +0800] "GET /xingrg/kc/buy/cgsh_order_operate.html?command=get_materiel&rest_code=00142&code=00101008361&supplier_code=00100161&order_time=2021-02-12 HTTP/1.1" 200 408
180.169.147.146 - - [12/Feb/2021:12:24:05 +0800] "POST /xingrg/kc/base/wldb_list_operate.html HTTP/1.1" 200 283
180.169.147.146 - - [12/Feb/2021:12:24:06 +0800] "GET /xingrg/kc/base/wldb_order_info.html?code=422021021001302 HTTP/1.1" 200 30523
180.169.147.146 - - [12/Feb/2021:12:24:06 +0800] "GET /xingrg/all/common/auto_word.html?type=base&rest_code=00147 HTTP/1.1" 200 1707
180.169.147.146 - - [12/Feb/2021:12:24:06 +0800] "GET /xingrg/all/common/auto_word.html?type=base&rest_code=00147 HTTP/1.1" 200 1707
180.169.147.146 - - [12/Feb/2021:12:24:06 +0800] "GET /xingrg/javascript/easyui/themes/default/validatebox.css HTTP/1.1" 404 1104
180.169.147.146 - - [12/Feb/2021:12:24:06 +0800] "POST /xingrg/kc/base/wldb_order_operate.html HTTP/1.1" 200 2672
180.174.195.252 - - [12/Feb/2021:12:24:09 +0800] "GET /xingrg/all/function/internal_message.html?_=1613104092522&CODE_STATE=getMsg HTTP/1.1" 200 27
101.85.93.83 - - [12/Feb/2021:12:24:11 +0800] "GET /xingrg/kc/buy/cgsh_order_operate.html?command=get_materiel&rest_code=00142&code=00101008355&supplier_code=00100161&order_time=2021-02-12 HTTP/1.1" 200 428
114.88.166.193 - - [12/Feb/2021:12:24:13 +0800] "GET /xingrg/all/function/internal_message.html?_=1613103847359&CODE_STATE=getMsg HTTP/1.1" 200 27
116.224.253.72 - - [12/Feb/2021:12:24:14 +0800] "GET /xingrg/all/function/internal_message.html?_=1613103848562&CODE_STATE=getMsg HTTP/1.1" 200 27
180.169.147.146 - - [12/Feb/2021:12:24:16 +0800] "GET /xingrg/all/function/internal_message.html?_=1613103845554&CODE_STATE=getMsg HTTP/1.1" 200 27
101.85.93.83 - - [12/Feb/2021:12:24:18 +0800] "GET /xingrg/kc/buy/cgsh_order_operate.html?command=get_materiel&rest_code=00142&code=00101008024&supplier_code=00100161&order_time=2021-02-12 HTTP/1.1" 200 428
116.224.253.72 - - [12/Feb/2021:12:24:24 +0800] "GET /xingrg/check_reg.html?_=1613103861028 HTTP/1.1" 200 22
116.224.253.72 - - [12/Feb/2021:12:24:24 +0800] "GET /xingrg/all/function/internal_message.html?_=1613103861079&CODE_STATE=getMsg HTTP/1.1" 200 27
101.228.165.73 - - [12/Feb/2021:12:24:26 +0800] "GET /xingrg/all/function/internal_message.html?_=1613103879956&CODE_STATE=getMsg HTTP/1.1" 200 27
61.165.42.208 - - [12/Feb/2021:12:24:27 +0800] "GET /xingrg/check_reg.html?_=1613103845825 HTTP/1.1" 200 22
101.85.93.83 - - [12/Feb/2021:12:24:27 +0800] "GET /xingrg/kc/buy/cgsh_order_operate.html?command=get_materiel&rest_code=00142&code=00101008356&supplier_code=00100161&order_time=2021-02-12 HTTP/1.1" 200 408
61.165.42.208 - - [12/Feb/2021:12:24:36 +0800] "GET /xingrg/all/function/internal_message.html?_=1613103854469&CODE_STATE=getMsg HTTP/1.1" 200 27
120.253.135.82 - - [12/Feb/2021:12:24:37 +0800] "GET /xingrg/all/function/internal_message.html?_=1613103901296&CODE_STATE=getMsg HTTP/1.1" 200 27
101.85.93.83 - - [12/Feb/2021:12:24:38 +0800] "GET /xingrg/kc/buy/cgsh_order_operate.html?command=get_materiel&rest_code=00142&code=00101008351&supplier_code=00100161&order_time=2021-02-12 HTTP/1.1" 200 428
117.185.32.26 - - [12/Feb/2021:12:24:43 +0800] "GET /xingrg/all/function/internal_message.html?_=1613104353185&CODE_STATE=getMsg HTTP/1.1" 200 27
101.85.93.83 - - [12/Feb/2021:12:24:46 +0800] "GET /xingrg/all/function/internal_message.html?_=1613103506838&CODE_STATE=getMsg HTTP/1.1" 200 27
101.85.93.83 - - [12/Feb/2021:12:24:51 +0800] "GET /xingrg/kc/buy/cgsh_order_operate.html?command=get_materiel&rest_code=00142&code=00101008312&supplier_code=00100161&order_time=2021-02-12 HTTP/1.1" 200 412
116.227.208.86 - - [12/Feb/2021:12:24:58 +0800] "GET /xingrg/all/function/internal_message.html?_=1613103893014&CODE_STATE=getMsg HTTP/1.1" 200 27
117.185.32.26 - - [12/Feb/2021:12:25:00 +0800] "GET /xingrg/all/function/internal_message.html?_=1613103893307&CODE_STATE=getMsg HTTP/1.1" 200 27
101.85.93.83 - - [12/Feb/2021:12:25:01 +0800] "GET /xingrg/kc/buy/cgsh_order_operate.html?command=get_materiel&rest_code=00142&code=00101008264&supplier_code=00100161&order_time=2021-02-12 HTTP/1.1" 200 432
61.165.42.208 - - [12/Feb/2021:12:25:01 +0800] "GET /xingrg/all/function/internal_message.html?_=1613103899096&CODE_STATE=getMsg HTTP/1.1" 200 27
180.174.195.252 - - [12/Feb/2021:12:25:09 +0800] "GET /xingrg/check_reg.html?_=1613104151778 HTTP/1.1" 200 22
180.174.195.252 - - [12/Feb/2021:12:25:09 +0800] "GET /xingrg/all/function/internal_message.html?_=1613104152536&CODE_STATE=getMsg HTTP/1.1" 200 27
101.85.93.83 - - [12/Feb/2021:12:25:10 +0800] "GET /xingrg/kc/buy/cgsh_order_operate.html?command=get_materiel&rest_code=00142&code=00101008298&supplier_code=00100161&order_time=2021-02-12 HTTP/1.1" 200 413
114.88.166.193 - - [12/Feb/2021:12:25:13 +0800] "GET /xingrg/all/function/internal_message.html?_=1613103907373&CODE_STATE=getMsg HTTP/1.1" 200 27
116.224.253.72 - - [12/Feb/2021:12:25:14 +0800] "GET /xingrg/all/function/internal_message.html?_=1613103908550&CODE_STATE=getMsg HTTP/1.1" 200 27
180.169.147.146 - - [12/Feb/2021:12:25:16 +0800] "GET /xingrg/all/function/internal_message.html?_=1613103905514&CODE_STATE=getMsg HTTP/1.1" 200 27
101.85.93.83 - - [12/Feb/2021:12:25:17 +0800] "GET /xingrg/kc/buy/cgsh_order_operate.html?command=get_materiel&rest_code=00142&code=00101008373&supplier_code=00100161&order_time=2021-02-12 HTTP/1.1" 200 412
180.169.147.146 - - [12/Feb/2021:12:25:23 +0800] "POST /xingrg/kc/base/wldb_list_operate.html HTTP/1.1" 200 214
116.224.253.72 - - [12/Feb/2021:12:25:24 +0800] "GET /xingrg/all/function/internal_message.html?_=1613103921064&CODE_STATE=getMsg HTTP/1.1" 200 27
101.85.93.83 - - [12/Feb/2021:12:25:26 +0800] "GET /xingrg/kc/buy/cgsh_order_operate.html?command=get_materiel&rest_code=00142&code=00101008051&supplier_code=00100161&order_time=2021-02-12 HTTP/1.1" 200 409
101.228.165.73 - - [12/Feb/2021:12:25:26 +0800] "GET /xingrg/all/function/internal_message.html?_=1613103939969&CODE_STATE=getMsg HTTP/1.1" 200 27
101.85.93.83 - - [12/Feb/2021:12:25:34 +0800] "GET /xingrg/kc/buy/cgsh_order_operate.html?command=get_materiel&rest_code=00142&code=00101008354&supplier_code=00100161&order_time=2021-02-12 HTTP/1.1" 200 432
61.165.42.208 - - [12/Feb/2021:12:25:36 +0800] "GET /xingrg/all/function/internal_message.html?_=1613103914455&CODE_STATE=getMsg HTTP/1.1" 200 27
120.253.135.82 - - [12/Feb/2021:12:25:37 +0800] "GET /xingrg/all/function/internal_message.html?_=1613103961317&CODE_STATE=getMsg HTTP/1.1" 200 27
117.185.32.26 - - [12/Feb/2021:12:25:43 +0800] "GET /xingrg/all/function/internal_message.html?_=1613104413197&CODE_STATE=getMsg HTTP/1.1" 200 27
101.85.93.83 - - [12/Feb/2021:12:25:44 +0800] "GET /xingrg/kc/buy/cgsh_order_operate.html?command=get_materiel&rest_code=00142&code=00101012065&supplier_code=00100161&order_time=2021-02-12 HTTP/1.1" 200 418
101.85.93.83 - - [12/Feb/2021:12:25:46 +0800] "GET /xingrg/check_reg.html?_=1613103566828 HTTP/1.1" 200 22
101.85.93.83 - - [12/Feb/2021:12:25:46 +0800] "GET /xingrg/all/function/internal_message.html?_=1613103566863&CODE_STATE=getMsg HTTP/1.1" 200 27
101.85.93.83 - - [12/Feb/2021:12:25:51 +0800] "GET /xingrg/kc/buy/cgsh_order_operate.html?command=get_materiel&rest_code=00142&code=00101012024&supplier_code=00100161&order_time=2021-02-12 HTTP/1.1" 200 408
180.169.147.146 - - [12/Feb/2021:12:25:53 +0800] "POST /xingrg/kc/base/wldb_list_operate.html HTTP/1.1" 200 302
101.85.93.83 - - [12/Feb/2021:12:25:53 +0800] "POST /xingrg/kc/buy/cgsh_order_operate.html HTTP/1.1" 200 2065
116.227.208.86 - - [12/Feb/2021:12:25:58 +0800] "GET /xingrg/all/function/internal_message.html?_=1613103953015&CODE_STATE=getMsg HTTP/1.1" 200 27
101.85.93.83 - - [12/Feb/2021:12:25:58 +0800] "GET /xingrg/kc/buy/cgsh_order_operate.html?command=get_materiel&rest_code=00142&code=00101012059&supplier_code=00100161&order_time=2021-02-12 HTTP/1.1" 200 412
117.185.32.26 - - [12/Feb/2021:12:26:00 +0800] "GET /xingrg/all/function/internal_message.html?_=1613103953280&CODE_STATE=getMsg HTTP/1.1" 200 27
61.165.42.208 - - [12/Feb/2021:12:26:01 +0800] "GET /xingrg/all/function/internal_message.html?_=1613103959100&CODE_STATE=getMsg HTTP/1.1" 200 27
61.165.42.208 - - [12/Feb/2021:12:26:01 +0800] "GET /xingrg/check_reg.html?_=1613103959103 HTTP/1.1" 200 22
101.85.93.83 - - [12/Feb/2021:12:26:05 +0800] "POST /xingrg/kc/buy/cgsh_order_operate.html HTTP/1.1" 200 37
101.85.93.83 - - [12/Feb/2021:12:26:06 +0800] "POST /xingrg/kc/buy/cgsh_order_operate.html HTTP/1.1" 200 13867
101.85.93.83 - - [12/Feb/2021:12:26:09 +0800] "POST /xingrg/kc/buy/cgsh_order_operate.html HTTP/1.1" 200 37
180.174.195.252 - - [12/Feb/2021:12:26:09 +0800] "GET /xingrg/all/function/internal_message.html?_=1613104212551&CODE_STATE=getMsg HTTP/1.1" 200 27
101.85.93.83 - - [12/Feb/2021:12:26:11 +0800] "POST /xingrg/kc/buy/cgsh_order_operate.html HTTP/1.1" 200 13867
114.88.166.193 - - [12/Feb/2021:12:26:12 +0800] "GET /xingrg/check_reg.html?_=1613103965837 HTTP/1.1" 200 22
114.88.166.193 - - [12/Feb/2021:12:26:13 +0800] "GET /xingrg/all/function/internal_message.html?_=1613103967386&CODE_STATE=getMsg HTTP/1.1" 200 27
101.85.93.83 - - [12/Feb/2021:12:26:14 +0800] "POST /xingrg/kc/buy/cgsh_order_operate.html HTTP/1.1" 200 37
116.224.253.72 - - [12/Feb/2021:12:26:14 +0800] "GET /xingrg/check_reg.html?_=1613103968551 HTTP/1.1" 200 22
116.224.253.72 - - [12/Feb/2021:12:26:14 +0800] "GET /xingrg/all/function/internal_message.html?_=1613103968550&CODE_STATE=getMsg HTTP/1.1" 200 27
101.85.93.83 - - [12/Feb/2021:12:26:15 +0800] "POST /xingrg/kc/buy/cgsh_order_operate.html HTTP/1.1" 200 13867
101.85.93.83 - - [12/Feb/2021:12:26:15 +0800] "GET /xingrg/javascript/jquery_easy_ui/themes/default/images/tabs_active.png HTTP/1.1" 200 2894
180.169.147.146 - - [12/Feb/2021:12:26:16 +0800] "GET /xingrg/all/function/internal_message.html?_=1613103965493&CODE_STATE=getMsg HTTP/1.1" 200 27
101.85.93.83 - - [12/Feb/2021:12:26:18 +0800] "POST /xingrg/kc/buy/cgsh_list_operate.html HTTP/1.1" 200 1690
116.224.253.72 - - [12/Feb/2021:12:26:24 +0800] "GET /xingrg/all/function/internal_message.html?_=1613103981054&CODE_STATE=getMsg HTTP/1.1" 200 27
101.228.165.73 - - [12/Feb/2021:12:26:26 +0800] "GET /xingrg/all/function/internal_message.html?_=1613104000038&CODE_STATE=getMsg HTTP/1.1" 200 27
117.185.32.26 - - [12/Feb/2021:12:26:35 +0800] "GET /xingrg/check_reg.html?_=1613103988362 HTTP/1.1" 200 22
61.165.42.208 - - [12/Feb/2021:12:26:36 +0800] "GET /xingrg/all/function/internal_message.html?_=1613103974440&CODE_STATE=getMsg HTTP/1.1" 200 27
120.253.135.82 - - [12/Feb/2021:12:26:37 +0800] "GET /xingrg/all/function/internal_message.html?_=1613104021323&CODE_STATE=getMsg HTTP/1.1" 200 27
101.85.93.83 - - [12/Feb/2021:12:26:37 +0800] "GET /xingrg/kc/base/yddb_order_list.html HTTP/1.1" 200 16951
101.85.93.83 - - [12/Feb/2021:12:26:37 +0800] "POST /xingrg/kc/base/yddb_list_operate.html HTTP/1.1" 200 636
101.85.93.83 - - [12/Feb/2021:12:26:41 +0800] "POST /xingrg/kc/base/yddb_list_operate.html HTTP/1.1" 200 4387
101.85.93.83 - - [12/Feb/2021:12:26:41 +0800] "POST /xingrg/kc/base/yddb_list_operate.html HTTP/1.1" 200 4387
101.85.93.83 - - [12/Feb/2021:12:26:42 +0800] "POST /xingrg/kc/base/yddb_list_operate.html HTTP/1.1" 200 4387
117.185.32.26 - - [12/Feb/2021:12:26:43 +0800] "GET /xingrg/all/function/internal_message.html?_=1613104473172&CODE_STATE=getMsg HTTP/1.1" 200 27
101.85.93.83 - - [12/Feb/2021:12:26:46 +0800] "GET /xingrg/all/function/internal_message.html?_=1613103626846&CODE_STATE=getMsg HTTP/1.1" 200 27
101.85.93.83 - - [12/Feb/2021:12:26:57 +0800] "POST /xingrg/kc/base/yddb_list_operate.html HTTP/1.1" 200 362
101.85.93.83 - - [12/Feb/2021:12:26:57 +0800] "GET /xingrg/kc/base/yddb_order_info.html?code=482021021000101 HTTP/1.1" 200 29758
101.85.93.83 - - [12/Feb/2021:12:26:57 +0800] "GET /xingrg/javascript/AjaxInfoList.js HTTP/1.1" 200 3774
101.85.93.83 - - [12/Feb/2021:12:26:57 +0800] "GET /xingrg/javascript/ToolTips.js HTTP/1.1" 200 5615
101.85.93.83 - - [12/Feb/2021:12:26:57 +0800] "GET /xingrg/dwr/interface/AjaxYddbService.js HTTP/1.1" 200 13201
101.85.93.83 - - [12/Feb/2021:12:26:58 +0800] "GET /xingrg/javascript/Grid.js HTTP/1.1" 200 58908
101.85.93.83 - - [12/Feb/2021:12:26:58 +0800] "GET /xingrg/dwr/interface/AjaxComOrderService.js HTTP/1.1" 200 18264
101.85.93.83 - - [12/Feb/2021:12:26:58 +0800] "GET /xingrg/css/blue.css HTTP/1.1" 200 15949
101.85.93.83 - - [12/Feb/2021:12:26:58 +0800] "GET /xingrg/javascript/checkform.js HTTP/1.1" 200 18351
101.85.93.83 - - [12/Feb/2021:12:26:58 +0800] "GET /xingrg/javascript/myfunction.js HTTP/1.1" 200 24559
101.85.93.83 - - [12/Feb/2021:12:26:58 +0800] "GET /xingrg/javascript/Calendar.js HTTP/1.1" 200 31561
101.85.93.83 - - [12/Feb/2021:12:26:58 +0800] "GET /xingrg/dwr/util.js HTTP/1.1" 200 35990
101.85.93.83 - - [12/Feb/2021:12:26:58 +0800] "GET /xingrg/dwr/engine.js HTTP/1.1" 200 43631
101.85.93.83 - - [12/Feb/2021:12:26:58 +0800] "GET /xingrg/javascript/jquery_easy_ui/themes/icons/print.png HTTP/1.1" 200 1057
101.85.93.83 - - [12/Feb/2021:12:26:58 +0800] "GET /xingrg/javascript/jquery_easy_ui/themes/default/images/menu_downarrow.png HTTP/1.1" 200 173
101.85.93.83 - - [12/Feb/2021:12:26:58 +0800] "GET /xingrg/javascript/jquery_easy_ui/themes/icons/edit_add_new.png HTTP/1.1" 200 2997
101.85.93.83 - - [12/Feb/2021:12:26:58 +0800] "GET /xingrg/javascript/jquery_easy_ui/themes/icons/back_new.png HTTP/1.1" 200 3414
