180.169.147.146 - - [12/Feb/2021:11:17:35 +0800] "GET /xingrg/kc/buy/cgsh_order_operate.html?command=get_materiel&rest_code=00147&code=00102002167&supplier_code=00100347&order_time=2021-02-11 HTTP/1.1" 200 409
61.165.42.208 - - [12/Feb/2021:11:17:35 +0800] "GET /xingrg/all/function/internal_message.html?_=1613099834351&CODE_STATE=getMsg HTTP/1.1" 200 27
120.253.135.82 - - [12/Feb/2021:11:17:36 +0800] "GET /xingrg/all/function/internal_message.html?_=1613099880285&CODE_STATE=getMsg HTTP/1.1" 200 27
117.185.32.26 - - [12/Feb/2021:11:17:44 +0800] "GET /xingrg/all/function/internal_message.html?_=1613100334119&CODE_STATE=getMsg HTTP/1.1" 200 27
180.169.147.146 - - [12/Feb/2021:11:17:46 +0800] "POST /xingrg/kc/buy/cgsh_order_operate.html HTTP/1.1" 200 37
180.169.147.146 - - [12/Feb/2021:11:17:47 +0800] "POST /xingrg/kc/buy/cgsh_order_operate.html HTTP/1.1" 200 2652
180.169.147.146 - - [12/Feb/2021:11:17:49 +0800] "GET /xingrg/kc/print/load_data.html?order_code=212021021205330&kc_code=cgsh&condition= HTTP/1.1" 200 655
58.37.230.33 - - [12/Feb/2021:11:17:54 +0800] "GET /xingrg/all/function/internal_message.html?_=1613099878135&CODE_STATE=getMsg HTTP/1.1" 200 27
116.227.208.86 - - [12/Feb/2021:11:17:58 +0800] "GET /xingrg/all/function/internal_message.html?_=1613099873018&CODE_STATE=getMsg HTTP/1.1" 200 27
117.185.32.26 - - [12/Feb/2021:11:18:01 +0800] "GET /xingrg/all/function/internal_message.html?_=1613099873696&CODE_STATE=getMsg HTTP/1.1" 200 27
114.88.166.193 - - [12/Feb/2021:11:18:11 +0800] "GET /xingrg/all/function/internal_message.html?_=1613099885776&CODE_STATE=getMsg HTTP/1.1" 200 27
172.20.0.100 - - [12/Feb/2021:11:18:12 +0800] "GET /xingrg/check_reg.html?_=1613099885580 HTTP/1.1" 302 -
116.224.253.72 - - [12/Feb/2021:11:18:14 +0800] "GET /xingrg/all/function/internal_message.html?_=1613099888548&CODE_STATE=getMsg HTTP/1.1" 200 27
180.169.147.146 - - [12/Feb/2021:11:18:16 +0800] "GET /xingrg/all/function/internal_message.html?_=1613099885988&CODE_STATE=getMsg HTTP/1.1" 200 27
120.253.135.82 - - [12/Feb/2021:11:18:17 +0800] "GET /xingrg/check_reg.html?_=1613099922062 HTTP/1.1" 200 22
101.228.165.73 - - [12/Feb/2021:11:18:24 +0800] "GET /xingrg/check_reg.html?_=1613099917725 HTTP/1.1" 200 22
101.228.165.73 - - [12/Feb/2021:11:18:25 +0800] "GET /xingrg/all/function/internal_message.html?_=1613099918278&CODE_STATE=getMsg HTTP/1.1" 200 27
61.165.42.208 - - [12/Feb/2021:11:18:35 +0800] "GET /xingrg/all/function/internal_message.html?_=1613099894360&CODE_STATE=getMsg HTTP/1.1" 200 27
120.253.135.82 - - [12/Feb/2021:11:18:36 +0800] "GET /xingrg/all/function/internal_message.html?_=1613099940306&CODE_STATE=getMsg HTTP/1.1" 200 27
117.185.32.26 - - [12/Feb/2021:11:18:44 +0800] "GET /xingrg/all/function/internal_message.html?_=1613100394103&CODE_STATE=getMsg HTTP/1.1" 200 27
58.37.230.33 - - [12/Feb/2021:11:18:54 +0800] "GET /xingrg/all/function/internal_message.html?_=1613099938134&CODE_STATE=getMsg HTTP/1.1" 200 27
116.227.208.86 - - [12/Feb/2021:11:18:58 +0800] "GET /xingrg/all/function/internal_message.html?_=1613099933021&CODE_STATE=getMsg HTTP/1.1" 200 27
117.185.32.26 - - [12/Feb/2021:11:19:01 +0800] "GET /xingrg/all/function/internal_message.html?_=1613099933669&CODE_STATE=getMsg HTTP/1.1" 200 27
114.88.166.193 - - [12/Feb/2021:11:19:12 +0800] "GET /xingrg/all/function/internal_message.html?_=1613099945849&CODE_STATE=getMsg HTTP/1.1" 200 27
180.169.147.146 - - [12/Feb/2021:11:19:14 +0800] "GET /xingrg/kc/buy/cgsh_order_add.html HTTP/1.1" 200 62072
116.224.253.72 - - [12/Feb/2021:11:19:14 +0800] "GET /xingrg/all/function/internal_message.html?_=1613099948550&CODE_STATE=getMsg HTTP/1.1" 200 27
180.169.147.146 - - [12/Feb/2021:11:19:14 +0800] "GET /xingrg/javascript/easyui/themes/default/validatebox.css HTTP/1.1" 404 1104
180.169.147.146 - - [12/Feb/2021:11:19:14 +0800] "POST /xingrg/kc/buy/cgsh_order_operate.html HTTP/1.1" 200 8245
180.169.147.146 - - [12/Feb/2021:11:19:16 +0800] "GET /xingrg/all/function/internal_message.html?_=1613099946000&CODE_STATE=getMsg HTTP/1.1" 200 27
101.228.165.73 - - [12/Feb/2021:11:19:25 +0800] "GET /xingrg/all/function/internal_message.html?_=1613099978291&CODE_STATE=getMsg HTTP/1.1" 200 27
61.165.42.208 - - [12/Feb/2021:11:19:27 +0800] "GET /xingrg/check_reg.html?_=1613099945763 HTTP/1.1" 200 22
180.169.147.146 - - [12/Feb/2021:11:19:35 +0800] "GET /xingrg/kc/buy/cgsh_order_operate.html?command=get_materiel&rest_code=00147&code=00101009045&supplier_code=00100022&order_time=2021-02-11 HTTP/1.1" 200 413
61.165.42.208 - - [12/Feb/2021:11:19:35 +0800] "GET /xingrg/all/function/internal_message.html?_=1613099954330&CODE_STATE=getMsg HTTP/1.1" 200 27
120.253.135.82 - - [12/Feb/2021:11:19:36 +0800] "GET /xingrg/all/function/internal_message.html?_=1613100000324&CODE_STATE=getMsg HTTP/1.1" 200 27
117.185.32.26 - - [12/Feb/2021:11:19:44 +0800] "GET /xingrg/all/function/internal_message.html?_=1613100454115&CODE_STATE=getMsg HTTP/1.1" 200 27
58.37.230.33 - - [12/Feb/2021:11:19:54 +0800] "GET /xingrg/all/function/internal_message.html?_=1613099998133&CODE_STATE=getMsg HTTP/1.1" 200 27
58.37.230.33 - - [12/Feb/2021:11:19:54 +0800] "GET /xingrg/check_reg.html?_=1613099998135 HTTP/1.1" 200 22
116.227.208.86 - - [12/Feb/2021:11:19:58 +0800] "GET /xingrg/all/function/internal_message.html?_=1613099993021&CODE_STATE=getMsg HTTP/1.1" 200 27
117.185.32.26 - - [12/Feb/2021:11:20:01 +0800] "GET /xingrg/all/function/internal_message.html?_=1613099993644&CODE_STATE=getMsg HTTP/1.1" 200 27
114.88.166.193 - - [12/Feb/2021:11:20:12 +0800] "GET /xingrg/all/function/internal_message.html?_=1613100005865&CODE_STATE=getMsg HTTP/1.1" 200 27
116.224.253.72 - - [12/Feb/2021:11:20:14 +0800] "GET /xingrg/all/function/internal_message.html?_=1613100008551&CODE_STATE=getMsg HTTP/1.1" 200 27
180.169.147.146 - - [12/Feb/2021:11:20:16 +0800] "GET /xingrg/all/function/internal_message.html?_=1613100006006&CODE_STATE=getMsg HTTP/1.1" 200 27
101.228.165.73 - - [12/Feb/2021:11:20:25 +0800] "GET /xingrg/all/function/internal_message.html?_=1613100038305&CODE_STATE=getMsg HTTP/1.1" 200 27
180.169.147.146 - - [12/Feb/2021:11:20:33 +0800] "GET /xingrg/kc/buy/cgsh_order_operate.html?command=get_materiel&rest_code=00147&code=00101009050&supplier_code=00100022&order_time=2021-02-11 HTTP/1.1" 200 408
61.165.42.208 - - [12/Feb/2021:11:20:35 +0800] "GET /xingrg/all/function/internal_message.html?_=1613100014315&CODE_STATE=getMsg HTTP/1.1" 200 27
120.253.135.82 - - [12/Feb/2021:11:20:36 +0800] "GET /xingrg/all/function/internal_message.html?_=1613100060338&CODE_STATE=getMsg HTTP/1.1" 200 27
117.185.32.26 - - [12/Feb/2021:11:20:44 +0800] "GET /xingrg/all/function/internal_message.html?_=1613100514098&CODE_STATE=getMsg HTTP/1.1" 200 27
58.37.230.33 - - [12/Feb/2021:11:20:54 +0800] "GET /xingrg/all/function/internal_message.html?_=1613100058132&CODE_STATE=getMsg HTTP/1.1" 200 27
116.227.208.86 - - [12/Feb/2021:11:20:58 +0800] "GET /xingrg/all/function/internal_message.html?_=1613100053023&CODE_STATE=getMsg HTTP/1.1" 200 27
117.185.32.26 - - [12/Feb/2021:11:21:01 +0800] "GET /xingrg/all/function/internal_message.html?_=1613100053621&CODE_STATE=getMsg HTTP/1.1" 200 27
114.88.166.193 - - [12/Feb/2021:11:21:11 +0800] "GET /xingrg/check_reg.html?_=1613100065138 HTTP/1.1" 200 22
114.88.166.193 - - [12/Feb/2021:11:21:12 +0800] "GET /xingrg/all/function/internal_message.html?_=1613100065880&CODE_STATE=getMsg HTTP/1.1" 200 27
116.224.253.72 - - [12/Feb/2021:11:21:14 +0800] "GET /xingrg/all/function/internal_message.html?_=1613100068552&CODE_STATE=getMsg HTTP/1.1" 200 27
116.224.253.72 - - [12/Feb/2021:11:21:14 +0800] "GET /xingrg/check_reg.html?_=1613100068553 HTTP/1.1" 200 22
180.169.147.146 - - [12/Feb/2021:11:21:16 +0800] "GET /xingrg/all/function/internal_message.html?_=1613100065998&CODE_STATE=getMsg HTTP/1.1" 200 27
180.169.147.146 - - [12/Feb/2021:11:21:21 +0800] "GET /xingrg/kc/buy/cgsh_order_operate.html?command=get_materiel&rest_code=00147&code=00101009062&supplier_code=00100022&order_time=2021-02-11 HTTP/1.1" 200 412
101.228.165.73 - - [12/Feb/2021:11:21:25 +0800] "GET /xingrg/all/function/internal_message.html?_=1613100098382&CODE_STATE=getMsg HTTP/1.1" 200 27
180.169.147.146 - - [12/Feb/2021:11:21:31 +0800] "GET /xingrg/kc/buy/cgsh_order_operate.html?command=get_materiel&rest_code=00147&code=00101008418&supplier_code=00100022&order_time=2021-02-11 HTTP/1.1" 200 398
117.185.32.26 - - [12/Feb/2021:11:21:35 +0800] "GET /xingrg/check_reg.html?_=1613100088251 HTTP/1.1" 200 22
61.165.42.208 - - [12/Feb/2021:11:21:35 +0800] "GET /xingrg/all/function/internal_message.html?_=1613100074301&CODE_STATE=getMsg HTTP/1.1" 200 27
120.253.135.82 - - [12/Feb/2021:11:21:36 +0800] "GET /xingrg/all/function/internal_message.html?_=1613100120347&CODE_STATE=getMsg HTTP/1.1" 200 27
117.185.32.26 - - [12/Feb/2021:11:21:44 +0800] "GET /xingrg/all/function/internal_message.html?_=1613100574082&CODE_STATE=getMsg HTTP/1.1" 200 27
180.169.147.146 - - [12/Feb/2021:11:21:44 +0800] "GET /xingrg/kc/buy/cgsh_order_operate.html?command=get_materiel&rest_code=00147&code=00101009055&supplier_code=00100022&order_time=2021-02-11 HTTP/1.1" 200 412
58.37.230.33 - - [12/Feb/2021:11:21:54 +0800] "GET /xingrg/all/function/internal_message.html?_=1613100118131&CODE_STATE=getMsg HTTP/1.1" 200 27
116.227.208.86 - - [12/Feb/2021:11:21:58 +0800] "GET /xingrg/check_reg.html?_=1613100113024 HTTP/1.1" 200 22
116.227.208.86 - - [12/Feb/2021:11:21:58 +0800] "GET /xingrg/all/function/internal_message.html?_=1613100113026&CODE_STATE=getMsg HTTP/1.1" 200 27
117.185.32.26 - - [12/Feb/2021:11:22:01 +0800] "GET /xingrg/all/function/internal_message.html?_=1613100113603&CODE_STATE=getMsg HTTP/1.1" 200 27
117.185.32.26 - - [12/Feb/2021:11:22:01 +0800] "GET /xingrg/check_reg.html?_=1613100591929 HTTP/1.1" 200 22
114.88.166.193 - - [12/Feb/2021:11:22:12 +0800] "GET /xingrg/all/function/internal_message.html?_=1613100125892&CODE_STATE=getMsg HTTP/1.1" 200 27
116.224.253.72 - - [12/Feb/2021:11:22:14 +0800] "GET /xingrg/all/function/internal_message.html?_=1613100128554&CODE_STATE=getMsg HTTP/1.1" 200 27
180.169.147.146 - - [12/Feb/2021:11:22:16 +0800] "GET /xingrg/all/function/internal_message.html?_=1613100126034&CODE_STATE=getMsg HTTP/1.1" 200 27
180.169.147.146 - - [12/Feb/2021:11:22:16 +0800] "GET /xingrg/check_reg.html?_=1613100126035 HTTP/1.1" 200 22
101.228.165.73 - - [12/Feb/2021:11:22:25 +0800] "GET /xingrg/all/function/internal_message.html?_=1613100158395&CODE_STATE=getMsg HTTP/1.1" 200 27
61.165.42.208 - - [12/Feb/2021:11:22:35 +0800] "GET /xingrg/all/function/internal_message.html?_=1613100134286&CODE_STATE=getMsg HTTP/1.1" 200 27
120.253.135.82 - - [12/Feb/2021:11:22:36 +0800] "GET /xingrg/all/function/internal_message.html?_=1613100180369&CODE_STATE=getMsg HTTP/1.1" 200 27
117.185.32.26 - - [12/Feb/2021:11:22:44 +0800] "GET /xingrg/all/function/internal_message.html?_=1613100634067&CODE_STATE=getMsg HTTP/1.1" 200 27
58.37.230.33 - - [12/Feb/2021:11:22:54 +0800] "GET /xingrg/all/function/internal_message.html?_=1613100178132&CODE_STATE=getMsg HTTP/1.1" 200 27
116.227.208.86 - - [12/Feb/2021:11:22:58 +0800] "GET /xingrg/all/function/internal_message.html?_=1613100173027&CODE_STATE=getMsg HTTP/1.1" 200 27
117.185.32.26 - - [12/Feb/2021:11:23:01 +0800] "GET /xingrg/all/function/internal_message.html?_=1613100173580&CODE_STATE=getMsg HTTP/1.1" 200 27
180.169.147.146 - - [12/Feb/2021:11:23:11 +0800] "GET /xingrg/kc/buy/cgsh_order_operate.html?command=get_materiel&rest_code=00147&code=00101009016&supplier_code=00100022&order_time=2021-02-11 HTTP/1.1" 200 412
172.20.0.100 - - [12/Feb/2021:11:23:12 +0800] "GET /xingrg/check_reg.html?_=1613100185562 HTTP/1.1" 302 -
114.88.166.193 - - [12/Feb/2021:11:23:12 +0800] "GET /xingrg/all/function/internal_message.html?_=1613100185906&CODE_STATE=getMsg HTTP/1.1" 200 27
116.224.253.72 - - [12/Feb/2021:11:23:14 +0800] "GET /xingrg/all/function/internal_message.html?_=1613100188555&CODE_STATE=getMsg HTTP/1.1" 200 27
180.169.147.146 - - [12/Feb/2021:11:23:16 +0800] "GET /xingrg/all/function/internal_message.html?_=1613100186039&CODE_STATE=getMsg HTTP/1.1" 200 27
120.253.135.82 - - [12/Feb/2021:11:23:17 +0800] "GET /xingrg/check_reg.html?_=1613100222061 HTTP/1.1" 200 22
101.228.165.73 - - [12/Feb/2021:11:23:24 +0800] "GET /xingrg/check_reg.html?_=1613100217784 HTTP/1.1" 200 22
101.228.165.73 - - [12/Feb/2021:11:23:25 +0800] "GET /xingrg/all/function/internal_message.html?_=1613100218408&CODE_STATE=getMsg HTTP/1.1" 200 27
117.185.32.26 - - [12/Feb/2021:11:23:31 +0800] "GET /xingrg/kc/base/wldb_order_add.html HTTP/1.1" 200 30506
117.185.32.26 - - [12/Feb/2021:11:23:32 +0800] "GET /xingrg/words/20210210182418_words.js HTTP/1.1" 304 -
117.185.32.26 - - [12/Feb/2021:11:23:32 +0800] "GET /xingrg/all/common/auto_word.html?type=base&rest_code=00106 HTTP/1.1" 200 1753
117.185.32.26 - - [12/Feb/2021:11:23:32 +0800] "GET /xingrg/all/common/auto_word.html?type=base&rest_code=00106 HTTP/1.1" 200 1753
117.185.32.26 - - [12/Feb/2021:11:23:33 +0800] "GET /xingrg/javascript/easyui/themes/default/validatebox.css HTTP/1.1" 404 1104
117.185.32.26 - - [12/Feb/2021:11:23:33 +0800] "POST /xingrg/kc/base/wldb_order_operate.html HTTP/1.1" 200 6806
117.185.32.26 - - [12/Feb/2021:11:23:34 +0800] "POST /xingrg/all/common/load_combo.html?type=base HTTP/1.1" 200 3142
61.165.42.208 - - [12/Feb/2021:11:23:35 +0800] "GET /xingrg/all/function/internal_message.html?_=1613100194257&CODE_STATE=getMsg HTTP/1.1" 200 27
120.253.135.82 - - [12/Feb/2021:11:23:36 +0800] "GET /xingrg/all/function/internal_message.html?_=1613100240374&CODE_STATE=getMsg HTTP/1.1" 200 27
117.185.32.26 - - [12/Feb/2021:11:23:36 +0800] "POST /xingrg/all/common/load_combo.html?type=base HTTP/1.1" 200 3142
117.185.32.26 - - [12/Feb/2021:11:23:44 +0800] "GET /xingrg/all/function/internal_message.html?_=1613100694052&CODE_STATE=getMsg HTTP/1.1" 200 27
117.185.32.26 - - [12/Feb/2021:11:23:45 +0800] "GET /xingrg/javascript/auto/indicator.gif HTTP/1.1" 404 1066
117.185.32.26 - - [12/Feb/2021:11:23:50 +0800] "GET /xingrg/kc/base/wldb_order_operate.html?command=get_materiel&rest_code=00106&base_code=0010397&code=00102002564 HTTP/1.1" 200 457
58.37.230.33 - - [12/Feb/2021:11:23:54 +0800] "GET /xingrg/all/function/internal_message.html?_=1613100238131&CODE_STATE=getMsg HTTP/1.1" 200 27
117.185.32.26 - - [12/Feb/2021:11:23:56 +0800] "GET /xingrg/kc/base/wldb_order_operate.html?command=get_materiel&rest_code=00106&base_code=0010397&code=00102002549 HTTP/1.1" 200 449
116.227.208.86 - - [12/Feb/2021:11:23:58 +0800] "GET /xingrg/all/function/internal_message.html?_=1613100233028&CODE_STATE=getMsg HTTP/1.1" 200 27
117.185.32.26 - - [12/Feb/2021:11:24:00 +0800] "POST /xingrg/all/common/load_select.html HTTP/1.1" 200 25
117.185.32.26 - - [12/Feb/2021:11:24:01 +0800] "GET /xingrg/all/function/internal_message.html?_=1613100233564&CODE_STATE=getMsg HTTP/1.1" 200 27
117.185.32.26 - - [12/Feb/2021:11:24:01 +0800] "GET /xingrg/kc/base/wldb_order_operate.html?command=get_materiel_price&rest_code=00106&base_code=0010397&code=00102002549&unit_code=00100276 HTTP/1.1" 200 36
180.169.147.146 - - [12/Feb/2021:11:24:02 +0800] "GET /xingrg/kc/buy/cgsh_order_operate.html?command=get_materiel&rest_code=00147&code=00101009039&supplier_code=00100022&order_time=2021-02-11 HTTP/1.1" 200 408
117.185.32.26 - - [12/Feb/2021:11:24:08 +0800] "POST /xingrg/kc/base/wldb_order_operate.html HTTP/1.1" 200 37
117.185.32.26 - - [12/Feb/2021:11:24:08 +0800] "POST /xingrg/kc/base/wldb_order_operate.html HTTP/1.1" 200 2682
117.185.32.26 - - [12/Feb/2021:11:24:09 +0800] "GET /xingrg/kc/base/wldb_order_info.html?code=422021021201472 HTTP/1.1" 200 30520
117.185.32.26 - - [12/Feb/2021:11:24:09 +0800] "GET /xingrg/javascript/easyui/themes/default/validatebox.css HTTP/1.1" 404 1104
117.185.32.26 - - [12/Feb/2021:11:24:10 +0800] "POST /xingrg/kc/base/wldb_order_operate.html HTTP/1.1" 200 2682
114.88.166.193 - - [12/Feb/2021:11:24:12 +0800] "GET /xingrg/all/function/internal_message.html?_=1613100245973&CODE_STATE=getMsg HTTP/1.1" 200 27
116.224.253.72 - - [12/Feb/2021:11:24:14 +0800] "GET /xingrg/all/function/internal_message.html?_=1613100248557&CODE_STATE=getMsg HTTP/1.1" 200 27
117.185.32.26 - - [12/Feb/2021:11:24:15 +0800] "GET /xingrg/kc/base/wldb_order_add.html HTTP/1.1" 200 30506
117.185.32.26 - - [12/Feb/2021:11:24:16 +0800] "GET /xingrg/javascript/easyui/themes/default/validatebox.css HTTP/1.1" 404 1104
117.185.32.26 - - [12/Feb/2021:11:24:16 +0800] "POST /xingrg/kc/base/wldb_order_operate.html HTTP/1.1" 200 6806
180.169.147.146 - - [12/Feb/2021:11:24:16 +0800] "GET /xingrg/all/function/internal_message.html?_=1613100246032&CODE_STATE=getMsg HTTP/1.1" 200 27
117.185.32.26 - - [12/Feb/2021:11:24:16 +0800] "POST /xingrg/all/common/load_combo.html?type=base HTTP/1.1" 200 3142
117.185.32.26 - - [12/Feb/2021:11:24:18 +0800] "POST /xingrg/all/common/load_combo.html?type=base HTTP/1.1" 200 3142
101.228.165.73 - - [12/Feb/2021:11:24:25 +0800] "GET /xingrg/all/function/internal_message.html?_=1613100278421&CODE_STATE=getMsg HTTP/1.1" 200 27
117.185.32.26 - - [12/Feb/2021:11:24:26 +0800] "GET /xingrg/kc/base/wldb_order_operate.html?command=get_materiel&rest_code=00106&base_code=0010397&code=00102002448 HTTP/1.1" 200 427
61.165.42.208 - - [12/Feb/2021:11:24:27 +0800] "GET /xingrg/check_reg.html?_=1613100245755 HTTP/1.1" 200 22
117.185.32.26 - - [12/Feb/2021:11:24:34 +0800] "GET /xingrg/kc/base/wldb_order_operate.html?command=get_materiel&rest_code=00106&base_code=0010397&code=00102004030 HTTP/1.1" 200 442
61.165.42.208 - - [12/Feb/2021:11:24:35 +0800] "GET /xingrg/all/function/internal_message.html?_=1613100254228&CODE_STATE=getMsg HTTP/1.1" 200 27
120.253.135.82 - - [12/Feb/2021:11:24:36 +0800] "GET /xingrg/all/function/internal_message.html?_=1613100300387&CODE_STATE=getMsg HTTP/1.1" 200 27
117.185.32.26 - - [12/Feb/2021:11:24:39 +0800] "GET /xingrg/kc/base/wldb_order_operate.html?command=get_materiel&rest_code=00106&base_code=0010397&code=00102001084 HTTP/1.1" 200 432
117.185.32.26 - - [12/Feb/2021:11:24:44 +0800] "GET /xingrg/all/function/internal_message.html?_=1613100754035&CODE_STATE=getMsg HTTP/1.1" 200 27
117.185.32.26 - - [12/Feb/2021:11:24:44 +0800] "POST /xingrg/kc/base/wldb_order_operate.html HTTP/1.1" 200 37
117.185.32.26 - - [12/Feb/2021:11:24:44 +0800] "POST /xingrg/kc/base/wldb_order_operate.html HTTP/1.1" 200 3139
180.169.147.146 - - [12/Feb/2021:11:24:54 +0800] "GET /xingrg/kc/buy/cgsh_order_operate.html?command=get_materiel&rest_code=00147&code=00101009053&supplier_code=00100022&order_time=2021-02-11 HTTP/1.1" 200 408
58.37.230.33 - - [12/Feb/2021:11:24:54 +0800] "GET /xingrg/all/function/internal_message.html?_=1613100298158&CODE_STATE=getMsg HTTP/1.1" 200 27
58.37.230.33 - - [12/Feb/2021:11:24:54 +0800] "GET /xingrg/check_reg.html?_=1613100298159 HTTP/1.1" 200 22
58.37.230.33 - - [12/Feb/2021:11:24:56 +0800] "GET /xingrg/images/yd/bt.gif HTTP/1.1" 404 1040
58.37.230.33 - - [12/Feb/2021:11:24:57 +0800] "GET /xingrg/kc/buy/cgsh_order_list.html HTTP/1.1" 200 46372
58.37.230.33 - - [12/Feb/2021:11:24:58 +0800] "POST /xingrg/kc/buy/cgsh_list_operate.html HTTP/1.1" 200 876
116.227.208.86 - - [12/Feb/2021:11:24:58 +0800] "GET /xingrg/all/function/internal_message.html?_=1613100293014&CODE_STATE=getMsg HTTP/1.1" 200 27
58.37.230.33 - - [12/Feb/2021:11:24:58 +0800] "GET /xingrg/kc/buy/cgsh_order_add.html HTTP/1.1" 200 62110
58.37.230.33 - - [12/Feb/2021:11:24:58 +0800] "GET /xingrg/words/20210210182418_words.js HTTP/1.1" 304 -
58.37.230.33 - - [12/Feb/2021:11:24:58 +0800] "GET /xingrg/all/common/auto_word.html?type=employee&rest_code=00141 HTTP/1.1" 200 201
58.37.230.33 - - [12/Feb/2021:11:24:58 +0800] "GET /xingrg/javascript/easyui/themes/default/validatebox.css HTTP/1.1" 404 1104
58.37.230.33 - - [12/Feb/2021:11:24:59 +0800] "GET /xingrg/all/common/auto_word.html?type=employee&rest_code=00141 HTTP/1.1" 200 201
58.37.230.33 - - [12/Feb/2021:11:24:59 +0800] "POST /xingrg/kc/buy/cgsh_order_operate.html HTTP/1.1" 200 8245
58.37.230.33 - - [12/Feb/2021:11:25:02 +0800] "GET /xingrg/javascript/auto/indicator.gif HTTP/1.1" 404 1066
117.185.32.26 - - [12/Feb/2021:11:25:02 +0800] "GET /xingrg/all/function/internal_message.html?_=1613100294669&CODE_STATE=getMsg HTTP/1.1" 200 27
117.185.32.26 - - [12/Feb/2021:11:25:02 +0800] "GET /xingrg/kc/base/wldb_order_info.html?code=422021021201473 HTTP/1.1" 200 30520
117.185.32.26 - - [12/Feb/2021:11:25:02 +0800] "GET /xingrg/javascript/easyui/themes/default/validatebox.css HTTP/1.1" 404 1104
117.185.32.26 - - [12/Feb/2021:11:25:03 +0800] "POST /xingrg/kc/base/wldb_order_operate.html HTTP/1.1" 200 3139
58.37.230.33 - - [12/Feb/2021:11:25:05 +0800] "GET /xingrg/kc/buy/cgsh_order_operate.html?command=get_materiel&rest_code=00141&code=00101010656&supplier_code=&order_time=2021-02-12 HTTP/1.1" 200 404
120.204.17.70 - - [12/Feb/2021:11:25:08 +0800] "GET /xingrg/kc/base/wldb_order_info.html?code=422021021201472 HTTP/1.1" 302 -
120.204.17.70 - - [12/Feb/2021:11:25:09 +0800] "GET /xingrg/login.html HTTP/1.1" 200 7641
117.185.32.26 - - [12/Feb/2021:11:25:11 +0800] "GET /xingrg/kc/base/wldb_order_add.html HTTP/1.1" 200 30506
117.185.32.26 - - [12/Feb/2021:11:25:12 +0800] "GET /xingrg/javascript/easyui/themes/default/validatebox.css HTTP/1.1" 404 1104
114.88.166.193 - - [12/Feb/2021:11:25:12 +0800] "GET /xingrg/all/function/internal_message.html?_=1613100305981&CODE_STATE=getMsg HTTP/1.1" 200 27
117.185.32.26 - - [12/Feb/2021:11:25:12 +0800] "POST /xingrg/kc/base/wldb_order_operate.html HTTP/1.1" 200 6806
117.185.32.26 - - [12/Feb/2021:11:25:12 +0800] "POST /xingrg/all/common/load_combo.html?type=base HTTP/1.1" 200 3142
116.224.253.72 - - [12/Feb/2021:11:25:14 +0800] "GET /xingrg/all/function/internal_message.html?_=1613100308557&CODE_STATE=getMsg HTTP/1.1" 200 27
180.169.147.146 - - [12/Feb/2021:11:25:16 +0800] "GET /xingrg/all/function/internal_message.html?_=1613100306027&CODE_STATE=getMsg HTTP/1.1" 200 27
58.37.230.33 - - [12/Feb/2021:11:25:22 +0800] "GET /xingrg/kc/buy/cgsh_order_operate.html?command=get_materiel&rest_code=00141&code=00101010644&supplier_code=&order_time=2021-02-12 HTTP/1.1" 200 399
101.228.165.73 - - [12/Feb/2021:11:25:25 +0800] "GET /xingrg/all/function/internal_message.html?_=1613100338436&CODE_STATE=getMsg HTTP/1.1" 200 27
101.85.93.83 - - [12/Feb/2021:11:25:33 +0800] "GET /xingrg HTTP/1.1" 302 -
101.85.93.83 - - [12/Feb/2021:11:25:33 +0800] "GET /xingrg/ HTTP/1.1" 200 292
61.165.42.208 - - [12/Feb/2021:11:25:35 +0800] "GET /xingrg/all/function/internal_message.html?_=1613100314213&CODE_STATE=getMsg HTTP/1.1" 200 27
120.253.135.82 - - [12/Feb/2021:11:25:36 +0800] "GET /xingrg/all/function/internal_message.html?_=1613100360409&CODE_STATE=getMsg HTTP/1.1" 200 27
117.185.32.26 - - [12/Feb/2021:11:25:40 +0800] "POST /xingrg/all/common/load_combo.html?type=base HTTP/1.1" 200 3142
101.85.93.83 - - [12/Feb/2021:11:25:41 +0800] "GET /xingrg/index.html HTTP/1.1" 302 -
101.85.93.83 - - [12/Feb/2021:11:25:41 +0800] "GET /xingrg/login.html HTTP/1.1" 200 7641
101.85.93.83 - - [12/Feb/2021:11:25:42 +0800] "GET /favicon.ico HTTP/1.1" 404 -
101.85.93.83 - - [12/Feb/2021:11:25:42 +0800] "GET /xingrg/images/blue/jxLogo.png HTTP/1.1" 200 6156
101.85.93.83 - - [12/Feb/2021:11:25:43 +0800] "GET /xingrg/images/blue/hj.png HTTP/1.1" 200 1014
101.85.93.83 - - [12/Feb/2021:11:25:43 +0800] "GET /xingrg/images/blue/srbg.png HTTP/1.1" 200 138
101.85.93.83 - - [12/Feb/2021:11:25:43 +0800] "GET /xingrg/images/blue/login_bg.png HTTP/1.1" 200 22101
101.85.93.83 - - [12/Feb/2021:11:25:43 +0800] "GET /favicon.ico HTTP/1.1" 404 -
117.185.32.26 - - [12/Feb/2021:11:25:44 +0800] "GET /xingrg/all/function/internal_message.html?_=1613100814046&CODE_STATE=getMsg HTTP/1.1" 200 27
101.85.93.83 - - [12/Feb/2021:11:25:45 +0800] "POST /xingrg/login.do HTTP/1.1" 302 -
101.85.93.83 - - [12/Feb/2021:11:25:45 +0800] "GET /xingrg/css/form.css HTTP/1.1" 200 893
101.85.93.83 - - [12/Feb/2021:11:25:45 +0800] "GET /xingrg/index.html?sysBaseUrl=http%3A%2F%2F180.169.147.146%3A18081%2Fxingrg%2F&costTime=41×tamp=1613100345259 HTTP/1.1" 200 17179
101.85.93.83 - - [12/Feb/2021:11:25:45 +0800] "GET /xingrg/javascript/jquery_easy_ui/themes/icon.css HTTP/1.1" 200 3949
101.85.93.83 - - [12/Feb/2021:11:25:45 +0800] "GET /xingrg/javascript/jquery_easy_ui/jquery.easyui.min.js HTTP/1.1" 200 213662
101.85.93.83 - - [12/Feb/2021:11:25:45 +0800] "GET /xingrg/javascript/jquery.timers.js HTTP/1.1" 200 3532
101.85.93.83 - - [12/Feb/2021:11:25:45 +0800] "GET /xingrg/javascript/jquery_easy_ui/themes/default/easyui.css HTTP/1.1" 200 26500
101.85.93.83 - - [12/Feb/2021:11:25:45 +0800] "GET /xingrg/javascript/jquery-1.4.2.min.js HTTP/1.1" 200 72205
101.85.93.83 - - [12/Feb/2021:11:25:45 +0800] "GET /xingrg/javascript/jquery_easy_ui/easyui-lang-zh_CN.js HTTP/1.1" 200 1900
101.85.93.83 - - [12/Feb/2021:11:25:45 +0800] "GET /xingrg/javascript/jquery.utils.js HTTP/1.1" 200 11805
101.85.93.83 - - [12/Feb/2021:11:25:45 +0800] "GET /xingrg/javascript/jquery.form.js HTTP/1.1" 200 23110
101.85.93.83 - - [12/Feb/2021:11:25:45 +0800] "GET /favicon.ico HTTP/1.1" 404 -
101.85.93.83 - - [12/Feb/2021:11:25:45 +0800] "GET /xingrg/javascript/jquery_easy_ui/themes/icons/settle_new.png HTTP/1.1" 200 826
101.85.93.83 - - [12/Feb/2021:11:25:45 +0800] "GET /xingrg/images/blue/navBackgound.jpg HTTP/1.1" 200 12378
117.185.32.26 - - [12/Feb/2021:11:25:45 +0800] "GET /xingrg/kc/base/wldb_order_operate.html?command=get_materiel&rest_code=00106&base_code=0010397&code=00102002204 HTTP/1.1" 200 434
101.85.93.83 - - [12/Feb/2021:11:25:45 +0800] "POST /xingrg/all/common/load_tree.html?tree=area_rest_tree_json&manage=1 HTTP/1.1" 200 351
101.85.93.83 - - [12/Feb/2021:11:25:46 +0800] "GET /xingrg/check_reg.html?_=1613099966721 HTTP/1.1" 200 22
101.85.93.83 - - [12/Feb/2021:11:25:46 +0800] "GET /xingrg/all/function/internal_message.html?_=1613099966720&CODE_STATE=count HTTP/1.1" 200 11
101.85.93.83 - - [12/Feb/2021:11:25:46 +0800] "POST /xingrg/load_menu.html HTTP/1.1" 200 5138
101.85.93.83 - - [12/Feb/2021:11:25:46 +0800] "GET /xingrg/javascript/jquery_easy_ui/themes/default/images/tabs_leftarrow.png HTTP/1.1" 200 389
101.85.93.83 - - [12/Feb/2021:11:25:46 +0800] "GET /xingrg/javascript/jquery_easy_ui/themes/default/images/tabs_rightarrow.png HTTP/1.1" 200 395
101.85.93.83 - - [12/Feb/2021:11:25:46 +0800] "GET /xingrg/javascript/jquery_easy_ui/themes/default/images/panel_tool_collapse.gif HTTP/1.1" 200 246
101.85.93.83 - - [12/Feb/2021:11:25:46 +0800] "GET /xingrg/javascript/jquery_easy_ui/themes/default/images/tree_arrows.gif HTTP/1.1" 200 1043
101.85.93.83 - - [12/Feb/2021:11:25:46 +0800] "GET /xingrg/images/blue/pingpu.png HTTP/1.1" 200 231
101.85.93.83 - - [12/Feb/2021:11:25:46 +0800] "GET /xingrg/javascript/jquery_easy_ui/themes/default/images/tree_folder_open.gif HTTP/1.1" 200 956
101.85.93.83 - - [12/Feb/2021:11:25:46 +0800] "GET /xingrg/javascript/jquery_easy_ui/themes/icons/search_new.png HTTP/1.1" 200 586
101.85.93.83 - - [12/Feb/2021:11:25:46 +0800] "GET /xingrg/javascript/jquery_easy_ui/themes/icons/forms_new.png HTTP/1.1" 200 350
101.85.93.83 - - [12/Feb/2021:11:25:46 +0800] "GET /xingrg/javascript/jquery_easy_ui/themes/default/images/tree_folder.gif HTTP/1.1" 200 952
101.85.93.83 - - [12/Feb/2021:11:25:46 +0800] "GET /xingrg/javascript/jquery_easy_ui/themes/icons/storage_new.png HTTP/1.1" 200 853
101.85.93.83 - - [12/Feb/2021:11:25:46 +0800] "GET /xingrg/javascript/jquery_easy_ui/themes/default/images/tree_file.gif HTTP/1.1" 200 118
117.185.32.26 - - [12/Feb/2021:11:25:50 +0800] "GET /xingrg/kc/base/wldb_order_operate.html?command=get_materiel&rest_code=00106&base_code=0010397&code=00102001016 HTTP/1.1" 200 434
58.37.230.33 - - [12/Feb/2021:11:25:54 +0800] "GET /xingrg/all/function/internal_message.html?_=1613100358152&CODE_STATE=getMsg HTTP/1.1" 200 27
117.185.32.26 - - [12/Feb/2021:11:25:54 +0800] "POST /xingrg/kc/base/wldb_order_operate.html HTTP/1.1" 200 37
117.185.32.26 - - [12/Feb/2021:11:25:55 +0800] "POST /xingrg/kc/base/wldb_order_operate.html HTTP/1.1" 200 2668
117.185.32.26 - - [12/Feb/2021:11:25:56 +0800] "GET /xingrg/kc/base/wldb_order_info.html?code=422021021201474 HTTP/1.1" 200 30519
117.185.32.26 - - [12/Feb/2021:11:25:56 +0800] "GET /xingrg/javascript/easyui/themes/default/validatebox.css HTTP/1.1" 404 1104
117.185.32.26 - - [12/Feb/2021:11:25:56 +0800] "POST /xingrg/kc/base/wldb_order_operate.html HTTP/1.1" 200 2668
116.227.208.86 - - [12/Feb/2021:11:25:58 +0800] "GET /xingrg/all/function/internal_message.html?_=1613100353018&CODE_STATE=getMsg HTTP/1.1" 200 27
117.185.32.26 - - [12/Feb/2021:11:26:02 +0800] "GET /xingrg/all/function/internal_message.html?_=1613100354654&CODE_STATE=getMsg HTTP/1.1" 200 27
120.204.17.70 - - [12/Feb/2021:11:26:02 +0800] "GET /xingrg/kc/base/wldb_order_info.html?code=422021021201473 HTTP/1.1" 302 -
120.204.17.70 - - [12/Feb/2021:11:26:05 +0800] "GET /xingrg/login.html HTTP/1.1" 200 7641
114.88.166.193 - - [12/Feb/2021:11:26:11 +0800] "GET /xingrg/check_reg.html?_=1613100365205 HTTP/1.1" 200 22
114.88.166.193 - - [12/Feb/2021:11:26:12 +0800] "GET /xingrg/all/function/internal_message.html?_=1613100365993&CODE_STATE=getMsg HTTP/1.1" 200 27
116.224.253.72 - - [12/Feb/2021:11:26:14 +0800] "GET /xingrg/check_reg.html?_=1613100368558 HTTP/1.1" 200 22
116.224.253.72 - - [12/Feb/2021:11:26:14 +0800] "GET /xingrg/all/function/internal_message.html?_=1613100368559&CODE_STATE=getMsg HTTP/1.1" 200 27
180.169.147.146 - - [12/Feb/2021:11:26:16 +0800] "GET /xingrg/all/function/internal_message.html?_=1613100366072&CODE_STATE=getMsg HTTP/1.1" 200 27
180.169.147.146 - - [12/Feb/2021:11:26:19 +0800] "GET /xingrg/kc/buy/cgsh_order_operate.html?command=get_materiel&rest_code=00147&code=00101009051&supplier_code=00100022&order_time=2021-02-11 HTTP/1.1" 200 411
101.228.165.73 - - [12/Feb/2021:11:26:25 +0800] "GET /xingrg/all/function/internal_message.html?_=1613100398519&CODE_STATE=getMsg HTTP/1.1" 200 27
61.165.42.208 - - [12/Feb/2021:11:26:35 +0800] "GET /xingrg/all/function/internal_message.html?_=1613100374198&CODE_STATE=getMsg HTTP/1.1" 200 27
117.185.32.26 - - [12/Feb/2021:11:26:35 +0800] "GET /xingrg/check_reg.html?_=1613100388275 HTTP/1.1" 200 22
120.253.135.82 - - [12/Feb/2021:11:26:36 +0800] "GET /xingrg/all/function/internal_message.html?_=1613100420416&CODE_STATE=getMsg HTTP/1.1" 200 27
117.185.32.26 - - [12/Feb/2021:11:26:44 +0800] "GET /xingrg/all/function/internal_message.html?_=1613100874029&CODE_STATE=getMsg HTTP/1.1" 200 27
101.85.93.83 - - [12/Feb/2021:11:26:46 +0800] "GET /xingrg/all/function/internal_message.html?_=1613100026738&CODE_STATE=getMsg HTTP/1.1" 200 27
58.37.230.33 - - [12/Feb/2021:11:26:54 +0800] "GET /xingrg/all/function/internal_message.html?_=1613100418149&CODE_STATE=getMsg HTTP/1.1" 200 27
183.192.164.97 - - [12/Feb/2021:11:26:55 +0800] "GET /xingrg/kc/base/wldb_order_info.html?code=422021021201474 HTTP/1.1" 302 -
183.192.164.97 - - [12/Feb/2021:11:26:55 +0800] "GET /xingrg/login.html HTTP/1.1" 200 7641
116.227.208.86 - - [12/Feb/2021:11:26:58 +0800] "GET /xingrg/all/function/internal_message.html?_=1613100413021&CODE_STATE=getMsg HTTP/1.1" 200 27
116.227.208.86 - - [12/Feb/2021:11:26:58 +0800] "GET /xingrg/check_reg.html?_=1613100413023 HTTP/1.1" 200 22
117.185.32.26 - - [12/Feb/2021:11:27:01 +0800] "GET /xingrg/check_reg.html?_=1613100891925 HTTP/1.1" 200 22
117.185.32.26 - - [12/Feb/2021:11:27:02 +0800] "GET /xingrg/all/function/internal_message.html?_=1613100414612&CODE_STATE=getMsg HTTP/1.1" 200 27
180.169.147.146 - - [12/Feb/2021:11:27:11 +0800] "GET /xingrg/kc/buy/cgsh_order_operate.html?command=get_materiel&rest_code=00147&code=00101009031&supplier_code=00100022&order_time=2021-02-11 HTTP/1.1" 200 409
114.88.166.193 - - [12/Feb/2021:11:27:12 +0800] "GET /xingrg/all/function/internal_message.html?_=1613100426006&CODE_STATE=getMsg HTTP/1.1" 200 27
116.224.253.72 - - [12/Feb/2021:11:27:14 +0800] "GET /xingrg/all/function/internal_message.html?_=1613100428559&CODE_STATE=getMsg HTTP/1.1" 200 27
180.169.147.146 - - [12/Feb/2021:11:27:16 +0800] "GET /xingrg/all/function/internal_message.html?_=1613100426020&CODE_STATE=getMsg HTTP/1.1" 200 27
180.169.147.146 - - [12/Feb/2021:11:27:16 +0800] "GET /xingrg/check_reg.html?_=1613100426066 HTTP/1.1" 200 22
180.169.147.146 - - [12/Feb/2021:11:27:24 +0800] "GET /xingrg/kc/buy/cgsh_order_operate.html?command=get_materiel&rest_code=00147&code=00101009010&supplier_code=00100022&order_time=2021-02-11 HTTP/1.1" 200 412
101.228.165.73 - - [12/Feb/2021:11:27:25 +0800] "GET /xingrg/all/function/internal_message.html?_=1613100458524&CODE_STATE=getMsg HTTP/1.1" 200 27
61.165.42.208 - - [12/Feb/2021:11:27:35 +0800] "GET /xingrg/all/function/internal_message.html?_=1613100434183&CODE_STATE=getMsg HTTP/1.1" 200 27
120.253.135.82 - - [12/Feb/2021:11:27:36 +0800] "GET /xingrg/all/function/internal_message.html?_=1613100480442&CODE_STATE=getMsg HTTP/1.1" 200 27
117.185.32.26 - - [12/Feb/2021:11:27:44 +0800] "GET /xingrg/all/function/internal_message.html?_=1613100933999&CODE_STATE=getMsg HTTP/1.1" 200 27
101.85.93.83 - - [12/Feb/2021:11:27:46 +0800] "GET /xingrg/all/function/internal_message.html?_=1613100086722&CODE_STATE=getMsg HTTP/1.1" 200 27
180.169.147.146 - - [12/Feb/2021:11:27:53 +0800] "POST /xingrg/kc/buy/cgsh_order_operate.html HTTP/1.1" 200 37
58.37.230.33 - - [12/Feb/2021:11:27:54 +0800] "GET /xingrg/all/function/internal_message.html?_=1613100478161&CODE_STATE=getMsg HTTP/1.1" 200 27
116.227.208.86 - - [12/Feb/2021:11:27:58 +0800] "GET /xingrg/all/function/internal_message.html?_=1613100473027&CODE_STATE=getMsg HTTP/1.1" 200 27
180.169.147.146 - - [12/Feb/2021:11:28:01 +0800] "POST /xingrg/kc/buy/cgsh_order_operate.html HTTP/1.1" 200 8586
117.185.32.26 - - [12/Feb/2021:11:28:02 +0800] "GET /xingrg/all/function/internal_message.html?_=1613100474584&CODE_STATE=getMsg HTTP/1.1" 200 27
180.169.147.146 - - [12/Feb/2021:11:28:02 +0800] "GET /xingrg/kc/print/load_data.html?order_code=212021021205331&kc_code=cgsh&condition= HTTP/1.1" 200 2955
180.169.147.146 - - [12/Feb/2021:11:28:06 +0800] "GET /xingrg/kc/buy/cgsh_order_add.html HTTP/1.1" 200 62072
180.169.147.146 - - [12/Feb/2021:11:28:06 +0800] "POST /xingrg/kc/buy/cgsh_order_operate.html HTTP/1.1" 200 8245
180.169.147.146 - - [12/Feb/2021:11:28:06 +0800] "GET /xingrg/javascript/easyui/themes/default/validatebox.css HTTP/1.1" 404 1104
172.20.0.100 - - [12/Feb/2021:11:28:12 +0800] "GET /xingrg/check_reg.html?_=1613100485544 HTTP/1.1" 302 -
114.88.166.193 - - [12/Feb/2021:11:28:12 +0800] "GET /xingrg/all/function/internal_message.html?_=1613100486022&CODE_STATE=getMsg HTTP/1.1" 200 27
116.224.253.72 - - [12/Feb/2021:11:28:14 +0800] "GET /xingrg/all/function/internal_message.html?_=1613100488562&CODE_STATE=getMsg HTTP/1.1" 200 27
180.169.147.146 - - [12/Feb/2021:11:28:16 +0800] "GET /xingrg/all/function/internal_message.html?_=1613100486058&CODE_STATE=getMsg HTTP/1.1" 200 27
120.253.135.82 - - [12/Feb/2021:11:28:17 +0800] "GET /xingrg/check_reg.html?_=1613100522072 HTTP/1.1" 200 22
101.228.165.73 - - [12/Feb/2021:11:28:24 +0800] "GET /xingrg/check_reg.html?_=1613100517866 HTTP/1.1" 200 22
101.228.165.73 - - [12/Feb/2021:11:28:25 +0800] "GET /xingrg/all/function/internal_message.html?_=1613100518538&CODE_STATE=getMsg HTTP/1.1" 200 27
61.165.42.208 - - [12/Feb/2021:11:28:35 +0800] "GET /xingrg/all/function/internal_message.html?_=1613100494168&CODE_STATE=getMsg HTTP/1.1" 200 27
120.253.135.82 - - [12/Feb/2021:11:28:36 +0800] "GET /xingrg/all/function/internal_message.html?_=1613100540458&CODE_STATE=getMsg HTTP/1.1" 200 27
117.185.32.26 - - [12/Feb/2021:11:28:44 +0800] "GET /xingrg/all/function/internal_message.html?_=1613100993983&CODE_STATE=getMsg HTTP/1.1" 200 27
101.85.93.83 - - [12/Feb/2021:11:28:46 +0800] "GET /xingrg/all/function/internal_message.html?_=1613100146728&CODE_STATE=getMsg HTTP/1.1" 200 27
58.37.230.33 - - [12/Feb/2021:11:28:54 +0800] "GET /xingrg/all/function/internal_message.html?_=1613100538151&CODE_STATE=getMsg HTTP/1.1" 200 27
116.227.208.86 - - [12/Feb/2021:11:28:58 +0800] "GET /xingrg/all/function/internal_message.html?_=1613100533015&CODE_STATE=getMsg HTTP/1.1" 200 27
117.185.32.26 - - [12/Feb/2021:11:29:02 +0800] "GET /xingrg/all/function/internal_message.html?_=1613100534564&CODE_STATE=getMsg HTTP/1.1" 200 27
114.88.166.193 - - [12/Feb/2021:11:29:12 +0800] "GET /xingrg/all/function/internal_message.html?_=1613100546083&CODE_STATE=getMsg HTTP/1.1" 200 27
116.224.253.72 - - [12/Feb/2021:11:29:14 +0800] "GET /xingrg/all/function/internal_message.html?_=1613100548564&CODE_STATE=getMsg HTTP/1.1" 200 27
180.169.147.146 - - [12/Feb/2021:11:29:16 +0800] "GET /xingrg/all/function/internal_message.html?_=1613100546035&CODE_STATE=getMsg HTTP/1.1" 200 27
101.228.165.73 - - [12/Feb/2021:11:29:25 +0800] "GET /xingrg/all/function/internal_message.html?_=1613100578553&CODE_STATE=getMsg HTTP/1.1" 200 27
61.165.42.208 - - [12/Feb/2021:11:29:27 +0800] "GET /xingrg/check_reg.html?_=1613100545758 HTTP/1.1" 200 22
61.165.42.208 - - [12/Feb/2021:11:29:35 +0800] "GET /xingrg/all/function/internal_message.html?_=1613100554139&CODE_STATE=getMsg HTTP/1.1" 200 27
120.253.135.82 - - [12/Feb/2021:11:29:36 +0800] "GET /xingrg/all/function/internal_message.html?_=1613100600470&CODE_STATE=getMsg HTTP/1.1" 200 27
116.224.253.72 - - [12/Feb/2021:11:29:39 +0800] "GET /xingrg/index.html?sysBaseUrl=http%3A%2F%2F180.169.147.146%3A18081%2Fxingrg%2F&costTime=36×tamp=1613015098753 HTTP/1.1" 302 -
116.224.253.72 - - [12/Feb/2021:11:29:39 +0800] "GET /xingrg/login.html HTTP/1.1" 200 7641
116.224.253.72 - - [12/Feb/2021:11:29:39 +0800] "GET /favicon.ico HTTP/1.1" 404 -
116.224.253.72 - - [12/Feb/2021:11:29:41 +0800] "POST /xingrg/login.do HTTP/1.1" 302 -
116.224.253.72 - - [12/Feb/2021:11:29:41 +0800] "GET /xingrg/index.html?sysBaseUrl=http%3A%2F%2F180.169.147.146%3A18081%2Fxingrg%2F&costTime=39×tamp=1613100581145 HTTP/1.1" 200 17177
116.224.253.72 - - [12/Feb/2021:11:29:41 +0800] "GET /favicon.ico HTTP/1.1" 404 -
116.224.253.72 - - [12/Feb/2021:11:29:41 +0800] "POST /xingrg/all/common/load_tree.html?tree=area_rest_tree_json&manage=1 HTTP/1.1" 200 476
116.224.253.72 - - [12/Feb/2021:11:29:41 +0800] "GET /xingrg/all/function/internal_message.html?_=1613100578345&CODE_STATE=count HTTP/1.1" 200 11
116.224.253.72 - - [12/Feb/2021:11:29:41 +0800] "GET /xingrg/check_reg.html?_=1613100578347 HTTP/1.1" 200 22
116.224.253.72 - - [12/Feb/2021:11:29:41 +0800] "POST /xingrg/load_menu.html HTTP/1.1" 200 5138
117.185.32.26 - - [12/Feb/2021:11:29:44 +0800] "GET /xingrg/all/function/internal_message.html?_=1613101053966&CODE_STATE=getMsg HTTP/1.1" 200 27
101.85.93.83 - - [12/Feb/2021:11:29:46 +0800] "GET /xingrg/all/function/internal_message.html?_=1613100206735&CODE_STATE=getMsg HTTP/1.1" 200 27
116.224.253.72 - - [12/Feb/2021:11:29:46 +0800] "POST /xingrg/all/user/operate.html HTTP/1.1" 200 36
116.224.253.72 - - [12/Feb/2021:11:29:46 +0800] "GET /xingrg/javascript/jquery_easy_ui/themes/default/easyui.css HTTP/1.1" 304 -
116.224.253.72 - - [12/Feb/2021:11:29:46 +0800] "GET /xingrg/index.html?sysBaseUrl=http%3A%2F%2F180.169.147.146%3A18081%2Fxingrg%2F&costTime=39×tamp=1613100581145 HTTP/1.1" 200 17179
116.224.253.72 - - [12/Feb/2021:11:29:46 +0800] "GET /xingrg/javascript/jquery_easy_ui/themes/icon.css HTTP/1.1" 304 -
116.224.253.72 - - [12/Feb/2021:11:29:46 +0800] "GET /xingrg/css/form.css HTTP/1.1" 304 -
116.224.253.72 - - [12/Feb/2021:11:29:46 +0800] "GET /xingrg/javascript/jquery-1.4.2.min.js HTTP/1.1" 304 -
116.224.253.72 - - [12/Feb/2021:11:29:46 +0800] "GET /xingrg/javascript/jquery_easy_ui/jquery.easyui.min.js HTTP/1.1" 304 -
116.224.253.72 - - [12/Feb/2021:11:29:46 +0800] "GET /xingrg/javascript/jquery_easy_ui/easyui-lang-zh_CN.js HTTP/1.1" 304 -
116.224.253.72 - - [12/Feb/2021:11:29:46 +0800] "GET /xingrg/javascript/jquery.form.js HTTP/1.1" 304 -
116.224.253.72 - - [12/Feb/2021:11:29:46 +0800] "GET /xingrg/javascript/jquery.utils.js HTTP/1.1" 304 -
116.224.253.72 - - [12/Feb/2021:11:29:46 +0800] "GET /xingrg/javascript/jquery.timers.js HTTP/1.1" 304 -
116.224.253.72 - - [12/Feb/2021:11:29:46 +0800] "GET /xingrg/images/blue/jxLogo.png HTTP/1.1" 304 -
116.224.253.72 - - [12/Feb/2021:11:29:46 +0800] "GET /xingrg/images/blue/navBackgound.jpg HTTP/1.1" 304 -
116.224.253.72 - - [12/Feb/2021:11:29:46 +0800] "GET /xingrg/javascript/jquery_easy_ui/themes/icons/settle_new.png HTTP/1.1" 304 -
116.224.253.72 - - [12/Feb/2021:11:29:46 +0800] "POST /xingrg/all/common/load_tree.html?tree=area_rest_tree_json&manage=1 HTTP/1.1" 200 476
116.224.253.72 - - [12/Feb/2021:11:29:46 +0800] "GET /xingrg/all/function/internal_message.html?_=1613100583716&CODE_STATE=count HTTP/1.1" 200 11
116.224.253.72 - - [12/Feb/2021:11:29:46 +0800] "GET /xingrg/check_reg.html?_=1613100583719 HTTP/1.1" 200 22
116.224.253.72 - - [12/Feb/2021:11:29:46 +0800] "GET /xingrg/javascript/jquery_easy_ui/themes/default/images/panel_tool_collapse.gif HTTP/1.1" 304 -
116.224.253.72 - - [12/Feb/2021:11:29:46 +0800] "GET /xingrg/javascript/jquery_easy_ui/themes/default/images/tabs_rightarrow.png HTTP/1.1" 304 -
116.224.253.72 - - [12/Feb/2021:11:29:46 +0800] "GET /xingrg/javascript/jquery_easy_ui/themes/default/images/tabs_leftarrow.png HTTP/1.1" 304 -
116.224.253.72 - - [12/Feb/2021:11:29:46 +0800] "GET /xingrg/images/blue/pingpu.png HTTP/1.1" 304 -
116.224.253.72 - - [12/Feb/2021:11:29:47 +0800] "POST /xingrg/load_menu.html HTTP/1.1" 200 5138
116.224.253.72 - - [12/Feb/2021:11:29:49 +0800] "GET /xingrg/kc/base/wldb_order_list.html HTTP/1.1" 200 19345
116.224.253.72 - - [12/Feb/2021:11:29:50 +0800] "POST /xingrg/kc/base/wldb_list_operate.html HTTP/1.1" 200 928
58.37.230.33 - - [12/Feb/2021:11:29:54 +0800] "GET /xingrg/all/function/internal_message.html?_=1613100598153&CODE_STATE=getMsg HTTP/1.1" 200 27
58.37.230.33 - - [12/Feb/2021:11:29:54 +0800] "GET /xingrg/check_reg.html?_=1613100598155 HTTP/1.1" 200 22
116.224.253.72 - - [12/Feb/2021:11:29:56 +0800] "GET /xingrg/kc/base/wldb_order_add.html HTTP/1.1" 200 30508
116.224.253.72 - - [12/Feb/2021:11:29:57 +0800] "GET /xingrg/words/20210210182418_words.js HTTP/1.1" 304 -
116.224.253.72 - - [12/Feb/2021:11:29:57 +0800] "GET /xingrg/all/common/auto_word.html?type=base&rest_code=00150 HTTP/1.1" 200 1653
116.224.253.72 - - [12/Feb/2021:11:29:57 +0800] "GET /xingrg/all/common/auto_word.html?type=base&rest_code=00150 HTTP/1.1" 200 1653
116.224.253.72 - - [12/Feb/2021:11:29:57 +0800] "GET /xingrg/javascript/easyui/themes/default/validatebox.css HTTP/1.1" 404 1104
116.224.253.72 - - [12/Feb/2021:11:29:57 +0800] "POST /xingrg/kc/base/wldb_order_operate.html HTTP/1.1" 200 6806
116.227.208.86 - - [12/Feb/2021:11:29:58 +0800] "GET /xingrg/all/function/internal_message.html?_=1613100593018&CODE_STATE=getMsg HTTP/1.1" 200 27
117.185.32.26 - - [12/Feb/2021:11:30:02 +0800] "GET /xingrg/all/function/internal_message.html?_=1613100594537&CODE_STATE=getMsg HTTP/1.1" 200 27
61.165.42.208 - - [12/Feb/2021:11:30:07 +0800] "POST /xingrg/services/DataTransmitService HTTP/1.1" 200 524
61.165.42.208 - - [12/Feb/2021:11:30:08 +0800] "POST /xingrg/services/DataTransmitService HTTP/1.1" 200 412
117.185.32.26 - - [12/Feb/2021:11:30:12 +0800] "POST /xingrg/services/DataTransmitService HTTP/1.1" 200 524
114.88.166.193 - - [12/Feb/2021:11:30:12 +0800] "GET /xingrg/all/function/internal_message.html?_=1613100606095&CODE_STATE=getMsg HTTP/1.1" 200 27
117.185.32.26 - - [12/Feb/2021:11:30:12 +0800] "POST /xingrg/services/DataTransmitService HTTP/1.1" 200 2503
117.185.32.26 - - [12/Feb/2021:11:30:12 +0800] "POST /xingrg/services/DataTransmitService HTTP/1.1" 200 2615
117.185.32.26 - - [12/Feb/2021:11:30:13 +0800] "POST /xingrg/services/DataTransmitService HTTP/1.1" 200 1487
117.185.32.26 - - [12/Feb/2021:11:30:14 +0800] "POST /xingrg/services/DataTransmitService HTTP/1.1" 200 176612
116.224.253.72 - - [12/Feb/2021:11:30:14 +0800] "GET /xingrg/all/function/internal_message.html?_=1613100608550&CODE_STATE=getMsg HTTP/1.1" 200 27
180.169.147.146 - - [12/Feb/2021:11:30:16 +0800] "GET /xingrg/all/function/internal_message.html?_=1613100606044&CODE_STATE=getMsg HTTP/1.1" 200 27
101.228.165.73 - - [12/Feb/2021:11:30:25 +0800] "GET /xingrg/all/function/internal_message.html?_=1613100638565&CODE_STATE=getMsg HTTP/1.1" 200 27
61.165.42.208 - - [12/Feb/2021:11:30:35 +0800] "GET /xingrg/all/function/internal_message.html?_=1613100614124&CODE_STATE=getMsg HTTP/1.1" 200 27
120.253.135.82 - - [12/Feb/2021:11:30:36 +0800] "GET /xingrg/all/function/internal_message.html?_=1613100660491&CODE_STATE=getMsg HTTP/1.1" 200 27
117.185.32.26 - - [12/Feb/2021:11:30:44 +0800] "GET /xingrg/all/function/internal_message.html?_=1613101113950&CODE_STATE=getMsg HTTP/1.1" 200 27
101.85.93.83 - - [12/Feb/2021:11:30:46 +0800] "GET /xingrg/check_reg.html?_=1613100266731 HTTP/1.1" 200 22
101.85.93.83 - - [12/Feb/2021:11:30:46 +0800] "GET /xingrg/all/function/internal_message.html?_=1613100266733&CODE_STATE=getMsg HTTP/1.1" 200 27
116.224.253.72 - - [12/Feb/2021:11:30:47 +0800] "GET /xingrg/all/function/internal_message.html?_=1613100643846&CODE_STATE=getMsg HTTP/1.1" 200 27
116.224.253.72 - - [12/Feb/2021:11:30:50 +0800] "GET /xingrg/javascript/auto/indicator.gif HTTP/1.1" 404 1066
58.37.230.33 - - [12/Feb/2021:11:30:54 +0800] "GET /xingrg/all/function/internal_message.html?_=1613100658164&CODE_STATE=getMsg HTTP/1.1" 200 27
116.224.253.72 - - [12/Feb/2021:11:30:57 +0800] "GET /xingrg/kc/base/wldb_order_operate.html?command=get_materiel&rest_code=00150&base_code=0010445&code=00101019185 HTTP/1.1" 200 455
116.227.208.86 - - [12/Feb/2021:11:30:58 +0800] "GET /xingrg/all/function/internal_message.html?_=1613100653020&CODE_STATE=getMsg HTTP/1.1" 200 27
116.230.72.231 - - [12/Feb/2021:11:30:58 +0800] "POST /xingrg/services/DataTransmitService HTTP/1.1" 200 524
116.230.72.231 - - [12/Feb/2021:11:30:58 +0800] "POST /xingrg/services/DataTransmitService HTTP/1.1" 200 412
180.169.147.146 - - [12/Feb/2021:11:31:00 +0800] "GET /xingrg/kc/buy/cgsh_order_operate.html?command=get_materiel&rest_code=00147&code=00101002027&supplier_code=00100038&order_time=2021-02-11 HTTP/1.1" 200 434
117.185.32.26 - - [12/Feb/2021:11:31:02 +0800] "GET /xingrg/all/function/internal_message.html?_=1613100654508&CODE_STATE=getMsg HTTP/1.1" 200 27
116.224.253.72 - - [12/Feb/2021:11:31:05 +0800] "GET /xingrg/kc/base/wldb_order_operate.html?command=get_materiel&rest_code=00150&base_code=0010445&code=00101019110 HTTP/1.1" 200 477
114.88.166.193 - - [12/Feb/2021:11:31:11 +0800] "GET /xingrg/check_reg.html?_=1613100665259 HTTP/1.1" 200 22
116.224.253.72 - - [12/Feb/2021:11:31:12 +0800] "GET /xingrg/kc/base/wldb_order_operate.html?command=get_materiel&rest_code=00150&base_code=0010445&code=00101019133 HTTP/1.1" 200 466
114.88.166.193 - - [12/Feb/2021:11:31:12 +0800] "GET /xingrg/all/function/internal_message.html?_=1613100666108&CODE_STATE=getMsg HTTP/1.1" 200 27
116.224.253.72 - - [12/Feb/2021:11:31:14 +0800] "GET /xingrg/all/function/internal_message.html?_=1613100668551&CODE_STATE=getMsg HTTP/1.1" 200 27
116.224.253.72 - - [12/Feb/2021:11:31:14 +0800] "GET /xingrg/check_reg.html?_=1613100668552 HTTP/1.1" 200 22
180.169.147.146 - - [12/Feb/2021:11:31:15 +0800] "POST /xingrg/kc/buy/cgsh_order_operate.html HTTP/1.1" 200 37
180.169.147.146 - - [12/Feb/2021:11:31:19 +0800] "POST /xingrg/kc/buy/cgsh_order_operate.html HTTP/1.1" 200 2657
116.224.253.72 - - [12/Feb/2021:11:31:19 +0800] "GET /xingrg/kc/base/wldb_order_operate.html?command=get_materiel&rest_code=00150&base_code=0010445&code=00101019306 HTTP/1.1" 200 463
180.169.147.146 - - [12/Feb/2021:11:31:20 +0800] "GET /xingrg/kc/print/load_data.html?order_code=212021021205332&kc_code=cgsh&condition= HTTP/1.1" 200 693
180.169.147.146 - - [12/Feb/2021:11:31:24 +0800] "GET /xingrg/kc/buy/cgsh_order_add.html HTTP/1.1" 200 62072
180.169.147.146 - - [12/Feb/2021:11:31:24 +0800] "POST /xingrg/kc/buy/cgsh_order_operate.html HTTP/1.1" 200 8245
180.169.147.146 - - [12/Feb/2021:11:31:24 +0800] "GET /xingrg/javascript/easyui/themes/default/validatebox.css HTTP/1.1" 404 1104
101.228.165.73 - - [12/Feb/2021:11:31:25 +0800] "GET /xingrg/all/function/internal_message.html?_=1613100698649&CODE_STATE=getMsg HTTP/1.1" 200 27
116.224.253.72 - - [12/Feb/2021:11:31:27 +0800] "GET /xingrg/kc/base/wldb_order_operate.html?command=get_materiel&rest_code=00150&base_code=0010445&code=00101019637 HTTP/1.1" 200 434
116.224.253.72 - - [12/Feb/2021:11:31:34 +0800] "GET /xingrg/kc/base/wldb_order_operate.html?command=get_materiel&rest_code=00150&base_code=0010445&code=00101019391 HTTP/1.1" 200 470
61.165.42.208 - - [12/Feb/2021:11:31:35 +0800] "GET /xingrg/all/function/internal_message.html?_=1613100674109&CODE_STATE=getMsg HTTP/1.1" 200 27
117.185.32.26 - - [12/Feb/2021:11:31:35 +0800] "GET /xingrg/check_reg.html?_=1613100688272 HTTP/1.1" 200 22
120.253.135.82 - - [12/Feb/2021:11:31:36 +0800] "GET /xingrg/all/function/internal_message.html?_=1613100720498&CODE_STATE=getMsg HTTP/1.1" 200 27
116.224.253.72 - - [12/Feb/2021:11:31:41 +0800] "GET /xingrg/kc/base/wldb_order_operate.html?command=get_materiel&rest_code=00150&base_code=0010445&code=00101019164 HTTP/1.1" 200 451
117.185.32.26 - - [12/Feb/2021:11:31:43 +0800] "GET /xingrg/all/function/internal_message.html?_=1613101173960&CODE_STATE=getMsg HTTP/1.1" 200 27
101.85.93.83 - - [12/Feb/2021:11:31:46 +0800] "GET /xingrg/all/function/internal_message.html?_=1613100326729&CODE_STATE=getMsg HTTP/1.1" 200 27
180.169.147.146 - - [12/Feb/2021:11:31:46 +0800] "GET /xingrg/kc/buy/cgsh_order_operate.html?command=get_materiel&rest_code=00147&code=00101016080&supplier_code=00100242&order_time=2021-02-11 HTTP/1.1" 200 408
116.224.253.72 - - [12/Feb/2021:11:31:46 +0800] "GET /xingrg/kc/base/wldb_order_operate.html?command=get_materiel&rest_code=00150&base_code=0010445&code=00101019222 HTTP/1.1" 200 453
