116.224.253.72 - - [12/Feb/2021:11:31:46 +0800] "GET /xingrg/all/function/internal_message.html?_=1613100703745&CODE_STATE=getMsg HTTP/1.1" 200 27
116.224.253.72 - - [12/Feb/2021:11:31:53 +0800] "GET /xingrg/kc/base/wldb_order_operate.html?command=get_materiel&rest_code=00150&base_code=0010445&code=00101019400 HTTP/1.1" 200 450
58.37.230.33 - - [12/Feb/2021:11:31:54 +0800] "GET /xingrg/all/function/internal_message.html?_=1613100718156&CODE_STATE=getMsg HTTP/1.1" 200 27
58.37.230.33 - - [12/Feb/2021:11:31:56 +0800] "GET /xingrg/javascript/jquery_tools/images/next.gif HTTP/1.1" 404 1086
58.37.230.33 - - [12/Feb/2021:11:31:56 +0800] "GET /xingrg/javascript/jquery_tools/images/prev.gif HTTP/1.1" 404 1086
116.227.208.86 - - [12/Feb/2021:11:31:58 +0800] "GET /xingrg/all/function/internal_message.html?_=1613100713021&CODE_STATE=getMsg HTTP/1.1" 200 27
116.227.208.86 - - [12/Feb/2021:11:31:58 +0800] "GET /xingrg/check_reg.html?_=1613100713022 HTTP/1.1" 200 22
116.224.253.72 - - [12/Feb/2021:11:31:58 +0800] "GET /xingrg/kc/base/wldb_order_operate.html?command=get_materiel&rest_code=00150&base_code=0010445&code=00101019183 HTTP/1.1" 200 433
180.169.147.146 - - [12/Feb/2021:11:32:01 +0800] "GET /xingrg/kc/buy/cgsh_order_operate.html?command=get_materiel&rest_code=00147&code=00101010265&supplier_code=00100242&order_time=2021-02-11 HTTP/1.1" 200 408
117.185.32.26 - - [12/Feb/2021:11:32:01 +0800] "POST /xingrg/services/DataTransmitService HTTP/1.1" 200 524
117.185.32.26 - - [12/Feb/2021:11:32:01 +0800] "GET /xingrg/check_reg.html?_=1613101191935 HTTP/1.1" 200 22
117.185.32.26 - - [12/Feb/2021:11:32:02 +0800] "GET /xingrg/all/function/internal_message.html?_=1613100714478&CODE_STATE=getMsg HTTP/1.1" 200 27
117.185.32.26 - - [12/Feb/2021:11:32:02 +0800] "POST /xingrg/services/DataTransmitService HTTP/1.1" 200 2503
117.185.32.26 - - [12/Feb/2021:11:32:02 +0800] "POST /xingrg/services/DataTransmitService HTTP/1.1" 200 524
117.185.32.26 - - [12/Feb/2021:11:32:03 +0800] "POST /xingrg/services/DataTransmitService HTTP/1.1" 200 2503
117.185.32.26 - - [12/Feb/2021:11:32:03 +0800] "POST /xingrg/services/DataTransmitService HTTP/1.1" 200 524
117.185.32.26 - - [12/Feb/2021:11:32:03 +0800] "POST /xingrg/services/DataTransmitService HTTP/1.1" 200 2503
117.185.32.26 - - [12/Feb/2021:11:32:03 +0800] "POST /xingrg/services/DataTransmitService HTTP/1.1" 200 524
117.185.32.26 - - [12/Feb/2021:11:32:04 +0800] "POST /xingrg/services/DataTransmitService HTTP/1.1" 200 2503
117.185.32.26 - - [12/Feb/2021:11:32:05 +0800] "POST /xingrg/services/DataTransmitService HTTP/1.1" 200 524
116.224.253.72 - - [12/Feb/2021:11:32:05 +0800] "GET /xingrg/kc/base/wldb_order_operate.html?command=get_materiel&rest_code=00150&base_code=0010445&code=00101016086 HTTP/1.1" 200 468
117.185.32.26 - - [12/Feb/2021:11:32:05 +0800] "POST /xingrg/services/DataTransmitService HTTP/1.1" 200 2503
117.185.32.26 - - [12/Feb/2021:11:32:06 +0800] "POST /xingrg/services/DataTransmitService HTTP/1.1" 200 524
117.185.32.26 - - [12/Feb/2021:11:32:06 +0800] "POST /xingrg/services/DataTransmitService HTTP/1.1" 200 2503
117.185.32.26 - - [12/Feb/2021:11:32:06 +0800] "POST /xingrg/services/DataTransmitService HTTP/1.1" 200 524
117.185.32.26 - - [12/Feb/2021:11:32:07 +0800] "POST /xingrg/services/DataTransmitService HTTP/1.1" 200 2503
58.37.230.33 - - [12/Feb/2021:11:32:08 +0800] "GET /xingrg/kc/buy/cgsh_order_operate.html?command=get_materiel&rest_code=00141&code=00101015043&supplier_code=00100055&order_time=2021-02-12 HTTP/1.1" 200 413
114.88.166.193 - - [12/Feb/2021:11:32:12 +0800] "GET /xingrg/all/function/internal_message.html?_=1613100726123&CODE_STATE=getMsg HTTP/1.1" 200 27
116.224.253.72 - - [12/Feb/2021:11:32:14 +0800] "GET /xingrg/all/function/internal_message.html?_=1613100728554&CODE_STATE=getMsg HTTP/1.1" 200 27
180.169.147.146 - - [12/Feb/2021:11:32:16 +0800] "GET /xingrg/all/function/internal_message.html?_=1613100726059&CODE_STATE=getMsg HTTP/1.1" 200 27
180.169.147.146 - - [12/Feb/2021:11:32:16 +0800] "GET /xingrg/check_reg.html?_=1613100726077 HTTP/1.1" 200 22
116.224.253.72 - - [12/Feb/2021:11:32:21 +0800] "GET /xingrg/kc/base/wldb_order_operate.html?command=get_materiel&rest_code=00150&base_code=0010445&code=00101019212 HTTP/1.1" 200 463
180.169.147.146 - - [12/Feb/2021:11:32:22 +0800] "GET /xingrg/kc/buy/cgsh_order_operate.html?command=get_materiel&rest_code=00147&code=00101012059&supplier_code=00100242&order_time=2021-02-11 HTTP/1.1" 200 412
101.228.165.73 - - [12/Feb/2021:11:32:25 +0800] "GET /xingrg/all/function/internal_message.html?_=1613100758655&CODE_STATE=getMsg HTTP/1.1" 200 27
116.224.253.72 - - [12/Feb/2021:11:32:33 +0800] "GET /xingrg/kc/base/wldb_order_operate.html?command=get_materiel&rest_code=00150&base_code=0010445&code=00101019376 HTTP/1.1" 200 463
61.165.42.208 - - [12/Feb/2021:11:32:35 +0800] "GET /xingrg/all/function/internal_message.html?_=1613100734095&CODE_STATE=getMsg HTTP/1.1" 200 27
120.253.135.82 - - [12/Feb/2021:11:32:36 +0800] "GET /xingrg/all/function/internal_message.html?_=1613100780526&CODE_STATE=getMsg HTTP/1.1" 200 27
116.224.253.72 - - [12/Feb/2021:11:32:39 +0800] "GET /xingrg/kc/base/wldb_order_operate.html?command=get_materiel&rest_code=00150&base_code=0010445&code=00101013076 HTTP/1.1" 200 442
117.185.32.26 - - [12/Feb/2021:11:32:43 +0800] "GET /xingrg/all/function/internal_message.html?_=1613101233931&CODE_STATE=getMsg HTTP/1.1" 200 27
101.85.93.83 - - [12/Feb/2021:11:32:46 +0800] "GET /xingrg/all/function/internal_message.html?_=1613100386726&CODE_STATE=getMsg HTTP/1.1" 200 27
116.224.253.72 - - [12/Feb/2021:11:32:47 +0800] "GET /xingrg/all/function/internal_message.html?_=1613100763808&CODE_STATE=getMsg HTTP/1.1" 200 27
117.185.32.26 - - [12/Feb/2021:11:32:50 +0800] "POST /xingrg/services/DataTransmitService HTTP/1.1" 200 524
117.185.32.26 - - [12/Feb/2021:11:32:50 +0800] "POST /xingrg/services/DataTransmitService HTTP/1.1" 200 2503
117.185.32.26 - - [12/Feb/2021:11:32:50 +0800] "POST /xingrg/services/DataTransmitService HTTP/1.1" 200 524
117.185.32.26 - - [12/Feb/2021:11:32:51 +0800] "POST /xingrg/services/DataTransmitService HTTP/1.1" 200 2503
117.185.32.26 - - [12/Feb/2021:11:32:51 +0800] "POST /xingrg/services/DataTransmitService HTTP/1.1" 200 524
117.185.32.26 - - [12/Feb/2021:11:32:52 +0800] "POST /xingrg/services/DataTransmitService HTTP/1.1" 200 2503
58.37.230.33 - - [12/Feb/2021:11:32:54 +0800] "GET /xingrg/all/function/internal_message.html?_=1613100778199&CODE_STATE=getMsg HTTP/1.1" 200 27
180.169.147.146 - - [12/Feb/2021:11:32:55 +0800] "GET /xingrg/kc/buy/cgsh_order_operate.html?command=get_materiel&rest_code=00147&code=00101016075&supplier_code=00100242&order_time=2021-02-11 HTTP/1.1" 200 445
116.227.208.86 - - [12/Feb/2021:11:32:58 +0800] "GET /xingrg/all/function/internal_message.html?_=1613100773024&CODE_STATE=getMsg HTTP/1.1" 200 27
116.224.253.72 - - [12/Feb/2021:11:32:58 +0800] "POST /xingrg/kc/base/wldb_order_operate.html HTTP/1.1" 200 37
58.37.230.33 - - [12/Feb/2021:11:33:00 +0800] "GET /xingrg/kc/buy/cgsh_order_operate.html?command=get_materiel&rest_code=00141&code=00101015062&supplier_code=00100055&order_time=2021-02-12 HTTP/1.1" 200 412
116.224.253.72 - - [12/Feb/2021:11:33:00 +0800] "POST /xingrg/kc/base/wldb_order_operate.html HTTP/1.1" 200 12
116.224.253.72 - - [12/Feb/2021:11:33:00 +0800] "POST /xingrg/kc/base/wldb_order_operate.html HTTP/1.1" 200 8708
116.224.253.72 - - [12/Feb/2021:11:33:01 +0800] "GET /xingrg/kc/base/wldb_order_info.html?code=422021021201475 HTTP/1.1" 200 26389
116.224.253.72 - - [12/Feb/2021:11:33:01 +0800] "GET /xingrg/javascript/easyui/themes/default/validatebox.css HTTP/1.1" 404 1104
116.224.253.72 - - [12/Feb/2021:11:33:01 +0800] "POST /xingrg/kc/base/wldb_order_operate.html HTTP/1.1" 200 6834
117.185.32.26 - - [12/Feb/2021:11:33:02 +0800] "GET /xingrg/all/function/internal_message.html?_=1613100774459&CODE_STATE=getMsg HTTP/1.1" 200 27
180.169.147.146 - - [12/Feb/2021:11:33:05 +0800] "GET /xingrg/kc/buy/cgsh_order_operate.html?command=get_materiel&rest_code=00147&code=00101016081&supplier_code=00100242&order_time=2021-02-11 HTTP/1.1" 200 467
58.37.230.33 - - [12/Feb/2021:11:33:08 +0800] "GET /xingrg/kc/buy/cgsh_order_operate.html?command=get_materiel&rest_code=00141&code=00101015039&supplier_code=00100055&order_time=2021-02-12 HTTP/1.1" 200 412
172.20.0.100 - - [12/Feb/2021:11:33:12 +0800] "GET /xingrg/check_reg.html?_=1613100785528 HTTP/1.1" 302 -
114.88.166.193 - - [12/Feb/2021:11:33:12 +0800] "GET /xingrg/all/function/internal_message.html?_=1613100786135&CODE_STATE=getMsg HTTP/1.1" 200 27
116.224.253.72 - - [12/Feb/2021:11:33:14 +0800] "GET /xingrg/all/function/internal_message.html?_=1613100788554&CODE_STATE=getMsg HTTP/1.1" 200 27
180.169.147.146 - - [12/Feb/2021:11:33:16 +0800] "GET /xingrg/all/function/internal_message.html?_=1613100786038&CODE_STATE=getMsg HTTP/1.1" 200 27
120.253.135.82 - - [12/Feb/2021:11:33:17 +0800] "GET /xingrg/check_reg.html?_=1613100822075 HTTP/1.1" 200 22
101.228.165.73 - - [12/Feb/2021:11:33:24 +0800] "GET /xingrg/check_reg.html?_=1613100817954 HTTP/1.1" 200 22
101.228.165.73 - - [12/Feb/2021:11:33:25 +0800] "GET /xingrg/all/function/internal_message.html?_=1613100818668&CODE_STATE=getMsg HTTP/1.1" 200 27
180.169.147.146 - - [12/Feb/2021:11:33:29 +0800] "GET /xingrg/kc/buy/cgsh_order_operate.html?command=get_materiel&rest_code=00147&code=00101016008&supplier_code=00100242&order_time=2021-02-11 HTTP/1.1" 200 413
58.37.230.33 - - [12/Feb/2021:11:33:35 +0800] "GET /xingrg/kc/buy/cgsh_order_operate.html?command=get_materiel&rest_code=00141&code=00101015022&supplier_code=00100055&order_time=2021-02-12 HTTP/1.1" 200 409
61.165.42.208 - - [12/Feb/2021:11:33:35 +0800] "GET /xingrg/all/function/internal_message.html?_=1613100794080&CODE_STATE=getMsg HTTP/1.1" 200 27
120.253.135.82 - - [12/Feb/2021:11:33:36 +0800] "GET /xingrg/all/function/internal_message.html?_=1613100840540&CODE_STATE=getMsg HTTP/1.1" 200 27
180.169.147.146 - - [12/Feb/2021:11:33:38 +0800] "GET /xingrg/kc/buy/cgsh_order_operate.html?command=get_materiel&rest_code=00147&code=00101016009&supplier_code=00100242&order_time=2021-02-11 HTTP/1.1" 200 419
117.185.32.26 - - [12/Feb/2021:11:33:43 +0800] "GET /xingrg/all/function/internal_message.html?_=1613101293916&CODE_STATE=getMsg HTTP/1.1" 200 27
101.85.93.83 - - [12/Feb/2021:11:33:46 +0800] "GET /xingrg/all/function/internal_message.html?_=1613100446742&CODE_STATE=getMsg HTTP/1.1" 200 27
116.224.253.72 - - [12/Feb/2021:11:33:47 +0800] "GET /xingrg/all/function/internal_message.html?_=1613100823900&CODE_STATE=getMsg HTTP/1.1" 200 27
180.169.147.146 - - [12/Feb/2021:11:33:51 +0800] "POST /xingrg/kc/buy/cgsh_order_operate.html HTTP/1.1" 200 37
58.37.230.33 - - [12/Feb/2021:11:33:54 +0800] "POST /xingrg/kc/buy/cgsh_order_operate.html HTTP/1.1" 200 37
180.169.147.146 - - [12/Feb/2021:11:33:55 +0800] "POST /xingrg/kc/buy/cgsh_order_operate.html HTTP/1.1" 200 4465
180.169.147.146 - - [12/Feb/2021:11:33:56 +0800] "GET /xingrg/kc/print/load_data.html?order_code=212021021205333&kc_code=cgsh&condition= HTTP/1.1" 200 1368
116.227.208.86 - - [12/Feb/2021:11:33:58 +0800] "GET /xingrg/all/function/internal_message.html?_=1613100833025&CODE_STATE=getMsg HTTP/1.1" 200 27
58.37.230.33 - - [12/Feb/2021:11:33:59 +0800] "POST /xingrg/kc/buy/cgsh_order_operate.html HTTP/1.1" 200 12
180.169.147.146 - - [12/Feb/2021:11:34:00 +0800] "GET /xingrg/kc/buy/cgsh_order_add.html HTTP/1.1" 200 62072
180.169.147.146 - - [12/Feb/2021:11:34:00 +0800] "GET /xingrg/javascript/easyui/themes/default/validatebox.css HTTP/1.1" 404 1104
180.169.147.146 - - [12/Feb/2021:11:34:00 +0800] "POST /xingrg/kc/buy/cgsh_order_operate.html HTTP/1.1" 200 8245
58.37.230.33 - - [12/Feb/2021:11:34:00 +0800] "GET /xingrg/kc/buy/cgsh_order_info.html?code=212021021205334 HTTP/1.1" 200 57012
58.37.230.33 - - [12/Feb/2021:11:34:00 +0800] "GET /xingrg/javascript/easyui/themes/default/validatebox.css HTTP/1.1" 404 1104
58.37.230.33 - - [12/Feb/2021:11:34:01 +0800] "POST /xingrg/kc/buy/cgsh_order_operate.html HTTP/1.1" 200 5347
117.185.32.26 - - [12/Feb/2021:11:34:01 +0800] "GET /xingrg/all/function/internal_message.html?_=1613100834432&CODE_STATE=getMsg HTTP/1.1" 200 27
58.37.230.33 - - [12/Feb/2021:11:34:01 +0800] "GET /xingrg/kc/print/load_config.html?kc_code=cgsh HTTP/1.1" 200 1845
58.37.230.33 - - [12/Feb/2021:11:34:02 +0800] "GET /xingrg/kc/print/load_data.html?order_code=212021021205334&kc_code=cgsh&condition= HTTP/1.1" 200 2558
58.37.230.33 - - [12/Feb/2021:11:34:05 +0800] "GET /xingrg/kc/base/base_main.html HTTP/1.1" 200 12142
58.37.230.33 - - [12/Feb/2021:11:34:06 +0800] "GET /xingrg/kc/base/wldb_order_list.html HTTP/1.1" 200 19345
58.37.230.33 - - [12/Feb/2021:11:34:07 +0800] "POST /xingrg/kc/base/wldb_list_operate.html HTTP/1.1" 200 928
58.37.230.33 - - [12/Feb/2021:11:34:08 +0800] "GET /xingrg/kc/base/wldb_order_add.html HTTP/1.1" 200 30508
58.37.230.33 - - [12/Feb/2021:11:34:08 +0800] "GET /xingrg/all/common/auto_word.html?type=base&rest_code=00141 HTTP/1.1" 200 1753
58.37.230.33 - - [12/Feb/2021:11:34:08 +0800] "GET /xingrg/all/common/auto_word.html?type=base&rest_code=00141 HTTP/1.1" 200 1753
58.37.230.33 - - [12/Feb/2021:11:34:08 +0800] "GET /xingrg/javascript/easyui/themes/default/validatebox.css HTTP/1.1" 404 1104
58.37.230.33 - - [12/Feb/2021:11:34:08 +0800] "POST /xingrg/kc/base/wldb_order_operate.html HTTP/1.1" 200 6806
114.88.166.193 - - [12/Feb/2021:11:34:12 +0800] "GET /xingrg/all/function/internal_message.html?_=1613100846186&CODE_STATE=getMsg HTTP/1.1" 200 27
116.224.253.72 - - [12/Feb/2021:11:34:14 +0800] "GET /xingrg/all/function/internal_message.html?_=1613100848556&CODE_STATE=getMsg HTTP/1.1" 200 27
180.169.147.146 - - [12/Feb/2021:11:34:16 +0800] "GET /xingrg/all/function/internal_message.html?_=1613100846045&CODE_STATE=getMsg HTTP/1.1" 200 27
58.37.230.33 - - [12/Feb/2021:11:34:21 +0800] "GET /xingrg/kc/base/wldb_order_operate.html?command=get_materiel&rest_code=00141&base_code=0010382&code=00101019448 HTTP/1.1" 200 470
101.228.165.73 - - [12/Feb/2021:11:34:25 +0800] "GET /xingrg/all/function/internal_message.html?_=1613100878682&CODE_STATE=getMsg HTTP/1.1" 200 27
180.169.147.146 - - [12/Feb/2021:11:34:27 +0800] "GET /xingrg/kc/buy/cgsh_order_operate.html?command=get_materiel&rest_code=00147&code=00101029039&supplier_code=00100241&order_time=2021-02-11 HTTP/1.1" 200 436
61.165.42.208 - - [12/Feb/2021:11:34:27 +0800] "GET /xingrg/check_reg.html?_=1613100845765 HTTP/1.1" 200 22
58.37.230.33 - - [12/Feb/2021:11:34:27 +0800] "GET /xingrg/kc/base/wldb_order_operate.html?command=get_materiel&rest_code=00141&base_code=0010382&code=00101019306 HTTP/1.1" 200 463
116.224.253.72 - - [12/Feb/2021:11:34:33 +0800] "GET /xingrg/kc/base/wldb_order_add.html HTTP/1.1" 200 30508
58.37.230.33 - - [12/Feb/2021:11:34:33 +0800] "GET /xingrg/kc/base/wldb_order_operate.html?command=get_materiel&rest_code=00141&base_code=0010382&code=00101019529 HTTP/1.1" 200 476
116.224.253.72 - - [12/Feb/2021:11:34:34 +0800] "POST /xingrg/kc/base/wldb_order_operate.html HTTP/1.1" 200 6806
116.224.253.72 - - [12/Feb/2021:11:34:34 +0800] "GET /xingrg/javascript/easyui/themes/default/validatebox.css HTTP/1.1" 404 1104
61.165.42.208 - - [12/Feb/2021:11:34:35 +0800] "GET /xingrg/all/function/internal_message.html?_=1613100854051&CODE_STATE=getMsg HTTP/1.1" 200 27
120.253.135.82 - - [12/Feb/2021:11:34:36 +0800] "GET /xingrg/all/function/internal_message.html?_=1613100900555&CODE_STATE=getMsg HTTP/1.1" 200 27
58.37.230.33 - - [12/Feb/2021:11:34:38 +0800] "GET /xingrg/kc/base/wldb_order_operate.html?command=get_materiel&rest_code=00141&base_code=0010382&code=00101019079 HTTP/1.1" 200 465
116.224.253.72 - - [12/Feb/2021:11:34:40 +0800] "GET /xingrg/kc/base/wldb_order_operate.html?command=get_materiel&rest_code=00150&base_code=0010445&code=00101016037 HTTP/1.1" 200 450
116.224.253.72 - - [12/Feb/2021:11:34:42 +0800] "POST /xingrg/all/common/load_select.html HTTP/1.1" 200 25
117.185.32.26 - - [12/Feb/2021:11:34:43 +0800] "GET /xingrg/all/function/internal_message.html?_=1613101353899&CODE_STATE=getMsg HTTP/1.1" 200 27
116.224.253.72 - - [12/Feb/2021:11:34:44 +0800] "GET /xingrg/kc/base/wldb_order_operate.html?command=get_materiel_price&rest_code=00150&base_code=0010445&code=00101016037&unit_code=00100098 HTTP/1.1" 200 37
101.85.93.83 - - [12/Feb/2021:11:34:46 +0800] "GET /xingrg/all/function/internal_message.html?_=1613100506734&CODE_STATE=getMsg HTTP/1.1" 200 27
58.37.230.33 - - [12/Feb/2021:11:34:46 +0800] "POST /xingrg/kc/base/wldb_order_operate.html HTTP/1.1" 200 37
116.224.253.72 - - [12/Feb/2021:11:34:46 +0800] "GET /xingrg/check_reg.html?_=1613100883765 HTTP/1.1" 200 22
116.224.253.72 - - [12/Feb/2021:11:34:47 +0800] "GET /xingrg/all/function/internal_message.html?_=1613100883765&CODE_STATE=getMsg HTTP/1.1" 200 27
58.37.230.33 - - [12/Feb/2021:11:34:48 +0800] "POST /xingrg/kc/base/wldb_order_operate.html HTTP/1.1" 200 12
58.37.230.33 - - [12/Feb/2021:11:34:48 +0800] "POST /xingrg/kc/base/wldb_order_operate.html HTTP/1.1" 200 3758
58.37.230.33 - - [12/Feb/2021:11:34:48 +0800] "GET /xingrg/kc/base/wldb_order_info.html?code=422021021201476 HTTP/1.1" 200 26386
58.37.230.33 - - [12/Feb/2021:11:34:49 +0800] "GET /xingrg/javascript/easyui/themes/default/validatebox.css HTTP/1.1" 404 1104
58.37.230.33 - - [12/Feb/2021:11:34:49 +0800] "POST /xingrg/kc/base/wldb_order_operate.html HTTP/1.1" 200 2019
58.37.230.33 - - [12/Feb/2021:11:34:50 +0800] "GET /xingrg/kc/base/wldb_order_add.html HTTP/1.1" 200 30508
58.37.230.33 - - [12/Feb/2021:11:34:50 +0800] "POST /xingrg/kc/base/wldb_order_operate.html HTTP/1.1" 200 6806
58.37.230.33 - - [12/Feb/2021:11:34:50 +0800] "GET /xingrg/javascript/easyui/themes/default/validatebox.css HTTP/1.1" 404 1104
58.37.230.33 - - [12/Feb/2021:11:34:54 +0800] "GET /xingrg/check_reg.html?_=1613100898178 HTTP/1.1" 200 22
58.37.230.33 - - [12/Feb/2021:11:34:54 +0800] "GET /xingrg/all/function/internal_message.html?_=1613100898225&CODE_STATE=getMsg HTTP/1.1" 200 27
116.227.208.86 - - [12/Feb/2021:11:34:58 +0800] "GET /xingrg/all/function/internal_message.html?_=1613100893027&CODE_STATE=getMsg HTTP/1.1" 200 27
58.37.230.33 - - [12/Feb/2021:11:34:59 +0800] "GET /xingrg/kc/base/wldb_order_operate.html?command=get_materiel&rest_code=00141&base_code=0010382&code=00101019131 HTTP/1.1" 200 454
117.185.32.26 - - [12/Feb/2021:11:35:01 +0800] "GET /xingrg/all/function/internal_message.html?_=1613100894409&CODE_STATE=getMsg HTTP/1.1" 200 27
58.37.230.33 - - [12/Feb/2021:11:35:04 +0800] "GET /xingrg/kc/base/wldb_order_operate.html?command=get_materiel&rest_code=00141&base_code=0010382&code=00101019185 HTTP/1.1" 200 455
58.37.230.33 - - [12/Feb/2021:11:35:07 +0800] "GET /xingrg/kc/base/wldb_order_operate.html?command=get_materiel&rest_code=00141&base_code=0010382&code=00101019492 HTTP/1.1" 200 459
58.37.230.33 - - [12/Feb/2021:11:35:10 +0800] "GET /xingrg/kc/base/wldb_order_operate.html?command=get_materiel&rest_code=00141&base_code=0010382&code=00101019164 HTTP/1.1" 200 451
114.88.166.193 - - [12/Feb/2021:11:35:12 +0800] "GET /xingrg/all/function/internal_message.html?_=1613100906195&CODE_STATE=getMsg HTTP/1.1" 200 27
180.169.147.146 - - [12/Feb/2021:11:35:13 +0800] "POST /xingrg/kc/buy/cgsh_order_operate.html HTTP/1.1" 200 37
116.224.253.72 - - [12/Feb/2021:11:35:14 +0800] "GET /xingrg/all/function/internal_message.html?_=1613100908558&CODE_STATE=getMsg HTTP/1.1" 200 27
180.169.147.146 - - [12/Feb/2021:11:35:14 +0800] "POST /xingrg/kc/buy/cgsh_order_operate.html HTTP/1.1" 200 2694
180.169.147.146 - - [12/Feb/2021:11:35:15 +0800] "GET /xingrg/kc/print/load_data.html?order_code=212021021205335&kc_code=cgsh&condition= HTTP/1.1" 200 707
58.37.230.33 - - [12/Feb/2021:11:35:16 +0800] "GET /xingrg/kc/base/wldb_order_operate.html?command=get_materiel&rest_code=00141&base_code=0010382&code=00101019450 HTTP/1.1" 200 469
180.169.147.146 - - [12/Feb/2021:11:35:16 +0800] "GET /xingrg/all/function/internal_message.html?_=1613100906026&CODE_STATE=getMsg HTTP/1.1" 200 27
180.169.147.146 - - [12/Feb/2021:11:35:19 +0800] "GET /xingrg/kc/buy/cgsh_order_add.html HTTP/1.1" 200 62072
180.169.147.146 - - [12/Feb/2021:11:35:19 +0800] "POST /xingrg/kc/buy/cgsh_order_operate.html HTTP/1.1" 200 8245
180.169.147.146 - - [12/Feb/2021:11:35:19 +0800] "GET /xingrg/javascript/easyui/themes/default/validatebox.css HTTP/1.1" 404 1104
58.37.230.33 - - [12/Feb/2021:11:35:20 +0800] "GET /xingrg/kc/base/wldb_order_operate.html?command=get_materiel&rest_code=00141&base_code=0010382&code=00101019391 HTTP/1.1" 200 471
58.37.230.33 - - [12/Feb/2021:11:35:23 +0800] "GET /xingrg/kc/base/wldb_order_operate.html?command=get_materiel&rest_code=00141&base_code=0010382&code=00101019199 HTTP/1.1" 200 459
101.228.165.73 - - [12/Feb/2021:11:35:25 +0800] "GET /xingrg/all/function/internal_message.html?_=1613100938697&CODE_STATE=getMsg HTTP/1.1" 200 27
58.37.230.33 - - [12/Feb/2021:11:35:26 +0800] "GET /xingrg/kc/base/wldb_order_operate.html?command=get_materiel&rest_code=00141&base_code=0010382&code=00101019542 HTTP/1.1" 200 448
180.169.147.146 - - [12/Feb/2021:11:35:31 +0800] "GET /xingrg/kc/buy/cgsh_order_operate.html?command=get_materiel&rest_code=00147&code=00101008323&supplier_code=00100007&order_time=2021-02-12 HTTP/1.1" 200 408
58.37.230.33 - - [12/Feb/2021:11:35:33 +0800] "POST /xingrg/kc/base/wldb_order_operate.html HTTP/1.1" 200 37
58.37.230.33 - - [12/Feb/2021:11:35:34 +0800] "POST /xingrg/kc/base/wldb_order_operate.html HTTP/1.1" 200 12
58.37.230.33 - - [12/Feb/2021:11:35:35 +0800] "POST /xingrg/kc/base/wldb_order_operate.html HTTP/1.1" 200 5724
58.37.230.33 - - [12/Feb/2021:11:35:35 +0800] "GET /xingrg/kc/base/wldb_order_info.html?code=422021021201477 HTTP/1.1" 200 26387
61.165.42.208 - - [12/Feb/2021:11:35:35 +0800] "GET /xingrg/all/function/internal_message.html?_=1613100914036&CODE_STATE=getMsg HTTP/1.1" 200 27
58.37.230.33 - - [12/Feb/2021:11:35:35 +0800] "GET /xingrg/javascript/easyui/themes/default/validatebox.css HTTP/1.1" 404 1104
58.37.230.33 - - [12/Feb/2021:11:35:35 +0800] "POST /xingrg/kc/base/wldb_order_operate.html HTTP/1.1" 200 3937
120.253.135.82 - - [12/Feb/2021:11:35:36 +0800] "GET /xingrg/all/function/internal_message.html?_=1613100960576&CODE_STATE=getMsg HTTP/1.1" 200 27
117.185.32.26 - - [12/Feb/2021:11:35:43 +0800] "GET /xingrg/all/function/internal_message.html?_=1613101413883&CODE_STATE=getMsg HTTP/1.1" 200 27
180.169.147.146 - - [12/Feb/2021:11:35:45 +0800] "GET /xingrg/kc/buy/cgsh_order_operate.html?command=get_materiel&rest_code=00147&code=00101008349&supplier_code=00100007&order_time=2021-02-12 HTTP/1.1" 200 412
101.85.93.83 - - [12/Feb/2021:11:35:46 +0800] "GET /xingrg/check_reg.html?_=1613100566729 HTTP/1.1" 200 22
101.85.93.83 - - [12/Feb/2021:11:35:46 +0800] "GET /xingrg/all/function/internal_message.html?_=1613100566732&CODE_STATE=getMsg HTTP/1.1" 200 27
116.224.253.72 - - [12/Feb/2021:11:35:46 +0800] "GET /xingrg/all/function/internal_message.html?_=1613100943744&CODE_STATE=getMsg HTTP/1.1" 200 27
58.37.230.33 - - [12/Feb/2021:11:35:54 +0800] "GET /xingrg/all/function/internal_message.html?_=1613100958204&CODE_STATE=getMsg HTTP/1.1" 200 27
116.227.208.86 - - [12/Feb/2021:11:35:58 +0800] "GET /xingrg/all/function/internal_message.html?_=1613100953016&CODE_STATE=getMsg HTTP/1.1" 200 27
117.185.32.26 - - [12/Feb/2021:11:36:01 +0800] "GET /xingrg/all/function/internal_message.html?_=1613100954390&CODE_STATE=getMsg HTTP/1.1" 200 27
180.169.147.146 - - [12/Feb/2021:11:36:08 +0800] "GET /xingrg/kc/buy/cgsh_order_operate.html?command=get_materiel&rest_code=00147&code=00101008110&supplier_code=00100007&order_time=2021-02-12 HTTP/1.1" 200 408
114.88.166.193 - - [12/Feb/2021:11:36:11 +0800] "GET /xingrg/check_reg.html?_=1613100965315 HTTP/1.1" 200 22
114.88.166.193 - - [12/Feb/2021:11:36:12 +0800] "GET /xingrg/all/function/internal_message.html?_=1613100966207&CODE_STATE=getMsg HTTP/1.1" 200 27
116.224.253.72 - - [12/Feb/2021:11:36:14 +0800] "GET /xingrg/all/function/internal_message.html?_=1613100968560&CODE_STATE=getMsg HTTP/1.1" 200 27
116.224.253.72 - - [12/Feb/2021:11:36:14 +0800] "GET /xingrg/check_reg.html?_=1613100968559 HTTP/1.1" 200 22
180.169.147.146 - - [12/Feb/2021:11:36:16 +0800] "GET /xingrg/all/function/internal_message.html?_=1613100966006&CODE_STATE=getMsg HTTP/1.1" 200 27
61.165.42.208 - - [12/Feb/2021:11:36:18 +0800] "GET /xingrg/kc/buy/buy_main.html HTTP/1.1" 200 12412
61.165.42.208 - - [12/Feb/2021:11:36:18 +0800] "GET /xingrg/css/new_ie.css HTTP/1.1" 404 1036
61.165.42.208 - - [12/Feb/2021:11:36:20 +0800] "GET /xingrg/kc/base/base_main.html HTTP/1.1" 200 12142
61.165.42.208 - - [12/Feb/2021:11:36:21 +0800] "GET /xingrg/kc/base/wldb_order_list.html HTTP/1.1" 200 19339
61.165.42.208 - - [12/Feb/2021:11:36:22 +0800] "POST /xingrg/kc/base/wldb_list_operate.html HTTP/1.1" 200 928
180.169.147.146 - - [12/Feb/2021:11:36:23 +0800] "GET /xingrg/kc/buy/cgsh_order_operate.html?command=get_materiel&rest_code=00147&code=00101008038&supplier_code=00100007&order_time=2021-02-12 HTTP/1.1" 200 412
101.228.165.73 - - [12/Feb/2021:11:36:25 +0800] "GET /xingrg/all/function/internal_message.html?_=1613100998771&CODE_STATE=getMsg HTTP/1.1" 200 27
61.165.42.208 - - [12/Feb/2021:11:36:29 +0800] "GET /xingrg/kc/base/wldb_order_add.html HTTP/1.1" 200 30502
61.165.42.208 - - [12/Feb/2021:11:36:29 +0800] "GET /xingrg/words/20210210182418_words.js HTTP/1.1" 304 -
61.165.42.208 - - [12/Feb/2021:11:36:29 +0800] "POST /xingrg/kc/base/wldb_order_operate.html HTTP/1.1" 200 6806
61.165.42.208 - - [12/Feb/2021:11:36:29 +0800] "GET /xingrg/all/common/auto_word.html?type=base&rest_code=00105 HTTP/1.1" 200 1811
61.165.42.208 - - [12/Feb/2021:11:36:29 +0800] "GET /xingrg/all/common/auto_word.html?type=base&rest_code=00105 HTTP/1.1" 200 1811
61.165.42.208 - - [12/Feb/2021:11:36:29 +0800] "GET /xingrg/javascript/easyui/themes/default/validatebox.css HTTP/1.1" 404 1104
61.165.42.208 - - [12/Feb/2021:11:36:31 +0800] "POST /xingrg/all/common/load_combo.html?type=base HTTP/1.1" 200 3236
61.165.42.208 - - [12/Feb/2021:11:36:35 +0800] "GET /xingrg/all/function/internal_message.html?_=1613100974026&CODE_STATE=getMsg HTTP/1.1" 200 27
180.169.147.146 - - [12/Feb/2021:11:36:35 +0800] "GET /xingrg/kc/buy/cgsh_order_operate.html?command=get_materiel&rest_code=00147&code=00101008355&supplier_code=00100007&order_time=2021-02-12 HTTP/1.1" 200 428
117.185.32.26 - - [12/Feb/2021:11:36:35 +0800] "GET /xingrg/check_reg.html?_=1613100988272 HTTP/1.1" 200 22
120.253.135.82 - - [12/Feb/2021:11:36:36 +0800] "GET /xingrg/all/function/internal_message.html?_=1613101020581&CODE_STATE=getMsg HTTP/1.1" 200 27
61.165.42.208 - - [12/Feb/2021:11:36:37 +0800] "POST /xingrg/all/common/load_combo.html?type=base HTTP/1.1" 200 3236
117.185.32.26 - - [12/Feb/2021:11:36:39 +0800] "POST /xingrg/services/DataTransmitService HTTP/1.1" 200 524
117.185.32.26 - - [12/Feb/2021:11:36:41 +0800] "POST /xingrg/services/DataTransmitService HTTP/1.1" 200 412
117.185.32.26 - - [12/Feb/2021:11:36:43 +0800] "GET /xingrg/all/function/internal_message.html?_=1613101473867&CODE_STATE=getMsg HTTP/1.1" 200 27
180.169.147.146 - - [12/Feb/2021:11:36:46 +0800] "GET /xingrg/kc/buy/cgsh_order_operate.html?command=get_materiel&rest_code=00147&code=00101008264&supplier_code=00100007&order_time=2021-02-12 HTTP/1.1" 200 432
101.85.93.83 - - [12/Feb/2021:11:36:46 +0800] "GET /xingrg/all/function/internal_message.html?_=1613100626727&CODE_STATE=getMsg HTTP/1.1" 200 27
116.224.253.72 - - [12/Feb/2021:11:36:46 +0800] "GET /xingrg/all/function/internal_message.html?_=1613101003738&CODE_STATE=getMsg HTTP/1.1" 200 27
116.232.52.108 - - [12/Feb/2021:11:36:52 +0800] "GET /favicon.ico HTTP/1.1" 404 -
116.232.52.108 - - [12/Feb/2021:11:36:53 +0800] "GET /favicon.ico HTTP/1.1" 404 -
116.232.52.108 - - [12/Feb/2021:11:36:54 +0800] "GET /xingrg/index.html?sysBaseUrl=http%3A%2F%2F180.169.147.146%3A18081%2Fxingrg%2F&costTime=80×tamp=1612919607128 HTTP/1.1" 302 -
58.37.230.33 - - [12/Feb/2021:11:36:54 +0800] "GET /xingrg/all/function/internal_message.html?_=1613101018175&CODE_STATE=getMsg HTTP/1.1" 200 27
116.232.52.108 - - [12/Feb/2021:11:36:54 +0800] "GET /xingrg/login.html HTTP/1.1" 200 7641
116.232.52.108 - - [12/Feb/2021:11:36:54 +0800] "GET /xingrg/images/blue/jxLogo.png HTTP/1.1" 200 6156
116.232.52.108 - - [12/Feb/2021:11:36:54 +0800] "GET /xingrg/images/blue/hj.png HTTP/1.1" 200 1014
116.232.52.108 - - [12/Feb/2021:11:36:54 +0800] "GET /xingrg/images/blue/srbg.png HTTP/1.1" 200 138
116.232.52.108 - - [12/Feb/2021:11:36:54 +0800] "GET /xingrg/images/blue/login_bg.png HTTP/1.1" 200 22101
116.232.52.108 - - [12/Feb/2021:11:36:55 +0800] "GET /favicon.ico HTTP/1.1" 404 -
116.227.208.86 - - [12/Feb/2021:11:36:58 +0800] "GET /xingrg/all/function/internal_message.html?_=1613101013018&CODE_STATE=getMsg HTTP/1.1" 200 27
116.227.208.86 - - [12/Feb/2021:11:36:58 +0800] "GET /xingrg/check_reg.html?_=1613101013019 HTTP/1.1" 200 22
180.169.147.146 - - [12/Feb/2021:11:37:00 +0800] "GET /xingrg/kc/buy/cgsh_order_operate.html?command=get_materiel&rest_code=00147&code=00101008356&supplier_code=00100007&order_time=2021-02-12 HTTP/1.1" 200 408
117.185.32.26 - - [12/Feb/2021:11:37:01 +0800] "GET /xingrg/all/function/internal_message.html?_=1613101014369&CODE_STATE=getMsg HTTP/1.1" 200 27
117.185.32.26 - - [12/Feb/2021:11:37:01 +0800] "GET /xingrg/check_reg.html?_=1613101491917 HTTP/1.1" 200 22
116.232.52.108 - - [12/Feb/2021:11:37:06 +0800] "POST /xingrg/login.do HTTP/1.1" 302 -
116.232.52.108 - - [12/Feb/2021:11:37:06 +0800] "GET /xingrg/javascript/jquery_easy_ui/themes/icon.css HTTP/1.1" 200 3949
116.232.52.108 - - [12/Feb/2021:11:37:06 +0800] "GET /xingrg/index.html?sysBaseUrl=http%3A%2F%2F180.169.147.146%3A18081%2Fxingrg%2F&costTime=40×tamp=1613101026318 HTTP/1.1" 200 17503
116.232.52.108 - - [12/Feb/2021:11:37:06 +0800] "GET /xingrg/css/form.css HTTP/1.1" 200 893
116.232.52.108 - - [12/Feb/2021:11:37:06 +0800] "GET /xingrg/javascript/jquery_easy_ui/jquery.easyui.min.js HTTP/1.1" 200 213662
116.232.52.108 - - [12/Feb/2021:11:37:06 +0800] "GET /xingrg/javascript/jquery_easy_ui/easyui-lang-zh_CN.js HTTP/1.1" 200 1900
116.232.52.108 - - [12/Feb/2021:11:37:06 +0800] "GET /xingrg/javascript/jquery.timers.js HTTP/1.1" 200 3532
116.232.52.108 - - [12/Feb/2021:11:37:06 +0800] "GET /xingrg/javascript/jquery-1.4.2.min.js HTTP/1.1" 200 72205
116.232.52.108 - - [12/Feb/2021:11:37:06 +0800] "GET /xingrg/javascript/jquery_easy_ui/themes/default/easyui.css HTTP/1.1" 200 26500
116.232.52.108 - - [12/Feb/2021:11:37:06 +0800] "GET /xingrg/javascript/jquery.utils.js HTTP/1.1" 200 11805
116.232.52.108 - - [12/Feb/2021:11:37:06 +0800] "GET /xingrg/javascript/jquery.form.js HTTP/1.1" 200 23110
116.232.52.108 - - [12/Feb/2021:11:37:06 +0800] "GET /favicon.ico HTTP/1.1" 404 -
116.232.52.108 - - [12/Feb/2021:11:37:06 +0800] "GET /xingrg/javascript/jquery_easy_ui/themes/icons/settle_new.png HTTP/1.1" 200 826
116.232.52.108 - - [12/Feb/2021:11:37:06 +0800] "GET /xingrg/images/blue/navBackgound.jpg HTTP/1.1" 200 12378
116.232.52.108 - - [12/Feb/2021:11:37:06 +0800] "POST /xingrg/all/common/load_tree.html?tree=area_rest_tree_json&manage=1 HTTP/1.1" 200 3216
116.232.52.108 - - [12/Feb/2021:11:37:06 +0800] "GET /xingrg/check_reg.html?_=1613101024673 HTTP/1.1" 200 22
116.232.52.108 - - [12/Feb/2021:11:37:06 +0800] "GET /xingrg/images/blue/pingpu.png HTTP/1.1" 200 231
116.232.52.108 - - [12/Feb/2021:11:37:06 +0800] "GET /xingrg/all/function/internal_message.html?_=1613101024673&CODE_STATE=count HTTP/1.1" 200 11
116.232.52.108 - - [12/Feb/2021:11:37:06 +0800] "GET /xingrg/javascript/jquery_easy_ui/themes/default/images/tabs_leftarrow.png HTTP/1.1" 200 389
116.232.52.108 - - [12/Feb/2021:11:37:06 +0800] "GET /xingrg/javascript/jquery_easy_ui/themes/default/images/tabs_rightarrow.png HTTP/1.1" 200 395
116.232.52.108 - - [12/Feb/2021:11:37:06 +0800] "GET /xingrg/javascript/jquery_easy_ui/themes/default/images/panel_tool_expand.gif HTTP/1.1" 200 247
116.232.52.108 - - [12/Feb/2021:11:37:06 +0800] "GET /xingrg/javascript/jquery_easy_ui/themes/default/images/panel_tool_collapse.gif HTTP/1.1" 200 246
116.232.52.108 - - [12/Feb/2021:11:37:06 +0800] "POST /xingrg/load_menu.html HTTP/1.1" 200 11564
116.232.52.108 - - [12/Feb/2021:11:37:06 +0800] "GET /xingrg/javascript/jquery_easy_ui/themes/default/images/tree_arrows.gif HTTP/1.1" 200 1043
116.232.52.108 - - [12/Feb/2021:11:37:06 +0800] "GET /xingrg/javascript/jquery_easy_ui/themes/default/images/tree_folder_open.gif HTTP/1.1" 200 956
116.232.52.108 - - [12/Feb/2021:11:37:06 +0800] "GET /xingrg/javascript/jquery_easy_ui/themes/icons/search_new.png HTTP/1.1" 200 586
116.232.52.108 - - [12/Feb/2021:11:37:06 +0800] "GET /xingrg/javascript/jquery_easy_ui/themes/icons/delivery_new.png HTTP/1.1" 200 700
116.232.52.108 - - [12/Feb/2021:11:37:06 +0800] "GET /xingrg/javascript/jquery_easy_ui/themes/icons/checkout_new.png HTTP/1.1" 200 744
116.232.52.108 - - [12/Feb/2021:11:37:06 +0800] "GET /xingrg/javascript/jquery_easy_ui/themes/icons/storage_new.png HTTP/1.1" 200 853
116.232.52.108 - - [12/Feb/2021:11:37:06 +0800] "GET /xingrg/javascript/jquery_easy_ui/themes/icons/setting_new.png HTTP/1.1" 200 450
116.232.52.108 - - [12/Feb/2021:11:37:06 +0800] "GET /xingrg/javascript/jquery_easy_ui/themes/icons/forms_new.png HTTP/1.1" 200 350
116.232.52.108 - - [12/Feb/2021:11:37:06 +0800] "GET /xingrg/javascript/jquery_easy_ui/themes/icons/systemset_new.png HTTP/1.1" 200 606
116.232.52.108 - - [12/Feb/2021:11:37:06 +0800] "GET /xingrg/javascript/jquery_easy_ui/themes/default/images/tree_file.gif HTTP/1.1" 200 118
116.232.52.108 - - [12/Feb/2021:11:37:06 +0800] "GET /xingrg/javascript/jquery_easy_ui/themes/default/images/tree_folder.gif HTTP/1.1" 200 952
116.232.52.108 - - [12/Feb/2021:11:37:09 +0800] "GET /xingrg/javascript/jquery_easy_ui/themes/default/images/tabs_close.gif HTTP/1.1" 200 829
116.232.52.108 - - [12/Feb/2021:11:37:09 +0800] "GET /xingrg/kc/report/report_main.html HTTP/1.1" 200 9370
116.232.52.108 - - [12/Feb/2021:11:37:09 +0800] "GET /xingrg/javascript/pic_change.js HTTP/1.1" 200 4739
116.232.52.108 - - [12/Feb/2021:11:37:09 +0800] "GET /xingrg/css/blue.css HTTP/1.1" 200 15949
116.232.52.108 - - [12/Feb/2021:11:37:09 +0800] "GET /xingrg/javascript/myfunction.js HTTP/1.1" 200 24559
116.232.52.108 - - [12/Feb/2021:11:37:09 +0800] "GET /xingrg/javascript/json2.js HTTP/1.1" 200 11259
116.232.52.108 - - [12/Feb/2021:11:37:09 +0800] "GET /xingrg/javascript/jquery_ui/themes/humanity/humanity.css HTTP/1.1" 200 27801
116.232.52.108 - - [12/Feb/2021:11:37:09 +0800] "GET /xingrg/javascript/jquery_easy_ui/themes/icons/back_new.png HTTP/1.1" 200 3414
116.232.52.108 - - [12/Feb/2021:11:37:10 +0800] "GET /xingrg/javascript/multi_select/jqueryMultiSelect.css HTTP/1.1" 200 951
116.232.52.108 - - [12/Feb/2021:11:37:10 +0800] "GET /xingrg/javascript/calendar/timePicker.css HTTP/1.1" 200 523
116.232.52.108 - - [12/Feb/2021:11:37:10 +0800] "GET /xingrg/javascript/bigrid/fix.css HTTP/1.1" 200 1702
116.232.52.108 - - [12/Feb/2021:11:37:10 +0800] "GET /xingrg/all/report/report_query.html?fileName=kc/buy/gys_amount_base_rest.xml HTTP/1.1" 200 51664
116.232.52.108 - - [12/Feb/2021:11:37:10 +0800] "GET /xingrg/dwr/interface/AjaxReportQueryService.js HTTP/1.1" 200 13203
116.232.52.108 - - [12/Feb/2021:11:37:10 +0800] "GET /xingrg/javascript/calendar/jquery.timePicker.min.js HTTP/1.1" 200 2997
116.232.52.108 - - [12/Feb/2021:11:37:10 +0800] "GET /xingrg/javascript/bigrid/fix.js HTTP/1.1" 200 6439
116.232.52.108 - - [12/Feb/2021:11:37:10 +0800] "GET /xingrg/javascript/jqueryMultiSelect.js HTTP/1.1" 200 11866
116.232.52.108 - - [12/Feb/2021:11:37:10 +0800] "GET /xingrg/dwr/util.js HTTP/1.1" 200 35990
116.232.52.108 - - [12/Feb/2021:11:37:10 +0800] "GET /xingrg/javascript/Calendar.js HTTP/1.1" 200 31561
116.232.52.108 - - [12/Feb/2021:11:37:10 +0800] "GET /xingrg/dwr/engine.js HTTP/1.1" 200 43631
116.232.52.108 - - [12/Feb/2021:11:37:10 +0800] "GET /xingrg/images/blue/button/advanceover.gif HTTP/1.1" 200 1347
116.232.52.108 - - [12/Feb/2021:11:37:10 +0800] "GET /xingrg/images/blue/button/back2over.gif HTTP/1.1" 200 1335
116.232.52.108 - - [12/Feb/2021:11:37:10 +0800] "GET /xingrg/images/blue/button/advance2over.gif HTTP/1.1" 200 1336
116.232.52.108 - - [12/Feb/2021:11:37:10 +0800] "GET /xingrg/images/blue/button/backover.gif HTTP/1.1" 200 1348
116.232.52.108 - - [12/Feb/2021:11:37:10 +0800] "GET /xingrg/images/control/loading.gif HTTP/1.1" 200 13463
116.232.52.108 - - [12/Feb/2021:11:37:10 +0800] "GET /xingrg/javascript/jquery_easy_ui/themes/icons/help.png HTTP/1.1" 200 1187
116.232.52.108 - - [12/Feb/2021:11:37:10 +0800] "GET /xingrg/javascript/jquery_easy_ui/themes/default/images/button_a_bg.gif HTTP/1.1" 200 1194
116.232.52.108 - - [12/Feb/2021:11:37:10 +0800] "GET /xingrg/javascript/jquery_easy_ui/themes/default/images/menu_downarrow.png HTTP/1.1" 200 173
116.232.52.108 - - [12/Feb/2021:11:37:10 +0800] "GET /xingrg/javascript/jquery_easy_ui/themes/default/images/menu.gif HTTP/1.1" 200 834
116.232.52.108 - - [12/Feb/2021:11:37:10 +0800] "GET /xingrg/javascript/jquery_easy_ui/themes/icons/print.png HTTP/1.1" 200 1057
116.232.52.108 - - [12/Feb/2021:11:37:10 +0800] "GET /xingrg/javascript/jquery_easy_ui/themes/icons/pencil.png HTTP/1.1" 200 713
116.232.52.108 - - [12/Feb/2021:11:37:10 +0800] "GET /xingrg/javascript/jquery_easy_ui/themes/default/images/menu_rightarrow.png HTTP/1.1" 200 3617
116.232.52.108 - - [12/Feb/2021:11:37:10 +0800] "POST /xingrg/dwr/call/plaincall/AjaxReportQueryService.getFixDate.dwr HTTP/1.1" 200 111
116.232.52.108 - - [12/Feb/2021:11:37:11 +0800] "GET /xingrg/javascript/jquery_easy_ui/themes/default/images/combo_arrow_dot.gif HTTP/1.1" 200 79
116.232.52.108 - - [12/Feb/2021:11:37:11 +0800] "POST /xingrg/all/common/load_tree.html?tree=area_rest_tree_json&manage=1 HTTP/1.1" 200 3216
116.232.52.108 - - [12/Feb/2021:11:37:11 +0800] "GET /xingrg/javascript/jquery_easy_ui/themes/default/images/tree_checkbox_0.gif HTTP/1.1" 200 168
116.232.52.108 - - [12/Feb/2021:11:37:11 +0800] "GET /xingrg/javascript/jquery_easy_ui/themes/icons/rest.png HTTP/1.1" 200 695
116.232.52.108 - - [12/Feb/2021:11:37:11 +0800] "POST /xingrg/all/common/load_tree.html?tree=supplier_tree_json&manage=1 HTTP/1.1" 200 55684
116.232.52.108 - - [12/Feb/2021:11:37:11 +0800] "GET /xingrg/javascript/jquery_easy_ui/themes/icons/area.png HTTP/1.1" 200 262
116.232.52.108 - - [12/Feb/2021:11:37:11 +0800] "GET /xingrg/javascript/jquery_easy_ui/themes/icons/manage.png HTTP/1.1" 200 696
114.88.166.193 - - [12/Feb/2021:11:37:12 +0800] "GET /xingrg/all/function/internal_message.html?_=1613101026222&CODE_STATE=getMsg HTTP/1.1" 200 27
116.224.253.72 - - [12/Feb/2021:11:37:14 +0800] "GET /xingrg/all/function/internal_message.html?_=1613101028561&CODE_STATE=getMsg HTTP/1.1" 200 27
116.232.52.108 - - [12/Feb/2021:11:37:14 +0800] "POST /xingrg/dwr/call/plaincall/AjaxReportQueryService.getFixDate.dwr HTTP/1.1" 200 111
61.165.42.208 - - [12/Feb/2021:11:37:15 +0800] "GET /xingrg/javascript/auto/indicator.gif HTTP/1.1" 404 1066
180.169.147.146 - - [12/Feb/2021:11:37:16 +0800] "GET /xingrg/all/function/internal_message.html?_=1613101025976&CODE_STATE=getMsg HTTP/1.1" 200 27
180.169.147.146 - - [12/Feb/2021:11:37:16 +0800] "GET /xingrg/check_reg.html?_=1613101026071 HTTP/1.1" 200 22
61.165.42.208 - - [12/Feb/2021:11:37:21 +0800] "GET /xingrg/kc/base/wldb_order_operate.html?command=get_materiel&rest_code=00105&base_code=0010514&code=00101010063 HTTP/1.1" 200 429
116.232.52.108 - - [12/Feb/2021:11:37:22 +0800] "GET /xingrg/javascript/jquery_easy_ui/themes/default/images/tree_checkbox_1.gif HTTP/1.1" 200 174
116.232.52.108 - - [12/Feb/2021:11:37:22 +0800] "GET /xingrg/javascript/jquery_easy_ui/themes/default/images/tree_checkbox_2.gif HTTP/1.1" 200 181
101.228.165.73 - - [12/Feb/2021:11:37:25 +0800] "GET /xingrg/all/function/internal_message.html?_=1613101058786&CODE_STATE=getMsg HTTP/1.1" 200 27
116.232.52.108 - - [12/Feb/2021:11:37:26 +0800] "POST /xingrg/dwr/call/plaincall/AjaxReportQueryService.refreshCache.dwr HTTP/1.1" 200 78
116.224.253.72 - - [12/Feb/2021:11:37:27 +0800] "POST /xingrg/kc/base/wldb_order_operate.html HTTP/1.1" 200 37
180.169.147.146 - - [12/Feb/2021:11:37:28 +0800] "GET /xingrg/kc/buy/cgsh_order_operate.html?command=get_materiel&rest_code=00147&code=00101008251&supplier_code=00100007&order_time=2021-02-12 HTTP/1.1" 200 408
116.232.52.108 - - [12/Feb/2021:11:37:28 +0800] "POST /xingrg/all/report/load_report_page.html HTTP/1.1" 200 48206
116.232.52.108 - - [12/Feb/2021:11:37:28 +0800] "GET /xingrg/servlets/image?cache=0.11003189081969122&image=px HTTP/1.1" 200 807
116.224.253.72 - - [12/Feb/2021:11:37:29 +0800] "POST /xingrg/kc/base/wldb_order_operate.html HTTP/1.1" 200 12
116.224.253.72 - - [12/Feb/2021:11:37:29 +0800] "POST /xingrg/kc/base/wldb_order_operate.html HTTP/1.1" 200 2195
116.224.253.72 - - [12/Feb/2021:11:37:31 +0800] "GET /xingrg/kc/base/wldb_order_info.html?code=422021021201478 HTTP/1.1" 200 26387
116.224.253.72 - - [12/Feb/2021:11:37:31 +0800] "GET /xingrg/javascript/easyui/themes/default/validatebox.css HTTP/1.1" 404 1104
116.224.253.72 - - [12/Feb/2021:11:37:31 +0800] "POST /xingrg/kc/base/wldb_order_operate.html HTTP/1.1" 200 490
116.232.52.108 - - [12/Feb/2021:11:37:34 +0800] "GET /xingrg/javascript/jquery_easy_ui/themes/default/images/button_plain_hover.png HTTP/1.1" 200 252
61.165.42.208 - - [12/Feb/2021:11:37:35 +0800] "GET /xingrg/all/function/internal_message.html?_=1613101034010&CODE_STATE=getMsg HTTP/1.1" 200 27
120.253.135.82 - - [12/Feb/2021:11:37:36 +0800] "GET /xingrg/all/function/internal_message.html?_=1613101080602&CODE_STATE=getMsg HTTP/1.1" 200 27
116.232.52.108 - - [12/Feb/2021:11:37:37 +0800] "POST /xingrg/all/report/report_print.html HTTP/1.1" 200 7168
180.169.147.146 - - [12/Feb/2021:11:37:37 +0800] "GET /xingrg/kc/buy/cgsh_order_operate.html?command=get_materiel&rest_code=00147&code=00101008069&supplier_code=00100007&order_time=2021-02-12 HTTP/1.1" 200 412
61.165.42.208 - - [12/Feb/2021:11:37:41 +0800] "GET /xingrg/kc/base/wldb_order_operate.html?command=get_materiel&rest_code=00105&base_code=0010514&code=00101010511 HTTP/1.1" 200 426
116.224.253.72 - - [12/Feb/2021:11:37:42 +0800] "GET /xingrg/kc/base/wldb_order_add.html HTTP/1.1" 200 30508
116.224.253.72 - - [12/Feb/2021:11:37:43 +0800] "POST /xingrg/kc/base/wldb_order_operate.html HTTP/1.1" 200 6806
116.224.253.72 - - [12/Feb/2021:11:37:43 +0800] "GET /xingrg/javascript/easyui/themes/default/validatebox.css HTTP/1.1" 404 1104
117.185.32.26 - - [12/Feb/2021:11:37:43 +0800] "GET /xingrg/all/function/internal_message.html?_=1613101533877&CODE_STATE=getMsg HTTP/1.1" 200 27
180.169.147.146 - - [12/Feb/2021:11:37:45 +0800] "GET /xingrg/kc/buy/cgsh_order_operate.html?command=get_materiel&rest_code=00147&code=00101008286&supplier_code=00100007&order_time=2021-02-12 HTTP/1.1" 200 409
101.85.93.83 - - [12/Feb/2021:11:37:46 +0800] "GET /xingrg/all/function/internal_message.html?_=1613100686722&CODE_STATE=getMsg HTTP/1.1" 200 27
116.224.253.72 - - [12/Feb/2021:11:37:46 +0800] "GET /xingrg/all/function/internal_message.html?_=1613101063735&CODE_STATE=getMsg HTTP/1.1" 200 27
180.169.147.146 - - [12/Feb/2021:11:37:53 +0800] "GET /xingrg/kc/buy/cgsh_order_operate.html?command=get_materiel&rest_code=00147&code=00101008036&supplier_code=00100007&order_time=2021-02-12 HTTP/1.1" 200 427
58.37.230.33 - - [12/Feb/2021:11:37:54 +0800] "GET /xingrg/all/function/internal_message.html?_=1613101078155&CODE_STATE=getMsg HTTP/1.1" 200 27
116.227.208.86 - - [12/Feb/2021:11:37:58 +0800] "GET /xingrg/all/function/internal_message.html?_=1613101073021&CODE_STATE=getMsg HTTP/1.1" 200 27
61.165.42.208 - - [12/Feb/2021:11:37:59 +0800] "GET /xingrg/kc/base/wldb_order_operate.html?command=get_materiel&rest_code=00105&base_code=0010514&code=00101008351 HTTP/1.1" 200 430
117.185.32.26 - - [12/Feb/2021:11:38:01 +0800] "GET /xingrg/all/function/internal_message.html?_=1613101074344&CODE_STATE=getMsg HTTP/1.1" 200 27
180.169.147.146 - - [12/Feb/2021:11:38:05 +0800] "GET /xingrg/kc/buy/cgsh_order_operate.html?command=get_materiel&rest_code=00147&code=00101008131&supplier_code=00100007&order_time=2021-02-12 HTTP/1.1" 200 408
116.232.52.108 - - [12/Feb/2021:11:38:06 +0800] "GET /xingrg/all/function/internal_message.html?_=1613101084689&CODE_STATE=getMsg HTTP/1.1" 200 27
172.20.0.100 - - [12/Feb/2021:11:38:12 +0800] "GET /xingrg/check_reg.html?_=1613101085509 HTTP/1.1" 302 -
114.88.166.193 - - [12/Feb/2021:11:38:12 +0800] "GET /xingrg/all/function/internal_message.html?_=1613101086234&CODE_STATE=getMsg HTTP/1.1" 200 27
116.224.253.72 - - [12/Feb/2021:11:38:14 +0800] "GET /xingrg/all/function/internal_message.html?_=1613101088562&CODE_STATE=getMsg HTTP/1.1" 200 27
180.169.147.146 - - [12/Feb/2021:11:38:16 +0800] "GET /xingrg/all/function/internal_message.html?_=1613101086009&CODE_STATE=getMsg HTTP/1.1" 200 27
180.169.147.146 - - [12/Feb/2021:11:38:16 +0800] "GET /xingrg/kc/buy/cgsh_order_operate.html?command=get_materiel&rest_code=00147&code=00101008296&supplier_code=00100007&order_time=2021-02-12 HTTP/1.1" 200 416
120.253.135.82 - - [12/Feb/2021:11:38:17 +0800] "GET /xingrg/check_reg.html?_=1613101122080 HTTP/1.1" 200 22
61.165.42.208 - - [12/Feb/2021:11:38:20 +0800] "GET /xingrg/kc/base/wldb_order_operate.html?command=get_materiel&rest_code=00105&base_code=0010514&code=00101008354 HTTP/1.1" 200 434
101.228.165.73 - - [12/Feb/2021:11:38:24 +0800] "GET /xingrg/check_reg.html?_=1613101118043 HTTP/1.1" 200 22
101.228.165.73 - - [12/Feb/2021:11:38:25 +0800] "GET /xingrg/all/function/internal_message.html?_=1613101118799&CODE_STATE=getMsg HTTP/1.1" 200 27
180.169.147.146 - - [12/Feb/2021:11:38:28 +0800] "GET /xingrg/kc/buy/cgsh_order_operate.html?command=get_materiel&rest_code=00147&code=00101008318&supplier_code=00100007&order_time=2021-02-12 HTTP/1.1" 200 408
116.232.52.108 - - [12/Feb/2021:11:38:28 +0800] "GET /xingrg/javascript/jquery_easy_ui/themes/default/images/button_span_bg.gif HTTP/1.1" 200 2061
116.232.52.108 - - [12/Feb/2021:11:38:28 +0800] "GET /xingrg/javascript/jquery_easy_ui/themes/default/images/panel_title.png HTTP/1.1" 200 266
116.232.52.108 - - [12/Feb/2021:11:38:28 +0800] "GET /xingrg/javascript/jquery_easy_ui/themes/icons/ok.png HTTP/1.1" 200 883
116.232.52.108 - - [12/Feb/2021:11:38:28 +0800] "GET /xingrg/javascript/jquery_easy_ui/themes/default/images/panel_tools.gif HTTP/1.1" 200 737
116.232.52.108 - - [12/Feb/2021:11:38:31 +0800] "GET /xingrg/images/control/ajaxLoader.gif HTTP/1.1" 200 4659
116.232.52.108 - - [12/Feb/2021:11:38:31 +0800] "POST /xingrg/all/user/operate.html HTTP/1.1" 200 36
116.232.52.108 - - [12/Feb/2021:11:38:31 +0800] "GET /xingrg/javascript/jquery_easy_ui/themes/default/easyui.css HTTP/1.1" 304 -
116.232.52.108 - - [12/Feb/2021:11:38:31 +0800] "GET /xingrg/javascript/jquery_easy_ui/themes/icon.css HTTP/1.1" 304 -
116.232.52.108 - - [12/Feb/2021:11:38:31 +0800] "GET /xingrg/index.html?sysBaseUrl=http%3A%2F%2F180.169.147.146%3A18081%2Fxingrg%2F&costTime=40×tamp=1613101026318 HTTP/1.1" 200 17509
116.232.52.108 - - [12/Feb/2021:11:38:31 +0800] "GET /xingrg/css/form.css HTTP/1.1" 304 -
116.232.52.108 - - [12/Feb/2021:11:38:31 +0800] "GET /xingrg/images/blue/jxLogo.png HTTP/1.1" 304 -
116.232.52.108 - - [12/Feb/2021:11:38:31 +0800] "GET /xingrg/javascript/jquery-1.4.2.min.js HTTP/1.1" 304 -
116.232.52.108 - - [12/Feb/2021:11:38:31 +0800] "GET /xingrg/javascript/jquery_easy_ui/jquery.easyui.min.js HTTP/1.1" 304 -
116.232.52.108 - - [12/Feb/2021:11:38:31 +0800] "GET /xingrg/javascript/jquery.utils.js HTTP/1.1" 304 -
116.232.52.108 - - [12/Feb/2021:11:38:31 +0800] "GET /xingrg/javascript/jquery_easy_ui/easyui-lang-zh_CN.js HTTP/1.1" 304 -
116.232.52.108 - - [12/Feb/2021:11:38:31 +0800] "GET /xingrg/javascript/jquery.timers.js HTTP/1.1" 304 -
116.232.52.108 - - [12/Feb/2021:11:38:31 +0800] "GET /xingrg/javascript/jquery.form.js HTTP/1.1" 304 -
116.232.52.108 - - [12/Feb/2021:11:38:32 +0800] "GET /xingrg/javascript/jquery_easy_ui/themes/icons/settle_new.png HTTP/1.1" 304 -
116.232.52.108 - - [12/Feb/2021:11:38:32 +0800] "GET /xingrg/images/blue/navBackgound.jpg HTTP/1.1" 304 -
116.232.52.108 - - [12/Feb/2021:11:38:32 +0800] "POST /xingrg/all/common/load_tree.html?tree=area_rest_tree_json&manage=1 HTTP/1.1" 200 3216
116.232.52.108 - - [12/Feb/2021:11:38:32 +0800] "GET /xingrg/check_reg.html?_=1613101110204 HTTP/1.1" 200 22
116.232.52.108 - - [12/Feb/2021:11:38:32 +0800] "GET /xingrg/all/function/internal_message.html?_=1613101110203&CODE_STATE=count HTTP/1.1" 200 11
116.232.52.108 - - [12/Feb/2021:11:38:32 +0800] "GET /xingrg/javascript/jquery_easy_ui/themes/default/images/tabs_leftarrow.png HTTP/1.1" 304 -
116.232.52.108 - - [12/Feb/2021:11:38:32 +0800] "GET /xingrg/javascript/jquery_easy_ui/themes/default/images/panel_tool_collapse.gif HTTP/1.1" 304 -
116.232.52.108 - - [12/Feb/2021:11:38:32 +0800] "GET /xingrg/images/blue/pingpu.png HTTP/1.1" 304 -
116.232.52.108 - - [12/Feb/2021:11:38:32 +0800] "GET /xingrg/javascript/jquery_easy_ui/themes/default/images/panel_tool_expand.gif HTTP/1.1" 304 -
116.232.52.108 - - [12/Feb/2021:11:38:32 +0800] "GET /xingrg/javascript/jquery_easy_ui/themes/default/images/tabs_rightarrow.png HTTP/1.1" 304 -
116.232.52.108 - - [12/Feb/2021:11:38:32 +0800] "POST /xingrg/load_menu.html HTTP/1.1" 200 9959
61.165.42.208 - - [12/Feb/2021:11:38:35 +0800] "GET /xingrg/kc/base/wldb_order_operate.html?command=get_materiel&rest_code=00105&base_code=0010514&code=00101010248 HTTP/1.1" 200 451
61.165.42.208 - - [12/Feb/2021:11:38:35 +0800] "GET /xingrg/all/function/internal_message.html?_=1613101093978&CODE_STATE=getMsg HTTP/1.1" 200 27
120.253.135.82 - - [12/Feb/2021:11:38:36 +0800] "GET /xingrg/all/function/internal_message.html?_=1613101140608&CODE_STATE=getMsg HTTP/1.1" 200 27
116.232.52.108 - - [12/Feb/2021:11:38:37 +0800] "GET /xingrg/kc/report/report_main.html HTTP/1.1" 200 7345
