61.165.42.208 - - [12/Feb/2021:16:36:01 +0800] "GET /xingrg/all/function/internal_message.html?_=1613118959542&CODE_STATE=getMsg HTTP/1.1" 200 27
61.165.42.208 - - [12/Feb/2021:16:36:01 +0800] "GET /xingrg/check_reg.html?_=1613118959548 HTTP/1.1" 200 22
114.88.166.193 - - [12/Feb/2021:16:36:06 +0800] "GET /xingrg/check_reg.html?_=1613118959930 HTTP/1.1" 200 22
114.88.166.193 - - [12/Feb/2021:16:36:06 +0800] "GET /xingrg/all/function/internal_message.html?_=1613118960065&CODE_STATE=getMsg HTTP/1.1" 200 27
58.37.230.33 - - [12/Feb/2021:16:36:09 +0800] "GET /xingrg/all/function/internal_message.html?_=1613118972464&CODE_STATE=getMsg HTTP/1.1" 200 27
180.169.147.146 - - [12/Feb/2021:16:36:11 +0800] "GET /xingrg/all/function/internal_message.html?_=1613118960505&CODE_STATE=getMsg HTTP/1.1" 200 27
116.224.253.72 - - [12/Feb/2021:16:36:14 +0800] "GET /xingrg/check_reg.html?_=1613118968550 HTTP/1.1" 200 22
116.224.253.72 - - [12/Feb/2021:16:36:14 +0800] "GET /xingrg/all/function/internal_message.html?_=1613118968550&CODE_STATE=getMsg HTTP/1.1" 200 27
116.224.253.72 - - [12/Feb/2021:16:36:24 +0800] "GET /xingrg/all/function/internal_message.html?_=1613118981362&CODE_STATE=getMsg HTTP/1.1" 200 27
61.165.42.208 - - [12/Feb/2021:16:36:31 +0800] "GET /xingrg/all/function/internal_message.html?_=1613118970141&CODE_STATE=getMsg HTTP/1.1" 200 27
101.228.165.73 - - [12/Feb/2021:16:36:33 +0800] "GET /xingrg/all/function/internal_message.html?_=1613119007543&CODE_STATE=getMsg HTTP/1.1" 200 27
180.162.108.15 - - [12/Feb/2021:16:36:36 +0800] "GET /xingrg/all/function/internal_message.html?_=1613118825389&CODE_STATE=getMsg HTTP/1.1" 200 27
117.185.32.26 - - [12/Feb/2021:16:36:36 +0800] "GET /xingrg/check_reg.html?_=1613118988765 HTTP/1.1" 200 22
117.185.32.26 - - [12/Feb/2021:16:36:40 +0800] "GET /xingrg/all/function/internal_message.html?_=1613119469925&CODE_STATE=getMsg HTTP/1.1" 200 27
120.253.135.82 - - [12/Feb/2021:16:36:41 +0800] "GET /xingrg/all/function/internal_message.html?_=1613119025109&CODE_STATE=getMsg HTTP/1.1" 200 27
120.253.135.82 - - [12/Feb/2021:16:36:50 +0800] "GET /xingrg/login.html HTTP/1.1" 200 7641
120.253.135.82 - - [12/Feb/2021:16:36:50 +0800] "GET /xingrg/images/blue/jxLogo.png HTTP/1.1" 304 -
120.253.135.82 - - [12/Feb/2021:16:36:50 +0800] "GET /xingrg/images/blue/hj.png HTTP/1.1" 304 -
120.253.135.82 - - [12/Feb/2021:16:36:51 +0800] "GET /xingrg/images/blue/login_bg.png HTTP/1.1" 304 -
120.253.135.82 - - [12/Feb/2021:16:36:51 +0800] "GET /xingrg/images/blue/srbg.png HTTP/1.1" 304 -
120.253.135.82 - - [12/Feb/2021:16:36:51 +0800] "GET /favicon.ico HTTP/1.1" 404 -
101.85.93.83 - - [12/Feb/2021:16:36:52 +0800] "GET /xingrg/all/function/internal_message.html?_=1613118632221&CODE_STATE=getMsg HTTP/1.1" 200 27
120.253.135.82 - - [12/Feb/2021:16:36:54 +0800] "POST /xingrg/login.do HTTP/1.1" 302 -
120.253.135.82 - - [12/Feb/2021:16:36:54 +0800] "GET /xingrg/index.html?sysBaseUrl=http%3A%2F%2F180.169.147.146%3A18081%2Fxingrg%2F&costTime=39×tamp=1613119014496 HTTP/1.1" 200 17173
120.253.135.82 - - [12/Feb/2021:16:36:54 +0800] "GET /xingrg/javascript/jquery_easy_ui/themes/default/easyui.css HTTP/1.1" 304 -
120.253.135.82 - - [12/Feb/2021:16:36:54 +0800] "GET /xingrg/javascript/jquery-1.4.2.min.js HTTP/1.1" 304 -
120.253.135.82 - - [12/Feb/2021:16:36:54 +0800] "GET /xingrg/javascript/jquery_easy_ui/jquery.easyui.min.js HTTP/1.1" 304 -
120.253.135.82 - - [12/Feb/2021:16:36:54 +0800] "GET /xingrg/javascript/jquery.timers.js HTTP/1.1" 304 -
120.253.135.82 - - [12/Feb/2021:16:36:54 +0800] "GET /xingrg/javascript/jquery.utils.js HTTP/1.1" 304 -
120.253.135.82 - - [12/Feb/2021:16:36:54 +0800] "GET /xingrg/css/form.css HTTP/1.1" 304 -
120.253.135.82 - - [12/Feb/2021:16:36:54 +0800] "GET /xingrg/javascript/jquery_easy_ui/easyui-lang-zh_CN.js HTTP/1.1" 304 -
120.253.135.82 - - [12/Feb/2021:16:36:54 +0800] "GET /xingrg/javascript/jquery.form.js HTTP/1.1" 304 -
120.253.135.82 - - [12/Feb/2021:16:36:54 +0800] "GET /favicon.ico HTTP/1.1" 404 -
120.253.135.82 - - [12/Feb/2021:16:36:54 +0800] "GET /xingrg/javascript/jquery_easy_ui/themes/icon.css HTTP/1.1" 304 -
120.253.135.82 - - [12/Feb/2021:16:36:54 +0800] "GET /xingrg/images/blue/navBackgound.jpg HTTP/1.1" 304 -
120.253.135.82 - - [12/Feb/2021:16:36:54 +0800] "GET /xingrg/javascript/jquery_easy_ui/themes/icons/settle_new.png HTTP/1.1" 304 -
120.253.135.82 - - [12/Feb/2021:16:36:54 +0800] "GET /xingrg/images/blue/pingpu.png HTTP/1.1" 304 -
120.253.135.82 - - [12/Feb/2021:16:36:54 +0800] "POST /xingrg/all/common/load_tree.html?tree=area_rest_tree_json&manage=1 HTTP/1.1" 200 344
120.253.135.82 - - [12/Feb/2021:16:36:54 +0800] "GET /xingrg/javascript/jquery_easy_ui/themes/default/images/tabs_leftarrow.png HTTP/1.1" 304 -
120.253.135.82 - - [12/Feb/2021:16:36:54 +0800] "GET /xingrg/javascript/jquery_easy_ui/themes/default/images/tabs_rightarrow.png HTTP/1.1" 304 -
120.253.135.82 - - [12/Feb/2021:16:36:55 +0800] "GET /xingrg/javascript/jquery_easy_ui/themes/default/images/panel_tool_collapse.gif HTTP/1.1" 304 -
120.253.135.82 - - [12/Feb/2021:16:36:55 +0800] "GET /xingrg/check_reg.html?_=1613118775914 HTTP/1.1" 200 22
120.253.135.82 - - [12/Feb/2021:16:36:55 +0800] "GET /xingrg/all/function/internal_message.html?_=1613118775914&CODE_STATE=count HTTP/1.1" 200 11
120.253.135.82 - - [12/Feb/2021:16:36:55 +0800] "GET /xingrg/javascript/jquery_easy_ui/themes/default/images/tree_arrows.gif HTTP/1.1" 304 -
117.185.32.26 - - [12/Feb/2021:16:36:55 +0800] "GET /xingrg/all/function/internal_message.html?_=1613119007433&CODE_STATE=getMsg HTTP/1.1" 200 27
120.253.135.82 - - [12/Feb/2021:16:36:55 +0800] "POST /xingrg/load_menu.html HTTP/1.1" 200 6743
120.253.135.82 - - [12/Feb/2021:16:36:55 +0800] "GET /xingrg/javascript/jquery_easy_ui/themes/default/images/tree_folder_open.gif HTTP/1.1" 304 -
120.253.135.82 - - [12/Feb/2021:16:36:55 +0800] "GET /xingrg/javascript/jquery_easy_ui/themes/icons/delivery_new.png HTTP/1.1" 304 -
120.253.135.82 - - [12/Feb/2021:16:36:55 +0800] "GET /xingrg/javascript/jquery_easy_ui/themes/icons/storage_new.png HTTP/1.1" 304 -
120.253.135.82 - - [12/Feb/2021:16:36:55 +0800] "GET /xingrg/javascript/jquery_easy_ui/themes/icons/forms_new.png HTTP/1.1" 304 -
120.253.135.82 - - [12/Feb/2021:16:36:55 +0800] "GET /xingrg/javascript/jquery_easy_ui/themes/default/images/tree_file.gif HTTP/1.1" 304 -
120.253.135.82 - - [12/Feb/2021:16:36:55 +0800] "GET /xingrg/javascript/jquery_easy_ui/themes/default/images/tree_folder.gif HTTP/1.1" 304 -
120.253.135.82 - - [12/Feb/2021:16:36:55 +0800] "GET /xingrg/javascript/jquery_easy_ui/themes/icons/search_new.png HTTP/1.1" 304 -
120.253.135.82 - - [12/Feb/2021:16:36:58 +0800] "GET /xingrg/javascript/jquery_easy_ui/themes/default/images/tabs_close.gif HTTP/1.1" 304 -
120.253.135.82 - - [12/Feb/2021:16:36:58 +0800] "GET /xingrg/css/blue.css HTTP/1.1" 304 -
120.253.135.82 - - [12/Feb/2021:16:36:58 +0800] "GET /xingrg/dwr/util.js HTTP/1.1" 304 -
120.253.135.82 - - [12/Feb/2021:16:36:58 +0800] "GET /xingrg/javascript/pic_change.js HTTP/1.1" 304 -
120.253.135.82 - - [12/Feb/2021:16:36:58 +0800] "GET /xingrg/javascript/myfunction.js HTTP/1.1" 304 -
120.253.135.82 - - [12/Feb/2021:16:36:58 +0800] "GET /xingrg/javascript/Calendar.js HTTP/1.1" 304 -
120.253.135.82 - - [12/Feb/2021:16:36:58 +0800] "GET /xingrg/dwr/interface/AjaxQqpsService.js HTTP/1.1" 200 16326
116.227.208.86 - - [12/Feb/2021:16:36:58 +0800] "GET /xingrg/all/function/internal_message.html?_=1613119013019&CODE_STATE=getMsg HTTP/1.1" 200 27
116.227.208.86 - - [12/Feb/2021:16:36:58 +0800] "GET /xingrg/check_reg.html?_=1613119013021 HTTP/1.1" 200 22
120.253.135.82 - - [12/Feb/2021:16:36:58 +0800] "GET /xingrg/kc/pszx/mdqp_order_list.html?state=10 HTTP/1.1" 200 10611
120.253.135.82 - - [12/Feb/2021:16:36:58 +0800] "GET /xingrg/dwr/interface/AjaxReportQueryService.js HTTP/1.1" 200 13203
120.253.135.82 - - [12/Feb/2021:16:36:58 +0800] "GET /xingrg/dwr/engine.js HTTP/1.1" 200 43631
120.253.135.82 - - [12/Feb/2021:16:36:58 +0800] "GET /xingrg/javascript/jquery_easy_ui/themes/icons/check_new.png HTTP/1.1" 304 -
120.253.135.82 - - [12/Feb/2021:16:36:58 +0800] "GET /xingrg/javascript/jquery_easy_ui/themes/icons/uncheck_new.png HTTP/1.1" 304 -
120.253.135.82 - - [12/Feb/2021:16:36:58 +0800] "GET /xingrg/javascript/jquery_easy_ui/themes/icons/back_new.png HTTP/1.1" 304 -
61.165.42.208 - - [12/Feb/2021:16:37:01 +0800] "GET /xingrg/all/function/internal_message.html?_=1613119019548&CODE_STATE=getMsg HTTP/1.1" 200 27
117.185.32.26 - - [12/Feb/2021:16:37:02 +0800] "GET /xingrg/check_reg.html?_=1613119492033 HTTP/1.1" 200 22
120.253.135.82 - - [12/Feb/2021:16:37:03 +0800] "GET /xingrg/css/site.css HTTP/1.1" 304 -
120.253.135.82 - - [12/Feb/2021:16:37:03 +0800] "GET /xingrg/kc/pszx/mdps_order_list.html?orderType=0 HTTP/1.1" 200 21153
120.253.135.82 - - [12/Feb/2021:16:37:03 +0800] "GET /xingrg/javascript/easyui/themes/default/easyui.css HTTP/1.1" 304 -
120.253.135.82 - - [12/Feb/2021:16:37:03 +0800] "GET /xingrg/javascript/jquery_tools/fix.css HTTP/1.1" 304 -
120.253.135.82 - - [12/Feb/2021:16:37:03 +0800] "GET /xingrg/javascript/auto/jquery.autocomplete.css HTTP/1.1" 304 -
120.253.135.82 - - [12/Feb/2021:16:37:03 +0800] "GET /xingrg/javascript/jquery_tools/jquery.tools.min.js HTTP/1.1" 304 -
120.253.135.82 - - [12/Feb/2021:16:37:03 +0800] "GET /xingrg/javascript/jquery_tools/datebox.css HTTP/1.1" 304 -
120.253.135.82 - - [12/Feb/2021:16:37:03 +0800] "GET /xingrg/javascript/jquery_tools/table.css HTTP/1.1" 304 -
120.253.135.82 - - [12/Feb/2021:16:37:03 +0800] "GET /xingrg/javascript/easyui/themes/icon.css HTTP/1.1" 304 -
120.253.135.82 - - [12/Feb/2021:16:37:03 +0800] "GET /xingrg/javascript/jquery_tools/jquery.tools.extend.js HTTP/1.1" 304 -
120.253.135.82 - - [12/Feb/2021:16:37:03 +0800] "GET /xingrg/javascript/jquery_tools/jquery.tools.hotkey.js HTTP/1.1" 304 -
120.253.135.82 - - [12/Feb/2021:16:37:03 +0800] "GET /xingrg/javascript/easyui/easyloader.js HTTP/1.1" 304 -
120.253.135.82 - - [12/Feb/2021:16:37:03 +0800] "GET /xingrg/javascript/jquery_tools/list_manager.js HTTP/1.1" 304 -
120.253.135.82 - - [12/Feb/2021:16:37:03 +0800] "GET /xingrg/css/base.css HTTP/1.1" 304 -
120.253.135.82 - - [12/Feb/2021:16:37:03 +0800] "GET /xingrg/javascript/auto/jquery.autocomplete.js HTTP/1.1" 304 -
120.253.135.82 - - [12/Feb/2021:16:37:03 +0800] "GET /xingrg/javascript/print/LodopFuncs.js HTTP/1.1" 304 -
120.253.135.82 - - [12/Feb/2021:16:37:03 +0800] "GET /xingrg/javascript/jquery.cookie.js HTTP/1.1" 304 -
120.253.135.82 - - [12/Feb/2021:16:37:03 +0800] "GET /xingrg/javascript/jquery_tools/jquery.tools.table.js HTTP/1.1" 304 -
120.253.135.82 - - [12/Feb/2021:16:37:03 +0800] "GET /xingrg/javascript/easyui/themes/icons/uncheck_new.png HTTP/1.1" 304 -
120.253.135.82 - - [12/Feb/2021:16:37:03 +0800] "GET /xingrg/javascript/easyui/themes/icons/edit_add_new.png HTTP/1.1" 304 -
120.253.135.82 - - [12/Feb/2021:16:37:03 +0800] "GET /xingrg/javascript/easyui/themes/icons/cance_new.png HTTP/1.1" 304 -
120.253.135.82 - - [12/Feb/2021:16:37:03 +0800] "GET /xingrg/javascript/easyui/themes/icons/import_new.png HTTP/1.1" 304 -
120.253.135.82 - - [12/Feb/2021:16:37:03 +0800] "GET /xingrg/javascript/easyui/themes/icons/check_new.png HTTP/1.1" 304 -
120.253.135.82 - - [12/Feb/2021:16:37:03 +0800] "GET /xingrg/javascript/easyui/themes/icons/field_new.png HTTP/1.1" 304 -
120.253.135.82 - - [12/Feb/2021:16:37:03 +0800] "GET /xingrg/javascript/easyui/plugins/jquery.parser.js HTTP/1.1" 304 -
120.253.135.82 - - [12/Feb/2021:16:37:03 +0800] "GET /xingrg/images/control/ajaxLoader.gif HTTP/1.1" 304 -
120.253.135.82 - - [12/Feb/2021:16:37:03 +0800] "GET /xingrg/javascript/jquery_easy_ui/themes/icons/manage.png HTTP/1.1" 304 -
120.253.135.82 - - [12/Feb/2021:16:37:03 +0800] "GET /xingrg/javascript/jquery_easy_ui/themes/icons/area.png HTTP/1.1" 304 -
120.253.135.82 - - [12/Feb/2021:16:37:03 +0800] "POST /xingrg/kc/pszx/mdps_list_operate.html HTTP/1.1" 200 1699
120.253.135.82 - - [12/Feb/2021:16:37:06 +0800] "GET /xingrg/kc/pszx/mdth_order_list.html HTTP/1.1" 200 18577
120.253.135.82 - - [12/Feb/2021:16:37:06 +0800] "POST /xingrg/kc/pszx/mdth_order_new_list.html HTTP/1.1" 200 4657
114.88.166.193 - - [12/Feb/2021:16:37:06 +0800] "GET /xingrg/all/function/internal_message.html?_=1613119020079&CODE_STATE=getMsg HTTP/1.1" 200 27
58.37.230.33 - - [12/Feb/2021:16:37:09 +0800] "GET /xingrg/all/function/internal_message.html?_=1613119032441&CODE_STATE=getMsg HTTP/1.1" 200 27
180.169.147.146 - - [12/Feb/2021:16:37:11 +0800] "GET /xingrg/all/function/internal_message.html?_=1613119020478&CODE_STATE=getMsg HTTP/1.1" 200 27
116.224.253.72 - - [12/Feb/2021:16:37:14 +0800] "GET /xingrg/all/function/internal_message.html?_=1613119028551&CODE_STATE=getMsg HTTP/1.1" 200 27
180.169.147.146 - - [12/Feb/2021:16:37:18 +0800] "GET /xingrg/check_reg.html?_=1613119027461 HTTP/1.1" 200 22
116.224.253.72 - - [12/Feb/2021:16:37:24 +0800] "GET /xingrg/all/function/internal_message.html?_=1613119041349&CODE_STATE=getMsg HTTP/1.1" 200 27
61.165.42.208 - - [12/Feb/2021:16:37:31 +0800] "GET /xingrg/all/function/internal_message.html?_=1613119030127&CODE_STATE=getMsg HTTP/1.1" 200 27
101.228.165.73 - - [12/Feb/2021:16:37:33 +0800] "GET /xingrg/all/function/internal_message.html?_=1613119067615&CODE_STATE=getMsg HTTP/1.1" 200 27
180.162.108.15 - - [12/Feb/2021:16:37:36 +0800] "GET /xingrg/all/function/internal_message.html?_=1613118885390&CODE_STATE=getMsg HTTP/1.1" 200 27
117.185.32.26 - - [12/Feb/2021:16:37:40 +0800] "GET /xingrg/all/function/internal_message.html?_=1613119529922&CODE_STATE=getMsg HTTP/1.1" 200 27
120.253.135.82 - - [12/Feb/2021:16:37:41 +0800] "GET /xingrg/all/function/internal_message.html?_=1613119085135&CODE_STATE=getMsg HTTP/1.1" 200 27
101.85.93.83 - - [12/Feb/2021:16:37:52 +0800] "GET /xingrg/all/function/internal_message.html?_=1613118692222&CODE_STATE=getMsg HTTP/1.1" 200 27
117.185.32.26 - - [12/Feb/2021:16:37:55 +0800] "GET /xingrg/all/function/internal_message.html?_=1613119067410&CODE_STATE=getMsg HTTP/1.1" 200 27
116.227.208.86 - - [12/Feb/2021:16:37:58 +0800] "GET /xingrg/all/function/internal_message.html?_=1613119073022&CODE_STATE=getMsg HTTP/1.1" 200 27
61.165.42.208 - - [12/Feb/2021:16:38:01 +0800] "GET /xingrg/all/function/internal_message.html?_=1613119079548&CODE_STATE=getMsg HTTP/1.1" 200 27
114.88.166.193 - - [12/Feb/2021:16:38:06 +0800] "GET /xingrg/all/function/internal_message.html?_=1613119080092&CODE_STATE=getMsg HTTP/1.1" 200 27
58.37.230.33 - - [12/Feb/2021:16:38:09 +0800] "GET /xingrg/all/function/internal_message.html?_=1613119092415&CODE_STATE=getMsg HTTP/1.1" 200 27
172.20.0.100 - - [12/Feb/2021:16:38:11 +0800] "GET /xingrg/check_reg.html?_=1613119084395 HTTP/1.1" 302 -
180.169.147.146 - - [12/Feb/2021:16:38:11 +0800] "GET /xingrg/all/function/internal_message.html?_=1613119080489&CODE_STATE=getMsg HTTP/1.1" 200 27
58.37.230.33 - - [12/Feb/2021:16:38:13 +0800] "GET /xingrg/check_reg.html?_=1613119097149 HTTP/1.1" 200 22
116.224.253.72 - - [12/Feb/2021:16:38:14 +0800] "GET /xingrg/all/function/internal_message.html?_=1613119088552&CODE_STATE=getMsg HTTP/1.1" 200 27
120.253.135.82 - - [12/Feb/2021:16:38:18 +0800] "GET /xingrg/check_reg.html?_=1613119122413 HTTP/1.1" 200 22
116.224.253.72 - - [12/Feb/2021:16:38:24 +0800] "GET /xingrg/all/function/internal_message.html?_=1613119101354&CODE_STATE=getMsg HTTP/1.1" 200 27
101.228.165.73 - - [12/Feb/2021:16:38:26 +0800] "GET /xingrg/check_reg.html?_=1613119120871 HTTP/1.1" 200 22
61.165.42.208 - - [12/Feb/2021:16:38:31 +0800] "GET /xingrg/all/function/internal_message.html?_=1613119090111&CODE_STATE=getMsg HTTP/1.1" 200 27
101.228.165.73 - - [12/Feb/2021:16:38:33 +0800] "GET /xingrg/all/function/internal_message.html?_=1613119127617&CODE_STATE=getMsg HTTP/1.1" 200 27
180.162.108.15 - - [12/Feb/2021:16:38:36 +0800] "GET /xingrg/all/function/internal_message.html?_=1613118945380&CODE_STATE=getMsg HTTP/1.1" 200 27
180.162.108.15 - - [12/Feb/2021:16:38:36 +0800] "GET /xingrg/check_reg.html?_=1613118945377 HTTP/1.1" 200 22
117.185.32.26 - - [12/Feb/2021:16:38:40 +0800] "GET /xingrg/all/function/internal_message.html?_=1613119589906&CODE_STATE=getMsg HTTP/1.1" 200 27
120.253.135.82 - - [12/Feb/2021:16:38:41 +0800] "GET /xingrg/all/function/internal_message.html?_=1613119145152&CODE_STATE=getMsg HTTP/1.1" 200 27
101.85.93.83 - - [12/Feb/2021:16:38:52 +0800] "GET /xingrg/check_reg.html?_=1613118752208 HTTP/1.1" 200 22
101.85.93.83 - - [12/Feb/2021:16:38:52 +0800] "GET /xingrg/all/function/internal_message.html?_=1613118752211&CODE_STATE=getMsg HTTP/1.1" 200 27
117.185.32.26 - - [12/Feb/2021:16:38:55 +0800] "GET /xingrg/all/function/internal_message.html?_=1613119127390&CODE_STATE=getMsg HTTP/1.1" 200 27
116.227.208.86 - - [12/Feb/2021:16:38:58 +0800] "GET /xingrg/all/function/internal_message.html?_=1613119133023&CODE_STATE=getMsg HTTP/1.1" 200 27
61.165.42.208 - - [12/Feb/2021:16:39:01 +0800] "GET /xingrg/all/function/internal_message.html?_=1613119139537&CODE_STATE=getMsg HTTP/1.1" 200 27
114.88.166.193 - - [12/Feb/2021:16:39:06 +0800] "GET /xingrg/all/function/internal_message.html?_=1613119140107&CODE_STATE=getMsg HTTP/1.1" 200 27
58.37.230.33 - - [12/Feb/2021:16:39:09 +0800] "GET /xingrg/all/function/internal_message.html?_=1613119152397&CODE_STATE=getMsg HTTP/1.1" 200 27
180.169.147.146 - - [12/Feb/2021:16:39:11 +0800] "GET /xingrg/all/function/internal_message.html?_=1613119140466&CODE_STATE=getMsg HTTP/1.1" 200 27
116.224.253.72 - - [12/Feb/2021:16:39:14 +0800] "GET /xingrg/all/function/internal_message.html?_=1613119148554&CODE_STATE=getMsg HTTP/1.1" 200 27
116.224.253.72 - - [12/Feb/2021:16:39:24 +0800] "GET /xingrg/all/function/internal_message.html?_=1613119161354&CODE_STATE=getMsg HTTP/1.1" 200 27
116.224.253.72 - - [12/Feb/2021:16:39:24 +0800] "GET /xingrg/check_reg.html?_=1613119161355 HTTP/1.1" 200 22
61.165.42.208 - - [12/Feb/2021:16:39:27 +0800] "GET /xingrg/check_reg.html?_=1613119146118 HTTP/1.1" 200 22
61.165.42.208 - - [12/Feb/2021:16:39:31 +0800] "GET /xingrg/all/function/internal_message.html?_=1613119150083&CODE_STATE=getMsg HTTP/1.1" 200 27
101.228.165.73 - - [12/Feb/2021:16:39:33 +0800] "GET /xingrg/all/function/internal_message.html?_=1613119187631&CODE_STATE=getMsg HTTP/1.1" 200 27
180.162.108.15 - - [12/Feb/2021:16:39:36 +0800] "GET /xingrg/all/function/internal_message.html?_=1613119005379&CODE_STATE=getMsg HTTP/1.1" 200 27
117.185.32.26 - - [12/Feb/2021:16:39:40 +0800] "GET /xingrg/all/function/internal_message.html?_=1613119649890&CODE_STATE=getMsg HTTP/1.1" 200 27
120.253.135.82 - - [12/Feb/2021:16:39:41 +0800] "GET /xingrg/all/function/internal_message.html?_=1613119205165&CODE_STATE=getMsg HTTP/1.1" 200 27
101.85.93.83 - - [12/Feb/2021:16:39:52 +0800] "GET /xingrg/all/function/internal_message.html?_=1613118812211&CODE_STATE=getMsg HTTP/1.1" 200 27
117.185.32.26 - - [12/Feb/2021:16:39:55 +0800] "GET /xingrg/all/function/internal_message.html?_=1613119187369&CODE_STATE=getMsg HTTP/1.1" 200 27
116.227.208.86 - - [12/Feb/2021:16:39:58 +0800] "GET /xingrg/all/function/internal_message.html?_=1613119193025&CODE_STATE=getMsg HTTP/1.1" 200 27
61.165.42.208 - - [12/Feb/2021:16:40:01 +0800] "GET /xingrg/all/function/internal_message.html?_=1613119199538&CODE_STATE=getMsg HTTP/1.1" 200 27
61.165.42.208 - - [12/Feb/2021:16:40:05 +0800] "GET /xingrg/kc/base/base_main.html HTTP/1.1" 200 12142
114.88.166.193 - - [12/Feb/2021:16:40:06 +0800] "GET /xingrg/all/function/internal_message.html?_=1613119200119&CODE_STATE=getMsg HTTP/1.1" 200 27
61.165.42.208 - - [12/Feb/2021:16:40:07 +0800] "GET /xingrg/kc/base/wldb_order_list.html HTTP/1.1" 200 19339
61.165.42.208 - - [12/Feb/2021:16:40:07 +0800] "POST /xingrg/kc/base/wldb_list_operate.html HTTP/1.1" 200 5561
58.37.230.33 - - [12/Feb/2021:16:40:08 +0800] "GET /xingrg/all/function/internal_message.html?_=1613119212373&CODE_STATE=getMsg HTTP/1.1" 200 27
61.165.42.208 - - [12/Feb/2021:16:40:10 +0800] "GET /xingrg/kc/base/wldb_order_add.html HTTP/1.1" 200 30502
61.165.42.208 - - [12/Feb/2021:16:40:10 +0800] "GET /xingrg/words/20210210182418_words.js HTTP/1.1" 304 -
61.165.42.208 - - [12/Feb/2021:16:40:10 +0800] "POST /xingrg/kc/base/wldb_order_operate.html HTTP/1.1" 200 6806
61.165.42.208 - - [12/Feb/2021:16:40:11 +0800] "GET /xingrg/javascript/easyui/themes/default/validatebox.css HTTP/1.1" 404 1104
180.169.147.146 - - [12/Feb/2021:16:40:11 +0800] "GET /xingrg/all/function/internal_message.html?_=1613119200445&CODE_STATE=getMsg HTTP/1.1" 200 27
61.165.42.208 - - [12/Feb/2021:16:40:12 +0800] "POST /xingrg/all/common/load_combo.html?type=base HTTP/1.1" 200 3236
116.224.253.72 - - [12/Feb/2021:16:40:14 +0800] "GET /xingrg/all/function/internal_message.html?_=1613119208554&CODE_STATE=getMsg HTTP/1.1" 200 27
61.165.42.208 - - [12/Feb/2021:16:40:22 +0800] "POST /xingrg/all/common/load_combo.html?type=base HTTP/1.1" 200 3236
116.224.253.72 - - [12/Feb/2021:16:40:24 +0800] "GET /xingrg/all/function/internal_message.html?_=1613119221354&CODE_STATE=getMsg HTTP/1.1" 200 27
61.165.42.208 - - [12/Feb/2021:16:40:31 +0800] "GET /xingrg/all/function/internal_message.html?_=1613119210073&CODE_STATE=getMsg HTTP/1.1" 200 27
101.228.165.73 - - [12/Feb/2021:16:40:33 +0800] "GET /xingrg/all/function/internal_message.html?_=1613119247720&CODE_STATE=getMsg HTTP/1.1" 200 27
180.162.108.15 - - [12/Feb/2021:16:40:36 +0800] "GET /xingrg/all/function/internal_message.html?_=1613119065405&CODE_STATE=getMsg HTTP/1.1" 200 27
117.185.32.26 - - [12/Feb/2021:16:40:40 +0800] "GET /xingrg/all/function/internal_message.html?_=1613119709865&CODE_STATE=getMsg HTTP/1.1" 200 27
120.253.135.82 - - [12/Feb/2021:16:40:41 +0800] "GET /xingrg/all/function/internal_message.html?_=1613119265190&CODE_STATE=getMsg HTTP/1.1" 200 27
101.85.93.83 - - [12/Feb/2021:16:40:52 +0800] "GET /xingrg/all/function/internal_message.html?_=1613118872216&CODE_STATE=getMsg HTTP/1.1" 200 27
117.185.32.26 - - [12/Feb/2021:16:40:55 +0800] "GET /xingrg/all/function/internal_message.html?_=1613119247341&CODE_STATE=getMsg HTTP/1.1" 200 27
116.227.208.86 - - [12/Feb/2021:16:40:58 +0800] "GET /xingrg/all/function/internal_message.html?_=1613119253025&CODE_STATE=getMsg HTTP/1.1" 200 27
61.165.42.208 - - [12/Feb/2021:16:40:58 +0800] "GET /xingrg/javascript/auto/indicator.gif HTTP/1.1" 404 1066
61.165.42.208 - - [12/Feb/2021:16:41:01 +0800] "GET /xingrg/all/function/internal_message.html?_=1613119259538&CODE_STATE=getMsg HTTP/1.1" 200 27
61.165.42.208 - - [12/Feb/2021:16:41:01 +0800] "GET /xingrg/check_reg.html?_=1613119259542 HTTP/1.1" 200 22
114.88.166.193 - - [12/Feb/2021:16:41:06 +0800] "GET /xingrg/check_reg.html?_=1613119259939 HTTP/1.1" 200 22
114.88.166.193 - - [12/Feb/2021:16:41:06 +0800] "GET /xingrg/all/function/internal_message.html?_=1613119260134&CODE_STATE=getMsg HTTP/1.1" 200 27
58.37.230.33 - - [12/Feb/2021:16:41:08 +0800] "GET /xingrg/all/function/internal_message.html?_=1613119272344&CODE_STATE=getMsg HTTP/1.1" 200 27
180.169.147.146 - - [12/Feb/2021:16:41:11 +0800] "GET /xingrg/all/function/internal_message.html?_=1613119260422&CODE_STATE=getMsg HTTP/1.1" 200 27
116.224.253.72 - - [12/Feb/2021:16:41:14 +0800] "GET /xingrg/check_reg.html?_=1613119268555 HTTP/1.1" 200 22
116.224.253.72 - - [12/Feb/2021:16:41:14 +0800] "GET /xingrg/all/function/internal_message.html?_=1613119268555&CODE_STATE=getMsg HTTP/1.1" 200 27
116.224.253.72 - - [12/Feb/2021:16:41:24 +0800] "GET /xingrg/all/function/internal_message.html?_=1613119281354&CODE_STATE=getMsg HTTP/1.1" 200 27
61.165.42.208 - - [12/Feb/2021:16:41:31 +0800] "GET /xingrg/all/function/internal_message.html?_=1613119270044&CODE_STATE=getMsg HTTP/1.1" 200 27
61.165.42.208 - - [12/Feb/2021:16:41:32 +0800] "GET /xingrg/kc/base/wldb_order_operate.html?command=get_materiel&rest_code=00105&base_code=0010507&code=00101019241 HTTP/1.1" 200 459
101.228.165.73 - - [12/Feb/2021:16:41:33 +0800] "GET /xingrg/all/function/internal_message.html?_=1613119307721&CODE_STATE=getMsg HTTP/1.1" 200 27
116.227.208.86 - - [12/Feb/2021:16:41:33 +0800] "POST /xingrg/services/DataTransmitService HTTP/1.1" 200 524
116.227.208.86 - - [12/Feb/2021:16:41:34 +0800] "POST /xingrg/services/DataTransmitService HTTP/1.1" 200 501
116.227.208.86 - - [12/Feb/2021:16:41:34 +0800] "POST /xingrg/services/DataTransmitService HTTP/1.1" 200 501
116.227.208.86 - - [12/Feb/2021:16:41:34 +0800] "POST /xingrg/services/DataTransmitService HTTP/1.1" 200 501
116.227.208.86 - - [12/Feb/2021:16:41:34 +0800] "POST /xingrg/services/DataTransmitService HTTP/1.1" 200 501
116.227.208.86 - - [12/Feb/2021:16:41:35 +0800] "POST /xingrg/services/DataTransmitService HTTP/1.1" 200 501
116.227.208.86 - - [12/Feb/2021:16:41:35 +0800] "POST /xingrg/services/DataTransmitService HTTP/1.1" 200 501
116.227.208.86 - - [12/Feb/2021:16:41:35 +0800] "POST /xingrg/services/DataTransmitService HTTP/1.1" 200 501
180.162.108.15 - - [12/Feb/2021:16:41:36 +0800] "GET /xingrg/all/function/internal_message.html?_=1613119125403&CODE_STATE=getMsg HTTP/1.1" 200 27
116.227.208.86 - - [12/Feb/2021:16:41:36 +0800] "POST /xingrg/services/DataTransmitService HTTP/1.1" 200 412
117.185.32.26 - - [12/Feb/2021:16:41:36 +0800] "GET /xingrg/check_reg.html?_=1613119288761 HTTP/1.1" 200 22
117.185.32.26 - - [12/Feb/2021:16:41:40 +0800] "GET /xingrg/all/function/internal_message.html?_=1613119769848&CODE_STATE=getMsg HTTP/1.1" 200 27
120.253.135.82 - - [12/Feb/2021:16:41:41 +0800] "GET /xingrg/all/function/internal_message.html?_=1613119325193&CODE_STATE=getMsg HTTP/1.1" 200 27
61.165.42.208 - - [12/Feb/2021:16:41:43 +0800] "POST /xingrg/kc/base/wldb_order_operate.html HTTP/1.1" 200 37
61.165.42.208 - - [12/Feb/2021:16:41:43 +0800] "POST /xingrg/kc/base/wldb_order_operate.html HTTP/1.1" 200 2216
61.165.42.208 - - [12/Feb/2021:16:41:44 +0800] "GET /xingrg/kc/base/wldb_order_info.html?code=422021021201527 HTTP/1.1" 200 30513
61.165.42.208 - - [12/Feb/2021:16:41:44 +0800] "GET /xingrg/javascript/easyui/themes/default/validatebox.css HTTP/1.1" 404 1104
61.165.42.208 - - [12/Feb/2021:16:41:44 +0800] "POST /xingrg/kc/base/wldb_order_operate.html HTTP/1.1" 200 2216
101.85.93.83 - - [12/Feb/2021:16:41:52 +0800] "GET /xingrg/all/function/internal_message.html?_=1613118932215&CODE_STATE=getMsg HTTP/1.1" 200 27
117.185.32.26 - - [12/Feb/2021:16:41:55 +0800] "GET /xingrg/all/function/internal_message.html?_=1613119307319&CODE_STATE=getMsg HTTP/1.1" 200 27
116.227.208.86 - - [12/Feb/2021:16:41:58 +0800] "GET /xingrg/check_reg.html?_=1613119313027 HTTP/1.1" 200 22
116.227.208.86 - - [12/Feb/2021:16:41:58 +0800] "GET /xingrg/all/function/internal_message.html?_=1613119313028&CODE_STATE=getMsg HTTP/1.1" 200 27
61.165.42.208 - - [12/Feb/2021:16:42:01 +0800] "GET /xingrg/all/function/internal_message.html?_=1613119319541&CODE_STATE=getMsg HTTP/1.1" 200 27
117.185.32.26 - - [12/Feb/2021:16:42:02 +0800] "GET /xingrg/check_reg.html?_=1613119792034 HTTP/1.1" 200 22
114.88.166.193 - - [12/Feb/2021:16:42:06 +0800] "GET /xingrg/all/function/internal_message.html?_=1613119320147&CODE_STATE=getMsg HTTP/1.1" 200 27
58.37.230.33 - - [12/Feb/2021:16:42:08 +0800] "GET /xingrg/all/function/internal_message.html?_=1613119332317&CODE_STATE=getMsg HTTP/1.1" 200 27
180.169.147.146 - - [12/Feb/2021:16:42:11 +0800] "GET /xingrg/all/function/internal_message.html?_=1613119320391&CODE_STATE=getMsg HTTP/1.1" 200 27
61.165.42.208 - - [12/Feb/2021:16:42:14 +0800] "GET /xingrg/kc/buy/cgsh_order_list.html HTTP/1.1" 200 46366
116.224.253.72 - - [12/Feb/2021:16:42:14 +0800] "GET /xingrg/all/function/internal_message.html?_=1613119328556&CODE_STATE=getMsg HTTP/1.1" 200 27
61.165.42.208 - - [12/Feb/2021:16:42:15 +0800] "POST /xingrg/kc/buy/cgsh_list_operate.html HTTP/1.1" 200 1671
180.169.147.146 - - [12/Feb/2021:16:42:18 +0800] "GET /xingrg/check_reg.html?_=1613119327488 HTTP/1.1" 200 22
116.224.253.72 - - [12/Feb/2021:16:42:24 +0800] "GET /xingrg/all/function/internal_message.html?_=1613119341358&CODE_STATE=getMsg HTTP/1.1" 200 27
61.165.42.208 - - [12/Feb/2021:16:42:31 +0800] "GET /xingrg/all/function/internal_message.html?_=1613119330022&CODE_STATE=getMsg HTTP/1.1" 200 27
101.228.165.73 - - [12/Feb/2021:16:42:33 +0800] "GET /xingrg/all/function/internal_message.html?_=1613119367788&CODE_STATE=getMsg HTTP/1.1" 200 27
180.162.108.15 - - [12/Feb/2021:16:42:36 +0800] "GET /xingrg/all/function/internal_message.html?_=1613119185407&CODE_STATE=getMsg HTTP/1.1" 200 27
117.185.32.26 - - [12/Feb/2021:16:42:40 +0800] "GET /xingrg/all/function/internal_message.html?_=1613119829820&CODE_STATE=getMsg HTTP/1.1" 200 27
120.253.135.82 - - [12/Feb/2021:16:42:41 +0800] "GET /xingrg/all/function/internal_message.html?_=1613119385220&CODE_STATE=getMsg HTTP/1.1" 200 27
101.85.93.83 - - [12/Feb/2021:16:42:52 +0800] "GET /xingrg/all/function/internal_message.html?_=1613118992213&CODE_STATE=getMsg HTTP/1.1" 200 27
117.185.32.26 - - [12/Feb/2021:16:42:55 +0800] "GET /xingrg/all/function/internal_message.html?_=1613119367289&CODE_STATE=getMsg HTTP/1.1" 200 27
116.227.208.86 - - [12/Feb/2021:16:42:58 +0800] "GET /xingrg/all/function/internal_message.html?_=1613119373031&CODE_STATE=getMsg HTTP/1.1" 200 27
61.165.42.208 - - [12/Feb/2021:16:43:01 +0800] "GET /xingrg/all/function/internal_message.html?_=1613119379568&CODE_STATE=getMsg HTTP/1.1" 200 27
114.88.166.193 - - [12/Feb/2021:16:43:06 +0800] "GET /xingrg/all/function/internal_message.html?_=1613119380161&CODE_STATE=getMsg HTTP/1.1" 200 27
58.37.230.33 - - [12/Feb/2021:16:43:08 +0800] "GET /xingrg/all/function/internal_message.html?_=1613119392321&CODE_STATE=getMsg HTTP/1.1" 200 27
172.20.0.100 - - [12/Feb/2021:16:43:11 +0800] "GET /xingrg/check_reg.html?_=1613119384374 HTTP/1.1" 302 -
180.169.147.146 - - [12/Feb/2021:16:43:11 +0800] "GET /xingrg/all/function/internal_message.html?_=1613119380360&CODE_STATE=getMsg HTTP/1.1" 200 27
58.37.230.33 - - [12/Feb/2021:16:43:13 +0800] "GET /xingrg/check_reg.html?_=1613119397144 HTTP/1.1" 200 22
116.224.253.72 - - [12/Feb/2021:16:43:14 +0800] "GET /xingrg/all/function/internal_message.html?_=1613119388557&CODE_STATE=getMsg HTTP/1.1" 200 27
120.253.135.82 - - [12/Feb/2021:16:43:18 +0800] "GET /xingrg/check_reg.html?_=1613119422413 HTTP/1.1" 200 22
61.165.42.208 - - [12/Feb/2021:16:43:23 +0800] "GET /xingrg/kc/buy/cgsh_order_add.html HTTP/1.1" 200 62151
61.165.42.208 - - [12/Feb/2021:16:43:23 +0800] "GET /xingrg/javascript/easyui/themes/default/validatebox.css HTTP/1.1" 404 1104
61.165.42.208 - - [12/Feb/2021:16:43:23 +0800] "POST /xingrg/kc/buy/cgsh_order_operate.html HTTP/1.1" 200 8245
116.224.253.72 - - [12/Feb/2021:16:43:24 +0800] "GET /xingrg/all/function/internal_message.html?_=1613119401360&CODE_STATE=getMsg HTTP/1.1" 200 27
101.228.165.73 - - [12/Feb/2021:16:43:26 +0800] "GET /xingrg/check_reg.html?_=1613119420867 HTTP/1.1" 200 22
61.165.42.208 - - [12/Feb/2021:16:43:31 +0800] "GET /xingrg/all/function/internal_message.html?_=1613119390007&CODE_STATE=getMsg HTTP/1.1" 200 27
101.228.165.73 - - [12/Feb/2021:16:43:33 +0800] "GET /xingrg/all/function/internal_message.html?_=1613119427794&CODE_STATE=getMsg HTTP/1.1" 200 27
180.162.108.15 - - [12/Feb/2021:16:43:36 +0800] "GET /xingrg/check_reg.html?_=1613119245408 HTTP/1.1" 200 22
180.162.108.15 - - [12/Feb/2021:16:43:36 +0800] "GET /xingrg/all/function/internal_message.html?_=1613119245411&CODE_STATE=getMsg HTTP/1.1" 200 27
61.165.42.208 - - [12/Feb/2021:16:43:36 +0800] "GET /xingrg/kc/buy/cgsh_order_operate.html?command=get_materiel&rest_code=00105&code=00101008027&supplier_code=00100151&order_time=2021-02-12 HTTP/1.1" 200 430
117.185.32.26 - - [12/Feb/2021:16:43:40 +0800] "GET /xingrg/all/function/internal_message.html?_=1613119889830&CODE_STATE=getMsg HTTP/1.1" 200 27
120.253.135.82 - - [12/Feb/2021:16:43:41 +0800] "GET /xingrg/all/function/internal_message.html?_=1613119445235&CODE_STATE=getMsg HTTP/1.1" 200 27
101.85.93.83 - - [12/Feb/2021:16:43:52 +0800] "GET /xingrg/check_reg.html?_=1613119052211 HTTP/1.1" 200 22
101.85.93.83 - - [12/Feb/2021:16:43:52 +0800] "GET /xingrg/all/function/internal_message.html?_=1613119052213&CODE_STATE=getMsg HTTP/1.1" 200 27
117.185.32.26 - - [12/Feb/2021:16:43:55 +0800] "GET /xingrg/all/function/internal_message.html?_=1613119427271&CODE_STATE=getMsg HTTP/1.1" 200 27
116.227.208.86 - - [12/Feb/2021:16:43:58 +0800] "GET /xingrg/all/function/internal_message.html?_=1613119433017&CODE_STATE=getMsg HTTP/1.1" 200 27
61.165.42.208 - - [12/Feb/2021:16:44:01 +0800] "GET /xingrg/all/function/internal_message.html?_=1613119439575&CODE_STATE=getMsg HTTP/1.1" 200 27
114.88.166.193 - - [12/Feb/2021:16:44:06 +0800] "GET /xingrg/all/function/internal_message.html?_=1613119440179&CODE_STATE=getMsg HTTP/1.1" 200 27
58.37.230.33 - - [12/Feb/2021:16:44:08 +0800] "GET /xingrg/all/function/internal_message.html?_=1613119452290&CODE_STATE=getMsg HTTP/1.1" 200 27
180.169.147.146 - - [12/Feb/2021:16:44:11 +0800] "GET /xingrg/all/function/internal_message.html?_=1613119440362&CODE_STATE=getMsg HTTP/1.1" 200 27
116.224.253.72 - - [12/Feb/2021:16:44:14 +0800] "GET /xingrg/all/function/internal_message.html?_=1613119448558&CODE_STATE=getMsg HTTP/1.1" 200 27
116.224.253.72 - - [12/Feb/2021:16:44:24 +0800] "GET /xingrg/check_reg.html?_=1613119461378 HTTP/1.1" 200 22
116.224.253.72 - - [12/Feb/2021:16:44:24 +0800] "GET /xingrg/all/function/internal_message.html?_=1613119461375&CODE_STATE=getMsg HTTP/1.1" 200 27
61.165.42.208 - - [12/Feb/2021:16:44:27 +0800] "GET /xingrg/check_reg.html?_=1613119446128 HTTP/1.1" 200 22
61.165.42.208 - - [12/Feb/2021:16:44:31 +0800] "GET /xingrg/all/function/internal_message.html?_=1613119449984&CODE_STATE=getMsg HTTP/1.1" 200 27
101.228.165.73 - - [12/Feb/2021:16:44:33 +0800] "GET /xingrg/all/function/internal_message.html?_=1613119487807&CODE_STATE=getMsg HTTP/1.1" 200 27
180.162.108.15 - - [12/Feb/2021:16:44:36 +0800] "GET /xingrg/all/function/internal_message.html?_=1613119305411&CODE_STATE=getMsg HTTP/1.1" 200 27
117.185.32.26 - - [12/Feb/2021:16:44:40 +0800] "GET /xingrg/all/function/internal_message.html?_=1613119949812&CODE_STATE=getMsg HTTP/1.1" 200 27
120.253.135.82 - - [12/Feb/2021:16:44:41 +0800] "GET /xingrg/all/function/internal_message.html?_=1613119505249&CODE_STATE=getMsg HTTP/1.1" 200 27
101.85.93.83 - - [12/Feb/2021:16:44:52 +0800] "GET /xingrg/all/function/internal_message.html?_=1613119112238&CODE_STATE=getMsg HTTP/1.1" 200 27
117.185.32.26 - - [12/Feb/2021:16:44:55 +0800] "GET /xingrg/all/function/internal_message.html?_=1613119487251&CODE_STATE=getMsg HTTP/1.1" 200 27
116.227.208.86 - - [12/Feb/2021:16:44:58 +0800] "GET /xingrg/all/function/internal_message.html?_=1613119493019&CODE_STATE=getMsg HTTP/1.1" 200 27
61.165.42.208 - - [12/Feb/2021:16:45:01 +0800] "GET /xingrg/all/function/internal_message.html?_=1613119499571&CODE_STATE=getMsg HTTP/1.1" 200 27
114.88.166.193 - - [12/Feb/2021:16:45:06 +0800] "GET /xingrg/all/function/internal_message.html?_=1613119500187&CODE_STATE=getMsg HTTP/1.1" 200 27
58.37.230.33 - - [12/Feb/2021:16:45:08 +0800] "GET /xingrg/all/function/internal_message.html?_=1613119512265&CODE_STATE=getMsg HTTP/1.1" 200 27
180.169.147.146 - - [12/Feb/2021:16:45:11 +0800] "GET /xingrg/all/function/internal_message.html?_=1613119500335&CODE_STATE=getMsg HTTP/1.1" 200 27
116.224.253.72 - - [12/Feb/2021:16:45:14 +0800] "GET /xingrg/all/function/internal_message.html?_=1613119508558&CODE_STATE=getMsg HTTP/1.1" 200 27
61.165.42.208 - - [12/Feb/2021:16:45:21 +0800] "GET /xingrg/kc/buy/cgsh_order_operate.html?command=get_materiel&rest_code=00105&code=00101008212&supplier_code=00100151&order_time=2021-02-12 HTTP/1.1" 200 412
116.224.253.72 - - [12/Feb/2021:16:45:24 +0800] "GET /xingrg/all/function/internal_message.html?_=1613119521363&CODE_STATE=getMsg HTTP/1.1" 200 27
61.165.42.208 - - [12/Feb/2021:16:45:31 +0800] "GET /xingrg/all/function/internal_message.html?_=1613119509969&CODE_STATE=getMsg HTTP/1.1" 200 27
101.228.165.73 - - [12/Feb/2021:16:45:33 +0800] "GET /xingrg/all/function/internal_message.html?_=1613119547900&CODE_STATE=getMsg HTTP/1.1" 200 27
180.162.108.15 - - [12/Feb/2021:16:45:36 +0800] "GET /xingrg/all/function/internal_message.html?_=1613119365411&CODE_STATE=getMsg HTTP/1.1" 200 27
117.185.32.26 - - [12/Feb/2021:16:45:40 +0800] "GET /xingrg/all/function/internal_message.html?_=1613120009783&CODE_STATE=getMsg HTTP/1.1" 200 27
120.253.135.82 - - [12/Feb/2021:16:45:41 +0800] "GET /xingrg/all/function/internal_message.html?_=1613119565275&CODE_STATE=getMsg HTTP/1.1" 200 27
61.165.42.208 - - [12/Feb/2021:16:45:45 +0800] "POST /xingrg/kc/buy/cgsh_order_operate.html HTTP/1.1" 200 37
61.165.42.208 - - [12/Feb/2021:16:45:46 +0800] "POST /xingrg/kc/buy/cgsh_order_operate.html HTTP/1.1" 200 3251
61.165.42.208 - - [12/Feb/2021:16:45:48 +0800] "GET /xingrg/kc/print/load_data.html?order_code=212021021205340&kc_code=cgsh&condition= HTTP/1.1" 200 878
101.85.93.83 - - [12/Feb/2021:16:45:52 +0800] "GET /xingrg/all/function/internal_message.html?_=1613119172238&CODE_STATE=getMsg HTTP/1.1" 200 27
117.185.32.26 - - [12/Feb/2021:16:45:55 +0800] "GET /xingrg/all/function/internal_message.html?_=1613119547221&CODE_STATE=getMsg HTTP/1.1" 200 27
58.37.230.33 - - [12/Feb/2021:16:45:56 +0800] "POST /xingrg/services/DataTransmitService HTTP/1.1" 200 524
58.37.230.33 - - [12/Feb/2021:16:45:58 +0800] "POST /xingrg/services/DataTransmitService HTTP/1.1" 200 501
58.37.230.33 - - [12/Feb/2021:16:45:58 +0800] "POST /xingrg/services/DataTransmitService HTTP/1.1" 200 501
116.227.208.86 - - [12/Feb/2021:16:45:58 +0800] "GET /xingrg/all/function/internal_message.html?_=1613119553022&CODE_STATE=getMsg HTTP/1.1" 200 27
58.37.230.33 - - [12/Feb/2021:16:45:59 +0800] "POST /xingrg/services/DataTransmitService HTTP/1.1" 200 501
58.37.230.33 - - [12/Feb/2021:16:45:59 +0800] "POST /xingrg/services/DataTransmitService HTTP/1.1" 200 501
58.37.230.33 - - [12/Feb/2021:16:46:00 +0800] "POST /xingrg/services/DataTransmitService HTTP/1.1" 200 501
58.37.230.33 - - [12/Feb/2021:16:46:00 +0800] "POST /xingrg/services/DataTransmitService HTTP/1.1" 200 501
58.37.230.33 - - [12/Feb/2021:16:46:00 +0800] "POST /xingrg/services/DataTransmitService HTTP/1.1" 200 501
58.37.230.33 - - [12/Feb/2021:16:46:00 +0800] "POST /xingrg/services/DataTransmitService HTTP/1.1" 200 501
58.37.230.33 - - [12/Feb/2021:16:46:00 +0800] "POST /xingrg/services/DataTransmitService HTTP/1.1" 200 501
58.37.230.33 - - [12/Feb/2021:16:46:01 +0800] "POST /xingrg/services/DataTransmitService HTTP/1.1" 200 412
61.165.42.208 - - [12/Feb/2021:16:46:01 +0800] "GET /xingrg/check_reg.html?_=1613119559575 HTTP/1.1" 200 22
61.165.42.208 - - [12/Feb/2021:16:46:01 +0800] "GET /xingrg/all/function/internal_message.html?_=1613119559578&CODE_STATE=getMsg HTTP/1.1" 200 27
114.88.166.193 - - [12/Feb/2021:16:46:06 +0800] "GET /xingrg/check_reg.html?_=1613119559939 HTTP/1.1" 200 22
114.88.166.193 - - [12/Feb/2021:16:46:06 +0800] "GET /xingrg/all/function/internal_message.html?_=1613119560202&CODE_STATE=getMsg HTTP/1.1" 200 27
58.37.230.33 - - [12/Feb/2021:16:46:08 +0800] "GET /xingrg/all/function/internal_message.html?_=1613119572233&CODE_STATE=getMsg HTTP/1.1" 200 27
180.169.147.146 - - [12/Feb/2021:16:46:11 +0800] "GET /xingrg/all/function/internal_message.html?_=1613119560311&CODE_STATE=getMsg HTTP/1.1" 200 27
116.224.253.72 - - [12/Feb/2021:16:46:14 +0800] "GET /xingrg/check_reg.html?_=1613119568559 HTTP/1.1" 200 22
116.224.253.72 - - [12/Feb/2021:16:46:14 +0800] "GET /xingrg/all/function/internal_message.html?_=1613119568560&CODE_STATE=getMsg HTTP/1.1" 200 27
116.224.253.72 - - [12/Feb/2021:16:46:24 +0800] "GET /xingrg/all/function/internal_message.html?_=1613119581380&CODE_STATE=getMsg HTTP/1.1" 200 27
61.165.42.208 - - [12/Feb/2021:16:46:25 +0800] "GET /xingrg/kc/base/wldb_order_list.html HTTP/1.1" 200 19339
61.165.42.208 - - [12/Feb/2021:16:46:25 +0800] "POST /xingrg/kc/base/wldb_list_operate.html HTTP/1.1" 200 5561
61.165.42.208 - - [12/Feb/2021:16:46:28 +0800] "POST /xingrg/kc/base/wldb_list_operate.html HTTP/1.1" 200 214
61.165.42.208 - - [12/Feb/2021:16:46:31 +0800] "POST /xingrg/kc/base/wldb_list_operate.html HTTP/1.1" 200 198
61.165.42.208 - - [12/Feb/2021:16:46:31 +0800] "GET /xingrg/all/function/internal_message.html?_=1613119569954&CODE_STATE=getMsg HTTP/1.1" 200 27
101.228.165.73 - - [12/Feb/2021:16:46:33 +0800] "GET /xingrg/all/function/internal_message.html?_=1613119607913&CODE_STATE=getMsg HTTP/1.1" 200 27
61.165.42.208 - - [12/Feb/2021:16:46:34 +0800] "POST /xingrg/kc/base/wldb_list_operate.html HTTP/1.1" 200 214
180.162.108.15 - - [12/Feb/2021:16:46:36 +0800] "GET /xingrg/all/function/internal_message.html?_=1613119425409&CODE_STATE=getMsg HTTP/1.1" 200 27
117.185.32.26 - - [12/Feb/2021:16:46:36 +0800] "GET /xingrg/check_reg.html?_=1613119588767 HTTP/1.1" 200 22
117.185.32.26 - - [12/Feb/2021:16:46:40 +0800] "GET /xingrg/all/function/internal_message.html?_=1613120069755&CODE_STATE=getMsg HTTP/1.1" 200 27
61.165.42.208 - - [12/Feb/2021:16:46:41 +0800] "POST /xingrg/kc/base/wldb_list_operate.html HTTP/1.1" 200 5683
120.253.135.82 - - [12/Feb/2021:16:46:41 +0800] "GET /xingrg/all/function/internal_message.html?_=1613119625276&CODE_STATE=getMsg HTTP/1.1" 200 27
61.165.42.208 - - [12/Feb/2021:16:46:43 +0800] "POST /xingrg/kc/base/wldb_list_operate.html HTTP/1.1" 200 5561
61.165.42.208 - - [12/Feb/2021:16:46:45 +0800] "POST /xingrg/kc/base/wldb_list_operate.html HTTP/1.1" 200 200
222.69.143.194 - - [12/Feb/2021:16:46:48 +0800] "GET /favicon.ico HTTP/1.1" 404 -
222.69.143.194 - - [12/Feb/2021:16:46:51 +0800] "GET /xingrg/login.html HTTP/1.1" 200 7641
101.85.93.83 - - [12/Feb/2021:16:46:52 +0800] "GET /xingrg/all/function/internal_message.html?_=1613119232243&CODE_STATE=getMsg HTTP/1.1" 200 27
222.69.143.194 - - [12/Feb/2021:16:46:53 +0800] "GET /favicon.ico HTTP/1.1" 404 -
117.185.32.26 - - [12/Feb/2021:16:46:54 +0800] "GET /xingrg/all/function/internal_message.html?_=1613119607190&CODE_STATE=getMsg HTTP/1.1" 200 27
116.227.208.86 - - [12/Feb/2021:16:46:58 +0800] "GET /xingrg/all/function/internal_message.html?_=1613119613024&CODE_STATE=getMsg HTTP/1.1" 200 27
116.227.208.86 - - [12/Feb/2021:16:46:58 +0800] "GET /xingrg/check_reg.html?_=1613119613025 HTTP/1.1" 200 22
61.165.42.208 - - [12/Feb/2021:16:47:01 +0800] "GET /xingrg/all/function/internal_message.html?_=1613119619568&CODE_STATE=getMsg HTTP/1.1" 200 27
117.185.32.26 - - [12/Feb/2021:16:47:02 +0800] "GET /xingrg/check_reg.html?_=1613120092037 HTTP/1.1" 200 22
222.69.143.194 - - [12/Feb/2021:16:47:04 +0800] "POST /xingrg/login.do HTTP/1.1" 302 -
222.69.143.194 - - [12/Feb/2021:16:47:04 +0800] "GET /xingrg/index.html?sysBaseUrl=http%3A%2F%2F180.169.147.146%3A18081%2Fxingrg%2F&costTime=39×tamp=1613119624206 HTTP/1.1" 200 17179
222.69.143.194 - - [12/Feb/2021:16:47:04 +0800] "GET /favicon.ico HTTP/1.1" 404 -
222.69.143.194 - - [12/Feb/2021:16:47:04 +0800] "POST /xingrg/all/common/load_tree.html?tree=area_rest_tree_json&manage=1 HTTP/1.1" 200 351
222.69.143.194 - - [12/Feb/2021:16:47:04 +0800] "GET /xingrg/all/function/internal_message.html?_=1613119620969&CODE_STATE=count HTTP/1.1" 200 11
222.69.143.194 - - [12/Feb/2021:16:47:04 +0800] "GET /xingrg/check_reg.html?_=1613119620976 HTTP/1.1" 200 22
222.69.143.194 - - [12/Feb/2021:16:47:04 +0800] "POST /xingrg/load_menu.html HTTP/1.1" 200 5138
101.228.165.73 - - [12/Feb/2021:16:47:06 +0800] "POST /xingrg/services/DataTransmitService HTTP/1.1" 200 524
114.88.166.193 - - [12/Feb/2021:16:47:06 +0800] "GET /xingrg/all/function/internal_message.html?_=1613119620215&CODE_STATE=getMsg HTTP/1.1" 200 27
101.228.165.73 - - [12/Feb/2021:16:47:06 +0800] "POST /xingrg/services/DataTransmitService HTTP/1.1" 200 501
101.228.165.73 - - [12/Feb/2021:16:47:06 +0800] "POST /xingrg/services/DataTransmitService HTTP/1.1" 200 501
101.228.165.73 - - [12/Feb/2021:16:47:07 +0800] "POST /xingrg/services/DataTransmitService HTTP/1.1" 200 501
101.228.165.73 - - [12/Feb/2021:16:47:07 +0800] "POST /xingrg/services/DataTransmitService HTTP/1.1" 200 501
101.228.165.73 - - [12/Feb/2021:16:47:07 +0800] "POST /xingrg/services/DataTransmitService HTTP/1.1" 200 501
101.228.165.73 - - [12/Feb/2021:16:47:07 +0800] "POST /xingrg/services/DataTransmitService HTTP/1.1" 200 501
101.228.165.73 - - [12/Feb/2021:16:47:07 +0800] "POST /xingrg/services/DataTransmitService HTTP/1.1" 200 501
101.228.165.73 - - [12/Feb/2021:16:47:08 +0800] "POST /xingrg/services/DataTransmitService HTTP/1.1" 200 501
101.228.165.73 - - [12/Feb/2021:16:47:08 +0800] "POST /xingrg/services/DataTransmitService HTTP/1.1" 200 412
58.37.230.33 - - [12/Feb/2021:16:47:08 +0800] "GET /xingrg/all/function/internal_message.html?_=1613119632201&CODE_STATE=getMsg HTTP/1.1" 200 27
180.169.147.146 - - [12/Feb/2021:16:47:11 +0800] "GET /xingrg/all/function/internal_message.html?_=1613119620285&CODE_STATE=getMsg HTTP/1.1" 200 27
222.69.143.194 - - [12/Feb/2021:16:47:12 +0800] "GET /xingrg/kc/base/wldb_order_list.html HTTP/1.1" 200 19345
222.69.143.194 - - [12/Feb/2021:16:47:13 +0800] "POST /xingrg/kc/base/wldb_list_operate.html HTTP/1.1" 200 928
116.224.253.72 - - [12/Feb/2021:16:47:14 +0800] "GET /xingrg/all/function/internal_message.html?_=1613119628561&CODE_STATE=getMsg HTTP/1.1" 200 27
222.69.143.194 - - [12/Feb/2021:16:47:16 +0800] "GET /xingrg/kc/base/wldb_order_add.html HTTP/1.1" 200 30508
222.69.143.194 - - [12/Feb/2021:16:47:16 +0800] "GET /xingrg/words/20210210182418_words.js HTTP/1.1" 200 795173
222.69.143.194 - - [12/Feb/2021:16:47:16 +0800] "POST /xingrg/kc/base/wldb_order_operate.html HTTP/1.1" 200 6806
222.69.143.194 - - [12/Feb/2021:16:47:16 +0800] "GET /xingrg/all/common/auto_word.html?type=base&rest_code=00154 HTTP/1.1" 200 627
222.69.143.194 - - [12/Feb/2021:16:47:16 +0800] "GET /xingrg/all/common/auto_word.html?type=base&rest_code=00154 HTTP/1.1" 200 627
222.69.143.194 - - [12/Feb/2021:16:47:16 +0800] "GET /xingrg/javascript/easyui/themes/default/validatebox.css HTTP/1.1" 404 1104
180.169.147.146 - - [12/Feb/2021:16:47:18 +0800] "GET /xingrg/check_reg.html?_=1613119627523 HTTP/1.1" 200 22
222.69.143.194 - - [12/Feb/2021:16:47:20 +0800] "POST /xingrg/all/common/load_combo.html?type=base HTTP/1.1" 200 1136
116.224.253.72 - - [12/Feb/2021:16:47:24 +0800] "GET /xingrg/all/function/internal_message.html?_=1613119641369&CODE_STATE=getMsg HTTP/1.1" 200 27
222.69.143.194 - - [12/Feb/2021:16:47:25 +0800] "GET /xingrg/javascript/auto/indicator.gif HTTP/1.1" 404 1066
61.165.42.208 - - [12/Feb/2021:16:47:31 +0800] "GET /xingrg/all/function/internal_message.html?_=1613119629939&CODE_STATE=getMsg HTTP/1.1" 200 27
101.228.165.73 - - [12/Feb/2021:16:47:33 +0800] "GET /xingrg/all/function/internal_message.html?_=1613119668010&CODE_STATE=getMsg HTTP/1.1" 200 27
180.162.108.15 - - [12/Feb/2021:16:47:36 +0800] "GET /xingrg/all/function/internal_message.html?_=1613119485407&CODE_STATE=getMsg HTTP/1.1" 200 27
222.69.143.194 - - [12/Feb/2021:16:47:37 +0800] "GET /xingrg/kc/base/wldb_order_operate.html?command=get_materiel&rest_code=00154&base_code=0010726&code=00101025065 HTTP/1.1" 200 427
117.185.32.26 - - [12/Feb/2021:16:47:40 +0800] "GET /xingrg/all/function/internal_message.html?_=1613120129729&CODE_STATE=getMsg HTTP/1.1" 200 27
120.253.135.82 - - [12/Feb/2021:16:47:41 +0800] "GET /xingrg/all/function/internal_message.html?_=1613119685297&CODE_STATE=getMsg HTTP/1.1" 200 27
222.69.143.194 - - [12/Feb/2021:16:47:45 +0800] "GET /xingrg/kc/base/wldb_order_operate.html?command=get_materiel&rest_code=00154&base_code=0010726&code=00101027041 HTTP/1.1" 200 471
222.69.143.194 - - [12/Feb/2021:16:47:50 +0800] "POST /xingrg/all/common/load_select.html HTTP/1.1" 200 25
101.85.93.83 - - [12/Feb/2021:16:47:52 +0800] "GET /xingrg/all/function/internal_message.html?_=1613119292243&CODE_STATE=getMsg HTTP/1.1" 200 27
222.69.143.194 - - [12/Feb/2021:16:47:54 +0800] "GET /xingrg/kc/base/wldb_order_operate.html?command=get_materiel_price&rest_code=00154&base_code=0010726&code=00101027041&unit_code=00100189 HTTP/1.1" 200 36
117.185.32.26 - - [12/Feb/2021:16:47:54 +0800] "GET /xingrg/all/function/internal_message.html?_=1613119667160&CODE_STATE=getMsg HTTP/1.1" 200 27
116.227.208.86 - - [12/Feb/2021:16:47:58 +0800] "GET /xingrg/all/function/internal_message.html?_=1613119673026&CODE_STATE=getMsg HTTP/1.1" 200 27
61.165.42.208 - - [12/Feb/2021:16:48:01 +0800] "GET /xingrg/all/function/internal_message.html?_=1613119679569&CODE_STATE=getMsg HTTP/1.1" 200 27
222.69.143.194 - - [12/Feb/2021:16:48:04 +0800] "GET /xingrg/all/function/internal_message.html?_=1613119680984&CODE_STATE=getMsg HTTP/1.1" 200 27
114.88.166.193 - - [12/Feb/2021:16:48:06 +0800] "GET /xingrg/all/function/internal_message.html?_=1613119680229&CODE_STATE=getMsg HTTP/1.1" 200 27
58.37.230.33 - - [12/Feb/2021:16:48:08 +0800] "GET /xingrg/all/function/internal_message.html?_=1613119692183&CODE_STATE=getMsg HTTP/1.1" 200 27
172.20.0.100 - - [12/Feb/2021:16:48:11 +0800] "GET /xingrg/check_reg.html?_=1613119684356 HTTP/1.1" 302 -
180.169.147.146 - - [12/Feb/2021:16:48:11 +0800] "GET /xingrg/all/function/internal_message.html?_=1613119680262&CODE_STATE=getMsg HTTP/1.1" 200 27
58.37.230.33 - - [12/Feb/2021:16:48:13 +0800] "GET /xingrg/check_reg.html?_=1613119697114 HTTP/1.1" 200 22
116.224.253.72 - - [12/Feb/2021:16:48:14 +0800] "GET /xingrg/all/function/internal_message.html?_=1613119688562&CODE_STATE=getMsg HTTP/1.1" 200 27
120.253.135.82 - - [12/Feb/2021:16:48:18 +0800] "GET /xingrg/check_reg.html?_=1613119722419 HTTP/1.1" 200 22
116.224.253.72 - - [12/Feb/2021:16:48:24 +0800] "GET /xingrg/all/function/internal_message.html?_=1613119701371&CODE_STATE=getMsg HTTP/1.1" 200 27
101.228.165.73 - - [12/Feb/2021:16:48:26 +0800] "GET /xingrg/check_reg.html?_=1613119720873 HTTP/1.1" 200 22
61.165.42.208 - - [12/Feb/2021:16:48:31 +0800] "GET /xingrg/all/function/internal_message.html?_=1613119689909&CODE_STATE=getMsg HTTP/1.1" 200 27
