114.88.166.193 - - [07/Feb/2021:10:32:31 +0800] "GET /favicon.ico HTTP/1.1" 404 -
116.224.253.72 - - [07/Feb/2021:10:32:33 +0800] "POST /xingrg/kc/buy/cgsh_order_operate.html HTTP/1.1" 200 2065
180.162.108.15 - - [07/Feb/2021:10:32:35 +0800] "GET /xingrg/kc/buy/cgsh_order_operate.html?command=get_materiel&rest_code=00143&code=00101008268&supplier_code=00100161&order_time=2021-02-05 HTTP/1.1" 200 408
218.81.223.240 - - [07/Feb/2021:10:32:37 +0800] "GET /xingrg/check_reg.html?_=1612665185335 HTTP/1.1" 200 22
116.224.253.72 - - [07/Feb/2021:10:32:37 +0800] "GET /xingrg/kc/buy/cgsh_order_operate.html?command=get_materiel&rest_code=00151&code=00101008213&supplier_code=00100007&order_time=2021-02-07 HTTP/1.1" 200 412
180.169.147.146 - - [07/Feb/2021:10:32:39 +0800] "GET /xingrg/kc/buy/cgsh_order_list.html HTTP/1.1" 200 46621
116.224.253.72 - - [07/Feb/2021:10:32:41 +0800] "POST /xingrg/kc/buy/cgsh_order_operate.html HTTP/1.1" 200 37
180.169.147.146 - - [07/Feb/2021:10:32:42 +0800] "POST /xingrg/kc/buy/cgsh_list_operate.html HTTP/1.1" 200 876
116.224.253.72 - - [07/Feb/2021:10:32:43 +0800] "POST /xingrg/kc/buy/cgsh_order_operate.html HTTP/1.1" 200 26560
222.69.133.211 - - [07/Feb/2021:10:32:46 +0800] "GET /xingrg/all/function/internal_message.html?_=1612665163341&CODE_STATE=getMsg HTTP/1.1" 200 27
180.162.108.15 - - [07/Feb/2021:10:32:47 +0800] "GET /xingrg/kc/buy/cgsh_order_operate.html?command=get_materiel&rest_code=00143&code=00101008199&supplier_code=00100161&order_time=2021-02-05 HTTP/1.1" 200 408
180.169.147.146 - - [07/Feb/2021:10:32:47 +0800] "GET /xingrg/javascript/auto/indicator.gif HTTP/1.1" 404 1066
116.232.54.3 - - [07/Feb/2021:10:32:48 +0800] "GET /xingrg/all/function/internal_message.html?_=1612665166687&CODE_STATE=getMsg HTTP/1.1" 200 27
116.228.172.94 - - [07/Feb/2021:10:32:50 +0800] "GET /xingrg/kc/buy/cgsh_order_operate.html?command=get_materiel&rest_code=00107&code=00101018011&supplier_code=00100330&order_time=2021-02-07 HTTP/1.1" 200 413
180.169.147.146 - - [07/Feb/2021:10:32:55 +0800] "POST /xingrg/kc/buy/cgsh_list_operate.html HTTP/1.1" 200 4359
180.162.108.15 - - [07/Feb/2021:10:32:57 +0800] "GET /xingrg/kc/buy/cgsh_order_operate.html?command=get_materiel&rest_code=00143&code=00101008361&supplier_code=00100161&order_time=2021-02-05 HTTP/1.1" 200 408
116.227.208.86 - - [07/Feb/2021:10:32:58 +0800] "GET /xingrg/all/function/internal_message.html?_=1612665175653&CODE_STATE=getMsg HTTP/1.1" 200 27
218.81.223.240 - - [07/Feb/2021:10:33:03 +0800] "GET /xingrg/all/function/internal_message.html?_=1612665211758&CODE_STATE=getMsg HTTP/1.1" 200 27
61.165.42.208 - - [07/Feb/2021:10:33:07 +0800] "POST /xingrg/kc/buy/cgsh_order_operate.html HTTP/1.1" 200 37
180.162.108.15 - - [07/Feb/2021:10:33:08 +0800] "GET /xingrg/kc/buy/cgsh_order_operate.html?command=get_materiel&rest_code=00143&code=00101008155&supplier_code=00100161&order_time=2021-02-05 HTTP/1.1" 200 408
116.228.172.94 - - [07/Feb/2021:10:33:08 +0800] "GET /xingrg/kc/buy/cgsh_order_operate.html?command=get_materiel&rest_code=00107&code=00101006067&supplier_code=00100330&order_time=2021-02-07 HTTP/1.1" 200 409
61.165.42.208 - - [07/Feb/2021:10:33:10 +0800] "POST /xingrg/kc/buy/cgsh_order_operate.html HTTP/1.1" 200 47020
116.228.172.94 - - [07/Feb/2021:10:33:10 +0800] "GET /xingrg/all/function/internal_message.html?_=1612665189186&CODE_STATE=getMsg HTTP/1.1" 200 27
61.165.42.208 - - [07/Feb/2021:10:33:11 +0800] "GET /xingrg/all/function/internal_message.html?_=1612665189320&CODE_STATE=getMsg HTTP/1.1" 200 27
61.165.42.208 - - [07/Feb/2021:10:33:12 +0800] "GET /xingrg/kc/print/load_data.html?order_code=212021020703169&kc_code=cgsh&condition= HTTP/1.1" 200 17407
117.131.5.26 - - [07/Feb/2021:10:33:12 +0800] "GET /xingrg/all/function/internal_message.html?_=1612665248330&CODE_STATE=getMsg HTTP/1.1" 200 27
114.88.166.193 - - [07/Feb/2021:10:33:15 +0800] "GET /xingrg/all/function/internal_message.html?_=1612665190951&CODE_STATE=getMsg HTTP/1.1" 200 27
116.228.172.94 - - [07/Feb/2021:10:33:18 +0800] "GET /xingrg/kc/buy/cgsh_order_operate.html?command=get_materiel&rest_code=00107&code=00101018007&supplier_code=00100330&order_time=2021-02-07 HTTP/1.1" 200 409
180.162.108.15 - - [07/Feb/2021:10:33:18 +0800] "GET /xingrg/all/function/internal_message.html?_=1612665036782&CODE_STATE=getMsg HTTP/1.1" 200 27
180.174.195.252 - - [07/Feb/2021:10:33:19 +0800] "GET /xingrg/check_reg.html?_=1612665444966 HTTP/1.1" 200 22
180.174.195.252 - - [07/Feb/2021:10:33:19 +0800] "GET /xingrg/all/function/internal_message.html?_=1612665445128&CODE_STATE=getMsg HTTP/1.1" 200 27
180.169.147.146 - - [07/Feb/2021:10:33:20 +0800] "GET /xingrg/check_reg.html?_=1612665186471 HTTP/1.1" 200 22
180.169.147.146 - - [07/Feb/2021:10:33:20 +0800] "GET /xingrg/all/function/internal_message.html?_=1612665186472&CODE_STATE=getMsg HTTP/1.1" 200 27
180.162.108.15 - - [07/Feb/2021:10:33:20 +0800] "GET /xingrg/kc/buy/cgsh_order_operate.html?command=get_materiel&rest_code=00143&code=00101008355&supplier_code=00100161&order_time=2021-02-05 HTTP/1.1" 200 408
116.224.253.72 - - [07/Feb/2021:10:33:23 +0800] "GET /xingrg/all/function/internal_message.html?_=1612665202341&CODE_STATE=getMsg HTTP/1.1" 200 27
58.37.230.33 - - [07/Feb/2021:10:33:24 +0800] "GET /xingrg/all/function/internal_message.html?_=1612665214181&CODE_STATE=getMsg HTTP/1.1" 200 27
58.37.230.33 - - [07/Feb/2021:10:33:24 +0800] "GET /xingrg/check_reg.html?_=1612665215431 HTTP/1.1" 200 22
58.37.230.33 - - [07/Feb/2021:10:33:24 +0800] "GET /xingrg/all/function/internal_message.html?_=1612665215433&CODE_STATE=getMsg HTTP/1.1" 200 27
117.184.7.26 - - [07/Feb/2021:10:33:24 +0800] "GET /xingrg/all/function/internal_message.html?_=1612665202191&CODE_STATE=getMsg HTTP/1.1" 200 27
116.228.172.94 - - [07/Feb/2021:10:33:25 +0800] "POST /xingrg/kc/buy/cgsh_order_operate.html HTTP/1.1" 200 37
180.169.147.146 - - [07/Feb/2021:10:33:26 +0800] "GET /xingrg/all/function/internal_message.html?_=1612665199622&CODE_STATE=getMsg HTTP/1.1" 200 27
116.228.172.94 - - [07/Feb/2021:10:33:27 +0800] "POST /xingrg/kc/buy/cgsh_order_operate.html HTTP/1.1" 200 3836
116.228.172.94 - - [07/Feb/2021:10:33:29 +0800] "GET /xingrg/kc/print/load_data.html?order_code=212021020703196&kc_code=cgsh&condition= HTTP/1.1" 200 1131
180.169.147.146 - - [07/Feb/2021:10:33:30 +0800] "GET /xingrg/all/function/internal_message.html?_=1612665207832&CODE_STATE=getMsg HTTP/1.1" 200 27
114.88.166.193 - - [07/Feb/2021:10:33:30 +0800] "GET /xingrg/all/function/internal_message.html?_=1612665205209&CODE_STATE=getMsg HTTP/1.1" 200 27
180.162.108.15 - - [07/Feb/2021:10:33:33 +0800] "GET /xingrg/kc/buy/cgsh_order_operate.html?command=get_materiel&rest_code=00143&code=00101008067&supplier_code=00100161&order_time=2021-02-05 HTTP/1.1" 200 416
116.228.172.94 - - [07/Feb/2021:10:33:33 +0800] "GET /xingrg/kc/buy/cgsh_order_add.html HTTP/1.1" 200 62192
116.228.172.94 - - [07/Feb/2021:10:33:34 +0800] "POST /xingrg/kc/buy/cgsh_order_operate.html HTTP/1.1" 200 8245
116.228.172.94 - - [07/Feb/2021:10:33:34 +0800] "GET /xingrg/javascript/easyui/themes/default/validatebox.css HTTP/1.1" 404 1104
116.228.172.94 - - [07/Feb/2021:10:33:36 +0800] "GET /xingrg/javascript/easyui/themes/default/tree.css HTTP/1.1" 404 1090
116.228.172.94 - - [07/Feb/2021:10:33:36 +0800] "POST /xingrg/all/common/load_tree.html?tree=supplier_tree_json&isDelete=1 HTTP/1.1" 200 54827
101.89.29.92 - - [07/Feb/2021:10:33:36 +0800] "GET /xingrg/all/function/internal_message.html?_=1612665155436&CODE_STATE=getMsg HTTP/1.1" 302 -
101.89.29.92 - - [07/Feb/2021:10:33:38 +0800] "GET /xingrg/login.html HTTP/1.1" 200 7641
180.162.108.15 - - [07/Feb/2021:10:33:45 +0800] "GET /xingrg/kc/buy/cgsh_order_operate.html?command=get_materiel&rest_code=00143&code=00101008024&supplier_code=00100161&order_time=2021-02-05 HTTP/1.1" 200 408
222.69.133.211 - - [07/Feb/2021:10:33:46 +0800] "GET /xingrg/all/function/internal_message.html?_=1612665223311&CODE_STATE=getMsg HTTP/1.1" 200 27
116.232.54.3 - - [07/Feb/2021:10:33:48 +0800] "GET /xingrg/all/function/internal_message.html?_=1612665226686&CODE_STATE=getMsg HTTP/1.1" 200 27
114.86.187.76 - - [07/Feb/2021:10:33:56 +0800] "GET /xingrg/kc/buy/cgsh_order_list.html HTTP/1.1" 200 46372
116.228.172.94 - - [07/Feb/2021:10:33:57 +0800] "GET /xingrg/kc/buy/cgsh_order_operate.html?command=get_materiel&rest_code=00107&code=00101010310&supplier_code=00100314&order_time=2021-02-07 HTTP/1.1" 200 423
116.227.208.86 - - [07/Feb/2021:10:33:58 +0800] "GET /xingrg/all/function/internal_message.html?_=1612665235655&CODE_STATE=getMsg HTTP/1.1" 200 27
114.86.187.76 - - [07/Feb/2021:10:33:58 +0800] "POST /xingrg/kc/buy/cgsh_list_operate.html HTTP/1.1" 200 4137
116.224.253.72 - - [07/Feb/2021:10:33:59 +0800] "GET /xingrg/kc/buy/cgsh_order_operate.html?command=get_materiel&rest_code=00151&code=00101008358&supplier_code=00100007&order_time=2021-02-07 HTTP/1.1" 200 412
180.162.108.15 - - [07/Feb/2021:10:34:02 +0800] "GET /xingrg/kc/buy/cgsh_order_operate.html?command=get_materiel&rest_code=00143&code=00101008356&supplier_code=00100161&order_time=2021-02-05 HTTP/1.1" 200 408
218.81.223.240 - - [07/Feb/2021:10:34:03 +0800] "GET /xingrg/all/function/internal_message.html?_=1612665271784&CODE_STATE=getMsg HTTP/1.1" 200 27
61.165.42.208 - - [07/Feb/2021:10:34:11 +0800] "GET /xingrg/all/function/internal_message.html?_=1612665249307&CODE_STATE=getMsg HTTP/1.1" 200 27
116.228.172.94 - - [07/Feb/2021:10:34:12 +0800] "POST /xingrg/kc/buy/cgsh_order_operate.html HTTP/1.1" 200 37
61.129.6.151 - - [07/Feb/2021:10:34:12 +0800] "GET /xingrg/all/function/internal_message.html?_=1612665095441&CODE_STATE=getMsg HTTP/1.1" 302 -
117.131.5.26 - - [07/Feb/2021:10:34:12 +0800] "GET /xingrg/all/function/internal_message.html?_=1612665308328&CODE_STATE=getMsg HTTP/1.1" 200 27
180.162.108.15 - - [07/Feb/2021:10:34:13 +0800] "GET /xingrg/kc/buy/cgsh_order_operate.html?command=get_materiel&rest_code=00143&code=00101008286&supplier_code=00100161&order_time=2021-02-05 HTTP/1.1" 200 408
116.228.172.94 - - [07/Feb/2021:10:34:14 +0800] "POST /xingrg/kc/buy/cgsh_order_operate.html HTTP/1.1" 200 2668
114.88.166.193 - - [07/Feb/2021:10:34:14 +0800] "GET /xingrg/check_reg.html?_=1612665250222 HTTP/1.1" 200 22
114.88.166.193 - - [07/Feb/2021:10:34:15 +0800] "GET /xingrg/all/function/internal_message.html?_=1612665250971&CODE_STATE=getMsg HTTP/1.1" 200 27
180.162.108.15 - - [07/Feb/2021:10:34:15 +0800] "GET /xingrg/system/info/materiel_import.html?isSelect=1&singleSelect=false HTTP/1.1" 200 5600
180.162.108.15 - - [07/Feb/2021:10:34:16 +0800] "POST /xingrg/all/common/load_tree.html?tree=materiel_sort_tree_json HTTP/1.1" 200 8666
180.162.108.15 - - [07/Feb/2021:10:34:16 +0800] "GET /favicon.ico HTTP/1.1" 404 -
116.228.172.94 - - [07/Feb/2021:10:34:16 +0800] "GET /xingrg/kc/print/load_data.html?order_code=212021020703197&kc_code=cgsh&condition= HTTP/1.1" 200 675
61.129.6.151 - - [07/Feb/2021:10:34:17 +0800] "GET /xingrg/login.html HTTP/1.1" 200 7641
180.162.108.15 - - [07/Feb/2021:10:34:18 +0800] "GET /xingrg/all/function/internal_message.html?_=1612665096800&CODE_STATE=getMsg HTTP/1.1" 200 27
180.174.195.252 - - [07/Feb/2021:10:34:20 +0800] "GET /xingrg/all/function/internal_message.html?_=1612665505142&CODE_STATE=getMsg HTTP/1.1" 200 27
180.169.147.146 - - [07/Feb/2021:10:34:20 +0800] "GET /xingrg/all/function/internal_message.html?_=1612665246472&CODE_STATE=getMsg HTTP/1.1" 200 27
116.228.172.94 - - [07/Feb/2021:10:34:20 +0800] "GET /xingrg/kc/buy/cgsh_order_add.html HTTP/1.1" 200 62192
116.228.172.94 - - [07/Feb/2021:10:34:21 +0800] "GET /xingrg/javascript/easyui/themes/default/validatebox.css HTTP/1.1" 404 1104
116.228.172.94 - - [07/Feb/2021:10:34:21 +0800] "POST /xingrg/kc/buy/cgsh_order_operate.html HTTP/1.1" 200 8245
116.228.172.94 - - [07/Feb/2021:10:34:22 +0800] "GET /xingrg/javascript/easyui/themes/default/tree.css HTTP/1.1" 404 1090
116.228.172.94 - - [07/Feb/2021:10:34:22 +0800] "POST /xingrg/all/common/load_tree.html?tree=supplier_tree_json&isDelete=1 HTTP/1.1" 200 54827
116.224.253.72 - - [07/Feb/2021:10:34:23 +0800] "GET /xingrg/all/function/internal_message.html?_=1612665262337&CODE_STATE=getMsg HTTP/1.1" 200 27
117.184.7.26 - - [07/Feb/2021:10:34:23 +0800] "GET /xingrg/check_reg.html?_=1612665261353 HTTP/1.1" 200 22
58.37.230.33 - - [07/Feb/2021:10:34:24 +0800] "GET /xingrg/all/function/internal_message.html?_=1612665274179&CODE_STATE=getMsg HTTP/1.1" 200 27
58.37.230.33 - - [07/Feb/2021:10:34:24 +0800] "GET /xingrg/all/function/internal_message.html?_=1612665275428&CODE_STATE=getMsg HTTP/1.1" 200 27
117.184.7.26 - - [07/Feb/2021:10:34:24 +0800] "GET /xingrg/all/function/internal_message.html?_=1612665262165&CODE_STATE=getMsg HTTP/1.1" 200 27
180.169.147.146 - - [07/Feb/2021:10:34:26 +0800] "GET /xingrg/all/function/internal_message.html?_=1612665259595&CODE_STATE=getMsg HTTP/1.1" 200 27
180.169.147.146 - - [07/Feb/2021:10:34:30 +0800] "GET /xingrg/all/function/internal_message.html?_=1612665267837&CODE_STATE=getMsg HTTP/1.1" 200 27
114.88.166.193 - - [07/Feb/2021:10:34:30 +0800] "GET /xingrg/all/function/internal_message.html?_=1612665265207&CODE_STATE=getMsg HTTP/1.1" 200 27
180.162.108.15 - - [07/Feb/2021:10:34:32 +0800] "GET /xingrg/kc/buy/cgsh_order_operate.html?command=get_materiel&rest_code=00143&code=00101008350&supplier_code=00100161&order_time=2021-02-05 HTTP/1.1" 200 408
116.224.253.72 - - [07/Feb/2021:10:34:39 +0800] "POST /xingrg/kc/buy/cgsh_order_operate.html HTTP/1.1" 200 37
116.228.172.94 - - [07/Feb/2021:10:34:41 +0800] "GET /xingrg/kc/buy/cgsh_order_operate.html?command=get_materiel&rest_code=00107&code=00101008394&supplier_code=00100327&order_time=2021-02-07 HTTP/1.1" 200 413
114.86.187.76 - - [07/Feb/2021:10:34:42 +0800] "GET /xingrg/javascript/auto/indicator.gif HTTP/1.1" 404 1066
116.224.253.72 - - [07/Feb/2021:10:34:43 +0800] "POST /xingrg/kc/buy/cgsh_order_operate.html HTTP/1.1" 200 12
116.224.253.72 - - [07/Feb/2021:10:34:44 +0800] "GET /xingrg/kc/buy/cgsh_order_info.html?code=212021020703195 HTTP/1.1" 200 56648
116.224.253.72 - - [07/Feb/2021:10:34:44 +0800] "GET /xingrg/words/20210207093423_words.js HTTP/1.1" 304 -
116.224.253.72 - - [07/Feb/2021:10:34:44 +0800] "GET /xingrg/javascript/easyui/themes/default/validatebox.css HTTP/1.1" 404 1104
116.224.253.72 - - [07/Feb/2021:10:34:45 +0800] "POST /xingrg/kc/buy/cgsh_order_operate.html HTTP/1.1" 200 24502
180.162.108.15 - - [07/Feb/2021:10:34:46 +0800] "GET /xingrg/kc/buy/cgsh_order_operate.html?command=get_materiel&rest_code=00143&code=00101008357&supplier_code=00100161&order_time=2021-02-05 HTTP/1.1" 200 408
222.69.133.211 - - [07/Feb/2021:10:34:46 +0800] "GET /xingrg/all/function/internal_message.html?_=1612665283297&CODE_STATE=getMsg HTTP/1.1" 200 27
116.224.253.72 - - [07/Feb/2021:10:34:46 +0800] "GET /xingrg/kc/print/load_data.html?order_code=212021020703195&kc_code=cgsh&condition= HTTP/1.1" 200 9952
116.232.54.3 - - [07/Feb/2021:10:34:48 +0800] "GET /xingrg/all/function/internal_message.html?_=1612665286687&CODE_STATE=getMsg HTTP/1.1" 200 27
114.86.187.76 - - [07/Feb/2021:10:34:49 +0800] "POST /xingrg/kc/buy/cgsh_list_operate.html HTTP/1.1" 200 5832
114.86.187.76 - - [07/Feb/2021:10:34:52 +0800] "POST /xingrg/kc/buy/cgsh_list_operate.html HTTP/1.1" 200 213
180.162.108.15 - - [07/Feb/2021:10:34:52 +0800] "GET /xingrg/javascript/jquery_easy_ui/themes/default/images/tabs_active.png HTTP/1.1" 200 2894
116.224.253.72 - - [07/Feb/2021:10:34:53 +0800] "GET /xingrg/kc/buy/cgsh_order_list.html HTTP/1.1" 200 46370
116.224.253.72 - - [07/Feb/2021:10:34:54 +0800] "POST /xingrg/kc/buy/cgsh_list_operate.html HTTP/1.1" 200 1696
116.224.253.72 - - [07/Feb/2021:10:34:56 +0800] "POST /xingrg/kc/buy/cgsh_list_operate.html HTTP/1.1" 200 330
116.228.172.94 - - [07/Feb/2021:10:34:57 +0800] "GET /xingrg/kc/buy/cgsh_order_operate.html?command=get_materiel&rest_code=00107&code=00101008486&supplier_code=00100327&order_time=2021-02-07 HTTP/1.1" 200 400
101.91.62.89 - - [07/Feb/2021:10:34:57 +0800] "GET /xingrg/all/function/internal_message.html?_=1612665035431&CODE_STATE=getMsg HTTP/1.1" 302 -
116.224.253.72 - - [07/Feb/2021:10:34:57 +0800] "GET /xingrg/kc/buy/cgsh_order_info.html?code=212021020703173 HTTP/1.1" 200 61759
116.227.208.86 - - [07/Feb/2021:10:34:58 +0800] "GET /xingrg/all/function/internal_message.html?_=1612665295658&CODE_STATE=getMsg HTTP/1.1" 200 27
116.224.253.72 - - [07/Feb/2021:10:34:58 +0800] "GET /xingrg/javascript/easyui/themes/default/validatebox.css HTTP/1.1" 404 1104
116.224.253.72 - - [07/Feb/2021:10:34:58 +0800] "POST /xingrg/kc/buy/cgsh_order_operate.html HTTP/1.1" 200 3390
180.162.108.15 - - [07/Feb/2021:10:34:59 +0800] "POST /xingrg/kc/buy/cgsh_order_operate.html HTTP/1.1" 200 2065
101.91.62.89 - - [07/Feb/2021:10:34:59 +0800] "GET /xingrg/login.html HTTP/1.1" 200 7641
114.86.187.76 - - [07/Feb/2021:10:35:00 +0800] "POST /xingrg/kc/buy/cgsh_list_operate.html HTTP/1.1" 200 213
180.162.108.15 - - [07/Feb/2021:10:35:03 +0800] "POST /xingrg/kc/buy/cgsh_order_operate.html HTTP/1.1" 200 2065
218.81.223.240 - - [07/Feb/2021:10:35:04 +0800] "GET /xingrg/all/function/internal_message.html?_=1612665332062&CODE_STATE=getMsg HTTP/1.1" 200 27
114.86.187.76 - - [07/Feb/2021:10:35:04 +0800] "POST /xingrg/kc/buy/cgsh_list_operate.html HTTP/1.1" 200 5960
116.228.172.94 - - [07/Feb/2021:10:35:10 +0800] "GET /xingrg/all/function/internal_message.html?_=1612665309185&CODE_STATE=getMsg HTTP/1.1" 200 27
61.165.42.208 - - [07/Feb/2021:10:35:11 +0800] "GET /xingrg/all/function/internal_message.html?_=1612665309308&CODE_STATE=getMsg HTTP/1.1" 200 27
117.131.5.26 - - [07/Feb/2021:10:35:12 +0800] "GET /xingrg/check_reg.html?_=1612665368328 HTTP/1.1" 200 22
117.131.5.26 - - [07/Feb/2021:10:35:12 +0800] "GET /xingrg/all/function/internal_message.html?_=1612665368330&CODE_STATE=getMsg HTTP/1.1" 200 27
114.88.166.193 - - [07/Feb/2021:10:35:15 +0800] "GET /xingrg/all/function/internal_message.html?_=1612665310975&CODE_STATE=getMsg HTTP/1.1" 200 27
180.162.108.15 - - [07/Feb/2021:10:35:15 +0800] "GET /xingrg/kc/buy/cgsh_order_operate.html?command=get_materiel&rest_code=00143&code=00101008234&supplier_code=00100161&order_time=2021-02-05 HTTP/1.1" 200 408
114.86.187.76 - - [07/Feb/2021:10:35:15 +0800] "POST /xingrg/kc/buy/cgsh_list_operate.html HTTP/1.1" 200 5832
116.228.172.94 - - [07/Feb/2021:10:35:16 +0800] "GET /xingrg/kc/buy/cgsh_order_operate.html?command=get_materiel&rest_code=00107&code=00101001177&supplier_code=00100327&order_time=2021-02-07 HTTP/1.1" 200 414
180.162.108.15 - - [07/Feb/2021:10:35:18 +0800] "GET /xingrg/all/function/internal_message.html?_=1612665156784&CODE_STATE=getMsg HTTP/1.1" 200 27
180.174.195.252 - - [07/Feb/2021:10:35:20 +0800] "GET /xingrg/all/function/internal_message.html?_=1612665565157&CODE_STATE=getMsg HTTP/1.1" 200 27
180.169.147.146 - - [07/Feb/2021:10:35:20 +0800] "GET /xingrg/all/function/internal_message.html?_=1612665306467&CODE_STATE=getMsg HTTP/1.1" 200 27
180.162.108.15 - - [07/Feb/2021:10:35:20 +0800] "GET /xingrg/system/info/materiel_import.html?isSelect=1&singleSelect=false HTTP/1.1" 200 5600
180.162.108.15 - - [07/Feb/2021:10:35:21 +0800] "POST /xingrg/all/common/load_tree.html?tree=materiel_sort_tree_json HTTP/1.1" 200 8666
180.162.108.15 - - [07/Feb/2021:10:35:21 +0800] "GET /favicon.ico HTTP/1.1" 404 -
116.224.253.72 - - [07/Feb/2021:10:35:23 +0800] "GET /xingrg/all/function/internal_message.html?_=1612665322427&CODE_STATE=getMsg HTTP/1.1" 200 27
58.37.230.33 - - [07/Feb/2021:10:35:24 +0800] "GET /xingrg/all/function/internal_message.html?_=1612665334182&CODE_STATE=getMsg HTTP/1.1" 200 27
58.37.230.33 - - [07/Feb/2021:10:35:24 +0800] "GET /xingrg/all/function/internal_message.html?_=1612665335431&CODE_STATE=getMsg HTTP/1.1" 200 27
117.184.7.26 - - [07/Feb/2021:10:35:24 +0800] "GET /xingrg/all/function/internal_message.html?_=1612665322149&CODE_STATE=getMsg HTTP/1.1" 200 27
180.169.147.146 - - [07/Feb/2021:10:35:26 +0800] "GET /xingrg/all/function/internal_message.html?_=1612665319574&CODE_STATE=getMsg HTTP/1.1" 200 27
114.86.187.76 - - [07/Feb/2021:10:35:26 +0800] "POST /xingrg/kc/buy/cgsh_list_operate.html HTTP/1.1" 200 5960
116.228.172.94 - - [07/Feb/2021:10:35:30 +0800] "POST /xingrg/kc/buy/cgsh_order_operate.html HTTP/1.1" 200 37
180.169.147.146 - - [07/Feb/2021:10:35:30 +0800] "GET /xingrg/check_reg.html?_=1612665327844 HTTP/1.1" 200 22
180.169.147.146 - - [07/Feb/2021:10:35:30 +0800] "GET /xingrg/all/function/internal_message.html?_=1612665327848&CODE_STATE=getMsg HTTP/1.1" 200 27
114.88.166.193 - - [07/Feb/2021:10:35:30 +0800] "GET /xingrg/all/function/internal_message.html?_=1612665325209&CODE_STATE=getMsg HTTP/1.1" 200 27
116.228.172.94 - - [07/Feb/2021:10:35:33 +0800] "POST /xingrg/kc/buy/cgsh_order_operate.html HTTP/1.1" 200 3846
114.86.187.76 - - [07/Feb/2021:10:35:34 +0800] "POST /xingrg/kc/buy/cgsh_list_operate.html HTTP/1.1" 200 5832
116.228.172.94 - - [07/Feb/2021:10:35:35 +0800] "GET /xingrg/kc/print/load_data.html?order_code=212021020703198&kc_code=cgsh&condition= HTTP/1.1" 200 1129
116.228.172.94 - - [07/Feb/2021:10:35:39 +0800] "GET /xingrg/kc/buy/cgsh_order_add.html HTTP/1.1" 200 62192
116.228.172.94 - - [07/Feb/2021:10:35:40 +0800] "GET /xingrg/javascript/easyui/themes/default/validatebox.css HTTP/1.1" 404 1104
116.228.172.94 - - [07/Feb/2021:10:35:40 +0800] "POST /xingrg/kc/buy/cgsh_order_operate.html HTTP/1.1" 200 8245
116.228.172.94 - - [07/Feb/2021:10:35:41 +0800] "GET /xingrg/javascript/easyui/themes/default/tree.css HTTP/1.1" 404 1090
116.228.172.94 - - [07/Feb/2021:10:35:41 +0800] "POST /xingrg/all/common/load_tree.html?tree=supplier_tree_json&isDelete=1 HTTP/1.1" 200 54827
222.69.133.211 - - [07/Feb/2021:10:35:46 +0800] "GET /xingrg/all/function/internal_message.html?_=1612665343287&CODE_STATE=getMsg HTTP/1.1" 200 27
222.69.133.211 - - [07/Feb/2021:10:35:48 +0800] "GET /xingrg/check_reg.html?_=1612665345476 HTTP/1.1" 200 22
116.232.54.3 - - [07/Feb/2021:10:35:48 +0800] "GET /xingrg/all/function/internal_message.html?_=1612665346688&CODE_STATE=getMsg HTTP/1.1" 200 27
114.86.187.76 - - [07/Feb/2021:10:35:55 +0800] "POST /xingrg/kc/buy/cgsh_list_operate.html HTTP/1.1" 200 5960
116.227.208.86 - - [07/Feb/2021:10:35:58 +0800] "GET /xingrg/check_reg.html?_=1612665355659 HTTP/1.1" 200 22
116.227.208.86 - - [07/Feb/2021:10:35:58 +0800] "GET /xingrg/all/function/internal_message.html?_=1612665355661&CODE_STATE=getMsg HTTP/1.1" 200 27
180.162.108.15 - - [07/Feb/2021:10:35:59 +0800] "GET /xingrg/kc/buy/cgsh_order_operate.html?command=get_materiel&rest_code=00143&code=00101008264&supplier_code=00100161&order_time=2021-02-05 HTTP/1.1" 200 412
218.81.223.240 - - [07/Feb/2021:10:36:04 +0800] "GET /xingrg/all/function/internal_message.html?_=1612665392068&CODE_STATE=getMsg HTTP/1.1" 200 27
116.228.172.94 - - [07/Feb/2021:10:36:04 +0800] "GET /xingrg/kc/buy/cgsh_order_operate.html?command=get_materiel&rest_code=00107&code=00101020307&supplier_code=00100326&order_time=2021-02-07 HTTP/1.1" 200 400
116.228.172.94 - - [07/Feb/2021:10:36:10 +0800] "GET /xingrg/all/function/internal_message.html?_=1612665369165&CODE_STATE=getMsg HTTP/1.1" 200 27
61.165.42.208 - - [07/Feb/2021:10:36:11 +0800] "GET /xingrg/all/function/internal_message.html?_=1612665369318&CODE_STATE=getMsg HTTP/1.1" 200 27
61.165.42.208 - - [07/Feb/2021:10:36:11 +0800] "GET /xingrg/check_reg.html?_=1612665369319 HTTP/1.1" 200 22
180.162.108.15 - - [07/Feb/2021:10:36:11 +0800] "GET /xingrg/kc/buy/cgsh_order_operate.html?command=get_materiel&rest_code=00143&code=00101008298&supplier_code=00100161&order_time=2021-02-05 HTTP/1.1" 200 413
117.131.5.26 - - [07/Feb/2021:10:36:12 +0800] "GET /xingrg/all/function/internal_message.html?_=1612665428321&CODE_STATE=getMsg HTTP/1.1" 200 27
114.88.166.193 - - [07/Feb/2021:10:36:15 +0800] "GET /xingrg/all/function/internal_message.html?_=1612665370992&CODE_STATE=getMsg HTTP/1.1" 200 27
116.228.172.94 - - [07/Feb/2021:10:36:18 +0800] "POST /xingrg/kc/buy/cgsh_order_operate.html HTTP/1.1" 200 37
180.162.108.15 - - [07/Feb/2021:10:36:18 +0800] "GET /xingrg/all/function/internal_message.html?_=1612665216798&CODE_STATE=getMsg HTTP/1.1" 200 27
180.169.147.146 - - [07/Feb/2021:10:36:20 +0800] "GET /xingrg/all/function/internal_message.html?_=1612665366475&CODE_STATE=getMsg HTTP/1.1" 200 27
180.174.195.252 - - [07/Feb/2021:10:36:20 +0800] "GET /xingrg/all/function/internal_message.html?_=1612665625432&CODE_STATE=getMsg HTTP/1.1" 200 27
116.228.172.94 - - [07/Feb/2021:10:36:21 +0800] "POST /xingrg/kc/buy/cgsh_order_operate.html HTTP/1.1" 200 2659
180.162.108.15 - - [07/Feb/2021:10:36:22 +0800] "GET /xingrg/kc/buy/cgsh_order_operate.html?command=get_materiel&rest_code=00143&code=00101008300&supplier_code=00100161&order_time=2021-02-05 HTTP/1.1" 200 412
116.228.172.94 - - [07/Feb/2021:10:36:22 +0800] "GET /xingrg/kc/print/load_data.html?order_code=212021020703199&kc_code=cgsh&condition= HTTP/1.1" 200 678
116.224.253.72 - - [07/Feb/2021:10:36:23 +0800] "GET /xingrg/all/function/internal_message.html?_=1612665382346&CODE_STATE=getMsg HTTP/1.1" 200 27
116.224.253.72 - - [07/Feb/2021:10:36:23 +0800] "GET /xingrg/check_reg.html?_=1612665382348 HTTP/1.1" 200 22
58.37.230.33 - - [07/Feb/2021:10:36:24 +0800] "GET /xingrg/check_reg.html?_=1612665394190 HTTP/1.1" 200 22
58.37.230.33 - - [07/Feb/2021:10:36:24 +0800] "GET /xingrg/all/function/internal_message.html?_=1612665394191&CODE_STATE=getMsg HTTP/1.1" 200 27
58.37.230.33 - - [07/Feb/2021:10:36:24 +0800] "GET /xingrg/all/function/internal_message.html?_=1612665395432&CODE_STATE=getMsg HTTP/1.1" 200 27
117.184.7.26 - - [07/Feb/2021:10:36:24 +0800] "GET /xingrg/all/function/internal_message.html?_=1612665382134&CODE_STATE=getMsg HTTP/1.1" 200 27
180.162.108.15 - - [07/Feb/2021:10:36:25 +0800] "GET /xingrg/system/info/materiel_import.html?isSelect=1&singleSelect=false HTTP/1.1" 200 5600
180.162.108.15 - - [07/Feb/2021:10:36:25 +0800] "POST /xingrg/all/common/load_tree.html?tree=materiel_sort_tree_json HTTP/1.1" 200 8666
180.162.108.15 - - [07/Feb/2021:10:36:25 +0800] "GET /favicon.ico HTTP/1.1" 404 -
180.169.147.146 - - [07/Feb/2021:10:36:26 +0800] "GET /xingrg/all/function/internal_message.html?_=1612665379548&CODE_STATE=getMsg HTTP/1.1" 200 27
116.228.172.94 - - [07/Feb/2021:10:36:27 +0800] "GET /xingrg/kc/buy/cgsh_order_add.html HTTP/1.1" 200 62192
116.228.172.94 - - [07/Feb/2021:10:36:27 +0800] "GET /xingrg/words/20210207093423_words.js HTTP/1.1" 304 -
58.37.230.33 - - [07/Feb/2021:10:36:27 +0800] "GET /xingrg/javascript/auto/indicator.gif HTTP/1.1" 404 1066
116.228.172.94 - - [07/Feb/2021:10:36:28 +0800] "GET /xingrg/javascript/easyui/themes/default/validatebox.css HTTP/1.1" 404 1104
116.228.172.94 - - [07/Feb/2021:10:36:28 +0800] "POST /xingrg/kc/buy/cgsh_order_operate.html HTTP/1.1" 200 8245
58.37.230.33 - - [07/Feb/2021:10:36:28 +0800] "GET /xingrg/javascript/jquery_tools/images/prev.gif HTTP/1.1" 404 1086
58.37.230.33 - - [07/Feb/2021:10:36:28 +0800] "GET /xingrg/javascript/jquery_tools/images/next.gif HTTP/1.1" 404 1086
116.228.172.94 - - [07/Feb/2021:10:36:29 +0800] "GET /xingrg/javascript/easyui/themes/default/tree.css HTTP/1.1" 404 1090
116.228.172.94 - - [07/Feb/2021:10:36:29 +0800] "POST /xingrg/all/common/load_tree.html?tree=supplier_tree_json&isDelete=1 HTTP/1.1" 200 54827
180.169.147.146 - - [07/Feb/2021:10:36:30 +0800] "GET /xingrg/all/function/internal_message.html?_=1612665387835&CODE_STATE=getMsg HTTP/1.1" 200 27
114.88.166.193 - - [07/Feb/2021:10:36:30 +0800] "GET /xingrg/all/function/internal_message.html?_=1612665385210&CODE_STATE=getMsg HTTP/1.1" 200 27
114.86.187.76 - - [07/Feb/2021:10:36:32 +0800] "GET /xingrg/kc/buy/cgsh_order_list.html HTTP/1.1" 200 46372
114.86.187.76 - - [07/Feb/2021:10:36:34 +0800] "POST /xingrg/kc/buy/cgsh_list_operate.html HTTP/1.1" 200 4137
114.86.187.76 - - [07/Feb/2021:10:36:39 +0800] "POST /xingrg/kc/buy/cgsh_list_operate.html HTTP/1.1" 200 279
61.165.42.208 - - [07/Feb/2021:10:36:40 +0800] "GET /xingrg/kc/buy/cgsh_order_list.html HTTP/1.1" 200 46366
114.86.187.76 - - [07/Feb/2021:10:36:40 +0800] "POST /xingrg/kc/buy/cgsh_list_operate.html HTTP/1.1" 200 199
61.165.42.208 - - [07/Feb/2021:10:36:41 +0800] "POST /xingrg/kc/buy/cgsh_list_operate.html HTTP/1.1" 200 2771
61.165.42.208 - - [07/Feb/2021:10:36:43 +0800] "GET /xingrg/kc/buy/cgsh_order_add.html HTTP/1.1" 200 62151
180.162.108.15 - - [07/Feb/2021:10:36:43 +0800] "GET /xingrg/kc/buy/cgsh_order_operate.html?command=get_materiel&rest_code=00143&code=00101008354&supplier_code=00100161&order_time=2021-02-05 HTTP/1.1" 200 412
61.165.42.208 - - [07/Feb/2021:10:36:43 +0800] "GET /xingrg/javascript/easyui/themes/default/validatebox.css HTTP/1.1" 404 1104
61.165.42.208 - - [07/Feb/2021:10:36:43 +0800] "POST /xingrg/kc/buy/cgsh_order_operate.html HTTP/1.1" 200 8245
116.228.172.94 - - [07/Feb/2021:10:36:46 +0800] "GET /xingrg/kc/buy/cgsh_order_operate.html?command=get_materiel&rest_code=00107&code=00101001125&supplier_code=00100090&order_time=2021-02-07 HTTP/1.1" 200 414
222.69.133.211 - - [07/Feb/2021:10:36:46 +0800] "GET /xingrg/all/function/internal_message.html?_=1612665403263&CODE_STATE=getMsg HTTP/1.1" 200 27
116.232.54.3 - - [07/Feb/2021:10:36:48 +0800] "GET /xingrg/all/function/internal_message.html?_=1612665406689&CODE_STATE=getMsg HTTP/1.1" 200 27
116.232.54.3 - - [07/Feb/2021:10:36:48 +0800] "GET /xingrg/check_reg.html?_=1612665406689 HTTP/1.1" 200 22
58.37.230.33 - - [07/Feb/2021:10:36:49 +0800] "GET /xingrg/kc/buy/cgsh_order_operate.html?command=get_materiel&rest_code=00141&code=00101008257&supplier_code=00100007&order_time=2021-02-07 HTTP/1.1" 200 416
114.86.187.76 - - [07/Feb/2021:10:36:54 +0800] "POST /xingrg/kc/buy/cgsh_list_operate.html HTTP/1.1" 200 5832
61.165.42.208 - - [07/Feb/2021:10:36:55 +0800] "GET /xingrg/kc/buy/cgsh_order_operate.html?command=get_materiel&rest_code=00105&code=00101009001&supplier_code=00100024&order_time=2021-02-07 HTTP/1.1" 200 416
180.162.108.15 - - [07/Feb/2021:10:36:55 +0800] "GET /xingrg/kc/buy/cgsh_order_operate.html?command=get_materiel&rest_code=00143&code=00101008377&supplier_code=00100161&order_time=2021-02-05 HTTP/1.1" 200 408
58.37.230.33 - - [07/Feb/2021:10:36:57 +0800] "GET /xingrg/kc/buy/cgsh_order_operate.html?command=get_materiel&rest_code=00141&code=00101008337&supplier_code=00100007&order_time=2021-02-07 HTTP/1.1" 200 408
116.227.208.86 - - [07/Feb/2021:10:36:58 +0800] "GET /xingrg/all/function/internal_message.html?_=1612665415662&CODE_STATE=getMsg HTTP/1.1" 200 27
116.228.172.94 - - [07/Feb/2021:10:37:03 +0800] "GET /xingrg/kc/buy/cgsh_order_operate.html?command=get_materiel&rest_code=00107&code=00101001044&supplier_code=00100090&order_time=2021-02-07 HTTP/1.1" 200 430
218.81.223.240 - - [07/Feb/2021:10:37:04 +0800] "GET /xingrg/all/function/internal_message.html?_=1612665452327&CODE_STATE=getMsg HTTP/1.1" 200 27
114.86.187.76 - - [07/Feb/2021:10:37:05 +0800] "POST /xingrg/kc/buy/cgsh_list_operate.html HTTP/1.1" 200 385
114.86.187.76 - - [07/Feb/2021:10:37:07 +0800] "POST /xingrg/kc/buy/cgsh_list_operate.html HTTP/1.1" 200 213
61.165.42.208 - - [07/Feb/2021:10:37:09 +0800] "GET /xingrg/kc/buy/cgsh_order_operate.html?command=get_materiel&rest_code=00105&code=00101009062&supplier_code=00100024&order_time=2021-02-07 HTTP/1.1" 200 412
116.228.172.94 - - [07/Feb/2021:10:37:10 +0800] "GET /xingrg/all/function/internal_message.html?_=1612665429139&CODE_STATE=getMsg HTTP/1.1" 200 27
180.162.108.15 - - [07/Feb/2021:10:37:10 +0800] "GET /xingrg/kc/buy/cgsh_order_operate.html?command=get_materiel&rest_code=00143&code=00101008323&supplier_code=00100161&order_time=2021-02-05 HTTP/1.1" 200 408
61.165.42.208 - - [07/Feb/2021:10:37:11 +0800] "GET /xingrg/all/function/internal_message.html?_=1612665429317&CODE_STATE=getMsg HTTP/1.1" 200 27
117.131.5.26 - - [07/Feb/2021:10:37:12 +0800] "GET /xingrg/all/function/internal_message.html?_=1612665488319&CODE_STATE=getMsg HTTP/1.1" 200 27
114.86.187.76 - - [07/Feb/2021:10:37:13 +0800] "POST /xingrg/kc/buy/cgsh_list_operate.html HTTP/1.1" 200 631
58.37.230.33 - - [07/Feb/2021:10:37:14 +0800] "GET /xingrg/kc/buy/cgsh_order_operate.html?command=get_materiel&rest_code=00141&code=00101008354&supplier_code=00100007&order_time=2021-02-07 HTTP/1.1" 200 412
114.86.187.76 - - [07/Feb/2021:10:37:14 +0800] "POST /xingrg/kc/buy/cgsh_list_operate.html HTTP/1.1" 200 662
120.253.135.82 - - [07/Feb/2021:10:37:15 +0800] "POST /xingrg/kc/pszx/mdps_list_operate.html HTTP/1.1" 200 4950
114.86.187.76 - - [07/Feb/2021:10:37:15 +0800] "POST /xingrg/kc/buy/cgsh_list_operate.html HTTP/1.1" 200 213
114.88.166.193 - - [07/Feb/2021:10:37:15 +0800] "GET /xingrg/all/function/internal_message.html?_=1612665431303&CODE_STATE=getMsg HTTP/1.1" 200 27
116.228.172.94 - - [07/Feb/2021:10:37:15 +0800] "GET /xingrg/kc/buy/cgsh_order_operate.html?command=get_materiel&rest_code=00107&code=00101001093&supplier_code=00100090&order_time=2021-02-07 HTTP/1.1" 200 409
61.165.42.208 - - [07/Feb/2021:10:37:17 +0800] "GET /xingrg/kc/buy/cgsh_order_operate.html?command=get_materiel&rest_code=00105&code=00101009045&supplier_code=00100024&order_time=2021-02-07 HTTP/1.1" 200 412
120.253.135.82 - - [07/Feb/2021:10:37:18 +0800] "POST /xingrg/kc/pszx/mdps_list_operate.html HTTP/1.1" 200 597
114.86.187.76 - - [07/Feb/2021:10:37:18 +0800] "POST /xingrg/kc/buy/cgsh_list_operate.html HTTP/1.1" 200 213
180.162.108.15 - - [07/Feb/2021:10:37:18 +0800] "GET /xingrg/check_reg.html?_=1612665276780 HTTP/1.1" 200 22
180.162.108.15 - - [07/Feb/2021:10:37:18 +0800] "GET /xingrg/all/function/internal_message.html?_=1612665276784&CODE_STATE=getMsg HTTP/1.1" 200 27
114.86.187.76 - - [07/Feb/2021:10:37:19 +0800] "POST /xingrg/kc/buy/cgsh_list_operate.html HTTP/1.1" 200 213
58.37.230.33 - - [07/Feb/2021:10:37:19 +0800] "GET /xingrg/kc/buy/cgsh_order_operate.html?command=get_materiel&rest_code=00141&code=00101008010&supplier_code=00100007&order_time=2021-02-07 HTTP/1.1" 200 412
120.253.135.82 - - [07/Feb/2021:10:37:19 +0800] "POST /xingrg/kc/pszx/mdps_list_operate.html HTTP/1.1" 200 529
180.169.147.146 - - [07/Feb/2021:10:37:20 +0800] "GET /xingrg/all/function/internal_message.html?_=1612665426471&CODE_STATE=getMsg HTTP/1.1" 200 27
180.174.195.252 - - [07/Feb/2021:10:37:20 +0800] "GET /xingrg/all/function/internal_message.html?_=1612665685441&CODE_STATE=getMsg HTTP/1.1" 200 27
120.253.135.82 - - [07/Feb/2021:10:37:20 +0800] "GET /xingrg/kc/pszx/mdps_order_info.html?code=312021020500182 HTTP/1.1" 200 23881
120.253.135.82 - - [07/Feb/2021:10:37:20 +0800] "GET /xingrg/words/20210207093423_words.js HTTP/1.1" 200 794926
120.253.135.82 - - [07/Feb/2021:10:37:21 +0800] "POST /xingrg/kc/pszx/mdps_order_operate.html HTTP/1.1" 200 4254
120.253.135.82 - - [07/Feb/2021:10:37:21 +0800] "GET /xingrg/javascript/easyui/themes/default/validatebox.css HTTP/1.1" 404 1104
120.253.135.82 - - [07/Feb/2021:10:37:22 +0800] "POST /xingrg/kc/pszx/mdps_list_operate.html HTTP/1.1" 200 4950
116.224.253.72 - - [07/Feb/2021:10:37:23 +0800] "GET /xingrg/all/function/internal_message.html?_=1612665442340&CODE_STATE=getMsg HTTP/1.1" 200 27
58.37.230.33 - - [07/Feb/2021:10:37:24 +0800] "GET /xingrg/all/function/internal_message.html?_=1612665454183&CODE_STATE=getMsg HTTP/1.1" 200 27
58.37.230.33 - - [07/Feb/2021:10:37:24 +0800] "GET /xingrg/all/function/internal_message.html?_=1612665455426&CODE_STATE=getMsg HTTP/1.1" 200 27
117.184.7.26 - - [07/Feb/2021:10:37:24 +0800] "GET /xingrg/all/function/internal_message.html?_=1612665442121&CODE_STATE=getMsg HTTP/1.1" 200 27
116.228.172.94 - - [07/Feb/2021:10:37:24 +0800] "POST /xingrg/kc/buy/cgsh_order_operate.html HTTP/1.1" 200 37
58.37.230.33 - - [07/Feb/2021:10:37:26 +0800] "GET /xingrg/kc/buy/cgsh_order_operate.html?command=get_materiel&rest_code=00141&code=00101008110&supplier_code=00100007&order_time=2021-02-07 HTTP/1.1" 200 408
116.228.172.94 - - [07/Feb/2021:10:37:26 +0800] "POST /xingrg/kc/buy/cgsh_order_operate.html HTTP/1.1" 200 3847
180.169.147.146 - - [07/Feb/2021:10:37:26 +0800] "GET /xingrg/all/function/internal_message.html?_=1612665439518&CODE_STATE=getMsg HTTP/1.1" 200 27
180.169.147.146 - - [07/Feb/2021:10:37:26 +0800] "GET /xingrg/check_reg.html?_=1612665439728 HTTP/1.1" 200 22
61.165.42.208 - - [07/Feb/2021:10:37:27 +0800] "GET /xingrg/kc/buy/cgsh_order_operate.html?command=get_materiel&rest_code=00105&code=00101009010&supplier_code=00100024&order_time=2021-02-07 HTTP/1.1" 200 412
116.228.172.94 - - [07/Feb/2021:10:37:27 +0800] "GET /xingrg/kc/print/load_data.html?order_code=212021020703200&kc_code=cgsh&condition= HTTP/1.1" 200 1191
120.253.135.82 - - [07/Feb/2021:10:37:28 +0800] "POST /xingrg/kc/pszx/mdps_list_operate.html HTTP/1.1" 200 649
116.228.172.94 - - [07/Feb/2021:10:37:28 +0800] "GET /xingrg/check_reg.html?_=1612665447513 HTTP/1.1" 200 22
120.253.135.82 - - [07/Feb/2021:10:37:29 +0800] "GET /xingrg/kc/pszx/mdps_order_info.html?code=312021020600204 HTTP/1.1" 200 23881
120.253.135.82 - - [07/Feb/2021:10:37:29 +0800] "POST /xingrg/kc/pszx/mdps_order_operate.html HTTP/1.1" 200 26918
120.253.135.82 - - [07/Feb/2021:10:37:29 +0800] "GET /xingrg/javascript/easyui/themes/default/validatebox.css HTTP/1.1" 404 1104
180.169.147.146 - - [07/Feb/2021:10:37:30 +0800] "GET /xingrg/all/function/internal_message.html?_=1612665447834&CODE_STATE=getMsg HTTP/1.1" 200 27
114.88.166.193 - - [07/Feb/2021:10:37:30 +0800] "GET /xingrg/all/function/internal_message.html?_=1612665445211&CODE_STATE=getMsg HTTP/1.1" 200 27
114.88.166.193 - - [07/Feb/2021:10:37:30 +0800] "GET /xingrg/check_reg.html?_=1612665445216 HTTP/1.1" 200 22
58.37.230.33 - - [07/Feb/2021:10:37:31 +0800] "GET /xingrg/kc/buy/cgsh_order_operate.html?command=get_materiel&rest_code=00141&code=00101008096&supplier_code=00100007&order_time=2021-02-07 HTTP/1.1" 200 413
116.228.172.94 - - [07/Feb/2021:10:37:31 +0800] "GET /xingrg/kc/buy/cgsh_order_add.html HTTP/1.1" 200 62192
116.228.172.94 - - [07/Feb/2021:10:37:32 +0800] "POST /xingrg/kc/buy/cgsh_order_operate.html HTTP/1.1" 200 8245
116.228.172.94 - - [07/Feb/2021:10:37:32 +0800] "GET /xingrg/javascript/easyui/themes/default/validatebox.css HTTP/1.1" 404 1104
116.228.172.94 - - [07/Feb/2021:10:37:34 +0800] "GET /xingrg/javascript/easyui/themes/default/tree.css HTTP/1.1" 404 1090
116.228.172.94 - - [07/Feb/2021:10:37:34 +0800] "POST /xingrg/all/common/load_tree.html?tree=supplier_tree_json&isDelete=1 HTTP/1.1" 200 54827
58.37.230.33 - - [07/Feb/2021:10:37:37 +0800] "GET /xingrg/kc/buy/cgsh_order_operate.html?command=get_materiel&rest_code=00141&code=00101008038&supplier_code=00100007&order_time=2021-02-07 HTTP/1.1" 200 412
218.81.223.240 - - [07/Feb/2021:10:37:37 +0800] "GET /xingrg/check_reg.html?_=1612665485342 HTTP/1.1" 200 22
222.69.133.211 - - [07/Feb/2021:10:37:46 +0800] "GET /xingrg/all/function/internal_message.html?_=1612665463241&CODE_STATE=getMsg HTTP/1.1" 200 27
180.162.108.15 - - [07/Feb/2021:10:37:46 +0800] "GET /xingrg/kc/buy/cgsh_order_operate.html?command=get_materiel&rest_code=00143&code=00101005032&supplier_code=00100161&order_time=2021-02-05 HTTP/1.1" 200 410
58.37.230.33 - - [07/Feb/2021:10:37:46 +0800] "GET /xingrg/kc/buy/cgsh_order_operate.html?command=get_materiel&rest_code=00141&code=00101008017&supplier_code=00100007&order_time=2021-02-07 HTTP/1.1" 200 416
116.232.54.3 - - [07/Feb/2021:10:37:48 +0800] "GET /xingrg/all/function/internal_message.html?_=1612665466691&CODE_STATE=getMsg HTTP/1.1" 200 27
61.165.42.208 - - [07/Feb/2021:10:37:53 +0800] "GET /xingrg/kc/buy/cgsh_order_operate.html?command=get_materiel&rest_code=00105&code=00101009066&supplier_code=00100024&order_time=2021-02-07 HTTP/1.1" 200 416
116.228.172.94 - - [07/Feb/2021:10:37:55 +0800] "GET /xingrg/kc/buy/cgsh_order_operate.html?command=get_materiel&rest_code=00107&code=00101004090&supplier_code=00100312&order_time=2021-02-07 HTTP/1.1" 200 391
116.227.208.86 - - [07/Feb/2021:10:37:58 +0800] "GET /xingrg/all/function/internal_message.html?_=1612665475647&CODE_STATE=getMsg HTTP/1.1" 200 27
180.169.147.146 - - [07/Feb/2021:10:37:59 +0800] "POST /xingrg/kc/buy/cgsh_list_operate.html HTTP/1.1" 200 4738
58.37.230.33 - - [07/Feb/2021:10:38:00 +0800] "GET /xingrg/kc/buy/cgsh_order_operate.html?command=get_materiel&rest_code=00141&code=00101008163&supplier_code=00100007&order_time=2021-02-07 HTTP/1.1" 200 409
180.169.147.146 - - [07/Feb/2021:10:38:03 +0800] "GET /xingrg/javascript/jquery_tools/images/next.gif HTTP/1.1" 404 1086
180.169.147.146 - - [07/Feb/2021:10:38:03 +0800] "GET /xingrg/javascript/jquery_tools/images/prev.gif HTTP/1.1" 404 1086
218.81.223.240 - - [07/Feb/2021:10:38:04 +0800] "GET /xingrg/all/function/internal_message.html?_=1612665512343&CODE_STATE=getMsg HTTP/1.1" 200 27
61.165.42.208 - - [07/Feb/2021:10:38:06 +0800] "GET /xingrg/kc/buy/cgsh_order_operate.html?command=get_materiel&rest_code=00105&code=00101009011&supplier_code=00100024&order_time=2021-02-07 HTTP/1.1" 200 416
58.37.230.33 - - [07/Feb/2021:10:38:06 +0800] "GET /xingrg/kc/buy/cgsh_order_operate.html?command=get_materiel&rest_code=00141&code=00101008355&supplier_code=00100007&order_time=2021-02-07 HTTP/1.1" 200 408
116.228.172.94 - - [07/Feb/2021:10:38:10 +0800] "GET /xingrg/all/function/internal_message.html?_=1612665489113&CODE_STATE=getMsg HTTP/1.1" 200 27
116.228.172.94 - - [07/Feb/2021:10:38:10 +0800] "GET /xingrg/kc/buy/cgsh_order_operate.html?command=get_materiel&rest_code=00107&code=00101004046&supplier_code=00100312&order_time=2021-02-07 HTTP/1.1" 200 417
61.165.42.208 - - [07/Feb/2021:10:38:11 +0800] "GET /xingrg/all/function/internal_message.html?_=1612665489315&CODE_STATE=getMsg HTTP/1.1" 200 27
58.37.230.33 - - [07/Feb/2021:10:38:11 +0800] "GET /xingrg/kc/buy/cgsh_order_operate.html?command=get_materiel&rest_code=00141&code=00101008264&supplier_code=00100007&order_time=2021-02-07 HTTP/1.1" 200 412
117.131.5.26 - - [07/Feb/2021:10:38:12 +0800] "GET /xingrg/all/function/internal_message.html?_=1612665548318&CODE_STATE=getMsg HTTP/1.1" 200 27
114.88.166.193 - - [07/Feb/2021:10:38:15 +0800] "GET /xingrg/all/function/internal_message.html?_=1612665491320&CODE_STATE=getMsg HTTP/1.1" 200 27
61.165.42.208 - - [07/Feb/2021:10:38:16 +0800] "GET /xingrg/kc/buy/cgsh_order_operate.html?command=get_materiel&rest_code=00105&code=00101009007&supplier_code=00100024&order_time=2021-02-07 HTTP/1.1" 200 408
218.81.223.240 - - [07/Feb/2021:10:38:16 +0800] "POST /xingrg/services/DataTransmitService HTTP/1.1" 200 524
218.81.223.240 - - [07/Feb/2021:10:38:17 +0800] "POST /xingrg/services/DataTransmitService HTTP/1.1" 200 412
58.37.230.33 - - [07/Feb/2021:10:38:17 +0800] "GET /xingrg/kc/buy/cgsh_order_operate.html?command=get_materiel&rest_code=00141&code=00101008356&supplier_code=00100007&order_time=2021-02-07 HTTP/1.1" 200 408
114.86.187.76 - - [07/Feb/2021:10:38:17 +0800] "GET /xingrg/check_reg.html?_=1612665495593 HTTP/1.1" 200 22
180.162.108.15 - - [07/Feb/2021:10:38:18 +0800] "GET /xingrg/all/function/internal_message.html?_=1612665336778&CODE_STATE=getMsg HTTP/1.1" 200 27
180.97.118.219 - - [07/Feb/2021:10:38:19 +0800] "GET /xingrg/kc/buy/cgsh_order_operate.html?command=get_materiel&rest_code=00141&code=00101008354&supplier_code=00100007&order_time=2021-02-07 HTTP/1.1" 302 -
114.86.187.76 - - [07/Feb/2021:10:38:19 +0800] "GET /xingrg/kc/buy/cgsh_order_list.html HTTP/1.1" 200 46372
180.169.147.146 - - [07/Feb/2021:10:38:20 +0800] "GET /xingrg/check_reg.html?_=1612665486466 HTTP/1.1" 200 22
180.169.147.146 - - [07/Feb/2021:10:38:20 +0800] "GET /xingrg/all/function/internal_message.html?_=1612665486468&CODE_STATE=getMsg HTTP/1.1" 200 27
180.174.195.252 - - [07/Feb/2021:10:38:20 +0800] "GET /xingrg/check_reg.html?_=1612665745245 HTTP/1.1" 200 22
180.174.195.252 - - [07/Feb/2021:10:38:20 +0800] "GET /xingrg/all/function/internal_message.html?_=1612665745455&CODE_STATE=getMsg HTTP/1.1" 200 27
114.86.187.76 - - [07/Feb/2021:10:38:21 +0800] "POST /xingrg/kc/buy/cgsh_list_operate.html HTTP/1.1" 200 4137
180.97.118.219 - - [07/Feb/2021:10:38:23 +0800] "GET /xingrg/login.html HTTP/1.1" 200 7641
58.37.230.33 - - [07/Feb/2021:10:38:23 +0800] "GET /xingrg/kc/buy/cgsh_order_operate.html?command=get_materiel&rest_code=00141&code=00101008137&supplier_code=00100007&order_time=2021-02-07 HTTP/1.1" 200 408
116.224.253.72 - - [07/Feb/2021:10:38:23 +0800] "GET /xingrg/all/function/internal_message.html?_=1612665502344&CODE_STATE=getMsg HTTP/1.1" 200 27
58.37.230.33 - - [07/Feb/2021:10:38:24 +0800] "GET /xingrg/all/function/internal_message.html?_=1612665514182&CODE_STATE=getMsg HTTP/1.1" 200 27
117.184.7.26 - - [07/Feb/2021:10:38:24 +0800] "GET /xingrg/all/function/internal_message.html?_=1612665502090&CODE_STATE=getMsg HTTP/1.1" 200 27
58.37.230.33 - - [07/Feb/2021:10:38:24 +0800] "GET /xingrg/all/function/internal_message.html?_=1612665515439&CODE_STATE=getMsg HTTP/1.1" 200 27
58.37.230.33 - - [07/Feb/2021:10:38:24 +0800] "GET /xingrg/check_reg.html?_=1612665515442 HTTP/1.1" 200 22
180.169.147.146 - - [07/Feb/2021:10:38:26 +0800] "GET /xingrg/all/function/internal_message.html?_=1612665499486&CODE_STATE=getMsg HTTP/1.1" 200 27
116.228.172.94 - - [07/Feb/2021:10:38:28 +0800] "GET /xingrg/kc/buy/cgsh_order_operate.html?command=get_materiel&rest_code=00107&code=00101004067&supplier_code=00100312&order_time=2021-02-07 HTTP/1.1" 200 413
58.37.230.33 - - [07/Feb/2021:10:38:29 +0800] "GET /xingrg/kc/buy/cgsh_order_operate.html?command=get_materiel&rest_code=00141&code=00101008360&supplier_code=00100007&order_time=2021-02-07 HTTP/1.1" 200 413
180.169.147.146 - - [07/Feb/2021:10:38:30 +0800] "GET /xingrg/all/function/internal_message.html?_=1612665507837&CODE_STATE=getMsg HTTP/1.1" 200 27
114.88.166.193 - - [07/Feb/2021:10:38:30 +0800] "GET /xingrg/all/function/internal_message.html?_=1612665505213&CODE_STATE=getMsg HTTP/1.1" 200 27
180.162.108.15 - - [07/Feb/2021:10:38:32 +0800] "GET /xingrg/kc/buy/cgsh_order_operate.html?command=get_materiel&rest_code=00143&code=00101012065&supplier_code=00100161&order_time=2021-02-05 HTTP/1.1" 200 418
101.91.62.89 - - [07/Feb/2021:10:38:33 +0800] "GET /xingrg/kc/buy/cgsh_order_operate.html?command=get_materiel&rest_code=00141&code=00101008110&supplier_code=00100007&order_time=2021-02-07 HTTP/1.1" 302 -
116.228.172.94 - - [07/Feb/2021:10:38:37 +0800] "GET /xingrg/kc/buy/cgsh_order_operate.html?command=get_materiel&rest_code=00107&code=00101004061&supplier_code=00100312&order_time=2021-02-07 HTTP/1.1" 200 409
101.91.62.89 - - [07/Feb/2021:10:38:37 +0800] "GET /xingrg/login.html HTTP/1.1" 200 7641
114.86.187.76 - - [07/Feb/2021:10:38:37 +0800] "GET /xingrg/kc/mdqp/qqps_order_list.html HTTP/1.1" 200 9222
114.86.187.76 - - [07/Feb/2021:10:38:37 +0800] "GET /xingrg/dwr/interface/AjaxQqpsService.js HTTP/1.1" 200 16326
114.86.187.76 - - [07/Feb/2021:10:38:37 +0800] "GET /xingrg/dwr/util.js HTTP/1.1" 304 -
114.86.187.76 - - [07/Feb/2021:10:38:37 +0800] "GET /xingrg/dwr/interface/AjaxReportQueryService.js HTTP/1.1" 200 13203
114.86.187.76 - - [07/Feb/2021:10:38:37 +0800] "GET /xingrg/dwr/engine.js HTTP/1.1" 200 43631
180.162.108.15 - - [07/Feb/2021:10:38:40 +0800] "GET /xingrg/kc/buy/cgsh_order_operate.html?command=get_materiel&rest_code=00143&code=00101012024&supplier_code=00100161&order_time=2021-02-05 HTTP/1.1" 200 408
116.232.54.3 - - [07/Feb/2021:10:38:41 +0800] "GET /xingrg/kc/buy/cgsh_order_add.html HTTP/1.1" 200 62151
116.232.54.3 - - [07/Feb/2021:10:38:41 +0800] "GET /xingrg/words/20210207093423_words.js HTTP/1.1" 200 794926
116.232.54.3 - - [07/Feb/2021:10:38:41 +0800] "POST /xingrg/kc/buy/cgsh_order_operate.html HTTP/1.1" 200 8245
116.232.54.3 - - [07/Feb/2021:10:38:41 +0800] "GET /xingrg/all/common/auto_word.html?type=employee&rest_code=00109 HTTP/1.1" 200 205
116.232.54.3 - - [07/Feb/2021:10:38:41 +0800] "GET /xingrg/all/common/auto_word.html?type=employee&rest_code=00109 HTTP/1.1" 200 205
116.232.54.3 - - [07/Feb/2021:10:38:41 +0800] "GET /xingrg/javascript/easyui/themes/default/validatebox.css HTTP/1.1" 404 1104
180.162.108.15 - - [07/Feb/2021:10:38:43 +0800] "GET /xingrg/system/info/materiel_import.html?isSelect=1&singleSelect=false HTTP/1.1" 200 5600
180.162.108.15 - - [07/Feb/2021:10:38:43 +0800] "POST /xingrg/all/common/load_tree.html?tree=materiel_sort_tree_json HTTP/1.1" 200 8666
180.162.108.15 - - [07/Feb/2021:10:38:43 +0800] "GET /favicon.ico HTTP/1.1" 404 -
222.69.133.211 - - [07/Feb/2021:10:38:46 +0800] "GET /xingrg/all/function/internal_message.html?_=1612665523212&CODE_STATE=getMsg HTTP/1.1" 200 27
116.232.54.3 - - [07/Feb/2021:10:38:48 +0800] "GET /xingrg/all/function/internal_message.html?_=1612665526613&CODE_STATE=getMsg HTTP/1.1" 200 27
180.169.147.146 - - [07/Feb/2021:10:38:49 +0800] "POST /xingrg/kc/buy/cgsh_list_operate.html HTTP/1.1" 200 5821
58.37.230.33 - - [07/Feb/2021:10:38:51 +0800] "GET /xingrg/kc/buy/cgsh_order_operate.html?command=get_materiel&rest_code=00141&code=00101008357&supplier_code=00100007&order_time=2021-02-07 HTTP/1.1" 200 408
180.169.147.146 - - [07/Feb/2021:10:38:52 +0800] "POST /xingrg/kc/buy/cgsh_list_operate.html HTTP/1.1" 200 320242
180.162.108.15 - - [07/Feb/2021:10:38:54 +0800] "GET /xingrg/kc/buy/cgsh_order_operate.html?command=get_materiel&rest_code=00143&code=00101012059&supplier_code=00100161&order_time=2021-02-05 HTTP/1.1" 200 412
58.37.230.33 - - [07/Feb/2021:10:38:57 +0800] "GET /xingrg/kc/buy/cgsh_order_operate.html?command=get_materiel&rest_code=00141&code=00101008069&supplier_code=00100007&order_time=2021-02-07 HTTP/1.1" 200 412
116.227.208.86 - - [07/Feb/2021:10:38:58 +0800] "GET /xingrg/all/function/internal_message.html?_=1612665535650&CODE_STATE=getMsg HTTP/1.1" 200 27
116.228.172.94 - - [07/Feb/2021:10:38:58 +0800] "GET /xingrg/kc/buy/cgsh_order_operate.html?command=get_materiel&rest_code=00107&code=00101004049&supplier_code=00100312&order_time=2021-02-07 HTTP/1.1" 200 413
180.169.147.146 - - [07/Feb/2021:10:39:01 +0800] "GET /xingrg/index.html?sysBaseUrl=http%3A%2F%2F180.169.147.146%3A18081%2Fxingrg%2F&costTime=39×tamp=1612594480644 HTTP/1.1" 200 17503
