222.69.133.211 - - [07/Feb/2021:08:44:42 +0800] "POST /xingrg/kc/buy/cgsh_order_operate.html HTTP/1.1" 200 2065
120.253.135.82 - - [07/Feb/2021:08:44:46 +0800] "GET /xingrg/all/function/internal_message.html?_=1612658448131&CODE_STATE=getMsg HTTP/1.1" 200 27
222.69.133.211 - - [07/Feb/2021:08:44:47 +0800] "GET /xingrg/kc/buy/cgsh_order_operate.html?command=get_materiel&rest_code=00149&code=00101020152&supplier_code=00100005&order_time=2021-02-07 HTTP/1.1" 200 416
222.69.133.211 - - [07/Feb/2021:08:44:48 +0800] "GET /xingrg/all/function/internal_message.html?_=1612658685299&CODE_STATE=getMsg HTTP/1.1" 200 27
116.224.253.72 - - [07/Feb/2021:08:44:51 +0800] "POST /xingrg/kc/buy/cgsh_order_operate.html HTTP/1.1" 200 2065
61.165.42.208 - - [07/Feb/2021:08:44:53 +0800] "GET /xingrg/all/function/internal_message.html?_=1612658673659&CODE_STATE=getMsg HTTP/1.1" 200 27
180.169.147.146 - - [07/Feb/2021:08:44:54 +0800] "GET /xingrg/all/function/internal_message.html?_=1612658680536&CODE_STATE=getMsg HTTP/1.1" 200 27
180.169.147.146 - - [07/Feb/2021:08:44:54 +0800] "GET /xingrg/check_reg.html?_=1612658680585 HTTP/1.1" 200 22
116.224.253.72 - - [07/Feb/2021:08:44:56 +0800] "GET /xingrg/kc/buy/cgsh_order_operate.html?command=get_materiel&rest_code=00150&code=00101008223&supplier_code=00100007&order_time=2021-02-07 HTTP/1.1" 200 412
218.81.223.240 - - [07/Feb/2021:08:44:57 +0800] "GET /xingrg/all/function/internal_message.html?_=1612658724876&CODE_STATE=getMsg HTTP/1.1" 200 27
116.224.253.72 - - [07/Feb/2021:08:44:57 +0800] "GET /xingrg/all/function/internal_message.html?_=1612658696172&CODE_STATE=getMsg HTTP/1.1" 200 27
222.69.133.211 - - [07/Feb/2021:08:45:00 +0800] "GET /xingrg/kc/buy/cgsh_order_operate.html?command=get_materiel&rest_code=00149&code=00101008183&supplier_code=00100005&order_time=2021-02-07 HTTP/1.1" 200 413
116.227.208.86 - - [07/Feb/2021:08:45:06 +0800] "GET /xingrg/all/function/internal_message.html?_=1612658701895&CODE_STATE=getMsg HTTP/1.1" 200 27
114.88.166.193 - - [07/Feb/2021:08:45:10 +0800] "GET /xingrg/all/function/internal_message.html?_=1612658705951&CODE_STATE=getMsg HTTP/1.1" 200 27
222.69.133.211 - - [07/Feb/2021:08:45:10 +0800] "GET /xingrg/kc/buy/cgsh_order_operate.html?command=get_materiel&rest_code=00149&code=00101015006&supplier_code=00100005&order_time=2021-02-07 HTTP/1.1" 200 413
116.228.172.94 - - [07/Feb/2021:08:45:11 +0800] "GET /xingrg/all/function/internal_message.html?_=1612658709935&CODE_STATE=getMsg HTTP/1.1" 200 27
116.224.253.72 - - [07/Feb/2021:08:45:13 +0800] "GET /xingrg/kc/buy/cgsh_order_operate.html?command=get_materiel&rest_code=00150&code=00101008041&supplier_code=00100007&order_time=2021-02-07 HTTP/1.1" 200 408
222.69.133.211 - - [07/Feb/2021:08:45:21 +0800] "GET /xingrg/kc/buy/cgsh_order_operate.html?command=get_materiel&rest_code=00149&code=00101008168&supplier_code=00100005&order_time=2021-02-07 HTTP/1.1" 200 413
116.224.253.72 - - [07/Feb/2021:08:45:22 +0800] "GET /xingrg/kc/buy/cgsh_order_operate.html?command=get_materiel&rest_code=00150&code=00101008307&supplier_code=00100007&order_time=2021-02-07 HTTP/1.1" 200 420
58.37.230.33 - - [07/Feb/2021:08:45:24 +0800] "GET /xingrg/all/function/internal_message.html?_=1612658733901&CODE_STATE=getMsg HTTP/1.1" 200 27
116.224.253.72 - - [07/Feb/2021:08:45:28 +0800] "GET /xingrg/kc/buy/cgsh_order_operate.html?command=get_materiel&rest_code=00150&code=00101008277&supplier_code=00100007&order_time=2021-02-07 HTTP/1.1" 200 413
222.69.133.211 - - [07/Feb/2021:08:45:29 +0800] "GET /xingrg/kc/buy/cgsh_order_operate.html?command=get_materiel&rest_code=00149&code=00101013165&supplier_code=00100005&order_time=2021-02-07 HTTP/1.1" 200 409
222.69.133.211 - - [07/Feb/2021:08:45:33 +0800] "POST /xingrg/kc/buy/cgsh_order_operate.html HTTP/1.1" 200 2065
222.69.133.211 - - [07/Feb/2021:08:45:38 +0800] "GET /xingrg/kc/buy/cgsh_order_operate.html?command=get_materiel&rest_code=00149&code=00101008114&supplier_code=00100005&order_time=2021-02-07 HTTP/1.1" 200 413
116.224.253.72 - - [07/Feb/2021:08:45:43 +0800] "GET /xingrg/kc/buy/cgsh_order_operate.html?command=get_materiel&rest_code=00150&code=00101008079&supplier_code=00100007&order_time=2021-02-07 HTTP/1.1" 200 416
116.224.253.72 - - [07/Feb/2021:08:45:44 +0800] "POST /xingrg/kc/buy/cgsh_order_operate.html HTTP/1.1" 200 2065
120.253.135.82 - - [07/Feb/2021:08:45:46 +0800] "GET /xingrg/all/function/internal_message.html?_=1612658508145&CODE_STATE=getMsg HTTP/1.1" 200 27
222.69.133.211 - - [07/Feb/2021:08:45:48 +0800] "GET /xingrg/all/function/internal_message.html?_=1612658745345&CODE_STATE=getMsg HTTP/1.1" 200 27
222.69.133.211 - - [07/Feb/2021:08:45:48 +0800] "GET /xingrg/check_reg.html?_=1612658745347 HTTP/1.1" 200 22
116.224.253.72 - - [07/Feb/2021:08:45:49 +0800] "GET /xingrg/kc/buy/cgsh_order_operate.html?command=get_materiel&rest_code=00150&code=00101008150&supplier_code=00100007&order_time=2021-02-07 HTTP/1.1" 200 409
61.165.42.208 - - [07/Feb/2021:08:45:53 +0800] "GET /xingrg/all/function/internal_message.html?_=1612658733660&CODE_STATE=getMsg HTTP/1.1" 200 27
180.169.147.146 - - [07/Feb/2021:08:45:54 +0800] "GET /xingrg/all/function/internal_message.html?_=1612658740511&CODE_STATE=getMsg HTTP/1.1" 200 27
222.69.133.211 - - [07/Feb/2021:08:45:55 +0800] "GET /xingrg/kc/buy/cgsh_order_operate.html?command=get_materiel&rest_code=00149&code=00101015066&supplier_code=00100005&order_time=2021-02-07 HTTP/1.1" 200 413
116.224.253.72 - - [07/Feb/2021:08:45:56 +0800] "GET /xingrg/kc/buy/cgsh_order_operate.html?command=get_materiel&rest_code=00150&code=00101008168&supplier_code=00100007&order_time=2021-02-07 HTTP/1.1" 200 413
218.81.223.240 - - [07/Feb/2021:08:45:57 +0800] "GET /xingrg/all/function/internal_message.html?_=1612658784893&CODE_STATE=getMsg HTTP/1.1" 200 27
116.224.253.72 - - [07/Feb/2021:08:45:57 +0800] "GET /xingrg/all/function/internal_message.html?_=1612658756243&CODE_STATE=getMsg HTTP/1.1" 200 27
222.69.133.211 - - [07/Feb/2021:08:46:04 +0800] "GET /xingrg/kc/buy/cgsh_order_operate.html?command=get_materiel&rest_code=00149&code=00101008064&supplier_code=00100005&order_time=2021-02-07 HTTP/1.1" 200 412
116.224.253.72 - - [07/Feb/2021:08:46:05 +0800] "GET /xingrg/kc/buy/cgsh_order_operate.html?command=get_materiel&rest_code=00150&code=00101008061&supplier_code=00100007&order_time=2021-02-07 HTTP/1.1" 200 422
116.227.208.86 - - [07/Feb/2021:08:46:06 +0800] "GET /xingrg/all/function/internal_message.html?_=1612658761880&CODE_STATE=getMsg HTTP/1.1" 200 27
114.88.166.193 - - [07/Feb/2021:08:46:10 +0800] "GET /xingrg/all/function/internal_message.html?_=1612658765997&CODE_STATE=getMsg HTTP/1.1" 200 27
116.228.172.94 - - [07/Feb/2021:08:46:11 +0800] "GET /xingrg/all/function/internal_message.html?_=1612658769905&CODE_STATE=getMsg HTTP/1.1" 200 27
116.224.253.72 - - [07/Feb/2021:08:46:13 +0800] "POST /xingrg/kc/buy/cgsh_order_operate.html HTTP/1.1" 200 2065
222.69.133.211 - - [07/Feb/2021:08:46:17 +0800] "GET /xingrg/kc/buy/cgsh_order_operate.html?command=get_materiel&rest_code=00149&code=00101008370&supplier_code=00100005&order_time=2021-02-07 HTTP/1.1" 200 412
116.224.253.72 - - [07/Feb/2021:08:46:21 +0800] "GET /xingrg/kc/buy/cgsh_order_operate.html?command=get_materiel&rest_code=00150&code=00101008090&supplier_code=00100007&order_time=2021-02-07 HTTP/1.1" 200 409
58.37.230.33 - - [07/Feb/2021:08:46:24 +0800] "GET /xingrg/check_reg.html?_=1612658793902 HTTP/1.1" 200 22
58.37.230.33 - - [07/Feb/2021:08:46:24 +0800] "GET /xingrg/all/function/internal_message.html?_=1612658793899&CODE_STATE=getMsg HTTP/1.1" 200 27
116.224.253.72 - - [07/Feb/2021:08:46:27 +0800] "GET /xingrg/kc/buy/cgsh_order_operate.html?command=get_materiel&rest_code=00150&code=00101008102&supplier_code=00100007&order_time=2021-02-07 HTTP/1.1" 200 413
116.224.253.72 - - [07/Feb/2021:08:46:31 +0800] "GET /xingrg/kc/buy/cgsh_order_operate.html?command=get_materiel&rest_code=00150&code=00101015038&supplier_code=00100007&order_time=2021-02-07 HTTP/1.1" 200 419
116.227.208.86 - - [07/Feb/2021:08:46:32 +0800] "GET /xingrg/check_reg.html?_=1612658788193 HTTP/1.1" 200 22
222.69.133.211 - - [07/Feb/2021:08:46:34 +0800] "GET /xingrg/kc/buy/cgsh_order_operate.html?command=get_materiel&rest_code=00149&code=00101008361&supplier_code=00100005&order_time=2021-02-07 HTTP/1.1" 200 408
116.224.253.72 - - [07/Feb/2021:08:46:37 +0800] "GET /xingrg/kc/buy/cgsh_order_operate.html?command=get_materiel&rest_code=00150&code=00101008123&supplier_code=00100007&order_time=2021-02-07 HTTP/1.1" 200 413
222.69.133.211 - - [07/Feb/2021:08:46:40 +0800] "POST /xingrg/kc/buy/cgsh_order_operate.html HTTP/1.1" 200 2065
116.224.253.72 - - [07/Feb/2021:08:46:43 +0800] "POST /xingrg/kc/buy/cgsh_order_operate.html HTTP/1.1" 200 37
116.224.253.72 - - [07/Feb/2021:08:46:44 +0800] "POST /xingrg/kc/buy/cgsh_order_operate.html HTTP/1.1" 200 37561
120.253.135.82 - - [07/Feb/2021:08:46:46 +0800] "GET /xingrg/all/function/internal_message.html?_=1612658568255&CODE_STATE=getMsg HTTP/1.1" 200 27
222.69.133.211 - - [07/Feb/2021:08:46:46 +0800] "GET /xingrg/kc/buy/cgsh_order_operate.html?command=get_materiel&rest_code=00149&code=00101008355&supplier_code=00100005&order_time=2021-02-07 HTTP/1.1" 200 408
222.69.133.211 - - [07/Feb/2021:08:46:48 +0800] "GET /xingrg/all/function/internal_message.html?_=1612658805333&CODE_STATE=getMsg HTTP/1.1" 200 27
61.165.42.208 - - [07/Feb/2021:08:46:53 +0800] "GET /xingrg/all/function/internal_message.html?_=1612658793662&CODE_STATE=getMsg HTTP/1.1" 200 27
61.165.42.208 - - [07/Feb/2021:08:46:53 +0800] "GET /xingrg/check_reg.html?_=1612658793665 HTTP/1.1" 200 22
180.169.147.146 - - [07/Feb/2021:08:46:54 +0800] "GET /xingrg/all/function/internal_message.html?_=1612658800516&CODE_STATE=getMsg HTTP/1.1" 200 27
218.81.223.240 - - [07/Feb/2021:08:46:57 +0800] "GET /xingrg/all/function/internal_message.html?_=1612658844937&CODE_STATE=getMsg HTTP/1.1" 200 27
116.224.253.72 - - [07/Feb/2021:08:46:57 +0800] "GET /xingrg/all/function/internal_message.html?_=1612658816217&CODE_STATE=getMsg HTTP/1.1" 200 27
222.69.133.211 - - [07/Feb/2021:08:47:02 +0800] "GET /xingrg/kc/buy/cgsh_order_operate.html?command=get_materiel&rest_code=00149&code=00101008372&supplier_code=00100005&order_time=2021-02-07 HTTP/1.1" 200 408
116.227.208.86 - - [07/Feb/2021:08:47:06 +0800] "GET /xingrg/all/function/internal_message.html?_=1612658821851&CODE_STATE=getMsg HTTP/1.1" 200 27
114.88.166.193 - - [07/Feb/2021:08:47:10 +0800] "GET /xingrg/all/function/internal_message.html?_=1612658826009&CODE_STATE=getMsg HTTP/1.1" 200 27
116.228.172.94 - - [07/Feb/2021:08:47:11 +0800] "GET /xingrg/all/function/internal_message.html?_=1612658829877&CODE_STATE=getMsg HTTP/1.1" 200 27
222.69.133.211 - - [07/Feb/2021:08:47:14 +0800] "GET /xingrg/kc/buy/cgsh_order_operate.html?command=get_materiel&rest_code=00149&code=00101008264&supplier_code=00100005&order_time=2021-02-07 HTTP/1.1" 200 412
116.224.253.72 - - [07/Feb/2021:08:47:22 +0800] "POST /xingrg/kc/buy/cgsh_order_operate.html HTTP/1.1" 200 37
58.37.230.33 - - [07/Feb/2021:08:47:23 +0800] "POST /xingrg/services/DataTransmitService HTTP/1.1" 200 524
58.37.230.33 - - [07/Feb/2021:08:47:23 +0800] "POST /xingrg/services/DataTransmitService HTTP/1.1" 200 497
116.224.253.72 - - [07/Feb/2021:08:47:23 +0800] "POST /xingrg/kc/buy/cgsh_order_operate.html HTTP/1.1" 200 37561
58.37.230.33 - - [07/Feb/2021:08:47:24 +0800] "GET /xingrg/all/function/internal_message.html?_=1612658853899&CODE_STATE=getMsg HTTP/1.1" 200 27
116.224.253.72 - - [07/Feb/2021:08:47:24 +0800] "GET /xingrg/kc/buy/cgsh_order_add.html HTTP/1.1" 200 62028
116.224.253.72 - - [07/Feb/2021:08:47:24 +0800] "POST /xingrg/kc/buy/cgsh_order_operate.html HTTP/1.1" 200 8245
116.224.253.72 - - [07/Feb/2021:08:47:24 +0800] "GET /xingrg/javascript/easyui/themes/default/validatebox.css HTTP/1.1" 404 1104
116.228.172.94 - - [07/Feb/2021:08:47:28 +0800] "GET /xingrg/check_reg.html?_=1612658847036 HTTP/1.1" 200 22
116.224.253.72 - - [07/Feb/2021:08:47:35 +0800] "GET /xingrg/kc/buy/cgsh_order_operate.html?command=get_materiel&rest_code=00150&code=00101006007&supplier_code=00100096&order_time=2021-02-07 HTTP/1.1" 200 417
222.69.133.211 - - [07/Feb/2021:08:47:36 +0800] "GET /xingrg/kc/buy/cgsh_order_operate.html?command=get_materiel&rest_code=00149&code=00101008321&supplier_code=00100005&order_time=2021-02-07 HTTP/1.1" 200 412
218.81.223.240 - - [07/Feb/2021:08:47:36 +0800] "GET /xingrg/check_reg.html?_=1612658884699 HTTP/1.1" 200 22
120.253.135.82 - - [07/Feb/2021:08:47:46 +0800] "GET /xingrg/all/function/internal_message.html?_=1612658628312&CODE_STATE=getMsg HTTP/1.1" 200 27
222.69.133.211 - - [07/Feb/2021:08:47:48 +0800] "GET /xingrg/all/function/internal_message.html?_=1612658865311&CODE_STATE=getMsg HTTP/1.1" 200 27
222.69.133.211 - - [07/Feb/2021:08:47:49 +0800] "GET /xingrg/kc/buy/cgsh_order_operate.html?command=get_materiel&rest_code=00149&code=00101008356&supplier_code=00100005&order_time=2021-02-07 HTTP/1.1" 200 408
61.165.42.208 - - [07/Feb/2021:08:47:53 +0800] "GET /xingrg/all/function/internal_message.html?_=1612658853666&CODE_STATE=getMsg HTTP/1.1" 200 27
222.69.133.211 - - [07/Feb/2021:08:47:53 +0800] "POST /xingrg/kc/buy/cgsh_order_operate.html HTTP/1.1" 200 2065
180.169.147.146 - - [07/Feb/2021:08:47:54 +0800] "GET /xingrg/all/function/internal_message.html?_=1612658860518&CODE_STATE=getMsg HTTP/1.1" 200 27
116.224.253.72 - - [07/Feb/2021:08:47:54 +0800] "GET /xingrg/kc/buy/cgsh_order_operate.html?command=get_materiel&rest_code=00150&code=00101006129&supplier_code=00100096&order_time=2021-02-07 HTTP/1.1" 200 451
218.81.223.240 - - [07/Feb/2021:08:47:57 +0800] "GET /xingrg/all/function/internal_message.html?_=1612658904949&CODE_STATE=getMsg HTTP/1.1" 200 27
116.224.253.72 - - [07/Feb/2021:08:47:57 +0800] "GET /xingrg/all/function/internal_message.html?_=1612658876202&CODE_STATE=getMsg HTTP/1.1" 200 27
116.227.208.86 - - [07/Feb/2021:08:48:06 +0800] "GET /xingrg/all/function/internal_message.html?_=1612658881837&CODE_STATE=getMsg HTTP/1.1" 200 27
222.69.133.211 - - [07/Feb/2021:08:48:08 +0800] "GET /xingrg/kc/buy/cgsh_order_operate.html?command=get_materiel&rest_code=00149&code=00101008251&supplier_code=00100005&order_time=2021-02-07 HTTP/1.1" 200 408
114.88.166.193 - - [07/Feb/2021:08:48:10 +0800] "GET /xingrg/all/function/internal_message.html?_=1612658886060&CODE_STATE=getMsg HTTP/1.1" 200 27
116.224.253.72 - - [07/Feb/2021:08:48:10 +0800] "GET /xingrg/kc/buy/cgsh_order_operate.html?command=get_materiel&rest_code=00150&code=00101006068&supplier_code=00100096&order_time=2021-02-07 HTTP/1.1" 200 409
116.228.172.94 - - [07/Feb/2021:08:48:11 +0800] "GET /xingrg/all/function/internal_message.html?_=1612658889852&CODE_STATE=getMsg HTTP/1.1" 200 27
222.69.133.211 - - [07/Feb/2021:08:48:23 +0800] "GET /xingrg/kc/buy/cgsh_order_operate.html?command=get_materiel&rest_code=00149&code=00101015004&supplier_code=00100005&order_time=2021-02-07 HTTP/1.1" 200 408
58.37.230.33 - - [07/Feb/2021:08:48:24 +0800] "GET /xingrg/all/function/internal_message.html?_=1612658913898&CODE_STATE=getMsg HTTP/1.1" 200 27
222.69.133.211 - - [07/Feb/2021:08:48:33 +0800] "GET /xingrg/kc/buy/cgsh_order_operate.html?command=get_materiel&rest_code=00149&code=00101008077&supplier_code=00100005&order_time=2021-02-07 HTTP/1.1" 200 416
222.69.133.211 - - [07/Feb/2021:08:48:42 +0800] "GET /xingrg/kc/buy/cgsh_order_operate.html?command=get_materiel&rest_code=00149&code=00101008223&supplier_code=00100005&order_time=2021-02-07 HTTP/1.1" 200 412
120.253.135.82 - - [07/Feb/2021:08:48:44 +0800] "GET /xingrg/check_reg.html?_=1612658686611 HTTP/1.1" 200 22
120.253.135.82 - - [07/Feb/2021:08:48:46 +0800] "GET /xingrg/all/function/internal_message.html?_=1612658688326&CODE_STATE=getMsg HTTP/1.1" 200 27
222.69.133.211 - - [07/Feb/2021:08:48:48 +0800] "GET /xingrg/all/function/internal_message.html?_=1612658925316&CODE_STATE=getMsg HTTP/1.1" 200 27
116.224.253.72 - - [07/Feb/2021:08:48:49 +0800] "GET /xingrg/kc/buy/cgsh_order_operate.html?command=get_materiel&rest_code=00150&code=00101006065&supplier_code=00100096&order_time=2021-02-07 HTTP/1.1" 200 409
114.88.166.193 - - [07/Feb/2021:08:48:50 +0800] "GET /xingrg/check_reg.html?_=1612658926676 HTTP/1.1" 200 22
222.69.133.211 - - [07/Feb/2021:08:48:51 +0800] "POST /xingrg/kc/buy/cgsh_order_operate.html HTTP/1.1" 200 2065
61.165.42.208 - - [07/Feb/2021:08:48:53 +0800] "GET /xingrg/all/function/internal_message.html?_=1612658913665&CODE_STATE=getMsg HTTP/1.1" 200 27
180.169.147.146 - - [07/Feb/2021:08:48:54 +0800] "GET /xingrg/all/function/internal_message.html?_=1612658920521&CODE_STATE=getMsg HTTP/1.1" 200 27
218.81.223.240 - - [07/Feb/2021:08:48:57 +0800] "GET /xingrg/all/function/internal_message.html?_=1612658964962&CODE_STATE=getMsg HTTP/1.1" 200 27
116.224.253.72 - - [07/Feb/2021:08:48:57 +0800] "GET /xingrg/check_reg.html?_=1612658936048 HTTP/1.1" 200 22
116.224.253.72 - - [07/Feb/2021:08:48:57 +0800] "GET /xingrg/all/function/internal_message.html?_=1612658936182&CODE_STATE=getMsg HTTP/1.1" 200 27
116.224.253.72 - - [07/Feb/2021:08:48:59 +0800] "GET /xingrg/kc/buy/cgsh_order_operate.html?command=get_materiel&rest_code=00150&code=00101006184&supplier_code=00100096&order_time=2021-02-07 HTTP/1.1" 200 408
116.224.253.72 - - [07/Feb/2021:08:49:05 +0800] "GET /xingrg/kc/buy/cgsh_order_operate.html?command=get_materiel&rest_code=00150&code=00101006055&supplier_code=00100096&order_time=2021-02-07 HTTP/1.1" 200 411
116.227.208.86 - - [07/Feb/2021:08:49:06 +0800] "GET /xingrg/all/function/internal_message.html?_=1612658941823&CODE_STATE=getMsg HTTP/1.1" 200 27
114.88.166.193 - - [07/Feb/2021:08:49:10 +0800] "GET /xingrg/all/function/internal_message.html?_=1612658946068&CODE_STATE=getMsg HTTP/1.1" 200 27
116.228.172.94 - - [07/Feb/2021:08:49:11 +0800] "GET /xingrg/all/function/internal_message.html?_=1612658949832&CODE_STATE=getMsg HTTP/1.1" 200 27
116.224.253.72 - - [07/Feb/2021:08:49:18 +0800] "GET /xingrg/kc/buy/cgsh_order_operate.html?command=get_materiel&rest_code=00150&code=00101006109&supplier_code=00100096&order_time=2021-02-07 HTTP/1.1" 200 409
58.37.230.33 - - [07/Feb/2021:08:49:24 +0800] "GET /xingrg/all/function/internal_message.html?_=1612658973923&CODE_STATE=getMsg HTTP/1.1" 200 27
116.224.253.72 - - [07/Feb/2021:08:49:25 +0800] "GET /xingrg/kc/buy/cgsh_order_operate.html?command=get_materiel&rest_code=00150&code=00101006111&supplier_code=00100096&order_time=2021-02-07 HTTP/1.1" 200 409
222.69.133.211 - - [07/Feb/2021:08:49:27 +0800] "GET /xingrg/kc/buy/cgsh_order_operate.html?command=get_materiel&rest_code=00149&code=00101008357&supplier_code=00100005&order_time=2021-02-07 HTTP/1.1" 200 408
116.224.253.72 - - [07/Feb/2021:08:49:31 +0800] "GET /xingrg/kc/buy/cgsh_order_operate.html?command=get_materiel&rest_code=00150&code=00101006133&supplier_code=00100096&order_time=2021-02-07 HTTP/1.1" 200 413
222.69.133.211 - - [07/Feb/2021:08:49:40 +0800] "GET /xingrg/kc/buy/cgsh_order_operate.html?command=get_materiel&rest_code=00149&code=00101008286&supplier_code=00100005&order_time=2021-02-07 HTTP/1.1" 200 409
120.253.135.82 - - [07/Feb/2021:08:49:46 +0800] "GET /xingrg/all/function/internal_message.html?_=1612658748339&CODE_STATE=getMsg HTTP/1.1" 200 27
116.224.253.72 - - [07/Feb/2021:08:49:46 +0800] "POST /xingrg/kc/buy/cgsh_order_operate.html HTTP/1.1" 200 37
116.224.253.72 - - [07/Feb/2021:08:49:47 +0800] "POST /xingrg/kc/buy/cgsh_order_operate.html HTTP/1.1" 200 7399
222.69.133.211 - - [07/Feb/2021:08:49:48 +0800] "GET /xingrg/all/function/internal_message.html?_=1612658985309&CODE_STATE=getMsg HTTP/1.1" 200 27
222.69.133.211 - - [07/Feb/2021:08:49:50 +0800] "GET /xingrg/kc/buy/cgsh_order_operate.html?command=get_materiel&rest_code=00149&code=00101008036&supplier_code=00100005&order_time=2021-02-07 HTTP/1.1" 200 408
61.165.42.208 - - [07/Feb/2021:08:49:53 +0800] "GET /xingrg/all/function/internal_message.html?_=1612658973666&CODE_STATE=getMsg HTTP/1.1" 200 27
180.169.147.146 - - [07/Feb/2021:08:49:54 +0800] "GET /xingrg/all/function/internal_message.html?_=1612658980546&CODE_STATE=getMsg HTTP/1.1" 200 27
180.169.147.146 - - [07/Feb/2021:08:49:54 +0800] "GET /xingrg/check_reg.html?_=1612658980564 HTTP/1.1" 200 22
218.81.223.240 - - [07/Feb/2021:08:49:57 +0800] "GET /xingrg/all/function/internal_message.html?_=1612659025010&CODE_STATE=getMsg HTTP/1.1" 200 27
116.224.253.72 - - [07/Feb/2021:08:49:57 +0800] "GET /xingrg/all/function/internal_message.html?_=1612658996165&CODE_STATE=getMsg HTTP/1.1" 200 27
116.227.208.86 - - [07/Feb/2021:08:50:06 +0800] "GET /xingrg/all/function/internal_message.html?_=1612659001808&CODE_STATE=getMsg HTTP/1.1" 200 27
114.88.166.193 - - [07/Feb/2021:08:50:10 +0800] "GET /xingrg/all/function/internal_message.html?_=1612659006082&CODE_STATE=getMsg HTTP/1.1" 200 27
116.228.172.94 - - [07/Feb/2021:08:50:11 +0800] "GET /xingrg/all/function/internal_message.html?_=1612659009811&CODE_STATE=getMsg HTTP/1.1" 200 27
222.69.133.211 - - [07/Feb/2021:08:50:15 +0800] "POST /xingrg/kc/buy/cgsh_order_operate.html HTTP/1.1" 200 2065
58.37.230.33 - - [07/Feb/2021:08:50:24 +0800] "GET /xingrg/all/function/internal_message.html?_=1612659033922&CODE_STATE=getMsg HTTP/1.1" 200 27
116.224.253.72 - - [07/Feb/2021:08:50:24 +0800] "GET /xingrg/kc/buy/cgsh_order_operate.html?command=get_materiel&rest_code=00150&code=00101007081&supplier_code=00100096&order_time=2021-02-07 HTTP/1.1" 200 413
222.69.133.211 - - [07/Feb/2021:08:50:26 +0800] "GET /xingrg/kc/buy/cgsh_order_operate.html?command=get_materiel&rest_code=00149&code=00101008296&supplier_code=00100005&order_time=2021-02-07 HTTP/1.1" 200 416
120.253.135.82 - - [07/Feb/2021:08:50:46 +0800] "GET /xingrg/all/function/internal_message.html?_=1612658808353&CODE_STATE=getMsg HTTP/1.1" 200 27
222.69.133.211 - - [07/Feb/2021:08:50:47 +0800] "GET /xingrg/kc/buy/cgsh_order_operate.html?command=get_materiel&rest_code=00149&code=00101008352&supplier_code=00100005&order_time=2021-02-07 HTTP/1.1" 200 412
222.69.133.211 - - [07/Feb/2021:08:50:48 +0800] "GET /xingrg/all/function/internal_message.html?_=1612659045314&CODE_STATE=getMsg HTTP/1.1" 200 27
222.69.133.211 - - [07/Feb/2021:08:50:48 +0800] "GET /xingrg/check_reg.html?_=1612659045333 HTTP/1.1" 200 22
61.165.42.208 - - [07/Feb/2021:08:50:53 +0800] "GET /xingrg/all/function/internal_message.html?_=1612659033666&CODE_STATE=getMsg HTTP/1.1" 200 27
180.169.147.146 - - [07/Feb/2021:08:50:54 +0800] "GET /xingrg/all/function/internal_message.html?_=1612659040519&CODE_STATE=getMsg HTTP/1.1" 200 27
222.69.133.211 - - [07/Feb/2021:08:50:56 +0800] "GET /xingrg/kc/buy/cgsh_order_operate.html?command=get_materiel&rest_code=00149&code=00101008307&supplier_code=00100005&order_time=2021-02-07 HTTP/1.1" 200 420
116.224.253.72 - - [07/Feb/2021:08:50:57 +0800] "GET /xingrg/kc/buy/cgsh_order_operate.html?command=get_materiel&rest_code=00150&code=00101010589&supplier_code=00100096&order_time=2021-02-07 HTTP/1.1" 200 401
218.81.223.240 - - [07/Feb/2021:08:50:57 +0800] "GET /xingrg/all/function/internal_message.html?_=1612659085021&CODE_STATE=getMsg HTTP/1.1" 200 27
116.224.253.72 - - [07/Feb/2021:08:50:57 +0800] "GET /xingrg/all/function/internal_message.html?_=1612659056143&CODE_STATE=getMsg HTTP/1.1" 200 27
116.227.208.86 - - [07/Feb/2021:08:51:06 +0800] "GET /xingrg/all/function/internal_message.html?_=1612659061794&CODE_STATE=getMsg HTTP/1.1" 200 27
114.88.166.193 - - [07/Feb/2021:08:51:10 +0800] "GET /xingrg/all/function/internal_message.html?_=1612659066131&CODE_STATE=getMsg HTTP/1.1" 200 27
116.228.172.94 - - [07/Feb/2021:08:51:11 +0800] "GET /xingrg/all/function/internal_message.html?_=1612659069792&CODE_STATE=getMsg HTTP/1.1" 200 27
116.224.253.72 - - [07/Feb/2021:08:51:11 +0800] "GET /xingrg/kc/buy/cgsh_order_operate.html?command=get_materiel&rest_code=00150&code=00101007077&supplier_code=00100096&order_time=2021-02-07 HTTP/1.1" 200 415
222.69.133.211 - - [07/Feb/2021:08:51:11 +0800] "GET /xingrg/kc/buy/cgsh_order_operate.html?command=get_materiel&rest_code=00149&code=00101008353&supplier_code=00100005&order_time=2021-02-07 HTTP/1.1" 200 408
116.224.253.72 - - [07/Feb/2021:08:51:21 +0800] "GET /xingrg/kc/buy/cgsh_order_operate.html?command=get_materiel&rest_code=00150&code=00101007071&supplier_code=00100096&order_time=2021-02-07 HTTP/1.1" 200 417
58.37.230.33 - - [07/Feb/2021:08:51:24 +0800] "GET /xingrg/all/function/internal_message.html?_=1612659093921&CODE_STATE=getMsg HTTP/1.1" 200 27
58.37.230.33 - - [07/Feb/2021:08:51:24 +0800] "GET /xingrg/check_reg.html?_=1612659093922 HTTP/1.1" 200 22
116.224.253.72 - - [07/Feb/2021:08:51:31 +0800] "GET /xingrg/kc/buy/cgsh_order_operate.html?command=get_materiel&rest_code=00150&code=00101007059&supplier_code=00100096&order_time=2021-02-07 HTTP/1.1" 200 409
116.227.208.86 - - [07/Feb/2021:08:51:32 +0800] "GET /xingrg/check_reg.html?_=1612659088201 HTTP/1.1" 200 22
116.224.253.72 - - [07/Feb/2021:08:51:32 +0800] "POST /xingrg/kc/buy/cgsh_order_operate.html HTTP/1.1" 200 2065
116.224.253.72 - - [07/Feb/2021:08:51:38 +0800] "GET /xingrg/kc/buy/cgsh_order_operate.html?command=get_materiel&rest_code=00150&code=00101007061&supplier_code=00100096&order_time=2021-02-07 HTTP/1.1" 200 411
120.253.135.82 - - [07/Feb/2021:08:51:46 +0800] "GET /xingrg/all/function/internal_message.html?_=1612658868367&CODE_STATE=getMsg HTTP/1.1" 200 27
116.224.253.72 - - [07/Feb/2021:08:51:46 +0800] "GET /xingrg/kc/buy/cgsh_order_operate.html?command=get_materiel&rest_code=00150&code=00101007049&supplier_code=00100096&order_time=2021-02-07 HTTP/1.1" 200 409
222.69.133.211 - - [07/Feb/2021:08:51:48 +0800] "GET /xingrg/all/function/internal_message.html?_=1612659105357&CODE_STATE=getMsg HTTP/1.1" 200 27
222.69.133.211 - - [07/Feb/2021:08:51:50 +0800] "POST /xingrg/kc/buy/cgsh_order_operate.html HTTP/1.1" 200 2065
61.165.42.208 - - [07/Feb/2021:08:51:53 +0800] "GET /xingrg/check_reg.html?_=1612659093666 HTTP/1.1" 200 22
61.165.42.208 - - [07/Feb/2021:08:51:53 +0800] "GET /xingrg/all/function/internal_message.html?_=1612659093669&CODE_STATE=getMsg HTTP/1.1" 200 27
180.169.147.146 - - [07/Feb/2021:08:51:54 +0800] "GET /xingrg/all/function/internal_message.html?_=1612659100521&CODE_STATE=getMsg HTTP/1.1" 200 27
218.81.223.240 - - [07/Feb/2021:08:51:57 +0800] "GET /xingrg/all/function/internal_message.html?_=1612659145069&CODE_STATE=getMsg HTTP/1.1" 200 27
116.224.253.72 - - [07/Feb/2021:08:51:57 +0800] "GET /xingrg/all/function/internal_message.html?_=1612659116137&CODE_STATE=getMsg HTTP/1.1" 200 27
222.69.133.211 - - [07/Feb/2021:08:52:01 +0800] "GET /xingrg/kc/buy/cgsh_order_operate.html?command=get_materiel&rest_code=00149&code=00101008213&supplier_code=00100005&order_time=2021-02-07 HTTP/1.1" 200 412
116.228.172.94 - - [07/Feb/2021:08:52:01 +0800] "GET /xingrg/kc/buy/buy_main.html HTTP/1.1" 200 12412
116.228.172.94 - - [07/Feb/2021:08:52:02 +0800] "GET /xingrg/css/new_ie.css HTTP/1.1" 404 1036
116.227.208.86 - - [07/Feb/2021:08:52:06 +0800] "GET /xingrg/all/function/internal_message.html?_=1612659121764&CODE_STATE=getMsg HTTP/1.1" 200 27
116.228.172.94 - - [07/Feb/2021:08:52:07 +0800] "GET /xingrg/kc/buy/buy_main.html HTTP/1.1" 200 12412
116.228.172.94 - - [07/Feb/2021:08:52:07 +0800] "GET /xingrg/css/new_ie.css HTTP/1.1" 404 1036
116.228.172.94 - - [07/Feb/2021:08:52:09 +0800] "GET /xingrg/images/yd/bt.gif HTTP/1.1" 404 1040
114.88.166.193 - - [07/Feb/2021:08:52:10 +0800] "GET /xingrg/all/function/internal_message.html?_=1612659126140&CODE_STATE=getMsg HTTP/1.1" 200 27
116.228.172.94 - - [07/Feb/2021:08:52:11 +0800] "GET /xingrg/all/function/internal_message.html?_=1612659130300&CODE_STATE=getMsg HTTP/1.1" 200 27
116.228.172.94 - - [07/Feb/2021:08:52:11 +0800] "GET /xingrg/kc/buy/cgsh_order_list.html HTTP/1.1" 200 46372
116.228.172.94 - - [07/Feb/2021:08:52:13 +0800] "POST /xingrg/kc/buy/cgsh_list_operate.html HTTP/1.1" 200 876
116.228.172.94 - - [07/Feb/2021:08:52:16 +0800] "GET /xingrg/kc/buy/cgsh_order_add.html HTTP/1.1" 200 62192
116.228.172.94 - - [07/Feb/2021:08:52:16 +0800] "GET /xingrg/words/20210206145542_words.js HTTP/1.1" 304 -
116.228.172.94 - - [07/Feb/2021:08:52:17 +0800] "GET /xingrg/all/common/auto_word.html?type=employee&rest_code=00107 HTTP/1.1" 200 151
116.228.172.94 - - [07/Feb/2021:08:52:17 +0800] "GET /xingrg/javascript/easyui/themes/default/validatebox.css HTTP/1.1" 404 1104
116.228.172.94 - - [07/Feb/2021:08:52:17 +0800] "GET /xingrg/all/common/auto_word.html?type=employee&rest_code=00107 HTTP/1.1" 200 151
116.228.172.94 - - [07/Feb/2021:08:52:17 +0800] "POST /xingrg/kc/buy/cgsh_order_operate.html HTTP/1.1" 200 8245
116.228.172.94 - - [07/Feb/2021:08:52:19 +0800] "GET /xingrg/javascript/easyui/themes/default/tree.css HTTP/1.1" 404 1090
116.228.172.94 - - [07/Feb/2021:08:52:19 +0800] "POST /xingrg/all/common/load_tree.html?tree=supplier_tree_json&isDelete=1 HTTP/1.1" 200 54827
58.37.230.33 - - [07/Feb/2021:08:52:24 +0800] "GET /xingrg/all/function/internal_message.html?_=1612659153921&CODE_STATE=getMsg HTTP/1.1" 200 27
222.69.133.211 - - [07/Feb/2021:08:52:24 +0800] "GET /xingrg/kc/buy/cgsh_order_operate.html?command=get_materiel&rest_code=00149&code=00101008095&supplier_code=00100005&order_time=2021-02-07 HTTP/1.1" 200 412
116.224.253.72 - - [07/Feb/2021:08:52:24 +0800] "GET /xingrg/kc/buy/cgsh_order_operate.html?command=get_materiel&rest_code=00150&code=00101016080&supplier_code=00100096&order_time=2021-02-07 HTTP/1.1" 200 408
116.228.172.94 - - [07/Feb/2021:08:52:28 +0800] "GET /xingrg/check_reg.html?_=1612659147022 HTTP/1.1" 200 22
116.224.253.72 - - [07/Feb/2021:08:52:30 +0800] "GET /xingrg/kc/buy/cgsh_order_operate.html?command=get_materiel&rest_code=00150&code=00101016025&supplier_code=00100096&order_time=2021-02-07 HTTP/1.1" 200 408
116.228.172.94 - - [07/Feb/2021:08:52:32 +0800] "GET /xingrg/javascript/auto/indicator.gif HTTP/1.1" 404 1066
222.69.133.211 - - [07/Feb/2021:08:52:33 +0800] "GET /xingrg/kc/buy/cgsh_order_operate.html?command=get_materiel&rest_code=00149&code=00101008110&supplier_code=00100005&order_time=2021-02-07 HTTP/1.1" 200 408
116.224.253.72 - - [07/Feb/2021:08:52:36 +0800] "GET /xingrg/kc/buy/cgsh_order_operate.html?command=get_materiel&rest_code=00150&code=00101012025&supplier_code=00100096&order_time=2021-02-07 HTTP/1.1" 200 412
218.81.223.240 - - [07/Feb/2021:08:52:36 +0800] "GET /xingrg/check_reg.html?_=1612659184705 HTTP/1.1" 200 22
116.228.172.94 - - [07/Feb/2021:08:52:37 +0800] "GET /xingrg/kc/buy/cgsh_order_operate.html?command=get_materiel&rest_code=00107&code=00101008256&supplier_code=00100006&order_time=2021-02-07 HTTP/1.1" 200 412
116.224.253.72 - - [07/Feb/2021:08:52:37 +0800] "POST /xingrg/kc/buy/cgsh_order_operate.html HTTP/1.1" 200 2065
116.224.253.72 - - [07/Feb/2021:08:52:43 +0800] "GET /xingrg/kc/buy/cgsh_order_operate.html?command=get_materiel&rest_code=00150&code=00101001010&supplier_code=00100096&order_time=2021-02-07 HTTP/1.1" 200 410
222.69.133.211 - - [07/Feb/2021:08:52:44 +0800] "GET /xingrg/kc/buy/cgsh_order_operate.html?command=get_materiel&rest_code=00149&code=00101008275&supplier_code=00100005&order_time=2021-02-07 HTTP/1.1" 200 417
120.253.135.82 - - [07/Feb/2021:08:52:46 +0800] "GET /xingrg/all/function/internal_message.html?_=1612658928380&CODE_STATE=getMsg HTTP/1.1" 200 27
222.69.133.211 - - [07/Feb/2021:08:52:48 +0800] "GET /xingrg/all/function/internal_message.html?_=1612659165337&CODE_STATE=getMsg HTTP/1.1" 200 27
116.228.172.94 - - [07/Feb/2021:08:52:50 +0800] "GET /xingrg/kc/buy/cgsh_order_operate.html?command=get_materiel&rest_code=00107&code=00101008155&supplier_code=00100006&order_time=2021-02-07 HTTP/1.1" 200 408
61.165.42.208 - - [07/Feb/2021:08:52:53 +0800] "GET /xingrg/all/function/internal_message.html?_=1612659153670&CODE_STATE=getMsg HTTP/1.1" 200 27
180.169.147.146 - - [07/Feb/2021:08:52:54 +0800] "GET /xingrg/all/function/internal_message.html?_=1612659160508&CODE_STATE=getMsg HTTP/1.1" 200 27
222.69.133.211 - - [07/Feb/2021:08:52:54 +0800] "GET /xingrg/kc/buy/cgsh_order_operate.html?command=get_materiel&rest_code=00149&code=00101008305&supplier_code=00100005&order_time=2021-02-07 HTTP/1.1" 200 412
218.81.223.240 - - [07/Feb/2021:08:52:57 +0800] "GET /xingrg/all/function/internal_message.html?_=1612659205080&CODE_STATE=getMsg HTTP/1.1" 200 27
116.224.253.72 - - [07/Feb/2021:08:52:57 +0800] "GET /xingrg/all/function/internal_message.html?_=1612659176107&CODE_STATE=getMsg HTTP/1.1" 200 27
222.69.133.211 - - [07/Feb/2021:08:53:00 +0800] "POST /xingrg/kc/buy/cgsh_order_operate.html HTTP/1.1" 200 2065
116.228.172.94 - - [07/Feb/2021:08:53:01 +0800] "GET /xingrg/kc/buy/cgsh_order_operate.html?command=get_materiel&rest_code=00107&code=00101008298&supplier_code=00100006&order_time=2021-02-07 HTTP/1.1" 200 413
116.227.208.86 - - [07/Feb/2021:08:53:05 +0800] "GET /xingrg/all/function/internal_message.html?_=1612659181736&CODE_STATE=getMsg HTTP/1.1" 200 27
222.69.133.211 - - [07/Feb/2021:08:53:06 +0800] "GET /xingrg/kc/buy/cgsh_order_operate.html?command=get_materiel&rest_code=00149&code=00101008298&supplier_code=00100005&order_time=2021-02-07 HTTP/1.1" 200 413
114.88.166.193 - - [07/Feb/2021:08:53:10 +0800] "GET /xingrg/all/function/internal_message.html?_=1612659186190&CODE_STATE=getMsg HTTP/1.1" 200 27
116.228.172.94 - - [07/Feb/2021:08:53:11 +0800] "GET /xingrg/all/function/internal_message.html?_=1612659190274&CODE_STATE=getMsg HTTP/1.1" 200 27
116.228.172.94 - - [07/Feb/2021:08:53:12 +0800] "GET /xingrg/kc/buy/cgsh_order_operate.html?command=get_materiel&rest_code=00107&code=00101008096&supplier_code=00100006&order_time=2021-02-07 HTTP/1.1" 200 413
222.69.133.211 - - [07/Feb/2021:08:53:18 +0800] "GET /xingrg/kc/buy/cgsh_order_operate.html?command=get_materiel&rest_code=00149&code=00101010237&supplier_code=00100005&order_time=2021-02-07 HTTP/1.1" 200 412
116.228.172.94 - - [07/Feb/2021:08:53:22 +0800] "GET /xingrg/kc/buy/cgsh_order_operate.html?command=get_materiel&rest_code=00107&code=00101008038&supplier_code=00100006&order_time=2021-02-07 HTTP/1.1" 200 412
58.37.230.33 - - [07/Feb/2021:08:53:24 +0800] "GET /xingrg/all/function/internal_message.html?_=1612659213920&CODE_STATE=getMsg HTTP/1.1" 200 27
222.69.133.211 - - [07/Feb/2021:08:53:30 +0800] "GET /xingrg/kc/buy/cgsh_order_operate.html?command=get_materiel&rest_code=00149&code=00101019224&supplier_code=00100005&order_time=2021-02-07 HTTP/1.1" 200 408
116.228.172.94 - - [07/Feb/2021:08:53:31 +0800] "GET /xingrg/kc/buy/cgsh_order_operate.html?command=get_materiel&rest_code=00107&code=00101008283&supplier_code=00100006&order_time=2021-02-07 HTTP/1.1" 200 409
116.228.172.94 - - [07/Feb/2021:08:53:39 +0800] "GET /xingrg/kc/buy/cgsh_order_operate.html?command=get_materiel&rest_code=00107&code=00101008355&supplier_code=00100006&order_time=2021-02-07 HTTP/1.1" 200 408
222.69.133.211 - - [07/Feb/2021:08:53:40 +0800] "GET /xingrg/kc/buy/cgsh_order_operate.html?command=get_materiel&rest_code=00149&code=00101008306&supplier_code=00100005&order_time=2021-02-07 HTTP/1.1" 200 412
120.253.135.82 - - [07/Feb/2021:08:53:44 +0800] "GET /xingrg/check_reg.html?_=1612658986616 HTTP/1.1" 200 22
116.224.253.72 - - [07/Feb/2021:08:53:45 +0800] "POST /xingrg/kc/buy/cgsh_order_operate.html HTTP/1.1" 200 37
120.253.135.82 - - [07/Feb/2021:08:53:46 +0800] "GET /xingrg/all/function/internal_message.html?_=1612658988394&CODE_STATE=getMsg HTTP/1.1" 200 27
116.224.253.72 - - [07/Feb/2021:08:53:46 +0800] "POST /xingrg/kc/buy/cgsh_order_operate.html HTTP/1.1" 200 13942
222.69.133.211 - - [07/Feb/2021:08:53:48 +0800] "GET /xingrg/all/function/internal_message.html?_=1612659225329&CODE_STATE=getMsg HTTP/1.1" 200 27
116.228.172.94 - - [07/Feb/2021:08:53:48 +0800] "GET /xingrg/kc/buy/cgsh_order_operate.html?command=get_materiel&rest_code=00107&code=00101008223&supplier_code=00100006&order_time=2021-02-07 HTTP/1.1" 200 412
114.88.166.193 - - [07/Feb/2021:08:53:50 +0800] "GET /xingrg/check_reg.html?_=1612659226682 HTTP/1.1" 200 22
61.165.42.208 - - [07/Feb/2021:08:53:53 +0800] "GET /xingrg/all/function/internal_message.html?_=1612659213697&CODE_STATE=getMsg HTTP/1.1" 200 27
180.169.147.146 - - [07/Feb/2021:08:53:54 +0800] "GET /xingrg/all/function/internal_message.html?_=1612659220513&CODE_STATE=getMsg HTTP/1.1" 200 27
218.81.223.240 - - [07/Feb/2021:08:53:57 +0800] "GET /xingrg/all/function/internal_message.html?_=1612659265094&CODE_STATE=getMsg HTTP/1.1" 200 27
116.224.253.72 - - [07/Feb/2021:08:53:57 +0800] "GET /xingrg/check_reg.html?_=1612659236065 HTTP/1.1" 200 22
116.224.253.72 - - [07/Feb/2021:08:53:57 +0800] "GET /xingrg/all/function/internal_message.html?_=1612659236079&CODE_STATE=getMsg HTTP/1.1" 200 27
222.69.133.211 - - [07/Feb/2021:08:53:58 +0800] "GET /xingrg/kc/buy/cgsh_order_operate.html?command=get_materiel&rest_code=00149&code=00101008312&supplier_code=00100005&order_time=2021-02-07 HTTP/1.1" 200 412
222.69.133.211 - - [07/Feb/2021:08:54:01 +0800] "POST /xingrg/kc/buy/cgsh_order_operate.html HTTP/1.1" 200 2065
116.227.208.86 - - [07/Feb/2021:08:54:05 +0800] "GET /xingrg/all/function/internal_message.html?_=1612659241707&CODE_STATE=getMsg HTTP/1.1" 200 27
222.69.133.211 - - [07/Feb/2021:08:54:09 +0800] "GET /xingrg/kc/buy/cgsh_order_operate.html?command=get_materiel&rest_code=00149&code=00101010136&supplier_code=00100005&order_time=2021-02-07 HTTP/1.1" 200 408
114.88.166.193 - - [07/Feb/2021:08:54:10 +0800] "GET /xingrg/all/function/internal_message.html?_=1612659246198&CODE_STATE=getMsg HTTP/1.1" 200 27
116.228.172.94 - - [07/Feb/2021:08:54:11 +0800] "GET /xingrg/all/function/internal_message.html?_=1612659250261&CODE_STATE=getMsg HTTP/1.1" 200 27
116.228.172.94 - - [07/Feb/2021:08:54:12 +0800] "GET /xingrg/kc/buy/cgsh_order_operate.html?command=get_materiel&rest_code=00107&code=00101008357&supplier_code=00100006&order_time=2021-02-07 HTTP/1.1" 200 408
58.37.230.33 - - [07/Feb/2021:08:54:24 +0800] "GET /xingrg/all/function/internal_message.html?_=1612659273919&CODE_STATE=getMsg HTTP/1.1" 200 27
116.228.172.94 - - [07/Feb/2021:08:54:27 +0800] "GET /xingrg/kc/buy/cgsh_order_operate.html?command=get_materiel&rest_code=00107&code=00101008352&supplier_code=00100006&order_time=2021-02-07 HTTP/1.1" 200 412
222.69.133.211 - - [07/Feb/2021:08:54:31 +0800] "GET /xingrg/kc/buy/cgsh_order_operate.html?command=get_materiel&rest_code=00149&code=00101008166&supplier_code=00100005&order_time=2021-02-07 HTTP/1.1" 200 412
116.228.172.94 - - [07/Feb/2021:08:54:34 +0800] "GET /xingrg/kc/buy/cgsh_order_operate.html?command=get_materiel&rest_code=00107&code=00101008271&supplier_code=00100006&order_time=2021-02-07 HTTP/1.1" 200 410
120.253.135.82 - - [07/Feb/2021:08:54:46 +0800] "GET /xingrg/all/function/internal_message.html?_=1612659048408&CODE_STATE=getMsg HTTP/1.1" 200 27
222.69.133.211 - - [07/Feb/2021:08:54:48 +0800] "GET /xingrg/all/function/internal_message.html?_=1612659285366&CODE_STATE=getMsg HTTP/1.1" 200 27
116.228.172.94 - - [07/Feb/2021:08:54:48 +0800] "GET /xingrg/kc/buy/cgsh_order_operate.html?command=get_materiel&rest_code=00107&code=00101008353&supplier_code=00100006&order_time=2021-02-07 HTTP/1.1" 200 408
222.69.133.211 - - [07/Feb/2021:08:54:48 +0800] "GET /xingrg/kc/buy/cgsh_order_operate.html?command=get_materiel&rest_code=00149&code=00101008345&supplier_code=00100005&order_time=2021-02-07 HTTP/1.1" 200 413
61.165.42.208 - - [07/Feb/2021:08:54:53 +0800] "GET /xingrg/all/function/internal_message.html?_=1612659273697&CODE_STATE=getMsg HTTP/1.1" 200 27
180.169.147.146 - - [07/Feb/2021:08:54:54 +0800] "GET /xingrg/all/function/internal_message.html?_=1612659280515&CODE_STATE=getMsg HTTP/1.1" 200 27
180.169.147.146 - - [07/Feb/2021:08:54:54 +0800] "GET /xingrg/check_reg.html?_=1612659280548 HTTP/1.1" 200 22
218.81.223.240 - - [07/Feb/2021:08:54:57 +0800] "GET /xingrg/all/function/internal_message.html?_=1612659325143&CODE_STATE=getMsg HTTP/1.1" 200 27
116.224.253.72 - - [07/Feb/2021:08:54:57 +0800] "GET /xingrg/all/function/internal_message.html?_=1612659296059&CODE_STATE=getMsg HTTP/1.1" 200 27
116.228.172.94 - - [07/Feb/2021:08:54:57 +0800] "GET /xingrg/kc/buy/cgsh_order_operate.html?command=get_materiel&rest_code=00107&code=00101008125&supplier_code=00100006&order_time=2021-02-07 HTTP/1.1" 200 413
222.69.133.211 - - [07/Feb/2021:08:55:04 +0800] "GET /xingrg/kc/buy/cgsh_order_operate.html?command=get_materiel&rest_code=00149&code=00101008234&supplier_code=00100005&order_time=2021-02-07 HTTP/1.1" 200 408
116.227.208.86 - - [07/Feb/2021:08:55:05 +0800] "GET /xingrg/all/function/internal_message.html?_=1612659301682&CODE_STATE=getMsg HTTP/1.1" 200 27
116.228.172.94 - - [07/Feb/2021:08:55:07 +0800] "GET /xingrg/kc/buy/cgsh_order_operate.html?command=get_materiel&rest_code=00107&code=00101008232&supplier_code=00100006&order_time=2021-02-07 HTTP/1.1" 200 408
114.88.166.193 - - [07/Feb/2021:08:55:10 +0800] "GET /xingrg/all/function/internal_message.html?_=1612659306211&CODE_STATE=getMsg HTTP/1.1" 200 27
116.228.172.94 - - [07/Feb/2021:08:55:11 +0800] "GET /xingrg/all/function/internal_message.html?_=1612659310236&CODE_STATE=getMsg HTTP/1.1" 200 27
222.69.133.211 - - [07/Feb/2021:08:55:13 +0800] "GET /xingrg/kc/buy/cgsh_order_operate.html?command=get_materiel&rest_code=00149&code=00101008125&supplier_code=00100005&order_time=2021-02-07 HTTP/1.1" 200 413
116.228.172.94 - - [07/Feb/2021:08:55:17 +0800] "GET /xingrg/kc/buy/cgsh_order_operate.html?command=get_materiel&rest_code=00107&code=00101008264&supplier_code=00100006&order_time=2021-02-07 HTTP/1.1" 200 412
222.69.133.211 - - [07/Feb/2021:08:55:18 +0800] "POST /xingrg/kc/buy/cgsh_order_operate.html HTTP/1.1" 200 2065
58.37.230.33 - - [07/Feb/2021:08:55:24 +0800] "GET /xingrg/all/function/internal_message.html?_=1612659333922&CODE_STATE=getMsg HTTP/1.1" 200 27
222.69.133.211 - - [07/Feb/2021:08:55:24 +0800] "GET /xingrg/kc/buy/cgsh_order_operate.html?command=get_materiel&rest_code=00149&code=00101015024&supplier_code=00100005&order_time=2021-02-07 HTTP/1.1" 200 413
116.228.172.94 - - [07/Feb/2021:08:55:29 +0800] "GET /xingrg/kc/buy/cgsh_order_operate.html?command=get_materiel&rest_code=00107&code=00101008323&supplier_code=00100006&order_time=2021-02-07 HTTP/1.1" 200 408
222.69.133.211 - - [07/Feb/2021:08:55:36 +0800] "POST /xingrg/kc/buy/cgsh_order_operate.html HTTP/1.1" 200 37
222.69.133.211 - - [07/Feb/2021:08:55:38 +0800] "POST /xingrg/kc/buy/cgsh_order_operate.html HTTP/1.1" 200 43506
116.228.172.94 - - [07/Feb/2021:08:55:43 +0800] "GET /xingrg/kc/buy/cgsh_order_operate.html?command=get_materiel&rest_code=00107&code=00101008175&supplier_code=00100006&order_time=2021-02-07 HTTP/1.1" 200 412
120.253.135.82 - - [07/Feb/2021:08:55:46 +0800] "GET /xingrg/all/function/internal_message.html?_=1612659108421&CODE_STATE=getMsg HTTP/1.1" 200 27
222.69.133.211 - - [07/Feb/2021:08:55:48 +0800] "GET /xingrg/all/function/internal_message.html?_=1612659345320&CODE_STATE=getMsg HTTP/1.1" 200 27
222.69.133.211 - - [07/Feb/2021:08:55:48 +0800] "GET /xingrg/check_reg.html?_=1612659345325 HTTP/1.1" 200 22
116.228.172.94 - - [07/Feb/2021:08:55:52 +0800] "GET /xingrg/kc/buy/cgsh_order_operate.html?command=get_materiel&rest_code=00107&code=00101008302&supplier_code=00100006&order_time=2021-02-07 HTTP/1.1" 200 412
61.165.42.208 - - [07/Feb/2021:08:55:53 +0800] "GET /xingrg/all/function/internal_message.html?_=1612659333683&CODE_STATE=getMsg HTTP/1.1" 200 27
180.169.147.146 - - [07/Feb/2021:08:55:54 +0800] "GET /xingrg/all/function/internal_message.html?_=1612659340545&CODE_STATE=getMsg HTTP/1.1" 200 27
116.227.208.86 - - [07/Feb/2021:08:55:56 +0800] "GET /xingrg/login.html HTTP/1.1" 200 7641
218.81.223.240 - - [07/Feb/2021:08:55:57 +0800] "GET /xingrg/all/function/internal_message.html?_=1612659385150&CODE_STATE=getMsg HTTP/1.1" 200 27
116.227.208.86 - - [07/Feb/2021:08:55:57 +0800] "GET /favicon.ico HTTP/1.1" 404 -
116.224.253.72 - - [07/Feb/2021:08:55:57 +0800] "GET /xingrg/all/function/internal_message.html?_=1612659356071&CODE_STATE=getMsg HTTP/1.1" 200 27
116.228.172.94 - - [07/Feb/2021:08:56:01 +0800] "GET /xingrg/kc/buy/cgsh_order_operate.html?command=get_materiel&rest_code=00107&code=00101008210&supplier_code=00100006&order_time=2021-02-07 HTTP/1.1" 200 408
116.227.208.86 - - [07/Feb/2021:08:56:02 +0800] "GET /xingrg/login.html HTTP/1.1" 200 7641
116.227.208.86 - - [07/Feb/2021:08:56:02 +0800] "GET /favicon.ico HTTP/1.1" 404 -
116.228.172.94 - - [07/Feb/2021:08:56:04 +0800] "POST /xingrg/kc/buy/cgsh_order_operate.html HTTP/1.1" 200 2065
116.227.208.86 - - [07/Feb/2021:08:56:06 +0800] "POST /xingrg/login.do HTTP/1.1" 302 -
116.227.208.86 - - [07/Feb/2021:08:56:06 +0800] "GET /xingrg/index.html?sysBaseUrl=http%3A%2F%2F180.169.147.146%3A18081%2Fxingrg%2F&costTime=36×tamp=1612659366329 HTTP/1.1" 200 17179
116.227.208.86 - - [07/Feb/2021:08:56:06 +0800] "GET /favicon.ico HTTP/1.1" 404 -
116.227.208.86 - - [07/Feb/2021:08:56:06 +0800] "POST /xingrg/all/common/load_tree.html?tree=area_rest_tree_json&manage=1 HTTP/1.1" 200 351
116.227.208.86 - - [07/Feb/2021:08:56:06 +0800] "GET /xingrg/all/function/internal_message.html?_=1612659362496&CODE_STATE=count HTTP/1.1" 200 11
116.227.208.86 - - [07/Feb/2021:08:56:06 +0800] "GET /xingrg/check_reg.html?_=1612659362496 HTTP/1.1" 200 22
116.227.208.86 - - [07/Feb/2021:08:56:06 +0800] "POST /xingrg/load_menu.html HTTP/1.1" 200 5138
116.227.208.86 - - [07/Feb/2021:08:56:09 +0800] "GET /xingrg/kc/buy/cgsh_order_list.html HTTP/1.1" 200 46372
114.88.166.193 - - [07/Feb/2021:08:56:10 +0800] "GET /xingrg/all/function/internal_message.html?_=1612659366264&CODE_STATE=getMsg HTTP/1.1" 200 27
116.228.172.94 - - [07/Feb/2021:08:56:11 +0800] "GET /xingrg/all/function/internal_message.html?_=1612659370216&CODE_STATE=getMsg HTTP/1.1" 200 27
116.228.172.94 - - [07/Feb/2021:08:56:13 +0800] "GET /xingrg/kc/buy/cgsh_order_operate.html?command=get_materiel&rest_code=00107&code=00101008027&supplier_code=00100006&order_time=2021-02-07 HTTP/1.1" 200 409
116.227.208.86 - - [07/Feb/2021:08:56:21 +0800] "POST /xingrg/kc/buy/cgsh_list_operate.html HTTP/1.1" 200 5128
58.37.230.33 - - [07/Feb/2021:08:56:24 +0800] "GET /xingrg/check_reg.html?_=1612659393922 HTTP/1.1" 200 22
58.37.230.33 - - [07/Feb/2021:08:56:24 +0800] "GET /xingrg/all/function/internal_message.html?_=1612659393923&CODE_STATE=getMsg HTTP/1.1" 200 27
116.228.172.94 - - [07/Feb/2021:08:56:24 +0800] "GET /xingrg/kc/buy/cgsh_order_operate.html?command=get_materiel&rest_code=00107&code=00101008257&supplier_code=00100006&order_time=2021-02-07 HTTP/1.1" 200 416
116.228.172.94 - - [07/Feb/2021:08:56:34 +0800] "GET /xingrg/kc/buy/cgsh_order_operate.html?command=get_materiel&rest_code=00107&code=00101008186&supplier_code=00100006&order_time=2021-02-07 HTTP/1.1" 200 408
116.227.208.86 - - [07/Feb/2021:08:56:35 +0800] "POST /xingrg/kc/buy/cgsh_list_operate.html HTTP/1.1" 200 7494
120.253.135.82 - - [07/Feb/2021:08:56:46 +0800] "GET /xingrg/all/function/internal_message.html?_=1612659168509&CODE_STATE=getMsg HTTP/1.1" 200 27
222.69.133.211 - - [07/Feb/2021:08:56:48 +0800] "GET /xingrg/all/function/internal_message.html?_=1612659405328&CODE_STATE=getMsg HTTP/1.1" 200 27
61.165.42.208 - - [07/Feb/2021:08:56:53 +0800] "GET /xingrg/all/function/internal_message.html?_=1612659393683&CODE_STATE=getMsg HTTP/1.1" 200 27
61.165.42.208 - - [07/Feb/2021:08:56:53 +0800] "GET /xingrg/check_reg.html?_=1612659393686 HTTP/1.1" 200 22
180.169.147.146 - - [07/Feb/2021:08:56:54 +0800] "GET /xingrg/all/function/internal_message.html?_=1612659400516&CODE_STATE=getMsg HTTP/1.1" 200 27
116.228.172.94 - - [07/Feb/2021:08:56:55 +0800] "POST /xingrg/kc/buy/cgsh_order_operate.html HTTP/1.1" 200 2065
218.81.223.240 - - [07/Feb/2021:08:56:57 +0800] "GET /xingrg/all/function/internal_message.html?_=1612659445200&CODE_STATE=getMsg HTTP/1.1" 200 27
116.224.253.72 - - [07/Feb/2021:08:56:57 +0800] "GET /xingrg/all/function/internal_message.html?_=1612659416074&CODE_STATE=getMsg HTTP/1.1" 200 27
116.228.172.94 - - [07/Feb/2021:08:57:03 +0800] "GET /xingrg/kc/buy/cgsh_order_operate.html?command=get_materiel&rest_code=00107&code=00101008358&supplier_code=00100006&order_time=2021-02-07 HTTP/1.1" 200 412
116.227.208.86 - - [07/Feb/2021:08:57:06 +0800] "GET /xingrg/all/function/internal_message.html?_=1612659422513&CODE_STATE=getMsg HTTP/1.1" 200 27
116.227.208.86 - - [07/Feb/2021:08:57:08 +0800] "POST /xingrg/kc/buy/cgsh_list_operate.html HTTP/1.1" 200 4
114.88.166.193 - - [07/Feb/2021:08:57:10 +0800] "GET /xingrg/all/function/internal_message.html?_=1612659426286&CODE_STATE=getMsg HTTP/1.1" 200 27
116.227.208.86 - - [07/Feb/2021:08:57:10 +0800] "POST /xingrg/kc/buy/cgsh_list_operate.html HTTP/1.1" 200 876
116.228.172.94 - - [07/Feb/2021:08:57:11 +0800] "GET /xingrg/all/function/internal_message.html?_=1612659430191&CODE_STATE=getMsg HTTP/1.1" 200 27
116.227.208.86 - - [07/Feb/2021:08:57:11 +0800] "GET /xingrg/kc/base/wldb_order_list.html HTTP/1.1" 200 19345
116.227.208.86 - - [07/Feb/2021:08:57:12 +0800] "POST /xingrg/kc/base/wldb_list_operate.html HTTP/1.1" 200 928
116.228.172.94 - - [07/Feb/2021:08:57:12 +0800] "GET /xingrg/kc/buy/cgsh_order_operate.html?command=get_materiel&rest_code=00107&code=00102002459&supplier_code=00100006&order_time=2021-02-07 HTTP/1.1" 200 408
58.37.230.33 - - [07/Feb/2021:08:57:24 +0800] "GET /xingrg/all/function/internal_message.html?_=1612659453922&CODE_STATE=getMsg HTTP/1.1" 200 27
116.228.172.94 - - [07/Feb/2021:08:57:28 +0800] "GET /xingrg/check_reg.html?_=1612659447004 HTTP/1.1" 200 22
116.228.172.94 - - [07/Feb/2021:08:57:33 +0800] "GET /xingrg/kc/buy/cgsh_order_operate.html?command=get_materiel&rest_code=00107&code=00101008003&supplier_code=00100006&order_time=2021-02-07 HTTP/1.1" 200 408
218.81.223.240 - - [07/Feb/2021:08:57:36 +0800] "GET /xingrg/check_reg.html?_=1612659484710 HTTP/1.1" 200 22
120.253.135.82 - - [07/Feb/2021:08:57:46 +0800] "GET /xingrg/all/function/internal_message.html?_=1612659228511&CODE_STATE=getMsg HTTP/1.1" 200 27
