180.169.147.146 - - [07/Feb/2021:09:19:54 +0800] "GET /xingrg/all/function/internal_message.html?_=1612660780831&CODE_STATE=getMsg HTTP/1.1" 200 27
116.228.172.94 - - [07/Feb/2021:09:19:54 +0800] "GET /xingrg/kc/print/load_data.html?order_code=212021020703162&kc_code=cgsh&condition= HTTP/1.1" 200 3638
116.224.253.72 - - [07/Feb/2021:09:19:57 +0800] "GET /xingrg/all/function/internal_message.html?_=1612660796100&CODE_STATE=getMsg HTTP/1.1" 200 27
218.81.223.240 - - [07/Feb/2021:09:19:58 +0800] "GET /xingrg/all/function/internal_message.html?_=1612660825899&CODE_STATE=getMsg HTTP/1.1" 200 27
120.253.135.82 - - [07/Feb/2021:09:19:58 +0800] "GET /xingrg/all/function/internal_message.html?_=1612660560339&CODE_STATE=getMsg HTTP/1.1" 200 27
222.70.209.13 - - [07/Feb/2021:09:20:00 +0800] "POST /xingrg/services/DataTransmitService HTTP/1.1" 200 524
61.165.42.208 - - [07/Feb/2021:09:20:05 +0800] "GET /xingrg/kc/buy/cgsh_order_operate.html?command=get_materiel&rest_code=00105&code=00101008312&supplier_code=00100203&order_time=2021-02-07 HTTP/1.1" 200 412
116.227.208.86 - - [07/Feb/2021:09:20:06 +0800] "GET /xingrg/all/function/internal_message.html?_=1612660804493&CODE_STATE=getMsg HTTP/1.1" 200 27
114.88.166.193 - - [07/Feb/2021:09:20:11 +0800] "GET /xingrg/all/function/internal_message.html?_=1612660806864&CODE_STATE=getMsg HTTP/1.1" 200 27
116.228.172.94 - - [07/Feb/2021:09:20:11 +0800] "GET /xingrg/all/function/internal_message.html?_=1612660810377&CODE_STATE=getMsg HTTP/1.1" 200 27
117.131.5.26 - - [07/Feb/2021:09:20:12 +0800] "GET /xingrg/all/function/internal_message.html?_=1612660868272&CODE_STATE=getMsg HTTP/1.1" 200 27
117.131.5.26 - - [07/Feb/2021:09:20:12 +0800] "GET /xingrg/check_reg.html?_=1612660868274 HTTP/1.1" 200 22
61.165.42.208 - - [07/Feb/2021:09:20:23 +0800] "GET /xingrg/kc/buy/cgsh_order_operate.html?command=get_materiel&rest_code=00105&code=00101008096&supplier_code=00100203&order_time=2021-02-07 HTTP/1.1" 200 413
58.37.230.33 - - [07/Feb/2021:09:20:24 +0800] "GET /xingrg/all/function/internal_message.html?_=1612660833994&CODE_STATE=getMsg HTTP/1.1" 200 27
218.81.223.240 - - [07/Feb/2021:09:20:25 +0800] "POST /xingrg/kc/buy/cgsh_order_operate.html HTTP/1.1" 200 2065
61.165.42.208 - - [07/Feb/2021:09:20:30 +0800] "GET /xingrg/all/function/internal_message.html?_=1612660828325&CODE_STATE=getMsg HTTP/1.1" 200 27
218.81.223.240 - - [07/Feb/2021:09:20:33 +0800] "GET /xingrg/kc/buy/cgsh_order_operate.html?command=get_materiel&rest_code=00146&code=00101008251&supplier_code=00100005&order_time=2021-02-07 HTTP/1.1" 200 408
114.86.187.76 - - [07/Feb/2021:09:20:33 +0800] "GET /xingrg/all/function/internal_message.html?_=1612660831227&CODE_STATE=getMsg HTTP/1.1" 200 27
116.228.172.94 - - [07/Feb/2021:09:20:38 +0800] "GET /xingrg/index.html?sysBaseUrl=http%3A%2F%2F180.169.147.146%3A18081%2Fxingrg%2F&costTime=33×tamp=1585306063269 HTTP/1.1" 302 -
116.228.172.94 - - [07/Feb/2021:09:20:39 +0800] "GET /xingrg/login.html HTTP/1.1" 200 7641
61.165.42.208 - - [07/Feb/2021:09:20:40 +0800] "GET /xingrg/kc/buy/cgsh_order_operate.html?command=get_materiel&rest_code=00105&code=00101008088&supplier_code=00100203&order_time=2021-02-07 HTTP/1.1" 200 409
222.69.133.211 - - [07/Feb/2021:09:20:47 +0800] "GET /xingrg/all/function/internal_message.html?_=1612660844909&CODE_STATE=getMsg HTTP/1.1" 200 27
222.69.133.211 - - [07/Feb/2021:09:20:48 +0800] "GET /xingrg/check_reg.html?_=1612660845350 HTTP/1.1" 200 22
61.165.42.208 - - [07/Feb/2021:09:20:53 +0800] "GET /xingrg/all/function/internal_message.html?_=1612660833697&CODE_STATE=getMsg HTTP/1.1" 200 27
180.169.147.146 - - [07/Feb/2021:09:20:54 +0800] "GET /xingrg/all/function/internal_message.html?_=1612660840801&CODE_STATE=getMsg HTTP/1.1" 200 27
61.165.42.208 - - [07/Feb/2021:09:20:54 +0800] "GET /xingrg/kc/buy/cgsh_order_operate.html?command=get_materiel&rest_code=00105&code=00101008361&supplier_code=00100203&order_time=2021-02-07 HTTP/1.1" 200 408
116.224.253.72 - - [07/Feb/2021:09:20:57 +0800] "GET /xingrg/all/function/internal_message.html?_=1612660856102&CODE_STATE=getMsg HTTP/1.1" 200 27
218.81.223.240 - - [07/Feb/2021:09:20:58 +0800] "GET /xingrg/all/function/internal_message.html?_=1612660885911&CODE_STATE=getMsg HTTP/1.1" 200 27
120.253.135.82 - - [07/Feb/2021:09:20:58 +0800] "GET /xingrg/all/function/internal_message.html?_=1612660620352&CODE_STATE=getMsg HTTP/1.1" 200 27
61.165.42.208 - - [07/Feb/2021:09:21:03 +0800] "GET /xingrg/kc/buy/cgsh_order_operate.html?command=get_materiel&rest_code=00105&code=00101008355&supplier_code=00100203&order_time=2021-02-07 HTTP/1.1" 200 408
116.227.208.86 - - [07/Feb/2021:09:21:06 +0800] "GET /xingrg/check_reg.html?_=1612660864486 HTTP/1.1" 200 22
116.227.208.86 - - [07/Feb/2021:09:21:06 +0800] "GET /xingrg/all/function/internal_message.html?_=1612660864489&CODE_STATE=getMsg HTTP/1.1" 200 27
114.88.166.193 - - [07/Feb/2021:09:21:11 +0800] "GET /xingrg/all/function/internal_message.html?_=1612660866903&CODE_STATE=getMsg HTTP/1.1" 200 27
116.228.172.94 - - [07/Feb/2021:09:21:11 +0800] "GET /xingrg/all/function/internal_message.html?_=1612660870359&CODE_STATE=getMsg HTTP/1.1" 200 27
117.131.5.26 - - [07/Feb/2021:09:21:12 +0800] "GET /xingrg/all/function/internal_message.html?_=1612660928273&CODE_STATE=getMsg HTTP/1.1" 200 27
61.165.42.208 - - [07/Feb/2021:09:21:12 +0800] "GET /xingrg/kc/buy/cgsh_order_operate.html?command=get_materiel&rest_code=00105&code=00101008264&supplier_code=00100203&order_time=2021-02-07 HTTP/1.1" 200 412
218.81.223.240 - - [07/Feb/2021:09:21:15 +0800] "POST /xingrg/kc/buy/cgsh_order_operate.html HTTP/1.1" 200 2065
61.165.42.208 - - [07/Feb/2021:09:21:23 +0800] "GET /xingrg/kc/buy/cgsh_order_operate.html?command=get_materiel&rest_code=00105&code=00101008360&supplier_code=00100203&order_time=2021-02-07 HTTP/1.1" 200 413
58.37.230.33 - - [07/Feb/2021:09:21:24 +0800] "GET /xingrg/all/function/internal_message.html?_=1612660894008&CODE_STATE=getMsg HTTP/1.1" 200 27
58.37.230.33 - - [07/Feb/2021:09:21:24 +0800] "GET /xingrg/check_reg.html?_=1612660894010 HTTP/1.1" 200 22
61.165.42.208 - - [07/Feb/2021:09:21:30 +0800] "GET /xingrg/all/function/internal_message.html?_=1612660888331&CODE_STATE=getMsg HTTP/1.1" 200 27
61.165.42.208 - - [07/Feb/2021:09:21:31 +0800] "GET /xingrg/kc/buy/cgsh_order_operate.html?command=get_materiel&rest_code=00105&code=00101008196&supplier_code=00100203&order_time=2021-02-07 HTTP/1.1" 200 416
114.86.187.76 - - [07/Feb/2021:09:21:33 +0800] "GET /xingrg/all/function/internal_message.html?_=1612660891228&CODE_STATE=getMsg HTTP/1.1" 200 27
218.81.223.240 - - [07/Feb/2021:09:21:36 +0800] "GET /xingrg/kc/buy/cgsh_order_operate.html?command=get_materiel&rest_code=00146&code=00101008296&supplier_code=00100005&order_time=2021-02-07 HTTP/1.1" 200 416
61.165.42.208 - - [07/Feb/2021:09:21:42 +0800] "GET /xingrg/kc/buy/cgsh_order_operate.html?command=get_materiel&rest_code=00105&code=00101008069&supplier_code=00100203&order_time=2021-02-07 HTTP/1.1" 200 412
222.69.133.211 - - [07/Feb/2021:09:21:47 +0800] "GET /xingrg/all/function/internal_message.html?_=1612660904879&CODE_STATE=getMsg HTTP/1.1" 200 27
61.165.42.208 - - [07/Feb/2021:09:21:53 +0800] "GET /xingrg/all/function/internal_message.html?_=1612660893697&CODE_STATE=getMsg HTTP/1.1" 200 27
61.165.42.208 - - [07/Feb/2021:09:21:53 +0800] "GET /xingrg/check_reg.html?_=1612660893699 HTTP/1.1" 200 22
180.169.147.146 - - [07/Feb/2021:09:21:54 +0800] "GET /xingrg/all/function/internal_message.html?_=1612660900786&CODE_STATE=getMsg HTTP/1.1" 200 27
116.224.253.72 - - [07/Feb/2021:09:21:57 +0800] "GET /xingrg/all/function/internal_message.html?_=1612660916104&CODE_STATE=getMsg HTTP/1.1" 200 27
218.81.223.240 - - [07/Feb/2021:09:21:58 +0800] "GET /xingrg/all/function/internal_message.html?_=1612660945925&CODE_STATE=getMsg HTTP/1.1" 200 27
218.81.223.240 - - [07/Feb/2021:09:21:58 +0800] "GET /xingrg/kc/buy/cgsh_order_operate.html?command=get_materiel&rest_code=00146&code=00101008213&supplier_code=00100005&order_time=2021-02-07 HTTP/1.1" 200 412
120.253.135.82 - - [07/Feb/2021:09:21:58 +0800] "GET /xingrg/all/function/internal_message.html?_=1612660680458&CODE_STATE=getMsg HTTP/1.1" 200 27
116.227.208.86 - - [07/Feb/2021:09:22:06 +0800] "GET /xingrg/all/function/internal_message.html?_=1612660924494&CODE_STATE=getMsg HTTP/1.1" 200 27
114.88.166.193 - - [07/Feb/2021:09:22:11 +0800] "GET /xingrg/all/function/internal_message.html?_=1612660926906&CODE_STATE=getMsg HTTP/1.1" 200 27
116.228.172.94 - - [07/Feb/2021:09:22:11 +0800] "GET /xingrg/all/function/internal_message.html?_=1612660930337&CODE_STATE=getMsg HTTP/1.1" 200 27
218.81.223.240 - - [07/Feb/2021:09:22:12 +0800] "GET /xingrg/kc/buy/cgsh_order_operate.html?command=get_materiel&rest_code=00146&code=00101008364&supplier_code=00100005&order_time=2021-02-07 HTTP/1.1" 200 412
117.131.5.26 - - [07/Feb/2021:09:22:12 +0800] "GET /xingrg/all/function/internal_message.html?_=1612660988273&CODE_STATE=getMsg HTTP/1.1" 200 27
61.165.42.208 - - [07/Feb/2021:09:22:17 +0800] "GET /xingrg/kc/buy/cgsh_order_operate.html?command=get_materiel&rest_code=00105&code=00101008131&supplier_code=00100203&order_time=2021-02-07 HTTP/1.1" 200 408
116.227.208.86 - - [07/Feb/2021:09:22:20 +0800] "GET /xingrg/kc/buy/cgsh_order_info.html?code=212021020602642 HTTP/1.1" 200 56964
116.227.208.86 - - [07/Feb/2021:09:22:20 +0800] "GET /xingrg/words/20210206145542_words.js HTTP/1.1" 200 794857
116.227.208.86 - - [07/Feb/2021:09:22:21 +0800] "GET /xingrg/javascript/easyui/themes/default/validatebox.css HTTP/1.1" 404 1104
116.227.208.86 - - [07/Feb/2021:09:22:21 +0800] "POST /xingrg/kc/buy/cgsh_order_operate.html HTTP/1.1" 200 609
218.81.223.240 - - [07/Feb/2021:09:22:21 +0800] "POST /xingrg/kc/buy/cgsh_order_operate.html HTTP/1.1" 200 2065
58.37.230.33 - - [07/Feb/2021:09:22:24 +0800] "GET /xingrg/all/function/internal_message.html?_=1612660953994&CODE_STATE=getMsg HTTP/1.1" 200 27
61.165.42.208 - - [07/Feb/2021:09:22:27 +0800] "GET /xingrg/kc/buy/cgsh_order_operate.html?command=get_materiel&rest_code=00105&code=00101008108&supplier_code=00100203&order_time=2021-02-07 HTTP/1.1" 200 412
116.228.172.94 - - [07/Feb/2021:09:22:28 +0800] "GET /xingrg/check_reg.html?_=1612660947179 HTTP/1.1" 200 22
61.165.42.208 - - [07/Feb/2021:09:22:30 +0800] "GET /xingrg/all/function/internal_message.html?_=1612660948353&CODE_STATE=getMsg HTTP/1.1" 200 27
114.86.187.76 - - [07/Feb/2021:09:22:33 +0800] "GET /xingrg/all/function/internal_message.html?_=1612660951241&CODE_STATE=getMsg HTTP/1.1" 200 27
114.86.187.76 - - [07/Feb/2021:09:22:33 +0800] "GET /xingrg/check_reg.html?_=1612660951246 HTTP/1.1" 200 22
61.165.42.208 - - [07/Feb/2021:09:22:36 +0800] "GET /xingrg/kc/buy/cgsh_order_operate.html?command=get_materiel&rest_code=00105&code=00101008352&supplier_code=00100203&order_time=2021-02-07 HTTP/1.1" 200 412
218.81.223.240 - - [07/Feb/2021:09:22:36 +0800] "GET /xingrg/kc/buy/cgsh_order_operate.html?command=get_materiel&rest_code=00146&code=00101013044&supplier_code=00100005&order_time=2021-02-07 HTTP/1.1" 200 447
218.81.223.240 - - [07/Feb/2021:09:22:36 +0800] "GET /xingrg/check_reg.html?_=1612660984802 HTTP/1.1" 200 22
61.165.42.208 - - [07/Feb/2021:09:22:44 +0800] "GET /xingrg/kc/buy/cgsh_order_operate.html?command=get_materiel&rest_code=00105&code=00101008005&supplier_code=00100203&order_time=2021-02-07 HTTP/1.1" 200 412
222.69.133.211 - - [07/Feb/2021:09:22:47 +0800] "GET /xingrg/all/function/internal_message.html?_=1612660964869&CODE_STATE=getMsg HTTP/1.1" 200 27
218.81.223.240 - - [07/Feb/2021:09:22:47 +0800] "GET /xingrg/kc/buy/cgsh_order_operate.html?command=get_materiel&rest_code=00146&code=00101008274&supplier_code=00100005&order_time=2021-02-07 HTTP/1.1" 200 412
180.169.147.146 - - [07/Feb/2021:09:22:54 +0800] "GET /xingrg/all/function/internal_message.html?_=1612660960761&CODE_STATE=getMsg HTTP/1.1" 200 27
61.165.42.208 - - [07/Feb/2021:09:22:56 +0800] "GET /xingrg/kc/buy/cgsh_order_operate.html?command=get_materiel&rest_code=00105&code=00101008271&supplier_code=00100203&order_time=2021-02-07 HTTP/1.1" 200 408
116.224.253.72 - - [07/Feb/2021:09:22:57 +0800] "GET /xingrg/all/function/internal_message.html?_=1612660976108&CODE_STATE=getMsg HTTP/1.1" 200 27
218.81.223.240 - - [07/Feb/2021:09:22:58 +0800] "GET /xingrg/all/function/internal_message.html?_=1612661005938&CODE_STATE=getMsg HTTP/1.1" 200 27
120.253.135.82 - - [07/Feb/2021:09:22:58 +0800] "GET /xingrg/check_reg.html?_=1612660740316 HTTP/1.1" 200 22
120.253.135.82 - - [07/Feb/2021:09:22:58 +0800] "GET /xingrg/all/function/internal_message.html?_=1612660740572&CODE_STATE=getMsg HTTP/1.1" 200 27
218.81.223.240 - - [07/Feb/2021:09:23:05 +0800] "GET /xingrg/kc/buy/cgsh_order_operate.html?command=get_materiel&rest_code=00146&code=00101008225&supplier_code=00100005&order_time=2021-02-07 HTTP/1.1" 200 416
116.227.208.86 - - [07/Feb/2021:09:23:06 +0800] "GET /xingrg/all/function/internal_message.html?_=1612660984622&CODE_STATE=getMsg HTTP/1.1" 200 27
61.165.42.208 - - [07/Feb/2021:09:23:07 +0800] "GET /xingrg/kc/buy/cgsh_order_operate.html?command=get_materiel&rest_code=00105&code=00101008353&supplier_code=00100203&order_time=2021-02-07 HTTP/1.1" 200 408
114.88.166.193 - - [07/Feb/2021:09:23:11 +0800] "GET /xingrg/all/function/internal_message.html?_=1612660986952&CODE_STATE=getMsg HTTP/1.1" 200 27
116.228.172.94 - - [07/Feb/2021:09:23:11 +0800] "GET /xingrg/all/function/internal_message.html?_=1612660990339&CODE_STATE=getMsg HTTP/1.1" 200 27
117.131.5.26 - - [07/Feb/2021:09:23:12 +0800] "GET /xingrg/all/function/internal_message.html?_=1612661048272&CODE_STATE=getMsg HTTP/1.1" 200 27
61.165.42.208 - - [07/Feb/2021:09:23:14 +0800] "GET /xingrg/kc/buy/cgsh_order_operate.html?command=get_materiel&rest_code=00105&code=00101008213&supplier_code=00100203&order_time=2021-02-07 HTTP/1.1" 200 412
218.81.223.240 - - [07/Feb/2021:09:23:16 +0800] "GET /xingrg/kc/buy/cgsh_order_operate.html?command=get_materiel&rest_code=00146&code=00101013021&supplier_code=00100005&order_time=2021-02-07 HTTP/1.1" 200 412
61.165.42.208 - - [07/Feb/2021:09:23:17 +0800] "POST /xingrg/kc/buy/cgsh_order_operate.html HTTP/1.1" 200 2065
61.165.42.208 - - [07/Feb/2021:09:23:20 +0800] "POST /xingrg/kc/buy/cgsh_order_operate.html HTTP/1.1" 200 2065
61.165.42.208 - - [07/Feb/2021:09:23:22 +0800] "POST /xingrg/kc/buy/cgsh_order_operate.html HTTP/1.1" 200 2065
58.37.230.33 - - [07/Feb/2021:09:23:24 +0800] "GET /xingrg/all/function/internal_message.html?_=1612661013994&CODE_STATE=getMsg HTTP/1.1" 200 27
61.165.42.208 - - [07/Feb/2021:09:23:30 +0800] "GET /xingrg/check_reg.html?_=1612661008360 HTTP/1.1" 200 22
61.165.42.208 - - [07/Feb/2021:09:23:30 +0800] "GET /xingrg/all/function/internal_message.html?_=1612661008361&CODE_STATE=getMsg HTTP/1.1" 200 27
222.69.133.211 - - [07/Feb/2021:09:23:31 +0800] "POST /xingrg/services/DataTransmitService HTTP/1.1" 200 524
222.69.133.211 - - [07/Feb/2021:09:23:32 +0800] "POST /xingrg/services/DataTransmitService HTTP/1.1" 200 1979
222.69.133.211 - - [07/Feb/2021:09:23:32 +0800] "POST /xingrg/services/DataTransmitService HTTP/1.1" 200 146872
114.86.187.76 - - [07/Feb/2021:09:23:33 +0800] "GET /xingrg/all/function/internal_message.html?_=1612661011239&CODE_STATE=getMsg HTTP/1.1" 200 27
218.81.223.240 - - [07/Feb/2021:09:23:38 +0800] "POST /xingrg/kc/buy/cgsh_order_operate.html HTTP/1.1" 200 2065
218.81.223.240 - - [07/Feb/2021:09:23:45 +0800] "GET /xingrg/kc/buy/cgsh_order_operate.html?command=get_materiel&rest_code=00146&code=00101008223&supplier_code=00100005&order_time=2021-02-07 HTTP/1.1" 200 412
222.69.133.211 - - [07/Feb/2021:09:23:47 +0800] "GET /xingrg/all/function/internal_message.html?_=1612661024855&CODE_STATE=getMsg HTTP/1.1" 200 27
114.88.166.193 - - [07/Feb/2021:09:23:50 +0800] "GET /xingrg/check_reg.html?_=1612661026716 HTTP/1.1" 200 22
180.169.147.146 - - [07/Feb/2021:09:23:54 +0800] "GET /xingrg/all/function/internal_message.html?_=1612661020732&CODE_STATE=getMsg HTTP/1.1" 200 27
218.81.223.240 - - [07/Feb/2021:09:23:56 +0800] "GET /xingrg/kc/buy/cgsh_order_operate.html?command=get_materiel&rest_code=00146&code=00101008236&supplier_code=00100005&order_time=2021-02-07 HTTP/1.1" 200 417
116.224.253.72 - - [07/Feb/2021:09:23:57 +0800] "GET /xingrg/check_reg.html?_=1612661036113 HTTP/1.1" 200 22
116.224.253.72 - - [07/Feb/2021:09:23:57 +0800] "GET /xingrg/all/function/internal_message.html?_=1612661036114&CODE_STATE=getMsg HTTP/1.1" 200 27
218.81.223.240 - - [07/Feb/2021:09:23:58 +0800] "GET /xingrg/all/function/internal_message.html?_=1612661065984&CODE_STATE=getMsg HTTP/1.1" 200 27
120.253.135.82 - - [07/Feb/2021:09:23:58 +0800] "GET /xingrg/all/function/internal_message.html?_=1612660800579&CODE_STATE=getMsg HTTP/1.1" 200 27
116.227.208.86 - - [07/Feb/2021:09:24:06 +0800] "GET /xingrg/all/function/internal_message.html?_=1612661044486&CODE_STATE=getMsg HTTP/1.1" 200 27
218.81.223.240 - - [07/Feb/2021:09:24:07 +0800] "GET /xingrg/kc/buy/cgsh_order_operate.html?command=get_materiel&rest_code=00146&code=00101008095&supplier_code=00100005&order_time=2021-02-07 HTTP/1.1" 200 412
114.88.166.193 - - [07/Feb/2021:09:24:11 +0800] "GET /xingrg/all/function/internal_message.html?_=1612661046964&CODE_STATE=getMsg HTTP/1.1" 200 27
116.228.172.94 - - [07/Feb/2021:09:24:12 +0800] "GET /xingrg/all/function/internal_message.html?_=1612661050336&CODE_STATE=getMsg HTTP/1.1" 200 27
117.131.5.26 - - [07/Feb/2021:09:24:12 +0800] "GET /xingrg/all/function/internal_message.html?_=1612661108271&CODE_STATE=getMsg HTTP/1.1" 200 27
222.69.133.211 - - [07/Feb/2021:09:24:13 +0800] "POST /xingrg/services/DataTransmitService HTTP/1.1" 200 524
222.69.133.211 - - [07/Feb/2021:09:24:20 +0800] "POST /xingrg/services/DataTransmitService HTTP/1.1" 200 501
218.81.223.240 - - [07/Feb/2021:09:24:20 +0800] "GET /xingrg/kc/buy/cgsh_order_operate.html?command=get_materiel&rest_code=00146&code=00101008110&supplier_code=00100005&order_time=2021-02-07 HTTP/1.1" 200 408
58.37.230.33 - - [07/Feb/2021:09:24:24 +0800] "GET /xingrg/all/function/internal_message.html?_=1612661074009&CODE_STATE=getMsg HTTP/1.1" 200 27
222.69.133.211 - - [07/Feb/2021:09:24:27 +0800] "POST /xingrg/services/DataTransmitService HTTP/1.1" 200 524
61.165.42.208 - - [07/Feb/2021:09:24:30 +0800] "GET /xingrg/all/function/internal_message.html?_=1612661068338&CODE_STATE=getMsg HTTP/1.1" 200 27
114.86.187.76 - - [07/Feb/2021:09:24:33 +0800] "GET /xingrg/all/function/internal_message.html?_=1612661071234&CODE_STATE=getMsg HTTP/1.1" 200 27
218.81.223.240 - - [07/Feb/2021:09:24:34 +0800] "GET /xingrg/kc/buy/cgsh_order_operate.html?command=get_materiel&rest_code=00146&code=00101013165&supplier_code=00100005&order_time=2021-02-07 HTTP/1.1" 200 409
218.81.223.240 - - [07/Feb/2021:09:24:36 +0800] "POST /xingrg/kc/buy/cgsh_order_operate.html HTTP/1.1" 200 2065
218.81.223.240 - - [07/Feb/2021:09:24:44 +0800] "GET /xingrg/kc/buy/cgsh_order_operate.html?command=get_materiel&rest_code=00146&code=00101008323&supplier_code=00100005&order_time=2021-02-07 HTTP/1.1" 200 408
222.69.133.211 - - [07/Feb/2021:09:24:47 +0800] "GET /xingrg/all/function/internal_message.html?_=1612661084826&CODE_STATE=getMsg HTTP/1.1" 200 27
180.169.147.146 - - [07/Feb/2021:09:24:54 +0800] "GET /xingrg/check_reg.html?_=1612661080515 HTTP/1.1" 200 22
180.169.147.146 - - [07/Feb/2021:09:24:54 +0800] "GET /xingrg/all/function/internal_message.html?_=1612661080704&CODE_STATE=getMsg HTTP/1.1" 200 27
116.224.253.72 - - [07/Feb/2021:09:24:57 +0800] "GET /xingrg/all/function/internal_message.html?_=1612661096111&CODE_STATE=getMsg HTTP/1.1" 200 27
218.81.223.240 - - [07/Feb/2021:09:24:58 +0800] "GET /xingrg/all/function/internal_message.html?_=1612661125997&CODE_STATE=getMsg HTTP/1.1" 200 27
116.224.253.72 - - [07/Feb/2021:09:24:58 +0800] "POST /xingrg/kc/buy/cgsh_order_operate.html HTTP/1.1" 200 37
120.253.135.82 - - [07/Feb/2021:09:24:58 +0800] "GET /xingrg/all/function/internal_message.html?_=1612660860593&CODE_STATE=getMsg HTTP/1.1" 200 27
218.81.223.240 - - [07/Feb/2021:09:24:59 +0800] "GET /xingrg/kc/buy/cgsh_order_operate.html?command=get_materiel&rest_code=00146&code=00101013179&supplier_code=00100005&order_time=2021-02-07 HTTP/1.1" 200 431
116.224.253.72 - - [07/Feb/2021:09:25:01 +0800] "POST /xingrg/kc/buy/cgsh_order_operate.html HTTP/1.1" 200 12
116.224.253.72 - - [07/Feb/2021:09:25:02 +0800] "GET /xingrg/kc/buy/cgsh_order_info.html?code=212021020703156 HTTP/1.1" 200 56920
116.224.253.72 - - [07/Feb/2021:09:25:03 +0800] "GET /xingrg/javascript/easyui/themes/default/validatebox.css HTTP/1.1" 404 1104
116.224.253.72 - - [07/Feb/2021:09:25:03 +0800] "POST /xingrg/kc/buy/cgsh_order_operate.html HTTP/1.1" 200 11886
116.224.253.72 - - [07/Feb/2021:09:25:04 +0800] "GET /xingrg/kc/print/load_config.html?kc_code=cgsh HTTP/1.1" 200 1845
116.224.253.72 - - [07/Feb/2021:09:25:04 +0800] "GET /xingrg/kc/print/load_data.html?order_code=212021020703156&kc_code=cgsh&condition= HTTP/1.1" 200 4957
116.227.208.86 - - [07/Feb/2021:09:25:06 +0800] "GET /xingrg/all/function/internal_message.html?_=1612661104486&CODE_STATE=getMsg HTTP/1.1" 200 27
116.224.253.72 - - [07/Feb/2021:09:25:11 +0800] "GET /xingrg/kc/buy/cgsh_order_add.html HTTP/1.1" 200 62028
114.88.166.193 - - [07/Feb/2021:09:25:11 +0800] "GET /xingrg/all/function/internal_message.html?_=1612661106977&CODE_STATE=getMsg HTTP/1.1" 200 27
116.224.253.72 - - [07/Feb/2021:09:25:11 +0800] "POST /xingrg/kc/buy/cgsh_order_operate.html HTTP/1.1" 200 8245
116.224.253.72 - - [07/Feb/2021:09:25:11 +0800] "GET /xingrg/javascript/easyui/themes/default/validatebox.css HTTP/1.1" 404 1104
116.228.172.94 - - [07/Feb/2021:09:25:11 +0800] "GET /xingrg/all/function/internal_message.html?_=1612661110319&CODE_STATE=getMsg HTTP/1.1" 200 27
117.131.5.26 - - [07/Feb/2021:09:25:12 +0800] "GET /xingrg/check_reg.html?_=1612661168270 HTTP/1.1" 200 22
117.131.5.26 - - [07/Feb/2021:09:25:12 +0800] "GET /xingrg/all/function/internal_message.html?_=1612661168268&CODE_STATE=getMsg HTTP/1.1" 200 27
218.81.223.240 - - [07/Feb/2021:09:25:13 +0800] "GET /xingrg/kc/buy/cgsh_order_operate.html?command=get_materiel&rest_code=00146&code=00101015038&supplier_code=00100005&order_time=2021-02-07 HTTP/1.1" 200 418
116.224.253.72 - - [07/Feb/2021:09:25:19 +0800] "GET /xingrg/kc/buy/cgsh_order_operate.html?command=get_materiel&rest_code=00150&code=00101011005&supplier_code=00100047&order_time=2021-02-07 HTTP/1.1" 200 428
58.37.230.33 - - [07/Feb/2021:09:25:24 +0800] "GET /xingrg/all/function/internal_message.html?_=1612661134009&CODE_STATE=getMsg HTTP/1.1" 200 27
218.81.223.240 - - [07/Feb/2021:09:25:26 +0800] "GET /xingrg/kc/buy/cgsh_order_operate.html?command=get_materiel&rest_code=00146&code=00101008509&supplier_code=00100005&order_time=2021-02-07 HTTP/1.1" 200 395
116.227.208.86 - - [07/Feb/2021:09:25:29 +0800] "GET /xingrg/kc/print/load_config.html?kc_code=cgsh HTTP/1.1" 200 1845
116.227.208.86 - - [07/Feb/2021:09:25:30 +0800] "GET /xingrg/kc/print/load_data.html?order_code=212021020602642&kc_code=cgsh&condition= HTTP/1.1" 200 679
61.165.42.208 - - [07/Feb/2021:09:25:30 +0800] "GET /xingrg/all/function/internal_message.html?_=1612661128309&CODE_STATE=getMsg HTTP/1.1" 200 27
116.224.253.72 - - [07/Feb/2021:09:25:32 +0800] "GET /xingrg/kc/buy/cgsh_order_operate.html?command=get_materiel&rest_code=00150&code=00101011010&supplier_code=00100047&order_time=2021-02-07 HTTP/1.1" 200 418
114.86.187.76 - - [07/Feb/2021:09:25:33 +0800] "GET /xingrg/all/function/internal_message.html?_=1612661131234&CODE_STATE=getMsg HTTP/1.1" 200 27
218.81.223.240 - - [07/Feb/2021:09:25:37 +0800] "GET /xingrg/kc/buy/cgsh_order_operate.html?command=get_materiel&rest_code=00146&code=00101015006&supplier_code=00100005&order_time=2021-02-07 HTTP/1.1" 200 413
218.81.223.240 - - [07/Feb/2021:09:25:40 +0800] "POST /xingrg/kc/buy/cgsh_order_operate.html HTTP/1.1" 200 2065
222.69.133.211 - - [07/Feb/2021:09:25:42 +0800] "POST /xingrg/services/DataTransmitService HTTP/1.1" 200 501
116.224.253.72 - - [07/Feb/2021:09:25:43 +0800] "POST /xingrg/kc/buy/cgsh_order_operate.html HTTP/1.1" 200 37
222.69.133.211 - - [07/Feb/2021:09:25:43 +0800] "POST /xingrg/services/DataTransmitService HTTP/1.1" 200 501
116.224.253.72 - - [07/Feb/2021:09:25:46 +0800] "POST /xingrg/kc/buy/cgsh_order_operate.html HTTP/1.1" 200 12
116.224.253.72 - - [07/Feb/2021:09:25:47 +0800] "GET /xingrg/kc/buy/cgsh_order_info.html?code=212021020703163 HTTP/1.1" 200 56930
61.165.42.208 - - [07/Feb/2021:09:25:47 +0800] "GET /xingrg/kc/buy/cgsh_order_operate.html?command=get_materiel&rest_code=00105&code=00101008105&supplier_code=00100203&order_time=2021-02-07 HTTP/1.1" 200 412
222.69.133.211 - - [07/Feb/2021:09:25:47 +0800] "GET /xingrg/all/function/internal_message.html?_=1612661144796&CODE_STATE=getMsg HTTP/1.1" 200 27
116.224.253.72 - - [07/Feb/2021:09:25:47 +0800] "GET /xingrg/javascript/easyui/themes/default/validatebox.css HTTP/1.1" 404 1104
222.69.133.211 - - [07/Feb/2021:09:25:48 +0800] "GET /xingrg/check_reg.html?_=1612661145362 HTTP/1.1" 200 22
218.81.223.240 - - [07/Feb/2021:09:25:48 +0800] "GET /xingrg/kc/buy/cgsh_order_operate.html?command=get_materiel&rest_code=00146&code=00101009056&supplier_code=00100005&order_time=2021-02-07 HTTP/1.1" 200 412
116.224.253.72 - - [07/Feb/2021:09:25:48 +0800] "POST /xingrg/kc/buy/cgsh_order_operate.html HTTP/1.1" 200 1204
116.224.253.72 - - [07/Feb/2021:09:25:49 +0800] "GET /xingrg/kc/print/load_data.html?order_code=212021020703163&kc_code=cgsh&condition= HTTP/1.1" 200 987
116.224.253.72 - - [07/Feb/2021:09:25:53 +0800] "GET /xingrg/kc/buy/cgsh_order_add.html HTTP/1.1" 200 62028
116.224.253.72 - - [07/Feb/2021:09:25:53 +0800] "POST /xingrg/kc/buy/cgsh_order_operate.html HTTP/1.1" 200 8245
116.224.253.72 - - [07/Feb/2021:09:25:53 +0800] "GET /xingrg/javascript/easyui/themes/default/validatebox.css HTTP/1.1" 404 1104
180.169.147.146 - - [07/Feb/2021:09:25:54 +0800] "GET /xingrg/all/function/internal_message.html?_=1612661140675&CODE_STATE=getMsg HTTP/1.1" 200 27
61.165.42.208 - - [07/Feb/2021:09:25:56 +0800] "GET /xingrg/kc/buy/cgsh_order_operate.html?command=get_materiel&rest_code=00105&code=00101008119&supplier_code=00100203&order_time=2021-02-07 HTTP/1.1" 200 412
116.224.253.72 - - [07/Feb/2021:09:25:57 +0800] "GET /xingrg/all/function/internal_message.html?_=1612661156109&CODE_STATE=getMsg HTTP/1.1" 200 27
218.81.223.240 - - [07/Feb/2021:09:25:58 +0800] "GET /xingrg/all/function/internal_message.html?_=1612661186011&CODE_STATE=getMsg HTTP/1.1" 200 27
120.253.135.82 - - [07/Feb/2021:09:25:58 +0800] "GET /xingrg/all/function/internal_message.html?_=1612660920699&CODE_STATE=getMsg HTTP/1.1" 200 27
61.165.42.208 - - [07/Feb/2021:09:26:05 +0800] "GET /xingrg/kc/buy/cgsh_order_operate.html?command=get_materiel&rest_code=00105&code=00101008197&supplier_code=00100203&order_time=2021-02-07 HTTP/1.1" 200 416
222.69.133.211 - - [07/Feb/2021:09:26:05 +0800] "POST /xingrg/services/DataTransmitService HTTP/1.1" 200 501
116.227.208.86 - - [07/Feb/2021:09:26:06 +0800] "GET /xingrg/check_reg.html?_=1612661164484 HTTP/1.1" 200 22
116.227.208.86 - - [07/Feb/2021:09:26:06 +0800] "GET /xingrg/all/function/internal_message.html?_=1612661164488&CODE_STATE=getMsg HTTP/1.1" 200 27
116.224.253.72 - - [07/Feb/2021:09:26:10 +0800] "GET /xingrg/kc/buy/cgsh_order_operate.html?command=get_materiel&rest_code=00150&code=00101009001&supplier_code=00100424&order_time=2021-02-07 HTTP/1.1" 200 416
218.81.223.240 - - [07/Feb/2021:09:26:10 +0800] "GET /xingrg/kc/buy/cgsh_order_operate.html?command=get_materiel&rest_code=00146&code=00101015044&supplier_code=00100005&order_time=2021-02-07 HTTP/1.1" 200 408
114.88.166.193 - - [07/Feb/2021:09:26:11 +0800] "GET /xingrg/all/function/internal_message.html?_=1612661167029&CODE_STATE=getMsg HTTP/1.1" 200 27
116.228.172.94 - - [07/Feb/2021:09:26:11 +0800] "GET /xingrg/all/function/internal_message.html?_=1612661170304&CODE_STATE=getMsg HTTP/1.1" 200 27
117.131.5.26 - - [07/Feb/2021:09:26:12 +0800] "GET /xingrg/all/function/internal_message.html?_=1612661228268&CODE_STATE=getMsg HTTP/1.1" 200 27
218.81.223.240 - - [07/Feb/2021:09:26:18 +0800] "GET /xingrg/kc/buy/cgsh_order_operate.html?command=get_materiel&rest_code=00146&code=00101008123&supplier_code=00100005&order_time=2021-02-07 HTTP/1.1" 200 412
116.224.253.72 - - [07/Feb/2021:09:26:20 +0800] "GET /xingrg/kc/buy/cgsh_order_operate.html?command=get_materiel&rest_code=00150&code=00101009062&supplier_code=00100424&order_time=2021-02-07 HTTP/1.1" 200 412
58.37.230.33 - - [07/Feb/2021:09:26:24 +0800] "GET /xingrg/all/function/internal_message.html?_=1612661194008&CODE_STATE=getMsg HTTP/1.1" 200 27
58.37.230.33 - - [07/Feb/2021:09:26:24 +0800] "GET /xingrg/check_reg.html?_=1612661194009 HTTP/1.1" 200 22
116.224.253.72 - - [07/Feb/2021:09:26:27 +0800] "GET /xingrg/kc/buy/cgsh_order_operate.html?command=get_materiel&rest_code=00150&code=00101009010&supplier_code=00100424&order_time=2021-02-07 HTTP/1.1" 200 412
222.69.133.211 - - [07/Feb/2021:09:26:28 +0800] "POST /xingrg/services/DataTransmitService HTTP/1.1" 200 501
61.165.42.208 - - [07/Feb/2021:09:26:30 +0800] "GET /xingrg/all/function/internal_message.html?_=1612661188361&CODE_STATE=getMsg HTTP/1.1" 200 27
218.81.223.240 - - [07/Feb/2021:09:26:31 +0800] "GET /xingrg/kc/buy/cgsh_order_operate.html?command=get_materiel&rest_code=00146&code=00101015012&supplier_code=00100005&order_time=2021-02-07 HTTP/1.1" 200 412
222.69.133.211 - - [07/Feb/2021:09:26:32 +0800] "POST /xingrg/services/DataTransmitService HTTP/1.1" 200 501
222.69.133.211 - - [07/Feb/2021:09:26:32 +0800] "POST /xingrg/services/DataTransmitService HTTP/1.1" 200 501
114.86.187.76 - - [07/Feb/2021:09:26:33 +0800] "GET /xingrg/all/function/internal_message.html?_=1612661191231&CODE_STATE=getMsg HTTP/1.1" 200 27
116.232.54.3 - - [07/Feb/2021:09:26:34 +0800] "GET /xingrg/login.html HTTP/1.1" 200 7641
116.232.54.3 - - [07/Feb/2021:09:26:34 +0800] "GET /favicon.ico HTTP/1.1" 404 -
222.69.133.211 - - [07/Feb/2021:09:26:44 +0800] "POST /xingrg/services/DataTransmitService HTTP/1.1" 200 501
116.224.253.72 - - [07/Feb/2021:09:26:45 +0800] "GET /xingrg/kc/buy/cgsh_order_operate.html?command=get_materiel&rest_code=00150&code=00101009007&supplier_code=00100424&order_time=2021-02-07 HTTP/1.1" 200 408
222.69.133.211 - - [07/Feb/2021:09:26:45 +0800] "POST /xingrg/services/DataTransmitService HTTP/1.1" 200 501
222.69.133.211 - - [07/Feb/2021:09:26:46 +0800] "POST /xingrg/services/DataTransmitService HTTP/1.1" 200 501
222.69.133.211 - - [07/Feb/2021:09:26:47 +0800] "GET /xingrg/all/function/internal_message.html?_=1612661204774&CODE_STATE=getMsg HTTP/1.1" 200 27
116.232.54.3 - - [07/Feb/2021:09:26:48 +0800] "POST /xingrg/login.do HTTP/1.1" 302 -
116.232.54.3 - - [07/Feb/2021:09:26:48 +0800] "GET /xingrg/index.html?sysBaseUrl=http%3A%2F%2F180.169.147.146%3A18081%2Fxingrg%2F&costTime=50×tamp=1612661208619 HTTP/1.1" 200 17173
116.232.54.3 - - [07/Feb/2021:09:26:48 +0800] "POST /xingrg/all/common/load_tree.html?tree=area_rest_tree_json&manage=1 HTTP/1.1" 200 342
116.232.54.3 - - [07/Feb/2021:09:26:48 +0800] "GET /xingrg/all/function/internal_message.html?_=1612661206458&CODE_STATE=count HTTP/1.1" 200 11
116.232.54.3 - - [07/Feb/2021:09:26:48 +0800] "GET /xingrg/check_reg.html?_=1612661206458 HTTP/1.1" 200 22
116.232.54.3 - - [07/Feb/2021:09:26:48 +0800] "POST /xingrg/load_menu.html HTTP/1.1" 200 5138
222.69.133.211 - - [07/Feb/2021:09:26:49 +0800] "POST /xingrg/services/DataTransmitService HTTP/1.1" 200 412
116.232.54.3 - - [07/Feb/2021:09:26:50 +0800] "GET /xingrg/kc/buy/buy_main.html HTTP/1.1" 200 12412
116.232.54.3 - - [07/Feb/2021:09:26:50 +0800] "GET /xingrg/css/new_ie.css HTTP/1.1" 404 1036
116.232.54.3 - - [07/Feb/2021:09:26:51 +0800] "GET /xingrg/kc/buy/cgsh_order_list.html HTTP/1.1" 200 46366
116.232.54.3 - - [07/Feb/2021:09:26:52 +0800] "POST /xingrg/kc/buy/cgsh_list_operate.html HTTP/1.1" 200 876
218.81.223.240 - - [07/Feb/2021:09:26:52 +0800] "GET /xingrg/kc/buy/cgsh_order_operate.html?command=get_materiel&rest_code=00146&code=00101015062&supplier_code=00100005&order_time=2021-02-07 HTTP/1.1" 200 412
180.169.147.146 - - [07/Feb/2021:09:26:54 +0800] "GET /xingrg/all/function/internal_message.html?_=1612661200646&CODE_STATE=getMsg HTTP/1.1" 200 27
116.224.253.72 - - [07/Feb/2021:09:26:55 +0800] "POST /xingrg/kc/buy/cgsh_order_operate.html HTTP/1.1" 200 37
218.81.223.240 - - [07/Feb/2021:09:26:55 +0800] "POST /xingrg/kc/buy/cgsh_order_operate.html HTTP/1.1" 200 2065
116.224.253.72 - - [07/Feb/2021:09:26:56 +0800] "POST /xingrg/kc/buy/cgsh_order_operate.html HTTP/1.1" 200 5023
116.232.54.3 - - [07/Feb/2021:09:26:57 +0800] "GET /xingrg/words/20210206145542_words.js HTTP/1.1" 304 -
116.232.54.3 - - [07/Feb/2021:09:26:57 +0800] "GET /xingrg/kc/buy/cgsh_order_add.html HTTP/1.1" 200 62151
116.232.54.3 - - [07/Feb/2021:09:26:57 +0800] "POST /xingrg/kc/buy/cgsh_order_operate.html HTTP/1.1" 200 8245
116.232.54.3 - - [07/Feb/2021:09:26:57 +0800] "GET /xingrg/all/common/auto_word.html?type=employee&rest_code=00109 HTTP/1.1" 200 205
116.232.54.3 - - [07/Feb/2021:09:26:57 +0800] "GET /xingrg/javascript/easyui/themes/default/validatebox.css HTTP/1.1" 404 1104
116.232.54.3 - - [07/Feb/2021:09:26:57 +0800] "GET /xingrg/all/common/auto_word.html?type=employee&rest_code=00109 HTTP/1.1" 200 205
116.224.253.72 - - [07/Feb/2021:09:26:57 +0800] "GET /xingrg/all/function/internal_message.html?_=1612661216118&CODE_STATE=getMsg HTTP/1.1" 200 27
218.81.223.240 - - [07/Feb/2021:09:26:58 +0800] "GET /xingrg/all/function/internal_message.html?_=1612661246024&CODE_STATE=getMsg HTTP/1.1" 200 27
120.253.135.82 - - [07/Feb/2021:09:26:58 +0800] "GET /xingrg/all/function/internal_message.html?_=1612660980714&CODE_STATE=getMsg HTTP/1.1" 200 27
116.232.54.3 - - [07/Feb/2021:09:27:01 +0800] "GET /xingrg/javascript/jquery_tools/images/prev.gif HTTP/1.1" 404 1086
116.232.54.3 - - [07/Feb/2021:09:27:01 +0800] "GET /xingrg/javascript/jquery_tools/images/next.gif HTTP/1.1" 404 1086
218.81.223.240 - - [07/Feb/2021:09:27:01 +0800] "GET /xingrg/kc/buy/cgsh_order_operate.html?command=get_materiel&rest_code=00146&code=00101008041&supplier_code=00100005&order_time=2021-02-07 HTTP/1.1" 200 408
61.165.42.208 - - [07/Feb/2021:09:27:02 +0800] "GET /xingrg/kc/buy/cgsh_order_operate.html?command=get_materiel&rest_code=00105&code=00101008302&supplier_code=00100203&order_time=2021-02-07 HTTP/1.1" 200 412
116.232.54.3 - - [07/Feb/2021:09:27:06 +0800] "GET /xingrg/kc/buy/cgsh_order_operate.html?command=get_materiel&rest_code=00109&code=00101008207&supplier_code=00100005&order_time=2021-02-07 HTTP/1.1" 200 408
116.227.208.86 - - [07/Feb/2021:09:27:06 +0800] "GET /xingrg/all/function/internal_message.html?_=1612661224483&CODE_STATE=getMsg HTTP/1.1" 200 27
116.224.253.72 - - [07/Feb/2021:09:27:09 +0800] "POST /xingrg/all/user/operate.html HTTP/1.1" 200 36
116.224.253.72 - - [07/Feb/2021:09:27:09 +0800] "GET /xingrg/index.html?sysBaseUrl=http%3A%2F%2F180.169.147.146%3A18081%2Fxingrg%2F&costTime=38×tamp=1612516322883 HTTP/1.1" 200 17177
116.224.253.72 - - [07/Feb/2021:09:27:09 +0800] "GET /xingrg/javascript/jquery_easy_ui/themes/default/easyui.css HTTP/1.1" 304 -
116.224.253.72 - - [07/Feb/2021:09:27:09 +0800] "GET /xingrg/javascript/jquery_easy_ui/themes/icon.css HTTP/1.1" 304 -
116.224.253.72 - - [07/Feb/2021:09:27:09 +0800] "GET /xingrg/css/form.css HTTP/1.1" 304 -
116.224.253.72 - - [07/Feb/2021:09:27:09 +0800] "GET /xingrg/javascript/jquery-1.4.2.min.js HTTP/1.1" 304 -
116.224.253.72 - - [07/Feb/2021:09:27:09 +0800] "GET /xingrg/javascript/jquery_easy_ui/jquery.easyui.min.js HTTP/1.1" 304 -
116.224.253.72 - - [07/Feb/2021:09:27:09 +0800] "GET /xingrg/javascript/jquery_easy_ui/easyui-lang-zh_CN.js HTTP/1.1" 304 -
116.224.253.72 - - [07/Feb/2021:09:27:09 +0800] "GET /xingrg/javascript/jquery.form.js HTTP/1.1" 304 -
116.224.253.72 - - [07/Feb/2021:09:27:09 +0800] "GET /xingrg/javascript/jquery.utils.js HTTP/1.1" 304 -
116.224.253.72 - - [07/Feb/2021:09:27:09 +0800] "GET /xingrg/javascript/jquery.timers.js HTTP/1.1" 304 -
116.224.253.72 - - [07/Feb/2021:09:27:09 +0800] "GET /xingrg/images/blue/jxLogo.png HTTP/1.1" 304 -
116.224.253.72 - - [07/Feb/2021:09:27:09 +0800] "GET /xingrg/javascript/jquery_easy_ui/themes/icons/settle_new.png HTTP/1.1" 304 -
116.224.253.72 - - [07/Feb/2021:09:27:09 +0800] "GET /xingrg/images/blue/navBackgound.jpg HTTP/1.1" 304 -
116.224.253.72 - - [07/Feb/2021:09:27:09 +0800] "POST /xingrg/all/common/load_tree.html?tree=area_rest_tree_json&manage=1 HTTP/1.1" 200 476
116.224.253.72 - - [07/Feb/2021:09:27:09 +0800] "GET /xingrg/all/function/internal_message.html?_=1612661228428&CODE_STATE=count HTTP/1.1" 200 11
116.224.253.72 - - [07/Feb/2021:09:27:09 +0800] "GET /xingrg/check_reg.html?_=1612661228430 HTTP/1.1" 200 22
116.224.253.72 - - [07/Feb/2021:09:27:09 +0800] "GET /xingrg/images/blue/pingpu.png HTTP/1.1" 304 -
116.224.253.72 - - [07/Feb/2021:09:27:09 +0800] "GET /xingrg/javascript/jquery_easy_ui/themes/default/images/tabs_leftarrow.png HTTP/1.1" 304 -
116.224.253.72 - - [07/Feb/2021:09:27:09 +0800] "GET /xingrg/javascript/jquery_easy_ui/themes/default/images/tabs_rightarrow.png HTTP/1.1" 304 -
116.224.253.72 - - [07/Feb/2021:09:27:09 +0800] "GET /xingrg/javascript/jquery_easy_ui/themes/default/images/panel_tool_collapse.gif HTTP/1.1" 304 -
116.224.253.72 - - [07/Feb/2021:09:27:09 +0800] "POST /xingrg/load_menu.html HTTP/1.1" 200 5138
114.88.166.193 - - [07/Feb/2021:09:27:11 +0800] "GET /xingrg/all/function/internal_message.html?_=1612661227037&CODE_STATE=getMsg HTTP/1.1" 200 27
116.224.253.72 - - [07/Feb/2021:09:27:11 +0800] "GET /xingrg/kc/buy/cgsh_order_list.html HTTP/1.1" 200 46370
116.228.172.94 - - [07/Feb/2021:09:27:11 +0800] "GET /xingrg/all/function/internal_message.html?_=1612661230288&CODE_STATE=getMsg HTTP/1.1" 200 27
61.165.42.208 - - [07/Feb/2021:09:27:12 +0800] "GET /xingrg/kc/buy/cgsh_order_operate.html?command=get_materiel&rest_code=00105&code=00101008027&supplier_code=00100203&order_time=2021-02-07 HTTP/1.1" 200 409
116.224.253.72 - - [07/Feb/2021:09:27:12 +0800] "POST /xingrg/kc/buy/cgsh_list_operate.html HTTP/1.1" 200 876
117.131.5.26 - - [07/Feb/2021:09:27:12 +0800] "GET /xingrg/all/function/internal_message.html?_=1612661288267&CODE_STATE=getMsg HTTP/1.1" 200 27
116.232.54.3 - - [07/Feb/2021:09:27:13 +0800] "GET /xingrg/kc/buy/cgsh_order_operate.html?command=get_materiel&rest_code=00109&code=00101008199&supplier_code=00100005&order_time=2021-02-07 HTTP/1.1" 200 408
116.224.253.72 - - [07/Feb/2021:09:27:15 +0800] "GET /xingrg/kc/buy/cgsh_order_add.html HTTP/1.1" 200 61746
116.224.253.72 - - [07/Feb/2021:09:27:15 +0800] "POST /xingrg/kc/buy/cgsh_order_operate.html HTTP/1.1" 200 8245
116.224.253.72 - - [07/Feb/2021:09:27:15 +0800] "GET /xingrg/all/common/auto_word.html?type=employee&rest_code=00151 HTTP/1.1" 200 243
116.224.253.72 - - [07/Feb/2021:09:27:15 +0800] "GET /xingrg/javascript/easyui/themes/default/validatebox.css HTTP/1.1" 404 1104
116.224.253.72 - - [07/Feb/2021:09:27:15 +0800] "GET /xingrg/all/common/auto_word.html?type=employee&rest_code=00151 HTTP/1.1" 200 243
116.224.253.72 - - [07/Feb/2021:09:27:17 +0800] "GET /xingrg/javascript/auto/indicator.gif HTTP/1.1" 404 1066
116.232.54.3 - - [07/Feb/2021:09:27:19 +0800] "GET /xingrg/kc/buy/cgsh_order_operate.html?command=get_materiel&rest_code=00109&code=00101008116&supplier_code=00100005&order_time=2021-02-07 HTTP/1.1" 200 412
58.37.230.33 - - [07/Feb/2021:09:27:24 +0800] "GET /xingrg/all/function/internal_message.html?_=1612661254006&CODE_STATE=getMsg HTTP/1.1" 200 27
116.224.253.72 - - [07/Feb/2021:09:27:24 +0800] "GET /xingrg/kc/buy/cgsh_order_operate.html?command=get_materiel&rest_code=00151&code=00101011005&supplier_code=00100047&order_time=2021-02-07 HTTP/1.1" 200 428
218.81.223.240 - - [07/Feb/2021:09:27:26 +0800] "GET /xingrg/kc/buy/cgsh_order_operate.html?command=get_materiel&rest_code=00146&code=00101008350&supplier_code=00100005&order_time=2021-02-07 HTTP/1.1" 200 408
116.228.172.94 - - [07/Feb/2021:09:27:28 +0800] "GET /xingrg/check_reg.html?_=1612661247154 HTTP/1.1" 200 22
61.165.42.208 - - [07/Feb/2021:09:27:30 +0800] "GET /xingrg/all/function/internal_message.html?_=1612661248367&CODE_STATE=getMsg HTTP/1.1" 200 27
114.86.187.76 - - [07/Feb/2021:09:27:33 +0800] "GET /xingrg/all/function/internal_message.html?_=1612661251245&CODE_STATE=getMsg HTTP/1.1" 200 27
114.86.187.76 - - [07/Feb/2021:09:27:33 +0800] "GET /xingrg/check_reg.html?_=1612661251259 HTTP/1.1" 200 22
116.224.253.72 - - [07/Feb/2021:09:27:34 +0800] "GET /xingrg/kc/buy/cgsh_order_operate.html?command=get_materiel&rest_code=00151&code=00101011001&supplier_code=00100047&order_time=2021-02-07 HTTP/1.1" 200 423
218.81.223.240 - - [07/Feb/2021:09:27:36 +0800] "GET /xingrg/check_reg.html?_=1612661284814 HTTP/1.1" 200 22
61.165.42.208 - - [07/Feb/2021:09:27:41 +0800] "GET /xingrg/kc/buy/cgsh_order_operate.html?command=get_materiel&rest_code=00105&code=00101008257&supplier_code=00100203&order_time=2021-02-07 HTTP/1.1" 200 416
218.81.223.240 - - [07/Feb/2021:09:27:43 +0800] "POST /xingrg/kc/buy/cgsh_order_operate.html HTTP/1.1" 200 37
218.81.223.240 - - [07/Feb/2021:09:27:45 +0800] "POST /xingrg/kc/buy/cgsh_order_operate.html HTTP/1.1" 200 47621
222.69.133.211 - - [07/Feb/2021:09:27:47 +0800] "GET /xingrg/all/function/internal_message.html?_=1612661264746&CODE_STATE=getMsg HTTP/1.1" 200 27
218.81.223.240 - - [07/Feb/2021:09:27:47 +0800] "GET /xingrg/kc/print/load_config.html?kc_code=cgsh HTTP/1.1" 200 1845
218.81.223.240 - - [07/Feb/2021:09:27:47 +0800] "GET /xingrg/kc/print/load_data.html?order_code=212021020703165&kc_code=cgsh&condition= HTTP/1.1" 200 17717
116.232.54.3 - - [07/Feb/2021:09:27:48 +0800] "GET /xingrg/all/function/internal_message.html?_=1612661266540&CODE_STATE=getMsg HTTP/1.1" 200 27
116.224.253.72 - - [07/Feb/2021:09:27:52 +0800] "POST /xingrg/kc/buy/cgsh_order_operate.html HTTP/1.1" 200 37
61.165.42.208 - - [07/Feb/2021:09:27:52 +0800] "GET /xingrg/kc/buy/cgsh_order_operate.html?command=get_materiel&rest_code=00105&code=00101008155&supplier_code=00100203&order_time=2021-02-07 HTTP/1.1" 200 408
180.169.147.146 - - [07/Feb/2021:09:27:54 +0800] "GET /xingrg/all/function/internal_message.html?_=1612661260617&CODE_STATE=getMsg HTTP/1.1" 200 27
116.224.253.72 - - [07/Feb/2021:09:27:55 +0800] "POST /xingrg/kc/buy/cgsh_order_operate.html HTTP/1.1" 200 12
116.224.253.72 - - [07/Feb/2021:09:27:55 +0800] "GET /xingrg/kc/buy/cgsh_order_info.html?code=212021020703166 HTTP/1.1" 200 56648
116.224.253.72 - - [07/Feb/2021:09:27:56 +0800] "GET /xingrg/javascript/easyui/themes/default/validatebox.css HTTP/1.1" 404 1104
116.224.253.72 - - [07/Feb/2021:09:27:56 +0800] "POST /xingrg/kc/buy/cgsh_order_operate.html HTTP/1.1" 200 1222
116.224.253.72 - - [07/Feb/2021:09:27:57 +0800] "GET /xingrg/kc/print/load_data.html?order_code=212021020703166&kc_code=cgsh&condition= HTTP/1.1" 200 1002
218.81.223.240 - - [07/Feb/2021:09:27:58 +0800] "GET /xingrg/all/function/internal_message.html?_=1612661306038&CODE_STATE=getMsg HTTP/1.1" 200 27
120.253.135.82 - - [07/Feb/2021:09:27:58 +0800] "GET /xingrg/check_reg.html?_=1612661040414 HTTP/1.1" 200 22
120.253.135.82 - - [07/Feb/2021:09:27:58 +0800] "GET /xingrg/all/function/internal_message.html?_=1612661040728&CODE_STATE=getMsg HTTP/1.1" 200 27
61.165.42.208 - - [07/Feb/2021:09:28:02 +0800] "GET /xingrg/kc/buy/cgsh_order_operate.html?command=get_materiel&rest_code=00105&code=00101008351&supplier_code=00100203&order_time=2021-02-07 HTTP/1.1" 200 408
116.227.208.86 - - [07/Feb/2021:09:28:06 +0800] "GET /xingrg/all/function/internal_message.html?_=1612661284488&CODE_STATE=getMsg HTTP/1.1" 200 27
61.165.42.208 - - [07/Feb/2021:09:28:08 +0800] "GET /xingrg/kc/buy/cgsh_order_operate.html?command=get_materiel&rest_code=00105&code=00101008186&supplier_code=00100203&order_time=2021-02-07 HTTP/1.1" 200 408
116.224.253.72 - - [07/Feb/2021:09:28:09 +0800] "GET /xingrg/all/function/internal_message.html?_=1612661288443&CODE_STATE=getMsg HTTP/1.1" 200 27
114.88.166.193 - - [07/Feb/2021:09:28:11 +0800] "GET /xingrg/all/function/internal_message.html?_=1612661287082&CODE_STATE=getMsg HTTP/1.1" 200 27
116.228.172.94 - - [07/Feb/2021:09:28:11 +0800] "GET /xingrg/all/function/internal_message.html?_=1612661290265&CODE_STATE=getMsg HTTP/1.1" 200 27
117.131.5.26 - - [07/Feb/2021:09:28:12 +0800] "GET /xingrg/all/function/internal_message.html?_=1612661348266&CODE_STATE=getMsg HTTP/1.1" 200 27
61.165.42.208 - - [07/Feb/2021:09:28:18 +0800] "POST /xingrg/kc/buy/cgsh_order_operate.html HTTP/1.1" 200 2065
61.165.42.208 - - [07/Feb/2021:09:28:20 +0800] "POST /xingrg/kc/buy/cgsh_order_operate.html HTTP/1.1" 200 2065
116.232.54.3 - - [07/Feb/2021:09:28:21 +0800] "GET /xingrg/kc/buy/cgsh_order_operate.html?command=get_materiel&rest_code=00109&code=00101008298&supplier_code=00100005&order_time=2021-02-07 HTTP/1.1" 200 413
58.37.230.33 - - [07/Feb/2021:09:28:24 +0800] "GET /xingrg/all/function/internal_message.html?_=1612661314005&CODE_STATE=getMsg HTTP/1.1" 200 27
61.165.42.208 - - [07/Feb/2021:09:28:27 +0800] "GET /xingrg/kc/buy/cgsh_order_operate.html?command=get_materiel&rest_code=00105&code=00101008224&supplier_code=00100203&order_time=2021-02-07 HTTP/1.1" 200 416
61.165.42.208 - - [07/Feb/2021:09:28:30 +0800] "GET /xingrg/check_reg.html?_=1612661308365 HTTP/1.1" 200 22
61.165.42.208 - - [07/Feb/2021:09:28:30 +0800] "GET /xingrg/all/function/internal_message.html?_=1612661308367&CODE_STATE=getMsg HTTP/1.1" 200 27
116.224.253.72 - - [07/Feb/2021:09:28:32 +0800] "GET /xingrg/kc/buy/cgsh_order_add.html HTTP/1.1" 200 61746
116.224.253.72 - - [07/Feb/2021:09:28:32 +0800] "POST /xingrg/kc/buy/cgsh_order_operate.html HTTP/1.1" 200 8245
116.224.253.72 - - [07/Feb/2021:09:28:32 +0800] "GET /xingrg/javascript/easyui/themes/default/validatebox.css HTTP/1.1" 404 1104
114.86.187.76 - - [07/Feb/2021:09:28:33 +0800] "GET /xingrg/all/function/internal_message.html?_=1612661311253&CODE_STATE=getMsg HTTP/1.1" 200 27
61.165.42.208 - - [07/Feb/2021:09:28:35 +0800] "GET /xingrg/kc/buy/cgsh_order_operate.html?command=get_materiel&rest_code=00105&code=00101008003&supplier_code=00100203&order_time=2021-02-07 HTTP/1.1" 200 408
218.81.223.240 - - [07/Feb/2021:09:28:36 +0800] "GET /xingrg/kc/buy/cgsh_order_add.html HTTP/1.1" 200 62110
218.81.223.240 - - [07/Feb/2021:09:28:37 +0800] "POST /xingrg/kc/buy/cgsh_order_operate.html HTTP/1.1" 200 8245
218.81.223.240 - - [07/Feb/2021:09:28:37 +0800] "GET /xingrg/javascript/easyui/themes/default/validatebox.css HTTP/1.1" 404 1104
222.69.133.211 - - [07/Feb/2021:09:28:47 +0800] "GET /xingrg/all/function/internal_message.html?_=1612661324718&CODE_STATE=getMsg HTTP/1.1" 200 27
218.81.223.240 - - [07/Feb/2021:09:28:48 +0800] "GET /xingrg/kc/buy/cgsh_order_operate.html?command=get_materiel&rest_code=00146&code=00101012025&supplier_code=00100033&order_time=2021-02-07 HTTP/1.1" 200 412
116.232.54.3 - - [07/Feb/2021:09:28:48 +0800] "GET /xingrg/all/function/internal_message.html?_=1612661326462&CODE_STATE=getMsg HTTP/1.1" 200 27
114.88.166.193 - - [07/Feb/2021:09:28:51 +0800] "GET /xingrg/check_reg.html?_=1612661326726 HTTP/1.1" 200 22
116.224.253.72 - - [07/Feb/2021:09:28:51 +0800] "GET /xingrg/kc/buy/cgsh_order_operate.html?command=get_materiel&rest_code=00151&code=00101007049&supplier_code=00100096&order_time=2021-02-07 HTTP/1.1" 200 409
218.81.223.240 - - [07/Feb/2021:09:28:52 +0800] "GET /xingrg/javascript/jquery_easy_ui/themes/default/images/tabs_active.png HTTP/1.1" 304 -
180.169.147.146 - - [07/Feb/2021:09:28:54 +0800] "GET /xingrg/all/function/internal_message.html?_=1612661320589&CODE_STATE=getMsg HTTP/1.1" 200 27
218.81.223.240 - - [07/Feb/2021:09:28:58 +0800] "GET /xingrg/all/function/internal_message.html?_=1612661366052&CODE_STATE=getMsg HTTP/1.1" 200 27
120.253.135.82 - - [07/Feb/2021:09:28:58 +0800] "GET /xingrg/all/function/internal_message.html?_=1612661100741&CODE_STATE=getMsg HTTP/1.1" 200 27
116.224.253.72 - - [07/Feb/2021:09:29:02 +0800] "GET /xingrg/kc/buy/cgsh_order_operate.html?command=get_materiel&rest_code=00151&code=00101007091&supplier_code=00100096&order_time=2021-02-07 HTTP/1.1" 200 413
116.227.208.86 - - [07/Feb/2021:09:29:06 +0800] "GET /xingrg/all/function/internal_message.html?_=1612661344496&CODE_STATE=getMsg HTTP/1.1" 200 27
116.224.253.72 - - [07/Feb/2021:09:29:09 +0800] "GET /xingrg/kc/buy/cgsh_order_operate.html?command=get_materiel&rest_code=00151&code=00101007081&supplier_code=00100096&order_time=2021-02-07 HTTP/1.1" 200 413
116.224.253.72 - - [07/Feb/2021:09:29:09 +0800] "GET /xingrg/all/function/internal_message.html?_=1612661348440&CODE_STATE=getMsg HTTP/1.1" 200 27
114.88.166.193 - - [07/Feb/2021:09:29:11 +0800] "GET /xingrg/all/function/internal_message.html?_=1612661347094&CODE_STATE=getMsg HTTP/1.1" 200 27
116.228.172.94 - - [07/Feb/2021:09:29:11 +0800] "GET /xingrg/all/function/internal_message.html?_=1612661350246&CODE_STATE=getMsg HTTP/1.1" 200 27
117.131.5.26 - - [07/Feb/2021:09:29:12 +0800] "GET /xingrg/all/function/internal_message.html?_=1612661408282&CODE_STATE=getMsg HTTP/1.1" 200 27
116.224.253.72 - - [07/Feb/2021:09:29:20 +0800] "GET /xingrg/kc/buy/cgsh_order_operate.html?command=get_materiel&rest_code=00151&code=00101006168&supplier_code=00100096&order_time=2021-02-07 HTTP/1.1" 200 421
58.37.230.33 - - [07/Feb/2021:09:29:24 +0800] "GET /xingrg/all/function/internal_message.html?_=1612661374031&CODE_STATE=getMsg HTTP/1.1" 200 27
116.232.54.3 - - [07/Feb/2021:09:29:25 +0800] "GET /xingrg/kc/buy/cgsh_order_operate.html?command=get_materiel&rest_code=00109&code=00101008332&supplier_code=00100005&order_time=2021-02-07 HTTP/1.1" 200 412
116.232.54.3 - - [07/Feb/2021:09:29:30 +0800] "GET /xingrg/kc/buy/cgsh_order_operate.html?command=get_materiel&rest_code=00109&code=00101008349&supplier_code=00100005&order_time=2021-02-07 HTTP/1.1" 200 412
