61.165.42.208 - - [07/Feb/2021:09:29:30 +0800] "GET /xingrg/all/function/internal_message.html?_=1612661368411&CODE_STATE=getMsg HTTP/1.1" 200 27
116.224.253.72 - - [07/Feb/2021:09:29:33 +0800] "GET /xingrg/kc/buy/cgsh_order_operate.html?command=get_materiel&rest_code=00151&code=00101006184&supplier_code=00100096&order_time=2021-02-07 HTTP/1.1" 200 408
114.86.187.76 - - [07/Feb/2021:09:29:33 +0800] "GET /xingrg/all/function/internal_message.html?_=1612661371243&CODE_STATE=getMsg HTTP/1.1" 200 27
116.232.54.3 - - [07/Feb/2021:09:29:37 +0800] "GET /xingrg/kc/buy/cgsh_order_operate.html?command=get_materiel&rest_code=00109&code=00101008350&supplier_code=00100005&order_time=2021-02-07 HTTP/1.1" 200 408
116.224.253.72 - - [07/Feb/2021:09:29:38 +0800] "GET /xingrg/kc/buy/cgsh_order_operate.html?command=get_materiel&rest_code=00151&code=00101006055&supplier_code=00100096&order_time=2021-02-07 HTTP/1.1" 200 409
116.232.54.3 - - [07/Feb/2021:09:29:43 +0800] "GET /xingrg/kc/buy/cgsh_order_operate.html?command=get_materiel&rest_code=00109&code=00101008354&supplier_code=00100005&order_time=2021-02-07 HTTP/1.1" 200 412
116.224.253.72 - - [07/Feb/2021:09:29:46 +0800] "GET /xingrg/kc/buy/cgsh_order_operate.html?command=get_materiel&rest_code=00151&code=00101006062&supplier_code=00100096&order_time=2021-02-07 HTTP/1.1" 200 409
222.69.133.211 - - [07/Feb/2021:09:29:47 +0800] "GET /xingrg/all/function/internal_message.html?_=1612661384690&CODE_STATE=getMsg HTTP/1.1" 200 27
116.232.54.3 - - [07/Feb/2021:09:29:48 +0800] "GET /xingrg/all/function/internal_message.html?_=1612661386466&CODE_STATE=getMsg HTTP/1.1" 200 27
116.232.54.3 - - [07/Feb/2021:09:29:48 +0800] "GET /xingrg/kc/buy/cgsh_order_operate.html?command=get_materiel&rest_code=00109&code=00101008110&supplier_code=00100005&order_time=2021-02-07 HTTP/1.1" 200 408
61.165.42.208 - - [07/Feb/2021:09:29:51 +0800] "GET /xingrg/kc/buy/cgsh_order_operate.html?command=get_materiel&rest_code=00105&code=00101008356&supplier_code=00100203&order_time=2021-02-07 HTTP/1.1" 200 408
116.224.253.72 - - [07/Feb/2021:09:29:53 +0800] "GET /xingrg/kc/buy/cgsh_order_operate.html?command=get_materiel&rest_code=00151&code=00101006124&supplier_code=00100096&order_time=2021-02-07 HTTP/1.1" 200 411
116.232.54.3 - - [07/Feb/2021:09:29:53 +0800] "GET /xingrg/kc/buy/cgsh_order_operate.html?command=get_materiel&rest_code=00109&code=00101008064&supplier_code=00100005&order_time=2021-02-07 HTTP/1.1" 200 412
180.169.147.146 - - [07/Feb/2021:09:29:54 +0800] "GET /xingrg/check_reg.html?_=1612661380515 HTTP/1.1" 200 22
180.169.147.146 - - [07/Feb/2021:09:29:54 +0800] "GET /xingrg/all/function/internal_message.html?_=1612661380574&CODE_STATE=getMsg HTTP/1.1" 200 27
218.81.223.240 - - [07/Feb/2021:09:29:58 +0800] "GET /xingrg/all/function/internal_message.html?_=1612661426268&CODE_STATE=getMsg HTTP/1.1" 200 27
120.253.135.82 - - [07/Feb/2021:09:29:58 +0800] "GET /xingrg/all/function/internal_message.html?_=1612661160754&CODE_STATE=getMsg HTTP/1.1" 200 27
117.185.32.26 - - [07/Feb/2021:09:30:03 +0800] "POST /xingrg/services/DataTransmitService HTTP/1.1" 200 524
116.227.208.86 - - [07/Feb/2021:09:30:06 +0800] "GET /xingrg/all/function/internal_message.html?_=1612661404488&CODE_STATE=getMsg HTTP/1.1" 200 27
116.224.253.72 - - [07/Feb/2021:09:30:09 +0800] "GET /xingrg/all/function/internal_message.html?_=1612661408443&CODE_STATE=getMsg HTTP/1.1" 200 27
116.224.253.72 - - [07/Feb/2021:09:30:11 +0800] "GET /xingrg/kc/buy/cgsh_order_operate.html?command=get_materiel&rest_code=00151&code=00101006178&supplier_code=00100096&order_time=2021-02-07 HTTP/1.1" 200 409
114.88.166.193 - - [07/Feb/2021:09:30:11 +0800] "GET /xingrg/all/function/internal_message.html?_=1612661407108&CODE_STATE=getMsg HTTP/1.1" 200 27
116.228.172.94 - - [07/Feb/2021:09:30:11 +0800] "GET /xingrg/all/function/internal_message.html?_=1612661410239&CODE_STATE=getMsg HTTP/1.1" 200 27
117.131.5.26 - - [07/Feb/2021:09:30:12 +0800] "GET /xingrg/check_reg.html?_=1612661468281 HTTP/1.1" 200 22
117.131.5.26 - - [07/Feb/2021:09:30:12 +0800] "GET /xingrg/all/function/internal_message.html?_=1612661468282&CODE_STATE=getMsg HTTP/1.1" 200 27
116.232.54.3 - - [07/Feb/2021:09:30:14 +0800] "GET /xingrg/kc/buy/cgsh_order_operate.html?command=get_materiel&rest_code=00109&code=00101008355&supplier_code=00100005&order_time=2021-02-07 HTTP/1.1" 200 408
116.232.54.3 - - [07/Feb/2021:09:30:19 +0800] "GET /xingrg/kc/buy/cgsh_order_operate.html?command=get_materiel&rest_code=00109&code=00101008264&supplier_code=00100005&order_time=2021-02-07 HTTP/1.1" 200 412
58.37.230.33 - - [07/Feb/2021:09:30:24 +0800] "GET /xingrg/all/function/internal_message.html?_=1612661434029&CODE_STATE=getMsg HTTP/1.1" 200 27
116.232.54.3 - - [07/Feb/2021:09:30:25 +0800] "GET /xingrg/kc/buy/cgsh_order_operate.html?command=get_materiel&rest_code=00109&code=00101008024&supplier_code=00100005&order_time=2021-02-07 HTTP/1.1" 200 408
116.224.253.72 - - [07/Feb/2021:09:30:27 +0800] "GET /xingrg/kc/buy/cgsh_order_operate.html?command=get_materiel&rest_code=00151&code=00101006013&supplier_code=00100096&order_time=2021-02-07 HTTP/1.1" 200 411
61.165.42.208 - - [07/Feb/2021:09:30:30 +0800] "GET /xingrg/all/function/internal_message.html?_=1612661428313&CODE_STATE=getMsg HTTP/1.1" 200 27
61.165.42.208 - - [07/Feb/2021:09:30:32 +0800] "GET /xingrg/kc/buy/cgsh_order_operate.html?command=get_materiel&rest_code=00105&code=00101008286&supplier_code=00100203&order_time=2021-02-07 HTTP/1.1" 200 409
114.86.187.76 - - [07/Feb/2021:09:30:33 +0800] "GET /xingrg/all/function/internal_message.html?_=1612661431251&CODE_STATE=getMsg HTTP/1.1" 200 27
116.224.253.72 - - [07/Feb/2021:09:30:43 +0800] "GET /xingrg/kc/buy/cgsh_order_operate.html?command=get_materiel&rest_code=00151&code=00101006084&supplier_code=00100096&order_time=2021-02-07 HTTP/1.1" 200 413
116.232.54.3 - - [07/Feb/2021:09:30:45 +0800] "POST /xingrg/kc/buy/cgsh_order_operate.html HTTP/1.1" 200 37
116.232.54.3 - - [07/Feb/2021:09:30:46 +0800] "POST /xingrg/kc/buy/cgsh_order_operate.html HTTP/1.1" 200 9761
222.69.133.211 - - [07/Feb/2021:09:30:47 +0800] "GET /xingrg/all/function/internal_message.html?_=1612661444665&CODE_STATE=getMsg HTTP/1.1" 200 27
222.69.133.211 - - [07/Feb/2021:09:30:48 +0800] "GET /xingrg/check_reg.html?_=1612661445374 HTTP/1.1" 200 22
116.232.54.3 - - [07/Feb/2021:09:30:48 +0800] "GET /xingrg/all/function/internal_message.html?_=1612661446468&CODE_STATE=getMsg HTTP/1.1" 200 27
180.169.147.146 - - [07/Feb/2021:09:30:54 +0800] "GET /xingrg/all/function/internal_message.html?_=1612661440560&CODE_STATE=getMsg HTTP/1.1" 200 27
116.224.253.72 - - [07/Feb/2021:09:30:54 +0800] "GET /xingrg/kc/buy/cgsh_order_operate.html?command=get_materiel&rest_code=00151&code=00101012084&supplier_code=00100096&order_time=2021-02-07 HTTP/1.1" 200 400
116.232.54.3 - - [07/Feb/2021:09:30:57 +0800] "GET /xingrg/kc/buy/cgsh_order_operate.html?command=get_materiel&rest_code=00109&code=00101008357&supplier_code=00100005&order_time=2021-02-07 HTTP/1.1" 200 408
218.81.223.240 - - [07/Feb/2021:09:30:58 +0800] "GET /xingrg/all/function/internal_message.html?_=1612661486283&CODE_STATE=getMsg HTTP/1.1" 200 27
120.253.135.82 - - [07/Feb/2021:09:30:58 +0800] "GET /xingrg/all/function/internal_message.html?_=1612661220876&CODE_STATE=getMsg HTTP/1.1" 200 27
116.232.54.3 - - [07/Feb/2021:09:31:02 +0800] "GET /xingrg/kc/buy/cgsh_order_operate.html?command=get_materiel&rest_code=00109&code=00101008230&supplier_code=00100005&order_time=2021-02-07 HTTP/1.1" 200 408
116.224.253.72 - - [07/Feb/2021:09:31:04 +0800] "GET /xingrg/kc/buy/cgsh_order_operate.html?command=get_materiel&rest_code=00151&code=00101012051&supplier_code=00100096&order_time=2021-02-07 HTTP/1.1" 200 408
116.227.208.86 - - [07/Feb/2021:09:31:06 +0800] "GET /xingrg/check_reg.html?_=1612661464492 HTTP/1.1" 200 22
116.227.208.86 - - [07/Feb/2021:09:31:06 +0800] "GET /xingrg/all/function/internal_message.html?_=1612661464495&CODE_STATE=getMsg HTTP/1.1" 200 27
116.224.253.72 - - [07/Feb/2021:09:31:09 +0800] "GET /xingrg/kc/buy/cgsh_order_operate.html?command=get_materiel&rest_code=00151&code=00101012059&supplier_code=00100096&order_time=2021-02-07 HTTP/1.1" 200 413
116.224.253.72 - - [07/Feb/2021:09:31:09 +0800] "GET /xingrg/all/function/internal_message.html?_=1612661468509&CODE_STATE=getMsg HTTP/1.1" 200 27
116.232.54.3 - - [07/Feb/2021:09:31:11 +0800] "GET /xingrg/kc/buy/cgsh_order_operate.html?command=get_materiel&rest_code=00109&code=00101008069&supplier_code=00100005&order_time=2021-02-07 HTTP/1.1" 200 412
114.88.166.193 - - [07/Feb/2021:09:31:11 +0800] "GET /xingrg/all/function/internal_message.html?_=1612661467159&CODE_STATE=getMsg HTTP/1.1" 200 27
116.228.172.94 - - [07/Feb/2021:09:31:11 +0800] "GET /xingrg/all/function/internal_message.html?_=1612661470221&CODE_STATE=getMsg HTTP/1.1" 200 27
117.131.5.26 - - [07/Feb/2021:09:31:12 +0800] "GET /xingrg/all/function/internal_message.html?_=1612661528279&CODE_STATE=getMsg HTTP/1.1" 200 27
116.224.253.72 - - [07/Feb/2021:09:31:13 +0800] "GET /xingrg/kc/buy/cgsh_order_operate.html?command=get_materiel&rest_code=00151&code=00101001075&supplier_code=00100096&order_time=2021-02-07 HTTP/1.1" 200 409
116.232.54.3 - - [07/Feb/2021:09:31:16 +0800] "GET /xingrg/kc/buy/cgsh_order_operate.html?command=get_materiel&rest_code=00109&code=00101008006&supplier_code=00100005&order_time=2021-02-07 HTTP/1.1" 200 417
116.232.54.3 - - [07/Feb/2021:09:31:17 +0800] "POST /xingrg/kc/buy/cgsh_order_operate.html HTTP/1.1" 200 2065
116.232.54.3 - - [07/Feb/2021:09:31:22 +0800] "GET /xingrg/kc/buy/cgsh_order_operate.html?command=get_materiel&rest_code=00109&code=00101008036&supplier_code=00100005&order_time=2021-02-07 HTTP/1.1" 200 408
58.37.230.33 - - [07/Feb/2021:09:31:24 +0800] "GET /xingrg/all/function/internal_message.html?_=1612661494028&CODE_STATE=getMsg HTTP/1.1" 200 27
58.37.230.33 - - [07/Feb/2021:09:31:24 +0800] "GET /xingrg/check_reg.html?_=1612661494030 HTTP/1.1" 200 22
116.232.54.3 - - [07/Feb/2021:09:31:27 +0800] "GET /xingrg/kc/buy/cgsh_order_operate.html?command=get_materiel&rest_code=00109&code=00101008131&supplier_code=00100005&order_time=2021-02-07 HTTP/1.1" 200 408
61.165.42.208 - - [07/Feb/2021:09:31:30 +0800] "GET /xingrg/all/function/internal_message.html?_=1612661488286&CODE_STATE=getMsg HTTP/1.1" 200 27
61.165.42.208 - - [07/Feb/2021:09:31:32 +0800] "GET /xingrg/kc/buy/cgsh_order_operate.html?command=get_materiel&rest_code=00105&code=00101008242&supplier_code=00100203&order_time=2021-02-07 HTTP/1.1" 200 408
114.86.187.76 - - [07/Feb/2021:09:31:33 +0800] "GET /xingrg/all/function/internal_message.html?_=1612661491247&CODE_STATE=getMsg HTTP/1.1" 200 27
116.232.54.3 - - [07/Feb/2021:09:31:33 +0800] "GET /xingrg/kc/buy/cgsh_order_operate.html?command=get_materiel&rest_code=00109&code=00101008318&supplier_code=00100005&order_time=2021-02-07 HTTP/1.1" 200 408
116.232.54.3 - - [07/Feb/2021:09:31:40 +0800] "GET /xingrg/kc/buy/cgsh_order_operate.html?command=get_materiel&rest_code=00109&code=00101008098&supplier_code=00100005&order_time=2021-02-07 HTTP/1.1" 200 412
61.165.42.208 - - [07/Feb/2021:09:31:42 +0800] "GET /xingrg/kc/buy/cgsh_order_operate.html?command=get_materiel&rest_code=00105&code=00101008274&supplier_code=00100203&order_time=2021-02-07 HTTP/1.1" 200 412
116.232.54.3 - - [07/Feb/2021:09:31:45 +0800] "GET /xingrg/kc/buy/cgsh_order_operate.html?command=get_materiel&rest_code=00109&code=00101008005&supplier_code=00100005&order_time=2021-02-07 HTTP/1.1" 200 412
222.69.133.211 - - [07/Feb/2021:09:31:47 +0800] "GET /xingrg/all/function/internal_message.html?_=1612661504643&CODE_STATE=getMsg HTTP/1.1" 200 27
116.232.54.3 - - [07/Feb/2021:09:31:48 +0800] "POST /xingrg/kc/buy/cgsh_order_operate.html HTTP/1.1" 200 2065
116.232.54.3 - - [07/Feb/2021:09:31:48 +0800] "GET /xingrg/all/function/internal_message.html?_=1612661506472&CODE_STATE=getMsg HTTP/1.1" 200 27
116.232.54.3 - - [07/Feb/2021:09:31:48 +0800] "GET /xingrg/check_reg.html?_=1612661506473 HTTP/1.1" 200 22
116.232.54.3 - - [07/Feb/2021:09:31:53 +0800] "GET /xingrg/kc/buy/cgsh_order_operate.html?command=get_materiel&rest_code=00109&code=00101008353&supplier_code=00100005&order_time=2021-02-07 HTTP/1.1" 200 408
180.169.147.146 - - [07/Feb/2021:09:31:54 +0800] "GET /xingrg/all/function/internal_message.html?_=1612661500531&CODE_STATE=getMsg HTTP/1.1" 200 27
61.165.42.208 - - [07/Feb/2021:09:31:54 +0800] "GET /xingrg/kc/buy/cgsh_order_operate.html?command=get_materiel&rest_code=00105&code=00101008305&supplier_code=00100203&order_time=2021-02-07 HTTP/1.1" 200 412
218.81.223.240 - - [07/Feb/2021:09:31:58 +0800] "GET /xingrg/all/function/internal_message.html?_=1612661546508&CODE_STATE=getMsg HTTP/1.1" 200 27
120.253.135.82 - - [07/Feb/2021:09:31:58 +0800] "GET /xingrg/all/function/internal_message.html?_=1612661280891&CODE_STATE=getMsg HTTP/1.1" 200 27
116.232.54.3 - - [07/Feb/2021:09:31:59 +0800] "GET /xingrg/kc/buy/cgsh_order_operate.html?command=get_materiel&rest_code=00109&code=00101008312&supplier_code=00100005&order_time=2021-02-07 HTTP/1.1" 200 412
61.165.42.208 - - [07/Feb/2021:09:32:04 +0800] "POST /xingrg/kc/buy/cgsh_order_operate.html HTTP/1.1" 200 2065
61.165.42.208 - - [07/Feb/2021:09:32:06 +0800] "POST /xingrg/kc/buy/cgsh_order_operate.html HTTP/1.1" 200 2065
116.227.208.86 - - [07/Feb/2021:09:32:06 +0800] "GET /xingrg/all/function/internal_message.html?_=1612661524483&CODE_STATE=getMsg HTTP/1.1" 200 27
61.165.42.208 - - [07/Feb/2021:09:32:07 +0800] "POST /xingrg/kc/buy/cgsh_order_operate.html HTTP/1.1" 200 2065
116.224.253.72 - - [07/Feb/2021:09:32:09 +0800] "GET /xingrg/check_reg.html?_=1612661528448 HTTP/1.1" 200 22
116.224.253.72 - - [07/Feb/2021:09:32:09 +0800] "GET /xingrg/all/function/internal_message.html?_=1612661528482&CODE_STATE=getMsg HTTP/1.1" 200 27
116.232.54.3 - - [07/Feb/2021:09:32:11 +0800] "GET /xingrg/kc/buy/cgsh_order_operate.html?command=get_materiel&rest_code=00109&code=00101008095&supplier_code=00100005&order_time=2021-02-07 HTTP/1.1" 200 412
114.88.166.193 - - [07/Feb/2021:09:32:11 +0800] "GET /xingrg/all/function/internal_message.html?_=1612661527166&CODE_STATE=getMsg HTTP/1.1" 200 27
116.228.172.94 - - [07/Feb/2021:09:32:12 +0800] "GET /xingrg/all/function/internal_message.html?_=1612661530192&CODE_STATE=getMsg HTTP/1.1" 200 27
117.131.5.26 - - [07/Feb/2021:09:32:12 +0800] "GET /xingrg/all/function/internal_message.html?_=1612661588278&CODE_STATE=getMsg HTTP/1.1" 200 27
116.232.54.3 - - [07/Feb/2021:09:32:18 +0800] "GET /xingrg/kc/buy/cgsh_order_operate.html?command=get_materiel&rest_code=00109&code=00101008196&supplier_code=00100005&order_time=2021-02-07 HTTP/1.1" 200 416
116.224.253.72 - - [07/Feb/2021:09:32:21 +0800] "POST /xingrg/kc/buy/cgsh_order_operate.html HTTP/1.1" 200 37
61.165.42.208 - - [07/Feb/2021:09:32:21 +0800] "GET /xingrg/kc/buy/cgsh_order_operate.html?command=get_materiel&rest_code=00105&code=00101008307&supplier_code=00100203&order_time=2021-02-07 HTTP/1.1" 200 420
116.232.54.3 - - [07/Feb/2021:09:32:23 +0800] "GET /xingrg/kc/buy/cgsh_order_operate.html?command=get_materiel&rest_code=00109&code=00101008197&supplier_code=00100005&order_time=2021-02-07 HTTP/1.1" 200 416
58.37.230.33 - - [07/Feb/2021:09:32:24 +0800] "GET /xingrg/all/function/internal_message.html?_=1612661554028&CODE_STATE=getMsg HTTP/1.1" 200 27
116.232.54.3 - - [07/Feb/2021:09:32:24 +0800] "POST /xingrg/kc/buy/cgsh_order_operate.html HTTP/1.1" 200 2065
116.232.54.3 - - [07/Feb/2021:09:32:28 +0800] "GET /xingrg/kc/buy/cgsh_order_operate.html?command=get_materiel&rest_code=00109&code=00101008221&supplier_code=00100005&order_time=2021-02-07 HTTP/1.1" 200 412
116.228.172.94 - - [07/Feb/2021:09:32:28 +0800] "GET /xingrg/check_reg.html?_=1612661547143 HTTP/1.1" 200 22
61.165.42.208 - - [07/Feb/2021:09:32:30 +0800] "GET /xingrg/all/function/internal_message.html?_=1612661548383&CODE_STATE=getMsg HTTP/1.1" 200 27
114.86.187.76 - - [07/Feb/2021:09:32:33 +0800] "GET /xingrg/all/function/internal_message.html?_=1612661551241&CODE_STATE=getMsg HTTP/1.1" 200 27
114.86.187.76 - - [07/Feb/2021:09:32:33 +0800] "GET /xingrg/check_reg.html?_=1612661551246 HTTP/1.1" 200 22
116.224.253.72 - - [07/Feb/2021:09:32:36 +0800] "POST /xingrg/kc/buy/cgsh_order_operate.html HTTP/1.1" 200 12
218.81.223.240 - - [07/Feb/2021:09:32:36 +0800] "GET /xingrg/check_reg.html?_=1612661584812 HTTP/1.1" 200 22
116.224.253.72 - - [07/Feb/2021:09:32:37 +0800] "GET /xingrg/kc/buy/cgsh_order_info.html?code=212021020703168 HTTP/1.1" 200 56638
116.224.253.72 - - [07/Feb/2021:09:32:37 +0800] "GET /xingrg/javascript/easyui/themes/default/validatebox.css HTTP/1.1" 404 1104
116.232.54.3 - - [07/Feb/2021:09:32:42 +0800] "POST /xingrg/kc/buy/cgsh_order_operate.html HTTP/1.1" 200 37
116.224.253.72 - - [07/Feb/2021:09:32:42 +0800] "POST /xingrg/kc/buy/cgsh_order_operate.html HTTP/1.1" 200 13235
116.232.54.3 - - [07/Feb/2021:09:32:44 +0800] "POST /xingrg/kc/buy/cgsh_order_operate.html HTTP/1.1" 200 18635
116.224.253.72 - - [07/Feb/2021:09:32:45 +0800] "GET /xingrg/kc/print/load_data.html?order_code=212021020703168&kc_code=cgsh&condition= HTTP/1.1" 200 3939
222.69.133.211 - - [07/Feb/2021:09:32:47 +0800] "GET /xingrg/all/function/internal_message.html?_=1612661564628&CODE_STATE=getMsg HTTP/1.1" 200 27
116.232.54.3 - - [07/Feb/2021:09:32:48 +0800] "GET /xingrg/all/function/internal_message.html?_=1612661566474&CODE_STATE=getMsg HTTP/1.1" 200 27
116.232.54.3 - - [07/Feb/2021:09:32:50 +0800] "GET /xingrg/kc/buy/cgsh_order_operate.html?command=get_materiel&rest_code=00109&code=00101008283&supplier_code=00100005&order_time=2021-02-07 HTTP/1.1" 200 409
116.224.253.72 - - [07/Feb/2021:09:32:50 +0800] "GET /xingrg/kc/buy/cgsh_order_add.html HTTP/1.1" 200 61746
116.224.253.72 - - [07/Feb/2021:09:32:51 +0800] "POST /xingrg/kc/buy/cgsh_order_operate.html HTTP/1.1" 200 8245
116.224.253.72 - - [07/Feb/2021:09:32:51 +0800] "GET /xingrg/javascript/easyui/themes/default/validatebox.css HTTP/1.1" 404 1104
180.169.147.146 - - [07/Feb/2021:09:32:54 +0800] "GET /xingrg/all/function/internal_message.html?_=1612661560517&CODE_STATE=getMsg HTTP/1.1" 200 27
116.232.54.3 - - [07/Feb/2021:09:32:55 +0800] "GET /xingrg/kc/buy/cgsh_order_operate.html?command=get_materiel&rest_code=00109&code=00101008107&supplier_code=00100005&order_time=2021-02-07 HTTP/1.1" 200 412
120.253.135.82 - - [07/Feb/2021:09:32:58 +0800] "GET /xingrg/check_reg.html?_=1612661340511 HTTP/1.1" 200 22
218.81.223.240 - - [07/Feb/2021:09:32:58 +0800] "GET /xingrg/all/function/internal_message.html?_=1612661606511&CODE_STATE=getMsg HTTP/1.1" 200 27
120.253.135.82 - - [07/Feb/2021:09:32:58 +0800] "GET /xingrg/all/function/internal_message.html?_=1612661340904&CODE_STATE=getMsg HTTP/1.1" 200 27
116.232.54.3 - - [07/Feb/2021:09:33:04 +0800] "GET /xingrg/kc/buy/cgsh_order_operate.html?command=get_materiel&rest_code=00109&code=00101008028&supplier_code=00100005&order_time=2021-02-07 HTTP/1.1" 200 412
116.227.208.86 - - [07/Feb/2021:09:33:06 +0800] "GET /xingrg/all/function/internal_message.html?_=1612661584487&CODE_STATE=getMsg HTTP/1.1" 200 27
116.224.253.72 - - [07/Feb/2021:09:33:09 +0800] "GET /xingrg/all/function/internal_message.html?_=1612661588465&CODE_STATE=getMsg HTTP/1.1" 200 27
116.232.54.3 - - [07/Feb/2021:09:33:10 +0800] "GET /xingrg/kc/buy/cgsh_order_operate.html?command=get_materiel&rest_code=00109&code=00101008010&supplier_code=00100005&order_time=2021-02-07 HTTP/1.1" 200 412
114.88.166.193 - - [07/Feb/2021:09:33:11 +0800] "GET /xingrg/all/function/internal_message.html?_=1612661587217&CODE_STATE=getMsg HTTP/1.1" 200 27
116.232.54.3 - - [07/Feb/2021:09:33:12 +0800] "POST /xingrg/kc/buy/cgsh_order_operate.html HTTP/1.1" 200 2065
116.228.172.94 - - [07/Feb/2021:09:33:12 +0800] "GET /xingrg/all/function/internal_message.html?_=1612661590180&CODE_STATE=getMsg HTTP/1.1" 200 27
117.131.5.26 - - [07/Feb/2021:09:33:12 +0800] "GET /xingrg/all/function/internal_message.html?_=1612661648278&CODE_STATE=getMsg HTTP/1.1" 200 27
116.232.54.3 - - [07/Feb/2021:09:33:16 +0800] "GET /xingrg/kc/buy/cgsh_order_operate.html?command=get_materiel&rest_code=00109&code=00101008306&supplier_code=00100005&order_time=2021-02-07 HTTP/1.1" 200 412
116.232.54.3 - - [07/Feb/2021:09:33:22 +0800] "GET /xingrg/kc/buy/cgsh_order_operate.html?command=get_materiel&rest_code=00109&code=00101008419&supplier_code=00100005&order_time=2021-02-07 HTTP/1.1" 200 399
58.37.230.33 - - [07/Feb/2021:09:33:24 +0800] "GET /xingrg/all/function/internal_message.html?_=1612661614026&CODE_STATE=getMsg HTTP/1.1" 200 27
116.232.54.3 - - [07/Feb/2021:09:33:26 +0800] "GET /xingrg/kc/buy/cgsh_order_operate.html?command=get_materiel&rest_code=00109&code=00101008313&supplier_code=00100005&order_time=2021-02-07 HTTP/1.1" 200 412
61.165.42.208 - - [07/Feb/2021:09:33:30 +0800] "GET /xingrg/check_reg.html?_=1612661608289 HTTP/1.1" 200 22
61.165.42.208 - - [07/Feb/2021:09:33:30 +0800] "GET /xingrg/all/function/internal_message.html?_=1612661608295&CODE_STATE=getMsg HTTP/1.1" 200 27
116.232.54.3 - - [07/Feb/2021:09:33:32 +0800] "GET /xingrg/kc/buy/cgsh_order_operate.html?command=get_materiel&rest_code=00109&code=00101008290&supplier_code=00100005&order_time=2021-02-07 HTTP/1.1" 200 416
114.86.187.76 - - [07/Feb/2021:09:33:33 +0800] "GET /xingrg/all/function/internal_message.html?_=1612661611237&CODE_STATE=getMsg HTTP/1.1" 200 27
116.232.54.3 - - [07/Feb/2021:09:33:43 +0800] "GET /xingrg/kc/buy/cgsh_order_operate.html?command=get_materiel&rest_code=00109&code=00101008003&supplier_code=00100005&order_time=2021-02-07 HTTP/1.1" 200 408
222.69.133.211 - - [07/Feb/2021:09:33:47 +0800] "GET /xingrg/all/function/internal_message.html?_=1612661624601&CODE_STATE=getMsg HTTP/1.1" 200 27
116.232.54.3 - - [07/Feb/2021:09:33:48 +0800] "GET /xingrg/all/function/internal_message.html?_=1612661626480&CODE_STATE=getMsg HTTP/1.1" 200 27
116.232.54.3 - - [07/Feb/2021:09:33:50 +0800] "GET /xingrg/kc/buy/cgsh_order_operate.html?command=get_materiel&rest_code=00109&code=00101008356&supplier_code=00100005&order_time=2021-02-07 HTTP/1.1" 200 408
114.88.166.193 - - [07/Feb/2021:09:33:51 +0800] "GET /xingrg/check_reg.html?_=1612661626732 HTTP/1.1" 200 22
180.169.147.146 - - [07/Feb/2021:09:33:51 +0800] "GET /xingrg/system/info/materiel_manager.html HTTP/1.1" 200 19497
180.169.147.146 - - [07/Feb/2021:09:33:51 +0800] "GET /xingrg/dwr/interface/AjaxBaseInfoService.js HTTP/1.1" 200 21363
180.169.147.146 - - [07/Feb/2021:09:33:51 +0800] "GET /xingrg/dwr/interface/AjaxComOrderService.js HTTP/1.1" 200 18264
180.169.147.146 - - [07/Feb/2021:09:33:51 +0800] "GET /xingrg/dwr/engine.js HTTP/1.1" 200 43631
180.169.147.146 - - [07/Feb/2021:09:33:51 +0800] "GET /xingrg/dwr/util.js HTTP/1.1" 304 -
180.169.147.146 - - [07/Feb/2021:09:33:51 +0800] "POST /xingrg/dwr/call/plaincall/AjaxBaseInfoService.getSubMaterielSorts.dwr HTTP/1.1" 200 219
180.169.147.146 - - [07/Feb/2021:09:33:51 +0800] "POST /xingrg/dwr/call/plaincall/AjaxBaseInfoService.getMateriels.dwr HTTP/1.1" 200 2929
116.232.54.3 - - [07/Feb/2021:09:33:53 +0800] "POST /xingrg/kc/buy/cgsh_order_operate.html HTTP/1.1" 200 2065
180.169.147.146 - - [07/Feb/2021:09:33:54 +0800] "GET /xingrg/all/function/internal_message.html?_=1612661620519&CODE_STATE=getMsg HTTP/1.1" 200 27
180.169.147.146 - - [07/Feb/2021:09:33:54 +0800] "POST /xingrg/dwr/call/plaincall/AjaxBaseInfoService.getSubMaterielSorts.dwr HTTP/1.1" 200 3482
180.169.147.146 - - [07/Feb/2021:09:33:54 +0800] "POST /xingrg/dwr/call/plaincall/AjaxBaseInfoService.getMateriels.dwr HTTP/1.1" 200 3020
116.224.253.72 - - [07/Feb/2021:09:33:54 +0800] "GET /xingrg/kc/buy/cgsh_order_list.html HTTP/1.1" 200 46370
116.232.54.3 - - [07/Feb/2021:09:33:54 +0800] "GET /xingrg/javascript/auto/indicator.gif HTTP/1.1" 404 1066
180.169.147.146 - - [07/Feb/2021:09:33:54 +0800] "POST /xingrg/dwr/call/plaincall/AjaxBaseInfoService.getMateriels.dwr HTTP/1.1" 200 3016
116.224.253.72 - - [07/Feb/2021:09:33:55 +0800] "POST /xingrg/kc/buy/cgsh_list_operate.html HTTP/1.1" 200 876
180.169.147.146 - - [07/Feb/2021:09:33:55 +0800] "GET /xingrg/system/info/materiel_info.html?code=00102002&isAdd=1 HTTP/1.1" 200 34362
180.169.147.146 - - [07/Feb/2021:09:33:55 +0800] "GET /xingrg/dwr/interface/AjaxGetFirstChart.js HTTP/1.1" 200 631
180.169.147.146 - - [07/Feb/2021:09:33:55 +0800] "GET /xingrg/dwr/engine.js HTTP/1.1" 200 43631
180.169.147.146 - - [07/Feb/2021:09:33:56 +0800] "POST /xingrg/all/common/load_tree.html?tree=area_rest_tree_json HTTP/1.1" 200 3344
180.169.147.146 - - [07/Feb/2021:09:33:56 +0800] "GET /favicon.ico HTTP/1.1" 404 -
180.169.147.146 - - [07/Feb/2021:09:33:56 +0800] "POST /xingrg/dwr/call/plaincall/AjaxBaseInfoService.getMaterielInfo.dwr HTTP/1.1" 200 228
180.169.147.146 - - [07/Feb/2021:09:33:56 +0800] "POST /xingrg/all/common/load_tree.html?tree=area_rest_tree_json&defaultRests=undefined HTTP/1.1" 200 3344
116.224.253.72 - - [07/Feb/2021:09:33:57 +0800] "GET /xingrg/javascript/jquery_tools/images/prev.gif HTTP/1.1" 404 1086
116.224.253.72 - - [07/Feb/2021:09:33:57 +0800] "GET /xingrg/javascript/jquery_tools/images/next.gif HTTP/1.1" 404 1086
116.232.54.3 - - [07/Feb/2021:09:33:57 +0800] "GET /xingrg/kc/buy/cgsh_order_operate.html?command=get_materiel&rest_code=00109&code=00101008300&supplier_code=00100005&order_time=2021-02-07 HTTP/1.1" 200 412
218.81.223.240 - - [07/Feb/2021:09:33:58 +0800] "GET /xingrg/all/function/internal_message.html?_=1612661666525&CODE_STATE=getMsg HTTP/1.1" 200 27
120.253.135.82 - - [07/Feb/2021:09:33:58 +0800] "GET /xingrg/all/function/internal_message.html?_=1612661400918&CODE_STATE=getMsg HTTP/1.1" 200 27
116.232.54.3 - - [07/Feb/2021:09:34:03 +0800] "GET /xingrg/kc/buy/cgsh_order_operate.html?command=get_materiel&rest_code=00109&code=00101008069&supplier_code=00100005&order_time=2021-02-07 HTTP/1.1" 200 412
116.224.253.72 - - [07/Feb/2021:09:34:05 +0800] "POST /xingrg/kc/buy/cgsh_list_operate.html HTTP/1.1" 200 876
117.184.7.26 - - [07/Feb/2021:09:34:06 +0800] "GET /xingrg/login.html HTTP/1.1" 200 7641
116.227.208.86 - - [07/Feb/2021:09:34:06 +0800] "GET /xingrg/all/function/internal_message.html?_=1612661644491&CODE_STATE=getMsg HTTP/1.1" 200 27
116.232.54.3 - - [07/Feb/2021:09:34:08 +0800] "GET /xingrg/kc/buy/cgsh_order_operate.html?command=get_materiel&rest_code=00109&code=00101008006&supplier_code=00100005&order_time=2021-02-07 HTTP/1.1" 200 417
116.224.253.72 - - [07/Feb/2021:09:34:09 +0800] "GET /xingrg/all/function/internal_message.html?_=1612661648454&CODE_STATE=getMsg HTTP/1.1" 200 27
117.184.7.26 - - [07/Feb/2021:09:34:11 +0800] "GET /favicon.ico HTTP/1.1" 404 -
114.88.166.193 - - [07/Feb/2021:09:34:11 +0800] "GET /xingrg/all/function/internal_message.html?_=1612661647226&CODE_STATE=getMsg HTTP/1.1" 200 27
117.131.5.26 - - [07/Feb/2021:09:34:12 +0800] "GET /xingrg/all/function/internal_message.html?_=1612661708275&CODE_STATE=getMsg HTTP/1.1" 200 27
116.232.54.3 - - [07/Feb/2021:09:34:13 +0800] "GET /xingrg/kc/buy/cgsh_order_operate.html?command=get_materiel&rest_code=00109&code=00101008131&supplier_code=00100005&order_time=2021-02-07 HTTP/1.1" 200 408
116.228.172.94 - - [07/Feb/2021:09:34:14 +0800] "GET /xingrg/all/function/internal_message.html?_=1612661650164&CODE_STATE=getMsg HTTP/1.1" 200 27
117.184.7.26 - - [07/Feb/2021:09:34:16 +0800] "POST /xingrg/login.do HTTP/1.1" 302 -
117.184.7.26 - - [07/Feb/2021:09:34:16 +0800] "GET /xingrg/index.html?sysBaseUrl=http%3A%2F%2F180.169.147.146%3A18081%2Fxingrg%2F&costTime=36×tamp=1612661656200 HTTP/1.1" 200 17179
180.169.147.146 - - [07/Feb/2021:09:34:17 +0800] "POST /xingrg/dwr/call/plaincall/AjaxGetFirstChart.getFirstChart.dwr HTTP/1.1" 200 86
117.184.7.26 - - [07/Feb/2021:09:34:17 +0800] "GET /favicon.ico HTTP/1.1" 404 -
117.184.7.26 - - [07/Feb/2021:09:34:18 +0800] "POST /xingrg/all/common/load_tree.html?tree=area_rest_tree_json&manage=1 HTTP/1.1" 200 470
117.184.7.26 - - [07/Feb/2021:09:34:18 +0800] "GET /xingrg/all/function/internal_message.html?_=1612661655979&CODE_STATE=count HTTP/1.1" 200 11
117.184.7.26 - - [07/Feb/2021:09:34:18 +0800] "GET /xingrg/check_reg.html?_=1612661655981 HTTP/1.1" 200 22
117.184.7.26 - - [07/Feb/2021:09:34:18 +0800] "POST /xingrg/load_menu.html HTTP/1.1" 200 5138
116.224.253.72 - - [07/Feb/2021:09:34:18 +0800] "GET /xingrg/kc/buy/cgsh_order_add.html HTTP/1.1" 200 61746
116.224.253.72 - - [07/Feb/2021:09:34:19 +0800] "GET /xingrg/javascript/easyui/themes/default/validatebox.css HTTP/1.1" 404 1104
116.224.253.72 - - [07/Feb/2021:09:34:19 +0800] "POST /xingrg/kc/buy/cgsh_order_operate.html HTTP/1.1" 200 8245
180.169.147.146 - - [07/Feb/2021:09:34:20 +0800] "POST /xingrg/dwr/call/plaincall/AjaxBaseInfoService.changeUnitGroup.dwr HTTP/1.1" 200 243
116.232.54.3 - - [07/Feb/2021:09:34:23 +0800] "POST /xingrg/kc/buy/cgsh_order_operate.html HTTP/1.1" 200 37
117.184.7.26 - - [07/Feb/2021:09:34:23 +0800] "POST /xingrg/all/user/operate.html HTTP/1.1" 200 36
117.184.7.26 - - [07/Feb/2021:09:34:23 +0800] "GET /xingrg/index.html?sysBaseUrl=http%3A%2F%2F180.169.147.146%3A18081%2Fxingrg%2F&costTime=36×tamp=1612661656200 HTTP/1.1" 200 17173
117.184.7.26 - - [07/Feb/2021:09:34:23 +0800] "GET /xingrg/javascript/jquery_easy_ui/themes/default/easyui.css HTTP/1.1" 304 -
117.184.7.26 - - [07/Feb/2021:09:34:23 +0800] "GET /xingrg/javascript/jquery_easy_ui/themes/icon.css HTTP/1.1" 304 -
117.184.7.26 - - [07/Feb/2021:09:34:23 +0800] "GET /xingrg/css/form.css HTTP/1.1" 304 -
117.184.7.26 - - [07/Feb/2021:09:34:23 +0800] "GET /xingrg/javascript/jquery-1.4.2.min.js HTTP/1.1" 304 -
117.184.7.26 - - [07/Feb/2021:09:34:23 +0800] "GET /xingrg/javascript/jquery_easy_ui/jquery.easyui.min.js HTTP/1.1" 304 -
117.184.7.26 - - [07/Feb/2021:09:34:23 +0800] "GET /xingrg/javascript/jquery_easy_ui/easyui-lang-zh_CN.js HTTP/1.1" 304 -
117.184.7.26 - - [07/Feb/2021:09:34:23 +0800] "GET /xingrg/javascript/jquery.form.js HTTP/1.1" 304 -
117.184.7.26 - - [07/Feb/2021:09:34:23 +0800] "GET /xingrg/javascript/jquery.utils.js HTTP/1.1" 304 -
117.184.7.26 - - [07/Feb/2021:09:34:23 +0800] "GET /xingrg/javascript/jquery.timers.js HTTP/1.1" 304 -
180.169.147.146 - - [07/Feb/2021:09:34:23 +0800] "POST /xingrg/dwr/call/plaincall/AjaxBaseInfoService.saveMateriel.dwr HTTP/1.1" 200 109
117.184.7.26 - - [07/Feb/2021:09:34:23 +0800] "GET /xingrg/images/blue/jxLogo.png HTTP/1.1" 304 -
117.184.7.26 - - [07/Feb/2021:09:34:23 +0800] "GET /xingrg/images/blue/navBackgound.jpg HTTP/1.1" 304 -
117.184.7.26 - - [07/Feb/2021:09:34:23 +0800] "GET /xingrg/javascript/jquery_easy_ui/themes/icons/settle_new.png HTTP/1.1" 304 -
117.184.7.26 - - [07/Feb/2021:09:34:23 +0800] "POST /xingrg/all/common/load_tree.html?tree=area_rest_tree_json&manage=1 HTTP/1.1" 200 470
117.184.7.26 - - [07/Feb/2021:09:34:23 +0800] "GET /xingrg/all/function/internal_message.html?_=1612661661176&CODE_STATE=count HTTP/1.1" 200 11
117.184.7.26 - - [07/Feb/2021:09:34:23 +0800] "GET /xingrg/check_reg.html?_=1612661661179 HTTP/1.1" 200 22
117.184.7.26 - - [07/Feb/2021:09:34:23 +0800] "GET /xingrg/javascript/jquery_easy_ui/themes/default/images/tabs_leftarrow.png HTTP/1.1" 304 -
180.169.147.146 - - [07/Feb/2021:09:34:23 +0800] "POST /xingrg/dwr/call/plaincall/AjaxBaseInfoService.getMateriels.dwr HTTP/1.1" 200 3016
117.184.7.26 - - [07/Feb/2021:09:34:23 +0800] "GET /xingrg/images/blue/pingpu.png HTTP/1.1" 304 -
117.184.7.26 - - [07/Feb/2021:09:34:23 +0800] "GET /xingrg/javascript/jquery_easy_ui/themes/default/images/tabs_rightarrow.png HTTP/1.1" 304 -
117.184.7.26 - - [07/Feb/2021:09:34:23 +0800] "GET /xingrg/javascript/jquery_easy_ui/themes/default/images/panel_tool_collapse.gif HTTP/1.1" 304 -
117.184.7.26 - - [07/Feb/2021:09:34:23 +0800] "POST /xingrg/load_menu.html HTTP/1.1" 200 5138
58.37.230.33 - - [07/Feb/2021:09:34:24 +0800] "GET /xingrg/all/function/internal_message.html?_=1612661674025&CODE_STATE=getMsg HTTP/1.1" 200 27
117.184.7.26 - - [07/Feb/2021:09:34:25 +0800] "GET /xingrg/kc/base/base_main.html HTTP/1.1" 200 12142
116.232.54.3 - - [07/Feb/2021:09:34:26 +0800] "POST /xingrg/kc/buy/cgsh_order_operate.html HTTP/1.1" 200 26325
117.184.7.26 - - [07/Feb/2021:09:34:27 +0800] "GET /xingrg/kc/base/base_main.html HTTP/1.1" 200 12142
117.184.7.26 - - [07/Feb/2021:09:34:29 +0800] "GET /xingrg/kc/buy/buy_main.html HTTP/1.1" 200 12412
117.184.7.26 - - [07/Feb/2021:09:34:29 +0800] "GET /xingrg/css/new_ie.css HTTP/1.1" 404 1036
61.165.42.208 - - [07/Feb/2021:09:34:30 +0800] "GET /xingrg/all/function/internal_message.html?_=1612661668282&CODE_STATE=getMsg HTTP/1.1" 200 27
117.184.7.26 - - [07/Feb/2021:09:34:30 +0800] "GET /xingrg/images/yd/bt.gif HTTP/1.1" 404 1040
117.184.7.26 - - [07/Feb/2021:09:34:31 +0800] "GET /xingrg/kc/buy/cgsh_order_list.html HTTP/1.1" 200 46366
116.232.54.3 - - [07/Feb/2021:09:34:32 +0800] "GET /xingrg/kc/buy/cgsh_order_operate.html?command=get_materiel&rest_code=00109&code=00101008353&supplier_code=00100005&order_time=2021-02-07 HTTP/1.1" 200 408
117.184.7.26 - - [07/Feb/2021:09:34:33 +0800] "POST /xingrg/kc/buy/cgsh_list_operate.html HTTP/1.1" 200 876
114.86.187.76 - - [07/Feb/2021:09:34:33 +0800] "GET /xingrg/all/function/internal_message.html?_=1612661671259&CODE_STATE=getMsg HTTP/1.1" 200 27
116.232.54.3 - - [07/Feb/2021:09:34:39 +0800] "GET /xingrg/kc/buy/cgsh_order_operate.html?command=get_materiel&rest_code=00109&code=00101008213&supplier_code=00100005&order_time=2021-02-07 HTTP/1.1" 200 412
117.184.7.26 - - [07/Feb/2021:09:34:40 +0800] "GET /xingrg/javascript/auto/indicator.gif HTTP/1.1" 404 1066
116.232.54.3 - - [07/Feb/2021:09:34:45 +0800] "GET /xingrg/kc/buy/cgsh_order_operate.html?command=get_materiel&rest_code=00109&code=00101008055&supplier_code=00100005&order_time=2021-02-07 HTTP/1.1" 200 409
117.184.7.26 - - [07/Feb/2021:09:34:45 +0800] "POST /xingrg/kc/buy/cgsh_list_operate.html HTTP/1.1" 200 5746
117.184.7.26 - - [07/Feb/2021:09:34:47 +0800] "POST /xingrg/kc/buy/cgsh_list_operate.html HTTP/1.1" 200 567
222.69.133.211 - - [07/Feb/2021:09:34:47 +0800] "GET /xingrg/all/function/internal_message.html?_=1612661684572&CODE_STATE=getMsg HTTP/1.1" 200 27
116.224.253.72 - - [07/Feb/2021:09:34:47 +0800] "GET /xingrg/kc/buy/cgsh_order_operate.html?command=get_materiel&rest_code=00151&code=00101013203&supplier_code=00100151&order_time=2021-02-07 HTTP/1.1" 200 428
117.184.7.26 - - [07/Feb/2021:09:34:47 +0800] "GET /xingrg/kc/buy/cgsh_order_info.html?code=212021020602771 HTTP/1.1" 200 56963
117.184.7.26 - - [07/Feb/2021:09:34:47 +0800] "GET /xingrg/words/20210207093423_words.js HTTP/1.1" 200 794926
117.184.7.26 - - [07/Feb/2021:09:34:48 +0800] "GET /xingrg/javascript/easyui/themes/default/validatebox.css HTTP/1.1" 404 1104
116.232.54.3 - - [07/Feb/2021:09:34:48 +0800] "GET /xingrg/all/function/internal_message.html?_=1612661686478&CODE_STATE=getMsg HTTP/1.1" 200 27
117.184.7.26 - - [07/Feb/2021:09:34:49 +0800] "POST /xingrg/kc/buy/cgsh_order_operate.html HTTP/1.1" 200 44943
117.184.7.26 - - [07/Feb/2021:09:34:50 +0800] "GET /xingrg/kc/print/load_config.html?kc_code=cgsh HTTP/1.1" 200 1845
117.184.7.26 - - [07/Feb/2021:09:34:50 +0800] "GET /xingrg/kc/print/load_data.html?order_code=212021020602771&kc_code=cgsh&condition= HTTP/1.1" 200 17437
116.232.54.3 - - [07/Feb/2021:09:34:52 +0800] "GET /xingrg/kc/buy/cgsh_order_operate.html?command=get_materiel&rest_code=00109&code=00101020003&supplier_code=00100005&order_time=2021-02-07 HTTP/1.1" 200 430
180.169.147.146 - - [07/Feb/2021:09:34:54 +0800] "GET /xingrg/all/function/internal_message.html?_=1612661680510&CODE_STATE=getMsg HTTP/1.1" 200 27
180.169.147.146 - - [07/Feb/2021:09:34:54 +0800] "GET /xingrg/check_reg.html?_=1612661680512 HTTP/1.1" 200 22
116.232.54.3 - - [07/Feb/2021:09:34:55 +0800] "GET /xingrg/kc/buy/cgsh_order_operate.html?command=get_materiel&rest_code=00109&code=00101013021&supplier_code=00100005&order_time=2021-02-07 HTTP/1.1" 200 412
116.232.54.3 - - [07/Feb/2021:09:34:57 +0800] "POST /xingrg/kc/buy/cgsh_order_operate.html HTTP/1.1" 200 2065
218.81.223.240 - - [07/Feb/2021:09:34:58 +0800] "GET /xingrg/all/function/internal_message.html?_=1612661726752&CODE_STATE=getMsg HTTP/1.1" 200 27
120.253.135.82 - - [07/Feb/2021:09:34:58 +0800] "GET /xingrg/all/function/internal_message.html?_=1612661460932&CODE_STATE=getMsg HTTP/1.1" 200 27
116.232.54.3 - - [07/Feb/2021:09:35:02 +0800] "GET /xingrg/kc/buy/cgsh_order_operate.html?command=get_materiel&rest_code=00109&code=00101013179&supplier_code=00100005&order_time=2021-02-07 HTTP/1.1" 200 431
116.224.253.72 - - [07/Feb/2021:09:35:06 +0800] "GET /xingrg/kc/buy/cgsh_order_operate.html?command=get_materiel&rest_code=00151&code=00101037073&supplier_code=00100151&order_time=2021-02-07 HTTP/1.1" 200 396
116.227.208.86 - - [07/Feb/2021:09:35:06 +0800] "GET /xingrg/all/function/internal_message.html?_=1612661704495&CODE_STATE=getMsg HTTP/1.1" 200 27
116.232.54.3 - - [07/Feb/2021:09:35:08 +0800] "GET /xingrg/kc/buy/cgsh_order_operate.html?command=get_materiel&rest_code=00109&code=00101008323&supplier_code=00100005&order_time=2021-02-07 HTTP/1.1" 200 408
116.224.253.72 - - [07/Feb/2021:09:35:09 +0800] "GET /xingrg/all/function/internal_message.html?_=1612661708462&CODE_STATE=getMsg HTTP/1.1" 200 27
114.88.166.193 - - [07/Feb/2021:09:35:11 +0800] "GET /xingrg/all/function/internal_message.html?_=1612661707239&CODE_STATE=getMsg HTTP/1.1" 200 27
117.131.5.26 - - [07/Feb/2021:09:35:12 +0800] "GET /xingrg/all/function/internal_message.html?_=1612661768276&CODE_STATE=getMsg HTTP/1.1" 200 27
117.131.5.26 - - [07/Feb/2021:09:35:12 +0800] "GET /xingrg/check_reg.html?_=1612661768278 HTTP/1.1" 200 22
116.228.172.94 - - [07/Feb/2021:09:35:13 +0800] "GET /xingrg/all/function/internal_message.html?_=1612661710147&CODE_STATE=getMsg HTTP/1.1" 200 27
116.232.54.3 - - [07/Feb/2021:09:35:15 +0800] "GET /xingrg/kc/buy/cgsh_order_operate.html?command=get_materiel&rest_code=00109&code=00101008175&supplier_code=00100005&order_time=2021-02-07 HTTP/1.1" 200 412
116.232.54.3 - - [07/Feb/2021:09:35:21 +0800] "GET /xingrg/kc/buy/cgsh_order_operate.html?command=get_materiel&rest_code=00109&code=00101008155&supplier_code=00100005&order_time=2021-02-07 HTTP/1.1" 200 408
117.184.7.26 - - [07/Feb/2021:09:35:23 +0800] "GET /xingrg/all/function/internal_message.html?_=1612661721188&CODE_STATE=getMsg HTTP/1.1" 200 27
58.37.230.33 - - [07/Feb/2021:09:35:24 +0800] "GET /xingrg/all/function/internal_message.html?_=1612661734030&CODE_STATE=getMsg HTTP/1.1" 200 27
116.232.54.3 - - [07/Feb/2021:09:35:26 +0800] "GET /xingrg/kc/buy/cgsh_order_operate.html?command=get_materiel&rest_code=00109&code=00101008331&supplier_code=00100005&order_time=2021-02-07 HTTP/1.1" 200 416
116.232.54.3 - - [07/Feb/2021:09:35:27 +0800] "POST /xingrg/kc/buy/cgsh_order_operate.html HTTP/1.1" 200 2065
61.165.42.208 - - [07/Feb/2021:09:35:30 +0800] "GET /xingrg/all/function/internal_message.html?_=1612661728286&CODE_STATE=getMsg HTTP/1.1" 200 27
116.232.54.3 - - [07/Feb/2021:09:35:31 +0800] "GET /xingrg/kc/buy/cgsh_order_operate.html?command=get_materiel&rest_code=00109&code=00101008350&supplier_code=00100005&order_time=2021-02-07 HTTP/1.1" 200 408
114.86.187.76 - - [07/Feb/2021:09:35:33 +0800] "GET /xingrg/all/function/internal_message.html?_=1612661731255&CODE_STATE=getMsg HTTP/1.1" 200 27
116.232.54.3 - - [07/Feb/2021:09:35:37 +0800] "GET /xingrg/kc/buy/cgsh_order_operate.html?command=get_materiel&rest_code=00109&code=00101008223&supplier_code=00100005&order_time=2021-02-07 HTTP/1.1" 200 412
116.224.253.72 - - [07/Feb/2021:09:35:42 +0800] "GET /xingrg/kc/buy/cgsh_order_operate.html?command=get_materiel&rest_code=00151&code=00101013044&supplier_code=00100151&order_time=2021-02-07 HTTP/1.1" 200 447
116.232.54.3 - - [07/Feb/2021:09:35:42 +0800] "GET /xingrg/kc/buy/cgsh_order_operate.html?command=get_materiel&rest_code=00109&code=00101008006&supplier_code=00100005&order_time=2021-02-07 HTTP/1.1" 200 417
222.69.133.211 - - [07/Feb/2021:09:35:43 +0800] "POST /xingrg/services/DataTransmitService HTTP/1.1" 401 565
222.69.133.211 - - [07/Feb/2021:09:35:43 +0800] "POST /xingrg/services/DataTransmitService HTTP/1.1" 200 478
222.69.133.211 - - [07/Feb/2021:09:35:43 +0800] "POST /xingrg/services/DataTransmitService HTTP/1.1" 200 1320
222.69.133.211 - - [07/Feb/2021:09:35:43 +0800] "POST /xingrg/services/DataTransmitService HTTP/1.1" 200 478
222.69.133.211 - - [07/Feb/2021:09:35:43 +0800] "POST /xingrg/services/DataTransmitService HTTP/1.1" 200 1320
222.69.133.211 - - [07/Feb/2021:09:35:43 +0800] "POST /xingrg/services/DataTransmitService HTTP/1.1" 200 524
222.69.133.211 - - [07/Feb/2021:09:35:43 +0800] "POST /xingrg/services/DataTransmitService HTTP/1.1" 200 1979
222.69.133.211 - - [07/Feb/2021:09:35:43 +0800] "POST /xingrg/services/DataTransmitService HTTP/1.1" 200 45454
222.69.133.211 - - [07/Feb/2021:09:35:43 +0800] "POST /xingrg/services/DataTransmitService HTTP/1.1" 200 19237
222.69.133.211 - - [07/Feb/2021:09:35:47 +0800] "GET /xingrg/all/function/internal_message.html?_=1612661744545&CODE_STATE=getMsg HTTP/1.1" 200 27
116.232.54.3 - - [07/Feb/2021:09:35:47 +0800] "GET /xingrg/kc/buy/cgsh_order_operate.html?command=get_materiel&rest_code=00109&code=00101008131&supplier_code=00100005&order_time=2021-02-07 HTTP/1.1" 200 408
222.69.133.211 - - [07/Feb/2021:09:35:48 +0800] "GET /xingrg/check_reg.html?_=1612661745375 HTTP/1.1" 200 22
116.232.54.3 - - [07/Feb/2021:09:35:48 +0800] "GET /xingrg/all/function/internal_message.html?_=1612661746485&CODE_STATE=getMsg HTTP/1.1" 200 27
180.169.147.146 - - [07/Feb/2021:09:35:54 +0800] "GET /xingrg/all/function/internal_message.html?_=1612661740507&CODE_STATE=getMsg HTTP/1.1" 200 27
218.81.223.240 - - [07/Feb/2021:09:35:58 +0800] "GET /xingrg/all/function/internal_message.html?_=1612661786755&CODE_STATE=getMsg HTTP/1.1" 200 27
120.253.135.82 - - [07/Feb/2021:09:35:59 +0800] "GET /xingrg/all/function/internal_message.html?_=1612661521034&CODE_STATE=getMsg HTTP/1.1" 200 27
116.232.54.3 - - [07/Feb/2021:09:36:00 +0800] "POST /xingrg/kc/buy/cgsh_order_operate.html HTTP/1.1" 200 37
61.165.42.208 - - [07/Feb/2021:09:36:00 +0800] "GET /xingrg/kc/buy/cgsh_order_operate.html?command=get_materiel&rest_code=00105&code=00101008092&supplier_code=00100203&order_time=2021-02-07 HTTP/1.1" 200 23
116.232.54.3 - - [07/Feb/2021:09:36:02 +0800] "POST /xingrg/kc/buy/cgsh_order_operate.html HTTP/1.1" 200 34010
61.165.42.208 - - [07/Feb/2021:09:36:06 +0800] "POST /xingrg/kc/buy/cgsh_order_operate.html HTTP/1.1" 200 37
116.227.208.86 - - [07/Feb/2021:09:36:06 +0800] "GET /xingrg/check_reg.html?_=1612661764491 HTTP/1.1" 200 22
116.227.208.86 - - [07/Feb/2021:09:36:06 +0800] "GET /xingrg/all/function/internal_message.html?_=1612661764498&CODE_STATE=getMsg HTTP/1.1" 200 27
61.165.42.208 - - [07/Feb/2021:09:36:07 +0800] "POST /xingrg/kc/buy/cgsh_order_operate.html HTTP/1.1" 200 28056
116.232.54.3 - - [07/Feb/2021:09:36:08 +0800] "GET /xingrg/kc/buy/cgsh_order_operate.html?command=get_materiel&rest_code=00109&code=00101008005&supplier_code=00100005&order_time=2021-02-07 HTTP/1.1" 200 412
222.69.133.211 - - [07/Feb/2021:09:36:09 +0800] "POST /xingrg/services/DataTransmitService HTTP/1.1" 200 524
222.69.133.211 - - [07/Feb/2021:09:36:09 +0800] "POST /xingrg/services/DataTransmitService HTTP/1.1" 200 501
116.224.253.72 - - [07/Feb/2021:09:36:09 +0800] "GET /xingrg/all/function/internal_message.html?_=1612661768444&CODE_STATE=getMsg HTTP/1.1" 200 27
61.165.42.208 - - [07/Feb/2021:09:36:10 +0800] "GET /xingrg/index.html?sysBaseUrl=http%3A%2F%2F180.169.147.146%3A18081%2Fxingrg%2F&costTime=36×tamp=1585222720700 HTTP/1.1" 200 17173
61.165.42.208 - - [07/Feb/2021:09:36:11 +0800] "POST /xingrg/all/common/load_tree.html?tree=area_rest_tree_json&manage=1 HTTP/1.1" 200 3344
116.228.172.94 - - [07/Feb/2021:09:36:11 +0800] "GET /xingrg/all/function/internal_message.html?_=1612661770122&CODE_STATE=getMsg HTTP/1.1" 200 27
61.165.42.208 - - [07/Feb/2021:09:36:11 +0800] "GET /xingrg/check_reg.html?_=1612661769260 HTTP/1.1" 200 22
61.165.42.208 - - [07/Feb/2021:09:36:11 +0800] "GET /xingrg/all/function/internal_message.html?_=1612661769259&CODE_STATE=count HTTP/1.1" 200 11
114.88.166.193 - - [07/Feb/2021:09:36:11 +0800] "GET /xingrg/all/function/internal_message.html?_=1612661767280&CODE_STATE=getMsg HTTP/1.1" 200 27
61.165.42.208 - - [07/Feb/2021:09:36:11 +0800] "POST /xingrg/load_menu.html HTTP/1.1" 200 5138
61.165.42.208 - - [07/Feb/2021:09:36:11 +0800] "GET /favicon.ico HTTP/1.1" 404 -
117.131.5.26 - - [07/Feb/2021:09:36:12 +0800] "GET /xingrg/all/function/internal_message.html?_=1612661828275&CODE_STATE=getMsg HTTP/1.1" 200 27
222.69.133.211 - - [07/Feb/2021:09:36:16 +0800] "POST /xingrg/services/DataTransmitService HTTP/1.1" 200 524
61.165.42.208 - - [07/Feb/2021:09:36:19 +0800] "GET /xingrg/kc/buy/cgsh_order_list.html HTTP/1.1" 200 46366
116.232.54.3 - - [07/Feb/2021:09:36:19 +0800] "GET /xingrg/kc/buy/cgsh_order_operate.html?command=get_materiel&rest_code=00109&code=00101008353&supplier_code=00100005&order_time=2021-02-07 HTTP/1.1" 200 408
61.165.42.208 - - [07/Feb/2021:09:36:20 +0800] "POST /xingrg/kc/buy/cgsh_list_operate.html HTTP/1.1" 200 1681
61.165.42.208 - - [07/Feb/2021:09:36:21 +0800] "POST /xingrg/kc/buy/cgsh_list_operate.html HTTP/1.1" 200 571
61.165.42.208 - - [07/Feb/2021:09:36:22 +0800] "GET /xingrg/kc/buy/cgsh_order_info.html?code=212021020703169 HTTP/1.1" 200 62154
61.165.42.208 - - [07/Feb/2021:09:36:22 +0800] "GET /xingrg/words/20210207093423_words.js HTTP/1.1" 200 794926
61.165.42.208 - - [07/Feb/2021:09:36:22 +0800] "GET /xingrg/all/common/auto_word.html?type=employee&rest_code=00105 HTTP/1.1" 200 193
61.165.42.208 - - [07/Feb/2021:09:36:22 +0800] "GET /xingrg/javascript/easyui/themes/default/validatebox.css HTTP/1.1" 404 1104
61.165.42.208 - - [07/Feb/2021:09:36:22 +0800] "GET /xingrg/all/common/auto_word.html?type=employee&rest_code=00105 HTTP/1.1" 200 193
61.165.42.208 - - [07/Feb/2021:09:36:23 +0800] "POST /xingrg/kc/buy/cgsh_order_operate.html HTTP/1.1" 200 28056
117.184.7.26 - - [07/Feb/2021:09:36:23 +0800] "GET /xingrg/all/function/internal_message.html?_=1612661781189&CODE_STATE=getMsg HTTP/1.1" 200 27
58.37.230.33 - - [07/Feb/2021:09:36:24 +0800] "GET /xingrg/all/function/internal_message.html?_=1612661794028&CODE_STATE=getMsg HTTP/1.1" 200 27
58.37.230.33 - - [07/Feb/2021:09:36:24 +0800] "GET /xingrg/check_reg.html?_=1612661794030 HTTP/1.1" 200 22
116.232.54.3 - - [07/Feb/2021:09:36:24 +0800] "GET /xingrg/kc/buy/cgsh_order_operate.html?command=get_materiel&rest_code=00109&code=00101008098&supplier_code=00100005&order_time=2021-02-07 HTTP/1.1" 200 412
61.165.42.208 - - [07/Feb/2021:09:36:29 +0800] "GET /xingrg/javascript/auto/indicator.gif HTTP/1.1" 404 1066
116.232.54.3 - - [07/Feb/2021:09:36:30 +0800] "GET /xingrg/kc/buy/cgsh_order_operate.html?command=get_materiel&rest_code=00109&code=00101008114&supplier_code=00100005&order_time=2021-02-07 HTTP/1.1" 200 413
116.232.54.3 - - [07/Feb/2021:09:36:31 +0800] "POST /xingrg/kc/buy/cgsh_order_operate.html HTTP/1.1" 200 2065
114.86.187.76 - - [07/Feb/2021:09:36:33 +0800] "GET /xingrg/all/function/internal_message.html?_=1612661791253&CODE_STATE=getMsg HTTP/1.1" 200 27
116.232.54.3 - - [07/Feb/2021:09:36:36 +0800] "GET /xingrg/kc/buy/cgsh_order_operate.html?command=get_materiel&rest_code=00109&code=00101015044&supplier_code=00100005&order_time=2021-02-07 HTTP/1.1" 200 408
61.165.42.208 - - [07/Feb/2021:09:36:38 +0800] "GET /xingrg/kc/buy/cgsh_order_operate.html?command=get_materiel&rest_code=00105&code=00101008092&supplier_code=00100203&order_time=2021-02-07 HTTP/1.1" 200 412
116.224.253.72 - - [07/Feb/2021:09:36:39 +0800] "GET /xingrg/kc/buy/cgsh_order_operate.html?command=get_materiel&rest_code=00151&code=00101034024&supplier_code=00100151&order_time=2021-02-07 HTTP/1.1" 200 418
116.232.54.3 - - [07/Feb/2021:09:36:41 +0800] "GET /xingrg/kc/buy/cgsh_order_operate.html?command=get_materiel&rest_code=00109&code=00101015038&supplier_code=00100005&order_time=2021-02-07 HTTP/1.1" 200 418
116.232.54.3 - - [07/Feb/2021:09:36:46 +0800] "GET /xingrg/kc/buy/cgsh_order_operate.html?command=get_materiel&rest_code=00109&code=00101015066&supplier_code=00100005&order_time=2021-02-07 HTTP/1.1" 200 413
222.69.133.211 - - [07/Feb/2021:09:36:47 +0800] "GET /xingrg/all/function/internal_message.html?_=1612661804518&CODE_STATE=getMsg HTTP/1.1" 200 27
116.232.54.3 - - [07/Feb/2021:09:36:48 +0800] "GET /xingrg/all/function/internal_message.html?_=1612661806487&CODE_STATE=getMsg HTTP/1.1" 200 27
116.232.54.3 - - [07/Feb/2021:09:36:48 +0800] "GET /xingrg/check_reg.html?_=1612661806490 HTTP/1.1" 200 22
116.232.54.3 - - [07/Feb/2021:09:36:51 +0800] "GET /xingrg/kc/buy/cgsh_order_operate.html?command=get_materiel&rest_code=00109&code=00101008236&supplier_code=00100005&order_time=2021-02-07 HTTP/1.1" 200 417
61.165.42.208 - - [07/Feb/2021:09:36:52 +0800] "GET /xingrg/kc/buy/cgsh_order_operate.html?command=get_materiel&rest_code=00105&code=00102012060&supplier_code=00100203&order_time=2021-02-07 HTTP/1.1" 200 411
180.169.147.146 - - [07/Feb/2021:09:36:54 +0800] "GET /xingrg/all/function/internal_message.html?_=1612661800512&CODE_STATE=getMsg HTTP/1.1" 200 27
116.232.54.3 - - [07/Feb/2021:09:36:57 +0800] "GET /xingrg/kc/buy/cgsh_order_operate.html?command=get_materiel&rest_code=00109&code=00101015006&supplier_code=00100005&order_time=2021-02-07 HTTP/1.1" 200 413
61.165.42.208 - - [07/Feb/2021:09:36:58 +0800] "GET /xingrg/kc/buy/cgsh_order_operate.html?command=get_materiel&rest_code=00105&code=00101015059&supplier_code=00100203&order_time=2021-02-07 HTTP/1.1" 200 412
116.232.54.3 - - [07/Feb/2021:09:36:58 +0800] "POST /xingrg/kc/buy/cgsh_order_operate.html HTTP/1.1" 200 2065
120.253.135.82 - - [07/Feb/2021:09:36:59 +0800] "GET /xingrg/all/function/internal_message.html?_=1612661581037&CODE_STATE=getMsg HTTP/1.1" 200 27
218.81.223.240 - - [07/Feb/2021:09:36:59 +0800] "GET /xingrg/all/function/internal_message.html?_=1612661846976&CODE_STATE=getMsg HTTP/1.1" 200 27
