180.162.108.15 - - [07/Feb/2021:10:27:33 +0800] "GET /xingrg/javascript/easyui/themes/default/images/tree_file.gif HTTP/1.1" 200 118
116.224.253.72 - - [07/Feb/2021:10:27:33 +0800] "GET /xingrg/kc/buy/cgsh_order_operate.html?command=get_materiel&rest_code=00151&code=00101016038&supplier_code=00100007&order_time=2021-02-07 HTTP/1.1" 200 408
116.227.208.86 - - [07/Feb/2021:10:27:35 +0800] "POST /xingrg/services/DataTransmitService HTTP/1.1" 200 524
116.227.208.86 - - [07/Feb/2021:10:27:35 +0800] "POST /xingrg/services/DataTransmitService HTTP/1.1" 200 524
114.88.166.193 - - [07/Feb/2021:10:27:36 +0800] "GET /xingrg/kc/buy/cgsh_order_add.html HTTP/1.1" 200 62104
218.81.223.240 - - [07/Feb/2021:10:27:37 +0800] "GET /xingrg/check_reg.html?_=1612664885329 HTTP/1.1" 200 22
114.88.166.193 - - [07/Feb/2021:10:27:37 +0800] "POST /xingrg/kc/buy/cgsh_order_operate.html HTTP/1.1" 200 8245
114.88.166.193 - - [07/Feb/2021:10:27:37 +0800] "GET /xingrg/javascript/easyui/themes/default/validatebox.css HTTP/1.1" 404 1104
116.227.208.86 - - [07/Feb/2021:10:27:38 +0800] "POST /xingrg/services/DataTransmitService HTTP/1.1" 200 524
116.227.208.86 - - [07/Feb/2021:10:27:38 +0800] "POST /xingrg/services/DataTransmitService HTTP/1.1" 200 524
116.227.208.86 - - [07/Feb/2021:10:27:39 +0800] "POST /xingrg/services/DataTransmitService HTTP/1.1" 200 524
116.227.208.86 - - [07/Feb/2021:10:27:40 +0800] "POST /xingrg/services/DataTransmitService HTTP/1.1" 200 524
116.227.208.86 - - [07/Feb/2021:10:27:40 +0800] "POST /xingrg/services/DataTransmitService HTTP/1.1" 200 524
180.162.108.15 - - [07/Feb/2021:10:27:42 +0800] "GET /xingrg/javascript/jquery_tools/images/prev.gif HTTP/1.1" 404 1086
180.162.108.15 - - [07/Feb/2021:10:27:42 +0800] "GET /xingrg/javascript/jquery_tools/images/next.gif HTTP/1.1" 404 1086
116.224.253.72 - - [07/Feb/2021:10:27:43 +0800] "GET /xingrg/kc/buy/cgsh_order_operate.html?command=get_materiel&rest_code=00151&code=00101008257&supplier_code=00100007&order_time=2021-02-07 HTTP/1.1" 200 416
222.69.133.211 - - [07/Feb/2021:10:27:46 +0800] "GET /xingrg/all/function/internal_message.html?_=1612664863440&CODE_STATE=getMsg HTTP/1.1" 200 27
116.232.54.3 - - [07/Feb/2021:10:27:48 +0800] "GET /xingrg/all/function/internal_message.html?_=1612664866682&CODE_STATE=getMsg HTTP/1.1" 200 27
116.224.253.72 - - [07/Feb/2021:10:27:49 +0800] "GET /xingrg/kc/buy/cgsh_order_operate.html?command=get_materiel&rest_code=00151&code=00101008067&supplier_code=00100007&order_time=2021-02-07 HTTP/1.1" 200 416
114.88.166.193 - - [07/Feb/2021:10:27:54 +0800] "GET /xingrg/kc/buy/cgsh_order_operate.html?command=get_materiel&rest_code=00111&code=00101009050&supplier_code=00100037&order_time=2021-02-07 HTTP/1.1" 200 408
116.224.253.72 - - [07/Feb/2021:10:27:56 +0800] "GET /xingrg/kc/buy/cgsh_order_operate.html?command=get_materiel&rest_code=00151&code=00101008318&supplier_code=00100007&order_time=2021-02-07 HTTP/1.1" 200 408
116.227.208.86 - - [07/Feb/2021:10:27:58 +0800] "GET /xingrg/all/function/internal_message.html?_=1612664875651&CODE_STATE=getMsg HTTP/1.1" 200 27
116.224.253.72 - - [07/Feb/2021:10:28:02 +0800] "GET /xingrg/kc/buy/cgsh_order_operate.html?command=get_materiel&rest_code=00151&code=00101016080&supplier_code=00100007&order_time=2021-02-07 HTTP/1.1" 200 408
218.81.223.240 - - [07/Feb/2021:10:28:03 +0800] "GET /xingrg/all/function/internal_message.html?_=1612664911180&CODE_STATE=getMsg HTTP/1.1" 200 27
116.224.253.72 - - [07/Feb/2021:10:28:07 +0800] "GET /xingrg/kc/buy/cgsh_order_operate.html?command=get_materiel&rest_code=00151&code=00101016051&supplier_code=00100007&order_time=2021-02-07 HTTP/1.1" 200 408
116.228.172.94 - - [07/Feb/2021:10:28:10 +0800] "GET /xingrg/all/function/internal_message.html?_=1612664889233&CODE_STATE=getMsg HTTP/1.1" 200 27
61.165.42.208 - - [07/Feb/2021:10:28:11 +0800] "GET /xingrg/all/function/internal_message.html?_=1612664889317&CODE_STATE=getMsg HTTP/1.1" 200 27
116.224.253.72 - - [07/Feb/2021:10:28:12 +0800] "GET /xingrg/kc/buy/cgsh_order_operate.html?command=get_materiel&rest_code=00151&code=00101008355&supplier_code=00100007&order_time=2021-02-07 HTTP/1.1" 200 408
117.131.5.26 - - [07/Feb/2021:10:28:12 +0800] "GET /xingrg/all/function/internal_message.html?_=1612664948321&CODE_STATE=getMsg HTTP/1.1" 200 27
114.88.166.193 - - [07/Feb/2021:10:28:14 +0800] "GET /xingrg/all/function/internal_message.html?_=1612664890563&CODE_STATE=getMsg HTTP/1.1" 200 27
180.162.108.15 - - [07/Feb/2021:10:28:18 +0800] "GET /xingrg/all/function/internal_message.html?_=1612664736779&CODE_STATE=getMsg HTTP/1.1" 200 27
116.224.253.72 - - [07/Feb/2021:10:28:18 +0800] "GET /xingrg/kc/buy/cgsh_order_operate.html?command=get_materiel&rest_code=00151&code=00101008095&supplier_code=00100007&order_time=2021-02-07 HTTP/1.1" 200 412
180.174.195.252 - - [07/Feb/2021:10:28:19 +0800] "GET /xingrg/check_reg.html?_=1612665144687 HTTP/1.1" 200 22
180.174.195.252 - - [07/Feb/2021:10:28:19 +0800] "GET /xingrg/all/function/internal_message.html?_=1612665144795&CODE_STATE=getMsg HTTP/1.1" 200 27
180.169.147.146 - - [07/Feb/2021:10:28:20 +0800] "GET /xingrg/check_reg.html?_=1612664886473 HTTP/1.1" 200 22
180.169.147.146 - - [07/Feb/2021:10:28:20 +0800] "GET /xingrg/all/function/internal_message.html?_=1612664886475&CODE_STATE=getMsg HTTP/1.1" 200 27
116.228.172.94 - - [07/Feb/2021:10:28:21 +0800] "GET /xingrg/kc/buy/cgsh_order_operate.html?command=get_materiel&rest_code=00107&code=00101011010&supplier_code=00100049&order_time=2021-02-07 HTTP/1.1" 200 418
114.88.166.193 - - [07/Feb/2021:10:28:22 +0800] "GET /xingrg/check_reg.html?_=1612664896392 HTTP/1.1" 200 22
58.37.230.33 - - [07/Feb/2021:10:28:22 +0800] "GET /xingrg/index.html?sysBaseUrl=http%3A%2F%2F180.169.147.146%3A18081%2Fxingrg%2F&costTime=34×tamp=1585622960984 HTTP/1.1" 302 -
58.37.230.33 - - [07/Feb/2021:10:28:22 +0800] "GET /xingrg/login.html HTTP/1.1" 200 7641
58.37.230.33 - - [07/Feb/2021:10:28:22 +0800] "GET /xingrg/images/blue/jxLogo.png HTTP/1.1" 200 6156
58.37.230.33 - - [07/Feb/2021:10:28:22 +0800] "GET /xingrg/images/blue/hj.png HTTP/1.1" 200 1014
58.37.230.33 - - [07/Feb/2021:10:28:22 +0800] "GET /xingrg/images/blue/login_bg.png HTTP/1.1" 200 22101
58.37.230.33 - - [07/Feb/2021:10:28:22 +0800] "GET /xingrg/images/blue/srbg.png HTTP/1.1" 200 138
58.37.230.33 - - [07/Feb/2021:10:28:22 +0800] "GET /favicon.ico HTTP/1.1" 404 -
116.224.253.72 - - [07/Feb/2021:10:28:23 +0800] "GET /xingrg/kc/buy/cgsh_order_operate.html?command=get_materiel&rest_code=00151&code=00101008221&supplier_code=00100007&order_time=2021-02-07 HTTP/1.1" 200 412
114.88.166.193 - - [07/Feb/2021:10:28:23 +0800] "GET /xingrg/all/function/internal_message.html?_=1612664897895&CODE_STATE=getMsg HTTP/1.1" 200 27
116.224.253.72 - - [07/Feb/2021:10:28:23 +0800] "GET /xingrg/all/function/internal_message.html?_=1612664902344&CODE_STATE=getMsg HTTP/1.1" 200 27
58.37.230.33 - - [07/Feb/2021:10:28:24 +0800] "GET /xingrg/all/function/internal_message.html?_=1612664914152&CODE_STATE=getMsg HTTP/1.1" 200 27
58.37.230.33 - - [07/Feb/2021:10:28:24 +0800] "POST /xingrg/login.do HTTP/1.1" 302 -
58.37.230.33 - - [07/Feb/2021:10:28:24 +0800] "GET /xingrg/index.html?sysBaseUrl=http%3A%2F%2F180.169.147.146%3A18081%2Fxingrg%2F&costTime=42×tamp=1612664904299 HTTP/1.1" 200 17179
58.37.230.33 - - [07/Feb/2021:10:28:24 +0800] "GET /xingrg/javascript/jquery_easy_ui/themes/icon.css HTTP/1.1" 200 3949
58.37.230.33 - - [07/Feb/2021:10:28:24 +0800] "GET /xingrg/css/form.css HTTP/1.1" 200 893
58.37.230.33 - - [07/Feb/2021:10:28:24 +0800] "GET /xingrg/javascript/jquery-1.4.2.min.js HTTP/1.1" 200 72205
58.37.230.33 - - [07/Feb/2021:10:28:24 +0800] "GET /xingrg/javascript/jquery_easy_ui/jquery.easyui.min.js HTTP/1.1" 200 213662
58.37.230.33 - - [07/Feb/2021:10:28:24 +0800] "GET /xingrg/javascript/jquery_easy_ui/easyui-lang-zh_CN.js HTTP/1.1" 200 1900
58.37.230.33 - - [07/Feb/2021:10:28:24 +0800] "GET /xingrg/javascript/jquery.timers.js HTTP/1.1" 200 3532
58.37.230.33 - - [07/Feb/2021:10:28:24 +0800] "GET /xingrg/javascript/jquery_easy_ui/themes/default/easyui.css HTTP/1.1" 200 26500
58.37.230.33 - - [07/Feb/2021:10:28:24 +0800] "GET /xingrg/javascript/jquery.utils.js HTTP/1.1" 200 11805
58.37.230.33 - - [07/Feb/2021:10:28:24 +0800] "GET /xingrg/javascript/jquery.form.js HTTP/1.1" 200 23110
58.37.230.33 - - [07/Feb/2021:10:28:24 +0800] "GET /xingrg/javascript/jquery_easy_ui/themes/icons/settle_new.png HTTP/1.1" 200 826
58.37.230.33 - - [07/Feb/2021:10:28:24 +0800] "GET /favicon.ico HTTP/1.1" 404 -
58.37.230.33 - - [07/Feb/2021:10:28:24 +0800] "GET /xingrg/images/blue/navBackgound.jpg HTTP/1.1" 200 12378
58.37.230.33 - - [07/Feb/2021:10:28:24 +0800] "POST /xingrg/all/common/load_tree.html?tree=area_rest_tree_json&manage=1 HTTP/1.1" 200 351
58.37.230.33 - - [07/Feb/2021:10:28:24 +0800] "GET /xingrg/all/function/internal_message.html?_=1612664915422&CODE_STATE=count HTTP/1.1" 200 11
58.37.230.33 - - [07/Feb/2021:10:28:24 +0800] "GET /xingrg/check_reg.html?_=1612664915423 HTTP/1.1" 200 22
58.37.230.33 - - [07/Feb/2021:10:28:24 +0800] "GET /xingrg/images/blue/pingpu.png HTTP/1.1" 200 231
58.37.230.33 - - [07/Feb/2021:10:28:24 +0800] "GET /xingrg/javascript/jquery_easy_ui/themes/default/images/tabs_rightarrow.png HTTP/1.1" 200 395
58.37.230.33 - - [07/Feb/2021:10:28:24 +0800] "GET /xingrg/javascript/jquery_easy_ui/themes/default/images/tabs_leftarrow.png HTTP/1.1" 200 389
58.37.230.33 - - [07/Feb/2021:10:28:24 +0800] "GET /xingrg/javascript/jquery_easy_ui/themes/default/images/panel_tool_collapse.gif HTTP/1.1" 200 246
58.37.230.33 - - [07/Feb/2021:10:28:24 +0800] "POST /xingrg/load_menu.html HTTP/1.1" 200 5138
58.37.230.33 - - [07/Feb/2021:10:28:24 +0800] "GET /xingrg/javascript/jquery_easy_ui/themes/default/images/tree_arrows.gif HTTP/1.1" 200 1043
58.37.230.33 - - [07/Feb/2021:10:28:24 +0800] "GET /xingrg/javascript/jquery_easy_ui/themes/default/images/tree_folder_open.gif HTTP/1.1" 200 956
58.37.230.33 - - [07/Feb/2021:10:28:24 +0800] "GET /xingrg/javascript/jquery_easy_ui/themes/default/images/tree_folder.gif HTTP/1.1" 200 952
58.37.230.33 - - [07/Feb/2021:10:28:24 +0800] "GET /xingrg/javascript/jquery_easy_ui/themes/icons/search_new.png HTTP/1.1" 200 586
58.37.230.33 - - [07/Feb/2021:10:28:24 +0800] "GET /xingrg/javascript/jquery_easy_ui/themes/icons/forms_new.png HTTP/1.1" 200 350
58.37.230.33 - - [07/Feb/2021:10:28:24 +0800] "GET /xingrg/javascript/jquery_easy_ui/themes/icons/storage_new.png HTTP/1.1" 200 853
58.37.230.33 - - [07/Feb/2021:10:28:24 +0800] "GET /xingrg/javascript/jquery_easy_ui/themes/default/images/tree_file.gif HTTP/1.1" 200 118
117.184.7.26 - - [07/Feb/2021:10:28:24 +0800] "GET /xingrg/all/function/internal_message.html?_=1612664902148&CODE_STATE=getMsg HTTP/1.1" 200 27
180.169.147.146 - - [07/Feb/2021:10:28:26 +0800] "GET /xingrg/all/function/internal_message.html?_=1612664899717&CODE_STATE=getMsg HTTP/1.1" 200 27
58.37.230.33 - - [07/Feb/2021:10:28:27 +0800] "GET /xingrg/javascript/jquery_easy_ui/themes/default/images/tabs_close.gif HTTP/1.1" 200 829
58.37.230.33 - - [07/Feb/2021:10:28:27 +0800] "GET /xingrg/kc/buy/buy_main.html HTTP/1.1" 200 12412
58.37.230.33 - - [07/Feb/2021:10:28:27 +0800] "GET /xingrg/css/new_ie.css HTTP/1.1" 404 1036
58.37.230.33 - - [07/Feb/2021:10:28:27 +0800] "GET /xingrg/javascript/pic_change.js HTTP/1.1" 200 4739
58.37.230.33 - - [07/Feb/2021:10:28:27 +0800] "GET /xingrg/javascript/ToolTips.js HTTP/1.1" 200 5615
58.37.230.33 - - [07/Feb/2021:10:28:27 +0800] "GET /xingrg/javascript/jquery_ui/jquery-ui.min.js HTTP/1.1" 200 186181
58.37.230.33 - - [07/Feb/2021:10:28:27 +0800] "GET /xingrg/images/blue/button/cgxqd.gif HTTP/1.1" 200 2619
58.37.230.33 - - [07/Feb/2021:10:28:27 +0800] "GET /xingrg/images/blue/button/cgydd.gif HTTP/1.1" 200 2712
58.37.230.33 - - [07/Feb/2021:10:28:27 +0800] "GET /xingrg/images/blue/button/cgshd.gif HTTP/1.1" 200 2618
58.37.230.33 - - [07/Feb/2021:10:28:27 +0800] "GET /xingrg/javascript/myfunction.js HTTP/1.1" 200 24559
58.37.230.33 - - [07/Feb/2021:10:28:27 +0800] "GET /xingrg/javascript/jquery_ui/themes/humanity/humanity.css HTTP/1.1" 200 27801
58.37.230.33 - - [07/Feb/2021:10:28:27 +0800] "GET /xingrg/images/blue/button/cgfkd.gif HTTP/1.1" 200 2075
58.37.230.33 - - [07/Feb/2021:10:28:27 +0800] "GET /xingrg/images/blue/button/kc.gif HTTP/1.1" 200 2160
58.37.230.33 - - [07/Feb/2021:10:28:27 +0800] "GET /xingrg/css/blue.css HTTP/1.1" 200 15949
58.37.230.33 - - [07/Feb/2021:10:28:27 +0800] "GET /xingrg/images/blue/button/ckthd.gif HTTP/1.1" 200 2045
58.37.230.33 - - [07/Feb/2021:10:28:27 +0800] "GET /xingrg/images/blue/pic_form2.gif HTTP/1.1" 200 1853
58.37.230.33 - - [07/Feb/2021:10:28:27 +0800] "GET /xingrg/images/blue/bg_dotted.jpg HTTP/1.1" 200 319
58.37.230.33 - - [07/Feb/2021:10:28:27 +0800] "GET /xingrg/javascript/jquery_ui/themes/humanity/images/ui-bg_inset-soft_100_f4f0ec_1x100.png HTTP/1.1" 200 141
58.37.230.33 - - [07/Feb/2021:10:28:27 +0800] "GET /xingrg/images/blue/button/right_ah.jpg HTTP/1.1" 200 1744
58.37.230.33 - - [07/Feb/2021:10:28:27 +0800] "GET /xingrg/images/blue/button/down_ah.jpg HTTP/1.1" 200 1732
58.37.230.33 - - [07/Feb/2021:10:28:27 +0800] "GET /xingrg/javascript/jquery_ui/themes/humanity/images/ui-iconsnew.jpg HTTP/1.1" 200 337
58.37.230.33 - - [07/Feb/2021:10:28:27 +0800] "GET /xingrg/javascript/jquery_ui/themes/humanity/images/ui-icons_ffffff_256x240.png HTTP/1.1" 200 4369
58.37.230.33 - - [07/Feb/2021:10:28:27 +0800] "GET /xingrg/javascript/jquery_ui/themes/humanity/images/ui-icons_c47a23_256x240.png HTTP/1.1" 200 5355
58.37.230.33 - - [07/Feb/2021:10:28:27 +0800] "GET /xingrg/javascript/jquery_ui/themes/humanity/images/ui-bg_glass_70_ede4d4_1x400.png HTTP/1.1" 200 161
58.37.230.33 - - [07/Feb/2021:10:28:28 +0800] "GET /xingrg/images/yd/bt.gif HTTP/1.1" 404 1040
116.224.253.72 - - [07/Feb/2021:10:28:28 +0800] "GET /xingrg/kc/buy/cgsh_order_operate.html?command=get_materiel&rest_code=00151&code=00101008350&supplier_code=00100007&order_time=2021-02-07 HTTP/1.1" 200 408
58.37.230.33 - - [07/Feb/2021:10:28:30 +0800] "GET /xingrg/css/base.css HTTP/1.1" 200 2811
58.37.230.33 - - [07/Feb/2021:10:28:30 +0800] "GET /xingrg/css/site.css HTTP/1.1" 200 7541
58.37.230.33 - - [07/Feb/2021:10:28:30 +0800] "GET /xingrg/javascript/jquery_tools/datebox.css HTTP/1.1" 200 2597
58.37.230.33 - - [07/Feb/2021:10:28:30 +0800] "GET /xingrg/javascript/auto/jquery.autocomplete.css HTTP/1.1" 200 587
58.37.230.33 - - [07/Feb/2021:10:28:30 +0800] "GET /xingrg/javascript/easyui/themes/icon.css HTTP/1.1" 200 4483
58.37.230.33 - - [07/Feb/2021:10:28:30 +0800] "GET /xingrg/javascript/jquery_tools/fix.css HTTP/1.1" 200 1702
58.37.230.33 - - [07/Feb/2021:10:28:30 +0800] "GET /xingrg/javascript/jquery_tools/table.css HTTP/1.1" 200 1032
58.37.230.33 - - [07/Feb/2021:10:28:30 +0800] "GET /xingrg/javascript/jquery_tools/jquery.tools.min.js HTTP/1.1" 200 138801
58.37.230.33 - - [07/Feb/2021:10:28:30 +0800] "GET /xingrg/kc/buy/cgsh_order_list.html HTTP/1.1" 200 46372
58.37.230.33 - - [07/Feb/2021:10:28:30 +0800] "GET /xingrg/javascript/easyui/themes/default/easyui.css HTTP/1.1" 200 30432
58.37.230.33 - - [07/Feb/2021:10:28:30 +0800] "GET /xingrg/javascript/jquery_tools/jquery.tools.hotkey.js HTTP/1.1" 200 3242
58.37.230.33 - - [07/Feb/2021:10:28:30 +0800] "GET /xingrg/javascript/jquery_tools/jquery.tools.table.js HTTP/1.1" 200 6994
58.37.230.33 - - [07/Feb/2021:10:28:30 +0800] "GET /xingrg/javascript/jquery_tools/jquery.tools.extend.js HTTP/1.1" 200 15385
58.37.230.33 - - [07/Feb/2021:10:28:30 +0800] "GET /xingrg/javascript/easyui/easyloader.js HTTP/1.1" 200 5975
58.37.230.33 - - [07/Feb/2021:10:28:30 +0800] "GET /xingrg/javascript/jquery.cookie.js HTTP/1.1" 200 5513
58.37.230.33 - - [07/Feb/2021:10:28:30 +0800] "GET /xingrg/javascript/jquery_tools/list_manager.js HTTP/1.1" 200 3652
58.37.230.33 - - [07/Feb/2021:10:28:30 +0800] "GET /xingrg/javascript/auto/jquery.autocomplete.js HTTP/1.1" 200 21624
58.37.230.33 - - [07/Feb/2021:10:28:30 +0800] "GET /xingrg/javascript/print/LodopFuncs.js HTTP/1.1" 200 5121
58.37.230.33 - - [07/Feb/2021:10:28:30 +0800] "GET /xingrg/javascript/easyui/themes/icons/import_new.png HTTP/1.1" 200 1247
58.37.230.33 - - [07/Feb/2021:10:28:30 +0800] "GET /xingrg/javascript/easyui/themes/icons/field_new.png HTTP/1.1" 200 1097
58.37.230.33 - - [07/Feb/2021:10:28:30 +0800] "GET /xingrg/javascript/easyui/themes/icons/cance_new.png HTTP/1.1" 200 3986
58.37.230.33 - - [07/Feb/2021:10:28:30 +0800] "GET /xingrg/javascript/easyui/themes/icons/check_new.png HTTP/1.1" 200 3224
58.37.230.33 - - [07/Feb/2021:10:28:30 +0800] "GET /xingrg/javascript/easyui/themes/icons/edit_add_new.png HTTP/1.1" 200 2997
58.37.230.33 - - [07/Feb/2021:10:28:30 +0800] "GET /xingrg/javascript/easyui/plugins/jquery.parser.js HTTP/1.1" 200 1142
58.37.230.33 - - [07/Feb/2021:10:28:30 +0800] "GET /xingrg/images/control/ajaxLoader.gif HTTP/1.1" 200 4659
180.169.147.146 - - [07/Feb/2021:10:28:30 +0800] "GET /xingrg/all/function/internal_message.html?_=1612664907831&CODE_STATE=getMsg HTTP/1.1" 200 27
58.37.230.33 - - [07/Feb/2021:10:28:31 +0800] "POST /xingrg/kc/buy/cgsh_list_operate.html HTTP/1.1" 200 876
58.37.230.33 - - [07/Feb/2021:10:28:31 +0800] "GET /xingrg/javascript/convert.js HTTP/1.1" 200 1239
58.37.230.33 - - [07/Feb/2021:10:28:31 +0800] "GET /xingrg/javascript/jquery_tools/order_manager.js HTTP/1.1" 200 11183
58.37.230.33 - - [07/Feb/2021:10:28:31 +0800] "GET /xingrg/javascript/print/kc_print.js HTTP/1.1" 200 11415
58.37.230.33 - - [07/Feb/2021:10:28:31 +0800] "GET /xingrg/javascript/json2.js HTTP/1.1" 200 11259
58.37.230.33 - - [07/Feb/2021:10:28:31 +0800] "GET /xingrg/kc/buy/cgsh_order_add.html HTTP/1.1" 200 62110
58.37.230.33 - - [07/Feb/2021:10:28:31 +0800] "GET /xingrg/words/20210207093423_words.js HTTP/1.1" 200 794926
58.37.230.33 - - [07/Feb/2021:10:28:31 +0800] "GET /xingrg/javascript/easyui/themes/icons/print.png HTTP/1.1" 200 1057
58.37.230.33 - - [07/Feb/2021:10:28:31 +0800] "GET /xingrg/javascript/easyui/themes/icons/ok.png HTTP/1.1" 200 883
58.37.230.33 - - [07/Feb/2021:10:28:31 +0800] "GET /xingrg/javascript/easyui/themes/icons/template_new.png HTTP/1.1" 200 3956
58.37.230.33 - - [07/Feb/2021:10:28:31 +0800] "GET /xingrg/javascript/easyui/themes/icons/copy_new.png HTTP/1.1" 200 815
58.37.230.33 - - [07/Feb/2021:10:28:31 +0800] "GET /xingrg/javascript/easyui/themes/icons/cancel.png HTTP/1.1" 200 1133
58.37.230.33 - - [07/Feb/2021:10:28:31 +0800] "GET /xingrg/javascript/easyui/themes/default/images/menu_downarrow.png HTTP/1.1" 200 173
58.37.230.33 - - [07/Feb/2021:10:28:31 +0800] "GET /xingrg/javascript/easyui/themes/default/images/button_plain_hover.png HTTP/1.1" 200 144
58.37.230.33 - - [07/Feb/2021:10:28:32 +0800] "POST /xingrg/kc/buy/cgsh_order_operate.html HTTP/1.1" 200 8245
58.37.230.33 - - [07/Feb/2021:10:28:32 +0800] "GET /xingrg/all/common/auto_word.html?type=employee&rest_code=00141 HTTP/1.1" 200 201
58.37.230.33 - - [07/Feb/2021:10:28:32 +0800] "GET /xingrg/javascript/easyui/themes/default/validatebox.css HTTP/1.1" 404 1104
58.37.230.33 - - [07/Feb/2021:10:28:32 +0800] "GET /xingrg/javascript/easyui/plugins/jquery.validatebox.js HTTP/1.1" 200 6103
58.37.230.33 - - [07/Feb/2021:10:28:32 +0800] "GET /xingrg/all/common/auto_word.html?type=employee&rest_code=00141 HTTP/1.1" 200 201
58.37.230.33 - - [07/Feb/2021:10:28:32 +0800] "GET /xingrg/javascript/easyui/plugins/jquery.numberbox.js HTTP/1.1" 200 5213
58.37.230.33 - - [07/Feb/2021:10:28:32 +0800] "GET /xingrg/javascript/easyui/themes/icons/edit_remove.png HTTP/1.1" 200 625
116.224.253.72 - - [07/Feb/2021:10:28:33 +0800] "GET /xingrg/kc/buy/cgsh_order_operate.html?command=get_materiel&rest_code=00151&code=00101008264&supplier_code=00100007&order_time=2021-02-07 HTTP/1.1" 200 412
116.224.253.72 - - [07/Feb/2021:10:28:39 +0800] "GET /xingrg/kc/buy/cgsh_order_operate.html?command=get_materiel&rest_code=00151&code=00101008271&supplier_code=00100007&order_time=2021-02-07 HTTP/1.1" 200 408
116.224.253.72 - - [07/Feb/2021:10:28:45 +0800] "GET /xingrg/kc/buy/cgsh_order_operate.html?command=get_materiel&rest_code=00151&code=00101008010&supplier_code=00100007&order_time=2021-02-07 HTTP/1.1" 200 412
222.69.133.211 - - [07/Feb/2021:10:28:46 +0800] "GET /xingrg/all/function/internal_message.html?_=1612664923422&CODE_STATE=getMsg HTTP/1.1" 200 27
116.232.54.3 - - [07/Feb/2021:10:28:48 +0800] "GET /xingrg/all/function/internal_message.html?_=1612664926684&CODE_STATE=getMsg HTTP/1.1" 200 27
116.224.253.72 - - [07/Feb/2021:10:28:52 +0800] "GET /xingrg/kc/buy/cgsh_order_operate.html?command=get_materiel&rest_code=00151&code=00101008186&supplier_code=00100007&order_time=2021-02-07 HTTP/1.1" 200 408
116.224.253.72 - - [07/Feb/2021:10:28:57 +0800] "GET /xingrg/kc/buy/cgsh_order_operate.html?command=get_materiel&rest_code=00151&code=00101008306&supplier_code=00100007&order_time=2021-02-07 HTTP/1.1" 200 412
116.227.208.86 - - [07/Feb/2021:10:28:58 +0800] "GET /xingrg/all/function/internal_message.html?_=1612664935654&CODE_STATE=getMsg HTTP/1.1" 200 27
218.81.223.240 - - [07/Feb/2021:10:29:03 +0800] "GET /xingrg/all/function/internal_message.html?_=1612664971189&CODE_STATE=getMsg HTTP/1.1" 200 27
116.224.253.72 - - [07/Feb/2021:10:29:04 +0800] "GET /xingrg/kc/buy/cgsh_order_operate.html?command=get_materiel&rest_code=00151&code=00101008357&supplier_code=00100007&order_time=2021-02-07 HTTP/1.1" 200 408
116.224.253.72 - - [07/Feb/2021:10:29:10 +0800] "GET /xingrg/kc/buy/cgsh_order_operate.html?command=get_materiel&rest_code=00151&code=00101008300&supplier_code=00100007&order_time=2021-02-07 HTTP/1.1" 200 412
116.228.172.94 - - [07/Feb/2021:10:29:10 +0800] "GET /xingrg/all/function/internal_message.html?_=1612664949218&CODE_STATE=getMsg HTTP/1.1" 200 27
61.165.42.208 - - [07/Feb/2021:10:29:11 +0800] "GET /xingrg/all/function/internal_message.html?_=1612664949302&CODE_STATE=getMsg HTTP/1.1" 200 27
117.131.5.26 - - [07/Feb/2021:10:29:12 +0800] "GET /xingrg/all/function/internal_message.html?_=1612665008319&CODE_STATE=getMsg HTTP/1.1" 200 27
114.88.166.193 - - [07/Feb/2021:10:29:14 +0800] "GET /xingrg/check_reg.html?_=1612664949930 HTTP/1.1" 200 22
114.88.166.193 - - [07/Feb/2021:10:29:14 +0800] "GET /xingrg/all/function/internal_message.html?_=1612664950577&CODE_STATE=getMsg HTTP/1.1" 200 27
116.224.253.72 - - [07/Feb/2021:10:29:15 +0800] "GET /xingrg/kc/buy/cgsh_order_operate.html?command=get_materiel&rest_code=00151&code=00101008286&supplier_code=00100007&order_time=2021-02-07 HTTP/1.1" 200 409
180.162.108.15 - - [07/Feb/2021:10:29:18 +0800] "GET /xingrg/all/function/internal_message.html?_=1612664796784&CODE_STATE=getMsg HTTP/1.1" 200 27
180.174.195.252 - - [07/Feb/2021:10:29:19 +0800] "GET /xingrg/all/function/internal_message.html?_=1612665204805&CODE_STATE=getMsg HTTP/1.1" 200 27
180.169.147.146 - - [07/Feb/2021:10:29:20 +0800] "GET /xingrg/all/function/internal_message.html?_=1612664946480&CODE_STATE=getMsg HTTP/1.1" 200 27
116.228.172.94 - - [07/Feb/2021:10:29:23 +0800] "POST /xingrg/kc/buy/cgsh_order_operate.html HTTP/1.1" 200 37
116.224.253.72 - - [07/Feb/2021:10:29:23 +0800] "GET /xingrg/all/function/internal_message.html?_=1612664962325&CODE_STATE=getMsg HTTP/1.1" 200 27
117.184.7.26 - - [07/Feb/2021:10:29:23 +0800] "GET /xingrg/check_reg.html?_=1612664961369 HTTP/1.1" 200 22
58.37.230.33 - - [07/Feb/2021:10:29:24 +0800] "GET /xingrg/all/function/internal_message.html?_=1612664974178&CODE_STATE=getMsg HTTP/1.1" 200 27
114.88.166.193 - - [07/Feb/2021:10:29:24 +0800] "GET /xingrg/all/function/internal_message.html?_=1612664958474&CODE_STATE=getMsg HTTP/1.1" 200 27
58.37.230.33 - - [07/Feb/2021:10:29:24 +0800] "GET /xingrg/all/function/internal_message.html?_=1612664975440&CODE_STATE=getMsg HTTP/1.1" 200 27
117.184.7.26 - - [07/Feb/2021:10:29:24 +0800] "GET /xingrg/all/function/internal_message.html?_=1612664962182&CODE_STATE=getMsg HTTP/1.1" 200 27
116.224.253.72 - - [07/Feb/2021:10:29:25 +0800] "GET /xingrg/kc/buy/cgsh_order_operate.html?command=get_materiel&rest_code=00151&code=00101008088&supplier_code=00100007&order_time=2021-02-07 HTTP/1.1" 200 409
180.169.147.146 - - [07/Feb/2021:10:29:26 +0800] "GET /xingrg/all/function/internal_message.html?_=1612664959695&CODE_STATE=getMsg HTTP/1.1" 200 27
116.228.172.94 - - [07/Feb/2021:10:29:27 +0800] "POST /xingrg/kc/buy/cgsh_order_operate.html HTTP/1.1" 200 4448
116.228.172.94 - - [07/Feb/2021:10:29:29 +0800] "GET /xingrg/kc/print/load_data.html?order_code=212021020703193&kc_code=cgsh&condition= HTTP/1.1" 200 1407
180.169.147.146 - - [07/Feb/2021:10:29:30 +0800] "GET /xingrg/all/function/internal_message.html?_=1612664967836&CODE_STATE=getMsg HTTP/1.1" 200 27
116.224.253.72 - - [07/Feb/2021:10:29:31 +0800] "GET /xingrg/kc/buy/cgsh_order_operate.html?command=get_materiel&rest_code=00151&code=00101016025&supplier_code=00100007&order_time=2021-02-07 HTTP/1.1" 200 408
116.224.253.72 - - [07/Feb/2021:10:29:33 +0800] "POST /xingrg/kc/buy/cgsh_order_operate.html HTTP/1.1" 200 2065
116.224.253.72 - - [07/Feb/2021:10:29:40 +0800] "GET /xingrg/kc/buy/cgsh_order_operate.html?command=get_materiel&rest_code=00151&code=00101008353&supplier_code=00100007&order_time=2021-02-07 HTTP/1.1" 200 408
222.69.133.211 - - [07/Feb/2021:10:29:46 +0800] "GET /xingrg/all/function/internal_message.html?_=1612664983423&CODE_STATE=getMsg HTTP/1.1" 200 27
116.232.54.3 - - [07/Feb/2021:10:29:48 +0800] "GET /xingrg/all/function/internal_message.html?_=1612664986684&CODE_STATE=getMsg HTTP/1.1" 200 27
116.224.253.72 - - [07/Feb/2021:10:29:48 +0800] "GET /xingrg/kc/buy/cgsh_order_operate.html?command=get_materiel&rest_code=00151&code=00101008199&supplier_code=00100007&order_time=2021-02-07 HTTP/1.1" 200 408
116.224.253.72 - - [07/Feb/2021:10:29:50 +0800] "GET /favicon.ico HTTP/1.1" 404 -
116.224.253.72 - - [07/Feb/2021:10:29:57 +0800] "GET /xingrg/kc/buy/cgsh_order_operate.html?command=get_materiel&rest_code=00151&code=00101008362&supplier_code=00100007&order_time=2021-02-07 HTTP/1.1" 200 409
116.227.208.86 - - [07/Feb/2021:10:29:58 +0800] "GET /xingrg/all/function/internal_message.html?_=1612664995661&CODE_STATE=getMsg HTTP/1.1" 200 27
218.81.223.240 - - [07/Feb/2021:10:30:03 +0800] "GET /xingrg/all/function/internal_message.html?_=1612665031479&CODE_STATE=getMsg HTTP/1.1" 200 27
116.224.253.72 - - [07/Feb/2021:10:30:03 +0800] "GET /xingrg/kc/buy/cgsh_order_operate.html?command=get_materiel&rest_code=00151&code=00101008251&supplier_code=00100007&order_time=2021-02-07 HTTP/1.1" 200 408
116.228.172.94 - - [07/Feb/2021:10:30:10 +0800] "GET /xingrg/all/function/internal_message.html?_=1612665009189&CODE_STATE=getMsg HTTP/1.1" 200 27
61.165.42.208 - - [07/Feb/2021:10:30:11 +0800] "GET /xingrg/all/function/internal_message.html?_=1612665009311&CODE_STATE=getMsg HTTP/1.1" 200 27
117.131.5.26 - - [07/Feb/2021:10:30:12 +0800] "GET /xingrg/all/function/internal_message.html?_=1612665068317&CODE_STATE=getMsg HTTP/1.1" 200 27
117.131.5.26 - - [07/Feb/2021:10:30:12 +0800] "GET /xingrg/check_reg.html?_=1612665068318 HTTP/1.1" 200 22
114.88.166.193 - - [07/Feb/2021:10:30:14 +0800] "GET /xingrg/all/function/internal_message.html?_=1612665010592&CODE_STATE=getMsg HTTP/1.1" 200 27
180.162.108.15 - - [07/Feb/2021:10:30:18 +0800] "GET /xingrg/all/function/internal_message.html?_=1612664856790&CODE_STATE=getMsg HTTP/1.1" 200 27
180.174.195.252 - - [07/Feb/2021:10:30:19 +0800] "GET /xingrg/all/function/internal_message.html?_=1612665264822&CODE_STATE=getMsg HTTP/1.1" 200 27
180.169.147.146 - - [07/Feb/2021:10:30:20 +0800] "GET /xingrg/all/function/internal_message.html?_=1612665006468&CODE_STATE=getMsg HTTP/1.1" 200 27
116.224.253.72 - - [07/Feb/2021:10:30:21 +0800] "GET /xingrg/kc/buy/cgsh_order_operate.html?command=get_materiel&rest_code=00151&code=00101008137&supplier_code=00100007&order_time=2021-02-07 HTTP/1.1" 200 408
116.224.253.72 - - [07/Feb/2021:10:30:22 +0800] "POST /xingrg/kc/buy/cgsh_order_operate.html HTTP/1.1" 200 2065
116.224.253.72 - - [07/Feb/2021:10:30:23 +0800] "GET /xingrg/all/function/internal_message.html?_=1612665022333&CODE_STATE=getMsg HTTP/1.1" 200 27
180.162.108.15 - - [07/Feb/2021:10:30:23 +0800] "GET /xingrg/system/info/materiel_import.html?isSelect=1&singleSelect=false HTTP/1.1" 200 5600
180.162.108.15 - - [07/Feb/2021:10:30:23 +0800] "GET /xingrg/css/xtree.css HTTP/1.1" 200 880
180.162.108.15 - - [07/Feb/2021:10:30:23 +0800] "GET /xingrg/javascript/jquery_ui/themes/base/base.css HTTP/1.1" 200 28568
58.37.230.33 - - [07/Feb/2021:10:30:24 +0800] "GET /xingrg/all/function/internal_message.html?_=1612665034176&CODE_STATE=getMsg HTTP/1.1" 200 27
180.162.108.15 - - [07/Feb/2021:10:30:24 +0800] "GET /xingrg/javascript/jquery_easy_ui/themes/default/images/button_a_bg.gif HTTP/1.1" 200 1194
180.162.108.15 - - [07/Feb/2021:10:30:24 +0800] "GET /xingrg/javascript/jquery_easy_ui/themes/default/images/button_span_bg.gif HTTP/1.1" 200 2061
180.162.108.15 - - [07/Feb/2021:10:30:24 +0800] "GET /xingrg/javascript/jquery_easy_ui/themes/icons/check_new.png HTTP/1.1" 200 3224
180.162.108.15 - - [07/Feb/2021:10:30:24 +0800] "GET /xingrg/javascript/jquery_easy_ui/themes/default/images/pagination_next.gif HTTP/1.1" 200 875
180.162.108.15 - - [07/Feb/2021:10:30:24 +0800] "GET /xingrg/javascript/jquery_easy_ui/themes/default/images/datagrid_header_bg.gif HTTP/1.1" 200 97
180.162.108.15 - - [07/Feb/2021:10:30:24 +0800] "GET /xingrg/javascript/jquery_easy_ui/themes/default/images/pagination_first.gif HTTP/1.1" 200 925
180.162.108.15 - - [07/Feb/2021:10:30:24 +0800] "GET /xingrg/javascript/jquery_easy_ui/themes/default/images/pagination_prev.gif HTTP/1.1" 200 879
180.162.108.15 - - [07/Feb/2021:10:30:24 +0800] "GET /xingrg/javascript/jquery_easy_ui/themes/icons/edit_add.png HTTP/1.1" 200 1088
180.162.108.15 - - [07/Feb/2021:10:30:24 +0800] "GET /xingrg/javascript/jquery_easy_ui/themes/icons/search.png HTTP/1.1" 200 813
180.162.108.15 - - [07/Feb/2021:10:30:24 +0800] "GET /xingrg/javascript/jquery_easy_ui/themes/default/images/pagination_last.gif HTTP/1.1" 200 923
180.162.108.15 - - [07/Feb/2021:10:30:24 +0800] "POST /xingrg/all/common/load_tree.html?tree=materiel_sort_tree_json HTTP/1.1" 200 8666
114.88.166.193 - - [07/Feb/2021:10:30:24 +0800] "GET /xingrg/all/function/internal_message.html?_=1612665018557&CODE_STATE=getMsg HTTP/1.1" 200 27
180.162.108.15 - - [07/Feb/2021:10:30:24 +0800] "GET /favicon.ico HTTP/1.1" 404 -
180.162.108.15 - - [07/Feb/2021:10:30:24 +0800] "GET /xingrg/javascript/jquery_easy_ui/themes/default/images/pagination_load.png HTTP/1.1" 200 827
58.37.230.33 - - [07/Feb/2021:10:30:24 +0800] "GET /xingrg/all/function/internal_message.html?_=1612665035431&CODE_STATE=getMsg HTTP/1.1" 200 27
180.162.108.15 - - [07/Feb/2021:10:30:24 +0800] "GET /xingrg/javascript/jquery_easy_ui/themes/default/images/button_plain_hover.png HTTP/1.1" 200 252
117.184.7.26 - - [07/Feb/2021:10:30:24 +0800] "GET /xingrg/all/function/internal_message.html?_=1612665022215&CODE_STATE=getMsg HTTP/1.1" 200 27
180.162.108.15 - - [07/Feb/2021:10:30:26 +0800] "GET /xingrg/javascript/jquery_easy_ui/themes/icons/rest.png HTTP/1.1" 200 695
180.162.108.15 - - [07/Feb/2021:10:30:26 +0800] "GET /xingrg/javascript/jquery_easy_ui/themes/icons/area.png HTTP/1.1" 200 262
180.169.147.146 - - [07/Feb/2021:10:30:26 +0800] "GET /xingrg/all/function/internal_message.html?_=1612665019671&CODE_STATE=getMsg HTTP/1.1" 200 27
116.228.172.94 - - [07/Feb/2021:10:30:28 +0800] "GET /xingrg/kc/buy/cgsh_order_add.html HTTP/1.1" 200 62192
116.228.172.94 - - [07/Feb/2021:10:30:28 +0800] "GET /xingrg/words/20210207093423_words.js HTTP/1.1" 304 -
116.228.172.94 - - [07/Feb/2021:10:30:29 +0800] "GET /xingrg/javascript/easyui/themes/default/validatebox.css HTTP/1.1" 404 1104
116.228.172.94 - - [07/Feb/2021:10:30:29 +0800] "POST /xingrg/kc/buy/cgsh_order_operate.html HTTP/1.1" 200 8245
180.169.147.146 - - [07/Feb/2021:10:30:30 +0800] "GET /xingrg/check_reg.html?_=1612665027828 HTTP/1.1" 200 22
180.169.147.146 - - [07/Feb/2021:10:30:30 +0800] "GET /xingrg/all/function/internal_message.html?_=1612665027833&CODE_STATE=getMsg HTTP/1.1" 200 27
61.129.6.227 - - [07/Feb/2021:10:30:32 +0800] "GET /xingrg/all/function/internal_message.html?_=1612664975440&CODE_STATE=getMsg HTTP/1.1" 302 -
180.162.108.15 - - [07/Feb/2021:10:30:34 +0800] "GET /xingrg/javascript/auto/indicator.gif HTTP/1.1" 404 1066
116.224.253.72 - - [07/Feb/2021:10:30:35 +0800] "GET /xingrg/kc/buy/cgsh_order_operate.html?command=get_materiel&rest_code=00151&code=00101008096&supplier_code=00100007&order_time=2021-02-07 HTTP/1.1" 200 413
61.129.6.227 - - [07/Feb/2021:10:30:35 +0800] "GET /xingrg/login.html HTTP/1.1" 200 7641
180.162.108.15 - - [07/Feb/2021:10:30:39 +0800] "GET /xingrg/kc/buy/cgsh_order_operate.html?command=get_materiel&rest_code=00143&code=00101008352&supplier_code=00100161&order_time=2021-02-05 HTTP/1.1" 200 412
116.224.253.72 - - [07/Feb/2021:10:30:42 +0800] "GET /xingrg/kc/buy/cgsh_order_operate.html?command=get_materiel&rest_code=00151&code=00101008361&supplier_code=00100007&order_time=2021-02-07 HTTP/1.1" 200 408
116.228.172.94 - - [07/Feb/2021:10:30:44 +0800] "GET /xingrg/javascript/easyui/themes/default/tree.css HTTP/1.1" 404 1090
116.228.172.94 - - [07/Feb/2021:10:30:44 +0800] "POST /xingrg/all/common/load_tree.html?tree=supplier_tree_json&isDelete=1 HTTP/1.1" 200 54827
222.69.133.211 - - [07/Feb/2021:10:30:46 +0800] "GET /xingrg/all/function/internal_message.html?_=1612665043392&CODE_STATE=getMsg HTTP/1.1" 200 27
222.69.133.211 - - [07/Feb/2021:10:30:48 +0800] "GET /xingrg/check_reg.html?_=1612665045469 HTTP/1.1" 200 22
116.232.54.3 - - [07/Feb/2021:10:30:48 +0800] "GET /xingrg/all/function/internal_message.html?_=1612665046685&CODE_STATE=getMsg HTTP/1.1" 200 27
116.224.253.72 - - [07/Feb/2021:10:30:48 +0800] "GET /xingrg/kc/buy/cgsh_order_operate.html?command=get_materiel&rest_code=00151&code=00101015046&supplier_code=00100007&order_time=2021-02-07 HTTP/1.1" 200 413
116.224.253.72 - - [07/Feb/2021:10:30:56 +0800] "GET /xingrg/kc/buy/cgsh_order_operate.html?command=get_materiel&rest_code=00151&code=00101008069&supplier_code=00100007&order_time=2021-02-07 HTTP/1.1" 200 412
116.227.208.86 - - [07/Feb/2021:10:30:58 +0800] "GET /xingrg/all/function/internal_message.html?_=1612665055650&CODE_STATE=getMsg HTTP/1.1" 200 27
116.227.208.86 - - [07/Feb/2021:10:30:58 +0800] "GET /xingrg/check_reg.html?_=1612665055653 HTTP/1.1" 200 22
101.227.139.161 - - [07/Feb/2021:10:30:59 +0800] "GET /xingrg/all/function/internal_message.html?_=1612664915422&CODE_STATE=count HTTP/1.1" 302 -
116.224.253.72 - - [07/Feb/2021:10:30:59 +0800] "POST /xingrg/kc/buy/cgsh_order_operate.html HTTP/1.1" 200 2065
218.81.223.240 - - [07/Feb/2021:10:31:03 +0800] "GET /xingrg/all/function/internal_message.html?_=1612665091483&CODE_STATE=getMsg HTTP/1.1" 200 27
180.162.108.15 - - [07/Feb/2021:10:31:03 +0800] "GET /xingrg/kc/buy/cgsh_order_operate.html?command=get_materiel&rest_code=00143&code=00101008304&supplier_code=00100161&order_time=2021-02-05 HTTP/1.1" 200 412
116.224.253.72 - - [07/Feb/2021:10:31:04 +0800] "GET /xingrg/kc/buy/cgsh_order_operate.html?command=get_materiel&rest_code=00151&code=00101008036&supplier_code=00100007&order_time=2021-02-07 HTTP/1.1" 200 408
101.227.139.161 - - [07/Feb/2021:10:31:04 +0800] "GET /xingrg/login.html HTTP/1.1" 200 7641
116.228.172.94 - - [07/Feb/2021:10:31:05 +0800] "GET /xingrg/kc/buy/cgsh_order_operate.html?command=get_materiel&rest_code=00107&code=00101002027&supplier_code=00100199&order_time=2021-02-07 HTTP/1.1" 200 413
180.162.108.15 - - [07/Feb/2021:10:31:06 +0800] "GET /xingrg/system/info/materiel_import.html?isSelect=1&singleSelect=false HTTP/1.1" 200 5600
180.162.108.15 - - [07/Feb/2021:10:31:06 +0800] "POST /xingrg/all/common/load_tree.html?tree=materiel_sort_tree_json HTTP/1.1" 200 8666
180.162.108.15 - - [07/Feb/2021:10:31:06 +0800] "GET /favicon.ico HTTP/1.1" 404 -
61.129.6.225 - - [07/Feb/2021:10:31:07 +0800] "GET /xingrg/kc/buy/cgsh_order_add.html HTTP/1.1" 302 -
116.224.253.72 - - [07/Feb/2021:10:31:08 +0800] "GET /xingrg/kc/buy/cgsh_order_operate.html?command=get_materiel&rest_code=00151&code=00101008033&supplier_code=00100007&order_time=2021-02-07 HTTP/1.1" 200 408
116.228.172.94 - - [07/Feb/2021:10:31:10 +0800] "GET /xingrg/all/function/internal_message.html?_=1612665069174&CODE_STATE=getMsg HTTP/1.1" 200 27
61.165.42.208 - - [07/Feb/2021:10:31:11 +0800] "GET /xingrg/all/function/internal_message.html?_=1612665069306&CODE_STATE=getMsg HTTP/1.1" 200 27
61.165.42.208 - - [07/Feb/2021:10:31:11 +0800] "GET /xingrg/check_reg.html?_=1612665069309 HTTP/1.1" 200 22
117.131.5.26 - - [07/Feb/2021:10:31:12 +0800] "GET /xingrg/all/function/internal_message.html?_=1612665128333&CODE_STATE=getMsg HTTP/1.1" 200 27
116.224.253.72 - - [07/Feb/2021:10:31:14 +0800] "GET /xingrg/kc/buy/cgsh_order_operate.html?command=get_materiel&rest_code=00151&code=00101015038&supplier_code=00100007&order_time=2021-02-07 HTTP/1.1" 200 419
114.88.166.193 - - [07/Feb/2021:10:31:14 +0800] "GET /xingrg/all/function/internal_message.html?_=1612665070606&CODE_STATE=getMsg HTTP/1.1" 200 27
180.162.108.15 - - [07/Feb/2021:10:31:16 +0800] "GET /xingrg/kc/buy/cgsh_order_operate.html?command=get_materiel&rest_code=00143&code=00101008126&supplier_code=00100161&order_time=2021-02-05 HTTP/1.1" 200 412
61.129.6.225 - - [07/Feb/2021:10:31:17 +0800] "GET /xingrg/login.html HTTP/1.1" 200 7641
180.162.108.15 - - [07/Feb/2021:10:31:18 +0800] "GET /xingrg/all/function/internal_message.html?_=1612664916780&CODE_STATE=getMsg HTTP/1.1" 200 27
116.224.253.72 - - [07/Feb/2021:10:31:19 +0800] "GET /xingrg/kc/buy/cgsh_order_operate.html?command=get_materiel&rest_code=00151&code=00101008051&supplier_code=00100007&order_time=2021-02-07 HTTP/1.1" 200 409
180.174.195.252 - - [07/Feb/2021:10:31:19 +0800] "GET /xingrg/all/function/internal_message.html?_=1612665325106&CODE_STATE=getMsg HTTP/1.1" 200 27
180.169.147.146 - - [07/Feb/2021:10:31:20 +0800] "GET /xingrg/all/function/internal_message.html?_=1612665066473&CODE_STATE=getMsg HTTP/1.1" 200 27
116.228.172.94 - - [07/Feb/2021:10:31:22 +0800] "GET /xingrg/kc/buy/cgsh_order_operate.html?command=get_materiel&rest_code=00107&code=00101002007&supplier_code=00100199&order_time=2021-02-07 HTTP/1.1" 200 409
116.224.253.72 - - [07/Feb/2021:10:31:23 +0800] "GET /xingrg/check_reg.html?_=1612665082329 HTTP/1.1" 200 22
116.224.253.72 - - [07/Feb/2021:10:31:23 +0800] "GET /xingrg/all/function/internal_message.html?_=1612665082330&CODE_STATE=getMsg HTTP/1.1" 200 27
58.37.230.33 - - [07/Feb/2021:10:31:24 +0800] "GET /xingrg/check_reg.html?_=1612665094180 HTTP/1.1" 200 22
58.37.230.33 - - [07/Feb/2021:10:31:24 +0800] "GET /xingrg/all/function/internal_message.html?_=1612665094182&CODE_STATE=getMsg HTTP/1.1" 200 27
58.37.230.33 - - [07/Feb/2021:10:31:24 +0800] "GET /xingrg/all/function/internal_message.html?_=1612665095441&CODE_STATE=getMsg HTTP/1.1" 200 27
114.88.166.193 - - [07/Feb/2021:10:31:24 +0800] "GET /xingrg/all/function/internal_message.html?_=1612665079180&CODE_STATE=getMsg HTTP/1.1" 200 27
117.184.7.26 - - [07/Feb/2021:10:31:24 +0800] "GET /xingrg/all/function/internal_message.html?_=1612665082238&CODE_STATE=getMsg HTTP/1.1" 200 27
180.169.147.146 - - [07/Feb/2021:10:31:26 +0800] "GET /xingrg/all/function/internal_message.html?_=1612665079647&CODE_STATE=getMsg HTTP/1.1" 200 27
180.169.147.146 - - [07/Feb/2021:10:31:30 +0800] "GET /xingrg/all/function/internal_message.html?_=1612665087838&CODE_STATE=getMsg HTTP/1.1" 200 27
116.228.172.94 - - [07/Feb/2021:10:31:30 +0800] "POST /xingrg/kc/buy/cgsh_order_operate.html HTTP/1.1" 200 37
116.228.172.94 - - [07/Feb/2021:10:31:32 +0800] "POST /xingrg/kc/buy/cgsh_order_operate.html HTTP/1.1" 200 3254
180.162.108.15 - - [07/Feb/2021:10:31:34 +0800] "GET /xingrg/kc/buy/cgsh_order_operate.html?command=get_materiel&rest_code=00143&code=00101008108&supplier_code=00100161&order_time=2021-02-05 HTTP/1.1" 200 412
116.228.172.94 - - [07/Feb/2021:10:31:34 +0800] "GET /xingrg/kc/print/load_data.html?order_code=212021020703194&kc_code=cgsh&condition= HTTP/1.1" 200 901
180.162.108.15 - - [07/Feb/2021:10:31:44 +0800] "GET /xingrg/kc/buy/cgsh_order_operate.html?command=get_materiel&rest_code=00143&code=00101008036&supplier_code=00100161&order_time=2021-02-05 HTTP/1.1" 200 408
116.224.253.72 - - [07/Feb/2021:10:31:44 +0800] "GET /xingrg/kc/buy/cgsh_order_operate.html?command=get_materiel&rest_code=00151&code=00101015074&supplier_code=00100007&order_time=2021-02-07 HTTP/1.1" 200 408
222.69.133.211 - - [07/Feb/2021:10:31:46 +0800] "GET /xingrg/all/function/internal_message.html?_=1612665103366&CODE_STATE=getMsg HTTP/1.1" 200 27
116.232.54.3 - - [07/Feb/2021:10:31:48 +0800] "GET /xingrg/all/function/internal_message.html?_=1612665106686&CODE_STATE=getMsg HTTP/1.1" 200 27
116.232.54.3 - - [07/Feb/2021:10:31:48 +0800] "GET /xingrg/check_reg.html?_=1612665106686 HTTP/1.1" 200 22
116.228.172.94 - - [07/Feb/2021:10:31:56 +0800] "GET /xingrg/kc/buy/cgsh_order_add.html HTTP/1.1" 200 62192
116.224.253.72 - - [07/Feb/2021:10:31:56 +0800] "POST /xingrg/kc/buy/cgsh_order_operate.html HTTP/1.1" 200 2065
180.162.108.15 - - [07/Feb/2021:10:31:56 +0800] "GET /xingrg/kc/buy/cgsh_order_operate.html?command=get_materiel&rest_code=00143&code=00101008005&supplier_code=00100161&order_time=2021-02-05 HTTP/1.1" 200 412
116.228.172.94 - - [07/Feb/2021:10:31:57 +0800] "GET /xingrg/javascript/easyui/themes/default/validatebox.css HTTP/1.1" 404 1104
116.228.172.94 - - [07/Feb/2021:10:31:57 +0800] "POST /xingrg/kc/buy/cgsh_order_operate.html HTTP/1.1" 200 8245
116.227.208.86 - - [07/Feb/2021:10:31:58 +0800] "GET /xingrg/all/function/internal_message.html?_=1612665115651&CODE_STATE=getMsg HTTP/1.1" 200 27
116.224.253.72 - - [07/Feb/2021:10:32:00 +0800] "GET /xingrg/kc/buy/cgsh_order_operate.html?command=get_materiel&rest_code=00151&code=00101008283&supplier_code=00100007&order_time=2021-02-07 HTTP/1.1" 200 409
180.162.108.15 - - [07/Feb/2021:10:32:01 +0800] "GET /xingrg/system/info/materiel_import.html?isSelect=1&singleSelect=false HTTP/1.1" 200 5600
180.162.108.15 - - [07/Feb/2021:10:32:02 +0800] "POST /xingrg/all/common/load_tree.html?tree=materiel_sort_tree_json HTTP/1.1" 200 8666
180.162.108.15 - - [07/Feb/2021:10:32:02 +0800] "GET /favicon.ico HTTP/1.1" 404 -
218.81.223.240 - - [07/Feb/2021:10:32:03 +0800] "GET /xingrg/all/function/internal_message.html?_=1612665151755&CODE_STATE=getMsg HTTP/1.1" 200 27
116.228.172.94 - - [07/Feb/2021:10:32:10 +0800] "GET /xingrg/javascript/easyui/themes/default/tree.css HTTP/1.1" 404 1090
116.228.172.94 - - [07/Feb/2021:10:32:10 +0800] "POST /xingrg/all/common/load_tree.html?tree=supplier_tree_json&isDelete=1 HTTP/1.1" 200 54827
116.228.172.94 - - [07/Feb/2021:10:32:10 +0800] "GET /xingrg/all/function/internal_message.html?_=1612665129210&CODE_STATE=getMsg HTTP/1.1" 200 27
61.165.42.208 - - [07/Feb/2021:10:32:11 +0800] "GET /xingrg/all/function/internal_message.html?_=1612665129318&CODE_STATE=getMsg HTTP/1.1" 200 27
117.131.5.26 - - [07/Feb/2021:10:32:12 +0800] "GET /xingrg/all/function/internal_message.html?_=1612665188332&CODE_STATE=getMsg HTTP/1.1" 200 27
180.162.108.15 - - [07/Feb/2021:10:32:13 +0800] "GET /xingrg/kc/buy/cgsh_order_operate.html?command=get_materiel&rest_code=00143&code=00101008049&supplier_code=00100161&order_time=2021-02-05 HTTP/1.1" 200 408
114.88.166.193 - - [07/Feb/2021:10:32:15 +0800] "GET /xingrg/all/function/internal_message.html?_=1612665130933&CODE_STATE=getMsg HTTP/1.1" 200 27
180.162.108.15 - - [07/Feb/2021:10:32:18 +0800] "GET /xingrg/check_reg.html?_=1612664976775 HTTP/1.1" 200 22
180.162.108.15 - - [07/Feb/2021:10:32:18 +0800] "GET /xingrg/all/function/internal_message.html?_=1612664976779&CODE_STATE=getMsg HTTP/1.1" 200 27
180.174.195.252 - - [07/Feb/2021:10:32:19 +0800] "GET /xingrg/all/function/internal_message.html?_=1612665385112&CODE_STATE=getMsg HTTP/1.1" 200 27
180.169.147.146 - - [07/Feb/2021:10:32:20 +0800] "GET /xingrg/all/function/internal_message.html?_=1612665126476&CODE_STATE=getMsg HTTP/1.1" 200 27
116.224.253.72 - - [07/Feb/2021:10:32:20 +0800] "GET /xingrg/kc/buy/cgsh_order_operate.html?command=get_materiel&rest_code=00151&code=00101008100&supplier_code=00100007&order_time=2021-02-07 HTTP/1.1" 200 408
180.162.108.15 - - [07/Feb/2021:10:32:23 +0800] "GET /xingrg/kc/buy/cgsh_order_operate.html?command=get_materiel&rest_code=00143&code=00101008261&supplier_code=00100161&order_time=2021-02-05 HTTP/1.1" 200 408
116.224.253.72 - - [07/Feb/2021:10:32:23 +0800] "GET /xingrg/all/function/internal_message.html?_=1612665142332&CODE_STATE=getMsg HTTP/1.1" 200 27
58.37.230.33 - - [07/Feb/2021:10:32:24 +0800] "GET /xingrg/all/function/internal_message.html?_=1612665154181&CODE_STATE=getMsg HTTP/1.1" 200 27
58.37.230.33 - - [07/Feb/2021:10:32:24 +0800] "GET /xingrg/all/function/internal_message.html?_=1612665155436&CODE_STATE=getMsg HTTP/1.1" 200 27
117.184.7.26 - - [07/Feb/2021:10:32:24 +0800] "GET /xingrg/all/function/internal_message.html?_=1612665142206&CODE_STATE=getMsg HTTP/1.1" 200 27
116.224.253.72 - - [07/Feb/2021:10:32:25 +0800] "GET /xingrg/kc/buy/cgsh_order_operate.html?command=get_materiel&rest_code=00151&code=00101008227&supplier_code=00100007&order_time=2021-02-07 HTTP/1.1" 200 416
180.162.108.15 - - [07/Feb/2021:10:32:25 +0800] "GET /xingrg/system/info/materiel_import.html?isSelect=1&singleSelect=false HTTP/1.1" 200 5600
180.162.108.15 - - [07/Feb/2021:10:32:26 +0800] "POST /xingrg/all/common/load_tree.html?tree=materiel_sort_tree_json HTTP/1.1" 200 8666
180.162.108.15 - - [07/Feb/2021:10:32:26 +0800] "GET /favicon.ico HTTP/1.1" 404 -
180.169.147.146 - - [07/Feb/2021:10:32:26 +0800] "GET /xingrg/all/function/internal_message.html?_=1612665139618&CODE_STATE=getMsg HTTP/1.1" 200 27
180.169.147.146 - - [07/Feb/2021:10:32:26 +0800] "GET /xingrg/check_reg.html?_=1612665139723 HTTP/1.1" 200 22
114.88.166.193 - - [07/Feb/2021:10:32:27 +0800] "GET /xingrg/all/function/internal_message.html?_=1612665141449&CODE_STATE=getMsg HTTP/1.1" 200 27
116.228.172.94 - - [07/Feb/2021:10:32:28 +0800] "GET /xingrg/check_reg.html?_=1612665147104 HTTP/1.1" 200 22
114.88.166.193 - - [07/Feb/2021:10:32:29 +0800] "GET /xingrg/index.html?sysBaseUrl=http%3A%2F%2F180.169.147.146%3A18081%2Fxingrg%2F&costTime=38×tamp=1612664599589 HTTP/1.1" 200 17503
114.88.166.193 - - [07/Feb/2021:10:32:30 +0800] "GET /xingrg/javascript/jquery_easy_ui/themes/icon.css HTTP/1.1" 200 3949
114.88.166.193 - - [07/Feb/2021:10:32:30 +0800] "GET /xingrg/css/form.css HTTP/1.1" 200 893
114.88.166.193 - - [07/Feb/2021:10:32:30 +0800] "GET /xingrg/javascript/jquery_easy_ui/themes/default/easyui.css HTTP/1.1" 200 26500
114.88.166.193 - - [07/Feb/2021:10:32:30 +0800] "GET /xingrg/javascript/jquery-1.4.2.min.js HTTP/1.1" 200 72205
114.88.166.193 - - [07/Feb/2021:10:32:30 +0800] "GET /xingrg/javascript/jquery_easy_ui/jquery.easyui.min.js HTTP/1.1" 200 213662
114.88.166.193 - - [07/Feb/2021:10:32:30 +0800] "GET /xingrg/javascript/jquery_easy_ui/easyui-lang-zh_CN.js HTTP/1.1" 200 1900
114.88.166.193 - - [07/Feb/2021:10:32:30 +0800] "GET /xingrg/javascript/jquery.form.js HTTP/1.1" 200 23110
114.88.166.193 - - [07/Feb/2021:10:32:30 +0800] "GET /xingrg/javascript/jquery.utils.js HTTP/1.1" 200 11805
114.88.166.193 - - [07/Feb/2021:10:32:30 +0800] "GET /xingrg/javascript/jquery.timers.js HTTP/1.1" 200 3532
180.169.147.146 - - [07/Feb/2021:10:32:30 +0800] "GET /xingrg/all/function/internal_message.html?_=1612665147830&CODE_STATE=getMsg HTTP/1.1" 200 27
114.88.166.193 - - [07/Feb/2021:10:32:30 +0800] "GET /xingrg/images/blue/jxLogo.png HTTP/1.1" 200 6156
114.88.166.193 - - [07/Feb/2021:10:32:30 +0800] "GET /xingrg/javascript/jquery_easy_ui/themes/icons/settle_new.png HTTP/1.1" 200 826
114.88.166.193 - - [07/Feb/2021:10:32:30 +0800] "GET /xingrg/images/blue/navBackgound.jpg HTTP/1.1" 200 12378
114.88.166.193 - - [07/Feb/2021:10:32:30 +0800] "POST /xingrg/all/common/load_tree.html?tree=area_rest_tree_json&manage=1 HTTP/1.1" 200 3344
114.88.166.193 - - [07/Feb/2021:10:32:30 +0800] "GET /xingrg/images/blue/pingpu.png HTTP/1.1" 200 231
114.88.166.193 - - [07/Feb/2021:10:32:30 +0800] "GET /xingrg/javascript/jquery_easy_ui/themes/default/images/panel_tool_collapse.gif HTTP/1.1" 200 246
114.88.166.193 - - [07/Feb/2021:10:32:30 +0800] "POST /xingrg/load_menu.html HTTP/1.1" 200 11564
114.88.166.193 - - [07/Feb/2021:10:32:30 +0800] "GET /xingrg/javascript/jquery_easy_ui/themes/default/images/panel_tool_expand.gif HTTP/1.1" 200 247
114.88.166.193 - - [07/Feb/2021:10:32:30 +0800] "GET /xingrg/all/function/internal_message.html?_=1612665145203&CODE_STATE=count HTTP/1.1" 200 11
114.88.166.193 - - [07/Feb/2021:10:32:30 +0800] "GET /xingrg/check_reg.html?_=1612665145203 HTTP/1.1" 200 22
114.88.166.193 - - [07/Feb/2021:10:32:31 +0800] "GET /xingrg/javascript/jquery_easy_ui/themes/default/images/tree_arrows.gif HTTP/1.1" 200 1043
114.88.166.193 - - [07/Feb/2021:10:32:31 +0800] "GET /xingrg/javascript/jquery_easy_ui/themes/icons/search_new.png HTTP/1.1" 200 586
114.88.166.193 - - [07/Feb/2021:10:32:31 +0800] "GET /xingrg/javascript/jquery_easy_ui/themes/default/images/tree_folder_open.gif HTTP/1.1" 200 956
114.88.166.193 - - [07/Feb/2021:10:32:31 +0800] "GET /xingrg/javascript/jquery_easy_ui/themes/icons/delivery_new.png HTTP/1.1" 200 700
114.88.166.193 - - [07/Feb/2021:10:32:31 +0800] "GET /xingrg/javascript/jquery_easy_ui/themes/icons/storage_new.png HTTP/1.1" 200 853
114.88.166.193 - - [07/Feb/2021:10:32:31 +0800] "GET /xingrg/javascript/jquery_easy_ui/themes/icons/checkout_new.png HTTP/1.1" 200 744
114.88.166.193 - - [07/Feb/2021:10:32:31 +0800] "GET /xingrg/javascript/jquery_easy_ui/themes/icons/forms_new.png HTTP/1.1" 200 350
114.88.166.193 - - [07/Feb/2021:10:32:31 +0800] "GET /xingrg/javascript/jquery_easy_ui/themes/icons/systemset_new.png HTTP/1.1" 200 606
114.88.166.193 - - [07/Feb/2021:10:32:31 +0800] "GET /xingrg/javascript/jquery_easy_ui/themes/icons/setting_new.png HTTP/1.1" 200 450
