180.169.147.146 - - [07/Feb/2021:10:39:01 +0800] "GET /xingrg/javascript/jquery_easy_ui/themes/icon.css HTTP/1.1" 200 3949
180.169.147.146 - - [07/Feb/2021:10:39:01 +0800] "GET /xingrg/javascript/jquery_easy_ui/themes/default/easyui.css HTTP/1.1" 200 26500
180.169.147.146 - - [07/Feb/2021:10:39:01 +0800] "GET /xingrg/css/form.css HTTP/1.1" 200 893
180.169.147.146 - - [07/Feb/2021:10:39:01 +0800] "GET /xingrg/javascript/jquery-1.4.2.min.js HTTP/1.1" 200 72205
180.169.147.146 - - [07/Feb/2021:10:39:01 +0800] "GET /xingrg/javascript/jquery_easy_ui/jquery.easyui.min.js HTTP/1.1" 200 213662
180.169.147.146 - - [07/Feb/2021:10:39:01 +0800] "GET /xingrg/javascript/jquery_easy_ui/easyui-lang-zh_CN.js HTTP/1.1" 200 1900
180.169.147.146 - - [07/Feb/2021:10:39:01 +0800] "GET /xingrg/javascript/jquery.timers.js HTTP/1.1" 200 3532
180.169.147.146 - - [07/Feb/2021:10:39:01 +0800] "GET /xingrg/javascript/jquery.utils.js HTTP/1.1" 200 11805
180.169.147.146 - - [07/Feb/2021:10:39:01 +0800] "GET /xingrg/javascript/jquery.form.js HTTP/1.1" 200 23110
180.169.147.146 - - [07/Feb/2021:10:39:01 +0800] "GET /xingrg/images/blue/jxLogo.png HTTP/1.1" 200 6156
180.169.147.146 - - [07/Feb/2021:10:39:01 +0800] "GET /xingrg/images/blue/navBackgound.jpg HTTP/1.1" 200 12378
180.169.147.146 - - [07/Feb/2021:10:39:01 +0800] "GET /xingrg/javascript/jquery_easy_ui/themes/icons/settle_new.png HTTP/1.1" 200 826
180.169.147.146 - - [07/Feb/2021:10:39:01 +0800] "GET /xingrg/images/blue/pingpu.png HTTP/1.1" 200 231
180.169.147.146 - - [07/Feb/2021:10:39:01 +0800] "POST /xingrg/all/common/load_tree.html?tree=area_rest_tree_json&manage=1 HTTP/1.1" 200 3344
180.169.147.146 - - [07/Feb/2021:10:39:01 +0800] "GET /xingrg/javascript/jquery_easy_ui/themes/default/images/panel_tool_collapse.gif HTTP/1.1" 200 246
180.169.147.146 - - [07/Feb/2021:10:39:01 +0800] "GET /xingrg/javascript/jquery_easy_ui/themes/default/images/panel_tool_expand.gif HTTP/1.1" 200 247
180.169.147.146 - - [07/Feb/2021:10:39:01 +0800] "GET /xingrg/all/function/internal_message.html?_=1612665528309&CODE_STATE=count HTTP/1.1" 200 11
180.169.147.146 - - [07/Feb/2021:10:39:01 +0800] "GET /xingrg/check_reg.html?_=1612665528311 HTTP/1.1" 200 22
180.169.147.146 - - [07/Feb/2021:10:39:01 +0800] "POST /xingrg/load_menu.html HTTP/1.1" 200 11564
180.169.147.146 - - [07/Feb/2021:10:39:02 +0800] "GET /xingrg/javascript/jquery_easy_ui/themes/default/images/tree_folder_open.gif HTTP/1.1" 200 956
180.169.147.146 - - [07/Feb/2021:10:39:02 +0800] "GET /xingrg/javascript/jquery_easy_ui/themes/default/images/tree_arrows.gif HTTP/1.1" 200 1043
180.169.147.146 - - [07/Feb/2021:10:39:02 +0800] "GET /xingrg/javascript/jquery_easy_ui/themes/icons/search_new.png HTTP/1.1" 200 586
180.169.147.146 - - [07/Feb/2021:10:39:02 +0800] "GET /xingrg/javascript/jquery_easy_ui/themes/icons/delivery_new.png HTTP/1.1" 200 700
180.169.147.146 - - [07/Feb/2021:10:39:02 +0800] "GET /xingrg/javascript/jquery_easy_ui/themes/icons/storage_new.png HTTP/1.1" 200 853
180.169.147.146 - - [07/Feb/2021:10:39:02 +0800] "GET /xingrg/javascript/jquery_easy_ui/themes/icons/checkout_new.png HTTP/1.1" 200 744
180.169.147.146 - - [07/Feb/2021:10:39:02 +0800] "GET /xingrg/javascript/jquery_easy_ui/themes/icons/forms_new.png HTTP/1.1" 200 350
180.169.147.146 - - [07/Feb/2021:10:39:02 +0800] "GET /xingrg/javascript/jquery_easy_ui/themes/icons/setting_new.png HTTP/1.1" 200 450
180.169.147.146 - - [07/Feb/2021:10:39:02 +0800] "GET /xingrg/javascript/jquery_easy_ui/themes/icons/systemset_new.png HTTP/1.1" 200 606
180.169.147.146 - - [07/Feb/2021:10:39:02 +0800] "GET /favicon.ico HTTP/1.1" 404 -
61.165.42.208 - - [07/Feb/2021:10:39:02 +0800] "POST /xingrg/kc/buy/cgsh_order_operate.html HTTP/1.1" 200 37
114.86.187.76 - - [07/Feb/2021:10:39:02 +0800] "GET /xingrg/kc/buy/cgsh_order_list.html HTTP/1.1" 200 46372
61.165.42.208 - - [07/Feb/2021:10:39:03 +0800] "POST /xingrg/kc/buy/cgsh_order_operate.html HTTP/1.1" 200 6805
180.169.147.146 - - [07/Feb/2021:10:39:03 +0800] "GET /xingrg/javascript/jquery_easy_ui/themes/default/images/tree_folder.gif HTTP/1.1" 200 952
180.169.147.146 - - [07/Feb/2021:10:39:03 +0800] "GET /xingrg/javascript/jquery_easy_ui/themes/default/images/tree_file.gif HTTP/1.1" 200 118
180.169.147.146 - - [07/Feb/2021:10:39:04 +0800] "GET /xingrg/javascript/jquery_easy_ui/themes/default/images/tabs_close.gif HTTP/1.1" 200 829
180.169.147.146 - - [07/Feb/2021:10:39:04 +0800] "GET /xingrg/kc/buy/cgsh_order_list.html HTTP/1.1" 200 46621
180.169.147.146 - - [07/Feb/2021:10:39:04 +0800] "GET /xingrg/css/base.css HTTP/1.1" 200 2811
180.169.147.146 - - [07/Feb/2021:10:39:04 +0800] "GET /xingrg/css/site.css HTTP/1.1" 200 7541
180.169.147.146 - - [07/Feb/2021:10:39:04 +0800] "GET /xingrg/javascript/jquery_tools/datebox.css HTTP/1.1" 200 2597
180.169.147.146 - - [07/Feb/2021:10:39:04 +0800] "GET /xingrg/javascript/easyui/themes/icon.css HTTP/1.1" 200 4483
180.169.147.146 - - [07/Feb/2021:10:39:04 +0800] "GET /xingrg/javascript/auto/jquery.autocomplete.css HTTP/1.1" 200 587
180.169.147.146 - - [07/Feb/2021:10:39:04 +0800] "GET /xingrg/javascript/easyui/themes/default/easyui.css HTTP/1.1" 200 30432
180.169.147.146 - - [07/Feb/2021:10:39:04 +0800] "GET /xingrg/javascript/jquery_tools/fix.css HTTP/1.1" 200 1702
180.169.147.146 - - [07/Feb/2021:10:39:04 +0800] "GET /xingrg/javascript/jquery_tools/table.css HTTP/1.1" 200 1032
180.169.147.146 - - [07/Feb/2021:10:39:04 +0800] "GET /xingrg/javascript/jquery_tools/jquery.tools.min.js HTTP/1.1" 200 138801
180.169.147.146 - - [07/Feb/2021:10:39:04 +0800] "GET /xingrg/javascript/jquery_tools/jquery.tools.hotkey.js HTTP/1.1" 200 3242
180.169.147.146 - - [07/Feb/2021:10:39:04 +0800] "GET /xingrg/javascript/jquery_tools/jquery.tools.table.js HTTP/1.1" 200 6994
180.169.147.146 - - [07/Feb/2021:10:39:04 +0800] "GET /xingrg/javascript/jquery_tools/jquery.tools.extend.js HTTP/1.1" 200 15385
180.169.147.146 - - [07/Feb/2021:10:39:04 +0800] "GET /xingrg/javascript/jquery_tools/list_manager.js HTTP/1.1" 200 3652
180.169.147.146 - - [07/Feb/2021:10:39:04 +0800] "GET /xingrg/javascript/easyui/easyloader.js HTTP/1.1" 200 5975
180.169.147.146 - - [07/Feb/2021:10:39:04 +0800] "GET /xingrg/javascript/auto/jquery.autocomplete.js HTTP/1.1" 200 21624
180.169.147.146 - - [07/Feb/2021:10:39:04 +0800] "GET /xingrg/javascript/jquery.cookie.js HTTP/1.1" 200 5513
180.169.147.146 - - [07/Feb/2021:10:39:04 +0800] "GET /xingrg/javascript/print/LodopFuncs.js HTTP/1.1" 200 5121
180.169.147.146 - - [07/Feb/2021:10:39:04 +0800] "GET /xingrg/javascript/easyui/themes/icons/edit_add_new.png HTTP/1.1" 200 2997
180.169.147.146 - - [07/Feb/2021:10:39:04 +0800] "GET /xingrg/javascript/easyui/themes/icons/cance_new.png HTTP/1.1" 200 3986
180.169.147.146 - - [07/Feb/2021:10:39:04 +0800] "GET /xingrg/javascript/easyui/themes/icons/check_new.png HTTP/1.1" 200 3224
180.169.147.146 - - [07/Feb/2021:10:39:04 +0800] "GET /xingrg/javascript/easyui/themes/icons/uncheck_new.png HTTP/1.1" 200 3197
180.169.147.146 - - [07/Feb/2021:10:39:04 +0800] "GET /xingrg/javascript/easyui/themes/icons/field_new.png HTTP/1.1" 200 1097
180.169.147.146 - - [07/Feb/2021:10:39:04 +0800] "GET /xingrg/javascript/easyui/themes/icons/import_new.png HTTP/1.1" 200 1247
180.169.147.146 - - [07/Feb/2021:10:39:04 +0800] "GET /xingrg/javascript/easyui/plugins/jquery.parser.js HTTP/1.1" 200 1142
180.169.147.146 - - [07/Feb/2021:10:39:04 +0800] "GET /xingrg/images/control/ajaxLoader.gif HTTP/1.1" 200 4659
218.81.223.240 - - [07/Feb/2021:10:39:04 +0800] "GET /xingrg/all/function/internal_message.html?_=1612665572362&CODE_STATE=getMsg HTTP/1.1" 200 27
61.165.42.208 - - [07/Feb/2021:10:39:04 +0800] "GET /xingrg/kc/print/load_data.html?order_code=212021020703201&kc_code=cgsh&condition= HTTP/1.1" 200 2253
114.86.187.76 - - [07/Feb/2021:10:39:04 +0800] "POST /xingrg/kc/buy/cgsh_list_operate.html HTTP/1.1" 200 4137
180.169.147.146 - - [07/Feb/2021:10:39:04 +0800] "POST /xingrg/kc/buy/cgsh_list_operate.html HTTP/1.1" 200 876
180.169.147.146 - - [07/Feb/2021:10:39:05 +0800] "GET /xingrg/index.html?sysBaseUrl=http%3A%2F%2F180.169.147.146%3A18081%2Fxingrg%2F&costTime=39×tamp=1612594480644 HTTP/1.1" 200 17503
180.169.147.146 - - [07/Feb/2021:10:39:05 +0800] "POST /xingrg/all/common/load_tree.html?tree=area_rest_tree_json&manage=1 HTTP/1.1" 200 3344
180.169.147.146 - - [07/Feb/2021:10:39:05 +0800] "GET /xingrg/all/function/internal_message.html?_=1612665531628&CODE_STATE=count HTTP/1.1" 200 11
180.169.147.146 - - [07/Feb/2021:10:39:05 +0800] "GET /xingrg/check_reg.html?_=1612665531629 HTTP/1.1" 200 22
180.169.147.146 - - [07/Feb/2021:10:39:05 +0800] "POST /xingrg/load_menu.html HTTP/1.1" 200 11564
114.86.187.76 - - [07/Feb/2021:10:39:06 +0800] "GET /xingrg/kc/buy/cgsh_order_add.html HTTP/1.1" 200 62110
114.86.187.76 - - [07/Feb/2021:10:39:06 +0800] "GET /xingrg/words/20210207093423_words.js HTTP/1.1" 200 794926
114.86.187.76 - - [07/Feb/2021:10:39:07 +0800] "POST /xingrg/kc/buy/cgsh_order_operate.html HTTP/1.1" 200 8245
114.86.187.76 - - [07/Feb/2021:10:39:07 +0800] "GET /xingrg/all/common/auto_word.html?type=employee&rest_code=00148 HTTP/1.1" 200 197
114.86.187.76 - - [07/Feb/2021:10:39:07 +0800] "GET /xingrg/all/common/auto_word.html?type=employee&rest_code=00148 HTTP/1.1" 200 197
114.86.187.76 - - [07/Feb/2021:10:39:07 +0800] "GET /xingrg/javascript/easyui/themes/default/validatebox.css HTTP/1.1" 404 1104
180.169.147.146 - - [07/Feb/2021:10:39:07 +0800] "GET /xingrg/kc/buy/cgyd_order_list.html HTTP/1.1" 200 46088
180.169.147.146 - - [07/Feb/2021:10:39:07 +0800] "GET /xingrg/kc/buy/cgsh_order_list.html HTTP/1.1" 200 46621
180.169.147.146 - - [07/Feb/2021:10:39:08 +0800] "POST /xingrg/kc/buy/cgyd_list_operate.html HTTP/1.1" 200 976
61.165.42.208 - - [07/Feb/2021:10:39:08 +0800] "GET /xingrg/kc/buy/cgsh_order_add.html HTTP/1.1" 200 62151
114.86.187.76 - - [07/Feb/2021:10:39:08 +0800] "GET /xingrg/javascript/auto/indicator.gif HTTP/1.1" 404 1066
61.165.42.208 - - [07/Feb/2021:10:39:08 +0800] "POST /xingrg/kc/buy/cgsh_order_operate.html HTTP/1.1" 200 8245
61.165.42.208 - - [07/Feb/2021:10:39:08 +0800] "GET /xingrg/javascript/easyui/themes/default/validatebox.css HTTP/1.1" 404 1104
180.169.147.146 - - [07/Feb/2021:10:39:08 +0800] "POST /xingrg/kc/buy/cgsh_list_operate.html HTTP/1.1" 200 876
116.228.172.94 - - [07/Feb/2021:10:39:10 +0800] "GET /xingrg/all/function/internal_message.html?_=1612665549118&CODE_STATE=getMsg HTTP/1.1" 200 27
61.165.42.208 - - [07/Feb/2021:10:39:11 +0800] "GET /xingrg/all/function/internal_message.html?_=1612665549336&CODE_STATE=getMsg HTTP/1.1" 200 27
180.169.147.146 - - [07/Feb/2021:10:39:12 +0800] "GET /xingrg/javascript/jquery_tools/images/prev.gif HTTP/1.1" 404 1086
180.169.147.146 - - [07/Feb/2021:10:39:12 +0800] "GET /xingrg/javascript/jquery_tools/images/next.gif HTTP/1.1" 404 1086
117.131.5.26 - - [07/Feb/2021:10:39:12 +0800] "GET /xingrg/all/function/internal_message.html?_=1612665608332&CODE_STATE=getMsg HTTP/1.1" 200 27
114.86.187.76 - - [07/Feb/2021:10:39:12 +0800] "GET /xingrg/kc/buy/cgsh_order_operate.html?command=get_materiel&rest_code=00148&code=00101006166&supplier_code=&order_time=2021-02-07 HTTP/1.1" 200 423
114.88.166.193 - - [07/Feb/2021:10:39:14 +0800] "GET /xingrg/check_reg.html?_=1612665550514 HTTP/1.1" 200 22
114.88.166.193 - - [07/Feb/2021:10:39:15 +0800] "GET /xingrg/all/function/internal_message.html?_=1612665551325&CODE_STATE=getMsg HTTP/1.1" 200 27
116.228.172.94 - - [07/Feb/2021:10:39:15 +0800] "GET /xingrg/kc/buy/cgsh_order_operate.html?command=get_materiel&rest_code=00107&code=00101004030&supplier_code=00100312&order_time=2021-02-07 HTTP/1.1" 200 410
180.162.108.15 - - [07/Feb/2021:10:39:18 +0800] "GET /xingrg/all/function/internal_message.html?_=1612665396787&CODE_STATE=getMsg HTTP/1.1" 200 27
58.37.230.33 - - [07/Feb/2021:10:39:19 +0800] "GET /xingrg/kc/buy/cgsh_order_operate.html?command=get_materiel&rest_code=00141&code=00101008286&supplier_code=00100007&order_time=2021-02-07 HTTP/1.1" 200 409
180.174.195.252 - - [07/Feb/2021:10:39:20 +0800] "GET /xingrg/all/function/internal_message.html?_=1612665805470&CODE_STATE=getMsg HTTP/1.1" 200 27
116.224.253.72 - - [07/Feb/2021:10:39:23 +0800] "GET /xingrg/all/function/internal_message.html?_=1612665562340&CODE_STATE=getMsg HTTP/1.1" 200 27
117.184.7.26 - - [07/Feb/2021:10:39:23 +0800] "GET /xingrg/check_reg.html?_=1612665561327 HTTP/1.1" 200 22
58.37.230.33 - - [07/Feb/2021:10:39:24 +0800] "GET /xingrg/all/function/internal_message.html?_=1612665574209&CODE_STATE=getMsg HTTP/1.1" 200 27
116.228.172.94 - - [07/Feb/2021:10:39:24 +0800] "GET /xingrg/kc/buy/cgsh_order_operate.html?command=get_materiel&rest_code=00107&code=00101004057&supplier_code=00100312&order_time=2021-02-07 HTTP/1.1" 200 409
117.184.7.26 - - [07/Feb/2021:10:39:24 +0800] "GET /xingrg/all/function/internal_message.html?_=1612665562068&CODE_STATE=getMsg HTTP/1.1" 200 27
58.37.230.33 - - [07/Feb/2021:10:39:24 +0800] "GET /xingrg/all/function/internal_message.html?_=1612665575433&CODE_STATE=getMsg HTTP/1.1" 200 27
58.37.230.33 - - [07/Feb/2021:10:39:25 +0800] "GET /xingrg/kc/buy/cgsh_order_operate.html?command=get_materiel&rest_code=00141&code=00101008036&supplier_code=00100007&order_time=2021-02-07 HTTP/1.1" 200 408
180.169.147.146 - - [07/Feb/2021:10:39:26 +0800] "GET /xingrg/all/function/internal_message.html?_=1612665559497&CODE_STATE=getMsg HTTP/1.1" 200 27
180.169.147.146 - - [07/Feb/2021:10:39:30 +0800] "GET /xingrg/all/function/internal_message.html?_=1612665567827&CODE_STATE=getMsg HTTP/1.1" 200 27
114.88.166.193 - - [07/Feb/2021:10:39:30 +0800] "GET /xingrg/all/function/internal_message.html?_=1612665565212&CODE_STATE=getMsg HTTP/1.1" 200 27
58.37.230.33 - - [07/Feb/2021:10:39:31 +0800] "GET /xingrg/kc/buy/cgsh_order_operate.html?command=get_materiel&rest_code=00141&code=00101008131&supplier_code=00100007&order_time=2021-02-07 HTTP/1.1" 200 408
58.37.230.33 - - [07/Feb/2021:10:39:33 +0800] "POST /xingrg/kc/buy/cgsh_order_operate.html HTTP/1.1" 200 2065
116.228.172.94 - - [07/Feb/2021:10:39:33 +0800] "GET /xingrg/kc/buy/cgsh_order_operate.html?command=get_materiel&rest_code=00107&code=00101004020&supplier_code=00100312&order_time=2021-02-07 HTTP/1.1" 200 409
180.169.147.146 - - [07/Feb/2021:10:39:34 +0800] "POST /xingrg/kc/buy/cgsh_list_operate.html HTTP/1.1" 200 5304
61.165.42.208 - - [07/Feb/2021:10:39:34 +0800] "GET /xingrg/kc/buy/cgsh_order_operate.html?command=get_materiel&rest_code=00105&code=00101036003&supplier_code=00100012&order_time=2021-02-07 HTTP/1.1" 200 439
180.169.147.146 - - [07/Feb/2021:10:39:35 +0800] "GET /xingrg/javascript/easyui/themes/default/images/button_plain_hover.png HTTP/1.1" 200 144
58.37.230.33 - - [07/Feb/2021:10:39:39 +0800] "GET /xingrg/kc/buy/cgsh_order_operate.html?command=get_materiel&rest_code=00141&code=00101008318&supplier_code=00100007&order_time=2021-02-07 HTTP/1.1" 200 408
180.169.147.146 - - [07/Feb/2021:10:39:40 +0800] "POST /xingrg/kc/buy/cgsh_list_operate.html HTTP/1.1" 200 5702
116.228.172.94 - - [07/Feb/2021:10:39:44 +0800] "GET /xingrg/kc/buy/cgsh_order_operate.html?command=get_materiel&rest_code=00107&code=00101004004&supplier_code=00100312&order_time=2021-02-07 HTTP/1.1" 200 413
58.37.230.33 - - [07/Feb/2021:10:39:44 +0800] "GET /xingrg/kc/buy/cgsh_order_operate.html?command=get_materiel&rest_code=00141&code=00101008352&supplier_code=00100007&order_time=2021-02-07 HTTP/1.1" 200 412
222.69.133.211 - - [07/Feb/2021:10:39:46 +0800] "GET /xingrg/all/function/internal_message.html?_=1612665583196&CODE_STATE=getMsg HTTP/1.1" 200 27
116.232.54.3 - - [07/Feb/2021:10:39:48 +0800] "GET /xingrg/all/function/internal_message.html?_=1612665586616&CODE_STATE=getMsg HTTP/1.1" 200 27
58.37.230.33 - - [07/Feb/2021:10:39:51 +0800] "GET /xingrg/kc/buy/cgsh_order_operate.html?command=get_materiel&rest_code=00141&code=00101008098&supplier_code=00100007&order_time=2021-02-07 HTTP/1.1" 200 412
114.86.187.76 - - [07/Feb/2021:10:39:55 +0800] "GET /xingrg/kc/buy/cgsh_order_operate.html?command=get_materiel&rest_code=00148&code=00101006152&supplier_code=&order_time=2021-02-07 HTTP/1.1" 200 411
58.37.230.33 - - [07/Feb/2021:10:39:57 +0800] "GET /xingrg/kc/buy/cgsh_order_operate.html?command=get_materiel&rest_code=00141&code=00101008005&supplier_code=00100007&order_time=2021-02-07 HTTP/1.1" 200 412
116.227.208.86 - - [07/Feb/2021:10:39:58 +0800] "GET /xingrg/all/function/internal_message.html?_=1612665595651&CODE_STATE=getMsg HTTP/1.1" 200 27
116.228.172.94 - - [07/Feb/2021:10:40:00 +0800] "GET /xingrg/kc/buy/cgsh_order_operate.html?command=get_materiel&rest_code=00107&code=00101001015&supplier_code=00100312&order_time=2021-02-07 HTTP/1.1" 200 414
218.81.223.240 - - [07/Feb/2021:10:40:04 +0800] "GET /xingrg/all/function/internal_message.html?_=1612665632651&CODE_STATE=getMsg HTTP/1.1" 200 27
180.169.147.146 - - [07/Feb/2021:10:40:07 +0800] "GET /xingrg/all/function/internal_message.html?_=1612665594192&CODE_STATE=getMsg HTTP/1.1" 200 27
116.228.172.94 - - [07/Feb/2021:10:40:10 +0800] "GET /xingrg/all/function/internal_message.html?_=1612665609091&CODE_STATE=getMsg HTTP/1.1" 200 27
61.165.42.208 - - [07/Feb/2021:10:40:11 +0800] "GET /xingrg/all/function/internal_message.html?_=1612665609339&CODE_STATE=getMsg HTTP/1.1" 200 27
117.131.5.26 - - [07/Feb/2021:10:40:12 +0800] "GET /xingrg/check_reg.html?_=1612665668331 HTTP/1.1" 200 22
117.131.5.26 - - [07/Feb/2021:10:40:12 +0800] "GET /xingrg/all/function/internal_message.html?_=1612665668332&CODE_STATE=getMsg HTTP/1.1" 200 27
114.88.166.193 - - [07/Feb/2021:10:40:15 +0800] "GET /xingrg/all/function/internal_message.html?_=1612665611344&CODE_STATE=getMsg HTTP/1.1" 200 27
180.162.108.15 - - [07/Feb/2021:10:40:18 +0800] "GET /xingrg/all/function/internal_message.html?_=1612665456805&CODE_STATE=getMsg HTTP/1.1" 200 27
58.37.230.33 - - [07/Feb/2021:10:40:19 +0800] "GET /xingrg/kc/buy/cgsh_order_operate.html?command=get_materiel&rest_code=00141&code=00101008271&supplier_code=00100007&order_time=2021-02-07 HTTP/1.1" 200 408
180.174.195.252 - - [07/Feb/2021:10:40:20 +0800] "GET /xingrg/all/function/internal_message.html?_=1612665865489&CODE_STATE=getMsg HTTP/1.1" 200 27
58.37.230.33 - - [07/Feb/2021:10:40:22 +0800] "POST /xingrg/kc/buy/cgsh_order_operate.html HTTP/1.1" 200 2065
101.91.60.11 - - [07/Feb/2021:10:40:23 +0800] "GET /xingrg/check_reg.html?_=1612665215431 HTTP/1.1" 302 -
116.224.253.72 - - [07/Feb/2021:10:40:23 +0800] "GET /xingrg/all/function/internal_message.html?_=1612665622353&CODE_STATE=getMsg HTTP/1.1" 200 27
58.37.230.33 - - [07/Feb/2021:10:40:24 +0800] "GET /xingrg/all/function/internal_message.html?_=1612665634211&CODE_STATE=getMsg HTTP/1.1" 200 27
117.184.7.26 - - [07/Feb/2021:10:40:24 +0800] "GET /xingrg/all/function/internal_message.html?_=1612665622056&CODE_STATE=getMsg HTTP/1.1" 200 27
58.37.230.33 - - [07/Feb/2021:10:40:24 +0800] "GET /xingrg/all/function/internal_message.html?_=1612665635459&CODE_STATE=getMsg HTTP/1.1" 200 27
58.37.230.33 - - [07/Feb/2021:10:40:26 +0800] "GET /xingrg/kc/buy/cgsh_order_operate.html?command=get_materiel&rest_code=00141&code=00101008353&supplier_code=00100007&order_time=2021-02-07 HTTP/1.1" 200 408
116.228.172.94 - - [07/Feb/2021:10:40:26 +0800] "GET /xingrg/kc/buy/cgsh_order_operate.html?command=get_materiel&rest_code=00107&code=00101001039&supplier_code=00100312&order_time=2021-02-07 HTTP/1.1" 200 424
180.169.147.146 - - [07/Feb/2021:10:40:26 +0800] "GET /xingrg/all/function/internal_message.html?_=1612665619475&CODE_STATE=getMsg HTTP/1.1" 200 27
180.169.147.146 - - [07/Feb/2021:10:40:30 +0800] "GET /xingrg/all/function/internal_message.html?_=1612665627833&CODE_STATE=getMsg HTTP/1.1" 200 27
180.169.147.146 - - [07/Feb/2021:10:40:30 +0800] "GET /xingrg/check_reg.html?_=1612665627840 HTTP/1.1" 200 22
114.88.166.193 - - [07/Feb/2021:10:40:30 +0800] "GET /xingrg/all/function/internal_message.html?_=1612665625213&CODE_STATE=getMsg HTTP/1.1" 200 27
101.89.29.78 - - [07/Feb/2021:10:40:31 +0800] "GET /xingrg/all/function/internal_message.html?_=1612665455426&CODE_STATE=getMsg HTTP/1.1" 302 -
58.37.230.33 - - [07/Feb/2021:10:40:31 +0800] "GET /xingrg/kc/buy/cgsh_order_operate.html?command=get_materiel&rest_code=00141&code=00101008213&supplier_code=00100007&order_time=2021-02-07 HTTP/1.1" 200 412
101.91.60.11 - - [07/Feb/2021:10:40:31 +0800] "GET /xingrg/login.html HTTP/1.1" 200 7641
116.228.172.94 - - [07/Feb/2021:10:40:34 +0800] "GET /xingrg/kc/buy/cgsh_order_operate.html?command=get_materiel&rest_code=00107&code=00101001139&supplier_code=00100312&order_time=2021-02-07 HTTP/1.1" 200 418
58.37.230.33 - - [07/Feb/2021:10:40:37 +0800] "GET /xingrg/kc/buy/cgsh_order_operate.html?command=get_materiel&rest_code=00141&code=00101008312&supplier_code=00100007&order_time=2021-02-07 HTTP/1.1" 200 412
101.89.29.78 - - [07/Feb/2021:10:40:40 +0800] "GET /xingrg/login.html HTTP/1.1" 200 7641
61.165.42.208 - - [07/Feb/2021:10:40:41 +0800] "GET /xingrg/kc/buy/cgsh_order_operate.html?command=get_materiel&rest_code=00105&code=00101006184&supplier_code=00100012&order_time=2021-02-07 HTTP/1.1" 200 408
58.37.230.33 - - [07/Feb/2021:10:40:43 +0800] "GET /xingrg/kc/buy/cgsh_order_operate.html?command=get_materiel&rest_code=00141&code=00101008283&supplier_code=00100007&order_time=2021-02-07 HTTP/1.1" 200 409
101.91.62.89 - - [07/Feb/2021:10:40:44 +0800] "GET /xingrg/kc/buy/cgsh_order_operate.html?command=get_materiel&rest_code=00141&code=00101008131&supplier_code=00100007&order_time=2021-02-07 HTTP/1.1" 302 -
101.91.62.89 - - [07/Feb/2021:10:40:45 +0800] "GET /xingrg/login.html HTTP/1.1" 200 7641
222.69.133.211 - - [07/Feb/2021:10:40:46 +0800] "GET /xingrg/all/function/internal_message.html?_=1612665643167&CODE_STATE=getMsg HTTP/1.1" 200 27
222.69.133.211 - - [07/Feb/2021:10:40:48 +0800] "GET /xingrg/check_reg.html?_=1612665645486 HTTP/1.1" 200 22
116.232.54.3 - - [07/Feb/2021:10:40:48 +0800] "GET /xingrg/all/function/internal_message.html?_=1612665646617&CODE_STATE=getMsg HTTP/1.1" 200 27
61.165.42.208 - - [07/Feb/2021:10:40:54 +0800] "GET /xingrg/kc/buy/cgsh_order_operate.html?command=get_materiel&rest_code=00105&code=00101006195&supplier_code=00100012&order_time=2021-02-07 HTTP/1.1" 200 409
116.228.172.94 - - [07/Feb/2021:10:40:56 +0800] "POST /xingrg/kc/buy/cgsh_order_operate.html HTTP/1.1" 200 37
58.37.230.33 - - [07/Feb/2021:10:40:57 +0800] "GET /xingrg/kc/buy/cgsh_order_operate.html?command=get_materiel&rest_code=00141&code=00101013137&supplier_code=00100007&order_time=2021-02-07 HTTP/1.1" 200 413
116.227.208.86 - - [07/Feb/2021:10:40:58 +0800] "GET /xingrg/all/function/internal_message.html?_=1612665655658&CODE_STATE=getMsg HTTP/1.1" 200 27
116.227.208.86 - - [07/Feb/2021:10:40:58 +0800] "GET /xingrg/check_reg.html?_=1612665655659 HTTP/1.1" 200 22
116.228.172.94 - - [07/Feb/2021:10:40:59 +0800] "POST /xingrg/kc/buy/cgsh_order_operate.html HTTP/1.1" 200 8627
58.37.230.33 - - [07/Feb/2021:10:40:59 +0800] "POST /xingrg/kc/buy/cgsh_order_operate.html HTTP/1.1" 200 2065
101.89.29.92 - - [07/Feb/2021:10:41:03 +0800] "GET /xingrg/kc/buy/cgsh_order_operate.html?command=get_materiel&rest_code=00141&code=00101008017&supplier_code=00100007&order_time=2021-02-07 HTTP/1.1" 302 -
218.81.223.240 - - [07/Feb/2021:10:41:04 +0800] "GET /xingrg/all/function/internal_message.html?_=1612665692669&CODE_STATE=getMsg HTTP/1.1" 200 27
117.185.32.26 - - [07/Feb/2021:10:41:05 +0800] "GET /xingrg/images/yd/bt.gif HTTP/1.1" 404 1040
180.162.108.15 - - [07/Feb/2021:10:41:05 +0800] "POST /xingrg/kc/buy/cgsh_order_operate.html HTTP/1.1" 200 37
61.165.42.208 - - [07/Feb/2021:10:41:05 +0800] "GET /xingrg/kc/buy/cgsh_order_operate.html?command=get_materiel&rest_code=00105&code=00101006109&supplier_code=00100012&order_time=2021-02-07 HTTP/1.1" 200 409
101.89.29.92 - - [07/Feb/2021:10:41:05 +0800] "GET /xingrg/login.html HTTP/1.1" 200 7641
180.169.147.146 - - [07/Feb/2021:10:41:05 +0800] "GET /xingrg/all/function/internal_message.html?_=1612665652191&CODE_STATE=getMsg HTTP/1.1" 200 27
180.162.108.15 - - [07/Feb/2021:10:41:07 +0800] "POST /xingrg/kc/buy/cgsh_order_operate.html HTTP/1.1" 200 12
116.228.172.94 - - [07/Feb/2021:10:41:08 +0800] "GET /xingrg/kc/print/load_data.html?order_code=212021020703202&kc_code=cgsh&condition= HTTP/1.1" 200 2952
180.162.108.15 - - [07/Feb/2021:10:41:08 +0800] "GET /xingrg/kc/buy/cgsh_order_info.html?code=212021020703203 HTTP/1.1" 200 56085
180.162.108.15 - - [07/Feb/2021:10:41:09 +0800] "GET /xingrg/javascript/easyui/themes/default/validatebox.css HTTP/1.1" 404 1104
180.162.108.15 - - [07/Feb/2021:10:41:09 +0800] "POST /xingrg/kc/buy/cgsh_order_operate.html HTTP/1.1" 200 17712
116.228.172.94 - - [07/Feb/2021:10:41:10 +0800] "GET /xingrg/all/function/internal_message.html?_=1612665669106&CODE_STATE=getMsg HTTP/1.1" 200 27
61.151.207.205 - - [07/Feb/2021:10:41:10 +0800] "GET /xingrg/kc/buy/cgsh_order_operate.html?command=get_materiel&rest_code=00141&code=00101008163&supplier_code=00100007&order_time=2021-02-07 HTTP/1.1" 302 -
61.165.42.208 - - [07/Feb/2021:10:41:11 +0800] "GET /xingrg/all/function/internal_message.html?_=1612665669323&CODE_STATE=getMsg HTTP/1.1" 200 27
61.165.42.208 - - [07/Feb/2021:10:41:11 +0800] "GET /xingrg/check_reg.html?_=1612665669326 HTTP/1.1" 200 22
180.162.108.15 - - [07/Feb/2021:10:41:11 +0800] "GET /xingrg/kc/print/load_config.html?kc_code=cgsh HTTP/1.1" 200 1845
180.162.108.15 - - [07/Feb/2021:10:41:12 +0800] "GET /xingrg/kc/print/load_data.html?order_code=212021020703203&kc_code=cgsh&condition= HTTP/1.1" 200 7179
61.151.178.197 - - [07/Feb/2021:10:41:12 +0800] "GET /xingrg/all/function/internal_message.html?_=1612665395432&CODE_STATE=getMsg HTTP/1.1" 302 -
117.131.5.26 - - [07/Feb/2021:10:41:12 +0800] "GET /xingrg/all/function/internal_message.html?_=1612665728330&CODE_STATE=getMsg HTTP/1.1" 200 27
116.228.172.94 - - [07/Feb/2021:10:41:13 +0800] "GET /xingrg/kc/buy/cgsh_order_add.html HTTP/1.1" 200 62192
116.228.172.94 - - [07/Feb/2021:10:41:14 +0800] "GET /xingrg/javascript/easyui/themes/default/validatebox.css HTTP/1.1" 404 1104
116.228.172.94 - - [07/Feb/2021:10:41:14 +0800] "POST /xingrg/kc/buy/cgsh_order_operate.html HTTP/1.1" 200 8245
114.88.166.193 - - [07/Feb/2021:10:41:15 +0800] "GET /xingrg/all/function/internal_message.html?_=1612665671361&CODE_STATE=getMsg HTTP/1.1" 200 27
116.228.172.94 - - [07/Feb/2021:10:41:16 +0800] "GET /xingrg/javascript/easyui/themes/default/tree.css HTTP/1.1" 404 1090
116.228.172.94 - - [07/Feb/2021:10:41:16 +0800] "POST /xingrg/all/common/load_tree.html?tree=supplier_tree_json&isDelete=1 HTTP/1.1" 200 54827
61.151.207.205 - - [07/Feb/2021:10:41:16 +0800] "GET /xingrg/login.html HTTP/1.1" 200 7641
61.165.42.208 - - [07/Feb/2021:10:41:17 +0800] "GET /xingrg/kc/buy/cgsh_order_operate.html?command=get_materiel&rest_code=00105&code=00101006177&supplier_code=00100012&order_time=2021-02-07 HTTP/1.1" 200 409
180.162.108.15 - - [07/Feb/2021:10:41:18 +0800] "GET /xingrg/all/function/internal_message.html?_=1612665516802&CODE_STATE=getMsg HTTP/1.1" 200 27
61.151.178.197 - - [07/Feb/2021:10:41:20 +0800] "GET /xingrg/login.html HTTP/1.1" 200 7641
180.174.195.252 - - [07/Feb/2021:10:41:20 +0800] "GET /xingrg/all/function/internal_message.html?_=1612665925766&CODE_STATE=getMsg HTTP/1.1" 200 27
117.185.32.26 - - [07/Feb/2021:10:41:23 +0800] "GET /xingrg/kc/buy/cgsh_order_list.html HTTP/1.1" 200 46366
116.224.253.72 - - [07/Feb/2021:10:41:23 +0800] "GET /xingrg/check_reg.html?_=1612665682348 HTTP/1.1" 200 22
116.224.253.72 - - [07/Feb/2021:10:41:23 +0800] "GET /xingrg/all/function/internal_message.html?_=1612665682350&CODE_STATE=getMsg HTTP/1.1" 200 27
58.37.230.33 - - [07/Feb/2021:10:41:24 +0800] "GET /xingrg/all/function/internal_message.html?_=1612665694211&CODE_STATE=getMsg HTTP/1.1" 200 27
58.37.230.33 - - [07/Feb/2021:10:41:24 +0800] "GET /xingrg/check_reg.html?_=1612665694213 HTTP/1.1" 200 22
61.129.7.235 - - [07/Feb/2021:10:41:24 +0800] "GET /xingrg/check_reg.html?_=1612665515442 HTTP/1.1" 302 -
117.184.7.26 - - [07/Feb/2021:10:41:24 +0800] "GET /xingrg/all/function/internal_message.html?_=1612665682042&CODE_STATE=getMsg HTTP/1.1" 200 27
58.37.230.33 - - [07/Feb/2021:10:41:24 +0800] "GET /xingrg/all/function/internal_message.html?_=1612665695513&CODE_STATE=getMsg HTTP/1.1" 200 27
61.165.42.208 - - [07/Feb/2021:10:41:25 +0800] "GET /xingrg/kc/buy/cgsh_order_operate.html?command=get_materiel&rest_code=00105&code=00101010248&supplier_code=00100012&order_time=2021-02-07 HTTP/1.1" 200 430
180.169.147.146 - - [07/Feb/2021:10:41:26 +0800] "GET /xingrg/all/function/internal_message.html?_=1612665679455&CODE_STATE=getMsg HTTP/1.1" 200 27
61.165.42.208 - - [07/Feb/2021:10:41:26 +0800] "POST /xingrg/all/common/load_select.html HTTP/1.1" 200 25
101.89.19.149 - - [07/Feb/2021:10:41:28 +0800] "GET /xingrg/all/function/internal_message.html?_=1612665635459&CODE_STATE=getMsg HTTP/1.1" 302 -
61.129.7.235 - - [07/Feb/2021:10:41:28 +0800] "GET /xingrg/login.html HTTP/1.1" 200 7641
61.165.42.208 - - [07/Feb/2021:10:41:29 +0800] "GET /xingrg/kc/buy/cgsh_order_operate.html?command=get_materiel_price&rest_code=00105&code=00101010248&unit_code=00100043&supplier_code=00100012&order_time=2021-02-07 HTTP/1.1" 200 29
180.169.147.146 - - [07/Feb/2021:10:41:30 +0800] "GET /xingrg/all/function/internal_message.html?_=1612665687826&CODE_STATE=getMsg HTTP/1.1" 200 27
114.88.166.193 - - [07/Feb/2021:10:41:30 +0800] "GET /xingrg/all/function/internal_message.html?_=1612665685215&CODE_STATE=getMsg HTTP/1.1" 200 27
101.91.60.105 - - [07/Feb/2021:10:41:33 +0800] "GET /xingrg/kc/buy/cgsh_order_operate.html?command=get_materiel&rest_code=00141&code=00101008213&supplier_code=00100007&order_time=2021-02-07 HTTP/1.1" 302 -
117.185.32.26 - - [07/Feb/2021:10:41:34 +0800] "POST /xingrg/kc/buy/cgsh_list_operate.html HTTP/1.1" 200 876
101.89.239.245 - - [07/Feb/2021:10:41:36 +0800] "GET /xingrg/all/function/internal_message.html?_=1612665275428&CODE_STATE=getMsg HTTP/1.1" 302 -
61.151.179.84 - - [07/Feb/2021:10:41:36 +0800] "GET /xingrg/kc/buy/cgsh_order_operate.html?command=get_materiel&rest_code=00141&code=00101008356&supplier_code=00100007&order_time=2021-02-07 HTTP/1.1" 302 -
101.89.19.149 - - [07/Feb/2021:10:41:36 +0800] "GET /xingrg/login.html HTTP/1.1" 200 7641
117.185.32.26 - - [07/Feb/2021:10:41:37 +0800] "GET /xingrg/kc/buy/cgsh_order_add.html HTTP/1.1" 200 62110
117.185.32.26 - - [07/Feb/2021:10:41:37 +0800] "GET /xingrg/words/20210207093423_words.js HTTP/1.1" 200 794926
61.151.179.84 - - [07/Feb/2021:10:41:37 +0800] "GET /xingrg/login.html HTTP/1.1" 200 7641
101.89.239.245 - - [07/Feb/2021:10:41:38 +0800] "GET /xingrg/login.html HTTP/1.1" 200 7641
117.185.32.26 - - [07/Feb/2021:10:41:38 +0800] "POST /xingrg/kc/buy/cgsh_order_operate.html HTTP/1.1" 200 8245
117.185.32.26 - - [07/Feb/2021:10:41:38 +0800] "GET /xingrg/all/common/auto_word.html?type=employee&rest_code=00106 HTTP/1.1" 200 205
61.165.42.208 - - [07/Feb/2021:10:41:39 +0800] "GET /xingrg/kc/buy/cgsh_order_operate.html?command=get_materiel&rest_code=00105&code=00101006106&supplier_code=00100012&order_time=2021-02-07 HTTP/1.1" 200 421
117.185.32.26 - - [07/Feb/2021:10:41:39 +0800] "GET /xingrg/all/common/auto_word.html?type=employee&rest_code=00106 HTTP/1.1" 200 205
117.185.32.26 - - [07/Feb/2021:10:41:39 +0800] "GET /xingrg/javascript/easyui/themes/default/validatebox.css HTTP/1.1" 404 1104
101.91.60.105 - - [07/Feb/2021:10:41:39 +0800] "GET /xingrg/login.html HTTP/1.1" 200 7641
117.185.32.26 - - [07/Feb/2021:10:41:41 +0800] "GET /xingrg/javascript/easyui/themes/default/tree.css HTTP/1.1" 404 1090
117.185.32.26 - - [07/Feb/2021:10:41:41 +0800] "POST /xingrg/all/common/load_tree.html?tree=supplier_tree_json&isDelete=1 HTTP/1.1" 200 54827
222.69.133.211 - - [07/Feb/2021:10:41:45 +0800] "GET /xingrg/all/function/internal_message.html?_=1612665703151&CODE_STATE=getMsg HTTP/1.1" 200 27
116.232.54.3 - - [07/Feb/2021:10:41:48 +0800] "GET /xingrg/all/function/internal_message.html?_=1612665706617&CODE_STATE=getMsg HTTP/1.1" 200 27
116.232.54.3 - - [07/Feb/2021:10:41:48 +0800] "GET /xingrg/check_reg.html?_=1612665706618 HTTP/1.1" 200 22
61.165.42.208 - - [07/Feb/2021:10:41:51 +0800] "POST /xingrg/kc/buy/cgsh_order_operate.html HTTP/1.1" 200 37
61.165.42.208 - - [07/Feb/2021:10:41:52 +0800] "POST /xingrg/kc/buy/cgsh_order_operate.html HTTP/1.1" 200 6847
61.151.207.141 - - [07/Feb/2021:10:41:52 +0800] "GET /xingrg/all/function/internal_message.html?_=1612665515439&CODE_STATE=getMsg HTTP/1.1" 302 -
61.165.42.208 - - [07/Feb/2021:10:41:53 +0800] "GET /xingrg/kc/print/load_data.html?order_code=212021020703204&kc_code=cgsh&condition= HTTP/1.1" 200 2388
61.151.207.141 - - [07/Feb/2021:10:41:55 +0800] "GET /xingrg/login.html HTTP/1.1" 200 7641
116.227.208.86 - - [07/Feb/2021:10:41:58 +0800] "GET /xingrg/all/function/internal_message.html?_=1612665715659&CODE_STATE=getMsg HTTP/1.1" 200 27
116.228.172.94 - - [07/Feb/2021:10:42:00 +0800] "GET /xingrg/kc/buy/cgsh_order_operate.html?command=get_materiel&rest_code=00107&code=00101006159&supplier_code=00100344&order_time=2021-02-07 HTTP/1.1" 200 415
117.185.32.26 - - [07/Feb/2021:10:42:00 +0800] "GET /xingrg/javascript/auto/indicator.gif HTTP/1.1" 404 1066
117.185.32.26 - - [07/Feb/2021:10:42:03 +0800] "GET /xingrg/kc/buy/cgsh_order_operate.html?command=get_materiel&rest_code=00106&code=00101011005&supplier_code=00100050&order_time=2021-02-07 HTTP/1.1" 200 428
120.253.135.82 - - [07/Feb/2021:10:42:04 +0800] "GET /xingrg/check_reg.html?_=1612665486506 HTTP/1.1" 200 22
61.129.6.251 - - [07/Feb/2021:10:42:04 +0800] "GET /xingrg/kc/buy/cgsh_order_operate.html?command=get_materiel&rest_code=00141&code=00101013137&supplier_code=00100007&order_time=2021-02-07 HTTP/1.1" 302 -
218.81.223.240 - - [07/Feb/2021:10:42:04 +0800] "GET /xingrg/all/function/internal_message.html?_=1612665752951&CODE_STATE=getMsg HTTP/1.1" 200 27
117.185.32.26 - - [07/Feb/2021:10:42:05 +0800] "GET /xingrg/check_reg.html?_=1612665722506 HTTP/1.1" 200 22
61.151.178.164 - - [07/Feb/2021:10:42:05 +0800] "GET /xingrg/kc/buy/cgsh_order_operate.html?command=get_materiel&rest_code=00141&code=00101008357&supplier_code=00100007&order_time=2021-02-07 HTTP/1.1" 302 -
180.169.147.146 - - [07/Feb/2021:10:42:05 +0800] "GET /xingrg/all/function/internal_message.html?_=1612665712192&CODE_STATE=getMsg HTTP/1.1" 200 27
61.129.6.251 - - [07/Feb/2021:10:42:09 +0800] "GET /xingrg/login.html HTTP/1.1" 200 7641
116.228.172.94 - - [07/Feb/2021:10:42:10 +0800] "GET /xingrg/all/function/internal_message.html?_=1612665729088&CODE_STATE=getMsg HTTP/1.1" 200 27
61.151.178.164 - - [07/Feb/2021:10:42:10 +0800] "GET /xingrg/login.html HTTP/1.1" 200 7641
116.228.172.94 - - [07/Feb/2021:10:42:11 +0800] "POST /xingrg/kc/buy/cgsh_order_operate.html HTTP/1.1" 200 37
61.165.42.208 - - [07/Feb/2021:10:42:11 +0800] "GET /xingrg/all/function/internal_message.html?_=1612665729322&CODE_STATE=getMsg HTTP/1.1" 200 27
117.131.5.26 - - [07/Feb/2021:10:42:12 +0800] "GET /xingrg/all/function/internal_message.html?_=1612665788328&CODE_STATE=getMsg HTTP/1.1" 200 27
116.228.172.94 - - [07/Feb/2021:10:42:13 +0800] "POST /xingrg/kc/buy/cgsh_order_operate.html HTTP/1.1" 200 2661
116.228.172.94 - - [07/Feb/2021:10:42:14 +0800] "GET /xingrg/kc/print/load_data.html?order_code=212021020703205&kc_code=cgsh&condition= HTTP/1.1" 200 690
117.185.32.26 - - [07/Feb/2021:10:42:15 +0800] "GET /xingrg/kc/buy/cgsh_order_operate.html?command=get_materiel&rest_code=00106&code=00101011010&supplier_code=00100050&order_time=2021-02-07 HTTP/1.1" 200 418
114.88.166.193 - - [07/Feb/2021:10:42:15 +0800] "GET /xingrg/all/function/internal_message.html?_=1612665731659&CODE_STATE=getMsg HTTP/1.1" 200 27
180.162.108.15 - - [07/Feb/2021:10:42:18 +0800] "GET /xingrg/all/function/internal_message.html?_=1612665576808&CODE_STATE=getMsg HTTP/1.1" 200 27
180.162.108.15 - - [07/Feb/2021:10:42:18 +0800] "GET /xingrg/check_reg.html?_=1612665576805 HTTP/1.1" 200 22
116.228.172.94 - - [07/Feb/2021:10:42:19 +0800] "GET /xingrg/kc/buy/cgsh_order_add.html HTTP/1.1" 200 62192
116.228.172.94 - - [07/Feb/2021:10:42:19 +0800] "POST /xingrg/kc/buy/cgsh_order_operate.html HTTP/1.1" 200 8245
116.228.172.94 - - [07/Feb/2021:10:42:20 +0800] "GET /xingrg/javascript/easyui/themes/default/validatebox.css HTTP/1.1" 404 1104
180.174.195.252 - - [07/Feb/2021:10:42:20 +0800] "GET /xingrg/all/function/internal_message.html?_=1612665985789&CODE_STATE=getMsg HTTP/1.1" 200 27
116.228.172.94 - - [07/Feb/2021:10:42:21 +0800] "GET /xingrg/javascript/easyui/themes/default/tree.css HTTP/1.1" 404 1090
116.228.172.94 - - [07/Feb/2021:10:42:21 +0800] "POST /xingrg/all/common/load_tree.html?tree=supplier_tree_json&isDelete=1 HTTP/1.1" 200 54827
101.89.239.238 - - [07/Feb/2021:10:42:21 +0800] "GET /xingrg/kc/buy/cgsh_order_operate.html?command=get_materiel&rest_code=00141&code=00101008038&supplier_code=00100007&order_time=2021-02-07 HTTP/1.1" 302 -
116.224.253.72 - - [07/Feb/2021:10:42:23 +0800] "GET /xingrg/all/function/internal_message.html?_=1612665742351&CODE_STATE=getMsg HTTP/1.1" 200 27
58.37.230.33 - - [07/Feb/2021:10:42:24 +0800] "GET /xingrg/all/function/internal_message.html?_=1612665754220&CODE_STATE=getMsg HTTP/1.1" 200 27
117.184.7.26 - - [07/Feb/2021:10:42:24 +0800] "GET /xingrg/all/function/internal_message.html?_=1612665742027&CODE_STATE=getMsg HTTP/1.1" 200 27
117.185.32.26 - - [07/Feb/2021:10:42:24 +0800] "GET /xingrg/kc/buy/cgsh_order_operate.html?command=get_materiel&rest_code=00106&code=00101011001&supplier_code=00100050&order_time=2021-02-07 HTTP/1.1" 200 423
58.37.230.33 - - [07/Feb/2021:10:42:24 +0800] "GET /xingrg/all/function/internal_message.html?_=1612665755465&CODE_STATE=getMsg HTTP/1.1" 200 27
180.169.147.146 - - [07/Feb/2021:10:42:26 +0800] "GET /xingrg/all/function/internal_message.html?_=1612665739424&CODE_STATE=getMsg HTTP/1.1" 200 27
180.169.147.146 - - [07/Feb/2021:10:42:26 +0800] "GET /xingrg/check_reg.html?_=1612665739723 HTTP/1.1" 200 22
116.228.172.94 - - [07/Feb/2021:10:42:28 +0800] "GET /xingrg/check_reg.html?_=1612665747497 HTTP/1.1" 200 22
101.89.239.238 - - [07/Feb/2021:10:42:29 +0800] "GET /xingrg/login.html HTTP/1.1" 200 7641
180.169.147.146 - - [07/Feb/2021:10:42:30 +0800] "GET /xingrg/all/function/internal_message.html?_=1612665747835&CODE_STATE=getMsg HTTP/1.1" 200 27
114.88.166.193 - - [07/Feb/2021:10:42:30 +0800] "GET /xingrg/all/function/internal_message.html?_=1612665745215&CODE_STATE=getMsg HTTP/1.1" 200 27
114.88.166.193 - - [07/Feb/2021:10:42:30 +0800] "GET /xingrg/check_reg.html?_=1612665745219 HTTP/1.1" 200 22
218.81.223.240 - - [07/Feb/2021:10:42:37 +0800] "GET /xingrg/check_reg.html?_=1612665785347 HTTP/1.1" 200 22
180.162.108.15 - - [07/Feb/2021:10:42:37 +0800] "GET /xingrg/kc/buy/cgsh_order_add.html HTTP/1.1" 200 61184
117.185.32.26 - - [07/Feb/2021:10:42:37 +0800] "POST /xingrg/kc/buy/cgsh_order_operate.html HTTP/1.1" 200 37
180.162.108.15 - - [07/Feb/2021:10:42:37 +0800] "POST /xingrg/kc/buy/cgsh_order_operate.html HTTP/1.1" 200 8245
180.162.108.15 - - [07/Feb/2021:10:42:37 +0800] "GET /xingrg/javascript/easyui/themes/default/validatebox.css HTTP/1.1" 404 1104
180.162.108.15 - - [07/Feb/2021:10:42:39 +0800] "GET /xingrg/javascript/easyui/themes/default/tree.css HTTP/1.1" 404 1090
180.162.108.15 - - [07/Feb/2021:10:42:39 +0800] "POST /xingrg/all/common/load_tree.html?tree=supplier_tree_json&isDelete=1 HTTP/1.1" 200 54827
117.185.32.26 - - [07/Feb/2021:10:42:39 +0800] "POST /xingrg/kc/buy/cgsh_order_operate.html HTTP/1.1" 200 12
117.185.32.26 - - [07/Feb/2021:10:42:40 +0800] "GET /xingrg/kc/buy/cgsh_order_info.html?code=212021020703206 HTTP/1.1" 200 57014
117.185.32.26 - - [07/Feb/2021:10:42:41 +0800] "GET /xingrg/javascript/easyui/themes/default/validatebox.css HTTP/1.1" 404 1104
117.185.32.26 - - [07/Feb/2021:10:42:42 +0800] "POST /xingrg/kc/buy/cgsh_order_operate.html HTTP/1.1" 200 1809
117.185.32.26 - - [07/Feb/2021:10:42:43 +0800] "GET /xingrg/kc/print/load_config.html?kc_code=cgsh HTTP/1.1" 200 1845
117.185.32.26 - - [07/Feb/2021:10:42:43 +0800] "GET /xingrg/kc/print/load_data.html?order_code=212021020703206&kc_code=cgsh&condition= HTTP/1.1" 200 1225
222.69.133.211 - - [07/Feb/2021:10:42:45 +0800] "GET /xingrg/all/function/internal_message.html?_=1612665763136&CODE_STATE=getMsg HTTP/1.1" 200 27
116.232.54.3 - - [07/Feb/2021:10:42:48 +0800] "GET /xingrg/all/function/internal_message.html?_=1612665766619&CODE_STATE=getMsg HTTP/1.1" 200 27
117.185.32.26 - - [07/Feb/2021:10:42:54 +0800] "GET /xingrg/kc/buy/cgsh_order_add.html HTTP/1.1" 200 62110
117.185.32.26 - - [07/Feb/2021:10:42:55 +0800] "GET /xingrg/javascript/easyui/themes/default/validatebox.css HTTP/1.1" 404 1104
117.185.32.26 - - [07/Feb/2021:10:42:55 +0800] "POST /xingrg/kc/buy/cgsh_order_operate.html HTTP/1.1" 200 8245
117.185.32.26 - - [07/Feb/2021:10:42:55 +0800] "GET /xingrg/javascript/easyui/themes/default/tree.css HTTP/1.1" 404 1090
117.185.32.26 - - [07/Feb/2021:10:42:55 +0800] "POST /xingrg/all/common/load_tree.html?tree=supplier_tree_json&isDelete=1 HTTP/1.1" 200 54827
116.227.208.86 - - [07/Feb/2021:10:42:58 +0800] "GET /xingrg/all/function/internal_message.html?_=1612665775661&CODE_STATE=getMsg HTTP/1.1" 200 27
222.70.209.13 - - [07/Feb/2021:10:42:59 +0800] "POST /xingrg/services/DataTransmitService HTTP/1.1" 200 524
218.81.223.240 - - [07/Feb/2021:10:43:04 +0800] "GET /xingrg/all/function/internal_message.html?_=1612665812961&CODE_STATE=getMsg HTTP/1.1" 200 27
180.169.147.146 - - [07/Feb/2021:10:43:05 +0800] "GET /xingrg/all/function/internal_message.html?_=1612665772191&CODE_STATE=getMsg HTTP/1.1" 200 27
117.185.32.26 - - [07/Feb/2021:10:43:06 +0800] "GET /xingrg/kc/buy/cgsh_order_operate.html?command=get_materiel&rest_code=00106&code=00101008146&supplier_code=00100009&order_time=2021-02-07 HTTP/1.1" 200 418
116.228.172.94 - - [07/Feb/2021:10:43:10 +0800] "GET /xingrg/all/function/internal_message.html?_=1612665789059&CODE_STATE=getMsg HTTP/1.1" 200 27
61.165.42.208 - - [07/Feb/2021:10:43:11 +0800] "GET /xingrg/all/function/internal_message.html?_=1612665789323&CODE_STATE=getMsg HTTP/1.1" 200 27
117.131.5.26 - - [07/Feb/2021:10:43:12 +0800] "GET /xingrg/all/function/internal_message.html?_=1612665848327&CODE_STATE=getMsg HTTP/1.1" 200 27
61.129.6.225 - - [07/Feb/2021:10:43:14 +0800] "GET /xingrg/kc/buy/cgsh_order_operate.html?command=get_materiel&rest_code=00141&code=00101008005&supplier_code=00100007&order_time=2021-02-07 HTTP/1.1" 302 -
117.185.32.26 - - [07/Feb/2021:10:43:15 +0800] "GET /xingrg/kc/buy/cgsh_order_operate.html?command=get_materiel&rest_code=00106&code=00101008147&supplier_code=00100009&order_time=2021-02-07 HTTP/1.1" 200 418
114.88.166.193 - - [07/Feb/2021:10:43:15 +0800] "GET /xingrg/all/function/internal_message.html?_=1612665791676&CODE_STATE=getMsg HTTP/1.1" 200 27
114.86.187.76 - - [07/Feb/2021:10:43:17 +0800] "GET /xingrg/check_reg.html?_=1612665795579 HTTP/1.1" 200 22
61.129.6.225 - - [07/Feb/2021:10:43:18 +0800] "GET /xingrg/login.html HTTP/1.1" 200 7641
180.162.108.15 - - [07/Feb/2021:10:43:18 +0800] "GET /xingrg/all/function/internal_message.html?_=1612665636801&CODE_STATE=getMsg HTTP/1.1" 200 27
180.174.195.252 - - [07/Feb/2021:10:43:20 +0800] "GET /xingrg/check_reg.html?_=1612666045506 HTTP/1.1" 200 22
180.174.195.252 - - [07/Feb/2021:10:43:20 +0800] "GET /xingrg/all/function/internal_message.html?_=1612666045802&CODE_STATE=getMsg HTTP/1.1" 200 27
117.185.32.26 - - [07/Feb/2021:10:43:22 +0800] "GET /xingrg/kc/buy/cgsh_order_operate.html?command=get_materiel&rest_code=00106&code=00101008037&supplier_code=00100009&order_time=2021-02-07 HTTP/1.1" 200 413
116.224.253.72 - - [07/Feb/2021:10:43:23 +0800] "GET /xingrg/all/function/internal_message.html?_=1612665802349&CODE_STATE=getMsg HTTP/1.1" 200 27
58.37.230.33 - - [07/Feb/2021:10:43:24 +0800] "GET /xingrg/all/function/internal_message.html?_=1612665814210&CODE_STATE=getMsg HTTP/1.1" 200 27
117.184.7.26 - - [07/Feb/2021:10:43:24 +0800] "GET /xingrg/all/function/internal_message.html?_=1612665802011&CODE_STATE=getMsg HTTP/1.1" 200 27
58.37.230.33 - - [07/Feb/2021:10:43:24 +0800] "GET /xingrg/all/function/internal_message.html?_=1612665815459&CODE_STATE=getMsg HTTP/1.1" 200 27
58.37.230.33 - - [07/Feb/2021:10:43:24 +0800] "GET /xingrg/check_reg.html?_=1612665815461 HTTP/1.1" 200 22
180.169.147.146 - - [07/Feb/2021:10:43:26 +0800] "GET /xingrg/all/function/internal_message.html?_=1612665799403&CODE_STATE=getMsg HTTP/1.1" 200 27
101.227.139.161 - - [07/Feb/2021:10:43:28 +0800] "GET /xingrg/kc/buy/cgsh_order_operate.html?command=get_materiel&rest_code=00141&code=00101008264&supplier_code=00100007&order_time=2021-02-07 HTTP/1.1" 302 -
180.169.147.146 - - [07/Feb/2021:10:43:30 +0800] "GET /xingrg/all/function/internal_message.html?_=1612665807841&CODE_STATE=getMsg HTTP/1.1" 200 27
101.227.139.161 - - [07/Feb/2021:10:43:30 +0800] "GET /xingrg/login.html HTTP/1.1" 200 7641
114.88.166.193 - - [07/Feb/2021:10:43:30 +0800] "GET /xingrg/all/function/internal_message.html?_=1612665805216&CODE_STATE=getMsg HTTP/1.1" 200 27
117.185.32.26 - - [07/Feb/2021:10:43:33 +0800] "POST /xingrg/kc/buy/cgsh_order_operate.html HTTP/1.1" 200 37
117.185.32.26 - - [07/Feb/2021:10:43:36 +0800] "POST /xingrg/kc/buy/cgsh_order_operate.html HTTP/1.1" 200 12
117.185.32.26 - - [07/Feb/2021:10:43:39 +0800] "GET /xingrg/kc/buy/cgsh_order_info.html?code=212021020703207 HTTP/1.1" 200 57018
117.185.32.26 - - [07/Feb/2021:10:43:40 +0800] "GET /xingrg/javascript/easyui/themes/default/validatebox.css HTTP/1.1" 404 1104
117.185.32.26 - - [07/Feb/2021:10:43:40 +0800] "POST /xingrg/kc/buy/cgsh_order_operate.html HTTP/1.1" 200 1802
117.185.32.26 - - [07/Feb/2021:10:43:42 +0800] "GET /xingrg/kc/print/load_data.html?order_code=212021020703207&kc_code=cgsh&condition= HTTP/1.1" 200 1238
222.69.133.211 - - [07/Feb/2021:10:43:45 +0800] "GET /xingrg/all/function/internal_message.html?_=1612665823114&CODE_STATE=getMsg HTTP/1.1" 200 27
101.89.19.197 - - [07/Feb/2021:10:43:46 +0800] "GET /xingrg/kc/buy/cgsh_order_operate.html?command=get_materiel&rest_code=00141&code=00101008069&supplier_code=00100007&order_time=2021-02-07 HTTP/1.1" 302 -
117.185.32.26 - - [07/Feb/2021:10:43:46 +0800] "GET /xingrg/kc/print/load_data.html?order_code=212021020703207&kc_code=cgsh HTTP/1.1" 200 1238
116.232.54.3 - - [07/Feb/2021:10:43:48 +0800] "GET /xingrg/all/function/internal_message.html?_=1612665826620&CODE_STATE=getMsg HTTP/1.1" 200 27
101.89.19.197 - - [07/Feb/2021:10:43:53 +0800] "GET /xingrg/login.html HTTP/1.1" 200 7641
116.228.172.94 - - [07/Feb/2021:10:43:57 +0800] "GET /xingrg/kc/buy/cgsh_order_operate.html?command=get_materiel&rest_code=00107&code=00101020105&supplier_code=00100337&order_time=2021-02-07 HTTP/1.1" 200 428
116.227.208.86 - - [07/Feb/2021:10:43:58 +0800] "GET /xingrg/all/function/internal_message.html?_=1612665835662&CODE_STATE=getMsg HTTP/1.1" 200 27
218.81.223.240 - - [07/Feb/2021:10:44:04 +0800] "GET /xingrg/all/function/internal_message.html?_=1612665872970&CODE_STATE=getMsg HTTP/1.1" 200 27
117.185.32.26 - - [07/Feb/2021:10:44:05 +0800] "GET /xingrg/kc/buy/cgsh_order_add.html HTTP/1.1" 200 62110
180.169.147.146 - - [07/Feb/2021:10:44:05 +0800] "GET /xingrg/all/function/internal_message.html?_=1612665832192&CODE_STATE=getMsg HTTP/1.1" 200 27
180.169.147.146 - - [07/Feb/2021:10:44:05 +0800] "GET /xingrg/check_reg.html?_=1612665832192 HTTP/1.1" 200 22
117.185.32.26 - - [07/Feb/2021:10:44:06 +0800] "POST /xingrg/kc/buy/cgsh_order_operate.html HTTP/1.1" 200 8245
117.185.32.26 - - [07/Feb/2021:10:44:06 +0800] "GET /xingrg/javascript/easyui/themes/default/validatebox.css HTTP/1.1" 404 1104
116.228.172.94 - - [07/Feb/2021:10:44:10 +0800] "GET /xingrg/all/function/internal_message.html?_=1612665849043&CODE_STATE=getMsg HTTP/1.1" 200 27
101.89.239.245 - - [07/Feb/2021:10:44:11 +0800] "GET /xingrg/kc/buy/cgsh_order_operate.html?command=get_materiel&rest_code=00141&code=00101008137&supplier_code=00100007&order_time=2021-02-07 HTTP/1.1" 302 -
61.165.42.208 - - [07/Feb/2021:10:44:11 +0800] "GET /xingrg/all/function/internal_message.html?_=1612665849324&CODE_STATE=getMsg HTTP/1.1" 200 27
117.131.5.26 - - [07/Feb/2021:10:44:12 +0800] "GET /xingrg/all/function/internal_message.html?_=1612665908351&CODE_STATE=getMsg HTTP/1.1" 200 27
114.88.166.193 - - [07/Feb/2021:10:44:15 +0800] "GET /xingrg/check_reg.html?_=1612665850792 HTTP/1.1" 200 22
114.88.166.193 - - [07/Feb/2021:10:44:16 +0800] "GET /xingrg/all/function/internal_message.html?_=1612665851697&CODE_STATE=getMsg HTTP/1.1" 200 27
101.89.239.245 - - [07/Feb/2021:10:44:16 +0800] "GET /xingrg/login.html HTTP/1.1" 200 7641
180.162.108.15 - - [07/Feb/2021:10:44:18 +0800] "GET /xingrg/all/function/internal_message.html?_=1612665696796&CODE_STATE=getMsg HTTP/1.1" 200 27
180.174.195.252 - - [07/Feb/2021:10:44:20 +0800] "GET /xingrg/all/function/internal_message.html?_=1612666105816&CODE_STATE=getMsg HTTP/1.1" 200 27
116.224.253.72 - - [07/Feb/2021:10:44:23 +0800] "GET /xingrg/all/function/internal_message.html?_=1612665862361&CODE_STATE=getMsg HTTP/1.1" 200 27
117.184.7.26 - - [07/Feb/2021:10:44:23 +0800] "GET /xingrg/check_reg.html?_=1612665861313 HTTP/1.1" 200 22
58.37.230.33 - - [07/Feb/2021:10:44:24 +0800] "GET /xingrg/all/function/internal_message.html?_=1612665874208&CODE_STATE=getMsg HTTP/1.1" 200 27
117.184.7.26 - - [07/Feb/2021:10:44:24 +0800] "GET /xingrg/all/function/internal_message.html?_=1612665861987&CODE_STATE=getMsg HTTP/1.1" 200 27
58.37.230.33 - - [07/Feb/2021:10:44:24 +0800] "GET /xingrg/all/function/internal_message.html?_=1612665875452&CODE_STATE=getMsg HTTP/1.1" 200 27
180.169.147.146 - - [07/Feb/2021:10:44:26 +0800] "GET /xingrg/all/function/internal_message.html?_=1612665859375&CODE_STATE=getMsg HTTP/1.1" 200 27
116.228.172.94 - - [07/Feb/2021:10:44:26 +0800] "GET /xingrg/kc/buy/cgsh_order_operate.html?command=get_materiel&rest_code=00107&code=00101019599&supplier_code=00100337&order_time=2021-02-07 HTTP/1.1" 200 404
