117.184.7.26 - - [05/Feb/2021:09:43:37 +0800] "GET /xingrg/all/function/internal_message.html?_=1612489390631&CODE_STATE=getMsg HTTP/1.1" 200 27
61.165.42.208 - - [05/Feb/2021:09:43:37 +0800] "POST /xingrg/services/DataTransmitService HTTP/1.1" 200 524
180.169.147.146 - - [05/Feb/2021:09:43:37 +0800] "POST /xingrg/all/report/load_report_page.html HTTP/1.1" 200 688926
180.169.147.146 - - [05/Feb/2021:09:43:37 +0800] "GET /xingrg/servlets/image?cache=0.105769147729456&image=px HTTP/1.1" 200 807
116.227.208.21 - - [05/Feb/2021:09:43:37 +0800] "GET /xingrg/kc/base/yddb_order_list.html HTTP/1.1" 200 16951
116.227.208.21 - - [05/Feb/2021:09:43:38 +0800] "POST /xingrg/kc/base/yddb_list_operate.html HTTP/1.1" 200 636
117.185.32.26 - - [05/Feb/2021:09:43:39 +0800] "GET /xingrg/all/function/internal_message.html?_=1612489434131&CODE_STATE=getMsg HTTP/1.1" 200 27
116.227.208.21 - - [05/Feb/2021:09:43:40 +0800] "POST /xingrg/kc/base/yddb_list_operate.html HTTP/1.1" 200 6558
61.165.42.208 - - [05/Feb/2021:09:43:41 +0800] "POST /xingrg/services/DataTransmitService HTTP/1.1" 200 501
222.69.134.170 - - [05/Feb/2021:09:43:41 +0800] "GET /xingrg/all/function/internal_message.html?_=1612489415213&CODE_STATE=getMsg HTTP/1.1" 200 27
116.227.208.21 - - [05/Feb/2021:09:43:42 +0800] "POST /xingrg/kc/base/yddb_list_operate.html HTTP/1.1" 200 578
120.253.135.82 - - [05/Feb/2021:09:43:42 +0800] "GET /xingrg/all/function/internal_message.html?_=1612489525259&CODE_STATE=getMsg HTTP/1.1" 200 27
116.227.208.21 - - [05/Feb/2021:09:43:43 +0800] "GET /xingrg/kc/base/yddb_order_info.html?code=482021013100286 HTTP/1.1" 200 31314
116.227.208.21 - - [05/Feb/2021:09:43:43 +0800] "GET /xingrg/dwr/interface/AjaxComOrderService.js HTTP/1.1" 200 18264
116.227.208.21 - - [05/Feb/2021:09:43:43 +0800] "GET /xingrg/dwr/interface/AjaxYddbService.js HTTP/1.1" 200 13201
116.227.208.21 - - [05/Feb/2021:09:43:43 +0800] "GET /xingrg/dwr/engine.js HTTP/1.1" 200 43631
116.227.208.21 - - [05/Feb/2021:09:43:43 +0800] "GET /xingrg/dwr/util.js HTTP/1.1" 304 -
116.227.208.21 - - [05/Feb/2021:09:43:43 +0800] "POST /xingrg/dwr/call/plaincall/AjaxYddbService.loadMaterielItems.dwr HTTP/1.1" 200 3249
218.81.223.240 - - [05/Feb/2021:09:43:48 +0800] "GET /xingrg/all/function/internal_message.html?_=1612489448629&CODE_STATE=getMsg HTTP/1.1" 200 27
120.253.135.82 - - [05/Feb/2021:09:43:50 +0800] "GET /xingrg/all/function/internal_message.html?_=1612489533240&CODE_STATE=getMsg HTTP/1.1" 200 27
183.192.164.97 - - [05/Feb/2021:09:43:50 +0800] "GET /xingrg/all/function/internal_message.html?_=1612489374131&CODE_STATE=getMsg HTTP/1.1" 302 -
120.253.135.82 - - [05/Feb/2021:09:43:53 +0800] "GET /xingrg/all/function/internal_message.html?_=1612489468565&CODE_STATE=getMsg HTTP/1.1" 200 27
180.175.150.119 - - [05/Feb/2021:09:43:54 +0800] "GET /xingrg/check_reg.html?_=1612489680361 HTTP/1.1" 302 -
183.192.164.97 - - [05/Feb/2021:09:43:56 +0800] "GET /xingrg/login.html HTTP/1.1" 200 7641
116.227.208.21 - - [05/Feb/2021:09:43:57 +0800] "GET /xingrg/all/function/internal_message.html?_=1612489435784&CODE_STATE=getMsg HTTP/1.1" 200 27
116.224.253.72 - - [05/Feb/2021:09:43:57 +0800] "GET /xingrg/all/function/internal_message.html?_=1612489424509&CODE_STATE=getMsg HTTP/1.1" 200 27
180.169.147.146 - - [05/Feb/2021:09:43:59 +0800] "GET /xingrg/all/function/internal_message.html?_=1612489435897&CODE_STATE=getMsg HTTP/1.1" 200 27
180.169.147.146 - - [05/Feb/2021:09:44:07 +0800] "GET /xingrg/all/function/internal_message.html?_=1612489445416&CODE_STATE=getMsg HTTP/1.1" 200 27
58.40.7.146 - - [05/Feb/2021:09:44:13 +0800] "GET /xingrg/all/function/internal_message.html?_=1612489451422&CODE_STATE=getMsg HTTP/1.1" 200 27
58.40.7.146 - - [05/Feb/2021:09:44:13 +0800] "GET /xingrg/check_reg.html?_=1612489451424 HTTP/1.1" 200 22
58.40.7.146 - - [05/Feb/2021:09:44:13 +0800] "GET /xingrg/all/function/internal_message.html?_=1612489451890&CODE_STATE=getMsg HTTP/1.1" 200 27
180.169.147.146 - - [05/Feb/2021:09:44:16 +0800] "GET /xingrg/all/function/internal_message.html?_=1612489455807&CODE_STATE=getMsg HTTP/1.1" 200 27
120.253.135.82 - - [05/Feb/2021:09:44:20 +0800] "GET /xingrg/all/function/internal_message.html?_=1612489223633&CODE_STATE=getMsg HTTP/1.1" 200 27
114.88.166.193 - - [05/Feb/2021:09:44:26 +0800] "GET /xingrg/all/function/internal_message.html?_=1612489463780&CODE_STATE=getMsg HTTP/1.1" 200 27
116.230.72.231 - - [05/Feb/2021:09:44:35 +0800] "GET /xingrg/all/function/internal_message.html?_=1612489466118&CODE_STATE=getMsg HTTP/1.1" 200 27
61.165.42.208 - - [05/Feb/2021:09:44:36 +0800] "GET /xingrg/all/function/internal_message.html?_=1612489477934&CODE_STATE=getMsg HTTP/1.1" 200 27
58.37.230.33 - - [05/Feb/2021:09:44:36 +0800] "GET /xingrg/all/function/internal_message.html?_=1612489491501&CODE_STATE=getMsg HTTP/1.1" 200 27
120.204.17.73 - - [05/Feb/2021:09:44:36 +0800] "GET /xingrg/check_reg.html?_=1612489194103 HTTP/1.1" 302 -
116.224.253.72 - - [05/Feb/2021:09:44:36 +0800] "GET /xingrg/all/function/internal_message.html?_=1612489475771&CODE_STATE=getMsg HTTP/1.1" 200 27
117.184.7.26 - - [05/Feb/2021:09:44:37 +0800] "GET /xingrg/all/function/internal_message.html?_=1612489450632&CODE_STATE=getMsg HTTP/1.1" 200 27
117.185.32.26 - - [05/Feb/2021:09:44:39 +0800] "GET /xingrg/check_reg.html?_=1612489494130 HTTP/1.1" 200 22
117.185.32.26 - - [05/Feb/2021:09:44:39 +0800] "GET /xingrg/all/function/internal_message.html?_=1612489494132&CODE_STATE=getMsg HTTP/1.1" 200 27
222.69.134.170 - - [05/Feb/2021:09:44:41 +0800] "GET /xingrg/all/function/internal_message.html?_=1612489475191&CODE_STATE=getMsg HTTP/1.1" 200 27
120.253.135.82 - - [05/Feb/2021:09:44:42 +0800] "GET /xingrg/all/function/internal_message.html?_=1612489585251&CODE_STATE=getMsg HTTP/1.1" 200 27
183.192.164.214 - - [05/Feb/2021:09:44:44 +0800] "GET /xingrg/all/function/internal_message.html?_=1612489434131&CODE_STATE=getMsg HTTP/1.1" 302 -
120.204.17.73 - - [05/Feb/2021:09:44:44 +0800] "GET /xingrg/login.html HTTP/1.1" 200 7641
218.81.223.240 - - [05/Feb/2021:09:44:48 +0800] "GET /xingrg/all/function/internal_message.html?_=1612489509110&CODE_STATE=getMsg HTTP/1.1" 200 27
120.253.135.82 - - [05/Feb/2021:09:44:50 +0800] "GET /xingrg/all/function/internal_message.html?_=1612489593247&CODE_STATE=getMsg HTTP/1.1" 200 27
183.192.164.214 - - [05/Feb/2021:09:44:51 +0800] "GET /xingrg/login.html HTTP/1.1" 200 7641
120.253.135.82 - - [05/Feb/2021:09:44:52 +0800] "GET /xingrg/check_reg.html?_=1612489594972 HTTP/1.1" 200 22
120.253.135.82 - - [05/Feb/2021:09:44:53 +0800] "GET /xingrg/all/function/internal_message.html?_=1612489528591&CODE_STATE=getMsg HTTP/1.1" 200 27
116.227.208.21 - - [05/Feb/2021:09:44:57 +0800] "GET /xingrg/check_reg.html?_=1612489495790 HTTP/1.1" 200 22
116.227.208.21 - - [05/Feb/2021:09:44:57 +0800] "GET /xingrg/all/function/internal_message.html?_=1612489495793&CODE_STATE=getMsg HTTP/1.1" 200 27
116.224.253.72 - - [05/Feb/2021:09:44:57 +0800] "GET /xingrg/check_reg.html?_=1612489484468 HTTP/1.1" 200 22
116.224.253.72 - - [05/Feb/2021:09:44:57 +0800] "GET /xingrg/all/function/internal_message.html?_=1612489484523&CODE_STATE=getMsg HTTP/1.1" 200 27
180.169.147.146 - - [05/Feb/2021:09:44:59 +0800] "GET /xingrg/all/function/internal_message.html?_=1612489495895&CODE_STATE=getMsg HTTP/1.1" 200 27
180.169.147.146 - - [05/Feb/2021:09:45:07 +0800] "GET /xingrg/all/function/internal_message.html?_=1612489505403&CODE_STATE=getMsg HTTP/1.1" 200 27
180.169.147.146 - - [05/Feb/2021:09:45:11 +0800] "GET /xingrg/system/sys/sys_main.html HTTP/1.1" 200 3518
180.169.147.146 - - [05/Feb/2021:09:45:11 +0800] "GET /xingrg/dwr/interface/AjaxSystemService.js HTTP/1.1" 200 13657
180.169.147.146 - - [05/Feb/2021:09:45:11 +0800] "GET /xingrg/dwr/util.js HTTP/1.1" 304 -
180.169.147.146 - - [05/Feb/2021:09:45:11 +0800] "GET /xingrg/dwr/engine.js HTTP/1.1" 200 43631
180.169.147.146 - - [05/Feb/2021:09:45:11 +0800] "GET /xingrg/images/blue/button/cw_yhzl.gif HTTP/1.1" 200 1590
58.40.7.146 - - [05/Feb/2021:09:45:13 +0800] "GET /xingrg/all/function/internal_message.html?_=1612489511425&CODE_STATE=getMsg HTTP/1.1" 200 27
58.40.7.146 - - [05/Feb/2021:09:45:13 +0800] "GET /xingrg/all/function/internal_message.html?_=1612489511893&CODE_STATE=getMsg HTTP/1.1" 200 27
180.169.147.146 - - [05/Feb/2021:09:45:16 +0800] "GET /xingrg/all/function/internal_message.html?_=1612489515820&CODE_STATE=getMsg HTTP/1.1" 200 27
120.253.135.82 - - [05/Feb/2021:09:45:20 +0800] "GET /xingrg/all/function/internal_message.html?_=1612489283634&CODE_STATE=getMsg HTTP/1.1" 200 27
61.165.42.208 - - [05/Feb/2021:09:45:23 +0800] "GET /xingrg/check_reg.html?_=1612489524797 HTTP/1.1" 200 22
114.88.166.193 - - [05/Feb/2021:09:45:26 +0800] "GET /xingrg/all/function/internal_message.html?_=1612489523791&CODE_STATE=getMsg HTTP/1.1" 200 27
61.165.42.208 - - [05/Feb/2021:09:45:33 +0800] "POST /xingrg/kc/buy/cgsh_order_operate.html HTTP/1.1" 200 37
61.165.42.208 - - [05/Feb/2021:09:45:35 +0800] "POST /xingrg/kc/buy/cgsh_order_operate.html HTTP/1.1" 200 35187
61.165.42.208 - - [05/Feb/2021:09:45:36 +0800] "GET /xingrg/all/function/internal_message.html?_=1612489537898&CODE_STATE=getMsg HTTP/1.1" 200 27
116.230.72.231 - - [05/Feb/2021:09:45:36 +0800] "GET /xingrg/all/function/internal_message.html?_=1612489526097&CODE_STATE=getMsg HTTP/1.1" 200 27
58.37.230.33 - - [05/Feb/2021:09:45:36 +0800] "GET /xingrg/all/function/internal_message.html?_=1612489551501&CODE_STATE=getMsg HTTP/1.1" 200 27
116.224.253.72 - - [05/Feb/2021:09:45:36 +0800] "GET /xingrg/all/function/internal_message.html?_=1612489535769&CODE_STATE=getMsg HTTP/1.1" 200 27
61.165.42.208 - - [05/Feb/2021:09:45:36 +0800] "GET /xingrg/kc/print/load_data.html?order_code=212021020502008&kc_code=cgsh&condition= HTTP/1.1" 200 12930
117.184.7.26 - - [05/Feb/2021:09:45:37 +0800] "GET /xingrg/all/function/internal_message.html?_=1612489510631&CODE_STATE=getMsg HTTP/1.1" 200 27
117.184.7.26 - - [05/Feb/2021:09:45:37 +0800] "GET /xingrg/check_reg.html?_=1612489510634 HTTP/1.1" 200 22
120.253.135.82 - - [05/Feb/2021:09:45:38 +0800] "GET /xingrg/check_reg.html?_=1612489572869 HTTP/1.1" 200 22
117.185.32.26 - - [05/Feb/2021:09:45:39 +0800] "GET /xingrg/all/function/internal_message.html?_=1612489554132&CODE_STATE=getMsg HTTP/1.1" 200 27
222.69.134.170 - - [05/Feb/2021:09:45:41 +0800] "GET /xingrg/all/function/internal_message.html?_=1612489535168&CODE_STATE=getMsg HTTP/1.1" 200 27
120.253.135.82 - - [05/Feb/2021:09:45:42 +0800] "GET /xingrg/all/function/internal_message.html?_=1612489645250&CODE_STATE=getMsg HTTP/1.1" 200 27
222.69.134.170 - - [05/Feb/2021:09:45:42 +0800] "GET /xingrg/check_reg.html?_=1612489535883 HTTP/1.1" 200 22
180.169.147.146 - - [05/Feb/2021:09:45:43 +0800] "POST /xingrg/all/user/operate.html HTTP/1.1" 200 36
180.169.147.146 - - [05/Feb/2021:09:45:43 +0800] "GET /xingrg/index.html?sysBaseUrl=http%3A%2F%2F180.169.147.146%3A18081%2Fxingrg%2F&costTime=37×tamp=1612489354521 HTTP/1.1" 200 17509
180.169.147.146 - - [05/Feb/2021:09:45:43 +0800] "GET /xingrg/javascript/jquery_easy_ui/themes/default/easyui.css HTTP/1.1" 304 -
180.169.147.146 - - [05/Feb/2021:09:45:43 +0800] "GET /xingrg/javascript/jquery_easy_ui/themes/icon.css HTTP/1.1" 304 -
180.169.147.146 - - [05/Feb/2021:09:45:43 +0800] "GET /xingrg/css/form.css HTTP/1.1" 304 -
180.169.147.146 - - [05/Feb/2021:09:45:43 +0800] "GET /xingrg/javascript/jquery-1.4.2.min.js HTTP/1.1" 304 -
180.169.147.146 - - [05/Feb/2021:09:45:44 +0800] "GET /xingrg/javascript/jquery_easy_ui/jquery.easyui.min.js HTTP/1.1" 304 -
180.169.147.146 - - [05/Feb/2021:09:45:44 +0800] "GET /xingrg/javascript/jquery_easy_ui/easyui-lang-zh_CN.js HTTP/1.1" 304 -
180.169.147.146 - - [05/Feb/2021:09:45:44 +0800] "GET /xingrg/javascript/jquery.form.js HTTP/1.1" 304 -
180.169.147.146 - - [05/Feb/2021:09:45:44 +0800] "GET /xingrg/javascript/jquery.utils.js HTTP/1.1" 304 -
180.169.147.146 - - [05/Feb/2021:09:45:44 +0800] "GET /xingrg/javascript/jquery.timers.js HTTP/1.1" 304 -
180.169.147.146 - - [05/Feb/2021:09:45:44 +0800] "GET /xingrg/images/blue/jxLogo.png HTTP/1.1" 304 -
180.169.147.146 - - [05/Feb/2021:09:45:44 +0800] "GET /xingrg/images/blue/navBackgound.jpg HTTP/1.1" 304 -
180.169.147.146 - - [05/Feb/2021:09:45:44 +0800] "GET /xingrg/javascript/jquery_easy_ui/themes/icons/settle_new.png HTTP/1.1" 304 -
180.169.147.146 - - [05/Feb/2021:09:45:44 +0800] "POST /xingrg/all/common/load_tree.html?tree=area_rest_tree_json&manage=1 HTTP/1.1" 200 3344
180.169.147.146 - - [05/Feb/2021:09:45:44 +0800] "GET /xingrg/all/function/internal_message.html?_=1612489541933&CODE_STATE=count HTTP/1.1" 200 11
180.169.147.146 - - [05/Feb/2021:09:45:44 +0800] "GET /xingrg/javascript/jquery_easy_ui/themes/default/images/panel_tool_collapse.gif HTTP/1.1" 304 -
180.169.147.146 - - [05/Feb/2021:09:45:44 +0800] "GET /xingrg/check_reg.html?_=1612489541934 HTTP/1.1" 200 22
180.169.147.146 - - [05/Feb/2021:09:45:44 +0800] "GET /xingrg/javascript/jquery_easy_ui/themes/default/images/tabs_leftarrow.png HTTP/1.1" 304 -
180.169.147.146 - - [05/Feb/2021:09:45:44 +0800] "GET /xingrg/images/blue/pingpu.png HTTP/1.1" 304 -
180.169.147.146 - - [05/Feb/2021:09:45:44 +0800] "GET /xingrg/javascript/jquery_easy_ui/themes/default/images/panel_tool_expand.gif HTTP/1.1" 304 -
180.169.147.146 - - [05/Feb/2021:09:45:44 +0800] "GET /xingrg/javascript/jquery_easy_ui/themes/default/images/tabs_rightarrow.png HTTP/1.1" 304 -
180.169.147.146 - - [05/Feb/2021:09:45:44 +0800] "POST /xingrg/load_menu.html HTTP/1.1" 200 9959
180.169.147.146 - - [05/Feb/2021:09:45:46 +0800] "GET /xingrg/kc/buy/buy_main.html HTTP/1.1" 200 12412
180.169.147.146 - - [05/Feb/2021:09:45:46 +0800] "GET /xingrg/css/new_ie.css HTTP/1.1" 404 1036
180.169.147.146 - - [05/Feb/2021:09:45:46 +0800] "GET /xingrg/images/yd/bt.gif HTTP/1.1" 404 1040
218.81.223.240 - - [05/Feb/2021:09:45:49 +0800] "GET /xingrg/all/function/internal_message.html?_=1612489569123&CODE_STATE=getMsg HTTP/1.1" 200 27
120.253.135.82 - - [05/Feb/2021:09:45:50 +0800] "GET /xingrg/all/function/internal_message.html?_=1612489653252&CODE_STATE=getMsg HTTP/1.1" 200 27
120.253.135.82 - - [05/Feb/2021:09:45:53 +0800] "GET /xingrg/all/function/internal_message.html?_=1612489588608&CODE_STATE=getMsg HTTP/1.1" 200 27
116.227.208.21 - - [05/Feb/2021:09:45:57 +0800] "GET /xingrg/all/function/internal_message.html?_=1612489555786&CODE_STATE=getMsg HTTP/1.1" 200 27
116.224.253.72 - - [05/Feb/2021:09:45:57 +0800] "GET /xingrg/all/function/internal_message.html?_=1612489544535&CODE_STATE=getMsg HTTP/1.1" 200 27
180.169.147.146 - - [05/Feb/2021:09:45:59 +0800] "GET /xingrg/all/function/internal_message.html?_=1612489555894&CODE_STATE=getMsg HTTP/1.1" 200 27
180.169.147.146 - - [05/Feb/2021:09:46:01 +0800] "POST /xingrg/all/user/operate.html HTTP/1.1" 200 36
180.169.147.146 - - [05/Feb/2021:09:46:01 +0800] "GET /xingrg/index.html?sysBaseUrl=http%3A%2F%2F180.169.147.146%3A18081%2Fxingrg%2F&costTime=37×tamp=1612489354521 HTTP/1.1" 200 17509
180.169.147.146 - - [05/Feb/2021:09:46:01 +0800] "GET /xingrg/javascript/jquery_easy_ui/themes/default/easyui.css HTTP/1.1" 304 -
180.169.147.146 - - [05/Feb/2021:09:46:01 +0800] "GET /xingrg/javascript/jquery_easy_ui/themes/icon.css HTTP/1.1" 304 -
180.169.147.146 - - [05/Feb/2021:09:46:01 +0800] "GET /xingrg/css/form.css HTTP/1.1" 304 -
180.169.147.146 - - [05/Feb/2021:09:46:01 +0800] "GET /xingrg/javascript/jquery-1.4.2.min.js HTTP/1.1" 304 -
180.169.147.146 - - [05/Feb/2021:09:46:01 +0800] "GET /xingrg/javascript/jquery_easy_ui/jquery.easyui.min.js HTTP/1.1" 304 -
180.169.147.146 - - [05/Feb/2021:09:46:01 +0800] "GET /xingrg/javascript/jquery_easy_ui/easyui-lang-zh_CN.js HTTP/1.1" 304 -
180.169.147.146 - - [05/Feb/2021:09:46:01 +0800] "GET /xingrg/javascript/jquery.form.js HTTP/1.1" 304 -
180.169.147.146 - - [05/Feb/2021:09:46:01 +0800] "GET /xingrg/javascript/jquery.utils.js HTTP/1.1" 304 -
180.169.147.146 - - [05/Feb/2021:09:46:01 +0800] "GET /xingrg/javascript/jquery.timers.js HTTP/1.1" 304 -
180.169.147.146 - - [05/Feb/2021:09:46:01 +0800] "GET /xingrg/images/blue/jxLogo.png HTTP/1.1" 304 -
180.169.147.146 - - [05/Feb/2021:09:46:01 +0800] "GET /xingrg/images/blue/navBackgound.jpg HTTP/1.1" 304 -
180.169.147.146 - - [05/Feb/2021:09:46:01 +0800] "GET /xingrg/javascript/jquery_easy_ui/themes/icons/settle_new.png HTTP/1.1" 304 -
180.169.147.146 - - [05/Feb/2021:09:46:01 +0800] "POST /xingrg/all/common/load_tree.html?tree=area_rest_tree_json&manage=1 HTTP/1.1" 200 3344
180.169.147.146 - - [05/Feb/2021:09:46:01 +0800] "GET /xingrg/all/function/internal_message.html?_=1612489559155&CODE_STATE=count HTTP/1.1" 200 11
180.169.147.146 - - [05/Feb/2021:09:46:01 +0800] "GET /xingrg/check_reg.html?_=1612489559156 HTTP/1.1" 200 22
180.169.147.146 - - [05/Feb/2021:09:46:01 +0800] "GET /xingrg/javascript/jquery_easy_ui/themes/default/images/panel_tool_collapse.gif HTTP/1.1" 304 -
180.169.147.146 - - [05/Feb/2021:09:46:01 +0800] "GET /xingrg/javascript/jquery_easy_ui/themes/default/images/tabs_leftarrow.png HTTP/1.1" 304 -
180.169.147.146 - - [05/Feb/2021:09:46:01 +0800] "GET /xingrg/javascript/jquery_easy_ui/themes/default/images/panel_tool_expand.gif HTTP/1.1" 304 -
180.169.147.146 - - [05/Feb/2021:09:46:01 +0800] "GET /xingrg/javascript/jquery_easy_ui/themes/default/images/tabs_rightarrow.png HTTP/1.1" 304 -
180.169.147.146 - - [05/Feb/2021:09:46:01 +0800] "GET /xingrg/images/blue/pingpu.png HTTP/1.1" 304 -
180.169.147.146 - - [05/Feb/2021:09:46:01 +0800] "POST /xingrg/load_menu.html HTTP/1.1" 200 9959
180.169.147.146 - - [05/Feb/2021:09:46:04 +0800] "POST /xingrg/all/user/operate.html HTTP/1.1" 200 36
180.169.147.146 - - [05/Feb/2021:09:46:04 +0800] "GET /xingrg/javascript/jquery_easy_ui/themes/default/easyui.css HTTP/1.1" 304 -
180.169.147.146 - - [05/Feb/2021:09:46:04 +0800] "GET /xingrg/index.html?sysBaseUrl=http%3A%2F%2F180.169.147.146%3A18081%2Fxingrg%2F&costTime=37×tamp=1612489354521 HTTP/1.1" 200 17509
180.169.147.146 - - [05/Feb/2021:09:46:04 +0800] "GET /xingrg/javascript/jquery_easy_ui/themes/icon.css HTTP/1.1" 304 -
180.169.147.146 - - [05/Feb/2021:09:46:04 +0800] "GET /xingrg/css/form.css HTTP/1.1" 304 -
180.169.147.146 - - [05/Feb/2021:09:46:04 +0800] "GET /xingrg/javascript/jquery-1.4.2.min.js HTTP/1.1" 304 -
180.169.147.146 - - [05/Feb/2021:09:46:04 +0800] "GET /xingrg/javascript/jquery_easy_ui/jquery.easyui.min.js HTTP/1.1" 304 -
180.169.147.146 - - [05/Feb/2021:09:46:04 +0800] "GET /xingrg/javascript/jquery_easy_ui/easyui-lang-zh_CN.js HTTP/1.1" 304 -
180.169.147.146 - - [05/Feb/2021:09:46:04 +0800] "GET /xingrg/javascript/jquery.form.js HTTP/1.1" 304 -
180.169.147.146 - - [05/Feb/2021:09:46:04 +0800] "GET /xingrg/javascript/jquery.utils.js HTTP/1.1" 304 -
180.169.147.146 - - [05/Feb/2021:09:46:04 +0800] "GET /xingrg/javascript/jquery.timers.js HTTP/1.1" 304 -
180.169.147.146 - - [05/Feb/2021:09:46:04 +0800] "GET /xingrg/images/blue/jxLogo.png HTTP/1.1" 304 -
180.169.147.146 - - [05/Feb/2021:09:46:04 +0800] "GET /xingrg/javascript/jquery_easy_ui/themes/icons/settle_new.png HTTP/1.1" 304 -
180.169.147.146 - - [05/Feb/2021:09:46:04 +0800] "GET /xingrg/images/blue/navBackgound.jpg HTTP/1.1" 304 -
180.169.147.146 - - [05/Feb/2021:09:46:04 +0800] "POST /xingrg/all/common/load_tree.html?tree=area_rest_tree_json&manage=1 HTTP/1.1" 200 3344
180.169.147.146 - - [05/Feb/2021:09:46:04 +0800] "GET /xingrg/check_reg.html?_=1612489562614 HTTP/1.1" 200 22
180.169.147.146 - - [05/Feb/2021:09:46:04 +0800] "GET /xingrg/all/function/internal_message.html?_=1612489562613&CODE_STATE=count HTTP/1.1" 200 11
180.169.147.146 - - [05/Feb/2021:09:46:04 +0800] "GET /xingrg/images/blue/pingpu.png HTTP/1.1" 304 -
180.169.147.146 - - [05/Feb/2021:09:46:04 +0800] "GET /xingrg/javascript/jquery_easy_ui/themes/default/images/tabs_leftarrow.png HTTP/1.1" 304 -
180.169.147.146 - - [05/Feb/2021:09:46:04 +0800] "GET /xingrg/javascript/jquery_easy_ui/themes/default/images/panel_tool_expand.gif HTTP/1.1" 304 -
180.169.147.146 - - [05/Feb/2021:09:46:04 +0800] "GET /xingrg/javascript/jquery_easy_ui/themes/default/images/panel_tool_collapse.gif HTTP/1.1" 304 -
180.169.147.146 - - [05/Feb/2021:09:46:04 +0800] "GET /xingrg/javascript/jquery_easy_ui/themes/default/images/tabs_rightarrow.png HTTP/1.1" 304 -
180.169.147.146 - - [05/Feb/2021:09:46:04 +0800] "POST /xingrg/load_menu.html HTTP/1.1" 200 9959
180.169.147.146 - - [05/Feb/2021:09:46:06 +0800] "GET /xingrg/kc/report/report_main.html HTTP/1.1" 200 7345
180.169.147.146 - - [05/Feb/2021:09:46:08 +0800] "GET /xingrg/kc/base/crk_hz.html HTTP/1.1" 200 11247
180.169.147.146 - - [05/Feb/2021:09:46:08 +0800] "POST /xingrg/kc/cost/cost_operate.html?command=get_base_tree HTTP/1.1" 200 2524
180.169.147.146 - - [05/Feb/2021:09:46:08 +0800] "POST /xingrg/all/common/load_tree.html?tree=materiel_sort_tree_json HTTP/1.1" 200 8666
180.169.147.146 - - [05/Feb/2021:09:46:10 +0800] "GET /xingrg/all/common/get_data_part.html?part=previousMonth&_=1612489568499 HTTP/1.1" 200 41
58.40.7.146 - - [05/Feb/2021:09:46:13 +0800] "GET /xingrg/all/function/internal_message.html?_=1612489571429&CODE_STATE=getMsg HTTP/1.1" 200 27
58.40.7.146 - - [05/Feb/2021:09:46:13 +0800] "GET /xingrg/all/function/internal_message.html?_=1612489571895&CODE_STATE=getMsg HTTP/1.1" 200 27
180.169.147.146 - - [05/Feb/2021:09:46:16 +0800] "GET /xingrg/all/function/internal_message.html?_=1612489575820&CODE_STATE=getMsg HTTP/1.1" 200 27
180.169.147.146 - - [05/Feb/2021:09:46:17 +0800] "GET /xingrg/kc/base/crk_hz.html?_=1612489575124&command=get_cost_id&end_date=2021-01-31&start_date=2021-01-01 HTTP/1.1" 200 51
180.169.147.146 - - [05/Feb/2021:09:46:17 +0800] "GET /xingrg/all/report/report_query.html?isQuery=1&onlyBody=1&rh=99999&rw=1800&varString=start:20210101,cost_id:2980,mid:20210101&fileName=kc/base/crk_hz_type_by_base.xml&queryString=%20a.base_code%20in%20('0010414')%20&queryText=ÈÕÆÚ£º2021-01-01ÖÁ2021-01-31%20²Ö¿â£ºÊÕÒø&tableQueryString=materiel_table$sp1$$sp$before_table$sp1$$sp$crk_table$sp1$order_day%20between%2020210101%20and%2020210131 HTTP/1.1" 200 49399
180.169.147.146 - - [05/Feb/2021:09:46:17 +0800] "GET /xingrg/dwr/interface/AjaxReportQueryService.js HTTP/1.1" 200 13203
180.169.147.146 - - [05/Feb/2021:09:46:17 +0800] "GET /xingrg/dwr/engine.js HTTP/1.1" 200 43631
61.165.42.208 - - [05/Feb/2021:09:46:18 +0800] "GET /xingrg/index.html?sysBaseUrl=http%3A%2F%2F180.169.147.146%3A18081%2Fxingrg%2F&costTime=35×tamp=1585363447539 HTTP/1.1" 302 -
61.165.42.208 - - [05/Feb/2021:09:46:18 +0800] "GET /xingrg/login.html HTTP/1.1" 200 7641
180.169.147.146 - - [05/Feb/2021:09:46:18 +0800] "POST /xingrg/all/report/load_report_page.html HTTP/1.1" 200 94450
180.169.147.146 - - [05/Feb/2021:09:46:18 +0800] "GET /xingrg/servlets/image?cache=0.4818271656982902&image=px HTTP/1.1" 200 807
61.165.42.208 - - [05/Feb/2021:09:46:19 +0800] "GET /favicon.ico HTTP/1.1" 404 -
120.253.135.82 - - [05/Feb/2021:09:46:21 +0800] "GET /xingrg/all/function/internal_message.html?_=1612489343912&CODE_STATE=getMsg HTTP/1.1" 200 27
180.169.147.146 - - [05/Feb/2021:09:46:22 +0800] "GET /xingrg/all/report/report_query.html?isQuery=1&fileName=kc/base/crk_detail_by_small.xml&rh=99999&queryString=&queryText=%25E3%2580%2590%25E4%25BB%2593%25E5%25BA%2593%25E5%2590%258D%25E7%25A7%25B0%253A%25E6%2594%25B6%25E9%2593%25B6%25E3%2580%2591%25E3%2580%2590%25E4%25B8%259A%25E5%258A%25A1%25E7%25B1%25BB%25E5%259E%258B%25EF%25BC%259A%25E5%2586%2585%25E9%2583%25A8%25E8%25B0%2583%25E5%2585%25A5%25E3%2580%2591%2520%253F%253F%253F%253F%253F2021-01-01%253F%253F2021-01-31%2520%253F%253F%253F%253F%253F%253F%253F&tableQueryString=crk_table%2524sp1%2524order_day%2520between%252020210101%2520and%252020210131%2520and%2520(base_code%253D'0010414')%2520and%2520(src_order_type%2520in%2520(42))%2520and%2520(is_rk%2520in%2520(1)) HTTP/1.1" 200 53778
180.169.147.146 - - [05/Feb/2021:09:46:22 +0800] "GET /xingrg/dwr/interface/AjaxReportQueryService.js HTTP/1.1" 200 13203
180.169.147.146 - - [05/Feb/2021:09:46:22 +0800] "GET /xingrg/dwr/engine.js HTTP/1.1" 200 43631
180.169.147.146 - - [05/Feb/2021:09:46:23 +0800] "POST /xingrg/all/report/load_report_page.html HTTP/1.1" 200 23732
120.253.135.82 - - [05/Feb/2021:09:46:23 +0800] "GET /xingrg/check_reg.html?_=1612489346133 HTTP/1.1" 200 22
180.169.147.146 - - [05/Feb/2021:09:46:23 +0800] "GET /xingrg/servlets/image?cache=0.4481627618426781&image=px HTTP/1.1" 200 807
116.230.72.231 - - [05/Feb/2021:09:46:24 +0800] "GET /xingrg/check_reg.html?_=1612489575118 HTTP/1.1" 200 22
114.88.166.193 - - [05/Feb/2021:09:46:26 +0800] "GET /xingrg/all/function/internal_message.html?_=1612489584058&CODE_STATE=getMsg HTTP/1.1" 200 27
180.169.147.146 - - [05/Feb/2021:09:46:26 +0800] "GET /xingrg/all/report/report_query.html?isQuery=1&fileName=kc/base/crk_detail_by_materiel.xml&queryString=&queryText=%25E3%2580%2590%25E4%25BB%2593%25E5%25BA%2593%25E5%2590%258D%25E7%25A7%25B0%253A%25E6%2594%25B6%25E9%2593%25B6%25E3%2580%2591%25E3%2580%2590%25E4%25B8%259A%25E5%258A%25A1%25E7%25B1%25BB%25E5%259E%258B%25EF%25BC%259A%25E5%2586%2585%25E9%2583%25A8%25E8%25B0%2583%25E5%2585%25A5%25E3%2580%2591%2520%253F%253F%253F%253F%253F2021-01-01%253F%253F2021-01-31%2520%253F%253F%253F%253F%253F%253F%253F&tableQueryString=crk_table%2524sp1%2524order_day%2520between%252020210101%2520and%252020210131%2520and%2520(base_code%253D'0010414')%2520and%2520(src_order_type%2520in%2520(42))%2520and%2520(is_rk%2520in%2520(1))%2520and%2520(m.sort_code%253D'00101036') HTTP/1.1" 200 53805
180.169.147.146 - - [05/Feb/2021:09:46:26 +0800] "GET /xingrg/dwr/interface/AjaxReportQueryService.js HTTP/1.1" 200 13203
180.169.147.146 - - [05/Feb/2021:09:46:26 +0800] "GET /xingrg/dwr/engine.js HTTP/1.1" 200 43631
180.169.147.146 - - [05/Feb/2021:09:46:27 +0800] "POST /xingrg/all/report/load_report_page.html HTTP/1.1" 200 19043
180.169.147.146 - - [05/Feb/2021:09:46:27 +0800] "GET /xingrg/servlets/image?cache=0.3239239111125156&image=px HTTP/1.1" 200 807
114.88.166.193 - - [05/Feb/2021:09:46:30 +0800] "GET /xingrg/kc/buy/cgsh_order_add.html HTTP/1.1" 200 62104
114.88.166.193 - - [05/Feb/2021:09:46:31 +0800] "POST /xingrg/kc/buy/cgsh_order_operate.html HTTP/1.1" 200 8245
114.88.166.193 - - [05/Feb/2021:09:46:31 +0800] "GET /xingrg/javascript/easyui/themes/default/validatebox.css HTTP/1.1" 404 1104
61.165.42.208 - - [05/Feb/2021:09:46:31 +0800] "POST /xingrg/login.do HTTP/1.1" 302 -
61.165.42.208 - - [05/Feb/2021:09:46:31 +0800] "GET /xingrg/index.html?sysBaseUrl=http%3A%2F%2F180.169.147.146%3A18081%2Fxingrg%2F&costTime=79×tamp=1612489591434 HTTP/1.1" 200 17413
61.165.42.208 - - [05/Feb/2021:09:46:32 +0800] "GET /favicon.ico HTTP/1.1" 404 -
61.165.42.208 - - [05/Feb/2021:09:46:32 +0800] "POST /xingrg/all/common/load_tree.html?tree=area_rest_tree_json&manage=1 HTTP/1.1" 200 342
61.165.42.208 - - [05/Feb/2021:09:46:32 +0800] "GET /xingrg/all/function/internal_message.html?_=1612489588514&CODE_STATE=count HTTP/1.1" 200 11
61.165.42.208 - - [05/Feb/2021:09:46:32 +0800] "GET /xingrg/check_reg.html?_=1612489588522 HTTP/1.1" 200 22
61.165.42.208 - - [05/Feb/2021:09:46:32 +0800] "POST /xingrg/load_menu.html HTTP/1.1" 200 9959
61.165.42.208 - - [05/Feb/2021:09:46:36 +0800] "POST /xingrg/load_menu.html HTTP/1.1" 200 9242
61.165.42.208 - - [05/Feb/2021:09:46:36 +0800] "GET /xingrg/all/function/internal_message.html?_=1612489597884&CODE_STATE=getMsg HTTP/1.1" 200 27
58.37.230.33 - - [05/Feb/2021:09:46:36 +0800] "GET /xingrg/all/function/internal_message.html?_=1612489611500&CODE_STATE=getMsg HTTP/1.1" 200 27
58.37.230.33 - - [05/Feb/2021:09:46:36 +0800] "GET /xingrg/check_reg.html?_=1612489611502 HTTP/1.1" 200 22
116.224.253.72 - - [05/Feb/2021:09:46:36 +0800] "GET /xingrg/all/function/internal_message.html?_=1612489595772&CODE_STATE=getMsg HTTP/1.1" 200 27
117.184.7.26 - - [05/Feb/2021:09:46:37 +0800] "GET /xingrg/all/function/internal_message.html?_=1612489570645&CODE_STATE=getMsg HTTP/1.1" 200 27
61.165.42.208 - - [05/Feb/2021:09:46:37 +0800] "GET /xingrg/all/report/report_query.html?fileName=dma/new_5.0/yingye/order_list.xml HTTP/1.1" 200 55281
61.165.42.208 - - [05/Feb/2021:09:46:37 +0800] "GET /xingrg/dwr/interface/AjaxReportQueryService.js HTTP/1.1" 200 13203
61.165.42.208 - - [05/Feb/2021:09:46:37 +0800] "GET /xingrg/dwr/engine.js HTTP/1.1" 200 43631
61.165.42.208 - - [05/Feb/2021:09:46:37 +0800] "GET /xingrg/dwr/util.js HTTP/1.1" 304 -
116.230.72.231 - - [05/Feb/2021:09:46:38 +0800] "GET /xingrg/all/function/internal_message.html?_=1612489586070&CODE_STATE=getMsg HTTP/1.1" 200 27
61.165.42.208 - - [05/Feb/2021:09:46:38 +0800] "POST /xingrg/dwr/call/plaincall/AjaxReportQueryService.getFixDate.dwr HTTP/1.1" 200 111
61.165.42.208 - - [05/Feb/2021:09:46:38 +0800] "POST /xingrg/all/common/load_tree.html?tree=area_station_tree_json&manage=1 HTTP/1.1" 200 336
61.165.42.208 - - [05/Feb/2021:09:46:38 +0800] "GET /xingrg/javascript/jquery_easy_ui/themes/icons/rest.png HTTP/1.1" 200 695
61.165.42.208 - - [05/Feb/2021:09:46:38 +0800] "POST /xingrg/dwr/call/plaincall/AjaxReportQueryService.getInitString.dwr HTTP/1.1" 200 76
117.185.32.26 - - [05/Feb/2021:09:46:39 +0800] "GET /xingrg/all/function/internal_message.html?_=1612489614132&CODE_STATE=getMsg HTTP/1.1" 200 27
61.165.42.208 - - [05/Feb/2021:09:46:40 +0800] "GET /xingrg/javascript/jquery_easy_ui/themes/icons/area.png HTTP/1.1" 200 262
222.69.134.170 - - [05/Feb/2021:09:46:41 +0800] "GET /xingrg/all/function/internal_message.html?_=1612489595151&CODE_STATE=getMsg HTTP/1.1" 200 27
120.253.135.82 - - [05/Feb/2021:09:46:42 +0800] "GET /xingrg/all/function/internal_message.html?_=1612489705255&CODE_STATE=getMsg HTTP/1.1" 200 27
180.169.147.146 - - [05/Feb/2021:09:46:43 +0800] "GET /xingrg/all/report/report_query.html?isQuery=1&fileName=kc/base/crk_detail_by_small.xml&rh=99999&queryString=&queryText=%25E3%2580%2590%25E4%25BB%2593%25E5%25BA%2593%25E5%2590%258D%25E7%25A7%25B0%253A%25E6%2594%25B6%25E9%2593%25B6%25E3%2580%2591%25E3%2580%2590%25E4%25B8%259A%25E5%258A%25A1%25E7%25B1%25BB%25E5%259E%258B%25EF%25BC%259A%25E5%2586%2585%25E9%2583%25A8%25E8%25B0%2583%25E5%2587%25BA%25E3%2580%2591%2520%253F%253F%253F%253F%253F2021-01-01%253F%253F2021-01-31%2520%253F%253F%253F%253F%253F%253F%253F&tableQueryString=crk_table%2524sp1%2524order_day%2520between%252020210101%2520and%252020210131%2520and%2520(base_code%253D'0010414')%2520and%2520(src_order_type%2520in%2520(42))%2520and%2520(is_rk%2520in%2520(0)) HTTP/1.1" 200 53778
180.169.147.146 - - [05/Feb/2021:09:46:43 +0800] "GET /xingrg/dwr/interface/AjaxReportQueryService.js HTTP/1.1" 200 13203
180.169.147.146 - - [05/Feb/2021:09:46:43 +0800] "GET /xingrg/dwr/engine.js HTTP/1.1" 200 43631
180.169.147.146 - - [05/Feb/2021:09:46:44 +0800] "POST /xingrg/all/report/load_report_page.html HTTP/1.1" 200 11726
180.169.147.146 - - [05/Feb/2021:09:46:44 +0800] "GET /xingrg/servlets/image?cache=0.4245013751873524&image=px HTTP/1.1" 200 807
61.165.42.208 - - [05/Feb/2021:09:46:44 +0800] "POST /xingrg/dwr/call/plaincall/AjaxReportQueryService.refreshCache.dwr HTTP/1.1" 200 78
61.165.42.208 - - [05/Feb/2021:09:46:45 +0800] "POST /xingrg/all/report/load_report_page.html HTTP/1.1" 200 146387
61.165.42.208 - - [05/Feb/2021:09:46:45 +0800] "GET /xingrg/servlets/image?cache=0.8249472208715577&image=px HTTP/1.1" 200 807
114.88.166.193 - - [05/Feb/2021:09:46:46 +0800] "GET /xingrg/kc/buy/cgsh_order_operate.html?command=get_materiel&rest_code=00111&code=00101009016&supplier_code=00100037&order_time=2021-02-05 HTTP/1.1" 200 412
180.169.147.146 - - [05/Feb/2021:09:46:46 +0800] "POST /xingrg/all/report/load_report_page.html HTTP/1.1" 200 15985
180.169.147.146 - - [05/Feb/2021:09:46:46 +0800] "GET /xingrg/servlets/image?cache=0.606392478997183&image=px HTTP/1.1" 200 807
116.233.79.86 - - [05/Feb/2021:09:46:46 +0800] "GET /favicon.ico HTTP/1.1" 404 -
61.165.42.208 - - [05/Feb/2021:09:46:48 +0800] "POST /xingrg/all/report/load_report_page.html HTTP/1.1" 200 54286
61.165.42.208 - - [05/Feb/2021:09:46:48 +0800] "GET /xingrg/images/blue/button/advance2.gif HTTP/1.1" 200 1338
61.165.42.208 - - [05/Feb/2021:09:46:48 +0800] "GET /xingrg/images/blue/button/advance.gif HTTP/1.1" 200 1354
61.165.42.208 - - [05/Feb/2021:09:46:48 +0800] "GET /xingrg/servlets/image?cache=0.7729645932688564&image=px HTTP/1.1" 200 807
218.81.223.240 - - [05/Feb/2021:09:46:49 +0800] "GET /xingrg/all/function/internal_message.html?_=1612489629636&CODE_STATE=getMsg HTTP/1.1" 200 27
120.253.135.82 - - [05/Feb/2021:09:46:50 +0800] "GET /xingrg/all/function/internal_message.html?_=1612489713259&CODE_STATE=getMsg HTTP/1.1" 200 27
120.253.135.82 - - [05/Feb/2021:09:46:53 +0800] "GET /xingrg/all/function/internal_message.html?_=1612489648624&CODE_STATE=getMsg HTTP/1.1" 200 27
218.81.223.240 - - [05/Feb/2021:09:46:54 +0800] "GET /xingrg/check_reg.html?_=1612489634507 HTTP/1.1" 200 22
116.233.79.86 - - [05/Feb/2021:09:46:56 +0800] "GET /xingrg/login.html HTTP/1.1" 200 7641
116.233.79.86 - - [05/Feb/2021:09:46:56 +0800] "GET /xingrg/images/blue/login_bg.png HTTP/1.1" 304 -
116.233.79.86 - - [05/Feb/2021:09:46:56 +0800] "GET /xingrg/images/blue/jxLogo.png HTTP/1.1" 304 -
116.233.79.86 - - [05/Feb/2021:09:46:56 +0800] "GET /favicon.ico HTTP/1.1" 404 -
116.233.79.86 - - [05/Feb/2021:09:46:56 +0800] "GET /xingrg/images/blue/hj.png HTTP/1.1" 304 -
116.233.79.86 - - [05/Feb/2021:09:46:56 +0800] "GET /xingrg/images/blue/srbg.png HTTP/1.1" 304 -
116.227.208.21 - - [05/Feb/2021:09:46:57 +0800] "GET /xingrg/all/function/internal_message.html?_=1612489615788&CODE_STATE=getMsg HTTP/1.1" 200 27
116.224.253.72 - - [05/Feb/2021:09:46:57 +0800] "GET /xingrg/all/function/internal_message.html?_=1612489604549&CODE_STATE=getMsg HTTP/1.1" 200 27
180.169.147.146 - - [05/Feb/2021:09:46:59 +0800] "GET /xingrg/all/function/internal_message.html?_=1612489615923&CODE_STATE=getMsg HTTP/1.1" 200 27
114.88.166.193 - - [05/Feb/2021:09:47:00 +0800] "GET /xingrg/kc/buy/cgsh_order_operate.html?command=get_materiel&rest_code=00111&code=00101009013&supplier_code=00100037&order_time=2021-02-05 HTTP/1.1" 200 420
180.169.147.146 - - [05/Feb/2021:09:47:04 +0800] "GET /xingrg/all/function/internal_message.html?_=1612489622628&CODE_STATE=getMsg HTTP/1.1" 200 27
116.233.79.86 - - [05/Feb/2021:09:47:04 +0800] "POST /xingrg/login.do HTTP/1.1" 302 -
116.233.79.86 - - [05/Feb/2021:09:47:05 +0800] "GET /xingrg/index.html?sysBaseUrl=http%3A%2F%2F180.169.147.146%3A18081%2Fxingrg%2F&costTime=57×tamp=1612489624932 HTTP/1.1" 200 17173
116.233.79.86 - - [05/Feb/2021:09:47:05 +0800] "GET /xingrg/javascript/jquery_easy_ui/themes/default/easyui.css HTTP/1.1" 304 -
116.233.79.86 - - [05/Feb/2021:09:47:05 +0800] "GET /xingrg/javascript/jquery_easy_ui/themes/icon.css HTTP/1.1" 304 -
116.233.79.86 - - [05/Feb/2021:09:47:05 +0800] "GET /xingrg/css/form.css HTTP/1.1" 304 -
116.233.79.86 - - [05/Feb/2021:09:47:05 +0800] "GET /xingrg/javascript/jquery_easy_ui/jquery.easyui.min.js HTTP/1.1" 304 -
116.233.79.86 - - [05/Feb/2021:09:47:05 +0800] "GET /xingrg/javascript/jquery-1.4.2.min.js HTTP/1.1" 304 -
116.233.79.86 - - [05/Feb/2021:09:47:05 +0800] "GET /xingrg/javascript/jquery.timers.js HTTP/1.1" 304 -
116.233.79.86 - - [05/Feb/2021:09:47:05 +0800] "GET /xingrg/javascript/jquery_easy_ui/easyui-lang-zh_CN.js HTTP/1.1" 304 -
116.233.79.86 - - [05/Feb/2021:09:47:05 +0800] "GET /xingrg/javascript/jquery.form.js HTTP/1.1" 304 -
116.233.79.86 - - [05/Feb/2021:09:47:05 +0800] "GET /xingrg/javascript/jquery.utils.js HTTP/1.1" 304 -
116.233.79.86 - - [05/Feb/2021:09:47:05 +0800] "GET /favicon.ico HTTP/1.1" 404 -
116.233.79.86 - - [05/Feb/2021:09:47:06 +0800] "GET /xingrg/images/blue/navBackgound.jpg HTTP/1.1" 304 -
116.233.79.86 - - [05/Feb/2021:09:47:06 +0800] "GET /xingrg/javascript/jquery_easy_ui/themes/icons/settle_new.png HTTP/1.1" 304 -
58.40.7.146 - - [05/Feb/2021:09:47:13 +0800] "GET /xingrg/all/function/internal_message.html?_=1612489631433&CODE_STATE=getMsg HTTP/1.1" 200 27
58.40.7.146 - - [05/Feb/2021:09:47:13 +0800] "GET /xingrg/all/function/internal_message.html?_=1612489631882&CODE_STATE=getMsg HTTP/1.1" 200 27
58.40.7.146 - - [05/Feb/2021:09:47:15 +0800] "GET /xingrg/check_reg.html?_=1612489634275 HTTP/1.1" 200 22
180.169.147.146 - - [05/Feb/2021:09:47:16 +0800] "GET /xingrg/all/function/internal_message.html?_=1612489635809&CODE_STATE=getMsg HTTP/1.1" 200 27
114.88.166.193 - - [05/Feb/2021:09:47:16 +0800] "GET /xingrg/kc/buy/cgsh_order_operate.html?command=get_materiel&rest_code=00111&code=00101008284&supplier_code=00100037&order_time=2021-02-05 HTTP/1.1" 200 412
180.169.147.146 - - [05/Feb/2021:09:47:16 +0800] "GET /xingrg/all/report/report_query.html?isQuery=1&fileName=kc/base/crk_detail_by_small.xml&rh=99999&queryString=&queryText=%25E3%2580%2590%25E4%25BB%2593%25E5%25BA%2593%25E5%2590%258D%25E7%25A7%25B0%253A%25E7%25B2%25A4%25E8%258F%259C%25E3%2580%2591%25E3%2580%2590%25E4%25B8%259A%25E5%258A%25A1%25E7%25B1%25BB%25E5%259E%258B%25EF%25BC%259A%25E9%2587%2587%25E8%25B4%25AD%25E5%2585%25A5%25E5%25BA%2593%25E3%2580%2591%2520%253F%253F%253F%253F%253F2021-01-01%253F%253F2021-01-31%2520%253F%253F%253F%253F%253F%253F%253F%253F%252C%253F%253F%253F%253F%252C%253F%253F%253F%253F%252C%253F%253F%253F%252C%253F%253F%25C2%25B1%252C%253F%253F%253F%253F%252C%253F%253F%253F%253F&tableQueryString=crk_table%2524sp1%2524order_day%2520between%252020210101%2520and%252020210131%2520and%2520(base_code%253D'0010544')%2520and%2520(src_order_type%2520in%2520(21))%2520and%2520(is_rk%2520in%2520(1)) HTTP/1.1" 200 53838
180.169.147.146 - - [05/Feb/2021:09:47:17 +0800] "GET /xingrg/dwr/interface/AjaxReportQueryService.js HTTP/1.1" 200 13203
180.169.147.146 - - [05/Feb/2021:09:47:17 +0800] "GET /xingrg/dwr/engine.js HTTP/1.1" 200 43631
180.169.147.146 - - [05/Feb/2021:09:47:17 +0800] "POST /xingrg/all/report/load_report_page.html HTTP/1.1" 200 69592
180.169.147.146 - - [05/Feb/2021:09:47:18 +0800] "GET /xingrg/servlets/image?cache=0.8766383721754887&image=px HTTP/1.1" 200 807
180.169.147.146 - - [05/Feb/2021:09:47:19 +0800] "POST /xingrg/all/report/load_report_page.html HTTP/1.1" 200 689240
180.169.147.146 - - [05/Feb/2021:09:47:19 +0800] "GET /xingrg/servlets/image?cache=0.9268939366912693&image=px HTTP/1.1" 200 807
120.253.135.82 - - [05/Feb/2021:09:47:21 +0800] "GET /xingrg/all/function/internal_message.html?_=1612489403911&CODE_STATE=getMsg HTTP/1.1" 200 27
114.88.166.193 - - [05/Feb/2021:09:47:21 +0800] "GET /xingrg/check_reg.html?_=1612489638984 HTTP/1.1" 200 22
180.169.147.146 - - [05/Feb/2021:09:47:23 +0800] "POST /xingrg/all/report/report_print.html HTTP/1.1" 200 41524
114.88.166.193 - - [05/Feb/2021:09:47:26 +0800] "GET /xingrg/all/function/internal_message.html?_=1612489644070&CODE_STATE=getMsg HTTP/1.1" 200 27
114.88.166.193 - - [05/Feb/2021:09:47:27 +0800] "GET /xingrg/kc/buy/cgsh_order_operate.html?command=get_materiel&rest_code=00111&code=00101015046&supplier_code=00100037&order_time=2021-02-05 HTTP/1.1" 200 412
61.165.42.208 - - [05/Feb/2021:09:47:32 +0800] "GET /xingrg/all/function/internal_message.html?_=1612489648549&CODE_STATE=getMsg HTTP/1.1" 200 27
61.165.42.208 - - [05/Feb/2021:09:47:32 +0800] "POST /xingrg/services/DataTransmitService HTTP/1.1" 200 524
61.165.42.208 - - [05/Feb/2021:09:47:33 +0800] "POST /xingrg/services/DataTransmitService HTTP/1.1" 200 501
114.88.166.193 - - [05/Feb/2021:09:47:35 +0800] "GET /xingrg/kc/buy/cgsh_order_operate.html?command=get_materiel&rest_code=00111&code=00101012026&supplier_code=00100037&order_time=2021-02-05 HTTP/1.1" 200 408
116.230.72.231 - - [05/Feb/2021:09:47:35 +0800] "GET /xingrg/all/function/internal_message.html?_=1612489646047&CODE_STATE=getMsg HTTP/1.1" 200 27
61.165.42.208 - - [05/Feb/2021:09:47:36 +0800] "GET /xingrg/all/function/internal_message.html?_=1612489657860&CODE_STATE=getMsg HTTP/1.1" 200 27
58.37.230.33 - - [05/Feb/2021:09:47:36 +0800] "GET /xingrg/all/function/internal_message.html?_=1612489671499&CODE_STATE=getMsg HTTP/1.1" 200 27
116.224.253.72 - - [05/Feb/2021:09:47:36 +0800] "GET /xingrg/all/function/internal_message.html?_=1612489655772&CODE_STATE=getMsg HTTP/1.1" 200 27
116.224.253.72 - - [05/Feb/2021:09:47:36 +0800] "GET /xingrg/check_reg.html?_=1612489655775 HTTP/1.1" 200 22
117.184.7.26 - - [05/Feb/2021:09:47:37 +0800] "GET /xingrg/all/function/internal_message.html?_=1612489630646&CODE_STATE=getMsg HTTP/1.1" 200 27
117.185.32.26 - - [05/Feb/2021:09:47:39 +0800] "GET /xingrg/all/function/internal_message.html?_=1612489674133&CODE_STATE=getMsg HTTP/1.1" 200 27
222.69.134.170 - - [05/Feb/2021:09:47:41 +0800] "GET /xingrg/all/function/internal_message.html?_=1612489655137&CODE_STATE=getMsg HTTP/1.1" 200 27
120.253.135.82 - - [05/Feb/2021:09:47:42 +0800] "GET /xingrg/all/function/internal_message.html?_=1612489765271&CODE_STATE=getMsg HTTP/1.1" 200 27
120.253.135.82 - - [05/Feb/2021:09:47:42 +0800] "GET /xingrg/check_reg.html?_=1612489765273 HTTP/1.1" 200 22
218.81.223.240 - - [05/Feb/2021:09:47:49 +0800] "GET /xingrg/all/function/internal_message.html?_=1612489689650&CODE_STATE=getMsg HTTP/1.1" 200 27
120.253.135.82 - - [05/Feb/2021:09:47:50 +0800] "GET /xingrg/all/function/internal_message.html?_=1612489773264&CODE_STATE=getMsg HTTP/1.1" 200 27
120.253.135.82 - - [05/Feb/2021:09:47:50 +0800] "GET /xingrg/check_reg.html?_=1612489773267 HTTP/1.1" 200 22
61.165.42.208 - - [05/Feb/2021:09:47:51 +0800] "POST /xingrg/services/DataTransmitService HTTP/1.1" 200 524
61.165.42.208 - - [05/Feb/2021:09:47:52 +0800] "POST /xingrg/services/DataTransmitService HTTP/1.1" 200 501
120.253.135.82 - - [05/Feb/2021:09:47:53 +0800] "GET /xingrg/all/function/internal_message.html?_=1612489708649&CODE_STATE=getMsg HTTP/1.1" 200 27
61.165.42.208 - - [05/Feb/2021:09:47:54 +0800] "POST /xingrg/services/DataTransmitService HTTP/1.1" 200 524
120.253.135.82 - - [05/Feb/2021:09:47:56 +0800] "GET /xingrg/check_reg.html?_=1612489779281 HTTP/1.1" 200 22
116.227.208.21 - - [05/Feb/2021:09:47:57 +0800] "GET /xingrg/all/function/internal_message.html?_=1612489675786&CODE_STATE=getMsg HTTP/1.1" 200 27
116.224.253.72 - - [05/Feb/2021:09:47:57 +0800] "GET /xingrg/all/function/internal_message.html?_=1612489664582&CODE_STATE=getMsg HTTP/1.1" 200 27
180.169.147.146 - - [05/Feb/2021:09:47:59 +0800] "GET /xingrg/all/function/internal_message.html?_=1612489675921&CODE_STATE=getMsg HTTP/1.1" 200 27
180.169.147.146 - - [05/Feb/2021:09:47:59 +0800] "GET /xingrg/check_reg.html?_=1612489675922 HTTP/1.1" 200 22
61.165.42.208 - - [05/Feb/2021:09:48:03 +0800] "POST /xingrg/services/DataTransmitService HTTP/1.1" 200 501
61.165.42.208 - - [05/Feb/2021:09:48:04 +0800] "POST /xingrg/services/DataTransmitService HTTP/1.1" 200 501
180.169.147.146 - - [05/Feb/2021:09:48:04 +0800] "GET /xingrg/all/function/internal_message.html?_=1612489682630&CODE_STATE=getMsg HTTP/1.1" 200 27
61.165.42.208 - - [05/Feb/2021:09:48:05 +0800] "POST /xingrg/services/DataTransmitService HTTP/1.1" 200 501
61.165.42.208 - - [05/Feb/2021:09:48:06 +0800] "POST /xingrg/services/DataTransmitService HTTP/1.1" 200 501
61.165.42.208 - - [05/Feb/2021:09:48:06 +0800] "POST /xingrg/services/DataTransmitService HTTP/1.1" 200 501
61.165.42.208 - - [05/Feb/2021:09:48:07 +0800] "POST /xingrg/services/DataTransmitService HTTP/1.1" 200 501
61.165.42.208 - - [05/Feb/2021:09:48:08 +0800] "POST /xingrg/services/DataTransmitService HTTP/1.1" 200 501
61.165.42.208 - - [05/Feb/2021:09:48:10 +0800] "POST /xingrg/services/DataTransmitService HTTP/1.1" 200 501
114.88.166.193 - - [05/Feb/2021:09:48:11 +0800] "GET /xingrg/kc/buy/cgsh_order_operate.html?command=get_materiel&rest_code=00111&code=00101009007&supplier_code=00100037&order_time=2021-02-05 HTTP/1.1" 200 408
61.165.42.208 - - [05/Feb/2021:09:48:11 +0800] "POST /xingrg/services/DataTransmitService HTTP/1.1" 200 412
58.40.7.146 - - [05/Feb/2021:09:48:13 +0800] "GET /xingrg/all/function/internal_message.html?_=1612489691419&CODE_STATE=getMsg HTTP/1.1" 200 27
58.40.7.146 - - [05/Feb/2021:09:48:13 +0800] "GET /xingrg/all/function/internal_message.html?_=1612489691885&CODE_STATE=getMsg HTTP/1.1" 200 27
180.169.147.146 - - [05/Feb/2021:09:48:16 +0800] "GET /xingrg/all/function/internal_message.html?_=1612489695811&CODE_STATE=getMsg HTTP/1.1" 200 27
180.169.147.146 - - [05/Feb/2021:09:48:16 +0800] "GET /xingrg/check_reg.html?_=1612489695817 HTTP/1.1" 200 22
120.253.135.82 - - [05/Feb/2021:09:48:17 +0800] "GET /xingrg/check_reg.html?_=1612489800732 HTTP/1.1" 200 22
116.227.208.21 - - [05/Feb/2021:09:48:20 +0800] "POST /xingrg/dwr/call/plaincall/AjaxYddbService.saveOrder.dwr HTTP/1.1" 200 78
120.253.135.82 - - [05/Feb/2021:09:48:21 +0800] "GET /xingrg/all/function/internal_message.html?_=1612489464003&CODE_STATE=getMsg HTTP/1.1" 200 27
61.165.42.208 - - [05/Feb/2021:09:48:21 +0800] "POST /xingrg/dwr/call/plaincall/AjaxReportQueryService.refreshCache.dwr HTTP/1.1" 200 78
61.165.42.208 - - [05/Feb/2021:09:48:21 +0800] "POST /xingrg/all/report/load_report_page.html HTTP/1.1" 200 153397
61.165.42.208 - - [05/Feb/2021:09:48:21 +0800] "GET /xingrg/servlets/image?cache=0.7115720463811649&image=px HTTP/1.1" 200 807
114.88.166.193 - - [05/Feb/2021:09:48:23 +0800] "GET /xingrg/kc/buy/cgsh_order_operate.html?command=get_materiel&rest_code=00111&code=00101008418&supplier_code=00100037&order_time=2021-02-05 HTTP/1.1" 200 399
114.88.166.193 - - [05/Feb/2021:09:48:26 +0800] "GET /xingrg/all/function/internal_message.html?_=1612489704081&CODE_STATE=getMsg HTTP/1.1" 200 27
116.227.208.21 - - [05/Feb/2021:09:48:27 +0800] "POST /xingrg/dwr/call/plaincall/AjaxYddbService.objCheckOrder.dwr HTTP/1.1" 200 431
61.165.42.208 - - [05/Feb/2021:09:48:32 +0800] "GET /xingrg/all/function/internal_message.html?_=1612489708547&CODE_STATE=getMsg HTTP/1.1" 200 27
116.227.208.21 - - [05/Feb/2021:09:48:33 +0800] "POST /xingrg/dwr/call/plaincall/AjaxYddbService.objCheckOrder.dwr HTTP/1.1" 200 431
116.230.72.231 - - [05/Feb/2021:09:48:35 +0800] "GET /xingrg/all/function/internal_message.html?_=1612489706018&CODE_STATE=getMsg HTTP/1.1" 200 27
61.165.42.208 - - [05/Feb/2021:09:48:36 +0800] "GET /xingrg/all/function/internal_message.html?_=1612489717834&CODE_STATE=getMsg HTTP/1.1" 200 27
58.37.230.33 - - [05/Feb/2021:09:48:36 +0800] "GET /xingrg/all/function/internal_message.html?_=1612489731498&CODE_STATE=getMsg HTTP/1.1" 200 27
116.224.253.72 - - [05/Feb/2021:09:48:36 +0800] "GET /xingrg/all/function/internal_message.html?_=1612489715774&CODE_STATE=getMsg HTTP/1.1" 200 27
117.184.7.26 - - [05/Feb/2021:09:48:37 +0800] "GET /xingrg/all/function/internal_message.html?_=1612489690648&CODE_STATE=getMsg HTTP/1.1" 200 27
117.185.32.26 - - [05/Feb/2021:09:48:39 +0800] "GET /xingrg/all/function/internal_message.html?_=1612489734133&CODE_STATE=getMsg HTTP/1.1" 200 27
222.69.134.170 - - [05/Feb/2021:09:48:41 +0800] "GET /xingrg/all/function/internal_message.html?_=1612489715118&CODE_STATE=getMsg HTTP/1.1" 200 27
58.37.230.33 - - [05/Feb/2021:09:48:41 +0800] "GET /xingrg/index.html?sysBaseUrl=http%3A%2F%2F180.169.147.146%3A18081%2Fxingrg%2F&costTime=34×tamp=1585622960984 HTTP/1.1" 302 -
58.37.230.33 - - [05/Feb/2021:09:48:41 +0800] "GET /xingrg/login.html HTTP/1.1" 200 7641
58.37.230.33 - - [05/Feb/2021:09:48:42 +0800] "GET /xingrg/images/blue/jxLogo.png HTTP/1.1" 200 6156
58.37.230.33 - - [05/Feb/2021:09:48:42 +0800] "GET /xingrg/images/blue/srbg.png HTTP/1.1" 200 138
58.37.230.33 - - [05/Feb/2021:09:48:42 +0800] "GET /xingrg/images/blue/login_bg.png HTTP/1.1" 200 22101
58.37.230.33 - - [05/Feb/2021:09:48:42 +0800] "GET /xingrg/images/blue/hj.png HTTP/1.1" 200 1014
58.37.230.33 - - [05/Feb/2021:09:48:42 +0800] "GET /favicon.ico HTTP/1.1" 404 -
120.253.135.82 - - [05/Feb/2021:09:48:42 +0800] "GET /xingrg/all/function/internal_message.html?_=1612489825269&CODE_STATE=getMsg HTTP/1.1" 200 27
114.88.166.193 - - [05/Feb/2021:09:48:44 +0800] "GET /xingrg/kc/buy/cgsh_order_operate.html?command=get_materiel&rest_code=00111&code=00101009112&supplier_code=00100037&order_time=2021-02-05 HTTP/1.1" 200 411
218.81.223.240 - - [05/Feb/2021:09:48:49 +0800] "GET /xingrg/all/function/internal_message.html?_=1612489749665&CODE_STATE=getMsg HTTP/1.1" 200 27
120.253.135.82 - - [05/Feb/2021:09:48:50 +0800] "GET /xingrg/all/function/internal_message.html?_=1612489833269&CODE_STATE=getMsg HTTP/1.1" 200 27
116.227.208.21 - - [05/Feb/2021:09:48:52 +0800] "POST /xingrg/dwr/call/plaincall/AjaxYddbService.saveOrder.dwr HTTP/1.1" 200 78
120.253.135.82 - - [05/Feb/2021:09:48:53 +0800] "GET /xingrg/all/function/internal_message.html?_=1612489768665&CODE_STATE=getMsg HTTP/1.1" 200 27
180.175.150.119 - - [05/Feb/2021:09:48:54 +0800] "GET /xingrg/check_reg.html?_=1612489980376 HTTP/1.1" 302 -
116.227.208.21 - - [05/Feb/2021:09:48:55 +0800] "POST /xingrg/dwr/call/plaincall/AjaxYddbService.objCheckOrder.dwr HTTP/1.1" 200 78
116.227.208.21 - - [05/Feb/2021:09:48:56 +0800] "GET /xingrg/kc/base/yddb_order_info.html?code=482021013100286 HTTP/1.1" 200 31435
116.227.208.21 - - [05/Feb/2021:09:48:56 +0800] "GET /xingrg/dwr/interface/AjaxComOrderService.js HTTP/1.1" 200 18264
116.227.208.21 - - [05/Feb/2021:09:48:56 +0800] "GET /xingrg/dwr/interface/AjaxYddbService.js HTTP/1.1" 200 13201
116.227.208.21 - - [05/Feb/2021:09:48:56 +0800] "GET /xingrg/dwr/engine.js HTTP/1.1" 200 43631
116.227.208.21 - - [05/Feb/2021:09:48:56 +0800] "POST /xingrg/dwr/call/plaincall/AjaxYddbService.loadMaterielItems.dwr HTTP/1.1" 200 3249
116.227.208.21 - - [05/Feb/2021:09:48:57 +0800] "GET /xingrg/all/function/internal_message.html?_=1612489735785&CODE_STATE=getMsg HTTP/1.1" 200 27
116.224.253.72 - - [05/Feb/2021:09:48:57 +0800] "GET /xingrg/all/function/internal_message.html?_=1612489724593&CODE_STATE=getMsg HTTP/1.1" 200 27
180.169.147.146 - - [05/Feb/2021:09:48:59 +0800] "GET /xingrg/all/function/internal_message.html?_=1612489735920&CODE_STATE=getMsg HTTP/1.1" 200 27
116.227.208.21 - - [05/Feb/2021:09:49:00 +0800] "GET /xingrg/kc/base/yddb_order_list.html HTTP/1.1" 200 16951
116.227.208.21 - - [05/Feb/2021:09:49:01 +0800] "POST /xingrg/kc/base/yddb_list_operate.html HTTP/1.1" 200 636
