58.40.7.146 - - [05/Feb/2021:08:46:13 +0800] "GET /xingrg/all/function/internal_message.html?_=1612485971381&CODE_STATE=getMsg HTTP/1.1" 200 27
58.40.7.146 - - [05/Feb/2021:08:46:13 +0800] "GET /xingrg/all/function/internal_message.html?_=1612485971835&CODE_STATE=getMsg HTTP/1.1" 200 27
61.165.42.208 - - [05/Feb/2021:08:46:21 +0800] "GET /xingrg/all/function/internal_message.html?_=1612485982543&CODE_STATE=getMsg HTTP/1.1" 200 27
61.165.42.208 - - [05/Feb/2021:08:46:22 +0800] "GET /xingrg/kc/buy/cgsh_order_operate.html?command=get_materiel&rest_code=00105&code=00101008248&supplier_code=00100203&order_time=2021-02-05 HTTP/1.1" 200 412
116.230.72.231 - - [05/Feb/2021:08:46:23 +0800] "GET /xingrg/all/function/internal_message.html?_=1612485974954&CODE_STATE=getMsg HTTP/1.1" 200 27
116.230.72.231 - - [05/Feb/2021:08:46:23 +0800] "GET /xingrg/check_reg.html?_=1612485974948 HTTP/1.1" 200 22
58.37.230.33 - - [05/Feb/2021:08:46:29 +0800] "POST /xingrg/services/DataTransmitService HTTP/1.1" 200 524
58.37.230.33 - - [05/Feb/2021:08:46:29 +0800] "POST /xingrg/services/DataTransmitService HTTP/1.1" 200 501
116.224.253.72 - - [05/Feb/2021:08:46:32 +0800] "GET /xingrg/all/function/internal_message.html?_=1612485979048&CODE_STATE=getMsg HTTP/1.1" 200 27
61.165.42.208 - - [05/Feb/2021:08:46:34 +0800] "GET /xingrg/kc/buy/cgsh_order_operate.html?command=get_materiel&rest_code=00105&code=00101008210&supplier_code=00100203&order_time=2021-02-05 HTTP/1.1" 200 408
58.37.230.33 - - [05/Feb/2021:08:46:36 +0800] "GET /xingrg/check_reg.html?_=1612486011350 HTTP/1.1" 200 22
58.37.230.33 - - [05/Feb/2021:08:46:36 +0800] "GET /xingrg/all/function/internal_message.html?_=1612486011351&CODE_STATE=getMsg HTTP/1.1" 200 27
117.184.7.26 - - [05/Feb/2021:08:46:37 +0800] "GET /xingrg/all/function/internal_message.html?_=1612485970575&CODE_STATE=getMsg HTTP/1.1" 200 27
222.69.134.170 - - [05/Feb/2021:08:46:37 +0800] "GET /xingrg/kc/buy/cgsh_order_operate.html?command=get_materiel&rest_code=00149&code=00101008331&supplier_code=00100005&order_time=2021-02-05 HTTP/1.1" 200 416
114.86.187.76 - - [05/Feb/2021:08:46:41 +0800] "GET /xingrg/kc/buy/cgsh_order_add.html HTTP/1.1" 200 62110
120.253.135.82 - - [05/Feb/2021:08:46:42 +0800] "GET /xingrg/all/function/internal_message.html?_=1612486104982&CODE_STATE=getMsg HTTP/1.1" 200 27
114.86.187.76 - - [05/Feb/2021:08:46:42 +0800] "POST /xingrg/kc/buy/cgsh_order_operate.html HTTP/1.1" 200 8245
222.69.134.170 - - [05/Feb/2021:08:46:42 +0800] "GET /xingrg/all/function/internal_message.html?_=1612485995937&CODE_STATE=getMsg HTTP/1.1" 200 27
114.86.187.76 - - [05/Feb/2021:08:46:42 +0800] "GET /xingrg/all/common/auto_word.html?type=employee&rest_code=00148 HTTP/1.1" 200 197
114.86.187.76 - - [05/Feb/2021:08:46:42 +0800] "GET /xingrg/javascript/easyui/themes/default/validatebox.css HTTP/1.1" 404 1104
114.86.187.76 - - [05/Feb/2021:08:46:42 +0800] "GET /xingrg/all/common/auto_word.html?type=employee&rest_code=00148 HTTP/1.1" 200 197
114.86.187.76 - - [05/Feb/2021:08:46:43 +0800] "GET /xingrg/all/function/internal_message.html?_=1612486005947&CODE_STATE=getMsg HTTP/1.1" 200 27
61.165.42.208 - - [05/Feb/2021:08:46:46 +0800] "POST /xingrg/kc/buy/cgsh_order_operate.html HTTP/1.1" 200 2065
120.253.135.82 - - [05/Feb/2021:08:46:50 +0800] "GET /xingrg/all/function/internal_message.html?_=1612486112980&CODE_STATE=getMsg HTTP/1.1" 200 27
120.253.135.82 - - [05/Feb/2021:08:46:52 +0800] "GET /xingrg/all/function/internal_message.html?_=1612486047573&CODE_STATE=getMsg HTTP/1.1" 200 27
218.81.223.240 - - [05/Feb/2021:08:46:53 +0800] "GET /xingrg/check_reg.html?_=1612486034109 HTTP/1.1" 200 22
61.165.42.208 - - [05/Feb/2021:08:46:54 +0800] "GET /xingrg/kc/buy/cgsh_order_operate.html?command=get_materiel&rest_code=00105&code=00101008358&supplier_code=00100203&order_time=2021-02-05 HTTP/1.1" 200 412
218.81.223.240 - - [05/Feb/2021:08:46:54 +0800] "GET /xingrg/all/function/internal_message.html?_=1612486025694&CODE_STATE=getMsg HTTP/1.1" 200 27
114.86.187.76 - - [05/Feb/2021:08:46:55 +0800] "GET /xingrg/kc/buy/cgsh_order_operate.html?command=get_materiel&rest_code=00148&code=00101010248&supplier_code=&order_time=2021-02-05 HTTP/1.1" 200 430
116.224.253.72 - - [05/Feb/2021:08:46:55 +0800] "GET /xingrg/all/function/internal_message.html?_=1612486015009&CODE_STATE=getMsg HTTP/1.1" 200 27
116.227.208.21 - - [05/Feb/2021:08:46:57 +0800] "GET /xingrg/all/function/internal_message.html?_=1612486014621&CODE_STATE=getMsg HTTP/1.1" 200 27
180.169.147.146 - - [05/Feb/2021:08:46:59 +0800] "GET /xingrg/all/function/internal_message.html?_=1612486015647&CODE_STATE=getMsg HTTP/1.1" 200 27
222.69.134.170 - - [05/Feb/2021:08:46:59 +0800] "GET /xingrg/kc/buy/cgsh_order_operate.html?command=get_materiel&rest_code=00149&code=00101008349&supplier_code=00100005&order_time=2021-02-05 HTTP/1.1" 200 412
61.165.42.208 - - [05/Feb/2021:08:47:06 +0800] "GET /xingrg/kc/buy/cgsh_order_operate.html?command=get_materiel&rest_code=00105&code=00101008003&supplier_code=00100203&order_time=2021-02-05 HTTP/1.1" 200 408
120.253.135.82 - - [05/Feb/2021:08:47:12 +0800] "GET /xingrg/all/function/internal_message.html?_=1612485794456&CODE_STATE=getMsg HTTP/1.1" 200 27
58.40.7.146 - - [05/Feb/2021:08:47:13 +0800] "GET /xingrg/all/function/internal_message.html?_=1612486031384&CODE_STATE=getMsg HTTP/1.1" 200 27
58.40.7.146 - - [05/Feb/2021:08:47:13 +0800] "GET /xingrg/all/function/internal_message.html?_=1612486031837&CODE_STATE=getMsg HTTP/1.1" 200 27
61.165.42.208 - - [05/Feb/2021:08:47:13 +0800] "GET /xingrg/kc/buy/cgsh_order_operate.html?command=get_materiel&rest_code=00105&code=00101008361&supplier_code=00100203&order_time=2021-02-05 HTTP/1.1" 200 408
222.69.134.170 - - [05/Feb/2021:08:47:14 +0800] "GET /xingrg/kc/buy/cgsh_order_operate.html?command=get_materiel&rest_code=00149&code=00101008350&supplier_code=00100005&order_time=2021-02-05 HTTP/1.1" 200 408
58.40.7.146 - - [05/Feb/2021:08:47:16 +0800] "GET /xingrg/check_reg.html?_=1612486034448 HTTP/1.1" 200 22
61.165.42.208 - - [05/Feb/2021:08:47:21 +0800] "GET /xingrg/all/function/internal_message.html?_=1612486042670&CODE_STATE=getMsg HTTP/1.1" 200 27
114.86.187.76 - - [05/Feb/2021:08:47:21 +0800] "GET /xingrg/kc/buy/cgsh_order_operate.html?command=get_materiel&rest_code=00148&code=00101006177&supplier_code=&order_time=2021-02-05 HTTP/1.1" 200 409
116.230.72.231 - - [05/Feb/2021:08:47:23 +0800] "GET /xingrg/all/function/internal_message.html?_=1612486034959&CODE_STATE=getMsg HTTP/1.1" 200 27
61.165.42.208 - - [05/Feb/2021:08:47:24 +0800] "GET /xingrg/kc/buy/cgsh_order_operate.html?command=get_materiel&rest_code=00105&code=00101008059&supplier_code=00100203&order_time=2021-02-05 HTTP/1.1" 200 408
114.86.187.76 - - [05/Feb/2021:08:47:27 +0800] "POST /xingrg/kc/buy/cgsh_list_operate.html HTTP/1.1" 200 876
61.165.42.208 - - [05/Feb/2021:08:47:31 +0800] "GET /xingrg/kc/buy/cgsh_order_operate.html?command=get_materiel&rest_code=00105&code=00101008098&supplier_code=00100203&order_time=2021-02-05 HTTP/1.1" 200 412
116.224.253.72 - - [05/Feb/2021:08:47:32 +0800] "GET /xingrg/all/function/internal_message.html?_=1612486039052&CODE_STATE=getMsg HTTP/1.1" 200 27
58.37.230.33 - - [05/Feb/2021:08:47:36 +0800] "GET /xingrg/all/function/internal_message.html?_=1612486071349&CODE_STATE=getMsg HTTP/1.1" 200 27
117.184.7.26 - - [05/Feb/2021:08:47:37 +0800] "GET /xingrg/all/function/internal_message.html?_=1612486030579&CODE_STATE=getMsg HTTP/1.1" 200 27
120.253.135.82 - - [05/Feb/2021:08:47:42 +0800] "GET /xingrg/all/function/internal_message.html?_=1612486164987&CODE_STATE=getMsg HTTP/1.1" 200 27
120.253.135.82 - - [05/Feb/2021:08:47:42 +0800] "GET /xingrg/check_reg.html?_=1612486164988 HTTP/1.1" 200 22
222.69.134.170 - - [05/Feb/2021:08:47:42 +0800] "GET /xingrg/all/function/internal_message.html?_=1612486056034&CODE_STATE=getMsg HTTP/1.1" 200 27
114.86.187.76 - - [05/Feb/2021:08:47:43 +0800] "GET /xingrg/all/function/internal_message.html?_=1612486065805&CODE_STATE=getMsg HTTP/1.1" 200 27
218.81.223.240 - - [05/Feb/2021:08:47:45 +0800] "GET /xingrg/all/function/internal_message.html?_=1612486085699&CODE_STATE=getMsg HTTP/1.1" 200 27
120.253.135.82 - - [05/Feb/2021:08:47:50 +0800] "GET /xingrg/all/function/internal_message.html?_=1612486172989&CODE_STATE=getMsg HTTP/1.1" 200 27
120.253.135.82 - - [05/Feb/2021:08:47:50 +0800] "GET /xingrg/check_reg.html?_=1612486172989 HTTP/1.1" 200 22
61.165.42.208 - - [05/Feb/2021:08:47:51 +0800] "GET /xingrg/kc/buy/cgsh_order_operate.html?command=get_materiel&rest_code=00105&code=00101008213&supplier_code=00100203&order_time=2021-02-05 HTTP/1.1" 200 412
120.253.135.82 - - [05/Feb/2021:08:47:52 +0800] "GET /xingrg/all/function/internal_message.html?_=1612486107601&CODE_STATE=getMsg HTTP/1.1" 200 27
61.165.42.208 - - [05/Feb/2021:08:47:55 +0800] "POST /xingrg/kc/buy/cgsh_order_operate.html HTTP/1.1" 200 2065
116.224.253.72 - - [05/Feb/2021:08:47:55 +0800] "GET /xingrg/all/function/internal_message.html?_=1612486075010&CODE_STATE=getMsg HTTP/1.1" 200 27
116.224.253.72 - - [05/Feb/2021:08:47:55 +0800] "GET /xingrg/check_reg.html?_=1612486075012 HTTP/1.1" 200 22
120.253.135.82 - - [05/Feb/2021:08:47:56 +0800] "GET /xingrg/check_reg.html?_=1612486179212 HTTP/1.1" 200 22
116.227.208.21 - - [05/Feb/2021:08:47:57 +0800] "GET /xingrg/all/function/internal_message.html?_=1612486074624&CODE_STATE=getMsg HTTP/1.1" 200 27
180.169.147.146 - - [05/Feb/2021:08:47:59 +0800] "GET /xingrg/check_reg.html?_=1612486075649 HTTP/1.1" 200 22
180.169.147.146 - - [05/Feb/2021:08:47:59 +0800] "GET /xingrg/all/function/internal_message.html?_=1612486075646&CODE_STATE=getMsg HTTP/1.1" 200 27
222.69.134.170 - - [05/Feb/2021:08:48:02 +0800] "GET /xingrg/kc/buy/cgsh_order_operate.html?command=get_materiel&rest_code=00149&code=00101008354&supplier_code=00100005&order_time=2021-02-05 HTTP/1.1" 200 412
61.165.42.208 - - [05/Feb/2021:08:48:02 +0800] "GET /xingrg/kc/buy/cgsh_order_operate.html?command=get_materiel&rest_code=00105&code=00101008100&supplier_code=00100203&order_time=2021-02-05 HTTP/1.1" 200 408
120.253.135.82 - - [05/Feb/2021:08:48:04 +0800] "GET /xingrg/check_reg.html?_=1612485846714 HTTP/1.1" 200 22
61.165.42.208 - - [05/Feb/2021:08:48:07 +0800] "POST /xingrg/kc/buy/cgsh_order_operate.html HTTP/1.1" 200 37
61.165.42.208 - - [05/Feb/2021:08:48:08 +0800] "POST /xingrg/kc/buy/cgsh_order_operate.html HTTP/1.1" 200 35187
114.86.187.76 - - [05/Feb/2021:08:48:09 +0800] "GET /xingrg/kc/buy/cgsh_order_add.html HTTP/1.1" 200 62110
114.86.187.76 - - [05/Feb/2021:08:48:10 +0800] "GET /xingrg/javascript/easyui/themes/default/validatebox.css HTTP/1.1" 404 1104
114.86.187.76 - - [05/Feb/2021:08:48:10 +0800] "POST /xingrg/kc/buy/cgsh_order_operate.html HTTP/1.1" 200 8245
120.253.135.82 - - [05/Feb/2021:08:48:12 +0800] "GET /xingrg/all/function/internal_message.html?_=1612485854468&CODE_STATE=getMsg HTTP/1.1" 200 27
114.86.187.76 - - [05/Feb/2021:08:48:12 +0800] "GET /xingrg/javascript/jquery_tools/images/prev.gif HTTP/1.1" 404 1086
114.86.187.76 - - [05/Feb/2021:08:48:12 +0800] "GET /xingrg/javascript/jquery_tools/images/next.gif HTTP/1.1" 404 1086
58.40.7.146 - - [05/Feb/2021:08:48:13 +0800] "GET /xingrg/all/function/internal_message.html?_=1612486091387&CODE_STATE=getMsg HTTP/1.1" 200 27
58.40.7.146 - - [05/Feb/2021:08:48:13 +0800] "GET /xingrg/all/function/internal_message.html?_=1612486091841&CODE_STATE=getMsg HTTP/1.1" 200 27
120.253.135.82 - - [05/Feb/2021:08:48:17 +0800] "GET /xingrg/check_reg.html?_=1612486200649 HTTP/1.1" 200 22
114.86.187.76 - - [05/Feb/2021:08:48:19 +0800] "GET /xingrg/kc/buy/cgsh_order_operate.html?command=get_materiel&rest_code=00148&code=00101001012&supplier_code=00100036&order_time=2021-02-05 HTTP/1.1" 200 413
61.165.42.208 - - [05/Feb/2021:08:48:21 +0800] "GET /xingrg/all/function/internal_message.html?_=1612486102552&CODE_STATE=getMsg HTTP/1.1" 200 27
222.69.134.170 - - [05/Feb/2021:08:48:21 +0800] "GET /xingrg/kc/buy/cgsh_order_operate.html?command=get_materiel&rest_code=00149&code=00101008351&supplier_code=00100005&order_time=2021-02-05 HTTP/1.1" 200 408
116.230.72.231 - - [05/Feb/2021:08:48:24 +0800] "GET /xingrg/all/function/internal_message.html?_=1612486094958&CODE_STATE=getMsg HTTP/1.1" 200 27
116.224.253.72 - - [05/Feb/2021:08:48:32 +0800] "GET /xingrg/all/function/internal_message.html?_=1612486099072&CODE_STATE=getMsg HTTP/1.1" 200 27
58.37.230.33 - - [05/Feb/2021:08:48:36 +0800] "GET /xingrg/all/function/internal_message.html?_=1612486131360&CODE_STATE=getMsg HTTP/1.1" 200 27
117.184.7.26 - - [05/Feb/2021:08:48:37 +0800] "GET /xingrg/all/function/internal_message.html?_=1612486090555&CODE_STATE=getMsg HTTP/1.1" 200 27
114.86.187.76 - - [05/Feb/2021:08:48:37 +0800] "GET /xingrg/kc/buy/cgsh_order_operate.html?command=get_materiel&rest_code=00148&code=00101011001&supplier_code=00100036&order_time=2021-02-05 HTTP/1.1" 200 423
61.165.42.208 - - [05/Feb/2021:08:48:41 +0800] "GET /xingrg/index.html?sysBaseUrl=http%3A%2F%2F180.169.147.146%3A18081%2Fxingrg%2F&costTime=36×tamp=1585223203754 HTTP/1.1" 200 17173
61.165.42.208 - - [05/Feb/2021:08:48:41 +0800] "GET /favicon.ico HTTP/1.1" 404 -
61.165.42.208 - - [05/Feb/2021:08:48:41 +0800] "POST /xingrg/all/common/load_tree.html?tree=area_rest_tree_json&manage=1 HTTP/1.1" 200 3344
61.165.42.208 - - [05/Feb/2021:08:48:41 +0800] "GET /xingrg/check_reg.html?_=1612486123250 HTTP/1.1" 200 22
61.165.42.208 - - [05/Feb/2021:08:48:41 +0800] "GET /xingrg/all/function/internal_message.html?_=1612486123249&CODE_STATE=count HTTP/1.1" 200 11
61.165.42.208 - - [05/Feb/2021:08:48:41 +0800] "POST /xingrg/load_menu.html HTTP/1.1" 200 5138
120.253.135.82 - - [05/Feb/2021:08:48:42 +0800] "GET /xingrg/all/function/internal_message.html?_=1612486224984&CODE_STATE=getMsg HTTP/1.1" 200 27
222.69.134.170 - - [05/Feb/2021:08:48:42 +0800] "GET /xingrg/all/function/internal_message.html?_=1612486116017&CODE_STATE=getMsg HTTP/1.1" 200 27
114.86.187.76 - - [05/Feb/2021:08:48:43 +0800] "GET /xingrg/check_reg.html?_=1612486125795 HTTP/1.1" 200 22
114.86.187.76 - - [05/Feb/2021:08:48:43 +0800] "GET /xingrg/all/function/internal_message.html?_=1612486125801&CODE_STATE=getMsg HTTP/1.1" 200 27
114.86.187.76 - - [05/Feb/2021:08:48:45 +0800] "GET /xingrg/kc/buy/cgsh_order_operate.html?command=get_materiel&rest_code=00148&code=00101006152&supplier_code=00100036&order_time=2021-02-05 HTTP/1.1" 200 409
218.81.223.240 - - [05/Feb/2021:08:48:45 +0800] "GET /xingrg/all/function/internal_message.html?_=1612486145712&CODE_STATE=getMsg HTTP/1.1" 200 27
120.253.135.82 - - [05/Feb/2021:08:48:50 +0800] "GET /xingrg/all/function/internal_message.html?_=1612486232982&CODE_STATE=getMsg HTTP/1.1" 200 27
120.253.135.82 - - [05/Feb/2021:08:48:52 +0800] "GET /xingrg/all/function/internal_message.html?_=1612486167615&CODE_STATE=getMsg HTTP/1.1" 200 27
116.224.253.72 - - [05/Feb/2021:08:48:55 +0800] "GET /xingrg/all/function/internal_message.html?_=1612486135012&CODE_STATE=getMsg HTTP/1.1" 200 27
116.227.208.21 - - [05/Feb/2021:08:48:57 +0800] "GET /xingrg/all/function/internal_message.html?_=1612486134627&CODE_STATE=getMsg HTTP/1.1" 200 27
180.169.147.146 - - [05/Feb/2021:08:48:59 +0800] "GET /xingrg/all/function/internal_message.html?_=1612486135648&CODE_STATE=getMsg HTTP/1.1" 200 27
120.253.135.82 - - [05/Feb/2021:08:49:12 +0800] "GET /xingrg/all/function/internal_message.html?_=1612485914481&CODE_STATE=getMsg HTTP/1.1" 200 27
58.40.7.146 - - [05/Feb/2021:08:49:12 +0800] "GET /xingrg/check_reg.html?_=1612486151375 HTTP/1.1" 200 22
58.40.7.146 - - [05/Feb/2021:08:49:13 +0800] "GET /xingrg/all/function/internal_message.html?_=1612486151375&CODE_STATE=getMsg HTTP/1.1" 200 27
58.40.7.146 - - [05/Feb/2021:08:49:13 +0800] "GET /xingrg/all/function/internal_message.html?_=1612486151844&CODE_STATE=getMsg HTTP/1.1" 200 27
116.224.253.72 - - [05/Feb/2021:08:49:20 +0800] "GET /xingrg/check_reg.html?_=1612486147489 HTTP/1.1" 200 22
116.230.72.231 - - [05/Feb/2021:08:49:24 +0800] "GET /xingrg/all/function/internal_message.html?_=1612486154959&CODE_STATE=getMsg HTTP/1.1" 200 27
116.224.253.72 - - [05/Feb/2021:08:49:32 +0800] "GET /xingrg/all/function/internal_message.html?_=1612486159080&CODE_STATE=getMsg HTTP/1.1" 200 27
58.37.230.33 - - [05/Feb/2021:08:49:36 +0800] "GET /xingrg/all/function/internal_message.html?_=1612486191357&CODE_STATE=getMsg HTTP/1.1" 200 27
117.184.7.26 - - [05/Feb/2021:08:49:37 +0800] "GET /xingrg/all/function/internal_message.html?_=1612486150556&CODE_STATE=getMsg HTTP/1.1" 200 27
222.69.134.170 - - [05/Feb/2021:08:49:40 +0800] "GET /xingrg/kc/buy/cgsh_order_operate.html?command=get_materiel&rest_code=00149&code=00101008186&supplier_code=00100005&order_time=2021-02-05 HTTP/1.1" 200 408
61.165.42.208 - - [05/Feb/2021:08:49:40 +0800] "GET /xingrg/kc/buy/cgsh_order_list.html HTTP/1.1" 200 46366
61.165.42.208 - - [05/Feb/2021:08:49:41 +0800] "GET /xingrg/all/function/internal_message.html?_=1612486183260&CODE_STATE=getMsg HTTP/1.1" 200 27
120.253.135.82 - - [05/Feb/2021:08:49:42 +0800] "GET /xingrg/all/function/internal_message.html?_=1612486284987&CODE_STATE=getMsg HTTP/1.1" 200 27
61.165.42.208 - - [05/Feb/2021:08:49:42 +0800] "POST /xingrg/kc/buy/cgsh_list_operate.html HTTP/1.1" 200 1681
222.69.134.170 - - [05/Feb/2021:08:49:42 +0800] "GET /xingrg/all/function/internal_message.html?_=1612486175992&CODE_STATE=getMsg HTTP/1.1" 200 27
61.165.42.208 - - [05/Feb/2021:08:49:43 +0800] "GET /xingrg/kc/buy/cgsh_order_add.html HTTP/1.1" 200 62151
114.86.187.76 - - [05/Feb/2021:08:49:43 +0800] "GET /xingrg/all/function/internal_message.html?_=1612486185801&CODE_STATE=getMsg HTTP/1.1" 200 27
61.165.42.208 - - [05/Feb/2021:08:49:43 +0800] "GET /xingrg/all/common/auto_word.html?type=employee&rest_code=00105 HTTP/1.1" 200 193
61.165.42.208 - - [05/Feb/2021:08:49:43 +0800] "GET /xingrg/all/common/auto_word.html?type=employee&rest_code=00105 HTTP/1.1" 200 193
61.165.42.208 - - [05/Feb/2021:08:49:43 +0800] "GET /xingrg/javascript/easyui/themes/default/validatebox.css HTTP/1.1" 404 1104
61.165.42.208 - - [05/Feb/2021:08:49:43 +0800] "POST /xingrg/kc/buy/cgsh_order_operate.html HTTP/1.1" 200 8245
218.81.223.240 - - [05/Feb/2021:08:49:45 +0800] "GET /xingrg/all/function/internal_message.html?_=1612486205928&CODE_STATE=getMsg HTTP/1.1" 200 27
61.165.42.208 - - [05/Feb/2021:08:49:46 +0800] "GET /xingrg/javascript/auto/indicator.gif HTTP/1.1" 404 1066
120.253.135.82 - - [05/Feb/2021:08:49:50 +0800] "GET /xingrg/all/function/internal_message.html?_=1612486293005&CODE_STATE=getMsg HTTP/1.1" 200 27
120.253.135.82 - - [05/Feb/2021:08:49:52 +0800] "GET /xingrg/check_reg.html?_=1612486294888 HTTP/1.1" 200 22
120.253.135.82 - - [05/Feb/2021:08:49:52 +0800] "GET /xingrg/all/function/internal_message.html?_=1612486227641&CODE_STATE=getMsg HTTP/1.1" 200 27
116.224.253.72 - - [05/Feb/2021:08:49:55 +0800] "GET /xingrg/all/function/internal_message.html?_=1612486195018&CODE_STATE=getMsg HTTP/1.1" 200 27
61.165.42.208 - - [05/Feb/2021:08:49:57 +0800] "GET /xingrg/kc/buy/cgsh_order_operate.html?command=get_materiel&rest_code=00105&code=00101002027&supplier_code=00100397&order_time=2021-02-05 HTTP/1.1" 200 413
116.227.208.21 - - [05/Feb/2021:08:49:57 +0800] "GET /xingrg/check_reg.html?_=1612486194616 HTTP/1.1" 200 22
116.227.208.21 - - [05/Feb/2021:08:49:57 +0800] "GET /xingrg/all/function/internal_message.html?_=1612486194620&CODE_STATE=getMsg HTTP/1.1" 200 27
180.169.147.146 - - [05/Feb/2021:08:49:59 +0800] "GET /xingrg/all/function/internal_message.html?_=1612486195646&CODE_STATE=getMsg HTTP/1.1" 200 27
222.69.134.170 - - [05/Feb/2021:08:50:05 +0800] "GET /xingrg/kc/buy/cgsh_order_operate.html?command=get_materiel&rest_code=00149&code=00101008096&supplier_code=00100005&order_time=2021-02-05 HTTP/1.1" 200 413
61.165.42.208 - - [05/Feb/2021:08:50:11 +0800] "GET /xingrg/kc/buy/cgsh_order_operate.html?command=get_materiel&rest_code=00105&code=00101001010&supplier_code=00100397&order_time=2021-02-05 HTTP/1.1" 200 408
120.253.135.82 - - [05/Feb/2021:08:50:12 +0800] "GET /xingrg/all/function/internal_message.html?_=1612485974680&CODE_STATE=getMsg HTTP/1.1" 200 27
58.40.7.146 - - [05/Feb/2021:08:50:13 +0800] "GET /xingrg/all/function/internal_message.html?_=1612486211378&CODE_STATE=getMsg HTTP/1.1" 200 27
58.40.7.146 - - [05/Feb/2021:08:50:13 +0800] "GET /xingrg/all/function/internal_message.html?_=1612486211847&CODE_STATE=getMsg HTTP/1.1" 200 27
61.165.42.208 - - [05/Feb/2021:08:50:20 +0800] "POST /xingrg/kc/buy/cgsh_order_operate.html HTTP/1.1" 200 37
61.165.42.208 - - [05/Feb/2021:08:50:21 +0800] "POST /xingrg/kc/buy/cgsh_order_operate.html HTTP/1.1" 200 3251
222.69.134.170 - - [05/Feb/2021:08:50:21 +0800] "GET /xingrg/kc/buy/cgsh_order_operate.html?command=get_materiel&rest_code=00149&code=00101008038&supplier_code=00100005&order_time=2021-02-05 HTTP/1.1" 200 412
61.165.42.208 - - [05/Feb/2021:08:50:23 +0800] "GET /xingrg/kc/print/load_config.html?kc_code=cgsh HTTP/1.1" 200 1845
61.165.42.208 - - [05/Feb/2021:08:50:23 +0800] "GET /xingrg/kc/print/load_data.html?order_code=212021020502009&kc_code=cgsh&condition= HTTP/1.1" 200 900
116.230.72.231 - - [05/Feb/2021:08:50:24 +0800] "GET /xingrg/all/function/internal_message.html?_=1612486214956&CODE_STATE=getMsg HTTP/1.1" 200 27
61.165.42.208 - - [05/Feb/2021:08:50:30 +0800] "GET /xingrg/kc/buy/cgsh_order_list.html HTTP/1.1" 200 46366
61.165.42.208 - - [05/Feb/2021:08:50:32 +0800] "POST /xingrg/kc/buy/cgsh_list_operate.html HTTP/1.1" 200 2045
116.224.253.72 - - [05/Feb/2021:08:50:32 +0800] "GET /xingrg/all/function/internal_message.html?_=1612486219093&CODE_STATE=getMsg HTTP/1.1" 200 27
222.69.134.170 - - [05/Feb/2021:08:50:34 +0800] "GET /xingrg/kc/buy/cgsh_order_operate.html?command=get_materiel&rest_code=00149&code=00101008283&supplier_code=00100005&order_time=2021-02-05 HTTP/1.1" 200 409
58.37.230.33 - - [05/Feb/2021:08:50:36 +0800] "GET /xingrg/all/function/internal_message.html?_=1612486251344&CODE_STATE=getMsg HTTP/1.1" 200 27
117.184.7.26 - - [05/Feb/2021:08:50:37 +0800] "GET /xingrg/all/function/internal_message.html?_=1612486210589&CODE_STATE=getMsg HTTP/1.1" 200 27
117.184.7.26 - - [05/Feb/2021:08:50:37 +0800] "GET /xingrg/check_reg.html?_=1612486210595 HTTP/1.1" 200 22
120.253.135.82 - - [05/Feb/2021:08:50:37 +0800] "GET /xingrg/check_reg.html?_=1612486272817 HTTP/1.1" 200 22
61.165.42.208 - - [05/Feb/2021:08:50:41 +0800] "GET /xingrg/all/function/internal_message.html?_=1612486243276&CODE_STATE=getMsg HTTP/1.1" 200 27
120.253.135.82 - - [05/Feb/2021:08:50:42 +0800] "GET /xingrg/all/function/internal_message.html?_=1612486344997&CODE_STATE=getMsg HTTP/1.1" 200 27
222.69.134.170 - - [05/Feb/2021:08:50:42 +0800] "GET /xingrg/check_reg.html?_=1612486235935 HTTP/1.1" 200 22
222.69.134.170 - - [05/Feb/2021:08:50:42 +0800] "GET /xingrg/all/function/internal_message.html?_=1612486235975&CODE_STATE=getMsg HTTP/1.1" 200 27
114.86.187.76 - - [05/Feb/2021:08:50:43 +0800] "GET /xingrg/all/function/internal_message.html?_=1612486245793&CODE_STATE=getMsg HTTP/1.1" 200 27
218.81.223.240 - - [05/Feb/2021:08:50:45 +0800] "GET /xingrg/all/function/internal_message.html?_=1612486265943&CODE_STATE=getMsg HTTP/1.1" 200 27
120.253.135.82 - - [05/Feb/2021:08:50:50 +0800] "GET /xingrg/all/function/internal_message.html?_=1612486353000&CODE_STATE=getMsg HTTP/1.1" 200 27
120.253.135.82 - - [05/Feb/2021:08:50:52 +0800] "GET /xingrg/all/function/internal_message.html?_=1612486287658&CODE_STATE=getMsg HTTP/1.1" 200 27
116.224.253.72 - - [05/Feb/2021:08:50:55 +0800] "GET /xingrg/all/function/internal_message.html?_=1612486255018&CODE_STATE=getMsg HTTP/1.1" 200 27
222.69.134.170 - - [05/Feb/2021:08:50:56 +0800] "GET /xingrg/kc/buy/cgsh_order_operate.html?command=get_materiel&rest_code=00149&code=00101008358&supplier_code=00100005&order_time=2021-02-05 HTTP/1.1" 200 412
116.227.208.21 - - [05/Feb/2021:08:50:57 +0800] "GET /xingrg/all/function/internal_message.html?_=1612486254623&CODE_STATE=getMsg HTTP/1.1" 200 27
180.169.147.146 - - [05/Feb/2021:08:50:59 +0800] "GET /xingrg/all/function/internal_message.html?_=1612486255646&CODE_STATE=getMsg HTTP/1.1" 200 27
222.69.134.170 - - [05/Feb/2021:08:51:07 +0800] "POST /xingrg/kc/buy/cgsh_order_operate.html HTTP/1.1" 200 2065
120.253.135.82 - - [05/Feb/2021:08:51:12 +0800] "GET /xingrg/all/function/internal_message.html?_=1612486034697&CODE_STATE=getMsg HTTP/1.1" 200 27
58.40.7.146 - - [05/Feb/2021:08:51:13 +0800] "GET /xingrg/all/function/internal_message.html?_=1612486271383&CODE_STATE=getMsg HTTP/1.1" 200 27
58.40.7.146 - - [05/Feb/2021:08:51:13 +0800] "GET /xingrg/all/function/internal_message.html?_=1612486271851&CODE_STATE=getMsg HTTP/1.1" 200 27
116.230.72.231 - - [05/Feb/2021:08:51:24 +0800] "GET /xingrg/all/function/internal_message.html?_=1612486274965&CODE_STATE=getMsg HTTP/1.1" 200 27
116.230.72.231 - - [05/Feb/2021:08:51:24 +0800] "GET /xingrg/check_reg.html?_=1612486275208 HTTP/1.1" 200 22
116.224.253.72 - - [05/Feb/2021:08:51:32 +0800] "GET /xingrg/all/function/internal_message.html?_=1612486279114&CODE_STATE=getMsg HTTP/1.1" 200 27
58.37.230.33 - - [05/Feb/2021:08:51:36 +0800] "GET /xingrg/check_reg.html?_=1612486311356 HTTP/1.1" 200 22
58.37.230.33 - - [05/Feb/2021:08:51:36 +0800] "GET /xingrg/all/function/internal_message.html?_=1612486311353&CODE_STATE=getMsg HTTP/1.1" 200 27
117.184.7.26 - - [05/Feb/2021:08:51:37 +0800] "GET /xingrg/all/function/internal_message.html?_=1612486270573&CODE_STATE=getMsg HTTP/1.1" 200 27
61.165.42.208 - - [05/Feb/2021:08:51:41 +0800] "GET /xingrg/all/function/internal_message.html?_=1612486303261&CODE_STATE=getMsg HTTP/1.1" 200 27
120.253.135.82 - - [05/Feb/2021:08:51:42 +0800] "GET /xingrg/all/function/internal_message.html?_=1612486405008&CODE_STATE=getMsg HTTP/1.1" 200 27
222.69.134.170 - - [05/Feb/2021:08:51:42 +0800] "GET /xingrg/all/function/internal_message.html?_=1612486295946&CODE_STATE=getMsg HTTP/1.1" 200 27
114.86.187.76 - - [05/Feb/2021:08:51:43 +0800] "GET /xingrg/all/function/internal_message.html?_=1612486305787&CODE_STATE=getMsg HTTP/1.1" 200 27
218.81.223.240 - - [05/Feb/2021:08:51:45 +0800] "GET /xingrg/all/function/internal_message.html?_=1612486326147&CODE_STATE=getMsg HTTP/1.1" 200 27
120.253.135.82 - - [05/Feb/2021:08:51:50 +0800] "GET /xingrg/all/function/internal_message.html?_=1612486413009&CODE_STATE=getMsg HTTP/1.1" 200 27
120.253.135.82 - - [05/Feb/2021:08:51:52 +0800] "GET /xingrg/all/function/internal_message.html?_=1612486347672&CODE_STATE=getMsg HTTP/1.1" 200 27
218.81.223.240 - - [05/Feb/2021:08:51:53 +0800] "GET /xingrg/check_reg.html?_=1612486334115 HTTP/1.1" 200 22
116.224.253.72 - - [05/Feb/2021:08:51:55 +0800] "GET /xingrg/all/function/internal_message.html?_=1612486315023&CODE_STATE=getMsg HTTP/1.1" 200 27
116.227.208.21 - - [05/Feb/2021:08:51:57 +0800] "GET /xingrg/all/function/internal_message.html?_=1612486314627&CODE_STATE=getMsg HTTP/1.1" 200 27
180.169.147.146 - - [05/Feb/2021:08:51:59 +0800] "GET /xingrg/all/function/internal_message.html?_=1612486315644&CODE_STATE=getMsg HTTP/1.1" 200 27
120.253.135.82 - - [05/Feb/2021:08:52:12 +0800] "GET /xingrg/all/function/internal_message.html?_=1612486094886&CODE_STATE=getMsg HTTP/1.1" 200 27
58.40.7.146 - - [05/Feb/2021:08:52:13 +0800] "GET /xingrg/all/function/internal_message.html?_=1612486331385&CODE_STATE=getMsg HTTP/1.1" 200 27
58.40.7.146 - - [05/Feb/2021:08:52:13 +0800] "GET /xingrg/all/function/internal_message.html?_=1612486331854&CODE_STATE=getMsg HTTP/1.1" 200 27
222.69.134.170 - - [05/Feb/2021:08:52:15 +0800] "GET /xingrg/kc/buy/cgsh_order_operate.html?command=get_materiel&rest_code=00149&code=00101008064&supplier_code=00100005&order_time=2021-02-05 HTTP/1.1" 200 412
58.40.7.146 - - [05/Feb/2021:08:52:16 +0800] "GET /xingrg/check_reg.html?_=1612486334434 HTTP/1.1" 200 22
116.230.72.231 - - [05/Feb/2021:08:52:24 +0800] "GET /xingrg/all/function/internal_message.html?_=1612486334960&CODE_STATE=getMsg HTTP/1.1" 200 27
222.69.134.170 - - [05/Feb/2021:08:52:28 +0800] "GET /xingrg/kc/buy/cgsh_order_operate.html?command=get_materiel&rest_code=00149&code=00101008370&supplier_code=00100005&order_time=2021-02-05 HTTP/1.1" 200 412
116.224.253.72 - - [05/Feb/2021:08:52:32 +0800] "GET /xingrg/all/function/internal_message.html?_=1612486339121&CODE_STATE=getMsg HTTP/1.1" 200 27
58.37.230.33 - - [05/Feb/2021:08:52:36 +0800] "GET /xingrg/all/function/internal_message.html?_=1612486371377&CODE_STATE=getMsg HTTP/1.1" 200 27
117.184.7.26 - - [05/Feb/2021:08:52:37 +0800] "GET /xingrg/all/function/internal_message.html?_=1612486330583&CODE_STATE=getMsg HTTP/1.1" 200 27
61.165.42.208 - - [05/Feb/2021:08:52:41 +0800] "GET /xingrg/all/function/internal_message.html?_=1612486363258&CODE_STATE=getMsg HTTP/1.1" 200 27
120.253.135.82 - - [05/Feb/2021:08:52:42 +0800] "GET /xingrg/all/function/internal_message.html?_=1612486465000&CODE_STATE=getMsg HTTP/1.1" 200 27
120.253.135.82 - - [05/Feb/2021:08:52:42 +0800] "GET /xingrg/check_reg.html?_=1612486465002 HTTP/1.1" 200 22
222.69.134.170 - - [05/Feb/2021:08:52:42 +0800] "GET /xingrg/all/function/internal_message.html?_=1612486355955&CODE_STATE=getMsg HTTP/1.1" 200 27
114.86.187.76 - - [05/Feb/2021:08:52:43 +0800] "GET /xingrg/all/function/internal_message.html?_=1612486365789&CODE_STATE=getMsg HTTP/1.1" 200 27
222.69.134.170 - - [05/Feb/2021:08:52:45 +0800] "GET /xingrg/kc/buy/cgsh_order_operate.html?command=get_materiel&rest_code=00149&code=00101008087&supplier_code=00100005&order_time=2021-02-05 HTTP/1.1" 200 412
218.81.223.240 - - [05/Feb/2021:08:52:45 +0800] "GET /xingrg/all/function/internal_message.html?_=1612486386157&CODE_STATE=getMsg HTTP/1.1" 200 27
120.253.135.82 - - [05/Feb/2021:08:52:50 +0800] "GET /xingrg/all/function/internal_message.html?_=1612486473003&CODE_STATE=getMsg HTTP/1.1" 200 27
120.253.135.82 - - [05/Feb/2021:08:52:50 +0800] "GET /xingrg/check_reg.html?_=1612486473004 HTTP/1.1" 200 22
120.253.135.82 - - [05/Feb/2021:08:52:52 +0800] "GET /xingrg/all/function/internal_message.html?_=1612486407696&CODE_STATE=getMsg HTTP/1.1" 200 27
116.224.253.72 - - [05/Feb/2021:08:52:55 +0800] "GET /xingrg/all/function/internal_message.html?_=1612486375024&CODE_STATE=getMsg HTTP/1.1" 200 27
116.224.253.72 - - [05/Feb/2021:08:52:55 +0800] "GET /xingrg/check_reg.html?_=1612486375026 HTTP/1.1" 200 22
120.253.135.82 - - [05/Feb/2021:08:52:56 +0800] "GET /xingrg/check_reg.html?_=1612486479225 HTTP/1.1" 200 22
116.227.208.21 - - [05/Feb/2021:08:52:57 +0800] "GET /xingrg/all/function/internal_message.html?_=1612486374614&CODE_STATE=getMsg HTTP/1.1" 200 27
180.169.147.146 - - [05/Feb/2021:08:52:59 +0800] "GET /xingrg/all/function/internal_message.html?_=1612486375671&CODE_STATE=getMsg HTTP/1.1" 200 27
180.169.147.146 - - [05/Feb/2021:08:52:59 +0800] "GET /xingrg/check_reg.html?_=1612486375673 HTTP/1.1" 200 22
120.253.135.82 - - [05/Feb/2021:08:53:04 +0800] "GET /xingrg/check_reg.html?_=1612486146720 HTTP/1.1" 200 22
222.69.134.170 - - [05/Feb/2021:08:53:12 +0800] "GET /xingrg/kc/buy/cgsh_order_operate.html?command=get_materiel&rest_code=00149&code=00101008361&supplier_code=00100005&order_time=2021-02-05 HTTP/1.1" 200 408
120.253.135.82 - - [05/Feb/2021:08:53:12 +0800] "GET /xingrg/all/function/internal_message.html?_=1612486154894&CODE_STATE=getMsg HTTP/1.1" 200 27
58.40.7.146 - - [05/Feb/2021:08:53:13 +0800] "GET /xingrg/all/function/internal_message.html?_=1612486391388&CODE_STATE=getMsg HTTP/1.1" 200 27
58.40.7.146 - - [05/Feb/2021:08:53:13 +0800] "GET /xingrg/all/function/internal_message.html?_=1612486391843&CODE_STATE=getMsg HTTP/1.1" 200 27
120.253.135.82 - - [05/Feb/2021:08:53:17 +0800] "GET /xingrg/check_reg.html?_=1612486500653 HTTP/1.1" 200 22
222.69.134.170 - - [05/Feb/2021:08:53:20 +0800] "POST /xingrg/kc/buy/cgsh_order_operate.html HTTP/1.1" 200 2065
116.230.72.231 - - [05/Feb/2021:08:53:24 +0800] "GET /xingrg/all/function/internal_message.html?_=1612486394961&CODE_STATE=getMsg HTTP/1.1" 200 27
222.69.134.170 - - [05/Feb/2021:08:53:26 +0800] "GET /xingrg/kc/buy/cgsh_order_operate.html?command=get_materiel&rest_code=00149&code=00101008355&supplier_code=00100005&order_time=2021-02-05 HTTP/1.1" 200 408
116.230.72.231 - - [05/Feb/2021:08:53:31 +0800] "GET /xingrg/kc/buy/buy_main.html HTTP/1.1" 200 12412
116.230.72.231 - - [05/Feb/2021:08:53:31 +0800] "GET /xingrg/css/new_ie.css HTTP/1.1" 404 1036
116.230.72.231 - - [05/Feb/2021:08:53:31 +0800] "GET /xingrg/kc/buy/buy_main.html HTTP/1.1" 200 12412
116.230.72.231 - - [05/Feb/2021:08:53:32 +0800] "GET /xingrg/css/new_ie.css HTTP/1.1" 404 1036
116.224.253.72 - - [05/Feb/2021:08:53:32 +0800] "GET /xingrg/all/function/internal_message.html?_=1612486399144&CODE_STATE=getMsg HTTP/1.1" 200 27
116.230.72.231 - - [05/Feb/2021:08:53:32 +0800] "GET /xingrg/images/yd/bt.gif HTTP/1.1" 404 1040
116.230.72.231 - - [05/Feb/2021:08:53:33 +0800] "GET /xingrg/kc/buy/cgsh_order_list.html HTTP/1.1" 200 46372
116.230.72.231 - - [05/Feb/2021:08:53:35 +0800] "POST /xingrg/kc/buy/cgsh_list_operate.html HTTP/1.1" 200 876
58.37.230.33 - - [05/Feb/2021:08:53:36 +0800] "GET /xingrg/all/function/internal_message.html?_=1612486431376&CODE_STATE=getMsg HTTP/1.1" 200 27
117.184.7.26 - - [05/Feb/2021:08:53:37 +0800] "GET /xingrg/all/function/internal_message.html?_=1612486390568&CODE_STATE=getMsg HTTP/1.1" 200 27
61.165.42.208 - - [05/Feb/2021:08:53:41 +0800] "GET /xingrg/check_reg.html?_=1612486423260 HTTP/1.1" 200 22
61.165.42.208 - - [05/Feb/2021:08:53:41 +0800] "GET /xingrg/all/function/internal_message.html?_=1612486423263&CODE_STATE=getMsg HTTP/1.1" 200 27
120.253.135.82 - - [05/Feb/2021:08:53:42 +0800] "GET /xingrg/all/function/internal_message.html?_=1612486525005&CODE_STATE=getMsg HTTP/1.1" 200 27
222.69.134.170 - - [05/Feb/2021:08:53:42 +0800] "GET /xingrg/all/function/internal_message.html?_=1612486415950&CODE_STATE=getMsg HTTP/1.1" 200 27
114.86.187.76 - - [05/Feb/2021:08:53:43 +0800] "GET /xingrg/all/function/internal_message.html?_=1612486425783&CODE_STATE=getMsg HTTP/1.1" 200 27
114.86.187.76 - - [05/Feb/2021:08:53:43 +0800] "GET /xingrg/check_reg.html?_=1612486425794 HTTP/1.1" 200 22
218.81.223.240 - - [05/Feb/2021:08:53:45 +0800] "GET /xingrg/all/function/internal_message.html?_=1612486446170&CODE_STATE=getMsg HTTP/1.1" 200 27
222.69.134.170 - - [05/Feb/2021:08:53:47 +0800] "GET /xingrg/kc/buy/cgsh_order_operate.html?command=get_materiel&rest_code=00149&code=00101008264&supplier_code=00100005&order_time=2021-02-05 HTTP/1.1" 200 412
120.253.135.82 - - [05/Feb/2021:08:53:50 +0800] "GET /xingrg/all/function/internal_message.html?_=1612486533010&CODE_STATE=getMsg HTTP/1.1" 200 27
120.253.135.82 - - [05/Feb/2021:08:53:52 +0800] "GET /xingrg/all/function/internal_message.html?_=1612486467699&CODE_STATE=getMsg HTTP/1.1" 200 27
116.224.253.72 - - [05/Feb/2021:08:53:55 +0800] "GET /xingrg/all/function/internal_message.html?_=1612486435027&CODE_STATE=getMsg HTTP/1.1" 200 27
116.227.208.21 - - [05/Feb/2021:08:53:57 +0800] "GET /xingrg/all/function/internal_message.html?_=1612486434618&CODE_STATE=getMsg HTTP/1.1" 200 27
180.169.147.146 - - [05/Feb/2021:08:53:59 +0800] "GET /xingrg/all/function/internal_message.html?_=1612486435672&CODE_STATE=getMsg HTTP/1.1" 200 27
222.69.134.170 - - [05/Feb/2021:08:53:59 +0800] "GET /xingrg/kc/buy/cgsh_order_operate.html?command=get_materiel&rest_code=00149&code=00101008321&supplier_code=00100005&order_time=2021-02-05 HTTP/1.1" 200 412
120.253.135.82 - - [05/Feb/2021:08:54:12 +0800] "GET /xingrg/all/function/internal_message.html?_=1612486214908&CODE_STATE=getMsg HTTP/1.1" 200 27
58.40.7.146 - - [05/Feb/2021:08:54:13 +0800] "GET /xingrg/check_reg.html?_=1612486451391 HTTP/1.1" 200 22
58.40.7.146 - - [05/Feb/2021:08:54:13 +0800] "GET /xingrg/all/function/internal_message.html?_=1612486451393&CODE_STATE=getMsg HTTP/1.1" 200 27
58.40.7.146 - - [05/Feb/2021:08:54:13 +0800] "GET /xingrg/all/function/internal_message.html?_=1612486451845&CODE_STATE=getMsg HTTP/1.1" 200 27
116.224.253.72 - - [05/Feb/2021:08:54:20 +0800] "GET /xingrg/check_reg.html?_=1612486447494 HTTP/1.1" 200 22
222.69.134.170 - - [05/Feb/2021:08:54:22 +0800] "GET /xingrg/kc/buy/cgsh_order_operate.html?command=get_materiel&rest_code=00149&code=00101009030&supplier_code=00100005&order_time=2021-02-05 HTTP/1.1" 200 412
116.230.72.231 - - [05/Feb/2021:08:54:23 +0800] "GET /xingrg/all/function/internal_message.html?_=1612486454965&CODE_STATE=getMsg HTTP/1.1" 200 27
116.230.72.231 - - [05/Feb/2021:08:54:26 +0800] "GET /xingrg/kc/buy/cgsh_order_add.html HTTP/1.1" 200 62192
116.230.72.231 - - [05/Feb/2021:08:54:26 +0800] "GET /xingrg/words/20210204174717_words.js HTTP/1.1" 200 794224
116.230.72.231 - - [05/Feb/2021:08:54:27 +0800] "POST /xingrg/kc/buy/cgsh_order_operate.html HTTP/1.1" 200 8245
116.230.72.231 - - [05/Feb/2021:08:54:27 +0800] "GET /xingrg/all/common/auto_word.html?type=employee&rest_code=00107 HTTP/1.1" 200 151
116.230.72.231 - - [05/Feb/2021:08:54:27 +0800] "GET /xingrg/all/common/auto_word.html?type=employee&rest_code=00107 HTTP/1.1" 200 151
116.230.72.231 - - [05/Feb/2021:08:54:27 +0800] "GET /xingrg/javascript/easyui/themes/default/validatebox.css HTTP/1.1" 404 1104
116.230.72.231 - - [05/Feb/2021:08:54:28 +0800] "GET /xingrg/javascript/easyui/themes/default/tree.css HTTP/1.1" 404 1090
116.230.72.231 - - [05/Feb/2021:08:54:29 +0800] "POST /xingrg/all/common/load_tree.html?tree=supplier_tree_json&isDelete=1 HTTP/1.1" 200 54827
116.224.253.72 - - [05/Feb/2021:08:54:32 +0800] "GET /xingrg/all/function/internal_message.html?_=1612486459147&CODE_STATE=getMsg HTTP/1.1" 200 27
58.37.230.33 - - [05/Feb/2021:08:54:36 +0800] "GET /xingrg/all/function/internal_message.html?_=1612486491385&CODE_STATE=getMsg HTTP/1.1" 200 27
117.184.7.26 - - [05/Feb/2021:08:54:37 +0800] "GET /xingrg/all/function/internal_message.html?_=1612486450568&CODE_STATE=getMsg HTTP/1.1" 200 27
222.69.134.170 - - [05/Feb/2021:08:54:38 +0800] "GET /xingrg/kc/buy/cgsh_order_operate.html?command=get_materiel&rest_code=00149&code=00101008356&supplier_code=00100005&order_time=2021-02-05 HTTP/1.1" 200 408
61.165.42.208 - - [05/Feb/2021:08:54:41 +0800] "GET /xingrg/all/function/internal_message.html?_=1612486483263&CODE_STATE=getMsg HTTP/1.1" 200 27
120.253.135.82 - - [05/Feb/2021:08:54:42 +0800] "GET /xingrg/all/function/internal_message.html?_=1612486585009&CODE_STATE=getMsg HTTP/1.1" 200 27
222.69.134.170 - - [05/Feb/2021:08:54:42 +0800] "GET /xingrg/all/function/internal_message.html?_=1612486475974&CODE_STATE=getMsg HTTP/1.1" 200 27
114.86.187.76 - - [05/Feb/2021:08:54:43 +0800] "GET /xingrg/all/function/internal_message.html?_=1612486485801&CODE_STATE=getMsg HTTP/1.1" 200 27
218.81.223.240 - - [05/Feb/2021:08:54:46 +0800] "GET /xingrg/all/function/internal_message.html?_=1612486506361&CODE_STATE=getMsg HTTP/1.1" 200 27
222.69.134.170 - - [05/Feb/2021:08:54:47 +0800] "POST /xingrg/kc/buy/cgsh_order_operate.html HTTP/1.1" 200 2065
120.253.135.82 - - [05/Feb/2021:08:54:50 +0800] "GET /xingrg/all/function/internal_message.html?_=1612486593017&CODE_STATE=getMsg HTTP/1.1" 200 27
120.253.135.82 - - [05/Feb/2021:08:54:52 +0800] "GET /xingrg/check_reg.html?_=1612486594901 HTTP/1.1" 200 22
120.253.135.82 - - [05/Feb/2021:08:54:52 +0800] "GET /xingrg/all/function/internal_message.html?_=1612486527729&CODE_STATE=getMsg HTTP/1.1" 200 27
116.224.253.72 - - [05/Feb/2021:08:54:55 +0800] "GET /xingrg/all/function/internal_message.html?_=1612486495027&CODE_STATE=getMsg HTTP/1.1" 200 27
116.227.208.21 - - [05/Feb/2021:08:54:57 +0800] "GET /xingrg/check_reg.html?_=1612486494621 HTTP/1.1" 200 22
116.227.208.21 - - [05/Feb/2021:08:54:57 +0800] "GET /xingrg/all/function/internal_message.html?_=1612486494622&CODE_STATE=getMsg HTTP/1.1" 200 27
180.169.147.146 - - [05/Feb/2021:08:54:59 +0800] "GET /xingrg/all/function/internal_message.html?_=1612486495672&CODE_STATE=getMsg HTTP/1.1" 200 27
222.69.134.170 - - [05/Feb/2021:08:55:04 +0800] "GET /xingrg/kc/buy/cgsh_order_operate.html?command=get_materiel&rest_code=00149&code=00101008251&supplier_code=00100005&order_time=2021-02-05 HTTP/1.1" 200 408
116.224.253.72 - - [05/Feb/2021:08:55:04 +0800] "GET /xingrg/kc/buy/cgsh_order_list.html HTTP/1.1" 200 46370
116.224.253.72 - - [05/Feb/2021:08:55:05 +0800] "POST /xingrg/kc/buy/cgsh_list_operate.html HTTP/1.1" 200 876
116.224.253.72 - - [05/Feb/2021:08:55:06 +0800] "GET /xingrg/kc/buy/cgsh_order_add.html HTTP/1.1" 200 61746
116.224.253.72 - - [05/Feb/2021:08:55:06 +0800] "GET /xingrg/words/20210204174717_words.js HTTP/1.1" 200 794224
116.224.253.72 - - [05/Feb/2021:08:55:07 +0800] "POST /xingrg/kc/buy/cgsh_order_operate.html HTTP/1.1" 200 8245
116.224.253.72 - - [05/Feb/2021:08:55:07 +0800] "GET /xingrg/all/common/auto_word.html?type=employee&rest_code=00151 HTTP/1.1" 200 243
116.224.253.72 - - [05/Feb/2021:08:55:07 +0800] "GET /xingrg/javascript/easyui/themes/default/validatebox.css HTTP/1.1" 404 1104
116.224.253.72 - - [05/Feb/2021:08:55:07 +0800] "GET /xingrg/all/common/auto_word.html?type=employee&rest_code=00151 HTTP/1.1" 200 243
120.253.135.82 - - [05/Feb/2021:08:55:12 +0800] "GET /xingrg/all/function/internal_message.html?_=1612486275104&CODE_STATE=getMsg HTTP/1.1" 200 27
58.40.7.146 - - [05/Feb/2021:08:55:13 +0800] "GET /xingrg/all/function/internal_message.html?_=1612486511379&CODE_STATE=getMsg HTTP/1.1" 200 27
58.40.7.146 - - [05/Feb/2021:08:55:13 +0800] "GET /xingrg/all/function/internal_message.html?_=1612486511848&CODE_STATE=getMsg HTTP/1.1" 200 27
222.69.134.170 - - [05/Feb/2021:08:55:19 +0800] "GET /xingrg/kc/buy/cgsh_order_operate.html?command=get_materiel&rest_code=00149&code=00101008137&supplier_code=00100005&order_time=2021-02-05 HTTP/1.1" 200 408
116.230.72.231 - - [05/Feb/2021:08:55:23 +0800] "GET /xingrg/all/function/internal_message.html?_=1612486514969&CODE_STATE=getMsg HTTP/1.1" 200 27
116.224.253.72 - - [05/Feb/2021:08:55:32 +0800] "GET /xingrg/all/function/internal_message.html?_=1612486519161&CODE_STATE=getMsg HTTP/1.1" 200 27
58.37.230.33 - - [05/Feb/2021:08:55:36 +0800] "GET /xingrg/all/function/internal_message.html?_=1612486551383&CODE_STATE=getMsg HTTP/1.1" 200 27
117.184.7.26 - - [05/Feb/2021:08:55:37 +0800] "GET /xingrg/all/function/internal_message.html?_=1612486510563&CODE_STATE=getMsg HTTP/1.1" 200 27
117.184.7.26 - - [05/Feb/2021:08:55:37 +0800] "GET /xingrg/check_reg.html?_=1612486510609 HTTP/1.1" 200 22
120.253.135.82 - - [05/Feb/2021:08:55:37 +0800] "GET /xingrg/check_reg.html?_=1612486572812 HTTP/1.1" 200 22
61.165.42.208 - - [05/Feb/2021:08:55:41 +0800] "GET /xingrg/all/function/internal_message.html?_=1612486543264&CODE_STATE=getMsg HTTP/1.1" 200 27
120.253.135.82 - - [05/Feb/2021:08:55:42 +0800] "GET /xingrg/all/function/internal_message.html?_=1612486645019&CODE_STATE=getMsg HTTP/1.1" 200 27
222.69.134.170 - - [05/Feb/2021:08:55:42 +0800] "GET /xingrg/check_reg.html?_=1612486535941 HTTP/1.1" 200 22
222.69.134.170 - - [05/Feb/2021:08:55:42 +0800] "GET /xingrg/all/function/internal_message.html?_=1612486535947&CODE_STATE=getMsg HTTP/1.1" 200 27
114.86.187.76 - - [05/Feb/2021:08:55:43 +0800] "GET /xingrg/all/function/internal_message.html?_=1612486545794&CODE_STATE=getMsg HTTP/1.1" 200 27
222.69.134.170 - - [05/Feb/2021:08:55:44 +0800] "GET /xingrg/kc/buy/cgsh_order_operate.html?command=get_materiel&rest_code=00149&code=00101008077&supplier_code=00100005&order_time=2021-02-05 HTTP/1.1" 200 416
218.81.223.240 - - [05/Feb/2021:08:55:46 +0800] "GET /xingrg/all/function/internal_message.html?_=1612486566370&CODE_STATE=getMsg HTTP/1.1" 200 27
116.224.253.72 - - [05/Feb/2021:08:55:47 +0800] "GET /xingrg/kc/buy/cgsh_order_operate.html?command=get_materiel&rest_code=00151&code=00101007125&supplier_code=00100096&order_time=2021-02-05 HTTP/1.1" 200 406
222.69.134.170 - - [05/Feb/2021:08:55:49 +0800] "POST /xingrg/kc/buy/cgsh_order_operate.html HTTP/1.1" 200 2065
120.253.135.82 - - [05/Feb/2021:08:55:50 +0800] "GET /xingrg/all/function/internal_message.html?_=1612486653033&CODE_STATE=getMsg HTTP/1.1" 200 27
120.253.135.82 - - [05/Feb/2021:08:55:52 +0800] "GET /xingrg/all/function/internal_message.html?_=1612486587743&CODE_STATE=getMsg HTTP/1.1" 200 27
222.69.134.170 - - [05/Feb/2021:08:55:55 +0800] "GET /xingrg/kc/buy/cgsh_order_operate.html?command=get_materiel&rest_code=00149&code=00101008223&supplier_code=00100005&order_time=2021-02-05 HTTP/1.1" 200 412
116.224.253.72 - - [05/Feb/2021:08:55:55 +0800] "GET /xingrg/all/function/internal_message.html?_=1612486555023&CODE_STATE=getMsg HTTP/1.1" 200 27
116.227.208.21 - - [05/Feb/2021:08:55:57 +0800] "GET /xingrg/all/function/internal_message.html?_=1612486554624&CODE_STATE=getMsg HTTP/1.1" 200 27
180.169.147.146 - - [05/Feb/2021:08:55:59 +0800] "GET /xingrg/all/function/internal_message.html?_=1612486555670&CODE_STATE=getMsg HTTP/1.1" 200 27
116.224.253.72 - - [05/Feb/2021:08:56:00 +0800] "GET /xingrg/kc/buy/cgsh_order_operate.html?command=get_materiel&rest_code=00151&code=00101006168&supplier_code=00100096&order_time=2021-02-05 HTTP/1.1" 200 421
116.224.253.72 - - [05/Feb/2021:08:56:06 +0800] "GET /xingrg/kc/buy/cgsh_order_operate.html?command=get_materiel&rest_code=00151&code=00101006109&supplier_code=00100096&order_time=2021-02-05 HTTP/1.1" 200 409
120.253.135.82 - - [05/Feb/2021:08:56:12 +0800] "GET /xingrg/all/function/internal_message.html?_=1612486335108&CODE_STATE=getMsg HTTP/1.1" 200 27
58.40.7.146 - - [05/Feb/2021:08:56:13 +0800] "GET /xingrg/all/function/internal_message.html?_=1612486571381&CODE_STATE=getMsg HTTP/1.1" 200 27
58.40.7.146 - - [05/Feb/2021:08:56:13 +0800] "GET /xingrg/all/function/internal_message.html?_=1612486571850&CODE_STATE=getMsg HTTP/1.1" 200 27
116.230.72.231 - - [05/Feb/2021:08:56:23 +0800] "GET /xingrg/all/function/internal_message.html?_=1612486574967&CODE_STATE=getMsg HTTP/1.1" 200 27
116.230.72.231 - - [05/Feb/2021:08:56:23 +0800] "GET /xingrg/check_reg.html?_=1612486575191 HTTP/1.1" 200 22
116.224.253.72 - - [05/Feb/2021:08:56:26 +0800] "GET /xingrg/kc/buy/cgsh_order_operate.html?command=get_materiel&rest_code=00151&code=00101006013&supplier_code=00100096&order_time=2021-02-05 HTTP/1.1" 200 411
116.224.253.72 - - [05/Feb/2021:08:56:32 +0800] "GET /xingrg/all/function/internal_message.html?_=1612486579180&CODE_STATE=getMsg HTTP/1.1" 200 27
58.37.230.33 - - [05/Feb/2021:08:56:36 +0800] "GET /xingrg/all/function/internal_message.html?_=1612486611381&CODE_STATE=getMsg HTTP/1.1" 200 27
58.37.230.33 - - [05/Feb/2021:08:56:36 +0800] "GET /xingrg/check_reg.html?_=1612486611382 HTTP/1.1" 200 22
222.69.134.170 - - [05/Feb/2021:08:56:36 +0800] "GET /xingrg/kc/buy/cgsh_order_operate.html?command=get_materiel&rest_code=00149&code=00101008357&supplier_code=00100005&order_time=2021-02-05 HTTP/1.1" 200 408
116.224.253.72 - - [05/Feb/2021:08:56:37 +0800] "GET /xingrg/kc/buy/cgsh_order_operate.html?command=get_materiel&rest_code=00151&code=00101006056&supplier_code=00100096&order_time=2021-02-05 HTTP/1.1" 200 415
117.184.7.26 - - [05/Feb/2021:08:56:37 +0800] "GET /xingrg/all/function/internal_message.html?_=1612486570578&CODE_STATE=getMsg HTTP/1.1" 200 27
61.165.42.208 - - [05/Feb/2021:08:56:41 +0800] "GET /xingrg/all/function/internal_message.html?_=1612486603263&CODE_STATE=getMsg HTTP/1.1" 200 27
120.253.135.82 - - [05/Feb/2021:08:56:42 +0800] "GET /xingrg/all/function/internal_message.html?_=1612486705033&CODE_STATE=getMsg HTTP/1.1" 200 27
222.69.134.170 - - [05/Feb/2021:08:56:42 +0800] "GET /xingrg/all/function/internal_message.html?_=1612486595944&CODE_STATE=getMsg HTTP/1.1" 200 27
114.86.187.76 - - [05/Feb/2021:08:56:43 +0800] "GET /xingrg/all/function/internal_message.html?_=1612486605804&CODE_STATE=getMsg HTTP/1.1" 200 27
218.81.223.240 - - [05/Feb/2021:08:56:46 +0800] "GET /xingrg/all/function/internal_message.html?_=1612486626564&CODE_STATE=getMsg HTTP/1.1" 200 27
116.224.253.72 - - [05/Feb/2021:08:56:46 +0800] "GET /xingrg/kc/buy/cgsh_order_operate.html?command=get_materiel&rest_code=00151&code=00101006131&supplier_code=00100096&order_time=2021-02-05 HTTP/1.1" 200 417
120.253.135.82 - - [05/Feb/2021:08:56:50 +0800] "GET /xingrg/all/function/internal_message.html?_=1612486713020&CODE_STATE=getMsg HTTP/1.1" 200 27
120.253.135.82 - - [05/Feb/2021:08:56:53 +0800] "GET /xingrg/all/function/internal_message.html?_=1612486647755&CODE_STATE=getMsg HTTP/1.1" 200 27
218.81.223.240 - - [05/Feb/2021:08:56:53 +0800] "GET /xingrg/check_reg.html?_=1612486634123 HTTP/1.1" 200 22
116.224.253.72 - - [05/Feb/2021:08:56:55 +0800] "GET /xingrg/all/function/internal_message.html?_=1612486615035&CODE_STATE=getMsg HTTP/1.1" 200 27
116.227.208.21 - - [05/Feb/2021:08:56:57 +0800] "GET /xingrg/all/function/internal_message.html?_=1612486614628&CODE_STATE=getMsg HTTP/1.1" 200 27
180.169.147.146 - - [05/Feb/2021:08:56:59 +0800] "GET /xingrg/all/function/internal_message.html?_=1612486615670&CODE_STATE=getMsg HTTP/1.1" 200 27
222.69.134.170 - - [05/Feb/2021:08:57:00 +0800] "GET /xingrg/kc/buy/cgsh_order_operate.html?command=get_materiel&rest_code=00149&code=00101008069&supplier_code=00100005&order_time=2021-02-05 HTTP/1.1" 200 412
116.224.253.72 - - [05/Feb/2021:08:57:03 +0800] "GET /xingrg/kc/buy/cgsh_order_operate.html?command=get_materiel&rest_code=00151&code=00101006079&supplier_code=00100096&order_time=2021-02-05 HTTP/1.1" 200 408
116.224.253.72 - - [05/Feb/2021:08:57:11 +0800] "GET /xingrg/kc/buy/cgsh_order_operate.html?command=get_materiel&rest_code=00151&code=00101006084&supplier_code=00100096&order_time=2021-02-05 HTTP/1.1" 200 415
58.40.7.146 - - [05/Feb/2021:08:57:13 +0800] "GET /xingrg/all/function/internal_message.html?_=1612486631386&CODE_STATE=getMsg HTTP/1.1" 200 27
120.253.135.82 - - [05/Feb/2021:08:57:13 +0800] "GET /xingrg/all/function/internal_message.html?_=1612486395294&CODE_STATE=getMsg HTTP/1.1" 200 27
58.40.7.146 - - [05/Feb/2021:08:57:13 +0800] "GET /xingrg/all/function/internal_message.html?_=1612486631855&CODE_STATE=getMsg HTTP/1.1" 200 27
58.40.7.146 - - [05/Feb/2021:08:57:16 +0800] "GET /xingrg/check_reg.html?_=1612486634419 HTTP/1.1" 200 22
