116.227.208.21 - - [05/Feb/2021:09:54:48 +0800] "GET /xingrg/dwr/interface/AjaxComOrderService.js HTTP/1.1" 200 18264
116.227.208.21 - - [05/Feb/2021:09:54:48 +0800] "GET /xingrg/dwr/interface/AjaxYddbService.js HTTP/1.1" 200 13201
116.227.208.21 - - [05/Feb/2021:09:54:48 +0800] "GET /xingrg/dwr/engine.js HTTP/1.1" 200 43631
116.227.208.21 - - [05/Feb/2021:09:54:48 +0800] "POST /xingrg/dwr/call/plaincall/AjaxYddbService.loadMaterielItems.dwr HTTP/1.1" 200 3241
218.81.223.240 - - [05/Feb/2021:09:54:50 +0800] "GET /xingrg/all/function/internal_message.html?_=1612490110939&CODE_STATE=getMsg HTTP/1.1" 200 27
120.253.135.82 - - [05/Feb/2021:09:54:50 +0800] "GET /xingrg/all/function/internal_message.html?_=1612490193292&CODE_STATE=getMsg HTTP/1.1" 200 27
120.253.135.82 - - [05/Feb/2021:09:54:52 +0800] "GET /xingrg/check_reg.html?_=1612490194995 HTTP/1.1" 200 22
180.175.150.119 - - [05/Feb/2021:09:54:52 +0800] "GET /xingrg/check_reg.html?_=1612490339006 HTTP/1.1" 200 22
180.175.150.119 - - [05/Feb/2021:09:54:52 +0800] "GET /xingrg/all/function/internal_message.html?_=1612490339086&CODE_STATE=getMsg HTTP/1.1" 200 27
180.175.150.119 - - [05/Feb/2021:09:54:53 +0800] "GET /xingrg/kc/buy/cgsh_order_operate.html?command=get_materiel&rest_code=00102&code=00101006138&supplier_code=00100096&order_time=2021-02-05 HTTP/1.1" 200 409
120.253.135.82 - - [05/Feb/2021:09:54:54 +0800] "GET /xingrg/all/function/internal_message.html?_=1612490128790&CODE_STATE=getMsg HTTP/1.1" 200 27
116.227.208.21 - - [05/Feb/2021:09:54:57 +0800] "GET /xingrg/all/function/internal_message.html?_=1612490095777&CODE_STATE=getMsg HTTP/1.1" 200 27
116.227.208.21 - - [05/Feb/2021:09:54:57 +0800] "GET /xingrg/check_reg.html?_=1612490095780 HTTP/1.1" 200 22
116.224.253.72 - - [05/Feb/2021:09:54:57 +0800] "GET /xingrg/check_reg.html?_=1612490084517 HTTP/1.1" 200 22
116.224.253.72 - - [05/Feb/2021:09:54:58 +0800] "GET /xingrg/all/function/internal_message.html?_=1612490084705&CODE_STATE=getMsg HTTP/1.1" 200 27
114.88.166.193 - - [05/Feb/2021:09:54:59 +0800] "GET /xingrg/kc/buy/cgsh_order_operate.html?command=get_materiel&rest_code=00111&code=00101008166&supplier_code=00100037&order_time=2021-02-05 HTTP/1.1" 200 412
180.169.147.146 - - [05/Feb/2021:09:54:59 +0800] "GET /xingrg/all/function/internal_message.html?_=1612490095956&CODE_STATE=getMsg HTTP/1.1" 200 27
180.169.147.146 - - [05/Feb/2021:09:55:04 +0800] "GET /xingrg/all/function/internal_message.html?_=1612490102630&CODE_STATE=getMsg HTTP/1.1" 200 27
58.40.7.146 - - [05/Feb/2021:09:55:13 +0800] "GET /xingrg/all/function/internal_message.html?_=1612490111431&CODE_STATE=getMsg HTTP/1.1" 200 27
58.40.7.146 - - [05/Feb/2021:09:55:13 +0800] "GET /xingrg/all/function/internal_message.html?_=1612490111892&CODE_STATE=getMsg HTTP/1.1" 200 27
180.169.147.146 - - [05/Feb/2021:09:55:16 +0800] "GET /xingrg/all/function/internal_message.html?_=1612490115819&CODE_STATE=getMsg HTTP/1.1" 200 27
180.175.150.119 - - [05/Feb/2021:09:55:17 +0800] "GET /xingrg/kc/buy/cgsh_order_operate.html?command=get_materiel&rest_code=00102&code=00101007034&supplier_code=00100096&order_time=2021-02-05 HTTP/1.1" 200 408
114.88.166.193 - - [05/Feb/2021:09:55:19 +0800] "GET /xingrg/kc/buy/cgsh_order_operate.html?command=get_materiel&rest_code=00111&code=00101016025&supplier_code=00100037&order_time=2021-02-05 HTTP/1.1" 200 408
120.253.135.82 - - [05/Feb/2021:09:55:22 +0800] "GET /xingrg/all/function/internal_message.html?_=1612489884926&CODE_STATE=getMsg HTTP/1.1" 200 27
61.165.42.208 - - [05/Feb/2021:09:55:23 +0800] "GET /xingrg/check_reg.html?_=1612490124770 HTTP/1.1" 200 22
180.175.150.119 - - [05/Feb/2021:09:55:26 +0800] "POST /xingrg/services/DataTransmitService HTTP/1.1" 200 524
180.175.150.119 - - [05/Feb/2021:09:55:26 +0800] "POST /xingrg/services/DataTransmitService HTTP/1.1" 200 2319
180.175.150.119 - - [05/Feb/2021:09:55:26 +0800] "POST /xingrg/services/DataTransmitService HTTP/1.1" 200 2443
114.88.166.193 - - [05/Feb/2021:09:55:27 +0800] "GET /xingrg/all/function/internal_message.html?_=1612490124453&CODE_STATE=getMsg HTTP/1.1" 200 27
180.175.150.119 - - [05/Feb/2021:09:55:27 +0800] "POST /xingrg/services/DataTransmitService HTTP/1.1" 200 160660
61.165.42.208 - - [05/Feb/2021:09:55:32 +0800] "GET /xingrg/all/function/internal_message.html?_=1612490128555&CODE_STATE=getMsg HTTP/1.1" 200 27
116.230.72.231 - - [05/Feb/2021:09:55:34 +0800] "GET /xingrg/all/function/internal_message.html?_=1612490125838&CODE_STATE=getMsg HTTP/1.1" 200 27
114.88.166.193 - - [05/Feb/2021:09:55:35 +0800] "GET /xingrg/kc/buy/cgsh_order_operate.html?command=get_materiel&rest_code=00111&code=00101011001&supplier_code=00100037&order_time=2021-02-05 HTTP/1.1" 200 423
58.37.230.33 - - [05/Feb/2021:09:55:36 +0800] "GET /xingrg/all/function/internal_message.html?_=1612490140783&CODE_STATE=getMsg HTTP/1.1" 200 27
61.165.42.208 - - [05/Feb/2021:09:55:36 +0800] "GET /xingrg/all/function/internal_message.html?_=1612490137680&CODE_STATE=getMsg HTTP/1.1" 200 27
58.37.230.33 - - [05/Feb/2021:09:55:36 +0800] "GET /xingrg/all/function/internal_message.html?_=1612490151536&CODE_STATE=getMsg HTTP/1.1" 200 27
116.224.253.72 - - [05/Feb/2021:09:55:36 +0800] "GET /xingrg/all/function/internal_message.html?_=1612490135778&CODE_STATE=getMsg HTTP/1.1" 200 27
120.253.135.82 - - [05/Feb/2021:09:55:38 +0800] "GET /xingrg/check_reg.html?_=1612490172883 HTTP/1.1" 200 22
117.185.32.26 - - [05/Feb/2021:09:55:39 +0800] "GET /xingrg/all/function/internal_message.html?_=1612490154125&CODE_STATE=getMsg HTTP/1.1" 200 27
222.69.134.170 - - [05/Feb/2021:09:55:41 +0800] "GET /xingrg/all/function/internal_message.html?_=1612490134973&CODE_STATE=getMsg HTTP/1.1" 200 27
222.69.134.170 - - [05/Feb/2021:09:55:42 +0800] "GET /xingrg/check_reg.html?_=1612490135850 HTTP/1.1" 200 22
120.253.135.82 - - [05/Feb/2021:09:55:42 +0800] "GET /xingrg/all/function/internal_message.html?_=1612490245297&CODE_STATE=getMsg HTTP/1.1" 200 27
180.169.147.146 - - [05/Feb/2021:09:55:43 +0800] "GET /xingrg/all/function/internal_message.html?_=1612490141396&CODE_STATE=getMsg HTTP/1.1" 200 27
101.89.239.245 - - [05/Feb/2021:09:55:46 +0800] "GET /xingrg/all/function/internal_message.html?_=1612490080785&CODE_STATE=getMsg HTTP/1.1" 302 -
180.175.150.119 - - [05/Feb/2021:09:55:49 +0800] "GET /xingrg/kc/buy/cgsh_order_operate.html?command=get_materiel&rest_code=00102&code=00101007076&supplier_code=00100096&order_time=2021-02-05 HTTP/1.1" 200 410
218.81.223.240 - - [05/Feb/2021:09:55:50 +0800] "GET /xingrg/all/function/internal_message.html?_=1612490170945&CODE_STATE=getMsg HTTP/1.1" 200 27
120.253.135.82 - - [05/Feb/2021:09:55:50 +0800] "GET /xingrg/all/function/internal_message.html?_=1612490253305&CODE_STATE=getMsg HTTP/1.1" 200 27
180.175.150.119 - - [05/Feb/2021:09:55:52 +0800] "GET /xingrg/all/function/internal_message.html?_=1612490399092&CODE_STATE=getMsg HTTP/1.1" 200 27
120.253.135.82 - - [05/Feb/2021:09:55:53 +0800] "GET /xingrg/all/function/internal_message.html?_=1612490188791&CODE_STATE=getMsg HTTP/1.1" 200 27
101.89.239.245 - - [05/Feb/2021:09:55:54 +0800] "GET /xingrg/login.html HTTP/1.1" 200 7641
116.227.208.21 - - [05/Feb/2021:09:55:57 +0800] "GET /xingrg/all/function/internal_message.html?_=1612490155783&CODE_STATE=getMsg HTTP/1.1" 200 27
116.224.253.72 - - [05/Feb/2021:09:55:58 +0800] "GET /xingrg/all/function/internal_message.html?_=1612490144719&CODE_STATE=getMsg HTTP/1.1" 200 27
114.88.166.193 - - [05/Feb/2021:09:55:59 +0800] "GET /xingrg/kc/buy/cgsh_order_operate.html?command=get_materiel&rest_code=00111&code=00101012051&supplier_code=00100037&order_time=2021-02-05 HTTP/1.1" 200 408
180.169.147.146 - - [05/Feb/2021:09:55:59 +0800] "GET /xingrg/all/function/internal_message.html?_=1612490155956&CODE_STATE=getMsg HTTP/1.1" 200 27
180.175.150.119 - - [05/Feb/2021:09:56:04 +0800] "POST /xingrg/services/DataTransmitService HTTP/1.1" 200 524
180.175.150.119 - - [05/Feb/2021:09:56:04 +0800] "POST /xingrg/services/DataTransmitService HTTP/1.1" 200 2319
180.169.147.146 - - [05/Feb/2021:09:56:04 +0800] "GET /xingrg/check_reg.html?_=1612490162625 HTTP/1.1" 200 22
180.169.147.146 - - [05/Feb/2021:09:56:04 +0800] "GET /xingrg/all/function/internal_message.html?_=1612490162630&CODE_STATE=getMsg HTTP/1.1" 200 27
180.175.150.119 - - [05/Feb/2021:09:56:04 +0800] "POST /xingrg/kc/buy/cgsh_order_operate.html HTTP/1.1" 200 37
180.175.150.119 - - [05/Feb/2021:09:56:06 +0800] "POST /xingrg/kc/buy/cgsh_order_operate.html HTTP/1.1" 200 8624
114.88.166.193 - - [05/Feb/2021:09:56:11 +0800] "GET /xingrg/kc/buy/cgsh_order_operate.html?command=get_materiel&rest_code=00111&code=00101008007&supplier_code=00100037&order_time=2021-02-05 HTTP/1.1" 200 413
58.40.7.146 - - [05/Feb/2021:09:56:13 +0800] "GET /xingrg/all/function/internal_message.html?_=1612490171434&CODE_STATE=getMsg HTTP/1.1" 200 27
58.40.7.146 - - [05/Feb/2021:09:56:13 +0800] "GET /xingrg/all/function/internal_message.html?_=1612490171894&CODE_STATE=getMsg HTTP/1.1" 200 27
180.169.147.146 - - [05/Feb/2021:09:56:14 +0800] "POST /xingrg/all/user/operate.html HTTP/1.1" 200 36
180.169.147.146 - - [05/Feb/2021:09:56:14 +0800] "GET /xingrg/index.html?sysBaseUrl=http%3A%2F%2F180.169.147.146%3A18081%2Fxingrg%2F&costTime=78×tamp=1612489782978 HTTP/1.1" 200 17509
180.169.147.146 - - [05/Feb/2021:09:56:14 +0800] "GET /xingrg/javascript/jquery_easy_ui/themes/default/easyui.css HTTP/1.1" 304 -
180.169.147.146 - - [05/Feb/2021:09:56:14 +0800] "GET /xingrg/javascript/jquery_easy_ui/themes/icon.css HTTP/1.1" 304 -
180.169.147.146 - - [05/Feb/2021:09:56:14 +0800] "GET /xingrg/css/form.css HTTP/1.1" 304 -
180.169.147.146 - - [05/Feb/2021:09:56:14 +0800] "GET /xingrg/javascript/jquery-1.4.2.min.js HTTP/1.1" 304 -
180.169.147.146 - - [05/Feb/2021:09:56:14 +0800] "GET /xingrg/javascript/jquery_easy_ui/jquery.easyui.min.js HTTP/1.1" 304 -
180.169.147.146 - - [05/Feb/2021:09:56:14 +0800] "GET /xingrg/javascript/jquery_easy_ui/easyui-lang-zh_CN.js HTTP/1.1" 304 -
180.169.147.146 - - [05/Feb/2021:09:56:14 +0800] "GET /xingrg/javascript/jquery.form.js HTTP/1.1" 304 -
180.169.147.146 - - [05/Feb/2021:09:56:14 +0800] "GET /xingrg/javascript/jquery.utils.js HTTP/1.1" 304 -
180.169.147.146 - - [05/Feb/2021:09:56:14 +0800] "GET /xingrg/javascript/jquery.timers.js HTTP/1.1" 304 -
180.169.147.146 - - [05/Feb/2021:09:56:14 +0800] "GET /xingrg/images/blue/jxLogo.png HTTP/1.1" 304 -
180.169.147.146 - - [05/Feb/2021:09:56:14 +0800] "POST /xingrg/all/common/load_tree.html?tree=area_rest_tree_json&manage=1 HTTP/1.1" 200 3344
180.169.147.146 - - [05/Feb/2021:09:56:14 +0800] "GET /xingrg/all/function/internal_message.html?_=1612490173101&CODE_STATE=count HTTP/1.1" 200 11
180.169.147.146 - - [05/Feb/2021:09:56:14 +0800] "GET /xingrg/check_reg.html?_=1612490173102 HTTP/1.1" 200 22
180.169.147.146 - - [05/Feb/2021:09:56:14 +0800] "GET /xingrg/javascript/jquery_easy_ui/themes/default/images/panel_tool_expand.gif HTTP/1.1" 304 -
180.169.147.146 - - [05/Feb/2021:09:56:14 +0800] "GET /xingrg/javascript/jquery_easy_ui/themes/default/images/panel_tool_collapse.gif HTTP/1.1" 304 -
180.169.147.146 - - [05/Feb/2021:09:56:14 +0800] "GET /xingrg/javascript/jquery_easy_ui/themes/default/images/tabs_rightarrow.png HTTP/1.1" 304 -
180.169.147.146 - - [05/Feb/2021:09:56:14 +0800] "GET /xingrg/images/blue/pingpu.png HTTP/1.1" 304 -
180.169.147.146 - - [05/Feb/2021:09:56:14 +0800] "GET /xingrg/javascript/jquery_easy_ui/themes/default/images/tabs_leftarrow.png HTTP/1.1" 304 -
180.169.147.146 - - [05/Feb/2021:09:56:14 +0800] "GET /xingrg/javascript/jquery_easy_ui/themes/icons/settle_new.png HTTP/1.1" 304 -
180.169.147.146 - - [05/Feb/2021:09:56:14 +0800] "GET /xingrg/images/blue/navBackgound.jpg HTTP/1.1" 304 -
180.169.147.146 - - [05/Feb/2021:09:56:14 +0800] "POST /xingrg/load_menu.html HTTP/1.1" 200 9959
180.169.147.146 - - [05/Feb/2021:09:56:16 +0800] "GET /xingrg/all/function/internal_message.html?_=1612490175821&CODE_STATE=getMsg HTTP/1.1" 200 27
120.253.135.82 - - [05/Feb/2021:09:56:22 +0800] "GET /xingrg/all/function/internal_message.html?_=1612489945202&CODE_STATE=getMsg HTTP/1.1" 200 27
180.169.147.146 - - [05/Feb/2021:09:56:22 +0800] "GET /xingrg/kc/cost/cost_list.html HTTP/1.1" 200 6093
180.169.147.146 - - [05/Feb/2021:09:56:22 +0800] "GET /xingrg/dwr/util.js HTTP/1.1" 304 -
180.169.147.146 - - [05/Feb/2021:09:56:22 +0800] "GET /xingrg/dwr/interface/AjaxReportQueryService.js HTTP/1.1" 200 13203
180.169.147.146 - - [05/Feb/2021:09:56:22 +0800] "GET /xingrg/dwr/engine.js HTTP/1.1" 200 43631
180.169.147.146 - - [05/Feb/2021:09:56:22 +0800] "GET /xingrg/kc/cost/cost_operate.html?_=1612490181096&command=load_cost_list HTTP/1.1" 200 1010
120.253.135.82 - - [05/Feb/2021:09:56:23 +0800] "GET /xingrg/check_reg.html?_=1612489946140 HTTP/1.1" 200 22
116.230.72.231 - - [05/Feb/2021:09:56:23 +0800] "GET /xingrg/check_reg.html?_=1612490175100 HTTP/1.1" 200 22
114.88.166.193 - - [05/Feb/2021:09:56:26 +0800] "POST /xingrg/kc/buy/cgsh_order_operate.html HTTP/1.1" 200 2065
114.88.166.193 - - [05/Feb/2021:09:56:27 +0800] "GET /xingrg/all/function/internal_message.html?_=1612490184473&CODE_STATE=getMsg HTTP/1.1" 200 27
61.165.42.208 - - [05/Feb/2021:09:56:32 +0800] "GET /xingrg/check_reg.html?_=1612490188555 HTTP/1.1" 200 22
61.165.42.208 - - [05/Feb/2021:09:56:32 +0800] "GET /xingrg/all/function/internal_message.html?_=1612490188565&CODE_STATE=getMsg HTTP/1.1" 200 27
116.230.72.231 - - [05/Feb/2021:09:56:34 +0800] "GET /xingrg/all/function/internal_message.html?_=1612490185817&CODE_STATE=getMsg HTTP/1.1" 200 27
58.37.230.33 - - [05/Feb/2021:09:56:36 +0800] "GET /xingrg/all/function/internal_message.html?_=1612490200787&CODE_STATE=getMsg HTTP/1.1" 200 27
61.165.42.208 - - [05/Feb/2021:09:56:36 +0800] "GET /xingrg/all/function/internal_message.html?_=1612490197656&CODE_STATE=getMsg HTTP/1.1" 200 27
58.37.230.33 - - [05/Feb/2021:09:56:36 +0800] "GET /xingrg/check_reg.html?_=1612490211536 HTTP/1.1" 200 22
58.37.230.33 - - [05/Feb/2021:09:56:36 +0800] "GET /xingrg/all/function/internal_message.html?_=1612490211538&CODE_STATE=getMsg HTTP/1.1" 200 27
116.224.253.72 - - [05/Feb/2021:09:56:36 +0800] "GET /xingrg/all/function/internal_message.html?_=1612490195777&CODE_STATE=getMsg HTTP/1.1" 200 27
180.169.147.146 - - [05/Feb/2021:09:56:37 +0800] "GET /xingrg/kc/base/check_order_list.html HTTP/1.1" 200 16726
180.169.147.146 - - [05/Feb/2021:09:56:37 +0800] "POST /xingrg/kc/base/check_list_operate.html HTTP/1.1" 200 1893
114.88.166.193 - - [05/Feb/2021:09:56:38 +0800] "GET /xingrg/kc/buy/cgsh_order_operate.html?command=get_materiel&rest_code=00111&code=00101008055&supplier_code=00100037&order_time=2021-02-05 HTTP/1.1" 200 409
117.185.32.26 - - [05/Feb/2021:09:56:39 +0800] "GET /xingrg/all/function/internal_message.html?_=1612490214126&CODE_STATE=getMsg HTTP/1.1" 200 27
222.69.134.170 - - [05/Feb/2021:09:56:41 +0800] "GET /xingrg/all/function/internal_message.html?_=1612490194966&CODE_STATE=getMsg HTTP/1.1" 200 27
120.253.135.82 - - [05/Feb/2021:09:56:42 +0800] "GET /xingrg/all/function/internal_message.html?_=1612490305302&CODE_STATE=getMsg HTTP/1.1" 200 27
180.169.147.146 - - [05/Feb/2021:09:56:43 +0800] "POST /xingrg/kc/base/check_list_operate.html HTTP/1.1" 200 5067
180.169.147.146 - - [05/Feb/2021:09:56:46 +0800] "GET /xingrg/kc/base/check_order_info.html?code=452021013100492 HTTP/1.1" 200 23148
180.169.147.146 - - [05/Feb/2021:09:56:46 +0800] "GET /xingrg/dwr/interface/AjaxComOrderService.js HTTP/1.1" 200 18264
180.169.147.146 - - [05/Feb/2021:09:56:46 +0800] "GET /xingrg/dwr/interface/AjaxCheckService.js HTTP/1.1" 200 14003
180.169.147.146 - - [05/Feb/2021:09:56:46 +0800] "GET /xingrg/dwr/engine.js HTTP/1.1" 200 43631
180.169.147.146 - - [05/Feb/2021:09:56:46 +0800] "POST /xingrg/dwr/call/plaincall/AjaxCheckService.loadOrderItems.dwr HTTP/1.1" 200 55739
120.253.135.82 - - [05/Feb/2021:09:56:50 +0800] "GET /xingrg/all/function/internal_message.html?_=1612490313312&CODE_STATE=getMsg HTTP/1.1" 200 27
218.81.223.240 - - [05/Feb/2021:09:56:50 +0800] "GET /xingrg/all/function/internal_message.html?_=1612490231375&CODE_STATE=getMsg HTTP/1.1" 200 27
180.175.150.119 - - [05/Feb/2021:09:56:53 +0800] "GET /xingrg/all/function/internal_message.html?_=1612490459107&CODE_STATE=getMsg HTTP/1.1" 200 27
120.253.135.82 - - [05/Feb/2021:09:56:53 +0800] "GET /xingrg/all/function/internal_message.html?_=1612490248805&CODE_STATE=getMsg HTTP/1.1" 200 27
218.81.223.240 - - [05/Feb/2021:09:56:54 +0800] "GET /xingrg/check_reg.html?_=1612490234516 HTTP/1.1" 200 22
116.227.208.21 - - [05/Feb/2021:09:56:57 +0800] "GET /xingrg/all/function/internal_message.html?_=1612490215788&CODE_STATE=getMsg HTTP/1.1" 200 27
116.224.253.72 - - [05/Feb/2021:09:56:58 +0800] "GET /xingrg/all/function/internal_message.html?_=1612490204732&CODE_STATE=getMsg HTTP/1.1" 200 27
180.169.147.146 - - [05/Feb/2021:09:56:58 +0800] "GET /xingrg/kc/base/check_order_list.html?isBack=1 HTTP/1.1" 200 16726
180.169.147.146 - - [05/Feb/2021:09:56:58 +0800] "POST /xingrg/kc/base/check_list_operate.html HTTP/1.1" 200 1893
114.88.166.193 - - [05/Feb/2021:09:56:59 +0800] "GET /xingrg/kc/buy/cgsh_order_operate.html?command=get_materiel&rest_code=00111&code=00101007109&supplier_code=00100037&order_time=2021-02-05 HTTP/1.1" 200 408
180.169.147.146 - - [05/Feb/2021:09:56:59 +0800] "GET /xingrg/all/function/internal_message.html?_=1612490215956&CODE_STATE=getMsg HTTP/1.1" 200 27
180.169.147.146 - - [05/Feb/2021:09:57:04 +0800] "GET /xingrg/all/function/internal_message.html?_=1612490222627&CODE_STATE=getMsg HTTP/1.1" 200 27
180.169.147.146 - - [05/Feb/2021:09:57:07 +0800] "POST /xingrg/kc/base/check_list_operate.html HTTP/1.1" 200 4
180.169.147.146 - - [05/Feb/2021:09:57:12 +0800] "POST /xingrg/kc/base/check_list_operate.html HTTP/1.1" 200 781
58.40.7.146 - - [05/Feb/2021:09:57:13 +0800] "GET /xingrg/all/function/internal_message.html?_=1612490231438&CODE_STATE=getMsg HTTP/1.1" 200 27
58.40.7.146 - - [05/Feb/2021:09:57:13 +0800] "GET /xingrg/all/function/internal_message.html?_=1612490231897&CODE_STATE=getMsg HTTP/1.1" 200 27
114.88.166.193 - - [05/Feb/2021:09:57:14 +0800] "GET /xingrg/kc/buy/cgsh_order_operate.html?command=get_materiel&rest_code=00111&code=00101012025&supplier_code=00100037&order_time=2021-02-05 HTTP/1.1" 200 412
180.169.147.146 - - [05/Feb/2021:09:57:14 +0800] "GET /xingrg/all/function/internal_message.html?_=1612490233114&CODE_STATE=getMsg HTTP/1.1" 200 27
58.40.7.146 - - [05/Feb/2021:09:57:15 +0800] "GET /xingrg/check_reg.html?_=1612490234243 HTTP/1.1" 200 22
180.169.147.146 - - [05/Feb/2021:09:57:16 +0800] "GET /xingrg/all/function/internal_message.html?_=1612490235826&CODE_STATE=getMsg HTTP/1.1" 200 27
180.169.147.146 - - [05/Feb/2021:09:57:17 +0800] "POST /xingrg/kc/base/check_list_operate.html HTTP/1.1" 200 5129
114.88.166.193 - - [05/Feb/2021:09:57:21 +0800] "GET /xingrg/check_reg.html?_=1612490239010 HTTP/1.1" 200 22
180.169.147.146 - - [05/Feb/2021:09:57:22 +0800] "GET /xingrg/kc/cost/cost_list.html HTTP/1.1" 200 6093
180.169.147.146 - - [05/Feb/2021:09:57:22 +0800] "GET /xingrg/dwr/interface/AjaxReportQueryService.js HTTP/1.1" 200 13203
180.169.147.146 - - [05/Feb/2021:09:57:22 +0800] "GET /xingrg/dwr/engine.js HTTP/1.1" 200 43631
180.169.147.146 - - [05/Feb/2021:09:57:22 +0800] "GET /xingrg/kc/cost/cost_operate.html?_=1612490240462&command=load_cost_list HTTP/1.1" 200 1010
120.253.135.82 - - [05/Feb/2021:09:57:22 +0800] "GET /xingrg/all/function/internal_message.html?_=1612490005202&CODE_STATE=getMsg HTTP/1.1" 200 27
180.169.147.146 - - [05/Feb/2021:09:57:25 +0800] "GET /xingrg/kc/cost/cost_page.html HTTP/1.1" 200 4088
180.169.147.146 - - [05/Feb/2021:09:57:25 +0800] "GET /xingrg/dwr/interface/AjaxReportQueryService.js HTTP/1.1" 200 13203
180.169.147.146 - - [05/Feb/2021:09:57:25 +0800] "GET /xingrg/dwr/engine.js HTTP/1.1" 200 43631
114.88.166.193 - - [05/Feb/2021:09:57:27 +0800] "GET /xingrg/all/function/internal_message.html?_=1612490244486&CODE_STATE=getMsg HTTP/1.1" 200 27
180.169.147.146 - - [05/Feb/2021:09:57:29 +0800] "POST /xingrg/kc/cost/cost_operate.html HTTP/1.1" 200 4
180.169.147.146 - - [05/Feb/2021:09:57:30 +0800] "GET /xingrg/kc/cost/cost_page.html HTTP/1.1" 200 4363
180.169.147.146 - - [05/Feb/2021:09:57:30 +0800] "GET /xingrg/css/blue.css HTTP/1.1" 304 -
180.169.147.146 - - [05/Feb/2021:09:57:30 +0800] "GET /xingrg/javascript/jquery_easy_ui/themes/default/easyui.css HTTP/1.1" 304 -
180.169.147.146 - - [05/Feb/2021:09:57:30 +0800] "GET /xingrg/javascript/jquery_easy_ui/themes/icon.css HTTP/1.1" 304 -
180.169.147.146 - - [05/Feb/2021:09:57:30 +0800] "GET /xingrg/javascript/step/step.css HTTP/1.1" 304 -
180.169.147.146 - - [05/Feb/2021:09:57:30 +0800] "GET /xingrg/css/table.css HTTP/1.1" 304 -
180.169.147.146 - - [05/Feb/2021:09:57:30 +0800] "GET /xingrg/dwr/interface/AjaxReportQueryService.js HTTP/1.1" 200 13203
180.169.147.146 - - [05/Feb/2021:09:57:30 +0800] "GET /xingrg/dwr/engine.js HTTP/1.1" 200 43631
180.169.147.146 - - [05/Feb/2021:09:57:30 +0800] "GET /xingrg/dwr/util.js HTTP/1.1" 304 -
180.169.147.146 - - [05/Feb/2021:09:57:30 +0800] "GET /xingrg/javascript/jquery-1.4.2.min.js HTTP/1.1" 304 -
180.169.147.146 - - [05/Feb/2021:09:57:30 +0800] "GET /xingrg/javascript/jquery_easy_ui/jquery.easyui.min.js HTTP/1.1" 304 -
180.169.147.146 - - [05/Feb/2021:09:57:30 +0800] "GET /xingrg/javascript/jquery_easy_ui/easyui-lang-zh_CN.js HTTP/1.1" 304 -
180.169.147.146 - - [05/Feb/2021:09:57:30 +0800] "GET /xingrg/javascript/jquery.utils.js HTTP/1.1" 304 -
180.169.147.146 - - [05/Feb/2021:09:57:30 +0800] "GET /xingrg/images/control/ajaxLoader.gif HTTP/1.1" 304 -
61.165.42.208 - - [05/Feb/2021:09:57:32 +0800] "GET /xingrg/all/function/internal_message.html?_=1612490248551&CODE_STATE=getMsg HTTP/1.1" 200 27
116.230.72.231 - - [05/Feb/2021:09:57:34 +0800] "GET /xingrg/all/function/internal_message.html?_=1612490245797&CODE_STATE=getMsg HTTP/1.1" 200 27
58.37.230.33 - - [05/Feb/2021:09:57:36 +0800] "GET /xingrg/all/function/internal_message.html?_=1612490260785&CODE_STATE=getMsg HTTP/1.1" 200 27
61.165.42.208 - - [05/Feb/2021:09:57:36 +0800] "GET /xingrg/all/function/internal_message.html?_=1612490257638&CODE_STATE=getMsg HTTP/1.1" 200 27
58.37.230.33 - - [05/Feb/2021:09:57:36 +0800] "GET /xingrg/all/function/internal_message.html?_=1612490271541&CODE_STATE=getMsg HTTP/1.1" 200 27
116.224.253.72 - - [05/Feb/2021:09:57:36 +0800] "GET /xingrg/all/function/internal_message.html?_=1612490255798&CODE_STATE=getMsg HTTP/1.1" 200 27
116.224.253.72 - - [05/Feb/2021:09:57:36 +0800] "GET /xingrg/check_reg.html?_=1612490255800 HTTP/1.1" 200 22
117.185.32.26 - - [05/Feb/2021:09:57:39 +0800] "GET /xingrg/all/function/internal_message.html?_=1612490274128&CODE_STATE=getMsg HTTP/1.1" 200 27
222.69.134.170 - - [05/Feb/2021:09:57:41 +0800] "GET /xingrg/all/function/internal_message.html?_=1612490254939&CODE_STATE=getMsg HTTP/1.1" 200 27
120.253.135.82 - - [05/Feb/2021:09:57:42 +0800] "GET /xingrg/all/function/internal_message.html?_=1612490365307&CODE_STATE=getMsg HTTP/1.1" 200 27
120.253.135.82 - - [05/Feb/2021:09:57:42 +0800] "GET /xingrg/check_reg.html?_=1612490365308 HTTP/1.1" 200 22
114.88.166.193 - - [05/Feb/2021:09:57:42 +0800] "GET /xingrg/kc/buy/cgsh_order_operate.html?command=get_materiel&rest_code=00111&code=00101016105&supplier_code=00100037&order_time=2021-02-05 HTTP/1.1" 200 409
120.253.135.82 - - [05/Feb/2021:09:57:50 +0800] "GET /xingrg/all/function/internal_message.html?_=1612490373338&CODE_STATE=getMsg HTTP/1.1" 200 27
120.253.135.82 - - [05/Feb/2021:09:57:50 +0800] "GET /xingrg/check_reg.html?_=1612490373339 HTTP/1.1" 200 22
218.81.223.240 - - [05/Feb/2021:09:57:50 +0800] "GET /xingrg/all/function/internal_message.html?_=1612490291377&CODE_STATE=getMsg HTTP/1.1" 200 27
180.175.150.119 - - [05/Feb/2021:09:57:53 +0800] "GET /xingrg/all/function/internal_message.html?_=1612490519118&CODE_STATE=getMsg HTTP/1.1" 200 27
120.253.135.82 - - [05/Feb/2021:09:57:54 +0800] "GET /xingrg/all/function/internal_message.html?_=1612490308831&CODE_STATE=getMsg HTTP/1.1" 200 27
114.88.166.193 - - [05/Feb/2021:09:57:56 +0800] "GET /xingrg/kc/buy/cgsh_order_operate.html?command=get_materiel&rest_code=00111&code=00101009062&supplier_code=00100037&order_time=2021-02-05 HTTP/1.1" 200 412
120.253.135.82 - - [05/Feb/2021:09:57:56 +0800] "GET /xingrg/check_reg.html?_=1612490379291 HTTP/1.1" 200 22
116.227.208.21 - - [05/Feb/2021:09:57:57 +0800] "GET /xingrg/all/function/internal_message.html?_=1612490275777&CODE_STATE=getMsg HTTP/1.1" 200 27
116.224.253.72 - - [05/Feb/2021:09:57:58 +0800] "GET /xingrg/all/function/internal_message.html?_=1612490264767&CODE_STATE=getMsg HTTP/1.1" 200 27
180.169.147.146 - - [05/Feb/2021:09:57:59 +0800] "GET /xingrg/check_reg.html?_=1612490275957 HTTP/1.1" 200 22
180.169.147.146 - - [05/Feb/2021:09:57:59 +0800] "GET /xingrg/all/function/internal_message.html?_=1612490275954&CODE_STATE=getMsg HTTP/1.1" 200 27
183.192.164.214 - - [05/Feb/2021:09:58:02 +0800] "GET /xingrg/all/function/internal_message.html?_=1612489914136&CODE_STATE=getMsg HTTP/1.1" 302 -
180.169.147.146 - - [05/Feb/2021:09:58:04 +0800] "GET /xingrg/all/function/internal_message.html?_=1612490282627&CODE_STATE=getMsg HTTP/1.1" 200 27
114.88.166.193 - - [05/Feb/2021:09:58:09 +0800] "POST /xingrg/kc/buy/cgsh_order_operate.html HTTP/1.1" 200 2065
183.192.164.214 - - [05/Feb/2021:09:58:12 +0800] "GET /xingrg/login.html HTTP/1.1" 200 7641
58.40.7.146 - - [05/Feb/2021:09:58:13 +0800] "GET /xingrg/all/function/internal_message.html?_=1612490291442&CODE_STATE=getMsg HTTP/1.1" 200 27
58.40.7.146 - - [05/Feb/2021:09:58:13 +0800] "GET /xingrg/all/function/internal_message.html?_=1612490291903&CODE_STATE=getMsg HTTP/1.1" 200 27
180.169.147.146 - - [05/Feb/2021:09:58:16 +0800] "GET /xingrg/check_reg.html?_=1612490295814 HTTP/1.1" 200 22
180.169.147.146 - - [05/Feb/2021:09:58:16 +0800] "GET /xingrg/all/function/internal_message.html?_=1612490295817&CODE_STATE=getMsg HTTP/1.1" 200 27
120.253.135.82 - - [05/Feb/2021:09:58:17 +0800] "GET /xingrg/check_reg.html?_=1612490400772 HTTP/1.1" 200 22
120.253.135.82 - - [05/Feb/2021:09:58:22 +0800] "GET /xingrg/all/function/internal_message.html?_=1612490065215&CODE_STATE=getMsg HTTP/1.1" 200 27
114.88.166.193 - - [05/Feb/2021:09:58:27 +0800] "GET /xingrg/all/function/internal_message.html?_=1612490304890&CODE_STATE=getMsg HTTP/1.1" 200 27
114.88.166.193 - - [05/Feb/2021:09:58:30 +0800] "GET /xingrg/kc/buy/cgsh_order_operate.html?command=get_materiel&rest_code=00111&code=00101009010&supplier_code=00100037&order_time=2021-02-05 HTTP/1.1" 200 414
61.165.42.208 - - [05/Feb/2021:09:58:32 +0800] "GET /xingrg/all/function/internal_message.html?_=1612490308552&CODE_STATE=getMsg HTTP/1.1" 200 27
101.227.139.178 - - [05/Feb/2021:09:58:34 +0800] "GET /xingrg/all/function/internal_message.html?_=1612490200787&CODE_STATE=getMsg HTTP/1.1" 302 -
116.230.72.231 - - [05/Feb/2021:09:58:34 +0800] "GET /xingrg/all/function/internal_message.html?_=1612490305777&CODE_STATE=getMsg HTTP/1.1" 200 27
58.37.230.33 - - [05/Feb/2021:09:58:36 +0800] "GET /xingrg/all/function/internal_message.html?_=1612490320783&CODE_STATE=getMsg HTTP/1.1" 200 27
61.165.42.208 - - [05/Feb/2021:09:58:36 +0800] "GET /xingrg/all/function/internal_message.html?_=1612490317643&CODE_STATE=getMsg HTTP/1.1" 200 27
58.37.230.33 - - [05/Feb/2021:09:58:36 +0800] "GET /xingrg/all/function/internal_message.html?_=1612490331525&CODE_STATE=getMsg HTTP/1.1" 200 27
116.224.253.72 - - [05/Feb/2021:09:58:36 +0800] "GET /xingrg/all/function/internal_message.html?_=1612490315783&CODE_STATE=getMsg HTTP/1.1" 200 27
117.185.32.26 - - [05/Feb/2021:09:58:39 +0800] "GET /xingrg/all/function/internal_message.html?_=1612490334154&CODE_STATE=getMsg HTTP/1.1" 200 27
222.69.134.170 - - [05/Feb/2021:09:58:41 +0800] "GET /xingrg/all/function/internal_message.html?_=1612490314919&CODE_STATE=getMsg HTTP/1.1" 200 27
120.253.135.82 - - [05/Feb/2021:09:58:42 +0800] "GET /xingrg/all/function/internal_message.html?_=1612490425311&CODE_STATE=getMsg HTTP/1.1" 200 27
101.227.139.178 - - [05/Feb/2021:09:58:44 +0800] "GET /xingrg/login.html HTTP/1.1" 200 7641
120.253.135.82 - - [05/Feb/2021:09:58:50 +0800] "GET /xingrg/all/function/internal_message.html?_=1612490433344&CODE_STATE=getMsg HTTP/1.1" 200 27
218.81.223.240 - - [05/Feb/2021:09:58:50 +0800] "GET /xingrg/all/function/internal_message.html?_=1612490351391&CODE_STATE=getMsg HTTP/1.1" 200 27
180.175.150.119 - - [05/Feb/2021:09:58:53 +0800] "GET /xingrg/all/function/internal_message.html?_=1612490579225&CODE_STATE=getMsg HTTP/1.1" 200 27
120.253.135.82 - - [05/Feb/2021:09:58:54 +0800] "GET /xingrg/all/function/internal_message.html?_=1612490368847&CODE_STATE=getMsg HTTP/1.1" 200 27
116.227.208.21 - - [05/Feb/2021:09:58:57 +0800] "GET /xingrg/all/function/internal_message.html?_=1612490335783&CODE_STATE=getMsg HTTP/1.1" 200 27
116.224.253.72 - - [05/Feb/2021:09:58:58 +0800] "GET /xingrg/all/function/internal_message.html?_=1612490324774&CODE_STATE=getMsg HTTP/1.1" 200 27
114.88.166.193 - - [05/Feb/2021:09:58:59 +0800] "GET /xingrg/kc/buy/cgsh_order_operate.html?command=get_materiel&rest_code=00111&code=00101016030&supplier_code=00100037&order_time=2021-02-05 HTTP/1.1" 200 412
180.169.147.146 - - [05/Feb/2021:09:58:59 +0800] "GET /xingrg/all/function/internal_message.html?_=1612490335984&CODE_STATE=getMsg HTTP/1.1" 200 27
180.169.147.146 - - [05/Feb/2021:09:59:04 +0800] "GET /xingrg/all/function/internal_message.html?_=1612490342629&CODE_STATE=getMsg HTTP/1.1" 200 27
58.40.7.146 - - [05/Feb/2021:09:59:13 +0800] "GET /xingrg/check_reg.html?_=1612490351429 HTTP/1.1" 200 22
58.40.7.146 - - [05/Feb/2021:09:59:13 +0800] "GET /xingrg/all/function/internal_message.html?_=1612490351431&CODE_STATE=getMsg HTTP/1.1" 200 27
58.40.7.146 - - [05/Feb/2021:09:59:13 +0800] "GET /xingrg/all/function/internal_message.html?_=1612490351906&CODE_STATE=getMsg HTTP/1.1" 200 27
180.169.147.146 - - [05/Feb/2021:09:59:16 +0800] "GET /xingrg/all/function/internal_message.html?_=1612490355820&CODE_STATE=getMsg HTTP/1.1" 200 27
120.253.135.82 - - [05/Feb/2021:09:59:22 +0800] "GET /xingrg/all/function/internal_message.html?_=1612490125492&CODE_STATE=getMsg HTTP/1.1" 200 27
114.88.166.193 - - [05/Feb/2021:09:59:27 +0800] "GET /xingrg/all/function/internal_message.html?_=1612490364910&CODE_STATE=getMsg HTTP/1.1" 200 27
61.165.42.208 - - [05/Feb/2021:09:59:32 +0800] "GET /xingrg/all/function/internal_message.html?_=1612490368553&CODE_STATE=getMsg HTTP/1.1" 200 27
116.230.72.231 - - [05/Feb/2021:09:59:34 +0800] "GET /xingrg/all/function/internal_message.html?_=1612490365762&CODE_STATE=getMsg HTTP/1.1" 200 27
61.165.42.208 - - [05/Feb/2021:09:59:36 +0800] "GET /xingrg/all/function/internal_message.html?_=1612490377612&CODE_STATE=getMsg HTTP/1.1" 200 27
58.37.230.33 - - [05/Feb/2021:09:59:36 +0800] "GET /xingrg/all/function/internal_message.html?_=1612490380781&CODE_STATE=getMsg HTTP/1.1" 200 27
58.37.230.33 - - [05/Feb/2021:09:59:36 +0800] "GET /xingrg/check_reg.html?_=1612490380783 HTTP/1.1" 200 22
58.37.230.33 - - [05/Feb/2021:09:59:36 +0800] "GET /xingrg/all/function/internal_message.html?_=1612490391524&CODE_STATE=getMsg HTTP/1.1" 200 27
116.224.253.72 - - [05/Feb/2021:09:59:36 +0800] "GET /xingrg/all/function/internal_message.html?_=1612490375782&CODE_STATE=getMsg HTTP/1.1" 200 27
117.185.32.26 - - [05/Feb/2021:09:59:39 +0800] "GET /xingrg/check_reg.html?_=1612490394155 HTTP/1.1" 200 22
117.185.32.26 - - [05/Feb/2021:09:59:39 +0800] "GET /xingrg/all/function/internal_message.html?_=1612490394153&CODE_STATE=getMsg HTTP/1.1" 200 27
114.88.166.193 - - [05/Feb/2021:09:59:39 +0800] "GET /xingrg/kc/buy/cgsh_order_operate.html?command=get_materiel&rest_code=00111&code=00101011010&supplier_code=00100037&order_time=2021-02-05 HTTP/1.1" 200 418
222.69.134.170 - - [05/Feb/2021:09:59:41 +0800] "GET /xingrg/all/function/internal_message.html?_=1612490374891&CODE_STATE=getMsg HTTP/1.1" 200 27
120.253.135.82 - - [05/Feb/2021:09:59:42 +0800] "GET /xingrg/all/function/internal_message.html?_=1612490485329&CODE_STATE=getMsg HTTP/1.1" 200 27
180.169.147.146 - - [05/Feb/2021:09:59:43 +0800] "POST /xingrg/kc/cost/cost_operate.html HTTP/1.1" 200 4
120.253.135.82 - - [05/Feb/2021:09:59:50 +0800] "GET /xingrg/all/function/internal_message.html?_=1612490493319&CODE_STATE=getMsg HTTP/1.1" 200 27
180.175.150.119 - - [05/Feb/2021:09:59:51 +0800] "POST /xingrg/kc/buy/cgsh_order_operate.html HTTP/1.1" 200 37
218.81.223.240 - - [05/Feb/2021:09:59:51 +0800] "GET /xingrg/all/function/internal_message.html?_=1612490411841&CODE_STATE=getMsg HTTP/1.1" 200 27
120.253.135.82 - - [05/Feb/2021:09:59:52 +0800] "GET /xingrg/check_reg.html?_=1612490495011 HTTP/1.1" 200 22
120.253.135.82 - - [05/Feb/2021:09:59:54 +0800] "GET /xingrg/all/function/internal_message.html?_=1612490428871&CODE_STATE=getMsg HTTP/1.1" 200 27
114.88.166.193 - - [05/Feb/2021:09:59:55 +0800] "GET /xingrg/kc/buy/cgsh_order_operate.html?command=get_materiel&rest_code=00111&code=00101019550&supplier_code=00100037&order_time=2021-02-05 HTTP/1.1" 200 422
180.175.150.119 - - [05/Feb/2021:09:59:57 +0800] "POST /xingrg/kc/buy/cgsh_order_operate.html HTTP/1.1" 200 8624
116.227.208.21 - - [05/Feb/2021:09:59:57 +0800] "GET /xingrg/check_reg.html?_=1612490395787 HTTP/1.1" 200 22
116.227.208.21 - - [05/Feb/2021:09:59:57 +0800] "GET /xingrg/all/function/internal_message.html?_=1612490395788&CODE_STATE=getMsg HTTP/1.1" 200 27
116.224.253.72 - - [05/Feb/2021:09:59:57 +0800] "GET /xingrg/check_reg.html?_=1612490384551 HTTP/1.1" 200 22
116.224.253.72 - - [05/Feb/2021:09:59:58 +0800] "GET /xingrg/all/function/internal_message.html?_=1612490384788&CODE_STATE=getMsg HTTP/1.1" 200 27
180.175.150.119 - - [05/Feb/2021:09:59:58 +0800] "GET /xingrg/kc/buy/cgsh_order_add.html HTTP/1.1" 200 62063
101.89.239.120 - - [05/Feb/2021:09:59:59 +0800] "GET /xingrg/all/function/internal_message.html?_=1612490020784&CODE_STATE=getMsg HTTP/1.1" 302 -
180.175.150.119 - - [05/Feb/2021:09:59:59 +0800] "POST /xingrg/kc/buy/cgsh_order_operate.html HTTP/1.1" 200 8245
180.175.150.119 - - [05/Feb/2021:09:59:59 +0800] "GET /xingrg/check_reg.html?_=1612490645745 HTTP/1.1" 200 22
180.175.150.119 - - [05/Feb/2021:09:59:59 +0800] "GET /xingrg/all/function/internal_message.html?_=1612490645745&CODE_STATE=getMsg HTTP/1.1" 200 27
180.175.150.119 - - [05/Feb/2021:09:59:59 +0800] "GET /xingrg/javascript/easyui/themes/default/validatebox.css HTTP/1.1" 404 1104
180.169.147.146 - - [05/Feb/2021:09:59:59 +0800] "GET /xingrg/all/function/internal_message.html?_=1612490395983&CODE_STATE=getMsg HTTP/1.1" 200 27
180.169.147.146 - - [05/Feb/2021:10:00:04 +0800] "GET /xingrg/all/function/internal_message.html?_=1612490402619&CODE_STATE=getMsg HTTP/1.1" 200 27
101.89.239.120 - - [05/Feb/2021:10:00:05 +0800] "GET /xingrg/login.html HTTP/1.1" 200 7641
58.40.7.146 - - [05/Feb/2021:10:00:13 +0800] "GET /xingrg/all/function/internal_message.html?_=1612490411434&CODE_STATE=getMsg HTTP/1.1" 200 27
58.40.7.146 - - [05/Feb/2021:10:00:13 +0800] "GET /xingrg/all/function/internal_message.html?_=1612490411892&CODE_STATE=getMsg HTTP/1.1" 200 27
180.169.147.146 - - [05/Feb/2021:10:00:16 +0800] "GET /xingrg/all/function/internal_message.html?_=1612490415819&CODE_STATE=getMsg HTTP/1.1" 200 27
120.253.135.82 - - [05/Feb/2021:10:00:22 +0800] "GET /xingrg/all/function/internal_message.html?_=1612490185508&CODE_STATE=getMsg HTTP/1.1" 200 27
61.165.42.208 - - [05/Feb/2021:10:00:23 +0800] "GET /xingrg/check_reg.html?_=1612490424772 HTTP/1.1" 200 22
114.88.166.193 - - [05/Feb/2021:10:00:26 +0800] "POST /xingrg/kc/buy/cgsh_order_operate.html HTTP/1.1" 200 2065
114.88.166.193 - - [05/Feb/2021:10:00:27 +0800] "GET /xingrg/all/function/internal_message.html?_=1612490424922&CODE_STATE=getMsg HTTP/1.1" 200 27
61.165.42.208 - - [05/Feb/2021:10:00:32 +0800] "GET /xingrg/all/function/internal_message.html?_=1612490428555&CODE_STATE=getMsg HTTP/1.1" 200 27
116.230.72.231 - - [05/Feb/2021:10:00:34 +0800] "GET /xingrg/all/function/internal_message.html?_=1612490425740&CODE_STATE=getMsg HTTP/1.1" 200 27
120.204.17.70 - - [05/Feb/2021:10:00:35 +0800] "GET /xingrg/all/function/internal_message.html?_=1612490034138&CODE_STATE=getMsg HTTP/1.1" 302 -
61.165.42.208 - - [05/Feb/2021:10:00:36 +0800] "GET /xingrg/all/function/internal_message.html?_=1612490437582&CODE_STATE=getMsg HTTP/1.1" 200 27
58.37.230.33 - - [05/Feb/2021:10:00:36 +0800] "GET /xingrg/all/function/internal_message.html?_=1612490440796&CODE_STATE=getMsg HTTP/1.1" 200 27
58.37.230.33 - - [05/Feb/2021:10:00:36 +0800] "GET /xingrg/all/function/internal_message.html?_=1612490451524&CODE_STATE=getMsg HTTP/1.1" 200 27
116.224.253.72 - - [05/Feb/2021:10:00:36 +0800] "GET /xingrg/all/function/internal_message.html?_=1612490435803&CODE_STATE=getMsg HTTP/1.1" 200 27
120.253.135.82 - - [05/Feb/2021:10:00:38 +0800] "GET /xingrg/check_reg.html?_=1612490472884 HTTP/1.1" 200 22
117.185.32.26 - - [05/Feb/2021:10:00:39 +0800] "GET /xingrg/all/function/internal_message.html?_=1612490454154&CODE_STATE=getMsg HTTP/1.1" 200 27
114.88.166.193 - - [05/Feb/2021:10:00:41 +0800] "GET /xingrg/kc/buy/cgsh_order_operate.html?command=get_materiel&rest_code=00111&code=00101006129&supplier_code=00100037&order_time=2021-02-05 HTTP/1.1" 200 431
222.69.134.170 - - [05/Feb/2021:10:00:41 +0800] "GET /xingrg/all/function/internal_message.html?_=1612490434877&CODE_STATE=getMsg HTTP/1.1" 200 27
180.175.150.119 - - [05/Feb/2021:10:00:41 +0800] "GET /xingrg/kc/buy/cgsh_order_operate.html?command=get_materiel&rest_code=00102&code=00101006177&supplier_code=00100096&order_time=2021-02-05 HTTP/1.1" 200 409
120.204.17.70 - - [05/Feb/2021:10:00:42 +0800] "GET /xingrg/login.html HTTP/1.1" 200 7641
222.69.134.170 - - [05/Feb/2021:10:00:42 +0800] "GET /xingrg/check_reg.html?_=1612490435822 HTTP/1.1" 200 22
120.253.135.82 - - [05/Feb/2021:10:00:42 +0800] "GET /xingrg/all/function/internal_message.html?_=1612490545319&CODE_STATE=getMsg HTTP/1.1" 200 27
120.253.135.82 - - [05/Feb/2021:10:00:50 +0800] "GET /xingrg/all/function/internal_message.html?_=1612490553328&CODE_STATE=getMsg HTTP/1.1" 200 27
218.81.223.240 - - [05/Feb/2021:10:00:51 +0800] "GET /xingrg/all/function/internal_message.html?_=1612490471855&CODE_STATE=getMsg HTTP/1.1" 200 27
120.253.135.82 - - [05/Feb/2021:10:00:54 +0800] "GET /xingrg/all/function/internal_message.html?_=1612490488874&CODE_STATE=getMsg HTTP/1.1" 200 27
116.227.208.21 - - [05/Feb/2021:10:00:54 +0800] "GET /xingrg/kc/base/yddb_order_list.html HTTP/1.1" 200 16951
116.227.208.21 - - [05/Feb/2021:10:00:54 +0800] "POST /xingrg/kc/base/yddb_list_operate.html HTTP/1.1" 200 636
116.224.253.72 - - [05/Feb/2021:10:00:55 +0800] "GET /xingrg/kc/base/yddb_order_list.html HTTP/1.1" 200 16951
116.224.253.72 - - [05/Feb/2021:10:00:55 +0800] "POST /xingrg/kc/base/yddb_list_operate.html HTTP/1.1" 200 636
116.227.208.21 - - [05/Feb/2021:10:00:57 +0800] "GET /xingrg/all/function/internal_message.html?_=1612490455776&CODE_STATE=getMsg HTTP/1.1" 200 27
116.224.253.72 - - [05/Feb/2021:10:00:58 +0800] "GET /xingrg/all/function/internal_message.html?_=1612490444802&CODE_STATE=getMsg HTTP/1.1" 200 27
180.175.150.119 - - [05/Feb/2021:10:00:59 +0800] "GET /xingrg/all/function/internal_message.html?_=1612490705761&CODE_STATE=getMsg HTTP/1.1" 200 27
180.169.147.146 - - [05/Feb/2021:10:00:59 +0800] "GET /xingrg/all/function/internal_message.html?_=1612490455981&CODE_STATE=getMsg HTTP/1.1" 200 27
116.224.253.72 - - [05/Feb/2021:10:01:00 +0800] "GET /xingrg/kc/base/yddb_order_add.html HTTP/1.1" 200 29749
116.224.253.72 - - [05/Feb/2021:10:01:00 +0800] "GET /xingrg/javascript/Grid.js HTTP/1.1" 304 -
116.224.253.72 - - [05/Feb/2021:10:01:00 +0800] "GET /xingrg/css/blue.css HTTP/1.1" 304 -
116.224.253.72 - - [05/Feb/2021:10:01:00 +0800] "GET /xingrg/javascript/Calendar.js HTTP/1.1" 304 -
116.224.253.72 - - [05/Feb/2021:10:01:00 +0800] "GET /xingrg/javascript/myfunction.js HTTP/1.1" 304 -
116.224.253.72 - - [05/Feb/2021:10:01:00 +0800] "GET /xingrg/javascript/checkform.js HTTP/1.1" 304 -
116.224.253.72 - - [05/Feb/2021:10:01:00 +0800] "GET /xingrg/javascript/ToolTips.js HTTP/1.1" 304 -
116.224.253.72 - - [05/Feb/2021:10:01:00 +0800] "GET /xingrg/javascript/AjaxInfoList.js HTTP/1.1" 304 -
116.224.253.72 - - [05/Feb/2021:10:01:00 +0800] "GET /xingrg/dwr/interface/AjaxComOrderService.js HTTP/1.1" 200 18264
116.224.253.72 - - [05/Feb/2021:10:01:00 +0800] "GET /xingrg/dwr/interface/AjaxYddbService.js HTTP/1.1" 200 13201
116.224.253.72 - - [05/Feb/2021:10:01:00 +0800] "GET /xingrg/dwr/util.js HTTP/1.1" 200 35990
116.224.253.72 - - [05/Feb/2021:10:01:00 +0800] "GET /xingrg/dwr/engine.js HTTP/1.1" 200 43631
116.227.208.21 - - [05/Feb/2021:10:01:01 +0800] "POST /xingrg/kc/base/yddb_list_operate.html HTTP/1.1" 200 6549
116.227.208.21 - - [05/Feb/2021:10:01:02 +0800] "POST /xingrg/kc/base/yddb_list_operate.html HTTP/1.1" 200 578
116.227.208.21 - - [05/Feb/2021:10:01:02 +0800] "GET /xingrg/kc/base/yddb_order_info.html?code=482021020500039 HTTP/1.1" 200 29418
116.227.208.21 - - [05/Feb/2021:10:01:02 +0800] "GET /xingrg/dwr/interface/AjaxComOrderService.js HTTP/1.1" 200 18264
116.227.208.21 - - [05/Feb/2021:10:01:02 +0800] "GET /xingrg/dwr/interface/AjaxYddbService.js HTTP/1.1" 200 13201
116.227.208.21 - - [05/Feb/2021:10:01:02 +0800] "GET /xingrg/dwr/engine.js HTTP/1.1" 200 43631
116.227.208.21 - - [05/Feb/2021:10:01:02 +0800] "POST /xingrg/dwr/call/plaincall/AjaxYddbService.loadMaterielItems.dwr HTTP/1.1" 200 3241
116.224.253.72 - - [05/Feb/2021:10:01:04 +0800] "POST /xingrg/dwr/call/plaincall/AjaxYddbService.getRestBases.dwr HTTP/1.1" 200 1514
180.169.147.146 - - [05/Feb/2021:10:01:04 +0800] "GET /xingrg/all/function/internal_message.html?_=1612490462630&CODE_STATE=getMsg HTTP/1.1" 200 27
180.169.147.146 - - [05/Feb/2021:10:01:04 +0800] "GET /xingrg/check_reg.html?_=1612490462635 HTTP/1.1" 200 22
58.40.7.146 - - [05/Feb/2021:10:01:13 +0800] "GET /xingrg/all/function/internal_message.html?_=1612490471436&CODE_STATE=getMsg HTTP/1.1" 200 27
58.40.7.146 - - [05/Feb/2021:10:01:13 +0800] "GET /xingrg/all/function/internal_message.html?_=1612490471896&CODE_STATE=getMsg HTTP/1.1" 200 27
180.169.147.146 - - [05/Feb/2021:10:01:16 +0800] "GET /xingrg/all/function/internal_message.html?_=1612490475822&CODE_STATE=getMsg HTTP/1.1" 200 27
116.224.253.72 - - [05/Feb/2021:10:01:21 +0800] "POST /xingrg/dwr/call/plaincall/AjaxYddbService.saveOrder.dwr HTTP/1.1" 200 78
116.230.72.231 - - [05/Feb/2021:10:01:23 +0800] "GET /xingrg/check_reg.html?_=1612490475087 HTTP/1.1" 200 22
114.88.166.193 - - [05/Feb/2021:10:01:26 +0800] "GET /xingrg/kc/buy/cgsh_order_operate.html?command=get_materiel&rest_code=00111&code=00101014087&supplier_code=00100037&order_time=2021-02-05 HTTP/1.1" 200 405
116.224.253.72 - - [05/Feb/2021:10:01:26 +0800] "GET /xingrg/images/yd/bt.gif HTTP/1.1" 404 1040
114.88.166.193 - - [05/Feb/2021:10:01:27 +0800] "GET /xingrg/all/function/internal_message.html?_=1612490484924&CODE_STATE=getMsg HTTP/1.1" 200 27
116.224.253.72 - - [05/Feb/2021:10:01:28 +0800] "POST /xingrg/dwr/call/plaincall/AjaxComOrderService.getMaterielSearchList.dwr HTTP/1.1" 200 17625
116.224.253.72 - - [05/Feb/2021:10:01:29 +0800] "POST /xingrg/dwr/call/plaincall/AjaxComOrderService.getMaterielSearchList.dwr HTTP/1.1" 200 1231
116.224.253.72 - - [05/Feb/2021:10:01:29 +0800] "POST /xingrg/dwr/call/plaincall/AjaxComOrderService.getMaterielSearchList.dwr HTTP/1.1" 200 1231
116.224.253.72 - - [05/Feb/2021:10:01:31 +0800] "POST /xingrg/dwr/call/plaincall/AjaxYddbService.getMaterielByMap.dwr HTTP/1.1" 200 3710
61.165.42.208 - - [05/Feb/2021:10:01:32 +0800] "GET /xingrg/check_reg.html?_=1612490488543 HTTP/1.1" 200 22
61.165.42.208 - - [05/Feb/2021:10:01:32 +0800] "GET /xingrg/all/function/internal_message.html?_=1612490488552&CODE_STATE=getMsg HTTP/1.1" 200 27
116.230.72.231 - - [05/Feb/2021:10:01:34 +0800] "GET /xingrg/all/function/internal_message.html?_=1612490485723&CODE_STATE=getMsg HTTP/1.1" 200 27
61.165.42.208 - - [05/Feb/2021:10:01:36 +0800] "GET /xingrg/all/function/internal_message.html?_=1612490497562&CODE_STATE=getMsg HTTP/1.1" 200 27
58.37.230.33 - - [05/Feb/2021:10:01:36 +0800] "GET /xingrg/all/function/internal_message.html?_=1612490500822&CODE_STATE=getMsg HTTP/1.1" 200 27
58.37.230.33 - - [05/Feb/2021:10:01:36 +0800] "GET /xingrg/all/function/internal_message.html?_=1612490511524&CODE_STATE=getMsg HTTP/1.1" 200 27
58.37.230.33 - - [05/Feb/2021:10:01:36 +0800] "GET /xingrg/check_reg.html?_=1612490511527 HTTP/1.1" 200 22
116.224.253.72 - - [05/Feb/2021:10:01:36 +0800] "GET /xingrg/all/function/internal_message.html?_=1612490495792&CODE_STATE=getMsg HTTP/1.1" 200 27
116.224.253.72 - - [05/Feb/2021:10:01:37 +0800] "POST /xingrg/dwr/call/plaincall/AjaxYddbService.saveMaterielItem.dwr HTTP/1.1" 200 78
117.185.32.26 - - [05/Feb/2021:10:01:39 +0800] "GET /xingrg/all/function/internal_message.html?_=1612490514154&CODE_STATE=getMsg HTTP/1.1" 200 27
116.224.253.72 - - [05/Feb/2021:10:01:40 +0800] "POST /xingrg/dwr/call/plaincall/AjaxYddbService.checkOrder.dwr HTTP/1.1" 200 282
222.69.134.170 - - [05/Feb/2021:10:01:41 +0800] "GET /xingrg/all/function/internal_message.html?_=1612490494862&CODE_STATE=getMsg HTTP/1.1" 200 27
120.253.135.82 - - [05/Feb/2021:10:01:42 +0800] "GET /xingrg/all/function/internal_message.html?_=1612490605347&CODE_STATE=getMsg HTTP/1.1" 200 27
116.224.253.72 - - [05/Feb/2021:10:01:48 +0800] "POST /xingrg/dwr/call/plaincall/AjaxYddbService.removeMaterielItem.dwr HTTP/1.1" 200 78
120.253.135.82 - - [05/Feb/2021:10:01:50 +0800] "GET /xingrg/all/function/internal_message.html?_=1612490613332&CODE_STATE=getMsg HTTP/1.1" 200 27
116.224.253.72 - - [05/Feb/2021:10:01:50 +0800] "POST /xingrg/dwr/call/plaincall/AjaxComOrderService.getMaterielSearchList.dwr HTTP/1.1" 200 17625
116.224.253.72 - - [05/Feb/2021:10:01:51 +0800] "POST /xingrg/dwr/call/plaincall/AjaxComOrderService.getMaterielSearchList.dwr HTTP/1.1" 200 1232
180.169.147.146 - - [05/Feb/2021:10:01:51 +0800] "GET /xingrg/kc/cost/cost_page.html HTTP/1.1" 200 4088
180.169.147.146 - - [05/Feb/2021:10:01:51 +0800] "GET /xingrg/css/blue.css HTTP/1.1" 304 -
180.169.147.146 - - [05/Feb/2021:10:01:51 +0800] "GET /xingrg/javascript/jquery_easy_ui/themes/default/easyui.css HTTP/1.1" 304 -
180.169.147.146 - - [05/Feb/2021:10:01:51 +0800] "GET /xingrg/javascript/jquery_easy_ui/themes/icon.css HTTP/1.1" 304 -
180.169.147.146 - - [05/Feb/2021:10:01:51 +0800] "GET /xingrg/javascript/step/step.css HTTP/1.1" 304 -
180.169.147.146 - - [05/Feb/2021:10:01:51 +0800] "GET /xingrg/css/table.css HTTP/1.1" 304 -
180.169.147.146 - - [05/Feb/2021:10:01:51 +0800] "GET /xingrg/dwr/interface/AjaxReportQueryService.js HTTP/1.1" 200 13203
180.169.147.146 - - [05/Feb/2021:10:01:51 +0800] "GET /xingrg/dwr/engine.js HTTP/1.1" 200 43631
180.169.147.146 - - [05/Feb/2021:10:01:51 +0800] "GET /xingrg/dwr/util.js HTTP/1.1" 304 -
180.169.147.146 - - [05/Feb/2021:10:01:51 +0800] "GET /xingrg/javascript/jquery-1.4.2.min.js HTTP/1.1" 304 -
180.169.147.146 - - [05/Feb/2021:10:01:51 +0800] "GET /xingrg/javascript/jquery_easy_ui/jquery.easyui.min.js HTTP/1.1" 304 -
180.169.147.146 - - [05/Feb/2021:10:01:51 +0800] "GET /xingrg/javascript/jquery_easy_ui/easyui-lang-zh_CN.js HTTP/1.1" 304 -
180.169.147.146 - - [05/Feb/2021:10:01:51 +0800] "GET /xingrg/javascript/jquery.utils.js HTTP/1.1" 304 -
180.169.147.146 - - [05/Feb/2021:10:01:51 +0800] "GET /xingrg/images/control/ajaxLoader.gif HTTP/1.1" 304 -
218.81.223.240 - - [05/Feb/2021:10:01:51 +0800] "GET /xingrg/all/function/internal_message.html?_=1612490532289&CODE_STATE=getMsg HTTP/1.1" 200 27
116.224.253.72 - - [05/Feb/2021:10:01:51 +0800] "POST /xingrg/dwr/call/plaincall/AjaxComOrderService.getMaterielSearchList.dwr HTTP/1.1" 200 1232
116.224.253.72 - - [05/Feb/2021:10:01:53 +0800] "GET /xingrg/images/yd/bt.gif HTTP/1.1" 404 1040
218.81.223.240 - - [05/Feb/2021:10:01:54 +0800] "GET /xingrg/check_reg.html?_=1612490534528 HTTP/1.1" 200 22
120.253.135.82 - - [05/Feb/2021:10:01:54 +0800] "GET /xingrg/all/function/internal_message.html?_=1612490548889&CODE_STATE=getMsg HTTP/1.1" 200 27
116.224.253.72 - - [05/Feb/2021:10:01:55 +0800] "POST /xingrg/dwr/call/plaincall/AjaxComOrderService.getMaterielSearchList.dwr HTTP/1.1" 200 17626
116.224.253.72 - - [05/Feb/2021:10:01:56 +0800] "POST /xingrg/dwr/call/plaincall/AjaxComOrderService.getMaterielSearchList.dwr HTTP/1.1" 200 1232
116.227.208.21 - - [05/Feb/2021:10:01:57 +0800] "GET /xingrg/all/function/internal_message.html?_=1612490515794&CODE_STATE=getMsg HTTP/1.1" 200 27
116.224.253.72 - - [05/Feb/2021:10:01:58 +0800] "GET /xingrg/all/function/internal_message.html?_=1612490504815&CODE_STATE=getMsg HTTP/1.1" 200 27
116.224.253.72 - - [05/Feb/2021:10:01:58 +0800] "POST /xingrg/dwr/call/plaincall/AjaxYddbService.getMaterielByMap.dwr HTTP/1.1" 200 3705
116.227.208.21 - - [05/Feb/2021:10:01:58 +0800] "GET /xingrg/kc/base/wldb_order_list.html HTTP/1.1" 200 19345
116.227.208.21 - - [05/Feb/2021:10:01:58 +0800] "POST /xingrg/kc/base/wldb_list_operate.html HTTP/1.1" 200 3386
180.175.150.119 - - [05/Feb/2021:10:01:59 +0800] "GET /xingrg/all/function/internal_message.html?_=1612490765778&CODE_STATE=getMsg HTTP/1.1" 200 27
180.169.147.146 - - [05/Feb/2021:10:01:59 +0800] "GET /xingrg/all/function/internal_message.html?_=1612490515979&CODE_STATE=getMsg HTTP/1.1" 200 27
116.227.208.21 - - [05/Feb/2021:10:02:00 +0800] "GET /xingrg/kc/base/wldb_order_add.html HTTP/1.1" 200 30508
116.227.208.21 - - [05/Feb/2021:10:02:00 +0800] "POST /xingrg/kc/base/wldb_order_operate.html HTTP/1.1" 200 6806
116.227.208.21 - - [05/Feb/2021:10:02:00 +0800] "GET /xingrg/javascript/easyui/themes/default/validatebox.css HTTP/1.1" 404 1104
116.227.208.21 - - [05/Feb/2021:10:02:02 +0800] "GET /xingrg/javascript/auto/indicator.gif HTTP/1.1" 404 1066
116.227.208.21 - - [05/Feb/2021:10:02:03 +0800] "GET /xingrg/javascript/jquery_tools/images/prev.gif HTTP/1.1" 404 1086
