114.88.166.193 - - [05/Feb/2021:09:22:37 +0800] "GET /xingrg/kc/buy/cgsh_order_operate.html?command=get_materiel&rest_code=00111&code=00101008256&supplier_code=00100005&order_time=2021-02-05 HTTP/1.1" 200 412
117.185.32.26 - - [05/Feb/2021:09:22:39 +0800] "GET /xingrg/all/function/internal_message.html?_=1612488174084&CODE_STATE=getMsg HTTP/1.1" 200 27
218.81.223.240 - - [05/Feb/2021:09:22:40 +0800] "GET /xingrg/kc/buy/cgsh_order_operate.html?command=get_materiel&rest_code=00146&code=00101008036&supplier_code=00100005&order_time=2021-02-05 HTTP/1.1" 200 408
116.230.72.231 - - [05/Feb/2021:09:22:41 +0800] "GET /xingrg/kc/buy/cgsh_order_operate.html?command=get_materiel&rest_code=00107&code=00101012051&supplier_code=00100033&order_time=2021-02-05 HTTP/1.1" 200 408
222.69.134.170 - - [05/Feb/2021:09:22:42 +0800] "GET /xingrg/all/function/internal_message.html?_=1612488155679&CODE_STATE=getMsg HTTP/1.1" 200 27
120.253.135.82 - - [05/Feb/2021:09:22:42 +0800] "GET /xingrg/all/function/internal_message.html?_=1612488265141&CODE_STATE=getMsg HTTP/1.1" 200 27
120.253.135.82 - - [05/Feb/2021:09:22:42 +0800] "GET /xingrg/check_reg.html?_=1612488265142 HTTP/1.1" 200 22
114.86.187.76 - - [05/Feb/2021:09:22:43 +0800] "GET /xingrg/all/function/internal_message.html?_=1612488165814&CODE_STATE=getMsg HTTP/1.1" 200 27
218.81.223.240 - - [05/Feb/2021:09:22:47 +0800] "GET /xingrg/all/function/internal_message.html?_=1612488187703&CODE_STATE=getMsg HTTP/1.1" 200 27
114.88.166.193 - - [05/Feb/2021:09:22:48 +0800] "GET /xingrg/kc/buy/cgsh_order_operate.html?command=get_materiel&rest_code=00111&code=00101008045&supplier_code=00100005&order_time=2021-02-05 HTTP/1.1" 200 412
120.253.135.82 - - [05/Feb/2021:09:22:49 +0800] "POST /xingrg/kc/pszx/mdps_order_operate.html HTTP/1.1" 200 37
120.253.135.82 - - [05/Feb/2021:09:22:50 +0800] "GET /xingrg/all/function/internal_message.html?_=1612488273149&CODE_STATE=getMsg HTTP/1.1" 200 27
120.253.135.82 - - [05/Feb/2021:09:22:50 +0800] "GET /xingrg/check_reg.html?_=1612488273149 HTTP/1.1" 200 22
120.253.135.82 - - [05/Feb/2021:09:22:50 +0800] "GET /xingrg/kc/pszx/mdps_order_info.html?code=312021020500182 HTTP/1.1" 200 23881
120.253.135.82 - - [05/Feb/2021:09:22:51 +0800] "POST /xingrg/kc/pszx/mdps_order_operate.html HTTP/1.1" 200 4254
120.253.135.82 - - [05/Feb/2021:09:22:51 +0800] "GET /xingrg/javascript/easyui/themes/default/validatebox.css HTTP/1.1" 404 1104
218.81.223.240 - - [05/Feb/2021:09:22:52 +0800] "GET /xingrg/kc/buy/cgsh_order_operate.html?command=get_materiel&rest_code=00146&code=00101008006&supplier_code=00100005&order_time=2021-02-05 HTTP/1.1" 200 417
120.253.135.82 - - [05/Feb/2021:09:22:53 +0800] "POST /xingrg/kc/pszx/mdps_list_operate.html HTTP/1.1" 200 1685
120.253.135.82 - - [05/Feb/2021:09:22:53 +0800] "GET /xingrg/all/function/internal_message.html?_=1612488208168&CODE_STATE=getMsg HTTP/1.1" 200 27
120.253.135.82 - - [05/Feb/2021:09:22:56 +0800] "GET /xingrg/check_reg.html?_=1612488279253 HTTP/1.1" 200 22
116.230.72.231 - - [05/Feb/2021:09:22:56 +0800] "GET /xingrg/kc/buy/cgsh_order_operate.html?command=get_materiel&rest_code=00107&code=00101012030&supplier_code=00100033&order_time=2021-02-05 HTTP/1.1" 200 416
116.227.208.21 - - [05/Feb/2021:09:22:57 +0800] "GET /xingrg/all/function/internal_message.html?_=1612488175788&CODE_STATE=getMsg HTTP/1.1" 200 27
114.88.166.193 - - [05/Feb/2021:09:22:58 +0800] "GET /xingrg/kc/buy/cgsh_order_operate.html?command=get_materiel&rest_code=00111&code=00101008234&supplier_code=00100005&order_time=2021-02-05 HTTP/1.1" 200 408
180.169.147.146 - - [05/Feb/2021:09:22:59 +0800] "GET /xingrg/check_reg.html?_=1612488175818 HTTP/1.1" 200 22
180.169.147.146 - - [05/Feb/2021:09:22:59 +0800] "GET /xingrg/all/function/internal_message.html?_=1612488175817&CODE_STATE=getMsg HTTP/1.1" 200 27
218.81.223.240 - - [05/Feb/2021:09:23:02 +0800] "GET /xingrg/kc/buy/cgsh_order_operate.html?command=get_materiel&rest_code=00146&code=00101008131&supplier_code=00100005&order_time=2021-02-05 HTTP/1.1" 200 408
120.253.135.82 - - [05/Feb/2021:09:23:04 +0800] "POST /xingrg/kc/pszx/mdps_list_operate.html HTTP/1.1" 200 868
218.81.223.240 - - [05/Feb/2021:09:23:05 +0800] "POST /xingrg/kc/buy/cgsh_order_operate.html HTTP/1.1" 200 2065
120.253.135.82 - - [05/Feb/2021:09:23:07 +0800] "GET /xingrg/kc/pszx/mdps_order_add.html HTTP/1.1" 200 29131
114.88.166.193 - - [05/Feb/2021:09:23:07 +0800] "GET /xingrg/kc/buy/cgsh_order_operate.html?command=get_materiel&rest_code=00111&code=00101008110&supplier_code=00100005&order_time=2021-02-05 HTTP/1.1" 200 408
120.253.135.82 - - [05/Feb/2021:09:23:07 +0800] "POST /xingrg/kc/pszx/mdps_order_operate.html HTTP/1.1" 200 7126
120.253.135.82 - - [05/Feb/2021:09:23:08 +0800] "GET /xingrg/javascript/easyui/themes/default/validatebox.css HTTP/1.1" 404 1104
116.230.72.231 - - [05/Feb/2021:09:23:09 +0800] "GET /xingrg/kc/buy/cgsh_order_operate.html?command=get_materiel&rest_code=00107&code=00101010136&supplier_code=00100033&order_time=2021-02-05 HTTP/1.1" 200 408
58.40.7.146 - - [05/Feb/2021:09:23:13 +0800] "GET /xingrg/all/function/internal_message.html?_=1612488191413&CODE_STATE=getMsg HTTP/1.1" 200 27
218.81.223.240 - - [05/Feb/2021:09:23:13 +0800] "GET /xingrg/kc/buy/cgsh_order_operate.html?command=get_materiel&rest_code=00146&code=00101008296&supplier_code=00100005&order_time=2021-02-05 HTTP/1.1" 200 416
58.40.7.146 - - [05/Feb/2021:09:23:13 +0800] "GET /xingrg/all/function/internal_message.html?_=1612488191866&CODE_STATE=getMsg HTTP/1.1" 200 27
120.253.135.82 - - [05/Feb/2021:09:23:17 +0800] "GET /xingrg/check_reg.html?_=1612488300686 HTTP/1.1" 200 22
120.253.135.82 - - [05/Feb/2021:09:23:17 +0800] "POST /xingrg/all/common/load_combo.html?type=base HTTP/1.1" 200 984
120.253.135.82 - - [05/Feb/2021:09:23:19 +0800] "GET /xingrg/all/function/internal_message.html?_=1612487961917&CODE_STATE=getMsg HTTP/1.1" 200 27
114.88.166.193 - - [05/Feb/2021:09:23:21 +0800] "GET /xingrg/all/function/internal_message.html?_=1612488198605&CODE_STATE=getMsg HTTP/1.1" 200 27
61.165.42.208 - - [05/Feb/2021:09:23:23 +0800] "GET /xingrg/all/function/internal_message.html?_=1612488204660&CODE_STATE=getMsg HTTP/1.1" 200 27
218.81.223.240 - - [05/Feb/2021:09:23:24 +0800] "GET /xingrg/kc/buy/cgsh_order_operate.html?command=get_materiel&rest_code=00146&code=00101008098&supplier_code=00100005&order_time=2021-02-05 HTTP/1.1" 200 412
114.88.166.193 - - [05/Feb/2021:09:23:25 +0800] "POST /xingrg/kc/buy/cgsh_order_operate.html HTTP/1.1" 200 2065
116.230.72.231 - - [05/Feb/2021:09:23:27 +0800] "GET /xingrg/kc/buy/cgsh_order_operate.html?command=get_materiel&rest_code=00107&code=00101010248&supplier_code=00100033&order_time=2021-02-05 HTTP/1.1" 200 430
180.169.147.146 - - [05/Feb/2021:09:23:29 +0800] "POST /xingrg/all/user/operate.html HTTP/1.1" 200 36
180.169.147.146 - - [05/Feb/2021:09:23:29 +0800] "GET /xingrg/index.html?sysBaseUrl=http%3A%2F%2F180.169.147.146%3A18081%2Fxingrg%2F&costTime=74×tamp=1612486981218 HTTP/1.1" 200 17503
180.169.147.146 - - [05/Feb/2021:09:23:29 +0800] "GET /xingrg/javascript/jquery_easy_ui/themes/default/easyui.css HTTP/1.1" 304 -
180.169.147.146 - - [05/Feb/2021:09:23:29 +0800] "GET /xingrg/javascript/jquery_easy_ui/themes/icon.css HTTP/1.1" 304 -
180.169.147.146 - - [05/Feb/2021:09:23:29 +0800] "GET /xingrg/css/form.css HTTP/1.1" 304 -
180.169.147.146 - - [05/Feb/2021:09:23:29 +0800] "GET /xingrg/javascript/jquery-1.4.2.min.js HTTP/1.1" 304 -
180.169.147.146 - - [05/Feb/2021:09:23:29 +0800] "GET /xingrg/javascript/jquery_easy_ui/jquery.easyui.min.js HTTP/1.1" 304 -
180.169.147.146 - - [05/Feb/2021:09:23:29 +0800] "GET /xingrg/javascript/jquery_easy_ui/easyui-lang-zh_CN.js HTTP/1.1" 304 -
180.169.147.146 - - [05/Feb/2021:09:23:29 +0800] "GET /xingrg/javascript/jquery.form.js HTTP/1.1" 304 -
180.169.147.146 - - [05/Feb/2021:09:23:29 +0800] "GET /xingrg/javascript/jquery.utils.js HTTP/1.1" 304 -
180.169.147.146 - - [05/Feb/2021:09:23:29 +0800] "GET /xingrg/javascript/jquery.timers.js HTTP/1.1" 304 -
180.169.147.146 - - [05/Feb/2021:09:23:29 +0800] "GET /xingrg/images/blue/jxLogo.png HTTP/1.1" 304 -
180.169.147.146 - - [05/Feb/2021:09:23:29 +0800] "GET /xingrg/images/blue/navBackgound.jpg HTTP/1.1" 304 -
180.169.147.146 - - [05/Feb/2021:09:23:29 +0800] "GET /xingrg/javascript/jquery_easy_ui/themes/icons/settle_new.png HTTP/1.1" 304 -
180.169.147.146 - - [05/Feb/2021:09:23:29 +0800] "POST /xingrg/all/common/load_tree.html?tree=area_rest_tree_json&manage=1 HTTP/1.1" 200 3216
180.169.147.146 - - [05/Feb/2021:09:23:29 +0800] "GET /xingrg/all/function/internal_message.html?_=1612488209178&CODE_STATE=count HTTP/1.1" 200 11
180.169.147.146 - - [05/Feb/2021:09:23:29 +0800] "GET /xingrg/check_reg.html?_=1612488209179 HTTP/1.1" 200 22
180.169.147.146 - - [05/Feb/2021:09:23:29 +0800] "GET /xingrg/javascript/jquery_easy_ui/themes/default/images/panel_tool_collapse.gif HTTP/1.1" 304 -
180.169.147.146 - - [05/Feb/2021:09:23:29 +0800] "GET /xingrg/javascript/jquery_easy_ui/themes/default/images/tabs_leftarrow.png HTTP/1.1" 304 -
180.169.147.146 - - [05/Feb/2021:09:23:29 +0800] "GET /xingrg/javascript/jquery_easy_ui/themes/default/images/panel_tool_expand.gif HTTP/1.1" 304 -
180.169.147.146 - - [05/Feb/2021:09:23:29 +0800] "GET /xingrg/images/blue/pingpu.png HTTP/1.1" 304 -
180.169.147.146 - - [05/Feb/2021:09:23:29 +0800] "GET /xingrg/javascript/jquery_easy_ui/themes/default/images/tabs_rightarrow.png HTTP/1.1" 304 -
180.169.147.146 - - [05/Feb/2021:09:23:29 +0800] "POST /xingrg/load_menu.html HTTP/1.1" 200 9959
180.169.147.146 - - [05/Feb/2021:09:23:30 +0800] "GET /xingrg/kc/report/report_main.html HTTP/1.1" 200 7345
180.169.147.146 - - [05/Feb/2021:09:23:32 +0800] "GET /xingrg/kc/base/crk_hz.html HTTP/1.1" 200 11247
180.169.147.146 - - [05/Feb/2021:09:23:32 +0800] "POST /xingrg/kc/cost/cost_operate.html?command=get_base_tree HTTP/1.1" 200 2450
180.169.147.146 - - [05/Feb/2021:09:23:32 +0800] "POST /xingrg/all/common/load_tree.html?tree=materiel_sort_tree_json HTTP/1.1" 200 8666
114.88.166.193 - - [05/Feb/2021:09:23:32 +0800] "GET /xingrg/kc/buy/cgsh_order_operate.html?command=get_materiel&rest_code=00111&code=00101008163&supplier_code=00100005&order_time=2021-02-05 HTTP/1.1" 200 409
116.224.253.72 - - [05/Feb/2021:09:23:33 +0800] "GET /xingrg/all/function/internal_message.html?_=1612488199738&CODE_STATE=getMsg HTTP/1.1" 200 27
218.81.223.240 - - [05/Feb/2021:09:23:34 +0800] "GET /xingrg/kc/buy/cgsh_order_operate.html?command=get_materiel&rest_code=00146&code=00101008353&supplier_code=00100005&order_time=2021-02-05 HTTP/1.1" 200 408
120.253.135.82 - - [05/Feb/2021:09:23:34 +0800] "GET /xingrg/kc/pszx/mdps_order_operate.html?command=get_materiel&pszx_code=00101&rest_code=00149&base_code=0010250&code=00102008024 HTTP/1.1" 200 419
116.230.72.231 - - [05/Feb/2021:09:23:35 +0800] "GET /xingrg/all/function/internal_message.html?_=1612488206473&CODE_STATE=getMsg HTTP/1.1" 200 27
58.37.230.33 - - [05/Feb/2021:09:23:36 +0800] "GET /xingrg/all/function/internal_message.html?_=1612488231455&CODE_STATE=getMsg HTTP/1.1" 200 27
116.224.253.72 - - [05/Feb/2021:09:23:36 +0800] "GET /xingrg/all/function/internal_message.html?_=1612488215738&CODE_STATE=getMsg HTTP/1.1" 200 27
180.169.147.146 - - [05/Feb/2021:09:23:37 +0800] "GET /xingrg/all/common/get_data_part.html?part=previousMonth&_=1612488216910 HTTP/1.1" 200 41
117.184.7.26 - - [05/Feb/2021:09:23:37 +0800] "GET /xingrg/all/function/internal_message.html?_=1612488190604&CODE_STATE=getMsg HTTP/1.1" 200 27
117.185.32.26 - - [05/Feb/2021:09:23:39 +0800] "GET /xingrg/all/function/internal_message.html?_=1612488234084&CODE_STATE=getMsg HTTP/1.1" 200 27
222.69.134.170 - - [05/Feb/2021:09:23:42 +0800] "GET /xingrg/all/function/internal_message.html?_=1612488215652&CODE_STATE=getMsg HTTP/1.1" 200 27
120.253.135.82 - - [05/Feb/2021:09:23:42 +0800] "GET /xingrg/all/function/internal_message.html?_=1612488325146&CODE_STATE=getMsg HTTP/1.1" 200 27
114.88.166.193 - - [05/Feb/2021:09:23:42 +0800] "GET /xingrg/kc/buy/cgsh_order_operate.html?command=get_materiel&rest_code=00111&code=00101008355&supplier_code=00100005&order_time=2021-02-05 HTTP/1.1" 200 408
218.81.223.240 - - [05/Feb/2021:09:23:42 +0800] "GET /xingrg/kc/buy/cgsh_order_operate.html?command=get_materiel&rest_code=00146&code=00101008213&supplier_code=00100005&order_time=2021-02-05 HTTP/1.1" 200 412
114.86.187.76 - - [05/Feb/2021:09:23:43 +0800] "GET /xingrg/all/function/internal_message.html?_=1612488225821&CODE_STATE=getMsg HTTP/1.1" 200 27
114.86.187.76 - - [05/Feb/2021:09:23:43 +0800] "GET /xingrg/check_reg.html?_=1612488225833 HTTP/1.1" 200 22
116.230.72.231 - - [05/Feb/2021:09:23:45 +0800] "GET /xingrg/kc/buy/cgsh_order_operate.html?command=get_materiel&rest_code=00107&code=00101010384&supplier_code=00100033&order_time=2021-02-05 HTTP/1.1" 200 394
116.227.208.21 - - [05/Feb/2021:09:23:46 +0800] "GET /xingrg/kc/base/wldb_order_operate.html?command=get_materiel&rest_code=00155&base_code=0010740&code=00102001138 HTTP/1.1" 200 440
218.81.223.240 - - [05/Feb/2021:09:23:47 +0800] "GET /xingrg/all/function/internal_message.html?_=1612488247717&CODE_STATE=getMsg HTTP/1.1" 200 27
120.253.135.82 - - [05/Feb/2021:09:23:50 +0800] "GET /xingrg/all/function/internal_message.html?_=1612488333147&CODE_STATE=getMsg HTTP/1.1" 200 27
120.253.135.82 - - [05/Feb/2021:09:23:51 +0800] "GET /xingrg/kc/pszx/mdps_order_operate.html?command=get_materiel&pszx_code=00101&rest_code=00149&base_code=0010250&code=00102003629 HTTP/1.1" 200 409
180.169.147.146 - - [05/Feb/2021:09:23:53 +0800] "GET /xingrg/kc/base/crk_hz.html?_=1612488232839&command=get_cost_id&end_date=2021-01-31&start_date=2021-01-01 HTTP/1.1" 200 51
180.169.147.146 - - [05/Feb/2021:09:23:53 +0800] "GET /xingrg/all/report/report_query.html?isQuery=1&onlyBody=1&rh=99999&rw=1800&varString=start:20210101,cost_id:2959,mid:20210101&fileName=kc/base/crk_hz_type_by_base.xml&queryString=%20a.base_code%20in%20('0010233','0010235','0010237','0010239','0010404','0010408','0010409')%20&queryText=ÈÕÆÚ£º2021-01-01ÖÁ2021-01-31%20²Ö¿â£ºº£ÏʳØ,º£ÅÉ,ÉÕ±,µãÐÄ,ÔÁ²Ë,Àä²Ë,´ÌÉí&tableQueryString=materiel_table$sp1$$sp$before_table$sp1$$sp$crk_table$sp1$order_day%20between%2020210101%20and%2020210131 HTTP/1.1" 200 49490
180.169.147.146 - - [05/Feb/2021:09:23:53 +0800] "GET /xingrg/dwr/interface/AjaxReportQueryService.js HTTP/1.1" 200 13203
180.169.147.146 - - [05/Feb/2021:09:23:53 +0800] "GET /xingrg/dwr/engine.js HTTP/1.1" 200 43631
120.253.135.82 - - [05/Feb/2021:09:23:53 +0800] "GET /xingrg/all/function/internal_message.html?_=1612488268185&CODE_STATE=getMsg HTTP/1.1" 200 27
218.81.223.240 - - [05/Feb/2021:09:23:53 +0800] "GET /xingrg/kc/buy/cgsh_order_operate.html?command=get_materiel&rest_code=00146&code=00101016122&supplier_code=00100005&order_time=2021-02-05 HTTP/1.1" 200 395
180.169.147.146 - - [05/Feb/2021:09:23:54 +0800] "POST /xingrg/all/report/load_report_page.html HTTP/1.1" 200 238698
180.169.147.146 - - [05/Feb/2021:09:23:54 +0800] "GET /xingrg/servlets/image?cache=0.5213923227763912&image=px HTTP/1.1" 200 807
116.227.208.21 - - [05/Feb/2021:09:23:54 +0800] "GET /xingrg/kc/base/wldb_order_operate.html?command=get_materiel&rest_code=00155&base_code=0010740&code=00102011049 HTTP/1.1" 200 435
180.169.147.146 - - [05/Feb/2021:09:23:57 +0800] "GET /xingrg/kc/base/crk_hz.html?_=1612488236785&command=get_cost_id&end_date=2021-01-31&start_date=2021-01-01 HTTP/1.1" 200 51
180.169.147.146 - - [05/Feb/2021:09:23:57 +0800] "GET /xingrg/all/report/report_query.html?isQuery=1&onlyBody=1&rh=99999&rw=1800&varString=start:20210101,cost_id:2959,mid:20210101&fileName=kc/base/crk_hz_type_by_base.xml&queryString=%20a.base_code%20in%20('0010233','0010235','0010237','0010239','0010404','0010408','0010409')%20%20and%20m.sort_code%20in%20('00101001','00101002','00101003','00101004','00101005','00101006','00101007','00101008','00101009','00101010','00101011','00101012','00101013','00101014','00101015','00101016','00101017','00101018','00101019','00101020','00101021','00101022','00101023','00101024','00101025','00101026','00101027','00101028','00101029','00101030','00101031','00101032','00101033','00101034','00101036','00101037','00101038','00101039')%20&queryText=ÈÕÆÚ£º2021-01-01ÖÁ2021-01-31%20²Ö¿â£ºº£ÏʳØ,º£ÅÉ,ÉÕ±,µãÐÄ,ÔÁ²Ë,Àä²Ë,´ÌÉí&tableQueryString=materiel_table$sp1$$sp$before_table$sp1$$sp$crk_table$sp1$order_day%20between%2020210101%20and%2020210131 HTTP/1.1" 200 49930
180.169.147.146 - - [05/Feb/2021:09:23:57 +0800] "GET /xingrg/dwr/interface/AjaxReportQueryService.js HTTP/1.1" 200 13203
180.169.147.146 - - [05/Feb/2021:09:23:57 +0800] "GET /xingrg/dwr/engine.js HTTP/1.1" 200 43631
116.230.72.231 - - [05/Feb/2021:09:23:57 +0800] "GET /xingrg/kc/buy/cgsh_order_operate.html?command=get_materiel&rest_code=00107&code=00101012025&supplier_code=00100033&order_time=2021-02-05 HTTP/1.1" 200 412
116.227.208.21 - - [05/Feb/2021:09:23:57 +0800] "GET /xingrg/all/function/internal_message.html?_=1612488235785&CODE_STATE=getMsg HTTP/1.1" 200 27
180.169.147.146 - - [05/Feb/2021:09:23:58 +0800] "POST /xingrg/all/report/load_report_page.html HTTP/1.1" 200 238638
180.169.147.146 - - [05/Feb/2021:09:23:58 +0800] "GET /xingrg/servlets/image?cache=0.8525030778692975&image=px HTTP/1.1" 200 807
180.169.147.146 - - [05/Feb/2021:09:23:59 +0800] "GET /xingrg/all/function/internal_message.html?_=1612488235816&CODE_STATE=getMsg HTTP/1.1" 200 27
218.81.223.240 - - [05/Feb/2021:09:24:00 +0800] "POST /xingrg/kc/buy/cgsh_order_operate.html HTTP/1.1" 200 2065
120.253.135.82 - - [05/Feb/2021:09:24:05 +0800] "GET /xingrg/kc/pszx/mdps_order_operate.html?command=get_materiel&pszx_code=00101&rest_code=00149&base_code=0010250&code=00102003630 HTTP/1.1" 200 414
114.88.166.193 - - [05/Feb/2021:09:24:08 +0800] "GET /xingrg/kc/buy/cgsh_order_operate.html?command=get_materiel&rest_code=00111&code=00101008264&supplier_code=00100005&order_time=2021-02-05 HTTP/1.1" 200 412
116.230.72.231 - - [05/Feb/2021:09:24:09 +0800] "GET /xingrg/kc/buy/cgsh_order_operate.html?command=get_materiel&rest_code=00107&code=00101012024&supplier_code=00100033&order_time=2021-02-05 HTTP/1.1" 200 408
222.69.134.170 - - [05/Feb/2021:09:24:10 +0800] "POST /xingrg/services/DataTransmitService HTTP/1.1" 200 524
58.40.7.146 - - [05/Feb/2021:09:24:13 +0800] "GET /xingrg/check_reg.html?_=1612488251416 HTTP/1.1" 200 22
58.40.7.146 - - [05/Feb/2021:09:24:13 +0800] "GET /xingrg/all/function/internal_message.html?_=1612488251418&CODE_STATE=getMsg HTTP/1.1" 200 27
58.40.7.146 - - [05/Feb/2021:09:24:13 +0800] "GET /xingrg/all/function/internal_message.html?_=1612488251869&CODE_STATE=getMsg HTTP/1.1" 200 27
222.69.134.170 - - [05/Feb/2021:09:24:13 +0800] "POST /xingrg/services/DataTransmitService HTTP/1.1" 200 501
114.88.166.193 - - [05/Feb/2021:09:24:17 +0800] "GET /xingrg/kc/buy/cgsh_order_operate.html?command=get_materiel&rest_code=00111&code=00102005378&supplier_code=00100005&order_time=2021-02-05 HTTP/1.1" 200 412
180.169.147.146 - - [05/Feb/2021:09:24:18 +0800] "GET /xingrg/all/report/report_query.html?isQuery=1&fileName=kc/base/crk_detail_by_small.xml&rh=99999&queryString=&queryText=%25E3%2580%2590%25E4%25BB%2593%25E5%25BA%2593%25E5%2590%258D%25E7%25A7%25B0%253A%25E6%25B5%25B7%25E9%25B2%259C%25E6%25B1%25A0%25E3%2580%2591%25E3%2580%2590%25E4%25B8%259A%25E5%258A%25A1%25E7%25B1%25BB%25E5%259E%258B%25EF%25BC%259A%25E5%25BC%2582%25E5%25BA%2597%25E8%25B0%2583%25E5%2585%25A5%25E3%2580%2591%2520%253F%253F%253F%253F%253F2021-01-01%253F%253F2021-01-31%2520%253F%253F%253F%253F%253F%253F%253F%253F%252C%253F%253F%253F%253F%252C%253F%253F%25C2%25B1%252C%253F%253F%253F%253F%252C%253F%253F%253F%253F%252C%253F%253F%253F%252C%253F%253F%253F%253F&tableQueryString=crk_table%2524sp1%2524order_day%2520between%252020210101%2520and%252020210131%2520and%2520(base_code%253D'0010233')%2520and%2520(src_order_type%2520in%2520(48))%2520and%2520(is_rk%2520in%2520(1)) HTTP/1.1" 200 53842
180.169.147.146 - - [05/Feb/2021:09:24:19 +0800] "GET /xingrg/dwr/interface/AjaxReportQueryService.js HTTP/1.1" 200 13203
180.169.147.146 - - [05/Feb/2021:09:24:19 +0800] "GET /xingrg/dwr/engine.js HTTP/1.1" 200 43631
120.253.135.82 - - [05/Feb/2021:09:24:19 +0800] "GET /xingrg/all/function/internal_message.html?_=1612488021930&CODE_STATE=getMsg HTTP/1.1" 200 27
180.169.147.146 - - [05/Feb/2021:09:24:19 +0800] "POST /xingrg/all/report/load_report_page.html HTTP/1.1" 200 11714
180.169.147.146 - - [05/Feb/2021:09:24:19 +0800] "GET /xingrg/servlets/image?cache=0.7286554308567192&image=px HTTP/1.1" 200 807
116.224.253.72 - - [05/Feb/2021:09:24:20 +0800] "GET /xingrg/check_reg.html?_=1612488247528 HTTP/1.1" 200 22
114.88.166.193 - - [05/Feb/2021:09:24:21 +0800] "GET /xingrg/all/function/internal_message.html?_=1612488258618&CODE_STATE=getMsg HTTP/1.1" 200 27
120.253.135.82 - - [05/Feb/2021:09:24:21 +0800] "GET /xingrg/kc/pszx/mdps_order_operate.html?command=get_materiel&pszx_code=00101&rest_code=00149&base_code=0010250&code=00101034106 HTTP/1.1" 200 414
116.230.72.231 - - [05/Feb/2021:09:24:21 +0800] "POST /xingrg/kc/buy/cgsh_order_operate.html HTTP/1.1" 200 37
61.165.42.208 - - [05/Feb/2021:09:24:23 +0800] "GET /xingrg/all/function/internal_message.html?_=1612488264661&CODE_STATE=getMsg HTTP/1.1" 200 27
114.88.166.193 - - [05/Feb/2021:09:24:23 +0800] "GET /xingrg/kc/buy/cgsh_order_operate.html?command=get_materiel&rest_code=00111&code=00101008360&supplier_code=00100005&order_time=2021-02-05 HTTP/1.1" 200 413
116.230.72.231 - - [05/Feb/2021:09:24:23 +0800] "POST /xingrg/kc/buy/cgsh_order_operate.html HTTP/1.1" 200 6808
114.88.166.193 - - [05/Feb/2021:09:24:25 +0800] "POST /xingrg/kc/buy/cgsh_order_operate.html HTTP/1.1" 200 2065
180.169.147.146 - - [05/Feb/2021:09:24:26 +0800] "GET /xingrg/all/report/report_query.html?isQuery=1&fileName=kc/base/crk_detail_by_small.xml&rh=99999&queryString=&queryText=%25E3%2580%2590%25E4%25BB%2593%25E5%25BA%2593%25E5%2590%258D%25E7%25A7%25B0%253A%25E6%25B5%25B7%25E9%25B2%259C%25E6%25B1%25A0%25E3%2580%2591%25E3%2580%2590%25E4%25B8%259A%25E5%258A%25A1%25E7%25B1%25BB%25E5%259E%258B%25EF%25BC%259A%25E8%25B0%2583%25E5%25BE%2580%25E5%25BC%2582%25E5%25BA%2597%25E3%2580%2591%2520%253F%253F%253F%253F%253F2021-01-01%253F%253F2021-01-31%2520%253F%253F%253F%253F%253F%253F%253F%253F%252C%253F%253F%253F%253F%252C%253F%253F%25C2%25B1%252C%253F%253F%253F%253F%252C%253F%253F%253F%253F%252C%253F%253F%253F%252C%253F%253F%253F%253F&tableQueryString=crk_table%2524sp1%2524order_day%2520between%252020210101%2520and%252020210131%2520and%2520(base_code%253D'0010233')%2520and%2520(src_order_type%2520in%2520(48))%2520and%2520(is_rk%2520in%2520(0)) HTTP/1.1" 200 53842
180.169.147.146 - - [05/Feb/2021:09:24:26 +0800] "GET /xingrg/dwr/interface/AjaxReportQueryService.js HTTP/1.1" 200 13203
180.169.147.146 - - [05/Feb/2021:09:24:26 +0800] "GET /xingrg/dwr/engine.js HTTP/1.1" 200 43631
180.169.147.146 - - [05/Feb/2021:09:24:26 +0800] "POST /xingrg/all/report/load_report_page.html HTTP/1.1" 200 18285
180.169.147.146 - - [05/Feb/2021:09:24:26 +0800] "GET /xingrg/servlets/image?cache=0.38575129820092835&image=px HTTP/1.1" 200 807
116.230.72.231 - - [05/Feb/2021:09:24:28 +0800] "GET /xingrg/kc/print/load_data.html?order_code=212021020502024&kc_code=cgsh&condition= HTTP/1.1" 200 2293
180.169.147.146 - - [05/Feb/2021:09:24:29 +0800] "GET /xingrg/all/function/internal_message.html?_=1612488269191&CODE_STATE=getMsg HTTP/1.1" 200 27
222.69.134.170 - - [05/Feb/2021:09:24:31 +0800] "POST /xingrg/services/DataTransmitService HTTP/1.1" 200 524
116.224.253.72 - - [05/Feb/2021:09:24:33 +0800] "GET /xingrg/all/function/internal_message.html?_=1612488259742&CODE_STATE=getMsg HTTP/1.1" 200 27
116.227.208.21 - - [05/Feb/2021:09:24:34 +0800] "GET /xingrg/kc/base/wldb_order_operate.html?command=get_materiel&rest_code=00155&base_code=0010740&code=00102024027 HTTP/1.1" 200 439
116.230.72.231 - - [05/Feb/2021:09:24:35 +0800] "GET /xingrg/all/function/internal_message.html?_=1612488266449&CODE_STATE=getMsg HTTP/1.1" 200 27
58.37.230.33 - - [05/Feb/2021:09:24:36 +0800] "GET /xingrg/all/function/internal_message.html?_=1612488291464&CODE_STATE=getMsg HTTP/1.1" 200 27
116.224.253.72 - - [05/Feb/2021:09:24:36 +0800] "GET /xingrg/all/function/internal_message.html?_=1612488275738&CODE_STATE=getMsg HTTP/1.1" 200 27
117.184.7.26 - - [05/Feb/2021:09:24:37 +0800] "GET /xingrg/all/function/internal_message.html?_=1612488250605&CODE_STATE=getMsg HTTP/1.1" 200 27
180.169.147.146 - - [05/Feb/2021:09:24:37 +0800] "GET /xingrg/all/report/report_query.html?isQuery=1&fileName=kc/base/crk_detail_by_small.xml&rh=99999&queryString=&queryText=%25E3%2580%2590%25E4%25BB%2593%25E5%25BA%2593%25E5%2590%258D%25E7%25A7%25B0%253A%25E6%25B5%25B7%25E9%25B2%259C%25E6%25B1%25A0%25E3%2580%2591%25E3%2580%2590%25E4%25B8%259A%25E5%258A%25A1%25E7%25B1%25BB%25E5%259E%258B%25EF%25BC%259A%25E5%2586%2585%25E9%2583%25A8%25E8%25B0%2583%25E5%2587%25BA%25E3%2580%2591%2520%253F%253F%253F%253F%253F2021-01-01%253F%253F2021-01-31%2520%253F%253F%253F%253F%253F%253F%253F%253F%252C%253F%253F%253F%253F%252C%253F%253F%25C2%25B1%252C%253F%253F%253F%253F%252C%253F%253F%253F%253F%252C%253F%253F%253F%252C%253F%253F%253F%253F&tableQueryString=crk_table%2524sp1%2524order_day%2520between%252020210101%2520and%252020210131%2520and%2520(base_code%253D'0010233')%2520and%2520(src_order_type%2520in%2520(42))%2520and%2520(is_rk%2520in%2520(0)) HTTP/1.1" 200 53842
116.230.72.231 - - [05/Feb/2021:09:24:37 +0800] "GET /xingrg/kc/buy/cgsh_order_add.html HTTP/1.1" 200 62192
180.169.147.146 - - [05/Feb/2021:09:24:37 +0800] "GET /xingrg/dwr/interface/AjaxReportQueryService.js HTTP/1.1" 200 13203
180.169.147.146 - - [05/Feb/2021:09:24:37 +0800] "GET /xingrg/dwr/engine.js HTTP/1.1" 200 43631
180.169.147.146 - - [05/Feb/2021:09:24:38 +0800] "POST /xingrg/all/report/load_report_page.html HTTP/1.1" 200 18282
180.169.147.146 - - [05/Feb/2021:09:24:38 +0800] "GET /xingrg/servlets/image?cache=0.7858324078207186&image=px HTTP/1.1" 200 807
116.230.72.231 - - [05/Feb/2021:09:24:38 +0800] "GET /xingrg/javascript/easyui/themes/default/validatebox.css HTTP/1.1" 404 1104
116.230.72.231 - - [05/Feb/2021:09:24:38 +0800] "POST /xingrg/kc/buy/cgsh_order_operate.html HTTP/1.1" 200 8245
117.185.32.26 - - [05/Feb/2021:09:24:39 +0800] "GET /xingrg/check_reg.html?_=1612488294083 HTTP/1.1" 200 22
117.185.32.26 - - [05/Feb/2021:09:24:39 +0800] "GET /xingrg/all/function/internal_message.html?_=1612488294085&CODE_STATE=getMsg HTTP/1.1" 200 27
222.69.134.170 - - [05/Feb/2021:09:24:42 +0800] "GET /xingrg/all/function/internal_message.html?_=1612488275633&CODE_STATE=getMsg HTTP/1.1" 200 27
120.253.135.82 - - [05/Feb/2021:09:24:42 +0800] "GET /xingrg/all/function/internal_message.html?_=1612488385158&CODE_STATE=getMsg HTTP/1.1" 200 27
218.81.223.240 - - [05/Feb/2021:09:24:42 +0800] "GET /xingrg/kc/buy/cgsh_order_operate.html?command=get_materiel&rest_code=00146&code=00101008305&supplier_code=00100005&order_time=2021-02-05 HTTP/1.1" 200 412
116.227.208.21 - - [05/Feb/2021:09:24:43 +0800] "GET /xingrg/kc/base/wldb_order_operate.html?command=get_materiel&rest_code=00155&base_code=0010740&code=00102024009 HTTP/1.1" 200 453
114.86.187.76 - - [05/Feb/2021:09:24:43 +0800] "GET /xingrg/all/function/internal_message.html?_=1612488285820&CODE_STATE=getMsg HTTP/1.1" 200 27
218.81.223.240 - - [05/Feb/2021:09:24:47 +0800] "GET /xingrg/all/function/internal_message.html?_=1612488307731&CODE_STATE=getMsg HTTP/1.1" 200 27
120.253.135.82 - - [05/Feb/2021:09:24:50 +0800] "GET /xingrg/all/function/internal_message.html?_=1612488393151&CODE_STATE=getMsg HTTP/1.1" 200 27
120.253.135.82 - - [05/Feb/2021:09:24:52 +0800] "GET /xingrg/check_reg.html?_=1612488394928 HTTP/1.1" 200 22
114.88.166.193 - - [05/Feb/2021:09:24:52 +0800] "GET /xingrg/kc/buy/cgsh_order_operate.html?command=get_materiel&rest_code=00111&code=00101008357&supplier_code=00100005&order_time=2021-02-05 HTTP/1.1" 200 408
120.253.135.82 - - [05/Feb/2021:09:24:53 +0800] "GET /xingrg/all/function/internal_message.html?_=1612488328215&CODE_STATE=getMsg HTTP/1.1" 200 27
218.81.223.240 - - [05/Feb/2021:09:24:53 +0800] "GET /xingrg/kc/buy/cgsh_order_operate.html?command=get_materiel&rest_code=00146&code=00101008110&supplier_code=00100005&order_time=2021-02-05 HTTP/1.1" 200 408
116.227.208.21 - - [05/Feb/2021:09:24:57 +0800] "GET /xingrg/all/function/internal_message.html?_=1612488295787&CODE_STATE=getMsg HTTP/1.1" 200 27
116.227.208.21 - - [05/Feb/2021:09:24:57 +0800] "GET /xingrg/check_reg.html?_=1612488295792 HTTP/1.1" 200 22
116.230.72.231 - - [05/Feb/2021:09:24:57 +0800] "GET /xingrg/javascript/easyui/themes/default/tree.css HTTP/1.1" 404 1090
116.230.72.231 - - [05/Feb/2021:09:24:57 +0800] "POST /xingrg/all/common/load_tree.html?tree=supplier_tree_json&isDelete=1 HTTP/1.1" 200 54827
180.169.147.146 - - [05/Feb/2021:09:24:57 +0800] "GET /xingrg/all/report/report_query.html?isQuery=1&fileName=kc/base/crk_detail_by_small.xml&rh=99999&queryString=&queryText=%25E3%2580%2590%25E4%25BB%2593%25E5%25BA%2593%25E5%2590%258D%25E7%25A7%25B0%253A%25E6%25B5%25B7%25E6%25B4%25BE%25E3%2580%2591%25E3%2580%2590%25E4%25B8%259A%25E5%258A%25A1%25E7%25B1%25BB%25E5%259E%258B%25EF%25BC%259A%25E5%2586%2585%25E9%2583%25A8%25E8%25B0%2583%25E5%2585%25A5%25E3%2580%2591%2520%253F%253F%253F%253F%253F2021-01-01%253F%253F2021-01-31%2520%253F%253F%253F%253F%253F%253F%253F%253F%252C%253F%253F%253F%253F%252C%253F%253F%25C2%25B1%252C%253F%253F%253F%253F%252C%253F%253F%253F%253F%252C%253F%253F%253F%252C%253F%253F%253F%253F&tableQueryString=crk_table%2524sp1%2524order_day%2520between%252020210101%2520and%252020210131%2520and%2520(base_code%253D'0010235')%2520and%2520(src_order_type%2520in%2520(42))%2520and%2520(is_rk%2520in%2520(1)) HTTP/1.1" 200 53838
116.224.253.72 - - [05/Feb/2021:09:24:57 +0800] "GET /xingrg/kc/buy/cgsh_order_operate.html?command=get_materiel&rest_code=00151&code=00101008102&supplier_code=00100007&order_time=2021-02-05 HTTP/1.1" 200 413
180.169.147.146 - - [05/Feb/2021:09:24:58 +0800] "GET /xingrg/dwr/interface/AjaxReportQueryService.js HTTP/1.1" 200 13203
180.169.147.146 - - [05/Feb/2021:09:24:58 +0800] "GET /xingrg/dwr/engine.js HTTP/1.1" 200 43631
180.169.147.146 - - [05/Feb/2021:09:24:58 +0800] "POST /xingrg/all/report/load_report_page.html HTTP/1.1" 200 47721
180.169.147.146 - - [05/Feb/2021:09:24:58 +0800] "GET /xingrg/servlets/image?cache=0.8838745789337253&image=px HTTP/1.1" 200 807
116.227.208.21 - - [05/Feb/2021:09:24:58 +0800] "GET /xingrg/kc/base/wldb_order_operate.html?command=get_materiel&rest_code=00155&base_code=0010740&code=00102001054 HTTP/1.1" 200 447
180.169.147.146 - - [05/Feb/2021:09:24:59 +0800] "GET /xingrg/all/function/internal_message.html?_=1612488295814&CODE_STATE=getMsg HTTP/1.1" 200 27
114.88.166.193 - - [05/Feb/2021:09:25:02 +0800] "GET /xingrg/kc/buy/cgsh_order_operate.html?command=get_materiel&rest_code=00111&code=00101008286&supplier_code=00100005&order_time=2021-02-05 HTTP/1.1" 200 409
116.224.253.72 - - [05/Feb/2021:09:25:05 +0800] "GET /xingrg/kc/buy/cgsh_order_operate.html?command=get_materiel&rest_code=00151&code=00101008069&supplier_code=00100007&order_time=2021-02-05 HTTP/1.1" 200 412
218.81.223.240 - - [05/Feb/2021:09:25:06 +0800] "GET /xingrg/kc/buy/cgsh_order_operate.html?command=get_materiel&rest_code=00146&code=00101008306&supplier_code=00100005&order_time=2021-02-05 HTTP/1.1" 200 412
120.253.135.82 - - [05/Feb/2021:09:25:06 +0800] "GET /xingrg/kc/pszx/mdps_order_operate.html?command=get_materiel&pszx_code=00101&rest_code=00149&base_code=0010250&code=00101034107 HTTP/1.1" 200 414
58.40.7.146 - - [05/Feb/2021:09:25:13 +0800] "GET /xingrg/all/function/internal_message.html?_=1612488311405&CODE_STATE=getMsg HTTP/1.1" 200 27
58.40.7.146 - - [05/Feb/2021:09:25:13 +0800] "GET /xingrg/all/function/internal_message.html?_=1612488311871&CODE_STATE=getMsg HTTP/1.1" 200 27
114.88.166.193 - - [05/Feb/2021:09:25:15 +0800] "GET /xingrg/kc/buy/cgsh_order_operate.html?command=get_materiel&rest_code=00111&code=00101008036&supplier_code=00100005&order_time=2021-02-05 HTTP/1.1" 200 408
116.224.253.72 - - [05/Feb/2021:09:25:15 +0800] "POST /xingrg/kc/buy/cgsh_order_operate.html HTTP/1.1" 200 37
218.81.223.240 - - [05/Feb/2021:09:25:16 +0800] "GET /xingrg/kc/buy/cgsh_order_operate.html?command=get_materiel&rest_code=00146&code=00101013174&supplier_code=00100005&order_time=2021-02-05 HTTP/1.1" 200 420
116.224.253.72 - - [05/Feb/2021:09:25:16 +0800] "POST /xingrg/kc/buy/cgsh_order_operate.html HTTP/1.1" 200 20038
114.88.166.193 - - [05/Feb/2021:09:25:18 +0800] "POST /xingrg/kc/buy/cgsh_order_operate.html HTTP/1.1" 200 2065
120.253.135.82 - - [05/Feb/2021:09:25:19 +0800] "GET /xingrg/all/function/internal_message.html?_=1612488081943&CODE_STATE=getMsg HTTP/1.1" 200 27
222.69.134.170 - - [05/Feb/2021:09:25:20 +0800] "POST /xingrg/services/DataTransmitService HTTP/1.1" 200 501
222.69.134.170 - - [05/Feb/2021:09:25:20 +0800] "POST /xingrg/services/DataTransmitService HTTP/1.1" 200 501
114.88.166.193 - - [05/Feb/2021:09:25:21 +0800] "GET /xingrg/all/function/internal_message.html?_=1612488318632&CODE_STATE=getMsg HTTP/1.1" 200 27
116.224.253.72 - - [05/Feb/2021:09:25:22 +0800] "GET /xingrg/kc/buy/cgsh_order_operate.html?command=get_materiel&rest_code=00151&code=00101008036&supplier_code=00100007&order_time=2021-02-05 HTTP/1.1" 200 408
61.165.42.208 - - [05/Feb/2021:09:25:23 +0800] "GET /xingrg/all/function/internal_message.html?_=1612488324662&CODE_STATE=getMsg HTTP/1.1" 200 27
61.165.42.208 - - [05/Feb/2021:09:25:23 +0800] "GET /xingrg/check_reg.html?_=1612488324666 HTTP/1.1" 200 22
218.81.223.240 - - [05/Feb/2021:09:25:23 +0800] "GET /xingrg/kc/buy/cgsh_order_operate.html?command=get_materiel&rest_code=00146&code=00101013044&supplier_code=00100005&order_time=2021-02-05 HTTP/1.1" 200 428
180.169.147.146 - - [05/Feb/2021:09:25:27 +0800] "GET /xingrg/all/report/report_query.html?isQuery=1&fileName=kc/base/crk_detail_by_small.xml&rh=99999&queryString=&queryText=%25E3%2580%2590%25E4%25BB%2593%25E5%25BA%2593%25E5%2590%258D%25E7%25A7%25B0%253A%25E7%2583%25A7%25E5%258D%25A4%25E3%2580%2591%25E3%2580%2590%25E4%25B8%259A%25E5%258A%25A1%25E7%25B1%25BB%25E5%259E%258B%25EF%25BC%259A%25E5%2586%2585%25E9%2583%25A8%25E8%25B0%2583%25E5%2585%25A5%25E3%2580%2591%2520%253F%253F%253F%253F%253F2021-01-01%253F%253F2021-01-31%2520%253F%253F%253F%253F%253F%253F%253F%253F%252C%253F%253F%253F%253F%252C%253F%253F%25C2%25B1%252C%253F%253F%253F%253F%252C%253F%253F%253F%253F%252C%253F%253F%253F%252C%253F%253F%253F%253F&tableQueryString=crk_table%2524sp1%2524order_day%2520between%252020210101%2520and%252020210131%2520and%2520(base_code%253D'0010237')%2520and%2520(src_order_type%2520in%2520(42))%2520and%2520(is_rk%2520in%2520(1)) HTTP/1.1" 200 53838
180.169.147.146 - - [05/Feb/2021:09:25:27 +0800] "GET /xingrg/dwr/interface/AjaxReportQueryService.js HTTP/1.1" 200 13203
180.169.147.146 - - [05/Feb/2021:09:25:27 +0800] "GET /xingrg/dwr/engine.js HTTP/1.1" 200 43631
222.69.134.170 - - [05/Feb/2021:09:25:27 +0800] "POST /xingrg/services/DataTransmitService HTTP/1.1" 200 501
180.169.147.146 - - [05/Feb/2021:09:25:27 +0800] "POST /xingrg/all/report/load_report_page.html HTTP/1.1" 200 28071
180.169.147.146 - - [05/Feb/2021:09:25:27 +0800] "GET /xingrg/servlets/image?cache=0.3690991111728863&image=px HTTP/1.1" 200 807
180.169.147.146 - - [05/Feb/2021:09:25:29 +0800] "GET /xingrg/all/function/internal_message.html?_=1612488329211&CODE_STATE=getMsg HTTP/1.1" 200 27
116.224.253.72 - - [05/Feb/2021:09:25:31 +0800] "GET /xingrg/kc/buy/cgsh_order_operate.html?command=get_materiel&rest_code=00151&code=00101008033&supplier_code=00100007&order_time=2021-02-05 HTTP/1.1" 200 408
116.224.253.72 - - [05/Feb/2021:09:25:33 +0800] "GET /xingrg/all/function/internal_message.html?_=1612488319757&CODE_STATE=getMsg HTTP/1.1" 200 27
114.88.166.193 - - [05/Feb/2021:09:25:33 +0800] "GET /xingrg/kc/buy/cgsh_order_operate.html?command=get_materiel&rest_code=00111&code=00101008352&supplier_code=00100005&order_time=2021-02-05 HTTP/1.1" 200 412
218.81.223.240 - - [05/Feb/2021:09:25:34 +0800] "GET /xingrg/kc/buy/cgsh_order_operate.html?command=get_materiel&rest_code=00146&code=00101008225&supplier_code=00100005&order_time=2021-02-05 HTTP/1.1" 200 416
222.69.134.170 - - [05/Feb/2021:09:25:35 +0800] "POST /xingrg/services/DataTransmitService HTTP/1.1" 200 501
116.230.72.231 - - [05/Feb/2021:09:25:35 +0800] "GET /xingrg/all/function/internal_message.html?_=1612488326422&CODE_STATE=getMsg HTTP/1.1" 200 27
222.69.134.170 - - [05/Feb/2021:09:25:36 +0800] "POST /xingrg/services/DataTransmitService HTTP/1.1" 200 501
222.69.134.170 - - [05/Feb/2021:09:25:36 +0800] "POST /xingrg/services/DataTransmitService HTTP/1.1" 200 501
58.37.230.33 - - [05/Feb/2021:09:25:36 +0800] "GET /xingrg/all/function/internal_message.html?_=1612488351448&CODE_STATE=getMsg HTTP/1.1" 200 27
116.224.253.72 - - [05/Feb/2021:09:25:36 +0800] "GET /xingrg/all/function/internal_message.html?_=1612488335736&CODE_STATE=getMsg HTTP/1.1" 200 27
218.81.223.240 - - [05/Feb/2021:09:25:36 +0800] "POST /xingrg/kc/buy/cgsh_order_operate.html HTTP/1.1" 200 2065
117.184.7.26 - - [05/Feb/2021:09:25:37 +0800] "GET /xingrg/all/function/internal_message.html?_=1612488310605&CODE_STATE=getMsg HTTP/1.1" 200 27
117.184.7.26 - - [05/Feb/2021:09:25:37 +0800] "GET /xingrg/check_reg.html?_=1612488310608 HTTP/1.1" 200 22
116.230.72.231 - - [05/Feb/2021:09:25:37 +0800] "GET /xingrg/kc/buy/cgsh_order_operate.html?command=get_materiel&rest_code=00107&code=00101006013&supplier_code=00100010&order_time=2021-02-05 HTTP/1.1" 200 409
120.253.135.82 - - [05/Feb/2021:09:25:37 +0800] "GET /xingrg/check_reg.html?_=1612488372847 HTTP/1.1" 200 22
116.224.253.72 - - [05/Feb/2021:09:25:38 +0800] "GET /xingrg/kc/buy/cgsh_order_operate.html?command=get_materiel&rest_code=00151&code=00101008213&supplier_code=00100007&order_time=2021-02-05 HTTP/1.1" 200 412
117.185.32.26 - - [05/Feb/2021:09:25:39 +0800] "GET /xingrg/all/function/internal_message.html?_=1612488354075&CODE_STATE=getMsg HTTP/1.1" 200 27
222.69.134.170 - - [05/Feb/2021:09:25:40 +0800] "POST /xingrg/services/DataTransmitService HTTP/1.1" 200 501
222.69.134.170 - - [05/Feb/2021:09:25:41 +0800] "POST /xingrg/services/DataTransmitService HTTP/1.1" 200 501
222.69.134.170 - - [05/Feb/2021:09:25:41 +0800] "POST /xingrg/services/DataTransmitService HTTP/1.1" 200 501
222.69.134.170 - - [05/Feb/2021:09:25:42 +0800] "GET /xingrg/all/function/internal_message.html?_=1612488335604&CODE_STATE=getMsg HTTP/1.1" 200 27
120.253.135.82 - - [05/Feb/2021:09:25:42 +0800] "GET /xingrg/all/function/internal_message.html?_=1612488445184&CODE_STATE=getMsg HTTP/1.1" 200 27
222.69.134.170 - - [05/Feb/2021:09:25:42 +0800] "GET /xingrg/check_reg.html?_=1612488335949 HTTP/1.1" 200 22
218.81.223.240 - - [05/Feb/2021:09:25:43 +0800] "GET /xingrg/kc/buy/cgsh_order_operate.html?command=get_materiel&rest_code=00146&code=00101008017&supplier_code=00100005&order_time=2021-02-05 HTTP/1.1" 200 417
114.86.187.76 - - [05/Feb/2021:09:25:43 +0800] "GET /xingrg/all/function/internal_message.html?_=1612488345813&CODE_STATE=getMsg HTTP/1.1" 200 27
222.69.134.170 - - [05/Feb/2021:09:25:44 +0800] "POST /xingrg/services/DataTransmitService HTTP/1.1" 200 412
116.224.253.72 - - [05/Feb/2021:09:25:46 +0800] "GET /xingrg/kc/buy/cgsh_order_list.html HTTP/1.1" 200 46372
218.81.223.240 - - [05/Feb/2021:09:25:47 +0800] "GET /xingrg/all/function/internal_message.html?_=1612488367744&CODE_STATE=getMsg HTTP/1.1" 200 27
116.224.253.72 - - [05/Feb/2021:09:25:48 +0800] "POST /xingrg/kc/buy/cgsh_list_operate.html HTTP/1.1" 200 2398
116.224.253.72 - - [05/Feb/2021:09:25:50 +0800] "POST /xingrg/kc/buy/cgsh_list_operate.html HTTP/1.1" 200 578
116.224.253.72 - - [05/Feb/2021:09:25:50 +0800] "GET /xingrg/kc/buy/cgsh_order_operate.html?command=get_materiel&rest_code=00151&code=00101015006&supplier_code=00100007&order_time=2021-02-05 HTTP/1.1" 200 413
114.88.166.193 - - [05/Feb/2021:09:25:50 +0800] "GET /xingrg/kc/buy/cgsh_order_operate.html?command=get_materiel&rest_code=00111&code=00101008098&supplier_code=00100005&order_time=2021-02-05 HTTP/1.1" 200 412
180.169.147.146 - - [05/Feb/2021:09:25:50 +0800] "GET /xingrg/all/report/report_query.html?isQuery=1&fileName=kc/base/crk_detail_by_small.xml&rh=99999&queryString=&queryText=%25E3%2580%2590%25E4%25BB%2593%25E5%25BA%2593%25E5%2590%258D%25E7%25A7%25B0%253A%25E7%2582%25B9%25E5%25BF%2583%25E3%2580%2591%25E3%2580%2590%25E4%25B8%259A%25E5%258A%25A1%25E7%25B1%25BB%25E5%259E%258B%25EF%25BC%259A%25E5%2586%2585%25E9%2583%25A8%25E8%25B0%2583%25E5%2585%25A5%25E3%2580%2591%2520%253F%253F%253F%253F%253F2021-01-01%253F%253F2021-01-31%2520%253F%253F%253F%253F%253F%253F%253F%253F%252C%253F%253F%253F%253F%252C%253F%253F%25C2%25B1%252C%253F%253F%253F%253F%252C%253F%253F%253F%253F%252C%253F%253F%253F%252C%253F%253F%253F%253F&tableQueryString=crk_table%2524sp1%2524order_day%2520between%252020210101%2520and%252020210131%2520and%2520(base_code%253D'0010239')%2520and%2520(src_order_type%2520in%2520(42))%2520and%2520(is_rk%2520in%2520(1)) HTTP/1.1" 200 53838
120.253.135.82 - - [05/Feb/2021:09:25:50 +0800] "GET /xingrg/all/function/internal_message.html?_=1612488453175&CODE_STATE=getMsg HTTP/1.1" 200 27
180.169.147.146 - - [05/Feb/2021:09:25:50 +0800] "GET /xingrg/dwr/interface/AjaxReportQueryService.js HTTP/1.1" 200 13203
180.169.147.146 - - [05/Feb/2021:09:25:50 +0800] "GET /xingrg/dwr/engine.js HTTP/1.1" 200 43631
120.253.135.82 - - [05/Feb/2021:09:25:51 +0800] "POST /xingrg/kc/pszx/mdps_order_operate.html HTTP/1.1" 200 37
180.169.147.146 - - [05/Feb/2021:09:25:51 +0800] "POST /xingrg/all/report/load_report_page.html HTTP/1.1" 200 30293
180.169.147.146 - - [05/Feb/2021:09:25:51 +0800] "GET /xingrg/servlets/image?cache=0.004545161901017725&image=px HTTP/1.1" 200 807
120.253.135.82 - - [05/Feb/2021:09:25:52 +0800] "GET /xingrg/kc/pszx/mdps_order_info.html?code=312021020500183 HTTP/1.1" 200 23887
218.81.223.240 - - [05/Feb/2021:09:25:52 +0800] "GET /xingrg/kc/buy/cgsh_order_operate.html?command=get_materiel&rest_code=00146&code=00101008091&supplier_code=00100005&order_time=2021-02-05 HTTP/1.1" 200 412
120.253.135.82 - - [05/Feb/2021:09:25:52 +0800] "POST /xingrg/kc/pszx/mdps_order_operate.html HTTP/1.1" 200 4254
120.253.135.82 - - [05/Feb/2021:09:25:53 +0800] "GET /xingrg/javascript/easyui/themes/default/validatebox.css HTTP/1.1" 404 1104
120.253.135.82 - - [05/Feb/2021:09:25:53 +0800] "GET /xingrg/all/function/internal_message.html?_=1612488388228&CODE_STATE=getMsg HTTP/1.1" 200 27
116.230.72.231 - - [05/Feb/2021:09:25:56 +0800] "GET /xingrg/kc/buy/cgsh_order_operate.html?command=get_materiel&rest_code=00107&code=00101006115&supplier_code=00100010&order_time=2021-02-05 HTTP/1.1" 200 409
116.227.208.21 - - [05/Feb/2021:09:25:57 +0800] "GET /xingrg/all/function/internal_message.html?_=1612488355793&CODE_STATE=getMsg HTTP/1.1" 200 27
116.227.208.21 - - [05/Feb/2021:09:25:58 +0800] "GET /xingrg/kc/base/wldb_order_operate.html?command=get_materiel&rest_code=00155&base_code=0010740&code=00102001162 HTTP/1.1" 200 441
180.169.147.146 - - [05/Feb/2021:09:25:59 +0800] "GET /xingrg/all/function/internal_message.html?_=1612488355812&CODE_STATE=getMsg HTTP/1.1" 200 27
180.169.147.146 - - [05/Feb/2021:09:25:59 +0800] "GET /xingrg/all/report/report_query.html?isQuery=1&fileName=kc/base/crk_detail_by_small.xml&rh=99999&queryString=&queryText=%25E3%2580%2590%25E4%25BB%2593%25E5%25BA%2593%25E5%2590%258D%25E7%25A7%25B0%253A%25E7%2582%25B9%25E5%25BF%2583%25E3%2580%2591%25E3%2580%2590%25E4%25B8%259A%25E5%258A%25A1%25E7%25B1%25BB%25E5%259E%258B%25EF%25BC%259A%25E5%2586%2585%25E9%2583%25A8%25E8%25B0%2583%25E5%2587%25BA%25E3%2580%2591%2520%253F%253F%253F%253F%253F2021-01-01%253F%253F2021-01-31%2520%253F%253F%253F%253F%253F%253F%253F%253F%252C%253F%253F%253F%253F%252C%253F%253F%25C2%25B1%252C%253F%253F%253F%253F%252C%253F%253F%253F%253F%252C%253F%253F%253F%252C%253F%253F%253F%253F&tableQueryString=crk_table%2524sp1%2524order_day%2520between%252020210101%2520and%252020210131%2520and%2520(base_code%253D'0010239')%2520and%2520(src_order_type%2520in%2520(42))%2520and%2520(is_rk%2520in%2520(0)) HTTP/1.1" 200 53838
180.169.147.146 - - [05/Feb/2021:09:26:00 +0800] "GET /xingrg/dwr/interface/AjaxReportQueryService.js HTTP/1.1" 200 13203
180.169.147.146 - - [05/Feb/2021:09:26:00 +0800] "GET /xingrg/dwr/engine.js HTTP/1.1" 200 43631
114.88.166.193 - - [05/Feb/2021:09:26:00 +0800] "GET /xingrg/kc/buy/cgsh_order_operate.html?command=get_materiel&rest_code=00111&code=00101008005&supplier_code=00100005&order_time=2021-02-05 HTTP/1.1" 200 412
180.169.147.146 - - [05/Feb/2021:09:26:00 +0800] "POST /xingrg/all/report/load_report_page.html HTTP/1.1" 200 13911
180.169.147.146 - - [05/Feb/2021:09:26:00 +0800] "GET /xingrg/servlets/image?cache=0.5293266058419561&image=px HTTP/1.1" 200 807
120.253.135.82 - - [05/Feb/2021:09:26:02 +0800] "POST /xingrg/kc/pszx/mdps_order_operate.html HTTP/1.1" 200 37
120.253.135.82 - - [05/Feb/2021:09:26:03 +0800] "GET /xingrg/kc/pszx/mdps_order_info.html?code=312021020500183 HTTP/1.1" 200 23887
120.253.135.82 - - [05/Feb/2021:09:26:03 +0800] "POST /xingrg/kc/pszx/mdps_order_operate.html HTTP/1.1" 200 4254
120.253.135.82 - - [05/Feb/2021:09:26:03 +0800] "GET /xingrg/javascript/easyui/themes/default/validatebox.css HTTP/1.1" 404 1104
116.224.253.72 - - [05/Feb/2021:09:26:04 +0800] "GET /xingrg/kc/buy/cgsh_order_operate.html?command=get_materiel&rest_code=00151&code=00101015038&supplier_code=00100007&order_time=2021-02-05 HTTP/1.1" 200 419
218.81.223.240 - - [05/Feb/2021:09:26:04 +0800] "GET /xingrg/kc/buy/cgsh_order_operate.html?command=get_materiel&rest_code=00146&code=00101008055&supplier_code=00100005&order_time=2021-02-05 HTTP/1.1" 200 409
120.253.135.82 - - [05/Feb/2021:09:26:05 +0800] "POST /xingrg/kc/pszx/mdps_list_operate.html HTTP/1.1" 200 1692
116.224.253.72 - - [05/Feb/2021:09:26:06 +0800] "POST /xingrg/kc/buy/cgsh_list_operate.html HTTP/1.1" 200 198
116.224.253.72 - - [05/Feb/2021:09:26:07 +0800] "GET /xingrg/kc/buy/cgsh_order_info.html?code=212021020502016 HTTP/1.1" 200 62037
116.224.253.72 - - [05/Feb/2021:09:26:07 +0800] "GET /xingrg/javascript/easyui/themes/default/validatebox.css HTTP/1.1" 404 1104
116.224.253.72 - - [05/Feb/2021:09:26:07 +0800] "POST /xingrg/kc/buy/cgsh_order_operate.html HTTP/1.1" 200 2656
120.253.135.82 - - [05/Feb/2021:09:26:08 +0800] "POST /xingrg/kc/pszx/mdps_list_operate.html HTTP/1.1" 200 1692
116.224.253.72 - - [05/Feb/2021:09:26:09 +0800] "POST /xingrg/kc/buy/cgsh_order_operate.html HTTP/1.1" 200 37
116.224.253.72 - - [05/Feb/2021:09:26:10 +0800] "POST /xingrg/kc/buy/cgsh_order_operate.html HTTP/1.1" 200 23021
116.230.72.231 - - [05/Feb/2021:09:26:10 +0800] "GET /xingrg/kc/buy/cgsh_order_operate.html?command=get_materiel&rest_code=00107&code=00101006025&supplier_code=00100010&order_time=2021-02-05 HTTP/1.1" 200 417
58.40.7.146 - - [05/Feb/2021:09:26:13 +0800] "GET /xingrg/all/function/internal_message.html?_=1612488371407&CODE_STATE=getMsg HTTP/1.1" 200 27
114.88.166.193 - - [05/Feb/2021:09:26:13 +0800] "POST /xingrg/kc/buy/cgsh_order_operate.html HTTP/1.1" 200 2065
58.40.7.146 - - [05/Feb/2021:09:26:13 +0800] "GET /xingrg/all/function/internal_message.html?_=1612488371874&CODE_STATE=getMsg HTTP/1.1" 200 27
116.227.208.21 - - [05/Feb/2021:09:26:14 +0800] "GET /xingrg/kc/base/wldb_order_operate.html?command=get_materiel&rest_code=00155&base_code=0010740&code=00102002193 HTTP/1.1" 200 438
116.224.253.72 - - [05/Feb/2021:09:26:16 +0800] "POST /xingrg/all/common/load_select.html HTTP/1.1" 200 12
218.81.223.240 - - [05/Feb/2021:09:26:17 +0800] "GET /xingrg/kc/buy/cgsh_order_operate.html?command=get_materiel&rest_code=00146&code=00101008313&supplier_code=00100005&order_time=2021-02-05 HTTP/1.1" 200 413
116.224.253.72 - - [05/Feb/2021:09:26:18 +0800] "POST /xingrg/kc/buy/cgsh_order_operate.html HTTP/1.1" 200 37
120.253.135.82 - - [05/Feb/2021:09:26:19 +0800] "GET /xingrg/all/function/internal_message.html?_=1612488141957&CODE_STATE=getMsg HTTP/1.1" 200 27
116.224.253.72 - - [05/Feb/2021:09:26:19 +0800] "GET /xingrg/kc/buy/cgsh_order_operate.html?command=get_materiel_price&rest_code=00151&code=00101015006&unit_code=00100001&supplier_code=00100007&order_time=2021-02-05 HTTP/1.1" 200 28
114.88.166.193 - - [05/Feb/2021:09:26:19 +0800] "GET /xingrg/kc/buy/cgsh_order_operate.html?command=get_materiel&rest_code=00111&code=00101008312&supplier_code=00100005&order_time=2021-02-05 HTTP/1.1" 200 412
116.224.253.72 - - [05/Feb/2021:09:26:21 +0800] "POST /xingrg/kc/buy/cgsh_order_operate.html HTTP/1.1" 200 12
114.88.166.193 - - [05/Feb/2021:09:26:21 +0800] "GET /xingrg/all/function/internal_message.html?_=1612488378646&CODE_STATE=getMsg HTTP/1.1" 200 27
116.224.253.72 - - [05/Feb/2021:09:26:21 +0800] "GET /xingrg/kc/buy/cgsh_order_info.html?code=212021020502016 HTTP/1.1" 200 56930
116.224.253.72 - - [05/Feb/2021:09:26:22 +0800] "GET /xingrg/javascript/easyui/themes/default/validatebox.css HTTP/1.1" 404 1104
116.224.253.72 - - [05/Feb/2021:09:26:22 +0800] "POST /xingrg/kc/buy/cgsh_order_operate.html HTTP/1.1" 200 75
116.224.253.72 - - [05/Feb/2021:09:26:22 +0800] "POST /xingrg/kc/buy/cgsh_order_operate.html HTTP/1.1" 200 603
61.165.42.208 - - [05/Feb/2021:09:26:23 +0800] "GET /xingrg/all/function/internal_message.html?_=1612488384666&CODE_STATE=getMsg HTTP/1.1" 200 27
120.253.135.82 - - [05/Feb/2021:09:26:23 +0800] "GET /xingrg/check_reg.html?_=1612488146106 HTTP/1.1" 200 22
120.253.135.82 - - [05/Feb/2021:09:26:23 +0800] "POST /xingrg/kc/pszx/mdps_list_operate.html HTTP/1.1" 200 1685
116.227.208.21 - - [05/Feb/2021:09:26:23 +0800] "POST /xingrg/kc/base/wldb_order_operate.html HTTP/1.1" 200 37
116.230.72.231 - - [05/Feb/2021:09:26:23 +0800] "GET /xingrg/check_reg.html?_=1612488375159 HTTP/1.1" 200 22
