116.224.253.72 - - [04/Feb/2021:09:32:22 +0800] "GET /xingrg/check_reg.html?_=1612402330478 HTTP/1.1" 200 22
120.253.135.82 - - [04/Feb/2021:09:32:27 +0800] "GET /xingrg/all/function/internal_message.html?_=1612402383270&CODE_STATE=getMsg HTTP/1.1" 200 27
116.228.172.94 - - [04/Feb/2021:09:32:29 +0800] "POST /xingrg/kc/buy/cgsh_order_operate.html HTTP/1.1" 200 14467
61.165.42.208 - - [04/Feb/2021:09:32:30 +0800] "GET /xingrg/all/function/internal_message.html?_=1612402351596&CODE_STATE=getMsg HTTP/1.1" 200 27
222.69.132.6 - - [04/Feb/2021:09:32:31 +0800] "GET /xingrg/all/function/internal_message.html?_=1612402345907&CODE_STATE=getMsg HTTP/1.1" 200 27
116.233.72.128 - - [04/Feb/2021:09:32:31 +0800] "GET /xingrg/all/function/internal_message.html?_=1612402384296&CODE_STATE=getMsg HTTP/1.1" 200 27
180.169.147.146 - - [04/Feb/2021:09:32:32 +0800] "GET /xingrg/all/function/internal_message.html?_=1612402352718&CODE_STATE=getMsg HTTP/1.1" 200 27
114.88.166.193 - - [04/Feb/2021:09:32:32 +0800] "GET /xingrg/kc/buy/cgsh_order_operate.html?command=get_materiel&rest_code=00111&code=00101008110&supplier_code=00100005&order_time=2021-02-04 HTTP/1.1" 200 408
116.224.253.72 - - [04/Feb/2021:09:32:33 +0800] "GET /xingrg/all/function/internal_message.html?_=1612402352351&CODE_STATE=getMsg HTTP/1.1" 200 27
116.224.253.72 - - [04/Feb/2021:09:32:33 +0800] "GET /xingrg/all/function/internal_message.html?_=1612402341319&CODE_STATE=getMsg HTTP/1.1" 200 27
120.253.135.82 - - [04/Feb/2021:09:32:38 +0800] "GET /xingrg/check_reg.html?_=1612402462233 HTTP/1.1" 200 22
116.227.208.21 - - [04/Feb/2021:09:32:38 +0800] "GET /xingrg/all/function/internal_message.html?_=1612402355887&CODE_STATE=getMsg HTTP/1.1" 200 27
116.227.208.21 - - [04/Feb/2021:09:32:38 +0800] "GET /xingrg/check_reg.html?_=1612402355889 HTTP/1.1" 200 22
218.81.223.240 - - [04/Feb/2021:09:32:41 +0800] "POST /xingrg/kc/buy/cgsh_order_operate.html HTTP/1.1" 200 37
120.253.135.82 - - [04/Feb/2021:09:32:45 +0800] "GET /xingrg/all/function/internal_message.html?_=1612402470028&CODE_STATE=getMsg HTTP/1.1" 200 27
218.81.223.240 - - [04/Feb/2021:09:32:46 +0800] "POST /xingrg/kc/buy/cgsh_order_operate.html HTTP/1.1" 200 47627
116.235.65.35 - - [04/Feb/2021:09:32:47 +0800] "POST /xingrg/supplier/cgsh_list_operate.html HTTP/1.1" 200 2790
114.88.166.193 - - [04/Feb/2021:09:32:49 +0800] "GET /xingrg/all/function/internal_message.html?_=1612402367915&CODE_STATE=getMsg HTTP/1.1" 200 27
120.253.135.82 - - [04/Feb/2021:09:32:51 +0800] "GET /xingrg/check_reg.html?_=1612402475565 HTTP/1.1" 200 22
114.88.166.193 - - [04/Feb/2021:09:32:53 +0800] "POST /xingrg/kc/buy/cgsh_order_operate.html HTTP/1.1" 200 37
116.228.172.94 - - [04/Feb/2021:09:32:54 +0800] "GET /xingrg/kc/buy/cgsh_order_operate.html?command=get_materiel&rest_code=00107&code=00101008003&supplier_code=00100006&order_time=2021-02-03 HTTP/1.1" 200 408
116.235.65.35 - - [04/Feb/2021:09:32:54 +0800] "POST /xingrg/supplier/cgsh_list_operate.html HTTP/1.1" 200 5577
114.88.166.193 - - [04/Feb/2021:09:32:55 +0800] "POST /xingrg/kc/buy/cgsh_order_operate.html HTTP/1.1" 200 45182
116.227.208.21 - - [04/Feb/2021:09:33:03 +0800] "POST /xingrg/services/DataTransmitService HTTP/1.1" 200 524
116.227.208.21 - - [04/Feb/2021:09:33:03 +0800] "POST /xingrg/services/DataTransmitService HTTP/1.1" 200 1971
116.227.208.21 - - [04/Feb/2021:09:33:04 +0800] "POST /xingrg/services/DataTransmitService HTTP/1.1" 200 2335
116.227.208.21 - - [04/Feb/2021:09:33:04 +0800] "POST /xingrg/services/DataTransmitService HTTP/1.1" 200 68659
116.228.172.94 - - [04/Feb/2021:09:33:06 +0800] "GET /xingrg/kc/buy/cgsh_order_operate.html?command=get_materiel&rest_code=00107&code=00101008361&supplier_code=00100006&order_time=2021-02-03 HTTP/1.1" 200 408
116.228.172.94 - - [04/Feb/2021:09:33:08 +0800] "GET /xingrg/all/function/internal_message.html?_=1612402381835&CODE_STATE=getMsg HTTP/1.1" 200 27
120.253.135.82 - - [04/Feb/2021:09:33:11 +0800] "GET /xingrg/check_reg.html?_=1612402495494 HTTP/1.1" 200 22
58.40.7.146 - - [04/Feb/2021:09:33:11 +0800] "GET /xingrg/all/function/internal_message.html?_=1612402390666&CODE_STATE=getMsg HTTP/1.1" 200 27
116.227.208.21 - - [04/Feb/2021:09:33:12 +0800] "POST /xingrg/services/DataTransmitService HTTP/1.1" 200 524
116.227.208.21 - - [04/Feb/2021:09:33:12 +0800] "POST /xingrg/services/DataTransmitService HTTP/1.1" 200 501
116.227.208.21 - - [04/Feb/2021:09:33:13 +0800] "POST /xingrg/services/DataTransmitService HTTP/1.1" 200 524
116.227.208.21 - - [04/Feb/2021:09:33:13 +0800] "POST /xingrg/services/DataTransmitService HTTP/1.1" 200 497
120.253.135.82 - - [04/Feb/2021:09:33:15 +0800] "GET /xingrg/all/function/internal_message.html?_=1612402499796&CODE_STATE=getMsg HTTP/1.1" 200 27
218.81.223.240 - - [04/Feb/2021:09:33:16 +0800] "GET /xingrg/all/function/internal_message.html?_=1612402412769&CODE_STATE=getMsg HTTP/1.1" 200 27
58.221.95.50 - - [04/Feb/2021:09:33:16 +0800] "GET /xingrg/all/function/internal_message.html?_=1612402396454&CODE_STATE=getMsg HTTP/1.1" 200 27
116.227.208.21 - - [04/Feb/2021:09:33:16 +0800] "POST /xingrg/services/DataTransmitService HTTP/1.1" 200 524
101.85.93.83 - - [04/Feb/2021:09:33:17 +0800] "GET /xingrg/all/function/internal_message.html?_=1612402032450&CODE_STATE=getMsg HTTP/1.1" 200 27
116.227.208.21 - - [04/Feb/2021:09:33:18 +0800] "POST /xingrg/services/DataTransmitService HTTP/1.1" 200 501
116.227.208.21 - - [04/Feb/2021:09:33:18 +0800] "POST /xingrg/services/DataTransmitService HTTP/1.1" 200 524
116.227.208.21 - - [04/Feb/2021:09:33:18 +0800] "POST /xingrg/services/DataTransmitService HTTP/1.1" 200 501
116.228.172.94 - - [04/Feb/2021:09:33:18 +0800] "POST /xingrg/kc/buy/cgsh_order_operate.html HTTP/1.1" 200 2065
116.227.208.21 - - [04/Feb/2021:09:33:18 +0800] "POST /xingrg/services/DataTransmitService HTTP/1.1" 200 524
116.227.208.21 - - [04/Feb/2021:09:33:19 +0800] "POST /xingrg/services/DataTransmitService HTTP/1.1" 200 501
116.227.208.21 - - [04/Feb/2021:09:33:20 +0800] "POST /xingrg/services/DataTransmitService HTTP/1.1" 200 524
116.227.208.21 - - [04/Feb/2021:09:33:20 +0800] "POST /xingrg/services/DataTransmitService HTTP/1.1" 200 501
116.227.208.21 - - [04/Feb/2021:09:33:21 +0800] "POST /xingrg/services/DataTransmitService HTTP/1.1" 200 524
116.227.208.21 - - [04/Feb/2021:09:33:21 +0800] "POST /xingrg/services/DataTransmitService HTTP/1.1" 200 501
116.227.208.21 - - [04/Feb/2021:09:33:23 +0800] "POST /xingrg/services/DataTransmitService HTTP/1.1" 200 524
116.227.208.21 - - [04/Feb/2021:09:33:25 +0800] "POST /xingrg/services/DataTransmitService HTTP/1.1" 200 501
120.253.135.82 - - [04/Feb/2021:09:33:27 +0800] "GET /xingrg/all/function/internal_message.html?_=1612402443293&CODE_STATE=getMsg HTTP/1.1" 200 27
116.227.208.21 - - [04/Feb/2021:09:33:27 +0800] "POST /xingrg/services/DataTransmitService HTTP/1.1" 200 524
116.227.208.21 - - [04/Feb/2021:09:33:28 +0800] "POST /xingrg/services/DataTransmitService HTTP/1.1" 200 501
116.227.208.21 - - [04/Feb/2021:09:33:28 +0800] "POST /xingrg/services/DataTransmitService HTTP/1.1" 200 501
116.228.172.94 - - [04/Feb/2021:09:33:28 +0800] "GET /xingrg/kc/buy/cgsh_order_operate.html?command=get_materiel&rest_code=00107&code=00101008251&supplier_code=00100006&order_time=2021-02-03 HTTP/1.1" 200 408
116.227.208.21 - - [04/Feb/2021:09:33:28 +0800] "POST /xingrg/services/DataTransmitService HTTP/1.1" 200 501
116.227.208.21 - - [04/Feb/2021:09:33:29 +0800] "POST /xingrg/services/DataTransmitService HTTP/1.1" 200 501
116.227.208.21 - - [04/Feb/2021:09:33:29 +0800] "POST /xingrg/services/DataTransmitService HTTP/1.1" 200 501
116.227.208.21 - - [04/Feb/2021:09:33:29 +0800] "POST /xingrg/services/DataTransmitService HTTP/1.1" 200 501
116.227.208.21 - - [04/Feb/2021:09:33:30 +0800] "POST /xingrg/services/DataTransmitService HTTP/1.1" 200 501
116.227.208.21 - - [04/Feb/2021:09:33:30 +0800] "POST /xingrg/services/DataTransmitService HTTP/1.1" 200 501
61.165.42.208 - - [04/Feb/2021:09:33:30 +0800] "GET /xingrg/check_reg.html?_=1612402411667 HTTP/1.1" 200 22
61.165.42.208 - - [04/Feb/2021:09:33:30 +0800] "GET /xingrg/all/function/internal_message.html?_=1612402411667&CODE_STATE=getMsg HTTP/1.1" 200 27
61.165.42.208 - - [04/Feb/2021:09:33:30 +0800] "GET /xingrg/kc/buy/cgsh_order_list.html HTTP/1.1" 200 46366
222.69.132.6 - - [04/Feb/2021:09:33:31 +0800] "GET /xingrg/all/function/internal_message.html?_=1612402405917&CODE_STATE=getMsg HTTP/1.1" 200 27
116.233.72.128 - - [04/Feb/2021:09:33:31 +0800] "GET /xingrg/all/function/internal_message.html?_=1612402444296&CODE_STATE=getMsg HTTP/1.1" 200 27
61.165.42.208 - - [04/Feb/2021:09:33:32 +0800] "POST /xingrg/kc/buy/cgsh_list_operate.html HTTP/1.1" 200 2045
180.169.147.146 - - [04/Feb/2021:09:33:32 +0800] "GET /xingrg/all/function/internal_message.html?_=1612402412720&CODE_STATE=getMsg HTTP/1.1" 200 27
180.169.147.146 - - [04/Feb/2021:09:33:32 +0800] "GET /xingrg/check_reg.html?_=1612402412723 HTTP/1.1" 200 22
116.224.253.72 - - [04/Feb/2021:09:33:33 +0800] "GET /xingrg/all/function/internal_message.html?_=1612402412347&CODE_STATE=getMsg HTTP/1.1" 200 27
116.227.208.21 - - [04/Feb/2021:09:33:33 +0800] "POST /xingrg/services/DataTransmitService HTTP/1.1" 200 412
116.224.253.72 - - [04/Feb/2021:09:33:33 +0800] "GET /xingrg/all/function/internal_message.html?_=1612402401332&CODE_STATE=getMsg HTTP/1.1" 200 27
61.165.42.208 - - [04/Feb/2021:09:33:35 +0800] "POST /xingrg/kc/buy/cgsh_list_operate.html HTTP/1.1" 200 576
61.165.42.208 - - [04/Feb/2021:09:33:36 +0800] "GET /xingrg/kc/buy/cgsh_order_info.html?code=212021020401494 HTTP/1.1" 200 62154
61.165.42.208 - - [04/Feb/2021:09:33:36 +0800] "GET /xingrg/javascript/easyui/themes/default/validatebox.css HTTP/1.1" 404 1104
61.165.42.208 - - [04/Feb/2021:09:33:36 +0800] "POST /xingrg/kc/buy/cgsh_order_operate.html HTTP/1.1" 200 35180
116.227.208.21 - - [04/Feb/2021:09:33:38 +0800] "GET /xingrg/all/function/internal_message.html?_=1612402415890&CODE_STATE=getMsg HTTP/1.1" 200 27
116.228.172.94 - - [04/Feb/2021:09:33:39 +0800] "GET /xingrg/kc/buy/cgsh_order_operate.html?command=get_materiel&rest_code=00107&code=00101008137&supplier_code=00100006&order_time=2021-02-03 HTTP/1.1" 200 408
58.37.230.33 - - [04/Feb/2021:09:33:39 +0800] "GET /xingrg/check_reg.html?_=1612402433293 HTTP/1.1" 200 22
114.88.166.193 - - [04/Feb/2021:09:33:45 +0800] "GET /xingrg/kc/print/load_config.html?kc_code=cgsh HTTP/1.1" 200 1845
116.227.208.21 - - [04/Feb/2021:09:33:45 +0800] "POST /xingrg/services/DataTransmitService HTTP/1.1" 200 524
114.88.166.193 - - [04/Feb/2021:09:33:45 +0800] "GET /xingrg/kc/print/load_data.html?order_code=212021020401497&kc_code=cgsh&condition= HTTP/1.1" 200 16747
120.253.135.82 - - [04/Feb/2021:09:33:45 +0800] "GET /xingrg/all/function/internal_message.html?_=1612402530042&CODE_STATE=getMsg HTTP/1.1" 200 27
116.227.208.21 - - [04/Feb/2021:09:33:46 +0800] "POST /xingrg/services/DataTransmitService HTTP/1.1" 200 501
116.227.208.21 - - [04/Feb/2021:09:33:46 +0800] "POST /xingrg/services/DataTransmitService HTTP/1.1" 200 524
114.88.166.193 - - [04/Feb/2021:09:33:48 +0800] "GET /xingrg/check_reg.html?_=1612402427133 HTTP/1.1" 200 22
114.88.166.193 - - [04/Feb/2021:09:33:49 +0800] "GET /xingrg/all/function/internal_message.html?_=1612402427929&CODE_STATE=getMsg HTTP/1.1" 200 27
116.235.65.35 - - [04/Feb/2021:09:33:53 +0800] "POST /xingrg/supplier/cgsh_list_operate.html HTTP/1.1" 200 5636
116.235.65.35 - - [04/Feb/2021:09:34:01 +0800] "POST /xingrg/supplier/cgsh_list_operate.html HTTP/1.1" 200 5603
116.228.172.94 - - [04/Feb/2021:09:34:04 +0800] "GET /xingrg/kc/buy/cgsh_order_operate.html?command=get_materiel&rest_code=00107&code=00101008286&supplier_code=00100006&order_time=2021-02-03 HTTP/1.1" 200 409
116.228.172.94 - - [04/Feb/2021:09:34:08 +0800] "GET /xingrg/all/function/internal_message.html?_=1612402441812&CODE_STATE=getMsg HTTP/1.1" 200 27
58.40.7.146 - - [04/Feb/2021:09:34:11 +0800] "GET /xingrg/all/function/internal_message.html?_=1612402450669&CODE_STATE=getMsg HTTP/1.1" 200 27
116.228.172.94 - - [04/Feb/2021:09:34:13 +0800] "GET /xingrg/kc/buy/cgsh_order_operate.html?command=get_materiel&rest_code=00107&code=00101008131&supplier_code=00100006&order_time=2021-02-03 HTTP/1.1" 200 408
120.253.135.82 - - [04/Feb/2021:09:34:15 +0800] "GET /xingrg/all/function/internal_message.html?_=1612402559807&CODE_STATE=getMsg HTTP/1.1" 200 27
218.81.223.240 - - [04/Feb/2021:09:34:16 +0800] "GET /xingrg/all/function/internal_message.html?_=1612402472813&CODE_STATE=getMsg HTTP/1.1" 200 27
58.221.95.50 - - [04/Feb/2021:09:34:16 +0800] "GET /xingrg/all/function/internal_message.html?_=1612402456424&CODE_STATE=getMsg HTTP/1.1" 200 27
116.228.172.94 - - [04/Feb/2021:09:34:16 +0800] "POST /xingrg/kc/buy/cgsh_order_operate.html HTTP/1.1" 200 2065
101.85.93.83 - - [04/Feb/2021:09:34:17 +0800] "GET /xingrg/check_reg.html?_=1612402092454 HTTP/1.1" 200 22
101.85.93.83 - - [04/Feb/2021:09:34:17 +0800] "GET /xingrg/all/function/internal_message.html?_=1612402092449&CODE_STATE=getMsg HTTP/1.1" 200 27
180.169.147.146 - - [04/Feb/2021:09:34:20 +0800] "GET /xingrg/login.html HTTP/1.1" 200 7641
180.169.147.146 - - [04/Feb/2021:09:34:20 +0800] "GET /favicon.ico HTTP/1.1" 404 -
114.88.166.193 - - [04/Feb/2021:09:34:24 +0800] "GET /xingrg/kc/buy/cgsh_order_add.html HTTP/1.1" 200 62104
114.88.166.193 - - [04/Feb/2021:09:34:25 +0800] "POST /xingrg/kc/buy/cgsh_order_operate.html HTTP/1.1" 200 8245
114.88.166.193 - - [04/Feb/2021:09:34:25 +0800] "GET /xingrg/javascript/easyui/themes/default/validatebox.css HTTP/1.1" 404 1104
120.253.135.82 - - [04/Feb/2021:09:34:27 +0800] "GET /xingrg/all/function/internal_message.html?_=1612402503296&CODE_STATE=getMsg HTTP/1.1" 200 27
116.228.172.94 - - [04/Feb/2021:09:34:27 +0800] "GET /xingrg/kc/buy/cgsh_order_operate.html?command=get_materiel&rest_code=00107&code=00101008296&supplier_code=00100006&order_time=2021-02-03 HTTP/1.1" 200 416
61.165.42.208 - - [04/Feb/2021:09:34:30 +0800] "GET /xingrg/all/function/internal_message.html?_=1612402471648&CODE_STATE=getMsg HTTP/1.1" 200 27
180.169.147.146 - - [04/Feb/2021:09:34:30 +0800] "POST /xingrg/login.do HTTP/1.1" 302 -
180.169.147.146 - - [04/Feb/2021:09:34:30 +0800] "GET /xingrg/index.html?sysBaseUrl=http%3A%2F%2F180.169.147.146%3A18081%2Fxingrg%2F&costTime=37×tamp=1612402470525 HTTP/1.1" 200 17179
180.169.147.146 - - [04/Feb/2021:09:34:30 +0800] "POST /xingrg/all/common/load_tree.html?tree=area_rest_tree_json&manage=1 HTTP/1.1" 200 351
180.169.147.146 - - [04/Feb/2021:09:34:30 +0800] "GET /xingrg/all/function/internal_message.html?_=1612402468398&CODE_STATE=count HTTP/1.1" 200 11
180.169.147.146 - - [04/Feb/2021:09:34:30 +0800] "GET /xingrg/check_reg.html?_=1612402468398 HTTP/1.1" 200 22
180.169.147.146 - - [04/Feb/2021:09:34:30 +0800] "GET /favicon.ico HTTP/1.1" 404 -
180.169.147.146 - - [04/Feb/2021:09:34:30 +0800] "POST /xingrg/load_menu.html HTTP/1.1" 200 5138
116.233.72.128 - - [04/Feb/2021:09:34:30 +0800] "GET /xingrg/all/function/internal_message.html?_=1612402504328&CODE_STATE=getMsg HTTP/1.1" 200 27
222.69.132.6 - - [04/Feb/2021:09:34:31 +0800] "GET /xingrg/all/function/internal_message.html?_=1612402465922&CODE_STATE=getMsg HTTP/1.1" 200 27
180.169.147.146 - - [04/Feb/2021:09:34:32 +0800] "GET /xingrg/all/function/internal_message.html?_=1612402472724&CODE_STATE=getMsg HTTP/1.1" 200 27
116.224.253.72 - - [04/Feb/2021:09:34:33 +0800] "GET /xingrg/check_reg.html?_=1612402472348 HTTP/1.1" 200 22
116.224.253.72 - - [04/Feb/2021:09:34:33 +0800] "GET /xingrg/all/function/internal_message.html?_=1612402472350&CODE_STATE=getMsg HTTP/1.1" 200 27
116.224.253.72 - - [04/Feb/2021:09:34:33 +0800] "GET /xingrg/all/function/internal_message.html?_=1612402461365&CODE_STATE=getMsg HTTP/1.1" 200 27
180.169.147.146 - - [04/Feb/2021:09:34:33 +0800] "GET /xingrg/kc/buy/buy_main.html HTTP/1.1" 200 12412
180.169.147.146 - - [04/Feb/2021:09:34:33 +0800] "GET /xingrg/css/new_ie.css HTTP/1.1" 404 1036
180.169.147.146 - - [04/Feb/2021:09:34:34 +0800] "GET /xingrg/kc/mdqp/qp_main.html HTTP/1.1" 200 10633
180.169.147.146 - - [04/Feb/2021:09:34:35 +0800] "GET /xingrg/kc/base/base_main.html HTTP/1.1" 200 12142
116.235.65.35 - - [04/Feb/2021:09:34:36 +0800] "POST /xingrg/supplier/cgsh_list_operate.html HTTP/1.1" 200 578
114.88.166.193 - - [04/Feb/2021:09:34:37 +0800] "GET /xingrg/kc/buy/cgsh_order_operate.html?command=get_materiel&rest_code=00111&code=00101007061&supplier_code=00100004&order_time=2021-02-04 HTTP/1.1" 200 409
116.227.208.21 - - [04/Feb/2021:09:34:38 +0800] "GET /xingrg/all/function/internal_message.html?_=1612402475891&CODE_STATE=getMsg HTTP/1.1" 200 27
116.228.172.94 - - [04/Feb/2021:09:34:39 +0800] "GET /xingrg/kc/buy/cgsh_order_operate.html?command=get_materiel&rest_code=00107&code=00101008098&supplier_code=00100006&order_time=2021-02-03 HTTP/1.1" 200 412
120.253.135.82 - - [04/Feb/2021:09:34:44 +0800] "GET /xingrg/check_reg.html?_=1612402588947 HTTP/1.1" 200 22
116.235.65.35 - - [04/Feb/2021:09:34:45 +0800] "POST /xingrg/supplier/cgsh_list_operate.html HTTP/1.1" 200 376
120.253.135.82 - - [04/Feb/2021:09:34:46 +0800] "GET /xingrg/all/function/internal_message.html?_=1612402590177&CODE_STATE=getMsg HTTP/1.1" 200 27
114.88.166.193 - - [04/Feb/2021:09:34:47 +0800] "POST /xingrg/kc/buy/cgsh_order_operate.html HTTP/1.1" 200 37
114.88.166.193 - - [04/Feb/2021:09:34:48 +0800] "POST /xingrg/kc/buy/cgsh_order_operate.html HTTP/1.1" 200 2654
114.88.166.193 - - [04/Feb/2021:09:34:49 +0800] "GET /xingrg/all/function/internal_message.html?_=1612402487942&CODE_STATE=getMsg HTTP/1.1" 200 27
116.235.65.35 - - [04/Feb/2021:09:34:50 +0800] "POST /xingrg/supplier/cgsh_list_operate.html HTTP/1.1" 200 576
114.88.166.193 - - [04/Feb/2021:09:34:50 +0800] "GET /xingrg/kc/print/load_data.html?order_code=212021020401498&kc_code=cgsh&condition= HTTP/1.1" 200 718
116.235.65.35 - - [04/Feb/2021:09:34:54 +0800] "POST /xingrg/supplier/cgsh_list_operate.html HTTP/1.1" 200 576
116.235.65.35 - - [04/Feb/2021:09:34:55 +0800] "POST /xingrg/supplier/cgsh_list_operate.html HTTP/1.1" 200 598
180.169.147.146 - - [04/Feb/2021:09:34:57 +0800] "GET /xingrg/kc/base/yddb_order_list.html HTTP/1.1" 200 16951
180.169.147.146 - - [04/Feb/2021:09:34:57 +0800] "POST /xingrg/kc/base/yddb_list_operate.html HTTP/1.1" 200 636
114.88.166.193 - - [04/Feb/2021:09:35:00 +0800] "GET /xingrg/kc/buy/cgsh_order_add.html HTTP/1.1" 200 62104
114.88.166.193 - - [04/Feb/2021:09:35:01 +0800] "POST /xingrg/kc/buy/cgsh_order_operate.html HTTP/1.1" 200 8245
114.88.166.193 - - [04/Feb/2021:09:35:01 +0800] "GET /xingrg/javascript/easyui/themes/default/validatebox.css HTTP/1.1" 404 1104
116.235.65.35 - - [04/Feb/2021:09:35:04 +0800] "POST /xingrg/supplier/cgsh_list_operate.html HTTP/1.1" 200 425
116.228.172.94 - - [04/Feb/2021:09:35:05 +0800] "GET /xingrg/kc/buy/cgsh_order_operate.html?command=get_materiel&rest_code=00107&code=00101008213&supplier_code=00100006&order_time=2021-02-03 HTTP/1.1" 200 414
116.228.172.94 - - [04/Feb/2021:09:35:08 +0800] "GET /xingrg/check_reg.html?_=1612402501152 HTTP/1.1" 200 22
116.228.172.94 - - [04/Feb/2021:09:35:08 +0800] "GET /xingrg/all/function/internal_message.html?_=1612402501809&CODE_STATE=getMsg HTTP/1.1" 200 27
114.88.166.193 - - [04/Feb/2021:09:35:09 +0800] "GET /xingrg/kc/buy/cgsh_order_operate.html?command=get_materiel&rest_code=00111&code=00101002027&supplier_code=00100199&order_time=2021-02-04 HTTP/1.1" 200 413
58.40.7.146 - - [04/Feb/2021:09:35:11 +0800] "GET /xingrg/all/function/internal_message.html?_=1612402510672&CODE_STATE=getMsg HTTP/1.1" 200 27
116.235.65.35 - - [04/Feb/2021:09:35:13 +0800] "POST /xingrg/supplier/cgsh_list_operate.html HTTP/1.1" 200 598
116.235.65.35 - - [04/Feb/2021:09:35:14 +0800] "POST /xingrg/supplier/cgsh_list_operate.html HTTP/1.1" 200 203
120.253.135.82 - - [04/Feb/2021:09:35:15 +0800] "GET /xingrg/all/function/internal_message.html?_=1612402619847&CODE_STATE=getMsg HTTP/1.1" 200 27
218.81.223.240 - - [04/Feb/2021:09:35:16 +0800] "GET /xingrg/check_reg.html?_=1612402532733 HTTP/1.1" 200 22
218.81.223.240 - - [04/Feb/2021:09:35:16 +0800] "GET /xingrg/all/function/internal_message.html?_=1612402532828&CODE_STATE=getMsg HTTP/1.1" 200 27
58.221.95.50 - - [04/Feb/2021:09:35:16 +0800] "GET /xingrg/all/function/internal_message.html?_=1612402516408&CODE_STATE=getMsg HTTP/1.1" 200 27
58.221.95.50 - - [04/Feb/2021:09:35:16 +0800] "GET /xingrg/check_reg.html?_=1612402516440 HTTP/1.1" 200 22
101.85.93.83 - - [04/Feb/2021:09:35:17 +0800] "GET /xingrg/all/function/internal_message.html?_=1612402152454&CODE_STATE=getMsg HTTP/1.1" 200 27
180.169.147.146 - - [04/Feb/2021:09:35:22 +0800] "GET /xingrg/login.html HTTP/1.1" 200 7641
180.169.147.146 - - [04/Feb/2021:09:35:22 +0800] "GET /favicon.ico HTTP/1.1" 404 -
180.169.147.146 - - [04/Feb/2021:09:35:24 +0800] "POST /xingrg/login.do HTTP/1.1" 302 -
180.169.147.146 - - [04/Feb/2021:09:35:24 +0800] "GET /xingrg/index.html?sysBaseUrl=http%3A%2F%2F180.169.147.146%3A18081%2Fxingrg%2F&costTime=36×tamp=1612402524267 HTTP/1.1" 200 17179
116.235.65.35 - - [04/Feb/2021:09:35:24 +0800] "POST /xingrg/supplier/cgsh_list_operate.html HTTP/1.1" 200 509
180.169.147.146 - - [04/Feb/2021:09:35:24 +0800] "POST /xingrg/all/common/load_tree.html?tree=area_rest_tree_json&manage=1 HTTP/1.1" 200 351
180.169.147.146 - - [04/Feb/2021:09:35:24 +0800] "GET /xingrg/all/function/internal_message.html?_=1612402522137&CODE_STATE=count HTTP/1.1" 200 11
180.169.147.146 - - [04/Feb/2021:09:35:24 +0800] "GET /xingrg/check_reg.html?_=1612402522138 HTTP/1.1" 200 22
180.169.147.146 - - [04/Feb/2021:09:35:24 +0800] "POST /xingrg/load_menu.html HTTP/1.1" 200 5138
180.169.147.146 - - [04/Feb/2021:09:35:24 +0800] "GET /favicon.ico HTTP/1.1" 404 -
114.88.166.193 - - [04/Feb/2021:09:35:25 +0800] "GET /xingrg/kc/buy/cgsh_order_operate.html?command=get_materiel&rest_code=00111&code=00101002006&supplier_code=00100199&order_time=2021-02-04 HTTP/1.1" 200 414
180.169.147.146 - - [04/Feb/2021:09:35:25 +0800] "GET /xingrg/kc/base/base_main.html HTTP/1.1" 200 12142
120.253.135.82 - - [04/Feb/2021:09:35:27 +0800] "GET /xingrg/all/function/internal_message.html?_=1612402563319&CODE_STATE=getMsg HTTP/1.1" 200 27
116.235.65.35 - - [04/Feb/2021:09:35:27 +0800] "POST /xingrg/supplier/cgsh_list_operate.html HTTP/1.1" 200 2789
116.228.172.94 - - [04/Feb/2021:09:35:27 +0800] "GET /xingrg/kc/buy/cgsh_order_operate.html?command=get_materiel&rest_code=00107&code=00101008344&supplier_code=00100006&order_time=2021-02-03 HTTP/1.1" 200 412
180.169.147.146 - - [04/Feb/2021:09:35:29 +0800] "GET /xingrg/kc/base/yddb_order_list.html HTTP/1.1" 200 16951
180.169.147.146 - - [04/Feb/2021:09:35:29 +0800] "POST /xingrg/kc/base/yddb_list_operate.html HTTP/1.1" 200 636
116.233.72.128 - - [04/Feb/2021:09:35:30 +0800] "GET /xingrg/check_reg.html?_=1612402564281 HTTP/1.1" 200 22
61.165.42.208 - - [04/Feb/2021:09:35:30 +0800] "GET /xingrg/all/function/internal_message.html?_=1612402531613&CODE_STATE=getMsg HTTP/1.1" 200 27
116.233.72.128 - - [04/Feb/2021:09:35:30 +0800] "GET /xingrg/all/function/internal_message.html?_=1612402564328&CODE_STATE=getMsg HTTP/1.1" 200 27
180.169.147.146 - - [04/Feb/2021:09:35:30 +0800] "GET /xingrg/all/function/internal_message.html?_=1612402528403&CODE_STATE=getMsg HTTP/1.1" 200 27
222.69.132.6 - - [04/Feb/2021:09:35:31 +0800] "GET /xingrg/all/function/internal_message.html?_=1612402525925&CODE_STATE=getMsg HTTP/1.1" 200 27
180.169.147.146 - - [04/Feb/2021:09:35:32 +0800] "GET /xingrg/all/function/internal_message.html?_=1612402532726&CODE_STATE=getMsg HTTP/1.1" 200 27
116.224.253.72 - - [04/Feb/2021:09:35:33 +0800] "GET /xingrg/all/function/internal_message.html?_=1612402532344&CODE_STATE=getMsg HTTP/1.1" 200 27
116.224.253.72 - - [04/Feb/2021:09:35:33 +0800] "GET /xingrg/all/function/internal_message.html?_=1612402521381&CODE_STATE=getMsg HTTP/1.1" 200 27
114.88.166.193 - - [04/Feb/2021:09:35:35 +0800] "POST /xingrg/kc/buy/cgsh_order_operate.html HTTP/1.1" 200 37
114.88.166.193 - - [04/Feb/2021:09:35:36 +0800] "POST /xingrg/kc/buy/cgsh_order_operate.html HTTP/1.1" 200 3259
114.88.166.193 - - [04/Feb/2021:09:35:38 +0800] "GET /xingrg/kc/print/load_data.html?order_code=212021020401499&kc_code=cgsh&condition= HTTP/1.1" 200 908
116.228.172.94 - - [04/Feb/2021:09:35:38 +0800] "GET /xingrg/kc/buy/cgsh_order_operate.html?command=get_materiel&rest_code=00107&code=00101008042&supplier_code=00100006&order_time=2021-02-03 HTTP/1.1" 200 416
116.227.208.21 - - [04/Feb/2021:09:35:38 +0800] "GET /xingrg/all/function/internal_message.html?_=1612402535895&CODE_STATE=getMsg HTTP/1.1" 200 27
116.228.172.94 - - [04/Feb/2021:09:35:41 +0800] "POST /xingrg/kc/buy/cgsh_order_operate.html HTTP/1.1" 200 2065
120.253.135.82 - - [04/Feb/2021:09:35:46 +0800] "GET /xingrg/all/function/internal_message.html?_=1612402650180&CODE_STATE=getMsg HTTP/1.1" 200 27
116.228.172.94 - - [04/Feb/2021:09:35:47 +0800] "GET /xingrg/kc/buy/cgsh_order_operate.html?command=get_materiel&rest_code=00107&code=00101008051&supplier_code=00100006&order_time=2021-02-03 HTTP/1.1" 200 409
116.235.65.35 - - [04/Feb/2021:09:35:48 +0800] "POST /xingrg/supplier/cgsh_list_operate.html HTTP/1.1" 200 928
114.88.166.193 - - [04/Feb/2021:09:35:48 +0800] "GET /xingrg/kc/buy/cgsh_order_add.html HTTP/1.1" 200 62104
114.88.166.193 - - [04/Feb/2021:09:35:49 +0800] "POST /xingrg/kc/buy/cgsh_order_operate.html HTTP/1.1" 200 8245
114.88.166.193 - - [04/Feb/2021:09:35:49 +0800] "GET /xingrg/javascript/easyui/themes/default/validatebox.css HTTP/1.1" 404 1104
114.88.166.193 - - [04/Feb/2021:09:35:49 +0800] "GET /xingrg/all/function/internal_message.html?_=1612402548173&CODE_STATE=getMsg HTTP/1.1" 200 27
116.228.172.94 - - [04/Feb/2021:09:35:55 +0800] "GET /xingrg/kc/buy/cgsh_order_operate.html?command=get_materiel&rest_code=00107&code=00101008261&supplier_code=00100006&order_time=2021-02-03 HTTP/1.1" 200 408
120.253.135.82 - - [04/Feb/2021:09:35:57 +0800] "GET /xingrg/check_reg.html?_=1612402661336 HTTP/1.1" 200 22
114.88.166.193 - - [04/Feb/2021:09:35:59 +0800] "GET /xingrg/kc/buy/cgsh_order_operate.html?command=get_materiel&rest_code=00111&code=00101006129&supplier_code=00100012&order_time=2021-02-04 HTTP/1.1" 200 431
116.228.172.94 - - [04/Feb/2021:09:36:08 +0800] "GET /xingrg/all/function/internal_message.html?_=1612402561780&CODE_STATE=getMsg HTTP/1.1" 200 27
120.253.135.82 - - [04/Feb/2021:09:36:10 +0800] "GET /xingrg/check_reg.html?_=1612402606553 HTTP/1.1" 200 22
114.88.166.193 - - [04/Feb/2021:09:36:10 +0800] "GET /xingrg/kc/buy/cgsh_order_operate.html?command=get_materiel&rest_code=00111&code=00101006111&supplier_code=00100012&order_time=2021-02-04 HTTP/1.1" 200 409
58.40.7.146 - - [04/Feb/2021:09:36:11 +0800] "GET /xingrg/all/function/internal_message.html?_=1612402570675&CODE_STATE=getMsg HTTP/1.1" 200 27
120.253.135.82 - - [04/Feb/2021:09:36:15 +0800] "GET /xingrg/all/function/internal_message.html?_=1612402679850&CODE_STATE=getMsg HTTP/1.1" 200 27
58.221.95.50 - - [04/Feb/2021:09:36:16 +0800] "GET /xingrg/all/function/internal_message.html?_=1612402576393&CODE_STATE=getMsg HTTP/1.1" 200 27
218.81.223.240 - - [04/Feb/2021:09:36:16 +0800] "GET /xingrg/all/function/internal_message.html?_=1612402593076&CODE_STATE=getMsg HTTP/1.1" 200 27
101.85.93.83 - - [04/Feb/2021:09:36:17 +0800] "GET /xingrg/all/function/internal_message.html?_=1612402212452&CODE_STATE=getMsg HTTP/1.1" 200 27
116.235.65.35 - - [04/Feb/2021:09:36:20 +0800] "POST /xingrg/supplier/cgsh_list_operate.html HTTP/1.1" 200 928
114.88.166.193 - - [04/Feb/2021:09:36:22 +0800] "GET /xingrg/kc/buy/cgsh_order_operate.html?command=get_materiel&rest_code=00111&code=00101006057&supplier_code=00100012&order_time=2021-02-04 HTTP/1.1" 200 413
116.228.172.94 - - [04/Feb/2021:09:36:23 +0800] "GET /xingrg/kc/buy/cgsh_order_operate.html?command=get_materiel&rest_code=00107&code=00101008239&supplier_code=00100006&order_time=2021-02-03 HTTP/1.1" 200 416
180.169.147.146 - - [04/Feb/2021:09:36:24 +0800] "GET /xingrg/all/function/internal_message.html?_=1612402582148&CODE_STATE=getMsg HTTP/1.1" 200 27
120.253.135.82 - - [04/Feb/2021:09:36:27 +0800] "GET /xingrg/all/function/internal_message.html?_=1612402623323&CODE_STATE=getMsg HTTP/1.1" 200 27
116.233.72.128 - - [04/Feb/2021:09:36:29 +0800] "GET /xingrg/all/function/internal_message.html?_=1612402624375&CODE_STATE=getMsg HTTP/1.1" 200 27
61.165.42.208 - - [04/Feb/2021:09:36:30 +0800] "GET /xingrg/all/function/internal_message.html?_=1612402591588&CODE_STATE=getMsg HTTP/1.1" 200 27
180.169.147.146 - - [04/Feb/2021:09:36:30 +0800] "GET /xingrg/all/function/internal_message.html?_=1612402588403&CODE_STATE=getMsg HTTP/1.1" 200 27
222.69.132.6 - - [04/Feb/2021:09:36:31 +0800] "GET /xingrg/check_reg.html?_=1612402585926 HTTP/1.1" 200 22
222.69.132.6 - - [04/Feb/2021:09:36:31 +0800] "GET /xingrg/all/function/internal_message.html?_=1612402585927&CODE_STATE=getMsg HTTP/1.1" 200 27
180.169.147.146 - - [04/Feb/2021:09:36:32 +0800] "GET /xingrg/all/function/internal_message.html?_=1612402592714&CODE_STATE=getMsg HTTP/1.1" 200 27
116.224.253.72 - - [04/Feb/2021:09:36:33 +0800] "GET /xingrg/all/function/internal_message.html?_=1612402592340&CODE_STATE=getMsg HTTP/1.1" 200 27
116.224.253.72 - - [04/Feb/2021:09:36:33 +0800] "GET /xingrg/all/function/internal_message.html?_=1612402581426&CODE_STATE=getMsg HTTP/1.1" 200 27
218.81.223.240 - - [04/Feb/2021:09:36:33 +0800] "POST /xingrg/kc/buy/cgsh_order_operate.html HTTP/1.1" 200 37
218.81.223.240 - - [04/Feb/2021:09:36:35 +0800] "POST /xingrg/kc/buy/cgsh_order_operate.html HTTP/1.1" 200 47627
114.88.166.193 - - [04/Feb/2021:09:36:37 +0800] "GET /xingrg/kc/buy/cgsh_order_operate.html?command=get_materiel&rest_code=00111&code=00101006184&supplier_code=00100012&order_time=2021-02-04 HTTP/1.1" 200 408
116.227.208.21 - - [04/Feb/2021:09:36:38 +0800] "GET /xingrg/all/function/internal_message.html?_=1612402595896&CODE_STATE=getMsg HTTP/1.1" 200 27
218.81.223.240 - - [04/Feb/2021:09:36:42 +0800] "GET /xingrg/kc/print/load_config.html?kc_code=cgsh HTTP/1.1" 200 1845
218.81.223.240 - - [04/Feb/2021:09:36:42 +0800] "GET /xingrg/kc/print/load_data.html?order_code=212021020401495&kc_code=cgsh&condition= HTTP/1.1" 200 17727
120.253.135.82 - - [04/Feb/2021:09:36:46 +0800] "GET /xingrg/all/function/internal_message.html?_=1612402710332&CODE_STATE=getMsg HTTP/1.1" 200 27
116.235.65.35 - - [04/Feb/2021:09:36:48 +0800] "POST /xingrg/supplier/cgsh_list_operate.html HTTP/1.1" 200 5603
114.88.166.193 - - [04/Feb/2021:09:36:49 +0800] "GET /xingrg/all/function/internal_message.html?_=1612402608188&CODE_STATE=getMsg HTTP/1.1" 200 27
114.88.166.193 - - [04/Feb/2021:09:36:50 +0800] "GET /xingrg/kc/buy/cgsh_order_operate.html?command=get_materiel&rest_code=00111&code=00101006055&supplier_code=00100012&order_time=2021-02-04 HTTP/1.1" 200 409
114.88.166.193 - - [04/Feb/2021:09:36:58 +0800] "GET /xingrg/kc/buy/cgsh_order_operate.html?command=get_materiel&rest_code=00111&code=00101006056&supplier_code=00100012&order_time=2021-02-04 HTTP/1.1" 200 413
116.228.172.94 - - [04/Feb/2021:09:37:00 +0800] "GET /xingrg/kc/buy/cgsh_order_operate.html?command=get_materiel&rest_code=00107&code=00101008126&supplier_code=00100006&order_time=2021-02-03 HTTP/1.1" 200 432
114.88.166.193 - - [04/Feb/2021:09:37:08 +0800] "GET /xingrg/kc/buy/cgsh_order_operate.html?command=get_materiel&rest_code=00111&code=00101006065&supplier_code=00100012&order_time=2021-02-04 HTTP/1.1" 200 409
116.228.172.94 - - [04/Feb/2021:09:37:08 +0800] "GET /xingrg/all/function/internal_message.html?_=1612402621757&CODE_STATE=getMsg HTTP/1.1" 200 27
58.40.7.146 - - [04/Feb/2021:09:37:11 +0800] "GET /xingrg/all/function/internal_message.html?_=1612402630677&CODE_STATE=getMsg HTTP/1.1" 200 27
120.253.135.82 - - [04/Feb/2021:09:37:15 +0800] "GET /xingrg/all/function/internal_message.html?_=1612402739863&CODE_STATE=getMsg HTTP/1.1" 200 27
58.221.95.50 - - [04/Feb/2021:09:37:16 +0800] "GET /xingrg/all/function/internal_message.html?_=1612402636405&CODE_STATE=getMsg HTTP/1.1" 200 27
218.81.223.240 - - [04/Feb/2021:09:37:16 +0800] "GET /xingrg/all/function/internal_message.html?_=1612402653124&CODE_STATE=getMsg HTTP/1.1" 200 27
114.88.166.193 - - [04/Feb/2021:09:37:17 +0800] "GET /xingrg/kc/buy/cgsh_order_operate.html?command=get_materiel&rest_code=00111&code=00101006178&supplier_code=00100012&order_time=2021-02-04 HTTP/1.1" 200 409
101.85.93.83 - - [04/Feb/2021:09:37:17 +0800] "GET /xingrg/all/function/internal_message.html?_=1612402272450&CODE_STATE=getMsg HTTP/1.1" 200 27
58.40.7.146 - - [04/Feb/2021:09:37:19 +0800] "GET /xingrg/check_reg.html?_=1612402638351 HTTP/1.1" 200 22
116.228.172.94 - - [04/Feb/2021:09:37:21 +0800] "POST /xingrg/kc/buy/cgsh_order_operate.html HTTP/1.1" 200 2065
116.224.253.72 - - [04/Feb/2021:09:37:22 +0800] "GET /xingrg/check_reg.html?_=1612402630483 HTTP/1.1" 200 22
180.169.147.146 - - [04/Feb/2021:09:37:24 +0800] "GET /xingrg/all/function/internal_message.html?_=1612402642149&CODE_STATE=getMsg HTTP/1.1" 200 27
114.88.166.193 - - [04/Feb/2021:09:37:24 +0800] "GET /xingrg/kc/buy/cgsh_order_operate.html?command=get_materiel&rest_code=00111&code=00101018011&supplier_code=00100012&order_time=2021-02-04 HTTP/1.1" 200 413
120.253.135.82 - - [04/Feb/2021:09:37:27 +0800] "GET /xingrg/all/function/internal_message.html?_=1612402683354&CODE_STATE=getMsg HTTP/1.1" 200 27
116.233.72.128 - - [04/Feb/2021:09:37:29 +0800] "GET /xingrg/all/function/internal_message.html?_=1612402684375&CODE_STATE=getMsg HTTP/1.1" 200 27
61.165.42.208 - - [04/Feb/2021:09:37:30 +0800] "GET /xingrg/all/function/internal_message.html?_=1612402651596&CODE_STATE=getMsg HTTP/1.1" 200 27
180.169.147.146 - - [04/Feb/2021:09:37:30 +0800] "GET /xingrg/all/function/internal_message.html?_=1612402648405&CODE_STATE=getMsg HTTP/1.1" 200 27
222.69.132.6 - - [04/Feb/2021:09:37:31 +0800] "GET /xingrg/all/function/internal_message.html?_=1612402645926&CODE_STATE=getMsg HTTP/1.1" 200 27
180.169.147.146 - - [04/Feb/2021:09:37:32 +0800] "GET /xingrg/all/function/internal_message.html?_=1612402652718&CODE_STATE=getMsg HTTP/1.1" 200 27
116.224.253.72 - - [04/Feb/2021:09:37:33 +0800] "GET /xingrg/all/function/internal_message.html?_=1612402652353&CODE_STATE=getMsg HTTP/1.1" 200 27
116.224.253.72 - - [04/Feb/2021:09:37:33 +0800] "GET /xingrg/all/function/internal_message.html?_=1612402641432&CODE_STATE=getMsg HTTP/1.1" 200 27
114.88.166.193 - - [04/Feb/2021:09:37:34 +0800] "GET /xingrg/kc/buy/cgsh_order_operate.html?command=get_materiel&rest_code=00111&code=00101006038&supplier_code=00100012&order_time=2021-02-04 HTTP/1.1" 200 421
120.253.135.82 - - [04/Feb/2021:09:37:38 +0800] "GET /xingrg/check_reg.html?_=1612402762237 HTTP/1.1" 200 22
116.227.208.21 - - [04/Feb/2021:09:37:38 +0800] "GET /xingrg/check_reg.html?_=1612402655895 HTTP/1.1" 200 22
116.227.208.21 - - [04/Feb/2021:09:37:38 +0800] "GET /xingrg/all/function/internal_message.html?_=1612402655901&CODE_STATE=getMsg HTTP/1.1" 200 27
120.253.135.82 - - [04/Feb/2021:09:37:46 +0800] "GET /xingrg/all/function/internal_message.html?_=1612402770346&CODE_STATE=getMsg HTTP/1.1" 200 27
114.88.166.193 - - [04/Feb/2021:09:37:48 +0800] "GET /xingrg/kc/buy/cgsh_order_operate.html?command=get_materiel&rest_code=00111&code=00101006025&supplier_code=00100012&order_time=2021-02-04 HTTP/1.1" 200 417
114.88.166.193 - - [04/Feb/2021:09:37:49 +0800] "GET /xingrg/all/function/internal_message.html?_=1612402668202&CODE_STATE=getMsg HTTP/1.1" 200 27
116.228.172.94 - - [04/Feb/2021:09:37:50 +0800] "GET /xingrg/kc/buy/cgsh_order_operate.html?command=get_materiel&rest_code=00107&code=00101008270&supplier_code=00100006&order_time=2021-02-03 HTTP/1.1" 200 412
120.253.135.82 - - [04/Feb/2021:09:37:51 +0800] "GET /xingrg/check_reg.html?_=1612402775571 HTTP/1.1" 200 22
114.88.166.193 - - [04/Feb/2021:09:37:59 +0800] "GET /xingrg/kc/buy/cgsh_order_operate.html?command=get_materiel&rest_code=00111&code=00101011005&supplier_code=00100012&order_time=2021-02-04 HTTP/1.1" 200 428
116.227.208.21 - - [04/Feb/2021:09:38:07 +0800] "POST /xingrg/services/DataTransmitService HTTP/1.1" 200 524
116.227.208.21 - - [04/Feb/2021:09:38:08 +0800] "POST /xingrg/services/DataTransmitService HTTP/1.1" 200 1971
116.228.172.94 - - [04/Feb/2021:09:38:08 +0800] "GET /xingrg/all/function/internal_message.html?_=1612402681754&CODE_STATE=getMsg HTTP/1.1" 200 27
116.227.208.21 - - [04/Feb/2021:09:38:08 +0800] "POST /xingrg/services/DataTransmitService HTTP/1.1" 200 69499
120.253.135.82 - - [04/Feb/2021:09:38:11 +0800] "GET /xingrg/check_reg.html?_=1612402795495 HTTP/1.1" 200 22
58.40.7.146 - - [04/Feb/2021:09:38:11 +0800] "GET /xingrg/all/function/internal_message.html?_=1612402690682&CODE_STATE=getMsg HTTP/1.1" 200 27
120.253.135.82 - - [04/Feb/2021:09:38:15 +0800] "GET /xingrg/all/function/internal_message.html?_=1612402799904&CODE_STATE=getMsg HTTP/1.1" 200 27
58.221.95.50 - - [04/Feb/2021:09:38:16 +0800] "GET /xingrg/all/function/internal_message.html?_=1612402696391&CODE_STATE=getMsg HTTP/1.1" 200 27
218.81.223.240 - - [04/Feb/2021:09:38:16 +0800] "GET /xingrg/all/function/internal_message.html?_=1612402713134&CODE_STATE=getMsg HTTP/1.1" 200 27
116.228.172.94 - - [04/Feb/2021:09:38:17 +0800] "GET /xingrg/kc/buy/cgsh_order_operate.html?command=get_materiel&rest_code=00107&code=00101008100&supplier_code=00100006&order_time=2021-02-03 HTTP/1.1" 200 408
101.85.93.83 - - [04/Feb/2021:09:38:17 +0800] "GET /xingrg/all/function/internal_message.html?_=1612402332477&CODE_STATE=getMsg HTTP/1.1" 200 27
180.169.147.146 - - [04/Feb/2021:09:38:24 +0800] "GET /xingrg/all/function/internal_message.html?_=1612402702150&CODE_STATE=getMsg HTTP/1.1" 200 27
120.253.135.82 - - [04/Feb/2021:09:38:27 +0800] "GET /xingrg/all/function/internal_message.html?_=1612402743377&CODE_STATE=getMsg HTTP/1.1" 200 27
116.233.72.128 - - [04/Feb/2021:09:38:28 +0800] "GET /xingrg/all/function/internal_message.html?_=1612402744375&CODE_STATE=getMsg HTTP/1.1" 200 27
116.228.172.94 - - [04/Feb/2021:09:38:30 +0800] "GET /xingrg/kc/buy/cgsh_order_operate.html?command=get_materiel&rest_code=00107&code=00101008350&supplier_code=00100006&order_time=2021-02-03 HTTP/1.1" 200 410
61.165.42.208 - - [04/Feb/2021:09:38:30 +0800] "GET /xingrg/all/function/internal_message.html?_=1612402711587&CODE_STATE=getMsg HTTP/1.1" 200 27
61.165.42.208 - - [04/Feb/2021:09:38:30 +0800] "GET /xingrg/check_reg.html?_=1612402711650 HTTP/1.1" 200 22
180.169.147.146 - - [04/Feb/2021:09:38:30 +0800] "GET /xingrg/all/function/internal_message.html?_=1612402708405&CODE_STATE=getMsg HTTP/1.1" 200 27
222.69.132.6 - - [04/Feb/2021:09:38:31 +0800] "GET /xingrg/all/function/internal_message.html?_=1612402705928&CODE_STATE=getMsg HTTP/1.1" 200 27
180.169.147.146 - - [04/Feb/2021:09:38:32 +0800] "GET /xingrg/check_reg.html?_=1612402712724 HTTP/1.1" 200 22
180.169.147.146 - - [04/Feb/2021:09:38:32 +0800] "GET /xingrg/all/function/internal_message.html?_=1612402712720&CODE_STATE=getMsg HTTP/1.1" 200 27
116.224.253.72 - - [04/Feb/2021:09:38:33 +0800] "GET /xingrg/all/function/internal_message.html?_=1612402712350&CODE_STATE=getMsg HTTP/1.1" 200 27
116.224.253.72 - - [04/Feb/2021:09:38:33 +0800] "GET /xingrg/all/function/internal_message.html?_=1612402701447&CODE_STATE=getMsg HTTP/1.1" 200 27
116.227.208.21 - - [04/Feb/2021:09:38:38 +0800] "POST /xingrg/services/DataTransmitService HTTP/1.1" 200 524
116.227.208.21 - - [04/Feb/2021:09:38:38 +0800] "POST /xingrg/services/DataTransmitService HTTP/1.1" 200 1971
116.227.208.21 - - [04/Feb/2021:09:38:38 +0800] "GET /xingrg/all/function/internal_message.html?_=1612402715896&CODE_STATE=getMsg HTTP/1.1" 200 27
58.37.230.33 - - [04/Feb/2021:09:38:39 +0800] "GET /xingrg/check_reg.html?_=1612402733266 HTTP/1.1" 200 22
116.227.208.21 - - [04/Feb/2021:09:38:44 +0800] "POST /xingrg/services/DataTransmitService HTTP/1.1" 200 524
116.227.208.21 - - [04/Feb/2021:09:38:45 +0800] "POST /xingrg/services/DataTransmitService HTTP/1.1" 200 1971
120.253.135.82 - - [04/Feb/2021:09:38:46 +0800] "GET /xingrg/all/function/internal_message.html?_=1612402830359&CODE_STATE=getMsg HTTP/1.1" 200 27
172.20.0.100 - - [04/Feb/2021:09:38:46 +0800] "GET /xingrg/check_reg.html?_=1612402724903 HTTP/1.1" 200 22
116.228.172.94 - - [04/Feb/2021:09:38:48 +0800] "GET /xingrg/kc/buy/cgsh_order_operate.html?command=get_materiel&rest_code=00107&code=00101008105&supplier_code=00100006&order_time=2021-02-03 HTTP/1.1" 200 412
114.88.166.193 - - [04/Feb/2021:09:38:49 +0800] "GET /xingrg/check_reg.html?_=1612402727315 HTTP/1.1" 200 22
114.88.166.193 - - [04/Feb/2021:09:38:50 +0800] "GET /xingrg/all/function/internal_message.html?_=1612402728475&CODE_STATE=getMsg HTTP/1.1" 200 27
116.228.172.94 - - [04/Feb/2021:09:38:51 +0800] "POST /xingrg/kc/buy/cgsh_order_operate.html HTTP/1.1" 200 2065
114.88.166.193 - - [04/Feb/2021:09:38:53 +0800] "POST /xingrg/kc/buy/cgsh_order_operate.html HTTP/1.1" 200 37
116.227.208.21 - - [04/Feb/2021:09:38:53 +0800] "POST /xingrg/services/DataTransmitService HTTP/1.1" 200 524
116.227.208.21 - - [04/Feb/2021:09:38:54 +0800] "POST /xingrg/services/DataTransmitService HTTP/1.1" 200 1971
114.88.166.193 - - [04/Feb/2021:09:38:54 +0800] "POST /xingrg/kc/buy/cgsh_order_operate.html HTTP/1.1" 200 9220
116.227.208.21 - - [04/Feb/2021:09:38:55 +0800] "POST /xingrg/services/DataTransmitService HTTP/1.1" 200 524
116.227.208.21 - - [04/Feb/2021:09:38:55 +0800] "POST /xingrg/services/DataTransmitService HTTP/1.1" 200 1971
116.227.208.21 - - [04/Feb/2021:09:38:56 +0800] "POST /xingrg/services/DataTransmitService HTTP/1.1" 200 524
114.88.166.193 - - [04/Feb/2021:09:38:56 +0800] "GET /xingrg/kc/print/load_data.html?order_code=212021020401500&kc_code=cgsh&condition= HTTP/1.1" 200 3267
116.227.208.21 - - [04/Feb/2021:09:38:56 +0800] "POST /xingrg/services/DataTransmitService HTTP/1.1" 200 1971
116.228.172.94 - - [04/Feb/2021:09:39:01 +0800] "GET /xingrg/kc/buy/cgsh_order_operate.html?command=get_materiel&rest_code=00107&code=00101008119&supplier_code=00100006&order_time=2021-02-03 HTTP/1.1" 200 412
116.228.172.94 - - [04/Feb/2021:09:39:08 +0800] "GET /xingrg/all/function/internal_message.html?_=1612402741725&CODE_STATE=getMsg HTTP/1.1" 200 27
58.40.7.146 - - [04/Feb/2021:09:39:11 +0800] "GET /xingrg/all/function/internal_message.html?_=1612402750684&CODE_STATE=getMsg HTTP/1.1" 200 27
116.227.208.21 - - [04/Feb/2021:09:39:13 +0800] "POST /xingrg/services/DataTransmitService HTTP/1.1" 200 524
116.227.208.21 - - [04/Feb/2021:09:39:13 +0800] "POST /xingrg/services/DataTransmitService HTTP/1.1" 200 1971
120.253.135.82 - - [04/Feb/2021:09:39:15 +0800] "GET /xingrg/all/function/internal_message.html?_=1612402859905&CODE_STATE=getMsg HTTP/1.1" 200 27
58.221.95.50 - - [04/Feb/2021:09:39:16 +0800] "GET /xingrg/all/function/internal_message.html?_=1612402756376&CODE_STATE=getMsg HTTP/1.1" 200 27
116.227.208.21 - - [04/Feb/2021:09:39:16 +0800] "POST /xingrg/services/DataTransmitService HTTP/1.1" 200 524
218.81.223.240 - - [04/Feb/2021:09:39:16 +0800] "GET /xingrg/all/function/internal_message.html?_=1612402773186&CODE_STATE=getMsg HTTP/1.1" 200 27
116.227.208.21 - - [04/Feb/2021:09:39:16 +0800] "POST /xingrg/services/DataTransmitService HTTP/1.1" 200 1971
101.85.93.83 - - [04/Feb/2021:09:39:17 +0800] "GET /xingrg/check_reg.html?_=1612402392476 HTTP/1.1" 200 22
101.85.93.83 - - [04/Feb/2021:09:39:17 +0800] "GET /xingrg/all/function/internal_message.html?_=1612402392475&CODE_STATE=getMsg HTTP/1.1" 200 27
180.169.147.146 - - [04/Feb/2021:09:39:24 +0800] "GET /xingrg/all/function/internal_message.html?_=1612402762151&CODE_STATE=getMsg HTTP/1.1" 200 27
120.253.135.82 - - [04/Feb/2021:09:39:27 +0800] "GET /xingrg/all/function/internal_message.html?_=1612402803380&CODE_STATE=getMsg HTTP/1.1" 200 27
116.233.72.128 - - [04/Feb/2021:09:39:27 +0800] "GET /xingrg/all/function/internal_message.html?_=1612402804390&CODE_STATE=getMsg HTTP/1.1" 200 27
61.165.42.208 - - [04/Feb/2021:09:39:30 +0800] "GET /xingrg/all/function/internal_message.html?_=1612402771595&CODE_STATE=getMsg HTTP/1.1" 200 27
180.169.147.146 - - [04/Feb/2021:09:39:30 +0800] "GET /xingrg/all/function/internal_message.html?_=1612402768406&CODE_STATE=getMsg HTTP/1.1" 200 27
180.169.147.146 - - [04/Feb/2021:09:39:30 +0800] "GET /xingrg/check_reg.html?_=1612402768405 HTTP/1.1" 200 22
222.69.132.6 - - [04/Feb/2021:09:39:31 +0800] "GET /xingrg/all/function/internal_message.html?_=1612402765927&CODE_STATE=getMsg HTTP/1.1" 200 27
116.228.172.94 - - [04/Feb/2021:09:39:32 +0800] "GET /xingrg/kc/buy/cgsh_order_operate.html?command=get_materiel&rest_code=00107&code=00101008168&supplier_code=00100006&order_time=2021-02-03 HTTP/1.1" 200 413
180.169.147.146 - - [04/Feb/2021:09:39:32 +0800] "GET /xingrg/all/function/internal_message.html?_=1612402772726&CODE_STATE=getMsg HTTP/1.1" 200 27
116.224.253.72 - - [04/Feb/2021:09:39:33 +0800] "GET /xingrg/check_reg.html?_=1612402772344 HTTP/1.1" 200 22
116.224.253.72 - - [04/Feb/2021:09:39:33 +0800] "GET /xingrg/all/function/internal_message.html?_=1612402772356&CODE_STATE=getMsg HTTP/1.1" 200 27
116.224.253.72 - - [04/Feb/2021:09:39:33 +0800] "GET /xingrg/all/function/internal_message.html?_=1612402761475&CODE_STATE=getMsg HTTP/1.1" 200 27
114.88.166.193 - - [04/Feb/2021:09:39:35 +0800] "GET /xingrg/kc/buy/cgsh_order_add.html HTTP/1.1" 200 62104
114.88.166.193 - - [04/Feb/2021:09:39:37 +0800] "POST /xingrg/kc/buy/cgsh_order_operate.html HTTP/1.1" 200 8245
114.88.166.193 - - [04/Feb/2021:09:39:37 +0800] "GET /xingrg/javascript/easyui/themes/default/validatebox.css HTTP/1.1" 404 1104
116.227.208.21 - - [04/Feb/2021:09:39:38 +0800] "GET /xingrg/all/function/internal_message.html?_=1612402775892&CODE_STATE=getMsg HTTP/1.1" 200 27
120.253.135.82 - - [04/Feb/2021:09:39:44 +0800] "GET /xingrg/check_reg.html?_=1612402888953 HTTP/1.1" 200 22
120.253.135.82 - - [04/Feb/2021:09:39:46 +0800] "GET /xingrg/all/function/internal_message.html?_=1612402890519&CODE_STATE=getMsg HTTP/1.1" 200 27
114.88.166.193 - - [04/Feb/2021:09:39:50 +0800] "GET /xingrg/all/function/internal_message.html?_=1612402788478&CODE_STATE=getMsg HTTP/1.1" 200 27
116.228.172.94 - - [04/Feb/2021:09:40:00 +0800] "POST /xingrg/kc/buy/cgsh_order_operate.html HTTP/1.1" 200 2065
116.228.172.94 - - [04/Feb/2021:09:40:08 +0800] "GET /xingrg/check_reg.html?_=1612402801168 HTTP/1.1" 200 22
116.228.172.94 - - [04/Feb/2021:09:40:08 +0800] "GET /xingrg/all/function/internal_message.html?_=1612402801741&CODE_STATE=getMsg HTTP/1.1" 200 27
58.40.7.146 - - [04/Feb/2021:09:40:11 +0800] "GET /xingrg/all/function/internal_message.html?_=1612402810672&CODE_STATE=getMsg HTTP/1.1" 200 27
120.253.135.82 - - [04/Feb/2021:09:40:15 +0800] "GET /xingrg/all/function/internal_message.html?_=1612402919944&CODE_STATE=getMsg HTTP/1.1" 200 27
218.81.223.240 - - [04/Feb/2021:09:40:16 +0800] "GET /xingrg/check_reg.html?_=1612402832745 HTTP/1.1" 200 22
58.221.95.50 - - [04/Feb/2021:09:40:16 +0800] "GET /xingrg/all/function/internal_message.html?_=1612402816347&CODE_STATE=getMsg HTTP/1.1" 200 27
58.221.95.50 - - [04/Feb/2021:09:40:16 +0800] "GET /xingrg/check_reg.html?_=1612402816459 HTTP/1.1" 200 22
218.81.223.240 - - [04/Feb/2021:09:40:16 +0800] "GET /xingrg/all/function/internal_message.html?_=1612402833223&CODE_STATE=getMsg HTTP/1.1" 200 27
101.85.93.83 - - [04/Feb/2021:09:40:17 +0800] "GET /xingrg/all/function/internal_message.html?_=1612402452474&CODE_STATE=getMsg HTTP/1.1" 200 27
116.228.172.94 - - [04/Feb/2021:09:40:21 +0800] "GET /xingrg/kc/buy/cgsh_order_operate.html?command=get_materiel&rest_code=00107&code=00101008092&supplier_code=00100006&order_time=2021-02-03 HTTP/1.1" 200 412
180.169.147.146 - - [04/Feb/2021:09:40:24 +0800] "GET /xingrg/check_reg.html?_=1612402822150 HTTP/1.1" 200 22
180.169.147.146 - - [04/Feb/2021:09:40:24 +0800] "GET /xingrg/all/function/internal_message.html?_=1612402822153&CODE_STATE=getMsg HTTP/1.1" 200 27
116.233.72.128 - - [04/Feb/2021:09:40:27 +0800] "GET /xingrg/check_reg.html?_=1612402864296 HTTP/1.1" 200 22
120.253.135.82 - - [04/Feb/2021:09:40:27 +0800] "GET /xingrg/all/function/internal_message.html?_=1612402863402&CODE_STATE=getMsg HTTP/1.1" 200 27
116.233.72.128 - - [04/Feb/2021:09:40:27 +0800] "GET /xingrg/all/function/internal_message.html?_=1612402864390&CODE_STATE=getMsg HTTP/1.1" 200 27
61.165.42.208 - - [04/Feb/2021:09:40:30 +0800] "GET /xingrg/all/function/internal_message.html?_=1612402831599&CODE_STATE=getMsg HTTP/1.1" 200 27
180.169.147.146 - - [04/Feb/2021:09:40:30 +0800] "GET /xingrg/all/function/internal_message.html?_=1612402828430&CODE_STATE=getMsg HTTP/1.1" 200 27
222.69.132.6 - - [04/Feb/2021:09:40:31 +0800] "GET /xingrg/all/function/internal_message.html?_=1612402825929&CODE_STATE=getMsg HTTP/1.1" 200 27
116.228.172.94 - - [04/Feb/2021:09:40:31 +0800] "GET /xingrg/kc/buy/cgsh_order_operate.html?command=get_materiel&rest_code=00107&code=00101008041&supplier_code=00100006&order_time=2021-02-03 HTTP/1.1" 200 408
180.169.147.146 - - [04/Feb/2021:09:40:32 +0800] "GET /xingrg/all/function/internal_message.html?_=1612402832727&CODE_STATE=getMsg HTTP/1.1" 200 27
116.224.253.72 - - [04/Feb/2021:09:40:33 +0800] "GET /xingrg/all/function/internal_message.html?_=1612402832351&CODE_STATE=getMsg HTTP/1.1" 200 27
116.224.253.72 - - [04/Feb/2021:09:40:33 +0800] "GET /xingrg/all/function/internal_message.html?_=1612402821490&CODE_STATE=getMsg HTTP/1.1" 200 27
116.227.208.21 - - [04/Feb/2021:09:40:38 +0800] "GET /xingrg/all/function/internal_message.html?_=1612402835897&CODE_STATE=getMsg HTTP/1.1" 200 27
116.228.172.94 - - [04/Feb/2021:09:40:40 +0800] "GET /xingrg/kc/buy/cgsh_order_operate.html?command=get_materiel&rest_code=00107&code=00101008114&supplier_code=00100006&order_time=2021-02-03 HTTP/1.1" 200 413
114.88.166.193 - - [04/Feb/2021:09:40:43 +0800] "GET /xingrg/kc/buy/cgsh_order_operate.html?command=get_materiel&rest_code=00111&code=00101015038&supplier_code=00100037&order_time=2021-02-04 HTTP/1.1" 200 418
