114.88.166.193 - - [04/Feb/2021:08:49:42 +0800] "GET /xingrg/all/function/internal_message.html?_=1612399780373&CODE_STATE=getMsg HTTP/1.1" 200 27
120.253.135.82 - - [04/Feb/2021:08:49:42 +0800] "GET /xingrg/all/function/internal_message.html?_=1612399887111&CODE_STATE=getMsg HTTP/1.1" 200 27
120.253.135.82 - - [04/Feb/2021:08:49:44 +0800] "GET /xingrg/check_reg.html?_=1612399888885 HTTP/1.1" 200 22
116.228.172.94 - - [04/Feb/2021:08:49:46 +0800] "GET /xingrg/javascript/easyui/themes/default/tree.css HTTP/1.1" 404 1090
116.228.172.94 - - [04/Feb/2021:08:49:47 +0800] "POST /xingrg/all/common/load_tree.html?tree=supplier_tree_json&manage=1 HTTP/1.1" 200 55684
117.184.7.30 - - [04/Feb/2021:08:49:49 +0800] "GET /xingrg/check_reg.html?_=1612399765013 HTTP/1.1" 200 22
116.228.172.94 - - [04/Feb/2021:08:49:56 +0800] "POST /xingrg/kc/buy/cgsh_list_operate.html HTTP/1.1" 200 5321
117.184.7.30 - - [04/Feb/2021:08:50:02 +0800] "GET /xingrg/all/function/internal_message.html?_=1612399778018&CODE_STATE=getMsg HTTP/1.1" 200 27
218.81.223.240 - - [04/Feb/2021:08:50:03 +0800] "GET /xingrg/all/function/internal_message.html?_=1612399820173&CODE_STATE=getMsg HTTP/1.1" 200 27
116.224.253.72 - - [04/Feb/2021:08:50:06 +0800] "GET /xingrg/all/function/internal_message.html?_=1612399794368&CODE_STATE=getMsg HTTP/1.1" 200 27
116.228.172.94 - - [04/Feb/2021:08:50:08 +0800] "GET /xingrg/check_reg.html?_=1612399801081 HTTP/1.1" 200 22
116.228.172.94 - - [04/Feb/2021:08:50:08 +0800] "GET /xingrg/all/function/internal_message.html?_=1612399801084&CODE_STATE=getMsg HTTP/1.1" 200 27
58.221.95.50 - - [04/Feb/2021:08:50:11 +0800] "POST /xingrg/kc/base/check_list_operate.html HTTP/1.1" 302 -
58.221.95.50 - - [04/Feb/2021:08:50:11 +0800] "GET /xingrg/login.html HTTP/1.1" 200 7641
58.40.7.146 - - [04/Feb/2021:08:50:11 +0800] "GET /xingrg/all/function/internal_message.html?_=1612399810647&CODE_STATE=getMsg HTTP/1.1" 200 27
58.221.95.50 - - [04/Feb/2021:08:50:11 +0800] "GET /xingrg/kc/base/images/blue/login_bg.png HTTP/1.1" 404 1072
58.221.95.50 - - [04/Feb/2021:08:50:11 +0800] "GET /xingrg/kc/base/images/blue/srbg.png HTTP/1.1" 404 1064
58.221.95.50 - - [04/Feb/2021:08:50:11 +0800] "GET /xingrg/kc/base/images/blue/hj.png HTTP/1.1" 404 1060
120.253.135.82 - - [04/Feb/2021:08:50:14 +0800] "GET /xingrg/all/function/internal_message.html?_=1612399918876&CODE_STATE=getMsg HTTP/1.1" 200 27
58.221.95.50 - - [04/Feb/2021:08:50:14 +0800] "GET /xingrg/index.html?sysBaseUrl=http%3A%2F%2F180.169.147.146%3A18081%2Fxingrg%2F&costTime=43×tamp=1605075543692 HTTP/1.1" 302 -
58.221.95.50 - - [04/Feb/2021:08:50:14 +0800] "GET /xingrg/login.html HTTP/1.1" 200 7641
58.221.95.50 - - [04/Feb/2021:08:50:15 +0800] "GET /favicon.ico HTTP/1.1" 404 -
58.221.95.50 - - [04/Feb/2021:08:50:16 +0800] "POST /xingrg/login.do HTTP/1.1" 302 -
58.221.95.50 - - [04/Feb/2021:08:50:16 +0800] "GET /xingrg/index.html?sysBaseUrl=http%3A%2F%2F180.169.147.146%3A18081%2Fxingrg%2F&costTime=39×tamp=1612399816016 HTTP/1.1" 200 17417
58.221.95.50 - - [04/Feb/2021:08:50:16 +0800] "GET /favicon.ico HTTP/1.1" 404 -
58.221.95.50 - - [04/Feb/2021:08:50:16 +0800] "POST /xingrg/all/common/load_tree.html?tree=area_rest_tree_json&manage=1 HTTP/1.1" 200 3344
58.221.95.50 - - [04/Feb/2021:08:50:16 +0800] "GET /xingrg/all/function/internal_message.html?_=1612399816244&CODE_STATE=count HTTP/1.1" 200 11
58.221.95.50 - - [04/Feb/2021:08:50:16 +0800] "GET /xingrg/check_reg.html?_=1612399816244 HTTP/1.1" 200 22
58.221.95.50 - - [04/Feb/2021:08:50:16 +0800] "POST /xingrg/load_menu.html HTTP/1.1" 200 9959
120.253.135.82 - - [04/Feb/2021:08:50:20 +0800] "GET /xingrg/all/function/internal_message.html?_=1612399583309&CODE_STATE=getMsg HTTP/1.1" 200 27
58.221.95.50 - - [04/Feb/2021:08:50:20 +0800] "GET /xingrg/kc/base/base_main.html HTTP/1.1" 200 12142
58.221.95.50 - - [04/Feb/2021:08:50:21 +0800] "GET /xingrg/kc/base/check_order_list.html HTTP/1.1" 200 16468
58.221.95.50 - - [04/Feb/2021:08:50:22 +0800] "POST /xingrg/kc/base/check_list_operate.html HTTP/1.1" 200 781
58.221.95.50 - - [04/Feb/2021:08:50:25 +0800] "POST /xingrg/kc/base/check_list_operate.html HTTP/1.1" 200 5217
120.253.135.82 - - [04/Feb/2021:08:50:26 +0800] "GET /xingrg/all/function/internal_message.html?_=1612399862628&CODE_STATE=getMsg HTTP/1.1" 200 27
116.224.253.72 - - [04/Feb/2021:08:50:28 +0800] "GET /xingrg/all/function/internal_message.html?_=1612399827335&CODE_STATE=getMsg HTTP/1.1" 200 27
58.221.95.50 - - [04/Feb/2021:08:50:29 +0800] "GET /xingrg/kc/base/check_order_add.html HTTP/1.1" 200 25304
58.221.95.50 - - [04/Feb/2021:08:50:29 +0800] "GET /xingrg/dwr/util.js HTTP/1.1" 304 -
58.221.95.50 - - [04/Feb/2021:08:50:29 +0800] "GET /xingrg/dwr/interface/AjaxCheckService.js HTTP/1.1" 200 14003
58.221.95.50 - - [04/Feb/2021:08:50:29 +0800] "GET /xingrg/dwr/interface/AjaxComOrderService.js HTTP/1.1" 200 18264
58.221.95.50 - - [04/Feb/2021:08:50:29 +0800] "GET /xingrg/dwr/engine.js HTTP/1.1" 200 43631
222.69.132.6 - - [04/Feb/2021:08:50:31 +0800] "GET /xingrg/all/function/internal_message.html?_=1612399825842&CODE_STATE=getMsg HTTP/1.1" 200 27
116.227.208.21 - - [04/Feb/2021:08:50:38 +0800] "GET /xingrg/all/function/internal_message.html?_=1612399835894&CODE_STATE=getMsg HTTP/1.1" 200 27
58.221.95.50 - - [04/Feb/2021:08:50:39 +0800] "POST /xingrg/dwr/call/plaincall/AjaxCheckService.saveOrder.dwr HTTP/1.1" 200 78
58.221.95.50 - - [04/Feb/2021:08:50:41 +0800] "POST /xingrg/dwr/call/plaincall/AjaxCheckService.loadOrderItems.dwr HTTP/1.1" 200 367
114.88.166.193 - - [04/Feb/2021:08:50:42 +0800] "GET /xingrg/all/function/internal_message.html?_=1612399840438&CODE_STATE=getMsg HTTP/1.1" 200 27
120.253.135.82 - - [04/Feb/2021:08:50:42 +0800] "GET /xingrg/all/function/internal_message.html?_=1612399947117&CODE_STATE=getMsg HTTP/1.1" 200 27
58.221.95.50 - - [04/Feb/2021:08:50:49 +0800] "POST /xingrg/dwr/call/plaincall/AjaxCheckService.importOrderItems.dwr HTTP/1.1" 200 78
58.221.95.50 - - [04/Feb/2021:08:50:50 +0800] "POST /xingrg/dwr/call/plaincall/AjaxCheckService.loadOrderItems.dwr HTTP/1.1" 200 100647
120.253.135.82 - - [04/Feb/2021:08:50:55 +0800] "GET /xingrg/check_reg.html?_=1612399618370 HTTP/1.1" 200 22
120.253.135.82 - - [04/Feb/2021:08:50:57 +0800] "GET /xingrg/check_reg.html?_=1612399961283 HTTP/1.1" 200 22
117.184.7.30 - - [04/Feb/2021:08:51:02 +0800] "GET /xingrg/all/function/internal_message.html?_=1612399838001&CODE_STATE=getMsg HTTP/1.1" 200 27
218.81.223.240 - - [04/Feb/2021:08:51:04 +0800] "GET /xingrg/all/function/internal_message.html?_=1612399880724&CODE_STATE=getMsg HTTP/1.1" 200 27
116.224.253.72 - - [04/Feb/2021:08:51:06 +0800] "GET /xingrg/check_reg.html?_=1612399854119 HTTP/1.1" 200 22
116.224.253.72 - - [04/Feb/2021:08:51:06 +0800] "GET /xingrg/all/function/internal_message.html?_=1612399854382&CODE_STATE=getMsg HTTP/1.1" 200 27
116.228.172.94 - - [04/Feb/2021:08:51:08 +0800] "GET /xingrg/all/function/internal_message.html?_=1612399861083&CODE_STATE=getMsg HTTP/1.1" 200 27
120.253.135.82 - - [04/Feb/2021:08:51:10 +0800] "GET /xingrg/check_reg.html?_=1612399906506 HTTP/1.1" 200 22
58.40.7.146 - - [04/Feb/2021:08:51:11 +0800] "GET /xingrg/all/function/internal_message.html?_=1612399870633&CODE_STATE=getMsg HTTP/1.1" 200 27
120.253.135.82 - - [04/Feb/2021:08:51:14 +0800] "GET /xingrg/all/function/internal_message.html?_=1612399978880&CODE_STATE=getMsg HTTP/1.1" 200 27
58.221.95.50 - - [04/Feb/2021:08:51:16 +0800] "GET /xingrg/all/function/internal_message.html?_=1612399876250&CODE_STATE=getMsg HTTP/1.1" 200 27
114.88.166.193 - - [04/Feb/2021:08:51:18 +0800] "GET /xingrg/check_reg.html?_=1612399876791 HTTP/1.1" 200 22
120.253.135.82 - - [04/Feb/2021:08:51:20 +0800] "GET /xingrg/all/function/internal_message.html?_=1612399643322&CODE_STATE=getMsg HTTP/1.1" 200 27
120.253.135.82 - - [04/Feb/2021:08:51:26 +0800] "GET /xingrg/all/function/internal_message.html?_=1612399922635&CODE_STATE=getMsg HTTP/1.1" 200 27
116.224.253.72 - - [04/Feb/2021:08:51:28 +0800] "GET /xingrg/all/function/internal_message.html?_=1612399887332&CODE_STATE=getMsg HTTP/1.1" 200 27
222.69.132.6 - - [04/Feb/2021:08:51:31 +0800] "GET /xingrg/all/function/internal_message.html?_=1612399885838&CODE_STATE=getMsg HTTP/1.1" 200 27
222.69.132.6 - - [04/Feb/2021:08:51:31 +0800] "GET /xingrg/check_reg.html?_=1612399885842 HTTP/1.1" 200 22
116.227.208.21 - - [04/Feb/2021:08:51:38 +0800] "GET /xingrg/all/function/internal_message.html?_=1612399895895&CODE_STATE=getMsg HTTP/1.1" 200 27
114.88.166.193 - - [04/Feb/2021:08:51:42 +0800] "GET /xingrg/all/function/internal_message.html?_=1612399900447&CODE_STATE=getMsg HTTP/1.1" 200 27
120.253.135.82 - - [04/Feb/2021:08:51:43 +0800] "GET /xingrg/all/function/internal_message.html?_=1612400007286&CODE_STATE=getMsg HTTP/1.1" 200 27
218.81.223.240 - - [04/Feb/2021:08:51:55 +0800] "GET /xingrg/check_reg.html?_=1612399931715 HTTP/1.1" 200 22
116.228.172.94 - - [04/Feb/2021:08:51:58 +0800] "GET /xingrg/kc/buy/cgsh_order_add.html HTTP/1.1" 200 62192
116.228.172.94 - - [04/Feb/2021:08:52:00 +0800] "GET /xingrg/all/common/auto_word.html?type=employee&rest_code=00107 HTTP/1.1" 200 151
116.228.172.94 - - [04/Feb/2021:08:52:00 +0800] "GET /xingrg/all/common/auto_word.html?type=employee&rest_code=00107 HTTP/1.1" 200 151
116.228.172.94 - - [04/Feb/2021:08:52:00 +0800] "GET /xingrg/javascript/easyui/themes/default/validatebox.css HTTP/1.1" 404 1104
116.228.172.94 - - [04/Feb/2021:08:52:00 +0800] "POST /xingrg/kc/buy/cgsh_order_operate.html HTTP/1.1" 200 8245
58.221.95.50 - - [04/Feb/2021:08:52:00 +0800] "POST /xingrg/kc/base/check_list_operate.html HTTP/1.1" 200 5192
116.228.172.94 - - [04/Feb/2021:08:52:01 +0800] "GET /xingrg/javascript/easyui/themes/default/tree.css HTTP/1.1" 404 1090
116.228.172.94 - - [04/Feb/2021:08:52:01 +0800] "POST /xingrg/all/common/load_tree.html?tree=supplier_tree_json&isDelete=1 HTTP/1.1" 200 54827
117.184.7.30 - - [04/Feb/2021:08:52:02 +0800] "GET /xingrg/all/function/internal_message.html?_=1612399897994&CODE_STATE=getMsg HTTP/1.1" 200 27
58.221.95.50 - - [04/Feb/2021:08:52:02 +0800] "GET /xingrg/kc/base/check_order_add.html HTTP/1.1" 200 25304
58.221.95.50 - - [04/Feb/2021:08:52:02 +0800] "GET /xingrg/dwr/interface/AjaxComOrderService.js HTTP/1.1" 200 18264
58.221.95.50 - - [04/Feb/2021:08:52:02 +0800] "GET /xingrg/dwr/interface/AjaxCheckService.js HTTP/1.1" 200 14003
58.221.95.50 - - [04/Feb/2021:08:52:03 +0800] "GET /xingrg/dwr/engine.js HTTP/1.1" 200 43631
218.81.223.240 - - [04/Feb/2021:08:52:04 +0800] "GET /xingrg/all/function/internal_message.html?_=1612399940730&CODE_STATE=getMsg HTTP/1.1" 200 27
116.224.253.72 - - [04/Feb/2021:08:52:06 +0800] "GET /xingrg/all/function/internal_message.html?_=1612399914395&CODE_STATE=getMsg HTTP/1.1" 200 27
116.228.172.94 - - [04/Feb/2021:08:52:08 +0800] "GET /xingrg/all/function/internal_message.html?_=1612399921091&CODE_STATE=getMsg HTTP/1.1" 200 27
58.40.7.146 - - [04/Feb/2021:08:52:11 +0800] "GET /xingrg/all/function/internal_message.html?_=1612399930635&CODE_STATE=getMsg HTTP/1.1" 200 27
180.169.147.146 - - [04/Feb/2021:08:52:13 +0800] "GET /xingrg/login.html HTTP/1.1" 200 7641
180.169.147.146 - - [04/Feb/2021:08:52:14 +0800] "GET /favicon.ico HTTP/1.1" 404 -
120.253.135.82 - - [04/Feb/2021:08:52:14 +0800] "GET /xingrg/all/function/internal_message.html?_=1612400038893&CODE_STATE=getMsg HTTP/1.1" 200 27
58.221.95.50 - - [04/Feb/2021:08:52:15 +0800] "POST /xingrg/dwr/call/plaincall/AjaxCheckService.saveOrder.dwr HTTP/1.1" 200 78
58.221.95.50 - - [04/Feb/2021:08:52:16 +0800] "GET /xingrg/all/function/internal_message.html?_=1612399936844&CODE_STATE=getMsg HTTP/1.1" 200 27
58.221.95.50 - - [04/Feb/2021:08:52:16 +0800] "POST /xingrg/dwr/call/plaincall/AjaxCheckService.loadOrderItems.dwr HTTP/1.1" 200 367
58.40.7.146 - - [04/Feb/2021:08:52:19 +0800] "GET /xingrg/check_reg.html?_=1612399938480 HTTP/1.1" 200 22
120.253.135.82 - - [04/Feb/2021:08:52:20 +0800] "GET /xingrg/all/function/internal_message.html?_=1612399703337&CODE_STATE=getMsg HTTP/1.1" 200 27
180.169.147.146 - - [04/Feb/2021:08:52:20 +0800] "POST /xingrg/login.do HTTP/1.1" 302 -
180.169.147.146 - - [04/Feb/2021:08:52:20 +0800] "GET /xingrg/index.html?sysBaseUrl=http%3A%2F%2F180.169.147.146%3A18081%2Fxingrg%2F&costTime=38×tamp=1612399940531 HTTP/1.1" 200 17503
180.169.147.146 - - [04/Feb/2021:08:52:20 +0800] "GET /favicon.ico HTTP/1.1" 404 -
180.169.147.146 - - [04/Feb/2021:08:52:21 +0800] "POST /xingrg/all/common/load_tree.html?tree=area_rest_tree_json&manage=1 HTTP/1.1" 200 3216
180.169.147.146 - - [04/Feb/2021:08:52:21 +0800] "GET /xingrg/all/function/internal_message.html?_=1612399941428&CODE_STATE=count HTTP/1.1" 200 11
180.169.147.146 - - [04/Feb/2021:08:52:21 +0800] "GET /xingrg/check_reg.html?_=1612399941428 HTTP/1.1" 200 22
180.169.147.146 - - [04/Feb/2021:08:52:21 +0800] "POST /xingrg/load_menu.html HTTP/1.1" 200 11564
58.221.95.50 - - [04/Feb/2021:08:52:21 +0800] "POST /xingrg/dwr/call/plaincall/AjaxCheckService.importOrderItems.dwr HTTP/1.1" 200 78
58.221.95.50 - - [04/Feb/2021:08:52:23 +0800] "POST /xingrg/dwr/call/plaincall/AjaxCheckService.loadOrderItems.dwr HTTP/1.1" 200 32591
116.228.172.94 - - [04/Feb/2021:08:52:23 +0800] "GET /xingrg/kc/buy/cgsh_order_operate.html?command=get_materiel&rest_code=00107&code=00101016057&supplier_code=00100033&order_time=2021-02-04 HTTP/1.1" 200 408
180.169.147.146 - - [04/Feb/2021:08:52:24 +0800] "GET /xingrg/kc/report/report_main.html HTTP/1.1" 200 9370
58.221.95.50 - - [04/Feb/2021:08:52:26 +0800] "POST /xingrg/kc/base/check_list_operate.html HTTP/1.1" 200 5167
120.253.135.82 - - [04/Feb/2021:08:52:26 +0800] "GET /xingrg/all/function/internal_message.html?_=1612399982648&CODE_STATE=getMsg HTTP/1.1" 200 27
58.221.95.50 - - [04/Feb/2021:08:52:27 +0800] "GET /xingrg/kc/base/check_order_add.html HTTP/1.1" 200 25304
58.221.95.50 - - [04/Feb/2021:08:52:27 +0800] "GET /xingrg/dwr/interface/AjaxCheckService.js HTTP/1.1" 200 14003
58.221.95.50 - - [04/Feb/2021:08:52:27 +0800] "GET /xingrg/dwr/interface/AjaxComOrderService.js HTTP/1.1" 200 18264
58.221.95.50 - - [04/Feb/2021:08:52:27 +0800] "GET /xingrg/dwr/engine.js HTTP/1.1" 200 43631
116.224.253.72 - - [04/Feb/2021:08:52:28 +0800] "GET /xingrg/all/function/internal_message.html?_=1612399947328&CODE_STATE=getMsg HTTP/1.1" 200 27
222.69.132.6 - - [04/Feb/2021:08:52:31 +0800] "GET /xingrg/all/function/internal_message.html?_=1612399945843&CODE_STATE=getMsg HTTP/1.1" 200 27
180.169.147.146 - - [04/Feb/2021:08:52:31 +0800] "GET /xingrg/all/report/report_query.html?fileName=kc/buy/gys_amount_base_rest.xml HTTP/1.1" 200 51664
180.169.147.146 - - [04/Feb/2021:08:52:31 +0800] "GET /xingrg/dwr/util.js HTTP/1.1" 304 -
180.169.147.146 - - [04/Feb/2021:08:52:31 +0800] "GET /xingrg/dwr/interface/AjaxReportQueryService.js HTTP/1.1" 200 13203
180.169.147.146 - - [04/Feb/2021:08:52:31 +0800] "GET /xingrg/dwr/engine.js HTTP/1.1" 200 43631
180.169.147.146 - - [04/Feb/2021:08:52:31 +0800] "POST /xingrg/dwr/call/plaincall/AjaxReportQueryService.getFixDate.dwr HTTP/1.1" 200 111
180.169.147.146 - - [04/Feb/2021:08:52:32 +0800] "POST /xingrg/all/common/load_tree.html?tree=area_rest_tree_json&manage=1 HTTP/1.1" 200 3216
180.169.147.146 - - [04/Feb/2021:08:52:32 +0800] "POST /xingrg/all/common/load_tree.html?tree=supplier_tree_json&manage=1 HTTP/1.1" 200 55684
180.169.147.146 - - [04/Feb/2021:08:52:34 +0800] "POST /xingrg/dwr/call/plaincall/AjaxReportQueryService.getFixDate.dwr HTTP/1.1" 200 111
116.228.172.94 - - [04/Feb/2021:08:52:34 +0800] "GET /xingrg/kc/buy/cgsh_order_operate.html?command=get_materiel&rest_code=00107&code=00101012030&supplier_code=00100033&order_time=2021-02-04 HTTP/1.1" 200 416
58.221.95.50 - - [04/Feb/2021:08:52:37 +0800] "POST /xingrg/dwr/call/plaincall/AjaxCheckService.saveOrder.dwr HTTP/1.1" 200 78
120.253.135.82 - - [04/Feb/2021:08:52:37 +0800] "GET /xingrg/check_reg.html?_=1612400062169 HTTP/1.1" 200 22
116.227.208.21 - - [04/Feb/2021:08:52:38 +0800] "GET /xingrg/all/function/internal_message.html?_=1612399955897&CODE_STATE=getMsg HTTP/1.1" 200 27
116.227.208.21 - - [04/Feb/2021:08:52:38 +0800] "GET /xingrg/check_reg.html?_=1612399955965 HTTP/1.1" 200 22
58.221.95.50 - - [04/Feb/2021:08:52:39 +0800] "POST /xingrg/dwr/call/plaincall/AjaxCheckService.loadOrderItems.dwr HTTP/1.1" 200 367
114.88.166.193 - - [04/Feb/2021:08:52:42 +0800] "GET /xingrg/all/function/internal_message.html?_=1612399960463&CODE_STATE=getMsg HTTP/1.1" 200 27
120.253.135.82 - - [04/Feb/2021:08:52:43 +0800] "GET /xingrg/all/function/internal_message.html?_=1612400067301&CODE_STATE=getMsg HTTP/1.1" 200 27
58.221.95.50 - - [04/Feb/2021:08:52:44 +0800] "POST /xingrg/dwr/call/plaincall/AjaxCheckService.importOrderItems.dwr HTTP/1.1" 200 78
58.221.95.50 - - [04/Feb/2021:08:52:45 +0800] "POST /xingrg/dwr/call/plaincall/AjaxCheckService.loadOrderItems.dwr HTTP/1.1" 200 13861
180.169.147.146 - - [04/Feb/2021:08:52:47 +0800] "POST /xingrg/dwr/call/plaincall/AjaxReportQueryService.refreshCache.dwr HTTP/1.1" 200 78
116.228.172.94 - - [04/Feb/2021:08:52:49 +0800] "GET /xingrg/kc/buy/cgsh_order_operate.html?command=get_materiel&rest_code=00107&code=00101012025&supplier_code=00100033&order_time=2021-02-04 HTTP/1.1" 200 412
58.221.95.50 - - [04/Feb/2021:08:52:49 +0800] "POST /xingrg/kc/base/check_list_operate.html HTTP/1.1" 200 5142
180.169.147.146 - - [04/Feb/2021:08:52:50 +0800] "POST /xingrg/all/report/load_report_page.html HTTP/1.1" 200 62233
180.169.147.146 - - [04/Feb/2021:08:52:50 +0800] "GET /xingrg/servlets/image?cache=0.7611417236376233&image=px HTTP/1.1" 200 807
120.253.135.82 - - [04/Feb/2021:08:52:51 +0800] "GET /xingrg/check_reg.html?_=1612400075526 HTTP/1.1" 200 22
117.184.7.30 - - [04/Feb/2021:08:53:02 +0800] "GET /xingrg/all/function/internal_message.html?_=1612399957975&CODE_STATE=getMsg HTTP/1.1" 200 27
116.228.172.94 - - [04/Feb/2021:08:53:03 +0800] "GET /xingrg/kc/buy/cgsh_order_operate.html?command=get_materiel&rest_code=00107&code=00101012003&supplier_code=00100033&order_time=2021-02-03 HTTP/1.1" 200 412
218.81.223.240 - - [04/Feb/2021:08:53:04 +0800] "GET /xingrg/all/function/internal_message.html?_=1612400000743&CODE_STATE=getMsg HTTP/1.1" 200 27
116.224.253.72 - - [04/Feb/2021:08:53:06 +0800] "GET /xingrg/all/function/internal_message.html?_=1612399974408&CODE_STATE=getMsg HTTP/1.1" 200 27
116.228.172.94 - - [04/Feb/2021:08:53:08 +0800] "GET /xingrg/all/function/internal_message.html?_=1612399981105&CODE_STATE=getMsg HTTP/1.1" 200 27
120.253.135.82 - - [04/Feb/2021:08:53:11 +0800] "GET /xingrg/check_reg.html?_=1612400095414 HTTP/1.1" 200 22
58.40.7.146 - - [04/Feb/2021:08:53:11 +0800] "GET /xingrg/all/function/internal_message.html?_=1612399990640&CODE_STATE=getMsg HTTP/1.1" 200 27
120.253.135.82 - - [04/Feb/2021:08:53:14 +0800] "GET /xingrg/all/function/internal_message.html?_=1612400098933&CODE_STATE=getMsg HTTP/1.1" 200 27
58.221.95.50 - - [04/Feb/2021:08:53:16 +0800] "GET /xingrg/all/function/internal_message.html?_=1612399996817&CODE_STATE=getMsg HTTP/1.1" 200 27
116.228.172.94 - - [04/Feb/2021:08:53:19 +0800] "GET /xingrg/kc/buy/cgsh_order_operate.html?command=get_materiel&rest_code=00107&code=00101012051&supplier_code=00100033&order_time=2021-02-03 HTTP/1.1" 200 408
120.253.135.82 - - [04/Feb/2021:08:53:20 +0800] "GET /xingrg/all/function/internal_message.html?_=1612399763585&CODE_STATE=getMsg HTTP/1.1" 200 27
180.169.147.146 - - [04/Feb/2021:08:53:21 +0800] "GET /xingrg/all/function/internal_message.html?_=1612400001439&CODE_STATE=getMsg HTTP/1.1" 200 27
120.253.135.82 - - [04/Feb/2021:08:53:26 +0800] "GET /xingrg/all/function/internal_message.html?_=1612400042669&CODE_STATE=getMsg HTTP/1.1" 200 27
116.228.172.94 - - [04/Feb/2021:08:53:26 +0800] "GET /xingrg/kc/buy/cgsh_order_operate.html?command=get_materiel&rest_code=00107&code=00101016100&supplier_code=00100033&order_time=2021-02-03 HTTP/1.1" 200 412
116.224.253.72 - - [04/Feb/2021:08:53:28 +0800] "GET /xingrg/check_reg.html?_=1612400007326 HTTP/1.1" 200 22
116.224.253.72 - - [04/Feb/2021:08:53:28 +0800] "GET /xingrg/all/function/internal_message.html?_=1612400007328&CODE_STATE=getMsg HTTP/1.1" 200 27
222.69.132.6 - - [04/Feb/2021:08:53:31 +0800] "GET /xingrg/all/function/internal_message.html?_=1612400005853&CODE_STATE=getMsg HTTP/1.1" 200 27
116.228.172.94 - - [04/Feb/2021:08:53:35 +0800] "POST /xingrg/kc/buy/cgsh_order_operate.html HTTP/1.1" 200 37
116.228.172.94 - - [04/Feb/2021:08:53:37 +0800] "POST /xingrg/kc/buy/cgsh_order_operate.html HTTP/1.1" 200 5612
116.227.208.21 - - [04/Feb/2021:08:53:38 +0800] "GET /xingrg/all/function/internal_message.html?_=1612400015889&CODE_STATE=getMsg HTTP/1.1" 200 27
116.228.172.94 - - [04/Feb/2021:08:53:39 +0800] "GET /xingrg/kc/print/load_config.html?kc_code=cgsh HTTP/1.1" 200 1845
116.228.172.94 - - [04/Feb/2021:08:53:39 +0800] "GET /xingrg/kc/print/load_data.html?order_code=212021020401474&kc_code=cgsh&condition= HTTP/1.1" 200 1830
58.37.230.33 - - [04/Feb/2021:08:53:40 +0800] "GET /xingrg/check_reg.html?_=1612400033373 HTTP/1.1" 200 22
114.88.166.193 - - [04/Feb/2021:08:53:42 +0800] "GET /xingrg/all/function/internal_message.html?_=1612400020530&CODE_STATE=getMsg HTTP/1.1" 200 27
120.253.135.82 - - [04/Feb/2021:08:53:43 +0800] "GET /xingrg/all/function/internal_message.html?_=1612400127315&CODE_STATE=getMsg HTTP/1.1" 200 27
58.221.95.50 - - [04/Feb/2021:08:53:53 +0800] "GET /xingrg/check_reg.html?_=1612400033766 HTTP/1.1" 200 22
117.184.7.30 - - [04/Feb/2021:08:54:02 +0800] "GET /xingrg/all/function/internal_message.html?_=1612400017960&CODE_STATE=getMsg HTTP/1.1" 200 27
218.81.223.240 - - [04/Feb/2021:08:54:04 +0800] "GET /xingrg/all/function/internal_message.html?_=1612400061296&CODE_STATE=getMsg HTTP/1.1" 200 27
116.224.253.72 - - [04/Feb/2021:08:54:06 +0800] "GET /xingrg/all/function/internal_message.html?_=1612400034452&CODE_STATE=getMsg HTTP/1.1" 200 27
116.228.172.94 - - [04/Feb/2021:08:54:08 +0800] "GET /xingrg/all/function/internal_message.html?_=1612400041114&CODE_STATE=getMsg HTTP/1.1" 200 27
58.40.7.146 - - [04/Feb/2021:08:54:11 +0800] "GET /xingrg/all/function/internal_message.html?_=1612400050643&CODE_STATE=getMsg HTTP/1.1" 200 27
120.253.135.82 - - [04/Feb/2021:08:54:14 +0800] "GET /xingrg/all/function/internal_message.html?_=1612400158936&CODE_STATE=getMsg HTTP/1.1" 200 27
58.221.95.50 - - [04/Feb/2021:08:54:16 +0800] "GET /xingrg/all/function/internal_message.html?_=1612400056795&CODE_STATE=getMsg HTTP/1.1" 200 27
120.253.135.82 - - [04/Feb/2021:08:54:20 +0800] "GET /xingrg/all/function/internal_message.html?_=1612399823599&CODE_STATE=getMsg HTTP/1.1" 200 27
180.169.147.146 - - [04/Feb/2021:08:54:21 +0800] "GET /xingrg/all/function/internal_message.html?_=1612400061436&CODE_STATE=getMsg HTTP/1.1" 200 27
120.253.135.82 - - [04/Feb/2021:08:54:26 +0800] "GET /xingrg/all/function/internal_message.html?_=1612400102675&CODE_STATE=getMsg HTTP/1.1" 200 27
116.224.253.72 - - [04/Feb/2021:08:54:28 +0800] "GET /xingrg/all/function/internal_message.html?_=1612400067343&CODE_STATE=getMsg HTTP/1.1" 200 27
222.69.132.6 - - [04/Feb/2021:08:54:31 +0800] "GET /xingrg/all/function/internal_message.html?_=1612400065853&CODE_STATE=getMsg HTTP/1.1" 200 27
222.69.132.6 - - [04/Feb/2021:08:54:36 +0800] "GET /xingrg/kc/buy/cgsh_order_list.html HTTP/1.1" 200 46372
222.69.132.6 - - [04/Feb/2021:08:54:37 +0800] "POST /xingrg/kc/buy/cgsh_list_operate.html HTTP/1.1" 200 876
116.227.208.21 - - [04/Feb/2021:08:54:38 +0800] "GET /xingrg/all/function/internal_message.html?_=1612400075893&CODE_STATE=getMsg HTTP/1.1" 200 27
114.88.166.193 - - [04/Feb/2021:08:54:42 +0800] "GET /xingrg/all/function/internal_message.html?_=1612400080534&CODE_STATE=getMsg HTTP/1.1" 200 27
120.253.135.82 - - [04/Feb/2021:08:54:43 +0800] "GET /xingrg/all/function/internal_message.html?_=1612400187467&CODE_STATE=getMsg HTTP/1.1" 200 27
222.69.132.6 - - [04/Feb/2021:08:54:44 +0800] "GET /xingrg/kc/buy/cgsh_order_add.html HTTP/1.1" 200 62157
222.69.132.6 - - [04/Feb/2021:08:54:44 +0800] "GET /xingrg/words/20210203122941_words.js HTTP/1.1" 304 -
222.69.132.6 - - [04/Feb/2021:08:54:44 +0800] "POST /xingrg/kc/buy/cgsh_order_operate.html HTTP/1.1" 200 8245
222.69.132.6 - - [04/Feb/2021:08:54:44 +0800] "GET /xingrg/all/common/auto_word.html?type=employee&rest_code=00149 HTTP/1.1" 200 197
222.69.132.6 - - [04/Feb/2021:08:54:44 +0800] "GET /xingrg/all/common/auto_word.html?type=employee&rest_code=00149 HTTP/1.1" 200 197
222.69.132.6 - - [04/Feb/2021:08:54:44 +0800] "GET /xingrg/javascript/easyui/themes/default/validatebox.css HTTP/1.1" 404 1104
120.253.135.82 - - [04/Feb/2021:08:54:44 +0800] "GET /xingrg/check_reg.html?_=1612400188894 HTTP/1.1" 200 22
117.184.7.30 - - [04/Feb/2021:08:54:49 +0800] "GET /xingrg/check_reg.html?_=1612400065012 HTTP/1.1" 200 22
222.69.132.6 - - [04/Feb/2021:08:54:49 +0800] "GET /xingrg/javascript/auto/indicator.gif HTTP/1.1" 404 1066
222.69.132.6 - - [04/Feb/2021:08:54:50 +0800] "GET /xingrg/javascript/jquery_tools/images/prev.gif HTTP/1.1" 404 1086
222.69.132.6 - - [04/Feb/2021:08:54:50 +0800] "GET /xingrg/javascript/jquery_tools/images/next.gif HTTP/1.1" 404 1086
117.184.7.30 - - [04/Feb/2021:08:55:02 +0800] "GET /xingrg/all/function/internal_message.html?_=1612400077934&CODE_STATE=getMsg HTTP/1.1" 200 27
218.81.223.240 - - [04/Feb/2021:08:55:04 +0800] "GET /xingrg/all/function/internal_message.html?_=1612400121302&CODE_STATE=getMsg HTTP/1.1" 200 27
116.224.253.72 - - [04/Feb/2021:08:55:06 +0800] "GET /xingrg/all/function/internal_message.html?_=1612400094467&CODE_STATE=getMsg HTTP/1.1" 200 27
116.228.172.94 - - [04/Feb/2021:08:55:08 +0800] "GET /xingrg/check_reg.html?_=1612400101144 HTTP/1.1" 200 22
116.228.172.94 - - [04/Feb/2021:08:55:08 +0800] "GET /xingrg/all/function/internal_message.html?_=1612400101155&CODE_STATE=getMsg HTTP/1.1" 200 27
222.69.132.6 - - [04/Feb/2021:08:55:10 +0800] "GET /xingrg/kc/buy/cgsh_order_operate.html?command=get_materiel&rest_code=00149&code=00101007081&supplier_code=00100205&order_time=2021-02-04 HTTP/1.1" 200 413
58.40.7.146 - - [04/Feb/2021:08:55:11 +0800] "GET /xingrg/all/function/internal_message.html?_=1612400110646&CODE_STATE=getMsg HTTP/1.1" 200 27
120.253.135.82 - - [04/Feb/2021:08:55:14 +0800] "GET /xingrg/all/function/internal_message.html?_=1612400218980&CODE_STATE=getMsg HTTP/1.1" 200 27
58.221.95.50 - - [04/Feb/2021:08:55:16 +0800] "GET /xingrg/check_reg.html?_=1612400116261 HTTP/1.1" 200 22
58.221.95.50 - - [04/Feb/2021:08:55:16 +0800] "GET /xingrg/all/function/internal_message.html?_=1612400116772&CODE_STATE=getMsg HTTP/1.1" 200 27
120.253.135.82 - - [04/Feb/2021:08:55:20 +0800] "GET /xingrg/all/function/internal_message.html?_=1612399883842&CODE_STATE=getMsg HTTP/1.1" 200 27
180.169.147.146 - - [04/Feb/2021:08:55:21 +0800] "GET /xingrg/all/function/internal_message.html?_=1612400121431&CODE_STATE=getMsg HTTP/1.1" 200 27
222.69.132.6 - - [04/Feb/2021:08:55:26 +0800] "GET /xingrg/kc/buy/cgsh_order_operate.html?command=get_materiel&rest_code=00149&code=00101007061&supplier_code=00100205&order_time=2021-02-04 HTTP/1.1" 200 409
120.253.135.82 - - [04/Feb/2021:08:55:26 +0800] "GET /xingrg/all/function/internal_message.html?_=1612400162697&CODE_STATE=getMsg HTTP/1.1" 200 27
116.224.253.72 - - [04/Feb/2021:08:55:28 +0800] "GET /xingrg/all/function/internal_message.html?_=1612400127342&CODE_STATE=getMsg HTTP/1.1" 200 27
222.69.132.6 - - [04/Feb/2021:08:55:31 +0800] "GET /xingrg/all/function/internal_message.html?_=1612400125861&CODE_STATE=getMsg HTTP/1.1" 200 27
222.69.132.6 - - [04/Feb/2021:08:55:35 +0800] "GET /xingrg/kc/buy/cgsh_order_operate.html?command=get_materiel&rest_code=00149&code=00101007055&supplier_code=00100205&order_time=2021-02-04 HTTP/1.1" 200 409
116.227.208.21 - - [04/Feb/2021:08:55:38 +0800] "GET /xingrg/all/function/internal_message.html?_=1612400135896&CODE_STATE=getMsg HTTP/1.1" 200 27
114.88.166.193 - - [04/Feb/2021:08:55:42 +0800] "GET /xingrg/all/function/internal_message.html?_=1612400140598&CODE_STATE=getMsg HTTP/1.1" 200 27
120.253.135.82 - - [04/Feb/2021:08:55:43 +0800] "GET /xingrg/all/function/internal_message.html?_=1612400247482&CODE_STATE=getMsg HTTP/1.1" 200 27
222.69.132.6 - - [04/Feb/2021:08:55:45 +0800] "GET /xingrg/kc/buy/cgsh_order_operate.html?command=get_materiel&rest_code=00149&code=00101007059&supplier_code=00100205&order_time=2021-02-04 HTTP/1.1" 200 411
120.253.135.82 - - [04/Feb/2021:08:55:55 +0800] "GET /xingrg/check_reg.html?_=1612399918368 HTTP/1.1" 200 22
120.253.135.82 - - [04/Feb/2021:08:55:57 +0800] "GET /xingrg/check_reg.html?_=1612400261287 HTTP/1.1" 200 22
222.69.132.6 - - [04/Feb/2021:08:55:59 +0800] "POST /xingrg/kc/buy/cgsh_order_operate.html HTTP/1.1" 200 37
222.69.132.6 - - [04/Feb/2021:08:56:04 +0800] "POST /xingrg/kc/buy/cgsh_order_operate.html HTTP/1.1" 200 12
218.81.223.240 - - [04/Feb/2021:08:56:05 +0800] "GET /xingrg/all/function/internal_message.html?_=1612400181837&CODE_STATE=getMsg HTTP/1.1" 200 27
222.69.132.6 - - [04/Feb/2021:08:56:05 +0800] "GET /xingrg/kc/buy/cgsh_order_info.html?code=212021020401475 HTTP/1.1" 200 57057
222.69.132.6 - - [04/Feb/2021:08:56:05 +0800] "GET /xingrg/javascript/easyui/themes/default/validatebox.css HTTP/1.1" 404 1104
222.69.132.6 - - [04/Feb/2021:08:56:06 +0800] "POST /xingrg/kc/buy/cgsh_order_operate.html HTTP/1.1" 200 2379
116.224.253.72 - - [04/Feb/2021:08:56:06 +0800] "GET /xingrg/check_reg.html?_=1612400154152 HTTP/1.1" 200 22
116.224.253.72 - - [04/Feb/2021:08:56:06 +0800] "GET /xingrg/all/function/internal_message.html?_=1612400154481&CODE_STATE=getMsg HTTP/1.1" 200 27
222.69.132.6 - - [04/Feb/2021:08:56:07 +0800] "GET /xingrg/kc/print/load_config.html?kc_code=cgsh HTTP/1.1" 200 1845
222.69.132.6 - - [04/Feb/2021:08:56:07 +0800] "GET /xingrg/kc/print/load_data.html?order_code=212021020401475&kc_code=cgsh&condition= HTTP/1.1" 200 1366
116.228.172.94 - - [04/Feb/2021:08:56:08 +0800] "GET /xingrg/all/function/internal_message.html?_=1612400161142&CODE_STATE=getMsg HTTP/1.1" 200 27
120.253.135.82 - - [04/Feb/2021:08:56:10 +0800] "GET /xingrg/check_reg.html?_=1612400206509 HTTP/1.1" 200 22
58.40.7.146 - - [04/Feb/2021:08:56:11 +0800] "GET /xingrg/all/function/internal_message.html?_=1612400170650&CODE_STATE=getMsg HTTP/1.1" 200 27
120.253.135.82 - - [04/Feb/2021:08:56:14 +0800] "GET /xingrg/all/function/internal_message.html?_=1612400278993&CODE_STATE=getMsg HTTP/1.1" 200 27
222.69.132.6 - - [04/Feb/2021:08:56:16 +0800] "GET /xingrg/kc/buy/cgsh_order_add.html HTTP/1.1" 200 62157
222.69.132.6 - - [04/Feb/2021:08:56:16 +0800] "POST /xingrg/kc/buy/cgsh_order_operate.html HTTP/1.1" 200 8245
222.69.132.6 - - [04/Feb/2021:08:56:16 +0800] "GET /xingrg/javascript/easyui/themes/default/validatebox.css HTTP/1.1" 404 1104
58.221.95.50 - - [04/Feb/2021:08:56:16 +0800] "GET /xingrg/all/function/internal_message.html?_=1612400176751&CODE_STATE=getMsg HTTP/1.1" 200 27
116.228.172.94 - - [04/Feb/2021:08:56:17 +0800] "GET /xingrg/kc/buy/cgsh_order_add.html HTTP/1.1" 200 62192
116.228.172.94 - - [04/Feb/2021:08:56:18 +0800] "POST /xingrg/kc/buy/cgsh_order_operate.html HTTP/1.1" 200 8245
116.228.172.94 - - [04/Feb/2021:08:56:18 +0800] "GET /xingrg/javascript/easyui/themes/default/validatebox.css HTTP/1.1" 404 1104
114.88.166.193 - - [04/Feb/2021:08:56:18 +0800] "GET /xingrg/check_reg.html?_=1612400176787 HTTP/1.1" 200 22
120.253.135.82 - - [04/Feb/2021:08:56:20 +0800] "GET /xingrg/all/function/internal_message.html?_=1612399943844&CODE_STATE=getMsg HTTP/1.1" 200 27
180.169.147.146 - - [04/Feb/2021:08:56:21 +0800] "GET /xingrg/all/function/internal_message.html?_=1612400181436&CODE_STATE=getMsg HTTP/1.1" 200 27
120.253.135.82 - - [04/Feb/2021:08:56:26 +0800] "GET /xingrg/all/function/internal_message.html?_=1612400222702&CODE_STATE=getMsg HTTP/1.1" 200 27
116.224.253.72 - - [04/Feb/2021:08:56:28 +0800] "GET /xingrg/all/function/internal_message.html?_=1612400187336&CODE_STATE=getMsg HTTP/1.1" 200 27
222.69.132.6 - - [04/Feb/2021:08:56:31 +0800] "GET /xingrg/check_reg.html?_=1612400185854 HTTP/1.1" 200 22
222.69.132.6 - - [04/Feb/2021:08:56:31 +0800] "GET /xingrg/all/function/internal_message.html?_=1612400185860&CODE_STATE=getMsg HTTP/1.1" 200 27
116.228.172.94 - - [04/Feb/2021:08:56:33 +0800] "GET /xingrg/javascript/easyui/themes/default/tree.css HTTP/1.1" 404 1090
116.228.172.94 - - [04/Feb/2021:08:56:33 +0800] "POST /xingrg/all/common/load_tree.html?tree=supplier_tree_json&isDelete=1 HTTP/1.1" 200 54827
116.227.208.21 - - [04/Feb/2021:08:56:38 +0800] "GET /xingrg/all/function/internal_message.html?_=1612400195884&CODE_STATE=getMsg HTTP/1.1" 200 27
114.88.166.193 - - [04/Feb/2021:08:56:42 +0800] "GET /xingrg/all/function/internal_message.html?_=1612400200609&CODE_STATE=getMsg HTTP/1.1" 200 27
120.253.135.82 - - [04/Feb/2021:08:56:43 +0800] "GET /xingrg/all/function/internal_message.html?_=1612400307635&CODE_STATE=getMsg HTTP/1.1" 200 27
218.81.223.240 - - [04/Feb/2021:08:56:55 +0800] "GET /xingrg/check_reg.html?_=1612400231718 HTTP/1.1" 200 22
222.69.132.6 - - [04/Feb/2021:08:56:55 +0800] "GET /xingrg/kc/buy/cgsh_order_operate.html?command=get_materiel&rest_code=00149&code=00102012036&supplier_code=00100198&order_time=2021-02-04 HTTP/1.1" 200 409
218.81.223.240 - - [04/Feb/2021:08:57:05 +0800] "GET /xingrg/all/function/internal_message.html?_=1612400241864&CODE_STATE=getMsg HTTP/1.1" 200 27
116.224.253.72 - - [04/Feb/2021:08:57:06 +0800] "GET /xingrg/all/function/internal_message.html?_=1612400214495&CODE_STATE=getMsg HTTP/1.1" 200 27
222.69.132.6 - - [04/Feb/2021:08:57:07 +0800] "GET /xingrg/kc/buy/cgsh_order_operate.html?command=get_materiel&rest_code=00149&code=00102014073&supplier_code=00100198&order_time=2021-02-04 HTTP/1.1" 200 405
116.228.172.94 - - [04/Feb/2021:08:57:08 +0800] "GET /xingrg/all/function/internal_message.html?_=1612400221115&CODE_STATE=getMsg HTTP/1.1" 200 27
58.40.7.146 - - [04/Feb/2021:08:57:11 +0800] "GET /xingrg/all/function/internal_message.html?_=1612400230653&CODE_STATE=getMsg HTTP/1.1" 200 27
58.221.95.50 - - [04/Feb/2021:08:57:14 +0800] "GET /xingrg/kc/buy/buy_main.html HTTP/1.1" 200 12412
58.221.95.50 - - [04/Feb/2021:08:57:14 +0800] "GET /xingrg/css/new_ie.css HTTP/1.1" 404 1036
120.253.135.82 - - [04/Feb/2021:08:57:14 +0800] "GET /xingrg/all/function/internal_message.html?_=1612400339007&CODE_STATE=getMsg HTTP/1.1" 200 27
58.221.95.50 - - [04/Feb/2021:08:57:16 +0800] "GET /xingrg/all/function/internal_message.html?_=1612400236746&CODE_STATE=getMsg HTTP/1.1" 200 27
58.221.95.50 - - [04/Feb/2021:08:57:16 +0800] "GET /xingrg/kc/buy/cgsh_order_list.html HTTP/1.1" 200 46370
58.221.95.50 - - [04/Feb/2021:08:57:18 +0800] "POST /xingrg/kc/buy/cgsh_list_operate.html HTTP/1.1" 200 1673
58.40.7.146 - - [04/Feb/2021:08:57:19 +0800] "GET /xingrg/check_reg.html?_=1612400238466 HTTP/1.1" 200 22
222.69.132.6 - - [04/Feb/2021:08:57:20 +0800] "POST /xingrg/kc/buy/cgsh_order_operate.html HTTP/1.1" 200 37
120.253.135.82 - - [04/Feb/2021:08:57:20 +0800] "GET /xingrg/all/function/internal_message.html?_=1612400003857&CODE_STATE=getMsg HTTP/1.1" 200 27
180.169.147.146 - - [04/Feb/2021:08:57:21 +0800] "GET /xingrg/check_reg.html?_=1612400241441 HTTP/1.1" 200 22
180.169.147.146 - - [04/Feb/2021:08:57:21 +0800] "GET /xingrg/all/function/internal_message.html?_=1612400241446&CODE_STATE=getMsg HTTP/1.1" 200 27
222.69.132.6 - - [04/Feb/2021:08:57:23 +0800] "POST /xingrg/kc/buy/cgsh_order_operate.html HTTP/1.1" 200 12
222.69.132.6 - - [04/Feb/2021:08:57:25 +0800] "GET /xingrg/kc/buy/cgsh_order_info.html?code=212021020401476 HTTP/1.1" 200 57059
222.69.132.6 - - [04/Feb/2021:08:57:25 +0800] "GET /xingrg/javascript/easyui/themes/default/validatebox.css HTTP/1.1" 404 1104
222.69.132.6 - - [04/Feb/2021:08:57:26 +0800] "POST /xingrg/kc/buy/cgsh_order_operate.html HTTP/1.1" 200 1206
120.253.135.82 - - [04/Feb/2021:08:57:26 +0800] "GET /xingrg/all/function/internal_message.html?_=1612400282717&CODE_STATE=getMsg HTTP/1.1" 200 27
58.221.95.50 - - [04/Feb/2021:08:57:27 +0800] "GET /xingrg/kc/buy/cgsh_order_add.html HTTP/1.1" 200 61077
58.221.95.50 - - [04/Feb/2021:08:57:27 +0800] "GET /xingrg/words/20210203122941_words.js HTTP/1.1" 304 -
58.221.95.50 - - [04/Feb/2021:08:57:27 +0800] "POST /xingrg/kc/buy/cgsh_order_operate.html HTTP/1.1" 200 8245
58.221.95.50 - - [04/Feb/2021:08:57:27 +0800] "GET /xingrg/all/common/auto_word.html?type=employee&rest_code=00152 HTTP/1.1" 200 101
58.221.95.50 - - [04/Feb/2021:08:57:27 +0800] "GET /xingrg/javascript/easyui/themes/default/validatebox.css HTTP/1.1" 404 1104
58.221.95.50 - - [04/Feb/2021:08:57:27 +0800] "GET /xingrg/all/common/auto_word.html?type=employee&rest_code=00152 HTTP/1.1" 200 101
116.224.253.72 - - [04/Feb/2021:08:57:28 +0800] "GET /xingrg/all/function/internal_message.html?_=1612400247333&CODE_STATE=getMsg HTTP/1.1" 200 27
58.221.95.50 - - [04/Feb/2021:08:57:29 +0800] "GET /xingrg/javascript/auto/indicator.gif HTTP/1.1" 404 1066
222.69.132.6 - - [04/Feb/2021:08:57:31 +0800] "GET /xingrg/all/function/internal_message.html?_=1612400245854&CODE_STATE=getMsg HTTP/1.1" 200 27
58.221.95.50 - - [04/Feb/2021:08:57:32 +0800] "GET /xingrg/system/info/materiel_import.html?isSelect=1&singleSelect=false HTTP/1.1" 200 5600
58.221.95.50 - - [04/Feb/2021:08:57:32 +0800] "GET /favicon.ico HTTP/1.1" 404 -
58.221.95.50 - - [04/Feb/2021:08:57:32 +0800] "POST /xingrg/all/common/load_tree.html?tree=materiel_sort_tree_json HTTP/1.1" 200 8666
222.69.132.6 - - [04/Feb/2021:08:57:34 +0800] "GET /xingrg/kc/print/load_data.html?order_code=212021020401476&kc_code=cgsh&condition= HTTP/1.1" 200 940
120.253.135.82 - - [04/Feb/2021:08:57:38 +0800] "GET /xingrg/check_reg.html?_=1612400362188 HTTP/1.1" 200 22
116.227.208.21 - - [04/Feb/2021:08:57:38 +0800] "GET /xingrg/all/function/internal_message.html?_=1612400255886&CODE_STATE=getMsg HTTP/1.1" 200 27
116.227.208.21 - - [04/Feb/2021:08:57:38 +0800] "GET /xingrg/check_reg.html?_=1612400255948 HTTP/1.1" 200 22
222.69.132.6 - - [04/Feb/2021:08:57:40 +0800] "GET /xingrg/kc/buy/cgsh_order_add.html HTTP/1.1" 200 62157
222.69.132.6 - - [04/Feb/2021:08:57:40 +0800] "POST /xingrg/kc/buy/cgsh_order_operate.html HTTP/1.1" 200 8245
222.69.132.6 - - [04/Feb/2021:08:57:40 +0800] "GET /xingrg/javascript/easyui/themes/default/validatebox.css HTTP/1.1" 404 1104
114.88.166.193 - - [04/Feb/2021:08:57:42 +0800] "GET /xingrg/all/function/internal_message.html?_=1612400260624&CODE_STATE=getMsg HTTP/1.1" 200 27
120.253.135.82 - - [04/Feb/2021:08:57:43 +0800] "GET /xingrg/all/function/internal_message.html?_=1612400367650&CODE_STATE=getMsg HTTP/1.1" 200 27
116.228.172.94 - - [04/Feb/2021:08:57:46 +0800] "GET /xingrg/kc/buy/cgsh_order_operate.html?command=get_materiel&rest_code=00107&code=00101029020&supplier_code=00100278&order_time=2021-02-04 HTTP/1.1" 200 460
116.228.172.94 - - [04/Feb/2021:08:57:48 +0800] "POST /xingrg/all/common/load_select.html HTTP/1.1" 200 25
180.169.147.146 - - [04/Feb/2021:08:57:48 +0800] "POST /xingrg/all/user/operate.html HTTP/1.1" 200 36
180.169.147.146 - - [04/Feb/2021:08:57:48 +0800] "GET /xingrg/index.html?sysBaseUrl=http%3A%2F%2F180.169.147.146%3A18081%2Fxingrg%2F&costTime=38×tamp=1612399940531 HTTP/1.1" 200 17509
180.169.147.146 - - [04/Feb/2021:08:57:48 +0800] "GET /xingrg/javascript/jquery_easy_ui/themes/default/easyui.css HTTP/1.1" 304 -
180.169.147.146 - - [04/Feb/2021:08:57:48 +0800] "GET /xingrg/javascript/jquery_easy_ui/themes/icon.css HTTP/1.1" 304 -
180.169.147.146 - - [04/Feb/2021:08:57:48 +0800] "GET /xingrg/css/form.css HTTP/1.1" 304 -
180.169.147.146 - - [04/Feb/2021:08:57:48 +0800] "GET /xingrg/javascript/jquery-1.4.2.min.js HTTP/1.1" 304 -
180.169.147.146 - - [04/Feb/2021:08:57:48 +0800] "GET /xingrg/javascript/jquery_easy_ui/jquery.easyui.min.js HTTP/1.1" 304 -
180.169.147.146 - - [04/Feb/2021:08:57:48 +0800] "GET /xingrg/javascript/jquery_easy_ui/easyui-lang-zh_CN.js HTTP/1.1" 304 -
180.169.147.146 - - [04/Feb/2021:08:57:48 +0800] "GET /xingrg/javascript/jquery.form.js HTTP/1.1" 304 -
180.169.147.146 - - [04/Feb/2021:08:57:48 +0800] "GET /xingrg/javascript/jquery.utils.js HTTP/1.1" 304 -
180.169.147.146 - - [04/Feb/2021:08:57:48 +0800] "GET /xingrg/javascript/jquery.timers.js HTTP/1.1" 304 -
180.169.147.146 - - [04/Feb/2021:08:57:48 +0800] "GET /xingrg/images/blue/jxLogo.png HTTP/1.1" 304 -
180.169.147.146 - - [04/Feb/2021:08:57:48 +0800] "GET /xingrg/javascript/jquery_easy_ui/themes/icons/settle_new.png HTTP/1.1" 304 -
180.169.147.146 - - [04/Feb/2021:08:57:48 +0800] "GET /xingrg/images/blue/navBackgound.jpg HTTP/1.1" 304 -
180.169.147.146 - - [04/Feb/2021:08:57:48 +0800] "POST /xingrg/all/common/load_tree.html?tree=area_rest_tree_json&manage=1 HTTP/1.1" 200 3216
180.169.147.146 - - [04/Feb/2021:08:57:48 +0800] "GET /xingrg/all/function/internal_message.html?_=1612400269090&CODE_STATE=count HTTP/1.1" 200 11
180.169.147.146 - - [04/Feb/2021:08:57:48 +0800] "GET /xingrg/check_reg.html?_=1612400269090 HTTP/1.1" 200 22
180.169.147.146 - - [04/Feb/2021:08:57:48 +0800] "GET /xingrg/images/blue/pingpu.png HTTP/1.1" 304 -
180.169.147.146 - - [04/Feb/2021:08:57:48 +0800] "GET /xingrg/javascript/jquery_easy_ui/themes/default/images/panel_tool_expand.gif HTTP/1.1" 304 -
180.169.147.146 - - [04/Feb/2021:08:57:48 +0800] "GET /xingrg/javascript/jquery_easy_ui/themes/default/images/panel_tool_collapse.gif HTTP/1.1" 304 -
180.169.147.146 - - [04/Feb/2021:08:57:48 +0800] "GET /xingrg/javascript/jquery_easy_ui/themes/default/images/tabs_leftarrow.png HTTP/1.1" 304 -
180.169.147.146 - - [04/Feb/2021:08:57:48 +0800] "GET /xingrg/javascript/jquery_easy_ui/themes/default/images/tabs_rightarrow.png HTTP/1.1" 304 -
180.169.147.146 - - [04/Feb/2021:08:57:48 +0800] "POST /xingrg/load_menu.html HTTP/1.1" 200 9959
58.221.95.50 - - [04/Feb/2021:08:57:49 +0800] "GET /xingrg/kc/buy/cgsh_order_operate.html?command=get_materiel&rest_code=00152&code=00102002500&supplier_code=00100151&order_time=2021-02-04 HTTP/1.1" 200 453
180.169.147.146 - - [04/Feb/2021:08:57:51 +0800] "GET /xingrg/kc/buy/cgsh_order_list.html HTTP/1.1" 200 46627
120.253.135.82 - - [04/Feb/2021:08:57:51 +0800] "GET /xingrg/check_reg.html?_=1612400375532 HTTP/1.1" 200 22
116.228.172.94 - - [04/Feb/2021:08:57:51 +0800] "GET /xingrg/kc/buy/cgsh_order_operate.html?command=get_materiel_price&rest_code=00107&code=00101029020&unit_code=00100157&supplier_code=00100278&order_time=2021-02-04 HTTP/1.1" 200 30
180.169.147.146 - - [04/Feb/2021:08:57:54 +0800] "POST /xingrg/kc/buy/cgsh_list_operate.html HTTP/1.1" 200 5275
116.228.172.94 - - [04/Feb/2021:08:57:59 +0800] "POST /xingrg/kc/buy/cgsh_order_operate.html HTTP/1.1" 200 37
180.169.147.146 - - [04/Feb/2021:08:58:01 +0800] "POST /xingrg/kc/buy/cgsh_list_operate.html HTTP/1.1" 200 5398
116.228.172.94 - - [04/Feb/2021:08:58:02 +0800] "POST /xingrg/kc/buy/cgsh_order_operate.html HTTP/1.1" 200 2701
116.228.172.94 - - [04/Feb/2021:08:58:04 +0800] "GET /xingrg/kc/print/load_data.html?order_code=212021020401477&kc_code=cgsh&condition= HTTP/1.1" 200 706
218.81.223.240 - - [04/Feb/2021:08:58:05 +0800] "GET /xingrg/all/function/internal_message.html?_=1612400301873&CODE_STATE=getMsg HTTP/1.1" 200 27
116.224.253.72 - - [04/Feb/2021:08:58:06 +0800] "GET /xingrg/all/function/internal_message.html?_=1612400274508&CODE_STATE=getMsg HTTP/1.1" 200 27
58.221.95.50 - - [04/Feb/2021:08:58:07 +0800] "POST /xingrg/kc/buy/cgsh_order_operate.html HTTP/1.1" 200 37
116.228.172.94 - - [04/Feb/2021:08:58:08 +0800] "GET /xingrg/all/function/internal_message.html?_=1612400281094&CODE_STATE=getMsg HTTP/1.1" 200 27
116.228.172.94 - - [04/Feb/2021:08:58:08 +0800] "GET /xingrg/kc/buy/cgsh_order_add.html HTTP/1.1" 200 62192
58.221.95.50 - - [04/Feb/2021:08:58:09 +0800] "POST /xingrg/kc/buy/cgsh_order_operate.html HTTP/1.1" 200 2676
116.228.172.94 - - [04/Feb/2021:08:58:09 +0800] "GET /xingrg/javascript/easyui/themes/default/validatebox.css HTTP/1.1" 404 1104
116.228.172.94 - - [04/Feb/2021:08:58:09 +0800] "POST /xingrg/kc/buy/cgsh_order_operate.html HTTP/1.1" 200 8245
58.221.95.50 - - [04/Feb/2021:08:58:10 +0800] "GET /xingrg/javascript/jquery_tools/images/prev.gif HTTP/1.1" 404 1086
58.221.95.50 - - [04/Feb/2021:08:58:10 +0800] "GET /xingrg/javascript/jquery_tools/images/next.gif HTTP/1.1" 404 1086
120.253.135.82 - - [04/Feb/2021:08:58:11 +0800] "GET /xingrg/check_reg.html?_=1612400395418 HTTP/1.1" 200 22
180.169.147.146 - - [04/Feb/2021:08:58:11 +0800] "POST /xingrg/kc/buy/cgsh_list_operate.html HTTP/1.1" 200 5370
116.228.172.94 - - [04/Feb/2021:08:58:11 +0800] "GET /xingrg/javascript/easyui/themes/default/tree.css HTTP/1.1" 404 1090
116.228.172.94 - - [04/Feb/2021:08:58:11 +0800] "POST /xingrg/all/common/load_tree.html?tree=supplier_tree_json&isDelete=1 HTTP/1.1" 200 54827
58.40.7.146 - - [04/Feb/2021:08:58:11 +0800] "GET /xingrg/all/function/internal_message.html?_=1612400290641&CODE_STATE=getMsg HTTP/1.1" 200 27
180.169.147.146 - - [04/Feb/2021:08:58:14 +0800] "POST /xingrg/kc/buy/cgsh_list_operate.html HTTP/1.1" 200 209
120.253.135.82 - - [04/Feb/2021:08:58:14 +0800] "GET /xingrg/all/function/internal_message.html?_=1612400399050&CODE_STATE=getMsg HTTP/1.1" 200 27
222.69.132.6 - - [04/Feb/2021:08:58:15 +0800] "GET /xingrg/kc/report/report_main.html HTTP/1.1" 200 7345
58.221.95.50 - - [04/Feb/2021:08:58:15 +0800] "POST /xingrg/kc/buy/cgsh_order_operate.html HTTP/1.1" 200 37
222.69.132.6 - - [04/Feb/2021:08:58:16 +0800] "GET /xingrg/all/report/report_query.html?fileName=kc/buy/wlcg_cate_hz.xml HTTP/1.1" 200 53941
222.69.132.6 - - [04/Feb/2021:08:58:16 +0800] "GET /xingrg/dwr/interface/AjaxReportQueryService.js HTTP/1.1" 200 13203
222.69.132.6 - - [04/Feb/2021:08:58:16 +0800] "GET /xingrg/dwr/engine.js HTTP/1.1" 200 43631
222.69.132.6 - - [04/Feb/2021:08:58:16 +0800] "POST /xingrg/dwr/call/plaincall/AjaxReportQueryService.getFixDate.dwr HTTP/1.1" 200 111
58.221.95.50 - - [04/Feb/2021:08:58:16 +0800] "GET /xingrg/all/function/internal_message.html?_=1612400296953&CODE_STATE=getMsg HTTP/1.1" 200 27
222.69.132.6 - - [04/Feb/2021:08:58:17 +0800] "POST /xingrg/all/common/load_tree.html?tree=supplier_tree_json&manage=1 HTTP/1.1" 200 55684
58.221.95.50 - - [04/Feb/2021:08:58:17 +0800] "POST /xingrg/kc/buy/cgsh_order_operate.html HTTP/1.1" 200 2676
222.69.132.6 - - [04/Feb/2021:08:58:18 +0800] "POST /xingrg/all/common/load_tree.html?tree=materiel_sort_tree_json HTTP/1.1" 200 8666
222.69.132.6 - - [04/Feb/2021:08:58:18 +0800] "POST /xingrg/all/common/load_tree.html?tree=base_tree_json HTTP/1.1" 200 3769
58.221.95.50 - - [04/Feb/2021:08:58:19 +0800] "GET /xingrg/kc/print/load_config.html?kc_code=cgsh HTTP/1.1" 200 1845
58.221.95.50 - - [04/Feb/2021:08:58:19 +0800] "GET /xingrg/kc/print/load_data.html?order_code=212021020401478&kc_code=cgsh&condition= HTTP/1.1" 200 664
120.253.135.82 - - [04/Feb/2021:08:58:21 +0800] "GET /xingrg/all/function/internal_message.html?_=1612400064230&CODE_STATE=getMsg HTTP/1.1" 200 27
222.69.132.6 - - [04/Feb/2021:08:58:22 +0800] "POST /xingrg/dwr/call/plaincall/AjaxReportQueryService.getFixDate.dwr HTTP/1.1" 200 111
120.253.135.82 - - [04/Feb/2021:08:58:26 +0800] "GET /xingrg/all/function/internal_message.html?_=1612400342739&CODE_STATE=getMsg HTTP/1.1" 200 27
116.228.172.94 - - [04/Feb/2021:08:58:28 +0800] "GET /xingrg/kc/buy/cgsh_order_operate.html?command=get_materiel&rest_code=00107&code=00101028020&supplier_code=00100017&order_time=2021-02-04 HTTP/1.1" 200 451
116.224.253.72 - - [04/Feb/2021:08:58:28 +0800] "GET /xingrg/check_reg.html?_=1612400307345 HTTP/1.1" 200 22
116.224.253.72 - - [04/Feb/2021:08:58:28 +0800] "GET /xingrg/all/function/internal_message.html?_=1612400307346&CODE_STATE=getMsg HTTP/1.1" 200 27
222.69.132.6 - - [04/Feb/2021:08:58:31 +0800] "GET /xingrg/all/function/internal_message.html?_=1612400305864&CODE_STATE=getMsg HTTP/1.1" 200 27
222.69.132.6 - - [04/Feb/2021:08:58:31 +0800] "POST /xingrg/dwr/call/plaincall/AjaxReportQueryService.refreshCache.dwr HTTP/1.1" 200 78
180.169.147.146 - - [04/Feb/2021:08:58:32 +0800] "POST /xingrg/all/user/operate.html HTTP/1.1" 200 36
180.169.147.146 - - [04/Feb/2021:08:58:32 +0800] "GET /xingrg/index.html?sysBaseUrl=http%3A%2F%2F180.169.147.146%3A18081%2Fxingrg%2F&costTime=38×tamp=1612399940531 HTTP/1.1" 200 17509
180.169.147.146 - - [04/Feb/2021:08:58:32 +0800] "GET /xingrg/javascript/jquery_easy_ui/themes/default/easyui.css HTTP/1.1" 304 -
180.169.147.146 - - [04/Feb/2021:08:58:32 +0800] "GET /xingrg/javascript/jquery_easy_ui/themes/icon.css HTTP/1.1" 304 -
180.169.147.146 - - [04/Feb/2021:08:58:32 +0800] "GET /xingrg/css/form.css HTTP/1.1" 304 -
180.169.147.146 - - [04/Feb/2021:08:58:32 +0800] "GET /xingrg/javascript/jquery-1.4.2.min.js HTTP/1.1" 304 -
180.169.147.146 - - [04/Feb/2021:08:58:32 +0800] "GET /xingrg/javascript/jquery_easy_ui/jquery.easyui.min.js HTTP/1.1" 304 -
180.169.147.146 - - [04/Feb/2021:08:58:32 +0800] "GET /xingrg/javascript/jquery_easy_ui/easyui-lang-zh_CN.js HTTP/1.1" 304 -
180.169.147.146 - - [04/Feb/2021:08:58:32 +0800] "GET /xingrg/javascript/jquery.form.js HTTP/1.1" 304 -
180.169.147.146 - - [04/Feb/2021:08:58:32 +0800] "GET /xingrg/javascript/jquery.utils.js HTTP/1.1" 304 -
180.169.147.146 - - [04/Feb/2021:08:58:32 +0800] "GET /xingrg/javascript/jquery.timers.js HTTP/1.1" 304 -
180.169.147.146 - - [04/Feb/2021:08:58:32 +0800] "GET /xingrg/images/blue/jxLogo.png HTTP/1.1" 304 -
180.169.147.146 - - [04/Feb/2021:08:58:32 +0800] "GET /xingrg/javascript/jquery_easy_ui/themes/icons/settle_new.png HTTP/1.1" 304 -
180.169.147.146 - - [04/Feb/2021:08:58:32 +0800] "GET /xingrg/images/blue/navBackgound.jpg HTTP/1.1" 304 -
180.169.147.146 - - [04/Feb/2021:08:58:32 +0800] "POST /xingrg/all/common/load_tree.html?tree=area_rest_tree_json&manage=1 HTTP/1.1" 200 3216
180.169.147.146 - - [04/Feb/2021:08:58:32 +0800] "GET /xingrg/all/function/internal_message.html?_=1612400312683&CODE_STATE=count HTTP/1.1" 200 11
180.169.147.146 - - [04/Feb/2021:08:58:32 +0800] "GET /xingrg/check_reg.html?_=1612400312685 HTTP/1.1" 200 22
180.169.147.146 - - [04/Feb/2021:08:58:32 +0800] "GET /xingrg/images/blue/pingpu.png HTTP/1.1" 304 -
