116.227.208.21 - - [04/Feb/2021:10:25:02 +0800] "GET /xingrg/kc/buy/cgsh_order_operate.html?command=get_materiel&rest_code=00155&code=00102006789&supplier_code=00100391&order_time=2021-02-04 HTTP/1.1" 200 403
180.169.147.146 - - [04/Feb/2021:10:25:03 +0800] "GET /xingrg/all/function/internal_message.html?_=1612405492875&CODE_STATE=getMsg HTTP/1.1" 200 27
222.69.132.6 - - [04/Feb/2021:10:25:05 +0800] "GET /xingrg/kc/buy/cgsh_order_operate.html?command=get_materiel&rest_code=00149&code=00101004048&supplier_code=00100083&order_time=2021-02-04 HTTP/1.1" 200 417
116.228.172.94 - - [04/Feb/2021:10:25:08 +0800] "GET /xingrg/check_reg.html?_=1612405501227 HTTP/1.1" 200 22
116.228.172.94 - - [04/Feb/2021:10:25:08 +0800] "GET /xingrg/all/function/internal_message.html?_=1612405501778&CODE_STATE=getMsg HTTP/1.1" 200 27
58.40.7.146 - - [04/Feb/2021:10:25:11 +0800] "GET /xingrg/all/function/internal_message.html?_=1612405510716&CODE_STATE=getMsg HTTP/1.1" 200 27
58.221.95.50 - - [04/Feb/2021:10:25:15 +0800] "GET /xingrg/all/function/internal_message.html?_=1612405515497&CODE_STATE=getMsg HTTP/1.1" 200 27
222.69.132.6 - - [04/Feb/2021:10:25:15 +0800] "GET /xingrg/kc/buy/cgsh_order_operate.html?command=get_materiel&rest_code=00149&code=00101004013&supplier_code=00100083&order_time=2021-02-04 HTTP/1.1" 200 415
218.81.223.240 - - [04/Feb/2021:10:25:16 +0800] "GET /xingrg/check_reg.html?_=1612405532958 HTTP/1.1" 200 22
58.221.95.50 - - [04/Feb/2021:10:25:16 +0800] "GET /xingrg/check_reg.html?_=1612405516671 HTTP/1.1" 200 22
120.253.135.82 - - [04/Feb/2021:10:25:16 +0800] "GET /xingrg/all/function/internal_message.html?_=1612405621009&CODE_STATE=getMsg HTTP/1.1" 200 27
218.81.223.240 - - [04/Feb/2021:10:25:17 +0800] "GET /xingrg/all/function/internal_message.html?_=1612405534147&CODE_STATE=getMsg HTTP/1.1" 200 27
120.253.135.82 - - [04/Feb/2021:10:25:20 +0800] "POST /xingrg/kc/buy/cgsh_order_operate.html HTTP/1.1" 200 37
180.169.147.146 - - [04/Feb/2021:10:25:24 +0800] "POST /xingrg/kc/buy/cgsh_order_operate.html HTTP/1.1" 200 37
120.253.135.82 - - [04/Feb/2021:10:25:24 +0800] "POST /xingrg/kc/buy/cgsh_order_operate.html HTTP/1.1" 200 12
58.40.7.146 - - [04/Feb/2021:10:25:25 +0800] "GET /xingrg/all/function/internal_message.html?_=1612405523936&CODE_STATE=getMsg HTTP/1.1" 200 27
58.40.7.146 - - [04/Feb/2021:10:25:25 +0800] "GET /xingrg/check_reg.html?_=1612405523937 HTTP/1.1" 200 22
222.69.132.6 - - [04/Feb/2021:10:25:25 +0800] "GET /xingrg/kc/buy/cgsh_order_operate.html?command=get_materiel&rest_code=00149&code=00101004017&supplier_code=00100083&order_time=2021-02-04 HTTP/1.1" 200 433
180.175.150.119 - - [04/Feb/2021:10:25:25 +0800] "GET /xingrg/kc/buy/cgsh_order_operate.html?command=get_materiel&rest_code=00102&code=00101007063&supplier_code=00100096&order_time=2021-02-04 HTTP/1.1" 200 409
180.169.147.146 - - [04/Feb/2021:10:25:25 +0800] "POST /xingrg/kc/buy/cgsh_order_operate.html HTTP/1.1" 200 2671
120.253.135.82 - - [04/Feb/2021:10:25:25 +0800] "GET /xingrg/kc/buy/cgsh_order_info.html?code=212021020401468 HTTP/1.1" 200 56029
120.253.135.82 - - [04/Feb/2021:10:25:26 +0800] "GET /xingrg/javascript/easyui/themes/default/validatebox.css HTTP/1.1" 404 1104
117.185.32.26 - - [04/Feb/2021:10:25:26 +0800] "GET /xingrg/all/function/internal_message.html?_=1612405542373&CODE_STATE=getMsg HTTP/1.1" 200 27
120.253.135.82 - - [04/Feb/2021:10:25:26 +0800] "POST /xingrg/kc/buy/cgsh_order_operate.html HTTP/1.1" 200 1240
116.227.208.21 - - [04/Feb/2021:10:25:27 +0800] "GET /xingrg/kc/buy/cgsh_order_operate.html?command=get_materiel&rest_code=00155&code=00102006743&supplier_code=00100391&order_time=2021-02-04 HTTP/1.1" 200 407
120.253.135.82 - - [04/Feb/2021:10:25:28 +0800] "GET /xingrg/all/function/internal_message.html?_=1612405564204&CODE_STATE=getMsg HTTP/1.1" 200 27
61.165.42.208 - - [04/Feb/2021:10:25:30 +0800] "GET /xingrg/all/function/internal_message.html?_=1612405531646&CODE_STATE=getMsg HTTP/1.1" 200 27
180.169.147.146 - - [04/Feb/2021:10:25:31 +0800] "GET /xingrg/all/function/internal_message.html?_=1612405528638&CODE_STATE=getMsg HTTP/1.1" 200 27
180.169.147.146 - - [04/Feb/2021:10:25:31 +0800] "POST /xingrg/kc/buy/cgsh_list_operate.html HTTP/1.1" 200 5275
180.169.147.146 - - [04/Feb/2021:10:25:32 +0800] "GET /xingrg/all/function/internal_message.html?_=1612405532759&CODE_STATE=getMsg HTTP/1.1" 302 -
222.69.132.6 - - [04/Feb/2021:10:25:32 +0800] "GET /xingrg/kc/buy/cgsh_order_operate.html?command=get_materiel&rest_code=00149&code=00101004009&supplier_code=00100083&order_time=2021-02-04 HTTP/1.1" 200 414
116.224.253.72 - - [04/Feb/2021:10:25:37 +0800] "GET /xingrg/all/function/internal_message.html?_=1612405525471&CODE_STATE=getMsg HTTP/1.1" 200 27
180.169.147.146 - - [04/Feb/2021:10:25:37 +0800] "GET /xingrg/kc/buy/buy_main.html HTTP/1.1" 200 12412
180.169.147.146 - - [04/Feb/2021:10:25:37 +0800] "GET /xingrg/css/new_ie.css HTTP/1.1" 404 1036
180.169.147.146 - - [04/Feb/2021:10:25:38 +0800] "GET /xingrg/images/yd/bt.gif HTTP/1.1" 404 1040
120.253.135.82 - - [04/Feb/2021:10:25:38 +0800] "GET /xingrg/kc/buy/cgsh_order_info.html?code=212021020401468 HTTP/1.1" 200 56029
120.253.135.82 - - [04/Feb/2021:10:25:38 +0800] "GET /xingrg/javascript/easyui/themes/default/validatebox.css HTTP/1.1" 404 1104
116.227.208.21 - - [04/Feb/2021:10:25:38 +0800] "GET /xingrg/all/function/internal_message.html?_=1612405535906&CODE_STATE=getMsg HTTP/1.1" 200 27
120.253.135.82 - - [04/Feb/2021:10:25:39 +0800] "POST /xingrg/kc/buy/cgsh_order_operate.html HTTP/1.1" 200 1240
180.169.147.146 - - [04/Feb/2021:10:25:39 +0800] "GET /xingrg/kc/buy/cgsh_order_list.html HTTP/1.1" 200 46372
180.169.147.146 - - [04/Feb/2021:10:25:41 +0800] "POST /xingrg/kc/buy/cgsh_list_operate.html HTTP/1.1" 200 5275
120.253.135.82 - - [04/Feb/2021:10:25:41 +0800] "POST /xingrg/kc/buy/cgsh_list_operate.html HTTP/1.1" 200 876
114.86.229.156 - - [04/Feb/2021:10:25:41 +0800] "GET /favicon.ico HTTP/1.1" 404 -
180.175.150.119 - - [04/Feb/2021:10:25:42 +0800] "GET /xingrg/kc/buy/cgsh_order_operate.html?command=get_materiel&rest_code=00102&code=00101007059&supplier_code=00100096&order_time=2021-02-04 HTTP/1.1" 200 409
180.169.147.146 - - [04/Feb/2021:10:25:45 +0800] "POST /xingrg/kc/buy/cgsh_list_operate.html HTTP/1.1" 200 5386
222.69.132.6 - - [04/Feb/2021:10:25:45 +0800] "GET /xingrg/kc/buy/cgsh_order_operate.html?command=get_materiel&rest_code=00149&code=00101004071&supplier_code=00100083&order_time=2021-02-04 HTTP/1.1" 200 411
120.253.135.82 - - [04/Feb/2021:10:25:46 +0800] "GET /xingrg/kc/pszx/mdps_order_list.html?orderType=0 HTTP/1.1" 200 21153
120.253.135.82 - - [04/Feb/2021:10:25:47 +0800] "POST /xingrg/kc/buy/cgsh_list_operate.html HTTP/1.1" 200 876
120.253.135.82 - - [04/Feb/2021:10:25:47 +0800] "POST /xingrg/kc/pszx/mdps_list_operate.html HTTP/1.1" 200 5426
120.253.135.82 - - [04/Feb/2021:10:25:48 +0800] "GET /xingrg/kc/pszx/mdps_order_add.html HTTP/1.1" 200 29131
117.185.32.26 - - [04/Feb/2021:10:25:48 +0800] "GET /xingrg/all/function/internal_message.html?_=1612405564389&CODE_STATE=getMsg HTTP/1.1" 200 27
117.185.32.26 - - [04/Feb/2021:10:25:48 +0800] "GET /xingrg/check_reg.html?_=1612405564388 HTTP/1.1" 200 22
180.169.147.146 - - [04/Feb/2021:10:25:49 +0800] "POST /xingrg/kc/buy/cgsh_list_operate.html HTTP/1.1" 200 5369
120.253.135.82 - - [04/Feb/2021:10:25:49 +0800] "POST /xingrg/kc/pszx/mdps_order_operate.html HTTP/1.1" 200 7126
120.253.135.82 - - [04/Feb/2021:10:25:49 +0800] "GET /xingrg/javascript/easyui/themes/default/validatebox.css HTTP/1.1" 404 1104
120.253.135.82 - - [04/Feb/2021:10:25:49 +0800] "GET /xingrg/all/function/internal_message.html?_=1612405653977&CODE_STATE=getMsg HTTP/1.1" 200 27
180.169.147.146 - - [04/Feb/2021:10:25:53 +0800] "POST /xingrg/kc/buy/cgsh_list_operate.html HTTP/1.1" 200 3734
180.175.150.119 - - [04/Feb/2021:10:25:53 +0800] "GET /xingrg/all/function/internal_message.html?_=1612405798095&CODE_STATE=getMsg HTTP/1.1" 200 27
180.169.147.146 - - [04/Feb/2021:10:25:54 +0800] "POST /xingrg/kc/buy/cgsh_list_operate.html HTTP/1.1" 200 213
114.88.166.193 - - [04/Feb/2021:10:25:54 +0800] "GET /xingrg/all/function/internal_message.html?_=1612405553134&CODE_STATE=getMsg HTTP/1.1" 200 27
116.224.253.72 - - [04/Feb/2021:10:25:56 +0800] "GET /xingrg/all/function/internal_message.html?_=1612405555802&CODE_STATE=getMsg HTTP/1.1" 200 27
222.69.132.6 - - [04/Feb/2021:10:25:56 +0800] "GET /xingrg/all/function/internal_message.html?_=1612405551507&CODE_STATE=getMsg HTTP/1.1" 200 27
120.253.135.82 - - [04/Feb/2021:10:25:57 +0800] "GET /xingrg/check_reg.html?_=1612405661389 HTTP/1.1" 200 22
222.69.132.6 - - [04/Feb/2021:10:25:57 +0800] "POST /xingrg/kc/buy/cgsh_order_operate.html HTTP/1.1" 200 37
180.169.147.146 - - [04/Feb/2021:10:25:57 +0800] "POST /xingrg/kc/buy/cgsh_list_operate.html HTTP/1.1" 200 205
120.253.135.82 - - [04/Feb/2021:10:25:57 +0800] "POST /xingrg/all/common/load_combo.html?type=base HTTP/1.1" 200 984
180.175.150.119 - - [04/Feb/2021:10:25:58 +0800] "GET /xingrg/kc/buy/cgsh_order_operate.html?command=get_materiel&rest_code=00102&code=00101001010&supplier_code=00100096&order_time=2021-02-04 HTTP/1.1" 200 410
180.169.147.146 - - [04/Feb/2021:10:25:58 +0800] "GET /xingrg/kc/buy/cgsh_order_info.html?code=212021020401522 HTTP/1.1" 200 62071
180.169.147.146 - - [04/Feb/2021:10:25:58 +0800] "GET /xingrg/javascript/easyui/themes/default/validatebox.css HTTP/1.1" 404 1104
180.169.147.146 - - [04/Feb/2021:10:25:59 +0800] "POST /xingrg/kc/buy/cgsh_order_operate.html HTTP/1.1" 200 2671
222.69.132.6 - - [04/Feb/2021:10:26:00 +0800] "POST /xingrg/kc/buy/cgsh_order_operate.html HTTP/1.1" 200 12
180.169.147.146 - - [04/Feb/2021:10:26:03 +0800] "GET /xingrg/all/function/internal_message.html?_=1612405552876&CODE_STATE=getMsg HTTP/1.1" 200 27
180.169.147.146 - - [04/Feb/2021:10:26:03 +0800] "GET /xingrg/check_reg.html?_=1612405552878 HTTP/1.1" 200 22
222.69.132.6 - - [04/Feb/2021:10:26:05 +0800] "GET /xingrg/kc/buy/cgsh_order_info.html?code=212021020401525 HTTP/1.1" 200 57057
222.69.132.6 - - [04/Feb/2021:10:26:05 +0800] "GET /xingrg/words/20210204101655_words.js HTTP/1.1" 304 -
222.69.132.6 - - [04/Feb/2021:10:26:05 +0800] "GET /xingrg/javascript/easyui/themes/default/validatebox.css HTTP/1.1" 404 1104
222.69.132.6 - - [04/Feb/2021:10:26:06 +0800] "POST /xingrg/kc/buy/cgsh_order_operate.html HTTP/1.1" 200 4213
120.253.135.82 - - [04/Feb/2021:10:26:07 +0800] "GET /xingrg/kc/pszx/mdps_order_operate.html?command=get_materiel&pszx_code=00101&rest_code=00147&base_code=0010250&code=00102003160 HTTP/1.1" 200 444
116.228.172.94 - - [04/Feb/2021:10:26:08 +0800] "GET /xingrg/all/function/internal_message.html?_=1612405561752&CODE_STATE=getMsg HTTP/1.1" 200 27
180.169.147.146 - - [04/Feb/2021:10:26:08 +0800] "GET /xingrg/login.html HTTP/1.1" 200 7641
180.169.147.146 - - [04/Feb/2021:10:26:08 +0800] "GET /favicon.ico HTTP/1.1" 404 -
120.253.135.82 - - [04/Feb/2021:10:26:10 +0800] "GET /xingrg/check_reg.html?_=1612405606614 HTTP/1.1" 200 22
58.40.7.146 - - [04/Feb/2021:10:26:12 +0800] "GET /xingrg/all/function/internal_message.html?_=1612405570718&CODE_STATE=getMsg HTTP/1.1" 200 27
222.69.132.6 - - [04/Feb/2021:10:26:12 +0800] "GET /xingrg/kc/print/load_data.html?order_code=212021020401525&kc_code=cgsh&condition= HTTP/1.1" 200 2127
58.221.95.50 - - [04/Feb/2021:10:26:15 +0800] "GET /xingrg/all/function/internal_message.html?_=1612405575470&CODE_STATE=getMsg HTTP/1.1" 200 27
120.253.135.82 - - [04/Feb/2021:10:26:16 +0800] "GET /xingrg/all/function/internal_message.html?_=1612405681013&CODE_STATE=getMsg HTTP/1.1" 200 27
218.81.223.240 - - [04/Feb/2021:10:26:17 +0800] "GET /xingrg/all/function/internal_message.html?_=1612405594160&CODE_STATE=getMsg HTTP/1.1" 200 27
180.169.147.146 - - [04/Feb/2021:10:26:18 +0800] "POST /xingrg/login.do HTTP/1.1" 302 -
180.169.147.146 - - [04/Feb/2021:10:26:18 +0800] "GET /xingrg/index.html?sysBaseUrl=http%3A%2F%2F180.169.147.146%3A18081%2Fxingrg%2F&costTime=37×tamp=1612405578577 HTTP/1.1" 200 17179
180.169.147.146 - - [04/Feb/2021:10:26:18 +0800] "POST /xingrg/all/common/load_tree.html?tree=area_rest_tree_json&manage=1 HTTP/1.1" 200 351
180.169.147.146 - - [04/Feb/2021:10:26:18 +0800] "GET /xingrg/all/function/internal_message.html?_=1612405576379&CODE_STATE=count HTTP/1.1" 200 11
180.169.147.146 - - [04/Feb/2021:10:26:18 +0800] "GET /xingrg/check_reg.html?_=1612405576380 HTTP/1.1" 200 22
180.169.147.146 - - [04/Feb/2021:10:26:18 +0800] "POST /xingrg/load_menu.html HTTP/1.1" 200 5138
180.169.147.146 - - [04/Feb/2021:10:26:18 +0800] "GET /favicon.ico HTTP/1.1" 404 -
180.175.150.119 - - [04/Feb/2021:10:26:19 +0800] "GET /xingrg/kc/buy/cgsh_order_operate.html?command=get_materiel&rest_code=00102&code=00101006259&supplier_code=00100096&order_time=2021-02-04 HTTP/1.1" 200 394
120.253.135.82 - - [04/Feb/2021:10:26:19 +0800] "GET /xingrg/kc/pszx/mdps_order_operate.html?command=get_materiel&pszx_code=00101&rest_code=00147&base_code=0010250&code=00102003161 HTTP/1.1" 200 447
180.169.147.146 - - [04/Feb/2021:10:26:20 +0800] "GET /xingrg/kc/buy/buy_main.html HTTP/1.1" 200 12412
180.169.147.146 - - [04/Feb/2021:10:26:21 +0800] "GET /xingrg/css/new_ie.css HTTP/1.1" 404 1036
180.169.147.146 - - [04/Feb/2021:10:26:22 +0800] "GET /xingrg/images/yd/bt.gif HTTP/1.1" 404 1040
180.169.147.146 - - [04/Feb/2021:10:26:22 +0800] "GET /xingrg/kc/buy/cgsh_order_list.html HTTP/1.1" 200 46372
180.169.147.146 - - [04/Feb/2021:10:26:22 +0800] "GET /xingrg/kc/buy/cgsh_order_list.html HTTP/1.1" 200 46372
180.169.147.146 - - [04/Feb/2021:10:26:23 +0800] "GET /favicon.ico HTTP/1.1" 404 -
180.169.147.146 - - [04/Feb/2021:10:26:24 +0800] "POST /xingrg/kc/buy/cgsh_list_operate.html HTTP/1.1" 200 5275
180.169.147.146 - - [04/Feb/2021:10:26:24 +0800] "POST /xingrg/kc/buy/cgsh_list_operate.html HTTP/1.1" 200 5275
58.40.7.146 - - [04/Feb/2021:10:26:25 +0800] "GET /xingrg/all/function/internal_message.html?_=1612405583940&CODE_STATE=getMsg HTTP/1.1" 200 27
117.185.32.26 - - [04/Feb/2021:10:26:26 +0800] "GET /xingrg/all/function/internal_message.html?_=1612405602369&CODE_STATE=getMsg HTTP/1.1" 200 27
180.169.147.146 - - [04/Feb/2021:10:26:27 +0800] "POST /xingrg/kc/buy/cgsh_list_operate.html HTTP/1.1" 200 3734
120.253.135.82 - - [04/Feb/2021:10:26:28 +0800] "GET /xingrg/all/function/internal_message.html?_=1612405624221&CODE_STATE=getMsg HTTP/1.1" 200 27
180.169.147.146 - - [04/Feb/2021:10:26:29 +0800] "POST /xingrg/kc/buy/cgsh_list_operate.html HTTP/1.1" 200 205
180.169.147.146 - - [04/Feb/2021:10:26:29 +0800] "GET /xingrg/kc/buy/cgsh_order_info.html?code=212021020401522 HTTP/1.1" 200 62071
180.169.147.146 - - [04/Feb/2021:10:26:29 +0800] "GET /xingrg/words/20210204101655_words.js HTTP/1.1" 304 -
180.169.147.146 - - [04/Feb/2021:10:26:30 +0800] "GET /xingrg/all/common/auto_word.html?type=employee&rest_code=00147 HTTP/1.1" 200 151
180.169.147.146 - - [04/Feb/2021:10:26:30 +0800] "GET /xingrg/all/common/auto_word.html?type=employee&rest_code=00147 HTTP/1.1" 200 151
180.169.147.146 - - [04/Feb/2021:10:26:30 +0800] "GET /xingrg/javascript/easyui/themes/default/validatebox.css HTTP/1.1" 404 1104
61.165.42.208 - - [04/Feb/2021:10:26:30 +0800] "GET /xingrg/all/function/internal_message.html?_=1612405591647&CODE_STATE=getMsg HTTP/1.1" 200 27
180.169.147.146 - - [04/Feb/2021:10:26:30 +0800] "POST /xingrg/kc/buy/cgsh_order_operate.html HTTP/1.1" 200 2671
180.169.147.146 - - [04/Feb/2021:10:26:31 +0800] "GET /xingrg/kc/print/load_config.html?kc_code=cgsh HTTP/1.1" 200 1845
180.169.147.146 - - [04/Feb/2021:10:26:31 +0800] "GET /xingrg/kc/print/load_data.html?order_code=212021020401522&kc_code=cgsh&condition= HTTP/1.1" 200 663
180.169.147.146 - - [04/Feb/2021:10:26:32 +0800] "GET /xingrg/all/function/internal_message.html?_=1612405592760&CODE_STATE=getMsg HTTP/1.1" 302 -
222.69.132.6 - - [04/Feb/2021:10:26:34 +0800] "GET /xingrg/kc/buy/cgsh_order_add.html HTTP/1.1" 200 62157
222.69.132.6 - - [04/Feb/2021:10:26:35 +0800] "POST /xingrg/kc/buy/cgsh_order_operate.html HTTP/1.1" 200 8245
222.69.132.6 - - [04/Feb/2021:10:26:35 +0800] "GET /xingrg/javascript/easyui/themes/default/validatebox.css HTTP/1.1" 404 1104
116.224.253.72 - - [04/Feb/2021:10:26:37 +0800] "GET /xingrg/all/function/internal_message.html?_=1612405585506&CODE_STATE=getMsg HTTP/1.1" 200 27
116.227.208.21 - - [04/Feb/2021:10:26:38 +0800] "GET /xingrg/all/function/internal_message.html?_=1612405595887&CODE_STATE=getMsg HTTP/1.1" 200 27
120.253.135.82 - - [04/Feb/2021:10:26:39 +0800] "GET /xingrg/kc/pszx/mdps_order_operate.html?command=get_materiel&pszx_code=00101&rest_code=00147&base_code=0010250&code=00102002921 HTTP/1.1" 200 440
120.253.135.82 - - [04/Feb/2021:10:26:46 +0800] "POST /xingrg/kc/pszx/mdps_order_operate.html HTTP/1.1" 200 37
120.253.135.82 - - [04/Feb/2021:10:26:47 +0800] "GET /xingrg/kc/pszx/mdps_order_info.html?code=312021020400146 HTTP/1.1" 200 23887
120.253.135.82 - - [04/Feb/2021:10:26:48 +0800] "POST /xingrg/kc/pszx/mdps_order_operate.html HTTP/1.1" 200 3291
120.253.135.82 - - [04/Feb/2021:10:26:48 +0800] "GET /xingrg/javascript/easyui/themes/default/validatebox.css HTTP/1.1" 404 1104
117.185.32.26 - - [04/Feb/2021:10:26:48 +0800] "GET /xingrg/all/function/internal_message.html?_=1612405624393&CODE_STATE=getMsg HTTP/1.1" 200 27
120.253.135.82 - - [04/Feb/2021:10:26:50 +0800] "GET /xingrg/all/function/internal_message.html?_=1612405714115&CODE_STATE=getMsg HTTP/1.1" 200 27
120.253.135.82 - - [04/Feb/2021:10:26:50 +0800] "GET /xingrg/kc/print/load_data.html?order_code=312021020400146&kc_code=mdps&condition= HTTP/1.1" 200 1154
180.175.150.119 - - [04/Feb/2021:10:26:54 +0800] "GET /xingrg/all/function/internal_message.html?_=1612405858313&CODE_STATE=getMsg HTTP/1.1" 200 27
114.88.166.193 - - [04/Feb/2021:10:26:55 +0800] "GET /xingrg/all/function/internal_message.html?_=1612405613148&CODE_STATE=getMsg HTTP/1.1" 200 27
116.224.253.72 - - [04/Feb/2021:10:26:56 +0800] "GET /xingrg/all/function/internal_message.html?_=1612405615792&CODE_STATE=getMsg HTTP/1.1" 200 27
222.69.132.6 - - [04/Feb/2021:10:26:56 +0800] "GET /xingrg/all/function/internal_message.html?_=1612405611517&CODE_STATE=getMsg HTTP/1.1" 200 27
180.169.147.146 - - [04/Feb/2021:10:27:03 +0800] "GET /xingrg/all/function/internal_message.html?_=1612405612879&CODE_STATE=getMsg HTTP/1.1" 200 27
222.69.132.6 - - [04/Feb/2021:10:27:06 +0800] "GET /xingrg/kc/buy/cgsh_order_operate.html?command=get_materiel&rest_code=00149&code=00101012025&supplier_code=00100036&order_time=2021-02-04 HTTP/1.1" 200 412
116.228.172.94 - - [04/Feb/2021:10:27:08 +0800] "GET /xingrg/all/function/internal_message.html?_=1612405621736&CODE_STATE=getMsg HTTP/1.1" 200 27
58.40.7.146 - - [04/Feb/2021:10:27:12 +0800] "GET /xingrg/all/function/internal_message.html?_=1612405630721&CODE_STATE=getMsg HTTP/1.1" 200 27
180.175.150.119 - - [04/Feb/2021:10:27:14 +0800] "POST /xingrg/kc/buy/cgsh_order_operate.html HTTP/1.1" 200 37
58.221.95.50 - - [04/Feb/2021:10:27:15 +0800] "GET /xingrg/all/function/internal_message.html?_=1612405635448&CODE_STATE=getMsg HTTP/1.1" 200 27
120.253.135.82 - - [04/Feb/2021:10:27:16 +0800] "GET /xingrg/all/function/internal_message.html?_=1612405741026&CODE_STATE=getMsg HTTP/1.1" 200 27
218.81.223.240 - - [04/Feb/2021:10:27:17 +0800] "GET /xingrg/all/function/internal_message.html?_=1612405654173&CODE_STATE=getMsg HTTP/1.1" 200 27
180.169.147.146 - - [04/Feb/2021:10:27:18 +0800] "GET /xingrg/all/function/internal_message.html?_=1612405636381&CODE_STATE=getMsg HTTP/1.1" 200 27
58.40.7.146 - - [04/Feb/2021:10:27:19 +0800] "GET /xingrg/check_reg.html?_=1612405638208 HTTP/1.1" 200 22
222.69.132.6 - - [04/Feb/2021:10:27:21 +0800] "GET /xingrg/kc/buy/cgsh_order_operate.html?command=get_materiel&rest_code=00149&code=00101010348&supplier_code=00100036&order_time=2021-02-04 HTTP/1.1" 200 417
116.224.253.72 - - [04/Feb/2021:10:27:22 +0800] "GET /xingrg/check_reg.html?_=1612405630552 HTTP/1.1" 200 22
58.40.7.146 - - [04/Feb/2021:10:27:25 +0800] "GET /xingrg/all/function/internal_message.html?_=1612405643928&CODE_STATE=getMsg HTTP/1.1" 200 27
117.185.32.26 - - [04/Feb/2021:10:27:26 +0800] "GET /xingrg/check_reg.html?_=1612405662368 HTTP/1.1" 200 22
117.185.32.26 - - [04/Feb/2021:10:27:26 +0800] "GET /xingrg/all/function/internal_message.html?_=1612405662370&CODE_STATE=getMsg HTTP/1.1" 200 27
120.253.135.82 - - [04/Feb/2021:10:27:28 +0800] "GET /xingrg/all/function/internal_message.html?_=1612405684235&CODE_STATE=getMsg HTTP/1.1" 200 27
222.69.132.6 - - [04/Feb/2021:10:27:29 +0800] "GET /xingrg/kc/buy/cgsh_order_operate.html?command=get_materiel&rest_code=00149&code=00101010092&supplier_code=00100036&order_time=2021-02-04 HTTP/1.1" 200 450
61.165.42.208 - - [04/Feb/2021:10:27:30 +0800] "GET /xingrg/all/function/internal_message.html?_=1612405651648&CODE_STATE=getMsg HTTP/1.1" 200 27
180.169.147.146 - - [04/Feb/2021:10:27:32 +0800] "GET /xingrg/all/function/internal_message.html?_=1612405652761&CODE_STATE=getMsg HTTP/1.1" 302 -
180.175.150.119 - - [04/Feb/2021:10:27:35 +0800] "POST /xingrg/kc/buy/cgsh_order_operate.html HTTP/1.1" 200 12
116.224.253.72 - - [04/Feb/2021:10:27:37 +0800] "GET /xingrg/all/function/internal_message.html?_=1612405645514&CODE_STATE=getMsg HTTP/1.1" 200 27
180.175.150.119 - - [04/Feb/2021:10:27:38 +0800] "GET /xingrg/kc/buy/cgsh_order_info.html?code=212021020401526 HTTP/1.1" 200 56953
120.253.135.82 - - [04/Feb/2021:10:27:38 +0800] "GET /xingrg/check_reg.html?_=1612405762290 HTTP/1.1" 200 22
180.175.150.119 - - [04/Feb/2021:10:27:38 +0800] "GET /xingrg/words/20210204101655_words.js HTTP/1.1" 200 793828
116.227.208.21 - - [04/Feb/2021:10:27:38 +0800] "GET /xingrg/all/function/internal_message.html?_=1612405655895&CODE_STATE=getMsg HTTP/1.1" 200 27
116.227.208.21 - - [04/Feb/2021:10:27:38 +0800] "GET /xingrg/check_reg.html?_=1612405655898 HTTP/1.1" 200 22
180.175.150.119 - - [04/Feb/2021:10:27:40 +0800] "GET /xingrg/javascript/easyui/themes/default/validatebox.css HTTP/1.1" 404 1104
180.175.150.119 - - [04/Feb/2021:10:27:40 +0800] "POST /xingrg/kc/buy/cgsh_order_operate.html HTTP/1.1" 200 10700
222.69.132.6 - - [04/Feb/2021:10:27:41 +0800] "GET /xingrg/kc/buy/cgsh_order_operate.html?command=get_materiel&rest_code=00149&code=00101012029&supplier_code=00100036&order_time=2021-02-04 HTTP/1.1" 200 412
180.175.150.119 - - [04/Feb/2021:10:27:43 +0800] "GET /xingrg/kc/print/load_config.html?kc_code=cgsh HTTP/1.1" 200 1845
180.175.150.119 - - [04/Feb/2021:10:27:43 +0800] "GET /xingrg/kc/print/load_data.html?order_code=212021020401526&kc_code=cgsh&condition= HTTP/1.1" 200 4488
117.185.32.26 - - [04/Feb/2021:10:27:48 +0800] "GET /xingrg/all/function/internal_message.html?_=1612405684392&CODE_STATE=getMsg HTTP/1.1" 200 27
120.253.135.82 - - [04/Feb/2021:10:27:50 +0800] "GET /xingrg/all/function/internal_message.html?_=1612405774129&CODE_STATE=getMsg HTTP/1.1" 200 27
120.253.135.82 - - [04/Feb/2021:10:27:51 +0800] "GET /xingrg/check_reg.html?_=1612405775666 HTTP/1.1" 200 22
116.228.172.94 - - [04/Feb/2021:10:27:53 +0800] "GET /favicon.ico HTTP/1.1" 404 -
180.175.150.119 - - [04/Feb/2021:10:27:53 +0800] "GET /xingrg/check_reg.html?_=1612405917708 HTTP/1.1" 200 22
180.175.150.119 - - [04/Feb/2021:10:27:53 +0800] "GET /xingrg/all/function/internal_message.html?_=1612405918323&CODE_STATE=getMsg HTTP/1.1" 200 27
114.88.166.193 - - [04/Feb/2021:10:27:55 +0800] "GET /xingrg/all/function/internal_message.html?_=1612405673537&CODE_STATE=getMsg HTTP/1.1" 200 27
116.224.253.72 - - [04/Feb/2021:10:27:56 +0800] "GET /xingrg/all/function/internal_message.html?_=1612405675776&CODE_STATE=getMsg HTTP/1.1" 200 27
222.69.132.6 - - [04/Feb/2021:10:27:56 +0800] "GET /xingrg/all/function/internal_message.html?_=1612405671511&CODE_STATE=getMsg HTTP/1.1" 200 27
222.69.132.6 - - [04/Feb/2021:10:27:59 +0800] "POST /xingrg/kc/buy/cgsh_order_operate.html HTTP/1.1" 200 37
180.169.147.146 - - [04/Feb/2021:10:28:03 +0800] "GET /xingrg/all/function/internal_message.html?_=1612405672882&CODE_STATE=getMsg HTTP/1.1" 200 27
222.69.132.6 - - [04/Feb/2021:10:28:03 +0800] "POST /xingrg/kc/buy/cgsh_order_operate.html HTTP/1.1" 200 12
222.69.132.6 - - [04/Feb/2021:10:28:04 +0800] "GET /xingrg/kc/buy/cgsh_order_info.html?code=212021020401527 HTTP/1.1" 200 57061
222.69.132.6 - - [04/Feb/2021:10:28:05 +0800] "GET /xingrg/words/20210204101655_words.js HTTP/1.1" 304 -
222.69.132.6 - - [04/Feb/2021:10:28:05 +0800] "GET /xingrg/javascript/easyui/themes/default/validatebox.css HTTP/1.1" 404 1104
222.69.132.6 - - [04/Feb/2021:10:28:05 +0800] "POST /xingrg/kc/buy/cgsh_order_operate.html HTTP/1.1" 200 2408
222.69.132.6 - - [04/Feb/2021:10:28:06 +0800] "GET /xingrg/kc/print/load_data.html?order_code=212021020401527&kc_code=cgsh&condition= HTTP/1.1" 200 1484
116.228.172.94 - - [04/Feb/2021:10:28:08 +0800] "GET /xingrg/all/function/internal_message.html?_=1612405681708&CODE_STATE=getMsg HTTP/1.1" 200 27
120.253.135.82 - - [04/Feb/2021:10:28:11 +0800] "GET /xingrg/check_reg.html?_=1612405795563 HTTP/1.1" 200 22
58.40.7.146 - - [04/Feb/2021:10:28:11 +0800] "GET /xingrg/all/function/internal_message.html?_=1612405690711&CODE_STATE=getMsg HTTP/1.1" 200 27
58.221.95.50 - - [04/Feb/2021:10:28:15 +0800] "GET /xingrg/all/function/internal_message.html?_=1612405695434&CODE_STATE=getMsg HTTP/1.1" 200 27
120.253.135.82 - - [04/Feb/2021:10:28:16 +0800] "GET /xingrg/all/function/internal_message.html?_=1612405801079&CODE_STATE=getMsg HTTP/1.1" 200 27
218.81.223.240 - - [04/Feb/2021:10:28:17 +0800] "GET /xingrg/all/function/internal_message.html?_=1612405714238&CODE_STATE=getMsg HTTP/1.1" 200 27
180.169.147.146 - - [04/Feb/2021:10:28:18 +0800] "GET /xingrg/all/function/internal_message.html?_=1612405696393&CODE_STATE=getMsg HTTP/1.1" 200 27
180.175.150.119 - - [04/Feb/2021:10:28:23 +0800] "GET /xingrg/kc/buy/cgsh_order_add.html HTTP/1.1" 200 62063
180.175.150.119 - - [04/Feb/2021:10:28:25 +0800] "POST /xingrg/kc/buy/cgsh_order_operate.html HTTP/1.1" 200 8245
58.40.7.146 - - [04/Feb/2021:10:28:25 +0800] "GET /xingrg/all/function/internal_message.html?_=1612405703931&CODE_STATE=getMsg HTTP/1.1" 200 27
180.175.150.119 - - [04/Feb/2021:10:28:25 +0800] "GET /xingrg/javascript/easyui/themes/default/validatebox.css HTTP/1.1" 404 1104
180.175.150.119 - - [04/Feb/2021:10:28:26 +0800] "GET /xingrg/javascript/easyui/plugins/jquery.draggable.js HTTP/1.1" 304 -
180.175.150.119 - - [04/Feb/2021:10:28:26 +0800] "GET /xingrg/javascript/easyui/plugins/jquery.droppable.js HTTP/1.1" 304 -
180.175.150.119 - - [04/Feb/2021:10:28:26 +0800] "GET /xingrg/javascript/easyui/themes/default/tree.css HTTP/1.1" 404 1090
180.175.150.119 - - [04/Feb/2021:10:28:26 +0800] "GET /xingrg/javascript/easyui/plugins/jquery.tree.js HTTP/1.1" 304 -
180.175.150.119 - - [04/Feb/2021:10:28:26 +0800] "POST /xingrg/all/common/load_tree.html?tree=supplier_tree_json&isDelete=1 HTTP/1.1" 200 54827
117.185.32.26 - - [04/Feb/2021:10:28:26 +0800] "GET /xingrg/all/function/internal_message.html?_=1612405722369&CODE_STATE=getMsg HTTP/1.1" 200 27
120.253.135.82 - - [04/Feb/2021:10:28:28 +0800] "GET /xingrg/all/function/internal_message.html?_=1612405744258&CODE_STATE=getMsg HTTP/1.1" 200 27
180.175.150.119 - - [04/Feb/2021:10:28:28 +0800] "GET /xingrg/javascript/easyui/themes/default/images/tree_arrows.gif HTTP/1.1" 304 -
180.175.150.119 - - [04/Feb/2021:10:28:28 +0800] "GET /xingrg/javascript/easyui/themes/default/images/tree_folder_open.gif HTTP/1.1" 304 -
180.175.150.119 - - [04/Feb/2021:10:28:28 +0800] "GET /xingrg/javascript/easyui/themes/default/images/tree_folder.gif HTTP/1.1" 304 -
180.175.150.119 - - [04/Feb/2021:10:28:28 +0800] "GET /xingrg/javascript/easyui/themes/default/images/tree_file.gif HTTP/1.1" 304 -
61.165.42.208 - - [04/Feb/2021:10:28:30 +0800] "GET /xingrg/check_reg.html?_=1612405711636 HTTP/1.1" 200 22
61.165.42.208 - - [04/Feb/2021:10:28:30 +0800] "GET /xingrg/all/function/internal_message.html?_=1612405711640&CODE_STATE=getMsg HTTP/1.1" 200 27
180.169.147.146 - - [04/Feb/2021:10:28:32 +0800] "GET /xingrg/all/function/internal_message.html?_=1612405712762&CODE_STATE=getMsg HTTP/1.1" 302 -
180.169.147.146 - - [04/Feb/2021:10:28:32 +0800] "GET /xingrg/check_reg.html?_=1612405712767 HTTP/1.1" 302 -
116.224.253.72 - - [04/Feb/2021:10:28:37 +0800] "GET /xingrg/all/function/internal_message.html?_=1612405705526&CODE_STATE=getMsg HTTP/1.1" 200 27
116.227.208.21 - - [04/Feb/2021:10:28:38 +0800] "GET /xingrg/all/function/internal_message.html?_=1612405715895&CODE_STATE=getMsg HTTP/1.1" 200 27
58.37.230.33 - - [04/Feb/2021:10:28:39 +0800] "GET /xingrg/check_reg.html?_=1612405733137 HTTP/1.1" 200 22
172.20.0.100 - - [04/Feb/2021:10:28:46 +0800] "GET /xingrg/check_reg.html?_=1612405724681 HTTP/1.1" 200 22
117.185.32.26 - - [04/Feb/2021:10:28:48 +0800] "GET /xingrg/all/function/internal_message.html?_=1612405744392&CODE_STATE=getMsg HTTP/1.1" 200 27
120.253.135.82 - - [04/Feb/2021:10:28:50 +0800] "GET /xingrg/all/function/internal_message.html?_=1612405834143&CODE_STATE=getMsg HTTP/1.1" 200 27
180.175.150.119 - - [04/Feb/2021:10:28:50 +0800] "GET /xingrg/kc/buy/cgsh_order_operate.html?command=get_materiel&rest_code=00102&code=00101015057&supplier_code=00100054&order_time=2021-02-04 HTTP/1.1" 200 408
114.88.166.193 - - [04/Feb/2021:10:28:51 +0800] "GET /xingrg/check_reg.html?_=1612405729255 HTTP/1.1" 200 22
180.175.150.119 - - [04/Feb/2021:10:28:54 +0800] "GET /xingrg/all/function/internal_message.html?_=1612405978337&CODE_STATE=getMsg HTTP/1.1" 200 27
114.88.166.193 - - [04/Feb/2021:10:28:55 +0800] "GET /xingrg/all/function/internal_message.html?_=1612405733558&CODE_STATE=getMsg HTTP/1.1" 200 27
116.224.253.72 - - [04/Feb/2021:10:28:56 +0800] "GET /xingrg/all/function/internal_message.html?_=1612405735761&CODE_STATE=getMsg HTTP/1.1" 200 27
116.224.253.72 - - [04/Feb/2021:10:28:56 +0800] "GET /xingrg/check_reg.html?_=1612405736013 HTTP/1.1" 200 22
222.69.132.6 - - [04/Feb/2021:10:28:56 +0800] "GET /xingrg/check_reg.html?_=1612405731505 HTTP/1.1" 200 22
222.69.132.6 - - [04/Feb/2021:10:28:56 +0800] "GET /xingrg/all/function/internal_message.html?_=1612405731509&CODE_STATE=getMsg HTTP/1.1" 200 27
222.69.132.6 - - [04/Feb/2021:10:28:59 +0800] "GET /xingrg/kc/buy/cgsh_order_add.html HTTP/1.1" 200 62157
222.69.132.6 - - [04/Feb/2021:10:29:00 +0800] "POST /xingrg/kc/buy/cgsh_order_operate.html HTTP/1.1" 200 8245
222.69.132.6 - - [04/Feb/2021:10:29:00 +0800] "GET /xingrg/javascript/easyui/themes/default/validatebox.css HTTP/1.1" 404 1104
180.175.150.119 - - [04/Feb/2021:10:29:01 +0800] "GET /xingrg/kc/buy/cgsh_order_operate.html?command=get_materiel&rest_code=00102&code=00101015029&supplier_code=00100054&order_time=2021-02-04 HTTP/1.1" 200 412
180.169.147.146 - - [04/Feb/2021:10:29:03 +0800] "GET /xingrg/all/function/internal_message.html?_=1612405732887&CODE_STATE=getMsg HTTP/1.1" 200 27
116.228.172.94 - - [04/Feb/2021:10:29:08 +0800] "GET /xingrg/all/function/internal_message.html?_=1612405741684&CODE_STATE=getMsg HTTP/1.1" 200 27
120.253.135.82 - - [04/Feb/2021:10:29:11 +0800] "GET /xingrg/check_reg.html?_=1612405514202 HTTP/1.1" 200 22
58.40.7.146 - - [04/Feb/2021:10:29:11 +0800] "GET /xingrg/all/function/internal_message.html?_=1612405750715&CODE_STATE=getMsg HTTP/1.1" 200 27
180.175.150.119 - - [04/Feb/2021:10:29:12 +0800] "GET /xingrg/kc/buy/cgsh_order_operate.html?command=get_materiel&rest_code=00102&code=00101015042&supplier_code=00100054&order_time=2021-02-04 HTTP/1.1" 200 408
58.221.95.50 - - [04/Feb/2021:10:29:15 +0800] "GET /xingrg/all/function/internal_message.html?_=1612405755405&CODE_STATE=getMsg HTTP/1.1" 200 27
222.69.132.6 - - [04/Feb/2021:10:29:15 +0800] "GET /xingrg/kc/buy/cgsh_order_operate.html?command=get_materiel&rest_code=00149&code=00101006130&supplier_code=00100012&order_time=2021-02-04 HTTP/1.1" 200 446
120.253.135.82 - - [04/Feb/2021:10:29:16 +0800] "GET /xingrg/all/function/internal_message.html?_=1612405861084&CODE_STATE=getMsg HTTP/1.1" 200 27
218.81.223.240 - - [04/Feb/2021:10:29:17 +0800] "GET /xingrg/all/function/internal_message.html?_=1612405774247&CODE_STATE=getMsg HTTP/1.1" 200 27
180.169.147.146 - - [04/Feb/2021:10:29:18 +0800] "GET /xingrg/all/function/internal_message.html?_=1612405756386&CODE_STATE=getMsg HTTP/1.1" 200 27
180.175.150.119 - - [04/Feb/2021:10:29:19 +0800] "POST /xingrg/kc/buy/cgsh_order_operate.html HTTP/1.1" 200 37
180.175.150.119 - - [04/Feb/2021:10:29:21 +0800] "POST /xingrg/kc/buy/cgsh_order_operate.html HTTP/1.1" 200 12
180.175.150.119 - - [04/Feb/2021:10:29:22 +0800] "GET /xingrg/kc/buy/cgsh_order_info.html?code=212021020401528 HTTP/1.1" 200 56961
180.175.150.119 - - [04/Feb/2021:10:29:23 +0800] "GET /xingrg/javascript/easyui/themes/default/validatebox.css HTTP/1.1" 404 1104
180.175.150.119 - - [04/Feb/2021:10:29:23 +0800] "POST /xingrg/kc/buy/cgsh_order_operate.html HTTP/1.1" 200 1774
222.69.132.6 - - [04/Feb/2021:10:29:24 +0800] "GET /xingrg/kc/buy/cgsh_order_operate.html?command=get_materiel&rest_code=00149&code=00101006109&supplier_code=00100012&order_time=2021-02-04 HTTP/1.1" 200 409
58.40.7.146 - - [04/Feb/2021:10:29:25 +0800] "GET /xingrg/all/function/internal_message.html?_=1612405763935&CODE_STATE=getMsg HTTP/1.1" 200 27
180.175.150.119 - - [04/Feb/2021:10:29:26 +0800] "GET /xingrg/kc/print/load_data.html?order_code=212021020401528&kc_code=cgsh&condition= HTTP/1.1" 200 1113
117.185.32.26 - - [04/Feb/2021:10:29:26 +0800] "GET /xingrg/all/function/internal_message.html?_=1612405782368&CODE_STATE=getMsg HTTP/1.1" 200 27
120.253.135.82 - - [04/Feb/2021:10:29:28 +0800] "GET /xingrg/all/function/internal_message.html?_=1612405804262&CODE_STATE=getMsg HTTP/1.1" 200 27
61.165.42.208 - - [04/Feb/2021:10:29:30 +0800] "GET /xingrg/all/function/internal_message.html?_=1612405771640&CODE_STATE=getMsg HTTP/1.1" 200 27
180.169.147.146 - - [04/Feb/2021:10:29:32 +0800] "GET /xingrg/all/function/internal_message.html?_=1612405772752&CODE_STATE=getMsg HTTP/1.1" 302 -
222.69.132.6 - - [04/Feb/2021:10:29:33 +0800] "GET /xingrg/kc/buy/cgsh_order_operate.html?command=get_materiel&rest_code=00149&code=00101010302&supplier_code=00100012&order_time=2021-02-04 HTTP/1.1" 200 428
120.253.135.82 - - [04/Feb/2021:10:29:36 +0800] "POST /xingrg/kc/pszx/mdps_list_operate.html HTTP/1.1" 200 5223
116.224.253.72 - - [04/Feb/2021:10:29:37 +0800] "GET /xingrg/all/function/internal_message.html?_=1612405765560&CODE_STATE=getMsg HTTP/1.1" 200 27
116.227.208.21 - - [04/Feb/2021:10:29:38 +0800] "GET /xingrg/all/function/internal_message.html?_=1612405775880&CODE_STATE=getMsg HTTP/1.1" 200 27
120.253.135.82 - - [04/Feb/2021:10:29:40 +0800] "POST /xingrg/kc/pszx/mdps_list_operate.html HTTP/1.1" 200 2250
222.69.132.6 - - [04/Feb/2021:10:29:41 +0800] "POST /xingrg/all/common/load_select.html HTTP/1.1" 200 25
120.253.135.82 - - [04/Feb/2021:10:29:42 +0800] "POST /xingrg/kc/pszx/mdps_list_operate.html HTTP/1.1" 200 383
120.253.135.82 - - [04/Feb/2021:10:29:42 +0800] "GET /xingrg/kc/pszx/mdps_order_info.html?code=312021020400146 HTTP/1.1" 200 23887
120.253.135.82 - - [04/Feb/2021:10:29:43 +0800] "POST /xingrg/kc/pszx/mdps_order_operate.html HTTP/1.1" 200 3291
120.253.135.82 - - [04/Feb/2021:10:29:43 +0800] "GET /xingrg/javascript/easyui/themes/default/validatebox.css HTTP/1.1" 404 1104
222.69.132.6 - - [04/Feb/2021:10:29:44 +0800] "GET /xingrg/kc/buy/cgsh_order_operate.html?command=get_materiel_price&rest_code=00149&code=00101010302&unit_code=00100008&supplier_code=00100012&order_time=2021-02-04 HTTP/1.1" 200 28
120.253.135.82 - - [04/Feb/2021:10:29:44 +0800] "GET /xingrg/check_reg.html?_=1612405889024 HTTP/1.1" 200 22
117.185.32.26 - - [04/Feb/2021:10:29:48 +0800] "GET /xingrg/all/function/internal_message.html?_=1612405804390&CODE_STATE=getMsg HTTP/1.1" 200 27
120.253.135.82 - - [04/Feb/2021:10:29:49 +0800] "POST /xingrg/kc/pszx/mdps_list_operate.html HTTP/1.1" 200 2250
120.253.135.82 - - [04/Feb/2021:10:29:50 +0800] "GET /xingrg/all/function/internal_message.html?_=1612405894295&CODE_STATE=getMsg HTTP/1.1" 200 27
120.253.135.82 - - [04/Feb/2021:10:29:50 +0800] "POST /xingrg/kc/pszx/mdps_list_operate.html HTTP/1.1" 200 383
180.175.150.119 - - [04/Feb/2021:10:29:54 +0800] "GET /xingrg/all/function/internal_message.html?_=1612406038353&CODE_STATE=getMsg HTTP/1.1" 200 27
114.88.166.193 - - [04/Feb/2021:10:29:55 +0800] "GET /xingrg/all/function/internal_message.html?_=1612405793561&CODE_STATE=getMsg HTTP/1.1" 200 27
116.224.253.72 - - [04/Feb/2021:10:29:56 +0800] "GET /xingrg/all/function/internal_message.html?_=1612405795746&CODE_STATE=getMsg HTTP/1.1" 200 27
222.69.132.6 - - [04/Feb/2021:10:29:56 +0800] "GET /xingrg/all/function/internal_message.html?_=1612405791515&CODE_STATE=getMsg HTTP/1.1" 200 27
180.175.150.119 - - [04/Feb/2021:10:29:58 +0800] "GET /xingrg/kc/buy/cgsh_order_add.html HTTP/1.1" 200 62063
180.175.150.119 - - [04/Feb/2021:10:30:00 +0800] "POST /xingrg/kc/buy/cgsh_order_operate.html HTTP/1.1" 200 8245
180.175.150.119 - - [04/Feb/2021:10:30:00 +0800] "GET /xingrg/javascript/easyui/themes/default/validatebox.css HTTP/1.1" 404 1104
120.253.135.82 - - [04/Feb/2021:10:30:02 +0800] "GET /xingrg/kc/report/report_main.html HTTP/1.1" 200 9370
120.253.135.82 - - [04/Feb/2021:10:30:02 +0800] "POST /xingrg/kc/pszx/mdps_list_operate.html HTTP/1.1" 200 2250
180.169.147.146 - - [04/Feb/2021:10:30:03 +0800] "GET /xingrg/all/function/internal_message.html?_=1612405792874&CODE_STATE=getMsg HTTP/1.1" 200 27
120.253.135.82 - - [04/Feb/2021:10:30:04 +0800] "GET /xingrg/kc/base/kc_stocks.html HTTP/1.1" 200 16380
120.253.135.82 - - [04/Feb/2021:10:30:04 +0800] "GET /xingrg/javascript/easyui/themes/default/tree.css HTTP/1.1" 404 1090
120.253.135.82 - - [04/Feb/2021:10:30:04 +0800] "POST /xingrg/all/common/load_tree.html?tree=materiel_sort_tree_json HTTP/1.1" 200 8666
120.253.135.82 - - [04/Feb/2021:10:30:05 +0800] "POST /xingrg/all/common/load_combo.html?type=base HTTP/1.1" 200 984
180.175.150.119 - - [04/Feb/2021:10:30:06 +0800] "GET /xingrg/javascript/easyui/themes/default/tree.css HTTP/1.1" 404 1090
180.175.150.119 - - [04/Feb/2021:10:30:06 +0800] "POST /xingrg/all/common/load_tree.html?tree=supplier_tree_json&isDelete=1 HTTP/1.1" 200 54827
116.228.172.94 - - [04/Feb/2021:10:30:08 +0800] "GET /xingrg/check_reg.html?_=1612405801233 HTTP/1.1" 200 22
116.228.172.94 - - [04/Feb/2021:10:30:08 +0800] "GET /xingrg/all/function/internal_message.html?_=1612405801674&CODE_STATE=getMsg HTTP/1.1" 200 27
222.69.132.6 - - [04/Feb/2021:10:30:08 +0800] "GET /xingrg/kc/buy/cgsh_order_operate.html?command=get_materiel&rest_code=00149&code=00101006179&supplier_code=00100012&order_time=2021-02-04 HTTP/1.1" 200 419
58.40.7.146 - - [04/Feb/2021:10:30:12 +0800] "GET /xingrg/all/function/internal_message.html?_=1612405810718&CODE_STATE=getMsg HTTP/1.1" 200 27
58.221.95.50 - - [04/Feb/2021:10:30:15 +0800] "GET /xingrg/all/function/internal_message.html?_=1612405815390&CODE_STATE=getMsg HTTP/1.1" 200 27
218.81.223.240 - - [04/Feb/2021:10:30:16 +0800] "GET /xingrg/check_reg.html?_=1612405832981 HTTP/1.1" 200 22
58.221.95.50 - - [04/Feb/2021:10:30:16 +0800] "GET /xingrg/check_reg.html?_=1612405816673 HTTP/1.1" 200 22
120.253.135.82 - - [04/Feb/2021:10:30:16 +0800] "POST /xingrg/kc/base/stock_operate.html HTTP/1.1" 200 1471
120.253.135.82 - - [04/Feb/2021:10:30:17 +0800] "GET /xingrg/all/function/internal_message.html?_=1612405921124&CODE_STATE=getMsg HTTP/1.1" 200 27
218.81.223.240 - - [04/Feb/2021:10:30:17 +0800] "GET /xingrg/all/function/internal_message.html?_=1612405834260&CODE_STATE=getMsg HTTP/1.1" 200 27
180.169.147.146 - - [04/Feb/2021:10:30:18 +0800] "GET /xingrg/all/function/internal_message.html?_=1612405816386&CODE_STATE=getMsg HTTP/1.1" 200 27
222.69.132.6 - - [04/Feb/2021:10:30:19 +0800] "GET /xingrg/kc/buy/cgsh_order_operate.html?command=get_materiel&rest_code=00149&code=00101006144&supplier_code=00100012&order_time=2021-02-04 HTTP/1.1" 200 409
120.253.135.82 - - [04/Feb/2021:10:30:24 +0800] "GET /xingrg/kc/base/stock_detail.html?m=00102003630 HTTP/1.1" 200 6309
58.40.7.146 - - [04/Feb/2021:10:30:25 +0800] "GET /xingrg/all/function/internal_message.html?_=1612405823942&CODE_STATE=getMsg HTTP/1.1" 200 27
58.40.7.146 - - [04/Feb/2021:10:30:25 +0800] "GET /xingrg/check_reg.html?_=1612405823943 HTTP/1.1" 200 22
117.185.32.26 - - [04/Feb/2021:10:30:26 +0800] "GET /xingrg/all/function/internal_message.html?_=1612405842367&CODE_STATE=getMsg HTTP/1.1" 200 27
120.253.135.82 - - [04/Feb/2021:10:30:28 +0800] "GET /xingrg/all/function/internal_message.html?_=1612405864289&CODE_STATE=getMsg HTTP/1.1" 200 27
120.253.135.82 - - [04/Feb/2021:10:30:29 +0800] "GET /xingrg/kc/base/stock_operate.html?_=1612405592967&command=get_report_file&start_day=20210201 HTTP/1.1" 200 53
120.253.135.82 - - [04/Feb/2021:10:30:29 +0800] "GET /xingrg/all/report/report_query.html?isQuery=1&onlyBody=1&rh=2000&fileName=kc/base/kc_stock_detail_new.xml&queryString=(1=1)&queryText=&tableQueryString=init_table$sp1$$sp$crk_table$sp1$order_day%20between%2020210201%20and%2020210228&varString=start_day:20210201,materiel_code:00102003630,cost_id:2983,end_date:20201231 HTTP/1.1" 200 48701
120.253.135.82 - - [04/Feb/2021:10:30:29 +0800] "GET /xingrg/dwr/interface/AjaxReportQueryService.js HTTP/1.1" 200 13203
120.253.135.82 - - [04/Feb/2021:10:30:29 +0800] "GET /xingrg/dwr/engine.js HTTP/1.1" 200 43631
61.165.42.208 - - [04/Feb/2021:10:30:30 +0800] "GET /xingrg/all/function/internal_message.html?_=1612405831635&CODE_STATE=getMsg HTTP/1.1" 200 27
120.253.135.82 - - [04/Feb/2021:10:30:30 +0800] "POST /xingrg/all/report/load_report_page.html HTTP/1.1" 200 20231
120.253.135.82 - - [04/Feb/2021:10:30:30 +0800] "GET /xingrg/servlets/image?cache=0.9244094583769109&image=px HTTP/1.1" 200 807
180.169.147.146 - - [04/Feb/2021:10:30:32 +0800] "GET /xingrg/all/function/internal_message.html?_=1612405832753&CODE_STATE=getMsg HTTP/1.1" 302 -
120.253.135.82 - - [04/Feb/2021:10:30:35 +0800] "GET /xingrg/kc/base/stock_operate.html?_=1612405598528&command=get_report_file&start_day=20210201 HTTP/1.1" 200 53
120.253.135.82 - - [04/Feb/2021:10:30:35 +0800] "GET /xingrg/all/report/report_query.html?isQuery=1&onlyBody=1&rh=2000&fileName=kc/base/kc_stock_detail_new.xml&queryString=(1=1)&queryText=&tableQueryString=init_table$sp1$$sp$crk_table$sp1$order_day%20between%2020210201%20and%2020210228&varString=start_day:20210201,materiel_code:00102003630,cost_id:2983,end_date:20201231 HTTP/1.1" 200 48701
120.253.135.82 - - [04/Feb/2021:10:30:35 +0800] "GET /xingrg/dwr/interface/AjaxReportQueryService.js HTTP/1.1" 200 13203
120.253.135.82 - - [04/Feb/2021:10:30:35 +0800] "GET /xingrg/dwr/engine.js HTTP/1.1" 200 43631
120.253.135.82 - - [04/Feb/2021:10:30:36 +0800] "POST /xingrg/all/report/load_report_page.html HTTP/1.1" 200 20256
120.253.135.82 - - [04/Feb/2021:10:30:36 +0800] "GET /xingrg/servlets/image?cache=0.37522133964173887&image=px HTTP/1.1" 200 807
116.224.253.72 - - [04/Feb/2021:10:30:37 +0800] "GET /xingrg/all/function/internal_message.html?_=1612405825570&CODE_STATE=getMsg HTTP/1.1" 200 27
116.227.208.21 - - [04/Feb/2021:10:30:38 +0800] "GET /xingrg/all/function/internal_message.html?_=1612405835885&CODE_STATE=getMsg HTTP/1.1" 200 27
180.175.150.119 - - [04/Feb/2021:10:30:40 +0800] "GET /xingrg/kc/buy/cgsh_order_operate.html?command=get_materiel&rest_code=00102&code=00101011010&supplier_code=00100047&order_time=2021-02-04 HTTP/1.1" 200 418
120.253.135.82 - - [04/Feb/2021:10:30:42 +0800] "GET /xingrg/kc/base/stock_detail.html?m=00102003630 HTTP/1.1" 200 6309
117.185.32.26 - - [04/Feb/2021:10:30:48 +0800] "GET /xingrg/check_reg.html?_=1612405864389 HTTP/1.1" 200 22
117.185.32.26 - - [04/Feb/2021:10:30:48 +0800] "GET /xingrg/all/function/internal_message.html?_=1612405864390&CODE_STATE=getMsg HTTP/1.1" 200 27
120.253.135.82 - - [04/Feb/2021:10:30:50 +0800] "GET /xingrg/all/function/internal_message.html?_=1612405954310&CODE_STATE=getMsg HTTP/1.1" 200 27
180.175.150.119 - - [04/Feb/2021:10:30:54 +0800] "GET /xingrg/all/function/internal_message.html?_=1612406098365&CODE_STATE=getMsg HTTP/1.1" 200 27
120.253.135.82 - - [04/Feb/2021:10:30:54 +0800] "GET /xingrg/kc/base/stock_operate.html?_=1612405617390&command=get_report_file&start_day=20210201 HTTP/1.1" 200 53
180.175.150.119 - - [04/Feb/2021:10:30:54 +0800] "GET /xingrg/kc/buy/cgsh_order_operate.html?command=get_materiel&rest_code=00102&code=00101011007&supplier_code=00100047&order_time=2021-02-04 HTTP/1.1" 200 414
120.253.135.82 - - [04/Feb/2021:10:30:54 +0800] "GET /xingrg/all/report/report_query.html?isQuery=1&onlyBody=1&rh=2000&fileName=kc/base/kc_stock_detail_new.xml&queryString=(1=1)&queryText=&tableQueryString=init_table$sp1$$sp$crk_table$sp1$order_day%20between%2020210201%20and%2020210228&varString=start_day:20210201,materiel_code:00102003630,cost_id:2983,end_date:20201231 HTTP/1.1" 200 48701
120.253.135.82 - - [04/Feb/2021:10:30:54 +0800] "GET /xingrg/dwr/interface/AjaxReportQueryService.js HTTP/1.1" 200 13203
120.253.135.82 - - [04/Feb/2021:10:30:54 +0800] "GET /xingrg/dwr/engine.js HTTP/1.1" 200 43631
120.253.135.82 - - [04/Feb/2021:10:30:54 +0800] "POST /xingrg/all/report/load_report_page.html HTTP/1.1" 200 20256
120.253.135.82 - - [04/Feb/2021:10:30:54 +0800] "GET /xingrg/servlets/image?cache=0.21589416654094007&image=px HTTP/1.1" 200 807
114.88.166.193 - - [04/Feb/2021:10:30:55 +0800] "GET /xingrg/all/function/internal_message.html?_=1612405854017&CODE_STATE=getMsg HTTP/1.1" 200 27
116.224.253.72 - - [04/Feb/2021:10:30:56 +0800] "GET /xingrg/all/function/internal_message.html?_=1612405855729&CODE_STATE=getMsg HTTP/1.1" 200 27
222.69.132.6 - - [04/Feb/2021:10:30:56 +0800] "GET /xingrg/all/function/internal_message.html?_=1612405851510&CODE_STATE=getMsg HTTP/1.1" 200 27
120.253.135.82 - - [04/Feb/2021:10:30:57 +0800] "GET /xingrg/check_reg.html?_=1612405961401 HTTP/1.1" 200 22
222.69.132.6 - - [04/Feb/2021:10:30:57 +0800] "GET /xingrg/kc/buy/cgsh_order_operate.html?command=get_materiel&rest_code=00149&code=00101006108&supplier_code=00100012&order_time=2021-02-04 HTTP/1.1" 200 421
120.253.135.82 - - [04/Feb/2021:10:31:02 +0800] "GET /xingrg/kc/base/stock_detail.html?m=00102003630 HTTP/1.1" 200 6309
180.169.147.146 - - [04/Feb/2021:10:31:03 +0800] "GET /xingrg/all/function/internal_message.html?_=1612405852876&CODE_STATE=getMsg HTTP/1.1" 200 27
180.169.147.146 - - [04/Feb/2021:10:31:03 +0800] "GET /xingrg/check_reg.html?_=1612405852877 HTTP/1.1" 200 22
180.175.150.119 - - [04/Feb/2021:10:31:05 +0800] "POST /xingrg/kc/buy/cgsh_order_operate.html HTTP/1.1" 200 37
180.175.150.119 - - [04/Feb/2021:10:31:08 +0800] "POST /xingrg/kc/buy/cgsh_order_operate.html HTTP/1.1" 200 12
116.228.172.94 - - [04/Feb/2021:10:31:08 +0800] "GET /xingrg/all/function/internal_message.html?_=1612405861658&CODE_STATE=getMsg HTTP/1.1" 200 27
180.175.150.119 - - [04/Feb/2021:10:31:09 +0800] "GET /xingrg/kc/buy/cgsh_order_info.html?code=212021020401529 HTTP/1.1" 200 56963
120.253.135.82 - - [04/Feb/2021:10:31:10 +0800] "GET /xingrg/check_reg.html?_=1612405906622 HTTP/1.1" 200 22
180.175.150.119 - - [04/Feb/2021:10:31:10 +0800] "GET /xingrg/javascript/easyui/themes/default/validatebox.css HTTP/1.1" 404 1104
180.175.150.119 - - [04/Feb/2021:10:31:10 +0800] "POST /xingrg/kc/buy/cgsh_order_operate.html HTTP/1.1" 200 1205
58.40.7.146 - - [04/Feb/2021:10:31:12 +0800] "GET /xingrg/all/function/internal_message.html?_=1612405870723&CODE_STATE=getMsg HTTP/1.1" 200 27
120.204.17.73 - - [04/Feb/2021:10:31:12 +0800] "GET /xingrg/login.html HTTP/1.1" 200 7641
180.175.150.119 - - [04/Feb/2021:10:31:12 +0800] "GET /xingrg/kc/print/load_data.html?order_code=212021020401529&kc_code=cgsh&condition= HTTP/1.1" 200 963
120.253.135.82 - - [04/Feb/2021:10:31:12 +0800] "GET /xingrg/kc/base/stock_operate.html?_=1612405635975&command=get_report_file&start_day=20210201 HTTP/1.1" 200 53
120.253.135.82 - - [04/Feb/2021:10:31:12 +0800] "GET /xingrg/all/report/report_query.html?isQuery=1&onlyBody=1&rh=2000&fileName=kc/base/kc_stock_detail_new.xml&queryString=(1=1)&queryText=&tableQueryString=init_table$sp1$$sp$crk_table$sp1$order_day%20between%2020210201%20and%2020210228&varString=start_day:20210201,materiel_code:00102003630,cost_id:2983,end_date:20201231 HTTP/1.1" 200 48701
120.253.135.82 - - [04/Feb/2021:10:31:12 +0800] "GET /xingrg/dwr/interface/AjaxReportQueryService.js HTTP/1.1" 200 13203
120.253.135.82 - - [04/Feb/2021:10:31:12 +0800] "GET /xingrg/dwr/engine.js HTTP/1.1" 200 43631
120.253.135.82 - - [04/Feb/2021:10:31:13 +0800] "POST /xingrg/all/report/load_report_page.html HTTP/1.1" 200 20231
120.253.135.82 - - [04/Feb/2021:10:31:13 +0800] "GET /xingrg/servlets/image?cache=0.9198911582770333&image=px HTTP/1.1" 200 807
183.192.164.71 - - [04/Feb/2021:10:31:14 +0800] "GET /xingrg/index.html?sysBaseUrl=http://180.169.147.146:18081/xingrg/&costTime=38×tamp=1612405245590 HTTP/1.1" 302 -
58.221.95.50 - - [04/Feb/2021:10:31:15 +0800] "GET /xingrg/all/function/internal_message.html?_=1612405875390&CODE_STATE=getMsg HTTP/1.1" 200 27
222.69.132.6 - - [04/Feb/2021:10:31:16 +0800] "GET /xingrg/kc/buy/cgsh_order_operate.html?command=get_materiel&rest_code=00149&code=00101006057&supplier_code=00100012&order_time=2021-02-04 HTTP/1.1" 200 413
61.165.42.208 - - [04/Feb/2021:10:31:16 +0800] "GET /xingrg/kc/buy/cgsh_order_add.html HTTP/1.1" 200 62151
61.165.42.208 - - [04/Feb/2021:10:31:16 +0800] "GET /xingrg/javascript/easyui/themes/default/validatebox.css HTTP/1.1" 404 1104
61.165.42.208 - - [04/Feb/2021:10:31:16 +0800] "POST /xingrg/kc/buy/cgsh_order_operate.html HTTP/1.1" 200 8245
120.253.135.82 - - [04/Feb/2021:10:31:17 +0800] "GET /xingrg/all/function/internal_message.html?_=1612405981127&CODE_STATE=getMsg HTTP/1.1" 200 27
218.81.223.240 - - [04/Feb/2021:10:31:17 +0800] "GET /xingrg/all/function/internal_message.html?_=1612405894329&CODE_STATE=getMsg HTTP/1.1" 200 27
180.169.147.146 - - [04/Feb/2021:10:31:18 +0800] "GET /xingrg/check_reg.html?_=1612405876400 HTTP/1.1" 200 22
