61.165.42.208 - - [04/Feb/2021:09:08:37 +0800] "GET /xingrg/words/20210203122941_words.js HTTP/1.1" 304 -
222.69.132.6 - - [04/Feb/2021:09:08:37 +0800] "GET /xingrg/kc/buy/cgsh_order_operate.html?command=get_materiel&rest_code=00149&code=00101008261&supplier_code=00100005&order_time=2021-02-04 HTTP/1.1" 200 408
61.165.42.208 - - [04/Feb/2021:09:08:38 +0800] "GET /xingrg/javascript/easyui/themes/default/validatebox.css HTTP/1.1" 404 1104
61.165.42.208 - - [04/Feb/2021:09:08:38 +0800] "GET /xingrg/all/common/auto_word.html?type=employee&rest_code=00105 HTTP/1.1" 200 193
61.165.42.208 - - [04/Feb/2021:09:08:38 +0800] "GET /xingrg/all/common/auto_word.html?type=employee&rest_code=00105 HTTP/1.1" 200 193
61.165.42.208 - - [04/Feb/2021:09:08:38 +0800] "POST /xingrg/kc/buy/cgsh_order_operate.html HTTP/1.1" 200 8245
116.227.208.21 - - [04/Feb/2021:09:08:38 +0800] "GET /xingrg/all/function/internal_message.html?_=1612400915886&CODE_STATE=getMsg HTTP/1.1" 200 27
116.224.253.72 - - [04/Feb/2021:09:08:39 +0800] "GET /xingrg/kc/buy/cgsh_order_list.html HTTP/1.1" 200 46372
61.165.42.208 - - [04/Feb/2021:09:08:39 +0800] "GET /xingrg/javascript/auto/indicator.gif HTTP/1.1" 404 1066
58.37.230.33 - - [04/Feb/2021:09:08:39 +0800] "GET /xingrg/check_reg.html?_=1612400933328 HTTP/1.1" 200 22
116.224.253.72 - - [04/Feb/2021:09:08:41 +0800] "POST /xingrg/kc/buy/cgsh_list_operate.html HTTP/1.1" 200 1690
114.88.166.193 - - [04/Feb/2021:09:08:42 +0800] "GET /xingrg/all/function/internal_message.html?_=1612400920961&CODE_STATE=getMsg HTTP/1.1" 200 27
116.224.253.72 - - [04/Feb/2021:09:08:43 +0800] "POST /xingrg/kc/buy/cgsh_list_operate.html HTTP/1.1" 200 576
120.253.135.82 - - [04/Feb/2021:09:08:44 +0800] "GET /xingrg/all/function/internal_message.html?_=1612401028297&CODE_STATE=getMsg HTTP/1.1" 200 27
116.224.253.72 - - [04/Feb/2021:09:08:45 +0800] "GET /xingrg/kc/buy/cgsh_order_info.html?code=212021020401470 HTTP/1.1" 200 62037
116.224.253.72 - - [04/Feb/2021:09:08:46 +0800] "GET /xingrg/javascript/easyui/themes/default/validatebox.css HTTP/1.1" 404 1104
116.224.253.72 - - [04/Feb/2021:09:08:46 +0800] "POST /xingrg/kc/buy/cgsh_order_operate.html HTTP/1.1" 200 30485
116.224.253.72 - - [04/Feb/2021:09:08:47 +0800] "GET /xingrg/kc/buy/cgsh_order_operate.html?command=get_materiel&rest_code=00150&code=00101009013&supplier_code=00100424&order_time=2021-02-04 HTTP/1.1" 200 420
58.221.95.50 - - [04/Feb/2021:09:08:51 +0800] "POST /xingrg/kc/buy/cgsh_list_operate.html HTTP/1.1" 200 3404
116.224.253.72 - - [04/Feb/2021:09:08:54 +0800] "POST /xingrg/kc/buy/cgsh_order_operate.html HTTP/1.1" 200 37
116.224.253.72 - - [04/Feb/2021:09:08:55 +0800] "POST /xingrg/kc/buy/cgsh_order_operate.html HTTP/1.1" 200 5625
61.165.42.208 - - [04/Feb/2021:09:08:55 +0800] "GET /xingrg/kc/buy/cgsh_order_operate.html?command=get_materiel&rest_code=00105&code=00101012033&supplier_code=00100034&order_time=2021-02-04 HTTP/1.1" 200 426
222.69.132.6 - - [04/Feb/2021:09:08:55 +0800] "GET /xingrg/kc/buy/cgsh_order_operate.html?command=get_materiel&rest_code=00149&code=00101008027&supplier_code=00100005&order_time=2021-02-04 HTTP/1.1" 200 409
116.228.172.94 - - [04/Feb/2021:09:08:56 +0800] "POST /xingrg/kc/buy/cgsh_list_operate.html HTTP/1.1" 200 5263
222.69.132.6 - - [04/Feb/2021:09:09:05 +0800] "GET /xingrg/kc/buy/cgsh_order_operate.html?command=get_materiel&rest_code=00149&code=00101008257&supplier_code=00100005&order_time=2021-02-04 HTTP/1.1" 200 416
116.228.172.94 - - [04/Feb/2021:09:09:08 +0800] "GET /xingrg/all/function/internal_message.html?_=1612400941108&CODE_STATE=getMsg HTTP/1.1" 200 27
218.81.223.240 - - [04/Feb/2021:09:09:08 +0800] "GET /xingrg/all/function/internal_message.html?_=1612400964651&CODE_STATE=getMsg HTTP/1.1" 200 27
61.165.42.208 - - [04/Feb/2021:09:09:11 +0800] "GET /xingrg/kc/buy/cgsh_order_operate.html?command=get_materiel&rest_code=00105&code=00101012029&supplier_code=00100034&order_time=2021-02-04 HTTP/1.1" 200 412
58.40.7.146 - - [04/Feb/2021:09:09:11 +0800] "GET /xingrg/all/function/internal_message.html?_=1612400950647&CODE_STATE=getMsg HTTP/1.1" 200 27
222.69.132.6 - - [04/Feb/2021:09:09:14 +0800] "GET /xingrg/kc/buy/cgsh_order_operate.html?command=get_materiel&rest_code=00149&code=00101008155&supplier_code=00100005&order_time=2021-02-04 HTTP/1.1" 200 408
120.253.135.82 - - [04/Feb/2021:09:09:15 +0800] "GET /xingrg/all/function/internal_message.html?_=1612401059296&CODE_STATE=getMsg HTTP/1.1" 200 27
58.221.95.50 - - [04/Feb/2021:09:09:16 +0800] "GET /xingrg/all/function/internal_message.html?_=1612400956799&CODE_STATE=getMsg HTTP/1.1" 200 27
120.253.135.82 - - [04/Feb/2021:09:09:22 +0800] "GET /xingrg/all/function/internal_message.html?_=1612400725284&CODE_STATE=getMsg HTTP/1.1" 200 27
116.224.253.72 - - [04/Feb/2021:09:09:22 +0800] "GET /xingrg/all/function/internal_message.html?_=1612400950460&CODE_STATE=getMsg HTTP/1.1" 200 27
61.165.42.208 - - [04/Feb/2021:09:09:23 +0800] "GET /xingrg/kc/buy/cgsh_order_operate.html?command=get_materiel&rest_code=00105&code=00101012003&supplier_code=00100034&order_time=2021-02-04 HTTP/1.1" 200 413
120.253.135.82 - - [04/Feb/2021:09:09:26 +0800] "GET /xingrg/all/function/internal_message.html?_=1612401002894&CODE_STATE=getMsg HTTP/1.1" 200 27
116.224.253.72 - - [04/Feb/2021:09:09:28 +0800] "GET /xingrg/all/function/internal_message.html?_=1612400967475&CODE_STATE=getMsg HTTP/1.1" 200 27
61.165.42.208 - - [04/Feb/2021:09:09:28 +0800] "GET /xingrg/kc/buy/cgsh_order_operate.html?command=get_materiel&rest_code=00105&code=00101016030&supplier_code=00100034&order_time=2021-02-04 HTTP/1.1" 200 412
61.165.42.208 - - [04/Feb/2021:09:09:30 +0800] "GET /xingrg/all/function/internal_message.html?_=1612400971563&CODE_STATE=getMsg HTTP/1.1" 200 27
222.69.132.6 - - [04/Feb/2021:09:09:31 +0800] "GET /xingrg/all/function/internal_message.html?_=1612400965890&CODE_STATE=getMsg HTTP/1.1" 200 27
180.169.147.146 - - [04/Feb/2021:09:09:32 +0800] "GET /xingrg/all/function/internal_message.html?_=1612400972704&CODE_STATE=getMsg HTTP/1.1" 200 27
61.165.42.208 - - [04/Feb/2021:09:09:36 +0800] "POST /xingrg/kc/buy/cgsh_order_operate.html HTTP/1.1" 200 37
116.227.208.21 - - [04/Feb/2021:09:09:38 +0800] "GET /xingrg/all/function/internal_message.html?_=1612400975887&CODE_STATE=getMsg HTTP/1.1" 200 27
114.88.166.193 - - [04/Feb/2021:09:09:42 +0800] "GET /xingrg/all/function/internal_message.html?_=1612400980973&CODE_STATE=getMsg HTTP/1.1" 200 27
120.253.135.82 - - [04/Feb/2021:09:09:44 +0800] "GET /xingrg/all/function/internal_message.html?_=1612401088458&CODE_STATE=getMsg HTTP/1.1" 200 27
222.69.132.6 - - [04/Feb/2021:09:09:44 +0800] "GET /xingrg/kc/buy/cgsh_order_operate.html?command=get_materiel&rest_code=00149&code=00101008080&supplier_code=00100005&order_time=2021-02-04 HTTP/1.1" 200 417
120.253.135.82 - - [04/Feb/2021:09:09:44 +0800] "GET /xingrg/check_reg.html?_=1612401088926 HTTP/1.1" 200 22
116.228.172.94 - - [04/Feb/2021:09:09:56 +0800] "POST /xingrg/kc/buy/cgsh_list_operate.html HTTP/1.1" 200 3188
222.69.132.6 - - [04/Feb/2021:09:09:57 +0800] "GET /xingrg/kc/buy/cgsh_order_operate.html?command=get_materiel&rest_code=00149&code=00101008331&supplier_code=00100005&order_time=2021-02-04 HTTP/1.1" 200 416
61.165.42.208 - - [04/Feb/2021:09:10:03 +0800] "POST /xingrg/kc/buy/cgsh_order_operate.html HTTP/1.1" 200 4441
61.165.42.208 - - [04/Feb/2021:09:10:04 +0800] "GET /xingrg/kc/print/load_config.html?kc_code=cgsh HTTP/1.1" 200 1845
61.165.42.208 - - [04/Feb/2021:09:10:05 +0800] "GET /xingrg/kc/print/load_data.html?order_code=212021020401488&kc_code=cgsh&condition= HTTP/1.1" 200 1399
222.69.132.6 - - [04/Feb/2021:09:10:07 +0800] "GET /xingrg/kc/buy/cgsh_order_operate.html?command=get_materiel&rest_code=00149&code=00101008349&supplier_code=00100005&order_time=2021-02-04 HTTP/1.1" 200 412
116.228.172.94 - - [04/Feb/2021:09:10:08 +0800] "GET /xingrg/all/function/internal_message.html?_=1612401001121&CODE_STATE=getMsg HTTP/1.1" 200 27
116.228.172.94 - - [04/Feb/2021:09:10:08 +0800] "GET /xingrg/check_reg.html?_=1612401001148 HTTP/1.1" 200 22
218.81.223.240 - - [04/Feb/2021:09:10:08 +0800] "GET /xingrg/all/function/internal_message.html?_=1612401024657&CODE_STATE=getMsg HTTP/1.1" 200 27
58.40.7.146 - - [04/Feb/2021:09:10:11 +0800] "GET /xingrg/all/function/internal_message.html?_=1612401010651&CODE_STATE=getMsg HTTP/1.1" 200 27
120.253.135.82 - - [04/Feb/2021:09:10:15 +0800] "GET /xingrg/all/function/internal_message.html?_=1612401119337&CODE_STATE=getMsg HTTP/1.1" 200 27
58.221.95.50 - - [04/Feb/2021:09:10:16 +0800] "GET /xingrg/check_reg.html?_=1612401016336 HTTP/1.1" 200 22
58.221.95.50 - - [04/Feb/2021:09:10:16 +0800] "GET /xingrg/all/function/internal_message.html?_=1612401016773&CODE_STATE=getMsg HTTP/1.1" 200 27
222.69.132.6 - - [04/Feb/2021:09:10:20 +0800] "GET /xingrg/kc/buy/cgsh_order_operate.html?command=get_materiel&rest_code=00149&code=00101008350&supplier_code=00100005&order_time=2021-02-04 HTTP/1.1" 200 408
120.253.135.82 - - [04/Feb/2021:09:10:22 +0800] "GET /xingrg/all/function/internal_message.html?_=1612400785539&CODE_STATE=getMsg HTTP/1.1" 200 27
120.253.135.82 - - [04/Feb/2021:09:10:26 +0800] "GET /xingrg/all/function/internal_message.html?_=1612401062925&CODE_STATE=getMsg HTTP/1.1" 200 27
116.224.253.72 - - [04/Feb/2021:09:10:27 +0800] "POST /xingrg/kc/buy/cgsh_order_operate.html HTTP/1.1" 200 37
116.224.253.72 - - [04/Feb/2021:09:10:28 +0800] "GET /xingrg/all/function/internal_message.html?_=1612401027454&CODE_STATE=getMsg HTTP/1.1" 200 27
61.165.42.208 - - [04/Feb/2021:09:10:30 +0800] "GET /xingrg/all/function/internal_message.html?_=1612401031569&CODE_STATE=getMsg HTTP/1.1" 200 27
116.224.253.72 - - [04/Feb/2021:09:10:30 +0800] "POST /xingrg/kc/buy/cgsh_order_operate.html HTTP/1.1" 200 12
222.69.132.6 - - [04/Feb/2021:09:10:31 +0800] "GET /xingrg/all/function/internal_message.html?_=1612401025874&CODE_STATE=getMsg HTTP/1.1" 200 27
116.224.253.72 - - [04/Feb/2021:09:10:32 +0800] "GET /xingrg/kc/buy/cgsh_order_info.html?code=212021020401487 HTTP/1.1" 200 56946
180.169.147.146 - - [04/Feb/2021:09:10:32 +0800] "GET /xingrg/all/function/internal_message.html?_=1612401032707&CODE_STATE=getMsg HTTP/1.1" 200 27
116.224.253.72 - - [04/Feb/2021:09:10:32 +0800] "GET /xingrg/javascript/easyui/themes/default/validatebox.css HTTP/1.1" 404 1104
116.224.253.72 - - [04/Feb/2021:09:10:33 +0800] "GET /xingrg/all/function/internal_message.html?_=1612401020863&CODE_STATE=getMsg HTTP/1.1" 200 27
116.224.253.72 - - [04/Feb/2021:09:10:33 +0800] "POST /xingrg/kc/buy/cgsh_order_operate.html HTTP/1.1" 200 3572
116.224.253.72 - - [04/Feb/2021:09:10:35 +0800] "GET /xingrg/kc/print/load_data.html?order_code=212021020401487&kc_code=cgsh&condition= HTTP/1.1" 200 1862
116.227.208.21 - - [04/Feb/2021:09:10:38 +0800] "GET /xingrg/all/function/internal_message.html?_=1612401035889&CODE_STATE=getMsg HTTP/1.1" 200 27
114.88.166.193 - - [04/Feb/2021:09:10:42 +0800] "GET /xingrg/all/function/internal_message.html?_=1612401041043&CODE_STATE=getMsg HTTP/1.1" 200 27
120.253.135.82 - - [04/Feb/2021:09:10:44 +0800] "GET /xingrg/all/function/internal_message.html?_=1612401148466&CODE_STATE=getMsg HTTP/1.1" 200 27
120.253.135.82 - - [04/Feb/2021:09:10:55 +0800] "GET /xingrg/check_reg.html?_=1612400818390 HTTP/1.1" 200 22
120.253.135.82 - - [04/Feb/2021:09:10:57 +0800] "GET /xingrg/check_reg.html?_=1612401161306 HTTP/1.1" 200 22
222.69.132.6 - - [04/Feb/2021:09:11:05 +0800] "GET /xingrg/kc/buy/cgsh_order_operate.html?command=get_materiel&rest_code=00149&code=00101008354&supplier_code=00100005&order_time=2021-02-04 HTTP/1.1" 200 412
116.228.172.94 - - [04/Feb/2021:09:11:08 +0800] "GET /xingrg/all/function/internal_message.html?_=1612401061117&CODE_STATE=getMsg HTTP/1.1" 200 27
218.81.223.240 - - [04/Feb/2021:09:11:08 +0800] "GET /xingrg/all/function/internal_message.html?_=1612401085203&CODE_STATE=getMsg HTTP/1.1" 200 27
120.253.135.82 - - [04/Feb/2021:09:11:10 +0800] "GET /xingrg/check_reg.html?_=1612401106526 HTTP/1.1" 200 22
58.40.7.146 - - [04/Feb/2021:09:11:11 +0800] "GET /xingrg/all/function/internal_message.html?_=1612401070654&CODE_STATE=getMsg HTTP/1.1" 200 27
222.69.132.6 - - [04/Feb/2021:09:11:14 +0800] "GET /xingrg/kc/buy/cgsh_order_operate.html?command=get_materiel&rest_code=00149&code=00101008028&supplier_code=00100005&order_time=2021-02-04 HTTP/1.1" 200 412
120.253.135.82 - - [04/Feb/2021:09:11:15 +0800] "GET /xingrg/all/function/internal_message.html?_=1612401179337&CODE_STATE=getMsg HTTP/1.1" 200 27
58.221.95.50 - - [04/Feb/2021:09:11:16 +0800] "GET /xingrg/all/function/internal_message.html?_=1612401076754&CODE_STATE=getMsg HTTP/1.1" 200 27
116.228.172.94 - - [04/Feb/2021:09:11:17 +0800] "POST /xingrg/kc/buy/cgsh_list_operate.html HTTP/1.1" 200 5316
114.88.166.193 - - [04/Feb/2021:09:11:18 +0800] "GET /xingrg/check_reg.html?_=1612401076804 HTTP/1.1" 200 22
120.253.135.82 - - [04/Feb/2021:09:11:22 +0800] "GET /xingrg/all/function/internal_message.html?_=1612400845545&CODE_STATE=getMsg HTTP/1.1" 200 27
120.253.135.82 - - [04/Feb/2021:09:11:26 +0800] "GET /xingrg/all/function/internal_message.html?_=1612401122938&CODE_STATE=getMsg HTTP/1.1" 200 27
222.69.132.6 - - [04/Feb/2021:09:11:27 +0800] "GET /xingrg/kc/buy/cgsh_order_operate.html?command=get_materiel&rest_code=00149&code=00101008351&supplier_code=00100005&order_time=2021-02-04 HTTP/1.1" 200 408
116.224.253.72 - - [04/Feb/2021:09:11:28 +0800] "GET /xingrg/all/function/internal_message.html?_=1612401087433&CODE_STATE=getMsg HTTP/1.1" 200 27
61.165.42.208 - - [04/Feb/2021:09:11:30 +0800] "GET /xingrg/all/function/internal_message.html?_=1612401091570&CODE_STATE=getMsg HTTP/1.1" 200 27
222.69.132.6 - - [04/Feb/2021:09:11:31 +0800] "GET /xingrg/all/function/internal_message.html?_=1612401085885&CODE_STATE=getMsg HTTP/1.1" 200 27
222.69.132.6 - - [04/Feb/2021:09:11:31 +0800] "GET /xingrg/check_reg.html?_=1612401085886 HTTP/1.1" 200 22
222.69.132.6 - - [04/Feb/2021:09:11:31 +0800] "POST /xingrg/kc/buy/cgsh_order_operate.html HTTP/1.1" 200 2065
180.169.147.146 - - [04/Feb/2021:09:11:32 +0800] "GET /xingrg/all/function/internal_message.html?_=1612401092698&CODE_STATE=getMsg HTTP/1.1" 200 27
116.224.253.72 - - [04/Feb/2021:09:11:33 +0800] "GET /xingrg/all/function/internal_message.html?_=1612401080877&CODE_STATE=getMsg HTTP/1.1" 200 27
222.69.132.6 - - [04/Feb/2021:09:11:36 +0800] "GET /xingrg/kc/buy/cgsh_order_operate.html?command=get_materiel&rest_code=00149&code=00101008186&supplier_code=00100005&order_time=2021-02-04 HTTP/1.1" 200 408
61.165.42.208 - - [04/Feb/2021:09:11:36 +0800] "GET /xingrg/kc/buy/cgsh_order_add.html HTTP/1.1" 200 62151
61.165.42.208 - - [04/Feb/2021:09:11:37 +0800] "POST /xingrg/kc/buy/cgsh_order_operate.html HTTP/1.1" 200 8245
61.165.42.208 - - [04/Feb/2021:09:11:37 +0800] "GET /xingrg/javascript/easyui/themes/default/validatebox.css HTTP/1.1" 404 1104
116.227.208.21 - - [04/Feb/2021:09:11:38 +0800] "GET /xingrg/all/function/internal_message.html?_=1612401095889&CODE_STATE=getMsg HTTP/1.1" 200 27
114.88.166.193 - - [04/Feb/2021:09:11:42 +0800] "GET /xingrg/all/function/internal_message.html?_=1612401101048&CODE_STATE=getMsg HTTP/1.1" 200 27
120.253.135.82 - - [04/Feb/2021:09:11:44 +0800] "GET /xingrg/all/function/internal_message.html?_=1612401208636&CODE_STATE=getMsg HTTP/1.1" 200 27
61.165.42.208 - - [04/Feb/2021:09:11:47 +0800] "GET /xingrg/kc/buy/cgsh_order_operate.html?command=get_materiel&rest_code=00105&code=00101008229&supplier_code=00100203&order_time=2021-02-04 HTTP/1.1" 200 420
222.69.132.6 - - [04/Feb/2021:09:11:49 +0800] "GET /xingrg/kc/buy/cgsh_order_operate.html?command=get_materiel&rest_code=00149&code=00101008038&supplier_code=00100005&order_time=2021-02-04 HTTP/1.1" 200 412
218.81.223.240 - - [04/Feb/2021:09:11:55 +0800] "GET /xingrg/check_reg.html?_=1612401131737 HTTP/1.1" 200 22
222.69.132.6 - - [04/Feb/2021:09:11:57 +0800] "GET /xingrg/kc/buy/cgsh_order_operate.html?command=get_materiel&rest_code=00149&code=00101008283&supplier_code=00100005&order_time=2021-02-04 HTTP/1.1" 200 409
61.165.42.208 - - [04/Feb/2021:09:12:01 +0800] "GET /xingrg/kc/buy/cgsh_order_operate.html?command=get_materiel&rest_code=00105&code=00101008256&supplier_code=00100203&order_time=2021-02-04 HTTP/1.1" 200 412
222.69.132.6 - - [04/Feb/2021:09:12:05 +0800] "GET /xingrg/kc/buy/cgsh_order_operate.html?command=get_materiel&rest_code=00149&code=00101008358&supplier_code=00100005&order_time=2021-02-04 HTTP/1.1" 200 412
218.81.223.240 - - [04/Feb/2021:09:12:06 +0800] "POST /xingrg/kc/buy/cgsh_list_operate.html HTTP/1.1" 200 5522
116.228.172.94 - - [04/Feb/2021:09:12:08 +0800] "GET /xingrg/all/function/internal_message.html?_=1612401121107&CODE_STATE=getMsg HTTP/1.1" 200 27
218.81.223.240 - - [04/Feb/2021:09:12:08 +0800] "GET /xingrg/all/function/internal_message.html?_=1612401145215&CODE_STATE=getMsg HTTP/1.1" 200 27
61.165.42.208 - - [04/Feb/2021:09:12:09 +0800] "GET /xingrg/kc/buy/cgsh_order_operate.html?command=get_materiel&rest_code=00105&code=00101008354&supplier_code=00100203&order_time=2021-02-04 HTTP/1.1" 200 412
218.81.223.240 - - [04/Feb/2021:09:12:11 +0800] "GET /xingrg/kc/buy/cgsh_order_add.html HTTP/1.1" 200 62110
218.81.223.240 - - [04/Feb/2021:09:12:11 +0800] "POST /xingrg/kc/buy/cgsh_order_operate.html HTTP/1.1" 200 8245
218.81.223.240 - - [04/Feb/2021:09:12:11 +0800] "GET /xingrg/all/common/auto_word.html?type=employee&rest_code=00146 HTTP/1.1" 200 147
218.81.223.240 - - [04/Feb/2021:09:12:11 +0800] "GET /xingrg/all/common/auto_word.html?type=employee&rest_code=00146 HTTP/1.1" 200 147
218.81.223.240 - - [04/Feb/2021:09:12:11 +0800] "GET /xingrg/javascript/easyui/themes/default/validatebox.css HTTP/1.1" 404 1104
58.40.7.146 - - [04/Feb/2021:09:12:11 +0800] "GET /xingrg/all/function/internal_message.html?_=1612401130660&CODE_STATE=getMsg HTTP/1.1" 200 27
116.228.172.94 - - [04/Feb/2021:09:12:14 +0800] "POST /xingrg/kc/buy/cgsh_list_operate.html HTTP/1.1" 200 2458
120.253.135.82 - - [04/Feb/2021:09:12:15 +0800] "GET /xingrg/all/function/internal_message.html?_=1612401239352&CODE_STATE=getMsg HTTP/1.1" 200 27
222.69.132.6 - - [04/Feb/2021:09:12:15 +0800] "GET /xingrg/kc/buy/cgsh_order_operate.html?command=get_materiel&rest_code=00149&code=00101008224&supplier_code=00100005&order_time=2021-02-04 HTTP/1.1" 200 416
58.221.95.50 - - [04/Feb/2021:09:12:16 +0800] "GET /xingrg/all/function/internal_message.html?_=1612401136729&CODE_STATE=getMsg HTTP/1.1" 200 27
61.165.42.208 - - [04/Feb/2021:09:12:19 +0800] "GET /xingrg/kc/buy/cgsh_order_operate.html?command=get_materiel&rest_code=00105&code=00101008312&supplier_code=00100203&order_time=2021-02-04 HTTP/1.1" 200 412
58.40.7.146 - - [04/Feb/2021:09:12:19 +0800] "GET /xingrg/check_reg.html?_=1612401138428 HTTP/1.1" 200 22
120.253.135.82 - - [04/Feb/2021:09:12:22 +0800] "GET /xingrg/all/function/internal_message.html?_=1612400905559&CODE_STATE=getMsg HTTP/1.1" 200 27
116.224.253.72 - - [04/Feb/2021:09:12:22 +0800] "GET /xingrg/check_reg.html?_=1612401130463 HTTP/1.1" 200 22
120.253.135.82 - - [04/Feb/2021:09:12:26 +0800] "GET /xingrg/all/function/internal_message.html?_=1612401182950&CODE_STATE=getMsg HTTP/1.1" 200 27
61.165.42.208 - - [04/Feb/2021:09:12:27 +0800] "GET /xingrg/kc/buy/cgsh_order_operate.html?command=get_materiel&rest_code=00105&code=00101008096&supplier_code=00100203&order_time=2021-02-04 HTTP/1.1" 200 413
116.224.253.72 - - [04/Feb/2021:09:12:28 +0800] "GET /xingrg/all/function/internal_message.html?_=1612401147504&CODE_STATE=getMsg HTTP/1.1" 200 27
61.165.42.208 - - [04/Feb/2021:09:12:30 +0800] "GET /xingrg/all/function/internal_message.html?_=1612401151585&CODE_STATE=getMsg HTTP/1.1" 200 27
222.69.132.6 - - [04/Feb/2021:09:12:30 +0800] "POST /xingrg/kc/buy/cgsh_order_operate.html HTTP/1.1" 200 2065
222.69.132.6 - - [04/Feb/2021:09:12:31 +0800] "GET /xingrg/all/function/internal_message.html?_=1612401145881&CODE_STATE=getMsg HTTP/1.1" 200 27
180.169.147.146 - - [04/Feb/2021:09:12:32 +0800] "GET /xingrg/all/function/internal_message.html?_=1612401152705&CODE_STATE=getMsg HTTP/1.1" 200 27
116.224.253.72 - - [04/Feb/2021:09:12:33 +0800] "GET /xingrg/all/function/internal_message.html?_=1612401140890&CODE_STATE=getMsg HTTP/1.1" 200 27
218.81.223.240 - - [04/Feb/2021:09:12:33 +0800] "GET /xingrg/kc/buy/cgsh_order_operate.html?command=get_materiel&rest_code=00146&code=00101008261&supplier_code=00100005&order_time=2021-02-04 HTTP/1.1" 200 408
61.165.42.208 - - [04/Feb/2021:09:12:34 +0800] "GET /xingrg/kc/buy/cgsh_order_operate.html?command=get_materiel&rest_code=00105&code=00101008051&supplier_code=00100203&order_time=2021-02-04 HTTP/1.1" 200 409
222.69.132.6 - - [04/Feb/2021:09:12:35 +0800] "GET /xingrg/kc/buy/cgsh_order_operate.html?command=get_materiel&rest_code=00149&code=00101008064&supplier_code=00100005&order_time=2021-02-04 HTTP/1.1" 200 412
120.253.135.82 - - [04/Feb/2021:09:12:38 +0800] "GET /xingrg/check_reg.html?_=1612401262211 HTTP/1.1" 200 22
116.227.208.21 - - [04/Feb/2021:09:12:38 +0800] "GET /xingrg/all/function/internal_message.html?_=1612401155893&CODE_STATE=getMsg HTTP/1.1" 200 27
116.227.208.21 - - [04/Feb/2021:09:12:38 +0800] "GET /xingrg/check_reg.html?_=1612401155894 HTTP/1.1" 200 22
61.165.42.208 - - [04/Feb/2021:09:12:41 +0800] "GET /xingrg/kc/buy/cgsh_order_operate.html?command=get_materiel&rest_code=00105&code=00101008355&supplier_code=00100203&order_time=2021-02-04 HTTP/1.1" 200 408
114.88.166.193 - - [04/Feb/2021:09:12:42 +0800] "GET /xingrg/all/function/internal_message.html?_=1612401161060&CODE_STATE=getMsg HTTP/1.1" 200 27
120.253.135.82 - - [04/Feb/2021:09:12:44 +0800] "GET /xingrg/all/function/internal_message.html?_=1612401268649&CODE_STATE=getMsg HTTP/1.1" 200 27
218.81.223.240 - - [04/Feb/2021:09:12:46 +0800] "GET /xingrg/kc/buy/cgsh_order_operate.html?command=get_materiel&rest_code=00146&code=00101008155&supplier_code=00100005&order_time=2021-02-04 HTTP/1.1" 200 408
222.69.132.6 - - [04/Feb/2021:09:12:47 +0800] "GET /xingrg/kc/buy/cgsh_order_operate.html?command=get_materiel&rest_code=00149&code=00101008370&supplier_code=00100005&order_time=2021-02-04 HTTP/1.1" 200 412
61.165.42.208 - - [04/Feb/2021:09:12:48 +0800] "GET /xingrg/kc/buy/cgsh_order_operate.html?command=get_materiel&rest_code=00105&code=00101008264&supplier_code=00100203&order_time=2021-02-04 HTTP/1.1" 200 412
120.253.135.82 - - [04/Feb/2021:09:12:51 +0800] "GET /xingrg/check_reg.html?_=1612401275543 HTTP/1.1" 200 22
61.165.42.208 - - [04/Feb/2021:09:12:56 +0800] "GET /xingrg/kc/buy/cgsh_order_operate.html?command=get_materiel&rest_code=00105&code=00101008196&supplier_code=00100203&order_time=2021-02-04 HTTP/1.1" 200 416
218.81.223.240 - - [04/Feb/2021:09:12:58 +0800] "GET /xingrg/kc/buy/cgsh_order_operate.html?command=get_materiel&rest_code=00146&code=00101008290&supplier_code=00100005&order_time=2021-02-04 HTTP/1.1" 200 416
222.69.132.6 - - [04/Feb/2021:09:13:01 +0800] "GET /xingrg/kc/buy/cgsh_order_operate.html?command=get_materiel&rest_code=00149&code=00101008087&supplier_code=00100005&order_time=2021-02-04 HTTP/1.1" 200 412
61.165.42.208 - - [04/Feb/2021:09:13:05 +0800] "GET /xingrg/kc/buy/cgsh_order_operate.html?command=get_materiel&rest_code=00105&code=00101008357&supplier_code=00100203&order_time=2021-02-04 HTTP/1.1" 200 408
116.228.172.94 - - [04/Feb/2021:09:13:08 +0800] "GET /xingrg/all/function/internal_message.html?_=1612401181117&CODE_STATE=getMsg HTTP/1.1" 200 27
218.81.223.240 - - [04/Feb/2021:09:13:08 +0800] "GET /xingrg/all/function/internal_message.html?_=1612401205228&CODE_STATE=getMsg HTTP/1.1" 200 27
218.81.223.240 - - [04/Feb/2021:09:13:09 +0800] "GET /xingrg/kc/buy/cgsh_order_operate.html?command=get_materiel&rest_code=00146&code=00101008003&supplier_code=00100005&order_time=2021-02-04 HTTP/1.1" 200 408
222.69.132.6 - - [04/Feb/2021:09:13:10 +0800] "GET /xingrg/kc/buy/cgsh_order_operate.html?command=get_materiel&rest_code=00149&code=00101008355&supplier_code=00100005&order_time=2021-02-04 HTTP/1.1" 200 408
120.253.135.82 - - [04/Feb/2021:09:13:11 +0800] "GET /xingrg/check_reg.html?_=1612401295439 HTTP/1.1" 200 22
58.40.7.146 - - [04/Feb/2021:09:13:11 +0800] "GET /xingrg/all/function/internal_message.html?_=1612401190663&CODE_STATE=getMsg HTTP/1.1" 200 27
61.165.42.208 - - [04/Feb/2021:09:13:12 +0800] "GET /xingrg/kc/buy/cgsh_order_operate.html?command=get_materiel&rest_code=00105&code=00101008069&supplier_code=00100203&order_time=2021-02-04 HTTP/1.1" 200 412
120.253.135.82 - - [04/Feb/2021:09:13:15 +0800] "GET /xingrg/all/function/internal_message.html?_=1612401299392&CODE_STATE=getMsg HTTP/1.1" 200 27
58.221.95.50 - - [04/Feb/2021:09:13:16 +0800] "GET /xingrg/all/function/internal_message.html?_=1612401196728&CODE_STATE=getMsg HTTP/1.1" 200 27
61.165.42.208 - - [04/Feb/2021:09:13:18 +0800] "GET /xingrg/kc/buy/cgsh_order_operate.html?command=get_materiel&rest_code=00105&code=00101008036&supplier_code=00100203&order_time=2021-02-04 HTTP/1.1" 200 408
218.81.223.240 - - [04/Feb/2021:09:13:19 +0800] "GET /xingrg/kc/buy/cgsh_order_operate.html?command=get_materiel&rest_code=00146&code=00101008361&supplier_code=00100005&order_time=2021-02-04 HTTP/1.1" 200 408
120.253.135.82 - - [04/Feb/2021:09:13:22 +0800] "GET /xingrg/all/function/internal_message.html?_=1612400965814&CODE_STATE=getMsg HTTP/1.1" 200 27
222.69.132.6 - - [04/Feb/2021:09:13:25 +0800] "GET /xingrg/kc/buy/cgsh_order_operate.html?command=get_materiel&rest_code=00149&code=00101008264&supplier_code=00100005&order_time=2021-02-04 HTTP/1.1" 200 412
61.165.42.208 - - [04/Feb/2021:09:13:25 +0800] "GET /xingrg/kc/buy/cgsh_order_operate.html?command=get_materiel&rest_code=00105&code=00101008286&supplier_code=00100203&order_time=2021-02-04 HTTP/1.1" 200 409
120.253.135.82 - - [04/Feb/2021:09:13:26 +0800] "GET /xingrg/all/function/internal_message.html?_=1612401242977&CODE_STATE=getMsg HTTP/1.1" 200 27
222.69.132.6 - - [04/Feb/2021:09:13:27 +0800] "POST /xingrg/kc/buy/cgsh_order_operate.html HTTP/1.1" 200 2065
116.224.253.72 - - [04/Feb/2021:09:13:28 +0800] "GET /xingrg/check_reg.html?_=1612401207475 HTTP/1.1" 200 22
116.224.253.72 - - [04/Feb/2021:09:13:28 +0800] "GET /xingrg/all/function/internal_message.html?_=1612401207477&CODE_STATE=getMsg HTTP/1.1" 200 27
61.165.42.208 - - [04/Feb/2021:09:13:28 +0800] "POST /xingrg/kc/buy/cgsh_order_operate.html HTTP/1.1" 200 2065
114.88.166.193 - - [04/Feb/2021:09:13:30 +0800] "GET /xingrg/javascript/easyui/themes/default/images/button_plain_hover.png HTTP/1.1" 304 -
61.165.42.208 - - [04/Feb/2021:09:13:30 +0800] "GET /xingrg/check_reg.html?_=1612401211572 HTTP/1.1" 200 22
61.165.42.208 - - [04/Feb/2021:09:13:30 +0800] "GET /xingrg/all/function/internal_message.html?_=1612401211576&CODE_STATE=getMsg HTTP/1.1" 200 27
222.69.132.6 - - [04/Feb/2021:09:13:31 +0800] "GET /xingrg/all/function/internal_message.html?_=1612401205980&CODE_STATE=getMsg HTTP/1.1" 200 27
61.165.42.208 - - [04/Feb/2021:09:13:31 +0800] "POST /xingrg/kc/buy/cgsh_order_operate.html HTTP/1.1" 200 2065
180.169.147.146 - - [04/Feb/2021:09:13:32 +0800] "GET /xingrg/check_reg.html?_=1612401212700 HTTP/1.1" 200 22
180.169.147.146 - - [04/Feb/2021:09:13:32 +0800] "GET /xingrg/all/function/internal_message.html?_=1612401212703&CODE_STATE=getMsg HTTP/1.1" 200 27
116.224.253.72 - - [04/Feb/2021:09:13:33 +0800] "GET /xingrg/all/function/internal_message.html?_=1612401200905&CODE_STATE=getMsg HTTP/1.1" 200 27
218.81.223.240 - - [04/Feb/2021:09:13:33 +0800] "GET /xingrg/kc/buy/cgsh_order_operate.html?command=get_materiel&rest_code=00146&code=00101008355&supplier_code=00100005&order_time=2021-02-04 HTTP/1.1" 200 408
222.69.132.6 - - [04/Feb/2021:09:13:34 +0800] "GET /xingrg/kc/buy/cgsh_order_operate.html?command=get_materiel&rest_code=00149&code=00101008356&supplier_code=00100005&order_time=2021-02-04 HTTP/1.1" 200 408
116.228.172.94 - - [04/Feb/2021:09:13:38 +0800] "POST /xingrg/kc/buy/cgsh_list_operate.html HTTP/1.1" 200 4351
61.165.42.208 - - [04/Feb/2021:09:13:38 +0800] "GET /xingrg/kc/buy/cgsh_order_operate.html?command=get_materiel&rest_code=00105&code=00101008131&supplier_code=00100203&order_time=2021-02-04 HTTP/1.1" 200 408
116.227.208.21 - - [04/Feb/2021:09:13:38 +0800] "GET /xingrg/all/function/internal_message.html?_=1612401215895&CODE_STATE=getMsg HTTP/1.1" 200 27
58.37.230.33 - - [04/Feb/2021:09:13:39 +0800] "GET /xingrg/check_reg.html?_=1612401233336 HTTP/1.1" 200 22
114.88.166.193 - - [04/Feb/2021:09:13:40 +0800] "GET /xingrg/index.html?sysBaseUrl=http%3A%2F%2F180.169.147.146%3A18081%2Fxingrg%2F&costTime=74×tamp=1596510965499 HTTP/1.1" 302 -
114.88.166.193 - - [04/Feb/2021:09:13:40 +0800] "GET /xingrg/login.html HTTP/1.1" 200 7641
114.88.166.193 - - [04/Feb/2021:09:13:40 +0800] "GET /xingrg/images/blue/login_bg.png HTTP/1.1" 304 -
114.88.166.193 - - [04/Feb/2021:09:13:40 +0800] "GET /favicon.ico HTTP/1.1" 404 -
114.88.166.193 - - [04/Feb/2021:09:13:40 +0800] "GET /xingrg/images/blue/srbg.png HTTP/1.1" 304 -
114.88.166.193 - - [04/Feb/2021:09:13:40 +0800] "GET /xingrg/images/blue/hj.png HTTP/1.1" 304 -
120.253.135.82 - - [04/Feb/2021:09:13:44 +0800] "GET /xingrg/all/function/internal_message.html?_=1612401328663&CODE_STATE=getMsg HTTP/1.1" 200 27
218.81.223.240 - - [04/Feb/2021:09:13:45 +0800] "GET /xingrg/kc/buy/cgsh_order_operate.html?command=get_materiel&rest_code=00146&code=00101008321&supplier_code=00100005&order_time=2021-02-04 HTTP/1.1" 200 414
114.88.166.193 - - [04/Feb/2021:09:13:48 +0800] "POST /xingrg/login.do HTTP/1.1" 302 -
114.88.166.193 - - [04/Feb/2021:09:13:48 +0800] "GET /xingrg/css/form.css HTTP/1.1" 304 -
114.88.166.193 - - [04/Feb/2021:09:13:48 +0800] "GET /xingrg/javascript/jquery_easy_ui/themes/default/easyui.css HTTP/1.1" 304 -
114.88.166.193 - - [04/Feb/2021:09:13:48 +0800] "GET /xingrg/javascript/jquery_easy_ui/themes/icon.css HTTP/1.1" 304 -
114.88.166.193 - - [04/Feb/2021:09:13:48 +0800] "GET /xingrg/index.html?sysBaseUrl=http%3A%2F%2F180.169.147.146%3A18081%2Fxingrg%2F&costTime=46×tamp=1612401228500 HTTP/1.1" 200 17173
114.88.166.193 - - [04/Feb/2021:09:13:48 +0800] "GET /xingrg/javascript/jquery-1.4.2.min.js HTTP/1.1" 304 -
114.88.166.193 - - [04/Feb/2021:09:13:48 +0800] "GET /xingrg/javascript/jquery_easy_ui/easyui-lang-zh_CN.js HTTP/1.1" 304 -
114.88.166.193 - - [04/Feb/2021:09:13:48 +0800] "GET /xingrg/javascript/jquery_easy_ui/jquery.easyui.min.js HTTP/1.1" 304 -
114.88.166.193 - - [04/Feb/2021:09:13:48 +0800] "GET /xingrg/javascript/jquery.utils.js HTTP/1.1" 304 -
114.88.166.193 - - [04/Feb/2021:09:13:48 +0800] "GET /favicon.ico HTTP/1.1" 404 -
114.88.166.193 - - [04/Feb/2021:09:13:48 +0800] "GET /xingrg/javascript/jquery.form.js HTTP/1.1" 304 -
114.88.166.193 - - [04/Feb/2021:09:13:48 +0800] "GET /xingrg/javascript/jquery.timers.js HTTP/1.1" 304 -
114.88.166.193 - - [04/Feb/2021:09:13:48 +0800] "POST /xingrg/all/common/load_tree.html?tree=area_rest_tree_json&manage=1 HTTP/1.1" 200 342
114.88.166.193 - - [04/Feb/2021:09:13:48 +0800] "GET /xingrg/check_reg.html?_=1612401227078 HTTP/1.1" 200 22
114.88.166.193 - - [04/Feb/2021:09:13:48 +0800] "GET /xingrg/all/function/internal_message.html?_=1612401227078&CODE_STATE=count HTTP/1.1" 200 11
114.88.166.193 - - [04/Feb/2021:09:13:48 +0800] "GET /xingrg/javascript/jquery_easy_ui/themes/default/images/tree_arrows.gif HTTP/1.1" 304 -
114.88.166.193 - - [04/Feb/2021:09:13:48 +0800] "POST /xingrg/load_menu.html HTTP/1.1" 200 5138
114.88.166.193 - - [04/Feb/2021:09:13:48 +0800] "GET /xingrg/javascript/jquery_easy_ui/themes/default/images/tree_folder_open.gif HTTP/1.1" 304 -
114.88.166.193 - - [04/Feb/2021:09:13:48 +0800] "GET /xingrg/javascript/jquery_easy_ui/themes/icons/search_new.png HTTP/1.1" 304 -
114.88.166.193 - - [04/Feb/2021:09:13:48 +0800] "GET /xingrg/javascript/jquery_easy_ui/themes/default/images/tree_folder.gif HTTP/1.1" 304 -
114.88.166.193 - - [04/Feb/2021:09:13:48 +0800] "GET /xingrg/javascript/jquery_easy_ui/themes/icons/storage_new.png HTTP/1.1" 304 -
114.88.166.193 - - [04/Feb/2021:09:13:48 +0800] "GET /xingrg/javascript/jquery_easy_ui/themes/icons/forms_new.png HTTP/1.1" 304 -
114.88.166.193 - - [04/Feb/2021:09:13:48 +0800] "GET /xingrg/javascript/jquery_easy_ui/themes/default/images/tree_file.gif HTTP/1.1" 304 -
222.69.132.6 - - [04/Feb/2021:09:13:49 +0800] "GET /xingrg/kc/buy/cgsh_order_operate.html?command=get_materiel&rest_code=00149&code=00101008251&supplier_code=00100005&order_time=2021-02-04 HTTP/1.1" 200 408
180.175.150.119 - - [04/Feb/2021:09:13:51 +0800] "POST /xingrg/services/DataTransmitService HTTP/1.1" 200 524
114.88.166.193 - - [04/Feb/2021:09:13:51 +0800] "GET /xingrg/kc/buy/buy_main.html HTTP/1.1" 200 12412
114.88.166.193 - - [04/Feb/2021:09:13:51 +0800] "GET /xingrg/javascript/jquery_easy_ui/themes/default/images/tabs_close.gif HTTP/1.1" 304 -
114.88.166.193 - - [04/Feb/2021:09:13:51 +0800] "GET /xingrg/css/new_ie.css HTTP/1.1" 404 1036
114.88.166.193 - - [04/Feb/2021:09:13:51 +0800] "GET /xingrg/css/blue.css HTTP/1.1" 304 -
114.88.166.193 - - [04/Feb/2021:09:13:51 +0800] "GET /xingrg/javascript/pic_change.js HTTP/1.1" 304 -
114.88.166.193 - - [04/Feb/2021:09:13:51 +0800] "GET /xingrg/javascript/jquery_ui/themes/humanity/humanity.css HTTP/1.1" 304 -
114.88.166.193 - - [04/Feb/2021:09:13:51 +0800] "GET /xingrg/javascript/ToolTips.js HTTP/1.1" 304 -
114.88.166.193 - - [04/Feb/2021:09:13:51 +0800] "GET /xingrg/javascript/myfunction.js HTTP/1.1" 304 -
114.88.166.193 - - [04/Feb/2021:09:13:51 +0800] "GET /xingrg/javascript/jquery_ui/jquery-ui.min.js HTTP/1.1" 304 -
114.88.166.193 - - [04/Feb/2021:09:13:52 +0800] "GET /xingrg/images/blue/button/cgxqd.gif HTTP/1.1" 304 -
114.88.166.193 - - [04/Feb/2021:09:13:52 +0800] "GET /xingrg/images/blue/button/ckthd.gif HTTP/1.1" 304 -
114.88.166.193 - - [04/Feb/2021:09:13:52 +0800] "GET /xingrg/images/blue/button/cgfkd.gif HTTP/1.1" 304 -
114.88.166.193 - - [04/Feb/2021:09:13:52 +0800] "GET /xingrg/images/blue/button/cgshd.gif HTTP/1.1" 304 -
114.88.166.193 - - [04/Feb/2021:09:13:52 +0800] "GET /xingrg/images/blue/button/cgydd.gif HTTP/1.1" 304 -
114.88.166.193 - - [04/Feb/2021:09:13:52 +0800] "GET /xingrg/images/blue/button/kc.gif HTTP/1.1" 304 -
114.88.166.193 - - [04/Feb/2021:09:13:52 +0800] "GET /xingrg/images/blue/pic_form2.gif HTTP/1.1" 304 -
114.88.166.193 - - [04/Feb/2021:09:13:52 +0800] "GET /xingrg/images/blue/bg_dotted.jpg HTTP/1.1" 304 -
114.88.166.193 - - [04/Feb/2021:09:13:52 +0800] "GET /xingrg/javascript/jquery_ui/themes/humanity/images/ui-bg_inset-soft_100_f4f0ec_1x100.png HTTP/1.1" 304 -
114.88.166.193 - - [04/Feb/2021:09:13:52 +0800] "GET /xingrg/images/blue/button/right_ah.jpg HTTP/1.1" 304 -
114.88.166.193 - - [04/Feb/2021:09:13:52 +0800] "GET /xingrg/images/blue/button/down_ah.jpg HTTP/1.1" 304 -
114.88.166.193 - - [04/Feb/2021:09:13:52 +0800] "GET /xingrg/javascript/jquery_ui/themes/humanity/images/ui-icons_ffffff_256x240.png HTTP/1.1" 304 -
114.88.166.193 - - [04/Feb/2021:09:13:52 +0800] "GET /xingrg/javascript/jquery_ui/themes/humanity/images/ui-iconsnew.jpg HTTP/1.1" 304 -
114.88.166.193 - - [04/Feb/2021:09:13:52 +0800] "GET /xingrg/javascript/jquery_ui/themes/humanity/images/ui-icons_c47a23_256x240.png HTTP/1.1" 304 -
114.88.166.193 - - [04/Feb/2021:09:13:52 +0800] "GET /xingrg/javascript/jquery_ui/themes/humanity/images/ui-bg_glass_70_ede4d4_1x400.png HTTP/1.1" 304 -
114.88.166.193 - - [04/Feb/2021:09:13:52 +0800] "GET /xingrg/images/yd/bt.gif HTTP/1.1" 404 1040
114.88.166.193 - - [04/Feb/2021:09:13:53 +0800] "GET /xingrg/css/site.css HTTP/1.1" 304 -
114.88.166.193 - - [04/Feb/2021:09:13:53 +0800] "GET /xingrg/css/base.css HTTP/1.1" 304 -
114.88.166.193 - - [04/Feb/2021:09:13:53 +0800] "GET /xingrg/javascript/jquery_tools/datebox.css HTTP/1.1" 304 -
114.88.166.193 - - [04/Feb/2021:09:13:53 +0800] "GET /xingrg/javascript/easyui/themes/default/easyui.css HTTP/1.1" 304 -
114.88.166.193 - - [04/Feb/2021:09:13:53 +0800] "GET /xingrg/javascript/easyui/themes/icon.css HTTP/1.1" 304 -
114.88.166.193 - - [04/Feb/2021:09:13:53 +0800] "GET /xingrg/javascript/auto/jquery.autocomplete.css HTTP/1.1" 304 -
114.88.166.193 - - [04/Feb/2021:09:13:53 +0800] "GET /xingrg/kc/buy/cgsh_order_list.html HTTP/1.1" 200 46366
114.88.166.193 - - [04/Feb/2021:09:13:53 +0800] "GET /xingrg/javascript/easyui/easyloader.js HTTP/1.1" 304 -
114.88.166.193 - - [04/Feb/2021:09:13:53 +0800] "GET /xingrg/javascript/jquery.cookie.js HTTP/1.1" 304 -
114.88.166.193 - - [04/Feb/2021:09:13:53 +0800] "GET /xingrg/javascript/print/LodopFuncs.js HTTP/1.1" 304 -
114.88.166.193 - - [04/Feb/2021:09:13:53 +0800] "GET /xingrg/javascript/jquery_tools/fix.css HTTP/1.1" 304 -
114.88.166.193 - - [04/Feb/2021:09:13:53 +0800] "GET /xingrg/javascript/jquery_tools/list_manager.js HTTP/1.1" 304 -
114.88.166.193 - - [04/Feb/2021:09:13:53 +0800] "GET /xingrg/javascript/jquery_tools/table.css HTTP/1.1" 304 -
114.88.166.193 - - [04/Feb/2021:09:13:53 +0800] "GET /xingrg/javascript/jquery_tools/jquery.tools.hotkey.js HTTP/1.1" 304 -
114.88.166.193 - - [04/Feb/2021:09:13:53 +0800] "GET /xingrg/javascript/jquery_tools/jquery.tools.table.js HTTP/1.1" 304 -
114.88.166.193 - - [04/Feb/2021:09:13:53 +0800] "GET /xingrg/javascript/jquery_tools/jquery.tools.min.js HTTP/1.1" 304 -
114.88.166.193 - - [04/Feb/2021:09:13:53 +0800] "GET /xingrg/javascript/auto/jquery.autocomplete.js HTTP/1.1" 304 -
114.88.166.193 - - [04/Feb/2021:09:13:53 +0800] "GET /xingrg/javascript/jquery_tools/jquery.tools.extend.js HTTP/1.1" 304 -
114.88.166.193 - - [04/Feb/2021:09:13:53 +0800] "GET /xingrg/javascript/easyui/plugins/jquery.parser.js HTTP/1.1" 304 -
114.88.166.193 - - [04/Feb/2021:09:13:53 +0800] "GET /xingrg/javascript/jquery_easy_ui/themes/icons/rest.png HTTP/1.1" 304 -
114.88.166.193 - - [04/Feb/2021:09:13:53 +0800] "GET /xingrg/javascript/jquery_easy_ui/themes/icons/area.png HTTP/1.1" 304 -
114.88.166.193 - - [04/Feb/2021:09:13:54 +0800] "POST /xingrg/kc/buy/cgsh_list_operate.html HTTP/1.1" 200 876
114.88.166.193 - - [04/Feb/2021:09:13:56 +0800] "GET /xingrg/javascript/print/kc_print.js HTTP/1.1" 304 -
114.88.166.193 - - [04/Feb/2021:09:13:56 +0800] "GET /xingrg/javascript/json2.js HTTP/1.1" 304 -
114.88.166.193 - - [04/Feb/2021:09:13:56 +0800] "GET /xingrg/javascript/jquery_tools/order_manager.js HTTP/1.1" 304 -
114.88.166.193 - - [04/Feb/2021:09:13:56 +0800] "GET /xingrg/javascript/convert.js HTTP/1.1" 304 -
114.88.166.193 - - [04/Feb/2021:09:13:56 +0800] "GET /xingrg/kc/buy/cgsh_order_add.html HTTP/1.1" 200 62104
114.88.166.193 - - [04/Feb/2021:09:13:56 +0800] "GET /xingrg/words/20210203122941_words.js HTTP/1.1" 304 -
114.88.166.193 - - [04/Feb/2021:09:13:56 +0800] "GET /xingrg/javascript/easyui/themes/icons/copy_new.png HTTP/1.1" 304 -
114.88.166.193 - - [04/Feb/2021:09:13:56 +0800] "GET /xingrg/javascript/easyui/themes/icons/template_new.png HTTP/1.1" 304 -
114.88.166.193 - - [04/Feb/2021:09:13:56 +0800] "GET /xingrg/javascript/easyui/themes/icons/ok.png HTTP/1.1" 304 -
114.88.166.193 - - [04/Feb/2021:09:13:56 +0800] "GET /xingrg/javascript/easyui/themes/icons/print.png HTTP/1.1" 304 -
114.88.166.193 - - [04/Feb/2021:09:13:56 +0800] "GET /xingrg/javascript/easyui/themes/default/images/menu_downarrow.png HTTP/1.1" 304 -
114.88.166.193 - - [04/Feb/2021:09:13:56 +0800] "GET /xingrg/javascript/easyui/themes/icons/cancel.png HTTP/1.1" 304 -
114.88.166.193 - - [04/Feb/2021:09:13:57 +0800] "POST /xingrg/kc/buy/cgsh_order_operate.html HTTP/1.1" 200 8245
114.88.166.193 - - [04/Feb/2021:09:13:57 +0800] "GET /xingrg/javascript/easyui/themes/icons/edit_remove.png HTTP/1.1" 304 -
114.88.166.193 - - [04/Feb/2021:09:13:57 +0800] "GET /xingrg/all/common/auto_word.html?type=employee&rest_code=00111 HTTP/1.1" 200 205
114.88.166.193 - - [04/Feb/2021:09:13:57 +0800] "GET /xingrg/all/common/auto_word.html?type=employee&rest_code=00111 HTTP/1.1" 200 205
114.88.166.193 - - [04/Feb/2021:09:13:57 +0800] "GET /xingrg/javascript/easyui/themes/default/validatebox.css HTTP/1.1" 404 1104
114.88.166.193 - - [04/Feb/2021:09:13:57 +0800] "GET /xingrg/javascript/easyui/plugins/jquery.validatebox.js HTTP/1.1" 304 -
114.88.166.193 - - [04/Feb/2021:09:13:57 +0800] "GET /xingrg/javascript/easyui/plugins/jquery.numberbox.js HTTP/1.1" 304 -
222.69.132.6 - - [04/Feb/2021:09:13:58 +0800] "GET /xingrg/kc/buy/cgsh_order_operate.html?command=get_materiel&rest_code=00149&code=00101015004&supplier_code=00100005&order_time=2021-02-04 HTTP/1.1" 200 408
218.81.223.240 - - [04/Feb/2021:09:14:00 +0800] "GET /xingrg/kc/buy/cgsh_order_operate.html?command=get_materiel&rest_code=00146&code=00101008270&supplier_code=00100005&order_time=2021-02-04 HTTP/1.1" 200 412
61.165.42.208 - - [04/Feb/2021:09:14:03 +0800] "GET /xingrg/kc/buy/cgsh_order_operate.html?command=get_materiel&rest_code=00105&code=00101008108&supplier_code=00100203&order_time=2021-02-04 HTTP/1.1" 200 412
116.228.172.94 - - [04/Feb/2021:09:14:08 +0800] "GET /xingrg/all/function/internal_message.html?_=1612401241119&CODE_STATE=getMsg HTTP/1.1" 200 27
218.81.223.240 - - [04/Feb/2021:09:14:08 +0800] "GET /xingrg/all/function/internal_message.html?_=1612401265241&CODE_STATE=getMsg HTTP/1.1" 200 27
222.69.132.6 - - [04/Feb/2021:09:14:10 +0800] "GET /xingrg/kc/buy/cgsh_order_operate.html?command=get_materiel&rest_code=00149&code=00101008077&supplier_code=00100005&order_time=2021-02-04 HTTP/1.1" 200 416
218.81.223.240 - - [04/Feb/2021:09:14:11 +0800] "GET /xingrg/kc/buy/cgsh_order_operate.html?command=get_materiel&rest_code=00146&code=00101008005&supplier_code=00100005&order_time=2021-02-04 HTTP/1.1" 200 432
58.40.7.146 - - [04/Feb/2021:09:14:11 +0800] "GET /xingrg/all/function/internal_message.html?_=1612401250666&CODE_STATE=getMsg HTTP/1.1" 200 27
61.165.42.208 - - [04/Feb/2021:09:14:12 +0800] "GET /xingrg/kc/buy/cgsh_order_operate.html?command=get_materiel&rest_code=00105&code=00101008271&supplier_code=00100203&order_time=2021-02-04 HTTP/1.1" 200 408
114.88.166.193 - - [04/Feb/2021:09:14:12 +0800] "GET /xingrg/javascript/auto/indicator.gif HTTP/1.1" 404 1066
114.88.166.193 - - [04/Feb/2021:09:14:13 +0800] "GET /xingrg/javascript/jquery_tools/images/prev.gif HTTP/1.1" 404 1086
114.88.166.193 - - [04/Feb/2021:09:14:13 +0800] "GET /xingrg/javascript/jquery_tools/images/next.gif HTTP/1.1" 404 1086
120.253.135.82 - - [04/Feb/2021:09:14:15 +0800] "GET /xingrg/all/function/internal_message.html?_=1612401359394&CODE_STATE=getMsg HTTP/1.1" 200 27
58.221.95.50 - - [04/Feb/2021:09:14:16 +0800] "GET /xingrg/all/function/internal_message.html?_=1612401256711&CODE_STATE=getMsg HTTP/1.1" 200 27
222.69.132.6 - - [04/Feb/2021:09:14:17 +0800] "POST /xingrg/kc/buy/cgsh_order_operate.html HTTP/1.1" 200 2065
61.165.42.208 - - [04/Feb/2021:09:14:20 +0800] "GET /xingrg/kc/buy/cgsh_order_operate.html?command=get_materiel&rest_code=00105&code=00101008353&supplier_code=00100203&order_time=2021-02-04 HTTP/1.1" 200 408
120.253.135.82 - - [04/Feb/2021:09:14:22 +0800] "GET /xingrg/all/function/internal_message.html?_=1612401025819&CODE_STATE=getMsg HTTP/1.1" 200 27
114.88.166.193 - - [04/Feb/2021:09:14:23 +0800] "GET /xingrg/kc/buy/cgsh_order_operate.html?command=get_materiel&rest_code=00111&code=00101008072&supplier_code=00100005&order_time=2021-02-04 HTTP/1.1" 200 408
218.81.223.240 - - [04/Feb/2021:09:14:24 +0800] "GET /xingrg/kc/buy/cgsh_order_operate.html?command=get_materiel&rest_code=00146&code=00101008027&supplier_code=00100005&order_time=2021-02-04 HTTP/1.1" 200 409
222.69.132.6 - - [04/Feb/2021:09:14:24 +0800] "GET /xingrg/kc/buy/cgsh_order_operate.html?command=get_materiel&rest_code=00149&code=00101008223&supplier_code=00100005&order_time=2021-02-04 HTTP/1.1" 200 412
120.253.135.82 - - [04/Feb/2021:09:14:26 +0800] "GET /xingrg/all/function/internal_message.html?_=1612401302994&CODE_STATE=getMsg HTTP/1.1" 200 27
61.165.42.208 - - [04/Feb/2021:09:14:27 +0800] "GET /xingrg/kc/buy/cgsh_order_operate.html?command=get_materiel&rest_code=00105&code=00101008213&supplier_code=00100203&order_time=2021-02-04 HTTP/1.1" 200 412
116.224.253.72 - - [04/Feb/2021:09:14:28 +0800] "GET /xingrg/all/function/internal_message.html?_=1612401267451&CODE_STATE=getMsg HTTP/1.1" 200 27
61.165.42.208 - - [04/Feb/2021:09:14:30 +0800] "GET /xingrg/all/function/internal_message.html?_=1612401271609&CODE_STATE=getMsg HTTP/1.1" 200 27
222.69.132.6 - - [04/Feb/2021:09:14:31 +0800] "GET /xingrg/all/function/internal_message.html?_=1612401265960&CODE_STATE=getMsg HTTP/1.1" 200 27
180.169.147.146 - - [04/Feb/2021:09:14:32 +0800] "GET /xingrg/all/function/internal_message.html?_=1612401272705&CODE_STATE=getMsg HTTP/1.1" 200 27
116.224.253.72 - - [04/Feb/2021:09:14:33 +0800] "GET /xingrg/all/function/internal_message.html?_=1612401260932&CODE_STATE=getMsg HTTP/1.1" 200 27
61.165.42.208 - - [04/Feb/2021:09:14:33 +0800] "GET /xingrg/kc/buy/cgsh_order_operate.html?command=get_materiel&rest_code=00105&code=00101008298&supplier_code=00100203&order_time=2021-02-04 HTTP/1.1" 200 413
116.227.208.21 - - [04/Feb/2021:09:14:38 +0800] "GET /xingrg/all/function/internal_message.html?_=1612401275897&CODE_STATE=getMsg HTTP/1.1" 200 27
218.81.223.240 - - [04/Feb/2021:09:14:39 +0800] "GET /xingrg/kc/buy/cgsh_order_operate.html?command=get_materiel&rest_code=00146&code=00101008354&supplier_code=00100005&order_time=2021-02-04 HTTP/1.1" 200 412
61.165.42.208 - - [04/Feb/2021:09:14:41 +0800] "GET /xingrg/kc/buy/cgsh_order_operate.html?command=get_materiel&rest_code=00105&code=00101008197&supplier_code=00100203&order_time=2021-02-04 HTTP/1.1" 200 416
120.253.135.82 - - [04/Feb/2021:09:14:44 +0800] "GET /xingrg/all/function/internal_message.html?_=1612401388817&CODE_STATE=getMsg HTTP/1.1" 200 27
120.253.135.82 - - [04/Feb/2021:09:14:44 +0800] "GET /xingrg/check_reg.html?_=1612401388929 HTTP/1.1" 200 22
114.88.166.193 - - [04/Feb/2021:09:14:48 +0800] "GET /xingrg/all/function/internal_message.html?_=1612401287083&CODE_STATE=getMsg HTTP/1.1" 200 27
61.165.42.208 - - [04/Feb/2021:09:14:49 +0800] "GET /xingrg/kc/buy/cgsh_order_operate.html?command=get_materiel&rest_code=00105&code=00101008027&supplier_code=00100203&order_time=2021-02-04 HTTP/1.1" 200 409
218.81.223.240 - - [04/Feb/2021:09:14:49 +0800] "GET /xingrg/kc/buy/cgsh_order_operate.html?command=get_materiel&rest_code=00146&code=00101008028&supplier_code=00100005&order_time=2021-02-04 HTTP/1.1" 200 412
116.224.253.72 - - [04/Feb/2021:09:14:57 +0800] "POST /xingrg/kc/buy/cgsh_order_operate.html HTTP/1.1" 200 37
116.224.253.72 - - [04/Feb/2021:09:14:58 +0800] "POST /xingrg/kc/buy/cgsh_order_operate.html HTTP/1.1" 200 30485
218.81.223.240 - - [04/Feb/2021:09:14:59 +0800] "GET /xingrg/kc/buy/cgsh_order_operate.html?command=get_materiel&rest_code=00146&code=00101008186&supplier_code=00100005&order_time=2021-02-04 HTTP/1.1" 200 408
114.88.166.193 - - [04/Feb/2021:09:15:01 +0800] "GET /xingrg/kc/buy/cgsh_order_operate.html?command=get_materiel&rest_code=00111&code=00101008087&supplier_code=00100005&order_time=2021-02-04 HTTP/1.1" 200 414
116.224.253.72 - - [04/Feb/2021:09:15:01 +0800] "GET /xingrg/kc/buy/cgsh_order_list.html HTTP/1.1" 200 46372
116.224.253.72 - - [04/Feb/2021:09:15:04 +0800] "POST /xingrg/kc/buy/cgsh_list_operate.html HTTP/1.1" 200 1691
116.228.172.94 - - [04/Feb/2021:09:15:08 +0800] "GET /xingrg/all/function/internal_message.html?_=1612401301125&CODE_STATE=getMsg HTTP/1.1" 200 27
116.228.172.94 - - [04/Feb/2021:09:15:08 +0800] "GET /xingrg/check_reg.html?_=1612401301161 HTTP/1.1" 200 22
218.81.223.240 - - [04/Feb/2021:09:15:08 +0800] "GET /xingrg/all/function/internal_message.html?_=1612401325255&CODE_STATE=getMsg HTTP/1.1" 200 27
222.69.132.6 - - [04/Feb/2021:09:15:10 +0800] "GET /xingrg/kc/buy/cgsh_order_operate.html?command=get_materiel&rest_code=00149&code=00101008197&supplier_code=00100005&order_time=2021-02-04 HTTP/1.1" 200 416
58.40.7.146 - - [04/Feb/2021:09:15:11 +0800] "GET /xingrg/all/function/internal_message.html?_=1612401310653&CODE_STATE=getMsg HTTP/1.1" 200 27
116.233.72.128 - - [04/Feb/2021:09:15:14 +0800] "GET /xingrg/login.html HTTP/1.1" 200 7641
116.233.72.128 - - [04/Feb/2021:09:15:14 +0800] "GET /favicon.ico HTTP/1.1" 404 -
120.253.135.82 - - [04/Feb/2021:09:15:15 +0800] "GET /xingrg/all/function/internal_message.html?_=1612401419435&CODE_STATE=getMsg HTTP/1.1" 200 27
218.81.223.240 - - [04/Feb/2021:09:15:15 +0800] "GET /xingrg/kc/buy/cgsh_order_operate.html?command=get_materiel&rest_code=00146&code=00101008096&supplier_code=00100005&order_time=2021-02-04 HTTP/1.1" 200 413
116.233.72.128 - - [04/Feb/2021:09:15:16 +0800] "POST /xingrg/login.do HTTP/1.1" 302 -
58.221.95.50 - - [04/Feb/2021:09:15:16 +0800] "GET /xingrg/check_reg.html?_=1612401316349 HTTP/1.1" 200 22
116.233.72.128 - - [04/Feb/2021:09:15:16 +0800] "GET /xingrg/index.html?sysBaseUrl=http%3A%2F%2F180.169.147.146%3A18081%2Fxingrg%2F&costTime=108×tamp=1612401316258 HTTP/1.1" 200 17173
58.221.95.50 - - [04/Feb/2021:09:15:16 +0800] "GET /xingrg/all/function/internal_message.html?_=1612401316684&CODE_STATE=getMsg HTTP/1.1" 200 27
116.233.72.128 - - [04/Feb/2021:09:15:16 +0800] "POST /xingrg/all/common/load_tree.html?tree=area_rest_tree_json&manage=1 HTTP/1.1" 200 342
116.233.72.128 - - [04/Feb/2021:09:15:16 +0800] "GET /xingrg/all/function/internal_message.html?_=1612401341797&CODE_STATE=count HTTP/1.1" 200 11
116.233.72.128 - - [04/Feb/2021:09:15:16 +0800] "GET /xingrg/check_reg.html?_=1612401341800 HTTP/1.1" 200 22
116.233.72.128 - - [04/Feb/2021:09:15:16 +0800] "POST /xingrg/load_menu.html HTTP/1.1" 200 5138
114.88.166.193 - - [04/Feb/2021:09:15:17 +0800] "GET /xingrg/kc/buy/cgsh_order_operate.html?command=get_materiel&rest_code=00111&code=00101008003&supplier_code=00100005&order_time=2021-02-04 HTTP/1.1" 200 408
116.233.72.128 - - [04/Feb/2021:09:15:20 +0800] "GET /xingrg/kc/base/base_main.html HTTP/1.1" 200 12142
120.253.135.82 - - [04/Feb/2021:09:15:23 +0800] "GET /xingrg/all/function/internal_message.html?_=1612401086092&CODE_STATE=getMsg HTTP/1.1" 200 27
116.233.72.128 - - [04/Feb/2021:09:15:24 +0800] "GET /xingrg/kc/report/report_main.html HTTP/1.1" 200 7345
