116.224.253.72 - - [02/Feb/2021:09:04:38 +0800] "GET /xingrg/kc/buy/cgsh_order_operate.html?command=get_materiel&rest_code=00150&code=00101006087&supplier_code=00100096&order_time=2021-02-02 HTTP/1.1" 200 411
114.86.187.76 - - [02/Feb/2021:09:04:41 +0800] "POST /xingrg/kc/base/stock_operate.html HTTP/1.1" 200 4012
116.224.253.72 - - [02/Feb/2021:09:04:42 +0800] "GET /xingrg/all/function/internal_message.html?_=1612227882231&CODE_STATE=getMsg HTTP/1.1" 200 27
222.69.135.98 - - [02/Feb/2021:09:04:43 +0800] "POST /xingrg/kc/buy/cgsh_order_operate.html HTTP/1.1" 200 37
58.37.230.33 - - [02/Feb/2021:09:04:44 +0800] "GET /xingrg/all/function/internal_message.html?_=1612227923085&CODE_STATE=getMsg HTTP/1.1" 200 27
222.69.135.98 - - [02/Feb/2021:09:04:45 +0800] "POST /xingrg/kc/buy/cgsh_order_operate.html HTTP/1.1" 200 38146
116.224.253.72 - - [02/Feb/2021:09:04:48 +0800] "GET /xingrg/kc/buy/cgsh_order_operate.html?command=get_materiel&rest_code=00150&code=00101007068&supplier_code=00100096&order_time=2021-02-02 HTTP/1.1" 200 411
114.86.187.76 - - [02/Feb/2021:09:04:52 +0800] "GET /xingrg/all/function/internal_message.html?_=1612227894428&CODE_STATE=getMsg HTTP/1.1" 200 27
116.224.253.72 - - [02/Feb/2021:09:04:54 +0800] "POST /xingrg/kc/buy/cgsh_order_operate.html HTTP/1.1" 200 37
61.165.42.208 - - [02/Feb/2021:09:04:55 +0800] "GET /xingrg/all/function/internal_message.html?_=1612227895583&CODE_STATE=getMsg HTTP/1.1" 200 27
116.224.253.72 - - [02/Feb/2021:09:04:55 +0800] "POST /xingrg/kc/buy/cgsh_order_operate.html HTTP/1.1" 200 27484
58.37.230.33 - - [02/Feb/2021:09:04:58 +0800] "GET /xingrg/check_reg.html?_=1612227922962 HTTP/1.1" 200 22
58.37.230.33 - - [02/Feb/2021:09:04:58 +0800] "GET /xingrg/all/function/internal_message.html?_=1612227922961&CODE_STATE=getMsg HTTP/1.1" 200 27
116.228.172.94 - - [02/Feb/2021:09:05:01 +0800] "GET /xingrg/all/function/internal_message.html?_=1612227902180&CODE_STATE=getMsg HTTP/1.1" 200 27
116.224.253.72 - - [02/Feb/2021:09:05:03 +0800] "GET /xingrg/kc/buy/cgsh_order_operate.html?command=get_materiel&rest_code=00150&code=00101016017&supplier_code=00100096&order_time=2021-02-02 HTTP/1.1" 200 410
116.224.253.72 - - [02/Feb/2021:09:05:04 +0800] "GET /xingrg/kc/base/wldb_order_list.html HTTP/1.1" 200 19345
116.224.253.72 - - [02/Feb/2021:09:05:04 +0800] "POST /xingrg/kc/base/wldb_list_operate.html HTTP/1.1" 200 928
180.169.147.146 - - [02/Feb/2021:09:05:04 +0800] "GET /xingrg/all/function/internal_message.html?_=1612227904477&CODE_STATE=getMsg HTTP/1.1" 200 27
116.224.253.72 - - [02/Feb/2021:09:05:06 +0800] "GET /xingrg/kc/base/wldb_order_add.html HTTP/1.1" 200 30508
116.224.253.72 - - [02/Feb/2021:09:05:07 +0800] "POST /xingrg/kc/base/wldb_order_operate.html HTTP/1.1" 200 6806
116.224.253.72 - - [02/Feb/2021:09:05:07 +0800] "GET /xingrg/all/common/auto_word.html?type=base&rest_code=00150 HTTP/1.1" 200 1653
116.224.253.72 - - [02/Feb/2021:09:05:07 +0800] "GET /xingrg/all/common/auto_word.html?type=base&rest_code=00150 HTTP/1.1" 200 1653
116.224.253.72 - - [02/Feb/2021:09:05:07 +0800] "GET /xingrg/javascript/easyui/themes/default/validatebox.css HTTP/1.1" 404 1104
116.224.253.72 - - [02/Feb/2021:09:05:08 +0800] "GET /xingrg/javascript/auto/indicator.gif HTTP/1.1" 404 1066
114.86.187.76 - - [02/Feb/2021:09:05:11 +0800] "POST /xingrg/kc/base/stock_operate.html HTTP/1.1" 200 1667
114.86.187.76 - - [02/Feb/2021:09:05:12 +0800] "POST /xingrg/kc/base/stock_operate.html HTTP/1.1" 200 4012
116.224.253.72 - - [02/Feb/2021:09:05:14 +0800] "GET /xingrg/kc/buy/cgsh_order_operate.html?command=get_materiel&rest_code=00150&code=00101012025&supplier_code=00100096&order_time=2021-02-02 HTTP/1.1" 200 412
116.224.253.72 - - [02/Feb/2021:09:05:14 +0800] "GET /xingrg/kc/base/wldb_order_operate.html?command=get_materiel&rest_code=00150&base_code=0010450&code=00101004065 HTTP/1.1" 200 435
114.86.187.76 - - [02/Feb/2021:09:05:21 +0800] "POST /xingrg/kc/base/stock_operate.html HTTP/1.1" 200 1667
116.224.253.72 - - [02/Feb/2021:09:05:22 +0800] "GET /xingrg/kc/buy/cgsh_order_operate.html?command=get_materiel&rest_code=00150&code=00101001084&supplier_code=00100096&order_time=2021-02-02 HTTP/1.1" 200 413
114.86.187.76 - - [02/Feb/2021:09:05:23 +0800] "POST /xingrg/kc/base/stock_operate.html HTTP/1.1" 200 4012
116.224.253.72 - - [02/Feb/2021:09:05:25 +0800] "GET /xingrg/all/function/internal_message.html?_=1612227915118&CODE_STATE=getMsg HTTP/1.1" 200 27
58.40.7.146 - - [02/Feb/2021:09:05:25 +0800] "GET /xingrg/all/function/internal_message.html?_=1612227924577&CODE_STATE=getMsg HTTP/1.1" 302 -
218.81.223.240 - - [02/Feb/2021:09:05:29 +0800] "GET /xingrg/all/function/internal_message.html?_=1612227938006&CODE_STATE=getMsg HTTP/1.1" 200 27
116.224.253.72 - - [02/Feb/2021:09:05:31 +0800] "GET /xingrg/kc/base/wldb_order_operate.html?command=get_materiel&rest_code=00150&base_code=0010450&code=00101010081 HTTP/1.1" 200 435
114.88.166.193 - - [02/Feb/2021:09:05:34 +0800] "GET /xingrg/all/function/internal_message.html?_=1612227934099&CODE_STATE=getMsg HTTP/1.1" 200 27
180.169.147.146 - - [02/Feb/2021:09:05:36 +0800] "GET /xingrg/all/function/internal_message.html?_=1612227940540&CODE_STATE=getMsg HTTP/1.1" 200 27
116.224.253.72 - - [02/Feb/2021:09:05:36 +0800] "GET /xingrg/kc/buy/cgsh_order_operate.html?command=get_materiel&rest_code=00150&code=00101007081&supplier_code=00100096&order_time=2021-02-02 HTTP/1.1" 200 413
222.69.135.98 - - [02/Feb/2021:09:05:36 +0800] "GET /xingrg/all/function/internal_message.html?_=1612227933858&CODE_STATE=getMsg HTTP/1.1" 200 27
114.88.166.193 - - [02/Feb/2021:09:05:37 +0800] "POST /xingrg/kc/buy/cgsh_list_operate.html HTTP/1.1" 200 5501
116.224.253.72 - - [02/Feb/2021:09:05:42 +0800] "GET /xingrg/all/function/internal_message.html?_=1612227942232&CODE_STATE=getMsg HTTP/1.1" 200 27
58.37.230.33 - - [02/Feb/2021:09:05:44 +0800] "GET /xingrg/all/function/internal_message.html?_=1612227983058&CODE_STATE=getMsg HTTP/1.1" 200 27
116.224.253.72 - - [02/Feb/2021:09:05:46 +0800] "GET /xingrg/kc/base/wldb_order_operate.html?command=get_materiel&rest_code=00150&base_code=0010450&code=00101001135 HTTP/1.1" 200 433
116.224.253.72 - - [02/Feb/2021:09:05:50 +0800] "GET /xingrg/kc/buy/cgsh_order_operate.html?command=get_materiel&rest_code=00150&code=00101007061&supplier_code=00100096&order_time=2021-02-02 HTTP/1.1" 200 411
114.86.187.76 - - [02/Feb/2021:09:05:52 +0800] "GET /xingrg/all/function/internal_message.html?_=1612227954436&CODE_STATE=getMsg HTTP/1.1" 200 27
114.86.187.76 - - [02/Feb/2021:09:05:53 +0800] "POST /xingrg/kc/base/stock_operate.html HTTP/1.1" 200 1667
116.224.253.72 - - [02/Feb/2021:09:05:54 +0800] "GET /xingrg/kc/base/wldb_order_operate.html?command=get_materiel&rest_code=00150&base_code=0010450&code=00101003006 HTTP/1.1" 200 432
61.165.42.208 - - [02/Feb/2021:09:05:55 +0800] "GET /xingrg/all/function/internal_message.html?_=1612227955554&CODE_STATE=getMsg HTTP/1.1" 200 27
58.37.230.33 - - [02/Feb/2021:09:05:58 +0800] "GET /xingrg/all/function/internal_message.html?_=1612227982961&CODE_STATE=getMsg HTTP/1.1" 200 27
116.228.172.94 - - [02/Feb/2021:09:06:01 +0800] "GET /xingrg/all/function/internal_message.html?_=1612227962179&CODE_STATE=getMsg HTTP/1.1" 200 27
116.224.253.72 - - [02/Feb/2021:09:06:02 +0800] "POST /xingrg/kc/base/wldb_order_operate.html HTTP/1.1" 200 37
116.224.253.72 - - [02/Feb/2021:09:06:04 +0800] "POST /xingrg/kc/base/wldb_order_operate.html HTTP/1.1" 200 12
116.224.253.72 - - [02/Feb/2021:09:06:04 +0800] "POST /xingrg/kc/base/wldb_order_operate.html HTTP/1.1" 200 3600
180.169.147.146 - - [02/Feb/2021:09:06:04 +0800] "GET /xingrg/all/function/internal_message.html?_=1612227964479&CODE_STATE=getMsg HTTP/1.1" 200 27
114.86.187.76 - - [02/Feb/2021:09:06:06 +0800] "POST /xingrg/kc/base/stock_operate.html HTTP/1.1" 200 4012
116.224.253.72 - - [02/Feb/2021:09:06:06 +0800] "GET /xingrg/kc/buy/cgsh_order_operate.html?command=get_materiel&rest_code=00150&code=00101007049&supplier_code=00100096&order_time=2021-02-02 HTTP/1.1" 200 411
116.224.253.72 - - [02/Feb/2021:09:06:12 +0800] "GET /xingrg/kc/base/wldb_order_info.html?code=422021020200154 HTTP/1.1" 200 26385
116.224.253.72 - - [02/Feb/2021:09:06:13 +0800] "GET /xingrg/javascript/easyui/themes/default/validatebox.css HTTP/1.1" 404 1104
116.224.253.72 - - [02/Feb/2021:09:06:13 +0800] "POST /xingrg/kc/base/wldb_order_operate.html HTTP/1.1" 200 1863
120.253.135.82 - - [02/Feb/2021:09:06:15 +0800] "GET /xingrg/check_reg.html?_=1612227738264 HTTP/1.1" 200 22
116.224.253.72 - - [02/Feb/2021:09:06:16 +0800] "GET /xingrg/kc/buy/cgsh_order_operate.html?command=get_materiel&rest_code=00150&code=00101007076&supplier_code=00100096&order_time=2021-02-02 HTTP/1.1" 200 408
116.224.253.72 - - [02/Feb/2021:09:06:25 +0800] "GET /xingrg/check_reg.html?_=1612227975074 HTTP/1.1" 200 22
58.40.7.146 - - [02/Feb/2021:09:06:25 +0800] "GET /xingrg/all/function/internal_message.html?_=1612227984549&CODE_STATE=getMsg HTTP/1.1" 302 -
116.224.253.72 - - [02/Feb/2021:09:06:25 +0800] "GET /xingrg/all/function/internal_message.html?_=1612227975176&CODE_STATE=getMsg HTTP/1.1" 200 27
218.81.223.240 - - [02/Feb/2021:09:06:29 +0800] "GET /xingrg/all/function/internal_message.html?_=1612227998182&CODE_STATE=getMsg HTTP/1.1" 200 27
114.88.166.193 - - [02/Feb/2021:09:06:34 +0800] "GET /xingrg/all/function/internal_message.html?_=1612227994110&CODE_STATE=getMsg HTTP/1.1" 200 27
180.169.147.146 - - [02/Feb/2021:09:06:36 +0800] "GET /xingrg/all/function/internal_message.html?_=1612228000559&CODE_STATE=getMsg HTTP/1.1" 200 27
222.69.135.98 - - [02/Feb/2021:09:06:36 +0800] "GET /xingrg/all/function/internal_message.html?_=1612227993857&CODE_STATE=getMsg HTTP/1.1" 200 27
116.224.253.72 - - [02/Feb/2021:09:06:42 +0800] "GET /xingrg/all/function/internal_message.html?_=1612228002232&CODE_STATE=getMsg HTTP/1.1" 200 27
114.86.187.76 - - [02/Feb/2021:09:06:44 +0800] "POST /xingrg/services/DataTransmitService HTTP/1.1" 401 565
114.86.187.76 - - [02/Feb/2021:09:06:44 +0800] "POST /xingrg/services/DataTransmitService HTTP/1.1" 200 478
116.224.253.72 - - [02/Feb/2021:09:06:44 +0800] "POST /xingrg/all/user/operate.html HTTP/1.1" 200 36
114.86.187.76 - - [02/Feb/2021:09:06:44 +0800] "POST /xingrg/services/DataTransmitService HTTP/1.1" 200 1320
116.224.253.72 - - [02/Feb/2021:09:06:44 +0800] "GET /xingrg/index.html?sysBaseUrl=http%3A%2F%2F180.169.147.146%3A18081%2Fxingrg%2F&costTime=37×tamp=1612225660585 HTTP/1.1" 200 17177
116.224.253.72 - - [02/Feb/2021:09:06:44 +0800] "GET /xingrg/javascript/jquery_easy_ui/themes/default/easyui.css HTTP/1.1" 304 -
116.224.253.72 - - [02/Feb/2021:09:06:44 +0800] "GET /xingrg/javascript/jquery_easy_ui/themes/icon.css HTTP/1.1" 304 -
116.224.253.72 - - [02/Feb/2021:09:06:44 +0800] "GET /xingrg/css/form.css HTTP/1.1" 304 -
116.224.253.72 - - [02/Feb/2021:09:06:44 +0800] "GET /xingrg/javascript/jquery-1.4.2.min.js HTTP/1.1" 304 -
114.86.187.76 - - [02/Feb/2021:09:06:44 +0800] "POST /xingrg/services/DataTransmitService HTTP/1.1" 200 478
116.224.253.72 - - [02/Feb/2021:09:06:44 +0800] "GET /xingrg/javascript/jquery_easy_ui/jquery.easyui.min.js HTTP/1.1" 304 -
114.86.187.76 - - [02/Feb/2021:09:06:44 +0800] "POST /xingrg/services/DataTransmitService HTTP/1.1" 200 1320
116.224.253.72 - - [02/Feb/2021:09:06:44 +0800] "GET /xingrg/javascript/jquery_easy_ui/easyui-lang-zh_CN.js HTTP/1.1" 304 -
116.224.253.72 - - [02/Feb/2021:09:06:44 +0800] "GET /xingrg/javascript/jquery.form.js HTTP/1.1" 304 -
114.86.187.76 - - [02/Feb/2021:09:06:44 +0800] "POST /xingrg/services/DataTransmitService HTTP/1.1" 200 524
116.224.253.72 - - [02/Feb/2021:09:06:44 +0800] "GET /xingrg/javascript/jquery.utils.js HTTP/1.1" 304 -
116.224.253.72 - - [02/Feb/2021:09:06:44 +0800] "GET /xingrg/javascript/jquery.timers.js HTTP/1.1" 304 -
116.224.253.72 - - [02/Feb/2021:09:06:44 +0800] "GET /xingrg/images/blue/jxLogo.png HTTP/1.1" 304 -
58.37.230.33 - - [02/Feb/2021:09:06:44 +0800] "GET /xingrg/all/function/internal_message.html?_=1612228043029&CODE_STATE=getMsg HTTP/1.1" 200 27
116.224.253.72 - - [02/Feb/2021:09:06:44 +0800] "GET /xingrg/images/blue/navBackgound.jpg HTTP/1.1" 304 -
116.224.253.72 - - [02/Feb/2021:09:06:44 +0800] "GET /xingrg/javascript/jquery_easy_ui/themes/icons/settle_new.png HTTP/1.1" 304 -
116.224.253.72 - - [02/Feb/2021:09:06:44 +0800] "POST /xingrg/all/common/load_tree.html?tree=area_rest_tree_json&manage=1 HTTP/1.1" 200 476
116.224.253.72 - - [02/Feb/2021:09:06:44 +0800] "GET /xingrg/all/function/internal_message.html?_=1612228004325&CODE_STATE=count HTTP/1.1" 200 11
116.224.253.72 - - [02/Feb/2021:09:06:44 +0800] "GET /xingrg/check_reg.html?_=1612228004326 HTTP/1.1" 200 22
116.224.253.72 - - [02/Feb/2021:09:06:44 +0800] "GET /xingrg/javascript/jquery_easy_ui/themes/default/images/tabs_rightarrow.png HTTP/1.1" 304 -
116.224.253.72 - - [02/Feb/2021:09:06:44 +0800] "GET /xingrg/images/blue/pingpu.png HTTP/1.1" 304 -
116.224.253.72 - - [02/Feb/2021:09:06:44 +0800] "GET /xingrg/javascript/jquery_easy_ui/themes/default/images/tabs_leftarrow.png HTTP/1.1" 304 -
116.224.253.72 - - [02/Feb/2021:09:06:44 +0800] "GET /xingrg/javascript/jquery_easy_ui/themes/default/images/panel_tool_collapse.gif HTTP/1.1" 304 -
116.224.253.72 - - [02/Feb/2021:09:06:44 +0800] "POST /xingrg/load_menu.html HTTP/1.1" 200 5138
114.86.187.76 - - [02/Feb/2021:09:06:45 +0800] "POST /xingrg/services/DataTransmitService HTTP/1.1" 200 2079
114.86.187.76 - - [02/Feb/2021:09:06:45 +0800] "POST /xingrg/services/DataTransmitService HTTP/1.1" 200 151423
116.224.253.72 - - [02/Feb/2021:09:06:47 +0800] "GET /xingrg/kc/buy/cgsh_order_list.html HTTP/1.1" 200 46286
116.224.253.72 - - [02/Feb/2021:09:06:48 +0800] "POST /xingrg/kc/buy/cgsh_list_operate.html HTTP/1.1" 200 1688
116.224.253.72 - - [02/Feb/2021:09:06:50 +0800] "POST /xingrg/kc/buy/cgsh_list_operate.html HTTP/1.1" 200 558
116.224.253.72 - - [02/Feb/2021:09:06:51 +0800] "GET /xingrg/kc/buy/cgsh_order_info.html?code=212021020200494 HTTP/1.1" 200 61671
116.224.253.72 - - [02/Feb/2021:09:06:51 +0800] "GET /xingrg/javascript/easyui/themes/default/validatebox.css HTTP/1.1" 404 1104
116.224.253.72 - - [02/Feb/2021:09:06:51 +0800] "POST /xingrg/kc/buy/cgsh_order_operate.html HTTP/1.1" 200 23567
114.86.187.76 - - [02/Feb/2021:09:06:52 +0800] "GET /xingrg/all/function/internal_message.html?_=1612228014445&CODE_STATE=getMsg HTTP/1.1" 200 27
61.165.42.208 - - [02/Feb/2021:09:06:55 +0800] "GET /xingrg/all/function/internal_message.html?_=1612228015526&CODE_STATE=getMsg HTTP/1.1" 200 27
58.37.230.33 - - [02/Feb/2021:09:06:58 +0800] "GET /xingrg/all/function/internal_message.html?_=1612228042959&CODE_STATE=getMsg HTTP/1.1" 200 27
116.228.172.94 - - [02/Feb/2021:09:07:01 +0800] "GET /xingrg/all/function/internal_message.html?_=1612228022179&CODE_STATE=getMsg HTTP/1.1" 200 27
222.69.135.98 - - [02/Feb/2021:09:07:04 +0800] "POST /xingrg/services/DataTransmitService HTTP/1.1" 200 524
222.69.135.98 - - [02/Feb/2021:09:07:04 +0800] "POST /xingrg/services/DataTransmitService HTTP/1.1" 200 1979
116.224.253.72 - - [02/Feb/2021:09:07:04 +0800] "GET /xingrg/kc/buy/cgsh_order_operate.html?command=get_materiel&rest_code=00150&code=00101007077&supplier_code=00100096&order_time=2021-02-02 HTTP/1.1" 200 415
180.169.147.146 - - [02/Feb/2021:09:07:04 +0800] "GET /xingrg/all/function/internal_message.html?_=1612228024480&CODE_STATE=getMsg HTTP/1.1" 200 27
222.69.135.98 - - [02/Feb/2021:09:07:05 +0800] "POST /xingrg/services/DataTransmitService HTTP/1.1" 200 148627
58.221.95.50 - - [02/Feb/2021:09:07:12 +0800] "GET /xingrg/check_reg.html?_=1612228034865 HTTP/1.1" 302 -
114.86.187.76 - - [02/Feb/2021:09:07:18 +0800] "POST /xingrg/services/DataTransmitService HTTP/1.1" 200 45454
114.86.187.76 - - [02/Feb/2021:09:07:18 +0800] "POST /xingrg/services/DataTransmitService HTTP/1.1" 200 19237
58.40.7.146 - - [02/Feb/2021:09:07:25 +0800] "GET /xingrg/all/function/internal_message.html?_=1612228044520&CODE_STATE=getMsg HTTP/1.1" 302 -
116.224.253.72 - - [02/Feb/2021:09:07:25 +0800] "GET /xingrg/all/function/internal_message.html?_=1612228035176&CODE_STATE=getMsg HTTP/1.1" 200 27
218.81.223.240 - - [02/Feb/2021:09:07:29 +0800] "GET /xingrg/all/function/internal_message.html?_=1612228058191&CODE_STATE=getMsg HTTP/1.1" 200 27
114.88.166.193 - - [02/Feb/2021:09:07:34 +0800] "GET /xingrg/all/function/internal_message.html?_=1612228054129&CODE_STATE=getMsg HTTP/1.1" 200 27
218.81.223.240 - - [02/Feb/2021:09:07:36 +0800] "GET /xingrg/check_reg.html?_=1612228065183 HTTP/1.1" 200 22
180.169.147.146 - - [02/Feb/2021:09:07:36 +0800] "GET /xingrg/all/function/internal_message.html?_=1612228060567&CODE_STATE=getMsg HTTP/1.1" 200 27
114.86.187.76 - - [02/Feb/2021:09:07:42 +0800] "POST /xingrg/services/DataTransmitService HTTP/1.1" 200 524
114.86.187.76 - - [02/Feb/2021:09:07:42 +0800] "POST /xingrg/services/DataTransmitService HTTP/1.1" 200 2079
120.253.135.82 - - [02/Feb/2021:09:07:43 +0800] "GET /xingrg/check_reg.html?_=1612228170208 HTTP/1.1" 200 22
58.37.230.33 - - [02/Feb/2021:09:07:44 +0800] "GET /xingrg/all/function/internal_message.html?_=1612228103000&CODE_STATE=getMsg HTTP/1.1" 200 27
116.224.253.72 - - [02/Feb/2021:09:07:44 +0800] "GET /xingrg/all/function/internal_message.html?_=1612228064365&CODE_STATE=getMsg HTTP/1.1" 200 27
116.228.172.94 - - [02/Feb/2021:09:07:47 +0800] "POST /xingrg/kc/buy/cgsh_list_operate.html HTTP/1.1" 200 5384
222.69.135.98 - - [02/Feb/2021:09:07:48 +0800] "GET /xingrg/all/function/internal_message.html?_=1612228053942&CODE_STATE=getMsg HTTP/1.1" 200 27
116.224.253.72 - - [02/Feb/2021:09:07:52 +0800] "POST /xingrg/kc/buy/cgsh_order_operate.html HTTP/1.1" 200 37
114.86.187.76 - - [02/Feb/2021:09:07:52 +0800] "GET /xingrg/check_reg.html?_=1612228074443 HTTP/1.1" 200 22
114.86.187.76 - - [02/Feb/2021:09:07:52 +0800] "GET /xingrg/all/function/internal_message.html?_=1612228074448&CODE_STATE=getMsg HTTP/1.1" 200 27
116.224.253.72 - - [02/Feb/2021:09:07:54 +0800] "POST /xingrg/kc/buy/cgsh_order_operate.html HTTP/1.1" 200 23572
61.165.42.208 - - [02/Feb/2021:09:07:55 +0800] "GET /xingrg/all/function/internal_message.html?_=1612228075508&CODE_STATE=getMsg HTTP/1.1" 200 27
61.165.42.208 - - [02/Feb/2021:09:07:55 +0800] "GET /xingrg/check_reg.html?_=1612228075792 HTTP/1.1" 200 22
116.228.172.94 - - [02/Feb/2021:09:07:56 +0800] "GET /xingrg/kc/buy/cgsh_order_add.html HTTP/1.1" 200 62108
116.224.253.72 - - [02/Feb/2021:09:07:57 +0800] "GET /xingrg/kc/buy/cgsh_order_list.html HTTP/1.1" 200 46286
116.228.172.94 - - [02/Feb/2021:09:07:58 +0800] "GET /xingrg/all/common/auto_word.html?type=employee&rest_code=00107 HTTP/1.1" 200 151
116.228.172.94 - - [02/Feb/2021:09:07:58 +0800] "GET /xingrg/javascript/easyui/themes/default/validatebox.css HTTP/1.1" 404 1104
116.228.172.94 - - [02/Feb/2021:09:07:58 +0800] "GET /xingrg/all/common/auto_word.html?type=employee&rest_code=00107 HTTP/1.1" 200 151
116.228.172.94 - - [02/Feb/2021:09:07:58 +0800] "POST /xingrg/kc/buy/cgsh_order_operate.html HTTP/1.1" 200 8245
58.37.230.33 - - [02/Feb/2021:09:07:58 +0800] "GET /xingrg/all/function/internal_message.html?_=1612228102958&CODE_STATE=getMsg HTTP/1.1" 200 27
116.224.253.72 - - [02/Feb/2021:09:07:59 +0800] "POST /xingrg/kc/buy/cgsh_list_operate.html HTTP/1.1" 200 1691
116.224.253.72 - - [02/Feb/2021:09:08:01 +0800] "GET /xingrg/kc/buy/cgsh_order_add.html HTTP/1.1" 200 61662
116.228.172.94 - - [02/Feb/2021:09:08:01 +0800] "GET /xingrg/all/function/internal_message.html?_=1612228082187&CODE_STATE=getMsg HTTP/1.1" 200 27
116.224.253.72 - - [02/Feb/2021:09:08:01 +0800] "GET /xingrg/javascript/easyui/themes/default/validatebox.css HTTP/1.1" 404 1104
116.224.253.72 - - [02/Feb/2021:09:08:01 +0800] "POST /xingrg/kc/buy/cgsh_order_operate.html HTTP/1.1" 200 8245
120.253.135.82 - - [02/Feb/2021:09:08:02 +0800] "GET /xingrg/check_reg.html?_=1612228189315 HTTP/1.1" 200 22
116.224.253.72 - - [02/Feb/2021:09:08:03 +0800] "GET /xingrg/javascript/auto/indicator.gif HTTP/1.1" 404 1066
116.224.253.72 - - [02/Feb/2021:09:08:04 +0800] "POST /xingrg/kc/buy/cgsh_order_operate.html HTTP/1.1" 200 37
180.169.147.146 - - [02/Feb/2021:09:08:04 +0800] "GET /xingrg/all/function/internal_message.html?_=1612228084482&CODE_STATE=getMsg HTTP/1.1" 200 27
58.37.230.33 - - [02/Feb/2021:09:08:06 +0800] "GET /xingrg/check_reg.html?_=1612228125297 HTTP/1.1" 200 22
116.224.253.72 - - [02/Feb/2021:09:08:06 +0800] "POST /xingrg/kc/buy/cgsh_order_operate.html HTTP/1.1" 200 12
116.224.253.72 - - [02/Feb/2021:09:08:08 +0800] "GET /xingrg/kc/buy/cgsh_order_info.html?code=212021020200503 HTTP/1.1" 200 56852
116.224.253.72 - - [02/Feb/2021:09:08:09 +0800] "GET /xingrg/javascript/easyui/themes/default/validatebox.css HTTP/1.1" 404 1104
116.224.253.72 - - [02/Feb/2021:09:08:09 +0800] "POST /xingrg/kc/buy/cgsh_order_operate.html HTTP/1.1" 200 10681
116.228.172.94 - - [02/Feb/2021:09:08:11 +0800] "GET /xingrg/javascript/easyui/themes/default/tree.css HTTP/1.1" 404 1090
116.228.172.94 - - [02/Feb/2021:09:08:12 +0800] "POST /xingrg/all/common/load_tree.html?tree=supplier_tree_json&isDelete=1 HTTP/1.1" 200 54680
116.224.253.72 - - [02/Feb/2021:09:08:13 +0800] "GET /xingrg/kc/print/load_data.html?order_code=212021020200503&kc_code=cgsh&condition= HTTP/1.1" 200 4520
218.81.223.240 - - [02/Feb/2021:09:08:14 +0800] "POST /xingrg/kc/buy/cgsh_list_operate.html HTTP/1.1" 200 5219
58.40.7.146 - - [02/Feb/2021:09:08:25 +0800] "GET /xingrg/all/function/internal_message.html?_=1612228104491&CODE_STATE=getMsg HTTP/1.1" 302 -
116.224.253.72 - - [02/Feb/2021:09:08:25 +0800] "GET /xingrg/all/function/internal_message.html?_=1612228095190&CODE_STATE=getMsg HTTP/1.1" 200 27
218.81.223.240 - - [02/Feb/2021:09:08:29 +0800] "GET /xingrg/all/function/internal_message.html?_=1612228118333&CODE_STATE=getMsg HTTP/1.1" 200 27
114.88.166.193 - - [02/Feb/2021:09:08:34 +0800] "GET /xingrg/check_reg.html?_=1612228113972 HTTP/1.1" 200 22
114.88.166.193 - - [02/Feb/2021:09:08:34 +0800] "GET /xingrg/all/function/internal_message.html?_=1612228114134&CODE_STATE=getMsg HTTP/1.1" 200 27
180.169.147.146 - - [02/Feb/2021:09:08:36 +0800] "GET /xingrg/all/function/internal_message.html?_=1612228120592&CODE_STATE=getMsg HTTP/1.1" 200 27
222.69.135.98 - - [02/Feb/2021:09:08:36 +0800] "GET /xingrg/all/function/internal_message.html?_=1612228113924&CODE_STATE=getMsg HTTP/1.1" 200 27
58.40.7.146 - - [02/Feb/2021:09:08:36 +0800] "GET /xingrg/check_reg.html?_=1612228116260 HTTP/1.1" 302 -
116.224.253.72 - - [02/Feb/2021:09:08:38 +0800] "GET /xingrg/kc/buy/cgsh_order_operate.html?command=get_materiel&rest_code=00151&code=00101009062&supplier_code=00100424&order_time=2021-02-02 HTTP/1.1" 200 412
116.224.253.72 - - [02/Feb/2021:09:08:41 +0800] "POST /xingrg/all/user/operate.html HTTP/1.1" 200 36
116.224.253.72 - - [02/Feb/2021:09:08:42 +0800] "GET /xingrg/javascript/jquery_easy_ui/themes/default/easyui.css HTTP/1.1" 304 -
116.224.253.72 - - [02/Feb/2021:09:08:42 +0800] "GET /xingrg/index.html?sysBaseUrl=http%3A%2F%2F180.169.147.146%3A18081%2Fxingrg%2F&costTime=72×tamp=1612227684243 HTTP/1.1" 200 17177
116.224.253.72 - - [02/Feb/2021:09:08:42 +0800] "GET /xingrg/javascript/jquery_easy_ui/themes/icon.css HTTP/1.1" 304 -
116.224.253.72 - - [02/Feb/2021:09:08:42 +0800] "GET /xingrg/css/form.css HTTP/1.1" 304 -
116.224.253.72 - - [02/Feb/2021:09:08:42 +0800] "GET /xingrg/javascript/jquery-1.4.2.min.js HTTP/1.1" 304 -
116.224.253.72 - - [02/Feb/2021:09:08:42 +0800] "GET /xingrg/javascript/jquery_easy_ui/jquery.easyui.min.js HTTP/1.1" 304 -
116.224.253.72 - - [02/Feb/2021:09:08:42 +0800] "GET /xingrg/javascript/jquery_easy_ui/easyui-lang-zh_CN.js HTTP/1.1" 304 -
116.224.253.72 - - [02/Feb/2021:09:08:42 +0800] "GET /xingrg/javascript/jquery.form.js HTTP/1.1" 304 -
116.224.253.72 - - [02/Feb/2021:09:08:42 +0800] "GET /xingrg/javascript/jquery.utils.js HTTP/1.1" 304 -
116.224.253.72 - - [02/Feb/2021:09:08:42 +0800] "GET /xingrg/javascript/jquery.timers.js HTTP/1.1" 304 -
116.224.253.72 - - [02/Feb/2021:09:08:42 +0800] "GET /xingrg/images/blue/jxLogo.png HTTP/1.1" 304 -
116.224.253.72 - - [02/Feb/2021:09:08:42 +0800] "GET /xingrg/images/blue/navBackgound.jpg HTTP/1.1" 304 -
116.224.253.72 - - [02/Feb/2021:09:08:42 +0800] "GET /xingrg/javascript/jquery_easy_ui/themes/icons/settle_new.png HTTP/1.1" 304 -
116.224.253.72 - - [02/Feb/2021:09:08:42 +0800] "POST /xingrg/all/common/load_tree.html?tree=area_rest_tree_json&manage=1 HTTP/1.1" 200 476
116.224.253.72 - - [02/Feb/2021:09:08:42 +0800] "GET /xingrg/images/blue/pingpu.png HTTP/1.1" 304 -
116.224.253.72 - - [02/Feb/2021:09:08:42 +0800] "GET /xingrg/javascript/jquery_easy_ui/themes/default/images/tabs_leftarrow.png HTTP/1.1" 304 -
116.224.253.72 - - [02/Feb/2021:09:08:42 +0800] "GET /xingrg/javascript/jquery_easy_ui/themes/default/images/tabs_rightarrow.png HTTP/1.1" 304 -
116.224.253.72 - - [02/Feb/2021:09:08:42 +0800] "GET /xingrg/javascript/jquery_easy_ui/themes/default/images/panel_tool_collapse.gif HTTP/1.1" 304 -
116.224.253.72 - - [02/Feb/2021:09:08:42 +0800] "GET /xingrg/all/function/internal_message.html?_=1612228112488&CODE_STATE=count HTTP/1.1" 200 11
116.224.253.72 - - [02/Feb/2021:09:08:42 +0800] "GET /xingrg/check_reg.html?_=1612228112489 HTTP/1.1" 200 22
116.224.253.72 - - [02/Feb/2021:09:08:42 +0800] "POST /xingrg/load_menu.html HTTP/1.1" 200 5138
58.37.230.33 - - [02/Feb/2021:09:08:44 +0800] "GET /xingrg/all/function/internal_message.html?_=1612228162976&CODE_STATE=getMsg HTTP/1.1" 200 27
116.224.253.72 - - [02/Feb/2021:09:08:44 +0800] "GET /xingrg/all/function/internal_message.html?_=1612228124346&CODE_STATE=getMsg HTTP/1.1" 200 27
114.88.166.193 - - [02/Feb/2021:09:08:45 +0800] "GET /xingrg/kc/buy/cgsh_order_add.html HTTP/1.1" 200 62020
114.88.166.193 - - [02/Feb/2021:09:08:45 +0800] "POST /xingrg/kc/buy/cgsh_order_operate.html HTTP/1.1" 200 8245
114.88.166.193 - - [02/Feb/2021:09:08:45 +0800] "GET /xingrg/javascript/easyui/themes/default/validatebox.css HTTP/1.1" 404 1104
116.224.253.72 - - [02/Feb/2021:09:08:48 +0800] "GET /xingrg/kc/buy/cgsh_order_list.html HTTP/1.1" 200 46286
116.224.253.72 - - [02/Feb/2021:09:08:49 +0800] "POST /xingrg/kc/buy/cgsh_list_operate.html HTTP/1.1" 200 1691
116.224.253.72 - - [02/Feb/2021:09:08:49 +0800] "GET /xingrg/kc/buy/cgsh_order_operate.html?command=get_materiel&rest_code=00151&code=00101009031&supplier_code=00100424&order_time=2021-02-02 HTTP/1.1" 200 409
116.224.253.72 - - [02/Feb/2021:09:08:51 +0800] "GET /xingrg/kc/buy/cgsh_order_add.html HTTP/1.1" 200 61674
116.224.253.72 - - [02/Feb/2021:09:08:51 +0800] "POST /xingrg/kc/buy/cgsh_order_operate.html HTTP/1.1" 200 8245
116.224.253.72 - - [02/Feb/2021:09:08:51 +0800] "GET /xingrg/all/common/auto_word.html?type=employee&rest_code=00151 HTTP/1.1" 200 243
116.224.253.72 - - [02/Feb/2021:09:08:51 +0800] "GET /xingrg/all/common/auto_word.html?type=employee&rest_code=00151 HTTP/1.1" 200 243
116.224.253.72 - - [02/Feb/2021:09:08:51 +0800] "GET /xingrg/javascript/easyui/themes/default/validatebox.css HTTP/1.1" 404 1104
114.86.187.76 - - [02/Feb/2021:09:08:52 +0800] "GET /xingrg/all/function/internal_message.html?_=1612228134458&CODE_STATE=getMsg HTTP/1.1" 200 27
222.69.135.98 - - [02/Feb/2021:09:08:53 +0800] "POST /xingrg/services/DataTransmitService HTTP/1.1" 200 524
116.224.253.72 - - [02/Feb/2021:09:08:54 +0800] "GET /xingrg/javascript/auto/indicator.gif HTTP/1.1" 404 1066
61.165.42.208 - - [02/Feb/2021:09:08:55 +0800] "GET /xingrg/all/function/internal_message.html?_=1612228135490&CODE_STATE=getMsg HTTP/1.1" 200 27
116.224.253.72 - - [02/Feb/2021:09:08:55 +0800] "POST /xingrg/kc/buy/cgsh_order_operate.html HTTP/1.1" 200 37
116.224.253.72 - - [02/Feb/2021:09:08:56 +0800] "POST /xingrg/kc/buy/cgsh_order_operate.html HTTP/1.1" 200 3255
222.69.135.98 - - [02/Feb/2021:09:08:57 +0800] "POST /xingrg/services/DataTransmitService HTTP/1.1" 200 501
58.37.230.33 - - [02/Feb/2021:09:08:58 +0800] "GET /xingrg/all/function/internal_message.html?_=1612228162985&CODE_STATE=getMsg HTTP/1.1" 200 27
116.228.172.94 - - [02/Feb/2021:09:09:01 +0800] "GET /xingrg/check_reg.html?_=1612228142403 HTTP/1.1" 200 22
116.228.172.94 - - [02/Feb/2021:09:09:01 +0800] "GET /xingrg/all/function/internal_message.html?_=1612228142183&CODE_STATE=getMsg HTTP/1.1" 200 27
116.224.253.72 - - [02/Feb/2021:09:09:03 +0800] "GET /xingrg/kc/buy/cgsh_order_operate.html?command=get_materiel&rest_code=00151&code=00101007125&supplier_code=00100096&order_time=2021-02-02 HTTP/1.1" 200 406
180.169.147.146 - - [02/Feb/2021:09:09:04 +0800] "GET /xingrg/check_reg.html?_=1612228144481 HTTP/1.1" 200 22
180.169.147.146 - - [02/Feb/2021:09:09:04 +0800] "GET /xingrg/all/function/internal_message.html?_=1612228144486&CODE_STATE=getMsg HTTP/1.1" 200 27
222.69.135.98 - - [02/Feb/2021:09:09:06 +0800] "POST /xingrg/services/DataTransmitService HTTP/1.1" 200 524
114.88.166.193 - - [02/Feb/2021:09:09:19 +0800] "POST /xingrg/kc/buy/cgsh_list_operate.html HTTP/1.1" 200 2021
222.69.135.98 - - [02/Feb/2021:09:09:20 +0800] "POST /xingrg/services/DataTransmitService HTTP/1.1" 200 501
222.69.135.98 - - [02/Feb/2021:09:09:20 +0800] "POST /xingrg/services/DataTransmitService HTTP/1.1" 200 501
222.69.135.98 - - [02/Feb/2021:09:09:22 +0800] "POST /xingrg/services/DataTransmitService HTTP/1.1" 200 501
222.69.135.98 - - [02/Feb/2021:09:09:24 +0800] "POST /xingrg/services/DataTransmitService HTTP/1.1" 200 501
222.69.135.98 - - [02/Feb/2021:09:09:24 +0800] "POST /xingrg/services/DataTransmitService HTTP/1.1" 200 501
222.69.135.98 - - [02/Feb/2021:09:09:24 +0800] "POST /xingrg/services/DataTransmitService HTTP/1.1" 200 501
180.169.147.146 - - [02/Feb/2021:09:09:24 +0800] "GET /xingrg/check_reg.html?_=1612228169158 HTTP/1.1" 200 22
58.40.7.146 - - [02/Feb/2021:09:09:25 +0800] "GET /xingrg/all/function/internal_message.html?_=1612228164464&CODE_STATE=getMsg HTTP/1.1" 302 -
222.69.135.98 - - [02/Feb/2021:09:09:26 +0800] "POST /xingrg/services/DataTransmitService HTTP/1.1" 200 501
222.69.135.98 - - [02/Feb/2021:09:09:26 +0800] "POST /xingrg/services/DataTransmitService HTTP/1.1" 200 501
222.69.135.98 - - [02/Feb/2021:09:09:26 +0800] "POST /xingrg/services/DataTransmitService HTTP/1.1" 200 501
222.69.135.98 - - [02/Feb/2021:09:09:27 +0800] "POST /xingrg/services/DataTransmitService HTTP/1.1" 200 412
114.88.166.193 - - [02/Feb/2021:09:09:28 +0800] "POST /xingrg/kc/buy/cgsh_list_operate.html HTTP/1.1" 200 5627
218.81.223.240 - - [02/Feb/2021:09:09:29 +0800] "GET /xingrg/all/function/internal_message.html?_=1612228178343&CODE_STATE=getMsg HTTP/1.1" 200 27
120.253.135.82 - - [02/Feb/2021:09:09:33 +0800] "GET /xingrg/check_reg.html?_=1612228280574 HTTP/1.1" 200 22
114.88.166.193 - - [02/Feb/2021:09:09:34 +0800] "GET /xingrg/all/function/internal_message.html?_=1612228174154&CODE_STATE=getMsg HTTP/1.1" 200 27
180.169.147.146 - - [02/Feb/2021:09:09:36 +0800] "GET /xingrg/all/function/internal_message.html?_=1612228180594&CODE_STATE=getMsg HTTP/1.1" 200 27
222.69.135.98 - - [02/Feb/2021:09:09:36 +0800] "GET /xingrg/check_reg.html?_=1612228173852 HTTP/1.1" 200 22
222.69.135.98 - - [02/Feb/2021:09:09:36 +0800] "GET /xingrg/all/function/internal_message.html?_=1612228173909&CODE_STATE=getMsg HTTP/1.1" 200 27
116.224.253.72 - - [02/Feb/2021:09:09:42 +0800] "GET /xingrg/all/function/internal_message.html?_=1612228172514&CODE_STATE=getMsg HTTP/1.1" 200 27
58.37.230.33 - - [02/Feb/2021:09:09:44 +0800] "GET /xingrg/all/function/internal_message.html?_=1612228222947&CODE_STATE=getMsg HTTP/1.1" 200 27
116.224.253.72 - - [02/Feb/2021:09:09:44 +0800] "GET /xingrg/all/function/internal_message.html?_=1612228184335&CODE_STATE=getMsg HTTP/1.1" 200 27
114.86.187.76 - - [02/Feb/2021:09:09:52 +0800] "GET /xingrg/all/function/internal_message.html?_=1612228194450&CODE_STATE=getMsg HTTP/1.1" 200 27
61.165.42.208 - - [02/Feb/2021:09:09:55 +0800] "GET /xingrg/all/function/internal_message.html?_=1612228195458&CODE_STATE=getMsg HTTP/1.1" 200 27
58.37.230.33 - - [02/Feb/2021:09:09:58 +0800] "GET /xingrg/all/function/internal_message.html?_=1612228222985&CODE_STATE=getMsg HTTP/1.1" 200 27
58.37.230.33 - - [02/Feb/2021:09:09:58 +0800] "GET /xingrg/check_reg.html?_=1612228222986 HTTP/1.1" 200 22
116.228.172.94 - - [02/Feb/2021:09:10:01 +0800] "GET /xingrg/all/function/internal_message.html?_=1612228202185&CODE_STATE=getMsg HTTP/1.1" 200 27
114.88.166.193 - - [02/Feb/2021:09:10:04 +0800] "POST /xingrg/kc/buy/cgsh_list_operate.html HTTP/1.1" 200 5628
180.169.147.146 - - [02/Feb/2021:09:10:04 +0800] "GET /xingrg/all/function/internal_message.html?_=1612228204473&CODE_STATE=getMsg HTTP/1.1" 200 27
222.69.135.98 - - [02/Feb/2021:09:10:11 +0800] "POST /xingrg/kc/buy/cgsh_order_operate.html HTTP/1.1" 200 37
222.69.135.98 - - [02/Feb/2021:09:10:14 +0800] "POST /xingrg/kc/buy/cgsh_order_operate.html HTTP/1.1" 200 12
222.69.135.98 - - [02/Feb/2021:09:10:15 +0800] "GET /xingrg/kc/buy/cgsh_order_info.html?code=212021020200502 HTTP/1.1" 200 56975
222.69.135.98 - - [02/Feb/2021:09:10:15 +0800] "GET /xingrg/javascript/easyui/themes/default/validatebox.css HTTP/1.1" 404 1104
222.69.135.98 - - [02/Feb/2021:09:10:16 +0800] "POST /xingrg/kc/buy/cgsh_order_operate.html HTTP/1.1" 200 35499
101.91.62.99 - - [02/Feb/2021:09:10:18 +0800] "GET /xingrg/all/function/internal_message.html?_=1612228103000&CODE_STATE=getMsg HTTP/1.1" 302 -
222.69.135.98 - - [02/Feb/2021:09:10:19 +0800] "GET /xingrg/kc/print/load_data.html?order_code=212021020200502&kc_code=cgsh&condition= HTTP/1.1" 200 13945
101.91.62.99 - - [02/Feb/2021:09:10:25 +0800] "GET /xingrg/login.html HTTP/1.1" 200 7641
58.40.7.146 - - [02/Feb/2021:09:10:25 +0800] "GET /xingrg/all/function/internal_message.html?_=1612228224436&CODE_STATE=getMsg HTTP/1.1" 302 -
218.81.223.240 - - [02/Feb/2021:09:10:29 +0800] "GET /xingrg/all/function/internal_message.html?_=1612228238509&CODE_STATE=getMsg HTTP/1.1" 200 27
222.69.135.98 - - [02/Feb/2021:09:10:31 +0800] "GET /xingrg/kc/buy/cgsh_order_add.html HTTP/1.1" 200 62073
222.69.135.98 - - [02/Feb/2021:09:10:31 +0800] "POST /xingrg/kc/buy/cgsh_order_operate.html HTTP/1.1" 200 8245
222.69.135.98 - - [02/Feb/2021:09:10:31 +0800] "GET /xingrg/javascript/easyui/themes/default/validatebox.css HTTP/1.1" 404 1104
114.88.166.193 - - [02/Feb/2021:09:10:34 +0800] "GET /xingrg/all/function/internal_message.html?_=1612228234154&CODE_STATE=getMsg HTTP/1.1" 200 27
180.169.147.146 - - [02/Feb/2021:09:10:36 +0800] "GET /xingrg/all/function/internal_message.html?_=1612228240608&CODE_STATE=getMsg HTTP/1.1" 200 27
222.69.135.98 - - [02/Feb/2021:09:10:36 +0800] "GET /xingrg/all/function/internal_message.html?_=1612228233883&CODE_STATE=getMsg HTTP/1.1" 200 27
114.88.166.193 - - [02/Feb/2021:09:10:40 +0800] "POST /xingrg/kc/buy/cgsh_list_operate.html HTTP/1.1" 200 5501
116.224.253.72 - - [02/Feb/2021:09:10:42 +0800] "GET /xingrg/all/function/internal_message.html?_=1612228232529&CODE_STATE=getMsg HTTP/1.1" 200 27
58.37.230.33 - - [02/Feb/2021:09:10:44 +0800] "GET /xingrg/all/function/internal_message.html?_=1612228282916&CODE_STATE=getMsg HTTP/1.1" 200 27
116.224.253.72 - - [02/Feb/2021:09:10:44 +0800] "GET /xingrg/all/function/internal_message.html?_=1612228244348&CODE_STATE=getMsg HTTP/1.1" 200 27
114.86.187.76 - - [02/Feb/2021:09:10:52 +0800] "GET /xingrg/all/function/internal_message.html?_=1612228254452&CODE_STATE=getMsg HTTP/1.1" 200 27
61.165.42.208 - - [02/Feb/2021:09:10:55 +0800] "GET /xingrg/all/function/internal_message.html?_=1612228255440&CODE_STATE=getMsg HTTP/1.1" 200 27
58.37.230.33 - - [02/Feb/2021:09:10:58 +0800] "GET /xingrg/all/function/internal_message.html?_=1612228282985&CODE_STATE=getMsg HTTP/1.1" 200 27
116.228.172.94 - - [02/Feb/2021:09:11:01 +0800] "GET /xingrg/all/function/internal_message.html?_=1612228262190&CODE_STATE=getMsg HTTP/1.1" 200 27
180.169.147.146 - - [02/Feb/2021:09:11:04 +0800] "GET /xingrg/all/function/internal_message.html?_=1612228264474&CODE_STATE=getMsg HTTP/1.1" 200 27
58.40.7.146 - - [02/Feb/2021:09:11:25 +0800] "GET /xingrg/all/function/internal_message.html?_=1612228284408&CODE_STATE=getMsg HTTP/1.1" 302 -
218.81.223.240 - - [02/Feb/2021:09:11:29 +0800] "GET /xingrg/all/function/internal_message.html?_=1612228298508&CODE_STATE=getMsg HTTP/1.1" 200 27
114.88.166.193 - - [02/Feb/2021:09:11:34 +0800] "GET /xingrg/all/function/internal_message.html?_=1612228294172&CODE_STATE=getMsg HTTP/1.1" 200 27
180.169.147.146 - - [02/Feb/2021:09:11:36 +0800] "GET /xingrg/all/function/internal_message.html?_=1612228300633&CODE_STATE=getMsg HTTP/1.1" 200 27
222.69.135.98 - - [02/Feb/2021:09:11:36 +0800] "GET /xingrg/all/function/internal_message.html?_=1612228293862&CODE_STATE=getMsg HTTP/1.1" 200 27
114.88.166.193 - - [02/Feb/2021:09:11:40 +0800] "POST /xingrg/kc/buy/cgsh_list_operate.html HTTP/1.1" 200 424
114.88.166.193 - - [02/Feb/2021:09:11:41 +0800] "GET /xingrg/kc/buy/cgsh_order_info.html?code=212021012913568 HTTP/1.1" 200 56922
114.88.166.193 - - [02/Feb/2021:09:11:41 +0800] "GET /xingrg/javascript/easyui/themes/default/validatebox.css HTTP/1.1" 404 1104
114.88.166.193 - - [02/Feb/2021:09:11:42 +0800] "POST /xingrg/kc/buy/cgsh_order_operate.html HTTP/1.1" 200 2383
116.224.253.72 - - [02/Feb/2021:09:11:42 +0800] "GET /xingrg/kc/buy/cgsh_order_operate.html?command=get_materiel&rest_code=00151&code=00101006168&supplier_code=00100096&order_time=2021-02-02 HTTP/1.1" 200 421
116.224.253.72 - - [02/Feb/2021:09:11:42 +0800] "GET /xingrg/all/function/internal_message.html?_=1612228292533&CODE_STATE=getMsg HTTP/1.1" 200 27
58.37.230.33 - - [02/Feb/2021:09:11:44 +0800] "GET /xingrg/all/function/internal_message.html?_=1612228342896&CODE_STATE=getMsg HTTP/1.1" 200 27
116.224.253.72 - - [02/Feb/2021:09:11:44 +0800] "GET /xingrg/check_reg.html?_=1612228304348 HTTP/1.1" 200 22
116.224.253.72 - - [02/Feb/2021:09:11:44 +0800] "GET /xingrg/all/function/internal_message.html?_=1612228304350&CODE_STATE=getMsg HTTP/1.1" 200 27
218.81.223.240 - - [02/Feb/2021:09:11:49 +0800] "POST /xingrg/kc/buy/cgsh_list_operate.html HTTP/1.1" 200 5504
116.224.253.72 - - [02/Feb/2021:09:11:51 +0800] "GET /xingrg/kc/buy/cgsh_order_operate.html?command=get_materiel&rest_code=00151&code=00101006111&supplier_code=00100096&order_time=2021-02-02 HTTP/1.1" 200 409
114.86.187.76 - - [02/Feb/2021:09:11:52 +0800] "GET /xingrg/all/function/internal_message.html?_=1612228314454&CODE_STATE=getMsg HTTP/1.1" 200 27
61.165.42.208 - - [02/Feb/2021:09:11:55 +0800] "GET /xingrg/all/function/internal_message.html?_=1612228315417&CODE_STATE=getMsg HTTP/1.1" 200 27
58.37.230.33 - - [02/Feb/2021:09:11:58 +0800] "GET /xingrg/all/function/internal_message.html?_=1612228342984&CODE_STATE=getMsg HTTP/1.1" 200 27
222.69.135.98 - - [02/Feb/2021:09:11:59 +0800] "GET /xingrg/kc/buy/cgsh_order_operate.html?command=get_materiel&rest_code=00149&code=00101009049&supplier_code=00100201&order_time=2021-02-02 HTTP/1.1" 200 416
116.224.253.72 - - [02/Feb/2021:09:12:00 +0800] "GET /xingrg/kc/buy/cgsh_order_operate.html?command=get_materiel&rest_code=00151&code=00101006013&supplier_code=00100096&order_time=2021-02-02 HTTP/1.1" 200 409
116.228.172.94 - - [02/Feb/2021:09:12:01 +0800] "GET /xingrg/all/function/internal_message.html?_=1612228322179&CODE_STATE=getMsg HTTP/1.1" 200 27
180.169.147.146 - - [02/Feb/2021:09:12:04 +0800] "GET /xingrg/all/function/internal_message.html?_=1612228324476&CODE_STATE=getMsg HTTP/1.1" 200 27
222.69.135.98 - - [02/Feb/2021:09:12:08 +0800] "GET /xingrg/kc/buy/cgsh_order_operate.html?command=get_materiel&rest_code=00149&code=00101009062&supplier_code=00100201&order_time=2021-02-02 HTTP/1.1" 200 412
116.224.253.72 - - [02/Feb/2021:09:12:08 +0800] "GET /xingrg/kc/buy/cgsh_order_operate.html?command=get_materiel&rest_code=00151&code=00101006084&supplier_code=00100096&order_time=2021-02-02 HTTP/1.1" 200 413
58.221.95.50 - - [02/Feb/2021:09:12:12 +0800] "GET /xingrg/check_reg.html?_=1612228334895 HTTP/1.1" 302 -
222.69.135.98 - - [02/Feb/2021:09:12:18 +0800] "GET /xingrg/kc/buy/cgsh_order_operate.html?command=get_materiel&rest_code=00149&code=00101009011&supplier_code=00100201&order_time=2021-02-02 HTTP/1.1" 200 416
58.40.7.146 - - [02/Feb/2021:09:12:25 +0800] "GET /xingrg/all/function/internal_message.html?_=1612228344396&CODE_STATE=getMsg HTTP/1.1" 302 -
222.69.135.98 - - [02/Feb/2021:09:12:25 +0800] "GET /xingrg/kc/buy/cgsh_order_operate.html?command=get_materiel&rest_code=00149&code=00101009010&supplier_code=00100201&order_time=2021-02-02 HTTP/1.1" 200 412
218.81.223.240 - - [02/Feb/2021:09:12:29 +0800] "GET /xingrg/all/function/internal_message.html?_=1612228358530&CODE_STATE=getMsg HTTP/1.1" 200 27
114.88.166.193 - - [02/Feb/2021:09:12:34 +0800] "GET /xingrg/all/function/internal_message.html?_=1612228354194&CODE_STATE=getMsg HTTP/1.1" 200 27
218.81.223.240 - - [02/Feb/2021:09:12:36 +0800] "GET /xingrg/check_reg.html?_=1612228365183 HTTP/1.1" 200 22
180.169.147.146 - - [02/Feb/2021:09:12:36 +0800] "GET /xingrg/all/function/internal_message.html?_=1612228360649&CODE_STATE=getMsg HTTP/1.1" 200 27
116.224.253.72 - - [02/Feb/2021:09:12:36 +0800] "GET /xingrg/kc/buy/cgsh_order_operate.html?command=get_materiel&rest_code=00151&code=00101006184&supplier_code=00100096&order_time=2021-02-02 HTTP/1.1" 200 408
222.69.135.98 - - [02/Feb/2021:09:12:36 +0800] "GET /xingrg/all/function/internal_message.html?_=1612228353871&CODE_STATE=getMsg HTTP/1.1" 200 27
114.88.166.193 - - [02/Feb/2021:09:12:36 +0800] "POST /xingrg/kc/buy/cgsh_list_operate.html HTTP/1.1" 200 5501
114.88.166.193 - - [02/Feb/2021:09:12:38 +0800] "POST /xingrg/kc/buy/cgsh_list_operate.html HTTP/1.1" 200 348
116.224.253.72 - - [02/Feb/2021:09:12:42 +0800] "GET /xingrg/all/function/internal_message.html?_=1612228352546&CODE_STATE=getMsg HTTP/1.1" 200 27
120.253.135.82 - - [02/Feb/2021:09:12:43 +0800] "GET /xingrg/check_reg.html?_=1612228470219 HTTP/1.1" 200 22
114.88.166.193 - - [02/Feb/2021:09:12:44 +0800] "GET /xingrg/kc/buy/cgsh_order_info.html?code=212021013013930 HTTP/1.1" 200 56922
58.37.230.33 - - [02/Feb/2021:09:12:44 +0800] "GET /xingrg/all/function/internal_message.html?_=1612228402873&CODE_STATE=getMsg HTTP/1.1" 200 27
114.88.166.193 - - [02/Feb/2021:09:12:44 +0800] "GET /xingrg/javascript/easyui/themes/default/validatebox.css HTTP/1.1" 404 1104
116.224.253.72 - - [02/Feb/2021:09:12:44 +0800] "GET /xingrg/all/function/internal_message.html?_=1612228364343&CODE_STATE=getMsg HTTP/1.1" 200 27
114.88.166.193 - - [02/Feb/2021:09:12:44 +0800] "POST /xingrg/kc/buy/cgsh_order_operate.html HTTP/1.1" 200 1792
116.228.172.94 - - [02/Feb/2021:09:12:49 +0800] "POST /xingrg/kc/buy/cgsh_list_operate.html HTTP/1.1" 200 5384
116.224.253.72 - - [02/Feb/2021:09:12:50 +0800] "GET /xingrg/kc/buy/cgsh_order_operate.html?command=get_materiel&rest_code=00151&code=00101006131&supplier_code=00100096&order_time=2021-02-02 HTTP/1.1" 200 417
114.86.227.212 - - [02/Feb/2021:09:12:51 +0800] "GET /favicon.ico HTTP/1.1" 404 -
114.86.187.76 - - [02/Feb/2021:09:12:52 +0800] "GET /xingrg/all/function/internal_message.html?_=1612228374456&CODE_STATE=getMsg HTTP/1.1" 200 27
114.86.187.76 - - [02/Feb/2021:09:12:52 +0800] "GET /xingrg/check_reg.html?_=1612228374460 HTTP/1.1" 200 22
61.165.42.208 - - [02/Feb/2021:09:12:54 +0800] "GET /xingrg/all/function/internal_message.html?_=1612228375385&CODE_STATE=getMsg HTTP/1.1" 200 27
61.165.42.208 - - [02/Feb/2021:09:12:55 +0800] "GET /xingrg/check_reg.html?_=1612228375796 HTTP/1.1" 200 22
58.37.230.33 - - [02/Feb/2021:09:12:58 +0800] "GET /xingrg/all/function/internal_message.html?_=1612228402982&CODE_STATE=getMsg HTTP/1.1" 200 27
116.224.253.72 - - [02/Feb/2021:09:12:58 +0800] "GET /xingrg/kc/buy/cgsh_order_operate.html?command=get_materiel&rest_code=00151&code=00101006056&supplier_code=00100096&order_time=2021-02-02 HTTP/1.1" 200 413
116.228.172.94 - - [02/Feb/2021:09:13:01 +0800] "GET /xingrg/all/function/internal_message.html?_=1612228382185&CODE_STATE=getMsg HTTP/1.1" 200 27
120.253.135.82 - - [02/Feb/2021:09:13:02 +0800] "GET /xingrg/check_reg.html?_=1612228489326 HTTP/1.1" 200 22
116.228.172.94 - - [02/Feb/2021:09:13:04 +0800] "POST /xingrg/kc/buy/cgsh_list_operate.html HTTP/1.1" 200 5287
180.169.147.146 - - [02/Feb/2021:09:13:04 +0800] "GET /xingrg/all/function/internal_message.html?_=1612228384480&CODE_STATE=getMsg HTTP/1.1" 200 27
58.37.230.33 - - [02/Feb/2021:09:13:06 +0800] "GET /xingrg/check_reg.html?_=1612228425294 HTTP/1.1" 200 22
114.86.187.76 - - [02/Feb/2021:09:13:08 +0800] "POST /xingrg/kc/base/stock_operate.html HTTP/1.1" 200 1667
116.224.253.72 - - [02/Feb/2021:09:13:13 +0800] "GET /xingrg/kc/buy/cgsh_order_operate.html?command=get_materiel&rest_code=00151&code=00101016105&supplier_code=00100096&order_time=2021-02-02 HTTP/1.1" 200 409
114.86.227.212 - - [02/Feb/2021:09:13:14 +0800] "GET /xingrg/login.html HTTP/1.1" 200 7641
114.86.227.212 - - [02/Feb/2021:09:13:14 +0800] "GET /xingrg/images/blue/login_bg.png HTTP/1.1" 304 -
114.86.227.212 - - [02/Feb/2021:09:13:14 +0800] "GET /xingrg/images/blue/jxLogo.png HTTP/1.1" 304 -
114.86.227.212 - - [02/Feb/2021:09:13:14 +0800] "GET /favicon.ico HTTP/1.1" 404 -
114.86.227.212 - - [02/Feb/2021:09:13:14 +0800] "GET /xingrg/images/blue/hj.png HTTP/1.1" 304 -
114.86.227.212 - - [02/Feb/2021:09:13:15 +0800] "GET /xingrg/images/blue/srbg.png HTTP/1.1" 304 -
114.86.227.212 - - [02/Feb/2021:09:13:17 +0800] "POST /xingrg/login.do HTTP/1.1" 302 -
114.86.227.212 - - [02/Feb/2021:09:13:18 +0800] "GET /xingrg/index.html?sysBaseUrl=http%3A%2F%2F180.169.147.146%3A18081%2Fxingrg%2F&costTime=50×tamp=1612228397895 HTTP/1.1" 200 17173
114.88.166.193 - - [02/Feb/2021:09:13:18 +0800] "POST /xingrg/kc/buy/cgsh_list_operate.html HTTP/1.1" 200 5501
114.86.227.212 - - [02/Feb/2021:09:13:18 +0800] "GET /xingrg/javascript/jquery_easy_ui/themes/default/easyui.css HTTP/1.1" 304 -
114.86.227.212 - - [02/Feb/2021:09:13:18 +0800] "GET /xingrg/javascript/jquery_easy_ui/themes/icon.css HTTP/1.1" 304 -
114.86.227.212 - - [02/Feb/2021:09:13:18 +0800] "GET /xingrg/css/form.css HTTP/1.1" 304 -
114.86.227.212 - - [02/Feb/2021:09:13:18 +0800] "GET /xingrg/javascript/jquery-1.4.2.min.js HTTP/1.1" 304 -
114.86.227.212 - - [02/Feb/2021:09:13:18 +0800] "GET /xingrg/javascript/jquery_easy_ui/jquery.easyui.min.js HTTP/1.1" 304 -
114.86.227.212 - - [02/Feb/2021:09:13:18 +0800] "GET /xingrg/javascript/jquery_easy_ui/easyui-lang-zh_CN.js HTTP/1.1" 304 -
114.86.227.212 - - [02/Feb/2021:09:13:18 +0800] "GET /xingrg/javascript/jquery.form.js HTTP/1.1" 304 -
114.86.227.212 - - [02/Feb/2021:09:13:18 +0800] "GET /favicon.ico HTTP/1.1" 404 -
114.86.227.212 - - [02/Feb/2021:09:13:18 +0800] "GET /xingrg/javascript/jquery.utils.js HTTP/1.1" 304 -
114.86.227.212 - - [02/Feb/2021:09:13:18 +0800] "GET /xingrg/javascript/jquery.timers.js HTTP/1.1" 304 -
114.86.227.212 - - [02/Feb/2021:09:13:19 +0800] "GET /xingrg/images/blue/navBackgound.jpg HTTP/1.1" 304 -
114.86.187.76 - - [02/Feb/2021:09:13:19 +0800] "POST /xingrg/kc/base/stock_operate.html HTTP/1.1" 200 765
114.86.227.212 - - [02/Feb/2021:09:13:19 +0800] "GET /xingrg/javascript/jquery_easy_ui/themes/icons/settle_new.png HTTP/1.1" 304 -
114.86.227.212 - - [02/Feb/2021:09:13:20 +0800] "POST /xingrg/all/common/load_tree.html?tree=area_rest_tree_json&manage=1 HTTP/1.1" 200 342
114.86.227.212 - - [02/Feb/2021:09:13:20 +0800] "GET /xingrg/images/blue/pingpu.png HTTP/1.1" 304 -
114.86.227.212 - - [02/Feb/2021:09:13:20 +0800] "GET /xingrg/javascript/jquery_easy_ui/themes/default/images/tabs_leftarrow.png HTTP/1.1" 304 -
114.86.227.212 - - [02/Feb/2021:09:13:20 +0800] "GET /xingrg/javascript/jquery_easy_ui/themes/default/images/tabs_rightarrow.png HTTP/1.1" 304 -
114.86.227.212 - - [02/Feb/2021:09:13:20 +0800] "GET /xingrg/javascript/jquery_easy_ui/themes/default/images/panel_tool_collapse.gif HTTP/1.1" 304 -
116.224.253.72 - - [02/Feb/2021:09:13:20 +0800] "GET /xingrg/kc/buy/cgsh_order_operate.html?command=get_materiel&rest_code=00151&code=00101012039&supplier_code=00100096&order_time=2021-02-02 HTTP/1.1" 200 408
114.86.227.212 - - [02/Feb/2021:09:13:20 +0800] "GET /xingrg/all/function/internal_message.html?_=1612228426875&CODE_STATE=count HTTP/1.1" 200 11
114.86.227.212 - - [02/Feb/2021:09:13:20 +0800] "GET /xingrg/check_reg.html?_=1612228426875 HTTP/1.1" 200 22
114.86.227.212 - - [02/Feb/2021:09:13:20 +0800] "POST /xingrg/load_menu.html HTTP/1.1" 200 5138
114.86.227.212 - - [02/Feb/2021:09:13:22 +0800] "GET /xingrg/javascript/jquery_easy_ui/themes/default/images/tree_arrows.gif HTTP/1.1" 304 -
114.86.187.76 - - [02/Feb/2021:09:13:22 +0800] "POST /xingrg/kc/base/stock_operate.html HTTP/1.1" 200 3904
114.86.227.212 - - [02/Feb/2021:09:13:22 +0800] "GET /xingrg/javascript/jquery_easy_ui/themes/default/images/tree_folder_open.gif HTTP/1.1" 304 -
114.86.227.212 - - [02/Feb/2021:09:13:22 +0800] "GET /xingrg/javascript/jquery_easy_ui/themes/icons/search_new.png HTTP/1.1" 304 -
114.86.227.212 - - [02/Feb/2021:09:13:22 +0800] "GET /xingrg/javascript/jquery_easy_ui/themes/default/images/tree_folder.gif HTTP/1.1" 304 -
114.86.227.212 - - [02/Feb/2021:09:13:22 +0800] "GET /xingrg/javascript/jquery_easy_ui/themes/icons/storage_new.png HTTP/1.1" 304 -
114.86.227.212 - - [02/Feb/2021:09:13:22 +0800] "GET /xingrg/javascript/jquery_easy_ui/themes/icons/forms_new.png HTTP/1.1" 304 -
114.86.227.212 - - [02/Feb/2021:09:13:22 +0800] "GET /xingrg/javascript/jquery_easy_ui/themes/default/images/tree_file.gif HTTP/1.1" 304 -
116.228.172.94 - - [02/Feb/2021:09:13:22 +0800] "POST /xingrg/kc/buy/cgsh_list_operate.html HTTP/1.1" 200 419
58.40.7.146 - - [02/Feb/2021:09:13:25 +0800] "GET /xingrg/all/function/internal_message.html?_=1612228404381&CODE_STATE=getMsg HTTP/1.1" 302 -
222.69.135.98 - - [02/Feb/2021:09:13:26 +0800] "GET /xingrg/kc/buy/cgsh_order_operate.html?command=get_materiel&rest_code=00149&code=00101009016&supplier_code=00100201&order_time=2021-02-02 HTTP/1.1" 200 412
218.81.223.240 - - [02/Feb/2021:09:13:29 +0800] "GET /xingrg/all/function/internal_message.html?_=1612228418543&CODE_STATE=getMsg HTTP/1.1" 200 27
