116.224.253.72 - - [02/Feb/2021:06:34:09 +0800] "GET /xingrg/all/function/internal_message.html?_=1612218821020&CODE_STATE=getMsg HTTP/1.1" 200 27
218.81.223.240 - - [02/Feb/2021:06:34:13 +0800] "GET /xingrg/all/function/internal_message.html?_=1612218862289&CODE_STATE=getMsg HTTP/1.1" 200 27
180.169.147.146 - - [02/Feb/2021:06:34:25 +0800] "GET /xingrg/check_reg.html?_=1612218868987 HTTP/1.1" 200 22
120.253.135.82 - - [02/Feb/2021:06:34:27 +0800] "GET /xingrg/kc/pszx/mdps_order_list.html HTTP/1.1" 200 21153
120.253.135.82 - - [02/Feb/2021:06:34:28 +0800] "POST /xingrg/kc/pszx/mdps_list_operate.html HTTP/1.1" 200 5577
120.253.135.82 - - [02/Feb/2021:06:34:28 +0800] "GET /xingrg/all/function/internal_message.html?_=1612218631696&CODE_STATE=getMsg HTTP/1.1" 200 27
58.40.7.146 - - [02/Feb/2021:06:34:28 +0800] "GET /xingrg/all/function/internal_message.html?_=1612218868216&CODE_STATE=getMsg HTTP/1.1" 302 -
180.169.147.146 - - [02/Feb/2021:06:34:34 +0800] "GET /xingrg/all/function/internal_message.html?_=1612218878472&CODE_STATE=getMsg HTTP/1.1" 200 27
120.253.135.82 - - [02/Feb/2021:06:34:40 +0800] "POST /xingrg/kc/pszx/mdps_list_operate.html HTTP/1.1" 200 5224
120.253.135.82 - - [02/Feb/2021:06:34:45 +0800] "POST /xingrg/kc/pszx/mdps_list_operate.html HTTP/1.1" 200 202
180.97.118.219 - - [02/Feb/2021:06:34:47 +0800] "GET /xingrg/all/function/internal_message.html?_=1612218866585&CODE_STATE=getMsg HTTP/1.1" 302 -
180.97.118.219 - - [02/Feb/2021:06:34:47 +0800] "GET /xingrg/login.html HTTP/1.1" 200 7641
58.37.230.33 - - [02/Feb/2021:06:34:48 +0800] "GET /xingrg/all/function/internal_message.html?_=1612218926553&CODE_STATE=getMsg HTTP/1.1" 200 27
120.253.135.82 - - [02/Feb/2021:06:34:50 +0800] "POST /xingrg/kc/pszx/mdps_list_operate.html HTTP/1.1" 200 1881
120.253.135.82 - - [02/Feb/2021:06:34:52 +0800] "POST /xingrg/kc/pszx/mdps_list_operate.html HTTP/1.1" 200 204
120.253.135.82 - - [02/Feb/2021:06:34:56 +0800] "POST /xingrg/kc/pszx/mdps_list_operate.html HTTP/1.1" 200 5224
120.253.135.82 - - [02/Feb/2021:06:34:58 +0800] "POST /xingrg/kc/pszx/mdps_list_operate.html HTTP/1.1" 200 451
58.37.230.33 - - [02/Feb/2021:06:34:58 +0800] "GET /xingrg/all/function/internal_message.html?_=1612218922433&CODE_STATE=getMsg HTTP/1.1" 200 27
58.37.230.33 - - [02/Feb/2021:06:34:58 +0800] "GET /xingrg/check_reg.html?_=1612218922435 HTTP/1.1" 200 22
120.253.135.82 - - [02/Feb/2021:06:34:59 +0800] "GET /xingrg/kc/pszx/mdps_order_info.html?code=312021020200068 HTTP/1.1" 200 23887
120.253.135.82 - - [02/Feb/2021:06:34:59 +0800] "GET /xingrg/javascript/easyui/themes/default/validatebox.css HTTP/1.1" 404 1104
120.253.135.82 - - [02/Feb/2021:06:34:59 +0800] "POST /xingrg/kc/pszx/mdps_order_operate.html HTTP/1.1" 200 3784
116.224.253.72 - - [02/Feb/2021:06:35:00 +0800] "GET /xingrg/check_reg.html?_=1612218872431 HTTP/1.1" 200 22
120.253.135.82 - - [02/Feb/2021:06:35:03 +0800] "POST /xingrg/kc/pszx/mdps_order_operate.html HTTP/1.1" 200 37
120.253.135.82 - - [02/Feb/2021:06:35:05 +0800] "GET /xingrg/kc/pszx/mdps_order_info.html?code=312021020200068 HTTP/1.1" 200 23887
120.253.135.82 - - [02/Feb/2021:06:35:06 +0800] "GET /xingrg/javascript/easyui/themes/default/validatebox.css HTTP/1.1" 404 1104
120.253.135.82 - - [02/Feb/2021:06:35:06 +0800] "POST /xingrg/kc/pszx/mdps_order_operate.html HTTP/1.1" 200 3820
116.224.253.72 - - [02/Feb/2021:06:35:09 +0800] "GET /xingrg/all/function/internal_message.html?_=1612218881028&CODE_STATE=getMsg HTTP/1.1" 200 27
218.81.223.240 - - [02/Feb/2021:06:35:13 +0800] "GET /xingrg/all/function/internal_message.html?_=1612218922425&CODE_STATE=getMsg HTTP/1.1" 200 27
120.253.135.82 - - [02/Feb/2021:06:35:14 +0800] "POST /xingrg/all/common/load_select.html HTTP/1.1" 200 25
120.253.135.82 - - [02/Feb/2021:06:35:17 +0800] "GET /xingrg/kc/pszx/mdps_order_operate.html?command=get_materiel_price&pszx_code=00101&rest_code=00141&base_code=0010246&code=00101020267&unit_code=00100562&order_time=2021-02-03 HTTP/1.1" 200 47
120.253.135.82 - - [02/Feb/2021:06:35:24 +0800] "POST /xingrg/all/common/load_select.html HTTP/1.1" 200 25
120.253.135.82 - - [02/Feb/2021:06:35:27 +0800] "GET /xingrg/kc/pszx/mdps_order_operate.html?command=get_materiel_price&pszx_code=00101&rest_code=00141&base_code=0010246&code=00101020268&unit_code=00100444&order_time=2021-02-03 HTTP/1.1" 200 35
120.253.135.82 - - [02/Feb/2021:06:35:28 +0800] "GET /xingrg/all/function/internal_message.html?_=1612218691710&CODE_STATE=getMsg HTTP/1.1" 200 27
58.40.7.146 - - [02/Feb/2021:06:35:28 +0800] "GET /xingrg/all/function/internal_message.html?_=1612218928203&CODE_STATE=getMsg HTTP/1.1" 302 -
180.169.147.146 - - [02/Feb/2021:06:35:34 +0800] "GET /xingrg/all/function/internal_message.html?_=1612218938486&CODE_STATE=getMsg HTTP/1.1" 200 27
61.129.6.225 - - [02/Feb/2021:06:35:47 +0800] "GET /xingrg/all/function/internal_message.html?_=1612218926553&CODE_STATE=getMsg HTTP/1.1" 302 -
61.129.6.225 - - [02/Feb/2021:06:35:47 +0800] "GET /xingrg/login.html HTTP/1.1" 200 7641
58.37.230.33 - - [02/Feb/2021:06:35:48 +0800] "GET /xingrg/all/function/internal_message.html?_=1612218986532&CODE_STATE=getMsg HTTP/1.1" 200 27
58.37.230.33 - - [02/Feb/2021:06:35:58 +0800] "GET /xingrg/all/function/internal_message.html?_=1612218982435&CODE_STATE=getMsg HTTP/1.1" 200 27
116.224.253.72 - - [02/Feb/2021:06:36:09 +0800] "GET /xingrg/all/function/internal_message.html?_=1612218941041&CODE_STATE=getMsg HTTP/1.1" 200 27
218.81.223.240 - - [02/Feb/2021:06:36:13 +0800] "GET /xingrg/all/function/internal_message.html?_=1612218982426&CODE_STATE=getMsg HTTP/1.1" 200 27
120.253.135.82 - - [02/Feb/2021:06:36:20 +0800] "POST /xingrg/kc/pszx/mdps_order_operate.html HTTP/1.1" 200 37
120.253.135.82 - - [02/Feb/2021:06:36:21 +0800] "GET /xingrg/kc/pszx/mdps_order_info.html?code=312021020200068 HTTP/1.1" 200 23887
120.253.135.82 - - [02/Feb/2021:06:36:21 +0800] "POST /xingrg/kc/pszx/mdps_order_operate.html HTTP/1.1" 200 3814
120.253.135.82 - - [02/Feb/2021:06:36:21 +0800] "GET /xingrg/javascript/easyui/themes/default/validatebox.css HTTP/1.1" 404 1104
120.253.135.82 - - [02/Feb/2021:06:36:26 +0800] "GET /xingrg/kc/pszx/mdps_order_info.html?code=312021020200068 HTTP/1.1" 200 23887
120.253.135.82 - - [02/Feb/2021:06:36:26 +0800] "POST /xingrg/kc/pszx/mdps_order_operate.html HTTP/1.1" 200 3814
120.253.135.82 - - [02/Feb/2021:06:36:26 +0800] "GET /xingrg/javascript/easyui/themes/default/validatebox.css HTTP/1.1" 404 1104
120.253.135.82 - - [02/Feb/2021:06:36:28 +0800] "GET /xingrg/all/function/internal_message.html?_=1612218751724&CODE_STATE=getMsg HTTP/1.1" 200 27
58.40.7.146 - - [02/Feb/2021:06:36:28 +0800] "GET /xingrg/all/function/internal_message.html?_=1612218988174&CODE_STATE=getMsg HTTP/1.1" 302 -
120.253.135.82 - - [02/Feb/2021:06:36:28 +0800] "POST /xingrg/kc/pszx/mdps_list_operate.html HTTP/1.1" 200 5224
120.253.135.82 - - [02/Feb/2021:06:36:31 +0800] "POST /xingrg/kc/pszx/mdps_list_operate.html HTTP/1.1" 200 593
120.253.135.82 - - [02/Feb/2021:06:36:32 +0800] "GET /xingrg/kc/pszx/mdps_order_info.html?code=312021020200069 HTTP/1.1" 200 23887
120.253.135.82 - - [02/Feb/2021:06:36:32 +0800] "GET /xingrg/javascript/easyui/themes/default/validatebox.css HTTP/1.1" 404 1104
120.253.135.82 - - [02/Feb/2021:06:36:32 +0800] "POST /xingrg/kc/pszx/mdps_order_operate.html HTTP/1.1" 200 4678
180.169.147.146 - - [02/Feb/2021:06:36:34 +0800] "GET /xingrg/all/function/internal_message.html?_=1612218998508&CODE_STATE=getMsg HTTP/1.1" 200 27
120.253.135.82 - - [02/Feb/2021:06:36:35 +0800] "POST /xingrg/kc/pszx/mdps_order_operate.html HTTP/1.1" 200 37
120.253.135.82 - - [02/Feb/2021:06:36:36 +0800] "GET /xingrg/kc/pszx/mdps_order_info.html?code=312021020200069 HTTP/1.1" 200 23887
120.253.135.82 - - [02/Feb/2021:06:36:36 +0800] "GET /xingrg/javascript/easyui/themes/default/validatebox.css HTTP/1.1" 404 1104
120.253.135.82 - - [02/Feb/2021:06:36:36 +0800] "POST /xingrg/kc/pszx/mdps_order_operate.html HTTP/1.1" 200 4726
120.253.135.82 - - [02/Feb/2021:06:36:46 +0800] "POST /xingrg/kc/pszx/mdps_list_operate.html HTTP/1.1" 200 5224
58.37.230.33 - - [02/Feb/2021:06:36:48 +0800] "GET /xingrg/all/function/internal_message.html?_=1612219046504&CODE_STATE=getMsg HTTP/1.1" 200 27
120.253.135.82 - - [02/Feb/2021:06:36:48 +0800] "POST /xingrg/kc/pszx/mdps_list_operate.html HTTP/1.1" 200 217
120.253.135.82 - - [02/Feb/2021:06:36:49 +0800] "GET /xingrg/kc/pszx/mdps_order_info.html?code=312021020200070 HTTP/1.1" 200 23887
120.253.135.82 - - [02/Feb/2021:06:36:50 +0800] "POST /xingrg/kc/pszx/mdps_order_operate.html HTTP/1.1" 200 2309
120.253.135.82 - - [02/Feb/2021:06:36:50 +0800] "GET /xingrg/javascript/easyui/themes/default/validatebox.css HTTP/1.1" 404 1104
120.253.135.82 - - [02/Feb/2021:06:36:54 +0800] "POST /xingrg/kc/pszx/mdps_order_operate.html HTTP/1.1" 200 37
120.253.135.82 - - [02/Feb/2021:06:36:54 +0800] "GET /xingrg/kc/pszx/mdps_order_info.html?code=312021020200070 HTTP/1.1" 200 23887
120.253.135.82 - - [02/Feb/2021:06:36:55 +0800] "POST /xingrg/kc/pszx/mdps_order_operate.html HTTP/1.1" 200 2316
120.253.135.82 - - [02/Feb/2021:06:36:55 +0800] "GET /xingrg/javascript/easyui/themes/default/validatebox.css HTTP/1.1" 404 1104
58.37.230.33 - - [02/Feb/2021:06:36:58 +0800] "GET /xingrg/all/function/internal_message.html?_=1612219042433&CODE_STATE=getMsg HTTP/1.1" 200 27
116.224.253.72 - - [02/Feb/2021:06:37:09 +0800] "GET /xingrg/all/function/internal_message.html?_=1612219001059&CODE_STATE=getMsg HTTP/1.1" 200 27
218.81.223.240 - - [02/Feb/2021:06:37:14 +0800] "GET /xingrg/all/function/internal_message.html?_=1612219042551&CODE_STATE=getMsg HTTP/1.1" 200 27
120.253.135.82 - - [02/Feb/2021:06:37:16 +0800] "GET /xingrg/check_reg.html?_=1612218799446 HTTP/1.1" 200 22
120.253.135.82 - - [02/Feb/2021:06:37:28 +0800] "GET /xingrg/all/function/internal_message.html?_=1612218811737&CODE_STATE=getMsg HTTP/1.1" 200 27
58.40.7.146 - - [02/Feb/2021:06:37:28 +0800] "GET /xingrg/all/function/internal_message.html?_=1612219048144&CODE_STATE=getMsg HTTP/1.1" 302 -
218.81.223.240 - - [02/Feb/2021:06:37:30 +0800] "GET /xingrg/check_reg.html?_=1612219058808 HTTP/1.1" 200 22
180.169.147.146 - - [02/Feb/2021:06:37:34 +0800] "GET /xingrg/all/function/internal_message.html?_=1612219058512&CODE_STATE=getMsg HTTP/1.1" 200 27
120.253.135.82 - - [02/Feb/2021:06:37:43 +0800] "GET /xingrg/check_reg.html?_=1612219169944 HTTP/1.1" 200 22
58.37.230.33 - - [02/Feb/2021:06:37:48 +0800] "GET /xingrg/all/function/internal_message.html?_=1612219106477&CODE_STATE=getMsg HTTP/1.1" 200 27
58.37.230.33 - - [02/Feb/2021:06:37:58 +0800] "GET /xingrg/all/function/internal_message.html?_=1612219102460&CODE_STATE=getMsg HTTP/1.1" 200 27
120.253.135.82 - - [02/Feb/2021:06:38:02 +0800] "GET /xingrg/check_reg.html?_=1612219188992 HTTP/1.1" 200 22
58.37.230.33 - - [02/Feb/2021:06:38:07 +0800] "GET /xingrg/check_reg.html?_=1612219125715 HTTP/1.1" 200 22
116.224.253.72 - - [02/Feb/2021:06:38:09 +0800] "GET /xingrg/all/function/internal_message.html?_=1612219061068&CODE_STATE=getMsg HTTP/1.1" 200 27
218.81.223.240 - - [02/Feb/2021:06:38:14 +0800] "GET /xingrg/all/function/internal_message.html?_=1612219102561&CODE_STATE=getMsg HTTP/1.1" 200 27
58.40.7.146 - - [02/Feb/2021:06:38:28 +0800] "GET /xingrg/all/function/internal_message.html?_=1612219108116&CODE_STATE=getMsg HTTP/1.1" 302 -
120.253.135.82 - - [02/Feb/2021:06:38:28 +0800] "GET /xingrg/all/function/internal_message.html?_=1612218871751&CODE_STATE=getMsg HTTP/1.1" 200 27
180.169.147.146 - - [02/Feb/2021:06:38:34 +0800] "GET /xingrg/all/function/internal_message.html?_=1612219118533&CODE_STATE=getMsg HTTP/1.1" 200 27
120.253.135.82 - - [02/Feb/2021:06:38:36 +0800] "POST /xingrg/kc/pszx/mdps_order_operate.html HTTP/1.1" 200 37
58.40.7.146 - - [02/Feb/2021:06:38:36 +0800] "GET /xingrg/check_reg.html?_=1612219116118 HTTP/1.1" 302 -
120.253.135.82 - - [02/Feb/2021:06:38:37 +0800] "GET /xingrg/kc/pszx/mdps_order_info.html?code=312021020200070 HTTP/1.1" 200 23887
120.253.135.82 - - [02/Feb/2021:06:38:37 +0800] "POST /xingrg/kc/pszx/mdps_order_operate.html HTTP/1.1" 200 2316
120.253.135.82 - - [02/Feb/2021:06:38:37 +0800] "GET /xingrg/javascript/easyui/themes/default/validatebox.css HTTP/1.1" 404 1104
120.253.135.82 - - [02/Feb/2021:06:38:41 +0800] "POST /xingrg/kc/pszx/mdps_list_operate.html HTTP/1.1" 200 5224
120.253.135.82 - - [02/Feb/2021:06:38:43 +0800] "POST /xingrg/kc/pszx/mdps_list_operate.html HTTP/1.1" 200 211
120.253.135.82 - - [02/Feb/2021:06:38:45 +0800] "GET /xingrg/kc/pszx/mdps_order_info.html?code=312021020200071 HTTP/1.1" 200 23887
120.253.135.82 - - [02/Feb/2021:06:38:46 +0800] "POST /xingrg/kc/pszx/mdps_order_operate.html HTTP/1.1" 200 2296
120.253.135.82 - - [02/Feb/2021:06:38:46 +0800] "GET /xingrg/javascript/easyui/themes/default/validatebox.css HTTP/1.1" 404 1104
58.37.230.33 - - [02/Feb/2021:06:38:48 +0800] "GET /xingrg/all/function/internal_message.html?_=1612219166457&CODE_STATE=getMsg HTTP/1.1" 200 27
120.253.135.82 - - [02/Feb/2021:06:38:49 +0800] "POST /xingrg/kc/pszx/mdps_order_operate.html HTTP/1.1" 200 37
120.253.135.82 - - [02/Feb/2021:06:38:49 +0800] "GET /xingrg/kc/pszx/mdps_order_info.html?code=312021020200071 HTTP/1.1" 200 23887
120.253.135.82 - - [02/Feb/2021:06:38:50 +0800] "POST /xingrg/kc/pszx/mdps_order_operate.html HTTP/1.1" 200 2303
120.253.135.82 - - [02/Feb/2021:06:38:50 +0800] "GET /xingrg/javascript/easyui/themes/default/validatebox.css HTTP/1.1" 404 1104
120.253.135.82 - - [02/Feb/2021:06:38:53 +0800] "POST /xingrg/kc/pszx/mdps_list_operate.html HTTP/1.1" 200 5224
120.253.135.82 - - [02/Feb/2021:06:38:55 +0800] "POST /xingrg/kc/pszx/mdps_list_operate.html HTTP/1.1" 200 563
120.253.135.82 - - [02/Feb/2021:06:38:56 +0800] "GET /xingrg/kc/pszx/mdps_order_info.html?code=312021020200072 HTTP/1.1" 200 23887
120.253.135.82 - - [02/Feb/2021:06:38:56 +0800] "POST /xingrg/kc/pszx/mdps_order_operate.html HTTP/1.1" 200 9513
120.253.135.82 - - [02/Feb/2021:06:38:56 +0800] "GET /xingrg/javascript/easyui/themes/default/validatebox.css HTTP/1.1" 404 1104
58.37.230.33 - - [02/Feb/2021:06:38:58 +0800] "GET /xingrg/all/function/internal_message.html?_=1612219162459&CODE_STATE=getMsg HTTP/1.1" 200 27
120.253.135.82 - - [02/Feb/2021:06:38:59 +0800] "POST /xingrg/kc/pszx/mdps_order_operate.html HTTP/1.1" 200 37
120.253.135.82 - - [02/Feb/2021:06:39:00 +0800] "GET /xingrg/kc/pszx/mdps_order_info.html?code=312021020200072 HTTP/1.1" 200 23887
120.253.135.82 - - [02/Feb/2021:06:39:01 +0800] "POST /xingrg/kc/pszx/mdps_order_operate.html HTTP/1.1" 200 9629
120.253.135.82 - - [02/Feb/2021:06:39:01 +0800] "GET /xingrg/javascript/easyui/themes/default/validatebox.css HTTP/1.1" 404 1104
116.224.253.72 - - [02/Feb/2021:06:39:09 +0800] "GET /xingrg/all/function/internal_message.html?_=1612219121086&CODE_STATE=getMsg HTTP/1.1" 200 27
218.81.223.240 - - [02/Feb/2021:06:39:14 +0800] "GET /xingrg/all/function/internal_message.html?_=1612219162575&CODE_STATE=getMsg HTTP/1.1" 200 27
120.253.135.82 - - [02/Feb/2021:06:39:20 +0800] "POST /xingrg/kc/pszx/mdps_list_operate.html HTTP/1.1" 200 5224
120.253.135.82 - - [02/Feb/2021:06:39:23 +0800] "GET /xingrg/kc/pszx/ps_main.html HTTP/1.1" 200 13401
120.253.135.82 - - [02/Feb/2021:06:39:23 +0800] "GET /xingrg/images/blue/button/fdqpd.gif HTTP/1.1" 200 2116
120.253.135.82 - - [02/Feb/2021:06:39:23 +0800] "GET /xingrg/images/blue/button/pszx.gif HTTP/1.1" 200 2648
120.253.135.82 - - [02/Feb/2021:06:39:23 +0800] "GET /xingrg/images/blue/button/yddb.gif HTTP/1.1" 200 2040
120.253.135.82 - - [02/Feb/2021:06:39:23 +0800] "GET /xingrg/images/blue/button/ckpd.gif HTTP/1.1" 200 2051
120.253.135.82 - - [02/Feb/2021:06:39:23 +0800] "GET /xingrg/images/blue/button/left_down_ah.jpg HTTP/1.1" 200 1848
120.253.135.82 - - [02/Feb/2021:06:39:23 +0800] "GET /xingrg/images/blue/button/jzcgd.gif HTTP/1.1" 200 1976
120.253.135.82 - - [02/Feb/2021:06:39:23 +0800] "GET /xingrg/images/blue/button/fdps2.gif HTTP/1.1" 200 2548
120.253.135.82 - - [02/Feb/2021:06:39:23 +0800] "GET /xingrg/images/blue/button/line.jpg HTTP/1.1" 200 1397
120.253.135.82 - - [02/Feb/2021:06:39:23 +0800] "GET /xingrg/images/blue/button/right_down_ah.jpg HTTP/1.1" 200 1842
120.253.135.82 - - [02/Feb/2021:06:39:24 +0800] "GET /xingrg/images/yd/bt.gif HTTP/1.1" 404 1040
180.169.147.146 - - [02/Feb/2021:06:39:25 +0800] "GET /xingrg/check_reg.html?_=1612219168992 HTTP/1.1" 200 22
120.253.135.82 - - [02/Feb/2021:06:39:27 +0800] "GET /xingrg/kc/pszx/mdqp_order_list.html HTTP/1.1" 200 38367
120.253.135.82 - - [02/Feb/2021:06:39:27 +0800] "GET /xingrg/dwr/interface/AjaxReportQueryService.js HTTP/1.1" 200 13203
120.253.135.82 - - [02/Feb/2021:06:39:27 +0800] "GET /xingrg/dwr/interface/AjaxQqpsService.js HTTP/1.1" 200 16326
120.253.135.82 - - [02/Feb/2021:06:39:27 +0800] "GET /xingrg/dwr/engine.js HTTP/1.1" 200 43631
58.40.7.146 - - [02/Feb/2021:06:39:28 +0800] "GET /xingrg/all/function/internal_message.html?_=1612219168090&CODE_STATE=getMsg HTTP/1.1" 302 -
120.253.135.82 - - [02/Feb/2021:06:39:28 +0800] "GET /xingrg/all/function/internal_message.html?_=1612218931765&CODE_STATE=getMsg HTTP/1.1" 200 27
120.253.135.82 - - [02/Feb/2021:06:39:33 +0800] "GET /xingrg/kc/pszx/mdqp_order_info.html?code=302021020100023 HTTP/1.1" 200 12913
120.253.135.82 - - [02/Feb/2021:06:39:33 +0800] "GET /xingrg/dwr/interface/AjaxComOrderService.js HTTP/1.1" 200 18264
120.253.135.82 - - [02/Feb/2021:06:39:33 +0800] "GET /xingrg/dwr/interface/AjaxQqpsService.js HTTP/1.1" 200 16326
120.253.135.82 - - [02/Feb/2021:06:39:33 +0800] "GET /xingrg/dwr/engine.js HTTP/1.1" 200 43631
120.253.135.82 - - [02/Feb/2021:06:39:34 +0800] "POST /xingrg/dwr/call/plaincall/AjaxQqpsService.loadMaterielItems.dwr HTTP/1.1" 200 4360
180.169.147.146 - - [02/Feb/2021:06:39:34 +0800] "GET /xingrg/all/function/internal_message.html?_=1612219178540&CODE_STATE=getMsg HTTP/1.1" 200 27
120.253.135.82 - - [02/Feb/2021:06:39:36 +0800] "GET /xingrg/images/yd/bt.gif HTTP/1.1" 404 1040
120.253.135.82 - - [02/Feb/2021:06:39:36 +0800] "GET /xingrg/images/yd/bt2.gif HTTP/1.1" 404 1042
58.37.230.33 - - [02/Feb/2021:06:39:48 +0800] "GET /xingrg/all/function/internal_message.html?_=1612219226438&CODE_STATE=getMsg HTTP/1.1" 200 27
58.37.230.33 - - [02/Feb/2021:06:39:58 +0800] "GET /xingrg/all/function/internal_message.html?_=1612219222458&CODE_STATE=getMsg HTTP/1.1" 200 27
58.37.230.33 - - [02/Feb/2021:06:39:58 +0800] "GET /xingrg/check_reg.html?_=1612219222459 HTTP/1.1" 200 22
116.224.253.72 - - [02/Feb/2021:06:40:00 +0800] "GET /xingrg/check_reg.html?_=1612219172440 HTTP/1.1" 200 22
116.224.253.72 - - [02/Feb/2021:06:40:09 +0800] "GET /xingrg/all/function/internal_message.html?_=1612219181096&CODE_STATE=getMsg HTTP/1.1" 200 27
218.81.223.240 - - [02/Feb/2021:06:40:14 +0800] "GET /xingrg/all/function/internal_message.html?_=1612219222687&CODE_STATE=getMsg HTTP/1.1" 200 27
58.40.7.146 - - [02/Feb/2021:06:40:28 +0800] "GET /xingrg/all/function/internal_message.html?_=1612219228060&CODE_STATE=getMsg HTTP/1.1" 302 -
120.253.135.82 - - [02/Feb/2021:06:40:28 +0800] "GET /xingrg/all/function/internal_message.html?_=1612218991777&CODE_STATE=getMsg HTTP/1.1" 200 27
180.169.147.146 - - [02/Feb/2021:06:40:34 +0800] "GET /xingrg/all/function/internal_message.html?_=1612219238553&CODE_STATE=getMsg HTTP/1.1" 200 27
120.253.135.82 - - [02/Feb/2021:06:40:38 +0800] "GET /xingrg/kc/pszx/mdqp_order_list.html?isBack=1 HTTP/1.1" 200 38394
120.253.135.82 - - [02/Feb/2021:06:40:38 +0800] "GET /xingrg/dwr/interface/AjaxReportQueryService.js HTTP/1.1" 200 13203
120.253.135.82 - - [02/Feb/2021:06:40:38 +0800] "GET /xingrg/dwr/interface/AjaxQqpsService.js HTTP/1.1" 200 16326
120.253.135.82 - - [02/Feb/2021:06:40:38 +0800] "GET /xingrg/dwr/engine.js HTTP/1.1" 200 43631
120.253.135.82 - - [02/Feb/2021:06:40:43 +0800] "GET /xingrg/kc/pszx/mdps_order_list.html?orderType=0 HTTP/1.1" 200 21153
120.253.135.82 - - [02/Feb/2021:06:40:43 +0800] "POST /xingrg/kc/pszx/mdps_list_operate.html HTTP/1.1" 200 5577
101.89.19.197 - - [02/Feb/2021:06:40:47 +0800] "GET /xingrg/all/function/internal_message.html?_=1612219226438&CODE_STATE=getMsg HTTP/1.1" 302 -
101.89.19.197 - - [02/Feb/2021:06:40:48 +0800] "GET /xingrg/login.html HTTP/1.1" 200 7641
58.37.230.33 - - [02/Feb/2021:06:40:48 +0800] "GET /xingrg/all/function/internal_message.html?_=1612219286414&CODE_STATE=getMsg HTTP/1.1" 200 27
120.253.135.82 - - [02/Feb/2021:06:40:57 +0800] "POST /xingrg/kc/pszx/mdps_list_operate.html HTTP/1.1" 200 5224
58.37.230.33 - - [02/Feb/2021:06:40:58 +0800] "GET /xingrg/all/function/internal_message.html?_=1612219282457&CODE_STATE=getMsg HTTP/1.1" 200 27
120.253.135.82 - - [02/Feb/2021:06:41:00 +0800] "POST /xingrg/kc/pszx/mdps_list_operate.html HTTP/1.1" 200 608
120.253.135.82 - - [02/Feb/2021:06:41:01 +0800] "POST /xingrg/kc/pszx/mdps_list_operate.html HTTP/1.1" 200 563
120.253.135.82 - - [02/Feb/2021:06:41:02 +0800] "GET /xingrg/kc/pszx/mdps_order_info.html?code=312021020200072 HTTP/1.1" 200 23887
120.253.135.82 - - [02/Feb/2021:06:41:03 +0800] "GET /xingrg/javascript/easyui/themes/default/validatebox.css HTTP/1.1" 404 1104
120.253.135.82 - - [02/Feb/2021:06:41:03 +0800] "POST /xingrg/kc/pszx/mdps_order_operate.html HTTP/1.1" 200 9629
116.224.253.72 - - [02/Feb/2021:06:41:09 +0800] "GET /xingrg/all/function/internal_message.html?_=1612219241109&CODE_STATE=getMsg HTTP/1.1" 200 27
218.81.223.240 - - [02/Feb/2021:06:41:14 +0800] "GET /xingrg/all/function/internal_message.html?_=1612219282696&CODE_STATE=getMsg HTTP/1.1" 200 27
58.40.7.146 - - [02/Feb/2021:06:41:28 +0800] "GET /xingrg/all/function/internal_message.html?_=1612219288032&CODE_STATE=getMsg HTTP/1.1" 302 -
120.253.135.82 - - [02/Feb/2021:06:41:28 +0800] "GET /xingrg/all/function/internal_message.html?_=1612219051792&CODE_STATE=getMsg HTTP/1.1" 200 27
114.86.225.26 - - [02/Feb/2021:06:41:29 +0800] "POST /xingrg/services/DataTransmitService HTTP/1.1" 200 524
180.169.147.146 - - [02/Feb/2021:06:41:34 +0800] "GET /xingrg/all/function/internal_message.html?_=1612219298576&CODE_STATE=getMsg HTTP/1.1" 200 27
101.89.239.216 - - [02/Feb/2021:06:41:47 +0800] "GET /xingrg/all/function/internal_message.html?_=1612219286414&CODE_STATE=getMsg HTTP/1.1" 302 -
101.89.239.216 - - [02/Feb/2021:06:41:47 +0800] "GET /xingrg/login.html HTTP/1.1" 200 7641
58.37.230.33 - - [02/Feb/2021:06:41:48 +0800] "GET /xingrg/all/function/internal_message.html?_=1612219346423&CODE_STATE=getMsg HTTP/1.1" 200 27
58.37.230.33 - - [02/Feb/2021:06:41:58 +0800] "GET /xingrg/all/function/internal_message.html?_=1612219342457&CODE_STATE=getMsg HTTP/1.1" 200 27
116.224.253.72 - - [02/Feb/2021:06:42:09 +0800] "GET /xingrg/all/function/internal_message.html?_=1612219301129&CODE_STATE=getMsg HTTP/1.1" 200 27
218.81.223.240 - - [02/Feb/2021:06:42:14 +0800] "GET /xingrg/all/function/internal_message.html?_=1612219342810&CODE_STATE=getMsg HTTP/1.1" 200 27
120.253.135.82 - - [02/Feb/2021:06:42:16 +0800] "GET /xingrg/check_reg.html?_=1612219099450 HTTP/1.1" 200 22
58.40.7.146 - - [02/Feb/2021:06:42:28 +0800] "GET /xingrg/all/function/internal_message.html?_=1612219348004&CODE_STATE=getMsg HTTP/1.1" 302 -
120.253.135.82 - - [02/Feb/2021:06:42:28 +0800] "GET /xingrg/all/function/internal_message.html?_=1612219111806&CODE_STATE=getMsg HTTP/1.1" 200 27
218.81.223.240 - - [02/Feb/2021:06:42:30 +0800] "GET /xingrg/check_reg.html?_=1612219358808 HTTP/1.1" 200 22
180.169.147.146 - - [02/Feb/2021:06:42:34 +0800] "GET /xingrg/all/function/internal_message.html?_=1612219358581&CODE_STATE=getMsg HTTP/1.1" 200 27
120.253.135.82 - - [02/Feb/2021:06:42:43 +0800] "GET /xingrg/check_reg.html?_=1612219469951 HTTP/1.1" 200 22
61.129.6.151 - - [02/Feb/2021:06:42:47 +0800] "GET /xingrg/all/function/internal_message.html?_=1612219346423&CODE_STATE=getMsg HTTP/1.1" 302 -
61.129.6.151 - - [02/Feb/2021:06:42:48 +0800] "GET /xingrg/login.html HTTP/1.1" 200 7641
58.37.230.33 - - [02/Feb/2021:06:42:48 +0800] "GET /xingrg/all/function/internal_message.html?_=1612219406399&CODE_STATE=getMsg HTTP/1.1" 200 27
58.37.230.33 - - [02/Feb/2021:06:42:58 +0800] "GET /xingrg/all/function/internal_message.html?_=1612219402455&CODE_STATE=getMsg HTTP/1.1" 200 27
120.253.135.82 - - [02/Feb/2021:06:43:02 +0800] "GET /xingrg/check_reg.html?_=1612219488998 HTTP/1.1" 200 22
58.37.230.33 - - [02/Feb/2021:06:43:07 +0800] "GET /xingrg/check_reg.html?_=1612219425713 HTTP/1.1" 200 22
116.224.253.72 - - [02/Feb/2021:06:43:09 +0800] "GET /xingrg/all/function/internal_message.html?_=1612219361136&CODE_STATE=getMsg HTTP/1.1" 200 27
218.81.223.240 - - [02/Feb/2021:06:43:14 +0800] "GET /xingrg/all/function/internal_message.html?_=1612219402817&CODE_STATE=getMsg HTTP/1.1" 200 27
58.40.7.146 - - [02/Feb/2021:06:43:28 +0800] "GET /xingrg/all/function/internal_message.html?_=1612219407975&CODE_STATE=getMsg HTTP/1.1" 302 -
120.253.135.82 - - [02/Feb/2021:06:43:28 +0800] "GET /xingrg/all/function/internal_message.html?_=1612219171819&CODE_STATE=getMsg HTTP/1.1" 200 27
180.169.147.146 - - [02/Feb/2021:06:43:34 +0800] "GET /xingrg/all/function/internal_message.html?_=1612219418600&CODE_STATE=getMsg HTTP/1.1" 200 27
58.40.7.146 - - [02/Feb/2021:06:43:36 +0800] "GET /xingrg/check_reg.html?_=1612219416117 HTTP/1.1" 302 -
120.253.135.82 - - [02/Feb/2021:06:43:42 +0800] "GET /xingrg/kc/pszx/ps_main.html HTTP/1.1" 200 13401
120.253.135.82 - - [02/Feb/2021:06:43:42 +0800] "GET /xingrg/images/yd/bt.gif HTTP/1.1" 404 1040
120.253.135.82 - - [02/Feb/2021:06:43:44 +0800] "GET /xingrg/kc/pszx/mdqp_order_list.html HTTP/1.1" 200 38367
120.253.135.82 - - [02/Feb/2021:06:43:44 +0800] "GET /xingrg/dwr/interface/AjaxQqpsService.js HTTP/1.1" 200 16326
120.253.135.82 - - [02/Feb/2021:06:43:44 +0800] "GET /xingrg/dwr/interface/AjaxReportQueryService.js HTTP/1.1" 200 13203
120.253.135.82 - - [02/Feb/2021:06:43:44 +0800] "GET /xingrg/dwr/engine.js HTTP/1.1" 200 43631
120.253.135.82 - - [02/Feb/2021:06:43:47 +0800] "GET /xingrg/kc/pszx/mdqp_order_info.html?code=302021020100023 HTTP/1.1" 200 12913
120.253.135.82 - - [02/Feb/2021:06:43:47 +0800] "GET /xingrg/dwr/interface/AjaxComOrderService.js HTTP/1.1" 200 18264
120.253.135.82 - - [02/Feb/2021:06:43:47 +0800] "GET /xingrg/dwr/interface/AjaxQqpsService.js HTTP/1.1" 200 16326
120.253.135.82 - - [02/Feb/2021:06:43:47 +0800] "GET /xingrg/dwr/engine.js HTTP/1.1" 200 43631
58.37.230.33 - - [02/Feb/2021:06:43:48 +0800] "GET /xingrg/all/function/internal_message.html?_=1612219466374&CODE_STATE=getMsg HTTP/1.1" 200 27
120.253.135.82 - - [02/Feb/2021:06:43:48 +0800] "POST /xingrg/dwr/call/plaincall/AjaxQqpsService.loadMaterielItems.dwr HTTP/1.1" 200 4360
120.253.135.82 - - [02/Feb/2021:06:43:49 +0800] "GET /xingrg/images/yd/bt.gif HTTP/1.1" 404 1040
120.253.135.82 - - [02/Feb/2021:06:43:49 +0800] "GET /xingrg/images/yd/bt2.gif HTTP/1.1" 404 1042
58.37.230.33 - - [02/Feb/2021:06:43:58 +0800] "GET /xingrg/all/function/internal_message.html?_=1612219462470&CODE_STATE=getMsg HTTP/1.1" 200 27
120.253.135.82 - - [02/Feb/2021:06:44:01 +0800] "GET /xingrg/kc/pszx/mdqp_order_list.html?isBack=1 HTTP/1.1" 200 38394
120.253.135.82 - - [02/Feb/2021:06:44:01 +0800] "GET /xingrg/css/blue.css HTTP/1.1" 304 -
120.253.135.82 - - [02/Feb/2021:06:44:01 +0800] "GET /xingrg/javascript/pic_change.js HTTP/1.1" 304 -
120.253.135.82 - - [02/Feb/2021:06:44:01 +0800] "GET /xingrg/dwr/util.js HTTP/1.1" 304 -
120.253.135.82 - - [02/Feb/2021:06:44:01 +0800] "GET /xingrg/javascript/myfunction.js HTTP/1.1" 304 -
120.253.135.82 - - [02/Feb/2021:06:44:01 +0800] "GET /xingrg/javascript/Calendar.js HTTP/1.1" 304 -
120.253.135.82 - - [02/Feb/2021:06:44:01 +0800] "GET /xingrg/javascript/jquery_easy_ui/themes/default/easyui.css HTTP/1.1" 304 -
120.253.135.82 - - [02/Feb/2021:06:44:01 +0800] "GET /xingrg/javascript/jquery_easy_ui/themes/icon.css HTTP/1.1" 304 -
120.253.135.82 - - [02/Feb/2021:06:44:01 +0800] "GET /xingrg/dwr/interface/AjaxReportQueryService.js HTTP/1.1" 200 13203
120.253.135.82 - - [02/Feb/2021:06:44:01 +0800] "GET /xingrg/dwr/interface/AjaxQqpsService.js HTTP/1.1" 200 16326
120.253.135.82 - - [02/Feb/2021:06:44:01 +0800] "GET /xingrg/dwr/engine.js HTTP/1.1" 200 43631
120.253.135.82 - - [02/Feb/2021:06:44:02 +0800] "GET /favicon.ico HTTP/1.1" 404 -
120.253.135.82 - - [02/Feb/2021:06:44:02 +0800] "GET /xingrg/javascript/jquery_easy_ui/themes/icons/check_new.png HTTP/1.1" 304 -
120.253.135.82 - - [02/Feb/2021:06:44:02 +0800] "GET /xingrg/javascript/jquery_easy_ui/themes/icons/back_new.png HTTP/1.1" 304 -
120.253.135.82 - - [02/Feb/2021:06:44:02 +0800] "GET /xingrg/javascript/jquery_easy_ui/themes/icons/uncheck_new.png HTTP/1.1" 304 -
120.253.135.82 - - [02/Feb/2021:06:44:03 +0800] "GET /xingrg/kc/pszx/mdqp_order_list.html?isBack=1 HTTP/1.1" 200 38394
120.253.135.82 - - [02/Feb/2021:06:44:03 +0800] "GET /xingrg/dwr/interface/AjaxQqpsService.js HTTP/1.1" 200 16326
120.253.135.82 - - [02/Feb/2021:06:44:03 +0800] "GET /xingrg/dwr/interface/AjaxReportQueryService.js HTTP/1.1" 200 13203
120.253.135.82 - - [02/Feb/2021:06:44:03 +0800] "GET /xingrg/dwr/engine.js HTTP/1.1" 200 43631
116.224.253.72 - - [02/Feb/2021:06:44:09 +0800] "GET /xingrg/all/function/internal_message.html?_=1612219421154&CODE_STATE=getMsg HTTP/1.1" 200 27
120.253.135.82 - - [02/Feb/2021:06:44:10 +0800] "GET /xingrg/javascript/jquery_easy_ui/themes/default/images/tabs_active.png HTTP/1.1" 200 2894
218.81.223.240 - - [02/Feb/2021:06:44:14 +0800] "GET /xingrg/all/function/internal_message.html?_=1612219462831&CODE_STATE=getMsg HTTP/1.1" 200 27
180.169.147.146 - - [02/Feb/2021:06:44:25 +0800] "GET /xingrg/check_reg.html?_=1612219469001 HTTP/1.1" 200 22
58.40.7.146 - - [02/Feb/2021:06:44:28 +0800] "GET /xingrg/all/function/internal_message.html?_=1612219467948&CODE_STATE=getMsg HTTP/1.1" 302 -
120.253.135.82 - - [02/Feb/2021:06:44:28 +0800] "GET /xingrg/all/function/internal_message.html?_=1612219231979&CODE_STATE=getMsg HTTP/1.1" 200 27
180.169.147.146 - - [02/Feb/2021:06:44:34 +0800] "GET /xingrg/all/function/internal_message.html?_=1612219478608&CODE_STATE=getMsg HTTP/1.1" 200 27
120.253.135.82 - - [02/Feb/2021:06:44:47 +0800] "GET /xingrg/kc/pszx/mdps_order_list.html?orderType=0 HTTP/1.1" 200 21153
120.253.135.82 - - [02/Feb/2021:06:44:47 +0800] "POST /xingrg/kc/pszx/mdps_list_operate.html HTTP/1.1" 200 5577
58.37.230.33 - - [02/Feb/2021:06:44:48 +0800] "GET /xingrg/all/function/internal_message.html?_=1612219526344&CODE_STATE=getMsg HTTP/1.1" 200 27
120.253.135.82 - - [02/Feb/2021:06:44:55 +0800] "POST /xingrg/kc/pszx/mdps_list_operate.html HTTP/1.1" 200 5224
120.253.135.82 - - [02/Feb/2021:06:44:58 +0800] "POST /xingrg/kc/pszx/mdps_list_operate.html HTTP/1.1" 200 563
58.37.230.33 - - [02/Feb/2021:06:44:58 +0800] "GET /xingrg/check_reg.html?_=1612219522469 HTTP/1.1" 200 22
58.37.230.33 - - [02/Feb/2021:06:44:58 +0800] "GET /xingrg/all/function/internal_message.html?_=1612219522471&CODE_STATE=getMsg HTTP/1.1" 200 27
120.253.135.82 - - [02/Feb/2021:06:44:59 +0800] "GET /xingrg/kc/pszx/mdps_order_info.html?code=312021020200072 HTTP/1.1" 200 23887
120.253.135.82 - - [02/Feb/2021:06:44:59 +0800] "GET /xingrg/javascript/easyui/themes/default/validatebox.css HTTP/1.1" 404 1104
120.253.135.82 - - [02/Feb/2021:06:44:59 +0800] "POST /xingrg/kc/pszx/mdps_order_operate.html HTTP/1.1" 200 9629
116.224.253.72 - - [02/Feb/2021:06:45:00 +0800] "GET /xingrg/check_reg.html?_=1612219472442 HTTP/1.1" 200 22
116.224.253.72 - - [02/Feb/2021:06:45:09 +0800] "GET /xingrg/all/function/internal_message.html?_=1612219481163&CODE_STATE=getMsg HTTP/1.1" 200 27
218.81.223.240 - - [02/Feb/2021:06:45:14 +0800] "GET /xingrg/all/function/internal_message.html?_=1612219522962&CODE_STATE=getMsg HTTP/1.1" 200 27
58.40.7.146 - - [02/Feb/2021:06:45:28 +0800] "GET /xingrg/all/function/internal_message.html?_=1612219527920&CODE_STATE=getMsg HTTP/1.1" 302 -
120.253.135.82 - - [02/Feb/2021:06:45:29 +0800] "GET /xingrg/all/function/internal_message.html?_=1612219292132&CODE_STATE=getMsg HTTP/1.1" 200 27
180.169.147.146 - - [02/Feb/2021:06:45:34 +0800] "GET /xingrg/all/function/internal_message.html?_=1612219538625&CODE_STATE=getMsg HTTP/1.1" 200 27
58.37.230.33 - - [02/Feb/2021:06:45:48 +0800] "GET /xingrg/all/function/internal_message.html?_=1612219586322&CODE_STATE=getMsg HTTP/1.1" 200 27
58.37.230.33 - - [02/Feb/2021:06:45:58 +0800] "GET /xingrg/all/function/internal_message.html?_=1612219582498&CODE_STATE=getMsg HTTP/1.1" 200 27
116.224.253.72 - - [02/Feb/2021:06:46:09 +0800] "GET /xingrg/all/function/internal_message.html?_=1612219541176&CODE_STATE=getMsg HTTP/1.1" 200 27
218.81.223.240 - - [02/Feb/2021:06:46:14 +0800] "GET /xingrg/all/function/internal_message.html?_=1612219582966&CODE_STATE=getMsg HTTP/1.1" 200 27
58.40.7.146 - - [02/Feb/2021:06:46:28 +0800] "GET /xingrg/all/function/internal_message.html?_=1612219587908&CODE_STATE=getMsg HTTP/1.1" 302 -
120.253.135.82 - - [02/Feb/2021:06:46:29 +0800] "GET /xingrg/all/function/internal_message.html?_=1612219352172&CODE_STATE=getMsg HTTP/1.1" 200 27
180.169.147.146 - - [02/Feb/2021:06:46:34 +0800] "GET /xingrg/all/function/internal_message.html?_=1612219598641&CODE_STATE=getMsg HTTP/1.1" 200 27
58.37.230.33 - - [02/Feb/2021:06:46:48 +0800] "GET /xingrg/all/function/internal_message.html?_=1612219646295&CODE_STATE=getMsg HTTP/1.1" 200 27
58.37.230.33 - - [02/Feb/2021:06:46:58 +0800] "GET /xingrg/all/function/internal_message.html?_=1612219642496&CODE_STATE=getMsg HTTP/1.1" 200 27
116.224.253.72 - - [02/Feb/2021:06:47:09 +0800] "GET /xingrg/all/function/internal_message.html?_=1612219601197&CODE_STATE=getMsg HTTP/1.1" 200 27
218.81.223.240 - - [02/Feb/2021:06:47:14 +0800] "GET /xingrg/all/function/internal_message.html?_=1612219643102&CODE_STATE=getMsg HTTP/1.1" 200 27
120.253.135.82 - - [02/Feb/2021:06:47:16 +0800] "GET /xingrg/check_reg.html?_=1612219399734 HTTP/1.1" 200 22
58.40.7.146 - - [02/Feb/2021:06:47:28 +0800] "GET /xingrg/all/function/internal_message.html?_=1612219647879&CODE_STATE=getMsg HTTP/1.1" 302 -
120.253.135.82 - - [02/Feb/2021:06:47:29 +0800] "GET /xingrg/all/function/internal_message.html?_=1612219412186&CODE_STATE=getMsg HTTP/1.1" 200 27
218.81.223.240 - - [02/Feb/2021:06:47:30 +0800] "GET /xingrg/check_reg.html?_=1612219658815 HTTP/1.1" 200 22
180.169.147.146 - - [02/Feb/2021:06:47:34 +0800] "GET /xingrg/all/function/internal_message.html?_=1612219658648&CODE_STATE=getMsg HTTP/1.1" 200 27
120.253.135.82 - - [02/Feb/2021:06:47:43 +0800] "GET /xingrg/check_reg.html?_=1612219769958 HTTP/1.1" 200 22
58.37.230.33 - - [02/Feb/2021:06:47:48 +0800] "GET /xingrg/all/function/internal_message.html?_=1612219706277&CODE_STATE=getMsg HTTP/1.1" 200 27
58.40.7.146 - - [02/Feb/2021:06:47:58 +0800] "POST /xingrg/services/DataTransmitService HTTP/1.1" 200 524
58.37.230.33 - - [02/Feb/2021:06:47:58 +0800] "GET /xingrg/all/function/internal_message.html?_=1612219702496&CODE_STATE=getMsg HTTP/1.1" 200 27
120.253.135.82 - - [02/Feb/2021:06:48:02 +0800] "GET /xingrg/check_reg.html?_=1612219789007 HTTP/1.1" 200 22
58.37.230.33 - - [02/Feb/2021:06:48:07 +0800] "GET /xingrg/check_reg.html?_=1612219725696 HTTP/1.1" 200 22
116.224.253.72 - - [02/Feb/2021:06:48:09 +0800] "GET /xingrg/all/function/internal_message.html?_=1612219661204&CODE_STATE=getMsg HTTP/1.1" 200 27
218.81.223.240 - - [02/Feb/2021:06:48:14 +0800] "GET /xingrg/all/function/internal_message.html?_=1612219703103&CODE_STATE=getMsg HTTP/1.1" 200 27
58.40.7.146 - - [02/Feb/2021:06:48:28 +0800] "GET /xingrg/all/function/internal_message.html?_=1612219707865&CODE_STATE=getMsg HTTP/1.1" 302 -
120.253.135.82 - - [02/Feb/2021:06:48:29 +0800] "GET /xingrg/all/function/internal_message.html?_=1612219472199&CODE_STATE=getMsg HTTP/1.1" 200 27
180.169.147.146 - - [02/Feb/2021:06:48:34 +0800] "GET /xingrg/all/function/internal_message.html?_=1612219718669&CODE_STATE=getMsg HTTP/1.1" 200 27
58.40.7.146 - - [02/Feb/2021:06:48:36 +0800] "GET /xingrg/check_reg.html?_=1612219716119 HTTP/1.1" 302 -
58.37.230.33 - - [02/Feb/2021:06:48:48 +0800] "GET /xingrg/all/function/internal_message.html?_=1612219766244&CODE_STATE=getMsg HTTP/1.1" 200 27
58.37.230.33 - - [02/Feb/2021:06:48:58 +0800] "GET /xingrg/all/function/internal_message.html?_=1612219762495&CODE_STATE=getMsg HTTP/1.1" 200 27
116.224.253.72 - - [02/Feb/2021:06:49:09 +0800] "GET /xingrg/all/function/internal_message.html?_=1612219721225&CODE_STATE=getMsg HTTP/1.1" 200 27
218.81.223.240 - - [02/Feb/2021:06:49:14 +0800] "GET /xingrg/all/function/internal_message.html?_=1612219763116&CODE_STATE=getMsg HTTP/1.1" 200 27
180.169.147.146 - - [02/Feb/2021:06:49:25 +0800] "GET /xingrg/check_reg.html?_=1612219769009 HTTP/1.1" 200 22
58.40.7.146 - - [02/Feb/2021:06:49:28 +0800] "GET /xingrg/all/function/internal_message.html?_=1612219767838&CODE_STATE=getMsg HTTP/1.1" 302 -
120.253.135.82 - - [02/Feb/2021:06:49:29 +0800] "GET /xingrg/all/function/internal_message.html?_=1612219532367&CODE_STATE=getMsg HTTP/1.1" 200 27
180.169.147.146 - - [02/Feb/2021:06:49:34 +0800] "GET /xingrg/all/function/internal_message.html?_=1612219778675&CODE_STATE=getMsg HTTP/1.1" 200 27
58.37.230.33 - - [02/Feb/2021:06:49:48 +0800] "GET /xingrg/all/function/internal_message.html?_=1612219826225&CODE_STATE=getMsg HTTP/1.1" 200 27
222.69.135.98 - - [02/Feb/2021:06:49:48 +0800] "POST /xingrg/services/DataTransmitService HTTP/1.1" 200 524
222.69.135.98 - - [02/Feb/2021:06:49:48 +0800] "POST /xingrg/services/DataTransmitService HTTP/1.1" 200 501
58.37.230.33 - - [02/Feb/2021:06:49:58 +0800] "GET /xingrg/all/function/internal_message.html?_=1612219822494&CODE_STATE=getMsg HTTP/1.1" 200 27
58.37.230.33 - - [02/Feb/2021:06:49:58 +0800] "GET /xingrg/check_reg.html?_=1612219822495 HTTP/1.1" 200 22
116.224.253.72 - - [02/Feb/2021:06:50:00 +0800] "GET /xingrg/check_reg.html?_=1612219772453 HTTP/1.1" 200 22
116.224.253.72 - - [02/Feb/2021:06:50:09 +0800] "GET /xingrg/all/function/internal_message.html?_=1612219781231&CODE_STATE=getMsg HTTP/1.1" 200 27
218.81.223.240 - - [02/Feb/2021:06:50:14 +0800] "GET /xingrg/all/function/internal_message.html?_=1612219823239&CODE_STATE=getMsg HTTP/1.1" 200 27
218.81.223.240 - - [02/Feb/2021:06:50:18 +0800] "GET /xingrg/kc/base/wldb_order_add.html HTTP/1.1" 200 30508
218.81.223.240 - - [02/Feb/2021:06:50:18 +0800] "GET /xingrg/javascript/jquery_tools/datebox.css HTTP/1.1" 304 -
218.81.223.240 - - [02/Feb/2021:06:50:18 +0800] "GET /xingrg/css/base.css HTTP/1.1" 304 -
218.81.223.240 - - [02/Feb/2021:06:50:18 +0800] "GET /xingrg/javascript/auto/jquery.autocomplete.css HTTP/1.1" 304 -
218.81.223.240 - - [02/Feb/2021:06:50:18 +0800] "GET /xingrg/javascript/easyui/themes/default/easyui.css HTTP/1.1" 304 -
218.81.223.240 - - [02/Feb/2021:06:50:18 +0800] "GET /xingrg/css/site.css HTTP/1.1" 304 -
218.81.223.240 - - [02/Feb/2021:06:50:18 +0800] "GET /xingrg/javascript/easyui/themes/icon.css HTTP/1.1" 304 -
218.81.223.240 - - [02/Feb/2021:06:50:18 +0800] "GET /xingrg/javascript/jquery_tools/fix.css HTTP/1.1" 304 -
218.81.223.240 - - [02/Feb/2021:06:50:18 +0800] "GET /xingrg/javascript/pic_change.js HTTP/1.1" 304 -
218.81.223.240 - - [02/Feb/2021:06:50:18 +0800] "GET /xingrg/javascript/jquery_tools/table.css HTTP/1.1" 304 -
218.81.223.240 - - [02/Feb/2021:06:50:18 +0800] "GET /xingrg/javascript/jquery_tools/jquery.tools.min.js HTTP/1.1" 304 -
218.81.223.240 - - [02/Feb/2021:06:50:18 +0800] "GET /xingrg/javascript/jquery_tools/jquery.tools.table.js HTTP/1.1" 304 -
218.81.223.240 - - [02/Feb/2021:06:50:18 +0800] "GET /xingrg/javascript/jquery_tools/jquery.tools.extend.js HTTP/1.1" 304 -
218.81.223.240 - - [02/Feb/2021:06:50:18 +0800] "GET /xingrg/javascript/jquery_tools/jquery.tools.hotkey.js HTTP/1.1" 304 -
218.81.223.240 - - [02/Feb/2021:06:50:18 +0800] "GET /xingrg/javascript/auto/jquery.autocomplete.js HTTP/1.1" 304 -
218.81.223.240 - - [02/Feb/2021:06:50:18 +0800] "GET /xingrg/javascript/json2.js HTTP/1.1" 304 -
218.81.223.240 - - [02/Feb/2021:06:50:18 +0800] "GET /xingrg/javascript/convert.js HTTP/1.1" 304 -
218.81.223.240 - - [02/Feb/2021:06:50:18 +0800] "GET /xingrg/javascript/easyui/easyloader.js HTTP/1.1" 304 -
218.81.223.240 - - [02/Feb/2021:06:50:18 +0800] "GET /xingrg/javascript/print/kc_print.js HTTP/1.1" 304 -
218.81.223.240 - - [02/Feb/2021:06:50:18 +0800] "GET /xingrg/javascript/print/LodopFuncs.js HTTP/1.1" 304 -
218.81.223.240 - - [02/Feb/2021:06:50:18 +0800] "GET /xingrg/javascript/jquery.utils.js HTTP/1.1" 304 -
218.81.223.240 - - [02/Feb/2021:06:50:18 +0800] "GET /xingrg/javascript/jquery_tools/order_manager.js HTTP/1.1" 304 -
218.81.223.240 - - [02/Feb/2021:06:50:18 +0800] "GET /xingrg/words/20210201171229_words.js HTTP/1.1" 304 -
218.81.223.240 - - [02/Feb/2021:06:50:18 +0800] "GET /xingrg/javascript/easyui/plugins/jquery.parser.js HTTP/1.1" 304 -
218.81.223.240 - - [02/Feb/2021:06:50:18 +0800] "POST /xingrg/kc/base/wldb_order_operate.html HTTP/1.1" 200 6806
218.81.223.240 - - [02/Feb/2021:06:50:18 +0800] "GET /xingrg/all/common/auto_word.html?type=base&rest_code=00146 HTTP/1.1" 200 1753
218.81.223.240 - - [02/Feb/2021:06:50:18 +0800] "GET /xingrg/all/common/auto_word.html?type=base&rest_code=00146 HTTP/1.1" 200 1753
218.81.223.240 - - [02/Feb/2021:06:50:18 +0800] "GET /xingrg/javascript/easyui/themes/default/validatebox.css HTTP/1.1" 404 1104
218.81.223.240 - - [02/Feb/2021:06:50:18 +0800] "GET /xingrg/javascript/easyui/plugins/jquery.validatebox.js HTTP/1.1" 304 -
218.81.223.240 - - [02/Feb/2021:06:50:18 +0800] "GET /xingrg/javascript/easyui/plugins/jquery.numberbox.js HTTP/1.1" 304 -
58.40.7.146 - - [02/Feb/2021:06:50:28 +0800] "GET /xingrg/all/function/internal_message.html?_=1612219827809&CODE_STATE=getMsg HTTP/1.1" 302 -
120.253.135.82 - - [02/Feb/2021:06:50:29 +0800] "GET /xingrg/all/function/internal_message.html?_=1612219592530&CODE_STATE=getMsg HTTP/1.1" 200 27
180.169.147.146 - - [02/Feb/2021:06:50:34 +0800] "GET /xingrg/all/function/internal_message.html?_=1612219838689&CODE_STATE=getMsg HTTP/1.1" 200 27
218.81.223.240 - - [02/Feb/2021:06:50:36 +0800] "GET /xingrg/kc/base/wldb_order_operate.html?command=get_materiel&rest_code=00146&base_code=0010064&code=00102001008 HTTP/1.1" 200 424
58.37.230.33 - - [02/Feb/2021:06:50:48 +0800] "GET /xingrg/all/function/internal_message.html?_=1612219886198&CODE_STATE=getMsg HTTP/1.1" 200 27
218.81.223.240 - - [02/Feb/2021:06:50:56 +0800] "POST /xingrg/kc/base/wldb_order_operate.html HTTP/1.1" 200 37
218.81.223.240 - - [02/Feb/2021:06:50:58 +0800] "POST /xingrg/kc/base/wldb_order_operate.html HTTP/1.1" 200 12
218.81.223.240 - - [02/Feb/2021:06:50:58 +0800] "POST /xingrg/kc/base/wldb_order_operate.html HTTP/1.1" 200 2181
58.37.230.33 - - [02/Feb/2021:06:50:58 +0800] "GET /xingrg/all/function/internal_message.html?_=1612219882494&CODE_STATE=getMsg HTTP/1.1" 200 27
218.81.223.240 - - [02/Feb/2021:06:50:59 +0800] "GET /xingrg/kc/base/wldb_order_info.html?code=422021020200148 HTTP/1.1" 200 26387
218.81.223.240 - - [02/Feb/2021:06:50:59 +0800] "GET /xingrg/javascript/easyui/themes/default/validatebox.css HTTP/1.1" 404 1104
218.81.223.240 - - [02/Feb/2021:06:50:59 +0800] "POST /xingrg/kc/base/wldb_order_operate.html HTTP/1.1" 200 476
218.81.223.240 - - [02/Feb/2021:06:51:02 +0800] "GET /xingrg/kc/base/wldb_order_add.html HTTP/1.1" 200 30508
218.81.223.240 - - [02/Feb/2021:06:51:02 +0800] "POST /xingrg/kc/base/wldb_order_operate.html HTTP/1.1" 200 6806
218.81.223.240 - - [02/Feb/2021:06:51:02 +0800] "GET /xingrg/javascript/easyui/themes/default/validatebox.css HTTP/1.1" 404 1104
116.224.253.72 - - [02/Feb/2021:06:51:09 +0800] "GET /xingrg/all/function/internal_message.html?_=1612219841245&CODE_STATE=getMsg HTTP/1.1" 200 27
218.81.223.240 - - [02/Feb/2021:06:51:14 +0800] "GET /xingrg/all/function/internal_message.html?_=1612219883252&CODE_STATE=getMsg HTTP/1.1" 200 27
218.81.223.240 - - [02/Feb/2021:06:51:20 +0800] "GET /xingrg/kc/base/wldb_order_operate.html?command=get_materiel&rest_code=00146&base_code=0010064&code=00102002453 HTTP/1.1" 200 433
58.40.7.146 - - [02/Feb/2021:06:51:28 +0800] "GET /xingrg/all/function/internal_message.html?_=1612219887780&CODE_STATE=getMsg HTTP/1.1" 302 -
120.253.135.82 - - [02/Feb/2021:06:51:29 +0800] "GET /xingrg/all/function/internal_message.html?_=1612219652536&CODE_STATE=getMsg HTTP/1.1" 200 27
218.81.223.240 - - [02/Feb/2021:06:51:30 +0800] "POST /xingrg/kc/base/wldb_order_operate.html HTTP/1.1" 200 37
218.81.223.240 - - [02/Feb/2021:06:51:32 +0800] "POST /xingrg/kc/base/wldb_order_operate.html HTTP/1.1" 200 12
218.81.223.240 - - [02/Feb/2021:06:51:32 +0800] "POST /xingrg/kc/base/wldb_order_operate.html HTTP/1.1" 200 2182
180.169.147.146 - - [02/Feb/2021:06:51:34 +0800] "GET /xingrg/all/function/internal_message.html?_=1612219898710&CODE_STATE=getMsg HTTP/1.1" 200 27
218.81.223.240 - - [02/Feb/2021:06:51:39 +0800] "GET /xingrg/kc/base/wldb_order_info.html?code=422021020200149 HTTP/1.1" 200 26383
218.81.223.240 - - [02/Feb/2021:06:51:39 +0800] "GET /xingrg/javascript/easyui/themes/default/validatebox.css HTTP/1.1" 404 1104
218.81.223.240 - - [02/Feb/2021:06:51:39 +0800] "POST /xingrg/kc/base/wldb_order_operate.html HTTP/1.1" 200 475
218.81.223.240 - - [02/Feb/2021:06:51:43 +0800] "GET /xingrg/kc/base/wldb_order_add.html HTTP/1.1" 200 30508
218.81.223.240 - - [02/Feb/2021:06:51:44 +0800] "POST /xingrg/kc/base/wldb_order_operate.html HTTP/1.1" 200 6806
218.81.223.240 - - [02/Feb/2021:06:51:44 +0800] "GET /xingrg/javascript/easyui/themes/default/validatebox.css HTTP/1.1" 404 1104
58.37.230.33 - - [02/Feb/2021:06:51:48 +0800] "GET /xingrg/all/function/internal_message.html?_=1612219946179&CODE_STATE=getMsg HTTP/1.1" 200 27
58.37.230.33 - - [02/Feb/2021:06:51:58 +0800] "GET /xingrg/all/function/internal_message.html?_=1612219942493&CODE_STATE=getMsg HTTP/1.1" 200 27
116.224.253.72 - - [02/Feb/2021:06:52:09 +0800] "GET /xingrg/all/function/internal_message.html?_=1612219901264&CODE_STATE=getMsg HTTP/1.1" 200 27
218.81.223.240 - - [02/Feb/2021:06:52:14 +0800] "GET /xingrg/all/function/internal_message.html?_=1612219943267&CODE_STATE=getMsg HTTP/1.1" 200 27
120.253.135.82 - - [02/Feb/2021:06:52:16 +0800] "GET /xingrg/check_reg.html?_=1612219699871 HTTP/1.1" 200 22
218.81.223.240 - - [02/Feb/2021:06:52:17 +0800] "GET /xingrg/kc/base/wldb_order_operate.html?command=get_materiel&rest_code=00146&base_code=0010063&code=00101019111 HTTP/1.1" 200 455
58.40.7.146 - - [02/Feb/2021:06:52:28 +0800] "GET /xingrg/all/function/internal_message.html?_=1612219947752&CODE_STATE=getMsg HTTP/1.1" 302 -
120.253.135.82 - - [02/Feb/2021:06:52:29 +0800] "GET /xingrg/all/function/internal_message.html?_=1612219712550&CODE_STATE=getMsg HTTP/1.1" 200 27
218.81.223.240 - - [02/Feb/2021:06:52:32 +0800] "POST /xingrg/kc/base/wldb_order_operate.html HTTP/1.1" 200 37
218.81.223.240 - - [02/Feb/2021:06:52:34 +0800] "POST /xingrg/kc/base/wldb_order_operate.html HTTP/1.1" 200 12
218.81.223.240 - - [02/Feb/2021:06:52:34 +0800] "POST /xingrg/kc/base/wldb_order_operate.html HTTP/1.1" 200 2713
180.169.147.146 - - [02/Feb/2021:06:52:34 +0800] "GET /xingrg/all/function/internal_message.html?_=1612219958717&CODE_STATE=getMsg HTTP/1.1" 200 27
218.81.223.240 - - [02/Feb/2021:06:52:35 +0800] "GET /xingrg/kc/base/wldb_order_info.html?code=422021020200150 HTTP/1.1" 200 26388
218.81.223.240 - - [02/Feb/2021:06:52:35 +0800] "GET /xingrg/javascript/easyui/themes/default/validatebox.css HTTP/1.1" 404 1104
218.81.223.240 - - [02/Feb/2021:06:52:35 +0800] "POST /xingrg/kc/base/wldb_order_operate.html HTTP/1.1" 200 997
218.81.223.240 - - [02/Feb/2021:06:52:36 +0800] "GET /xingrg/check_reg.html?_=1612219964874 HTTP/1.1" 200 22
218.81.223.240 - - [02/Feb/2021:06:52:40 +0800] "GET /xingrg/kc/base/wldb_order_add.html HTTP/1.1" 200 30508
218.81.223.240 - - [02/Feb/2021:06:52:40 +0800] "POST /xingrg/kc/base/wldb_order_operate.html HTTP/1.1" 200 6806
218.81.223.240 - - [02/Feb/2021:06:52:40 +0800] "GET /xingrg/javascript/easyui/themes/default/validatebox.css HTTP/1.1" 404 1104
120.253.135.82 - - [02/Feb/2021:06:52:43 +0800] "GET /xingrg/check_reg.html?_=1612220069966 HTTP/1.1" 200 22
101.89.239.216 - - [02/Feb/2021:06:52:47 +0800] "GET /xingrg/all/function/internal_message.html?_=1612219946179&CODE_STATE=getMsg HTTP/1.1" 302 -
101.89.239.216 - - [02/Feb/2021:06:52:47 +0800] "GET /xingrg/login.html HTTP/1.1" 200 7641
58.37.230.33 - - [02/Feb/2021:06:52:47 +0800] "GET /xingrg/all/function/internal_message.html?_=1612220006147&CODE_STATE=getMsg HTTP/1.1" 200 27
58.37.230.33 - - [02/Feb/2021:06:52:58 +0800] "GET /xingrg/all/function/internal_message.html?_=1612220002492&CODE_STATE=getMsg HTTP/1.1" 200 27
120.253.135.82 - - [02/Feb/2021:06:53:02 +0800] "GET /xingrg/check_reg.html?_=1612220089011 HTTP/1.1" 200 22
218.81.223.240 - - [02/Feb/2021:06:53:07 +0800] "GET /xingrg/kc/base/wldb_order_operate.html?command=get_materiel&rest_code=00146&base_code=0010064&code=00102002551 HTTP/1.1" 200 438
58.37.230.33 - - [02/Feb/2021:06:53:07 +0800] "GET /xingrg/check_reg.html?_=1612220025700 HTTP/1.1" 200 22
116.224.253.72 - - [02/Feb/2021:06:53:09 +0800] "GET /xingrg/all/function/internal_message.html?_=1612219961272&CODE_STATE=getMsg HTTP/1.1" 200 27
218.81.223.240 - - [02/Feb/2021:06:53:14 +0800] "GET /xingrg/all/function/internal_message.html?_=1612220003281&CODE_STATE=getMsg HTTP/1.1" 200 27
218.81.223.240 - - [02/Feb/2021:06:53:17 +0800] "GET /xingrg/kc/base/wldb_order_operate.html?command=get_materiel&rest_code=00146&base_code=0010064&code=00102002448 HTTP/1.1" 200 426
58.40.7.146 - - [02/Feb/2021:06:53:28 +0800] "GET /xingrg/all/function/internal_message.html?_=1612220007722&CODE_STATE=getMsg HTTP/1.1" 302 -
120.253.135.82 - - [02/Feb/2021:06:53:29 +0800] "GET /xingrg/all/function/internal_message.html?_=1612219772563&CODE_STATE=getMsg HTTP/1.1" 200 27
218.81.223.240 - - [02/Feb/2021:06:53:30 +0800] "POST /xingrg/kc/base/wldb_order_operate.html HTTP/1.1" 200 37
218.81.223.240 - - [02/Feb/2021:06:53:32 +0800] "POST /xingrg/kc/base/wldb_order_operate.html HTTP/1.1" 200 12
