218.81.223.240 - - [02/Feb/2021:06:53:32 +0800] "POST /xingrg/kc/base/wldb_order_operate.html HTTP/1.1" 200 2664
218.81.223.240 - - [02/Feb/2021:06:53:33 +0800] "GET /xingrg/kc/base/wldb_order_info.html?code=422021020200151 HTTP/1.1" 200 26386
218.81.223.240 - - [02/Feb/2021:06:53:34 +0800] "GET /xingrg/javascript/easyui/themes/default/validatebox.css HTTP/1.1" 404 1104
218.81.223.240 - - [02/Feb/2021:06:53:34 +0800] "POST /xingrg/kc/base/wldb_order_operate.html HTTP/1.1" 200 948
180.169.147.146 - - [02/Feb/2021:06:53:34 +0800] "GET /xingrg/all/function/internal_message.html?_=1612220018737&CODE_STATE=getMsg HTTP/1.1" 200 27
58.40.7.146 - - [02/Feb/2021:06:53:36 +0800] "GET /xingrg/check_reg.html?_=1612220016130 HTTP/1.1" 302 -
218.81.223.240 - - [02/Feb/2021:06:53:37 +0800] "GET /xingrg/kc/base/wldb_order_add.html HTTP/1.1" 200 30508
218.81.223.240 - - [02/Feb/2021:06:53:37 +0800] "POST /xingrg/kc/base/wldb_order_operate.html HTTP/1.1" 200 6806
218.81.223.240 - - [02/Feb/2021:06:53:37 +0800] "GET /xingrg/javascript/easyui/themes/default/validatebox.css HTTP/1.1" 404 1104
58.37.230.33 - - [02/Feb/2021:06:53:47 +0800] "GET /xingrg/all/function/internal_message.html?_=1612220066146&CODE_STATE=getMsg HTTP/1.1" 200 27
58.37.230.33 - - [02/Feb/2021:06:53:58 +0800] "GET /xingrg/all/function/internal_message.html?_=1612220062518&CODE_STATE=getMsg HTTP/1.1" 200 27
218.81.223.240 - - [02/Feb/2021:06:53:59 +0800] "GET /xingrg/kc/base/wldb_order_operate.html?command=get_materiel&rest_code=00146&base_code=0010064&code=00102002347 HTTP/1.1" 200 441
116.224.253.72 - - [02/Feb/2021:06:54:09 +0800] "GET /xingrg/all/function/internal_message.html?_=1612220021293&CODE_STATE=getMsg HTTP/1.1" 200 27
218.81.223.240 - - [02/Feb/2021:06:54:14 +0800] "GET /xingrg/all/function/internal_message.html?_=1612220063294&CODE_STATE=getMsg HTTP/1.1" 200 27
218.81.223.240 - - [02/Feb/2021:06:54:17 +0800] "POST /xingrg/kc/base/wldb_order_operate.html HTTP/1.1" 200 37
218.81.223.240 - - [02/Feb/2021:06:54:18 +0800] "POST /xingrg/kc/base/wldb_order_operate.html HTTP/1.1" 200 12
218.81.223.240 - - [02/Feb/2021:06:54:18 +0800] "POST /xingrg/kc/base/wldb_order_operate.html HTTP/1.1" 200 2204
218.81.223.240 - - [02/Feb/2021:06:54:20 +0800] "GET /xingrg/kc/base/wldb_order_info.html?code=422021020200152 HTTP/1.1" 200 26383
218.81.223.240 - - [02/Feb/2021:06:54:20 +0800] "GET /xingrg/javascript/easyui/themes/default/validatebox.css HTTP/1.1" 404 1104
218.81.223.240 - - [02/Feb/2021:06:54:20 +0800] "POST /xingrg/kc/base/wldb_order_operate.html HTTP/1.1" 200 498
218.81.223.240 - - [02/Feb/2021:06:54:24 +0800] "GET /xingrg/kc/base/wldb_order_add.html HTTP/1.1" 200 30508
218.81.223.240 - - [02/Feb/2021:06:54:24 +0800] "POST /xingrg/kc/base/wldb_order_operate.html HTTP/1.1" 200 6806
218.81.223.240 - - [02/Feb/2021:06:54:25 +0800] "GET /xingrg/javascript/easyui/themes/default/validatebox.css HTTP/1.1" 404 1104
180.169.147.146 - - [02/Feb/2021:06:54:25 +0800] "GET /xingrg/check_reg.html?_=1612220069012 HTTP/1.1" 200 22
58.40.7.146 - - [02/Feb/2021:06:54:28 +0800] "GET /xingrg/all/function/internal_message.html?_=1612220067695&CODE_STATE=getMsg HTTP/1.1" 302 -
120.253.135.82 - - [02/Feb/2021:06:54:29 +0800] "GET /xingrg/all/function/internal_message.html?_=1612219832713&CODE_STATE=getMsg HTTP/1.1" 200 27
180.169.147.146 - - [02/Feb/2021:06:54:34 +0800] "GET /xingrg/all/function/internal_message.html?_=1612220078745&CODE_STATE=getMsg HTTP/1.1" 200 27
58.37.230.33 - - [02/Feb/2021:06:54:47 +0800] "GET /xingrg/all/function/internal_message.html?_=1612220126123&CODE_STATE=getMsg HTTP/1.1" 200 27
58.37.230.33 - - [02/Feb/2021:06:54:58 +0800] "GET /xingrg/check_reg.html?_=1612220122517 HTTP/1.1" 200 22
58.37.230.33 - - [02/Feb/2021:06:54:58 +0800] "GET /xingrg/all/function/internal_message.html?_=1612220122516&CODE_STATE=getMsg HTTP/1.1" 200 27
116.224.253.72 - - [02/Feb/2021:06:55:00 +0800] "GET /xingrg/check_reg.html?_=1612220072458 HTTP/1.1" 200 22
116.224.253.72 - - [02/Feb/2021:06:55:09 +0800] "GET /xingrg/all/function/internal_message.html?_=1612220081299&CODE_STATE=getMsg HTTP/1.1" 200 27
218.81.223.240 - - [02/Feb/2021:06:55:11 +0800] "POST /xingrg/kc/base/wldb_order_operate.html HTTP/1.1" 200 37
218.81.223.240 - - [02/Feb/2021:06:55:13 +0800] "POST /xingrg/kc/base/wldb_order_operate.html HTTP/1.1" 200 12
218.81.223.240 - - [02/Feb/2021:06:55:13 +0800] "POST /xingrg/kc/base/wldb_order_operate.html HTTP/1.1" 200 2209
218.81.223.240 - - [02/Feb/2021:06:55:14 +0800] "GET /xingrg/kc/base/wldb_order_info.html?code=422021020200153 HTTP/1.1" 200 26388
218.81.223.240 - - [02/Feb/2021:06:55:14 +0800] "GET /xingrg/javascript/easyui/themes/default/validatebox.css HTTP/1.1" 404 1104
218.81.223.240 - - [02/Feb/2021:06:55:14 +0800] "POST /xingrg/kc/base/wldb_order_operate.html HTTP/1.1" 200 503
218.81.223.240 - - [02/Feb/2021:06:55:14 +0800] "GET /xingrg/all/function/internal_message.html?_=1612220123307&CODE_STATE=getMsg HTTP/1.1" 200 27
218.81.223.240 - - [02/Feb/2021:06:55:19 +0800] "GET /xingrg/javascript/jquery.cookie.js HTTP/1.1" 304 -
218.81.223.240 - - [02/Feb/2021:06:55:19 +0800] "GET /xingrg/javascript/jquery_tools/list_manager.js HTTP/1.1" 304 -
218.81.223.240 - - [02/Feb/2021:06:55:19 +0800] "GET /xingrg/kc/buy/cgsh_order_list.html HTTP/1.1" 200 46288
218.81.223.240 - - [02/Feb/2021:06:55:20 +0800] "POST /xingrg/kc/buy/cgsh_list_operate.html HTTP/1.1" 200 5215
58.40.7.146 - - [02/Feb/2021:06:55:28 +0800] "GET /xingrg/all/function/internal_message.html?_=1612220127683&CODE_STATE=getMsg HTTP/1.1" 302 -
120.253.135.82 - - [02/Feb/2021:06:55:29 +0800] "GET /xingrg/all/function/internal_message.html?_=1612219892715&CODE_STATE=getMsg HTTP/1.1" 200 27
180.169.147.146 - - [02/Feb/2021:06:55:34 +0800] "GET /xingrg/all/function/internal_message.html?_=1612220138758&CODE_STATE=getMsg HTTP/1.1" 200 27
218.81.223.240 - - [02/Feb/2021:06:55:44 +0800] "POST /xingrg/kc/buy/cgsh_list_operate.html HTTP/1.1" 200 4
58.37.230.33 - - [02/Feb/2021:06:55:47 +0800] "GET /xingrg/all/function/internal_message.html?_=1612220186092&CODE_STATE=getMsg HTTP/1.1" 200 27
218.81.223.240 - - [02/Feb/2021:06:55:48 +0800] "POST /xingrg/kc/buy/cgsh_list_operate.html HTTP/1.1" 200 5141
58.37.230.33 - - [02/Feb/2021:06:55:58 +0800] "GET /xingrg/all/function/internal_message.html?_=1612220182515&CODE_STATE=getMsg HTTP/1.1" 200 27
116.224.253.72 - - [02/Feb/2021:06:56:09 +0800] "GET /xingrg/all/function/internal_message.html?_=1612220141312&CODE_STATE=getMsg HTTP/1.1" 200 27
218.81.223.240 - - [02/Feb/2021:06:56:10 +0800] "POST /xingrg/kc/buy/cgsh_list_operate.html HTTP/1.1" 200 4
218.81.223.240 - - [02/Feb/2021:06:56:16 +0800] "POST /xingrg/kc/buy/cgsh_list_operate.html HTTP/1.1" 200 4233
218.81.223.240 - - [02/Feb/2021:06:56:21 +0800] "GET /xingrg/all/function/internal_message.html?_=1612220189997&CODE_STATE=getMsg HTTP/1.1" 200 27
58.40.7.146 - - [02/Feb/2021:06:56:28 +0800] "GET /xingrg/all/function/internal_message.html?_=1612220187654&CODE_STATE=getMsg HTTP/1.1" 302 -
120.253.135.82 - - [02/Feb/2021:06:56:29 +0800] "GET /xingrg/all/function/internal_message.html?_=1612219952884&CODE_STATE=getMsg HTTP/1.1" 200 27
180.169.147.146 - - [02/Feb/2021:06:56:34 +0800] "GET /xingrg/all/function/internal_message.html?_=1612220198777&CODE_STATE=getMsg HTTP/1.1" 200 27
218.81.223.240 - - [02/Feb/2021:06:56:35 +0800] "POST /xingrg/kc/buy/cgsh_list_operate.html HTTP/1.1" 200 4
218.81.223.240 - - [02/Feb/2021:06:56:40 +0800] "POST /xingrg/kc/buy/cgsh_list_operate.html HTTP/1.1" 200 876
58.37.230.33 - - [02/Feb/2021:06:56:47 +0800] "GET /xingrg/all/function/internal_message.html?_=1612220246061&CODE_STATE=getMsg HTTP/1.1" 200 27
58.37.230.33 - - [02/Feb/2021:06:56:58 +0800] "GET /xingrg/all/function/internal_message.html?_=1612220242514&CODE_STATE=getMsg HTTP/1.1" 200 27
116.224.253.72 - - [02/Feb/2021:06:57:09 +0800] "GET /xingrg/all/function/internal_message.html?_=1612220201331&CODE_STATE=getMsg HTTP/1.1" 200 27
120.253.135.82 - - [02/Feb/2021:06:57:16 +0800] "GET /xingrg/check_reg.html?_=1612219999872 HTTP/1.1" 200 22
218.81.223.240 - - [02/Feb/2021:06:57:21 +0800] "GET /xingrg/all/function/internal_message.html?_=1612220250012&CODE_STATE=getMsg HTTP/1.1" 200 27
58.40.7.146 - - [02/Feb/2021:06:57:28 +0800] "GET /xingrg/all/function/internal_message.html?_=1612220247625&CODE_STATE=getMsg HTTP/1.1" 302 -
120.253.135.82 - - [02/Feb/2021:06:57:29 +0800] "GET /xingrg/all/function/internal_message.html?_=1612220012899&CODE_STATE=getMsg HTTP/1.1" 200 27
180.169.147.146 - - [02/Feb/2021:06:57:34 +0800] "GET /xingrg/all/function/internal_message.html?_=1612220258786&CODE_STATE=getMsg HTTP/1.1" 200 27
218.81.223.240 - - [02/Feb/2021:06:57:36 +0800] "GET /xingrg/check_reg.html?_=1612220264878 HTTP/1.1" 200 22
120.253.135.82 - - [02/Feb/2021:06:57:43 +0800] "GET /xingrg/check_reg.html?_=1612220369966 HTTP/1.1" 200 22
58.37.230.33 - - [02/Feb/2021:06:57:47 +0800] "GET /xingrg/all/function/internal_message.html?_=1612220306032&CODE_STATE=getMsg HTTP/1.1" 200 27
58.37.230.33 - - [02/Feb/2021:06:57:58 +0800] "GET /xingrg/all/function/internal_message.html?_=1612220302511&CODE_STATE=getMsg HTTP/1.1" 200 27
120.253.135.82 - - [02/Feb/2021:06:58:02 +0800] "GET /xingrg/check_reg.html?_=1612220389048 HTTP/1.1" 200 22
58.37.230.33 - - [02/Feb/2021:06:58:07 +0800] "GET /xingrg/check_reg.html?_=1612220325671 HTTP/1.1" 200 22
116.224.253.72 - - [02/Feb/2021:06:58:09 +0800] "GET /xingrg/all/function/internal_message.html?_=1612220261340&CODE_STATE=getMsg HTTP/1.1" 200 27
218.81.223.240 - - [02/Feb/2021:06:58:21 +0800] "GET /xingrg/all/function/internal_message.html?_=1612220310024&CODE_STATE=getMsg HTTP/1.1" 200 27
58.40.7.146 - - [02/Feb/2021:06:58:28 +0800] "GET /xingrg/all/function/internal_message.html?_=1612220307596&CODE_STATE=getMsg HTTP/1.1" 302 -
120.253.135.82 - - [02/Feb/2021:06:58:29 +0800] "GET /xingrg/all/function/internal_message.html?_=1612220072911&CODE_STATE=getMsg HTTP/1.1" 200 27
180.169.147.146 - - [02/Feb/2021:06:58:34 +0800] "GET /xingrg/all/function/internal_message.html?_=1612220318807&CODE_STATE=getMsg HTTP/1.1" 200 27
58.40.7.146 - - [02/Feb/2021:06:58:36 +0800] "GET /xingrg/check_reg.html?_=1612220316130 HTTP/1.1" 302 -
58.37.230.33 - - [02/Feb/2021:06:58:47 +0800] "GET /xingrg/all/function/internal_message.html?_=1612220366011&CODE_STATE=getMsg HTTP/1.1" 200 27
58.37.230.33 - - [02/Feb/2021:06:58:58 +0800] "GET /xingrg/all/function/internal_message.html?_=1612220362511&CODE_STATE=getMsg HTTP/1.1" 200 27
61.151.207.205 - - [02/Feb/2021:06:59:06 +0800] "GET /xingrg/check_reg.html?_=1612220325671 HTTP/1.1" 302 -
61.151.207.205 - - [02/Feb/2021:06:59:06 +0800] "GET /xingrg/login.html HTTP/1.1" 200 7641
116.224.253.72 - - [02/Feb/2021:06:59:09 +0800] "GET /xingrg/all/function/internal_message.html?_=1612220321358&CODE_STATE=getMsg HTTP/1.1" 200 27
218.81.223.240 - - [02/Feb/2021:06:59:21 +0800] "GET /xingrg/all/function/internal_message.html?_=1612220370038&CODE_STATE=getMsg HTTP/1.1" 200 27
180.169.147.146 - - [02/Feb/2021:06:59:25 +0800] "GET /xingrg/check_reg.html?_=1612220369014 HTTP/1.1" 200 22
58.40.7.146 - - [02/Feb/2021:06:59:28 +0800] "GET /xingrg/all/function/internal_message.html?_=1612220367570&CODE_STATE=getMsg HTTP/1.1" 302 -
120.253.135.82 - - [02/Feb/2021:06:59:30 +0800] "GET /xingrg/all/function/internal_message.html?_=1612220133087&CODE_STATE=getMsg HTTP/1.1" 200 27
180.169.147.146 - - [02/Feb/2021:06:59:34 +0800] "GET /xingrg/all/function/internal_message.html?_=1612220378812&CODE_STATE=getMsg HTTP/1.1" 200 27
101.89.29.92 - - [02/Feb/2021:06:59:47 +0800] "GET /xingrg/all/function/internal_message.html?_=1612220366011&CODE_STATE=getMsg HTTP/1.1" 302 -
58.37.230.33 - - [02/Feb/2021:06:59:47 +0800] "GET /xingrg/all/function/internal_message.html?_=1612220425991&CODE_STATE=getMsg HTTP/1.1" 200 27
101.89.29.92 - - [02/Feb/2021:06:59:48 +0800] "GET /xingrg/login.html HTTP/1.1" 200 7641
58.37.230.33 - - [02/Feb/2021:06:59:58 +0800] "GET /xingrg/all/function/internal_message.html?_=1612220422525&CODE_STATE=getMsg HTTP/1.1" 200 27
58.37.230.33 - - [02/Feb/2021:06:59:58 +0800] "GET /xingrg/check_reg.html?_=1612220422527 HTTP/1.1" 200 22
116.224.253.72 - - [02/Feb/2021:07:00:00 +0800] "GET /xingrg/check_reg.html?_=1612220372459 HTTP/1.1" 200 22
116.224.253.72 - - [02/Feb/2021:07:00:09 +0800] "GET /xingrg/all/function/internal_message.html?_=1612220381367&CODE_STATE=getMsg HTTP/1.1" 200 27
120.253.135.82 - - [02/Feb/2021:07:00:12 +0800] "GET /xingrg/javascript/easyui/themes/default/images/button_plain_hover.png HTTP/1.1" 200 144
218.81.223.240 - - [02/Feb/2021:07:00:21 +0800] "GET /xingrg/all/function/internal_message.html?_=1612220430202&CODE_STATE=getMsg HTTP/1.1" 200 27
120.253.135.82 - - [02/Feb/2021:07:00:22 +0800] "GET /xingrg/css/site.css HTTP/1.1" 200 7541
120.253.135.82 - - [02/Feb/2021:07:00:22 +0800] "GET /xingrg/css/base.css HTTP/1.1" 200 2811
120.253.135.82 - - [02/Feb/2021:07:00:22 +0800] "GET /xingrg/javascript/jquery_tools/datebox.css HTTP/1.1" 200 2597
120.253.135.82 - - [02/Feb/2021:07:00:22 +0800] "GET /xingrg/javascript/auto/jquery.autocomplete.css HTTP/1.1" 200 587
120.253.135.82 - - [02/Feb/2021:07:00:22 +0800] "GET /xingrg/javascript/easyui/themes/icon.css HTTP/1.1" 200 4483
120.253.135.82 - - [02/Feb/2021:07:00:22 +0800] "GET /xingrg/javascript/pic_change.js HTTP/1.1" 200 4739
120.253.135.82 - - [02/Feb/2021:07:00:22 +0800] "GET /xingrg/javascript/jquery_tools/jquery.tools.min.js HTTP/1.1" 200 138801
120.253.135.82 - - [02/Feb/2021:07:00:22 +0800] "GET /xingrg/kc/pszx/mdps_order_info.html?code=312021020200072 HTTP/1.1" 200 23887
120.253.135.82 - - [02/Feb/2021:07:00:22 +0800] "GET /xingrg/javascript/jquery_tools/jquery.tools.hotkey.js HTTP/1.1" 200 3242
120.253.135.82 - - [02/Feb/2021:07:00:22 +0800] "GET /xingrg/javascript/jquery_easy_ui/jquery.easyui.min.js HTTP/1.1" 200 213662
120.253.135.82 - - [02/Feb/2021:07:00:22 +0800] "GET /xingrg/javascript/easyui/easyloader.js HTTP/1.1" 200 5975
120.253.135.82 - - [02/Feb/2021:07:00:22 +0800] "GET /xingrg/javascript/jquery_tools/jquery.tools.extend.js HTTP/1.1" 200 15385
120.253.135.82 - - [02/Feb/2021:07:00:22 +0800] "GET /xingrg/javascript/convert.js HTTP/1.1" 200 1239
120.253.135.82 - - [02/Feb/2021:07:00:22 +0800] "GET /xingrg/javascript/print/kc_print.js HTTP/1.1" 200 11415
120.253.135.82 - - [02/Feb/2021:07:00:22 +0800] "GET /xingrg/javascript/easyui/themes/default/easyui.css HTTP/1.1" 200 30432
120.253.135.82 - - [02/Feb/2021:07:00:22 +0800] "GET /xingrg/javascript/myfunction.js HTTP/1.1" 200 24559
120.253.135.82 - - [02/Feb/2021:07:00:22 +0800] "GET /xingrg/javascript/print/LodopFuncs.js HTTP/1.1" 200 5121
120.253.135.82 - - [02/Feb/2021:07:00:22 +0800] "GET /xingrg/javascript/jquery_tools/order_manager.js HTTP/1.1" 200 11183
120.253.135.82 - - [02/Feb/2021:07:00:22 +0800] "GET /xingrg/javascript/auto/jquery.autocomplete.js HTTP/1.1" 200 21624
120.253.135.82 - - [02/Feb/2021:07:00:22 +0800] "GET /xingrg/javascript/jquery.utils.js HTTP/1.1" 200 11805
120.253.135.82 - - [02/Feb/2021:07:00:22 +0800] "GET /xingrg/javascript/json2.js HTTP/1.1" 200 11259
120.253.135.82 - - [02/Feb/2021:07:00:22 +0800] "GET /xingrg/words/20210201171229_words.js HTTP/1.1" 200 793475
120.253.135.82 - - [02/Feb/2021:07:00:22 +0800] "GET /xingrg/javascript/easyui/themes/icons/copy_new.png HTTP/1.1" 200 815
120.253.135.82 - - [02/Feb/2021:07:00:22 +0800] "GET /xingrg/javascript/easyui/themes/icons/cancel.png HTTP/1.1" 200 1133
120.253.135.82 - - [02/Feb/2021:07:00:22 +0800] "GET /xingrg/javascript/easyui/themes/default/images/menu_downarrow.png HTTP/1.1" 200 173
120.253.135.82 - - [02/Feb/2021:07:00:22 +0800] "GET /xingrg/javascript/easyui/themes/icons/print.png HTTP/1.1" 200 1057
120.253.135.82 - - [02/Feb/2021:07:00:22 +0800] "GET /xingrg/javascript/easyui/themes/icons/ok.png HTTP/1.1" 200 883
120.253.135.82 - - [02/Feb/2021:07:00:22 +0800] "GET /xingrg/javascript/easyui/plugins/jquery.parser.js HTTP/1.1" 200 1142
120.253.135.82 - - [02/Feb/2021:07:00:23 +0800] "GET /xingrg/all/common/auto_word.html?type=base&rest_code=00101 HTTP/1.1" 200 559
120.253.135.82 - - [02/Feb/2021:07:00:23 +0800] "GET /xingrg/javascript/easyui/themes/default/validatebox.css HTTP/1.1" 404 1104
120.253.135.82 - - [02/Feb/2021:07:00:23 +0800] "GET /xingrg/javascript/easyui/plugins/jquery.validatebox.js HTTP/1.1" 200 6103
120.253.135.82 - - [02/Feb/2021:07:00:23 +0800] "GET /xingrg/javascript/easyui/plugins/jquery.numberbox.js HTTP/1.1" 200 5213
120.253.135.82 - - [02/Feb/2021:07:00:23 +0800] "POST /xingrg/kc/pszx/mdps_order_operate.html HTTP/1.1" 200 9629
120.253.135.82 - - [02/Feb/2021:07:00:23 +0800] "GET /xingrg/javascript/easyui/themes/icons/edit_remove.png HTTP/1.1" 200 625
120.253.135.82 - - [02/Feb/2021:07:00:25 +0800] "POST /xingrg/kc/pszx/mdps_list_operate.html HTTP/1.1" 200 5224
58.40.7.146 - - [02/Feb/2021:07:00:28 +0800] "GET /xingrg/all/function/internal_message.html?_=1612220427541&CODE_STATE=getMsg HTTP/1.1" 302 -
120.253.135.82 - - [02/Feb/2021:07:00:28 +0800] "POST /xingrg/kc/pszx/mdps_list_operate.html HTTP/1.1" 200 608
120.253.135.82 - - [02/Feb/2021:07:00:30 +0800] "GET /xingrg/kc/pszx/mdps_order_info.html?code=312021020200073 HTTP/1.1" 200 23887
120.253.135.82 - - [02/Feb/2021:07:00:30 +0800] "GET /xingrg/all/function/internal_message.html?_=1612220193145&CODE_STATE=getMsg HTTP/1.1" 200 27
120.253.135.82 - - [02/Feb/2021:07:00:30 +0800] "GET /xingrg/javascript/easyui/themes/default/validatebox.css HTTP/1.1" 404 1104
120.253.135.82 - - [02/Feb/2021:07:00:30 +0800] "POST /xingrg/kc/pszx/mdps_order_operate.html HTTP/1.1" 200 22042
120.253.135.82 - - [02/Feb/2021:07:00:34 +0800] "POST /xingrg/kc/pszx/mdps_order_operate.html HTTP/1.1" 200 37
180.169.147.146 - - [02/Feb/2021:07:00:34 +0800] "GET /xingrg/all/function/internal_message.html?_=1612220438825&CODE_STATE=getMsg HTTP/1.1" 200 27
120.253.135.82 - - [02/Feb/2021:07:00:35 +0800] "GET /xingrg/kc/pszx/mdps_order_info.html?code=312021020200073 HTTP/1.1" 200 23887
120.253.135.82 - - [02/Feb/2021:07:00:35 +0800] "GET /xingrg/javascript/easyui/themes/default/validatebox.css HTTP/1.1" 404 1104
120.253.135.82 - - [02/Feb/2021:07:00:35 +0800] "POST /xingrg/kc/pszx/mdps_order_operate.html HTTP/1.1" 200 22373
58.37.230.33 - - [02/Feb/2021:07:00:47 +0800] "GET /xingrg/all/function/internal_message.html?_=1612220485963&CODE_STATE=getMsg HTTP/1.1" 200 27
58.37.230.33 - - [02/Feb/2021:07:00:58 +0800] "GET /xingrg/all/function/internal_message.html?_=1612220482525&CODE_STATE=getMsg HTTP/1.1" 200 27
116.224.253.72 - - [02/Feb/2021:07:01:09 +0800] "GET /xingrg/all/function/internal_message.html?_=1612220441380&CODE_STATE=getMsg HTTP/1.1" 200 27
120.253.135.82 - - [02/Feb/2021:07:01:09 +0800] "POST /xingrg/all/common/load_select.html HTTP/1.1" 200 25
120.253.135.82 - - [02/Feb/2021:07:01:12 +0800] "GET /xingrg/kc/pszx/mdps_order_operate.html?command=get_materiel_price&pszx_code=00101&rest_code=00141&base_code=0010246&code=00101019133&unit_code=00100189&order_time=2021-02-03 HTTP/1.1" 200 35
218.81.223.240 - - [02/Feb/2021:07:01:21 +0800] "GET /xingrg/all/function/internal_message.html?_=1612220490205&CODE_STATE=getMsg HTTP/1.1" 200 27
120.253.135.82 - - [02/Feb/2021:07:01:27 +0800] "POST /xingrg/kc/pszx/mdps_order_operate.html HTTP/1.1" 200 37
120.253.135.82 - - [02/Feb/2021:07:01:28 +0800] "GET /xingrg/kc/pszx/mdps_order_info.html?code=312021020200073 HTTP/1.1" 200 23887
58.40.7.146 - - [02/Feb/2021:07:01:28 +0800] "GET /xingrg/all/function/internal_message.html?_=1612220487513&CODE_STATE=getMsg HTTP/1.1" 302 -
120.253.135.82 - - [02/Feb/2021:07:01:29 +0800] "POST /xingrg/kc/pszx/mdps_order_operate.html HTTP/1.1" 200 22371
120.253.135.82 - - [02/Feb/2021:07:01:29 +0800] "GET /xingrg/javascript/easyui/themes/default/validatebox.css HTTP/1.1" 404 1104
120.253.135.82 - - [02/Feb/2021:07:01:30 +0800] "GET /xingrg/all/function/internal_message.html?_=1612220253156&CODE_STATE=getMsg HTTP/1.1" 200 27
180.169.147.146 - - [02/Feb/2021:07:01:34 +0800] "GET /xingrg/all/function/internal_message.html?_=1612220498845&CODE_STATE=getMsg HTTP/1.1" 200 27
58.37.230.33 - - [02/Feb/2021:07:01:47 +0800] "GET /xingrg/all/function/internal_message.html?_=1612220545931&CODE_STATE=getMsg HTTP/1.1" 200 27
120.253.135.82 - - [02/Feb/2021:07:01:56 +0800] "POST /xingrg/all/common/load_select.html HTTP/1.1" 200 25
120.253.135.82 - - [02/Feb/2021:07:01:57 +0800] "GET /xingrg/kc/pszx/mdps_order_operate.html?command=get_materiel_price&pszx_code=00101&rest_code=00141&base_code=0010246&code=00101019267&unit_code=00100157&order_time=2021-02-03 HTTP/1.1" 200 34
58.37.230.33 - - [02/Feb/2021:07:01:58 +0800] "GET /xingrg/all/function/internal_message.html?_=1612220542552&CODE_STATE=getMsg HTTP/1.1" 200 27
116.224.253.72 - - [02/Feb/2021:07:02:09 +0800] "GET /xingrg/all/function/internal_message.html?_=1612220501403&CODE_STATE=getMsg HTTP/1.1" 200 27
120.253.135.82 - - [02/Feb/2021:07:02:10 +0800] "POST /xingrg/all/common/load_select.html HTTP/1.1" 200 25
120.253.135.82 - - [02/Feb/2021:07:02:12 +0800] "GET /xingrg/kc/pszx/mdps_order_operate.html?command=get_materiel_price&pszx_code=00101&rest_code=00141&base_code=0010246&code=00101019222&unit_code=00100130&order_time=2021-02-03 HTTP/1.1" 200 34
120.253.135.82 - - [02/Feb/2021:07:02:17 +0800] "GET /xingrg/check_reg.html?_=1612220300262 HTTP/1.1" 200 22
120.253.135.82 - - [02/Feb/2021:07:02:19 +0800] "POST /xingrg/kc/pszx/mdps_order_operate.html HTTP/1.1" 200 37
120.253.135.82 - - [02/Feb/2021:07:02:20 +0800] "GET /xingrg/kc/pszx/mdps_order_info.html?code=312021020200073 HTTP/1.1" 200 23887
120.253.135.82 - - [02/Feb/2021:07:02:21 +0800] "GET /xingrg/javascript/easyui/themes/default/validatebox.css HTTP/1.1" 404 1104
120.253.135.82 - - [02/Feb/2021:07:02:21 +0800] "POST /xingrg/kc/pszx/mdps_order_operate.html HTTP/1.1" 200 22366
218.81.223.240 - - [02/Feb/2021:07:02:21 +0800] "GET /xingrg/all/function/internal_message.html?_=1612220550374&CODE_STATE=getMsg HTTP/1.1" 200 27
58.40.7.146 - - [02/Feb/2021:07:02:28 +0800] "GET /xingrg/all/function/internal_message.html?_=1612220547500&CODE_STATE=getMsg HTTP/1.1" 302 -
120.253.135.82 - - [02/Feb/2021:07:02:30 +0800] "GET /xingrg/all/function/internal_message.html?_=1612220313169&CODE_STATE=getMsg HTTP/1.1" 200 27
180.169.147.146 - - [02/Feb/2021:07:02:34 +0800] "GET /xingrg/all/function/internal_message.html?_=1612220558853&CODE_STATE=getMsg HTTP/1.1" 200 27
218.81.223.240 - - [02/Feb/2021:07:02:36 +0800] "GET /xingrg/check_reg.html?_=1612220564891 HTTP/1.1" 200 22
120.253.135.82 - - [02/Feb/2021:07:02:43 +0800] "GET /xingrg/check_reg.html?_=1612220669977 HTTP/1.1" 200 22
58.37.230.33 - - [02/Feb/2021:07:02:47 +0800] "GET /xingrg/all/function/internal_message.html?_=1612220605907&CODE_STATE=getMsg HTTP/1.1" 200 27
120.253.135.82 - - [02/Feb/2021:07:02:52 +0800] "POST /xingrg/kc/pszx/mdps_order_operate.html HTTP/1.1" 200 37
120.253.135.82 - - [02/Feb/2021:07:02:52 +0800] "GET /xingrg/kc/pszx/mdps_order_info.html?code=312021020200073 HTTP/1.1" 200 23887
120.253.135.82 - - [02/Feb/2021:07:02:53 +0800] "GET /xingrg/javascript/easyui/themes/default/validatebox.css HTTP/1.1" 404 1104
120.253.135.82 - - [02/Feb/2021:07:02:53 +0800] "POST /xingrg/kc/pszx/mdps_order_operate.html HTTP/1.1" 200 22366
120.253.135.82 - - [02/Feb/2021:07:02:57 +0800] "POST /xingrg/kc/pszx/mdps_list_operate.html HTTP/1.1" 200 5224
58.37.230.33 - - [02/Feb/2021:07:02:58 +0800] "GET /xingrg/all/function/internal_message.html?_=1612220602552&CODE_STATE=getMsg HTTP/1.1" 200 27
120.253.135.82 - - [02/Feb/2021:07:03:00 +0800] "POST /xingrg/kc/pszx/mdps_list_operate.html HTTP/1.1" 200 626
120.253.135.82 - - [02/Feb/2021:07:03:01 +0800] "GET /xingrg/kc/pszx/mdps_order_info.html?code=312021020200074 HTTP/1.1" 200 23887
120.253.135.82 - - [02/Feb/2021:07:03:01 +0800] "GET /xingrg/javascript/easyui/themes/default/validatebox.css HTTP/1.1" 404 1104
120.253.135.82 - - [02/Feb/2021:07:03:01 +0800] "POST /xingrg/kc/pszx/mdps_order_operate.html HTTP/1.1" 200 8715
120.253.135.82 - - [02/Feb/2021:07:03:02 +0800] "GET /xingrg/check_reg.html?_=1612220689065 HTTP/1.1" 200 22
120.253.135.82 - - [02/Feb/2021:07:03:03 +0800] "GET /xingrg/css/images/panel_loading.gif HTTP/1.1" 200 1737
120.253.135.82 - - [02/Feb/2021:07:03:03 +0800] "POST /xingrg/all/common/load_combo.html?type=base HTTP/1.1" 200 984
58.37.230.33 - - [02/Feb/2021:07:03:07 +0800] "GET /xingrg/check_reg.html?_=1612220625650 HTTP/1.1" 200 22
120.253.135.82 - - [02/Feb/2021:07:03:08 +0800] "POST /xingrg/kc/pszx/mdps_order_operate.html HTTP/1.1" 200 37
116.224.253.72 - - [02/Feb/2021:07:03:09 +0800] "GET /xingrg/all/function/internal_message.html?_=1612220561408&CODE_STATE=getMsg HTTP/1.1" 200 27
120.253.135.82 - - [02/Feb/2021:07:03:10 +0800] "GET /xingrg/kc/pszx/mdps_order_info.html?code=312021020200074 HTTP/1.1" 200 23887
120.253.135.82 - - [02/Feb/2021:07:03:10 +0800] "POST /xingrg/kc/pszx/mdps_order_operate.html HTTP/1.1" 200 8831
120.253.135.82 - - [02/Feb/2021:07:03:11 +0800] "GET /xingrg/javascript/easyui/themes/default/validatebox.css HTTP/1.1" 404 1104
218.81.223.240 - - [02/Feb/2021:07:03:21 +0800] "GET /xingrg/all/function/internal_message.html?_=1612220610389&CODE_STATE=getMsg HTTP/1.1" 200 27
58.40.7.146 - - [02/Feb/2021:07:03:28 +0800] "GET /xingrg/all/function/internal_message.html?_=1612220607485&CODE_STATE=getMsg HTTP/1.1" 302 -
120.253.135.82 - - [02/Feb/2021:07:03:29 +0800] "GET /xingrg/kc/pszx/mdps_order_operate.html?command=get_materiel&pszx_code=00101&rest_code=00141&base_code=0010250&code=00102002940 HTTP/1.1" 200 419
120.253.135.82 - - [02/Feb/2021:07:03:30 +0800] "GET /xingrg/all/function/internal_message.html?_=1612220373183&CODE_STATE=getMsg HTTP/1.1" 200 27
180.169.147.146 - - [02/Feb/2021:07:03:34 +0800] "GET /xingrg/all/function/internal_message.html?_=1612220618872&CODE_STATE=getMsg HTTP/1.1" 200 27
58.40.7.146 - - [02/Feb/2021:07:03:36 +0800] "GET /xingrg/check_reg.html?_=1612220616127 HTTP/1.1" 302 -
58.37.230.33 - - [02/Feb/2021:07:03:47 +0800] "GET /xingrg/all/function/internal_message.html?_=1612220665883&CODE_STATE=getMsg HTTP/1.1" 200 27
120.253.135.82 - - [02/Feb/2021:07:03:47 +0800] "POST /xingrg/kc/pszx/mdps_order_operate.html HTTP/1.1" 200 37
120.253.135.82 - - [02/Feb/2021:07:03:48 +0800] "GET /xingrg/kc/pszx/mdps_order_info.html?code=312021020200074 HTTP/1.1" 200 23887
120.253.135.82 - - [02/Feb/2021:07:03:49 +0800] "GET /xingrg/javascript/easyui/themes/default/validatebox.css HTTP/1.1" 404 1104
120.253.135.82 - - [02/Feb/2021:07:03:49 +0800] "POST /xingrg/kc/pszx/mdps_order_operate.html HTTP/1.1" 200 8812
120.253.135.82 - - [02/Feb/2021:07:03:51 +0800] "POST /xingrg/kc/pszx/mdps_list_operate.html HTTP/1.1" 200 5224
120.253.135.82 - - [02/Feb/2021:07:03:52 +0800] "POST /xingrg/kc/pszx/mdps_list_operate.html HTTP/1.1" 200 211
120.253.135.82 - - [02/Feb/2021:07:03:54 +0800] "GET /xingrg/kc/pszx/mdps_order_info.html?code=312021020200075 HTTP/1.1" 200 23887
120.253.135.82 - - [02/Feb/2021:07:03:54 +0800] "POST /xingrg/kc/pszx/mdps_order_operate.html HTTP/1.1" 200 2280
120.253.135.82 - - [02/Feb/2021:07:03:54 +0800] "GET /xingrg/javascript/easyui/themes/default/validatebox.css HTTP/1.1" 404 1104
120.253.135.82 - - [02/Feb/2021:07:03:57 +0800] "POST /xingrg/kc/pszx/mdps_order_operate.html HTTP/1.1" 200 37
120.253.135.82 - - [02/Feb/2021:07:03:58 +0800] "GET /xingrg/kc/pszx/mdps_order_info.html?code=312021020200075 HTTP/1.1" 200 23887
58.37.230.33 - - [02/Feb/2021:07:03:58 +0800] "GET /xingrg/all/function/internal_message.html?_=1612220662550&CODE_STATE=getMsg HTTP/1.1" 200 27
120.253.135.82 - - [02/Feb/2021:07:03:59 +0800] "POST /xingrg/kc/pszx/mdps_order_operate.html HTTP/1.1" 200 2289
120.253.135.82 - - [02/Feb/2021:07:03:59 +0800] "GET /xingrg/javascript/easyui/themes/default/validatebox.css HTTP/1.1" 404 1104
120.253.135.82 - - [02/Feb/2021:07:04:01 +0800] "POST /xingrg/kc/pszx/mdps_list_operate.html HTTP/1.1" 200 5224
120.253.135.82 - - [02/Feb/2021:07:04:03 +0800] "POST /xingrg/kc/pszx/mdps_list_operate.html HTTP/1.1" 200 205
120.253.135.82 - - [02/Feb/2021:07:04:04 +0800] "GET /xingrg/kc/pszx/mdps_order_info.html?code=312021020200076 HTTP/1.1" 200 23887
120.253.135.82 - - [02/Feb/2021:07:04:04 +0800] "POST /xingrg/kc/pszx/mdps_order_operate.html HTTP/1.1" 200 2287
120.253.135.82 - - [02/Feb/2021:07:04:04 +0800] "GET /xingrg/javascript/easyui/themes/default/validatebox.css HTTP/1.1" 404 1104
120.253.135.82 - - [02/Feb/2021:07:04:07 +0800] "POST /xingrg/all/common/load_combo.html?type=base HTTP/1.1" 200 984
116.224.253.72 - - [02/Feb/2021:07:04:09 +0800] "GET /xingrg/all/function/internal_message.html?_=1612220621429&CODE_STATE=getMsg HTTP/1.1" 200 27
120.253.135.82 - - [02/Feb/2021:07:04:13 +0800] "POST /xingrg/kc/pszx/mdps_order_operate.html HTTP/1.1" 200 37
120.253.135.82 - - [02/Feb/2021:07:04:14 +0800] "GET /xingrg/kc/pszx/mdps_order_info.html?code=312021020200076 HTTP/1.1" 200 23885
120.253.135.82 - - [02/Feb/2021:07:04:15 +0800] "POST /xingrg/kc/pszx/mdps_order_operate.html HTTP/1.1" 200 2295
120.253.135.82 - - [02/Feb/2021:07:04:15 +0800] "GET /xingrg/javascript/easyui/themes/default/validatebox.css HTTP/1.1" 404 1104
120.253.135.82 - - [02/Feb/2021:07:04:17 +0800] "POST /xingrg/kc/pszx/mdps_list_operate.html HTTP/1.1" 200 5221
120.253.135.82 - - [02/Feb/2021:07:04:19 +0800] "POST /xingrg/kc/pszx/mdps_list_operate.html HTTP/1.1" 200 202
218.81.223.240 - - [02/Feb/2021:07:04:21 +0800] "GET /xingrg/all/function/internal_message.html?_=1612220670402&CODE_STATE=getMsg HTTP/1.1" 200 27
120.253.135.82 - - [02/Feb/2021:07:04:22 +0800] "GET /xingrg/kc/pszx/mdps_order_info.html?code=312021012700855 HTTP/1.1" 200 23887
120.253.135.82 - - [02/Feb/2021:07:04:22 +0800] "POST /xingrg/kc/pszx/mdps_order_operate.html HTTP/1.1" 200 2280
120.253.135.82 - - [02/Feb/2021:07:04:22 +0800] "GET /xingrg/javascript/easyui/themes/default/validatebox.css HTTP/1.1" 404 1104
180.169.147.146 - - [02/Feb/2021:07:04:25 +0800] "GET /xingrg/check_reg.html?_=1612220669023 HTTP/1.1" 200 22
120.253.135.82 - - [02/Feb/2021:07:04:26 +0800] "POST /xingrg/kc/pszx/mdps_list_operate.html HTTP/1.1" 200 5221
58.40.7.146 - - [02/Feb/2021:07:04:28 +0800] "GET /xingrg/all/function/internal_message.html?_=1612220667458&CODE_STATE=getMsg HTTP/1.1" 302 -
120.253.135.82 - - [02/Feb/2021:07:04:30 +0800] "GET /xingrg/all/function/internal_message.html?_=1612220433197&CODE_STATE=getMsg HTTP/1.1" 200 27
120.253.135.82 - - [02/Feb/2021:07:04:34 +0800] "GET /xingrg/kc/pszx/mdqp_order_list.html?state=10 HTTP/1.1" 200 16418
120.253.135.82 - - [02/Feb/2021:07:04:34 +0800] "GET /xingrg/javascript/jquery_easy_ui/themes/icon.css HTTP/1.1" 200 3949
120.253.135.82 - - [02/Feb/2021:07:04:34 +0800] "GET /xingrg/css/blue.css HTTP/1.1" 200 15949
120.253.135.82 - - [02/Feb/2021:07:04:34 +0800] "GET /xingrg/dwr/interface/AjaxReportQueryService.js HTTP/1.1" 200 13203
120.253.135.82 - - [02/Feb/2021:07:04:34 +0800] "GET /xingrg/dwr/interface/AjaxQqpsService.js HTTP/1.1" 200 16326
120.253.135.82 - - [02/Feb/2021:07:04:34 +0800] "GET /xingrg/javascript/Calendar.js HTTP/1.1" 200 31561
120.253.135.82 - - [02/Feb/2021:07:04:34 +0800] "GET /xingrg/dwr/util.js HTTP/1.1" 200 35990
120.253.135.82 - - [02/Feb/2021:07:04:34 +0800] "GET /xingrg/javascript/jquery_easy_ui/themes/default/easyui.css HTTP/1.1" 200 26500
120.253.135.82 - - [02/Feb/2021:07:04:34 +0800] "GET /xingrg/dwr/engine.js HTTP/1.1" 200 43631
120.253.135.82 - - [02/Feb/2021:07:04:34 +0800] "GET /xingrg/javascript/jquery_easy_ui/themes/icons/check_new.png HTTP/1.1" 200 3224
120.253.135.82 - - [02/Feb/2021:07:04:34 +0800] "GET /xingrg/javascript/jquery_easy_ui/themes/icons/back_new.png HTTP/1.1" 200 3414
120.253.135.82 - - [02/Feb/2021:07:04:34 +0800] "GET /xingrg/javascript/jquery_easy_ui/themes/icons/uncheck_new.png HTTP/1.1" 200 3197
180.169.147.146 - - [02/Feb/2021:07:04:34 +0800] "GET /xingrg/all/function/internal_message.html?_=1612220678880&CODE_STATE=getMsg HTTP/1.1" 200 27
120.253.135.82 - - [02/Feb/2021:07:04:41 +0800] "GET /xingrg/kc/pszx/jzcl_ps.html HTTP/1.1" 200 7683
120.253.135.82 - - [02/Feb/2021:07:04:42 +0800] "GET /xingrg/css/table.css HTTP/1.1" 200 3684
120.253.135.82 - - [02/Feb/2021:07:04:42 +0800] "GET /xingrg/javascript/jquery_easy_ui/easyui-lang-zh_CN.js HTTP/1.1" 200 1900
120.253.135.82 - - [02/Feb/2021:07:04:42 +0800] "GET /xingrg/javascript/jquery-1.4.2.min.js HTTP/1.1" 200 72205
120.253.135.82 - - [02/Feb/2021:07:04:42 +0800] "GET /xingrg/javascript/step/step.css HTTP/1.1" 200 999
120.253.135.82 - - [02/Feb/2021:07:04:42 +0800] "GET /xingrg/javascript/tools/jquery.qtip-1.0.0-rc3.min.js HTTP/1.1" 200 38404
120.253.135.82 - - [02/Feb/2021:07:04:42 +0800] "GET /xingrg/javascript/jquery_easy_ui/themes/default/images/combo_arrow_dot.gif HTTP/1.1" 200 79
120.253.135.82 - - [02/Feb/2021:07:04:42 +0800] "POST /xingrg/all/common/load_tree.html?tree=area_rest_tree_json HTTP/1.1" 200 3344
120.253.135.82 - - [02/Feb/2021:07:04:42 +0800] "GET /xingrg/javascript/jquery_easy_ui/themes/default/images/calendar_prevmonth.gif HTTP/1.1" 200 66
120.253.135.82 - - [02/Feb/2021:07:04:42 +0800] "GET /xingrg/javascript/jquery_easy_ui/themes/default/images/calendar_nextyear.gif HTTP/1.1" 200 75
120.253.135.82 - - [02/Feb/2021:07:04:42 +0800] "GET /xingrg/javascript/jquery_easy_ui/themes/default/images/calendar_nextmonth.gif HTTP/1.1" 200 64
120.253.135.82 - - [02/Feb/2021:07:04:42 +0800] "GET /xingrg/javascript/jquery_easy_ui/themes/default/images/calendar_prevyear.gif HTTP/1.1" 200 76
120.253.135.82 - - [02/Feb/2021:07:04:42 +0800] "GET /xingrg/images/control/ajaxLoader.gif HTTP/1.1" 200 4659
120.253.135.82 - - [02/Feb/2021:07:04:42 +0800] "GET /xingrg/javascript/jquery_easy_ui/themes/default/images/pagination_loading.gif HTTP/1.1" 200 1737
120.253.135.82 - - [02/Feb/2021:07:04:42 +0800] "POST /xingrg/kc/pszx/jzcl_ps_operate.html HTTP/1.1" 200 10182
120.253.135.82 - - [02/Feb/2021:07:04:42 +0800] "POST /xingrg/kc/pszx/jzcl_ps_operate.html HTTP/1.1" 200 10182
58.37.230.33 - - [02/Feb/2021:07:04:47 +0800] "GET /xingrg/all/function/internal_message.html?_=1612220725890&CODE_STATE=getMsg HTTP/1.1" 200 27
58.37.230.33 - - [02/Feb/2021:07:04:58 +0800] "GET /xingrg/all/function/internal_message.html?_=1612220722549&CODE_STATE=getMsg HTTP/1.1" 200 27
58.37.230.33 - - [02/Feb/2021:07:04:58 +0800] "GET /xingrg/check_reg.html?_=1612220722550 HTTP/1.1" 200 22
116.224.253.72 - - [02/Feb/2021:07:05:00 +0800] "GET /xingrg/check_reg.html?_=1612220672468 HTTP/1.1" 200 22
116.224.253.72 - - [02/Feb/2021:07:05:09 +0800] "GET /xingrg/all/function/internal_message.html?_=1612220681435&CODE_STATE=getMsg HTTP/1.1" 200 27
120.253.135.82 - - [02/Feb/2021:07:05:14 +0800] "POST /xingrg/kc/pszx/jzcl_ps_operate.html HTTP/1.1" 200 4
120.253.135.82 - - [02/Feb/2021:07:05:14 +0800] "GET /xingrg/javascript/step/images/navDoneBtn.gif HTTP/1.1" 200 394
218.81.223.240 - - [02/Feb/2021:07:05:21 +0800] "GET /xingrg/all/function/internal_message.html?_=1612220730578&CODE_STATE=getMsg HTTP/1.1" 200 27
58.40.7.146 - - [02/Feb/2021:07:05:28 +0800] "GET /xingrg/all/function/internal_message.html?_=1612220727429&CODE_STATE=getMsg HTTP/1.1" 302 -
120.253.135.82 - - [02/Feb/2021:07:05:32 +0800] "GET /xingrg/kc/pszx/mdps_order_list.html HTTP/1.1" 200 21153
120.253.135.82 - - [02/Feb/2021:07:05:32 +0800] "GET /xingrg/javascript/jquery_tools/fix.css HTTP/1.1" 200 1702
120.253.135.82 - - [02/Feb/2021:07:05:32 +0800] "GET /xingrg/javascript/jquery_tools/table.css HTTP/1.1" 200 1032
120.253.135.82 - - [02/Feb/2021:07:05:32 +0800] "GET /xingrg/javascript/jquery_tools/list_manager.js HTTP/1.1" 200 3652
120.253.135.82 - - [02/Feb/2021:07:05:32 +0800] "GET /xingrg/javascript/jquery_tools/jquery.tools.table.js HTTP/1.1" 200 6994
120.253.135.82 - - [02/Feb/2021:07:05:32 +0800] "GET /xingrg/javascript/jquery.cookie.js HTTP/1.1" 200 5513
120.253.135.82 - - [02/Feb/2021:07:05:33 +0800] "GET /xingrg/javascript/easyui/themes/icons/edit_add_new.png HTTP/1.1" 200 2997
120.253.135.82 - - [02/Feb/2021:07:05:33 +0800] "GET /xingrg/javascript/easyui/themes/icons/cance_new.png HTTP/1.1" 200 3986
120.253.135.82 - - [02/Feb/2021:07:05:33 +0800] "GET /xingrg/javascript/easyui/themes/icons/check_new.png HTTP/1.1" 200 3224
120.253.135.82 - - [02/Feb/2021:07:05:33 +0800] "GET /xingrg/javascript/easyui/themes/icons/uncheck_new.png HTTP/1.1" 200 3197
120.253.135.82 - - [02/Feb/2021:07:05:33 +0800] "GET /xingrg/javascript/easyui/themes/icons/import_new.png HTTP/1.1" 200 1247
120.253.135.82 - - [02/Feb/2021:07:05:33 +0800] "GET /xingrg/javascript/easyui/themes/icons/field_new.png HTTP/1.1" 200 1097
120.253.135.82 - - [02/Feb/2021:07:05:33 +0800] "POST /xingrg/kc/pszx/mdps_list_operate.html HTTP/1.1" 200 5636
120.253.135.82 - - [02/Feb/2021:07:05:33 +0800] "GET /xingrg/all/function/internal_message.html?_=1612220496517&CODE_STATE=getMsg HTTP/1.1" 200 27
180.169.147.146 - - [02/Feb/2021:07:05:34 +0800] "GET /xingrg/all/function/internal_message.html?_=1612220738896&CODE_STATE=getMsg HTTP/1.1" 200 27
58.37.230.33 - - [02/Feb/2021:07:05:47 +0800] "GET /xingrg/all/function/internal_message.html?_=1612220785859&CODE_STATE=getMsg HTTP/1.1" 200 27
120.253.135.82 - - [02/Feb/2021:07:05:48 +0800] "POST /xingrg/kc/pszx/mdps_list_operate.html HTTP/1.1" 200 5225
120.253.135.82 - - [02/Feb/2021:07:05:50 +0800] "POST /xingrg/kc/pszx/mdps_list_operate.html HTTP/1.1" 200 605
120.253.135.82 - - [02/Feb/2021:07:05:51 +0800] "GET /xingrg/kc/pszx/mdps_order_info.html?code=312021020200077 HTTP/1.1" 200 23887
120.253.135.82 - - [02/Feb/2021:07:05:52 +0800] "POST /xingrg/kc/pszx/mdps_order_operate.html HTTP/1.1" 200 4732
120.253.135.82 - - [02/Feb/2021:07:05:52 +0800] "GET /xingrg/javascript/easyui/themes/default/validatebox.css HTTP/1.1" 404 1104
120.253.135.82 - - [02/Feb/2021:07:05:56 +0800] "POST /xingrg/all/common/load_combo.html?type=base HTTP/1.1" 200 984
58.37.230.33 - - [02/Feb/2021:07:05:58 +0800] "GET /xingrg/all/function/internal_message.html?_=1612220782548&CODE_STATE=getMsg HTTP/1.1" 200 27
120.253.135.82 - - [02/Feb/2021:07:06:00 +0800] "POST /xingrg/kc/pszx/mdps_order_operate.html HTTP/1.1" 200 37
120.253.135.82 - - [02/Feb/2021:07:06:01 +0800] "GET /xingrg/kc/pszx/mdps_order_info.html?code=312021020200077 HTTP/1.1" 200 23887
120.253.135.82 - - [02/Feb/2021:07:06:02 +0800] "POST /xingrg/kc/pszx/mdps_order_operate.html HTTP/1.1" 200 4783
120.253.135.82 - - [02/Feb/2021:07:06:02 +0800] "GET /xingrg/javascript/easyui/themes/default/validatebox.css HTTP/1.1" 404 1104
116.224.253.72 - - [02/Feb/2021:07:06:09 +0800] "GET /xingrg/all/function/internal_message.html?_=1612220741448&CODE_STATE=getMsg HTTP/1.1" 200 27
218.81.223.240 - - [02/Feb/2021:07:06:21 +0800] "GET /xingrg/all/function/internal_message.html?_=1612220790586&CODE_STATE=getMsg HTTP/1.1" 200 27
120.253.135.82 - - [02/Feb/2021:07:06:22 +0800] "POST /xingrg/kc/pszx/mdps_list_operate.html HTTP/1.1" 200 278
120.253.135.82 - - [02/Feb/2021:07:06:23 +0800] "GET /xingrg/kc/pszx/mdps_order_info.html?code=312021020200078 HTTP/1.1" 200 23887
120.253.135.82 - - [02/Feb/2021:07:06:23 +0800] "POST /xingrg/kc/pszx/mdps_order_operate.html HTTP/1.1" 200 2764
120.253.135.82 - - [02/Feb/2021:07:06:23 +0800] "GET /xingrg/javascript/easyui/themes/default/validatebox.css HTTP/1.1" 404 1104
120.253.135.82 - - [02/Feb/2021:07:06:25 +0800] "POST /xingrg/all/common/load_combo.html?type=base HTTP/1.1" 200 984
58.40.7.146 - - [02/Feb/2021:07:06:28 +0800] "GET /xingrg/all/function/internal_message.html?_=1612220787398&CODE_STATE=getMsg HTTP/1.1" 302 -
120.253.135.82 - - [02/Feb/2021:07:06:31 +0800] "POST /xingrg/kc/pszx/mdps_order_operate.html HTTP/1.1" 200 37
120.253.135.82 - - [02/Feb/2021:07:06:32 +0800] "GET /xingrg/kc/pszx/mdps_order_info.html?code=312021020200078 HTTP/1.1" 200 23885
120.253.135.82 - - [02/Feb/2021:07:06:33 +0800] "GET /xingrg/javascript/easyui/themes/default/validatebox.css HTTP/1.1" 404 1104
120.253.135.82 - - [02/Feb/2021:07:06:33 +0800] "POST /xingrg/kc/pszx/mdps_order_operate.html HTTP/1.1" 200 2780
120.253.135.82 - - [02/Feb/2021:07:06:33 +0800] "GET /xingrg/all/function/internal_message.html?_=1612220556531&CODE_STATE=getMsg HTTP/1.1" 200 27
180.169.147.146 - - [02/Feb/2021:07:06:34 +0800] "GET /xingrg/all/function/internal_message.html?_=1612220798912&CODE_STATE=getMsg HTTP/1.1" 200 27
120.253.135.82 - - [02/Feb/2021:07:06:36 +0800] "POST /xingrg/kc/pszx/mdps_list_operate.html HTTP/1.1" 200 5222
120.253.135.82 - - [02/Feb/2021:07:06:37 +0800] "POST /xingrg/kc/pszx/mdps_list_operate.html HTTP/1.1" 200 233
120.253.135.82 - - [02/Feb/2021:07:06:39 +0800] "GET /xingrg/kc/pszx/mdps_order_info.html?code=312021020200079 HTTP/1.1" 200 23887
120.253.135.82 - - [02/Feb/2021:07:06:39 +0800] "GET /xingrg/javascript/easyui/themes/default/validatebox.css HTTP/1.1" 404 1104
120.253.135.82 - - [02/Feb/2021:07:06:39 +0800] "POST /xingrg/kc/pszx/mdps_order_operate.html HTTP/1.1" 200 2323
120.253.135.82 - - [02/Feb/2021:07:06:42 +0800] "POST /xingrg/kc/pszx/mdps_order_operate.html HTTP/1.1" 200 37
120.253.135.82 - - [02/Feb/2021:07:06:43 +0800] "GET /xingrg/kc/pszx/mdps_order_info.html?code=312021020200079 HTTP/1.1" 200 23887
120.253.135.82 - - [02/Feb/2021:07:06:44 +0800] "GET /xingrg/javascript/easyui/themes/default/validatebox.css HTTP/1.1" 404 1104
120.253.135.82 - - [02/Feb/2021:07:06:44 +0800] "POST /xingrg/kc/pszx/mdps_order_operate.html HTTP/1.1" 200 2332
120.253.135.82 - - [02/Feb/2021:07:06:45 +0800] "POST /xingrg/kc/pszx/mdps_list_operate.html HTTP/1.1" 200 5222
120.253.135.82 - - [02/Feb/2021:07:06:47 +0800] "POST /xingrg/kc/pszx/mdps_list_operate.html HTTP/1.1" 200 507
58.37.230.33 - - [02/Feb/2021:07:06:47 +0800] "GET /xingrg/all/function/internal_message.html?_=1612220845828&CODE_STATE=getMsg HTTP/1.1" 200 27
120.253.135.82 - - [02/Feb/2021:07:06:48 +0800] "GET /xingrg/kc/pszx/mdps_order_info.html?code=312021020200080 HTTP/1.1" 200 23887
120.253.135.82 - - [02/Feb/2021:07:06:48 +0800] "POST /xingrg/kc/pszx/mdps_order_operate.html HTTP/1.1" 200 4189
120.253.135.82 - - [02/Feb/2021:07:06:48 +0800] "GET /xingrg/javascript/easyui/themes/default/validatebox.css HTTP/1.1" 404 1104
120.253.135.82 - - [02/Feb/2021:07:06:51 +0800] "POST /xingrg/kc/pszx/mdps_order_operate.html HTTP/1.1" 200 37
120.253.135.82 - - [02/Feb/2021:07:06:52 +0800] "GET /xingrg/kc/pszx/mdps_order_info.html?code=312021020200080 HTTP/1.1" 200 23887
120.253.135.82 - - [02/Feb/2021:07:06:53 +0800] "GET /xingrg/javascript/easyui/themes/default/validatebox.css HTTP/1.1" 404 1104
120.253.135.82 - - [02/Feb/2021:07:06:53 +0800] "POST /xingrg/kc/pszx/mdps_order_operate.html HTTP/1.1" 200 4228
58.37.230.33 - - [02/Feb/2021:07:06:58 +0800] "GET /xingrg/all/function/internal_message.html?_=1612220842547&CODE_STATE=getMsg HTTP/1.1" 200 27
116.224.253.72 - - [02/Feb/2021:07:07:09 +0800] "GET /xingrg/all/function/internal_message.html?_=1612220801468&CODE_STATE=getMsg HTTP/1.1" 200 27
120.253.135.82 - - [02/Feb/2021:07:07:17 +0800] "GET /xingrg/check_reg.html?_=1612220600261 HTTP/1.1" 200 22
218.81.223.240 - - [02/Feb/2021:07:07:22 +0800] "GET /xingrg/all/function/internal_message.html?_=1612220850755&CODE_STATE=getMsg HTTP/1.1" 200 27
120.253.135.82 - - [02/Feb/2021:07:07:22 +0800] "POST /xingrg/kc/pszx/mdps_list_operate.html HTTP/1.1" 200 5222
120.253.135.82 - - [02/Feb/2021:07:07:24 +0800] "POST /xingrg/kc/pszx/mdps_list_operate.html HTTP/1.1" 200 507
120.253.135.82 - - [02/Feb/2021:07:07:25 +0800] "POST /xingrg/kc/pszx/mdps_list_operate.html HTTP/1.1" 200 205
120.253.135.82 - - [02/Feb/2021:07:07:27 +0800] "GET /xingrg/kc/pszx/mdps_order_info.html?code=312021020200081 HTTP/1.1" 200 23887
58.40.7.146 - - [02/Feb/2021:07:07:28 +0800] "GET /xingrg/all/function/internal_message.html?_=1612220847370&CODE_STATE=getMsg HTTP/1.1" 302 -
120.253.135.82 - - [02/Feb/2021:07:07:28 +0800] "POST /xingrg/kc/pszx/mdps_order_operate.html HTTP/1.1" 200 2273
120.253.135.82 - - [02/Feb/2021:07:07:28 +0800] "GET /xingrg/javascript/easyui/themes/default/validatebox.css HTTP/1.1" 404 1104
120.253.135.82 - - [02/Feb/2021:07:07:30 +0800] "POST /xingrg/kc/pszx/mdps_list_operate.html HTTP/1.1" 200 5222
120.253.135.82 - - [02/Feb/2021:07:07:33 +0800] "GET /xingrg/kc/pszx/ps_main.html HTTP/1.1" 200 13401
120.253.135.82 - - [02/Feb/2021:07:07:33 +0800] "GET /xingrg/javascript/ToolTips.js HTTP/1.1" 200 5615
120.253.135.82 - - [02/Feb/2021:07:07:33 +0800] "GET /xingrg/images/blue/button/jzcgd.gif HTTP/1.1" 200 1976
120.253.135.82 - - [02/Feb/2021:07:07:33 +0800] "GET /xingrg/images/blue/button/cgydd.gif HTTP/1.1" 200 2712
120.253.135.82 - - [02/Feb/2021:07:07:33 +0800] "GET /xingrg/images/blue/bg_dotted.jpg HTTP/1.1" 200 319
120.253.135.82 - - [02/Feb/2021:07:07:33 +0800] "GET /xingrg/images/blue/pic_form2.gif HTTP/1.1" 200 1853
120.253.135.82 - - [02/Feb/2021:07:07:33 +0800] "GET /xingrg/images/blue/button/down_ah.jpg HTTP/1.1" 200 1732
120.253.135.82 - - [02/Feb/2021:07:07:33 +0800] "GET /xingrg/all/function/internal_message.html?_=1612220616544&CODE_STATE=getMsg HTTP/1.1" 200 27
120.253.135.82 - - [02/Feb/2021:07:07:34 +0800] "GET /xingrg/images/yd/bt.gif HTTP/1.1" 404 1040
180.169.147.146 - - [02/Feb/2021:07:07:35 +0800] "GET /xingrg/all/function/internal_message.html?_=1612220858921&CODE_STATE=getMsg HTTP/1.1" 200 27
120.253.135.82 - - [02/Feb/2021:07:07:35 +0800] "GET /xingrg/dwr/interface/AjaxReportQueryService.js HTTP/1.1" 200 13203
120.253.135.82 - - [02/Feb/2021:07:07:35 +0800] "GET /xingrg/kc/pszx/mdqp_order_list.html HTTP/1.1" 200 38367
120.253.135.82 - - [02/Feb/2021:07:07:35 +0800] "GET /xingrg/dwr/interface/AjaxQqpsService.js HTTP/1.1" 200 16326
120.253.135.82 - - [02/Feb/2021:07:07:35 +0800] "GET /xingrg/dwr/engine.js HTTP/1.1" 200 43631
218.81.223.240 - - [02/Feb/2021:07:07:36 +0800] "GET /xingrg/check_reg.html?_=1612220864892 HTTP/1.1" 200 22
120.253.135.82 - - [02/Feb/2021:07:07:40 +0800] "GET /xingrg/kc/pszx/mdqp_order_list.html?page_num=2 HTTP/1.1" 200 38447
120.253.135.82 - - [02/Feb/2021:07:07:40 +0800] "GET /xingrg/dwr/interface/AjaxReportQueryService.js HTTP/1.1" 200 13203
120.253.135.82 - - [02/Feb/2021:07:07:40 +0800] "GET /xingrg/dwr/interface/AjaxQqpsService.js HTTP/1.1" 200 16326
120.253.135.82 - - [02/Feb/2021:07:07:40 +0800] "GET /xingrg/dwr/engine.js HTTP/1.1" 200 43631
120.253.135.82 - - [02/Feb/2021:07:07:43 +0800] "GET /xingrg/check_reg.html?_=1612220969978 HTTP/1.1" 200 22
120.253.135.82 - - [02/Feb/2021:07:07:43 +0800] "GET /xingrg/kc/pszx/mdqp_order_info.html?code=302021020100027 HTTP/1.1" 200 12913
120.253.135.82 - - [02/Feb/2021:07:07:43 +0800] "GET /xingrg/javascript/AjaxInfoList.js HTTP/1.1" 200 3774
120.253.135.82 - - [02/Feb/2021:07:07:43 +0800] "GET /xingrg/dwr/interface/AjaxComOrderService.js HTTP/1.1" 200 18264
120.253.135.82 - - [02/Feb/2021:07:07:43 +0800] "GET /xingrg/dwr/interface/AjaxQqpsService.js HTTP/1.1" 200 16326
120.253.135.82 - - [02/Feb/2021:07:07:43 +0800] "GET /xingrg/javascript/checkform.js HTTP/1.1" 200 18351
120.253.135.82 - - [02/Feb/2021:07:07:43 +0800] "GET /xingrg/dwr/engine.js HTTP/1.1" 200 43631
120.253.135.82 - - [02/Feb/2021:07:07:43 +0800] "GET /xingrg/javascript/Grid.js HTTP/1.1" 200 58908
120.253.135.82 - - [02/Feb/2021:07:07:44 +0800] "GET /xingrg/javascript/jquery_easy_ui/themes/icons/print.png HTTP/1.1" 200 1057
120.253.135.82 - - [02/Feb/2021:07:07:44 +0800] "GET /xingrg/javascript/jquery_easy_ui/themes/default/images/menu_downarrow.png HTTP/1.1" 200 173
120.253.135.82 - - [02/Feb/2021:07:07:44 +0800] "GET /xingrg/images/blue/kc_tab_left.gif HTTP/1.1" 200 188
120.253.135.82 - - [02/Feb/2021:07:07:44 +0800] "GET /xingrg/images/blue/kc_tab_right.gif HTTP/1.1" 200 643
120.253.135.82 - - [02/Feb/2021:07:07:44 +0800] "GET /xingrg/images/blue/kc_tab_mid.gif HTTP/1.1" 200 44
120.253.135.82 - - [02/Feb/2021:07:07:44 +0800] "GET /xingrg/images/blue/wait.gif HTTP/1.1" 200 1100
120.253.135.82 - - [02/Feb/2021:07:07:44 +0800] "POST /xingrg/dwr/call/plaincall/AjaxQqpsService.loadMaterielItems.dwr HTTP/1.1" 200 6533
58.37.230.33 - - [02/Feb/2021:07:07:47 +0800] "GET /xingrg/all/function/internal_message.html?_=1612220905799&CODE_STATE=getMsg HTTP/1.1" 200 27
120.253.135.82 - - [02/Feb/2021:07:07:48 +0800] "GET /xingrg/javascript/jquery_easy_ui/themes/default/images/button_plain_hover.png HTTP/1.1" 200 252
120.253.135.82 - - [02/Feb/2021:07:07:49 +0800] "GET /xingrg/images/yd/bt.gif HTTP/1.1" 404 1040
120.253.135.82 - - [02/Feb/2021:07:07:49 +0800] "GET /xingrg/images/yd/bt2.gif HTTP/1.1" 404 1042
58.37.230.33 - - [02/Feb/2021:07:07:58 +0800] "GET /xingrg/all/function/internal_message.html?_=1612220902546&CODE_STATE=getMsg HTTP/1.1" 200 27
120.253.135.82 - - [02/Feb/2021:07:08:02 +0800] "GET /xingrg/check_reg.html?_=1612220989073 HTTP/1.1" 200 22
120.253.135.82 - - [02/Feb/2021:07:08:02 +0800] "GET /xingrg/javascript/jquery_easy_ui/themes/default/images/button_plain_hover.png HTTP/1.1" 200 252
120.253.135.82 - - [02/Feb/2021:07:08:03 +0800] "GET /xingrg/kc/pszx/mdqp_order_list.html?isBack=1 HTTP/1.1" 302 -
120.253.135.82 - - [02/Feb/2021:07:08:03 +0800] "GET /xingrg/kc/pszx/mdqp_order_list.html?page_num=2 HTTP/1.1" 200 38447
120.253.135.82 - - [02/Feb/2021:07:08:03 +0800] "GET /xingrg/dwr/interface/AjaxQqpsService.js HTTP/1.1" 200 16326
120.253.135.82 - - [02/Feb/2021:07:08:03 +0800] "GET /xingrg/dwr/interface/AjaxReportQueryService.js HTTP/1.1" 200 13203
120.253.135.82 - - [02/Feb/2021:07:08:03 +0800] "GET /xingrg/dwr/engine.js HTTP/1.1" 200 43631
120.253.135.82 - - [02/Feb/2021:07:08:06 +0800] "GET /xingrg/kc/pszx/mdqp_order_info.html?code=302021020100032 HTTP/1.1" 200 12913
120.253.135.82 - - [02/Feb/2021:07:08:06 +0800] "GET /xingrg/dwr/interface/AjaxComOrderService.js HTTP/1.1" 200 18264
120.253.135.82 - - [02/Feb/2021:07:08:06 +0800] "GET /xingrg/dwr/interface/AjaxQqpsService.js HTTP/1.1" 200 16326
120.253.135.82 - - [02/Feb/2021:07:08:06 +0800] "GET /xingrg/dwr/engine.js HTTP/1.1" 200 43631
