116.227.18.45 - - [02/Feb/2021:10:52:02 +0800] "POST /xingrg/kc/buy/cgsh_order_operate.html HTTP/1.1" 200 3858
116.227.18.45 - - [02/Feb/2021:10:52:03 +0800] "GET /xingrg/kc/print/load_config.html?kc_code=cgsh HTTP/1.1" 200 1845
116.227.18.45 - - [02/Feb/2021:10:52:03 +0800] "GET /xingrg/kc/print/load_data.html?order_code=212021020200605&kc_code=cgsh&condition= HTTP/1.1" 200 1196
180.175.150.119 - - [02/Feb/2021:10:52:04 +0800] "GET /xingrg/all/function/internal_message.html?_=1612234569407&CODE_STATE=getMsg HTTP/1.1" 200 27
114.86.227.212 - - [02/Feb/2021:10:52:04 +0800] "GET /xingrg/all/function/internal_message.html?_=1612234427459&CODE_STATE=getMsg HTTP/1.1" 200 27
180.169.147.146 - - [02/Feb/2021:10:52:04 +0800] "POST /xingrg/dwr/call/plaincall/AjaxBaseInfoService.changeUnitGroup.dwr HTTP/1.1" 200 243
114.86.227.212 - - [02/Feb/2021:10:52:05 +0800] "POST /xingrg/kc/buy/cgsh_order_operate.html HTTP/1.1" 200 8004
180.169.147.146 - - [02/Feb/2021:10:52:06 +0800] "POST /xingrg/dwr/call/plaincall/AjaxBaseInfoService.saveMateriel.dwr HTTP/1.1" 200 109
180.169.147.146 - - [02/Feb/2021:10:52:06 +0800] "POST /xingrg/dwr/call/plaincall/AjaxBaseInfoService.getMateriels.dwr HTTP/1.1" 200 3016
114.86.227.212 - - [02/Feb/2021:10:52:06 +0800] "GET /xingrg/kc/print/load_config.html?kc_code=cgsh HTTP/1.1" 200 1845
114.86.227.212 - - [02/Feb/2021:10:52:07 +0800] "GET /xingrg/kc/print/load_data.html?order_code=212021020200602&kc_code=cgsh&condition= HTTP/1.1" 200 2801
117.185.32.26 - - [02/Feb/2021:10:52:07 +0800] "GET /xingrg/all/function/internal_message.html?_=1612234811841&CODE_STATE=getMsg HTTP/1.1" 200 27
183.192.164.85 - - [02/Feb/2021:10:52:07 +0800] "GET /xingrg/all/function/internal_message.html?_=1612233707261&CODE_STATE=getMsg HTTP/1.1" 302 -
117.185.32.26 - - [02/Feb/2021:10:52:08 +0800] "GET /xingrg/all/function/internal_message.html?_=1612234345468&CODE_STATE=getMsg HTTP/1.1" 200 27
117.185.32.26 - - [02/Feb/2021:10:52:09 +0800] "GET /xingrg/kc/buy/cgsh_order_operate.html?command=get_materiel&rest_code=00106&code=00101012030&supplier_code=00100032&order_time=2021-02-02 HTTP/1.1" 200 416
58.221.95.50 - - [02/Feb/2021:10:52:12 +0800] "GET /xingrg/check_reg.html?_=1612234331295 HTTP/1.1" 302 -
114.86.187.76 - - [02/Feb/2021:10:52:14 +0800] "GET /xingrg/all/function/internal_message.html?_=1612234335416&CODE_STATE=getMsg HTTP/1.1" 200 27
183.192.164.85 - - [02/Feb/2021:10:52:14 +0800] "GET /xingrg/login.html HTTP/1.1" 200 7641
114.88.166.193 - - [02/Feb/2021:10:52:16 +0800] "GET /xingrg/all/function/internal_message.html?_=1612234336617&CODE_STATE=getMsg HTTP/1.1" 200 27
117.185.32.26 - - [02/Feb/2021:10:52:18 +0800] "GET /xingrg/kc/buy/cgsh_order_operate.html?command=get_materiel&rest_code=00106&code=00101016017&supplier_code=00100032&order_time=2021-02-02 HTTP/1.1" 200 408
116.227.18.45 - - [02/Feb/2021:10:52:23 +0800] "GET /xingrg/all/function/internal_message.html?_=1612234342402&CODE_STATE=getMsg HTTP/1.1" 200 27
116.228.172.94 - - [02/Feb/2021:10:52:25 +0800] "GET /xingrg/kc/buy/cgsh_order_operate.html?command=get_materiel&rest_code=00107&code=00101006159&supplier_code=00100344&order_time=2021-02-02 HTTP/1.1" 200 415
222.69.135.98 - - [02/Feb/2021:10:52:27 +0800] "GET /xingrg/kc/buy/cgsh_order_operate.html?command=get_materiel&rest_code=00149&code=00101029002&supplier_code=00100019&order_time=2021-02-02 HTTP/1.1" 200 450
183.192.164.214 - - [02/Feb/2021:10:52:28 +0800] "GET /xingrg/kc/buy/cgsh_order_operate.html?command=get_materiel&rest_code=00106&code=00101006109&supplier_code=00100015&order_time=2021-02-02 HTTP/1.1" 302 -
61.165.42.208 - - [02/Feb/2021:10:52:30 +0800] "GET /xingrg/kc/buy/cgsh_order_operate.html?command=get_materiel&rest_code=00105&code=00101006056&supplier_code=00100012&order_time=2021-02-02 HTTP/1.1" 200 413
116.224.253.72 - - [02/Feb/2021:10:52:31 +0800] "GET /xingrg/all/function/internal_message.html?_=1612234350721&CODE_STATE=getMsg HTTP/1.1" 200 27
116.224.253.72 - - [02/Feb/2021:10:52:32 +0800] "GET /xingrg/kc/buy/cgsh_order_add.html HTTP/1.1" 200 61751
116.224.253.72 - - [02/Feb/2021:10:52:32 +0800] "GET /xingrg/words/20210202105206_words.js HTTP/1.1" 200 793541
117.185.32.26 - - [02/Feb/2021:10:52:32 +0800] "GET /xingrg/kc/buy/cgsh_order_operate.html?command=get_materiel&rest_code=00106&code=00101012026&supplier_code=00100032&order_time=2021-02-02 HTTP/1.1" 200 410
116.224.253.72 - - [02/Feb/2021:10:52:32 +0800] "POST /xingrg/kc/buy/cgsh_order_operate.html HTTP/1.1" 200 8245
116.224.253.72 - - [02/Feb/2021:10:52:32 +0800] "GET /xingrg/javascript/easyui/themes/default/validatebox.css HTTP/1.1" 404 1104
183.192.164.214 - - [02/Feb/2021:10:52:34 +0800] "GET /xingrg/login.html HTTP/1.1" 200 7641
218.81.223.240 - - [02/Feb/2021:10:52:35 +0800] "GET /xingrg/all/function/internal_message.html?_=1612234364260&CODE_STATE=getMsg HTTP/1.1" 200 27
218.81.223.240 - - [02/Feb/2021:10:52:36 +0800] "GET /xingrg/check_reg.html?_=1612234365714 HTTP/1.1" 200 22
222.69.135.98 - - [02/Feb/2021:10:52:36 +0800] "GET /xingrg/all/function/internal_message.html?_=1612234353994&CODE_STATE=getMsg HTTP/1.1" 200 27
117.131.5.26 - - [02/Feb/2021:10:52:37 +0800] "GET /xingrg/login.html HTTP/1.1" 200 7641
117.131.5.26 - - [02/Feb/2021:10:52:37 +0800] "GET /xingrg/images/blue/jxLogo.png HTTP/1.1" 304 -
180.169.147.146 - - [02/Feb/2021:10:52:37 +0800] "GET /xingrg/all/function/internal_message.html?_=1612234362165&CODE_STATE=getMsg HTTP/1.1" 200 27
117.131.5.26 - - [02/Feb/2021:10:52:37 +0800] "GET /xingrg/images/blue/login_bg.png HTTP/1.1" 304 -
61.165.42.208 - - [02/Feb/2021:10:52:37 +0800] "GET /xingrg/kc/buy/cgsh_order_operate.html?command=get_materiel&rest_code=00105&code=00101006131&supplier_code=00100012&order_time=2021-02-02 HTTP/1.1" 200 417
117.131.5.26 - - [02/Feb/2021:10:52:37 +0800] "GET /xingrg/images/blue/hj.png HTTP/1.1" 304 -
117.131.5.26 - - [02/Feb/2021:10:52:37 +0800] "GET /xingrg/images/blue/srbg.png HTTP/1.1" 304 -
117.131.5.26 - - [02/Feb/2021:10:52:37 +0800] "GET /favicon.ico HTTP/1.1" 404 -
114.86.187.76 - - [02/Feb/2021:10:52:38 +0800] "GET /xingrg/all/function/internal_message.html?_=1612234361044&CODE_STATE=getMsg HTTP/1.1" 200 27
180.169.147.146 - - [02/Feb/2021:10:52:38 +0800] "GET /xingrg/all/function/internal_message.html?_=1612234360478&CODE_STATE=getMsg HTTP/1.1" 200 27
116.224.253.72 - - [02/Feb/2021:10:52:40 +0800] "GET /xingrg/all/function/internal_message.html?_=1612234350038&CODE_STATE=getMsg HTTP/1.1" 200 27
116.224.253.72 - - [02/Feb/2021:10:52:41 +0800] "GET /xingrg/kc/buy/cgsh_order_add.html HTTP/1.1" 200 62021
116.228.172.94 - - [02/Feb/2021:10:52:41 +0800] "POST /xingrg/kc/buy/cgsh_order_operate.html HTTP/1.1" 200 37
116.224.253.72 - - [02/Feb/2021:10:52:41 +0800] "GET /xingrg/words/20210202105206_words.js HTTP/1.1" 200 793541
58.37.230.33 - - [02/Feb/2021:10:52:41 +0800] "GET /xingrg/all/function/internal_message.html?_=1612234400609&CODE_STATE=getMsg HTTP/1.1" 200 27
116.224.253.72 - - [02/Feb/2021:10:52:42 +0800] "POST /xingrg/kc/buy/cgsh_order_operate.html HTTP/1.1" 200 8245
116.224.253.72 - - [02/Feb/2021:10:52:42 +0800] "GET /xingrg/javascript/easyui/themes/default/validatebox.css HTTP/1.1" 404 1104
117.131.5.26 - - [02/Feb/2021:10:52:43 +0800] "POST /xingrg/login.do HTTP/1.1" 302 -
117.131.5.26 - - [02/Feb/2021:10:52:43 +0800] "GET /xingrg/javascript/jquery_easy_ui/themes/default/easyui.css HTTP/1.1" 304 -
117.131.5.26 - - [02/Feb/2021:10:52:43 +0800] "GET /xingrg/javascript/jquery_easy_ui/themes/icon.css HTTP/1.1" 304 -
117.131.5.26 - - [02/Feb/2021:10:52:43 +0800] "GET /xingrg/index.html?sysBaseUrl=http%3A%2F%2F180.169.147.146%3A18081%2Fxingrg%2F&costTime=39×tamp=1612234363514 HTTP/1.1" 200 17179
117.131.5.26 - - [02/Feb/2021:10:52:43 +0800] "GET /xingrg/javascript/jquery.utils.js HTTP/1.1" 304 -
117.131.5.26 - - [02/Feb/2021:10:52:43 +0800] "GET /xingrg/javascript/jquery.timers.js HTTP/1.1" 304 -
117.131.5.26 - - [02/Feb/2021:10:52:43 +0800] "GET /xingrg/css/form.css HTTP/1.1" 304 -
117.131.5.26 - - [02/Feb/2021:10:52:43 +0800] "GET /xingrg/javascript/jquery_easy_ui/jquery.easyui.min.js HTTP/1.1" 304 -
117.131.5.26 - - [02/Feb/2021:10:52:43 +0800] "GET /xingrg/javascript/jquery-1.4.2.min.js HTTP/1.1" 304 -
117.131.5.26 - - [02/Feb/2021:10:52:43 +0800] "GET /xingrg/javascript/jquery_easy_ui/easyui-lang-zh_CN.js HTTP/1.1" 304 -
117.131.5.26 - - [02/Feb/2021:10:52:43 +0800] "GET /xingrg/javascript/jquery.form.js HTTP/1.1" 304 -
117.131.5.26 - - [02/Feb/2021:10:52:43 +0800] "GET /xingrg/images/blue/jxLogo.png HTTP/1.1" 304 -
117.131.5.26 - - [02/Feb/2021:10:52:43 +0800] "GET /xingrg/javascript/jquery_easy_ui/themes/icons/settle_new.png HTTP/1.1" 304 -
117.131.5.26 - - [02/Feb/2021:10:52:43 +0800] "GET /xingrg/images/blue/navBackgound.jpg HTTP/1.1" 304 -
117.131.5.26 - - [02/Feb/2021:10:52:43 +0800] "GET /xingrg/images/blue/pingpu.png HTTP/1.1" 304 -
117.131.5.26 - - [02/Feb/2021:10:52:43 +0800] "GET /xingrg/javascript/jquery_easy_ui/themes/default/images/tabs_leftarrow.png HTTP/1.1" 304 -
117.131.5.26 - - [02/Feb/2021:10:52:43 +0800] "GET /xingrg/javascript/jquery_easy_ui/themes/default/images/tabs_rightarrow.png HTTP/1.1" 304 -
117.131.5.26 - - [02/Feb/2021:10:52:43 +0800] "POST /xingrg/all/common/load_tree.html?tree=area_rest_tree_json&manage=1 HTTP/1.1" 200 351
120.253.135.82 - - [02/Feb/2021:10:52:43 +0800] "GET /xingrg/check_reg.html?_=1612234470352 HTTP/1.1" 200 22
117.131.5.26 - - [02/Feb/2021:10:52:43 +0800] "GET /xingrg/javascript/jquery_easy_ui/themes/default/images/panel_tool_collapse.gif HTTP/1.1" 304 -
117.131.5.26 - - [02/Feb/2021:10:52:43 +0800] "GET /xingrg/all/function/internal_message.html?_=1612234723406&CODE_STATE=count HTTP/1.1" 200 11
117.131.5.26 - - [02/Feb/2021:10:52:43 +0800] "GET /xingrg/check_reg.html?_=1612234723407 HTTP/1.1" 200 22
117.131.5.26 - - [02/Feb/2021:10:52:43 +0800] "GET /xingrg/javascript/jquery_easy_ui/themes/default/images/tree_arrows.gif HTTP/1.1" 304 -
117.131.5.26 - - [02/Feb/2021:10:52:44 +0800] "GET /favicon.ico HTTP/1.1" 404 -
117.131.5.26 - - [02/Feb/2021:10:52:44 +0800] "POST /xingrg/load_menu.html HTTP/1.1" 200 5138
117.131.5.26 - - [02/Feb/2021:10:52:44 +0800] "GET /xingrg/javascript/jquery_easy_ui/themes/default/images/tree_folder_open.gif HTTP/1.1" 304 -
117.131.5.26 - - [02/Feb/2021:10:52:44 +0800] "GET /xingrg/javascript/jquery_easy_ui/themes/icons/search_new.png HTTP/1.1" 304 -
117.131.5.26 - - [02/Feb/2021:10:52:44 +0800] "GET /xingrg/javascript/jquery_easy_ui/themes/default/images/tree_folder.gif HTTP/1.1" 304 -
117.131.5.26 - - [02/Feb/2021:10:52:44 +0800] "GET /xingrg/javascript/jquery_easy_ui/themes/icons/storage_new.png HTTP/1.1" 304 -
117.131.5.26 - - [02/Feb/2021:10:52:44 +0800] "GET /xingrg/javascript/jquery_easy_ui/themes/default/images/tree_file.gif HTTP/1.1" 304 -
117.131.5.26 - - [02/Feb/2021:10:52:44 +0800] "GET /xingrg/javascript/jquery_easy_ui/themes/icons/forms_new.png HTTP/1.1" 304 -
116.228.172.94 - - [02/Feb/2021:10:52:45 +0800] "POST /xingrg/kc/buy/cgsh_order_operate.html HTTP/1.1" 200 2065
117.131.5.26 - - [02/Feb/2021:10:52:45 +0800] "GET /xingrg/javascript/jquery_easy_ui/themes/default/images/tabs_close.gif HTTP/1.1" 304 -
117.131.5.26 - - [02/Feb/2021:10:52:45 +0800] "GET /xingrg/kc/buy/buy_main.html HTTP/1.1" 200 12412
117.131.5.26 - - [02/Feb/2021:10:52:45 +0800] "GET /xingrg/css/blue.css HTTP/1.1" 304 -
117.131.5.26 - - [02/Feb/2021:10:52:45 +0800] "GET /xingrg/css/new_ie.css HTTP/1.1" 404 1036
117.131.5.26 - - [02/Feb/2021:10:52:45 +0800] "GET /xingrg/javascript/jquery_ui/themes/humanity/humanity.css HTTP/1.1" 304 -
117.131.5.26 - - [02/Feb/2021:10:52:45 +0800] "GET /xingrg/javascript/pic_change.js HTTP/1.1" 304 -
117.131.5.26 - - [02/Feb/2021:10:52:45 +0800] "GET /xingrg/javascript/ToolTips.js HTTP/1.1" 304 -
117.131.5.26 - - [02/Feb/2021:10:52:45 +0800] "GET /xingrg/javascript/myfunction.js HTTP/1.1" 304 -
117.131.5.26 - - [02/Feb/2021:10:52:45 +0800] "GET /xingrg/javascript/jquery-1.4.2.min.js HTTP/1.1" 304 -
117.131.5.26 - - [02/Feb/2021:10:52:45 +0800] "GET /xingrg/javascript/jquery_ui/jquery-ui.min.js HTTP/1.1" 304 -
117.131.5.26 - - [02/Feb/2021:10:52:45 +0800] "GET /xingrg/javascript/jquery_easy_ui/themes/icon.css HTTP/1.1" 304 -
117.131.5.26 - - [02/Feb/2021:10:52:45 +0800] "GET /xingrg/javascript/jquery_easy_ui/themes/default/easyui.css HTTP/1.1" 304 -
117.131.5.26 - - [02/Feb/2021:10:52:45 +0800] "GET /xingrg/javascript/jquery.utils.js HTTP/1.1" 304 -
117.131.5.26 - - [02/Feb/2021:10:52:45 +0800] "GET /xingrg/images/blue/button/cgxqd.gif HTTP/1.1" 304 -
117.131.5.26 - - [02/Feb/2021:10:52:45 +0800] "GET /xingrg/images/blue/button/cgydd.gif HTTP/1.1" 304 -
117.131.5.26 - - [02/Feb/2021:10:52:45 +0800] "GET /xingrg/images/blue/button/cgfkd.gif HTTP/1.1" 304 -
117.131.5.26 - - [02/Feb/2021:10:52:45 +0800] "GET /xingrg/images/blue/button/cgshd.gif HTTP/1.1" 304 -
117.131.5.26 - - [02/Feb/2021:10:52:45 +0800] "GET /xingrg/images/blue/button/kc.gif HTTP/1.1" 304 -
117.131.5.26 - - [02/Feb/2021:10:52:45 +0800] "GET /xingrg/images/blue/button/ckthd.gif HTTP/1.1" 304 -
117.131.5.26 - - [02/Feb/2021:10:52:45 +0800] "GET /xingrg/images/blue/pic_form2.gif HTTP/1.1" 304 -
117.131.5.26 - - [02/Feb/2021:10:52:45 +0800] "GET /xingrg/javascript/jquery_ui/themes/humanity/images/ui-bg_inset-soft_100_f4f0ec_1x100.png HTTP/1.1" 304 -
117.131.5.26 - - [02/Feb/2021:10:52:45 +0800] "GET /xingrg/images/blue/bg_dotted.jpg HTTP/1.1" 304 -
117.131.5.26 - - [02/Feb/2021:10:52:45 +0800] "GET /xingrg/images/blue/button/right_ah.jpg HTTP/1.1" 304 -
117.131.5.26 - - [02/Feb/2021:10:52:45 +0800] "GET /xingrg/images/blue/button/down_ah.jpg HTTP/1.1" 304 -
117.131.5.26 - - [02/Feb/2021:10:52:45 +0800] "GET /xingrg/javascript/jquery_ui/themes/humanity/images/ui-iconsnew.jpg HTTP/1.1" 304 -
117.131.5.26 - - [02/Feb/2021:10:52:45 +0800] "GET /xingrg/javascript/jquery_ui/themes/humanity/images/ui-icons_ffffff_256x240.png HTTP/1.1" 304 -
117.131.5.26 - - [02/Feb/2021:10:52:45 +0800] "GET /xingrg/javascript/jquery_ui/themes/humanity/images/ui-icons_c47a23_256x240.png HTTP/1.1" 304 -
117.131.5.26 - - [02/Feb/2021:10:52:45 +0800] "GET /xingrg/javascript/jquery_ui/themes/humanity/images/ui-bg_glass_70_ede4d4_1x400.png HTTP/1.1" 304 -
117.131.5.26 - - [02/Feb/2021:10:52:46 +0800] "GET /xingrg/images/yd/bt.gif HTTP/1.1" 404 1040
117.131.5.26 - - [02/Feb/2021:10:52:47 +0800] "GET /xingrg/css/base.css HTTP/1.1" 304 -
117.131.5.26 - - [02/Feb/2021:10:52:47 +0800] "GET /xingrg/css/site.css HTTP/1.1" 304 -
117.131.5.26 - - [02/Feb/2021:10:52:47 +0800] "GET /xingrg/javascript/jquery_tools/datebox.css HTTP/1.1" 304 -
117.131.5.26 - - [02/Feb/2021:10:52:47 +0800] "GET /xingrg/javascript/easyui/themes/default/easyui.css HTTP/1.1" 304 -
117.131.5.26 - - [02/Feb/2021:10:52:47 +0800] "GET /xingrg/javascript/auto/jquery.autocomplete.css HTTP/1.1" 304 -
117.131.5.26 - - [02/Feb/2021:10:52:47 +0800] "GET /xingrg/javascript/jquery_tools/fix.css HTTP/1.1" 304 -
117.131.5.26 - - [02/Feb/2021:10:52:47 +0800] "GET /xingrg/javascript/jquery_tools/jquery.tools.table.js HTTP/1.1" 304 -
117.131.5.26 - - [02/Feb/2021:10:52:47 +0800] "GET /xingrg/javascript/jquery_tools/jquery.tools.extend.js HTTP/1.1" 304 -
117.131.5.26 - - [02/Feb/2021:10:52:47 +0800] "GET /xingrg/javascript/jquery_tools/jquery.tools.hotkey.js HTTP/1.1" 304 -
117.131.5.26 - - [02/Feb/2021:10:52:47 +0800] "GET /xingrg/javascript/jquery_tools/list_manager.js HTTP/1.1" 304 -
117.131.5.26 - - [02/Feb/2021:10:52:47 +0800] "GET /xingrg/kc/buy/cgsh_order_list.html HTTP/1.1" 200 46365
117.131.5.26 - - [02/Feb/2021:10:52:47 +0800] "GET /xingrg/javascript/easyui/easyloader.js HTTP/1.1" 304 -
117.131.5.26 - - [02/Feb/2021:10:52:47 +0800] "GET /xingrg/javascript/auto/jquery.autocomplete.js HTTP/1.1" 304 -
117.131.5.26 - - [02/Feb/2021:10:52:47 +0800] "GET /xingrg/javascript/jquery_tools/table.css HTTP/1.1" 304 -
117.131.5.26 - - [02/Feb/2021:10:52:47 +0800] "GET /xingrg/javascript/jquery_tools/jquery.tools.min.js HTTP/1.1" 304 -
117.131.5.26 - - [02/Feb/2021:10:52:47 +0800] "GET /xingrg/javascript/jquery.utils.js HTTP/1.1" 304 -
117.131.5.26 - - [02/Feb/2021:10:52:47 +0800] "GET /xingrg/javascript/jquery.cookie.js HTTP/1.1" 304 -
117.131.5.26 - - [02/Feb/2021:10:52:47 +0800] "GET /xingrg/javascript/print/LodopFuncs.js HTTP/1.1" 304 -
117.131.5.26 - - [02/Feb/2021:10:52:47 +0800] "GET /xingrg/javascript/easyui/themes/icon.css HTTP/1.1" 304 -
117.131.5.26 - - [02/Feb/2021:10:52:47 +0800] "GET /xingrg/javascript/easyui/themes/icons/edit_add_new.png HTTP/1.1" 304 -
117.131.5.26 - - [02/Feb/2021:10:52:47 +0800] "GET /xingrg/javascript/easyui/themes/icons/cance_new.png HTTP/1.1" 304 -
117.131.5.26 - - [02/Feb/2021:10:52:47 +0800] "GET /xingrg/javascript/easyui/themes/icons/check_new.png HTTP/1.1" 304 -
117.131.5.26 - - [02/Feb/2021:10:52:47 +0800] "GET /xingrg/javascript/easyui/themes/icons/field_new.png HTTP/1.1" 304 -
117.131.5.26 - - [02/Feb/2021:10:52:47 +0800] "GET /xingrg/javascript/easyui/themes/icons/import_new.png HTTP/1.1" 304 -
117.131.5.26 - - [02/Feb/2021:10:52:47 +0800] "GET /xingrg/javascript/easyui/plugins/jquery.parser.js HTTP/1.1" 304 -
117.131.5.26 - - [02/Feb/2021:10:52:47 +0800] "GET /xingrg/images/control/ajaxLoader.gif HTTP/1.1" 304 -
117.131.5.26 - - [02/Feb/2021:10:52:47 +0800] "GET /xingrg/javascript/jquery_easy_ui/themes/icons/area.png HTTP/1.1" 304 -
117.131.5.26 - - [02/Feb/2021:10:52:47 +0800] "GET /xingrg/javascript/jquery_easy_ui/themes/icons/rest.png HTTP/1.1" 304 -
180.169.147.146 - - [02/Feb/2021:10:52:49 +0800] "GET /xingrg/all/function/internal_message.html?_=1612234369355&CODE_STATE=getMsg HTTP/1.1" 302 -
117.185.32.26 - - [02/Feb/2021:10:52:50 +0800] "POST /xingrg/kc/buy/cgsh_order_operate.html HTTP/1.1" 200 37
116.228.172.94 - - [02/Feb/2021:10:52:50 +0800] "GET /xingrg/kc/print/load_data.html?order_code=212021020200606&kc_code=cgsh&condition= HTTP/1.1" 200 681
61.165.42.208 - - [02/Feb/2021:10:52:50 +0800] "POST /xingrg/kc/buy/cgsh_order_operate.html HTTP/1.1" 200 88
180.169.147.146 - - [02/Feb/2021:10:52:50 +0800] "GET /xingrg/all/function/internal_message.html?_=1612234369767&CODE_STATE=getMsg HTTP/1.1" 200 27
222.69.135.98 - - [02/Feb/2021:10:52:50 +0800] "GET /xingrg/kc/buy/cgsh_order_operate.html?command=get_materiel&rest_code=00149&code=00101029022&supplier_code=00100019&order_time=2021-02-02 HTTP/1.1" 200 452
116.224.253.72 - - [02/Feb/2021:10:52:51 +0800] "GET /xingrg/kc/buy/cgsh_order_operate.html?command=get_materiel&rest_code=00151&code=00101012046&supplier_code=00100347&order_time=2021-02-02 HTTP/1.1" 200 417
117.185.32.26 - - [02/Feb/2021:10:52:52 +0800] "POST /xingrg/kc/buy/cgsh_order_operate.html HTTP/1.1" 200 12
117.131.5.26 - - [02/Feb/2021:10:52:52 +0800] "POST /xingrg/kc/buy/cgsh_list_operate.html HTTP/1.1" 200 1666
117.185.32.26 - - [02/Feb/2021:10:52:53 +0800] "GET /xingrg/kc/buy/cgsh_order_info.html?code=212021020200607 HTTP/1.1" 200 57009
117.185.32.26 - - [02/Feb/2021:10:52:53 +0800] "GET /xingrg/words/20210202105206_words.js HTTP/1.1" 200 793541
61.165.42.208 - - [02/Feb/2021:10:52:54 +0800] "POST /xingrg/kc/buy/cgsh_order_operate.html HTTP/1.1" 200 37
117.185.32.26 - - [02/Feb/2021:10:52:54 +0800] "GET /xingrg/javascript/easyui/themes/default/validatebox.css HTTP/1.1" 404 1104
117.185.32.26 - - [02/Feb/2021:10:52:54 +0800] "POST /xingrg/kc/buy/cgsh_order_operate.html HTTP/1.1" 200 5331
61.165.42.208 - - [02/Feb/2021:10:52:55 +0800] "GET /xingrg/check_reg.html?_=1612234375926 HTTP/1.1" 200 22
117.185.32.26 - - [02/Feb/2021:10:52:55 +0800] "GET /xingrg/kc/print/load_data.html?order_code=212021020200607&kc_code=cgsh&condition= HTTP/1.1" 200 2519
61.165.42.208 - - [02/Feb/2021:10:52:55 +0800] "POST /xingrg/kc/buy/cgsh_order_operate.html HTTP/1.1" 200 5659
116.228.172.94 - - [02/Feb/2021:10:52:56 +0800] "GET /xingrg/kc/buy/cgsh_order_add.html HTTP/1.1" 200 62185
116.228.172.94 - - [02/Feb/2021:10:52:57 +0800] "GET /xingrg/words/20210202105206_words.js HTTP/1.1" 200 793541
61.165.42.208 - - [02/Feb/2021:10:52:57 +0800] "GET /xingrg/kc/print/load_data.html?order_code=212021020200609&kc_code=cgsh&condition= HTTP/1.1" 200 1931
114.86.227.212 - - [02/Feb/2021:10:52:57 +0800] "GET /xingrg/check_reg.html?_=1612234481234 HTTP/1.1" 200 22
114.86.227.212 - - [02/Feb/2021:10:52:57 +0800] "GET /xingrg/all/function/internal_message.html?_=1612234481235&CODE_STATE=getMsg HTTP/1.1" 200 27
116.228.172.94 - - [02/Feb/2021:10:52:57 +0800] "GET /xingrg/javascript/easyui/themes/default/validatebox.css HTTP/1.1" 404 1104
116.228.172.94 - - [02/Feb/2021:10:52:57 +0800] "POST /xingrg/kc/buy/cgsh_order_operate.html HTTP/1.1" 200 8245
58.37.230.33 - - [02/Feb/2021:10:52:58 +0800] "GET /xingrg/all/function/internal_message.html?_=1612234402814&CODE_STATE=getMsg HTTP/1.1" 200 27
116.228.172.94 - - [02/Feb/2021:10:53:00 +0800] "GET /xingrg/javascript/easyui/themes/default/tree.css HTTP/1.1" 404 1090
116.228.172.94 - - [02/Feb/2021:10:53:00 +0800] "POST /xingrg/all/common/load_tree.html?tree=supplier_tree_json&isDelete=1 HTTP/1.1" 200 54817
117.131.5.26 - - [02/Feb/2021:10:53:02 +0800] "GET /xingrg/javascript/jquery_tools/images/prev.gif HTTP/1.1" 404 1086
117.131.5.26 - - [02/Feb/2021:10:53:02 +0800] "GET /xingrg/javascript/jquery_tools/images/next.gif HTTP/1.1" 404 1086
120.253.135.82 - - [02/Feb/2021:10:53:02 +0800] "GET /xingrg/check_reg.html?_=1612234489434 HTTP/1.1" 200 22
116.224.253.72 - - [02/Feb/2021:10:53:03 +0800] "POST /xingrg/kc/buy/cgsh_order_operate.html HTTP/1.1" 200 37
117.185.32.26 - - [02/Feb/2021:10:53:03 +0800] "GET /xingrg/kc/print/load_data.html?order_code=212021020200607&kc_code=cgsh HTTP/1.1" 200 2519
116.228.172.94 - - [02/Feb/2021:10:53:03 +0800] "GET /xingrg/all/function/internal_message.html?_=1612234384836&CODE_STATE=getMsg HTTP/1.1" 200 27
180.175.150.119 - - [02/Feb/2021:10:53:05 +0800] "GET /xingrg/all/function/internal_message.html?_=1612234630190&CODE_STATE=getMsg HTTP/1.1" 200 27
116.224.253.72 - - [02/Feb/2021:10:53:06 +0800] "POST /xingrg/kc/buy/cgsh_order_operate.html HTTP/1.1" 200 12
58.37.230.33 - - [02/Feb/2021:10:53:06 +0800] "GET /xingrg/check_reg.html?_=1612234425081 HTTP/1.1" 200 22
116.224.253.72 - - [02/Feb/2021:10:53:07 +0800] "GET /xingrg/kc/buy/cgsh_order_info.html?code=212021020200610 HTTP/1.1" 200 56649
116.224.253.72 - - [02/Feb/2021:10:53:07 +0800] "GET /xingrg/javascript/easyui/themes/default/validatebox.css HTTP/1.1" 404 1104
117.185.32.26 - - [02/Feb/2021:10:53:07 +0800] "GET /xingrg/all/function/internal_message.html?_=1612234871842&CODE_STATE=getMsg HTTP/1.1" 200 27
116.224.253.72 - - [02/Feb/2021:10:53:07 +0800] "POST /xingrg/kc/buy/cgsh_order_operate.html HTTP/1.1" 200 619
117.185.32.26 - - [02/Feb/2021:10:53:08 +0800] "GET /xingrg/all/function/internal_message.html?_=1612234405438&CODE_STATE=getMsg HTTP/1.1" 200 27
116.224.253.72 - - [02/Feb/2021:10:53:09 +0800] "GET /xingrg/kc/print/load_data.html?order_code=212021020200610&kc_code=cgsh&condition= HTTP/1.1" 200 725
114.86.187.76 - - [02/Feb/2021:10:53:14 +0800] "GET /xingrg/all/function/internal_message.html?_=1612234395396&CODE_STATE=getMsg HTTP/1.1" 200 27
114.88.166.193 - - [02/Feb/2021:10:53:17 +0800] "GET /xingrg/all/function/internal_message.html?_=1612234397011&CODE_STATE=getMsg HTTP/1.1" 200 27
180.169.147.146 - - [02/Feb/2021:10:53:17 +0800] "GET /xingrg/check_reg.html?_=1612234389204 HTTP/1.1" 200 22
116.224.253.72 - - [02/Feb/2021:10:53:20 +0800] "GET /xingrg/kc/buy/cgsh_order_add.html HTTP/1.1" 200 61751
116.224.253.72 - - [02/Feb/2021:10:53:20 +0800] "POST /xingrg/kc/buy/cgsh_order_operate.html HTTP/1.1" 200 8245
116.224.253.72 - - [02/Feb/2021:10:53:20 +0800] "GET /xingrg/javascript/easyui/themes/default/validatebox.css HTTP/1.1" 404 1104
116.227.18.45 - - [02/Feb/2021:10:53:23 +0800] "GET /xingrg/all/function/internal_message.html?_=1612234402406&CODE_STATE=getMsg HTTP/1.1" 200 27
117.131.5.26 - - [02/Feb/2021:10:53:23 +0800] "GET /xingrg/javascript/auto/indicator.gif HTTP/1.1" 404 1066
117.131.5.26 - - [02/Feb/2021:10:53:30 +0800] "POST /xingrg/kc/buy/cgsh_list_operate.html HTTP/1.1" 200 5325
116.224.253.72 - - [02/Feb/2021:10:53:31 +0800] "GET /xingrg/all/function/internal_message.html?_=1612234410725&CODE_STATE=getMsg HTTP/1.1" 200 27
222.69.135.98 - - [02/Feb/2021:10:53:34 +0800] "GET /xingrg/kc/buy/cgsh_order_operate.html?command=get_materiel&rest_code=00149&code=00101025017&supplier_code=00100019&order_time=2021-02-02 HTTP/1.1" 200 464
218.81.223.240 - - [02/Feb/2021:10:53:35 +0800] "GET /xingrg/all/function/internal_message.html?_=1612234424267&CODE_STATE=getMsg HTTP/1.1" 200 27
117.131.5.26 - - [02/Feb/2021:10:53:36 +0800] "GET /xingrg/javascript/easyui/themes/default/images/button_plain_hover.png HTTP/1.1" 304 -
117.131.5.26 - - [02/Feb/2021:10:53:36 +0800] "GET /xingrg/javascript/easyui/themes/default/images/button_plain_hover.png HTTP/1.1" 304 -
117.131.5.26 - - [02/Feb/2021:10:53:36 +0800] "GET /xingrg/javascript/easyui/themes/default/images/button_plain_hover.png HTTP/1.1" 304 -
117.131.5.26 - - [02/Feb/2021:10:53:36 +0800] "GET /xingrg/javascript/easyui/themes/default/images/button_plain_hover.png HTTP/1.1" 304 -
117.131.5.26 - - [02/Feb/2021:10:53:36 +0800] "GET /xingrg/javascript/easyui/themes/default/images/button_plain_hover.png HTTP/1.1" 304 -
117.131.5.26 - - [02/Feb/2021:10:53:36 +0800] "GET /xingrg/javascript/easyui/themes/default/images/button_plain_hover.png HTTP/1.1" 304 -
117.131.5.26 - - [02/Feb/2021:10:53:36 +0800] "GET /xingrg/javascript/easyui/themes/default/images/button_plain_hover.png HTTP/1.1" 304 -
222.69.135.98 - - [02/Feb/2021:10:53:36 +0800] "GET /xingrg/all/function/internal_message.html?_=1612234414000&CODE_STATE=getMsg HTTP/1.1" 200 27
114.88.166.193 - - [02/Feb/2021:10:53:37 +0800] "GET /xingrg/check_reg.html?_=1612234417089 HTTP/1.1" 200 22
180.169.147.146 - - [02/Feb/2021:10:53:37 +0800] "GET /xingrg/all/function/internal_message.html?_=1612234422183&CODE_STATE=getMsg HTTP/1.1" 200 27
114.86.187.76 - - [02/Feb/2021:10:53:38 +0800] "GET /xingrg/all/function/internal_message.html?_=1612234421058&CODE_STATE=getMsg HTTP/1.1" 200 27
180.169.147.146 - - [02/Feb/2021:10:53:38 +0800] "GET /xingrg/all/function/internal_message.html?_=1612234420478&CODE_STATE=getMsg HTTP/1.1" 200 27
116.224.253.72 - - [02/Feb/2021:10:53:40 +0800] "GET /xingrg/check_reg.html?_=1612234409959 HTTP/1.1" 200 22
116.224.253.72 - - [02/Feb/2021:10:53:40 +0800] "GET /xingrg/all/function/internal_message.html?_=1612234410049&CODE_STATE=getMsg HTTP/1.1" 200 27
58.37.230.33 - - [02/Feb/2021:10:53:41 +0800] "GET /xingrg/all/function/internal_message.html?_=1612234460577&CODE_STATE=getMsg HTTP/1.1" 200 27
117.131.5.26 - - [02/Feb/2021:10:53:43 +0800] "GET /xingrg/all/function/internal_message.html?_=1612234783408&CODE_STATE=getMsg HTTP/1.1" 200 27
117.131.5.26 - - [02/Feb/2021:10:53:46 +0800] "POST /xingrg/kc/buy/cgsh_list_operate.html HTTP/1.1" 200 5733
58.37.230.33 - - [02/Feb/2021:10:53:47 +0800] "POST /xingrg/kc/buy/cgsh_list_operate.html HTTP/1.1" 200 4416
180.175.150.119 - - [02/Feb/2021:10:53:49 +0800] "GET /xingrg/check_reg.html?_=1612234674506 HTTP/1.1" 200 22
180.169.147.146 - - [02/Feb/2021:10:53:49 +0800] "GET /xingrg/all/function/internal_message.html?_=1612234429358&CODE_STATE=getMsg HTTP/1.1" 302 -
180.169.147.146 - - [02/Feb/2021:10:53:50 +0800] "GET /xingrg/all/function/internal_message.html?_=1612234429758&CODE_STATE=getMsg HTTP/1.1" 200 27
116.224.253.72 - - [02/Feb/2021:10:53:51 +0800] "GET /xingrg/kc/buy/cgsh_order_operate.html?command=get_materiel&rest_code=00151&code=00101007119&supplier_code=00100329&order_time=2021-02-02 HTTP/1.1" 200 421
61.165.42.208 - - [02/Feb/2021:10:53:52 +0800] "GET /xingrg/all/function/internal_message.html?_=1612234433141&CODE_STATE=getMsg HTTP/1.1" 200 27
117.185.32.26 - - [02/Feb/2021:10:53:54 +0800] "GET /xingrg/kc/buy/cgsh_order_add.html HTTP/1.1" 200 62103
117.185.32.26 - - [02/Feb/2021:10:53:55 +0800] "GET /xingrg/javascript/easyui/themes/default/validatebox.css HTTP/1.1" 404 1104
117.185.32.26 - - [02/Feb/2021:10:53:55 +0800] "POST /xingrg/kc/buy/cgsh_order_operate.html HTTP/1.1" 200 8245
117.185.32.26 - - [02/Feb/2021:10:53:56 +0800] "GET /xingrg/javascript/easyui/themes/default/tree.css HTTP/1.1" 404 1090
117.185.32.26 - - [02/Feb/2021:10:53:56 +0800] "POST /xingrg/all/common/load_tree.html?tree=supplier_tree_json&isDelete=1 HTTP/1.1" 200 54817
114.86.227.212 - - [02/Feb/2021:10:53:56 +0800] "GET /xingrg/all/function/internal_message.html?_=1612234541234&CODE_STATE=getMsg HTTP/1.1" 200 27
58.37.230.33 - - [02/Feb/2021:10:53:58 +0800] "GET /xingrg/all/function/internal_message.html?_=1612234462795&CODE_STATE=getMsg HTTP/1.1" 200 27
116.228.172.94 - - [02/Feb/2021:10:54:01 +0800] "GET /xingrg/check_reg.html?_=1612234442370 HTTP/1.1" 200 22
116.228.172.94 - - [02/Feb/2021:10:54:03 +0800] "GET /xingrg/all/function/internal_message.html?_=1612234444807&CODE_STATE=getMsg HTTP/1.1" 200 27
180.175.150.119 - - [02/Feb/2021:10:54:05 +0800] "GET /xingrg/all/function/internal_message.html?_=1612234690214&CODE_STATE=getMsg HTTP/1.1" 200 27
116.228.172.94 - - [02/Feb/2021:10:54:05 +0800] "GET /xingrg/kc/buy/cgsh_order_operate.html?command=get_materiel&rest_code=00107&code=00101007032&supplier_code=00100328&order_time=2021-02-02 HTTP/1.1" 200 432
222.69.135.98 - - [02/Feb/2021:10:54:06 +0800] "GET /xingrg/kc/buy/cgsh_order_operate.html?command=get_materiel&rest_code=00149&code=00101025021&supplier_code=00100019&order_time=2021-02-02 HTTP/1.1" 200 452
117.185.32.26 - - [02/Feb/2021:10:54:07 +0800] "GET /xingrg/all/function/internal_message.html?_=1612234931841&CODE_STATE=getMsg HTTP/1.1" 200 27
117.185.32.26 - - [02/Feb/2021:10:54:07 +0800] "GET /xingrg/check_reg.html?_=1612234931842 HTTP/1.1" 200 22
117.185.32.26 - - [02/Feb/2021:10:54:08 +0800] "GET /xingrg/check_reg.html?_=1612234465448 HTTP/1.1" 200 22
117.185.32.26 - - [02/Feb/2021:10:54:08 +0800] "GET /xingrg/all/function/internal_message.html?_=1612234465463&CODE_STATE=getMsg HTTP/1.1" 200 27
117.185.32.26 - - [02/Feb/2021:10:54:10 +0800] "GET /xingrg/kc/buy/cgsh_order_operate.html?command=get_materiel&rest_code=00106&code=00101009011&supplier_code=00100022&order_time=2021-02-02 HTTP/1.1" 200 417
114.86.187.76 - - [02/Feb/2021:10:54:14 +0800] "GET /xingrg/all/function/internal_message.html?_=1612234455377&CODE_STATE=getMsg HTTP/1.1" 200 27
114.88.166.193 - - [02/Feb/2021:10:54:17 +0800] "GET /xingrg/all/function/internal_message.html?_=1612234457019&CODE_STATE=getMsg HTTP/1.1" 200 27
116.224.253.72 - - [02/Feb/2021:10:54:18 +0800] "POST /xingrg/all/common/load_select.html HTTP/1.1" 200 12
222.69.135.98 - - [02/Feb/2021:10:54:21 +0800] "GET /xingrg/kc/buy/cgsh_order_operate.html?command=get_materiel&rest_code=00149&code=00101025020&supplier_code=00100019&order_time=2021-02-02 HTTP/1.1" 200 452
116.224.253.72 - - [02/Feb/2021:10:54:21 +0800] "GET /xingrg/kc/buy/cgsh_order_operate.html?command=get_materiel&rest_code=00150&code=00101007119&supplier_code=&order_time=2021-02-02 HTTP/1.1" 200 421
117.185.32.26 - - [02/Feb/2021:10:54:22 +0800] "GET /xingrg/kc/buy/cgsh_order_operate.html?command=get_materiel&rest_code=00106&code=00101009010&supplier_code=00100022&order_time=2021-02-02 HTTP/1.1" 200 412
116.227.18.45 - - [02/Feb/2021:10:54:23 +0800] "GET /xingrg/check_reg.html?_=1612234462410 HTTP/1.1" 200 22
116.227.18.45 - - [02/Feb/2021:10:54:23 +0800] "GET /xingrg/all/function/internal_message.html?_=1612234462414&CODE_STATE=getMsg HTTP/1.1" 200 27
180.169.147.146 - - [02/Feb/2021:10:54:24 +0800] "GET /xingrg/check_reg.html?_=1612234469276 HTTP/1.1" 200 22
116.228.172.94 - - [02/Feb/2021:10:54:24 +0800] "POST /xingrg/kc/buy/cgsh_order_operate.html HTTP/1.1" 200 37
116.224.253.72 - - [02/Feb/2021:10:54:26 +0800] "POST /xingrg/all/common/load_select.html HTTP/1.1" 200 12
116.228.172.94 - - [02/Feb/2021:10:54:27 +0800] "POST /xingrg/kc/buy/cgsh_order_operate.html HTTP/1.1" 200 2657
116.224.253.72 - - [02/Feb/2021:10:54:29 +0800] "GET /xingrg/kc/buy/cgsh_order_operate.html?command=get_materiel_price&rest_code=00150&code=00101007119&unit_code=00100001&supplier_code=&order_time=2021-02-02 HTTP/1.1" 200 27
117.185.32.26 - - [02/Feb/2021:10:54:29 +0800] "GET /xingrg/kc/buy/cgsh_order_operate.html?command=get_materiel&rest_code=00106&code=00101009039&supplier_code=00100022&order_time=2021-02-02 HTTP/1.1" 200 408
116.228.172.94 - - [02/Feb/2021:10:54:29 +0800] "GET /xingrg/kc/print/load_data.html?order_code=212021020200611&kc_code=cgsh&condition= HTTP/1.1" 200 670
116.224.253.72 - - [02/Feb/2021:10:54:31 +0800] "GET /xingrg/all/function/internal_message.html?_=1612234470728&CODE_STATE=getMsg HTTP/1.1" 200 27
120.253.135.82 - - [02/Feb/2021:10:54:34 +0800] "GET /xingrg/check_reg.html?_=1612234580695 HTTP/1.1" 200 22
116.228.172.94 - - [02/Feb/2021:10:54:35 +0800] "GET /xingrg/kc/buy/cgsh_order_add.html HTTP/1.1" 200 62185
218.81.223.240 - - [02/Feb/2021:10:54:35 +0800] "GET /xingrg/all/function/internal_message.html?_=1612234484277&CODE_STATE=getMsg HTTP/1.1" 200 27
116.228.172.94 - - [02/Feb/2021:10:54:35 +0800] "GET /xingrg/words/20210202105206_words.js HTTP/1.1" 304 -
222.69.135.98 - - [02/Feb/2021:10:54:35 +0800] "GET /xingrg/kc/buy/cgsh_order_operate.html?command=get_materiel&rest_code=00149&code=00101025022&supplier_code=00100019&order_time=2021-02-02 HTTP/1.1" 200 464
116.228.172.94 - - [02/Feb/2021:10:54:35 +0800] "GET /xingrg/javascript/easyui/themes/default/validatebox.css HTTP/1.1" 404 1104
116.228.172.94 - - [02/Feb/2021:10:54:35 +0800] "POST /xingrg/kc/buy/cgsh_order_operate.html HTTP/1.1" 200 8245
222.69.135.98 - - [02/Feb/2021:10:54:36 +0800] "GET /xingrg/check_reg.html?_=1612234474006 HTTP/1.1" 200 22
222.69.135.98 - - [02/Feb/2021:10:54:36 +0800] "GET /xingrg/all/function/internal_message.html?_=1612234474009&CODE_STATE=getMsg HTTP/1.1" 200 27
117.185.32.26 - - [02/Feb/2021:10:54:37 +0800] "GET /xingrg/kc/buy/cgsh_order_operate.html?command=get_materiel&rest_code=00106&code=00101009045&supplier_code=00100022&order_time=2021-02-02 HTTP/1.1" 200 412
116.228.172.94 - - [02/Feb/2021:10:54:37 +0800] "GET /xingrg/javascript/easyui/themes/default/tree.css HTTP/1.1" 404 1090
116.228.172.94 - - [02/Feb/2021:10:54:37 +0800] "POST /xingrg/all/common/load_tree.html?tree=supplier_tree_json&isDelete=1 HTTP/1.1" 200 54817
180.169.147.146 - - [02/Feb/2021:10:54:37 +0800] "GET /xingrg/all/function/internal_message.html?_=1612234482191&CODE_STATE=getMsg HTTP/1.1" 200 27
114.86.187.76 - - [02/Feb/2021:10:54:38 +0800] "GET /xingrg/all/function/internal_message.html?_=1612234481071&CODE_STATE=getMsg HTTP/1.1" 200 27
180.169.147.146 - - [02/Feb/2021:10:54:38 +0800] "GET /xingrg/all/function/internal_message.html?_=1612234480481&CODE_STATE=getMsg HTTP/1.1" 200 27
116.224.253.72 - - [02/Feb/2021:10:54:40 +0800] "GET /xingrg/all/function/internal_message.html?_=1612234470061&CODE_STATE=getMsg HTTP/1.1" 200 27
58.37.230.33 - - [02/Feb/2021:10:54:41 +0800] "GET /xingrg/all/function/internal_message.html?_=1612234520559&CODE_STATE=getMsg HTTP/1.1" 200 27
117.131.5.26 - - [02/Feb/2021:10:54:43 +0800] "GET /xingrg/all/function/internal_message.html?_=1612234843421&CODE_STATE=getMsg HTTP/1.1" 200 27
61.165.42.208 - - [02/Feb/2021:10:54:44 +0800] "GET /xingrg/kc/buy/cgsh_order_add.html HTTP/1.1" 200 62144
61.165.42.208 - - [02/Feb/2021:10:54:45 +0800] "GET /xingrg/words/20210202105206_words.js HTTP/1.1" 200 793541
61.165.42.208 - - [02/Feb/2021:10:54:45 +0800] "POST /xingrg/kc/buy/cgsh_order_operate.html HTTP/1.1" 200 8245
61.165.42.208 - - [02/Feb/2021:10:54:45 +0800] "GET /xingrg/javascript/easyui/themes/default/validatebox.css HTTP/1.1" 404 1104
117.185.32.26 - - [02/Feb/2021:10:54:46 +0800] "GET /xingrg/kc/buy/cgsh_order_operate.html?command=get_materiel&rest_code=00106&code=00101009118&supplier_code=00100022&order_time=2021-02-02 HTTP/1.1" 200 393
116.224.253.72 - - [02/Feb/2021:10:54:47 +0800] "GET /xingrg/kc/buy/cgsh_order_operate.html?command=get_materiel&rest_code=00150&code=00101004046&supplier_code=00100312&order_time=2021-02-02 HTTP/1.1" 200 417
180.169.147.146 - - [02/Feb/2021:10:54:49 +0800] "GET /xingrg/all/function/internal_message.html?_=1612234489358&CODE_STATE=getMsg HTTP/1.1" 302 -
180.169.147.146 - - [02/Feb/2021:10:54:50 +0800] "GET /xingrg/all/function/internal_message.html?_=1612234489765&CODE_STATE=getMsg HTTP/1.1" 200 27
120.204.17.73 - - [02/Feb/2021:10:54:51 +0800] "GET /xingrg/kc/buy/cgsh_order_info.html?code=212021020200590 HTTP/1.1" 302 -
222.69.135.98 - - [02/Feb/2021:10:54:51 +0800] "POST /xingrg/kc/buy/cgsh_order_operate.html HTTP/1.1" 200 37
61.165.42.208 - - [02/Feb/2021:10:54:52 +0800] "GET /xingrg/all/function/internal_message.html?_=1612234493159&CODE_STATE=getMsg HTTP/1.1" 200 27
222.69.135.98 - - [02/Feb/2021:10:54:54 +0800] "POST /xingrg/kc/buy/cgsh_order_operate.html HTTP/1.1" 200 12
120.204.17.73 - - [02/Feb/2021:10:54:54 +0800] "GET /xingrg/login.html HTTP/1.1" 200 7641
222.69.135.98 - - [02/Feb/2021:10:54:55 +0800] "GET /xingrg/kc/buy/cgsh_order_info.html?code=212021020200612 HTTP/1.1" 200 57050
222.69.135.98 - - [02/Feb/2021:10:54:55 +0800] "GET /xingrg/words/20210202105206_words.js HTTP/1.1" 200 793541
114.86.227.212 - - [02/Feb/2021:10:54:56 +0800] "GET /xingrg/all/function/internal_message.html?_=1612234601224&CODE_STATE=getMsg HTTP/1.1" 200 27
222.69.135.98 - - [02/Feb/2021:10:54:56 +0800] "GET /xingrg/javascript/easyui/themes/default/validatebox.css HTTP/1.1" 404 1104
222.69.135.98 - - [02/Feb/2021:10:54:56 +0800] "POST /xingrg/kc/buy/cgsh_order_operate.html HTTP/1.1" 200 5043
58.37.230.33 - - [02/Feb/2021:10:54:58 +0800] "GET /xingrg/all/function/internal_message.html?_=1612234522772&CODE_STATE=getMsg HTTP/1.1" 200 27
58.37.230.33 - - [02/Feb/2021:10:54:59 +0800] "GET /xingrg/check_reg.html?_=1612234523316 HTTP/1.1" 200 22
222.69.135.98 - - [02/Feb/2021:10:55:01 +0800] "GET /xingrg/kc/print/load_data.html?order_code=212021020200612&kc_code=cgsh&condition= HTTP/1.1" 200 2638
116.228.172.94 - - [02/Feb/2021:10:55:03 +0800] "GET /xingrg/all/function/internal_message.html?_=1612234504780&CODE_STATE=getMsg HTTP/1.1" 200 27
117.185.32.26 - - [02/Feb/2021:10:55:05 +0800] "GET /xingrg/kc/buy/cgsh_order_operate.html?command=get_materiel&rest_code=00106&code=00101009004&supplier_code=00100022&order_time=2021-02-02 HTTP/1.1" 200 409
180.175.150.119 - - [02/Feb/2021:10:55:05 +0800] "GET /xingrg/all/function/internal_message.html?_=1612234750226&CODE_STATE=getMsg HTTP/1.1" 200 27
116.224.253.72 - - [02/Feb/2021:10:55:06 +0800] "GET /xingrg/kc/buy/cgsh_order_operate.html?command=get_materiel&rest_code=00150&code=00101004067&supplier_code=00100312&order_time=2021-02-02 HTTP/1.1" 200 413
117.185.32.26 - - [02/Feb/2021:10:55:07 +0800] "GET /xingrg/all/function/internal_message.html?_=1612234991842&CODE_STATE=getMsg HTTP/1.1" 200 27
117.185.32.26 - - [02/Feb/2021:10:55:08 +0800] "GET /xingrg/all/function/internal_message.html?_=1612234525435&CODE_STATE=getMsg HTTP/1.1" 200 27
114.86.187.76 - - [02/Feb/2021:10:55:11 +0800] "GET /xingrg/check_reg.html?_=1612234512284 HTTP/1.1" 200 22
116.228.172.94 - - [02/Feb/2021:10:55:12 +0800] "GET /xingrg/kc/buy/cgsh_order_operate.html?command=get_materiel&rest_code=00107&code=00101007122&supplier_code=00100323&order_time=2021-02-02 HTTP/1.1" 200 435
114.86.187.76 - - [02/Feb/2021:10:55:14 +0800] "GET /xingrg/all/function/internal_message.html?_=1612234515382&CODE_STATE=getMsg HTTP/1.1" 200 27
117.185.32.26 - - [02/Feb/2021:10:55:17 +0800] "GET /xingrg/kc/buy/cgsh_order_operate.html?command=get_materiel&rest_code=00106&code=00101009112&supplier_code=00100022&order_time=2021-02-02 HTTP/1.1" 200 411
114.88.166.193 - - [02/Feb/2021:10:55:17 +0800] "GET /xingrg/all/function/internal_message.html?_=1612234517033&CODE_STATE=getMsg HTTP/1.1" 200 27
116.224.253.72 - - [02/Feb/2021:10:55:18 +0800] "POST /xingrg/kc/buy/cgsh_order_operate.html HTTP/1.1" 200 37
116.224.253.72 - - [02/Feb/2021:10:55:19 +0800] "GET /xingrg/kc/buy/cgsh_order_operate.html?command=get_materiel_price&rest_code=00151&code=00101007119&unit_code=00100001&supplier_code=00100329&order_time=2021-02-02 HTTP/1.1" 200 27
116.224.253.72 - - [02/Feb/2021:10:55:22 +0800] "POST /xingrg/kc/buy/cgsh_order_operate.html HTTP/1.1" 200 12
116.227.18.45 - - [02/Feb/2021:10:55:23 +0800] "GET /xingrg/all/function/internal_message.html?_=1612234522398&CODE_STATE=getMsg HTTP/1.1" 200 27
116.224.253.72 - - [02/Feb/2021:10:55:23 +0800] "GET /xingrg/kc/buy/cgsh_order_info.html?code=212021020200613 HTTP/1.1" 200 56927
116.224.253.72 - - [02/Feb/2021:10:55:23 +0800] "GET /xingrg/words/20210202105206_words.js HTTP/1.1" 304 -
116.224.253.72 - - [02/Feb/2021:10:55:24 +0800] "GET /xingrg/javascript/easyui/themes/default/validatebox.css HTTP/1.1" 404 1104
116.224.253.72 - - [02/Feb/2021:10:55:24 +0800] "POST /xingrg/kc/buy/cgsh_order_operate.html HTTP/1.1" 200 1210
116.224.253.72 - - [02/Feb/2021:10:55:25 +0800] "GET /xingrg/kc/print/load_data.html?order_code=212021020200613&kc_code=cgsh&condition= HTTP/1.1" 200 949
116.224.253.72 - - [02/Feb/2021:10:55:31 +0800] "GET /xingrg/all/function/internal_message.html?_=1612234530727&CODE_STATE=getMsg HTTP/1.1" 200 27
116.224.253.72 - - [02/Feb/2021:10:55:31 +0800] "GET /xingrg/kc/buy/cgsh_order_add.html HTTP/1.1" 200 62021
116.224.253.72 - - [02/Feb/2021:10:55:32 +0800] "POST /xingrg/kc/buy/cgsh_order_operate.html HTTP/1.1" 200 8245
116.224.253.72 - - [02/Feb/2021:10:55:32 +0800] "GET /xingrg/javascript/easyui/themes/default/validatebox.css HTTP/1.1" 404 1104
218.81.223.240 - - [02/Feb/2021:10:55:35 +0800] "GET /xingrg/all/function/internal_message.html?_=1612234544452&CODE_STATE=getMsg HTTP/1.1" 200 27
222.69.135.98 - - [02/Feb/2021:10:55:36 +0800] "GET /xingrg/all/function/internal_message.html?_=1612234534003&CODE_STATE=getMsg HTTP/1.1" 200 27
180.169.147.146 - - [02/Feb/2021:10:55:37 +0800] "GET /xingrg/all/function/internal_message.html?_=1612234542214&CODE_STATE=getMsg HTTP/1.1" 200 27
116.228.172.94 - - [02/Feb/2021:10:55:38 +0800] "GET /xingrg/kc/buy/cgsh_order_operate.html?command=get_materiel&rest_code=00107&code=00101010241&supplier_code=00100323&order_time=2021-02-02 HTTP/1.1" 200 409
180.169.147.146 - - [02/Feb/2021:10:55:38 +0800] "GET /xingrg/all/function/internal_message.html?_=1612234540482&CODE_STATE=getMsg HTTP/1.1" 200 27
114.86.187.76 - - [02/Feb/2021:10:55:38 +0800] "GET /xingrg/all/function/internal_message.html?_=1612234541088&CODE_STATE=getMsg HTTP/1.1" 200 27
180.169.147.146 - - [02/Feb/2021:10:55:38 +0800] "GET /xingrg/check_reg.html?_=1612234540486 HTTP/1.1" 200 22
116.224.253.72 - - [02/Feb/2021:10:55:40 +0800] "GET /xingrg/all/function/internal_message.html?_=1612234530076&CODE_STATE=getMsg HTTP/1.1" 200 27
116.224.253.72 - - [02/Feb/2021:10:55:40 +0800] "GET /xingrg/kc/buy/cgsh_order_operate.html?command=get_materiel&rest_code=00150&code=00101008328&supplier_code=00100338&order_time=2021-02-02 HTTP/1.1" 200 410
117.185.32.26 - - [02/Feb/2021:10:55:40 +0800] "GET /xingrg/kc/buy/cgsh_order_operate.html?command=get_materiel&rest_code=00106&code=00101009062&supplier_code=00100022&order_time=2021-02-02 HTTP/1.1" 200 412
58.37.230.33 - - [02/Feb/2021:10:55:41 +0800] "GET /xingrg/all/function/internal_message.html?_=1612234580532&CODE_STATE=getMsg HTTP/1.1" 200 27
117.131.5.26 - - [02/Feb/2021:10:55:43 +0800] "GET /xingrg/all/function/internal_message.html?_=1612234903438&CODE_STATE=getMsg HTTP/1.1" 200 27
116.224.253.72 - - [02/Feb/2021:10:55:47 +0800] "GET /xingrg/kc/buy/cgsh_order_operate.html?command=get_materiel&rest_code=00151&code=00101010351&supplier_code=00100329&order_time=2021-02-02 HTTP/1.1" 200 442
61.165.42.208 - - [02/Feb/2021:10:55:49 +0800] "GET /xingrg/kc/buy/cgsh_order_operate.html?command=get_materiel&rest_code=00105&code=00101005022&supplier_code=00100347&order_time=2021-02-02 HTTP/1.1" 200 417
180.169.147.146 - - [02/Feb/2021:10:55:49 +0800] "GET /xingrg/all/function/internal_message.html?_=1612234549358&CODE_STATE=getMsg HTTP/1.1" 302 -
180.169.147.146 - - [02/Feb/2021:10:55:50 +0800] "GET /xingrg/check_reg.html?_=1612234549770 HTTP/1.1" 200 22
180.169.147.146 - - [02/Feb/2021:10:55:50 +0800] "GET /xingrg/all/function/internal_message.html?_=1612234549771&CODE_STATE=getMsg HTTP/1.1" 200 27
61.165.42.208 - - [02/Feb/2021:10:55:52 +0800] "GET /xingrg/all/function/internal_message.html?_=1612234553100&CODE_STATE=getMsg HTTP/1.1" 200 27
116.228.172.94 - - [02/Feb/2021:10:55:52 +0800] "GET /xingrg/kc/buy/cgsh_order_operate.html?command=get_materiel&rest_code=00107&code=00101001109&supplier_code=00100323&order_time=2021-02-02 HTTP/1.1" 200 415
117.185.32.26 - - [02/Feb/2021:10:55:54 +0800] "POST /xingrg/kc/buy/cgsh_order_operate.html HTTP/1.1" 200 37
114.86.227.212 - - [02/Feb/2021:10:55:55 +0800] "GET /xingrg/all/function/internal_message.html?_=1612234661223&CODE_STATE=getMsg HTTP/1.1" 200 27
117.185.32.26 - - [02/Feb/2021:10:55:56 +0800] "POST /xingrg/kc/buy/cgsh_order_operate.html HTTP/1.1" 200 12
58.37.230.33 - - [02/Feb/2021:10:55:58 +0800] "GET /xingrg/all/function/internal_message.html?_=1612234582745&CODE_STATE=getMsg HTTP/1.1" 200 27
116.227.18.45 - - [02/Feb/2021:10:56:01 +0800] "GET /xingrg/kc/buy/cgsh_order_add.html HTTP/1.1" 200 62065
116.227.18.45 - - [02/Feb/2021:10:56:01 +0800] "GET /xingrg/words/20210202105206_words.js HTTP/1.1" 200 793541
116.227.18.45 - - [02/Feb/2021:10:56:02 +0800] "POST /xingrg/kc/buy/cgsh_order_operate.html HTTP/1.1" 200 8245
116.227.18.45 - - [02/Feb/2021:10:56:02 +0800] "GET /xingrg/javascript/easyui/themes/default/validatebox.css HTTP/1.1" 404 1104
116.228.172.94 - - [02/Feb/2021:10:56:03 +0800] "GET /xingrg/all/function/internal_message.html?_=1612234564773&CODE_STATE=getMsg HTTP/1.1" 200 27
61.165.42.208 - - [02/Feb/2021:10:56:05 +0800] "GET /xingrg/kc/buy/cgsh_order_operate.html?command=get_materiel&rest_code=00105&code=00102002167&supplier_code=00100347&order_time=2021-02-02 HTTP/1.1" 200 409
180.175.150.119 - - [02/Feb/2021:10:56:06 +0800] "GET /xingrg/all/function/internal_message.html?_=1612234811028&CODE_STATE=getMsg HTTP/1.1" 200 27
117.185.32.26 - - [02/Feb/2021:10:56:07 +0800] "GET /xingrg/all/function/internal_message.html?_=1612235051840&CODE_STATE=getMsg HTTP/1.1" 200 27
183.192.164.97 - - [02/Feb/2021:10:56:07 +0800] "GET /xingrg/kc/buy/cgsh_order_add.html HTTP/1.1" 302 -
183.192.164.97 - - [02/Feb/2021:10:56:10 +0800] "GET /xingrg/login.html HTTP/1.1" 200 7641
116.228.172.94 - - [02/Feb/2021:10:56:12 +0800] "GET /xingrg/kc/buy/cgsh_order_operate.html?command=get_materiel&rest_code=00107&code=00101010044&supplier_code=00100323&order_time=2021-02-02 HTTP/1.1" 200 412
116.227.18.45 - - [02/Feb/2021:10:56:14 +0800] "GET /xingrg/kc/buy/cgsh_order_operate.html?command=get_materiel&rest_code=00155&code=00101007077&supplier_code=00100002&order_time=2021-02-01 HTTP/1.1" 200 415
114.86.187.76 - - [02/Feb/2021:10:56:14 +0800] "GET /xingrg/all/function/internal_message.html?_=1612234575364&CODE_STATE=getMsg HTTP/1.1" 200 27
114.88.166.193 - - [02/Feb/2021:10:56:17 +0800] "GET /xingrg/all/function/internal_message.html?_=1612234577389&CODE_STATE=getMsg HTTP/1.1" 200 27
116.224.253.72 - - [02/Feb/2021:10:56:18 +0800] "POST /xingrg/kc/buy/cgsh_order_operate.html HTTP/1.1" 200 37
116.224.253.72 - - [02/Feb/2021:10:56:19 +0800] "GET /xingrg/kc/buy/cgsh_order_operate.html?command=get_materiel&rest_code=00151&code=00101010134&supplier_code=00100329&order_time=2021-02-02 HTTP/1.1" 200 424
61.165.42.208 - - [02/Feb/2021:10:56:19 +0800] "GET /xingrg/kc/buy/cgsh_order_operate.html?command=get_materiel&rest_code=00105&code=00101021021&supplier_code=00100347&order_time=2021-02-02 HTTP/1.1" 200 400
116.224.253.72 - - [02/Feb/2021:10:56:21 +0800] "POST /xingrg/all/common/load_select.html HTTP/1.1" 200 25
116.227.18.45 - - [02/Feb/2021:10:56:21 +0800] "POST /xingrg/kc/buy/cgsh_order_operate.html HTTP/1.1" 200 37
116.224.253.72 - - [02/Feb/2021:10:56:21 +0800] "POST /xingrg/kc/buy/cgsh_order_operate.html HTTP/1.1" 200 12
116.224.253.72 - - [02/Feb/2021:10:56:22 +0800] "GET /xingrg/kc/buy/cgsh_order_info.html?code=212021020200615 HTTP/1.1" 200 56927
116.227.18.45 - - [02/Feb/2021:10:56:23 +0800] "POST /xingrg/kc/buy/cgsh_order_operate.html HTTP/1.1" 200 2660
116.227.18.45 - - [02/Feb/2021:10:56:23 +0800] "GET /xingrg/all/function/internal_message.html?_=1612234582404&CODE_STATE=getMsg HTTP/1.1" 200 27
116.224.253.72 - - [02/Feb/2021:10:56:23 +0800] "GET /xingrg/words/20210202105206_words.js HTTP/1.1" 304 -
116.224.253.72 - - [02/Feb/2021:10:56:23 +0800] "GET /xingrg/javascript/easyui/themes/default/validatebox.css HTTP/1.1" 404 1104
116.224.253.72 - - [02/Feb/2021:10:56:23 +0800] "POST /xingrg/kc/buy/cgsh_order_operate.html HTTP/1.1" 200 605
116.227.18.45 - - [02/Feb/2021:10:56:24 +0800] "GET /xingrg/kc/print/load_data.html?order_code=212021020200616&kc_code=cgsh&condition= HTTP/1.1" 200 749
117.185.32.26 - - [02/Feb/2021:10:56:24 +0800] "GET /xingrg/kc/buy/cgsh_order_info.html?code=212021020200614 HTTP/1.1" 200 57005
117.185.32.26 - - [02/Feb/2021:10:56:24 +0800] "GET /xingrg/javascript/easyui/themes/default/validatebox.css HTTP/1.1" 404 1104
116.224.253.72 - - [02/Feb/2021:10:56:25 +0800] "GET /xingrg/kc/buy/cgsh_order_operate.html?command=get_materiel_price&rest_code=00151&code=00101010134&unit_code=00100070&supplier_code=00100329&order_time=2021-02-02 HTTP/1.1" 200 28
117.185.32.26 - - [02/Feb/2021:10:56:25 +0800] "POST /xingrg/kc/buy/cgsh_order_operate.html HTTP/1.1" 200 4740
116.224.253.72 - - [02/Feb/2021:10:56:25 +0800] "GET /xingrg/kc/print/load_data.html?order_code=212021020200615&kc_code=cgsh&condition= HTTP/1.1" 200 713
117.185.32.26 - - [02/Feb/2021:10:56:26 +0800] "GET /xingrg/kc/print/load_data.html?order_code=212021020200614&kc_code=cgsh&condition= HTTP/1.1" 200 2302
117.185.32.26 - - [02/Feb/2021:10:56:30 +0800] "GET /xingrg/kc/print/load_data.html?order_code=212021020200614&kc_code=cgsh HTTP/1.1" 200 2302
