180.169.147.146 - - [02/Feb/2021:10:25:37 +0800] "GET /xingrg/all/function/internal_message.html?_=1612232741719&CODE_STATE=getMsg HTTP/1.1" 200 27
114.86.187.76 - - [02/Feb/2021:10:25:38 +0800] "GET /xingrg/all/function/internal_message.html?_=1612232740677&CODE_STATE=getMsg HTTP/1.1" 200 27
180.169.147.146 - - [02/Feb/2021:10:25:38 +0800] "GET /xingrg/all/function/internal_message.html?_=1612232740450&CODE_STATE=getMsg HTTP/1.1" 200 27
180.169.147.146 - - [02/Feb/2021:10:25:38 +0800] "GET /xingrg/check_reg.html?_=1612232740454 HTTP/1.1" 200 22
58.37.230.33 - - [02/Feb/2021:10:25:39 +0800] "POST /xingrg/kc/buy/cgsh_order_operate.html HTTP/1.1" 200 37
222.69.135.98 - - [02/Feb/2021:10:25:39 +0800] "GET /xingrg/kc/print/load_data.html?order_code=212021020200542&kc_code=cgsh&condition= HTTP/1.1" 200 1917
117.185.32.26 - - [02/Feb/2021:10:25:41 +0800] "GET /xingrg/kc/buy/cgsh_order_operate.html?command=get_materiel&rest_code=00106&code=00101002034&supplier_code=00100091&order_time=2021-02-02 HTTP/1.1" 200 409
116.224.253.72 - - [02/Feb/2021:10:25:41 +0800] "POST /xingrg/kc/mdqp/pssh_order_operate.html HTTP/1.1" 200 37
58.37.230.33 - - [02/Feb/2021:10:25:42 +0800] "POST /xingrg/kc/buy/cgsh_order_operate.html HTTP/1.1" 200 12
58.37.230.33 - - [02/Feb/2021:10:25:42 +0800] "GET /xingrg/all/function/internal_message.html?_=1612232781231&CODE_STATE=getMsg HTTP/1.1" 200 27
116.224.253.72 - - [02/Feb/2021:10:25:42 +0800] "POST /xingrg/kc/mdqp/pssh_order_operate.html HTTP/1.1" 200 12
58.37.230.33 - - [02/Feb/2021:10:25:43 +0800] "GET /xingrg/kc/buy/cgsh_order_info.html?code=212021020200543 HTTP/1.1" 200 57009
58.37.230.33 - - [02/Feb/2021:10:25:43 +0800] "GET /xingrg/javascript/easyui/themes/default/validatebox.css HTTP/1.1" 404 1104
116.224.253.72 - - [02/Feb/2021:10:25:43 +0800] "GET /xingrg/kc/mdqp/pssh_order_info.html?code=312021020100057 HTTP/1.1" 200 14390
116.224.253.72 - - [02/Feb/2021:10:25:43 +0800] "GET /xingrg/javascript/jquery_tools/jquery-1.4.2.min.js HTTP/1.1" 404 1094
116.224.253.72 - - [02/Feb/2021:10:25:43 +0800] "POST /xingrg/kc/mdqp/pssh_order_operate.html HTTP/1.1" 200 1081
116.224.253.72 - - [02/Feb/2021:10:25:43 +0800] "GET /xingrg/javascript/easyui/themes/default/validatebox.css HTTP/1.1" 404 1104
58.37.230.33 - - [02/Feb/2021:10:25:44 +0800] "POST /xingrg/kc/buy/cgsh_order_operate.html HTTP/1.1" 200 2397
58.37.230.33 - - [02/Feb/2021:10:25:44 +0800] "GET /xingrg/kc/print/load_data.html?order_code=212021020200543&kc_code=cgsh&condition= HTTP/1.1" 200 1464
116.224.253.72 - - [02/Feb/2021:10:25:46 +0800] "GET /xingrg/kc/print/load_data.html?order_code=312021020100057&kc_code=pssh&condition= HTTP/1.1" 200 891
180.169.147.146 - - [02/Feb/2021:10:25:50 +0800] "GET /xingrg/check_reg.html?_=1612232749459 HTTP/1.1" 200 22
180.169.147.146 - - [02/Feb/2021:10:25:50 +0800] "GET /xingrg/all/function/internal_message.html?_=1612232749462&CODE_STATE=getMsg HTTP/1.1" 200 27
180.175.150.119 - - [02/Feb/2021:10:25:50 +0800] "GET /xingrg/all/function/internal_message.html?_=1612232994919&CODE_STATE=getMsg HTTP/1.1" 200 27
58.37.230.33 - - [02/Feb/2021:10:25:51 +0800] "GET /xingrg/kc/buy/cgsh_order_add.html HTTP/1.1" 200 62103
58.37.230.33 - - [02/Feb/2021:10:25:51 +0800] "POST /xingrg/kc/buy/cgsh_order_operate.html HTTP/1.1" 200 8245
58.37.230.33 - - [02/Feb/2021:10:25:51 +0800] "GET /xingrg/javascript/easyui/themes/default/validatebox.css HTTP/1.1" 404 1104
117.185.32.26 - - [02/Feb/2021:10:25:52 +0800] "POST /xingrg/kc/buy/cgsh_order_operate.html HTTP/1.1" 200 37
61.165.42.208 - - [02/Feb/2021:10:25:53 +0800] "GET /xingrg/all/function/internal_message.html?_=1612232753671&CODE_STATE=getMsg HTTP/1.1" 200 27
117.185.32.26 - - [02/Feb/2021:10:25:53 +0800] "POST /xingrg/kc/buy/cgsh_order_operate.html HTTP/1.1" 200 3252
116.224.253.72 - - [02/Feb/2021:10:25:56 +0800] "GET /xingrg/kc/mdqp/pssh_order_list.html?isBack=1 HTTP/1.1" 200 17847
116.224.253.72 - - [02/Feb/2021:10:25:56 +0800] "POST /xingrg/kc/mdqp/pssh_list_operate.html HTTP/1.1" 200 5418
117.185.32.26 - - [02/Feb/2021:10:25:57 +0800] "GET /xingrg/kc/buy/cgsh_order_add.html HTTP/1.1" 200 62097
117.185.32.26 - - [02/Feb/2021:10:25:57 +0800] "GET /xingrg/javascript/easyui/themes/default/validatebox.css HTTP/1.1" 404 1104
117.185.32.26 - - [02/Feb/2021:10:25:57 +0800] "POST /xingrg/kc/buy/cgsh_order_operate.html HTTP/1.1" 200 8245
116.224.253.72 - - [02/Feb/2021:10:25:58 +0800] "POST /xingrg/kc/mdqp/pssh_list_operate.html HTTP/1.1" 200 259
58.37.230.33 - - [02/Feb/2021:10:25:59 +0800] "GET /xingrg/all/function/internal_message.html?_=1612232783252&CODE_STATE=getMsg HTTP/1.1" 200 27
116.224.253.72 - - [02/Feb/2021:10:25:59 +0800] "GET /xingrg/kc/mdqp/pssh_order_info.html?code=312021020100045 HTTP/1.1" 200 17274
116.224.253.72 - - [02/Feb/2021:10:25:59 +0800] "GET /xingrg/javascript/jquery_tools/jquery-1.4.2.min.js HTTP/1.1" 404 1094
116.224.253.72 - - [02/Feb/2021:10:25:59 +0800] "GET /xingrg/javascript/easyui/themes/default/validatebox.css HTTP/1.1" 404 1104
116.224.253.72 - - [02/Feb/2021:10:25:59 +0800] "POST /xingrg/kc/mdqp/pssh_order_operate.html HTTP/1.1" 200 534
116.228.172.94 - - [02/Feb/2021:10:26:00 +0800] "GET /xingrg/all/function/internal_message.html?_=1612232761519&CODE_STATE=getMsg HTTP/1.1" 200 27
117.185.32.26 - - [02/Feb/2021:10:26:02 +0800] "GET /xingrg/javascript/easyui/themes/default/tree.css HTTP/1.1" 404 1090
117.185.32.26 - - [02/Feb/2021:10:26:03 +0800] "POST /xingrg/all/common/load_tree.html?tree=supplier_tree_json&isDelete=1 HTTP/1.1" 200 54817
180.169.147.146 - - [02/Feb/2021:10:26:04 +0800] "GET /xingrg/all/function/internal_message.html?_=1612232764586&CODE_STATE=getMsg HTTP/1.1" 200 27
117.185.32.26 - - [02/Feb/2021:10:26:07 +0800] "GET /xingrg/all/function/internal_message.html?_=1612233251744&CODE_STATE=getMsg HTTP/1.1" 200 27
116.224.253.72 - - [02/Feb/2021:10:26:07 +0800] "POST /xingrg/all/common/load_combo.html?type=employee HTTP/1.1" 200 365
114.88.166.193 - - [02/Feb/2021:10:26:12 +0800] "GET /xingrg/all/function/internal_message.html?_=1612232772650&CODE_STATE=getMsg HTTP/1.1" 200 27
116.224.253.72 - - [02/Feb/2021:10:26:13 +0800] "GET /xingrg/all/function/internal_message.html?_=1612232762927&CODE_STATE=getMsg HTTP/1.1" 200 27
116.224.253.72 - - [02/Feb/2021:10:26:14 +0800] "POST /xingrg/kc/mdqp/pssh_order_operate.html HTTP/1.1" 200 37
114.86.187.76 - - [02/Feb/2021:10:26:14 +0800] "GET /xingrg/all/function/internal_message.html?_=1612232775341&CODE_STATE=getMsg HTTP/1.1" 200 27
116.224.253.72 - - [02/Feb/2021:10:26:14 +0800] "POST /xingrg/kc/mdqp/pssh_order_operate.html HTTP/1.1" 200 12
116.224.253.72 - - [02/Feb/2021:10:26:15 +0800] "GET /xingrg/kc/mdqp/pssh_order_info.html?code=312021020100045 HTTP/1.1" 200 14390
116.224.253.72 - - [02/Feb/2021:10:26:15 +0800] "GET /xingrg/javascript/jquery_tools/jquery-1.4.2.min.js HTTP/1.1" 404 1094
116.224.253.72 - - [02/Feb/2021:10:26:15 +0800] "GET /xingrg/javascript/easyui/themes/default/validatebox.css HTTP/1.1" 404 1104
116.224.253.72 - - [02/Feb/2021:10:26:15 +0800] "POST /xingrg/kc/mdqp/pssh_order_operate.html HTTP/1.1" 200 534
101.89.19.197 - - [02/Feb/2021:10:26:16 +0800] "GET /xingrg/all/function/internal_message.html?_=1612232181478&CODE_STATE=getMsg HTTP/1.1" 302 -
116.224.253.72 - - [02/Feb/2021:10:26:17 +0800] "GET /xingrg/kc/print/load_data.html?order_code=312021020100045&kc_code=pssh&condition= HTTP/1.1" 200 665
101.89.19.197 - - [02/Feb/2021:10:26:20 +0800] "GET /xingrg/login.html HTTP/1.1" 200 7641
117.185.32.26 - - [02/Feb/2021:10:26:21 +0800] "GET /xingrg/kc/buy/cgsh_order_operate.html?command=get_materiel&rest_code=00106&code=00101002007&supplier_code=00100442&order_time=2021-02-02 HTTP/1.1" 200 409
116.224.253.72 - - [02/Feb/2021:10:26:22 +0800] "GET /xingrg/kc/base/wldb_order_list.html HTTP/1.1" 200 19345
116.224.253.72 - - [02/Feb/2021:10:26:22 +0800] "POST /xingrg/kc/base/wldb_list_operate.html HTTP/1.1" 200 928
116.224.253.72 - - [02/Feb/2021:10:26:23 +0800] "GET /xingrg/kc/base/wldb_order_add.html HTTP/1.1" 200 30508
180.169.147.146 - - [02/Feb/2021:10:26:23 +0800] "GET /xingrg/all/function/internal_message.html?_=1612232782599&CODE_STATE=getMsg HTTP/1.1" 200 27
116.224.253.72 - - [02/Feb/2021:10:26:23 +0800] "POST /xingrg/kc/base/wldb_order_operate.html HTTP/1.1" 200 6806
116.224.253.72 - - [02/Feb/2021:10:26:23 +0800] "GET /xingrg/javascript/easyui/themes/default/validatebox.css HTTP/1.1" 404 1104
117.185.32.26 - - [02/Feb/2021:10:26:24 +0800] "GET /xingrg/kc/mdqp/qp_main.html HTTP/1.1" 200 10633
117.185.32.26 - - [02/Feb/2021:10:26:25 +0800] "GET /xingrg/images/yd/bt.gif HTTP/1.1" 404 1040
117.185.32.26 - - [02/Feb/2021:10:26:26 +0800] "GET /xingrg/kc/mdqp/pssh_order_list.html HTTP/1.1" 200 17927
117.185.32.26 - - [02/Feb/2021:10:26:26 +0800] "POST /xingrg/kc/mdqp/pssh_list_operate.html HTTP/1.1" 200 5098
117.185.32.26 - - [02/Feb/2021:10:26:28 +0800] "POST /xingrg/kc/mdqp/pssh_list_operate.html HTTP/1.1" 200 354
117.185.32.26 - - [02/Feb/2021:10:26:29 +0800] "POST /xingrg/kc/mdqp/pssh_list_operate.html HTTP/1.1" 200 256
117.185.32.26 - - [02/Feb/2021:10:26:30 +0800] "GET /xingrg/all/function/internal_message.html?_=1612232807238&CODE_STATE=getMsg HTTP/1.1" 200 27
222.69.135.98 - - [02/Feb/2021:10:26:30 +0800] "GET /xingrg/kc/buy/cgsh_order_add.html HTTP/1.1" 200 62150
116.224.253.72 - - [02/Feb/2021:10:26:31 +0800] "GET /xingrg/check_reg.html?_=1612232790686 HTTP/1.1" 200 22
116.224.253.72 - - [02/Feb/2021:10:26:31 +0800] "GET /xingrg/all/function/internal_message.html?_=1612232790689&CODE_STATE=getMsg HTTP/1.1" 200 27
222.69.135.98 - - [02/Feb/2021:10:26:31 +0800] "GET /xingrg/javascript/easyui/themes/default/validatebox.css HTTP/1.1" 404 1104
222.69.135.98 - - [02/Feb/2021:10:26:31 +0800] "POST /xingrg/kc/buy/cgsh_order_operate.html HTTP/1.1" 200 8245
117.185.32.26 - - [02/Feb/2021:10:26:32 +0800] "POST /xingrg/kc/mdqp/pssh_list_operate.html HTTP/1.1" 200 256
114.86.227.212 - - [02/Feb/2021:10:26:32 +0800] "GET /xingrg/all/function/internal_message.html?_=1612232863036&CODE_STATE=getMsg HTTP/1.1" 200 27
218.81.223.240 - - [02/Feb/2021:10:26:33 +0800] "GET /xingrg/all/function/internal_message.html?_=1612232802429&CODE_STATE=getMsg HTTP/1.1" 200 27
222.69.135.98 - - [02/Feb/2021:10:26:36 +0800] "GET /xingrg/all/function/internal_message.html?_=1612232794002&CODE_STATE=getMsg HTTP/1.1" 200 27
117.185.32.26 - - [02/Feb/2021:10:26:37 +0800] "POST /xingrg/kc/mdqp/pssh_list_operate.html HTTP/1.1" 200 3355
180.169.147.146 - - [02/Feb/2021:10:26:37 +0800] "GET /xingrg/all/function/internal_message.html?_=1612232801739&CODE_STATE=getMsg HTTP/1.1" 200 27
114.86.187.76 - - [02/Feb/2021:10:26:38 +0800] "GET /xingrg/check_reg.html?_=1612232800629 HTTP/1.1" 200 22
114.86.187.76 - - [02/Feb/2021:10:26:38 +0800] "GET /xingrg/all/function/internal_message.html?_=1612232800691&CODE_STATE=getMsg HTTP/1.1" 200 27
180.169.147.146 - - [02/Feb/2021:10:26:38 +0800] "GET /xingrg/all/function/internal_message.html?_=1612232800465&CODE_STATE=getMsg HTTP/1.1" 200 27
117.185.32.26 - - [02/Feb/2021:10:26:39 +0800] "POST /xingrg/kc/mdqp/pssh_list_operate.html HTTP/1.1" 200 354
117.185.32.26 - - [02/Feb/2021:10:26:39 +0800] "POST /xingrg/kc/buy/cgsh_order_operate.html HTTP/1.1" 200 37
117.185.32.26 - - [02/Feb/2021:10:26:40 +0800] "POST /xingrg/kc/mdqp/pssh_list_operate.html HTTP/1.1" 200 256
117.185.32.26 - - [02/Feb/2021:10:26:40 +0800] "POST /xingrg/kc/buy/cgsh_order_operate.html HTTP/1.1" 200 2657
117.185.32.26 - - [02/Feb/2021:10:26:41 +0800] "POST /xingrg/kc/mdqp/pssh_list_operate.html HTTP/1.1" 200 609
58.37.230.33 - - [02/Feb/2021:10:26:42 +0800] "GET /xingrg/all/function/internal_message.html?_=1612232841209&CODE_STATE=getMsg HTTP/1.1" 200 27
117.185.32.26 - - [02/Feb/2021:10:26:42 +0800] "GET /xingrg/kc/buy/cgsh_order_add.html HTTP/1.1" 200 62097
117.185.32.26 - - [02/Feb/2021:10:26:43 +0800] "POST /xingrg/kc/buy/cgsh_order_operate.html HTTP/1.1" 200 8245
117.185.32.26 - - [02/Feb/2021:10:26:43 +0800] "GET /xingrg/javascript/easyui/themes/default/validatebox.css HTTP/1.1" 404 1104
117.185.32.26 - - [02/Feb/2021:10:26:44 +0800] "GET /xingrg/kc/mdqp/pssh_order_info.html?code=312021020100027 HTTP/1.1" 200 17271
117.185.32.26 - - [02/Feb/2021:10:26:44 +0800] "GET /xingrg/javascript/jquery_tools/jquery-1.4.2.min.js HTTP/1.1" 404 1094
117.185.32.26 - - [02/Feb/2021:10:26:44 +0800] "GET /xingrg/words/20210201171229_words.js HTTP/1.1" 304 -
116.224.253.72 - - [02/Feb/2021:10:26:45 +0800] "GET /xingrg/kc/base/wldb_order_operate.html?command=get_materiel&rest_code=00150&base_code=0010462&code=00101034100 HTTP/1.1" 200 428
117.185.32.26 - - [02/Feb/2021:10:26:45 +0800] "GET /xingrg/all/common/auto_word.html?type=base&rest_code=00106&rest_code=00106 HTTP/1.1" 200 1753
117.185.32.26 - - [02/Feb/2021:10:26:45 +0800] "GET /xingrg/all/common/auto_word.html?type=employee&rest_code=00106 HTTP/1.1" 200 205
117.185.32.26 - - [02/Feb/2021:10:26:45 +0800] "GET /xingrg/javascript/easyui/themes/default/validatebox.css HTTP/1.1" 404 1104
117.185.32.26 - - [02/Feb/2021:10:26:45 +0800] "POST /xingrg/kc/mdqp/pssh_order_operate.html HTTP/1.1" 200 2142
222.69.135.98 - - [02/Feb/2021:10:26:46 +0800] "GET /xingrg/kc/buy/cgsh_order_operate.html?command=get_materiel&rest_code=00149&code=00101006130&supplier_code=00100012&order_time=2021-02-02 HTTP/1.1" 200 446
117.185.32.26 - - [02/Feb/2021:10:26:49 +0800] "GET /xingrg/javascript/easyui/themes/default/tree.css HTTP/1.1" 404 1090
117.185.32.26 - - [02/Feb/2021:10:26:49 +0800] "POST /xingrg/all/common/load_tree.html?tree=supplier_tree_json&isDelete=1 HTTP/1.1" 200 54817
180.169.147.146 - - [02/Feb/2021:10:26:50 +0800] "GET /xingrg/all/function/internal_message.html?_=1612232809441&CODE_STATE=getMsg HTTP/1.1" 200 27
180.175.150.119 - - [02/Feb/2021:10:26:50 +0800] "GET /xingrg/all/function/internal_message.html?_=1612233055563&CODE_STATE=getMsg HTTP/1.1" 200 27
61.165.42.208 - - [02/Feb/2021:10:26:53 +0800] "GET /xingrg/all/function/internal_message.html?_=1612232813648&CODE_STATE=getMsg HTTP/1.1" 200 27
116.224.253.72 - - [02/Feb/2021:10:26:55 +0800] "POST /xingrg/kc/base/wldb_order_operate.html HTTP/1.1" 200 37
116.235.65.35 - - [02/Feb/2021:10:26:57 +0800] "GET /xingrg/login_supplier.html HTTP/1.1" 200 3208
49.7.3.239 - - [02/Feb/2021:10:26:57 +0800] "GET /xingrg/login_supplier.html HTTP/1.1" 200 3208
49.7.3.239 - - [02/Feb/2021:10:26:57 +0800] "GET /xingrg/javascript/jquery-1.4.2.min.js HTTP/1.1" 200 72205
116.224.253.72 - - [02/Feb/2021:10:26:57 +0800] "POST /xingrg/kc/base/wldb_order_operate.html HTTP/1.1" 200 12
116.224.253.72 - - [02/Feb/2021:10:26:57 +0800] "POST /xingrg/kc/base/wldb_order_operate.html HTTP/1.1" 200 2192
49.7.3.195 - - [02/Feb/2021:10:26:57 +0800] "GET /xingrg/images/body-bg.png HTTP/1.1" 304 -
116.235.65.35 - - [02/Feb/2021:10:26:57 +0800] "GET /favicon.ico HTTP/1.1" 404 -
116.224.253.72 - - [02/Feb/2021:10:26:57 +0800] "GET /xingrg/kc/base/wldb_order_info.html?code=422021020200158 HTTP/1.1" 200 26384
116.224.253.72 - - [02/Feb/2021:10:26:58 +0800] "GET /xingrg/javascript/easyui/themes/default/validatebox.css HTTP/1.1" 404 1104
116.224.253.72 - - [02/Feb/2021:10:26:58 +0800] "POST /xingrg/kc/base/wldb_order_operate.html HTTP/1.1" 200 487
58.37.230.33 - - [02/Feb/2021:10:26:59 +0800] "GET /xingrg/all/function/internal_message.html?_=1612232843250&CODE_STATE=getMsg HTTP/1.1" 200 27
116.235.65.35 - - [02/Feb/2021:10:26:59 +0800] "POST /xingrg/login_supplier.html HTTP/1.1" 302 -
116.235.65.35 - - [02/Feb/2021:10:26:59 +0800] "GET /xingrg/supplier_index.html?sysBaseUrl=http%3A%2F%2F180.169.147.146%3A18081%2Fxingrg%2F&costTime=16×tamp=1612232819234 HTTP/1.1" 200 9061
116.224.253.72 - - [02/Feb/2021:10:26:59 +0800] "GET /xingrg/kc/print/load_data.html?order_code=422021020200158&kc_code=wldb&condition= HTTP/1.1" 200 597
116.228.172.94 - - [02/Feb/2021:10:27:00 +0800] "GET /xingrg/all/function/internal_message.html?_=1612232821502&CODE_STATE=getMsg HTTP/1.1" 200 27
58.37.230.33 - - [02/Feb/2021:10:27:01 +0800] "GET /xingrg/kc/buy/cgsh_order_operate.html?command=get_materiel&rest_code=00141&code=00101001040&supplier_code=00100090&order_time=2021-02-02 HTTP/1.1" 200 415
116.235.65.35 - - [02/Feb/2021:10:27:01 +0800] "GET /xingrg/supplier/cgsh_order_list.html HTTP/1.1" 200 10896
116.235.65.35 - - [02/Feb/2021:10:27:03 +0800] "POST /xingrg/supplier/cgsh_list_operate.html HTTP/1.1" 200 6112
117.185.32.26 - - [02/Feb/2021:10:27:04 +0800] "GET /xingrg/kc/buy/cgsh_order_operate.html?command=get_materiel&rest_code=00106&code=00101016099&supplier_code=00100329&order_time=2021-02-02 HTTP/1.1" 200 413
61.151.179.84 - - [02/Feb/2021:10:27:04 +0800] "GET /xingrg/all/function/internal_message.html?_=1612232241448&CODE_STATE=getMsg HTTP/1.1" 302 -
180.169.147.146 - - [02/Feb/2021:10:27:04 +0800] "GET /xingrg/all/function/internal_message.html?_=1612232824588&CODE_STATE=getMsg HTTP/1.1" 200 27
117.185.32.26 - - [02/Feb/2021:10:27:07 +0800] "POST /xingrg/kc/mdqp/pssh_list_operate.html HTTP/1.1" 200 4618
117.185.32.26 - - [02/Feb/2021:10:27:07 +0800] "GET /xingrg/all/function/internal_message.html?_=1612233311728&CODE_STATE=getMsg HTTP/1.1" 200 27
116.235.65.35 - - [02/Feb/2021:10:27:09 +0800] "POST /xingrg/supplier/cgsh_list_operate.html HTTP/1.1" 200 586
117.185.32.26 - - [02/Feb/2021:10:27:10 +0800] "POST /xingrg/kc/mdqp/pssh_list_operate.html HTTP/1.1" 200 3355
58.37.230.33 - - [02/Feb/2021:10:27:12 +0800] "POST /xingrg/kc/buy/cgsh_order_operate.html HTTP/1.1" 200 37
58.221.95.50 - - [02/Feb/2021:10:27:12 +0800] "GET /xingrg/check_reg.html?_=1612232831330 HTTP/1.1" 302 -
61.151.179.84 - - [02/Feb/2021:10:27:12 +0800] "GET /xingrg/login.html HTTP/1.1" 200 7641
116.224.253.72 - - [02/Feb/2021:10:27:13 +0800] "GET /xingrg/all/function/internal_message.html?_=1612232822949&CODE_STATE=getMsg HTTP/1.1" 200 27
114.88.166.193 - - [02/Feb/2021:10:27:13 +0800] "GET /xingrg/all/function/internal_message.html?_=1612232833004&CODE_STATE=getMsg HTTP/1.1" 200 27
116.235.65.35 - - [02/Feb/2021:10:27:13 +0800] "GET /xingrg/javascript/jquery_tools/images/next.gif HTTP/1.1" 404 1086
116.235.65.35 - - [02/Feb/2021:10:27:13 +0800] "GET /xingrg/javascript/jquery_tools/images/prev.gif HTTP/1.1" 404 1086
114.86.187.76 - - [02/Feb/2021:10:27:14 +0800] "GET /xingrg/all/function/internal_message.html?_=1612232835320&CODE_STATE=getMsg HTTP/1.1" 200 27
58.37.230.33 - - [02/Feb/2021:10:27:14 +0800] "POST /xingrg/kc/buy/cgsh_order_operate.html HTTP/1.1" 200 12
58.37.230.33 - - [02/Feb/2021:10:27:15 +0800] "GET /xingrg/kc/buy/cgsh_order_info.html?code=212021020200546 HTTP/1.1" 200 57009
117.185.32.26 - - [02/Feb/2021:10:27:15 +0800] "POST /xingrg/kc/mdqp/pssh_list_operate.html HTTP/1.1" 200 4618
58.37.230.33 - - [02/Feb/2021:10:27:15 +0800] "GET /xingrg/javascript/easyui/themes/default/validatebox.css HTTP/1.1" 404 1104
58.37.230.33 - - [02/Feb/2021:10:27:16 +0800] "POST /xingrg/kc/buy/cgsh_order_operate.html HTTP/1.1" 200 612
58.37.230.33 - - [02/Feb/2021:10:27:16 +0800] "GET /xingrg/kc/print/load_data.html?order_code=212021020200546&kc_code=cgsh HTTP/1.1" 200 777
117.185.32.26 - - [02/Feb/2021:10:27:17 +0800] "POST /xingrg/kc/mdqp/pssh_list_operate.html HTTP/1.1" 200 655
117.185.32.26 - - [02/Feb/2021:10:27:19 +0800] "GET /xingrg/kc/buy/cgsh_order_operate.html?command=get_materiel&rest_code=00106&code=00101016100&supplier_code=00100329&order_time=2021-02-02 HTTP/1.1" 200 413
117.185.32.26 - - [02/Feb/2021:10:27:19 +0800] "POST /xingrg/kc/mdqp/pssh_list_operate.html HTTP/1.1" 200 767
58.37.230.33 - - [02/Feb/2021:10:27:19 +0800] "GET /xingrg/kc/print/load_data.html?order_code=212021020200546&kc_code=cgsh&condition= HTTP/1.1" 200 777
117.185.32.26 - - [02/Feb/2021:10:27:22 +0800] "GET /xingrg/kc/mdqp/pssh_order_info.html?code=312021020100017 HTTP/1.1" 200 17273
117.185.32.26 - - [02/Feb/2021:10:27:22 +0800] "GET /xingrg/javascript/jquery_tools/jquery-1.4.2.min.js HTTP/1.1" 404 1094
117.185.32.26 - - [02/Feb/2021:10:27:23 +0800] "GET /xingrg/javascript/easyui/themes/default/validatebox.css HTTP/1.1" 404 1104
117.185.32.26 - - [02/Feb/2021:10:27:23 +0800] "POST /xingrg/kc/mdqp/pssh_order_operate.html HTTP/1.1" 200 13232
180.169.147.146 - - [02/Feb/2021:10:27:23 +0800] "GET /xingrg/all/function/internal_message.html?_=1612232842598&CODE_STATE=getMsg HTTP/1.1" 200 27
58.37.230.33 - - [02/Feb/2021:10:27:23 +0800] "GET /xingrg/kc/buy/cgsh_order_add.html HTTP/1.1" 200 62103
58.37.230.33 - - [02/Feb/2021:10:27:24 +0800] "POST /xingrg/kc/buy/cgsh_order_operate.html HTTP/1.1" 200 8245
58.37.230.33 - - [02/Feb/2021:10:27:24 +0800] "GET /xingrg/javascript/easyui/themes/default/validatebox.css HTTP/1.1" 404 1104
116.235.65.35 - - [02/Feb/2021:10:27:26 +0800] "POST /xingrg/supplier/cgsh_list_operate.html HTTP/1.1" 200 1787
117.185.32.26 - - [02/Feb/2021:10:27:30 +0800] "GET /xingrg/all/function/internal_message.html?_=1612232867233&CODE_STATE=getMsg HTTP/1.1" 200 27
117.185.32.26 - - [02/Feb/2021:10:27:30 +0800] "POST /xingrg/kc/buy/cgsh_order_operate.html HTTP/1.1" 200 37
116.224.253.72 - - [02/Feb/2021:10:27:31 +0800] "GET /xingrg/all/function/internal_message.html?_=1612232850685&CODE_STATE=getMsg HTTP/1.1" 200 27
58.37.230.33 - - [02/Feb/2021:10:27:31 +0800] "GET /xingrg/kc/buy/cgsh_order_operate.html?command=get_materiel&rest_code=00141&code=00101010079&supplier_code=00100336&order_time=2021-02-02 HTTP/1.1" 200 413
117.185.32.26 - - [02/Feb/2021:10:27:32 +0800] "POST /xingrg/kc/buy/cgsh_order_operate.html HTTP/1.1" 200 3247
114.86.227.212 - - [02/Feb/2021:10:27:32 +0800] "GET /xingrg/check_reg.html?_=1612232923035 HTTP/1.1" 200 22
114.86.227.212 - - [02/Feb/2021:10:27:32 +0800] "GET /xingrg/all/function/internal_message.html?_=1612232923035&CODE_STATE=getMsg HTTP/1.1" 200 27
218.81.223.240 - - [02/Feb/2021:10:27:33 +0800] "GET /xingrg/all/function/internal_message.html?_=1612232862579&CODE_STATE=getMsg HTTP/1.1" 200 27
117.185.32.26 - - [02/Feb/2021:10:27:33 +0800] "GET /xingrg/kc/buy/cgsh_order_add.html HTTP/1.1" 200 62097
117.185.32.26 - - [02/Feb/2021:10:27:34 +0800] "POST /xingrg/kc/buy/cgsh_order_operate.html HTTP/1.1" 200 8245
117.185.32.26 - - [02/Feb/2021:10:27:34 +0800] "GET /xingrg/javascript/easyui/themes/default/validatebox.css HTTP/1.1" 404 1104
117.185.32.26 - - [02/Feb/2021:10:27:35 +0800] "POST /xingrg/all/common/load_tree.html?tree=supplier_tree_json&isDelete=1 HTTP/1.1" 200 54817
117.185.32.26 - - [02/Feb/2021:10:27:36 +0800] "GET /xingrg/javascript/easyui/themes/default/tree.css HTTP/1.1" 404 1090
218.81.223.240 - - [02/Feb/2021:10:27:36 +0800] "GET /xingrg/check_reg.html?_=1612232865687 HTTP/1.1" 200 22
222.69.135.98 - - [02/Feb/2021:10:27:36 +0800] "GET /xingrg/all/function/internal_message.html?_=1612232853981&CODE_STATE=getMsg HTTP/1.1" 200 27
180.169.147.146 - - [02/Feb/2021:10:27:37 +0800] "GET /xingrg/all/function/internal_message.html?_=1612232861748&CODE_STATE=getMsg HTTP/1.1" 200 27
58.37.230.33 - - [02/Feb/2021:10:27:38 +0800] "POST /xingrg/kc/buy/cgsh_order_operate.html HTTP/1.1" 200 37
114.86.187.76 - - [02/Feb/2021:10:27:38 +0800] "GET /xingrg/all/function/internal_message.html?_=1612232860705&CODE_STATE=getMsg HTTP/1.1" 200 27
180.169.147.146 - - [02/Feb/2021:10:27:38 +0800] "GET /xingrg/all/function/internal_message.html?_=1612232860452&CODE_STATE=getMsg HTTP/1.1" 200 27
116.228.172.94 - - [02/Feb/2021:10:27:38 +0800] "GET /xingrg/kc/buy/cgsh_order_add.html HTTP/1.1" 200 62185
116.228.172.94 - - [02/Feb/2021:10:27:39 +0800] "POST /xingrg/kc/buy/cgsh_order_operate.html HTTP/1.1" 200 8245
116.228.172.94 - - [02/Feb/2021:10:27:39 +0800] "GET /xingrg/javascript/easyui/themes/default/validatebox.css HTTP/1.1" 404 1104
58.37.230.33 - - [02/Feb/2021:10:27:41 +0800] "POST /xingrg/kc/buy/cgsh_order_operate.html HTTP/1.1" 200 12
58.37.230.33 - - [02/Feb/2021:10:27:41 +0800] "GET /xingrg/kc/buy/cgsh_order_info.html?code=212021020200548 HTTP/1.1" 200 57005
116.235.65.35 - - [02/Feb/2021:10:27:41 +0800] "POST /xingrg/supplier/cgsh_list_operate.html HTTP/1.1" 200 1787
58.37.230.33 - - [02/Feb/2021:10:27:42 +0800] "GET /xingrg/javascript/easyui/themes/default/validatebox.css HTTP/1.1" 404 1104
116.228.172.94 - - [02/Feb/2021:10:27:42 +0800] "GET /xingrg/javascript/easyui/themes/default/tree.css HTTP/1.1" 404 1090
58.37.230.33 - - [02/Feb/2021:10:27:42 +0800] "GET /xingrg/all/function/internal_message.html?_=1612232901184&CODE_STATE=getMsg HTTP/1.1" 200 27
116.228.172.94 - - [02/Feb/2021:10:27:42 +0800] "POST /xingrg/all/common/load_tree.html?tree=supplier_tree_json&isDelete=1 HTTP/1.1" 200 54817
58.37.230.33 - - [02/Feb/2021:10:27:42 +0800] "POST /xingrg/kc/buy/cgsh_order_operate.html HTTP/1.1" 200 608
58.37.230.33 - - [02/Feb/2021:10:27:43 +0800] "GET /xingrg/kc/print/load_data.html?order_code=212021020200548&kc_code=cgsh&condition= HTTP/1.1" 200 703
120.253.135.82 - - [02/Feb/2021:10:27:43 +0800] "GET /xingrg/check_reg.html?_=1612232970329 HTTP/1.1" 200 22
58.37.230.33 - - [02/Feb/2021:10:27:46 +0800] "GET /xingrg/kc/buy/cgsh_order_add.html HTTP/1.1" 200 62103
58.37.230.33 - - [02/Feb/2021:10:27:47 +0800] "POST /xingrg/kc/buy/cgsh_order_operate.html HTTP/1.1" 200 8245
58.37.230.33 - - [02/Feb/2021:10:27:47 +0800] "GET /xingrg/javascript/easyui/themes/default/validatebox.css HTTP/1.1" 404 1104
180.169.147.146 - - [02/Feb/2021:10:27:50 +0800] "GET /xingrg/all/function/internal_message.html?_=1612232869482&CODE_STATE=getMsg HTTP/1.1" 200 27
180.175.150.119 - - [02/Feb/2021:10:27:50 +0800] "GET /xingrg/all/function/internal_message.html?_=1612233115569&CODE_STATE=getMsg HTTP/1.1" 200 27
61.165.42.208 - - [02/Feb/2021:10:27:53 +0800] "GET /xingrg/all/function/internal_message.html?_=1612232873616&CODE_STATE=getMsg HTTP/1.1" 200 27
58.37.230.33 - - [02/Feb/2021:10:27:53 +0800] "GET /xingrg/kc/buy/cgsh_order_operate.html?command=get_materiel&rest_code=00141&code=00101007085&supplier_code=00100328&order_time=2021-02-02 HTTP/1.1" 200 413
61.165.42.208 - - [02/Feb/2021:10:27:55 +0800] "GET /xingrg/check_reg.html?_=1612232875896 HTTP/1.1" 200 22
58.37.230.33 - - [02/Feb/2021:10:28:01 +0800] "POST /xingrg/kc/buy/cgsh_order_operate.html HTTP/1.1" 200 37
116.228.172.94 - - [02/Feb/2021:10:28:01 +0800] "GET /xingrg/all/function/internal_message.html?_=1612232882393&CODE_STATE=getMsg HTTP/1.1" 200 27
120.253.135.82 - - [02/Feb/2021:10:28:02 +0800] "GET /xingrg/check_reg.html?_=1612232989411 HTTP/1.1" 200 22
58.37.230.33 - - [02/Feb/2021:10:28:03 +0800] "POST /xingrg/kc/buy/cgsh_order_operate.html HTTP/1.1" 200 12
58.37.230.33 - - [02/Feb/2021:10:28:04 +0800] "GET /xingrg/kc/buy/cgsh_order_info.html?code=212021020200549 HTTP/1.1" 200 57009
180.169.147.146 - - [02/Feb/2021:10:28:04 +0800] "GET /xingrg/all/function/internal_message.html?_=1612232884593&CODE_STATE=getMsg HTTP/1.1" 200 27
58.37.230.33 - - [02/Feb/2021:10:28:05 +0800] "GET /xingrg/javascript/easyui/themes/default/validatebox.css HTTP/1.1" 404 1104
116.228.172.94 - - [02/Feb/2021:10:28:05 +0800] "GET /xingrg/kc/buy/cgsh_order_operate.html?command=get_materiel&rest_code=00107&code=00101007075&supplier_code=00100002&order_time=2021-02-02 HTTP/1.1" 200 430
58.37.230.33 - - [02/Feb/2021:10:28:05 +0800] "POST /xingrg/kc/buy/cgsh_order_operate.html HTTP/1.1" 200 607
58.37.230.33 - - [02/Feb/2021:10:28:06 +0800] "GET /xingrg/check_reg.html?_=1612232925076 HTTP/1.1" 200 22
117.185.32.26 - - [02/Feb/2021:10:28:07 +0800] "GET /xingrg/all/function/internal_message.html?_=1612233371734&CODE_STATE=getMsg HTTP/1.1" 200 27
117.185.32.26 - - [02/Feb/2021:10:28:11 +0800] "GET /xingrg/kc/buy/cgsh_order_operate.html?command=get_materiel&rest_code=00106&code=00101012046&supplier_code=00100347&order_time=2021-02-02 HTTP/1.1" 200 417
116.224.253.72 - - [02/Feb/2021:10:28:13 +0800] "GET /xingrg/all/function/internal_message.html?_=1612232882954&CODE_STATE=getMsg HTTP/1.1" 200 27
114.88.166.193 - - [02/Feb/2021:10:28:13 +0800] "GET /xingrg/all/function/internal_message.html?_=1612232893019&CODE_STATE=getMsg HTTP/1.1" 200 27
114.86.227.212 - - [02/Feb/2021:10:28:14 +0800] "GET /xingrg/login.html HTTP/1.1" 200 7641
114.86.187.76 - - [02/Feb/2021:10:28:14 +0800] "GET /xingrg/all/function/internal_message.html?_=1612232895302&CODE_STATE=getMsg HTTP/1.1" 200 27
180.169.147.146 - - [02/Feb/2021:10:28:18 +0800] "GET /xingrg/check_reg.html?_=1612232889334 HTTP/1.1" 200 22
114.86.227.212 - - [02/Feb/2021:10:28:19 +0800] "POST /xingrg/login.do HTTP/1.1" 302 -
114.86.227.212 - - [02/Feb/2021:10:28:19 +0800] "GET /xingrg/index.html?sysBaseUrl=http%3A%2F%2F180.169.147.146%3A18081%2Fxingrg%2F&costTime=72×tamp=1612232899949 HTTP/1.1" 200 17503
114.86.227.212 - - [02/Feb/2021:10:28:20 +0800] "POST /xingrg/all/common/load_tree.html?tree=area_rest_tree_json&manage=1 HTTP/1.1" 200 3216
114.86.227.212 - - [02/Feb/2021:10:28:20 +0800] "GET /xingrg/javascript/jquery_easy_ui/themes/default/images/panel_tool_expand.gif HTTP/1.1" 200 247
114.86.227.212 - - [02/Feb/2021:10:28:20 +0800] "GET /xingrg/all/function/internal_message.html?_=1612232970486&CODE_STATE=count HTTP/1.1" 200 11
114.86.227.212 - - [02/Feb/2021:10:28:20 +0800] "GET /xingrg/check_reg.html?_=1612232970488 HTTP/1.1" 200 22
114.86.227.212 - - [02/Feb/2021:10:28:20 +0800] "POST /xingrg/load_menu.html HTTP/1.1" 200 11564
114.86.227.212 - - [02/Feb/2021:10:28:20 +0800] "GET /xingrg/javascript/jquery_easy_ui/themes/icons/delivery_new.png HTTP/1.1" 200 700
114.86.227.212 - - [02/Feb/2021:10:28:20 +0800] "GET /xingrg/javascript/jquery_easy_ui/themes/icons/checkout_new.png HTTP/1.1" 200 744
114.86.227.212 - - [02/Feb/2021:10:28:20 +0800] "GET /xingrg/javascript/jquery_easy_ui/themes/icons/setting_new.png HTTP/1.1" 200 450
114.86.227.212 - - [02/Feb/2021:10:28:20 +0800] "GET /xingrg/javascript/jquery_easy_ui/themes/icons/systemset_new.png HTTP/1.1" 200 606
114.86.227.212 - - [02/Feb/2021:10:28:21 +0800] "GET /xingrg/kc/buy/buy_main.html HTTP/1.1" 200 12341
114.86.227.212 - - [02/Feb/2021:10:28:21 +0800] "GET /xingrg/css/new_ie.css HTTP/1.1" 404 1036
114.86.227.212 - - [02/Feb/2021:10:28:22 +0800] "GET /xingrg/kc/buy/cgsh_order_list.html HTTP/1.1" 200 46614
114.86.227.212 - - [02/Feb/2021:10:28:22 +0800] "GET /xingrg/javascript/easyui/themes/icons/uncheck_new.png HTTP/1.1" 200 3197
180.169.147.146 - - [02/Feb/2021:10:28:23 +0800] "GET /xingrg/all/function/internal_message.html?_=1612232902591&CODE_STATE=getMsg HTTP/1.1" 200 27
114.86.227.212 - - [02/Feb/2021:10:28:23 +0800] "POST /xingrg/kc/buy/cgsh_list_operate.html HTTP/1.1" 200 876
114.86.227.212 - - [02/Feb/2021:10:28:26 +0800] "GET /xingrg/javascript/jquery_easy_ui/themes/icons/area.png HTTP/1.1" 200 262
114.86.227.212 - - [02/Feb/2021:10:28:26 +0800] "GET /xingrg/javascript/jquery_easy_ui/themes/icons/manage.png HTTP/1.1" 200 696
114.86.227.212 - - [02/Feb/2021:10:28:26 +0800] "GET /xingrg/javascript/jquery_easy_ui/themes/icons/rest.png HTTP/1.1" 200 695
114.86.227.212 - - [02/Feb/2021:10:28:26 +0800] "GET /xingrg/javascript/jquery_easy_ui/themes/default/images/panel_title.png HTTP/1.1" 200 266
114.86.227.212 - - [02/Feb/2021:10:28:26 +0800] "GET /xingrg/javascript/jquery_easy_ui/themes/default/images/panel_tools.gif HTTP/1.1" 200 737
114.86.227.212 - - [02/Feb/2021:10:28:26 +0800] "GET /xingrg/javascript/jquery_easy_ui/themes/default/images/button_a_bg.gif HTTP/1.1" 200 1194
114.86.227.212 - - [02/Feb/2021:10:28:26 +0800] "GET /xingrg/javascript/jquery_easy_ui/themes/default/images/button_span_bg.gif HTTP/1.1" 200 2061
114.86.227.212 - - [02/Feb/2021:10:28:26 +0800] "GET /xingrg/javascript/jquery_easy_ui/themes/icons/ok.png HTTP/1.1" 200 883
58.37.230.33 - - [02/Feb/2021:10:28:27 +0800] "GET /xingrg/kc/print/load_data.html?order_code=212021020200549&kc_code=cgsh&condition= HTTP/1.1" 200 714
116.228.172.94 - - [02/Feb/2021:10:28:27 +0800] "GET /xingrg/kc/buy/cgsh_order_operate.html?command=get_materiel&rest_code=00107&code=00101007061&supplier_code=00100002&order_time=2021-02-02 HTTP/1.1" 200 409
114.86.227.212 - - [02/Feb/2021:10:28:29 +0800] "POST /xingrg/all/user/operate.html HTTP/1.1" 200 36
114.86.227.212 - - [02/Feb/2021:10:28:29 +0800] "GET /xingrg/index.html?sysBaseUrl=http%3A%2F%2F180.169.147.146%3A18081%2Fxingrg%2F&costTime=72×tamp=1612232899949 HTTP/1.1" 200 17503
114.86.227.212 - - [02/Feb/2021:10:28:29 +0800] "POST /xingrg/all/common/load_tree.html?tree=area_rest_tree_json&manage=1 HTTP/1.1" 200 3216
114.86.227.212 - - [02/Feb/2021:10:28:29 +0800] "GET /xingrg/all/function/internal_message.html?_=1612232980292&CODE_STATE=count HTTP/1.1" 200 11
114.86.227.212 - - [02/Feb/2021:10:28:29 +0800] "GET /xingrg/check_reg.html?_=1612232980295 HTTP/1.1" 200 22
114.86.227.212 - - [02/Feb/2021:10:28:30 +0800] "POST /xingrg/load_menu.html HTTP/1.1" 200 9959
117.185.32.26 - - [02/Feb/2021:10:28:30 +0800] "GET /xingrg/all/function/internal_message.html?_=1612232927242&CODE_STATE=getMsg HTTP/1.1" 200 27
180.175.150.119 - - [02/Feb/2021:10:28:30 +0800] "GET /xingrg/kc/buy/cgsh_order_add.html HTTP/1.1" 200 62056
180.175.150.119 - - [02/Feb/2021:10:28:30 +0800] "POST /xingrg/kc/buy/cgsh_order_operate.html HTTP/1.1" 200 8245
116.224.253.72 - - [02/Feb/2021:10:28:31 +0800] "GET /xingrg/all/function/internal_message.html?_=1612232910694&CODE_STATE=getMsg HTTP/1.1" 200 27
180.175.150.119 - - [02/Feb/2021:10:28:31 +0800] "GET /xingrg/javascript/easyui/themes/default/validatebox.css HTTP/1.1" 404 1104
114.86.227.212 - - [02/Feb/2021:10:28:32 +0800] "GET /xingrg/all/function/internal_message.html?_=1612232983234&CODE_STATE=getMsg HTTP/1.1" 200 27
218.81.223.240 - - [02/Feb/2021:10:28:33 +0800] "GET /xingrg/all/function/internal_message.html?_=1612232922588&CODE_STATE=getMsg HTTP/1.1" 200 27
114.86.227.212 - - [02/Feb/2021:10:28:34 +0800] "POST /xingrg/all/user/operate.html HTTP/1.1" 200 36
114.86.227.212 - - [02/Feb/2021:10:28:35 +0800] "GET /xingrg/index.html?sysBaseUrl=http%3A%2F%2F180.169.147.146%3A18081%2Fxingrg%2F&costTime=72×tamp=1612232899949 HTTP/1.1" 200 17503
114.86.227.212 - - [02/Feb/2021:10:28:35 +0800] "POST /xingrg/all/common/load_tree.html?tree=area_rest_tree_json&manage=1 HTTP/1.1" 200 3216
114.86.227.212 - - [02/Feb/2021:10:28:35 +0800] "GET /xingrg/all/function/internal_message.html?_=1612232985445&CODE_STATE=count HTTP/1.1" 200 11
114.86.227.212 - - [02/Feb/2021:10:28:35 +0800] "GET /xingrg/check_reg.html?_=1612232985447 HTTP/1.1" 200 22
114.86.227.212 - - [02/Feb/2021:10:28:35 +0800] "POST /xingrg/load_menu.html HTTP/1.1" 200 9959
117.185.32.26 - - [02/Feb/2021:10:28:35 +0800] "GET /xingrg/kc/buy/cgsh_order_operate.html?command=get_materiel&rest_code=00106&code=00101010584&supplier_code=00100347&order_time=2021-02-02 HTTP/1.1" 200 399
222.69.135.98 - - [02/Feb/2021:10:28:36 +0800] "GET /xingrg/all/function/internal_message.html?_=1612232913963&CODE_STATE=getMsg HTTP/1.1" 200 27
114.88.166.193 - - [02/Feb/2021:10:28:37 +0800] "GET /xingrg/check_reg.html?_=1612232917065 HTTP/1.1" 200 22
180.169.147.146 - - [02/Feb/2021:10:28:37 +0800] "GET /xingrg/all/function/internal_message.html?_=1612232921771&CODE_STATE=getMsg HTTP/1.1" 200 27
114.86.187.76 - - [02/Feb/2021:10:28:38 +0800] "GET /xingrg/all/function/internal_message.html?_=1612232920718&CODE_STATE=getMsg HTTP/1.1" 200 27
180.169.147.146 - - [02/Feb/2021:10:28:38 +0800] "GET /xingrg/all/function/internal_message.html?_=1612232920453&CODE_STATE=getMsg HTTP/1.1" 200 27
58.37.230.33 - - [02/Feb/2021:10:28:38 +0800] "GET /xingrg/kc/buy/cgsh_order_add.html HTTP/1.1" 200 62103
58.37.230.33 - - [02/Feb/2021:10:28:39 +0800] "POST /xingrg/kc/buy/cgsh_order_operate.html HTTP/1.1" 200 8245
58.37.230.33 - - [02/Feb/2021:10:28:39 +0800] "GET /xingrg/javascript/easyui/themes/default/validatebox.css HTTP/1.1" 404 1104
61.151.207.141 - - [02/Feb/2021:10:28:39 +0800] "GET /xingrg/check_reg.html?_=1612232325094 HTTP/1.1" 302 -
58.37.230.33 - - [02/Feb/2021:10:28:42 +0800] "GET /xingrg/all/function/internal_message.html?_=1612232961154&CODE_STATE=getMsg HTTP/1.1" 200 27
58.37.230.33 - - [02/Feb/2021:10:28:46 +0800] "GET /xingrg/kc/buy/cgsh_order_operate.html?command=get_materiel&rest_code=00141&code=00101008113&supplier_code=00100323&order_time=2021-02-02 HTTP/1.1" 200 413
180.175.150.119 - - [02/Feb/2021:10:28:49 +0800] "GET /xingrg/check_reg.html?_=1612233174476 HTTP/1.1" 200 22
61.151.207.141 - - [02/Feb/2021:10:28:49 +0800] "GET /xingrg/login.html HTTP/1.1" 200 7641
180.169.147.146 - - [02/Feb/2021:10:28:50 +0800] "GET /xingrg/all/function/internal_message.html?_=1612232929475&CODE_STATE=getMsg HTTP/1.1" 200 27
180.175.150.119 - - [02/Feb/2021:10:28:50 +0800] "GET /xingrg/all/function/internal_message.html?_=1612233175585&CODE_STATE=getMsg HTTP/1.1" 200 27
61.165.42.208 - - [02/Feb/2021:10:28:53 +0800] "GET /xingrg/all/function/internal_message.html?_=1612232933589&CODE_STATE=getMsg HTTP/1.1" 200 27
114.86.227.212 - - [02/Feb/2021:10:28:54 +0800] "GET /xingrg/kc/buy/buy_main.html HTTP/1.1" 200 12412
114.86.227.212 - - [02/Feb/2021:10:28:54 +0800] "GET /xingrg/css/new_ie.css HTTP/1.1" 404 1036
116.228.172.94 - - [02/Feb/2021:10:28:55 +0800] "GET /xingrg/kc/buy/cgsh_order_operate.html?command=get_materiel&rest_code=00107&code=00101007022&supplier_code=00100002&order_time=2021-02-02 HTTP/1.1" 200 413
114.86.227.212 - - [02/Feb/2021:10:28:55 +0800] "GET /xingrg/kc/buy/cgsh_order_list.html HTTP/1.1" 200 46614
117.185.32.26 - - [02/Feb/2021:10:28:56 +0800] "GET /xingrg/kc/buy/cgsh_order_operate.html?command=get_materiel&rest_code=00106&code=00101005022&supplier_code=00100347&order_time=2021-02-02 HTTP/1.1" 200 417
114.86.227.212 - - [02/Feb/2021:10:28:57 +0800] "POST /xingrg/kc/buy/cgsh_list_operate.html HTTP/1.1" 200 2769
58.37.230.33 - - [02/Feb/2021:10:28:59 +0800] "GET /xingrg/all/function/internal_message.html?_=1612232963255&CODE_STATE=getMsg HTTP/1.1" 200 27
114.86.227.212 - - [02/Feb/2021:10:29:00 +0800] "GET /xingrg/kc/buy/cgsh_order_add.html HTTP/1.1" 200 62144
114.86.227.212 - - [02/Feb/2021:10:29:00 +0800] "POST /xingrg/kc/buy/cgsh_order_operate.html HTTP/1.1" 200 8245
114.86.227.212 - - [02/Feb/2021:10:29:00 +0800] "GET /xingrg/all/common/auto_word.html?type=employee&rest_code=00105 HTTP/1.1" 200 193
114.86.227.212 - - [02/Feb/2021:10:29:00 +0800] "GET /xingrg/javascript/easyui/themes/default/validatebox.css HTTP/1.1" 404 1104
114.86.227.212 - - [02/Feb/2021:10:29:00 +0800] "GET /xingrg/all/common/auto_word.html?type=employee&rest_code=00105 HTTP/1.1" 200 193
116.228.172.94 - - [02/Feb/2021:10:29:01 +0800] "GET /xingrg/check_reg.html?_=1612232942306 HTTP/1.1" 200 22
116.228.172.94 - - [02/Feb/2021:10:29:01 +0800] "GET /xingrg/all/function/internal_message.html?_=1612232942371&CODE_STATE=getMsg HTTP/1.1" 200 27
180.175.150.119 - - [02/Feb/2021:10:29:03 +0800] "GET /xingrg/javascript/easyui/themes/default/tree.css HTTP/1.1" 404 1090
180.175.150.119 - - [02/Feb/2021:10:29:03 +0800] "POST /xingrg/all/common/load_tree.html?tree=supplier_tree_json&isDelete=1 HTTP/1.1" 200 54817
180.169.147.146 - - [02/Feb/2021:10:29:04 +0800] "GET /xingrg/check_reg.html?_=1612232944600 HTTP/1.1" 302 -
180.169.147.146 - - [02/Feb/2021:10:29:04 +0800] "GET /xingrg/all/function/internal_message.html?_=1612232944595&CODE_STATE=getMsg HTTP/1.1" 302 -
114.86.227.212 - - [02/Feb/2021:10:29:06 +0800] "GET /xingrg/kc/buy/cgsh_order_operate.html?command=get_materiel&rest_code=00105&code=00101008037&supplier_code=&order_time=2021-02-02 HTTP/1.1" 200 412
117.185.32.26 - - [02/Feb/2021:10:29:07 +0800] "GET /xingrg/all/function/internal_message.html?_=1612233431733&CODE_STATE=getMsg HTTP/1.1" 200 27
117.185.32.26 - - [02/Feb/2021:10:29:07 +0800] "GET /xingrg/check_reg.html?_=1612233431779 HTTP/1.1" 200 22
58.37.230.33 - - [02/Feb/2021:10:29:09 +0800] "GET /xingrg/kc/buy/cgsh_order_operate.html?command=get_materiel&rest_code=00141&code=00101006026&supplier_code=00100323&order_time=2021-02-02 HTTP/1.1" 200 409
222.69.135.98 - - [02/Feb/2021:10:29:11 +0800] "GET /xingrg/kc/buy/cgsh_order_operate.html?command=get_materiel&rest_code=00149&code=00101016104&supplier_code=00100012&order_time=2021-02-02 HTTP/1.1" 200 409
116.224.253.72 - - [02/Feb/2021:10:29:12 +0800] "GET /xingrg/check_reg.html?_=1612232942793 HTTP/1.1" 200 22
116.224.253.72 - - [02/Feb/2021:10:29:13 +0800] "GET /xingrg/all/function/internal_message.html?_=1612232942967&CODE_STATE=getMsg HTTP/1.1" 200 27
114.88.166.193 - - [02/Feb/2021:10:29:13 +0800] "GET /xingrg/all/function/internal_message.html?_=1612232953041&CODE_STATE=getMsg HTTP/1.1" 200 27
114.86.187.76 - - [02/Feb/2021:10:29:14 +0800] "GET /xingrg/all/function/internal_message.html?_=1612232955290&CODE_STATE=getMsg HTTP/1.1" 200 27
114.86.227.212 - - [02/Feb/2021:10:29:15 +0800] "GET /xingrg/kc/buy/cgsh_order_operate.html?command=get_materiel&rest_code=00105&code=00101008055&supplier_code=&order_time=2021-02-02 HTTP/1.1" 200 411
180.175.150.119 - - [02/Feb/2021:10:29:17 +0800] "GET /xingrg/kc/buy/cgsh_order_operate.html?command=get_materiel&rest_code=00102&code=00101011003&supplier_code=00100047&order_time=2021-02-02 HTTP/1.1" 200 413
222.69.135.98 - - [02/Feb/2021:10:29:18 +0800] "GET /xingrg/kc/buy/cgsh_order_operate.html?command=get_materiel&rest_code=00149&code=00101006006&supplier_code=00100012&order_time=2021-02-02 HTTP/1.1" 200 409
180.169.147.146 - - [02/Feb/2021:10:29:23 +0800] "GET /xingrg/all/function/internal_message.html?_=1612232962595&CODE_STATE=getMsg HTTP/1.1" 200 27
180.169.147.146 - - [02/Feb/2021:10:29:23 +0800] "GET /xingrg/check_reg.html?_=1612232962600 HTTP/1.1" 200 22
116.228.172.94 - - [02/Feb/2021:10:29:23 +0800] "GET /xingrg/kc/buy/cgsh_order_operate.html?command=get_materiel&rest_code=00107&code=00101007059&supplier_code=00100002&order_time=2021-02-02 HTTP/1.1" 200 409
180.169.147.146 - - [02/Feb/2021:10:29:24 +0800] "GET /xingrg/check_reg.html?_=1612232969249 HTTP/1.1" 200 22
117.185.32.26 - - [02/Feb/2021:10:29:29 +0800] "POST /xingrg/kc/buy/cgsh_order_operate.html HTTP/1.1" 200 37
117.185.32.26 - - [02/Feb/2021:10:29:30 +0800] "GET /xingrg/all/function/internal_message.html?_=1612232987242&CODE_STATE=getMsg HTTP/1.1" 200 27
117.185.32.26 - - [02/Feb/2021:10:29:30 +0800] "POST /xingrg/kc/buy/cgsh_order_operate.html HTTP/1.1" 200 3854
116.224.253.72 - - [02/Feb/2021:10:29:31 +0800] "GET /xingrg/all/function/internal_message.html?_=1612232970690&CODE_STATE=getMsg HTTP/1.1" 200 27
114.86.227.212 - - [02/Feb/2021:10:29:32 +0800] "GET /xingrg/all/function/internal_message.html?_=1612233043234&CODE_STATE=getMsg HTTP/1.1" 200 27
218.81.223.240 - - [02/Feb/2021:10:29:33 +0800] "GET /xingrg/all/function/internal_message.html?_=1612232982600&CODE_STATE=getMsg HTTP/1.1" 200 27
114.86.227.212 - - [02/Feb/2021:10:29:33 +0800] "POST /xingrg/all/user/operate.html HTTP/1.1" 200 36
114.86.227.212 - - [02/Feb/2021:10:29:33 +0800] "GET /xingrg/index.html?sysBaseUrl=http%3A%2F%2F180.169.147.146%3A18081%2Fxingrg%2F&costTime=72×tamp=1612232899949 HTTP/1.1" 200 17503
114.86.227.212 - - [02/Feb/2021:10:29:33 +0800] "POST /xingrg/all/common/load_tree.html?tree=area_rest_tree_json&manage=1 HTTP/1.1" 200 3216
114.86.227.212 - - [02/Feb/2021:10:29:33 +0800] "POST /xingrg/load_menu.html HTTP/1.1" 200 9959
114.86.227.212 - - [02/Feb/2021:10:29:33 +0800] "GET /xingrg/all/function/internal_message.html?_=1612233044108&CODE_STATE=count HTTP/1.1" 200 11
114.86.227.212 - - [02/Feb/2021:10:29:33 +0800] "GET /xingrg/check_reg.html?_=1612233044111 HTTP/1.1" 200 22
120.253.135.82 - - [02/Feb/2021:10:29:34 +0800] "GET /xingrg/check_reg.html?_=1612233080670 HTTP/1.1" 200 22
222.69.135.98 - - [02/Feb/2021:10:29:36 +0800] "GET /xingrg/check_reg.html?_=1612232973961 HTTP/1.1" 200 22
222.69.135.98 - - [02/Feb/2021:10:29:36 +0800] "GET /xingrg/all/function/internal_message.html?_=1612232973964&CODE_STATE=getMsg HTTP/1.1" 200 27
114.86.227.212 - - [02/Feb/2021:10:29:36 +0800] "GET /xingrg/kc/buy/buy_main.html HTTP/1.1" 200 12412
114.86.227.212 - - [02/Feb/2021:10:29:36 +0800] "GET /xingrg/css/new_ie.css HTTP/1.1" 404 1036
222.69.135.98 - - [02/Feb/2021:10:29:36 +0800] "GET /xingrg/kc/buy/cgsh_order_operate.html?command=get_materiel&rest_code=00149&code=00101006133&supplier_code=00100012&order_time=2021-02-02 HTTP/1.1" 200 413
180.169.147.146 - - [02/Feb/2021:10:29:37 +0800] "GET /xingrg/all/function/internal_message.html?_=1612232981773&CODE_STATE=getMsg HTTP/1.1" 200 27
114.86.227.212 - - [02/Feb/2021:10:29:38 +0800] "GET /xingrg/kc/buy/cgsh_order_list.html HTTP/1.1" 200 46614
114.86.187.76 - - [02/Feb/2021:10:29:38 +0800] "GET /xingrg/all/function/internal_message.html?_=1612232980734&CODE_STATE=getMsg HTTP/1.1" 200 27
180.169.147.146 - - [02/Feb/2021:10:29:38 +0800] "GET /xingrg/all/function/internal_message.html?_=1612232980463&CODE_STATE=getMsg HTTP/1.1" 200 27
180.175.150.119 - - [02/Feb/2021:10:29:39 +0800] "GET /xingrg/kc/buy/cgsh_order_operate.html?command=get_materiel&rest_code=00102&code=00101011005&supplier_code=00100047&order_time=2021-02-02 HTTP/1.1" 200 428
114.86.227.212 - - [02/Feb/2021:10:29:39 +0800] "POST /xingrg/kc/buy/cgsh_list_operate.html HTTP/1.1" 200 4620
114.86.227.212 - - [02/Feb/2021:10:29:41 +0800] "GET /xingrg/kc/buy/cgsh_order_add.html HTTP/1.1" 200 62097
114.86.227.212 - - [02/Feb/2021:10:29:41 +0800] "POST /xingrg/kc/buy/cgsh_order_operate.html HTTP/1.1" 200 8245
114.86.227.212 - - [02/Feb/2021:10:29:41 +0800] "GET /xingrg/all/common/auto_word.html?type=employee&rest_code=00106 HTTP/1.1" 200 205
114.86.227.212 - - [02/Feb/2021:10:29:41 +0800] "GET /xingrg/all/common/auto_word.html?type=employee&rest_code=00106 HTTP/1.1" 200 205
114.86.227.212 - - [02/Feb/2021:10:29:41 +0800] "GET /xingrg/javascript/easyui/themes/default/validatebox.css HTTP/1.1" 404 1104
58.37.230.33 - - [02/Feb/2021:10:29:42 +0800] "GET /xingrg/all/function/internal_message.html?_=1612233021133&CODE_STATE=getMsg HTTP/1.1" 200 27
114.86.227.212 - - [02/Feb/2021:10:29:46 +0800] "GET /xingrg/kc/buy/cgsh_order_operate.html?command=get_materiel&rest_code=00106&code=00101008055&supplier_code=&order_time=2021-02-02 HTTP/1.1" 200 408
180.169.147.146 - - [02/Feb/2021:10:29:50 +0800] "GET /xingrg/all/function/internal_message.html?_=1612232989471&CODE_STATE=getMsg HTTP/1.1" 200 27
180.175.150.119 - - [02/Feb/2021:10:29:50 +0800] "GET /xingrg/all/function/internal_message.html?_=1612233235599&CODE_STATE=getMsg HTTP/1.1" 200 27
61.165.42.208 - - [02/Feb/2021:10:29:53 +0800] "GET /xingrg/all/function/internal_message.html?_=1612232993558&CODE_STATE=getMsg HTTP/1.1" 200 27
114.86.227.212 - - [02/Feb/2021:10:29:55 +0800] "GET /xingrg/kc/buy/cgsh_order_operate.html?command=get_materiel&rest_code=00106&code=00101008037&supplier_code=&order_time=2021-02-02 HTTP/1.1" 200 413
222.69.135.98 - - [02/Feb/2021:10:29:55 +0800] "GET /xingrg/kc/buy/cgsh_order_operate.html?command=get_materiel&rest_code=00149&code=00101006109&supplier_code=00100012&order_time=2021-02-02 HTTP/1.1" 200 409
58.37.230.33 - - [02/Feb/2021:10:29:56 +0800] "GET /xingrg/kc/buy/cgsh_order_operate.html?command=get_materiel&rest_code=00141&code=00101007036&supplier_code=00100323&order_time=2021-02-02 HTTP/1.1" 200 422
58.37.230.33 - - [02/Feb/2021:10:29:59 +0800] "GET /xingrg/check_reg.html?_=1612233023228 HTTP/1.1" 200 22
58.37.230.33 - - [02/Feb/2021:10:29:59 +0800] "GET /xingrg/all/function/internal_message.html?_=1612233023230&CODE_STATE=getMsg HTTP/1.1" 200 27
116.228.172.94 - - [02/Feb/2021:10:30:01 +0800] "GET /xingrg/all/function/internal_message.html?_=1612233002346&CODE_STATE=getMsg HTTP/1.1" 200 27
116.228.172.94 - - [02/Feb/2021:10:30:02 +0800] "POST /xingrg/kc/buy/cgsh_order_operate.html HTTP/1.1" 200 37
180.175.150.119 - - [02/Feb/2021:10:30:02 +0800] "POST /xingrg/kc/buy/cgsh_order_operate.html HTTP/1.1" 200 88
116.228.172.94 - - [02/Feb/2021:10:30:03 +0800] "POST /xingrg/kc/buy/cgsh_order_operate.html HTTP/1.1" 200 4426
180.169.147.146 - - [02/Feb/2021:10:30:04 +0800] "GET /xingrg/all/function/internal_message.html?_=1612233004600&CODE_STATE=getMsg HTTP/1.1" 302 -
116.228.172.94 - - [02/Feb/2021:10:30:04 +0800] "GET /xingrg/kc/print/load_data.html?order_code=212021020200551&kc_code=cgsh&condition= HTTP/1.1" 200 1418
117.185.32.26 - - [02/Feb/2021:10:30:07 +0800] "GET /xingrg/all/function/internal_message.html?_=1612233491746&CODE_STATE=getMsg HTTP/1.1" 200 27
180.175.150.119 - - [02/Feb/2021:10:30:07 +0800] "POST /xingrg/kc/buy/cgsh_order_operate.html HTTP/1.1" 200 37
114.86.227.212 - - [02/Feb/2021:10:30:08 +0800] "POST /xingrg/all/user/operate.html HTTP/1.1" 200 36
114.86.227.212 - - [02/Feb/2021:10:30:08 +0800] "GET /xingrg/index.html?sysBaseUrl=http%3A%2F%2F180.169.147.146%3A18081%2Fxingrg%2F&costTime=72×tamp=1612232899949 HTTP/1.1" 200 17509
114.86.227.212 - - [02/Feb/2021:10:30:08 +0800] "POST /xingrg/all/common/load_tree.html?tree=area_rest_tree_json&manage=1 HTTP/1.1" 200 3216
114.86.227.212 - - [02/Feb/2021:10:30:08 +0800] "POST /xingrg/load_menu.html HTTP/1.1" 200 9959
114.86.227.212 - - [02/Feb/2021:10:30:08 +0800] "GET /xingrg/check_reg.html?_=1612233078951 HTTP/1.1" 200 22
114.86.227.212 - - [02/Feb/2021:10:30:08 +0800] "GET /xingrg/all/function/internal_message.html?_=1612233078950&CODE_STATE=count HTTP/1.1" 200 11
180.175.150.119 - - [02/Feb/2021:10:30:09 +0800] "POST /xingrg/kc/buy/cgsh_order_operate.html HTTP/1.1" 200 3252
116.228.172.94 - - [02/Feb/2021:10:30:09 +0800] "GET /xingrg/kc/buy/cgsh_order_add.html HTTP/1.1" 200 62185
116.228.172.94 - - [02/Feb/2021:10:30:10 +0800] "GET /xingrg/javascript/easyui/themes/default/validatebox.css HTTP/1.1" 404 1104
116.228.172.94 - - [02/Feb/2021:10:30:10 +0800] "POST /xingrg/kc/buy/cgsh_order_operate.html HTTP/1.1" 200 8245
114.86.227.212 - - [02/Feb/2021:10:30:11 +0800] "GET /xingrg/kc/buy/buy_main.html HTTP/1.1" 200 12412
114.86.227.212 - - [02/Feb/2021:10:30:11 +0800] "GET /xingrg/css/new_ie.css HTTP/1.1" 404 1036
222.69.135.98 - - [02/Feb/2021:10:30:11 +0800] "GET /xingrg/kc/buy/cgsh_order_operate.html?command=get_materiel&rest_code=00149&code=00101006184&supplier_code=00100012&order_time=2021-02-02 HTTP/1.1" 200 408
114.86.187.76 - - [02/Feb/2021:10:30:11 +0800] "GET /xingrg/check_reg.html?_=1612233012215 HTTP/1.1" 200 22
