222.69.134.6 - - [31/Jan/2021:08:55:14 +0800] "POST /xingrg/kc/buy/cgsh_order_operate.html HTTP/1.1" 200 2065
116.238.117.152 - - [31/Jan/2021:08:55:15 +0800] "GET /xingrg/kc/buy/cgsh_order_operate.html?command=get_materiel&rest_code=00150&code=00101006068&supplier_code=00100096&order_time=2021-01-31 HTTP/1.1" 200 409
116.228.172.94 - - [31/Jan/2021:08:55:17 +0800] "GET /xingrg/all/function/internal_message.html?_=1612054513641&CODE_STATE=getMsg HTTP/1.1" 200 27
116.238.117.152 - - [31/Jan/2021:08:55:21 +0800] "GET /xingrg/all/function/internal_message.html?_=1612054517379&CODE_STATE=getMsg HTTP/1.1" 200 27
222.69.134.6 - - [31/Jan/2021:08:55:22 +0800] "GET /xingrg/kc/buy/cgsh_order_operate.html?command=get_materiel&rest_code=00149&code=00101008280&supplier_code=00100005&order_time=2021-01-31 HTTP/1.1" 200 416
61.165.42.208 - - [31/Jan/2021:08:55:22 +0800] "POST /xingrg/services/DataTransmitService HTTP/1.1" 200 524
61.165.42.208 - - [31/Jan/2021:08:55:37 +0800] "POST /xingrg/services/DataTransmitService HTTP/1.1" 200 501
61.165.42.208 - - [31/Jan/2021:08:55:37 +0800] "POST /xingrg/services/DataTransmitService HTTP/1.1" 200 501
222.69.134.6 - - [31/Jan/2021:08:55:38 +0800] "GET /xingrg/kc/buy/cgsh_order_operate.html?command=get_materiel&rest_code=00149&code=00101015024&supplier_code=00100005&order_time=2021-01-31 HTTP/1.1" 200 413
61.165.42.208 - - [31/Jan/2021:08:55:39 +0800] "POST /xingrg/services/DataTransmitService HTTP/1.1" 200 501
114.88.166.193 - - [31/Jan/2021:08:55:41 +0800] "GET /xingrg/kc/buy/cgsh_order_add.html HTTP/1.1" 200 62020
61.165.42.208 - - [31/Jan/2021:08:55:41 +0800] "POST /xingrg/services/DataTransmitService HTTP/1.1" 200 501
114.88.166.193 - - [31/Jan/2021:08:55:42 +0800] "POST /xingrg/kc/buy/cgsh_order_operate.html HTTP/1.1" 200 8245
61.165.42.208 - - [31/Jan/2021:08:55:42 +0800] "POST /xingrg/services/DataTransmitService HTTP/1.1" 200 501
114.88.166.193 - - [31/Jan/2021:08:55:42 +0800] "GET /xingrg/javascript/easyui/themes/default/validatebox.css HTTP/1.1" 404 1104
61.165.42.208 - - [31/Jan/2021:08:55:42 +0800] "POST /xingrg/services/DataTransmitService HTTP/1.1" 200 501
61.165.42.208 - - [31/Jan/2021:08:55:44 +0800] "POST /xingrg/services/DataTransmitService HTTP/1.1" 200 501
116.238.117.152 - - [31/Jan/2021:08:55:44 +0800] "GET /xingrg/kc/buy/cgsh_order_operate.html?command=get_materiel&rest_code=00150&code=00101006130&supplier_code=00100096&order_time=2021-01-31 HTTP/1.1" 200 429
61.165.42.208 - - [31/Jan/2021:08:55:45 +0800] "POST /xingrg/services/DataTransmitService HTTP/1.1" 200 501
61.165.42.208 - - [31/Jan/2021:08:55:46 +0800] "POST /xingrg/services/DataTransmitService HTTP/1.1" 200 501
61.165.42.208 - - [31/Jan/2021:08:55:47 +0800] "POST /xingrg/services/DataTransmitService HTTP/1.1" 200 412
120.253.135.82 - - [31/Jan/2021:08:55:51 +0800] "GET /xingrg/all/function/internal_message.html?_=1612054309693&CODE_STATE=getMsg HTTP/1.1" 200 27
58.37.230.33 - - [31/Jan/2021:08:55:51 +0800] "GET /xingrg/all/function/internal_message.html?_=1612054569282&CODE_STATE=getMsg HTTP/1.1" 302 -
222.69.134.6 - - [31/Jan/2021:08:55:52 +0800] "GET /xingrg/kc/buy/cgsh_order_operate.html?command=get_materiel&rest_code=00149&code=00101008284&supplier_code=00100005&order_time=2021-01-31 HTTP/1.1" 200 412
218.81.223.240 - - [31/Jan/2021:08:55:55 +0800] "GET /xingrg/all/function/internal_message.html?_=1612054552899&CODE_STATE=getMsg HTTP/1.1" 200 27
116.238.117.152 - - [31/Jan/2021:08:55:57 +0800] "GET /xingrg/kc/buy/cgsh_order_operate.html?command=get_materiel&rest_code=00150&code=00101006065&supplier_code=00100096&order_time=2021-01-31 HTTP/1.1" 200 409
218.81.223.241 - - [31/Jan/2021:08:55:58 +0800] "GET /xingrg/check_reg.html?_=1612054555683 HTTP/1.1" 302 -
218.81.223.240 - - [31/Jan/2021:08:56:03 +0800] "GET /xingrg/check_reg.html?_=1612054560632 HTTP/1.1" 200 22
114.88.166.193 - - [31/Jan/2021:08:56:04 +0800] "GET /xingrg/kc/buy/cgsh_order_operate.html?command=get_materiel&rest_code=00111&code=00101008006&supplier_code=00100037&order_time=2021-01-31 HTTP/1.1" 200 416
114.88.166.193 - - [31/Jan/2021:08:56:06 +0800] "GET /xingrg/all/function/internal_message.html?_=1612054562200&CODE_STATE=getMsg HTTP/1.1" 200 27
222.69.134.6 - - [31/Jan/2021:08:56:07 +0800] "GET /xingrg/kc/buy/cgsh_order_operate.html?command=get_materiel&rest_code=00149&code=00101008168&supplier_code=00100005&order_time=2021-01-31 HTTP/1.1" 200 413
218.81.223.241 - - [31/Jan/2021:08:56:08 +0800] "GET /xingrg/all/function/internal_message.html?_=1612054565716&CODE_STATE=getMsg HTTP/1.1" 302 -
116.238.117.152 - - [31/Jan/2021:08:56:08 +0800] "GET /xingrg/kc/buy/cgsh_order_operate.html?command=get_materiel&rest_code=00150&code=00101006184&supplier_code=00100096&order_time=2021-01-31 HTTP/1.1" 200 408
58.37.230.33 - - [31/Jan/2021:08:56:10 +0800] "GET /xingrg/check_reg.html?_=1612054587919 HTTP/1.1" 302 -
61.165.42.208 - - [31/Jan/2021:08:56:11 +0800] "GET /xingrg/all/function/internal_message.html?_=1612054567674&CODE_STATE=getMsg HTTP/1.1" 200 27
222.69.134.6 - - [31/Jan/2021:08:56:13 +0800] "GET /xingrg/all/function/internal_message.html?_=1612054568964&CODE_STATE=getMsg HTTP/1.1" 200 27
116.238.117.152 - - [31/Jan/2021:08:56:13 +0800] "GET /xingrg/kc/buy/cgsh_order_operate.html?command=get_materiel&rest_code=00150&code=00101006055&supplier_code=00100096&order_time=2021-01-31 HTTP/1.1" 200 409
116.228.172.94 - - [31/Jan/2021:08:56:17 +0800] "GET /xingrg/all/function/internal_message.html?_=1612054573625&CODE_STATE=getMsg HTTP/1.1" 200 27
114.88.166.193 - - [31/Jan/2021:08:56:17 +0800] "GET /xingrg/kc/buy/cgsh_order_operate.html?command=get_materiel&rest_code=00111&code=00101006055&supplier_code=00100037&order_time=2021-01-31 HTTP/1.1" 200 409
116.238.117.152 - - [31/Jan/2021:08:56:19 +0800] "GET /xingrg/kc/buy/cgsh_order_operate.html?command=get_materiel&rest_code=00150&code=00101006006&supplier_code=00100096&order_time=2021-01-31 HTTP/1.1" 200 409
116.238.117.152 - - [31/Jan/2021:08:56:21 +0800] "GET /xingrg/all/function/internal_message.html?_=1612054577356&CODE_STATE=getMsg HTTP/1.1" 200 27
222.69.134.6 - - [31/Jan/2021:08:56:22 +0800] "GET /xingrg/kc/buy/cgsh_order_operate.html?command=get_materiel&rest_code=00149&code=00101013165&supplier_code=00100005&order_time=2021-01-31 HTTP/1.1" 200 409
222.69.134.6 - - [31/Jan/2021:08:56:25 +0800] "POST /xingrg/kc/buy/cgsh_order_operate.html HTTP/1.1" 200 2065
114.88.166.193 - - [31/Jan/2021:08:56:27 +0800] "GET /xingrg/kc/buy/cgsh_order_operate.html?command=get_materiel&rest_code=00111&code=00101006252&supplier_code=00100037&order_time=2021-01-31 HTTP/1.1" 200 395
222.69.134.6 - - [31/Jan/2021:08:56:32 +0800] "GET /xingrg/kc/buy/cgsh_order_operate.html?command=get_materiel&rest_code=00149&code=00101008064&supplier_code=00100005&order_time=2021-01-31 HTTP/1.1" 200 412
116.238.117.152 - - [31/Jan/2021:08:56:32 +0800] "GET /xingrg/kc/buy/cgsh_order_operate.html?command=get_materiel&rest_code=00150&code=00101006109&supplier_code=00100096&order_time=2021-01-31 HTTP/1.1" 200 409
114.88.166.193 - - [31/Jan/2021:08:56:38 +0800] "GET /xingrg/kc/buy/cgsh_order_operate.html?command=get_materiel&rest_code=00111&code=00101008349&supplier_code=00100037&order_time=2021-01-31 HTTP/1.1" 200 412
116.238.117.152 - - [31/Jan/2021:08:56:41 +0800] "GET /xingrg/kc/buy/cgsh_order_operate.html?command=get_materiel&rest_code=00150&code=00101006111&supplier_code=00100096&order_time=2021-01-31 HTTP/1.1" 200 409
114.88.166.193 - - [31/Jan/2021:08:56:48 +0800] "GET /xingrg/kc/buy/cgsh_order_operate.html?command=get_materiel&rest_code=00111&code=00101007022&supplier_code=00100037&order_time=2021-01-31 HTTP/1.1" 200 413
120.253.135.82 - - [31/Jan/2021:08:56:51 +0800] "GET /xingrg/all/function/internal_message.html?_=1612054369707&CODE_STATE=getMsg HTTP/1.1" 200 27
58.37.230.33 - - [31/Jan/2021:08:56:51 +0800] "GET /xingrg/all/function/internal_message.html?_=1612054629287&CODE_STATE=getMsg HTTP/1.1" 302 -
116.238.117.152 - - [31/Jan/2021:08:56:52 +0800] "GET /xingrg/kc/buy/cgsh_order_operate.html?command=get_materiel&rest_code=00150&code=00101016025&supplier_code=00100096&order_time=2021-01-31 HTTP/1.1" 200 408
218.81.223.240 - - [31/Jan/2021:08:56:55 +0800] "GET /xingrg/all/function/internal_message.html?_=1612054612909&CODE_STATE=getMsg HTTP/1.1" 200 27
222.69.134.6 - - [31/Jan/2021:08:57:01 +0800] "GET /xingrg/kc/buy/cgsh_order_operate.html?command=get_materiel&rest_code=00149&code=00101015040&supplier_code=00100005&order_time=2021-01-31 HTTP/1.1" 200 408
116.238.117.152 - - [31/Jan/2021:08:57:05 +0800] "GET /xingrg/kc/buy/cgsh_order_operate.html?command=get_materiel&rest_code=00150&code=00101016017&supplier_code=00100096&order_time=2021-01-31 HTTP/1.1" 200 408
114.88.166.193 - - [31/Jan/2021:08:57:06 +0800] "GET /xingrg/all/function/internal_message.html?_=1612054622214&CODE_STATE=getMsg HTTP/1.1" 200 27
114.88.166.193 - - [31/Jan/2021:08:57:07 +0800] "GET /xingrg/kc/buy/cgsh_order_operate.html?command=get_materiel&rest_code=00111&code=00101007061&supplier_code=00100037&order_time=2021-01-31 HTTP/1.1" 200 409
218.81.223.241 - - [31/Jan/2021:08:57:08 +0800] "GET /xingrg/all/function/internal_message.html?_=1612054625723&CODE_STATE=getMsg HTTP/1.1" 302 -
61.165.42.208 - - [31/Jan/2021:08:57:11 +0800] "GET /xingrg/all/function/internal_message.html?_=1612054627680&CODE_STATE=getMsg HTTP/1.1" 200 27
222.69.134.6 - - [31/Jan/2021:08:57:13 +0800] "GET /xingrg/all/function/internal_message.html?_=1612054628970&CODE_STATE=getMsg HTTP/1.1" 200 27
116.238.117.152 - - [31/Jan/2021:08:57:13 +0800] "GET /xingrg/kc/buy/cgsh_order_operate.html?command=get_materiel&rest_code=00150&code=00101012025&supplier_code=00100096&order_time=2021-01-31 HTTP/1.1" 200 412
116.228.172.94 - - [31/Jan/2021:08:57:17 +0800] "GET /xingrg/all/function/internal_message.html?_=1612054633628&CODE_STATE=getMsg HTTP/1.1" 200 27
116.238.117.152 - - [31/Jan/2021:08:57:18 +0800] "GET /xingrg/kc/buy/cgsh_order_operate.html?command=get_materiel&rest_code=00150&code=00101012029&supplier_code=00100096&order_time=2021-01-31 HTTP/1.1" 200 414
116.238.117.152 - - [31/Jan/2021:08:57:21 +0800] "GET /xingrg/all/function/internal_message.html?_=1612054637377&CODE_STATE=getMsg HTTP/1.1" 200 27
222.69.134.6 - - [31/Jan/2021:08:57:25 +0800] "GET /xingrg/kc/buy/cgsh_order_operate.html?command=get_materiel&rest_code=00149&code=00101015026&supplier_code=00100005&order_time=2021-01-31 HTTP/1.1" 200 412
116.238.117.152 - - [31/Jan/2021:08:57:29 +0800] "GET /xingrg/kc/buy/cgsh_order_operate.html?command=get_materiel&rest_code=00150&code=00101012033&supplier_code=00100096&order_time=2021-01-31 HTTP/1.1" 200 426
116.238.117.152 - - [31/Jan/2021:08:57:36 +0800] "GET /xingrg/kc/buy/cgsh_order_operate.html?command=get_materiel&rest_code=00150&code=00101001010&supplier_code=00100096&order_time=2021-01-31 HTTP/1.1" 200 408
120.253.135.82 - - [31/Jan/2021:08:57:39 +0800] "GET /xingrg/check_reg.html?_=1612054764793 HTTP/1.1" 302 -
61.165.42.208 - - [31/Jan/2021:08:57:41 +0800] "GET /xingrg/kc/buy/cgsh_order_operate.html?command=get_materiel&rest_code=00105&code=00101008196&supplier_code=00100203&order_time=2021-01-31 HTTP/1.1" 200 416
222.69.134.6 - - [31/Jan/2021:08:57:41 +0800] "GET /xingrg/kc/buy/cgsh_order_operate.html?command=get_materiel&rest_code=00149&code=00101008370&supplier_code=00100005&order_time=2021-01-31 HTTP/1.1" 200 412
61.165.42.208 - - [31/Jan/2021:08:57:45 +0800] "POST /xingrg/kc/buy/cgsh_order_operate.html HTTP/1.1" 200 2065
61.165.42.208 - - [31/Jan/2021:08:57:48 +0800] "POST /xingrg/kc/buy/cgsh_order_operate.html HTTP/1.1" 200 2065
120.253.135.82 - - [31/Jan/2021:08:57:51 +0800] "GET /xingrg/all/function/internal_message.html?_=1612054429992&CODE_STATE=getMsg HTTP/1.1" 200 27
116.238.117.152 - - [31/Jan/2021:08:57:51 +0800] "GET /xingrg/kc/buy/cgsh_order_operate.html?command=get_materiel&rest_code=00150&code=00101001084&supplier_code=00100096&order_time=2021-01-31 HTTP/1.1" 200 415
58.37.230.33 - - [31/Jan/2021:08:57:51 +0800] "GET /xingrg/all/function/internal_message.html?_=1612054689264&CODE_STATE=getMsg HTTP/1.1" 302 -
61.165.42.208 - - [31/Jan/2021:08:57:54 +0800] "GET /xingrg/kc/buy/cgsh_order_operate.html?command=get_materiel&rest_code=00105&code=00101008223&supplier_code=00100203&order_time=2021-01-31 HTTP/1.1" 200 412
218.81.223.240 - - [31/Jan/2021:08:57:55 +0800] "GET /xingrg/all/function/internal_message.html?_=1612054672922&CODE_STATE=getMsg HTTP/1.1" 200 27
61.165.42.208 - - [31/Jan/2021:08:58:01 +0800] "GET /xingrg/kc/buy/cgsh_order_operate.html?command=get_materiel&rest_code=00105&code=00101008136&supplier_code=00100203&order_time=2021-01-31 HTTP/1.1" 200 413
114.88.166.193 - - [31/Jan/2021:08:58:06 +0800] "GET /xingrg/check_reg.html?_=1612054682107 HTTP/1.1" 200 22
114.88.166.193 - - [31/Jan/2021:08:58:07 +0800] "GET /xingrg/all/function/internal_message.html?_=1612054682228&CODE_STATE=getMsg HTTP/1.1" 200 27
218.81.223.241 - - [31/Jan/2021:08:58:08 +0800] "GET /xingrg/all/function/internal_message.html?_=1612054685745&CODE_STATE=getMsg HTTP/1.1" 302 -
61.165.42.208 - - [31/Jan/2021:08:58:08 +0800] "GET /xingrg/kc/buy/cgsh_order_operate.html?command=get_materiel&rest_code=00105&code=00101008357&supplier_code=00100203&order_time=2021-01-31 HTTP/1.1" 200 408
116.238.117.152 - - [31/Jan/2021:08:58:08 +0800] "GET /xingrg/kc/buy/cgsh_order_operate.html?command=get_materiel&rest_code=00150&code=00101007081&supplier_code=00100096&order_time=2021-01-31 HTTP/1.1" 200 413
61.165.42.208 - - [31/Jan/2021:08:58:11 +0800] "GET /xingrg/all/function/internal_message.html?_=1612054687690&CODE_STATE=getMsg HTTP/1.1" 200 27
61.165.42.208 - - [31/Jan/2021:08:58:11 +0800] "GET /xingrg/check_reg.html?_=1612054687694 HTTP/1.1" 200 22
222.69.134.6 - - [31/Jan/2021:08:58:13 +0800] "GET /xingrg/all/function/internal_message.html?_=1612054688980&CODE_STATE=getMsg HTTP/1.1" 200 27
222.69.134.6 - - [31/Jan/2021:08:58:13 +0800] "GET /xingrg/check_reg.html?_=1612054688982 HTTP/1.1" 200 22
116.228.172.94 - - [31/Jan/2021:08:58:17 +0800] "GET /xingrg/all/function/internal_message.html?_=1612054693635&CODE_STATE=getMsg HTTP/1.1" 200 27
116.238.117.152 - - [31/Jan/2021:08:58:21 +0800] "GET /xingrg/all/function/internal_message.html?_=1612054697360&CODE_STATE=getMsg HTTP/1.1" 200 27
222.69.134.6 - - [31/Jan/2021:08:58:22 +0800] "GET /xingrg/kc/buy/cgsh_order_operate.html?command=get_materiel&rest_code=00149&code=00101008126&supplier_code=00100005&order_time=2021-01-31 HTTP/1.1" 200 412
114.88.166.193 - - [31/Jan/2021:08:58:25 +0800] "GET /xingrg/kc/buy/cgsh_order_operate.html?command=get_materiel&rest_code=00111&code=00101016122&supplier_code=00100037&order_time=2021-01-31 HTTP/1.1" 200 395
116.238.117.152 - - [31/Jan/2021:08:58:26 +0800] "GET /xingrg/kc/buy/cgsh_order_operate.html?command=get_materiel&rest_code=00150&code=00101007077&supplier_code=00100096&order_time=2021-01-31 HTTP/1.1" 200 415
222.69.134.6 - - [31/Jan/2021:08:58:27 +0800] "POST /xingrg/kc/buy/cgsh_order_operate.html HTTP/1.1" 200 2065
61.165.42.208 - - [31/Jan/2021:08:58:33 +0800] "GET /xingrg/kc/buy/cgsh_order_operate.html?command=get_materiel&rest_code=00105&code=00101008069&supplier_code=00100203&order_time=2021-01-31 HTTP/1.1" 200 412
116.238.117.152 - - [31/Jan/2021:08:58:36 +0800] "GET /xingrg/kc/buy/cgsh_order_operate.html?command=get_materiel&rest_code=00150&code=00101007125&supplier_code=00100096&order_time=2021-01-31 HTTP/1.1" 200 406
222.69.134.6 - - [31/Jan/2021:08:58:37 +0800] "GET /xingrg/kc/buy/cgsh_order_operate.html?command=get_materiel&rest_code=00149&code=00101008087&supplier_code=00100005&order_time=2021-01-31 HTTP/1.1" 200 412
114.88.166.193 - - [31/Jan/2021:08:58:38 +0800] "GET /xingrg/kc/buy/cgsh_order_operate.html?command=get_materiel&rest_code=00111&code=00101008007&supplier_code=00100037&order_time=2021-01-31 HTTP/1.1" 200 413
222.69.134.6 - - [31/Jan/2021:08:58:47 +0800] "GET /xingrg/kc/buy/cgsh_order_operate.html?command=get_materiel&rest_code=00149&code=00101008361&supplier_code=00100005&order_time=2021-01-31 HTTP/1.1" 200 408
116.238.117.152 - - [31/Jan/2021:08:58:47 +0800] "GET /xingrg/kc/buy/cgsh_order_operate.html?command=get_materiel&rest_code=00150&code=00101007061&supplier_code=00100096&order_time=2021-01-31 HTTP/1.1" 200 409
120.253.135.82 - - [31/Jan/2021:08:58:51 +0800] "GET /xingrg/all/function/internal_message.html?_=1612054489999&CODE_STATE=getMsg HTTP/1.1" 200 27
58.37.230.33 - - [31/Jan/2021:08:58:51 +0800] "GET /xingrg/all/function/internal_message.html?_=1612054749247&CODE_STATE=getMsg HTTP/1.1" 302 -
218.81.223.240 - - [31/Jan/2021:08:58:55 +0800] "GET /xingrg/all/function/internal_message.html?_=1612054732951&CODE_STATE=getMsg HTTP/1.1" 200 27
116.238.117.152 - - [31/Jan/2021:08:59:01 +0800] "GET /xingrg/kc/buy/cgsh_order_operate.html?command=get_materiel&rest_code=00150&code=00101007012&supplier_code=00100096&order_time=2021-01-31 HTTP/1.1" 200 410
114.88.166.193 - - [31/Jan/2021:08:59:04 +0800] "GET /xingrg/kc/buy/cgsh_order_operate.html?command=get_materiel&rest_code=00111&code=00101020153&supplier_code=00100037&order_time=2021-01-31 HTTP/1.1" 200 408
114.88.166.193 - - [31/Jan/2021:08:59:07 +0800] "GET /xingrg/all/function/internal_message.html?_=1612054742304&CODE_STATE=getMsg HTTP/1.1" 200 27
218.81.223.241 - - [31/Jan/2021:08:59:08 +0800] "GET /xingrg/all/function/internal_message.html?_=1612054745751&CODE_STATE=getMsg HTTP/1.1" 302 -
61.165.42.208 - - [31/Jan/2021:08:59:11 +0800] "GET /xingrg/all/function/internal_message.html?_=1612054747710&CODE_STATE=getMsg HTTP/1.1" 200 27
116.238.117.152 - - [31/Jan/2021:08:59:12 +0800] "POST /xingrg/kc/buy/cgsh_order_operate.html HTTP/1.1" 200 2065
222.69.134.6 - - [31/Jan/2021:08:59:13 +0800] "GET /xingrg/all/function/internal_message.html?_=1612054748979&CODE_STATE=getMsg HTTP/1.1" 200 27
114.88.166.193 - - [31/Jan/2021:08:59:13 +0800] "GET /xingrg/kc/buy/cgsh_order_operate.html?command=get_materiel&rest_code=00111&code=00101015038&supplier_code=00100037&order_time=2021-01-31 HTTP/1.1" 200 418
117.185.32.26 - - [31/Jan/2021:08:59:15 +0800] "POST /xingrg/services/DataTransmitService HTTP/1.1" 200 524
222.69.134.6 - - [31/Jan/2021:08:59:15 +0800] "GET /xingrg/kc/buy/cgsh_order_operate.html?command=get_materiel&rest_code=00149&code=00101008355&supplier_code=00100005&order_time=2021-01-31 HTTP/1.1" 200 408
116.238.117.152 - - [31/Jan/2021:08:59:15 +0800] "GET /xingrg/kc/buy/cgsh_order_operate.html?command=get_materiel&rest_code=00150&code=00101007049&supplier_code=00100096&order_time=2021-01-31 HTTP/1.1" 200 409
116.228.172.94 - - [31/Jan/2021:08:59:17 +0800] "GET /xingrg/check_reg.html?_=1612054753635 HTTP/1.1" 200 22
116.228.172.94 - - [31/Jan/2021:08:59:17 +0800] "GET /xingrg/all/function/internal_message.html?_=1612054753637&CODE_STATE=getMsg HTTP/1.1" 200 27
116.238.117.152 - - [31/Jan/2021:08:59:21 +0800] "GET /xingrg/all/function/internal_message.html?_=1612054757412&CODE_STATE=getMsg HTTP/1.1" 200 27
116.238.117.152 - - [31/Jan/2021:08:59:21 +0800] "GET /xingrg/check_reg.html?_=1612054757415 HTTP/1.1" 200 22
114.88.166.193 - - [31/Jan/2021:08:59:22 +0800] "GET /xingrg/kc/buy/cgsh_order_operate.html?command=get_materiel&rest_code=00111&code=00101007109&supplier_code=00100037&order_time=2021-01-31 HTTP/1.1" 200 408
222.69.134.6 - - [31/Jan/2021:08:59:26 +0800] "GET /xingrg/kc/buy/cgsh_order_operate.html?command=get_materiel&rest_code=00149&code=00101008264&supplier_code=00100005&order_time=2021-01-31 HTTP/1.1" 200 412
114.88.166.193 - - [31/Jan/2021:08:59:31 +0800] "GET /xingrg/kc/buy/cgsh_order_operate.html?command=get_materiel&rest_code=00111&code=00101012051&supplier_code=00100037&order_time=2021-01-31 HTTP/1.1" 200 408
222.69.134.6 - - [31/Jan/2021:08:59:35 +0800] "POST /xingrg/kc/buy/cgsh_order_operate.html HTTP/1.1" 200 2065
114.88.166.193 - - [31/Jan/2021:08:59:39 +0800] "GET /xingrg/kc/buy/cgsh_order_operate.html?command=get_materiel&rest_code=00111&code=00101008055&supplier_code=00100037&order_time=2021-01-31 HTTP/1.1" 200 409
61.165.42.208 - - [31/Jan/2021:08:59:43 +0800] "GET /xingrg/kc/buy/cgsh_order_operate.html?command=get_materiel&rest_code=00105&code=00101008036&supplier_code=00100203&order_time=2021-01-31 HTTP/1.1" 200 408
222.69.134.6 - - [31/Jan/2021:08:59:44 +0800] "GET /xingrg/kc/buy/cgsh_order_operate.html?command=get_materiel&rest_code=00149&code=00101008356&supplier_code=00100005&order_time=2021-01-31 HTTP/1.1" 200 409
120.253.135.82 - - [31/Jan/2021:08:59:49 +0800] "GET /xingrg/check_reg.html?_=1612054548570 HTTP/1.1" 200 22
120.253.135.82 - - [31/Jan/2021:08:59:51 +0800] "GET /xingrg/all/function/internal_message.html?_=1612054550012&CODE_STATE=getMsg HTTP/1.1" 200 27
58.37.230.33 - - [31/Jan/2021:08:59:51 +0800] "GET /xingrg/all/function/internal_message.html?_=1612054809211&CODE_STATE=getMsg HTTP/1.1" 302 -
218.81.223.240 - - [31/Jan/2021:08:59:55 +0800] "GET /xingrg/all/function/internal_message.html?_=1612054792964&CODE_STATE=getMsg HTTP/1.1" 200 27
114.88.166.193 - - [31/Jan/2021:09:00:01 +0800] "GET /xingrg/kc/buy/cgsh_order_operate.html?command=get_materiel&rest_code=00111&code=00101008257&supplier_code=00100037&order_time=2021-01-31 HTTP/1.1" 200 418
222.69.134.6 - - [31/Jan/2021:09:00:03 +0800] "GET /xingrg/kc/buy/cgsh_order_operate.html?command=get_materiel&rest_code=00149&code=00101008251&supplier_code=00100005&order_time=2021-01-31 HTTP/1.1" 200 408
114.88.166.193 - - [31/Jan/2021:09:00:07 +0800] "GET /xingrg/all/function/internal_message.html?_=1612054802318&CODE_STATE=getMsg HTTP/1.1" 200 27
218.81.223.241 - - [31/Jan/2021:09:00:08 +0800] "GET /xingrg/all/function/internal_message.html?_=1612054805771&CODE_STATE=getMsg HTTP/1.1" 302 -
61.165.42.208 - - [31/Jan/2021:09:00:11 +0800] "GET /xingrg/all/function/internal_message.html?_=1612054807752&CODE_STATE=getMsg HTTP/1.1" 200 27
180.175.150.119 - - [31/Jan/2021:09:00:11 +0800] "GET /xingrg/check_reg.html?_=1612055051505 HTTP/1.1" 302 -
180.175.150.119 - - [31/Jan/2021:09:00:11 +0800] "GET /xingrg/login.html HTTP/1.1" 200 7641
222.69.134.6 - - [31/Jan/2021:09:00:13 +0800] "GET /xingrg/all/function/internal_message.html?_=1612054808969&CODE_STATE=getMsg HTTP/1.1" 200 27
116.228.172.94 - - [31/Jan/2021:09:00:17 +0800] "GET /xingrg/all/function/internal_message.html?_=1612054813636&CODE_STATE=getMsg HTTP/1.1" 200 27
61.165.42.208 - - [31/Jan/2021:09:00:18 +0800] "GET /xingrg/kc/buy/cgsh_order_operate.html?command=get_materiel&rest_code=00105&code=00101008286&supplier_code=00100203&order_time=2021-01-31 HTTP/1.1" 200 408
116.238.117.152 - - [31/Jan/2021:09:00:21 +0800] "GET /xingrg/all/function/internal_message.html?_=1612054817400&CODE_STATE=getMsg HTTP/1.1" 200 27
222.69.134.6 - - [31/Jan/2021:09:00:26 +0800] "GET /xingrg/kc/buy/cgsh_order_operate.html?command=get_materiel&rest_code=00149&code=00101015004&supplier_code=00100005&order_time=2021-01-31 HTTP/1.1" 200 408
61.165.42.208 - - [31/Jan/2021:09:00:26 +0800] "GET /xingrg/kc/buy/cgsh_order_operate.html?command=get_materiel&rest_code=00105&code=00101008131&supplier_code=00100203&order_time=2021-01-31 HTTP/1.1" 200 408
114.88.166.193 - - [31/Jan/2021:09:00:26 +0800] "GET /xingrg/kc/buy/cgsh_order_operate.html?command=get_materiel&rest_code=00111&code=00101016025&supplier_code=00100037&order_time=2021-01-31 HTTP/1.1" 200 408
61.165.42.208 - - [31/Jan/2021:09:00:34 +0800] "GET /xingrg/kc/buy/cgsh_order_operate.html?command=get_materiel&rest_code=00105&code=00101008108&supplier_code=00100203&order_time=2021-01-31 HTTP/1.1" 200 412
222.69.134.6 - - [31/Jan/2021:09:00:36 +0800] "GET /xingrg/kc/buy/cgsh_order_operate.html?command=get_materiel&rest_code=00149&code=00101008360&supplier_code=00100005&order_time=2021-01-31 HTTP/1.1" 200 413
114.88.166.193 - - [31/Jan/2021:09:00:37 +0800] "GET /xingrg/kc/buy/cgsh_order_operate.html?command=get_materiel&rest_code=00111&code=00101011010&supplier_code=00100037&order_time=2021-01-31 HTTP/1.1" 200 418
222.69.134.6 - - [31/Jan/2021:09:00:46 +0800] "POST /xingrg/services/DataTransmitService HTTP/1.1" 200 524
222.69.134.6 - - [31/Jan/2021:09:00:46 +0800] "POST /xingrg/services/DataTransmitService HTTP/1.1" 200 1979
222.69.134.6 - - [31/Jan/2021:09:00:46 +0800] "POST /xingrg/services/DataTransmitService HTTP/1.1" 200 148703
222.69.134.6 - - [31/Jan/2021:09:00:50 +0800] "POST /xingrg/kc/buy/cgsh_order_operate.html HTTP/1.1" 200 2065
120.253.135.82 - - [31/Jan/2021:09:00:51 +0800] "GET /xingrg/all/function/internal_message.html?_=1612054610027&CODE_STATE=getMsg HTTP/1.1" 200 27
58.37.230.33 - - [31/Jan/2021:09:00:51 +0800] "GET /xingrg/all/function/internal_message.html?_=1612054869185&CODE_STATE=getMsg HTTP/1.1" 302 -
114.88.166.193 - - [31/Jan/2021:09:00:53 +0800] "GET /xingrg/kc/buy/cgsh_order_operate.html?command=get_materiel&rest_code=00111&code=00101016105&supplier_code=00100037&order_time=2021-01-31 HTTP/1.1" 200 409
218.81.223.240 - - [31/Jan/2021:09:00:55 +0800] "GET /xingrg/all/function/internal_message.html?_=1612054852984&CODE_STATE=getMsg HTTP/1.1" 200 27
218.81.223.241 - - [31/Jan/2021:09:00:58 +0800] "GET /xingrg/check_reg.html?_=1612054855684 HTTP/1.1" 302 -
222.69.134.6 - - [31/Jan/2021:09:00:59 +0800] "GET /xingrg/kc/buy/cgsh_order_operate.html?command=get_materiel&rest_code=00149&code=00101008059&supplier_code=00100005&order_time=2021-01-31 HTTP/1.1" 200 408
218.81.223.240 - - [31/Jan/2021:09:01:03 +0800] "GET /xingrg/check_reg.html?_=1612054860646 HTTP/1.1" 200 22
116.238.117.152 - - [31/Jan/2021:09:01:05 +0800] "POST /xingrg/kc/buy/cgsh_order_operate.html HTTP/1.1" 200 37
114.88.166.193 - - [31/Jan/2021:09:01:05 +0800] "GET /xingrg/kc/buy/cgsh_order_operate.html?command=get_materiel&rest_code=00111&code=00101016071&supplier_code=00100037&order_time=2021-01-31 HTTP/1.1" 200 416
114.88.166.193 - - [31/Jan/2021:09:01:07 +0800] "GET /xingrg/all/function/internal_message.html?_=1612054862418&CODE_STATE=getMsg HTTP/1.1" 200 27
218.81.223.241 - - [31/Jan/2021:09:01:08 +0800] "GET /xingrg/all/function/internal_message.html?_=1612054865778&CODE_STATE=getMsg HTTP/1.1" 302 -
116.238.117.152 - - [31/Jan/2021:09:01:08 +0800] "POST /xingrg/kc/buy/cgsh_order_operate.html HTTP/1.1" 200 12
116.238.117.152 - - [31/Jan/2021:09:01:09 +0800] "GET /xingrg/kc/buy/cgsh_order_info.html?code=212021013114479 HTTP/1.1" 200 56836
116.238.117.152 - - [31/Jan/2021:09:01:10 +0800] "GET /xingrg/javascript/easyui/themes/default/validatebox.css HTTP/1.1" 404 1104
58.37.230.33 - - [31/Jan/2021:09:01:10 +0800] "GET /xingrg/check_reg.html?_=1612054887921 HTTP/1.1" 302 -
116.238.117.152 - - [31/Jan/2021:09:01:10 +0800] "POST /xingrg/kc/buy/cgsh_order_operate.html HTTP/1.1" 200 12467
61.165.42.208 - - [31/Jan/2021:09:01:11 +0800] "GET /xingrg/all/function/internal_message.html?_=1612054867723&CODE_STATE=getMsg HTTP/1.1" 200 27
116.238.117.152 - - [31/Jan/2021:09:01:12 +0800] "GET /xingrg/kc/print/load_data.html?order_code=212021013114479&kc_code=cgsh&condition= HTTP/1.1" 200 5166
222.69.134.6 - - [31/Jan/2021:09:01:13 +0800] "GET /xingrg/all/function/internal_message.html?_=1612054868981&CODE_STATE=getMsg HTTP/1.1" 200 27
222.69.134.6 - - [31/Jan/2021:09:01:13 +0800] "GET /xingrg/kc/buy/cgsh_order_operate.html?command=get_materiel&rest_code=00149&code=00101008223&supplier_code=00100005&order_time=2021-01-31 HTTP/1.1" 200 412
116.228.172.94 - - [31/Jan/2021:09:01:17 +0800] "GET /xingrg/all/function/internal_message.html?_=1612054873637&CODE_STATE=getMsg HTTP/1.1" 200 27
116.238.117.152 - - [31/Jan/2021:09:01:21 +0800] "GET /xingrg/all/function/internal_message.html?_=1612054877377&CODE_STATE=getMsg HTTP/1.1" 200 27
116.238.117.152 - - [31/Jan/2021:09:01:22 +0800] "POST /xingrg/all/user/operate.html HTTP/1.1" 200 36
116.238.117.152 - - [31/Jan/2021:09:01:23 +0800] "GET /xingrg/javascript/jquery_easy_ui/themes/default/easyui.css HTTP/1.1" 304 -
116.238.117.152 - - [31/Jan/2021:09:01:23 +0800] "GET /xingrg/javascript/jquery_easy_ui/themes/icon.css HTTP/1.1" 304 -
116.238.117.152 - - [31/Jan/2021:09:01:23 +0800] "GET /xingrg/index.html?sysBaseUrl=http%3A%2F%2F180.169.147.146%3A18081%2Fxingrg%2F&costTime=42×tamp=1612053855001 HTTP/1.1" 200 17177
116.238.117.152 - - [31/Jan/2021:09:01:23 +0800] "GET /xingrg/css/form.css HTTP/1.1" 304 -
116.238.117.152 - - [31/Jan/2021:09:01:23 +0800] "GET /xingrg/javascript/jquery-1.4.2.min.js HTTP/1.1" 304 -
116.238.117.152 - - [31/Jan/2021:09:01:23 +0800] "GET /xingrg/javascript/jquery_easy_ui/jquery.easyui.min.js HTTP/1.1" 304 -
116.238.117.152 - - [31/Jan/2021:09:01:23 +0800] "GET /xingrg/javascript/jquery_easy_ui/easyui-lang-zh_CN.js HTTP/1.1" 304 -
116.238.117.152 - - [31/Jan/2021:09:01:23 +0800] "GET /xingrg/javascript/jquery.form.js HTTP/1.1" 304 -
116.238.117.152 - - [31/Jan/2021:09:01:23 +0800] "GET /xingrg/javascript/jquery.utils.js HTTP/1.1" 304 -
116.238.117.152 - - [31/Jan/2021:09:01:23 +0800] "GET /xingrg/javascript/jquery.timers.js HTTP/1.1" 304 -
116.238.117.152 - - [31/Jan/2021:09:01:23 +0800] "GET /xingrg/images/blue/navBackgound.jpg HTTP/1.1" 304 -
116.238.117.152 - - [31/Jan/2021:09:01:23 +0800] "GET /xingrg/images/blue/jxLogo.png HTTP/1.1" 304 -
116.238.117.152 - - [31/Jan/2021:09:01:23 +0800] "GET /xingrg/javascript/jquery_easy_ui/themes/icons/settle_new.png HTTP/1.1" 304 -
116.238.117.152 - - [31/Jan/2021:09:01:23 +0800] "POST /xingrg/all/common/load_tree.html?tree=area_rest_tree_json&manage=1 HTTP/1.1" 200 476
116.238.117.152 - - [31/Jan/2021:09:01:23 +0800] "GET /xingrg/javascript/jquery_easy_ui/themes/default/images/tabs_leftarrow.png HTTP/1.1" 304 -
116.238.117.152 - - [31/Jan/2021:09:01:23 +0800] "GET /xingrg/all/function/internal_message.html?_=1612054879328&CODE_STATE=count HTTP/1.1" 200 11
116.238.117.152 - - [31/Jan/2021:09:01:23 +0800] "GET /xingrg/check_reg.html?_=1612054879330 HTTP/1.1" 200 22
116.238.117.152 - - [31/Jan/2021:09:01:23 +0800] "GET /xingrg/images/blue/pingpu.png HTTP/1.1" 304 -
116.238.117.152 - - [31/Jan/2021:09:01:23 +0800] "GET /xingrg/javascript/jquery_easy_ui/themes/default/images/panel_tool_collapse.gif HTTP/1.1" 304 -
116.238.117.152 - - [31/Jan/2021:09:01:23 +0800] "GET /xingrg/javascript/jquery_easy_ui/themes/default/images/tabs_rightarrow.png HTTP/1.1" 304 -
116.238.117.152 - - [31/Jan/2021:09:01:23 +0800] "POST /xingrg/load_menu.html HTTP/1.1" 200 5138
116.238.117.152 - - [31/Jan/2021:09:01:25 +0800] "GET /xingrg/kc/buy/cgsh_order_list.html HTTP/1.1" 200 46286
222.69.134.6 - - [31/Jan/2021:09:01:25 +0800] "GET /xingrg/kc/buy/cgsh_order_operate.html?command=get_materiel&rest_code=00149&code=00101008079&supplier_code=00100005&order_time=2021-01-31 HTTP/1.1" 200 416
116.238.117.152 - - [31/Jan/2021:09:01:26 +0800] "POST /xingrg/kc/buy/cgsh_list_operate.html HTTP/1.1" 200 876
116.238.117.152 - - [31/Jan/2021:09:01:27 +0800] "GET /xingrg/kc/buy/cgsh_order_add.html HTTP/1.1" 200 61662
116.238.117.152 - - [31/Jan/2021:09:01:27 +0800] "POST /xingrg/kc/buy/cgsh_order_operate.html HTTP/1.1" 200 8245
116.238.117.152 - - [31/Jan/2021:09:01:27 +0800] "GET /xingrg/javascript/easyui/themes/default/validatebox.css HTTP/1.1" 404 1104
116.238.117.152 - - [31/Jan/2021:09:01:27 +0800] "GET /xingrg/all/common/auto_word.html?type=employee&rest_code=00151 HTTP/1.1" 200 243
116.238.117.152 - - [31/Jan/2021:09:01:27 +0800] "GET /xingrg/all/common/auto_word.html?type=employee&rest_code=00151 HTTP/1.1" 200 243
116.238.117.152 - - [31/Jan/2021:09:01:27 +0800] "GET /xingrg/javascript/auto/indicator.gif HTTP/1.1" 404 1066
117.131.5.26 - - [31/Jan/2021:09:01:29 +0800] "POST /xingrg/services/DataTransmitService HTTP/1.1" 200 524
116.238.117.152 - - [31/Jan/2021:09:01:34 +0800] "GET /xingrg/kc/buy/cgsh_order_operate.html?command=get_materiel&rest_code=00151&code=00101011005&supplier_code=00100047&order_time=2021-01-31 HTTP/1.1" 200 408
116.238.117.152 - - [31/Jan/2021:09:01:43 +0800] "GET /xingrg/kc/buy/cgsh_order_operate.html?command=get_materiel&rest_code=00151&code=00101011001&supplier_code=00100047&order_time=2021-01-31 HTTP/1.1" 200 423
114.88.166.193 - - [31/Jan/2021:09:01:45 +0800] "GET /xingrg/kc/buy/cgsh_order_operate.html?command=get_materiel&rest_code=00111&code=00101012025&supplier_code=00100037&order_time=2021-01-31 HTTP/1.1" 200 412
222.69.134.6 - - [31/Jan/2021:09:01:50 +0800] "GET /xingrg/kc/buy/cgsh_order_operate.html?command=get_materiel&rest_code=00149&code=00101008238&supplier_code=00100005&order_time=2021-01-31 HTTP/1.1" 200 416
120.253.135.82 - - [31/Jan/2021:09:01:51 +0800] "GET /xingrg/all/function/internal_message.html?_=1612054670040&CODE_STATE=getMsg HTTP/1.1" 200 27
58.37.230.33 - - [31/Jan/2021:09:01:51 +0800] "GET /xingrg/all/function/internal_message.html?_=1612054929162&CODE_STATE=getMsg HTTP/1.1" 302 -
116.238.117.152 - - [31/Jan/2021:09:01:51 +0800] "GET /xingrg/kc/buy/cgsh_order_operate.html?command=get_materiel&rest_code=00151&code=00101011010&supplier_code=00100047&order_time=2021-01-31 HTTP/1.1" 200 418
218.81.223.240 - - [31/Jan/2021:09:01:55 +0800] "GET /xingrg/all/function/internal_message.html?_=1612054912990&CODE_STATE=getMsg HTTP/1.1" 200 27
114.88.166.193 - - [31/Jan/2021:09:01:58 +0800] "GET /xingrg/kc/buy/cgsh_order_operate.html?command=get_materiel&rest_code=00111&code=00101015046&supplier_code=00100037&order_time=2021-01-31 HTTP/1.1" 200 412
114.88.166.193 - - [31/Jan/2021:09:02:02 +0800] "POST /xingrg/kc/buy/cgsh_order_operate.html HTTP/1.1" 200 2065
114.88.166.193 - - [31/Jan/2021:09:02:07 +0800] "GET /xingrg/all/function/internal_message.html?_=1612054922422&CODE_STATE=getMsg HTTP/1.1" 200 27
218.81.223.241 - - [31/Jan/2021:09:02:08 +0800] "GET /xingrg/all/function/internal_message.html?_=1612054925797&CODE_STATE=getMsg HTTP/1.1" 302 -
61.165.42.208 - - [31/Jan/2021:09:02:11 +0800] "GET /xingrg/all/function/internal_message.html?_=1612054927701&CODE_STATE=getMsg HTTP/1.1" 200 27
222.69.134.6 - - [31/Jan/2021:09:02:13 +0800] "GET /xingrg/all/function/internal_message.html?_=1612054928974&CODE_STATE=getMsg HTTP/1.1" 200 27
116.238.117.152 - - [31/Jan/2021:09:02:15 +0800] "POST /xingrg/kc/buy/cgsh_order_operate.html HTTP/1.1" 200 37
180.175.150.119 - - [31/Jan/2021:09:02:16 +0800] "GET /xingrg/login.html HTTP/1.1" 200 7641
180.175.150.119 - - [31/Jan/2021:09:02:17 +0800] "GET /xingrg/images/blue/jxLogo.png HTTP/1.1" 304 -
180.175.150.119 - - [31/Jan/2021:09:02:17 +0800] "GET /xingrg/images/blue/login_bg.png HTTP/1.1" 304 -
180.175.150.119 - - [31/Jan/2021:09:02:17 +0800] "GET /xingrg/images/blue/hj.png HTTP/1.1" 304 -
180.175.150.119 - - [31/Jan/2021:09:02:17 +0800] "GET /xingrg/images/blue/srbg.png HTTP/1.1" 304 -
180.175.150.119 - - [31/Jan/2021:09:02:17 +0800] "GET /favicon.ico HTTP/1.1" 404 -
116.228.172.94 - - [31/Jan/2021:09:02:17 +0800] "GET /xingrg/all/function/internal_message.html?_=1612054933637&CODE_STATE=getMsg HTTP/1.1" 200 27
116.238.117.152 - - [31/Jan/2021:09:02:18 +0800] "POST /xingrg/kc/buy/cgsh_order_operate.html HTTP/1.1" 200 12
114.88.166.193 - - [31/Jan/2021:09:02:20 +0800] "GET /xingrg/kc/buy/cgsh_order_operate.html?command=get_materiel&rest_code=00111&code=00101012026&supplier_code=00100037&order_time=2021-01-31 HTTP/1.1" 200 408
116.238.117.152 - - [31/Jan/2021:09:02:20 +0800] "GET /xingrg/kc/buy/cgsh_order_info.html?code=212021013114480 HTTP/1.1" 200 56564
116.238.117.152 - - [31/Jan/2021:09:02:21 +0800] "GET /xingrg/javascript/easyui/themes/default/validatebox.css HTTP/1.1" 404 1104
116.238.117.152 - - [31/Jan/2021:09:02:21 +0800] "POST /xingrg/kc/buy/cgsh_order_operate.html HTTP/1.1" 200 1830
180.175.150.119 - - [31/Jan/2021:09:02:22 +0800] "POST /xingrg/login.do HTTP/1.1" 302 -
180.175.150.119 - - [31/Jan/2021:09:02:22 +0800] "GET /xingrg/javascript/jquery_easy_ui/themes/default/easyui.css HTTP/1.1" 304 -
180.175.150.119 - - [31/Jan/2021:09:02:22 +0800] "GET /xingrg/index.html?sysBaseUrl=http%3A%2F%2F180.169.147.146%3A18081%2Fxingrg%2F&costTime=73×tamp=1612054942809 HTTP/1.1" 200 17173
180.175.150.119 - - [31/Jan/2021:09:02:22 +0800] "GET /xingrg/javascript/jquery_easy_ui/themes/icon.css HTTP/1.1" 304 -
180.175.150.119 - - [31/Jan/2021:09:02:22 +0800] "GET /xingrg/css/form.css HTTP/1.1" 304 -
180.175.150.119 - - [31/Jan/2021:09:02:22 +0800] "GET /xingrg/javascript/jquery-1.4.2.min.js HTTP/1.1" 304 -
180.175.150.119 - - [31/Jan/2021:09:02:22 +0800] "GET /xingrg/javascript/jquery_easy_ui/jquery.easyui.min.js HTTP/1.1" 304 -
180.175.150.119 - - [31/Jan/2021:09:02:22 +0800] "GET /xingrg/javascript/jquery_easy_ui/easyui-lang-zh_CN.js HTTP/1.1" 304 -
180.175.150.119 - - [31/Jan/2021:09:02:22 +0800] "GET /xingrg/javascript/jquery.form.js HTTP/1.1" 304 -
180.175.150.119 - - [31/Jan/2021:09:02:22 +0800] "GET /xingrg/javascript/jquery.utils.js HTTP/1.1" 304 -
180.175.150.119 - - [31/Jan/2021:09:02:22 +0800] "GET /xingrg/javascript/jquery.timers.js HTTP/1.1" 304 -
180.175.150.119 - - [31/Jan/2021:09:02:23 +0800] "GET /xingrg/images/blue/navBackgound.jpg HTTP/1.1" 304 -
180.175.150.119 - - [31/Jan/2021:09:02:23 +0800] "GET /xingrg/javascript/jquery_easy_ui/themes/icons/settle_new.png HTTP/1.1" 304 -
180.175.150.119 - - [31/Jan/2021:09:02:23 +0800] "GET /xingrg/images/blue/pingpu.png HTTP/1.1" 304 -
180.175.150.119 - - [31/Jan/2021:09:02:23 +0800] "GET /xingrg/javascript/jquery_easy_ui/themes/default/images/tabs_leftarrow.png HTTP/1.1" 304 -
180.175.150.119 - - [31/Jan/2021:09:02:23 +0800] "GET /xingrg/javascript/jquery_easy_ui/themes/default/images/panel_tool_collapse.gif HTTP/1.1" 304 -
180.175.150.119 - - [31/Jan/2021:09:02:23 +0800] "GET /xingrg/javascript/jquery_easy_ui/themes/default/images/tabs_rightarrow.png HTTP/1.1" 304 -
180.175.150.119 - - [31/Jan/2021:09:02:23 +0800] "POST /xingrg/all/common/load_tree.html?tree=area_rest_tree_json&manage=1 HTTP/1.1" 200 342
116.238.117.152 - - [31/Jan/2021:09:02:23 +0800] "GET /xingrg/all/function/internal_message.html?_=1612054939343&CODE_STATE=getMsg HTTP/1.1" 200 27
180.175.150.119 - - [31/Jan/2021:09:02:23 +0800] "GET /favicon.ico HTTP/1.1" 404 -
180.175.150.119 - - [31/Jan/2021:09:02:23 +0800] "GET /xingrg/check_reg.html?_=1612055183318 HTTP/1.1" 200 22
180.175.150.119 - - [31/Jan/2021:09:02:23 +0800] "GET /xingrg/all/function/internal_message.html?_=1612055183317&CODE_STATE=count HTTP/1.1" 200 11
180.175.150.119 - - [31/Jan/2021:09:02:23 +0800] "GET /xingrg/javascript/jquery_easy_ui/themes/default/images/tree_arrows.gif HTTP/1.1" 304 -
180.175.150.119 - - [31/Jan/2021:09:02:23 +0800] "POST /xingrg/load_menu.html HTTP/1.1" 200 5138
180.175.150.119 - - [31/Jan/2021:09:02:24 +0800] "GET /xingrg/javascript/jquery_easy_ui/themes/icons/search_new.png HTTP/1.1" 304 -
180.175.150.119 - - [31/Jan/2021:09:02:24 +0800] "GET /xingrg/javascript/jquery_easy_ui/themes/default/images/tree_folder.gif HTTP/1.1" 304 -
180.175.150.119 - - [31/Jan/2021:09:02:24 +0800] "GET /xingrg/javascript/jquery_easy_ui/themes/icons/storage_new.png HTTP/1.1" 304 -
180.175.150.119 - - [31/Jan/2021:09:02:24 +0800] "GET /xingrg/javascript/jquery_easy_ui/themes/icons/forms_new.png HTTP/1.1" 304 -
180.175.150.119 - - [31/Jan/2021:09:02:24 +0800] "GET /xingrg/javascript/jquery_easy_ui/themes/default/images/tree_folder_open.gif HTTP/1.1" 304 -
180.175.150.119 - - [31/Jan/2021:09:02:24 +0800] "GET /xingrg/javascript/jquery_easy_ui/themes/default/images/tree_file.gif HTTP/1.1" 304 -
222.69.134.6 - - [31/Jan/2021:09:02:26 +0800] "GET /xingrg/kc/buy/cgsh_order_operate.html?command=get_materiel&rest_code=00149&code=00101008357&supplier_code=00100005&order_time=2021-01-31 HTTP/1.1" 200 408
222.69.134.6 - - [31/Jan/2021:09:02:32 +0800] "POST /xingrg/kc/buy/cgsh_order_operate.html HTTP/1.1" 200 2065
120.253.135.82 - - [31/Jan/2021:09:02:39 +0800] "GET /xingrg/check_reg.html?_=1612055064821 HTTP/1.1" 302 -
222.69.134.6 - - [31/Jan/2021:09:02:42 +0800] "GET /xingrg/kc/buy/cgsh_order_operate.html?command=get_materiel&rest_code=00149&code=00101008069&supplier_code=00100005&order_time=2021-01-31 HTTP/1.1" 200 412
120.253.135.82 - - [31/Jan/2021:09:02:51 +0800] "GET /xingrg/all/function/internal_message.html?_=1612054730268&CODE_STATE=getMsg HTTP/1.1" 200 27
58.37.230.33 - - [31/Jan/2021:09:02:51 +0800] "GET /xingrg/all/function/internal_message.html?_=1612054989129&CODE_STATE=getMsg HTTP/1.1" 302 -
116.238.117.152 - - [31/Jan/2021:09:02:52 +0800] "GET /xingrg/kc/print/load_data.html?order_code=212021013114480&kc_code=cgsh&condition= HTTP/1.1" 200 1244
218.81.223.240 - - [31/Jan/2021:09:02:55 +0800] "GET /xingrg/all/function/internal_message.html?_=1612054973005&CODE_STATE=getMsg HTTP/1.1" 200 27
116.238.117.152 - - [31/Jan/2021:09:02:56 +0800] "GET /xingrg/kc/buy/cgsh_order_add.html HTTP/1.1" 200 61662
222.69.134.6 - - [31/Jan/2021:09:02:56 +0800] "GET /xingrg/kc/buy/cgsh_order_operate.html?command=get_materiel&rest_code=00149&code=00101008286&supplier_code=00100005&order_time=2021-01-31 HTTP/1.1" 200 408
116.238.117.152 - - [31/Jan/2021:09:02:56 +0800] "POST /xingrg/kc/buy/cgsh_order_operate.html HTTP/1.1" 200 8245
116.238.117.152 - - [31/Jan/2021:09:02:56 +0800] "GET /xingrg/javascript/easyui/themes/default/validatebox.css HTTP/1.1" 404 1104
222.69.134.6 - - [31/Jan/2021:09:03:05 +0800] "GET /xingrg/kc/buy/cgsh_order_operate.html?command=get_materiel&rest_code=00149&code=00101008036&supplier_code=00100005&order_time=2021-01-31 HTTP/1.1" 200 408
116.238.117.152 - - [31/Jan/2021:09:03:06 +0800] "GET /xingrg/kc/buy/cgsh_order_operate.html?command=get_materiel&rest_code=00151&code=00101007091&supplier_code=00100096&order_time=2021-01-31 HTTP/1.1" 200 415
114.88.166.193 - - [31/Jan/2021:09:03:06 +0800] "GET /xingrg/check_reg.html?_=1612054982128 HTTP/1.1" 200 22
114.88.166.193 - - [31/Jan/2021:09:03:07 +0800] "GET /xingrg/all/function/internal_message.html?_=1612054982436&CODE_STATE=getMsg HTTP/1.1" 200 27
218.81.223.241 - - [31/Jan/2021:09:03:08 +0800] "GET /xingrg/all/function/internal_message.html?_=1612054985805&CODE_STATE=getMsg HTTP/1.1" 302 -
114.88.166.193 - - [31/Jan/2021:09:03:08 +0800] "POST /xingrg/kc/buy/cgsh_order_operate.html HTTP/1.1" 200 37
114.88.166.193 - - [31/Jan/2021:09:03:09 +0800] "POST /xingrg/kc/buy/cgsh_order_operate.html HTTP/1.1" 200 14507
114.88.166.193 - - [31/Jan/2021:09:03:11 +0800] "GET /xingrg/kc/print/load_data.html?order_code=212021013114481&kc_code=cgsh&condition= HTTP/1.1" 200 5204
61.165.42.208 - - [31/Jan/2021:09:03:11 +0800] "GET /xingrg/check_reg.html?_=1612054987680 HTTP/1.1" 200 22
61.165.42.208 - - [31/Jan/2021:09:03:11 +0800] "GET /xingrg/all/function/internal_message.html?_=1612054987683&CODE_STATE=getMsg HTTP/1.1" 200 27
222.69.134.6 - - [31/Jan/2021:09:03:13 +0800] "GET /xingrg/all/function/internal_message.html?_=1612054988985&CODE_STATE=getMsg HTTP/1.1" 200 27
222.69.134.6 - - [31/Jan/2021:09:03:13 +0800] "GET /xingrg/check_reg.html?_=1612054988988 HTTP/1.1" 200 22
116.228.172.94 - - [31/Jan/2021:09:03:17 +0800] "GET /xingrg/all/function/internal_message.html?_=1612054993636&CODE_STATE=getMsg HTTP/1.1" 200 27
116.238.117.152 - - [31/Jan/2021:09:03:19 +0800] "GET /xingrg/kc/buy/cgsh_order_operate.html?command=get_materiel&rest_code=00151&code=00101006168&supplier_code=00100096&order_time=2021-01-31 HTTP/1.1" 200 421
116.238.117.152 - - [31/Jan/2021:09:03:23 +0800] "GET /xingrg/all/function/internal_message.html?_=1612054999337&CODE_STATE=getMsg HTTP/1.1" 200 27
180.175.150.119 - - [31/Jan/2021:09:03:23 +0800] "GET /xingrg/all/function/internal_message.html?_=1612055243323&CODE_STATE=getMsg HTTP/1.1" 200 27
116.238.117.152 - - [31/Jan/2021:09:03:25 +0800] "GET /xingrg/kc/buy/cgsh_order_operate.html?command=get_materiel&rest_code=00151&code=00101006112&supplier_code=00100096&order_time=2021-01-31 HTTP/1.1" 200 409
222.69.134.6 - - [31/Jan/2021:09:03:28 +0800] "GET /xingrg/kc/buy/cgsh_order_operate.html?command=get_materiel&rest_code=00149&code=00101008131&supplier_code=00100005&order_time=2021-01-31 HTTP/1.1" 200 408
222.69.134.6 - - [31/Jan/2021:09:03:33 +0800] "POST /xingrg/kc/buy/cgsh_order_operate.html HTTP/1.1" 200 2065
116.238.117.152 - - [31/Jan/2021:09:03:34 +0800] "GET /xingrg/kc/buy/cgsh_order_operate.html?command=get_materiel&rest_code=00151&code=00101006013&supplier_code=00100096&order_time=2021-01-31 HTTP/1.1" 200 409
222.69.134.6 - - [31/Jan/2021:09:03:40 +0800] "GET /xingrg/kc/buy/cgsh_order_operate.html?command=get_materiel&rest_code=00149&code=00101008352&supplier_code=00100005&order_time=2021-01-31 HTTP/1.1" 200 412
116.238.117.152 - - [31/Jan/2021:09:03:42 +0800] "GET /xingrg/kc/buy/cgsh_order_operate.html?command=get_materiel&rest_code=00151&code=00101006084&supplier_code=00100096&order_time=2021-01-31 HTTP/1.1" 200 415
222.69.134.6 - - [31/Jan/2021:09:03:43 +0800] "POST /xingrg/services/DataTransmitService HTTP/1.1" 200 524
222.69.134.6 - - [31/Jan/2021:09:03:49 +0800] "GET /xingrg/kc/buy/cgsh_order_operate.html?command=get_materiel&rest_code=00149&code=00101008098&supplier_code=00100005&order_time=2021-01-31 HTTP/1.1" 200 412
222.69.134.6 - - [31/Jan/2021:09:03:50 +0800] "POST /xingrg/services/DataTransmitService HTTP/1.1" 200 501
58.37.230.33 - - [31/Jan/2021:09:03:51 +0800] "GET /xingrg/all/function/internal_message.html?_=1612055049129&CODE_STATE=getMsg HTTP/1.1" 302 -
120.253.135.82 - - [31/Jan/2021:09:03:51 +0800] "GET /xingrg/all/function/internal_message.html?_=1612054790270&CODE_STATE=getMsg HTTP/1.1" 200 27
61.165.42.208 - - [31/Jan/2021:09:03:51 +0800] "POST /xingrg/kc/buy/cgsh_order_operate.html HTTP/1.1" 200 37
116.238.117.152 - - [31/Jan/2021:09:03:53 +0800] "GET /xingrg/kc/buy/cgsh_order_operate.html?command=get_materiel&rest_code=00151&code=00101006087&supplier_code=00100096&order_time=2021-01-31 HTTP/1.1" 200 409
61.165.42.208 - - [31/Jan/2021:09:03:54 +0800] "POST /xingrg/kc/buy/cgsh_order_operate.html HTTP/1.1" 200 14502
218.81.223.240 - - [31/Jan/2021:09:03:55 +0800] "GET /xingrg/all/function/internal_message.html?_=1612055033028&CODE_STATE=getMsg HTTP/1.1" 200 27
222.69.134.6 - - [31/Jan/2021:09:03:57 +0800] "GET /xingrg/kc/buy/cgsh_order_operate.html?command=get_materiel&rest_code=00149&code=00101008005&supplier_code=00100005&order_time=2021-01-31 HTTP/1.1" 200 412
222.69.134.6 - - [31/Jan/2021:09:03:57 +0800] "POST /xingrg/services/DataTransmitService HTTP/1.1" 200 524
61.165.42.208 - - [31/Jan/2021:09:03:58 +0800] "GET /xingrg/kc/buy/cgsh_order_add.html HTTP/1.1" 200 62067
61.165.42.208 - - [31/Jan/2021:09:03:58 +0800] "POST /xingrg/kc/buy/cgsh_order_operate.html HTTP/1.1" 200 8245
61.165.42.208 - - [31/Jan/2021:09:03:58 +0800] "GET /xingrg/javascript/easyui/themes/default/validatebox.css HTTP/1.1" 404 1104
116.238.117.152 - - [31/Jan/2021:09:04:03 +0800] "GET /xingrg/kc/buy/cgsh_order_operate.html?command=get_materiel&rest_code=00151&code=00101012084&supplier_code=00100096&order_time=2021-01-31 HTTP/1.1" 200 400
222.69.134.6 - - [31/Jan/2021:09:04:06 +0800] "GET /xingrg/kc/buy/cgsh_order_operate.html?command=get_materiel&rest_code=00149&code=00101008307&supplier_code=00100005&order_time=2021-01-31 HTTP/1.1" 200 420
114.88.166.193 - - [31/Jan/2021:09:04:07 +0800] "GET /xingrg/all/function/internal_message.html?_=1612055042608&CODE_STATE=getMsg HTTP/1.1" 200 27
218.81.223.241 - - [31/Jan/2021:09:04:08 +0800] "GET /xingrg/all/function/internal_message.html?_=1612055045825&CODE_STATE=getMsg HTTP/1.1" 302 -
61.165.42.208 - - [31/Jan/2021:09:04:11 +0800] "GET /xingrg/all/function/internal_message.html?_=1612055047694&CODE_STATE=getMsg HTTP/1.1" 200 27
222.69.134.6 - - [31/Jan/2021:09:04:13 +0800] "GET /xingrg/all/function/internal_message.html?_=1612055048997&CODE_STATE=getMsg HTTP/1.1" 200 27
116.238.117.152 - - [31/Jan/2021:09:04:16 +0800] "GET /xingrg/kc/buy/cgsh_order_operate.html?command=get_materiel&rest_code=00151&code=00101012026&supplier_code=00100096&order_time=2021-01-31 HTTP/1.1" 200 408
61.165.42.208 - - [31/Jan/2021:09:04:16 +0800] "GET /xingrg/kc/buy/cgsh_order_operate.html?command=get_materiel&rest_code=00105&code=00101011012&supplier_code=00100052&order_time=2021-01-31 HTTP/1.1" 200 411
116.228.172.94 - - [31/Jan/2021:09:04:17 +0800] "GET /xingrg/all/function/internal_message.html?_=1612055053636&CODE_STATE=getMsg HTTP/1.1" 200 27
116.228.172.94 - - [31/Jan/2021:09:04:17 +0800] "GET /xingrg/check_reg.html?_=1612055053638 HTTP/1.1" 200 22
222.69.134.6 - - [31/Jan/2021:09:04:19 +0800] "GET /xingrg/kc/buy/cgsh_order_operate.html?command=get_materiel&rest_code=00149&code=00101008353&supplier_code=00100005&order_time=2021-01-31 HTTP/1.1" 200 408
116.238.117.152 - - [31/Jan/2021:09:04:23 +0800] "GET /xingrg/all/function/internal_message.html?_=1612055059341&CODE_STATE=getMsg HTTP/1.1" 200 27
180.175.150.119 - - [31/Jan/2021:09:04:23 +0800] "GET /xingrg/all/function/internal_message.html?_=1612055303337&CODE_STATE=getMsg HTTP/1.1" 200 27
222.69.134.6 - - [31/Jan/2021:09:04:25 +0800] "POST /xingrg/kc/buy/cgsh_order_operate.html HTTP/1.1" 200 2065
61.165.42.208 - - [31/Jan/2021:09:04:27 +0800] "POST /xingrg/kc/buy/cgsh_order_operate.html HTTP/1.1" 200 37
116.238.117.152 - - [31/Jan/2021:09:04:27 +0800] "GET /xingrg/kc/buy/cgsh_order_operate.html?command=get_materiel&rest_code=00151&code=00101012059&supplier_code=00100096&order_time=2021-01-31 HTTP/1.1" 200 413
61.165.42.208 - - [31/Jan/2021:09:04:28 +0800] "POST /xingrg/kc/buy/cgsh_order_operate.html HTTP/1.1" 200 2657
61.165.42.208 - - [31/Jan/2021:09:04:29 +0800] "GET /xingrg/kc/print/load_config.html?kc_code=cgsh HTTP/1.1" 200 1845
61.165.42.208 - - [31/Jan/2021:09:04:30 +0800] "GET /xingrg/kc/print/load_data.html?order_code=212021013114483&kc_code=cgsh&condition= HTTP/1.1" 200 717
222.69.134.6 - - [31/Jan/2021:09:04:30 +0800] "GET /xingrg/kc/buy/cgsh_order_operate.html?command=get_materiel&rest_code=00149&code=00101008213&supplier_code=00100005&order_time=2021-01-31 HTTP/1.1" 200 412
116.238.117.152 - - [31/Jan/2021:09:04:32 +0800] "GET /xingrg/kc/buy/cgsh_order_operate.html?command=get_materiel&rest_code=00151&code=00101001075&supplier_code=00100096&order_time=2021-01-31 HTTP/1.1" 200 409
