116.238.117.152 - - [31/Jan/2021:09:04:38 +0800] "GET /xingrg/kc/buy/cgsh_order_operate.html?command=get_materiel&rest_code=00151&code=00101001002&supplier_code=00100096&order_time=2021-01-31 HTTP/1.1" 200 415
61.165.42.208 - - [31/Jan/2021:09:04:40 +0800] "GET /xingrg/kc/buy/cgsh_order_add.html HTTP/1.1" 200 62067
61.165.42.208 - - [31/Jan/2021:09:04:40 +0800] "GET /xingrg/javascript/easyui/themes/default/validatebox.css HTTP/1.1" 404 1104
61.165.42.208 - - [31/Jan/2021:09:04:40 +0800] "POST /xingrg/kc/buy/cgsh_order_operate.html HTTP/1.1" 200 8245
222.69.134.6 - - [31/Jan/2021:09:04:40 +0800] "GET /xingrg/kc/buy/cgsh_order_operate.html?command=get_materiel&rest_code=00149&code=00101008095&supplier_code=00100005&order_time=2021-01-31 HTTP/1.1" 200 412
120.253.135.82 - - [31/Jan/2021:09:04:50 +0800] "GET /xingrg/check_reg.html?_=1612054848804 HTTP/1.1" 200 22
222.69.134.6 - - [31/Jan/2021:09:04:51 +0800] "GET /xingrg/kc/buy/cgsh_order_operate.html?command=get_materiel&rest_code=00149&code=00101008275&supplier_code=00100005&order_time=2021-01-31 HTTP/1.1" 200 417
58.37.230.33 - - [31/Jan/2021:09:04:51 +0800] "GET /xingrg/all/function/internal_message.html?_=1612055109105&CODE_STATE=getMsg HTTP/1.1" 302 -
120.253.135.82 - - [31/Jan/2021:09:04:51 +0800] "GET /xingrg/all/function/internal_message.html?_=1612054850283&CODE_STATE=getMsg HTTP/1.1" 200 27
218.81.223.240 - - [31/Jan/2021:09:04:55 +0800] "GET /xingrg/all/function/internal_message.html?_=1612055093032&CODE_STATE=getMsg HTTP/1.1" 200 27
116.238.117.152 - - [31/Jan/2021:09:04:56 +0800] "GET /xingrg/kc/buy/cgsh_order_operate.html?command=get_materiel&rest_code=00151&code=00101016080&supplier_code=00100096&order_time=2021-01-31 HTTP/1.1" 200 408
114.88.166.193 - - [31/Jan/2021:09:05:07 +0800] "GET /xingrg/all/function/internal_message.html?_=1612055102618&CODE_STATE=getMsg HTTP/1.1" 200 27
218.81.223.241 - - [31/Jan/2021:09:05:08 +0800] "GET /xingrg/all/function/internal_message.html?_=1612055105832&CODE_STATE=getMsg HTTP/1.1" 302 -
222.69.134.6 - - [31/Jan/2021:09:05:09 +0800] "GET /xingrg/kc/buy/cgsh_order_operate.html?command=get_materiel&rest_code=00149&code=00101008125&supplier_code=00100005&order_time=2021-01-31 HTTP/1.1" 200 413
61.165.42.208 - - [31/Jan/2021:09:05:11 +0800] "GET /xingrg/all/function/internal_message.html?_=1612055107685&CODE_STATE=getMsg HTTP/1.1" 200 27
222.69.134.6 - - [31/Jan/2021:09:05:13 +0800] "GET /xingrg/all/function/internal_message.html?_=1612055108983&CODE_STATE=getMsg HTTP/1.1" 200 27
61.165.42.208 - - [31/Jan/2021:09:05:14 +0800] "GET /xingrg/kc/buy/cgsh_order_operate.html?command=get_materiel&rest_code=00105&code=00101007061&supplier_code=00100002&order_time=2021-01-31 HTTP/1.1" 200 409
116.228.172.94 - - [31/Jan/2021:09:05:17 +0800] "GET /xingrg/all/function/internal_message.html?_=1612055113641&CODE_STATE=getMsg HTTP/1.1" 200 27
116.238.117.152 - - [31/Jan/2021:09:05:23 +0800] "GET /xingrg/all/function/internal_message.html?_=1612055119341&CODE_STATE=getMsg HTTP/1.1" 200 27
180.175.150.119 - - [31/Jan/2021:09:05:23 +0800] "GET /xingrg/all/function/internal_message.html?_=1612055363354&CODE_STATE=getMsg HTTP/1.1" 200 27
222.69.134.6 - - [31/Jan/2021:09:05:23 +0800] "GET /xingrg/kc/buy/cgsh_order_operate.html?command=get_materiel&rest_code=00149&code=00101008234&supplier_code=00100005&order_time=2021-01-31 HTTP/1.1" 200 408
61.165.42.208 - - [31/Jan/2021:09:05:30 +0800] "GET /xingrg/kc/buy/cgsh_order_operate.html?command=get_materiel&rest_code=00105&code=00101007125&supplier_code=00100002&order_time=2021-01-31 HTTP/1.1" 200 406
222.69.134.6 - - [31/Jan/2021:09:05:31 +0800] "POST /xingrg/kc/buy/cgsh_order_operate.html HTTP/1.1" 200 2065
61.165.42.208 - - [31/Jan/2021:09:05:37 +0800] "GET /xingrg/kc/buy/cgsh_order_operate.html?command=get_materiel&rest_code=00105&code=00101007076&supplier_code=00100002&order_time=2021-01-31 HTTP/1.1" 200 408
222.69.134.6 - - [31/Jan/2021:09:05:39 +0800] "GET /xingrg/kc/buy/cgsh_order_operate.html?command=get_materiel&rest_code=00149&code=00101008010&supplier_code=00100005&order_time=2021-01-31 HTTP/1.1" 200 412
61.165.42.208 - - [31/Jan/2021:09:05:50 +0800] "POST /xingrg/kc/buy/cgsh_order_operate.html HTTP/1.1" 200 37
58.37.230.33 - - [31/Jan/2021:09:05:51 +0800] "GET /xingrg/all/function/internal_message.html?_=1612055169086&CODE_STATE=getMsg HTTP/1.1" 302 -
120.253.135.82 - - [31/Jan/2021:09:05:51 +0800] "GET /xingrg/all/function/internal_message.html?_=1612054910297&CODE_STATE=getMsg HTTP/1.1" 200 27
61.165.42.208 - - [31/Jan/2021:09:05:52 +0800] "POST /xingrg/kc/buy/cgsh_order_operate.html HTTP/1.1" 200 3829
61.165.42.208 - - [31/Jan/2021:09:05:53 +0800] "GET /xingrg/kc/print/load_data.html?order_code=212021013114484&kc_code=cgsh&condition= HTTP/1.1" 200 1184
222.69.134.6 - - [31/Jan/2021:09:05:55 +0800] "GET /xingrg/kc/buy/cgsh_order_operate.html?command=get_materiel&rest_code=00149&code=00101010237&supplier_code=00100005&order_time=2021-01-31 HTTP/1.1" 200 412
218.81.223.240 - - [31/Jan/2021:09:05:55 +0800] "GET /xingrg/all/function/internal_message.html?_=1612055153059&CODE_STATE=getMsg HTTP/1.1" 200 27
218.81.223.241 - - [31/Jan/2021:09:05:58 +0800] "GET /xingrg/check_reg.html?_=1612055155700 HTTP/1.1" 302 -
61.165.42.208 - - [31/Jan/2021:09:06:00 +0800] "GET /xingrg/kc/buy/cgsh_order_add.html HTTP/1.1" 200 62067
61.165.42.208 - - [31/Jan/2021:09:06:01 +0800] "GET /xingrg/javascript/easyui/themes/default/validatebox.css HTTP/1.1" 404 1104
61.165.42.208 - - [31/Jan/2021:09:06:01 +0800] "POST /xingrg/kc/buy/cgsh_order_operate.html HTTP/1.1" 200 8245
218.81.223.240 - - [31/Jan/2021:09:06:03 +0800] "GET /xingrg/check_reg.html?_=1612055160642 HTTP/1.1" 200 22
116.238.117.152 - - [31/Jan/2021:09:06:06 +0800] "POST /xingrg/kc/buy/cgsh_order_operate.html HTTP/1.1" 200 37
222.69.134.6 - - [31/Jan/2021:09:06:07 +0800] "GET /xingrg/kc/buy/cgsh_order_operate.html?command=get_materiel&rest_code=00149&code=00101019224&supplier_code=00100005&order_time=2021-01-31 HTTP/1.1" 200 408
114.88.166.193 - - [31/Jan/2021:09:06:07 +0800] "GET /xingrg/all/function/internal_message.html?_=1612055162808&CODE_STATE=getMsg HTTP/1.1" 200 27
218.81.223.241 - - [31/Jan/2021:09:06:08 +0800] "GET /xingrg/all/function/internal_message.html?_=1612055165852&CODE_STATE=getMsg HTTP/1.1" 302 -
116.238.117.152 - - [31/Jan/2021:09:06:10 +0800] "POST /xingrg/kc/buy/cgsh_order_operate.html HTTP/1.1" 200 12
58.37.230.33 - - [31/Jan/2021:09:06:10 +0800] "GET /xingrg/check_reg.html?_=1612055187947 HTTP/1.1" 302 -
61.165.42.208 - - [31/Jan/2021:09:06:11 +0800] "GET /xingrg/all/function/internal_message.html?_=1612055167697&CODE_STATE=getMsg HTTP/1.1" 200 27
116.238.117.152 - - [31/Jan/2021:09:06:11 +0800] "GET /xingrg/kc/buy/cgsh_order_info.html?code=212021013114485 HTTP/1.1" 200 56554
116.238.117.152 - - [31/Jan/2021:09:06:12 +0800] "GET /xingrg/javascript/easyui/themes/default/validatebox.css HTTP/1.1" 404 1104
116.238.117.152 - - [31/Jan/2021:09:06:12 +0800] "POST /xingrg/kc/buy/cgsh_order_operate.html HTTP/1.1" 200 7207
222.69.134.6 - - [31/Jan/2021:09:06:13 +0800] "GET /xingrg/all/function/internal_message.html?_=1612055168978&CODE_STATE=getMsg HTTP/1.1" 200 27
116.238.117.152 - - [31/Jan/2021:09:06:14 +0800] "GET /xingrg/kc/print/load_data.html?order_code=212021013114485&kc_code=cgsh&condition= HTTP/1.1" 200 3240
222.69.134.6 - - [31/Jan/2021:09:06:17 +0800] "GET /xingrg/kc/buy/cgsh_order_operate.html?command=get_materiel&rest_code=00149&code=00101008312&supplier_code=00100005&order_time=2021-01-31 HTTP/1.1" 200 412
116.228.172.94 - - [31/Jan/2021:09:06:17 +0800] "GET /xingrg/all/function/internal_message.html?_=1612055173640&CODE_STATE=getMsg HTTP/1.1" 200 27
116.238.117.152 - - [31/Jan/2021:09:06:20 +0800] "GET /xingrg/kc/buy/cgsh_order_add.html HTTP/1.1" 200 61662
116.238.117.152 - - [31/Jan/2021:09:06:21 +0800] "POST /xingrg/kc/buy/cgsh_order_operate.html HTTP/1.1" 200 8245
116.238.117.152 - - [31/Jan/2021:09:06:21 +0800] "GET /xingrg/javascript/easyui/themes/default/validatebox.css HTTP/1.1" 404 1104
116.238.117.152 - - [31/Jan/2021:09:06:23 +0800] "GET /xingrg/check_reg.html?_=1612055179350 HTTP/1.1" 200 22
116.238.117.152 - - [31/Jan/2021:09:06:23 +0800] "GET /xingrg/all/function/internal_message.html?_=1612055179351&CODE_STATE=getMsg HTTP/1.1" 200 27
180.175.150.119 - - [31/Jan/2021:09:06:23 +0800] "GET /xingrg/all/function/internal_message.html?_=1612055423378&CODE_STATE=getMsg HTTP/1.1" 200 27
222.69.134.6 - - [31/Jan/2021:09:06:29 +0800] "GET /xingrg/kc/buy/cgsh_order_operate.html?command=get_materiel&rest_code=00149&code=00101008042&supplier_code=00100005&order_time=2021-01-31 HTTP/1.1" 200 416
116.238.117.152 - - [31/Jan/2021:09:06:29 +0800] "GET /xingrg/kc/buy/cgsh_order_operate.html?command=get_materiel&rest_code=00151&code=00101009001&supplier_code=00100424&order_time=2021-01-31 HTTP/1.1" 200 416
222.69.134.6 - - [31/Jan/2021:09:06:34 +0800] "POST /xingrg/kc/buy/cgsh_order_operate.html HTTP/1.1" 200 2065
116.238.117.152 - - [31/Jan/2021:09:06:41 +0800] "GET /xingrg/kc/buy/cgsh_order_operate.html?command=get_materiel&rest_code=00151&code=00101009039&supplier_code=00100424&order_time=2021-01-31 HTTP/1.1" 200 408
222.69.134.6 - - [31/Jan/2021:09:06:42 +0800] "GET /xingrg/kc/buy/cgsh_order_operate.html?command=get_materiel&rest_code=00149&code=00101008330&supplier_code=00100005&order_time=2021-01-31 HTTP/1.1" 200 408
116.238.117.152 - - [31/Jan/2021:09:06:50 +0800] "GET /xingrg/kc/buy/cgsh_order_operate.html?command=get_materiel&rest_code=00151&code=00101009088&supplier_code=00100424&order_time=2021-01-31 HTTP/1.1" 200 391
58.37.230.33 - - [31/Jan/2021:09:06:51 +0800] "GET /xingrg/all/function/internal_message.html?_=1612055229058&CODE_STATE=getMsg HTTP/1.1" 302 -
120.253.135.82 - - [31/Jan/2021:09:06:51 +0800] "GET /xingrg/all/function/internal_message.html?_=1612054970310&CODE_STATE=getMsg HTTP/1.1" 200 27
222.69.134.6 - - [31/Jan/2021:09:06:53 +0800] "GET /xingrg/kc/buy/cgsh_order_operate.html?command=get_materiel&rest_code=00149&code=00101008305&supplier_code=00100005&order_time=2021-01-31 HTTP/1.1" 200 412
218.81.223.240 - - [31/Jan/2021:09:06:55 +0800] "GET /xingrg/all/function/internal_message.html?_=1612055213074&CODE_STATE=getMsg HTTP/1.1" 200 27
116.238.117.152 - - [31/Jan/2021:09:06:59 +0800] "GET /xingrg/kc/buy/cgsh_order_operate.html?command=get_materiel&rest_code=00151&code=00101009116&supplier_code=00100424&order_time=2021-01-31 HTTP/1.1" 200 398
222.69.134.6 - - [31/Jan/2021:09:07:02 +0800] "GET /xingrg/kc/buy/cgsh_order_operate.html?command=get_materiel&rest_code=00149&code=00101008298&supplier_code=00100005&order_time=2021-01-31 HTTP/1.1" 200 413
114.88.166.193 - - [31/Jan/2021:09:07:07 +0800] "GET /xingrg/all/function/internal_message.html?_=1612055222818&CODE_STATE=getMsg HTTP/1.1" 200 27
218.81.223.241 - - [31/Jan/2021:09:07:08 +0800] "GET /xingrg/all/function/internal_message.html?_=1612055225859&CODE_STATE=getMsg HTTP/1.1" 302 -
116.238.117.152 - - [31/Jan/2021:09:07:11 +0800] "GET /xingrg/kc/buy/cgsh_order_operate.html?command=get_materiel&rest_code=00151&code=00101009031&supplier_code=00100424&order_time=2021-01-31 HTTP/1.1" 200 409
61.165.42.208 - - [31/Jan/2021:09:07:11 +0800] "GET /xingrg/all/function/internal_message.html?_=1612055227702&CODE_STATE=getMsg HTTP/1.1" 200 27
222.69.134.6 - - [31/Jan/2021:09:07:13 +0800] "GET /xingrg/all/function/internal_message.html?_=1612055229020&CODE_STATE=getMsg HTTP/1.1" 200 27
222.69.134.6 - - [31/Jan/2021:09:07:14 +0800] "GET /xingrg/kc/buy/cgsh_order_operate.html?command=get_materiel&rest_code=00149&code=00101008236&supplier_code=00100005&order_time=2021-01-31 HTTP/1.1" 200 417
116.228.172.94 - - [31/Jan/2021:09:07:17 +0800] "GET /xingrg/all/function/internal_message.html?_=1612055233640&CODE_STATE=getMsg HTTP/1.1" 200 27
116.238.117.152 - - [31/Jan/2021:09:07:17 +0800] "POST /xingrg/kc/buy/cgsh_order_operate.html HTTP/1.1" 200 37
116.238.117.152 - - [31/Jan/2021:09:07:19 +0800] "POST /xingrg/kc/buy/cgsh_order_operate.html HTTP/1.1" 200 5052
116.238.117.152 - - [31/Jan/2021:09:07:19 +0800] "GET /xingrg/kc/buy/cgsh_order_add.html HTTP/1.1" 200 61662
116.238.117.152 - - [31/Jan/2021:09:07:20 +0800] "POST /xingrg/kc/buy/cgsh_order_operate.html HTTP/1.1" 200 8245
116.238.117.152 - - [31/Jan/2021:09:07:20 +0800] "GET /xingrg/javascript/easyui/themes/default/validatebox.css HTTP/1.1" 404 1104
116.238.117.152 - - [31/Jan/2021:09:07:23 +0800] "GET /xingrg/all/function/internal_message.html?_=1612055239347&CODE_STATE=getMsg HTTP/1.1" 200 27
61.165.42.208 - - [31/Jan/2021:09:07:23 +0800] "GET /xingrg/kc/buy/cgsh_order_list.html HTTP/1.1" 200 46282
180.175.150.119 - - [31/Jan/2021:09:07:23 +0800] "GET /xingrg/check_reg.html?_=1612055483318 HTTP/1.1" 200 22
180.175.150.119 - - [31/Jan/2021:09:07:23 +0800] "GET /xingrg/all/function/internal_message.html?_=1612055483380&CODE_STATE=getMsg HTTP/1.1" 200 27
61.165.42.208 - - [31/Jan/2021:09:07:25 +0800] "POST /xingrg/kc/buy/cgsh_list_operate.html HTTP/1.1" 200 2399
116.238.117.152 - - [31/Jan/2021:09:07:28 +0800] "GET /xingrg/kc/buy/cgsh_order_operate.html?command=get_materiel&rest_code=00151&code=00101012060&supplier_code=00100007&order_time=2021-01-31 HTTP/1.1" 200 408
61.165.42.208 - - [31/Jan/2021:09:07:29 +0800] "POST /xingrg/kc/buy/cgsh_list_operate.html HTTP/1.1" 200 342
61.165.42.208 - - [31/Jan/2021:09:07:30 +0800] "GET /xingrg/kc/buy/cgsh_order_info.html?code=212021013114484 HTTP/1.1" 200 62076
222.69.134.6 - - [31/Jan/2021:09:07:30 +0800] "GET /xingrg/kc/buy/cgsh_order_operate.html?command=get_materiel&rest_code=00149&code=00101020152&supplier_code=00100005&order_time=2021-01-31 HTTP/1.1" 200 416
61.165.42.208 - - [31/Jan/2021:09:07:30 +0800] "GET /xingrg/javascript/easyui/themes/default/validatebox.css HTTP/1.1" 404 1104
61.165.42.208 - - [31/Jan/2021:09:07:31 +0800] "POST /xingrg/kc/buy/cgsh_order_operate.html HTTP/1.1" 200 3829
116.238.117.152 - - [31/Jan/2021:09:07:36 +0800] "GET /xingrg/kc/buy/cgsh_order_operate.html?command=get_materiel&rest_code=00151&code=00101016038&supplier_code=00100007&order_time=2021-01-31 HTTP/1.1" 200 408
120.253.135.82 - - [31/Jan/2021:09:07:39 +0800] "GET /xingrg/check_reg.html?_=1612055364836 HTTP/1.1" 302 -
61.165.42.208 - - [31/Jan/2021:09:07:43 +0800] "POST /xingrg/kc/buy/cgsh_order_operate.html HTTP/1.1" 200 37
61.165.42.208 - - [31/Jan/2021:09:07:44 +0800] "POST /xingrg/kc/buy/cgsh_order_operate.html HTTP/1.1" 200 3829
116.238.117.152 - - [31/Jan/2021:09:07:44 +0800] "GET /xingrg/kc/buy/cgsh_order_operate.html?command=get_materiel&rest_code=00151&code=00101008323&supplier_code=00100007&order_time=2021-01-31 HTTP/1.1" 200 408
116.238.117.152 - - [31/Jan/2021:09:07:51 +0800] "GET /xingrg/kc/buy/cgsh_order_operate.html?command=get_materiel&rest_code=00151&code=00101008067&supplier_code=00100007&order_time=2021-01-31 HTTP/1.1" 200 416
58.37.230.33 - - [31/Jan/2021:09:07:51 +0800] "GET /xingrg/all/function/internal_message.html?_=1612055289029&CODE_STATE=getMsg HTTP/1.1" 302 -
61.165.42.208 - - [31/Jan/2021:09:07:51 +0800] "GET /xingrg/index.html?sysBaseUrl=http%3A%2F%2F180.169.147.146%3A18081%2Fxingrg%2F&costTime=36×tamp=1585222720700 HTTP/1.1" 200 17173
120.253.135.82 - - [31/Jan/2021:09:07:51 +0800] "GET /xingrg/all/function/internal_message.html?_=1612055030559&CODE_STATE=getMsg HTTP/1.1" 200 27
61.165.42.208 - - [31/Jan/2021:09:07:52 +0800] "POST /xingrg/all/common/load_tree.html?tree=area_rest_tree_json&manage=1 HTTP/1.1" 200 3344
61.165.42.208 - - [31/Jan/2021:09:07:52 +0800] "GET /xingrg/all/function/internal_message.html?_=1612055268625&CODE_STATE=count HTTP/1.1" 200 11
61.165.42.208 - - [31/Jan/2021:09:07:52 +0800] "GET /xingrg/check_reg.html?_=1612055268626 HTTP/1.1" 200 22
61.165.42.208 - - [31/Jan/2021:09:07:52 +0800] "POST /xingrg/load_menu.html HTTP/1.1" 200 5138
61.165.42.208 - - [31/Jan/2021:09:07:52 +0800] "GET /favicon.ico HTTP/1.1" 404 -
218.81.223.240 - - [31/Jan/2021:09:07:55 +0800] "GET /xingrg/all/function/internal_message.html?_=1612055273088&CODE_STATE=getMsg HTTP/1.1" 200 27
116.238.117.152 - - [31/Jan/2021:09:07:58 +0800] "GET /xingrg/kc/buy/cgsh_order_operate.html?command=get_materiel&rest_code=00151&code=00101008318&supplier_code=00100007&order_time=2021-01-31 HTTP/1.1" 200 408
116.238.117.152 - - [31/Jan/2021:09:08:05 +0800] "GET /xingrg/kc/buy/cgsh_order_operate.html?command=get_materiel&rest_code=00151&code=00101016051&supplier_code=00100007&order_time=2021-01-31 HTTP/1.1" 200 408
114.88.166.193 - - [31/Jan/2021:09:08:07 +0800] "GET /xingrg/check_reg.html?_=1612055282300 HTTP/1.1" 200 22
114.88.166.193 - - [31/Jan/2021:09:08:07 +0800] "GET /xingrg/all/function/internal_message.html?_=1612055282831&CODE_STATE=getMsg HTTP/1.1" 200 27
218.81.223.241 - - [31/Jan/2021:09:08:08 +0800] "GET /xingrg/all/function/internal_message.html?_=1612055285880&CODE_STATE=getMsg HTTP/1.1" 302 -
116.238.117.152 - - [31/Jan/2021:09:08:11 +0800] "GET /xingrg/kc/buy/cgsh_order_operate.html?command=get_materiel&rest_code=00151&code=00101008095&supplier_code=00100007&order_time=2021-01-31 HTTP/1.1" 200 412
222.69.134.6 - - [31/Jan/2021:09:08:13 +0800] "GET /xingrg/all/function/internal_message.html?_=1612055288977&CODE_STATE=getMsg HTTP/1.1" 200 27
222.69.134.6 - - [31/Jan/2021:09:08:13 +0800] "GET /xingrg/check_reg.html?_=1612055288978 HTTP/1.1" 200 22
116.238.117.152 - - [31/Jan/2021:09:08:17 +0800] "GET /xingrg/kc/buy/cgsh_order_operate.html?command=get_materiel&rest_code=00151&code=00101008221&supplier_code=00100007&order_time=2021-01-31 HTTP/1.1" 200 412
116.228.172.94 - - [31/Jan/2021:09:08:17 +0800] "GET /xingrg/all/function/internal_message.html?_=1612055293637&CODE_STATE=getMsg HTTP/1.1" 200 27
116.238.117.152 - - [31/Jan/2021:09:08:22 +0800] "GET /xingrg/kc/buy/cgsh_order_operate.html?command=get_materiel&rest_code=00151&code=00101008350&supplier_code=00100007&order_time=2021-01-31 HTTP/1.1" 200 408
61.165.42.208 - - [31/Jan/2021:09:08:23 +0800] "GET /xingrg/kc/buy/cgsh_order_list.html HTTP/1.1" 200 46282
116.238.117.152 - - [31/Jan/2021:09:08:23 +0800] "GET /xingrg/all/function/internal_message.html?_=1612055299358&CODE_STATE=getMsg HTTP/1.1" 200 27
180.175.150.119 - - [31/Jan/2021:09:08:23 +0800] "GET /xingrg/all/function/internal_message.html?_=1612055543391&CODE_STATE=getMsg HTTP/1.1" 200 27
61.165.42.208 - - [31/Jan/2021:09:08:25 +0800] "POST /xingrg/kc/buy/cgsh_list_operate.html HTTP/1.1" 200 2399
116.238.117.152 - - [31/Jan/2021:09:08:28 +0800] "GET /xingrg/kc/buy/cgsh_order_operate.html?command=get_materiel&rest_code=00151&code=00101008264&supplier_code=00100007&order_time=2021-01-31 HTTP/1.1" 200 412
116.238.117.152 - - [31/Jan/2021:09:08:34 +0800] "GET /xingrg/kc/buy/cgsh_order_operate.html?command=get_materiel&rest_code=00151&code=00101008302&supplier_code=00100007&order_time=2021-01-31 HTTP/1.1" 200 412
116.238.117.152 - - [31/Jan/2021:09:08:39 +0800] "GET /xingrg/kc/buy/cgsh_order_operate.html?command=get_materiel&rest_code=00151&code=00101008271&supplier_code=00100007&order_time=2021-01-31 HTTP/1.1" 200 408
116.238.117.152 - - [31/Jan/2021:09:08:46 +0800] "GET /xingrg/kc/buy/cgsh_order_operate.html?command=get_materiel&rest_code=00151&code=00101008010&supplier_code=00100007&order_time=2021-01-31 HTTP/1.1" 200 412
58.37.230.33 - - [31/Jan/2021:09:08:51 +0800] "GET /xingrg/all/function/internal_message.html?_=1612055348998&CODE_STATE=getMsg HTTP/1.1" 302 -
120.253.135.82 - - [31/Jan/2021:09:08:51 +0800] "GET /xingrg/all/function/internal_message.html?_=1612055090571&CODE_STATE=getMsg HTTP/1.1" 200 27
116.238.117.152 - - [31/Jan/2021:09:08:52 +0800] "GET /xingrg/kc/buy/cgsh_order_operate.html?command=get_materiel&rest_code=00151&code=00101008186&supplier_code=00100007&order_time=2021-01-31 HTTP/1.1" 200 408
61.165.42.208 - - [31/Jan/2021:09:08:52 +0800] "GET /xingrg/all/function/internal_message.html?_=1612055328631&CODE_STATE=getMsg HTTP/1.1" 200 27
222.69.134.6 - - [31/Jan/2021:09:08:54 +0800] "POST /xingrg/services/DataTransmitService HTTP/1.1" 200 501
218.81.223.240 - - [31/Jan/2021:09:08:55 +0800] "GET /xingrg/all/function/internal_message.html?_=1612055333112&CODE_STATE=getMsg HTTP/1.1" 200 27
116.238.117.152 - - [31/Jan/2021:09:08:57 +0800] "GET /xingrg/kc/buy/cgsh_order_operate.html?command=get_materiel&rest_code=00151&code=00101008306&supplier_code=00100007&order_time=2021-01-31 HTTP/1.1" 200 412
222.69.134.6 - - [31/Jan/2021:09:08:58 +0800] "POST /xingrg/services/DataTransmitService HTTP/1.1" 200 501
116.238.117.152 - - [31/Jan/2021:09:09:03 +0800] "GET /xingrg/kc/buy/cgsh_order_operate.html?command=get_materiel&rest_code=00151&code=00101008357&supplier_code=00100007&order_time=2021-01-31 HTTP/1.1" 200 408
114.88.166.193 - - [31/Jan/2021:09:09:07 +0800] "GET /xingrg/all/function/internal_message.html?_=1612055342847&CODE_STATE=getMsg HTTP/1.1" 200 27
218.81.223.241 - - [31/Jan/2021:09:09:08 +0800] "GET /xingrg/all/function/internal_message.html?_=1612055345886&CODE_STATE=getMsg HTTP/1.1" 302 -
116.238.117.152 - - [31/Jan/2021:09:09:08 +0800] "GET /xingrg/kc/buy/cgsh_order_operate.html?command=get_materiel&rest_code=00151&code=00101008356&supplier_code=00100007&order_time=2021-01-31 HTTP/1.1" 200 409
222.69.134.6 - - [31/Jan/2021:09:09:13 +0800] "GET /xingrg/all/function/internal_message.html?_=1612055348986&CODE_STATE=getMsg HTTP/1.1" 200 27
116.238.117.152 - - [31/Jan/2021:09:09:14 +0800] "GET /xingrg/kc/buy/cgsh_order_operate.html?command=get_materiel&rest_code=00151&code=00101008286&supplier_code=00100007&order_time=2021-01-31 HTTP/1.1" 200 408
116.228.172.94 - - [31/Jan/2021:09:09:17 +0800] "GET /xingrg/all/function/internal_message.html?_=1612055353639&CODE_STATE=getMsg HTTP/1.1" 200 27
116.228.172.94 - - [31/Jan/2021:09:09:17 +0800] "GET /xingrg/check_reg.html?_=1612055353644 HTTP/1.1" 200 22
116.238.117.152 - - [31/Jan/2021:09:09:23 +0800] "GET /xingrg/all/function/internal_message.html?_=1612055359349&CODE_STATE=getMsg HTTP/1.1" 200 27
116.238.117.152 - - [31/Jan/2021:09:09:23 +0800] "GET /xingrg/kc/buy/cgsh_order_operate.html?command=get_materiel&rest_code=00151&code=00101008036&supplier_code=00100007&order_time=2021-01-31 HTTP/1.1" 200 408
180.175.150.119 - - [31/Jan/2021:09:09:23 +0800] "GET /xingrg/all/function/internal_message.html?_=1612055603405&CODE_STATE=getMsg HTTP/1.1" 200 27
116.238.117.152 - - [31/Jan/2021:09:09:29 +0800] "GET /xingrg/kc/buy/cgsh_order_operate.html?command=get_materiel&rest_code=00151&code=00101008088&supplier_code=00100007&order_time=2021-01-31 HTTP/1.1" 200 409
116.238.117.152 - - [31/Jan/2021:09:09:31 +0800] "POST /xingrg/kc/buy/cgsh_order_operate.html HTTP/1.1" 200 2065
116.238.117.152 - - [31/Jan/2021:09:09:35 +0800] "GET /xingrg/kc/buy/cgsh_order_operate.html?command=get_materiel&rest_code=00151&code=00101016025&supplier_code=00100007&order_time=2021-01-31 HTTP/1.1" 200 408
116.238.117.152 - - [31/Jan/2021:09:09:43 +0800] "GET /xingrg/kc/buy/cgsh_order_operate.html?command=get_materiel&rest_code=00151&code=00101008353&supplier_code=00100007&order_time=2021-01-31 HTTP/1.1" 200 408
116.238.117.152 - - [31/Jan/2021:09:09:48 +0800] "GET /xingrg/kc/buy/cgsh_order_operate.html?command=get_materiel&rest_code=00151&code=00101008017&supplier_code=00100007&order_time=2021-01-31 HTTP/1.1" 200 416
58.37.230.33 - - [31/Jan/2021:09:09:51 +0800] "GET /xingrg/all/function/internal_message.html?_=1612055408977&CODE_STATE=getMsg HTTP/1.1" 302 -
120.253.135.82 - - [31/Jan/2021:09:09:52 +0800] "GET /xingrg/check_reg.html?_=1612055149048 HTTP/1.1" 200 22
61.165.42.208 - - [31/Jan/2021:09:09:52 +0800] "GET /xingrg/all/function/internal_message.html?_=1612055388640&CODE_STATE=getMsg HTTP/1.1" 200 27
120.253.135.82 - - [31/Jan/2021:09:09:52 +0800] "GET /xingrg/all/function/internal_message.html?_=1612055151480&CODE_STATE=getMsg HTTP/1.1" 200 27
116.238.117.152 - - [31/Jan/2021:09:09:53 +0800] "GET /xingrg/kc/buy/cgsh_order_operate.html?command=get_materiel&rest_code=00151&code=00101008362&supplier_code=00100007&order_time=2021-01-31 HTTP/1.1" 200 409
218.81.223.240 - - [31/Jan/2021:09:09:55 +0800] "GET /xingrg/all/function/internal_message.html?_=1612055393115&CODE_STATE=getMsg HTTP/1.1" 200 27
116.238.117.152 - - [31/Jan/2021:09:10:00 +0800] "GET /xingrg/kc/buy/cgsh_order_operate.html?command=get_materiel&rest_code=00151&code=00101008137&supplier_code=00100007&order_time=2021-01-31 HTTP/1.1" 200 408
114.88.166.193 - - [31/Jan/2021:09:10:07 +0800] "GET /xingrg/all/function/internal_message.html?_=1612055402858&CODE_STATE=getMsg HTTP/1.1" 200 27
218.81.223.241 - - [31/Jan/2021:09:10:08 +0800] "GET /xingrg/all/function/internal_message.html?_=1612055405907&CODE_STATE=getMsg HTTP/1.1" 302 -
116.238.117.152 - - [31/Jan/2021:09:10:08 +0800] "GET /xingrg/kc/buy/cgsh_order_operate.html?command=get_materiel&rest_code=00151&code=00101008251&supplier_code=00100007&order_time=2021-01-31 HTTP/1.1" 200 408
222.69.134.6 - - [31/Jan/2021:09:10:13 +0800] "GET /xingrg/all/function/internal_message.html?_=1612055408982&CODE_STATE=getMsg HTTP/1.1" 200 27
116.238.117.152 - - [31/Jan/2021:09:10:14 +0800] "POST /xingrg/kc/buy/cgsh_order_operate.html HTTP/1.1" 200 37
116.238.117.152 - - [31/Jan/2021:09:10:15 +0800] "POST /xingrg/kc/buy/cgsh_order_operate.html HTTP/1.1" 200 17032
116.228.172.94 - - [31/Jan/2021:09:10:17 +0800] "GET /xingrg/all/function/internal_message.html?_=1612055413643&CODE_STATE=getMsg HTTP/1.1" 200 27
116.238.117.152 - - [31/Jan/2021:09:10:23 +0800] "GET /xingrg/all/function/internal_message.html?_=1612055419355&CODE_STATE=getMsg HTTP/1.1" 200 27
180.175.150.119 - - [31/Jan/2021:09:10:23 +0800] "GET /xingrg/all/function/internal_message.html?_=1612055663423&CODE_STATE=getMsg HTTP/1.1" 200 27
222.69.134.6 - - [31/Jan/2021:09:10:39 +0800] "POST /xingrg/services/DataTransmitService HTTP/1.1" 200 501
58.37.230.33 - - [31/Jan/2021:09:10:51 +0800] "GET /xingrg/all/function/internal_message.html?_=1612055468958&CODE_STATE=getMsg HTTP/1.1" 302 -
61.165.42.208 - - [31/Jan/2021:09:10:52 +0800] "GET /xingrg/all/function/internal_message.html?_=1612055448640&CODE_STATE=getMsg HTTP/1.1" 200 27
120.253.135.82 - - [31/Jan/2021:09:10:52 +0800] "GET /xingrg/all/function/internal_message.html?_=1612055211488&CODE_STATE=getMsg HTTP/1.1" 200 27
218.81.223.240 - - [31/Jan/2021:09:10:55 +0800] "GET /xingrg/all/function/internal_message.html?_=1612055453136&CODE_STATE=getMsg HTTP/1.1" 200 27
218.81.223.241 - - [31/Jan/2021:09:10:58 +0800] "GET /xingrg/check_reg.html?_=1612055455702 HTTP/1.1" 302 -
218.81.223.240 - - [31/Jan/2021:09:11:03 +0800] "GET /xingrg/check_reg.html?_=1612055460671 HTTP/1.1" 200 22
114.88.166.193 - - [31/Jan/2021:09:11:07 +0800] "GET /xingrg/all/function/internal_message.html?_=1612055463055&CODE_STATE=getMsg HTTP/1.1" 200 27
218.81.223.241 - - [31/Jan/2021:09:11:08 +0800] "GET /xingrg/all/function/internal_message.html?_=1612055465914&CODE_STATE=getMsg HTTP/1.1" 302 -
58.37.230.33 - - [31/Jan/2021:09:11:10 +0800] "GET /xingrg/check_reg.html?_=1612055487972 HTTP/1.1" 302 -
222.69.134.6 - - [31/Jan/2021:09:11:13 +0800] "GET /xingrg/all/function/internal_message.html?_=1612055469030&CODE_STATE=getMsg HTTP/1.1" 200 27
116.228.172.94 - - [31/Jan/2021:09:11:17 +0800] "GET /xingrg/all/function/internal_message.html?_=1612055473649&CODE_STATE=getMsg HTTP/1.1" 200 27
116.238.117.152 - - [31/Jan/2021:09:11:23 +0800] "GET /xingrg/all/function/internal_message.html?_=1612055479355&CODE_STATE=getMsg HTTP/1.1" 200 27
116.238.117.152 - - [31/Jan/2021:09:11:23 +0800] "GET /xingrg/check_reg.html?_=1612055479357 HTTP/1.1" 200 22
180.175.150.119 - - [31/Jan/2021:09:11:23 +0800] "GET /xingrg/all/function/internal_message.html?_=1612055723432&CODE_STATE=getMsg HTTP/1.1" 200 27
58.37.230.33 - - [31/Jan/2021:09:11:51 +0800] "GET /xingrg/all/function/internal_message.html?_=1612055528965&CODE_STATE=getMsg HTTP/1.1" 302 -
61.165.42.208 - - [31/Jan/2021:09:11:52 +0800] "GET /xingrg/all/function/internal_message.html?_=1612055508629&CODE_STATE=getMsg HTTP/1.1" 200 27
120.253.135.82 - - [31/Jan/2021:09:11:52 +0800] "GET /xingrg/all/function/internal_message.html?_=1612055271501&CODE_STATE=getMsg HTTP/1.1" 200 27
218.81.223.240 - - [31/Jan/2021:09:11:55 +0800] "GET /xingrg/all/function/internal_message.html?_=1612055513142&CODE_STATE=getMsg HTTP/1.1" 200 27
61.165.42.208 - - [31/Jan/2021:09:11:58 +0800] "POST /xingrg/kc/buy/cgsh_list_operate.html HTTP/1.1" 200 342
61.165.42.208 - - [31/Jan/2021:09:11:59 +0800] "GET /xingrg/kc/buy/cgsh_order_info.html?code=212021013114484 HTTP/1.1" 200 62076
61.165.42.208 - - [31/Jan/2021:09:11:59 +0800] "GET /xingrg/all/common/auto_word.html?type=employee&rest_code=00105 HTTP/1.1" 200 193
61.165.42.208 - - [31/Jan/2021:09:11:59 +0800] "GET /xingrg/all/common/auto_word.html?type=employee&rest_code=00105 HTTP/1.1" 200 193
61.165.42.208 - - [31/Jan/2021:09:11:59 +0800] "GET /xingrg/javascript/easyui/themes/default/validatebox.css HTTP/1.1" 404 1104
61.165.42.208 - - [31/Jan/2021:09:12:00 +0800] "POST /xingrg/kc/buy/cgsh_order_operate.html HTTP/1.1" 200 3829
61.165.42.208 - - [31/Jan/2021:09:12:04 +0800] "GET /xingrg/kc/print/load_config.html?kc_code=cgsh HTTP/1.1" 200 1845
61.165.42.208 - - [31/Jan/2021:09:12:04 +0800] "GET /xingrg/kc/print/load_data.html?order_code=212021013114484&kc_code=cgsh&condition= HTTP/1.1" 200 1184
114.88.166.193 - - [31/Jan/2021:09:12:07 +0800] "GET /xingrg/all/function/internal_message.html?_=1612055523058&CODE_STATE=getMsg HTTP/1.1" 200 27
218.81.223.241 - - [31/Jan/2021:09:12:08 +0800] "GET /xingrg/all/function/internal_message.html?_=1612055525934&CODE_STATE=getMsg HTTP/1.1" 302 -
222.69.134.6 - - [31/Jan/2021:09:12:13 +0800] "GET /xingrg/all/function/internal_message.html?_=1612055529006&CODE_STATE=getMsg HTTP/1.1" 200 27
116.228.172.94 - - [31/Jan/2021:09:12:17 +0800] "GET /xingrg/all/function/internal_message.html?_=1612055533647&CODE_STATE=getMsg HTTP/1.1" 200 27
116.238.117.152 - - [31/Jan/2021:09:12:23 +0800] "GET /xingrg/all/function/internal_message.html?_=1612055539350&CODE_STATE=getMsg HTTP/1.1" 200 27
180.175.150.119 - - [31/Jan/2021:09:12:23 +0800] "GET /xingrg/check_reg.html?_=1612055783324 HTTP/1.1" 200 22
180.175.150.119 - - [31/Jan/2021:09:12:23 +0800] "GET /xingrg/all/function/internal_message.html?_=1612055783447&CODE_STATE=getMsg HTTP/1.1" 200 27
222.69.134.6 - - [31/Jan/2021:09:12:26 +0800] "POST /xingrg/services/DataTransmitService HTTP/1.1" 200 496
120.253.135.82 - - [31/Jan/2021:09:12:39 +0800] "GET /xingrg/check_reg.html?_=1612055664859 HTTP/1.1" 302 -
58.37.230.33 - - [31/Jan/2021:09:12:51 +0800] "GET /xingrg/all/function/internal_message.html?_=1612055588941&CODE_STATE=getMsg HTTP/1.1" 302 -
61.165.42.208 - - [31/Jan/2021:09:12:52 +0800] "GET /xingrg/check_reg.html?_=1612055568639 HTTP/1.1" 200 22
61.165.42.208 - - [31/Jan/2021:09:12:52 +0800] "GET /xingrg/all/function/internal_message.html?_=1612055568641&CODE_STATE=getMsg HTTP/1.1" 200 27
120.253.135.82 - - [31/Jan/2021:09:12:53 +0800] "GET /xingrg/all/function/internal_message.html?_=1612055331756&CODE_STATE=getMsg HTTP/1.1" 200 27
218.81.223.240 - - [31/Jan/2021:09:12:55 +0800] "GET /xingrg/all/function/internal_message.html?_=1612055573156&CODE_STATE=getMsg HTTP/1.1" 200 27
114.88.166.193 - - [31/Jan/2021:09:13:07 +0800] "GET /xingrg/check_reg.html?_=1612055582473 HTTP/1.1" 200 22
114.88.166.193 - - [31/Jan/2021:09:13:07 +0800] "GET /xingrg/all/function/internal_message.html?_=1612055583070&CODE_STATE=getMsg HTTP/1.1" 200 27
218.81.223.241 - - [31/Jan/2021:09:13:08 +0800] "GET /xingrg/all/function/internal_message.html?_=1612055585941&CODE_STATE=getMsg HTTP/1.1" 302 -
222.69.134.6 - - [31/Jan/2021:09:13:13 +0800] "GET /xingrg/check_reg.html?_=1612055588993 HTTP/1.1" 200 22
222.69.134.6 - - [31/Jan/2021:09:13:13 +0800] "GET /xingrg/all/function/internal_message.html?_=1612055589006&CODE_STATE=getMsg HTTP/1.1" 200 27
116.228.172.94 - - [31/Jan/2021:09:13:17 +0800] "GET /xingrg/all/function/internal_message.html?_=1612055593651&CODE_STATE=getMsg HTTP/1.1" 200 27
116.238.117.152 - - [31/Jan/2021:09:13:23 +0800] "GET /xingrg/all/function/internal_message.html?_=1612055599352&CODE_STATE=getMsg HTTP/1.1" 200 27
180.175.150.119 - - [31/Jan/2021:09:13:23 +0800] "GET /xingrg/all/function/internal_message.html?_=1612055843458&CODE_STATE=getMsg HTTP/1.1" 200 27
61.165.42.208 - - [31/Jan/2021:09:13:42 +0800] "GET /xingrg/javascript/jquery_easy_ui/themes/default/images/tabs_active.png HTTP/1.1" 200 2894
61.165.42.208 - - [31/Jan/2021:09:13:43 +0800] "GET /xingrg/javascript/jquery_easy_ui/themes/icons/rest.png HTTP/1.1" 200 695
61.165.42.208 - - [31/Jan/2021:09:13:43 +0800] "GET /xingrg/javascript/jquery_easy_ui/themes/icons/manage.png HTTP/1.1" 200 696
61.165.42.208 - - [31/Jan/2021:09:13:43 +0800] "GET /xingrg/javascript/jquery_easy_ui/themes/icons/area.png HTTP/1.1" 200 262
58.37.230.33 - - [31/Jan/2021:09:13:51 +0800] "GET /xingrg/all/function/internal_message.html?_=1612055648922&CODE_STATE=getMsg HTTP/1.1" 302 -
61.165.42.208 - - [31/Jan/2021:09:13:52 +0800] "GET /xingrg/all/function/internal_message.html?_=1612055628641&CODE_STATE=getMsg HTTP/1.1" 200 27
120.253.135.82 - - [31/Jan/2021:09:13:53 +0800] "GET /xingrg/all/function/internal_message.html?_=1612055391763&CODE_STATE=getMsg HTTP/1.1" 200 27
218.81.223.240 - - [31/Jan/2021:09:13:55 +0800] "GET /xingrg/all/function/internal_message.html?_=1612055633176&CODE_STATE=getMsg HTTP/1.1" 200 27
61.165.42.208 - - [31/Jan/2021:09:13:57 +0800] "GET /xingrg/kc/buy/cgsh_order_add.html HTTP/1.1" 200 62067
61.165.42.208 - - [31/Jan/2021:09:13:58 +0800] "POST /xingrg/kc/buy/cgsh_order_operate.html HTTP/1.1" 200 8245
61.165.42.208 - - [31/Jan/2021:09:13:58 +0800] "GET /xingrg/javascript/easyui/themes/default/validatebox.css HTTP/1.1" 404 1104
114.88.166.193 - - [31/Jan/2021:09:14:07 +0800] "GET /xingrg/all/function/internal_message.html?_=1612055643084&CODE_STATE=getMsg HTTP/1.1" 200 27
218.81.223.241 - - [31/Jan/2021:09:14:08 +0800] "GET /xingrg/all/function/internal_message.html?_=1612055645961&CODE_STATE=getMsg HTTP/1.1" 302 -
222.69.134.6 - - [31/Jan/2021:09:14:13 +0800] "GET /xingrg/all/function/internal_message.html?_=1612055648989&CODE_STATE=getMsg HTTP/1.1" 200 27
116.228.172.94 - - [31/Jan/2021:09:14:17 +0800] "GET /xingrg/check_reg.html?_=1612055653651 HTTP/1.1" 200 22
116.228.172.94 - - [31/Jan/2021:09:14:17 +0800] "GET /xingrg/all/function/internal_message.html?_=1612055653652&CODE_STATE=getMsg HTTP/1.1" 200 27
116.238.117.152 - - [31/Jan/2021:09:14:23 +0800] "GET /xingrg/all/function/internal_message.html?_=1612055659360&CODE_STATE=getMsg HTTP/1.1" 200 27
180.175.150.119 - - [31/Jan/2021:09:14:23 +0800] "GET /xingrg/all/function/internal_message.html?_=1612055903480&CODE_STATE=getMsg HTTP/1.1" 200 27
61.165.42.208 - - [31/Jan/2021:09:14:29 +0800] "GET /xingrg/javascript/auto/indicator.gif HTTP/1.1" 404 1066
58.37.230.33 - - [31/Jan/2021:09:14:51 +0800] "GET /xingrg/all/function/internal_message.html?_=1612055708896&CODE_STATE=getMsg HTTP/1.1" 302 -
120.253.135.82 - - [31/Jan/2021:09:14:51 +0800] "GET /xingrg/check_reg.html?_=1612055450480 HTTP/1.1" 200 22
61.165.42.208 - - [31/Jan/2021:09:14:52 +0800] "GET /xingrg/all/function/internal_message.html?_=1612055688638&CODE_STATE=getMsg HTTP/1.1" 200 27
120.253.135.82 - - [31/Jan/2021:09:14:53 +0800] "GET /xingrg/all/function/internal_message.html?_=1612055451775&CODE_STATE=getMsg HTTP/1.1" 200 27
218.81.223.240 - - [31/Jan/2021:09:14:55 +0800] "GET /xingrg/all/function/internal_message.html?_=1612055693183&CODE_STATE=getMsg HTTP/1.1" 200 27
114.88.166.193 - - [31/Jan/2021:09:15:07 +0800] "GET /xingrg/all/function/internal_message.html?_=1612055703098&CODE_STATE=getMsg HTTP/1.1" 200 27
218.81.223.241 - - [31/Jan/2021:09:15:08 +0800] "GET /xingrg/all/function/internal_message.html?_=1612055705968&CODE_STATE=getMsg HTTP/1.1" 302 -
222.69.134.6 - - [31/Jan/2021:09:15:10 +0800] "POST /xingrg/kc/buy/cgsh_order_operate.html HTTP/1.1" 200 37
116.228.172.94 - - [31/Jan/2021:09:15:17 +0800] "GET /xingrg/all/function/internal_message.html?_=1612055713640&CODE_STATE=getMsg HTTP/1.1" 200 27
61.165.42.208 - - [31/Jan/2021:09:15:19 +0800] "GET /xingrg/kc/buy/cgsh_order_operate.html?command=get_materiel&rest_code=00105&code=00101012003&supplier_code=00100034&order_time=2021-01-31 HTTP/1.1" 200 413
222.69.134.6 - - [31/Jan/2021:09:15:23 +0800] "POST /xingrg/kc/buy/cgsh_order_operate.html HTTP/1.1" 200 12
116.238.117.152 - - [31/Jan/2021:09:15:23 +0800] "GET /xingrg/all/function/internal_message.html?_=1612055719361&CODE_STATE=getMsg HTTP/1.1" 200 27
180.175.150.119 - - [31/Jan/2021:09:15:23 +0800] "GET /xingrg/all/function/internal_message.html?_=1612055963489&CODE_STATE=getMsg HTTP/1.1" 200 27
222.69.134.6 - - [31/Jan/2021:09:15:24 +0800] "GET /xingrg/kc/buy/cgsh_order_info.html?code=212021013114488 HTTP/1.1" 200 56975
222.69.134.6 - - [31/Jan/2021:09:15:25 +0800] "GET /xingrg/javascript/easyui/themes/default/validatebox.css HTTP/1.1" 404 1104
222.69.134.6 - - [31/Jan/2021:09:15:26 +0800] "POST /xingrg/kc/buy/cgsh_order_operate.html HTTP/1.1" 200 43793
222.69.134.6 - - [31/Jan/2021:09:15:27 +0800] "GET /xingrg/kc/print/load_data.html?order_code=212021013114488&kc_code=cgsh&condition= HTTP/1.1" 200 17086
120.253.135.82 - - [31/Jan/2021:09:15:50 +0800] "GET /xingrg/javascript/easyui/themes/sunny/images/ui-bg_gloss-wave_60_fece2f_500x100.png HTTP/1.1" 200 3512
58.37.230.33 - - [31/Jan/2021:09:15:51 +0800] "GET /xingrg/all/function/internal_message.html?_=1612055768877&CODE_STATE=getMsg HTTP/1.1" 302 -
61.165.42.208 - - [31/Jan/2021:09:15:52 +0800] "GET /xingrg/all/function/internal_message.html?_=1612055748664&CODE_STATE=getMsg HTTP/1.1" 200 27
120.253.135.82 - - [31/Jan/2021:09:15:53 +0800] "GET /xingrg/all/function/internal_message.html?_=1612055511790&CODE_STATE=getMsg HTTP/1.1" 200 27
120.253.135.82 - - [31/Jan/2021:09:15:54 +0800] "GET /xingrg/kc/pszx/mdps_order_list.html?orderType=0 HTTP/1.1" 200 21153
120.253.135.82 - - [31/Jan/2021:09:15:55 +0800] "GET /xingrg/kc/pszx/mdqp_order_list.html?state=10 HTTP/1.1" 200 12213
218.81.223.240 - - [31/Jan/2021:09:15:55 +0800] "GET /xingrg/all/function/internal_message.html?_=1612055753204&CODE_STATE=getMsg HTTP/1.1" 200 27
120.253.135.82 - - [31/Jan/2021:09:15:56 +0800] "GET /xingrg/javascript/jquery.utils.js HTTP/1.1" 200 11805
120.253.135.82 - - [31/Jan/2021:09:15:56 +0800] "GET /xingrg/dwr/interface/AjaxQqpsService.js HTTP/1.1" 200 16326
120.253.135.82 - - [31/Jan/2021:09:15:56 +0800] "GET /xingrg/dwr/interface/AjaxReportQueryService.js HTTP/1.1" 200 13203
120.253.135.82 - - [31/Jan/2021:09:15:56 +0800] "GET /xingrg/dwr/engine.js HTTP/1.1" 200 43631
218.81.223.241 - - [31/Jan/2021:09:15:58 +0800] "GET /xingrg/check_reg.html?_=1612055755712 HTTP/1.1" 302 -
120.253.135.82 - - [31/Jan/2021:09:15:59 +0800] "POST /xingrg/kc/pszx/mdps_list_operate.html HTTP/1.1" 200 5382
222.69.134.6 - - [31/Jan/2021:09:15:59 +0800] "GET /xingrg/kc/buy/cgsh_order_add.html HTTP/1.1" 200 62073
222.69.134.6 - - [31/Jan/2021:09:16:00 +0800] "POST /xingrg/kc/buy/cgsh_order_operate.html HTTP/1.1" 200 8245
222.69.134.6 - - [31/Jan/2021:09:16:00 +0800] "GET /xingrg/javascript/easyui/themes/default/validatebox.css HTTP/1.1" 404 1104
218.81.223.240 - - [31/Jan/2021:09:16:03 +0800] "GET /xingrg/check_reg.html?_=1612055760676 HTTP/1.1" 200 22
120.253.135.82 - - [31/Jan/2021:09:16:06 +0800] "GET /xingrg/javascript/jquery.utils.js HTTP/1.1" 200 11805
120.253.135.82 - - [31/Jan/2021:09:16:06 +0800] "GET /xingrg/kc/pszx/mdps_order_list.html?orderType=0 HTTP/1.1" 200 21153
120.253.135.82 - - [31/Jan/2021:09:16:07 +0800] "POST /xingrg/kc/pszx/mdps_list_operate.html HTTP/1.1" 200 5382
114.88.166.193 - - [31/Jan/2021:09:16:08 +0800] "GET /xingrg/all/function/internal_message.html?_=1612055763285&CODE_STATE=getMsg HTTP/1.1" 200 27
218.81.223.241 - - [31/Jan/2021:09:16:08 +0800] "GET /xingrg/all/function/internal_message.html?_=1612055765988&CODE_STATE=getMsg HTTP/1.1" 302 -
58.37.230.33 - - [31/Jan/2021:09:16:10 +0800] "GET /xingrg/check_reg.html?_=1612055787973 HTTP/1.1" 302 -
222.69.134.6 - - [31/Jan/2021:09:16:13 +0800] "GET /xingrg/all/function/internal_message.html?_=1612055768992&CODE_STATE=getMsg HTTP/1.1" 200 27
116.228.172.94 - - [31/Jan/2021:09:16:17 +0800] "GET /xingrg/all/function/internal_message.html?_=1612055773640&CODE_STATE=getMsg HTTP/1.1" 200 27
120.253.135.82 - - [31/Jan/2021:09:16:20 +0800] "POST /xingrg/kc/pszx/mdps_list_operate.html HTTP/1.1" 200 5038
120.253.135.82 - - [31/Jan/2021:09:16:22 +0800] "POST /xingrg/kc/pszx/mdps_list_operate.html HTTP/1.1" 200 487
116.238.117.152 - - [31/Jan/2021:09:16:23 +0800] "GET /xingrg/all/function/internal_message.html?_=1612055779361&CODE_STATE=getMsg HTTP/1.1" 200 27
116.238.117.152 - - [31/Jan/2021:09:16:23 +0800] "GET /xingrg/check_reg.html?_=1612055779362 HTTP/1.1" 200 22
180.175.150.119 - - [31/Jan/2021:09:16:23 +0800] "GET /xingrg/all/function/internal_message.html?_=1612056023503&CODE_STATE=getMsg HTTP/1.1" 200 27
120.253.135.82 - - [31/Jan/2021:09:16:23 +0800] "GET /xingrg/kc/pszx/mdps_order_info.html?code=312021013100936 HTTP/1.1" 200 23887
120.253.135.82 - - [31/Jan/2021:09:16:24 +0800] "GET /xingrg/javascript/jquery.utils.js HTTP/1.1" 200 11805
120.253.135.82 - - [31/Jan/2021:09:16:24 +0800] "GET /xingrg/javascript/easyui/themes/default/validatebox.css HTTP/1.1" 404 1104
120.253.135.82 - - [31/Jan/2021:09:16:24 +0800] "POST /xingrg/kc/pszx/mdps_order_operate.html HTTP/1.1" 200 3802
58.37.230.33 - - [31/Jan/2021:09:16:51 +0800] "GET /xingrg/all/function/internal_message.html?_=1612055828851&CODE_STATE=getMsg HTTP/1.1" 302 -
61.165.42.208 - - [31/Jan/2021:09:16:52 +0800] "GET /xingrg/all/function/internal_message.html?_=1612055808635&CODE_STATE=getMsg HTTP/1.1" 200 27
120.253.135.82 - - [31/Jan/2021:09:16:53 +0800] "GET /xingrg/all/function/internal_message.html?_=1612055571803&CODE_STATE=getMsg HTTP/1.1" 200 27
218.81.223.240 - - [31/Jan/2021:09:16:55 +0800] "GET /xingrg/all/function/internal_message.html?_=1612055813211&CODE_STATE=getMsg HTTP/1.1" 200 27
116.228.172.94 - - [31/Jan/2021:09:16:56 +0800] "POST /xingrg/dwr/call/plaincall/AjaxCheckService.deleteOrder.dwr HTTP/1.1" 200 78
116.228.172.94 - - [31/Jan/2021:09:16:57 +0800] "GET /xingrg/kc/base/check_order_list.html HTTP/1.1" 200 16470
116.228.172.94 - - [31/Jan/2021:09:16:58 +0800] "POST /xingrg/kc/base/check_list_operate.html HTTP/1.1" 200 781
116.228.172.94 - - [31/Jan/2021:09:17:00 +0800] "GET /xingrg/kc/base/base_main.html HTTP/1.1" 200 12142
114.88.166.193 - - [31/Jan/2021:09:17:08 +0800] "GET /xingrg/all/function/internal_message.html?_=1612055823297&CODE_STATE=getMsg HTTP/1.1" 200 27
218.81.223.241 - - [31/Jan/2021:09:17:08 +0800] "GET /xingrg/all/function/internal_message.html?_=1612055825995&CODE_STATE=getMsg HTTP/1.1" 302 -
116.228.172.94 - - [31/Jan/2021:09:17:09 +0800] "GET /xingrg/kc/base/wldb_order_list.html HTTP/1.1" 200 19345
116.228.172.94 - - [31/Jan/2021:09:17:10 +0800] "POST /xingrg/kc/base/wldb_list_operate.html HTTP/1.1" 200 928
222.69.134.6 - - [31/Jan/2021:09:17:13 +0800] "GET /xingrg/all/function/internal_message.html?_=1612055828968&CODE_STATE=getMsg HTTP/1.1" 200 27
116.228.172.94 - - [31/Jan/2021:09:17:14 +0800] "GET /xingrg/kc/base/wldb_order_add.html HTTP/1.1" 200 30504
116.228.172.94 - - [31/Jan/2021:09:17:14 +0800] "GET /xingrg/words/20210130112933_words.js HTTP/1.1" 304 -
116.228.172.94 - - [31/Jan/2021:09:17:15 +0800] "GET /xingrg/all/common/auto_word.html?type=base&rest_code=00107 HTTP/1.1" 200 1861
116.228.172.94 - - [31/Jan/2021:09:17:15 +0800] "GET /xingrg/all/common/auto_word.html?type=base&rest_code=00107 HTTP/1.1" 200 1861
116.228.172.94 - - [31/Jan/2021:09:17:15 +0800] "GET /xingrg/javascript/easyui/themes/default/validatebox.css HTTP/1.1" 404 1104
116.228.172.94 - - [31/Jan/2021:09:17:15 +0800] "POST /xingrg/kc/base/wldb_order_operate.html HTTP/1.1" 200 6806
116.228.172.94 - - [31/Jan/2021:09:17:16 +0800] "POST /xingrg/all/common/load_combo.html?type=base HTTP/1.1" 200 3324
116.228.172.94 - - [31/Jan/2021:09:17:17 +0800] "GET /xingrg/all/function/internal_message.html?_=1612055833654&CODE_STATE=getMsg HTTP/1.1" 200 27
116.228.172.94 - - [31/Jan/2021:09:17:22 +0800] "POST /xingrg/all/common/load_combo.html?type=base HTTP/1.1" 200 3324
116.238.117.152 - - [31/Jan/2021:09:17:23 +0800] "GET /xingrg/all/function/internal_message.html?_=1612055839357&CODE_STATE=getMsg HTTP/1.1" 200 27
180.175.150.119 - - [31/Jan/2021:09:17:23 +0800] "GET /xingrg/check_reg.html?_=1612056083333 HTTP/1.1" 200 22
180.175.150.119 - - [31/Jan/2021:09:17:23 +0800] "GET /xingrg/all/function/internal_message.html?_=1612056083513&CODE_STATE=getMsg HTTP/1.1" 200 27
114.88.166.193 - - [31/Jan/2021:09:17:27 +0800] "GET /xingrg/kc/base/yddb_order_list.html HTTP/1.1" 200 16945
114.88.166.193 - - [31/Jan/2021:09:17:27 +0800] "POST /xingrg/kc/base/yddb_list_operate.html HTTP/1.1" 200 636
114.88.166.193 - - [31/Jan/2021:09:17:30 +0800] "POST /xingrg/kc/base/yddb_list_operate.html HTTP/1.1" 200 4347
116.228.172.94 - - [31/Jan/2021:09:17:38 +0800] "GET /xingrg/javascript/auto/indicator.gif HTTP/1.1" 404 1066
120.253.135.82 - - [31/Jan/2021:09:17:39 +0800] "GET /xingrg/check_reg.html?_=1612055964878 HTTP/1.1" 302 -
116.228.172.94 - - [31/Jan/2021:09:17:45 +0800] "GET /xingrg/kc/base/wldb_order_operate.html?command=get_materiel&rest_code=00107&base_code=0010151&code=00101016044 HTTP/1.1" 200 465
58.37.230.33 - - [31/Jan/2021:09:17:51 +0800] "GET /xingrg/all/function/internal_message.html?_=1612055888830&CODE_STATE=getMsg HTTP/1.1" 302 -
61.165.42.208 - - [31/Jan/2021:09:17:52 +0800] "GET /xingrg/all/function/internal_message.html?_=1612055868635&CODE_STATE=getMsg HTTP/1.1" 200 27
61.165.42.208 - - [31/Jan/2021:09:17:52 +0800] "GET /xingrg/check_reg.html?_=1612055868636 HTTP/1.1" 200 22
114.88.166.193 - - [31/Jan/2021:09:17:52 +0800] "POST /xingrg/kc/base/yddb_list_operate.html HTTP/1.1" 200 4447
120.253.135.82 - - [31/Jan/2021:09:17:53 +0800] "GET /xingrg/all/function/internal_message.html?_=1612055631817&CODE_STATE=getMsg HTTP/1.1" 200 27
116.228.172.94 - - [31/Jan/2021:09:17:55 +0800] "GET /xingrg/kc/base/wldb_order_operate.html?command=get_materiel&rest_code=00107&base_code=0010151&code=00101019074 HTTP/1.1" 200 457
218.81.223.240 - - [31/Jan/2021:09:17:55 +0800] "GET /xingrg/all/function/internal_message.html?_=1612055873223&CODE_STATE=getMsg HTTP/1.1" 200 27
61.165.42.208 - - [31/Jan/2021:09:18:02 +0800] "GET /xingrg/kc/buy/cgsh_order_operate.html?command=get_materiel&rest_code=00105&code=00101012039&supplier_code=00100034&order_time=2021-01-31 HTTP/1.1" 200 408
116.228.172.94 - - [31/Jan/2021:09:18:03 +0800] "GET /xingrg/kc/base/wldb_order_operate.html?command=get_materiel&rest_code=00107&base_code=0010151&code=00101019111 HTTP/1.1" 200 455
180.169.147.146 - - [31/Jan/2021:09:18:04 +0800] "GET /xingrg/login.html HTTP/1.1" 200 7641
120.253.135.82 - - [31/Jan/2021:09:18:06 +0800] "GET /xingrg/javascript/easyui/themes/default/images/button_plain_hover.png HTTP/1.1" 200 144
120.253.135.82 - - [31/Jan/2021:09:18:06 +0800] "GET /xingrg/javascript/easyui/themes/default/images/button_plain_hover.png HTTP/1.1" 200 144
120.253.135.82 - - [31/Jan/2021:09:18:06 +0800] "GET /xingrg/javascript/easyui/themes/default/images/button_plain_hover.png HTTP/1.1" 200 144
120.253.135.82 - - [31/Jan/2021:09:18:06 +0800] "GET /xingrg/javascript/easyui/themes/default/images/button_plain_hover.png HTTP/1.1" 200 144
180.169.147.146 - - [31/Jan/2021:09:18:06 +0800] "GET /favicon.ico HTTP/1.1" 404 -
114.88.166.193 - - [31/Jan/2021:09:18:07 +0800] "GET /xingrg/check_reg.html?_=1612055882472 HTTP/1.1" 200 22
114.88.166.193 - - [31/Jan/2021:09:18:08 +0800] "GET /xingrg/all/function/internal_message.html?_=1612055883311&CODE_STATE=getMsg HTTP/1.1" 200 27
120.253.135.82 - - [31/Jan/2021:09:18:08 +0800] "POST /xingrg/kc/pszx/mdps_order_operate.html HTTP/1.1" 200 37
218.81.223.241 - - [31/Jan/2021:09:18:08 +0800] "GET /xingrg/all/function/internal_message.html?_=1612055886016&CODE_STATE=getMsg HTTP/1.1" 302 -
180.169.147.146 - - [31/Jan/2021:09:18:08 +0800] "POST /xingrg/login.do HTTP/1.1" 302 -
180.169.147.146 - - [31/Jan/2021:09:18:08 +0800] "GET /xingrg/index.html?sysBaseUrl=http%3A%2F%2F180.169.147.146%3A18081%2Fxingrg%2F&costTime=78×tamp=1612055888541 HTTP/1.1" 200 17179
180.169.147.146 - - [31/Jan/2021:09:18:08 +0800] "GET /favicon.ico HTTP/1.1" 404 -
120.253.135.82 - - [31/Jan/2021:09:18:09 +0800] "GET /xingrg/javascript/jquery.utils.js HTTP/1.1" 200 11805
120.253.135.82 - - [31/Jan/2021:09:18:09 +0800] "GET /xingrg/kc/pszx/mdps_order_info.html?code=312021013100936 HTTP/1.1" 200 23887
180.169.147.146 - - [31/Jan/2021:09:18:09 +0800] "POST /xingrg/all/common/load_tree.html?tree=area_rest_tree_json&manage=1 HTTP/1.1" 200 351
180.169.147.146 - - [31/Jan/2021:09:18:09 +0800] "GET /xingrg/all/function/internal_message.html?_=1612055885634&CODE_STATE=count HTTP/1.1" 200 11
180.169.147.146 - - [31/Jan/2021:09:18:09 +0800] "GET /xingrg/check_reg.html?_=1612055885635 HTTP/1.1" 200 22
180.169.147.146 - - [31/Jan/2021:09:18:09 +0800] "POST /xingrg/load_menu.html HTTP/1.1" 200 5138
120.253.135.82 - - [31/Jan/2021:09:18:09 +0800] "POST /xingrg/kc/pszx/mdps_order_operate.html HTTP/1.1" 200 3838
120.253.135.82 - - [31/Jan/2021:09:18:10 +0800] "GET /xingrg/javascript/easyui/themes/default/validatebox.css HTTP/1.1" 404 1104
222.69.134.6 - - [31/Jan/2021:09:18:13 +0800] "GET /xingrg/all/function/internal_message.html?_=1612055888940&CODE_STATE=getMsg HTTP/1.1" 200 27
222.69.134.6 - - [31/Jan/2021:09:18:13 +0800] "GET /xingrg/check_reg.html?_=1612055888991 HTTP/1.1" 200 22
180.169.147.146 - - [31/Jan/2021:09:18:14 +0800] "GET /xingrg/kc/mdqp/qp_main.html HTTP/1.1" 200 10633
180.169.147.146 - - [31/Jan/2021:09:18:15 +0800] "GET /xingrg/kc/base/base_main.html HTTP/1.1" 200 12142
