116.227.18.45 - - [31/Jan/2021:10:38:16 +0800] "GET /xingrg/dwr/interface/AjaxComOrderService.js HTTP/1.1" 200 18264
116.227.18.45 - - [31/Jan/2021:10:38:16 +0800] "GET /xingrg/dwr/interface/AjaxYddbService.js HTTP/1.1" 200 13201
116.227.18.45 - - [31/Jan/2021:10:38:16 +0800] "GET /xingrg/dwr/engine.js HTTP/1.1" 200 43631
116.227.18.45 - - [31/Jan/2021:10:38:16 +0800] "POST /xingrg/dwr/call/plaincall/AjaxYddbService.loadMaterielItems.dwr HTTP/1.1" 200 412
116.228.172.94 - - [31/Jan/2021:10:38:16 +0800] "GET /xingrg/all/function/internal_message.html?_=1612060692776&CODE_STATE=getMsg HTTP/1.1" 200 27
180.162.108.15 - - [31/Jan/2021:10:38:17 +0800] "GET /xingrg/kc/buy/cgsh_order_operate.html?command=get_materiel&rest_code=00143&code=00101008352&supplier_code=00100161&order_time=2021-01-31 HTTP/1.1" 200 412
114.88.166.193 - - [31/Jan/2021:10:38:17 +0800] "GET /xingrg/all/function/internal_message.html?_=1612060692837&CODE_STATE=getMsg HTTP/1.1" 200 27
116.232.50.212 - - [31/Jan/2021:10:38:18 +0800] "GET /xingrg/kc/base/base_main.html HTTP/1.1" 200 12142
116.232.50.212 - - [31/Jan/2021:10:38:19 +0800] "GET /xingrg/kc/base/check_order_list.html HTTP/1.1" 200 16720
116.232.50.212 - - [31/Jan/2021:10:38:19 +0800] "GET /xingrg/javascript/easyui/themes/icons/uncheck_new.png HTTP/1.1" 200 3197
116.232.50.212 - - [31/Jan/2021:10:38:19 +0800] "POST /xingrg/kc/base/check_list_operate.html HTTP/1.1" 200 2547
116.232.50.212 - - [31/Jan/2021:10:38:22 +0800] "GET /xingrg/kc/base/check_order_info.html?code=452021013100229 HTTP/1.1" 200 26486
116.232.50.212 - - [31/Jan/2021:10:38:22 +0800] "GET /xingrg/dwr/interface/AjaxCheckService.js HTTP/1.1" 200 14003
116.232.50.212 - - [31/Jan/2021:10:38:22 +0800] "GET /xingrg/dwr/interface/AjaxComOrderService.js HTTP/1.1" 200 18264
116.232.50.212 - - [31/Jan/2021:10:38:22 +0800] "GET /xingrg/dwr/util.js HTTP/1.1" 200 35990
116.232.50.212 - - [31/Jan/2021:10:38:22 +0800] "GET /xingrg/dwr/engine.js HTTP/1.1" 200 43631
116.232.50.212 - - [31/Jan/2021:10:38:23 +0800] "POST /xingrg/dwr/call/plaincall/AjaxCheckService.loadOrderItems.dwr HTTP/1.1" 200 2321
116.238.117.152 - - [31/Jan/2021:10:38:23 +0800] "GET /xingrg/all/function/internal_message.html?_=1612060699499&CODE_STATE=getMsg HTTP/1.1" 200 27
180.175.150.119 - - [31/Jan/2021:10:38:26 +0800] "GET /xingrg/all/function/internal_message.html?_=1612060702389&CODE_STATE=getMsg HTTP/1.1" 200 27
116.232.50.212 - - [31/Jan/2021:10:38:26 +0800] "GET /xingrg/kc/print/load_config.html?_=1612060703139&kc_code=check HTTP/1.1" 200 2411
116.232.50.212 - - [31/Jan/2021:10:38:26 +0800] "GET /xingrg/kc/print/load_data.html?_=1612060703165&order_code=452021013100229&kc_code=check&condition= HTTP/1.1" 200 800
116.227.18.45 - - [31/Jan/2021:10:38:29 +0800] "POST /xingrg/kc/base/yddb_list_operate.html HTTP/1.1" 200 210
180.162.108.15 - - [31/Jan/2021:10:38:31 +0800] "GET /xingrg/kc/buy/cgsh_order_operate.html?command=get_materiel&rest_code=00143&code=00101008032&supplier_code=00100161&order_time=2021-01-31 HTTP/1.1" 200 409
222.69.133.109 - - [31/Jan/2021:10:38:33 +0800] "GET /xingrg/kc/base/wldb_order_operate.html?command=get_materiel&rest_code=00154&base_code=0010724&code=00101019253 HTTP/1.1" 200 467
116.227.18.45 - - [31/Jan/2021:10:38:36 +0800] "POST /xingrg/kc/base/yddb_list_operate.html HTTP/1.1" 200 587
116.232.50.212 - - [31/Jan/2021:10:38:37 +0800] "GET /xingrg/kc/base/check_order_info.html?code=452021013100227 HTTP/1.1" 200 26486
116.232.50.212 - - [31/Jan/2021:10:38:37 +0800] "GET /xingrg/dwr/interface/AjaxComOrderService.js HTTP/1.1" 200 18264
116.232.50.212 - - [31/Jan/2021:10:38:37 +0800] "GET /xingrg/dwr/interface/AjaxCheckService.js HTTP/1.1" 200 14003
116.232.50.212 - - [31/Jan/2021:10:38:37 +0800] "GET /xingrg/dwr/engine.js HTTP/1.1" 200 43631
116.232.50.212 - - [31/Jan/2021:10:38:37 +0800] "POST /xingrg/dwr/call/plaincall/AjaxCheckService.loadOrderItems.dwr HTTP/1.1" 200 5415
116.232.50.212 - - [31/Jan/2021:10:38:39 +0800] "GET /xingrg/kc/print/load_config.html?_=1612060715283&kc_code=check HTTP/1.1" 200 2411
116.232.50.212 - - [31/Jan/2021:10:38:39 +0800] "GET /xingrg/kc/print/load_data.html?_=1612060715318&order_code=452021013100227&kc_code=check&condition= HTTP/1.1" 200 1544
117.185.32.26 - - [31/Jan/2021:10:38:40 +0800] "GET /xingrg/all/function/internal_message.html?_=1612061203320&CODE_STATE=getMsg HTTP/1.1" 200 27
180.162.108.15 - - [31/Jan/2021:10:38:42 +0800] "GET /xingrg/kc/buy/cgsh_order_operate.html?command=get_materiel&rest_code=00143&code=00101008108&supplier_code=00100161&order_time=2021-01-31 HTTP/1.1" 200 412
116.232.50.212 - - [31/Jan/2021:10:38:46 +0800] "GET /xingrg/kc/base/check_order_info.html?code=452021013100228 HTTP/1.1" 200 26486
116.232.50.212 - - [31/Jan/2021:10:38:46 +0800] "GET /xingrg/dwr/interface/AjaxComOrderService.js HTTP/1.1" 200 18264
116.232.50.212 - - [31/Jan/2021:10:38:46 +0800] "GET /xingrg/dwr/interface/AjaxCheckService.js HTTP/1.1" 200 14003
116.232.50.212 - - [31/Jan/2021:10:38:46 +0800] "GET /xingrg/dwr/engine.js HTTP/1.1" 200 43631
116.232.50.212 - - [31/Jan/2021:10:38:47 +0800] "POST /xingrg/dwr/call/plaincall/AjaxCheckService.loadOrderItems.dwr HTTP/1.1" 200 8889
180.175.150.119 - - [31/Jan/2021:10:38:47 +0800] "GET /xingrg/all/function/internal_message.html?_=1612060967675&CODE_STATE=getMsg HTTP/1.1" 200 27
58.37.230.33 - - [31/Jan/2021:10:38:49 +0800] "GET /xingrg/all/function/internal_message.html?_=1612060747103&CODE_STATE=getMsg HTTP/1.1" 302 -
116.232.50.212 - - [31/Jan/2021:10:38:49 +0800] "GET /xingrg/kc/print/load_config.html?_=1612060725942&kc_code=check HTTP/1.1" 200 2411
116.232.50.212 - - [31/Jan/2021:10:38:49 +0800] "GET /xingrg/kc/print/load_data.html?_=1612060725988&order_code=452021013100228&kc_code=check&condition= HTTP/1.1" 200 2560
61.165.42.208 - - [31/Jan/2021:10:38:51 +0800] "GET /xingrg/all/function/internal_message.html?_=1612060727306&CODE_STATE=getMsg HTTP/1.1" 200 27
117.185.32.26 - - [31/Jan/2021:10:38:52 +0800] "GET /xingrg/kc/buy/cgsh_order_add.html HTTP/1.1" 200 62026
180.162.108.15 - - [31/Jan/2021:10:38:52 +0800] "GET /xingrg/kc/buy/cgsh_order_operate.html?command=get_materiel&rest_code=00143&code=00101008036&supplier_code=00100161&order_time=2021-01-31 HTTP/1.1" 200 408
117.185.32.26 - - [31/Jan/2021:10:38:53 +0800] "GET /xingrg/javascript/easyui/themes/default/validatebox.css HTTP/1.1" 404 1104
117.185.32.26 - - [31/Jan/2021:10:38:53 +0800] "POST /xingrg/kc/buy/cgsh_order_operate.html HTTP/1.1" 200 8245
222.69.133.109 - - [31/Jan/2021:10:38:53 +0800] "POST /xingrg/kc/base/wldb_order_operate.html HTTP/1.1" 200 37
117.185.32.26 - - [31/Jan/2021:10:38:54 +0800] "GET /xingrg/javascript/easyui/themes/default/tree.css HTTP/1.1" 404 1090
116.227.18.45 - - [31/Jan/2021:10:38:54 +0800] "POST /xingrg/kc/base/yddb_list_operate.html HTTP/1.1" 200 6448
117.185.32.26 - - [31/Jan/2021:10:38:54 +0800] "POST /xingrg/all/common/load_tree.html?tree=supplier_tree_json&isDelete=1 HTTP/1.1" 200 54680
222.69.133.109 - - [31/Jan/2021:10:38:55 +0800] "POST /xingrg/kc/base/wldb_order_operate.html HTTP/1.1" 200 12
222.69.133.109 - - [31/Jan/2021:10:38:55 +0800] "POST /xingrg/kc/base/wldb_order_operate.html HTTP/1.1" 200 4204
218.81.223.240 - - [31/Jan/2021:10:38:56 +0800] "GET /xingrg/all/function/internal_message.html?_=1612060734412&CODE_STATE=getMsg HTTP/1.1" 200 27
116.227.18.45 - - [31/Jan/2021:10:38:57 +0800] "POST /xingrg/kc/base/yddb_list_operate.html HTTP/1.1" 200 436
180.175.150.119 - - [31/Jan/2021:10:38:57 +0800] "GET /xingrg/kc/buy/cgsh_order_operate.html?command=get_materiel&rest_code=00102&code=00101002027&supplier_code=00100151&order_time=2021-01-31 HTTP/1.1" 200 413
222.69.133.109 - - [31/Jan/2021:10:38:58 +0800] "GET /xingrg/kc/base/wldb_order_info.html?code=422021013104029 HTTP/1.1" 200 26385
222.69.133.109 - - [31/Jan/2021:10:38:59 +0800] "GET /xingrg/javascript/easyui/themes/default/validatebox.css HTTP/1.1" 404 1104
222.69.133.109 - - [31/Jan/2021:10:38:59 +0800] "POST /xingrg/kc/base/wldb_order_operate.html HTTP/1.1" 200 2453
117.185.32.26 - - [31/Jan/2021:10:39:02 +0800] "GET /xingrg/all/function/internal_message.html?_=1612060757381&CODE_STATE=getMsg HTTP/1.1" 200 27
117.185.32.26 - - [31/Jan/2021:10:39:05 +0800] "GET /xingrg/kc/buy/cgsh_order_operate.html?command=get_materiel&rest_code=00106&code=00101010161&supplier_code=00100032&order_time=2021-01-31 HTTP/1.1" 200 411
116.227.18.45 - - [31/Jan/2021:10:39:06 +0800] "GET /xingrg/check_reg.html?_=1612060742065 HTTP/1.1" 200 22
116.227.18.45 - - [31/Jan/2021:10:39:06 +0800] "GET /xingrg/all/function/internal_message.html?_=1612060742066&CODE_STATE=getMsg HTTP/1.1" 200 27
222.69.133.109 - - [31/Jan/2021:10:39:07 +0800] "GET /xingrg/all/function/internal_message.html?_=1612060743605&CODE_STATE=getMsg HTTP/1.1" 200 27
222.69.133.109 - - [31/Jan/2021:10:39:07 +0800] "GET /xingrg/check_reg.html?_=1612060743611 HTTP/1.1" 200 22
180.162.108.15 - - [31/Jan/2021:10:39:08 +0800] "GET /xingrg/kc/buy/cgsh_order_operate.html?command=get_materiel&rest_code=00143&code=00101008005&supplier_code=00100161&order_time=2021-01-31 HTTP/1.1" 200 412
218.81.223.241 - - [31/Jan/2021:10:39:09 +0800] "GET /xingrg/all/function/internal_message.html?_=1612060747109&CODE_STATE=getMsg HTTP/1.1" 302 -
222.69.134.6 - - [31/Jan/2021:10:39:11 +0800] "GET /xingrg/all/function/internal_message.html?_=1612060747463&CODE_STATE=getMsg HTTP/1.1" 200 27
116.232.50.212 - - [31/Jan/2021:10:39:12 +0800] "GET /xingrg/all/function/internal_message.html?_=1612060748961&CODE_STATE=getMsg HTTP/1.1" 200 27
120.253.135.82 - - [31/Jan/2021:10:39:14 +0800] "GET /xingrg/all/function/internal_message.html?_=1612060504508&CODE_STATE=getMsg HTTP/1.1" 200 27
120.253.135.82 - - [31/Jan/2021:10:39:14 +0800] "GET /xingrg/check_reg.html?_=1612060504746 HTTP/1.1" 200 22
180.162.108.15 - - [31/Jan/2021:10:39:14 +0800] "GET /xingrg/all/function/internal_message.html?_=1612060598545&CODE_STATE=getMsg HTTP/1.1" 200 27
114.86.187.76 - - [31/Jan/2021:10:39:14 +0800] "GET /xingrg/all/function/internal_message.html?_=1612060751408&CODE_STATE=getMsg HTTP/1.1" 200 27
114.86.187.76 - - [31/Jan/2021:10:39:14 +0800] "GET /xingrg/check_reg.html?_=1612060751413 HTTP/1.1" 200 22
117.185.32.26 - - [31/Jan/2021:10:39:15 +0800] "GET /xingrg/kc/buy/cgsh_order_operate.html?command=get_materiel&rest_code=00106&code=00101016025&supplier_code=00100032&order_time=2021-01-31 HTTP/1.1" 200 408
116.228.172.94 - - [31/Jan/2021:10:39:16 +0800] "GET /xingrg/all/function/internal_message.html?_=1612060752751&CODE_STATE=getMsg HTTP/1.1" 200 27
114.88.166.193 - - [31/Jan/2021:10:39:17 +0800] "GET /xingrg/all/function/internal_message.html?_=1612060752849&CODE_STATE=getMsg HTTP/1.1" 200 27
116.228.172.94 - - [31/Jan/2021:10:39:17 +0800] "GET /xingrg/check_reg.html?_=1612060753889 HTTP/1.1" 200 22
180.175.150.119 - - [31/Jan/2021:10:39:19 +0800] "GET /xingrg/check_reg.html?_=1612060755666 HTTP/1.1" 200 22
116.232.50.212 - - [31/Jan/2021:10:39:21 +0800] "GET /xingrg/login.html HTTP/1.1" 200 7641
116.232.50.212 - - [31/Jan/2021:10:39:21 +0800] "GET /favicon.ico HTTP/1.1" 404 -
180.162.108.15 - - [31/Jan/2021:10:39:21 +0800] "GET /xingrg/kc/buy/cgsh_order_operate.html?command=get_materiel&rest_code=00143&code=00101008049&supplier_code=00100161&order_time=2021-01-31 HTTP/1.1" 200 408
116.238.117.152 - - [31/Jan/2021:10:39:23 +0800] "GET /xingrg/all/function/internal_message.html?_=1612060759498&CODE_STATE=getMsg HTTP/1.1" 200 27
222.69.133.109 - - [31/Jan/2021:10:39:24 +0800] "GET /xingrg/kc/base/wldb_order_add.html HTTP/1.1" 200 30508
222.69.133.109 - - [31/Jan/2021:10:39:24 +0800] "POST /xingrg/kc/base/wldb_order_operate.html HTTP/1.1" 200 6806
222.69.133.109 - - [31/Jan/2021:10:39:24 +0800] "GET /xingrg/javascript/easyui/themes/default/validatebox.css HTTP/1.1" 404 1104
117.185.32.26 - - [31/Jan/2021:10:39:25 +0800] "GET /xingrg/kc/buy/cgsh_order_operate.html?command=get_materiel&rest_code=00106&code=00101012002&supplier_code=00100032&order_time=2021-01-31 HTTP/1.1" 200 419
180.175.150.119 - - [31/Jan/2021:10:39:26 +0800] "GET /xingrg/all/function/internal_message.html?_=1612060762403&CODE_STATE=getMsg HTTP/1.1" 200 27
222.69.133.109 - - [31/Jan/2021:10:39:29 +0800] "POST /xingrg/all/common/load_combo.html?type=base HTTP/1.1" 200 1136
222.69.133.109 - - [31/Jan/2021:10:39:32 +0800] "POST /xingrg/all/common/load_combo.html?type=base HTTP/1.1" 200 1136
120.253.135.82 - - [31/Jan/2021:10:39:34 +0800] "GET /xingrg/javascript/easyui/themes/default/images/button_plain_hover.png HTTP/1.1" 200 144
120.253.135.82 - - [31/Jan/2021:10:39:34 +0800] "GET /xingrg/javascript/easyui/themes/default/images/button_plain_hover.png HTTP/1.1" 200 144
120.253.135.82 - - [31/Jan/2021:10:39:36 +0800] "POST /xingrg/kc/pszx/mdps_list_operate.html HTTP/1.1" 200 5315
117.185.32.26 - - [31/Jan/2021:10:39:40 +0800] "GET /xingrg/all/function/internal_message.html?_=1612061263320&CODE_STATE=getMsg HTTP/1.1" 200 27
180.175.150.119 - - [31/Jan/2021:10:39:48 +0800] "GET /xingrg/all/function/internal_message.html?_=1612061028023&CODE_STATE=getMsg HTTP/1.1" 200 27
58.37.230.33 - - [31/Jan/2021:10:39:49 +0800] "GET /xingrg/all/function/internal_message.html?_=1612060807070&CODE_STATE=getMsg HTTP/1.1" 302 -
61.165.42.208 - - [31/Jan/2021:10:39:51 +0800] "GET /xingrg/all/function/internal_message.html?_=1612060787281&CODE_STATE=getMsg HTTP/1.1" 200 27
117.185.32.26 - - [31/Jan/2021:10:39:52 +0800] "GET /xingrg/kc/buy/cgsh_order_operate.html?command=get_materiel&rest_code=00106&code=00101012025&supplier_code=00100032&order_time=2021-01-31 HTTP/1.1" 200 412
218.81.223.240 - - [31/Jan/2021:10:39:56 +0800] "GET /xingrg/all/function/internal_message.html?_=1612060794416&CODE_STATE=getMsg HTTP/1.1" 200 27
117.185.32.26 - - [31/Jan/2021:10:40:01 +0800] "GET /xingrg/kc/buy/cgsh_order_operate.html?command=get_materiel&rest_code=00106&code=00101016053&supplier_code=00100032&order_time=2021-01-31 HTTP/1.1" 200 408
117.185.32.26 - - [31/Jan/2021:10:40:02 +0800] "GET /xingrg/check_reg.html?_=1612060817363 HTTP/1.1" 200 22
117.185.32.26 - - [31/Jan/2021:10:40:02 +0800] "GET /xingrg/all/function/internal_message.html?_=1612060817366&CODE_STATE=getMsg HTTP/1.1" 200 27
116.227.18.45 - - [31/Jan/2021:10:40:06 +0800] "GET /xingrg/all/function/internal_message.html?_=1612060802053&CODE_STATE=getMsg HTTP/1.1" 200 27
120.253.135.82 - - [31/Jan/2021:10:40:06 +0800] "GET /xingrg/all/function/internal_message.html?_=1612060565033&CODE_STATE=getMsg HTTP/1.1" 200 27
120.253.135.82 - - [31/Jan/2021:10:40:07 +0800] "GET /xingrg/kc/report/report_main.html HTTP/1.1" 200 9370
222.69.133.109 - - [31/Jan/2021:10:40:07 +0800] "GET /xingrg/all/function/internal_message.html?_=1612060803608&CODE_STATE=getMsg HTTP/1.1" 200 27
180.175.150.119 - - [31/Jan/2021:10:40:09 +0800] "GET /xingrg/kc/buy/cgsh_order_operate.html?command=get_materiel&rest_code=00102&code=00101007059&supplier_code=00100151&order_time=2021-01-31 HTTP/1.1" 200 409
218.81.223.241 - - [31/Jan/2021:10:40:09 +0800] "GET /xingrg/all/function/internal_message.html?_=1612060807130&CODE_STATE=getMsg HTTP/1.1" 302 -
120.253.135.82 - - [31/Jan/2021:10:40:09 +0800] "POST /xingrg/kc/pszx/mdps_list_operate.html HTTP/1.1" 200 5041
116.228.172.94 - - [31/Jan/2021:10:40:09 +0800] "GET /xingrg/kc/buy/cgsh_order_operate.html?command=get_materiel&rest_code=00107&code=00101008352&supplier_code=00100006&order_time=2021-01-31 HTTP/1.1" 200 412
120.253.135.82 - - [31/Jan/2021:10:40:09 +0800] "GET /xingrg/javascript/jquery-1.4.2.min.js HTTP/1.1" 304 -
117.185.32.26 - - [31/Jan/2021:10:40:09 +0800] "GET /xingrg/kc/buy/cgsh_order_operate.html?command=get_materiel&rest_code=00106&code=00101016017&supplier_code=00100032&order_time=2021-01-31 HTTP/1.1" 200 408
222.69.134.6 - - [31/Jan/2021:10:40:11 +0800] "GET /xingrg/all/function/internal_message.html?_=1612060807433&CODE_STATE=getMsg HTTP/1.1" 200 27
120.253.135.82 - - [31/Jan/2021:10:40:12 +0800] "GET /xingrg/kc/base/kc_stocks.html HTTP/1.1" 200 16380
120.253.135.82 - - [31/Jan/2021:10:40:12 +0800] "GET /xingrg/javascript/jquery.utils.js HTTP/1.1" 200 11805
120.253.135.82 - - [31/Jan/2021:10:40:13 +0800] "GET /xingrg/javascript/easyui/themes/default/tree.css HTTP/1.1" 404 1090
116.228.172.94 - - [31/Jan/2021:10:40:13 +0800] "POST /xingrg/kc/buy/cgsh_order_operate.html HTTP/1.1" 200 2065
120.253.135.82 - - [31/Jan/2021:10:40:13 +0800] "POST /xingrg/all/common/load_tree.html?tree=materiel_sort_tree_json HTTP/1.1" 200 8666
180.162.108.15 - - [31/Jan/2021:10:40:14 +0800] "GET /xingrg/all/function/internal_message.html?_=1612060658538&CODE_STATE=getMsg HTTP/1.1" 200 27
180.162.108.15 - - [31/Jan/2021:10:40:14 +0800] "GET /xingrg/kc/buy/cgsh_order_operate.html?command=get_materiel&rest_code=00143&code=00101008268&supplier_code=00100161&order_time=2021-01-31 HTTP/1.1" 200 408
114.86.187.76 - - [31/Jan/2021:10:40:14 +0800] "GET /xingrg/all/function/internal_message.html?_=1612060811409&CODE_STATE=getMsg HTTP/1.1" 200 27
120.253.135.82 - - [31/Jan/2021:10:40:14 +0800] "POST /xingrg/all/common/load_combo.html?type=base HTTP/1.1" 200 984
116.228.172.94 - - [31/Jan/2021:10:40:16 +0800] "GET /xingrg/all/function/internal_message.html?_=1612060812735&CODE_STATE=getMsg HTTP/1.1" 200 27
114.88.166.193 - - [31/Jan/2021:10:40:18 +0800] "GET /xingrg/all/function/internal_message.html?_=1612060813448&CODE_STATE=getMsg HTTP/1.1" 200 27
117.185.32.26 - - [31/Jan/2021:10:40:19 +0800] "GET /xingrg/kc/buy/cgsh_order_operate.html?command=get_materiel&rest_code=00106&code=00101012051&supplier_code=00100032&order_time=2021-01-31 HTTP/1.1" 200 408
120.253.135.82 - - [31/Jan/2021:10:40:22 +0800] "POST /xingrg/kc/base/stock_operate.html HTTP/1.1" 200 2763
116.238.117.152 - - [31/Jan/2021:10:40:23 +0800] "GET /xingrg/all/function/internal_message.html?_=1612060819497&CODE_STATE=getMsg HTTP/1.1" 200 27
180.175.150.119 - - [31/Jan/2021:10:40:26 +0800] "GET /xingrg/all/function/internal_message.html?_=1612060822418&CODE_STATE=getMsg HTTP/1.1" 200 27
117.185.32.26 - - [31/Jan/2021:10:40:30 +0800] "GET /xingrg/kc/buy/cgsh_order_operate.html?command=get_materiel&rest_code=00106&code=00101001111&supplier_code=00100032&order_time=2021-01-31 HTTP/1.1" 200 410
180.162.108.15 - - [31/Jan/2021:10:40:31 +0800] "GET /xingrg/kc/buy/cgsh_order_operate.html?command=get_materiel&rest_code=00143&code=00101008361&supplier_code=00100161&order_time=2021-01-31 HTTP/1.1" 200 408
120.253.135.82 - - [31/Jan/2021:10:40:31 +0800] "GET /xingrg/kc/base/stock_detail.html?m=00101013161 HTTP/1.1" 200 6303
120.253.135.82 - - [31/Jan/2021:10:40:31 +0800] "GET /xingrg/javascript/jquery-1.4.2.min.js HTTP/1.1" 304 -
120.253.135.82 - - [31/Jan/2021:10:40:31 +0800] "GET /xingrg/javascript/jquery_easy_ui/easyui-lang-zh_CN.js HTTP/1.1" 200 1900
120.253.135.82 - - [31/Jan/2021:10:40:31 +0800] "GET /xingrg/javascript/jquery.utils.js HTTP/1.1" 200 11805
120.253.135.82 - - [31/Jan/2021:10:40:32 +0800] "GET /xingrg/javascript/jquery_easy_ui/themes/default/images/menu.gif HTTP/1.1" 200 834
117.185.32.26 - - [31/Jan/2021:10:40:40 +0800] "GET /xingrg/check_reg.html?_=1612061323348 HTTP/1.1" 200 22
117.185.32.26 - - [31/Jan/2021:10:40:40 +0800] "GET /xingrg/all/function/internal_message.html?_=1612061323349&CODE_STATE=getMsg HTTP/1.1" 200 27
116.228.172.94 - - [31/Jan/2021:10:40:43 +0800] "GET /xingrg/kc/buy/cgsh_order_operate.html?command=get_materiel&rest_code=00107&code=00101008353&supplier_code=00100006&order_time=2021-01-31 HTTP/1.1" 200 408
120.253.135.82 - - [31/Jan/2021:10:40:45 +0800] "GET /xingrg/kc/base/stock_operate.html?_=1612060604316&command=get_report_file&start_day=20210101 HTTP/1.1" 200 53
120.253.135.82 - - [31/Jan/2021:10:40:45 +0800] "GET /xingrg/javascript/multi_select/jqueryMultiSelect.css HTTP/1.1" 200 951
120.253.135.82 - - [31/Jan/2021:10:40:45 +0800] "GET /xingrg/all/report/report_query.html?isQuery=1&onlyBody=1&rh=2000&fileName=kc/base/kc_stock_detail_new.xml&queryString=(1=1)&queryText=&tableQueryString=init_table$sp1$$sp$crk_table$sp1$order_day%20between%2020210101%20and%2020210131&varString=start_day:20210101,materiel_code:00101013161,cost_id:2983,end_date:20201231 HTTP/1.1" 200 48701
120.253.135.82 - - [31/Jan/2021:10:40:45 +0800] "GET /xingrg/javascript/calendar/timePicker.css HTTP/1.1" 200 523
120.253.135.82 - - [31/Jan/2021:10:40:45 +0800] "GET /xingrg/javascript/calendar/jquery.timePicker.min.js HTTP/1.1" 200 2997
120.253.135.82 - - [31/Jan/2021:10:40:45 +0800] "GET /xingrg/javascript/bigrid/fix.css HTTP/1.1" 200 1702
120.253.135.82 - - [31/Jan/2021:10:40:45 +0800] "GET /xingrg/javascript/jquery.utils.js HTTP/1.1" 200 11805
120.253.135.82 - - [31/Jan/2021:10:40:45 +0800] "GET /xingrg/javascript/bigrid/fix.js HTTP/1.1" 200 6439
120.253.135.82 - - [31/Jan/2021:10:40:45 +0800] "GET /xingrg/javascript/jquery-1.4.2.min.js HTTP/1.1" 304 -
120.253.135.82 - - [31/Jan/2021:10:40:45 +0800] "GET /xingrg/dwr/interface/AjaxReportQueryService.js HTTP/1.1" 200 13203
120.253.135.82 - - [31/Jan/2021:10:40:45 +0800] "GET /xingrg/dwr/engine.js HTTP/1.1" 200 43631
120.253.135.82 - - [31/Jan/2021:10:40:45 +0800] "GET /xingrg/javascript/jqueryMultiSelect.js HTTP/1.1" 200 11866
120.253.135.82 - - [31/Jan/2021:10:40:46 +0800] "GET /xingrg/javascript/jquery_easy_ui/themes/icons/help.png HTTP/1.1" 200 1187
120.253.135.82 - - [31/Jan/2021:10:40:46 +0800] "GET /xingrg/images/blue/button/advanceover.gif HTTP/1.1" 200 1347
120.253.135.82 - - [31/Jan/2021:10:40:46 +0800] "GET /xingrg/images/blue/button/backover.gif HTTP/1.1" 200 1348
120.253.135.82 - - [31/Jan/2021:10:40:46 +0800] "GET /xingrg/images/blue/button/back2over.gif HTTP/1.1" 200 1335
120.253.135.82 - - [31/Jan/2021:10:40:46 +0800] "GET /xingrg/images/control/loading.gif HTTP/1.1" 200 13463
120.253.135.82 - - [31/Jan/2021:10:40:46 +0800] "GET /xingrg/images/blue/button/advance2over.gif HTTP/1.1" 200 1336
120.253.135.82 - - [31/Jan/2021:10:40:46 +0800] "POST /xingrg/all/report/load_report_page.html HTTP/1.1" 200 34828
120.253.135.82 - - [31/Jan/2021:10:40:47 +0800] "GET /xingrg/servlets/image?cache=0.5556886512407166&image=px HTTP/1.1" 200 807
180.175.150.119 - - [31/Jan/2021:10:40:48 +0800] "GET /xingrg/all/function/internal_message.html?_=1612061088026&CODE_STATE=getMsg HTTP/1.1" 200 27
58.37.230.33 - - [31/Jan/2021:10:40:49 +0800] "GET /xingrg/all/function/internal_message.html?_=1612060867053&CODE_STATE=getMsg HTTP/1.1" 302 -
180.162.108.15 - - [31/Jan/2021:10:40:49 +0800] "GET /xingrg/kc/buy/cgsh_order_operate.html?command=get_materiel&rest_code=00143&code=00101008355&supplier_code=00100161&order_time=2021-01-31 HTTP/1.1" 200 408
61.165.42.208 - - [31/Jan/2021:10:40:51 +0800] "GET /xingrg/all/function/internal_message.html?_=1612060847250&CODE_STATE=getMsg HTTP/1.1" 200 27
117.185.32.26 - - [31/Jan/2021:10:40:52 +0800] "GET /xingrg/kc/buy/cgsh_order_operate.html?command=get_materiel&rest_code=00106&code=00101016071&supplier_code=00100032&order_time=2021-01-31 HTTP/1.1" 200 416
218.81.223.240 - - [31/Jan/2021:10:40:56 +0800] "GET /xingrg/all/function/internal_message.html?_=1612060854437&CODE_STATE=getMsg HTTP/1.1" 200 27
218.81.223.241 - - [31/Jan/2021:10:40:58 +0800] "GET /xingrg/check_reg.html?_=1612060855799 HTTP/1.1" 302 -
116.228.172.94 - - [31/Jan/2021:10:40:59 +0800] "GET /xingrg/kc/buy/cgsh_order_operate.html?command=get_materiel&rest_code=00107&code=00101015060&supplier_code=00100006&order_time=2021-01-31 HTTP/1.1" 200 412
180.169.147.146 - - [31/Jan/2021:10:41:01 +0800] "GET /xingrg/kc/base/base_main.html HTTP/1.1" 200 12142
117.185.32.26 - - [31/Jan/2021:10:41:01 +0800] "GET /xingrg/kc/buy/cgsh_order_operate.html?command=get_materiel&rest_code=00106&code=00101016105&supplier_code=00100032&order_time=2021-01-31 HTTP/1.1" 200 409
180.169.147.146 - - [31/Jan/2021:10:41:02 +0800] "GET /xingrg/kc/base/wldb_order_list.html HTTP/1.1" 200 19345
117.185.32.26 - - [31/Jan/2021:10:41:02 +0800] "GET /xingrg/all/function/internal_message.html?_=1612060877372&CODE_STATE=getMsg HTTP/1.1" 200 27
180.169.147.146 - - [31/Jan/2021:10:41:02 +0800] "POST /xingrg/kc/base/wldb_list_operate.html HTTP/1.1" 200 928
218.81.223.240 - - [31/Jan/2021:10:41:03 +0800] "GET /xingrg/check_reg.html?_=1612060860772 HTTP/1.1" 200 22
180.169.147.146 - - [31/Jan/2021:10:41:04 +0800] "GET /xingrg/kc/base/wldb_order_add.html HTTP/1.1" 200 30508
180.169.147.146 - - [31/Jan/2021:10:41:05 +0800] "POST /xingrg/kc/base/wldb_order_operate.html HTTP/1.1" 200 6806
180.169.147.146 - - [31/Jan/2021:10:41:05 +0800] "GET /xingrg/all/common/auto_word.html?type=base&rest_code=00147 HTTP/1.1" 200 1707
180.169.147.146 - - [31/Jan/2021:10:41:05 +0800] "GET /xingrg/all/common/auto_word.html?type=base&rest_code=00147 HTTP/1.1" 200 1707
180.169.147.146 - - [31/Jan/2021:10:41:05 +0800] "GET /xingrg/javascript/easyui/themes/default/validatebox.css HTTP/1.1" 404 1104
116.227.18.45 - - [31/Jan/2021:10:41:06 +0800] "GET /xingrg/all/function/internal_message.html?_=1612060862057&CODE_STATE=getMsg HTTP/1.1" 200 27
120.253.135.82 - - [31/Jan/2021:10:41:06 +0800] "GET /xingrg/all/function/internal_message.html?_=1612060625034&CODE_STATE=getMsg HTTP/1.1" 200 27
222.69.133.109 - - [31/Jan/2021:10:41:07 +0800] "GET /xingrg/all/function/internal_message.html?_=1612060863639&CODE_STATE=getMsg HTTP/1.1" 200 27
120.253.135.82 - - [31/Jan/2021:10:41:08 +0800] "GET /xingrg/kc/guide/show_order.html?code=212021010702877&type=21 HTTP/1.1" 302 -
120.253.135.82 - - [31/Jan/2021:10:41:08 +0800] "GET /xingrg/kc/buy/cgsh_order_info.html?code=212021010702877&sysBaseUrl=http%3A%2F%2F180.169.147.146%3A18081%2Fxingrg%2F&costTime=1×tamp=1612060868700 HTTP/1.1" 200 55933
218.81.223.241 - - [31/Jan/2021:10:41:09 +0800] "GET /xingrg/all/function/internal_message.html?_=1612060867136&CODE_STATE=getMsg HTTP/1.1" 302 -
120.253.135.82 - - [31/Jan/2021:10:41:10 +0800] "GET /xingrg/javascript/jquery.utils.js HTTP/1.1" 200 11805
58.37.230.33 - - [31/Jan/2021:10:41:10 +0800] "GET /xingrg/check_reg.html?_=1612060888281 HTTP/1.1" 302 -
116.228.172.94 - - [31/Jan/2021:10:41:10 +0800] "GET /xingrg/kc/buy/cgsh_order_operate.html?command=get_materiel&rest_code=00107&code=00101008125&supplier_code=00100006&order_time=2021-01-31 HTTP/1.1" 200 413
120.253.135.82 - - [31/Jan/2021:10:41:11 +0800] "GET /favicon.ico HTTP/1.1" 404 -
222.69.134.6 - - [31/Jan/2021:10:41:11 +0800] "GET /xingrg/all/function/internal_message.html?_=1612060867409&CODE_STATE=getMsg HTTP/1.1" 200 27
120.253.135.82 - - [31/Jan/2021:10:41:12 +0800] "POST /xingrg/kc/buy/cgsh_order_operate.html HTTP/1.1" 200 1803
222.69.133.109 - - [31/Jan/2021:10:41:12 +0800] "POST /xingrg/kc/base/wldb_order_operate.html HTTP/1.1" 200 37
222.69.133.109 - - [31/Jan/2021:10:41:14 +0800] "POST /xingrg/kc/base/wldb_order_operate.html HTTP/1.1" 200 12
180.162.108.15 - - [31/Jan/2021:10:41:14 +0800] "GET /xingrg/all/function/internal_message.html?_=1612060718540&CODE_STATE=getMsg HTTP/1.1" 200 27
222.69.133.109 - - [31/Jan/2021:10:41:14 +0800] "POST /xingrg/kc/base/wldb_order_operate.html HTTP/1.1" 200 4208
114.86.187.76 - - [31/Jan/2021:10:41:14 +0800] "GET /xingrg/all/function/internal_message.html?_=1612060871412&CODE_STATE=getMsg HTTP/1.1" 200 27
222.69.133.109 - - [31/Jan/2021:10:41:14 +0800] "GET /xingrg/kc/base/wldb_order_info.html?code=422021013104030 HTTP/1.1" 200 26384
222.69.133.109 - - [31/Jan/2021:10:41:15 +0800] "GET /xingrg/javascript/easyui/themes/default/validatebox.css HTTP/1.1" 404 1104
222.69.133.109 - - [31/Jan/2021:10:41:15 +0800] "POST /xingrg/kc/base/wldb_order_operate.html HTTP/1.1" 200 2457
116.228.172.94 - - [31/Jan/2021:10:41:15 +0800] "POST /xingrg/kc/buy/cgsh_order_operate.html HTTP/1.1" 200 2065
116.228.172.94 - - [31/Jan/2021:10:41:16 +0800] "GET /xingrg/all/function/internal_message.html?_=1612060872859&CODE_STATE=getMsg HTTP/1.1" 200 27
114.88.166.193 - - [31/Jan/2021:10:41:18 +0800] "GET /xingrg/all/function/internal_message.html?_=1612060873454&CODE_STATE=getMsg HTTP/1.1" 200 27
180.162.108.15 - - [31/Jan/2021:10:41:18 +0800] "GET /xingrg/kc/buy/cgsh_order_operate.html?command=get_materiel&rest_code=00143&code=00101008024&supplier_code=00100161&order_time=2021-01-31 HTTP/1.1" 200 408
116.228.172.94 - - [31/Jan/2021:10:41:22 +0800] "GET /xingrg/kc/buy/cgsh_order_operate.html?command=get_materiel&rest_code=00107&code=00101008264&supplier_code=00100006&order_time=2021-01-31 HTTP/1.1" 200 412
116.238.117.152 - - [31/Jan/2021:10:41:23 +0800] "GET /xingrg/all/function/internal_message.html?_=1612060879503&CODE_STATE=getMsg HTTP/1.1" 200 27
116.238.117.152 - - [31/Jan/2021:10:41:23 +0800] "GET /xingrg/check_reg.html?_=1612060879507 HTTP/1.1" 200 22
180.175.150.119 - - [31/Jan/2021:10:41:26 +0800] "GET /xingrg/all/function/internal_message.html?_=1612060882946&CODE_STATE=getMsg HTTP/1.1" 200 27
120.253.135.82 - - [31/Jan/2021:10:41:27 +0800] "GET /xingrg/kc/guide/show_order.html?code=212021010702877&type=21 HTTP/1.1" 302 -
120.253.135.82 - - [31/Jan/2021:10:41:27 +0800] "GET /xingrg/kc/guide/show_order.html?code=212021010702877&type=21 HTTP/1.1" 302 -
120.253.135.82 - - [31/Jan/2021:10:41:27 +0800] "GET /xingrg/kc/buy/cgsh_order_info.html?code=212021010702877&sysBaseUrl=http%3A%2F%2F180.169.147.146%3A18081%2Fxingrg%2F&costTime=1×tamp=1612060887165 HTTP/1.1" 200 8212
120.253.135.82 - - [31/Jan/2021:10:41:27 +0800] "GET /xingrg/kc/buy/cgsh_order_info.html?code=212021010702877&sysBaseUrl=http%3A%2F%2F180.169.147.146%3A18081%2Fxingrg%2F&costTime=8×tamp=1612060887334 HTTP/1.1" 200 55933
120.253.135.82 - - [31/Jan/2021:10:41:27 +0800] "GET /xingrg/javascript/jquery.utils.js HTTP/1.1" 200 11805
120.253.135.82 - - [31/Jan/2021:10:41:27 +0800] "GET /favicon.ico HTTP/1.1" 404 -
180.169.147.146 - - [31/Jan/2021:10:41:28 +0800] "POST /xingrg/all/common/load_combo.html?type=base HTTP/1.1" 200 3057
120.253.135.82 - - [31/Jan/2021:10:41:28 +0800] "GET /xingrg/javascript/easyui/themes/default/validatebox.css HTTP/1.1" 404 1104
120.253.135.82 - - [31/Jan/2021:10:41:29 +0800] "POST /xingrg/kc/buy/cgsh_order_operate.html HTTP/1.1" 200 1803
180.169.147.146 - - [31/Jan/2021:10:41:30 +0800] "POST /xingrg/all/common/load_combo.html?type=base HTTP/1.1" 200 3057
180.162.108.15 - - [31/Jan/2021:10:41:30 +0800] "GET /xingrg/kc/buy/cgsh_order_operate.html?command=get_materiel&rest_code=00143&code=00101008356&supplier_code=00100161&order_time=2021-01-31 HTTP/1.1" 200 408
222.69.133.109 - - [31/Jan/2021:10:41:32 +0800] "GET /xingrg/kc/base/wldb_order_add.html HTTP/1.1" 200 30508
222.69.133.109 - - [31/Jan/2021:10:41:32 +0800] "POST /xingrg/kc/base/wldb_order_operate.html HTTP/1.1" 200 6806
222.69.133.109 - - [31/Jan/2021:10:41:32 +0800] "GET /xingrg/javascript/easyui/themes/default/validatebox.css HTTP/1.1" 404 1104
222.69.133.109 - - [31/Jan/2021:10:41:34 +0800] "POST /xingrg/all/common/load_combo.html?type=base HTTP/1.1" 200 1136
117.185.32.26 - - [31/Jan/2021:10:41:34 +0800] "POST /xingrg/kc/buy/cgsh_order_operate.html HTTP/1.1" 200 37
117.185.32.26 - - [31/Jan/2021:10:41:36 +0800] "POST /xingrg/kc/buy/cgsh_order_operate.html HTTP/1.1" 200 12
117.185.32.26 - - [31/Jan/2021:10:41:38 +0800] "GET /xingrg/kc/buy/cgsh_order_info.html?code=212021013114550 HTTP/1.1" 200 56932
116.228.172.94 - - [31/Jan/2021:10:41:38 +0800] "GET /xingrg/kc/buy/cgsh_order_operate.html?command=get_materiel&rest_code=00107&code=00101008085&supplier_code=00100006&order_time=2021-01-31 HTTP/1.1" 200 412
117.185.32.26 - - [31/Jan/2021:10:41:38 +0800] "GET /xingrg/javascript/easyui/themes/default/validatebox.css HTTP/1.1" 404 1104
117.185.32.26 - - [31/Jan/2021:10:41:39 +0800] "POST /xingrg/kc/buy/cgsh_order_operate.html HTTP/1.1" 200 6504
117.185.32.26 - - [31/Jan/2021:10:41:40 +0800] "GET /xingrg/kc/print/load_data.html?order_code=212021013114550&kc_code=cgsh&condition= HTTP/1.1" 200 2953
117.185.32.26 - - [31/Jan/2021:10:41:40 +0800] "GET /xingrg/all/function/internal_message.html?_=1612061383347&CODE_STATE=getMsg HTTP/1.1" 200 27
180.162.108.15 - - [31/Jan/2021:10:41:40 +0800] "GET /xingrg/kc/buy/cgsh_order_operate.html?command=get_materiel&rest_code=00143&code=00101008286&supplier_code=00100161&order_time=2021-01-31 HTTP/1.1" 200 408
222.69.133.109 - - [31/Jan/2021:10:41:42 +0800] "POST /xingrg/all/common/load_combo.html?type=base HTTP/1.1" 200 1136
117.185.32.26 - - [31/Jan/2021:10:41:44 +0800] "GET /xingrg/kc/print/load_data.html?order_code=212021013114550&kc_code=cgsh HTTP/1.1" 200 2953
180.175.150.119 - - [31/Jan/2021:10:41:48 +0800] "GET /xingrg/all/function/internal_message.html?_=1612061148039&CODE_STATE=getMsg HTTP/1.1" 200 27
120.253.135.82 - - [31/Jan/2021:10:41:48 +0800] "GET /xingrg/kc/guide/show_order.html?code=212021010702877&type=21 HTTP/1.1" 302 -
120.253.135.82 - - [31/Jan/2021:10:41:49 +0800] "GET /xingrg/kc/guide/show_order.html?code=212021010702877&type=21 HTTP/1.1" 302 -
120.253.135.82 - - [31/Jan/2021:10:41:49 +0800] "GET /xingrg/kc/buy/cgsh_order_info.html?code=212021010702877&sysBaseUrl=http%3A%2F%2F180.169.147.146%3A18081%2Fxingrg%2F&costTime=1×tamp=1612060908920 HTTP/1.1" 200 8212
120.253.135.82 - - [31/Jan/2021:10:41:49 +0800] "GET /xingrg/kc/buy/cgsh_order_info.html?code=212021010702877&sysBaseUrl=http%3A%2F%2F180.169.147.146%3A18081%2Fxingrg%2F&costTime=0×tamp=1612060909044 HTTP/1.1" 200 55933
120.253.135.82 - - [31/Jan/2021:10:41:49 +0800] "GET /xingrg/javascript/jquery.utils.js HTTP/1.1" 200 11805
58.37.230.33 - - [31/Jan/2021:10:41:49 +0800] "GET /xingrg/all/function/internal_message.html?_=1612060927055&CODE_STATE=getMsg HTTP/1.1" 302 -
120.253.135.82 - - [31/Jan/2021:10:41:49 +0800] "GET /favicon.ico HTTP/1.1" 404 -
120.253.135.82 - - [31/Jan/2021:10:41:49 +0800] "GET /xingrg/javascript/easyui/themes/default/validatebox.css HTTP/1.1" 404 1104
120.253.135.82 - - [31/Jan/2021:10:41:50 +0800] "POST /xingrg/kc/buy/cgsh_order_operate.html HTTP/1.1" 200 1803
61.165.42.208 - - [31/Jan/2021:10:41:51 +0800] "GET /xingrg/all/function/internal_message.html?_=1612060907231&CODE_STATE=getMsg HTTP/1.1" 200 27
180.162.108.15 - - [31/Jan/2021:10:41:51 +0800] "GET /xingrg/kc/buy/cgsh_order_operate.html?command=get_materiel&rest_code=00143&code=00101008353&supplier_code=00100161&order_time=2021-01-31 HTTP/1.1" 200 408
180.169.147.146 - - [31/Jan/2021:10:41:53 +0800] "GET /xingrg/kc/base/wldb_order_operate.html?command=get_materiel&rest_code=00147&base_code=0010287&code=00102002082 HTTP/1.1" 200 440
180.162.108.15 - - [31/Jan/2021:10:41:55 +0800] "GET /xingrg/system/info/materiel_import.html?isSelect=1&singleSelect=false HTTP/1.1" 200 5600
180.162.108.15 - - [31/Jan/2021:10:41:55 +0800] "POST /xingrg/all/common/load_tree.html?tree=materiel_sort_tree_json HTTP/1.1" 200 8666
180.162.108.15 - - [31/Jan/2021:10:41:55 +0800] "GET /favicon.ico HTTP/1.1" 404 -
116.227.18.45 - - [31/Jan/2021:10:41:56 +0800] "GET /xingrg/kc/buy/cgsh_order_list.html HTTP/1.1" 200 46288
218.81.223.240 - - [31/Jan/2021:10:41:56 +0800] "GET /xingrg/all/function/internal_message.html?_=1612060914443&CODE_STATE=getMsg HTTP/1.1" 200 27
116.227.18.45 - - [31/Jan/2021:10:41:58 +0800] "POST /xingrg/kc/buy/cgsh_list_operate.html HTTP/1.1" 200 876
116.227.18.45 - - [31/Jan/2021:10:41:59 +0800] "GET /xingrg/kc/buy/cgsh_order_add.html HTTP/1.1" 200 61988
116.227.18.45 - - [31/Jan/2021:10:41:59 +0800] "GET /xingrg/words/20210130112933_words.js HTTP/1.1" 304 -
116.227.18.45 - - [31/Jan/2021:10:41:59 +0800] "POST /xingrg/kc/buy/cgsh_order_operate.html HTTP/1.1" 200 8245
116.227.18.45 - - [31/Jan/2021:10:42:00 +0800] "GET /xingrg/all/common/auto_word.html?type=employee&rest_code=00155 HTTP/1.1" 200 51
116.227.18.45 - - [31/Jan/2021:10:42:00 +0800] "GET /xingrg/javascript/easyui/themes/default/validatebox.css HTTP/1.1" 404 1104
116.227.18.45 - - [31/Jan/2021:10:42:00 +0800] "GET /xingrg/all/common/auto_word.html?type=employee&rest_code=00155 HTTP/1.1" 200 51
61.165.42.208 - - [31/Jan/2021:10:42:02 +0800] "GET /xingrg/kc/buy/cgsh_order_add.html HTTP/1.1" 200 62067
61.165.42.208 - - [31/Jan/2021:10:42:02 +0800] "POST /xingrg/kc/buy/cgsh_order_operate.html HTTP/1.1" 200 8245
61.165.42.208 - - [31/Jan/2021:10:42:02 +0800] "GET /xingrg/javascript/easyui/themes/default/validatebox.css HTTP/1.1" 404 1104
117.185.32.26 - - [31/Jan/2021:10:42:02 +0800] "GET /xingrg/all/function/internal_message.html?_=1612060937371&CODE_STATE=getMsg HTTP/1.1" 200 27
180.162.108.15 - - [31/Jan/2021:10:42:05 +0800] "GET /xingrg/kc/buy/cgsh_order_operate.html?command=get_materiel&rest_code=00143&code=00101008350&supplier_code=00100161&order_time=2021-01-31 HTTP/1.1" 200 408
116.227.18.45 - - [31/Jan/2021:10:42:06 +0800] "GET /xingrg/all/function/internal_message.html?_=1612060922068&CODE_STATE=getMsg HTTP/1.1" 200 27
120.253.135.82 - - [31/Jan/2021:10:42:06 +0800] "GET /xingrg/all/function/internal_message.html?_=1612060685332&CODE_STATE=getMsg HTTP/1.1" 200 27
222.69.133.109 - - [31/Jan/2021:10:42:07 +0800] "GET /xingrg/all/function/internal_message.html?_=1612060923625&CODE_STATE=getMsg HTTP/1.1" 200 27
116.228.172.94 - - [31/Jan/2021:10:42:08 +0800] "GET /xingrg/kc/buy/cgsh_order_operate.html?command=get_materiel&rest_code=00107&code=00101008302&supplier_code=00100006&order_time=2021-01-31 HTTP/1.1" 200 412
218.81.223.241 - - [31/Jan/2021:10:42:09 +0800] "GET /xingrg/all/function/internal_message.html?_=1612060927157&CODE_STATE=getMsg HTTP/1.1" 302 -
61.165.42.208 - - [31/Jan/2021:10:42:10 +0800] "GET /xingrg/kc/buy/cgsh_order_operate.html?command=get_materiel&rest_code=00105&code=00101004011&supplier_code=00100086&order_time=2021-01-31 HTTP/1.1" 200 413
180.169.147.146 - - [31/Jan/2021:10:42:10 +0800] "GET /xingrg/kc/base/wldb_order_operate.html?command=get_materiel&rest_code=00147&base_code=0010287&code=00102012040 HTTP/1.1" 200 452
222.69.134.6 - - [31/Jan/2021:10:42:11 +0800] "GET /xingrg/all/function/internal_message.html?_=1612060927382&CODE_STATE=getMsg HTTP/1.1" 200 27
180.162.108.15 - - [31/Jan/2021:10:42:14 +0800] "GET /xingrg/all/function/internal_message.html?_=1612060778544&CODE_STATE=getMsg HTTP/1.1" 200 27
114.86.187.76 - - [31/Jan/2021:10:42:14 +0800] "GET /xingrg/all/function/internal_message.html?_=1612060931407&CODE_STATE=getMsg HTTP/1.1" 200 27
180.162.108.15 - - [31/Jan/2021:10:42:16 +0800] "GET /xingrg/kc/buy/cgsh_order_operate.html?command=get_materiel&rest_code=00143&code=00101008264&supplier_code=00100161&order_time=2021-01-31 HTTP/1.1" 200 412
116.228.172.94 - - [31/Jan/2021:10:42:16 +0800] "GET /xingrg/all/function/internal_message.html?_=1612060932833&CODE_STATE=getMsg HTTP/1.1" 200 27
114.88.166.193 - - [31/Jan/2021:10:42:18 +0800] "GET /xingrg/all/function/internal_message.html?_=1612060934033&CODE_STATE=getMsg HTTP/1.1" 200 27
61.165.42.208 - - [31/Jan/2021:10:42:21 +0800] "POST /xingrg/kc/buy/cgsh_order_operate.html HTTP/1.1" 200 37
61.165.42.208 - - [31/Jan/2021:10:42:22 +0800] "POST /xingrg/kc/buy/cgsh_order_operate.html HTTP/1.1" 200 2661
116.228.172.94 - - [31/Jan/2021:10:42:22 +0800] "GET /xingrg/kc/buy/cgsh_order_operate.html?command=get_materiel&rest_code=00107&code=00101008027&supplier_code=00100006&order_time=2021-01-31 HTTP/1.1" 200 409
61.165.42.208 - - [31/Jan/2021:10:42:23 +0800] "GET /xingrg/kc/print/load_data.html?order_code=212021013114551&kc_code=cgsh&condition= HTTP/1.1" 200 737
116.238.117.152 - - [31/Jan/2021:10:42:23 +0800] "GET /xingrg/all/function/internal_message.html?_=1612060939506&CODE_STATE=getMsg HTTP/1.1" 200 27
180.175.150.119 - - [31/Jan/2021:10:42:23 +0800] "GET /xingrg/check_reg.html?_=1612061183804 HTTP/1.1" 200 22
180.169.147.146 - - [31/Jan/2021:10:42:26 +0800] "GET /xingrg/kc/base/wldb_order_operate.html?command=get_materiel&rest_code=00147&base_code=0010287&code=00102002150 HTTP/1.1" 200 434
61.165.42.208 - - [31/Jan/2021:10:42:26 +0800] "GET /xingrg/kc/buy/cgsh_order_add.html HTTP/1.1" 200 62067
116.228.172.94 - - [31/Jan/2021:10:42:26 +0800] "POST /xingrg/kc/buy/cgsh_order_operate.html HTTP/1.1" 200 2065
61.165.42.208 - - [31/Jan/2021:10:42:26 +0800] "POST /xingrg/kc/buy/cgsh_order_operate.html HTTP/1.1" 200 8245
61.165.42.208 - - [31/Jan/2021:10:42:26 +0800] "GET /xingrg/javascript/easyui/themes/default/validatebox.css HTTP/1.1" 404 1104
180.175.150.119 - - [31/Jan/2021:10:42:27 +0800] "GET /xingrg/all/function/internal_message.html?_=1612060942960&CODE_STATE=getMsg HTTP/1.1" 200 27
180.162.108.15 - - [31/Jan/2021:10:42:28 +0800] "GET /xingrg/kc/buy/cgsh_order_operate.html?command=get_materiel&rest_code=00143&code=00101008169&supplier_code=00100161&order_time=2021-01-31 HTTP/1.1" 200 412
61.165.42.208 - - [31/Jan/2021:10:42:35 +0800] "GET /xingrg/kc/buy/cgsh_order_operate.html?command=get_materiel&rest_code=00105&code=00101003041&supplier_code=00100088&order_time=2021-01-31 HTTP/1.1" 200 415
116.228.172.94 - - [31/Jan/2021:10:42:36 +0800] "GET /xingrg/kc/buy/cgsh_order_operate.html?command=get_materiel&rest_code=00107&code=00101008112&supplier_code=00100006&order_time=2021-01-31 HTTP/1.1" 200 412
180.162.108.15 - - [31/Jan/2021:10:42:39 +0800] "GET /xingrg/kc/buy/cgsh_order_operate.html?command=get_materiel&rest_code=00143&code=00101008137&supplier_code=00100161&order_time=2021-01-31 HTTP/1.1" 200 408
120.253.135.82 - - [31/Jan/2021:10:42:40 +0800] "GET /xingrg/check_reg.html?_=1612061064999 HTTP/1.1" 302 -
117.185.32.26 - - [31/Jan/2021:10:42:40 +0800] "GET /xingrg/all/function/internal_message.html?_=1612061443346&CODE_STATE=getMsg HTTP/1.1" 200 27
61.165.42.208 - - [31/Jan/2021:10:42:47 +0800] "POST /xingrg/kc/buy/cgsh_order_operate.html HTTP/1.1" 200 37
180.175.150.119 - - [31/Jan/2021:10:42:48 +0800] "GET /xingrg/all/function/internal_message.html?_=1612061208054&CODE_STATE=getMsg HTTP/1.1" 200 27
58.37.230.33 - - [31/Jan/2021:10:42:49 +0800] "GET /xingrg/all/function/internal_message.html?_=1612060987023&CODE_STATE=getMsg HTTP/1.1" 302 -
116.228.172.94 - - [31/Jan/2021:10:42:49 +0800] "GET /xingrg/kc/buy/cgsh_order_operate.html?command=get_materiel&rest_code=00107&code=00101008010&supplier_code=00100006&order_time=2021-01-31 HTTP/1.1" 200 412
61.165.42.208 - - [31/Jan/2021:10:42:49 +0800] "POST /xingrg/kc/buy/cgsh_order_operate.html HTTP/1.1" 200 2664
61.165.42.208 - - [31/Jan/2021:10:42:51 +0800] "GET /xingrg/kc/print/load_data.html?order_code=212021013114552&kc_code=cgsh&condition= HTTP/1.1" 200 750
61.165.42.208 - - [31/Jan/2021:10:42:51 +0800] "GET /xingrg/all/function/internal_message.html?_=1612060967453&CODE_STATE=getMsg HTTP/1.1" 200 27
61.165.42.208 - - [31/Jan/2021:10:42:52 +0800] "GET /xingrg/check_reg.html?_=1612060968770 HTTP/1.1" 200 22
180.162.108.15 - - [31/Jan/2021:10:42:55 +0800] "GET /xingrg/kc/buy/cgsh_order_operate.html?command=get_materiel&rest_code=00143&code=00101008298&supplier_code=00100161&order_time=2021-01-31 HTTP/1.1" 200 413
218.81.223.240 - - [31/Jan/2021:10:42:56 +0800] "GET /xingrg/all/function/internal_message.html?_=1612060974457&CODE_STATE=getMsg HTTP/1.1" 200 27
116.228.172.94 - - [31/Jan/2021:10:42:59 +0800] "POST /xingrg/kc/buy/cgsh_order_operate.html HTTP/1.1" 200 37
117.185.32.26 - - [31/Jan/2021:10:43:00 +0800] "GET /xingrg/kc/buy/cgsh_order_add.html HTTP/1.1" 200 62026
117.185.32.26 - - [31/Jan/2021:10:43:01 +0800] "GET /xingrg/javascript/easyui/themes/default/validatebox.css HTTP/1.1" 404 1104
117.185.32.26 - - [31/Jan/2021:10:43:01 +0800] "POST /xingrg/kc/buy/cgsh_order_operate.html HTTP/1.1" 200 8245
117.185.32.26 - - [31/Jan/2021:10:43:02 +0800] "GET /xingrg/all/function/internal_message.html?_=1612060997368&CODE_STATE=getMsg HTTP/1.1" 200 27
61.165.42.208 - - [31/Jan/2021:10:43:02 +0800] "GET /xingrg/kc/buy/cgsh_order_add.html HTTP/1.1" 200 62067
61.165.42.208 - - [31/Jan/2021:10:43:03 +0800] "POST /xingrg/kc/buy/cgsh_order_operate.html HTTP/1.1" 200 8245
61.165.42.208 - - [31/Jan/2021:10:43:03 +0800] "GET /xingrg/javascript/easyui/themes/default/validatebox.css HTTP/1.1" 404 1104
180.169.147.146 - - [31/Jan/2021:10:43:03 +0800] "GET /xingrg/kc/base/wldb_order_operate.html?command=get_materiel&rest_code=00147&base_code=0010287&code=00101017004 HTTP/1.1" 200 437
180.175.150.119 - - [31/Jan/2021:10:43:06 +0800] "GET /xingrg/kc/buy/cgsh_order_operate.html?command=get_materiel&rest_code=00102&code=00101002022&supplier_code=00100151&order_time=2021-01-31 HTTP/1.1" 200 409
116.227.18.45 - - [31/Jan/2021:10:43:06 +0800] "GET /xingrg/all/function/internal_message.html?_=1612060982078&CODE_STATE=getMsg HTTP/1.1" 200 27
120.253.135.82 - - [31/Jan/2021:10:43:06 +0800] "GET /xingrg/all/function/internal_message.html?_=1612060745342&CODE_STATE=getMsg HTTP/1.1" 200 27
222.69.133.109 - - [31/Jan/2021:10:43:07 +0800] "GET /xingrg/all/function/internal_message.html?_=1612060983619&CODE_STATE=getMsg HTTP/1.1" 200 27
114.88.166.193 - - [31/Jan/2021:10:43:08 +0800] "GET /xingrg/check_reg.html?_=1612060983498 HTTP/1.1" 200 22
218.81.223.241 - - [31/Jan/2021:10:43:09 +0800] "GET /xingrg/all/function/internal_message.html?_=1612060987163&CODE_STATE=getMsg HTTP/1.1" 302 -
180.162.108.15 - - [31/Jan/2021:10:43:09 +0800] "GET /xingrg/kc/buy/cgsh_order_operate.html?command=get_materiel&rest_code=00143&code=00101008323&supplier_code=00100161&order_time=2021-01-31 HTTP/1.1" 200 408
180.169.147.146 - - [31/Jan/2021:10:43:09 +0800] "GET /xingrg/check_reg.html?_=1612060986114 HTTP/1.1" 200 22
222.69.134.6 - - [31/Jan/2021:10:43:11 +0800] "GET /xingrg/all/function/internal_message.html?_=1612060987372&CODE_STATE=getMsg HTTP/1.1" 200 27
117.185.32.26 - - [31/Jan/2021:10:43:12 +0800] "GET /xingrg/javascript/easyui/themes/default/tree.css HTTP/1.1" 404 1090
117.185.32.26 - - [31/Jan/2021:10:43:12 +0800] "POST /xingrg/all/common/load_tree.html?tree=supplier_tree_json&isDelete=1 HTTP/1.1" 200 54680
222.69.134.6 - - [31/Jan/2021:10:43:13 +0800] "GET /xingrg/check_reg.html?_=1612060989117 HTTP/1.1" 200 22
180.162.108.15 - - [31/Jan/2021:10:43:13 +0800] "POST /xingrg/kc/buy/cgsh_order_operate.html HTTP/1.1" 200 2065
180.162.108.15 - - [31/Jan/2021:10:43:14 +0800] "GET /xingrg/all/function/internal_message.html?_=1612060838543&CODE_STATE=getMsg HTTP/1.1" 200 27
180.162.108.15 - - [31/Jan/2021:10:43:14 +0800] "GET /xingrg/check_reg.html?_=1612060838546 HTTP/1.1" 200 22
180.169.147.146 - - [31/Jan/2021:10:43:14 +0800] "GET /xingrg/kc/base/wldb_order_operate.html?command=get_materiel&rest_code=00147&base_code=0010287&code=00102004035 HTTP/1.1" 200 436
114.86.187.76 - - [31/Jan/2021:10:43:14 +0800] "GET /xingrg/all/function/internal_message.html?_=1612060991420&CODE_STATE=getMsg HTTP/1.1" 200 27
61.165.42.208 - - [31/Jan/2021:10:43:16 +0800] "GET /xingrg/kc/buy/cgsh_order_operate.html?command=get_materiel&rest_code=00105&code=00101010375&supplier_code=00100404&order_time=2021-01-31 HTTP/1.1" 200 406
114.88.166.193 - - [31/Jan/2021:10:43:18 +0800] "GET /xingrg/all/function/internal_message.html?_=1612060994043&CODE_STATE=getMsg HTTP/1.1" 200 27
116.228.172.94 - - [31/Jan/2021:10:43:19 +0800] "POST /xingrg/kc/buy/cgsh_order_operate.html HTTP/1.1" 200 48179
180.162.108.15 - - [31/Jan/2021:10:43:21 +0800] "GET /xingrg/kc/buy/cgsh_order_operate.html?command=get_materiel&rest_code=00143&code=00101008205&supplier_code=00100161&order_time=2021-01-31 HTTP/1.1" 200 412
116.228.172.94 - - [31/Jan/2021:10:43:21 +0800] "GET /xingrg/kc/print/load_config.html?kc_code=cgsh HTTP/1.1" 200 1845
61.165.42.208 - - [31/Jan/2021:10:43:21 +0800] "GET /xingrg/kc/buy/cgsh_order_operate.html?command=get_materiel&rest_code=00105&code=00101006001&supplier_code=00100404&order_time=2021-01-31 HTTP/1.1" 200 426
180.169.147.146 - - [31/Jan/2021:10:43:21 +0800] "POST /xingrg/kc/base/wldb_order_operate.html HTTP/1.1" 200 37
116.228.172.94 - - [31/Jan/2021:10:43:21 +0800] "GET /xingrg/kc/print/load_data.html?order_code=212021013114494&kc_code=cgsh&condition= HTTP/1.1" 200 17873
180.169.147.146 - - [31/Jan/2021:10:43:21 +0800] "POST /xingrg/kc/base/wldb_order_operate.html HTTP/1.1" 200 4140
180.169.147.146 - - [31/Jan/2021:10:43:23 +0800] "GET /xingrg/kc/base/wldb_order_info.html?code=422021013104031 HTTP/1.1" 200 30525
180.169.147.146 - - [31/Jan/2021:10:43:23 +0800] "GET /xingrg/javascript/easyui/themes/default/validatebox.css HTTP/1.1" 404 1104
116.238.117.152 - - [31/Jan/2021:10:43:23 +0800] "GET /xingrg/all/function/internal_message.html?_=1612060999505&CODE_STATE=getMsg HTTP/1.1" 200 27
180.169.147.146 - - [31/Jan/2021:10:43:23 +0800] "POST /xingrg/kc/base/wldb_order_operate.html HTTP/1.1" 200 4140
180.175.150.119 - - [31/Jan/2021:10:43:24 +0800] "POST /xingrg/kc/buy/cgsh_order_operate.html HTTP/1.1" 200 37
180.175.150.119 - - [31/Jan/2021:10:43:25 +0800] "POST /xingrg/kc/buy/cgsh_order_operate.html HTTP/1.1" 200 14539
180.169.147.146 - - [31/Jan/2021:10:43:25 +0800] "GET /xingrg/kc/base/wldb_order_add.html HTTP/1.1" 200 30508
180.169.147.146 - - [31/Jan/2021:10:43:25 +0800] "GET /xingrg/javascript/easyui/themes/default/validatebox.css HTTP/1.1" 404 1104
180.169.147.146 - - [31/Jan/2021:10:43:25 +0800] "POST /xingrg/kc/base/wldb_order_operate.html HTTP/1.1" 200 6806
222.69.133.109 - - [31/Jan/2021:10:43:26 +0800] "POST /xingrg/kc/base/wldb_order_operate.html HTTP/1.1" 200 37
180.175.150.119 - - [31/Jan/2021:10:43:27 +0800] "GET /xingrg/all/function/internal_message.html?_=1612061003534&CODE_STATE=getMsg HTTP/1.1" 200 27
222.69.133.109 - - [31/Jan/2021:10:43:28 +0800] "POST /xingrg/kc/base/wldb_order_operate.html HTTP/1.1" 200 12
222.69.133.109 - - [31/Jan/2021:10:43:28 +0800] "POST /xingrg/kc/base/wldb_order_operate.html HTTP/1.1" 200 4207
180.175.150.119 - - [31/Jan/2021:10:43:29 +0800] "GET /xingrg/kc/print/load_data.html?order_code=212021013114519&kc_code=cgsh&condition= HTTP/1.1" 200 5136
222.69.133.109 - - [31/Jan/2021:10:43:29 +0800] "GET /xingrg/kc/base/wldb_order_info.html?code=422021013104032 HTTP/1.1" 200 26385
222.69.133.109 - - [31/Jan/2021:10:43:29 +0800] "GET /xingrg/javascript/easyui/themes/default/validatebox.css HTTP/1.1" 404 1104
222.69.133.109 - - [31/Jan/2021:10:43:29 +0800] "POST /xingrg/kc/base/wldb_order_operate.html HTTP/1.1" 200 2456
