180.162.108.15 - - [31/Jan/2021:11:12:14 +0800] "GET /xingrg/all/function/internal_message.html?_=1612062578561&CODE_STATE=getMsg HTTP/1.1" 200 27
114.86.187.76 - - [31/Jan/2021:11:12:14 +0800] "POST /xingrg/kc/buy/cgsh_order_operate.html HTTP/1.1" 200 8245
114.86.187.76 - - [31/Jan/2021:11:12:14 +0800] "GET /xingrg/javascript/easyui/themes/default/validatebox.css HTTP/1.1" 404 1104
180.175.150.119 - - [31/Jan/2021:11:12:14 +0800] "GET /xingrg/kc/buy/cgsh_order_info.html?code=212021013114669 HTTP/1.1" 200 56891
218.81.223.240 - - [31/Jan/2021:11:12:15 +0800] "GET /xingrg/javascript/auto/indicator.gif HTTP/1.1" 404 1066
114.86.187.76 - - [31/Jan/2021:11:12:15 +0800] "GET /xingrg/all/function/internal_message.html?_=1612062731721&CODE_STATE=getMsg HTTP/1.1" 200 27
180.175.150.119 - - [31/Jan/2021:11:12:15 +0800] "GET /xingrg/javascript/easyui/themes/default/validatebox.css HTTP/1.1" 404 1104
180.175.150.119 - - [31/Jan/2021:11:12:16 +0800] "POST /xingrg/kc/buy/cgsh_order_operate.html HTTP/1.1" 200 613
180.175.150.119 - - [31/Jan/2021:11:12:16 +0800] "GET /xingrg/kc/print/load_data.html?order_code=212021013114669&kc_code=cgsh&condition= HTTP/1.1" 200 715
116.228.172.94 - - [31/Jan/2021:11:12:17 +0800] "GET /xingrg/all/function/internal_message.html?_=1612062733611&CODE_STATE=getMsg HTTP/1.1" 200 27
116.238.117.152 - - [31/Jan/2021:11:12:18 +0800] "GET /xingrg/kc/buy/cgsh_order_info.html?code=212021013114668 HTTP/1.1" 200 56848
116.238.117.152 - - [31/Jan/2021:11:12:18 +0800] "GET /xingrg/javascript/easyui/themes/default/validatebox.css HTTP/1.1" 404 1104
116.238.117.152 - - [31/Jan/2021:11:12:19 +0800] "POST /xingrg/kc/buy/cgsh_order_operate.html HTTP/1.1" 200 613
218.81.223.240 - - [31/Jan/2021:11:12:20 +0800] "GET /xingrg/javascript/jquery_tools/images/prev.gif HTTP/1.1" 404 1086
218.81.223.240 - - [31/Jan/2021:11:12:20 +0800] "GET /xingrg/javascript/jquery_tools/images/next.gif HTTP/1.1" 404 1086
180.175.150.119 - - [31/Jan/2021:11:12:20 +0800] "GET /xingrg/kc/buy/cgsh_order_add.html HTTP/1.1" 200 61985
117.185.32.26 - - [31/Jan/2021:11:12:20 +0800] "GET /xingrg/kc/buy/cgsh_order_operate.html?command=get_materiel&rest_code=00106&code=00101007032&supplier_code=00100328&order_time=2021-01-31 HTTP/1.1" 200 413
114.86.187.76 - - [31/Jan/2021:11:12:21 +0800] "GET /xingrg/kc/buy/cgsh_order_operate.html?command=get_materiel&rest_code=00148&code=00101003041&supplier_code=00100094&order_time=2021-01-31 HTTP/1.1" 200 415
116.228.172.94 - - [31/Jan/2021:11:12:21 +0800] "POST /xingrg/kc/base/wldb_order_operate.html HTTP/1.1" 200 37
116.238.117.152 - - [31/Jan/2021:11:12:21 +0800] "GET /xingrg/kc/print/load_data.html?order_code=212021013114668&kc_code=cgsh&condition= HTTP/1.1" 200 724
180.175.150.119 - - [31/Jan/2021:11:12:22 +0800] "POST /xingrg/kc/buy/cgsh_order_operate.html HTTP/1.1" 200 8245
180.175.150.119 - - [31/Jan/2021:11:12:22 +0800] "GET /xingrg/javascript/easyui/themes/default/validatebox.css HTTP/1.1" 404 1104
116.228.172.94 - - [31/Jan/2021:11:12:22 +0800] "POST /xingrg/kc/base/wldb_order_operate.html HTTP/1.1" 200 12
116.228.172.94 - - [31/Jan/2021:11:12:22 +0800] "POST /xingrg/kc/base/wldb_order_operate.html HTTP/1.1" 200 2229
58.37.230.33 - - [31/Jan/2021:11:12:24 +0800] "GET /xingrg/all/function/internal_message.html?_=1612062761928&CODE_STATE=getMsg HTTP/1.1" 200 27
180.175.150.119 - - [31/Jan/2021:11:12:25 +0800] "GET /xingrg/all/function/internal_message.html?_=1612062985103&CODE_STATE=getMsg HTTP/1.1" 200 27
116.238.117.152 - - [31/Jan/2021:11:12:25 +0800] "GET /xingrg/kc/buy/cgsh_order_add.html HTTP/1.1" 200 61944
218.81.223.240 - - [31/Jan/2021:11:12:25 +0800] "GET /xingrg/kc/base/wldb_order_operate.html?command=get_materiel&rest_code=00146&base_code=0010063&code=00101019430 HTTP/1.1" 200 462
114.88.166.193 - - [31/Jan/2021:11:12:25 +0800] "GET /xingrg/all/function/internal_message.html?_=1612062741012&CODE_STATE=getMsg HTTP/1.1" 200 27
116.238.117.152 - - [31/Jan/2021:11:12:25 +0800] "POST /xingrg/kc/buy/cgsh_order_operate.html HTTP/1.1" 200 8245
116.238.117.152 - - [31/Jan/2021:11:12:26 +0800] "GET /xingrg/javascript/easyui/themes/default/validatebox.css HTTP/1.1" 404 1104
58.40.7.146 - - [31/Jan/2021:11:12:26 +0800] "GET /xingrg/all/function/internal_message.html?_=1612062742189&CODE_STATE=getMsg HTTP/1.1" 200 27
116.228.172.94 - - [31/Jan/2021:11:12:28 +0800] "GET /xingrg/kc/base/wldb_order_info.html?code=422021013104062 HTTP/1.1" 200 26374
58.37.230.33 - - [31/Jan/2021:11:12:28 +0800] "GET /xingrg/all/function/internal_message.html?_=1612062777180&CODE_STATE=getMsg HTTP/1.1" 200 27
180.175.150.119 - - [31/Jan/2021:11:12:29 +0800] "GET /xingrg/kc/buy/cgsh_order_operate.html?command=get_materiel&rest_code=00102&code=00101008061&supplier_code=00100339&order_time=2021-01-31 HTTP/1.1" 200 423
116.228.172.94 - - [31/Jan/2021:11:12:29 +0800] "GET /xingrg/javascript/easyui/themes/default/validatebox.css HTTP/1.1" 404 1104
116.228.172.94 - - [31/Jan/2021:11:12:29 +0800] "POST /xingrg/kc/base/wldb_order_operate.html HTTP/1.1" 200 523
116.228.172.94 - - [31/Jan/2021:11:12:31 +0800] "GET /xingrg/kc/base/wldb_order_add.html HTTP/1.1" 200 30504
116.228.172.94 - - [31/Jan/2021:11:12:32 +0800] "POST /xingrg/kc/base/wldb_order_operate.html HTTP/1.1" 200 6806
114.86.187.76 - - [31/Jan/2021:11:12:32 +0800] "GET /xingrg/kc/buy/cgsh_order_operate.html?command=get_materiel&rest_code=00148&code=00101004063&supplier_code=00100094&order_time=2021-01-31 HTTP/1.1" 200 414
116.228.172.94 - - [31/Jan/2021:11:12:32 +0800] "GET /xingrg/javascript/easyui/themes/default/validatebox.css HTTP/1.1" 404 1104
114.86.231.210 - - [31/Jan/2021:11:12:32 +0800] "GET /xingrg/all/function/internal_message.html?_=1612062785366&CODE_STATE=getMsg HTTP/1.1" 200 27
116.228.172.94 - - [31/Jan/2021:11:12:34 +0800] "POST /xingrg/all/common/load_combo.html?type=base HTTP/1.1" 200 3324
117.185.32.26 - - [31/Jan/2021:11:12:34 +0800] "POST /xingrg/kc/buy/cgsh_order_operate.html HTTP/1.1" 200 37
116.238.117.152 - - [31/Jan/2021:11:12:35 +0800] "GET /xingrg/kc/buy/cgsh_order_operate.html?command=get_materiel&rest_code=00150&code=00101001045&supplier_code=00100439&order_time=2021-01-31 HTTP/1.1" 200 421
180.175.150.119 - - [31/Jan/2021:11:12:38 +0800] "POST /xingrg/kc/buy/cgsh_order_operate.html HTTP/1.1" 200 37
117.185.32.26 - - [31/Jan/2021:11:12:38 +0800] "POST /xingrg/kc/buy/cgsh_order_operate.html HTTP/1.1" 200 12
218.81.223.240 - - [31/Jan/2021:11:12:38 +0800] "GET /xingrg/kc/base/wldb_order_operate.html?command=get_materiel&rest_code=00146&base_code=0010063&code=00101019535 HTTP/1.1" 200 476
117.185.32.26 - - [31/Jan/2021:11:12:38 +0800] "GET /xingrg/kc/buy/cgsh_order_info.html?code=212021013114670 HTTP/1.1" 200 56926
117.185.32.26 - - [31/Jan/2021:11:12:39 +0800] "GET /xingrg/javascript/easyui/themes/default/validatebox.css HTTP/1.1" 404 1104
117.185.32.26 - - [31/Jan/2021:11:12:39 +0800] "POST /xingrg/kc/buy/cgsh_order_operate.html HTTP/1.1" 200 607
120.253.135.82 - - [31/Jan/2021:11:12:40 +0800] "GET /xingrg/check_reg.html?_=1612062865052 HTTP/1.1" 302 -
116.228.172.94 - - [31/Jan/2021:11:12:40 +0800] "POST /xingrg/all/common/load_combo.html?type=base HTTP/1.1" 200 3324
117.185.32.26 - - [31/Jan/2021:11:12:40 +0800] "GET /xingrg/all/function/internal_message.html?_=1612063243477&CODE_STATE=getMsg HTTP/1.1" 200 27
117.185.32.26 - - [31/Jan/2021:11:12:41 +0800] "GET /xingrg/kc/print/load_data.html?order_code=212021013114670&kc_code=cgsh&condition= HTTP/1.1" 200 705
114.86.187.76 - - [31/Jan/2021:11:12:42 +0800] "GET /xingrg/kc/buy/cgsh_order_operate.html?command=get_materiel&rest_code=00148&code=00101001037&supplier_code=00100094&order_time=2021-01-31 HTTP/1.1" 200 416
58.37.230.33 - - [31/Jan/2021:11:12:49 +0800] "GET /xingrg/kc/buy/cgsh_order_operate.html?command=get_materiel&rest_code=00141&code=00101007085&supplier_code=00100328&order_time=2021-01-31 HTTP/1.1" 200 413
61.165.42.208 - - [31/Jan/2021:11:12:50 +0800] "GET /xingrg/all/function/internal_message.html?_=1612062766721&CODE_STATE=getMsg HTTP/1.1" 200 27
61.165.42.208 - - [31/Jan/2021:11:12:52 +0800] "GET /xingrg/check_reg.html?_=1612062768725 HTTP/1.1" 200 22
114.86.231.210 - - [31/Jan/2021:11:12:53 +0800] "GET /xingrg/kc/buy/cgsh_order_add.html HTTP/1.1" 200 62061
114.86.231.210 - - [31/Jan/2021:11:12:53 +0800] "POST /xingrg/kc/buy/cgsh_order_operate.html HTTP/1.1" 200 8245
114.86.231.210 - - [31/Jan/2021:11:12:53 +0800] "GET /xingrg/all/common/auto_word.html?type=employee&rest_code=00109 HTTP/1.1" 200 205
114.86.231.210 - - [31/Jan/2021:11:12:53 +0800] "GET /xingrg/javascript/easyui/themes/default/validatebox.css HTTP/1.1" 404 1104
114.86.231.210 - - [31/Jan/2021:11:12:53 +0800] "GET /xingrg/all/common/auto_word.html?type=employee&rest_code=00109 HTTP/1.1" 200 205
116.228.172.94 - - [31/Jan/2021:11:12:54 +0800] "GET /xingrg/kc/base/wldb_order_operate.html?command=get_materiel&rest_code=00107&base_code=0010708&code=00101034100 HTTP/1.1" 200 428
117.185.32.26 - - [31/Jan/2021:11:12:57 +0800] "GET /xingrg/kc/buy/cgsh_order_add.html HTTP/1.1" 200 62020
117.185.32.26 - - [31/Jan/2021:11:12:57 +0800] "POST /xingrg/kc/buy/cgsh_order_operate.html HTTP/1.1" 200 8245
117.185.32.26 - - [31/Jan/2021:11:12:58 +0800] "GET /xingrg/javascript/easyui/themes/default/validatebox.css HTTP/1.1" 404 1104
58.37.230.33 - - [31/Jan/2021:11:12:58 +0800] "GET /xingrg/kc/buy/cgsh_order_operate.html?command=get_materiel&rest_code=00141&code=00101007077&supplier_code=00100328&order_time=2021-01-31 HTTP/1.1" 200 415
116.238.117.152 - - [31/Jan/2021:11:12:59 +0800] "GET /xingrg/kc/buy/cgsh_order_operate.html?command=get_materiel&rest_code=00150&code=00101001046&supplier_code=00100439&order_time=2021-01-31 HTTP/1.1" 200 444
117.185.32.26 - - [31/Jan/2021:11:12:59 +0800] "GET /xingrg/javascript/easyui/themes/default/tree.css HTTP/1.1" 404 1090
117.185.32.26 - - [31/Jan/2021:11:13:00 +0800] "POST /xingrg/all/common/load_tree.html?tree=supplier_tree_json&isDelete=1 HTTP/1.1" 200 54680
218.81.223.240 - - [31/Jan/2021:11:13:00 +0800] "GET /xingrg/all/function/internal_message.html?_=1612062778203&CODE_STATE=getMsg HTTP/1.1" 200 27
218.81.223.240 - - [31/Jan/2021:11:13:01 +0800] "GET /xingrg/kc/base/wldb_order_operate.html?command=get_materiel&rest_code=00146&base_code=0010063&code=00101019536 HTTP/1.1" 200 470
183.195.131.162 - - [31/Jan/2021:11:13:04 +0800] "GET /xingrg/all/function/internal_message.html?_=1612062758745&CODE_STATE=getMsg HTTP/1.1" 200 27
116.227.18.45 - - [31/Jan/2021:11:13:06 +0800] "GET /xingrg/all/function/internal_message.html?_=1612062782054&CODE_STATE=getMsg HTTP/1.1" 200 27
222.69.133.109 - - [31/Jan/2021:11:13:07 +0800] "GET /xingrg/all/function/internal_message.html?_=1612062783657&CODE_STATE=getMsg HTTP/1.1" 200 27
117.185.32.26 - - [31/Jan/2021:11:13:07 +0800] "GET /xingrg/all/function/internal_message.html?_=1612062802434&CODE_STATE=getMsg HTTP/1.1" 200 27
116.227.18.45 - - [31/Jan/2021:11:13:08 +0800] "GET /xingrg/check_reg.html?_=1612062784760 HTTP/1.1" 200 22
116.227.18.45 - - [31/Jan/2021:11:13:08 +0800] "GET /xingrg/all/function/internal_message.html?_=1612062784762&CODE_STATE=getMsg HTTP/1.1" 200 27
114.88.166.193 - - [31/Jan/2021:11:13:09 +0800] "GET /xingrg/check_reg.html?_=1612062784180 HTTP/1.1" 200 22
120.253.135.82 - - [31/Jan/2021:11:13:09 +0800] "GET /xingrg/all/function/internal_message.html?_=1612062548043&CODE_STATE=getMsg HTTP/1.1" 200 27
218.81.223.241 - - [31/Jan/2021:11:13:09 +0800] "GET /xingrg/all/function/internal_message.html?_=1612062787571&CODE_STATE=getMsg HTTP/1.1" 302 -
180.169.147.146 - - [31/Jan/2021:11:13:10 +0800] "GET /xingrg/check_reg.html?_=1612062786229 HTTP/1.1" 200 22
114.86.231.210 - - [31/Jan/2021:11:13:10 +0800] "GET /xingrg/javascript/auto/indicator.gif HTTP/1.1" 404 1066
222.69.134.6 - - [31/Jan/2021:11:13:10 +0800] "GET /xingrg/all/function/internal_message.html?_=1612062786754&CODE_STATE=getMsg HTTP/1.1" 200 27
114.86.231.210 - - [31/Jan/2021:11:13:11 +0800] "GET /xingrg/kc/buy/cgsh_order_operate.html?command=get_materiel&rest_code=00109&code=00101006001&supplier_code=00100404&order_time=2021-01-31 HTTP/1.1" 200 428
218.81.223.240 - - [31/Jan/2021:11:13:11 +0800] "GET /xingrg/kc/base/wldb_order_operate.html?command=get_materiel&rest_code=00146&base_code=0010063&code=00101019056 HTTP/1.1" 200 474
222.69.134.6 - - [31/Jan/2021:11:13:13 +0800] "GET /xingrg/check_reg.html?_=1612062789144 HTTP/1.1" 200 22
180.162.108.15 - - [31/Jan/2021:11:13:14 +0800] "GET /xingrg/all/function/internal_message.html?_=1612062638562&CODE_STATE=getMsg HTTP/1.1" 200 27
180.162.108.15 - - [31/Jan/2021:11:13:14 +0800] "GET /xingrg/check_reg.html?_=1612062638565 HTTP/1.1" 200 22
114.86.187.76 - - [31/Jan/2021:11:13:15 +0800] "GET /xingrg/all/function/internal_message.html?_=1612062791704&CODE_STATE=getMsg HTTP/1.1" 200 27
116.238.117.152 - - [31/Jan/2021:11:13:15 +0800] "GET /xingrg/all/function/internal_message.html?_=1612062791142&CODE_STATE=getMsg HTTP/1.1" 200 27
116.228.172.94 - - [31/Jan/2021:11:13:17 +0800] "GET /xingrg/all/function/internal_message.html?_=1612062793585&CODE_STATE=getMsg HTTP/1.1" 200 27
116.238.117.152 - - [31/Jan/2021:11:13:18 +0800] "POST /xingrg/kc/buy/cgsh_order_operate.html HTTP/1.1" 200 37
58.37.230.33 - - [31/Jan/2021:11:13:18 +0800] "POST /xingrg/kc/buy/cgsh_order_operate.html HTTP/1.1" 200 88
180.175.150.119 - - [31/Jan/2021:11:13:20 +0800] "POST /xingrg/kc/buy/cgsh_order_operate.html HTTP/1.1" 200 12
180.175.150.119 - - [31/Jan/2021:11:13:20 +0800] "GET /xingrg/kc/buy/cgsh_order_info.html?code=212021013114671 HTTP/1.1" 200 56890
180.175.150.119 - - [31/Jan/2021:11:13:22 +0800] "GET /xingrg/check_reg.html?_=1612062798214 HTTP/1.1" 200 22
180.175.150.119 - - [31/Jan/2021:11:13:22 +0800] "GET /xingrg/all/function/internal_message.html?_=1612062798216&CODE_STATE=getMsg HTTP/1.1" 200 27
180.175.150.119 - - [31/Jan/2021:11:13:22 +0800] "GET /xingrg/javascript/easyui/themes/default/validatebox.css HTTP/1.1" 404 1104
218.81.223.240 - - [31/Jan/2021:11:13:22 +0800] "GET /xingrg/kc/base/wldb_order_operate.html?command=get_materiel&rest_code=00146&base_code=0010063&code=00101019450 HTTP/1.1" 200 469
58.37.230.33 - - [31/Jan/2021:11:13:23 +0800] "POST /xingrg/kc/buy/cgsh_order_operate.html HTTP/1.1" 200 37
180.175.150.119 - - [31/Jan/2021:11:13:23 +0800] "POST /xingrg/kc/buy/cgsh_order_operate.html HTTP/1.1" 200 616
58.37.230.33 - - [31/Jan/2021:11:13:24 +0800] "GET /xingrg/all/function/internal_message.html?_=1612062821932&CODE_STATE=getMsg HTTP/1.1" 200 27
180.175.150.119 - - [31/Jan/2021:11:13:24 +0800] "GET /xingrg/kc/print/load_data.html?order_code=212021013114671&kc_code=cgsh&condition= HTTP/1.1" 200 705
58.37.230.33 - - [31/Jan/2021:11:13:24 +0800] "GET /xingrg/check_reg.html?_=1612062821934 HTTP/1.1" 200 22
116.238.117.152 - - [31/Jan/2021:11:13:24 +0800] "POST /xingrg/kc/buy/cgsh_order_operate.html HTTP/1.1" 200 12
180.175.150.119 - - [31/Jan/2021:11:13:25 +0800] "GET /xingrg/all/function/internal_message.html?_=1612063045478&CODE_STATE=getMsg HTTP/1.1" 200 27
114.88.166.193 - - [31/Jan/2021:11:13:25 +0800] "GET /xingrg/all/function/internal_message.html?_=1612062801021&CODE_STATE=getMsg HTTP/1.1" 200 27
58.37.230.33 - - [31/Jan/2021:11:13:26 +0800] "POST /xingrg/kc/buy/cgsh_order_operate.html HTTP/1.1" 200 12
116.238.117.152 - - [31/Jan/2021:11:13:26 +0800] "GET /xingrg/kc/buy/cgsh_order_info.html?code=212021013114672 HTTP/1.1" 200 56850
58.40.7.146 - - [31/Jan/2021:11:13:26 +0800] "GET /xingrg/all/function/internal_message.html?_=1612062802159&CODE_STATE=getMsg HTTP/1.1" 200 27
116.238.117.152 - - [31/Jan/2021:11:13:26 +0800] "GET /xingrg/javascript/easyui/themes/default/validatebox.css HTTP/1.1" 404 1104
58.37.230.33 - - [31/Jan/2021:11:13:26 +0800] "GET /xingrg/kc/buy/cgsh_order_info.html?code=212021013114674 HTTP/1.1" 200 56932
116.238.117.152 - - [31/Jan/2021:11:13:26 +0800] "POST /xingrg/kc/buy/cgsh_order_operate.html HTTP/1.1" 200 1244
117.185.32.26 - - [31/Jan/2021:11:13:27 +0800] "GET /xingrg/kc/buy/cgsh_order_operate.html?command=get_materiel&rest_code=00106&code=00101001219&supplier_code=00100325&order_time=2021-01-31 HTTP/1.1" 200 410
58.37.230.33 - - [31/Jan/2021:11:13:27 +0800] "GET /xingrg/javascript/easyui/themes/default/validatebox.css HTTP/1.1" 404 1104
58.37.230.33 - - [31/Jan/2021:11:13:27 +0800] "POST /xingrg/kc/buy/cgsh_order_operate.html HTTP/1.1" 200 1202
116.238.117.152 - - [31/Jan/2021:11:13:28 +0800] "GET /xingrg/kc/print/load_data.html?order_code=212021013114672&kc_code=cgsh&condition= HTTP/1.1" 200 991
58.37.230.33 - - [31/Jan/2021:11:13:28 +0800] "GET /xingrg/kc/print/load_data.html?order_code=212021013114674&kc_code=cgsh&condition= HTTP/1.1" 200 942
58.37.230.33 - - [31/Jan/2021:11:13:28 +0800] "GET /xingrg/all/function/internal_message.html?_=1612062837162&CODE_STATE=getMsg HTTP/1.1" 200 27
58.37.230.33 - - [31/Jan/2021:11:13:28 +0800] "GET /xingrg/check_reg.html?_=1612062837444 HTTP/1.1" 200 22
180.175.150.119 - - [31/Jan/2021:11:13:29 +0800] "GET /xingrg/kc/buy/cgsh_order_add.html HTTP/1.1" 200 61985
180.175.150.119 - - [31/Jan/2021:11:13:30 +0800] "POST /xingrg/kc/buy/cgsh_order_operate.html HTTP/1.1" 200 8245
180.175.150.119 - - [31/Jan/2021:11:13:30 +0800] "GET /xingrg/javascript/easyui/themes/default/validatebox.css HTTP/1.1" 404 1104
114.86.231.210 - - [31/Jan/2021:11:13:32 +0800] "GET /xingrg/all/function/internal_message.html?_=1612062847859&CODE_STATE=getMsg HTTP/1.1" 200 27
116.238.117.152 - - [31/Jan/2021:11:13:32 +0800] "GET /xingrg/kc/buy/cgsh_order_add.html HTTP/1.1" 200 61944
116.238.117.152 - - [31/Jan/2021:11:13:33 +0800] "POST /xingrg/kc/buy/cgsh_order_operate.html HTTP/1.1" 200 8245
116.238.117.152 - - [31/Jan/2021:11:13:33 +0800] "GET /xingrg/javascript/easyui/themes/default/validatebox.css HTTP/1.1" 404 1104
114.86.231.210 - - [31/Jan/2021:11:13:33 +0800] "POST /xingrg/kc/buy/cgsh_order_operate.html HTTP/1.1" 200 37
180.175.150.119 - - [31/Jan/2021:11:13:34 +0800] "GET /xingrg/kc/buy/cgsh_order_operate.html?command=get_materiel&rest_code=00102&code=00101001115&supplier_code=00100089&order_time=2021-01-31 HTTP/1.1" 200 414
114.86.231.210 - - [31/Jan/2021:11:13:35 +0800] "POST /xingrg/kc/buy/cgsh_order_operate.html HTTP/1.1" 200 2674
114.86.231.210 - - [31/Jan/2021:11:13:36 +0800] "GET /xingrg/kc/print/load_config.html?kc_code=cgsh HTTP/1.1" 200 1845
114.86.231.210 - - [31/Jan/2021:11:13:36 +0800] "GET /xingrg/kc/print/load_data.html?order_code=212021013114675&kc_code=cgsh&condition= HTTP/1.1" 200 697
114.86.231.210 - - [31/Jan/2021:11:13:39 +0800] "GET /xingrg/kc/buy/cgsh_order_add.html HTTP/1.1" 200 62061
114.86.231.210 - - [31/Jan/2021:11:13:39 +0800] "POST /xingrg/kc/buy/cgsh_order_operate.html HTTP/1.1" 200 8245
114.86.231.210 - - [31/Jan/2021:11:13:39 +0800] "GET /xingrg/all/common/auto_word.html?type=employee&rest_code=00109 HTTP/1.1" 200 205
114.86.231.210 - - [31/Jan/2021:11:13:39 +0800] "GET /xingrg/all/common/auto_word.html?type=employee&rest_code=00109 HTTP/1.1" 200 205
114.86.231.210 - - [31/Jan/2021:11:13:39 +0800] "GET /xingrg/javascript/easyui/themes/default/validatebox.css HTTP/1.1" 404 1104
180.175.150.119 - - [31/Jan/2021:11:13:44 +0800] "POST /xingrg/kc/buy/cgsh_order_operate.html HTTP/1.1" 200 37
117.185.32.26 - - [31/Jan/2021:11:13:44 +0800] "POST /xingrg/kc/buy/cgsh_order_operate.html HTTP/1.1" 200 88
61.165.42.208 - - [31/Jan/2021:11:13:45 +0800] "GET /xingrg/kc/base/wldb_order_list.html HTTP/1.1" 200 19339
116.228.172.94 - - [31/Jan/2021:11:13:45 +0800] "POST /xingrg/kc/base/wldb_order_operate.html HTTP/1.1" 200 37
61.165.42.208 - - [31/Jan/2021:11:13:45 +0800] "POST /xingrg/kc/base/wldb_list_operate.html HTTP/1.1" 200 928
116.228.172.94 - - [31/Jan/2021:11:13:45 +0800] "POST /xingrg/kc/base/wldb_order_operate.html HTTP/1.1" 200 2193
114.86.231.210 - - [31/Jan/2021:11:13:46 +0800] "GET /xingrg/kc/buy/cgsh_order_operate.html?command=get_materiel&rest_code=00109&code=00101004063&supplier_code=00100085&order_time=2021-01-31 HTTP/1.1" 200 416
180.175.150.119 - - [31/Jan/2021:11:13:46 +0800] "POST /xingrg/kc/buy/cgsh_order_operate.html HTTP/1.1" 200 12
180.175.150.119 - - [31/Jan/2021:11:13:47 +0800] "GET /xingrg/kc/buy/cgsh_order_info.html?code=212021013114676 HTTP/1.1" 200 56889
116.228.172.94 - - [31/Jan/2021:11:13:47 +0800] "POST /xingrg/kc/base/wldb_order_operate.html HTTP/1.1" 200 12
218.81.223.240 - - [31/Jan/2021:11:13:48 +0800] "POST /xingrg/kc/base/wldb_order_operate.html HTTP/1.1" 200 37
180.175.150.119 - - [31/Jan/2021:11:13:48 +0800] "GET /xingrg/javascript/easyui/themes/default/validatebox.css HTTP/1.1" 404 1104
58.37.230.33 - - [31/Jan/2021:11:13:48 +0800] "GET /xingrg/kc/buy/cgsh_order_add.html HTTP/1.1" 200 62026
61.151.207.141 - - [31/Jan/2021:11:13:49 +0800] "GET /xingrg/all/function/internal_message.html?_=1612062777180&CODE_STATE=getMsg HTTP/1.1" 302 -
58.37.230.33 - - [31/Jan/2021:11:13:49 +0800] "POST /xingrg/kc/buy/cgsh_order_operate.html HTTP/1.1" 200 8245
58.37.230.33 - - [31/Jan/2021:11:13:49 +0800] "GET /xingrg/javascript/easyui/themes/default/validatebox.css HTTP/1.1" 404 1104
117.185.32.26 - - [31/Jan/2021:11:13:49 +0800] "POST /xingrg/kc/buy/cgsh_order_operate.html HTTP/1.1" 200 37
180.175.150.119 - - [31/Jan/2021:11:13:49 +0800] "POST /xingrg/kc/buy/cgsh_order_operate.html HTTP/1.1" 200 609
218.81.223.240 - - [31/Jan/2021:11:13:50 +0800] "POST /xingrg/kc/base/wldb_order_operate.html HTTP/1.1" 200 12
116.228.172.94 - - [31/Jan/2021:11:13:50 +0800] "GET /xingrg/kc/base/wldb_order_info.html?code=422021013104063 HTTP/1.1" 200 26386
218.81.223.240 - - [31/Jan/2021:11:13:50 +0800] "POST /xingrg/kc/base/wldb_order_operate.html HTTP/1.1" 200 3740
180.175.150.119 - - [31/Jan/2021:11:13:50 +0800] "GET /xingrg/kc/print/load_data.html?order_code=212021013114676&kc_code=cgsh&condition= HTTP/1.1" 200 771
61.165.42.208 - - [31/Jan/2021:11:13:50 +0800] "GET /xingrg/all/function/internal_message.html?_=1612062826689&CODE_STATE=getMsg HTTP/1.1" 200 27
116.228.172.94 - - [31/Jan/2021:11:13:50 +0800] "GET /xingrg/javascript/easyui/themes/default/validatebox.css HTTP/1.1" 404 1104
218.81.223.240 - - [31/Jan/2021:11:13:50 +0800] "GET /xingrg/kc/base/wldb_order_info.html?code=422021013104064 HTTP/1.1" 200 26389
116.228.172.94 - - [31/Jan/2021:11:13:51 +0800] "POST /xingrg/kc/base/wldb_order_operate.html HTTP/1.1" 200 487
218.81.223.240 - - [31/Jan/2021:11:13:51 +0800] "GET /xingrg/javascript/easyui/themes/default/validatebox.css HTTP/1.1" 404 1104
218.81.223.240 - - [31/Jan/2021:11:13:51 +0800] "POST /xingrg/kc/base/wldb_order_operate.html HTTP/1.1" 200 2003
61.151.207.141 - - [31/Jan/2021:11:13:52 +0800] "GET /xingrg/login.html HTTP/1.1" 200 7641
117.185.32.26 - - [31/Jan/2021:11:13:52 +0800] "POST /xingrg/kc/buy/cgsh_order_operate.html HTTP/1.1" 200 12
117.185.32.26 - - [31/Jan/2021:11:13:52 +0800] "GET /xingrg/kc/buy/cgsh_order_info.html?code=212021013114678 HTTP/1.1" 200 56926
116.228.172.94 - - [31/Jan/2021:11:13:53 +0800] "GET /xingrg/kc/base/wldb_order_add.html HTTP/1.1" 200 30504
117.185.32.26 - - [31/Jan/2021:11:13:53 +0800] "GET /xingrg/javascript/easyui/themes/default/validatebox.css HTTP/1.1" 404 1104
117.185.32.26 - - [31/Jan/2021:11:13:53 +0800] "POST /xingrg/kc/buy/cgsh_order_operate.html HTTP/1.1" 200 622
116.228.172.94 - - [31/Jan/2021:11:13:54 +0800] "GET /xingrg/javascript/easyui/themes/default/validatebox.css HTTP/1.1" 404 1104
116.228.172.94 - - [31/Jan/2021:11:13:54 +0800] "POST /xingrg/kc/base/wldb_order_operate.html HTTP/1.1" 200 6806
116.228.172.94 - - [31/Jan/2021:11:13:54 +0800] "POST /xingrg/all/common/load_combo.html?type=base HTTP/1.1" 200 3324
117.185.32.26 - - [31/Jan/2021:11:13:56 +0800] "GET /xingrg/kc/print/load_data.html?order_code=212021013114678&kc_code=cgsh&condition= HTTP/1.1" 200 720
180.175.150.119 - - [31/Jan/2021:11:13:56 +0800] "GET /xingrg/kc/buy/cgsh_order_add.html HTTP/1.1" 200 61985
116.238.117.152 - - [31/Jan/2021:11:13:56 +0800] "GET /xingrg/kc/buy/cgsh_order_operate.html?command=get_materiel&rest_code=00150&code=00101034089&supplier_code=00100347&order_time=2021-01-31 HTTP/1.1" 200 415
180.175.150.119 - - [31/Jan/2021:11:13:57 +0800] "POST /xingrg/kc/buy/cgsh_order_operate.html HTTP/1.1" 200 8245
180.175.150.119 - - [31/Jan/2021:11:13:57 +0800] "GET /xingrg/javascript/easyui/themes/default/validatebox.css HTTP/1.1" 404 1104
58.37.230.33 - - [31/Jan/2021:11:13:59 +0800] "GET /xingrg/kc/buy/cgsh_order_operate.html?command=get_materiel&rest_code=00141&code=00101010161&supplier_code=00100334&order_time=2021-01-31 HTTP/1.1" 200 408
116.228.172.94 - - [31/Jan/2021:11:14:00 +0800] "POST /xingrg/all/common/load_combo.html?type=base HTTP/1.1" 200 3324
180.175.150.119 - - [31/Jan/2021:11:14:02 +0800] "GET /xingrg/kc/buy/cgsh_order_operate.html?command=get_materiel&rest_code=00102&code=00101004011&supplier_code=00100086&order_time=2021-01-31 HTTP/1.1" 200 413
183.195.131.162 - - [31/Jan/2021:11:14:04 +0800] "GET /xingrg/all/function/internal_message.html?_=1612062818750&CODE_STATE=getMsg HTTP/1.1" 200 27
116.227.18.45 - - [31/Jan/2021:11:14:06 +0800] "GET /xingrg/all/function/internal_message.html?_=1612062842062&CODE_STATE=getMsg HTTP/1.1" 200 27
116.227.18.45 - - [31/Jan/2021:11:14:06 +0800] "GET /xingrg/check_reg.html?_=1612062842078 HTTP/1.1" 200 22
58.37.230.33 - - [31/Jan/2021:11:14:07 +0800] "POST /xingrg/kc/buy/cgsh_order_operate.html HTTP/1.1" 200 37
222.69.133.109 - - [31/Jan/2021:11:14:07 +0800] "GET /xingrg/all/function/internal_message.html?_=1612062843658&CODE_STATE=getMsg HTTP/1.1" 200 27
222.69.133.109 - - [31/Jan/2021:11:14:07 +0800] "GET /xingrg/check_reg.html?_=1612062843664 HTTP/1.1" 200 22
117.185.32.26 - - [31/Jan/2021:11:14:07 +0800] "GET /xingrg/all/function/internal_message.html?_=1612062862403&CODE_STATE=getMsg HTTP/1.1" 200 27
120.253.135.82 - - [31/Jan/2021:11:14:07 +0800] "GET /xingrg/check_reg.html?_=1612062606495 HTTP/1.1" 200 22
116.227.18.45 - - [31/Jan/2021:11:14:08 +0800] "GET /xingrg/all/function/internal_message.html?_=1612062844781&CODE_STATE=getMsg HTTP/1.1" 200 27
180.169.147.146 - - [31/Jan/2021:11:14:08 +0800] "GET /xingrg/kc/base/base_main.html HTTP/1.1" 200 12142
120.253.135.82 - - [31/Jan/2021:11:14:09 +0800] "GET /xingrg/all/function/internal_message.html?_=1612062608057&CODE_STATE=getMsg HTTP/1.1" 200 27
218.81.223.241 - - [31/Jan/2021:11:14:09 +0800] "GET /xingrg/all/function/internal_message.html?_=1612062847591&CODE_STATE=getMsg HTTP/1.1" 302 -
180.169.147.146 - - [31/Jan/2021:11:14:09 +0800] "GET /xingrg/kc/base/wldb_order_list.html HTTP/1.1" 200 19345
180.169.147.146 - - [31/Jan/2021:11:14:10 +0800] "POST /xingrg/kc/base/wldb_list_operate.html HTTP/1.1" 200 928
222.69.134.6 - - [31/Jan/2021:11:14:10 +0800] "GET /xingrg/all/function/internal_message.html?_=1612062846726&CODE_STATE=getMsg HTTP/1.1" 200 27
117.185.32.26 - - [31/Jan/2021:11:14:11 +0800] "GET /xingrg/kc/buy/cgsh_order_add.html HTTP/1.1" 200 62020
117.185.32.26 - - [31/Jan/2021:11:14:11 +0800] "POST /xingrg/kc/buy/cgsh_order_operate.html HTTP/1.1" 200 8245
117.185.32.26 - - [31/Jan/2021:11:14:11 +0800] "GET /xingrg/javascript/easyui/themes/default/validatebox.css HTTP/1.1" 404 1104
61.165.42.208 - - [31/Jan/2021:11:14:12 +0800] "GET /xingrg/kc/base/wldb_order_add.html HTTP/1.1" 200 30502
180.169.147.146 - - [31/Jan/2021:11:14:12 +0800] "GET /xingrg/kc/base/wldb_order_add.html HTTP/1.1" 200 30508
61.165.42.208 - - [31/Jan/2021:11:14:12 +0800] "GET /xingrg/javascript/easyui/themes/default/validatebox.css HTTP/1.1" 404 1104
61.165.42.208 - - [31/Jan/2021:11:14:12 +0800] "POST /xingrg/kc/base/wldb_order_operate.html HTTP/1.1" 200 6806
180.169.147.146 - - [31/Jan/2021:11:14:12 +0800] "GET /xingrg/javascript/easyui/themes/default/validatebox.css HTTP/1.1" 404 1104
180.169.147.146 - - [31/Jan/2021:11:14:12 +0800] "POST /xingrg/kc/base/wldb_order_operate.html HTTP/1.1" 200 6806
116.228.172.94 - - [31/Jan/2021:11:14:12 +0800] "GET /xingrg/kc/base/wldb_order_operate.html?command=get_materiel&rest_code=00107&base_code=0010238&code=00101029003 HTTP/1.1" 200 475
117.185.32.26 - - [31/Jan/2021:11:14:13 +0800] "GET /xingrg/javascript/easyui/themes/default/tree.css HTTP/1.1" 404 1090
117.185.32.26 - - [31/Jan/2021:11:14:13 +0800] "POST /xingrg/all/common/load_tree.html?tree=supplier_tree_json&isDelete=1 HTTP/1.1" 200 54680
180.162.108.15 - - [31/Jan/2021:11:14:14 +0800] "GET /xingrg/all/function/internal_message.html?_=1612062698564&CODE_STATE=getMsg HTTP/1.1" 200 27
114.86.187.76 - - [31/Jan/2021:11:14:14 +0800] "GET /xingrg/check_reg.html?_=1612062851455 HTTP/1.1" 200 22
114.86.187.76 - - [31/Jan/2021:11:14:15 +0800] "GET /xingrg/all/function/internal_message.html?_=1612062851688&CODE_STATE=getMsg HTTP/1.1" 200 27
116.238.117.152 - - [31/Jan/2021:11:14:15 +0800] "GET /xingrg/all/function/internal_message.html?_=1612062851117&CODE_STATE=getMsg HTTP/1.1" 200 27
180.169.147.146 - - [31/Jan/2021:11:14:15 +0800] "POST /xingrg/all/common/load_combo.html?type=base HTTP/1.1" 200 3057
114.86.231.210 - - [31/Jan/2021:11:14:16 +0800] "POST /xingrg/kc/buy/cgsh_order_operate.html HTTP/1.1" 200 37
180.169.147.146 - - [31/Jan/2021:11:14:16 +0800] "POST /xingrg/all/common/load_combo.html?type=base HTTP/1.1" 200 3057
180.175.150.119 - - [31/Jan/2021:11:14:16 +0800] "POST /xingrg/kc/buy/cgsh_order_operate.html HTTP/1.1" 200 88
116.228.172.94 - - [31/Jan/2021:11:14:17 +0800] "GET /xingrg/all/function/internal_message.html?_=1612062853580&CODE_STATE=getMsg HTTP/1.1" 200 27
116.228.172.94 - - [31/Jan/2021:11:14:17 +0800] "GET /xingrg/check_reg.html?_=1612062853825 HTTP/1.1" 200 22
58.37.230.33 - - [31/Jan/2021:11:14:17 +0800] "POST /xingrg/kc/buy/cgsh_order_operate.html HTTP/1.1" 200 12
58.37.230.33 - - [31/Jan/2021:11:14:18 +0800] "GET /xingrg/kc/buy/cgsh_order_info.html?code=212021013114679 HTTP/1.1" 200 56932
58.37.230.33 - - [31/Jan/2021:11:14:19 +0800] "GET /xingrg/javascript/easyui/themes/default/validatebox.css HTTP/1.1" 404 1104
58.37.230.33 - - [31/Jan/2021:11:14:19 +0800] "POST /xingrg/kc/buy/cgsh_order_operate.html HTTP/1.1" 200 602
116.228.172.94 - - [31/Jan/2021:11:14:20 +0800] "POST /xingrg/kc/base/wldb_order_operate.html HTTP/1.1" 200 37
180.175.150.119 - - [31/Jan/2021:11:14:21 +0800] "POST /xingrg/kc/buy/cgsh_order_operate.html HTTP/1.1" 200 37
58.37.230.33 - - [31/Jan/2021:11:14:21 +0800] "GET /xingrg/kc/print/load_data.html?order_code=212021013114679&kc_code=cgsh&condition= HTTP/1.1" 200 705
218.81.223.240 - - [31/Jan/2021:11:14:21 +0800] "GET /xingrg/kc/base/wldb_order_add.html HTTP/1.1" 200 30508
218.81.223.240 - - [31/Jan/2021:11:14:22 +0800] "POST /xingrg/kc/base/wldb_order_operate.html HTTP/1.1" 200 6806
180.175.150.119 - - [31/Jan/2021:11:14:22 +0800] "GET /xingrg/all/function/internal_message.html?_=1612062858301&CODE_STATE=getMsg HTTP/1.1" 200 27
218.81.223.240 - - [31/Jan/2021:11:14:22 +0800] "GET /xingrg/javascript/easyui/themes/default/validatebox.css HTTP/1.1" 404 1104
116.228.172.94 - - [31/Jan/2021:11:14:22 +0800] "POST /xingrg/kc/base/wldb_order_operate.html HTTP/1.1" 200 12
116.228.172.94 - - [31/Jan/2021:11:14:22 +0800] "POST /xingrg/kc/base/wldb_order_operate.html HTTP/1.1" 200 2219
180.175.150.119 - - [31/Jan/2021:11:14:22 +0800] "POST /xingrg/kc/buy/cgsh_order_operate.html HTTP/1.1" 200 2659
218.81.223.240 - - [31/Jan/2021:11:14:22 +0800] "GET /xingrg/all/function/internal_message.html?_=1612062860415&CODE_STATE=getMsg HTTP/1.1" 200 27
114.86.231.210 - - [31/Jan/2021:11:14:22 +0800] "POST /xingrg/kc/buy/cgsh_order_operate.html HTTP/1.1" 200 2663
116.228.172.94 - - [31/Jan/2021:11:14:23 +0800] "GET /xingrg/kc/base/wldb_order_info.html?code=422021013104065 HTTP/1.1" 200 26376
116.228.172.94 - - [31/Jan/2021:11:14:24 +0800] "GET /xingrg/javascript/easyui/themes/default/validatebox.css HTTP/1.1" 404 1104
116.228.172.94 - - [31/Jan/2021:11:14:24 +0800] "POST /xingrg/kc/base/wldb_order_operate.html HTTP/1.1" 200 512
58.37.230.33 - - [31/Jan/2021:11:14:24 +0800] "GET /xingrg/all/function/internal_message.html?_=1612062882144&CODE_STATE=getMsg HTTP/1.1" 200 27
180.169.147.146 - - [31/Jan/2021:11:14:24 +0800] "GET /xingrg/javascript/auto/indicator.gif HTTP/1.1" 404 1066
180.175.150.119 - - [31/Jan/2021:11:14:25 +0800] "GET /xingrg/all/function/internal_message.html?_=1612063105493&CODE_STATE=getMsg HTTP/1.1" 200 27
58.37.230.33 - - [31/Jan/2021:11:14:25 +0800] "GET /xingrg/kc/buy/cgsh_order_add.html HTTP/1.1" 200 62026
114.88.166.193 - - [31/Jan/2021:11:14:25 +0800] "GET /xingrg/all/function/internal_message.html?_=1612062861044&CODE_STATE=getMsg HTTP/1.1" 200 27
58.37.230.33 - - [31/Jan/2021:11:14:26 +0800] "POST /xingrg/kc/buy/cgsh_order_operate.html HTTP/1.1" 200 8245
58.37.230.33 - - [31/Jan/2021:11:14:26 +0800] "GET /xingrg/javascript/easyui/themes/default/validatebox.css HTTP/1.1" 404 1104
58.40.7.146 - - [31/Jan/2021:11:14:26 +0800] "GET /xingrg/all/function/internal_message.html?_=1612062862146&CODE_STATE=getMsg HTTP/1.1" 200 27
114.86.231.210 - - [31/Jan/2021:11:14:26 +0800] "GET /xingrg/kc/print/load_config.html?kc_code=cgsh HTTP/1.1" 200 1845
114.86.231.210 - - [31/Jan/2021:11:14:26 +0800] "GET /xingrg/kc/print/load_data.html?order_code=212021013114680&kc_code=cgsh&condition= HTTP/1.1" 200 715
180.169.147.146 - - [31/Jan/2021:11:14:27 +0800] "GET /xingrg/kc/base/wldb_order_operate.html?command=get_materiel&rest_code=00147&base_code=0010287&code=00102002321 HTTP/1.1" 200 448
61.165.42.208 - - [31/Jan/2021:11:14:28 +0800] "GET /xingrg/kc/base/wldb_order_operate.html?command=get_materiel&rest_code=00105&base_code=0010507&code=00101019384 HTTP/1.1" 200 457
58.37.230.33 - - [31/Jan/2021:11:14:28 +0800] "GET /xingrg/all/function/internal_message.html?_=1612062897141&CODE_STATE=getMsg HTTP/1.1" 200 27
114.86.231.210 - - [31/Jan/2021:11:14:29 +0800] "GET /xingrg/check_reg.html?_=1612062907914 HTTP/1.1" 200 22
114.86.231.210 - - [31/Jan/2021:11:14:29 +0800] "GET /xingrg/all/function/internal_message.html?_=1612062907915&CODE_STATE=getMsg HTTP/1.1" 200 27
116.228.172.94 - - [31/Jan/2021:11:14:30 +0800] "GET /xingrg/kc/buy/cgsh_order_add.html HTTP/1.1" 200 62108
114.86.231.210 - - [31/Jan/2021:11:14:30 +0800] "GET /xingrg/kc/buy/cgsh_order_add.html HTTP/1.1" 200 62061
114.86.231.210 - - [31/Jan/2021:11:14:30 +0800] "POST /xingrg/kc/buy/cgsh_order_operate.html HTTP/1.1" 200 8245
114.86.231.210 - - [31/Jan/2021:11:14:30 +0800] "GET /xingrg/all/common/auto_word.html?type=employee&rest_code=00109 HTTP/1.1" 200 205
114.86.231.210 - - [31/Jan/2021:11:14:30 +0800] "GET /xingrg/all/common/auto_word.html?type=employee&rest_code=00109 HTTP/1.1" 200 205
114.86.231.210 - - [31/Jan/2021:11:14:30 +0800] "GET /xingrg/javascript/easyui/themes/default/validatebox.css HTTP/1.1" 404 1104
116.228.172.94 - - [31/Jan/2021:11:14:31 +0800] "GET /xingrg/javascript/easyui/themes/default/validatebox.css HTTP/1.1" 404 1104
116.228.172.94 - - [31/Jan/2021:11:14:31 +0800] "POST /xingrg/kc/buy/cgsh_order_operate.html HTTP/1.1" 200 8245
116.228.172.94 - - [31/Jan/2021:11:14:32 +0800] "GET /xingrg/javascript/easyui/themes/default/tree.css HTTP/1.1" 404 1090
116.228.172.94 - - [31/Jan/2021:11:14:32 +0800] "POST /xingrg/all/common/load_tree.html?tree=supplier_tree_json&isDelete=1 HTTP/1.1" 200 54680
117.185.32.26 - - [31/Jan/2021:11:14:33 +0800] "GET /xingrg/kc/buy/cgsh_order_operate.html?command=get_materiel&rest_code=00106&code=00101001023&supplier_code=00100439&order_time=2021-01-31 HTTP/1.1" 200 413
180.169.147.146 - - [31/Jan/2021:11:14:34 +0800] "POST /xingrg/kc/base/wldb_order_operate.html HTTP/1.1" 200 37
180.169.147.146 - - [31/Jan/2021:11:14:34 +0800] "POST /xingrg/kc/base/wldb_order_operate.html HTTP/1.1" 200 2197
101.89.19.197 - - [31/Jan/2021:11:14:34 +0800] "GET /xingrg/check_reg.html?_=1612062837444 HTTP/1.1" 302 -
61.165.42.208 - - [31/Jan/2021:11:14:35 +0800] "GET /xingrg/kc/base/wldb_order_operate.html?command=get_materiel&rest_code=00105&base_code=0010507&code=00101019258 HTTP/1.1" 200 469
116.238.117.152 - - [31/Jan/2021:11:14:37 +0800] "GET /xingrg/kc/buy/cgsh_order_operate.html?command=get_materiel&rest_code=00150&code=00102026001&supplier_code=00100347&order_time=2021-01-31 HTTP/1.1" 200 409
114.86.231.210 - - [31/Jan/2021:11:14:37 +0800] "GET /xingrg/kc/buy/cgsh_order_operate.html?command=get_materiel&rest_code=00109&code=00101004011&supplier_code=00100086&order_time=2021-01-31 HTTP/1.1" 200 413
180.169.147.146 - - [31/Jan/2021:11:14:38 +0800] "GET /xingrg/kc/base/wldb_order_info.html?code=422021013104066 HTTP/1.1" 200 30522
180.169.147.146 - - [31/Jan/2021:11:14:38 +0800] "GET /xingrg/javascript/easyui/themes/default/validatebox.css HTTP/1.1" 404 1104
180.169.147.146 - - [31/Jan/2021:11:14:39 +0800] "POST /xingrg/kc/base/wldb_order_operate.html HTTP/1.1" 200 2197
117.185.32.26 - - [31/Jan/2021:11:14:40 +0800] "GET /xingrg/all/function/internal_message.html?_=1612063363485&CODE_STATE=getMsg HTTP/1.1" 200 27
61.165.42.208 - - [31/Jan/2021:11:14:41 +0800] "GET /xingrg/kc/base/wldb_order_operate.html?command=get_materiel&rest_code=00105&base_code=0010507&code=00101019438 HTTP/1.1" 200 447
101.89.19.197 - - [31/Jan/2021:11:14:41 +0800] "GET /xingrg/login.html HTTP/1.1" 200 7641
180.169.147.146 - - [31/Jan/2021:11:14:42 +0800] "POST /xingrg/kc/base/wldb_list_operate.html HTTP/1.1" 200 1784
116.227.18.45 - - [31/Jan/2021:11:14:43 +0800] "GET /xingrg/kc/buy/cgsh_order_operate.html?command=get_materiel&rest_code=00155&code=00102002469&supplier_code=00100347&order_time=2021-01-31 HTTP/1.1" 200 416
180.169.147.146 - - [31/Jan/2021:11:14:44 +0800] "POST /xingrg/kc/base/wldb_list_operate.html HTTP/1.1" 200 211
180.175.150.119 - - [31/Jan/2021:11:14:44 +0800] "GET /xingrg/login.html HTTP/1.1" 200 7641
180.175.150.119 - - [31/Jan/2021:11:14:45 +0800] "GET /favicon.ico HTTP/1.1" 404 -
114.86.231.210 - - [31/Jan/2021:11:14:45 +0800] "GET /xingrg/kc/buy/cgsh_order_operate.html?command=get_materiel&rest_code=00109&code=00101004065&supplier_code=00100086&order_time=2021-01-31 HTTP/1.1" 200 413
180.175.150.119 - - [31/Jan/2021:11:14:47 +0800] "GET /xingrg/login.html HTTP/1.1" 200 7641
180.175.150.119 - - [31/Jan/2021:11:14:47 +0800] "GET /favicon.ico HTTP/1.1" 404 -
61.165.42.208 - - [31/Jan/2021:11:14:48 +0800] "GET /xingrg/kc/base/wldb_order_operate.html?command=get_materiel&rest_code=00105&base_code=0010507&code=00101016076 HTTP/1.1" 200 477
116.238.117.152 - - [31/Jan/2021:11:14:48 +0800] "POST /xingrg/kc/buy/cgsh_order_operate.html HTTP/1.1" 200 37
218.81.223.240 - - [31/Jan/2021:11:14:48 +0800] "GET /xingrg/kc/base/wldb_order_operate.html?command=get_materiel&rest_code=00146&base_code=0010063&code=00101019422 HTTP/1.1" 200 458
180.175.150.119 - - [31/Jan/2021:11:14:48 +0800] "POST /xingrg/login.do HTTP/1.1" 302 -
180.175.150.119 - - [31/Jan/2021:11:14:48 +0800] "GET /xingrg/index.html?sysBaseUrl=http%3A%2F%2F180.169.147.146%3A18081%2Fxingrg%2F&costTime=39×tamp=1612062888375 HTTP/1.1" 200 17173
180.175.150.119 - - [31/Jan/2021:11:14:48 +0800] "GET /xingrg/javascript/jquery_easy_ui/themes/default/easyui.css HTTP/1.1" 304 -
180.175.150.119 - - [31/Jan/2021:11:14:48 +0800] "GET /xingrg/css/form.css HTTP/1.1" 304 -
180.175.150.119 - - [31/Jan/2021:11:14:48 +0800] "GET /xingrg/javascript/jquery_easy_ui/themes/icon.css HTTP/1.1" 304 -
180.175.150.119 - - [31/Jan/2021:11:14:48 +0800] "GET /xingrg/javascript/jquery-1.4.2.min.js HTTP/1.1" 304 -
180.175.150.119 - - [31/Jan/2021:11:14:48 +0800] "GET /xingrg/javascript/jquery_easy_ui/jquery.easyui.min.js HTTP/1.1" 304 -
180.175.150.119 - - [31/Jan/2021:11:14:48 +0800] "GET /xingrg/javascript/jquery.form.js HTTP/1.1" 304 -
180.175.150.119 - - [31/Jan/2021:11:14:48 +0800] "GET /xingrg/javascript/jquery.timers.js HTTP/1.1" 304 -
180.175.150.119 - - [31/Jan/2021:11:14:48 +0800] "GET /xingrg/javascript/jquery_easy_ui/easyui-lang-zh_CN.js HTTP/1.1" 304 -
180.175.150.119 - - [31/Jan/2021:11:14:48 +0800] "GET /xingrg/javascript/jquery.utils.js HTTP/1.1" 304 -
180.175.150.119 - - [31/Jan/2021:11:14:48 +0800] "GET /favicon.ico HTTP/1.1" 404 -
180.175.150.119 - - [31/Jan/2021:11:14:48 +0800] "POST /xingrg/all/common/load_tree.html?tree=area_rest_tree_json&manage=1 HTTP/1.1" 200 342
180.169.147.146 - - [31/Jan/2021:11:14:48 +0800] "POST /xingrg/kc/base/wldb_list_operate.html HTTP/1.1" 200 4
180.175.150.119 - - [31/Jan/2021:11:14:48 +0800] "GET /xingrg/all/function/internal_message.html?_=1612062884932&CODE_STATE=count HTTP/1.1" 200 11
180.175.150.119 - - [31/Jan/2021:11:14:48 +0800] "GET /xingrg/check_reg.html?_=1612062884934 HTTP/1.1" 200 22
180.175.150.119 - - [31/Jan/2021:11:14:48 +0800] "POST /xingrg/load_menu.html HTTP/1.1" 200 5138
180.169.147.146 - - [31/Jan/2021:11:14:49 +0800] "POST /xingrg/kc/base/wldb_list_operate.html HTTP/1.1" 200 928
61.165.42.208 - - [31/Jan/2021:11:14:50 +0800] "GET /xingrg/all/function/internal_message.html?_=1612062886651&CODE_STATE=getMsg HTTP/1.1" 200 27
116.238.117.152 - - [31/Jan/2021:11:14:50 +0800] "POST /xingrg/kc/buy/cgsh_order_operate.html HTTP/1.1" 200 12
117.185.32.26 - - [31/Jan/2021:11:14:51 +0800] "POST /xingrg/kc/buy/cgsh_order_operate.html HTTP/1.1" 200 37
116.238.117.152 - - [31/Jan/2021:11:14:52 +0800] "GET /xingrg/kc/buy/cgsh_order_info.html?code=212021013114683 HTTP/1.1" 200 56838
116.238.117.152 - - [31/Jan/2021:11:14:52 +0800] "GET /xingrg/javascript/easyui/themes/default/validatebox.css HTTP/1.1" 404 1104
116.238.117.152 - - [31/Jan/2021:11:14:53 +0800] "POST /xingrg/kc/buy/cgsh_order_operate.html HTTP/1.1" 200 1216
180.175.150.119 - - [31/Jan/2021:11:14:54 +0800] "GET /xingrg/css/base.css HTTP/1.1" 304 -
180.175.150.119 - - [31/Jan/2021:11:14:54 +0800] "GET /xingrg/css/site.css HTTP/1.1" 304 -
180.175.150.119 - - [31/Jan/2021:11:14:54 +0800] "GET /xingrg/javascript/jquery_tools/datebox.css HTTP/1.1" 304 -
180.175.150.119 - - [31/Jan/2021:11:14:54 +0800] "GET /xingrg/javascript/easyui/themes/default/easyui.css HTTP/1.1" 304 -
180.175.150.119 - - [31/Jan/2021:11:14:54 +0800] "GET /xingrg/javascript/easyui/themes/icon.css HTTP/1.1" 304 -
180.175.150.119 - - [31/Jan/2021:11:14:54 +0800] "GET /xingrg/javascript/jquery_tools/table.css HTTP/1.1" 304 -
180.175.150.119 - - [31/Jan/2021:11:14:54 +0800] "GET /xingrg/javascript/jquery_tools/jquery.tools.min.js HTTP/1.1" 304 -
180.175.150.119 - - [31/Jan/2021:11:14:54 +0800] "GET /xingrg/javascript/jquery_tools/fix.css HTTP/1.1" 304 -
180.175.150.119 - - [31/Jan/2021:11:14:54 +0800] "GET /xingrg/javascript/auto/jquery.autocomplete.css HTTP/1.1" 304 -
180.175.150.119 - - [31/Jan/2021:11:14:54 +0800] "GET /xingrg/javascript/jquery_tools/jquery.tools.extend.js HTTP/1.1" 304 -
180.175.150.119 - - [31/Jan/2021:11:14:54 +0800] "GET /xingrg/kc/buy/cgsh_order_list.html HTTP/1.1" 200 46282
180.175.150.119 - - [31/Jan/2021:11:14:54 +0800] "GET /xingrg/javascript/jquery_tools/jquery.tools.hotkey.js HTTP/1.1" 304 -
180.175.150.119 - - [31/Jan/2021:11:14:54 +0800] "GET /xingrg/javascript/jquery_tools/list_manager.js HTTP/1.1" 304 -
180.175.150.119 - - [31/Jan/2021:11:14:54 +0800] "GET /xingrg/javascript/jquery_tools/jquery.tools.table.js HTTP/1.1" 304 -
180.175.150.119 - - [31/Jan/2021:11:14:54 +0800] "GET /xingrg/javascript/auto/jquery.autocomplete.js HTTP/1.1" 304 -
180.175.150.119 - - [31/Jan/2021:11:14:54 +0800] "GET /xingrg/javascript/easyui/easyloader.js HTTP/1.1" 304 -
180.175.150.119 - - [31/Jan/2021:11:14:54 +0800] "GET /xingrg/javascript/jquery.cookie.js HTTP/1.1" 304 -
180.175.150.119 - - [31/Jan/2021:11:14:54 +0800] "GET /xingrg/javascript/print/LodopFuncs.js HTTP/1.1" 304 -
180.175.150.119 - - [31/Jan/2021:11:14:54 +0800] "GET /xingrg/javascript/easyui/plugins/jquery.parser.js HTTP/1.1" 304 -
116.238.117.152 - - [31/Jan/2021:11:14:54 +0800] "GET /xingrg/kc/print/load_data.html?order_code=212021013114683&kc_code=cgsh&condition= HTTP/1.1" 200 940
61.165.42.208 - - [31/Jan/2021:11:14:55 +0800] "GET /xingrg/kc/base/wldb_order_operate.html?command=get_materiel&rest_code=00105&base_code=0010507&code=00101019015 HTTP/1.1" 200 437
117.185.32.26 - - [31/Jan/2021:11:14:55 +0800] "POST /xingrg/kc/buy/cgsh_order_operate.html HTTP/1.1" 200 12
218.81.223.240 - - [31/Jan/2021:11:14:55 +0800] "GET /xingrg/kc/base/wldb_order_operate.html?command=get_materiel&rest_code=00146&base_code=0010063&code=00101019063 HTTP/1.1" 200 448
114.86.231.210 - - [31/Jan/2021:11:14:56 +0800] "POST /xingrg/kc/buy/cgsh_order_operate.html HTTP/1.1" 200 37
58.37.230.33 - - [31/Jan/2021:11:14:57 +0800] "GET /xingrg/kc/buy/cgsh_order_operate.html?command=get_materiel&rest_code=00141&code=00101007036&supplier_code=00100323&order_time=2021-01-31 HTTP/1.1" 200 422
117.185.32.26 - - [31/Jan/2021:11:14:57 +0800] "GET /xingrg/kc/buy/cgsh_order_info.html?code=212021013114684 HTTP/1.1" 200 56926
117.185.32.26 - - [31/Jan/2021:11:14:57 +0800] "GET /xingrg/javascript/easyui/themes/default/validatebox.css HTTP/1.1" 404 1104
180.175.150.119 - - [31/Jan/2021:11:14:57 +0800] "POST /xingrg/kc/buy/cgsh_list_operate.html HTTP/1.1" 200 1696
114.86.231.210 - - [31/Jan/2021:11:14:57 +0800] "POST /xingrg/kc/buy/cgsh_order_operate.html HTTP/1.1" 200 3255
117.185.32.26 - - [31/Jan/2021:11:14:58 +0800] "POST /xingrg/kc/buy/cgsh_order_operate.html HTTP/1.1" 200 610
114.86.231.210 - - [31/Jan/2021:11:14:59 +0800] "GET /xingrg/kc/print/load_config.html?kc_code=cgsh HTTP/1.1" 200 1845
114.86.231.210 - - [31/Jan/2021:11:14:59 +0800] "GET /xingrg/kc/print/load_data.html?order_code=212021013114685&kc_code=cgsh&condition= HTTP/1.1" 200 955
117.185.32.26 - - [31/Jan/2021:11:15:00 +0800] "GET /xingrg/kc/print/load_data.html?order_code=212021013114684&kc_code=cgsh&condition= HTTP/1.1" 200 717
117.185.32.26 - - [31/Jan/2021:11:15:02 +0800] "GET /xingrg/check_reg.html?_=1612062917445 HTTP/1.1" 200 22
114.86.231.210 - - [31/Jan/2021:11:15:03 +0800] "GET /xingrg/kc/buy/cgsh_order_add.html HTTP/1.1" 200 62061
114.86.231.210 - - [31/Jan/2021:11:15:03 +0800] "POST /xingrg/kc/buy/cgsh_order_operate.html HTTP/1.1" 200 8245
114.86.231.210 - - [31/Jan/2021:11:15:03 +0800] "GET /xingrg/javascript/easyui/themes/default/validatebox.css HTTP/1.1" 404 1104
114.86.231.210 - - [31/Jan/2021:11:15:03 +0800] "GET /xingrg/all/common/auto_word.html?type=employee&rest_code=00109 HTTP/1.1" 200 205
114.86.231.210 - - [31/Jan/2021:11:15:03 +0800] "GET /xingrg/all/common/auto_word.html?type=employee&rest_code=00109 HTTP/1.1" 200 205
61.165.42.208 - - [31/Jan/2021:11:15:04 +0800] "GET /xingrg/kc/base/wldb_order_operate.html?command=get_materiel&rest_code=00105&base_code=0010507&code=00101019430 HTTP/1.1" 200 462
218.81.223.240 - - [31/Jan/2021:11:15:04 +0800] "GET /xingrg/kc/base/wldb_order_operate.html?command=get_materiel&rest_code=00146&base_code=0010063&code=00101019313 HTTP/1.1" 200 443
183.195.131.162 - - [31/Jan/2021:11:15:04 +0800] "GET /xingrg/check_reg.html?_=1612062878742 HTTP/1.1" 200 22
183.195.131.162 - - [31/Jan/2021:11:15:04 +0800] "GET /xingrg/all/function/internal_message.html?_=1612062878752&CODE_STATE=getMsg HTTP/1.1" 200 27
116.227.18.45 - - [31/Jan/2021:11:15:06 +0800] "GET /xingrg/all/function/internal_message.html?_=1612062902051&CODE_STATE=getMsg HTTP/1.1" 200 27
117.185.32.26 - - [31/Jan/2021:11:15:07 +0800] "GET /xingrg/all/function/internal_message.html?_=1612062922378&CODE_STATE=getMsg HTTP/1.1" 200 27
222.69.133.109 - - [31/Jan/2021:11:15:07 +0800] "GET /xingrg/all/function/internal_message.html?_=1612062903651&CODE_STATE=getMsg HTTP/1.1" 200 27
180.175.150.119 - - [31/Jan/2021:11:15:07 +0800] "POST /xingrg/kc/buy/cgsh_list_operate.html HTTP/1.1" 200 202
116.227.18.45 - - [31/Jan/2021:11:15:08 +0800] "GET /xingrg/all/function/internal_message.html?_=1612062904776&CODE_STATE=getMsg HTTP/1.1" 200 27
180.175.150.119 - - [31/Jan/2021:11:15:08 +0800] "GET /xingrg/kc/buy/cgsh_order_info.html?code=212021013114682 HTTP/1.1" 200 61998
180.175.150.119 - - [31/Jan/2021:11:15:08 +0800] "GET /xingrg/javascript/pic_change.js HTTP/1.1" 304 -
180.175.150.119 - - [31/Jan/2021:11:15:08 +0800] "GET /xingrg/javascript/jquery_tools/order_manager.js HTTP/1.1" 304 -
180.175.150.119 - - [31/Jan/2021:11:15:08 +0800] "GET /xingrg/javascript/convert.js HTTP/1.1" 304 -
180.175.150.119 - - [31/Jan/2021:11:15:08 +0800] "GET /xingrg/javascript/json2.js HTTP/1.1" 304 -
180.175.150.119 - - [31/Jan/2021:11:15:08 +0800] "GET /xingrg/javascript/print/kc_print.js HTTP/1.1" 304 -
180.175.150.119 - - [31/Jan/2021:11:15:08 +0800] "GET /xingrg/words/20210130112933_words.js HTTP/1.1" 304 -
114.86.231.210 - - [31/Jan/2021:11:15:09 +0800] "GET /xingrg/kc/buy/cgsh_order_operate.html?command=get_materiel&rest_code=00109&code=00101002006&supplier_code=00100091&order_time=2021-01-31 HTTP/1.1" 200 416
120.253.135.82 - - [31/Jan/2021:11:15:09 +0800] "GET /xingrg/all/function/internal_message.html?_=1612062668070&CODE_STATE=getMsg HTTP/1.1" 200 27
180.175.150.119 - - [31/Jan/2021:11:15:09 +0800] "GET /xingrg/all/common/auto_word.html?type=employee&rest_code=00102 HTTP/1.1" 200 189
180.175.150.119 - - [31/Jan/2021:11:15:09 +0800] "GET /xingrg/all/common/auto_word.html?type=employee&rest_code=00102 HTTP/1.1" 200 189
180.175.150.119 - - [31/Jan/2021:11:15:09 +0800] "GET /xingrg/javascript/easyui/themes/default/validatebox.css HTTP/1.1" 404 1104
180.175.150.119 - - [31/Jan/2021:11:15:09 +0800] "GET /xingrg/javascript/easyui/plugins/jquery.validatebox.js HTTP/1.1" 304 -
180.175.150.119 - - [31/Jan/2021:11:15:09 +0800] "GET /xingrg/javascript/easyui/plugins/jquery.numberbox.js HTTP/1.1" 304 -
218.81.223.241 - - [31/Jan/2021:11:15:09 +0800] "GET /xingrg/all/function/internal_message.html?_=1612062907598&CODE_STATE=getMsg HTTP/1.1" 302 -
180.175.150.119 - - [31/Jan/2021:11:15:09 +0800] "POST /xingrg/kc/buy/cgsh_order_operate.html HTTP/1.1" 200 2659
222.69.134.6 - - [31/Jan/2021:11:15:10 +0800] "GET /xingrg/all/function/internal_message.html?_=1612062906696&CODE_STATE=getMsg HTTP/1.1" 200 27
58.37.230.33 - - [31/Jan/2021:11:15:12 +0800] "GET /xingrg/kc/buy/cgsh_order_operate.html?command=get_materiel&rest_code=00141&code=00101007110&supplier_code=00100323&order_time=2021-01-31 HTTP/1.1" 200 409
