58.37.230.33 - - [31/Jan/2021:09:50:50 +0800] "GET /xingrg/all/function/internal_message.html?_=1612057868127&CODE_STATE=getMsg HTTP/1.1" 302 -
61.165.42.208 - - [31/Jan/2021:09:50:52 +0800] "GET /xingrg/all/function/internal_message.html?_=1612057848224&CODE_STATE=getMsg HTTP/1.1" 200 27
218.81.223.240 - - [31/Jan/2021:09:50:56 +0800] "GET /xingrg/all/function/internal_message.html?_=1612057853709&CODE_STATE=getMsg HTTP/1.1" 200 27
218.81.223.241 - - [31/Jan/2021:09:50:58 +0800] "GET /xingrg/check_reg.html?_=1612057855748 HTTP/1.1" 302 -
61.165.42.208 - - [31/Jan/2021:09:51:00 +0800] "GET /xingrg/kc/buy/cgsh_order_operate.html?command=get_materiel&rest_code=00105&code=00101008302&supplier_code=00100203&order_time=2021-01-31 HTTP/1.1" 200 412
218.81.223.240 - - [31/Jan/2021:09:51:03 +0800] "GET /xingrg/check_reg.html?_=1612057860708 HTTP/1.1" 200 22
116.227.18.45 - - [31/Jan/2021:09:51:06 +0800] "GET /xingrg/all/function/internal_message.html?_=1612057862066&CODE_STATE=getMsg HTTP/1.1" 200 27
218.81.223.241 - - [31/Jan/2021:09:51:08 +0800] "GET /xingrg/all/function/internal_message.html?_=1612057866457&CODE_STATE=getMsg HTTP/1.1" 302 -
58.37.230.33 - - [31/Jan/2021:09:51:10 +0800] "GET /xingrg/check_reg.html?_=1612057888096 HTTP/1.1" 302 -
114.88.166.193 - - [31/Jan/2021:09:51:12 +0800] "GET /xingrg/all/function/internal_message.html?_=1612057867245&CODE_STATE=getMsg HTTP/1.1" 200 27
222.69.134.6 - - [31/Jan/2021:09:51:12 +0800] "GET /xingrg/all/function/internal_message.html?_=1612057868293&CODE_STATE=getMsg HTTP/1.1" 200 27
61.165.42.208 - - [31/Jan/2021:09:51:13 +0800] "GET /xingrg/kc/buy/cgsh_order_operate.html?command=get_materiel&rest_code=00105&code=00101008027&supplier_code=00100203&order_time=2021-01-31 HTTP/1.1" 200 409
180.162.108.15 - - [31/Jan/2021:09:51:14 +0800] "GET /xingrg/all/function/internal_message.html?_=1612057718491&CODE_STATE=getMsg HTTP/1.1" 200 27
180.162.108.15 - - [31/Jan/2021:09:51:14 +0800] "GET /xingrg/kc/base/wldb_order_operate.html?command=get_materiel&rest_code=00143&base_code=0010222&code=00102002107 HTTP/1.1" 200 434
116.228.172.94 - - [31/Jan/2021:09:51:17 +0800] "GET /xingrg/all/function/internal_message.html?_=1612057873237&CODE_STATE=getMsg HTTP/1.1" 200 27
180.162.108.15 - - [31/Jan/2021:09:51:20 +0800] "GET /xingrg/system/info/materiel_import.html?isSelect=1&singleSelect=false HTTP/1.1" 200 5600
61.165.42.208 - - [31/Jan/2021:09:51:20 +0800] "GET /xingrg/kc/buy/cgsh_order_operate.html?command=get_materiel&rest_code=00105&code=00101008257&supplier_code=00100203&order_time=2021-01-31 HTTP/1.1" 200 416
180.162.108.15 - - [31/Jan/2021:09:51:20 +0800] "POST /xingrg/all/common/load_tree.html?tree=materiel_sort_tree_json HTTP/1.1" 200 8666
180.162.108.15 - - [31/Jan/2021:09:51:21 +0800] "GET /favicon.ico HTTP/1.1" 404 -
116.238.117.152 - - [31/Jan/2021:09:51:23 +0800] "GET /xingrg/all/function/internal_message.html?_=1612057879416&CODE_STATE=getMsg HTTP/1.1" 200 27
116.238.117.152 - - [31/Jan/2021:09:51:23 +0800] "GET /xingrg/check_reg.html?_=1612057879418 HTTP/1.1" 200 22
180.175.150.119 - - [31/Jan/2021:09:51:24 +0800] "GET /xingrg/all/function/internal_message.html?_=1612058123977&CODE_STATE=getMsg HTTP/1.1" 200 27
61.165.42.208 - - [31/Jan/2021:09:51:27 +0800] "GET /xingrg/kc/buy/cgsh_order_operate.html?command=get_materiel&rest_code=00105&code=00101008112&supplier_code=00100203&order_time=2021-01-31 HTTP/1.1" 200 412
180.162.108.15 - - [31/Jan/2021:09:51:38 +0800] "GET /xingrg/kc/base/wldb_order_operate.html?command=get_materiel&rest_code=00143&base_code=0010222&code=00102002238 HTTP/1.1" 200 434
61.165.42.208 - - [31/Jan/2021:09:51:45 +0800] "GET /xingrg/kc/buy/cgsh_order_operate.html?command=get_materiel&rest_code=00105&code=00101008354&supplier_code=00100203&order_time=2021-01-31 HTTP/1.1" 200 412
58.37.230.33 - - [31/Jan/2021:09:51:50 +0800] "GET /xingrg/all/function/internal_message.html?_=1612057928109&CODE_STATE=getMsg HTTP/1.1" 302 -
61.165.42.208 - - [31/Jan/2021:09:51:51 +0800] "GET /xingrg/kc/buy/cgsh_order_operate.html?command=get_materiel&rest_code=00105&code=00101008351&supplier_code=00100203&order_time=2021-01-31 HTTP/1.1" 200 408
61.165.42.208 - - [31/Jan/2021:09:51:52 +0800] "GET /xingrg/all/function/internal_message.html?_=1612057908203&CODE_STATE=getMsg HTTP/1.1" 200 27
218.81.223.240 - - [31/Jan/2021:09:51:56 +0800] "GET /xingrg/all/function/internal_message.html?_=1612057913717&CODE_STATE=getMsg HTTP/1.1" 200 27
61.165.42.208 - - [31/Jan/2021:09:51:57 +0800] "GET /xingrg/kc/buy/cgsh_order_operate.html?command=get_materiel&rest_code=00105&code=00101008186&supplier_code=00100203&order_time=2021-01-31 HTTP/1.1" 200 408
180.162.108.15 - - [31/Jan/2021:09:52:00 +0800] "GET /xingrg/kc/base/wldb_order_operate.html?command=get_materiel&rest_code=00143&base_code=0010222&code=00102002118 HTTP/1.1" 200 451
61.165.42.208 - - [31/Jan/2021:09:52:04 +0800] "GET /xingrg/kc/buy/cgsh_order_operate.html?command=get_materiel&rest_code=00105&code=00101008038&supplier_code=00100203&order_time=2021-01-31 HTTP/1.1" 200 412
116.227.18.45 - - [31/Jan/2021:09:52:06 +0800] "GET /xingrg/all/function/internal_message.html?_=1612057922051&CODE_STATE=getMsg HTTP/1.1" 200 27
180.162.108.15 - - [31/Jan/2021:09:52:06 +0800] "POST /xingrg/all/common/load_select.html HTTP/1.1" 200 38
180.162.108.15 - - [31/Jan/2021:09:52:08 +0800] "GET /xingrg/kc/base/wldb_order_operate.html?command=get_materiel_price&rest_code=00143&base_code=0010222&code=00102002118&unit_code=00100339 HTTP/1.1" 200 33
218.81.223.241 - - [31/Jan/2021:09:52:08 +0800] "GET /xingrg/all/function/internal_message.html?_=1612057926477&CODE_STATE=getMsg HTTP/1.1" 302 -
114.88.166.193 - - [31/Jan/2021:09:52:12 +0800] "GET /xingrg/all/function/internal_message.html?_=1612057927250&CODE_STATE=getMsg HTTP/1.1" 200 27
222.69.134.6 - - [31/Jan/2021:09:52:12 +0800] "GET /xingrg/all/function/internal_message.html?_=1612057928265&CODE_STATE=getMsg HTTP/1.1" 200 27
61.165.42.208 - - [31/Jan/2021:09:52:13 +0800] "GET /xingrg/kc/buy/cgsh_order_operate.html?command=get_materiel&rest_code=00105&code=00101008358&supplier_code=00100203&order_time=2021-01-31 HTTP/1.1" 200 412
180.162.108.15 - - [31/Jan/2021:09:52:14 +0800] "GET /xingrg/all/function/internal_message.html?_=1612057778501&CODE_STATE=getMsg HTTP/1.1" 200 27
116.228.172.94 - - [31/Jan/2021:09:52:17 +0800] "GET /xingrg/all/function/internal_message.html?_=1612057933221&CODE_STATE=getMsg HTTP/1.1" 200 27
61.165.42.208 - - [31/Jan/2021:09:52:21 +0800] "GET /xingrg/kc/buy/cgsh_order_operate.html?command=get_materiel&rest_code=00105&code=00101008224&supplier_code=00100203&order_time=2021-01-31 HTTP/1.1" 200 416
116.238.117.152 - - [31/Jan/2021:09:52:23 +0800] "GET /xingrg/all/function/internal_message.html?_=1612057939426&CODE_STATE=getMsg HTTP/1.1" 200 27
180.175.150.119 - - [31/Jan/2021:09:52:23 +0800] "GET /xingrg/check_reg.html?_=1612058183369 HTTP/1.1" 200 22
180.175.150.119 - - [31/Jan/2021:09:52:24 +0800] "GET /xingrg/all/function/internal_message.html?_=1612058183989&CODE_STATE=getMsg HTTP/1.1" 200 27
61.165.42.208 - - [31/Jan/2021:09:52:28 +0800] "GET /xingrg/kc/buy/cgsh_order_operate.html?command=get_materiel&rest_code=00105&code=00101008003&supplier_code=00100203&order_time=2021-01-31 HTTP/1.1" 200 408
120.253.135.82 - - [31/Jan/2021:09:52:39 +0800] "GET /xingrg/check_reg.html?_=1612058064926 HTTP/1.1" 302 -
58.37.230.33 - - [31/Jan/2021:09:52:50 +0800] "GET /xingrg/all/function/internal_message.html?_=1612057988089&CODE_STATE=getMsg HTTP/1.1" 302 -
61.165.42.208 - - [31/Jan/2021:09:52:52 +0800] "GET /xingrg/kc/buy/cgsh_order_operate.html?command=get_materiel&rest_code=00105&code=00101008361&supplier_code=00100203&order_time=2021-01-31 HTTP/1.1" 200 408
61.165.42.208 - - [31/Jan/2021:09:52:52 +0800] "GET /xingrg/all/function/internal_message.html?_=1612057968224&CODE_STATE=getMsg HTTP/1.1" 200 27
61.165.42.208 - - [31/Jan/2021:09:52:52 +0800] "GET /xingrg/check_reg.html?_=1612057968660 HTTP/1.1" 200 22
218.81.223.240 - - [31/Jan/2021:09:52:56 +0800] "GET /xingrg/all/function/internal_message.html?_=1612057973731&CODE_STATE=getMsg HTTP/1.1" 200 27
61.165.42.208 - - [31/Jan/2021:09:52:58 +0800] "GET /xingrg/kc/buy/cgsh_order_operate.html?command=get_materiel&rest_code=00105&code=00101008356&supplier_code=00100203&order_time=2021-01-31 HTTP/1.1" 200 409
61.165.42.208 - - [31/Jan/2021:09:53:04 +0800] "GET /xingrg/kc/buy/cgsh_order_operate.html?command=get_materiel&rest_code=00105&code=00101008212&supplier_code=00100203&order_time=2021-01-31 HTTP/1.1" 200 412
116.227.18.45 - - [31/Jan/2021:09:53:06 +0800] "GET /xingrg/all/function/internal_message.html?_=1612057982054&CODE_STATE=getMsg HTTP/1.1" 200 27
114.88.166.193 - - [31/Jan/2021:09:53:08 +0800] "GET /xingrg/check_reg.html?_=1612057983199 HTTP/1.1" 200 22
180.162.108.15 - - [31/Jan/2021:09:53:08 +0800] "GET /xingrg/kc/base/wldb_order_operate.html?command=get_materiel&rest_code=00143&base_code=0010222&code=00102002457 HTTP/1.1" 200 454
218.81.223.241 - - [31/Jan/2021:09:53:08 +0800] "GET /xingrg/all/function/internal_message.html?_=1612057986484&CODE_STATE=getMsg HTTP/1.1" 302 -
180.169.147.146 - - [31/Jan/2021:09:53:09 +0800] "GET /xingrg/check_reg.html?_=1612057985831 HTTP/1.1" 200 22
61.165.42.208 - - [31/Jan/2021:09:53:10 +0800] "GET /xingrg/kc/buy/cgsh_order_operate.html?command=get_materiel&rest_code=00105&code=00101008137&supplier_code=00100203&order_time=2021-01-31 HTTP/1.1" 200 408
114.88.166.193 - - [31/Jan/2021:09:53:12 +0800] "GET /xingrg/all/function/internal_message.html?_=1612057987645&CODE_STATE=getMsg HTTP/1.1" 200 27
222.69.134.6 - - [31/Jan/2021:09:53:12 +0800] "GET /xingrg/all/function/internal_message.html?_=1612057988249&CODE_STATE=getMsg HTTP/1.1" 200 27
222.69.134.6 - - [31/Jan/2021:09:53:13 +0800] "GET /xingrg/check_reg.html?_=1612057989038 HTTP/1.1" 200 22
180.162.108.15 - - [31/Jan/2021:09:53:14 +0800] "GET /xingrg/check_reg.html?_=1612057838495 HTTP/1.1" 200 22
180.162.108.15 - - [31/Jan/2021:09:53:14 +0800] "GET /xingrg/all/function/internal_message.html?_=1612057838500&CODE_STATE=getMsg HTTP/1.1" 200 27
61.165.42.208 - - [31/Jan/2021:09:53:14 +0800] "POST /xingrg/kc/buy/cgsh_order_operate.html HTTP/1.1" 200 2065
61.165.42.208 - - [31/Jan/2021:09:53:15 +0800] "POST /xingrg/kc/buy/cgsh_order_operate.html HTTP/1.1" 200 2065
61.165.42.208 - - [31/Jan/2021:09:53:17 +0800] "POST /xingrg/kc/buy/cgsh_order_operate.html HTTP/1.1" 200 2065
116.228.172.94 - - [31/Jan/2021:09:53:17 +0800] "GET /xingrg/all/function/internal_message.html?_=1612057993194&CODE_STATE=getMsg HTTP/1.1" 200 27
116.238.117.152 - - [31/Jan/2021:09:53:23 +0800] "GET /xingrg/all/function/internal_message.html?_=1612057999418&CODE_STATE=getMsg HTTP/1.1" 200 27
180.175.150.119 - - [31/Jan/2021:09:53:24 +0800] "GET /xingrg/all/function/internal_message.html?_=1612058244003&CODE_STATE=getMsg HTTP/1.1" 200 27
61.165.42.208 - - [31/Jan/2021:09:53:27 +0800] "GET /xingrg/kc/buy/cgsh_order_operate.html?command=get_materiel&rest_code=00105&code=00101008357&supplier_code=00100203&order_time=2021-01-31 HTTP/1.1" 200 408
61.165.42.208 - - [31/Jan/2021:09:53:33 +0800] "GET /xingrg/kc/buy/cgsh_order_operate.html?command=get_materiel&rest_code=00105&code=00101008069&supplier_code=00100203&order_time=2021-01-31 HTTP/1.1" 200 412
61.165.42.208 - - [31/Jan/2021:09:53:38 +0800] "GET /xingrg/kc/buy/cgsh_order_operate.html?command=get_materiel&rest_code=00105&code=00101008286&supplier_code=00100203&order_time=2021-01-31 HTTP/1.1" 200 408
180.162.108.15 - - [31/Jan/2021:09:53:44 +0800] "GET /xingrg/kc/base/wldb_order_operate.html?command=get_materiel&rest_code=00143&base_code=0010222&code=00102002455 HTTP/1.1" 200 440
58.37.230.33 - - [31/Jan/2021:09:53:50 +0800] "GET /xingrg/all/function/internal_message.html?_=1612058048069&CODE_STATE=getMsg HTTP/1.1" 302 -
61.165.42.208 - - [31/Jan/2021:09:53:52 +0800] "GET /xingrg/all/function/internal_message.html?_=1612058028157&CODE_STATE=getMsg HTTP/1.1" 200 27
218.81.223.240 - - [31/Jan/2021:09:53:56 +0800] "GET /xingrg/all/function/internal_message.html?_=1612058033750&CODE_STATE=getMsg HTTP/1.1" 200 27
61.165.42.208 - - [31/Jan/2021:09:53:59 +0800] "GET /xingrg/kc/buy/cgsh_order_operate.html?command=get_materiel&rest_code=00105&code=00101008131&supplier_code=00100203&order_time=2021-01-31 HTTP/1.1" 200 408
61.165.42.208 - - [31/Jan/2021:09:54:05 +0800] "GET /xingrg/kc/buy/cgsh_order_operate.html?command=get_materiel&rest_code=00105&code=00101008108&supplier_code=00100203&order_time=2021-01-31 HTTP/1.1" 200 412
116.227.18.45 - - [31/Jan/2021:09:54:06 +0800] "GET /xingrg/all/function/internal_message.html?_=1612058042055&CODE_STATE=getMsg HTTP/1.1" 200 27
116.227.18.45 - - [31/Jan/2021:09:54:06 +0800] "GET /xingrg/check_reg.html?_=1612058042057 HTTP/1.1" 200 22
218.81.223.241 - - [31/Jan/2021:09:54:08 +0800] "GET /xingrg/all/function/internal_message.html?_=1612058046505&CODE_STATE=getMsg HTTP/1.1" 302 -
222.69.134.6 - - [31/Jan/2021:09:54:12 +0800] "GET /xingrg/all/function/internal_message.html?_=1612058048226&CODE_STATE=getMsg HTTP/1.1" 200 27
114.88.166.193 - - [31/Jan/2021:09:54:12 +0800] "GET /xingrg/all/function/internal_message.html?_=1612058047661&CODE_STATE=getMsg HTTP/1.1" 200 27
180.162.108.15 - - [31/Jan/2021:09:54:14 +0800] "GET /xingrg/all/function/internal_message.html?_=1612057898502&CODE_STATE=getMsg HTTP/1.1" 200 27
116.228.172.94 - - [31/Jan/2021:09:54:17 +0800] "GET /xingrg/all/function/internal_message.html?_=1612058053169&CODE_STATE=getMsg HTTP/1.1" 200 27
116.228.172.94 - - [31/Jan/2021:09:54:17 +0800] "GET /xingrg/check_reg.html?_=1612058053688 HTTP/1.1" 200 22
180.162.108.15 - - [31/Jan/2021:09:54:18 +0800] "GET /xingrg/kc/base/wldb_order_operate.html?command=get_materiel&rest_code=00143&base_code=0010222&code=00102002237 HTTP/1.1" 200 430
116.238.117.152 - - [31/Jan/2021:09:54:23 +0800] "GET /xingrg/all/function/internal_message.html?_=1612058059416&CODE_STATE=getMsg HTTP/1.1" 200 27
180.175.150.119 - - [31/Jan/2021:09:54:24 +0800] "GET /xingrg/all/function/internal_message.html?_=1612058304016&CODE_STATE=getMsg HTTP/1.1" 200 27
61.165.42.208 - - [31/Jan/2021:09:54:35 +0800] "POST /xingrg/kc/buy/cgsh_order_operate.html HTTP/1.1" 200 2065
61.165.42.208 - - [31/Jan/2021:09:54:37 +0800] "POST /xingrg/kc/buy/cgsh_order_operate.html HTTP/1.1" 200 2065
58.37.230.33 - - [31/Jan/2021:09:54:50 +0800] "GET /xingrg/all/function/internal_message.html?_=1612058108045&CODE_STATE=getMsg HTTP/1.1" 302 -
61.165.42.208 - - [31/Jan/2021:09:54:51 +0800] "GET /xingrg/kc/buy/cgsh_order_operate.html?command=get_materiel&rest_code=00105&code=00101008242&supplier_code=00100203&order_time=2021-01-31 HTTP/1.1" 200 408
61.165.42.208 - - [31/Jan/2021:09:54:52 +0800] "GET /xingrg/all/function/internal_message.html?_=1612058088135&CODE_STATE=getMsg HTTP/1.1" 200 27
218.81.223.240 - - [31/Jan/2021:09:54:56 +0800] "GET /xingrg/all/function/internal_message.html?_=1612058093769&CODE_STATE=getMsg HTTP/1.1" 200 27
180.162.108.15 - - [31/Jan/2021:09:54:59 +0800] "GET /xingrg/kc/base/wldb_order_operate.html?command=get_materiel&rest_code=00143&base_code=0010222&code=00102002423 HTTP/1.1" 200 443
61.165.42.208 - - [31/Jan/2021:09:54:59 +0800] "GET /xingrg/kc/buy/cgsh_order_operate.html?command=get_materiel&rest_code=00105&code=00101008274&supplier_code=00100203&order_time=2021-01-31 HTTP/1.1" 200 412
61.165.42.208 - - [31/Jan/2021:09:55:05 +0800] "GET /xingrg/kc/buy/cgsh_order_operate.html?command=get_materiel&rest_code=00105&code=00101008305&supplier_code=00100203&order_time=2021-01-31 HTTP/1.1" 200 412
116.227.18.45 - - [31/Jan/2021:09:55:06 +0800] "GET /xingrg/all/function/internal_message.html?_=1612058102060&CODE_STATE=getMsg HTTP/1.1" 200 27
218.81.223.241 - - [31/Jan/2021:09:55:08 +0800] "GET /xingrg/all/function/internal_message.html?_=1612058106511&CODE_STATE=getMsg HTTP/1.1" 302 -
222.69.134.6 - - [31/Jan/2021:09:55:12 +0800] "GET /xingrg/all/function/internal_message.html?_=1612058108212&CODE_STATE=getMsg HTTP/1.1" 200 27
61.165.42.208 - - [31/Jan/2021:09:55:12 +0800] "GET /xingrg/kc/buy/cgsh_order_operate.html?command=get_materiel&rest_code=00105&code=00101013021&supplier_code=00100203&order_time=2021-01-31 HTTP/1.1" 200 412
114.88.166.193 - - [31/Jan/2021:09:55:12 +0800] "GET /xingrg/all/function/internal_message.html?_=1612058108040&CODE_STATE=getMsg HTTP/1.1" 200 27
180.162.108.15 - - [31/Jan/2021:09:55:14 +0800] "GET /xingrg/all/function/internal_message.html?_=1612057958503&CODE_STATE=getMsg HTTP/1.1" 200 27
116.228.172.94 - - [31/Jan/2021:09:55:17 +0800] "GET /xingrg/all/function/internal_message.html?_=1612058113153&CODE_STATE=getMsg HTTP/1.1" 200 27
61.165.42.208 - - [31/Jan/2021:09:55:20 +0800] "GET /xingrg/kc/buy/cgsh_order_operate.html?command=get_materiel&rest_code=00105&code=00101008350&supplier_code=00100203&order_time=2021-01-31 HTTP/1.1" 200 408
116.238.117.152 - - [31/Jan/2021:09:55:23 +0800] "GET /xingrg/all/function/internal_message.html?_=1612058119414&CODE_STATE=getMsg HTTP/1.1" 200 27
180.175.150.119 - - [31/Jan/2021:09:55:24 +0800] "GET /xingrg/all/function/internal_message.html?_=1612058364032&CODE_STATE=getMsg HTTP/1.1" 200 27
61.165.42.208 - - [31/Jan/2021:09:55:34 +0800] "GET /xingrg/kc/buy/cgsh_order_operate.html?command=get_materiel&rest_code=00105&code=00101008036&supplier_code=00100203&order_time=2021-01-31 HTTP/1.1" 200 408
58.37.230.33 - - [31/Jan/2021:09:55:50 +0800] "GET /xingrg/all/function/internal_message.html?_=1612058168025&CODE_STATE=getMsg HTTP/1.1" 302 -
61.165.42.208 - - [31/Jan/2021:09:55:52 +0800] "GET /xingrg/all/function/internal_message.html?_=1612058148180&CODE_STATE=getMsg HTTP/1.1" 200 27
61.165.42.208 - - [31/Jan/2021:09:55:52 +0800] "GET /xingrg/kc/buy/cgsh_order_operate.html?command=get_materiel&rest_code=00105&code=00101008355&supplier_code=00100203&order_time=2021-01-31 HTTP/1.1" 200 408
218.81.223.240 - - [31/Jan/2021:09:55:56 +0800] "GET /xingrg/all/function/internal_message.html?_=1612058153778&CODE_STATE=getMsg HTTP/1.1" 200 27
218.81.223.241 - - [31/Jan/2021:09:55:58 +0800] "GET /xingrg/check_reg.html?_=1612058155752 HTTP/1.1" 302 -
218.81.223.240 - - [31/Jan/2021:09:56:03 +0800] "GET /xingrg/check_reg.html?_=1612058160716 HTTP/1.1" 200 22
116.227.18.45 - - [31/Jan/2021:09:56:06 +0800] "GET /xingrg/all/function/internal_message.html?_=1612058162061&CODE_STATE=getMsg HTTP/1.1" 200 27
218.81.223.241 - - [31/Jan/2021:09:56:08 +0800] "GET /xingrg/all/function/internal_message.html?_=1612058166531&CODE_STATE=getMsg HTTP/1.1" 302 -
58.37.230.33 - - [31/Jan/2021:09:56:10 +0800] "GET /xingrg/check_reg.html?_=1612058188131 HTTP/1.1" 302 -
222.69.134.6 - - [31/Jan/2021:09:56:12 +0800] "GET /xingrg/all/function/internal_message.html?_=1612058168190&CODE_STATE=getMsg HTTP/1.1" 200 27
114.88.166.193 - - [31/Jan/2021:09:56:12 +0800] "GET /xingrg/all/function/internal_message.html?_=1612058168055&CODE_STATE=getMsg HTTP/1.1" 200 27
180.162.108.15 - - [31/Jan/2021:09:56:14 +0800] "GET /xingrg/all/function/internal_message.html?_=1612058018488&CODE_STATE=getMsg HTTP/1.1" 200 27
116.228.172.94 - - [31/Jan/2021:09:56:17 +0800] "GET /xingrg/all/function/internal_message.html?_=1612058173137&CODE_STATE=getMsg HTTP/1.1" 200 27
116.238.117.152 - - [31/Jan/2021:09:56:23 +0800] "GET /xingrg/all/function/internal_message.html?_=1612058179416&CODE_STATE=getMsg HTTP/1.1" 200 27
116.238.117.152 - - [31/Jan/2021:09:56:23 +0800] "GET /xingrg/check_reg.html?_=1612058179417 HTTP/1.1" 200 22
61.165.42.208 - - [31/Jan/2021:09:56:23 +0800] "POST /xingrg/kc/buy/cgsh_order_operate.html HTTP/1.1" 200 2065
180.175.150.119 - - [31/Jan/2021:09:56:24 +0800] "GET /xingrg/all/function/internal_message.html?_=1612058424043&CODE_STATE=getMsg HTTP/1.1" 200 27
61.165.42.208 - - [31/Jan/2021:09:56:25 +0800] "POST /xingrg/kc/buy/cgsh_order_operate.html HTTP/1.1" 200 2065
61.165.42.208 - - [31/Jan/2021:09:56:37 +0800] "GET /xingrg/kc/buy/cgsh_order_operate.html?command=get_materiel&rest_code=00105&code=00101008092&supplier_code=00100203&order_time=2021-01-31 HTTP/1.1" 200 412
180.175.150.119 - - [31/Jan/2021:09:56:47 +0800] "GET /xingrg/javascript/jquery_easy_ui/themes/default/images/tabs_close.gif HTTP/1.1" 304 -
180.175.150.119 - - [31/Jan/2021:09:56:47 +0800] "GET /xingrg/css/base.css HTTP/1.1" 304 -
180.175.150.119 - - [31/Jan/2021:09:56:47 +0800] "GET /xingrg/kc/buy/cgsh_order_list.html HTTP/1.1" 200 46282
180.175.150.119 - - [31/Jan/2021:09:56:47 +0800] "GET /xingrg/css/site.css HTTP/1.1" 304 -
180.175.150.119 - - [31/Jan/2021:09:56:47 +0800] "GET /xingrg/javascript/auto/jquery.autocomplete.css HTTP/1.1" 304 -
180.175.150.119 - - [31/Jan/2021:09:56:47 +0800] "GET /xingrg/javascript/jquery_tools/datebox.css HTTP/1.1" 304 -
180.175.150.119 - - [31/Jan/2021:09:56:47 +0800] "GET /xingrg/javascript/easyui/themes/default/easyui.css HTTP/1.1" 304 -
180.175.150.119 - - [31/Jan/2021:09:56:47 +0800] "GET /xingrg/javascript/easyui/themes/icon.css HTTP/1.1" 304 -
180.175.150.119 - - [31/Jan/2021:09:56:47 +0800] "GET /xingrg/javascript/jquery_tools/fix.css HTTP/1.1" 304 -
180.175.150.119 - - [31/Jan/2021:09:56:47 +0800] "GET /xingrg/javascript/jquery_tools/table.css HTTP/1.1" 304 -
180.175.150.119 - - [31/Jan/2021:09:56:47 +0800] "GET /xingrg/javascript/jquery_tools/jquery.tools.min.js HTTP/1.1" 304 -
180.175.150.119 - - [31/Jan/2021:09:56:47 +0800] "GET /xingrg/javascript/jquery_tools/jquery.tools.extend.js HTTP/1.1" 304 -
180.175.150.119 - - [31/Jan/2021:09:56:47 +0800] "GET /xingrg/javascript/jquery_tools/jquery.tools.hotkey.js HTTP/1.1" 304 -
180.175.150.119 - - [31/Jan/2021:09:56:47 +0800] "GET /xingrg/javascript/jquery_tools/jquery.tools.table.js HTTP/1.1" 304 -
180.175.150.119 - - [31/Jan/2021:09:56:47 +0800] "GET /xingrg/javascript/jquery_tools/list_manager.js HTTP/1.1" 304 -
180.175.150.119 - - [31/Jan/2021:09:56:47 +0800] "GET /xingrg/javascript/auto/jquery.autocomplete.js HTTP/1.1" 304 -
180.175.150.119 - - [31/Jan/2021:09:56:47 +0800] "GET /xingrg/javascript/easyui/easyloader.js HTTP/1.1" 304 -
180.175.150.119 - - [31/Jan/2021:09:56:47 +0800] "GET /xingrg/javascript/jquery.cookie.js HTTP/1.1" 304 -
180.175.150.119 - - [31/Jan/2021:09:56:47 +0800] "GET /xingrg/javascript/print/LodopFuncs.js HTTP/1.1" 304 -
58.37.230.33 - - [31/Jan/2021:09:56:50 +0800] "GET /xingrg/all/function/internal_message.html?_=1612058228022&CODE_STATE=getMsg HTTP/1.1" 302 -
180.175.150.119 - - [31/Jan/2021:09:56:51 +0800] "GET /xingrg/javascript/easyui/themes/icons/cance_new.png HTTP/1.1" 304 -
180.175.150.119 - - [31/Jan/2021:09:56:51 +0800] "GET /xingrg/javascript/easyui/themes/icons/check_new.png HTTP/1.1" 304 -
180.175.150.119 - - [31/Jan/2021:09:56:51 +0800] "GET /xingrg/javascript/easyui/themes/icons/field_new.png HTTP/1.1" 304 -
180.175.150.119 - - [31/Jan/2021:09:56:51 +0800] "GET /xingrg/javascript/easyui/themes/icons/import_new.png HTTP/1.1" 304 -
180.175.150.119 - - [31/Jan/2021:09:56:51 +0800] "GET /xingrg/javascript/easyui/themes/icons/edit_add_new.png HTTP/1.1" 304 -
180.175.150.119 - - [31/Jan/2021:09:56:51 +0800] "GET /xingrg/javascript/easyui/plugins/jquery.parser.js HTTP/1.1" 304 -
180.175.150.119 - - [31/Jan/2021:09:56:51 +0800] "GET /xingrg/images/control/ajaxLoader.gif HTTP/1.1" 304 -
180.175.150.119 - - [31/Jan/2021:09:56:51 +0800] "GET /xingrg/javascript/jquery_easy_ui/themes/icons/area.png HTTP/1.1" 304 -
180.175.150.119 - - [31/Jan/2021:09:56:51 +0800] "GET /xingrg/javascript/jquery_easy_ui/themes/icons/rest.png HTTP/1.1" 304 -
61.165.42.208 - - [31/Jan/2021:09:56:52 +0800] "GET /xingrg/all/function/internal_message.html?_=1612058208081&CODE_STATE=getMsg HTTP/1.1" 200 27
180.175.150.119 - - [31/Jan/2021:09:56:52 +0800] "POST /xingrg/kc/buy/cgsh_list_operate.html HTTP/1.1" 200 876
180.175.150.119 - - [31/Jan/2021:09:56:52 +0800] "GET /xingrg/javascript/easyui/themes/default/images/button_plain_hover.png HTTP/1.1" 304 -
180.175.150.119 - - [31/Jan/2021:09:56:53 +0800] "GET /xingrg/javascript/pic_change.js HTTP/1.1" 304 -
180.175.150.119 - - [31/Jan/2021:09:56:53 +0800] "GET /xingrg/javascript/jquery_tools/order_manager.js HTTP/1.1" 304 -
180.175.150.119 - - [31/Jan/2021:09:56:53 +0800] "GET /xingrg/javascript/convert.js HTTP/1.1" 304 -
180.175.150.119 - - [31/Jan/2021:09:56:53 +0800] "GET /xingrg/javascript/json2.js HTTP/1.1" 304 -
180.175.150.119 - - [31/Jan/2021:09:56:53 +0800] "GET /xingrg/javascript/print/kc_print.js HTTP/1.1" 304 -
180.175.150.119 - - [31/Jan/2021:09:56:53 +0800] "GET /xingrg/kc/buy/cgsh_order_add.html HTTP/1.1" 200 61979
180.162.108.15 - - [31/Jan/2021:09:56:53 +0800] "GET /xingrg/kc/base/wldb_order_operate.html?command=get_materiel&rest_code=00143&base_code=0010222&code=00102002400 HTTP/1.1" 200 448
180.175.150.119 - - [31/Jan/2021:09:56:53 +0800] "GET /xingrg/words/20210130112933_words.js HTTP/1.1" 304 -
180.175.150.119 - - [31/Jan/2021:09:56:54 +0800] "GET /xingrg/javascript/easyui/themes/icons/copy_new.png HTTP/1.1" 304 -
180.175.150.119 - - [31/Jan/2021:09:56:54 +0800] "GET /xingrg/javascript/easyui/themes/icons/template_new.png HTTP/1.1" 304 -
180.175.150.119 - - [31/Jan/2021:09:56:54 +0800] "GET /xingrg/javascript/easyui/themes/icons/ok.png HTTP/1.1" 304 -
180.175.150.119 - - [31/Jan/2021:09:56:54 +0800] "GET /xingrg/javascript/easyui/themes/icons/print.png HTTP/1.1" 304 -
180.175.150.119 - - [31/Jan/2021:09:56:54 +0800] "GET /xingrg/javascript/easyui/themes/default/images/menu_downarrow.png HTTP/1.1" 304 -
180.175.150.119 - - [31/Jan/2021:09:56:54 +0800] "GET /xingrg/javascript/easyui/themes/icons/cancel.png HTTP/1.1" 304 -
180.175.150.119 - - [31/Jan/2021:09:56:54 +0800] "POST /xingrg/kc/buy/cgsh_order_operate.html HTTP/1.1" 200 8245
180.175.150.119 - - [31/Jan/2021:09:56:54 +0800] "GET /xingrg/javascript/easyui/themes/icons/edit_remove.png HTTP/1.1" 304 -
180.175.150.119 - - [31/Jan/2021:09:56:55 +0800] "GET /xingrg/all/common/auto_word.html?type=employee&rest_code=00102 HTTP/1.1" 200 189
180.175.150.119 - - [31/Jan/2021:09:56:55 +0800] "GET /xingrg/all/common/auto_word.html?type=employee&rest_code=00102 HTTP/1.1" 200 189
180.175.150.119 - - [31/Jan/2021:09:56:55 +0800] "GET /xingrg/javascript/easyui/themes/default/validatebox.css HTTP/1.1" 404 1104
180.175.150.119 - - [31/Jan/2021:09:56:55 +0800] "GET /xingrg/javascript/easyui/plugins/jquery.validatebox.js HTTP/1.1" 304 -
180.175.150.119 - - [31/Jan/2021:09:56:55 +0800] "GET /xingrg/javascript/easyui/plugins/jquery.numberbox.js HTTP/1.1" 304 -
218.81.223.240 - - [31/Jan/2021:09:56:56 +0800] "GET /xingrg/all/function/internal_message.html?_=1612058213785&CODE_STATE=getMsg HTTP/1.1" 200 27
180.175.150.119 - - [31/Jan/2021:09:56:59 +0800] "GET /xingrg/javascript/auto/indicator.gif HTTP/1.1" 404 1066
180.162.108.15 - - [31/Jan/2021:09:57:01 +0800] "GET /xingrg/system/info/materiel_import.html?isSelect=1&singleSelect=false HTTP/1.1" 200 5600
180.162.108.15 - - [31/Jan/2021:09:57:01 +0800] "POST /xingrg/all/common/load_tree.html?tree=materiel_sort_tree_json HTTP/1.1" 200 8666
180.162.108.15 - - [31/Jan/2021:09:57:02 +0800] "GET /favicon.ico HTTP/1.1" 404 -
116.227.18.45 - - [31/Jan/2021:09:57:06 +0800] "GET /xingrg/all/function/internal_message.html?_=1612058222063&CODE_STATE=getMsg HTTP/1.1" 200 27
61.165.42.208 - - [31/Jan/2021:09:57:06 +0800] "GET /xingrg/kc/buy/cgsh_order_operate.html?command=get_materiel&rest_code=00105&code=00101008041&supplier_code=00100203&order_time=2021-01-31 HTTP/1.1" 200 408
180.175.150.119 - - [31/Jan/2021:09:57:07 +0800] "GET /xingrg/kc/buy/cgsh_order_operate.html?command=get_materiel&rest_code=00102&code=00101007048&supplier_code=00100096&order_time=2021-01-31 HTTP/1.1" 200 408
218.81.223.241 - - [31/Jan/2021:09:57:08 +0800] "GET /xingrg/all/function/internal_message.html?_=1612058226538&CODE_STATE=getMsg HTTP/1.1" 302 -
222.69.134.6 - - [31/Jan/2021:09:57:12 +0800] "GET /xingrg/all/function/internal_message.html?_=1612058228173&CODE_STATE=getMsg HTTP/1.1" 200 27
114.88.166.193 - - [31/Jan/2021:09:57:13 +0800] "GET /xingrg/all/function/internal_message.html?_=1612058228464&CODE_STATE=getMsg HTTP/1.1" 200 27
180.162.108.15 - - [31/Jan/2021:09:57:14 +0800] "GET /xingrg/all/function/internal_message.html?_=1612058078498&CODE_STATE=getMsg HTTP/1.1" 200 27
116.228.172.94 - - [31/Jan/2021:09:57:17 +0800] "GET /xingrg/all/function/internal_message.html?_=1612058233121&CODE_STATE=getMsg HTTP/1.1" 200 27
116.238.117.152 - - [31/Jan/2021:09:57:23 +0800] "GET /xingrg/all/function/internal_message.html?_=1612058239428&CODE_STATE=getMsg HTTP/1.1" 200 27
180.175.150.119 - - [31/Jan/2021:09:57:23 +0800] "GET /xingrg/check_reg.html?_=1612058483370 HTTP/1.1" 200 22
180.175.150.119 - - [31/Jan/2021:09:57:24 +0800] "GET /xingrg/all/function/internal_message.html?_=1612058484056&CODE_STATE=getMsg HTTP/1.1" 200 27
180.175.150.119 - - [31/Jan/2021:09:57:31 +0800] "GET /xingrg/kc/buy/cgsh_order_operate.html?command=get_materiel&rest_code=00102&code=00101001060&supplier_code=00100096&order_time=2021-01-31 HTTP/1.1" 200 418
120.253.135.82 - - [31/Jan/2021:09:57:39 +0800] "GET /xingrg/check_reg.html?_=1612058364934 HTTP/1.1" 302 -
180.175.150.119 - - [31/Jan/2021:09:57:48 +0800] "GET /xingrg/kc/buy/cgsh_order_operate.html?command=get_materiel&rest_code=00102&code=00101007081&supplier_code=00100096&order_time=2021-01-31 HTTP/1.1" 200 414
180.162.108.15 - - [31/Jan/2021:09:57:49 +0800] "GET /xingrg/kc/base/wldb_order_operate.html?command=get_materiel&rest_code=00143&base_code=0010222&code=00102012029 HTTP/1.1" 200 433
58.37.230.33 - - [31/Jan/2021:09:57:50 +0800] "GET /xingrg/all/function/internal_message.html?_=1612058287990&CODE_STATE=getMsg HTTP/1.1" 302 -
61.165.42.208 - - [31/Jan/2021:09:57:52 +0800] "GET /xingrg/all/function/internal_message.html?_=1612058268053&CODE_STATE=getMsg HTTP/1.1" 200 27
61.165.42.208 - - [31/Jan/2021:09:57:52 +0800] "GET /xingrg/check_reg.html?_=1612058268662 HTTP/1.1" 200 22
218.81.223.240 - - [31/Jan/2021:09:57:56 +0800] "GET /xingrg/all/function/internal_message.html?_=1612058273798&CODE_STATE=getMsg HTTP/1.1" 200 27
180.175.150.119 - - [31/Jan/2021:09:58:01 +0800] "GET /xingrg/kc/buy/cgsh_order_operate.html?command=get_materiel&rest_code=00102&code=00101006133&supplier_code=00100096&order_time=2021-01-31 HTTP/1.1" 200 413
116.227.18.45 - - [31/Jan/2021:09:58:06 +0800] "GET /xingrg/all/function/internal_message.html?_=1612058282064&CODE_STATE=getMsg HTTP/1.1" 200 27
114.88.166.193 - - [31/Jan/2021:09:58:08 +0800] "GET /xingrg/check_reg.html?_=1612058283199 HTTP/1.1" 200 22
218.81.223.241 - - [31/Jan/2021:09:58:08 +0800] "GET /xingrg/all/function/internal_message.html?_=1612058286559&CODE_STATE=getMsg HTTP/1.1" 302 -
180.169.147.146 - - [31/Jan/2021:09:58:09 +0800] "GET /xingrg/check_reg.html?_=1612058285848 HTTP/1.1" 200 22
222.69.134.6 - - [31/Jan/2021:09:58:12 +0800] "GET /xingrg/all/function/internal_message.html?_=1612058288146&CODE_STATE=getMsg HTTP/1.1" 200 27
222.69.134.6 - - [31/Jan/2021:09:58:13 +0800] "GET /xingrg/check_reg.html?_=1612058289051 HTTP/1.1" 200 22
114.88.166.193 - - [31/Jan/2021:09:58:13 +0800] "GET /xingrg/all/function/internal_message.html?_=1612058288472&CODE_STATE=getMsg HTTP/1.1" 200 27
180.162.108.15 - - [31/Jan/2021:09:58:14 +0800] "GET /xingrg/check_reg.html?_=1612058138494 HTTP/1.1" 200 22
180.162.108.15 - - [31/Jan/2021:09:58:14 +0800] "GET /xingrg/all/function/internal_message.html?_=1612058138498&CODE_STATE=getMsg HTTP/1.1" 200 27
180.175.150.119 - - [31/Jan/2021:09:58:15 +0800] "GET /xingrg/kc/buy/cgsh_order_operate.html?command=get_materiel&rest_code=00102&code=00101006112&supplier_code=00100096&order_time=2021-01-31 HTTP/1.1" 200 409
116.228.172.94 - - [31/Jan/2021:09:58:17 +0800] "GET /xingrg/all/function/internal_message.html?_=1612058293106&CODE_STATE=getMsg HTTP/1.1" 200 27
116.238.117.152 - - [31/Jan/2021:09:58:23 +0800] "GET /xingrg/all/function/internal_message.html?_=1612058299428&CODE_STATE=getMsg HTTP/1.1" 200 27
180.175.150.119 - - [31/Jan/2021:09:58:24 +0800] "GET /xingrg/all/function/internal_message.html?_=1612058544072&CODE_STATE=getMsg HTTP/1.1" 200 27
180.175.150.119 - - [31/Jan/2021:09:58:25 +0800] "GET /xingrg/kc/buy/cgsh_order_operate.html?command=get_materiel&rest_code=00102&code=00101006115&supplier_code=00100096&order_time=2021-01-31 HTTP/1.1" 200 409
61.165.42.208 - - [31/Jan/2021:09:58:30 +0800] "GET /xingrg/kc/buy/cgsh_order_operate.html?command=get_materiel&rest_code=00105&code=00101008223&supplier_code=00100203&order_time=2021-01-31 HTTP/1.1" 200 412
61.165.42.208 - - [31/Jan/2021:09:58:37 +0800] "GET /xingrg/kc/buy/cgsh_order_operate.html?command=get_materiel&rest_code=00105&code=00101008439&supplier_code=00100203&order_time=2021-01-31 HTTP/1.1" 200 399
222.69.133.109 - - [31/Jan/2021:09:58:48 +0800] "GET /xingrg/login.html HTTP/1.1" 200 7641
222.69.133.109 - - [31/Jan/2021:09:58:49 +0800] "GET /favicon.ico HTTP/1.1" 404 -
180.175.150.119 - - [31/Jan/2021:09:58:49 +0800] "GET /xingrg/kc/buy/cgsh_order_operate.html?command=get_materiel&rest_code=00102&code=00101012025&supplier_code=00100096&order_time=2021-01-31 HTTP/1.1" 200 412
58.37.230.33 - - [31/Jan/2021:09:58:50 +0800] "GET /xingrg/all/function/internal_message.html?_=1612058347969&CODE_STATE=getMsg HTTP/1.1" 302 -
61.165.42.208 - - [31/Jan/2021:09:58:52 +0800] "GET /xingrg/all/function/internal_message.html?_=1612058328033&CODE_STATE=getMsg HTTP/1.1" 200 27
218.81.223.240 - - [31/Jan/2021:09:58:56 +0800] "GET /xingrg/all/function/internal_message.html?_=1612058333818&CODE_STATE=getMsg HTTP/1.1" 200 27
61.165.42.208 - - [31/Jan/2021:09:58:59 +0800] "POST /xingrg/kc/buy/cgsh_order_operate.html HTTP/1.1" 200 2065
61.165.42.208 - - [31/Jan/2021:09:59:01 +0800] "POST /xingrg/kc/buy/cgsh_order_operate.html HTTP/1.1" 200 2065
180.175.150.119 - - [31/Jan/2021:09:59:03 +0800] "GET /xingrg/kc/buy/cgsh_order_operate.html?command=get_materiel&rest_code=00102&code=00101007063&supplier_code=00100096&order_time=2021-01-31 HTTP/1.1" 200 410
116.227.18.45 - - [31/Jan/2021:09:59:06 +0800] "GET /xingrg/check_reg.html?_=1612058342067 HTTP/1.1" 200 22
116.227.18.45 - - [31/Jan/2021:09:59:06 +0800] "GET /xingrg/all/function/internal_message.html?_=1612058342068&CODE_STATE=getMsg HTTP/1.1" 200 27
222.69.133.109 - - [31/Jan/2021:09:59:07 +0800] "POST /xingrg/login.do HTTP/1.1" 302 -
222.69.133.109 - - [31/Jan/2021:09:59:07 +0800] "GET /xingrg/index.html?sysBaseUrl=http%3A%2F%2F180.169.147.146%3A18081%2Fxingrg%2F&costTime=45×tamp=1612058347237 HTTP/1.1" 200 17179
222.69.133.109 - - [31/Jan/2021:09:59:07 +0800] "GET /favicon.ico HTTP/1.1" 404 -
222.69.133.109 - - [31/Jan/2021:09:59:07 +0800] "POST /xingrg/all/common/load_tree.html?tree=area_rest_tree_json&manage=1 HTTP/1.1" 200 351
222.69.133.109 - - [31/Jan/2021:09:59:07 +0800] "GET /xingrg/check_reg.html?_=1612058346174 HTTP/1.1" 200 22
222.69.133.109 - - [31/Jan/2021:09:59:07 +0800] "GET /xingrg/all/function/internal_message.html?_=1612058346171&CODE_STATE=count HTTP/1.1" 200 11
222.69.133.109 - - [31/Jan/2021:09:59:07 +0800] "POST /xingrg/load_menu.html HTTP/1.1" 200 5138
180.175.150.119 - - [31/Jan/2021:09:59:08 +0800] "GET /xingrg/login.html HTTP/1.1" 200 7641
218.81.223.241 - - [31/Jan/2021:09:59:08 +0800] "GET /xingrg/all/function/internal_message.html?_=1612058346566&CODE_STATE=getMsg HTTP/1.1" 302 -
180.175.150.119 - - [31/Jan/2021:09:59:08 +0800] "GET /favicon.ico HTTP/1.1" 404 -
222.69.134.6 - - [31/Jan/2021:09:59:12 +0800] "GET /xingrg/all/function/internal_message.html?_=1612058348132&CODE_STATE=getMsg HTTP/1.1" 200 27
114.88.166.193 - - [31/Jan/2021:09:59:13 +0800] "GET /xingrg/all/function/internal_message.html?_=1612058348486&CODE_STATE=getMsg HTTP/1.1" 200 27
180.162.108.15 - - [31/Jan/2021:09:59:14 +0800] "GET /xingrg/all/function/internal_message.html?_=1612058198492&CODE_STATE=getMsg HTTP/1.1" 200 27
116.228.172.94 - - [31/Jan/2021:09:59:17 +0800] "GET /xingrg/all/function/internal_message.html?_=1612058353090&CODE_STATE=getMsg HTTP/1.1" 200 27
180.175.150.119 - - [31/Jan/2021:09:59:17 +0800] "POST /xingrg/login.do HTTP/1.1" 302 -
180.175.150.119 - - [31/Jan/2021:09:59:17 +0800] "GET /xingrg/javascript/jquery_easy_ui/themes/default/easyui.css HTTP/1.1" 304 -
180.175.150.119 - - [31/Jan/2021:09:59:17 +0800] "GET /xingrg/css/form.css HTTP/1.1" 304 -
180.175.150.119 - - [31/Jan/2021:09:59:17 +0800] "GET /xingrg/javascript/jquery_easy_ui/themes/icon.css HTTP/1.1" 304 -
180.175.150.119 - - [31/Jan/2021:09:59:17 +0800] "GET /xingrg/javascript/jquery-1.4.2.min.js HTTP/1.1" 304 -
180.175.150.119 - - [31/Jan/2021:09:59:17 +0800] "GET /xingrg/index.html?sysBaseUrl=http%3A%2F%2F180.169.147.146%3A18081%2Fxingrg%2F&costTime=90×tamp=1612058357378 HTTP/1.1" 200 17173
180.175.150.119 - - [31/Jan/2021:09:59:17 +0800] "GET /xingrg/javascript/jquery_easy_ui/jquery.easyui.min.js HTTP/1.1" 304 -
180.175.150.119 - - [31/Jan/2021:09:59:17 +0800] "GET /xingrg/javascript/jquery_easy_ui/easyui-lang-zh_CN.js HTTP/1.1" 304 -
180.175.150.119 - - [31/Jan/2021:09:59:17 +0800] "GET /xingrg/javascript/jquery.form.js HTTP/1.1" 304 -
180.175.150.119 - - [31/Jan/2021:09:59:17 +0800] "GET /xingrg/javascript/jquery.utils.js HTTP/1.1" 304 -
180.175.150.119 - - [31/Jan/2021:09:59:17 +0800] "GET /xingrg/javascript/jquery.timers.js HTTP/1.1" 304 -
180.175.150.119 - - [31/Jan/2021:09:59:17 +0800] "GET /favicon.ico HTTP/1.1" 404 -
116.228.172.94 - - [31/Jan/2021:09:59:17 +0800] "GET /xingrg/check_reg.html?_=1612058353684 HTTP/1.1" 200 22
180.175.150.119 - - [31/Jan/2021:09:59:17 +0800] "POST /xingrg/all/common/load_tree.html?tree=area_rest_tree_json&manage=1 HTTP/1.1" 200 342
180.175.150.119 - - [31/Jan/2021:09:59:17 +0800] "GET /xingrg/all/function/internal_message.html?_=1612058353815&CODE_STATE=count HTTP/1.1" 200 11
180.175.150.119 - - [31/Jan/2021:09:59:17 +0800] "GET /xingrg/check_reg.html?_=1612058353817 HTTP/1.1" 200 22
180.175.150.119 - - [31/Jan/2021:09:59:17 +0800] "POST /xingrg/load_menu.html HTTP/1.1" 200 5138
61.165.42.208 - - [31/Jan/2021:09:59:19 +0800] "GET /xingrg/kc/buy/cgsh_order_operate.html?command=get_materiel&rest_code=00105&code=00101015006&supplier_code=00100203&order_time=2021-01-31 HTTP/1.1" 200 413
180.162.108.15 - - [31/Jan/2021:09:59:21 +0800] "GET /xingrg/kc/base/wldb_order_operate.html?command=get_materiel&rest_code=00143&base_code=0010222&code=00102002317 HTTP/1.1" 200 437
180.175.150.119 - - [31/Jan/2021:09:59:21 +0800] "GET /xingrg/css/base.css HTTP/1.1" 304 -
180.175.150.119 - - [31/Jan/2021:09:59:21 +0800] "GET /xingrg/css/site.css HTTP/1.1" 304 -
180.175.150.119 - - [31/Jan/2021:09:59:21 +0800] "GET /xingrg/javascript/jquery_tools/datebox.css HTTP/1.1" 304 -
180.175.150.119 - - [31/Jan/2021:09:59:21 +0800] "GET /xingrg/javascript/easyui/themes/default/easyui.css HTTP/1.1" 304 -
180.175.150.119 - - [31/Jan/2021:09:59:21 +0800] "GET /xingrg/javascript/auto/jquery.autocomplete.css HTTP/1.1" 304 -
180.175.150.119 - - [31/Jan/2021:09:59:21 +0800] "GET /xingrg/javascript/jquery_tools/fix.css HTTP/1.1" 304 -
180.175.150.119 - - [31/Jan/2021:09:59:21 +0800] "GET /xingrg/javascript/easyui/themes/icon.css HTTP/1.1" 304 -
180.175.150.119 - - [31/Jan/2021:09:59:21 +0800] "GET /xingrg/javascript/jquery_tools/table.css HTTP/1.1" 304 -
180.175.150.119 - - [31/Jan/2021:09:59:21 +0800] "GET /xingrg/javascript/jquery_tools/jquery.tools.min.js HTTP/1.1" 304 -
180.175.150.119 - - [31/Jan/2021:09:59:21 +0800] "GET /xingrg/javascript/jquery_tools/jquery.tools.extend.js HTTP/1.1" 304 -
180.175.150.119 - - [31/Jan/2021:09:59:21 +0800] "GET /xingrg/javascript/jquery_tools/jquery.tools.hotkey.js HTTP/1.1" 304 -
180.175.150.119 - - [31/Jan/2021:09:59:21 +0800] "GET /xingrg/kc/buy/cgsh_order_list.html HTTP/1.1" 200 46282
180.175.150.119 - - [31/Jan/2021:09:59:21 +0800] "GET /xingrg/javascript/jquery_tools/jquery.tools.table.js HTTP/1.1" 304 -
180.175.150.119 - - [31/Jan/2021:09:59:21 +0800] "GET /xingrg/javascript/jquery_tools/list_manager.js HTTP/1.1" 304 -
180.175.150.119 - - [31/Jan/2021:09:59:21 +0800] "GET /xingrg/javascript/auto/jquery.autocomplete.js HTTP/1.1" 304 -
180.175.150.119 - - [31/Jan/2021:09:59:21 +0800] "GET /xingrg/javascript/easyui/easyloader.js HTTP/1.1" 304 -
180.175.150.119 - - [31/Jan/2021:09:59:21 +0800] "GET /xingrg/javascript/jquery.cookie.js HTTP/1.1" 304 -
180.175.150.119 - - [31/Jan/2021:09:59:21 +0800] "GET /xingrg/javascript/print/LodopFuncs.js HTTP/1.1" 304 -
180.175.150.119 - - [31/Jan/2021:09:59:21 +0800] "GET /xingrg/javascript/easyui/plugins/jquery.parser.js HTTP/1.1" 304 -
180.175.150.119 - - [31/Jan/2021:09:59:22 +0800] "POST /xingrg/kc/buy/cgsh_list_operate.html HTTP/1.1" 200 876
116.238.117.152 - - [31/Jan/2021:09:59:23 +0800] "GET /xingrg/all/function/internal_message.html?_=1612058359427&CODE_STATE=getMsg HTTP/1.1" 200 27
180.175.150.119 - - [31/Jan/2021:09:59:24 +0800] "GET /xingrg/all/function/internal_message.html?_=1612058604084&CODE_STATE=getMsg HTTP/1.1" 200 27
61.165.42.208 - - [31/Jan/2021:09:59:27 +0800] "GET /xingrg/kc/buy/cgsh_order_operate.html?command=get_materiel&rest_code=00105&code=00101008168&supplier_code=00100203&order_time=2021-01-31 HTTP/1.1" 200 413
180.175.150.119 - - [31/Jan/2021:09:59:34 +0800] "GET /xingrg/kc/buy/cgsh_order_operate.html?command=get_materiel&rest_code=00102&code=00101007059&supplier_code=00100096&order_time=2021-01-31 HTTP/1.1" 200 409
61.165.42.208 - - [31/Jan/2021:09:59:35 +0800] "GET /xingrg/kc/buy/cgsh_order_operate.html?command=get_materiel&rest_code=00105&code=00101020152&supplier_code=00100203&order_time=2021-01-31 HTTP/1.1" 200 416
61.165.42.208 - - [31/Jan/2021:09:59:41 +0800] "GET /xingrg/kc/buy/cgsh_order_operate.html?command=get_materiel&rest_code=00105&code=00101008114&supplier_code=00100203&order_time=2021-01-31 HTTP/1.1" 200 413
180.175.150.119 - - [31/Jan/2021:09:59:47 +0800] "GET /xingrg/kc/buy/cgsh_order_operate.html?command=get_materiel&rest_code=00102&code=00101001010&supplier_code=00100096&order_time=2021-01-31 HTTP/1.1" 200 408
61.165.42.208 - - [31/Jan/2021:09:59:49 +0800] "GET /xingrg/kc/buy/cgsh_order_operate.html?command=get_materiel&rest_code=00105&code=00101008254&supplier_code=00100203&order_time=2021-01-31 HTTP/1.1" 200 412
58.37.230.33 - - [31/Jan/2021:09:59:50 +0800] "GET /xingrg/all/function/internal_message.html?_=1612058407944&CODE_STATE=getMsg HTTP/1.1" 302 -
61.165.42.208 - - [31/Jan/2021:09:59:52 +0800] "GET /xingrg/all/function/internal_message.html?_=1612058388003&CODE_STATE=getMsg HTTP/1.1" 200 27
61.165.42.208 - - [31/Jan/2021:09:59:55 +0800] "GET /xingrg/kc/buy/cgsh_order_operate.html?command=get_materiel&rest_code=00105&code=00101008405&supplier_code=00100203&order_time=2021-01-31 HTTP/1.1" 200 413
218.81.223.240 - - [31/Jan/2021:09:59:56 +0800] "GET /xingrg/all/function/internal_message.html?_=1612058393826&CODE_STATE=getMsg HTTP/1.1" 200 27
61.165.42.208 - - [31/Jan/2021:10:00:03 +0800] "GET /xingrg/kc/buy/cgsh_order_operate.html?command=get_materiel&rest_code=00105&code=00101008176&supplier_code=00100203&order_time=2021-01-31 HTTP/1.1" 200 413
180.175.150.119 - - [31/Jan/2021:10:00:04 +0800] "GET /xingrg/kc/buy/cgsh_order_operate.html?command=get_materiel&rest_code=00102&code=00101006259&supplier_code=00100096&order_time=2021-01-31 HTTP/1.1" 200 394
116.227.18.45 - - [31/Jan/2021:10:00:06 +0800] "GET /xingrg/all/function/internal_message.html?_=1612058402054&CODE_STATE=getMsg HTTP/1.1" 200 27
222.69.133.109 - - [31/Jan/2021:10:00:07 +0800] "GET /xingrg/all/function/internal_message.html?_=1612058406178&CODE_STATE=getMsg HTTP/1.1" 200 27
218.81.223.241 - - [31/Jan/2021:10:00:08 +0800] "GET /xingrg/all/function/internal_message.html?_=1612058406586&CODE_STATE=getMsg HTTP/1.1" 302 -
180.162.108.15 - - [31/Jan/2021:10:00:11 +0800] "POST /xingrg/kc/base/wldb_order_operate.html HTTP/1.1" 200 37
180.175.150.119 - - [31/Jan/2021:10:00:11 +0800] "GET /xingrg/javascript/pic_change.js HTTP/1.1" 304 -
180.175.150.119 - - [31/Jan/2021:10:00:11 +0800] "GET /xingrg/kc/buy/cgsh_order_add.html HTTP/1.1" 200 61985
180.175.150.119 - - [31/Jan/2021:10:00:11 +0800] "GET /xingrg/javascript/json2.js HTTP/1.1" 304 -
180.175.150.119 - - [31/Jan/2021:10:00:11 +0800] "GET /xingrg/javascript/convert.js HTTP/1.1" 304 -
180.175.150.119 - - [31/Jan/2021:10:00:11 +0800] "GET /xingrg/javascript/print/kc_print.js HTTP/1.1" 304 -
180.175.150.119 - - [31/Jan/2021:10:00:11 +0800] "GET /xingrg/javascript/jquery_tools/order_manager.js HTTP/1.1" 304 -
180.175.150.119 - - [31/Jan/2021:10:00:11 +0800] "GET /xingrg/words/20210130112933_words.js HTTP/1.1" 304 -
180.162.108.15 - - [31/Jan/2021:10:00:11 +0800] "POST /xingrg/kc/base/wldb_order_operate.html HTTP/1.1" 200 10376
180.175.150.119 - - [31/Jan/2021:10:00:12 +0800] "POST /xingrg/kc/buy/cgsh_order_operate.html HTTP/1.1" 200 8245
180.175.150.119 - - [31/Jan/2021:10:00:12 +0800] "GET /xingrg/all/common/auto_word.html?type=employee&rest_code=00102 HTTP/1.1" 200 189
180.175.150.119 - - [31/Jan/2021:10:00:12 +0800] "GET /xingrg/all/common/auto_word.html?type=employee&rest_code=00102 HTTP/1.1" 200 189
222.69.134.6 - - [31/Jan/2021:10:00:12 +0800] "GET /xingrg/all/function/internal_message.html?_=1612058408102&CODE_STATE=getMsg HTTP/1.1" 200 27
180.175.150.119 - - [31/Jan/2021:10:00:12 +0800] "GET /xingrg/javascript/easyui/themes/default/validatebox.css HTTP/1.1" 404 1104
180.175.150.119 - - [31/Jan/2021:10:00:12 +0800] "GET /xingrg/javascript/easyui/plugins/jquery.validatebox.js HTTP/1.1" 304 -
180.175.150.119 - - [31/Jan/2021:10:00:12 +0800] "GET /xingrg/javascript/easyui/plugins/jquery.numberbox.js HTTP/1.1" 304 -
180.162.108.15 - - [31/Jan/2021:10:00:12 +0800] "GET /xingrg/kc/base/wldb_order_info.html?code=422021013104023 HTTP/1.1" 200 30527
180.175.150.119 - - [31/Jan/2021:10:00:13 +0800] "GET /xingrg/javascript/auto/indicator.gif HTTP/1.1" 404 1066
180.162.108.15 - - [31/Jan/2021:10:00:13 +0800] "GET /xingrg/javascript/easyui/themes/default/validatebox.css HTTP/1.1" 404 1104
180.162.108.15 - - [31/Jan/2021:10:00:13 +0800] "POST /xingrg/kc/base/wldb_order_operate.html HTTP/1.1" 200 10376
114.88.166.193 - - [31/Jan/2021:10:00:13 +0800] "GET /xingrg/all/function/internal_message.html?_=1612058408897&CODE_STATE=getMsg HTTP/1.1" 200 27
61.165.42.208 - - [31/Jan/2021:10:00:13 +0800] "GET /xingrg/kc/buy/cgsh_order_operate.html?command=get_materiel&rest_code=00105&code=00101008248&supplier_code=00100203&order_time=2021-01-31 HTTP/1.1" 200 412
180.162.108.15 - - [31/Jan/2021:10:00:14 +0800] "GET /xingrg/all/function/internal_message.html?_=1612058258521&CODE_STATE=getMsg HTTP/1.1" 200 27
180.175.150.119 - - [31/Jan/2021:10:00:14 +0800] "GET /xingrg/javascript/jquery_tools/images/prev.gif HTTP/1.1" 404 1086
180.175.150.119 - - [31/Jan/2021:10:00:14 +0800] "GET /xingrg/javascript/jquery_tools/images/next.gif HTTP/1.1" 404 1086
61.165.42.208 - - [31/Jan/2021:10:00:15 +0800] "POST /xingrg/kc/buy/cgsh_order_operate.html HTTP/1.1" 200 2065
116.228.172.94 - - [31/Jan/2021:10:00:17 +0800] "GET /xingrg/all/function/internal_message.html?_=1612058413079&CODE_STATE=getMsg HTTP/1.1" 200 27
61.165.42.208 - - [31/Jan/2021:10:00:17 +0800] "POST /xingrg/kc/buy/cgsh_order_operate.html HTTP/1.1" 200 2065
180.175.150.119 - - [31/Jan/2021:10:00:17 +0800] "GET /xingrg/all/function/internal_message.html?_=1612058413824&CODE_STATE=getMsg HTTP/1.1" 200 27
180.175.150.119 - - [31/Jan/2021:10:00:21 +0800] "GET /xingrg/kc/buy/cgsh_order_operate.html?command=get_materiel&rest_code=00102&code=00101027016&supplier_code=00100018&order_time=2021-01-31 HTTP/1.1" 200 443
180.175.150.119 - - [31/Jan/2021:10:00:22 +0800] "GET /xingrg/kc/buy/cgsh_order_operate.html?command=get_materiel&rest_code=00102&code=00101006159&supplier_code=00100096&order_time=2021-01-31 HTTP/1.1" 200 415
116.238.117.152 - - [31/Jan/2021:10:00:23 +0800] "GET /xingrg/all/function/internal_message.html?_=1612058419432&CODE_STATE=getMsg HTTP/1.1" 200 27
180.175.150.119 - - [31/Jan/2021:10:00:24 +0800] "GET /xingrg/all/function/internal_message.html?_=1612058664097&CODE_STATE=getMsg HTTP/1.1" 200 27
180.175.150.119 - - [31/Jan/2021:10:00:31 +0800] "GET /xingrg/kc/buy/cgsh_order_operate.html?command=get_materiel&rest_code=00102&code=00101028011&supplier_code=00100018&order_time=2021-01-31 HTTP/1.1" 200 452
61.165.42.208 - - [31/Jan/2021:10:00:31 +0800] "GET /xingrg/kc/buy/cgsh_order_operate.html?command=get_materiel&rest_code=00105&code=00101008207&supplier_code=00100203&order_time=2021-01-31 HTTP/1.1" 200 408
180.175.150.119 - - [31/Jan/2021:10:00:36 +0800] "GET /xingrg/kc/buy/cgsh_order_operate.html?command=get_materiel&rest_code=00102&code=00101028005&supplier_code=00100018&order_time=2021-01-31 HTTP/1.1" 200 436
61.165.42.208 - - [31/Jan/2021:10:00:40 +0800] "GET /xingrg/kc/buy/cgsh_order_operate.html?command=get_materiel&rest_code=00105&code=00101008333&supplier_code=00100203&order_time=2021-01-31 HTTP/1.1" 200 412
180.175.150.119 - - [31/Jan/2021:10:00:40 +0800] "GET /xingrg/kc/buy/cgsh_order_operate.html?command=get_materiel&rest_code=00102&code=00101006039&supplier_code=00100096&order_time=2021-01-31 HTTP/1.1" 200 413
180.175.150.119 - - [31/Jan/2021:10:00:42 +0800] "GET /xingrg/kc/buy/cgsh_order_operate.html?command=get_materiel&rest_code=00102&code=00101028007&supplier_code=00100018&order_time=2021-01-31 HTTP/1.1" 200 448
180.175.150.119 - - [31/Jan/2021:10:00:50 +0800] "GET /xingrg/kc/buy/cgsh_order_operate.html?command=get_materiel&rest_code=00102&code=00101026072&supplier_code=00100018&order_time=2021-01-31 HTTP/1.1" 200 458
58.37.230.33 - - [31/Jan/2021:10:00:50 +0800] "GET /xingrg/all/function/internal_message.html?_=1612058467924&CODE_STATE=getMsg HTTP/1.1" 302 -
61.165.42.208 - - [31/Jan/2021:10:00:52 +0800] "GET /xingrg/all/function/internal_message.html?_=1612058447987&CODE_STATE=getMsg HTTP/1.1" 200 27
180.162.108.15 - - [31/Jan/2021:10:00:55 +0800] "GET /xingrg/system/info/materiel_import.html?isSelect=1&singleSelect=false HTTP/1.1" 200 5600
180.162.108.15 - - [31/Jan/2021:10:00:56 +0800] "POST /xingrg/all/common/load_tree.html?tree=materiel_sort_tree_json HTTP/1.1" 200 8666
