117.131.5.26 - - [28/Jan/2021:10:26:16 +0800] "GET /xingrg/all/function/internal_message.html?_=1611801130999&CODE_STATE=getMsg HTTP/1.1" 302 -
117.131.5.26 - - [28/Jan/2021:10:26:16 +0800] "GET /xingrg/login.html HTTP/1.1" 200 7641
58.40.7.146 - - [28/Jan/2021:10:26:16 +0800] "GET /xingrg/check_reg.html?_=1611800774314 HTTP/1.1" 200 22
58.40.7.146 - - [28/Jan/2021:10:26:16 +0800] "GET /xingrg/all/function/internal_message.html?_=1611800774315&CODE_STATE=getMsg HTTP/1.1" 200 27
114.88.166.193 - - [28/Jan/2021:10:26:16 +0800] "POST /xingrg/kc/buy/cgsh_order_operate.html HTTP/1.1" 200 2657
172.20.0.100 - - [28/Jan/2021:10:26:17 +0800] "GET /xingrg/all/function/internal_message.html?_=1611800775720&CODE_STATE=getMsg HTTP/1.1" 200 27
180.175.150.119 - - [28/Jan/2021:10:26:19 +0800] "POST /xingrg/kc/buy/cgsh_list_operate.html HTTP/1.1" 200 572
180.175.150.119 - - [28/Jan/2021:10:26:24 +0800] "GET /xingrg/kc/buy/cgsh_order_info.html?code=212021012812989 HTTP/1.1" 200 61988
114.88.166.193 - - [28/Jan/2021:10:26:24 +0800] "GET /xingrg/kc/print/load_data.html?order_code=212021012813007&kc_code=cgsh&condition= HTTP/1.1" 200 670
180.175.150.119 - - [28/Jan/2021:10:26:24 +0800] "GET /xingrg/javascript/easyui/themes/default/validatebox.css HTTP/1.1" 404 1104
180.156.237.57 - - [28/Jan/2021:10:26:24 +0800] "GET /xingrg/all/function/internal_message.html?_=1611800783653&CODE_STATE=getMsg HTTP/1.1" 200 27
180.175.150.119 - - [28/Jan/2021:10:26:24 +0800] "POST /xingrg/kc/buy/cgsh_order_operate.html HTTP/1.1" 200 15094
61.151.178.164 - - [28/Jan/2021:10:26:25 +0800] "GET /xingrg/all/function/internal_message.html?_=1611800149139&CODE_STATE=getMsg HTTP/1.1" 302 -
58.37.230.33 - - [28/Jan/2021:10:26:28 +0800] "GET /xingrg/all/function/internal_message.html?_=1611800808899&CODE_STATE=getMsg HTTP/1.1" 200 27
61.151.178.164 - - [28/Jan/2021:10:26:34 +0800] "GET /xingrg/login.html HTTP/1.1" 200 7641
116.228.172.94 - - [28/Jan/2021:10:26:34 +0800] "GET /xingrg/kc/buy/cgsh_order_operate.html?command=get_materiel&rest_code=00107&code=00101005027&supplier_code=00100322&order_time=2021-01-28 HTTP/1.1" 200 439
58.40.7.146 - - [28/Jan/2021:10:26:35 +0800] "GET /xingrg/all/function/internal_message.html?_=1611800793381&CODE_STATE=getMsg HTTP/1.1" 200 27
117.185.32.26 - - [28/Jan/2021:10:26:35 +0800] "GET /xingrg/all/function/internal_message.html?_=1611800792565&CODE_STATE=getMsg HTTP/1.1" 200 27
180.169.147.146 - - [28/Jan/2021:10:26:36 +0800] "GET /xingrg/all/function/internal_message.html?_=1611800791108&CODE_STATE=getMsg HTTP/1.1" 200 27
117.185.32.26 - - [28/Jan/2021:10:26:37 +0800] "GET /xingrg/kc/buy/cgsh_order_operate.html?command=get_materiel&rest_code=00106&code=00101002034&supplier_code=00100091&order_time=2021-01-28 HTTP/1.1" 200 409
114.88.166.193 - - [28/Jan/2021:10:26:40 +0800] "GET /xingrg/kc/buy/cgsh_order_add.html HTTP/1.1" 200 62020
180.169.147.146 - - [28/Jan/2021:10:26:40 +0800] "GET /xingrg/all/function/internal_message.html?_=1611800804311&CODE_STATE=getMsg HTTP/1.1" 200 27
114.88.166.193 - - [28/Jan/2021:10:26:41 +0800] "POST /xingrg/kc/buy/cgsh_order_operate.html HTTP/1.1" 200 8245
114.88.166.193 - - [28/Jan/2021:10:26:41 +0800] "GET /xingrg/javascript/easyui/themes/default/validatebox.css HTTP/1.1" 404 1104
117.184.7.26 - - [28/Jan/2021:10:26:41 +0800] "GET /xingrg/all/function/internal_message.html?_=1611800790816&CODE_STATE=getMsg HTTP/1.1" 200 27
116.228.172.94 - - [28/Jan/2021:10:26:42 +0800] "GET /xingrg/all/function/internal_message.html?_=1611800795194&CODE_STATE=getMsg HTTP/1.1" 200 27
116.227.17.229 - - [28/Jan/2021:10:26:47 +0800] "GET /xingrg/all/function/internal_message.html?_=1611800805475&CODE_STATE=getMsg HTTP/1.1" 200 27
61.165.42.208 - - [28/Jan/2021:10:26:48 +0800] "GET /xingrg/all/function/internal_message.html?_=1611800808284&CODE_STATE=getMsg HTTP/1.1" 200 27
114.88.166.193 - - [28/Jan/2021:10:26:49 +0800] "GET /xingrg/kc/buy/cgsh_order_operate.html?command=get_materiel&rest_code=00111&code=00101004046&supplier_code=00100312&order_time=2021-01-28 HTTP/1.1" 200 419
120.253.135.82 - - [28/Jan/2021:10:26:52 +0800] "GET /xingrg/all/function/internal_message.html?_=1611800855152&CODE_STATE=getMsg HTTP/1.1" 200 27
180.175.150.119 - - [28/Jan/2021:10:26:53 +0800] "GET /xingrg/check_reg.html?_=1611801055468 HTTP/1.1" 200 22
114.88.166.193 - - [28/Jan/2021:10:26:54 +0800] "GET /xingrg/all/function/internal_message.html?_=1611800810367&CODE_STATE=getMsg HTTP/1.1" 200 27
117.185.32.26 - - [28/Jan/2021:10:26:57 +0800] "GET /xingrg/all/function/internal_message.html?_=1611801300050&CODE_STATE=getMsg HTTP/1.1" 200 27
180.175.150.119 - - [28/Jan/2021:10:26:58 +0800] "GET /xingrg/all/function/internal_message.html?_=1611801060015&CODE_STATE=getMsg HTTP/1.1" 200 27
114.88.166.193 - - [28/Jan/2021:10:27:00 +0800] "GET /xingrg/kc/buy/cgsh_order_operate.html?command=get_materiel&rest_code=00111&code=00101004067&supplier_code=00100312&order_time=2021-01-28 HTTP/1.1" 200 413
116.228.172.94 - - [28/Jan/2021:10:27:02 +0800] "POST /xingrg/kc/buy/cgsh_order_operate.html HTTP/1.1" 200 37
116.228.172.94 - - [28/Jan/2021:10:27:03 +0800] "POST /xingrg/kc/buy/cgsh_order_operate.html HTTP/1.1" 200 3897
218.81.223.240 - - [28/Jan/2021:10:27:04 +0800] "GET /xingrg/check_reg.html?_=1611800823575 HTTP/1.1" 200 22
218.81.223.240 - - [28/Jan/2021:10:27:04 +0800] "GET /xingrg/all/function/internal_message.html?_=1611800823973&CODE_STATE=getMsg HTTP/1.1" 200 27
222.69.133.109 - - [28/Jan/2021:10:27:04 +0800] "GET /xingrg/all/function/internal_message.html?_=1611800824407&CODE_STATE=getMsg HTTP/1.1" 200 27
120.253.135.82 - - [28/Jan/2021:10:27:04 +0800] "GET /xingrg/all/function/internal_message.html?_=1611800932720&CODE_STATE=getMsg HTTP/1.1" 200 27
172.20.0.100 - - [28/Jan/2021:10:27:05 +0800] "GET /xingrg/all/function/internal_message.html?_=1611800822157&CODE_STATE=getMsg HTTP/1.1" 200 27
116.228.172.94 - - [28/Jan/2021:10:27:05 +0800] "GET /xingrg/kc/print/load_data.html?order_code=212021012813008&kc_code=cgsh&condition= HTTP/1.1" 200 1172
114.88.166.193 - - [28/Jan/2021:10:27:08 +0800] "GET /xingrg/kc/buy/cgsh_order_operate.html?command=get_materiel&rest_code=00111&code=00101001029&supplier_code=00100312&order_time=2021-01-28 HTTP/1.1" 200 415
222.69.136.173 - - [28/Jan/2021:10:27:10 +0800] "GET /xingrg/all/function/internal_message.html?_=1611800824326&CODE_STATE=getMsg HTTP/1.1" 200 27
222.69.136.173 - - [28/Jan/2021:10:27:10 +0800] "GET /xingrg/check_reg.html?_=1611800824337 HTTP/1.1" 200 22
116.228.172.94 - - [28/Jan/2021:10:27:10 +0800] "GET /xingrg/kc/buy/cgsh_order_add.html HTTP/1.1" 200 62108
180.156.237.57 - - [28/Jan/2021:10:27:11 +0800] "GET /xingrg/check_reg.html?_=1611800804965 HTTP/1.1" 200 22
114.86.187.76 - - [28/Jan/2021:10:27:11 +0800] "GET /xingrg/all/function/internal_message.html?_=1611800831430&CODE_STATE=getMsg HTTP/1.1" 200 27
116.228.172.94 - - [28/Jan/2021:10:27:11 +0800] "GET /xingrg/words/20210128101905_words.js HTTP/1.1" 304 -
116.228.172.94 - - [28/Jan/2021:10:27:11 +0800] "GET /xingrg/javascript/easyui/themes/default/validatebox.css HTTP/1.1" 404 1104
116.228.172.94 - - [28/Jan/2021:10:27:11 +0800] "POST /xingrg/kc/buy/cgsh_order_operate.html HTTP/1.1" 200 8245
180.156.237.57 - - [28/Jan/2021:10:27:11 +0800] "GET /xingrg/all/function/internal_message.html?_=1611800805915&CODE_STATE=getMsg HTTP/1.1" 200 27
117.185.32.26 - - [28/Jan/2021:10:27:14 +0800] "GET /xingrg/check_reg.html?_=1611800852563 HTTP/1.1" 200 22
117.185.32.26 - - [28/Jan/2021:10:27:14 +0800] "GET /xingrg/all/function/internal_message.html?_=1611800852565&CODE_STATE=getMsg HTTP/1.1" 200 27
116.228.172.94 - - [28/Jan/2021:10:27:14 +0800] "GET /xingrg/javascript/easyui/themes/default/tree.css HTTP/1.1" 404 1090
116.228.172.94 - - [28/Jan/2021:10:27:14 +0800] "POST /xingrg/all/common/load_tree.html?tree=supplier_tree_json&isDelete=1 HTTP/1.1" 200 54680
117.131.5.26 - - [28/Jan/2021:10:27:16 +0800] "GET /xingrg/all/function/internal_message.html?_=1611801191016&CODE_STATE=getMsg HTTP/1.1" 302 -
117.131.5.26 - - [28/Jan/2021:10:27:16 +0800] "GET /xingrg/login.html HTTP/1.1" 200 7641
183.192.164.214 - - [28/Jan/2021:10:27:16 +0800] "GET /xingrg/all/function/internal_message.html?_=1611800192549&CODE_STATE=getMsg HTTP/1.1" 302 -
58.40.7.146 - - [28/Jan/2021:10:27:16 +0800] "GET /xingrg/all/function/internal_message.html?_=1611800834302&CODE_STATE=getMsg HTTP/1.1" 200 27
172.20.0.100 - - [28/Jan/2021:10:27:17 +0800] "GET /xingrg/all/function/internal_message.html?_=1611800835708&CODE_STATE=getMsg HTTP/1.1" 200 27
180.175.150.119 - - [28/Jan/2021:10:27:18 +0800] "POST /xingrg/kc/buy/cgsh_list_operate.html HTTP/1.1" 200 2386
183.192.164.214 - - [28/Jan/2021:10:27:22 +0800] "GET /xingrg/login.html HTTP/1.1" 200 7641
180.156.237.57 - - [28/Jan/2021:10:27:24 +0800] "GET /xingrg/all/function/internal_message.html?_=1611800843675&CODE_STATE=getMsg HTTP/1.1" 200 27
114.88.166.193 - - [28/Jan/2021:10:27:26 +0800] "GET /xingrg/kc/buy/cgsh_order_operate.html?command=get_materiel&rest_code=00111&code=00101004030&supplier_code=00100312&order_time=2021-01-28 HTTP/1.1" 200 408
58.37.230.33 - - [28/Jan/2021:10:27:28 +0800] "GET /xingrg/all/function/internal_message.html?_=1611800868869&CODE_STATE=getMsg HTTP/1.1" 200 27
114.88.166.193 - - [28/Jan/2021:10:27:34 +0800] "POST /xingrg/kc/buy/cgsh_order_operate.html HTTP/1.1" 200 37
116.228.172.94 - - [28/Jan/2021:10:27:34 +0800] "GET /xingrg/kc/buy/cgsh_order_operate.html?command=get_materiel&rest_code=00107&code=00101004017&supplier_code=00100323&order_time=2021-01-28 HTTP/1.1" 200 413
58.40.7.146 - - [28/Jan/2021:10:27:35 +0800] "GET /xingrg/all/function/internal_message.html?_=1611800853383&CODE_STATE=getMsg HTTP/1.1" 200 27
114.88.166.193 - - [28/Jan/2021:10:27:36 +0800] "POST /xingrg/kc/buy/cgsh_order_operate.html HTTP/1.1" 200 4448
180.169.147.146 - - [28/Jan/2021:10:27:36 +0800] "GET /xingrg/all/function/internal_message.html?_=1611800851082&CODE_STATE=getMsg HTTP/1.1" 200 27
114.88.166.193 - - [28/Jan/2021:10:27:38 +0800] "GET /xingrg/kc/print/load_data.html?order_code=212021012813009&kc_code=cgsh&condition= HTTP/1.1" 200 1369
180.169.147.146 - - [28/Jan/2021:10:27:40 +0800] "GET /xingrg/all/function/internal_message.html?_=1611800864306&CODE_STATE=getMsg HTTP/1.1" 200 27
117.184.7.26 - - [28/Jan/2021:10:27:41 +0800] "GET /xingrg/all/function/internal_message.html?_=1611800850820&CODE_STATE=getMsg HTTP/1.1" 200 27
116.228.172.94 - - [28/Jan/2021:10:27:42 +0800] "GET /xingrg/check_reg.html?_=1611800855159 HTTP/1.1" 200 22
116.228.172.94 - - [28/Jan/2021:10:27:42 +0800] "GET /xingrg/all/function/internal_message.html?_=1611800855174&CODE_STATE=getMsg HTTP/1.1" 200 27
114.88.166.193 - - [28/Jan/2021:10:27:43 +0800] "GET /xingrg/kc/buy/cgsh_order_add.html HTTP/1.1" 200 62020
114.88.166.193 - - [28/Jan/2021:10:27:44 +0800] "POST /xingrg/kc/buy/cgsh_order_operate.html HTTP/1.1" 200 8245
114.88.166.193 - - [28/Jan/2021:10:27:44 +0800] "GET /xingrg/javascript/easyui/themes/default/validatebox.css HTTP/1.1" 404 1104
117.185.32.26 - - [28/Jan/2021:10:27:45 +0800] "POST /xingrg/kc/buy/cgsh_order_operate.html HTTP/1.1" 200 37
120.253.135.82 - - [28/Jan/2021:10:27:45 +0800] "GET /xingrg/check_reg.html?_=1611800973858 HTTP/1.1" 200 22
117.185.32.26 - - [28/Jan/2021:10:27:47 +0800] "POST /xingrg/kc/buy/cgsh_order_operate.html HTTP/1.1" 200 3253
116.227.17.229 - - [28/Jan/2021:10:27:47 +0800] "GET /xingrg/all/function/internal_message.html?_=1611800865462&CODE_STATE=getMsg HTTP/1.1" 200 27
114.88.166.193 - - [28/Jan/2021:10:27:47 +0800] "GET /xingrg/kc/buy/cgsh_order_add.html HTTP/1.1" 200 62020
61.165.42.208 - - [28/Jan/2021:10:27:48 +0800] "GET /xingrg/all/function/internal_message.html?_=1611800868280&CODE_STATE=getMsg HTTP/1.1" 200 27
61.165.42.208 - - [28/Jan/2021:10:27:48 +0800] "GET /xingrg/check_reg.html?_=1611800868275 HTTP/1.1" 200 22
114.88.166.193 - - [28/Jan/2021:10:27:48 +0800] "POST /xingrg/kc/buy/cgsh_order_operate.html HTTP/1.1" 200 8245
114.88.166.193 - - [28/Jan/2021:10:27:48 +0800] "GET /xingrg/javascript/easyui/themes/default/validatebox.css HTTP/1.1" 404 1104
117.185.32.26 - - [28/Jan/2021:10:27:49 +0800] "GET /xingrg/kc/buy/cgsh_order_add.html HTTP/1.1" 200 62020
117.185.32.26 - - [28/Jan/2021:10:27:49 +0800] "GET /xingrg/words/20210128101905_words.js HTTP/1.1" 304 -
117.185.32.26 - - [28/Jan/2021:10:27:49 +0800] "POST /xingrg/kc/buy/cgsh_order_operate.html HTTP/1.1" 200 8245
117.185.32.26 - - [28/Jan/2021:10:27:49 +0800] "GET /xingrg/javascript/easyui/themes/default/validatebox.css HTTP/1.1" 404 1104
116.228.172.94 - - [28/Jan/2021:10:27:51 +0800] "GET /xingrg/kc/buy/cgsh_order_operate.html?command=get_materiel&rest_code=00107&code=00101037177&supplier_code=00100323&order_time=2021-01-28 HTTP/1.1" 200 406
117.185.32.26 - - [28/Jan/2021:10:27:51 +0800] "GET /xingrg/javascript/easyui/themes/default/tree.css HTTP/1.1" 404 1090
117.185.32.26 - - [28/Jan/2021:10:27:51 +0800] "POST /xingrg/all/common/load_tree.html?tree=supplier_tree_json&isDelete=1 HTTP/1.1" 200 54680
120.253.135.82 - - [28/Jan/2021:10:27:52 +0800] "GET /xingrg/all/function/internal_message.html?_=1611800915159&CODE_STATE=getMsg HTTP/1.1" 200 27
114.88.166.193 - - [28/Jan/2021:10:27:54 +0800] "GET /xingrg/all/function/internal_message.html?_=1611800870447&CODE_STATE=getMsg HTTP/1.1" 200 27
117.184.7.26 - - [28/Jan/2021:10:27:55 +0800] "GET /xingrg/kc/buy/buy_main.html HTTP/1.1" 200 12412
117.184.7.26 - - [28/Jan/2021:10:27:55 +0800] "GET /xingrg/css/new_ie.css HTTP/1.1" 404 1036
117.184.7.26 - - [28/Jan/2021:10:27:56 +0800] "GET /xingrg/images/yd/bt.gif HTTP/1.1" 404 1040
117.185.32.26 - - [28/Jan/2021:10:27:57 +0800] "GET /xingrg/all/function/internal_message.html?_=1611801360067&CODE_STATE=getMsg HTTP/1.1" 200 27
114.88.166.193 - - [28/Jan/2021:10:27:57 +0800] "GET /xingrg/kc/buy/cgsh_order_operate.html?command=get_materiel&rest_code=00111&code=00101007085&supplier_code=00100328&order_time=2021-01-28 HTTP/1.1" 200 413
180.175.150.119 - - [28/Jan/2021:10:27:58 +0800] "GET /xingrg/all/function/internal_message.html?_=1611801120019&CODE_STATE=getMsg HTTP/1.1" 200 27
117.184.7.26 - - [28/Jan/2021:10:27:59 +0800] "GET /xingrg/kc/buy/cgsh_order_list.html HTTP/1.1" 200 46282
117.184.7.26 - - [28/Jan/2021:10:28:01 +0800] "POST /xingrg/kc/buy/cgsh_list_operate.html HTTP/1.1" 200 1681
117.184.7.26 - - [28/Jan/2021:10:28:03 +0800] "POST /xingrg/kc/buy/cgsh_list_operate.html HTTP/1.1" 200 569
117.184.7.26 - - [28/Jan/2021:10:28:03 +0800] "GET /xingrg/kc/buy/cgsh_order_info.html?code=212021012812994 HTTP/1.1" 200 61988
117.184.7.26 - - [28/Jan/2021:10:28:03 +0800] "GET /xingrg/words/20210128101905_words.js HTTP/1.1" 304 -
117.184.7.26 - - [28/Jan/2021:10:28:04 +0800] "GET /xingrg/javascript/easyui/themes/default/validatebox.css HTTP/1.1" 404 1104
117.184.7.26 - - [28/Jan/2021:10:28:04 +0800] "POST /xingrg/kc/buy/cgsh_order_operate.html HTTP/1.1" 200 26880
218.81.223.240 - - [28/Jan/2021:10:28:04 +0800] "GET /xingrg/all/function/internal_message.html?_=1611800883986&CODE_STATE=getMsg HTTP/1.1" 200 27
222.69.133.109 - - [28/Jan/2021:10:28:04 +0800] "GET /xingrg/all/function/internal_message.html?_=1611800884410&CODE_STATE=getMsg HTTP/1.1" 200 27
120.253.135.82 - - [28/Jan/2021:10:28:04 +0800] "GET /xingrg/all/function/internal_message.html?_=1611800992734&CODE_STATE=getMsg HTTP/1.1" 200 27
172.20.0.100 - - [28/Jan/2021:10:28:05 +0800] "GET /xingrg/check_reg.html?_=1611800882161 HTTP/1.1" 200 22
172.20.0.100 - - [28/Jan/2021:10:28:05 +0800] "GET /xingrg/all/function/internal_message.html?_=1611800882162&CODE_STATE=getMsg HTTP/1.1" 200 27
117.185.32.26 - - [28/Jan/2021:10:28:09 +0800] "GET /xingrg/kc/buy/cgsh_order_operate.html?command=get_materiel&rest_code=00106&code=00101003035&supplier_code=00100092&order_time=2021-01-28 HTTP/1.1" 200 411
222.69.136.173 - - [28/Jan/2021:10:28:10 +0800] "GET /xingrg/all/function/internal_message.html?_=1611800884336&CODE_STATE=getMsg HTTP/1.1" 200 27
116.228.172.94 - - [28/Jan/2021:10:28:10 +0800] "GET /xingrg/kc/buy/cgsh_order_operate.html?command=get_materiel&rest_code=00107&code=00101006094&supplier_code=00100323&order_time=2021-01-28 HTTP/1.1" 200 410
114.86.187.76 - - [28/Jan/2021:10:28:11 +0800] "GET /xingrg/check_reg.html?_=1611800891409 HTTP/1.1" 200 22
114.86.187.76 - - [28/Jan/2021:10:28:11 +0800] "GET /xingrg/all/function/internal_message.html?_=1611800891427&CODE_STATE=getMsg HTTP/1.1" 200 27
180.156.237.57 - - [28/Jan/2021:10:28:11 +0800] "GET /xingrg/all/function/internal_message.html?_=1611800865928&CODE_STATE=getMsg HTTP/1.1" 200 27
117.185.32.26 - - [28/Jan/2021:10:28:14 +0800] "GET /xingrg/all/function/internal_message.html?_=1611800912564&CODE_STATE=getMsg HTTP/1.1" 200 27
58.40.7.146 - - [28/Jan/2021:10:28:16 +0800] "GET /xingrg/all/function/internal_message.html?_=1611800894305&CODE_STATE=getMsg HTTP/1.1" 200 27
117.131.5.26 - - [28/Jan/2021:10:28:16 +0800] "GET /xingrg/all/function/internal_message.html?_=1611801251023&CODE_STATE=getMsg HTTP/1.1" 302 -
117.131.5.26 - - [28/Jan/2021:10:28:16 +0800] "GET /xingrg/login.html HTTP/1.1" 200 7641
172.20.0.100 - - [28/Jan/2021:10:28:17 +0800] "GET /xingrg/all/function/internal_message.html?_=1611800895711&CODE_STATE=getMsg HTTP/1.1" 200 27
172.20.0.100 - - [28/Jan/2021:10:28:17 +0800] "GET /xingrg/check_reg.html?_=1611800895713 HTTP/1.1" 200 22
114.88.166.193 - - [28/Jan/2021:10:28:17 +0800] "GET /xingrg/kc/buy/cgsh_order_operate.html?command=get_materiel&rest_code=00111&code=00101007032&supplier_code=00100328&order_time=2021-01-28 HTTP/1.1" 200 413
117.184.7.26 - - [28/Jan/2021:10:28:21 +0800] "POST /xingrg/kc/buy/cgsh_order_operate.html HTTP/1.1" 200 37
117.184.7.26 - - [28/Jan/2021:10:28:23 +0800] "POST /xingrg/kc/buy/cgsh_order_operate.html HTTP/1.1" 200 27469
180.156.237.57 - - [28/Jan/2021:10:28:24 +0800] "GET /xingrg/all/function/internal_message.html?_=1611800903676&CODE_STATE=getMsg HTTP/1.1" 200 27
183.192.164.214 - - [28/Jan/2021:10:28:24 +0800] "GET /xingrg/check_reg.html?_=1611800252558 HTTP/1.1" 302 -
114.88.166.193 - - [28/Jan/2021:10:28:25 +0800] "POST /xingrg/kc/buy/cgsh_order_operate.html HTTP/1.1" 200 37
116.228.172.94 - - [28/Jan/2021:10:28:26 +0800] "GET /xingrg/kc/buy/cgsh_order_operate.html?command=get_materiel&rest_code=00107&code=00101010106&supplier_code=00100323&order_time=2021-01-28 HTTP/1.1" 200 411
114.88.166.193 - - [28/Jan/2021:10:28:27 +0800] "POST /xingrg/kc/buy/cgsh_order_operate.html HTTP/1.1" 200 2658
183.192.164.214 - - [28/Jan/2021:10:28:27 +0800] "GET /xingrg/login.html HTTP/1.1" 200 7641
58.37.230.33 - - [28/Jan/2021:10:28:28 +0800] "GET /xingrg/all/function/internal_message.html?_=1611800928839&CODE_STATE=getMsg HTTP/1.1" 200 27
114.88.166.193 - - [28/Jan/2021:10:28:29 +0800] "GET /xingrg/kc/print/load_data.html?order_code=212021012813011&kc_code=cgsh&condition= HTTP/1.1" 200 671
58.40.7.146 - - [28/Jan/2021:10:28:35 +0800] "GET /xingrg/all/function/internal_message.html?_=1611800913386&CODE_STATE=getMsg HTTP/1.1" 200 27
180.169.147.146 - - [28/Jan/2021:10:28:36 +0800] "GET /xingrg/all/function/internal_message.html?_=1611800911055&CODE_STATE=getMsg HTTP/1.1" 200 27
114.88.166.193 - - [28/Jan/2021:10:28:36 +0800] "GET /xingrg/kc/buy/cgsh_order_add.html HTTP/1.1" 200 62020
114.88.166.193 - - [28/Jan/2021:10:28:37 +0800] "POST /xingrg/kc/buy/cgsh_order_operate.html HTTP/1.1" 200 8245
117.184.7.26 - - [28/Jan/2021:10:28:37 +0800] "GET /xingrg/kc/buy/cgsh_order_operate.html?command=get_materiel&rest_code=00108&code=00101008350&supplier_code=00100008&order_time=2021-01-28 HTTP/1.1" 200 408
114.88.166.193 - - [28/Jan/2021:10:28:38 +0800] "GET /xingrg/javascript/easyui/themes/default/validatebox.css HTTP/1.1" 404 1104
117.185.32.26 - - [28/Jan/2021:10:28:39 +0800] "GET /xingrg/kc/buy/cgsh_order_operate.html?command=get_materiel&rest_code=00106&code=00101003006&supplier_code=00100092&order_time=2021-01-28 HTTP/1.1" 200 433
180.169.147.146 - - [28/Jan/2021:10:28:40 +0800] "GET /xingrg/all/function/internal_message.html?_=1611800924309&CODE_STATE=getMsg HTTP/1.1" 200 27
117.184.7.26 - - [28/Jan/2021:10:28:41 +0800] "GET /xingrg/check_reg.html?_=1611800910831 HTTP/1.1" 200 22
117.184.7.26 - - [28/Jan/2021:10:28:42 +0800] "GET /xingrg/all/function/internal_message.html?_=1611800910828&CODE_STATE=getMsg HTTP/1.1" 200 27
116.228.172.94 - - [28/Jan/2021:10:28:42 +0800] "GET /xingrg/all/function/internal_message.html?_=1611800915157&CODE_STATE=getMsg HTTP/1.1" 200 27
116.228.172.94 - - [28/Jan/2021:10:28:45 +0800] "GET /xingrg/kc/buy/cgsh_order_operate.html?command=get_materiel&rest_code=00107&code=00101008025&supplier_code=00100323&order_time=2021-01-28 HTTP/1.1" 200 409
116.227.17.229 - - [28/Jan/2021:10:28:47 +0800] "GET /xingrg/all/function/internal_message.html?_=1611800925465&CODE_STATE=getMsg HTTP/1.1" 200 27
61.165.42.208 - - [28/Jan/2021:10:28:48 +0800] "GET /xingrg/all/function/internal_message.html?_=1611800928272&CODE_STATE=getMsg HTTP/1.1" 200 27
117.184.7.26 - - [28/Jan/2021:10:28:48 +0800] "GET /xingrg/kc/buy/cgsh_order_operate.html?command=get_materiel&rest_code=00108&code=00101008186&supplier_code=00100008&order_time=2021-01-28 HTTP/1.1" 200 408
114.88.166.193 - - [28/Jan/2021:10:28:49 +0800] "GET /xingrg/kc/buy/cgsh_order_operate.html?command=get_materiel&rest_code=00111&code=00101006001&supplier_code=00100404&order_time=2021-01-28 HTTP/1.1" 200 428
101.93.222.235 - - [28/Jan/2021:10:28:52 +0800] "POST /xingrg/services/DataTransmitService HTTP/1.1" 200 524
101.93.222.235 - - [28/Jan/2021:10:28:52 +0800] "POST /xingrg/services/DataTransmitService HTTP/1.1" 200 501
120.253.135.82 - - [28/Jan/2021:10:28:52 +0800] "GET /xingrg/all/function/internal_message.html?_=1611800975195&CODE_STATE=getMsg HTTP/1.1" 200 27
117.185.32.26 - - [28/Jan/2021:10:28:53 +0800] "POST /xingrg/kc/buy/cgsh_order_operate.html HTTP/1.1" 200 37
114.88.166.193 - - [28/Jan/2021:10:28:54 +0800] "GET /xingrg/all/function/internal_message.html?_=1611800930451&CODE_STATE=getMsg HTTP/1.1" 200 27
117.185.32.26 - - [28/Jan/2021:10:28:55 +0800] "POST /xingrg/kc/buy/cgsh_order_operate.html HTTP/1.1" 200 3256
117.185.32.26 - - [28/Jan/2021:10:28:57 +0800] "GET /xingrg/all/function/internal_message.html?_=1611801420069&CODE_STATE=getMsg HTTP/1.1" 200 27
116.228.172.94 - - [28/Jan/2021:10:28:57 +0800] "POST /xingrg/kc/buy/cgsh_order_operate.html HTTP/1.1" 200 37
180.175.150.119 - - [28/Jan/2021:10:28:58 +0800] "GET /xingrg/all/function/internal_message.html?_=1611801180032&CODE_STATE=getMsg HTTP/1.1" 200 27
117.185.32.26 - - [28/Jan/2021:10:29:00 +0800] "GET /xingrg/kc/buy/cgsh_order_add.html HTTP/1.1" 200 62020
117.185.32.26 - - [28/Jan/2021:10:29:00 +0800] "GET /xingrg/javascript/easyui/themes/default/validatebox.css HTTP/1.1" 404 1104
116.228.172.94 - - [28/Jan/2021:10:29:01 +0800] "POST /xingrg/kc/buy/cgsh_order_operate.html HTTP/1.1" 200 5024
218.81.223.240 - - [28/Jan/2021:10:29:04 +0800] "GET /xingrg/all/function/internal_message.html?_=1611800944001&CODE_STATE=getMsg HTTP/1.1" 200 27
222.69.133.109 - - [28/Jan/2021:10:29:04 +0800] "GET /xingrg/all/function/internal_message.html?_=1611800944409&CODE_STATE=getMsg HTTP/1.1" 200 27
120.253.135.82 - - [28/Jan/2021:10:29:04 +0800] "GET /xingrg/all/function/internal_message.html?_=1611801052751&CODE_STATE=getMsg HTTP/1.1" 200 27
114.88.166.193 - - [28/Jan/2021:10:29:04 +0800] "POST /xingrg/kc/buy/cgsh_order_operate.html HTTP/1.1" 200 37
116.228.172.94 - - [28/Jan/2021:10:29:04 +0800] "GET /xingrg/kc/print/load_data.html?order_code=212021012813013&kc_code=cgsh&condition= HTTP/1.1" 200 1580
172.20.0.100 - - [28/Jan/2021:10:29:05 +0800] "GET /xingrg/all/function/internal_message.html?_=1611800942167&CODE_STATE=getMsg HTTP/1.1" 200 27
183.192.164.214 - - [28/Jan/2021:10:29:05 +0800] "GET /xingrg/kc/buy/cgsh_order_operate.html?command=get_materiel&rest_code=00106&code=00101012025&supplier_code=00100032&order_time=2021-01-28 HTTP/1.1" 302 -
114.88.166.193 - - [28/Jan/2021:10:29:06 +0800] "POST /xingrg/kc/buy/cgsh_order_operate.html HTTP/1.1" 200 2675
114.88.166.193 - - [28/Jan/2021:10:29:07 +0800] "GET /xingrg/kc/print/load_data.html?order_code=212021012813014&kc_code=cgsh&condition= HTTP/1.1" 200 703
117.184.7.26 - - [28/Jan/2021:10:29:09 +0800] "GET /xingrg/kc/buy/cgsh_order_operate.html?command=get_materiel&rest_code=00108&code=00101008290&supplier_code=00100008&order_time=2021-01-28 HTTP/1.1" 200 416
116.228.172.94 - - [28/Jan/2021:10:29:09 +0800] "GET /xingrg/kc/buy/cgsh_order_add.html HTTP/1.1" 200 62108
116.228.172.94 - - [28/Jan/2021:10:29:10 +0800] "GET /xingrg/words/20210128101905_words.js HTTP/1.1" 304 -
116.228.172.94 - - [28/Jan/2021:10:29:10 +0800] "GET /xingrg/javascript/easyui/themes/default/validatebox.css HTTP/1.1" 404 1104
116.228.172.94 - - [28/Jan/2021:10:29:10 +0800] "POST /xingrg/kc/buy/cgsh_order_operate.html HTTP/1.1" 200 8245
222.69.136.173 - - [28/Jan/2021:10:29:10 +0800] "GET /xingrg/all/function/internal_message.html?_=1611800944339&CODE_STATE=getMsg HTTP/1.1" 200 27
114.86.187.76 - - [28/Jan/2021:10:29:11 +0800] "GET /xingrg/all/function/internal_message.html?_=1611800951399&CODE_STATE=getMsg HTTP/1.1" 200 27
180.156.237.57 - - [28/Jan/2021:10:29:12 +0800] "GET /xingrg/all/function/internal_message.html?_=1611800925940&CODE_STATE=getMsg HTTP/1.1" 200 27
117.185.32.26 - - [28/Jan/2021:10:29:12 +0800] "POST /xingrg/kc/buy/cgsh_order_operate.html HTTP/1.1" 200 8245
117.185.32.26 - - [28/Jan/2021:10:29:13 +0800] "GET /xingrg/javascript/easyui/themes/default/tree.css HTTP/1.1" 404 1090
117.185.32.26 - - [28/Jan/2021:10:29:13 +0800] "POST /xingrg/all/common/load_tree.html?tree=supplier_tree_json&isDelete=1 HTTP/1.1" 200 54680
183.192.164.214 - - [28/Jan/2021:10:29:13 +0800] "GET /xingrg/login.html HTTP/1.1" 200 7641
183.192.164.71 - - [28/Jan/2021:10:29:13 +0800] "GET /xingrg/kc/buy/cgsh_order_operate.html?command=get_materiel&rest_code=00106&code=00101012029&supplier_code=00100032&order_time=2021-01-28 HTTP/1.1" 302 -
117.131.5.26 - - [28/Jan/2021:10:29:14 +0800] "GET /xingrg/check_reg.html?_=1611801308990 HTTP/1.1" 302 -
117.131.5.26 - - [28/Jan/2021:10:29:14 +0800] "GET /xingrg/login.html HTTP/1.1" 200 7641
117.185.32.26 - - [28/Jan/2021:10:29:14 +0800] "GET /xingrg/all/function/internal_message.html?_=1611800972565&CODE_STATE=getMsg HTTP/1.1" 200 27
117.131.5.26 - - [28/Jan/2021:10:29:16 +0800] "GET /xingrg/all/function/internal_message.html?_=1611801311034&CODE_STATE=getMsg HTTP/1.1" 302 -
117.131.5.26 - - [28/Jan/2021:10:29:16 +0800] "GET /xingrg/login.html HTTP/1.1" 200 7641
58.40.7.146 - - [28/Jan/2021:10:29:16 +0800] "GET /xingrg/all/function/internal_message.html?_=1611800954308&CODE_STATE=getMsg HTTP/1.1" 200 27
116.228.172.94 - - [28/Jan/2021:10:29:16 +0800] "GET /xingrg/javascript/easyui/themes/default/tree.css HTTP/1.1" 404 1090
116.228.172.94 - - [28/Jan/2021:10:29:16 +0800] "POST /xingrg/all/common/load_tree.html?tree=supplier_tree_json&isDelete=1 HTTP/1.1" 200 54680
114.88.166.193 - - [28/Jan/2021:10:29:17 +0800] "GET /xingrg/kc/buy/cgsh_order_add.html HTTP/1.1" 200 62020
172.20.0.100 - - [28/Jan/2021:10:29:17 +0800] "GET /xingrg/all/function/internal_message.html?_=1611800955716&CODE_STATE=getMsg HTTP/1.1" 200 27
114.88.166.193 - - [28/Jan/2021:10:29:18 +0800] "POST /xingrg/kc/buy/cgsh_order_operate.html HTTP/1.1" 200 8245
114.88.166.193 - - [28/Jan/2021:10:29:18 +0800] "GET /xingrg/javascript/easyui/themes/default/validatebox.css HTTP/1.1" 404 1104
183.192.164.71 - - [28/Jan/2021:10:29:19 +0800] "GET /xingrg/login.html HTTP/1.1" 200 7641
117.184.7.26 - - [28/Jan/2021:10:29:23 +0800] "POST /xingrg/kc/buy/cgsh_order_operate.html HTTP/1.1" 200 2065
180.156.237.57 - - [28/Jan/2021:10:29:24 +0800] "GET /xingrg/all/function/internal_message.html?_=1611800963676&CODE_STATE=getMsg HTTP/1.1" 200 27
114.88.166.193 - - [28/Jan/2021:10:29:26 +0800] "GET /xingrg/kc/buy/cgsh_order_operate.html?command=get_materiel&rest_code=00111&code=00101004034&supplier_code=00100085&order_time=2021-01-28 HTTP/1.1" 200 435
120.253.135.82 - - [28/Jan/2021:10:29:27 +0800] "GET /xingrg/check_reg.html?_=1611801010214 HTTP/1.1" 200 22
58.37.230.33 - - [28/Jan/2021:10:29:28 +0800] "GET /xingrg/all/function/internal_message.html?_=1611800988821&CODE_STATE=getMsg HTTP/1.1" 200 27
101.91.60.105 - - [28/Jan/2021:10:29:28 +0800] "GET /xingrg/all/function/internal_message.html?_=1611800329065&CODE_STATE=getMsg HTTP/1.1" 302 -
117.185.32.26 - - [28/Jan/2021:10:29:32 +0800] "GET /xingrg/kc/buy/cgsh_order_operate.html?command=get_materiel&rest_code=00106&code=00101004065&supplier_code=00100088&order_time=2021-01-28 HTTP/1.1" 200 433
101.91.60.105 - - [28/Jan/2021:10:29:32 +0800] "GET /xingrg/login.html HTTP/1.1" 200 7641
58.40.7.146 - - [28/Jan/2021:10:29:35 +0800] "GET /xingrg/check_reg.html?_=1611800973390 HTTP/1.1" 200 22
58.40.7.146 - - [28/Jan/2021:10:29:35 +0800] "GET /xingrg/all/function/internal_message.html?_=1611800973391&CODE_STATE=getMsg HTTP/1.1" 200 27
117.184.7.26 - - [28/Jan/2021:10:29:36 +0800] "GET /xingrg/kc/buy/cgsh_order_operate.html?command=get_materiel&rest_code=00108&code=00101008356&supplier_code=00100008&order_time=2021-01-28 HTTP/1.1" 200 408
180.169.147.146 - - [28/Jan/2021:10:29:36 +0800] "GET /xingrg/all/function/internal_message.html?_=1611800971031&CODE_STATE=getMsg HTTP/1.1" 200 27
180.169.147.146 - - [28/Jan/2021:10:29:40 +0800] "GET /xingrg/all/function/internal_message.html?_=1611800984314&CODE_STATE=getMsg HTTP/1.1" 200 27
117.184.7.26 - - [28/Jan/2021:10:29:41 +0800] "GET /xingrg/all/function/internal_message.html?_=1611800970826&CODE_STATE=getMsg HTTP/1.1" 200 27
116.228.172.94 - - [28/Jan/2021:10:29:42 +0800] "GET /xingrg/all/function/internal_message.html?_=1611800975177&CODE_STATE=getMsg HTTP/1.1" 200 27
114.88.166.193 - - [28/Jan/2021:10:29:42 +0800] "POST /xingrg/kc/buy/cgsh_order_operate.html HTTP/1.1" 200 37
117.185.32.26 - - [28/Jan/2021:10:29:45 +0800] "POST /xingrg/kc/buy/cgsh_order_operate.html HTTP/1.1" 200 37
117.184.7.26 - - [28/Jan/2021:10:29:45 +0800] "GET /xingrg/kc/buy/cgsh_order_operate.html?command=get_materiel&rest_code=00108&code=00101008251&supplier_code=00100008&order_time=2021-01-28 HTTP/1.1" 200 408
114.88.166.193 - - [28/Jan/2021:10:29:45 +0800] "POST /xingrg/kc/buy/cgsh_order_operate.html HTTP/1.1" 200 2664
120.204.17.70 - - [28/Jan/2021:10:29:45 +0800] "GET /xingrg/kc/buy/cgsh_order_operate.html?command=get_materiel_price&rest_code=00106&code=00101010248&unit_code=00100043&supplier_code=00100032&order_time=2021-01-28 HTTP/1.1" 302 -
117.185.32.26 - - [28/Jan/2021:10:29:46 +0800] "POST /xingrg/kc/buy/cgsh_order_operate.html HTTP/1.1" 200 2662
114.88.166.193 - - [28/Jan/2021:10:29:46 +0800] "GET /xingrg/kc/print/load_data.html?order_code=212021012813015&kc_code=cgsh&condition= HTTP/1.1" 200 735
116.227.17.229 - - [28/Jan/2021:10:29:47 +0800] "GET /xingrg/all/function/internal_message.html?_=1611800985467&CODE_STATE=getMsg HTTP/1.1" 200 27
61.165.42.208 - - [28/Jan/2021:10:29:48 +0800] "GET /xingrg/all/function/internal_message.html?_=1611800988275&CODE_STATE=getMsg HTTP/1.1" 200 27
117.185.32.26 - - [28/Jan/2021:10:29:49 +0800] "GET /xingrg/words/20210128101905_words.js HTTP/1.1" 304 -
116.228.172.94 - - [28/Jan/2021:10:29:49 +0800] "POST /xingrg/kc/buy/cgsh_order_operate.html HTTP/1.1" 200 37
117.184.7.26 - - [28/Jan/2021:10:29:52 +0800] "GET /xingrg/kc/buy/cgsh_order_operate.html?command=get_materiel&rest_code=00108&code=00101008069&supplier_code=00100008&order_time=2021-01-28 HTTP/1.1" 200 412
120.204.17.70 - - [28/Jan/2021:10:29:52 +0800] "GET /xingrg/login.html HTTP/1.1" 200 7641
120.253.135.82 - - [28/Jan/2021:10:29:52 +0800] "GET /xingrg/all/function/internal_message.html?_=1611801035201&CODE_STATE=getMsg HTTP/1.1" 200 27
116.228.172.94 - - [28/Jan/2021:10:29:52 +0800] "POST /xingrg/kc/buy/cgsh_order_operate.html HTTP/1.1" 200 2656
114.88.166.193 - - [28/Jan/2021:10:29:54 +0800] "GET /xingrg/kc/buy/cgsh_order_add.html HTTP/1.1" 200 62020
117.184.7.26 - - [28/Jan/2021:10:29:55 +0800] "POST /xingrg/kc/buy/cgsh_order_operate.html HTTP/1.1" 200 2065
114.88.166.193 - - [28/Jan/2021:10:29:55 +0800] "POST /xingrg/kc/buy/cgsh_order_operate.html HTTP/1.1" 200 8245
114.88.166.193 - - [28/Jan/2021:10:29:55 +0800] "GET /xingrg/all/function/internal_message.html?_=1611800991441&CODE_STATE=getMsg HTTP/1.1" 200 27
114.88.166.193 - - [28/Jan/2021:10:29:55 +0800] "GET /xingrg/javascript/easyui/themes/default/validatebox.css HTTP/1.1" 404 1104
117.185.32.26 - - [28/Jan/2021:10:29:57 +0800] "GET /xingrg/check_reg.html?_=1611801480064 HTTP/1.1" 200 22
117.185.32.26 - - [28/Jan/2021:10:29:57 +0800] "GET /xingrg/all/function/internal_message.html?_=1611801480066&CODE_STATE=getMsg HTTP/1.1" 200 27
116.228.172.94 - - [28/Jan/2021:10:29:57 +0800] "GET /xingrg/kc/print/load_data.html?order_code=212021012813017&kc_code=cgsh&condition= HTTP/1.1" 200 738
180.175.150.119 - - [28/Jan/2021:10:29:58 +0800] "GET /xingrg/all/function/internal_message.html?_=1611801240046&CODE_STATE=getMsg HTTP/1.1" 200 27
116.228.172.94 - - [28/Jan/2021:10:30:02 +0800] "GET /xingrg/kc/buy/cgsh_order_add.html HTTP/1.1" 200 62108
116.228.172.94 - - [28/Jan/2021:10:30:03 +0800] "GET /xingrg/javascript/easyui/themes/default/validatebox.css HTTP/1.1" 404 1104
116.228.172.94 - - [28/Jan/2021:10:30:03 +0800] "POST /xingrg/kc/buy/cgsh_order_operate.html HTTP/1.1" 200 8245
218.81.223.240 - - [28/Jan/2021:10:30:04 +0800] "GET /xingrg/all/function/internal_message.html?_=1611801004030&CODE_STATE=getMsg HTTP/1.1" 200 27
222.69.133.109 - - [28/Jan/2021:10:30:04 +0800] "GET /xingrg/check_reg.html?_=1611801004397 HTTP/1.1" 200 22
222.69.133.109 - - [28/Jan/2021:10:30:04 +0800] "GET /xingrg/all/function/internal_message.html?_=1611801004402&CODE_STATE=getMsg HTTP/1.1" 200 27
120.253.135.82 - - [28/Jan/2021:10:30:04 +0800] "GET /xingrg/all/function/internal_message.html?_=1611801112761&CODE_STATE=getMsg HTTP/1.1" 200 27
172.20.0.100 - - [28/Jan/2021:10:30:05 +0800] "GET /xingrg/all/function/internal_message.html?_=1611801002158&CODE_STATE=getMsg HTTP/1.1" 200 27
116.228.172.94 - - [28/Jan/2021:10:30:05 +0800] "GET /xingrg/javascript/easyui/themes/default/tree.css HTTP/1.1" 404 1090
116.228.172.94 - - [28/Jan/2021:10:30:05 +0800] "POST /xingrg/all/common/load_tree.html?tree=supplier_tree_json&isDelete=1 HTTP/1.1" 200 54680
117.185.32.26 - - [28/Jan/2021:10:30:08 +0800] "GET /xingrg/kc/buy/cgsh_order_add.html HTTP/1.1" 200 32812
222.69.136.173 - - [28/Jan/2021:10:30:10 +0800] "GET /xingrg/all/function/internal_message.html?_=1611801004343&CODE_STATE=getMsg HTTP/1.1" 200 27
114.86.187.76 - - [28/Jan/2021:10:30:11 +0800] "GET /xingrg/all/function/internal_message.html?_=1611801011404&CODE_STATE=getMsg HTTP/1.1" 200 27
114.88.166.193 - - [28/Jan/2021:10:30:11 +0800] "GET /xingrg/kc/buy/cgsh_order_operate.html?command=get_materiel&rest_code=00111&code=00101004011&supplier_code=00100086&order_time=2021-01-28 HTTP/1.1" 200 413
180.156.237.57 - - [28/Jan/2021:10:30:12 +0800] "GET /xingrg/all/function/internal_message.html?_=1611800985982&CODE_STATE=getMsg HTTP/1.1" 200 27
117.185.32.26 - - [28/Jan/2021:10:30:14 +0800] "GET /xingrg/all/function/internal_message.html?_=1611801032567&CODE_STATE=getMsg HTTP/1.1" 200 27
58.40.7.146 - - [28/Jan/2021:10:30:16 +0800] "GET /xingrg/all/function/internal_message.html?_=1611801014312&CODE_STATE=getMsg HTTP/1.1" 200 27
117.131.5.26 - - [28/Jan/2021:10:30:16 +0800] "GET /xingrg/all/function/internal_message.html?_=1611801371206&CODE_STATE=getMsg HTTP/1.1" 302 -
172.20.0.100 - - [28/Jan/2021:10:30:17 +0800] "GET /xingrg/all/function/internal_message.html?_=1611801015717&CODE_STATE=getMsg HTTP/1.1" 200 27
117.131.5.26 - - [28/Jan/2021:10:30:17 +0800] "GET /xingrg/login.html HTTP/1.1" 200 7641
117.185.32.26 - - [28/Jan/2021:10:30:20 +0800] "GET /xingrg/kc/buy/buy_main.html HTTP/1.1" 200 12412
117.185.32.26 - - [28/Jan/2021:10:30:20 +0800] "GET /xingrg/css/new_ie.css HTTP/1.1" 404 1036
117.185.32.26 - - [28/Jan/2021:10:30:21 +0800] "GET /xingrg/images/yd/bt.gif HTTP/1.1" 404 1040
117.184.7.26 - - [28/Jan/2021:10:30:22 +0800] "GET /xingrg/kc/buy/cgsh_order_operate.html?command=get_materiel&rest_code=00108&code=00101008296&supplier_code=00100008&order_time=2021-01-28 HTTP/1.1" 200 416
180.156.237.57 - - [28/Jan/2021:10:30:24 +0800] "GET /xingrg/all/function/internal_message.html?_=1611801023693&CODE_STATE=getMsg HTTP/1.1" 200 27
180.156.237.57 - - [28/Jan/2021:10:30:24 +0800] "GET /xingrg/check_reg.html?_=1611801023699 HTTP/1.1" 200 22
117.185.32.26 - - [28/Jan/2021:10:30:26 +0800] "GET /xingrg/kc/buy/cgsh_order_list.html HTTP/1.1" 200 46282
114.88.166.193 - - [28/Jan/2021:10:30:28 +0800] "GET /xingrg/kc/buy/cgsh_order_operate.html?command=get_materiel&rest_code=00111&code=00101004065&supplier_code=00100086&order_time=2021-01-28 HTTP/1.1" 200 433
58.37.230.33 - - [28/Jan/2021:10:30:28 +0800] "GET /xingrg/all/function/internal_message.html?_=1611801048795&CODE_STATE=getMsg HTTP/1.1" 200 27
58.37.230.33 - - [28/Jan/2021:10:30:29 +0800] "GET /xingrg/check_reg.html?_=1611801049605 HTTP/1.1" 200 22
58.40.7.146 - - [28/Jan/2021:10:30:35 +0800] "GET /xingrg/all/function/internal_message.html?_=1611801033378&CODE_STATE=getMsg HTTP/1.1" 200 27
180.169.147.146 - - [28/Jan/2021:10:30:36 +0800] "GET /xingrg/all/function/internal_message.html?_=1611801031039&CODE_STATE=getMsg HTTP/1.1" 200 27
117.184.7.26 - - [28/Jan/2021:10:30:37 +0800] "POST /xingrg/kc/buy/cgsh_order_operate.html HTTP/1.1" 200 2065
114.88.166.193 - - [28/Jan/2021:10:30:39 +0800] "POST /xingrg/kc/buy/cgsh_order_operate.html HTTP/1.1" 200 37
180.169.147.146 - - [28/Jan/2021:10:30:40 +0800] "GET /xingrg/check_reg.html?_=1611801044316 HTTP/1.1" 200 22
180.169.147.146 - - [28/Jan/2021:10:30:40 +0800] "GET /xingrg/all/function/internal_message.html?_=1611801044321&CODE_STATE=getMsg HTTP/1.1" 200 27
114.88.166.193 - - [28/Jan/2021:10:30:40 +0800] "POST /xingrg/kc/buy/cgsh_order_operate.html HTTP/1.1" 200 3255
114.88.166.193 - - [28/Jan/2021:10:30:42 +0800] "GET /xingrg/kc/print/load_data.html?order_code=212021012813018&kc_code=cgsh&condition= HTTP/1.1" 200 964
117.184.7.26 - - [28/Jan/2021:10:30:42 +0800] "GET /xingrg/all/function/internal_message.html?_=1611801030880&CODE_STATE=getMsg HTTP/1.1" 200 27
116.228.172.94 - - [28/Jan/2021:10:30:42 +0800] "GET /xingrg/all/function/internal_message.html?_=1611801035157&CODE_STATE=getMsg HTTP/1.1" 200 27
117.185.32.26 - - [28/Jan/2021:10:30:45 +0800] "POST /xingrg/kc/buy/cgsh_list_operate.html HTTP/1.1" 200 3522
116.227.17.229 - - [28/Jan/2021:10:30:47 +0800] "GET /xingrg/all/function/internal_message.html?_=1611801045468&CODE_STATE=getMsg HTTP/1.1" 200 27
116.227.17.229 - - [28/Jan/2021:10:30:47 +0800] "GET /xingrg/check_reg.html?_=1611801045469 HTTP/1.1" 200 22
61.165.42.208 - - [28/Jan/2021:10:30:48 +0800] "GET /xingrg/all/function/internal_message.html?_=1611801048271&CODE_STATE=getMsg HTTP/1.1" 200 27
114.88.166.193 - - [28/Jan/2021:10:30:49 +0800] "GET /xingrg/kc/buy/cgsh_order_add.html HTTP/1.1" 200 62020
114.88.166.193 - - [28/Jan/2021:10:30:50 +0800] "POST /xingrg/kc/buy/cgsh_order_operate.html HTTP/1.1" 200 8245
114.88.166.193 - - [28/Jan/2021:10:30:51 +0800] "GET /xingrg/javascript/easyui/themes/default/validatebox.css HTTP/1.1" 404 1104
114.88.166.193 - - [28/Jan/2021:10:30:52 +0800] "GET /xingrg/check_reg.html?_=1611801048311 HTTP/1.1" 200 22
120.253.135.82 - - [28/Jan/2021:10:30:52 +0800] "GET /xingrg/all/function/internal_message.html?_=1611801095215&CODE_STATE=getMsg HTTP/1.1" 200 27
114.88.166.193 - - [28/Jan/2021:10:30:55 +0800] "GET /xingrg/all/function/internal_message.html?_=1611801051556&CODE_STATE=getMsg HTTP/1.1" 200 27
117.184.7.26 - - [28/Jan/2021:10:30:56 +0800] "GET /xingrg/kc/buy/cgsh_order_operate.html?command=get_materiel&rest_code=00108&code=00101008028&supplier_code=00100008&order_time=2021-01-28 HTTP/1.1" 200 431
183.192.164.97 - - [28/Jan/2021:10:30:58 +0800] "GET /xingrg/all/function/internal_message.html?_=1611800432560&CODE_STATE=getMsg HTTP/1.1" 302 -
180.175.150.119 - - [28/Jan/2021:10:30:58 +0800] "GET /xingrg/all/function/internal_message.html?_=1611801300905&CODE_STATE=getMsg HTTP/1.1" 200 27
180.169.147.146 - - [28/Jan/2021:10:31:01 +0800] "GET /xingrg/check_reg.html?_=1611801055888 HTTP/1.1" 200 22
116.228.172.94 - - [28/Jan/2021:10:31:03 +0800] "GET /xingrg/kc/buy/cgsh_order_operate.html?command=get_materiel&rest_code=00107&code=00101004011&supplier_code=00100086&order_time=2021-01-28 HTTP/1.1" 200 413
120.253.135.82 - - [28/Jan/2021:10:31:03 +0800] "GET /xingrg/check_reg.html?_=1611801171163 HTTP/1.1" 200 22
114.88.166.193 - - [28/Jan/2021:10:31:03 +0800] "GET /xingrg/kc/buy/cgsh_order_operate.html?command=get_materiel&rest_code=00111&code=00101001039&supplier_code=00100430&order_time=2021-01-28 HTTP/1.1" 200 424
218.81.223.240 - - [28/Jan/2021:10:31:04 +0800] "GET /xingrg/all/function/internal_message.html?_=1611801064044&CODE_STATE=getMsg HTTP/1.1" 200 27
222.69.133.109 - - [28/Jan/2021:10:31:04 +0800] "GET /xingrg/all/function/internal_message.html?_=1611801064399&CODE_STATE=getMsg HTTP/1.1" 200 27
120.253.135.82 - - [28/Jan/2021:10:31:04 +0800] "GET /xingrg/all/function/internal_message.html?_=1611801172776&CODE_STATE=getMsg HTTP/1.1" 200 27
172.20.0.100 - - [28/Jan/2021:10:31:05 +0800] "GET /xingrg/all/function/internal_message.html?_=1611801062160&CODE_STATE=getMsg HTTP/1.1" 200 27
183.192.164.97 - - [28/Jan/2021:10:31:05 +0800] "GET /xingrg/login.html HTTP/1.1" 200 7641
117.184.7.26 - - [28/Jan/2021:10:31:08 +0800] "POST /xingrg/kc/buy/cgsh_order_operate.html HTTP/1.1" 200 37
222.69.136.173 - - [28/Jan/2021:10:31:10 +0800] "GET /xingrg/all/function/internal_message.html?_=1611801064345&CODE_STATE=getMsg HTTP/1.1" 200 27
114.86.187.76 - - [28/Jan/2021:10:31:11 +0800] "GET /xingrg/all/function/internal_message.html?_=1611801071427&CODE_STATE=getMsg HTTP/1.1" 200 27
180.156.237.57 - - [28/Jan/2021:10:31:12 +0800] "GET /xingrg/all/function/internal_message.html?_=1611801045984&CODE_STATE=getMsg HTTP/1.1" 200 27
114.88.166.193 - - [28/Jan/2021:10:31:12 +0800] "POST /xingrg/kc/buy/cgsh_order_operate.html HTTP/1.1" 200 37
114.88.166.193 - - [28/Jan/2021:10:31:13 +0800] "POST /xingrg/kc/buy/cgsh_order_operate.html HTTP/1.1" 200 2671
117.185.32.26 - - [28/Jan/2021:10:31:14 +0800] "GET /xingrg/all/function/internal_message.html?_=1611801092566&CODE_STATE=getMsg HTTP/1.1" 200 27
117.184.7.26 - - [28/Jan/2021:10:31:15 +0800] "POST /xingrg/kc/buy/cgsh_order_operate.html HTTP/1.1" 200 37504
114.88.166.193 - - [28/Jan/2021:10:31:15 +0800] "GET /xingrg/kc/print/load_data.html?order_code=212021012813019&kc_code=cgsh&condition= HTTP/1.1" 200 663
58.40.7.146 - - [28/Jan/2021:10:31:16 +0800] "GET /xingrg/all/function/internal_message.html?_=1611801074315&CODE_STATE=getMsg HTTP/1.1" 200 27
58.40.7.146 - - [28/Jan/2021:10:31:16 +0800] "GET /xingrg/check_reg.html?_=1611801074317 HTTP/1.1" 200 22
117.131.5.26 - - [28/Jan/2021:10:31:16 +0800] "GET /xingrg/all/function/internal_message.html?_=1611801431225&CODE_STATE=getMsg HTTP/1.1" 302 -
117.131.5.26 - - [28/Jan/2021:10:31:16 +0800] "GET /xingrg/login.html HTTP/1.1" 200 7641
172.20.0.100 - - [28/Jan/2021:10:31:17 +0800] "GET /xingrg/all/function/internal_message.html?_=1611801075721&CODE_STATE=getMsg HTTP/1.1" 200 27
116.228.172.94 - - [28/Jan/2021:10:31:22 +0800] "POST /xingrg/kc/buy/cgsh_order_operate.html HTTP/1.1" 200 37
117.184.7.26 - - [28/Jan/2021:10:31:23 +0800] "GET /xingrg/kc/buy/cgsh_order_operate.html?command=get_materiel&rest_code=00108&code=00101008323&supplier_code=00100008&order_time=2021-01-28 HTTP/1.1" 200 408
180.156.237.57 - - [28/Jan/2021:10:31:24 +0800] "GET /xingrg/all/function/internal_message.html?_=1611801083699&CODE_STATE=getMsg HTTP/1.1" 200 27
114.88.166.193 - - [28/Jan/2021:10:31:25 +0800] "GET /xingrg/kc/buy/cgsh_order_add.html HTTP/1.1" 200 62020
116.228.172.94 - - [28/Jan/2021:10:31:25 +0800] "POST /xingrg/kc/buy/cgsh_order_operate.html HTTP/1.1" 200 2660
114.88.166.193 - - [28/Jan/2021:10:31:26 +0800] "POST /xingrg/kc/buy/cgsh_order_operate.html HTTP/1.1" 200 8245
114.88.166.193 - - [28/Jan/2021:10:31:26 +0800] "GET /xingrg/javascript/easyui/themes/default/validatebox.css HTTP/1.1" 404 1104
116.228.172.94 - - [28/Jan/2021:10:31:27 +0800] "GET /xingrg/kc/print/load_data.html?order_code=212021012813020&kc_code=cgsh&condition= HTTP/1.1" 200 739
58.37.230.33 - - [28/Jan/2021:10:31:28 +0800] "GET /xingrg/all/function/internal_message.html?_=1611801108763&CODE_STATE=getMsg HTTP/1.1" 200 27
120.204.17.73 - - [28/Jan/2021:10:31:30 +0800] "GET /xingrg/kc/print/load_data.html?order_code=212021012812995&kc_code=cgsh&condition= HTTP/1.1" 302 -
116.228.172.94 - - [28/Jan/2021:10:31:33 +0800] "GET /xingrg/kc/buy/cgsh_order_add.html HTTP/1.1" 200 62108
180.175.150.119 - - [28/Jan/2021:10:31:33 +0800] "POST /xingrg/kc/buy/cgsh_list_operate.html HTTP/1.1" 200 570
116.228.172.94 - - [28/Jan/2021:10:31:33 +0800] "GET /xingrg/words/20210128101905_words.js HTTP/1.1" 304 -
116.228.172.94 - - [28/Jan/2021:10:31:34 +0800] "GET /xingrg/javascript/easyui/themes/default/validatebox.css HTTP/1.1" 404 1104
116.228.172.94 - - [28/Jan/2021:10:31:34 +0800] "POST /xingrg/kc/buy/cgsh_order_operate.html HTTP/1.1" 200 8245
120.204.17.71 - - [28/Jan/2021:10:31:35 +0800] "GET /xingrg/kc/print/load_data.html?order_code=212021012812995&kc_code=cgsh HTTP/1.1" 302 -
180.175.150.119 - - [28/Jan/2021:10:31:35 +0800] "GET /xingrg/kc/buy/cgsh_order_info.html?code=212021012812988 HTTP/1.1" 200 61988
58.40.7.146 - - [28/Jan/2021:10:31:35 +0800] "GET /xingrg/all/function/internal_message.html?_=1611801093381&CODE_STATE=getMsg HTTP/1.1" 200 27
180.175.150.119 - - [28/Jan/2021:10:31:36 +0800] "GET /xingrg/javascript/easyui/themes/default/validatebox.css HTTP/1.1" 404 1104
180.175.150.119 - - [28/Jan/2021:10:31:36 +0800] "POST /xingrg/kc/buy/cgsh_order_operate.html HTTP/1.1" 200 20384
120.204.17.73 - - [28/Jan/2021:10:31:36 +0800] "GET /xingrg/login.html HTTP/1.1" 200 7641
180.169.147.146 - - [28/Jan/2021:10:31:36 +0800] "GET /xingrg/all/function/internal_message.html?_=1611801091015&CODE_STATE=getMsg HTTP/1.1" 200 27
180.169.147.146 - - [28/Jan/2021:10:31:40 +0800] "GET /xingrg/all/function/internal_message.html?_=1611801104322&CODE_STATE=getMsg HTTP/1.1" 200 27
116.228.172.94 - - [28/Jan/2021:10:31:41 +0800] "GET /xingrg/javascript/easyui/themes/default/tree.css HTTP/1.1" 404 1090
116.228.172.94 - - [28/Jan/2021:10:31:41 +0800] "POST /xingrg/all/common/load_tree.html?tree=supplier_tree_json&isDelete=1 HTTP/1.1" 200 54680
117.184.7.26 - - [28/Jan/2021:10:31:41 +0800] "GET /xingrg/all/function/internal_message.html?_=1611801090927&CODE_STATE=getMsg HTTP/1.1" 200 27
120.204.17.71 - - [28/Jan/2021:10:31:41 +0800] "GET /xingrg/login.html HTTP/1.1" 200 7641
114.88.166.193 - - [28/Jan/2021:10:31:42 +0800] "GET /xingrg/kc/buy/cgsh_order_operate.html?command=get_materiel&rest_code=00111&code=00101008328&supplier_code=00100338&order_time=2021-01-28 HTTP/1.1" 200 410
117.184.7.26 - - [28/Jan/2021:10:31:42 +0800] "POST /xingrg/kc/buy/cgsh_order_operate.html HTTP/1.1" 200 37
61.151.178.197 - - [28/Jan/2021:10:31:42 +0800] "GET /xingrg/all/function/internal_message.html?_=1611800449020&CODE_STATE=getMsg HTTP/1.1" 302 -
116.228.172.94 - - [28/Jan/2021:10:31:44 +0800] "GET /xingrg/all/function/internal_message.html?_=1611801097217&CODE_STATE=getMsg HTTP/1.1" 200 27
61.151.178.197 - - [28/Jan/2021:10:31:47 +0800] "GET /xingrg/login.html HTTP/1.1" 200 7641
116.227.17.229 - - [28/Jan/2021:10:31:47 +0800] "GET /xingrg/all/function/internal_message.html?_=1611801105470&CODE_STATE=getMsg HTTP/1.1" 200 27
61.165.42.208 - - [28/Jan/2021:10:31:48 +0800] "GET /xingrg/all/function/internal_message.html?_=1611801108276&CODE_STATE=getMsg HTTP/1.1" 200 27
120.253.135.82 - - [28/Jan/2021:10:31:52 +0800] "GET /xingrg/all/function/internal_message.html?_=1611801155253&CODE_STATE=getMsg HTTP/1.1" 200 27
180.175.150.119 - - [28/Jan/2021:10:31:54 +0800] "GET /xingrg/check_reg.html?_=1611801356365 HTTP/1.1" 200 22
114.88.166.193 - - [28/Jan/2021:10:31:55 +0800] "GET /xingrg/all/function/internal_message.html?_=1611801111568&CODE_STATE=getMsg HTTP/1.1" 200 27
180.175.150.119 - - [28/Jan/2021:10:31:58 +0800] "GET /xingrg/all/function/internal_message.html?_=1611801360921&CODE_STATE=getMsg HTTP/1.1" 200 27
114.88.166.193 - - [28/Jan/2021:10:31:59 +0800] "POST /xingrg/kc/buy/cgsh_order_operate.html HTTP/1.1" 200 37
114.88.166.193 - - [28/Jan/2021:10:32:00 +0800] "POST /xingrg/kc/buy/cgsh_order_operate.html HTTP/1.1" 200 2654
116.228.172.94 - - [28/Jan/2021:10:32:01 +0800] "GET /xingrg/kc/buy/cgsh_order_operate.html?command=get_materiel&rest_code=00107&code=00101008291&supplier_code=00100338&order_time=2021-01-28 HTTP/1.1" 200 408
114.88.166.193 - - [28/Jan/2021:10:32:02 +0800] "GET /xingrg/kc/print/load_data.html?order_code=212021012813021&kc_code=cgsh&condition= HTTP/1.1" 200 664
117.184.7.26 - - [28/Jan/2021:10:32:03 +0800] "POST /xingrg/kc/buy/cgsh_order_operate.html HTTP/1.1" 200 16412
218.81.223.240 - - [28/Jan/2021:10:32:04 +0800] "GET /xingrg/check_reg.html?_=1611801123590 HTTP/1.1" 200 22
218.81.223.240 - - [28/Jan/2021:10:32:04 +0800] "GET /xingrg/all/function/internal_message.html?_=1611801124057&CODE_STATE=getMsg HTTP/1.1" 200 27
222.69.133.109 - - [28/Jan/2021:10:32:04 +0800] "GET /xingrg/all/function/internal_message.html?_=1611801124407&CODE_STATE=getMsg HTTP/1.1" 200 27
120.253.135.82 - - [28/Jan/2021:10:32:04 +0800] "GET /xingrg/all/function/internal_message.html?_=1611801232788&CODE_STATE=getMsg HTTP/1.1" 200 27
172.20.0.100 - - [28/Jan/2021:10:32:05 +0800] "GET /xingrg/all/function/internal_message.html?_=1611801122172&CODE_STATE=getMsg HTTP/1.1" 200 27
180.175.150.119 - - [28/Jan/2021:10:32:08 +0800] "POST /xingrg/kc/buy/cgsh_order_operate.html HTTP/1.1" 200 37
114.88.166.193 - - [28/Jan/2021:10:32:10 +0800] "GET /xingrg/kc/buy/cgsh_order_add.html HTTP/1.1" 200 62020
