180.156.237.57 - - [28/Jan/2021:09:00:31 +0800] "GET /xingrg/javascript/easyui/themes/default/validatebox.css HTTP/1.1" 404 1104
180.156.237.57 - - [28/Jan/2021:09:00:32 +0800] "POST /xingrg/kc/buy/cgsh_order_operate.html HTTP/1.1" 200 613
114.88.166.193 - - [28/Jan/2021:09:00:32 +0800] "GET /xingrg/kc/buy/cgsh_order_operate.html?command=get_materiel&rest_code=00111&code=00101006065&supplier_code=00100012&order_time=2021-01-28 HTTP/1.1" 200 411
180.156.237.57 - - [28/Jan/2021:09:00:35 +0800] "GET /xingrg/kc/print/load_data.html?order_code=212021012812948&kc_code=cgsh&condition= HTTP/1.1" 200 704
58.40.7.146 - - [28/Jan/2021:09:00:35 +0800] "GET /xingrg/all/function/internal_message.html?_=1611795633346&CODE_STATE=getMsg HTTP/1.1" 200 27
116.228.172.94 - - [28/Jan/2021:09:00:40 +0800] "GET /xingrg/all/function/internal_message.html?_=1611795632603&CODE_STATE=getMsg HTTP/1.1" 200 27
222.69.136.173 - - [28/Jan/2021:09:00:41 +0800] "GET /xingrg/kc/buy/cgsh_order_operate.html?command=get_materiel&rest_code=00149&code=00101008169&supplier_code=00100005&order_time=2021-01-28 HTTP/1.1" 200 412
180.169.147.146 - - [28/Jan/2021:09:00:41 +0800] "GET /xingrg/all/function/internal_message.html?_=1611795635458&CODE_STATE=getMsg HTTP/1.1" 200 27
116.228.172.94 - - [28/Jan/2021:09:00:43 +0800] "GET /xingrg/kc/buy/cgsh_order_operate.html?command=get_materiel&rest_code=00107&code=00101004049&supplier_code=00100312&order_time=2021-01-27 HTTP/1.1" 200 413
114.88.166.193 - - [28/Jan/2021:09:00:45 +0800] "GET /xingrg/kc/buy/cgsh_order_operate.html?command=get_materiel&rest_code=00111&code=00101011005&supplier_code=00100012&order_time=2021-01-28 HTTP/1.1" 200 428
180.156.237.57 - - [28/Jan/2021:09:00:45 +0800] "GET /xingrg/all/function/internal_message.html?_=1611795644066&CODE_STATE=getMsg HTTP/1.1" 200 27
120.253.135.82 - - [28/Jan/2021:09:00:46 +0800] "GET /xingrg/all/function/internal_message.html?_=1611795206557&CODE_STATE=getMsg HTTP/1.1" 200 27
120.253.135.82 - - [28/Jan/2021:09:00:46 +0800] "GET /xingrg/check_reg.html?_=1611795206556 HTTP/1.1" 200 22
116.227.17.229 - - [28/Jan/2021:09:00:47 +0800] "GET /xingrg/all/function/internal_message.html?_=1611795643761&CODE_STATE=getMsg HTTP/1.1" 200 27
180.156.237.57 - - [28/Jan/2021:09:00:47 +0800] "POST /xingrg/all/user/operate.html HTTP/1.1" 200 36
116.227.17.229 - - [28/Jan/2021:09:00:47 +0800] "GET /xingrg/check_reg.html?_=1611795643762 HTTP/1.1" 200 22
180.156.237.57 - - [28/Jan/2021:09:00:47 +0800] "GET /xingrg/index.html?sysBaseUrl=http%3A%2F%2F180.169.147.146%3A18081%2Fxingrg%2F&costTime=38×tamp=1611713376381 HTTP/1.1" 200 17177
180.156.237.57 - - [28/Jan/2021:09:00:47 +0800] "GET /xingrg/javascript/jquery_easy_ui/themes/default/easyui.css HTTP/1.1" 304 -
180.156.237.57 - - [28/Jan/2021:09:00:47 +0800] "GET /xingrg/javascript/jquery_easy_ui/themes/icon.css HTTP/1.1" 304 -
180.156.237.57 - - [28/Jan/2021:09:00:47 +0800] "GET /xingrg/css/form.css HTTP/1.1" 304 -
180.156.237.57 - - [28/Jan/2021:09:00:47 +0800] "GET /xingrg/javascript/jquery-1.4.2.min.js HTTP/1.1" 304 -
180.156.237.57 - - [28/Jan/2021:09:00:47 +0800] "GET /xingrg/javascript/jquery_easy_ui/jquery.easyui.min.js HTTP/1.1" 304 -
180.156.237.57 - - [28/Jan/2021:09:00:47 +0800] "GET /xingrg/javascript/jquery_easy_ui/easyui-lang-zh_CN.js HTTP/1.1" 304 -
180.156.237.57 - - [28/Jan/2021:09:00:47 +0800] "GET /xingrg/javascript/jquery.form.js HTTP/1.1" 304 -
180.156.237.57 - - [28/Jan/2021:09:00:47 +0800] "GET /xingrg/javascript/jquery.utils.js HTTP/1.1" 304 -
180.156.237.57 - - [28/Jan/2021:09:00:47 +0800] "GET /xingrg/javascript/jquery.timers.js HTTP/1.1" 304 -
180.156.237.57 - - [28/Jan/2021:09:00:47 +0800] "GET /xingrg/images/blue/jxLogo.png HTTP/1.1" 304 -
180.156.237.57 - - [28/Jan/2021:09:00:47 +0800] "GET /xingrg/javascript/jquery_easy_ui/themes/icons/settle_new.png HTTP/1.1" 304 -
180.156.237.57 - - [28/Jan/2021:09:00:47 +0800] "GET /xingrg/images/blue/navBackgound.jpg HTTP/1.1" 304 -
180.156.237.57 - - [28/Jan/2021:09:00:47 +0800] "POST /xingrg/all/common/load_tree.html?tree=area_rest_tree_json&manage=1 HTTP/1.1" 200 476
180.156.237.57 - - [28/Jan/2021:09:00:47 +0800] "GET /xingrg/all/function/internal_message.html?_=1611795646948&CODE_STATE=count HTTP/1.1" 200 11
180.156.237.57 - - [28/Jan/2021:09:00:47 +0800] "GET /xingrg/images/blue/pingpu.png HTTP/1.1" 304 -
180.156.237.57 - - [28/Jan/2021:09:00:47 +0800] "GET /xingrg/check_reg.html?_=1611795646948 HTTP/1.1" 200 22
180.156.237.57 - - [28/Jan/2021:09:00:48 +0800] "GET /xingrg/javascript/jquery_easy_ui/themes/default/images/panel_tool_collapse.gif HTTP/1.1" 304 -
180.156.237.57 - - [28/Jan/2021:09:00:48 +0800] "GET /xingrg/javascript/jquery_easy_ui/themes/default/images/tabs_leftarrow.png HTTP/1.1" 304 -
180.156.237.57 - - [28/Jan/2021:09:00:48 +0800] "GET /xingrg/javascript/jquery_easy_ui/themes/default/images/tabs_rightarrow.png HTTP/1.1" 304 -
180.156.237.57 - - [28/Jan/2021:09:00:48 +0800] "POST /xingrg/load_menu.html HTTP/1.1" 200 5138
61.165.42.208 - - [28/Jan/2021:09:00:48 +0800] "GET /xingrg/all/function/internal_message.html?_=1611795648172&CODE_STATE=getMsg HTTP/1.1" 200 27
180.169.147.146 - - [28/Jan/2021:09:00:49 +0800] "GET /xingrg/all/function/internal_message.html?_=1611795653169&CODE_STATE=getMsg HTTP/1.1" 200 27
180.156.237.57 - - [28/Jan/2021:09:00:49 +0800] "GET /xingrg/kc/buy/cgsh_order_list.html HTTP/1.1" 200 46286
114.88.166.193 - - [28/Jan/2021:09:00:50 +0800] "GET /xingrg/check_reg.html?_=1611795645954 HTTP/1.1" 200 22
114.88.166.193 - - [28/Jan/2021:09:00:50 +0800] "GET /xingrg/all/function/internal_message.html?_=1611795646047&CODE_STATE=getMsg HTTP/1.1" 200 27
120.253.135.82 - - [28/Jan/2021:09:00:50 +0800] "GET /xingrg/all/function/internal_message.html?_=1611795693258&CODE_STATE=getMsg HTTP/1.1" 200 27
180.156.237.57 - - [28/Jan/2021:09:00:52 +0800] "POST /xingrg/kc/buy/cgsh_list_operate.html HTTP/1.1" 200 1688
180.156.237.57 - - [28/Jan/2021:09:00:53 +0800] "GET /xingrg/kc/buy/cgsh_order_add.html HTTP/1.1" 200 61662
180.156.237.57 - - [28/Jan/2021:09:00:53 +0800] "POST /xingrg/kc/buy/cgsh_order_operate.html HTTP/1.1" 200 8245
180.156.237.57 - - [28/Jan/2021:09:00:53 +0800] "GET /xingrg/javascript/easyui/themes/default/validatebox.css HTTP/1.1" 404 1104
180.156.237.57 - - [28/Jan/2021:09:00:54 +0800] "GET /xingrg/javascript/auto/indicator.gif HTTP/1.1" 404 1066
180.156.237.57 - - [28/Jan/2021:09:01:00 +0800] "GET /xingrg/kc/buy/cgsh_order_operate.html?command=get_materiel&rest_code=00151&code=00101011005&supplier_code=00100047&order_time=2021-01-28 HTTP/1.1" 200 428
120.253.135.82 - - [28/Jan/2021:09:01:03 +0800] "GET /xingrg/check_reg.html?_=1611795771060 HTTP/1.1" 200 22
120.253.135.82 - - [28/Jan/2021:09:01:03 +0800] "GET /xingrg/all/function/internal_message.html?_=1611795771553&CODE_STATE=getMsg HTTP/1.1" 200 27
222.69.136.173 - - [28/Jan/2021:09:01:03 +0800] "GET /xingrg/kc/buy/cgsh_order_operate.html?command=get_materiel&rest_code=00149&code=00101008098&supplier_code=00100005&order_time=2021-01-28 HTTP/1.1" 200 412
116.228.172.94 - - [28/Jan/2021:09:01:04 +0800] "GET /xingrg/kc/buy/cgsh_order_operate.html?command=get_materiel&rest_code=00107&code=00101005017&supplier_code=00100312&order_time=2021-01-27 HTTP/1.1" 200 409
114.88.166.193 - - [28/Jan/2021:09:01:09 +0800] "POST /xingrg/kc/buy/cgsh_order_operate.html HTTP/1.1" 200 37
222.69.136.173 - - [28/Jan/2021:09:01:10 +0800] "GET /xingrg/all/function/internal_message.html?_=1611795664221&CODE_STATE=getMsg HTTP/1.1" 200 27
180.156.237.57 - - [28/Jan/2021:09:01:11 +0800] "GET /xingrg/kc/buy/cgsh_order_operate.html?command=get_materiel&rest_code=00151&code=00101011001&supplier_code=00100047&order_time=2021-01-28 HTTP/1.1" 200 423
114.88.166.193 - - [28/Jan/2021:09:01:11 +0800] "POST /xingrg/kc/buy/cgsh_order_operate.html HTTP/1.1" 200 5610
114.88.166.193 - - [28/Jan/2021:09:01:12 +0800] "GET /xingrg/kc/print/load_data.html?order_code=212021012812949&kc_code=cgsh&condition= HTTP/1.1" 200 1881
222.69.136.173 - - [28/Jan/2021:09:01:14 +0800] "GET /xingrg/kc/buy/cgsh_order_operate.html?command=get_materiel&rest_code=00149&code=00101008005&supplier_code=00100005&order_time=2021-01-28 HTTP/1.1" 200 412
58.40.7.146 - - [28/Jan/2021:09:01:16 +0800] "GET /xingrg/all/function/internal_message.html?_=1611795674237&CODE_STATE=getMsg HTTP/1.1" 200 27
58.40.7.146 - - [28/Jan/2021:09:01:16 +0800] "GET /xingrg/check_reg.html?_=1611795674238 HTTP/1.1" 200 22
180.156.237.57 - - [28/Jan/2021:09:01:17 +0800] "POST /xingrg/kc/buy/cgsh_order_operate.html HTTP/1.1" 200 37
218.81.223.240 - - [28/Jan/2021:09:01:17 +0800] "GET /xingrg/all/function/internal_message.html?_=1611795676830&CODE_STATE=getMsg HTTP/1.1" 200 27
222.69.136.173 - - [28/Jan/2021:09:01:19 +0800] "POST /xingrg/kc/buy/cgsh_order_operate.html HTTP/1.1" 200 2065
116.228.172.94 - - [28/Jan/2021:09:01:20 +0800] "GET /xingrg/kc/buy/cgsh_order_operate.html?command=get_materiel&rest_code=00107&code=00101004030&supplier_code=00100312&order_time=2021-01-27 HTTP/1.1" 200 410
180.156.237.57 - - [28/Jan/2021:09:01:21 +0800] "POST /xingrg/kc/buy/cgsh_order_operate.html HTTP/1.1" 200 12
180.156.237.57 - - [28/Jan/2021:09:01:21 +0800] "GET /xingrg/kc/buy/cgsh_order_info.html?code=212021012812950 HTTP/1.1" 200 56564
180.156.237.57 - - [28/Jan/2021:09:01:22 +0800] "GET /xingrg/javascript/easyui/themes/default/validatebox.css HTTP/1.1" 404 1104
180.156.237.57 - - [28/Jan/2021:09:01:22 +0800] "POST /xingrg/kc/buy/cgsh_order_operate.html HTTP/1.1" 200 1222
114.88.166.193 - - [28/Jan/2021:09:01:23 +0800] "GET /xingrg/kc/buy/cgsh_order_add.html HTTP/1.1" 200 62020
114.88.166.193 - - [28/Jan/2021:09:01:23 +0800] "POST /xingrg/kc/buy/cgsh_order_operate.html HTTP/1.1" 200 8245
114.88.166.193 - - [28/Jan/2021:09:01:23 +0800] "GET /xingrg/javascript/easyui/themes/default/validatebox.css HTTP/1.1" 404 1104
180.156.237.57 - - [28/Jan/2021:09:01:24 +0800] "GET /xingrg/kc/print/load_data.html?order_code=212021012812950&kc_code=cgsh&condition= HTTP/1.1" 200 1005
222.69.136.173 - - [28/Jan/2021:09:01:25 +0800] "GET /xingrg/kc/buy/cgsh_order_operate.html?command=get_materiel&rest_code=00149&code=00101008307&supplier_code=00100005&order_time=2021-01-28 HTTP/1.1" 200 420
58.37.230.33 - - [28/Jan/2021:09:01:29 +0800] "GET /xingrg/all/function/internal_message.html?_=1611795709544&CODE_STATE=getMsg HTTP/1.1" 200 27
116.228.172.94 - - [28/Jan/2021:09:01:30 +0800] "GET /xingrg/kc/buy/cgsh_order_operate.html?command=get_materiel&rest_code=00107&code=00101004057&supplier_code=00100312&order_time=2021-01-27 HTTP/1.1" 200 409
114.88.166.193 - - [28/Jan/2021:09:01:32 +0800] "GET /xingrg/kc/buy/cgsh_order_operate.html?command=get_materiel&rest_code=00111&code=00101007061&supplier_code=00100004&order_time=2021-01-28 HTTP/1.1" 200 409
180.156.237.57 - - [28/Jan/2021:09:01:34 +0800] "POST /xingrg/all/user/operate.html HTTP/1.1" 200 36
180.156.237.57 - - [28/Jan/2021:09:01:34 +0800] "GET /xingrg/index.html?sysBaseUrl=http%3A%2F%2F180.169.147.146%3A18081%2Fxingrg%2F&costTime=38×tamp=1611713376381 HTTP/1.1" 200 17179
180.156.237.57 - - [28/Jan/2021:09:01:34 +0800] "GET /xingrg/javascript/jquery_easy_ui/themes/default/easyui.css HTTP/1.1" 304 -
180.156.237.57 - - [28/Jan/2021:09:01:34 +0800] "GET /xingrg/javascript/jquery_easy_ui/themes/icon.css HTTP/1.1" 304 -
180.156.237.57 - - [28/Jan/2021:09:01:34 +0800] "GET /xingrg/css/form.css HTTP/1.1" 304 -
180.156.237.57 - - [28/Jan/2021:09:01:34 +0800] "GET /xingrg/javascript/jquery-1.4.2.min.js HTTP/1.1" 304 -
180.156.237.57 - - [28/Jan/2021:09:01:34 +0800] "GET /xingrg/javascript/jquery_easy_ui/jquery.easyui.min.js HTTP/1.1" 304 -
180.156.237.57 - - [28/Jan/2021:09:01:34 +0800] "GET /xingrg/javascript/jquery_easy_ui/easyui-lang-zh_CN.js HTTP/1.1" 304 -
180.156.237.57 - - [28/Jan/2021:09:01:34 +0800] "GET /xingrg/javascript/jquery.form.js HTTP/1.1" 304 -
180.156.237.57 - - [28/Jan/2021:09:01:34 +0800] "GET /xingrg/javascript/jquery.utils.js HTTP/1.1" 304 -
180.156.237.57 - - [28/Jan/2021:09:01:34 +0800] "GET /xingrg/javascript/jquery.timers.js HTTP/1.1" 304 -
180.156.237.57 - - [28/Jan/2021:09:01:34 +0800] "GET /xingrg/images/blue/jxLogo.png HTTP/1.1" 304 -
180.156.237.57 - - [28/Jan/2021:09:01:34 +0800] "GET /xingrg/images/blue/navBackgound.jpg HTTP/1.1" 304 -
180.156.237.57 - - [28/Jan/2021:09:01:34 +0800] "GET /xingrg/javascript/jquery_easy_ui/themes/icons/settle_new.png HTTP/1.1" 304 -
180.156.237.57 - - [28/Jan/2021:09:01:34 +0800] "POST /xingrg/all/common/load_tree.html?tree=area_rest_tree_json&manage=1 HTTP/1.1" 200 476
180.156.237.57 - - [28/Jan/2021:09:01:34 +0800] "GET /xingrg/all/function/internal_message.html?_=1611795693946&CODE_STATE=count HTTP/1.1" 200 11
180.156.237.57 - - [28/Jan/2021:09:01:34 +0800] "GET /xingrg/javascript/jquery_easy_ui/themes/default/images/panel_tool_collapse.gif HTTP/1.1" 304 -
180.156.237.57 - - [28/Jan/2021:09:01:34 +0800] "GET /xingrg/check_reg.html?_=1611795693947 HTTP/1.1" 200 22
180.156.237.57 - - [28/Jan/2021:09:01:35 +0800] "GET /xingrg/javascript/jquery_easy_ui/themes/default/images/tabs_leftarrow.png HTTP/1.1" 304 -
180.156.237.57 - - [28/Jan/2021:09:01:35 +0800] "GET /xingrg/images/blue/pingpu.png HTTP/1.1" 304 -
180.156.237.57 - - [28/Jan/2021:09:01:35 +0800] "GET /xingrg/javascript/jquery_easy_ui/themes/default/images/tabs_rightarrow.png HTTP/1.1" 304 -
180.156.237.57 - - [28/Jan/2021:09:01:35 +0800] "POST /xingrg/load_menu.html HTTP/1.1" 200 5138
58.40.7.146 - - [28/Jan/2021:09:01:35 +0800] "GET /xingrg/all/function/internal_message.html?_=1611795693349&CODE_STATE=getMsg HTTP/1.1" 200 27
180.156.237.57 - - [28/Jan/2021:09:01:37 +0800] "GET /xingrg/kc/base/wldb_order_list.html HTTP/1.1" 200 19345
180.156.237.57 - - [28/Jan/2021:09:01:38 +0800] "POST /xingrg/kc/base/wldb_list_operate.html HTTP/1.1" 200 928
180.156.237.57 - - [28/Jan/2021:09:01:39 +0800] "GET /xingrg/kc/base/wldb_order_add.html HTTP/1.1" 200 30508
180.156.237.57 - - [28/Jan/2021:09:01:39 +0800] "POST /xingrg/kc/base/wldb_order_operate.html HTTP/1.1" 200 6806
180.156.237.57 - - [28/Jan/2021:09:01:39 +0800] "GET /xingrg/all/common/auto_word.html?type=base&rest_code=00150 HTTP/1.1" 200 1653
180.156.237.57 - - [28/Jan/2021:09:01:39 +0800] "GET /xingrg/all/common/auto_word.html?type=base&rest_code=00150 HTTP/1.1" 200 1653
180.156.237.57 - - [28/Jan/2021:09:01:39 +0800] "GET /xingrg/javascript/easyui/themes/default/validatebox.css HTTP/1.1" 404 1104
116.228.172.94 - - [28/Jan/2021:09:01:40 +0800] "GET /xingrg/kc/buy/cgsh_order_operate.html?command=get_materiel&rest_code=00107&code=00101004020&supplier_code=00100312&order_time=2021-01-27 HTTP/1.1" 200 409
222.69.136.173 - - [28/Jan/2021:09:01:40 +0800] "GET /xingrg/kc/buy/cgsh_order_operate.html?command=get_materiel&rest_code=00149&code=00101008353&supplier_code=00100005&order_time=2021-01-28 HTTP/1.1" 200 408
116.228.172.94 - - [28/Jan/2021:09:01:40 +0800] "GET /xingrg/all/function/internal_message.html?_=1611795692653&CODE_STATE=getMsg HTTP/1.1" 200 27
180.169.147.146 - - [28/Jan/2021:09:01:41 +0800] "GET /xingrg/all/function/internal_message.html?_=1611795695431&CODE_STATE=getMsg HTTP/1.1" 200 27
180.156.237.57 - - [28/Jan/2021:09:01:42 +0800] "GET /xingrg/javascript/auto/indicator.gif HTTP/1.1" 404 1066
114.88.166.193 - - [28/Jan/2021:09:01:43 +0800] "GET /xingrg/kc/buy/cgsh_order_operate.html?command=get_materiel&rest_code=00111&code=00101007081&supplier_code=00100004&order_time=2021-01-28 HTTP/1.1" 200 413
120.253.135.82 - - [28/Jan/2021:09:01:46 +0800] "GET /xingrg/all/function/internal_message.html?_=1611795266556&CODE_STATE=getMsg HTTP/1.1" 200 27
116.227.17.229 - - [28/Jan/2021:09:01:47 +0800] "GET /xingrg/all/function/internal_message.html?_=1611795703762&CODE_STATE=getMsg HTTP/1.1" 200 27
61.165.42.208 - - [28/Jan/2021:09:01:48 +0800] "GET /xingrg/all/function/internal_message.html?_=1611795708171&CODE_STATE=getMsg HTTP/1.1" 200 27
180.169.147.146 - - [28/Jan/2021:09:01:49 +0800] "GET /xingrg/all/function/internal_message.html?_=1611795713155&CODE_STATE=getMsg HTTP/1.1" 200 27
222.69.136.173 - - [28/Jan/2021:09:01:50 +0800] "GET /xingrg/kc/buy/cgsh_order_operate.html?command=get_materiel&rest_code=00149&code=00101008213&supplier_code=00100005&order_time=2021-01-28 HTTP/1.1" 200 412
114.88.166.193 - - [28/Jan/2021:09:01:50 +0800] "GET /xingrg/all/function/internal_message.html?_=1611795706065&CODE_STATE=getMsg HTTP/1.1" 200 27
120.253.135.82 - - [28/Jan/2021:09:01:50 +0800] "GET /xingrg/all/function/internal_message.html?_=1611795753296&CODE_STATE=getMsg HTTP/1.1" 200 27
180.156.237.57 - - [28/Jan/2021:09:01:54 +0800] "GET /xingrg/kc/base/wldb_order_operate.html?command=get_materiel&rest_code=00150&base_code=0010445&code=00101019277 HTTP/1.1" 200 465
116.228.172.94 - - [28/Jan/2021:09:01:54 +0800] "POST /xingrg/kc/buy/cgsh_order_operate.html HTTP/1.1" 200 37
116.228.172.94 - - [28/Jan/2021:09:01:56 +0800] "POST /xingrg/kc/buy/cgsh_order_operate.html HTTP/1.1" 200 5625
116.228.172.94 - - [28/Jan/2021:09:01:57 +0800] "GET /xingrg/kc/print/load_data.html?order_code=212021012812951&kc_code=cgsh&condition= HTTP/1.1" 200 1805
180.156.237.57 - - [28/Jan/2021:09:02:01 +0800] "GET /xingrg/kc/base/wldb_order_operate.html?command=get_materiel&rest_code=00150&base_code=0010445&code=00101019133 HTTP/1.1" 200 464
116.228.172.94 - - [28/Jan/2021:09:02:02 +0800] "GET /xingrg/kc/buy/cgsh_order_add.html HTTP/1.1" 200 62108
222.69.136.173 - - [28/Jan/2021:09:02:03 +0800] "GET /xingrg/kc/buy/cgsh_order_operate.html?command=get_materiel&rest_code=00149&code=00101008304&supplier_code=00100005&order_time=2021-01-28 HTTP/1.1" 200 412
120.253.135.82 - - [28/Jan/2021:09:02:03 +0800] "GET /xingrg/all/function/internal_message.html?_=1611795831566&CODE_STATE=getMsg HTTP/1.1" 200 27
116.228.172.94 - - [28/Jan/2021:09:02:03 +0800] "POST /xingrg/kc/buy/cgsh_order_operate.html HTTP/1.1" 200 8245
116.228.172.94 - - [28/Jan/2021:09:02:03 +0800] "GET /xingrg/javascript/easyui/themes/default/validatebox.css HTTP/1.1" 404 1104
116.228.172.94 - - [28/Jan/2021:09:02:05 +0800] "GET /xingrg/javascript/easyui/themes/default/tree.css HTTP/1.1" 404 1090
116.228.172.94 - - [28/Jan/2021:09:02:05 +0800] "POST /xingrg/all/common/load_tree.html?tree=supplier_tree_json&isDelete=1 HTTP/1.1" 200 54680
222.69.136.173 - - [28/Jan/2021:09:02:10 +0800] "GET /xingrg/check_reg.html?_=1611795724193 HTTP/1.1" 200 22
222.69.136.173 - - [28/Jan/2021:09:02:10 +0800] "GET /xingrg/all/function/internal_message.html?_=1611795724198&CODE_STATE=getMsg HTTP/1.1" 200 27
218.81.223.240 - - [28/Jan/2021:09:02:14 +0800] "GET /xingrg/check_reg.html?_=1611795733849 HTTP/1.1" 200 22
58.40.7.146 - - [28/Jan/2021:09:02:16 +0800] "GET /xingrg/all/function/internal_message.html?_=1611795734240&CODE_STATE=getMsg HTTP/1.1" 200 27
218.81.223.240 - - [28/Jan/2021:09:02:17 +0800] "GET /xingrg/all/function/internal_message.html?_=1611795736842&CODE_STATE=getMsg HTTP/1.1" 200 27
114.88.166.193 - - [28/Jan/2021:09:02:23 +0800] "POST /xingrg/kc/buy/cgsh_order_operate.html HTTP/1.1" 200 37
180.156.237.57 - - [28/Jan/2021:09:02:23 +0800] "GET /xingrg/kc/base/wldb_order_operate.html?command=get_materiel&rest_code=00150&base_code=0010445&code=00101019263 HTTP/1.1" 200 465
114.88.166.193 - - [28/Jan/2021:09:02:25 +0800] "POST /xingrg/kc/buy/cgsh_order_operate.html HTTP/1.1" 200 3245
116.228.172.94 - - [28/Jan/2021:09:02:25 +0800] "GET /xingrg/kc/buy/cgsh_order_operate.html?command=get_materiel&rest_code=00107&code=00101002006&supplier_code=00100091&order_time=2021-01-28 HTTP/1.1" 200 414
114.88.166.193 - - [28/Jan/2021:09:02:26 +0800] "GET /xingrg/kc/print/load_data.html?order_code=212021012812952&kc_code=cgsh&condition= HTTP/1.1" 200 942
58.37.230.33 - - [28/Jan/2021:09:02:29 +0800] "GET /xingrg/all/function/internal_message.html?_=1611795769542&CODE_STATE=getMsg HTTP/1.1" 200 27
180.156.237.57 - - [28/Jan/2021:09:02:31 +0800] "GET /xingrg/kc/base/wldb_order_operate.html?command=get_materiel&rest_code=00150&base_code=0010445&code=00101019416 HTTP/1.1" 200 463
61.165.42.208 - - [28/Jan/2021:09:02:34 +0800] "POST /xingrg/kc/buy/cgsh_order_operate.html HTTP/1.1" 200 37
222.69.136.173 - - [28/Jan/2021:09:02:34 +0800] "GET /xingrg/kc/buy/cgsh_order_operate.html?command=get_materiel&rest_code=00149&code=00101008275&supplier_code=00100005&order_time=2021-01-28 HTTP/1.1" 200 436
180.156.237.57 - - [28/Jan/2021:09:02:35 +0800] "GET /xingrg/all/function/internal_message.html?_=1611795753958&CODE_STATE=getMsg HTTP/1.1" 200 27
61.165.42.208 - - [28/Jan/2021:09:02:35 +0800] "POST /xingrg/kc/buy/cgsh_order_operate.html HTTP/1.1" 200 4435
58.40.7.146 - - [28/Jan/2021:09:02:35 +0800] "GET /xingrg/all/function/internal_message.html?_=1611795753352&CODE_STATE=getMsg HTTP/1.1" 200 27
61.165.42.208 - - [28/Jan/2021:09:02:36 +0800] "GET /xingrg/kc/print/load_config.html?kc_code=cgsh HTTP/1.1" 200 1845
61.165.42.208 - - [28/Jan/2021:09:02:36 +0800] "GET /xingrg/kc/print/load_data.html?order_code=212021012812953&kc_code=cgsh&condition= HTTP/1.1" 200 1393
222.69.136.173 - - [28/Jan/2021:09:02:37 +0800] "POST /xingrg/kc/buy/cgsh_order_operate.html HTTP/1.1" 200 2065
180.156.237.57 - - [28/Jan/2021:09:02:38 +0800] "GET /xingrg/kc/base/wldb_order_operate.html?command=get_materiel&rest_code=00150&base_code=0010445&code=00101019422 HTTP/1.1" 200 458
116.228.172.94 - - [28/Jan/2021:09:02:38 +0800] "GET /xingrg/kc/buy/cgsh_order_operate.html?command=get_materiel&rest_code=00107&code=00101002034&supplier_code=00100091&order_time=2021-01-28 HTTP/1.1" 200 409
116.228.172.94 - - [28/Jan/2021:09:02:39 +0800] "GET /xingrg/check_reg.html?_=1611795752000 HTTP/1.1" 200 22
116.228.172.94 - - [28/Jan/2021:09:02:40 +0800] "GET /xingrg/all/function/internal_message.html?_=1611795752658&CODE_STATE=getMsg HTTP/1.1" 200 27
180.169.147.146 - - [28/Jan/2021:09:02:41 +0800] "GET /xingrg/all/function/internal_message.html?_=1611795755410&CODE_STATE=getMsg HTTP/1.1" 200 27
61.165.42.208 - - [28/Jan/2021:09:02:41 +0800] "GET /xingrg/kc/buy/cgsh_order_add.html HTTP/1.1" 200 62067
61.165.42.208 - - [28/Jan/2021:09:02:41 +0800] "POST /xingrg/kc/buy/cgsh_order_operate.html HTTP/1.1" 200 8245
61.165.42.208 - - [28/Jan/2021:09:02:41 +0800] "GET /xingrg/javascript/easyui/themes/default/validatebox.css HTTP/1.1" 404 1104
180.156.237.57 - - [28/Jan/2021:09:02:44 +0800] "GET /xingrg/kc/base/wldb_order_operate.html?command=get_materiel&rest_code=00150&base_code=0010445&code=00101019262 HTTP/1.1" 200 464
120.253.135.82 - - [28/Jan/2021:09:02:45 +0800] "GET /xingrg/check_reg.html?_=1611795873771 HTTP/1.1" 200 22
120.253.135.82 - - [28/Jan/2021:09:02:47 +0800] "GET /xingrg/all/function/internal_message.html?_=1611795326557&CODE_STATE=getMsg HTTP/1.1" 200 27
116.227.17.229 - - [28/Jan/2021:09:02:47 +0800] "GET /xingrg/all/function/internal_message.html?_=1611795763764&CODE_STATE=getMsg HTTP/1.1" 200 27
61.165.42.208 - - [28/Jan/2021:09:02:48 +0800] "GET /xingrg/check_reg.html?_=1611795768176 HTTP/1.1" 200 22
61.165.42.208 - - [28/Jan/2021:09:02:48 +0800] "GET /xingrg/all/function/internal_message.html?_=1611795768178&CODE_STATE=getMsg HTTP/1.1" 200 27
180.169.147.146 - - [28/Jan/2021:09:02:49 +0800] "GET /xingrg/all/function/internal_message.html?_=1611795773158&CODE_STATE=getMsg HTTP/1.1" 200 27
180.169.147.146 - - [28/Jan/2021:09:02:49 +0800] "GET /xingrg/check_reg.html?_=1611795773161 HTTP/1.1" 200 22
114.88.166.193 - - [28/Jan/2021:09:02:50 +0800] "GET /xingrg/all/function/internal_message.html?_=1611795766135&CODE_STATE=getMsg HTTP/1.1" 200 27
120.253.135.82 - - [28/Jan/2021:09:02:50 +0800] "GET /xingrg/all/function/internal_message.html?_=1611795813301&CODE_STATE=getMsg HTTP/1.1" 200 27
116.228.172.94 - - [28/Jan/2021:09:02:51 +0800] "POST /xingrg/kc/buy/cgsh_order_operate.html HTTP/1.1" 200 37
116.228.172.94 - - [28/Jan/2021:09:02:52 +0800] "POST /xingrg/kc/buy/cgsh_order_operate.html HTTP/1.1" 200 3252
116.228.172.94 - - [28/Jan/2021:09:02:55 +0800] "GET /xingrg/kc/print/load_data.html?order_code=212021012812954&kc_code=cgsh&condition= HTTP/1.1" 200 964
116.228.172.94 - - [28/Jan/2021:09:02:59 +0800] "GET /xingrg/kc/buy/cgsh_order_add.html HTTP/1.1" 200 62108
180.169.147.146 - - [28/Jan/2021:09:03:00 +0800] "GET /xingrg/check_reg.html?_=1611795774553 HTTP/1.1" 200 22
116.228.172.94 - - [28/Jan/2021:09:03:00 +0800] "GET /xingrg/javascript/easyui/themes/default/validatebox.css HTTP/1.1" 404 1104
116.228.172.94 - - [28/Jan/2021:09:03:00 +0800] "POST /xingrg/kc/buy/cgsh_order_operate.html HTTP/1.1" 200 8245
116.228.172.94 - - [28/Jan/2021:09:03:01 +0800] "GET /xingrg/javascript/easyui/themes/default/tree.css HTTP/1.1" 404 1090
116.228.172.94 - - [28/Jan/2021:09:03:02 +0800] "POST /xingrg/all/common/load_tree.html?tree=supplier_tree_json&isDelete=1 HTTP/1.1" 200 54680
120.253.135.82 - - [28/Jan/2021:09:03:03 +0800] "GET /xingrg/all/function/internal_message.html?_=1611795891579&CODE_STATE=getMsg HTTP/1.1" 200 27
61.165.42.208 - - [28/Jan/2021:09:03:06 +0800] "GET /xingrg/kc/buy/cgsh_order_operate.html?command=get_materiel&rest_code=00105&code=00101007081&supplier_code=00100002&order_time=2021-01-28 HTTP/1.1" 200 413
58.221.95.50 - - [28/Jan/2021:09:03:07 +0800] "GET /xingrg/check_reg.html?_=1611795785763 HTTP/1.1" 302 -
222.69.136.173 - - [28/Jan/2021:09:03:10 +0800] "GET /xingrg/all/function/internal_message.html?_=1611795784216&CODE_STATE=getMsg HTTP/1.1" 200 27
222.69.136.173 - - [28/Jan/2021:09:03:12 +0800] "GET /xingrg/kc/buy/cgsh_order_operate.html?command=get_materiel&rest_code=00149&code=00101019224&supplier_code=00100005&order_time=2021-01-28 HTTP/1.1" 200 408
58.40.7.146 - - [28/Jan/2021:09:03:16 +0800] "GET /xingrg/all/function/internal_message.html?_=1611795794243&CODE_STATE=getMsg HTTP/1.1" 200 27
218.81.223.240 - - [28/Jan/2021:09:03:17 +0800] "GET /xingrg/all/function/internal_message.html?_=1611795796857&CODE_STATE=getMsg HTTP/1.1" 200 27
61.165.42.208 - - [28/Jan/2021:09:03:19 +0800] "GET /xingrg/kc/buy/cgsh_order_operate.html?command=get_materiel&rest_code=00105&code=00101007061&supplier_code=00100002&order_time=2021-01-28 HTTP/1.1" 200 409
116.228.172.94 - - [28/Jan/2021:09:03:24 +0800] "GET /xingrg/kc/buy/cgsh_order_operate.html?command=get_materiel&rest_code=00107&code=00101001019&supplier_code=00100430&order_time=2021-01-28 HTTP/1.1" 200 415
222.69.136.173 - - [28/Jan/2021:09:03:27 +0800] "GET /xingrg/kc/buy/cgsh_order_operate.html?command=get_materiel&rest_code=00149&code=00101008345&supplier_code=00100005&order_time=2021-01-28 HTTP/1.1" 200 413
58.37.230.33 - - [28/Jan/2021:09:03:29 +0800] "GET /xingrg/all/function/internal_message.html?_=1611795829542&CODE_STATE=getMsg HTTP/1.1" 200 27
61.165.42.208 - - [28/Jan/2021:09:03:32 +0800] "GET /xingrg/kc/buy/cgsh_order_operate.html?command=get_materiel&rest_code=00105&code=00101007049&supplier_code=00100002&order_time=2021-01-28 HTTP/1.1" 200 409
180.156.237.57 - - [28/Jan/2021:09:03:35 +0800] "GET /xingrg/all/function/internal_message.html?_=1611795813965&CODE_STATE=getMsg HTTP/1.1" 200 27
58.40.7.146 - - [28/Jan/2021:09:03:35 +0800] "GET /xingrg/all/function/internal_message.html?_=1611795813354&CODE_STATE=getMsg HTTP/1.1" 200 27
116.228.172.94 - - [28/Jan/2021:09:03:36 +0800] "POST /xingrg/kc/buy/cgsh_order_operate.html HTTP/1.1" 200 37
116.228.172.94 - - [28/Jan/2021:09:03:37 +0800] "POST /xingrg/kc/buy/cgsh_order_operate.html HTTP/1.1" 200 2660
222.69.136.173 - - [28/Jan/2021:09:03:39 +0800] "GET /xingrg/kc/buy/cgsh_order_operate.html?command=get_materiel&rest_code=00149&code=00101008125&supplier_code=00100005&order_time=2021-01-28 HTTP/1.1" 200 413
180.169.147.146 - - [28/Jan/2021:09:03:40 +0800] "GET /xingrg/kc/report/report_main.html HTTP/1.1" 200 9370
116.228.172.94 - - [28/Jan/2021:09:03:40 +0800] "GET /xingrg/all/function/internal_message.html?_=1611795812624&CODE_STATE=getMsg HTTP/1.1" 200 27
116.228.172.94 - - [28/Jan/2021:09:03:40 +0800] "GET /xingrg/kc/print/load_data.html?order_code=212021012812955&kc_code=cgsh&condition= HTTP/1.1" 200 652
180.169.147.146 - - [28/Jan/2021:09:03:41 +0800] "GET /xingrg/all/function/internal_message.html?_=1611795815390&CODE_STATE=getMsg HTTP/1.1" 200 27
180.169.147.146 - - [28/Jan/2021:09:03:41 +0800] "GET /xingrg/all/report/report_query.html?fileName=kc/buy/gys_amount_base_rest.xml HTTP/1.1" 200 51664
180.169.147.146 - - [28/Jan/2021:09:03:41 +0800] "GET /xingrg/dwr/interface/AjaxReportQueryService.js HTTP/1.1" 200 13203
180.169.147.146 - - [28/Jan/2021:09:03:41 +0800] "GET /xingrg/dwr/util.js HTTP/1.1" 304 -
180.169.147.146 - - [28/Jan/2021:09:03:41 +0800] "GET /xingrg/dwr/engine.js HTTP/1.1" 200 43631
61.129.6.203 - - [28/Jan/2021:09:03:41 +0800] "GET /xingrg/all/function/internal_message.html?_=1611795709544&CODE_STATE=getMsg HTTP/1.1" 302 -
180.169.147.146 - - [28/Jan/2021:09:03:41 +0800] "POST /xingrg/dwr/call/plaincall/AjaxReportQueryService.getFixDate.dwr HTTP/1.1" 200 111
180.169.147.146 - - [28/Jan/2021:09:03:41 +0800] "POST /xingrg/all/common/load_tree.html?tree=area_rest_tree_json&manage=1 HTTP/1.1" 200 3216
180.169.147.146 - - [28/Jan/2021:09:03:42 +0800] "POST /xingrg/all/common/load_tree.html?tree=supplier_tree_json&manage=1 HTTP/1.1" 200 55412
61.165.42.208 - - [28/Jan/2021:09:03:44 +0800] "GET /xingrg/kc/buy/cgsh_order_operate.html?command=get_materiel&rest_code=00105&code=00101007048&supplier_code=00100002&order_time=2021-01-28 HTTP/1.1" 200 408
116.228.172.94 - - [28/Jan/2021:09:03:45 +0800] "GET /xingrg/kc/buy/cgsh_order_add.html HTTP/1.1" 200 62108
116.228.172.94 - - [28/Jan/2021:09:03:45 +0800] "POST /xingrg/kc/buy/cgsh_order_operate.html HTTP/1.1" 200 8245
116.228.172.94 - - [28/Jan/2021:09:03:46 +0800] "GET /xingrg/javascript/easyui/themes/default/validatebox.css HTTP/1.1" 404 1104
120.253.135.82 - - [28/Jan/2021:09:03:46 +0800] "GET /xingrg/all/function/internal_message.html?_=1611795386556&CODE_STATE=getMsg HTTP/1.1" 200 27
116.228.172.94 - - [28/Jan/2021:09:03:47 +0800] "GET /xingrg/javascript/easyui/themes/default/tree.css HTTP/1.1" 404 1090
61.129.6.203 - - [28/Jan/2021:09:03:47 +0800] "GET /xingrg/login.html HTTP/1.1" 200 7641
116.228.172.94 - - [28/Jan/2021:09:03:47 +0800] "POST /xingrg/all/common/load_tree.html?tree=supplier_tree_json&isDelete=1 HTTP/1.1" 200 54680
116.227.17.229 - - [28/Jan/2021:09:03:47 +0800] "GET /xingrg/all/function/internal_message.html?_=1611795823765&CODE_STATE=getMsg HTTP/1.1" 200 27
61.165.42.208 - - [28/Jan/2021:09:03:48 +0800] "GET /xingrg/all/function/internal_message.html?_=1611795828241&CODE_STATE=getMsg HTTP/1.1" 200 27
180.169.147.146 - - [28/Jan/2021:09:03:49 +0800] "GET /xingrg/all/function/internal_message.html?_=1611795833238&CODE_STATE=getMsg HTTP/1.1" 200 27
114.88.166.193 - - [28/Jan/2021:09:03:50 +0800] "GET /xingrg/all/function/internal_message.html?_=1611795826145&CODE_STATE=getMsg HTTP/1.1" 200 27
120.253.135.82 - - [28/Jan/2021:09:03:50 +0800] "GET /xingrg/all/function/internal_message.html?_=1611795873340&CODE_STATE=getMsg HTTP/1.1" 200 27
61.165.42.208 - - [28/Jan/2021:09:03:52 +0800] "GET /xingrg/kc/buy/cgsh_order_operate.html?command=get_materiel&rest_code=00105&code=00101007024&supplier_code=00100002&order_time=2021-01-28 HTTP/1.1" 200 415
172.20.0.100 - - [28/Jan/2021:09:03:53 +0800] "GET /xingrg/check_reg.html?_=1611795830810 HTTP/1.1" 302 -
180.169.147.146 - - [28/Jan/2021:09:03:58 +0800] "POST /xingrg/dwr/call/plaincall/AjaxReportQueryService.refreshCache.dwr HTTP/1.1" 200 78
222.69.136.173 - - [28/Jan/2021:09:04:01 +0800] "GET /xingrg/kc/buy/cgsh_order_operate.html?command=get_materiel&rest_code=00149&code=00101008114&supplier_code=00100005&order_time=2021-01-28 HTTP/1.1" 200 413
180.169.147.146 - - [28/Jan/2021:09:04:01 +0800] "POST /xingrg/all/report/load_report_page.html HTTP/1.1" 200 62348
180.169.147.146 - - [28/Jan/2021:09:04:02 +0800] "GET /xingrg/servlets/image?cache=0.07238749206887385&image=px HTTP/1.1" 200 807
120.253.135.82 - - [28/Jan/2021:09:04:03 +0800] "GET /xingrg/all/function/internal_message.html?_=1611795951595&CODE_STATE=getMsg HTTP/1.1" 200 27
222.69.136.173 - - [28/Jan/2021:09:04:08 +0800] "POST /xingrg/kc/buy/cgsh_order_operate.html HTTP/1.1" 200 2065
222.69.136.173 - - [28/Jan/2021:09:04:10 +0800] "GET /xingrg/all/function/internal_message.html?_=1611795844209&CODE_STATE=getMsg HTTP/1.1" 200 27
116.228.172.94 - - [28/Jan/2021:09:04:13 +0800] "GET /xingrg/kc/buy/cgsh_order_operate.html?command=get_materiel&rest_code=00107&code=00101007032&supplier_code=00100328&order_time=2021-01-28 HTTP/1.1" 200 413
222.69.136.173 - - [28/Jan/2021:09:04:15 +0800] "GET /xingrg/kc/buy/cgsh_order_operate.html?command=get_materiel&rest_code=00149&code=00101015027&supplier_code=00100005&order_time=2021-01-28 HTTP/1.1" 200 417
58.40.7.146 - - [28/Jan/2021:09:04:16 +0800] "GET /xingrg/all/function/internal_message.html?_=1611795854246&CODE_STATE=getMsg HTTP/1.1" 200 27
218.81.223.240 - - [28/Jan/2021:09:04:17 +0800] "GET /xingrg/all/function/internal_message.html?_=1611795856870&CODE_STATE=getMsg HTTP/1.1" 200 27
116.228.172.94 - - [28/Jan/2021:09:04:24 +0800] "POST /xingrg/kc/buy/cgsh_order_operate.html HTTP/1.1" 200 37
222.69.136.173 - - [28/Jan/2021:09:04:25 +0800] "GET /xingrg/kc/buy/cgsh_order_operate.html?command=get_materiel&rest_code=00149&code=00101008183&supplier_code=00100005&order_time=2021-01-28 HTTP/1.1" 200 413
116.228.172.94 - - [28/Jan/2021:09:04:26 +0800] "POST /xingrg/kc/buy/cgsh_order_operate.html HTTP/1.1" 200 2657
120.253.135.82 - - [28/Jan/2021:09:04:27 +0800] "GET /xingrg/check_reg.html?_=1611795910121 HTTP/1.1" 200 22
58.37.230.33 - - [28/Jan/2021:09:04:29 +0800] "GET /xingrg/all/function/internal_message.html?_=1611795889540&CODE_STATE=getMsg HTTP/1.1" 200 27
116.228.172.94 - - [28/Jan/2021:09:04:32 +0800] "POST /xingrg/kc/buy/cgsh_order_operate.html HTTP/1.1" 200 37
116.228.172.94 - - [28/Jan/2021:09:04:34 +0800] "POST /xingrg/kc/buy/cgsh_order_operate.html HTTP/1.1" 200 2657
180.156.237.57 - - [28/Jan/2021:09:04:35 +0800] "GET /xingrg/all/function/internal_message.html?_=1611795873962&CODE_STATE=getMsg HTTP/1.1" 200 27
58.40.7.146 - - [28/Jan/2021:09:04:35 +0800] "GET /xingrg/check_reg.html?_=1611795873356 HTTP/1.1" 200 22
58.40.7.146 - - [28/Jan/2021:09:04:35 +0800] "GET /xingrg/all/function/internal_message.html?_=1611795873357&CODE_STATE=getMsg HTTP/1.1" 200 27
116.228.172.94 - - [28/Jan/2021:09:04:36 +0800] "GET /xingrg/kc/print/load_data.html?order_code=212021012812956&kc_code=cgsh&condition= HTTP/1.1" 200 670
222.69.136.173 - - [28/Jan/2021:09:04:37 +0800] "GET /xingrg/kc/buy/cgsh_order_operate.html?command=get_materiel&rest_code=00149&code=00101008305&supplier_code=00100005&order_time=2021-01-28 HTTP/1.1" 200 412
180.156.237.57 - - [28/Jan/2021:09:04:39 +0800] "POST /xingrg/kc/base/wldb_order_operate.html HTTP/1.1" 200 37
116.228.172.94 - - [28/Jan/2021:09:04:40 +0800] "GET /xingrg/all/function/internal_message.html?_=1611795872601&CODE_STATE=getMsg HTTP/1.1" 200 27
180.169.147.146 - - [28/Jan/2021:09:04:40 +0800] "GET /xingrg/all/function/internal_message.html?_=1611795875399&CODE_STATE=getMsg HTTP/1.1" 200 27
180.156.237.57 - - [28/Jan/2021:09:04:41 +0800] "POST /xingrg/kc/base/wldb_order_operate.html HTTP/1.1" 200 12
180.156.237.57 - - [28/Jan/2021:09:04:41 +0800] "POST /xingrg/kc/base/wldb_order_operate.html HTTP/1.1" 200 4242
116.228.172.94 - - [28/Jan/2021:09:04:42 +0800] "GET /xingrg/kc/buy/cgsh_order_add.html HTTP/1.1" 200 62108
116.228.172.94 - - [28/Jan/2021:09:04:42 +0800] "GET /xingrg/javascript/easyui/themes/default/validatebox.css HTTP/1.1" 404 1104
116.228.172.94 - - [28/Jan/2021:09:04:42 +0800] "POST /xingrg/kc/buy/cgsh_order_operate.html HTTP/1.1" 200 8245
180.156.237.57 - - [28/Jan/2021:09:04:43 +0800] "GET /xingrg/kc/base/wldb_order_info.html?code=422021012803546 HTTP/1.1" 200 26387
180.156.237.57 - - [28/Jan/2021:09:04:43 +0800] "GET /xingrg/javascript/easyui/themes/default/validatebox.css HTTP/1.1" 404 1104
180.156.237.57 - - [28/Jan/2021:09:04:43 +0800] "POST /xingrg/kc/base/wldb_order_operate.html HTTP/1.1" 200 2494
61.165.42.208 - - [28/Jan/2021:09:04:44 +0800] "GET /xingrg/kc/buy/cgsh_order_operate.html?command=get_materiel&rest_code=00105&code=00101007076&supplier_code=00100002&order_time=2021-01-28 HTTP/1.1" 200 408
116.228.172.94 - - [28/Jan/2021:09:04:45 +0800] "GET /xingrg/javascript/easyui/themes/default/tree.css HTTP/1.1" 404 1090
116.228.172.94 - - [28/Jan/2021:09:04:45 +0800] "POST /xingrg/all/common/load_tree.html?tree=supplier_tree_json&isDelete=1 HTTP/1.1" 200 54680
116.227.17.229 - - [28/Jan/2021:09:04:47 +0800] "GET /xingrg/all/function/internal_message.html?_=1611795883751&CODE_STATE=getMsg HTTP/1.1" 200 27
61.165.42.208 - - [28/Jan/2021:09:04:48 +0800] "GET /xingrg/all/function/internal_message.html?_=1611795888254&CODE_STATE=getMsg HTTP/1.1" 200 27
222.69.136.173 - - [28/Jan/2021:09:04:48 +0800] "GET /xingrg/kc/buy/cgsh_order_operate.html?command=get_materiel&rest_code=00149&code=00101008312&supplier_code=00100005&order_time=2021-01-28 HTTP/1.1" 200 412
180.156.237.57 - - [28/Jan/2021:09:04:49 +0800] "GET /xingrg/kc/base/wldb_order_add.html HTTP/1.1" 200 30508
180.169.147.146 - - [28/Jan/2021:09:04:49 +0800] "GET /xingrg/all/function/internal_message.html?_=1611795893213&CODE_STATE=getMsg HTTP/1.1" 200 27
180.156.237.57 - - [28/Jan/2021:09:04:49 +0800] "POST /xingrg/kc/base/wldb_order_operate.html HTTP/1.1" 200 6806
180.156.237.57 - - [28/Jan/2021:09:04:49 +0800] "GET /xingrg/javascript/easyui/themes/default/validatebox.css HTTP/1.1" 404 1104
114.88.166.193 - - [28/Jan/2021:09:04:50 +0800] "GET /xingrg/all/function/internal_message.html?_=1611795886228&CODE_STATE=getMsg HTTP/1.1" 200 27
120.253.135.82 - - [28/Jan/2021:09:04:50 +0800] "GET /xingrg/all/function/internal_message.html?_=1611795933345&CODE_STATE=getMsg HTTP/1.1" 200 27
120.253.135.82 - - [28/Jan/2021:09:04:53 +0800] "GET /xingrg/all/function/internal_message.html?_=1611795446555&CODE_STATE=getMsg HTTP/1.1" 200 27
101.227.139.161 - - [28/Jan/2021:09:04:56 +0800] "GET /xingrg/all/function/internal_message.html?_=1611795829542&CODE_STATE=getMsg HTTP/1.1" 302 -
222.69.136.173 - - [28/Jan/2021:09:04:57 +0800] "GET /xingrg/kc/buy/cgsh_order_operate.html?command=get_materiel&rest_code=00149&code=00101008306&supplier_code=00100005&order_time=2021-01-28 HTTP/1.1" 200 412
180.156.237.57 - - [28/Jan/2021:09:04:58 +0800] "GET /xingrg/kc/base/wldb_order_operate.html?command=get_materiel&rest_code=00150&base_code=0010446&code=00102002610 HTTP/1.1" 200 430
222.69.136.173 - - [28/Jan/2021:09:05:01 +0800] "POST /xingrg/kc/buy/cgsh_order_operate.html HTTP/1.1" 200 2065
120.253.135.82 - - [28/Jan/2021:09:05:03 +0800] "GET /xingrg/all/function/internal_message.html?_=1611796011607&CODE_STATE=getMsg HTTP/1.1" 200 27
101.227.139.161 - - [28/Jan/2021:09:05:04 +0800] "GET /xingrg/login.html HTTP/1.1" 200 7641
116.228.172.94 - - [28/Jan/2021:09:05:06 +0800] "GET /xingrg/kc/buy/cgsh_order_operate.html?command=get_materiel&rest_code=00107&code=00101010088&supplier_code=00100323&order_time=2021-01-27 HTTP/1.1" 200 418
180.156.237.57 - - [28/Jan/2021:09:05:07 +0800] "GET /xingrg/kc/base/wldb_order_operate.html?command=get_materiel&rest_code=00150&base_code=0010446&code=00102002497 HTTP/1.1" 200 441
222.69.136.173 - - [28/Jan/2021:09:05:08 +0800] "GET /xingrg/kc/buy/cgsh_order_operate.html?command=get_materiel&rest_code=00149&code=00101008010&supplier_code=00100005&order_time=2021-01-28 HTTP/1.1" 200 412
222.69.136.173 - - [28/Jan/2021:09:05:10 +0800] "GET /xingrg/all/function/internal_message.html?_=1611795904211&CODE_STATE=getMsg HTTP/1.1" 200 27
180.156.237.57 - - [28/Jan/2021:09:05:14 +0800] "GET /xingrg/kc/base/wldb_order_operate.html?command=get_materiel&rest_code=00150&base_code=0010446&code=00102002321 HTTP/1.1" 200 447
58.40.7.146 - - [28/Jan/2021:09:05:16 +0800] "GET /xingrg/all/function/internal_message.html?_=1611795914250&CODE_STATE=getMsg HTTP/1.1" 200 27
218.81.223.240 - - [28/Jan/2021:09:05:18 +0800] "GET /xingrg/all/function/internal_message.html?_=1611795917229&CODE_STATE=getMsg HTTP/1.1" 200 27
61.165.42.208 - - [28/Jan/2021:09:05:18 +0800] "POST /xingrg/kc/buy/cgsh_order_operate.html HTTP/1.1" 200 37
61.165.42.208 - - [28/Jan/2021:09:05:19 +0800] "POST /xingrg/kc/buy/cgsh_order_operate.html HTTP/1.1" 200 6198
116.228.172.94 - - [28/Jan/2021:09:05:20 +0800] "GET /xingrg/kc/buy/cgsh_order_operate.html?command=get_materiel&rest_code=00107&code=00101008214&supplier_code=00100323&order_time=2021-01-27 HTTP/1.1" 200 409
222.69.136.173 - - [28/Jan/2021:09:05:24 +0800] "POST /xingrg/kc/buy/cgsh_order_operate.html HTTP/1.1" 200 37
222.69.136.173 - - [28/Jan/2021:09:05:26 +0800] "POST /xingrg/kc/buy/cgsh_order_operate.html HTTP/1.1" 200 37573
180.156.237.57 - - [28/Jan/2021:09:05:26 +0800] "POST /xingrg/kc/base/wldb_order_operate.html HTTP/1.1" 200 37
180.156.237.57 - - [28/Jan/2021:09:05:29 +0800] "POST /xingrg/kc/base/wldb_order_operate.html HTTP/1.1" 200 12
180.156.237.57 - - [28/Jan/2021:09:05:29 +0800] "POST /xingrg/kc/base/wldb_order_operate.html HTTP/1.1" 200 3152
58.37.230.33 - - [28/Jan/2021:09:05:29 +0800] "GET /xingrg/all/function/internal_message.html?_=1611795949539&CODE_STATE=getMsg HTTP/1.1" 200 27
58.37.230.33 - - [28/Jan/2021:09:05:29 +0800] "GET /xingrg/check_reg.html?_=1611795949540 HTTP/1.1" 200 22
116.228.172.94 - - [28/Jan/2021:09:05:33 +0800] "GET /xingrg/kc/buy/cgsh_order_operate.html?command=get_materiel&rest_code=00107&code=00101006094&supplier_code=00100323&order_time=2021-01-27 HTTP/1.1" 200 410
180.156.237.57 - - [28/Jan/2021:09:05:35 +0800] "GET /xingrg/kc/base/wldb_order_info.html?code=422021012803547 HTTP/1.1" 200 26386
58.40.7.146 - - [28/Jan/2021:09:05:35 +0800] "GET /xingrg/all/function/internal_message.html?_=1611795933342&CODE_STATE=getMsg HTTP/1.1" 200 27
180.156.237.57 - - [28/Jan/2021:09:05:35 +0800] "GET /xingrg/javascript/easyui/themes/default/validatebox.css HTTP/1.1" 404 1104
180.156.237.57 - - [28/Jan/2021:09:05:35 +0800] "POST /xingrg/kc/base/wldb_order_operate.html HTTP/1.1" 200 1425
180.156.237.57 - - [28/Jan/2021:09:05:38 +0800] "GET /xingrg/kc/base/wldb_order_add.html HTTP/1.1" 200 30508
180.156.237.57 - - [28/Jan/2021:09:05:38 +0800] "POST /xingrg/kc/base/wldb_order_operate.html HTTP/1.1" 200 6806
180.156.237.57 - - [28/Jan/2021:09:05:38 +0800] "GET /xingrg/javascript/easyui/themes/default/validatebox.css HTTP/1.1" 404 1104
116.228.172.94 - - [28/Jan/2021:09:05:40 +0800] "GET /xingrg/all/function/internal_message.html?_=1611795932584&CODE_STATE=getMsg HTTP/1.1" 200 27
180.169.147.146 - - [28/Jan/2021:09:05:40 +0800] "GET /xingrg/all/function/internal_message.html?_=1611795935371&CODE_STATE=getMsg HTTP/1.1" 200 27
120.253.135.82 - - [28/Jan/2021:09:05:46 +0800] "GET /xingrg/all/function/internal_message.html?_=1611795506553&CODE_STATE=getMsg HTTP/1.1" 200 27
120.253.135.82 - - [28/Jan/2021:09:05:46 +0800] "GET /xingrg/check_reg.html?_=1611795506555 HTTP/1.1" 200 22
116.228.172.94 - - [28/Jan/2021:09:05:46 +0800] "GET /xingrg/kc/buy/cgsh_order_operate.html?command=get_materiel&rest_code=00107&code=00101001109&supplier_code=00100323&order_time=2021-01-27 HTTP/1.1" 200 435
180.156.237.57 - - [28/Jan/2021:09:05:47 +0800] "GET /xingrg/kc/base/wldb_order_operate.html?command=get_materiel&rest_code=00150&base_code=0010450&code=00101004065 HTTP/1.1" 200 435
116.227.17.229 - - [28/Jan/2021:09:05:47 +0800] "GET /xingrg/all/function/internal_message.html?_=1611795943752&CODE_STATE=getMsg HTTP/1.1" 200 27
116.227.17.229 - - [28/Jan/2021:09:05:47 +0800] "GET /xingrg/check_reg.html?_=1611795943754 HTTP/1.1" 200 22
61.165.42.208 - - [28/Jan/2021:09:05:48 +0800] "GET /xingrg/all/function/internal_message.html?_=1611795948195&CODE_STATE=getMsg HTTP/1.1" 200 27
180.169.147.146 - - [28/Jan/2021:09:05:49 +0800] "GET /xingrg/all/function/internal_message.html?_=1611795953196&CODE_STATE=getMsg HTTP/1.1" 200 27
114.88.166.193 - - [28/Jan/2021:09:05:50 +0800] "GET /xingrg/check_reg.html?_=1611795945962 HTTP/1.1" 200 22
114.88.166.193 - - [28/Jan/2021:09:05:50 +0800] "GET /xingrg/all/function/internal_message.html?_=1611795946234&CODE_STATE=getMsg HTTP/1.1" 200 27
120.253.135.82 - - [28/Jan/2021:09:05:50 +0800] "GET /xingrg/all/function/internal_message.html?_=1611795993357&CODE_STATE=getMsg HTTP/1.1" 200 27
180.156.237.57 - - [28/Jan/2021:09:05:54 +0800] "POST /xingrg/kc/base/wldb_order_operate.html HTTP/1.1" 200 37
180.156.237.57 - - [28/Jan/2021:09:05:56 +0800] "POST /xingrg/kc/base/wldb_order_operate.html HTTP/1.1" 200 12
180.156.237.57 - - [28/Jan/2021:09:05:56 +0800] "POST /xingrg/kc/base/wldb_order_operate.html HTTP/1.1" 200 2185
114.88.166.193 - - [28/Jan/2021:09:06:01 +0800] "GET /xingrg/kc/buy/cgsh_order_add.html HTTP/1.1" 200 62020
114.88.166.193 - - [28/Jan/2021:09:06:01 +0800] "POST /xingrg/kc/buy/cgsh_order_operate.html HTTP/1.1" 200 8245
114.88.166.193 - - [28/Jan/2021:09:06:01 +0800] "GET /xingrg/javascript/easyui/themes/default/validatebox.css HTTP/1.1" 404 1104
120.253.135.82 - - [28/Jan/2021:09:06:03 +0800] "GET /xingrg/check_reg.html?_=1611796071062 HTTP/1.1" 200 22
120.253.135.82 - - [28/Jan/2021:09:06:03 +0800] "GET /xingrg/all/function/internal_message.html?_=1611796071621&CODE_STATE=getMsg HTTP/1.1" 200 27
180.156.237.57 - - [28/Jan/2021:09:06:03 +0800] "GET /xingrg/kc/base/wldb_order_info.html?code=422021012803548 HTTP/1.1" 200 26385
180.156.237.57 - - [28/Jan/2021:09:06:04 +0800] "GET /xingrg/javascript/easyui/themes/default/validatebox.css HTTP/1.1" 404 1104
180.156.237.57 - - [28/Jan/2021:09:06:04 +0800] "POST /xingrg/kc/base/wldb_order_operate.html HTTP/1.1" 200 479
116.228.172.94 - - [28/Jan/2021:09:06:06 +0800] "GET /xingrg/kc/buy/cgsh_order_operate.html?command=get_materiel&rest_code=00107&code=00101008203&supplier_code=00100323&order_time=2021-01-27 HTTP/1.1" 200 409
180.156.237.57 - - [28/Jan/2021:09:06:06 +0800] "GET /xingrg/kc/base/wldb_order_add.html HTTP/1.1" 200 30508
180.156.237.57 - - [28/Jan/2021:09:06:07 +0800] "POST /xingrg/kc/base/wldb_order_operate.html HTTP/1.1" 200 6806
180.156.237.57 - - [28/Jan/2021:09:06:07 +0800] "GET /xingrg/javascript/easyui/themes/default/validatebox.css HTTP/1.1" 404 1104
222.69.136.173 - - [28/Jan/2021:09:06:10 +0800] "GET /xingrg/all/function/internal_message.html?_=1611795964196&CODE_STATE=getMsg HTTP/1.1" 200 27
114.88.166.193 - - [28/Jan/2021:09:06:11 +0800] "GET /xingrg/kc/buy/cgsh_order_operate.html?command=get_materiel&rest_code=00111&code=00101008087&supplier_code=00100005&order_time=2021-01-28 HTTP/1.1" 200 432
58.40.7.146 - - [28/Jan/2021:09:06:16 +0800] "GET /xingrg/check_reg.html?_=1611795974252 HTTP/1.1" 200 22
58.40.7.146 - - [28/Jan/2021:09:06:16 +0800] "GET /xingrg/all/function/internal_message.html?_=1611795974254&CODE_STATE=getMsg HTTP/1.1" 200 27
218.81.223.240 - - [28/Jan/2021:09:06:18 +0800] "GET /xingrg/all/function/internal_message.html?_=1611795977240&CODE_STATE=getMsg HTTP/1.1" 200 27
116.228.172.94 - - [28/Jan/2021:09:06:18 +0800] "GET /xingrg/kc/buy/cgsh_order_operate.html?command=get_materiel&rest_code=00107&code=00101006150&supplier_code=00100323&order_time=2021-01-27 HTTP/1.1" 200 433
117.184.7.26 - - [28/Jan/2021:09:06:25 +0800] "POST /xingrg/services/DataTransmitService HTTP/1.1" 200 524
114.88.166.193 - - [28/Jan/2021:09:06:26 +0800] "GET /xingrg/kc/buy/cgsh_order_operate.html?command=get_materiel&rest_code=00111&code=00101008356&supplier_code=00100005&order_time=2021-01-28 HTTP/1.1" 200 409
117.184.7.26 - - [28/Jan/2021:09:06:26 +0800] "POST /xingrg/services/DataTransmitService HTTP/1.1" 200 501
116.228.172.94 - - [28/Jan/2021:09:06:28 +0800] "POST /xingrg/kc/buy/cgsh_order_operate.html HTTP/1.1" 200 37
180.156.237.57 - - [28/Jan/2021:09:06:29 +0800] "POST /xingrg/kc/base/wldb_order_operate.html HTTP/1.1" 200 37
58.37.230.33 - - [28/Jan/2021:09:06:29 +0800] "GET /xingrg/all/function/internal_message.html?_=1611796009538&CODE_STATE=getMsg HTTP/1.1" 200 27
116.228.172.94 - - [28/Jan/2021:09:06:29 +0800] "POST /xingrg/kc/buy/cgsh_order_operate.html HTTP/1.1" 200 5616
180.156.237.57 - - [28/Jan/2021:09:06:31 +0800] "POST /xingrg/kc/base/wldb_order_operate.html HTTP/1.1" 200 12
180.156.237.57 - - [28/Jan/2021:09:06:32 +0800] "POST /xingrg/kc/base/wldb_order_operate.html HTTP/1.1" 200 2183
116.228.172.94 - - [28/Jan/2021:09:06:32 +0800] "GET /xingrg/kc/print/load_data.html?order_code=212021012812958&kc_code=cgsh&condition= HTTP/1.1" 200 1805
180.156.237.57 - - [28/Jan/2021:09:06:32 +0800] "GET /xingrg/kc/base/wldb_order_info.html?code=422021012803549 HTTP/1.1" 200 26384
180.156.237.57 - - [28/Jan/2021:09:06:33 +0800] "GET /xingrg/javascript/easyui/themes/default/validatebox.css HTTP/1.1" 404 1104
180.156.237.57 - - [28/Jan/2021:09:06:33 +0800] "POST /xingrg/kc/base/wldb_order_operate.html HTTP/1.1" 200 477
58.40.7.146 - - [28/Jan/2021:09:06:35 +0800] "GET /xingrg/all/function/internal_message.html?_=1611795993345&CODE_STATE=getMsg HTTP/1.1" 200 27
180.156.237.57 - - [28/Jan/2021:09:06:36 +0800] "GET /xingrg/kc/base/wldb_order_add.html HTTP/1.1" 200 30508
180.156.237.57 - - [28/Jan/2021:09:06:36 +0800] "POST /xingrg/kc/base/wldb_order_operate.html HTTP/1.1" 200 6806
114.88.166.193 - - [28/Jan/2021:09:06:36 +0800] "GET /xingrg/kc/buy/cgsh_order_operate.html?command=get_materiel&rest_code=00111&code=00101008248&supplier_code=00100005&order_time=2021-01-28 HTTP/1.1" 200 412
180.156.237.57 - - [28/Jan/2021:09:06:36 +0800] "GET /xingrg/javascript/easyui/themes/default/validatebox.css HTTP/1.1" 404 1104
116.228.172.94 - - [28/Jan/2021:09:06:37 +0800] "GET /xingrg/kc/buy/cgsh_order_add.html HTTP/1.1" 200 62108
116.228.172.94 - - [28/Jan/2021:09:06:38 +0800] "POST /xingrg/kc/buy/cgsh_order_operate.html HTTP/1.1" 200 8245
116.228.172.94 - - [28/Jan/2021:09:06:38 +0800] "GET /xingrg/javascript/easyui/themes/default/validatebox.css HTTP/1.1" 404 1104
116.228.172.94 - - [28/Jan/2021:09:06:39 +0800] "GET /xingrg/javascript/easyui/themes/default/tree.css HTTP/1.1" 404 1090
