61.165.42.208 - - [27/Jan/2021:08:54:48 +0800] "POST /xingrg/kc/buy/cgsh_list_operate.html HTTP/1.1" 200 578
61.165.42.208 - - [27/Jan/2021:08:54:49 +0800] "GET /xingrg/kc/buy/cgsh_order_info.html?code=212021012712512 HTTP/1.1" 200 62005
61.165.42.208 - - [27/Jan/2021:08:54:49 +0800] "GET /xingrg/javascript/easyui/themes/default/validatebox.css HTTP/1.1" 404 1104
61.165.42.208 - - [27/Jan/2021:08:54:50 +0800] "POST /xingrg/kc/buy/cgsh_order_operate.html HTTP/1.1" 200 34585
58.40.7.146 - - [27/Jan/2021:08:54:50 +0800] "GET /xingrg/all/function/internal_message.html?_=1611708888863&CODE_STATE=getMsg HTTP/1.1" 200 27
101.227.139.178 - - [27/Jan/2021:08:54:51 +0800] "GET /xingrg/login.html HTTP/1.1" 200 7641
218.81.223.240 - - [27/Jan/2021:08:55:01 +0800] "GET /xingrg/check_reg.html?_=1611708896869 HTTP/1.1" 200 22
218.81.223.240 - - [27/Jan/2021:08:55:03 +0800] "GET /xingrg/all/function/internal_message.html?_=1611708899385&CODE_STATE=getMsg HTTP/1.1" 200 27
180.156.237.57 - - [27/Jan/2021:08:55:05 +0800] "GET /xingrg/all/function/internal_message.html?_=1611708880631&CODE_STATE=getMsg HTTP/1.1" 200 27
120.253.135.82 - - [27/Jan/2021:08:55:08 +0800] "GET /xingrg/all/function/internal_message.html?_=1611708952366&CODE_STATE=getMsg HTTP/1.1" 200 27
61.165.42.208 - - [27/Jan/2021:08:55:08 +0800] "GET /xingrg/all/function/internal_message.html?_=1611708908157&CODE_STATE=getMsg HTTP/1.1" 200 27
180.169.147.146 - - [27/Jan/2021:08:55:14 +0800] "GET /xingrg/all/function/internal_message.html?_=1611708918970&CODE_STATE=getMsg HTTP/1.1" 200 27
180.156.237.57 - - [27/Jan/2021:08:55:18 +0800] "GET /xingrg/all/function/internal_message.html?_=1611708918416&CODE_STATE=getMsg HTTP/1.1" 200 27
222.69.137.221 - - [27/Jan/2021:08:55:23 +0800] "GET /xingrg/all/function/internal_message.html?_=1611708920064&CODE_STATE=getMsg HTTP/1.1" 200 27
114.88.166.193 - - [27/Jan/2021:08:55:34 +0800] "GET /xingrg/all/function/internal_message.html?_=1611708927366&CODE_STATE=getMsg HTTP/1.1" 200 27
114.88.166.193 - - [27/Jan/2021:08:55:34 +0800] "GET /xingrg/check_reg.html?_=1611708927367 HTTP/1.1" 200 22
58.37.230.33 - - [27/Jan/2021:08:55:36 +0800] "GET /xingrg/all/function/internal_message.html?_=1611708953639&CODE_STATE=getMsg HTTP/1.1" 200 27
180.175.150.119 - - [27/Jan/2021:08:55:37 +0800] "GET /xingrg/all/function/internal_message.html?_=1611709179114&CODE_STATE=getMsg HTTP/1.1" 200 27
101.227.139.178 - - [27/Jan/2021:08:55:39 +0800] "GET /xingrg/check_reg.html?_=1611708893641 HTTP/1.1" 302 -
61.129.6.145 - - [27/Jan/2021:08:55:42 +0800] "GET /xingrg/all/function/internal_message.html?_=1611708893640&CODE_STATE=getMsg HTTP/1.1" 302 -
101.227.139.178 - - [27/Jan/2021:08:55:43 +0800] "GET /xingrg/login.html HTTP/1.1" 200 7641
218.81.223.241 - - [27/Jan/2021:08:55:45 +0800] "GET /xingrg/check_reg.html?_=1611708943775 HTTP/1.1" 200 22
218.81.223.241 - - [27/Jan/2021:08:55:45 +0800] "GET /xingrg/all/function/internal_message.html?_=1611708943778&CODE_STATE=getMsg HTTP/1.1" 200 27
61.129.6.145 - - [27/Jan/2021:08:55:46 +0800] "GET /xingrg/login.html HTTP/1.1" 200 7641
58.40.7.146 - - [27/Jan/2021:08:55:50 +0800] "GET /xingrg/all/function/internal_message.html?_=1611708948867&CODE_STATE=getMsg HTTP/1.1" 200 27
218.81.223.240 - - [27/Jan/2021:08:56:03 +0800] "GET /xingrg/all/function/internal_message.html?_=1611708959399&CODE_STATE=getMsg HTTP/1.1" 200 27
180.156.237.57 - - [27/Jan/2021:08:56:05 +0800] "GET /xingrg/all/function/internal_message.html?_=1611708940638&CODE_STATE=getMsg HTTP/1.1" 200 27
120.253.135.82 - - [27/Jan/2021:08:56:08 +0800] "GET /xingrg/all/function/internal_message.html?_=1611709012388&CODE_STATE=getMsg HTTP/1.1" 200 27
61.165.42.208 - - [27/Jan/2021:08:56:08 +0800] "GET /xingrg/all/function/internal_message.html?_=1611708968159&CODE_STATE=getMsg HTTP/1.1" 200 27
180.169.147.146 - - [27/Jan/2021:08:56:14 +0800] "GET /xingrg/all/function/internal_message.html?_=1611708978949&CODE_STATE=getMsg HTTP/1.1" 200 27
180.156.237.57 - - [27/Jan/2021:08:56:18 +0800] "GET /xingrg/all/function/internal_message.html?_=1611708978407&CODE_STATE=getMsg HTTP/1.1" 200 27
222.69.137.221 - - [27/Jan/2021:08:56:23 +0800] "GET /xingrg/all/function/internal_message.html?_=1611708980066&CODE_STATE=getMsg HTTP/1.1" 200 27
180.169.147.146 - - [27/Jan/2021:08:56:28 +0800] "POST /xingrg/dwr/call/plaincall/AjaxReportQueryService.refreshCache.dwr HTTP/1.1" 200 78
180.169.147.146 - - [27/Jan/2021:08:56:30 +0800] "POST /xingrg/all/report/load_report_page.html HTTP/1.1" 200 62172
180.169.147.146 - - [27/Jan/2021:08:56:30 +0800] "GET /xingrg/servlets/image?cache=0.6111465029124169&image=px HTTP/1.1" 200 807
114.88.166.193 - - [27/Jan/2021:08:56:34 +0800] "GET /xingrg/all/function/internal_message.html?_=1611708987350&CODE_STATE=getMsg HTTP/1.1" 200 27
58.37.230.33 - - [27/Jan/2021:08:56:36 +0800] "GET /xingrg/all/function/internal_message.html?_=1611709013638&CODE_STATE=getMsg HTTP/1.1" 200 27
180.175.150.119 - - [27/Jan/2021:08:56:36 +0800] "GET /xingrg/check_reg.html?_=1611709239013 HTTP/1.1" 200 22
180.175.150.119 - - [27/Jan/2021:08:56:37 +0800] "GET /xingrg/all/function/internal_message.html?_=1611709239128&CODE_STATE=getMsg HTTP/1.1" 200 27
218.81.223.241 - - [27/Jan/2021:08:56:45 +0800] "GET /xingrg/all/function/internal_message.html?_=1611709003776&CODE_STATE=getMsg HTTP/1.1" 200 27
58.40.7.146 - - [27/Jan/2021:08:56:50 +0800] "GET /xingrg/check_reg.html?_=1611709008852 HTTP/1.1" 200 22
58.40.7.146 - - [27/Jan/2021:08:56:50 +0800] "GET /xingrg/all/function/internal_message.html?_=1611709008854&CODE_STATE=getMsg HTTP/1.1" 200 27
58.221.95.50 - - [27/Jan/2021:08:56:50 +0800] "GET /xingrg/check_reg.html?_=1611709009502 HTTP/1.1" 302 -
101.91.60.105 - - [27/Jan/2021:08:57:00 +0800] "GET /xingrg/all/function/internal_message.html?_=1611708953639&CODE_STATE=getMsg HTTP/1.1" 302 -
218.81.223.240 - - [27/Jan/2021:08:57:03 +0800] "GET /xingrg/all/function/internal_message.html?_=1611709019413&CODE_STATE=getMsg HTTP/1.1" 200 27
180.156.237.57 - - [27/Jan/2021:08:57:04 +0800] "GET /xingrg/check_reg.html?_=1611709000415 HTTP/1.1" 200 22
180.156.237.57 - - [27/Jan/2021:08:57:05 +0800] "GET /xingrg/all/function/internal_message.html?_=1611709000651&CODE_STATE=getMsg HTTP/1.1" 200 27
101.91.60.105 - - [27/Jan/2021:08:57:07 +0800] "GET /xingrg/login.html HTTP/1.1" 200 7641
120.253.135.82 - - [27/Jan/2021:08:57:08 +0800] "GET /xingrg/all/function/internal_message.html?_=1611709072408&CODE_STATE=getMsg HTTP/1.1" 200 27
61.165.42.208 - - [27/Jan/2021:08:57:08 +0800] "GET /xingrg/check_reg.html?_=1611709028152 HTTP/1.1" 200 22
61.165.42.208 - - [27/Jan/2021:08:57:08 +0800] "GET /xingrg/all/function/internal_message.html?_=1611709028155&CODE_STATE=getMsg HTTP/1.1" 200 27
180.169.147.146 - - [27/Jan/2021:08:57:14 +0800] "GET /xingrg/all/function/internal_message.html?_=1611709038960&CODE_STATE=getMsg HTTP/1.1" 200 27
180.156.237.57 - - [27/Jan/2021:08:57:18 +0800] "GET /xingrg/all/function/internal_message.html?_=1611709038407&CODE_STATE=getMsg HTTP/1.1" 200 27
180.156.237.57 - - [27/Jan/2021:08:57:18 +0800] "GET /xingrg/check_reg.html?_=1611709038423 HTTP/1.1" 200 22
222.69.137.221 - - [27/Jan/2021:08:57:23 +0800] "GET /xingrg/all/function/internal_message.html?_=1611709040068&CODE_STATE=getMsg HTTP/1.1" 200 27
114.88.166.193 - - [27/Jan/2021:08:57:34 +0800] "GET /xingrg/all/function/internal_message.html?_=1611709047363&CODE_STATE=getMsg HTTP/1.1" 200 27
58.37.230.33 - - [27/Jan/2021:08:57:36 +0800] "GET /xingrg/all/function/internal_message.html?_=1611709073636&CODE_STATE=getMsg HTTP/1.1" 200 27
180.175.150.119 - - [27/Jan/2021:08:57:37 +0800] "GET /xingrg/all/function/internal_message.html?_=1611709299141&CODE_STATE=getMsg HTTP/1.1" 200 27
101.89.239.120 - - [27/Jan/2021:08:57:40 +0800] "GET /xingrg/all/function/internal_message.html?_=1611709013638&CODE_STATE=getMsg HTTP/1.1" 302 -
101.89.239.120 - - [27/Jan/2021:08:57:45 +0800] "GET /xingrg/login.html HTTP/1.1" 200 7641
218.81.223.241 - - [27/Jan/2021:08:57:45 +0800] "GET /xingrg/all/function/internal_message.html?_=1611709063776&CODE_STATE=getMsg HTTP/1.1" 200 27
58.40.7.146 - - [27/Jan/2021:08:57:50 +0800] "GET /xingrg/all/function/internal_message.html?_=1611709068856&CODE_STATE=getMsg HTTP/1.1" 200 27
114.88.166.193 - - [27/Jan/2021:08:57:50 +0800] "GET /xingrg/index.html?sysBaseUrl=http%3A%2F%2F180.169.147.146%3A18081%2Fxingrg%2F&costTime=74×tamp=1596510965499 HTTP/1.1" 302 -
114.88.166.193 - - [27/Jan/2021:08:57:50 +0800] "GET /xingrg/login.html HTTP/1.1" 200 7641
114.88.166.193 - - [27/Jan/2021:08:57:50 +0800] "GET /xingrg/images/blue/jxLogo.png HTTP/1.1" 304 -
114.88.166.193 - - [27/Jan/2021:08:57:50 +0800] "GET /xingrg/images/blue/hj.png HTTP/1.1" 304 -
114.88.166.193 - - [27/Jan/2021:08:57:50 +0800] "GET /xingrg/images/blue/login_bg.png HTTP/1.1" 304 -
114.88.166.193 - - [27/Jan/2021:08:57:51 +0800] "GET /favicon.ico HTTP/1.1" 404 -
114.88.166.193 - - [27/Jan/2021:08:57:51 +0800] "GET /xingrg/images/blue/srbg.png HTTP/1.1" 304 -
114.88.166.193 - - [27/Jan/2021:08:57:58 +0800] "POST /xingrg/login.do HTTP/1.1" 302 -
114.88.166.193 - - [27/Jan/2021:08:57:58 +0800] "GET /xingrg/index.html?sysBaseUrl=http%3A%2F%2F180.169.147.146%3A18081%2Fxingrg%2F&costTime=38×tamp=1611709078118 HTTP/1.1" 200 17173
114.88.166.193 - - [27/Jan/2021:08:57:58 +0800] "GET /xingrg/javascript/jquery_easy_ui/themes/icon.css HTTP/1.1" 304 -
114.88.166.193 - - [27/Jan/2021:08:57:58 +0800] "GET /xingrg/javascript/jquery-1.4.2.min.js HTTP/1.1" 304 -
114.88.166.193 - - [27/Jan/2021:08:57:58 +0800] "GET /xingrg/css/form.css HTTP/1.1" 304 -
114.88.166.193 - - [27/Jan/2021:08:57:58 +0800] "GET /xingrg/javascript/jquery_easy_ui/easyui-lang-zh_CN.js HTTP/1.1" 304 -
114.88.166.193 - - [27/Jan/2021:08:57:58 +0800] "GET /xingrg/javascript/jquery_easy_ui/jquery.easyui.min.js HTTP/1.1" 304 -
114.88.166.193 - - [27/Jan/2021:08:57:58 +0800] "GET /xingrg/javascript/jquery.form.js HTTP/1.1" 304 -
114.88.166.193 - - [27/Jan/2021:08:57:58 +0800] "GET /xingrg/javascript/jquery.utils.js HTTP/1.1" 304 -
114.88.166.193 - - [27/Jan/2021:08:57:58 +0800] "GET /xingrg/javascript/jquery.timers.js HTTP/1.1" 304 -
114.88.166.193 - - [27/Jan/2021:08:57:58 +0800] "GET /xingrg/javascript/jquery_easy_ui/themes/default/easyui.css HTTP/1.1" 304 -
114.88.166.193 - - [27/Jan/2021:08:57:58 +0800] "GET /favicon.ico HTTP/1.1" 404 -
114.88.166.193 - - [27/Jan/2021:08:57:58 +0800] "GET /xingrg/images/blue/navBackgound.jpg HTTP/1.1" 304 -
114.88.166.193 - - [27/Jan/2021:08:57:58 +0800] "GET /xingrg/javascript/jquery_easy_ui/themes/icons/settle_new.png HTTP/1.1" 304 -
114.88.166.193 - - [27/Jan/2021:08:57:58 +0800] "POST /xingrg/all/common/load_tree.html?tree=area_rest_tree_json&manage=1 HTTP/1.1" 200 342
114.88.166.193 - - [27/Jan/2021:08:57:58 +0800] "GET /xingrg/images/blue/pingpu.png HTTP/1.1" 304 -
114.88.166.193 - - [27/Jan/2021:08:57:58 +0800] "GET /xingrg/javascript/jquery_easy_ui/themes/default/images/tabs_leftarrow.png HTTP/1.1" 304 -
114.88.166.193 - - [27/Jan/2021:08:57:58 +0800] "GET /xingrg/javascript/jquery_easy_ui/themes/default/images/tabs_rightarrow.png HTTP/1.1" 304 -
114.88.166.193 - - [27/Jan/2021:08:57:58 +0800] "GET /xingrg/javascript/jquery_easy_ui/themes/default/images/panel_tool_collapse.gif HTTP/1.1" 304 -
114.88.166.193 - - [27/Jan/2021:08:57:58 +0800] "GET /xingrg/javascript/jquery_easy_ui/themes/default/images/tree_arrows.gif HTTP/1.1" 304 -
114.88.166.193 - - [27/Jan/2021:08:57:58 +0800] "GET /xingrg/check_reg.html?_=1611709075528 HTTP/1.1" 200 22
114.88.166.193 - - [27/Jan/2021:08:57:58 +0800] "GET /xingrg/all/function/internal_message.html?_=1611709075528&CODE_STATE=count HTTP/1.1" 200 11
114.88.166.193 - - [27/Jan/2021:08:57:58 +0800] "POST /xingrg/load_menu.html HTTP/1.1" 200 5138
114.88.166.193 - - [27/Jan/2021:08:57:58 +0800] "GET /xingrg/javascript/jquery_easy_ui/themes/default/images/tree_folder_open.gif HTTP/1.1" 304 -
114.88.166.193 - - [27/Jan/2021:08:57:58 +0800] "GET /xingrg/javascript/jquery_easy_ui/themes/icons/search_new.png HTTP/1.1" 304 -
114.88.166.193 - - [27/Jan/2021:08:57:58 +0800] "GET /xingrg/javascript/jquery_easy_ui/themes/default/images/tree_folder.gif HTTP/1.1" 304 -
114.88.166.193 - - [27/Jan/2021:08:57:58 +0800] "GET /xingrg/javascript/jquery_easy_ui/themes/icons/storage_new.png HTTP/1.1" 304 -
114.88.166.193 - - [27/Jan/2021:08:57:58 +0800] "GET /xingrg/javascript/jquery_easy_ui/themes/icons/forms_new.png HTTP/1.1" 304 -
114.88.166.193 - - [27/Jan/2021:08:57:58 +0800] "GET /xingrg/javascript/jquery_easy_ui/themes/default/images/tree_file.gif HTTP/1.1" 304 -
180.156.237.57 - - [27/Jan/2021:08:58:00 +0800] "GET /xingrg/kc/buy/cgsh_order_list.html HTTP/1.1" 200 46221
180.156.237.57 - - [27/Jan/2021:08:58:01 +0800] "POST /xingrg/kc/buy/cgsh_list_operate.html HTTP/1.1" 200 876
114.88.166.193 - - [27/Jan/2021:08:58:01 +0800] "GET /xingrg/javascript/jquery_easy_ui/themes/default/images/tabs_close.gif HTTP/1.1" 304 -
114.88.166.193 - - [27/Jan/2021:08:58:01 +0800] "GET /xingrg/kc/buy/buy_main.html HTTP/1.1" 200 12412
114.88.166.193 - - [27/Jan/2021:08:58:01 +0800] "GET /xingrg/css/new_ie.css HTTP/1.1" 404 1036
114.88.166.193 - - [27/Jan/2021:08:58:01 +0800] "GET /xingrg/css/blue.css HTTP/1.1" 304 -
114.88.166.193 - - [27/Jan/2021:08:58:01 +0800] "GET /xingrg/javascript/jquery_ui/themes/humanity/humanity.css HTTP/1.1" 304 -
114.88.166.193 - - [27/Jan/2021:08:58:01 +0800] "GET /xingrg/javascript/pic_change.js HTTP/1.1" 304 -
114.88.166.193 - - [27/Jan/2021:08:58:01 +0800] "GET /xingrg/javascript/ToolTips.js HTTP/1.1" 304 -
114.88.166.193 - - [27/Jan/2021:08:58:01 +0800] "GET /xingrg/javascript/myfunction.js HTTP/1.1" 304 -
114.88.166.193 - - [27/Jan/2021:08:58:01 +0800] "GET /xingrg/javascript/jquery_ui/jquery-ui.min.js HTTP/1.1" 304 -
114.88.166.193 - - [27/Jan/2021:08:58:01 +0800] "GET /xingrg/images/blue/button/cgxqd.gif HTTP/1.1" 304 -
114.88.166.193 - - [27/Jan/2021:08:58:01 +0800] "GET /xingrg/images/blue/button/cgydd.gif HTTP/1.1" 304 -
114.88.166.193 - - [27/Jan/2021:08:58:01 +0800] "GET /xingrg/images/blue/button/cgshd.gif HTTP/1.1" 304 -
114.88.166.193 - - [27/Jan/2021:08:58:01 +0800] "GET /xingrg/images/blue/button/kc.gif HTTP/1.1" 304 -
114.88.166.193 - - [27/Jan/2021:08:58:01 +0800] "GET /xingrg/images/blue/button/ckthd.gif HTTP/1.1" 304 -
114.88.166.193 - - [27/Jan/2021:08:58:01 +0800] "GET /xingrg/images/blue/button/cgfkd.gif HTTP/1.1" 304 -
114.88.166.193 - - [27/Jan/2021:08:58:01 +0800] "GET /xingrg/images/blue/pic_form2.gif HTTP/1.1" 304 -
114.88.166.193 - - [27/Jan/2021:08:58:01 +0800] "GET /xingrg/javascript/jquery_ui/themes/humanity/images/ui-bg_inset-soft_100_f4f0ec_1x100.png HTTP/1.1" 304 -
114.88.166.193 - - [27/Jan/2021:08:58:01 +0800] "GET /xingrg/images/blue/bg_dotted.jpg HTTP/1.1" 304 -
114.88.166.193 - - [27/Jan/2021:08:58:01 +0800] "GET /xingrg/images/blue/button/right_ah.jpg HTTP/1.1" 304 -
114.88.166.193 - - [27/Jan/2021:08:58:01 +0800] "GET /xingrg/images/blue/button/down_ah.jpg HTTP/1.1" 304 -
114.88.166.193 - - [27/Jan/2021:08:58:01 +0800] "GET /xingrg/javascript/jquery_ui/themes/humanity/images/ui-iconsnew.jpg HTTP/1.1" 304 -
114.88.166.193 - - [27/Jan/2021:08:58:01 +0800] "GET /xingrg/javascript/jquery_ui/themes/humanity/images/ui-icons_ffffff_256x240.png HTTP/1.1" 304 -
114.88.166.193 - - [27/Jan/2021:08:58:01 +0800] "GET /xingrg/javascript/jquery_ui/themes/humanity/images/ui-icons_c47a23_256x240.png HTTP/1.1" 304 -
114.88.166.193 - - [27/Jan/2021:08:58:01 +0800] "GET /xingrg/javascript/jquery_ui/themes/humanity/images/ui-bg_glass_70_ede4d4_1x400.png HTTP/1.1" 304 -
114.88.166.193 - - [27/Jan/2021:08:58:01 +0800] "GET /xingrg/images/yd/bt.gif HTTP/1.1" 404 1040
114.88.166.193 - - [27/Jan/2021:08:58:02 +0800] "GET /xingrg/css/base.css HTTP/1.1" 304 -
114.88.166.193 - - [27/Jan/2021:08:58:02 +0800] "GET /xingrg/javascript/jquery_tools/datebox.css HTTP/1.1" 304 -
114.88.166.193 - - [27/Jan/2021:08:58:02 +0800] "GET /xingrg/javascript/easyui/themes/default/easyui.css HTTP/1.1" 304 -
114.88.166.193 - - [27/Jan/2021:08:58:02 +0800] "GET /xingrg/javascript/easyui/themes/icon.css HTTP/1.1" 304 -
114.88.166.193 - - [27/Jan/2021:08:58:02 +0800] "GET /xingrg/javascript/jquery_tools/fix.css HTTP/1.1" 304 -
114.88.166.193 - - [27/Jan/2021:08:58:02 +0800] "GET /xingrg/javascript/auto/jquery.autocomplete.css HTTP/1.1" 304 -
114.88.166.193 - - [27/Jan/2021:08:58:02 +0800] "GET /xingrg/javascript/jquery_tools/table.css HTTP/1.1" 304 -
114.88.166.193 - - [27/Jan/2021:08:58:02 +0800] "GET /xingrg/javascript/jquery_tools/jquery.tools.min.js HTTP/1.1" 304 -
114.88.166.193 - - [27/Jan/2021:08:58:02 +0800] "GET /xingrg/kc/buy/cgsh_order_list.html HTTP/1.1" 200 46217
114.88.166.193 - - [27/Jan/2021:08:58:02 +0800] "GET /xingrg/css/site.css HTTP/1.1" 304 -
114.88.166.193 - - [27/Jan/2021:08:58:02 +0800] "GET /xingrg/javascript/jquery_tools/jquery.tools.extend.js HTTP/1.1" 304 -
114.88.166.193 - - [27/Jan/2021:08:58:02 +0800] "GET /xingrg/javascript/jquery_tools/jquery.tools.hotkey.js HTTP/1.1" 304 -
114.88.166.193 - - [27/Jan/2021:08:58:02 +0800] "GET /xingrg/javascript/jquery_tools/jquery.tools.table.js HTTP/1.1" 304 -
114.88.166.193 - - [27/Jan/2021:08:58:02 +0800] "GET /xingrg/javascript/jquery_tools/list_manager.js HTTP/1.1" 304 -
114.88.166.193 - - [27/Jan/2021:08:58:02 +0800] "GET /xingrg/javascript/auto/jquery.autocomplete.js HTTP/1.1" 304 -
114.88.166.193 - - [27/Jan/2021:08:58:02 +0800] "GET /xingrg/javascript/easyui/easyloader.js HTTP/1.1" 304 -
114.88.166.193 - - [27/Jan/2021:08:58:02 +0800] "GET /xingrg/javascript/jquery.cookie.js HTTP/1.1" 304 -
114.88.166.193 - - [27/Jan/2021:08:58:02 +0800] "GET /xingrg/javascript/print/LodopFuncs.js HTTP/1.1" 304 -
114.88.166.193 - - [27/Jan/2021:08:58:03 +0800] "GET /xingrg/javascript/easyui/plugins/jquery.parser.js HTTP/1.1" 304 -
114.88.166.193 - - [27/Jan/2021:08:58:03 +0800] "GET /xingrg/javascript/jquery_easy_ui/themes/icons/area.png HTTP/1.1" 304 -
114.88.166.193 - - [27/Jan/2021:08:58:03 +0800] "GET /xingrg/javascript/jquery_easy_ui/themes/icons/rest.png HTTP/1.1" 304 -
218.81.223.240 - - [27/Jan/2021:08:58:03 +0800] "GET /xingrg/all/function/internal_message.html?_=1611709079517&CODE_STATE=getMsg HTTP/1.1" 200 27
114.88.166.193 - - [27/Jan/2021:08:58:03 +0800] "POST /xingrg/kc/buy/cgsh_list_operate.html HTTP/1.1" 200 876
180.156.237.57 - - [27/Jan/2021:08:58:05 +0800] "GET /xingrg/all/function/internal_message.html?_=1611709060665&CODE_STATE=getMsg HTTP/1.1" 200 27
114.88.166.193 - - [27/Jan/2021:08:58:06 +0800] "GET /xingrg/kc/buy/cgsh_order_add.html HTTP/1.1" 200 61955
114.88.166.193 - - [27/Jan/2021:08:58:06 +0800] "GET /xingrg/javascript/jquery_tools/order_manager.js HTTP/1.1" 304 -
114.88.166.193 - - [27/Jan/2021:08:58:06 +0800] "GET /xingrg/javascript/json2.js HTTP/1.1" 304 -
114.88.166.193 - - [27/Jan/2021:08:58:06 +0800] "GET /xingrg/javascript/print/kc_print.js HTTP/1.1" 304 -
114.88.166.193 - - [27/Jan/2021:08:58:06 +0800] "GET /xingrg/javascript/convert.js HTTP/1.1" 304 -
114.88.166.193 - - [27/Jan/2021:08:58:06 +0800] "GET /xingrg/words/20210126144052_words.js HTTP/1.1" 304 -
114.88.166.193 - - [27/Jan/2021:08:58:06 +0800] "GET /xingrg/javascript/easyui/themes/icons/copy_new.png HTTP/1.1" 304 -
114.88.166.193 - - [27/Jan/2021:08:58:06 +0800] "GET /xingrg/javascript/easyui/themes/icons/template_new.png HTTP/1.1" 304 -
114.88.166.193 - - [27/Jan/2021:08:58:06 +0800] "GET /xingrg/javascript/easyui/themes/icons/ok.png HTTP/1.1" 304 -
114.88.166.193 - - [27/Jan/2021:08:58:06 +0800] "GET /xingrg/javascript/easyui/themes/icons/print.png HTTP/1.1" 304 -
114.88.166.193 - - [27/Jan/2021:08:58:06 +0800] "GET /xingrg/javascript/easyui/themes/default/images/menu_downarrow.png HTTP/1.1" 304 -
114.88.166.193 - - [27/Jan/2021:08:58:06 +0800] "GET /xingrg/javascript/easyui/themes/icons/cancel.png HTTP/1.1" 304 -
114.88.166.193 - - [27/Jan/2021:08:58:06 +0800] "POST /xingrg/kc/buy/cgsh_order_operate.html HTTP/1.1" 200 8245
114.88.166.193 - - [27/Jan/2021:08:58:06 +0800] "GET /xingrg/javascript/easyui/themes/icons/edit_remove.png HTTP/1.1" 304 -
114.88.166.193 - - [27/Jan/2021:08:58:06 +0800] "GET /xingrg/all/common/auto_word.html?type=employee&rest_code=00111 HTTP/1.1" 200 205
114.88.166.193 - - [27/Jan/2021:08:58:06 +0800] "GET /xingrg/all/common/auto_word.html?type=employee&rest_code=00111 HTTP/1.1" 200 205
114.88.166.193 - - [27/Jan/2021:08:58:06 +0800] "GET /xingrg/javascript/easyui/themes/default/validatebox.css HTTP/1.1" 404 1104
114.88.166.193 - - [27/Jan/2021:08:58:06 +0800] "GET /xingrg/javascript/easyui/plugins/jquery.validatebox.js HTTP/1.1" 304 -
114.88.166.193 - - [27/Jan/2021:08:58:06 +0800] "GET /xingrg/javascript/easyui/plugins/jquery.numberbox.js HTTP/1.1" 304 -
120.253.135.82 - - [27/Jan/2021:08:58:08 +0800] "GET /xingrg/all/function/internal_message.html?_=1611709132426&CODE_STATE=getMsg HTTP/1.1" 200 27
180.156.237.57 - - [27/Jan/2021:08:58:08 +0800] "POST /xingrg/kc/buy/cgsh_list_operate.html HTTP/1.1" 200 5620
61.165.42.208 - - [27/Jan/2021:08:58:08 +0800] "GET /xingrg/all/function/internal_message.html?_=1611709088156&CODE_STATE=getMsg HTTP/1.1" 200 27
114.88.166.193 - - [27/Jan/2021:08:58:12 +0800] "GET /xingrg/javascript/auto/indicator.gif HTTP/1.1" 404 1066
180.156.237.57 - - [27/Jan/2021:08:58:13 +0800] "POST /xingrg/kc/buy/cgsh_list_operate.html HTTP/1.1" 200 3156
180.169.147.146 - - [27/Jan/2021:08:58:14 +0800] "GET /xingrg/all/function/internal_message.html?_=1611709098961&CODE_STATE=getMsg HTTP/1.1" 200 27
114.88.166.193 - - [27/Jan/2021:08:58:15 +0800] "GET /xingrg/javascript/jquery_tools/images/prev.gif HTTP/1.1" 404 1086
114.88.166.193 - - [27/Jan/2021:08:58:15 +0800] "GET /xingrg/javascript/jquery_tools/images/next.gif HTTP/1.1" 404 1086
180.156.237.57 - - [27/Jan/2021:08:58:16 +0800] "GET /xingrg/kc/buy/cgsh_order_add.html HTTP/1.1" 200 61597
180.156.237.57 - - [27/Jan/2021:08:58:16 +0800] "POST /xingrg/kc/buy/cgsh_order_operate.html HTTP/1.1" 200 8245
180.156.237.57 - - [27/Jan/2021:08:58:16 +0800] "GET /xingrg/javascript/easyui/themes/default/validatebox.css HTTP/1.1" 404 1104
180.156.237.57 - - [27/Jan/2021:08:58:18 +0800] "GET /xingrg/all/function/internal_message.html?_=1611709098427&CODE_STATE=getMsg HTTP/1.1" 200 27
114.88.166.193 - - [27/Jan/2021:08:58:20 +0800] "GET /xingrg/kc/buy/cgsh_order_operate.html?command=get_materiel&rest_code=00111&code=00101002027&supplier_code=00100199&order_time=2021-01-27 HTTP/1.1" 200 434
222.69.137.221 - - [27/Jan/2021:08:58:23 +0800] "GET /xingrg/all/function/internal_message.html?_=1611709100070&CODE_STATE=getMsg HTTP/1.1" 200 27
222.69.137.221 - - [27/Jan/2021:08:58:23 +0800] "GET /xingrg/check_reg.html?_=1611709100075 HTTP/1.1" 200 22
114.88.166.193 - - [27/Jan/2021:08:58:29 +0800] "GET /xingrg/kc/buy/cgsh_order_operate.html?command=get_materiel&rest_code=00111&code=00101002006&supplier_code=00100199&order_time=2021-01-27 HTTP/1.1" 200 414
180.156.237.57 - - [27/Jan/2021:08:58:32 +0800] "GET /xingrg/kc/buy/cgsh_order_list.html HTTP/1.1" 200 46221
180.156.237.57 - - [27/Jan/2021:08:58:32 +0800] "POST /xingrg/kc/buy/cgsh_list_operate.html HTTP/1.1" 200 876
114.88.166.193 - - [27/Jan/2021:08:58:34 +0800] "GET /xingrg/all/function/internal_message.html?_=1611709107362&CODE_STATE=getMsg HTTP/1.1" 200 27
58.37.230.33 - - [27/Jan/2021:08:58:36 +0800] "GET /xingrg/all/function/internal_message.html?_=1611709133634&CODE_STATE=getMsg HTTP/1.1" 200 27
180.156.237.57 - - [27/Jan/2021:08:58:36 +0800] "POST /xingrg/kc/buy/cgsh_list_operate.html HTTP/1.1" 200 876
180.175.150.119 - - [27/Jan/2021:08:58:37 +0800] "GET /xingrg/all/function/internal_message.html?_=1611709359154&CODE_STATE=getMsg HTTP/1.1" 200 27
116.227.17.229 - - [27/Jan/2021:08:58:37 +0800] "POST /xingrg/services/DataTransmitService HTTP/1.1" 200 524
116.227.17.229 - - [27/Jan/2021:08:58:37 +0800] "POST /xingrg/services/DataTransmitService HTTP/1.1" 200 497
180.156.237.57 - - [27/Jan/2021:08:58:39 +0800] "GET /xingrg/kc/buy/cgsh_order_list.html HTTP/1.1" 200 46221
180.156.237.57 - - [27/Jan/2021:08:58:39 +0800] "POST /xingrg/kc/buy/cgsh_list_operate.html HTTP/1.1" 200 876
180.156.237.57 - - [27/Jan/2021:08:58:40 +0800] "GET /xingrg/kc/buy/cgsh_order_list.html HTTP/1.1" 200 46221
114.88.166.193 - - [27/Jan/2021:08:58:41 +0800] "POST /xingrg/kc/buy/cgsh_order_operate.html HTTP/1.1" 200 37
180.156.237.57 - - [27/Jan/2021:08:58:41 +0800] "POST /xingrg/kc/buy/cgsh_list_operate.html HTTP/1.1" 200 876
114.88.166.193 - - [27/Jan/2021:08:58:42 +0800] "POST /xingrg/kc/buy/cgsh_order_operate.html HTTP/1.1" 200 3258
218.81.223.241 - - [27/Jan/2021:08:58:45 +0800] "GET /xingrg/all/function/internal_message.html?_=1611709123776&CODE_STATE=getMsg HTTP/1.1" 200 27
180.156.237.57 - - [27/Jan/2021:08:58:46 +0800] "GET /xingrg/kc/buy/cgsh_order_list.html HTTP/1.1" 200 46221
180.156.237.57 - - [27/Jan/2021:08:58:47 +0800] "POST /xingrg/kc/buy/cgsh_list_operate.html HTTP/1.1" 200 876
180.156.237.57 - - [27/Jan/2021:08:58:48 +0800] "GET /xingrg/kc/buy/cgsh_order_add.html HTTP/1.1" 200 61597
180.156.237.57 - - [27/Jan/2021:08:58:48 +0800] "GET /xingrg/javascript/easyui/themes/default/validatebox.css HTTP/1.1" 404 1104
180.156.237.57 - - [27/Jan/2021:08:58:48 +0800] "POST /xingrg/kc/buy/cgsh_order_operate.html HTTP/1.1" 200 8245
58.40.7.146 - - [27/Jan/2021:08:58:50 +0800] "GET /xingrg/all/function/internal_message.html?_=1611709128859&CODE_STATE=getMsg HTTP/1.1" 200 27
120.253.135.82 - - [27/Jan/2021:08:58:53 +0800] "GET /xingrg/check_reg.html?_=1611709177928 HTTP/1.1" 200 22
114.88.166.193 - - [27/Jan/2021:08:58:53 +0800] "GET /xingrg/kc/print/load_config.html?kc_code=cgsh HTTP/1.1" 200 1845
114.88.166.193 - - [27/Jan/2021:08:58:54 +0800] "GET /xingrg/kc/print/load_data.html?order_code=212021012712519&kc_code=cgsh&condition= HTTP/1.1" 200 908
114.88.166.193 - - [27/Jan/2021:08:58:58 +0800] "GET /xingrg/all/function/internal_message.html?_=1611709135544&CODE_STATE=getMsg HTTP/1.1" 200 27
172.20.0.100 - - [27/Jan/2021:08:58:59 +0800] "GET /xingrg/check_reg.html?_=1611709135756 HTTP/1.1" 200 22
114.88.166.193 - - [27/Jan/2021:08:59:02 +0800] "GET /xingrg/kc/buy/cgsh_order_add.html HTTP/1.1" 200 61955
114.88.166.193 - - [27/Jan/2021:08:59:02 +0800] "POST /xingrg/kc/buy/cgsh_order_operate.html HTTP/1.1" 200 8245
114.88.166.193 - - [27/Jan/2021:08:59:03 +0800] "GET /xingrg/javascript/easyui/themes/default/validatebox.css HTTP/1.1" 404 1104
218.81.223.240 - - [27/Jan/2021:08:59:03 +0800] "GET /xingrg/all/function/internal_message.html?_=1611709139517&CODE_STATE=getMsg HTTP/1.1" 200 27
180.156.237.57 - - [27/Jan/2021:08:59:05 +0800] "GET /xingrg/all/function/internal_message.html?_=1611709120678&CODE_STATE=getMsg HTTP/1.1" 200 27
120.253.135.82 - - [27/Jan/2021:08:59:08 +0800] "GET /xingrg/all/function/internal_message.html?_=1611709192436&CODE_STATE=getMsg HTTP/1.1" 200 27
61.165.42.208 - - [27/Jan/2021:08:59:08 +0800] "GET /xingrg/all/function/internal_message.html?_=1611709148157&CODE_STATE=getMsg HTTP/1.1" 200 27
114.88.166.193 - - [27/Jan/2021:08:59:12 +0800] "GET /xingrg/kc/buy/cgsh_order_operate.html?command=get_materiel&rest_code=00111&code=00101006055&supplier_code=00100012&order_time=2021-01-27 HTTP/1.1" 200 409
180.156.237.57 - - [27/Jan/2021:08:59:12 +0800] "GET /xingrg/kc/buy/cgsh_order_operate.html?command=get_materiel&rest_code=00151&code=00102013039&supplier_code=00100073&order_time=2021-01-27 HTTP/1.1" 200 418
180.169.147.146 - - [27/Jan/2021:08:59:14 +0800] "GET /xingrg/check_reg.html?_=1611709158948 HTTP/1.1" 200 22
180.169.147.146 - - [27/Jan/2021:08:59:14 +0800] "GET /xingrg/all/function/internal_message.html?_=1611709158952&CODE_STATE=getMsg HTTP/1.1" 200 27
180.156.237.57 - - [27/Jan/2021:08:59:18 +0800] "GET /xingrg/all/function/internal_message.html?_=1611709158427&CODE_STATE=getMsg HTTP/1.1" 200 27
222.69.137.221 - - [27/Jan/2021:08:59:23 +0800] "GET /xingrg/all/function/internal_message.html?_=1611709160064&CODE_STATE=getMsg HTTP/1.1" 200 27
180.156.237.57 - - [27/Jan/2021:08:59:24 +0800] "GET /xingrg/kc/buy/cgsh_order_operate.html?command=get_materiel&rest_code=00151&code=00102002863&supplier_code=00100073&order_time=2021-01-27 HTTP/1.1" 200 395
114.88.166.193 - - [27/Jan/2021:08:59:25 +0800] "GET /xingrg/kc/buy/cgsh_order_operate.html?command=get_materiel&rest_code=00111&code=00101006056&supplier_code=00100012&order_time=2021-01-27 HTTP/1.1" 200 413
114.88.166.193 - - [27/Jan/2021:08:59:34 +0800] "GET /xingrg/all/function/internal_message.html?_=1611709167361&CODE_STATE=getMsg HTTP/1.1" 200 27
58.37.230.33 - - [27/Jan/2021:08:59:36 +0800] "GET /xingrg/all/function/internal_message.html?_=1611709193633&CODE_STATE=getMsg HTTP/1.1" 200 27
58.37.230.33 - - [27/Jan/2021:08:59:36 +0800] "GET /xingrg/check_reg.html?_=1611709193634 HTTP/1.1" 200 22
180.175.150.119 - - [27/Jan/2021:08:59:37 +0800] "GET /xingrg/all/function/internal_message.html?_=1611709419172&CODE_STATE=getMsg HTTP/1.1" 200 27
180.156.237.57 - - [27/Jan/2021:08:59:37 +0800] "POST /xingrg/kc/buy/cgsh_order_operate.html HTTP/1.1" 200 37
114.88.166.193 - - [27/Jan/2021:08:59:37 +0800] "GET /xingrg/kc/buy/cgsh_order_operate.html?command=get_materiel&rest_code=00111&code=00101006065&supplier_code=00100012&order_time=2021-01-27 HTTP/1.1" 200 409
117.185.32.26 - - [27/Jan/2021:08:59:37 +0800] "GET /xingrg/login.html HTTP/1.1" 200 7641
180.156.237.57 - - [27/Jan/2021:08:59:40 +0800] "POST /xingrg/kc/buy/cgsh_order_operate.html HTTP/1.1" 200 12
180.156.237.57 - - [27/Jan/2021:08:59:41 +0800] "GET /xingrg/kc/buy/cgsh_order_info.html?code=212021012712520 HTTP/1.1" 200 56501
180.156.237.57 - - [27/Jan/2021:08:59:41 +0800] "GET /xingrg/javascript/easyui/themes/default/validatebox.css HTTP/1.1" 404 1104
180.156.237.57 - - [27/Jan/2021:08:59:41 +0800] "POST /xingrg/kc/buy/cgsh_order_operate.html HTTP/1.1" 200 1227
180.156.237.57 - - [27/Jan/2021:08:59:43 +0800] "GET /xingrg/kc/print/load_data.html?order_code=212021012712520&kc_code=cgsh&condition= HTTP/1.1" 200 1012
117.185.32.26 - - [27/Jan/2021:08:59:45 +0800] "GET /favicon.ico HTTP/1.1" 404 -
218.81.223.241 - - [27/Jan/2021:08:59:45 +0800] "GET /xingrg/all/function/internal_message.html?_=1611709183776&CODE_STATE=getMsg HTTP/1.1" 200 27
58.40.7.146 - - [27/Jan/2021:08:59:50 +0800] "GET /xingrg/all/function/internal_message.html?_=1611709188863&CODE_STATE=getMsg HTTP/1.1" 200 27
101.91.62.65 - - [27/Jan/2021:08:59:51 +0800] "GET /xingrg/all/function/internal_message.html?_=1611709133634&CODE_STATE=getMsg HTTP/1.1" 302 -
114.88.166.193 - - [27/Jan/2021:08:59:52 +0800] "GET /xingrg/kc/buy/cgsh_order_operate.html?command=get_materiel&rest_code=00111&code=00101006111&supplier_code=00100012&order_time=2021-01-27 HTTP/1.1" 200 409
101.91.62.65 - - [27/Jan/2021:08:59:54 +0800] "GET /xingrg/login.html HTTP/1.1" 200 7641
114.88.166.193 - - [27/Jan/2021:08:59:58 +0800] "GET /xingrg/all/function/internal_message.html?_=1611709195559&CODE_STATE=getMsg HTTP/1.1" 200 27
218.81.223.240 - - [27/Jan/2021:09:00:01 +0800] "GET /xingrg/check_reg.html?_=1611709196935 HTTP/1.1" 200 22
218.81.223.240 - - [27/Jan/2021:09:00:03 +0800] "GET /xingrg/all/function/internal_message.html?_=1611709199532&CODE_STATE=getMsg HTTP/1.1" 200 27
180.156.237.57 - - [27/Jan/2021:09:00:05 +0800] "GET /xingrg/all/function/internal_message.html?_=1611709180731&CODE_STATE=getMsg HTTP/1.1" 200 27
120.253.135.82 - - [27/Jan/2021:09:00:08 +0800] "GET /xingrg/all/function/internal_message.html?_=1611709252450&CODE_STATE=getMsg HTTP/1.1" 200 27
61.165.42.208 - - [27/Jan/2021:09:00:08 +0800] "GET /xingrg/all/function/internal_message.html?_=1611709208154&CODE_STATE=getMsg HTTP/1.1" 200 27
180.169.147.146 - - [27/Jan/2021:09:00:14 +0800] "GET /xingrg/all/function/internal_message.html?_=1611709218961&CODE_STATE=getMsg HTTP/1.1" 200 27
114.88.166.193 - - [27/Jan/2021:09:00:16 +0800] "GET /xingrg/kc/buy/cgsh_order_operate.html?command=get_materiel&rest_code=00111&code=00101006175&supplier_code=00100012&order_time=2021-01-27 HTTP/1.1" 200 414
180.156.237.57 - - [27/Jan/2021:09:00:19 +0800] "GET /xingrg/all/function/internal_message.html?_=1611709218447&CODE_STATE=getMsg HTTP/1.1" 200 27
222.69.137.221 - - [27/Jan/2021:09:00:23 +0800] "GET /xingrg/all/function/internal_message.html?_=1611709220066&CODE_STATE=getMsg HTTP/1.1" 200 27
114.88.166.193 - - [27/Jan/2021:09:00:24 +0800] "GET /xingrg/kc/buy/cgsh_order_operate.html?command=get_materiel&rest_code=00111&code=00101006133&supplier_code=00100012&order_time=2021-01-27 HTTP/1.1" 200 413
114.88.166.193 - - [27/Jan/2021:09:00:34 +0800] "GET /xingrg/all/function/internal_message.html?_=1611709227362&CODE_STATE=getMsg HTTP/1.1" 200 27
114.88.166.193 - - [27/Jan/2021:09:00:34 +0800] "GET /xingrg/check_reg.html?_=1611709227363 HTTP/1.1" 200 22
58.37.230.33 - - [27/Jan/2021:09:00:36 +0800] "GET /xingrg/all/function/internal_message.html?_=1611709253659&CODE_STATE=getMsg HTTP/1.1" 200 27
180.175.150.119 - - [27/Jan/2021:09:00:37 +0800] "GET /xingrg/all/function/internal_message.html?_=1611709479182&CODE_STATE=getMsg HTTP/1.1" 200 27
114.88.166.193 - - [27/Jan/2021:09:00:38 +0800] "GET /xingrg/kc/buy/cgsh_order_operate.html?command=get_materiel&rest_code=00111&code=00101006025&supplier_code=00100012&order_time=2021-01-27 HTTP/1.1" 200 417
101.89.239.232 - - [27/Jan/2021:09:00:38 +0800] "GET /xingrg/check_reg.html?_=1611709193634 HTTP/1.1" 302 -
101.89.239.232 - - [27/Jan/2021:09:00:44 +0800] "GET /xingrg/login.html HTTP/1.1" 200 7641
218.81.223.241 - - [27/Jan/2021:09:00:45 +0800] "GET /xingrg/check_reg.html?_=1611709243776 HTTP/1.1" 200 22
218.81.223.241 - - [27/Jan/2021:09:00:45 +0800] "GET /xingrg/all/function/internal_message.html?_=1611709243778&CODE_STATE=getMsg HTTP/1.1" 200 27
58.40.7.146 - - [27/Jan/2021:09:00:50 +0800] "GET /xingrg/all/function/internal_message.html?_=1611709248866&CODE_STATE=getMsg HTTP/1.1" 200 27
101.89.239.230 - - [27/Jan/2021:09:00:52 +0800] "GET /xingrg/all/function/internal_message.html?_=1611709193633&CODE_STATE=getMsg HTTP/1.1" 302 -
101.89.239.230 - - [27/Jan/2021:09:00:55 +0800] "GET /xingrg/login.html HTTP/1.1" 200 7641
114.88.166.193 - - [27/Jan/2021:09:00:58 +0800] "GET /xingrg/all/function/internal_message.html?_=1611709255558&CODE_STATE=getMsg HTTP/1.1" 200 27
218.81.223.240 - - [27/Jan/2021:09:01:03 +0800] "GET /xingrg/all/function/internal_message.html?_=1611709259545&CODE_STATE=getMsg HTTP/1.1" 200 27
180.156.237.57 - - [27/Jan/2021:09:01:05 +0800] "GET /xingrg/all/function/internal_message.html?_=1611709240736&CODE_STATE=getMsg HTTP/1.1" 200 27
120.253.135.82 - - [27/Jan/2021:09:01:08 +0800] "GET /xingrg/all/function/internal_message.html?_=1611709312468&CODE_STATE=getMsg HTTP/1.1" 200 27
61.165.42.208 - - [27/Jan/2021:09:01:08 +0800] "GET /xingrg/all/function/internal_message.html?_=1611709268157&CODE_STATE=getMsg HTTP/1.1" 200 27
180.169.147.146 - - [27/Jan/2021:09:01:14 +0800] "GET /xingrg/all/function/internal_message.html?_=1611709278967&CODE_STATE=getMsg HTTP/1.1" 200 27
180.156.237.57 - - [27/Jan/2021:09:01:19 +0800] "GET /xingrg/all/function/internal_message.html?_=1611709278439&CODE_STATE=getMsg HTTP/1.1" 200 27
222.69.137.221 - - [27/Jan/2021:09:01:23 +0800] "GET /xingrg/all/function/internal_message.html?_=1611709280070&CODE_STATE=getMsg HTTP/1.1" 200 27
180.156.237.57 - - [27/Jan/2021:09:01:31 +0800] "GET /xingrg/kc/buy/cgsh_order_add.html HTTP/1.1" 200 61891
180.156.237.57 - - [27/Jan/2021:09:01:32 +0800] "POST /xingrg/kc/buy/cgsh_order_operate.html HTTP/1.1" 200 8245
180.156.237.57 - - [27/Jan/2021:09:01:32 +0800] "GET /xingrg/javascript/easyui/themes/default/validatebox.css HTTP/1.1" 404 1104
114.88.166.193 - - [27/Jan/2021:09:01:34 +0800] "GET /xingrg/all/function/internal_message.html?_=1611709287362&CODE_STATE=getMsg HTTP/1.1" 200 27
58.37.230.33 - - [27/Jan/2021:09:01:36 +0800] "GET /xingrg/all/function/internal_message.html?_=1611709313657&CODE_STATE=getMsg HTTP/1.1" 200 27
180.175.150.119 - - [27/Jan/2021:09:01:36 +0800] "GET /xingrg/check_reg.html?_=1611709539015 HTTP/1.1" 200 22
180.175.150.119 - - [27/Jan/2021:09:01:37 +0800] "GET /xingrg/all/function/internal_message.html?_=1611709539194&CODE_STATE=getMsg HTTP/1.1" 200 27
101.89.239.216 - - [27/Jan/2021:09:01:42 +0800] "GET /xingrg/all/function/internal_message.html?_=1611709253659&CODE_STATE=getMsg HTTP/1.1" 302 -
218.81.223.241 - - [27/Jan/2021:09:01:45 +0800] "GET /xingrg/all/function/internal_message.html?_=1611709303778&CODE_STATE=getMsg HTTP/1.1" 200 27
101.89.239.216 - - [27/Jan/2021:09:01:47 +0800] "GET /xingrg/login.html HTTP/1.1" 200 7641
58.40.7.146 - - [27/Jan/2021:09:01:50 +0800] "GET /xingrg/check_reg.html?_=1611709308869 HTTP/1.1" 200 22
58.40.7.146 - - [27/Jan/2021:09:01:50 +0800] "GET /xingrg/all/function/internal_message.html?_=1611709308870&CODE_STATE=getMsg HTTP/1.1" 200 27
58.221.95.50 - - [27/Jan/2021:09:01:50 +0800] "GET /xingrg/check_reg.html?_=1611709309529 HTTP/1.1" 302 -
180.156.237.57 - - [27/Jan/2021:09:01:53 +0800] "GET /xingrg/kc/buy/cgsh_order_operate.html?command=get_materiel&rest_code=00150&code=00101011005&supplier_code=00100047&order_time=2021-01-27 HTTP/1.1" 200 427
114.88.166.193 - - [27/Jan/2021:09:01:55 +0800] "GET /xingrg/kc/buy/cgsh_order_operate.html?command=get_materiel&rest_code=00111&code=00101006184&supplier_code=00100012&order_time=2021-01-27 HTTP/1.1" 200 408
114.88.166.193 - - [27/Jan/2021:09:01:58 +0800] "GET /xingrg/all/function/internal_message.html?_=1611709315579&CODE_STATE=getMsg HTTP/1.1" 200 27
218.81.223.240 - - [27/Jan/2021:09:02:03 +0800] "GET /xingrg/all/function/internal_message.html?_=1611709319558&CODE_STATE=getMsg HTTP/1.1" 200 27
180.156.237.57 - - [27/Jan/2021:09:02:05 +0800] "GET /xingrg/check_reg.html?_=1611709300452 HTTP/1.1" 200 22
180.156.237.57 - - [27/Jan/2021:09:02:05 +0800] "GET /xingrg/all/function/internal_message.html?_=1611709300781&CODE_STATE=getMsg HTTP/1.1" 200 27
120.253.135.82 - - [27/Jan/2021:09:02:08 +0800] "GET /xingrg/all/function/internal_message.html?_=1611709372479&CODE_STATE=getMsg HTTP/1.1" 200 27
61.165.42.208 - - [27/Jan/2021:09:02:08 +0800] "GET /xingrg/check_reg.html?_=1611709328148 HTTP/1.1" 200 22
61.165.42.208 - - [27/Jan/2021:09:02:08 +0800] "GET /xingrg/all/function/internal_message.html?_=1611709328153&CODE_STATE=getMsg HTTP/1.1" 200 27
117.185.32.26 - - [27/Jan/2021:09:02:12 +0800] "POST /xingrg/login.do HTTP/1.1" 302 -
117.185.32.26 - - [27/Jan/2021:09:02:12 +0800] "GET /xingrg/index.html?sysBaseUrl=http%3A%2F%2F180.169.147.146%3A18081%2Fxingrg%2F&costTime=56×tamp=1611709332611 HTTP/1.1" 200 17173
117.185.32.26 - - [27/Jan/2021:09:02:13 +0800] "GET /favicon.ico HTTP/1.1" 404 -
117.185.32.26 - - [27/Jan/2021:09:02:14 +0800] "GET /xingrg/all/function/internal_message.html?_=1611709808993&CODE_STATE=count HTTP/1.1" 200 11
117.185.32.26 - - [27/Jan/2021:09:02:14 +0800] "GET /xingrg/check_reg.html?_=1611709808994 HTTP/1.1" 200 22
117.185.32.26 - - [27/Jan/2021:09:02:14 +0800] "POST /xingrg/load_menu.html HTTP/1.1" 200 5138
117.185.32.26 - - [27/Jan/2021:09:02:14 +0800] "POST /xingrg/all/common/load_tree.html?tree=area_rest_tree_json&manage=1 HTTP/1.1" 200 342
180.156.237.57 - - [27/Jan/2021:09:02:14 +0800] "POST /xingrg/kc/buy/cgsh_order_operate.html HTTP/1.1" 200 37
180.169.147.146 - - [27/Jan/2021:09:02:14 +0800] "GET /xingrg/all/function/internal_message.html?_=1611709338970&CODE_STATE=getMsg HTTP/1.1" 200 27
114.88.166.193 - - [27/Jan/2021:09:02:17 +0800] "POST /xingrg/kc/buy/cgsh_order_operate.html HTTP/1.1" 200 37
117.185.32.26 - - [27/Jan/2021:09:02:18 +0800] "GET /xingrg/kc/mdqp/qp_main.html HTTP/1.1" 200 10633
180.156.237.57 - - [27/Jan/2021:09:02:19 +0800] "GET /xingrg/check_reg.html?_=1611709338448 HTTP/1.1" 200 22
180.156.237.57 - - [27/Jan/2021:09:02:19 +0800] "GET /xingrg/all/function/internal_message.html?_=1611709338452&CODE_STATE=getMsg HTTP/1.1" 200 27
180.156.237.57 - - [27/Jan/2021:09:02:19 +0800] "POST /xingrg/kc/buy/cgsh_order_operate.html HTTP/1.1" 200 12
114.88.166.193 - - [27/Jan/2021:09:02:19 +0800] "POST /xingrg/kc/buy/cgsh_order_operate.html HTTP/1.1" 200 7975
180.156.237.57 - - [27/Jan/2021:09:02:20 +0800] "GET /xingrg/kc/buy/cgsh_order_info.html?code=212021012712521 HTTP/1.1" 200 56797
117.185.32.26 - - [27/Jan/2021:09:02:20 +0800] "GET /xingrg/images/yd/bt.gif HTTP/1.1" 404 1040
180.156.237.57 - - [27/Jan/2021:09:02:20 +0800] "GET /xingrg/javascript/easyui/themes/default/validatebox.css HTTP/1.1" 404 1104
117.185.32.26 - - [27/Jan/2021:09:02:21 +0800] "GET /xingrg/kc/mdqp/qqps_order_list.html HTTP/1.1" 200 9222
117.185.32.26 - - [27/Jan/2021:09:02:21 +0800] "GET /xingrg/dwr/interface/AjaxQqpsService.js HTTP/1.1" 200 16326
117.185.32.26 - - [27/Jan/2021:09:02:21 +0800] "GET /xingrg/dwr/engine.js HTTP/1.1" 200 43631
180.156.237.57 - - [27/Jan/2021:09:02:21 +0800] "POST /xingrg/kc/buy/cgsh_order_operate.html HTTP/1.1" 200 606
117.185.32.26 - - [27/Jan/2021:09:02:21 +0800] "GET /xingrg/dwr/interface/AjaxReportQueryService.js HTTP/1.1" 200 13203
114.88.166.193 - - [27/Jan/2021:09:02:22 +0800] "GET /xingrg/kc/print/load_data.html?order_code=212021012712522&kc_code=cgsh&condition= HTTP/1.1" 200 2772
180.156.237.57 - - [27/Jan/2021:09:02:22 +0800] "GET /xingrg/kc/print/load_data.html?order_code=212021012712521&kc_code=cgsh&condition= HTTP/1.1" 200 783
222.69.137.221 - - [27/Jan/2021:09:02:23 +0800] "GET /xingrg/all/function/internal_message.html?_=1611709340071&CODE_STATE=getMsg HTTP/1.1" 200 27
114.88.166.193 - - [27/Jan/2021:09:02:32 +0800] "GET /xingrg/kc/buy/cgsh_order_add.html HTTP/1.1" 200 61955
114.88.166.193 - - [27/Jan/2021:09:02:32 +0800] "POST /xingrg/kc/buy/cgsh_order_operate.html HTTP/1.1" 200 8245
114.88.166.193 - - [27/Jan/2021:09:02:33 +0800] "GET /xingrg/javascript/easyui/themes/default/validatebox.css HTTP/1.1" 404 1104
114.88.166.193 - - [27/Jan/2021:09:02:34 +0800] "GET /xingrg/all/function/internal_message.html?_=1611709347362&CODE_STATE=getMsg HTTP/1.1" 200 27
58.37.230.33 - - [27/Jan/2021:09:02:36 +0800] "GET /xingrg/all/function/internal_message.html?_=1611709373655&CODE_STATE=getMsg HTTP/1.1" 200 27
180.175.150.119 - - [27/Jan/2021:09:02:37 +0800] "GET /xingrg/all/function/internal_message.html?_=1611709599209&CODE_STATE=getMsg HTTP/1.1" 200 27
180.156.237.57 - - [27/Jan/2021:09:02:37 +0800] "GET /xingrg/kc/buy/cgsh_order_add.html HTTP/1.1" 200 61891
180.156.237.57 - - [27/Jan/2021:09:02:38 +0800] "POST /xingrg/kc/buy/cgsh_order_operate.html HTTP/1.1" 200 8245
180.156.237.57 - - [27/Jan/2021:09:02:38 +0800] "GET /xingrg/javascript/easyui/themes/default/validatebox.css HTTP/1.1" 404 1104
117.185.32.26 - - [27/Jan/2021:09:02:38 +0800] "GET /xingrg/kc/mdqp/qp_main.html HTTP/1.1" 200 10633
117.185.32.26 - - [27/Jan/2021:09:02:40 +0800] "GET /xingrg/kc/mdqp/qqps_order_list.html HTTP/1.1" 200 9222
117.185.32.26 - - [27/Jan/2021:09:02:40 +0800] "GET /xingrg/dwr/interface/AjaxQqpsService.js HTTP/1.1" 200 16326
117.185.32.26 - - [27/Jan/2021:09:02:40 +0800] "GET /xingrg/dwr/interface/AjaxReportQueryService.js HTTP/1.1" 200 13203
117.185.32.26 - - [27/Jan/2021:09:02:40 +0800] "GET /xingrg/dwr/engine.js HTTP/1.1" 200 43631
117.185.32.26 - - [27/Jan/2021:09:02:42 +0800] "GET /xingrg/kc/mdqp/qp_main.html HTTP/1.1" 200 10633
117.185.32.26 - - [27/Jan/2021:09:02:44 +0800] "GET /xingrg/kc/mdqp/pssh_order_list.html HTTP/1.1" 200 17927
117.185.32.26 - - [27/Jan/2021:09:02:45 +0800] "POST /xingrg/kc/mdqp/pssh_list_operate.html HTTP/1.1" 200 5110
218.81.223.241 - - [27/Jan/2021:09:02:45 +0800] "GET /xingrg/all/function/internal_message.html?_=1611709363778&CODE_STATE=getMsg HTTP/1.1" 200 27
180.156.237.57 - - [27/Jan/2021:09:02:47 +0800] "GET /xingrg/kc/buy/cgsh_order_operate.html?command=get_materiel&rest_code=00150&code=00101009001&supplier_code=00100424&order_time=2021-01-27 HTTP/1.1" 200 416
101.89.239.230 - - [27/Jan/2021:09:02:49 +0800] "GET /xingrg/all/function/internal_message.html?_=1611709313657&CODE_STATE=getMsg HTTP/1.1" 302 -
58.40.7.146 - - [27/Jan/2021:09:02:50 +0800] "GET /xingrg/all/function/internal_message.html?_=1611709368857&CODE_STATE=getMsg HTTP/1.1" 200 27
117.185.32.26 - - [27/Jan/2021:09:02:50 +0800] "POST /xingrg/kc/mdqp/pssh_list_operate.html HTTP/1.1" 200 355
117.185.32.26 - - [27/Jan/2021:09:02:51 +0800] "GET /xingrg/kc/mdqp/pssh_order_info.html?code=312021012600845 HTTP/1.1" 200 17244
117.185.32.26 - - [27/Jan/2021:09:02:51 +0800] "GET /xingrg/words/20210126144052_words.js HTTP/1.1" 304 -
117.185.32.26 - - [27/Jan/2021:09:02:52 +0800] "GET /xingrg/javascript/jquery_tools/jquery-1.4.2.min.js HTTP/1.1" 404 1094
117.185.32.26 - - [27/Jan/2021:09:02:53 +0800] "POST /xingrg/kc/mdqp/pssh_order_operate.html HTTP/1.1" 200 1054
117.185.32.26 - - [27/Jan/2021:09:02:53 +0800] "GET /xingrg/javascript/easyui/themes/default/validatebox.css HTTP/1.1" 404 1104
117.185.32.26 - - [27/Jan/2021:09:02:53 +0800] "GET /xingrg/all/common/auto_word.html?type=employee&rest_code=00106 HTTP/1.1" 200 205
117.185.32.26 - - [27/Jan/2021:09:02:53 +0800] "GET /xingrg/all/common/auto_word.html?type=base&rest_code=00106&rest_code=00106 HTTP/1.1" 200 1753
114.88.166.193 - - [27/Jan/2021:09:02:55 +0800] "GET /xingrg/kc/buy/cgsh_order_operate.html?command=get_materiel&rest_code=00111&code=00101008072&supplier_code=00100005&order_time=2021-01-27 HTTP/1.1" 200 410
101.89.239.230 - - [27/Jan/2021:09:02:56 +0800] "GET /xingrg/login.html HTTP/1.1" 200 7641
114.88.166.193 - - [27/Jan/2021:09:02:58 +0800] "GET /xingrg/check_reg.html?_=1611709375527 HTTP/1.1" 200 22
114.88.166.193 - - [27/Jan/2021:09:02:58 +0800] "GET /xingrg/all/function/internal_message.html?_=1611709375585&CODE_STATE=getMsg HTTP/1.1" 200 27
180.156.237.57 - - [27/Jan/2021:09:03:00 +0800] "GET /xingrg/kc/buy/cgsh_order_operate.html?command=get_materiel&rest_code=00150&code=00101009016&supplier_code=00100424&order_time=2021-01-27 HTTP/1.1" 200 412
218.81.223.240 - - [27/Jan/2021:09:03:03 +0800] "GET /xingrg/all/function/internal_message.html?_=1611709379644&CODE_STATE=getMsg HTTP/1.1" 200 27
180.156.237.57 - - [27/Jan/2021:09:03:05 +0800] "GET /xingrg/all/function/internal_message.html?_=1611709360795&CODE_STATE=getMsg HTTP/1.1" 200 27
120.253.135.82 - - [27/Jan/2021:09:03:08 +0800] "GET /xingrg/all/function/internal_message.html?_=1611709432496&CODE_STATE=getMsg HTTP/1.1" 200 27
61.165.42.208 - - [27/Jan/2021:09:03:08 +0800] "GET /xingrg/all/function/internal_message.html?_=1611709388160&CODE_STATE=getMsg HTTP/1.1" 200 27
114.88.166.193 - - [27/Jan/2021:09:03:11 +0800] "GET /xingrg/kc/buy/cgsh_order_operate.html?command=get_materiel&rest_code=00111&code=00101008321&supplier_code=00100005&order_time=2021-01-27 HTTP/1.1" 200 412
117.185.32.26 - - [27/Jan/2021:09:03:14 +0800] "GET /xingrg/all/function/internal_message.html?_=1611709869005&CODE_STATE=getMsg HTTP/1.1" 200 27
180.169.147.146 - - [27/Jan/2021:09:03:14 +0800] "GET /xingrg/all/function/internal_message.html?_=1611709398972&CODE_STATE=getMsg HTTP/1.1" 200 27
180.156.237.57 - - [27/Jan/2021:09:03:19 +0800] "GET /xingrg/all/function/internal_message.html?_=1611709398452&CODE_STATE=getMsg HTTP/1.1" 200 27
222.69.137.221 - - [27/Jan/2021:09:03:23 +0800] "GET /xingrg/all/function/internal_message.html?_=1611709400069&CODE_STATE=getMsg HTTP/1.1" 200 27
222.69.137.221 - - [27/Jan/2021:09:03:23 +0800] "GET /xingrg/check_reg.html?_=1611709400073 HTTP/1.1" 200 22
61.165.42.208 - - [27/Jan/2021:09:03:24 +0800] "POST /xingrg/kc/buy/cgsh_order_operate.html HTTP/1.1" 200 37
114.88.166.193 - - [27/Jan/2021:09:03:25 +0800] "GET /xingrg/kc/buy/cgsh_order_operate.html?command=get_materiel&rest_code=00111&code=00101008351&supplier_code=00100005&order_time=2021-01-27 HTTP/1.1" 200 408
61.165.42.208 - - [27/Jan/2021:09:03:26 +0800] "POST /xingrg/kc/buy/cgsh_order_operate.html HTTP/1.1" 200 34585
117.185.32.26 - - [27/Jan/2021:09:03:33 +0800] "GET /xingrg/kc/mdqp/qp_main.html HTTP/1.1" 200 10633
114.88.166.193 - - [27/Jan/2021:09:03:34 +0800] "GET /xingrg/all/function/internal_message.html?_=1611709407362&CODE_STATE=getMsg HTTP/1.1" 200 27
114.88.166.193 - - [27/Jan/2021:09:03:34 +0800] "GET /xingrg/kc/buy/cgsh_order_operate.html?command=get_materiel&rest_code=00111&code=00101008358&supplier_code=00100005&order_time=2021-01-27 HTTP/1.1" 200 412
58.37.230.33 - - [27/Jan/2021:09:03:36 +0800] "GET /xingrg/all/function/internal_message.html?_=1611709433654&CODE_STATE=getMsg HTTP/1.1" 200 27
180.175.150.119 - - [27/Jan/2021:09:03:37 +0800] "GET /xingrg/all/function/internal_message.html?_=1611709659222&CODE_STATE=getMsg HTTP/1.1" 200 27
101.91.62.65 - - [27/Jan/2021:09:03:42 +0800] "GET /xingrg/all/function/internal_message.html?_=1611709373655&CODE_STATE=getMsg HTTP/1.1" 302 -
218.81.223.241 - - [27/Jan/2021:09:03:45 +0800] "GET /xingrg/all/function/internal_message.html?_=1611709423777&CODE_STATE=getMsg HTTP/1.1" 200 27
114.88.166.193 - - [27/Jan/2021:09:03:48 +0800] "GET /xingrg/kc/buy/cgsh_order_operate.html?command=get_materiel&rest_code=00111&code=00101008270&supplier_code=00100005&order_time=2021-01-27 HTTP/1.1" 200 412
101.91.62.65 - - [27/Jan/2021:09:03:49 +0800] "GET /xingrg/login.html HTTP/1.1" 200 7641
58.40.7.146 - - [27/Jan/2021:09:03:50 +0800] "GET /xingrg/all/function/internal_message.html?_=1611709428861&CODE_STATE=getMsg HTTP/1.1" 200 27
120.253.135.82 - - [27/Jan/2021:09:03:53 +0800] "GET /xingrg/check_reg.html?_=1611709477938 HTTP/1.1" 200 22
114.88.166.193 - - [27/Jan/2021:09:03:58 +0800] "GET /xingrg/all/function/internal_message.html?_=1611709435599&CODE_STATE=getMsg HTTP/1.1" 200 27
172.20.0.100 - - [27/Jan/2021:09:03:58 +0800] "GET /xingrg/check_reg.html?_=1611709435730 HTTP/1.1" 200 22
114.88.166.193 - - [27/Jan/2021:09:04:02 +0800] "GET /xingrg/kc/buy/cgsh_order_operate.html?command=get_materiel&rest_code=00111&code=00101008027&supplier_code=00100005&order_time=2021-01-27 HTTP/1.1" 200 409
218.81.223.240 - - [27/Jan/2021:09:04:03 +0800] "GET /xingrg/all/function/internal_message.html?_=1611709439653&CODE_STATE=getMsg HTTP/1.1" 200 27
