120.253.135.82 - - [27/Jan/2021:07:24:06 +0800] "GET /xingrg/all/function/internal_message.html?_=1611703491052&CODE_STATE=getMsg HTTP/1.1" 200 27
117.131.5.26 - - [27/Jan/2021:07:24:18 +0800] "GET /xingrg/all/function/internal_message.html?_=1611703813254&CODE_STATE=getMsg HTTP/1.1" 200 27
117.131.5.26 - - [27/Jan/2021:07:24:20 +0800] "GET /xingrg/check_reg.html?_=1611703815094 HTTP/1.1" 200 22
114.88.166.193 - - [27/Jan/2021:07:24:34 +0800] "GET /xingrg/all/function/internal_message.html?_=1611703467306&CODE_STATE=getMsg HTTP/1.1" 200 27
120.253.135.82 - - [27/Jan/2021:07:24:35 +0800] "GET /xingrg/all/function/internal_message.html?_=1611703236431&CODE_STATE=getMsg HTTP/1.1" 200 27
218.81.223.241 - - [27/Jan/2021:07:24:36 +0800] "GET /xingrg/all/function/internal_message.html?_=1611703486129&CODE_STATE=getMsg HTTP/1.1" 302 -
218.81.223.241 - - [27/Jan/2021:07:24:45 +0800] "GET /xingrg/all/function/internal_message.html?_=1611703483671&CODE_STATE=getMsg HTTP/1.1" 200 27
114.88.166.193 - - [27/Jan/2021:07:24:45 +0800] "GET /xingrg/all/function/internal_message.html?_=1611703482678&CODE_STATE=getMsg HTTP/1.1" 302 -
58.40.7.146 - - [27/Jan/2021:07:24:50 +0800] "GET /xingrg/all/function/internal_message.html?_=1611703488822&CODE_STATE=getMsg HTTP/1.1" 200 27
180.156.237.57 - - [27/Jan/2021:07:24:50 +0800] "GET /xingrg/all/function/internal_message.html?_=1611703466240&CODE_STATE=getMsg HTTP/1.1" 200 27
180.156.237.57 - - [27/Jan/2021:07:24:51 +0800] "GET /xingrg/all/function/internal_message.html?_=1611703491326&CODE_STATE=getMsg HTTP/1.1" 200 27
218.81.223.240 - - [27/Jan/2021:07:25:00 +0800] "GET /xingrg/check_reg.html?_=1611703495704 HTTP/1.1" 200 22
218.81.223.240 - - [27/Jan/2021:07:25:00 +0800] "GET /xingrg/all/function/internal_message.html?_=1611703496211&CODE_STATE=getMsg HTTP/1.1" 200 27
120.253.135.82 - - [27/Jan/2021:07:25:06 +0800] "GET /xingrg/all/function/internal_message.html?_=1611703551066&CODE_STATE=getMsg HTTP/1.1" 200 27
114.86.187.76 - - [27/Jan/2021:07:25:08 +0800] "POST /xingrg/services/DataTransmitService HTTP/1.1" 200 524
114.86.187.76 - - [27/Jan/2021:07:25:08 +0800] "POST /xingrg/services/DataTransmitService HTTP/1.1" 200 497
117.131.5.26 - - [27/Jan/2021:07:25:18 +0800] "GET /xingrg/all/function/internal_message.html?_=1611703873268&CODE_STATE=getMsg HTTP/1.1" 200 27
218.81.223.241 - - [27/Jan/2021:07:25:26 +0800] "GET /xingrg/check_reg.html?_=1611703536516 HTTP/1.1" 302 -
114.88.166.193 - - [27/Jan/2021:07:25:34 +0800] "GET /xingrg/check_reg.html?_=1611703527307 HTTP/1.1" 200 22
114.88.166.193 - - [27/Jan/2021:07:25:34 +0800] "GET /xingrg/all/function/internal_message.html?_=1611703527310&CODE_STATE=getMsg HTTP/1.1" 200 27
120.253.135.82 - - [27/Jan/2021:07:25:34 +0800] "GET /xingrg/check_reg.html?_=1611703295676 HTTP/1.1" 200 22
120.253.135.82 - - [27/Jan/2021:07:25:35 +0800] "GET /xingrg/all/function/internal_message.html?_=1611703296445&CODE_STATE=getMsg HTTP/1.1" 200 27
218.81.223.241 - - [27/Jan/2021:07:25:36 +0800] "GET /xingrg/all/function/internal_message.html?_=1611703546142&CODE_STATE=getMsg HTTP/1.1" 302 -
180.156.237.57 - - [27/Jan/2021:07:25:42 +0800] "GET /xingrg/check_reg.html?_=1611703518078 HTTP/1.1" 200 22
218.81.223.241 - - [27/Jan/2021:07:25:45 +0800] "GET /xingrg/check_reg.html?_=1611703543669 HTTP/1.1" 200 22
218.81.223.241 - - [27/Jan/2021:07:25:45 +0800] "GET /xingrg/all/function/internal_message.html?_=1611703543672&CODE_STATE=getMsg HTTP/1.1" 200 27
114.88.166.193 - - [27/Jan/2021:07:25:46 +0800] "GET /xingrg/all/function/internal_message.html?_=1611703543333&CODE_STATE=getMsg HTTP/1.1" 302 -
58.40.7.146 - - [27/Jan/2021:07:25:50 +0800] "GET /xingrg/all/function/internal_message.html?_=1611703548826&CODE_STATE=getMsg HTTP/1.1" 200 27
180.156.237.57 - - [27/Jan/2021:07:25:50 +0800] "GET /xingrg/all/function/internal_message.html?_=1611703526248&CODE_STATE=getMsg HTTP/1.1" 200 27
180.156.237.57 - - [27/Jan/2021:07:25:51 +0800] "GET /xingrg/all/function/internal_message.html?_=1611703551325&CODE_STATE=getMsg HTTP/1.1" 200 27
114.88.166.193 - - [27/Jan/2021:07:25:51 +0800] "GET /xingrg/check_reg.html?_=1611703548882 HTTP/1.1" 302 -
218.81.223.240 - - [27/Jan/2021:07:26:00 +0800] "GET /xingrg/all/function/internal_message.html?_=1611703556227&CODE_STATE=getMsg HTTP/1.1" 200 27
120.253.135.82 - - [27/Jan/2021:07:26:06 +0800] "GET /xingrg/all/function/internal_message.html?_=1611703611083&CODE_STATE=getMsg HTTP/1.1" 200 27
117.131.5.26 - - [27/Jan/2021:07:26:18 +0800] "GET /xingrg/all/function/internal_message.html?_=1611703933275&CODE_STATE=getMsg HTTP/1.1" 200 27
114.88.166.193 - - [27/Jan/2021:07:26:34 +0800] "GET /xingrg/all/function/internal_message.html?_=1611703587311&CODE_STATE=getMsg HTTP/1.1" 200 27
120.253.135.82 - - [27/Jan/2021:07:26:35 +0800] "GET /xingrg/all/function/internal_message.html?_=1611703356458&CODE_STATE=getMsg HTTP/1.1" 200 27
218.81.223.241 - - [27/Jan/2021:07:26:36 +0800] "GET /xingrg/all/function/internal_message.html?_=1611703606160&CODE_STATE=getMsg HTTP/1.1" 302 -
218.81.223.241 - - [27/Jan/2021:07:26:45 +0800] "GET /xingrg/all/function/internal_message.html?_=1611703603671&CODE_STATE=getMsg HTTP/1.1" 200 27
114.88.166.193 - - [27/Jan/2021:07:26:47 +0800] "GET /xingrg/all/function/internal_message.html?_=1611703603955&CODE_STATE=getMsg HTTP/1.1" 302 -
58.40.7.146 - - [27/Jan/2021:07:26:50 +0800] "GET /xingrg/all/function/internal_message.html?_=1611703608828&CODE_STATE=getMsg HTTP/1.1" 200 27
58.40.7.146 - - [27/Jan/2021:07:26:50 +0800] "GET /xingrg/check_reg.html?_=1611703608829 HTTP/1.1" 200 22
180.156.237.57 - - [27/Jan/2021:07:26:50 +0800] "GET /xingrg/all/function/internal_message.html?_=1611703586261&CODE_STATE=getMsg HTTP/1.1" 200 27
180.156.237.57 - - [27/Jan/2021:07:26:51 +0800] "GET /xingrg/all/function/internal_message.html?_=1611703611326&CODE_STATE=getMsg HTTP/1.1" 200 27
218.81.223.240 - - [27/Jan/2021:07:27:00 +0800] "GET /xingrg/all/function/internal_message.html?_=1611703616240&CODE_STATE=getMsg HTTP/1.1" 200 27
120.253.135.82 - - [27/Jan/2021:07:27:06 +0800] "GET /xingrg/all/function/internal_message.html?_=1611703671092&CODE_STATE=getMsg HTTP/1.1" 200 27
117.131.5.26 - - [27/Jan/2021:07:27:18 +0800] "GET /xingrg/all/function/internal_message.html?_=1611703993443&CODE_STATE=getMsg HTTP/1.1" 200 27
114.88.166.193 - - [27/Jan/2021:07:27:34 +0800] "GET /xingrg/all/function/internal_message.html?_=1611703647312&CODE_STATE=getMsg HTTP/1.1" 200 27
120.253.135.82 - - [27/Jan/2021:07:27:35 +0800] "GET /xingrg/all/function/internal_message.html?_=1611703416473&CODE_STATE=getMsg HTTP/1.1" 200 27
218.81.223.241 - - [27/Jan/2021:07:27:36 +0800] "GET /xingrg/all/function/internal_message.html?_=1611703666201&CODE_STATE=getMsg HTTP/1.1" 302 -
218.81.223.241 - - [27/Jan/2021:07:27:45 +0800] "GET /xingrg/all/function/internal_message.html?_=1611703663670&CODE_STATE=getMsg HTTP/1.1" 200 27
114.88.166.193 - - [27/Jan/2021:07:27:47 +0800] "GET /xingrg/all/function/internal_message.html?_=1611703663968&CODE_STATE=getMsg HTTP/1.1" 302 -
58.40.7.146 - - [27/Jan/2021:07:27:50 +0800] "GET /xingrg/all/function/internal_message.html?_=1611703668832&CODE_STATE=getMsg HTTP/1.1" 200 27
180.156.237.57 - - [27/Jan/2021:07:27:50 +0800] "GET /xingrg/all/function/internal_message.html?_=1611703646282&CODE_STATE=getMsg HTTP/1.1" 200 27
180.156.237.57 - - [27/Jan/2021:07:27:51 +0800] "GET /xingrg/all/function/internal_message.html?_=1611703671344&CODE_STATE=getMsg HTTP/1.1" 200 27
180.156.237.57 - - [27/Jan/2021:07:27:51 +0800] "GET /xingrg/check_reg.html?_=1611703671347 HTTP/1.1" 200 22
218.81.223.240 - - [27/Jan/2021:07:28:00 +0800] "GET /xingrg/all/function/internal_message.html?_=1611703676344&CODE_STATE=getMsg HTTP/1.1" 200 27
120.253.135.82 - - [27/Jan/2021:07:28:06 +0800] "GET /xingrg/all/function/internal_message.html?_=1611703731110&CODE_STATE=getMsg HTTP/1.1" 200 27
117.131.5.26 - - [27/Jan/2021:07:28:18 +0800] "GET /xingrg/all/function/internal_message.html?_=1611704053458&CODE_STATE=getMsg HTTP/1.1" 200 27
114.88.166.193 - - [27/Jan/2021:07:28:34 +0800] "GET /xingrg/all/function/internal_message.html?_=1611703707313&CODE_STATE=getMsg HTTP/1.1" 200 27
101.93.222.235 - - [27/Jan/2021:07:28:35 +0800] "POST /xingrg/services/DataTransmitService HTTP/1.1" 200 524
120.253.135.82 - - [27/Jan/2021:07:28:35 +0800] "GET /xingrg/all/function/internal_message.html?_=1611703476486&CODE_STATE=getMsg HTTP/1.1" 200 27
120.253.135.82 - - [27/Jan/2021:07:28:35 +0800] "POST /xingrg/kc/base/stock_operate.html HTTP/1.1" 200 4101
101.93.222.235 - - [27/Jan/2021:07:28:35 +0800] "POST /xingrg/services/DataTransmitService HTTP/1.1" 200 412
218.81.223.241 - - [27/Jan/2021:07:28:36 +0800] "GET /xingrg/all/function/internal_message.html?_=1611703726237&CODE_STATE=getMsg HTTP/1.1" 302 -
218.81.223.240 - - [27/Jan/2021:07:28:44 +0800] "GET /xingrg/kc/buy/cgsh_order_list.html HTTP/1.1" 200 46223
218.81.223.241 - - [27/Jan/2021:07:28:45 +0800] "GET /xingrg/all/function/internal_message.html?_=1611703723669&CODE_STATE=getMsg HTTP/1.1" 200 27
218.81.223.240 - - [27/Jan/2021:07:28:45 +0800] "POST /xingrg/kc/buy/cgsh_list_operate.html HTTP/1.1" 200 5224
114.88.166.193 - - [27/Jan/2021:07:28:47 +0800] "GET /xingrg/all/function/internal_message.html?_=1611703724593&CODE_STATE=getMsg HTTP/1.1" 302 -
58.40.7.146 - - [27/Jan/2021:07:28:50 +0800] "GET /xingrg/all/function/internal_message.html?_=1611703728818&CODE_STATE=getMsg HTTP/1.1" 200 27
180.156.237.57 - - [27/Jan/2021:07:28:50 +0800] "GET /xingrg/all/function/internal_message.html?_=1611703706289&CODE_STATE=getMsg HTTP/1.1" 200 27
180.156.237.57 - - [27/Jan/2021:07:28:51 +0800] "GET /xingrg/all/function/internal_message.html?_=1611703731352&CODE_STATE=getMsg HTTP/1.1" 200 27
218.81.223.240 - - [27/Jan/2021:07:28:52 +0800] "POST /xingrg/kc/buy/cgsh_list_operate.html HTTP/1.1" 200 5317
120.253.135.82 - - [27/Jan/2021:07:28:53 +0800] "GET /xingrg/check_reg.html?_=1611703777831 HTTP/1.1" 200 22
218.81.223.240 - - [27/Jan/2021:07:28:58 +0800] "POST /xingrg/kc/buy/cgsh_list_operate.html HTTP/1.1" 200 3745
172.20.0.100 - - [27/Jan/2021:07:28:59 +0800] "GET /xingrg/check_reg.html?_=1611703736191 HTTP/1.1" 200 22
218.81.223.240 - - [27/Jan/2021:07:29:00 +0800] "GET /xingrg/all/function/internal_message.html?_=1611703736347&CODE_STATE=getMsg HTTP/1.1" 200 27
218.81.223.240 - - [27/Jan/2021:07:29:01 +0800] "POST /xingrg/kc/buy/cgsh_list_operate.html HTTP/1.1" 200 497
218.81.223.240 - - [27/Jan/2021:07:29:04 +0800] "GET /xingrg/kc/buy/cgsh_order_info.html?code=212021012612142 HTTP/1.1" 200 61962
218.81.223.240 - - [27/Jan/2021:07:29:05 +0800] "GET /xingrg/javascript/easyui/themes/icons/copy_new.png HTTP/1.1" 304 -
218.81.223.240 - - [27/Jan/2021:07:29:05 +0800] "GET /xingrg/all/common/auto_word.html?type=employee&rest_code=00146 HTTP/1.1" 200 147
218.81.223.240 - - [27/Jan/2021:07:29:05 +0800] "GET /xingrg/all/common/auto_word.html?type=employee&rest_code=00146 HTTP/1.1" 200 147
218.81.223.240 - - [27/Jan/2021:07:29:05 +0800] "GET /xingrg/javascript/easyui/themes/default/validatebox.css HTTP/1.1" 404 1104
218.81.223.240 - - [27/Jan/2021:07:29:05 +0800] "POST /xingrg/kc/buy/cgsh_order_operate.html HTTP/1.1" 200 5032
120.253.135.82 - - [27/Jan/2021:07:29:06 +0800] "GET /xingrg/all/function/internal_message.html?_=1611703791119&CODE_STATE=getMsg HTTP/1.1" 200 27
218.81.223.240 - - [27/Jan/2021:07:29:07 +0800] "GET /xingrg/javascript/jquery_easy_ui/themes/default/images/tabs_active.png HTTP/1.1" 304 -
218.81.223.240 - - [27/Jan/2021:07:29:07 +0800] "GET /xingrg/javascript/jquery_easy_ui/themes/default/images/tabs_active.png HTTP/1.1" 304 -
218.81.223.240 - - [27/Jan/2021:07:29:11 +0800] "POST /xingrg/kc/buy/cgsh_list_operate.html HTTP/1.1" 200 278
218.81.223.240 - - [27/Jan/2021:07:29:12 +0800] "GET /xingrg/kc/buy/cgsh_order_info.html?code=212021012612478 HTTP/1.1" 200 61962
218.81.223.240 - - [27/Jan/2021:07:29:12 +0800] "GET /xingrg/javascript/easyui/themes/default/validatebox.css HTTP/1.1" 404 1104
218.81.223.240 - - [27/Jan/2021:07:29:13 +0800] "POST /xingrg/kc/buy/cgsh_order_operate.html HTTP/1.1" 200 3260
117.131.5.26 - - [27/Jan/2021:07:29:18 +0800] "GET /xingrg/all/function/internal_message.html?_=1611704113632&CODE_STATE=getMsg HTTP/1.1" 200 27
117.131.5.26 - - [27/Jan/2021:07:29:20 +0800] "GET /xingrg/check_reg.html?_=1611704115092 HTTP/1.1" 200 22
218.81.223.240 - - [27/Jan/2021:07:29:30 +0800] "POST /xingrg/kc/buy/cgsh_order_operate.html HTTP/1.1" 200 37
218.81.223.240 - - [27/Jan/2021:07:29:32 +0800] "POST /xingrg/kc/buy/cgsh_order_operate.html HTTP/1.1" 200 3257
114.88.166.193 - - [27/Jan/2021:07:29:34 +0800] "GET /xingrg/all/function/internal_message.html?_=1611703767313&CODE_STATE=getMsg HTTP/1.1" 200 27
120.253.135.82 - - [27/Jan/2021:07:29:35 +0800] "GET /xingrg/all/function/internal_message.html?_=1611703536648&CODE_STATE=getMsg HTTP/1.1" 200 27
218.81.223.241 - - [27/Jan/2021:07:29:36 +0800] "GET /xingrg/all/function/internal_message.html?_=1611703786243&CODE_STATE=getMsg HTTP/1.1" 302 -
218.81.223.241 - - [27/Jan/2021:07:29:45 +0800] "GET /xingrg/all/function/internal_message.html?_=1611703783667&CODE_STATE=getMsg HTTP/1.1" 200 27
114.88.166.193 - - [27/Jan/2021:07:29:47 +0800] "GET /xingrg/all/function/internal_message.html?_=1611703784618&CODE_STATE=getMsg HTTP/1.1" 302 -
58.40.7.146 - - [27/Jan/2021:07:29:50 +0800] "GET /xingrg/all/function/internal_message.html?_=1611703788821&CODE_STATE=getMsg HTTP/1.1" 200 27
180.156.237.57 - - [27/Jan/2021:07:29:50 +0800] "GET /xingrg/all/function/internal_message.html?_=1611703766309&CODE_STATE=getMsg HTTP/1.1" 200 27
180.156.237.57 - - [27/Jan/2021:07:29:51 +0800] "GET /xingrg/all/function/internal_message.html?_=1611703791354&CODE_STATE=getMsg HTTP/1.1" 200 27
218.81.223.240 - - [27/Jan/2021:07:29:58 +0800] "POST /xingrg/kc/buy/cgsh_order_operate.html HTTP/1.1" 200 37
218.81.223.240 - - [27/Jan/2021:07:29:59 +0800] "POST /xingrg/kc/buy/cgsh_order_operate.html HTTP/1.1" 200 3257
218.81.223.240 - - [27/Jan/2021:07:30:00 +0800] "GET /xingrg/check_reg.html?_=1611703795703 HTTP/1.1" 200 22
218.81.223.240 - - [27/Jan/2021:07:30:00 +0800] "GET /xingrg/all/function/internal_message.html?_=1611703796359&CODE_STATE=getMsg HTTP/1.1" 200 27
218.81.223.240 - - [27/Jan/2021:07:30:05 +0800] "POST /xingrg/kc/buy/cgsh_list_operate.html HTTP/1.1" 200 3745
120.253.135.82 - - [27/Jan/2021:07:30:06 +0800] "GET /xingrg/all/function/internal_message.html?_=1611703851134&CODE_STATE=getMsg HTTP/1.1" 200 27
117.131.5.26 - - [27/Jan/2021:07:30:18 +0800] "GET /xingrg/all/function/internal_message.html?_=1611704173646&CODE_STATE=getMsg HTTP/1.1" 200 27
218.81.223.241 - - [27/Jan/2021:07:30:26 +0800] "GET /xingrg/check_reg.html?_=1611703836522 HTTP/1.1" 302 -
218.81.223.240 - - [27/Jan/2021:07:30:28 +0800] "POST /xingrg/kc/buy/cgsh_list_operate.html HTTP/1.1" 200 4
218.81.223.240 - - [27/Jan/2021:07:30:30 +0800] "POST /xingrg/kc/buy/cgsh_list_operate.html HTTP/1.1" 200 5165
114.88.166.193 - - [27/Jan/2021:07:30:34 +0800] "GET /xingrg/check_reg.html?_=1611703827313 HTTP/1.1" 200 22
114.88.166.193 - - [27/Jan/2021:07:30:34 +0800] "GET /xingrg/all/function/internal_message.html?_=1611703827313&CODE_STATE=getMsg HTTP/1.1" 200 27
120.253.135.82 - - [27/Jan/2021:07:30:34 +0800] "GET /xingrg/check_reg.html?_=1611703595674 HTTP/1.1" 200 22
120.253.135.82 - - [27/Jan/2021:07:30:35 +0800] "GET /xingrg/all/function/internal_message.html?_=1611703596653&CODE_STATE=getMsg HTTP/1.1" 200 27
218.81.223.241 - - [27/Jan/2021:07:30:36 +0800] "GET /xingrg/all/function/internal_message.html?_=1611703846272&CODE_STATE=getMsg HTTP/1.1" 302 -
180.156.237.57 - - [27/Jan/2021:07:30:42 +0800] "GET /xingrg/check_reg.html?_=1611703818082 HTTP/1.1" 200 22
218.81.223.241 - - [27/Jan/2021:07:30:45 +0800] "GET /xingrg/check_reg.html?_=1611703843684 HTTP/1.1" 200 22
218.81.223.241 - - [27/Jan/2021:07:30:45 +0800] "GET /xingrg/all/function/internal_message.html?_=1611703843682&CODE_STATE=getMsg HTTP/1.1" 200 27
114.88.166.193 - - [27/Jan/2021:07:30:48 +0800] "GET /xingrg/all/function/internal_message.html?_=1611703845284&CODE_STATE=getMsg HTTP/1.1" 302 -
58.40.7.146 - - [27/Jan/2021:07:30:50 +0800] "GET /xingrg/all/function/internal_message.html?_=1611703848824&CODE_STATE=getMsg HTTP/1.1" 200 27
180.156.237.57 - - [27/Jan/2021:07:30:50 +0800] "GET /xingrg/all/function/internal_message.html?_=1611703826316&CODE_STATE=getMsg HTTP/1.1" 200 27
180.156.237.57 - - [27/Jan/2021:07:30:51 +0800] "GET /xingrg/all/function/internal_message.html?_=1611703851355&CODE_STATE=getMsg HTTP/1.1" 200 27
114.88.166.193 - - [27/Jan/2021:07:30:51 +0800] "GET /xingrg/check_reg.html?_=1611703848896 HTTP/1.1" 302 -
218.81.223.240 - - [27/Jan/2021:07:31:00 +0800] "GET /xingrg/all/function/internal_message.html?_=1611703856445&CODE_STATE=getMsg HTTP/1.1" 200 27
218.81.223.240 - - [27/Jan/2021:07:31:05 +0800] "POST /xingrg/kc/buy/cgsh_list_operate.html HTTP/1.1" 200 4
120.253.135.82 - - [27/Jan/2021:07:31:06 +0800] "GET /xingrg/all/function/internal_message.html?_=1611703911151&CODE_STATE=getMsg HTTP/1.1" 200 27
218.81.223.240 - - [27/Jan/2021:07:31:09 +0800] "POST /xingrg/kc/buy/cgsh_list_operate.html HTTP/1.1" 200 4942
117.131.5.26 - - [27/Jan/2021:07:31:18 +0800] "GET /xingrg/all/function/internal_message.html?_=1611704233660&CODE_STATE=getMsg HTTP/1.1" 200 27
114.88.166.193 - - [27/Jan/2021:07:31:34 +0800] "GET /xingrg/all/function/internal_message.html?_=1611703887311&CODE_STATE=getMsg HTTP/1.1" 200 27
120.253.135.82 - - [27/Jan/2021:07:31:35 +0800] "GET /xingrg/all/function/internal_message.html?_=1611703656667&CODE_STATE=getMsg HTTP/1.1" 200 27
218.81.223.241 - - [27/Jan/2021:07:31:36 +0800] "GET /xingrg/all/function/internal_message.html?_=1611703906291&CODE_STATE=getMsg HTTP/1.1" 302 -
218.81.223.241 - - [27/Jan/2021:07:31:45 +0800] "GET /xingrg/all/function/internal_message.html?_=1611703903669&CODE_STATE=getMsg HTTP/1.1" 200 27
114.88.166.193 - - [27/Jan/2021:07:31:48 +0800] "GET /xingrg/all/function/internal_message.html?_=1611703905889&CODE_STATE=getMsg HTTP/1.1" 302 -
58.40.7.146 - - [27/Jan/2021:07:31:50 +0800] "GET /xingrg/all/function/internal_message.html?_=1611703908826&CODE_STATE=getMsg HTTP/1.1" 200 27
58.40.7.146 - - [27/Jan/2021:07:31:50 +0800] "GET /xingrg/check_reg.html?_=1611703908829 HTTP/1.1" 200 22
180.156.237.57 - - [27/Jan/2021:07:31:50 +0800] "GET /xingrg/all/function/internal_message.html?_=1611703886330&CODE_STATE=getMsg HTTP/1.1" 200 27
218.81.223.240 - - [27/Jan/2021:07:31:51 +0800] "POST /xingrg/kc/buy/cgsh_list_operate.html HTTP/1.1" 200 4
180.156.237.57 - - [27/Jan/2021:07:31:51 +0800] "GET /xingrg/all/function/internal_message.html?_=1611703911375&CODE_STATE=getMsg HTTP/1.1" 200 27
218.81.223.240 - - [27/Jan/2021:07:31:53 +0800] "POST /xingrg/kc/buy/cgsh_list_operate.html HTTP/1.1" 200 876
218.81.223.240 - - [27/Jan/2021:07:32:00 +0800] "GET /xingrg/all/function/internal_message.html?_=1611703916449&CODE_STATE=getMsg HTTP/1.1" 200 27
120.253.135.82 - - [27/Jan/2021:07:32:06 +0800] "GET /xingrg/all/function/internal_message.html?_=1611703971160&CODE_STATE=getMsg HTTP/1.1" 200 27
117.131.5.26 - - [27/Jan/2021:07:32:19 +0800] "GET /xingrg/all/function/internal_message.html?_=1611704293823&CODE_STATE=getMsg HTTP/1.1" 200 27
114.88.166.193 - - [27/Jan/2021:07:32:34 +0800] "GET /xingrg/all/function/internal_message.html?_=1611703947310&CODE_STATE=getMsg HTTP/1.1" 200 27
120.253.135.82 - - [27/Jan/2021:07:32:35 +0800] "GET /xingrg/all/function/internal_message.html?_=1611703716680&CODE_STATE=getMsg HTTP/1.1" 200 27
218.81.223.241 - - [27/Jan/2021:07:32:45 +0800] "GET /xingrg/all/function/internal_message.html?_=1611703963684&CODE_STATE=getMsg HTTP/1.1" 200 27
218.81.223.240 - - [27/Jan/2021:07:32:45 +0800] "POST /xingrg/services/DataTransmitService HTTP/1.1" 200 524
218.81.223.240 - - [27/Jan/2021:07:32:46 +0800] "POST /xingrg/services/DataTransmitService HTTP/1.1" 200 501
114.88.166.193 - - [27/Jan/2021:07:32:48 +0800] "GET /xingrg/all/function/internal_message.html?_=1611703965892&CODE_STATE=getMsg HTTP/1.1" 302 -
58.40.7.146 - - [27/Jan/2021:07:32:50 +0800] "GET /xingrg/all/function/internal_message.html?_=1611703968832&CODE_STATE=getMsg HTTP/1.1" 200 27
180.156.237.57 - - [27/Jan/2021:07:32:50 +0800] "GET /xingrg/all/function/internal_message.html?_=1611703946350&CODE_STATE=getMsg HTTP/1.1" 200 27
180.156.237.57 - - [27/Jan/2021:07:32:51 +0800] "GET /xingrg/check_reg.html?_=1611703971383 HTTP/1.1" 200 22
180.156.237.57 - - [27/Jan/2021:07:32:51 +0800] "GET /xingrg/all/function/internal_message.html?_=1611703971386&CODE_STATE=getMsg HTTP/1.1" 200 27
218.81.223.240 - - [27/Jan/2021:07:33:00 +0800] "GET /xingrg/all/function/internal_message.html?_=1611703976461&CODE_STATE=getMsg HTTP/1.1" 200 27
120.253.135.82 - - [27/Jan/2021:07:33:06 +0800] "GET /xingrg/all/function/internal_message.html?_=1611704031178&CODE_STATE=getMsg HTTP/1.1" 200 27
117.131.5.26 - - [27/Jan/2021:07:33:19 +0800] "GET /xingrg/all/function/internal_message.html?_=1611704353845&CODE_STATE=getMsg HTTP/1.1" 200 27
114.88.166.193 - - [27/Jan/2021:07:33:34 +0800] "GET /xingrg/all/function/internal_message.html?_=1611704007310&CODE_STATE=getMsg HTTP/1.1" 200 27
120.253.135.82 - - [27/Jan/2021:07:33:35 +0800] "GET /xingrg/all/function/internal_message.html?_=1611703776841&CODE_STATE=getMsg HTTP/1.1" 200 27
218.81.223.241 - - [27/Jan/2021:07:33:45 +0800] "GET /xingrg/all/function/internal_message.html?_=1611704023669&CODE_STATE=getMsg HTTP/1.1" 200 27
114.88.166.193 - - [27/Jan/2021:07:33:49 +0800] "GET /xingrg/all/function/internal_message.html?_=1611704026523&CODE_STATE=getMsg HTTP/1.1" 302 -
58.40.7.146 - - [27/Jan/2021:07:33:50 +0800] "GET /xingrg/all/function/internal_message.html?_=1611704028820&CODE_STATE=getMsg HTTP/1.1" 200 27
180.156.237.57 - - [27/Jan/2021:07:33:50 +0800] "GET /xingrg/all/function/internal_message.html?_=1611704006357&CODE_STATE=getMsg HTTP/1.1" 200 27
180.156.237.57 - - [27/Jan/2021:07:33:51 +0800] "GET /xingrg/all/function/internal_message.html?_=1611704031371&CODE_STATE=getMsg HTTP/1.1" 200 27
120.253.135.82 - - [27/Jan/2021:07:33:53 +0800] "GET /xingrg/check_reg.html?_=1611704077836 HTTP/1.1" 200 22
172.20.0.100 - - [27/Jan/2021:07:33:59 +0800] "GET /xingrg/check_reg.html?_=1611704036164 HTTP/1.1" 200 22
218.81.223.240 - - [27/Jan/2021:07:34:01 +0800] "GET /xingrg/all/function/internal_message.html?_=1611704036563&CODE_STATE=getMsg HTTP/1.1" 200 27
120.253.135.82 - - [27/Jan/2021:07:34:06 +0800] "GET /xingrg/all/function/internal_message.html?_=1611704091188&CODE_STATE=getMsg HTTP/1.1" 200 27
117.131.5.26 - - [27/Jan/2021:07:34:19 +0800] "GET /xingrg/all/function/internal_message.html?_=1611704414008&CODE_STATE=getMsg HTTP/1.1" 200 27
117.131.5.26 - - [27/Jan/2021:07:34:20 +0800] "GET /xingrg/check_reg.html?_=1611704415100 HTTP/1.1" 200 22
114.88.166.193 - - [27/Jan/2021:07:34:34 +0800] "GET /xingrg/all/function/internal_message.html?_=1611704067309&CODE_STATE=getMsg HTTP/1.1" 200 27
120.253.135.82 - - [27/Jan/2021:07:34:35 +0800] "GET /xingrg/all/function/internal_message.html?_=1611703836849&CODE_STATE=getMsg HTTP/1.1" 200 27
218.81.223.241 - - [27/Jan/2021:07:34:45 +0800] "GET /xingrg/all/function/internal_message.html?_=1611704083683&CODE_STATE=getMsg HTTP/1.1" 200 27
114.88.166.193 - - [27/Jan/2021:07:34:49 +0800] "GET /xingrg/all/function/internal_message.html?_=1611704086527&CODE_STATE=getMsg HTTP/1.1" 302 -
58.40.7.146 - - [27/Jan/2021:07:34:50 +0800] "GET /xingrg/all/function/internal_message.html?_=1611704088822&CODE_STATE=getMsg HTTP/1.1" 200 27
180.156.237.57 - - [27/Jan/2021:07:34:50 +0800] "GET /xingrg/all/function/internal_message.html?_=1611704066376&CODE_STATE=getMsg HTTP/1.1" 200 27
180.156.237.57 - - [27/Jan/2021:07:34:51 +0800] "GET /xingrg/all/function/internal_message.html?_=1611704091383&CODE_STATE=getMsg HTTP/1.1" 200 27
120.253.135.82 - - [27/Jan/2021:07:34:59 +0800] "POST /xingrg/kc/base/stock_operate.html HTTP/1.1" 200 1741
218.81.223.240 - - [27/Jan/2021:07:35:00 +0800] "GET /xingrg/check_reg.html?_=1611704095709 HTTP/1.1" 200 22
218.81.223.240 - - [27/Jan/2021:07:35:01 +0800] "GET /xingrg/all/function/internal_message.html?_=1611704096644&CODE_STATE=getMsg HTTP/1.1" 200 27
120.253.135.82 - - [27/Jan/2021:07:35:06 +0800] "GET /xingrg/all/function/internal_message.html?_=1611704151201&CODE_STATE=getMsg HTTP/1.1" 200 27
117.131.5.26 - - [27/Jan/2021:07:35:19 +0800] "GET /xingrg/all/function/internal_message.html?_=1611704474027&CODE_STATE=getMsg HTTP/1.1" 200 27
114.88.166.193 - - [27/Jan/2021:07:35:34 +0800] "GET /xingrg/all/function/internal_message.html?_=1611704127310&CODE_STATE=getMsg HTTP/1.1" 200 27
114.88.166.193 - - [27/Jan/2021:07:35:34 +0800] "GET /xingrg/check_reg.html?_=1611704127313 HTTP/1.1" 200 22
120.253.135.82 - - [27/Jan/2021:07:35:34 +0800] "GET /xingrg/check_reg.html?_=1611703895675 HTTP/1.1" 200 22
120.253.135.82 - - [27/Jan/2021:07:35:35 +0800] "GET /xingrg/all/function/internal_message.html?_=1611703896861&CODE_STATE=getMsg HTTP/1.1" 200 27
180.156.237.57 - - [27/Jan/2021:07:35:42 +0800] "GET /xingrg/check_reg.html?_=1611704118092 HTTP/1.1" 200 22
218.81.223.241 - - [27/Jan/2021:07:35:45 +0800] "GET /xingrg/all/function/internal_message.html?_=1611704143682&CODE_STATE=getMsg HTTP/1.1" 200 27
218.81.223.241 - - [27/Jan/2021:07:35:45 +0800] "GET /xingrg/check_reg.html?_=1611704143684 HTTP/1.1" 200 22
114.88.166.193 - - [27/Jan/2021:07:35:50 +0800] "GET /xingrg/all/function/internal_message.html?_=1611704147207&CODE_STATE=getMsg HTTP/1.1" 302 -
58.40.7.146 - - [27/Jan/2021:07:35:50 +0800] "GET /xingrg/all/function/internal_message.html?_=1611704148825&CODE_STATE=getMsg HTTP/1.1" 200 27
180.156.237.57 - - [27/Jan/2021:07:35:50 +0800] "GET /xingrg/all/function/internal_message.html?_=1611704126384&CODE_STATE=getMsg HTTP/1.1" 200 27
180.156.237.57 - - [27/Jan/2021:07:35:51 +0800] "GET /xingrg/all/function/internal_message.html?_=1611704151384&CODE_STATE=getMsg HTTP/1.1" 200 27
114.88.166.193 - - [27/Jan/2021:07:35:51 +0800] "GET /xingrg/check_reg.html?_=1611704148898 HTTP/1.1" 302 -
218.81.223.240 - - [27/Jan/2021:07:36:01 +0800] "GET /xingrg/all/function/internal_message.html?_=1611704156659&CODE_STATE=getMsg HTTP/1.1" 200 27
120.253.135.82 - - [27/Jan/2021:07:36:06 +0800] "GET /xingrg/all/function/internal_message.html?_=1611704211218&CODE_STATE=getMsg HTTP/1.1" 200 27
117.131.5.26 - - [27/Jan/2021:07:36:19 +0800] "GET /xingrg/all/function/internal_message.html?_=1611704534032&CODE_STATE=getMsg HTTP/1.1" 200 27
114.88.166.193 - - [27/Jan/2021:07:36:34 +0800] "GET /xingrg/all/function/internal_message.html?_=1611704187313&CODE_STATE=getMsg HTTP/1.1" 200 27
120.253.135.82 - - [27/Jan/2021:07:36:36 +0800] "GET /xingrg/all/function/internal_message.html?_=1611703956875&CODE_STATE=getMsg HTTP/1.1" 200 27
218.81.223.241 - - [27/Jan/2021:07:36:45 +0800] "GET /xingrg/all/function/internal_message.html?_=1611704203683&CODE_STATE=getMsg HTTP/1.1" 200 27
58.40.7.146 - - [27/Jan/2021:07:36:50 +0800] "GET /xingrg/all/function/internal_message.html?_=1611704208827&CODE_STATE=getMsg HTTP/1.1" 200 27
58.40.7.146 - - [27/Jan/2021:07:36:50 +0800] "GET /xingrg/check_reg.html?_=1611704208829 HTTP/1.1" 200 22
180.156.237.57 - - [27/Jan/2021:07:36:50 +0800] "GET /xingrg/all/function/internal_message.html?_=1611704186397&CODE_STATE=getMsg HTTP/1.1" 200 27
114.88.166.193 - - [27/Jan/2021:07:36:50 +0800] "GET /xingrg/all/function/internal_message.html?_=1611704207830&CODE_STATE=getMsg HTTP/1.1" 302 -
180.156.237.57 - - [27/Jan/2021:07:36:51 +0800] "GET /xingrg/all/function/internal_message.html?_=1611704211397&CODE_STATE=getMsg HTTP/1.1" 200 27
120.253.135.82 - - [27/Jan/2021:07:37:00 +0800] "POST /xingrg/kc/base/stock_operate.html HTTP/1.1" 200 1488
218.81.223.240 - - [27/Jan/2021:07:37:01 +0800] "GET /xingrg/all/function/internal_message.html?_=1611704216672&CODE_STATE=getMsg HTTP/1.1" 200 27
120.253.135.82 - - [27/Jan/2021:07:37:06 +0800] "GET /xingrg/all/function/internal_message.html?_=1611704271228&CODE_STATE=getMsg HTTP/1.1" 200 27
117.131.5.26 - - [27/Jan/2021:07:37:19 +0800] "GET /xingrg/all/function/internal_message.html?_=1611704594206&CODE_STATE=getMsg HTTP/1.1" 200 27
114.88.166.193 - - [27/Jan/2021:07:37:34 +0800] "GET /xingrg/all/function/internal_message.html?_=1611704247313&CODE_STATE=getMsg HTTP/1.1" 200 27
120.253.135.82 - - [27/Jan/2021:07:37:36 +0800] "GET /xingrg/all/function/internal_message.html?_=1611704016889&CODE_STATE=getMsg HTTP/1.1" 200 27
120.253.135.82 - - [27/Jan/2021:07:37:38 +0800] "POST /xingrg/kc/base/stock_operate.html HTTP/1.1" 200 1475
120.253.135.82 - - [27/Jan/2021:07:37:45 +0800] "POST /xingrg/kc/base/stock_operate.html HTTP/1.1" 200 1467
218.81.223.241 - - [27/Jan/2021:07:37:45 +0800] "GET /xingrg/all/function/internal_message.html?_=1611704263684&CODE_STATE=getMsg HTTP/1.1" 200 27
58.40.7.146 - - [27/Jan/2021:07:37:50 +0800] "GET /xingrg/all/function/internal_message.html?_=1611704268833&CODE_STATE=getMsg HTTP/1.1" 200 27
114.88.166.193 - - [27/Jan/2021:07:37:50 +0800] "GET /xingrg/all/function/internal_message.html?_=1611704267831&CODE_STATE=getMsg HTTP/1.1" 302 -
180.156.237.57 - - [27/Jan/2021:07:37:50 +0800] "GET /xingrg/all/function/internal_message.html?_=1611704246416&CODE_STATE=getMsg HTTP/1.1" 200 27
180.156.237.57 - - [27/Jan/2021:07:37:51 +0800] "GET /xingrg/all/function/internal_message.html?_=1611704271399&CODE_STATE=getMsg HTTP/1.1" 200 27
180.156.237.57 - - [27/Jan/2021:07:37:51 +0800] "GET /xingrg/check_reg.html?_=1611704271401 HTTP/1.1" 200 22
120.253.135.82 - - [27/Jan/2021:07:37:58 +0800] "POST /xingrg/kc/base/stock_operate.html HTTP/1.1" 200 1482
218.81.223.240 - - [27/Jan/2021:07:38:01 +0800] "GET /xingrg/all/function/internal_message.html?_=1611704276764&CODE_STATE=getMsg HTTP/1.1" 200 27
120.253.135.82 - - [27/Jan/2021:07:38:06 +0800] "GET /xingrg/all/function/internal_message.html?_=1611704331247&CODE_STATE=getMsg HTTP/1.1" 200 27
120.253.135.82 - - [27/Jan/2021:07:38:16 +0800] "POST /xingrg/kc/base/stock_operate.html HTTP/1.1" 200 1486
117.131.5.26 - - [27/Jan/2021:07:38:19 +0800] "GET /xingrg/all/function/internal_message.html?_=1611704654215&CODE_STATE=getMsg HTTP/1.1" 200 27
120.253.135.82 - - [27/Jan/2021:07:38:25 +0800] "POST /xingrg/kc/base/stock_operate.html HTTP/1.1" 200 1474
114.88.166.193 - - [27/Jan/2021:07:38:34 +0800] "GET /xingrg/all/function/internal_message.html?_=1611704307313&CODE_STATE=getMsg HTTP/1.1" 200 27
120.253.135.82 - - [27/Jan/2021:07:38:36 +0800] "GET /xingrg/all/function/internal_message.html?_=1611704076903&CODE_STATE=getMsg HTTP/1.1" 200 27
120.253.135.82 - - [27/Jan/2021:07:38:37 +0800] "POST /xingrg/kc/base/stock_operate.html HTTP/1.1" 200 1467
218.81.223.241 - - [27/Jan/2021:07:38:45 +0800] "GET /xingrg/all/function/internal_message.html?_=1611704323700&CODE_STATE=getMsg HTTP/1.1" 200 27
120.253.135.82 - - [27/Jan/2021:07:38:46 +0800] "POST /xingrg/kc/base/stock_operate.html HTTP/1.1" 200 1468
58.40.7.146 - - [27/Jan/2021:07:38:50 +0800] "GET /xingrg/all/function/internal_message.html?_=1611704328835&CODE_STATE=getMsg HTTP/1.1" 200 27
180.156.237.57 - - [27/Jan/2021:07:38:50 +0800] "GET /xingrg/all/function/internal_message.html?_=1611704306425&CODE_STATE=getMsg HTTP/1.1" 200 27
114.88.166.193 - - [27/Jan/2021:07:38:51 +0800] "GET /xingrg/all/function/internal_message.html?_=1611704328452&CODE_STATE=getMsg HTTP/1.1" 302 -
180.156.237.57 - - [27/Jan/2021:07:38:51 +0800] "GET /xingrg/all/function/internal_message.html?_=1611704331401&CODE_STATE=getMsg HTTP/1.1" 200 27
120.253.135.82 - - [27/Jan/2021:07:38:53 +0800] "GET /xingrg/check_reg.html?_=1611704377844 HTTP/1.1" 200 22
120.253.135.82 - - [27/Jan/2021:07:38:53 +0800] "POST /xingrg/kc/base/stock_operate.html HTTP/1.1" 200 1486
172.20.0.100 - - [27/Jan/2021:07:38:59 +0800] "GET /xingrg/check_reg.html?_=1611704336138 HTTP/1.1" 200 22
218.81.223.240 - - [27/Jan/2021:07:39:01 +0800] "GET /xingrg/all/function/internal_message.html?_=1611704336777&CODE_STATE=getMsg HTTP/1.1" 200 27
120.253.135.82 - - [27/Jan/2021:07:39:06 +0800] "GET /xingrg/all/function/internal_message.html?_=1611704391256&CODE_STATE=getMsg HTTP/1.1" 200 27
117.131.5.26 - - [27/Jan/2021:07:39:19 +0800] "GET /xingrg/all/function/internal_message.html?_=1611704714396&CODE_STATE=getMsg HTTP/1.1" 200 27
117.131.5.26 - - [27/Jan/2021:07:39:20 +0800] "GET /xingrg/check_reg.html?_=1611704715102 HTTP/1.1" 200 22
114.88.166.193 - - [27/Jan/2021:07:39:34 +0800] "GET /xingrg/all/function/internal_message.html?_=1611704367314&CODE_STATE=getMsg HTTP/1.1" 200 27
120.253.135.82 - - [27/Jan/2021:07:39:36 +0800] "GET /xingrg/all/function/internal_message.html?_=1611704136916&CODE_STATE=getMsg HTTP/1.1" 200 27
218.81.223.241 - - [27/Jan/2021:07:39:45 +0800] "GET /xingrg/all/function/internal_message.html?_=1611704383699&CODE_STATE=getMsg HTTP/1.1" 200 27
58.40.7.146 - - [27/Jan/2021:07:39:50 +0800] "GET /xingrg/all/function/internal_message.html?_=1611704388821&CODE_STATE=getMsg HTTP/1.1" 200 27
180.156.237.57 - - [27/Jan/2021:07:39:50 +0800] "GET /xingrg/all/function/internal_message.html?_=1611704366446&CODE_STATE=getMsg HTTP/1.1" 200 27
114.88.166.193 - - [27/Jan/2021:07:39:51 +0800] "GET /xingrg/all/function/internal_message.html?_=1611704388452&CODE_STATE=getMsg HTTP/1.1" 302 -
180.156.237.57 - - [27/Jan/2021:07:39:51 +0800] "GET /xingrg/all/function/internal_message.html?_=1611704391417&CODE_STATE=getMsg HTTP/1.1" 200 27
218.81.223.240 - - [27/Jan/2021:07:40:00 +0800] "GET /xingrg/check_reg.html?_=1611704395802 HTTP/1.1" 200 22
218.81.223.240 - - [27/Jan/2021:07:40:01 +0800] "GET /xingrg/all/function/internal_message.html?_=1611704396792&CODE_STATE=getMsg HTTP/1.1" 200 27
120.253.135.82 - - [27/Jan/2021:07:40:07 +0800] "GET /xingrg/all/function/internal_message.html?_=1611704451269&CODE_STATE=getMsg HTTP/1.1" 200 27
117.131.5.26 - - [27/Jan/2021:07:40:19 +0800] "GET /xingrg/all/function/internal_message.html?_=1611704774408&CODE_STATE=getMsg HTTP/1.1" 200 27
114.88.166.193 - - [27/Jan/2021:07:40:34 +0800] "GET /xingrg/check_reg.html?_=1611704427299 HTTP/1.1" 200 22
114.88.166.193 - - [27/Jan/2021:07:40:34 +0800] "GET /xingrg/all/function/internal_message.html?_=1611704427302&CODE_STATE=getMsg HTTP/1.1" 200 27
120.253.135.82 - - [27/Jan/2021:07:40:34 +0800] "GET /xingrg/check_reg.html?_=1611704195682 HTTP/1.1" 200 22
120.253.135.82 - - [27/Jan/2021:07:40:36 +0800] "GET /xingrg/all/function/internal_message.html?_=1611704196929&CODE_STATE=getMsg HTTP/1.1" 200 27
180.156.237.57 - - [27/Jan/2021:07:40:42 +0800] "GET /xingrg/check_reg.html?_=1611704418090 HTTP/1.1" 200 22
218.81.223.241 - - [27/Jan/2021:07:40:45 +0800] "GET /xingrg/check_reg.html?_=1611704443698 HTTP/1.1" 200 22
218.81.223.241 - - [27/Jan/2021:07:40:45 +0800] "GET /xingrg/all/function/internal_message.html?_=1611704443700&CODE_STATE=getMsg HTTP/1.1" 200 27
58.40.7.146 - - [27/Jan/2021:07:40:50 +0800] "GET /xingrg/all/function/internal_message.html?_=1611704448824&CODE_STATE=getMsg HTTP/1.1" 200 27
180.156.237.57 - - [27/Jan/2021:07:40:50 +0800] "GET /xingrg/all/function/internal_message.html?_=1611704426452&CODE_STATE=getMsg HTTP/1.1" 200 27
180.156.237.57 - - [27/Jan/2021:07:40:51 +0800] "GET /xingrg/all/function/internal_message.html?_=1611704451423&CODE_STATE=getMsg HTTP/1.1" 200 27
114.88.166.193 - - [27/Jan/2021:07:40:52 +0800] "GET /xingrg/all/function/internal_message.html?_=1611704449123&CODE_STATE=getMsg HTTP/1.1" 302 -
114.88.166.193 - - [27/Jan/2021:07:40:52 +0800] "GET /xingrg/check_reg.html?_=1611704449125 HTTP/1.1" 302 -
218.81.223.240 - - [27/Jan/2021:07:41:01 +0800] "GET /xingrg/all/function/internal_message.html?_=1611704456806&CODE_STATE=getMsg HTTP/1.1" 200 27
120.253.135.82 - - [27/Jan/2021:07:41:07 +0800] "GET /xingrg/all/function/internal_message.html?_=1611704511287&CODE_STATE=getMsg HTTP/1.1" 200 27
117.131.5.26 - - [27/Jan/2021:07:41:19 +0800] "GET /xingrg/all/function/internal_message.html?_=1611704834419&CODE_STATE=getMsg HTTP/1.1" 200 27
114.88.166.193 - - [27/Jan/2021:07:41:34 +0800] "GET /xingrg/all/function/internal_message.html?_=1611704487302&CODE_STATE=getMsg HTTP/1.1" 200 27
120.253.135.82 - - [27/Jan/2021:07:41:36 +0800] "GET /xingrg/all/function/internal_message.html?_=1611704256943&CODE_STATE=getMsg HTTP/1.1" 200 27
218.81.223.241 - - [27/Jan/2021:07:41:45 +0800] "GET /xingrg/all/function/internal_message.html?_=1611704503703&CODE_STATE=getMsg HTTP/1.1" 200 27
58.40.7.146 - - [27/Jan/2021:07:41:50 +0800] "GET /xingrg/all/function/internal_message.html?_=1611704508826&CODE_STATE=getMsg HTTP/1.1" 200 27
58.40.7.146 - - [27/Jan/2021:07:41:50 +0800] "GET /xingrg/check_reg.html?_=1611704508827 HTTP/1.1" 200 22
180.156.237.57 - - [27/Jan/2021:07:41:50 +0800] "GET /xingrg/all/function/internal_message.html?_=1611704486465&CODE_STATE=getMsg HTTP/1.1" 200 27
180.156.237.57 - - [27/Jan/2021:07:41:51 +0800] "GET /xingrg/all/function/internal_message.html?_=1611704511423&CODE_STATE=getMsg HTTP/1.1" 200 27
114.88.166.193 - - [27/Jan/2021:07:41:52 +0800] "GET /xingrg/all/function/internal_message.html?_=1611704509744&CODE_STATE=getMsg HTTP/1.1" 302 -
218.81.223.240 - - [27/Jan/2021:07:42:01 +0800] "GET /xingrg/all/function/internal_message.html?_=1611704516823&CODE_STATE=getMsg HTTP/1.1" 200 27
120.253.135.82 - - [27/Jan/2021:07:42:07 +0800] "GET /xingrg/all/function/internal_message.html?_=1611704571296&CODE_STATE=getMsg HTTP/1.1" 200 27
117.131.5.26 - - [27/Jan/2021:07:42:19 +0800] "GET /xingrg/all/function/internal_message.html?_=1611704894586&CODE_STATE=getMsg HTTP/1.1" 200 27
114.88.166.193 - - [27/Jan/2021:07:42:34 +0800] "GET /xingrg/all/function/internal_message.html?_=1611704547305&CODE_STATE=getMsg HTTP/1.1" 200 27
120.253.135.82 - - [27/Jan/2021:07:42:36 +0800] "GET /xingrg/all/function/internal_message.html?_=1611704316956&CODE_STATE=getMsg HTTP/1.1" 200 27
218.81.223.241 - - [27/Jan/2021:07:42:45 +0800] "GET /xingrg/all/function/internal_message.html?_=1611704563703&CODE_STATE=getMsg HTTP/1.1" 200 27
58.40.7.146 - - [27/Jan/2021:07:42:50 +0800] "GET /xingrg/all/function/internal_message.html?_=1611704568829&CODE_STATE=getMsg HTTP/1.1" 200 27
180.156.237.57 - - [27/Jan/2021:07:42:50 +0800] "GET /xingrg/all/function/internal_message.html?_=1611704546485&CODE_STATE=getMsg HTTP/1.1" 200 27
180.156.237.57 - - [27/Jan/2021:07:42:51 +0800] "GET /xingrg/all/function/internal_message.html?_=1611704571434&CODE_STATE=getMsg HTTP/1.1" 200 27
180.156.237.57 - - [27/Jan/2021:07:42:51 +0800] "GET /xingrg/check_reg.html?_=1611704571437 HTTP/1.1" 200 22
114.88.166.193 - - [27/Jan/2021:07:42:52 +0800] "GET /xingrg/all/function/internal_message.html?_=1611704569757&CODE_STATE=getMsg HTTP/1.1" 302 -
218.81.223.240 - - [27/Jan/2021:07:43:01 +0800] "GET /xingrg/all/function/internal_message.html?_=1611704576933&CODE_STATE=getMsg HTTP/1.1" 200 27
120.253.135.82 - - [27/Jan/2021:07:43:07 +0800] "GET /xingrg/all/function/internal_message.html?_=1611704631315&CODE_STATE=getMsg HTTP/1.1" 200 27
117.131.5.26 - - [27/Jan/2021:07:43:19 +0800] "GET /xingrg/all/function/internal_message.html?_=1611704954602&CODE_STATE=getMsg HTTP/1.1" 200 27
114.88.166.193 - - [27/Jan/2021:07:43:34 +0800] "GET /xingrg/all/function/internal_message.html?_=1611704607305&CODE_STATE=getMsg HTTP/1.1" 200 27
120.253.135.82 - - [27/Jan/2021:07:43:36 +0800] "GET /xingrg/all/function/internal_message.html?_=1611704377156&CODE_STATE=getMsg HTTP/1.1" 200 27
218.81.223.241 - - [27/Jan/2021:07:43:45 +0800] "GET /xingrg/all/function/internal_message.html?_=1611704623701&CODE_STATE=getMsg HTTP/1.1" 200 27
58.40.7.146 - - [27/Jan/2021:07:43:50 +0800] "GET /xingrg/all/function/internal_message.html?_=1611704628835&CODE_STATE=getMsg HTTP/1.1" 200 27
180.156.237.57 - - [27/Jan/2021:07:43:50 +0800] "GET /xingrg/all/function/internal_message.html?_=1611704606492&CODE_STATE=getMsg HTTP/1.1" 200 27
180.156.237.57 - - [27/Jan/2021:07:43:51 +0800] "GET /xingrg/all/function/internal_message.html?_=1611704631437&CODE_STATE=getMsg HTTP/1.1" 200 27
114.88.166.193 - - [27/Jan/2021:07:43:53 +0800] "GET /xingrg/all/function/internal_message.html?_=1611704630413&CODE_STATE=getMsg HTTP/1.1" 302 -
120.253.135.82 - - [27/Jan/2021:07:43:53 +0800] "GET /xingrg/check_reg.html?_=1611704677845 HTTP/1.1" 200 22
172.20.0.100 - - [27/Jan/2021:07:43:59 +0800] "GET /xingrg/check_reg.html?_=1611704636120 HTTP/1.1" 200 22
218.81.223.240 - - [27/Jan/2021:07:44:01 +0800] "GET /xingrg/all/function/internal_message.html?_=1611704636938&CODE_STATE=getMsg HTTP/1.1" 200 27
120.253.135.82 - - [27/Jan/2021:07:44:07 +0800] "GET /xingrg/all/function/internal_message.html?_=1611704691323&CODE_STATE=getMsg HTTP/1.1" 200 27
117.131.5.26 - - [27/Jan/2021:07:44:20 +0800] "GET /xingrg/all/function/internal_message.html?_=1611705014774&CODE_STATE=getMsg HTTP/1.1" 200 27
117.131.5.26 - - [27/Jan/2021:07:44:20 +0800] "GET /xingrg/check_reg.html?_=1611705015117 HTTP/1.1" 200 22
114.88.166.193 - - [27/Jan/2021:07:44:34 +0800] "GET /xingrg/all/function/internal_message.html?_=1611704667312&CODE_STATE=getMsg HTTP/1.1" 200 27
120.253.135.82 - - [27/Jan/2021:07:44:36 +0800] "GET /xingrg/all/function/internal_message.html?_=1611704437170&CODE_STATE=getMsg HTTP/1.1" 200 27
218.81.223.241 - - [27/Jan/2021:07:44:45 +0800] "GET /xingrg/all/function/internal_message.html?_=1611704683700&CODE_STATE=getMsg HTTP/1.1" 200 27
58.40.7.146 - - [27/Jan/2021:07:44:50 +0800] "GET /xingrg/all/function/internal_message.html?_=1611704688837&CODE_STATE=getMsg HTTP/1.1" 200 27
180.156.237.57 - - [27/Jan/2021:07:44:51 +0800] "GET /xingrg/all/function/internal_message.html?_=1611704666517&CODE_STATE=getMsg HTTP/1.1" 200 27
180.156.237.57 - - [27/Jan/2021:07:44:51 +0800] "GET /xingrg/all/function/internal_message.html?_=1611704691449&CODE_STATE=getMsg HTTP/1.1" 200 27
114.88.166.193 - - [27/Jan/2021:07:44:53 +0800] "GET /xingrg/all/function/internal_message.html?_=1611704690424&CODE_STATE=getMsg HTTP/1.1" 302 -
218.81.223.240 - - [27/Jan/2021:07:45:00 +0800] "GET /xingrg/check_reg.html?_=1611704695879 HTTP/1.1" 200 22
218.81.223.240 - - [27/Jan/2021:07:45:01 +0800] "GET /xingrg/all/function/internal_message.html?_=1611704696953&CODE_STATE=getMsg HTTP/1.1" 200 27
120.253.135.82 - - [27/Jan/2021:07:45:07 +0800] "GET /xingrg/all/function/internal_message.html?_=1611704751338&CODE_STATE=getMsg HTTP/1.1" 200 27
117.131.5.26 - - [27/Jan/2021:07:45:20 +0800] "GET /xingrg/all/function/internal_message.html?_=1611705074778&CODE_STATE=getMsg HTTP/1.1" 200 27
114.88.166.193 - - [27/Jan/2021:07:45:34 +0800] "GET /xingrg/check_reg.html?_=1611704727312 HTTP/1.1" 200 22
114.88.166.193 - - [27/Jan/2021:07:45:34 +0800] "GET /xingrg/all/function/internal_message.html?_=1611704727316&CODE_STATE=getMsg HTTP/1.1" 200 27
120.253.135.82 - - [27/Jan/2021:07:45:34 +0800] "GET /xingrg/check_reg.html?_=1611704495835 HTTP/1.1" 200 22
120.253.135.82 - - [27/Jan/2021:07:45:36 +0800] "GET /xingrg/all/function/internal_message.html?_=1611704497185&CODE_STATE=getMsg HTTP/1.1" 200 27
180.156.237.57 - - [27/Jan/2021:07:45:42 +0800] "GET /xingrg/check_reg.html?_=1611704718096 HTTP/1.1" 200 22
218.81.223.241 - - [27/Jan/2021:07:45:45 +0800] "GET /xingrg/all/function/internal_message.html?_=1611704743699&CODE_STATE=getMsg HTTP/1.1" 200 27
218.81.223.241 - - [27/Jan/2021:07:45:45 +0800] "GET /xingrg/check_reg.html?_=1611704743701 HTTP/1.1" 200 22
120.253.135.82 - - [27/Jan/2021:07:45:47 +0800] "POST /xingrg/kc/base/stock_operate.html HTTP/1.1" 200 1492
58.40.7.146 - - [27/Jan/2021:07:45:50 +0800] "GET /xingrg/all/function/internal_message.html?_=1611704748839&CODE_STATE=getMsg HTTP/1.1" 200 27
180.156.237.57 - - [27/Jan/2021:07:45:51 +0800] "GET /xingrg/all/function/internal_message.html?_=1611704726520&CODE_STATE=getMsg HTTP/1.1" 200 27
180.156.237.57 - - [27/Jan/2021:07:45:51 +0800] "GET /xingrg/all/function/internal_message.html?_=1611704751449&CODE_STATE=getMsg HTTP/1.1" 200 27
114.88.166.193 - - [27/Jan/2021:07:45:52 +0800] "GET /xingrg/check_reg.html?_=1611704749133 HTTP/1.1" 302 -
114.88.166.193 - - [27/Jan/2021:07:45:53 +0800] "GET /xingrg/all/function/internal_message.html?_=1611704750436&CODE_STATE=getMsg HTTP/1.1" 302 -
120.253.135.82 - - [27/Jan/2021:07:46:00 +0800] "POST /xingrg/kc/base/stock_operate.html HTTP/1.1" 200 3597
218.81.223.240 - - [27/Jan/2021:07:46:01 +0800] "GET /xingrg/all/function/internal_message.html?_=1611704756966&CODE_STATE=getMsg HTTP/1.1" 200 27
120.253.135.82 - - [27/Jan/2021:07:46:07 +0800] "GET /xingrg/all/function/internal_message.html?_=1611704811355&CODE_STATE=getMsg HTTP/1.1" 200 27
117.131.5.26 - - [27/Jan/2021:07:46:20 +0800] "GET /xingrg/all/function/internal_message.html?_=1611705134792&CODE_STATE=getMsg HTTP/1.1" 200 27
114.88.166.193 - - [27/Jan/2021:07:46:34 +0800] "GET /xingrg/all/function/internal_message.html?_=1611704787327&CODE_STATE=getMsg HTTP/1.1" 200 27
120.253.135.82 - - [27/Jan/2021:07:46:36 +0800] "GET /xingrg/all/function/internal_message.html?_=1611704557198&CODE_STATE=getMsg HTTP/1.1" 200 27
218.81.223.241 - - [27/Jan/2021:07:46:45 +0800] "GET /xingrg/all/function/internal_message.html?_=1611704803700&CODE_STATE=getMsg HTTP/1.1" 200 27
58.40.7.146 - - [27/Jan/2021:07:46:50 +0800] "GET /xingrg/check_reg.html?_=1611704808825 HTTP/1.1" 200 22
58.40.7.146 - - [27/Jan/2021:07:46:50 +0800] "GET /xingrg/all/function/internal_message.html?_=1611704808827&CODE_STATE=getMsg HTTP/1.1" 200 27
180.156.237.57 - - [27/Jan/2021:07:46:51 +0800] "GET /xingrg/all/function/internal_message.html?_=1611704786534&CODE_STATE=getMsg HTTP/1.1" 200 27
180.156.237.57 - - [27/Jan/2021:07:46:52 +0800] "GET /xingrg/all/function/internal_message.html?_=1611704811453&CODE_STATE=getMsg HTTP/1.1" 200 27
114.88.166.193 - - [27/Jan/2021:07:46:54 +0800] "GET /xingrg/all/function/internal_message.html?_=1611704811067&CODE_STATE=getMsg HTTP/1.1" 302 -
120.253.135.82 - - [27/Jan/2021:07:46:55 +0800] "POST /xingrg/kc/base/stock_operate.html HTTP/1.1" 200 1486
218.81.223.240 - - [27/Jan/2021:07:47:01 +0800] "GET /xingrg/all/function/internal_message.html?_=1611704816980&CODE_STATE=getMsg HTTP/1.1" 200 27
120.253.135.82 - - [27/Jan/2021:07:47:07 +0800] "GET /xingrg/all/function/internal_message.html?_=1611704871365&CODE_STATE=getMsg HTTP/1.1" 200 27
117.131.5.26 - - [27/Jan/2021:07:47:20 +0800] "GET /xingrg/all/function/internal_message.html?_=1611705194968&CODE_STATE=getMsg HTTP/1.1" 200 27
114.88.166.193 - - [27/Jan/2021:07:47:34 +0800] "GET /xingrg/all/function/internal_message.html?_=1611704847326&CODE_STATE=getMsg HTTP/1.1" 200 27
120.253.135.82 - - [27/Jan/2021:07:47:36 +0800] "GET /xingrg/all/function/internal_message.html?_=1611704617211&CODE_STATE=getMsg HTTP/1.1" 200 27
218.81.223.241 - - [27/Jan/2021:07:47:45 +0800] "GET /xingrg/all/function/internal_message.html?_=1611704863706&CODE_STATE=getMsg HTTP/1.1" 200 27
58.40.7.146 - - [27/Jan/2021:07:47:50 +0800] "GET /xingrg/all/function/internal_message.html?_=1611704868830&CODE_STATE=getMsg HTTP/1.1" 200 27
180.156.237.57 - - [27/Jan/2021:07:47:51 +0800] "GET /xingrg/all/function/internal_message.html?_=1611704846554&CODE_STATE=getMsg HTTP/1.1" 200 27
180.156.237.57 - - [27/Jan/2021:07:47:51 +0800] "GET /xingrg/check_reg.html?_=1611704871438 HTTP/1.1" 200 22
180.156.237.57 - - [27/Jan/2021:07:47:52 +0800] "GET /xingrg/all/function/internal_message.html?_=1611704871441&CODE_STATE=getMsg HTTP/1.1" 200 27
114.88.166.193 - - [27/Jan/2021:07:47:54 +0800] "GET /xingrg/all/function/internal_message.html?_=1611704871073&CODE_STATE=getMsg HTTP/1.1" 302 -
218.81.223.240 - - [27/Jan/2021:07:48:01 +0800] "GET /xingrg/all/function/internal_message.html?_=1611704877084&CODE_STATE=getMsg HTTP/1.1" 200 27
120.253.135.82 - - [27/Jan/2021:07:48:07 +0800] "GET /xingrg/all/function/internal_message.html?_=1611704931384&CODE_STATE=getMsg HTTP/1.1" 200 27
180.156.237.57 - - [27/Jan/2021:07:48:09 +0800] "POST /xingrg/services/DataTransmitService HTTP/1.1" 200 524
180.156.237.57 - - [27/Jan/2021:07:48:09 +0800] "POST /xingrg/services/DataTransmitService HTTP/1.1" 200 501
117.131.5.26 - - [27/Jan/2021:07:48:20 +0800] "GET /xingrg/all/function/internal_message.html?_=1611705254981&CODE_STATE=getMsg HTTP/1.1" 200 27
114.88.166.193 - - [27/Jan/2021:07:48:34 +0800] "GET /xingrg/all/function/internal_message.html?_=1611704907329&CODE_STATE=getMsg HTTP/1.1" 200 27
120.253.135.82 - - [27/Jan/2021:07:48:36 +0800] "GET /xingrg/all/function/internal_message.html?_=1611704677226&CODE_STATE=getMsg HTTP/1.1" 200 27
120.253.135.82 - - [27/Jan/2021:07:48:41 +0800] "GET /xingrg/javascript/easyui/themes/sunny/images/ui-bg_gloss-wave_60_fece2f_500x100.png HTTP/1.1" 200 3512
218.81.223.241 - - [27/Jan/2021:07:48:45 +0800] "GET /xingrg/all/function/internal_message.html?_=1611704923706&CODE_STATE=getMsg HTTP/1.1" 200 27
120.253.135.82 - - [27/Jan/2021:07:48:50 +0800] "POST /xingrg/kc/base/stock_operate.html HTTP/1.1" 200 1486
58.40.7.146 - - [27/Jan/2021:07:48:50 +0800] "GET /xingrg/all/function/internal_message.html?_=1611704928832&CODE_STATE=getMsg HTTP/1.1" 200 27
180.156.237.57 - - [27/Jan/2021:07:48:51 +0800] "GET /xingrg/all/function/internal_message.html?_=1611704906561&CODE_STATE=getMsg HTTP/1.1" 200 27
180.156.237.57 - - [27/Jan/2021:07:48:52 +0800] "GET /xingrg/all/function/internal_message.html?_=1611704931463&CODE_STATE=getMsg HTTP/1.1" 200 27
120.253.135.82 - - [27/Jan/2021:07:48:53 +0800] "GET /xingrg/check_reg.html?_=1611704977851 HTTP/1.1" 200 22
114.88.166.193 - - [27/Jan/2021:07:48:54 +0800] "GET /xingrg/all/function/internal_message.html?_=1611704931710&CODE_STATE=getMsg HTTP/1.1" 302 -
172.20.0.100 - - [27/Jan/2021:07:48:59 +0800] "GET /xingrg/check_reg.html?_=1611704936099 HTTP/1.1" 200 22
120.253.135.82 - - [27/Jan/2021:07:49:00 +0800] "POST /xingrg/kc/base/stock_operate.html HTTP/1.1" 200 1470
218.81.223.240 - - [27/Jan/2021:07:49:01 +0800] "GET /xingrg/all/function/internal_message.html?_=1611704937084&CODE_STATE=getMsg HTTP/1.1" 200 27
