218.81.223.240 - - [27/Jan/2021:10:07:07 +0800] "GET /xingrg/all/function/internal_message.html?_=1611713223564&CODE_STATE=getMsg HTTP/1.1" 200 27
61.165.42.208 - - [27/Jan/2021:10:07:08 +0800] "GET /xingrg/check_reg.html?_=1611713228279 HTTP/1.1" 200 22
61.165.42.208 - - [27/Jan/2021:10:07:08 +0800] "GET /xingrg/all/function/internal_message.html?_=1611713228328&CODE_STATE=getMsg HTTP/1.1" 200 27
120.253.135.82 - - [27/Jan/2021:10:07:09 +0800] "GET /xingrg/all/function/internal_message.html?_=1611713273469&CODE_STATE=getMsg HTTP/1.1" 200 27
61.165.42.208 - - [27/Jan/2021:10:07:11 +0800] "GET /xingrg/kc/buy/cgsh_order_operate.html?command=get_materiel&rest_code=00105&code=00101006159&supplier_code=00100347&order_time=2021-01-27 HTTP/1.1" 200 417
117.185.32.26 - - [27/Jan/2021:10:07:14 +0800] "GET /xingrg/check_reg.html?_=1611713709282 HTTP/1.1" 200 22
117.185.32.26 - - [27/Jan/2021:10:07:14 +0800] "GET /xingrg/all/function/internal_message.html?_=1611713709284&CODE_STATE=getMsg HTTP/1.1" 200 27
61.129.6.225 - - [27/Jan/2021:10:07:22 +0800] "GET /xingrg/all/function/internal_message.html?_=1611712613764&CODE_STATE=getMsg HTTP/1.1" 302 -
222.69.137.221 - - [27/Jan/2021:10:07:23 +0800] "GET /xingrg/all/function/internal_message.html?_=1611713239929&CODE_STATE=getMsg HTTP/1.1" 200 27
61.165.42.208 - - [27/Jan/2021:10:07:24 +0800] "GET /xingrg/kc/buy/cgsh_order_operate.html?command=get_materiel&rest_code=00105&code=00101005057&supplier_code=00100347&order_time=2021-01-27 HTTP/1.1" 200 396
61.129.6.225 - - [27/Jan/2021:10:07:26 +0800] "GET /xingrg/login.html HTTP/1.1" 200 7641
116.233.75.159 - - [27/Jan/2021:10:07:29 +0800] "GET /xingrg/all/function/internal_message.html?_=1611713249013&CODE_STATE=getMsg HTTP/1.1" 200 27
180.156.237.57 - - [27/Jan/2021:10:07:29 +0800] "GET /xingrg/all/function/internal_message.html?_=1611713249351&CODE_STATE=getMsg HTTP/1.1" 200 27
180.169.147.146 - - [27/Jan/2021:10:07:33 +0800] "GET /xingrg/all/function/internal_message.html?_=1611713258008&CODE_STATE=getMsg HTTP/1.1" 200 27
114.88.166.193 - - [27/Jan/2021:10:07:34 +0800] "GET /xingrg/all/function/internal_message.html?_=1611713247414&CODE_STATE=getMsg HTTP/1.1" 200 27
180.156.237.57 - - [27/Jan/2021:10:07:36 +0800] "GET /xingrg/all/function/internal_message.html?_=1611713231647&CODE_STATE=getMsg HTTP/1.1" 200 27
58.37.230.33 - - [27/Jan/2021:10:07:36 +0800] "GET /xingrg/all/function/internal_message.html?_=1611713273792&CODE_STATE=getMsg HTTP/1.1" 200 27
117.184.7.30 - - [27/Jan/2021:10:07:37 +0800] "GET /xingrg/all/function/internal_message.html?_=1611713249717&CODE_STATE=getMsg HTTP/1.1" 200 27
61.165.42.208 - - [27/Jan/2021:10:07:37 +0800] "GET /xingrg/kc/buy/cgsh_order_operate.html?command=get_materiel&rest_code=00105&code=00102002167&supplier_code=00100347&order_time=2021-01-27 HTTP/1.1" 200 429
180.175.150.119 - - [27/Jan/2021:10:07:40 +0800] "GET /xingrg/all/function/internal_message.html?_=1611713502495&CODE_STATE=getMsg HTTP/1.1" 200 27
218.81.223.241 - - [27/Jan/2021:10:07:45 +0800] "GET /xingrg/all/function/internal_message.html?_=1611713263843&CODE_STATE=getMsg HTTP/1.1" 200 27
117.184.7.30 - - [27/Jan/2021:10:07:45 +0800] "POST /xingrg/kc/buy/cgsh_order_operate.html HTTP/1.1" 200 37
117.184.7.30 - - [27/Jan/2021:10:07:46 +0800] "POST /xingrg/kc/buy/cgsh_order_operate.html HTTP/1.1" 200 22164
61.165.42.208 - - [27/Jan/2021:10:07:49 +0800] "GET /xingrg/kc/buy/cgsh_order_operate.html?command=get_materiel&rest_code=00105&code=00101005022&supplier_code=00100347&order_time=2021-01-27 HTTP/1.1" 200 417
58.40.7.146 - - [27/Jan/2021:10:07:50 +0800] "GET /xingrg/all/function/internal_message.html?_=1611713268883&CODE_STATE=getMsg HTTP/1.1" 200 27
116.227.17.229 - - [27/Jan/2021:10:07:58 +0800] "GET /xingrg/all/function/internal_message.html?_=1611713276536&CODE_STATE=getMsg HTTP/1.1" 200 27
114.88.166.193 - - [27/Jan/2021:10:08:02 +0800] "GET /xingrg/check_reg.html?_=1611713279083 HTTP/1.1" 200 22
114.88.166.193 - - [27/Jan/2021:10:08:03 +0800] "GET /xingrg/all/function/internal_message.html?_=1611713280736&CODE_STATE=getMsg HTTP/1.1" 200 27
180.175.150.119 - - [27/Jan/2021:10:08:06 +0800] "POST /xingrg/services/DataTransmitService HTTP/1.1" 200 524
180.169.147.146 - - [27/Jan/2021:10:08:06 +0800] "GET /xingrg/all/function/internal_message.html?_=1611713289329&CODE_STATE=getMsg HTTP/1.1" 200 27
218.81.223.240 - - [27/Jan/2021:10:08:07 +0800] "GET /xingrg/all/function/internal_message.html?_=1611713283576&CODE_STATE=getMsg HTTP/1.1" 200 27
61.165.42.208 - - [27/Jan/2021:10:08:08 +0800] "GET /xingrg/all/function/internal_message.html?_=1611713288298&CODE_STATE=getMsg HTTP/1.1" 200 27
120.253.135.82 - - [27/Jan/2021:10:08:09 +0800] "GET /xingrg/all/function/internal_message.html?_=1611713333488&CODE_STATE=getMsg HTTP/1.1" 200 27
117.185.32.26 - - [27/Jan/2021:10:08:14 +0800] "GET /xingrg/all/function/internal_message.html?_=1611713769282&CODE_STATE=getMsg HTTP/1.1" 200 27
61.165.42.208 - - [27/Jan/2021:10:08:19 +0800] "GET /xingrg/kc/buy/cgsh_order_operate.html?command=get_materiel&rest_code=00105&code=00101007031&supplier_code=00100347&order_time=2021-01-27 HTTP/1.1" 200 413
61.129.6.227 - - [27/Jan/2021:10:08:22 +0800] "GET /xingrg/all/function/internal_message.html?_=1611712673762&CODE_STATE=getMsg HTTP/1.1" 302 -
222.69.137.221 - - [27/Jan/2021:10:08:23 +0800] "GET /xingrg/all/function/internal_message.html?_=1611713299908&CODE_STATE=getMsg HTTP/1.1" 200 27
222.69.137.221 - - [27/Jan/2021:10:08:23 +0800] "GET /xingrg/check_reg.html?_=1611713300212 HTTP/1.1" 200 22
116.233.75.159 - - [27/Jan/2021:10:08:29 +0800] "GET /xingrg/all/function/internal_message.html?_=1611713309015&CODE_STATE=getMsg HTTP/1.1" 200 27
61.129.6.227 - - [27/Jan/2021:10:08:29 +0800] "GET /xingrg/login.html HTTP/1.1" 200 7641
180.156.237.57 - - [27/Jan/2021:10:08:29 +0800] "GET /xingrg/all/function/internal_message.html?_=1611713309351&CODE_STATE=getMsg HTTP/1.1" 200 27
180.169.147.146 - - [27/Jan/2021:10:08:33 +0800] "GET /xingrg/all/function/internal_message.html?_=1611713318011&CODE_STATE=getMsg HTTP/1.1" 200 27
114.88.166.193 - - [27/Jan/2021:10:08:34 +0800] "GET /xingrg/all/function/internal_message.html?_=1611713307413&CODE_STATE=getMsg HTTP/1.1" 200 27
180.156.237.57 - - [27/Jan/2021:10:08:34 +0800] "GET /xingrg/javascript/jquery_tools/images/next.gif HTTP/1.1" 404 1086
180.156.237.57 - - [27/Jan/2021:10:08:34 +0800] "GET /xingrg/javascript/jquery_tools/images/prev.gif HTTP/1.1" 404 1086
180.156.237.57 - - [27/Jan/2021:10:08:36 +0800] "GET /xingrg/all/function/internal_message.html?_=1611713291661&CODE_STATE=getMsg HTTP/1.1" 200 27
58.37.230.33 - - [27/Jan/2021:10:08:36 +0800] "GET /xingrg/all/function/internal_message.html?_=1611713333791&CODE_STATE=getMsg HTTP/1.1" 200 27
117.184.7.30 - - [27/Jan/2021:10:08:37 +0800] "GET /xingrg/all/function/internal_message.html?_=1611713309728&CODE_STATE=getMsg HTTP/1.1" 200 27
180.156.237.57 - - [27/Jan/2021:10:08:39 +0800] "POST /xingrg/kc/buy/cgsh_list_operate.html HTTP/1.1" 200 5253
61.165.42.208 - - [27/Jan/2021:10:08:39 +0800] "GET /xingrg/kc/buy/cgsh_order_operate.html?command=get_materiel&rest_code=00105&code=00101006016&supplier_code=00100347&order_time=2021-01-27 HTTP/1.1" 200 431
180.175.150.119 - - [27/Jan/2021:10:08:40 +0800] "GET /xingrg/all/function/internal_message.html?_=1611713562508&CODE_STATE=getMsg HTTP/1.1" 200 27
218.81.223.241 - - [27/Jan/2021:10:08:45 +0800] "GET /xingrg/all/function/internal_message.html?_=1611713323843&CODE_STATE=getMsg HTTP/1.1" 200 27
58.40.7.146 - - [27/Jan/2021:10:08:50 +0800] "GET /xingrg/all/function/internal_message.html?_=1611713328889&CODE_STATE=getMsg HTTP/1.1" 200 27
180.156.237.57 - - [27/Jan/2021:10:08:51 +0800] "POST /xingrg/all/user/operate.html HTTP/1.1" 200 36
180.156.237.57 - - [27/Jan/2021:10:08:52 +0800] "GET /xingrg/index.html?sysBaseUrl=http%3A%2F%2F180.169.147.146%3A18081%2Fxingrg%2F&costTime=36×tamp=1611708333339 HTTP/1.1" 200 17179
180.156.237.57 - - [27/Jan/2021:10:08:52 +0800] "GET /xingrg/javascript/jquery_easy_ui/themes/default/easyui.css HTTP/1.1" 304 -
180.156.237.57 - - [27/Jan/2021:10:08:52 +0800] "GET /xingrg/javascript/jquery_easy_ui/themes/icon.css HTTP/1.1" 304 -
180.156.237.57 - - [27/Jan/2021:10:08:52 +0800] "GET /xingrg/css/form.css HTTP/1.1" 304 -
180.156.237.57 - - [27/Jan/2021:10:08:52 +0800] "GET /xingrg/javascript/jquery-1.4.2.min.js HTTP/1.1" 304 -
180.156.237.57 - - [27/Jan/2021:10:08:52 +0800] "GET /xingrg/javascript/jquery_easy_ui/jquery.easyui.min.js HTTP/1.1" 304 -
180.156.237.57 - - [27/Jan/2021:10:08:52 +0800] "GET /xingrg/javascript/jquery_easy_ui/easyui-lang-zh_CN.js HTTP/1.1" 304 -
180.156.237.57 - - [27/Jan/2021:10:08:52 +0800] "GET /xingrg/javascript/jquery.form.js HTTP/1.1" 304 -
180.156.237.57 - - [27/Jan/2021:10:08:52 +0800] "GET /xingrg/javascript/jquery.utils.js HTTP/1.1" 304 -
180.156.237.57 - - [27/Jan/2021:10:08:52 +0800] "GET /xingrg/javascript/jquery.timers.js HTTP/1.1" 304 -
180.156.237.57 - - [27/Jan/2021:10:08:52 +0800] "GET /xingrg/images/blue/jxLogo.png HTTP/1.1" 304 -
180.156.237.57 - - [27/Jan/2021:10:08:52 +0800] "GET /xingrg/images/blue/navBackgound.jpg HTTP/1.1" 304 -
180.156.237.57 - - [27/Jan/2021:10:08:52 +0800] "GET /xingrg/javascript/jquery_easy_ui/themes/icons/settle_new.png HTTP/1.1" 304 -
180.156.237.57 - - [27/Jan/2021:10:08:52 +0800] "POST /xingrg/all/common/load_tree.html?tree=area_rest_tree_json&manage=1 HTTP/1.1" 200 476
180.156.237.57 - - [27/Jan/2021:10:08:52 +0800] "GET /xingrg/all/function/internal_message.html?_=1611713331800&CODE_STATE=count HTTP/1.1" 200 11
180.156.237.57 - - [27/Jan/2021:10:08:52 +0800] "GET /xingrg/check_reg.html?_=1611713331800 HTTP/1.1" 200 22
180.156.237.57 - - [27/Jan/2021:10:08:52 +0800] "GET /xingrg/javascript/jquery_easy_ui/themes/default/images/tabs_leftarrow.png HTTP/1.1" 304 -
180.156.237.57 - - [27/Jan/2021:10:08:52 +0800] "GET /xingrg/javascript/jquery_easy_ui/themes/default/images/panel_tool_collapse.gif HTTP/1.1" 304 -
180.156.237.57 - - [27/Jan/2021:10:08:52 +0800] "GET /xingrg/javascript/jquery_easy_ui/themes/default/images/tabs_rightarrow.png HTTP/1.1" 304 -
180.156.237.57 - - [27/Jan/2021:10:08:52 +0800] "GET /xingrg/images/blue/pingpu.png HTTP/1.1" 304 -
180.156.237.57 - - [27/Jan/2021:10:08:52 +0800] "POST /xingrg/load_menu.html HTTP/1.1" 200 5138
120.253.135.82 - - [27/Jan/2021:10:08:53 +0800] "GET /xingrg/check_reg.html?_=1611713378007 HTTP/1.1" 200 22
180.156.237.57 - - [27/Jan/2021:10:08:54 +0800] "GET /xingrg/kc/buy/cgsh_order_list.html HTTP/1.1" 200 46223
180.156.237.57 - - [27/Jan/2021:10:08:54 +0800] "POST /xingrg/kc/buy/cgsh_list_operate.html HTTP/1.1" 200 876
180.156.237.57 - - [27/Jan/2021:10:08:56 +0800] "GET /xingrg/javascript/jquery_tools/images/next.gif HTTP/1.1" 404 1086
180.156.237.57 - - [27/Jan/2021:10:08:56 +0800] "GET /xingrg/javascript/jquery_tools/images/prev.gif HTTP/1.1" 404 1086
116.227.17.229 - - [27/Jan/2021:10:08:58 +0800] "GET /xingrg/all/function/internal_message.html?_=1611713336538&CODE_STATE=getMsg HTTP/1.1" 200 27
172.20.0.100 - - [27/Jan/2021:10:08:58 +0800] "GET /xingrg/check_reg.html?_=1611713335418 HTTP/1.1" 200 22
180.156.237.57 - - [27/Jan/2021:10:09:01 +0800] "POST /xingrg/kc/buy/cgsh_list_operate.html HTTP/1.1" 200 4098
180.156.237.57 - - [27/Jan/2021:10:09:03 +0800] "POST /xingrg/kc/buy/cgsh_list_operate.html HTTP/1.1" 200 278
114.88.166.193 - - [27/Jan/2021:10:09:03 +0800] "GET /xingrg/all/function/internal_message.html?_=1611713340743&CODE_STATE=getMsg HTTP/1.1" 200 27
180.156.237.57 - - [27/Jan/2021:10:09:04 +0800] "GET /xingrg/kc/buy/cgsh_order_info.html?code=212021012712542 HTTP/1.1" 200 56791
180.156.237.57 - - [27/Jan/2021:10:09:04 +0800] "GET /xingrg/javascript/easyui/themes/default/validatebox.css HTTP/1.1" 404 1104
180.156.237.57 - - [27/Jan/2021:10:09:04 +0800] "POST /xingrg/kc/buy/cgsh_order_operate.html HTTP/1.1" 200 1212
180.169.147.146 - - [27/Jan/2021:10:09:06 +0800] "GET /xingrg/all/function/internal_message.html?_=1611713349330&CODE_STATE=getMsg HTTP/1.1" 200 27
218.81.223.240 - - [27/Jan/2021:10:09:07 +0800] "GET /xingrg/all/function/internal_message.html?_=1611713343808&CODE_STATE=getMsg HTTP/1.1" 200 27
61.165.42.208 - - [27/Jan/2021:10:09:08 +0800] "GET /xingrg/all/function/internal_message.html?_=1611713348340&CODE_STATE=getMsg HTTP/1.1" 200 27
120.253.135.82 - - [27/Jan/2021:10:09:09 +0800] "GET /xingrg/all/function/internal_message.html?_=1611713393497&CODE_STATE=getMsg HTTP/1.1" 200 27
180.156.237.57 - - [27/Jan/2021:10:09:09 +0800] "POST /xingrg/kc/buy/cgsh_order_operate.html HTTP/1.1" 200 12
180.156.237.57 - - [27/Jan/2021:10:09:10 +0800] "GET /xingrg/kc/buy/cgsh_order_info.html?code=212021012712542 HTTP/1.1" 200 61894
180.156.237.57 - - [27/Jan/2021:10:09:11 +0800] "GET /xingrg/javascript/easyui/themes/default/validatebox.css HTTP/1.1" 404 1104
180.156.237.57 - - [27/Jan/2021:10:09:11 +0800] "POST /xingrg/kc/buy/cgsh_order_operate.html HTTP/1.1" 200 3262
117.185.32.26 - - [27/Jan/2021:10:09:14 +0800] "GET /xingrg/all/function/internal_message.html?_=1611713829280&CODE_STATE=getMsg HTTP/1.1" 200 27
180.156.237.57 - - [27/Jan/2021:10:09:19 +0800] "POST /xingrg/kc/buy/cgsh_order_operate.html HTTP/1.1" 200 37
180.156.237.57 - - [27/Jan/2021:10:09:20 +0800] "POST /xingrg/kc/buy/cgsh_order_operate.html HTTP/1.1" 200 3262
222.69.137.221 - - [27/Jan/2021:10:09:23 +0800] "GET /xingrg/all/function/internal_message.html?_=1611713359896&CODE_STATE=getMsg HTTP/1.1" 200 27
117.184.7.30 - - [27/Jan/2021:10:09:24 +0800] "GET /xingrg/kc/buy/cgsh_order_operate.html?command=get_materiel&rest_code=00108&code=00101008331&supplier_code=00100008&order_time=2021-01-27 HTTP/1.1" 200 416
180.156.237.57 - - [27/Jan/2021:10:09:26 +0800] "GET /xingrg/login.html HTTP/1.1" 200 7641
180.156.237.57 - - [27/Jan/2021:10:09:26 +0800] "GET /favicon.ico HTTP/1.1" 404 -
116.233.75.159 - - [27/Jan/2021:10:09:29 +0800] "GET /xingrg/all/function/internal_message.html?_=1611713369019&CODE_STATE=getMsg HTTP/1.1" 200 27
117.184.7.30 - - [27/Jan/2021:10:09:31 +0800] "GET /xingrg/kc/buy/cgsh_order_operate.html?command=get_materiel&rest_code=00108&code=00101008350&supplier_code=00100008&order_time=2021-01-27 HTTP/1.1" 200 408
180.169.147.146 - - [27/Jan/2021:10:09:33 +0800] "GET /xingrg/all/function/internal_message.html?_=1611713378013&CODE_STATE=getMsg HTTP/1.1" 200 27
180.169.147.146 - - [27/Jan/2021:10:09:33 +0800] "GET /xingrg/check_reg.html?_=1611713378017 HTTP/1.1" 200 22
114.88.166.193 - - [27/Jan/2021:10:09:34 +0800] "GET /xingrg/all/function/internal_message.html?_=1611713367411&CODE_STATE=getMsg HTTP/1.1" 200 27
180.156.237.57 - - [27/Jan/2021:10:09:34 +0800] "GET /xingrg/check_reg.html?_=1611713350240 HTTP/1.1" 200 22
180.156.237.57 - - [27/Jan/2021:10:09:36 +0800] "GET /xingrg/all/function/internal_message.html?_=1611713351674&CODE_STATE=getMsg HTTP/1.1" 200 27
180.156.237.57 - - [27/Jan/2021:10:09:36 +0800] "POST /xingrg/login.do HTTP/1.1" 302 -
180.156.237.57 - - [27/Jan/2021:10:09:36 +0800] "GET /xingrg/index.html?sysBaseUrl=http%3A%2F%2F180.169.147.146%3A18081%2Fxingrg%2F&costTime=38×tamp=1611713376381 HTTP/1.1" 200 17177
180.156.237.57 - - [27/Jan/2021:10:09:36 +0800] "GET /favicon.ico HTTP/1.1" 404 -
180.156.237.57 - - [27/Jan/2021:10:09:36 +0800] "POST /xingrg/all/common/load_tree.html?tree=area_rest_tree_json&manage=1 HTTP/1.1" 200 476
180.156.237.57 - - [27/Jan/2021:10:09:36 +0800] "GET /xingrg/all/function/internal_message.html?_=1611713376256&CODE_STATE=count HTTP/1.1" 200 11
180.156.237.57 - - [27/Jan/2021:10:09:36 +0800] "GET /xingrg/check_reg.html?_=1611713376258 HTTP/1.1" 200 22
180.156.237.57 - - [27/Jan/2021:10:09:36 +0800] "POST /xingrg/load_menu.html HTTP/1.1" 200 5138
117.184.7.30 - - [27/Jan/2021:10:09:37 +0800] "GET /xingrg/all/function/internal_message.html?_=1611713369680&CODE_STATE=getMsg HTTP/1.1" 200 27
61.165.42.208 - - [27/Jan/2021:10:09:38 +0800] "GET /xingrg/kc/buy/cgsh_order_operate.html?command=get_materiel&rest_code=00105&code=00102026001&supplier_code=00100347&order_time=2021-01-27 HTTP/1.1" 200 409
180.175.150.119 - - [27/Jan/2021:10:09:40 +0800] "GET /xingrg/all/function/internal_message.html?_=1611713622776&CODE_STATE=getMsg HTTP/1.1" 200 27
180.156.237.57 - - [27/Jan/2021:10:09:41 +0800] "POST /xingrg/all/user/operate.html HTTP/1.1" 200 36
180.156.237.57 - - [27/Jan/2021:10:09:42 +0800] "GET /xingrg/index.html?sysBaseUrl=http%3A%2F%2F180.169.147.146%3A18081%2Fxingrg%2F&costTime=38×tamp=1611713376381 HTTP/1.1" 200 17179
180.156.237.57 - - [27/Jan/2021:10:09:42 +0800] "GET /xingrg/javascript/jquery_easy_ui/themes/default/easyui.css HTTP/1.1" 304 -
180.156.237.57 - - [27/Jan/2021:10:09:42 +0800] "GET /xingrg/javascript/jquery_easy_ui/themes/icon.css HTTP/1.1" 304 -
180.156.237.57 - - [27/Jan/2021:10:09:42 +0800] "GET /xingrg/css/form.css HTTP/1.1" 304 -
180.156.237.57 - - [27/Jan/2021:10:09:42 +0800] "GET /xingrg/javascript/jquery-1.4.2.min.js HTTP/1.1" 304 -
180.156.237.57 - - [27/Jan/2021:10:09:42 +0800] "GET /xingrg/javascript/jquery_easy_ui/jquery.easyui.min.js HTTP/1.1" 304 -
180.156.237.57 - - [27/Jan/2021:10:09:42 +0800] "GET /xingrg/javascript/jquery_easy_ui/easyui-lang-zh_CN.js HTTP/1.1" 304 -
180.156.237.57 - - [27/Jan/2021:10:09:42 +0800] "GET /xingrg/javascript/jquery.form.js HTTP/1.1" 304 -
180.156.237.57 - - [27/Jan/2021:10:09:42 +0800] "GET /xingrg/javascript/jquery.utils.js HTTP/1.1" 304 -
180.156.237.57 - - [27/Jan/2021:10:09:42 +0800] "GET /xingrg/javascript/jquery.timers.js HTTP/1.1" 304 -
180.156.237.57 - - [27/Jan/2021:10:09:42 +0800] "GET /xingrg/images/blue/jxLogo.png HTTP/1.1" 304 -
180.156.237.57 - - [27/Jan/2021:10:09:42 +0800] "GET /xingrg/images/blue/navBackgound.jpg HTTP/1.1" 304 -
180.156.237.57 - - [27/Jan/2021:10:09:42 +0800] "GET /xingrg/javascript/jquery_easy_ui/themes/icons/settle_new.png HTTP/1.1" 304 -
180.156.237.57 - - [27/Jan/2021:10:09:42 +0800] "POST /xingrg/all/common/load_tree.html?tree=area_rest_tree_json&manage=1 HTTP/1.1" 200 476
180.156.237.57 - - [27/Jan/2021:10:09:42 +0800] "GET /xingrg/all/function/internal_message.html?_=1611713381658&CODE_STATE=count HTTP/1.1" 200 11
180.156.237.57 - - [27/Jan/2021:10:09:42 +0800] "GET /xingrg/check_reg.html?_=1611713381659 HTTP/1.1" 200 22
180.156.237.57 - - [27/Jan/2021:10:09:42 +0800] "GET /xingrg/javascript/jquery_easy_ui/themes/default/images/tabs_rightarrow.png HTTP/1.1" 304 -
180.156.237.57 - - [27/Jan/2021:10:09:42 +0800] "GET /xingrg/javascript/jquery_easy_ui/themes/default/images/panel_tool_collapse.gif HTTP/1.1" 304 -
180.156.237.57 - - [27/Jan/2021:10:09:42 +0800] "GET /xingrg/images/blue/pingpu.png HTTP/1.1" 304 -
180.156.237.57 - - [27/Jan/2021:10:09:42 +0800] "GET /xingrg/javascript/jquery_easy_ui/themes/default/images/tabs_leftarrow.png HTTP/1.1" 304 -
180.156.237.57 - - [27/Jan/2021:10:09:42 +0800] "POST /xingrg/load_menu.html HTTP/1.1" 200 5138
180.156.237.57 - - [27/Jan/2021:10:09:45 +0800] "GET /xingrg/kc/buy/cgsh_order_list.html HTTP/1.1" 200 46223
218.81.223.241 - - [27/Jan/2021:10:09:45 +0800] "GET /xingrg/all/function/internal_message.html?_=1611713383844&CODE_STATE=getMsg HTTP/1.1" 200 27
180.156.237.57 - - [27/Jan/2021:10:09:46 +0800] "POST /xingrg/kc/buy/cgsh_list_operate.html HTTP/1.1" 200 1695
61.165.42.208 - - [27/Jan/2021:10:09:50 +0800] "POST /xingrg/kc/buy/cgsh_order_operate.html HTTP/1.1" 200 37
58.40.7.146 - - [27/Jan/2021:10:09:50 +0800] "GET /xingrg/all/function/internal_message.html?_=1611713388893&CODE_STATE=getMsg HTTP/1.1" 200 27
61.165.42.208 - - [27/Jan/2021:10:09:51 +0800] "POST /xingrg/kc/buy/cgsh_order_operate.html HTTP/1.1" 200 5636
61.165.42.208 - - [27/Jan/2021:10:09:52 +0800] "GET /xingrg/kc/print/load_data.html?order_code=212021012712553&kc_code=cgsh&condition= HTTP/1.1" 200 1807
218.81.223.240 - - [27/Jan/2021:10:09:52 +0800] "GET /xingrg/kc/buy/cgsh_order_list.html HTTP/1.1" 200 46223
218.81.223.240 - - [27/Jan/2021:10:09:54 +0800] "POST /xingrg/kc/buy/cgsh_list_operate.html HTTP/1.1" 200 1690
218.81.223.240 - - [27/Jan/2021:10:09:55 +0800] "GET /xingrg/kc/buy/cgsh_order_add.html HTTP/1.1" 200 61961
218.81.223.240 - - [27/Jan/2021:10:09:55 +0800] "POST /xingrg/kc/buy/cgsh_order_operate.html HTTP/1.1" 200 8245
61.165.42.208 - - [27/Jan/2021:10:09:56 +0800] "GET /xingrg/kc/buy/cgsh_order_add.html HTTP/1.1" 200 62002
218.81.223.240 - - [27/Jan/2021:10:09:56 +0800] "GET /xingrg/javascript/easyui/themes/default/validatebox.css HTTP/1.1" 404 1104
61.165.42.208 - - [27/Jan/2021:10:09:56 +0800] "GET /xingrg/javascript/easyui/themes/default/validatebox.css HTTP/1.1" 404 1104
61.165.42.208 - - [27/Jan/2021:10:09:56 +0800] "POST /xingrg/kc/buy/cgsh_order_operate.html HTTP/1.1" 200 8245
116.227.17.229 - - [27/Jan/2021:10:09:58 +0800] "GET /xingrg/all/function/internal_message.html?_=1611713396541&CODE_STATE=getMsg HTTP/1.1" 200 27
218.81.223.240 - - [27/Jan/2021:10:10:01 +0800] "GET /xingrg/check_reg.html?_=1611713397409 HTTP/1.1" 200 22
180.156.237.57 - - [27/Jan/2021:10:10:02 +0800] "POST /xingrg/kc/buy/cgsh_list_operate.html HTTP/1.1" 200 278
180.156.237.57 - - [27/Jan/2021:10:10:03 +0800] "GET /xingrg/kc/buy/cgsh_order_info.html?code=212021012712542 HTTP/1.1" 200 61894
180.156.237.57 - - [27/Jan/2021:10:10:03 +0800] "GET /xingrg/javascript/easyui/themes/default/validatebox.css HTTP/1.1" 404 1104
180.156.237.57 - - [27/Jan/2021:10:10:03 +0800] "GET /xingrg/all/common/auto_word.html?type=employee&rest_code=00150 HTTP/1.1" 200 205
180.156.237.57 - - [27/Jan/2021:10:10:03 +0800] "GET /xingrg/all/common/auto_word.html?type=employee&rest_code=00150 HTTP/1.1" 200 205
180.156.237.57 - - [27/Jan/2021:10:10:03 +0800] "POST /xingrg/kc/buy/cgsh_order_operate.html HTTP/1.1" 200 3262
114.88.166.193 - - [27/Jan/2021:10:10:03 +0800] "GET /xingrg/all/function/internal_message.html?_=1611713400759&CODE_STATE=getMsg HTTP/1.1" 200 27
180.169.147.146 - - [27/Jan/2021:10:10:06 +0800] "GET /xingrg/all/function/internal_message.html?_=1611713409334&CODE_STATE=getMsg HTTP/1.1" 200 27
218.81.223.240 - - [27/Jan/2021:10:10:07 +0800] "GET /xingrg/all/function/internal_message.html?_=1611713403821&CODE_STATE=getMsg HTTP/1.1" 200 27
61.165.42.208 - - [27/Jan/2021:10:10:08 +0800] "GET /xingrg/all/function/internal_message.html?_=1611713408277&CODE_STATE=getMsg HTTP/1.1" 200 27
120.253.135.82 - - [27/Jan/2021:10:10:09 +0800] "GET /xingrg/all/function/internal_message.html?_=1611713453509&CODE_STATE=getMsg HTTP/1.1" 200 27
61.165.42.208 - - [27/Jan/2021:10:10:10 +0800] "GET /xingrg/kc/buy/cgsh_order_operate.html?command=get_materiel&rest_code=00105&code=00101006199&supplier_code=00100330&order_time=2021-01-27 HTTP/1.1" 200 414
117.185.32.26 - - [27/Jan/2021:10:10:14 +0800] "GET /xingrg/all/function/internal_message.html?_=1611713889295&CODE_STATE=getMsg HTTP/1.1" 200 27
117.184.7.30 - - [27/Jan/2021:10:10:14 +0800] "GET /xingrg/kc/buy/cgsh_order_operate.html?command=get_materiel&rest_code=00108&code=00101008112&supplier_code=00100008&order_time=2021-01-27 HTTP/1.1" 200 412
180.156.237.57 - - [27/Jan/2021:10:10:16 +0800] "POST /xingrg/kc/buy/cgsh_order_operate.html HTTP/1.1" 200 37
180.156.237.57 - - [27/Jan/2021:10:10:18 +0800] "POST /xingrg/kc/buy/cgsh_order_operate.html HTTP/1.1" 200 12
180.156.237.57 - - [27/Jan/2021:10:10:19 +0800] "GET /xingrg/kc/buy/cgsh_order_info.html?code=212021012712542 HTTP/1.1" 200 56787
180.156.237.57 - - [27/Jan/2021:10:10:19 +0800] "GET /xingrg/javascript/easyui/themes/default/validatebox.css HTTP/1.1" 404 1104
180.156.237.57 - - [27/Jan/2021:10:10:20 +0800] "POST /xingrg/kc/buy/cgsh_order_operate.html HTTP/1.1" 200 1212
218.81.223.240 - - [27/Jan/2021:10:10:20 +0800] "GET /xingrg/kc/buy/cgsh_order_operate.html?command=get_materiel&rest_code=00146&code=00101012057&supplier_code=00100033&order_time=2021-01-27 HTTP/1.1" 200 420
61.165.42.208 - - [27/Jan/2021:10:10:20 +0800] "GET /xingrg/kc/buy/cgsh_order_operate.html?command=get_materiel&rest_code=00105&code=00101018007&supplier_code=00100330&order_time=2021-01-27 HTTP/1.1" 200 411
117.184.7.30 - - [27/Jan/2021:10:10:22 +0800] "POST /xingrg/kc/buy/cgsh_order_operate.html HTTP/1.1" 200 2065
222.69.137.221 - - [27/Jan/2021:10:10:23 +0800] "GET /xingrg/all/function/internal_message.html?_=1611713419874&CODE_STATE=getMsg HTTP/1.1" 200 27
180.156.237.57 - - [27/Jan/2021:10:10:25 +0800] "GET /xingrg/kc/print/load_config.html?kc_code=cgsh HTTP/1.1" 200 1845
180.156.237.57 - - [27/Jan/2021:10:10:25 +0800] "GET /xingrg/kc/print/load_data.html?order_code=212021012712542&kc_code=cgsh&condition= HTTP/1.1" 200 1007
116.233.75.159 - - [27/Jan/2021:10:10:29 +0800] "GET /xingrg/all/function/internal_message.html?_=1611713429019&CODE_STATE=getMsg HTTP/1.1" 200 27
116.233.75.159 - - [27/Jan/2021:10:10:29 +0800] "GET /xingrg/check_reg.html?_=1611713429022 HTTP/1.1" 200 22
180.169.147.146 - - [27/Jan/2021:10:10:33 +0800] "GET /xingrg/all/function/internal_message.html?_=1611713438006&CODE_STATE=getMsg HTTP/1.1" 200 27
114.88.166.193 - - [27/Jan/2021:10:10:34 +0800] "GET /xingrg/all/function/internal_message.html?_=1611713427409&CODE_STATE=getMsg HTTP/1.1" 200 27
114.88.166.193 - - [27/Jan/2021:10:10:34 +0800] "GET /xingrg/check_reg.html?_=1611713427410 HTTP/1.1" 200 22
180.156.237.57 - - [27/Jan/2021:10:10:36 +0800] "GET /xingrg/all/function/internal_message.html?_=1611713411688&CODE_STATE=getMsg HTTP/1.1" 200 27
117.184.7.30 - - [27/Jan/2021:10:10:39 +0800] "GET /xingrg/check_reg.html?_=1611713429763 HTTP/1.1" 200 22
61.151.207.205 - - [27/Jan/2021:10:10:39 +0800] "GET /xingrg/check_reg.html?_=1611712793786 HTTP/1.1" 302 -
117.184.7.30 - - [27/Jan/2021:10:10:40 +0800] "GET /xingrg/kc/buy/cgsh_order_operate.html?command=get_materiel&rest_code=00108&code=00101008095&supplier_code=00100008&order_time=2021-01-27 HTTP/1.1" 200 412
180.175.150.119 - - [27/Jan/2021:10:10:40 +0800] "GET /xingrg/all/function/internal_message.html?_=1611713682785&CODE_STATE=getMsg HTTP/1.1" 200 27
117.184.7.30 - - [27/Jan/2021:10:10:40 +0800] "GET /xingrg/all/function/internal_message.html?_=1611713429765&CODE_STATE=getMsg HTTP/1.1" 200 27
180.156.237.57 - - [27/Jan/2021:10:10:42 +0800] "GET /xingrg/all/function/internal_message.html?_=1611713441681&CODE_STATE=getMsg HTTP/1.1" 200 27
218.81.223.240 - - [27/Jan/2021:10:10:43 +0800] "GET /xingrg/kc/buy/cgsh_order_operate.html?command=get_materiel&rest_code=00146&code=00101016025&supplier_code=00100033&order_time=2021-01-27 HTTP/1.1" 200 408
218.81.223.241 - - [27/Jan/2021:10:10:45 +0800] "GET /xingrg/check_reg.html?_=1611713443843 HTTP/1.1" 200 22
218.81.223.241 - - [27/Jan/2021:10:10:45 +0800] "GET /xingrg/all/function/internal_message.html?_=1611713443845&CODE_STATE=getMsg HTTP/1.1" 200 27
61.151.207.205 - - [27/Jan/2021:10:10:45 +0800] "GET /xingrg/login.html HTTP/1.1" 200 7641
61.165.42.208 - - [27/Jan/2021:10:10:46 +0800] "POST /xingrg/kc/buy/cgsh_order_operate.html HTTP/1.1" 200 37
61.165.42.208 - - [27/Jan/2021:10:10:50 +0800] "POST /xingrg/kc/buy/cgsh_order_operate.html HTTP/1.1" 200 3245
58.40.7.146 - - [27/Jan/2021:10:10:50 +0800] "GET /xingrg/all/function/internal_message.html?_=1611713448880&CODE_STATE=getMsg HTTP/1.1" 200 27
61.165.42.208 - - [27/Jan/2021:10:10:51 +0800] "GET /xingrg/kc/print/load_data.html?order_code=212021012712554&kc_code=cgsh&condition= HTTP/1.1" 200 900
116.227.17.229 - - [27/Jan/2021:10:10:58 +0800] "GET /xingrg/all/function/internal_message.html?_=1611713456529&CODE_STATE=getMsg HTTP/1.1" 200 27
114.88.166.193 - - [27/Jan/2021:10:11:04 +0800] "GET /xingrg/all/function/internal_message.html?_=1611713461060&CODE_STATE=getMsg HTTP/1.1" 200 27
180.169.147.146 - - [27/Jan/2021:10:11:06 +0800] "GET /xingrg/all/function/internal_message.html?_=1611713469335&CODE_STATE=getMsg HTTP/1.1" 200 27
180.169.147.146 - - [27/Jan/2021:10:11:06 +0800] "GET /xingrg/check_reg.html?_=1611713469340 HTTP/1.1" 200 22
218.81.223.240 - - [27/Jan/2021:10:11:07 +0800] "GET /xingrg/all/function/internal_message.html?_=1611713463835&CODE_STATE=getMsg HTTP/1.1" 200 27
61.165.42.208 - - [27/Jan/2021:10:11:08 +0800] "GET /xingrg/all/function/internal_message.html?_=1611713468290&CODE_STATE=getMsg HTTP/1.1" 200 27
120.253.135.82 - - [27/Jan/2021:10:11:09 +0800] "GET /xingrg/all/function/internal_message.html?_=1611713513528&CODE_STATE=getMsg HTTP/1.1" 200 27
117.185.32.26 - - [27/Jan/2021:10:11:14 +0800] "GET /xingrg/all/function/internal_message.html?_=1611713949321&CODE_STATE=getMsg HTTP/1.1" 200 27
222.69.137.221 - - [27/Jan/2021:10:11:23 +0800] "GET /xingrg/all/function/internal_message.html?_=1611713479860&CODE_STATE=getMsg HTTP/1.1" 200 27
116.233.75.159 - - [27/Jan/2021:10:11:29 +0800] "GET /xingrg/all/function/internal_message.html?_=1611713489021&CODE_STATE=getMsg HTTP/1.1" 200 27
117.184.7.30 - - [27/Jan/2021:10:11:30 +0800] "GET /xingrg/kc/buy/cgsh_order_operate.html?command=get_materiel&rest_code=00108&code=00101008223&supplier_code=00100008&order_time=2021-01-27 HTTP/1.1" 200 412
180.169.147.146 - - [27/Jan/2021:10:11:33 +0800] "GET /xingrg/all/function/internal_message.html?_=1611713498012&CODE_STATE=getMsg HTTP/1.1" 200 27
114.88.166.193 - - [27/Jan/2021:10:11:34 +0800] "GET /xingrg/all/function/internal_message.html?_=1611713487409&CODE_STATE=getMsg HTTP/1.1" 200 27
180.156.237.57 - - [27/Jan/2021:10:11:36 +0800] "GET /xingrg/all/function/internal_message.html?_=1611713471703&CODE_STATE=getMsg HTTP/1.1" 200 27
117.184.7.30 - - [27/Jan/2021:10:11:37 +0800] "GET /xingrg/all/function/internal_message.html?_=1611713489779&CODE_STATE=getMsg HTTP/1.1" 200 27
180.175.150.119 - - [27/Jan/2021:10:11:38 +0800] "GET /xingrg/check_reg.html?_=1611713740703 HTTP/1.1" 200 22
180.175.150.119 - - [27/Jan/2021:10:11:40 +0800] "GET /xingrg/all/function/internal_message.html?_=1611713742799&CODE_STATE=getMsg HTTP/1.1" 200 27
180.156.237.57 - - [27/Jan/2021:10:11:42 +0800] "GET /xingrg/all/function/internal_message.html?_=1611713501671&CODE_STATE=getMsg HTTP/1.1" 200 27
61.129.6.227 - - [27/Jan/2021:10:11:43 +0800] "GET /xingrg/all/function/internal_message.html?_=1611712853784&CODE_STATE=getMsg HTTP/1.1" 302 -
218.81.223.241 - - [27/Jan/2021:10:11:45 +0800] "GET /xingrg/all/function/internal_message.html?_=1611713503843&CODE_STATE=getMsg HTTP/1.1" 200 27
61.129.6.227 - - [27/Jan/2021:10:11:46 +0800] "GET /xingrg/login.html HTTP/1.1" 200 7641
117.184.7.30 - - [27/Jan/2021:10:11:46 +0800] "POST /xingrg/kc/buy/cgsh_order_operate.html HTTP/1.1" 200 2065
61.165.42.208 - - [27/Jan/2021:10:11:49 +0800] "GET /xingrg/kc/buy/cgsh_order_add.html HTTP/1.1" 200 62002
61.165.42.208 - - [27/Jan/2021:10:11:49 +0800] "GET /xingrg/javascript/easyui/themes/default/validatebox.css HTTP/1.1" 404 1104
61.165.42.208 - - [27/Jan/2021:10:11:49 +0800] "POST /xingrg/kc/buy/cgsh_order_operate.html HTTP/1.1" 200 8245
117.184.7.30 - - [27/Jan/2021:10:11:50 +0800] "GET /xingrg/kc/buy/cgsh_order_operate.html?command=get_materiel&rest_code=00108&code=00101008114&supplier_code=00100008&order_time=2021-01-27 HTTP/1.1" 200 413
58.40.7.146 - - [27/Jan/2021:10:11:50 +0800] "GET /xingrg/all/function/internal_message.html?_=1611713508882&CODE_STATE=getMsg HTTP/1.1" 200 27
58.40.7.146 - - [27/Jan/2021:10:11:50 +0800] "GET /xingrg/check_reg.html?_=1611713508884 HTTP/1.1" 200 22
61.165.42.208 - - [27/Jan/2021:10:11:57 +0800] "GET /xingrg/kc/buy/cgsh_order_operate.html?command=get_materiel&rest_code=00105&code=00101001141&supplier_code=00100327&order_time=2021-01-27 HTTP/1.1" 200 413
116.227.17.229 - - [27/Jan/2021:10:11:58 +0800] "GET /xingrg/all/function/internal_message.html?_=1611713516532&CODE_STATE=getMsg HTTP/1.1" 200 27
116.227.17.229 - - [27/Jan/2021:10:11:58 +0800] "GET /xingrg/check_reg.html?_=1611713516536 HTTP/1.1" 200 22
117.184.7.30 - - [27/Jan/2021:10:12:02 +0800] "GET /xingrg/kc/buy/cgsh_order_operate.html?command=get_materiel&rest_code=00108&code=00101008284&supplier_code=00100008&order_time=2021-01-27 HTTP/1.1" 200 412
114.88.166.193 - - [27/Jan/2021:10:12:04 +0800] "GET /xingrg/all/function/internal_message.html?_=1611713521075&CODE_STATE=getMsg HTTP/1.1" 200 27
180.169.147.146 - - [27/Jan/2021:10:12:06 +0800] "GET /xingrg/all/function/internal_message.html?_=1611713529326&CODE_STATE=getMsg HTTP/1.1" 200 27
61.165.42.208 - - [27/Jan/2021:10:12:07 +0800] "GET /xingrg/kc/buy/cgsh_order_operate.html?command=get_materiel&rest_code=00105&code=00101008486&supplier_code=00100327&order_time=2021-01-27 HTTP/1.1" 200 400
218.81.223.240 - - [27/Jan/2021:10:12:07 +0800] "GET /xingrg/all/function/internal_message.html?_=1611713523847&CODE_STATE=getMsg HTTP/1.1" 200 27
61.165.42.208 - - [27/Jan/2021:10:12:08 +0800] "GET /xingrg/check_reg.html?_=1611713528280 HTTP/1.1" 200 22
61.165.42.208 - - [27/Jan/2021:10:12:08 +0800] "GET /xingrg/all/function/internal_message.html?_=1611713528283&CODE_STATE=getMsg HTTP/1.1" 200 27
120.253.135.82 - - [27/Jan/2021:10:12:09 +0800] "GET /xingrg/all/function/internal_message.html?_=1611713573537&CODE_STATE=getMsg HTTP/1.1" 200 27
117.184.7.30 - - [27/Jan/2021:10:12:12 +0800] "GET /xingrg/kc/buy/cgsh_order_operate.html?command=get_materiel&rest_code=00108&code=00101015046&supplier_code=00100008&order_time=2021-01-27 HTTP/1.1" 200 412
117.185.32.26 - - [27/Jan/2021:10:12:14 +0800] "GET /xingrg/check_reg.html?_=1611714009320 HTTP/1.1" 200 22
117.185.32.26 - - [27/Jan/2021:10:12:14 +0800] "GET /xingrg/all/function/internal_message.html?_=1611714009321&CODE_STATE=getMsg HTTP/1.1" 200 27
61.165.42.208 - - [27/Jan/2021:10:12:16 +0800] "GET /xingrg/kc/buy/cgsh_order_operate.html?command=get_materiel&rest_code=00105&code=00101008171&supplier_code=00100327&order_time=2021-01-27 HTTP/1.1" 200 421
117.184.7.30 - - [27/Jan/2021:10:12:19 +0800] "GET /xingrg/kc/buy/cgsh_order_operate.html?command=get_materiel&rest_code=00108&code=00101015038&supplier_code=00100008&order_time=2021-01-27 HTTP/1.1" 200 418
222.69.137.221 - - [27/Jan/2021:10:12:23 +0800] "GET /xingrg/all/function/internal_message.html?_=1611713539840&CODE_STATE=getMsg HTTP/1.1" 200 27
61.165.42.208 - - [27/Jan/2021:10:12:27 +0800] "POST /xingrg/kc/buy/cgsh_order_operate.html HTTP/1.1" 200 37
117.184.7.30 - - [27/Jan/2021:10:12:27 +0800] "GET /xingrg/kc/buy/cgsh_order_operate.html?command=get_materiel&rest_code=00108&code=00101008498&supplier_code=00100008&order_time=2021-01-27 HTTP/1.1" 200 410
61.165.42.208 - - [27/Jan/2021:10:12:28 +0800] "POST /xingrg/kc/buy/cgsh_order_operate.html HTTP/1.1" 200 3851
116.233.75.159 - - [27/Jan/2021:10:12:29 +0800] "GET /xingrg/all/function/internal_message.html?_=1611713549023&CODE_STATE=getMsg HTTP/1.1" 200 27
61.165.42.208 - - [27/Jan/2021:10:12:29 +0800] "GET /xingrg/kc/print/load_data.html?order_code=212021012712555&kc_code=cgsh&condition= HTTP/1.1" 200 1130
117.184.7.30 - - [27/Jan/2021:10:12:30 +0800] "POST /xingrg/kc/buy/cgsh_order_operate.html HTTP/1.1" 200 2065
117.184.7.30 - - [27/Jan/2021:10:12:33 +0800] "GET /xingrg/kc/buy/cgsh_order_operate.html?command=get_materiel&rest_code=00108&code=00101008168&supplier_code=00100008&order_time=2021-01-27 HTTP/1.1" 200 413
180.169.147.146 - - [27/Jan/2021:10:12:33 +0800] "GET /xingrg/all/function/internal_message.html?_=1611713558015&CODE_STATE=getMsg HTTP/1.1" 200 27
114.88.166.193 - - [27/Jan/2021:10:12:34 +0800] "GET /xingrg/all/function/internal_message.html?_=1611713547409&CODE_STATE=getMsg HTTP/1.1" 200 27
61.165.42.208 - - [27/Jan/2021:10:12:34 +0800] "GET /xingrg/kc/buy/cgsh_order_add.html HTTP/1.1" 200 62002
61.165.42.208 - - [27/Jan/2021:10:12:35 +0800] "POST /xingrg/kc/buy/cgsh_order_operate.html HTTP/1.1" 200 8245
61.165.42.208 - - [27/Jan/2021:10:12:35 +0800] "GET /xingrg/javascript/easyui/themes/default/validatebox.css HTTP/1.1" 404 1104
180.156.237.57 - - [27/Jan/2021:10:12:36 +0800] "GET /xingrg/all/function/internal_message.html?_=1611713531725&CODE_STATE=getMsg HTTP/1.1" 200 27
117.184.7.30 - - [27/Jan/2021:10:12:37 +0800] "GET /xingrg/all/function/internal_message.html?_=1611713549936&CODE_STATE=getMsg HTTP/1.1" 200 27
180.175.150.119 - - [27/Jan/2021:10:12:40 +0800] "GET /xingrg/all/function/internal_message.html?_=1611713802812&CODE_STATE=getMsg HTTP/1.1" 200 27
180.156.237.57 - - [27/Jan/2021:10:12:42 +0800] "GET /xingrg/all/function/internal_message.html?_=1611713561672&CODE_STATE=getMsg HTTP/1.1" 200 27
61.151.178.236 - - [27/Jan/2021:10:12:42 +0800] "GET /xingrg/all/function/internal_message.html?_=1611712913783&CODE_STATE=getMsg HTTP/1.1" 302 -
61.165.42.208 - - [27/Jan/2021:10:12:44 +0800] "GET /xingrg/kc/buy/cgsh_order_operate.html?command=get_materiel&rest_code=00105&code=00101006164&supplier_code=00100326&order_time=2021-01-27 HTTP/1.1" 200 415
218.81.223.241 - - [27/Jan/2021:10:12:45 +0800] "GET /xingrg/all/function/internal_message.html?_=1611713563843&CODE_STATE=getMsg HTTP/1.1" 200 27
61.151.178.236 - - [27/Jan/2021:10:12:46 +0800] "GET /xingrg/login.html HTTP/1.1" 200 7641
117.184.7.30 - - [27/Jan/2021:10:12:47 +0800] "GET /xingrg/kc/buy/cgsh_order_operate.html?command=get_materiel&rest_code=00108&code=00101008041&supplier_code=00100008&order_time=2021-01-27 HTTP/1.1" 200 408
58.40.7.146 - - [27/Jan/2021:10:12:50 +0800] "GET /xingrg/all/function/internal_message.html?_=1611713568886&CODE_STATE=getMsg HTTP/1.1" 200 27
61.165.42.208 - - [27/Jan/2021:10:12:54 +0800] "POST /xingrg/kc/buy/cgsh_order_operate.html HTTP/1.1" 200 37
117.184.7.30 - - [27/Jan/2021:10:12:55 +0800] "GET /xingrg/kc/buy/cgsh_order_operate.html?command=get_materiel&rest_code=00108&code=00101015074&supplier_code=00100008&order_time=2021-01-27 HTTP/1.1" 200 408
61.165.42.208 - - [27/Jan/2021:10:12:55 +0800] "POST /xingrg/kc/buy/cgsh_order_operate.html HTTP/1.1" 200 2660
61.165.42.208 - - [27/Jan/2021:10:12:56 +0800] "GET /xingrg/kc/print/load_data.html?order_code=212021012712556&kc_code=cgsh&condition= HTTP/1.1" 200 679
116.227.17.229 - - [27/Jan/2021:10:12:58 +0800] "GET /xingrg/all/function/internal_message.html?_=1611713576537&CODE_STATE=getMsg HTTP/1.1" 200 27
114.88.166.193 - - [27/Jan/2021:10:13:02 +0800] "GET /xingrg/check_reg.html?_=1611713579376 HTTP/1.1" 200 22
114.88.166.193 - - [27/Jan/2021:10:13:04 +0800] "GET /xingrg/all/function/internal_message.html?_=1611713581077&CODE_STATE=getMsg HTTP/1.1" 200 27
180.169.147.146 - - [27/Jan/2021:10:13:06 +0800] "GET /xingrg/all/function/internal_message.html?_=1611713589340&CODE_STATE=getMsg HTTP/1.1" 200 27
218.81.223.240 - - [27/Jan/2021:10:13:08 +0800] "GET /xingrg/all/function/internal_message.html?_=1611713584127&CODE_STATE=getMsg HTTP/1.1" 200 27
117.184.7.30 - - [27/Jan/2021:10:13:08 +0800] "POST /xingrg/kc/buy/cgsh_order_operate.html HTTP/1.1" 200 37
61.165.42.208 - - [27/Jan/2021:10:13:08 +0800] "GET /xingrg/all/function/internal_message.html?_=1611713588286&CODE_STATE=getMsg HTTP/1.1" 200 27
120.253.135.82 - - [27/Jan/2021:10:13:09 +0800] "GET /xingrg/all/function/internal_message.html?_=1611713633555&CODE_STATE=getMsg HTTP/1.1" 200 27
61.165.42.208 - - [27/Jan/2021:10:13:13 +0800] "GET /xingrg/kc/buy/cgsh_order_add.html HTTP/1.1" 200 62002
61.165.42.208 - - [27/Jan/2021:10:13:13 +0800] "GET /xingrg/javascript/easyui/themes/default/validatebox.css HTTP/1.1" 404 1104
61.165.42.208 - - [27/Jan/2021:10:13:13 +0800] "POST /xingrg/kc/buy/cgsh_order_operate.html HTTP/1.1" 200 8245
117.185.32.26 - - [27/Jan/2021:10:13:14 +0800] "GET /xingrg/all/function/internal_message.html?_=1611714069320&CODE_STATE=getMsg HTTP/1.1" 200 27
222.69.137.221 - - [27/Jan/2021:10:13:23 +0800] "GET /xingrg/all/function/internal_message.html?_=1611713599815&CODE_STATE=getMsg HTTP/1.1" 200 27
222.69.137.221 - - [27/Jan/2021:10:13:23 +0800] "GET /xingrg/check_reg.html?_=1611713600197 HTTP/1.1" 200 22
116.233.75.159 - - [27/Jan/2021:10:13:29 +0800] "GET /xingrg/all/function/internal_message.html?_=1611713609025&CODE_STATE=getMsg HTTP/1.1" 200 27
61.165.42.208 - - [27/Jan/2021:10:13:32 +0800] "GET /xingrg/kc/buy/cgsh_order_operate.html?command=get_materiel&rest_code=00105&code=00101001140&supplier_code=00100090&order_time=2021-01-27 HTTP/1.1" 200 415
180.169.147.146 - - [27/Jan/2021:10:13:33 +0800] "GET /xingrg/all/function/internal_message.html?_=1611713618017&CODE_STATE=getMsg HTTP/1.1" 200 27
114.88.166.193 - - [27/Jan/2021:10:13:34 +0800] "GET /xingrg/all/function/internal_message.html?_=1611713607407&CODE_STATE=getMsg HTTP/1.1" 200 27
180.156.237.57 - - [27/Jan/2021:10:13:36 +0800] "GET /xingrg/all/function/internal_message.html?_=1611713591729&CODE_STATE=getMsg HTTP/1.1" 200 27
180.175.150.119 - - [27/Jan/2021:10:13:40 +0800] "GET /xingrg/all/function/internal_message.html?_=1611713862824&CODE_STATE=getMsg HTTP/1.1" 200 27
180.156.237.57 - - [27/Jan/2021:10:13:42 +0800] "GET /xingrg/all/function/internal_message.html?_=1611713621673&CODE_STATE=getMsg HTTP/1.1" 200 27
218.81.223.241 - - [27/Jan/2021:10:13:45 +0800] "GET /xingrg/all/function/internal_message.html?_=1611713623849&CODE_STATE=getMsg HTTP/1.1" 200 27
101.227.139.161 - - [27/Jan/2021:10:13:48 +0800] "GET /xingrg/all/function/internal_message.html?_=1611712973782&CODE_STATE=getMsg HTTP/1.1" 302 -
61.165.42.208 - - [27/Jan/2021:10:13:50 +0800] "GET /xingrg/kc/buy/cgsh_order_operate.html?command=get_materiel&rest_code=00105&code=00101001043&supplier_code=00100090&order_time=2021-01-27 HTTP/1.1" 200 415
58.40.7.146 - - [27/Jan/2021:10:13:50 +0800] "GET /xingrg/all/function/internal_message.html?_=1611713628890&CODE_STATE=getMsg HTTP/1.1" 200 27
101.227.139.161 - - [27/Jan/2021:10:13:51 +0800] "GET /xingrg/login.html HTTP/1.1" 200 7641
120.253.135.82 - - [27/Jan/2021:10:13:53 +0800] "GET /xingrg/check_reg.html?_=1611713678010 HTTP/1.1" 200 22
61.165.42.208 - - [27/Jan/2021:10:13:57 +0800] "GET /xingrg/kc/buy/cgsh_order_operate.html?command=get_materiel&rest_code=00105&code=00101001125&supplier_code=00100090&order_time=2021-01-27 HTTP/1.1" 200 415
116.227.17.229 - - [27/Jan/2021:10:13:58 +0800] "GET /xingrg/all/function/internal_message.html?_=1611713636538&CODE_STATE=getMsg HTTP/1.1" 200 27
172.20.0.100 - - [27/Jan/2021:10:13:58 +0800] "GET /xingrg/check_reg.html?_=1611713635397 HTTP/1.1" 200 22
114.88.166.193 - - [27/Jan/2021:10:14:04 +0800] "GET /xingrg/all/function/internal_message.html?_=1611713641099&CODE_STATE=getMsg HTTP/1.1" 200 27
180.169.147.146 - - [27/Jan/2021:10:14:06 +0800] "GET /xingrg/all/function/internal_message.html?_=1611713649327&CODE_STATE=getMsg HTTP/1.1" 200 27
218.81.223.240 - - [27/Jan/2021:10:14:08 +0800] "GET /xingrg/all/function/internal_message.html?_=1611713644140&CODE_STATE=getMsg HTTP/1.1" 200 27
61.165.42.208 - - [27/Jan/2021:10:14:08 +0800] "GET /xingrg/all/function/internal_message.html?_=1611713648283&CODE_STATE=getMsg HTTP/1.1" 200 27
61.165.42.208 - - [27/Jan/2021:10:14:08 +0800] "POST /xingrg/kc/buy/cgsh_order_operate.html HTTP/1.1" 200 37
120.253.135.82 - - [27/Jan/2021:10:14:09 +0800] "GET /xingrg/all/function/internal_message.html?_=1611713693564&CODE_STATE=getMsg HTTP/1.1" 200 27
61.165.42.208 - - [27/Jan/2021:10:14:10 +0800] "POST /xingrg/kc/buy/cgsh_order_operate.html HTTP/1.1" 200 3854
61.165.42.208 - - [27/Jan/2021:10:14:11 +0800] "GET /xingrg/kc/print/load_data.html?order_code=212021012712557&kc_code=cgsh&condition= HTTP/1.1" 200 1194
117.185.32.26 - - [27/Jan/2021:10:14:14 +0800] "GET /xingrg/all/function/internal_message.html?_=1611714129318&CODE_STATE=getMsg HTTP/1.1" 200 27
61.165.42.208 - - [27/Jan/2021:10:14:14 +0800] "GET /xingrg/kc/buy/cgsh_order_add.html HTTP/1.1" 200 62002
61.165.42.208 - - [27/Jan/2021:10:14:15 +0800] "GET /xingrg/javascript/easyui/themes/default/validatebox.css HTTP/1.1" 404 1104
61.165.42.208 - - [27/Jan/2021:10:14:15 +0800] "POST /xingrg/kc/buy/cgsh_order_operate.html HTTP/1.1" 200 8245
222.69.137.221 - - [27/Jan/2021:10:14:23 +0800] "GET /xingrg/all/function/internal_message.html?_=1611713659792&CODE_STATE=getMsg HTTP/1.1" 200 27
61.165.42.208 - - [27/Jan/2021:10:14:23 +0800] "GET /xingrg/kc/buy/cgsh_order_operate.html?command=get_materiel&rest_code=00105&code=00101006159&supplier_code=00100344&order_time=2021-01-27 HTTP/1.1" 200 417
116.233.75.159 - - [27/Jan/2021:10:14:29 +0800] "GET /xingrg/all/function/internal_message.html?_=1611713669027&CODE_STATE=getMsg HTTP/1.1" 200 27
180.169.147.146 - - [27/Jan/2021:10:14:33 +0800] "GET /xingrg/check_reg.html?_=1611713678018 HTTP/1.1" 200 22
180.169.147.146 - - [27/Jan/2021:10:14:33 +0800] "GET /xingrg/all/function/internal_message.html?_=1611713678022&CODE_STATE=getMsg HTTP/1.1" 200 27
114.88.166.193 - - [27/Jan/2021:10:14:34 +0800] "GET /xingrg/all/function/internal_message.html?_=1611713667405&CODE_STATE=getMsg HTTP/1.1" 200 27
180.156.237.57 - - [27/Jan/2021:10:14:34 +0800] "GET /xingrg/check_reg.html?_=1611713650257 HTTP/1.1" 200 22
180.156.237.57 - - [27/Jan/2021:10:14:36 +0800] "GET /xingrg/all/function/internal_message.html?_=1611713651742&CODE_STATE=getMsg HTTP/1.1" 200 27
117.184.7.26 - - [27/Jan/2021:10:14:38 +0800] "GET /xingrg/all/function/internal_message.html?_=1611713670508&CODE_STATE=getMsg HTTP/1.1" 200 27
117.184.7.26 - - [27/Jan/2021:10:14:38 +0800] "POST /xingrg/kc/buy/cgsh_order_operate.html HTTP/1.1" 200 32815
180.175.150.119 - - [27/Jan/2021:10:14:40 +0800] "GET /xingrg/all/function/internal_message.html?_=1611713923095&CODE_STATE=getMsg HTTP/1.1" 200 27
61.165.42.208 - - [27/Jan/2021:10:14:40 +0800] "GET /xingrg/kc/buy/cgsh_order_operate.html?command=get_materiel&rest_code=00105&code=00101010658&supplier_code=00100344&order_time=2021-01-27 HTTP/1.1" 200 395
180.156.237.57 - - [27/Jan/2021:10:14:42 +0800] "GET /xingrg/check_reg.html?_=1611713681675 HTTP/1.1" 200 22
180.156.237.57 - - [27/Jan/2021:10:14:42 +0800] "GET /xingrg/all/function/internal_message.html?_=1611713681703&CODE_STATE=getMsg HTTP/1.1" 200 27
218.81.223.241 - - [27/Jan/2021:10:14:45 +0800] "GET /xingrg/all/function/internal_message.html?_=1611713683850&CODE_STATE=getMsg HTTP/1.1" 200 27
222.69.137.221 - - [27/Jan/2021:10:14:47 +0800] "GET /xingrg/kc/buy/cgsh_order_operate.html?command=get_materiel&rest_code=00149&code=00101006057&supplier_code=00100012&order_time=2021-01-27 HTTP/1.1" 200 413
58.40.7.146 - - [27/Jan/2021:10:14:50 +0800] "GET /xingrg/all/function/internal_message.html?_=1611713688893&CODE_STATE=getMsg HTTP/1.1" 200 27
117.184.7.26 - - [27/Jan/2021:10:14:52 +0800] "POST /xingrg/kc/buy/cgsh_list_operate.html HTTP/1.1" 200 2043
61.165.42.208 - - [27/Jan/2021:10:14:55 +0800] "POST /xingrg/kc/buy/cgsh_order_operate.html HTTP/1.1" 200 37
117.184.7.26 - - [27/Jan/2021:10:14:55 +0800] "POST /xingrg/kc/buy/cgsh_list_operate.html HTTP/1.1" 200 564
117.184.7.26 - - [27/Jan/2021:10:14:56 +0800] "GET /xingrg/kc/buy/cgsh_order_info.html?code=212021012712547 HTTP/1.1" 200 61923
61.165.42.208 - - [27/Jan/2021:10:14:56 +0800] "POST /xingrg/kc/buy/cgsh_order_operate.html HTTP/1.1" 200 3246
117.184.7.26 - - [27/Jan/2021:10:14:56 +0800] "GET /xingrg/javascript/easyui/themes/default/validatebox.css HTTP/1.1" 404 1104
117.184.7.26 - - [27/Jan/2021:10:14:57 +0800] "POST /xingrg/kc/buy/cgsh_order_operate.html HTTP/1.1" 200 32815
61.165.42.208 - - [27/Jan/2021:10:14:58 +0800] "GET /xingrg/kc/print/load_data.html?order_code=212021012712558&kc_code=cgsh&condition= HTTP/1.1" 200 898
116.227.17.229 - - [27/Jan/2021:10:14:58 +0800] "GET /xingrg/all/function/internal_message.html?_=1611713696537&CODE_STATE=getMsg HTTP/1.1" 200 27
61.165.42.208 - - [27/Jan/2021:10:15:01 +0800] "GET /xingrg/kc/buy/cgsh_order_add.html HTTP/1.1" 200 62002
218.81.223.240 - - [27/Jan/2021:10:15:01 +0800] "GET /xingrg/check_reg.html?_=1611713697702 HTTP/1.1" 200 22
61.165.42.208 - - [27/Jan/2021:10:15:02 +0800] "GET /xingrg/javascript/easyui/themes/default/validatebox.css HTTP/1.1" 404 1104
61.165.42.208 - - [27/Jan/2021:10:15:02 +0800] "POST /xingrg/kc/buy/cgsh_order_operate.html HTTP/1.1" 200 8245
114.88.166.193 - - [27/Jan/2021:10:15:04 +0800] "GET /xingrg/all/function/internal_message.html?_=1611713701114&CODE_STATE=getMsg HTTP/1.1" 200 27
180.169.147.146 - - [27/Jan/2021:10:15:06 +0800] "GET /xingrg/all/function/internal_message.html?_=1611713709354&CODE_STATE=getMsg HTTP/1.1" 200 27
218.81.223.240 - - [27/Jan/2021:10:15:08 +0800] "GET /xingrg/all/function/internal_message.html?_=1611713704153&CODE_STATE=getMsg HTTP/1.1" 200 27
61.165.42.208 - - [27/Jan/2021:10:15:08 +0800] "GET /xingrg/all/function/internal_message.html?_=1611713708345&CODE_STATE=getMsg HTTP/1.1" 200 27
120.253.135.82 - - [27/Jan/2021:10:15:09 +0800] "GET /xingrg/all/function/internal_message.html?_=1611713753578&CODE_STATE=getMsg HTTP/1.1" 200 27
61.165.42.208 - - [27/Jan/2021:10:15:12 +0800] "GET /xingrg/kc/buy/cgsh_order_operate.html?command=get_materiel&rest_code=00105&code=00101004090&supplier_code=00100312&order_time=2021-01-27 HTTP/1.1" 200 391
117.185.32.26 - - [27/Jan/2021:10:15:14 +0800] "GET /xingrg/all/function/internal_message.html?_=1611714189316&CODE_STATE=getMsg HTTP/1.1" 200 27
61.165.42.208 - - [27/Jan/2021:10:15:22 +0800] "GET /xingrg/kc/buy/cgsh_order_operate.html?command=get_materiel&rest_code=00105&code=00101004046&supplier_code=00100312&order_time=2021-01-27 HTTP/1.1" 200 417
222.69.137.221 - - [27/Jan/2021:10:15:23 +0800] "GET /xingrg/all/function/internal_message.html?_=1611713719770&CODE_STATE=getMsg HTTP/1.1" 200 27
222.69.137.221 - - [27/Jan/2021:10:15:23 +0800] "GET /xingrg/kc/buy/cgsh_order_operate.html?command=get_materiel&rest_code=00149&code=00101006109&supplier_code=00100012&order_time=2021-01-27 HTTP/1.1" 200 429
116.233.75.159 - - [27/Jan/2021:10:15:29 +0800] "GET /xingrg/all/function/internal_message.html?_=1611713729030&CODE_STATE=getMsg HTTP/1.1" 200 27
116.233.75.159 - - [27/Jan/2021:10:15:29 +0800] "GET /xingrg/check_reg.html?_=1611713729031 HTTP/1.1" 200 22
180.169.147.146 - - [27/Jan/2021:10:15:33 +0800] "GET /xingrg/all/function/internal_message.html?_=1611713738008&CODE_STATE=getMsg HTTP/1.1" 200 27
114.88.166.193 - - [27/Jan/2021:10:15:34 +0800] "GET /xingrg/check_reg.html?_=1611713727407 HTTP/1.1" 200 22
114.88.166.193 - - [27/Jan/2021:10:15:34 +0800] "GET /xingrg/all/function/internal_message.html?_=1611713727406&CODE_STATE=getMsg HTTP/1.1" 200 27
