218.81.223.241 - - [27/Jan/2021:08:34:45 +0800] "GET /xingrg/all/function/internal_message.html?_=1611707683751&CODE_STATE=getMsg HTTP/1.1" 200 27
180.156.237.57 - - [27/Jan/2021:08:34:49 +0800] "GET /xingrg/kc/buy/cgsh_order_operate.html?command=get_materiel&rest_code=00150&code=00101007077&supplier_code=00100096&order_time=2021-01-27 HTTP/1.1" 200 435
58.40.7.146 - - [27/Jan/2021:08:34:50 +0800] "GET /xingrg/all/function/internal_message.html?_=1611707688844&CODE_STATE=getMsg HTTP/1.1" 200 27
180.156.237.57 - - [27/Jan/2021:08:34:52 +0800] "GET /xingrg/all/function/internal_message.html?_=1611707691733&CODE_STATE=getMsg HTTP/1.1" 200 27
180.156.237.57 - - [27/Jan/2021:08:34:59 +0800] "GET /xingrg/kc/buy/cgsh_order_operate.html?command=get_materiel&rest_code=00150&code=00101007059&supplier_code=00100096&order_time=2021-01-27 HTTP/1.1" 200 409
218.81.223.240 - - [27/Jan/2021:08:35:00 +0800] "GET /xingrg/check_reg.html?_=1611707696544 HTTP/1.1" 200 22
218.81.223.240 - - [27/Jan/2021:08:35:03 +0800] "GET /xingrg/all/function/internal_message.html?_=1611707698833&CODE_STATE=getMsg HTTP/1.1" 200 27
180.156.237.57 - - [27/Jan/2021:08:35:04 +0800] "GET /xingrg/all/function/internal_message.html?_=1611707680197&CODE_STATE=getMsg HTTP/1.1" 200 27
114.88.166.193 - - [27/Jan/2021:08:35:06 +0800] "GET /xingrg/all/function/internal_message.html?_=1611707703707&CODE_STATE=getMsg HTTP/1.1" 302 -
120.253.135.82 - - [27/Jan/2021:08:35:07 +0800] "GET /xingrg/all/function/internal_message.html?_=1611707752078&CODE_STATE=getMsg HTTP/1.1" 200 27
61.165.42.208 - - [27/Jan/2021:08:35:08 +0800] "GET /xingrg/all/function/internal_message.html?_=1611707708121&CODE_STATE=getMsg HTTP/1.1" 200 27
180.156.237.57 - - [27/Jan/2021:08:35:10 +0800] "GET /xingrg/kc/buy/cgsh_order_operate.html?command=get_materiel&rest_code=00150&code=00101007071&supplier_code=00100096&order_time=2021-01-27 HTTP/1.1" 200 417
61.165.42.208 - - [27/Jan/2021:08:35:14 +0800] "GET /xingrg/kc/buy/cgsh_order_operate.html?command=get_materiel&rest_code=00105&code=00101008136&supplier_code=00100203&order_time=2021-01-27 HTTP/1.1" 200 413
180.156.237.57 - - [27/Jan/2021:08:35:16 +0800] "GET /xingrg/kc/buy/cgsh_order_operate.html?command=get_materiel&rest_code=00150&code=00101007125&supplier_code=00100096&order_time=2021-01-27 HTTP/1.1" 200 406
61.165.42.208 - - [27/Jan/2021:08:35:21 +0800] "GET /xingrg/kc/buy/cgsh_order_operate.html?command=get_materiel&rest_code=00105&code=00101008357&supplier_code=00100203&order_time=2021-01-27 HTTP/1.1" 200 408
180.156.237.57 - - [27/Jan/2021:08:35:24 +0800] "GET /xingrg/kc/buy/cgsh_order_operate.html?command=get_materiel&rest_code=00150&code=00101007061&supplier_code=00100096&order_time=2021-01-27 HTTP/1.1" 200 409
61.165.42.208 - - [27/Jan/2021:08:35:27 +0800] "GET /xingrg/kc/buy/cgsh_order_operate.html?command=get_materiel&rest_code=00105&code=00101008069&supplier_code=00100203&order_time=2021-01-27 HTTP/1.1" 200 412
114.88.166.193 - - [27/Jan/2021:08:35:34 +0800] "GET /xingrg/check_reg.html?_=1611707727365 HTTP/1.1" 200 22
114.88.166.193 - - [27/Jan/2021:08:35:34 +0800] "GET /xingrg/all/function/internal_message.html?_=1611707727368&CODE_STATE=getMsg HTTP/1.1" 200 27
120.253.135.82 - - [27/Jan/2021:08:35:35 +0800] "GET /xingrg/check_reg.html?_=1611707496773 HTTP/1.1" 200 22
120.253.135.82 - - [27/Jan/2021:08:35:38 +0800] "GET /xingrg/all/function/internal_message.html?_=1611707499376&CODE_STATE=getMsg HTTP/1.1" 200 27
180.156.237.57 - - [27/Jan/2021:08:35:38 +0800] "GET /xingrg/kc/buy/cgsh_order_operate.html?command=get_materiel&rest_code=00150&code=00101007049&supplier_code=00100096&order_time=2021-01-27 HTTP/1.1" 200 409
61.165.42.208 - - [27/Jan/2021:08:35:41 +0800] "GET /xingrg/kc/buy/cgsh_order_operate.html?command=get_materiel&rest_code=00105&code=00101008036&supplier_code=00100203&order_time=2021-01-27 HTTP/1.1" 200 408
218.81.223.241 - - [27/Jan/2021:08:35:45 +0800] "GET /xingrg/all/function/internal_message.html?_=1611707743750&CODE_STATE=getMsg HTTP/1.1" 200 27
218.81.223.241 - - [27/Jan/2021:08:35:45 +0800] "GET /xingrg/check_reg.html?_=1611707743756 HTTP/1.1" 200 22
61.165.42.208 - - [27/Jan/2021:08:35:46 +0800] "POST /xingrg/kc/buy/cgsh_order_operate.html HTTP/1.1" 200 2065
180.156.237.57 - - [27/Jan/2021:08:35:48 +0800] "GET /xingrg/kc/buy/cgsh_order_operate.html?command=get_materiel&rest_code=00150&code=00101012025&supplier_code=00100096&order_time=2021-01-27 HTTP/1.1" 200 412
58.40.7.146 - - [27/Jan/2021:08:35:50 +0800] "GET /xingrg/all/function/internal_message.html?_=1611707748846&CODE_STATE=getMsg HTTP/1.1" 200 27
180.156.237.57 - - [27/Jan/2021:08:35:52 +0800] "GET /xingrg/all/function/internal_message.html?_=1611707751734&CODE_STATE=getMsg HTTP/1.1" 200 27
61.165.42.208 - - [27/Jan/2021:08:35:56 +0800] "GET /xingrg/kc/buy/cgsh_order_operate.html?command=get_materiel&rest_code=00105&code=00101008131&supplier_code=00100203&order_time=2021-01-27 HTTP/1.1" 200 408
114.88.166.193 - - [27/Jan/2021:08:35:59 +0800] "GET /xingrg/check_reg.html?_=1611707755644 HTTP/1.1" 302 -
218.81.223.240 - - [27/Jan/2021:08:36:03 +0800] "GET /xingrg/all/function/internal_message.html?_=1611707758846&CODE_STATE=getMsg HTTP/1.1" 200 27
180.156.237.57 - - [27/Jan/2021:08:36:04 +0800] "GET /xingrg/all/function/internal_message.html?_=1611707740210&CODE_STATE=getMsg HTTP/1.1" 200 27
114.88.166.193 - - [27/Jan/2021:08:36:06 +0800] "GET /xingrg/all/function/internal_message.html?_=1611707763720&CODE_STATE=getMsg HTTP/1.1" 302 -
120.253.135.82 - - [27/Jan/2021:08:36:07 +0800] "GET /xingrg/all/function/internal_message.html?_=1611707812096&CODE_STATE=getMsg HTTP/1.1" 200 27
61.165.42.208 - - [27/Jan/2021:08:36:08 +0800] "GET /xingrg/all/function/internal_message.html?_=1611707768119&CODE_STATE=getMsg HTTP/1.1" 200 27
180.156.237.57 - - [27/Jan/2021:08:36:09 +0800] "POST /xingrg/kc/buy/cgsh_order_operate.html HTTP/1.1" 200 37
61.165.42.208 - - [27/Jan/2021:08:36:10 +0800] "GET /xingrg/kc/buy/cgsh_order_operate.html?command=get_materiel&rest_code=00105&code=00101008108&supplier_code=00100203&order_time=2021-01-27 HTTP/1.1" 200 412
180.156.237.57 - - [27/Jan/2021:08:36:13 +0800] "POST /xingrg/kc/buy/cgsh_order_operate.html HTTP/1.1" 200 12
61.165.42.208 - - [27/Jan/2021:08:36:16 +0800] "GET /xingrg/kc/buy/cgsh_order_operate.html?command=get_materiel&rest_code=00105&code=00101008318&supplier_code=00100203&order_time=2021-01-27 HTTP/1.1" 200 408
61.165.42.208 - - [27/Jan/2021:08:36:23 +0800] "GET /xingrg/kc/buy/cgsh_order_operate.html?command=get_materiel&rest_code=00105&code=00101008353&supplier_code=00100203&order_time=2021-01-27 HTTP/1.1" 200 408
61.165.42.208 - - [27/Jan/2021:08:36:29 +0800] "GET /xingrg/kc/buy/cgsh_order_operate.html?command=get_materiel&rest_code=00105&code=00101008298&supplier_code=00100203&order_time=2021-01-27 HTTP/1.1" 200 413
180.156.237.57 - - [27/Jan/2021:08:36:31 +0800] "GET /xingrg/kc/buy/cgsh_order_info.html?code=212021012712511 HTTP/1.1" 200 56787
180.156.237.57 - - [27/Jan/2021:08:36:31 +0800] "GET /xingrg/javascript/easyui/themes/default/validatebox.css HTTP/1.1" 404 1104
180.156.237.57 - - [27/Jan/2021:08:36:31 +0800] "POST /xingrg/kc/buy/cgsh_order_operate.html HTTP/1.1" 200 9512
180.156.237.57 - - [27/Jan/2021:08:36:33 +0800] "GET /xingrg/kc/print/load_data.html?order_code=212021012712511&kc_code=cgsh&condition= HTTP/1.1" 200 4081
114.88.166.193 - - [27/Jan/2021:08:36:34 +0800] "GET /xingrg/all/function/internal_message.html?_=1611707787353&CODE_STATE=getMsg HTTP/1.1" 200 27
61.165.42.208 - - [27/Jan/2021:08:36:35 +0800] "GET /xingrg/kc/buy/cgsh_order_operate.html?command=get_materiel&rest_code=00105&code=00101008119&supplier_code=00100203&order_time=2021-01-27 HTTP/1.1" 200 412
120.253.135.82 - - [27/Jan/2021:08:36:38 +0800] "GET /xingrg/all/function/internal_message.html?_=1611707559390&CODE_STATE=getMsg HTTP/1.1" 200 27
61.165.42.208 - - [27/Jan/2021:08:36:42 +0800] "GET /xingrg/kc/buy/cgsh_order_operate.html?command=get_materiel&rest_code=00105&code=00101008197&supplier_code=00100203&order_time=2021-01-27 HTTP/1.1" 200 416
218.81.223.241 - - [27/Jan/2021:08:36:45 +0800] "GET /xingrg/all/function/internal_message.html?_=1611707803755&CODE_STATE=getMsg HTTP/1.1" 200 27
58.40.7.146 - - [27/Jan/2021:08:36:50 +0800] "GET /xingrg/all/function/internal_message.html?_=1611707808848&CODE_STATE=getMsg HTTP/1.1" 200 27
58.40.7.146 - - [27/Jan/2021:08:36:50 +0800] "GET /xingrg/check_reg.html?_=1611707808850 HTTP/1.1" 200 22
58.221.95.50 - - [27/Jan/2021:08:36:50 +0800] "GET /xingrg/check_reg.html?_=1611707809490 HTTP/1.1" 302 -
180.156.237.57 - - [27/Jan/2021:08:36:52 +0800] "GET /xingrg/all/function/internal_message.html?_=1611707811723&CODE_STATE=getMsg HTTP/1.1" 200 27
61.165.42.208 - - [27/Jan/2021:08:36:54 +0800] "GET /xingrg/kc/buy/cgsh_order_operate.html?command=get_materiel&rest_code=00105&code=00101008186&supplier_code=00100203&order_time=2021-01-27 HTTP/1.1" 200 408
61.165.42.208 - - [27/Jan/2021:08:36:59 +0800] "POST /xingrg/kc/buy/cgsh_order_operate.html HTTP/1.1" 200 2065
61.165.42.208 - - [27/Jan/2021:08:37:01 +0800] "POST /xingrg/kc/buy/cgsh_order_operate.html HTTP/1.1" 200 2065
218.81.223.240 - - [27/Jan/2021:08:37:03 +0800] "GET /xingrg/all/function/internal_message.html?_=1611707818860&CODE_STATE=getMsg HTTP/1.1" 200 27
180.156.237.57 - - [27/Jan/2021:08:37:04 +0800] "GET /xingrg/check_reg.html?_=1611707800162 HTTP/1.1" 200 22
180.156.237.57 - - [27/Jan/2021:08:37:04 +0800] "GET /xingrg/all/function/internal_message.html?_=1611707800228&CODE_STATE=getMsg HTTP/1.1" 200 27
114.88.166.193 - - [27/Jan/2021:08:37:07 +0800] "GET /xingrg/all/function/internal_message.html?_=1611707824348&CODE_STATE=getMsg HTTP/1.1" 302 -
61.165.42.208 - - [27/Jan/2021:08:37:08 +0800] "GET /xingrg/check_reg.html?_=1611707828114 HTTP/1.1" 200 22
61.165.42.208 - - [27/Jan/2021:08:37:08 +0800] "GET /xingrg/all/function/internal_message.html?_=1611707828116&CODE_STATE=getMsg HTTP/1.1" 200 27
120.253.135.82 - - [27/Jan/2021:08:37:08 +0800] "GET /xingrg/all/function/internal_message.html?_=1611707872105&CODE_STATE=getMsg HTTP/1.1" 200 27
61.165.42.208 - - [27/Jan/2021:08:37:22 +0800] "GET /xingrg/kc/buy/cgsh_order_operate.html?command=get_materiel&rest_code=00105&code=00101008051&supplier_code=00100203&order_time=2021-01-27 HTTP/1.1" 200 409
61.165.42.208 - - [27/Jan/2021:08:37:31 +0800] "GET /xingrg/kc/buy/cgsh_order_operate.html?command=get_materiel&rest_code=00105&code=00101008003&supplier_code=00100203&order_time=2021-01-27 HTTP/1.1" 200 408
114.88.166.193 - - [27/Jan/2021:08:37:34 +0800] "GET /xingrg/all/function/internal_message.html?_=1611707847354&CODE_STATE=getMsg HTTP/1.1" 200 27
61.165.42.208 - - [27/Jan/2021:08:37:37 +0800] "GET /xingrg/kc/buy/cgsh_order_operate.html?command=get_materiel&rest_code=00105&code=00101008361&supplier_code=00100203&order_time=2021-01-27 HTTP/1.1" 200 408
120.253.135.82 - - [27/Jan/2021:08:37:38 +0800] "GET /xingrg/all/function/internal_message.html?_=1611707619404&CODE_STATE=getMsg HTTP/1.1" 200 27
61.165.42.208 - - [27/Jan/2021:08:37:44 +0800] "GET /xingrg/kc/buy/cgsh_order_operate.html?command=get_materiel&rest_code=00105&code=00101008067&supplier_code=00100203&order_time=2021-01-27 HTTP/1.1" 200 416
218.81.223.241 - - [27/Jan/2021:08:37:45 +0800] "GET /xingrg/all/function/internal_message.html?_=1611707863756&CODE_STATE=getMsg HTTP/1.1" 200 27
58.40.7.146 - - [27/Jan/2021:08:37:50 +0800] "GET /xingrg/all/function/internal_message.html?_=1611707868852&CODE_STATE=getMsg HTTP/1.1" 200 27
61.165.42.208 - - [27/Jan/2021:08:37:51 +0800] "GET /xingrg/kc/buy/cgsh_order_operate.html?command=get_materiel&rest_code=00105&code=00101008356&supplier_code=00100203&order_time=2021-01-27 HTTP/1.1" 200 409
180.156.237.57 - - [27/Jan/2021:08:37:52 +0800] "GET /xingrg/all/function/internal_message.html?_=1611707871754&CODE_STATE=getMsg HTTP/1.1" 200 27
180.156.237.57 - - [27/Jan/2021:08:37:52 +0800] "GET /xingrg/check_reg.html?_=1611707871759 HTTP/1.1" 200 22
218.81.223.240 - - [27/Jan/2021:08:38:03 +0800] "GET /xingrg/all/function/internal_message.html?_=1611707878947&CODE_STATE=getMsg HTTP/1.1" 200 27
180.156.237.57 - - [27/Jan/2021:08:38:04 +0800] "GET /xingrg/all/function/internal_message.html?_=1611707860236&CODE_STATE=getMsg HTTP/1.1" 200 27
114.88.166.193 - - [27/Jan/2021:08:38:07 +0800] "GET /xingrg/all/function/internal_message.html?_=1611707884358&CODE_STATE=getMsg HTTP/1.1" 302 -
120.253.135.82 - - [27/Jan/2021:08:38:07 +0800] "GET /xingrg/all/function/internal_message.html?_=1611707932123&CODE_STATE=getMsg HTTP/1.1" 200 27
61.165.42.208 - - [27/Jan/2021:08:38:08 +0800] "GET /xingrg/all/function/internal_message.html?_=1611707888110&CODE_STATE=getMsg HTTP/1.1" 200 27
61.165.42.208 - - [27/Jan/2021:08:38:09 +0800] "GET /xingrg/kc/buy/cgsh_order_operate.html?command=get_materiel&rest_code=00105&code=00101008286&supplier_code=00100203&order_time=2021-01-27 HTTP/1.1" 200 408
222.69.137.221 - - [27/Jan/2021:08:38:17 +0800] "GET /xingrg/index.html?sysBaseUrl=http%3A%2F%2F180.169.147.146%3A18081%2Fxingrg%2F&costTime=52×tamp=1591679117969 HTTP/1.1" 302 -
222.69.137.221 - - [27/Jan/2021:08:38:17 +0800] "GET /xingrg/login.html HTTP/1.1" 200 7641
222.69.137.221 - - [27/Jan/2021:08:38:18 +0800] "GET /favicon.ico HTTP/1.1" 404 -
61.165.42.208 - - [27/Jan/2021:08:38:20 +0800] "POST /xingrg/kc/buy/cgsh_order_operate.html HTTP/1.1" 200 2065
222.69.137.221 - - [27/Jan/2021:08:38:21 +0800] "GET /xingrg/index.html?sysBaseUrl=http%3A%2F%2F180.169.147.146%3A18081%2Fxingrg%2F&costTime=52×tamp=1591679117969 HTTP/1.1" 302 -
222.69.137.221 - - [27/Jan/2021:08:38:21 +0800] "GET /xingrg/login.html HTTP/1.1" 200 7641
222.69.137.221 - - [27/Jan/2021:08:38:21 +0800] "GET /favicon.ico HTTP/1.1" 404 -
61.165.42.208 - - [27/Jan/2021:08:38:22 +0800] "POST /xingrg/kc/buy/cgsh_order_operate.html HTTP/1.1" 200 2065
222.69.137.221 - - [27/Jan/2021:08:38:23 +0800] "POST /xingrg/login.do HTTP/1.1" 302 -
222.69.137.221 - - [27/Jan/2021:08:38:23 +0800] "GET /xingrg/index.html?sysBaseUrl=http%3A%2F%2F180.169.147.146%3A18081%2Fxingrg%2F&costTime=50×tamp=1611707903342 HTTP/1.1" 200 17179
222.69.137.221 - - [27/Jan/2021:08:38:23 +0800] "GET /favicon.ico HTTP/1.1" 404 -
222.69.137.221 - - [27/Jan/2021:08:38:23 +0800] "POST /xingrg/all/common/load_tree.html?tree=area_rest_tree_json&manage=1 HTTP/1.1" 200 351
222.69.137.221 - - [27/Jan/2021:08:38:23 +0800] "GET /xingrg/all/function/internal_message.html?_=1611707900020&CODE_STATE=count HTTP/1.1" 200 11
222.69.137.221 - - [27/Jan/2021:08:38:23 +0800] "GET /xingrg/check_reg.html?_=1611707900026 HTTP/1.1" 200 22
222.69.137.221 - - [27/Jan/2021:08:38:23 +0800] "POST /xingrg/load_menu.html HTTP/1.1" 200 5138
114.88.166.193 - - [27/Jan/2021:08:38:34 +0800] "GET /xingrg/all/function/internal_message.html?_=1611707907355&CODE_STATE=getMsg HTTP/1.1" 200 27
120.253.135.82 - - [27/Jan/2021:08:38:38 +0800] "GET /xingrg/all/function/internal_message.html?_=1611707679560&CODE_STATE=getMsg HTTP/1.1" 200 27
218.81.223.241 - - [27/Jan/2021:08:38:45 +0800] "GET /xingrg/all/function/internal_message.html?_=1611707923756&CODE_STATE=getMsg HTTP/1.1" 200 27
61.165.42.208 - - [27/Jan/2021:08:38:45 +0800] "GET /xingrg/kc/buy/cgsh_order_operate.html?command=get_materiel&rest_code=00105&code=00101008213&supplier_code=00100203&order_time=2021-01-27 HTTP/1.1" 200 412
58.40.7.146 - - [27/Jan/2021:08:38:50 +0800] "GET /xingrg/all/function/internal_message.html?_=1611707928855&CODE_STATE=getMsg HTTP/1.1" 200 27
180.156.237.57 - - [27/Jan/2021:08:38:52 +0800] "GET /xingrg/all/function/internal_message.html?_=1611707931759&CODE_STATE=getMsg HTTP/1.1" 200 27
120.253.135.82 - - [27/Jan/2021:08:38:53 +0800] "GET /xingrg/check_reg.html?_=1611707977907 HTTP/1.1" 200 22
61.165.42.208 - - [27/Jan/2021:08:38:53 +0800] "GET /xingrg/kc/buy/cgsh_order_operate.html?command=get_materiel&rest_code=00105&code=00101008242&supplier_code=00100203&order_time=2021-01-27 HTTP/1.1" 200 408
172.20.0.100 - - [27/Jan/2021:08:38:59 +0800] "GET /xingrg/check_reg.html?_=1611707935850 HTTP/1.1" 200 22
218.81.223.240 - - [27/Jan/2021:08:39:03 +0800] "GET /xingrg/all/function/internal_message.html?_=1611707938950&CODE_STATE=getMsg HTTP/1.1" 200 27
180.156.237.57 - - [27/Jan/2021:08:39:04 +0800] "GET /xingrg/all/function/internal_message.html?_=1611707920251&CODE_STATE=getMsg HTTP/1.1" 200 27
61.165.42.208 - - [27/Jan/2021:08:39:05 +0800] "GET /xingrg/kc/buy/cgsh_order_operate.html?command=get_materiel&rest_code=00105&code=00101008025&supplier_code=00100203&order_time=2021-01-27 HTTP/1.1" 200 409
120.253.135.82 - - [27/Jan/2021:08:39:07 +0800] "GET /xingrg/all/function/internal_message.html?_=1611707992134&CODE_STATE=getMsg HTTP/1.1" 200 27
114.88.166.193 - - [27/Jan/2021:08:39:08 +0800] "GET /xingrg/all/function/internal_message.html?_=1611707945026&CODE_STATE=getMsg HTTP/1.1" 302 -
61.165.42.208 - - [27/Jan/2021:08:39:08 +0800] "GET /xingrg/all/function/internal_message.html?_=1611707948206&CODE_STATE=getMsg HTTP/1.1" 200 27
61.165.42.208 - - [27/Jan/2021:08:39:14 +0800] "GET /xingrg/kc/buy/cgsh_order_operate.html?command=get_materiel&rest_code=00105&code=00101008274&supplier_code=00100203&order_time=2021-01-27 HTTP/1.1" 200 412
222.70.209.13 - - [27/Jan/2021:08:39:21 +0800] "POST /xingrg/services/DataTransmitService HTTP/1.1" 200 524
222.70.209.13 - - [27/Jan/2021:08:39:21 +0800] "POST /xingrg/services/DataTransmitService HTTP/1.1" 200 501
222.69.137.221 - - [27/Jan/2021:08:39:23 +0800] "GET /xingrg/all/function/internal_message.html?_=1611707960037&CODE_STATE=getMsg HTTP/1.1" 200 27
61.165.42.208 - - [27/Jan/2021:08:39:30 +0800] "GET /xingrg/kc/buy/cgsh_order_operate.html?command=get_materiel&rest_code=00105&code=00101015026&supplier_code=00100203&order_time=2021-01-27 HTTP/1.1" 200 412
114.88.166.193 - - [27/Jan/2021:08:39:34 +0800] "GET /xingrg/all/function/internal_message.html?_=1611707967356&CODE_STATE=getMsg HTTP/1.1" 200 27
120.253.135.82 - - [27/Jan/2021:08:39:38 +0800] "GET /xingrg/all/function/internal_message.html?_=1611707739572&CODE_STATE=getMsg HTTP/1.1" 200 27
218.81.223.241 - - [27/Jan/2021:08:39:45 +0800] "GET /xingrg/all/function/internal_message.html?_=1611707983758&CODE_STATE=getMsg HTTP/1.1" 200 27
61.165.42.208 - - [27/Jan/2021:08:39:47 +0800] "GET /xingrg/kc/buy/cgsh_order_operate.html?command=get_materiel&rest_code=00105&code=00101015062&supplier_code=00100203&order_time=2021-01-27 HTTP/1.1" 200 412
58.40.7.146 - - [27/Jan/2021:08:39:50 +0800] "GET /xingrg/all/function/internal_message.html?_=1611707988860&CODE_STATE=getMsg HTTP/1.1" 200 27
180.156.237.57 - - [27/Jan/2021:08:39:52 +0800] "GET /xingrg/all/function/internal_message.html?_=1611707991767&CODE_STATE=getMsg HTTP/1.1" 200 27
61.165.42.208 - - [27/Jan/2021:08:39:53 +0800] "GET /xingrg/kc/buy/cgsh_order_operate.html?command=get_materiel&rest_code=00105&code=00102012060&supplier_code=00100203&order_time=2021-01-27 HTTP/1.1" 200 411
218.81.223.240 - - [27/Jan/2021:08:40:00 +0800] "GET /xingrg/check_reg.html?_=1611707996627 HTTP/1.1" 200 22
180.169.147.146 - - [27/Jan/2021:08:40:02 +0800] "GET /favicon.ico HTTP/1.1" 404 -
218.81.223.240 - - [27/Jan/2021:08:40:03 +0800] "GET /xingrg/all/function/internal_message.html?_=1611707998963&CODE_STATE=getMsg HTTP/1.1" 200 27
180.156.237.57 - - [27/Jan/2021:08:40:04 +0800] "GET /xingrg/all/function/internal_message.html?_=1611707980313&CODE_STATE=getMsg HTTP/1.1" 200 27
120.253.135.82 - - [27/Jan/2021:08:40:07 +0800] "GET /xingrg/all/function/internal_message.html?_=1611708052146&CODE_STATE=getMsg HTTP/1.1" 200 27
114.88.166.193 - - [27/Jan/2021:08:40:08 +0800] "GET /xingrg/all/function/internal_message.html?_=1611708005039&CODE_STATE=getMsg HTTP/1.1" 302 -
61.165.42.208 - - [27/Jan/2021:08:40:08 +0800] "GET /xingrg/all/function/internal_message.html?_=1611708008124&CODE_STATE=getMsg HTTP/1.1" 200 27
61.165.42.208 - - [27/Jan/2021:08:40:15 +0800] "GET /xingrg/kc/buy/cgsh_order_operate.html?command=get_materiel&rest_code=00105&code=00101008350&supplier_code=00100203&order_time=2021-01-27 HTTP/1.1" 200 408
61.165.42.208 - - [27/Jan/2021:08:40:20 +0800] "POST /xingrg/kc/buy/cgsh_order_operate.html HTTP/1.1" 200 2065
222.69.137.221 - - [27/Jan/2021:08:40:23 +0800] "GET /xingrg/all/function/internal_message.html?_=1611708020032&CODE_STATE=getMsg HTTP/1.1" 200 27
61.165.42.208 - - [27/Jan/2021:08:40:25 +0800] "POST /xingrg/kc/buy/cgsh_order_operate.html HTTP/1.1" 200 2065
114.88.166.193 - - [27/Jan/2021:08:40:34 +0800] "GET /xingrg/all/function/internal_message.html?_=1611708027354&CODE_STATE=getMsg HTTP/1.1" 200 27
114.88.166.193 - - [27/Jan/2021:08:40:34 +0800] "GET /xingrg/check_reg.html?_=1611708027357 HTTP/1.1" 200 22
120.253.135.82 - - [27/Jan/2021:08:40:36 +0800] "GET /xingrg/check_reg.html?_=1611707796922 HTTP/1.1" 200 22
120.253.135.82 - - [27/Jan/2021:08:40:38 +0800] "GET /xingrg/all/function/internal_message.html?_=1611707799586&CODE_STATE=getMsg HTTP/1.1" 200 27
218.81.223.241 - - [27/Jan/2021:08:40:45 +0800] "GET /xingrg/all/function/internal_message.html?_=1611708043757&CODE_STATE=getMsg HTTP/1.1" 200 27
218.81.223.241 - - [27/Jan/2021:08:40:45 +0800] "GET /xingrg/check_reg.html?_=1611708043760 HTTP/1.1" 200 22
58.40.7.146 - - [27/Jan/2021:08:40:50 +0800] "GET /xingrg/all/function/internal_message.html?_=1611708048848&CODE_STATE=getMsg HTTP/1.1" 200 27
180.156.237.57 - - [27/Jan/2021:08:40:52 +0800] "GET /xingrg/all/function/internal_message.html?_=1611708051758&CODE_STATE=getMsg HTTP/1.1" 200 27
61.165.42.208 - - [27/Jan/2021:08:40:54 +0800] "POST /xingrg/services/DataTransmitService HTTP/1.1" 200 524
114.88.166.193 - - [27/Jan/2021:08:41:00 +0800] "GET /xingrg/check_reg.html?_=1611708056274 HTTP/1.1" 302 -
61.165.42.208 - - [27/Jan/2021:08:41:01 +0800] "POST /xingrg/services/DataTransmitService HTTP/1.1" 200 501
61.165.42.208 - - [27/Jan/2021:08:41:01 +0800] "POST /xingrg/services/DataTransmitService HTTP/1.1" 200 501
61.165.42.208 - - [27/Jan/2021:08:41:02 +0800] "POST /xingrg/services/DataTransmitService HTTP/1.1" 200 501
218.81.223.240 - - [27/Jan/2021:08:41:03 +0800] "GET /xingrg/all/function/internal_message.html?_=1611708058977&CODE_STATE=getMsg HTTP/1.1" 200 27
61.165.42.208 - - [27/Jan/2021:08:41:03 +0800] "POST /xingrg/services/DataTransmitService HTTP/1.1" 200 501
61.165.42.208 - - [27/Jan/2021:08:41:03 +0800] "POST /xingrg/services/DataTransmitService HTTP/1.1" 200 501
61.165.42.208 - - [27/Jan/2021:08:41:04 +0800] "POST /xingrg/services/DataTransmitService HTTP/1.1" 200 501
180.156.237.57 - - [27/Jan/2021:08:41:04 +0800] "GET /xingrg/all/function/internal_message.html?_=1611708040324&CODE_STATE=getMsg HTTP/1.1" 200 27
61.165.42.208 - - [27/Jan/2021:08:41:04 +0800] "POST /xingrg/services/DataTransmitService HTTP/1.1" 200 501
61.165.42.208 - - [27/Jan/2021:08:41:05 +0800] "POST /xingrg/services/DataTransmitService HTTP/1.1" 200 501
61.165.42.208 - - [27/Jan/2021:08:41:06 +0800] "POST /xingrg/services/DataTransmitService HTTP/1.1" 200 501
120.253.135.82 - - [27/Jan/2021:08:41:07 +0800] "GET /xingrg/all/function/internal_message.html?_=1611708112167&CODE_STATE=getMsg HTTP/1.1" 200 27
114.88.166.193 - - [27/Jan/2021:08:41:08 +0800] "GET /xingrg/all/function/internal_message.html?_=1611708065051&CODE_STATE=getMsg HTTP/1.1" 302 -
61.165.42.208 - - [27/Jan/2021:08:41:08 +0800] "GET /xingrg/all/function/internal_message.html?_=1611708068217&CODE_STATE=getMsg HTTP/1.1" 200 27
61.165.42.208 - - [27/Jan/2021:08:41:09 +0800] "GET /xingrg/kc/buy/cgsh_order_operate.html?command=get_materiel&rest_code=00105&code=00101008114&supplier_code=00100203&order_time=2021-01-27 HTTP/1.1" 200 413
61.165.42.208 - - [27/Jan/2021:08:41:09 +0800] "POST /xingrg/services/DataTransmitService HTTP/1.1" 200 412
61.165.42.208 - - [27/Jan/2021:08:41:21 +0800] "GET /xingrg/kc/buy/cgsh_order_operate.html?command=get_materiel&rest_code=00105&code=00101008236&supplier_code=00100203&order_time=2021-01-27 HTTP/1.1" 200 417
222.69.137.221 - - [27/Jan/2021:08:41:23 +0800] "GET /xingrg/all/function/internal_message.html?_=1611708080034&CODE_STATE=getMsg HTTP/1.1" 200 27
61.165.42.208 - - [27/Jan/2021:08:41:31 +0800] "GET /xingrg/kc/buy/cgsh_order_operate.html?command=get_materiel&rest_code=00105&code=00101008248&supplier_code=00100203&order_time=2021-01-27 HTTP/1.1" 200 412
114.88.166.193 - - [27/Jan/2021:08:41:34 +0800] "GET /xingrg/all/function/internal_message.html?_=1611708087359&CODE_STATE=getMsg HTTP/1.1" 200 27
120.253.135.82 - - [27/Jan/2021:08:41:38 +0800] "GET /xingrg/all/function/internal_message.html?_=1611707859599&CODE_STATE=getMsg HTTP/1.1" 200 27
61.165.42.208 - - [27/Jan/2021:08:41:42 +0800] "GET /xingrg/kc/buy/cgsh_order_operate.html?command=get_materiel&rest_code=00105&code=00101008261&supplier_code=00100203&order_time=2021-01-27 HTTP/1.1" 200 408
218.81.223.241 - - [27/Jan/2021:08:41:45 +0800] "GET /xingrg/all/function/internal_message.html?_=1611708103760&CODE_STATE=getMsg HTTP/1.1" 200 27
58.40.7.146 - - [27/Jan/2021:08:41:50 +0800] "GET /xingrg/all/function/internal_message.html?_=1611708108849&CODE_STATE=getMsg HTTP/1.1" 200 27
58.40.7.146 - - [27/Jan/2021:08:41:50 +0800] "GET /xingrg/check_reg.html?_=1611708108856 HTTP/1.1" 200 22
58.221.95.50 - - [27/Jan/2021:08:41:50 +0800] "GET /xingrg/check_reg.html?_=1611708109512 HTTP/1.1" 302 -
61.165.42.208 - - [27/Jan/2021:08:41:51 +0800] "GET /xingrg/kc/buy/cgsh_order_operate.html?command=get_materiel&rest_code=00105&code=00101008358&supplier_code=00100203&order_time=2021-01-27 HTTP/1.1" 200 412
180.156.237.57 - - [27/Jan/2021:08:41:52 +0800] "GET /xingrg/all/function/internal_message.html?_=1611708111760&CODE_STATE=getMsg HTTP/1.1" 200 27
58.37.230.33 - - [27/Jan/2021:08:41:56 +0800] "POST /xingrg/services/DataTransmitService HTTP/1.1" 200 524
61.165.42.208 - - [27/Jan/2021:08:41:58 +0800] "GET /xingrg/kc/buy/cgsh_order_operate.html?command=get_materiel&rest_code=00105&code=00101008246&supplier_code=00100203&order_time=2021-01-27 HTTP/1.1" 200 408
218.81.223.240 - - [27/Jan/2021:08:42:03 +0800] "GET /xingrg/all/function/internal_message.html?_=1611708118991&CODE_STATE=getMsg HTTP/1.1" 200 27
180.156.237.57 - - [27/Jan/2021:08:42:04 +0800] "GET /xingrg/check_reg.html?_=1611708100285 HTTP/1.1" 200 22
180.156.237.57 - - [27/Jan/2021:08:42:04 +0800] "GET /xingrg/all/function/internal_message.html?_=1611708100338&CODE_STATE=getMsg HTTP/1.1" 200 27
61.165.42.208 - - [27/Jan/2021:08:42:07 +0800] "GET /xingrg/kc/buy/cgsh_order_operate.html?command=get_materiel&rest_code=00105&code=00101008141&supplier_code=00100203&order_time=2021-01-27 HTTP/1.1" 200 412
120.253.135.82 - - [27/Jan/2021:08:42:07 +0800] "GET /xingrg/all/function/internal_message.html?_=1611708172174&CODE_STATE=getMsg HTTP/1.1" 200 27
61.165.42.208 - - [27/Jan/2021:08:42:08 +0800] "GET /xingrg/check_reg.html?_=1611708128110 HTTP/1.1" 200 22
61.165.42.208 - - [27/Jan/2021:08:42:08 +0800] "GET /xingrg/all/function/internal_message.html?_=1611708128113&CODE_STATE=getMsg HTTP/1.1" 200 27
114.88.166.193 - - [27/Jan/2021:08:42:08 +0800] "GET /xingrg/all/function/internal_message.html?_=1611708125685&CODE_STATE=getMsg HTTP/1.1" 302 -
61.165.42.208 - - [27/Jan/2021:08:42:13 +0800] "GET /xingrg/kc/buy/cgsh_order_operate.html?command=get_materiel&rest_code=00105&code=00101008087&supplier_code=00100203&order_time=2021-01-27 HTTP/1.1" 200 432
61.165.42.208 - - [27/Jan/2021:08:42:21 +0800] "GET /xingrg/kc/buy/cgsh_order_operate.html?command=get_materiel&rest_code=00105&code=00101008212&supplier_code=00100203&order_time=2021-01-27 HTTP/1.1" 200 412
222.69.137.221 - - [27/Jan/2021:08:42:23 +0800] "GET /xingrg/all/function/internal_message.html?_=1611708140040&CODE_STATE=getMsg HTTP/1.1" 200 27
114.88.166.193 - - [27/Jan/2021:08:42:34 +0800] "GET /xingrg/all/function/internal_message.html?_=1611708147359&CODE_STATE=getMsg HTTP/1.1" 200 27
120.253.135.82 - - [27/Jan/2021:08:42:38 +0800] "GET /xingrg/all/function/internal_message.html?_=1611707919612&CODE_STATE=getMsg HTTP/1.1" 200 27
218.81.223.241 - - [27/Jan/2021:08:42:45 +0800] "GET /xingrg/all/function/internal_message.html?_=1611708163759&CODE_STATE=getMsg HTTP/1.1" 200 27
58.40.7.146 - - [27/Jan/2021:08:42:50 +0800] "GET /xingrg/all/function/internal_message.html?_=1611708168861&CODE_STATE=getMsg HTTP/1.1" 200 27
180.156.237.57 - - [27/Jan/2021:08:42:52 +0800] "GET /xingrg/all/function/internal_message.html?_=1611708171765&CODE_STATE=getMsg HTTP/1.1" 200 27
180.156.237.57 - - [27/Jan/2021:08:42:52 +0800] "GET /xingrg/check_reg.html?_=1611708171791 HTTP/1.1" 200 22
61.165.42.208 - - [27/Jan/2021:08:42:52 +0800] "POST /xingrg/kc/buy/cgsh_order_operate.html HTTP/1.1" 200 37
61.165.42.208 - - [27/Jan/2021:08:43:00 +0800] "POST /xingrg/kc/buy/cgsh_order_operate.html HTTP/1.1" 200 34585
61.165.42.208 - - [27/Jan/2021:08:43:01 +0800] "GET /xingrg/kc/buy/cgsh_order_add.html HTTP/1.1" 200 62002
61.165.42.208 - - [27/Jan/2021:08:43:02 +0800] "POST /xingrg/kc/buy/cgsh_order_operate.html HTTP/1.1" 200 8245
61.165.42.208 - - [27/Jan/2021:08:43:02 +0800] "GET /xingrg/javascript/easyui/themes/default/validatebox.css HTTP/1.1" 404 1104
218.81.223.240 - - [27/Jan/2021:08:43:03 +0800] "GET /xingrg/all/function/internal_message.html?_=1611708179083&CODE_STATE=getMsg HTTP/1.1" 200 27
180.156.237.57 - - [27/Jan/2021:08:43:04 +0800] "GET /xingrg/all/function/internal_message.html?_=1611708160352&CODE_STATE=getMsg HTTP/1.1" 200 27
120.253.135.82 - - [27/Jan/2021:08:43:08 +0800] "GET /xingrg/all/function/internal_message.html?_=1611708232192&CODE_STATE=getMsg HTTP/1.1" 200 27
61.165.42.208 - - [27/Jan/2021:08:43:08 +0800] "GET /xingrg/all/function/internal_message.html?_=1611708188172&CODE_STATE=getMsg HTTP/1.1" 200 27
114.88.166.193 - - [27/Jan/2021:08:43:08 +0800] "GET /xingrg/all/function/internal_message.html?_=1611708185700&CODE_STATE=getMsg HTTP/1.1" 302 -
61.165.42.208 - - [27/Jan/2021:08:43:11 +0800] "GET /xingrg/kc/buy/cgsh_order_operate.html?command=get_materiel&rest_code=00105&code=00101002027&supplier_code=00100397&order_time=2021-01-27 HTTP/1.1" 200 434
222.69.137.221 - - [27/Jan/2021:08:43:23 +0800] "GET /xingrg/check_reg.html?_=1611708200040 HTTP/1.1" 200 22
222.69.137.221 - - [27/Jan/2021:08:43:23 +0800] "GET /xingrg/all/function/internal_message.html?_=1611708200043&CODE_STATE=getMsg HTTP/1.1" 200 27
61.165.42.208 - - [27/Jan/2021:08:43:32 +0800] "GET /xingrg/kc/buy/cgsh_order_operate.html?command=get_materiel&rest_code=00105&code=00101001010&supplier_code=00100397&order_time=2021-01-27 HTTP/1.1" 200 408
114.88.166.193 - - [27/Jan/2021:08:43:34 +0800] "GET /xingrg/all/function/internal_message.html?_=1611708207358&CODE_STATE=getMsg HTTP/1.1" 200 27
120.253.135.82 - - [27/Jan/2021:08:43:38 +0800] "GET /xingrg/all/function/internal_message.html?_=1611707979772&CODE_STATE=getMsg HTTP/1.1" 200 27
218.81.223.241 - - [27/Jan/2021:08:43:45 +0800] "GET /xingrg/all/function/internal_message.html?_=1611708223758&CODE_STATE=getMsg HTTP/1.1" 200 27
58.40.7.146 - - [27/Jan/2021:08:43:50 +0800] "GET /xingrg/all/function/internal_message.html?_=1611708228849&CODE_STATE=getMsg HTTP/1.1" 200 27
180.156.237.57 - - [27/Jan/2021:08:43:52 +0800] "GET /xingrg/all/function/internal_message.html?_=1611708231780&CODE_STATE=getMsg HTTP/1.1" 200 27
120.253.135.82 - - [27/Jan/2021:08:43:53 +0800] "GET /xingrg/check_reg.html?_=1611708277913 HTTP/1.1" 200 22
61.165.42.208 - - [27/Jan/2021:08:43:58 +0800] "POST /xingrg/services/DataTransmitService HTTP/1.1" 200 524
61.165.42.208 - - [27/Jan/2021:08:43:58 +0800] "POST /xingrg/services/DataTransmitService HTTP/1.1" 200 2231
172.20.0.100 - - [27/Jan/2021:08:43:59 +0800] "GET /xingrg/check_reg.html?_=1611708235828 HTTP/1.1" 200 22
61.165.42.208 - - [27/Jan/2021:08:43:59 +0800] "POST /xingrg/services/DataTransmitService HTTP/1.1" 200 145252
218.81.223.240 - - [27/Jan/2021:08:44:03 +0800] "GET /xingrg/all/function/internal_message.html?_=1611708239096&CODE_STATE=getMsg HTTP/1.1" 200 27
180.156.237.57 - - [27/Jan/2021:08:44:04 +0800] "GET /xingrg/all/function/internal_message.html?_=1611708220365&CODE_STATE=getMsg HTTP/1.1" 200 27
120.253.135.82 - - [27/Jan/2021:08:44:08 +0800] "GET /xingrg/all/function/internal_message.html?_=1611708292201&CODE_STATE=getMsg HTTP/1.1" 200 27
61.165.42.208 - - [27/Jan/2021:08:44:08 +0800] "GET /xingrg/all/function/internal_message.html?_=1611708248167&CODE_STATE=getMsg HTTP/1.1" 200 27
114.88.166.193 - - [27/Jan/2021:08:44:09 +0800] "GET /xingrg/all/function/internal_message.html?_=1611708246402&CODE_STATE=getMsg HTTP/1.1" 302 -
61.165.42.208 - - [27/Jan/2021:08:44:13 +0800] "POST /xingrg/kc/buy/cgsh_order_operate.html HTTP/1.1" 200 37
61.165.42.208 - - [27/Jan/2021:08:44:14 +0800] "POST /xingrg/kc/buy/cgsh_order_operate.html HTTP/1.1" 200 3252
222.69.137.221 - - [27/Jan/2021:08:44:23 +0800] "GET /xingrg/all/function/internal_message.html?_=1611708260047&CODE_STATE=getMsg HTTP/1.1" 200 27
58.37.230.33 - - [27/Jan/2021:08:44:34 +0800] "GET /xingrg/index.html?sysBaseUrl=http%3A%2F%2F180.169.147.146%3A18081%2Fxingrg%2F&costTime=34×tamp=1585622960984 HTTP/1.1" 302 -
58.37.230.33 - - [27/Jan/2021:08:44:34 +0800] "GET /xingrg/login.html HTTP/1.1" 200 7641
114.88.166.193 - - [27/Jan/2021:08:44:34 +0800] "GET /xingrg/all/function/internal_message.html?_=1611708267358&CODE_STATE=getMsg HTTP/1.1" 200 27
58.37.230.33 - - [27/Jan/2021:08:44:34 +0800] "GET /favicon.ico HTTP/1.1" 404 -
58.37.230.33 - - [27/Jan/2021:08:44:35 +0800] "POST /xingrg/login.do HTTP/1.1" 302 -
58.37.230.33 - - [27/Jan/2021:08:44:35 +0800] "GET /xingrg/index.html?sysBaseUrl=http%3A%2F%2F180.169.147.146%3A18081%2Fxingrg%2F&costTime=38×tamp=1611708275949 HTTP/1.1" 200 17179
58.37.230.33 - - [27/Jan/2021:08:44:36 +0800] "GET /favicon.ico HTTP/1.1" 404 -
58.37.230.33 - - [27/Jan/2021:08:44:36 +0800] "POST /xingrg/all/common/load_tree.html?tree=area_rest_tree_json&manage=1 HTTP/1.1" 200 351
58.37.230.33 - - [27/Jan/2021:08:44:36 +0800] "GET /xingrg/all/function/internal_message.html?_=1611708293612&CODE_STATE=count HTTP/1.1" 200 11
58.37.230.33 - - [27/Jan/2021:08:44:36 +0800] "GET /xingrg/check_reg.html?_=1611708293613 HTTP/1.1" 200 22
58.37.230.33 - - [27/Jan/2021:08:44:36 +0800] "POST /xingrg/load_menu.html HTTP/1.1" 200 5138
58.37.230.33 - - [27/Jan/2021:08:44:37 +0800] "GET /xingrg/kc/mdqp/qp_main.html HTTP/1.1" 200 10633
58.37.230.33 - - [27/Jan/2021:08:44:37 +0800] "GET /xingrg/images/yd/bt.gif HTTP/1.1" 404 1040
58.37.230.33 - - [27/Jan/2021:08:44:38 +0800] "GET /xingrg/kc/mdqp/qqps_order_list.html HTTP/1.1" 200 9222
58.37.230.33 - - [27/Jan/2021:08:44:38 +0800] "GET /xingrg/dwr/util.js HTTP/1.1" 304 -
58.37.230.33 - - [27/Jan/2021:08:44:38 +0800] "GET /xingrg/dwr/interface/AjaxReportQueryService.js HTTP/1.1" 200 13203
58.37.230.33 - - [27/Jan/2021:08:44:38 +0800] "GET /xingrg/dwr/interface/AjaxQqpsService.js HTTP/1.1" 200 16326
58.37.230.33 - - [27/Jan/2021:08:44:38 +0800] "GET /xingrg/dwr/engine.js HTTP/1.1" 200 43631
58.37.230.33 - - [27/Jan/2021:08:44:41 +0800] "GET /xingrg/kc/mdqp/qqps_order_list.html?isQuery=1&timeSelect=1&orderTime=day&startTime=2021-01-27&endTime=2021-01-27&state=all&query=%C8%B7++%B6%A8 HTTP/1.1" 200 9321
58.37.230.33 - - [27/Jan/2021:08:44:41 +0800] "GET /xingrg/dwr/interface/AjaxQqpsService.js HTTP/1.1" 200 16326
58.37.230.33 - - [27/Jan/2021:08:44:41 +0800] "GET /xingrg/dwr/interface/AjaxReportQueryService.js HTTP/1.1" 200 13203
58.37.230.33 - - [27/Jan/2021:08:44:41 +0800] "GET /xingrg/dwr/engine.js HTTP/1.1" 200 43631
218.81.223.241 - - [27/Jan/2021:08:44:45 +0800] "GET /xingrg/all/function/internal_message.html?_=1611708283759&CODE_STATE=getMsg HTTP/1.1" 200 27
58.37.230.33 - - [27/Jan/2021:08:44:45 +0800] "GET /xingrg/kc/mdqp/qqps_order_list.html?isQuery=1&timeSelect=1&orderTime=day&startTime=2021-01-25&endTime=2021-01-27&state=all&query=%C8%B7++%B6%A8 HTTP/1.1" 200 12227
58.37.230.33 - - [27/Jan/2021:08:44:45 +0800] "GET /xingrg/dwr/interface/AjaxReportQueryService.js HTTP/1.1" 200 13203
58.37.230.33 - - [27/Jan/2021:08:44:45 +0800] "GET /xingrg/dwr/interface/AjaxQqpsService.js HTTP/1.1" 200 16326
58.37.230.33 - - [27/Jan/2021:08:44:45 +0800] "GET /xingrg/dwr/engine.js HTTP/1.1" 200 43631
58.40.7.146 - - [27/Jan/2021:08:44:50 +0800] "GET /xingrg/all/function/internal_message.html?_=1611708288851&CODE_STATE=getMsg HTTP/1.1" 200 27
180.156.237.57 - - [27/Jan/2021:08:44:52 +0800] "GET /xingrg/all/function/internal_message.html?_=1611708291780&CODE_STATE=getMsg HTTP/1.1" 200 27
218.81.223.240 - - [27/Jan/2021:08:45:01 +0800] "GET /xingrg/check_reg.html?_=1611708296714 HTTP/1.1" 200 22
218.81.223.240 - - [27/Jan/2021:08:45:03 +0800] "GET /xingrg/all/function/internal_message.html?_=1611708299110&CODE_STATE=getMsg HTTP/1.1" 200 27
180.156.237.57 - - [27/Jan/2021:08:45:04 +0800] "GET /xingrg/all/function/internal_message.html?_=1611708280417&CODE_STATE=getMsg HTTP/1.1" 200 27
120.253.135.82 - - [27/Jan/2021:08:45:08 +0800] "GET /xingrg/all/function/internal_message.html?_=1611708352216&CODE_STATE=getMsg HTTP/1.1" 200 27
61.165.42.208 - - [27/Jan/2021:08:45:08 +0800] "GET /xingrg/all/function/internal_message.html?_=1611708308131&CODE_STATE=getMsg HTTP/1.1" 200 27
114.88.166.193 - - [27/Jan/2021:08:45:09 +0800] "GET /xingrg/all/function/internal_message.html?_=1611708306417&CODE_STATE=getMsg HTTP/1.1" 302 -
114.88.166.193 - - [27/Jan/2021:08:45:09 +0800] "GET /xingrg/login.html HTTP/1.1" 200 7641
222.69.137.221 - - [27/Jan/2021:08:45:23 +0800] "GET /xingrg/all/function/internal_message.html?_=1611708320052&CODE_STATE=getMsg HTTP/1.1" 200 27
180.156.237.57 - - [27/Jan/2021:08:45:26 +0800] "GET /xingrg/login.html HTTP/1.1" 200 7641
180.156.237.57 - - [27/Jan/2021:08:45:26 +0800] "GET /favicon.ico HTTP/1.1" 404 -
180.156.237.57 - - [27/Jan/2021:08:45:33 +0800] "POST /xingrg/login.do HTTP/1.1" 302 -
180.156.237.57 - - [27/Jan/2021:08:45:33 +0800] "GET /xingrg/index.html?sysBaseUrl=http%3A%2F%2F180.169.147.146%3A18081%2Fxingrg%2F&costTime=36×tamp=1611708333339 HTTP/1.1" 200 17177
180.156.237.57 - - [27/Jan/2021:08:45:33 +0800] "GET /favicon.ico HTTP/1.1" 404 -
180.156.237.57 - - [27/Jan/2021:08:45:33 +0800] "POST /xingrg/all/common/load_tree.html?tree=area_rest_tree_json&manage=1 HTTP/1.1" 200 476
180.156.237.57 - - [27/Jan/2021:08:45:33 +0800] "GET /xingrg/all/function/internal_message.html?_=1611708333195&CODE_STATE=count HTTP/1.1" 200 11
180.156.237.57 - - [27/Jan/2021:08:45:33 +0800] "GET /xingrg/check_reg.html?_=1611708333198 HTTP/1.1" 200 22
180.156.237.57 - - [27/Jan/2021:08:45:33 +0800] "POST /xingrg/load_menu.html HTTP/1.1" 200 5138
114.88.166.193 - - [27/Jan/2021:08:45:34 +0800] "GET /xingrg/check_reg.html?_=1611708327359 HTTP/1.1" 200 22
114.88.166.193 - - [27/Jan/2021:08:45:34 +0800] "GET /xingrg/all/function/internal_message.html?_=1611708327362&CODE_STATE=getMsg HTTP/1.1" 200 27
58.37.230.33 - - [27/Jan/2021:08:45:36 +0800] "GET /xingrg/all/function/internal_message.html?_=1611708353628&CODE_STATE=getMsg HTTP/1.1" 200 27
101.89.239.120 - - [27/Jan/2021:08:45:38 +0800] "GET /xingrg/check_reg.html?_=1611708293613 HTTP/1.1" 302 -
61.129.6.145 - - [27/Jan/2021:08:45:40 +0800] "GET /xingrg/login.html HTTP/1.1" 200 7641
61.129.6.251 - - [27/Jan/2021:08:45:40 +0800] "GET /xingrg/all/function/internal_message.html?_=1611708293612&CODE_STATE=count HTTP/1.1" 302 -
61.129.6.203 - - [27/Jan/2021:08:45:41 +0800] "GET /xingrg/index.html?sysBaseUrl=http://180.169.147.146:18081/xingrg/&costTime=34×tamp=1585622960984 HTTP/1.1" 302 -
101.89.239.120 - - [27/Jan/2021:08:45:41 +0800] "GET /xingrg/login.html HTTP/1.1" 200 7641
218.81.223.241 - - [27/Jan/2021:08:45:45 +0800] "GET /xingrg/all/function/internal_message.html?_=1611708343760&CODE_STATE=getMsg HTTP/1.1" 200 27
218.81.223.241 - - [27/Jan/2021:08:45:45 +0800] "GET /xingrg/check_reg.html?_=1611708343766 HTTP/1.1" 200 22
101.91.60.11 - - [27/Jan/2021:08:45:47 +0800] "GET /xingrg/index.html?sysBaseUrl=http://180.169.147.146:18081/xingrg/&costTime=38×tamp=1611708275949 HTTP/1.1" 302 -
101.89.239.238 - - [27/Jan/2021:08:45:48 +0800] "GET /xingrg/kc/mdqp/qp_main.html HTTP/1.1" 302 -
61.129.6.203 - - [27/Jan/2021:08:45:48 +0800] "GET /xingrg/login.html HTTP/1.1" 200 7641
61.129.6.251 - - [27/Jan/2021:08:45:49 +0800] "GET /xingrg/login.html HTTP/1.1" 200 7641
58.40.7.146 - - [27/Jan/2021:08:45:50 +0800] "GET /xingrg/all/function/internal_message.html?_=1611708348854&CODE_STATE=getMsg HTTP/1.1" 200 27
101.91.60.105 - - [27/Jan/2021:08:45:51 +0800] "GET /xingrg/kc/mdqp/qqps_order_list.html HTTP/1.1" 302 -
101.91.60.105 - - [27/Jan/2021:08:45:52 +0800] "GET /xingrg/login.html HTTP/1.1" 200 7641
61.129.6.251 - - [27/Jan/2021:08:45:54 +0800] "GET /xingrg/kc/mdqp/qqps_order_list.html?isQuery=1&timeSelect=1&orderTime=day&startTime=2021-01-27&endTime=2021-01-27&state=all&query=¨¨¡¤++?¡§ HTTP/1.1" 302 -
101.89.239.238 - - [27/Jan/2021:08:45:54 +0800] "GET /xingrg/login.html HTTP/1.1" 200 7641
101.91.60.11 - - [27/Jan/2021:08:45:55 +0800] "GET /xingrg/login.html HTTP/1.1" 200 7641
101.89.239.238 - - [27/Jan/2021:08:45:57 +0800] "GET /xingrg/kc/mdqp/qqps_order_list.html?isQuery=1&timeSelect=1&orderTime=day&startTime=2021-01-25&endTime=2021-01-27&state=all&query=¨¨¡¤++?¡§ HTTP/1.1" 302 -
101.89.239.238 - - [27/Jan/2021:08:45:59 +0800] "GET /xingrg/login.html HTTP/1.1" 200 7641
61.129.6.251 - - [27/Jan/2021:08:46:00 +0800] "GET /xingrg/login.html HTTP/1.1" 200 7641
114.88.166.193 - - [27/Jan/2021:08:46:00 +0800] "GET /xingrg/check_reg.html?_=1611708356907 HTTP/1.1" 302 -
218.81.223.240 - - [27/Jan/2021:08:46:03 +0800] "GET /xingrg/all/function/internal_message.html?_=1611708359122&CODE_STATE=getMsg HTTP/1.1" 200 27
180.156.237.57 - - [27/Jan/2021:08:46:04 +0800] "GET /xingrg/all/function/internal_message.html?_=1611708340424&CODE_STATE=getMsg HTTP/1.1" 200 27
120.253.135.82 - - [27/Jan/2021:08:46:08 +0800] "GET /xingrg/all/function/internal_message.html?_=1611708412234&CODE_STATE=getMsg HTTP/1.1" 200 27
61.165.42.208 - - [27/Jan/2021:08:46:08 +0800] "GET /xingrg/all/function/internal_message.html?_=1611708368132&CODE_STATE=getMsg HTTP/1.1" 200 27
114.88.166.193 - - [27/Jan/2021:08:46:09 +0800] "GET /xingrg/all/function/internal_message.html?_=1611708366432&CODE_STATE=getMsg HTTP/1.1" 302 -
222.69.137.221 - - [27/Jan/2021:08:46:23 +0800] "GET /xingrg/all/function/internal_message.html?_=1611708380041&CODE_STATE=getMsg HTTP/1.1" 200 27
180.175.150.119 - - [27/Jan/2021:08:46:24 +0800] "GET /xingrg/login.html HTTP/1.1" 200 7641
180.175.150.119 - - [27/Jan/2021:08:46:25 +0800] "GET /xingrg/images/blue/jxLogo.png HTTP/1.1" 304 -
180.175.150.119 - - [27/Jan/2021:08:46:25 +0800] "GET /xingrg/images/blue/login_bg.png HTTP/1.1" 304 -
180.175.150.119 - - [27/Jan/2021:08:46:25 +0800] "GET /xingrg/images/blue/hj.png HTTP/1.1" 304 -
180.175.150.119 - - [27/Jan/2021:08:46:25 +0800] "GET /xingrg/images/blue/srbg.png HTTP/1.1" 304 -
180.175.150.119 - - [27/Jan/2021:08:46:26 +0800] "GET /favicon.ico HTTP/1.1" 404 -
180.156.237.57 - - [27/Jan/2021:08:46:26 +0800] "POST /xingrg/all/user/operate.html HTTP/1.1" 200 36
180.156.237.57 - - [27/Jan/2021:08:46:26 +0800] "GET /xingrg/index.html?sysBaseUrl=http%3A%2F%2F180.169.147.146%3A18081%2Fxingrg%2F&costTime=36×tamp=1611708333339 HTTP/1.1" 200 17179
180.156.237.57 - - [27/Jan/2021:08:46:26 +0800] "GET /xingrg/javascript/jquery_easy_ui/themes/default/easyui.css HTTP/1.1" 304 -
180.156.237.57 - - [27/Jan/2021:08:46:26 +0800] "GET /xingrg/javascript/jquery_easy_ui/themes/icon.css HTTP/1.1" 304 -
180.156.237.57 - - [27/Jan/2021:08:46:26 +0800] "GET /xingrg/css/form.css HTTP/1.1" 304 -
180.156.237.57 - - [27/Jan/2021:08:46:26 +0800] "GET /xingrg/javascript/jquery-1.4.2.min.js HTTP/1.1" 304 -
180.156.237.57 - - [27/Jan/2021:08:46:26 +0800] "GET /xingrg/javascript/jquery_easy_ui/jquery.easyui.min.js HTTP/1.1" 304 -
180.156.237.57 - - [27/Jan/2021:08:46:26 +0800] "GET /xingrg/javascript/jquery_easy_ui/easyui-lang-zh_CN.js HTTP/1.1" 304 -
180.156.237.57 - - [27/Jan/2021:08:46:26 +0800] "GET /xingrg/javascript/jquery.form.js HTTP/1.1" 304 -
180.156.237.57 - - [27/Jan/2021:08:46:26 +0800] "GET /xingrg/javascript/jquery.utils.js HTTP/1.1" 304 -
180.156.237.57 - - [27/Jan/2021:08:46:26 +0800] "GET /xingrg/javascript/jquery.timers.js HTTP/1.1" 304 -
180.156.237.57 - - [27/Jan/2021:08:46:26 +0800] "GET /xingrg/images/blue/jxLogo.png HTTP/1.1" 304 -
180.156.237.57 - - [27/Jan/2021:08:46:26 +0800] "GET /xingrg/images/blue/navBackgound.jpg HTTP/1.1" 304 -
180.156.237.57 - - [27/Jan/2021:08:46:26 +0800] "GET /xingrg/javascript/jquery_easy_ui/themes/icons/settle_new.png HTTP/1.1" 304 -
180.156.237.57 - - [27/Jan/2021:08:46:26 +0800] "POST /xingrg/all/common/load_tree.html?tree=area_rest_tree_json&manage=1 HTTP/1.1" 200 476
180.156.237.57 - - [27/Jan/2021:08:46:27 +0800] "GET /xingrg/all/function/internal_message.html?_=1611708386499&CODE_STATE=count HTTP/1.1" 200 11
180.156.237.57 - - [27/Jan/2021:08:46:27 +0800] "GET /xingrg/check_reg.html?_=1611708386501 HTTP/1.1" 200 22
180.156.237.57 - - [27/Jan/2021:08:46:27 +0800] "GET /xingrg/javascript/jquery_easy_ui/themes/default/images/panel_tool_collapse.gif HTTP/1.1" 304 -
180.156.237.57 - - [27/Jan/2021:08:46:27 +0800] "GET /xingrg/javascript/jquery_easy_ui/themes/default/images/tabs_rightarrow.png HTTP/1.1" 304 -
180.156.237.57 - - [27/Jan/2021:08:46:27 +0800] "GET /xingrg/javascript/jquery_easy_ui/themes/default/images/tabs_leftarrow.png HTTP/1.1" 304 -
180.156.237.57 - - [27/Jan/2021:08:46:27 +0800] "GET /xingrg/images/blue/pingpu.png HTTP/1.1" 304 -
180.156.237.57 - - [27/Jan/2021:08:46:27 +0800] "POST /xingrg/load_menu.html HTTP/1.1" 200 5138
180.156.237.57 - - [27/Jan/2021:08:46:30 +0800] "GET /xingrg/kc/buy/cgsh_order_list.html HTTP/1.1" 200 46223
180.156.237.57 - - [27/Jan/2021:08:46:31 +0800] "POST /xingrg/kc/buy/cgsh_list_operate.html HTTP/1.1" 200 876
180.156.237.57 - - [27/Jan/2021:08:46:33 +0800] "GET /xingrg/kc/buy/cgsh_order_add.html HTTP/1.1" 200 61879
180.156.237.57 - - [27/Jan/2021:08:46:33 +0800] "GET /xingrg/words/20210126144052_words.js HTTP/1.1" 200 791252
180.156.237.57 - - [27/Jan/2021:08:46:33 +0800] "GET /xingrg/all/common/auto_word.html?type=employee&rest_code=00150 HTTP/1.1" 200 205
180.156.237.57 - - [27/Jan/2021:08:46:33 +0800] "GET /xingrg/all/common/auto_word.html?type=employee&rest_code=00150 HTTP/1.1" 200 205
180.156.237.57 - - [27/Jan/2021:08:46:33 +0800] "GET /xingrg/javascript/easyui/themes/default/validatebox.css HTTP/1.1" 404 1104
180.156.237.57 - - [27/Jan/2021:08:46:33 +0800] "POST /xingrg/kc/buy/cgsh_order_operate.html HTTP/1.1" 200 8245
114.88.166.193 - - [27/Jan/2021:08:46:34 +0800] "GET /xingrg/all/function/internal_message.html?_=1611708387363&CODE_STATE=getMsg HTTP/1.1" 200 27
180.175.150.119 - - [27/Jan/2021:08:46:35 +0800] "POST /xingrg/login.do HTTP/1.1" 302 -
180.175.150.119 - - [27/Jan/2021:08:46:35 +0800] "GET /xingrg/javascript/jquery_easy_ui/themes/default/easyui.css HTTP/1.1" 304 -
180.175.150.119 - - [27/Jan/2021:08:46:35 +0800] "GET /xingrg/javascript/jquery_easy_ui/themes/icon.css HTTP/1.1" 304 -
180.175.150.119 - - [27/Jan/2021:08:46:35 +0800] "GET /xingrg/index.html?sysBaseUrl=http%3A%2F%2F180.169.147.146%3A18081%2Fxingrg%2F&costTime=36×tamp=1611708395752 HTTP/1.1" 200 17173
180.175.150.119 - - [27/Jan/2021:08:46:35 +0800] "GET /xingrg/javascript/jquery_easy_ui/jquery.easyui.min.js HTTP/1.1" 304 -
180.175.150.119 - - [27/Jan/2021:08:46:35 +0800] "GET /xingrg/javascript/jquery-1.4.2.min.js HTTP/1.1" 304 -
180.175.150.119 - - [27/Jan/2021:08:46:35 +0800] "GET /xingrg/javascript/jquery.form.js HTTP/1.1" 304 -
180.175.150.119 - - [27/Jan/2021:08:46:35 +0800] "GET /xingrg/javascript/jquery.utils.js HTTP/1.1" 304 -
180.175.150.119 - - [27/Jan/2021:08:46:35 +0800] "GET /xingrg/javascript/jquery_easy_ui/easyui-lang-zh_CN.js HTTP/1.1" 304 -
180.175.150.119 - - [27/Jan/2021:08:46:35 +0800] "GET /xingrg/css/form.css HTTP/1.1" 304 -
180.175.150.119 - - [27/Jan/2021:08:46:35 +0800] "GET /xingrg/javascript/jquery.timers.js HTTP/1.1" 304 -
58.37.230.33 - - [27/Jan/2021:08:46:36 +0800] "GET /xingrg/all/function/internal_message.html?_=1611708413620&CODE_STATE=getMsg HTTP/1.1" 200 27
180.175.150.119 - - [27/Jan/2021:08:46:36 +0800] "GET /favicon.ico HTTP/1.1" 404 -
180.175.150.119 - - [27/Jan/2021:08:46:36 +0800] "GET /xingrg/images/blue/navBackgound.jpg HTTP/1.1" 304 -
180.175.150.119 - - [27/Jan/2021:08:46:36 +0800] "GET /xingrg/javascript/jquery_easy_ui/themes/icons/settle_new.png HTTP/1.1" 304 -
180.175.150.119 - - [27/Jan/2021:08:46:36 +0800] "GET /xingrg/images/blue/pingpu.png HTTP/1.1" 304 -
180.175.150.119 - - [27/Jan/2021:08:46:36 +0800] "GET /xingrg/javascript/jquery_easy_ui/themes/default/images/tabs_leftarrow.png HTTP/1.1" 304 -
180.175.150.119 - - [27/Jan/2021:08:46:36 +0800] "GET /xingrg/javascript/jquery_easy_ui/themes/default/images/tabs_rightarrow.png HTTP/1.1" 304 -
180.175.150.119 - - [27/Jan/2021:08:46:36 +0800] "GET /xingrg/javascript/jquery_easy_ui/themes/default/images/panel_tool_collapse.gif HTTP/1.1" 304 -
180.175.150.119 - - [27/Jan/2021:08:46:36 +0800] "POST /xingrg/all/common/load_tree.html?tree=area_rest_tree_json&manage=1 HTTP/1.1" 200 342
180.175.150.119 - - [27/Jan/2021:08:46:36 +0800] "GET /xingrg/all/function/internal_message.html?_=1611708638989&CODE_STATE=count HTTP/1.1" 200 11
180.175.150.119 - - [27/Jan/2021:08:46:36 +0800] "GET /xingrg/check_reg.html?_=1611708638991 HTTP/1.1" 200 22
180.175.150.119 - - [27/Jan/2021:08:46:36 +0800] "POST /xingrg/load_menu.html HTTP/1.1" 200 5138
180.175.150.119 - - [27/Jan/2021:08:46:37 +0800] "GET /xingrg/javascript/jquery_easy_ui/themes/default/images/tree_arrows.gif HTTP/1.1" 304 -
180.175.150.119 - - [27/Jan/2021:08:46:38 +0800] "GET /xingrg/javascript/jquery_easy_ui/themes/default/images/tree_folder_open.gif HTTP/1.1" 304 -
180.175.150.119 - - [27/Jan/2021:08:46:38 +0800] "GET /xingrg/javascript/jquery_easy_ui/themes/icons/search_new.png HTTP/1.1" 304 -
