180.156.237.57 - - [25/Jan/2021:09:06:37 +0800] "POST /xingrg/all/common/load_tree.html?tree=area_rest_tree_json&manage=1 HTTP/1.1" 200 476
180.156.237.57 - - [25/Jan/2021:09:06:37 +0800] "GET /xingrg/images/blue/pingpu.png HTTP/1.1" 304 -
180.156.237.57 - - [25/Jan/2021:09:06:37 +0800] "GET /xingrg/javascript/jquery_easy_ui/themes/default/images/tabs_leftarrow.png HTTP/1.1" 304 -
180.156.237.57 - - [25/Jan/2021:09:06:37 +0800] "GET /xingrg/javascript/jquery_easy_ui/themes/default/images/tabs_rightarrow.png HTTP/1.1" 304 -
180.156.237.57 - - [25/Jan/2021:09:06:37 +0800] "GET /xingrg/javascript/jquery_easy_ui/themes/default/images/panel_tool_collapse.gif HTTP/1.1" 304 -
180.156.237.57 - - [25/Jan/2021:09:06:37 +0800] "GET /xingrg/check_reg.html?_=1611536776074 HTTP/1.1" 200 22
180.156.237.57 - - [25/Jan/2021:09:06:37 +0800] "GET /xingrg/all/function/internal_message.html?_=1611536776074&CODE_STATE=count HTTP/1.1" 200 11
180.156.237.57 - - [25/Jan/2021:09:06:37 +0800] "POST /xingrg/load_menu.html HTTP/1.1" 200 5138
114.88.166.193 - - [25/Jan/2021:09:06:39 +0800] "POST /xingrg/dwr/call/plaincall/AjaxCheckService.setItemNumber.dwr HTTP/1.1" 200 77
120.253.135.82 - - [25/Jan/2021:09:06:39 +0800] "GET /xingrg/login.html HTTP/1.1" 200 7641
180.156.237.57 - - [25/Jan/2021:09:06:40 +0800] "GET /xingrg/kc/buy/cgsh_order_list.html HTTP/1.1" 200 46223
120.253.135.82 - - [25/Jan/2021:09:06:40 +0800] "GET /xingrg/images/blue/jxLogo.png HTTP/1.1" 200 6156
120.253.135.82 - - [25/Jan/2021:09:06:40 +0800] "GET /xingrg/images/blue/srbg.png HTTP/1.1" 200 138
120.253.135.82 - - [25/Jan/2021:09:06:40 +0800] "GET /xingrg/images/blue/hj.png HTTP/1.1" 200 1014
120.253.135.82 - - [25/Jan/2021:09:06:40 +0800] "GET /xingrg/images/blue/login_bg.png HTTP/1.1" 200 22101
116.232.54.3 - - [25/Jan/2021:09:06:40 +0800] "POST /xingrg/dwr/call/plaincall/AjaxCheckService.setItemNumber.dwr HTTP/1.1" 200 78
120.253.135.82 - - [25/Jan/2021:09:06:41 +0800] "GET /favicon.ico HTTP/1.1" 404 -
116.232.54.3 - - [25/Jan/2021:09:06:41 +0800] "POST /xingrg/dwr/call/plaincall/AjaxCheckService.setItemNumber.dwr HTTP/1.1" 200 78
218.81.223.241 - - [25/Jan/2021:09:06:42 +0800] "GET /xingrg/all/function/internal_message.html?_=1611536800849&CODE_STATE=getMsg HTTP/1.1" 200 27
180.156.237.57 - - [25/Jan/2021:09:06:42 +0800] "POST /xingrg/kc/buy/cgsh_list_operate.html HTTP/1.1" 200 1690
116.232.54.3 - - [25/Jan/2021:09:06:42 +0800] "POST /xingrg/dwr/call/plaincall/AjaxCheckService.setItemNumber.dwr HTTP/1.1" 200 78
116.232.54.3 - - [25/Jan/2021:09:06:42 +0800] "POST /xingrg/dwr/call/plaincall/AjaxCheckService.setItemNumber.dwr HTTP/1.1" 200 78
120.253.135.82 - - [25/Jan/2021:09:06:43 +0800] "POST /xingrg/login.do HTTP/1.1" 302 -
120.253.135.82 - - [25/Jan/2021:09:06:43 +0800] "GET /xingrg/index.html?sysBaseUrl=http%3A%2F%2F180.169.147.146%3A18081%2Fxingrg%2F&costTime=72×tamp=1611536803249 HTTP/1.1" 200 17173
120.253.135.82 - - [25/Jan/2021:09:06:43 +0800] "GET /xingrg/javascript/jquery_easy_ui/themes/default/easyui.css HTTP/1.1" 304 -
120.253.135.82 - - [25/Jan/2021:09:06:43 +0800] "GET /xingrg/javascript/jquery-1.4.2.min.js HTTP/1.1" 200 72205
120.253.135.82 - - [25/Jan/2021:09:06:43 +0800] "GET /xingrg/javascript/jquery_easy_ui/themes/icon.css HTTP/1.1" 304 -
120.253.135.82 - - [25/Jan/2021:09:06:43 +0800] "GET /xingrg/javascript/jquery_easy_ui/jquery.easyui.min.js HTTP/1.1" 304 -
120.253.135.82 - - [25/Jan/2021:09:06:43 +0800] "GET /xingrg/javascript/jquery.timers.js HTTP/1.1" 200 3532
120.253.135.82 - - [25/Jan/2021:09:06:43 +0800] "GET /xingrg/javascript/jquery_easy_ui/easyui-lang-zh_CN.js HTTP/1.1" 200 1900
120.253.135.82 - - [25/Jan/2021:09:06:43 +0800] "GET /xingrg/css/form.css HTTP/1.1" 200 893
120.253.135.82 - - [25/Jan/2021:09:06:43 +0800] "GET /xingrg/javascript/jquery.utils.js HTTP/1.1" 200 11805
120.253.135.82 - - [25/Jan/2021:09:06:43 +0800] "GET /xingrg/javascript/jquery.form.js HTTP/1.1" 200 23110
116.232.54.3 - - [25/Jan/2021:09:06:43 +0800] "POST /xingrg/dwr/call/plaincall/AjaxCheckService.setItemNumber.dwr HTTP/1.1" 200 78
180.156.237.57 - - [25/Jan/2021:09:06:43 +0800] "GET /xingrg/kc/buy/cgsh_order_add.html HTTP/1.1" 200 61891
120.253.135.82 - - [25/Jan/2021:09:06:43 +0800] "GET /favicon.ico HTTP/1.1" 404 -
120.253.135.82 - - [25/Jan/2021:09:06:43 +0800] "GET /xingrg/images/blue/navBackgound.jpg HTTP/1.1" 200 12378
180.156.237.57 - - [25/Jan/2021:09:06:43 +0800] "POST /xingrg/kc/buy/cgsh_order_operate.html HTTP/1.1" 200 8245
120.253.135.82 - - [25/Jan/2021:09:06:43 +0800] "GET /xingrg/javascript/jquery_easy_ui/themes/icons/settle_new.png HTTP/1.1" 304 -
180.156.237.57 - - [25/Jan/2021:09:06:44 +0800] "GET /xingrg/javascript/easyui/themes/default/validatebox.css HTTP/1.1" 404 1104
114.88.166.193 - - [25/Jan/2021:09:06:44 +0800] "POST /xingrg/dwr/call/plaincall/AjaxCheckService.setItemNumber.dwr HTTP/1.1" 200 77
120.253.135.82 - - [25/Jan/2021:09:06:44 +0800] "GET /xingrg/images/blue/pingpu.png HTTP/1.1" 200 231
120.253.135.82 - - [25/Jan/2021:09:06:44 +0800] "GET /xingrg/javascript/jquery_easy_ui/themes/default/images/tabs_rightarrow.png HTTP/1.1" 200 395
120.253.135.82 - - [25/Jan/2021:09:06:44 +0800] "POST /xingrg/all/common/load_tree.html?tree=area_rest_tree_json&manage=1 HTTP/1.1" 200 344
120.253.135.82 - - [25/Jan/2021:09:06:44 +0800] "GET /xingrg/javascript/jquery_easy_ui/themes/default/images/panel_tool_collapse.gif HTTP/1.1" 200 246
116.232.54.3 - - [25/Jan/2021:09:06:44 +0800] "POST /xingrg/dwr/call/plaincall/AjaxCheckService.setItemNumber.dwr HTTP/1.1" 200 78
120.253.135.82 - - [25/Jan/2021:09:06:44 +0800] "GET /xingrg/javascript/jquery_easy_ui/themes/default/images/tabs_leftarrow.png HTTP/1.1" 200 389
120.253.135.82 - - [25/Jan/2021:09:06:44 +0800] "GET /xingrg/check_reg.html?_=1611536566555 HTTP/1.1" 200 22
120.253.135.82 - - [25/Jan/2021:09:06:44 +0800] "GET /xingrg/all/function/internal_message.html?_=1611536566555&CODE_STATE=count HTTP/1.1" 200 11
120.253.135.82 - - [25/Jan/2021:09:06:44 +0800] "POST /xingrg/load_menu.html HTTP/1.1" 200 6743
120.253.135.82 - - [25/Jan/2021:09:06:44 +0800] "GET /xingrg/javascript/jquery_easy_ui/themes/default/images/tree_arrows.gif HTTP/1.1" 200 1043
116.232.54.3 - - [25/Jan/2021:09:06:44 +0800] "POST /xingrg/dwr/call/plaincall/AjaxCheckService.setItemNumber.dwr HTTP/1.1" 200 78
120.253.135.82 - - [25/Jan/2021:09:06:45 +0800] "GET /xingrg/javascript/jquery_easy_ui/themes/icons/forms_new.png HTTP/1.1" 200 350
120.253.135.82 - - [25/Jan/2021:09:06:45 +0800] "GET /xingrg/javascript/jquery_easy_ui/themes/default/images/tree_folder_open.gif HTTP/1.1" 200 956
120.253.135.82 - - [25/Jan/2021:09:06:45 +0800] "GET /xingrg/javascript/jquery_easy_ui/themes/default/images/tree_file.gif HTTP/1.1" 200 118
120.253.135.82 - - [25/Jan/2021:09:06:45 +0800] "GET /xingrg/javascript/jquery_easy_ui/themes/default/images/tree_folder.gif HTTP/1.1" 200 952
120.253.135.82 - - [25/Jan/2021:09:06:45 +0800] "GET /xingrg/javascript/jquery_easy_ui/themes/icons/delivery_new.png HTTP/1.1" 200 700
120.253.135.82 - - [25/Jan/2021:09:06:45 +0800] "GET /xingrg/javascript/jquery_easy_ui/themes/icons/storage_new.png HTTP/1.1" 200 853
116.232.54.3 - - [25/Jan/2021:09:06:45 +0800] "POST /xingrg/dwr/call/plaincall/AjaxCheckService.setItemNumber.dwr HTTP/1.1" 200 78
120.253.135.82 - - [25/Jan/2021:09:06:45 +0800] "GET /xingrg/javascript/jquery_easy_ui/themes/icons/search_new.png HTTP/1.1" 200 586
180.156.237.57 - - [25/Jan/2021:09:06:46 +0800] "GET /xingrg/javascript/auto/indicator.gif HTTP/1.1" 404 1066
116.232.54.3 - - [25/Jan/2021:09:06:46 +0800] "POST /xingrg/dwr/call/plaincall/AjaxCheckService.setItemNumber.dwr HTTP/1.1" 200 78
114.86.187.76 - - [25/Jan/2021:09:06:46 +0800] "GET /xingrg/all/function/internal_message.html?_=1611536807066&CODE_STATE=getMsg HTTP/1.1" 200 27
116.232.54.3 - - [25/Jan/2021:09:06:46 +0800] "POST /xingrg/dwr/call/plaincall/AjaxCheckService.setItemNumber.dwr HTTP/1.1" 200 78
116.232.54.3 - - [25/Jan/2021:09:06:47 +0800] "POST /xingrg/dwr/call/plaincall/AjaxCheckService.setItemNumber.dwr HTTP/1.1" 200 78
116.232.54.3 - - [25/Jan/2021:09:06:48 +0800] "POST /xingrg/dwr/call/plaincall/AjaxCheckService.setItemNumber.dwr HTTP/1.1" 200 78
116.232.54.3 - - [25/Jan/2021:09:06:48 +0800] "POST /xingrg/dwr/call/plaincall/AjaxCheckService.setItemNumber.dwr HTTP/1.1" 200 78
116.232.54.3 - - [25/Jan/2021:09:06:49 +0800] "POST /xingrg/dwr/call/plaincall/AjaxCheckService.setItemNumber.dwr HTTP/1.1" 200 78
218.81.223.240 - - [25/Jan/2021:09:06:49 +0800] "GET /xingrg/all/function/internal_message.html?_=1611536817971&CODE_STATE=getMsg HTTP/1.1" 200 27
218.81.223.241 - - [25/Jan/2021:09:06:49 +0800] "GET /xingrg/all/function/internal_message.html?_=1611536814238&CODE_STATE=getMsg HTTP/1.1" 302 -
114.88.166.193 - - [25/Jan/2021:09:06:49 +0800] "GET /xingrg/all/function/internal_message.html?_=1611536992600&CODE_STATE=getMsg HTTP/1.1" 200 27
116.232.54.3 - - [25/Jan/2021:09:06:50 +0800] "POST /xingrg/dwr/call/plaincall/AjaxCheckService.setItemNumber.dwr HTTP/1.1" 200 78
116.232.54.3 - - [25/Jan/2021:09:06:50 +0800] "POST /xingrg/dwr/call/plaincall/AjaxCheckService.setItemNumber.dwr HTTP/1.1" 200 78
116.232.54.3 - - [25/Jan/2021:09:06:50 +0800] "POST /xingrg/dwr/call/plaincall/AjaxCheckService.setItemNumber.dwr HTTP/1.1" 200 78
116.232.54.3 - - [25/Jan/2021:09:06:51 +0800] "POST /xingrg/dwr/call/plaincall/AjaxCheckService.setItemNumber.dwr HTTP/1.1" 200 78
116.232.54.3 - - [25/Jan/2021:09:06:51 +0800] "POST /xingrg/dwr/call/plaincall/AjaxCheckService.setItemNumber.dwr HTTP/1.1" 200 78
116.232.54.3 - - [25/Jan/2021:09:06:52 +0800] "POST /xingrg/dwr/call/plaincall/AjaxCheckService.setItemNumber.dwr HTTP/1.1" 200 78
180.169.147.146 - - [25/Jan/2021:09:06:52 +0800] "GET /xingrg/all/function/internal_message.html?_=1611536813829&CODE_STATE=getMsg HTTP/1.1" 200 27
116.232.54.3 - - [25/Jan/2021:09:06:52 +0800] "POST /xingrg/dwr/call/plaincall/AjaxCheckService.setItemNumber.dwr HTTP/1.1" 200 78
120.253.135.82 - - [25/Jan/2021:09:06:53 +0800] "GET /xingrg/javascript/jquery_easy_ui/themes/default/images/tabs_close.gif HTTP/1.1" 200 829
180.156.237.57 - - [25/Jan/2021:09:06:56 +0800] "GET /xingrg/kc/buy/cgsh_order_operate.html?command=get_materiel&rest_code=00150&code=00101009001&supplier_code=00100424&order_time=2021-01-25 HTTP/1.1" 200 416
180.156.237.57 - - [25/Jan/2021:09:06:56 +0800] "GET /xingrg/check_reg.html?_=1611536817808 HTTP/1.1" 200 22
180.156.237.57 - - [25/Jan/2021:09:06:56 +0800] "GET /xingrg/all/function/internal_message.html?_=1611536817811&CODE_STATE=getMsg HTTP/1.1" 200 27
120.253.135.82 - - [25/Jan/2021:09:07:00 +0800] "GET /xingrg/css/blue.css HTTP/1.1" 304 -
120.253.135.82 - - [25/Jan/2021:09:07:00 +0800] "GET /xingrg/dwr/util.js HTTP/1.1" 304 -
120.253.135.82 - - [25/Jan/2021:09:07:00 +0800] "GET /xingrg/javascript/Calendar.js HTTP/1.1" 304 -
120.253.135.82 - - [25/Jan/2021:09:07:00 +0800] "GET /xingrg/javascript/pic_change.js HTTP/1.1" 304 -
120.253.135.82 - - [25/Jan/2021:09:07:00 +0800] "GET /xingrg/dwr/interface/AjaxReportQueryService.js HTTP/1.1" 200 13203
120.253.135.82 - - [25/Jan/2021:09:07:00 +0800] "GET /xingrg/javascript/myfunction.js HTTP/1.1" 304 -
120.253.135.82 - - [25/Jan/2021:09:07:00 +0800] "GET /xingrg/dwr/interface/AjaxQqpsService.js HTTP/1.1" 200 16326
120.253.135.82 - - [25/Jan/2021:09:07:00 +0800] "GET /xingrg/dwr/engine.js HTTP/1.1" 200 43631
120.253.135.82 - - [25/Jan/2021:09:07:00 +0800] "GET /xingrg/javascript/jquery_easy_ui/themes/icons/check_new.png HTTP/1.1" 304 -
120.253.135.82 - - [25/Jan/2021:09:07:00 +0800] "GET /xingrg/javascript/jquery_easy_ui/themes/icons/uncheck_new.png HTTP/1.1" 304 -
120.253.135.82 - - [25/Jan/2021:09:07:00 +0800] "GET /xingrg/javascript/jquery_easy_ui/themes/icons/back_new.png HTTP/1.1" 304 -
120.253.135.82 - - [25/Jan/2021:09:07:00 +0800] "GET /xingrg/kc/pszx/mdqp_order_list.html?state=10 HTTP/1.1" 200 10171
120.253.135.82 - - [25/Jan/2021:09:07:00 +0800] "GET /xingrg/kc/pszx/mdqp_order_list.html?state=10 HTTP/1.1" 200 10171
120.253.135.82 - - [25/Jan/2021:09:07:00 +0800] "GET /xingrg/dwr/interface/AjaxReportQueryService.js HTTP/1.1" 200 13203
120.253.135.82 - - [25/Jan/2021:09:07:00 +0800] "GET /xingrg/dwr/engine.js HTTP/1.1" 200 43631
120.253.135.82 - - [25/Jan/2021:09:07:00 +0800] "GET /xingrg/dwr/interface/AjaxQqpsService.js HTTP/1.1" 200 16326
116.232.54.3 - - [25/Jan/2021:09:07:01 +0800] "POST /xingrg/dwr/call/plaincall/AjaxCheckService.setItemNumber.dwr HTTP/1.1" 200 78
116.232.54.3 - - [25/Jan/2021:09:07:01 +0800] "POST /xingrg/dwr/call/plaincall/AjaxCheckService.setItemNumber.dwr HTTP/1.1" 200 78
116.232.54.3 - - [25/Jan/2021:09:07:02 +0800] "POST /xingrg/dwr/call/plaincall/AjaxCheckService.setItemNumber.dwr HTTP/1.1" 200 78
120.253.135.82 - - [25/Jan/2021:09:07:02 +0800] "GET /xingrg/kc/pszx/mdps_order_list.html?orderType=0 HTTP/1.1" 200 21153
120.253.135.82 - - [25/Jan/2021:09:07:02 +0800] "GET /xingrg/css/site.css HTTP/1.1" 304 -
120.253.135.82 - - [25/Jan/2021:09:07:02 +0800] "GET /xingrg/javascript/easyui/themes/icon.css HTTP/1.1" 304 -
120.253.135.82 - - [25/Jan/2021:09:07:02 +0800] "GET /xingrg/javascript/jquery_tools/datebox.css HTTP/1.1" 304 -
120.253.135.82 - - [25/Jan/2021:09:07:02 +0800] "GET /xingrg/javascript/jquery_tools/table.css HTTP/1.1" 304 -
120.253.135.82 - - [25/Jan/2021:09:07:02 +0800] "GET /xingrg/javascript/jquery_tools/jquery.tools.min.js HTTP/1.1" 304 -
120.253.135.82 - - [25/Jan/2021:09:07:02 +0800] "GET /xingrg/javascript/jquery_tools/fix.css HTTP/1.1" 304 -
120.253.135.82 - - [25/Jan/2021:09:07:02 +0800] "GET /xingrg/javascript/auto/jquery.autocomplete.css HTTP/1.1" 304 -
120.253.135.82 - - [25/Jan/2021:09:07:02 +0800] "GET /xingrg/javascript/jquery_tools/jquery.tools.hotkey.js HTTP/1.1" 304 -
120.253.135.82 - - [25/Jan/2021:09:07:02 +0800] "GET /xingrg/javascript/jquery_tools/jquery.tools.table.js HTTP/1.1" 304 -
120.253.135.82 - - [25/Jan/2021:09:07:02 +0800] "GET /xingrg/javascript/jquery_tools/jquery.tools.extend.js HTTP/1.1" 304 -
120.253.135.82 - - [25/Jan/2021:09:07:02 +0800] "GET /xingrg/javascript/jquery_tools/list_manager.js HTTP/1.1" 304 -
120.253.135.82 - - [25/Jan/2021:09:07:02 +0800] "GET /xingrg/javascript/auto/jquery.autocomplete.js HTTP/1.1" 304 -
120.253.135.82 - - [25/Jan/2021:09:07:02 +0800] "GET /xingrg/javascript/jquery.cookie.js HTTP/1.1" 304 -
120.253.135.82 - - [25/Jan/2021:09:07:02 +0800] "GET /xingrg/javascript/easyui/easyloader.js HTTP/1.1" 304 -
120.253.135.82 - - [25/Jan/2021:09:07:02 +0800] "GET /xingrg/javascript/print/LodopFuncs.js HTTP/1.1" 304 -
120.253.135.82 - - [25/Jan/2021:09:07:02 +0800] "GET /xingrg/javascript/jquery.utils.js HTTP/1.1" 200 11805
120.253.135.82 - - [25/Jan/2021:09:07:02 +0800] "GET /xingrg/javascript/easyui/themes/default/easyui.css HTTP/1.1" 304 -
116.232.54.3 - - [25/Jan/2021:09:07:02 +0800] "GET /xingrg/all/function/internal_message.html?_=1611536851359&CODE_STATE=getMsg HTTP/1.1" 200 27
116.232.54.3 - - [25/Jan/2021:09:07:03 +0800] "POST /xingrg/dwr/call/plaincall/AjaxCheckService.setItemNumber.dwr HTTP/1.1" 200 78
120.253.135.82 - - [25/Jan/2021:09:07:03 +0800] "GET /xingrg/css/base.css HTTP/1.1" 304 -
120.253.135.82 - - [25/Jan/2021:09:07:04 +0800] "GET /xingrg/javascript/easyui/themes/icons/edit_add_new.png HTTP/1.1" 304 -
120.253.135.82 - - [25/Jan/2021:09:07:04 +0800] "GET /xingrg/javascript/easyui/themes/icons/check_new.png HTTP/1.1" 304 -
120.253.135.82 - - [25/Jan/2021:09:07:04 +0800] "GET /xingrg/javascript/easyui/themes/icons/uncheck_new.png HTTP/1.1" 304 -
120.253.135.82 - - [25/Jan/2021:09:07:04 +0800] "GET /xingrg/javascript/easyui/themes/icons/cance_new.png HTTP/1.1" 304 -
120.253.135.82 - - [25/Jan/2021:09:07:04 +0800] "GET /xingrg/javascript/easyui/themes/icons/field_new.png HTTP/1.1" 304 -
120.253.135.82 - - [25/Jan/2021:09:07:04 +0800] "GET /xingrg/javascript/easyui/themes/icons/import_new.png HTTP/1.1" 304 -
120.253.135.82 - - [25/Jan/2021:09:07:04 +0800] "GET /xingrg/javascript/easyui/plugins/jquery.parser.js HTTP/1.1" 304 -
120.253.135.82 - - [25/Jan/2021:09:07:04 +0800] "GET /xingrg/images/control/ajaxLoader.gif HTTP/1.1" 304 -
120.253.135.82 - - [25/Jan/2021:09:07:04 +0800] "GET /xingrg/javascript/jquery_easy_ui/themes/icons/area.png HTTP/1.1" 200 262
120.253.135.82 - - [25/Jan/2021:09:07:04 +0800] "GET /xingrg/javascript/jquery_easy_ui/themes/icons/manage.png HTTP/1.1" 200 696
120.253.135.82 - - [25/Jan/2021:09:07:04 +0800] "POST /xingrg/kc/pszx/mdps_list_operate.html HTTP/1.1" 200 5382
61.129.6.151 - - [25/Jan/2021:09:07:05 +0800] "GET /xingrg/check_reg.html?_=1611536390576 HTTP/1.1" 302 -
61.165.42.208 - - [25/Jan/2021:09:07:05 +0800] "GET /xingrg/check_reg.html?_=1611536808935 HTTP/1.1" 200 22
61.165.42.208 - - [25/Jan/2021:09:07:05 +0800] "GET /xingrg/all/function/internal_message.html?_=1611536808937&CODE_STATE=getMsg HTTP/1.1" 200 27
120.253.135.82 - - [25/Jan/2021:09:07:06 +0800] "GET /xingrg/javascript/auto/indicator.gif HTTP/1.1" 404 1066
116.232.54.3 - - [25/Jan/2021:09:07:07 +0800] "POST /xingrg/dwr/call/plaincall/AjaxCheckService.setItemNumber.dwr HTTP/1.1" 200 78
61.129.6.151 - - [25/Jan/2021:09:07:08 +0800] "GET /xingrg/login.html HTTP/1.1" 200 7641
116.232.54.3 - - [25/Jan/2021:09:07:08 +0800] "POST /xingrg/dwr/call/plaincall/AjaxCheckService.setItemNumber.dwr HTTP/1.1" 200 78
116.232.54.3 - - [25/Jan/2021:09:07:09 +0800] "POST /xingrg/dwr/call/plaincall/AjaxCheckService.setItemNumber.dwr HTTP/1.1" 200 78
120.253.135.82 - - [25/Jan/2021:09:07:09 +0800] "GET /xingrg/all/function/internal_message.html?_=1611536877333&CODE_STATE=getMsg HTTP/1.1" 200 27
116.232.54.3 - - [25/Jan/2021:09:07:09 +0800] "POST /xingrg/dwr/call/plaincall/AjaxCheckService.setItemNumber.dwr HTTP/1.1" 200 78
116.232.54.3 - - [25/Jan/2021:09:07:10 +0800] "POST /xingrg/dwr/call/plaincall/AjaxCheckService.setItemNumber.dwr HTTP/1.1" 200 78
116.232.54.3 - - [25/Jan/2021:09:07:11 +0800] "POST /xingrg/dwr/call/plaincall/AjaxCheckService.setItemNumber.dwr HTTP/1.1" 200 78
116.232.54.3 - - [25/Jan/2021:09:07:11 +0800] "POST /xingrg/dwr/call/plaincall/AjaxCheckService.setItemNumber.dwr HTTP/1.1" 200 78
116.232.54.3 - - [25/Jan/2021:09:07:12 +0800] "POST /xingrg/dwr/call/plaincall/AjaxCheckService.setItemNumber.dwr HTTP/1.1" 200 78
116.232.54.3 - - [25/Jan/2021:09:07:12 +0800] "POST /xingrg/dwr/call/plaincall/AjaxCheckService.setItemNumber.dwr HTTP/1.1" 200 78
116.232.54.3 - - [25/Jan/2021:09:07:13 +0800] "POST /xingrg/dwr/call/plaincall/AjaxCheckService.setItemNumber.dwr HTTP/1.1" 200 78
120.253.135.82 - - [25/Jan/2021:09:07:13 +0800] "POST /xingrg/kc/pszx/mdps_list_operate.html HTTP/1.1" 200 3951
61.165.42.208 - - [25/Jan/2021:09:07:16 +0800] "GET /xingrg/all/function/internal_message.html?_=1611536836510&CODE_STATE=getMsg HTTP/1.1" 200 27
116.227.17.229 - - [25/Jan/2021:09:07:16 +0800] "GET /xingrg/all/function/internal_message.html?_=1611536834778&CODE_STATE=getMsg HTTP/1.1" 200 27
116.227.17.229 - - [25/Jan/2021:09:07:16 +0800] "GET /xingrg/kc/mdqp/qqps_order_list.html HTTP/1.1" 200 9222
116.227.17.229 - - [25/Jan/2021:09:07:16 +0800] "GET /xingrg/dwr/util.js HTTP/1.1" 304 -
116.227.17.229 - - [25/Jan/2021:09:07:16 +0800] "GET /xingrg/dwr/interface/AjaxQqpsService.js HTTP/1.1" 200 16326
116.227.17.229 - - [25/Jan/2021:09:07:16 +0800] "GET /xingrg/dwr/interface/AjaxReportQueryService.js HTTP/1.1" 200 13203
116.227.17.229 - - [25/Jan/2021:09:07:16 +0800] "GET /xingrg/dwr/engine.js HTTP/1.1" 200 43631
180.169.147.146 - - [25/Jan/2021:09:07:17 +0800] "GET /xingrg/all/function/internal_message.html?_=1611536845204&CODE_STATE=getMsg HTTP/1.1" 200 27
120.253.135.82 - - [25/Jan/2021:09:07:17 +0800] "POST /xingrg/kc/pszx/mdps_list_operate.html HTTP/1.1" 200 212
116.227.17.229 - - [25/Jan/2021:09:07:17 +0800] "GET /xingrg/kc/mdqp/qqps_order_list.html HTTP/1.1" 200 9222
116.227.17.229 - - [25/Jan/2021:09:07:18 +0800] "GET /xingrg/dwr/interface/AjaxQqpsService.js HTTP/1.1" 200 16326
116.227.17.229 - - [25/Jan/2021:09:07:18 +0800] "GET /xingrg/dwr/interface/AjaxReportQueryService.js HTTP/1.1" 200 13203
116.227.17.229 - - [25/Jan/2021:09:07:18 +0800] "GET /xingrg/dwr/engine.js HTTP/1.1" 200 43631
120.253.135.82 - - [25/Jan/2021:09:07:18 +0800] "GET /xingrg/kc/pszx/mdps_order_info.html?code=312021012400763 HTTP/1.1" 200 23887
120.253.135.82 - - [25/Jan/2021:09:07:18 +0800] "GET /xingrg/javascript/jquery_tools/order_manager.js HTTP/1.1" 304 -
120.253.135.82 - - [25/Jan/2021:09:07:18 +0800] "GET /xingrg/javascript/convert.js HTTP/1.1" 304 -
120.253.135.82 - - [25/Jan/2021:09:07:18 +0800] "GET /xingrg/javascript/json2.js HTTP/1.1" 304 -
120.253.135.82 - - [25/Jan/2021:09:07:18 +0800] "GET /xingrg/javascript/jquery.utils.js HTTP/1.1" 200 11805
120.253.135.82 - - [25/Jan/2021:09:07:18 +0800] "GET /xingrg/javascript/print/kc_print.js HTTP/1.1" 304 -
120.253.135.82 - - [25/Jan/2021:09:07:18 +0800] "GET /xingrg/words/20210124190416_words.js HTTP/1.1" 304 -
116.227.17.229 - - [25/Jan/2021:09:07:18 +0800] "GET /xingrg/kc/mdqp/pssh_order_list.html HTTP/1.1" 200 17889
120.253.135.82 - - [25/Jan/2021:09:07:18 +0800] "GET /xingrg/javascript/easyui/themes/icons/copy_new.png HTTP/1.1" 304 -
120.253.135.82 - - [25/Jan/2021:09:07:18 +0800] "GET /xingrg/javascript/easyui/themes/icons/ok.png HTTP/1.1" 304 -
120.253.135.82 - - [25/Jan/2021:09:07:18 +0800] "GET /xingrg/javascript/easyui/themes/icons/print.png HTTP/1.1" 304 -
120.253.135.82 - - [25/Jan/2021:09:07:18 +0800] "GET /xingrg/javascript/easyui/themes/default/images/menu_downarrow.png HTTP/1.1" 304 -
116.227.17.229 - - [25/Jan/2021:09:07:19 +0800] "POST /xingrg/kc/mdqp/pssh_list_operate.html HTTP/1.1" 200 4740
120.253.135.82 - - [25/Jan/2021:09:07:19 +0800] "GET /xingrg/all/common/auto_word.html?type=base&rest_code=00101 HTTP/1.1" 200 559
120.253.135.82 - - [25/Jan/2021:09:07:19 +0800] "GET /xingrg/javascript/easyui/themes/default/validatebox.css HTTP/1.1" 404 1104
120.253.135.82 - - [25/Jan/2021:09:07:19 +0800] "GET /xingrg/javascript/easyui/plugins/jquery.validatebox.js HTTP/1.1" 304 -
120.253.135.82 - - [25/Jan/2021:09:07:19 +0800] "POST /xingrg/kc/pszx/mdps_order_operate.html HTTP/1.1" 200 2292
120.253.135.82 - - [25/Jan/2021:09:07:19 +0800] "GET /xingrg/javascript/easyui/plugins/jquery.numberbox.js HTTP/1.1" 304 -
120.253.135.82 - - [25/Jan/2021:09:07:19 +0800] "GET /xingrg/javascript/easyui/themes/icons/cancel.png HTTP/1.1" 304 -
120.253.135.82 - - [25/Jan/2021:09:07:19 +0800] "GET /xingrg/javascript/easyui/themes/icons/edit_remove.png HTTP/1.1" 200 625
58.37.230.33 - - [25/Jan/2021:09:07:19 +0800] "GET /xingrg/all/function/internal_message.html?_=1611536851788&CODE_STATE=getMsg HTTP/1.1" 200 27
116.232.54.3 - - [25/Jan/2021:09:07:20 +0800] "POST /xingrg/dwr/call/plaincall/AjaxCheckService.setItemNumber.dwr HTTP/1.1" 200 78
120.253.135.82 - - [25/Jan/2021:09:07:20 +0800] "GET /xingrg/javascript/easyui/themes/default/images/button_plain_hover.png HTTP/1.1" 304 -
116.228.172.94 - - [25/Jan/2021:09:07:21 +0800] "GET /xingrg/kc/buy/cgsh_order_operate.html?command=get_materiel&rest_code=00107&code=00101011010&supplier_code=00100033&order_time=2021-01-25 HTTP/1.1" 200 418
120.253.135.82 - - [25/Jan/2021:09:07:21 +0800] "GET /xingrg/kc/print/load_config.html?kc_code=mdps HTTP/1.1" 200 2396
120.253.135.82 - - [25/Jan/2021:09:07:21 +0800] "GET /xingrg/kc/print/load_data.html?order_code=312021012400763&kc_code=mdps&condition= HTTP/1.1" 200 701
116.227.17.229 - - [25/Jan/2021:09:07:21 +0800] "POST /xingrg/kc/mdqp/pssh_list_operate.html HTTP/1.1" 200 268
116.232.54.3 - - [25/Jan/2021:09:07:21 +0800] "POST /xingrg/dwr/call/plaincall/AjaxCheckService.setItemNumber.dwr HTTP/1.1" 200 78
116.232.54.3 - - [25/Jan/2021:09:07:21 +0800] "POST /xingrg/dwr/call/plaincall/AjaxCheckService.setItemNumber.dwr HTTP/1.1" 200 78
116.232.54.3 - - [25/Jan/2021:09:07:22 +0800] "GET /xingrg/all/function/internal_message.html?_=1611536842214&CODE_STATE=getMsg HTTP/1.1" 200 27
116.232.54.3 - - [25/Jan/2021:09:07:22 +0800] "POST /xingrg/dwr/call/plaincall/AjaxCheckService.setItemNumber.dwr HTTP/1.1" 200 78
116.232.54.3 - - [25/Jan/2021:09:07:22 +0800] "POST /xingrg/dwr/call/plaincall/AjaxCheckService.setItemNumber.dwr HTTP/1.1" 200 78
116.232.54.3 - - [25/Jan/2021:09:07:23 +0800] "POST /xingrg/dwr/call/plaincall/AjaxCheckService.setItemNumber.dwr HTTP/1.1" 200 78
116.232.54.3 - - [25/Jan/2021:09:07:24 +0800] "POST /xingrg/dwr/call/plaincall/AjaxCheckService.setItemNumber.dwr HTTP/1.1" 200 78
116.232.54.3 - - [25/Jan/2021:09:07:24 +0800] "POST /xingrg/dwr/call/plaincall/AjaxCheckService.setItemNumber.dwr HTTP/1.1" 200 78
116.227.17.229 - - [25/Jan/2021:09:07:25 +0800] "POST /xingrg/kc/mdqp/pssh_list_operate.html HTTP/1.1" 200 269
116.232.54.3 - - [25/Jan/2021:09:07:25 +0800] "POST /xingrg/dwr/call/plaincall/AjaxCheckService.setItemNumber.dwr HTTP/1.1" 200 78
116.232.54.3 - - [25/Jan/2021:09:07:25 +0800] "POST /xingrg/dwr/call/plaincall/AjaxCheckService.setItemNumber.dwr HTTP/1.1" 200 78
116.232.54.3 - - [25/Jan/2021:09:07:26 +0800] "POST /xingrg/dwr/call/plaincall/AjaxCheckService.setItemNumber.dwr HTTP/1.1" 200 78
116.232.54.3 - - [25/Jan/2021:09:07:27 +0800] "POST /xingrg/dwr/call/plaincall/AjaxCheckService.setItemNumber.dwr HTTP/1.1" 200 78
180.156.237.57 - - [25/Jan/2021:09:07:27 +0800] "GET /xingrg/kc/buy/cgsh_order_operate.html?command=get_materiel&rest_code=00150&code=00101009062&supplier_code=00100424&order_time=2021-01-25 HTTP/1.1" 200 412
116.232.54.3 - - [25/Jan/2021:09:07:27 +0800] "POST /xingrg/dwr/call/plaincall/AjaxCheckService.setItemNumber.dwr HTTP/1.1" 200 78
114.88.166.193 - - [25/Jan/2021:09:07:27 +0800] "POST /xingrg/dwr/call/plaincall/AjaxCheckService.setItemNumber.dwr HTTP/1.1" 200 77
116.232.54.3 - - [25/Jan/2021:09:07:28 +0800] "POST /xingrg/dwr/call/plaincall/AjaxCheckService.setItemNumber.dwr HTTP/1.1" 200 78
116.228.172.94 - - [25/Jan/2021:09:07:28 +0800] "GET /xingrg/all/function/internal_message.html?_=1611536846971&CODE_STATE=getMsg HTTP/1.1" 200 27
116.232.54.3 - - [25/Jan/2021:09:07:29 +0800] "POST /xingrg/dwr/call/plaincall/AjaxCheckService.setItemNumber.dwr HTTP/1.1" 200 78
116.232.54.3 - - [25/Jan/2021:09:07:29 +0800] "POST /xingrg/dwr/call/plaincall/AjaxCheckService.setItemNumber.dwr HTTP/1.1" 200 78
116.227.17.229 - - [25/Jan/2021:09:07:30 +0800] "GET /xingrg/kc/mdqp/pssh_order_info.html?code=312021012400763 HTTP/1.1" 200 17250
116.227.17.229 - - [25/Jan/2021:09:07:30 +0800] "GET /xingrg/javascript/jquery_tools/jquery-1.4.2.min.js HTTP/1.1" 404 1094
116.227.17.229 - - [25/Jan/2021:09:07:30 +0800] "GET /xingrg/words/20210124190416_words.js HTTP/1.1" 304 -
116.232.54.3 - - [25/Jan/2021:09:07:30 +0800] "POST /xingrg/dwr/call/plaincall/AjaxCheckService.setItemNumber.dwr HTTP/1.1" 200 78
116.227.17.229 - - [25/Jan/2021:09:07:30 +0800] "POST /xingrg/kc/mdqp/pssh_order_operate.html HTTP/1.1" 200 540
116.227.17.229 - - [25/Jan/2021:09:07:30 +0800] "GET /xingrg/javascript/easyui/themes/default/validatebox.css HTTP/1.1" 404 1104
116.232.54.3 - - [25/Jan/2021:09:07:30 +0800] "POST /xingrg/dwr/call/plaincall/AjaxCheckService.setItemNumber.dwr HTTP/1.1" 200 78
116.232.54.3 - - [25/Jan/2021:09:07:30 +0800] "GET /xingrg/kc/base/check_order_list.html?isBack=1 HTTP/1.1" 200 16464
114.88.166.193 - - [25/Jan/2021:09:07:31 +0800] "POST /xingrg/dwr/call/plaincall/AjaxCheckService.setItemNumber.dwr HTTP/1.1" 200 77
116.232.54.3 - - [25/Jan/2021:09:07:31 +0800] "POST /xingrg/kc/base/check_list_operate.html HTTP/1.1" 200 3522
116.232.54.3 - - [25/Jan/2021:09:07:31 +0800] "POST /xingrg/dwr/call/plaincall/AjaxCheckService.setItemNumber.dwr HTTP/1.1" 200 78
116.232.54.3 - - [25/Jan/2021:09:07:32 +0800] "POST /xingrg/dwr/call/plaincall/AjaxCheckService.setItemNumber.dwr HTTP/1.1" 200 78
116.232.54.3 - - [25/Jan/2021:09:07:32 +0800] "POST /xingrg/dwr/call/plaincall/AjaxCheckService.setItemNumber.dwr HTTP/1.1" 200 78
114.88.166.193 - - [25/Jan/2021:09:07:33 +0800] "POST /xingrg/dwr/call/plaincall/AjaxCheckService.setItemNumber.dwr HTTP/1.1" 200 77
116.232.54.3 - - [25/Jan/2021:09:07:33 +0800] "GET /xingrg/kc/base/check_order_info.html?code=452021012400121 HTTP/1.1" 200 26488
116.232.54.3 - - [25/Jan/2021:09:07:33 +0800] "GET /xingrg/dwr/interface/AjaxCheckService.js HTTP/1.1" 200 14003
116.232.54.3 - - [25/Jan/2021:09:07:33 +0800] "GET /xingrg/dwr/interface/AjaxComOrderService.js HTTP/1.1" 200 18264
116.232.54.3 - - [25/Jan/2021:09:07:33 +0800] "GET /xingrg/dwr/engine.js HTTP/1.1" 200 43631
116.228.172.94 - - [25/Jan/2021:09:07:33 +0800] "GET /xingrg/kc/buy/cgsh_order_operate.html?command=get_materiel&rest_code=00107&code=00101012029&supplier_code=00100033&order_time=2021-01-25 HTTP/1.1" 200 412
116.232.54.3 - - [25/Jan/2021:09:07:34 +0800] "POST /xingrg/dwr/call/plaincall/AjaxCheckService.loadOrderItems.dwr HTTP/1.1" 200 61376
114.88.166.193 - - [25/Jan/2021:09:07:34 +0800] "POST /xingrg/dwr/call/plaincall/AjaxCheckService.setItemNumber.dwr HTTP/1.1" 200 77
116.227.17.229 - - [25/Jan/2021:09:07:35 +0800] "GET /xingrg/kc/mdqp/qqps_order_list.html HTTP/1.1" 200 9222
116.227.17.229 - - [25/Jan/2021:09:07:35 +0800] "GET /xingrg/dwr/interface/AjaxQqpsService.js HTTP/1.1" 200 16326
116.227.17.229 - - [25/Jan/2021:09:07:35 +0800] "GET /xingrg/dwr/interface/AjaxReportQueryService.js HTTP/1.1" 200 13203
116.227.17.229 - - [25/Jan/2021:09:07:35 +0800] "GET /xingrg/dwr/engine.js HTTP/1.1" 200 43631
116.227.17.229 - - [25/Jan/2021:09:07:37 +0800] "GET /xingrg/kc/mdqp/pssh_order_list.html HTTP/1.1" 200 17889
116.227.17.229 - - [25/Jan/2021:09:07:37 +0800] "POST /xingrg/kc/mdqp/pssh_list_operate.html HTTP/1.1" 200 4740
180.156.237.57 - - [25/Jan/2021:09:07:37 +0800] "GET /xingrg/all/function/internal_message.html?_=1611536836075&CODE_STATE=getMsg HTTP/1.1" 200 27
116.227.17.229 - - [25/Jan/2021:09:07:39 +0800] "POST /xingrg/kc/mdqp/pssh_list_operate.html HTTP/1.1" 200 269
180.156.237.57 - - [25/Jan/2021:09:07:40 +0800] "GET /xingrg/kc/buy/cgsh_order_operate.html?command=get_materiel&rest_code=00150&code=00101009045&supplier_code=00100424&order_time=2021-01-25 HTTP/1.1" 200 412
116.232.54.3 - - [25/Jan/2021:09:07:40 +0800] "POST /xingrg/dwr/call/plaincall/AjaxCheckService.setItemNumber.dwr HTTP/1.1" 200 76
116.227.17.229 - - [25/Jan/2021:09:07:40 +0800] "POST /xingrg/kc/mdqp/pssh_list_operate.html HTTP/1.1" 200 753
116.232.54.3 - - [25/Jan/2021:09:07:41 +0800] "POST /xingrg/dwr/call/plaincall/AjaxCheckService.setItemNumber.dwr HTTP/1.1" 200 76
114.88.166.193 - - [25/Jan/2021:09:07:41 +0800] "POST /xingrg/dwr/call/plaincall/AjaxCheckService.setItemNumber.dwr HTTP/1.1" 200 77
218.81.223.241 - - [25/Jan/2021:09:07:42 +0800] "GET /xingrg/all/function/internal_message.html?_=1611536860850&CODE_STATE=getMsg HTTP/1.1" 200 27
116.232.54.3 - - [25/Jan/2021:09:07:42 +0800] "POST /xingrg/dwr/call/plaincall/AjaxCheckService.setItemNumber.dwr HTTP/1.1" 200 76
116.227.17.229 - - [25/Jan/2021:09:07:43 +0800] "GET /xingrg/kc/mdqp/pssh_order_info.html?code=312021012500773 HTTP/1.1" 200 17285
116.227.17.229 - - [25/Jan/2021:09:07:43 +0800] "GET /xingrg/javascript/jquery_tools/jquery-1.4.2.min.js HTTP/1.1" 404 1094
116.232.54.3 - - [25/Jan/2021:09:07:43 +0800] "POST /xingrg/dwr/call/plaincall/AjaxCheckService.setItemNumber.dwr HTTP/1.1" 200 76
116.227.17.229 - - [25/Jan/2021:09:07:43 +0800] "GET /xingrg/javascript/easyui/themes/default/validatebox.css HTTP/1.1" 404 1104
116.227.17.229 - - [25/Jan/2021:09:07:43 +0800] "POST /xingrg/kc/mdqp/pssh_order_operate.html HTTP/1.1" 200 5204
116.232.54.3 - - [25/Jan/2021:09:07:43 +0800] "POST /xingrg/dwr/call/plaincall/AjaxCheckService.setItemNumber.dwr HTTP/1.1" 200 76
120.253.135.82 - - [25/Jan/2021:09:07:44 +0800] "GET /xingrg/all/function/internal_message.html?_=1611536626567&CODE_STATE=getMsg HTTP/1.1" 200 27
116.232.54.3 - - [25/Jan/2021:09:07:44 +0800] "POST /xingrg/dwr/call/plaincall/AjaxCheckService.setItemNumber.dwr HTTP/1.1" 200 76
116.232.54.3 - - [25/Jan/2021:09:07:45 +0800] "POST /xingrg/dwr/call/plaincall/AjaxCheckService.setItemNumber.dwr HTTP/1.1" 200 76
116.232.54.3 - - [25/Jan/2021:09:07:45 +0800] "POST /xingrg/dwr/call/plaincall/AjaxCheckService.setItemNumber.dwr HTTP/1.1" 200 76
114.88.166.193 - - [25/Jan/2021:09:07:46 +0800] "POST /xingrg/dwr/call/plaincall/AjaxCheckService.setItemNumber.dwr HTTP/1.1" 200 77
116.227.17.229 - - [25/Jan/2021:09:07:46 +0800] "POST /xingrg/kc/mdqp/pssh_list_operate.html HTTP/1.1" 200 776
114.86.187.76 - - [25/Jan/2021:09:07:46 +0800] "GET /xingrg/all/function/internal_message.html?_=1611536867061&CODE_STATE=getMsg HTTP/1.1" 200 27
116.232.54.3 - - [25/Jan/2021:09:07:46 +0800] "POST /xingrg/dwr/call/plaincall/AjaxCheckService.setItemNumber.dwr HTTP/1.1" 200 76
116.232.54.3 - - [25/Jan/2021:09:07:47 +0800] "POST /xingrg/dwr/call/plaincall/AjaxCheckService.setItemNumber.dwr HTTP/1.1" 200 77
116.232.54.3 - - [25/Jan/2021:09:07:47 +0800] "POST /xingrg/dwr/call/plaincall/AjaxCheckService.setItemNumber.dwr HTTP/1.1" 200 77
116.232.54.3 - - [25/Jan/2021:09:07:48 +0800] "POST /xingrg/dwr/call/plaincall/AjaxCheckService.setItemNumber.dwr HTTP/1.1" 200 77
116.232.54.3 - - [25/Jan/2021:09:07:49 +0800] "POST /xingrg/dwr/call/plaincall/AjaxCheckService.setItemNumber.dwr HTTP/1.1" 200 77
114.88.166.193 - - [25/Jan/2021:09:07:49 +0800] "POST /xingrg/dwr/call/plaincall/AjaxCheckService.setItemNumber.dwr HTTP/1.1" 200 77
218.81.223.240 - - [25/Jan/2021:09:07:49 +0800] "GET /xingrg/all/function/internal_message.html?_=1611536877985&CODE_STATE=getMsg HTTP/1.1" 200 27
218.81.223.241 - - [25/Jan/2021:09:07:49 +0800] "GET /xingrg/all/function/internal_message.html?_=1611536874258&CODE_STATE=getMsg HTTP/1.1" 302 -
180.156.237.57 - - [25/Jan/2021:09:07:49 +0800] "GET /xingrg/kc/buy/cgsh_order_operate.html?command=get_materiel&rest_code=00150&code=00101009011&supplier_code=00100424&order_time=2021-01-25 HTTP/1.1" 200 416
114.88.166.193 - - [25/Jan/2021:09:07:49 +0800] "GET /xingrg/all/function/internal_message.html?_=1611537052575&CODE_STATE=getMsg HTTP/1.1" 200 27
116.232.54.3 - - [25/Jan/2021:09:07:50 +0800] "POST /xingrg/dwr/call/plaincall/AjaxCheckService.setItemNumber.dwr HTTP/1.1" 200 77
116.232.54.3 - - [25/Jan/2021:09:07:51 +0800] "POST /xingrg/dwr/call/plaincall/AjaxCheckService.setItemNumber.dwr HTTP/1.1" 200 77
116.232.54.3 - - [25/Jan/2021:09:07:52 +0800] "POST /xingrg/dwr/call/plaincall/AjaxCheckService.setItemNumber.dwr HTTP/1.1" 200 77
180.169.147.146 - - [25/Jan/2021:09:07:52 +0800] "GET /xingrg/all/function/internal_message.html?_=1611536873831&CODE_STATE=getMsg HTTP/1.1" 200 27
114.88.166.193 - - [25/Jan/2021:09:07:52 +0800] "POST /xingrg/dwr/call/plaincall/AjaxCheckService.setItemNumber.dwr HTTP/1.1" 200 77
116.232.54.3 - - [25/Jan/2021:09:07:53 +0800] "POST /xingrg/dwr/call/plaincall/AjaxCheckService.setItemNumber.dwr HTTP/1.1" 200 77
114.88.166.193 - - [25/Jan/2021:09:07:53 +0800] "POST /xingrg/dwr/call/plaincall/AjaxCheckService.setItemNumber.dwr HTTP/1.1" 200 77
116.232.54.3 - - [25/Jan/2021:09:07:53 +0800] "GET /xingrg/check_reg.html?_=1611536903078 HTTP/1.1" 200 22
116.232.54.3 - - [25/Jan/2021:09:07:54 +0800] "POST /xingrg/dwr/call/plaincall/AjaxCheckService.setItemNumber.dwr HTTP/1.1" 200 77
116.232.54.3 - - [25/Jan/2021:09:07:54 +0800] "POST /xingrg/dwr/call/plaincall/AjaxCheckService.setItemNumber.dwr HTTP/1.1" 200 77
116.228.172.94 - - [25/Jan/2021:09:07:55 +0800] "POST /xingrg/kc/buy/cgsh_order_operate.html HTTP/1.1" 200 37
180.156.237.57 - - [25/Jan/2021:09:07:56 +0800] "GET /xingrg/all/function/internal_message.html?_=1611536877927&CODE_STATE=getMsg HTTP/1.1" 200 27
114.88.166.193 - - [25/Jan/2021:09:07:57 +0800] "POST /xingrg/dwr/call/plaincall/AjaxCheckService.setItemNumber.dwr HTTP/1.1" 200 77
116.228.172.94 - - [25/Jan/2021:09:07:57 +0800] "POST /xingrg/kc/buy/cgsh_order_operate.html HTTP/1.1" 200 5024
116.232.54.3 - - [25/Jan/2021:09:07:58 +0800] "POST /xingrg/dwr/call/plaincall/AjaxCheckService.setItemNumber.dwr HTTP/1.1" 200 78
116.232.54.3 - - [25/Jan/2021:09:07:58 +0800] "POST /xingrg/dwr/call/plaincall/AjaxCheckService.setItemNumber.dwr HTTP/1.1" 200 77
180.156.237.57 - - [25/Jan/2021:09:07:59 +0800] "GET /xingrg/kc/buy/cgsh_order_operate.html?command=get_materiel&rest_code=00150&code=00101009016&supplier_code=00100424&order_time=2021-01-25 HTTP/1.1" 200 412
116.232.54.3 - - [25/Jan/2021:09:08:00 +0800] "POST /xingrg/dwr/call/plaincall/AjaxCheckService.setItemNumber.dwr HTTP/1.1" 200 77
116.232.54.3 - - [25/Jan/2021:09:08:01 +0800] "POST /xingrg/dwr/call/plaincall/AjaxCheckService.setItemNumber.dwr HTTP/1.1" 200 77
116.232.54.3 - - [25/Jan/2021:09:08:02 +0800] "GET /xingrg/all/function/internal_message.html?_=1611536911375&CODE_STATE=getMsg HTTP/1.1" 200 27
116.232.54.3 - - [25/Jan/2021:09:08:02 +0800] "POST /xingrg/dwr/call/plaincall/AjaxCheckService.setItemNumber.dwr HTTP/1.1" 200 77
116.232.54.3 - - [25/Jan/2021:09:08:03 +0800] "POST /xingrg/dwr/call/plaincall/AjaxCheckService.setItemNumber.dwr HTTP/1.1" 200 77
116.232.54.3 - - [25/Jan/2021:09:08:03 +0800] "POST /xingrg/dwr/call/plaincall/AjaxCheckService.setItemNumber.dwr HTTP/1.1" 200 77
116.232.54.3 - - [25/Jan/2021:09:08:04 +0800] "POST /xingrg/dwr/call/plaincall/AjaxCheckService.setItemNumber.dwr HTTP/1.1" 200 77
61.165.42.208 - - [25/Jan/2021:09:08:05 +0800] "GET /xingrg/all/function/internal_message.html?_=1611536868937&CODE_STATE=getMsg HTTP/1.1" 200 27
180.156.237.57 - - [25/Jan/2021:09:08:08 +0800] "GET /xingrg/kc/buy/cgsh_order_operate.html?command=get_materiel&rest_code=00150&code=00101009010&supplier_code=00100424&order_time=2021-01-25 HTTP/1.1" 200 412
120.253.135.82 - - [25/Jan/2021:09:08:09 +0800] "GET /xingrg/all/function/internal_message.html?_=1611536937348&CODE_STATE=getMsg HTTP/1.1" 200 27
180.175.150.119 - - [25/Jan/2021:09:08:12 +0800] "GET /xingrg/check_reg.html?_=1611537136619 HTTP/1.1" 302 -
180.175.150.119 - - [25/Jan/2021:09:08:12 +0800] "GET /xingrg/login.html HTTP/1.1" 200 7641
116.232.54.3 - - [25/Jan/2021:09:08:13 +0800] "POST /xingrg/dwr/call/plaincall/AjaxCheckService.setItemNumber.dwr HTTP/1.1" 200 78
116.232.54.3 - - [25/Jan/2021:09:08:13 +0800] "POST /xingrg/dwr/call/plaincall/AjaxCheckService.setItemNumber.dwr HTTP/1.1" 200 78
116.232.54.3 - - [25/Jan/2021:09:08:15 +0800] "POST /xingrg/dwr/call/plaincall/AjaxCheckService.setItemNumber.dwr HTTP/1.1" 200 78
114.88.166.193 - - [25/Jan/2021:09:08:15 +0800] "POST /xingrg/dwr/call/plaincall/AjaxCheckService.setItemNumber.dwr HTTP/1.1" 200 77
61.165.42.208 - - [25/Jan/2021:09:08:16 +0800] "GET /xingrg/all/function/internal_message.html?_=1611536896515&CODE_STATE=getMsg HTTP/1.1" 200 27
116.227.17.229 - - [25/Jan/2021:09:08:16 +0800] "GET /xingrg/all/function/internal_message.html?_=1611536894781&CODE_STATE=getMsg HTTP/1.1" 200 27
180.169.147.146 - - [25/Jan/2021:09:08:17 +0800] "GET /xingrg/all/function/internal_message.html?_=1611536905194&CODE_STATE=getMsg HTTP/1.1" 200 27
116.232.54.3 - - [25/Jan/2021:09:08:17 +0800] "POST /xingrg/dwr/call/plaincall/AjaxCheckService.setItemNumber.dwr HTTP/1.1" 200 77
114.88.166.193 - - [25/Jan/2021:09:08:18 +0800] "POST /xingrg/dwr/call/plaincall/AjaxCheckService.setItemNumber.dwr HTTP/1.1" 200 77
58.37.230.33 - - [25/Jan/2021:09:08:19 +0800] "GET /xingrg/all/function/internal_message.html?_=1611536911766&CODE_STATE=getMsg HTTP/1.1" 200 27
116.232.54.3 - - [25/Jan/2021:09:08:19 +0800] "POST /xingrg/dwr/call/plaincall/AjaxCheckService.setItemNumber.dwr HTTP/1.1" 200 78
114.88.166.193 - - [25/Jan/2021:09:08:20 +0800] "POST /xingrg/dwr/call/plaincall/AjaxCheckService.setItemNumber.dwr HTTP/1.1" 200 77
114.88.166.193 - - [25/Jan/2021:09:08:21 +0800] "POST /xingrg/dwr/call/plaincall/AjaxCheckService.setItemNumber.dwr HTTP/1.1" 200 77
116.232.54.3 - - [25/Jan/2021:09:08:22 +0800] "GET /xingrg/all/function/internal_message.html?_=1611536902208&CODE_STATE=getMsg HTTP/1.1" 200 27
114.88.166.193 - - [25/Jan/2021:09:08:22 +0800] "POST /xingrg/dwr/call/plaincall/AjaxCheckService.setItemNumber.dwr HTTP/1.1" 200 77
114.88.166.193 - - [25/Jan/2021:09:08:24 +0800] "POST /xingrg/dwr/call/plaincall/AjaxCheckService.setItemNumber.dwr HTTP/1.1" 200 77
116.232.54.3 - - [25/Jan/2021:09:08:24 +0800] "POST /xingrg/dwr/call/plaincall/AjaxCheckService.setItemNumber.dwr HTTP/1.1" 200 78
114.88.166.193 - - [25/Jan/2021:09:08:25 +0800] "POST /xingrg/dwr/call/plaincall/AjaxCheckService.setItemNumber.dwr HTTP/1.1" 200 77
116.228.172.94 - - [25/Jan/2021:09:08:25 +0800] "GET /xingrg/check_reg.html?_=1611536903604 HTTP/1.1" 200 22
116.232.54.3 - - [25/Jan/2021:09:08:25 +0800] "POST /xingrg/dwr/call/plaincall/AjaxCheckService.setItemNumber.dwr HTTP/1.1" 200 78
116.232.54.3 - - [25/Jan/2021:09:08:26 +0800] "POST /xingrg/dwr/call/plaincall/AjaxCheckService.setItemNumber.dwr HTTP/1.1" 200 78
116.232.54.3 - - [25/Jan/2021:09:08:26 +0800] "POST /xingrg/dwr/call/plaincall/AjaxCheckService.setItemNumber.dwr HTTP/1.1" 200 78
116.232.54.3 - - [25/Jan/2021:09:08:27 +0800] "POST /xingrg/dwr/call/plaincall/AjaxCheckService.setItemNumber.dwr HTTP/1.1" 200 78
114.88.166.193 - - [25/Jan/2021:09:08:28 +0800] "POST /xingrg/dwr/call/plaincall/AjaxCheckService.setItemNumber.dwr HTTP/1.1" 200 77
116.232.54.3 - - [25/Jan/2021:09:08:28 +0800] "POST /xingrg/dwr/call/plaincall/AjaxCheckService.setItemNumber.dwr HTTP/1.1" 200 78
116.228.172.94 - - [25/Jan/2021:09:08:28 +0800] "GET /xingrg/all/function/internal_message.html?_=1611536906946&CODE_STATE=getMsg HTTP/1.1" 200 27
116.232.54.3 - - [25/Jan/2021:09:08:28 +0800] "POST /xingrg/dwr/call/plaincall/AjaxCheckService.setItemNumber.dwr HTTP/1.1" 200 78
116.232.54.3 - - [25/Jan/2021:09:08:29 +0800] "POST /xingrg/dwr/call/plaincall/AjaxCheckService.setItemNumber.dwr HTTP/1.1" 200 78
116.232.54.3 - - [25/Jan/2021:09:08:29 +0800] "POST /xingrg/dwr/call/plaincall/AjaxCheckService.setItemNumber.dwr HTTP/1.1" 200 77
116.232.54.3 - - [25/Jan/2021:09:08:29 +0800] "POST /xingrg/dwr/call/plaincall/AjaxCheckService.setItemNumber.dwr HTTP/1.1" 200 78
114.88.166.193 - - [25/Jan/2021:09:08:29 +0800] "POST /xingrg/dwr/call/plaincall/AjaxCheckService.setItemNumber.dwr HTTP/1.1" 200 77
116.232.54.3 - - [25/Jan/2021:09:08:30 +0800] "POST /xingrg/dwr/call/plaincall/AjaxCheckService.setItemNumber.dwr HTTP/1.1" 200 78
114.88.166.193 - - [25/Jan/2021:09:08:31 +0800] "POST /xingrg/dwr/call/plaincall/AjaxCheckService.setItemNumber.dwr HTTP/1.1" 200 77
116.232.54.3 - - [25/Jan/2021:09:08:32 +0800] "POST /xingrg/dwr/call/plaincall/AjaxCheckService.setItemNumber.dwr HTTP/1.1" 200 77
114.88.166.193 - - [25/Jan/2021:09:08:32 +0800] "POST /xingrg/dwr/call/plaincall/AjaxCheckService.setItemNumber.dwr HTTP/1.1" 200 77
180.156.237.57 - - [25/Jan/2021:09:08:32 +0800] "GET /xingrg/kc/buy/cgsh_order_operate.html?command=get_materiel&rest_code=00150&code=00101009007&supplier_code=00100424&order_time=2021-01-25 HTTP/1.1" 200 408
114.88.166.193 - - [25/Jan/2021:09:08:34 +0800] "POST /xingrg/dwr/call/plaincall/AjaxCheckService.setItemNumber.dwr HTTP/1.1" 200 77
116.232.54.3 - - [25/Jan/2021:09:08:36 +0800] "POST /xingrg/dwr/call/plaincall/AjaxCheckService.setItemNumber.dwr HTTP/1.1" 200 78
116.232.54.3 - - [25/Jan/2021:09:08:36 +0800] "POST /xingrg/dwr/call/plaincall/AjaxCheckService.setItemNumber.dwr HTTP/1.1" 200 78
116.232.54.3 - - [25/Jan/2021:09:08:37 +0800] "POST /xingrg/dwr/call/plaincall/AjaxCheckService.setItemNumber.dwr HTTP/1.1" 200 77
114.88.166.193 - - [25/Jan/2021:09:08:37 +0800] "POST /xingrg/dwr/call/plaincall/AjaxCheckService.setItemNumber.dwr HTTP/1.1" 200 77
180.156.237.57 - - [25/Jan/2021:09:08:37 +0800] "GET /xingrg/all/function/internal_message.html?_=1611536896089&CODE_STATE=getMsg HTTP/1.1" 200 27
116.232.54.3 - - [25/Jan/2021:09:08:38 +0800] "POST /xingrg/dwr/call/plaincall/AjaxCheckService.setItemNumber.dwr HTTP/1.1" 200 77
114.88.166.193 - - [25/Jan/2021:09:08:38 +0800] "POST /xingrg/dwr/call/plaincall/AjaxCheckService.setItemNumber.dwr HTTP/1.1" 200 77
116.232.54.3 - - [25/Jan/2021:09:08:38 +0800] "POST /xingrg/dwr/call/plaincall/AjaxCheckService.setItemNumber.dwr HTTP/1.1" 200 77
116.232.54.3 - - [25/Jan/2021:09:08:39 +0800] "POST /xingrg/dwr/call/plaincall/AjaxCheckService.setItemNumber.dwr HTTP/1.1" 200 77
116.232.54.3 - - [25/Jan/2021:09:08:39 +0800] "POST /xingrg/dwr/call/plaincall/AjaxCheckService.setItemNumber.dwr HTTP/1.1" 200 77
114.88.166.193 - - [25/Jan/2021:09:08:40 +0800] "POST /xingrg/dwr/call/plaincall/AjaxCheckService.setItemNumber.dwr HTTP/1.1" 200 77
116.232.54.3 - - [25/Jan/2021:09:08:40 +0800] "POST /xingrg/dwr/call/plaincall/AjaxCheckService.setItemNumber.dwr HTTP/1.1" 200 78
116.232.54.3 - - [25/Jan/2021:09:08:40 +0800] "POST /xingrg/dwr/call/plaincall/AjaxCheckService.setItemNumber.dwr HTTP/1.1" 200 78
116.232.54.3 - - [25/Jan/2021:09:08:40 +0800] "POST /xingrg/dwr/call/plaincall/AjaxCheckService.setItemNumber.dwr HTTP/1.1" 200 77
222.69.134.57 - - [25/Jan/2021:09:08:40 +0800] "POST /xingrg/services/DataTransmitService HTTP/1.1" 200 524
116.232.54.3 - - [25/Jan/2021:09:08:41 +0800] "POST /xingrg/dwr/call/plaincall/AjaxCheckService.setItemNumber.dwr HTTP/1.1" 200 77
116.232.54.3 - - [25/Jan/2021:09:08:41 +0800] "POST /xingrg/dwr/call/plaincall/AjaxCheckService.setItemNumber.dwr HTTP/1.1" 200 78
116.232.54.3 - - [25/Jan/2021:09:08:41 +0800] "POST /xingrg/dwr/call/plaincall/AjaxCheckService.setItemNumber.dwr HTTP/1.1" 200 77
114.88.166.193 - - [25/Jan/2021:09:08:41 +0800] "POST /xingrg/dwr/call/plaincall/AjaxCheckService.setItemNumber.dwr HTTP/1.1" 200 77
116.232.54.3 - - [25/Jan/2021:09:08:41 +0800] "POST /xingrg/dwr/call/plaincall/AjaxCheckService.setItemNumber.dwr HTTP/1.1" 200 77
116.232.54.3 - - [25/Jan/2021:09:08:41 +0800] "POST /xingrg/dwr/call/plaincall/AjaxCheckService.setItemNumber.dwr HTTP/1.1" 200 78
218.81.223.241 - - [25/Jan/2021:09:08:42 +0800] "GET /xingrg/all/function/internal_message.html?_=1611536920850&CODE_STATE=getMsg HTTP/1.1" 200 27
180.156.237.57 - - [25/Jan/2021:09:08:42 +0800] "GET /xingrg/kc/buy/cgsh_order_operate.html?command=get_materiel&rest_code=00150&code=00101008353&supplier_code=00100007&order_time=2021-01-25 HTTP/1.1" 200 408
116.232.54.3 - - [25/Jan/2021:09:08:42 +0800] "POST /xingrg/dwr/call/plaincall/AjaxCheckService.setItemNumber.dwr HTTP/1.1" 200 78
116.232.54.3 - - [25/Jan/2021:09:08:43 +0800] "POST /xingrg/dwr/call/plaincall/AjaxCheckService.setItemNumber.dwr HTTP/1.1" 200 77
114.88.166.193 - - [25/Jan/2021:09:08:43 +0800] "POST /xingrg/dwr/call/plaincall/AjaxCheckService.setItemNumber.dwr HTTP/1.1" 200 77
116.232.54.3 - - [25/Jan/2021:09:08:43 +0800] "POST /xingrg/dwr/call/plaincall/AjaxCheckService.setItemNumber.dwr HTTP/1.1" 200 78
116.232.54.3 - - [25/Jan/2021:09:08:43 +0800] "POST /xingrg/dwr/call/plaincall/AjaxCheckService.setItemNumber.dwr HTTP/1.1" 200 77
116.232.54.3 - - [25/Jan/2021:09:08:43 +0800] "POST /xingrg/dwr/call/plaincall/AjaxCheckService.setItemNumber.dwr HTTP/1.1" 200 77
116.232.54.3 - - [25/Jan/2021:09:08:44 +0800] "POST /xingrg/dwr/call/plaincall/AjaxCheckService.setItemNumber.dwr HTTP/1.1" 200 78
116.232.54.3 - - [25/Jan/2021:09:08:44 +0800] "POST /xingrg/dwr/call/plaincall/AjaxCheckService.setItemNumber.dwr HTTP/1.1" 200 78
120.253.135.82 - - [25/Jan/2021:09:08:45 +0800] "GET /xingrg/all/function/internal_message.html?_=1611536686584&CODE_STATE=getMsg HTTP/1.1" 200 27
116.232.54.3 - - [25/Jan/2021:09:08:45 +0800] "POST /xingrg/dwr/call/plaincall/AjaxCheckService.setItemNumber.dwr HTTP/1.1" 200 77
114.86.187.76 - - [25/Jan/2021:09:08:46 +0800] "GET /xingrg/all/function/internal_message.html?_=1611536927047&CODE_STATE=getMsg HTTP/1.1" 200 27
116.232.54.3 - - [25/Jan/2021:09:08:46 +0800] "POST /xingrg/dwr/call/plaincall/AjaxCheckService.setItemNumber.dwr HTTP/1.1" 200 77
116.232.54.3 - - [25/Jan/2021:09:08:47 +0800] "POST /xingrg/dwr/call/plaincall/AjaxCheckService.setItemNumber.dwr HTTP/1.1" 200 77
116.232.54.3 - - [25/Jan/2021:09:08:48 +0800] "POST /xingrg/dwr/call/plaincall/AjaxCheckService.setItemNumber.dwr HTTP/1.1" 200 77
116.232.54.3 - - [25/Jan/2021:09:08:48 +0800] "POST /xingrg/dwr/call/plaincall/AjaxCheckService.setItemNumber.dwr HTTP/1.1" 200 77
222.69.134.57 - - [25/Jan/2021:09:08:49 +0800] "POST /xingrg/services/DataTransmitService HTTP/1.1" 200 501
116.232.54.3 - - [25/Jan/2021:09:08:49 +0800] "POST /xingrg/dwr/call/plaincall/AjaxCheckService.setItemNumber.dwr HTTP/1.1" 200 77
116.232.54.3 - - [25/Jan/2021:09:08:49 +0800] "POST /xingrg/dwr/call/plaincall/AjaxCheckService.setItemNumber.dwr HTTP/1.1" 200 78
218.81.223.240 - - [25/Jan/2021:09:08:49 +0800] "GET /xingrg/all/function/internal_message.html?_=1611536938020&CODE_STATE=getMsg HTTP/1.1" 200 27
116.232.54.3 - - [25/Jan/2021:09:08:49 +0800] "POST /xingrg/dwr/call/plaincall/AjaxCheckService.setItemNumber.dwr HTTP/1.1" 200 77
218.81.223.241 - - [25/Jan/2021:09:08:49 +0800] "GET /xingrg/all/function/internal_message.html?_=1611536934266&CODE_STATE=getMsg HTTP/1.1" 302 -
114.88.166.193 - - [25/Jan/2021:09:08:49 +0800] "POST /xingrg/dwr/call/plaincall/AjaxCheckService.setItemNumber.dwr HTTP/1.1" 200 77
114.88.166.193 - - [25/Jan/2021:09:08:49 +0800] "GET /xingrg/all/function/internal_message.html?_=1611537112543&CODE_STATE=getMsg HTTP/1.1" 200 27
116.232.54.3 - - [25/Jan/2021:09:08:50 +0800] "POST /xingrg/dwr/call/plaincall/AjaxCheckService.setItemNumber.dwr HTTP/1.1" 200 78
116.232.54.3 - - [25/Jan/2021:09:08:50 +0800] "POST /xingrg/dwr/call/plaincall/AjaxCheckService.setItemNumber.dwr HTTP/1.1" 200 77
116.232.54.3 - - [25/Jan/2021:09:08:50 +0800] "POST /xingrg/dwr/call/plaincall/AjaxCheckService.setItemNumber.dwr HTTP/1.1" 200 78
116.232.54.3 - - [25/Jan/2021:09:08:51 +0800] "POST /xingrg/dwr/call/plaincall/AjaxCheckService.setItemNumber.dwr HTTP/1.1" 200 78
180.169.147.146 - - [25/Jan/2021:09:08:52 +0800] "GET /xingrg/all/function/internal_message.html?_=1611536933832&CODE_STATE=getMsg HTTP/1.1" 200 27
116.232.54.3 - - [25/Jan/2021:09:08:52 +0800] "POST /xingrg/dwr/call/plaincall/AjaxCheckService.setItemNumber.dwr HTTP/1.1" 200 78
116.232.54.3 - - [25/Jan/2021:09:08:53 +0800] "POST /xingrg/dwr/call/plaincall/AjaxCheckService.setItemNumber.dwr HTTP/1.1" 200 78
