116.228.172.94 - - [25/Jan/2021:08:45:28 +0800] "POST /xingrg/dwr/call/plaincall/AjaxCheckService.setItemNumber.dwr HTTP/1.1" 200 77
116.228.172.94 - - [25/Jan/2021:08:45:29 +0800] "POST /xingrg/dwr/call/plaincall/AjaxCheckService.setItemNumber.dwr HTTP/1.1" 200 77
116.228.172.94 - - [25/Jan/2021:08:45:30 +0800] "POST /xingrg/dwr/call/plaincall/AjaxCheckService.setItemNumber.dwr HTTP/1.1" 200 77
114.88.166.193 - - [25/Jan/2021:08:45:30 +0800] "POST /xingrg/dwr/call/plaincall/AjaxCheckService.setItemNumber.dwr HTTP/1.1" 200 78
116.228.172.94 - - [25/Jan/2021:08:45:30 +0800] "POST /xingrg/dwr/call/plaincall/AjaxCheckService.setItemNumber.dwr HTTP/1.1" 200 77
116.228.172.94 - - [25/Jan/2021:08:45:31 +0800] "POST /xingrg/dwr/call/plaincall/AjaxCheckService.setItemNumber.dwr HTTP/1.1" 200 77
120.253.135.82 - - [25/Jan/2021:08:45:31 +0800] "GET /xingrg/check_reg.html?_=1611535293414 HTTP/1.1" 200 22
116.228.172.94 - - [25/Jan/2021:08:45:31 +0800] "POST /xingrg/dwr/call/plaincall/AjaxCheckService.setItemNumber.dwr HTTP/1.1" 200 77
61.165.42.208 - - [25/Jan/2021:08:45:32 +0800] "POST /xingrg/dwr/call/plaincall/AjaxQqpsService.getMaterielByCode.dwr HTTP/1.1" 200 2681
116.228.172.94 - - [25/Jan/2021:08:45:32 +0800] "POST /xingrg/dwr/call/plaincall/AjaxCheckService.setItemNumber.dwr HTTP/1.1" 200 77
116.228.172.94 - - [25/Jan/2021:08:45:33 +0800] "POST /xingrg/dwr/call/plaincall/AjaxCheckService.setItemNumber.dwr HTTP/1.1" 200 77
61.165.42.208 - - [25/Jan/2021:08:45:33 +0800] "POST /xingrg/dwr/call/plaincall/AjaxQqpsService.saveMaterielItem.dwr HTTP/1.1" 200 78
116.228.172.94 - - [25/Jan/2021:08:45:33 +0800] "POST /xingrg/dwr/call/plaincall/AjaxCheckService.setItemNumber.dwr HTTP/1.1" 200 77
116.228.172.94 - - [25/Jan/2021:08:45:34 +0800] "POST /xingrg/dwr/call/plaincall/AjaxCheckService.setItemNumber.dwr HTTP/1.1" 200 77
116.228.172.94 - - [25/Jan/2021:08:45:35 +0800] "POST /xingrg/dwr/call/plaincall/AjaxCheckService.setItemNumber.dwr HTTP/1.1" 200 77
116.228.172.94 - - [25/Jan/2021:08:45:35 +0800] "POST /xingrg/dwr/call/plaincall/AjaxCheckService.setItemNumber.dwr HTTP/1.1" 200 77
116.228.172.94 - - [25/Jan/2021:08:45:36 +0800] "POST /xingrg/dwr/call/plaincall/AjaxCheckService.setItemNumber.dwr HTTP/1.1" 200 77
116.228.172.94 - - [25/Jan/2021:08:45:37 +0800] "POST /xingrg/dwr/call/plaincall/AjaxCheckService.setItemNumber.dwr HTTP/1.1" 200 77
114.86.187.76 - - [25/Jan/2021:08:45:37 +0800] "GET /xingrg/kc/buy/cgsh_order_operate.html?command=get_materiel&rest_code=00148&code=00101009046&supplier_code=00100007&order_time=2021-01-25 HTTP/1.1" 200 409
116.228.172.94 - - [25/Jan/2021:08:45:37 +0800] "POST /xingrg/dwr/call/plaincall/AjaxCheckService.setItemNumber.dwr HTTP/1.1" 200 77
116.228.172.94 - - [25/Jan/2021:08:45:38 +0800] "POST /xingrg/dwr/call/plaincall/AjaxCheckService.setItemNumber.dwr HTTP/1.1" 200 77
116.228.172.94 - - [25/Jan/2021:08:45:38 +0800] "POST /xingrg/dwr/call/plaincall/AjaxCheckService.setItemNumber.dwr HTTP/1.1" 200 77
114.86.187.76 - - [25/Jan/2021:08:45:39 +0800] "POST /xingrg/kc/buy/cgsh_order_operate.html HTTP/1.1" 200 2065
116.228.172.94 - - [25/Jan/2021:08:45:40 +0800] "POST /xingrg/dwr/call/plaincall/AjaxCheckService.setItemNumber.dwr HTTP/1.1" 200 77
61.165.42.208 - - [25/Jan/2021:08:45:40 +0800] "POST /xingrg/dwr/call/plaincall/AjaxQqpsService.getMaterielByCode.dwr HTTP/1.1" 200 2651
116.228.172.94 - - [25/Jan/2021:08:45:40 +0800] "POST /xingrg/dwr/call/plaincall/AjaxCheckService.setItemNumber.dwr HTTP/1.1" 200 77
120.253.135.82 - - [25/Jan/2021:08:45:41 +0800] "GET /xingrg/all/function/internal_message.html?_=1611535302992&CODE_STATE=getMsg HTTP/1.1" 200 27
116.228.172.94 - - [25/Jan/2021:08:45:41 +0800] "POST /xingrg/dwr/call/plaincall/AjaxCheckService.setItemNumber.dwr HTTP/1.1" 200 77
218.81.223.241 - - [25/Jan/2021:08:45:41 +0800] "GET /xingrg/check_reg.html?_=1611535540834 HTTP/1.1" 200 22
218.81.223.241 - - [25/Jan/2021:08:45:42 +0800] "GET /xingrg/all/function/internal_message.html?_=1611535540837&CODE_STATE=getMsg HTTP/1.1" 200 27
116.228.172.94 - - [25/Jan/2021:08:45:42 +0800] "POST /xingrg/dwr/call/plaincall/AjaxCheckService.setItemNumber.dwr HTTP/1.1" 200 77
114.88.166.193 - - [25/Jan/2021:08:45:42 +0800] "POST /xingrg/dwr/call/plaincall/AjaxCheckService.setItemNumber.dwr HTTP/1.1" 200 78
116.228.172.94 - - [25/Jan/2021:08:45:43 +0800] "POST /xingrg/dwr/call/plaincall/AjaxCheckService.setItemNumber.dwr HTTP/1.1" 200 77
114.88.166.193 - - [25/Jan/2021:08:45:43 +0800] "POST /xingrg/dwr/call/plaincall/AjaxCheckService.setItemNumber.dwr HTTP/1.1" 200 78
116.228.172.94 - - [25/Jan/2021:08:45:43 +0800] "POST /xingrg/dwr/call/plaincall/AjaxCheckService.setItemNumber.dwr HTTP/1.1" 200 77
114.88.166.193 - - [25/Jan/2021:08:45:44 +0800] "POST /xingrg/dwr/call/plaincall/AjaxCheckService.setItemNumber.dwr HTTP/1.1" 200 78
114.86.187.76 - - [25/Jan/2021:08:45:45 +0800] "GET /xingrg/kc/buy/cgsh_order_operate.html?command=get_materiel&rest_code=00148&code=00101009011&supplier_code=00100007&order_time=2021-01-25 HTTP/1.1" 200 416
114.88.166.193 - - [25/Jan/2021:08:45:45 +0800] "POST /xingrg/dwr/call/plaincall/AjaxCheckService.setItemNumber.dwr HTTP/1.1" 200 78
61.165.42.208 - - [25/Jan/2021:08:45:46 +0800] "POST /xingrg/dwr/call/plaincall/AjaxQqpsService.saveMaterielItem.dwr HTTP/1.1" 200 78
114.86.187.76 - - [25/Jan/2021:08:45:46 +0800] "GET /xingrg/all/function/internal_message.html?_=1611535546990&CODE_STATE=getMsg HTTP/1.1" 200 27
180.169.147.146 - - [25/Jan/2021:08:45:46 +0800] "GET /xingrg/all/function/internal_message.html?_=1611535554314&CODE_STATE=getMsg HTTP/1.1" 200 27
116.228.172.94 - - [25/Jan/2021:08:45:46 +0800] "POST /xingrg/dwr/call/plaincall/AjaxCheckService.setItemNumber.dwr HTTP/1.1" 200 77
114.88.166.193 - - [25/Jan/2021:08:45:47 +0800] "POST /xingrg/dwr/call/plaincall/AjaxCheckService.setItemNumber.dwr HTTP/1.1" 200 78
116.228.172.94 - - [25/Jan/2021:08:45:47 +0800] "POST /xingrg/dwr/call/plaincall/AjaxCheckService.setItemNumber.dwr HTTP/1.1" 200 77
116.228.172.94 - - [25/Jan/2021:08:45:48 +0800] "POST /xingrg/dwr/call/plaincall/AjaxCheckService.setItemNumber.dwr HTTP/1.1" 200 77
218.81.223.240 - - [25/Jan/2021:08:45:48 +0800] "GET /xingrg/all/function/internal_message.html?_=1611535556973&CODE_STATE=getMsg HTTP/1.1" 200 27
116.228.172.94 - - [25/Jan/2021:08:45:48 +0800] "POST /xingrg/dwr/call/plaincall/AjaxCheckService.setItemNumber.dwr HTTP/1.1" 200 77
114.88.166.193 - - [25/Jan/2021:08:45:49 +0800] "POST /xingrg/dwr/call/plaincall/AjaxCheckService.setItemNumber.dwr HTTP/1.1" 200 78
218.81.223.241 - - [25/Jan/2021:08:45:49 +0800] "GET /xingrg/all/function/internal_message.html?_=1611535553898&CODE_STATE=getMsg HTTP/1.1" 302 -
116.228.172.94 - - [25/Jan/2021:08:45:49 +0800] "POST /xingrg/dwr/call/plaincall/AjaxCheckService.setItemNumber.dwr HTTP/1.1" 200 77
114.88.166.193 - - [25/Jan/2021:08:45:49 +0800] "GET /xingrg/check_reg.html?_=1611535732437 HTTP/1.1" 200 22
114.88.166.193 - - [25/Jan/2021:08:45:49 +0800] "GET /xingrg/all/function/internal_message.html?_=1611535732650&CODE_STATE=getMsg HTTP/1.1" 200 27
116.228.172.94 - - [25/Jan/2021:08:45:50 +0800] "POST /xingrg/dwr/call/plaincall/AjaxCheckService.setItemNumber.dwr HTTP/1.1" 200 77
114.86.187.76 - - [25/Jan/2021:08:45:50 +0800] "GET /xingrg/kc/buy/cgsh_order_operate.html?command=get_materiel&rest_code=00148&code=00101015006&supplier_code=00100007&order_time=2021-01-25 HTTP/1.1" 200 413
116.228.172.94 - - [25/Jan/2021:08:45:51 +0800] "POST /xingrg/dwr/call/plaincall/AjaxCheckService.setItemNumber.dwr HTTP/1.1" 200 77
114.88.166.193 - - [25/Jan/2021:08:45:51 +0800] "POST /xingrg/dwr/call/plaincall/AjaxCheckService.setItemNumber.dwr HTTP/1.1" 200 78
116.228.172.94 - - [25/Jan/2021:08:45:51 +0800] "POST /xingrg/dwr/call/plaincall/AjaxCheckService.setItemNumber.dwr HTTP/1.1" 200 77
116.228.172.94 - - [25/Jan/2021:08:45:52 +0800] "POST /xingrg/dwr/call/plaincall/AjaxCheckService.setItemNumber.dwr HTTP/1.1" 200 77
180.169.147.146 - - [25/Jan/2021:08:45:52 +0800] "GET /xingrg/all/function/internal_message.html?_=1611535553808&CODE_STATE=getMsg HTTP/1.1" 200 27
114.88.166.193 - - [25/Jan/2021:08:45:52 +0800] "POST /xingrg/dwr/call/plaincall/AjaxCheckService.setItemNumber.dwr HTTP/1.1" 200 78
114.88.166.193 - - [25/Jan/2021:08:45:53 +0800] "POST /xingrg/dwr/call/plaincall/AjaxCheckService.setItemNumber.dwr HTTP/1.1" 200 78
116.228.172.94 - - [25/Jan/2021:08:45:54 +0800] "POST /xingrg/dwr/call/plaincall/AjaxCheckService.setItemNumber.dwr HTTP/1.1" 200 77
116.228.172.94 - - [25/Jan/2021:08:45:55 +0800] "POST /xingrg/dwr/call/plaincall/AjaxCheckService.setItemNumber.dwr HTTP/1.1" 200 77
114.88.166.193 - - [25/Jan/2021:08:45:55 +0800] "POST /xingrg/dwr/call/plaincall/AjaxCheckService.setItemNumber.dwr HTTP/1.1" 200 78
116.228.172.94 - - [25/Jan/2021:08:45:55 +0800] "POST /xingrg/dwr/call/plaincall/AjaxCheckService.setItemNumber.dwr HTTP/1.1" 200 77
116.228.172.94 - - [25/Jan/2021:08:45:56 +0800] "POST /xingrg/dwr/call/plaincall/AjaxCheckService.setItemNumber.dwr HTTP/1.1" 200 77
116.228.172.94 - - [25/Jan/2021:08:45:56 +0800] "POST /xingrg/dwr/call/plaincall/AjaxCheckService.setItemNumber.dwr HTTP/1.1" 200 77
114.88.166.193 - - [25/Jan/2021:08:45:56 +0800] "POST /xingrg/dwr/call/plaincall/AjaxCheckService.setItemNumber.dwr HTTP/1.1" 200 78
61.165.42.208 - - [25/Jan/2021:08:45:57 +0800] "POST /xingrg/dwr/call/plaincall/AjaxQqpsService.getMaterielByCode.dwr HTTP/1.1" 200 2650
116.228.172.94 - - [25/Jan/2021:08:45:58 +0800] "POST /xingrg/dwr/call/plaincall/AjaxCheckService.setItemNumber.dwr HTTP/1.1" 200 77
114.88.166.193 - - [25/Jan/2021:08:45:58 +0800] "POST /xingrg/dwr/call/plaincall/AjaxCheckService.setItemNumber.dwr HTTP/1.1" 200 78
116.228.172.94 - - [25/Jan/2021:08:45:58 +0800] "POST /xingrg/dwr/call/plaincall/AjaxCheckService.setItemNumber.dwr HTTP/1.1" 200 77
114.86.187.76 - - [25/Jan/2021:08:45:58 +0800] "GET /xingrg/kc/buy/cgsh_order_operate.html?command=get_materiel&rest_code=00148&code=00101009016&supplier_code=00100007&order_time=2021-01-25 HTTP/1.1" 200 412
116.228.172.94 - - [25/Jan/2021:08:45:59 +0800] "POST /xingrg/dwr/call/plaincall/AjaxCheckService.setItemNumber.dwr HTTP/1.1" 200 77
116.228.172.94 - - [25/Jan/2021:08:45:59 +0800] "POST /xingrg/dwr/call/plaincall/AjaxCheckService.setItemNumber.dwr HTTP/1.1" 200 77
114.88.166.193 - - [25/Jan/2021:08:46:00 +0800] "POST /xingrg/dwr/call/plaincall/AjaxCheckService.setItemNumber.dwr HTTP/1.1" 200 78
116.228.172.94 - - [25/Jan/2021:08:46:00 +0800] "POST /xingrg/dwr/call/plaincall/AjaxCheckService.setItemNumber.dwr HTTP/1.1" 200 77
116.228.172.94 - - [25/Jan/2021:08:46:01 +0800] "POST /xingrg/dwr/call/plaincall/AjaxCheckService.setItemNumber.dwr HTTP/1.1" 200 77
116.228.172.94 - - [25/Jan/2021:08:46:01 +0800] "POST /xingrg/dwr/call/plaincall/AjaxCheckService.setItemNumber.dwr HTTP/1.1" 200 77
116.228.172.94 - - [25/Jan/2021:08:46:02 +0800] "POST /xingrg/dwr/call/plaincall/AjaxCheckService.setItemNumber.dwr HTTP/1.1" 200 77
114.88.166.193 - - [25/Jan/2021:08:46:02 +0800] "POST /xingrg/dwr/call/plaincall/AjaxCheckService.setItemNumber.dwr HTTP/1.1" 200 78
116.228.172.94 - - [25/Jan/2021:08:46:02 +0800] "POST /xingrg/dwr/call/plaincall/AjaxCheckService.setItemNumber.dwr HTTP/1.1" 200 77
116.228.172.94 - - [25/Jan/2021:08:46:03 +0800] "POST /xingrg/dwr/call/plaincall/AjaxCheckService.setItemNumber.dwr HTTP/1.1" 200 77
114.88.166.193 - - [25/Jan/2021:08:46:03 +0800] "POST /xingrg/dwr/call/plaincall/AjaxCheckService.setItemNumber.dwr HTTP/1.1" 200 78
116.228.172.94 - - [25/Jan/2021:08:46:04 +0800] "POST /xingrg/dwr/call/plaincall/AjaxCheckService.setItemNumber.dwr HTTP/1.1" 200 77
116.228.172.94 - - [25/Jan/2021:08:46:04 +0800] "POST /xingrg/dwr/call/plaincall/AjaxCheckService.setItemNumber.dwr HTTP/1.1" 200 77
114.88.166.193 - - [25/Jan/2021:08:46:04 +0800] "POST /xingrg/dwr/call/plaincall/AjaxCheckService.setItemNumber.dwr HTTP/1.1" 200 78
116.228.172.94 - - [25/Jan/2021:08:46:05 +0800] "POST /xingrg/dwr/call/plaincall/AjaxCheckService.setItemNumber.dwr HTTP/1.1" 200 77
61.165.42.208 - - [25/Jan/2021:08:46:05 +0800] "GET /xingrg/all/function/internal_message.html?_=1611535548894&CODE_STATE=getMsg HTTP/1.1" 200 27
116.228.172.94 - - [25/Jan/2021:08:46:06 +0800] "POST /xingrg/dwr/call/plaincall/AjaxCheckService.setItemNumber.dwr HTTP/1.1" 200 77
116.228.172.94 - - [25/Jan/2021:08:46:06 +0800] "POST /xingrg/dwr/call/plaincall/AjaxCheckService.setItemNumber.dwr HTTP/1.1" 200 77
116.228.172.94 - - [25/Jan/2021:08:46:07 +0800] "POST /xingrg/dwr/call/plaincall/AjaxCheckService.setItemNumber.dwr HTTP/1.1" 200 77
114.88.166.193 - - [25/Jan/2021:08:46:07 +0800] "POST /xingrg/dwr/call/plaincall/AjaxCheckService.setItemNumber.dwr HTTP/1.1" 200 78
116.228.172.94 - - [25/Jan/2021:08:46:07 +0800] "POST /xingrg/dwr/call/plaincall/AjaxCheckService.setItemNumber.dwr HTTP/1.1" 200 77
116.228.172.94 - - [25/Jan/2021:08:46:08 +0800] "POST /xingrg/dwr/call/plaincall/AjaxCheckService.setItemNumber.dwr HTTP/1.1" 200 77
120.253.135.82 - - [25/Jan/2021:08:46:09 +0800] "GET /xingrg/all/function/internal_message.html?_=1611535616754&CODE_STATE=getMsg HTTP/1.1" 200 27
114.88.166.193 - - [25/Jan/2021:08:46:09 +0800] "POST /xingrg/dwr/call/plaincall/AjaxCheckService.setItemNumber.dwr HTTP/1.1" 200 78
61.165.42.208 - - [25/Jan/2021:08:46:09 +0800] "POST /xingrg/dwr/call/plaincall/AjaxQqpsService.saveMaterielItem.dwr HTTP/1.1" 200 78
114.86.187.76 - - [25/Jan/2021:08:46:09 +0800] "GET /xingrg/kc/buy/cgsh_order_operate.html?command=get_materiel&rest_code=00148&code=00101009013&supplier_code=00100007&order_time=2021-01-25 HTTP/1.1" 200 420
116.228.172.94 - - [25/Jan/2021:08:46:10 +0800] "POST /xingrg/dwr/call/plaincall/AjaxCheckService.setItemNumber.dwr HTTP/1.1" 200 77
114.88.166.193 - - [25/Jan/2021:08:46:11 +0800] "POST /xingrg/dwr/call/plaincall/AjaxCheckService.setItemNumber.dwr HTTP/1.1" 200 78
114.88.166.193 - - [25/Jan/2021:08:46:13 +0800] "POST /xingrg/dwr/call/plaincall/AjaxCheckService.setItemNumber.dwr HTTP/1.1" 200 78
116.228.172.94 - - [25/Jan/2021:08:46:13 +0800] "POST /xingrg/dwr/call/plaincall/AjaxCheckService.setItemNumber.dwr HTTP/1.1" 200 77
116.228.172.94 - - [25/Jan/2021:08:46:13 +0800] "POST /xingrg/dwr/call/plaincall/AjaxCheckService.setItemNumber.dwr HTTP/1.1" 200 77
116.228.172.94 - - [25/Jan/2021:08:46:14 +0800] "POST /xingrg/dwr/call/plaincall/AjaxCheckService.setItemNumber.dwr HTTP/1.1" 200 77
114.88.166.193 - - [25/Jan/2021:08:46:14 +0800] "POST /xingrg/dwr/call/plaincall/AjaxCheckService.setItemNumber.dwr HTTP/1.1" 200 78
116.228.172.94 - - [25/Jan/2021:08:46:14 +0800] "POST /xingrg/dwr/call/plaincall/AjaxCheckService.setItemNumber.dwr HTTP/1.1" 200 77
114.86.187.76 - - [25/Jan/2021:08:46:15 +0800] "GET /xingrg/kc/buy/cgsh_order_operate.html?command=get_materiel&rest_code=00148&code=00101008168&supplier_code=00100007&order_time=2021-01-25 HTTP/1.1" 200 413
116.228.172.94 - - [25/Jan/2021:08:46:15 +0800] "POST /xingrg/dwr/call/plaincall/AjaxCheckService.setItemNumber.dwr HTTP/1.1" 200 77
114.88.166.193 - - [25/Jan/2021:08:46:15 +0800] "POST /xingrg/dwr/call/plaincall/AjaxCheckService.setItemNumber.dwr HTTP/1.1" 200 78
116.228.172.94 - - [25/Jan/2021:08:46:15 +0800] "POST /xingrg/dwr/call/plaincall/AjaxCheckService.setItemNumber.dwr HTTP/1.1" 200 77
61.165.42.208 - - [25/Jan/2021:08:46:16 +0800] "GET /xingrg/all/function/internal_message.html?_=1611535576513&CODE_STATE=getMsg HTTP/1.1" 200 27
116.228.172.94 - - [25/Jan/2021:08:46:16 +0800] "POST /xingrg/dwr/call/plaincall/AjaxCheckService.setItemNumber.dwr HTTP/1.1" 200 77
116.227.17.229 - - [25/Jan/2021:08:46:16 +0800] "GET /xingrg/all/function/internal_message.html?_=1611535574778&CODE_STATE=getMsg HTTP/1.1" 200 27
114.88.166.193 - - [25/Jan/2021:08:46:17 +0800] "POST /xingrg/dwr/call/plaincall/AjaxCheckService.setItemNumber.dwr HTTP/1.1" 200 78
114.86.187.76 - - [25/Jan/2021:08:46:18 +0800] "POST /xingrg/kc/buy/cgsh_order_operate.html HTTP/1.1" 200 2065
116.228.172.94 - - [25/Jan/2021:08:46:18 +0800] "POST /xingrg/dwr/call/plaincall/AjaxCheckService.setItemNumber.dwr HTTP/1.1" 200 77
114.88.166.193 - - [25/Jan/2021:08:46:19 +0800] "POST /xingrg/dwr/call/plaincall/AjaxCheckService.setItemNumber.dwr HTTP/1.1" 200 78
116.228.172.94 - - [25/Jan/2021:08:46:20 +0800] "POST /xingrg/dwr/call/plaincall/AjaxCheckService.setItemNumber.dwr HTTP/1.1" 200 77
58.37.230.33 - - [25/Jan/2021:08:46:20 +0800] "GET /xingrg/all/function/internal_message.html?_=1611535592257&CODE_STATE=getMsg HTTP/1.1" 200 27
114.88.166.193 - - [25/Jan/2021:08:46:20 +0800] "POST /xingrg/dwr/call/plaincall/AjaxCheckService.setItemNumber.dwr HTTP/1.1" 200 78
116.228.172.94 - - [25/Jan/2021:08:46:20 +0800] "POST /xingrg/dwr/call/plaincall/AjaxCheckService.setItemNumber.dwr HTTP/1.1" 200 77
116.228.172.94 - - [25/Jan/2021:08:46:21 +0800] "POST /xingrg/dwr/call/plaincall/AjaxCheckService.setItemNumber.dwr HTTP/1.1" 200 77
116.228.172.94 - - [25/Jan/2021:08:46:21 +0800] "POST /xingrg/dwr/call/plaincall/AjaxCheckService.setItemNumber.dwr HTTP/1.1" 200 77
114.88.166.193 - - [25/Jan/2021:08:46:22 +0800] "POST /xingrg/dwr/call/plaincall/AjaxCheckService.setItemNumber.dwr HTTP/1.1" 200 78
114.86.187.76 - - [25/Jan/2021:08:46:22 +0800] "GET /xingrg/kc/buy/cgsh_order_operate.html?command=get_materiel&rest_code=00148&code=00101008114&supplier_code=00100007&order_time=2021-01-25 HTTP/1.1" 200 413
116.228.172.94 - - [25/Jan/2021:08:46:22 +0800] "POST /xingrg/dwr/call/plaincall/AjaxCheckService.setItemNumber.dwr HTTP/1.1" 200 77
116.228.172.94 - - [25/Jan/2021:08:46:23 +0800] "POST /xingrg/dwr/call/plaincall/AjaxCheckService.setItemNumber.dwr HTTP/1.1" 200 77
114.88.166.193 - - [25/Jan/2021:08:46:23 +0800] "POST /xingrg/dwr/call/plaincall/AjaxCheckService.setItemNumber.dwr HTTP/1.1" 200 78
116.228.172.94 - - [25/Jan/2021:08:46:23 +0800] "POST /xingrg/dwr/call/plaincall/AjaxCheckService.setItemNumber.dwr HTTP/1.1" 200 77
116.228.172.94 - - [25/Jan/2021:08:46:24 +0800] "POST /xingrg/dwr/call/plaincall/AjaxCheckService.setItemNumber.dwr HTTP/1.1" 200 77
116.228.172.94 - - [25/Jan/2021:08:46:25 +0800] "POST /xingrg/dwr/call/plaincall/AjaxCheckService.setItemNumber.dwr HTTP/1.1" 200 77
116.228.172.94 - - [25/Jan/2021:08:46:26 +0800] "GET /xingrg/all/function/internal_message.html?_=1611535584328&CODE_STATE=getMsg HTTP/1.1" 200 27
116.228.172.94 - - [25/Jan/2021:08:46:26 +0800] "POST /xingrg/dwr/call/plaincall/AjaxCheckService.setItemNumber.dwr HTTP/1.1" 200 77
114.88.166.193 - - [25/Jan/2021:08:46:26 +0800] "POST /xingrg/dwr/call/plaincall/AjaxCheckService.setItemNumber.dwr HTTP/1.1" 200 78
116.228.172.94 - - [25/Jan/2021:08:46:26 +0800] "POST /xingrg/dwr/call/plaincall/AjaxCheckService.setItemNumber.dwr HTTP/1.1" 200 77
116.228.172.94 - - [25/Jan/2021:08:46:27 +0800] "POST /xingrg/dwr/call/plaincall/AjaxCheckService.setItemNumber.dwr HTTP/1.1" 200 77
114.88.166.193 - - [25/Jan/2021:08:46:28 +0800] "POST /xingrg/dwr/call/plaincall/AjaxCheckService.setItemNumber.dwr HTTP/1.1" 200 78
116.228.172.94 - - [25/Jan/2021:08:46:28 +0800] "POST /xingrg/dwr/call/plaincall/AjaxCheckService.setItemNumber.dwr HTTP/1.1" 200 77
116.228.172.94 - - [25/Jan/2021:08:46:28 +0800] "POST /xingrg/dwr/call/plaincall/AjaxCheckService.setItemNumber.dwr HTTP/1.1" 200 77
116.228.172.94 - - [25/Jan/2021:08:46:29 +0800] "POST /xingrg/dwr/call/plaincall/AjaxCheckService.setItemNumber.dwr HTTP/1.1" 200 77
114.88.166.193 - - [25/Jan/2021:08:46:29 +0800] "POST /xingrg/dwr/call/plaincall/AjaxCheckService.setItemNumber.dwr HTTP/1.1" 200 78
116.228.172.94 - - [25/Jan/2021:08:46:29 +0800] "POST /xingrg/dwr/call/plaincall/AjaxCheckService.setItemNumber.dwr HTTP/1.1" 200 77
114.88.166.193 - - [25/Jan/2021:08:46:31 +0800] "POST /xingrg/dwr/call/plaincall/AjaxCheckService.setItemNumber.dwr HTTP/1.1" 200 78
218.81.223.240 - - [25/Jan/2021:08:46:32 +0800] "GET /xingrg/check_reg.html?_=1611535600666 HTTP/1.1" 200 22
114.88.166.193 - - [25/Jan/2021:08:46:32 +0800] "POST /xingrg/dwr/call/plaincall/AjaxCheckService.setItemNumber.dwr HTTP/1.1" 200 78
116.228.172.94 - - [25/Jan/2021:08:46:37 +0800] "POST /xingrg/dwr/call/plaincall/AjaxCheckService.setItemNumber.dwr HTTP/1.1" 200 77
218.81.223.241 - - [25/Jan/2021:08:46:37 +0800] "GET /xingrg/check_reg.html?_=1611535601839 HTTP/1.1" 302 -
116.228.172.94 - - [25/Jan/2021:08:46:37 +0800] "POST /xingrg/dwr/call/plaincall/AjaxCheckService.setItemNumber.dwr HTTP/1.1" 200 77
116.228.172.94 - - [25/Jan/2021:08:46:38 +0800] "POST /xingrg/dwr/call/plaincall/AjaxCheckService.setItemNumber.dwr HTTP/1.1" 200 78
116.228.172.94 - - [25/Jan/2021:08:46:38 +0800] "POST /xingrg/dwr/call/plaincall/AjaxCheckService.setItemNumber.dwr HTTP/1.1" 200 78
116.228.172.94 - - [25/Jan/2021:08:46:39 +0800] "POST /xingrg/dwr/call/plaincall/AjaxCheckService.setItemNumber.dwr HTTP/1.1" 200 78
116.228.172.94 - - [25/Jan/2021:08:46:40 +0800] "POST /xingrg/dwr/call/plaincall/AjaxCheckService.setItemNumber.dwr HTTP/1.1" 200 78
116.228.172.94 - - [25/Jan/2021:08:46:40 +0800] "POST /xingrg/dwr/call/plaincall/AjaxCheckService.setItemNumber.dwr HTTP/1.1" 200 78
120.253.135.82 - - [25/Jan/2021:08:46:41 +0800] "GET /xingrg/all/function/internal_message.html?_=1611535363007&CODE_STATE=getMsg HTTP/1.1" 200 27
116.228.172.94 - - [25/Jan/2021:08:46:41 +0800] "POST /xingrg/dwr/call/plaincall/AjaxCheckService.setItemNumber.dwr HTTP/1.1" 200 78
114.86.187.76 - - [25/Jan/2021:08:46:41 +0800] "GET /xingrg/kc/buy/cgsh_order_operate.html?command=get_materiel&rest_code=00148&code=00101009062&supplier_code=00100007&order_time=2021-01-25 HTTP/1.1" 200 412
116.228.172.94 - - [25/Jan/2021:08:46:41 +0800] "POST /xingrg/dwr/call/plaincall/AjaxCheckService.setItemNumber.dwr HTTP/1.1" 200 78
218.81.223.241 - - [25/Jan/2021:08:46:41 +0800] "GET /xingrg/all/function/internal_message.html?_=1611535600836&CODE_STATE=getMsg HTTP/1.1" 200 27
116.228.172.94 - - [25/Jan/2021:08:46:42 +0800] "POST /xingrg/dwr/call/plaincall/AjaxCheckService.setItemNumber.dwr HTTP/1.1" 200 78
116.228.172.94 - - [25/Jan/2021:08:46:43 +0800] "POST /xingrg/dwr/call/plaincall/AjaxCheckService.setItemNumber.dwr HTTP/1.1" 200 78
116.228.172.94 - - [25/Jan/2021:08:46:43 +0800] "POST /xingrg/dwr/call/plaincall/AjaxCheckService.setItemNumber.dwr HTTP/1.1" 200 78
116.228.172.94 - - [25/Jan/2021:08:46:44 +0800] "POST /xingrg/dwr/call/plaincall/AjaxCheckService.setItemNumber.dwr HTTP/1.1" 200 78
116.228.172.94 - - [25/Jan/2021:08:46:44 +0800] "POST /xingrg/dwr/call/plaincall/AjaxCheckService.setItemNumber.dwr HTTP/1.1" 200 78
116.228.172.94 - - [25/Jan/2021:08:46:45 +0800] "POST /xingrg/dwr/call/plaincall/AjaxCheckService.setItemNumber.dwr HTTP/1.1" 200 78
116.228.172.94 - - [25/Jan/2021:08:46:46 +0800] "POST /xingrg/dwr/call/plaincall/AjaxCheckService.setItemNumber.dwr HTTP/1.1" 200 78
114.86.187.76 - - [25/Jan/2021:08:46:46 +0800] "GET /xingrg/all/function/internal_message.html?_=1611535606985&CODE_STATE=getMsg HTTP/1.1" 200 27
180.169.147.146 - - [25/Jan/2021:08:46:46 +0800] "GET /xingrg/all/function/internal_message.html?_=1611535614316&CODE_STATE=getMsg HTTP/1.1" 200 27
116.228.172.94 - - [25/Jan/2021:08:46:46 +0800] "POST /xingrg/dwr/call/plaincall/AjaxCheckService.setItemNumber.dwr HTTP/1.1" 200 78
116.228.172.94 - - [25/Jan/2021:08:46:47 +0800] "POST /xingrg/dwr/call/plaincall/AjaxCheckService.setItemNumber.dwr HTTP/1.1" 200 78
116.228.172.94 - - [25/Jan/2021:08:46:48 +0800] "POST /xingrg/dwr/call/plaincall/AjaxCheckService.setItemNumber.dwr HTTP/1.1" 200 78
218.81.223.240 - - [25/Jan/2021:08:46:48 +0800] "GET /xingrg/all/function/internal_message.html?_=1611535616982&CODE_STATE=getMsg HTTP/1.1" 200 27
116.228.172.94 - - [25/Jan/2021:08:46:48 +0800] "POST /xingrg/dwr/call/plaincall/AjaxCheckService.setItemNumber.dwr HTTP/1.1" 200 78
116.228.172.94 - - [25/Jan/2021:08:46:49 +0800] "POST /xingrg/dwr/call/plaincall/AjaxCheckService.setItemNumber.dwr HTTP/1.1" 200 78
218.81.223.241 - - [25/Jan/2021:08:46:49 +0800] "GET /xingrg/all/function/internal_message.html?_=1611535613905&CODE_STATE=getMsg HTTP/1.1" 302 -
114.88.166.193 - - [25/Jan/2021:08:46:49 +0800] "GET /xingrg/all/function/internal_message.html?_=1611535792627&CODE_STATE=getMsg HTTP/1.1" 200 27
116.228.172.94 - - [25/Jan/2021:08:46:50 +0800] "POST /xingrg/dwr/call/plaincall/AjaxCheckService.setItemNumber.dwr HTTP/1.1" 200 78
116.228.172.94 - - [25/Jan/2021:08:46:50 +0800] "POST /xingrg/dwr/call/plaincall/AjaxCheckService.setItemNumber.dwr HTTP/1.1" 200 78
61.165.42.208 - - [25/Jan/2021:08:46:51 +0800] "POST /xingrg/dwr/call/plaincall/AjaxQqpsService.getMaterielByCode.dwr HTTP/1.1" 200 2650
116.228.172.94 - - [25/Jan/2021:08:46:51 +0800] "POST /xingrg/dwr/call/plaincall/AjaxCheckService.setItemNumber.dwr HTTP/1.1" 200 78
116.228.172.94 - - [25/Jan/2021:08:46:51 +0800] "POST /xingrg/dwr/call/plaincall/AjaxCheckService.setItemNumber.dwr HTTP/1.1" 200 78
180.169.147.146 - - [25/Jan/2021:08:46:52 +0800] "GET /xingrg/all/function/internal_message.html?_=1611535613815&CODE_STATE=getMsg HTTP/1.1" 200 27
61.165.42.208 - - [25/Jan/2021:08:46:52 +0800] "POST /xingrg/dwr/call/plaincall/AjaxQqpsService.saveMaterielItem.dwr HTTP/1.1" 200 78
116.228.172.94 - - [25/Jan/2021:08:46:52 +0800] "POST /xingrg/dwr/call/plaincall/AjaxCheckService.setItemNumber.dwr HTTP/1.1" 200 78
116.228.172.94 - - [25/Jan/2021:08:46:53 +0800] "POST /xingrg/dwr/call/plaincall/AjaxCheckService.setItemNumber.dwr HTTP/1.1" 200 78
101.91.60.11 - - [25/Jan/2021:08:46:53 +0800] "GET /xingrg/all/function/internal_message.html?_=1611535472308&CODE_STATE=getMsg HTTP/1.1" 302 -
116.228.172.94 - - [25/Jan/2021:08:46:53 +0800] "POST /xingrg/dwr/call/plaincall/AjaxCheckService.setItemNumber.dwr HTTP/1.1" 200 78
116.228.172.94 - - [25/Jan/2021:08:46:54 +0800] "POST /xingrg/dwr/call/plaincall/AjaxCheckService.setItemNumber.dwr HTTP/1.1" 200 78
116.228.172.94 - - [25/Jan/2021:08:46:54 +0800] "POST /xingrg/dwr/call/plaincall/AjaxCheckService.setItemNumber.dwr HTTP/1.1" 200 78
116.228.172.94 - - [25/Jan/2021:08:46:55 +0800] "POST /xingrg/dwr/call/plaincall/AjaxCheckService.setItemNumber.dwr HTTP/1.1" 200 78
180.156.237.57 - - [25/Jan/2021:08:46:55 +0800] "GET /xingrg/index.html?sysBaseUrl=http%3A%2F%2F180.169.147.146%3A18081%2Fxingrg%2F&costTime=42×tamp=1611469152345 HTTP/1.1" 200 17179
116.228.172.94 - - [25/Jan/2021:08:46:56 +0800] "POST /xingrg/dwr/call/plaincall/AjaxCheckService.setItemNumber.dwr HTTP/1.1" 200 78
180.156.237.57 - - [25/Jan/2021:08:46:56 +0800] "GET /favicon.ico HTTP/1.1" 404 -
180.156.237.57 - - [25/Jan/2021:08:46:56 +0800] "POST /xingrg/all/common/load_tree.html?tree=area_rest_tree_json&manage=1 HTTP/1.1" 200 476
116.228.172.94 - - [25/Jan/2021:08:46:56 +0800] "POST /xingrg/dwr/call/plaincall/AjaxCheckService.setItemNumber.dwr HTTP/1.1" 200 78
180.156.237.57 - - [25/Jan/2021:08:46:56 +0800] "GET /xingrg/all/function/internal_message.html?_=1611535617706&CODE_STATE=count HTTP/1.1" 200 11
180.156.237.57 - - [25/Jan/2021:08:46:56 +0800] "GET /xingrg/check_reg.html?_=1611535617706 HTTP/1.1" 200 22
180.156.237.57 - - [25/Jan/2021:08:46:56 +0800] "POST /xingrg/load_menu.html HTTP/1.1" 200 5138
114.86.187.76 - - [25/Jan/2021:08:46:56 +0800] "GET /xingrg/kc/buy/cgsh_order_operate.html?command=get_materiel&rest_code=00148&code=00101008036&supplier_code=00100007&order_time=2021-01-25 HTTP/1.1" 200 408
61.165.42.208 - - [25/Jan/2021:08:46:57 +0800] "POST /xingrg/dwr/call/plaincall/AjaxQqpsService.getMaterielByCode.dwr HTTP/1.1" 200 2655
116.228.172.94 - - [25/Jan/2021:08:46:57 +0800] "POST /xingrg/dwr/call/plaincall/AjaxCheckService.setItemNumber.dwr HTTP/1.1" 200 78
101.91.60.11 - - [25/Jan/2021:08:46:57 +0800] "GET /xingrg/login.html HTTP/1.1" 200 7641
116.228.172.94 - - [25/Jan/2021:08:46:57 +0800] "POST /xingrg/dwr/call/plaincall/AjaxCheckService.setItemNumber.dwr HTTP/1.1" 200 78
116.228.172.94 - - [25/Jan/2021:08:46:58 +0800] "POST /xingrg/dwr/call/plaincall/AjaxCheckService.setItemNumber.dwr HTTP/1.1" 200 78
116.228.172.94 - - [25/Jan/2021:08:46:59 +0800] "POST /xingrg/dwr/call/plaincall/AjaxCheckService.setItemNumber.dwr HTTP/1.1" 200 78
116.228.172.94 - - [25/Jan/2021:08:46:59 +0800] "POST /xingrg/dwr/call/plaincall/AjaxCheckService.setItemNumber.dwr HTTP/1.1" 200 78
180.156.237.57 - - [25/Jan/2021:08:47:00 +0800] "GET /xingrg/kc/buy/cgsh_order_list.html HTTP/1.1" 200 46223
116.228.172.94 - - [25/Jan/2021:08:47:00 +0800] "POST /xingrg/dwr/call/plaincall/AjaxCheckService.setItemNumber.dwr HTTP/1.1" 200 78
116.228.172.94 - - [25/Jan/2021:08:47:00 +0800] "POST /xingrg/dwr/call/plaincall/AjaxCheckService.setItemNumber.dwr HTTP/1.1" 200 78
180.156.237.57 - - [25/Jan/2021:08:47:01 +0800] "POST /xingrg/kc/buy/cgsh_list_operate.html HTTP/1.1" 200 876
116.228.172.94 - - [25/Jan/2021:08:47:01 +0800] "POST /xingrg/dwr/call/plaincall/AjaxCheckService.setItemNumber.dwr HTTP/1.1" 200 78
116.228.172.94 - - [25/Jan/2021:08:47:02 +0800] "POST /xingrg/dwr/call/plaincall/AjaxCheckService.setItemNumber.dwr HTTP/1.1" 200 78
116.228.172.94 - - [25/Jan/2021:08:47:02 +0800] "POST /xingrg/dwr/call/plaincall/AjaxCheckService.setItemNumber.dwr HTTP/1.1" 200 78
180.156.237.57 - - [25/Jan/2021:08:47:03 +0800] "GET /xingrg/kc/buy/cgsh_order_add.html HTTP/1.1" 200 61879
180.156.237.57 - - [25/Jan/2021:08:47:03 +0800] "GET /xingrg/words/20210124190416_words.js HTTP/1.1" 304 -
116.228.172.94 - - [25/Jan/2021:08:47:03 +0800] "POST /xingrg/dwr/call/plaincall/AjaxCheckService.setItemNumber.dwr HTTP/1.1" 200 78
180.156.237.57 - - [25/Jan/2021:08:47:03 +0800] "GET /xingrg/all/common/auto_word.html?type=employee&rest_code=00150 HTTP/1.1" 200 205
180.156.237.57 - - [25/Jan/2021:08:47:03 +0800] "GET /xingrg/all/common/auto_word.html?type=employee&rest_code=00150 HTTP/1.1" 200 205
180.156.237.57 - - [25/Jan/2021:08:47:03 +0800] "GET /xingrg/javascript/easyui/themes/default/validatebox.css HTTP/1.1" 404 1104
180.156.237.57 - - [25/Jan/2021:08:47:03 +0800] "POST /xingrg/kc/buy/cgsh_order_operate.html HTTP/1.1" 200 8245
116.228.172.94 - - [25/Jan/2021:08:47:03 +0800] "POST /xingrg/dwr/call/plaincall/AjaxCheckService.setItemNumber.dwr HTTP/1.1" 200 78
116.228.172.94 - - [25/Jan/2021:08:47:04 +0800] "POST /xingrg/dwr/call/plaincall/AjaxCheckService.setItemNumber.dwr HTTP/1.1" 200 78
116.228.172.94 - - [25/Jan/2021:08:47:05 +0800] "POST /xingrg/dwr/call/plaincall/AjaxCheckService.setItemNumber.dwr HTTP/1.1" 200 78
61.165.42.208 - - [25/Jan/2021:08:47:05 +0800] "GET /xingrg/check_reg.html?_=1611535608896 HTTP/1.1" 200 22
61.165.42.208 - - [25/Jan/2021:08:47:05 +0800] "GET /xingrg/all/function/internal_message.html?_=1611535608900&CODE_STATE=getMsg HTTP/1.1" 200 27
61.165.42.208 - - [25/Jan/2021:08:47:06 +0800] "POST /xingrg/dwr/call/plaincall/AjaxQqpsService.saveMaterielItem.dwr HTTP/1.1" 200 79
180.156.237.57 - - [25/Jan/2021:08:47:09 +0800] "GET /xingrg/javascript/auto/indicator.gif HTTP/1.1" 404 1066
120.253.135.82 - - [25/Jan/2021:08:47:09 +0800] "GET /xingrg/all/function/internal_message.html?_=1611535676796&CODE_STATE=getMsg HTTP/1.1" 200 27
114.86.187.76 - - [25/Jan/2021:08:47:11 +0800] "GET /xingrg/kc/buy/cgsh_order_operate.html?command=get_materiel&rest_code=00148&code=00101008323&supplier_code=00100007&order_time=2021-01-25 HTTP/1.1" 200 408
218.81.223.240 - - [25/Jan/2021:08:47:14 +0800] "GET /xingrg/javascript/jquery_easy_ui/themes/default/images/button_plain_hover.png HTTP/1.1" 304 -
61.165.42.208 - - [25/Jan/2021:08:47:16 +0800] "GET /xingrg/all/function/internal_message.html?_=1611535636517&CODE_STATE=getMsg HTTP/1.1" 200 27
116.227.17.229 - - [25/Jan/2021:08:47:16 +0800] "GET /xingrg/all/function/internal_message.html?_=1611535634780&CODE_STATE=getMsg HTTP/1.1" 200 27
180.169.147.146 - - [25/Jan/2021:08:47:16 +0800] "GET /xingrg/logout.do HTTP/1.1" 302 -
180.169.147.146 - - [25/Jan/2021:08:47:16 +0800] "GET /xingrg/login.html?sysBaseUrl=http%3A%2F%2F180.169.147.146%3A18081%2Fxingrg%2F&costTime=2×tamp=1611535636946 HTTP/1.1" 200 7641
180.169.147.146 - - [25/Jan/2021:08:47:17 +0800] "GET /favicon.ico HTTP/1.1" 404 -
120.253.135.82 - - [25/Jan/2021:08:47:17 +0800] "POST /xingrg/kc/base/stock_operate.html HTTP/1.1" 200 1483
180.169.147.146 - - [25/Jan/2021:08:47:19 +0800] "POST /xingrg/login.do HTTP/1.1" 302 -
180.169.147.146 - - [25/Jan/2021:08:47:19 +0800] "GET /xingrg/index.html?sysBaseUrl=http%3A%2F%2F180.169.147.146%3A18081%2Fxingrg%2F&costTime=46×tamp=1611535639365 HTTP/1.1" 200 17503
180.169.147.146 - - [25/Jan/2021:08:47:19 +0800] "GET /favicon.ico HTTP/1.1" 404 -
180.169.147.146 - - [25/Jan/2021:08:47:19 +0800] "POST /xingrg/all/common/load_tree.html?tree=area_rest_tree_json&manage=1 HTTP/1.1" 200 3216
180.169.147.146 - - [25/Jan/2021:08:47:19 +0800] "GET /xingrg/all/function/internal_message.html?_=1611535647318&CODE_STATE=count HTTP/1.1" 200 11
180.169.147.146 - - [25/Jan/2021:08:47:19 +0800] "GET /xingrg/check_reg.html?_=1611535647318 HTTP/1.1" 200 22
180.169.147.146 - - [25/Jan/2021:08:47:19 +0800] "POST /xingrg/load_menu.html HTTP/1.1" 200 11564
218.81.223.240 - - [25/Jan/2021:08:47:20 +0800] "POST /xingrg/dwr/call/plaincall/AjaxCheckService.setItemNumber.dwr HTTP/1.1" 200 78
58.37.230.33 - - [25/Jan/2021:08:47:20 +0800] "GET /xingrg/all/function/internal_message.html?_=1611535652229&CODE_STATE=getMsg HTTP/1.1" 200 27
180.156.237.57 - - [25/Jan/2021:08:47:22 +0800] "GET /xingrg/kc/buy/cgsh_order_operate.html?command=get_materiel&rest_code=00150&code=00101008005&supplier_code=00100151&order_time=2021-01-25 HTTP/1.1" 200 412
180.169.147.146 - - [25/Jan/2021:08:47:23 +0800] "GET /xingrg/kc/report/report_main.html HTTP/1.1" 200 9370
180.169.147.146 - - [25/Jan/2021:08:47:25 +0800] "GET /xingrg/all/report/report_query.html?fileName=kc/buy/gys_amount_base_rest.xml HTTP/1.1" 200 51664
180.169.147.146 - - [25/Jan/2021:08:47:25 +0800] "GET /xingrg/dwr/interface/AjaxReportQueryService.js HTTP/1.1" 200 13203
180.169.147.146 - - [25/Jan/2021:08:47:25 +0800] "GET /xingrg/dwr/util.js HTTP/1.1" 304 -
180.169.147.146 - - [25/Jan/2021:08:47:25 +0800] "GET /xingrg/dwr/engine.js HTTP/1.1" 200 43631
180.169.147.146 - - [25/Jan/2021:08:47:25 +0800] "POST /xingrg/dwr/call/plaincall/AjaxReportQueryService.getFixDate.dwr HTTP/1.1" 200 111
116.228.172.94 - - [25/Jan/2021:08:47:25 +0800] "GET /xingrg/all/function/internal_message.html?_=1611535644305&CODE_STATE=getMsg HTTP/1.1" 200 27
180.169.147.146 - - [25/Jan/2021:08:47:25 +0800] "POST /xingrg/all/common/load_tree.html?tree=area_rest_tree_json&manage=1 HTTP/1.1" 200 3216
180.169.147.146 - - [25/Jan/2021:08:47:26 +0800] "POST /xingrg/all/common/load_tree.html?tree=supplier_tree_json&manage=1 HTTP/1.1" 200 55287
180.169.147.146 - - [25/Jan/2021:08:47:28 +0800] "POST /xingrg/dwr/call/plaincall/AjaxReportQueryService.getFixDate.dwr HTTP/1.1" 200 111
180.156.237.57 - - [25/Jan/2021:08:47:34 +0800] "POST /xingrg/kc/buy/cgsh_order_operate.html HTTP/1.1" 200 37
180.156.237.57 - - [25/Jan/2021:08:47:36 +0800] "POST /xingrg/kc/buy/cgsh_order_operate.html HTTP/1.1" 200 12
116.228.172.94 - - [25/Jan/2021:08:47:38 +0800] "POST /xingrg/dwr/call/plaincall/AjaxCheckService.setItemNumber.dwr HTTP/1.1" 200 78
180.169.147.146 - - [25/Jan/2021:08:47:39 +0800] "POST /xingrg/dwr/call/plaincall/AjaxReportQueryService.refreshCache.dwr HTTP/1.1" 200 78
120.253.135.82 - - [25/Jan/2021:08:47:41 +0800] "GET /xingrg/all/function/internal_message.html?_=1611535423019&CODE_STATE=getMsg HTTP/1.1" 200 27
180.169.147.146 - - [25/Jan/2021:08:47:41 +0800] "POST /xingrg/all/report/load_report_page.html HTTP/1.1" 200 48213
180.169.147.146 - - [25/Jan/2021:08:47:41 +0800] "GET /xingrg/servlets/image?cache=0.0427366877815929&image=px HTTP/1.1" 200 807
218.81.223.241 - - [25/Jan/2021:08:47:42 +0800] "GET /xingrg/all/function/internal_message.html?_=1611535660837&CODE_STATE=getMsg HTTP/1.1" 200 27
180.156.237.57 - - [25/Jan/2021:08:47:42 +0800] "GET /xingrg/kc/buy/cgsh_order_info.html?code=212021012511580 HTTP/1.1" 200 56771
180.156.237.57 - - [25/Jan/2021:08:47:42 +0800] "GET /xingrg/javascript/easyui/themes/default/validatebox.css HTTP/1.1" 404 1104
180.156.237.57 - - [25/Jan/2021:08:47:43 +0800] "POST /xingrg/kc/buy/cgsh_order_operate.html HTTP/1.1" 200 610
180.156.237.57 - - [25/Jan/2021:08:47:45 +0800] "GET /xingrg/kc/print/load_config.html?kc_code=cgsh HTTP/1.1" 200 1845
180.156.237.57 - - [25/Jan/2021:08:47:45 +0800] "GET /xingrg/kc/print/load_data.html?order_code=212021012511580&kc_code=cgsh&condition= HTTP/1.1" 200 683
114.86.187.76 - - [25/Jan/2021:08:47:46 +0800] "GET /xingrg/all/function/internal_message.html?_=1611535666977&CODE_STATE=getMsg HTTP/1.1" 200 27
218.81.223.240 - - [25/Jan/2021:08:47:48 +0800] "GET /xingrg/all/function/internal_message.html?_=1611535676997&CODE_STATE=getMsg HTTP/1.1" 200 27
218.81.223.241 - - [25/Jan/2021:08:47:49 +0800] "GET /xingrg/all/function/internal_message.html?_=1611535673925&CODE_STATE=getMsg HTTP/1.1" 302 -
114.88.166.193 - - [25/Jan/2021:08:47:49 +0800] "GET /xingrg/all/function/internal_message.html?_=1611535852601&CODE_STATE=getMsg HTTP/1.1" 200 27
180.169.147.146 - - [25/Jan/2021:08:47:52 +0800] "GET /xingrg/all/function/internal_message.html?_=1611535673803&CODE_STATE=getMsg HTTP/1.1" 200 27
218.81.223.240 - - [25/Jan/2021:08:47:54 +0800] "GET /xingrg/dwr/interface/AjaxCheckService.js HTTP/1.1" 200 14003
218.81.223.240 - - [25/Jan/2021:08:47:54 +0800] "GET /xingrg/dwr/interface/AjaxComOrderService.js HTTP/1.1" 200 18264
218.81.223.240 - - [25/Jan/2021:08:47:54 +0800] "GET /xingrg/dwr/engine.js HTTP/1.1" 200 43631
218.81.223.240 - - [25/Jan/2021:08:47:54 +0800] "GET /xingrg/kc/base/check_order_info.html?code=452021012400114 HTTP/1.1" 200 26400
218.81.223.240 - - [25/Jan/2021:08:47:54 +0800] "POST /xingrg/dwr/call/plaincall/AjaxCheckService.loadOrderItems.dwr HTTP/1.1" 200 156818
114.86.187.76 - - [25/Jan/2021:08:47:55 +0800] "POST /xingrg/kc/buy/cgsh_order_operate.html HTTP/1.1" 200 2065
180.156.237.57 - - [25/Jan/2021:08:47:56 +0800] "GET /xingrg/all/function/internal_message.html?_=1611535677716&CODE_STATE=getMsg HTTP/1.1" 200 27
116.228.172.94 - - [25/Jan/2021:08:47:57 +0800] "POST /xingrg/dwr/call/plaincall/AjaxCheckService.setItemNumber.dwr HTTP/1.1" 200 78
218.81.223.240 - - [25/Jan/2021:08:48:02 +0800] "POST /xingrg/dwr/call/plaincall/AjaxCheckService.setItemNumber.dwr HTTP/1.1" 200 76
218.81.223.240 - - [25/Jan/2021:08:48:05 +0800] "POST /xingrg/dwr/call/plaincall/AjaxCheckService.setItemNumber.dwr HTTP/1.1" 200 76
61.165.42.208 - - [25/Jan/2021:08:48:05 +0800] "GET /xingrg/all/function/internal_message.html?_=1611535668901&CODE_STATE=getMsg HTTP/1.1" 200 27
116.228.172.94 - - [25/Jan/2021:08:48:06 +0800] "POST /xingrg/dwr/call/plaincall/AjaxCheckService.setItemNumber.dwr HTTP/1.1" 200 78
116.228.172.94 - - [25/Jan/2021:08:48:06 +0800] "POST /xingrg/dwr/call/plaincall/AjaxCheckService.setItemNumber.dwr HTTP/1.1" 200 78
218.81.223.240 - - [25/Jan/2021:08:48:06 +0800] "POST /xingrg/dwr/call/plaincall/AjaxCheckService.setItemNumber.dwr HTTP/1.1" 200 76
114.86.187.76 - - [25/Jan/2021:08:48:07 +0800] "GET /xingrg/kc/buy/cgsh_order_operate.html?command=get_materiel&rest_code=00148&code=00101008248&supplier_code=00100007&order_time=2021-01-25 HTTP/1.1" 200 412
116.228.172.94 - - [25/Jan/2021:08:48:07 +0800] "POST /xingrg/dwr/call/plaincall/AjaxCheckService.setItemNumber.dwr HTTP/1.1" 200 78
218.81.223.240 - - [25/Jan/2021:08:48:07 +0800] "POST /xingrg/dwr/call/plaincall/AjaxCheckService.setItemNumber.dwr HTTP/1.1" 200 76
116.228.172.94 - - [25/Jan/2021:08:48:08 +0800] "POST /xingrg/dwr/call/plaincall/AjaxCheckService.setItemNumber.dwr HTTP/1.1" 200 78
218.81.223.240 - - [25/Jan/2021:08:48:08 +0800] "POST /xingrg/dwr/call/plaincall/AjaxCheckService.setItemNumber.dwr HTTP/1.1" 200 76
116.228.172.94 - - [25/Jan/2021:08:48:08 +0800] "POST /xingrg/dwr/call/plaincall/AjaxCheckService.setItemNumber.dwr HTTP/1.1" 200 78
120.253.135.82 - - [25/Jan/2021:08:48:09 +0800] "GET /xingrg/all/function/internal_message.html?_=1611535736812&CODE_STATE=getMsg HTTP/1.1" 200 27
116.228.172.94 - - [25/Jan/2021:08:48:09 +0800] "POST /xingrg/dwr/call/plaincall/AjaxCheckService.setItemNumber.dwr HTTP/1.1" 200 78
218.81.223.240 - - [25/Jan/2021:08:48:09 +0800] "POST /xingrg/dwr/call/plaincall/AjaxCheckService.setItemNumber.dwr HTTP/1.1" 200 76
116.228.172.94 - - [25/Jan/2021:08:48:10 +0800] "POST /xingrg/dwr/call/plaincall/AjaxCheckService.setItemNumber.dwr HTTP/1.1" 200 78
116.228.172.94 - - [25/Jan/2021:08:48:10 +0800] "POST /xingrg/dwr/call/plaincall/AjaxCheckService.setItemNumber.dwr HTTP/1.1" 200 78
218.81.223.240 - - [25/Jan/2021:08:48:10 +0800] "POST /xingrg/dwr/call/plaincall/AjaxCheckService.setItemNumber.dwr HTTP/1.1" 200 76
116.228.172.94 - - [25/Jan/2021:08:48:11 +0800] "POST /xingrg/dwr/call/plaincall/AjaxCheckService.setItemNumber.dwr HTTP/1.1" 200 78
116.228.172.94 - - [25/Jan/2021:08:48:11 +0800] "POST /xingrg/dwr/call/plaincall/AjaxCheckService.setItemNumber.dwr HTTP/1.1" 200 78
218.81.223.240 - - [25/Jan/2021:08:48:12 +0800] "POST /xingrg/dwr/call/plaincall/AjaxCheckService.setItemNumber.dwr HTTP/1.1" 200 76
116.228.172.94 - - [25/Jan/2021:08:48:12 +0800] "POST /xingrg/dwr/call/plaincall/AjaxCheckService.setItemNumber.dwr HTTP/1.1" 200 78
116.228.172.94 - - [25/Jan/2021:08:48:13 +0800] "POST /xingrg/dwr/call/plaincall/AjaxCheckService.setItemNumber.dwr HTTP/1.1" 200 78
116.228.172.94 - - [25/Jan/2021:08:48:13 +0800] "POST /xingrg/dwr/call/plaincall/AjaxCheckService.setItemNumber.dwr HTTP/1.1" 200 78
218.81.223.240 - - [25/Jan/2021:08:48:13 +0800] "POST /xingrg/dwr/call/plaincall/AjaxCheckService.setItemNumber.dwr HTTP/1.1" 200 76
114.88.166.193 - - [25/Jan/2021:08:48:14 +0800] "POST /xingrg/dwr/call/plaincall/AjaxCheckService.setItemNumber.dwr HTTP/1.1" 200 78
116.228.172.94 - - [25/Jan/2021:08:48:14 +0800] "POST /xingrg/dwr/call/plaincall/AjaxCheckService.setItemNumber.dwr HTTP/1.1" 200 78
116.228.172.94 - - [25/Jan/2021:08:48:14 +0800] "POST /xingrg/dwr/call/plaincall/AjaxCheckService.setItemNumber.dwr HTTP/1.1" 200 78
218.81.223.240 - - [25/Jan/2021:08:48:14 +0800] "POST /xingrg/dwr/call/plaincall/AjaxCheckService.setItemNumber.dwr HTTP/1.1" 200 77
116.228.172.94 - - [25/Jan/2021:08:48:15 +0800] "POST /xingrg/dwr/call/plaincall/AjaxCheckService.setItemNumber.dwr HTTP/1.1" 200 78
114.88.166.193 - - [25/Jan/2021:08:48:15 +0800] "POST /xingrg/dwr/call/plaincall/AjaxCheckService.setItemNumber.dwr HTTP/1.1" 200 78
61.165.42.208 - - [25/Jan/2021:08:48:16 +0800] "GET /xingrg/all/function/internal_message.html?_=1611535696491&CODE_STATE=getMsg HTTP/1.1" 200 27
116.228.172.94 - - [25/Jan/2021:08:48:16 +0800] "POST /xingrg/dwr/call/plaincall/AjaxCheckService.setItemNumber.dwr HTTP/1.1" 200 78
101.91.60.105 - - [25/Jan/2021:08:48:16 +0800] "GET /xingrg/check_reg.html?_=1611535490605 HTTP/1.1" 302 -
116.227.17.229 - - [25/Jan/2021:08:48:16 +0800] "GET /xingrg/all/function/internal_message.html?_=1611535694782&CODE_STATE=getMsg HTTP/1.1" 200 27
218.81.223.240 - - [25/Jan/2021:08:48:16 +0800] "POST /xingrg/dwr/call/plaincall/AjaxCheckService.setItemNumber.dwr HTTP/1.1" 200 77
114.88.166.193 - - [25/Jan/2021:08:48:16 +0800] "POST /xingrg/dwr/call/plaincall/AjaxCheckService.setItemNumber.dwr HTTP/1.1" 200 78
116.228.172.94 - - [25/Jan/2021:08:48:16 +0800] "POST /xingrg/dwr/call/plaincall/AjaxCheckService.setItemNumber.dwr HTTP/1.1" 200 78
120.253.135.82 - - [25/Jan/2021:08:48:17 +0800] "POST /xingrg/kc/base/stock_operate.html HTTP/1.1" 200 1486
116.228.172.94 - - [25/Jan/2021:08:48:17 +0800] "POST /xingrg/dwr/call/plaincall/AjaxCheckService.setItemNumber.dwr HTTP/1.1" 200 78
116.228.172.94 - - [25/Jan/2021:08:48:18 +0800] "POST /xingrg/dwr/call/plaincall/AjaxCheckService.setItemNumber.dwr HTTP/1.1" 200 78
218.81.223.240 - - [25/Jan/2021:08:48:18 +0800] "POST /xingrg/dwr/call/plaincall/AjaxCheckService.setItemNumber.dwr HTTP/1.1" 200 77
114.88.166.193 - - [25/Jan/2021:08:48:18 +0800] "POST /xingrg/dwr/call/plaincall/AjaxCheckService.setItemNumber.dwr HTTP/1.1" 200 78
218.81.223.240 - - [25/Jan/2021:08:48:18 +0800] "POST /xingrg/dwr/call/plaincall/AjaxCheckService.setItemNumber.dwr HTTP/1.1" 200 77
116.228.172.94 - - [25/Jan/2021:08:48:18 +0800] "POST /xingrg/dwr/call/plaincall/AjaxCheckService.setItemNumber.dwr HTTP/1.1" 200 78
116.228.172.94 - - [25/Jan/2021:08:48:19 +0800] "POST /xingrg/dwr/call/plaincall/AjaxCheckService.setItemNumber.dwr HTTP/1.1" 200 78
218.81.223.240 - - [25/Jan/2021:08:48:19 +0800] "POST /xingrg/dwr/call/plaincall/AjaxCheckService.setItemNumber.dwr HTTP/1.1" 200 77
180.169.147.146 - - [25/Jan/2021:08:48:19 +0800] "GET /xingrg/all/function/internal_message.html?_=1611535707331&CODE_STATE=getMsg HTTP/1.1" 200 27
116.228.172.94 - - [25/Jan/2021:08:48:19 +0800] "POST /xingrg/dwr/call/plaincall/AjaxCheckService.setItemNumber.dwr HTTP/1.1" 200 78
58.37.230.33 - - [25/Jan/2021:08:48:20 +0800] "GET /xingrg/all/function/internal_message.html?_=1611535712233&CODE_STATE=getMsg HTTP/1.1" 200 27
116.228.172.94 - - [25/Jan/2021:08:48:20 +0800] "POST /xingrg/dwr/call/plaincall/AjaxCheckService.setItemNumber.dwr HTTP/1.1" 200 78
114.86.187.76 - - [25/Jan/2021:08:48:20 +0800] "GET /xingrg/kc/buy/cgsh_order_operate.html?command=get_materiel&rest_code=00148&code=00101008351&supplier_code=00100007&order_time=2021-01-25 HTTP/1.1" 200 408
116.228.172.94 - - [25/Jan/2021:08:48:20 +0800] "POST /xingrg/dwr/call/plaincall/AjaxCheckService.setItemNumber.dwr HTTP/1.1" 200 78
116.228.172.94 - - [25/Jan/2021:08:48:21 +0800] "POST /xingrg/dwr/call/plaincall/AjaxCheckService.setItemNumber.dwr HTTP/1.1" 200 78
114.88.166.193 - - [25/Jan/2021:08:48:21 +0800] "POST /xingrg/dwr/call/plaincall/AjaxCheckService.setItemNumber.dwr HTTP/1.1" 200 78
61.165.42.208 - - [25/Jan/2021:08:48:21 +0800] "GET /xingrg/kc/base/base_main.html HTTP/1.1" 200 12142
116.228.172.94 - - [25/Jan/2021:08:48:22 +0800] "POST /xingrg/dwr/call/plaincall/AjaxCheckService.setItemNumber.dwr HTTP/1.1" 200 78
116.228.172.94 - - [25/Jan/2021:08:48:22 +0800] "POST /xingrg/dwr/call/plaincall/AjaxCheckService.setItemNumber.dwr HTTP/1.1" 200 78
218.81.223.240 - - [25/Jan/2021:08:48:22 +0800] "POST /xingrg/dwr/call/plaincall/AjaxCheckService.setItemNumber.dwr HTTP/1.1" 200 77
116.228.172.94 - - [25/Jan/2021:08:48:23 +0800] "POST /xingrg/dwr/call/plaincall/AjaxCheckService.setItemNumber.dwr HTTP/1.1" 200 78
114.88.166.193 - - [25/Jan/2021:08:48:23 +0800] "POST /xingrg/dwr/call/plaincall/AjaxCheckService.setItemNumber.dwr HTTP/1.1" 200 78
61.165.42.208 - - [25/Jan/2021:08:48:23 +0800] "GET /xingrg/kc/base/wldb_order_list.html HTTP/1.1" 200 19339
116.228.172.94 - - [25/Jan/2021:08:48:23 +0800] "POST /xingrg/dwr/call/plaincall/AjaxCheckService.setItemNumber.dwr HTTP/1.1" 200 78
218.81.223.240 - - [25/Jan/2021:08:48:23 +0800] "POST /xingrg/dwr/call/plaincall/AjaxCheckService.setItemNumber.dwr HTTP/1.1" 200 77
116.228.172.94 - - [25/Jan/2021:08:48:24 +0800] "POST /xingrg/dwr/call/plaincall/AjaxCheckService.setItemNumber.dwr HTTP/1.1" 200 78
116.228.172.94 - - [25/Jan/2021:08:48:25 +0800] "GET /xingrg/check_reg.html?_=1611535703384 HTTP/1.1" 200 22
114.88.166.193 - - [25/Jan/2021:08:48:25 +0800] "POST /xingrg/dwr/call/plaincall/AjaxCheckService.setItemNumber.dwr HTTP/1.1" 200 78
218.81.223.240 - - [25/Jan/2021:08:48:25 +0800] "POST /xingrg/dwr/call/plaincall/AjaxCheckService.setItemNumber.dwr HTTP/1.1" 200 77
116.228.172.94 - - [25/Jan/2021:08:48:25 +0800] "POST /xingrg/dwr/call/plaincall/AjaxCheckService.setItemNumber.dwr HTTP/1.1" 200 78
101.91.60.105 - - [25/Jan/2021:08:48:25 +0800] "GET /xingrg/login.html HTTP/1.1" 200 7641
116.228.172.94 - - [25/Jan/2021:08:48:25 +0800] "POST /xingrg/dwr/call/plaincall/AjaxCheckService.setItemNumber.dwr HTTP/1.1" 200 78
218.81.223.240 - - [25/Jan/2021:08:48:25 +0800] "POST /xingrg/dwr/call/plaincall/AjaxCheckService.setItemNumber.dwr HTTP/1.1" 200 77
114.88.166.193 - - [25/Jan/2021:08:48:25 +0800] "POST /xingrg/dwr/call/plaincall/AjaxCheckService.setItemNumber.dwr HTTP/1.1" 200 78
61.165.42.208 - - [25/Jan/2021:08:48:25 +0800] "POST /xingrg/kc/base/wldb_list_operate.html HTTP/1.1" 200 2154
116.228.172.94 - - [25/Jan/2021:08:48:26 +0800] "GET /xingrg/all/function/internal_message.html?_=1611535704581&CODE_STATE=getMsg HTTP/1.1" 200 27
116.228.172.94 - - [25/Jan/2021:08:48:26 +0800] "POST /xingrg/dwr/call/plaincall/AjaxCheckService.setItemNumber.dwr HTTP/1.1" 200 78
114.88.166.193 - - [25/Jan/2021:08:48:26 +0800] "POST /xingrg/dwr/call/plaincall/AjaxCheckService.setItemNumber.dwr HTTP/1.1" 200 78
114.86.187.76 - - [25/Jan/2021:08:48:26 +0800] "GET /xingrg/kc/buy/cgsh_order_operate.html?command=get_materiel&rest_code=00148&code=00101008224&supplier_code=00100007&order_time=2021-01-25 HTTP/1.1" 200 416
218.81.223.240 - - [25/Jan/2021:08:48:26 +0800] "POST /xingrg/dwr/call/plaincall/AjaxCheckService.setItemNumber.dwr HTTP/1.1" 200 77
116.228.172.94 - - [25/Jan/2021:08:48:27 +0800] "POST /xingrg/dwr/call/plaincall/AjaxCheckService.setItemNumber.dwr HTTP/1.1" 200 78
116.228.172.94 - - [25/Jan/2021:08:48:27 +0800] "POST /xingrg/dwr/call/plaincall/AjaxCheckService.setItemNumber.dwr HTTP/1.1" 200 78
114.88.166.193 - - [25/Jan/2021:08:48:27 +0800] "POST /xingrg/dwr/call/plaincall/AjaxCheckService.setItemNumber.dwr HTTP/1.1" 200 78
116.228.172.94 - - [25/Jan/2021:08:48:28 +0800] "POST /xingrg/dwr/call/plaincall/AjaxCheckService.setItemNumber.dwr HTTP/1.1" 200 78
218.81.223.240 - - [25/Jan/2021:08:48:28 +0800] "POST /xingrg/dwr/call/plaincall/AjaxCheckService.setItemNumber.dwr HTTP/1.1" 200 77
116.228.172.94 - - [25/Jan/2021:08:48:28 +0800] "POST /xingrg/dwr/call/plaincall/AjaxCheckService.setItemNumber.dwr HTTP/1.1" 200 78
218.81.223.240 - - [25/Jan/2021:08:48:29 +0800] "POST /xingrg/dwr/call/plaincall/AjaxCheckService.setItemNumber.dwr HTTP/1.1" 200 77
114.88.166.193 - - [25/Jan/2021:08:48:29 +0800] "POST /xingrg/dwr/call/plaincall/AjaxCheckService.setItemNumber.dwr HTTP/1.1" 200 78
116.228.172.94 - - [25/Jan/2021:08:48:29 +0800] "POST /xingrg/dwr/call/plaincall/AjaxCheckService.setItemNumber.dwr HTTP/1.1" 200 78
