218.81.223.240 - - [25/Jan/2021:06:21:43 +0800] "GET /xingrg/all/function/internal_message.html?_=1611526911769&CODE_STATE=getMsg HTTP/1.1" 200 27
180.169.147.146 - - [25/Jan/2021:06:21:46 +0800] "GET /xingrg/all/function/internal_message.html?_=1611526914221&CODE_STATE=getMsg HTTP/1.1" 200 27
218.81.223.241 - - [25/Jan/2021:06:21:47 +0800] "GET /xingrg/all/function/internal_message.html?_=1611526911690&CODE_STATE=getMsg HTTP/1.1" 302 -
180.169.147.146 - - [25/Jan/2021:06:21:52 +0800] "GET /xingrg/all/function/internal_message.html?_=1611526913622&CODE_STATE=getMsg HTTP/1.1" 200 27
120.253.135.82 - - [25/Jan/2021:06:22:05 +0800] "GET /xingrg/all/function/internal_message.html?_=1611526973133&CODE_STATE=getMsg HTTP/1.1" 200 27
116.227.17.229 - - [25/Jan/2021:06:22:16 +0800] "GET /xingrg/all/function/internal_message.html?_=1611526934780&CODE_STATE=getMsg HTTP/1.1" 200 27
114.88.166.193 - - [25/Jan/2021:06:22:22 +0800] "GET /xingrg/all/function/internal_message.html?_=1611526941823&CODE_STATE=getMsg HTTP/1.1" 200 27
58.37.230.33 - - [25/Jan/2021:06:22:23 +0800] "GET /xingrg/all/function/internal_message.html?_=1611526955525&CODE_STATE=getMsg HTTP/1.1" 200 27
114.86.187.76 - - [25/Jan/2021:06:22:24 +0800] "POST /xingrg/services/DataTransmitService HTTP/1.1" 200 524
120.253.135.82 - - [25/Jan/2021:06:22:30 +0800] "GET /xingrg/all/function/internal_message.html?_=1611526712470&CODE_STATE=getMsg HTTP/1.1" 200 27
218.81.223.241 - - [25/Jan/2021:06:22:41 +0800] "GET /xingrg/all/function/internal_message.html?_=1611526960681&CODE_STATE=getMsg HTTP/1.1" 200 27
218.81.223.240 - - [25/Jan/2021:06:22:43 +0800] "GET /xingrg/all/function/internal_message.html?_=1611526971781&CODE_STATE=getMsg HTTP/1.1" 200 27
180.169.147.146 - - [25/Jan/2021:06:22:46 +0800] "GET /xingrg/all/function/internal_message.html?_=1611526974219&CODE_STATE=getMsg HTTP/1.1" 200 27
218.81.223.241 - - [25/Jan/2021:06:22:47 +0800] "GET /xingrg/all/function/internal_message.html?_=1611526971699&CODE_STATE=getMsg HTTP/1.1" 302 -
180.169.147.146 - - [25/Jan/2021:06:22:52 +0800] "GET /xingrg/all/function/internal_message.html?_=1611526973624&CODE_STATE=getMsg HTTP/1.1" 200 27
120.253.135.82 - - [25/Jan/2021:06:23:05 +0800] "GET /xingrg/all/function/internal_message.html?_=1611527033141&CODE_STATE=getMsg HTTP/1.1" 200 27
120.253.135.82 - - [25/Jan/2021:06:23:10 +0800] "GET /xingrg/kc/pszx/mdqp_order_list.html?isBack=1 HTTP/1.1" 302 -
120.253.135.82 - - [25/Jan/2021:06:23:10 +0800] "GET /xingrg/kc/pszx/mdqp_order_list.html?state=10&page_num=2 HTTP/1.1" 200 14805
120.253.135.82 - - [25/Jan/2021:06:23:11 +0800] "GET /xingrg/dwr/interface/AjaxReportQueryService.js HTTP/1.1" 200 13203
120.253.135.82 - - [25/Jan/2021:06:23:11 +0800] "GET /xingrg/dwr/interface/AjaxQqpsService.js HTTP/1.1" 200 16326
120.253.135.82 - - [25/Jan/2021:06:23:11 +0800] "GET /xingrg/dwr/engine.js HTTP/1.1" 200 43631
120.253.135.82 - - [25/Jan/2021:06:23:13 +0800] "GET /xingrg/kc/pszx/mdqp_order_info.html?code=302021012400635 HTTP/1.1" 200 13354
120.253.135.82 - - [25/Jan/2021:06:23:13 +0800] "GET /xingrg/javascript/jquery-1.4.2.min.js HTTP/1.1" 200 72205
120.253.135.82 - - [25/Jan/2021:06:23:13 +0800] "GET /xingrg/javascript/jquery_easy_ui/easyui-lang-zh_CN.js HTTP/1.1" 200 1900
120.253.135.82 - - [25/Jan/2021:06:23:13 +0800] "GET /xingrg/javascript/jquery.utils.js HTTP/1.1" 200 11805
120.253.135.82 - - [25/Jan/2021:06:23:13 +0800] "GET /xingrg/dwr/interface/AjaxQqpsService.js HTTP/1.1" 200 16326
120.253.135.82 - - [25/Jan/2021:06:23:13 +0800] "GET /xingrg/dwr/interface/AjaxComOrderService.js HTTP/1.1" 200 18264
120.253.135.82 - - [25/Jan/2021:06:23:13 +0800] "GET /xingrg/dwr/engine.js HTTP/1.1" 200 43631
120.253.135.82 - - [25/Jan/2021:06:23:13 +0800] "POST /xingrg/dwr/call/plaincall/AjaxQqpsService.loadMaterielItems.dwr HTTP/1.1" 200 2769
116.227.17.229 - - [25/Jan/2021:06:23:16 +0800] "GET /xingrg/all/function/internal_message.html?_=1611526994781&CODE_STATE=getMsg HTTP/1.1" 200 27
114.88.166.193 - - [25/Jan/2021:06:23:22 +0800] "GET /xingrg/all/function/internal_message.html?_=1611527001877&CODE_STATE=getMsg HTTP/1.1" 200 27
58.37.230.33 - - [25/Jan/2021:06:23:23 +0800] "GET /xingrg/all/function/internal_message.html?_=1611527015507&CODE_STATE=getMsg HTTP/1.1" 200 27
120.253.135.82 - - [25/Jan/2021:06:23:30 +0800] "GET /xingrg/all/function/internal_message.html?_=1611526772483&CODE_STATE=getMsg HTTP/1.1" 200 27
120.253.135.82 - - [25/Jan/2021:06:23:38 +0800] "GET /xingrg/images/yd/bt.gif HTTP/1.1" 404 1040
120.253.135.82 - - [25/Jan/2021:06:23:38 +0800] "GET /xingrg/images/yd/bt2.gif HTTP/1.1" 404 1042
218.81.223.241 - - [25/Jan/2021:06:23:41 +0800] "GET /xingrg/all/function/internal_message.html?_=1611527020682&CODE_STATE=getMsg HTTP/1.1" 200 27
218.81.223.240 - - [25/Jan/2021:06:23:43 +0800] "GET /xingrg/all/function/internal_message.html?_=1611527031828&CODE_STATE=getMsg HTTP/1.1" 200 27
180.169.147.146 - - [25/Jan/2021:06:23:46 +0800] "GET /xingrg/all/function/internal_message.html?_=1611527034226&CODE_STATE=getMsg HTTP/1.1" 200 27
218.81.223.241 - - [25/Jan/2021:06:23:47 +0800] "GET /xingrg/all/function/internal_message.html?_=1611527031717&CODE_STATE=getMsg HTTP/1.1" 302 -
180.169.147.146 - - [25/Jan/2021:06:23:52 +0800] "GET /xingrg/all/function/internal_message.html?_=1611527033633&CODE_STATE=getMsg HTTP/1.1" 200 27
114.88.166.193 - - [25/Jan/2021:06:24:01 +0800] "GET /xingrg/check_reg.html?_=1611527040825 HTTP/1.1" 200 22
120.253.135.82 - - [25/Jan/2021:06:24:05 +0800] "GET /xingrg/all/function/internal_message.html?_=1611527093182&CODE_STATE=getMsg HTTP/1.1" 200 27
172.20.0.100 - - [25/Jan/2021:06:24:09 +0800] "GET /xingrg/check_reg.html?_=1611527047981 HTTP/1.1" 200 22
120.253.135.82 - - [25/Jan/2021:06:24:11 +0800] "GET /xingrg/check_reg.html?_=1611527099644 HTTP/1.1" 200 22
116.227.17.229 - - [25/Jan/2021:06:24:16 +0800] "GET /xingrg/all/function/internal_message.html?_=1611527054784&CODE_STATE=getMsg HTTP/1.1" 200 27
116.227.17.229 - - [25/Jan/2021:06:24:16 +0800] "GET /xingrg/check_reg.html?_=1611527054785 HTTP/1.1" 200 22
114.88.166.193 - - [25/Jan/2021:06:24:22 +0800] "GET /xingrg/all/function/internal_message.html?_=1611527061883&CODE_STATE=getMsg HTTP/1.1" 200 27
58.37.230.33 - - [25/Jan/2021:06:24:23 +0800] "GET /xingrg/all/function/internal_message.html?_=1611527075486&CODE_STATE=getMsg HTTP/1.1" 200 27
120.253.135.82 - - [25/Jan/2021:06:24:30 +0800] "GET /xingrg/all/function/internal_message.html?_=1611526832497&CODE_STATE=getMsg HTTP/1.1" 200 27
58.37.230.33 - - [25/Jan/2021:06:24:39 +0800] "GET /xingrg/check_reg.html?_=1611527091031 HTTP/1.1" 200 22
218.81.223.241 - - [25/Jan/2021:06:24:41 +0800] "GET /xingrg/all/function/internal_message.html?_=1611527080680&CODE_STATE=getMsg HTTP/1.1" 200 27
218.81.223.240 - - [25/Jan/2021:06:24:43 +0800] "GET /xingrg/all/function/internal_message.html?_=1611527091840&CODE_STATE=getMsg HTTP/1.1" 200 27
180.169.147.146 - - [25/Jan/2021:06:24:46 +0800] "GET /xingrg/all/function/internal_message.html?_=1611527094231&CODE_STATE=getMsg HTTP/1.1" 200 27
180.169.147.146 - - [25/Jan/2021:06:24:46 +0800] "GET /xingrg/check_reg.html?_=1611527094234 HTTP/1.1" 200 22
218.81.223.241 - - [25/Jan/2021:06:24:47 +0800] "GET /xingrg/all/function/internal_message.html?_=1611527091726&CODE_STATE=getMsg HTTP/1.1" 302 -
180.169.147.146 - - [25/Jan/2021:06:24:52 +0800] "GET /xingrg/check_reg.html?_=1611527093633 HTTP/1.1" 200 22
180.169.147.146 - - [25/Jan/2021:06:24:52 +0800] "GET /xingrg/all/function/internal_message.html?_=1611527093636&CODE_STATE=getMsg HTTP/1.1" 200 27
120.253.135.82 - - [25/Jan/2021:06:25:05 +0800] "GET /xingrg/all/function/internal_message.html?_=1611527153184&CODE_STATE=getMsg HTTP/1.1" 200 27
116.227.17.229 - - [25/Jan/2021:06:25:16 +0800] "GET /xingrg/all/function/internal_message.html?_=1611527114785&CODE_STATE=getMsg HTTP/1.1" 200 27
114.88.166.193 - - [25/Jan/2021:06:25:22 +0800] "GET /xingrg/all/function/internal_message.html?_=1611527121894&CODE_STATE=getMsg HTTP/1.1" 200 27
58.37.230.33 - - [25/Jan/2021:06:25:23 +0800] "GET /xingrg/all/function/internal_message.html?_=1611527135454&CODE_STATE=getMsg HTTP/1.1" 200 27
120.253.135.82 - - [25/Jan/2021:06:25:30 +0800] "GET /xingrg/check_reg.html?_=1611526892323 HTTP/1.1" 200 22
120.253.135.82 - - [25/Jan/2021:06:25:30 +0800] "GET /xingrg/all/function/internal_message.html?_=1611526892516&CODE_STATE=getMsg HTTP/1.1" 200 27
116.227.17.229 - - [25/Jan/2021:06:25:40 +0800] "POST /xingrg/services/DataTransmitService HTTP/1.1" 200 524
218.81.223.241 - - [25/Jan/2021:06:25:41 +0800] "GET /xingrg/all/function/internal_message.html?_=1611527140681&CODE_STATE=getMsg HTTP/1.1" 200 27
218.81.223.241 - - [25/Jan/2021:06:25:41 +0800] "GET /xingrg/check_reg.html?_=1611527140679 HTTP/1.1" 200 22
218.81.223.240 - - [25/Jan/2021:06:25:43 +0800] "GET /xingrg/all/function/internal_message.html?_=1611527151885&CODE_STATE=getMsg HTTP/1.1" 200 27
180.169.147.146 - - [25/Jan/2021:06:25:46 +0800] "GET /xingrg/all/function/internal_message.html?_=1611527154235&CODE_STATE=getMsg HTTP/1.1" 200 27
218.81.223.241 - - [25/Jan/2021:06:25:47 +0800] "GET /xingrg/all/function/internal_message.html?_=1611527151745&CODE_STATE=getMsg HTTP/1.1" 302 -
180.169.147.146 - - [25/Jan/2021:06:25:52 +0800] "GET /xingrg/all/function/internal_message.html?_=1611527153637&CODE_STATE=getMsg HTTP/1.1" 200 27
120.253.135.82 - - [25/Jan/2021:06:26:05 +0800] "GET /xingrg/all/function/internal_message.html?_=1611527213197&CODE_STATE=getMsg HTTP/1.1" 200 27
120.253.135.82 - - [25/Jan/2021:06:26:12 +0800] "GET /xingrg/kc/pszx/mdqp_order_list.html?isBack=1 HTTP/1.1" 302 -
120.253.135.82 - - [25/Jan/2021:06:26:12 +0800] "GET /xingrg/kc/pszx/mdqp_order_list.html?state=10&page_num=2 HTTP/1.1" 200 14805
120.253.135.82 - - [25/Jan/2021:06:26:12 +0800] "GET /xingrg/dwr/interface/AjaxReportQueryService.js HTTP/1.1" 200 13203
120.253.135.82 - - [25/Jan/2021:06:26:12 +0800] "GET /xingrg/dwr/interface/AjaxQqpsService.js HTTP/1.1" 200 16326
120.253.135.82 - - [25/Jan/2021:06:26:12 +0800] "GET /xingrg/dwr/engine.js HTTP/1.1" 200 43631
116.227.17.229 - - [25/Jan/2021:06:26:16 +0800] "GET /xingrg/all/function/internal_message.html?_=1611527174788&CODE_STATE=getMsg HTTP/1.1" 200 27
120.253.135.82 - - [25/Jan/2021:06:26:20 +0800] "GET /xingrg/kc/pszx/jzcl_ps.html HTTP/1.1" 200 7683
120.253.135.82 - - [25/Jan/2021:06:26:20 +0800] "GET /xingrg/javascript/step/step.css HTTP/1.1" 200 999
120.253.135.82 - - [25/Jan/2021:06:26:20 +0800] "GET /xingrg/css/table.css HTTP/1.1" 200 3684
120.253.135.82 - - [25/Jan/2021:06:26:20 +0800] "GET /xingrg/javascript/jquery-1.4.2.min.js HTTP/1.1" 304 -
120.253.135.82 - - [25/Jan/2021:06:26:20 +0800] "GET /xingrg/javascript/jquery_easy_ui/easyui-lang-zh_CN.js HTTP/1.1" 200 1900
120.253.135.82 - - [25/Jan/2021:06:26:20 +0800] "GET /xingrg/javascript/jquery.utils.js HTTP/1.1" 200 11805
120.253.135.82 - - [25/Jan/2021:06:26:20 +0800] "GET /xingrg/javascript/step/images/navCurrentBtn.gif HTTP/1.1" 200 557
120.253.135.82 - - [25/Jan/2021:06:26:20 +0800] "GET /xingrg/javascript/jquery_easy_ui/themes/default/images/button_a_bg.gif HTTP/1.1" 200 1194
120.253.135.82 - - [25/Jan/2021:06:26:20 +0800] "GET /xingrg/javascript/jquery_easy_ui/themes/default/images/button_span_bg.gif HTTP/1.1" 200 2061
120.253.135.82 - - [25/Jan/2021:06:26:20 +0800] "GET /xingrg/javascript/jquery_easy_ui/themes/icons/search.png HTTP/1.1" 200 813
120.253.135.82 - - [25/Jan/2021:06:26:20 +0800] "GET /xingrg/javascript/jquery_easy_ui/themes/default/images/combo_arrow_dot.gif HTTP/1.1" 200 79
120.253.135.82 - - [25/Jan/2021:06:26:20 +0800] "GET /xingrg/javascript/jquery_easy_ui/themes/default/images/calendar_prevmonth.gif HTTP/1.1" 200 66
120.253.135.82 - - [25/Jan/2021:06:26:20 +0800] "POST /xingrg/all/common/load_tree.html?tree=area_rest_tree_json HTTP/1.1" 200 3344
120.253.135.82 - - [25/Jan/2021:06:26:20 +0800] "GET /xingrg/javascript/jquery_easy_ui/themes/default/images/calendar_nextyear.gif HTTP/1.1" 200 75
120.253.135.82 - - [25/Jan/2021:06:26:20 +0800] "GET /xingrg/javascript/jquery_easy_ui/themes/default/images/calendar_nextmonth.gif HTTP/1.1" 200 64
120.253.135.82 - - [25/Jan/2021:06:26:20 +0800] "GET /xingrg/javascript/jquery_easy_ui/themes/default/images/calendar_prevyear.gif HTTP/1.1" 200 76
120.253.135.82 - - [25/Jan/2021:06:26:20 +0800] "GET /xingrg/javascript/jquery_easy_ui/themes/default/images/datagrid_header_bg.gif HTTP/1.1" 200 97
120.253.135.82 - - [25/Jan/2021:06:26:21 +0800] "GET /xingrg/javascript/jquery_easy_ui/themes/default/images/pagination_loading.gif HTTP/1.1" 200 1737
120.253.135.82 - - [25/Jan/2021:06:26:21 +0800] "GET /xingrg/javascript/jquery_easy_ui/themes/default/images/tree_checkbox_0.gif HTTP/1.1" 200 168
120.253.135.82 - - [25/Jan/2021:06:26:21 +0800] "POST /xingrg/kc/pszx/jzcl_ps_operate.html HTTP/1.1" 200 11109
120.253.135.82 - - [25/Jan/2021:06:26:21 +0800] "POST /xingrg/kc/pszx/jzcl_ps_operate.html HTTP/1.1" 200 11109
120.253.135.82 - - [25/Jan/2021:06:26:22 +0800] "GET /xingrg/javascript/jquery_easy_ui/themes/icons/rest.png HTTP/1.1" 200 695
114.88.166.193 - - [25/Jan/2021:06:26:22 +0800] "GET /xingrg/all/function/internal_message.html?_=1611527181958&CODE_STATE=getMsg HTTP/1.1" 200 27
61.129.6.225 - - [25/Jan/2021:06:26:23 +0800] "GET /xingrg/all/function/internal_message.html?_=1611527135454&CODE_STATE=getMsg HTTP/1.1" 302 -
61.129.6.225 - - [25/Jan/2021:06:26:23 +0800] "GET /xingrg/login.html HTTP/1.1" 200 7641
58.37.230.33 - - [25/Jan/2021:06:26:23 +0800] "GET /xingrg/all/function/internal_message.html?_=1611527195431&CODE_STATE=getMsg HTTP/1.1" 200 27
120.253.135.82 - - [25/Jan/2021:06:26:30 +0800] "GET /xingrg/all/function/internal_message.html?_=1611526952525&CODE_STATE=getMsg HTTP/1.1" 200 27
218.81.223.240 - - [25/Jan/2021:06:26:32 +0800] "GET /xingrg/check_reg.html?_=1611527200109 HTTP/1.1" 200 22
218.81.223.241 - - [25/Jan/2021:06:26:37 +0800] "GET /xingrg/check_reg.html?_=1611527201660 HTTP/1.1" 302 -
120.253.135.82 - - [25/Jan/2021:06:26:41 +0800] "POST /xingrg/kc/pszx/jzcl_ps_operate.html HTTP/1.1" 200 4
120.253.135.82 - - [25/Jan/2021:06:26:41 +0800] "GET /xingrg/javascript/step/images/navBtn.gif HTTP/1.1" 200 361
120.253.135.82 - - [25/Jan/2021:06:26:41 +0800] "GET /xingrg/javascript/step/images/navBtn.gif HTTP/1.1" 200 361
120.253.135.82 - - [25/Jan/2021:06:26:41 +0800] "GET /xingrg/javascript/step/images/navLastDoneBtn.gif HTTP/1.1" 200 552
120.253.135.82 - - [25/Jan/2021:06:26:41 +0800] "GET /xingrg/javascript/step/images/navDoneBtn.gif HTTP/1.1" 200 394
218.81.223.241 - - [25/Jan/2021:06:26:41 +0800] "GET /xingrg/all/function/internal_message.html?_=1611527200685&CODE_STATE=getMsg HTTP/1.1" 200 27
218.81.223.240 - - [25/Jan/2021:06:26:43 +0800] "GET /xingrg/all/function/internal_message.html?_=1611527211898&CODE_STATE=getMsg HTTP/1.1" 200 27
180.169.147.146 - - [25/Jan/2021:06:26:46 +0800] "GET /xingrg/all/function/internal_message.html?_=1611527214224&CODE_STATE=getMsg HTTP/1.1" 200 27
218.81.223.241 - - [25/Jan/2021:06:26:47 +0800] "GET /xingrg/all/function/internal_message.html?_=1611527211754&CODE_STATE=getMsg HTTP/1.1" 302 -
120.253.135.82 - - [25/Jan/2021:06:26:48 +0800] "GET /xingrg/kc/pszx/mdps_order_list.html HTTP/1.1" 200 21153
120.253.135.82 - - [25/Jan/2021:06:26:48 +0800] "GET /xingrg/javascript/jquery_tools/table.css HTTP/1.1" 200 1032
120.253.135.82 - - [25/Jan/2021:06:26:48 +0800] "GET /xingrg/javascript/jquery_tools/jquery.tools.table.js HTTP/1.1" 200 6994
120.253.135.82 - - [25/Jan/2021:06:26:48 +0800] "GET /xingrg/javascript/easyui/themes/default/easyui.css HTTP/1.1" 200 30432
120.253.135.82 - - [25/Jan/2021:06:26:48 +0800] "GET /xingrg/javascript/jquery.utils.js HTTP/1.1" 200 11805
120.253.135.82 - - [25/Jan/2021:06:26:48 +0800] "GET /xingrg/javascript/easyui/themes/icons/edit_add_new.png HTTP/1.1" 200 2997
120.253.135.82 - - [25/Jan/2021:06:26:48 +0800] "GET /xingrg/javascript/easyui/themes/icons/check_new.png HTTP/1.1" 200 3224
120.253.135.82 - - [25/Jan/2021:06:26:48 +0800] "GET /xingrg/javascript/easyui/themes/icons/cance_new.png HTTP/1.1" 200 3986
120.253.135.82 - - [25/Jan/2021:06:26:48 +0800] "GET /xingrg/javascript/easyui/themes/icons/uncheck_new.png HTTP/1.1" 200 3197
120.253.135.82 - - [25/Jan/2021:06:26:48 +0800] "POST /xingrg/kc/pszx/mdps_list_operate.html HTTP/1.1" 200 5310
180.169.147.146 - - [25/Jan/2021:06:26:52 +0800] "GET /xingrg/all/function/internal_message.html?_=1611527213641&CODE_STATE=getMsg HTTP/1.1" 200 27
120.253.135.82 - - [25/Jan/2021:06:27:05 +0800] "GET /xingrg/all/function/internal_message.html?_=1611527273249&CODE_STATE=getMsg HTTP/1.1" 200 27
120.253.135.82 - - [25/Jan/2021:06:27:08 +0800] "GET /xingrg/javascript/easyui/themes/default/images/button_plain_hover.png HTTP/1.1" 200 144
120.253.135.82 - - [25/Jan/2021:06:27:08 +0800] "GET /xingrg/javascript/easyui/themes/default/images/button_plain_hover.png HTTP/1.1" 200 144
120.253.135.82 - - [25/Jan/2021:06:27:08 +0800] "GET /xingrg/javascript/easyui/themes/default/images/button_plain_hover.png HTTP/1.1" 200 144
120.253.135.82 - - [25/Jan/2021:06:27:08 +0800] "GET /xingrg/javascript/easyui/themes/default/images/button_plain_hover.png HTTP/1.1" 200 144
120.253.135.82 - - [25/Jan/2021:06:27:08 +0800] "GET /xingrg/javascript/jquery_easy_ui/themes/default/images/tabs_active.png HTTP/1.1" 200 2894
120.253.135.82 - - [25/Jan/2021:06:27:08 +0800] "GET /xingrg/javascript/jquery_easy_ui/themes/default/images/tabs_active.png HTTP/1.1" 200 2894
120.253.135.82 - - [25/Jan/2021:06:27:10 +0800] "GET /xingrg/kc/pszx/mdqp_order_list.html?state=10 HTTP/1.1" 200 16299
120.253.135.82 - - [25/Jan/2021:06:27:10 +0800] "GET /xingrg/dwr/interface/AjaxQqpsService.js HTTP/1.1" 200 16326
120.253.135.82 - - [25/Jan/2021:06:27:10 +0800] "GET /xingrg/dwr/interface/AjaxReportQueryService.js HTTP/1.1" 200 13203
120.253.135.82 - - [25/Jan/2021:06:27:10 +0800] "GET /xingrg/dwr/engine.js HTTP/1.1" 200 43631
116.227.17.229 - - [25/Jan/2021:06:27:16 +0800] "GET /xingrg/all/function/internal_message.html?_=1611527234789&CODE_STATE=getMsg HTTP/1.1" 200 27
120.253.135.82 - - [25/Jan/2021:06:27:21 +0800] "GET /xingrg/kc/pszx/mdqp_order_list.html?state=10&page_num=2 HTTP/1.1" 200 12772
120.253.135.82 - - [25/Jan/2021:06:27:21 +0800] "GET /xingrg/dwr/interface/AjaxQqpsService.js HTTP/1.1" 200 16326
120.253.135.82 - - [25/Jan/2021:06:27:21 +0800] "GET /xingrg/dwr/interface/AjaxReportQueryService.js HTTP/1.1" 200 13203
120.253.135.82 - - [25/Jan/2021:06:27:21 +0800] "GET /xingrg/dwr/engine.js HTTP/1.1" 200 43631
114.88.166.193 - - [25/Jan/2021:06:27:22 +0800] "GET /xingrg/all/function/internal_message.html?_=1611527241969&CODE_STATE=getMsg HTTP/1.1" 200 27
58.37.230.33 - - [25/Jan/2021:06:27:23 +0800] "GET /xingrg/all/function/internal_message.html?_=1611527255410&CODE_STATE=getMsg HTTP/1.1" 200 27
120.253.135.82 - - [25/Jan/2021:06:27:30 +0800] "GET /xingrg/all/function/internal_message.html?_=1611527012538&CODE_STATE=getMsg HTTP/1.1" 200 27
120.253.135.82 - - [25/Jan/2021:06:27:32 +0800] "GET /xingrg/kc/pszx/mdps_order_list.html?orderType=0 HTTP/1.1" 200 21153
120.253.135.82 - - [25/Jan/2021:06:27:32 +0800] "GET /xingrg/javascript/jquery.utils.js HTTP/1.1" 200 11805
120.253.135.82 - - [25/Jan/2021:06:27:32 +0800] "POST /xingrg/kc/pszx/mdps_list_operate.html HTTP/1.1" 200 5310
120.253.135.82 - - [25/Jan/2021:06:27:34 +0800] "GET /xingrg/javascript/auto/indicator.gif HTTP/1.1" 404 1066
218.81.223.241 - - [25/Jan/2021:06:27:41 +0800] "GET /xingrg/all/function/internal_message.html?_=1611527260686&CODE_STATE=getMsg HTTP/1.1" 200 27
218.81.223.240 - - [25/Jan/2021:06:27:43 +0800] "GET /xingrg/all/function/internal_message.html?_=1611527271911&CODE_STATE=getMsg HTTP/1.1" 200 27
180.169.147.146 - - [25/Jan/2021:06:27:46 +0800] "GET /xingrg/all/function/internal_message.html?_=1611527274227&CODE_STATE=getMsg HTTP/1.1" 200 27
218.81.223.241 - - [25/Jan/2021:06:27:47 +0800] "GET /xingrg/all/function/internal_message.html?_=1611527271772&CODE_STATE=getMsg HTTP/1.1" 302 -
120.253.135.82 - - [25/Jan/2021:06:27:51 +0800] "POST /xingrg/kc/pszx/mdps_list_operate.html HTTP/1.1" 200 2064
180.169.147.146 - - [25/Jan/2021:06:27:52 +0800] "GET /xingrg/all/function/internal_message.html?_=1611527273641&CODE_STATE=getMsg HTTP/1.1" 200 27
120.253.135.82 - - [25/Jan/2021:06:27:52 +0800] "POST /xingrg/kc/pszx/mdps_list_operate.html HTTP/1.1" 200 450
120.253.135.82 - - [25/Jan/2021:06:27:53 +0800] "GET /xingrg/kc/pszx/mdps_order_info.html?code=312021012500770 HTTP/1.1" 200 23887
120.253.135.82 - - [25/Jan/2021:06:27:53 +0800] "GET /xingrg/javascript/jquery_tools/order_manager.js HTTP/1.1" 200 11183
120.253.135.82 - - [25/Jan/2021:06:27:53 +0800] "GET /xingrg/javascript/jquery.utils.js HTTP/1.1" 200 11805
120.253.135.82 - - [25/Jan/2021:06:27:53 +0800] "GET /xingrg/words/20210124190416_words.js HTTP/1.1" 200 791324
120.253.135.82 - - [25/Jan/2021:06:27:53 +0800] "GET /xingrg/javascript/easyui/themes/icons/copy_new.png HTTP/1.1" 200 815
120.253.135.82 - - [25/Jan/2021:06:27:53 +0800] "GET /xingrg/javascript/easyui/themes/icons/print.png HTTP/1.1" 200 1057
120.253.135.82 - - [25/Jan/2021:06:27:53 +0800] "GET /xingrg/javascript/easyui/themes/icons/ok.png HTTP/1.1" 200 883
120.253.135.82 - - [25/Jan/2021:06:27:53 +0800] "GET /xingrg/javascript/easyui/themes/default/images/menu_downarrow.png HTTP/1.1" 200 173
120.253.135.82 - - [25/Jan/2021:06:27:53 +0800] "GET /xingrg/javascript/easyui/themes/icons/cancel.png HTTP/1.1" 200 1133
120.253.135.82 - - [25/Jan/2021:06:27:54 +0800] "GET /xingrg/javascript/easyui/themes/default/validatebox.css HTTP/1.1" 404 1104
120.253.135.82 - - [25/Jan/2021:06:27:54 +0800] "POST /xingrg/kc/pszx/mdps_order_operate.html HTTP/1.1" 200 3754
120.253.135.82 - - [25/Jan/2021:06:27:54 +0800] "GET /xingrg/javascript/easyui/plugins/jquery.validatebox.js HTTP/1.1" 200 6103
120.253.135.82 - - [25/Jan/2021:06:27:54 +0800] "GET /xingrg/javascript/easyui/themes/icons/edit_remove.png HTTP/1.1" 200 625
120.253.135.82 - - [25/Jan/2021:06:27:54 +0800] "GET /xingrg/javascript/easyui/plugins/jquery.numberbox.js HTTP/1.1" 200 5213
120.253.135.82 - - [25/Jan/2021:06:27:56 +0800] "GET /xingrg/javascript/easyui/themes/default/images/button_plain_hover.png HTTP/1.1" 200 144
120.253.135.82 - - [25/Jan/2021:06:27:56 +0800] "GET /xingrg/javascript/easyui/themes/default/images/button_plain_hover.png HTTP/1.1" 200 144
120.253.135.82 - - [25/Jan/2021:06:27:58 +0800] "POST /xingrg/kc/pszx/mdps_order_operate.html HTTP/1.1" 200 37
120.253.135.82 - - [25/Jan/2021:06:27:59 +0800] "GET /xingrg/kc/pszx/mdps_order_info.html?code=312021012500770 HTTP/1.1" 200 23887
120.253.135.82 - - [25/Jan/2021:06:27:59 +0800] "GET /xingrg/javascript/jquery.utils.js HTTP/1.1" 200 11805
120.253.135.82 - - [25/Jan/2021:06:27:59 +0800] "GET /xingrg/javascript/easyui/themes/default/validatebox.css HTTP/1.1" 404 1104
120.253.135.82 - - [25/Jan/2021:06:27:59 +0800] "POST /xingrg/kc/pszx/mdps_order_operate.html HTTP/1.1" 200 3782
120.253.135.82 - - [25/Jan/2021:06:28:02 +0800] "POST /xingrg/all/common/load_combo.html?type=base HTTP/1.1" 200 984
120.253.135.82 - - [25/Jan/2021:06:28:05 +0800] "GET /xingrg/all/function/internal_message.html?_=1611527333256&CODE_STATE=getMsg HTTP/1.1" 200 27
120.253.135.82 - - [25/Jan/2021:06:28:07 +0800] "POST /xingrg/kc/pszx/mdps_order_operate.html HTTP/1.1" 200 37
120.253.135.82 - - [25/Jan/2021:06:28:07 +0800] "GET /xingrg/kc/pszx/mdps_order_info.html?code=312021012500770 HTTP/1.1" 200 23887
120.253.135.82 - - [25/Jan/2021:06:28:08 +0800] "GET /xingrg/javascript/jquery.utils.js HTTP/1.1" 200 11805
120.253.135.82 - - [25/Jan/2021:06:28:08 +0800] "GET /xingrg/javascript/easyui/themes/default/validatebox.css HTTP/1.1" 404 1104
120.253.135.82 - - [25/Jan/2021:06:28:08 +0800] "POST /xingrg/kc/pszx/mdps_order_operate.html HTTP/1.1" 200 3787
116.227.17.229 - - [25/Jan/2021:06:28:16 +0800] "GET /xingrg/all/function/internal_message.html?_=1611527294774&CODE_STATE=getMsg HTTP/1.1" 200 27
116.232.50.212 - - [25/Jan/2021:06:28:17 +0800] "POST /xingrg/services/DataTransmitService HTTP/1.1" 200 524
114.88.166.193 - - [25/Jan/2021:06:28:22 +0800] "GET /xingrg/all/function/internal_message.html?_=1611527302035&CODE_STATE=getMsg HTTP/1.1" 200 27
120.253.135.82 - - [25/Jan/2021:06:28:22 +0800] "GET /xingrg/kc/pszx/mdps_order_operate.html?command=get_materiel&pszx_code=00101&rest_code=00142&base_code=0010250&code=00102002829 HTTP/1.1" 200 463
101.89.239.120 - - [25/Jan/2021:06:28:23 +0800] "GET /xingrg/all/function/internal_message.html?_=1611527255410&CODE_STATE=getMsg HTTP/1.1" 302 -
101.89.239.120 - - [25/Jan/2021:06:28:23 +0800] "GET /xingrg/login.html HTTP/1.1" 200 7641
58.37.230.33 - - [25/Jan/2021:06:28:23 +0800] "GET /xingrg/all/function/internal_message.html?_=1611527315413&CODE_STATE=getMsg HTTP/1.1" 200 27
116.232.50.212 - - [25/Jan/2021:06:28:24 +0800] "POST /xingrg/services/DataTransmitService HTTP/1.1" 200 501
120.253.135.82 - - [25/Jan/2021:06:28:30 +0800] "GET /xingrg/all/function/internal_message.html?_=1611527072552&CODE_STATE=getMsg HTTP/1.1" 200 27
120.253.135.82 - - [25/Jan/2021:06:28:38 +0800] "GET /xingrg/kc/pszx/mdps_order_operate.html?command=get_materiel&pszx_code=00101&rest_code=00142&base_code=0010250&code=00102002562 HTTP/1.1" 200 446
120.253.135.82 - - [25/Jan/2021:06:28:41 +0800] "POST /xingrg/all/common/load_select.html HTTP/1.1" 200 25
218.81.223.241 - - [25/Jan/2021:06:28:41 +0800] "GET /xingrg/all/function/internal_message.html?_=1611527320686&CODE_STATE=getMsg HTTP/1.1" 200 27
120.253.135.82 - - [25/Jan/2021:06:28:43 +0800] "GET /xingrg/kc/pszx/mdps_order_operate.html?command=get_materiel_price&pszx_code=00101&rest_code=00142&base_code=0010250&code=00102002562&unit_code=00100037&order_time=2021-01-25 HTTP/1.1" 200 34
218.81.223.240 - - [25/Jan/2021:06:28:43 +0800] "GET /xingrg/all/function/internal_message.html?_=1611527331942&CODE_STATE=getMsg HTTP/1.1" 200 27
180.169.147.146 - - [25/Jan/2021:06:28:46 +0800] "GET /xingrg/all/function/internal_message.html?_=1611527334227&CODE_STATE=getMsg HTTP/1.1" 200 27
218.81.223.241 - - [25/Jan/2021:06:28:47 +0800] "GET /xingrg/all/function/internal_message.html?_=1611527331780&CODE_STATE=getMsg HTTP/1.1" 302 -
120.253.135.82 - - [25/Jan/2021:06:28:51 +0800] "POST /xingrg/kc/pszx/mdps_order_operate.html HTTP/1.1" 200 37
120.253.135.82 - - [25/Jan/2021:06:28:51 +0800] "GET /xingrg/kc/pszx/mdps_order_info.html?code=312021012500770 HTTP/1.1" 200 23887
120.253.135.82 - - [25/Jan/2021:06:28:51 +0800] "GET /xingrg/javascript/jquery.utils.js HTTP/1.1" 200 11805
180.169.147.146 - - [25/Jan/2021:06:28:52 +0800] "GET /xingrg/all/function/internal_message.html?_=1611527333641&CODE_STATE=getMsg HTTP/1.1" 200 27
120.253.135.82 - - [25/Jan/2021:06:28:52 +0800] "GET /xingrg/javascript/easyui/themes/default/validatebox.css HTTP/1.1" 404 1104
120.253.135.82 - - [25/Jan/2021:06:28:52 +0800] "POST /xingrg/kc/pszx/mdps_order_operate.html HTTP/1.1" 200 3806
114.88.166.193 - - [25/Jan/2021:06:29:01 +0800] "GET /xingrg/check_reg.html?_=1611527340831 HTTP/1.1" 200 22
120.253.135.82 - - [25/Jan/2021:06:29:05 +0800] "GET /xingrg/all/function/internal_message.html?_=1611527393297&CODE_STATE=getMsg HTTP/1.1" 200 27
172.20.0.100 - - [25/Jan/2021:06:29:09 +0800] "GET /xingrg/check_reg.html?_=1611527347952 HTTP/1.1" 200 22
120.253.135.82 - - [25/Jan/2021:06:29:11 +0800] "GET /xingrg/check_reg.html?_=1611527399655 HTTP/1.1" 200 22
116.227.17.229 - - [25/Jan/2021:06:29:16 +0800] "GET /xingrg/all/function/internal_message.html?_=1611527354777&CODE_STATE=getMsg HTTP/1.1" 200 27
116.227.17.229 - - [25/Jan/2021:06:29:16 +0800] "GET /xingrg/check_reg.html?_=1611527354781 HTTP/1.1" 200 22
120.253.135.82 - - [25/Jan/2021:06:29:20 +0800] "POST /xingrg/kc/pszx/mdps_order_operate.html HTTP/1.1" 200 37
120.253.135.82 - - [25/Jan/2021:06:29:20 +0800] "GET /xingrg/kc/pszx/mdps_order_info.html?code=312021012500770 HTTP/1.1" 200 23887
120.253.135.82 - - [25/Jan/2021:06:29:20 +0800] "GET /xingrg/javascript/jquery.utils.js HTTP/1.1" 200 11805
120.253.135.82 - - [25/Jan/2021:06:29:21 +0800] "GET /xingrg/javascript/easyui/themes/default/validatebox.css HTTP/1.1" 404 1104
120.253.135.82 - - [25/Jan/2021:06:29:21 +0800] "POST /xingrg/kc/pszx/mdps_order_operate.html HTTP/1.1" 200 3806
114.88.166.193 - - [25/Jan/2021:06:29:22 +0800] "GET /xingrg/all/function/internal_message.html?_=1611527362043&CODE_STATE=getMsg HTTP/1.1" 200 27
58.37.230.33 - - [25/Jan/2021:06:29:23 +0800] "GET /xingrg/all/function/internal_message.html?_=1611527375385&CODE_STATE=getMsg HTTP/1.1" 200 27
120.253.135.82 - - [25/Jan/2021:06:29:30 +0800] "GET /xingrg/all/function/internal_message.html?_=1611527132565&CODE_STATE=getMsg HTTP/1.1" 200 27
120.253.135.82 - - [25/Jan/2021:06:29:31 +0800] "GET /xingrg/kc/buy/buy_main.html HTTP/1.1" 200 12341
120.253.135.82 - - [25/Jan/2021:06:29:31 +0800] "GET /xingrg/javascript/jquery-1.4.2.min.js HTTP/1.1" 304 -
120.253.135.82 - - [25/Jan/2021:06:29:31 +0800] "GET /xingrg/javascript/jquery_ui/jquery-ui.min.js HTTP/1.1" 200 186181
120.253.135.82 - - [25/Jan/2021:06:29:31 +0800] "GET /xingrg/css/new_ie.css HTTP/1.1" 404 1036
120.253.135.82 - - [25/Jan/2021:06:29:31 +0800] "GET /xingrg/javascript/jquery.utils.js HTTP/1.1" 200 11805
120.253.135.82 - - [25/Jan/2021:06:29:31 +0800] "POST /xingrg/kc/pszx/mdps_list_operate.html HTTP/1.1" 200 2064
120.253.135.82 - - [25/Jan/2021:06:29:31 +0800] "GET /xingrg/images/blue/button/cgydd.gif HTTP/1.1" 200 2712
120.253.135.82 - - [25/Jan/2021:06:29:31 +0800] "GET /xingrg/images/blue/button/cgshd.gif HTTP/1.1" 200 2618
120.253.135.82 - - [25/Jan/2021:06:29:31 +0800] "GET /xingrg/images/blue/button/cgfkd.gif HTTP/1.1" 200 2075
120.253.135.82 - - [25/Jan/2021:06:29:31 +0800] "GET /xingrg/images/blue/button/kc.gif HTTP/1.1" 200 2160
120.253.135.82 - - [25/Jan/2021:06:29:31 +0800] "GET /xingrg/images/blue/button/cgxqd.gif HTTP/1.1" 200 2619
120.253.135.82 - - [25/Jan/2021:06:29:31 +0800] "GET /xingrg/images/blue/bg_dotted.jpg HTTP/1.1" 200 319
120.253.135.82 - - [25/Jan/2021:06:29:31 +0800] "GET /xingrg/images/blue/button/ckthd.gif HTTP/1.1" 200 2045
120.253.135.82 - - [25/Jan/2021:06:29:31 +0800] "GET /xingrg/javascript/jquery_ui/themes/humanity/images/ui-bg_inset-soft_100_f4f0ec_1x100.png HTTP/1.1" 200 141
120.253.135.82 - - [25/Jan/2021:06:29:31 +0800] "GET /xingrg/images/blue/pic_form2.gif HTTP/1.1" 200 1853
120.253.135.82 - - [25/Jan/2021:06:29:31 +0800] "GET /xingrg/images/blue/button/right_ah.jpg HTTP/1.1" 200 1744
120.253.135.82 - - [25/Jan/2021:06:29:31 +0800] "GET /xingrg/images/blue/button/down_ah.jpg HTTP/1.1" 200 1732
120.253.135.82 - - [25/Jan/2021:06:29:31 +0800] "GET /xingrg/javascript/jquery_ui/themes/humanity/images/ui-iconsnew.jpg HTTP/1.1" 200 337
120.253.135.82 - - [25/Jan/2021:06:29:31 +0800] "GET /xingrg/javascript/jquery_ui/themes/humanity/images/ui-icons_ffffff_256x240.png HTTP/1.1" 200 4369
120.253.135.82 - - [25/Jan/2021:06:29:31 +0800] "GET /xingrg/javascript/jquery_ui/themes/humanity/images/ui-icons_c47a23_256x240.png HTTP/1.1" 200 5355
120.253.135.82 - - [25/Jan/2021:06:29:31 +0800] "GET /xingrg/javascript/jquery_ui/themes/humanity/images/ui-bg_glass_70_ede4d4_1x400.png HTTP/1.1" 200 161
120.253.135.82 - - [25/Jan/2021:06:29:32 +0800] "GET /xingrg/images/yd/bt.gif HTTP/1.1" 404 1040
120.253.135.82 - - [25/Jan/2021:06:29:33 +0800] "GET /xingrg/kc/buy/cgsh_order_list.html HTTP/1.1" 200 46217
120.253.135.82 - - [25/Jan/2021:06:29:33 +0800] "GET /xingrg/javascript/jquery.utils.js HTTP/1.1" 200 11805
120.253.135.82 - - [25/Jan/2021:06:29:33 +0800] "POST /xingrg/kc/buy/cgsh_list_operate.html HTTP/1.1" 200 876
120.253.135.82 - - [25/Jan/2021:06:29:35 +0800] "GET /xingrg/kc/buy/cgsh_order_add.html HTTP/1.1" 200 60971
120.253.135.82 - - [25/Jan/2021:06:29:35 +0800] "GET /xingrg/javascript/jquery.utils.js HTTP/1.1" 200 11805
120.253.135.82 - - [25/Jan/2021:06:29:35 +0800] "GET /xingrg/javascript/easyui/themes/icons/template_new.png HTTP/1.1" 200 3956
120.253.135.82 - - [25/Jan/2021:06:29:35 +0800] "GET /xingrg/all/common/auto_word.html?type=employee&rest_code=00101 HTTP/1.1" 200 1173
120.253.135.82 - - [25/Jan/2021:06:29:35 +0800] "GET /xingrg/all/common/auto_word.html?type=employee&rest_code=00101 HTTP/1.1" 200 1173
120.253.135.82 - - [25/Jan/2021:06:29:35 +0800] "GET /xingrg/javascript/easyui/themes/default/validatebox.css HTTP/1.1" 404 1104
120.253.135.82 - - [25/Jan/2021:06:29:35 +0800] "POST /xingrg/kc/buy/cgsh_order_operate.html HTTP/1.1" 200 8245
58.37.230.33 - - [25/Jan/2021:06:29:39 +0800] "GET /xingrg/check_reg.html?_=1611527391025 HTTP/1.1" 200 22
218.81.223.241 - - [25/Jan/2021:06:29:41 +0800] "GET /xingrg/all/function/internal_message.html?_=1611527380701&CODE_STATE=getMsg HTTP/1.1" 200 27
120.253.135.82 - - [25/Jan/2021:06:29:43 +0800] "GET /xingrg/kc/buy/cgsh_order_operate.html?command=get_materiel&rest_code=00101&code=00102002362&supplier_code=&order_time=2021-01-25 HTTP/1.1" 200 432
218.81.223.240 - - [25/Jan/2021:06:29:44 +0800] "GET /xingrg/all/function/internal_message.html?_=1611527391954&CODE_STATE=getMsg HTTP/1.1" 200 27
180.169.147.146 - - [25/Jan/2021:06:29:46 +0800] "GET /xingrg/check_reg.html?_=1611527394231 HTTP/1.1" 200 22
180.169.147.146 - - [25/Jan/2021:06:29:46 +0800] "GET /xingrg/all/function/internal_message.html?_=1611527394225&CODE_STATE=getMsg HTTP/1.1" 200 27
218.81.223.241 - - [25/Jan/2021:06:29:47 +0800] "GET /xingrg/all/function/internal_message.html?_=1611527391799&CODE_STATE=getMsg HTTP/1.1" 302 -
120.253.135.82 - - [25/Jan/2021:06:29:48 +0800] "GET /xingrg/kc/pszx/mdps_order_list.html?orderType=0 HTTP/1.1" 200 21153
120.253.135.82 - - [25/Jan/2021:06:29:48 +0800] "GET /xingrg/javascript/jquery.utils.js HTTP/1.1" 200 11805
120.253.135.82 - - [25/Jan/2021:06:29:49 +0800] "POST /xingrg/kc/pszx/mdps_list_operate.html HTTP/1.1" 200 5310
120.253.135.82 - - [25/Jan/2021:06:29:49 +0800] "POST /xingrg/kc/buy/cgsh_list_operate.html HTTP/1.1" 200 876
180.169.147.146 - - [25/Jan/2021:06:29:52 +0800] "GET /xingrg/check_reg.html?_=1611527393645 HTTP/1.1" 200 22
180.169.147.146 - - [25/Jan/2021:06:29:52 +0800] "GET /xingrg/all/function/internal_message.html?_=1611527393647&CODE_STATE=getMsg HTTP/1.1" 200 27
120.253.135.82 - - [25/Jan/2021:06:29:58 +0800] "POST /xingrg/kc/pszx/mdps_list_operate.html HTTP/1.1" 200 2064
120.253.135.82 - - [25/Jan/2021:06:29:59 +0800] "POST /xingrg/kc/pszx/mdps_list_operate.html HTTP/1.1" 200 461
120.253.135.82 - - [25/Jan/2021:06:30:00 +0800] "GET /xingrg/kc/pszx/mdps_order_info.html?code=312021012500770 HTTP/1.1" 200 23887
120.253.135.82 - - [25/Jan/2021:06:30:00 +0800] "GET /xingrg/javascript/jquery.utils.js HTTP/1.1" 200 11805
120.253.135.82 - - [25/Jan/2021:06:30:00 +0800] "GET /xingrg/javascript/easyui/themes/default/validatebox.css HTTP/1.1" 404 1104
120.253.135.82 - - [25/Jan/2021:06:30:00 +0800] "POST /xingrg/kc/pszx/mdps_order_operate.html HTTP/1.1" 200 3806
120.253.135.82 - - [25/Jan/2021:06:30:05 +0800] "GET /xingrg/all/function/internal_message.html?_=1611527453314&CODE_STATE=getMsg HTTP/1.1" 200 27
116.227.17.229 - - [25/Jan/2021:06:30:16 +0800] "GET /xingrg/all/function/internal_message.html?_=1611527414784&CODE_STATE=getMsg HTTP/1.1" 200 27
120.253.135.82 - - [25/Jan/2021:06:30:21 +0800] "POST /xingrg/kc/pszx/mdps_order_operate.html HTTP/1.1" 200 37
120.253.135.82 - - [25/Jan/2021:06:30:22 +0800] "GET /xingrg/kc/pszx/mdps_order_info.html?code=312021012500770 HTTP/1.1" 200 23887
120.253.135.82 - - [25/Jan/2021:06:30:22 +0800] "GET /xingrg/javascript/jquery.utils.js HTTP/1.1" 200 11805
114.88.166.193 - - [25/Jan/2021:06:30:22 +0800] "GET /xingrg/all/function/internal_message.html?_=1611527422056&CODE_STATE=getMsg HTTP/1.1" 200 27
120.253.135.82 - - [25/Jan/2021:06:30:22 +0800] "POST /xingrg/kc/pszx/mdps_order_operate.html HTTP/1.1" 200 3805
120.253.135.82 - - [25/Jan/2021:06:30:22 +0800] "GET /xingrg/javascript/easyui/themes/default/validatebox.css HTTP/1.1" 404 1104
61.151.207.141 - - [25/Jan/2021:06:30:23 +0800] "GET /xingrg/all/function/internal_message.html?_=1611527375385&CODE_STATE=getMsg HTTP/1.1" 302 -
61.151.207.141 - - [25/Jan/2021:06:30:23 +0800] "GET /xingrg/login.html HTTP/1.1" 200 7641
58.37.230.33 - - [25/Jan/2021:06:30:23 +0800] "GET /xingrg/all/function/internal_message.html?_=1611527435356&CODE_STATE=getMsg HTTP/1.1" 200 27
120.253.135.82 - - [25/Jan/2021:06:30:26 +0800] "GET /xingrg/kc/pszx/mdps_order_info.html?code=312021012500770 HTTP/1.1" 200 23887
120.253.135.82 - - [25/Jan/2021:06:30:26 +0800] "GET /xingrg/javascript/jquery.utils.js HTTP/1.1" 200 11805
120.253.135.82 - - [25/Jan/2021:06:30:27 +0800] "POST /xingrg/kc/pszx/mdps_order_operate.html HTTP/1.1" 200 3805
120.253.135.82 - - [25/Jan/2021:06:30:27 +0800] "GET /xingrg/javascript/easyui/themes/default/validatebox.css HTTP/1.1" 404 1104
120.253.135.82 - - [25/Jan/2021:06:30:29 +0800] "POST /xingrg/kc/pszx/mdps_list_operate.html HTTP/1.1" 200 2064
120.253.135.82 - - [25/Jan/2021:06:30:30 +0800] "GET /xingrg/check_reg.html?_=1611527192328 HTTP/1.1" 200 22
120.253.135.82 - - [25/Jan/2021:06:30:30 +0800] "GET /xingrg/all/function/internal_message.html?_=1611527192578&CODE_STATE=getMsg HTTP/1.1" 200 27
120.253.135.82 - - [25/Jan/2021:06:30:30 +0800] "POST /xingrg/kc/pszx/mdps_list_operate.html HTTP/1.1" 200 555
120.253.135.82 - - [25/Jan/2021:06:30:31 +0800] "GET /xingrg/kc/pszx/mdps_order_info.html?code=312021012500771 HTTP/1.1" 200 23887
120.253.135.82 - - [25/Jan/2021:06:30:31 +0800] "GET /xingrg/javascript/jquery.utils.js HTTP/1.1" 200 11805
120.253.135.82 - - [25/Jan/2021:06:30:31 +0800] "POST /xingrg/kc/pszx/mdps_order_operate.html HTTP/1.1" 200 4332
120.253.135.82 - - [25/Jan/2021:06:30:31 +0800] "GET /xingrg/javascript/easyui/themes/default/validatebox.css HTTP/1.1" 404 1104
120.253.135.82 - - [25/Jan/2021:06:30:38 +0800] "POST /xingrg/kc/pszx/mdps_list_operate.html HTTP/1.1" 200 2064
61.151.178.177 - - [25/Jan/2021:06:30:39 +0800] "GET /xingrg/check_reg.html?_=1611527391025 HTTP/1.1" 302 -
61.151.178.177 - - [25/Jan/2021:06:30:39 +0800] "GET /xingrg/login.html HTTP/1.1" 200 7641
120.253.135.82 - - [25/Jan/2021:06:30:39 +0800] "POST /xingrg/kc/pszx/mdps_list_operate.html HTTP/1.1" 200 461
120.253.135.82 - - [25/Jan/2021:06:30:41 +0800] "GET /xingrg/kc/pszx/mdps_order_info.html?code=312021012500770 HTTP/1.1" 200 23887
120.253.135.82 - - [25/Jan/2021:06:30:41 +0800] "GET /xingrg/javascript/jquery.utils.js HTTP/1.1" 200 11805
218.81.223.241 - - [25/Jan/2021:06:30:41 +0800] "GET /xingrg/check_reg.html?_=1611527440701 HTTP/1.1" 200 22
218.81.223.241 - - [25/Jan/2021:06:30:41 +0800] "GET /xingrg/all/function/internal_message.html?_=1611527440703&CODE_STATE=getMsg HTTP/1.1" 200 27
120.253.135.82 - - [25/Jan/2021:06:30:42 +0800] "POST /xingrg/kc/pszx/mdps_order_operate.html HTTP/1.1" 200 3805
120.253.135.82 - - [25/Jan/2021:06:30:42 +0800] "GET /xingrg/javascript/easyui/themes/default/validatebox.css HTTP/1.1" 404 1104
218.81.223.240 - - [25/Jan/2021:06:30:44 +0800] "GET /xingrg/all/function/internal_message.html?_=1611527451987&CODE_STATE=getMsg HTTP/1.1" 200 27
180.169.147.146 - - [25/Jan/2021:06:30:46 +0800] "GET /xingrg/all/function/internal_message.html?_=1611527454231&CODE_STATE=getMsg HTTP/1.1" 200 27
218.81.223.241 - - [25/Jan/2021:06:30:47 +0800] "GET /xingrg/all/function/internal_message.html?_=1611527451808&CODE_STATE=getMsg HTTP/1.1" 302 -
120.253.135.82 - - [25/Jan/2021:06:30:48 +0800] "GET /xingrg/kc/pszx/mdps_order_operate.html?command=get_materiel&pszx_code=00101&rest_code=00142&base_code=0010250&code=00102002881 HTTP/1.1" 200 456
180.169.147.146 - - [25/Jan/2021:06:30:52 +0800] "GET /xingrg/all/function/internal_message.html?_=1611527453647&CODE_STATE=getMsg HTTP/1.1" 200 27
120.253.135.82 - - [25/Jan/2021:06:30:54 +0800] "POST /xingrg/kc/pszx/mdps_order_operate.html HTTP/1.1" 200 37
120.253.135.82 - - [25/Jan/2021:06:30:54 +0800] "GET /xingrg/kc/pszx/mdps_order_info.html?code=312021012500770 HTTP/1.1" 200 23887
120.253.135.82 - - [25/Jan/2021:06:30:54 +0800] "GET /xingrg/javascript/jquery.utils.js HTTP/1.1" 200 11805
120.253.135.82 - - [25/Jan/2021:06:30:55 +0800] "POST /xingrg/kc/pszx/mdps_order_operate.html HTTP/1.1" 200 4318
120.253.135.82 - - [25/Jan/2021:06:30:55 +0800] "GET /xingrg/javascript/easyui/themes/default/validatebox.css HTTP/1.1" 404 1104
120.253.135.82 - - [25/Jan/2021:06:30:58 +0800] "POST /xingrg/kc/pszx/mdps_list_operate.html HTTP/1.1" 200 2064
120.253.135.82 - - [25/Jan/2021:06:31:00 +0800] "POST /xingrg/kc/pszx/mdps_list_operate.html HTTP/1.1" 200 555
120.253.135.82 - - [25/Jan/2021:06:31:01 +0800] "GET /xingrg/kc/pszx/mdps_order_info.html?code=312021012500771 HTTP/1.1" 200 23887
120.253.135.82 - - [25/Jan/2021:06:31:01 +0800] "GET /xingrg/javascript/jquery.utils.js HTTP/1.1" 200 11805
120.253.135.82 - - [25/Jan/2021:06:31:01 +0800] "GET /xingrg/javascript/easyui/themes/default/validatebox.css HTTP/1.1" 404 1104
120.253.135.82 - - [25/Jan/2021:06:31:01 +0800] "POST /xingrg/kc/pszx/mdps_order_operate.html HTTP/1.1" 200 4332
120.253.135.82 - - [25/Jan/2021:06:31:04 +0800] "POST /xingrg/all/common/load_combo.html?type=base HTTP/1.1" 200 984
120.253.135.82 - - [25/Jan/2021:06:31:05 +0800] "GET /xingrg/all/function/internal_message.html?_=1611527513328&CODE_STATE=getMsg HTTP/1.1" 200 27
120.253.135.82 - - [25/Jan/2021:06:31:08 +0800] "POST /xingrg/kc/pszx/mdps_order_operate.html HTTP/1.1" 200 37
120.253.135.82 - - [25/Jan/2021:06:31:09 +0800] "GET /xingrg/kc/pszx/mdps_order_info.html?code=312021012500771 HTTP/1.1" 200 23885
120.253.135.82 - - [25/Jan/2021:06:31:09 +0800] "GET /xingrg/javascript/jquery.utils.js HTTP/1.1" 200 11805
120.253.135.82 - - [25/Jan/2021:06:31:10 +0800] "GET /xingrg/javascript/easyui/themes/default/validatebox.css HTTP/1.1" 404 1104
120.253.135.82 - - [25/Jan/2021:06:31:10 +0800] "POST /xingrg/kc/pszx/mdps_order_operate.html HTTP/1.1" 200 4371
116.227.17.229 - - [25/Jan/2021:06:31:16 +0800] "GET /xingrg/all/function/internal_message.html?_=1611527474786&CODE_STATE=getMsg HTTP/1.1" 200 27
114.88.166.193 - - [25/Jan/2021:06:31:22 +0800] "GET /xingrg/all/function/internal_message.html?_=1611527482124&CODE_STATE=getMsg HTTP/1.1" 200 27
61.129.6.227 - - [25/Jan/2021:06:31:23 +0800] "GET /xingrg/all/function/internal_message.html?_=1611527435356&CODE_STATE=getMsg HTTP/1.1" 302 -
58.37.230.33 - - [25/Jan/2021:06:31:23 +0800] "GET /xingrg/all/function/internal_message.html?_=1611527495333&CODE_STATE=getMsg HTTP/1.1" 200 27
61.129.6.227 - - [25/Jan/2021:06:31:23 +0800] "GET /xingrg/login.html HTTP/1.1" 200 7641
120.253.135.82 - - [25/Jan/2021:06:31:29 +0800] "POST /xingrg/kc/pszx/mdps_order_operate.html HTTP/1.1" 200 37
120.253.135.82 - - [25/Jan/2021:06:31:30 +0800] "GET /xingrg/kc/pszx/mdps_order_info.html?code=312021012500771 HTTP/1.1" 200 23885
120.253.135.82 - - [25/Jan/2021:06:31:30 +0800] "GET /xingrg/javascript/jquery.utils.js HTTP/1.1" 200 11805
120.253.135.82 - - [25/Jan/2021:06:31:30 +0800] "GET /xingrg/all/function/internal_message.html?_=1611527252921&CODE_STATE=getMsg HTTP/1.1" 200 27
120.253.135.82 - - [25/Jan/2021:06:31:31 +0800] "GET /xingrg/javascript/easyui/themes/default/validatebox.css HTTP/1.1" 404 1104
120.253.135.82 - - [25/Jan/2021:06:31:31 +0800] "POST /xingrg/kc/pszx/mdps_order_operate.html HTTP/1.1" 200 3856
218.81.223.240 - - [25/Jan/2021:06:31:32 +0800] "GET /xingrg/check_reg.html?_=1611527500119 HTTP/1.1" 200 22
218.81.223.241 - - [25/Jan/2021:06:31:37 +0800] "GET /xingrg/check_reg.html?_=1611527501670 HTTP/1.1" 302 -
218.81.223.241 - - [25/Jan/2021:06:31:41 +0800] "GET /xingrg/all/function/internal_message.html?_=1611527500701&CODE_STATE=getMsg HTTP/1.1" 200 27
218.81.223.240 - - [25/Jan/2021:06:31:44 +0800] "GET /xingrg/all/function/internal_message.html?_=1611527511997&CODE_STATE=getMsg HTTP/1.1" 200 27
180.169.147.146 - - [25/Jan/2021:06:31:46 +0800] "GET /xingrg/all/function/internal_message.html?_=1611527514239&CODE_STATE=getMsg HTTP/1.1" 200 27
218.81.223.241 - - [25/Jan/2021:06:31:47 +0800] "GET /xingrg/all/function/internal_message.html?_=1611527511826&CODE_STATE=getMsg HTTP/1.1" 302 -
180.169.147.146 - - [25/Jan/2021:06:31:52 +0800] "GET /xingrg/all/function/internal_message.html?_=1611527513648&CODE_STATE=getMsg HTTP/1.1" 200 27
120.253.135.82 - - [25/Jan/2021:06:32:05 +0800] "GET /xingrg/all/function/internal_message.html?_=1611527573383&CODE_STATE=getMsg HTTP/1.1" 200 27
116.227.17.229 - - [25/Jan/2021:06:32:16 +0800] "GET /xingrg/all/function/internal_message.html?_=1611527534788&CODE_STATE=getMsg HTTP/1.1" 200 27
114.88.166.193 - - [25/Jan/2021:06:32:22 +0800] "GET /xingrg/all/function/internal_message.html?_=1611527542131&CODE_STATE=getMsg HTTP/1.1" 200 27
58.37.230.33 - - [25/Jan/2021:06:32:23 +0800] "GET /xingrg/all/function/internal_message.html?_=1611527555315&CODE_STATE=getMsg HTTP/1.1" 200 27
120.253.135.82 - - [25/Jan/2021:06:32:30 +0800] "GET /xingrg/all/function/internal_message.html?_=1611527312933&CODE_STATE=getMsg HTTP/1.1" 200 27
218.81.223.241 - - [25/Jan/2021:06:32:41 +0800] "GET /xingrg/all/function/internal_message.html?_=1611527560700&CODE_STATE=getMsg HTTP/1.1" 200 27
218.81.223.240 - - [25/Jan/2021:06:32:44 +0800] "GET /xingrg/all/function/internal_message.html?_=1611527572012&CODE_STATE=getMsg HTTP/1.1" 200 27
180.169.147.146 - - [25/Jan/2021:06:32:46 +0800] "GET /xingrg/all/function/internal_message.html?_=1611527574226&CODE_STATE=getMsg HTTP/1.1" 200 27
218.81.223.241 - - [25/Jan/2021:06:32:47 +0800] "GET /xingrg/all/function/internal_message.html?_=1611527571834&CODE_STATE=getMsg HTTP/1.1" 302 -
120.253.135.82 - - [25/Jan/2021:06:32:50 +0800] "POST /xingrg/kc/pszx/mdps_order_operate.html HTTP/1.1" 200 37
120.253.135.82 - - [25/Jan/2021:06:32:51 +0800] "GET /xingrg/kc/pszx/mdps_order_info.html?code=312021012500771 HTTP/1.1" 200 23885
120.253.135.82 - - [25/Jan/2021:06:32:51 +0800] "GET /xingrg/javascript/jquery.utils.js HTTP/1.1" 200 11805
120.253.135.82 - - [25/Jan/2021:06:32:51 +0800] "GET /xingrg/javascript/easyui/themes/default/validatebox.css HTTP/1.1" 404 1104
120.253.135.82 - - [25/Jan/2021:06:32:51 +0800] "POST /xingrg/kc/pszx/mdps_order_operate.html HTTP/1.1" 200 3856
180.169.147.146 - - [25/Jan/2021:06:32:52 +0800] "GET /xingrg/all/function/internal_message.html?_=1611527573652&CODE_STATE=getMsg HTTP/1.1" 200 27
120.253.135.82 - - [25/Jan/2021:06:32:53 +0800] "POST /xingrg/kc/pszx/mdps_list_operate.html HTTP/1.1" 200 2061
120.253.135.82 - - [25/Jan/2021:06:32:56 +0800] "POST /xingrg/kc/pszx/mdps_list_operate.html HTTP/1.1" 200 550
120.253.135.82 - - [25/Jan/2021:06:32:57 +0800] "GET /xingrg/kc/pszx/mdps_order_info.html?code=312021012500770 HTTP/1.1" 200 23887
120.253.135.82 - - [25/Jan/2021:06:32:57 +0800] "GET /xingrg/javascript/jquery.utils.js HTTP/1.1" 200 11805
120.253.135.82 - - [25/Jan/2021:06:32:57 +0800] "GET /xingrg/javascript/easyui/themes/default/validatebox.css HTTP/1.1" 404 1104
120.253.135.82 - - [25/Jan/2021:06:32:57 +0800] "POST /xingrg/kc/pszx/mdps_order_operate.html HTTP/1.1" 200 4318
120.253.135.82 - - [25/Jan/2021:06:32:59 +0800] "GET /xingrg/kc/print/load_config.html?kc_code=mdps HTTP/1.1" 200 2396
120.253.135.82 - - [25/Jan/2021:06:32:59 +0800] "GET /xingrg/kc/print/load_data.html?order_code=312021012500770&kc_code=mdps&condition= HTTP/1.1" 200 1663
120.253.135.82 - - [25/Jan/2021:06:33:04 +0800] "POST /xingrg/kc/pszx/mdps_list_operate.html HTTP/1.1" 200 2061
120.253.135.82 - - [25/Jan/2021:06:33:05 +0800] "GET /xingrg/all/function/internal_message.html?_=1611527633387&CODE_STATE=getMsg HTTP/1.1" 200 27
120.253.135.82 - - [25/Jan/2021:06:33:05 +0800] "POST /xingrg/kc/pszx/mdps_list_operate.html HTTP/1.1" 200 466
120.253.135.82 - - [25/Jan/2021:06:33:06 +0800] "GET /xingrg/kc/pszx/mdps_order_info.html?code=312021012500771 HTTP/1.1" 200 23885
120.253.135.82 - - [25/Jan/2021:06:33:06 +0800] "GET /xingrg/javascript/jquery.utils.js HTTP/1.1" 200 11805
120.253.135.82 - - [25/Jan/2021:06:33:06 +0800] "POST /xingrg/kc/pszx/mdps_order_operate.html HTTP/1.1" 200 3856
120.253.135.82 - - [25/Jan/2021:06:33:06 +0800] "GET /xingrg/javascript/easyui/themes/default/validatebox.css HTTP/1.1" 404 1104
120.253.135.82 - - [25/Jan/2021:06:33:08 +0800] "GET /xingrg/kc/print/load_data.html?order_code=312021012500771&kc_code=mdps&condition= HTTP/1.1" 200 1451
120.253.135.82 - - [25/Jan/2021:06:33:14 +0800] "POST /xingrg/kc/pszx/mdps_list_operate.html HTTP/1.1" 200 2061
116.227.17.229 - - [25/Jan/2021:06:33:16 +0800] "GET /xingrg/all/function/internal_message.html?_=1611527594790&CODE_STATE=getMsg HTTP/1.1" 200 27
114.88.166.193 - - [25/Jan/2021:06:33:22 +0800] "GET /xingrg/all/function/internal_message.html?_=1611527602192&CODE_STATE=getMsg HTTP/1.1" 200 27
180.97.118.219 - - [25/Jan/2021:06:33:23 +0800] "GET /xingrg/all/function/internal_message.html?_=1611527555315&CODE_STATE=getMsg HTTP/1.1" 302 -
58.37.230.33 - - [25/Jan/2021:06:33:23 +0800] "GET /xingrg/all/function/internal_message.html?_=1611527615290&CODE_STATE=getMsg HTTP/1.1" 200 27
180.97.118.219 - - [25/Jan/2021:06:33:24 +0800] "GET /xingrg/login.html HTTP/1.1" 200 7641
120.253.135.82 - - [25/Jan/2021:06:33:31 +0800] "GET /xingrg/all/function/internal_message.html?_=1611527372995&CODE_STATE=getMsg HTTP/1.1" 200 27
218.81.223.241 - - [25/Jan/2021:06:33:41 +0800] "GET /xingrg/all/function/internal_message.html?_=1611527620701&CODE_STATE=getMsg HTTP/1.1" 200 27
218.81.223.240 - - [25/Jan/2021:06:33:44 +0800] "GET /xingrg/all/function/internal_message.html?_=1611527632050&CODE_STATE=getMsg HTTP/1.1" 200 27
180.169.147.146 - - [25/Jan/2021:06:33:46 +0800] "GET /xingrg/all/function/internal_message.html?_=1611527634233&CODE_STATE=getMsg HTTP/1.1" 200 27
218.81.223.241 - - [25/Jan/2021:06:33:47 +0800] "GET /xingrg/all/function/internal_message.html?_=1611527631853&CODE_STATE=getMsg HTTP/1.1" 302 -
180.169.147.146 - - [25/Jan/2021:06:33:52 +0800] "GET /xingrg/all/function/internal_message.html?_=1611527633652&CODE_STATE=getMsg HTTP/1.1" 200 27
