116.228.172.94 - - [25/Jan/2021:09:16:08 +0800] "POST /xingrg/dwr/call/plaincall/AjaxCheckService.setItemNumber.dwr HTTP/1.1" 200 78
116.228.172.94 - - [25/Jan/2021:09:16:09 +0800] "POST /xingrg/dwr/call/plaincall/AjaxCheckService.setItemNumber.dwr HTTP/1.1" 200 78
116.228.172.94 - - [25/Jan/2021:09:16:09 +0800] "POST /xingrg/dwr/call/plaincall/AjaxCheckService.setItemNumber.dwr HTTP/1.1" 200 78
120.253.135.82 - - [25/Jan/2021:09:16:10 +0800] "GET /xingrg/all/function/internal_message.html?_=1611537417550&CODE_STATE=getMsg HTTP/1.1" 200 27
116.228.172.94 - - [25/Jan/2021:09:16:10 +0800] "POST /xingrg/dwr/call/plaincall/AjaxCheckService.setItemNumber.dwr HTTP/1.1" 200 78
116.228.172.94 - - [25/Jan/2021:09:16:10 +0800] "POST /xingrg/dwr/call/plaincall/AjaxCheckService.setItemNumber.dwr HTTP/1.1" 200 78
116.228.172.94 - - [25/Jan/2021:09:16:11 +0800] "POST /xingrg/dwr/call/plaincall/AjaxCheckService.setItemNumber.dwr HTTP/1.1" 200 78
116.228.172.94 - - [25/Jan/2021:09:16:11 +0800] "POST /xingrg/dwr/call/plaincall/AjaxCheckService.setItemNumber.dwr HTTP/1.1" 200 78
116.228.172.94 - - [25/Jan/2021:09:16:12 +0800] "POST /xingrg/dwr/call/plaincall/AjaxCheckService.setItemNumber.dwr HTTP/1.1" 200 78
180.156.237.57 - - [25/Jan/2021:09:16:15 +0800] "GET /xingrg/check_reg.html?_=1611537376146 HTTP/1.1" 200 22
180.156.237.57 - - [25/Jan/2021:09:16:15 +0800] "GET /xingrg/all/function/internal_message.html?_=1611537376151&CODE_STATE=getMsg HTTP/1.1" 200 27
114.88.166.193 - - [25/Jan/2021:09:16:15 +0800] "POST /xingrg/dwr/call/plaincall/AjaxCheckService.setItemNumber.dwr HTTP/1.1" 200 78
61.165.42.208 - - [25/Jan/2021:09:16:16 +0800] "GET /xingrg/all/function/internal_message.html?_=1611537376515&CODE_STATE=getMsg HTTP/1.1" 200 27
116.227.17.229 - - [25/Jan/2021:09:16:16 +0800] "GET /xingrg/all/function/internal_message.html?_=1611537376459&CODE_STATE=getMsg HTTP/1.1" 200 27
180.156.237.57 - - [25/Jan/2021:09:16:17 +0800] "GET /xingrg/kc/buy/cgsh_order_operate.html?command=get_materiel&rest_code=00151&code=00101007048&supplier_code=00100096&order_time=2021-01-25 HTTP/1.1" 200 408
180.169.147.146 - - [25/Jan/2021:09:16:17 +0800] "GET /xingrg/all/function/internal_message.html?_=1611537385202&CODE_STATE=getMsg HTTP/1.1" 200 27
218.81.223.240 - - [25/Jan/2021:09:16:19 +0800] "POST /xingrg/dwr/call/plaincall/AjaxCheckService.setItemNumber.dwr HTTP/1.1" 200 78
116.228.172.94 - - [25/Jan/2021:09:16:19 +0800] "POST /xingrg/dwr/call/plaincall/AjaxCheckService.setItemNumber.dwr HTTP/1.1" 200 78
218.81.223.240 - - [25/Jan/2021:09:16:19 +0800] "GET /xingrg/kc/buy/cgsh_order_list.html HTTP/1.1" 200 46223
58.37.230.33 - - [25/Jan/2021:09:16:19 +0800] "GET /xingrg/all/function/internal_message.html?_=1611537391595&CODE_STATE=getMsg HTTP/1.1" 200 27
116.228.172.94 - - [25/Jan/2021:09:16:19 +0800] "POST /xingrg/dwr/call/plaincall/AjaxCheckService.setItemNumber.dwr HTTP/1.1" 200 78
218.81.223.240 - - [25/Jan/2021:09:16:19 +0800] "GET /xingrg/javascript/easyui/themes/icons/import_new.png HTTP/1.1" 304 -
114.88.166.193 - - [25/Jan/2021:09:16:20 +0800] "POST /xingrg/dwr/call/plaincall/AjaxCheckService.setItemNumber.dwr HTTP/1.1" 200 78
218.81.223.240 - - [25/Jan/2021:09:16:20 +0800] "POST /xingrg/kc/buy/cgsh_list_operate.html HTTP/1.1" 200 876
222.69.134.57 - - [25/Jan/2021:09:16:20 +0800] "POST /xingrg/services/DataTransmitService HTTP/1.1" 200 501
116.228.172.94 - - [25/Jan/2021:09:16:21 +0800] "POST /xingrg/dwr/call/plaincall/AjaxCheckService.setItemNumber.dwr HTTP/1.1" 200 78
218.81.223.240 - - [25/Jan/2021:09:16:21 +0800] "GET /xingrg/kc/buy/cgsh_order_add.html HTTP/1.1" 200 61961
218.81.223.240 - - [25/Jan/2021:09:16:21 +0800] "GET /xingrg/javascript/jquery_tools/order_manager.js HTTP/1.1" 304 -
218.81.223.240 - - [25/Jan/2021:09:16:21 +0800] "GET /xingrg/javascript/json2.js HTTP/1.1" 304 -
218.81.223.240 - - [25/Jan/2021:09:16:21 +0800] "GET /xingrg/words/20210124190416_words.js HTTP/1.1" 200 791324
218.81.223.240 - - [25/Jan/2021:09:16:21 +0800] "GET /xingrg/javascript/easyui/themes/icons/copy_new.png HTTP/1.1" 304 -
218.81.223.240 - - [25/Jan/2021:09:16:21 +0800] "GET /xingrg/javascript/easyui/themes/icons/print.png HTTP/1.1" 304 -
218.81.223.240 - - [25/Jan/2021:09:16:21 +0800] "GET /xingrg/javascript/easyui/themes/icons/ok.png HTTP/1.1" 304 -
218.81.223.240 - - [25/Jan/2021:09:16:21 +0800] "GET /xingrg/javascript/easyui/themes/icons/template_new.png HTTP/1.1" 304 -
218.81.223.240 - - [25/Jan/2021:09:16:21 +0800] "GET /xingrg/javascript/easyui/themes/default/images/menu_downarrow.png HTTP/1.1" 304 -
218.81.223.240 - - [25/Jan/2021:09:16:21 +0800] "GET /xingrg/javascript/easyui/themes/icons/cancel.png HTTP/1.1" 304 -
116.228.172.94 - - [25/Jan/2021:09:16:22 +0800] "POST /xingrg/dwr/call/plaincall/AjaxCheckService.setItemNumber.dwr HTTP/1.1" 200 78
218.81.223.240 - - [25/Jan/2021:09:16:22 +0800] "POST /xingrg/kc/buy/cgsh_order_operate.html HTTP/1.1" 200 8245
218.81.223.240 - - [25/Jan/2021:09:16:22 +0800] "GET /xingrg/javascript/easyui/themes/icons/edit_remove.png HTTP/1.1" 304 -
116.232.54.3 - - [25/Jan/2021:09:16:22 +0800] "GET /xingrg/all/function/internal_message.html?_=1611537382237&CODE_STATE=getMsg HTTP/1.1" 200 27
218.81.223.240 - - [25/Jan/2021:09:16:22 +0800] "GET /xingrg/all/common/auto_word.html?type=employee&rest_code=00146 HTTP/1.1" 200 147
218.81.223.240 - - [25/Jan/2021:09:16:22 +0800] "GET /xingrg/all/common/auto_word.html?type=employee&rest_code=00146 HTTP/1.1" 200 147
218.81.223.240 - - [25/Jan/2021:09:16:22 +0800] "GET /xingrg/javascript/easyui/themes/default/validatebox.css HTTP/1.1" 404 1104
218.81.223.240 - - [25/Jan/2021:09:16:22 +0800] "GET /xingrg/javascript/easyui/plugins/jquery.validatebox.js HTTP/1.1" 304 -
218.81.223.240 - - [25/Jan/2021:09:16:22 +0800] "GET /xingrg/javascript/easyui/plugins/jquery.numberbox.js HTTP/1.1" 304 -
114.88.166.193 - - [25/Jan/2021:09:16:22 +0800] "POST /xingrg/dwr/call/plaincall/AjaxCheckService.setItemNumber.dwr HTTP/1.1" 200 78
116.228.172.94 - - [25/Jan/2021:09:16:22 +0800] "POST /xingrg/dwr/call/plaincall/AjaxCheckService.setItemNumber.dwr HTTP/1.1" 200 78
116.228.172.94 - - [25/Jan/2021:09:16:23 +0800] "POST /xingrg/dwr/call/plaincall/AjaxCheckService.setItemNumber.dwr HTTP/1.1" 200 78
116.228.172.94 - - [25/Jan/2021:09:16:23 +0800] "POST /xingrg/dwr/call/plaincall/AjaxCheckService.setItemNumber.dwr HTTP/1.1" 200 78
222.69.134.57 - - [25/Jan/2021:09:16:23 +0800] "POST /xingrg/services/DataTransmitService HTTP/1.1" 200 501
116.228.172.94 - - [25/Jan/2021:09:16:24 +0800] "POST /xingrg/dwr/call/plaincall/AjaxCheckService.setItemNumber.dwr HTTP/1.1" 200 78
116.228.172.94 - - [25/Jan/2021:09:16:25 +0800] "POST /xingrg/dwr/call/plaincall/AjaxCheckService.setItemNumber.dwr HTTP/1.1" 200 78
114.88.166.193 - - [25/Jan/2021:09:16:26 +0800] "POST /xingrg/dwr/call/plaincall/AjaxCheckService.setItemNumber.dwr HTTP/1.1" 200 78
116.228.172.94 - - [25/Jan/2021:09:16:27 +0800] "POST /xingrg/dwr/call/plaincall/AjaxCheckService.setItemNumber.dwr HTTP/1.1" 200 78
222.69.134.57 - - [25/Jan/2021:09:16:27 +0800] "POST /xingrg/services/DataTransmitService HTTP/1.1" 200 501
116.228.172.94 - - [25/Jan/2021:09:16:27 +0800] "POST /xingrg/dwr/call/plaincall/AjaxCheckService.setItemNumber.dwr HTTP/1.1" 200 78
116.228.172.94 - - [25/Jan/2021:09:16:28 +0800] "GET /xingrg/all/function/internal_message.html?_=1611537386855&CODE_STATE=getMsg HTTP/1.1" 200 27
116.228.172.94 - - [25/Jan/2021:09:16:28 +0800] "POST /xingrg/dwr/call/plaincall/AjaxCheckService.setItemNumber.dwr HTTP/1.1" 200 78
116.228.172.94 - - [25/Jan/2021:09:16:29 +0800] "POST /xingrg/dwr/call/plaincall/AjaxCheckService.setItemNumber.dwr HTTP/1.1" 200 78
116.228.172.94 - - [25/Jan/2021:09:16:30 +0800] "POST /xingrg/dwr/call/plaincall/AjaxCheckService.setItemNumber.dwr HTTP/1.1" 200 78
116.228.172.94 - - [25/Jan/2021:09:16:31 +0800] "POST /xingrg/dwr/call/plaincall/AjaxCheckService.setItemNumber.dwr HTTP/1.1" 200 78
116.228.172.94 - - [25/Jan/2021:09:16:32 +0800] "POST /xingrg/dwr/call/plaincall/AjaxCheckService.setItemNumber.dwr HTTP/1.1" 200 78
218.81.223.240 - - [25/Jan/2021:09:16:32 +0800] "GET /xingrg/check_reg.html?_=1611537400890 HTTP/1.1" 200 22
116.228.172.94 - - [25/Jan/2021:09:16:33 +0800] "POST /xingrg/dwr/call/plaincall/AjaxCheckService.setItemNumber.dwr HTTP/1.1" 200 78
116.228.172.94 - - [25/Jan/2021:09:16:34 +0800] "POST /xingrg/dwr/call/plaincall/AjaxCheckService.setItemNumber.dwr HTTP/1.1" 200 78
222.69.134.57 - - [25/Jan/2021:09:16:37 +0800] "POST /xingrg/services/DataTransmitService HTTP/1.1" 200 412
116.228.172.94 - - [25/Jan/2021:09:16:37 +0800] "POST /xingrg/dwr/call/plaincall/AjaxCheckService.setItemNumber.dwr HTTP/1.1" 200 78
218.81.223.241 - - [25/Jan/2021:09:16:37 +0800] "GET /xingrg/check_reg.html?_=1611537401863 HTTP/1.1" 302 -
218.81.223.240 - - [25/Jan/2021:09:16:37 +0800] "GET /xingrg/javascript/jquery_tools/images/prev.gif HTTP/1.1" 404 1086
218.81.223.240 - - [25/Jan/2021:09:16:37 +0800] "GET /xingrg/javascript/jquery_tools/images/next.gif HTTP/1.1" 404 1086
116.228.172.94 - - [25/Jan/2021:09:16:38 +0800] "POST /xingrg/dwr/call/plaincall/AjaxCheckService.setItemNumber.dwr HTTP/1.1" 200 78
116.228.172.94 - - [25/Jan/2021:09:16:39 +0800] "POST /xingrg/dwr/call/plaincall/AjaxCheckService.setItemNumber.dwr HTTP/1.1" 200 78
116.228.172.94 - - [25/Jan/2021:09:16:39 +0800] "POST /xingrg/dwr/call/plaincall/AjaxCheckService.setItemNumber.dwr HTTP/1.1" 200 78
180.156.237.57 - - [25/Jan/2021:09:16:40 +0800] "GET /xingrg/all/function/internal_message.html?_=1611537379036&CODE_STATE=getMsg HTTP/1.1" 200 27
218.81.223.241 - - [25/Jan/2021:09:16:42 +0800] "GET /xingrg/all/function/internal_message.html?_=1611537400872&CODE_STATE=getMsg HTTP/1.1" 200 27
116.232.54.3 - - [25/Jan/2021:09:16:42 +0800] "GET /xingrg/javascript/jquery_easy_ui/themes/default/images/button_plain_hover.png HTTP/1.1" 304 -
116.228.172.94 - - [25/Jan/2021:09:16:43 +0800] "POST /xingrg/dwr/call/plaincall/AjaxCheckService.setItemNumber.dwr HTTP/1.1" 200 78
116.232.54.3 - - [25/Jan/2021:09:16:43 +0800] "GET /xingrg/kc/base/check_order_list.html?isBack=1 HTTP/1.1" 200 16464
120.253.135.82 - - [25/Jan/2021:09:16:44 +0800] "GET /xingrg/check_reg.html?_=1611537166578 HTTP/1.1" 200 22
116.232.54.3 - - [25/Jan/2021:09:16:44 +0800] "POST /xingrg/kc/base/check_list_operate.html HTTP/1.1" 200 3522
120.253.135.82 - - [25/Jan/2021:09:16:45 +0800] "GET /xingrg/all/function/internal_message.html?_=1611537167143&CODE_STATE=getMsg HTTP/1.1" 200 27
116.228.172.94 - - [25/Jan/2021:09:16:46 +0800] "POST /xingrg/dwr/call/plaincall/AjaxCheckService.setItemNumber.dwr HTTP/1.1" 200 78
114.86.187.76 - - [25/Jan/2021:09:16:46 +0800] "GET /xingrg/all/function/internal_message.html?_=1611537406995&CODE_STATE=getMsg HTTP/1.1" 200 27
116.228.172.94 - - [25/Jan/2021:09:16:46 +0800] "POST /xingrg/dwr/call/plaincall/AjaxCheckService.setItemNumber.dwr HTTP/1.1" 200 78
218.81.223.240 - - [25/Jan/2021:09:16:47 +0800] "GET /xingrg/kc/buy/cgsh_order_operate.html?command=get_materiel&rest_code=00146&code=00101008261&supplier_code=00100005&order_time=2021-01-25 HTTP/1.1" 200 408
116.228.172.94 - - [25/Jan/2021:09:16:47 +0800] "POST /xingrg/dwr/call/plaincall/AjaxCheckService.setItemNumber.dwr HTTP/1.1" 200 78
116.228.172.94 - - [25/Jan/2021:09:16:48 +0800] "POST /xingrg/dwr/call/plaincall/AjaxCheckService.setItemNumber.dwr HTTP/1.1" 200 78
116.228.172.94 - - [25/Jan/2021:09:16:48 +0800] "POST /xingrg/dwr/call/plaincall/AjaxCheckService.setItemNumber.dwr HTTP/1.1" 200 78
116.228.172.94 - - [25/Jan/2021:09:16:49 +0800] "POST /xingrg/dwr/call/plaincall/AjaxCheckService.setItemNumber.dwr HTTP/1.1" 200 78
116.228.172.94 - - [25/Jan/2021:09:16:49 +0800] "POST /xingrg/dwr/call/plaincall/AjaxCheckService.setItemNumber.dwr HTTP/1.1" 200 78
218.81.223.240 - - [25/Jan/2021:09:16:49 +0800] "GET /xingrg/all/function/internal_message.html?_=1611537418185&CODE_STATE=getMsg HTTP/1.1" 200 27
218.81.223.241 - - [25/Jan/2021:09:16:49 +0800] "GET /xingrg/all/function/internal_message.html?_=1611537414375&CODE_STATE=getMsg HTTP/1.1" 302 -
114.88.166.193 - - [25/Jan/2021:09:16:49 +0800] "GET /xingrg/all/function/internal_message.html?_=1611537592597&CODE_STATE=getMsg HTTP/1.1" 200 27
116.228.172.94 - - [25/Jan/2021:09:16:50 +0800] "POST /xingrg/dwr/call/plaincall/AjaxCheckService.setItemNumber.dwr HTTP/1.1" 200 78
116.228.172.94 - - [25/Jan/2021:09:16:50 +0800] "POST /xingrg/dwr/call/plaincall/AjaxCheckService.setItemNumber.dwr HTTP/1.1" 200 78
116.228.172.94 - - [25/Jan/2021:09:16:51 +0800] "POST /xingrg/dwr/call/plaincall/AjaxCheckService.setItemNumber.dwr HTTP/1.1" 200 78
116.228.172.94 - - [25/Jan/2021:09:16:52 +0800] "POST /xingrg/dwr/call/plaincall/AjaxCheckService.setItemNumber.dwr HTTP/1.1" 200 78
180.169.147.146 - - [25/Jan/2021:09:16:52 +0800] "GET /xingrg/all/function/internal_message.html?_=1611537413842&CODE_STATE=getMsg HTTP/1.1" 200 27
116.228.172.94 - - [25/Jan/2021:09:16:53 +0800] "POST /xingrg/dwr/call/plaincall/AjaxCheckService.setItemNumber.dwr HTTP/1.1" 200 78
116.228.172.94 - - [25/Jan/2021:09:16:54 +0800] "POST /xingrg/dwr/call/plaincall/AjaxCheckService.setItemNumber.dwr HTTP/1.1" 200 78
114.88.166.193 - - [25/Jan/2021:09:16:54 +0800] "POST /xingrg/dwr/call/plaincall/AjaxCheckService.setItemNumber.dwr HTTP/1.1" 200 78
116.228.172.94 - - [25/Jan/2021:09:16:54 +0800] "POST /xingrg/dwr/call/plaincall/AjaxCheckService.setItemNumber.dwr HTTP/1.1" 200 78
116.228.172.94 - - [25/Jan/2021:09:16:55 +0800] "POST /xingrg/dwr/call/plaincall/AjaxCheckService.setItemNumber.dwr HTTP/1.1" 200 78
116.228.172.94 - - [25/Jan/2021:09:16:55 +0800] "POST /xingrg/dwr/call/plaincall/AjaxCheckService.setItemNumber.dwr HTTP/1.1" 200 78
116.228.172.94 - - [25/Jan/2021:09:16:56 +0800] "POST /xingrg/dwr/call/plaincall/AjaxCheckService.setItemNumber.dwr HTTP/1.1" 200 78
116.228.172.94 - - [25/Jan/2021:09:16:56 +0800] "POST /xingrg/dwr/call/plaincall/AjaxCheckService.setItemNumber.dwr HTTP/1.1" 200 78
116.228.172.94 - - [25/Jan/2021:09:16:57 +0800] "POST /xingrg/dwr/call/plaincall/AjaxCheckService.setItemNumber.dwr HTTP/1.1" 200 78
114.88.166.193 - - [25/Jan/2021:09:16:57 +0800] "POST /xingrg/dwr/call/plaincall/AjaxCheckService.setItemNumber.dwr HTTP/1.1" 200 78
180.156.237.57 - - [25/Jan/2021:09:16:57 +0800] "GET /xingrg/kc/buy/cgsh_order_operate.html?command=get_materiel&rest_code=00151&code=00101007125&supplier_code=00100096&order_time=2021-01-25 HTTP/1.1" 200 408
116.228.172.94 - - [25/Jan/2021:09:16:57 +0800] "POST /xingrg/dwr/call/plaincall/AjaxCheckService.setItemNumber.dwr HTTP/1.1" 200 78
116.228.172.94 - - [25/Jan/2021:09:16:58 +0800] "POST /xingrg/dwr/call/plaincall/AjaxCheckService.setItemNumber.dwr HTTP/1.1" 200 78
114.88.166.193 - - [25/Jan/2021:09:16:58 +0800] "POST /xingrg/dwr/call/plaincall/AjaxCheckService.setItemNumber.dwr HTTP/1.1" 200 78
116.232.54.3 - - [25/Jan/2021:09:16:58 +0800] "GET /xingrg/all/function/internal_message.html?_=1611537455171&CODE_STATE=getMsg HTTP/1.1" 200 27
116.228.172.94 - - [25/Jan/2021:09:16:59 +0800] "POST /xingrg/dwr/call/plaincall/AjaxCheckService.setItemNumber.dwr HTTP/1.1" 200 78
116.228.172.94 - - [25/Jan/2021:09:16:59 +0800] "POST /xingrg/dwr/call/plaincall/AjaxCheckService.setItemNumber.dwr HTTP/1.1" 200 78
114.88.166.193 - - [25/Jan/2021:09:17:00 +0800] "POST /xingrg/dwr/call/plaincall/AjaxCheckService.setItemNumber.dwr HTTP/1.1" 200 78
116.228.172.94 - - [25/Jan/2021:09:17:00 +0800] "POST /xingrg/dwr/call/plaincall/AjaxCheckService.setItemNumber.dwr HTTP/1.1" 200 78
116.228.172.94 - - [25/Jan/2021:09:17:00 +0800] "POST /xingrg/dwr/call/plaincall/AjaxCheckService.setItemNumber.dwr HTTP/1.1" 200 78
116.228.172.94 - - [25/Jan/2021:09:17:01 +0800] "POST /xingrg/dwr/call/plaincall/AjaxCheckService.setItemNumber.dwr HTTP/1.1" 200 78
114.88.166.193 - - [25/Jan/2021:09:17:01 +0800] "POST /xingrg/dwr/call/plaincall/AjaxCheckService.setItemNumber.dwr HTTP/1.1" 200 78
116.228.172.94 - - [25/Jan/2021:09:17:01 +0800] "POST /xingrg/dwr/call/plaincall/AjaxCheckService.setItemNumber.dwr HTTP/1.1" 200 78
116.228.172.94 - - [25/Jan/2021:09:17:02 +0800] "POST /xingrg/dwr/call/plaincall/AjaxCheckService.setItemNumber.dwr HTTP/1.1" 200 78
218.81.223.240 - - [25/Jan/2021:09:17:02 +0800] "GET /xingrg/kc/buy/cgsh_order_operate.html?command=get_materiel&rest_code=00146&code=00101008049&supplier_code=00100005&order_time=2021-01-25 HTTP/1.1" 200 408
116.228.172.94 - - [25/Jan/2021:09:17:02 +0800] "POST /xingrg/dwr/call/plaincall/AjaxCheckService.setItemNumber.dwr HTTP/1.1" 200 78
114.88.166.193 - - [25/Jan/2021:09:17:03 +0800] "POST /xingrg/dwr/call/plaincall/AjaxCheckService.setItemNumber.dwr HTTP/1.1" 200 78
116.228.172.94 - - [25/Jan/2021:09:17:03 +0800] "POST /xingrg/dwr/call/plaincall/AjaxCheckService.setItemNumber.dwr HTTP/1.1" 200 78
116.228.172.94 - - [25/Jan/2021:09:17:05 +0800] "POST /xingrg/dwr/call/plaincall/AjaxCheckService.setItemNumber.dwr HTTP/1.1" 200 78
114.88.166.193 - - [25/Jan/2021:09:17:05 +0800] "POST /xingrg/dwr/call/plaincall/AjaxCheckService.setItemNumber.dwr HTTP/1.1" 200 78
61.165.42.208 - - [25/Jan/2021:09:17:05 +0800] "GET /xingrg/all/function/internal_message.html?_=1611537408926&CODE_STATE=getMsg HTTP/1.1" 200 27
61.165.42.208 - - [25/Jan/2021:09:17:05 +0800] "GET /xingrg/check_reg.html?_=1611537408928 HTTP/1.1" 200 22
116.228.172.94 - - [25/Jan/2021:09:17:06 +0800] "POST /xingrg/dwr/call/plaincall/AjaxCheckService.setItemNumber.dwr HTTP/1.1" 200 78
114.88.166.193 - - [25/Jan/2021:09:17:06 +0800] "POST /xingrg/dwr/call/plaincall/AjaxCheckService.setItemNumber.dwr HTTP/1.1" 200 78
114.88.166.193 - - [25/Jan/2021:09:17:08 +0800] "POST /xingrg/dwr/call/plaincall/AjaxCheckService.setItemNumber.dwr HTTP/1.1" 200 78
116.228.172.94 - - [25/Jan/2021:09:17:08 +0800] "POST /xingrg/dwr/call/plaincall/AjaxCheckService.setItemNumber.dwr HTTP/1.1" 200 78
116.228.172.94 - - [25/Jan/2021:09:17:09 +0800] "POST /xingrg/dwr/call/plaincall/AjaxCheckService.setItemNumber.dwr HTTP/1.1" 200 78
116.228.172.94 - - [25/Jan/2021:09:17:09 +0800] "POST /xingrg/dwr/call/plaincall/AjaxCheckService.setItemNumber.dwr HTTP/1.1" 200 78
120.253.135.82 - - [25/Jan/2021:09:17:10 +0800] "GET /xingrg/all/function/internal_message.html?_=1611537477597&CODE_STATE=getMsg HTTP/1.1" 200 27
114.88.166.193 - - [25/Jan/2021:09:17:10 +0800] "POST /xingrg/dwr/call/plaincall/AjaxCheckService.setItemNumber.dwr HTTP/1.1" 200 78
116.228.172.94 - - [25/Jan/2021:09:17:10 +0800] "POST /xingrg/dwr/call/plaincall/AjaxCheckService.setItemNumber.dwr HTTP/1.1" 200 78
116.228.172.94 - - [25/Jan/2021:09:17:11 +0800] "POST /xingrg/dwr/call/plaincall/AjaxCheckService.setItemNumber.dwr HTTP/1.1" 200 78
116.228.172.94 - - [25/Jan/2021:09:17:11 +0800] "POST /xingrg/dwr/call/plaincall/AjaxCheckService.setItemNumber.dwr HTTP/1.1" 200 78
114.88.166.193 - - [25/Jan/2021:09:17:11 +0800] "POST /xingrg/dwr/call/plaincall/AjaxCheckService.setItemNumber.dwr HTTP/1.1" 200 78
116.228.172.94 - - [25/Jan/2021:09:17:12 +0800] "POST /xingrg/dwr/call/plaincall/AjaxCheckService.setItemNumber.dwr HTTP/1.1" 200 78
180.156.237.57 - - [25/Jan/2021:09:17:12 +0800] "GET /xingrg/kc/buy/cgsh_order_operate.html?command=get_materiel&rest_code=00151&code=00101008088&supplier_code=00100007&order_time=2021-01-25 HTTP/1.1" 200 409
116.228.172.94 - - [25/Jan/2021:09:17:12 +0800] "POST /xingrg/dwr/call/plaincall/AjaxCheckService.setItemNumber.dwr HTTP/1.1" 200 78
114.88.166.193 - - [25/Jan/2021:09:17:12 +0800] "POST /xingrg/dwr/call/plaincall/AjaxCheckService.setItemNumber.dwr HTTP/1.1" 200 78
116.228.172.94 - - [25/Jan/2021:09:17:13 +0800] "POST /xingrg/dwr/call/plaincall/AjaxCheckService.setItemNumber.dwr HTTP/1.1" 200 78
116.228.172.94 - - [25/Jan/2021:09:17:14 +0800] "POST /xingrg/dwr/call/plaincall/AjaxCheckService.setItemNumber.dwr HTTP/1.1" 200 78
114.88.166.193 - - [25/Jan/2021:09:17:14 +0800] "POST /xingrg/dwr/call/plaincall/AjaxCheckService.setItemNumber.dwr HTTP/1.1" 200 78
116.228.172.94 - - [25/Jan/2021:09:17:14 +0800] "POST /xingrg/dwr/call/plaincall/AjaxCheckService.setItemNumber.dwr HTTP/1.1" 200 78
180.156.237.57 - - [25/Jan/2021:09:17:15 +0800] "GET /xingrg/all/function/internal_message.html?_=1611537436137&CODE_STATE=getMsg HTTP/1.1" 200 27
116.228.172.94 - - [25/Jan/2021:09:17:15 +0800] "POST /xingrg/dwr/call/plaincall/AjaxCheckService.setItemNumber.dwr HTTP/1.1" 200 78
116.228.172.94 - - [25/Jan/2021:09:17:15 +0800] "POST /xingrg/dwr/call/plaincall/AjaxCheckService.setItemNumber.dwr HTTP/1.1" 200 78
114.88.166.193 - - [25/Jan/2021:09:17:16 +0800] "POST /xingrg/dwr/call/plaincall/AjaxCheckService.setItemNumber.dwr HTTP/1.1" 200 78
61.165.42.208 - - [25/Jan/2021:09:17:16 +0800] "GET /xingrg/all/function/internal_message.html?_=1611537436513&CODE_STATE=getMsg HTTP/1.1" 200 27
218.81.223.240 - - [25/Jan/2021:09:17:16 +0800] "GET /xingrg/kc/buy/cgsh_order_operate.html?command=get_materiel&rest_code=00146&code=00101008126&supplier_code=00100005&order_time=2021-01-25 HTTP/1.1" 200 412
116.228.172.94 - - [25/Jan/2021:09:17:16 +0800] "POST /xingrg/dwr/call/plaincall/AjaxCheckService.setItemNumber.dwr HTTP/1.1" 200 78
116.227.17.229 - - [25/Jan/2021:09:17:16 +0800] "GET /xingrg/all/function/internal_message.html?_=1611537436459&CODE_STATE=getMsg HTTP/1.1" 200 27
116.228.172.94 - - [25/Jan/2021:09:17:16 +0800] "POST /xingrg/dwr/call/plaincall/AjaxCheckService.setItemNumber.dwr HTTP/1.1" 200 78
114.88.166.193 - - [25/Jan/2021:09:17:17 +0800] "POST /xingrg/dwr/call/plaincall/AjaxCheckService.setItemNumber.dwr HTTP/1.1" 200 78
116.228.172.94 - - [25/Jan/2021:09:17:17 +0800] "POST /xingrg/dwr/call/plaincall/AjaxCheckService.setItemNumber.dwr HTTP/1.1" 200 78
180.169.147.146 - - [25/Jan/2021:09:17:17 +0800] "GET /xingrg/all/function/internal_message.html?_=1611537445204&CODE_STATE=getMsg HTTP/1.1" 200 27
116.228.172.94 - - [25/Jan/2021:09:17:17 +0800] "POST /xingrg/dwr/call/plaincall/AjaxCheckService.setItemNumber.dwr HTTP/1.1" 200 78
116.228.172.94 - - [25/Jan/2021:09:17:18 +0800] "POST /xingrg/dwr/call/plaincall/AjaxCheckService.setItemNumber.dwr HTTP/1.1" 200 78
116.228.172.94 - - [25/Jan/2021:09:17:19 +0800] "POST /xingrg/dwr/call/plaincall/AjaxCheckService.setItemNumber.dwr HTTP/1.1" 200 78
58.37.230.33 - - [25/Jan/2021:09:17:19 +0800] "GET /xingrg/all/function/internal_message.html?_=1611537451568&CODE_STATE=getMsg HTTP/1.1" 200 27
116.228.172.94 - - [25/Jan/2021:09:17:19 +0800] "POST /xingrg/dwr/call/plaincall/AjaxCheckService.setItemNumber.dwr HTTP/1.1" 200 78
114.88.166.193 - - [25/Jan/2021:09:17:19 +0800] "POST /xingrg/dwr/call/plaincall/AjaxCheckService.setItemNumber.dwr HTTP/1.1" 200 78
116.228.172.94 - - [25/Jan/2021:09:17:20 +0800] "POST /xingrg/dwr/call/plaincall/AjaxCheckService.setItemNumber.dwr HTTP/1.1" 200 78
116.228.172.94 - - [25/Jan/2021:09:17:20 +0800] "POST /xingrg/dwr/call/plaincall/AjaxCheckService.setItemNumber.dwr HTTP/1.1" 200 78
116.228.172.94 - - [25/Jan/2021:09:17:21 +0800] "POST /xingrg/dwr/call/plaincall/AjaxCheckService.setItemNumber.dwr HTTP/1.1" 200 78
116.228.172.94 - - [25/Jan/2021:09:17:21 +0800] "POST /xingrg/dwr/call/plaincall/AjaxCheckService.setItemNumber.dwr HTTP/1.1" 200 78
116.228.172.94 - - [25/Jan/2021:09:17:22 +0800] "POST /xingrg/dwr/call/plaincall/AjaxCheckService.setItemNumber.dwr HTTP/1.1" 200 78
180.156.237.57 - - [25/Jan/2021:09:17:22 +0800] "GET /xingrg/kc/buy/cgsh_order_operate.html?command=get_materiel&rest_code=00151&code=00101006168&supplier_code=00100096&order_time=2021-01-25 HTTP/1.1" 200 422
116.232.54.3 - - [25/Jan/2021:09:17:22 +0800] "GET /xingrg/all/function/internal_message.html?_=1611537442241&CODE_STATE=getMsg HTTP/1.1" 200 27
116.228.172.94 - - [25/Jan/2021:09:17:22 +0800] "POST /xingrg/dwr/call/plaincall/AjaxCheckService.setItemNumber.dwr HTTP/1.1" 200 78
116.228.172.94 - - [25/Jan/2021:09:17:23 +0800] "POST /xingrg/dwr/call/plaincall/AjaxCheckService.setItemNumber.dwr HTTP/1.1" 200 78
180.156.237.57 - - [25/Jan/2021:09:17:23 +0800] "GET /xingrg/kc/buy/cgsh_order_operate.html?command=get_materiel&rest_code=00151&code=00101016025&supplier_code=00100007&order_time=2021-01-25 HTTP/1.1" 200 408
116.228.172.94 - - [25/Jan/2021:09:17:23 +0800] "POST /xingrg/dwr/call/plaincall/AjaxCheckService.setItemNumber.dwr HTTP/1.1" 200 78
116.228.172.94 - - [25/Jan/2021:09:17:24 +0800] "POST /xingrg/dwr/call/plaincall/AjaxCheckService.setItemNumber.dwr HTTP/1.1" 200 78
116.228.172.94 - - [25/Jan/2021:09:17:25 +0800] "POST /xingrg/dwr/call/plaincall/AjaxCheckService.setItemNumber.dwr HTTP/1.1" 200 78
116.228.172.94 - - [25/Jan/2021:09:17:25 +0800] "POST /xingrg/dwr/call/plaincall/AjaxCheckService.setItemNumber.dwr HTTP/1.1" 200 78
218.81.223.240 - - [25/Jan/2021:09:17:25 +0800] "GET /xingrg/kc/buy/cgsh_order_operate.html?command=get_materiel&rest_code=00146&code=00101008087&supplier_code=00100005&order_time=2021-01-25 HTTP/1.1" 200 412
116.228.172.94 - - [25/Jan/2021:09:17:28 +0800] "POST /xingrg/dwr/call/plaincall/AjaxCheckService.setItemNumber.dwr HTTP/1.1" 200 78
116.228.172.94 - - [25/Jan/2021:09:17:28 +0800] "GET /xingrg/all/function/internal_message.html?_=1611537446874&CODE_STATE=getMsg HTTP/1.1" 200 27
114.88.166.193 - - [25/Jan/2021:09:17:32 +0800] "POST /xingrg/dwr/call/plaincall/AjaxCheckService.setItemNumber.dwr HTTP/1.1" 200 78
180.156.237.57 - - [25/Jan/2021:09:17:33 +0800] "GET /xingrg/kc/buy/cgsh_order_operate.html?command=get_materiel&rest_code=00151&code=00101008353&supplier_code=00100007&order_time=2021-01-25 HTTP/1.1" 200 408
116.228.172.94 - - [25/Jan/2021:09:17:33 +0800] "POST /xingrg/dwr/call/plaincall/AjaxCheckService.setItemNumber.dwr HTTP/1.1" 200 78
116.228.172.94 - - [25/Jan/2021:09:17:34 +0800] "POST /xingrg/dwr/call/plaincall/AjaxCheckService.setItemNumber.dwr HTTP/1.1" 200 78
116.228.172.94 - - [25/Jan/2021:09:17:34 +0800] "POST /xingrg/dwr/call/plaincall/AjaxCheckService.setItemNumber.dwr HTTP/1.1" 200 78
116.228.172.94 - - [25/Jan/2021:09:17:35 +0800] "POST /xingrg/dwr/call/plaincall/AjaxCheckService.setItemNumber.dwr HTTP/1.1" 200 78
218.81.223.240 - - [25/Jan/2021:09:17:35 +0800] "GET /xingrg/kc/buy/cgsh_order_operate.html?command=get_materiel&rest_code=00146&code=00101008270&supplier_code=00100005&order_time=2021-01-25 HTTP/1.1" 200 412
114.88.166.193 - - [25/Jan/2021:09:17:37 +0800] "POST /xingrg/dwr/call/plaincall/AjaxCheckService.setItemNumber.dwr HTTP/1.1" 200 78
180.156.237.57 - - [25/Jan/2021:09:17:37 +0800] "POST /xingrg/kc/buy/cgsh_order_operate.html HTTP/1.1" 200 2065
114.88.166.193 - - [25/Jan/2021:09:17:38 +0800] "POST /xingrg/dwr/call/plaincall/AjaxCheckService.setItemNumber.dwr HTTP/1.1" 200 78
116.228.172.94 - - [25/Jan/2021:09:17:39 +0800] "POST /xingrg/dwr/call/plaincall/AjaxCheckService.setItemNumber.dwr HTTP/1.1" 200 78
116.228.172.94 - - [25/Jan/2021:09:17:40 +0800] "POST /xingrg/dwr/call/plaincall/AjaxCheckService.setItemNumber.dwr HTTP/1.1" 200 78
114.88.166.193 - - [25/Jan/2021:09:17:40 +0800] "POST /xingrg/dwr/call/plaincall/AjaxCheckService.setItemNumber.dwr HTTP/1.1" 200 78
180.156.237.57 - - [25/Jan/2021:09:17:40 +0800] "GET /xingrg/all/function/internal_message.html?_=1611537439051&CODE_STATE=getMsg HTTP/1.1" 200 27
116.228.172.94 - - [25/Jan/2021:09:17:41 +0800] "POST /xingrg/dwr/call/plaincall/AjaxCheckService.setItemNumber.dwr HTTP/1.1" 200 78
116.228.172.94 - - [25/Jan/2021:09:17:41 +0800] "POST /xingrg/dwr/call/plaincall/AjaxCheckService.setItemNumber.dwr HTTP/1.1" 200 78
114.88.166.193 - - [25/Jan/2021:09:17:41 +0800] "POST /xingrg/dwr/call/plaincall/AjaxCheckService.setItemNumber.dwr HTTP/1.1" 200 78
218.81.223.241 - - [25/Jan/2021:09:17:42 +0800] "GET /xingrg/all/function/internal_message.html?_=1611537460873&CODE_STATE=getMsg HTTP/1.1" 200 27
116.228.172.94 - - [25/Jan/2021:09:17:42 +0800] "POST /xingrg/dwr/call/plaincall/AjaxCheckService.setItemNumber.dwr HTTP/1.1" 200 78
116.228.172.94 - - [25/Jan/2021:09:17:42 +0800] "POST /xingrg/dwr/call/plaincall/AjaxCheckService.setItemNumber.dwr HTTP/1.1" 200 78
116.228.172.94 - - [25/Jan/2021:09:17:43 +0800] "POST /xingrg/dwr/call/plaincall/AjaxCheckService.setItemNumber.dwr HTTP/1.1" 200 78
116.228.172.94 - - [25/Jan/2021:09:17:43 +0800] "POST /xingrg/dwr/call/plaincall/AjaxCheckService.setItemNumber.dwr HTTP/1.1" 200 78
114.88.166.193 - - [25/Jan/2021:09:17:44 +0800] "POST /xingrg/dwr/call/plaincall/AjaxCheckService.setItemNumber.dwr HTTP/1.1" 200 78
116.228.172.94 - - [25/Jan/2021:09:17:44 +0800] "POST /xingrg/dwr/call/plaincall/AjaxCheckService.setItemNumber.dwr HTTP/1.1" 200 78
180.156.237.57 - - [25/Jan/2021:09:17:44 +0800] "GET /xingrg/kc/buy/cgsh_order_operate.html?command=get_materiel&rest_code=00151&code=00101008017&supplier_code=00100007&order_time=2021-01-25 HTTP/1.1" 200 416
116.228.172.94 - - [25/Jan/2021:09:17:45 +0800] "POST /xingrg/dwr/call/plaincall/AjaxCheckService.setItemNumber.dwr HTTP/1.1" 200 78
218.81.223.240 - - [25/Jan/2021:09:17:45 +0800] "GET /xingrg/kc/buy/cgsh_order_operate.html?command=get_materiel&rest_code=00146&code=00101008017&supplier_code=00100005&order_time=2021-01-25 HTTP/1.1" 200 416
120.253.135.82 - - [25/Jan/2021:09:17:45 +0800] "GET /xingrg/all/function/internal_message.html?_=1611537227155&CODE_STATE=getMsg HTTP/1.1" 200 27
116.228.172.94 - - [25/Jan/2021:09:17:45 +0800] "POST /xingrg/dwr/call/plaincall/AjaxCheckService.setItemNumber.dwr HTTP/1.1" 200 78
114.88.166.193 - - [25/Jan/2021:09:17:45 +0800] "POST /xingrg/dwr/call/plaincall/AjaxCheckService.setItemNumber.dwr HTTP/1.1" 200 78
116.232.54.3 - - [25/Jan/2021:09:17:46 +0800] "GET /xingrg/check_reg.html?_=1611537503093 HTTP/1.1" 200 22
116.228.172.94 - - [25/Jan/2021:09:17:46 +0800] "POST /xingrg/dwr/call/plaincall/AjaxCheckService.setItemNumber.dwr HTTP/1.1" 200 78
114.86.187.76 - - [25/Jan/2021:09:17:46 +0800] "GET /xingrg/all/function/internal_message.html?_=1611537467005&CODE_STATE=getMsg HTTP/1.1" 200 27
116.228.172.94 - - [25/Jan/2021:09:17:46 +0800] "POST /xingrg/dwr/call/plaincall/AjaxCheckService.setItemNumber.dwr HTTP/1.1" 200 78
114.88.166.193 - - [25/Jan/2021:09:17:47 +0800] "POST /xingrg/dwr/call/plaincall/AjaxCheckService.setItemNumber.dwr HTTP/1.1" 200 78
114.88.166.193 - - [25/Jan/2021:09:17:48 +0800] "POST /xingrg/dwr/call/plaincall/AjaxCheckService.setItemNumber.dwr HTTP/1.1" 200 78
180.156.237.57 - - [25/Jan/2021:09:17:49 +0800] "GET /xingrg/kc/buy/cgsh_order_operate.html?command=get_materiel&rest_code=00151&code=00101006084&supplier_code=00100096&order_time=2021-01-25 HTTP/1.1" 200 415
218.81.223.240 - - [25/Jan/2021:09:17:49 +0800] "GET /xingrg/all/function/internal_message.html?_=1611537478199&CODE_STATE=getMsg HTTP/1.1" 200 27
218.81.223.241 - - [25/Jan/2021:09:17:49 +0800] "GET /xingrg/all/function/internal_message.html?_=1611537474393&CODE_STATE=getMsg HTTP/1.1" 302 -
114.88.166.193 - - [25/Jan/2021:09:17:50 +0800] "GET /xingrg/all/function/internal_message.html?_=1611537652828&CODE_STATE=getMsg HTTP/1.1" 200 27
114.88.166.193 - - [25/Jan/2021:09:17:50 +0800] "POST /xingrg/dwr/call/plaincall/AjaxCheckService.setItemNumber.dwr HTTP/1.1" 200 78
180.156.237.57 - - [25/Jan/2021:09:17:51 +0800] "GET /xingrg/kc/buy/cgsh_order_operate.html?command=get_materiel&rest_code=00151&code=00101008362&supplier_code=00100007&order_time=2021-01-25 HTTP/1.1" 200 409
180.169.147.146 - - [25/Jan/2021:09:17:52 +0800] "GET /xingrg/all/function/internal_message.html?_=1611537473844&CODE_STATE=getMsg HTTP/1.1" 200 27
114.88.166.193 - - [25/Jan/2021:09:17:52 +0800] "POST /xingrg/dwr/call/plaincall/AjaxCheckService.setItemNumber.dwr HTTP/1.1" 200 78
114.88.166.193 - - [25/Jan/2021:09:17:54 +0800] "POST /xingrg/dwr/call/plaincall/AjaxCheckService.setItemNumber.dwr HTTP/1.1" 200 78
218.81.223.240 - - [25/Jan/2021:09:17:54 +0800] "GET /xingrg/kc/buy/cgsh_order_operate.html?command=get_materiel&rest_code=00146&code=00101008027&supplier_code=00100005&order_time=2021-01-25 HTTP/1.1" 200 409
114.88.166.193 - - [25/Jan/2021:09:17:55 +0800] "POST /xingrg/dwr/call/plaincall/AjaxCheckService.setItemNumber.dwr HTTP/1.1" 200 78
114.88.166.193 - - [25/Jan/2021:09:17:57 +0800] "POST /xingrg/dwr/call/plaincall/AjaxCheckService.setItemNumber.dwr HTTP/1.1" 200 78
116.232.54.3 - - [25/Jan/2021:09:17:57 +0800] "GET /xingrg/all/function/internal_message.html?_=1611537515171&CODE_STATE=getMsg HTTP/1.1" 200 27
114.88.166.193 - - [25/Jan/2021:09:17:58 +0800] "POST /xingrg/dwr/call/plaincall/AjaxCheckService.setItemNumber.dwr HTTP/1.1" 200 78
114.88.166.193 - - [25/Jan/2021:09:18:00 +0800] "POST /xingrg/dwr/call/plaincall/AjaxCheckService.setItemNumber.dwr HTTP/1.1" 200 78
116.228.172.94 - - [25/Jan/2021:09:18:01 +0800] "POST /xingrg/dwr/call/plaincall/AjaxComOrderService.getMaterielSearchList.dwr HTTP/1.1" 200 5340
114.88.166.193 - - [25/Jan/2021:09:18:01 +0800] "POST /xingrg/dwr/call/plaincall/AjaxCheckService.setItemNumber.dwr HTTP/1.1" 200 78
114.88.166.193 - - [25/Jan/2021:09:18:03 +0800] "POST /xingrg/dwr/call/plaincall/AjaxCheckService.setItemNumber.dwr HTTP/1.1" 200 78
114.88.166.193 - - [25/Jan/2021:09:18:05 +0800] "POST /xingrg/dwr/call/plaincall/AjaxCheckService.setItemNumber.dwr HTTP/1.1" 200 78
61.165.42.208 - - [25/Jan/2021:09:18:05 +0800] "GET /xingrg/all/function/internal_message.html?_=1611537468925&CODE_STATE=getMsg HTTP/1.1" 200 27
180.156.237.57 - - [25/Jan/2021:09:18:05 +0800] "GET /xingrg/kc/buy/cgsh_order_operate.html?command=get_materiel&rest_code=00151&code=00101012025&supplier_code=00100096&order_time=2021-01-25 HTTP/1.1" 200 412
180.156.237.57 - - [25/Jan/2021:09:18:06 +0800] "GET /xingrg/kc/buy/cgsh_order_operate.html?command=get_materiel&rest_code=00151&code=00101008096&supplier_code=00100007&order_time=2021-01-25 HTTP/1.1" 200 413
116.228.172.94 - - [25/Jan/2021:09:18:06 +0800] "POST /xingrg/dwr/call/plaincall/AjaxComOrderService.getMaterielSearchList.dwr HTTP/1.1" 200 675
114.88.166.193 - - [25/Jan/2021:09:18:07 +0800] "POST /xingrg/dwr/call/plaincall/AjaxCheckService.setItemNumber.dwr HTTP/1.1" 200 78
114.88.166.193 - - [25/Jan/2021:09:18:08 +0800] "POST /xingrg/dwr/call/plaincall/AjaxCheckService.setItemNumber.dwr HTTP/1.1" 200 78
218.81.223.240 - - [25/Jan/2021:09:18:08 +0800] "GET /xingrg/kc/buy/cgsh_order_operate.html?command=get_materiel&rest_code=00146&code=00101008257&supplier_code=00100005&order_time=2021-01-25 HTTP/1.1" 200 416
120.253.135.82 - - [25/Jan/2021:09:18:10 +0800] "GET /xingrg/all/function/internal_message.html?_=1611537537609&CODE_STATE=getMsg HTTP/1.1" 200 27
114.88.166.193 - - [25/Jan/2021:09:18:10 +0800] "POST /xingrg/dwr/call/plaincall/AjaxCheckService.setItemNumber.dwr HTTP/1.1" 200 78
116.228.172.94 - - [25/Jan/2021:09:18:10 +0800] "POST /xingrg/dwr/call/plaincall/AjaxComOrderService.getMaterielByCode.dwr HTTP/1.1" 200 3413
114.88.166.193 - - [25/Jan/2021:09:18:11 +0800] "POST /xingrg/dwr/call/plaincall/AjaxCheckService.setItemNumber.dwr HTTP/1.1" 200 78
180.175.150.119 - - [25/Jan/2021:09:18:12 +0800] "GET /xingrg/check_reg.html?_=1611537736730 HTTP/1.1" 302 -
180.156.237.57 - - [25/Jan/2021:09:18:14 +0800] "GET /xingrg/kc/buy/cgsh_order_operate.html?command=get_materiel&rest_code=00151&code=00101012024&supplier_code=00100096&order_time=2021-01-25 HTTP/1.1" 200 408
180.156.237.57 - - [25/Jan/2021:09:18:15 +0800] "GET /xingrg/all/function/internal_message.html?_=1611537496140&CODE_STATE=getMsg HTTP/1.1" 200 27
114.88.166.193 - - [25/Jan/2021:09:18:15 +0800] "POST /xingrg/dwr/call/plaincall/AjaxCheckService.setItemNumber.dwr HTTP/1.1" 200 78
61.165.42.208 - - [25/Jan/2021:09:18:16 +0800] "GET /xingrg/all/function/internal_message.html?_=1611537496514&CODE_STATE=getMsg HTTP/1.1" 200 27
116.227.17.229 - - [25/Jan/2021:09:18:16 +0800] "GET /xingrg/all/function/internal_message.html?_=1611537496459&CODE_STATE=getMsg HTTP/1.1" 200 27
180.169.147.146 - - [25/Jan/2021:09:18:17 +0800] "GET /xingrg/all/function/internal_message.html?_=1611537505207&CODE_STATE=getMsg HTTP/1.1" 200 27
116.228.172.94 - - [25/Jan/2021:09:18:17 +0800] "POST /xingrg/dwr/call/plaincall/AjaxCheckService.addOrderItem.dwr HTTP/1.1" 200 709
180.156.237.57 - - [25/Jan/2021:09:18:17 +0800] "GET /xingrg/kc/buy/cgsh_order_operate.html?command=get_materiel&rest_code=00151&code=00101008126&supplier_code=00100007&order_time=2021-01-25 HTTP/1.1" 200 412
58.37.230.33 - - [25/Jan/2021:09:18:19 +0800] "GET /xingrg/all/function/internal_message.html?_=1611537511540&CODE_STATE=getMsg HTTP/1.1" 200 27
114.88.166.193 - - [25/Jan/2021:09:18:19 +0800] "POST /xingrg/dwr/call/plaincall/AjaxCheckService.setItemNumber.dwr HTTP/1.1" 200 78
114.88.166.193 - - [25/Jan/2021:09:18:22 +0800] "POST /xingrg/dwr/call/plaincall/AjaxCheckService.setItemNumber.dwr HTTP/1.1" 200 78
116.232.54.3 - - [25/Jan/2021:09:18:22 +0800] "GET /xingrg/all/function/internal_message.html?_=1611537502235&CODE_STATE=getMsg HTTP/1.1" 200 27
180.156.237.57 - - [25/Jan/2021:09:18:22 +0800] "GET /xingrg/kc/buy/cgsh_order_operate.html?command=get_materiel&rest_code=00151&code=00101012059&supplier_code=00100096&order_time=2021-01-25 HTTP/1.1" 200 413
114.88.166.193 - - [25/Jan/2021:09:18:23 +0800] "POST /xingrg/dwr/call/plaincall/AjaxCheckService.setItemNumber.dwr HTTP/1.1" 200 78
114.88.166.193 - - [25/Jan/2021:09:18:24 +0800] "POST /xingrg/dwr/call/plaincall/AjaxCheckService.setItemNumber.dwr HTTP/1.1" 200 78
116.228.172.94 - - [25/Jan/2021:09:18:25 +0800] "GET /xingrg/check_reg.html?_=1611537503569 HTTP/1.1" 200 22
114.88.166.193 - - [25/Jan/2021:09:18:25 +0800] "POST /xingrg/dwr/call/plaincall/AjaxCheckService.setItemNumber.dwr HTTP/1.1" 200 78
218.81.223.240 - - [25/Jan/2021:09:18:27 +0800] "GET /xingrg/kc/buy/cgsh_order_operate.html?command=get_materiel&rest_code=00146&code=00101008351&supplier_code=00100005&order_time=2021-01-25 HTTP/1.1" 200 408
114.88.166.193 - - [25/Jan/2021:09:18:27 +0800] "POST /xingrg/dwr/call/plaincall/AjaxCheckService.setItemNumber.dwr HTTP/1.1" 200 78
116.228.172.94 - - [25/Jan/2021:09:18:28 +0800] "GET /xingrg/all/function/internal_message.html?_=1611537506854&CODE_STATE=getMsg HTTP/1.1" 200 27
114.88.166.193 - - [25/Jan/2021:09:18:28 +0800] "POST /xingrg/dwr/call/plaincall/AjaxCheckService.setItemNumber.dwr HTTP/1.1" 200 78
180.156.237.57 - - [25/Jan/2021:09:18:30 +0800] "GET /xingrg/kc/buy/cgsh_order_operate.html?command=get_materiel&rest_code=00151&code=00101001075&supplier_code=00100096&order_time=2021-01-25 HTTP/1.1" 200 411
114.88.166.193 - - [25/Jan/2021:09:18:30 +0800] "POST /xingrg/dwr/call/plaincall/AjaxCheckService.setItemNumber.dwr HTTP/1.1" 200 78
114.88.166.193 - - [25/Jan/2021:09:18:31 +0800] "POST /xingrg/dwr/call/plaincall/AjaxCheckService.setItemNumber.dwr HTTP/1.1" 200 78
101.89.239.216 - - [25/Jan/2021:09:18:34 +0800] "GET /xingrg/all/function/internal_message.html?_=1611537031715&CODE_STATE=getMsg HTTP/1.1" 302 -
218.81.223.240 - - [25/Jan/2021:09:18:35 +0800] "GET /xingrg/kc/buy/cgsh_order_operate.html?command=get_materiel&rest_code=00146&code=00101008096&supplier_code=00100005&order_time=2021-01-25 HTTP/1.1" 200 413
101.89.239.216 - - [25/Jan/2021:09:18:37 +0800] "GET /xingrg/login.html HTTP/1.1" 200 7641
180.156.237.57 - - [25/Jan/2021:09:18:40 +0800] "GET /xingrg/all/function/internal_message.html?_=1611537499064&CODE_STATE=getMsg HTTP/1.1" 200 27
116.228.172.94 - - [25/Jan/2021:09:18:41 +0800] "POST /xingrg/dwr/call/plaincall/AjaxCheckService.checkOrder.dwr HTTP/1.1" 200 80
218.81.223.241 - - [25/Jan/2021:09:18:42 +0800] "GET /xingrg/all/function/internal_message.html?_=1611537520860&CODE_STATE=getMsg HTTP/1.1" 200 27
114.88.166.193 - - [25/Jan/2021:09:18:42 +0800] "POST /xingrg/dwr/call/plaincall/AjaxCheckService.setItemNumber.dwr HTTP/1.1" 200 78
116.228.172.94 - - [25/Jan/2021:09:18:42 +0800] "GET /xingrg/kc/base/check_order_info.html?code=452021012400137 HTTP/1.1" 200 22854
116.228.172.94 - - [25/Jan/2021:09:18:43 +0800] "GET /xingrg/dwr/interface/AjaxComOrderService.js HTTP/1.1" 200 18264
116.228.172.94 - - [25/Jan/2021:09:18:43 +0800] "GET /xingrg/dwr/interface/AjaxCheckService.js HTTP/1.1" 200 14003
116.228.172.94 - - [25/Jan/2021:09:18:43 +0800] "GET /xingrg/dwr/engine.js HTTP/1.1" 200 43631
218.81.223.240 - - [25/Jan/2021:09:18:43 +0800] "GET /xingrg/kc/buy/cgsh_order_operate.html?command=get_materiel&rest_code=00146&code=00101008290&supplier_code=00100005&order_time=2021-01-25 HTTP/1.1" 200 416
116.228.172.94 - - [25/Jan/2021:09:18:44 +0800] "POST /xingrg/dwr/call/plaincall/AjaxCheckService.loadOrderItems.dwr HTTP/1.1" 200 66892
120.253.135.82 - - [25/Jan/2021:09:18:45 +0800] "GET /xingrg/all/function/internal_message.html?_=1611537287170&CODE_STATE=getMsg HTTP/1.1" 200 27
114.88.166.193 - - [25/Jan/2021:09:18:45 +0800] "POST /xingrg/dwr/call/plaincall/AjaxCheckService.setItemNumber.dwr HTTP/1.1" 200 78
180.156.237.57 - - [25/Jan/2021:09:18:45 +0800] "POST /xingrg/kc/buy/cgsh_order_operate.html HTTP/1.1" 200 2065
114.86.187.76 - - [25/Jan/2021:09:18:46 +0800] "GET /xingrg/all/function/internal_message.html?_=1611537527001&CODE_STATE=getMsg HTTP/1.1" 200 27
114.88.166.193 - - [25/Jan/2021:09:18:46 +0800] "POST /xingrg/dwr/call/plaincall/AjaxCheckService.setItemNumber.dwr HTTP/1.1" 200 78
116.228.172.94 - - [25/Jan/2021:09:18:46 +0800] "GET /xingrg/kc/base/check_order_list.html?isBack=1 HTTP/1.1" 200 16470
116.228.172.94 - - [25/Jan/2021:09:18:48 +0800] "POST /xingrg/kc/base/check_list_operate.html HTTP/1.1" 200 1890
114.88.166.193 - - [25/Jan/2021:09:18:49 +0800] "POST /xingrg/dwr/call/plaincall/AjaxCheckService.setItemNumber.dwr HTTP/1.1" 200 78
218.81.223.240 - - [25/Jan/2021:09:18:49 +0800] "GET /xingrg/all/function/internal_message.html?_=1611537538213&CODE_STATE=getMsg HTTP/1.1" 200 27
116.228.172.94 - - [25/Jan/2021:09:18:49 +0800] "GET /xingrg/kc/base/check_order_info.html?code=452021012400140 HTTP/1.1" 200 26484
218.81.223.241 - - [25/Jan/2021:09:18:49 +0800] "GET /xingrg/all/function/internal_message.html?_=1611537534401&CODE_STATE=getMsg HTTP/1.1" 302 -
116.228.172.94 - - [25/Jan/2021:09:18:49 +0800] "GET /xingrg/dwr/interface/AjaxComOrderService.js HTTP/1.1" 200 18264
116.228.172.94 - - [25/Jan/2021:09:18:49 +0800] "GET /xingrg/dwr/interface/AjaxCheckService.js HTTP/1.1" 200 14003
116.228.172.94 - - [25/Jan/2021:09:18:49 +0800] "GET /xingrg/dwr/engine.js HTTP/1.1" 200 43631
114.88.166.193 - - [25/Jan/2021:09:18:50 +0800] "GET /xingrg/all/function/internal_message.html?_=1611537712812&CODE_STATE=getMsg HTTP/1.1" 200 27
116.228.172.94 - - [25/Jan/2021:09:18:50 +0800] "POST /xingrg/dwr/call/plaincall/AjaxCheckService.loadOrderItems.dwr HTTP/1.1" 200 85502
114.88.166.193 - - [25/Jan/2021:09:18:51 +0800] "POST /xingrg/dwr/call/plaincall/AjaxCheckService.setItemNumber.dwr HTTP/1.1" 200 78
218.81.223.240 - - [25/Jan/2021:09:18:52 +0800] "GET /xingrg/kc/buy/cgsh_order_operate.html?command=get_materiel&rest_code=00146&code=00101008003&supplier_code=00100005&order_time=2021-01-25 HTTP/1.1" 200 408
180.169.147.146 - - [25/Jan/2021:09:18:52 +0800] "GET /xingrg/all/function/internal_message.html?_=1611537533845&CODE_STATE=getMsg HTTP/1.1" 200 27
114.88.166.193 - - [25/Jan/2021:09:18:52 +0800] "POST /xingrg/dwr/call/plaincall/AjaxCheckService.setItemNumber.dwr HTTP/1.1" 200 78
180.156.237.57 - - [25/Jan/2021:09:18:55 +0800] "GET /xingrg/kc/buy/cgsh_order_operate.html?command=get_materiel&rest_code=00151&code=00101008131&supplier_code=00100007&order_time=2021-01-25 HTTP/1.1" 200 408
116.228.172.94 - - [25/Jan/2021:09:18:56 +0800] "POST /xingrg/dwr/call/plaincall/AjaxCheckService.setItemNumber.dwr HTTP/1.1" 200 76
116.232.54.3 - - [25/Jan/2021:09:18:57 +0800] "GET /xingrg/all/function/internal_message.html?_=1611537575171&CODE_STATE=getMsg HTTP/1.1" 200 27
116.228.172.94 - - [25/Jan/2021:09:18:57 +0800] "POST /xingrg/dwr/call/plaincall/AjaxCheckService.setItemNumber.dwr HTTP/1.1" 200 76
116.228.172.94 - - [25/Jan/2021:09:18:58 +0800] "POST /xingrg/dwr/call/plaincall/AjaxCheckService.setItemNumber.dwr HTTP/1.1" 200 76
116.228.172.94 - - [25/Jan/2021:09:19:00 +0800] "POST /xingrg/dwr/call/plaincall/AjaxCheckService.setItemNumber.dwr HTTP/1.1" 200 76
116.228.172.94 - - [25/Jan/2021:09:19:00 +0800] "POST /xingrg/dwr/call/plaincall/AjaxCheckService.setItemNumber.dwr HTTP/1.1" 200 76
116.228.172.94 - - [25/Jan/2021:09:19:01 +0800] "POST /xingrg/dwr/call/plaincall/AjaxCheckService.setItemNumber.dwr HTTP/1.1" 200 76
116.228.172.94 - - [25/Jan/2021:09:19:02 +0800] "POST /xingrg/dwr/call/plaincall/AjaxCheckService.setItemNumber.dwr HTTP/1.1" 200 76
116.228.172.94 - - [25/Jan/2021:09:19:03 +0800] "POST /xingrg/dwr/call/plaincall/AjaxCheckService.setItemNumber.dwr HTTP/1.1" 200 76
116.228.172.94 - - [25/Jan/2021:09:19:04 +0800] "POST /xingrg/dwr/call/plaincall/AjaxCheckService.setItemNumber.dwr HTTP/1.1" 200 76
116.228.172.94 - - [25/Jan/2021:09:19:04 +0800] "POST /xingrg/dwr/call/plaincall/AjaxCheckService.setItemNumber.dwr HTTP/1.1" 200 77
116.228.172.94 - - [25/Jan/2021:09:19:04 +0800] "POST /xingrg/dwr/call/plaincall/AjaxCheckService.setItemNumber.dwr HTTP/1.1" 200 77
180.156.237.57 - - [25/Jan/2021:09:19:04 +0800] "GET /xingrg/kc/buy/cgsh_order_operate.html?command=get_materiel&rest_code=00151&code=00101015046&supplier_code=00100007&order_time=2021-01-25 HTTP/1.1" 200 413
61.129.6.251 - - [25/Jan/2021:09:19:05 +0800] "GET /xingrg/all/function/internal_message.html?_=1611536911766&CODE_STATE=getMsg HTTP/1.1" 302 -
61.165.42.208 - - [25/Jan/2021:09:19:05 +0800] "GET /xingrg/all/function/internal_message.html?_=1611537528940&CODE_STATE=getMsg HTTP/1.1" 200 27
114.88.166.193 - - [25/Jan/2021:09:19:06 +0800] "POST /xingrg/dwr/call/plaincall/AjaxCheckService.setItemNumber.dwr HTTP/1.1" 200 78
116.228.172.94 - - [25/Jan/2021:09:19:06 +0800] "POST /xingrg/dwr/call/plaincall/AjaxCheckService.setItemNumber.dwr HTTP/1.1" 200 77
116.228.172.94 - - [25/Jan/2021:09:19:07 +0800] "POST /xingrg/dwr/call/plaincall/AjaxCheckService.setItemNumber.dwr HTTP/1.1" 200 77
116.228.172.94 - - [25/Jan/2021:09:19:08 +0800] "POST /xingrg/dwr/call/plaincall/AjaxCheckService.setItemNumber.dwr HTTP/1.1" 200 77
172.20.0.100 - - [25/Jan/2021:09:19:09 +0800] "GET /xingrg/check_reg.html?_=1611537547102 HTTP/1.1" 200 22
116.228.172.94 - - [25/Jan/2021:09:19:09 +0800] "POST /xingrg/dwr/call/plaincall/AjaxCheckService.setItemNumber.dwr HTTP/1.1" 200 77
114.88.166.193 - - [25/Jan/2021:09:19:09 +0800] "POST /xingrg/dwr/call/plaincall/AjaxCheckService.setItemNumber.dwr HTTP/1.1" 200 78
116.228.172.94 - - [25/Jan/2021:09:19:10 +0800] "POST /xingrg/dwr/call/plaincall/AjaxCheckService.setItemNumber.dwr HTTP/1.1" 200 77
120.253.135.82 - - [25/Jan/2021:09:19:10 +0800] "GET /xingrg/all/function/internal_message.html?_=1611537597654&CODE_STATE=getMsg HTTP/1.1" 200 27
116.228.172.94 - - [25/Jan/2021:09:19:10 +0800] "POST /xingrg/dwr/call/plaincall/AjaxCheckService.setItemNumber.dwr HTTP/1.1" 200 77
61.129.6.251 - - [25/Jan/2021:09:19:10 +0800] "GET /xingrg/login.html HTTP/1.1" 200 7641
114.88.166.193 - - [25/Jan/2021:09:19:11 +0800] "POST /xingrg/dwr/call/plaincall/AjaxCheckService.setItemNumber.dwr HTTP/1.1" 200 78
116.228.172.94 - - [25/Jan/2021:09:19:11 +0800] "POST /xingrg/dwr/call/plaincall/AjaxCheckService.setItemNumber.dwr HTTP/1.1" 200 77
116.228.172.94 - - [25/Jan/2021:09:19:12 +0800] "POST /xingrg/dwr/call/plaincall/AjaxCheckService.setItemNumber.dwr HTTP/1.1" 200 77
120.253.135.82 - - [25/Jan/2021:09:19:12 +0800] "GET /xingrg/check_reg.html?_=1611537599857 HTTP/1.1" 200 22
114.88.166.193 - - [25/Jan/2021:09:19:12 +0800] "POST /xingrg/dwr/call/plaincall/AjaxCheckService.setItemNumber.dwr HTTP/1.1" 200 78
116.228.172.94 - - [25/Jan/2021:09:19:13 +0800] "POST /xingrg/dwr/call/plaincall/AjaxCheckService.setItemNumber.dwr HTTP/1.1" 200 77
116.228.172.94 - - [25/Jan/2021:09:19:13 +0800] "POST /xingrg/dwr/call/plaincall/AjaxCheckService.setItemNumber.dwr HTTP/1.1" 200 77
116.228.172.94 - - [25/Jan/2021:09:19:14 +0800] "POST /xingrg/dwr/call/plaincall/AjaxCheckService.setItemNumber.dwr HTTP/1.1" 200 77
180.156.237.57 - - [25/Jan/2021:09:19:15 +0800] "GET /xingrg/all/function/internal_message.html?_=1611537556148&CODE_STATE=getMsg HTTP/1.1" 200 27
114.88.166.193 - - [25/Jan/2021:09:19:15 +0800] "POST /xingrg/dwr/call/plaincall/AjaxCheckService.setItemNumber.dwr HTTP/1.1" 200 78
116.228.172.94 - - [25/Jan/2021:09:19:15 +0800] "POST /xingrg/dwr/call/plaincall/AjaxCheckService.setItemNumber.dwr HTTP/1.1" 200 77
116.228.172.94 - - [25/Jan/2021:09:19:15 +0800] "POST /xingrg/dwr/call/plaincall/AjaxCheckService.setItemNumber.dwr HTTP/1.1" 200 77
61.165.42.208 - - [25/Jan/2021:09:19:16 +0800] "GET /xingrg/all/function/internal_message.html?_=1611537556516&CODE_STATE=getMsg HTTP/1.1" 200 27
61.165.42.208 - - [25/Jan/2021:09:19:16 +0800] "GET /xingrg/check_reg.html?_=1611537556519 HTTP/1.1" 200 22
116.227.17.229 - - [25/Jan/2021:09:19:16 +0800] "GET /xingrg/check_reg.html?_=1611537556459 HTTP/1.1" 200 22
116.227.17.229 - - [25/Jan/2021:09:19:16 +0800] "GET /xingrg/all/function/internal_message.html?_=1611537556462&CODE_STATE=getMsg HTTP/1.1" 200 27
116.228.172.94 - - [25/Jan/2021:09:19:17 +0800] "POST /xingrg/dwr/call/plaincall/AjaxCheckService.setItemNumber.dwr HTTP/1.1" 200 77
114.88.166.193 - - [25/Jan/2021:09:19:17 +0800] "POST /xingrg/dwr/call/plaincall/AjaxCheckService.setItemNumber.dwr HTTP/1.1" 200 78
180.169.147.146 - - [25/Jan/2021:09:19:17 +0800] "GET /xingrg/check_reg.html?_=1611537565210 HTTP/1.1" 200 22
180.169.147.146 - - [25/Jan/2021:09:19:17 +0800] "GET /xingrg/all/function/internal_message.html?_=1611537565213&CODE_STATE=getMsg HTTP/1.1" 200 27
218.81.223.240 - - [25/Jan/2021:09:19:18 +0800] "GET /xingrg/kc/buy/cgsh_order_operate.html?command=get_materiel&rest_code=00146&code=00101008186&supplier_code=00100005&order_time=2021-01-25 HTTP/1.1" 200 408
116.228.172.94 - - [25/Jan/2021:09:19:18 +0800] "POST /xingrg/dwr/call/plaincall/AjaxCheckService.setItemNumber.dwr HTTP/1.1" 200 77
114.88.166.193 - - [25/Jan/2021:09:19:18 +0800] "POST /xingrg/dwr/call/plaincall/AjaxCheckService.setItemNumber.dwr HTTP/1.1" 200 78
116.228.172.94 - - [25/Jan/2021:09:19:19 +0800] "POST /xingrg/dwr/call/plaincall/AjaxCheckService.setItemNumber.dwr HTTP/1.1" 200 77
