218.81.223.240 - - [25/Jan/2021:08:58:35 +0800] "POST /xingrg/dwr/call/plaincall/AjaxCheckService.setItemNumber.dwr HTTP/1.1" 200 78
218.81.223.240 - - [25/Jan/2021:08:58:36 +0800] "POST /xingrg/dwr/call/plaincall/AjaxCheckService.setItemNumber.dwr HTTP/1.1" 200 78
61.165.42.208 - - [25/Jan/2021:08:58:39 +0800] "GET /xingrg/kc/buy/cgsh_order_operate.html?command=get_materiel&rest_code=00105&code=00101008274&supplier_code=00100203&order_time=2021-01-25 HTTP/1.1" 200 412
114.88.166.193 - - [25/Jan/2021:08:58:41 +0800] "POST /xingrg/dwr/call/plaincall/AjaxCheckService.setItemNumber.dwr HTTP/1.1" 200 78
120.253.135.82 - - [25/Jan/2021:08:58:41 +0800] "GET /xingrg/all/function/internal_message.html?_=1611536083653&CODE_STATE=getMsg HTTP/1.1" 200 27
218.81.223.241 - - [25/Jan/2021:08:58:42 +0800] "GET /xingrg/all/function/internal_message.html?_=1611536320837&CODE_STATE=getMsg HTTP/1.1" 200 27
114.86.187.76 - - [25/Jan/2021:08:58:44 +0800] "GET /xingrg/kc/buy/cgsh_order_operate.html?command=get_materiel&rest_code=00148&code=00101006174&supplier_code=00100010&order_time=2021-01-25 HTTP/1.1" 200 414
61.165.42.208 - - [25/Jan/2021:08:58:45 +0800] "GET /xingrg/kc/buy/cgsh_order_operate.html?command=get_materiel&rest_code=00105&code=00101008242&supplier_code=00100203&order_time=2021-01-25 HTTP/1.1" 200 408
180.156.237.57 - - [25/Jan/2021:08:58:45 +0800] "GET /xingrg/kc/buy/cgsh_order_add.html HTTP/1.1" 200 61891
180.156.237.57 - - [25/Jan/2021:08:58:46 +0800] "POST /xingrg/kc/buy/cgsh_order_operate.html HTTP/1.1" 200 8245
180.156.237.57 - - [25/Jan/2021:08:58:46 +0800] "GET /xingrg/javascript/easyui/themes/default/validatebox.css HTTP/1.1" 404 1104
114.86.187.76 - - [25/Jan/2021:08:58:46 +0800] "GET /xingrg/all/function/internal_message.html?_=1611536327182&CODE_STATE=getMsg HTTP/1.1" 200 27
116.228.172.94 - - [25/Jan/2021:08:58:47 +0800] "GET /xingrg/kc/buy/cgsh_order_operate.html?command=get_materiel&rest_code=00107&code=00101020138&supplier_code=00100006&order_time=2021-01-25 HTTP/1.1" 200 426
114.88.166.193 - - [25/Jan/2021:08:58:48 +0800] "POST /xingrg/dwr/call/plaincall/AjaxCheckService.setItemNumber.dwr HTTP/1.1" 200 78
218.81.223.240 - - [25/Jan/2021:08:58:49 +0800] "GET /xingrg/all/function/internal_message.html?_=1611536337800&CODE_STATE=getMsg HTTP/1.1" 200 27
218.81.223.241 - - [25/Jan/2021:08:58:49 +0800] "GET /xingrg/all/function/internal_message.html?_=1611536334084&CODE_STATE=getMsg HTTP/1.1" 302 -
114.88.166.193 - - [25/Jan/2021:08:58:49 +0800] "GET /xingrg/all/function/internal_message.html?_=1611536512558&CODE_STATE=getMsg HTTP/1.1" 200 27
180.169.147.146 - - [25/Jan/2021:08:58:52 +0800] "GET /xingrg/all/function/internal_message.html?_=1611536333825&CODE_STATE=getMsg HTTP/1.1" 200 27
61.165.42.208 - - [25/Jan/2021:08:58:53 +0800] "GET /xingrg/kc/buy/cgsh_order_operate.html?command=get_materiel&rest_code=00105&code=00101008350&supplier_code=00100203&order_time=2021-01-25 HTTP/1.1" 200 408
61.165.42.208 - - [25/Jan/2021:08:58:53 +0800] "GET /xingrg/kc/base/wldb_order_add.html HTTP/1.1" 200 30502
180.156.237.57 - - [25/Jan/2021:08:58:53 +0800] "GET /xingrg/kc/buy/cgsh_order_operate.html?command=get_materiel&rest_code=00150&code=00101001084&supplier_code=00100096&order_time=2021-01-25 HTTP/1.1" 200 415
218.81.223.240 - - [25/Jan/2021:08:58:53 +0800] "POST /xingrg/dwr/call/plaincall/AjaxCheckService.setItemNumber.dwr HTTP/1.1" 200 78
61.165.42.208 - - [25/Jan/2021:08:58:53 +0800] "GET /xingrg/javascript/easyui/themes/default/validatebox.css HTTP/1.1" 404 1104
61.165.42.208 - - [25/Jan/2021:08:58:53 +0800] "POST /xingrg/kc/base/wldb_order_operate.html HTTP/1.1" 200 6806
114.88.166.193 - - [25/Jan/2021:08:58:53 +0800] "POST /xingrg/dwr/call/plaincall/AjaxCheckService.setItemNumber.dwr HTTP/1.1" 200 78
61.165.42.208 - - [25/Jan/2021:08:58:55 +0800] "POST /xingrg/all/common/load_combo.html?type=base HTTP/1.1" 200 3236
116.232.54.3 - - [25/Jan/2021:08:58:55 +0800] "GET /xingrg/login.html HTTP/1.1" 200 7641
114.86.187.76 - - [25/Jan/2021:08:58:55 +0800] "GET /xingrg/kc/buy/cgsh_order_operate.html?command=get_materiel&rest_code=00148&code=00101006111&supplier_code=00100010&order_time=2021-01-25 HTTP/1.1" 200 409
116.232.54.3 - - [25/Jan/2021:08:58:56 +0800] "GET /favicon.ico HTTP/1.1" 404 -
180.156.237.57 - - [25/Jan/2021:08:58:56 +0800] "GET /xingrg/all/function/internal_message.html?_=1611536337885&CODE_STATE=getMsg HTTP/1.1" 200 27
116.232.54.3 - - [25/Jan/2021:08:58:58 +0800] "POST /xingrg/login.do HTTP/1.1" 302 -
116.232.54.3 - - [25/Jan/2021:08:58:58 +0800] "GET /xingrg/index.html?sysBaseUrl=http%3A%2F%2F180.169.147.146%3A18081%2Fxingrg%2F&costTime=52×tamp=1611536338040 HTTP/1.1" 200 17173
116.232.54.3 - - [25/Jan/2021:08:58:58 +0800] "GET /favicon.ico HTTP/1.1" 404 -
116.232.54.3 - - [25/Jan/2021:08:58:58 +0800] "POST /xingrg/all/common/load_tree.html?tree=area_rest_tree_json&manage=1 HTTP/1.1" 200 342
116.232.54.3 - - [25/Jan/2021:08:58:58 +0800] "GET /xingrg/all/function/internal_message.html?_=1611536340210&CODE_STATE=count HTTP/1.1" 200 11
116.232.54.3 - - [25/Jan/2021:08:58:58 +0800] "GET /xingrg/check_reg.html?_=1611536340211 HTTP/1.1" 200 22
116.232.54.3 - - [25/Jan/2021:08:58:58 +0800] "POST /xingrg/load_menu.html HTTP/1.1" 200 5138
61.165.42.208 - - [25/Jan/2021:08:58:58 +0800] "POST /xingrg/all/common/load_combo.html?type=base HTTP/1.1" 200 3236
116.228.172.94 - - [25/Jan/2021:08:58:59 +0800] "GET /xingrg/kc/buy/cgsh_order_operate.html?command=get_materiel&rest_code=00107&code=00101008098&supplier_code=00100006&order_time=2021-01-25 HTTP/1.1" 200 412
116.232.54.3 - - [25/Jan/2021:08:59:00 +0800] "GET /xingrg/kc/buy/buy_main.html HTTP/1.1" 200 12412
116.232.54.3 - - [25/Jan/2021:08:59:00 +0800] "GET /xingrg/css/new_ie.css HTTP/1.1" 404 1036
116.232.54.3 - - [25/Jan/2021:08:59:00 +0800] "GET /xingrg/images/blue/button/cgshd.gif HTTP/1.1" 200 2618
116.232.54.3 - - [25/Jan/2021:08:59:00 +0800] "GET /xingrg/images/blue/button/cgydd.gif HTTP/1.1" 200 2712
116.232.54.3 - - [25/Jan/2021:08:59:00 +0800] "GET /xingrg/images/blue/button/cgfkd.gif HTTP/1.1" 200 2075
116.232.54.3 - - [25/Jan/2021:08:59:00 +0800] "GET /xingrg/images/blue/button/ckthd.gif HTTP/1.1" 200 2045
120.253.135.82 - - [25/Jan/2021:08:59:01 +0800] "GET /xingrg/kc/pszx/mdps_order_list.html?orderType=0 HTTP/1.1" 200 21153
120.253.135.82 - - [25/Jan/2021:08:59:01 +0800] "GET /xingrg/javascript/jquery.utils.js HTTP/1.1" 200 11805
120.253.135.82 - - [25/Jan/2021:08:59:01 +0800] "POST /xingrg/kc/pszx/mdps_list_operate.html HTTP/1.1" 200 5382
114.88.166.193 - - [25/Jan/2021:08:59:01 +0800] "POST /xingrg/dwr/call/plaincall/AjaxCheckService.setItemNumber.dwr HTTP/1.1" 200 78
116.232.54.3 - - [25/Jan/2021:08:59:01 +0800] "GET /xingrg/kc/base/base_main.html HTTP/1.1" 200 12142
116.232.54.3 - - [25/Jan/2021:08:59:02 +0800] "GET /xingrg/kc/base/check_order_list.html HTTP/1.1" 200 16464
116.232.54.3 - - [25/Jan/2021:08:59:03 +0800] "POST /xingrg/kc/base/check_list_operate.html HTTP/1.1" 200 3522
61.165.42.208 - - [25/Jan/2021:08:59:05 +0800] "GET /xingrg/all/function/internal_message.html?_=1611536328931&CODE_STATE=getMsg HTTP/1.1" 200 27
114.88.166.193 - - [25/Jan/2021:08:59:06 +0800] "POST /xingrg/dwr/call/plaincall/AjaxCheckService.setItemNumber.dwr HTTP/1.1" 200 78
116.232.54.3 - - [25/Jan/2021:08:59:07 +0800] "GET /xingrg/index.html?sysBaseUrl=http%3A%2F%2F180.169.147.146%3A18081%2Fxingrg%2F&costTime=52×tamp=1611536338040 HTTP/1.1" 200 17173
114.86.187.76 - - [25/Jan/2021:08:59:07 +0800] "POST /xingrg/kc/buy/cgsh_order_operate.html HTTP/1.1" 200 37
61.165.42.208 - - [25/Jan/2021:08:59:07 +0800] "GET /xingrg/kc/buy/cgsh_order_operate.html?command=get_materiel&rest_code=00105&code=00101008307&supplier_code=00100203&order_time=2021-01-25 HTTP/1.1" 200 420
116.232.54.3 - - [25/Jan/2021:08:59:07 +0800] "POST /xingrg/all/common/load_tree.html?tree=area_rest_tree_json&manage=1 HTTP/1.1" 200 342
116.232.54.3 - - [25/Jan/2021:08:59:07 +0800] "GET /xingrg/all/function/internal_message.html?_=1611536349807&CODE_STATE=count HTTP/1.1" 200 11
116.232.54.3 - - [25/Jan/2021:08:59:07 +0800] "GET /xingrg/check_reg.html?_=1611536349807 HTTP/1.1" 200 22
116.232.54.3 - - [25/Jan/2021:08:59:07 +0800] "GET /favicon.ico HTTP/1.1" 404 -
116.232.54.3 - - [25/Jan/2021:08:59:07 +0800] "POST /xingrg/load_menu.html HTTP/1.1" 200 5138
114.86.187.76 - - [25/Jan/2021:08:59:08 +0800] "POST /xingrg/kc/buy/cgsh_order_operate.html HTTP/1.1" 200 6246
116.232.54.3 - - [25/Jan/2021:08:59:08 +0800] "GET /xingrg/kc/base/base_main.html HTTP/1.1" 200 12142
180.156.237.57 - - [25/Jan/2021:08:59:09 +0800] "GET /xingrg/kc/buy/cgsh_order_operate.html?command=get_materiel&rest_code=00150&code=00101016017&supplier_code=00100096&order_time=2021-01-25 HTTP/1.1" 200 408
172.20.0.100 - - [25/Jan/2021:08:59:09 +0800] "GET /xingrg/check_reg.html?_=1611536347198 HTTP/1.1" 200 22
120.253.135.82 - - [25/Jan/2021:08:59:09 +0800] "GET /xingrg/all/function/internal_message.html?_=1611536397132&CODE_STATE=getMsg HTTP/1.1" 200 27
116.232.54.3 - - [25/Jan/2021:08:59:10 +0800] "GET /xingrg/kc/base/check_order_list.html HTTP/1.1" 200 16464
116.232.54.3 - - [25/Jan/2021:08:59:10 +0800] "POST /xingrg/kc/base/check_list_operate.html HTTP/1.1" 200 3522
114.88.166.193 - - [25/Jan/2021:08:59:10 +0800] "POST /xingrg/dwr/call/plaincall/AjaxCheckService.setItemNumber.dwr HTTP/1.1" 200 78
180.156.237.57 - - [25/Jan/2021:08:59:11 +0800] "GET /xingrg/all/function/internal_message.html?_=1611536329509&CODE_STATE=getMsg HTTP/1.1" 200 27
120.253.135.82 - - [25/Jan/2021:08:59:12 +0800] "GET /xingrg/check_reg.html?_=1611536399835 HTTP/1.1" 200 22
116.228.172.94 - - [25/Jan/2021:08:59:13 +0800] "GET /xingrg/kc/buy/cgsh_order_operate.html?command=get_materiel&rest_code=00107&code=00101008284&supplier_code=00100006&order_time=2021-01-25 HTTP/1.1" 200 413
116.232.54.3 - - [25/Jan/2021:08:59:15 +0800] "GET /xingrg/kc/base/check_order_info.html?code=452021012400123 HTTP/1.1" 200 26488
116.232.54.3 - - [25/Jan/2021:08:59:15 +0800] "GET /xingrg/dwr/interface/AjaxCheckService.js HTTP/1.1" 200 14003
116.232.54.3 - - [25/Jan/2021:08:59:15 +0800] "GET /xingrg/dwr/util.js HTTP/1.1" 304 -
116.232.54.3 - - [25/Jan/2021:08:59:15 +0800] "GET /xingrg/dwr/interface/AjaxComOrderService.js HTTP/1.1" 200 18264
116.232.54.3 - - [25/Jan/2021:08:59:15 +0800] "GET /xingrg/dwr/engine.js HTTP/1.1" 200 43631
61.165.42.208 - - [25/Jan/2021:08:59:16 +0800] "GET /xingrg/check_reg.html?_=1611536356493 HTTP/1.1" 200 22
61.165.42.208 - - [25/Jan/2021:08:59:16 +0800] "GET /xingrg/all/function/internal_message.html?_=1611536356498&CODE_STATE=getMsg HTTP/1.1" 200 27
116.227.17.229 - - [25/Jan/2021:08:59:16 +0800] "GET /xingrg/all/function/internal_message.html?_=1611536354776&CODE_STATE=getMsg HTTP/1.1" 200 27
116.227.17.229 - - [25/Jan/2021:08:59:16 +0800] "GET /xingrg/check_reg.html?_=1611536354777 HTTP/1.1" 200 22
180.169.147.146 - - [25/Jan/2021:08:59:17 +0800] "GET /xingrg/check_reg.html?_=1611536365195 HTTP/1.1" 200 22
180.169.147.146 - - [25/Jan/2021:08:59:17 +0800] "GET /xingrg/all/function/internal_message.html?_=1611536365201&CODE_STATE=getMsg HTTP/1.1" 200 27
116.232.54.3 - - [25/Jan/2021:08:59:18 +0800] "GET /xingrg/index.html?sysBaseUrl=http%3A%2F%2F180.169.147.146%3A18081%2Fxingrg%2F&costTime=52×tamp=1611536338040 HTTP/1.1" 200 17173
116.232.54.3 - - [25/Jan/2021:08:59:19 +0800] "POST /xingrg/all/common/load_tree.html?tree=area_rest_tree_json&manage=1 HTTP/1.1" 200 342
116.232.54.3 - - [25/Jan/2021:08:59:19 +0800] "GET /xingrg/all/function/internal_message.html?_=1611536360966&CODE_STATE=count HTTP/1.1" 200 11
116.232.54.3 - - [25/Jan/2021:08:59:19 +0800] "GET /xingrg/check_reg.html?_=1611536360966 HTTP/1.1" 200 22
116.232.54.3 - - [25/Jan/2021:08:59:19 +0800] "POST /xingrg/load_menu.html HTTP/1.1" 200 5138
58.37.230.33 - - [25/Jan/2021:08:59:20 +0800] "GET /xingrg/all/function/internal_message.html?_=1611536371984&CODE_STATE=getMsg HTTP/1.1" 200 27
61.165.42.208 - - [25/Jan/2021:08:59:21 +0800] "GET /xingrg/kc/buy/cgsh_order_operate.html?command=get_materiel&rest_code=00105&code=00101015014&supplier_code=00100203&order_time=2021-01-25 HTTP/1.1" 200 412
116.232.54.3 - - [25/Jan/2021:08:59:22 +0800] "GET /xingrg/index.html?sysBaseUrl=http%3A%2F%2F180.169.147.146%3A18081%2Fxingrg%2F&costTime=52×tamp=1611536338040 HTTP/1.1" 200 17173
116.232.54.3 - - [25/Jan/2021:08:59:22 +0800] "POST /xingrg/all/common/load_tree.html?tree=area_rest_tree_json&manage=1 HTTP/1.1" 200 342
116.232.54.3 - - [25/Jan/2021:08:59:22 +0800] "GET /xingrg/all/function/internal_message.html?_=1611536364263&CODE_STATE=count HTTP/1.1" 200 11
116.232.54.3 - - [25/Jan/2021:08:59:22 +0800] "GET /xingrg/check_reg.html?_=1611536364263 HTTP/1.1" 200 22
116.232.54.3 - - [25/Jan/2021:08:59:22 +0800] "POST /xingrg/load_menu.html HTTP/1.1" 200 5138
116.232.54.3 - - [25/Jan/2021:08:59:24 +0800] "GET /xingrg/kc/base/base_main.html HTTP/1.1" 200 12142
116.232.54.3 - - [25/Jan/2021:08:59:25 +0800] "GET /xingrg/kc/base/check_order_list.html HTTP/1.1" 200 16464
116.232.54.3 - - [25/Jan/2021:08:59:26 +0800] "POST /xingrg/kc/base/check_list_operate.html HTTP/1.1" 200 3522
61.165.42.208 - - [25/Jan/2021:08:59:26 +0800] "GET /xingrg/kc/buy/cgsh_order_operate.html?command=get_materiel&rest_code=00105&code=00101015059&supplier_code=00100203&order_time=2021-01-25 HTTP/1.1" 200 412
180.156.237.57 - - [25/Jan/2021:08:59:27 +0800] "GET /xingrg/kc/buy/cgsh_order_operate.html?command=get_materiel&rest_code=00150&code=00101012033&supplier_code=00100096&order_time=2021-01-25 HTTP/1.1" 200 426
116.228.172.94 - - [25/Jan/2021:08:59:28 +0800] "GET /xingrg/all/function/internal_message.html?_=1611536367094&CODE_STATE=getMsg HTTP/1.1" 200 27
61.165.42.208 - - [25/Jan/2021:08:59:30 +0800] "POST /xingrg/kc/base/wldb_order_operate.html HTTP/1.1" 200 37
61.165.42.208 - - [25/Jan/2021:08:59:30 +0800] "POST /xingrg/kc/base/wldb_order_operate.html HTTP/1.1" 200 2680
61.165.42.208 - - [25/Jan/2021:08:59:31 +0800] "GET /xingrg/kc/base/wldb_order_info.html?code=422021012503210 HTTP/1.1" 200 30516
61.165.42.208 - - [25/Jan/2021:08:59:31 +0800] "GET /xingrg/javascript/easyui/themes/default/validatebox.css HTTP/1.1" 404 1104
61.165.42.208 - - [25/Jan/2021:08:59:32 +0800] "POST /xingrg/kc/base/wldb_order_operate.html HTTP/1.1" 200 2680
120.253.135.82 - - [25/Jan/2021:08:59:35 +0800] "POST /xingrg/kc/pszx/mdps_list_operate.html HTTP/1.1" 200 3950
120.253.135.82 - - [25/Jan/2021:08:59:37 +0800] "POST /xingrg/kc/pszx/mdps_list_operate.html HTTP/1.1" 200 600
58.37.230.33 - - [25/Jan/2021:08:59:38 +0800] "GET /xingrg/check_reg.html?_=1611536390576 HTTP/1.1" 200 22
120.253.135.82 - - [25/Jan/2021:08:59:39 +0800] "POST /xingrg/kc/pszx/mdps_list_operate.html HTTP/1.1" 200 212
120.253.135.82 - - [25/Jan/2021:08:59:41 +0800] "GET /xingrg/all/function/internal_message.html?_=1611536143666&CODE_STATE=getMsg HTTP/1.1" 200 27
218.81.223.241 - - [25/Jan/2021:08:59:42 +0800] "GET /xingrg/all/function/internal_message.html?_=1611536380837&CODE_STATE=getMsg HTTP/1.1" 200 27
120.253.135.82 - - [25/Jan/2021:08:59:42 +0800] "GET /xingrg/kc/pszx/mdps_order_info.html?code=312021012400763 HTTP/1.1" 200 23887
180.156.237.57 - - [25/Jan/2021:08:59:42 +0800] "GET /xingrg/kc/buy/cgsh_order_operate.html?command=get_materiel&rest_code=00150&code=00101008213&supplier_code=00100007&order_time=2021-01-25 HTTP/1.1" 200 412
120.253.135.82 - - [25/Jan/2021:08:59:43 +0800] "GET /xingrg/javascript/jquery.utils.js HTTP/1.1" 200 11805
120.253.135.82 - - [25/Jan/2021:08:59:43 +0800] "POST /xingrg/kc/pszx/mdps_order_operate.html HTTP/1.1" 200 2288
120.253.135.82 - - [25/Jan/2021:08:59:43 +0800] "GET /xingrg/javascript/easyui/themes/default/validatebox.css HTTP/1.1" 404 1104
61.165.42.208 - - [25/Jan/2021:08:59:44 +0800] "POST /xingrg/kc/buy/cgsh_order_operate.html HTTP/1.1" 200 2065
116.228.172.94 - - [25/Jan/2021:08:59:45 +0800] "GET /xingrg/kc/buy/cgsh_order_operate.html?command=get_materiel&rest_code=00107&code=00101008123&supplier_code=00100006&order_time=2021-01-25 HTTP/1.1" 200 413
61.165.42.208 - - [25/Jan/2021:08:59:45 +0800] "POST /xingrg/kc/buy/cgsh_order_operate.html HTTP/1.1" 200 2065
114.86.187.76 - - [25/Jan/2021:08:59:46 +0800] "GET /xingrg/check_reg.html?_=1611536386955 HTTP/1.1" 200 22
114.86.187.76 - - [25/Jan/2021:08:59:46 +0800] "GET /xingrg/all/function/internal_message.html?_=1611536387171&CODE_STATE=getMsg HTTP/1.1" 200 27
116.228.172.94 - - [25/Jan/2021:08:59:47 +0800] "POST /xingrg/kc/buy/cgsh_order_operate.html HTTP/1.1" 200 2065
180.156.237.57 - - [25/Jan/2021:08:59:48 +0800] "GET /xingrg/kc/buy/cgsh_order_operate.html?command=get_materiel&rest_code=00150&code=00101008297&supplier_code=00100007&order_time=2021-01-25 HTTP/1.1" 200 412
218.81.223.240 - - [25/Jan/2021:08:59:49 +0800] "GET /xingrg/all/function/internal_message.html?_=1611536397815&CODE_STATE=getMsg HTTP/1.1" 200 27
218.81.223.241 - - [25/Jan/2021:08:59:49 +0800] "GET /xingrg/all/function/internal_message.html?_=1611536394104&CODE_STATE=getMsg HTTP/1.1" 302 -
114.88.166.193 - - [25/Jan/2021:08:59:49 +0800] "GET /xingrg/all/function/internal_message.html?_=1611536572528&CODE_STATE=getMsg HTTP/1.1" 200 27
180.169.147.146 - - [25/Jan/2021:08:59:52 +0800] "GET /xingrg/check_reg.html?_=1611536393826 HTTP/1.1" 200 22
180.169.147.146 - - [25/Jan/2021:08:59:52 +0800] "GET /xingrg/all/function/internal_message.html?_=1611536393843&CODE_STATE=getMsg HTTP/1.1" 200 27
120.253.135.82 - - [25/Jan/2021:08:59:55 +0800] "POST /xingrg/kc/pszx/mdps_order_operate.html HTTP/1.1" 200 37
180.156.237.57 - - [25/Jan/2021:08:59:55 +0800] "GET /xingrg/kc/buy/cgsh_order_operate.html?command=get_materiel&rest_code=00150&code=00101001010&supplier_code=00100096&order_time=2021-01-25 HTTP/1.1" 200 410
61.165.42.208 - - [25/Jan/2021:08:59:55 +0800] "GET /xingrg/kc/buy/cgsh_order_operate.html?command=get_materiel&rest_code=00105&code=00101008112&supplier_code=00100203&order_time=2021-01-25 HTTP/1.1" 200 412
120.253.135.82 - - [25/Jan/2021:08:59:56 +0800] "GET /xingrg/kc/pszx/mdps_order_info.html?code=312021012400763 HTTP/1.1" 200 23887
61.165.42.208 - - [25/Jan/2021:08:59:56 +0800] "GET /xingrg/kc/base/wldb_order_add.html HTTP/1.1" 200 30502
120.253.135.82 - - [25/Jan/2021:08:59:56 +0800] "GET /xingrg/javascript/jquery.utils.js HTTP/1.1" 200 11805
180.156.237.57 - - [25/Jan/2021:08:59:56 +0800] "GET /xingrg/kc/buy/cgsh_order_operate.html?command=get_materiel&rest_code=00150&code=00101008344&supplier_code=00100007&order_time=2021-01-25 HTTP/1.1" 200 412
61.165.42.208 - - [25/Jan/2021:08:59:56 +0800] "POST /xingrg/kc/base/wldb_order_operate.html HTTP/1.1" 200 6806
61.165.42.208 - - [25/Jan/2021:08:59:56 +0800] "GET /xingrg/javascript/easyui/themes/default/validatebox.css HTTP/1.1" 404 1104
180.156.237.57 - - [25/Jan/2021:08:59:56 +0800] "GET /xingrg/all/function/internal_message.html?_=1611536397862&CODE_STATE=getMsg HTTP/1.1" 200 27
120.253.135.82 - - [25/Jan/2021:08:59:57 +0800] "POST /xingrg/kc/pszx/mdps_order_operate.html HTTP/1.1" 200 2288
120.253.135.82 - - [25/Jan/2021:08:59:57 +0800] "GET /xingrg/javascript/easyui/themes/default/validatebox.css HTTP/1.1" 404 1104
116.228.172.94 - - [25/Jan/2021:08:59:59 +0800] "GET /xingrg/kc/buy/cgsh_order_operate.html?command=get_materiel&rest_code=00107&code=00101008236&supplier_code=00100006&order_time=2021-01-25 HTTP/1.1" 200 417
120.253.135.82 - - [25/Jan/2021:09:00:02 +0800] "GET /xingrg/kc/pszx/mdps_order_info.html?code=312021012400763 HTTP/1.1" 200 23887
120.253.135.82 - - [25/Jan/2021:09:00:02 +0800] "GET /xingrg/javascript/jquery.utils.js HTTP/1.1" 200 11805
120.253.135.82 - - [25/Jan/2021:09:00:03 +0800] "POST /xingrg/kc/pszx/mdps_order_operate.html HTTP/1.1" 200 2288
120.253.135.82 - - [25/Jan/2021:09:00:03 +0800] "GET /xingrg/javascript/easyui/themes/default/validatebox.css HTTP/1.1" 404 1104
61.165.42.208 - - [25/Jan/2021:09:00:05 +0800] "GET /xingrg/all/function/internal_message.html?_=1611536388935&CODE_STATE=getMsg HTTP/1.1" 200 27
120.253.135.82 - - [25/Jan/2021:09:00:06 +0800] "GET /xingrg/kc/print/load_config.html?kc_code=mdps HTTP/1.1" 200 2396
120.253.135.82 - - [25/Jan/2021:09:00:06 +0800] "GET /xingrg/kc/print/load_data.html?order_code=312021012400763&kc_code=mdps&condition= HTTP/1.1" 200 692
120.253.135.82 - - [25/Jan/2021:09:00:09 +0800] "GET /xingrg/all/function/internal_message.html?_=1611536457147&CODE_STATE=getMsg HTTP/1.1" 200 27
180.156.237.57 - - [25/Jan/2021:09:00:11 +0800] "GET /xingrg/all/function/internal_message.html?_=1611536389548&CODE_STATE=getMsg HTTP/1.1" 200 27
61.165.42.208 - - [25/Jan/2021:09:00:16 +0800] "GET /xingrg/all/function/internal_message.html?_=1611536416495&CODE_STATE=getMsg HTTP/1.1" 200 27
116.228.172.94 - - [25/Jan/2021:09:00:16 +0800] "GET /xingrg/kc/buy/cgsh_order_operate.html?command=get_materiel&rest_code=00107&code=00101008259&supplier_code=00100006&order_time=2021-01-25 HTTP/1.1" 200 408
116.227.17.229 - - [25/Jan/2021:09:00:16 +0800] "GET /xingrg/all/function/internal_message.html?_=1611536414778&CODE_STATE=getMsg HTTP/1.1" 200 27
61.165.42.208 - - [25/Jan/2021:09:00:17 +0800] "GET /xingrg/kc/buy/cgsh_order_operate.html?command=get_materiel&rest_code=00105&code=00101008356&supplier_code=00100203&order_time=2021-01-25 HTTP/1.1" 200 409
180.169.147.146 - - [25/Jan/2021:09:00:17 +0800] "GET /xingrg/all/function/internal_message.html?_=1611536425187&CODE_STATE=getMsg HTTP/1.1" 200 27
58.37.230.33 - - [25/Jan/2021:09:00:19 +0800] "GET /xingrg/all/function/internal_message.html?_=1611536431966&CODE_STATE=getMsg HTTP/1.1" 200 27
116.232.54.3 - - [25/Jan/2021:09:00:22 +0800] "GET /xingrg/all/function/internal_message.html?_=1611536424265&CODE_STATE=getMsg HTTP/1.1" 200 27
61.165.42.208 - - [25/Jan/2021:09:00:24 +0800] "POST /xingrg/all/common/load_combo.html?type=base HTTP/1.1" 200 3236
61.165.42.208 - - [25/Jan/2021:09:00:27 +0800] "POST /xingrg/all/common/load_combo.html?type=base HTTP/1.1" 200 3236
116.228.172.94 - - [25/Jan/2021:09:00:28 +0800] "GET /xingrg/all/function/internal_message.html?_=1611536427080&CODE_STATE=getMsg HTTP/1.1" 200 27
61.165.42.208 - - [25/Jan/2021:09:00:31 +0800] "GET /xingrg/kc/buy/cgsh_order_operate.html?command=get_materiel&rest_code=00105&code=00101008223&supplier_code=00100203&order_time=2021-01-25 HTTP/1.1" 200 412
120.253.135.82 - - [25/Jan/2021:09:00:32 +0800] "GET /xingrg/check_reg.html?_=1611536193880 HTTP/1.1" 200 22
116.228.172.94 - - [25/Jan/2021:09:00:32 +0800] "GET /xingrg/kc/buy/cgsh_order_operate.html?command=get_materiel&rest_code=00107&code=00101008364&supplier_code=00100006&order_time=2021-01-25 HTTP/1.1" 200 413
61.165.42.208 - - [25/Jan/2021:09:00:37 +0800] "GET /xingrg/kc/buy/cgsh_order_operate.html?command=get_materiel&rest_code=00105&code=00101008439&supplier_code=00100203&order_time=2021-01-25 HTTP/1.1" 200 399
180.156.237.57 - - [25/Jan/2021:09:00:39 +0800] "GET /xingrg/kc/buy/cgsh_order_operate.html?command=get_materiel&rest_code=00150&code=00101006068&supplier_code=00100096&order_time=2021-01-25 HTTP/1.1" 200 409
120.253.135.82 - - [25/Jan/2021:09:00:41 +0800] "GET /xingrg/all/function/internal_message.html?_=1611536203681&CODE_STATE=getMsg HTTP/1.1" 200 27
218.81.223.241 - - [25/Jan/2021:09:00:42 +0800] "GET /xingrg/all/function/internal_message.html?_=1611536440852&CODE_STATE=getMsg HTTP/1.1" 200 27
218.81.223.241 - - [25/Jan/2021:09:00:42 +0800] "GET /xingrg/check_reg.html?_=1611536440854 HTTP/1.1" 200 22
61.129.6.203 - - [25/Jan/2021:09:00:43 +0800] "GET /xingrg/all/function/internal_message.html?_=1611536132070&CODE_STATE=getMsg HTTP/1.1" 302 -
114.86.187.76 - - [25/Jan/2021:09:00:46 +0800] "GET /xingrg/all/function/internal_message.html?_=1611536447133&CODE_STATE=getMsg HTTP/1.1" 200 27
61.129.6.203 - - [25/Jan/2021:09:00:48 +0800] "GET /xingrg/login.html HTTP/1.1" 200 7641
218.81.223.240 - - [25/Jan/2021:09:00:49 +0800] "GET /xingrg/all/function/internal_message.html?_=1611536457828&CODE_STATE=getMsg HTTP/1.1" 200 27
218.81.223.241 - - [25/Jan/2021:09:00:49 +0800] "GET /xingrg/all/function/internal_message.html?_=1611536454111&CODE_STATE=getMsg HTTP/1.1" 302 -
114.88.166.193 - - [25/Jan/2021:09:00:49 +0800] "GET /xingrg/check_reg.html?_=1611536632446 HTTP/1.1" 200 22
114.88.166.193 - - [25/Jan/2021:09:00:49 +0800] "GET /xingrg/all/function/internal_message.html?_=1611536632497&CODE_STATE=getMsg HTTP/1.1" 200 27
116.228.172.94 - - [25/Jan/2021:09:00:50 +0800] "GET /xingrg/kc/buy/cgsh_order_operate.html?command=get_materiel&rest_code=00107&code=00101008350&supplier_code=00100006&order_time=2021-01-25 HTTP/1.1" 200 408
180.169.147.146 - - [25/Jan/2021:09:00:52 +0800] "GET /xingrg/all/function/internal_message.html?_=1611536453830&CODE_STATE=getMsg HTTP/1.1" 200 27
61.165.42.208 - - [25/Jan/2021:09:00:53 +0800] "GET /xingrg/kc/base/wldb_order_operate.html?command=get_materiel&rest_code=00105&base_code=0010507&code=00101016037 HTTP/1.1" 200 452
61.165.42.208 - - [25/Jan/2021:09:00:55 +0800] "GET /xingrg/kc/buy/cgsh_order_operate.html?command=get_materiel&rest_code=00105&code=00101008114&supplier_code=00100203&order_time=2021-01-25 HTTP/1.1" 200 413
61.165.42.208 - - [25/Jan/2021:09:00:56 +0800] "POST /xingrg/all/common/load_select.html HTTP/1.1" 200 25
180.156.237.57 - - [25/Jan/2021:09:00:56 +0800] "GET /xingrg/all/function/internal_message.html?_=1611536457842&CODE_STATE=getMsg HTTP/1.1" 200 27
61.165.42.208 - - [25/Jan/2021:09:00:58 +0800] "GET /xingrg/kc/base/wldb_order_operate.html?command=get_materiel_price&rest_code=00105&base_code=0010507&code=00101016037&unit_code=00100098 HTTP/1.1" 200 36
120.253.135.82 - - [25/Jan/2021:09:01:01 +0800] "POST /xingrg/kc/pszx/mdps_list_operate.html HTTP/1.1" 200 3950
120.253.135.82 - - [25/Jan/2021:09:01:01 +0800] "GET /xingrg/kc/buy/cgsh_order_list.html HTTP/1.1" 200 46217
120.253.135.82 - - [25/Jan/2021:09:01:01 +0800] "GET /xingrg/javascript/jquery.utils.js HTTP/1.1" 200 11805
61.165.42.208 - - [25/Jan/2021:09:01:02 +0800] "GET /xingrg/kc/buy/cgsh_order_operate.html?command=get_materiel&rest_code=00105&code=00101008168&supplier_code=00100203&order_time=2021-01-25 HTTP/1.1" 200 413
120.253.135.82 - - [25/Jan/2021:09:01:03 +0800] "POST /xingrg/kc/buy/cgsh_list_operate.html HTTP/1.1" 200 876
120.253.135.82 - - [25/Jan/2021:09:01:03 +0800] "GET /xingrg/javascript/jquery.utils.js HTTP/1.1" 200 11805
120.253.135.82 - - [25/Jan/2021:09:01:03 +0800] "GET /xingrg/kc/buy/cgsh_order_add.html HTTP/1.1" 200 60971
120.253.135.82 - - [25/Jan/2021:09:01:04 +0800] "POST /xingrg/kc/buy/cgsh_order_operate.html HTTP/1.1" 200 8245
120.253.135.82 - - [25/Jan/2021:09:01:04 +0800] "GET /xingrg/javascript/easyui/themes/default/validatebox.css HTTP/1.1" 404 1104
61.165.42.208 - - [25/Jan/2021:09:01:05 +0800] "GET /xingrg/all/function/internal_message.html?_=1611536448934&CODE_STATE=getMsg HTTP/1.1" 200 27
61.165.42.208 - - [25/Jan/2021:09:01:08 +0800] "POST /xingrg/kc/base/wldb_order_operate.html HTTP/1.1" 200 37
61.165.42.208 - - [25/Jan/2021:09:01:08 +0800] "POST /xingrg/kc/base/wldb_order_operate.html HTTP/1.1" 200 2195
61.165.42.208 - - [25/Jan/2021:09:01:09 +0800] "GET /xingrg/kc/base/wldb_order_info.html?code=422021012503211 HTTP/1.1" 200 30517
120.253.135.82 - - [25/Jan/2021:09:01:09 +0800] "GET /xingrg/all/function/internal_message.html?_=1611536517159&CODE_STATE=getMsg HTTP/1.1" 200 27
61.165.42.208 - - [25/Jan/2021:09:01:09 +0800] "GET /xingrg/javascript/easyui/themes/default/validatebox.css HTTP/1.1" 404 1104
61.165.42.208 - - [25/Jan/2021:09:01:10 +0800] "POST /xingrg/kc/base/wldb_order_operate.html HTTP/1.1" 200 2195
180.156.237.57 - - [25/Jan/2021:09:01:11 +0800] "GET /xingrg/all/function/internal_message.html?_=1611536449552&CODE_STATE=getMsg HTTP/1.1" 200 27
120.253.135.82 - - [25/Jan/2021:09:01:12 +0800] "POST /xingrg/all/common/load_combo.html?type=employee HTTP/1.1" 200 2101
61.165.42.208 - - [25/Jan/2021:09:01:16 +0800] "GET /xingrg/all/function/internal_message.html?_=1611536476503&CODE_STATE=getMsg HTTP/1.1" 200 27
116.227.17.229 - - [25/Jan/2021:09:01:16 +0800] "GET /xingrg/all/function/internal_message.html?_=1611536474780&CODE_STATE=getMsg HTTP/1.1" 200 27
61.165.42.208 - - [25/Jan/2021:09:01:16 +0800] "GET /xingrg/kc/buy/cgsh_order_operate.html?command=get_materiel&rest_code=00105&code=00101008236&supplier_code=00100203&order_time=2021-01-25 HTTP/1.1" 200 417
180.169.147.146 - - [25/Jan/2021:09:01:17 +0800] "GET /xingrg/all/function/internal_message.html?_=1611536485202&CODE_STATE=getMsg HTTP/1.1" 200 27
58.37.230.33 - - [25/Jan/2021:09:01:19 +0800] "GET /xingrg/all/function/internal_message.html?_=1611536491941&CODE_STATE=getMsg HTTP/1.1" 200 27
116.228.172.94 - - [25/Jan/2021:09:01:22 +0800] "POST /xingrg/kc/buy/cgsh_order_operate.html HTTP/1.1" 200 2065
116.232.54.3 - - [25/Jan/2021:09:01:22 +0800] "GET /xingrg/all/function/internal_message.html?_=1611536484266&CODE_STATE=getMsg HTTP/1.1" 200 27
61.165.42.208 - - [25/Jan/2021:09:01:23 +0800] "GET /xingrg/kc/buy/cgsh_order_operate.html?command=get_materiel&rest_code=00105&code=00101008254&supplier_code=00100203&order_time=2021-01-25 HTTP/1.1" 200 412
120.253.135.82 - - [25/Jan/2021:09:01:24 +0800] "GET /xingrg/kc/buy/cgsh_order_operate.html?command=get_materiel&rest_code=00101&code=00101017003&supplier_code=00100403&order_time=2021-01-25 HTTP/1.1" 200 443
116.228.172.94 - - [25/Jan/2021:09:01:28 +0800] "GET /xingrg/all/function/internal_message.html?_=1611536487052&CODE_STATE=getMsg HTTP/1.1" 200 27
218.81.223.240 - - [25/Jan/2021:09:01:32 +0800] "GET /xingrg/check_reg.html?_=1611536500873 HTTP/1.1" 200 22
61.165.42.208 - - [25/Jan/2021:09:01:34 +0800] "GET /xingrg/kc/base/wldb_order_add.html HTTP/1.1" 200 30502
114.86.187.76 - - [25/Jan/2021:09:01:34 +0800] "POST /xingrg/kc/buy/cgsh_order_operate.html HTTP/1.1" 200 37
61.165.42.208 - - [25/Jan/2021:09:01:34 +0800] "GET /xingrg/javascript/easyui/themes/default/validatebox.css HTTP/1.1" 404 1104
61.165.42.208 - - [25/Jan/2021:09:01:34 +0800] "POST /xingrg/kc/base/wldb_order_operate.html HTTP/1.1" 200 6806
180.156.237.57 - - [25/Jan/2021:09:01:36 +0800] "GET /xingrg/kc/buy/cgsh_order_operate.html?command=get_materiel&rest_code=00150&code=00101007068&supplier_code=00100096&order_time=2021-01-25 HTTP/1.1" 200 409
218.81.223.241 - - [25/Jan/2021:09:01:37 +0800] "GET /xingrg/check_reg.html?_=1611536501851 HTTP/1.1" 302 -
114.86.187.76 - - [25/Jan/2021:09:01:38 +0800] "POST /xingrg/kc/buy/cgsh_order_operate.html HTTP/1.1" 200 12
116.232.54.3 - - [25/Jan/2021:09:01:38 +0800] "GET /xingrg/kc/base/check_order_info.html?code=452021012400123 HTTP/1.1" 200 26488
116.232.54.3 - - [25/Jan/2021:09:01:38 +0800] "GET /xingrg/dwr/interface/AjaxComOrderService.js HTTP/1.1" 200 18264
116.232.54.3 - - [25/Jan/2021:09:01:38 +0800] "GET /xingrg/dwr/util.js HTTP/1.1" 304 -
116.232.54.3 - - [25/Jan/2021:09:01:38 +0800] "GET /xingrg/dwr/interface/AjaxCheckService.js HTTP/1.1" 200 14003
116.232.54.3 - - [25/Jan/2021:09:01:38 +0800] "GET /xingrg/dwr/engine.js HTTP/1.1" 200 43631
116.228.172.94 - - [25/Jan/2021:09:01:38 +0800] "GET /xingrg/kc/buy/cgsh_order_operate.html?command=get_materiel&rest_code=00107&code=00101008272&supplier_code=00100006&order_time=2021-01-25 HTTP/1.1" 200 412
116.232.54.3 - - [25/Jan/2021:09:01:39 +0800] "POST /xingrg/dwr/call/plaincall/AjaxCheckService.loadOrderItems.dwr HTTP/1.1" 200 182540
61.165.42.208 - - [25/Jan/2021:09:01:39 +0800] "GET /xingrg/kc/buy/cgsh_order_operate.html?command=get_materiel&rest_code=00105&code=00101020152&supplier_code=00100203&order_time=2021-01-25 HTTP/1.1" 200 416
114.86.187.76 - - [25/Jan/2021:09:01:40 +0800] "GET /xingrg/kc/buy/cgsh_order_info.html?code=212021012511587 HTTP/1.1" 200 56863
114.86.187.76 - - [25/Jan/2021:09:01:40 +0800] "GET /xingrg/javascript/easyui/themes/default/validatebox.css HTTP/1.1" 404 1104
114.86.187.76 - - [25/Jan/2021:09:01:41 +0800] "POST /xingrg/kc/buy/cgsh_order_operate.html HTTP/1.1" 200 4193
120.253.135.82 - - [25/Jan/2021:09:01:41 +0800] "GET /xingrg/all/function/internal_message.html?_=1611536263693&CODE_STATE=getMsg HTTP/1.1" 200 27
218.81.223.241 - - [25/Jan/2021:09:01:42 +0800] "GET /xingrg/all/function/internal_message.html?_=1611536500843&CODE_STATE=getMsg HTTP/1.1" 200 27
114.86.187.76 - - [25/Jan/2021:09:01:43 +0800] "GET /xingrg/kc/print/load_config.html?kc_code=cgsh HTTP/1.1" 200 1845
116.232.54.3 - - [25/Jan/2021:09:01:43 +0800] "POST /xingrg/dwr/call/plaincall/AjaxCheckService.setItemNumber.dwr HTTP/1.1" 200 76
114.86.187.76 - - [25/Jan/2021:09:01:43 +0800] "GET /xingrg/kc/print/load_data.html?order_code=212021012511587&kc_code=cgsh&condition= HTTP/1.1" 200 2157
114.86.187.76 - - [25/Jan/2021:09:01:46 +0800] "GET /xingrg/all/function/internal_message.html?_=1611536507143&CODE_STATE=getMsg HTTP/1.1" 200 27
116.232.54.3 - - [25/Jan/2021:09:01:46 +0800] "POST /xingrg/dwr/call/plaincall/AjaxCheckService.setItemNumber.dwr HTTP/1.1" 200 76
61.165.42.208 - - [25/Jan/2021:09:01:47 +0800] "GET /xingrg/kc/buy/cgsh_order_operate.html?command=get_materiel&rest_code=00105&code=00101008176&supplier_code=00100203&order_time=2021-01-25 HTTP/1.1" 200 413
61.165.42.208 - - [25/Jan/2021:09:01:47 +0800] "POST /xingrg/all/common/load_combo.html?type=base HTTP/1.1" 200 3236
116.232.54.3 - - [25/Jan/2021:09:01:47 +0800] "POST /xingrg/dwr/call/plaincall/AjaxCheckService.setItemNumber.dwr HTTP/1.1" 200 76
116.232.54.3 - - [25/Jan/2021:09:01:48 +0800] "POST /xingrg/dwr/call/plaincall/AjaxCheckService.setItemNumber.dwr HTTP/1.1" 200 76
114.86.187.76 - - [25/Jan/2021:09:01:48 +0800] "GET /xingrg/kc/buy/cgsh_order_add.html HTTP/1.1" 200 61961
116.232.54.3 - - [25/Jan/2021:09:01:49 +0800] "POST /xingrg/dwr/call/plaincall/AjaxCheckService.setItemNumber.dwr HTTP/1.1" 200 76
114.86.187.76 - - [25/Jan/2021:09:01:49 +0800] "POST /xingrg/kc/buy/cgsh_order_operate.html HTTP/1.1" 200 8245
114.86.187.76 - - [25/Jan/2021:09:01:49 +0800] "GET /xingrg/javascript/easyui/themes/default/validatebox.css HTTP/1.1" 404 1104
218.81.223.240 - - [25/Jan/2021:09:01:49 +0800] "GET /xingrg/all/function/internal_message.html?_=1611536517841&CODE_STATE=getMsg HTTP/1.1" 200 27
218.81.223.241 - - [25/Jan/2021:09:01:49 +0800] "GET /xingrg/all/function/internal_message.html?_=1611536514130&CODE_STATE=getMsg HTTP/1.1" 302 -
116.232.54.3 - - [25/Jan/2021:09:01:49 +0800] "POST /xingrg/dwr/call/plaincall/AjaxCheckService.setItemNumber.dwr HTTP/1.1" 200 76
114.88.166.193 - - [25/Jan/2021:09:01:49 +0800] "GET /xingrg/all/function/internal_message.html?_=1611536692472&CODE_STATE=getMsg HTTP/1.1" 200 27
116.232.54.3 - - [25/Jan/2021:09:01:50 +0800] "POST /xingrg/dwr/call/plaincall/AjaxCheckService.setItemNumber.dwr HTTP/1.1" 200 76
116.232.54.3 - - [25/Jan/2021:09:01:50 +0800] "POST /xingrg/dwr/call/plaincall/AjaxCheckService.setItemNumber.dwr HTTP/1.1" 200 76
120.253.135.82 - - [25/Jan/2021:09:01:50 +0800] "POST /xingrg/kc/buy/cgsh_order_operate.html HTTP/1.1" 200 37
116.232.54.3 - - [25/Jan/2021:09:01:51 +0800] "POST /xingrg/dwr/call/plaincall/AjaxCheckService.setItemNumber.dwr HTTP/1.1" 200 76
116.232.54.3 - - [25/Jan/2021:09:01:51 +0800] "POST /xingrg/dwr/call/plaincall/AjaxCheckService.setItemNumber.dwr HTTP/1.1" 200 77
120.253.135.82 - - [25/Jan/2021:09:01:52 +0800] "POST /xingrg/kc/buy/cgsh_order_operate.html HTTP/1.1" 200 2679
116.232.54.3 - - [25/Jan/2021:09:01:52 +0800] "POST /xingrg/dwr/call/plaincall/AjaxCheckService.setItemNumber.dwr HTTP/1.1" 200 77
116.228.172.94 - - [25/Jan/2021:09:01:52 +0800] "GET /xingrg/kc/buy/cgsh_order_operate.html?command=get_materiel&rest_code=00107&code=00101008270&supplier_code=00100006&order_time=2021-01-25 HTTP/1.1" 200 412
180.169.147.146 - - [25/Jan/2021:09:01:52 +0800] "GET /xingrg/all/function/internal_message.html?_=1611536513831&CODE_STATE=getMsg HTTP/1.1" 200 27
116.232.54.3 - - [25/Jan/2021:09:01:52 +0800] "POST /xingrg/dwr/call/plaincall/AjaxCheckService.setItemNumber.dwr HTTP/1.1" 200 77
116.232.54.3 - - [25/Jan/2021:09:01:53 +0800] "POST /xingrg/dwr/call/plaincall/AjaxCheckService.setItemNumber.dwr HTTP/1.1" 200 77
116.232.54.3 - - [25/Jan/2021:09:01:53 +0800] "POST /xingrg/dwr/call/plaincall/AjaxCheckService.setItemNumber.dwr HTTP/1.1" 200 77
120.253.135.82 - - [25/Jan/2021:09:01:53 +0800] "GET /xingrg/kc/print/load_data.html?order_code=212021012511588&kc_code=cgsh&condition= HTTP/1.1" 200 692
116.232.54.3 - - [25/Jan/2021:09:01:54 +0800] "POST /xingrg/dwr/call/plaincall/AjaxCheckService.setItemNumber.dwr HTTP/1.1" 200 77
116.232.54.3 - - [25/Jan/2021:09:01:54 +0800] "POST /xingrg/dwr/call/plaincall/AjaxCheckService.setItemNumber.dwr HTTP/1.1" 200 77
116.232.54.3 - - [25/Jan/2021:09:01:55 +0800] "POST /xingrg/dwr/call/plaincall/AjaxCheckService.setItemNumber.dwr HTTP/1.1" 200 77
116.232.54.3 - - [25/Jan/2021:09:01:55 +0800] "POST /xingrg/dwr/call/plaincall/AjaxCheckService.setItemNumber.dwr HTTP/1.1" 200 77
116.232.54.3 - - [25/Jan/2021:09:01:56 +0800] "POST /xingrg/dwr/call/plaincall/AjaxCheckService.setItemNumber.dwr HTTP/1.1" 200 77
180.156.237.57 - - [25/Jan/2021:09:01:56 +0800] "GET /xingrg/check_reg.html?_=1611536517760 HTTP/1.1" 200 22
180.156.237.57 - - [25/Jan/2021:09:01:56 +0800] "GET /xingrg/all/function/internal_message.html?_=1611536517834&CODE_STATE=getMsg HTTP/1.1" 200 27
116.232.54.3 - - [25/Jan/2021:09:01:57 +0800] "POST /xingrg/dwr/call/plaincall/AjaxCheckService.setItemNumber.dwr HTTP/1.1" 200 77
116.232.54.3 - - [25/Jan/2021:09:01:57 +0800] "POST /xingrg/dwr/call/plaincall/AjaxCheckService.setItemNumber.dwr HTTP/1.1" 200 77
116.232.54.3 - - [25/Jan/2021:09:01:58 +0800] "POST /xingrg/dwr/call/plaincall/AjaxCheckService.setItemNumber.dwr HTTP/1.1" 200 77
116.232.54.3 - - [25/Jan/2021:09:01:58 +0800] "POST /xingrg/dwr/call/plaincall/AjaxCheckService.setItemNumber.dwr HTTP/1.1" 200 77
116.232.54.3 - - [25/Jan/2021:09:01:58 +0800] "POST /xingrg/dwr/call/plaincall/AjaxCheckService.setItemNumber.dwr HTTP/1.1" 200 77
116.232.54.3 - - [25/Jan/2021:09:01:59 +0800] "POST /xingrg/dwr/call/plaincall/AjaxCheckService.setItemNumber.dwr HTTP/1.1" 200 77
116.232.54.3 - - [25/Jan/2021:09:01:59 +0800] "POST /xingrg/dwr/call/plaincall/AjaxCheckService.setItemNumber.dwr HTTP/1.1" 200 77
114.86.187.76 - - [25/Jan/2021:09:01:59 +0800] "GET /xingrg/kc/buy/cgsh_order_operate.html?command=get_materiel&rest_code=00148&code=00101007061&supplier_code=00100004&order_time=2021-01-25 HTTP/1.1" 200 409
116.232.54.3 - - [25/Jan/2021:09:02:00 +0800] "POST /xingrg/dwr/call/plaincall/AjaxCheckService.setItemNumber.dwr HTTP/1.1" 200 77
61.165.42.208 - - [25/Jan/2021:09:02:01 +0800] "POST /xingrg/all/common/load_combo.html?type=base HTTP/1.1" 200 3236
61.165.42.208 - - [25/Jan/2021:09:02:02 +0800] "GET /xingrg/kc/buy/cgsh_order_operate.html?command=get_materiel&rest_code=00105&code=00101008248&supplier_code=00100203&order_time=2021-01-25 HTTP/1.1" 200 412
116.232.54.3 - - [25/Jan/2021:09:02:04 +0800] "POST /xingrg/dwr/call/plaincall/AjaxCheckService.setItemNumber.dwr HTTP/1.1" 200 77
116.232.54.3 - - [25/Jan/2021:09:02:05 +0800] "POST /xingrg/dwr/call/plaincall/AjaxCheckService.setItemNumber.dwr HTTP/1.1" 200 77
116.228.172.94 - - [25/Jan/2021:09:02:05 +0800] "GET /xingrg/kc/buy/cgsh_order_operate.html?command=get_materiel&rest_code=00107&code=00101008344&supplier_code=00100006&order_time=2021-01-25 HTTP/1.1" 200 412
61.165.42.208 - - [25/Jan/2021:09:02:05 +0800] "GET /xingrg/check_reg.html?_=1611536508929 HTTP/1.1" 200 22
61.165.42.208 - - [25/Jan/2021:09:02:05 +0800] "GET /xingrg/all/function/internal_message.html?_=1611536508932&CODE_STATE=getMsg HTTP/1.1" 200 27
116.232.54.3 - - [25/Jan/2021:09:02:05 +0800] "POST /xingrg/dwr/call/plaincall/AjaxCheckService.setItemNumber.dwr HTTP/1.1" 200 77
116.232.54.3 - - [25/Jan/2021:09:02:06 +0800] "POST /xingrg/dwr/call/plaincall/AjaxCheckService.setItemNumber.dwr HTTP/1.1" 200 77
116.232.54.3 - - [25/Jan/2021:09:02:06 +0800] "POST /xingrg/dwr/call/plaincall/AjaxCheckService.setItemNumber.dwr HTTP/1.1" 200 77
116.232.54.3 - - [25/Jan/2021:09:02:07 +0800] "POST /xingrg/dwr/call/plaincall/AjaxCheckService.setItemNumber.dwr HTTP/1.1" 200 77
116.232.54.3 - - [25/Jan/2021:09:02:07 +0800] "POST /xingrg/dwr/call/plaincall/AjaxCheckService.setItemNumber.dwr HTTP/1.1" 200 77
114.88.166.193 - - [25/Jan/2021:09:02:07 +0800] "GET /xingrg/kc/base/check_order_info.html?code=452021012400110 HTTP/1.1" 200 26444
116.232.54.3 - - [25/Jan/2021:09:02:08 +0800] "POST /xingrg/dwr/call/plaincall/AjaxCheckService.setItemNumber.dwr HTTP/1.1" 200 77
61.165.42.208 - - [25/Jan/2021:09:02:08 +0800] "GET /xingrg/kc/buy/cgsh_order_operate.html?command=get_materiel&rest_code=00105&code=00101008261&supplier_code=00100203&order_time=2021-01-25 HTTP/1.1" 200 408
116.232.54.3 - - [25/Jan/2021:09:02:08 +0800] "POST /xingrg/dwr/call/plaincall/AjaxCheckService.setItemNumber.dwr HTTP/1.1" 200 77
116.232.54.3 - - [25/Jan/2021:09:02:09 +0800] "POST /xingrg/dwr/call/plaincall/AjaxCheckService.setItemNumber.dwr HTTP/1.1" 200 77
120.253.135.82 - - [25/Jan/2021:09:02:09 +0800] "GET /xingrg/all/function/internal_message.html?_=1611536577205&CODE_STATE=getMsg HTTP/1.1" 200 27
116.232.54.3 - - [25/Jan/2021:09:02:10 +0800] "POST /xingrg/dwr/call/plaincall/AjaxCheckService.setItemNumber.dwr HTTP/1.1" 200 77
116.232.54.3 - - [25/Jan/2021:09:02:10 +0800] "POST /xingrg/dwr/call/plaincall/AjaxCheckService.setItemNumber.dwr HTTP/1.1" 200 77
114.86.187.76 - - [25/Jan/2021:09:02:10 +0800] "GET /xingrg/kc/buy/cgsh_order_operate.html?command=get_materiel&rest_code=00148&code=00101007038&supplier_code=00100004&order_time=2021-01-25 HTTP/1.1" 200 442
180.156.237.57 - - [25/Jan/2021:09:02:11 +0800] "GET /xingrg/check_reg.html?_=1611536509487 HTTP/1.1" 200 22
180.156.237.57 - - [25/Jan/2021:09:02:11 +0800] "GET /xingrg/all/function/internal_message.html?_=1611536509565&CODE_STATE=getMsg HTTP/1.1" 200 27
116.232.54.3 - - [25/Jan/2021:09:02:11 +0800] "POST /xingrg/dwr/call/plaincall/AjaxCheckService.setItemNumber.dwr HTTP/1.1" 200 77
116.232.54.3 - - [25/Jan/2021:09:02:11 +0800] "POST /xingrg/dwr/call/plaincall/AjaxCheckService.setItemNumber.dwr HTTP/1.1" 200 77
61.165.42.208 - - [25/Jan/2021:09:02:12 +0800] "POST /xingrg/kc/buy/cgsh_order_operate.html HTTP/1.1" 200 2065
114.88.166.193 - - [25/Jan/2021:09:02:12 +0800] "GET /xingrg/dwr/interface/AjaxCheckService.js HTTP/1.1" 200 14003
114.88.166.193 - - [25/Jan/2021:09:02:12 +0800] "GET /xingrg/dwr/interface/AjaxComOrderService.js HTTP/1.1" 200 18264
114.88.166.193 - - [25/Jan/2021:09:02:12 +0800] "GET /xingrg/dwr/engine.js HTTP/1.1" 200 43631
116.232.54.3 - - [25/Jan/2021:09:02:12 +0800] "POST /xingrg/dwr/call/plaincall/AjaxCheckService.setItemNumber.dwr HTTP/1.1" 200 77
180.156.237.57 - - [25/Jan/2021:09:02:12 +0800] "GET /xingrg/kc/buy/cgsh_order_operate.html?command=get_materiel&rest_code=00150&code=00101007081&supplier_code=00100096&order_time=2021-01-25 HTTP/1.1" 200 415
114.88.166.193 - - [25/Jan/2021:09:02:13 +0800] "POST /xingrg/dwr/call/plaincall/AjaxCheckService.loadOrderItems.dwr HTTP/1.1" 200 47332
61.165.42.208 - - [25/Jan/2021:09:02:13 +0800] "POST /xingrg/kc/buy/cgsh_order_operate.html HTTP/1.1" 200 2065
116.228.172.94 - - [25/Jan/2021:09:02:15 +0800] "GET /xingrg/kc/buy/cgsh_order_operate.html?command=get_materiel&rest_code=00107&code=00101020029&supplier_code=00100006&order_time=2021-01-25 HTTP/1.1" 200 413
61.165.42.208 - - [25/Jan/2021:09:02:16 +0800] "GET /xingrg/all/function/internal_message.html?_=1611536536621&CODE_STATE=getMsg HTTP/1.1" 200 27
116.227.17.229 - - [25/Jan/2021:09:02:16 +0800] "GET /xingrg/all/function/internal_message.html?_=1611536534781&CODE_STATE=getMsg HTTP/1.1" 200 27
180.169.147.146 - - [25/Jan/2021:09:02:17 +0800] "GET /xingrg/all/function/internal_message.html?_=1611536545190&CODE_STATE=getMsg HTTP/1.1" 200 27
58.37.230.33 - - [25/Jan/2021:09:02:19 +0800] "GET /xingrg/all/function/internal_message.html?_=1611536551920&CODE_STATE=getMsg HTTP/1.1" 200 27
114.88.166.193 - - [25/Jan/2021:09:02:20 +0800] "POST /xingrg/dwr/call/plaincall/AjaxCheckService.setItemNumber.dwr HTTP/1.1" 200 76
116.232.54.3 - - [25/Jan/2021:09:02:21 +0800] "POST /xingrg/dwr/call/plaincall/AjaxCheckService.setItemNumber.dwr HTTP/1.1" 200 77
61.165.42.208 - - [25/Jan/2021:09:02:22 +0800] "GET /xingrg/kc/buy/cgsh_order_operate.html?command=get_materiel&rest_code=00105&code=00101008349&supplier_code=00100203&order_time=2021-01-25 HTTP/1.1" 200 412
116.232.54.3 - - [25/Jan/2021:09:02:22 +0800] "GET /xingrg/all/function/internal_message.html?_=1611536544279&CODE_STATE=getMsg HTTP/1.1" 200 27
114.88.166.193 - - [25/Jan/2021:09:02:22 +0800] "POST /xingrg/dwr/call/plaincall/AjaxCheckService.setItemNumber.dwr HTTP/1.1" 200 76
114.88.166.193 - - [25/Jan/2021:09:02:24 +0800] "POST /xingrg/dwr/call/plaincall/AjaxCheckService.setItemNumber.dwr HTTP/1.1" 200 76
116.228.172.94 - - [25/Jan/2021:09:02:26 +0800] "POST /xingrg/kc/buy/cgsh_order_operate.html HTTP/1.1" 200 37
114.86.187.76 - - [25/Jan/2021:09:02:27 +0800] "GET /xingrg/kc/buy/cgsh_order_operate.html?command=get_materiel&rest_code=00148&code=00101007081&supplier_code=00100004&order_time=2021-01-25 HTTP/1.1" 200 413
61.129.6.151 - - [25/Jan/2021:09:02:27 +0800] "GET /xingrg/all/function/internal_message.html?_=1611536252015&CODE_STATE=getMsg HTTP/1.1" 302 -
180.156.237.57 - - [25/Jan/2021:09:02:28 +0800] "GET /xingrg/kc/buy/cgsh_order_operate.html?command=get_materiel&rest_code=00150&code=00101007071&supplier_code=00100096&order_time=2021-01-25 HTTP/1.1" 200 417
114.88.166.193 - - [25/Jan/2021:09:02:28 +0800] "POST /xingrg/dwr/call/plaincall/AjaxCheckService.setItemNumber.dwr HTTP/1.1" 200 76
116.228.172.94 - - [25/Jan/2021:09:02:28 +0800] "GET /xingrg/all/function/internal_message.html?_=1611536547055&CODE_STATE=getMsg HTTP/1.1" 200 27
116.228.172.94 - - [25/Jan/2021:09:02:29 +0800] "POST /xingrg/kc/buy/cgsh_order_operate.html HTTP/1.1" 200 26943
114.88.166.193 - - [25/Jan/2021:09:02:30 +0800] "POST /xingrg/dwr/call/plaincall/AjaxCheckService.setItemNumber.dwr HTTP/1.1" 200 76
114.88.166.193 - - [25/Jan/2021:09:02:31 +0800] "POST /xingrg/dwr/call/plaincall/AjaxCheckService.setItemNumber.dwr HTTP/1.1" 200 76
114.88.166.193 - - [25/Jan/2021:09:02:32 +0800] "POST /xingrg/dwr/call/plaincall/AjaxCheckService.setItemNumber.dwr HTTP/1.1" 200 76
61.165.42.208 - - [25/Jan/2021:09:02:33 +0800] "GET /xingrg/kc/buy/cgsh_order_operate.html?command=get_materiel&rest_code=00105&code=00101008333&supplier_code=00100203&order_time=2021-01-25 HTTP/1.1" 200 431
61.129.6.151 - - [25/Jan/2021:09:02:33 +0800] "GET /xingrg/login.html HTTP/1.1" 200 7641
114.88.166.193 - - [25/Jan/2021:09:02:34 +0800] "POST /xingrg/dwr/call/plaincall/AjaxCheckService.setItemNumber.dwr HTTP/1.1" 200 76
114.88.166.193 - - [25/Jan/2021:09:02:35 +0800] "POST /xingrg/dwr/call/plaincall/AjaxCheckService.setItemNumber.dwr HTTP/1.1" 200 76
114.88.166.193 - - [25/Jan/2021:09:02:36 +0800] "POST /xingrg/dwr/call/plaincall/AjaxCheckService.setItemNumber.dwr HTTP/1.1" 200 77
114.88.166.193 - - [25/Jan/2021:09:02:38 +0800] "POST /xingrg/dwr/call/plaincall/AjaxCheckService.setItemNumber.dwr HTTP/1.1" 200 77
61.165.42.208 - - [25/Jan/2021:09:02:38 +0800] "GET /xingrg/kc/base/wldb_order_operate.html?command=get_materiel&rest_code=00105&base_code=0010508&code=00102002197 HTTP/1.1" 200 446
114.88.166.193 - - [25/Jan/2021:09:02:39 +0800] "POST /xingrg/dwr/call/plaincall/AjaxCheckService.setItemNumber.dwr HTTP/1.1" 200 77
180.156.237.57 - - [25/Jan/2021:09:02:40 +0800] "GET /xingrg/kc/buy/cgsh_order_operate.html?command=get_materiel&rest_code=00150&code=00101007077&supplier_code=00100096&order_time=2021-01-25 HTTP/1.1" 200 415
114.88.166.193 - - [25/Jan/2021:09:02:41 +0800] "POST /xingrg/dwr/call/plaincall/AjaxCheckService.setItemNumber.dwr HTTP/1.1" 200 77
218.81.223.241 - - [25/Jan/2021:09:02:42 +0800] "GET /xingrg/all/function/internal_message.html?_=1611536560843&CODE_STATE=getMsg HTTP/1.1" 200 27
120.253.135.82 - - [25/Jan/2021:09:02:42 +0800] "GET /xingrg/all/function/internal_message.html?_=1611536323953&CODE_STATE=getMsg HTTP/1.1" 200 27
114.88.166.193 - - [25/Jan/2021:09:02:42 +0800] "POST /xingrg/dwr/call/plaincall/AjaxCheckService.setItemNumber.dwr HTTP/1.1" 200 77
114.88.166.193 - - [25/Jan/2021:09:02:44 +0800] "POST /xingrg/dwr/call/plaincall/AjaxCheckService.setItemNumber.dwr HTTP/1.1" 200 77
114.88.166.193 - - [25/Jan/2021:09:02:45 +0800] "POST /xingrg/dwr/call/plaincall/AjaxCheckService.setItemNumber.dwr HTTP/1.1" 200 77
114.86.187.76 - - [25/Jan/2021:09:02:46 +0800] "GET /xingrg/all/function/internal_message.html?_=1611536567111&CODE_STATE=getMsg HTTP/1.1" 200 27
114.88.166.193 - - [25/Jan/2021:09:02:46 +0800] "POST /xingrg/dwr/call/plaincall/AjaxCheckService.setItemNumber.dwr HTTP/1.1" 200 77
116.232.54.3 - - [25/Jan/2021:09:02:47 +0800] "POST /xingrg/dwr/call/plaincall/AjaxCheckService.setItemNumber.dwr HTTP/1.1" 200 77
116.232.54.3 - - [25/Jan/2021:09:02:47 +0800] "POST /xingrg/dwr/call/plaincall/AjaxCheckService.setItemNumber.dwr HTTP/1.1" 200 77
114.88.166.193 - - [25/Jan/2021:09:02:48 +0800] "POST /xingrg/dwr/call/plaincall/AjaxCheckService.setItemNumber.dwr HTTP/1.1" 200 77
218.81.223.240 - - [25/Jan/2021:09:02:49 +0800] "GET /xingrg/all/function/internal_message.html?_=1611536577855&CODE_STATE=getMsg HTTP/1.1" 200 27
218.81.223.241 - - [25/Jan/2021:09:02:49 +0800] "GET /xingrg/all/function/internal_message.html?_=1611536574138&CODE_STATE=getMsg HTTP/1.1" 302 -
114.88.166.193 - - [25/Jan/2021:09:02:49 +0800] "GET /xingrg/all/function/internal_message.html?_=1611536752474&CODE_STATE=getMsg HTTP/1.1" 200 27
114.88.166.193 - - [25/Jan/2021:09:02:50 +0800] "POST /xingrg/dwr/call/plaincall/AjaxCheckService.setItemNumber.dwr HTTP/1.1" 200 77
116.232.54.3 - - [25/Jan/2021:09:02:51 +0800] "GET /xingrg/login.html HTTP/1.1" 200 7641
116.232.54.3 - - [25/Jan/2021:09:02:51 +0800] "POST /xingrg/dwr/call/plaincall/AjaxCheckService.setItemNumber.dwr HTTP/1.1" 200 77
114.88.166.193 - - [25/Jan/2021:09:02:51 +0800] "POST /xingrg/dwr/call/plaincall/AjaxCheckService.setItemNumber.dwr HTTP/1.1" 200 77
