180.175.150.119 - - [25/Jan/2021:09:22:12 +0800] "GET /xingrg/kc/buy/cgsh_order_operate.html?command=get_materiel&rest_code=00102&code=00101006065&supplier_code=00100096&order_time=2021-01-25 HTTP/1.1" 200 411
180.175.150.119 - - [25/Jan/2021:09:22:13 +0800] "GET /xingrg/all/function/internal_message.html?_=1611537978016&CODE_STATE=getMsg HTTP/1.1" 200 27
116.228.172.94 - - [25/Jan/2021:09:22:13 +0800] "GET /xingrg/kc/base/check_order_info.html?code=452021012400139 HTTP/1.1" 200 26484
116.228.172.94 - - [25/Jan/2021:09:22:13 +0800] "GET /xingrg/dwr/interface/AjaxComOrderService.js HTTP/1.1" 200 18264
116.228.172.94 - - [25/Jan/2021:09:22:13 +0800] "GET /xingrg/dwr/interface/AjaxCheckService.js HTTP/1.1" 200 14003
116.228.172.94 - - [25/Jan/2021:09:22:13 +0800] "GET /xingrg/dwr/engine.js HTTP/1.1" 200 43631
116.228.172.94 - - [25/Jan/2021:09:22:14 +0800] "POST /xingrg/dwr/call/plaincall/AjaxCheckService.loadOrderItems.dwr HTTP/1.1" 200 5439
180.156.237.57 - - [25/Jan/2021:09:22:15 +0800] "GET /xingrg/all/function/internal_message.html?_=1611537736365&CODE_STATE=getMsg HTTP/1.1" 200 27
61.165.42.208 - - [25/Jan/2021:09:22:16 +0800] "GET /xingrg/all/function/internal_message.html?_=1611537736523&CODE_STATE=getMsg HTTP/1.1" 200 27
116.227.17.229 - - [25/Jan/2021:09:22:16 +0800] "GET /xingrg/all/function/internal_message.html?_=1611537736459&CODE_STATE=getMsg HTTP/1.1" 200 27
180.169.147.146 - - [25/Jan/2021:09:22:17 +0800] "GET /xingrg/all/function/internal_message.html?_=1611537745206&CODE_STATE=getMsg HTTP/1.1" 200 27
180.156.237.57 - - [25/Jan/2021:09:22:17 +0800] "GET /xingrg/kc/buy/cgsh_order_operate.html?command=get_materiel&rest_code=00151&code=00101008036&supplier_code=00100007&order_time=2021-01-25 HTTP/1.1" 200 408
218.81.223.240 - - [25/Jan/2021:09:22:18 +0800] "GET /xingrg/kc/buy/cgsh_order_operate.html?command=get_materiel&rest_code=00146&code=00101008298&supplier_code=00100005&order_time=2021-01-25 HTTP/1.1" 200 413
116.228.172.94 - - [25/Jan/2021:09:22:19 +0800] "POST /xingrg/dwr/call/plaincall/AjaxCheckService.setItemNumber.dwr HTTP/1.1" 200 76
58.37.230.33 - - [25/Jan/2021:09:22:19 +0800] "GET /xingrg/all/function/internal_message.html?_=1611537751429&CODE_STATE=getMsg HTTP/1.1" 200 27
116.228.172.94 - - [25/Jan/2021:09:22:19 +0800] "POST /xingrg/dwr/call/plaincall/AjaxCheckService.setItemNumber.dwr HTTP/1.1" 200 76
116.228.172.94 - - [25/Jan/2021:09:22:20 +0800] "POST /xingrg/dwr/call/plaincall/AjaxCheckService.setItemNumber.dwr HTTP/1.1" 200 76
114.88.166.193 - - [25/Jan/2021:09:22:20 +0800] "POST /xingrg/dwr/call/plaincall/AjaxCheckService.setItemNumber.dwr HTTP/1.1" 200 78
116.228.172.94 - - [25/Jan/2021:09:22:20 +0800] "POST /xingrg/dwr/call/plaincall/AjaxCheckService.setItemNumber.dwr HTTP/1.1" 200 76
218.81.223.240 - - [25/Jan/2021:09:22:21 +0800] "POST /xingrg/kc/buy/cgsh_order_operate.html HTTP/1.1" 200 2065
116.228.172.94 - - [25/Jan/2021:09:22:21 +0800] "POST /xingrg/dwr/call/plaincall/AjaxCheckService.setItemNumber.dwr HTTP/1.1" 200 76
116.228.172.94 - - [25/Jan/2021:09:22:21 +0800] "POST /xingrg/dwr/call/plaincall/AjaxCheckService.setItemNumber.dwr HTTP/1.1" 200 76
116.228.172.94 - - [25/Jan/2021:09:22:22 +0800] "POST /xingrg/dwr/call/plaincall/AjaxCheckService.setItemNumber.dwr HTTP/1.1" 200 76
116.232.54.3 - - [25/Jan/2021:09:22:22 +0800] "GET /xingrg/all/function/internal_message.html?_=1611537742241&CODE_STATE=getMsg HTTP/1.1" 200 27
116.228.172.94 - - [25/Jan/2021:09:22:22 +0800] "POST /xingrg/dwr/call/plaincall/AjaxCheckService.setItemNumber.dwr HTTP/1.1" 200 76
180.156.237.57 - - [25/Jan/2021:09:22:24 +0800] "GET /xingrg/kc/buy/cgsh_order_operate.html?command=get_materiel&rest_code=00151&code=00101008355&supplier_code=00100007&order_time=2021-01-25 HTTP/1.1" 200 408
114.88.166.193 - - [25/Jan/2021:09:22:26 +0800] "POST /xingrg/dwr/call/plaincall/AjaxCheckService.setItemNumber.dwr HTTP/1.1" 200 78
218.81.223.240 - - [25/Jan/2021:09:22:28 +0800] "GET /xingrg/kc/buy/cgsh_order_operate.html?command=get_materiel&rest_code=00146&code=00101008274&supplier_code=00100005&order_time=2021-01-25 HTTP/1.1" 200 412
116.228.172.94 - - [25/Jan/2021:09:22:28 +0800] "GET /xingrg/all/function/internal_message.html?_=1611537746792&CODE_STATE=getMsg HTTP/1.1" 200 27
116.228.172.94 - - [25/Jan/2021:09:22:29 +0800] "POST /xingrg/dwr/call/plaincall/AjaxCheckService.checkOrder.dwr HTTP/1.1" 200 78
114.88.166.193 - - [25/Jan/2021:09:22:29 +0800] "POST /xingrg/dwr/call/plaincall/AjaxCheckService.setItemNumber.dwr HTTP/1.1" 200 78
116.228.172.94 - - [25/Jan/2021:09:22:31 +0800] "GET /xingrg/kc/base/check_order_info.html?code=452021012400139 HTTP/1.1" 200 22854
116.228.172.94 - - [25/Jan/2021:09:22:31 +0800] "GET /xingrg/dwr/interface/AjaxComOrderService.js HTTP/1.1" 200 18264
116.228.172.94 - - [25/Jan/2021:09:22:31 +0800] "GET /xingrg/dwr/interface/AjaxCheckService.js HTTP/1.1" 200 14003
116.228.172.94 - - [25/Jan/2021:09:22:31 +0800] "GET /xingrg/dwr/engine.js HTTP/1.1" 200 43631
114.88.166.193 - - [25/Jan/2021:09:22:32 +0800] "POST /xingrg/dwr/call/plaincall/AjaxCheckService.setItemNumber.dwr HTTP/1.1" 200 78
116.228.172.94 - - [25/Jan/2021:09:22:32 +0800] "POST /xingrg/dwr/call/plaincall/AjaxCheckService.loadOrderItems.dwr HTTP/1.1" 200 2592
114.88.166.193 - - [25/Jan/2021:09:22:33 +0800] "POST /xingrg/dwr/call/plaincall/AjaxCheckService.setItemNumber.dwr HTTP/1.1" 200 78
180.175.150.119 - - [25/Jan/2021:09:22:33 +0800] "GET /xingrg/kc/buy/cgsh_order_operate.html?command=get_materiel&rest_code=00102&code=00101006195&supplier_code=00100096&order_time=2021-01-25 HTTP/1.1" 200 411
114.88.166.193 - - [25/Jan/2021:09:22:34 +0800] "POST /xingrg/dwr/call/plaincall/AjaxCheckService.setItemNumber.dwr HTTP/1.1" 200 78
114.88.166.193 - - [25/Jan/2021:09:22:36 +0800] "POST /xingrg/dwr/call/plaincall/AjaxCheckService.setItemNumber.dwr HTTP/1.1" 200 78
114.88.166.193 - - [25/Jan/2021:09:22:40 +0800] "POST /xingrg/dwr/call/plaincall/AjaxCheckService.setItemNumber.dwr HTTP/1.1" 200 78
180.156.237.57 - - [25/Jan/2021:09:22:40 +0800] "GET /xingrg/all/function/internal_message.html?_=1611537739165&CODE_STATE=getMsg HTTP/1.1" 200 27
116.232.54.3 - - [25/Jan/2021:09:22:42 +0800] "GET /xingrg/check_reg.html?_=1611537803093 HTTP/1.1" 200 22
218.81.223.241 - - [25/Jan/2021:09:22:42 +0800] "GET /xingrg/all/function/internal_message.html?_=1611537760877&CODE_STATE=getMsg HTTP/1.1" 200 27
180.156.237.57 - - [25/Jan/2021:09:22:42 +0800] "POST /xingrg/kc/buy/cgsh_order_operate.html HTTP/1.1" 200 37
218.81.223.240 - - [25/Jan/2021:09:22:42 +0800] "GET /xingrg/kc/buy/cgsh_order_operate.html?command=get_materiel&rest_code=00146&code=00101008225&supplier_code=00100005&order_time=2021-01-25 HTTP/1.1" 200 416
180.156.237.57 - - [25/Jan/2021:09:22:43 +0800] "POST /xingrg/kc/buy/cgsh_order_operate.html HTTP/1.1" 200 25380
114.88.166.193 - - [25/Jan/2021:09:22:43 +0800] "POST /xingrg/dwr/call/plaincall/AjaxCheckService.setItemNumber.dwr HTTP/1.1" 200 78
120.253.135.82 - - [25/Jan/2021:09:22:45 +0800] "GET /xingrg/all/function/internal_message.html?_=1611537527225&CODE_STATE=getMsg HTTP/1.1" 200 27
114.86.187.76 - - [25/Jan/2021:09:22:46 +0800] "GET /xingrg/all/function/internal_message.html?_=1611537767016&CODE_STATE=getMsg HTTP/1.1" 200 27
180.175.150.119 - - [25/Jan/2021:09:22:47 +0800] "GET /xingrg/kc/buy/cgsh_order_operate.html?command=get_materiel&rest_code=00102&code=00101006133&supplier_code=00100096&order_time=2021-01-25 HTTP/1.1" 200 413
218.81.223.240 - - [25/Jan/2021:09:22:49 +0800] "GET /xingrg/all/function/internal_message.html?_=1611537778282&CODE_STATE=getMsg HTTP/1.1" 200 27
218.81.223.241 - - [25/Jan/2021:09:22:49 +0800] "GET /xingrg/all/function/internal_message.html?_=1611537774456&CODE_STATE=getMsg HTTP/1.1" 302 -
114.88.166.193 - - [25/Jan/2021:09:22:49 +0800] "POST /xingrg/dwr/call/plaincall/AjaxCheckService.setItemNumber.dwr HTTP/1.1" 200 78
114.88.166.193 - - [25/Jan/2021:09:22:50 +0800] "GET /xingrg/all/function/internal_message.html?_=1611537953371&CODE_STATE=getMsg HTTP/1.1" 200 27
218.81.223.240 - - [25/Jan/2021:09:22:51 +0800] "GET /xingrg/kc/buy/cgsh_order_operate.html?command=get_materiel&rest_code=00146&code=00101008091&supplier_code=00100005&order_time=2021-01-25 HTTP/1.1" 200 413
180.169.147.146 - - [25/Jan/2021:09:22:52 +0800] "GET /xingrg/all/function/internal_message.html?_=1611537773856&CODE_STATE=getMsg HTTP/1.1" 200 27
116.232.54.3 - - [25/Jan/2021:09:22:53 +0800] "GET /xingrg/all/function/internal_message.html?_=1611537815171&CODE_STATE=getMsg HTTP/1.1" 200 27
114.88.166.193 - - [25/Jan/2021:09:22:57 +0800] "POST /xingrg/dwr/call/plaincall/AjaxCheckService.setItemNumber.dwr HTTP/1.1" 200 78
180.156.237.57 - - [25/Jan/2021:09:22:59 +0800] "GET /xingrg/kc/buy/cgsh_order_list.html HTTP/1.1" 200 46221
180.156.237.57 - - [25/Jan/2021:09:23:00 +0800] "POST /xingrg/kc/buy/cgsh_list_operate.html HTTP/1.1" 200 1689
180.156.237.57 - - [25/Jan/2021:09:23:02 +0800] "GET /xingrg/kc/buy/cgsh_order_add.html HTTP/1.1" 200 61597
180.156.237.57 - - [25/Jan/2021:09:23:03 +0800] "GET /xingrg/javascript/easyui/themes/default/validatebox.css HTTP/1.1" 404 1104
180.156.237.57 - - [25/Jan/2021:09:23:03 +0800] "POST /xingrg/kc/buy/cgsh_order_operate.html HTTP/1.1" 200 8245
114.88.166.193 - - [25/Jan/2021:09:23:04 +0800] "POST /xingrg/dwr/call/plaincall/AjaxCheckService.setItemNumber.dwr HTTP/1.1" 200 78
218.81.223.240 - - [25/Jan/2021:09:23:05 +0800] "GET /xingrg/kc/buy/cgsh_order_operate.html?command=get_materiel&rest_code=00146&code=00101008350&supplier_code=00100005&order_time=2021-01-25 HTTP/1.1" 200 408
180.175.150.119 - - [25/Jan/2021:09:23:05 +0800] "GET /xingrg/kc/buy/cgsh_order_operate.html?command=get_materiel&rest_code=00102&code=00101007061&supplier_code=00100096&order_time=2021-01-25 HTTP/1.1" 200 409
61.165.42.208 - - [25/Jan/2021:09:23:05 +0800] "GET /xingrg/all/function/internal_message.html?_=1611537768960&CODE_STATE=getMsg HTTP/1.1" 200 27
120.253.135.82 - - [25/Jan/2021:09:23:10 +0800] "GET /xingrg/all/function/internal_message.html?_=1611537837739&CODE_STATE=getMsg HTTP/1.1" 200 27
180.175.150.119 - - [25/Jan/2021:09:23:13 +0800] "GET /xingrg/all/function/internal_message.html?_=1611538038152&CODE_STATE=getMsg HTTP/1.1" 200 27
180.156.237.57 - - [25/Jan/2021:09:23:15 +0800] "GET /xingrg/all/function/internal_message.html?_=1611537796337&CODE_STATE=getMsg HTTP/1.1" 200 27
61.165.42.208 - - [25/Jan/2021:09:23:16 +0800] "GET /xingrg/all/function/internal_message.html?_=1611537796511&CODE_STATE=getMsg HTTP/1.1" 200 27
180.175.150.119 - - [25/Jan/2021:09:23:16 +0800] "GET /xingrg/kc/buy/cgsh_order_operate.html?command=get_materiel&rest_code=00102&code=00101007092&supplier_code=00100096&order_time=2021-01-25 HTTP/1.1" 200 409
218.81.223.240 - - [25/Jan/2021:09:23:16 +0800] "GET /xingrg/kc/buy/cgsh_order_operate.html?command=get_materiel&rest_code=00146&code=00101008313&supplier_code=00100005&order_time=2021-01-25 HTTP/1.1" 200 413
116.227.17.229 - - [25/Jan/2021:09:23:16 +0800] "GET /xingrg/all/function/internal_message.html?_=1611537796458&CODE_STATE=getMsg HTTP/1.1" 200 27
180.169.147.146 - - [25/Jan/2021:09:23:17 +0800] "GET /xingrg/all/function/internal_message.html?_=1611537805208&CODE_STATE=getMsg HTTP/1.1" 200 27
116.232.54.3 - - [25/Jan/2021:09:23:19 +0800] "GET /xingrg/kc/buy/buy_main.html HTTP/1.1" 200 12412
116.232.54.3 - - [25/Jan/2021:09:23:19 +0800] "GET /xingrg/css/new_ie.css HTTP/1.1" 404 1036
58.37.230.33 - - [25/Jan/2021:09:23:19 +0800] "GET /xingrg/all/function/internal_message.html?_=1611537811428&CODE_STATE=getMsg HTTP/1.1" 200 27
116.232.54.3 - - [25/Jan/2021:09:23:20 +0800] "GET /xingrg/images/yd/bt.gif HTTP/1.1" 404 1040
218.81.223.240 - - [25/Jan/2021:09:23:21 +0800] "POST /xingrg/kc/buy/cgsh_order_operate.html HTTP/1.1" 200 2065
116.232.54.3 - - [25/Jan/2021:09:23:22 +0800] "GET /xingrg/all/function/internal_message.html?_=1611537802235&CODE_STATE=getMsg HTTP/1.1" 200 27
116.232.54.3 - - [25/Jan/2021:09:23:24 +0800] "GET /xingrg/kc/buy/cgsh_order_list.html HTTP/1.1" 200 46217
116.232.54.3 - - [25/Jan/2021:09:23:24 +0800] "GET /xingrg/javascript/easyui/themes/icons/import_new.png HTTP/1.1" 304 -
116.232.54.3 - - [25/Jan/2021:09:23:25 +0800] "POST /xingrg/kc/buy/cgsh_list_operate.html HTTP/1.1" 200 876
116.228.172.94 - - [25/Jan/2021:09:23:25 +0800] "GET /xingrg/check_reg.html?_=1611537803556 HTTP/1.1" 200 22
180.156.237.57 - - [25/Jan/2021:09:23:27 +0800] "GET /xingrg/kc/buy/cgsh_order_operate.html?command=get_materiel&rest_code=00151&code=00101009001&supplier_code=00100424&order_time=2021-01-25 HTTP/1.1" 200 416
116.228.172.94 - - [25/Jan/2021:09:23:28 +0800] "GET /xingrg/all/function/internal_message.html?_=1611537806777&CODE_STATE=getMsg HTTP/1.1" 200 27
116.232.54.3 - - [25/Jan/2021:09:23:32 +0800] "GET /xingrg/javascript/auto/indicator.gif HTTP/1.1" 404 1066
180.175.150.119 - - [25/Jan/2021:09:23:38 +0800] "GET /xingrg/kc/buy/cgsh_order_operate.html?command=get_materiel&rest_code=00102&code=00101006124&supplier_code=00100096&order_time=2021-01-25 HTTP/1.1" 200 411
180.156.237.57 - - [25/Jan/2021:09:23:40 +0800] "GET /xingrg/all/function/internal_message.html?_=1611537799229&CODE_STATE=getMsg HTTP/1.1" 200 27
218.81.223.241 - - [25/Jan/2021:09:23:42 +0800] "GET /xingrg/all/function/internal_message.html?_=1611537820875&CODE_STATE=getMsg HTTP/1.1" 200 27
116.232.54.3 - - [25/Jan/2021:09:23:44 +0800] "POST /xingrg/kc/buy/cgsh_list_operate.html HTTP/1.1" 200 5438
120.253.135.82 - - [25/Jan/2021:09:23:45 +0800] "GET /xingrg/all/function/internal_message.html?_=1611537587237&CODE_STATE=getMsg HTTP/1.1" 200 27
114.86.187.76 - - [25/Jan/2021:09:23:46 +0800] "GET /xingrg/all/function/internal_message.html?_=1611537827042&CODE_STATE=getMsg HTTP/1.1" 200 27
180.175.150.119 - - [25/Jan/2021:09:23:46 +0800] "GET /xingrg/kc/buy/cgsh_order_operate.html?command=get_materiel&rest_code=00102&code=00101006110&supplier_code=00100096&order_time=2021-01-25 HTTP/1.1" 200 427
218.81.223.240 - - [25/Jan/2021:09:23:49 +0800] "GET /xingrg/all/function/internal_message.html?_=1611537838296&CODE_STATE=getMsg HTTP/1.1" 200 27
218.81.223.241 - - [25/Jan/2021:09:23:49 +0800] "GET /xingrg/all/function/internal_message.html?_=1611537834476&CODE_STATE=getMsg HTTP/1.1" 302 -
218.81.223.240 - - [25/Jan/2021:09:23:50 +0800] "GET /xingrg/kc/buy/cgsh_order_operate.html?command=get_materiel&rest_code=00146&code=00101008141&supplier_code=00100005&order_time=2021-01-25 HTTP/1.1" 200 412
114.88.166.193 - - [25/Jan/2021:09:23:50 +0800] "GET /xingrg/all/function/internal_message.html?_=1611538013350&CODE_STATE=getMsg HTTP/1.1" 200 27
180.175.150.119 - - [25/Jan/2021:09:23:51 +0800] "GET /xingrg/kc/buy/cgsh_order_operate.html?command=get_materiel&rest_code=00102&code=00101006112&supplier_code=00100096&order_time=2021-01-25 HTTP/1.1" 200 409
180.169.147.146 - - [25/Jan/2021:09:23:52 +0800] "GET /xingrg/all/function/internal_message.html?_=1611537833859&CODE_STATE=getMsg HTTP/1.1" 200 27
116.232.54.3 - - [25/Jan/2021:09:23:53 +0800] "GET /xingrg/all/function/internal_message.html?_=1611537875171&CODE_STATE=getMsg HTTP/1.1" 200 27
218.81.223.240 - - [25/Jan/2021:09:24:02 +0800] "GET /xingrg/kc/buy/cgsh_order_operate.html?command=get_materiel&rest_code=00146&code=00101008361&supplier_code=00100005&order_time=2021-01-25 HTTP/1.1" 200 408
180.175.150.119 - - [25/Jan/2021:09:24:03 +0800] "GET /xingrg/kc/buy/cgsh_order_operate.html?command=get_materiel&rest_code=00102&code=00101007082&supplier_code=00100096&order_time=2021-01-25 HTTP/1.1" 200 427
61.165.42.208 - - [25/Jan/2021:09:24:05 +0800] "GET /xingrg/all/function/internal_message.html?_=1611537828958&CODE_STATE=getMsg HTTP/1.1" 200 27
172.20.0.100 - - [25/Jan/2021:09:24:09 +0800] "GET /xingrg/check_reg.html?_=1611537847075 HTTP/1.1" 200 22
120.253.135.82 - - [25/Jan/2021:09:24:10 +0800] "GET /xingrg/all/function/internal_message.html?_=1611537897786&CODE_STATE=getMsg HTTP/1.1" 200 27
120.253.135.82 - - [25/Jan/2021:09:24:12 +0800] "GET /xingrg/check_reg.html?_=1611537899865 HTTP/1.1" 200 22
180.175.150.119 - - [25/Jan/2021:09:24:13 +0800] "GET /xingrg/all/function/internal_message.html?_=1611538098169&CODE_STATE=getMsg HTTP/1.1" 200 27
180.175.150.119 - - [25/Jan/2021:09:24:14 +0800] "GET /xingrg/kc/buy/cgsh_order_operate.html?command=get_materiel&rest_code=00102&code=00101001075&supplier_code=00100096&order_time=2021-01-25 HTTP/1.1" 200 409
180.156.237.57 - - [25/Jan/2021:09:24:15 +0800] "GET /xingrg/all/function/internal_message.html?_=1611537856318&CODE_STATE=getMsg HTTP/1.1" 200 27
61.165.42.208 - - [25/Jan/2021:09:24:16 +0800] "GET /xingrg/all/function/internal_message.html?_=1611537856510&CODE_STATE=getMsg HTTP/1.1" 200 27
61.165.42.208 - - [25/Jan/2021:09:24:16 +0800] "GET /xingrg/check_reg.html?_=1611537856539 HTTP/1.1" 200 22
116.227.17.229 - - [25/Jan/2021:09:24:16 +0800] "GET /xingrg/check_reg.html?_=1611537856459 HTTP/1.1" 200 22
116.227.17.229 - - [25/Jan/2021:09:24:16 +0800] "GET /xingrg/all/function/internal_message.html?_=1611537856460&CODE_STATE=getMsg HTTP/1.1" 200 27
218.81.223.240 - - [25/Jan/2021:09:24:17 +0800] "GET /xingrg/kc/buy/cgsh_order_operate.html?command=get_materiel&rest_code=00146&code=00101008355&supplier_code=00100005&order_time=2021-01-25 HTTP/1.1" 200 408
180.169.147.146 - - [25/Jan/2021:09:24:17 +0800] "GET /xingrg/all/function/internal_message.html?_=1611537865205&CODE_STATE=getMsg HTTP/1.1" 200 27
180.169.147.146 - - [25/Jan/2021:09:24:17 +0800] "GET /xingrg/check_reg.html?_=1611537865206 HTTP/1.1" 200 22
58.37.230.33 - - [25/Jan/2021:09:24:19 +0800] "GET /xingrg/all/function/internal_message.html?_=1611537871410&CODE_STATE=getMsg HTTP/1.1" 200 27
218.81.223.240 - - [25/Jan/2021:09:24:22 +0800] "POST /xingrg/kc/buy/cgsh_order_operate.html HTTP/1.1" 200 2065
116.232.54.3 - - [25/Jan/2021:09:24:22 +0800] "GET /xingrg/all/function/internal_message.html?_=1611537862270&CODE_STATE=getMsg HTTP/1.1" 200 27
116.232.54.3 - - [25/Jan/2021:09:24:22 +0800] "GET /xingrg/check_reg.html?_=1611537862281 HTTP/1.1" 200 22
180.175.150.119 - - [25/Jan/2021:09:24:26 +0800] "GET /xingrg/kc/buy/cgsh_order_operate.html?command=get_materiel&rest_code=00102&code=00101001010&supplier_code=00100096&order_time=2021-01-25 HTTP/1.1" 200 409
116.228.172.94 - - [25/Jan/2021:09:24:28 +0800] "GET /xingrg/all/function/internal_message.html?_=1611537866760&CODE_STATE=getMsg HTTP/1.1" 200 27
180.156.237.57 - - [25/Jan/2021:09:24:38 +0800] "GET /xingrg/kc/buy/cgsh_order_operate.html?command=get_materiel&rest_code=00151&code=00101009006&supplier_code=00100424&order_time=2021-01-25 HTTP/1.1" 200 408
58.37.230.33 - - [25/Jan/2021:09:24:38 +0800] "GET /xingrg/check_reg.html?_=1611537890509 HTTP/1.1" 200 22
180.156.237.57 - - [25/Jan/2021:09:24:40 +0800] "GET /xingrg/check_reg.html?_=1611537858916 HTTP/1.1" 200 22
180.156.237.57 - - [25/Jan/2021:09:24:40 +0800] "GET /xingrg/all/function/internal_message.html?_=1611537859284&CODE_STATE=getMsg HTTP/1.1" 200 27
218.81.223.241 - - [25/Jan/2021:09:24:42 +0800] "GET /xingrg/all/function/internal_message.html?_=1611537880874&CODE_STATE=getMsg HTTP/1.1" 200 27
120.253.135.82 - - [25/Jan/2021:09:24:45 +0800] "GET /xingrg/all/function/internal_message.html?_=1611537647250&CODE_STATE=getMsg HTTP/1.1" 200 27
180.156.237.57 - - [25/Jan/2021:09:24:46 +0800] "POST /xingrg/kc/buy/cgsh_order_operate.html HTTP/1.1" 200 37
114.86.187.76 - - [25/Jan/2021:09:24:46 +0800] "GET /xingrg/all/function/internal_message.html?_=1611537887009&CODE_STATE=getMsg HTTP/1.1" 200 27
114.86.187.76 - - [25/Jan/2021:09:24:46 +0800] "GET /xingrg/check_reg.html?_=1611537887018 HTTP/1.1" 200 22
180.156.237.57 - - [25/Jan/2021:09:24:47 +0800] "POST /xingrg/kc/buy/cgsh_order_operate.html HTTP/1.1" 200 3266
218.81.223.241 - - [25/Jan/2021:09:24:49 +0800] "GET /xingrg/all/function/internal_message.html?_=1611537894484&CODE_STATE=getMsg HTTP/1.1" 302 -
218.81.223.240 - - [25/Jan/2021:09:24:50 +0800] "GET /xingrg/all/function/internal_message.html?_=1611537898412&CODE_STATE=getMsg HTTP/1.1" 200 27
114.88.166.193 - - [25/Jan/2021:09:24:51 +0800] "GET /xingrg/kc/base/check_order_info.html?code=452021012400107 HTTP/1.1" 200 26444
114.88.166.193 - - [25/Jan/2021:09:24:51 +0800] "GET /xingrg/all/function/internal_message.html?_=1611538074433&CODE_STATE=getMsg HTTP/1.1" 200 27
114.88.166.193 - - [25/Jan/2021:09:24:51 +0800] "GET /xingrg/dwr/interface/AjaxCheckService.js HTTP/1.1" 200 14003
114.88.166.193 - - [25/Jan/2021:09:24:51 +0800] "GET /xingrg/dwr/interface/AjaxComOrderService.js HTTP/1.1" 200 18264
114.88.166.193 - - [25/Jan/2021:09:24:51 +0800] "GET /xingrg/dwr/engine.js HTTP/1.1" 200 43631
114.88.166.193 - - [25/Jan/2021:09:24:52 +0800] "POST /xingrg/dwr/call/plaincall/AjaxCheckService.loadOrderItems.dwr HTTP/1.1" 200 41122
180.169.147.146 - - [25/Jan/2021:09:24:52 +0800] "GET /xingrg/check_reg.html?_=1611537893846 HTTP/1.1" 200 22
180.169.147.146 - - [25/Jan/2021:09:24:52 +0800] "GET /xingrg/all/function/internal_message.html?_=1611537893853&CODE_STATE=getMsg HTTP/1.1" 200 27
116.232.54.3 - - [25/Jan/2021:09:24:52 +0800] "GET /xingrg/all/function/internal_message.html?_=1611537935171&CODE_STATE=getMsg HTTP/1.1" 200 27
180.169.147.146 - - [25/Jan/2021:09:24:53 +0800] "GET /xingrg/login.html HTTP/1.1" 200 7641
180.169.147.146 - - [25/Jan/2021:09:24:53 +0800] "GET /favicon.ico HTTP/1.1" 404 -
180.169.147.146 - - [25/Jan/2021:09:24:55 +0800] "POST /xingrg/login.do HTTP/1.1" 302 -
180.169.147.146 - - [25/Jan/2021:09:24:55 +0800] "GET /xingrg/index.html?sysBaseUrl=http%3A%2F%2F180.169.147.146%3A18081%2Fxingrg%2F&costTime=37×tamp=1611537895301 HTTP/1.1" 200 17179
180.169.147.146 - - [25/Jan/2021:09:24:55 +0800] "GET /favicon.ico HTTP/1.1" 404 -
180.169.147.146 - - [25/Jan/2021:09:24:55 +0800] "POST /xingrg/all/common/load_tree.html?tree=area_rest_tree_json&manage=1 HTTP/1.1" 200 351
180.169.147.146 - - [25/Jan/2021:09:24:55 +0800] "GET /xingrg/all/function/internal_message.html?_=1611537892460&CODE_STATE=count HTTP/1.1" 200 11
180.169.147.146 - - [25/Jan/2021:09:24:55 +0800] "GET /xingrg/check_reg.html?_=1611537892461 HTTP/1.1" 200 22
180.169.147.146 - - [25/Jan/2021:09:24:55 +0800] "POST /xingrg/load_menu.html HTTP/1.1" 200 5138
180.169.147.146 - - [25/Jan/2021:09:24:56 +0800] "GET /xingrg/kc/buy/buy_main.html HTTP/1.1" 200 12412
180.169.147.146 - - [25/Jan/2021:09:24:56 +0800] "GET /xingrg/css/new_ie.css HTTP/1.1" 404 1036
180.169.147.146 - - [25/Jan/2021:09:24:57 +0800] "GET /xingrg/images/yd/bt.gif HTTP/1.1" 404 1040
180.156.237.57 - - [25/Jan/2021:09:24:57 +0800] "GET /xingrg/kc/buy/cgsh_order_operate.html?command=get_materiel&rest_code=00151&code=00101009079&supplier_code=00100424&order_time=2021-01-25 HTTP/1.1" 200 395
180.169.147.146 - - [25/Jan/2021:09:24:58 +0800] "GET /xingrg/kc/buy/cgsh_order_list.html HTTP/1.1" 200 46223
180.169.147.146 - - [25/Jan/2021:09:25:00 +0800] "POST /xingrg/kc/buy/cgsh_list_operate.html HTTP/1.1" 200 5111
61.165.42.208 - - [25/Jan/2021:09:25:05 +0800] "GET /xingrg/all/function/internal_message.html?_=1611537888959&CODE_STATE=getMsg HTTP/1.1" 200 27
114.88.166.193 - - [25/Jan/2021:09:25:06 +0800] "POST /xingrg/dwr/call/plaincall/AjaxCheckService.setItemNumber.dwr HTTP/1.1" 200 76
180.169.147.146 - - [25/Jan/2021:09:25:08 +0800] "POST /xingrg/kc/buy/cgsh_list_operate.html HTTP/1.1" 200 589
180.156.237.57 - - [25/Jan/2021:09:25:08 +0800] "GET /xingrg/kc/buy/cgsh_order_operate.html?command=get_materiel&rest_code=00151&code=00101009031&supplier_code=00100424&order_time=2021-01-25 HTTP/1.1" 200 409
116.232.54.3 - - [25/Jan/2021:09:25:08 +0800] "GET /xingrg/kc/buy/buy_main.html HTTP/1.1" 200 12412
116.232.54.3 - - [25/Jan/2021:09:25:08 +0800] "GET /xingrg/css/new_ie.css HTTP/1.1" 404 1036
114.88.166.193 - - [25/Jan/2021:09:25:08 +0800] "POST /xingrg/dwr/call/plaincall/AjaxCheckService.setItemNumber.dwr HTTP/1.1" 200 76
116.232.54.3 - - [25/Jan/2021:09:25:09 +0800] "GET /xingrg/images/yd/bt.gif HTTP/1.1" 404 1040
116.232.54.3 - - [25/Jan/2021:09:25:09 +0800] "GET /xingrg/kc/buy/cgsh_order_list.html HTTP/1.1" 200 46217
116.232.54.3 - - [25/Jan/2021:09:25:09 +0800] "GET /xingrg/javascript/easyui/themes/icons/import_new.png HTTP/1.1" 200 1247
114.88.166.193 - - [25/Jan/2021:09:25:10 +0800] "POST /xingrg/dwr/call/plaincall/AjaxCheckService.setItemNumber.dwr HTTP/1.1" 200 76
120.253.135.82 - - [25/Jan/2021:09:25:10 +0800] "GET /xingrg/all/function/internal_message.html?_=1611537957798&CODE_STATE=getMsg HTTP/1.1" 200 27
116.232.54.3 - - [25/Jan/2021:09:25:10 +0800] "POST /xingrg/kc/buy/cgsh_list_operate.html HTTP/1.1" 200 876
116.232.54.3 - - [25/Jan/2021:09:25:11 +0800] "GET /xingrg/javascript/jquery_tools/images/next.gif HTTP/1.1" 404 1086
116.232.54.3 - - [25/Jan/2021:09:25:11 +0800] "GET /xingrg/javascript/jquery_tools/images/prev.gif HTTP/1.1" 404 1086
114.88.166.193 - - [25/Jan/2021:09:25:12 +0800] "POST /xingrg/dwr/call/plaincall/AjaxCheckService.setItemNumber.dwr HTTP/1.1" 200 76
180.175.150.119 - - [25/Jan/2021:09:25:13 +0800] "GET /xingrg/all/function/internal_message.html?_=1611538158181&CODE_STATE=getMsg HTTP/1.1" 200 27
218.81.223.240 - - [25/Jan/2021:09:25:13 +0800] "POST /xingrg/kc/buy/cgsh_order_operate.html HTTP/1.1" 200 2065
114.88.166.193 - - [25/Jan/2021:09:25:13 +0800] "POST /xingrg/dwr/call/plaincall/AjaxCheckService.setItemNumber.dwr HTTP/1.1" 200 76
180.156.237.57 - - [25/Jan/2021:09:25:15 +0800] "GET /xingrg/all/function/internal_message.html?_=1611537916305&CODE_STATE=getMsg HTTP/1.1" 200 27
114.88.166.193 - - [25/Jan/2021:09:25:16 +0800] "POST /xingrg/dwr/call/plaincall/AjaxCheckService.setItemNumber.dwr HTTP/1.1" 200 76
61.165.42.208 - - [25/Jan/2021:09:25:16 +0800] "GET /xingrg/all/function/internal_message.html?_=1611537916539&CODE_STATE=getMsg HTTP/1.1" 200 27
116.227.17.229 - - [25/Jan/2021:09:25:16 +0800] "GET /xingrg/all/function/internal_message.html?_=1611537916459&CODE_STATE=getMsg HTTP/1.1" 200 27
180.169.147.146 - - [25/Jan/2021:09:25:17 +0800] "GET /xingrg/all/function/internal_message.html?_=1611537925205&CODE_STATE=getMsg HTTP/1.1" 200 27
114.88.166.193 - - [25/Jan/2021:09:25:17 +0800] "POST /xingrg/dwr/call/plaincall/AjaxCheckService.setItemNumber.dwr HTTP/1.1" 200 76
116.232.54.3 - - [25/Jan/2021:09:25:19 +0800] "GET /xingrg/javascript/auto/indicator.gif HTTP/1.1" 404 1066
58.37.230.33 - - [25/Jan/2021:09:25:19 +0800] "GET /xingrg/all/function/internal_message.html?_=1611537931388&CODE_STATE=getMsg HTTP/1.1" 200 27
114.88.166.193 - - [25/Jan/2021:09:25:19 +0800] "POST /xingrg/dwr/call/plaincall/AjaxCheckService.setItemNumber.dwr HTTP/1.1" 200 76
218.81.223.240 - - [25/Jan/2021:09:25:19 +0800] "GET /xingrg/kc/buy/cgsh_order_operate.html?command=get_materiel&rest_code=00146&code=00101008318&supplier_code=00100005&order_time=2021-01-25 HTTP/1.1" 200 408
114.88.166.193 - - [25/Jan/2021:09:25:20 +0800] "POST /xingrg/dwr/call/plaincall/AjaxCheckService.setItemNumber.dwr HTTP/1.1" 200 76
116.232.54.3 - - [25/Jan/2021:09:25:22 +0800] "GET /xingrg/all/function/internal_message.html?_=1611537922257&CODE_STATE=getMsg HTTP/1.1" 200 27
114.88.166.193 - - [25/Jan/2021:09:25:22 +0800] "POST /xingrg/dwr/call/plaincall/AjaxCheckService.setItemNumber.dwr HTTP/1.1" 200 77
114.88.166.193 - - [25/Jan/2021:09:25:24 +0800] "POST /xingrg/dwr/call/plaincall/AjaxCheckService.setItemNumber.dwr HTTP/1.1" 200 77
114.88.166.193 - - [25/Jan/2021:09:25:25 +0800] "POST /xingrg/dwr/call/plaincall/AjaxCheckService.setItemNumber.dwr HTTP/1.1" 200 77
114.88.166.193 - - [25/Jan/2021:09:25:26 +0800] "POST /xingrg/dwr/call/plaincall/AjaxCheckService.setItemNumber.dwr HTTP/1.1" 200 77
114.88.166.193 - - [25/Jan/2021:09:25:27 +0800] "POST /xingrg/dwr/call/plaincall/AjaxCheckService.setItemNumber.dwr HTTP/1.1" 200 77
116.228.172.94 - - [25/Jan/2021:09:25:28 +0800] "GET /xingrg/all/function/internal_message.html?_=1611537926745&CODE_STATE=getMsg HTTP/1.1" 200 27
61.129.6.174 - - [25/Jan/2021:09:25:28 +0800] "GET /xingrg/all/function/internal_message.html?_=1611537391595&CODE_STATE=getMsg HTTP/1.1" 302 -
180.169.147.146 - - [25/Jan/2021:09:25:28 +0800] "POST /xingrg/kc/buy/cgsh_list_operate.html HTTP/1.1" 200 4
114.88.166.193 - - [25/Jan/2021:09:25:29 +0800] "POST /xingrg/dwr/call/plaincall/AjaxCheckService.setItemNumber.dwr HTTP/1.1" 200 77
218.81.223.240 - - [25/Jan/2021:09:25:29 +0800] "GET /xingrg/kc/buy/cgsh_order_operate.html?command=get_materiel&rest_code=00146&code=00101008005&supplier_code=00100005&order_time=2021-01-25 HTTP/1.1" 200 412
116.232.54.3 - - [25/Jan/2021:09:25:29 +0800] "POST /xingrg/kc/buy/cgsh_list_operate.html HTTP/1.1" 200 5535
114.88.166.193 - - [25/Jan/2021:09:25:30 +0800] "POST /xingrg/dwr/call/plaincall/AjaxCheckService.setItemNumber.dwr HTTP/1.1" 200 77
61.129.6.174 - - [25/Jan/2021:09:25:31 +0800] "GET /xingrg/login.html HTTP/1.1" 200 7641
114.88.166.193 - - [25/Jan/2021:09:25:31 +0800] "POST /xingrg/dwr/call/plaincall/AjaxCheckService.setItemNumber.dwr HTTP/1.1" 200 77
180.175.150.119 - - [25/Jan/2021:09:25:32 +0800] "GET /xingrg/kc/buy/cgsh_order_operate.html?command=get_materiel&rest_code=00102&code=00101016038&supplier_code=00100096&order_time=2021-01-25 HTTP/1.1" 200 408
180.169.147.146 - - [25/Jan/2021:09:25:32 +0800] "POST /xingrg/kc/buy/cgsh_list_operate.html HTTP/1.1" 200 5130
114.88.166.193 - - [25/Jan/2021:09:25:33 +0800] "POST /xingrg/dwr/call/plaincall/AjaxCheckService.setItemNumber.dwr HTTP/1.1" 200 77
180.169.147.146 - - [25/Jan/2021:09:25:35 +0800] "POST /xingrg/kc/buy/cgsh_list_operate.html HTTP/1.1" 200 273
114.88.166.193 - - [25/Jan/2021:09:25:35 +0800] "POST /xingrg/dwr/call/plaincall/AjaxCheckService.setItemNumber.dwr HTTP/1.1" 200 77
114.88.166.193 - - [25/Jan/2021:09:25:36 +0800] "POST /xingrg/dwr/call/plaincall/AjaxCheckService.setItemNumber.dwr HTTP/1.1" 200 77
114.88.166.193 - - [25/Jan/2021:09:25:37 +0800] "POST /xingrg/dwr/call/plaincall/AjaxCheckService.setItemNumber.dwr HTTP/1.1" 200 77
114.88.166.193 - - [25/Jan/2021:09:25:38 +0800] "POST /xingrg/dwr/call/plaincall/AjaxCheckService.setItemNumber.dwr HTTP/1.1" 200 77
116.232.54.3 - - [25/Jan/2021:09:25:39 +0800] "POST /xingrg/kc/buy/cgsh_list_operate.html HTTP/1.1" 200 9299
180.169.147.146 - - [25/Jan/2021:09:25:39 +0800] "POST /xingrg/kc/buy/cgsh_list_operate.html HTTP/1.1" 200 589
114.88.166.193 - - [25/Jan/2021:09:25:40 +0800] "POST /xingrg/dwr/call/plaincall/AjaxCheckService.setItemNumber.dwr HTTP/1.1" 200 77
180.156.237.57 - - [25/Jan/2021:09:25:40 +0800] "GET /xingrg/all/function/internal_message.html?_=1611537919284&CODE_STATE=getMsg HTTP/1.1" 200 27
116.232.54.3 - - [25/Jan/2021:09:25:41 +0800] "POST /xingrg/kc/buy/cgsh_list_operate.html HTTP/1.1" 200 273
114.88.166.193 - - [25/Jan/2021:09:25:41 +0800] "POST /xingrg/dwr/call/plaincall/AjaxCheckService.setItemNumber.dwr HTTP/1.1" 200 77
218.81.223.241 - - [25/Jan/2021:09:25:42 +0800] "GET /xingrg/all/function/internal_message.html?_=1611537940873&CODE_STATE=getMsg HTTP/1.1" 200 27
218.81.223.241 - - [25/Jan/2021:09:25:42 +0800] "GET /xingrg/check_reg.html?_=1611537940879 HTTP/1.1" 200 22
120.253.135.82 - - [25/Jan/2021:09:25:45 +0800] "GET /xingrg/all/function/internal_message.html?_=1611537707264&CODE_STATE=getMsg HTTP/1.1" 200 27
180.175.150.119 - - [25/Jan/2021:09:25:46 +0800] "GET /xingrg/kc/buy/cgsh_order_operate.html?command=get_materiel&rest_code=00102&code=00101006109&supplier_code=00100096&order_time=2021-01-25 HTTP/1.1" 200 429
114.86.187.76 - - [25/Jan/2021:09:25:46 +0800] "GET /xingrg/all/function/internal_message.html?_=1611537947006&CODE_STATE=getMsg HTTP/1.1" 200 27
218.81.223.241 - - [25/Jan/2021:09:25:49 +0800] "GET /xingrg/all/function/internal_message.html?_=1611537954504&CODE_STATE=getMsg HTTP/1.1" 302 -
114.88.166.193 - - [25/Jan/2021:09:25:50 +0800] "GET /xingrg/check_reg.html?_=1611538132694 HTTP/1.1" 200 22
218.81.223.240 - - [25/Jan/2021:09:25:50 +0800] "GET /xingrg/all/function/internal_message.html?_=1611537958545&CODE_STATE=getMsg HTTP/1.1" 200 27
114.88.166.193 - - [25/Jan/2021:09:25:50 +0800] "POST /xingrg/dwr/call/plaincall/AjaxCheckService.setItemNumber.dwr HTTP/1.1" 200 77
114.88.166.193 - - [25/Jan/2021:09:25:51 +0800] "GET /xingrg/all/function/internal_message.html?_=1611538134427&CODE_STATE=getMsg HTTP/1.1" 200 27
116.232.54.3 - - [25/Jan/2021:09:25:51 +0800] "GET /xingrg/all/function/internal_message.html?_=1611537995171&CODE_STATE=getMsg HTTP/1.1" 200 27
180.169.147.146 - - [25/Jan/2021:09:25:52 +0800] "GET /xingrg/all/function/internal_message.html?_=1611537953853&CODE_STATE=getMsg HTTP/1.1" 200 27
180.169.147.146 - - [25/Jan/2021:09:25:55 +0800] "GET /xingrg/all/function/internal_message.html?_=1611537952460&CODE_STATE=getMsg HTTP/1.1" 200 27
180.175.150.119 - - [25/Jan/2021:09:25:57 +0800] "GET /xingrg/kc/buy/cgsh_order_operate.html?command=get_materiel&rest_code=00102&code=00101012025&supplier_code=00100096&order_time=2021-01-25 HTTP/1.1" 200 412
180.169.147.146 - - [25/Jan/2021:09:25:57 +0800] "POST /xingrg/kc/buy/cgsh_list_operate.html HTTP/1.1" 200 4
218.81.223.240 - - [25/Jan/2021:09:25:57 +0800] "GET /xingrg/kc/buy/cgsh_order_operate.html?command=get_materiel&rest_code=00146&code=00101008312&supplier_code=00100005&order_time=2021-01-25 HTTP/1.1" 200 412
114.88.166.193 - - [25/Jan/2021:09:25:57 +0800] "POST /xingrg/dwr/call/plaincall/AjaxCheckService.setItemNumber.dwr HTTP/1.1" 200 77
116.232.54.3 - - [25/Jan/2021:09:25:58 +0800] "POST /xingrg/kc/buy/cgsh_list_operate.html HTTP/1.1" 200 6177
114.88.166.193 - - [25/Jan/2021:09:25:59 +0800] "POST /xingrg/dwr/call/plaincall/AjaxCheckService.setItemNumber.dwr HTTP/1.1" 200 77
114.88.166.193 - - [25/Jan/2021:09:26:01 +0800] "POST /xingrg/dwr/call/plaincall/AjaxCheckService.setItemNumber.dwr HTTP/1.1" 200 77
116.232.54.3 - - [25/Jan/2021:09:26:01 +0800] "POST /xingrg/kc/buy/cgsh_list_operate.html HTTP/1.1" 200 423
114.88.166.193 - - [25/Jan/2021:09:26:05 +0800] "POST /xingrg/dwr/call/plaincall/AjaxCheckService.setItemNumber.dwr HTTP/1.1" 200 77
61.165.42.208 - - [25/Jan/2021:09:26:05 +0800] "GET /xingrg/all/function/internal_message.html?_=1611537948958&CODE_STATE=getMsg HTTP/1.1" 200 27
218.81.223.240 - - [25/Jan/2021:09:26:06 +0800] "GET /xingrg/kc/buy/cgsh_order_operate.html?command=get_materiel&rest_code=00146&code=00101008155&supplier_code=00100005&order_time=2021-01-25 HTTP/1.1" 200 408
114.88.166.193 - - [25/Jan/2021:09:26:07 +0800] "POST /xingrg/dwr/call/plaincall/AjaxCheckService.setItemNumber.dwr HTTP/1.1" 200 77
120.253.135.82 - - [25/Jan/2021:09:26:10 +0800] "GET /xingrg/all/function/internal_message.html?_=1611538017811&CODE_STATE=getMsg HTTP/1.1" 200 27
180.156.237.57 - - [25/Jan/2021:09:26:10 +0800] "POST /xingrg/kc/buy/cgsh_order_operate.html HTTP/1.1" 200 37
114.88.166.193 - - [25/Jan/2021:09:26:10 +0800] "POST /xingrg/dwr/call/plaincall/AjaxCheckService.setItemNumber.dwr HTTP/1.1" 200 77
180.156.237.57 - - [25/Jan/2021:09:26:13 +0800] "POST /xingrg/kc/buy/cgsh_order_operate.html HTTP/1.1" 200 12
180.175.150.119 - - [25/Jan/2021:09:26:13 +0800] "GET /xingrg/check_reg.html?_=1611538218138 HTTP/1.1" 200 22
180.175.150.119 - - [25/Jan/2021:09:26:13 +0800] "GET /xingrg/all/function/internal_message.html?_=1611538218196&CODE_STATE=getMsg HTTP/1.1" 200 27
180.156.237.57 - - [25/Jan/2021:09:26:14 +0800] "GET /xingrg/kc/buy/cgsh_order_info.html?code=212021012511604 HTTP/1.1" 200 56499
114.88.166.193 - - [25/Jan/2021:09:26:14 +0800] "POST /xingrg/dwr/call/plaincall/AjaxCheckService.setItemNumber.dwr HTTP/1.1" 200 77
180.156.237.57 - - [25/Jan/2021:09:26:14 +0800] "GET /xingrg/javascript/easyui/themes/default/validatebox.css HTTP/1.1" 404 1104
180.156.237.57 - - [25/Jan/2021:09:26:15 +0800] "GET /xingrg/check_reg.html?_=1611537976245 HTTP/1.1" 200 22
180.156.237.57 - - [25/Jan/2021:09:26:15 +0800] "POST /xingrg/kc/buy/cgsh_order_operate.html HTTP/1.1" 200 2402
180.156.237.57 - - [25/Jan/2021:09:26:15 +0800] "GET /xingrg/all/function/internal_message.html?_=1611537976315&CODE_STATE=getMsg HTTP/1.1" 200 27
218.81.223.240 - - [25/Jan/2021:09:26:15 +0800] "POST /xingrg/kc/buy/cgsh_order_operate.html HTTP/1.1" 200 2065
61.165.42.208 - - [25/Jan/2021:09:26:16 +0800] "GET /xingrg/all/function/internal_message.html?_=1611537976539&CODE_STATE=getMsg HTTP/1.1" 200 27
180.156.237.57 - - [25/Jan/2021:09:26:16 +0800] "GET /xingrg/kc/print/load_data.html?order_code=212021012511604&kc_code=cgsh&condition= HTTP/1.1" 200 1399
116.227.17.229 - - [25/Jan/2021:09:26:16 +0800] "GET /xingrg/all/function/internal_message.html?_=1611537976452&CODE_STATE=getMsg HTTP/1.1" 200 27
114.88.166.193 - - [25/Jan/2021:09:26:17 +0800] "POST /xingrg/dwr/call/plaincall/AjaxCheckService.setItemNumber.dwr HTTP/1.1" 200 77
180.169.147.146 - - [25/Jan/2021:09:26:17 +0800] "GET /xingrg/all/function/internal_message.html?_=1611537985208&CODE_STATE=getMsg HTTP/1.1" 200 27
114.88.166.193 - - [25/Jan/2021:09:26:18 +0800] "POST /xingrg/dwr/call/plaincall/AjaxCheckService.setItemNumber.dwr HTTP/1.1" 200 77
180.175.150.119 - - [25/Jan/2021:09:26:19 +0800] "GET /xingrg/kc/buy/cgsh_order_operate.html?command=get_materiel&rest_code=00102&code=00101006039&supplier_code=00100096&order_time=2021-01-25 HTTP/1.1" 200 415
58.37.230.33 - - [25/Jan/2021:09:26:19 +0800] "GET /xingrg/all/function/internal_message.html?_=1611537991359&CODE_STATE=getMsg HTTP/1.1" 200 27
114.88.166.193 - - [25/Jan/2021:09:26:20 +0800] "POST /xingrg/dwr/call/plaincall/AjaxCheckService.setItemNumber.dwr HTTP/1.1" 200 77
116.232.54.3 - - [25/Jan/2021:09:26:22 +0800] "GET /xingrg/all/function/internal_message.html?_=1611537982268&CODE_STATE=getMsg HTTP/1.1" 200 27
114.88.166.193 - - [25/Jan/2021:09:26:22 +0800] "POST /xingrg/dwr/call/plaincall/AjaxCheckService.setItemNumber.dwr HTTP/1.1" 200 77
218.81.223.240 - - [25/Jan/2021:09:26:24 +0800] "GET /xingrg/kc/buy/cgsh_order_operate.html?command=get_materiel&rest_code=00146&code=00101008168&supplier_code=00100005&order_time=2021-01-25 HTTP/1.1" 200 413
114.88.166.193 - - [25/Jan/2021:09:26:24 +0800] "POST /xingrg/dwr/call/plaincall/AjaxCheckService.setItemNumber.dwr HTTP/1.1" 200 77
114.88.166.193 - - [25/Jan/2021:09:26:25 +0800] "POST /xingrg/dwr/call/plaincall/AjaxCheckService.setItemNumber.dwr HTTP/1.1" 200 77
114.88.166.193 - - [25/Jan/2021:09:26:27 +0800] "POST /xingrg/dwr/call/plaincall/AjaxCheckService.setItemNumber.dwr HTTP/1.1" 200 77
116.228.172.94 - - [25/Jan/2021:09:26:28 +0800] "GET /xingrg/all/function/internal_message.html?_=1611537986724&CODE_STATE=getMsg HTTP/1.1" 200 27
114.88.166.193 - - [25/Jan/2021:09:26:28 +0800] "POST /xingrg/dwr/call/plaincall/AjaxCheckService.setItemNumber.dwr HTTP/1.1" 200 77
218.81.223.240 - - [25/Jan/2021:09:26:32 +0800] "GET /xingrg/check_reg.html?_=1611538000896 HTTP/1.1" 200 22
180.156.237.57 - - [25/Jan/2021:09:26:32 +0800] "GET /xingrg/kc/buy/cgsh_order_list.html HTTP/1.1" 200 46221
218.81.223.240 - - [25/Jan/2021:09:26:33 +0800] "GET /xingrg/kc/buy/cgsh_order_operate.html?command=get_materiel&rest_code=00146&code=00101008072&supplier_code=00100005&order_time=2021-01-25 HTTP/1.1" 200 408
180.156.237.57 - - [25/Jan/2021:09:26:34 +0800] "POST /xingrg/kc/buy/cgsh_list_operate.html HTTP/1.1" 200 1689
114.88.166.193 - - [25/Jan/2021:09:26:35 +0800] "POST /xingrg/dwr/call/plaincall/AjaxCheckService.setItemNumber.dwr HTTP/1.1" 200 77
180.156.237.57 - - [25/Jan/2021:09:26:36 +0800] "POST /xingrg/kc/buy/cgsh_list_operate.html HTTP/1.1" 200 561
218.81.223.241 - - [25/Jan/2021:09:26:37 +0800] "GET /xingrg/check_reg.html?_=1611538001876 HTTP/1.1" 302 -
180.156.237.57 - - [25/Jan/2021:09:26:37 +0800] "GET /xingrg/kc/buy/cgsh_order_info.html?code=212021012511603 HTTP/1.1" 200 61606
180.156.237.57 - - [25/Jan/2021:09:26:37 +0800] "GET /xingrg/javascript/easyui/themes/default/validatebox.css HTTP/1.1" 404 1104
180.156.237.57 - - [25/Jan/2021:09:26:38 +0800] "POST /xingrg/kc/buy/cgsh_order_operate.html HTTP/1.1" 200 25380
114.88.166.193 - - [25/Jan/2021:09:26:39 +0800] "POST /xingrg/dwr/call/plaincall/AjaxCheckService.setItemNumber.dwr HTTP/1.1" 200 77
180.156.237.57 - - [25/Jan/2021:09:26:41 +0800] "GET /xingrg/all/function/internal_message.html?_=1611537979297&CODE_STATE=getMsg HTTP/1.1" 200 27
218.81.223.241 - - [25/Jan/2021:09:26:42 +0800] "GET /xingrg/all/function/internal_message.html?_=1611538000877&CODE_STATE=getMsg HTTP/1.1" 200 27
114.88.166.193 - - [25/Jan/2021:09:26:43 +0800] "POST /xingrg/dwr/call/plaincall/AjaxCheckService.setItemNumber.dwr HTTP/1.1" 200 77
120.253.135.82 - - [25/Jan/2021:09:26:44 +0800] "GET /xingrg/check_reg.html?_=1611537766591 HTTP/1.1" 200 22
218.81.223.240 - - [25/Jan/2021:09:26:44 +0800] "GET /xingrg/kc/buy/cgsh_order_operate.html?command=get_materiel&rest_code=00146&code=00101008418&supplier_code=00100005&order_time=2021-01-25 HTTP/1.1" 200 398
120.253.135.82 - - [25/Jan/2021:09:26:45 +0800] "GET /xingrg/all/function/internal_message.html?_=1611537767278&CODE_STATE=getMsg HTTP/1.1" 200 27
114.88.166.193 - - [25/Jan/2021:09:26:45 +0800] "POST /xingrg/dwr/call/plaincall/AjaxCheckService.setItemNumber.dwr HTTP/1.1" 200 77
114.86.187.76 - - [25/Jan/2021:09:26:46 +0800] "GET /xingrg/all/function/internal_message.html?_=1611538007022&CODE_STATE=getMsg HTTP/1.1" 200 27
114.88.166.193 - - [25/Jan/2021:09:26:47 +0800] "POST /xingrg/dwr/call/plaincall/AjaxCheckService.setItemNumber.dwr HTTP/1.1" 200 77
116.232.54.3 - - [25/Jan/2021:09:26:48 +0800] "GET /xingrg/index.html?sysBaseUrl=http%3A%2F%2F180.169.147.146%3A18081%2Fxingrg%2F&costTime=52×tamp=1611536338040 HTTP/1.1" 200 17173
116.232.54.3 - - [25/Jan/2021:09:26:48 +0800] "GET /xingrg/javascript/jquery_easy_ui/themes/default/easyui.css HTTP/1.1" 304 -
116.232.54.3 - - [25/Jan/2021:09:26:48 +0800] "GET /xingrg/images/blue/jxLogo.png HTTP/1.1" 304 -
116.232.54.3 - - [25/Jan/2021:09:26:48 +0800] "GET /xingrg/javascript/jquery_easy_ui/jquery.easyui.min.js HTTP/1.1" 304 -
116.232.54.3 - - [25/Jan/2021:09:26:48 +0800] "GET /xingrg/javascript/jquery-1.4.2.min.js HTTP/1.1" 304 -
116.232.54.3 - - [25/Jan/2021:09:26:48 +0800] "GET /xingrg/javascript/jquery.utils.js HTTP/1.1" 304 -
116.232.54.3 - - [25/Jan/2021:09:26:48 +0800] "GET /xingrg/css/form.css HTTP/1.1" 304 -
116.232.54.3 - - [25/Jan/2021:09:26:48 +0800] "GET /xingrg/javascript/jquery.timers.js HTTP/1.1" 304 -
116.232.54.3 - - [25/Jan/2021:09:26:48 +0800] "GET /xingrg/javascript/jquery_easy_ui/easyui-lang-zh_CN.js HTTP/1.1" 304 -
116.232.54.3 - - [25/Jan/2021:09:26:48 +0800] "GET /xingrg/javascript/jquery_easy_ui/themes/icon.css HTTP/1.1" 304 -
116.232.54.3 - - [25/Jan/2021:09:26:48 +0800] "GET /xingrg/javascript/jquery.form.js HTTP/1.1" 304 -
116.232.54.3 - - [25/Jan/2021:09:26:48 +0800] "GET /xingrg/images/blue/navBackgound.jpg HTTP/1.1" 304 -
116.232.54.3 - - [25/Jan/2021:09:26:48 +0800] "GET /xingrg/javascript/jquery_easy_ui/themes/icons/settle_new.png HTTP/1.1" 304 -
116.232.54.3 - - [25/Jan/2021:09:26:48 +0800] "POST /xingrg/all/common/load_tree.html?tree=area_rest_tree_json&manage=1 HTTP/1.1" 200 342
116.232.54.3 - - [25/Jan/2021:09:26:48 +0800] "GET /xingrg/all/function/internal_message.html?_=1611538008788&CODE_STATE=count HTTP/1.1" 200 11
116.232.54.3 - - [25/Jan/2021:09:26:48 +0800] "GET /xingrg/check_reg.html?_=1611538008788 HTTP/1.1" 200 22
116.232.54.3 - - [25/Jan/2021:09:26:48 +0800] "GET /xingrg/javascript/jquery_easy_ui/themes/default/images/tabs_rightarrow.png HTTP/1.1" 304 -
116.232.54.3 - - [25/Jan/2021:09:26:48 +0800] "GET /xingrg/javascript/jquery_easy_ui/themes/default/images/panel_tool_collapse.gif HTTP/1.1" 304 -
116.232.54.3 - - [25/Jan/2021:09:26:48 +0800] "GET /xingrg/images/blue/pingpu.png HTTP/1.1" 304 -
116.232.54.3 - - [25/Jan/2021:09:26:48 +0800] "GET /xingrg/javascript/jquery_easy_ui/themes/default/images/tabs_leftarrow.png HTTP/1.1" 304 -
116.232.54.3 - - [25/Jan/2021:09:26:48 +0800] "POST /xingrg/load_menu.html HTTP/1.1" 200 5138
218.81.223.241 - - [25/Jan/2021:09:26:49 +0800] "GET /xingrg/all/function/internal_message.html?_=1611538014511&CODE_STATE=getMsg HTTP/1.1" 302 -
218.81.223.240 - - [25/Jan/2021:09:26:50 +0800] "GET /xingrg/all/function/internal_message.html?_=1611538018555&CODE_STATE=getMsg HTTP/1.1" 200 27
116.232.54.3 - - [25/Jan/2021:09:26:50 +0800] "GET /xingrg/all/function/internal_message.html?_=1611538055171&CODE_STATE=getMsg HTTP/1.1" 200 27
114.88.166.193 - - [25/Jan/2021:09:26:51 +0800] "GET /xingrg/all/function/internal_message.html?_=1611538194415&CODE_STATE=getMsg HTTP/1.1" 200 27
180.169.147.146 - - [25/Jan/2021:09:26:52 +0800] "GET /xingrg/all/function/internal_message.html?_=1611538013853&CODE_STATE=getMsg HTTP/1.1" 200 27
218.81.223.240 - - [25/Jan/2021:09:26:57 +0800] "GET /xingrg/kc/buy/cgsh_order_operate.html?command=get_materiel&rest_code=00146&code=00101009015&supplier_code=00100005&order_time=2021-01-25 HTTP/1.1" 200 417
114.88.166.193 - - [25/Jan/2021:09:26:59 +0800] "POST /xingrg/dwr/call/plaincall/AjaxCheckService.setItemNumber.dwr HTTP/1.1" 200 77
114.88.166.193 - - [25/Jan/2021:09:27:01 +0800] "POST /xingrg/dwr/call/plaincall/AjaxCheckService.setItemNumber.dwr HTTP/1.1" 200 77
114.88.166.193 - - [25/Jan/2021:09:27:02 +0800] "POST /xingrg/dwr/call/plaincall/AjaxCheckService.setItemNumber.dwr HTTP/1.1" 200 77
114.88.166.193 - - [25/Jan/2021:09:27:03 +0800] "POST /xingrg/dwr/call/plaincall/AjaxCheckService.setItemNumber.dwr HTTP/1.1" 200 77
114.88.166.193 - - [25/Jan/2021:09:27:04 +0800] "POST /xingrg/dwr/call/plaincall/AjaxCheckService.setItemNumber.dwr HTTP/1.1" 200 77
61.165.42.208 - - [25/Jan/2021:09:27:05 +0800] "GET /xingrg/check_reg.html?_=1611538008958 HTTP/1.1" 200 22
61.165.42.208 - - [25/Jan/2021:09:27:05 +0800] "GET /xingrg/all/function/internal_message.html?_=1611538008957&CODE_STATE=getMsg HTTP/1.1" 200 27
218.81.223.240 - - [25/Jan/2021:09:27:05 +0800] "GET /xingrg/kc/buy/cgsh_order_operate.html?command=get_materiel&rest_code=00146&code=00101020152&supplier_code=00100005&order_time=2021-01-25 HTTP/1.1" 200 416
114.88.166.193 - - [25/Jan/2021:09:27:06 +0800] "POST /xingrg/dwr/call/plaincall/AjaxCheckService.setItemNumber.dwr HTTP/1.1" 200 77
114.88.166.193 - - [25/Jan/2021:09:27:07 +0800] "POST /xingrg/dwr/call/plaincall/AjaxCheckService.setItemNumber.dwr HTTP/1.1" 200 77
114.88.166.193 - - [25/Jan/2021:09:27:08 +0800] "POST /xingrg/dwr/call/plaincall/AjaxCheckService.setItemNumber.dwr HTTP/1.1" 200 77
218.81.223.240 - - [25/Jan/2021:09:27:09 +0800] "POST /xingrg/kc/buy/cgsh_order_operate.html HTTP/1.1" 200 2065
114.88.166.193 - - [25/Jan/2021:09:27:09 +0800] "POST /xingrg/dwr/call/plaincall/AjaxCheckService.setItemNumber.dwr HTTP/1.1" 200 77
120.253.135.82 - - [25/Jan/2021:09:27:10 +0800] "GET /xingrg/all/function/internal_message.html?_=1611538077857&CODE_STATE=getMsg HTTP/1.1" 200 27
114.88.166.193 - - [25/Jan/2021:09:27:11 +0800] "POST /xingrg/dwr/call/plaincall/AjaxCheckService.setItemNumber.dwr HTTP/1.1" 200 77
114.88.166.193 - - [25/Jan/2021:09:27:13 +0800] "POST /xingrg/dwr/call/plaincall/AjaxCheckService.setItemNumber.dwr HTTP/1.1" 200 77
180.175.150.119 - - [25/Jan/2021:09:27:13 +0800] "GET /xingrg/all/function/internal_message.html?_=1611538278208&CODE_STATE=getMsg HTTP/1.1" 200 27
180.156.237.57 - - [25/Jan/2021:09:27:15 +0800] "GET /xingrg/all/function/internal_message.html?_=1611538036293&CODE_STATE=getMsg HTTP/1.1" 200 27
61.165.42.208 - - [25/Jan/2021:09:27:16 +0800] "GET /xingrg/all/function/internal_message.html?_=1611538036539&CODE_STATE=getMsg HTTP/1.1" 200 27
116.227.17.229 - - [25/Jan/2021:09:27:16 +0800] "GET /xingrg/all/function/internal_message.html?_=1611538036440&CODE_STATE=getMsg HTTP/1.1" 200 27
180.169.147.146 - - [25/Jan/2021:09:27:17 +0800] "GET /xingrg/all/function/internal_message.html?_=1611538045210&CODE_STATE=getMsg HTTP/1.1" 200 27
114.88.166.193 - - [25/Jan/2021:09:27:18 +0800] "POST /xingrg/dwr/call/plaincall/AjaxCheckService.setItemNumber.dwr HTTP/1.1" 200 77
58.37.230.33 - - [25/Jan/2021:09:27:19 +0800] "GET /xingrg/all/function/internal_message.html?_=1611538051337&CODE_STATE=getMsg HTTP/1.1" 200 27
114.88.166.193 - - [25/Jan/2021:09:27:19 +0800] "POST /xingrg/dwr/call/plaincall/AjaxCheckService.setItemNumber.dwr HTTP/1.1" 200 77
114.88.166.193 - - [25/Jan/2021:09:27:20 +0800] "POST /xingrg/dwr/call/plaincall/AjaxCheckService.setItemNumber.dwr HTTP/1.1" 200 77
218.81.223.240 - - [25/Jan/2021:09:27:21 +0800] "GET /xingrg/kc/buy/cgsh_order_operate.html?command=get_materiel&rest_code=00146&code=00101008095&supplier_code=00100005&order_time=2021-01-25 HTTP/1.1" 200 412
114.88.166.193 - - [25/Jan/2021:09:27:22 +0800] "POST /xingrg/dwr/call/plaincall/AjaxCheckService.setItemNumber.dwr HTTP/1.1" 200 77
114.88.166.193 - - [25/Jan/2021:09:27:27 +0800] "POST /xingrg/dwr/call/plaincall/AjaxCheckService.setItemNumber.dwr HTTP/1.1" 200 77
116.228.172.94 - - [25/Jan/2021:09:27:28 +0800] "GET /xingrg/all/function/internal_message.html?_=1611538046708&CODE_STATE=getMsg HTTP/1.1" 200 27
114.88.166.193 - - [25/Jan/2021:09:27:30 +0800] "POST /xingrg/dwr/call/plaincall/AjaxCheckService.setItemNumber.dwr HTTP/1.1" 200 77
218.81.223.240 - - [25/Jan/2021:09:27:32 +0800] "GET /xingrg/kc/buy/cgsh_order_operate.html?command=get_materiel&rest_code=00146&code=00101008110&supplier_code=00100005&order_time=2021-01-25 HTTP/1.1" 200 408
114.88.166.193 - - [25/Jan/2021:09:27:33 +0800] "POST /xingrg/dwr/call/plaincall/AjaxCheckService.setItemNumber.dwr HTTP/1.1" 200 77
116.232.54.3 - - [25/Jan/2021:09:27:38 +0800] "GET /xingrg/check_reg.html?_=1611538103093 HTTP/1.1" 200 22
180.175.150.119 - - [25/Jan/2021:09:27:38 +0800] "POST /xingrg/kc/buy/cgsh_order_operate.html HTTP/1.1" 200 37
180.175.150.119 - - [25/Jan/2021:09:27:39 +0800] "POST /xingrg/kc/buy/cgsh_order_operate.html HTTP/1.1" 200 12151
180.156.237.57 - - [25/Jan/2021:09:27:41 +0800] "GET /xingrg/all/function/internal_message.html?_=1611538039356&CODE_STATE=getMsg HTTP/1.1" 200 27
218.81.223.240 - - [25/Jan/2021:09:27:41 +0800] "GET /xingrg/kc/buy/cgsh_order_operate.html?command=get_materiel&rest_code=00146&code=00101008323&supplier_code=00100005&order_time=2021-01-25 HTTP/1.1" 200 410
