114.88.166.193 - - [24/Jan/2021:08:51:23 +0800] "GET /xingrg/all/function/internal_message.html?_=1611449479089&CODE_STATE=getMsg HTTP/1.1" 200 27
61.165.42.208 - - [24/Jan/2021:08:51:24 +0800] "GET /xingrg/kc/buy/cgsh_order_operate.html?command=get_materiel&rest_code=00105&code=00101008274&supplier_code=00100203&order_time=2021-01-24 HTTP/1.1" 200 412
61.165.42.208 - - [24/Jan/2021:08:51:30 +0800] "GET /xingrg/all/function/internal_message.html?_=1611449486281&CODE_STATE=getMsg HTTP/1.1" 200 27
61.165.42.208 - - [24/Jan/2021:08:51:33 +0800] "GET /xingrg/kc/buy/cgsh_order_operate.html?command=get_materiel&rest_code=00105&code=00101008242&supplier_code=00100203&order_time=2021-01-24 HTTP/1.1" 200 408
120.253.135.82 - - [24/Jan/2021:08:51:34 +0800] "GET /xingrg/all/function/internal_message.html?_=1611449251096&CODE_STATE=getMsg HTTP/1.1" 200 27
116.228.172.94 - - [24/Jan/2021:08:51:35 +0800] "GET /xingrg/login.html HTTP/1.1" 200 7641
61.165.42.208 - - [24/Jan/2021:08:51:37 +0800] "POST /xingrg/kc/buy/cgsh_order_operate.html HTTP/1.1" 200 2065
120.253.135.82 - - [24/Jan/2021:08:51:38 +0800] "GET /xingrg/all/function/internal_message.html?_=1611449542835&CODE_STATE=getMsg HTTP/1.1" 200 27
61.165.42.208 - - [24/Jan/2021:08:51:38 +0800] "POST /xingrg/kc/buy/cgsh_order_operate.html HTTP/1.1" 200 2065
116.228.172.94 - - [24/Jan/2021:08:51:44 +0800] "GET /favicon.ico HTTP/1.1" 404 -
218.81.223.241 - - [24/Jan/2021:08:51:44 +0800] "GET /xingrg/all/function/internal_message.html?_=1611449499380&CODE_STATE=getMsg HTTP/1.1" 200 27
116.228.172.94 - - [24/Jan/2021:08:51:46 +0800] "POST /xingrg/login.do HTTP/1.1" 302 -
116.228.172.94 - - [24/Jan/2021:08:51:47 +0800] "GET /xingrg/index.html?sysBaseUrl=http%3A%2F%2F180.169.147.146%3A18081%2Fxingrg%2F&costTime=37×tamp=1611449506688 HTTP/1.1" 200 17179
61.165.42.208 - - [24/Jan/2021:08:51:48 +0800] "GET /xingrg/kc/buy/cgsh_order_operate.html?command=get_materiel&rest_code=00105&code=00101008350&supplier_code=00100203&order_time=2021-01-24 HTTP/1.1" 200 408
116.228.172.94 - - [24/Jan/2021:08:51:48 +0800] "GET /favicon.ico HTTP/1.1" 404 -
116.228.172.94 - - [24/Jan/2021:08:51:49 +0800] "POST /xingrg/all/common/load_tree.html?tree=area_rest_tree_json&manage=1 HTTP/1.1" 200 476
116.228.172.94 - - [24/Jan/2021:08:51:50 +0800] "GET /xingrg/all/function/internal_message.html?_=1611449506371&CODE_STATE=count HTTP/1.1" 200 11
116.228.172.94 - - [24/Jan/2021:08:51:50 +0800] "GET /xingrg/check_reg.html?_=1611449506393 HTTP/1.1" 200 22
116.228.172.94 - - [24/Jan/2021:08:51:51 +0800] "POST /xingrg/load_menu.html HTTP/1.1" 200 5138
58.37.230.33 - - [24/Jan/2021:08:51:51 +0800] "GET /xingrg/all/function/internal_message.html?_=1611449516150&CODE_STATE=getMsg HTTP/1.1" 200 27
116.228.172.94 - - [24/Jan/2021:08:51:54 +0800] "GET /xingrg/kc/buy/buy_main.html HTTP/1.1" 200 12412
116.228.172.94 - - [24/Jan/2021:08:51:54 +0800] "GET /xingrg/css/new_ie.css HTTP/1.1" 404 1036
180.169.147.146 - - [24/Jan/2021:08:51:55 +0800] "GET /xingrg/all/function/internal_message.html?_=1611449517877&CODE_STATE=getMsg HTTP/1.1" 302 -
116.228.172.94 - - [24/Jan/2021:08:51:57 +0800] "GET /xingrg/images/yd/bt.gif HTTP/1.1" 404 1040
116.228.172.94 - - [24/Jan/2021:08:51:57 +0800] "GET /xingrg/kc/buy/cgsh_order_list.html HTTP/1.1" 200 46223
116.228.172.94 - - [24/Jan/2021:08:52:03 +0800] "POST /xingrg/kc/buy/cgsh_list_operate.html HTTP/1.1" 200 876
116.228.172.94 - - [24/Jan/2021:08:52:05 +0800] "GET /xingrg/kc/buy/cgsh_order_add.html HTTP/1.1" 200 62043
116.228.172.94 - - [24/Jan/2021:08:52:06 +0800] "GET /xingrg/words/20210123140739_words.js HTTP/1.1" 304 -
116.228.172.94 - - [24/Jan/2021:08:52:07 +0800] "GET /xingrg/all/common/auto_word.html?type=employee&rest_code=00107 HTTP/1.1" 200 151
116.228.172.94 - - [24/Jan/2021:08:52:07 +0800] "GET /xingrg/all/common/auto_word.html?type=employee&rest_code=00107 HTTP/1.1" 200 151
116.228.172.94 - - [24/Jan/2021:08:52:07 +0800] "GET /xingrg/javascript/easyui/themes/default/validatebox.css HTTP/1.1" 404 1104
116.228.172.94 - - [24/Jan/2021:08:52:07 +0800] "POST /xingrg/kc/buy/cgsh_order_operate.html HTTP/1.1" 200 8245
116.228.172.94 - - [24/Jan/2021:08:52:08 +0800] "GET /xingrg/javascript/easyui/themes/default/tree.css HTTP/1.1" 404 1090
116.228.172.94 - - [24/Jan/2021:08:52:09 +0800] "POST /xingrg/all/common/load_tree.html?tree=supplier_tree_json&isDelete=1 HTTP/1.1" 200 54555
222.69.137.13 - - [24/Jan/2021:08:52:09 +0800] "POST /xingrg/kc/buy/cgsh_list_operate.html HTTP/1.1" 200 281
116.227.17.229 - - [24/Jan/2021:08:52:10 +0800] "GET /xingrg/all/function/internal_message.html?_=1611449524131&CODE_STATE=getMsg HTTP/1.1" 200 27
222.69.137.13 - - [24/Jan/2021:08:52:11 +0800] "GET /xingrg/kc/buy/cgsh_order_info.html?code=212021012310845 HTTP/1.1" 200 62021
222.69.137.13 - - [24/Jan/2021:08:52:11 +0800] "GET /xingrg/javascript/easyui/themes/default/validatebox.css HTTP/1.1" 404 1104
222.69.137.13 - - [24/Jan/2021:08:52:11 +0800] "POST /xingrg/kc/buy/cgsh_order_operate.html HTTP/1.1" 200 3255
222.69.137.13 - - [24/Jan/2021:08:52:12 +0800] "GET /xingrg/all/function/internal_message.html?_=1611449528022&CODE_STATE=getMsg HTTP/1.1" 200 27
222.69.137.13 - - [24/Jan/2021:08:52:12 +0800] "POST /xingrg/kc/buy/cgsh_list_operate.html HTTP/1.1" 200 2406
180.156.237.57 - - [24/Jan/2021:08:52:15 +0800] "GET /xingrg/all/function/internal_message.html?_=1611449532186&CODE_STATE=getMsg HTTP/1.1" 200 27
120.253.135.82 - - [24/Jan/2021:08:52:18 +0800] "GET /xingrg/check_reg.html?_=1611449294995 HTTP/1.1" 200 22
58.40.7.146 - - [24/Jan/2021:08:52:19 +0800] "GET /xingrg/all/function/internal_message.html?_=1611449535248&CODE_STATE=getMsg HTTP/1.1" 200 27
222.69.137.13 - - [24/Jan/2021:08:52:19 +0800] "POST /xingrg/kc/buy/cgsh_order_operate.html HTTP/1.1" 200 37
116.227.17.229 - - [24/Jan/2021:08:52:20 +0800] "GET /xingrg/check_reg.html?_=1611449533979 HTTP/1.1" 200 22
222.69.137.13 - - [24/Jan/2021:08:52:21 +0800] "POST /xingrg/kc/buy/cgsh_order_operate.html HTTP/1.1" 200 12
222.69.137.13 - - [24/Jan/2021:08:52:22 +0800] "GET /xingrg/kc/buy/cgsh_order_info.html?code=212021012310845 HTTP/1.1" 200 56914
222.69.137.13 - - [24/Jan/2021:08:52:23 +0800] "GET /xingrg/javascript/easyui/themes/default/validatebox.css HTTP/1.1" 404 1104
222.69.137.13 - - [24/Jan/2021:08:52:23 +0800] "POST /xingrg/kc/buy/cgsh_order_operate.html HTTP/1.1" 200 1207
114.88.166.193 - - [24/Jan/2021:08:52:24 +0800] "GET /xingrg/all/function/internal_message.html?_=1611449539896&CODE_STATE=getMsg HTTP/1.1" 200 27
116.228.172.94 - - [24/Jan/2021:08:52:24 +0800] "GET /xingrg/javascript/auto/indicator.gif HTTP/1.1" 404 1066
222.69.137.13 - - [24/Jan/2021:08:52:25 +0800] "POST /xingrg/kc/buy/cgsh_list_operate.html HTTP/1.1" 200 2039
114.88.166.193 - - [24/Jan/2021:08:52:26 +0800] "GET /xingrg/check_reg.html?_=1611449541991 HTTP/1.1" 200 22
222.69.137.13 - - [24/Jan/2021:08:52:26 +0800] "POST /xingrg/kc/buy/cgsh_list_operate.html HTTP/1.1" 200 202
116.228.172.94 - - [24/Jan/2021:08:52:27 +0800] "GET /xingrg/kc/buy/cgsh_order_operate.html?command=get_materiel&rest_code=00107&code=00101016100&supplier_code=00100033&order_time=2021-01-24 HTTP/1.1" 200 414
222.69.137.13 - - [24/Jan/2021:08:52:27 +0800] "GET /xingrg/kc/buy/cgsh_order_info.html?code=212021012310816 HTTP/1.1" 200 62017
222.69.137.13 - - [24/Jan/2021:08:52:27 +0800] "GET /xingrg/javascript/easyui/themes/default/validatebox.css HTTP/1.1" 404 1104
222.69.137.13 - - [24/Jan/2021:08:52:28 +0800] "POST /xingrg/kc/buy/cgsh_order_operate.html HTTP/1.1" 200 2664
222.69.137.13 - - [24/Jan/2021:08:52:28 +0800] "POST /xingrg/kc/buy/cgsh_list_operate.html HTTP/1.1" 200 2039
61.165.42.208 - - [24/Jan/2021:08:52:30 +0800] "GET /xingrg/all/function/internal_message.html?_=1611449546205&CODE_STATE=getMsg HTTP/1.1" 200 27
120.253.135.82 - - [24/Jan/2021:08:52:34 +0800] "GET /xingrg/all/function/internal_message.html?_=1611449311107&CODE_STATE=getMsg HTTP/1.1" 200 27
120.253.135.82 - - [24/Jan/2021:08:52:38 +0800] "GET /xingrg/all/function/internal_message.html?_=1611449602840&CODE_STATE=getMsg HTTP/1.1" 200 27
116.228.172.94 - - [24/Jan/2021:08:52:42 +0800] "GET /xingrg/kc/buy/cgsh_order_operate.html?command=get_materiel&rest_code=00107&code=00101012029&supplier_code=00100033&order_time=2021-01-24 HTTP/1.1" 200 412
218.81.223.241 - - [24/Jan/2021:08:52:44 +0800] "GET /xingrg/all/function/internal_message.html?_=1611449559397&CODE_STATE=getMsg HTTP/1.1" 200 27
116.228.172.94 - - [24/Jan/2021:08:52:50 +0800] "GET /xingrg/all/function/internal_message.html?_=1611449566404&CODE_STATE=getMsg HTTP/1.1" 200 27
58.37.230.33 - - [24/Jan/2021:08:52:51 +0800] "GET /xingrg/all/function/internal_message.html?_=1611449576120&CODE_STATE=getMsg HTTP/1.1" 200 27
180.169.147.146 - - [24/Jan/2021:08:52:55 +0800] "GET /xingrg/all/function/internal_message.html?_=1611449577878&CODE_STATE=getMsg HTTP/1.1" 302 -
222.69.137.13 - - [24/Jan/2021:08:53:01 +0800] "GET /xingrg/javascript/jquery_tools/images/prev.gif HTTP/1.1" 404 1086
222.69.137.13 - - [24/Jan/2021:08:53:01 +0800] "GET /xingrg/javascript/jquery_tools/images/next.gif HTTP/1.1" 404 1086
222.69.137.13 - - [24/Jan/2021:08:53:07 +0800] "POST /xingrg/kc/buy/cgsh_order_operate.html HTTP/1.1" 200 37
222.69.137.13 - - [24/Jan/2021:08:53:09 +0800] "POST /xingrg/kc/buy/cgsh_order_operate.html HTTP/1.1" 200 12
116.227.17.229 - - [24/Jan/2021:08:53:10 +0800] "GET /xingrg/all/function/internal_message.html?_=1611449584105&CODE_STATE=getMsg HTTP/1.1" 200 27
222.69.137.13 - - [24/Jan/2021:08:53:11 +0800] "GET /xingrg/kc/buy/cgsh_order_info.html?code=212021012310816 HTTP/1.1" 200 56910
222.69.137.13 - - [24/Jan/2021:08:53:11 +0800] "GET /xingrg/javascript/easyui/themes/default/validatebox.css HTTP/1.1" 404 1104
222.69.137.13 - - [24/Jan/2021:08:53:11 +0800] "POST /xingrg/kc/buy/cgsh_order_operate.html HTTP/1.1" 200 614
222.69.137.13 - - [24/Jan/2021:08:53:12 +0800] "GET /xingrg/all/function/internal_message.html?_=1611449588019&CODE_STATE=getMsg HTTP/1.1" 200 27
222.69.137.13 - - [24/Jan/2021:08:53:14 +0800] "POST /xingrg/kc/buy/cgsh_list_operate.html HTTP/1.1" 200 1676
180.156.237.57 - - [24/Jan/2021:08:53:15 +0800] "GET /xingrg/all/function/internal_message.html?_=1611449592184&CODE_STATE=getMsg HTTP/1.1" 200 27
222.69.137.13 - - [24/Jan/2021:08:53:16 +0800] "POST /xingrg/kc/buy/cgsh_list_operate.html HTTP/1.1" 200 201
222.69.137.13 - - [24/Jan/2021:08:53:16 +0800] "GET /xingrg/kc/buy/cgsh_order_info.html?code=212021012310862 HTTP/1.1" 200 62009
222.69.137.13 - - [24/Jan/2021:08:53:16 +0800] "GET /xingrg/javascript/easyui/themes/default/validatebox.css HTTP/1.1" 404 1104
222.69.137.13 - - [24/Jan/2021:08:53:16 +0800] "POST /xingrg/kc/buy/cgsh_order_operate.html HTTP/1.1" 200 2662
222.69.137.13 - - [24/Jan/2021:08:53:17 +0800] "POST /xingrg/kc/buy/cgsh_list_operate.html HTTP/1.1" 200 1676
116.228.172.94 - - [24/Jan/2021:08:53:17 +0800] "GET /xingrg/kc/buy/cgsh_order_operate.html?command=get_materiel&rest_code=00107&code=00101012051&supplier_code=00100033&order_time=2021-01-24 HTTP/1.1" 200 408
58.40.7.146 - - [24/Jan/2021:08:53:19 +0800] "GET /xingrg/all/function/internal_message.html?_=1611449595251&CODE_STATE=getMsg HTTP/1.1" 200 27
58.40.7.146 - - [24/Jan/2021:08:53:19 +0800] "GET /xingrg/check_reg.html?_=1611449595252 HTTP/1.1" 200 22
114.88.166.193 - - [24/Jan/2021:08:53:24 +0800] "GET /xingrg/all/function/internal_message.html?_=1611449599912&CODE_STATE=getMsg HTTP/1.1" 200 27
61.165.42.208 - - [24/Jan/2021:08:53:26 +0800] "GET /xingrg/kc/buy/cgsh_order_operate.html?command=get_materiel&rest_code=00105&code=00101008439&supplier_code=00100203&order_time=2021-01-24 HTTP/1.1" 200 399
116.228.172.94 - - [24/Jan/2021:08:53:27 +0800] "GET /xingrg/kc/buy/cgsh_order_operate.html?command=get_materiel&rest_code=00107&code=00101016025&supplier_code=00100033&order_time=2021-01-24 HTTP/1.1" 200 408
61.165.42.208 - - [24/Jan/2021:08:53:30 +0800] "GET /xingrg/all/function/internal_message.html?_=1611449606224&CODE_STATE=getMsg HTTP/1.1" 200 27
222.69.137.13 - - [24/Jan/2021:08:53:32 +0800] "POST /xingrg/kc/buy/cgsh_order_operate.html HTTP/1.1" 200 37
116.228.172.94 - - [24/Jan/2021:08:53:34 +0800] "POST /xingrg/kc/buy/cgsh_order_operate.html HTTP/1.1" 200 37
120.253.135.82 - - [24/Jan/2021:08:53:34 +0800] "GET /xingrg/all/function/internal_message.html?_=1611449371121&CODE_STATE=getMsg HTTP/1.1" 200 27
222.69.137.13 - - [24/Jan/2021:08:53:35 +0800] "POST /xingrg/kc/buy/cgsh_order_operate.html HTTP/1.1" 200 12
222.69.137.13 - - [24/Jan/2021:08:53:35 +0800] "GET /xingrg/kc/buy/cgsh_order_info.html?code=212021012310862 HTTP/1.1" 200 56902
116.228.172.94 - - [24/Jan/2021:08:53:35 +0800] "POST /xingrg/kc/buy/cgsh_order_operate.html HTTP/1.1" 200 4427
222.69.137.13 - - [24/Jan/2021:08:53:36 +0800] "GET /xingrg/javascript/easyui/themes/default/validatebox.css HTTP/1.1" 404 1104
222.69.137.13 - - [24/Jan/2021:08:53:36 +0800] "POST /xingrg/kc/buy/cgsh_order_operate.html HTTP/1.1" 200 612
116.228.172.94 - - [24/Jan/2021:08:53:37 +0800] "GET /xingrg/kc/print/load_config.html?kc_code=cgsh HTTP/1.1" 200 1845
116.228.172.94 - - [24/Jan/2021:08:53:38 +0800] "GET /xingrg/kc/print/load_data.html?order_code=212021012411139&kc_code=cgsh&condition= HTTP/1.1" 200 1381
120.253.135.82 - - [24/Jan/2021:08:53:38 +0800] "GET /xingrg/all/function/internal_message.html?_=1611449662893&CODE_STATE=getMsg HTTP/1.1" 200 27
218.81.223.241 - - [24/Jan/2021:08:53:44 +0800] "GET /xingrg/all/function/internal_message.html?_=1611449619382&CODE_STATE=getMsg HTTP/1.1" 200 27
61.165.42.208 - - [24/Jan/2021:08:53:47 +0800] "GET /xingrg/kc/buy/cgsh_order_operate.html?command=get_materiel&rest_code=00105&code=00101015046&supplier_code=00100203&order_time=2021-01-24 HTTP/1.1" 200 412
116.228.172.94 - - [24/Jan/2021:08:53:50 +0800] "GET /xingrg/all/function/internal_message.html?_=1611449626409&CODE_STATE=getMsg HTTP/1.1" 200 27
116.228.172.94 - - [24/Jan/2021:08:53:51 +0800] "GET /xingrg/kc/buy/cgsh_order_add.html HTTP/1.1" 200 62043
58.37.230.33 - - [24/Jan/2021:08:53:51 +0800] "GET /xingrg/all/function/internal_message.html?_=1611449636100&CODE_STATE=getMsg HTTP/1.1" 200 27
116.228.172.94 - - [24/Jan/2021:08:53:52 +0800] "GET /xingrg/javascript/easyui/themes/default/validatebox.css HTTP/1.1" 404 1104
116.228.172.94 - - [24/Jan/2021:08:53:52 +0800] "POST /xingrg/kc/buy/cgsh_order_operate.html HTTP/1.1" 200 8245
180.169.147.146 - - [24/Jan/2021:08:53:55 +0800] "GET /xingrg/all/function/internal_message.html?_=1611449637883&CODE_STATE=getMsg HTTP/1.1" 302 -
61.165.42.208 - - [24/Jan/2021:08:53:57 +0800] "GET /xingrg/kc/buy/cgsh_order_operate.html?command=get_materiel&rest_code=00105&code=00101015066&supplier_code=00100203&order_time=2021-01-24 HTTP/1.1" 200 413
117.131.5.26 - - [24/Jan/2021:08:54:02 +0800] "GET /xingrg/check_reg.html?_=1611449991539 HTTP/1.1" 302 -
117.131.5.26 - - [24/Jan/2021:08:54:02 +0800] "GET /xingrg/login.html HTTP/1.1" 200 7641
61.165.42.208 - - [24/Jan/2021:08:54:04 +0800] "GET /xingrg/kc/buy/cgsh_order_operate.html?command=get_materiel&rest_code=00105&code=00101015044&supplier_code=00100203&order_time=2021-01-24 HTTP/1.1" 200 408
116.228.172.94 - - [24/Jan/2021:08:54:07 +0800] "GET /xingrg/javascript/easyui/themes/default/tree.css HTTP/1.1" 404 1090
116.228.172.94 - - [24/Jan/2021:08:54:08 +0800] "POST /xingrg/all/common/load_tree.html?tree=supplier_tree_json&isDelete=1 HTTP/1.1" 200 54555
116.227.17.229 - - [24/Jan/2021:08:54:10 +0800] "GET /xingrg/all/function/internal_message.html?_=1611449644076&CODE_STATE=getMsg HTTP/1.1" 200 27
58.37.230.33 - - [24/Jan/2021:08:54:10 +0800] "GET /xingrg/check_reg.html?_=1611449654974 HTTP/1.1" 200 22
222.69.137.13 - - [24/Jan/2021:08:54:12 +0800] "GET /xingrg/all/function/internal_message.html?_=1611449648027&CODE_STATE=getMsg HTTP/1.1" 200 27
61.165.42.208 - - [24/Jan/2021:08:54:13 +0800] "GET /xingrg/kc/buy/cgsh_order_operate.html?command=get_materiel&rest_code=00105&code=00102003383&supplier_code=00100203&order_time=2021-01-24 HTTP/1.1" 200 412
120.253.135.82 - - [24/Jan/2021:08:54:13 +0800] "GET /xingrg/check_reg.html?_=1611449698174 HTTP/1.1" 200 22
180.156.237.57 - - [24/Jan/2021:08:54:15 +0800] "GET /xingrg/all/function/internal_message.html?_=1611449652192&CODE_STATE=getMsg HTTP/1.1" 200 27
180.156.237.57 - - [24/Jan/2021:08:54:15 +0800] "GET /xingrg/check_reg.html?_=1611449652197 HTTP/1.1" 200 22
61.165.42.208 - - [24/Jan/2021:08:54:18 +0800] "GET /xingrg/kc/buy/cgsh_order_operate.html?command=get_materiel&rest_code=00105&code=00101020152&supplier_code=00100203&order_time=2021-01-24 HTTP/1.1" 200 416
172.20.0.100 - - [24/Jan/2021:08:54:19 +0800] "GET /xingrg/check_reg.html?_=1611449654126 HTTP/1.1" 200 22
58.40.7.146 - - [24/Jan/2021:08:54:19 +0800] "GET /xingrg/all/function/internal_message.html?_=1611449655254&CODE_STATE=getMsg HTTP/1.1" 200 27
116.228.172.94 - - [24/Jan/2021:08:54:24 +0800] "GET /xingrg/kc/buy/cgsh_order_operate.html?command=get_materiel&rest_code=00107&code=00101007022&supplier_code=00100002&order_time=2021-01-24 HTTP/1.1" 200 413
114.88.166.193 - - [24/Jan/2021:08:54:24 +0800] "GET /xingrg/all/function/internal_message.html?_=1611449659926&CODE_STATE=getMsg HTTP/1.1" 200 27
61.165.42.208 - - [24/Jan/2021:08:54:25 +0800] "GET /xingrg/kc/buy/cgsh_order_operate.html?command=get_materiel&rest_code=00105&code=00101008254&supplier_code=00100203&order_time=2021-01-24 HTTP/1.1" 200 412
61.165.42.208 - - [24/Jan/2021:08:54:29 +0800] "POST /xingrg/kc/buy/cgsh_order_operate.html HTTP/1.1" 200 2065
61.165.42.208 - - [24/Jan/2021:08:54:30 +0800] "GET /xingrg/all/function/internal_message.html?_=1611449666323&CODE_STATE=getMsg HTTP/1.1" 200 27
61.165.42.208 - - [24/Jan/2021:08:54:30 +0800] "GET /xingrg/check_reg.html?_=1611449666324 HTTP/1.1" 200 22
61.165.42.208 - - [24/Jan/2021:08:54:34 +0800] "GET /xingrg/kc/buy/cgsh_order_operate.html?command=get_materiel&rest_code=00105&code=00101008039&supplier_code=00100203&order_time=2021-01-24 HTTP/1.1" 200 412
120.253.135.82 - - [24/Jan/2021:08:54:34 +0800] "GET /xingrg/all/function/internal_message.html?_=1611449431199&CODE_STATE=getMsg HTTP/1.1" 200 27
120.253.135.82 - - [24/Jan/2021:08:54:38 +0800] "GET /xingrg/all/function/internal_message.html?_=1611449722899&CODE_STATE=getMsg HTTP/1.1" 200 27
61.165.42.208 - - [24/Jan/2021:08:54:40 +0800] "POST /xingrg/kc/buy/cgsh_order_operate.html HTTP/1.1" 200 2065
218.81.223.241 - - [24/Jan/2021:08:54:44 +0800] "GET /xingrg/all/function/internal_message.html?_=1611449679382&CODE_STATE=getMsg HTTP/1.1" 200 27
116.228.172.94 - - [24/Jan/2021:08:54:46 +0800] "GET /xingrg/kc/buy/cgsh_order_operate.html?command=get_materiel&rest_code=00107&code=00101007061&supplier_code=00100002&order_time=2021-01-24 HTTP/1.1" 200 409
116.228.172.94 - - [24/Jan/2021:08:54:50 +0800] "GET /xingrg/all/function/internal_message.html?_=1611449686422&CODE_STATE=getMsg HTTP/1.1" 200 27
58.37.230.33 - - [24/Jan/2021:08:54:51 +0800] "GET /xingrg/all/function/internal_message.html?_=1611449696080&CODE_STATE=getMsg HTTP/1.1" 200 27
61.165.42.208 - - [24/Jan/2021:08:54:52 +0800] "GET /xingrg/kc/buy/cgsh_order_operate.html?command=get_materiel&rest_code=00105&code=00101008207&supplier_code=00100203&order_time=2021-01-24 HTTP/1.1" 200 408
180.169.147.146 - - [24/Jan/2021:08:54:55 +0800] "GET /xingrg/check_reg.html?_=1611449697882 HTTP/1.1" 302 -
180.169.147.146 - - [24/Jan/2021:08:54:56 +0800] "GET /xingrg/all/function/internal_message.html?_=1611449697885&CODE_STATE=getMsg HTTP/1.1" 302 -
116.228.172.94 - - [24/Jan/2021:08:55:01 +0800] "GET /xingrg/kc/buy/cgsh_order_operate.html?command=get_materiel&rest_code=00107&code=00101007023&supplier_code=00100002&order_time=2021-01-24 HTTP/1.1" 200 411
116.227.17.229 - - [24/Jan/2021:08:55:10 +0800] "GET /xingrg/all/function/internal_message.html?_=1611449704048&CODE_STATE=getMsg HTTP/1.1" 200 27
116.228.172.94 - - [24/Jan/2021:08:55:11 +0800] "POST /xingrg/kc/buy/cgsh_order_operate.html HTTP/1.1" 200 37
222.69.137.13 - - [24/Jan/2021:08:55:12 +0800] "GET /xingrg/check_reg.html?_=1611449708016 HTTP/1.1" 200 22
222.69.137.13 - - [24/Jan/2021:08:55:12 +0800] "GET /xingrg/all/function/internal_message.html?_=1611449708019&CODE_STATE=getMsg HTTP/1.1" 200 27
61.165.42.208 - - [24/Jan/2021:08:55:12 +0800] "GET /xingrg/kc/buy/cgsh_order_operate.html?command=get_materiel&rest_code=00105&code=00101008333&supplier_code=00100203&order_time=2021-01-24 HTTP/1.1" 200 412
101.89.239.230 - - [24/Jan/2021:08:55:12 +0800] "GET /xingrg/check_reg.html?_=1611449654974 HTTP/1.1" 302 -
116.228.172.94 - - [24/Jan/2021:08:55:13 +0800] "POST /xingrg/kc/buy/cgsh_order_operate.html HTTP/1.1" 200 3834
101.89.239.230 - - [24/Jan/2021:08:55:14 +0800] "GET /xingrg/login.html HTTP/1.1" 200 7641
180.156.237.57 - - [24/Jan/2021:08:55:15 +0800] "GET /xingrg/all/function/internal_message.html?_=1611449712186&CODE_STATE=getMsg HTTP/1.1" 200 27
116.228.172.94 - - [24/Jan/2021:08:55:15 +0800] "GET /xingrg/kc/print/load_data.html?order_code=212021012411140&kc_code=cgsh&condition= HTTP/1.1" 200 1189
58.40.7.146 - - [24/Jan/2021:08:55:19 +0800] "GET /xingrg/all/function/internal_message.html?_=1611449715256&CODE_STATE=getMsg HTTP/1.1" 200 27
116.228.172.94 - - [24/Jan/2021:08:55:19 +0800] "GET /xingrg/kc/buy/cgsh_order_add.html HTTP/1.1" 200 62043
116.228.172.94 - - [24/Jan/2021:08:55:20 +0800] "GET /xingrg/javascript/easyui/themes/default/validatebox.css HTTP/1.1" 404 1104
116.228.172.94 - - [24/Jan/2021:08:55:20 +0800] "POST /xingrg/kc/buy/cgsh_order_operate.html HTTP/1.1" 200 8245
116.228.172.94 - - [24/Jan/2021:08:55:21 +0800] "GET /xingrg/javascript/easyui/themes/default/tree.css HTTP/1.1" 404 1090
116.228.172.94 - - [24/Jan/2021:08:55:22 +0800] "POST /xingrg/all/common/load_tree.html?tree=supplier_tree_json&isDelete=1 HTTP/1.1" 200 54555
61.165.42.208 - - [24/Jan/2021:08:55:23 +0800] "GET /xingrg/kc/buy/cgsh_order_operate.html?command=get_materiel&rest_code=00105&code=00101008087&supplier_code=00100203&order_time=2021-01-24 HTTP/1.1" 200 412
114.88.166.193 - - [24/Jan/2021:08:55:24 +0800] "GET /xingrg/all/function/internal_message.html?_=1611449720710&CODE_STATE=getMsg HTTP/1.1" 200 27
61.165.42.208 - - [24/Jan/2021:08:55:29 +0800] "GET /xingrg/kc/buy/cgsh_order_operate.html?command=get_materiel&rest_code=00105&code=00101008212&supplier_code=00100203&order_time=2021-01-24 HTTP/1.1" 200 412
61.165.42.208 - - [24/Jan/2021:08:55:30 +0800] "GET /xingrg/all/function/internal_message.html?_=1611449726213&CODE_STATE=getMsg HTTP/1.1" 200 27
120.253.135.82 - - [24/Jan/2021:08:55:34 +0800] "GET /xingrg/all/function/internal_message.html?_=1611449491210&CODE_STATE=getMsg HTTP/1.1" 200 27
120.253.135.82 - - [24/Jan/2021:08:55:38 +0800] "GET /xingrg/all/function/internal_message.html?_=1611449782912&CODE_STATE=getMsg HTTP/1.1" 200 27
116.228.172.94 - - [24/Jan/2021:08:55:40 +0800] "GET /xingrg/kc/buy/cgsh_order_operate.html?command=get_materiel&rest_code=00107&code=00101006055&supplier_code=00100010&order_time=2021-01-24 HTTP/1.1" 200 409
218.81.223.241 - - [24/Jan/2021:08:55:44 +0800] "GET /xingrg/check_reg.html?_=1611449739382 HTTP/1.1" 200 22
218.81.223.241 - - [24/Jan/2021:08:55:44 +0800] "GET /xingrg/all/function/internal_message.html?_=1611449739385&CODE_STATE=getMsg HTTP/1.1" 200 27
61.165.42.208 - - [24/Jan/2021:08:55:44 +0800] "GET /xingrg/kc/buy/cgsh_order_operate.html?command=get_materiel&rest_code=00105&code=00101008098&supplier_code=00100203&order_time=2021-01-24 HTTP/1.1" 200 412
116.228.172.94 - - [24/Jan/2021:08:55:50 +0800] "GET /xingrg/all/function/internal_message.html?_=1611449746428&CODE_STATE=getMsg HTTP/1.1" 200 27
58.37.230.33 - - [24/Jan/2021:08:55:51 +0800] "GET /xingrg/all/function/internal_message.html?_=1611449756051&CODE_STATE=getMsg HTTP/1.1" 200 27
116.228.172.94 - - [24/Jan/2021:08:55:53 +0800] "GET /xingrg/kc/buy/cgsh_order_operate.html?command=get_materiel&rest_code=00107&code=00101006109&supplier_code=00100010&order_time=2021-01-24 HTTP/1.1" 200 429
180.169.147.146 - - [24/Jan/2021:08:55:56 +0800] "GET /xingrg/all/function/internal_message.html?_=1611449757886&CODE_STATE=getMsg HTTP/1.1" 302 -
222.69.137.13 - - [24/Jan/2021:08:56:02 +0800] "GET /xingrg/kc/buy/cgsh_order_add.html HTTP/1.1" 200 62008
222.69.137.13 - - [24/Jan/2021:08:56:02 +0800] "GET /xingrg/javascript/easyui/themes/default/validatebox.css HTTP/1.1" 404 1104
222.69.137.13 - - [24/Jan/2021:08:56:02 +0800] "POST /xingrg/kc/buy/cgsh_order_operate.html HTTP/1.1" 200 8245
222.69.137.13 - - [24/Jan/2021:08:56:05 +0800] "GET /xingrg/javascript/auto/indicator.gif HTTP/1.1" 404 1066
116.227.17.229 - - [24/Jan/2021:08:56:10 +0800] "GET /xingrg/all/function/internal_message.html?_=1611449764021&CODE_STATE=getMsg HTTP/1.1" 200 27
222.69.137.13 - - [24/Jan/2021:08:56:12 +0800] "GET /xingrg/all/function/internal_message.html?_=1611449768024&CODE_STATE=getMsg HTTP/1.1" 200 27
61.165.42.208 - - [24/Jan/2021:08:56:14 +0800] "POST /xingrg/kc/buy/cgsh_order_operate.html HTTP/1.1" 200 37
116.228.172.94 - - [24/Jan/2021:08:56:14 +0800] "GET /xingrg/kc/buy/cgsh_order_operate.html?command=get_materiel&rest_code=00107&code=00101006115&supplier_code=00100010&order_time=2021-01-24 HTTP/1.1" 200 409
180.156.237.57 - - [24/Jan/2021:08:56:15 +0800] "GET /xingrg/all/function/internal_message.html?_=1611449772212&CODE_STATE=getMsg HTTP/1.1" 200 27
61.165.42.208 - - [24/Jan/2021:08:56:16 +0800] "POST /xingrg/kc/buy/cgsh_order_operate.html HTTP/1.1" 200 42273
61.165.42.208 - - [24/Jan/2021:08:56:16 +0800] "GET /xingrg/kc/buy/cgsh_order_add.html HTTP/1.1" 200 62002
61.165.42.208 - - [24/Jan/2021:08:56:17 +0800] "GET /xingrg/javascript/easyui/themes/default/validatebox.css HTTP/1.1" 404 1104
61.165.42.208 - - [24/Jan/2021:08:56:17 +0800] "POST /xingrg/kc/buy/cgsh_order_operate.html HTTP/1.1" 200 8245
58.40.7.146 - - [24/Jan/2021:08:56:19 +0800] "GET /xingrg/all/function/internal_message.html?_=1611449775244&CODE_STATE=getMsg HTTP/1.1" 200 27
222.69.137.13 - - [24/Jan/2021:08:56:21 +0800] "GET /xingrg/kc/buy/cgsh_order_operate.html?command=get_materiel&rest_code=00149&code=00101007081&supplier_code=00100205&order_time=2021-01-24 HTTP/1.1" 200 415
116.228.172.94 - - [24/Jan/2021:08:56:23 +0800] "GET /xingrg/kc/buy/cgsh_order_operate.html?command=get_materiel&rest_code=00107&code=00101007068&supplier_code=00100010&order_time=2021-01-24 HTTP/1.1" 200 409
114.88.166.193 - - [24/Jan/2021:08:56:24 +0800] "GET /xingrg/all/function/internal_message.html?_=1611449780718&CODE_STATE=getMsg HTTP/1.1" 200 27
61.165.42.208 - - [24/Jan/2021:08:56:27 +0800] "GET /xingrg/kc/buy/cgsh_order_operate.html?command=get_materiel&rest_code=00105&code=00101012025&supplier_code=00100034&order_time=2021-01-24 HTTP/1.1" 200 412
61.165.42.208 - - [24/Jan/2021:08:56:30 +0800] "GET /xingrg/all/function/internal_message.html?_=1611449786225&CODE_STATE=getMsg HTTP/1.1" 200 27
120.253.135.82 - - [24/Jan/2021:08:56:34 +0800] "GET /xingrg/all/function/internal_message.html?_=1611449551286&CODE_STATE=getMsg HTTP/1.1" 200 27
116.228.172.94 - - [24/Jan/2021:08:56:36 +0800] "GET /xingrg/kc/buy/cgsh_order_operate.html?command=get_materiel&rest_code=00107&code=00101006177&supplier_code=00100010&order_time=2021-01-24 HTTP/1.1" 200 409
120.253.135.82 - - [24/Jan/2021:08:56:38 +0800] "GET /xingrg/all/function/internal_message.html?_=1611449842952&CODE_STATE=getMsg HTTP/1.1" 200 27
61.165.42.208 - - [24/Jan/2021:08:56:39 +0800] "GET /xingrg/kc/buy/cgsh_order_operate.html?command=get_materiel&rest_code=00105&code=00101016030&supplier_code=00100034&order_time=2021-01-24 HTTP/1.1" 200 412
222.69.137.13 - - [24/Jan/2021:08:56:40 +0800] "GET /xingrg/kc/buy/cgsh_order_operate.html?command=get_materiel&rest_code=00149&code=00101007048&supplier_code=00100205&order_time=2021-01-24 HTTP/1.1" 200 408
218.81.223.241 - - [24/Jan/2021:08:56:44 +0800] "GET /xingrg/all/function/internal_message.html?_=1611449799383&CODE_STATE=getMsg HTTP/1.1" 200 27
61.165.42.208 - - [24/Jan/2021:08:56:45 +0800] "GET /xingrg/kc/buy/cgsh_order_operate.html?command=get_materiel&rest_code=00105&code=00101012051&supplier_code=00100034&order_time=2021-01-24 HTTP/1.1" 200 408
116.228.172.94 - - [24/Jan/2021:08:56:48 +0800] "POST /xingrg/kc/buy/cgsh_order_operate.html HTTP/1.1" 200 37
116.228.172.94 - - [24/Jan/2021:08:56:50 +0800] "POST /xingrg/kc/buy/cgsh_order_operate.html HTTP/1.1" 200 5010
116.228.172.94 - - [24/Jan/2021:08:56:50 +0800] "GET /xingrg/check_reg.html?_=1611449806429 HTTP/1.1" 200 22
116.228.172.94 - - [24/Jan/2021:08:56:50 +0800] "GET /xingrg/all/function/internal_message.html?_=1611449806430&CODE_STATE=getMsg HTTP/1.1" 200 27
61.129.6.227 - - [24/Jan/2021:08:56:51 +0800] "GET /xingrg/all/function/internal_message.html?_=1611449756051&CODE_STATE=getMsg HTTP/1.1" 302 -
58.37.230.33 - - [24/Jan/2021:08:56:51 +0800] "GET /xingrg/all/function/internal_message.html?_=1611449816028&CODE_STATE=getMsg HTTP/1.1" 200 27
116.228.172.94 - - [24/Jan/2021:08:56:52 +0800] "GET /xingrg/kc/print/load_data.html?order_code=212021012411142&kc_code=cgsh&condition= HTTP/1.1" 200 1609
61.129.6.227 - - [24/Jan/2021:08:56:52 +0800] "GET /xingrg/login.html HTTP/1.1" 200 7641
180.169.147.146 - - [24/Jan/2021:08:56:55 +0800] "GET /xingrg/all/function/internal_message.html?_=1611449817872&CODE_STATE=getMsg HTTP/1.1" 302 -
61.165.42.208 - - [24/Jan/2021:08:56:56 +0800] "GET /xingrg/kc/buy/cgsh_order_operate.html?command=get_materiel&rest_code=00105&code=00101012003&supplier_code=00100034&order_time=2021-01-24 HTTP/1.1" 200 413
116.228.172.94 - - [24/Jan/2021:08:56:56 +0800] "GET /xingrg/kc/buy/cgsh_order_add.html HTTP/1.1" 200 62043
116.228.172.94 - - [24/Jan/2021:08:56:57 +0800] "POST /xingrg/kc/buy/cgsh_order_operate.html HTTP/1.1" 200 8245
116.228.172.94 - - [24/Jan/2021:08:56:58 +0800] "GET /xingrg/javascript/easyui/themes/default/validatebox.css HTTP/1.1" 404 1104
116.228.172.94 - - [24/Jan/2021:08:57:04 +0800] "GET /xingrg/javascript/easyui/themes/default/tree.css HTTP/1.1" 404 1090
116.228.172.94 - - [24/Jan/2021:08:57:04 +0800] "POST /xingrg/all/common/load_tree.html?tree=supplier_tree_json&isDelete=1 HTTP/1.1" 200 54555
222.69.137.13 - - [24/Jan/2021:08:57:07 +0800] "GET /xingrg/kc/buy/cgsh_order_operate.html?command=get_materiel&rest_code=00149&code=00101007061&supplier_code=00100205&order_time=2021-01-24 HTTP/1.1" 200 411
116.227.17.229 - - [24/Jan/2021:08:57:10 +0800] "GET /xingrg/all/function/internal_message.html?_=1611449824006&CODE_STATE=getMsg HTTP/1.1" 200 27
222.69.137.13 - - [24/Jan/2021:08:57:12 +0800] "GET /xingrg/all/function/internal_message.html?_=1611449828026&CODE_STATE=getMsg HTTP/1.1" 200 27
61.165.42.208 - - [24/Jan/2021:08:57:13 +0800] "GET /xingrg/kc/buy/cgsh_order_operate.html?command=get_materiel&rest_code=00105&code=00101012039&supplier_code=00100034&order_time=2021-01-24 HTTP/1.1" 200 408
180.156.237.57 - - [24/Jan/2021:08:57:15 +0800] "GET /xingrg/all/function/internal_message.html?_=1611449832214&CODE_STATE=getMsg HTTP/1.1" 200 27
120.253.135.82 - - [24/Jan/2021:08:57:18 +0800] "GET /xingrg/check_reg.html?_=1611449595000 HTTP/1.1" 200 22
58.40.7.146 - - [24/Jan/2021:08:57:19 +0800] "GET /xingrg/all/function/internal_message.html?_=1611449835247&CODE_STATE=getMsg HTTP/1.1" 200 27
222.69.137.13 - - [24/Jan/2021:08:57:19 +0800] "POST /xingrg/kc/buy/cgsh_order_operate.html HTTP/1.1" 200 37
116.227.17.229 - - [24/Jan/2021:08:57:20 +0800] "GET /xingrg/check_reg.html?_=1611449833960 HTTP/1.1" 200 22
116.228.172.94 - - [24/Jan/2021:08:57:20 +0800] "GET /xingrg/kc/buy/cgsh_order_operate.html?command=get_materiel&rest_code=00107&code=00101008045&supplier_code=00100006&order_time=2021-01-24 HTTP/1.1" 200 412
222.69.137.13 - - [24/Jan/2021:08:57:21 +0800] "POST /xingrg/kc/buy/cgsh_order_operate.html HTTP/1.1" 200 12
222.69.137.13 - - [24/Jan/2021:08:57:23 +0800] "GET /xingrg/kc/buy/cgsh_order_info.html?code=212021012411143 HTTP/1.1" 200 56908
222.69.137.13 - - [24/Jan/2021:08:57:24 +0800] "GET /xingrg/javascript/easyui/themes/default/validatebox.css HTTP/1.1" 404 1104
61.165.42.208 - - [24/Jan/2021:08:57:25 +0800] "POST /xingrg/kc/buy/cgsh_order_operate.html HTTP/1.1" 200 37
222.69.137.13 - - [24/Jan/2021:08:57:25 +0800] "POST /xingrg/kc/buy/cgsh_order_operate.html HTTP/1.1" 200 1786
114.88.166.193 - - [24/Jan/2021:08:57:25 +0800] "GET /xingrg/all/function/internal_message.html?_=1611449841543&CODE_STATE=getMsg HTTP/1.1" 200 27
61.165.42.208 - - [24/Jan/2021:08:57:25 +0800] "POST /xingrg/kc/buy/cgsh_order_operate.html HTTP/1.1" 200 5016
222.69.137.13 - - [24/Jan/2021:08:57:26 +0800] "GET /xingrg/kc/print/load_config.html?kc_code=cgsh HTTP/1.1" 200 1845
222.69.137.13 - - [24/Jan/2021:08:57:26 +0800] "GET /xingrg/kc/print/load_data.html?order_code=212021012411143&kc_code=cgsh&condition= HTTP/1.1" 200 1140
114.88.166.193 - - [24/Jan/2021:08:57:26 +0800] "GET /xingrg/check_reg.html?_=1611449841999 HTTP/1.1" 200 22
61.165.42.208 - - [24/Jan/2021:08:57:26 +0800] "GET /xingrg/kc/print/load_config.html?kc_code=cgsh HTTP/1.1" 200 1845
61.165.42.208 - - [24/Jan/2021:08:57:26 +0800] "GET /xingrg/kc/print/load_data.html?order_code=212021012411144&kc_code=cgsh&condition= HTTP/1.1" 200 1606
61.165.42.208 - - [24/Jan/2021:08:57:30 +0800] "GET /xingrg/all/function/internal_message.html?_=1611449846230&CODE_STATE=getMsg HTTP/1.1" 200 27
61.165.42.208 - - [24/Jan/2021:08:57:30 +0800] "GET /xingrg/kc/buy/cgsh_order_add.html HTTP/1.1" 200 62002
61.165.42.208 - - [24/Jan/2021:08:57:31 +0800] "GET /xingrg/javascript/easyui/themes/default/validatebox.css HTTP/1.1" 404 1104
61.165.42.208 - - [24/Jan/2021:08:57:31 +0800] "POST /xingrg/kc/buy/cgsh_order_operate.html HTTP/1.1" 200 8245
116.228.172.94 - - [24/Jan/2021:08:57:33 +0800] "GET /xingrg/kc/buy/cgsh_order_operate.html?command=get_materiel&rest_code=00107&code=00101008360&supplier_code=00100006&order_time=2021-01-24 HTTP/1.1" 200 413
120.253.135.82 - - [24/Jan/2021:08:57:34 +0800] "GET /xingrg/all/function/internal_message.html?_=1611449611457&CODE_STATE=getMsg HTTP/1.1" 200 27
120.253.135.82 - - [24/Jan/2021:08:57:38 +0800] "GET /xingrg/all/function/internal_message.html?_=1611449902955&CODE_STATE=getMsg HTTP/1.1" 200 27
222.69.137.13 - - [24/Jan/2021:08:57:40 +0800] "GET /xingrg/kc/buy/cgsh_order_add.html HTTP/1.1" 200 62008
222.69.137.13 - - [24/Jan/2021:08:57:40 +0800] "POST /xingrg/kc/buy/cgsh_order_operate.html HTTP/1.1" 200 8245
222.69.137.13 - - [24/Jan/2021:08:57:40 +0800] "GET /xingrg/javascript/easyui/themes/default/validatebox.css HTTP/1.1" 404 1104
61.165.42.208 - - [24/Jan/2021:08:57:40 +0800] "GET /xingrg/kc/buy/cgsh_order_operate.html?command=get_materiel&rest_code=00105&code=00101002027&supplier_code=00100397&order_time=2021-01-24 HTTP/1.1" 200 434
116.228.172.94 - - [24/Jan/2021:08:57:42 +0800] "GET /xingrg/kc/buy/cgsh_order_operate.html?command=get_materiel&rest_code=00107&code=00101008146&supplier_code=00100006&order_time=2021-01-24 HTTP/1.1" 200 416
218.81.223.241 - - [24/Jan/2021:08:57:44 +0800] "GET /xingrg/all/function/internal_message.html?_=1611449859387&CODE_STATE=getMsg HTTP/1.1" 200 27
116.228.172.94 - - [24/Jan/2021:08:57:50 +0800] "GET /xingrg/all/function/internal_message.html?_=1611449866433&CODE_STATE=getMsg HTTP/1.1" 200 27
58.37.230.33 - - [24/Jan/2021:08:57:51 +0800] "GET /xingrg/all/function/internal_message.html?_=1611449875997&CODE_STATE=getMsg HTTP/1.1" 200 27
116.228.172.94 - - [24/Jan/2021:08:57:52 +0800] "GET /xingrg/kc/buy/cgsh_order_operate.html?command=get_materiel&rest_code=00107&code=00101008223&supplier_code=00100006&order_time=2021-01-24 HTTP/1.1" 200 412
180.169.147.146 - - [24/Jan/2021:08:57:55 +0800] "GET /xingrg/all/function/internal_message.html?_=1611449877872&CODE_STATE=getMsg HTTP/1.1" 302 -
116.228.172.94 - - [24/Jan/2021:08:58:02 +0800] "GET /xingrg/kc/buy/cgsh_order_operate.html?command=get_materiel&rest_code=00107&code=00101008357&supplier_code=00100006&order_time=2021-01-24 HTTP/1.1" 200 408
222.69.137.13 - - [24/Jan/2021:08:58:06 +0800] "GET /xingrg/kc/buy/cgsh_order_operate.html?command=get_materiel&rest_code=00149&code=00101011005&supplier_code=00100051&order_time=2021-01-24 HTTP/1.1" 200 428
116.227.17.229 - - [24/Jan/2021:08:58:10 +0800] "GET /xingrg/all/function/internal_message.html?_=1611449883977&CODE_STATE=getMsg HTTP/1.1" 200 27
116.228.172.94 - - [24/Jan/2021:08:58:10 +0800] "GET /xingrg/kc/buy/cgsh_order_operate.html?command=get_materiel&rest_code=00107&code=00101008069&supplier_code=00100006&order_time=2021-01-24 HTTP/1.1" 200 412
222.69.137.13 - - [24/Jan/2021:08:58:12 +0800] "GET /xingrg/all/function/internal_message.html?_=1611449888027&CODE_STATE=getMsg HTTP/1.1" 200 27
180.156.237.57 - - [24/Jan/2021:08:58:15 +0800] "GET /xingrg/all/function/internal_message.html?_=1611449892218&CODE_STATE=getMsg HTTP/1.1" 200 27
58.40.7.146 - - [24/Jan/2021:08:58:19 +0800] "GET /xingrg/all/function/internal_message.html?_=1611449895250&CODE_STATE=getMsg HTTP/1.1" 200 27
58.40.7.146 - - [24/Jan/2021:08:58:19 +0800] "GET /xingrg/check_reg.html?_=1611449895278 HTTP/1.1" 200 22
116.228.172.94 - - [24/Jan/2021:08:58:21 +0800] "GET /xingrg/kc/buy/cgsh_order_operate.html?command=get_materiel&rest_code=00107&code=00101008131&supplier_code=00100006&order_time=2021-01-24 HTTP/1.1" 200 408
222.69.137.13 - - [24/Jan/2021:08:58:24 +0800] "GET /xingrg/kc/buy/cgsh_order_operate.html?command=get_materiel&rest_code=00149&code=00101011003&supplier_code=00100051&order_time=2021-01-24 HTTP/1.1" 200 413
114.88.166.193 - - [24/Jan/2021:08:58:25 +0800] "GET /xingrg/all/function/internal_message.html?_=1611449901556&CODE_STATE=getMsg HTTP/1.1" 200 27
61.165.42.208 - - [24/Jan/2021:08:58:30 +0800] "GET /xingrg/all/function/internal_message.html?_=1611449906224&CODE_STATE=getMsg HTTP/1.1" 200 27
120.253.135.82 - - [24/Jan/2021:08:58:34 +0800] "GET /xingrg/all/function/internal_message.html?_=1611449671470&CODE_STATE=getMsg HTTP/1.1" 200 27
120.253.135.82 - - [24/Jan/2021:08:58:38 +0800] "GET /xingrg/all/function/internal_message.html?_=1611449962994&CODE_STATE=getMsg HTTP/1.1" 200 27
218.81.223.241 - - [24/Jan/2021:08:58:44 +0800] "GET /xingrg/all/function/internal_message.html?_=1611449919388&CODE_STATE=getMsg HTTP/1.1" 200 27
116.228.172.94 - - [24/Jan/2021:08:58:50 +0800] "GET /xingrg/all/function/internal_message.html?_=1611449926445&CODE_STATE=getMsg HTTP/1.1" 200 27
58.37.230.33 - - [24/Jan/2021:08:58:51 +0800] "GET /xingrg/all/function/internal_message.html?_=1611449935998&CODE_STATE=getMsg HTTP/1.1" 200 27
61.165.42.208 - - [24/Jan/2021:08:58:53 +0800] "POST /xingrg/kc/buy/cgsh_order_operate.html HTTP/1.1" 200 37
61.165.42.208 - - [24/Jan/2021:08:58:54 +0800] "POST /xingrg/kc/buy/cgsh_order_operate.html HTTP/1.1" 200 2660
180.169.147.146 - - [24/Jan/2021:08:58:55 +0800] "GET /xingrg/all/function/internal_message.html?_=1611449937871&CODE_STATE=getMsg HTTP/1.1" 302 -
61.165.42.208 - - [24/Jan/2021:08:58:59 +0800] "GET /xingrg/kc/buy/cgsh_order_list.html HTTP/1.1" 200 46217
61.165.42.208 - - [24/Jan/2021:08:59:00 +0800] "GET /favicon.ico HTTP/1.1" 404 -
114.86.187.76 - - [24/Jan/2021:08:59:00 +0800] "GET /xingrg/index.html?sysBaseUrl=http%3A%2F%2F180.169.147.146%3A18081%2Fxingrg%2F&costTime=37×tamp=1611319451737 HTTP/1.1" 302 -
114.86.187.76 - - [24/Jan/2021:08:59:00 +0800] "GET /xingrg/login.html HTTP/1.1" 200 7641
114.86.187.76 - - [24/Jan/2021:08:59:01 +0800] "GET /favicon.ico HTTP/1.1" 404 -
61.165.42.208 - - [24/Jan/2021:08:59:01 +0800] "POST /xingrg/kc/buy/cgsh_list_operate.html HTTP/1.1" 200 2409
117.131.5.26 - - [24/Jan/2021:08:59:02 +0800] "GET /xingrg/check_reg.html?_=1611450291542 HTTP/1.1" 302 -
117.131.5.26 - - [24/Jan/2021:08:59:02 +0800] "GET /xingrg/login.html HTTP/1.1" 200 7641
61.165.42.208 - - [24/Jan/2021:08:59:05 +0800] "GET /xingrg/kc/buy/cgsh_order_list.html HTTP/1.1" 200 46217
61.165.42.208 - - [24/Jan/2021:08:59:06 +0800] "POST /xingrg/kc/buy/cgsh_list_operate.html HTTP/1.1" 200 2409
116.227.17.229 - - [24/Jan/2021:08:59:10 +0800] "GET /xingrg/all/function/internal_message.html?_=1611449943948&CODE_STATE=getMsg HTTP/1.1" 200 27
58.37.230.33 - - [24/Jan/2021:08:59:10 +0800] "GET /xingrg/check_reg.html?_=1611449954983 HTTP/1.1" 200 22
114.86.187.76 - - [24/Jan/2021:08:59:12 +0800] "POST /xingrg/login.do HTTP/1.1" 302 -
114.86.187.76 - - [24/Jan/2021:08:59:13 +0800] "GET /xingrg/index.html?sysBaseUrl=http%3A%2F%2F180.169.147.146%3A18081%2Fxingrg%2F&costTime=36×tamp=1611449952999 HTTP/1.1" 200 17179
114.86.187.76 - - [24/Jan/2021:08:59:13 +0800] "GET /favicon.ico HTTP/1.1" 404 -
114.86.187.76 - - [24/Jan/2021:08:59:13 +0800] "POST /xingrg/all/common/load_tree.html?tree=area_rest_tree_json&manage=1 HTTP/1.1" 200 351
120.253.135.82 - - [24/Jan/2021:08:59:13 +0800] "GET /xingrg/check_reg.html?_=1611449998178 HTTP/1.1" 200 22
114.86.187.76 - - [24/Jan/2021:08:59:13 +0800] "GET /xingrg/all/function/internal_message.html?_=1611449949440&CODE_STATE=count HTTP/1.1" 200 11
114.86.187.76 - - [24/Jan/2021:08:59:13 +0800] "GET /xingrg/check_reg.html?_=1611449949442 HTTP/1.1" 200 22
114.86.187.76 - - [24/Jan/2021:08:59:13 +0800] "POST /xingrg/load_menu.html HTTP/1.1" 200 5138
180.156.237.57 - - [24/Jan/2021:08:59:15 +0800] "GET /xingrg/all/function/internal_message.html?_=1611449952217&CODE_STATE=getMsg HTTP/1.1" 200 27
180.156.237.57 - - [24/Jan/2021:08:59:15 +0800] "GET /xingrg/check_reg.html?_=1611449952219 HTTP/1.1" 200 22
172.20.0.100 - - [24/Jan/2021:08:59:19 +0800] "GET /xingrg/check_reg.html?_=1611449954108 HTTP/1.1" 200 22
58.40.7.146 - - [24/Jan/2021:08:59:19 +0800] "GET /xingrg/all/function/internal_message.html?_=1611449955278&CODE_STATE=getMsg HTTP/1.1" 200 27
114.86.187.76 - - [24/Jan/2021:08:59:19 +0800] "GET /xingrg/kc/buy/cgsh_order_list.html HTTP/1.1" 200 46223
114.86.187.76 - - [24/Jan/2021:08:59:20 +0800] "POST /xingrg/kc/buy/cgsh_list_operate.html HTTP/1.1" 200 876
116.228.172.94 - - [24/Jan/2021:08:59:22 +0800] "GET /xingrg/kc/buy/cgsh_order_operate.html?command=get_materiel&rest_code=00107&code=00101008352&supplier_code=00100006&order_time=2021-01-24 HTTP/1.1" 200 412
222.69.137.13 - - [24/Jan/2021:08:59:25 +0800] "POST /xingrg/kc/buy/cgsh_order_operate.html HTTP/1.1" 200 37
114.88.166.193 - - [24/Jan/2021:08:59:25 +0800] "GET /xingrg/all/function/internal_message.html?_=1611449961569&CODE_STATE=getMsg HTTP/1.1" 200 27
114.86.187.76 - - [24/Jan/2021:08:59:27 +0800] "GET /xingrg/kc/mdqp/pssh_order_list.html HTTP/1.1" 200 17927
222.69.137.13 - - [24/Jan/2021:08:59:28 +0800] "POST /xingrg/kc/buy/cgsh_order_operate.html HTTP/1.1" 200 12
114.86.187.76 - - [24/Jan/2021:08:59:28 +0800] "POST /xingrg/kc/mdqp/pssh_list_operate.html HTTP/1.1" 200 5403
61.165.42.208 - - [24/Jan/2021:08:59:30 +0800] "GET /xingrg/all/function/internal_message.html?_=1611449966234&CODE_STATE=getMsg HTTP/1.1" 200 27
61.165.42.208 - - [24/Jan/2021:08:59:30 +0800] "GET /xingrg/check_reg.html?_=1611449966316 HTTP/1.1" 200 22
222.69.137.13 - - [24/Jan/2021:08:59:31 +0800] "GET /xingrg/kc/buy/cgsh_order_info.html?code=212021012411146 HTTP/1.1" 200 56910
222.69.137.13 - - [24/Jan/2021:08:59:31 +0800] "GET /xingrg/javascript/easyui/themes/default/validatebox.css HTTP/1.1" 404 1104
222.69.137.13 - - [24/Jan/2021:08:59:31 +0800] "POST /xingrg/kc/buy/cgsh_order_operate.html HTTP/1.1" 200 1197
222.69.137.13 - - [24/Jan/2021:08:59:34 +0800] "GET /xingrg/kc/print/load_data.html?order_code=212021012411146&kc_code=cgsh&condition= HTTP/1.1" 200 948
120.253.135.82 - - [24/Jan/2021:08:59:34 +0800] "GET /xingrg/all/function/internal_message.html?_=1611449731544&CODE_STATE=getMsg HTTP/1.1" 200 27
116.228.172.94 - - [24/Jan/2021:08:59:35 +0800] "GET /xingrg/kc/buy/cgsh_order_operate.html?command=get_materiel&rest_code=00107&code=00101008005&supplier_code=00100006&order_time=2021-01-24 HTTP/1.1" 200 412
120.253.135.82 - - [24/Jan/2021:08:59:38 +0800] "GET /xingrg/all/function/internal_message.html?_=1611450022998&CODE_STATE=getMsg HTTP/1.1" 200 27
218.81.223.241 - - [24/Jan/2021:08:59:44 +0800] "GET /xingrg/all/function/internal_message.html?_=1611449979387&CODE_STATE=getMsg HTTP/1.1" 200 27
114.86.187.76 - - [24/Jan/2021:08:59:48 +0800] "POST /xingrg/kc/mdqp/pssh_list_operate.html HTTP/1.1" 200 800
114.86.187.76 - - [24/Jan/2021:08:59:49 +0800] "GET /xingrg/kc/mdqp/pssh_order_info.html?code=312021012300742 HTTP/1.1" 200 17281
114.86.187.76 - - [24/Jan/2021:08:59:49 +0800] "GET /xingrg/javascript/jquery_tools/jquery-1.4.2.min.js HTTP/1.1" 404 1094
114.86.187.76 - - [24/Jan/2021:08:59:49 +0800] "GET /xingrg/words/20210123140739_words.js HTTP/1.1" 304 -
114.86.187.76 - - [24/Jan/2021:08:59:50 +0800] "POST /xingrg/kc/mdqp/pssh_order_operate.html HTTP/1.1" 200 13678
116.228.172.94 - - [24/Jan/2021:08:59:50 +0800] "GET /xingrg/all/function/internal_message.html?_=1611449986441&CODE_STATE=getMsg HTTP/1.1" 200 27
114.86.187.76 - - [24/Jan/2021:08:59:50 +0800] "GET /xingrg/all/common/auto_word.html?type=base&rest_code=00148&rest_code=00148 HTTP/1.1" 200 1753
114.86.187.76 - - [24/Jan/2021:08:59:50 +0800] "GET /xingrg/all/common/auto_word.html?type=employee&rest_code=00148 HTTP/1.1" 200 197
114.86.187.76 - - [24/Jan/2021:08:59:50 +0800] "GET /xingrg/javascript/easyui/themes/default/validatebox.css HTTP/1.1" 404 1104
58.37.230.33 - - [24/Jan/2021:08:59:51 +0800] "GET /xingrg/all/function/internal_message.html?_=1611449995968&CODE_STATE=getMsg HTTP/1.1" 200 27
180.169.147.146 - - [24/Jan/2021:08:59:56 +0800] "GET /xingrg/check_reg.html?_=1611449997891 HTTP/1.1" 302 -
180.169.147.146 - - [24/Jan/2021:08:59:56 +0800] "GET /xingrg/all/function/internal_message.html?_=1611449997888&CODE_STATE=getMsg HTTP/1.1" 302 -
116.228.172.94 - - [24/Jan/2021:08:59:59 +0800] "GET /xingrg/kc/buy/cgsh_order_operate.html?command=get_materiel&rest_code=00107&code=00101008291&supplier_code=00100006&order_time=2021-01-24 HTTP/1.1" 200 408
116.227.17.229 - - [24/Jan/2021:09:00:10 +0800] "GET /xingrg/all/function/internal_message.html?_=1611450003933&CODE_STATE=getMsg HTTP/1.1" 200 27
222.69.137.13 - - [24/Jan/2021:09:00:12 +0800] "GET /xingrg/check_reg.html?_=1611450008039 HTTP/1.1" 200 22
222.69.137.13 - - [24/Jan/2021:09:00:12 +0800] "GET /xingrg/all/function/internal_message.html?_=1611450008042&CODE_STATE=getMsg HTTP/1.1" 200 27
114.86.187.76 - - [24/Jan/2021:09:00:13 +0800] "GET /xingrg/all/function/internal_message.html?_=1611450009447&CODE_STATE=getMsg HTTP/1.1" 200 27
180.156.237.57 - - [24/Jan/2021:09:00:15 +0800] "GET /xingrg/all/function/internal_message.html?_=1611450012225&CODE_STATE=getMsg HTTP/1.1" 200 27
58.40.7.146 - - [24/Jan/2021:09:00:19 +0800] "GET /xingrg/all/function/internal_message.html?_=1611450015281&CODE_STATE=getMsg HTTP/1.1" 200 27
114.86.187.76 - - [24/Jan/2021:09:00:21 +0800] "GET /xingrg/kc/mdqp/qqps_order_list.html HTTP/1.1" 200 9222
114.86.187.76 - - [24/Jan/2021:09:00:21 +0800] "GET /xingrg/dwr/interface/AjaxQqpsService.js HTTP/1.1" 200 16326
114.86.187.76 - - [24/Jan/2021:09:00:21 +0800] "GET /xingrg/dwr/util.js HTTP/1.1" 304 -
114.86.187.76 - - [24/Jan/2021:09:00:21 +0800] "GET /xingrg/dwr/interface/AjaxReportQueryService.js HTTP/1.1" 200 13203
114.86.187.76 - - [24/Jan/2021:09:00:21 +0800] "GET /xingrg/dwr/engine.js HTTP/1.1" 200 43631
114.86.187.76 - - [24/Jan/2021:09:00:24 +0800] "GET /xingrg/kc/mdqp/qqps_order_list.html?isQuery=1&timeSelect=1&orderTime=day&startTime=2021-01-22&endTime=2021-01-24&state=all&query=%C8%B7++%B6%A8 HTTP/1.1" 200 10581
114.86.187.76 - - [24/Jan/2021:09:00:24 +0800] "GET /xingrg/dwr/interface/AjaxQqpsService.js HTTP/1.1" 200 16326
114.86.187.76 - - [24/Jan/2021:09:00:24 +0800] "GET /xingrg/dwr/interface/AjaxReportQueryService.js HTTP/1.1" 200 13203
114.86.187.76 - - [24/Jan/2021:09:00:24 +0800] "GET /xingrg/dwr/engine.js HTTP/1.1" 200 43631
114.88.166.193 - - [24/Jan/2021:09:00:26 +0800] "GET /xingrg/all/function/internal_message.html?_=1611450022358&CODE_STATE=getMsg HTTP/1.1" 200 27
114.86.187.76 - - [24/Jan/2021:09:00:28 +0800] "GET /xingrg/kc/mdqp/qqps_order_info.html?code=302021012200587 HTTP/1.1" 200 26551
114.86.187.76 - - [24/Jan/2021:09:00:28 +0800] "GET /xingrg/dwr/interface/AjaxComOrderService.js HTTP/1.1" 200 18264
114.86.187.76 - - [24/Jan/2021:09:00:28 +0800] "GET /xingrg/dwr/interface/AjaxQqpsService.js HTTP/1.1" 200 16326
114.86.187.76 - - [24/Jan/2021:09:00:28 +0800] "GET /xingrg/dwr/engine.js HTTP/1.1" 200 43631
61.165.42.208 - - [24/Jan/2021:09:00:30 +0800] "GET /xingrg/all/function/internal_message.html?_=1611450026238&CODE_STATE=getMsg HTTP/1.1" 200 27
114.86.187.76 - - [24/Jan/2021:09:00:30 +0800] "POST /xingrg/dwr/call/plaincall/AjaxQqpsService.loadMaterielItems.dwr HTTP/1.1" 200 8391
120.253.135.82 - - [24/Jan/2021:09:00:34 +0800] "GET /xingrg/all/function/internal_message.html?_=1611449791560&CODE_STATE=getMsg HTTP/1.1" 200 27
120.253.135.82 - - [24/Jan/2021:09:00:38 +0800] "GET /xingrg/all/function/internal_message.html?_=1611450083012&CODE_STATE=getMsg HTTP/1.1" 200 27
114.86.187.76 - - [24/Jan/2021:09:00:43 +0800] "GET /xingrg/kc/mdqp/qqps_order_list.html HTTP/1.1" 200 9222
114.86.187.76 - - [24/Jan/2021:09:00:43 +0800] "GET /xingrg/dwr/interface/AjaxReportQueryService.js HTTP/1.1" 200 13203
114.86.187.76 - - [24/Jan/2021:09:00:43 +0800] "GET /xingrg/dwr/interface/AjaxQqpsService.js HTTP/1.1" 200 16326
114.86.187.76 - - [24/Jan/2021:09:00:44 +0800] "GET /xingrg/dwr/engine.js HTTP/1.1" 200 43631
218.81.223.241 - - [24/Jan/2021:09:00:44 +0800] "GET /xingrg/check_reg.html?_=1611450039387 HTTP/1.1" 200 22
218.81.223.241 - - [24/Jan/2021:09:00:44 +0800] "GET /xingrg/all/function/internal_message.html?_=1611450039404&CODE_STATE=getMsg HTTP/1.1" 200 27
114.86.187.76 - - [24/Jan/2021:09:00:46 +0800] "GET /xingrg/kc/mdqp/pssh_order_list.html HTTP/1.1" 200 17927
114.86.187.76 - - [24/Jan/2021:09:00:46 +0800] "POST /xingrg/kc/mdqp/pssh_list_operate.html HTTP/1.1" 200 5403
114.86.187.76 - - [24/Jan/2021:09:00:48 +0800] "POST /xingrg/kc/mdqp/pssh_list_operate.html HTTP/1.1" 200 800
114.86.187.76 - - [24/Jan/2021:09:00:49 +0800] "GET /xingrg/kc/mdqp/pssh_order_info.html?code=312021012300742 HTTP/1.1" 200 17281
