180.169.147.146 - - [24/Jan/2021:10:58:32 +0800] "GET /xingrg/all/function/internal_message.html?_=1611457114185&CODE_STATE=getMsg HTTP/1.1" 200 27
218.81.223.240 - - [24/Jan/2021:10:58:32 +0800] "POST /xingrg/kc/buy/cgsh_order_operate.html HTTP/1.1" 200 2065
180.162.108.15 - - [24/Jan/2021:10:58:33 +0800] "GET /xingrg/kc/buy/cgsh_order_operate.html?command=get_materiel&rest_code=00143&code=00101008377&supplier_code=00100161&order_time=2021-01-18 HTTP/1.1" 200 408
117.185.32.26 - - [24/Jan/2021:10:58:34 +0800] "POST /xingrg/kc/buy/cgsh_order_operate.html HTTP/1.1" 200 2065
180.156.237.57 - - [24/Jan/2021:10:58:37 +0800] "GET /xingrg/kc/buy/cgsh_order_operate.html?command=get_materiel&rest_code=00150&code=00101005026&supplier_code=00100327&order_time=2021-01-24 HTTP/1.1" 200 413
117.185.32.26 - - [24/Jan/2021:10:58:37 +0800] "GET /xingrg/kc/buy/cgsh_order_operate.html?command=get_materiel&rest_code=00106&code=00101001044&supplier_code=00100090&order_time=2021-01-24 HTTP/1.1" 200 411
117.185.32.26 - - [24/Jan/2021:10:58:38 +0800] "GET /xingrg/kc/buy/cgsh_order_operate.html?command=get_materiel&rest_code=00106&code=00101008114&supplier_code=00100007&order_time=2021-01-24 HTTP/1.1" 200 413
218.81.223.240 - - [24/Jan/2021:10:58:39 +0800] "GET /xingrg/kc/buy/cgsh_order_operate.html?command=get_materiel&rest_code=00146&code=00101008225&supplier_code=00100005&order_time=2021-01-24 HTTP/1.1" 200 416
120.253.135.82 - - [24/Jan/2021:10:58:40 +0800] "GET /xingrg/all/function/internal_message.html?_=1611456876735&CODE_STATE=getMsg HTTP/1.1" 200 27
120.253.135.82 - - [24/Jan/2021:10:58:41 +0800] "GET /xingrg/all/function/internal_message.html?_=1611457165596&CODE_STATE=getMsg HTTP/1.1" 200 27
116.228.172.94 - - [24/Jan/2021:10:58:41 +0800] "GET /xingrg/all/function/internal_message.html?_=1611457116969&CODE_STATE=getMsg HTTP/1.1" 200 27
101.85.93.83 - - [24/Jan/2021:10:58:42 +0800] "GET /xingrg/kc/base/wldb_order_operate.html?command=get_materiel&rest_code=00142&base_code=0010185&code=00101002043 HTTP/1.1" 200 445
180.156.237.57 - - [24/Jan/2021:10:58:43 +0800] "POST /xingrg/kc/buy/cgsh_order_operate.html HTTP/1.1" 200 37
218.81.223.241 - - [24/Jan/2021:10:58:44 +0800] "GET /xingrg/all/function/internal_message.html?_=1611457119506&CODE_STATE=getMsg HTTP/1.1" 200 27
117.185.32.26 - - [24/Jan/2021:10:58:45 +0800] "GET /xingrg/all/function/internal_message.html?_=1611457136560&CODE_STATE=getMsg HTTP/1.1" 200 27
180.156.237.57 - - [24/Jan/2021:10:58:47 +0800] "GET /xingrg/all/function/internal_message.html?_=1611457124177&CODE_STATE=getMsg HTTP/1.1" 200 27
101.85.93.83 - - [24/Jan/2021:10:58:47 +0800] "GET /xingrg/all/function/internal_message.html?_=1611456774281&CODE_STATE=getMsg HTTP/1.1" 200 27
180.169.147.146 - - [24/Jan/2021:10:58:47 +0800] "GET /xingrg/all/function/internal_message.html?_=1611457123598&CODE_STATE=getMsg HTTP/1.1" 200 27
58.37.230.33 - - [24/Jan/2021:10:58:48 +0800] "GET /xingrg/all/function/internal_message.html?_=1611457133275&CODE_STATE=getMsg HTTP/1.1" 200 27
180.156.237.57 - - [24/Jan/2021:10:58:50 +0800] "POST /xingrg/kc/buy/cgsh_order_operate.html HTTP/1.1" 200 116
117.185.32.26 - - [24/Jan/2021:10:58:50 +0800] "POST /xingrg/kc/buy/cgsh_order_operate.html HTTP/1.1" 200 37
218.81.223.240 - - [24/Jan/2021:10:58:52 +0800] "GET /xingrg/kc/buy/cgsh_order_operate.html?command=get_materiel&rest_code=00146&code=00101013044&supplier_code=00100005&order_time=2021-01-24 HTTP/1.1" 200 428
180.175.150.119 - - [24/Jan/2021:10:58:52 +0800] "GET /xingrg/all/function/internal_message.html?_=1611457128815&CODE_STATE=getMsg HTTP/1.1" 200 27
117.185.32.26 - - [24/Jan/2021:10:58:53 +0800] "POST /xingrg/kc/buy/cgsh_order_operate.html HTTP/1.1" 200 30423
101.85.93.83 - - [24/Jan/2021:10:58:53 +0800] "POST /xingrg/kc/base/wldb_order_operate.html HTTP/1.1" 200 37
101.85.93.83 - - [24/Jan/2021:10:58:53 +0800] "POST /xingrg/kc/base/wldb_order_operate.html HTTP/1.1" 200 7001
218.81.223.240 - - [24/Jan/2021:10:58:54 +0800] "GET /xingrg/all/function/internal_message.html?_=1611457134705&CODE_STATE=getMsg HTTP/1.1" 200 27
101.85.93.83 - - [24/Jan/2021:10:58:54 +0800] "GET /xingrg/kc/base/wldb_order_info.html?code=422021012403080 HTTP/1.1" 200 30525
101.85.93.83 - - [24/Jan/2021:10:58:54 +0800] "GET /xingrg/javascript/easyui/themes/default/validatebox.css HTTP/1.1" 404 1104
101.85.93.83 - - [24/Jan/2021:10:58:55 +0800] "POST /xingrg/kc/base/wldb_order_operate.html HTTP/1.1" 200 7001
58.37.230.33 - - [24/Jan/2021:10:58:55 +0800] "GET /xingrg/kc/buy/cgsh_order_operate.html?command=get_materiel&rest_code=00141&code=00101006130&supplier_code=00100012&order_time=2021-01-24 HTTP/1.1" 200 427
180.169.147.146 - - [24/Jan/2021:10:58:56 +0800] "GET /xingrg/all/function/internal_message.html?_=1611457132220&CODE_STATE=getMsg HTTP/1.1" 200 27
117.185.32.26 - - [24/Jan/2021:10:58:56 +0800] "GET /xingrg/all/function/internal_message.html?_=1611457611694&CODE_STATE=getMsg HTTP/1.1" 200 27
114.86.187.76 - - [24/Jan/2021:10:58:57 +0800] "GET /xingrg/all/function/internal_message.html?_=1611457133419&CODE_STATE=getMsg HTTP/1.1" 200 27
101.85.93.83 - - [24/Jan/2021:10:58:57 +0800] "POST /xingrg/kc/base/wldb_order_operate.html HTTP/1.1" 200 37
101.85.93.83 - - [24/Jan/2021:10:58:58 +0800] "POST /xingrg/kc/base/wldb_order_operate.html HTTP/1.1" 200 7001
101.85.93.83 - - [24/Jan/2021:10:58:59 +0800] "GET /xingrg/kc/base/wldb_order_info.html?code=422021012403080 HTTP/1.1" 200 30525
117.185.32.26 - - [24/Jan/2021:10:58:59 +0800] "GET /xingrg/kc/buy/cgsh_order_operate.html?command=get_materiel&rest_code=00106&code=00101008095&supplier_code=00100007&order_time=2021-01-24 HTTP/1.1" 200 412
101.85.93.83 - - [24/Jan/2021:10:58:59 +0800] "GET /xingrg/javascript/easyui/themes/default/validatebox.css HTTP/1.1" 404 1104
101.85.93.83 - - [24/Jan/2021:10:58:59 +0800] "POST /xingrg/kc/base/wldb_order_operate.html HTTP/1.1" 200 7001
117.131.5.26 - - [24/Jan/2021:10:59:02 +0800] "GET /xingrg/check_reg.html?_=1611457491688 HTTP/1.1" 302 -
117.131.5.26 - - [24/Jan/2021:10:59:02 +0800] "GET /xingrg/login.html HTTP/1.1" 200 7641
222.69.133.109 - - [24/Jan/2021:10:59:04 +0800] "GET /xingrg/all/function/internal_message.html?_=1611457140603&CODE_STATE=getMsg HTTP/1.1" 200 27
116.227.17.229 - - [24/Jan/2021:10:59:07 +0800] "GET /xingrg/all/function/internal_message.html?_=1611457143184&CODE_STATE=getMsg HTTP/1.1" 200 27
117.185.32.26 - - [24/Jan/2021:10:59:08 +0800] "GET /xingrg/kc/buy/cgsh_order_operate.html?command=get_materiel&rest_code=00106&code=00101008085&supplier_code=00100007&order_time=2021-01-24 HTTP/1.1" 200 412
58.37.230.33 - - [24/Jan/2021:10:59:09 +0800] "GET /xingrg/check_reg.html?_=1611457154660 HTTP/1.1" 200 22
222.69.137.13 - - [24/Jan/2021:10:59:09 +0800] "GET /xingrg/all/function/internal_message.html?_=1611457145823&CODE_STATE=getMsg HTTP/1.1" 200 27
180.169.147.146 - - [24/Jan/2021:10:59:11 +0800] "GET /xingrg/all/function/internal_message.html?_=1611457144937&CODE_STATE=getMsg HTTP/1.1" 200 27
117.185.32.26 - - [24/Jan/2021:10:59:14 +0800] "GET /xingrg/kc/buy/cgsh_order_operate.html?command=get_materiel&rest_code=00106&code=00101008123&supplier_code=00100007&order_time=2021-01-24 HTTP/1.1" 200 413
120.253.135.82 - - [24/Jan/2021:10:59:18 +0800] "GET /xingrg/check_reg.html?_=1611457198319 HTTP/1.1" 200 22
180.162.108.15 - - [24/Jan/2021:10:59:18 +0800] "GET /xingrg/kc/buy/cgsh_order_operate.html?command=get_materiel&rest_code=00143&code=00101008323&supplier_code=00100161&order_time=2021-01-18 HTTP/1.1" 200 408
58.37.230.33 - - [24/Jan/2021:10:59:18 +0800] "GET /xingrg/kc/buy/cgsh_order_operate.html?command=get_materiel&rest_code=00141&code=00101006113&supplier_code=00100012&order_time=2021-01-24 HTTP/1.1" 200 413
172.20.0.100 - - [24/Jan/2021:10:59:18 +0800] "GET /xingrg/check_reg.html?_=1611457153605 HTTP/1.1" 200 22
180.162.108.15 - - [24/Jan/2021:10:59:22 +0800] "GET /xingrg/all/function/internal_message.html?_=1611457014478&CODE_STATE=getMsg HTTP/1.1" 200 27
117.185.32.26 - - [24/Jan/2021:10:59:22 +0800] "POST /xingrg/kc/buy/cgsh_order_operate.html HTTP/1.1" 200 37
117.185.32.26 - - [24/Jan/2021:10:59:22 +0800] "GET /xingrg/kc/buy/cgsh_order_operate.html?command=get_materiel&rest_code=00106&code=00101008041&supplier_code=00100007&order_time=2021-01-24 HTTP/1.1" 200 408
114.88.166.193 - - [24/Jan/2021:10:59:23 +0800] "GET /xingrg/all/function/internal_message.html?_=1611457159168&CODE_STATE=getMsg HTTP/1.1" 200 27
117.185.32.26 - - [24/Jan/2021:10:59:25 +0800] "POST /xingrg/kc/buy/cgsh_order_operate.html HTTP/1.1" 200 12
218.81.223.240 - - [24/Jan/2021:10:59:26 +0800] "GET /xingrg/kc/buy/cgsh_order_operate.html?command=get_materiel&rest_code=00146&code=00101008110&supplier_code=00100005&order_time=2021-01-24 HTTP/1.1" 200 408
117.185.32.26 - - [24/Jan/2021:10:59:26 +0800] "GET /xingrg/kc/buy/cgsh_order_info.html?code=212021012411280 HTTP/1.1" 200 56861
117.185.32.26 - - [24/Jan/2021:10:59:26 +0800] "GET /xingrg/javascript/easyui/themes/default/validatebox.css HTTP/1.1" 404 1104
117.185.32.26 - - [24/Jan/2021:10:59:26 +0800] "POST /xingrg/kc/buy/cgsh_order_operate.html HTTP/1.1" 200 2065
58.37.230.33 - - [24/Jan/2021:10:59:26 +0800] "GET /xingrg/kc/buy/cgsh_order_operate.html?command=get_materiel&rest_code=00141&code=00101006133&supplier_code=00100012&order_time=2021-01-24 HTTP/1.1" 200 413
117.185.32.26 - - [24/Jan/2021:10:59:26 +0800] "POST /xingrg/kc/buy/cgsh_order_operate.html HTTP/1.1" 200 2402
183.192.164.214 - - [24/Jan/2021:10:59:27 +0800] "GET /xingrg/kc/buy/cgsh_order_operate.html?command=get_materiel&rest_code=00106&code=00101008437&supplier_code=00100007&order_time=2021-01-24 HTTP/1.1" 302 -
180.162.108.15 - - [24/Jan/2021:10:59:27 +0800] "GET /xingrg/kc/buy/cgsh_order_operate.html?command=get_materiel&rest_code=00143&code=00101008205&supplier_code=00100161&order_time=2021-01-18 HTTP/1.1" 200 412
117.185.32.26 - - [24/Jan/2021:10:59:29 +0800] "GET /xingrg/kc/print/load_config.html?kc_code=cgsh HTTP/1.1" 200 1845
117.185.32.26 - - [24/Jan/2021:10:59:29 +0800] "GET /xingrg/kc/print/load_data.html?order_code=212021012411280&kc_code=cgsh&condition= HTTP/1.1" 200 1461
61.165.42.208 - - [24/Jan/2021:10:59:30 +0800] "GET /xingrg/all/function/internal_message.html?_=1611457166228&CODE_STATE=getMsg HTTP/1.1" 200 27
61.165.42.208 - - [24/Jan/2021:10:59:30 +0800] "GET /xingrg/check_reg.html?_=1611457166257 HTTP/1.1" 200 22
183.192.164.214 - - [24/Jan/2021:10:59:30 +0800] "GET /xingrg/login.html HTTP/1.1" 200 7641
117.185.32.26 - - [24/Jan/2021:10:59:31 +0800] "GET /xingrg/kc/buy/cgsh_order_operate.html?command=get_materiel&rest_code=00106&code=00101008209&supplier_code=00100007&order_time=2021-01-24 HTTP/1.1" 200 408
180.169.147.146 - - [24/Jan/2021:10:59:32 +0800] "GET /xingrg/all/function/internal_message.html?_=1611457174184&CODE_STATE=getMsg HTTP/1.1" 200 27
58.37.230.33 - - [24/Jan/2021:10:59:39 +0800] "GET /xingrg/kc/buy/cgsh_order_operate.html?command=get_materiel&rest_code=00141&code=00101006175&supplier_code=00100012&order_time=2021-01-24 HTTP/1.1" 200 414
120.253.135.82 - - [24/Jan/2021:10:59:40 +0800] "GET /xingrg/all/function/internal_message.html?_=1611456936817&CODE_STATE=getMsg HTTP/1.1" 200 27
116.228.172.94 - - [24/Jan/2021:10:59:40 +0800] "GET /xingrg/all/function/internal_message.html?_=1611457176965&CODE_STATE=getMsg HTTP/1.1" 200 27
116.228.172.94 - - [24/Jan/2021:10:59:40 +0800] "GET /xingrg/check_reg.html?_=1611457176987 HTTP/1.1" 200 22
120.253.135.82 - - [24/Jan/2021:10:59:41 +0800] "GET /xingrg/all/function/internal_message.html?_=1611457225611&CODE_STATE=getMsg HTTP/1.1" 200 27
180.162.108.15 - - [24/Jan/2021:10:59:41 +0800] "GET /xingrg/kc/buy/cgsh_order_operate.html?command=get_materiel&rest_code=00143&code=00101008321&supplier_code=00100161&order_time=2021-01-18 HTTP/1.1" 200 412
180.175.150.119 - - [24/Jan/2021:10:59:44 +0800] "GET /xingrg/check_reg.html?_=1611457180912 HTTP/1.1" 200 22
117.185.32.26 - - [24/Jan/2021:10:59:44 +0800] "GET /xingrg/check_reg.html?_=1611457195959 HTTP/1.1" 200 22
218.81.223.241 - - [24/Jan/2021:10:59:44 +0800] "GET /xingrg/all/function/internal_message.html?_=1611457179507&CODE_STATE=getMsg HTTP/1.1" 200 27
117.185.32.26 - - [24/Jan/2021:10:59:45 +0800] "GET /xingrg/all/function/internal_message.html?_=1611457196567&CODE_STATE=getMsg HTTP/1.1" 200 27
117.185.32.26 - - [24/Jan/2021:10:59:45 +0800] "GET /xingrg/kc/buy/cgsh_order_add.html HTTP/1.1" 200 61955
117.185.32.26 - - [24/Jan/2021:10:59:45 +0800] "POST /xingrg/kc/buy/cgsh_order_operate.html HTTP/1.1" 200 8245
117.185.32.26 - - [24/Jan/2021:10:59:45 +0800] "GET /xingrg/javascript/easyui/themes/default/validatebox.css HTTP/1.1" 404 1104
58.37.230.33 - - [24/Jan/2021:10:59:46 +0800] "POST /xingrg/kc/buy/cgsh_order_operate.html HTTP/1.1" 200 37
180.156.237.57 - - [24/Jan/2021:10:59:47 +0800] "GET /xingrg/all/function/internal_message.html?_=1611457184166&CODE_STATE=getMsg HTTP/1.1" 200 27
180.162.108.15 - - [24/Jan/2021:10:59:47 +0800] "POST /xingrg/kc/buy/cgsh_order_operate.html HTTP/1.1" 200 2065
101.85.93.83 - - [24/Jan/2021:10:59:47 +0800] "GET /xingrg/all/function/internal_message.html?_=1611456834255&CODE_STATE=getMsg HTTP/1.1" 200 27
180.169.147.146 - - [24/Jan/2021:10:59:47 +0800] "GET /xingrg/all/function/internal_message.html?_=1611457183588&CODE_STATE=getMsg HTTP/1.1" 200 27
117.185.32.26 - - [24/Jan/2021:10:59:48 +0800] "GET /xingrg/javascript/easyui/themes/default/tree.css HTTP/1.1" 404 1090
117.185.32.26 - - [24/Jan/2021:10:59:48 +0800] "POST /xingrg/all/common/load_tree.html?tree=supplier_tree_json&isDelete=1 HTTP/1.1" 200 54555
218.81.223.240 - - [24/Jan/2021:10:59:50 +0800] "GET /xingrg/kc/buy/cgsh_order_operate.html?command=get_materiel&rest_code=00146&code=00101008055&supplier_code=00100005&order_time=2021-01-24 HTTP/1.1" 200 409
58.37.230.33 - - [24/Jan/2021:10:59:50 +0800] "POST /xingrg/kc/buy/cgsh_order_operate.html HTTP/1.1" 200 12
58.37.230.33 - - [24/Jan/2021:10:59:51 +0800] "GET /xingrg/kc/buy/cgsh_order_info.html?code=212021012411281 HTTP/1.1" 200 56863
58.37.230.33 - - [24/Jan/2021:10:59:51 +0800] "GET /xingrg/javascript/easyui/themes/default/validatebox.css HTTP/1.1" 404 1104
58.37.230.33 - - [24/Jan/2021:10:59:52 +0800] "POST /xingrg/kc/buy/cgsh_order_operate.html HTTP/1.1" 200 4759
180.175.150.119 - - [24/Jan/2021:10:59:52 +0800] "GET /xingrg/all/function/internal_message.html?_=1611457188819&CODE_STATE=getMsg HTTP/1.1" 200 27
58.37.230.33 - - [24/Jan/2021:10:59:53 +0800] "GET /xingrg/kc/print/load_data.html?order_code=212021012411281&kc_code=cgsh&condition= HTTP/1.1" 200 2392
218.81.223.240 - - [24/Jan/2021:10:59:54 +0800] "GET /xingrg/all/function/internal_message.html?_=1611457194718&CODE_STATE=getMsg HTTP/1.1" 200 27
180.169.147.146 - - [24/Jan/2021:10:59:56 +0800] "GET /xingrg/check_reg.html?_=1611457192216 HTTP/1.1" 200 22
180.169.147.146 - - [24/Jan/2021:10:59:56 +0800] "GET /xingrg/all/function/internal_message.html?_=1611457192220&CODE_STATE=getMsg HTTP/1.1" 200 27
117.185.32.26 - - [24/Jan/2021:10:59:56 +0800] "GET /xingrg/all/function/internal_message.html?_=1611457671709&CODE_STATE=getMsg HTTP/1.1" 200 27
114.86.187.76 - - [24/Jan/2021:10:59:57 +0800] "GET /xingrg/all/function/internal_message.html?_=1611457193402&CODE_STATE=getMsg HTTP/1.1" 200 27
58.37.230.33 - - [24/Jan/2021:10:59:59 +0800] "GET /xingrg/kc/buy/cgsh_order_add.html HTTP/1.1" 200 61961
58.37.230.33 - - [24/Jan/2021:10:59:59 +0800] "POST /xingrg/kc/buy/cgsh_order_operate.html HTTP/1.1" 200 8245
58.37.230.33 - - [24/Jan/2021:11:00:00 +0800] "GET /xingrg/javascript/easyui/themes/default/validatebox.css HTTP/1.1" 404 1104
180.162.108.15 - - [24/Jan/2021:11:00:01 +0800] "GET /xingrg/kc/buy/cgsh_order_operate.html?command=get_materiel&rest_code=00143&code=00101008374&supplier_code=00100161&order_time=2021-01-18 HTTP/1.1" 200 412
117.185.32.26 - - [24/Jan/2021:11:00:04 +0800] "GET /xingrg/kc/buy/cgsh_order_operate.html?command=get_materiel&rest_code=00106&code=00101004065&supplier_code=00100086&order_time=2021-01-24 HTTP/1.1" 200 433
218.81.223.240 - - [24/Jan/2021:11:00:04 +0800] "GET /xingrg/kc/buy/cgsh_order_operate.html?command=get_materiel&rest_code=00146&code=00101008155&supplier_code=00100005&order_time=2021-01-24 HTTP/1.1" 200 408
222.69.133.109 - - [24/Jan/2021:11:00:04 +0800] "GET /xingrg/all/function/internal_message.html?_=1611457200588&CODE_STATE=getMsg HTTP/1.1" 200 27
116.227.17.229 - - [24/Jan/2021:11:00:07 +0800] "GET /xingrg/all/function/internal_message.html?_=1611457203155&CODE_STATE=getMsg HTTP/1.1" 200 27
218.81.223.240 - - [24/Jan/2021:11:00:07 +0800] "POST /xingrg/kc/buy/cgsh_order_operate.html HTTP/1.1" 200 2065
222.69.137.13 - - [24/Jan/2021:11:00:09 +0800] "GET /xingrg/all/function/internal_message.html?_=1611457205796&CODE_STATE=getMsg HTTP/1.1" 200 27
58.37.230.33 - - [24/Jan/2021:11:00:10 +0800] "GET /xingrg/kc/buy/cgsh_order_operate.html?command=get_materiel&rest_code=00141&code=00101011007&supplier_code=00100040&order_time=2021-01-24 HTTP/1.1" 200 414
180.169.147.146 - - [24/Jan/2021:11:00:11 +0800] "GET /xingrg/all/function/internal_message.html?_=1611457204940&CODE_STATE=getMsg HTTP/1.1" 200 27
117.185.32.26 - - [24/Jan/2021:11:00:11 +0800] "GET /xingrg/kc/buy/cgsh_order_operate.html?command=get_materiel&rest_code=00106&code=00101008261&supplier_code=00100007&order_time=2021-01-24 HTTP/1.1" 200 408
222.69.137.13 - - [24/Jan/2021:11:00:12 +0800] "GET /xingrg/check_reg.html?_=1611457208108 HTTP/1.1" 200 22
117.185.32.26 - - [24/Jan/2021:11:00:17 +0800] "POST /xingrg/kc/buy/cgsh_order_operate.html HTTP/1.1" 200 37
218.81.223.240 - - [24/Jan/2021:11:00:17 +0800] "GET /xingrg/kc/buy/cgsh_order_operate.html?command=get_materiel&rest_code=00146&code=00101008418&supplier_code=00100005&order_time=2021-01-24 HTTP/1.1" 200 398
117.185.32.26 - - [24/Jan/2021:11:00:20 +0800] "POST /xingrg/kc/buy/cgsh_order_operate.html HTTP/1.1" 200 12
117.185.32.26 - - [24/Jan/2021:11:00:20 +0800] "POST /xingrg/kc/buy/cgsh_order_operate.html HTTP/1.1" 200 2065
58.37.230.33 - - [24/Jan/2021:11:00:20 +0800] "GET /xingrg/kc/buy/cgsh_order_operate.html?command=get_materiel&rest_code=00141&code=00101019421&supplier_code=00100040&order_time=2021-01-24 HTTP/1.1" 200 410
117.185.32.26 - - [24/Jan/2021:11:00:21 +0800] "GET /xingrg/kc/buy/cgsh_order_info.html?code=212021012411282 HTTP/1.1" 200 56861
117.185.32.26 - - [24/Jan/2021:11:00:21 +0800] "GET /xingrg/javascript/easyui/themes/default/validatebox.css HTTP/1.1" 404 1104
117.185.32.26 - - [24/Jan/2021:11:00:21 +0800] "POST /xingrg/kc/buy/cgsh_order_operate.html HTTP/1.1" 200 611
180.162.108.15 - - [24/Jan/2021:11:00:22 +0800] "GET /xingrg/check_reg.html?_=1611457074472 HTTP/1.1" 200 22
180.162.108.15 - - [24/Jan/2021:11:00:22 +0800] "GET /xingrg/all/function/internal_message.html?_=1611457074475&CODE_STATE=getMsg HTTP/1.1" 200 27
180.162.108.15 - - [24/Jan/2021:11:00:22 +0800] "GET /xingrg/kc/buy/cgsh_order_operate.html?command=get_materiel&rest_code=00143&code=00101008459&supplier_code=00100161&order_time=2021-01-18 HTTP/1.1" 200 395
114.88.166.193 - - [24/Jan/2021:11:00:23 +0800] "GET /xingrg/all/function/internal_message.html?_=1611457219186&CODE_STATE=getMsg HTTP/1.1" 200 27
117.185.32.26 - - [24/Jan/2021:11:00:27 +0800] "POST /xingrg/kc/buy/cgsh_order_operate.html HTTP/1.1" 200 37
117.185.32.26 - - [24/Jan/2021:11:00:27 +0800] "GET /xingrg/kc/print/load_data.html?order_code=212021012411282&kc_code=cgsh&condition= HTTP/1.1" 200 2278
61.165.42.208 - - [24/Jan/2021:11:00:30 +0800] "GET /xingrg/all/function/internal_message.html?_=1611457226206&CODE_STATE=getMsg HTTP/1.1" 200 27
180.169.147.146 - - [24/Jan/2021:11:00:32 +0800] "GET /xingrg/all/function/internal_message.html?_=1611457234187&CODE_STATE=getMsg HTTP/1.1" 200 27
117.185.32.26 - - [24/Jan/2021:11:00:36 +0800] "POST /xingrg/kc/buy/cgsh_order_operate.html HTTP/1.1" 200 35738
120.253.135.82 - - [24/Jan/2021:11:00:40 +0800] "GET /xingrg/all/function/internal_message.html?_=1611456996824&CODE_STATE=getMsg HTTP/1.1" 200 27
116.228.172.94 - - [24/Jan/2021:11:00:41 +0800] "GET /xingrg/all/function/internal_message.html?_=1611457236989&CODE_STATE=getMsg HTTP/1.1" 200 27
120.253.135.82 - - [24/Jan/2021:11:00:41 +0800] "GET /xingrg/all/function/internal_message.html?_=1611457285625&CODE_STATE=getMsg HTTP/1.1" 200 27
218.81.223.240 - - [24/Jan/2021:11:00:41 +0800] "GET /xingrg/kc/buy/cgsh_order_operate.html?command=get_materiel&rest_code=00146&code=00101008125&supplier_code=00100005&order_time=2021-01-24 HTTP/1.1" 200 413
218.81.223.241 - - [24/Jan/2021:11:00:44 +0800] "GET /xingrg/all/function/internal_message.html?_=1611457239508&CODE_STATE=getMsg HTTP/1.1" 200 27
218.81.223.241 - - [24/Jan/2021:11:00:44 +0800] "GET /xingrg/check_reg.html?_=1611457239511 HTTP/1.1" 200 22
117.185.32.26 - - [24/Jan/2021:11:00:45 +0800] "GET /xingrg/all/function/internal_message.html?_=1611457256667&CODE_STATE=getMsg HTTP/1.1" 200 27
180.162.108.15 - - [24/Jan/2021:11:00:47 +0800] "GET /xingrg/kc/buy/cgsh_order_operate.html?command=get_materiel&rest_code=00143&code=00101012065&supplier_code=00100161&order_time=2021-01-18 HTTP/1.1" 200 418
180.156.237.57 - - [24/Jan/2021:11:00:47 +0800] "GET /xingrg/all/function/internal_message.html?_=1611457244162&CODE_STATE=getMsg HTTP/1.1" 200 27
180.156.237.57 - - [24/Jan/2021:11:00:47 +0800] "GET /xingrg/check_reg.html?_=1611457244165 HTTP/1.1" 200 22
101.85.93.83 - - [24/Jan/2021:11:00:47 +0800] "GET /xingrg/all/function/internal_message.html?_=1611456894225&CODE_STATE=getMsg HTTP/1.1" 200 27
180.169.147.146 - - [24/Jan/2021:11:00:47 +0800] "GET /xingrg/all/function/internal_message.html?_=1611457243590&CODE_STATE=getMsg HTTP/1.1" 200 27
180.169.147.146 - - [24/Jan/2021:11:00:47 +0800] "GET /xingrg/check_reg.html?_=1611457243592 HTTP/1.1" 200 22
58.37.230.33 - - [24/Jan/2021:11:00:48 +0800] "GET /xingrg/all/function/internal_message.html?_=1611457253283&CODE_STATE=getMsg HTTP/1.1" 200 27
180.169.147.146 - - [24/Jan/2021:11:00:49 +0800] "POST /xingrg/all/user/operate.html HTTP/1.1" 200 36
180.169.147.146 - - [24/Jan/2021:11:00:49 +0800] "GET /xingrg/index.html?sysBaseUrl=http%3A%2F%2F180.169.147.146%3A18081%2Fxingrg%2F&costTime=46×tamp=1611451762120 HTTP/1.1" 200 17503
180.169.147.146 - - [24/Jan/2021:11:00:49 +0800] "GET /xingrg/javascript/jquery_easy_ui/themes/default/easyui.css HTTP/1.1" 304 -
180.169.147.146 - - [24/Jan/2021:11:00:49 +0800] "GET /xingrg/javascript/jquery_easy_ui/themes/icon.css HTTP/1.1" 304 -
180.169.147.146 - - [24/Jan/2021:11:00:49 +0800] "GET /xingrg/css/form.css HTTP/1.1" 304 -
180.169.147.146 - - [24/Jan/2021:11:00:49 +0800] "GET /xingrg/javascript/jquery-1.4.2.min.js HTTP/1.1" 304 -
180.169.147.146 - - [24/Jan/2021:11:00:49 +0800] "GET /xingrg/javascript/jquery_easy_ui/jquery.easyui.min.js HTTP/1.1" 304 -
180.169.147.146 - - [24/Jan/2021:11:00:49 +0800] "GET /xingrg/javascript/jquery_easy_ui/easyui-lang-zh_CN.js HTTP/1.1" 304 -
180.169.147.146 - - [24/Jan/2021:11:00:49 +0800] "GET /xingrg/javascript/jquery.form.js HTTP/1.1" 304 -
180.169.147.146 - - [24/Jan/2021:11:00:49 +0800] "GET /xingrg/javascript/jquery.utils.js HTTP/1.1" 304 -
180.169.147.146 - - [24/Jan/2021:11:00:49 +0800] "GET /xingrg/javascript/jquery.timers.js HTTP/1.1" 304 -
180.169.147.146 - - [24/Jan/2021:11:00:49 +0800] "GET /xingrg/images/blue/jxLogo.png HTTP/1.1" 304 -
180.169.147.146 - - [24/Jan/2021:11:00:49 +0800] "GET /xingrg/images/blue/navBackgound.jpg HTTP/1.1" 304 -
180.169.147.146 - - [24/Jan/2021:11:00:49 +0800] "GET /xingrg/javascript/jquery_easy_ui/themes/icons/settle_new.png HTTP/1.1" 304 -
180.169.147.146 - - [24/Jan/2021:11:00:49 +0800] "POST /xingrg/all/common/load_tree.html?tree=area_rest_tree_json&manage=1 HTTP/1.1" 200 3216
180.169.147.146 - - [24/Jan/2021:11:00:50 +0800] "GET /xingrg/all/function/internal_message.html?_=1611457252088&CODE_STATE=count HTTP/1.1" 200 11
180.169.147.146 - - [24/Jan/2021:11:00:50 +0800] "GET /xingrg/check_reg.html?_=1611457252089 HTTP/1.1" 200 22
180.169.147.146 - - [24/Jan/2021:11:00:50 +0800] "GET /xingrg/javascript/jquery_easy_ui/themes/default/images/tabs_rightarrow.png HTTP/1.1" 304 -
180.169.147.146 - - [24/Jan/2021:11:00:50 +0800] "GET /xingrg/javascript/jquery_easy_ui/themes/default/images/panel_tool_expand.gif HTTP/1.1" 304 -
180.169.147.146 - - [24/Jan/2021:11:00:50 +0800] "GET /xingrg/javascript/jquery_easy_ui/themes/default/images/panel_tool_collapse.gif HTTP/1.1" 304 -
180.169.147.146 - - [24/Jan/2021:11:00:50 +0800] "GET /xingrg/images/blue/pingpu.png HTTP/1.1" 304 -
180.169.147.146 - - [24/Jan/2021:11:00:50 +0800] "GET /xingrg/javascript/jquery_easy_ui/themes/default/images/tabs_leftarrow.png HTTP/1.1" 304 -
180.169.147.146 - - [24/Jan/2021:11:00:50 +0800] "POST /xingrg/load_menu.html HTTP/1.1" 200 11564
58.37.230.33 - - [24/Jan/2021:11:00:50 +0800] "GET /xingrg/kc/buy/cgsh_order_operate.html?command=get_materiel&rest_code=00141&code=00101012019&supplier_code=00100040&order_time=2021-01-24 HTTP/1.1" 200 412
180.169.147.146 - - [24/Jan/2021:11:00:51 +0800] "GET /xingrg/kc/report/report_main.html HTTP/1.1" 200 9370
180.175.150.119 - - [24/Jan/2021:11:00:52 +0800] "GET /xingrg/all/function/internal_message.html?_=1611457248831&CODE_STATE=getMsg HTTP/1.1" 200 27
180.169.147.146 - - [24/Jan/2021:11:00:53 +0800] "GET /xingrg/all/report/report_query.html?fileName=kc/buy/gys_amount_base_rest.xml HTTP/1.1" 200 51664
180.169.147.146 - - [24/Jan/2021:11:00:53 +0800] "GET /xingrg/dwr/interface/AjaxReportQueryService.js HTTP/1.1" 200 13203
180.169.147.146 - - [24/Jan/2021:11:00:53 +0800] "GET /xingrg/dwr/engine.js HTTP/1.1" 200 43631
180.169.147.146 - - [24/Jan/2021:11:00:53 +0800] "POST /xingrg/dwr/call/plaincall/AjaxReportQueryService.getFixDate.dwr HTTP/1.1" 200 111
180.169.147.146 - - [24/Jan/2021:11:00:53 +0800] "POST /xingrg/all/common/load_tree.html?tree=area_rest_tree_json&manage=1 HTTP/1.1" 200 3216
180.169.147.146 - - [24/Jan/2021:11:00:53 +0800] "POST /xingrg/all/common/load_tree.html?tree=supplier_tree_json&manage=1 HTTP/1.1" 200 55287
218.81.223.240 - - [24/Jan/2021:11:00:54 +0800] "GET /xingrg/all/function/internal_message.html?_=1611457254731&CODE_STATE=getMsg HTTP/1.1" 200 27
180.169.147.146 - - [24/Jan/2021:11:00:56 +0800] "GET /xingrg/all/function/internal_message.html?_=1611457252225&CODE_STATE=getMsg HTTP/1.1" 200 27
180.169.147.146 - - [24/Jan/2021:11:00:56 +0800] "POST /xingrg/dwr/call/plaincall/AjaxReportQueryService.getFixDate.dwr HTTP/1.1" 200 111
180.162.108.15 - - [24/Jan/2021:11:00:56 +0800] "GET /xingrg/kc/buy/cgsh_order_operate.html?command=get_materiel&rest_code=00143&code=00101012024&supplier_code=00100161&order_time=2021-01-18 HTTP/1.1" 200 408
114.86.187.76 - - [24/Jan/2021:11:00:57 +0800] "GET /xingrg/all/function/internal_message.html?_=1611457253421&CODE_STATE=getMsg HTTP/1.1" 200 27
101.89.19.149 - - [24/Jan/2021:11:00:57 +0800] "GET /xingrg/kc/print/load_data.html?order_code=212021012411281&kc_code=cgsh&condition= HTTP/1.1" 302 -
222.69.133.109 - - [24/Jan/2021:11:00:58 +0800] "GET /xingrg/check_reg.html?_=1611457254422 HTTP/1.1" 200 22
101.89.19.149 - - [24/Jan/2021:11:01:00 +0800] "GET /xingrg/login.html HTTP/1.1" 200 7641
218.81.223.240 - - [24/Jan/2021:11:01:01 +0800] "GET /xingrg/kc/buy/cgsh_order_operate.html?command=get_materiel&rest_code=00146&code=00101008354&supplier_code=00100005&order_time=2021-01-24 HTTP/1.1" 200 412
58.37.230.33 - - [24/Jan/2021:11:01:04 +0800] "GET /xingrg/kc/buy/cgsh_order_operate.html?command=get_materiel&rest_code=00141&code=00101016025&supplier_code=00100040&order_time=2021-01-24 HTTP/1.1" 200 408
222.69.133.109 - - [24/Jan/2021:11:01:04 +0800] "GET /xingrg/all/function/internal_message.html?_=1611457260586&CODE_STATE=getMsg HTTP/1.1" 200 27
116.227.17.229 - - [24/Jan/2021:11:01:07 +0800] "GET /xingrg/all/function/internal_message.html?_=1611457263140&CODE_STATE=getMsg HTTP/1.1" 200 27
222.69.137.13 - - [24/Jan/2021:11:01:09 +0800] "GET /xingrg/all/function/internal_message.html?_=1611457265785&CODE_STATE=getMsg HTTP/1.1" 200 27
180.169.147.146 - - [24/Jan/2021:11:01:11 +0800] "GET /xingrg/all/function/internal_message.html?_=1611457264942&CODE_STATE=getMsg HTTP/1.1" 200 27
180.162.108.15 - - [24/Jan/2021:11:01:12 +0800] "GET /xingrg/kc/buy/cgsh_order_operate.html?command=get_materiel&rest_code=00143&code=00101012059&supplier_code=00100161&order_time=2021-01-18 HTTP/1.1" 200 412
180.169.147.146 - - [24/Jan/2021:11:01:15 +0800] "POST /xingrg/dwr/call/plaincall/AjaxReportQueryService.refreshCache.dwr HTTP/1.1" 200 78
218.81.223.240 - - [24/Jan/2021:11:01:16 +0800] "GET /xingrg/kc/buy/cgsh_order_operate.html?command=get_materiel&rest_code=00146&code=00101008038&supplier_code=00100005&order_time=2021-01-24 HTTP/1.1" 200 412
58.37.230.33 - - [24/Jan/2021:11:01:18 +0800] "GET /xingrg/kc/buy/cgsh_order_operate.html?command=get_materiel&rest_code=00141&code=00101012026&supplier_code=00100040&order_time=2021-01-24 HTTP/1.1" 200 408
180.169.147.146 - - [24/Jan/2021:11:01:18 +0800] "POST /xingrg/all/report/load_report_page.html HTTP/1.1" 200 309727
180.169.147.146 - - [24/Jan/2021:11:01:19 +0800] "GET /xingrg/servlets/image?cache=0.2733692341211432&image=px HTTP/1.1" 200 807
180.162.108.15 - - [24/Jan/2021:11:01:22 +0800] "GET /xingrg/all/function/internal_message.html?_=1611457134469&CODE_STATE=getMsg HTTP/1.1" 200 27
180.169.147.146 - - [24/Jan/2021:11:01:23 +0800] "POST /xingrg/all/report/report_print.html HTTP/1.1" 200 32293
218.81.223.240 - - [24/Jan/2021:11:01:23 +0800] "POST /xingrg/kc/buy/cgsh_order_operate.html HTTP/1.1" 200 2065
114.88.166.193 - - [24/Jan/2021:11:01:23 +0800] "GET /xingrg/all/function/internal_message.html?_=1611457279547&CODE_STATE=getMsg HTTP/1.1" 200 27
58.37.230.33 - - [24/Jan/2021:11:01:28 +0800] "GET /xingrg/kc/buy/cgsh_order_operate.html?command=get_materiel&rest_code=00141&code=00101020089&supplier_code=00100040&order_time=2021-01-24 HTTP/1.1" 200 412
61.165.42.208 - - [24/Jan/2021:11:01:30 +0800] "GET /xingrg/all/function/internal_message.html?_=1611457286177&CODE_STATE=getMsg HTTP/1.1" 200 27
117.185.32.26 - - [24/Jan/2021:11:01:30 +0800] "GET /xingrg/login.html HTTP/1.1" 200 7641
58.37.230.33 - - [24/Jan/2021:11:01:31 +0800] "GET /xingrg/check_reg.html?_=1611457305489 HTTP/1.1" 302 -
218.81.223.240 - - [24/Jan/2021:11:01:31 +0800] "GET /xingrg/kc/buy/cgsh_order_operate.html?command=get_materiel&rest_code=00146&code=00101008358&supplier_code=00100005&order_time=2021-01-24 HTTP/1.1" 200 412
117.185.32.26 - - [24/Jan/2021:11:01:31 +0800] "GET /favicon.ico HTTP/1.1" 404 -
117.185.32.26 - - [24/Jan/2021:11:01:34 +0800] "POST /xingrg/login.do HTTP/1.1" 302 -
117.185.32.26 - - [24/Jan/2021:11:01:34 +0800] "GET /xingrg/index.html?sysBaseUrl=http%3A%2F%2F180.169.147.146%3A18081%2Fxingrg%2F&costTime=38×tamp=1611457294297 HTTP/1.1" 200 17173
117.185.32.26 - - [24/Jan/2021:11:01:35 +0800] "GET /favicon.ico HTTP/1.1" 404 -
117.185.32.26 - - [24/Jan/2021:11:01:36 +0800] "POST /xingrg/all/common/load_tree.html?tree=area_rest_tree_json&manage=1 HTTP/1.1" 200 342
117.185.32.26 - - [24/Jan/2021:11:01:36 +0800] "GET /xingrg/all/function/internal_message.html?_=1611457771239&CODE_STATE=count HTTP/1.1" 200 11
117.185.32.26 - - [24/Jan/2021:11:01:36 +0800] "GET /xingrg/check_reg.html?_=1611457771244 HTTP/1.1" 200 22
117.185.32.26 - - [24/Jan/2021:11:01:36 +0800] "POST /xingrg/load_menu.html HTTP/1.1" 200 5138
117.185.32.26 - - [24/Jan/2021:11:01:37 +0800] "GET /xingrg/kc/buy/buy_main.html HTTP/1.1" 200 12412
117.185.32.26 - - [24/Jan/2021:11:01:37 +0800] "GET /xingrg/css/new_ie.css HTTP/1.1" 404 1036
120.253.135.82 - - [24/Jan/2021:11:01:40 +0800] "GET /xingrg/all/function/internal_message.html?_=1611457056906&CODE_STATE=getMsg HTTP/1.1" 200 27
120.253.135.82 - - [24/Jan/2021:11:01:41 +0800] "GET /xingrg/all/function/internal_message.html?_=1611457345664&CODE_STATE=getMsg HTTP/1.1" 200 27
116.228.172.94 - - [24/Jan/2021:11:01:41 +0800] "GET /xingrg/all/function/internal_message.html?_=1611457297000&CODE_STATE=getMsg HTTP/1.1" 200 27
218.81.223.240 - - [24/Jan/2021:11:01:43 +0800] "GET /xingrg/kc/buy/cgsh_order_operate.html?command=get_materiel&rest_code=00146&code=00101008163&supplier_code=00100005&order_time=2021-01-24 HTTP/1.1" 200 409
218.81.223.241 - - [24/Jan/2021:11:01:44 +0800] "GET /xingrg/all/function/internal_message.html?_=1611457299511&CODE_STATE=getMsg HTTP/1.1" 200 27
117.185.32.26 - - [24/Jan/2021:11:01:45 +0800] "GET /xingrg/all/function/internal_message.html?_=1611457316515&CODE_STATE=getMsg HTTP/1.1" 200 27
117.185.32.26 - - [24/Jan/2021:11:01:47 +0800] "GET /xingrg/images/yd/bt.gif HTTP/1.1" 404 1040
180.156.237.57 - - [24/Jan/2021:11:01:47 +0800] "GET /xingrg/all/function/internal_message.html?_=1611457304170&CODE_STATE=getMsg HTTP/1.1" 200 27
101.85.93.83 - - [24/Jan/2021:11:01:47 +0800] "GET /xingrg/all/function/internal_message.html?_=1611456954207&CODE_STATE=getMsg HTTP/1.1" 200 27
180.169.147.146 - - [24/Jan/2021:11:01:47 +0800] "GET /xingrg/all/function/internal_message.html?_=1611457303596&CODE_STATE=getMsg HTTP/1.1" 200 27
117.185.32.26 - - [24/Jan/2021:11:01:48 +0800] "GET /xingrg/kc/buy/cgsh_order_list.html HTTP/1.1" 200 46217
58.37.230.33 - - [24/Jan/2021:11:01:48 +0800] "GET /xingrg/all/function/internal_message.html?_=1611457313262&CODE_STATE=getMsg HTTP/1.1" 200 27
117.185.32.26 - - [24/Jan/2021:11:01:50 +0800] "POST /xingrg/kc/buy/cgsh_list_operate.html HTTP/1.1" 200 1699
180.169.147.146 - - [24/Jan/2021:11:01:50 +0800] "GET /xingrg/all/function/internal_message.html?_=1611457312093&CODE_STATE=getMsg HTTP/1.1" 200 27
58.37.230.33 - - [24/Jan/2021:11:01:50 +0800] "GET /xingrg/kc/buy/cgsh_order_operate.html?command=get_materiel&rest_code=00141&code=00101016053&supplier_code=00100040&order_time=2021-01-24 HTTP/1.1" 200 408
180.175.150.119 - - [24/Jan/2021:11:01:53 +0800] "GET /xingrg/all/function/internal_message.html?_=1611457309572&CODE_STATE=getMsg HTTP/1.1" 200 27
218.81.223.240 - - [24/Jan/2021:11:01:54 +0800] "GET /xingrg/check_reg.html?_=1611457314688 HTTP/1.1" 200 22
218.81.223.240 - - [24/Jan/2021:11:01:54 +0800] "GET /xingrg/all/function/internal_message.html?_=1611457314746&CODE_STATE=getMsg HTTP/1.1" 200 27
218.81.223.240 - - [24/Jan/2021:11:01:54 +0800] "GET /xingrg/kc/buy/cgsh_order_operate.html?command=get_materiel&rest_code=00146&code=00101008264&supplier_code=00100005&order_time=2021-01-24 HTTP/1.1" 200 412
180.169.147.146 - - [24/Jan/2021:11:01:56 +0800] "GET /xingrg/all/function/internal_message.html?_=1611457312215&CODE_STATE=getMsg HTTP/1.1" 200 27
117.185.32.26 - - [24/Jan/2021:11:01:56 +0800] "POST /xingrg/kc/buy/cgsh_list_operate.html HTTP/1.1" 200 5957
114.86.187.76 - - [24/Jan/2021:11:01:57 +0800] "GET /xingrg/all/function/internal_message.html?_=1611457313412&CODE_STATE=getMsg HTTP/1.1" 200 27
61.129.6.225 - - [24/Jan/2021:11:01:58 +0800] "GET /xingrg/all/function/internal_message.html?_=1611457253283&CODE_STATE=getMsg HTTP/1.1" 302 -
58.37.230.33 - - [24/Jan/2021:11:01:59 +0800] "GET /xingrg/kc/buy/cgsh_order_operate.html?command=get_materiel&rest_code=00141&code=00101007109&supplier_code=00100040&order_time=2021-01-24 HTTP/1.1" 200 408
61.129.6.225 - - [24/Jan/2021:11:02:02 +0800] "GET /xingrg/login.html HTTP/1.1" 200 7641
117.185.32.26 - - [24/Jan/2021:11:02:02 +0800] "POST /xingrg/kc/buy/cgsh_list_operate.html HTTP/1.1" 200 202
117.185.32.26 - - [24/Jan/2021:11:02:04 +0800] "GET /xingrg/kc/buy/cgsh_order_info.html?code=212021012411282 HTTP/1.1" 200 56861
101.227.139.173 - - [24/Jan/2021:11:02:04 +0800] "GET /xingrg/kc/buy/cgsh_order_operate.html?command=get_materiel&rest_code=00141&code=00101012019&supplier_code=00100040&order_time=2021-01-24 HTTP/1.1" 302 -
117.185.32.26 - - [24/Jan/2021:11:02:04 +0800] "GET /xingrg/javascript/easyui/themes/default/validatebox.css HTTP/1.1" 404 1104
117.185.32.26 - - [24/Jan/2021:11:02:05 +0800] "POST /xingrg/kc/buy/cgsh_order_operate.html HTTP/1.1" 200 611
116.227.17.229 - - [24/Jan/2021:11:02:07 +0800] "GET /xingrg/all/function/internal_message.html?_=1611457323126&CODE_STATE=getMsg HTTP/1.1" 200 27
218.81.223.240 - - [24/Jan/2021:11:02:07 +0800] "GET /xingrg/kc/buy/cgsh_order_operate.html?command=get_materiel&rest_code=00146&code=00101008137&supplier_code=00100005&order_time=2021-01-24 HTTP/1.1" 200 408
117.185.32.26 - - [24/Jan/2021:11:02:08 +0800] "GET /xingrg/kc/print/load_config.html?kc_code=cgsh HTTP/1.1" 200 1845
117.185.32.26 - - [24/Jan/2021:11:02:08 +0800] "GET /xingrg/kc/print/load_data.html?order_code=212021012411282&kc_code=cgsh&condition= HTTP/1.1" 200 766
101.227.139.173 - - [24/Jan/2021:11:02:09 +0800] "GET /xingrg/login.html HTTP/1.1" 200 7641
222.69.137.13 - - [24/Jan/2021:11:02:09 +0800] "GET /xingrg/all/function/internal_message.html?_=1611457325762&CODE_STATE=getMsg HTTP/1.1" 200 27
180.169.147.146 - - [24/Jan/2021:11:02:11 +0800] "GET /xingrg/all/function/internal_message.html?_=1611457324944&CODE_STATE=getMsg HTTP/1.1" 200 27
180.169.147.146 - - [24/Jan/2021:11:02:11 +0800] "GET /xingrg/check_reg.html?_=1611457324946 HTTP/1.1" 200 22
117.185.32.26 - - [24/Jan/2021:11:02:16 +0800] "GET /xingrg/kc/buy/cgsh_order_add.html HTTP/1.1" 200 61955
117.185.32.26 - - [24/Jan/2021:11:02:17 +0800] "GET /xingrg/all/common/auto_word.html?type=employee&rest_code=00106 HTTP/1.1" 200 205
117.185.32.26 - - [24/Jan/2021:11:02:17 +0800] "GET /xingrg/all/common/auto_word.html?type=employee&rest_code=00106 HTTP/1.1" 200 205
117.185.32.26 - - [24/Jan/2021:11:02:17 +0800] "GET /xingrg/javascript/easyui/themes/default/validatebox.css HTTP/1.1" 404 1104
117.185.32.26 - - [24/Jan/2021:11:02:17 +0800] "POST /xingrg/kc/buy/cgsh_order_operate.html HTTP/1.1" 200 8245
120.253.135.82 - - [24/Jan/2021:11:02:18 +0800] "GET /xingrg/check_reg.html?_=1611457095140 HTTP/1.1" 200 22
114.88.166.193 - - [24/Jan/2021:11:02:19 +0800] "GET /xingrg/check_reg.html?_=1611457335368 HTTP/1.1" 200 22
116.227.17.229 - - [24/Jan/2021:11:02:19 +0800] "GET /xingrg/check_reg.html?_=1611457335472 HTTP/1.1" 200 22
117.185.32.26 - - [24/Jan/2021:11:02:20 +0800] "GET /xingrg/javascript/easyui/themes/default/tree.css HTTP/1.1" 404 1090
117.185.32.26 - - [24/Jan/2021:11:02:20 +0800] "POST /xingrg/all/common/load_tree.html?tree=supplier_tree_json&isDelete=1 HTTP/1.1" 200 54555
180.162.108.15 - - [24/Jan/2021:11:02:22 +0800] "GET /xingrg/all/function/internal_message.html?_=1611457194471&CODE_STATE=getMsg HTTP/1.1" 200 27
218.81.223.240 - - [24/Jan/2021:11:02:23 +0800] "GET /xingrg/kc/buy/cgsh_order_operate.html?command=get_materiel&rest_code=00146&code=00101008357&supplier_code=00100005&order_time=2021-01-24 HTTP/1.1" 200 408
114.88.166.193 - - [24/Jan/2021:11:02:23 +0800] "GET /xingrg/all/function/internal_message.html?_=1611457339564&CODE_STATE=getMsg HTTP/1.1" 200 27
218.81.223.240 - - [24/Jan/2021:11:02:29 +0800] "POST /xingrg/kc/buy/cgsh_order_operate.html HTTP/1.1" 200 2065
61.165.42.208 - - [24/Jan/2021:11:02:30 +0800] "GET /xingrg/all/function/internal_message.html?_=1611457346146&CODE_STATE=getMsg HTTP/1.1" 200 27
117.185.32.26 - - [24/Jan/2021:11:02:36 +0800] "GET /xingrg/all/function/internal_message.html?_=1611457831257&CODE_STATE=getMsg HTTP/1.1" 200 27
218.81.223.240 - - [24/Jan/2021:11:02:38 +0800] "GET /xingrg/kc/buy/cgsh_order_operate.html?command=get_materiel&rest_code=00146&code=00101008069&supplier_code=00100005&order_time=2021-01-24 HTTP/1.1" 200 412
117.185.32.26 - - [24/Jan/2021:11:02:39 +0800] "GET /xingrg/javascript/auto/indicator.gif HTTP/1.1" 404 1066
120.253.135.82 - - [24/Jan/2021:11:02:40 +0800] "GET /xingrg/all/function/internal_message.html?_=1611457116914&CODE_STATE=getMsg HTTP/1.1" 200 27
116.228.172.94 - - [24/Jan/2021:11:02:40 +0800] "GET /xingrg/all/function/internal_message.html?_=1611457357007&CODE_STATE=getMsg HTTP/1.1" 200 27
120.253.135.82 - - [24/Jan/2021:11:02:41 +0800] "GET /xingrg/all/function/internal_message.html?_=1611457405668&CODE_STATE=getMsg HTTP/1.1" 200 27
117.185.32.26 - - [24/Jan/2021:11:02:43 +0800] "GET /xingrg/kc/buy/cgsh_order_operate.html?command=get_materiel&rest_code=00106&code=00101004011&supplier_code=00100088&order_time=2021-01-24 HTTP/1.1" 200 413
218.81.223.241 - - [24/Jan/2021:11:02:44 +0800] "GET /xingrg/all/function/internal_message.html?_=1611457359511&CODE_STATE=getMsg HTTP/1.1" 200 27
117.185.32.26 - - [24/Jan/2021:11:02:45 +0800] "GET /xingrg/all/function/internal_message.html?_=1611457376487&CODE_STATE=getMsg HTTP/1.1" 200 27
180.156.237.57 - - [24/Jan/2021:11:02:47 +0800] "GET /xingrg/all/function/internal_message.html?_=1611457364166&CODE_STATE=getMsg HTTP/1.1" 200 27
101.85.93.83 - - [24/Jan/2021:11:02:47 +0800] "GET /xingrg/all/function/internal_message.html?_=1611457014180&CODE_STATE=getMsg HTTP/1.1" 200 27
58.37.230.33 - - [24/Jan/2021:11:02:47 +0800] "GET /xingrg/kc/buy/cgsh_order_operate.html?command=get_materiel&rest_code=00141&code=00101008013&supplier_code=00100040&order_time=2021-01-24 HTTP/1.1" 200 408
180.169.147.146 - - [24/Jan/2021:11:02:47 +0800] "GET /xingrg/all/function/internal_message.html?_=1611457363601&CODE_STATE=getMsg HTTP/1.1" 200 27
101.85.93.83 - - [24/Jan/2021:11:02:48 +0800] "GET /xingrg/check_reg.html?_=1611457014660 HTTP/1.1" 200 22
58.37.230.33 - - [24/Jan/2021:11:02:48 +0800] "GET /xingrg/all/function/internal_message.html?_=1611457373232&CODE_STATE=getMsg HTTP/1.1" 200 27
218.81.223.240 - - [24/Jan/2021:11:02:48 +0800] "GET /xingrg/kc/buy/cgsh_order_operate.html?command=get_materiel&rest_code=00146&code=00101008006&supplier_code=00100005&order_time=2021-01-24 HTTP/1.1" 200 416
180.169.147.146 - - [24/Jan/2021:11:02:50 +0800] "GET /xingrg/all/function/internal_message.html?_=1611457372098&CODE_STATE=getMsg HTTP/1.1" 200 27
180.175.150.119 - - [24/Jan/2021:11:02:53 +0800] "GET /xingrg/all/function/internal_message.html?_=1611457369577&CODE_STATE=getMsg HTTP/1.1" 200 27
218.81.223.240 - - [24/Jan/2021:11:02:54 +0800] "GET /xingrg/all/function/internal_message.html?_=1611457374759&CODE_STATE=getMsg HTTP/1.1" 200 27
58.37.230.33 - - [24/Jan/2021:11:02:55 +0800] "GET /xingrg/kc/buy/cgsh_order_operate.html?command=get_materiel&rest_code=00141&code=00101016057&supplier_code=00100040&order_time=2021-01-24 HTTP/1.1" 200 408
180.169.147.146 - - [24/Jan/2021:11:02:56 +0800] "GET /xingrg/all/function/internal_message.html?_=1611457372216&CODE_STATE=getMsg HTTP/1.1" 200 27
114.86.187.76 - - [24/Jan/2021:11:02:57 +0800] "GET /xingrg/check_reg.html?_=1611457373282 HTTP/1.1" 200 22
114.86.187.76 - - [24/Jan/2021:11:02:57 +0800] "GET /xingrg/all/function/internal_message.html?_=1611457373406&CODE_STATE=getMsg HTTP/1.1" 200 27
117.185.32.26 - - [24/Jan/2021:11:03:05 +0800] "POST /xingrg/kc/buy/cgsh_order_operate.html HTTP/1.1" 200 64
180.162.108.15 - - [24/Jan/2021:11:03:06 +0800] "POST /xingrg/kc/buy/cgsh_order_operate.html HTTP/1.1" 200 37
116.227.17.229 - - [24/Jan/2021:11:03:07 +0800] "GET /xingrg/all/function/internal_message.html?_=1611457383099&CODE_STATE=getMsg HTTP/1.1" 200 27
180.162.108.15 - - [24/Jan/2021:11:03:08 +0800] "POST /xingrg/kc/buy/cgsh_order_operate.html HTTP/1.1" 200 12
218.81.223.240 - - [24/Jan/2021:11:03:08 +0800] "GET /xingrg/kc/buy/cgsh_order_operate.html?command=get_materiel&rest_code=00146&code=00101008131&supplier_code=00100005&order_time=2021-01-24 HTTP/1.1" 200 408
222.69.137.13 - - [24/Jan/2021:11:03:09 +0800] "GET /xingrg/all/function/internal_message.html?_=1611457385747&CODE_STATE=getMsg HTTP/1.1" 200 27
180.162.108.15 - - [24/Jan/2021:11:03:10 +0800] "GET /xingrg/kc/buy/cgsh_order_info.html?code=212021012411283 HTTP/1.1" 200 55936
180.162.108.15 - - [24/Jan/2021:11:03:10 +0800] "GET /xingrg/javascript/easyui/themes/default/validatebox.css HTTP/1.1" 404 1104
180.169.147.146 - - [24/Jan/2021:11:03:11 +0800] "GET /xingrg/all/function/internal_message.html?_=1611457384931&CODE_STATE=getMsg HTTP/1.1" 200 27
117.185.32.26 - - [24/Jan/2021:11:03:12 +0800] "POST /xingrg/kc/buy/cgsh_order_operate.html HTTP/1.1" 200 37
180.162.108.15 - - [24/Jan/2021:11:03:12 +0800] "POST /xingrg/kc/buy/cgsh_order_operate.html HTTP/1.1" 200 17724
117.185.32.26 - - [24/Jan/2021:11:03:14 +0800] "POST /xingrg/kc/buy/cgsh_order_operate.html HTTP/1.1" 200 12
180.162.108.15 - - [24/Jan/2021:11:03:14 +0800] "GET /xingrg/kc/print/load_data.html?order_code=212021012411283&kc_code=cgsh&condition= HTTP/1.1" 200 7191
117.185.32.26 - - [24/Jan/2021:11:03:19 +0800] "GET /xingrg/kc/print/load_data.html?order_code=212021012411285&kc_code=cgsh&condition= HTTP/1.1" 200 771
180.162.108.15 - - [24/Jan/2021:11:03:22 +0800] "GET /xingrg/all/function/internal_message.html?_=1611457254487&CODE_STATE=getMsg HTTP/1.1" 200 27
114.88.166.193 - - [24/Jan/2021:11:03:23 +0800] "GET /xingrg/all/function/internal_message.html?_=1611457399581&CODE_STATE=getMsg HTTP/1.1" 200 27
218.81.223.240 - - [24/Jan/2021:11:03:26 +0800] "GET /xingrg/kc/buy/cgsh_order_operate.html?command=get_materiel&rest_code=00146&code=00101008318&supplier_code=00100005&order_time=2021-01-24 HTTP/1.1" 200 408
61.165.42.208 - - [24/Jan/2021:11:03:30 +0800] "GET /xingrg/all/function/internal_message.html?_=1611457406126&CODE_STATE=getMsg HTTP/1.1" 200 27
117.185.32.26 - - [24/Jan/2021:11:03:30 +0800] "GET /xingrg/kc/buy/cgsh_order_info.html?code=212021012411285 HTTP/1.1" 200 49212
117.185.32.26 - - [24/Jan/2021:11:03:30 +0800] "GET /xingrg/kc/buy/cgsh_order_add.html HTTP/1.1" 200 61955
117.185.32.26 - - [24/Jan/2021:11:03:30 +0800] "POST /xingrg/kc/buy/cgsh_order_operate.html HTTP/1.1" 200 8245
117.185.32.26 - - [24/Jan/2021:11:03:30 +0800] "GET /xingrg/javascript/easyui/themes/default/validatebox.css HTTP/1.1" 404 1104
117.185.32.26 - - [24/Jan/2021:11:03:32 +0800] "GET /xingrg/javascript/easyui/themes/default/tree.css HTTP/1.1" 404 1090
117.185.32.26 - - [24/Jan/2021:11:03:32 +0800] "POST /xingrg/all/common/load_tree.html?tree=supplier_tree_json&isDelete=1 HTTP/1.1" 200 54555
117.185.32.26 - - [24/Jan/2021:11:03:36 +0800] "GET /xingrg/all/function/internal_message.html?_=1611457891262&CODE_STATE=getMsg HTTP/1.1" 200 27
218.81.223.240 - - [24/Jan/2021:11:03:39 +0800] "GET /xingrg/kc/buy/cgsh_order_operate.html?command=get_materiel&rest_code=00146&code=00101008005&supplier_code=00100005&order_time=2021-01-24 HTTP/1.1" 200 412
120.253.135.82 - - [24/Jan/2021:11:03:40 +0800] "GET /xingrg/all/function/internal_message.html?_=1611457176927&CODE_STATE=getMsg HTTP/1.1" 200 27
116.228.172.94 - - [24/Jan/2021:11:03:40 +0800] "GET /xingrg/all/function/internal_message.html?_=1611457417022&CODE_STATE=getMsg HTTP/1.1" 200 27
120.253.135.82 - - [24/Jan/2021:11:03:41 +0800] "GET /xingrg/all/function/internal_message.html?_=1611457465714&CODE_STATE=getMsg HTTP/1.1" 200 27
218.81.223.240 - - [24/Jan/2021:11:03:44 +0800] "POST /xingrg/kc/buy/cgsh_order_operate.html HTTP/1.1" 200 2065
218.81.223.241 - - [24/Jan/2021:11:03:44 +0800] "GET /xingrg/all/function/internal_message.html?_=1611457419512&CODE_STATE=getMsg HTTP/1.1" 200 27
117.185.32.26 - - [24/Jan/2021:11:03:45 +0800] "GET /xingrg/all/function/internal_message.html?_=1611457436464&CODE_STATE=getMsg HTTP/1.1" 200 27
180.156.237.57 - - [24/Jan/2021:11:03:47 +0800] "GET /xingrg/all/function/internal_message.html?_=1611457424185&CODE_STATE=getMsg HTTP/1.1" 200 27
117.185.32.26 - - [24/Jan/2021:11:03:47 +0800] "GET /xingrg/kc/buy/cgsh_order_operate.html?command=get_materiel&rest_code=00106&code=00101004034&supplier_code=00100085&order_time=2021-01-24 HTTP/1.1" 200 416
101.85.93.83 - - [24/Jan/2021:11:03:47 +0800] "GET /xingrg/all/function/internal_message.html?_=1611457074151&CODE_STATE=getMsg HTTP/1.1" 200 27
180.169.147.146 - - [24/Jan/2021:11:03:47 +0800] "GET /xingrg/all/function/internal_message.html?_=1611457423600&CODE_STATE=getMsg HTTP/1.1" 200 27
58.37.230.33 - - [24/Jan/2021:11:03:48 +0800] "GET /xingrg/all/function/internal_message.html?_=1611457433229&CODE_STATE=getMsg HTTP/1.1" 200 27
180.169.147.146 - - [24/Jan/2021:11:03:50 +0800] "GET /xingrg/all/function/internal_message.html?_=1611457432099&CODE_STATE=getMsg HTTP/1.1" 200 27
218.81.223.240 - - [24/Jan/2021:11:03:54 +0800] "GET /xingrg/all/function/internal_message.html?_=1611457434773&CODE_STATE=getMsg HTTP/1.1" 200 27
180.175.150.119 - - [24/Jan/2021:11:03:54 +0800] "GET /xingrg/all/function/internal_message.html?_=1611457430308&CODE_STATE=getMsg HTTP/1.1" 200 27
180.169.147.146 - - [24/Jan/2021:11:03:56 +0800] "GET /xingrg/all/function/internal_message.html?_=1611457432216&CODE_STATE=getMsg HTTP/1.1" 200 27
114.86.187.76 - - [24/Jan/2021:11:03:57 +0800] "GET /xingrg/all/function/internal_message.html?_=1611457433386&CODE_STATE=getMsg HTTP/1.1" 200 27
117.131.5.26 - - [24/Jan/2021:11:04:02 +0800] "GET /xingrg/check_reg.html?_=1611457791692 HTTP/1.1" 302 -
117.131.5.26 - - [24/Jan/2021:11:04:02 +0800] "GET /xingrg/login.html HTTP/1.1" 200 7641
218.81.223.240 - - [24/Jan/2021:11:04:04 +0800] "GET /xingrg/kc/buy/cgsh_order_operate.html?command=get_materiel&rest_code=00146&code=00101008283&supplier_code=00100005&order_time=2021-01-24 HTTP/1.1" 200 409
116.227.17.229 - - [24/Jan/2021:11:04:07 +0800] "GET /xingrg/all/function/internal_message.html?_=1611457443071&CODE_STATE=getMsg HTTP/1.1" 200 27
117.185.32.26 - - [24/Jan/2021:11:04:07 +0800] "POST /xingrg/kc/buy/cgsh_order_operate.html HTTP/1.1" 200 64
101.91.60.11 - - [24/Jan/2021:11:04:08 +0800] "GET /xingrg/all/function/internal_message.html?_=1611457373232&CODE_STATE=getMsg HTTP/1.1" 302 -
180.156.237.57 - - [24/Jan/2021:11:04:08 +0800] "POST /xingrg/kc/buy/cgsh_order_operate.html HTTP/1.1" 200 37
58.37.230.33 - - [24/Jan/2021:11:04:09 +0800] "GET /xingrg/check_reg.html?_=1611457454624 HTTP/1.1" 200 22
222.69.137.13 - - [24/Jan/2021:11:04:09 +0800] "GET /xingrg/all/function/internal_message.html?_=1611457445732&CODE_STATE=getMsg HTTP/1.1" 200 27
101.91.60.11 - - [24/Jan/2021:11:04:10 +0800] "GET /xingrg/login.html HTTP/1.1" 200 7641
180.169.147.146 - - [24/Jan/2021:11:04:11 +0800] "GET /xingrg/all/function/internal_message.html?_=1611457444935&CODE_STATE=getMsg HTTP/1.1" 200 27
