180.169.147.146 - - [22/Jan/2021:09:21:49 +0800] "GET /xingrg/all/function/internal_message.html?_=1611278509308&CODE_STATE=getMsg HTTP/1.1" 200 27
172.20.0.100 - - [22/Jan/2021:09:21:49 +0800] "GET /xingrg/all/function/internal_message.html?_=1611278504996&CODE_STATE=getMsg HTTP/1.1" 200 27
116.228.172.94 - - [22/Jan/2021:09:21:50 +0800] "GET /xingrg/kc/buy/cgsh_order_operate.html?command=get_materiel&rest_code=00107&code=00101008488&supplier_code=00100006&order_time=2021-01-22 HTTP/1.1" 200 406
180.169.147.146 - - [22/Jan/2021:09:21:53 +0800] "GET /xingrg/all/function/internal_message.html?_=1611278509520&CODE_STATE=getMsg HTTP/1.1" 302 -
114.88.166.193 - - [22/Jan/2021:09:21:53 +0800] "GET /xingrg/check_reg.html?_=1611278507898 HTTP/1.1" 200 22
114.88.166.193 - - [22/Jan/2021:09:21:54 +0800] "GET /xingrg/all/function/internal_message.html?_=1611278508373&CODE_STATE=getMsg HTTP/1.1" 200 27
116.228.172.94 - - [22/Jan/2021:09:21:55 +0800] "GET /xingrg/check_reg.html?_=1611278506875 HTTP/1.1" 200 22
116.228.172.94 - - [22/Jan/2021:09:21:55 +0800] "GET /xingrg/all/function/internal_message.html?_=1611278506878&CODE_STATE=getMsg HTTP/1.1" 200 27
116.228.172.94 - - [22/Jan/2021:09:22:03 +0800] "GET /xingrg/kc/buy/cgsh_order_operate.html?command=get_materiel&rest_code=00107&code=00101008225&supplier_code=00100006&order_time=2021-01-22 HTTP/1.1" 200 416
58.37.230.33 - - [22/Jan/2021:09:22:07 +0800] "GET /xingrg/all/function/internal_message.html?_=1611278526576&CODE_STATE=getMsg HTTP/1.1" 200 27
114.88.166.193 - - [22/Jan/2021:09:22:08 +0800] "GET /xingrg/kc/buy/cgsh_order_operate.html?command=get_materiel&rest_code=00111&code=00101009024&supplier_code=00100012&order_time=2021-01-22 HTTP/1.1" 200 404
180.175.150.119 - - [22/Jan/2021:09:22:11 +0800] "GET /xingrg/all/function/internal_message.html?_=1611278772212&CODE_STATE=getMsg HTTP/1.1" 200 27
222.69.138.221 - - [22/Jan/2021:09:22:12 +0800] "GET /xingrg/kc/buy/cgsh_order_list.html HTTP/1.1" 200 46223
180.156.237.57 - - [22/Jan/2021:09:22:12 +0800] "GET /xingrg/all/function/internal_message.html?_=1611278510743&CODE_STATE=getMsg HTTP/1.1" 200 27
222.69.138.221 - - [22/Jan/2021:09:22:12 +0800] "POST /xingrg/kc/buy/cgsh_list_operate.html HTTP/1.1" 200 876
116.228.172.94 - - [22/Jan/2021:09:22:17 +0800] "GET /xingrg/kc/buy/cgsh_order_operate.html?command=get_materiel&rest_code=00107&code=00101008357&supplier_code=00100006&order_time=2021-01-22 HTTP/1.1" 200 408
114.88.166.193 - - [22/Jan/2021:09:22:18 +0800] "GET /xingrg/kc/buy/cgsh_order_operate.html?command=get_materiel&rest_code=00111&code=00101006056&supplier_code=00100012&order_time=2021-01-22 HTTP/1.1" 200 413
180.156.237.57 - - [22/Jan/2021:09:22:20 +0800] "GET /xingrg/all/function/internal_message.html?_=1611278538292&CODE_STATE=getMsg HTTP/1.1" 200 27
222.69.138.221 - - [22/Jan/2021:09:22:21 +0800] "GET /xingrg/all/function/internal_message.html?_=1611278535206&CODE_STATE=getMsg HTTP/1.1" 200 27
116.228.172.94 - - [22/Jan/2021:09:22:26 +0800] "GET /xingrg/kc/buy/cgsh_order_operate.html?command=get_materiel&rest_code=00107&code=00101008036&supplier_code=00100006&order_time=2021-01-22 HTTP/1.1" 200 408
101.91.60.108 - - [22/Jan/2021:09:22:33 +0800] "GET /xingrg/check_reg.html?_=1611278046558 HTTP/1.1" 302 -
114.88.166.193 - - [22/Jan/2021:09:22:36 +0800] "GET /xingrg/kc/buy/cgsh_order_operate.html?command=get_materiel&rest_code=00111&code=00101006065&supplier_code=00100012&order_time=2021-01-22 HTTP/1.1" 200 409
180.175.150.119 - - [22/Jan/2021:09:22:38 +0800] "GET /xingrg/kc/base/wldb_order_list.html HTTP/1.1" 200 19339
180.175.150.119 - - [22/Jan/2021:09:22:39 +0800] "POST /xingrg/kc/base/wldb_list_operate.html HTTP/1.1" 200 928
116.228.172.94 - - [22/Jan/2021:09:22:39 +0800] "GET /xingrg/kc/buy/cgsh_order_operate.html?command=get_materiel&rest_code=00107&code=00101008296&supplier_code=00100006&order_time=2021-01-22 HTTP/1.1" 200 416
180.175.150.119 - - [22/Jan/2021:09:22:43 +0800] "POST /xingrg/kc/base/wldb_list_operate.html HTTP/1.1" 200 6139
101.91.60.108 - - [22/Jan/2021:09:22:43 +0800] "GET /xingrg/login.html HTTP/1.1" 200 7641
61.165.42.208 - - [22/Jan/2021:09:22:46 +0800] "GET /favicon.ico HTTP/1.1" 404 -
61.165.42.208 - - [22/Jan/2021:09:22:46 +0800] "GET /xingrg/index.html?sysBaseUrl=http%3A%2F%2F180.169.147.146%3A18081%2Fxingrg%2F&costTime=36×tamp=1585223203754 HTTP/1.1" 302 -
61.165.42.208 - - [22/Jan/2021:09:22:46 +0800] "GET /xingrg/login.html HTTP/1.1" 200 7641
61.165.42.208 - - [22/Jan/2021:09:22:46 +0800] "GET /favicon.ico HTTP/1.1" 404 -
180.169.147.146 - - [22/Jan/2021:09:22:49 +0800] "GET /xingrg/all/function/internal_message.html?_=1611278569309&CODE_STATE=getMsg HTTP/1.1" 200 27
180.169.147.146 - - [22/Jan/2021:09:22:49 +0800] "GET /xingrg/check_reg.html?_=1611278569313 HTTP/1.1" 200 22
172.20.0.100 - - [22/Jan/2021:09:22:49 +0800] "GET /xingrg/all/function/internal_message.html?_=1611278564985&CODE_STATE=getMsg HTTP/1.1" 200 27
180.156.237.57 - - [22/Jan/2021:09:22:53 +0800] "GET /xingrg/check_reg.html?_=1611278551050 HTTP/1.1" 200 22
180.169.147.146 - - [22/Jan/2021:09:22:53 +0800] "GET /xingrg/all/function/internal_message.html?_=1611278569506&CODE_STATE=getMsg HTTP/1.1" 302 -
61.165.42.208 - - [22/Jan/2021:09:22:53 +0800] "POST /xingrg/login.do HTTP/1.1" 200 2421
61.165.42.208 - - [22/Jan/2021:09:22:53 +0800] "GET /favicon.ico HTTP/1.1" 404 -
114.88.166.193 - - [22/Jan/2021:09:22:54 +0800] "GET /xingrg/all/function/internal_message.html?_=1611278568388&CODE_STATE=getMsg HTTP/1.1" 200 27
180.156.237.57 - - [22/Jan/2021:09:22:54 +0800] "GET /xingrg/kc/buy/cgsh_order_operate.html?command=get_materiel&rest_code=00150&code=00101008042&supplier_code=00100007&order_time=2021-01-22 HTTP/1.1" 200 416
61.165.42.208 - - [22/Jan/2021:09:22:54 +0800] "GET /xingrg/login.html HTTP/1.1" 200 7641
61.165.42.208 - - [22/Jan/2021:09:22:54 +0800] "GET /favicon.ico HTTP/1.1" 404 -
116.228.172.94 - - [22/Jan/2021:09:22:55 +0800] "GET /xingrg/all/function/internal_message.html?_=1611278566882&CODE_STATE=getMsg HTTP/1.1" 200 27
61.165.42.208 - - [22/Jan/2021:09:22:55 +0800] "POST /xingrg/login.do HTTP/1.1" 302 -
61.165.42.208 - - [22/Jan/2021:09:22:55 +0800] "GET /xingrg/index.html?sysBaseUrl=http%3A%2F%2F180.169.147.146%3A18081%2Fxingrg%2F&costTime=42×tamp=1611278575957 HTTP/1.1" 200 17173
61.165.42.208 - - [22/Jan/2021:09:22:56 +0800] "POST /xingrg/all/common/load_tree.html?tree=area_rest_tree_json&manage=1 HTTP/1.1" 200 3344
61.165.42.208 - - [22/Jan/2021:09:22:56 +0800] "GET /xingrg/check_reg.html?_=1611278576668 HTTP/1.1" 200 22
61.165.42.208 - - [22/Jan/2021:09:22:56 +0800] "GET /xingrg/all/function/internal_message.html?_=1611278576667&CODE_STATE=count HTTP/1.1" 200 11
61.165.42.208 - - [22/Jan/2021:09:22:56 +0800] "POST /xingrg/load_menu.html HTTP/1.1" 200 5138
61.165.42.208 - - [22/Jan/2021:09:22:56 +0800] "GET /favicon.ico HTTP/1.1" 404 -
114.88.166.193 - - [22/Jan/2021:09:23:02 +0800] "POST /xingrg/kc/buy/cgsh_order_operate.html HTTP/1.1" 200 37
61.165.42.208 - - [22/Jan/2021:09:23:02 +0800] "GET /xingrg/kc/buy/cgsh_order_list.html HTTP/1.1" 200 46217
114.88.166.193 - - [22/Jan/2021:09:23:03 +0800] "POST /xingrg/kc/buy/cgsh_order_operate.html HTTP/1.1" 200 5617
61.165.42.208 - - [22/Jan/2021:09:23:03 +0800] "POST /xingrg/kc/buy/cgsh_list_operate.html HTTP/1.1" 200 876
114.88.166.193 - - [22/Jan/2021:09:23:05 +0800] "GET /xingrg/kc/print/load_data.html?order_code=212021012210076&kc_code=cgsh&condition= HTTP/1.1" 200 1894
61.165.42.208 - - [22/Jan/2021:09:23:07 +0800] "GET /xingrg/kc/buy/cgsh_order_add.html HTTP/1.1" 200 62002
61.165.42.208 - - [22/Jan/2021:09:23:07 +0800] "GET /xingrg/words/20210120105349_words.js HTTP/1.1" 304 -
58.37.230.33 - - [22/Jan/2021:09:23:07 +0800] "GET /xingrg/all/function/internal_message.html?_=1611278586591&CODE_STATE=getMsg HTTP/1.1" 200 27
61.165.42.208 - - [22/Jan/2021:09:23:07 +0800] "POST /xingrg/kc/buy/cgsh_order_operate.html HTTP/1.1" 200 8245
61.165.42.208 - - [22/Jan/2021:09:23:07 +0800] "GET /xingrg/all/common/auto_word.html?type=employee&rest_code=00105 HTTP/1.1" 200 193
61.165.42.208 - - [22/Jan/2021:09:23:07 +0800] "GET /xingrg/all/common/auto_word.html?type=employee&rest_code=00105 HTTP/1.1" 200 193
61.165.42.208 - - [22/Jan/2021:09:23:07 +0800] "GET /xingrg/javascript/easyui/themes/default/validatebox.css HTTP/1.1" 404 1104
61.165.42.208 - - [22/Jan/2021:09:23:08 +0800] "GET /xingrg/javascript/auto/indicator.gif HTTP/1.1" 404 1066
180.175.150.119 - - [22/Jan/2021:09:23:11 +0800] "GET /xingrg/check_reg.html?_=1611278832125 HTTP/1.1" 200 22
180.175.150.119 - - [22/Jan/2021:09:23:11 +0800] "GET /xingrg/all/function/internal_message.html?_=1611278832224&CODE_STATE=getMsg HTTP/1.1" 200 27
180.156.237.57 - - [22/Jan/2021:09:23:12 +0800] "GET /xingrg/kc/buy/cgsh_order_operate.html?command=get_materiel&rest_code=00150&code=00101008125&supplier_code=00100007&order_time=2021-01-22 HTTP/1.1" 200 413
180.156.237.57 - - [22/Jan/2021:09:23:12 +0800] "GET /xingrg/all/function/internal_message.html?_=1611278570757&CODE_STATE=getMsg HTTP/1.1" 200 27
180.156.237.57 - - [22/Jan/2021:09:23:17 +0800] "GET /xingrg/kc/buy/cgsh_order_operate.html?command=get_materiel&rest_code=00150&code=00101008337&supplier_code=00100007&order_time=2021-01-22 HTTP/1.1" 200 408
180.156.237.57 - - [22/Jan/2021:09:23:20 +0800] "GET /xingrg/all/function/internal_message.html?_=1611278598297&CODE_STATE=getMsg HTTP/1.1" 200 27
222.69.138.221 - - [22/Jan/2021:09:23:21 +0800] "GET /xingrg/all/function/internal_message.html?_=1611278595194&CODE_STATE=getMsg HTTP/1.1" 200 27
180.156.237.57 - - [22/Jan/2021:09:23:22 +0800] "GET /xingrg/kc/buy/cgsh_order_operate.html?command=get_materiel&rest_code=00150&code=00101008331&supplier_code=00100007&order_time=2021-01-22 HTTP/1.1" 200 416
116.228.172.94 - - [22/Jan/2021:09:23:23 +0800] "GET /xingrg/kc/buy/cgsh_order_operate.html?command=get_materiel&rest_code=00107&code=00101008344&supplier_code=00100006&order_time=2021-01-22 HTTP/1.1" 200 412
61.165.42.208 - - [22/Jan/2021:09:23:23 +0800] "GET /xingrg/kc/buy/cgsh_order_operate.html?command=get_materiel&rest_code=00105&code=00101007061&supplier_code=00100002&order_time=2021-01-22 HTTP/1.1" 200 409
116.228.172.94 - - [22/Jan/2021:09:23:26 +0800] "POST /xingrg/kc/buy/cgsh_order_operate.html HTTP/1.1" 200 2065
61.129.6.174 - - [22/Jan/2021:09:23:29 +0800] "GET /xingrg/all/function/internal_message.html?_=1611278166581&CODE_STATE=getMsg HTTP/1.1" 302 -
180.156.237.57 - - [22/Jan/2021:09:23:29 +0800] "GET /xingrg/kc/buy/cgsh_order_operate.html?command=get_materiel&rest_code=00150&code=00101008350&supplier_code=00100007&order_time=2021-01-22 HTTP/1.1" 200 408
61.129.6.174 - - [22/Jan/2021:09:23:33 +0800] "GET /xingrg/login.html HTTP/1.1" 200 7641
116.228.172.94 - - [22/Jan/2021:09:23:34 +0800] "GET /xingrg/kc/buy/cgsh_order_operate.html?command=get_materiel&rest_code=00107&code=00101008051&supplier_code=00100006&order_time=2021-01-22 HTTP/1.1" 200 409
180.156.237.57 - - [22/Jan/2021:09:23:36 +0800] "GET /xingrg/kc/buy/cgsh_order_operate.html?command=get_materiel&rest_code=00150&code=00101008010&supplier_code=00100007&order_time=2021-01-22 HTTP/1.1" 200 412
180.156.237.57 - - [22/Jan/2021:09:23:42 +0800] "GET /xingrg/kc/buy/cgsh_order_operate.html?command=get_materiel&rest_code=00150&code=00101008354&supplier_code=00100007&order_time=2021-01-22 HTTP/1.1" 200 412
180.156.237.57 - - [22/Jan/2021:09:23:48 +0800] "GET /xingrg/kc/buy/cgsh_order_operate.html?command=get_materiel&rest_code=00150&code=00101008351&supplier_code=00100007&order_time=2021-01-22 HTTP/1.1" 200 408
180.169.147.146 - - [22/Jan/2021:09:23:49 +0800] "GET /xingrg/all/function/internal_message.html?_=1611278629315&CODE_STATE=getMsg HTTP/1.1" 200 27
172.20.0.100 - - [22/Jan/2021:09:23:49 +0800] "GET /xingrg/all/function/internal_message.html?_=1611278624990&CODE_STATE=getMsg HTTP/1.1" 200 27
180.169.147.146 - - [22/Jan/2021:09:23:53 +0800] "GET /xingrg/all/function/internal_message.html?_=1611278629491&CODE_STATE=getMsg HTTP/1.1" 302 -
180.156.237.57 - - [22/Jan/2021:09:23:54 +0800] "GET /xingrg/kc/buy/cgsh_order_operate.html?command=get_materiel&rest_code=00150&code=00101008096&supplier_code=00100007&order_time=2021-01-22 HTTP/1.1" 200 413
114.88.166.193 - - [22/Jan/2021:09:23:54 +0800] "GET /xingrg/all/function/internal_message.html?_=1611278628544&CODE_STATE=getMsg HTTP/1.1" 200 27
116.228.172.94 - - [22/Jan/2021:09:23:55 +0800] "GET /xingrg/all/function/internal_message.html?_=1611278626902&CODE_STATE=getMsg HTTP/1.1" 200 27
61.165.42.208 - - [22/Jan/2021:09:23:56 +0800] "GET /xingrg/all/function/internal_message.html?_=1611278636672&CODE_STATE=getMsg HTTP/1.1" 200 27
116.228.172.94 - - [22/Jan/2021:09:23:58 +0800] "GET /xingrg/kc/buy/cgsh_order_operate.html?command=get_materiel&rest_code=00107&code=00101008543&supplier_code=00100006&order_time=2021-01-22 HTTP/1.1" 200 396
114.88.166.193 - - [22/Jan/2021:09:23:59 +0800] "GET /xingrg/kc/buy/cgsh_order_add.html HTTP/1.1" 200 61955
114.88.166.193 - - [22/Jan/2021:09:24:00 +0800] "POST /xingrg/kc/buy/cgsh_order_operate.html HTTP/1.1" 200 8245
114.88.166.193 - - [22/Jan/2021:09:24:00 +0800] "GET /xingrg/javascript/easyui/themes/default/validatebox.css HTTP/1.1" 404 1104
180.156.237.57 - - [22/Jan/2021:09:24:01 +0800] "GET /xingrg/kc/buy/cgsh_order_operate.html?command=get_materiel&rest_code=00150&code=00101008038&supplier_code=00100007&order_time=2021-01-22 HTTP/1.1" 200 412
180.156.237.57 - - [22/Jan/2021:09:24:06 +0800] "GET /xingrg/kc/buy/cgsh_order_operate.html?command=get_materiel&rest_code=00150&code=00101008199&supplier_code=00100007&order_time=2021-01-22 HTTP/1.1" 200 408
58.37.230.33 - - [22/Jan/2021:09:24:07 +0800] "GET /xingrg/check_reg.html?_=1611278646577 HTTP/1.1" 200 22
58.37.230.33 - - [22/Jan/2021:09:24:07 +0800] "GET /xingrg/all/function/internal_message.html?_=1611278646578&CODE_STATE=getMsg HTTP/1.1" 200 27
180.175.150.119 - - [22/Jan/2021:09:24:11 +0800] "GET /xingrg/all/function/internal_message.html?_=1611278892239&CODE_STATE=getMsg HTTP/1.1" 200 27
180.156.237.57 - - [22/Jan/2021:09:24:11 +0800] "GET /xingrg/kc/buy/cgsh_order_operate.html?command=get_materiel&rest_code=00150&code=00101008051&supplier_code=00100007&order_time=2021-01-22 HTTP/1.1" 200 408
180.156.237.57 - - [22/Jan/2021:09:24:12 +0800] "GET /xingrg/all/function/internal_message.html?_=1611278630770&CODE_STATE=getMsg HTTP/1.1" 200 27
116.228.172.94 - - [22/Jan/2021:09:24:14 +0800] "GET /xingrg/kc/buy/cgsh_order_operate.html?command=get_materiel&rest_code=00107&code=00101008323&supplier_code=00100006&order_time=2021-01-22 HTTP/1.1" 200 408
61.165.42.208 - - [22/Jan/2021:09:24:14 +0800] "GET /xingrg/kc/buy/cgsh_order_operate.html?command=get_materiel&rest_code=00105&code=00101007049&supplier_code=00100002&order_time=2021-01-22 HTTP/1.1" 200 409
61.129.7.235 - - [22/Jan/2021:09:24:17 +0800] "GET /xingrg/all/function/internal_message.html?_=1611278106556&CODE_STATE=getMsg HTTP/1.1" 302 -
180.156.237.57 - - [22/Jan/2021:09:24:18 +0800] "GET /xingrg/kc/buy/cgsh_order_operate.html?command=get_materiel&rest_code=00150&code=00101008163&supplier_code=00100007&order_time=2021-01-22 HTTP/1.1" 200 409
180.156.237.57 - - [22/Jan/2021:09:24:20 +0800] "GET /xingrg/all/function/internal_message.html?_=1611278658299&CODE_STATE=getMsg HTTP/1.1" 200 27
222.69.138.221 - - [22/Jan/2021:09:24:21 +0800] "GET /xingrg/all/function/internal_message.html?_=1611278655195&CODE_STATE=getMsg HTTP/1.1" 200 27
117.131.5.26 - - [22/Jan/2021:09:24:22 +0800] "GET /xingrg/login.html HTTP/1.1" 200 7641
61.165.42.208 - - [22/Jan/2021:09:24:22 +0800] "GET /xingrg/kc/buy/cgsh_order_operate.html?command=get_materiel&rest_code=00105&code=00101007024&supplier_code=00100002&order_time=2021-01-22 HTTP/1.1" 200 415
117.131.5.26 - - [22/Jan/2021:09:24:22 +0800] "GET /favicon.ico HTTP/1.1" 404 -
61.129.7.235 - - [22/Jan/2021:09:24:27 +0800] "GET /xingrg/login.html HTTP/1.1" 200 7641
180.156.237.57 - - [22/Jan/2021:09:24:27 +0800] "GET /xingrg/kc/buy/cgsh_order_operate.html?command=get_materiel&rest_code=00150&code=00101008370&supplier_code=00100007&order_time=2021-01-22 HTTP/1.1" 200 412
117.131.5.26 - - [22/Jan/2021:09:24:30 +0800] "POST /xingrg/login.do HTTP/1.1" 302 -
117.131.5.26 - - [22/Jan/2021:09:24:30 +0800] "GET /xingrg/index.html?sysBaseUrl=http%3A%2F%2F180.169.147.146%3A18081%2Fxingrg%2F&costTime=37×tamp=1611278670545 HTTP/1.1" 200 17179
117.131.5.26 - - [22/Jan/2021:09:24:30 +0800] "POST /xingrg/all/common/load_tree.html?tree=area_rest_tree_json&manage=1 HTTP/1.1" 200 351
117.131.5.26 - - [22/Jan/2021:09:24:30 +0800] "GET /xingrg/check_reg.html?_=1611278721880 HTTP/1.1" 200 22
117.131.5.26 - - [22/Jan/2021:09:24:30 +0800] "GET /xingrg/all/function/internal_message.html?_=1611278721879&CODE_STATE=count HTTP/1.1" 200 11
117.131.5.26 - - [22/Jan/2021:09:24:31 +0800] "GET /favicon.ico HTTP/1.1" 404 -
117.131.5.26 - - [22/Jan/2021:09:24:31 +0800] "POST /xingrg/load_menu.html HTTP/1.1" 200 5138
61.165.42.208 - - [22/Jan/2021:09:24:31 +0800] "POST /xingrg/kc/buy/cgsh_order_operate.html HTTP/1.1" 200 37
61.165.42.208 - - [22/Jan/2021:09:24:32 +0800] "POST /xingrg/kc/buy/cgsh_order_operate.html HTTP/1.1" 200 3837
61.165.42.208 - - [22/Jan/2021:09:24:33 +0800] "GET /xingrg/kc/print/load_config.html?kc_code=cgsh HTTP/1.1" 200 1845
61.165.42.208 - - [22/Jan/2021:09:24:33 +0800] "GET /xingrg/kc/print/load_data.html?order_code=212021012210077&kc_code=cgsh&condition= HTTP/1.1" 200 1192
180.156.237.57 - - [22/Jan/2021:09:24:33 +0800] "GET /xingrg/kc/buy/cgsh_order_operate.html?command=get_materiel&rest_code=00150&code=00101008126&supplier_code=00100007&order_time=2021-01-22 HTTP/1.1" 200 412
116.228.172.94 - - [22/Jan/2021:09:24:36 +0800] "GET /xingrg/kc/buy/cgsh_order_operate.html?command=get_materiel&rest_code=00107&code=00101008350&supplier_code=00100006&order_time=2021-01-22 HTTP/1.1" 200 408
61.165.42.208 - - [22/Jan/2021:09:24:38 +0800] "GET /xingrg/kc/buy/cgsh_order_add.html HTTP/1.1" 200 62002
61.165.42.208 - - [22/Jan/2021:09:24:38 +0800] "GET /xingrg/javascript/easyui/themes/default/validatebox.css HTTP/1.1" 404 1104
61.165.42.208 - - [22/Jan/2021:09:24:38 +0800] "POST /xingrg/kc/buy/cgsh_order_operate.html HTTP/1.1" 200 8245
180.156.237.57 - - [22/Jan/2021:09:24:42 +0800] "GET /xingrg/kc/buy/cgsh_order_operate.html?command=get_materiel&rest_code=00150&code=00101008087&supplier_code=00100007&order_time=2021-01-22 HTTP/1.1" 200 412
180.156.237.57 - - [22/Jan/2021:09:24:48 +0800] "GET /xingrg/kc/buy/cgsh_order_operate.html?command=get_materiel&rest_code=00150&code=00101008361&supplier_code=00100007&order_time=2021-01-22 HTTP/1.1" 200 408
180.169.147.146 - - [22/Jan/2021:09:24:49 +0800] "GET /xingrg/all/function/internal_message.html?_=1611278689318&CODE_STATE=getMsg HTTP/1.1" 200 27
172.20.0.100 - - [22/Jan/2021:09:24:49 +0800] "GET /xingrg/all/function/internal_message.html?_=1611278684992&CODE_STATE=getMsg HTTP/1.1" 200 27
61.165.42.208 - - [22/Jan/2021:09:24:52 +0800] "GET /xingrg/kc/buy/cgsh_order_operate.html?command=get_materiel&rest_code=00105&code=00101012029&supplier_code=00100034&order_time=2021-01-22 HTTP/1.1" 200 412
180.169.147.146 - - [22/Jan/2021:09:24:53 +0800] "GET /xingrg/all/function/internal_message.html?_=1611278689477&CODE_STATE=getMsg HTTP/1.1" 302 -
114.88.166.193 - - [22/Jan/2021:09:24:54 +0800] "GET /xingrg/all/function/internal_message.html?_=1611278688555&CODE_STATE=getMsg HTTP/1.1" 200 27
116.228.172.94 - - [22/Jan/2021:09:24:55 +0800] "GET /xingrg/all/function/internal_message.html?_=1611278686957&CODE_STATE=getMsg HTTP/1.1" 200 27
180.156.237.57 - - [22/Jan/2021:09:24:56 +0800] "GET /xingrg/kc/buy/cgsh_order_operate.html?command=get_materiel&rest_code=00150&code=00101008355&supplier_code=00100007&order_time=2021-01-22 HTTP/1.1" 200 408
61.165.42.208 - - [22/Jan/2021:09:24:56 +0800] "GET /xingrg/all/function/internal_message.html?_=1611278696697&CODE_STATE=getMsg HTTP/1.1" 200 27
116.228.172.94 - - [22/Jan/2021:09:25:01 +0800] "POST /xingrg/kc/buy/cgsh_order_operate.html HTTP/1.1" 200 2065
180.156.237.57 - - [22/Jan/2021:09:25:03 +0800] "GET /xingrg/kc/buy/cgsh_order_operate.html?command=get_materiel&rest_code=00150&code=00101008209&supplier_code=00100007&order_time=2021-01-22 HTTP/1.1" 200 408
58.37.230.33 - - [22/Jan/2021:09:25:07 +0800] "GET /xingrg/all/function/internal_message.html?_=1611278706576&CODE_STATE=getMsg HTTP/1.1" 200 27
180.156.237.57 - - [22/Jan/2021:09:25:08 +0800] "GET /xingrg/kc/buy/cgsh_order_operate.html?command=get_materiel&rest_code=00150&code=00101008024&supplier_code=00100007&order_time=2021-01-22 HTTP/1.1" 200 408
180.175.150.119 - - [22/Jan/2021:09:25:09 +0800] "GET /xingrg/kc/base/check_order_list.html HTTP/1.1" 200 16464
180.175.150.119 - - [22/Jan/2021:09:25:10 +0800] "POST /xingrg/kc/base/check_list_operate.html HTTP/1.1" 200 781
180.156.237.57 - - [22/Jan/2021:09:25:10 +0800] "POST /xingrg/kc/buy/cgsh_order_operate.html HTTP/1.1" 200 2065
180.175.150.119 - - [22/Jan/2021:09:25:11 +0800] "GET /xingrg/all/function/internal_message.html?_=1611278952253&CODE_STATE=getMsg HTTP/1.1" 200 27
180.156.237.57 - - [22/Jan/2021:09:25:12 +0800] "GET /xingrg/all/function/internal_message.html?_=1611278690873&CODE_STATE=getMsg HTTP/1.1" 200 27
180.175.150.119 - - [22/Jan/2021:09:25:13 +0800] "POST /xingrg/kc/base/check_list_operate.html HTTP/1.1" 200 5424
180.156.237.57 - - [22/Jan/2021:09:25:16 +0800] "GET /xingrg/kc/buy/cgsh_order_operate.html?command=get_materiel&rest_code=00150&code=00101008251&supplier_code=00100007&order_time=2021-01-22 HTTP/1.1" 200 408
180.175.150.119 - - [22/Jan/2021:09:25:16 +0800] "GET /xingrg/kc/base/check_order_info.html?code=452020123100280 HTTP/1.1" 200 22864
180.175.150.119 - - [22/Jan/2021:09:25:16 +0800] "GET /xingrg/css/blue.css HTTP/1.1" 304 -
180.175.150.119 - - [22/Jan/2021:09:25:16 +0800] "GET /xingrg/css/table.css HTTP/1.1" 200 3684
180.175.150.119 - - [22/Jan/2021:09:25:16 +0800] "GET /xingrg/javascript/AjaxInfoList.js HTTP/1.1" 200 3774
180.175.150.119 - - [22/Jan/2021:09:25:16 +0800] "GET /xingrg/javascript/myfunction.js HTTP/1.1" 200 24559
180.175.150.119 - - [22/Jan/2021:09:25:16 +0800] "GET /xingrg/dwr/interface/AjaxCheckService.js HTTP/1.1" 200 14003
180.175.150.119 - - [22/Jan/2021:09:25:17 +0800] "GET /xingrg/dwr/interface/AjaxComOrderService.js HTTP/1.1" 200 18264
180.175.150.119 - - [22/Jan/2021:09:25:17 +0800] "GET /xingrg/dwr/util.js HTTP/1.1" 200 35990
180.175.150.119 - - [22/Jan/2021:09:25:17 +0800] "GET /xingrg/javascript/Calendar.js HTTP/1.1" 200 31561
180.175.150.119 - - [22/Jan/2021:09:25:17 +0800] "GET /xingrg/dwr/engine.js HTTP/1.1" 200 43631
180.175.150.119 - - [22/Jan/2021:09:25:17 +0800] "GET /xingrg/javascript/jquery_easy_ui/themes/icons/exam_new.png HTTP/1.1" 200 756
180.175.150.119 - - [22/Jan/2021:09:25:17 +0800] "GET /xingrg/javascript/jquery_easy_ui/themes/icons/print.png HTTP/1.1" 200 1057
180.175.150.119 - - [22/Jan/2021:09:25:17 +0800] "GET /xingrg/javascript/jquery_easy_ui/themes/default/images/menu_downarrow.png HTTP/1.1" 200 173
180.175.150.119 - - [22/Jan/2021:09:25:17 +0800] "GET /xingrg/javascript/jquery_easy_ui/themes/icons/back_new.png HTTP/1.1" 200 3414
180.175.150.119 - - [22/Jan/2021:09:25:17 +0800] "POST /xingrg/dwr/call/plaincall/AjaxCheckService.loadOrderItems.dwr HTTP/1.1" 200 38996
180.175.150.119 - - [22/Jan/2021:09:25:20 +0800] "GET /xingrg/javascript/jquery_easy_ui/themes/default/images/button_plain_hover.png HTTP/1.1" 200 252
180.175.150.119 - - [22/Jan/2021:09:25:20 +0800] "GET /xingrg/kc/base/check_order_list.html?isBack=1 HTTP/1.1" 200 16464
180.156.237.57 - - [22/Jan/2021:09:25:20 +0800] "GET /xingrg/all/function/internal_message.html?_=1611278718286&CODE_STATE=getMsg HTTP/1.1" 200 27
180.175.150.119 - - [22/Jan/2021:09:25:20 +0800] "POST /xingrg/kc/base/check_list_operate.html HTTP/1.1" 200 781
222.69.138.221 - - [22/Jan/2021:09:25:21 +0800] "GET /xingrg/all/function/internal_message.html?_=1611278715197&CODE_STATE=getMsg HTTP/1.1" 200 27
180.156.237.57 - - [22/Jan/2021:09:25:22 +0800] "GET /xingrg/kc/buy/cgsh_order_operate.html?command=get_materiel&rest_code=00150&code=00101008272&supplier_code=00100007&order_time=2021-01-22 HTTP/1.1" 200 412
180.175.150.119 - - [22/Jan/2021:09:25:24 +0800] "POST /xingrg/kc/base/check_list_operate.html HTTP/1.1" 200 5424
61.165.42.208 - - [22/Jan/2021:09:25:25 +0800] "POST /xingrg/kc/buy/cgsh_order_operate.html HTTP/1.1" 200 37
61.165.42.208 - - [22/Jan/2021:09:25:26 +0800] "POST /xingrg/kc/buy/cgsh_order_operate.html HTTP/1.1" 200 2658
180.156.237.57 - - [22/Jan/2021:09:25:27 +0800] "GET /xingrg/kc/buy/cgsh_order_operate.html?command=get_materiel&rest_code=00150&code=00101008300&supplier_code=00100007&order_time=2021-01-22 HTTP/1.1" 200 412
180.175.150.119 - - [22/Jan/2021:09:25:27 +0800] "POST /xingrg/kc/base/check_list_operate.html HTTP/1.1" 200 5534
61.165.42.208 - - [22/Jan/2021:09:25:28 +0800] "GET /xingrg/kc/print/load_data.html?order_code=212021012210078&kc_code=cgsh&condition= HTTP/1.1" 200 716
180.175.150.119 - - [22/Jan/2021:09:25:30 +0800] "GET /xingrg/kc/base/check_order_info.html?code=452020123100260 HTTP/1.1" 200 22860
117.131.5.26 - - [22/Jan/2021:09:25:30 +0800] "GET /xingrg/all/function/internal_message.html?_=1611278781891&CODE_STATE=getMsg HTTP/1.1" 200 27
180.175.150.119 - - [22/Jan/2021:09:25:31 +0800] "GET /xingrg/dwr/interface/AjaxCheckService.js HTTP/1.1" 200 14003
180.175.150.119 - - [22/Jan/2021:09:25:31 +0800] "GET /xingrg/dwr/engine.js HTTP/1.1" 200 43631
180.175.150.119 - - [22/Jan/2021:09:25:31 +0800] "GET /xingrg/dwr/interface/AjaxComOrderService.js HTTP/1.1" 200 18264
180.175.150.119 - - [22/Jan/2021:09:25:31 +0800] "POST /xingrg/dwr/call/plaincall/AjaxCheckService.loadOrderItems.dwr HTTP/1.1" 200 941
180.156.237.57 - - [22/Jan/2021:09:25:35 +0800] "GET /xingrg/kc/buy/cgsh_order_operate.html?command=get_materiel&rest_code=00150&code=00101008360&supplier_code=00100007&order_time=2021-01-22 HTTP/1.1" 200 413
180.169.147.146 - - [22/Jan/2021:09:25:42 +0800] "GET /xingrg/check_reg.html?_=1611278738774 HTTP/1.1" 302 -
218.81.223.240 - - [22/Jan/2021:09:25:43 +0800] "GET /xingrg/check_reg.html?_=1611278736775 HTTP/1.1" 200 22
180.169.147.146 - - [22/Jan/2021:09:25:49 +0800] "GET /xingrg/all/function/internal_message.html?_=1611278749337&CODE_STATE=getMsg HTTP/1.1" 200 27
172.20.0.100 - - [22/Jan/2021:09:25:49 +0800] "GET /xingrg/all/function/internal_message.html?_=1611278744994&CODE_STATE=getMsg HTTP/1.1" 200 27
172.20.0.100 - - [22/Jan/2021:09:25:49 +0800] "GET /xingrg/check_reg.html?_=1611278744996 HTTP/1.1" 200 22
120.253.135.82 - - [22/Jan/2021:09:25:51 +0800] "GET /xingrg/check_reg.html?_=1611278799623 HTTP/1.1" 200 22
180.169.147.146 - - [22/Jan/2021:09:25:53 +0800] "GET /xingrg/all/function/internal_message.html?_=1611278749465&CODE_STATE=getMsg HTTP/1.1" 302 -
114.88.166.193 - - [22/Jan/2021:09:25:54 +0800] "GET /xingrg/all/function/internal_message.html?_=1611278748569&CODE_STATE=getMsg HTTP/1.1" 200 27
116.228.172.94 - - [22/Jan/2021:09:25:55 +0800] "GET /xingrg/all/function/internal_message.html?_=1611278746933&CODE_STATE=getMsg HTTP/1.1" 200 27
61.165.42.208 - - [22/Jan/2021:09:25:56 +0800] "GET /xingrg/all/function/internal_message.html?_=1611278756682&CODE_STATE=getMsg HTTP/1.1" 200 27
180.156.237.57 - - [22/Jan/2021:09:26:00 +0800] "GET /xingrg/kc/buy/cgsh_order_operate.html?command=get_materiel&rest_code=00150&code=00101008270&supplier_code=00100007&order_time=2021-01-22 HTTP/1.1" 200 412
58.37.230.33 - - [22/Jan/2021:09:26:07 +0800] "GET /xingrg/all/function/internal_message.html?_=1611278766591&CODE_STATE=getMsg HTTP/1.1" 200 27
180.175.150.119 - - [22/Jan/2021:09:26:11 +0800] "GET /xingrg/all/function/internal_message.html?_=1611279012297&CODE_STATE=getMsg HTTP/1.1" 200 27
180.156.237.57 - - [22/Jan/2021:09:26:12 +0800] "GET /xingrg/all/function/internal_message.html?_=1611278750876&CODE_STATE=getMsg HTTP/1.1" 200 27
180.156.237.57 - - [22/Jan/2021:09:26:12 +0800] "GET /xingrg/kc/buy/cgsh_order_operate.html?command=get_materiel&rest_code=00150&code=00101008357&supplier_code=00100007&order_time=2021-01-22 HTTP/1.1" 200 408
180.156.237.57 - - [22/Jan/2021:09:26:20 +0800] "GET /xingrg/check_reg.html?_=1611278778306 HTTP/1.1" 200 22
180.156.237.57 - - [22/Jan/2021:09:26:20 +0800] "GET /xingrg/all/function/internal_message.html?_=1611278778301&CODE_STATE=getMsg HTTP/1.1" 200 27
180.156.237.57 - - [22/Jan/2021:09:26:21 +0800] "GET /xingrg/kc/buy/cgsh_order_operate.html?command=get_materiel&rest_code=00150&code=00101008069&supplier_code=00100007&order_time=2021-01-22 HTTP/1.1" 200 412
222.69.138.221 - - [22/Jan/2021:09:26:21 +0800] "GET /xingrg/all/function/internal_message.html?_=1611278775209&CODE_STATE=getMsg HTTP/1.1" 200 27
222.69.138.221 - - [22/Jan/2021:09:26:21 +0800] "GET /xingrg/check_reg.html?_=1611278775211 HTTP/1.1" 200 22
180.175.150.119 - - [22/Jan/2021:09:26:23 +0800] "GET /xingrg/kc/base/wldb_order_list.html HTTP/1.1" 200 19339
180.175.150.119 - - [22/Jan/2021:09:26:23 +0800] "GET /xingrg/css/base.css HTTP/1.1" 304 -
180.175.150.119 - - [22/Jan/2021:09:26:23 +0800] "GET /xingrg/javascript/jquery_tools/datebox.css HTTP/1.1" 304 -
180.175.150.119 - - [22/Jan/2021:09:26:23 +0800] "GET /xingrg/css/site.css HTTP/1.1" 304 -
180.175.150.119 - - [22/Jan/2021:09:26:23 +0800] "GET /xingrg/javascript/easyui/themes/default/easyui.css HTTP/1.1" 304 -
180.175.150.119 - - [22/Jan/2021:09:26:23 +0800] "GET /xingrg/javascript/easyui/themes/icon.css HTTP/1.1" 304 -
180.175.150.119 - - [22/Jan/2021:09:26:23 +0800] "GET /xingrg/javascript/auto/jquery.autocomplete.css HTTP/1.1" 304 -
180.175.150.119 - - [22/Jan/2021:09:26:23 +0800] "GET /xingrg/javascript/jquery_tools/table.css HTTP/1.1" 304 -
180.175.150.119 - - [22/Jan/2021:09:26:23 +0800] "GET /xingrg/javascript/jquery_tools/fix.css HTTP/1.1" 304 -
180.175.150.119 - - [22/Jan/2021:09:26:23 +0800] "GET /xingrg/javascript/jquery_tools/jquery.tools.min.js HTTP/1.1" 304 -
180.175.150.119 - - [22/Jan/2021:09:26:23 +0800] "GET /xingrg/javascript/jquery_tools/jquery.tools.hotkey.js HTTP/1.1" 304 -
180.175.150.119 - - [22/Jan/2021:09:26:23 +0800] "GET /xingrg/javascript/jquery_tools/jquery.tools.extend.js HTTP/1.1" 304 -
180.175.150.119 - - [22/Jan/2021:09:26:23 +0800] "GET /xingrg/javascript/jquery_tools/jquery.tools.table.js HTTP/1.1" 304 -
180.175.150.119 - - [22/Jan/2021:09:26:23 +0800] "GET /xingrg/javascript/jquery_tools/list_manager.js HTTP/1.1" 304 -
180.175.150.119 - - [22/Jan/2021:09:26:23 +0800] "GET /xingrg/javascript/auto/jquery.autocomplete.js HTTP/1.1" 304 -
180.175.150.119 - - [22/Jan/2021:09:26:23 +0800] "GET /xingrg/javascript/print/LodopFuncs.js HTTP/1.1" 304 -
180.175.150.119 - - [22/Jan/2021:09:26:23 +0800] "GET /xingrg/javascript/easyui/easyloader.js HTTP/1.1" 304 -
180.175.150.119 - - [22/Jan/2021:09:26:23 +0800] "GET /xingrg/javascript/jquery.cookie.js HTTP/1.1" 304 -
180.175.150.119 - - [22/Jan/2021:09:26:23 +0800] "GET /xingrg/javascript/jquery.utils.js HTTP/1.1" 304 -
180.175.150.119 - - [22/Jan/2021:09:26:24 +0800] "GET /xingrg/javascript/easyui/themes/icons/edit_add_new.png HTTP/1.1" 304 -
180.175.150.119 - - [22/Jan/2021:09:26:24 +0800] "GET /xingrg/javascript/easyui/themes/icons/cance_new.png HTTP/1.1" 304 -
180.175.150.119 - - [22/Jan/2021:09:26:24 +0800] "GET /xingrg/javascript/easyui/themes/icons/field_new.png HTTP/1.1" 304 -
180.175.150.119 - - [22/Jan/2021:09:26:24 +0800] "GET /xingrg/javascript/easyui/themes/icons/import_new.png HTTP/1.1" 304 -
180.175.150.119 - - [22/Jan/2021:09:26:24 +0800] "GET /xingrg/javascript/easyui/themes/icons/check_new.png HTTP/1.1" 304 -
180.175.150.119 - - [22/Jan/2021:09:26:24 +0800] "GET /xingrg/javascript/easyui/plugins/jquery.parser.js HTTP/1.1" 304 -
180.175.150.119 - - [22/Jan/2021:09:26:24 +0800] "GET /xingrg/images/control/ajaxLoader.gif HTTP/1.1" 304 -
180.156.237.57 - - [22/Jan/2021:09:26:24 +0800] "POST /xingrg/kc/buy/cgsh_order_operate.html HTTP/1.1" 200 2065
180.175.150.119 - - [22/Jan/2021:09:26:24 +0800] "GET /favicon.ico HTTP/1.1" 404 -
180.175.150.119 - - [22/Jan/2021:09:26:24 +0800] "POST /xingrg/kc/base/wldb_list_operate.html HTTP/1.1" 200 928
180.175.150.119 - - [22/Jan/2021:09:26:25 +0800] "GET /xingrg/kc/base/wldb_order_list.html HTTP/1.1" 200 19339
180.175.150.119 - - [22/Jan/2021:09:26:26 +0800] "POST /xingrg/kc/base/wldb_list_operate.html HTTP/1.1" 200 928
116.232.50.212 - - [22/Jan/2021:09:26:27 +0800] "POST /xingrg/services/DataTransmitService HTTP/1.1" 200 524
180.175.150.119 - - [22/Jan/2021:09:26:27 +0800] "GET /xingrg/kc/base/wldb_order_add.html HTTP/1.1" 200 30498
180.156.237.57 - - [22/Jan/2021:09:26:28 +0800] "GET /xingrg/kc/buy/cgsh_order_operate.html?command=get_materiel&rest_code=00150&code=00101008286&supplier_code=00100007&order_time=2021-01-22 HTTP/1.1" 200 408
180.175.150.119 - - [22/Jan/2021:09:26:29 +0800] "POST /xingrg/kc/base/wldb_order_operate.html HTTP/1.1" 200 6806
180.175.150.119 - - [22/Jan/2021:09:26:29 +0800] "GET /xingrg/javascript/easyui/themes/default/validatebox.css HTTP/1.1" 404 1104
117.131.5.26 - - [22/Jan/2021:09:26:30 +0800] "GET /xingrg/all/function/internal_message.html?_=1611278841890&CODE_STATE=getMsg HTTP/1.1" 200 27
180.175.150.119 - - [22/Jan/2021:09:26:31 +0800] "POST /xingrg/all/common/load_combo.html?type=base HTTP/1.1" 200 3060
61.165.42.208 - - [22/Jan/2021:09:26:41 +0800] "GET /xingrg/kc/buy/cgsh_order_add.html HTTP/1.1" 200 62002
61.165.42.208 - - [22/Jan/2021:09:26:41 +0800] "POST /xingrg/kc/buy/cgsh_order_operate.html HTTP/1.1" 200 8245
61.165.42.208 - - [22/Jan/2021:09:26:41 +0800] "GET /xingrg/javascript/easyui/themes/default/validatebox.css HTTP/1.1" 404 1104
180.169.147.146 - - [22/Jan/2021:09:26:49 +0800] "GET /xingrg/all/function/internal_message.html?_=1611278809327&CODE_STATE=getMsg HTTP/1.1" 200 27
172.20.0.100 - - [22/Jan/2021:09:26:49 +0800] "GET /xingrg/all/function/internal_message.html?_=1611278804980&CODE_STATE=getMsg HTTP/1.1" 200 27
180.169.147.146 - - [22/Jan/2021:09:26:53 +0800] "GET /xingrg/all/function/internal_message.html?_=1611278809436&CODE_STATE=getMsg HTTP/1.1" 302 -
114.88.166.193 - - [22/Jan/2021:09:26:54 +0800] "GET /xingrg/check_reg.html?_=1611278808050 HTTP/1.1" 200 22
114.88.166.193 - - [22/Jan/2021:09:26:54 +0800] "GET /xingrg/all/function/internal_message.html?_=1611278808581&CODE_STATE=getMsg HTTP/1.1" 200 27
116.228.172.94 - - [22/Jan/2021:09:26:55 +0800] "GET /xingrg/check_reg.html?_=1611278806891 HTTP/1.1" 200 22
116.228.172.94 - - [22/Jan/2021:09:26:55 +0800] "GET /xingrg/all/function/internal_message.html?_=1611278806915&CODE_STATE=getMsg HTTP/1.1" 200 27
61.165.42.208 - - [22/Jan/2021:09:26:56 +0800] "GET /xingrg/all/function/internal_message.html?_=1611278816682&CODE_STATE=getMsg HTTP/1.1" 200 27
180.175.150.119 - - [22/Jan/2021:09:26:57 +0800] "GET /xingrg/login.html HTTP/1.1" 200 7641
180.175.150.119 - - [22/Jan/2021:09:26:58 +0800] "GET /xingrg/images/blue/jxLogo.png HTTP/1.1" 304 -
180.175.150.119 - - [22/Jan/2021:09:26:58 +0800] "GET /xingrg/images/blue/hj.png HTTP/1.1" 304 -
180.175.150.119 - - [22/Jan/2021:09:26:58 +0800] "GET /xingrg/images/blue/login_bg.png HTTP/1.1" 304 -
180.175.150.119 - - [22/Jan/2021:09:26:58 +0800] "GET /xingrg/images/blue/srbg.png HTTP/1.1" 304 -
180.175.150.119 - - [22/Jan/2021:09:26:59 +0800] "GET /favicon.ico HTTP/1.1" 404 -
180.175.150.119 - - [22/Jan/2021:09:27:04 +0800] "POST /xingrg/login.do HTTP/1.1" 302 -
180.175.150.119 - - [22/Jan/2021:09:27:04 +0800] "GET /xingrg/javascript/jquery_easy_ui/themes/default/easyui.css HTTP/1.1" 304 -
180.175.150.119 - - [22/Jan/2021:09:27:04 +0800] "GET /xingrg/javascript/jquery_easy_ui/themes/icon.css HTTP/1.1" 304 -
180.175.150.119 - - [22/Jan/2021:09:27:04 +0800] "GET /xingrg/css/form.css HTTP/1.1" 304 -
180.175.150.119 - - [22/Jan/2021:09:27:04 +0800] "GET /favicon.ico HTTP/1.1" 404 -
180.175.150.119 - - [22/Jan/2021:09:27:04 +0800] "GET /xingrg/javascript/jquery-1.4.2.min.js HTTP/1.1" 304 -
180.175.150.119 - - [22/Jan/2021:09:27:04 +0800] "GET /xingrg/javascript/jquery_easy_ui/jquery.easyui.min.js HTTP/1.1" 304 -
180.175.150.119 - - [22/Jan/2021:09:27:04 +0800] "GET /xingrg/javascript/jquery_easy_ui/easyui-lang-zh_CN.js HTTP/1.1" 304 -
180.175.150.119 - - [22/Jan/2021:09:27:04 +0800] "GET /xingrg/index.html?sysBaseUrl=http%3A%2F%2F180.169.147.146%3A18081%2Fxingrg%2F&costTime=42×tamp=1611278824086 HTTP/1.1" 200 17173
180.175.150.119 - - [22/Jan/2021:09:27:04 +0800] "GET /xingrg/javascript/jquery.form.js HTTP/1.1" 304 -
180.175.150.119 - - [22/Jan/2021:09:27:04 +0800] "GET /xingrg/javascript/jquery.utils.js HTTP/1.1" 304 -
180.175.150.119 - - [22/Jan/2021:09:27:04 +0800] "GET /xingrg/javascript/jquery.timers.js HTTP/1.1" 304 -
180.175.150.119 - - [22/Jan/2021:09:27:04 +0800] "GET /xingrg/images/blue/navBackgound.jpg HTTP/1.1" 304 -
180.175.150.119 - - [22/Jan/2021:09:27:04 +0800] "GET /xingrg/javascript/jquery_easy_ui/themes/icons/settle_new.png HTTP/1.1" 304 -
180.175.150.119 - - [22/Jan/2021:09:27:04 +0800] "GET /xingrg/images/blue/pingpu.png HTTP/1.1" 304 -
180.175.150.119 - - [22/Jan/2021:09:27:04 +0800] "GET /xingrg/javascript/jquery_easy_ui/themes/default/images/tabs_leftarrow.png HTTP/1.1" 304 -
180.175.150.119 - - [22/Jan/2021:09:27:04 +0800] "POST /xingrg/all/common/load_tree.html?tree=area_rest_tree_json&manage=1 HTTP/1.1" 200 342
180.175.150.119 - - [22/Jan/2021:09:27:04 +0800] "GET /xingrg/javascript/jquery_easy_ui/themes/default/images/panel_tool_collapse.gif HTTP/1.1" 304 -
180.175.150.119 - - [22/Jan/2021:09:27:04 +0800] "GET /xingrg/javascript/jquery_easy_ui/themes/default/images/tabs_rightarrow.png HTTP/1.1" 304 -
180.175.150.119 - - [22/Jan/2021:09:27:04 +0800] "GET /xingrg/all/function/internal_message.html?_=1611279065699&CODE_STATE=count HTTP/1.1" 200 11
180.175.150.119 - - [22/Jan/2021:09:27:04 +0800] "GET /xingrg/check_reg.html?_=1611279065702 HTTP/1.1" 200 22
180.175.150.119 - - [22/Jan/2021:09:27:05 +0800] "POST /xingrg/load_menu.html HTTP/1.1" 200 5138
180.175.150.119 - - [22/Jan/2021:09:27:05 +0800] "GET /xingrg/javascript/jquery_easy_ui/themes/default/images/tree_arrows.gif HTTP/1.1" 304 -
180.175.150.119 - - [22/Jan/2021:09:27:05 +0800] "GET /xingrg/javascript/jquery_easy_ui/themes/default/images/tree_folder_open.gif HTTP/1.1" 304 -
180.175.150.119 - - [22/Jan/2021:09:27:05 +0800] "GET /xingrg/javascript/jquery_easy_ui/themes/icons/search_new.png HTTP/1.1" 304 -
180.175.150.119 - - [22/Jan/2021:09:27:05 +0800] "GET /xingrg/javascript/jquery_easy_ui/themes/default/images/tree_folder.gif HTTP/1.1" 304 -
180.175.150.119 - - [22/Jan/2021:09:27:05 +0800] "GET /xingrg/javascript/jquery_easy_ui/themes/icons/forms_new.png HTTP/1.1" 304 -
180.175.150.119 - - [22/Jan/2021:09:27:05 +0800] "GET /xingrg/javascript/jquery_easy_ui/themes/icons/storage_new.png HTTP/1.1" 304 -
180.175.150.119 - - [22/Jan/2021:09:27:05 +0800] "GET /xingrg/javascript/jquery_easy_ui/themes/default/images/tree_file.gif HTTP/1.1" 304 -
58.37.230.33 - - [22/Jan/2021:09:27:07 +0800] "GET /xingrg/all/function/internal_message.html?_=1611278826590&CODE_STATE=getMsg HTTP/1.1" 200 27
180.175.150.119 - - [22/Jan/2021:09:27:10 +0800] "GET /xingrg/javascript/jquery_easy_ui/themes/default/images/tabs_close.gif HTTP/1.1" 304 -
180.175.150.119 - - [22/Jan/2021:09:27:10 +0800] "GET /xingrg/kc/base/wldb_order_list.html HTTP/1.1" 200 19339
180.175.150.119 - - [22/Jan/2021:09:27:10 +0800] "GET /xingrg/css/base.css HTTP/1.1" 304 -
180.175.150.119 - - [22/Jan/2021:09:27:10 +0800] "GET /xingrg/javascript/jquery_tools/datebox.css HTTP/1.1" 304 -
180.175.150.119 - - [22/Jan/2021:09:27:10 +0800] "GET /xingrg/javascript/auto/jquery.autocomplete.css HTTP/1.1" 304 -
180.175.150.119 - - [22/Jan/2021:09:27:10 +0800] "GET /xingrg/css/site.css HTTP/1.1" 304 -
180.175.150.119 - - [22/Jan/2021:09:27:10 +0800] "GET /xingrg/javascript/easyui/themes/icon.css HTTP/1.1" 304 -
180.175.150.119 - - [22/Jan/2021:09:27:10 +0800] "GET /xingrg/javascript/easyui/themes/default/easyui.css HTTP/1.1" 304 -
180.175.150.119 - - [22/Jan/2021:09:27:10 +0800] "GET /xingrg/javascript/jquery_tools/fix.css HTTP/1.1" 304 -
180.175.150.119 - - [22/Jan/2021:09:27:10 +0800] "GET /xingrg/javascript/jquery_tools/jquery.tools.extend.js HTTP/1.1" 304 -
180.175.150.119 - - [22/Jan/2021:09:27:10 +0800] "GET /xingrg/javascript/jquery_tools/jquery.tools.hotkey.js HTTP/1.1" 304 -
180.175.150.119 - - [22/Jan/2021:09:27:10 +0800] "GET /xingrg/javascript/jquery_tools/jquery.tools.table.js HTTP/1.1" 304 -
180.175.150.119 - - [22/Jan/2021:09:27:10 +0800] "GET /xingrg/javascript/jquery_tools/list_manager.js HTTP/1.1" 304 -
180.175.150.119 - - [22/Jan/2021:09:27:10 +0800] "GET /xingrg/javascript/auto/jquery.autocomplete.js HTTP/1.1" 304 -
180.175.150.119 - - [22/Jan/2021:09:27:10 +0800] "GET /xingrg/javascript/jquery_tools/table.css HTTP/1.1" 304 -
180.175.150.119 - - [22/Jan/2021:09:27:10 +0800] "GET /xingrg/javascript/jquery_tools/jquery.tools.min.js HTTP/1.1" 304 -
180.175.150.119 - - [22/Jan/2021:09:27:10 +0800] "GET /xingrg/javascript/easyui/easyloader.js HTTP/1.1" 304 -
180.175.150.119 - - [22/Jan/2021:09:27:10 +0800] "GET /xingrg/javascript/jquery.cookie.js HTTP/1.1" 304 -
180.175.150.119 - - [22/Jan/2021:09:27:10 +0800] "GET /xingrg/javascript/print/LodopFuncs.js HTTP/1.1" 304 -
180.175.150.119 - - [22/Jan/2021:09:27:10 +0800] "GET /xingrg/javascript/easyui/themes/icons/edit_add_new.png HTTP/1.1" 304 -
180.175.150.119 - - [22/Jan/2021:09:27:10 +0800] "GET /xingrg/javascript/easyui/themes/icons/cance_new.png HTTP/1.1" 304 -
180.175.150.119 - - [22/Jan/2021:09:27:10 +0800] "GET /xingrg/javascript/easyui/themes/icons/check_new.png HTTP/1.1" 304 -
180.175.150.119 - - [22/Jan/2021:09:27:10 +0800] "GET /xingrg/javascript/easyui/themes/icons/field_new.png HTTP/1.1" 304 -
180.175.150.119 - - [22/Jan/2021:09:27:10 +0800] "GET /xingrg/javascript/easyui/themes/icons/import_new.png HTTP/1.1" 304 -
180.175.150.119 - - [22/Jan/2021:09:27:10 +0800] "GET /xingrg/javascript/easyui/plugins/jquery.parser.js HTTP/1.1" 304 -
180.175.150.119 - - [22/Jan/2021:09:27:10 +0800] "GET /xingrg/images/control/ajaxLoader.gif HTTP/1.1" 304 -
180.175.150.119 - - [22/Jan/2021:09:27:11 +0800] "POST /xingrg/kc/base/wldb_list_operate.html HTTP/1.1" 200 928
180.156.237.57 - - [22/Jan/2021:09:27:12 +0800] "GET /xingrg/all/function/internal_message.html?_=1611278811000&CODE_STATE=getMsg HTTP/1.1" 200 27
180.175.150.119 - - [22/Jan/2021:09:27:13 +0800] "GET /xingrg/javascript/easyui/themes/default/images/button_plain_hover.png HTTP/1.1" 304 -
180.175.150.119 - - [22/Jan/2021:09:27:13 +0800] "GET /xingrg/kc/base/wldb_order_add.html HTTP/1.1" 200 30498
180.175.150.119 - - [22/Jan/2021:09:27:13 +0800] "GET /xingrg/javascript/pic_change.js HTTP/1.1" 304 -
180.175.150.119 - - [22/Jan/2021:09:27:13 +0800] "GET /xingrg/javascript/jquery_tools/order_manager.js HTTP/1.1" 304 -
180.175.150.119 - - [22/Jan/2021:09:27:14 +0800] "GET /xingrg/javascript/convert.js HTTP/1.1" 304 -
180.175.150.119 - - [22/Jan/2021:09:27:14 +0800] "GET /xingrg/javascript/json2.js HTTP/1.1" 304 -
180.175.150.119 - - [22/Jan/2021:09:27:14 +0800] "GET /xingrg/javascript/print/kc_print.js HTTP/1.1" 304 -
180.175.150.119 - - [22/Jan/2021:09:27:14 +0800] "GET /xingrg/words/20210120105349_words.js HTTP/1.1" 304 -
180.175.150.119 - - [22/Jan/2021:09:27:14 +0800] "GET /xingrg/javascript/easyui/themes/icons/template_new.png HTTP/1.1" 304 -
180.175.150.119 - - [22/Jan/2021:09:27:14 +0800] "GET /xingrg/javascript/easyui/themes/icons/ok.png HTTP/1.1" 304 -
180.175.150.119 - - [22/Jan/2021:09:27:14 +0800] "GET /xingrg/javascript/easyui/themes/icons/print.png HTTP/1.1" 304 -
180.175.150.119 - - [22/Jan/2021:09:27:14 +0800] "GET /xingrg/javascript/easyui/themes/default/images/menu_downarrow.png HTTP/1.1" 304 -
180.175.150.119 - - [22/Jan/2021:09:27:14 +0800] "GET /xingrg/javascript/easyui/themes/icons/cancel.png HTTP/1.1" 304 -
180.175.150.119 - - [22/Jan/2021:09:27:14 +0800] "POST /xingrg/kc/base/wldb_order_operate.html HTTP/1.1" 200 6806
180.175.150.119 - - [22/Jan/2021:09:27:15 +0800] "GET /xingrg/all/common/auto_word.html?type=base&rest_code=00102 HTTP/1.1" 200 1711
180.175.150.119 - - [22/Jan/2021:09:27:15 +0800] "GET /xingrg/all/common/auto_word.html?type=base&rest_code=00102 HTTP/1.1" 200 1711
180.175.150.119 - - [22/Jan/2021:09:27:15 +0800] "GET /xingrg/javascript/easyui/themes/icons/edit_remove.png HTTP/1.1" 304 -
116.228.172.94 - - [22/Jan/2021:09:27:15 +0800] "GET /xingrg/kc/buy/cgsh_order_operate.html?command=get_materiel&rest_code=00107&code=00101008270&supplier_code=00100006&order_time=2021-01-22 HTTP/1.1" 200 412
180.175.150.119 - - [22/Jan/2021:09:27:16 +0800] "GET /xingrg/javascript/easyui/themes/default/validatebox.css HTTP/1.1" 404 1104
180.175.150.119 - - [22/Jan/2021:09:27:16 +0800] "GET /xingrg/javascript/easyui/plugins/jquery.validatebox.js HTTP/1.1" 304 -
180.175.150.119 - - [22/Jan/2021:09:27:16 +0800] "GET /xingrg/javascript/easyui/plugins/jquery.numberbox.js HTTP/1.1" 304 -
180.175.150.119 - - [22/Jan/2021:09:27:16 +0800] "GET /xingrg/css/images/panel_loading.gif HTTP/1.1" 304 -
180.175.150.119 - - [22/Jan/2021:09:27:16 +0800] "POST /xingrg/all/common/load_combo.html?type=base HTTP/1.1" 200 3060
180.175.150.119 - - [22/Jan/2021:09:27:20 +0800] "GET /xingrg/javascript/auto/indicator.gif HTTP/1.1" 404 1066
180.156.237.57 - - [22/Jan/2021:09:27:20 +0800] "GET /xingrg/all/function/internal_message.html?_=1611278838300&CODE_STATE=getMsg HTTP/1.1" 200 27
222.69.138.221 - - [22/Jan/2021:09:27:21 +0800] "GET /xingrg/all/function/internal_message.html?_=1611278835208&CODE_STATE=getMsg HTTP/1.1" 200 27
180.175.150.119 - - [22/Jan/2021:09:27:22 +0800] "GET /xingrg/kc/base/wldb_order_operate.html?command=get_materiel&rest_code=00102&base_code=0010479&code=00101036003 HTTP/1.1" 200 439
101.89.29.78 - - [22/Jan/2021:09:27:25 +0800] "GET /xingrg/all/function/internal_message.html?_=1611278406576&CODE_STATE=getMsg HTTP/1.1" 302 -
180.156.237.57 - - [22/Jan/2021:09:27:26 +0800] "GET /xingrg/kc/buy/cgsh_order_operate.html?command=get_materiel&rest_code=00150&code=00101008036&supplier_code=00100007&order_time=2021-01-22 HTTP/1.1" 200 408
116.228.172.94 - - [22/Jan/2021:09:27:30 +0800] "GET /xingrg/kc/buy/cgsh_order_operate.html?command=get_materiel&rest_code=00107&code=00101008098&supplier_code=00100006&order_time=2021-01-22 HTTP/1.1" 200 412
117.131.5.26 - - [22/Jan/2021:09:27:30 +0800] "GET /xingrg/all/function/internal_message.html?_=1611278901890&CODE_STATE=getMsg HTTP/1.1" 200 27
101.89.29.78 - - [22/Jan/2021:09:27:31 +0800] "GET /xingrg/login.html HTTP/1.1" 200 7641
101.91.60.105 - - [22/Jan/2021:09:27:31 +0800] "GET /xingrg/all/function/internal_message.html?_=1611278286579&CODE_STATE=getMsg HTTP/1.1" 302 -
101.91.60.105 - - [22/Jan/2021:09:27:35 +0800] "GET /xingrg/login.html HTTP/1.1" 200 7641
180.156.237.57 - - [22/Jan/2021:09:27:35 +0800] "GET /xingrg/kc/buy/cgsh_order_operate.html?command=get_materiel&rest_code=00150&code=00101008131&supplier_code=00100007&order_time=2021-01-22 HTTP/1.1" 200 408
180.156.237.57 - - [22/Jan/2021:09:27:41 +0800] "GET /xingrg/kc/buy/cgsh_order_operate.html?command=get_materiel&rest_code=00150&code=00101008296&supplier_code=00100007&order_time=2021-01-22 HTTP/1.1" 200 416
180.169.147.146 - - [22/Jan/2021:09:27:49 +0800] "GET /xingrg/all/function/internal_message.html?_=1611278869332&CODE_STATE=getMsg HTTP/1.1" 200 27
180.169.147.146 - - [22/Jan/2021:09:27:49 +0800] "GET /xingrg/check_reg.html?_=1611278869337 HTTP/1.1" 200 22
172.20.0.100 - - [22/Jan/2021:09:27:49 +0800] "GET /xingrg/all/function/internal_message.html?_=1611278864982&CODE_STATE=getMsg HTTP/1.1" 200 27
180.156.237.57 - - [22/Jan/2021:09:27:50 +0800] "GET /xingrg/kc/buy/cgsh_order_operate.html?command=get_materiel&rest_code=00150&code=00101008098&supplier_code=00100007&order_time=2021-01-22 HTTP/1.1" 200 412
180.156.237.57 - - [22/Jan/2021:09:27:52 +0800] "POST /xingrg/kc/buy/cgsh_order_operate.html HTTP/1.1" 200 2065
180.156.237.57 - - [22/Jan/2021:09:27:53 +0800] "GET /xingrg/check_reg.html?_=1611278851047 HTTP/1.1" 200 22
180.169.147.146 - - [22/Jan/2021:09:27:53 +0800] "GET /xingrg/all/function/internal_message.html?_=1611278869422&CODE_STATE=getMsg HTTP/1.1" 302 -
114.88.166.193 - - [22/Jan/2021:09:27:54 +0800] "GET /xingrg/all/function/internal_message.html?_=1611278868596&CODE_STATE=getMsg HTTP/1.1" 200 27
116.228.172.94 - - [22/Jan/2021:09:27:55 +0800] "GET /xingrg/all/function/internal_message.html?_=1611278866888&CODE_STATE=getMsg HTTP/1.1" 200 27
61.165.42.208 - - [22/Jan/2021:09:27:56 +0800] "GET /xingrg/check_reg.html?_=1611278876701 HTTP/1.1" 200 22
61.165.42.208 - - [22/Jan/2021:09:27:56 +0800] "GET /xingrg/all/function/internal_message.html?_=1611278876705&CODE_STATE=getMsg HTTP/1.1" 200 27
116.228.172.94 - - [22/Jan/2021:09:27:58 +0800] "GET /xingrg/kc/buy/cgsh_order_operate.html?command=get_materiel&rest_code=00107&code=00101008175&supplier_code=00100006&order_time=2021-01-22 HTTP/1.1" 200 412
180.156.237.57 - - [22/Jan/2021:09:28:01 +0800] "GET /xingrg/kc/buy/cgsh_order_operate.html?command=get_materiel&rest_code=00150&code=00101008005&supplier_code=00100007&order_time=2021-01-22 HTTP/1.1" 200 412
116.228.172.94 - - [22/Jan/2021:09:28:02 +0800] "POST /xingrg/kc/buy/cgsh_order_operate.html HTTP/1.1" 200 2065
180.175.150.119 - - [22/Jan/2021:09:28:05 +0800] "GET /xingrg/all/function/internal_message.html?_=1611279125748&CODE_STATE=getMsg HTTP/1.1" 200 27
58.37.230.33 - - [22/Jan/2021:09:28:07 +0800] "GET /xingrg/all/function/internal_message.html?_=1611278886617&CODE_STATE=getMsg HTTP/1.1" 200 27
180.156.237.57 - - [22/Jan/2021:09:28:08 +0800] "GET /xingrg/kc/buy/cgsh_order_operate.html?command=get_materiel&rest_code=00150&code=00101008353&supplier_code=00100007&order_time=2021-01-22 HTTP/1.1" 200 408
180.156.237.57 - - [22/Jan/2021:09:28:13 +0800] "GET /xingrg/all/function/internal_message.html?_=1611278871112&CODE_STATE=getMsg HTTP/1.1" 200 27
