117.185.32.26 - - [22/Jan/2021:10:15:31 +0800] "POST /xingrg/kc/buy/cgsh_order_operate.html HTTP/1.1" 200 2065
222.69.138.221 - - [22/Jan/2021:10:15:32 +0800] "GET /xingrg/kc/print/load_data.html?order_code=212021012210095&kc_code=cgsh&condition= HTTP/1.1" 200 3438
218.81.223.240 - - [22/Jan/2021:10:15:33 +0800] "GET /xingrg/kc/buy/cgsh_order_operate.html?command=get_materiel&rest_code=00146&code=00101008196&supplier_code=00100005&order_time=2021-01-22 HTTP/1.1" 200 416
117.185.32.26 - - [22/Jan/2021:10:15:36 +0800] "GET /xingrg/kc/buy/cgsh_order_operate.html?command=get_materiel&rest_code=00106&code=00101008323&supplier_code=00100007&order_time=2021-01-22 HTTP/1.1" 200 408
218.81.223.240 - - [22/Jan/2021:10:15:36 +0800] "POST /xingrg/kc/buy/cgsh_order_operate.html HTTP/1.1" 200 2065
222.69.133.109 - - [22/Jan/2021:10:15:38 +0800] "GET /xingrg/all/function/internal_message.html?_=1611281738920&CODE_STATE=getMsg HTTP/1.1" 200 27
116.227.17.5 - - [22/Jan/2021:10:15:39 +0800] "GET /xingrg/all/function/internal_message.html?_=1611281736285&CODE_STATE=getMsg HTTP/1.1" 200 27
61.165.42.208 - - [22/Jan/2021:10:15:40 +0800] "GET /xingrg/kc/buy/cgsh_order_operate.html?command=get_materiel&rest_code=00105&code=00101009045&supplier_code=00100024&order_time=2021-01-22 HTTP/1.1" 200 412
180.169.147.146 - - [22/Jan/2021:10:15:42 +0800] "GET /xingrg/check_reg.html?_=1611281738784 HTTP/1.1" 302 -
222.69.138.221 - - [22/Jan/2021:10:15:42 +0800] "GET /xingrg/kc/buy/cgsh_order_add.html HTTP/1.1" 200 62008
218.81.223.240 - - [22/Jan/2021:10:15:43 +0800] "GET /xingrg/check_reg.html?_=1611281736967 HTTP/1.1" 200 22
222.69.138.221 - - [22/Jan/2021:10:15:43 +0800] "POST /xingrg/kc/buy/cgsh_order_operate.html HTTP/1.1" 200 8245
222.69.138.221 - - [22/Jan/2021:10:15:43 +0800] "GET /xingrg/javascript/easyui/themes/default/validatebox.css HTTP/1.1" 404 1104
218.81.223.240 - - [22/Jan/2021:10:15:43 +0800] "GET /xingrg/kc/buy/cgsh_order_operate.html?command=get_materiel&rest_code=00146&code=00101008357&supplier_code=00100005&order_time=2021-01-22 HTTP/1.1" 200 408
61.165.42.208 - - [22/Jan/2021:10:15:48 +0800] "GET /xingrg/kc/buy/cgsh_order_operate.html?command=get_materiel&rest_code=00105&code=00101009062&supplier_code=00100024&order_time=2021-01-22 HTTP/1.1" 200 412
180.169.147.146 - - [22/Jan/2021:10:15:49 +0800] "GET /xingrg/all/function/internal_message.html?_=1611281749544&CODE_STATE=getMsg HTTP/1.1" 302 -
172.20.0.100 - - [22/Jan/2021:10:15:49 +0800] "GET /xingrg/all/function/internal_message.html?_=1611281744988&CODE_STATE=getMsg HTTP/1.1" 200 27
172.20.0.100 - - [22/Jan/2021:10:15:49 +0800] "GET /xingrg/check_reg.html?_=1611281744989 HTTP/1.1" 200 22
120.204.17.72 - - [22/Jan/2021:10:15:51 +0800] "GET /xingrg/kc/buy/cgsh_order_operate.html?command=get_materiel&rest_code=00106&code=00101008360&supplier_code=00100007&order_time=2021-01-22 HTTP/1.1" 302 -
120.253.135.82 - - [22/Jan/2021:10:15:51 +0800] "GET /xingrg/check_reg.html?_=1611281799696 HTTP/1.1" 200 22
180.169.147.146 - - [22/Jan/2021:10:15:52 +0800] "GET /xingrg/all/function/internal_message.html?_=1611281748365&CODE_STATE=getMsg HTTP/1.1" 302 -
117.185.32.26 - - [22/Jan/2021:10:15:53 +0800] "GET /xingrg/all/function/internal_message.html?_=1611281745093&CODE_STATE=getMsg HTTP/1.1" 200 27
101.85.93.83 - - [22/Jan/2021:10:15:53 +0800] "GET /xingrg/all/function/internal_message.html?_=1611281404187&CODE_STATE=getMsg HTTP/1.1" 200 27
218.81.223.240 - - [22/Jan/2021:10:15:53 +0800] "GET /xingrg/kc/buy/cgsh_order_operate.html?command=get_materiel&rest_code=00146&code=00101008069&supplier_code=00100005&order_time=2021-01-22 HTTP/1.1" 200 412
180.156.237.57 - - [22/Jan/2021:10:15:55 +0800] "GET /xingrg/all/function/internal_message.html?_=1611281753782&CODE_STATE=getMsg HTTP/1.1" 200 27
61.165.42.208 - - [22/Jan/2021:10:15:56 +0800] "GET /xingrg/all/function/internal_message.html?_=1611281756821&CODE_STATE=getMsg HTTP/1.1" 200 27
116.228.172.94 - - [22/Jan/2021:10:15:57 +0800] "GET /xingrg/all/function/internal_message.html?_=1611281748353&CODE_STATE=getMsg HTTP/1.1" 200 27
120.204.17.72 - - [22/Jan/2021:10:16:00 +0800] "GET /xingrg/login.html HTTP/1.1" 200 7641
61.165.42.208 - - [22/Jan/2021:10:16:01 +0800] "POST /xingrg/kc/buy/cgsh_order_operate.html HTTP/1.1" 200 37
61.165.42.208 - - [22/Jan/2021:10:16:02 +0800] "POST /xingrg/kc/buy/cgsh_order_operate.html HTTP/1.1" 200 3843
183.192.164.214 - - [22/Jan/2021:10:16:03 +0800] "GET /xingrg/kc/buy/cgsh_order_operate.html?command=get_materiel&rest_code=00106&code=00101008024&supplier_code=00100007&order_time=2021-01-22 HTTP/1.1" 302 -
61.165.42.208 - - [22/Jan/2021:10:16:03 +0800] "GET /xingrg/kc/print/load_data.html?order_code=212021012210096&kc_code=cgsh&condition= HTTP/1.1" 200 1142
218.81.223.240 - - [22/Jan/2021:10:16:04 +0800] "GET /xingrg/kc/buy/cgsh_order_operate.html?command=get_materiel&rest_code=00146&code=00101008006&supplier_code=00100005&order_time=2021-01-22 HTTP/1.1" 200 416
58.37.230.33 - - [22/Jan/2021:10:16:07 +0800] "GET /xingrg/all/function/internal_message.html?_=1611281766720&CODE_STATE=getMsg HTTP/1.1" 200 27
183.192.164.214 - - [22/Jan/2021:10:16:13 +0800] "GET /xingrg/login.html HTTP/1.1" 200 7641
218.81.223.240 - - [22/Jan/2021:10:16:14 +0800] "GET /xingrg/kc/buy/cgsh_order_operate.html?command=get_materiel&rest_code=00146&code=00101008131&supplier_code=00100005&order_time=2021-01-22 HTTP/1.1" 200 408
120.204.17.71 - - [22/Jan/2021:10:16:16 +0800] "GET /xingrg/kc/buy/cgsh_order_operate.html?command=get_materiel&rest_code=00106&code=00101008078&supplier_code=00100007&order_time=2021-01-22 HTTP/1.1" 302 -
222.69.138.221 - - [22/Jan/2021:10:16:20 +0800] "GET /xingrg/all/function/internal_message.html?_=1611281774282&CODE_STATE=getMsg HTTP/1.1" 200 27
180.175.150.119 - - [22/Jan/2021:10:16:21 +0800] "GET /xingrg/all/function/internal_message.html?_=1611282022461&CODE_STATE=getMsg HTTP/1.1" 200 27
222.69.138.221 - - [22/Jan/2021:10:16:21 +0800] "GET /xingrg/check_reg.html?_=1611281775271 HTTP/1.1" 200 22
120.204.17.71 - - [22/Jan/2021:10:16:22 +0800] "GET /xingrg/login.html HTTP/1.1" 200 7641
183.192.164.85 - - [22/Jan/2021:10:16:23 +0800] "GET /xingrg/kc/buy/cgsh_order_operate.html?command=get_materiel&rest_code=00106&code=00101008357&supplier_code=00100007&order_time=2021-01-22 HTTP/1.1" 302 -
120.204.17.71 - - [22/Jan/2021:10:16:23 +0800] "GET /xingrg/all/function/internal_message.html?_=1611281106776&CODE_STATE=getMsg HTTP/1.1" 302 -
114.88.166.193 - - [22/Jan/2021:10:16:24 +0800] "GET /xingrg/check_reg.html?_=1611281778265 HTTP/1.1" 200 22
114.88.166.193 - - [22/Jan/2021:10:16:24 +0800] "GET /xingrg/all/function/internal_message.html?_=1611281778390&CODE_STATE=getMsg HTTP/1.1" 200 27
180.156.237.57 - - [22/Jan/2021:10:16:27 +0800] "GET /xingrg/all/function/internal_message.html?_=1611281765392&CODE_STATE=getMsg HTTP/1.1" 200 27
120.204.17.71 - - [22/Jan/2021:10:16:31 +0800] "GET /xingrg/login.html HTTP/1.1" 200 7641
117.131.5.26 - - [22/Jan/2021:10:16:31 +0800] "GET /xingrg/all/function/internal_message.html?_=1611281841950&CODE_STATE=getMsg HTTP/1.1" 200 27
117.185.32.26 - - [22/Jan/2021:10:16:31 +0800] "GET /xingrg/kc/buy/cgsh_order_operate.html?command=get_materiel&rest_code=00106&code=00101008003&supplier_code=00100007&order_time=2021-01-22 HTTP/1.1" 200 408
183.192.164.85 - - [22/Jan/2021:10:16:33 +0800] "GET /xingrg/login.html HTTP/1.1" 200 7641
218.81.223.240 - - [22/Jan/2021:10:16:34 +0800] "GET /xingrg/kc/buy/cgsh_order_operate.html?command=get_materiel&rest_code=00146&code=00101008296&supplier_code=00100005&order_time=2021-01-22 HTTP/1.1" 200 416
222.69.133.109 - - [22/Jan/2021:10:16:38 +0800] "GET /xingrg/all/function/internal_message.html?_=1611281798923&CODE_STATE=getMsg HTTP/1.1" 200 27
218.81.223.240 - - [22/Jan/2021:10:16:39 +0800] "POST /xingrg/kc/buy/cgsh_order_operate.html HTTP/1.1" 200 2065
116.227.17.5 - - [22/Jan/2021:10:16:39 +0800] "GET /xingrg/check_reg.html?_=1611281796286 HTTP/1.1" 200 22
116.227.17.5 - - [22/Jan/2021:10:16:39 +0800] "GET /xingrg/all/function/internal_message.html?_=1611281796290&CODE_STATE=getMsg HTTP/1.1" 200 27
218.81.223.240 - - [22/Jan/2021:10:16:46 +0800] "GET /xingrg/kc/buy/cgsh_order_operate.html?command=get_materiel&rest_code=00146&code=00101008353&supplier_code=00100005&order_time=2021-01-22 HTTP/1.1" 200 408
101.89.239.245 - - [22/Jan/2021:10:16:47 +0800] "GET /xingrg/all/function/internal_message.html?_=1611281166683&CODE_STATE=getMsg HTTP/1.1" 302 -
180.169.147.146 - - [22/Jan/2021:10:16:49 +0800] "GET /xingrg/all/function/internal_message.html?_=1611281809546&CODE_STATE=getMsg HTTP/1.1" 302 -
172.20.0.100 - - [22/Jan/2021:10:16:49 +0800] "GET /xingrg/all/function/internal_message.html?_=1611281804995&CODE_STATE=getMsg HTTP/1.1" 200 27
180.169.147.146 - - [22/Jan/2021:10:16:52 +0800] "GET /xingrg/all/function/internal_message.html?_=1611281808334&CODE_STATE=getMsg HTTP/1.1" 302 -
117.185.32.26 - - [22/Jan/2021:10:16:53 +0800] "GET /xingrg/all/function/internal_message.html?_=1611281805067&CODE_STATE=getMsg HTTP/1.1" 200 27
101.85.93.83 - - [22/Jan/2021:10:16:53 +0800] "GET /xingrg/check_reg.html?_=1611281464188 HTTP/1.1" 200 22
101.85.93.83 - - [22/Jan/2021:10:16:53 +0800] "GET /xingrg/all/function/internal_message.html?_=1611281464186&CODE_STATE=getMsg HTTP/1.1" 200 27
101.89.239.245 - - [22/Jan/2021:10:16:53 +0800] "GET /xingrg/login.html HTTP/1.1" 200 7641
116.228.172.94 - - [22/Jan/2021:10:16:55 +0800] "GET /xingrg/check_reg.html?_=1611281807074 HTTP/1.1" 200 22
180.156.237.57 - - [22/Jan/2021:10:16:55 +0800] "GET /xingrg/all/function/internal_message.html?_=1611281813769&CODE_STATE=getMsg HTTP/1.1" 200 27
61.165.42.208 - - [22/Jan/2021:10:16:56 +0800] "GET /xingrg/all/function/internal_message.html?_=1611281816800&CODE_STATE=getMsg HTTP/1.1" 200 27
116.228.172.94 - - [22/Jan/2021:10:16:57 +0800] "GET /xingrg/all/function/internal_message.html?_=1611281808325&CODE_STATE=getMsg HTTP/1.1" 200 27
117.185.32.26 - - [22/Jan/2021:10:17:03 +0800] "GET /xingrg/kc/buy/cgsh_order_operate.html?command=get_materiel&rest_code=00106&code=00101008371&supplier_code=00100007&order_time=2021-01-22 HTTP/1.1" 200 412
58.37.230.33 - - [22/Jan/2021:10:17:07 +0800] "GET /xingrg/all/function/internal_message.html?_=1611281826718&CODE_STATE=getMsg HTTP/1.1" 200 27
117.185.32.26 - - [22/Jan/2021:10:17:09 +0800] "GET /xingrg/kc/buy/cgsh_order_operate.html?command=get_materiel&rest_code=00106&code=00101008098&supplier_code=00100007&order_time=2021-01-22 HTTP/1.1" 200 412
222.69.138.221 - - [22/Jan/2021:10:17:20 +0800] "GET /xingrg/all/function/internal_message.html?_=1611281834263&CODE_STATE=getMsg HTTP/1.1" 200 27
180.175.150.119 - - [22/Jan/2021:10:17:21 +0800] "GET /xingrg/all/function/internal_message.html?_=1611282082475&CODE_STATE=getMsg HTTP/1.1" 200 27
114.88.166.193 - - [22/Jan/2021:10:17:24 +0800] "GET /xingrg/all/function/internal_message.html?_=1611281838412&CODE_STATE=getMsg HTTP/1.1" 200 27
218.81.223.240 - - [22/Jan/2021:10:17:27 +0800] "GET /xingrg/kc/buy/cgsh_order_operate.html?command=get_materiel&rest_code=00146&code=00101008213&supplier_code=00100005&order_time=2021-01-22 HTTP/1.1" 200 412
180.156.237.57 - - [22/Jan/2021:10:17:27 +0800] "GET /xingrg/check_reg.html?_=1611281825219 HTTP/1.1" 200 22
180.156.237.57 - - [22/Jan/2021:10:17:27 +0800] "GET /xingrg/all/function/internal_message.html?_=1611281825405&CODE_STATE=getMsg HTTP/1.1" 200 27
117.185.32.26 - - [22/Jan/2021:10:17:29 +0800] "POST /xingrg/kc/buy/cgsh_order_operate.html HTTP/1.1" 200 2065
117.131.5.26 - - [22/Jan/2021:10:17:31 +0800] "GET /xingrg/all/function/internal_message.html?_=1611281901947&CODE_STATE=getMsg HTTP/1.1" 200 27
222.69.133.109 - - [22/Jan/2021:10:17:38 +0800] "GET /xingrg/all/function/internal_message.html?_=1611281858922&CODE_STATE=getMsg HTTP/1.1" 200 27
116.227.17.5 - - [22/Jan/2021:10:17:39 +0800] "GET /xingrg/all/function/internal_message.html?_=1611281856278&CODE_STATE=getMsg HTTP/1.1" 200 27
117.184.7.26 - - [22/Jan/2021:10:17:46 +0800] "GET /xingrg/login.html HTTP/1.1" 200 7641
117.184.7.26 - - [22/Jan/2021:10:17:49 +0800] "GET /favicon.ico HTTP/1.1" 404 -
180.169.147.146 - - [22/Jan/2021:10:17:49 +0800] "GET /xingrg/check_reg.html?_=1611281869532 HTTP/1.1" 302 -
180.169.147.146 - - [22/Jan/2021:10:17:49 +0800] "GET /xingrg/all/function/internal_message.html?_=1611281869535&CODE_STATE=getMsg HTTP/1.1" 302 -
172.20.0.100 - - [22/Jan/2021:10:17:49 +0800] "GET /xingrg/all/function/internal_message.html?_=1611281864981&CODE_STATE=getMsg HTTP/1.1" 200 27
180.169.147.146 - - [22/Jan/2021:10:17:52 +0800] "GET /xingrg/all/function/internal_message.html?_=1611281868305&CODE_STATE=getMsg HTTP/1.1" 302 -
117.185.32.26 - - [22/Jan/2021:10:17:53 +0800] "GET /xingrg/all/function/internal_message.html?_=1611281865042&CODE_STATE=getMsg HTTP/1.1" 200 27
101.85.93.83 - - [22/Jan/2021:10:17:53 +0800] "GET /xingrg/all/function/internal_message.html?_=1611281524187&CODE_STATE=getMsg HTTP/1.1" 200 27
180.156.237.57 - - [22/Jan/2021:10:17:55 +0800] "GET /xingrg/check_reg.html?_=1611281873738 HTTP/1.1" 200 22
180.156.237.57 - - [22/Jan/2021:10:17:55 +0800] "GET /xingrg/all/function/internal_message.html?_=1611281873740&CODE_STATE=getMsg HTTP/1.1" 200 27
61.165.42.208 - - [22/Jan/2021:10:17:56 +0800] "GET /xingrg/check_reg.html?_=1611281876766 HTTP/1.1" 200 22
61.165.42.208 - - [22/Jan/2021:10:17:56 +0800] "GET /xingrg/all/function/internal_message.html?_=1611281876773&CODE_STATE=getMsg HTTP/1.1" 200 27
116.228.172.94 - - [22/Jan/2021:10:17:57 +0800] "GET /xingrg/all/function/internal_message.html?_=1611281868311&CODE_STATE=getMsg HTTP/1.1" 200 27
117.184.7.26 - - [22/Jan/2021:10:17:58 +0800] "POST /xingrg/login.do HTTP/1.1" 302 -
117.184.7.26 - - [22/Jan/2021:10:17:58 +0800] "GET /xingrg/index.html?sysBaseUrl=http%3A%2F%2F180.169.147.146%3A18081%2Fxingrg%2F&costTime=37×tamp=1611281878734 HTTP/1.1" 200 17179
117.184.7.26 - - [22/Jan/2021:10:18:00 +0800] "POST /xingrg/all/common/load_tree.html?tree=area_rest_tree_json&manage=1 HTTP/1.1" 200 470
117.184.7.30 - - [22/Jan/2021:10:18:00 +0800] "GET /xingrg/all/function/internal_message.html?_=1611281854199&CODE_STATE=count HTTP/1.1" 200 11
117.184.7.30 - - [22/Jan/2021:10:18:00 +0800] "GET /favicon.ico HTTP/1.1" 404 -
117.184.7.26 - - [22/Jan/2021:10:18:00 +0800] "POST /xingrg/load_menu.html HTTP/1.1" 200 5138
117.184.7.26 - - [22/Jan/2021:10:18:04 +0800] "POST /xingrg/all/user/operate.html HTTP/1.1" 200 36
117.184.7.26 - - [22/Jan/2021:10:18:04 +0800] "GET /xingrg/index.html?sysBaseUrl=http%3A%2F%2F180.169.147.146%3A18081%2Fxingrg%2F&costTime=37×tamp=1611281878734 HTTP/1.1" 200 17173
117.184.7.26 - - [22/Jan/2021:10:18:04 +0800] "GET /xingrg/javascript/jquery_easy_ui/themes/default/easyui.css HTTP/1.1" 304 -
117.184.7.26 - - [22/Jan/2021:10:18:04 +0800] "GET /xingrg/javascript/jquery_easy_ui/themes/icon.css HTTP/1.1" 304 -
117.184.7.26 - - [22/Jan/2021:10:18:04 +0800] "GET /xingrg/css/form.css HTTP/1.1" 304 -
117.184.7.26 - - [22/Jan/2021:10:18:04 +0800] "GET /xingrg/javascript/jquery-1.4.2.min.js HTTP/1.1" 304 -
117.184.7.26 - - [22/Jan/2021:10:18:04 +0800] "GET /xingrg/javascript/jquery_easy_ui/jquery.easyui.min.js HTTP/1.1" 304 -
117.184.7.26 - - [22/Jan/2021:10:18:04 +0800] "GET /xingrg/javascript/jquery_easy_ui/easyui-lang-zh_CN.js HTTP/1.1" 304 -
117.184.7.26 - - [22/Jan/2021:10:18:04 +0800] "GET /xingrg/javascript/jquery.form.js HTTP/1.1" 304 -
117.184.7.26 - - [22/Jan/2021:10:18:04 +0800] "GET /xingrg/javascript/jquery.utils.js HTTP/1.1" 304 -
117.184.7.26 - - [22/Jan/2021:10:18:04 +0800] "GET /xingrg/javascript/jquery.timers.js HTTP/1.1" 304 -
117.184.7.26 - - [22/Jan/2021:10:18:04 +0800] "GET /xingrg/images/blue/jxLogo.png HTTP/1.1" 304 -
117.184.7.30 - - [22/Jan/2021:10:18:04 +0800] "GET /xingrg/images/blue/navBackgound.jpg HTTP/1.1" 304 -
117.184.7.30 - - [22/Jan/2021:10:18:04 +0800] "GET /xingrg/javascript/jquery_easy_ui/themes/icons/settle_new.png HTTP/1.1" 304 -
117.184.7.30 - - [22/Jan/2021:10:18:04 +0800] "POST /xingrg/all/common/load_tree.html?tree=area_rest_tree_json&manage=1 HTTP/1.1" 200 470
117.184.7.26 - - [22/Jan/2021:10:18:04 +0800] "GET /xingrg/all/function/internal_message.html?_=1611281858540&CODE_STATE=count HTTP/1.1" 200 11
117.184.7.30 - - [22/Jan/2021:10:18:04 +0800] "GET /xingrg/check_reg.html?_=1611281858541 HTTP/1.1" 200 22
117.184.7.30 - - [22/Jan/2021:10:18:04 +0800] "GET /xingrg/javascript/jquery_easy_ui/themes/default/images/panel_tool_collapse.gif HTTP/1.1" 304 -
117.184.7.30 - - [22/Jan/2021:10:18:04 +0800] "GET /xingrg/javascript/jquery_easy_ui/themes/default/images/tabs_rightarrow.png HTTP/1.1" 304 -
117.184.7.30 - - [22/Jan/2021:10:18:04 +0800] "GET /xingrg/images/blue/pingpu.png HTTP/1.1" 304 -
117.184.7.30 - - [22/Jan/2021:10:18:04 +0800] "GET /xingrg/javascript/jquery_easy_ui/themes/default/images/tabs_leftarrow.png HTTP/1.1" 304 -
117.184.7.30 - - [22/Jan/2021:10:18:04 +0800] "POST /xingrg/load_menu.html HTTP/1.1" 200 5138
58.37.230.33 - - [22/Jan/2021:10:18:07 +0800] "GET /xingrg/all/function/internal_message.html?_=1611281886717&CODE_STATE=getMsg HTTP/1.1" 200 27
218.81.223.240 - - [22/Jan/2021:10:18:09 +0800] "GET /xingrg/kc/buy/cgsh_order_operate.html?command=get_materiel&rest_code=00146&code=00101008305&supplier_code=00100005&order_time=2021-01-22 HTTP/1.1" 200 412
117.184.7.30 - - [22/Jan/2021:10:18:09 +0800] "GET /xingrg/kc/buy/buy_main.html HTTP/1.1" 200 12412
117.184.7.30 - - [22/Jan/2021:10:18:09 +0800] "GET /xingrg/css/new_ie.css HTTP/1.1" 404 1036
117.184.7.26 - - [22/Jan/2021:10:18:10 +0800] "GET /xingrg/images/yd/bt.gif HTTP/1.1" 404 1040
117.184.7.26 - - [22/Jan/2021:10:18:11 +0800] "GET /xingrg/kc/buy/cgsh_order_list.html HTTP/1.1" 200 46217
117.184.7.26 - - [22/Jan/2021:10:18:13 +0800] "POST /xingrg/kc/buy/cgsh_list_operate.html HTTP/1.1" 200 876
117.185.32.26 - - [22/Jan/2021:10:18:15 +0800] "GET /xingrg/check_reg.html?_=1611281886786 HTTP/1.1" 200 22
117.184.7.26 - - [22/Jan/2021:10:18:17 +0800] "GET /xingrg/kc/buy/cgsh_order_add.html HTTP/1.1" 200 61914
117.184.7.26 - - [22/Jan/2021:10:18:17 +0800] "GET /xingrg/words/20210120105349_words.js HTTP/1.1" 304 -
117.184.7.26 - - [22/Jan/2021:10:18:17 +0800] "POST /xingrg/kc/buy/cgsh_order_operate.html HTTP/1.1" 200 8245
117.184.7.30 - - [22/Jan/2021:10:18:18 +0800] "GET /xingrg/all/common/auto_word.html?type=employee&rest_code=00108 HTTP/1.1" 200 147
117.184.7.30 - - [22/Jan/2021:10:18:18 +0800] "GET /xingrg/all/common/auto_word.html?type=employee&rest_code=00108 HTTP/1.1" 200 147
117.184.7.30 - - [22/Jan/2021:10:18:18 +0800] "GET /xingrg/javascript/easyui/themes/default/validatebox.css HTTP/1.1" 404 1104
117.184.7.26 - - [22/Jan/2021:10:18:19 +0800] "GET /xingrg/javascript/auto/indicator.gif HTTP/1.1" 404 1066
222.69.138.221 - - [22/Jan/2021:10:18:20 +0800] "GET /xingrg/all/function/internal_message.html?_=1611281894260&CODE_STATE=getMsg HTTP/1.1" 200 27
117.184.7.30 - - [22/Jan/2021:10:18:21 +0800] "GET /xingrg/javascript/jquery_tools/images/prev.gif HTTP/1.1" 404 1086
117.184.7.30 - - [22/Jan/2021:10:18:21 +0800] "GET /xingrg/javascript/jquery_tools/images/next.gif HTTP/1.1" 404 1086
218.81.223.240 - - [22/Jan/2021:10:18:21 +0800] "GET /xingrg/kc/buy/cgsh_order_operate.html?command=get_materiel&rest_code=00146&code=00101008274&supplier_code=00100005&order_time=2021-01-22 HTTP/1.1" 200 412
180.175.150.119 - - [22/Jan/2021:10:18:22 +0800] "GET /xingrg/all/function/internal_message.html?_=1611282143433&CODE_STATE=getMsg HTTP/1.1" 200 27
114.88.166.193 - - [22/Jan/2021:10:18:24 +0800] "GET /xingrg/all/function/internal_message.html?_=1611281898428&CODE_STATE=getMsg HTTP/1.1" 200 27
117.185.32.26 - - [22/Jan/2021:10:18:25 +0800] "POST /xingrg/kc/buy/cgsh_order_operate.html HTTP/1.1" 200 37
117.184.7.30 - - [22/Jan/2021:10:18:26 +0800] "GET /xingrg/kc/buy/cgsh_order_operate.html?command=get_materiel&rest_code=00108&code=00101008072&supplier_code=00100008&order_time=2021-01-22 HTTP/1.1" 200 408
180.156.237.57 - - [22/Jan/2021:10:18:27 +0800] "GET /xingrg/all/function/internal_message.html?_=1611281885419&CODE_STATE=getMsg HTTP/1.1" 200 27
58.37.230.33 - - [22/Jan/2021:10:18:27 +0800] "GET /xingrg/kc/buy/buy_main.html HTTP/1.1" 200 12412
58.37.230.33 - - [22/Jan/2021:10:18:27 +0800] "GET /xingrg/css/new_ie.css HTTP/1.1" 404 1036
117.185.32.26 - - [22/Jan/2021:10:18:28 +0800] "POST /xingrg/kc/buy/cgsh_order_operate.html HTTP/1.1" 200 12
58.37.230.33 - - [22/Jan/2021:10:18:30 +0800] "GET /xingrg/images/yd/bt.gif HTTP/1.1" 404 1040
58.37.230.33 - - [22/Jan/2021:10:18:30 +0800] "GET /xingrg/kc/buy/cgsh_order_list.html HTTP/1.1" 200 46223
117.131.5.26 - - [22/Jan/2021:10:18:31 +0800] "GET /xingrg/all/function/internal_message.html?_=1611281961946&CODE_STATE=getMsg HTTP/1.1" 200 27
58.37.230.33 - - [22/Jan/2021:10:18:32 +0800] "POST /xingrg/kc/buy/cgsh_list_operate.html HTTP/1.1" 200 2064
61.165.42.208 - - [22/Jan/2021:10:18:35 +0800] "GET /xingrg/kc/buy/cgsh_order_add.html HTTP/1.1" 200 62002
61.165.42.208 - - [22/Jan/2021:10:18:35 +0800] "POST /xingrg/kc/buy/cgsh_order_operate.html HTTP/1.1" 200 8245
61.165.42.208 - - [22/Jan/2021:10:18:35 +0800] "GET /xingrg/javascript/easyui/themes/default/validatebox.css HTTP/1.1" 404 1104
117.184.7.30 - - [22/Jan/2021:10:18:36 +0800] "GET /xingrg/kc/buy/cgsh_order_operate.html?command=get_materiel&rest_code=00108&code=00101008210&supplier_code=00100008&order_time=2021-01-22 HTTP/1.1" 200 408
222.69.133.109 - - [22/Jan/2021:10:18:38 +0800] "GET /xingrg/all/function/internal_message.html?_=1611281918923&CODE_STATE=getMsg HTTP/1.1" 200 27
116.227.17.5 - - [22/Jan/2021:10:18:39 +0800] "GET /xingrg/all/function/internal_message.html?_=1611281916280&CODE_STATE=getMsg HTTP/1.1" 200 27
218.81.223.240 - - [22/Jan/2021:10:18:41 +0800] "GET /xingrg/kc/buy/cgsh_order_operate.html?command=get_materiel&rest_code=00146&code=00101008225&supplier_code=00100005&order_time=2021-01-22 HTTP/1.1" 200 416
117.184.7.30 - - [22/Jan/2021:10:18:43 +0800] "GET /xingrg/kc/buy/cgsh_order_operate.html?command=get_materiel&rest_code=00108&code=00101008027&supplier_code=00100008&order_time=2021-01-22 HTTP/1.1" 200 409
218.81.223.240 - - [22/Jan/2021:10:18:45 +0800] "POST /xingrg/kc/buy/cgsh_order_operate.html HTTP/1.1" 200 2065
58.37.230.33 - - [22/Jan/2021:10:18:45 +0800] "GET /xingrg/kc/buy/cgsh_order_add.html HTTP/1.1" 200 61961
58.37.230.33 - - [22/Jan/2021:10:18:45 +0800] "GET /xingrg/words/20210120105349_words.js HTTP/1.1" 304 -
58.37.230.33 - - [22/Jan/2021:10:18:46 +0800] "POST /xingrg/kc/buy/cgsh_order_operate.html HTTP/1.1" 200 8245
58.37.230.33 - - [22/Jan/2021:10:18:46 +0800] "GET /xingrg/all/common/auto_word.html?type=employee&rest_code=00141 HTTP/1.1" 200 201
58.37.230.33 - - [22/Jan/2021:10:18:46 +0800] "GET /xingrg/javascript/easyui/themes/default/validatebox.css HTTP/1.1" 404 1104
58.37.230.33 - - [22/Jan/2021:10:18:46 +0800] "GET /xingrg/all/common/auto_word.html?type=employee&rest_code=00141 HTTP/1.1" 200 201
180.169.147.146 - - [22/Jan/2021:10:18:49 +0800] "GET /xingrg/all/function/internal_message.html?_=1611281929544&CODE_STATE=getMsg HTTP/1.1" 302 -
172.20.0.100 - - [22/Jan/2021:10:18:49 +0800] "GET /xingrg/all/function/internal_message.html?_=1611281924983&CODE_STATE=getMsg HTTP/1.1" 200 27
180.169.147.146 - - [22/Jan/2021:10:18:52 +0800] "GET /xingrg/all/function/internal_message.html?_=1611281928291&CODE_STATE=getMsg HTTP/1.1" 302 -
101.85.93.83 - - [22/Jan/2021:10:18:53 +0800] "GET /xingrg/all/function/internal_message.html?_=1611281584186&CODE_STATE=getMsg HTTP/1.1" 200 27
117.184.7.30 - - [22/Jan/2021:10:18:54 +0800] "GET /xingrg/kc/buy/cgsh_order_operate.html?command=get_materiel&rest_code=00108&code=00101008350&supplier_code=00100008&order_time=2021-01-22 HTTP/1.1" 200 408
180.156.237.57 - - [22/Jan/2021:10:18:55 +0800] "GET /xingrg/all/function/internal_message.html?_=1611281933746&CODE_STATE=getMsg HTTP/1.1" 200 27
61.165.42.208 - - [22/Jan/2021:10:18:56 +0800] "GET /xingrg/all/function/internal_message.html?_=1611281936788&CODE_STATE=getMsg HTTP/1.1" 200 27
116.228.172.94 - - [22/Jan/2021:10:18:56 +0800] "GET /xingrg/all/function/internal_message.html?_=1611281928283&CODE_STATE=getMsg HTTP/1.1" 200 27
61.165.42.208 - - [22/Jan/2021:10:18:59 +0800] "GET /xingrg/kc/buy/cgsh_order_operate.html?command=get_materiel&rest_code=00105&code=00101006109&supplier_code=00100040&order_time=2021-01-22 HTTP/1.1" 200 409
117.184.7.30 - - [22/Jan/2021:10:19:03 +0800] "GET /xingrg/kc/buy/cgsh_order_operate.html?command=get_materiel&rest_code=00108&code=00101008312&supplier_code=00100008&order_time=2021-01-22 HTTP/1.1" 200 412
117.184.7.30 - - [22/Jan/2021:10:19:04 +0800] "GET /xingrg/all/function/internal_message.html?_=1611281918564&CODE_STATE=getMsg HTTP/1.1" 200 27
58.37.230.33 - - [22/Jan/2021:10:19:07 +0800] "GET /xingrg/all/function/internal_message.html?_=1611281946726&CODE_STATE=getMsg HTTP/1.1" 200 27
58.37.230.33 - - [22/Jan/2021:10:19:07 +0800] "GET /xingrg/check_reg.html?_=1611281946728 HTTP/1.1" 200 22
117.184.7.30 - - [22/Jan/2021:10:19:09 +0800] "GET /xingrg/kc/buy/cgsh_order_operate.html?command=get_materiel&rest_code=00108&code=00101008010&supplier_code=00100008&order_time=2021-01-22 HTTP/1.1" 200 412
61.165.42.208 - - [22/Jan/2021:10:19:11 +0800] "GET /xingrg/kc/buy/cgsh_order_operate.html?command=get_materiel&rest_code=00105&code=00101006106&supplier_code=00100040&order_time=2021-01-22 HTTP/1.1" 200 421
183.192.164.85 - - [22/Jan/2021:10:19:12 +0800] "GET /xingrg/check_reg.html?_=1611281286789 HTTP/1.1" 302 -
117.184.7.30 - - [22/Jan/2021:10:19:16 +0800] "GET /xingrg/kc/buy/cgsh_order_operate.html?command=get_materiel&rest_code=00108&code=00101008351&supplier_code=00100008&order_time=2021-01-22 HTTP/1.1" 200 408
183.192.164.85 - - [22/Jan/2021:10:19:20 +0800] "GET /xingrg/login.html HTTP/1.1" 200 7641
222.69.138.221 - - [22/Jan/2021:10:19:20 +0800] "GET /xingrg/all/function/internal_message.html?_=1611281954243&CODE_STATE=getMsg HTTP/1.1" 200 27
180.175.150.119 - - [22/Jan/2021:10:19:22 +0800] "GET /xingrg/all/function/internal_message.html?_=1611282203438&CODE_STATE=getMsg HTTP/1.1" 200 27
117.184.7.30 - - [22/Jan/2021:10:19:23 +0800] "GET /xingrg/kc/buy/cgsh_order_operate.html?command=get_materiel&rest_code=00108&code=00101008026&supplier_code=00100008&order_time=2021-01-22 HTTP/1.1" 200 409
114.88.166.193 - - [22/Jan/2021:10:19:24 +0800] "GET /xingrg/all/function/internal_message.html?_=1611281958443&CODE_STATE=getMsg HTTP/1.1" 200 27
61.165.42.208 - - [22/Jan/2021:10:19:26 +0800] "GET /xingrg/kc/buy/cgsh_order_operate.html?command=get_materiel&rest_code=00105&code=00101006130&supplier_code=00100040&order_time=2021-01-22 HTTP/1.1" 200 427
58.37.230.33 - - [22/Jan/2021:10:19:26 +0800] "GET /xingrg/kc/buy/cgsh_order_operate.html?command=get_materiel&rest_code=00141&code=00101009045&supplier_code=00100022&order_time=2021-01-22 HTTP/1.1" 200 412
180.156.237.57 - - [22/Jan/2021:10:19:27 +0800] "GET /xingrg/all/function/internal_message.html?_=1611281945433&CODE_STATE=getMsg HTTP/1.1" 200 27
117.184.7.30 - - [22/Jan/2021:10:19:29 +0800] "GET /xingrg/kc/buy/cgsh_order_operate.html?command=get_materiel&rest_code=00108&code=00101008110&supplier_code=00100008&order_time=2021-01-22 HTTP/1.1" 200 408
117.131.5.26 - - [22/Jan/2021:10:19:31 +0800] "GET /xingrg/check_reg.html?_=1611282021944 HTTP/1.1" 200 22
117.131.5.26 - - [22/Jan/2021:10:19:31 +0800] "GET /xingrg/all/function/internal_message.html?_=1611282021945&CODE_STATE=getMsg HTTP/1.1" 200 27
218.81.223.240 - - [22/Jan/2021:10:19:32 +0800] "GET /xingrg/kc/buy/cgsh_order_operate.html?command=get_materiel&rest_code=00146&code=00101008091&supplier_code=00100005&order_time=2021-01-22 HTTP/1.1" 200 413
117.184.7.30 - - [22/Jan/2021:10:19:34 +0800] "GET /xingrg/kc/buy/cgsh_order_operate.html?command=get_materiel&rest_code=00108&code=00101008038&supplier_code=00100008&order_time=2021-01-22 HTTP/1.1" 200 412
61.165.42.208 - - [22/Jan/2021:10:19:37 +0800] "GET /xingrg/kc/buy/cgsh_order_operate.html?command=get_materiel&rest_code=00105&code=00101006184&supplier_code=00100040&order_time=2021-01-22 HTTP/1.1" 200 408
222.69.133.109 - - [22/Jan/2021:10:19:38 +0800] "GET /xingrg/all/function/internal_message.html?_=1611281978923&CODE_STATE=getMsg HTTP/1.1" 200 27
222.69.133.109 - - [22/Jan/2021:10:19:38 +0800] "GET /xingrg/check_reg.html?_=1611281978926 HTTP/1.1" 200 22
116.227.17.5 - - [22/Jan/2021:10:19:39 +0800] "GET /xingrg/all/function/internal_message.html?_=1611281976287&CODE_STATE=getMsg HTTP/1.1" 200 27
61.165.42.208 - - [22/Jan/2021:10:19:42 +0800] "GET /xingrg/kc/buy/cgsh_order_operate.html?command=get_materiel&rest_code=00105&code=00101006087&supplier_code=00100040&order_time=2021-01-22 HTTP/1.1" 200 409
180.175.150.119 - - [22/Jan/2021:10:19:44 +0800] "GET /xingrg/kc/buy/cgsh_order_operate.html?command=get_materiel&rest_code=00102&code=00101001009&supplier_code=00100096&order_time=2021-01-22 HTTP/1.1" 200 410
58.37.230.33 - - [22/Jan/2021:10:19:44 +0800] "GET /xingrg/kc/buy/cgsh_order_operate.html?command=get_materiel&rest_code=00141&code=00101009011&supplier_code=00100022&order_time=2021-01-22 HTTP/1.1" 200 416
117.184.7.30 - - [22/Jan/2021:10:19:45 +0800] "GET /xingrg/kc/buy/cgsh_order_operate.html?command=get_materiel&rest_code=00108&code=00101008283&supplier_code=00100008&order_time=2021-01-22 HTTP/1.1" 200 409
218.81.223.240 - - [22/Jan/2021:10:19:47 +0800] "GET /xingrg/kc/buy/cgsh_order_operate.html?command=get_materiel&rest_code=00146&code=00101008055&supplier_code=00100005&order_time=2021-01-22 HTTP/1.1" 200 409
180.169.147.146 - - [22/Jan/2021:10:19:49 +0800] "GET /xingrg/all/function/internal_message.html?_=1611281989571&CODE_STATE=getMsg HTTP/1.1" 302 -
172.20.0.100 - - [22/Jan/2021:10:19:49 +0800] "GET /xingrg/all/function/internal_message.html?_=1611281984985&CODE_STATE=getMsg HTTP/1.1" 200 27
117.184.7.30 - - [22/Jan/2021:10:19:51 +0800] "GET /xingrg/kc/buy/cgsh_order_operate.html?command=get_materiel&rest_code=00108&code=00101008358&supplier_code=00100008&order_time=2021-01-22 HTTP/1.1" 200 412
61.165.42.208 - - [22/Jan/2021:10:19:51 +0800] "GET /xingrg/kc/buy/cgsh_order_operate.html?command=get_materiel&rest_code=00105&code=00101006195&supplier_code=00100040&order_time=2021-01-22 HTTP/1.1" 200 409
180.169.147.146 - - [22/Jan/2021:10:19:52 +0800] "GET /xingrg/all/function/internal_message.html?_=1611281988279&CODE_STATE=getMsg HTTP/1.1" 302 -
101.85.93.83 - - [22/Jan/2021:10:19:53 +0800] "GET /xingrg/all/function/internal_message.html?_=1611281644186&CODE_STATE=getMsg HTTP/1.1" 200 27
180.156.237.57 - - [22/Jan/2021:10:19:55 +0800] "GET /xingrg/all/function/internal_message.html?_=1611281993747&CODE_STATE=getMsg HTTP/1.1" 200 27
61.165.42.208 - - [22/Jan/2021:10:19:56 +0800] "GET /xingrg/all/function/internal_message.html?_=1611281996768&CODE_STATE=getMsg HTTP/1.1" 200 27
58.37.230.33 - - [22/Jan/2021:10:19:56 +0800] "GET /xingrg/kc/buy/cgsh_order_operate.html?command=get_materiel&rest_code=00141&code=00101009013&supplier_code=00100022&order_time=2021-01-22 HTTP/1.1" 200 420
116.228.172.94 - - [22/Jan/2021:10:19:56 +0800] "GET /xingrg/all/function/internal_message.html?_=1611281988267&CODE_STATE=getMsg HTTP/1.1" 200 27
117.184.7.30 - - [22/Jan/2021:10:19:57 +0800] "GET /xingrg/kc/buy/cgsh_order_operate.html?command=get_materiel&rest_code=00108&code=00101008199&supplier_code=00100008&order_time=2021-01-22 HTTP/1.1" 200 408
218.81.223.240 - - [22/Jan/2021:10:19:59 +0800] "GET /xingrg/kc/buy/cgsh_order_operate.html?command=get_materiel&rest_code=00146&code=00101008257&supplier_code=00100005&order_time=2021-01-22 HTTP/1.1" 200 416
183.192.164.85 - - [22/Jan/2021:10:19:59 +0800] "GET /xingrg/kc/buy/cgsh_order_operate.html?command=get_materiel&rest_code=00106&code=00101008352&supplier_code=00100007&order_time=2021-01-22 HTTP/1.1" 302 -
114.86.187.76 - - [22/Jan/2021:10:20:00 +0800] "POST /xingrg/services/DataTransmitService HTTP/1.1" 200 524
114.86.187.76 - - [22/Jan/2021:10:20:00 +0800] "POST /xingrg/services/DataTransmitService HTTP/1.1" 200 1863
114.86.187.76 - - [22/Jan/2021:10:20:00 +0800] "POST /xingrg/services/DataTransmitService HTTP/1.1" 200 2531
114.86.187.76 - - [22/Jan/2021:10:20:00 +0800] "POST /xingrg/services/DataTransmitService HTTP/1.1" 200 1447
114.86.187.76 - - [22/Jan/2021:10:20:01 +0800] "POST /xingrg/services/DataTransmitService HTTP/1.1" 200 147646
180.175.150.119 - - [22/Jan/2021:10:20:02 +0800] "GET /xingrg/check_reg.html?_=1611282243395 HTTP/1.1" 200 22
117.184.7.30 - - [22/Jan/2021:10:20:04 +0800] "GET /xingrg/all/function/internal_message.html?_=1611281978547&CODE_STATE=getMsg HTTP/1.1" 200 27
58.37.230.33 - - [22/Jan/2021:10:20:05 +0800] "GET /xingrg/kc/buy/cgsh_order_operate.html?command=get_materiel&rest_code=00141&code=00101009016&supplier_code=00100022&order_time=2021-01-22 HTTP/1.1" 200 412
183.192.164.85 - - [22/Jan/2021:10:20:07 +0800] "GET /xingrg/login.html HTTP/1.1" 200 7641
58.37.230.33 - - [22/Jan/2021:10:20:07 +0800] "GET /xingrg/all/function/internal_message.html?_=1611282006727&CODE_STATE=getMsg HTTP/1.1" 200 27
180.175.150.119 - - [22/Jan/2021:10:20:08 +0800] "GET /xingrg/kc/buy/cgsh_order_operate.html?command=get_materiel&rest_code=00102&code=00101012029&supplier_code=00100096&order_time=2021-01-22 HTTP/1.1" 200 414
117.184.7.30 - - [22/Jan/2021:10:20:09 +0800] "GET /xingrg/kc/buy/cgsh_order_operate.html?command=get_materiel&rest_code=00108&code=00101008163&supplier_code=00100008&order_time=2021-01-22 HTTP/1.1" 200 409
61.165.42.208 - - [22/Jan/2021:10:20:11 +0800] "GET /xingrg/kc/buy/cgsh_order_operate.html?command=get_materiel&rest_code=00105&code=00101010248&supplier_code=00100040&order_time=2021-01-22 HTTP/1.1" 200 430
218.81.223.240 - - [22/Jan/2021:10:20:11 +0800] "GET /xingrg/kc/buy/cgsh_order_operate.html?command=get_materiel&rest_code=00146&code=00101008155&supplier_code=00100005&order_time=2021-01-22 HTTP/1.1" 200 408
61.165.42.208 - - [22/Jan/2021:10:20:12 +0800] "POST /xingrg/all/common/load_select.html HTTP/1.1" 200 25
218.81.223.240 - - [22/Jan/2021:10:20:15 +0800] "POST /xingrg/kc/buy/cgsh_order_operate.html HTTP/1.1" 200 2065
117.184.7.30 - - [22/Jan/2021:10:20:15 +0800] "GET /xingrg/kc/buy/cgsh_order_operate.html?command=get_materiel&rest_code=00108&code=00101008361&supplier_code=00100008&order_time=2021-01-22 HTTP/1.1" 200 408
61.165.42.208 - - [22/Jan/2021:10:20:15 +0800] "GET /xingrg/kc/buy/cgsh_order_operate.html?command=get_materiel_price&rest_code=00105&code=00101010248&unit_code=00100043&supplier_code=00100040&order_time=2021-01-22 HTTP/1.1" 200 29
222.69.138.221 - - [22/Jan/2021:10:20:20 +0800] "GET /xingrg/all/function/internal_message.html?_=1611282014217&CODE_STATE=getMsg HTTP/1.1" 200 27
58.37.230.33 - - [22/Jan/2021:10:20:21 +0800] "POST /xingrg/kc/buy/cgsh_order_operate.html HTTP/1.1" 200 37
218.81.223.240 - - [22/Jan/2021:10:20:21 +0800] "GET /xingrg/kc/buy/cgsh_order_operate.html?command=get_materiel&rest_code=00146&code=00101008010&supplier_code=00100005&order_time=2021-01-22 HTTP/1.1" 200 412
180.175.150.119 - - [22/Jan/2021:10:20:22 +0800] "GET /xingrg/all/function/internal_message.html?_=1611282263543&CODE_STATE=getMsg HTTP/1.1" 200 27
117.184.7.30 - - [22/Jan/2021:10:20:23 +0800] "GET /xingrg/kc/buy/cgsh_order_operate.html?command=get_materiel&rest_code=00108&code=00101008355&supplier_code=00100008&order_time=2021-01-22 HTTP/1.1" 200 408
114.88.166.193 - - [22/Jan/2021:10:20:24 +0800] "GET /xingrg/all/function/internal_message.html?_=1611282018461&CODE_STATE=getMsg HTTP/1.1" 200 27
58.37.230.33 - - [22/Jan/2021:10:20:25 +0800] "POST /xingrg/kc/buy/cgsh_order_operate.html HTTP/1.1" 200 12
58.37.230.33 - - [22/Jan/2021:10:20:26 +0800] "GET /xingrg/kc/buy/cgsh_order_info.html?code=212021012210097 HTTP/1.1" 200 56861
58.37.230.33 - - [22/Jan/2021:10:20:27 +0800] "GET /xingrg/javascript/easyui/themes/default/validatebox.css HTTP/1.1" 404 1104
58.37.230.33 - - [22/Jan/2021:10:20:27 +0800] "POST /xingrg/kc/buy/cgsh_order_operate.html HTTP/1.1" 200 2387
180.156.237.57 - - [22/Jan/2021:10:20:27 +0800] "GET /xingrg/all/function/internal_message.html?_=1611282005451&CODE_STATE=getMsg HTTP/1.1" 200 27
222.69.138.221 - - [22/Jan/2021:10:20:28 +0800] "GET /xingrg/kc/buy/cgsh_order_operate.html?command=get_materiel&rest_code=00149&code=00101002027&supplier_code=00100039&order_time=2021-01-22 HTTP/1.1" 200 415
58.37.230.33 - - [22/Jan/2021:10:20:28 +0800] "GET /xingrg/kc/print/load_config.html?kc_code=cgsh HTTP/1.1" 200 1845
58.37.230.33 - - [22/Jan/2021:10:20:28 +0800] "GET /xingrg/kc/print/load_data.html?order_code=212021012210097&kc_code=cgsh&condition= HTTP/1.1" 200 1425
117.131.5.26 - - [22/Jan/2021:10:20:31 +0800] "GET /xingrg/all/function/internal_message.html?_=1611282081951&CODE_STATE=getMsg HTTP/1.1" 200 27
218.81.223.240 - - [22/Jan/2021:10:20:33 +0800] "GET /xingrg/kc/buy/cgsh_order_operate.html?command=get_materiel&rest_code=00146&code=00101008125&supplier_code=00100005&order_time=2021-01-22 HTTP/1.1" 200 413
117.185.32.26 - - [22/Jan/2021:10:20:36 +0800] "GET /xingrg/all/function/internal_message.html?_=1611282027946&CODE_STATE=getMsg HTTP/1.1" 200 27
117.185.32.26 - - [22/Jan/2021:10:20:36 +0800] "GET /xingrg/kc/buy/cgsh_order_info.html?code=212021012210092 HTTP/1.1" 200 56865
117.185.32.26 - - [22/Jan/2021:10:20:37 +0800] "GET /xingrg/javascript/easyui/themes/default/validatebox.css HTTP/1.1" 404 1104
117.185.32.26 - - [22/Jan/2021:10:20:37 +0800] "POST /xingrg/kc/buy/cgsh_order_operate.html HTTP/1.1" 200 30742
114.86.187.76 - - [22/Jan/2021:10:20:38 +0800] "POST /xingrg/services/DataTransmitService HTTP/1.1" 200 524
222.69.133.109 - - [22/Jan/2021:10:20:38 +0800] "GET /xingrg/all/function/internal_message.html?_=1611282038925&CODE_STATE=getMsg HTTP/1.1" 200 27
114.86.187.76 - - [22/Jan/2021:10:20:39 +0800] "POST /xingrg/services/DataTransmitService HTTP/1.1" 200 1863
117.185.32.26 - - [22/Jan/2021:10:20:39 +0800] "GET /xingrg/kc/print/load_config.html?kc_code=cgsh HTTP/1.1" 200 1845
117.185.32.26 - - [22/Jan/2021:10:20:39 +0800] "GET /xingrg/kc/print/load_data.html?order_code=212021012210092&kc_code=cgsh&condition= HTTP/1.1" 200 12137
116.227.17.5 - - [22/Jan/2021:10:20:39 +0800] "GET /xingrg/all/function/internal_message.html?_=1611282036276&CODE_STATE=getMsg HTTP/1.1" 200 27
222.69.138.221 - - [22/Jan/2021:10:20:40 +0800] "GET /xingrg/kc/buy/cgsh_order_operate.html?command=get_materiel&rest_code=00149&code=00101002022&supplier_code=00100039&order_time=2021-01-22 HTTP/1.1" 200 409
114.86.187.76 - - [22/Jan/2021:10:20:40 +0800] "POST /xingrg/services/DataTransmitService HTTP/1.1" 200 524
114.86.187.76 - - [22/Jan/2021:10:20:40 +0800] "POST /xingrg/services/DataTransmitService HTTP/1.1" 200 1863
180.175.150.119 - - [22/Jan/2021:10:20:41 +0800] "GET /xingrg/kc/buy/cgsh_order_operate.html?command=get_materiel&rest_code=00102&code=00101007082&supplier_code=00100096&order_time=2021-01-22 HTTP/1.1" 200 427
114.86.187.76 - - [22/Jan/2021:10:20:42 +0800] "POST /xingrg/services/DataTransmitService HTTP/1.1" 200 524
180.169.147.146 - - [22/Jan/2021:10:20:42 +0800] "GET /xingrg/check_reg.html?_=1611282038781 HTTP/1.1" 302 -
114.86.187.76 - - [22/Jan/2021:10:20:42 +0800] "POST /xingrg/services/DataTransmitService HTTP/1.1" 200 1863
218.81.223.240 - - [22/Jan/2021:10:20:43 +0800] "GET /xingrg/check_reg.html?_=1611282037052 HTTP/1.1" 200 22
114.86.187.76 - - [22/Jan/2021:10:20:46 +0800] "POST /xingrg/services/DataTransmitService HTTP/1.1" 200 524
114.86.187.76 - - [22/Jan/2021:10:20:46 +0800] "POST /xingrg/services/DataTransmitService HTTP/1.1" 200 1863
180.169.147.146 - - [22/Jan/2021:10:20:49 +0800] "GET /xingrg/all/function/internal_message.html?_=1611282049558&CODE_STATE=getMsg HTTP/1.1" 302 -
172.20.0.100 - - [22/Jan/2021:10:20:49 +0800] "GET /xingrg/all/function/internal_message.html?_=1611282044989&CODE_STATE=getMsg HTTP/1.1" 200 27
172.20.0.100 - - [22/Jan/2021:10:20:49 +0800] "GET /xingrg/check_reg.html?_=1611282044991 HTTP/1.1" 200 22
222.69.138.221 - - [22/Jan/2021:10:20:50 +0800] "GET /xingrg/kc/buy/cgsh_order_operate.html?command=get_materiel&rest_code=00149&code=00101010161&supplier_code=00100039&order_time=2021-01-22 HTTP/1.1" 200 409
120.253.135.82 - - [22/Jan/2021:10:20:51 +0800] "GET /xingrg/check_reg.html?_=1611282099699 HTTP/1.1" 200 22
180.169.147.146 - - [22/Jan/2021:10:20:52 +0800] "GET /xingrg/all/function/internal_message.html?_=1611282048255&CODE_STATE=getMsg HTTP/1.1" 302 -
101.85.93.83 - - [22/Jan/2021:10:20:53 +0800] "GET /xingrg/all/function/internal_message.html?_=1611281704186&CODE_STATE=getMsg HTTP/1.1" 200 27
120.204.17.72 - - [22/Jan/2021:10:20:54 +0800] "GET /xingrg/kc/buy/cgsh_order_operate.html?command=get_materiel&rest_code=00106&code=00101008312&supplier_code=00100007&order_time=2021-01-22 HTTP/1.1" 302 -
58.37.230.33 - - [22/Jan/2021:10:20:54 +0800] "GET /xingrg/kc/buy/cgsh_order_add.html HTTP/1.1" 200 61961
58.37.230.33 - - [22/Jan/2021:10:20:55 +0800] "POST /xingrg/kc/buy/cgsh_order_operate.html HTTP/1.1" 200 8245
58.37.230.33 - - [22/Jan/2021:10:20:55 +0800] "GET /xingrg/javascript/easyui/themes/default/validatebox.css HTTP/1.1" 404 1104
180.156.237.57 - - [22/Jan/2021:10:20:55 +0800] "GET /xingrg/all/function/internal_message.html?_=1611282053756&CODE_STATE=getMsg HTTP/1.1" 200 27
61.165.42.208 - - [22/Jan/2021:10:20:56 +0800] "GET /xingrg/all/function/internal_message.html?_=1611282056775&CODE_STATE=getMsg HTTP/1.1" 200 27
116.228.172.94 - - [22/Jan/2021:10:20:56 +0800] "GET /xingrg/all/function/internal_message.html?_=1611282048251&CODE_STATE=getMsg HTTP/1.1" 200 27
180.175.150.119 - - [22/Jan/2021:10:20:59 +0800] "GET /xingrg/kc/buy/cgsh_order_operate.html?command=get_materiel&rest_code=00102&code=00101006112&supplier_code=00100096&order_time=2021-01-22 HTTP/1.1" 200 409
183.192.164.214 - - [22/Jan/2021:10:21:01 +0800] "GET /xingrg/kc/buy/cgsh_order_operate.html?command=get_materiel&rest_code=00106&code=00101008298&supplier_code=00100007&order_time=2021-01-22 HTTP/1.1" 302 -
120.204.17.72 - - [22/Jan/2021:10:21:02 +0800] "GET /xingrg/login.html HTTP/1.1" 200 7641
117.184.7.30 - - [22/Jan/2021:10:21:04 +0800] "GET /xingrg/all/function/internal_message.html?_=1611282038549&CODE_STATE=getMsg HTTP/1.1" 200 27
120.204.17.71 - - [22/Jan/2021:10:21:05 +0800] "GET /xingrg/kc/buy/cgsh_order_operate.html?command=get_materiel&rest_code=00106&code=00101008283&supplier_code=00100007&order_time=2021-01-22 HTTP/1.1" 302 -
222.69.138.221 - - [22/Jan/2021:10:21:05 +0800] "GET /xingrg/kc/buy/cgsh_order_operate.html?command=get_materiel&rest_code=00149&code=00101001075&supplier_code=00100039&order_time=2021-01-22 HTTP/1.1" 200 411
117.185.32.26 - - [22/Jan/2021:10:21:06 +0800] "GET /xingrg/kc/print/load_data.html?order_code=212021012210092&kc_code=cgsh HTTP/1.1" 200 12137
58.37.230.33 - - [22/Jan/2021:10:21:07 +0800] "GET /xingrg/all/function/internal_message.html?_=1611282066721&CODE_STATE=getMsg HTTP/1.1" 200 27
183.192.164.214 - - [22/Jan/2021:10:21:09 +0800] "GET /xingrg/login.html HTTP/1.1" 200 7641
58.37.230.33 - - [22/Jan/2021:10:21:11 +0800] "GET /xingrg/kc/buy/cgsh_order_operate.html?command=get_materiel&rest_code=00141&code=00101007038&supplier_code=00100004&order_time=2021-01-22 HTTP/1.1" 200 421
180.175.150.119 - - [22/Jan/2021:10:21:11 +0800] "GET /xingrg/kc/buy/cgsh_order_operate.html?command=get_materiel&rest_code=00102&code=00101006115&supplier_code=00100096&order_time=2021-01-22 HTTP/1.1" 200 409
120.204.17.71 - - [22/Jan/2021:10:21:14 +0800] "GET /xingrg/login.html HTTP/1.1" 200 7641
222.69.138.221 - - [22/Jan/2021:10:21:20 +0800] "GET /xingrg/all/function/internal_message.html?_=1611282074206&CODE_STATE=getMsg HTTP/1.1" 200 27
222.69.138.221 - - [22/Jan/2021:10:21:21 +0800] "GET /xingrg/check_reg.html?_=1611282075274 HTTP/1.1" 200 22
180.175.150.119 - - [22/Jan/2021:10:21:22 +0800] "GET /xingrg/all/function/internal_message.html?_=1611282323719&CODE_STATE=getMsg HTTP/1.1" 200 27
58.37.230.33 - - [22/Jan/2021:10:21:24 +0800] "GET /xingrg/kc/buy/cgsh_order_operate.html?command=get_materiel&rest_code=00141&code=00101007049&supplier_code=00100004&order_time=2021-01-22 HTTP/1.1" 200 409
114.88.166.193 - - [22/Jan/2021:10:21:24 +0800] "GET /xingrg/check_reg.html?_=1611282078278 HTTP/1.1" 200 22
114.88.166.193 - - [22/Jan/2021:10:21:24 +0800] "GET /xingrg/all/function/internal_message.html?_=1611282078481&CODE_STATE=getMsg HTTP/1.1" 200 27
218.81.223.240 - - [22/Jan/2021:10:21:24 +0800] "GET /xingrg/kc/buy/cgsh_order_operate.html?command=get_materiel&rest_code=00146&code=00101008019&supplier_code=00100005&order_time=2021-01-22 HTTP/1.1" 200 416
180.169.147.146 - - [22/Jan/2021:10:21:25 +0800] "GET /favicon.ico HTTP/1.1" 404 -
172.20.0.100 - - [22/Jan/2021:10:21:25 +0800] "GET /favicon.ico HTTP/1.1" 404 -
180.175.150.119 - - [22/Jan/2021:10:21:26 +0800] "GET /xingrg/kc/buy/cgsh_order_operate.html?command=get_materiel&rest_code=00102&code=00101006063&supplier_code=00100096&order_time=2021-01-22 HTTP/1.1" 200 413
180.156.237.57 - - [22/Jan/2021:10:21:27 +0800] "GET /xingrg/all/function/internal_message.html?_=1611282065460&CODE_STATE=getMsg HTTP/1.1" 200 27
117.131.5.26 - - [22/Jan/2021:10:21:31 +0800] "GET /xingrg/all/function/internal_message.html?_=1611282141944&CODE_STATE=getMsg HTTP/1.1" 200 27
58.37.230.33 - - [22/Jan/2021:10:21:31 +0800] "GET /xingrg/kc/buy/cgsh_order_operate.html?command=get_materiel&rest_code=00141&code=00101007061&supplier_code=00100004&order_time=2021-01-22 HTTP/1.1" 200 409
183.192.164.85 - - [22/Jan/2021:10:21:33 +0800] "GET /xingrg/kc/buy/cgsh_order_operate.html?command=get_materiel&rest_code=00106&code=00101008186&supplier_code=00100007&order_time=2021-01-22 HTTP/1.1" 302 -
180.175.150.119 - - [22/Jan/2021:10:21:38 +0800] "GET /xingrg/kc/buy/cgsh_order_operate.html?command=get_materiel&rest_code=00102&code=00101006065&supplier_code=00100096&order_time=2021-01-22 HTTP/1.1" 200 409
222.69.133.109 - - [22/Jan/2021:10:21:38 +0800] "GET /xingrg/all/function/internal_message.html?_=1611282098928&CODE_STATE=getMsg HTTP/1.1" 200 27
116.227.17.5 - - [22/Jan/2021:10:21:39 +0800] "GET /xingrg/all/function/internal_message.html?_=1611282096280&CODE_STATE=getMsg HTTP/1.1" 200 27
116.227.17.5 - - [22/Jan/2021:10:21:39 +0800] "GET /xingrg/check_reg.html?_=1611282096283 HTTP/1.1" 200 22
222.69.138.221 - - [22/Jan/2021:10:21:40 +0800] "POST /xingrg/kc/buy/cgsh_order_operate.html HTTP/1.1" 200 37
183.192.164.85 - - [22/Jan/2021:10:21:41 +0800] "GET /xingrg/login.html HTTP/1.1" 200 7641
222.69.138.221 - - [22/Jan/2021:10:21:43 +0800] "POST /xingrg/kc/buy/cgsh_order_operate.html HTTP/1.1" 200 12
218.81.223.240 - - [22/Jan/2021:10:21:45 +0800] "GET /xingrg/kc/buy/cgsh_order_operate.html?command=get_materiel&rest_code=00146&code=00101008313&supplier_code=00100005&order_time=2021-01-22 HTTP/1.1" 200 413
218.81.223.240 - - [22/Jan/2021:10:21:48 +0800] "POST /xingrg/kc/buy/cgsh_order_operate.html HTTP/1.1" 200 2065
180.169.147.146 - - [22/Jan/2021:10:21:49 +0800] "GET /xingrg/all/function/internal_message.html?_=1611282109560&CODE_STATE=getMsg HTTP/1.1" 302 -
172.20.0.100 - - [22/Jan/2021:10:21:49 +0800] "GET /xingrg/all/function/internal_message.html?_=1611282104992&CODE_STATE=getMsg HTTP/1.1" 200 27
222.69.138.221 - - [22/Jan/2021:10:21:50 +0800] "GET /xingrg/kc/buy/cgsh_order_info.html?code=212021012210098 HTTP/1.1" 200 56910
222.69.138.221 - - [22/Jan/2021:10:21:51 +0800] "GET /xingrg/javascript/easyui/themes/default/validatebox.css HTTP/1.1" 404 1104
222.69.138.221 - - [22/Jan/2021:10:21:51 +0800] "POST /xingrg/kc/buy/cgsh_order_operate.html HTTP/1.1" 200 2383
180.169.147.146 - - [22/Jan/2021:10:21:52 +0800] "GET /xingrg/all/function/internal_message.html?_=1611282108225&CODE_STATE=getMsg HTTP/1.1" 302 -
117.185.32.26 - - [22/Jan/2021:10:21:52 +0800] "GET /xingrg/all/function/internal_message.html?_=1611282104505&CODE_STATE=getMsg HTTP/1.1" 200 27
180.175.150.119 - - [22/Jan/2021:10:21:52 +0800] "GET /xingrg/kc/buy/cgsh_order_operate.html?command=get_materiel&rest_code=00102&code=00101007034&supplier_code=00100096&order_time=2021-01-22 HTTP/1.1" 200 408
222.69.138.221 - - [22/Jan/2021:10:21:53 +0800] "GET /xingrg/kc/print/load_data.html?order_code=212021012210098&kc_code=cgsh&condition= HTTP/1.1" 200 1401
101.85.93.83 - - [22/Jan/2021:10:21:53 +0800] "GET /xingrg/all/function/internal_message.html?_=1611281764213&CODE_STATE=getMsg HTTP/1.1" 200 27
101.85.93.83 - - [22/Jan/2021:10:21:53 +0800] "GET /xingrg/check_reg.html?_=1611281764215 HTTP/1.1" 200 22
58.37.230.33 - - [22/Jan/2021:10:21:55 +0800] "POST /xingrg/kc/buy/cgsh_order_operate.html HTTP/1.1" 200 37
116.228.172.94 - - [22/Jan/2021:10:21:55 +0800] "GET /xingrg/check_reg.html?_=1611282107051 HTTP/1.1" 200 22
180.156.237.57 - - [22/Jan/2021:10:21:55 +0800] "GET /xingrg/all/function/internal_message.html?_=1611282113757&CODE_STATE=getMsg HTTP/1.1" 200 27
61.165.42.208 - - [22/Jan/2021:10:21:56 +0800] "GET /xingrg/all/function/internal_message.html?_=1611282116773&CODE_STATE=getMsg HTTP/1.1" 200 27
116.228.172.94 - - [22/Jan/2021:10:21:56 +0800] "GET /xingrg/all/function/internal_message.html?_=1611282108228&CODE_STATE=getMsg HTTP/1.1" 200 27
58.37.230.33 - - [22/Jan/2021:10:21:56 +0800] "POST /xingrg/kc/buy/cgsh_order_operate.html HTTP/1.1" 200 12
58.37.230.33 - - [22/Jan/2021:10:21:57 +0800] "GET /xingrg/kc/buy/cgsh_order_info.html?code=212021012210099 HTTP/1.1" 200 56863
58.37.230.33 - - [22/Jan/2021:10:21:58 +0800] "GET /xingrg/javascript/easyui/themes/default/validatebox.css HTTP/1.1" 404 1104
58.37.230.33 - - [22/Jan/2021:10:21:58 +0800] "POST /xingrg/kc/buy/cgsh_order_operate.html HTTP/1.1" 200 1786
58.37.230.33 - - [22/Jan/2021:10:21:59 +0800] "GET /xingrg/kc/print/load_data.html?order_code=212021012210099&kc_code=cgsh&condition= HTTP/1.1" 200 1203
117.184.7.30 - - [22/Jan/2021:10:22:04 +0800] "GET /xingrg/all/function/internal_message.html?_=1611282098556&CODE_STATE=getMsg HTTP/1.1" 200 27
