180.175.150.119 - - [22/Jan/2021:11:11:18 +0800] "GET /xingrg/javascript/easyui/plugins/jquery.parser.js HTTP/1.1" 304 -
222.69.138.221 - - [22/Jan/2021:11:11:19 +0800] "GET /xingrg/all/function/internal_message.html?_=1611285073344&CODE_STATE=getMsg HTTP/1.1" 200 27
116.228.172.94 - - [22/Jan/2021:11:11:20 +0800] "GET /xingrg/kc/print/load_data.html?order_code=212021012210145&kc_code=cgsh&condition= HTTP/1.1" 200 679
180.175.150.119 - - [22/Jan/2021:11:11:21 +0800] "POST /xingrg/kc/buy/cgsh_list_operate.html HTTP/1.1" 200 1681
222.69.138.221 - - [22/Jan/2021:11:11:21 +0800] "GET /xingrg/check_reg.html?_=1611285075350 HTTP/1.1" 200 22
180.175.150.119 - - [22/Jan/2021:11:11:24 +0800] "POST /xingrg/kc/buy/cgsh_list_operate.html HTTP/1.1" 200 582
114.88.166.193 - - [22/Jan/2021:11:11:24 +0800] "GET /xingrg/check_reg.html?_=1611285078405 HTTP/1.1" 200 22
116.233.72.20 - - [22/Jan/2021:11:11:24 +0800] "GET /xingrg/all/function/internal_message.html?_=1611285090126&CODE_STATE=getMsg HTTP/1.1" 200 27
114.88.166.193 - - [22/Jan/2021:11:11:25 +0800] "GET /xingrg/all/function/internal_message.html?_=1611285079310&CODE_STATE=getMsg HTTP/1.1" 200 27
180.175.150.119 - - [22/Jan/2021:11:11:25 +0800] "GET /xingrg/javascript/jquery_tools/order_manager.js HTTP/1.1" 304 -
180.175.150.119 - - [22/Jan/2021:11:11:25 +0800] "GET /xingrg/javascript/pic_change.js HTTP/1.1" 304 -
180.175.150.119 - - [22/Jan/2021:11:11:25 +0800] "GET /xingrg/javascript/json2.js HTTP/1.1" 304 -
180.175.150.119 - - [22/Jan/2021:11:11:25 +0800] "GET /xingrg/javascript/convert.js HTTP/1.1" 304 -
180.175.150.119 - - [22/Jan/2021:11:11:25 +0800] "GET /xingrg/javascript/print/kc_print.js HTTP/1.1" 304 -
180.175.150.119 - - [22/Jan/2021:11:11:25 +0800] "GET /xingrg/kc/buy/cgsh_order_info.html?code=212021012210139 HTTP/1.1" 200 61923
180.175.150.119 - - [22/Jan/2021:11:11:26 +0800] "GET /xingrg/words/20210120105349_words.js HTTP/1.1" 304 -
116.228.172.94 - - [22/Jan/2021:11:11:26 +0800] "GET /xingrg/kc/buy/cgsh_order_add.html HTTP/1.1" 200 62043
180.175.150.119 - - [22/Jan/2021:11:11:26 +0800] "GET /xingrg/javascript/easyui/themes/icons/copy_new.png HTTP/1.1" 304 -
180.175.150.119 - - [22/Jan/2021:11:11:26 +0800] "GET /xingrg/javascript/easyui/themes/icons/template_new.png HTTP/1.1" 304 -
180.175.150.119 - - [22/Jan/2021:11:11:26 +0800] "GET /xingrg/javascript/easyui/themes/icons/ok.png HTTP/1.1" 304 -
180.175.150.119 - - [22/Jan/2021:11:11:26 +0800] "GET /xingrg/javascript/easyui/themes/icons/cancel.png HTTP/1.1" 304 -
180.175.150.119 - - [22/Jan/2021:11:11:26 +0800] "GET /xingrg/javascript/easyui/themes/icons/print.png HTTP/1.1" 304 -
180.175.150.119 - - [22/Jan/2021:11:11:26 +0800] "GET /xingrg/javascript/easyui/themes/default/images/menu_downarrow.png HTTP/1.1" 304 -
116.228.172.94 - - [22/Jan/2021:11:11:27 +0800] "GET /xingrg/javascript/easyui/themes/default/validatebox.css HTTP/1.1" 404 1104
116.228.172.94 - - [22/Jan/2021:11:11:27 +0800] "POST /xingrg/kc/buy/cgsh_order_operate.html HTTP/1.1" 200 8245
180.175.150.119 - - [22/Jan/2021:11:11:27 +0800] "GET /xingrg/all/common/auto_word.html?type=employee&rest_code=00102 HTTP/1.1" 200 189
180.175.150.119 - - [22/Jan/2021:11:11:27 +0800] "GET /xingrg/all/common/auto_word.html?type=employee&rest_code=00102 HTTP/1.1" 200 189
180.175.150.119 - - [22/Jan/2021:11:11:27 +0800] "GET /xingrg/javascript/easyui/themes/default/validatebox.css HTTP/1.1" 404 1104
180.175.150.119 - - [22/Jan/2021:11:11:27 +0800] "GET /xingrg/javascript/easyui/plugins/jquery.validatebox.js HTTP/1.1" 304 -
180.175.150.119 - - [22/Jan/2021:11:11:27 +0800] "GET /xingrg/javascript/easyui/plugins/jquery.numberbox.js HTTP/1.1" 304 -
180.175.150.119 - - [22/Jan/2021:11:11:27 +0800] "POST /xingrg/kc/buy/cgsh_order_operate.html HTTP/1.1" 200 6806
180.175.150.119 - - [22/Jan/2021:11:11:27 +0800] "GET /xingrg/javascript/easyui/themes/icons/edit_remove.png HTTP/1.1" 304 -
180.156.237.57 - - [22/Jan/2021:11:11:28 +0800] "GET /xingrg/all/function/internal_message.html?_=1611285066139&CODE_STATE=getMsg HTTP/1.1" 200 27
114.88.166.193 - - [22/Jan/2021:11:11:28 +0800] "GET /xingrg/all/function/internal_message.html?_=1611285084499&CODE_STATE=getMsg HTTP/1.1" 200 27
117.185.32.26 - - [22/Jan/2021:11:11:28 +0800] "GET /xingrg/kc/buy/cgsh_order_operate.html?command=get_materiel&rest_code=00106&code=00101009045&supplier_code=00100022&order_time=2021-01-22 HTTP/1.1" 200 412
116.228.172.94 - - [22/Jan/2021:11:11:29 +0800] "GET /xingrg/javascript/easyui/themes/default/tree.css HTTP/1.1" 404 1090
116.228.172.94 - - [22/Jan/2021:11:11:29 +0800] "POST /xingrg/all/common/load_tree.html?tree=supplier_tree_json&isDelete=1 HTTP/1.1" 200 54555
117.185.32.26 - - [22/Jan/2021:11:11:29 +0800] "GET /xingrg/all/function/internal_message.html?_=1611285568238&CODE_STATE=getMsg HTTP/1.1" 200 27
180.175.150.119 - - [22/Jan/2021:11:11:30 +0800] "GET /xingrg/javascript/auto/indicator.gif HTTP/1.1" 404 1066
117.131.5.26 - - [22/Jan/2021:11:11:31 +0800] "GET /xingrg/all/function/internal_message.html?_=1611285142018&CODE_STATE=getMsg HTTP/1.1" 200 27
180.175.150.119 - - [22/Jan/2021:11:11:35 +0800] "GET /xingrg/kc/buy/cgsh_order_operate.html?command=get_materiel&rest_code=00102&code=00101009107&supplier_code=00100424&order_time=2021-01-22 HTTP/1.1" 200 396
180.175.150.119 - - [22/Jan/2021:11:11:36 +0800] "GET /xingrg/javascript/jquery_tools/images/prev.gif HTTP/1.1" 404 1086
180.175.150.119 - - [22/Jan/2021:11:11:36 +0800] "GET /xingrg/javascript/jquery_tools/images/next.gif HTTP/1.1" 404 1086
117.185.32.26 - - [22/Jan/2021:11:11:38 +0800] "GET /xingrg/kc/buy/cgsh_order_operate.html?command=get_materiel&rest_code=00106&code=00101009011&supplier_code=00100022&order_time=2021-01-22 HTTP/1.1" 200 417
180.175.150.119 - - [22/Jan/2021:11:11:42 +0800] "GET /xingrg/javascript/easyui/themes/default/images/button_plain_hover.png HTTP/1.1" 304 -
180.169.147.146 - - [22/Jan/2021:11:11:50 +0800] "GET /xingrg/all/function/internal_message.html?_=1611285110726&CODE_STATE=getMsg HTTP/1.1" 200 27
117.185.32.26 - - [22/Jan/2021:11:11:50 +0800] "GET /xingrg/kc/buy/cgsh_order_operate.html?command=get_materiel&rest_code=00106&code=00101009007&supplier_code=00100022&order_time=2021-01-22 HTTP/1.1" 200 408
180.175.150.119 - - [22/Jan/2021:11:11:50 +0800] "POST /xingrg/kc/buy/cgsh_order_operate.html HTTP/1.1" 200 37
61.165.42.208 - - [22/Jan/2021:11:11:51 +0800] "GET /xingrg/index.html?sysBaseUrl=http%3A%2F%2F180.169.147.146%3A18081%2Fxingrg%2F&costTime=32×tamp=1585224308505 HTTP/1.1" 302 -
61.165.42.208 - - [22/Jan/2021:11:11:51 +0800] "GET /xingrg/login.html HTTP/1.1" 200 7641
61.165.42.208 - - [22/Jan/2021:11:11:52 +0800] "GET /favicon.ico HTTP/1.1" 404 -
116.228.172.94 - - [22/Jan/2021:11:11:55 +0800] "GET /xingrg/check_reg.html?_=1611285106970 HTTP/1.1" 200 22
180.156.237.57 - - [22/Jan/2021:11:11:56 +0800] "GET /xingrg/all/function/internal_message.html?_=1611285113944&CODE_STATE=getMsg HTTP/1.1" 200 27
61.165.42.208 - - [22/Jan/2021:11:11:56 +0800] "GET /xingrg/all/function/internal_message.html?_=1611285116855&CODE_STATE=getMsg HTTP/1.1" 200 27
116.228.172.94 - - [22/Jan/2021:11:11:56 +0800] "GET /xingrg/all/function/internal_message.html?_=1611285108073&CODE_STATE=getMsg HTTP/1.1" 200 27
101.91.60.105 - - [22/Jan/2021:11:11:57 +0800] "GET /xingrg/all/function/internal_message.html?_=1611284466810&CODE_STATE=getMsg HTTP/1.1" 302 -
180.175.150.119 - - [22/Jan/2021:11:11:57 +0800] "POST /xingrg/kc/buy/cgsh_order_operate.html HTTP/1.1" 200 12
180.169.147.146 - - [22/Jan/2021:11:11:57 +0800] "GET /xingrg/all/function/internal_message.html?_=1611285113857&CODE_STATE=getMsg HTTP/1.1" 200 27
116.228.172.94 - - [22/Jan/2021:11:11:57 +0800] "GET /xingrg/kc/buy/cgsh_order_operate.html?command=get_materiel&rest_code=00107&code=00101006159&supplier_code=00100344&order_time=2021-01-22 HTTP/1.1" 200 415
116.227.17.5 - - [22/Jan/2021:11:11:58 +0800] "GET /xingrg/all/function/internal_message.html?_=1611285114730&CODE_STATE=getMsg HTTP/1.1" 200 27
180.175.150.119 - - [22/Jan/2021:11:12:00 +0800] "GET /xingrg/kc/buy/cgsh_order_info.html?code=212021012210139 HTTP/1.1" 200 56814
61.165.42.208 - - [22/Jan/2021:11:12:00 +0800] "POST /xingrg/login.do HTTP/1.1" 302 -
61.165.42.208 - - [22/Jan/2021:11:12:00 +0800] "GET /xingrg/index.html?sysBaseUrl=http%3A%2F%2F180.169.147.146%3A18081%2Fxingrg%2F&costTime=37×tamp=1611285120678 HTTP/1.1" 200 17173
180.175.150.119 - - [22/Jan/2021:11:12:02 +0800] "GET /xingrg/javascript/easyui/themes/default/validatebox.css HTTP/1.1" 404 1104
180.175.150.119 - - [22/Jan/2021:11:12:02 +0800] "POST /xingrg/kc/buy/cgsh_order_operate.html HTTP/1.1" 200 5340
61.165.42.208 - - [22/Jan/2021:11:12:02 +0800] "GET /favicon.ico HTTP/1.1" 404 -
172.20.0.100 - - [22/Jan/2021:11:12:03 +0800] "GET /xingrg/all/function/internal_message.html?_=1611285118812&CODE_STATE=getMsg HTTP/1.1" 200 27
61.165.42.208 - - [22/Jan/2021:11:12:03 +0800] "POST /xingrg/all/common/load_tree.html?tree=area_rest_tree_json&manage=1 HTTP/1.1" 200 342
117.185.32.26 - - [22/Jan/2021:11:12:04 +0800] "POST /xingrg/kc/buy/cgsh_order_operate.html HTTP/1.1" 200 37
180.175.150.119 - - [22/Jan/2021:11:12:04 +0800] "GET /xingrg/kc/print/load_config.html?kc_code=cgsh HTTP/1.1" 200 1845
180.175.150.119 - - [22/Jan/2021:11:12:04 +0800] "GET /xingrg/kc/print/load_data.html?order_code=212021012210139&kc_code=cgsh&condition= HTTP/1.1" 200 2485
61.165.42.208 - - [22/Jan/2021:11:12:05 +0800] "GET /xingrg/all/function/internal_message.html?_=1611285104427&CODE_STATE=count HTTP/1.1" 200 11
61.165.42.208 - - [22/Jan/2021:11:12:05 +0800] "GET /xingrg/check_reg.html?_=1611285104460 HTTP/1.1" 200 22
61.165.42.208 - - [22/Jan/2021:11:12:05 +0800] "POST /xingrg/load_menu.html HTTP/1.1" 200 5138
117.185.32.26 - - [22/Jan/2021:11:12:06 +0800] "POST /xingrg/kc/buy/cgsh_order_operate.html HTTP/1.1" 200 12
101.91.60.105 - - [22/Jan/2021:11:12:06 +0800] "GET /xingrg/login.html HTTP/1.1" 200 7641
58.37.230.33 - - [22/Jan/2021:11:12:07 +0800] "GET /xingrg/all/function/internal_message.html?_=1611285126817&CODE_STATE=getMsg HTTP/1.1" 200 27
117.185.32.26 - - [22/Jan/2021:11:12:07 +0800] "GET /xingrg/kc/buy/cgsh_order_info.html?code=212021012210146 HTTP/1.1" 200 56863
117.185.32.26 - - [22/Jan/2021:11:12:08 +0800] "GET /xingrg/javascript/easyui/themes/default/validatebox.css HTTP/1.1" 404 1104
117.184.7.26 - - [22/Jan/2021:11:12:08 +0800] "GET /xingrg/all/function/internal_message.html?_=1611285272847&CODE_STATE=getMsg HTTP/1.1" 200 27
117.184.7.30 - - [22/Jan/2021:11:12:08 +0800] "GET /xingrg/check_reg.html?_=1611285272845 HTTP/1.1" 200 22
117.185.32.26 - - [22/Jan/2021:11:12:08 +0800] "POST /xingrg/kc/buy/cgsh_order_operate.html HTTP/1.1" 200 1789
117.185.32.26 - - [22/Jan/2021:11:12:09 +0800] "GET /xingrg/kc/print/load_data.html?order_code=212021012210146&kc_code=cgsh&condition= HTTP/1.1" 200 1188
180.162.108.15 - - [22/Jan/2021:11:12:09 +0800] "GET /xingrg/all/function/internal_message.html?_=1611284985430&CODE_STATE=getMsg HTTP/1.1" 200 27
116.228.172.94 - - [22/Jan/2021:11:12:11 +0800] "GET /xingrg/kc/buy/cgsh_order_operate.html?command=get_materiel&rest_code=00107&code=00101006153&supplier_code=00100344&order_time=2021-01-22 HTTP/1.1" 200 415
61.165.42.208 - - [22/Jan/2021:11:12:13 +0800] "GET /xingrg/kc/base/base_main.html HTTP/1.1" 200 12142
180.175.150.119 - - [22/Jan/2021:11:12:13 +0800] "GET /xingrg/all/function/internal_message.html?_=1611285374623&CODE_STATE=getMsg HTTP/1.1" 200 27
218.81.223.240 - - [22/Jan/2021:11:12:14 +0800] "GET /xingrg/kc/buy/cgsh_order_operate.html?command=get_materiel&rest_code=00146&code=00101008064&supplier_code=00100005&order_time=2021-01-22 HTTP/1.1" 200 412
61.165.42.208 - - [22/Jan/2021:11:12:14 +0800] "GET /xingrg/kc/base/wldb_order_list.html HTTP/1.1" 200 19339
180.175.150.119 - - [22/Jan/2021:11:12:15 +0800] "GET /xingrg/kc/buy/cgsh_order_add.html HTTP/1.1" 200 61914
117.185.32.26 - - [22/Jan/2021:11:12:16 +0800] "GET /xingrg/kc/print/load_data.html?order_code=212021012210146&kc_code=cgsh HTTP/1.1" 200 1188
61.165.42.208 - - [22/Jan/2021:11:12:17 +0800] "POST /xingrg/kc/base/wldb_list_operate.html HTTP/1.1" 200 928
180.169.147.146 - - [22/Jan/2021:11:12:17 +0800] "GET /xingrg/all/function/internal_message.html?_=1611285133357&CODE_STATE=getMsg HTTP/1.1" 200 27
218.81.223.240 - - [22/Jan/2021:11:12:17 +0800] "POST /xingrg/kc/buy/cgsh_order_operate.html HTTP/1.1" 200 2065
61.165.42.208 - - [22/Jan/2021:11:12:18 +0800] "GET /xingrg/kc/base/wldb_order_add.html HTTP/1.1" 200 30502
180.175.150.119 - - [22/Jan/2021:11:12:18 +0800] "POST /xingrg/kc/buy/cgsh_order_operate.html HTTP/1.1" 200 8245
61.165.42.208 - - [22/Jan/2021:11:12:19 +0800] "GET /xingrg/words/20210120105349_words.js HTTP/1.1" 304 -
180.175.150.119 - - [22/Jan/2021:11:12:19 +0800] "GET /xingrg/javascript/easyui/themes/default/validatebox.css HTTP/1.1" 404 1104
61.165.42.208 - - [22/Jan/2021:11:12:19 +0800] "GET /xingrg/all/common/auto_word.html?type=base&rest_code=00105 HTTP/1.1" 200 1811
61.165.42.208 - - [22/Jan/2021:11:12:19 +0800] "GET /xingrg/all/common/auto_word.html?type=base&rest_code=00105 HTTP/1.1" 200 1811
61.165.42.208 - - [22/Jan/2021:11:12:19 +0800] "GET /xingrg/javascript/easyui/themes/default/validatebox.css HTTP/1.1" 404 1104
61.165.42.208 - - [22/Jan/2021:11:12:19 +0800] "POST /xingrg/kc/base/wldb_order_operate.html HTTP/1.1" 200 6806
116.227.17.5 - - [22/Jan/2021:11:12:19 +0800] "GET /xingrg/kc/buy/cgsh_order_operate.html?command=get_materiel&rest_code=00155&code=00102009521&supplier_code=00100212&order_time=2021-01-22 HTTP/1.1" 200 413
222.69.138.221 - - [22/Jan/2021:11:12:19 +0800] "GET /xingrg/all/function/internal_message.html?_=1611285133316&CODE_STATE=getMsg HTTP/1.1" 200 27
61.165.42.208 - - [22/Jan/2021:11:12:20 +0800] "POST /xingrg/all/common/load_combo.html?type=base HTTP/1.1" 200 3236
116.228.172.94 - - [22/Jan/2021:11:12:21 +0800] "POST /xingrg/kc/buy/cgsh_order_operate.html HTTP/1.1" 200 37
180.175.150.119 - - [22/Jan/2021:11:12:21 +0800] "GET /xingrg/javascript/easyui/plugins/jquery.draggable.js HTTP/1.1" 304 -
180.175.150.119 - - [22/Jan/2021:11:12:21 +0800] "GET /xingrg/css/images/panel_loading.gif HTTP/1.1" 304 -
180.175.150.119 - - [22/Jan/2021:11:12:21 +0800] "GET /xingrg/javascript/easyui/plugins/jquery.droppable.js HTTP/1.1" 304 -
180.175.150.119 - - [22/Jan/2021:11:12:22 +0800] "GET /xingrg/javascript/easyui/themes/default/tree.css HTTP/1.1" 404 1090
180.175.150.119 - - [22/Jan/2021:11:12:22 +0800] "GET /xingrg/javascript/easyui/plugins/jquery.tree.js HTTP/1.1" 304 -
114.88.166.193 - - [22/Jan/2021:11:12:22 +0800] "GET /xingrg/kc/buy/cgsh_order_add.html HTTP/1.1" 200 61955
180.175.150.119 - - [22/Jan/2021:11:12:22 +0800] "POST /xingrg/all/common/load_tree.html?tree=supplier_tree_json&isDelete=1 HTTP/1.1" 200 54555
114.88.166.193 - - [22/Jan/2021:11:12:22 +0800] "POST /xingrg/kc/buy/cgsh_order_operate.html HTTP/1.1" 200 8245
114.88.166.193 - - [22/Jan/2021:11:12:22 +0800] "GET /xingrg/javascript/easyui/themes/default/validatebox.css HTTP/1.1" 404 1104
116.228.172.94 - - [22/Jan/2021:11:12:22 +0800] "POST /xingrg/kc/buy/cgsh_order_operate.html HTTP/1.1" 200 3255
116.228.172.94 - - [22/Jan/2021:11:12:23 +0800] "GET /xingrg/kc/print/load_data.html?order_code=212021012210147&kc_code=cgsh&condition= HTTP/1.1" 200 908
61.165.42.208 - - [22/Jan/2021:11:12:24 +0800] "POST /xingrg/all/common/load_combo.html?type=base HTTP/1.1" 200 3236
116.233.72.20 - - [22/Jan/2021:11:12:24 +0800] "GET /xingrg/all/function/internal_message.html?_=1611285150131&CODE_STATE=getMsg HTTP/1.1" 200 27
114.88.166.193 - - [22/Jan/2021:11:12:25 +0800] "GET /xingrg/all/function/internal_message.html?_=1611285139325&CODE_STATE=getMsg HTTP/1.1" 200 27
180.175.150.119 - - [22/Jan/2021:11:12:26 +0800] "GET /xingrg/javascript/easyui/themes/default/images/tree_arrows.gif HTTP/1.1" 304 -
180.175.150.119 - - [22/Jan/2021:11:12:26 +0800] "GET /xingrg/javascript/easyui/themes/default/images/tree_folder_open.gif HTTP/1.1" 304 -
180.175.150.119 - - [22/Jan/2021:11:12:26 +0800] "GET /xingrg/javascript/easyui/themes/default/images/tree_folder.gif HTTP/1.1" 304 -
180.175.150.119 - - [22/Jan/2021:11:12:26 +0800] "GET /xingrg/javascript/easyui/themes/default/images/tree_file.gif HTTP/1.1" 304 -
180.156.237.57 - - [22/Jan/2021:11:12:27 +0800] "GET /xingrg/check_reg.html?_=1611285125301 HTTP/1.1" 200 22
116.228.172.94 - - [22/Jan/2021:11:12:27 +0800] "GET /xingrg/kc/buy/cgsh_order_add.html HTTP/1.1" 200 62043
180.156.237.57 - - [22/Jan/2021:11:12:28 +0800] "GET /xingrg/all/function/internal_message.html?_=1611285126153&CODE_STATE=getMsg HTTP/1.1" 200 27
114.88.166.193 - - [22/Jan/2021:11:12:28 +0800] "GET /xingrg/all/function/internal_message.html?_=1611285144499&CODE_STATE=getMsg HTTP/1.1" 200 27
116.228.172.94 - - [22/Jan/2021:11:12:28 +0800] "POST /xingrg/kc/buy/cgsh_order_operate.html HTTP/1.1" 200 8245
116.228.172.94 - - [22/Jan/2021:11:12:28 +0800] "GET /xingrg/javascript/easyui/themes/default/validatebox.css HTTP/1.1" 404 1104
117.185.32.26 - - [22/Jan/2021:11:12:29 +0800] "GET /xingrg/all/function/internal_message.html?_=1611285628215&CODE_STATE=getMsg HTTP/1.1" 200 27
116.228.172.94 - - [22/Jan/2021:11:12:29 +0800] "GET /xingrg/javascript/easyui/themes/default/tree.css HTTP/1.1" 404 1090
116.228.172.94 - - [22/Jan/2021:11:12:30 +0800] "POST /xingrg/all/common/load_tree.html?tree=supplier_tree_json&isDelete=1 HTTP/1.1" 200 54555
117.131.5.26 - - [22/Jan/2021:11:12:31 +0800] "GET /xingrg/all/function/internal_message.html?_=1611285202017&CODE_STATE=getMsg HTTP/1.1" 200 27
218.81.223.240 - - [22/Jan/2021:11:12:31 +0800] "GET /xingrg/kc/buy/cgsh_order_operate.html?command=get_materiel&rest_code=00146&code=00101008150&supplier_code=00100005&order_time=2021-01-22 HTTP/1.1" 200 409
172.20.0.100 - - [22/Jan/2021:11:12:33 +0800] "GET /xingrg/login.html HTTP/1.1" 200 7636
172.20.0.100 - - [22/Jan/2021:11:12:33 +0800] "GET /xingrg/images/blue/jxLogo.png HTTP/1.1" 200 6156
172.20.0.100 - - [22/Jan/2021:11:12:33 +0800] "GET /xingrg/images/blue/login_bg.png HTTP/1.1" 200 22101
172.20.0.100 - - [22/Jan/2021:11:12:33 +0800] "GET /xingrg/images/blue/hj.png HTTP/1.1" 200 1014
172.20.0.100 - - [22/Jan/2021:11:12:33 +0800] "GET /xingrg/images/blue/srbg.png HTTP/1.1" 200 138
172.20.0.100 - - [22/Jan/2021:11:12:33 +0800] "GET /favicon.ico HTTP/1.1" 404 -
116.227.17.5 - - [22/Jan/2021:11:12:33 +0800] "POST /xingrg/kc/buy/cgsh_order_operate.html HTTP/1.1" 200 37
172.20.0.100 - - [22/Jan/2021:11:12:34 +0800] "POST /xingrg/login.do HTTP/1.1" 302 -
61.165.42.208 - - [22/Jan/2021:11:12:34 +0800] "GET /xingrg/javascript/auto/indicator.gif HTTP/1.1" 404 1066
172.20.0.100 - - [22/Jan/2021:11:12:34 +0800] "GET /xingrg/index.html?sysBaseUrl=http%3A%2F%2F172.20.0.8%3A18081%2Fxingrg%2F&costTime=51×tamp=1611285154833 HTTP/1.1" 200 17448
172.20.0.100 - - [22/Jan/2021:11:12:34 +0800] "GET /xingrg/javascript/jquery_easy_ui/themes/icon.css HTTP/1.1" 200 3949
172.20.0.100 - - [22/Jan/2021:11:12:34 +0800] "GET /xingrg/javascript/jquery_easy_ui/themes/default/easyui.css HTTP/1.1" 200 26500
172.20.0.100 - - [22/Jan/2021:11:12:34 +0800] "GET /xingrg/css/form.css HTTP/1.1" 200 893
172.20.0.100 - - [22/Jan/2021:11:12:34 +0800] "GET /xingrg/javascript/jquery-1.4.2.min.js HTTP/1.1" 200 72205
172.20.0.100 - - [22/Jan/2021:11:12:34 +0800] "GET /xingrg/javascript/jquery_easy_ui/jquery.easyui.min.js HTTP/1.1" 200 213662
172.20.0.100 - - [22/Jan/2021:11:12:34 +0800] "GET /xingrg/javascript/jquery_easy_ui/easyui-lang-zh_CN.js HTTP/1.1" 200 1900
172.20.0.100 - - [22/Jan/2021:11:12:34 +0800] "GET /xingrg/javascript/jquery.form.js HTTP/1.1" 200 23110
172.20.0.100 - - [22/Jan/2021:11:12:34 +0800] "GET /xingrg/javascript/jquery.utils.js HTTP/1.1" 200 11805
172.20.0.100 - - [22/Jan/2021:11:12:34 +0800] "GET /xingrg/javascript/jquery.timers.js HTTP/1.1" 200 3532
172.20.0.100 - - [22/Jan/2021:11:12:34 +0800] "GET /favicon.ico HTTP/1.1" 404 -
172.20.0.100 - - [22/Jan/2021:11:12:34 +0800] "GET /xingrg/javascript/jquery_easy_ui/themes/icons/settle_new.png HTTP/1.1" 200 826
172.20.0.100 - - [22/Jan/2021:11:12:35 +0800] "GET /xingrg/images/blue/navBackgound.jpg HTTP/1.1" 200 12378
172.20.0.100 - - [22/Jan/2021:11:12:35 +0800] "POST /xingrg/all/common/load_tree.html?tree=area_rest_tree_json&manage=1 HTTP/1.1" 200 3344
172.20.0.100 - - [22/Jan/2021:11:12:35 +0800] "GET /xingrg/all/function/internal_message.html?_=1611285153078&CODE_STATE=count HTTP/1.1" 200 11
172.20.0.100 - - [22/Jan/2021:11:12:35 +0800] "GET /xingrg/check_reg.html?_=1611285153079 HTTP/1.1" 200 22
172.20.0.100 - - [22/Jan/2021:11:12:35 +0800] "GET /xingrg/images/blue/pingpu.png HTTP/1.1" 200 231
172.20.0.100 - - [22/Jan/2021:11:12:35 +0800] "GET /xingrg/javascript/jquery_easy_ui/themes/default/images/tabs_leftarrow.png HTTP/1.1" 200 389
172.20.0.100 - - [22/Jan/2021:11:12:35 +0800] "GET /xingrg/javascript/jquery_easy_ui/themes/default/images/tabs_rightarrow.png HTTP/1.1" 200 395
172.20.0.100 - - [22/Jan/2021:11:12:35 +0800] "GET /xingrg/javascript/jquery_easy_ui/themes/default/images/panel_tool_expand.gif HTTP/1.1" 200 247
172.20.0.100 - - [22/Jan/2021:11:12:35 +0800] "GET /xingrg/javascript/jquery_easy_ui/themes/default/images/panel_tool_collapse.gif HTTP/1.1" 200 246
172.20.0.100 - - [22/Jan/2021:11:12:35 +0800] "POST /xingrg/load_menu.html HTTP/1.1" 200 11529
116.227.17.5 - - [22/Jan/2021:11:12:35 +0800] "POST /xingrg/kc/buy/cgsh_order_operate.html HTTP/1.1" 200 3856
172.20.0.100 - - [22/Jan/2021:11:12:35 +0800] "GET /xingrg/javascript/jquery_easy_ui/themes/default/images/tree_arrows.gif HTTP/1.1" 200 1043
172.20.0.100 - - [22/Jan/2021:11:12:35 +0800] "GET /xingrg/javascript/jquery_easy_ui/themes/default/images/tree_folder_open.gif HTTP/1.1" 200 956
172.20.0.100 - - [22/Jan/2021:11:12:35 +0800] "GET /xingrg/javascript/jquery_easy_ui/themes/icons/search_new.png HTTP/1.1" 200 586
172.20.0.100 - - [22/Jan/2021:11:12:35 +0800] "GET /xingrg/javascript/jquery_easy_ui/themes/icons/delivery_new.png HTTP/1.1" 200 700
172.20.0.100 - - [22/Jan/2021:11:12:35 +0800] "GET /xingrg/javascript/jquery_easy_ui/themes/icons/storage_new.png HTTP/1.1" 200 853
172.20.0.100 - - [22/Jan/2021:11:12:35 +0800] "GET /xingrg/javascript/jquery_easy_ui/themes/icons/checkout_new.png HTTP/1.1" 200 744
172.20.0.100 - - [22/Jan/2021:11:12:35 +0800] "GET /xingrg/javascript/jquery_easy_ui/themes/icons/forms_new.png HTTP/1.1" 200 350
172.20.0.100 - - [22/Jan/2021:11:12:35 +0800] "GET /xingrg/javascript/jquery_easy_ui/themes/icons/setting_new.png HTTP/1.1" 200 450
172.20.0.100 - - [22/Jan/2021:11:12:35 +0800] "GET /xingrg/javascript/jquery_easy_ui/themes/icons/systemset_new.png HTTP/1.1" 200 606
172.20.0.100 - - [22/Jan/2021:11:12:35 +0800] "GET /xingrg/javascript/jquery_easy_ui/themes/default/images/tree_file.gif HTTP/1.1" 200 118
172.20.0.100 - - [22/Jan/2021:11:12:35 +0800] "GET /xingrg/javascript/jquery_easy_ui/themes/default/images/tree_folder.gif HTTP/1.1" 200 952
172.20.0.100 - - [22/Jan/2021:11:12:37 +0800] "GET /xingrg/javascript/jquery_easy_ui/themes/icons/area.png HTTP/1.1" 200 262
172.20.0.100 - - [22/Jan/2021:11:12:37 +0800] "GET /xingrg/javascript/jquery_easy_ui/themes/icons/manage.png HTTP/1.1" 200 696
172.20.0.100 - - [22/Jan/2021:11:12:37 +0800] "GET /xingrg/javascript/jquery_easy_ui/themes/icons/rest.png HTTP/1.1" 200 695
172.20.0.100 - - [22/Jan/2021:11:12:37 +0800] "GET /xingrg/javascript/jquery_easy_ui/themes/default/images/button_a_bg.gif HTTP/1.1" 200 1194
172.20.0.100 - - [22/Jan/2021:11:12:37 +0800] "GET /xingrg/javascript/jquery_easy_ui/themes/default/images/button_span_bg.gif HTTP/1.1" 200 2061
172.20.0.100 - - [22/Jan/2021:11:12:37 +0800] "GET /xingrg/javascript/jquery_easy_ui/themes/icons/ok.png HTTP/1.1" 200 883
172.20.0.100 - - [22/Jan/2021:11:12:37 +0800] "GET /xingrg/javascript/jquery_easy_ui/themes/default/images/panel_title.png HTTP/1.1" 200 266
172.20.0.100 - - [22/Jan/2021:11:12:37 +0800] "GET /xingrg/javascript/jquery_easy_ui/themes/default/images/panel_tools.gif HTTP/1.1" 200 737
180.175.150.119 - - [22/Jan/2021:11:12:38 +0800] "GET /xingrg/kc/buy/cgsh_order_operate.html?command=get_materiel&rest_code=00102&code=00101011003&supplier_code=00100047&order_time=2021-01-22 HTTP/1.1" 200 413
172.20.0.100 - - [22/Jan/2021:11:12:39 +0800] "GET /xingrg/images/control/ajaxLoader.gif HTTP/1.1" 200 4659
172.20.0.100 - - [22/Jan/2021:11:12:39 +0800] "POST /xingrg/all/user/operate.html HTTP/1.1" 200 36
172.20.0.100 - - [22/Jan/2021:11:12:39 +0800] "GET /xingrg/index.html?sysBaseUrl=http%3A%2F%2F172.20.0.8%3A18081%2Fxingrg%2F&costTime=51×tamp=1611285154833 HTTP/1.1" 200 17454
172.20.0.100 - - [22/Jan/2021:11:12:39 +0800] "GET /xingrg/javascript/jquery_easy_ui/themes/default/easyui.css HTTP/1.1" 304 -
172.20.0.100 - - [22/Jan/2021:11:12:39 +0800] "GET /xingrg/javascript/jquery_easy_ui/themes/icon.css HTTP/1.1" 304 -
172.20.0.100 - - [22/Jan/2021:11:12:39 +0800] "GET /xingrg/css/form.css HTTP/1.1" 304 -
172.20.0.100 - - [22/Jan/2021:11:12:39 +0800] "GET /xingrg/javascript/jquery-1.4.2.min.js HTTP/1.1" 304 -
172.20.0.100 - - [22/Jan/2021:11:12:39 +0800] "GET /xingrg/javascript/jquery_easy_ui/jquery.easyui.min.js HTTP/1.1" 304 -
172.20.0.100 - - [22/Jan/2021:11:12:39 +0800] "GET /xingrg/javascript/jquery_easy_ui/easyui-lang-zh_CN.js HTTP/1.1" 304 -
172.20.0.100 - - [22/Jan/2021:11:12:39 +0800] "GET /xingrg/javascript/jquery.form.js HTTP/1.1" 304 -
172.20.0.100 - - [22/Jan/2021:11:12:39 +0800] "GET /xingrg/javascript/jquery.utils.js HTTP/1.1" 304 -
172.20.0.100 - - [22/Jan/2021:11:12:39 +0800] "GET /xingrg/javascript/jquery.timers.js HTTP/1.1" 304 -
172.20.0.100 - - [22/Jan/2021:11:12:39 +0800] "GET /xingrg/images/blue/jxLogo.png HTTP/1.1" 304 -
172.20.0.100 - - [22/Jan/2021:11:12:39 +0800] "GET /xingrg/images/blue/navBackgound.jpg HTTP/1.1" 304 -
172.20.0.100 - - [22/Jan/2021:11:12:39 +0800] "GET /xingrg/javascript/jquery_easy_ui/themes/icons/settle_new.png HTTP/1.1" 304 -
172.20.0.100 - - [22/Jan/2021:11:12:39 +0800] "POST /xingrg/all/common/load_tree.html?tree=area_rest_tree_json&manage=1 HTTP/1.1" 200 3344
172.20.0.100 - - [22/Jan/2021:11:12:39 +0800] "GET /xingrg/all/function/internal_message.html?_=1611285157495&CODE_STATE=count HTTP/1.1" 200 11
172.20.0.100 - - [22/Jan/2021:11:12:39 +0800] "GET /xingrg/check_reg.html?_=1611285157496 HTTP/1.1" 200 22
172.20.0.100 - - [22/Jan/2021:11:12:39 +0800] "GET /xingrg/javascript/jquery_easy_ui/themes/default/images/tabs_leftarrow.png HTTP/1.1" 304 -
172.20.0.100 - - [22/Jan/2021:11:12:39 +0800] "GET /xingrg/javascript/jquery_easy_ui/themes/default/images/panel_tool_expand.gif HTTP/1.1" 304 -
172.20.0.100 - - [22/Jan/2021:11:12:39 +0800] "GET /xingrg/javascript/jquery_easy_ui/themes/default/images/panel_tool_collapse.gif HTTP/1.1" 304 -
172.20.0.100 - - [22/Jan/2021:11:12:39 +0800] "GET /xingrg/javascript/jquery_easy_ui/themes/default/images/tabs_rightarrow.png HTTP/1.1" 304 -
172.20.0.100 - - [22/Jan/2021:11:12:39 +0800] "GET /xingrg/images/blue/pingpu.png HTTP/1.1" 304 -
172.20.0.100 - - [22/Jan/2021:11:12:39 +0800] "POST /xingrg/load_menu.html HTTP/1.1" 200 9924
172.20.0.100 - - [22/Jan/2021:11:12:40 +0800] "GET /xingrg/kc/report/report_main.html HTTP/1.1" 200 7325
172.20.0.100 - - [22/Jan/2021:11:12:40 +0800] "GET /xingrg/javascript/jquery_easy_ui/themes/default/images/tabs_close.gif HTTP/1.1" 200 829
172.20.0.100 - - [22/Jan/2021:11:12:40 +0800] "GET /xingrg/css/blue.css HTTP/1.1" 200 15949
172.20.0.100 - - [22/Jan/2021:11:12:40 +0800] "GET /xingrg/javascript/jquery_ui/themes/humanity/humanity.css HTTP/1.1" 200 27801
172.20.0.100 - - [22/Jan/2021:11:12:40 +0800] "GET /xingrg/javascript/pic_change.js HTTP/1.1" 200 4739
172.20.0.100 - - [22/Jan/2021:11:12:40 +0800] "GET /xingrg/javascript/myfunction.js HTTP/1.1" 200 24559
172.20.0.100 - - [22/Jan/2021:11:12:40 +0800] "GET /xingrg/javascript/json2.js HTTP/1.1" 200 11259
172.20.0.100 - - [22/Jan/2021:11:12:40 +0800] "GET /xingrg/javascript/jquery_easy_ui/themes/icons/back_new.png HTTP/1.1" 200 3414
172.20.0.100 - - [22/Jan/2021:11:12:41 +0800] "GET /xingrg/kc/base/crk_hz.html HTTP/1.1" 200 11227
172.20.0.100 - - [22/Jan/2021:11:12:41 +0800] "GET /xingrg/javascript/step/step.css HTTP/1.1" 200 999
172.20.0.100 - - [22/Jan/2021:11:12:41 +0800] "GET /xingrg/css/table.css HTTP/1.1" 200 3684
172.20.0.100 - - [22/Jan/2021:11:12:41 +0800] "POST /xingrg/kc/cost/cost_operate.html?command=get_base_tree HTTP/1.1" 200 2450
172.20.0.100 - - [22/Jan/2021:11:12:41 +0800] "POST /xingrg/all/common/load_tree.html?tree=materiel_sort_tree_json HTTP/1.1" 200 8666
172.20.0.100 - - [22/Jan/2021:11:12:41 +0800] "GET /xingrg/javascript/jquery_easy_ui/themes/default/images/combo_arrow_dot.gif HTTP/1.1" 200 79
172.20.0.100 - - [22/Jan/2021:11:12:41 +0800] "GET /xingrg/javascript/jquery_easy_ui/themes/icons/search.png HTTP/1.1" 200 813
172.20.0.100 - - [22/Jan/2021:11:12:41 +0800] "GET /xingrg/javascript/jquery_easy_ui/themes/default/images/menu_downarrow.png HTTP/1.1" 200 173
172.20.0.100 - - [22/Jan/2021:11:12:41 +0800] "GET /xingrg/javascript/jquery_easy_ui/themes/icons/print.png HTTP/1.1" 200 1057
172.20.0.100 - - [22/Jan/2021:11:12:41 +0800] "GET /xingrg/javascript/jquery_easy_ui/themes/default/images/menu.gif HTTP/1.1" 200 834
172.20.0.100 - - [22/Jan/2021:11:12:41 +0800] "GET /xingrg/javascript/jquery_easy_ui/themes/default/images/calendar_prevmonth.gif HTTP/1.1" 200 66
172.20.0.100 - - [22/Jan/2021:11:12:41 +0800] "GET /xingrg/javascript/jquery_easy_ui/themes/default/images/calendar_nextmonth.gif HTTP/1.1" 200 64
172.20.0.100 - - [22/Jan/2021:11:12:41 +0800] "GET /xingrg/javascript/jquery_easy_ui/themes/default/images/calendar_prevyear.gif HTTP/1.1" 200 76
172.20.0.100 - - [22/Jan/2021:11:12:41 +0800] "GET /xingrg/javascript/jquery_easy_ui/themes/default/images/calendar_nextyear.gif HTTP/1.1" 200 75
172.20.0.100 - - [22/Jan/2021:11:12:42 +0800] "GET /xingrg/javascript/jquery_easy_ui/themes/default/images/tree_checkbox_0.gif HTTP/1.1" 200 168
218.81.223.240 - - [22/Jan/2021:11:12:42 +0800] "GET /xingrg/kc/buy/cgsh_order_operate.html?command=get_materiel&rest_code=00146&code=00101015038&supplier_code=00100005&order_time=2021-01-22 HTTP/1.1" 200 418
61.165.42.208 - - [22/Jan/2021:11:12:43 +0800] "GET /xingrg/kc/base/wldb_order_operate.html?command=get_materiel&rest_code=00105&base_code=0010507&code=00101019384 HTTP/1.1" 200 457
116.227.17.5 - - [22/Jan/2021:11:12:45 +0800] "GET /xingrg/kc/buy/cgsh_order_add.html HTTP/1.1" 200 61923
116.227.17.5 - - [22/Jan/2021:11:12:45 +0800] "POST /xingrg/kc/buy/cgsh_order_operate.html HTTP/1.1" 200 8245
116.227.17.5 - - [22/Jan/2021:11:12:45 +0800] "GET /xingrg/javascript/easyui/themes/default/validatebox.css HTTP/1.1" 404 1104
180.175.150.119 - - [22/Jan/2021:11:12:47 +0800] "GET /xingrg/kc/buy/cgsh_order_operate.html?command=get_materiel&rest_code=00102&code=00101011005&supplier_code=00100047&order_time=2021-01-22 HTTP/1.1" 200 428
172.20.0.100 - - [22/Jan/2021:11:12:48 +0800] "GET /xingrg/javascript/jquery_easy_ui/themes/default/images/tree_checkbox_1.gif HTTP/1.1" 200 174
172.20.0.100 - - [22/Jan/2021:11:12:48 +0800] "GET /xingrg/javascript/jquery_easy_ui/themes/default/images/tree_checkbox_2.gif HTTP/1.1" 200 181
172.20.0.100 - - [22/Jan/2021:11:12:50 +0800] "GET /xingrg/kc/base/crk_hz.html?_=1611285168427&command=get_cost_id&end_date=2021-01-31&start_date=2021-01-01 HTTP/1.1" 200 51
172.20.0.100 - - [22/Jan/2021:11:12:50 +0800] "GET /xingrg/all/report/report_query.html?isQuery=1&onlyBody=1&rh=99999&rw=1800&varString=start:20210101,cost_id:2957,mid:20210101&fileName=kc/base/crk_hz_type_by_base.xml&queryString=%20a.base_code%20in%20('0010037')%20&queryText=ÈÕÆÚ£º2021-01-01ÖÁ2021-01-31%20²Ö¿â£ºº£ÏʳØ&tableQueryString=materiel_table$sp1$$sp$before_table$sp1$$sp$crk_table$sp1$order_day%20between%2020210101%20and%2020210131 HTTP/1.1" 200 49325
172.20.0.100 - - [22/Jan/2021:11:12:50 +0800] "GET /xingrg/javascript/multi_select/jqueryMultiSelect.css HTTP/1.1" 200 951
172.20.0.100 - - [22/Jan/2021:11:12:50 +0800] "GET /xingrg/javascript/calendar/timePicker.css HTTP/1.1" 200 523
172.20.0.100 - - [22/Jan/2021:11:12:50 +0800] "GET /xingrg/javascript/bigrid/fix.css HTTP/1.1" 200 1702
172.20.0.100 - - [22/Jan/2021:11:12:50 +0800] "GET /xingrg/dwr/interface/AjaxReportQueryService.js HTTP/1.1" 200 13203
172.20.0.100 - - [22/Jan/2021:11:12:50 +0800] "GET /xingrg/dwr/engine.js HTTP/1.1" 200 43631
172.20.0.100 - - [22/Jan/2021:11:12:50 +0800] "GET /xingrg/dwr/util.js HTTP/1.1" 200 35990
172.20.0.100 - - [22/Jan/2021:11:12:50 +0800] "GET /xingrg/javascript/jqueryMultiSelect.js HTTP/1.1" 200 11866
172.20.0.100 - - [22/Jan/2021:11:12:50 +0800] "GET /xingrg/javascript/calendar/jquery.timePicker.min.js HTTP/1.1" 200 2997
172.20.0.100 - - [22/Jan/2021:11:12:50 +0800] "GET /xingrg/javascript/Calendar.js HTTP/1.1" 200 31561
172.20.0.100 - - [22/Jan/2021:11:12:50 +0800] "GET /xingrg/javascript/bigrid/fix.js HTTP/1.1" 200 6439
180.169.147.146 - - [22/Jan/2021:11:12:50 +0800] "GET /xingrg/all/function/internal_message.html?_=1611285170733&CODE_STATE=getMsg HTTP/1.1" 200 27
172.20.0.100 - - [22/Jan/2021:11:12:50 +0800] "GET /xingrg/images/control/loading.gif HTTP/1.1" 200 13463
172.20.0.100 - - [22/Jan/2021:11:12:50 +0800] "GET /xingrg/images/blue/button/advanceover.gif HTTP/1.1" 200 1347
172.20.0.100 - - [22/Jan/2021:11:12:50 +0800] "GET /xingrg/images/blue/button/advance2over.gif HTTP/1.1" 200 1336
172.20.0.100 - - [22/Jan/2021:11:12:50 +0800] "GET /xingrg/images/blue/button/back2over.gif HTTP/1.1" 200 1335
172.20.0.100 - - [22/Jan/2021:11:12:50 +0800] "GET /xingrg/images/blue/button/backover.gif HTTP/1.1" 200 1348
172.20.0.100 - - [22/Jan/2021:11:12:50 +0800] "GET /xingrg/javascript/jquery_easy_ui/themes/icons/help.png HTTP/1.1" 200 1187
172.20.0.100 - - [22/Jan/2021:11:12:51 +0800] "POST /xingrg/all/report/load_report_page.html HTTP/1.1" 200 94647
172.20.0.100 - - [22/Jan/2021:11:12:51 +0800] "GET /xingrg/servlets/image?cache=0.2057414906026268&image=px HTTP/1.1" 200 807
218.81.223.240 - - [22/Jan/2021:11:12:54 +0800] "GET /xingrg/kc/buy/cgsh_order_operate.html?command=get_materiel&rest_code=00146&code=00101015046&supplier_code=00100005&order_time=2021-01-22 HTTP/1.1" 200 412
61.165.42.208 - - [22/Jan/2021:11:12:54 +0800] "GET /xingrg/kc/base/wldb_order_operate.html?command=get_materiel&rest_code=00105&base_code=0010507&code=00101019400 HTTP/1.1" 200 451
116.228.172.94 - - [22/Jan/2021:11:12:54 +0800] "GET /xingrg/kc/buy/cgsh_order_operate.html?command=get_materiel&rest_code=00107&code=00101010108&supplier_code=00100336&order_time=2021-01-22 HTTP/1.1" 200 421
180.156.237.57 - - [22/Jan/2021:11:12:56 +0800] "GET /xingrg/check_reg.html?_=1611285173951 HTTP/1.1" 200 22
180.156.237.57 - - [22/Jan/2021:11:12:56 +0800] "GET /xingrg/all/function/internal_message.html?_=1611285173953&CODE_STATE=getMsg HTTP/1.1" 200 27
61.165.42.208 - - [22/Jan/2021:11:12:56 +0800] "GET /xingrg/all/function/internal_message.html?_=1611285176854&CODE_STATE=getMsg HTTP/1.1" 200 27
61.165.42.208 - - [22/Jan/2021:11:12:56 +0800] "GET /xingrg/check_reg.html?_=1611285176856 HTTP/1.1" 200 22
172.20.0.100 - - [22/Jan/2021:11:12:56 +0800] "GET /xingrg/all/report/report_query.html?isQuery=1&fileName=kc/base/crk_detail_by_small.xml&rh=99999&queryString=&queryText=%25E3%2580%2590%25E4%25BB%2593%25E5%25BA%2593%25E5%2590%258D%25E7%25A7%25B0%253A%25E6%25B5%25B7%25E9%25B2%259C%25E6%25B1%25A0%25E3%2580%2591%25E3%2580%2590%25E4%25B8%259A%25E5%258A%25A1%25E7%25B1%25BB%25E5%259E%258B%25EF%25BC%259A%25E8%25B0%2583%25E5%25BE%2580%25E5%25BC%2582%25E5%25BA%2597%25E3%2580%2591%2520%253F%253F%253F%253F%253F2021-01-01%253F%253F2021-01-31%2520%253F%253F%253F%253F%253F%253F%253F%253F&tableQueryString=crk_table%2524sp1%2524order_day%2520between%252020210101%2520and%252020210131%2520and%2520(base_code%253D'0010037')%2520and%2520(src_order_type%2520in%2520(48))%2520and%2520(is_rk%2520in%2520(0)) HTTP/1.1" 200 53709
116.228.172.94 - - [22/Jan/2021:11:12:56 +0800] "GET /xingrg/all/function/internal_message.html?_=1611285168058&CODE_STATE=getMsg HTTP/1.1" 200 27
172.20.0.100 - - [22/Jan/2021:11:12:56 +0800] "GET /xingrg/dwr/interface/AjaxReportQueryService.js HTTP/1.1" 200 13203
172.20.0.100 - - [22/Jan/2021:11:12:56 +0800] "GET /xingrg/dwr/engine.js HTTP/1.1" 200 43631
172.20.0.100 - - [22/Jan/2021:11:12:57 +0800] "GET /xingrg/javascript/jquery_easy_ui/themes/icons/pencil.png HTTP/1.1" 200 713
172.20.0.100 - - [22/Jan/2021:11:12:57 +0800] "GET /xingrg/javascript/jquery_easy_ui/themes/default/images/menu_rightarrow.png HTTP/1.1" 200 3617
172.20.0.100 - - [22/Jan/2021:11:12:57 +0800] "POST /xingrg/all/report/load_report_page.html HTTP/1.1" 200 17144
172.20.0.100 - - [22/Jan/2021:11:12:57 +0800] "GET /xingrg/servlets/image?cache=0.8351746729788552&image=px HTTP/1.1" 200 807
180.169.147.146 - - [22/Jan/2021:11:12:57 +0800] "GET /xingrg/all/function/internal_message.html?_=1611285173861&CODE_STATE=getMsg HTTP/1.1" 200 27
180.169.147.146 - - [22/Jan/2021:11:12:57 +0800] "GET /xingrg/check_reg.html?_=1611285173863 HTTP/1.1" 200 22
116.227.17.5 - - [22/Jan/2021:11:12:58 +0800] "GET /xingrg/all/function/internal_message.html?_=1611285174716&CODE_STATE=getMsg HTTP/1.1" 200 27
172.20.0.100 - - [22/Jan/2021:11:12:58 +0800] "POST /xingrg/all/report/load_report_page.html HTTP/1.1" 200 22845
172.20.0.100 - - [22/Jan/2021:11:12:58 +0800] "GET /xingrg/servlets/image?cache=0.6173598008665717&image=px HTTP/1.1" 200 807
116.228.172.94 - - [22/Jan/2021:11:13:02 +0800] "POST /xingrg/kc/buy/cgsh_order_operate.html HTTP/1.1" 200 37
180.175.150.119 - - [22/Jan/2021:11:13:03 +0800] "POST /xingrg/kc/buy/cgsh_order_operate.html HTTP/1.1" 200 37
116.228.172.94 - - [22/Jan/2021:11:13:03 +0800] "POST /xingrg/kc/buy/cgsh_order_operate.html HTTP/1.1" 200 2666
172.20.0.100 - - [22/Jan/2021:11:13:03 +0800] "GET /xingrg/all/function/internal_message.html?_=1611285178802&CODE_STATE=getMsg HTTP/1.1" 200 27
172.20.0.100 - - [22/Jan/2021:11:13:03 +0800] "GET /xingrg/check_reg.html?_=1611285178804 HTTP/1.1" 200 22
218.81.223.240 - - [22/Jan/2021:11:13:04 +0800] "GET /xingrg/kc/buy/cgsh_order_operate.html?command=get_materiel&rest_code=00146&code=00101015066&supplier_code=00100005&order_time=2021-01-22 HTTP/1.1" 200 413
61.165.42.208 - - [22/Jan/2021:11:13:05 +0800] "GET /xingrg/all/function/internal_message.html?_=1611285164469&CODE_STATE=getMsg HTTP/1.1" 200 27
180.175.150.119 - - [22/Jan/2021:11:13:05 +0800] "POST /xingrg/kc/buy/cgsh_order_operate.html HTTP/1.1" 200 12
61.165.42.208 - - [22/Jan/2021:11:13:05 +0800] "GET /xingrg/kc/base/wldb_order_operate.html?command=get_materiel&rest_code=00105&base_code=0010507&code=00101016028 HTTP/1.1" 200 431
114.88.166.193 - - [22/Jan/2021:11:13:06 +0800] "POST /xingrg/all/report/load_report_page.html HTTP/1.1" 200 78556
114.88.166.193 - - [22/Jan/2021:11:13:06 +0800] "GET /xingrg/servlets/image?cache=0.3282913242833001&image=px HTTP/1.1" 200 807
58.37.230.33 - - [22/Jan/2021:11:13:07 +0800] "GET /xingrg/all/function/internal_message.html?_=1611285186816&CODE_STATE=getMsg HTTP/1.1" 200 27
116.228.172.94 - - [22/Jan/2021:11:13:07 +0800] "GET /xingrg/kc/print/load_data.html?order_code=212021012210149&kc_code=cgsh&condition= HTTP/1.1" 200 673
180.175.150.119 - - [22/Jan/2021:11:13:08 +0800] "GET /xingrg/kc/buy/cgsh_order_info.html?code=212021012210150 HTTP/1.1" 200 56814
117.184.7.26 - - [22/Jan/2021:11:13:08 +0800] "GET /xingrg/all/function/internal_message.html?_=1611285332846&CODE_STATE=getMsg HTTP/1.1" 200 27
114.88.166.193 - - [22/Jan/2021:11:13:08 +0800] "POST /xingrg/all/report/load_report_page.html HTTP/1.1" 200 78646
114.88.166.193 - - [22/Jan/2021:11:13:08 +0800] "GET /xingrg/servlets/image?cache=0.8657148981367906&image=px HTTP/1.1" 200 807
180.162.108.15 - - [22/Jan/2021:11:13:09 +0800] "GET /xingrg/all/function/internal_message.html?_=1611285045415&CODE_STATE=getMsg HTTP/1.1" 200 27
180.175.150.119 - - [22/Jan/2021:11:13:10 +0800] "GET /xingrg/javascript/easyui/themes/default/validatebox.css HTTP/1.1" 404 1104
180.175.150.119 - - [22/Jan/2021:11:13:10 +0800] "POST /xingrg/kc/buy/cgsh_order_operate.html HTTP/1.1" 200 1202
61.165.42.208 - - [22/Jan/2021:11:13:11 +0800] "GET /xingrg/kc/buy/cgsh_order_add.html HTTP/1.1" 200 62002
116.228.172.94 - - [22/Jan/2021:11:13:11 +0800] "GET /xingrg/kc/buy/cgsh_order_add.html HTTP/1.1" 200 62043
61.165.42.208 - - [22/Jan/2021:11:13:11 +0800] "POST /xingrg/kc/buy/cgsh_order_operate.html HTTP/1.1" 200 8245
61.165.42.208 - - [22/Jan/2021:11:13:11 +0800] "GET /xingrg/javascript/easyui/themes/default/validatebox.css HTTP/1.1" 404 1104
116.228.172.94 - - [22/Jan/2021:11:13:12 +0800] "GET /xingrg/javascript/easyui/themes/default/validatebox.css HTTP/1.1" 404 1104
116.228.172.94 - - [22/Jan/2021:11:13:12 +0800] "POST /xingrg/kc/buy/cgsh_order_operate.html HTTP/1.1" 200 8245
218.81.223.240 - - [22/Jan/2021:11:13:13 +0800] "GET /xingrg/kc/buy/cgsh_order_operate.html?command=get_materiel&rest_code=00146&code=00101008123&supplier_code=00100005&order_time=2021-01-22 HTTP/1.1" 200 412
116.227.17.5 - - [22/Jan/2021:11:13:13 +0800] "GET /xingrg/kc/buy/cgsh_order_operate.html?command=get_materiel&rest_code=00155&code=00102016488&supplier_code=00100219&order_time=2021-01-22 HTTP/1.1" 200 412
180.175.150.119 - - [22/Jan/2021:11:13:13 +0800] "GET /xingrg/kc/print/load_data.html?order_code=212021012210150&kc_code=cgsh&condition= HTTP/1.1" 200 967
116.228.172.94 - - [22/Jan/2021:11:13:13 +0800] "GET /xingrg/javascript/easyui/themes/default/tree.css HTTP/1.1" 404 1090
116.228.172.94 - - [22/Jan/2021:11:13:13 +0800] "POST /xingrg/all/common/load_tree.html?tree=supplier_tree_json&isDelete=1 HTTP/1.1" 200 54555
180.175.150.119 - - [22/Jan/2021:11:13:14 +0800] "GET /xingrg/all/function/internal_message.html?_=1611285434949&CODE_STATE=getMsg HTTP/1.1" 200 27
117.185.32.26 - - [22/Jan/2021:11:13:15 +0800] "GET /xingrg/check_reg.html?_=1611285186830 HTTP/1.1" 200 22
61.165.42.208 - - [22/Jan/2021:11:13:15 +0800] "GET /xingrg/kc/base/wldb_order_operate.html?command=get_materiel&rest_code=00105&base_code=0010507&code=00101019133 HTTP/1.1" 200 464
218.81.223.240 - - [22/Jan/2021:11:13:17 +0800] "POST /xingrg/kc/buy/cgsh_order_operate.html HTTP/1.1" 200 2065
180.169.147.146 - - [22/Jan/2021:11:13:17 +0800] "GET /xingrg/all/function/internal_message.html?_=1611285193365&CODE_STATE=getMsg HTTP/1.1" 200 27
222.69.138.221 - - [22/Jan/2021:11:13:19 +0800] "GET /xingrg/all/function/internal_message.html?_=1611285193294&CODE_STATE=getMsg HTTP/1.1" 200 27
61.165.42.208 - - [22/Jan/2021:11:13:24 +0800] "GET /xingrg/kc/base/wldb_order_operate.html?command=get_materiel&rest_code=00105&base_code=0010507&code=00101019079 HTTP/1.1" 200 465
116.233.72.20 - - [22/Jan/2021:11:13:24 +0800] "GET /xingrg/all/function/internal_message.html?_=1611285210131&CODE_STATE=getMsg HTTP/1.1" 200 27
218.81.223.240 - - [22/Jan/2021:11:13:25 +0800] "GET /xingrg/kc/buy/cgsh_order_operate.html?command=get_materiel&rest_code=00146&code=00101008255&supplier_code=00100005&order_time=2021-01-22 HTTP/1.1" 200 412
114.88.166.193 - - [22/Jan/2021:11:13:25 +0800] "GET /xingrg/all/function/internal_message.html?_=1611285199345&CODE_STATE=getMsg HTTP/1.1" 200 27
61.165.42.208 - - [22/Jan/2021:11:13:27 +0800] "GET /xingrg/kc/buy/cgsh_order_operate.html?command=get_materiel&rest_code=00105&code=00101002002&supplier_code=00100087&order_time=2021-01-22 HTTP/1.1" 200 420
180.175.150.119 - - [22/Jan/2021:11:13:27 +0800] "GET /xingrg/kc/buy/cgsh_order_add.html HTTP/1.1" 200 61914
180.156.237.57 - - [22/Jan/2021:11:13:28 +0800] "GET /xingrg/all/function/internal_message.html?_=1611285186166&CODE_STATE=getMsg HTTP/1.1" 200 27
114.88.166.193 - - [22/Jan/2021:11:13:28 +0800] "GET /xingrg/check_reg.html?_=1611285204495 HTTP/1.1" 200 22
114.88.166.193 - - [22/Jan/2021:11:13:28 +0800] "GET /xingrg/all/function/internal_message.html?_=1611285204498&CODE_STATE=getMsg HTTP/1.1" 200 27
117.185.32.26 - - [22/Jan/2021:11:13:29 +0800] "GET /xingrg/all/function/internal_message.html?_=1611285688191&CODE_STATE=getMsg HTTP/1.1" 200 27
180.175.150.119 - - [22/Jan/2021:11:13:30 +0800] "POST /xingrg/kc/buy/cgsh_order_operate.html HTTP/1.1" 200 8245
117.131.5.26 - - [22/Jan/2021:11:13:31 +0800] "GET /xingrg/all/function/internal_message.html?_=1611285262021&CODE_STATE=getMsg HTTP/1.1" 200 27
180.175.150.119 - - [22/Jan/2021:11:13:31 +0800] "GET /xingrg/javascript/easyui/themes/default/validatebox.css HTTP/1.1" 404 1104
120.253.135.82 - - [22/Jan/2021:11:13:32 +0800] "POST /xingrg/kc/pszx/mdps_list_operate.html HTTP/1.1" 200 5036
120.253.135.82 - - [22/Jan/2021:11:13:34 +0800] "GET /xingrg/kc/pszx/mdqp_order_list.html?state=10 HTTP/1.1" 200 11016
120.253.135.82 - - [22/Jan/2021:11:13:34 +0800] "POST /xingrg/kc/pszx/mdps_list_operate.html HTTP/1.1" 200 5036
120.253.135.82 - - [22/Jan/2021:11:13:34 +0800] "GET /xingrg/javascript/jquery_easy_ui/themes/icon.css HTTP/1.1" 200 3949
120.253.135.82 - - [22/Jan/2021:11:13:34 +0800] "GET /xingrg/javascript/Calendar.js HTTP/1.1" 200 31561
120.253.135.82 - - [22/Jan/2021:11:13:34 +0800] "GET /xingrg/css/blue.css HTTP/1.1" 200 15949
120.253.135.82 - - [22/Jan/2021:11:13:34 +0800] "GET /xingrg/dwr/interface/AjaxReportQueryService.js HTTP/1.1" 200 13203
120.253.135.82 - - [22/Jan/2021:11:13:34 +0800] "GET /xingrg/dwr/util.js HTTP/1.1" 200 35990
120.253.135.82 - - [22/Jan/2021:11:13:34 +0800] "GET /xingrg/javascript/jquery_easy_ui/themes/default/easyui.css HTTP/1.1" 200 26500
120.253.135.82 - - [22/Jan/2021:11:13:34 +0800] "GET /xingrg/dwr/engine.js HTTP/1.1" 200 43631
120.253.135.82 - - [22/Jan/2021:11:13:34 +0800] "GET /xingrg/dwr/interface/AjaxQqpsService.js HTTP/1.1" 200 16326
120.253.135.82 - - [22/Jan/2021:11:13:34 +0800] "GET /xingrg/javascript/jquery_easy_ui/themes/icons/check_new.png HTTP/1.1" 200 3224
120.253.135.82 - - [22/Jan/2021:11:13:34 +0800] "GET /xingrg/javascript/jquery_easy_ui/themes/icons/uncheck_new.png HTTP/1.1" 200 3197
180.175.150.119 - - [22/Jan/2021:11:13:35 +0800] "GET /xingrg/javascript/easyui/themes/default/tree.css HTTP/1.1" 404 1090
180.175.150.119 - - [22/Jan/2021:11:13:35 +0800] "POST /xingrg/all/common/load_tree.html?tree=supplier_tree_json&isDelete=1 HTTP/1.1" 200 54555
120.253.135.82 - - [22/Jan/2021:11:13:37 +0800] "GET /xingrg/kc/pszx/mdqp_order_info.html?code=302021012200580 HTTP/1.1" 200 13350
120.253.135.82 - - [22/Jan/2021:11:13:37 +0800] "GET /xingrg/javascript/AjaxInfoList.js HTTP/1.1" 200 3774
120.253.135.82 - - [22/Jan/2021:11:13:37 +0800] "GET /xingrg/javascript/Grid.js HTTP/1.1" 200 58908
120.253.135.82 - - [22/Jan/2021:11:13:37 +0800] "GET /xingrg/javascript/jquery_easy_ui/easyui-lang-zh_CN.js HTTP/1.1" 200 1900
120.253.135.82 - - [22/Jan/2021:11:13:37 +0800] "GET /xingrg/javascript/ToolTips.js HTTP/1.1" 200 5615
120.253.135.82 - - [22/Jan/2021:11:13:37 +0800] "GET /xingrg/dwr/interface/AjaxComOrderService.js HTTP/1.1" 200 18264
120.253.135.82 - - [22/Jan/2021:11:13:37 +0800] "GET /xingrg/javascript/tools/jquery.qtip-1.0.0-rc3.min.js HTTP/1.1" 200 38404
120.253.135.82 - - [22/Jan/2021:11:13:37 +0800] "GET /xingrg/javascript/jquery-1.4.2.min.js HTTP/1.1" 200 72205
120.253.135.82 - - [22/Jan/2021:11:13:37 +0800] "GET /xingrg/dwr/interface/AjaxQqpsService.js HTTP/1.1" 200 16326
120.253.135.82 - - [22/Jan/2021:11:13:37 +0800] "GET /xingrg/dwr/engine.js HTTP/1.1" 200 43631
120.253.135.82 - - [22/Jan/2021:11:13:38 +0800] "GET /xingrg/javascript/checkform.js HTTP/1.1" 200 18351
172.20.0.100 - - [22/Jan/2021:11:13:39 +0800] "GET /xingrg/all/function/internal_message.html?_=1611285217517&CODE_STATE=getMsg HTTP/1.1" 200 27
116.228.172.94 - - [22/Jan/2021:11:13:39 +0800] "GET /xingrg/kc/buy/cgsh_order_operate.html?command=get_materiel&rest_code=00107&code=00101004049&supplier_code=00100312&order_time=2021-01-22 HTTP/1.1" 200 415
114.88.166.193 - - [22/Jan/2021:11:13:40 +0800] "POST /xingrg/all/report/load_report_page.html HTTP/1.1" 200 78670
114.88.166.193 - - [22/Jan/2021:11:13:40 +0800] "GET /xingrg/servlets/image?cache=0.3860630855763246&image=px HTTP/1.1" 200 807
114.88.166.193 - - [22/Jan/2021:11:13:42 +0800] "POST /xingrg/all/report/load_report_page.html HTTP/1.1" 200 78691
114.88.166.193 - - [22/Jan/2021:11:13:42 +0800] "GET /xingrg/servlets/image?cache=0.29406206180875605&image=px HTTP/1.1" 200 807
58.37.230.33 - - [22/Jan/2021:11:13:43 +0800] "GET /xingrg/check_reg.html?_=1611285235519 HTTP/1.1" 302 -
58.37.230.33 - - [22/Jan/2021:11:13:43 +0800] "GET /xingrg/login.html HTTP/1.1" 200 7641
114.88.166.193 - - [22/Jan/2021:11:13:44 +0800] "POST /xingrg/all/report/load_report_page.html HTTP/1.1" 200 78580
114.88.166.193 - - [22/Jan/2021:11:13:44 +0800] "GET /xingrg/servlets/image?cache=0.4389618850385295&image=px HTTP/1.1" 200 807
114.88.166.193 - - [22/Jan/2021:11:13:45 +0800] "POST /xingrg/all/report/load_report_page.html HTTP/1.1" 200 41715
114.88.166.193 - - [22/Jan/2021:11:13:45 +0800] "GET /xingrg/servlets/image?cache=0.5997032164373635&image=px HTTP/1.1" 200 807
120.253.135.82 - - [22/Jan/2021:11:13:46 +0800] "GET /xingrg/javascript/jquery_easy_ui/themes/icons/print.png HTTP/1.1" 200 1057
120.253.135.82 - - [22/Jan/2021:11:13:46 +0800] "GET /xingrg/javascript/jquery_easy_ui/themes/icons/back_new.png HTTP/1.1" 200 3414
120.253.135.82 - - [22/Jan/2021:11:13:46 +0800] "GET /xingrg/javascript/jquery_easy_ui/themes/default/images/menu_downarrow.png HTTP/1.1" 200 173
120.253.135.82 - - [22/Jan/2021:11:13:46 +0800] "GET /xingrg/images/blue/button/kc_tab_save.gif HTTP/1.1" 200 777
120.253.135.82 - - [22/Jan/2021:11:13:46 +0800] "GET /xingrg/images/blue/button/kc_tab_edit.gif HTTP/1.1" 200 551
120.253.135.82 - - [22/Jan/2021:11:13:46 +0800] "GET /xingrg/images/blue/kc_tab_left.gif HTTP/1.1" 200 188
120.253.135.82 - - [22/Jan/2021:11:13:46 +0800] "GET /xingrg/images/blue/kc_tab_mid.gif HTTP/1.1" 200 44
120.253.135.82 - - [22/Jan/2021:11:13:46 +0800] "GET /xingrg/images/blue/kc_tab2_right.gif HTTP/1.1" 200 192
120.253.135.82 - - [22/Jan/2021:11:13:46 +0800] "POST /xingrg/dwr/call/plaincall/AjaxQqpsService.loadMaterielItems.dwr HTTP/1.1" 200 396
