222.69.136.55 - - [21/Jan/2021:08:52:37 +0800] "GET /xingrg/kc/buy/cgsh_order_operate.html?command=get_materiel&rest_code=00149&code=00101008354&supplier_code=00100005&order_time=2021-01-21 HTTP/1.1" 200 412
180.169.147.146 - - [21/Jan/2021:08:52:38 +0800] "GET /xingrg/all/function/internal_message.html?_=1611190355891&CODE_STATE=getMsg HTTP/1.1" 200 27
222.69.136.55 - - [21/Jan/2021:08:52:47 +0800] "GET /xingrg/kc/buy/cgsh_order_operate.html?command=get_materiel&rest_code=00149&code=00101008186&supplier_code=00100005&order_time=2021-01-21 HTTP/1.1" 200 408
180.156.237.57 - - [21/Jan/2021:08:52:48 +0800] "GET /xingrg/check_reg.html?_=1611190348247 HTTP/1.1" 200 22
180.156.237.57 - - [21/Jan/2021:08:52:49 +0800] "GET /xingrg/all/function/internal_message.html?_=1611190349037&CODE_STATE=getMsg HTTP/1.1" 200 27
120.253.135.82 - - [21/Jan/2021:08:52:52 +0800] "GET /xingrg/check_reg.html?_=1611189934840 HTTP/1.1" 302 -
61.165.42.208 - - [21/Jan/2021:08:52:53 +0800] "POST /xingrg/login.do HTTP/1.1" 200 2421
61.165.42.208 - - [21/Jan/2021:08:52:53 +0800] "GET /favicon.ico HTTP/1.1" 404 -
58.37.230.33 - - [21/Jan/2021:08:52:54 +0800] "GET /xingrg/all/function/internal_message.html?_=1611190371137&CODE_STATE=getMsg HTTP/1.1" 200 27
61.165.42.208 - - [21/Jan/2021:08:52:54 +0800] "GET /xingrg/login.html HTTP/1.1" 200 7641
61.165.42.208 - - [21/Jan/2021:08:52:55 +0800] "GET /favicon.ico HTTP/1.1" 404 -
61.165.42.208 - - [21/Jan/2021:08:52:55 +0800] "POST /xingrg/login.do HTTP/1.1" 302 -
61.165.42.208 - - [21/Jan/2021:08:52:55 +0800] "GET /xingrg/index.html?sysBaseUrl=http%3A%2F%2F180.169.147.146%3A18081%2Fxingrg%2F&costTime=42×tamp=1611190375703 HTTP/1.1" 200 17173
61.165.42.208 - - [21/Jan/2021:08:52:55 +0800] "POST /xingrg/all/common/load_tree.html?tree=area_rest_tree_json&manage=1 HTTP/1.1" 200 3344
61.165.42.208 - - [21/Jan/2021:08:52:55 +0800] "GET /xingrg/check_reg.html?_=1611190376986 HTTP/1.1" 200 22
61.165.42.208 - - [21/Jan/2021:08:52:55 +0800] "GET /xingrg/all/function/internal_message.html?_=1611190376985&CODE_STATE=count HTTP/1.1" 200 11
61.165.42.208 - - [21/Jan/2021:08:52:55 +0800] "POST /xingrg/load_menu.html HTTP/1.1" 200 5138
61.165.42.208 - - [21/Jan/2021:08:52:56 +0800] "GET /favicon.ico HTTP/1.1" 404 -
222.69.136.55 - - [21/Jan/2021:08:52:56 +0800] "GET /xingrg/all/function/internal_message.html?_=1611190371792&CODE_STATE=getMsg HTTP/1.1" 200 27
222.69.136.55 - - [21/Jan/2021:08:52:57 +0800] "GET /xingrg/kc/buy/cgsh_order_operate.html?command=get_materiel&rest_code=00149&code=00101008224&supplier_code=00100005&order_time=2021-01-21 HTTP/1.1" 200 416
218.81.223.240 - - [21/Jan/2021:08:52:58 +0800] "GET /xingrg/all/function/internal_message.html?_=1611190374281&CODE_STATE=getMsg HTTP/1.1" 200 27
61.165.42.208 - - [21/Jan/2021:08:52:58 +0800] "GET /xingrg/kc/buy/cgsh_order_list.html HTTP/1.1" 200 46217
180.156.237.57 - - [21/Jan/2021:08:52:58 +0800] "GET /xingrg/all/function/internal_message.html?_=1611190377262&CODE_STATE=getMsg HTTP/1.1" 200 27
61.165.42.208 - - [21/Jan/2021:08:52:59 +0800] "POST /xingrg/kc/buy/cgsh_list_operate.html HTTP/1.1" 200 876
61.165.42.208 - - [21/Jan/2021:08:53:00 +0800] "GET /xingrg/kc/buy/cgsh_order_add.html HTTP/1.1" 200 62002
61.165.42.208 - - [21/Jan/2021:08:53:00 +0800] "GET /xingrg/words/20210120105349_words.js HTTP/1.1" 304 -
61.165.42.208 - - [21/Jan/2021:08:53:00 +0800] "POST /xingrg/kc/buy/cgsh_order_operate.html HTTP/1.1" 200 8245
61.165.42.208 - - [21/Jan/2021:08:53:00 +0800] "GET /xingrg/all/common/auto_word.html?type=employee&rest_code=00105 HTTP/1.1" 200 193
61.165.42.208 - - [21/Jan/2021:08:53:00 +0800] "GET /xingrg/all/common/auto_word.html?type=employee&rest_code=00105 HTTP/1.1" 200 193
61.165.42.208 - - [21/Jan/2021:08:53:00 +0800] "GET /xingrg/javascript/easyui/themes/default/validatebox.css HTTP/1.1" 404 1104
61.165.42.208 - - [21/Jan/2021:08:53:01 +0800] "GET /xingrg/javascript/auto/indicator.gif HTTP/1.1" 404 1066
222.69.136.55 - - [21/Jan/2021:08:53:11 +0800] "GET /xingrg/kc/buy/cgsh_order_operate.html?command=get_materiel&rest_code=00149&code=00101008064&supplier_code=00100005&order_time=2021-01-21 HTTP/1.1" 200 412
61.165.42.208 - - [21/Jan/2021:08:53:17 +0800] "GET /xingrg/kc/buy/cgsh_order_operate.html?command=get_materiel&rest_code=00105&code=00101016122&supplier_code=00100203&order_time=2021-01-21 HTTP/1.1" 200 395
61.165.42.208 - - [21/Jan/2021:08:53:30 +0800] "GET /xingrg/kc/buy/cgsh_order_operate.html?command=get_materiel&rest_code=00105&code=00101008229&supplier_code=00100203&order_time=2021-01-21 HTTP/1.1" 200 420
222.69.136.55 - - [21/Jan/2021:08:53:31 +0800] "GET /xingrg/kc/buy/cgsh_order_operate.html?command=get_materiel&rest_code=00149&code=00101008370&supplier_code=00100005&order_time=2021-01-21 HTTP/1.1" 200 412
218.81.223.240 - - [21/Jan/2021:08:53:32 +0800] "GET /xingrg/check_reg.html?_=1611190408577 HTTP/1.1" 200 22
120.253.135.82 - - [21/Jan/2021:08:53:35 +0800] "GET /xingrg/check_reg.html?_=1611190174037 HTTP/1.1" 200 22
120.253.135.82 - - [21/Jan/2021:08:53:36 +0800] "GET /xingrg/all/function/internal_message.html?_=1611190174664&CODE_STATE=getMsg HTTP/1.1" 200 27
222.69.136.55 - - [21/Jan/2021:08:53:37 +0800] "POST /xingrg/kc/buy/cgsh_order_operate.html HTTP/1.1" 200 2065
180.169.147.146 - - [21/Jan/2021:08:53:38 +0800] "GET /xingrg/all/function/internal_message.html?_=1611190415896&CODE_STATE=getMsg HTTP/1.1" 200 27
180.169.147.146 - - [21/Jan/2021:08:53:38 +0800] "GET /xingrg/check_reg.html?_=1611190415899 HTTP/1.1" 200 22
222.69.136.55 - - [21/Jan/2021:08:53:41 +0800] "GET /xingrg/kc/buy/cgsh_order_operate.html?command=get_materiel&rest_code=00149&code=00101008087&supplier_code=00100005&order_time=2021-01-21 HTTP/1.1" 200 412
180.156.237.57 - - [21/Jan/2021:08:53:49 +0800] "GET /xingrg/all/function/internal_message.html?_=1611190409039&CODE_STATE=getMsg HTTP/1.1" 200 27
61.165.42.208 - - [21/Jan/2021:08:53:49 +0800] "GET /xingrg/kc/buy/cgsh_order_operate.html?command=get_materiel&rest_code=00105&code=00101008045&supplier_code=00100203&order_time=2021-01-21 HTTP/1.1" 200 412
58.37.230.33 - - [21/Jan/2021:08:53:54 +0800] "GET /xingrg/all/function/internal_message.html?_=1611190431137&CODE_STATE=getMsg HTTP/1.1" 200 27
58.37.230.33 - - [21/Jan/2021:08:53:54 +0800] "GET /xingrg/check_reg.html?_=1611190431136 HTTP/1.1" 200 22
61.165.42.208 - - [21/Jan/2021:08:53:55 +0800] "GET /xingrg/all/function/internal_message.html?_=1611190436997&CODE_STATE=getMsg HTTP/1.1" 200 27
222.69.136.55 - - [21/Jan/2021:08:53:56 +0800] "GET /xingrg/all/function/internal_message.html?_=1611190431796&CODE_STATE=getMsg HTTP/1.1" 200 27
218.81.223.240 - - [21/Jan/2021:08:53:58 +0800] "GET /xingrg/all/function/internal_message.html?_=1611190434283&CODE_STATE=getMsg HTTP/1.1" 200 27
180.156.237.57 - - [21/Jan/2021:08:53:58 +0800] "GET /xingrg/all/function/internal_message.html?_=1611190437257&CODE_STATE=getMsg HTTP/1.1" 200 27
222.69.136.55 - - [21/Jan/2021:08:54:01 +0800] "GET /xingrg/kc/buy/cgsh_order_operate.html?command=get_materiel&rest_code=00149&code=00101008355&supplier_code=00100005&order_time=2021-01-21 HTTP/1.1" 200 408
61.165.42.208 - - [21/Jan/2021:08:54:02 +0800] "GET /xingrg/kc/buy/cgsh_order_operate.html?command=get_materiel&rest_code=00105&code=00101008350&supplier_code=00100203&order_time=2021-01-21 HTTP/1.1" 200 408
101.91.62.65 - - [21/Jan/2021:08:54:03 +0800] "GET /xingrg/all/function/internal_message.html?_=1611190371137&CODE_STATE=getMsg HTTP/1.1" 302 -
101.91.62.65 - - [21/Jan/2021:08:54:07 +0800] "GET /xingrg/login.html HTTP/1.1" 200 7641
61.165.42.208 - - [21/Jan/2021:08:54:08 +0800] "GET /xingrg/kc/buy/cgsh_order_operate.html?command=get_materiel&rest_code=00105&code=00101008026&supplier_code=00100203&order_time=2021-01-21 HTTP/1.1" 200 409
222.69.136.55 - - [21/Jan/2021:08:54:12 +0800] "GET /xingrg/kc/buy/cgsh_order_operate.html?command=get_materiel&rest_code=00149&code=00101008372&supplier_code=00100005&order_time=2021-01-21 HTTP/1.1" 200 408
61.165.42.208 - - [21/Jan/2021:08:54:15 +0800] "GET /xingrg/kc/buy/cgsh_order_operate.html?command=get_materiel&rest_code=00105&code=00101008312&supplier_code=00100203&order_time=2021-01-21 HTTP/1.1" 200 412
61.165.42.208 - - [21/Jan/2021:08:54:22 +0800] "GET /xingrg/kc/buy/cgsh_order_operate.html?command=get_materiel&rest_code=00105&code=00101008096&supplier_code=00100203&order_time=2021-01-21 HTTP/1.1" 200 413
222.69.136.55 - - [21/Jan/2021:08:54:22 +0800] "GET /xingrg/kc/buy/cgsh_order_operate.html?command=get_materiel&rest_code=00149&code=00101008264&supplier_code=00100005&order_time=2021-01-21 HTTP/1.1" 200 412
222.69.136.55 - - [21/Jan/2021:08:54:32 +0800] "GET /xingrg/kc/buy/cgsh_order_operate.html?command=get_materiel&rest_code=00149&code=00101008356&supplier_code=00100005&order_time=2021-01-21 HTTP/1.1" 200 409
61.165.42.208 - - [21/Jan/2021:08:54:32 +0800] "GET /xingrg/kc/buy/cgsh_order_operate.html?command=get_materiel&rest_code=00105&code=00101008211&supplier_code=00100203&order_time=2021-01-21 HTTP/1.1" 200 412
222.69.136.55 - - [21/Jan/2021:08:54:35 +0800] "POST /xingrg/kc/buy/cgsh_order_operate.html HTTP/1.1" 200 2065
120.253.135.82 - - [21/Jan/2021:08:54:36 +0800] "GET /xingrg/all/function/internal_message.html?_=1611190234677&CODE_STATE=getMsg HTTP/1.1" 200 27
180.169.147.146 - - [21/Jan/2021:08:54:38 +0800] "GET /xingrg/all/function/internal_message.html?_=1611190475901&CODE_STATE=getMsg HTTP/1.1" 200 27
61.165.42.208 - - [21/Jan/2021:08:54:39 +0800] "GET /xingrg/kc/buy/cgsh_order_operate.html?command=get_materiel&rest_code=00105&code=00101008355&supplier_code=00100203&order_time=2021-01-21 HTTP/1.1" 200 408
61.165.42.208 - - [21/Jan/2021:08:54:45 +0800] "GET /xingrg/kc/buy/cgsh_order_operate.html?command=get_materiel&rest_code=00105&code=00101008264&supplier_code=00100203&order_time=2021-01-21 HTTP/1.1" 200 412
222.69.136.55 - - [21/Jan/2021:08:54:47 +0800] "GET /xingrg/kc/buy/cgsh_order_operate.html?command=get_materiel&rest_code=00149&code=00101008251&supplier_code=00100005&order_time=2021-01-21 HTTP/1.1" 200 408
180.156.237.57 - - [21/Jan/2021:08:54:49 +0800] "GET /xingrg/all/function/internal_message.html?_=1611190469051&CODE_STATE=getMsg HTTP/1.1" 200 27
61.165.42.208 - - [21/Jan/2021:08:54:53 +0800] "GET /xingrg/kc/buy/cgsh_order_operate.html?command=get_materiel&rest_code=00105&code=00101008356&supplier_code=00100203&order_time=2021-01-21 HTTP/1.1" 200 409
58.37.230.33 - - [21/Jan/2021:08:54:54 +0800] "GET /xingrg/all/function/internal_message.html?_=1611190491135&CODE_STATE=getMsg HTTP/1.1" 200 27
61.165.42.208 - - [21/Jan/2021:08:54:55 +0800] "GET /xingrg/all/function/internal_message.html?_=1611190496991&CODE_STATE=getMsg HTTP/1.1" 200 27
61.151.207.205 - - [21/Jan/2021:08:54:56 +0800] "GET /xingrg/all/function/internal_message.html?_=1611190431137&CODE_STATE=getMsg HTTP/1.1" 302 -
222.69.136.55 - - [21/Jan/2021:08:54:56 +0800] "GET /xingrg/all/function/internal_message.html?_=1611190491782&CODE_STATE=getMsg HTTP/1.1" 200 27
218.81.223.240 - - [21/Jan/2021:08:54:58 +0800] "GET /xingrg/all/function/internal_message.html?_=1611190494297&CODE_STATE=getMsg HTTP/1.1" 200 27
180.156.237.57 - - [21/Jan/2021:08:54:58 +0800] "GET /xingrg/all/function/internal_message.html?_=1611190497248&CODE_STATE=getMsg HTTP/1.1" 200 27
222.69.136.55 - - [21/Jan/2021:08:54:59 +0800] "GET /xingrg/kc/buy/cgsh_order_operate.html?command=get_materiel&rest_code=00149&code=00101008223&supplier_code=00100005&order_time=2021-01-21 HTTP/1.1" 200 412
61.165.42.208 - - [21/Jan/2021:08:55:00 +0800] "GET /xingrg/kc/buy/cgsh_order_operate.html?command=get_materiel&rest_code=00105&code=00101008196&supplier_code=00100203&order_time=2021-01-21 HTTP/1.1" 200 416
61.151.207.205 - - [21/Jan/2021:08:55:04 +0800] "GET /xingrg/login.html HTTP/1.1" 200 7641
61.129.6.225 - - [21/Jan/2021:08:55:05 +0800] "GET /xingrg/check_reg.html?_=1611190431136 HTTP/1.1" 302 -
61.165.42.208 - - [21/Jan/2021:08:55:09 +0800] "GET /xingrg/kc/buy/cgsh_order_operate.html?command=get_materiel&rest_code=00105&code=00101008136&supplier_code=00100203&order_time=2021-01-21 HTTP/1.1" 200 413
61.165.42.208 - - [21/Jan/2021:08:55:12 +0800] "POST /xingrg/kc/buy/cgsh_order_operate.html HTTP/1.1" 200 2065
61.129.6.225 - - [21/Jan/2021:08:55:13 +0800] "GET /xingrg/login.html HTTP/1.1" 200 7641
61.165.42.208 - - [21/Jan/2021:08:55:14 +0800] "POST /xingrg/kc/buy/cgsh_order_operate.html HTTP/1.1" 200 2065
222.69.136.55 - - [21/Jan/2021:08:55:14 +0800] "GET /xingrg/kc/buy/cgsh_order_operate.html?command=get_materiel&rest_code=00149&code=00101008079&supplier_code=00100005&order_time=2021-01-21 HTTP/1.1" 200 416
61.165.42.208 - - [21/Jan/2021:08:55:21 +0800] "GET /xingrg/kc/buy/cgsh_order_operate.html?command=get_materiel&rest_code=00105&code=00101008357&supplier_code=00100203&order_time=2021-01-21 HTTP/1.1" 200 408
116.228.172.94 - - [21/Jan/2021:08:55:21 +0800] "GET /xingrg/login.html HTTP/1.1" 200 7641
116.228.172.94 - - [21/Jan/2021:08:55:24 +0800] "GET /favicon.ico HTTP/1.1" 404 -
116.228.172.94 - - [21/Jan/2021:08:55:26 +0800] "POST /xingrg/login.do HTTP/1.1" 302 -
116.228.172.94 - - [21/Jan/2021:08:55:27 +0800] "GET /xingrg/index.html?sysBaseUrl=http%3A%2F%2F180.169.147.146%3A18081%2Fxingrg%2F&costTime=38×tamp=1611190526857 HTTP/1.1" 200 17179
61.165.42.208 - - [21/Jan/2021:08:55:27 +0800] "GET /xingrg/kc/buy/cgsh_order_operate.html?command=get_materiel&rest_code=00105&code=00101008069&supplier_code=00100203&order_time=2021-01-21 HTTP/1.1" 200 412
116.228.172.94 - - [21/Jan/2021:08:55:28 +0800] "GET /favicon.ico HTTP/1.1" 404 -
116.228.172.94 - - [21/Jan/2021:08:55:29 +0800] "POST /xingrg/all/common/load_tree.html?tree=area_rest_tree_json&manage=1 HTTP/1.1" 200 476
222.69.136.55 - - [21/Jan/2021:08:55:29 +0800] "GET /xingrg/kc/buy/cgsh_order_operate.html?command=get_materiel&rest_code=00149&code=00101008238&supplier_code=00100005&order_time=2021-01-21 HTTP/1.1" 200 416
116.228.172.94 - - [21/Jan/2021:08:55:29 +0800] "GET /xingrg/all/function/internal_message.html?_=1611190523007&CODE_STATE=count HTTP/1.1" 200 11
116.228.172.94 - - [21/Jan/2021:08:55:29 +0800] "GET /xingrg/check_reg.html?_=1611190523008 HTTP/1.1" 200 22
116.228.172.94 - - [21/Jan/2021:08:55:30 +0800] "POST /xingrg/load_menu.html HTTP/1.1" 200 5138
116.228.172.94 - - [21/Jan/2021:08:55:32 +0800] "GET /xingrg/kc/buy/buy_main.html HTTP/1.1" 200 12412
116.228.172.94 - - [21/Jan/2021:08:55:33 +0800] "GET /xingrg/css/new_ie.css HTTP/1.1" 404 1036
61.165.42.208 - - [21/Jan/2021:08:55:33 +0800] "GET /xingrg/kc/buy/cgsh_order_operate.html?command=get_materiel&rest_code=00105&code=00101008036&supplier_code=00100203&order_time=2021-01-21 HTTP/1.1" 200 408
116.228.172.94 - - [21/Jan/2021:08:55:35 +0800] "GET /xingrg/images/yd/bt.gif HTTP/1.1" 404 1040
116.228.172.94 - - [21/Jan/2021:08:55:35 +0800] "GET /xingrg/kc/buy/cgsh_order_list.html HTTP/1.1" 200 46223
222.69.136.55 - - [21/Jan/2021:08:55:35 +0800] "POST /xingrg/kc/buy/cgsh_order_operate.html HTTP/1.1" 200 2065
120.253.135.82 - - [21/Jan/2021:08:55:36 +0800] "GET /xingrg/all/function/internal_message.html?_=1611190294692&CODE_STATE=getMsg HTTP/1.1" 200 27
180.169.147.146 - - [21/Jan/2021:08:55:38 +0800] "GET /xingrg/all/function/internal_message.html?_=1611190535891&CODE_STATE=getMsg HTTP/1.1" 200 27
116.228.172.94 - - [21/Jan/2021:08:55:39 +0800] "POST /xingrg/kc/buy/cgsh_list_operate.html HTTP/1.1" 200 876
61.165.42.208 - - [21/Jan/2021:08:55:39 +0800] "GET /xingrg/kc/buy/cgsh_order_operate.html?command=get_materiel&rest_code=00105&code=00101008286&supplier_code=00100203&order_time=2021-01-21 HTTP/1.1" 200 408
116.228.172.94 - - [21/Jan/2021:08:55:44 +0800] "GET /xingrg/javascript/jquery_tools/images/next.gif HTTP/1.1" 404 1086
116.228.172.94 - - [21/Jan/2021:08:55:44 +0800] "GET /xingrg/javascript/jquery_tools/images/prev.gif HTTP/1.1" 404 1086
61.165.42.208 - - [21/Jan/2021:08:55:47 +0800] "GET /xingrg/kc/buy/cgsh_order_operate.html?command=get_materiel&rest_code=00105&code=00101008131&supplier_code=00100203&order_time=2021-01-21 HTTP/1.1" 200 408
180.156.237.57 - - [21/Jan/2021:08:55:49 +0800] "GET /xingrg/all/function/internal_message.html?_=1611190529157&CODE_STATE=getMsg HTTP/1.1" 200 27
116.228.172.94 - - [21/Jan/2021:08:55:51 +0800] "GET /xingrg/javascript/easyui/themes/default/tree.css HTTP/1.1" 404 1090
116.228.172.94 - - [21/Jan/2021:08:55:51 +0800] "POST /xingrg/all/common/load_tree.html?tree=supplier_tree_json&manage=1 HTTP/1.1" 200 55287
58.37.230.33 - - [21/Jan/2021:08:55:54 +0800] "GET /xingrg/all/function/internal_message.html?_=1611190551134&CODE_STATE=getMsg HTTP/1.1" 200 27
61.165.42.208 - - [21/Jan/2021:08:55:55 +0800] "GET /xingrg/all/function/internal_message.html?_=1611190556994&CODE_STATE=getMsg HTTP/1.1" 200 27
61.165.42.208 - - [21/Jan/2021:08:55:56 +0800] "GET /xingrg/kc/buy/cgsh_order_operate.html?command=get_materiel&rest_code=00105&code=00101008108&supplier_code=00100203&order_time=2021-01-21 HTTP/1.1" 200 412
222.69.136.55 - - [21/Jan/2021:08:55:56 +0800] "GET /xingrg/all/function/internal_message.html?_=1611190551798&CODE_STATE=getMsg HTTP/1.1" 200 27
218.81.223.240 - - [21/Jan/2021:08:55:58 +0800] "GET /xingrg/all/function/internal_message.html?_=1611190554544&CODE_STATE=getMsg HTTP/1.1" 200 27
180.156.237.57 - - [21/Jan/2021:08:55:58 +0800] "GET /xingrg/all/function/internal_message.html?_=1611190557258&CODE_STATE=getMsg HTTP/1.1" 200 27
61.165.42.208 - - [21/Jan/2021:08:56:01 +0800] "GET /xingrg/kc/buy/cgsh_order_operate.html?command=get_materiel&rest_code=00105&code=00101008318&supplier_code=00100203&order_time=2021-01-21 HTTP/1.1" 200 408
116.228.172.94 - - [21/Jan/2021:08:56:02 +0800] "POST /xingrg/kc/buy/cgsh_list_operate.html HTTP/1.1" 200 3843
61.165.42.208 - - [21/Jan/2021:08:56:04 +0800] "GET /favicon.ico HTTP/1.1" 404 -
61.165.42.208 - - [21/Jan/2021:08:56:08 +0800] "GET /xingrg/kc/buy/cgsh_order_operate.html?command=get_materiel&rest_code=00105&code=00101008352&supplier_code=00100203&order_time=2021-01-21 HTTP/1.1" 200 412
222.69.136.55 - - [21/Jan/2021:08:56:09 +0800] "GET /xingrg/kc/buy/cgsh_order_operate.html?command=get_materiel&rest_code=00149&code=00101008357&supplier_code=00100005&order_time=2021-01-21 HTTP/1.1" 200 408
116.228.172.94 - - [21/Jan/2021:08:56:11 +0800] "POST /xingrg/kc/buy/cgsh_list_operate.html HTTP/1.1" 200 199
101.89.239.120 - - [21/Jan/2021:08:56:12 +0800] "GET /xingrg/all/function/internal_message.html?_=1611190491135&CODE_STATE=getMsg HTTP/1.1" 302 -
116.228.172.94 - - [21/Jan/2021:08:56:13 +0800] "POST /xingrg/kc/buy/cgsh_list_operate.html HTTP/1.1" 200 202
61.165.42.208 - - [21/Jan/2021:08:56:14 +0800] "GET /xingrg/kc/buy/cgsh_order_operate.html?command=get_materiel&rest_code=00105&code=00101008005&supplier_code=00100203&order_time=2021-01-21 HTTP/1.1" 200 412
101.89.239.120 - - [21/Jan/2021:08:56:15 +0800] "GET /xingrg/login.html HTTP/1.1" 200 7641
116.228.172.94 - - [21/Jan/2021:08:56:16 +0800] "POST /xingrg/kc/buy/cgsh_list_operate.html HTTP/1.1" 200 206
116.228.172.94 - - [21/Jan/2021:08:56:18 +0800] "POST /xingrg/kc/buy/cgsh_list_operate.html HTTP/1.1" 200 202
61.165.42.208 - - [21/Jan/2021:08:56:21 +0800] "GET /xingrg/kc/buy/cgsh_order_operate.html?command=get_materiel&rest_code=00105&code=00101008353&supplier_code=00100203&order_time=2021-01-21 HTTP/1.1" 200 408
116.228.172.94 - - [21/Jan/2021:08:56:21 +0800] "POST /xingrg/kc/buy/cgsh_list_operate.html HTTP/1.1" 200 205
222.69.136.55 - - [21/Jan/2021:08:56:21 +0800] "GET /xingrg/kc/buy/cgsh_order_operate.html?command=get_materiel&rest_code=00149&code=00101008069&supplier_code=00100005&order_time=2021-01-21 HTTP/1.1" 200 412
61.165.42.208 - - [21/Jan/2021:08:56:27 +0800] "GET /xingrg/kc/buy/cgsh_order_operate.html?command=get_materiel&rest_code=00105&code=00101008105&supplier_code=00100203&order_time=2021-01-21 HTTP/1.1" 200 412
116.228.172.94 - - [21/Jan/2021:08:56:29 +0800] "GET /xingrg/all/function/internal_message.html?_=1611190583032&CODE_STATE=getMsg HTTP/1.1" 200 27
61.165.42.208 - - [21/Jan/2021:08:56:36 +0800] "GET /xingrg/kc/buy/cgsh_order_operate.html?command=get_materiel&rest_code=00105&code=00101009063&supplier_code=00100203&order_time=2021-01-21 HTTP/1.1" 200 409
120.253.135.82 - - [21/Jan/2021:08:56:36 +0800] "GET /xingrg/all/function/internal_message.html?_=1611190354919&CODE_STATE=getMsg HTTP/1.1" 200 27
222.69.136.55 - - [21/Jan/2021:08:56:37 +0800] "GET /xingrg/kc/buy/cgsh_order_operate.html?command=get_materiel&rest_code=00149&code=00101008286&supplier_code=00100005&order_time=2021-01-21 HTTP/1.1" 200 408
180.169.147.146 - - [21/Jan/2021:08:56:38 +0800] "GET /xingrg/all/function/internal_message.html?_=1611190595896&CODE_STATE=getMsg HTTP/1.1" 200 27
222.69.136.55 - - [21/Jan/2021:08:56:45 +0800] "GET /xingrg/kc/buy/cgsh_order_operate.html?command=get_materiel&rest_code=00149&code=00101008036&supplier_code=00100005&order_time=2021-01-21 HTTP/1.1" 200 408
222.69.136.55 - - [21/Jan/2021:08:56:48 +0800] "POST /xingrg/kc/buy/cgsh_order_operate.html HTTP/1.1" 200 2065
180.156.237.57 - - [21/Jan/2021:08:56:49 +0800] "GET /xingrg/all/function/internal_message.html?_=1611190589173&CODE_STATE=getMsg HTTP/1.1" 200 27
61.165.42.208 - - [21/Jan/2021:08:56:51 +0800] "GET /xingrg/kc/buy/cgsh_order_operate.html?command=get_materiel&rest_code=00105&code=00101008197&supplier_code=00100203&order_time=2021-01-21 HTTP/1.1" 200 416
58.37.230.33 - - [21/Jan/2021:08:56:54 +0800] "GET /xingrg/all/function/internal_message.html?_=1611190611132&CODE_STATE=getMsg HTTP/1.1" 200 27
61.165.42.208 - - [21/Jan/2021:08:56:55 +0800] "POST /xingrg/kc/buy/cgsh_order_operate.html HTTP/1.1" 200 2065
61.165.42.208 - - [21/Jan/2021:08:56:55 +0800] "GET /xingrg/all/function/internal_message.html?_=1611190617009&CODE_STATE=getMsg HTTP/1.1" 200 27
222.69.136.55 - - [21/Jan/2021:08:56:56 +0800] "GET /xingrg/check_reg.html?_=1611190611785 HTTP/1.1" 200 22
222.69.136.55 - - [21/Jan/2021:08:56:56 +0800] "GET /xingrg/all/function/internal_message.html?_=1611190611789&CODE_STATE=getMsg HTTP/1.1" 200 27
61.165.42.208 - - [21/Jan/2021:08:56:57 +0800] "POST /xingrg/kc/buy/cgsh_order_operate.html HTTP/1.1" 200 2065
218.81.223.240 - - [21/Jan/2021:08:56:58 +0800] "GET /xingrg/all/function/internal_message.html?_=1611190614557&CODE_STATE=getMsg HTTP/1.1" 200 27
180.156.237.57 - - [21/Jan/2021:08:56:58 +0800] "GET /xingrg/check_reg.html?_=1611190617284 HTTP/1.1" 200 22
180.156.237.57 - - [21/Jan/2021:08:56:58 +0800] "GET /xingrg/all/function/internal_message.html?_=1611190617287&CODE_STATE=getMsg HTTP/1.1" 200 27
61.165.42.208 - - [21/Jan/2021:08:57:02 +0800] "GET /xingrg/kc/buy/cgsh_order_operate.html?command=get_materiel&rest_code=00105&code=00101015074&supplier_code=00100203&order_time=2021-01-21 HTTP/1.1" 200 408
114.88.166.193 - - [21/Jan/2021:08:57:04 +0800] "GET /xingrg/all/function/internal_message.html?_=1611190779530&CODE_STATE=getMsg HTTP/1.1" 302 -
114.88.166.193 - - [21/Jan/2021:08:57:04 +0800] "GET /xingrg/login.html HTTP/1.1" 200 7641
114.88.166.193 - - [21/Jan/2021:08:57:05 +0800] "GET /xingrg/check_reg.html?_=1611190779988 HTTP/1.1" 302 -
222.69.136.55 - - [21/Jan/2021:08:57:07 +0800] "GET /xingrg/kc/buy/cgsh_order_operate.html?command=get_materiel&rest_code=00149&code=00101008131&supplier_code=00100005&order_time=2021-01-21 HTTP/1.1" 200 408
222.69.136.55 - - [21/Jan/2021:08:57:18 +0800] "GET /xingrg/kc/buy/cgsh_order_operate.html?command=get_materiel&rest_code=00149&code=00101008296&supplier_code=00100005&order_time=2021-01-21 HTTP/1.1" 200 416
114.88.166.193 - - [21/Jan/2021:08:57:19 +0800] "GET /xingrg/kc/base/wldb_order_list.html HTTP/1.1" 302 -
114.88.166.193 - - [21/Jan/2021:08:57:19 +0800] "GET /xingrg/login.html HTTP/1.1" 200 7641
114.88.166.193 - - [21/Jan/2021:08:57:21 +0800] "GET /xingrg/login.html HTTP/1.1" 200 7641
114.88.166.193 - - [21/Jan/2021:08:57:21 +0800] "GET /favicon.ico HTTP/1.1" 404 -
61.165.42.208 - - [21/Jan/2021:08:57:22 +0800] "GET /xingrg/kc/buy/cgsh_order_operate.html?command=get_materiel&rest_code=00105&code=00101008302&supplier_code=00100203&order_time=2021-01-21 HTTP/1.1" 200 412
114.88.166.193 - - [21/Jan/2021:08:57:27 +0800] "POST /xingrg/login.do HTTP/1.1" 302 -
114.88.166.193 - - [21/Jan/2021:08:57:27 +0800] "GET /xingrg/index.html?sysBaseUrl=http%3A%2F%2F180.169.147.146%3A18081%2Fxingrg%2F&costTime=40×tamp=1611190647113 HTTP/1.1" 200 17173
114.88.166.193 - - [21/Jan/2021:08:57:27 +0800] "POST /xingrg/all/common/load_tree.html?tree=area_rest_tree_json&manage=1 HTTP/1.1" 200 342
114.88.166.193 - - [21/Jan/2021:08:57:27 +0800] "GET /xingrg/all/function/internal_message.html?_=1611190823014&CODE_STATE=count HTTP/1.1" 200 11
114.88.166.193 - - [21/Jan/2021:08:57:27 +0800] "GET /xingrg/check_reg.html?_=1611190823014 HTTP/1.1" 200 22
114.88.166.193 - - [21/Jan/2021:08:57:27 +0800] "POST /xingrg/load_menu.html HTTP/1.1" 200 5138
114.88.166.193 - - [21/Jan/2021:08:57:27 +0800] "GET /favicon.ico HTTP/1.1" 404 -
61.165.42.208 - - [21/Jan/2021:08:57:27 +0800] "GET /xingrg/kc/buy/cgsh_order_operate.html?command=get_materiel&rest_code=00105&code=00101008027&supplier_code=00100203&order_time=2021-01-21 HTTP/1.1" 200 409
116.228.172.94 - - [21/Jan/2021:08:57:29 +0800] "GET /xingrg/all/function/internal_message.html?_=1611190643021&CODE_STATE=getMsg HTTP/1.1" 200 27
114.88.166.193 - - [21/Jan/2021:08:57:33 +0800] "GET /xingrg/kc/base/wldb_order_list.html HTTP/1.1" 200 19339
114.88.166.193 - - [21/Jan/2021:08:57:33 +0800] "POST /xingrg/kc/base/wldb_list_operate.html HTTP/1.1" 200 928
114.88.166.193 - - [21/Jan/2021:08:57:34 +0800] "GET /xingrg/kc/base/wldb_order_list.html HTTP/1.1" 200 19339
114.88.166.193 - - [21/Jan/2021:08:57:34 +0800] "POST /xingrg/kc/base/wldb_list_operate.html HTTP/1.1" 200 928
61.165.42.208 - - [21/Jan/2021:08:57:35 +0800] "GET /xingrg/kc/buy/cgsh_order_operate.html?command=get_materiel&rest_code=00105&code=00101008257&supplier_code=00100203&order_time=2021-01-21 HTTP/1.1" 200 416
222.69.136.55 - - [21/Jan/2021:08:57:36 +0800] "GET /xingrg/kc/buy/cgsh_order_operate.html?command=get_materiel&rest_code=00149&code=00101008352&supplier_code=00100005&order_time=2021-01-21 HTTP/1.1" 200 412
120.253.135.82 - - [21/Jan/2021:08:57:36 +0800] "GET /xingrg/all/function/internal_message.html?_=1611190414921&CODE_STATE=getMsg HTTP/1.1" 200 27
180.169.147.146 - - [21/Jan/2021:08:57:38 +0800] "GET /xingrg/all/function/internal_message.html?_=1611190655898&CODE_STATE=getMsg HTTP/1.1" 200 27
61.165.42.208 - - [21/Jan/2021:08:57:41 +0800] "GET /xingrg/kc/buy/cgsh_order_operate.html?command=get_materiel&rest_code=00105&code=00101008155&supplier_code=00100203&order_time=2021-01-21 HTTP/1.1" 200 408
180.156.237.57 - - [21/Jan/2021:08:57:48 +0800] "GET /xingrg/check_reg.html?_=1611190648351 HTTP/1.1" 200 22
180.156.237.57 - - [21/Jan/2021:08:57:49 +0800] "GET /xingrg/all/function/internal_message.html?_=1611190649187&CODE_STATE=getMsg HTTP/1.1" 200 27
120.253.135.82 - - [21/Jan/2021:08:57:52 +0800] "GET /xingrg/check_reg.html?_=1611190234814 HTTP/1.1" 302 -
61.165.42.208 - - [21/Jan/2021:08:57:53 +0800] "GET /xingrg/kc/buy/cgsh_order_operate.html?command=get_materiel&rest_code=00105&code=00101008112&supplier_code=00100203&order_time=2021-01-21 HTTP/1.1" 200 412
58.37.230.33 - - [21/Jan/2021:08:57:54 +0800] "GET /xingrg/all/function/internal_message.html?_=1611190671146&CODE_STATE=getMsg HTTP/1.1" 200 27
61.165.42.208 - - [21/Jan/2021:08:57:55 +0800] "GET /xingrg/check_reg.html?_=1611190676997 HTTP/1.1" 200 22
61.165.42.208 - - [21/Jan/2021:08:57:55 +0800] "GET /xingrg/all/function/internal_message.html?_=1611190677001&CODE_STATE=getMsg HTTP/1.1" 200 27
222.69.136.55 - - [21/Jan/2021:08:57:56 +0800] "GET /xingrg/all/function/internal_message.html?_=1611190671789&CODE_STATE=getMsg HTTP/1.1" 200 27
218.81.223.240 - - [21/Jan/2021:08:57:58 +0800] "GET /xingrg/all/function/internal_message.html?_=1611190674797&CODE_STATE=getMsg HTTP/1.1" 200 27
180.156.237.57 - - [21/Jan/2021:08:57:58 +0800] "GET /xingrg/all/function/internal_message.html?_=1611190677289&CODE_STATE=getMsg HTTP/1.1" 200 27
61.165.42.208 - - [21/Jan/2021:08:58:03 +0800] "GET /xingrg/kc/buy/cgsh_order_operate.html?command=get_materiel&rest_code=00105&code=00101008354&supplier_code=00100203&order_time=2021-01-21 HTTP/1.1" 200 412
101.89.29.92 - - [21/Jan/2021:08:58:06 +0800] "GET /xingrg/all/function/internal_message.html?_=1611190611132&CODE_STATE=getMsg HTTP/1.1" 302 -
61.165.42.208 - - [21/Jan/2021:08:58:09 +0800] "GET /xingrg/kc/buy/cgsh_order_operate.html?command=get_materiel&rest_code=00105&code=00101008351&supplier_code=00100203&order_time=2021-01-21 HTTP/1.1" 200 408
101.89.29.92 - - [21/Jan/2021:08:58:09 +0800] "GET /xingrg/login.html HTTP/1.1" 200 7641
61.165.42.208 - - [21/Jan/2021:08:58:14 +0800] "GET /xingrg/kc/buy/cgsh_order_operate.html?command=get_materiel&rest_code=00105&code=00101008186&supplier_code=00100203&order_time=2021-01-21 HTTP/1.1" 200 408
61.165.42.208 - - [21/Jan/2021:08:58:18 +0800] "POST /xingrg/kc/buy/cgsh_order_operate.html HTTP/1.1" 200 2065
61.165.42.208 - - [21/Jan/2021:08:58:19 +0800] "POST /xingrg/kc/buy/cgsh_order_operate.html HTTP/1.1" 200 2065
222.69.136.55 - - [21/Jan/2021:08:58:25 +0800] "GET /xingrg/kc/buy/cgsh_order_operate.html?command=get_materiel&rest_code=00149&code=00101008005&supplier_code=00100005&order_time=2021-01-21 HTTP/1.1" 200 412
101.91.60.105 - - [21/Jan/2021:08:58:29 +0800] "GET /xingrg/all/function/internal_message.html?_=1611190551134&CODE_STATE=getMsg HTTP/1.1" 302 -
116.228.172.94 - - [21/Jan/2021:08:58:29 +0800] "GET /xingrg/all/function/internal_message.html?_=1611190703030&CODE_STATE=getMsg HTTP/1.1" 200 27
218.81.223.240 - - [21/Jan/2021:08:58:32 +0800] "GET /xingrg/check_reg.html?_=1611190708584 HTTP/1.1" 200 22
61.165.42.208 - - [21/Jan/2021:08:58:34 +0800] "GET /xingrg/kc/buy/cgsh_order_operate.html?command=get_materiel&rest_code=00105&code=00101008038&supplier_code=00100203&order_time=2021-01-21 HTTP/1.1" 200 412
120.253.135.82 - - [21/Jan/2021:08:58:35 +0800] "GET /xingrg/check_reg.html?_=1611190474253 HTTP/1.1" 200 22
120.253.135.82 - - [21/Jan/2021:08:58:36 +0800] "GET /xingrg/all/function/internal_message.html?_=1611190474934&CODE_STATE=getMsg HTTP/1.1" 200 27
58.221.95.50 - - [21/Jan/2021:08:58:37 +0800] "GET /favicon.ico HTTP/1.1" 404 -
180.169.147.146 - - [21/Jan/2021:08:58:38 +0800] "GET /xingrg/all/function/internal_message.html?_=1611190715904&CODE_STATE=getMsg HTTP/1.1" 200 27
180.169.147.146 - - [21/Jan/2021:08:58:38 +0800] "GET /xingrg/check_reg.html?_=1611190715909 HTTP/1.1" 200 22
101.91.60.105 - - [21/Jan/2021:08:58:39 +0800] "GET /xingrg/login.html HTTP/1.1" 200 7641
61.165.42.208 - - [21/Jan/2021:08:58:40 +0800] "GET /xingrg/kc/buy/cgsh_order_operate.html?command=get_materiel&rest_code=00105&code=00101008088&supplier_code=00100203&order_time=2021-01-21 HTTP/1.1" 200 409
61.165.42.208 - - [21/Jan/2021:08:58:45 +0800] "GET /xingrg/kc/buy/cgsh_order_operate.html?command=get_materiel&rest_code=00105&code=00101008051&supplier_code=00100203&order_time=2021-01-21 HTTP/1.1" 200 409
180.156.237.57 - - [21/Jan/2021:08:58:49 +0800] "GET /xingrg/all/function/internal_message.html?_=1611190709199&CODE_STATE=getMsg HTTP/1.1" 200 27
61.165.42.208 - - [21/Jan/2021:08:58:53 +0800] "GET /xingrg/kc/buy/cgsh_order_operate.html?command=get_materiel&rest_code=00105&code=00101008224&supplier_code=00100203&order_time=2021-01-21 HTTP/1.1" 200 416
58.37.230.33 - - [21/Jan/2021:08:58:54 +0800] "GET /xingrg/check_reg.html?_=1611190731145 HTTP/1.1" 200 22
58.37.230.33 - - [21/Jan/2021:08:58:54 +0800] "GET /xingrg/all/function/internal_message.html?_=1611190731146&CODE_STATE=getMsg HTTP/1.1" 200 27
222.69.136.55 - - [21/Jan/2021:08:58:55 +0800] "POST /xingrg/kc/buy/cgsh_order_operate.html HTTP/1.1" 200 2065
61.165.42.208 - - [21/Jan/2021:08:58:55 +0800] "GET /xingrg/all/function/internal_message.html?_=1611190737061&CODE_STATE=getMsg HTTP/1.1" 200 27
222.69.136.55 - - [21/Jan/2021:08:58:56 +0800] "GET /xingrg/all/function/internal_message.html?_=1611190731797&CODE_STATE=getMsg HTTP/1.1" 200 27
218.81.223.240 - - [21/Jan/2021:08:58:58 +0800] "GET /xingrg/all/function/internal_message.html?_=1611190734804&CODE_STATE=getMsg HTTP/1.1" 200 27
180.156.237.57 - - [21/Jan/2021:08:58:58 +0800] "GET /xingrg/all/function/internal_message.html?_=1611190737294&CODE_STATE=getMsg HTTP/1.1" 200 27
61.165.42.208 - - [21/Jan/2021:08:58:59 +0800] "GET /xingrg/kc/buy/cgsh_order_operate.html?command=get_materiel&rest_code=00105&code=00101008003&supplier_code=00100203&order_time=2021-01-21 HTTP/1.1" 200 408
222.69.136.55 - - [21/Jan/2021:08:59:02 +0800] "GET /xingrg/kc/buy/cgsh_order_operate.html?command=get_materiel&rest_code=00149&code=00101008307&supplier_code=00100005&order_time=2021-01-21 HTTP/1.1" 200 420
61.165.42.208 - - [21/Jan/2021:08:59:07 +0800] "GET /xingrg/kc/buy/cgsh_order_operate.html?command=get_materiel&rest_code=00105&code=00101008361&supplier_code=00100203&order_time=2021-01-21 HTTP/1.1" 200 408
61.165.42.208 - - [21/Jan/2021:08:59:14 +0800] "GET /xingrg/kc/buy/cgsh_order_operate.html?command=get_materiel&rest_code=00105&code=00101008067&supplier_code=00100203&order_time=2021-01-21 HTTP/1.1" 200 416
222.69.136.55 - - [21/Jan/2021:08:59:23 +0800] "GET /xingrg/kc/buy/cgsh_order_operate.html?command=get_materiel&rest_code=00149&code=00101008353&supplier_code=00100005&order_time=2021-01-21 HTTP/1.1" 200 408
61.165.42.208 - - [21/Jan/2021:08:59:26 +0800] "GET /xingrg/kc/buy/cgsh_order_operate.html?command=get_materiel&rest_code=00105&code=00101008251&supplier_code=00100203&order_time=2021-01-21 HTTP/1.1" 200 408
116.228.172.94 - - [21/Jan/2021:08:59:29 +0800] "GET /xingrg/all/function/internal_message.html?_=1611190763029&CODE_STATE=getMsg HTTP/1.1" 200 27
61.165.42.208 - - [21/Jan/2021:08:59:32 +0800] "POST /xingrg/kc/buy/cgsh_order_operate.html HTTP/1.1" 200 2065
61.165.42.208 - - [21/Jan/2021:08:59:33 +0800] "POST /xingrg/kc/buy/cgsh_order_operate.html HTTP/1.1" 200 2065
120.253.135.82 - - [21/Jan/2021:08:59:36 +0800] "GET /xingrg/all/function/internal_message.html?_=1611190534948&CODE_STATE=getMsg HTTP/1.1" 200 27
180.169.147.146 - - [21/Jan/2021:08:59:38 +0800] "GET /xingrg/all/function/internal_message.html?_=1611190775897&CODE_STATE=getMsg HTTP/1.1" 200 27
120.253.135.82 - - [21/Jan/2021:08:59:45 +0800] "GET /xingrg/kc/pszx/mdqp_order_list.html?state=10 HTTP/1.1" 200 10171
120.253.135.82 - - [21/Jan/2021:08:59:45 +0800] "GET /xingrg/dwr/interface/AjaxReportQueryService.js HTTP/1.1" 200 13203
120.253.135.82 - - [21/Jan/2021:08:59:45 +0800] "GET /xingrg/dwr/engine.js HTTP/1.1" 200 43631
120.253.135.82 - - [21/Jan/2021:08:59:45 +0800] "GET /xingrg/dwr/interface/AjaxQqpsService.js HTTP/1.1" 200 16326
120.253.135.82 - - [21/Jan/2021:08:59:48 +0800] "GET /xingrg/kc/pszx/mdqp_order_list.html?state=10 HTTP/1.1" 200 10171
120.253.135.82 - - [21/Jan/2021:08:59:48 +0800] "GET /xingrg/dwr/interface/AjaxReportQueryService.js HTTP/1.1" 200 13203
120.253.135.82 - - [21/Jan/2021:08:59:48 +0800] "GET /xingrg/dwr/interface/AjaxQqpsService.js HTTP/1.1" 200 16326
120.253.135.82 - - [21/Jan/2021:08:59:48 +0800] "GET /xingrg/dwr/engine.js HTTP/1.1" 200 43631
180.156.237.57 - - [21/Jan/2021:08:59:49 +0800] "GET /xingrg/all/function/internal_message.html?_=1611190769213&CODE_STATE=getMsg HTTP/1.1" 200 27
58.37.230.33 - - [21/Jan/2021:08:59:54 +0800] "GET /xingrg/all/function/internal_message.html?_=1611190791144&CODE_STATE=getMsg HTTP/1.1" 200 27
61.165.42.208 - - [21/Jan/2021:08:59:56 +0800] "GET /xingrg/all/function/internal_message.html?_=1611190797102&CODE_STATE=getMsg HTTP/1.1" 200 27
222.69.136.55 - - [21/Jan/2021:08:59:56 +0800] "GET /xingrg/all/function/internal_message.html?_=1611190791797&CODE_STATE=getMsg HTTP/1.1" 200 27
222.69.136.55 - - [21/Jan/2021:08:59:57 +0800] "GET /xingrg/kc/buy/cgsh_order_operate.html?command=get_materiel&rest_code=00149&code=00101008213&supplier_code=00100005&order_time=2021-01-21 HTTP/1.1" 200 412
218.81.223.240 - - [21/Jan/2021:08:59:58 +0800] "GET /xingrg/all/function/internal_message.html?_=1611190794816&CODE_STATE=getMsg HTTP/1.1" 200 27
180.156.237.57 - - [21/Jan/2021:08:59:58 +0800] "GET /xingrg/all/function/internal_message.html?_=1611190797292&CODE_STATE=getMsg HTTP/1.1" 200 27
61.165.42.208 - - [21/Jan/2021:09:00:08 +0800] "GET /xingrg/kc/buy/cgsh_order_operate.html?command=get_materiel&rest_code=00105&code=00101008098&supplier_code=00100203&order_time=2021-01-21 HTTP/1.1" 200 412
222.69.136.55 - - [21/Jan/2021:09:00:08 +0800] "GET /xingrg/kc/buy/cgsh_order_operate.html?command=get_materiel&rest_code=00149&code=00101008095&supplier_code=00100005&order_time=2021-01-21 HTTP/1.1" 200 412
222.69.136.55 - - [21/Jan/2021:09:00:13 +0800] "POST /xingrg/kc/buy/cgsh_order_operate.html HTTP/1.1" 200 2065
222.69.136.55 - - [21/Jan/2021:09:00:19 +0800] "GET /xingrg/kc/buy/cgsh_order_operate.html?command=get_materiel&rest_code=00149&code=00101008041&supplier_code=00100005&order_time=2021-01-21 HTTP/1.1" 200 408
101.227.139.171 - - [21/Jan/2021:09:00:20 +0800] "GET /xingrg/check_reg.html?_=1611190731145 HTTP/1.1" 302 -
61.165.42.208 - - [21/Jan/2021:09:00:22 +0800] "GET /xingrg/kc/buy/cgsh_order_operate.html?command=get_materiel&rest_code=00105&code=00101008213&supplier_code=00100203&order_time=2021-01-21 HTTP/1.1" 200 412
101.227.139.171 - - [21/Jan/2021:09:00:27 +0800] "GET /xingrg/login.html HTTP/1.1" 200 7641
61.165.42.208 - - [21/Jan/2021:09:00:29 +0800] "GET /xingrg/kc/buy/cgsh_order_operate.html?command=get_materiel&rest_code=00105&code=00101008276&supplier_code=00100203&order_time=2021-01-21 HTTP/1.1" 200 412
116.228.172.94 - - [21/Jan/2021:09:00:29 +0800] "GET /xingrg/all/function/internal_message.html?_=1611190823038&CODE_STATE=getMsg HTTP/1.1" 200 27
116.228.172.94 - - [21/Jan/2021:09:00:29 +0800] "GET /xingrg/check_reg.html?_=1611190823034 HTTP/1.1" 200 22
222.69.136.55 - - [21/Jan/2021:09:00:33 +0800] "GET /xingrg/kc/buy/cgsh_order_operate.html?command=get_materiel&rest_code=00149&code=00101008345&supplier_code=00100005&order_time=2021-01-21 HTTP/1.1" 200 413
61.165.42.208 - - [21/Jan/2021:09:00:35 +0800] "GET /xingrg/kc/buy/cgsh_order_operate.html?command=get_materiel&rest_code=00105&code=00101008305&supplier_code=00100203&order_time=2021-01-21 HTTP/1.1" 200 412
120.253.135.82 - - [21/Jan/2021:09:00:36 +0800] "GET /xingrg/all/function/internal_message.html?_=1611190595138&CODE_STATE=getMsg HTTP/1.1" 200 27
180.169.147.146 - - [21/Jan/2021:09:00:38 +0800] "GET /xingrg/all/function/internal_message.html?_=1611190835902&CODE_STATE=getMsg HTTP/1.1" 200 27
61.165.42.208 - - [21/Jan/2021:09:00:41 +0800] "GET /xingrg/kc/buy/cgsh_order_operate.html?command=get_materiel&rest_code=00105&code=00101008242&supplier_code=00100203&order_time=2021-01-21 HTTP/1.1" 200 408
222.69.136.55 - - [21/Jan/2021:09:00:42 +0800] "GET /xingrg/kc/buy/cgsh_order_operate.html?command=get_materiel&rest_code=00149&code=00101008010&supplier_code=00100005&order_time=2021-01-21 HTTP/1.1" 200 412
61.165.42.208 - - [21/Jan/2021:09:00:46 +0800] "POST /xingrg/kc/buy/cgsh_order_operate.html HTTP/1.1" 200 37
180.156.237.57 - - [21/Jan/2021:09:00:49 +0800] "GET /xingrg/all/function/internal_message.html?_=1611190829317&CODE_STATE=getMsg HTTP/1.1" 200 27
222.69.136.55 - - [21/Jan/2021:09:00:49 +0800] "GET /xingrg/kc/buy/cgsh_order_operate.html?command=get_materiel&rest_code=00149&code=00101008042&supplier_code=00100005&order_time=2021-01-21 HTTP/1.1" 200 416
58.37.230.33 - - [21/Jan/2021:09:00:54 +0800] "GET /xingrg/all/function/internal_message.html?_=1611190851143&CODE_STATE=getMsg HTTP/1.1" 200 27
222.69.136.55 - - [21/Jan/2021:09:00:56 +0800] "GET /xingrg/all/function/internal_message.html?_=1611190851788&CODE_STATE=getMsg HTTP/1.1" 200 27
180.156.237.57 - - [21/Jan/2021:09:00:58 +0800] "GET /xingrg/all/function/internal_message.html?_=1611190857286&CODE_STATE=getMsg HTTP/1.1" 200 27
218.81.223.240 - - [21/Jan/2021:09:00:59 +0800] "GET /xingrg/all/function/internal_message.html?_=1611190855069&CODE_STATE=getMsg HTTP/1.1" 200 27
222.69.136.55 - - [21/Jan/2021:09:01:15 +0800] "POST /xingrg/kc/buy/cgsh_order_operate.html HTTP/1.1" 200 2065
222.69.136.55 - - [21/Jan/2021:09:01:23 +0800] "GET /xingrg/kc/buy/cgsh_order_operate.html?command=get_materiel&rest_code=00149&code=00101008312&supplier_code=00100005&order_time=2021-01-21 HTTP/1.1" 200 412
116.228.172.94 - - [21/Jan/2021:09:01:29 +0800] "GET /xingrg/all/function/internal_message.html?_=1611190883038&CODE_STATE=getMsg HTTP/1.1" 200 27
222.69.136.55 - - [21/Jan/2021:09:01:34 +0800] "GET /xingrg/kc/buy/cgsh_order_operate.html?command=get_materiel&rest_code=00149&code=00101013179&supplier_code=00100005&order_time=2021-01-21 HTTP/1.1" 200 412
120.253.135.82 - - [21/Jan/2021:09:01:36 +0800] "GET /xingrg/all/function/internal_message.html?_=1611190655146&CODE_STATE=getMsg HTTP/1.1" 200 27
180.169.147.146 - - [21/Jan/2021:09:01:38 +0800] "GET /xingrg/all/function/internal_message.html?_=1611190895905&CODE_STATE=getMsg HTTP/1.1" 200 27
222.69.136.55 - - [21/Jan/2021:09:01:47 +0800] "GET /xingrg/kc/buy/cgsh_order_operate.html?command=get_materiel&rest_code=00149&code=00101008114&supplier_code=00100005&order_time=2021-01-21 HTTP/1.1" 200 413
180.156.237.57 - - [21/Jan/2021:09:01:49 +0800] "GET /xingrg/all/function/internal_message.html?_=1611190889318&CODE_STATE=getMsg HTTP/1.1" 200 27
116.228.172.94 - - [21/Jan/2021:09:01:51 +0800] "POST /xingrg/kc/buy/cgsh_list_operate.html HTTP/1.1" 200 201
58.37.230.33 - - [21/Jan/2021:09:01:54 +0800] "GET /xingrg/all/function/internal_message.html?_=1611190911168&CODE_STATE=getMsg HTTP/1.1" 200 27
116.228.172.94 - - [21/Jan/2021:09:01:56 +0800] "POST /xingrg/kc/buy/cgsh_list_operate.html HTTP/1.1" 200 591
222.69.136.55 - - [21/Jan/2021:09:01:56 +0800] "GET /xingrg/all/function/internal_message.html?_=1611190911791&CODE_STATE=getMsg HTTP/1.1" 200 27
222.69.136.55 - - [21/Jan/2021:09:01:56 +0800] "GET /xingrg/check_reg.html?_=1611190911795 HTTP/1.1" 200 22
180.156.237.57 - - [21/Jan/2021:09:01:58 +0800] "GET /xingrg/all/function/internal_message.html?_=1611190917302&CODE_STATE=getMsg HTTP/1.1" 200 27
180.156.237.57 - - [21/Jan/2021:09:01:58 +0800] "GET /xingrg/check_reg.html?_=1611190917304 HTTP/1.1" 200 22
218.81.223.240 - - [21/Jan/2021:09:01:59 +0800] "GET /xingrg/all/function/internal_message.html?_=1611190915078&CODE_STATE=getMsg HTTP/1.1" 200 27
222.69.136.55 - - [21/Jan/2021:09:02:01 +0800] "GET /xingrg/kc/buy/cgsh_order_operate.html?command=get_materiel&rest_code=00149&code=00101015024&supplier_code=00100005&order_time=2021-01-21 HTTP/1.1" 200 413
101.89.19.197 - - [21/Jan/2021:09:02:05 +0800] "GET /xingrg/all/function/internal_message.html?_=1611190671146&CODE_STATE=getMsg HTTP/1.1" 302 -
58.221.95.50 - - [21/Jan/2021:09:02:05 +0800] "GET /favicon.ico HTTP/1.1" 404 -
222.69.136.55 - - [21/Jan/2021:09:02:10 +0800] "GET /xingrg/kc/buy/cgsh_order_operate.html?command=get_materiel&rest_code=00149&code=00101015027&supplier_code=00100005&order_time=2021-01-21 HTTP/1.1" 200 417
101.89.19.197 - - [21/Jan/2021:09:02:11 +0800] "GET /xingrg/login.html HTTP/1.1" 200 7641
222.69.136.55 - - [21/Jan/2021:09:02:12 +0800] "POST /xingrg/kc/buy/cgsh_order_operate.html HTTP/1.1" 200 2065
58.221.95.50 - - [21/Jan/2021:09:02:17 +0800] "GET /favicon.ico HTTP/1.1" 404 -
222.69.136.55 - - [21/Jan/2021:09:02:19 +0800] "GET /xingrg/kc/buy/cgsh_order_operate.html?command=get_materiel&rest_code=00149&code=00101015038&supplier_code=00100005&order_time=2021-01-21 HTTP/1.1" 200 418
116.228.172.94 - - [21/Jan/2021:09:02:29 +0800] "GET /xingrg/all/function/internal_message.html?_=1611190943041&CODE_STATE=getMsg HTTP/1.1" 200 27
222.69.136.55 - - [21/Jan/2021:09:02:30 +0800] "POST /xingrg/kc/buy/cgsh_order_operate.html HTTP/1.1" 200 37
222.69.136.55 - - [21/Jan/2021:09:02:36 +0800] "POST /xingrg/kc/buy/cgsh_order_operate.html HTTP/1.1" 200 12
120.253.135.82 - - [21/Jan/2021:09:02:36 +0800] "GET /xingrg/all/function/internal_message.html?_=1611190715336&CODE_STATE=getMsg HTTP/1.1" 200 27
180.169.147.146 - - [21/Jan/2021:09:02:38 +0800] "GET /xingrg/all/function/internal_message.html?_=1611190955895&CODE_STATE=getMsg HTTP/1.1" 200 27
222.69.136.55 - - [21/Jan/2021:09:02:39 +0800] "GET /xingrg/kc/buy/cgsh_order_info.html?code=212021012109514 HTTP/1.1" 200 56910
222.69.136.55 - - [21/Jan/2021:09:02:39 +0800] "GET /xingrg/javascript/easyui/themes/default/validatebox.css HTTP/1.1" 404 1104
222.69.136.55 - - [21/Jan/2021:09:02:40 +0800] "POST /xingrg/kc/buy/cgsh_order_operate.html HTTP/1.1" 200 32582
222.69.136.55 - - [21/Jan/2021:09:02:48 +0800] "GET /xingrg/kc/print/load_data.html?order_code=212021012109514&kc_code=cgsh&condition= HTTP/1.1" 200 12875
180.156.237.57 - - [21/Jan/2021:09:02:48 +0800] "GET /xingrg/check_reg.html?_=1611190948441 HTTP/1.1" 200 22
180.156.237.57 - - [21/Jan/2021:09:02:49 +0800] "GET /xingrg/all/function/internal_message.html?_=1611190949332&CODE_STATE=getMsg HTTP/1.1" 200 27
120.253.135.82 - - [21/Jan/2021:09:02:52 +0800] "GET /xingrg/check_reg.html?_=1611190534783 HTTP/1.1" 302 -
222.69.136.55 - - [21/Jan/2021:09:02:54 +0800] "GET /xingrg/kc/buy/cgsh_order_add.html HTTP/1.1" 200 62008
222.69.136.55 - - [21/Jan/2021:09:02:54 +0800] "POST /xingrg/kc/buy/cgsh_order_operate.html HTTP/1.1" 200 8245
58.37.230.33 - - [21/Jan/2021:09:02:54 +0800] "GET /xingrg/all/function/internal_message.html?_=1611190971166&CODE_STATE=getMsg HTTP/1.1" 200 27
222.69.136.55 - - [21/Jan/2021:09:02:54 +0800] "GET /xingrg/javascript/easyui/themes/default/validatebox.css HTTP/1.1" 404 1104
222.69.136.55 - - [21/Jan/2021:09:02:56 +0800] "GET /xingrg/all/function/internal_message.html?_=1611190971794&CODE_STATE=getMsg HTTP/1.1" 200 27
101.89.19.197 - - [21/Jan/2021:09:02:58 +0800] "GET /xingrg/all/function/internal_message.html?_=1611190731146&CODE_STATE=getMsg HTTP/1.1" 302 -
180.156.237.57 - - [21/Jan/2021:09:02:58 +0800] "GET /xingrg/all/function/internal_message.html?_=1611190977296&CODE_STATE=getMsg HTTP/1.1" 200 27
218.81.223.240 - - [21/Jan/2021:09:02:59 +0800] "GET /xingrg/all/function/internal_message.html?_=1611190975324&CODE_STATE=getMsg HTTP/1.1" 200 27
101.89.19.197 - - [21/Jan/2021:09:03:01 +0800] "GET /xingrg/login.html HTTP/1.1" 200 7641
116.228.172.94 - - [21/Jan/2021:09:03:29 +0800] "GET /xingrg/all/function/internal_message.html?_=1611191003036&CODE_STATE=getMsg HTTP/1.1" 200 27
218.81.223.240 - - [21/Jan/2021:09:03:32 +0800] "GET /xingrg/check_reg.html?_=1611191008584 HTTP/1.1" 200 22
222.69.136.55 - - [21/Jan/2021:09:03:35 +0800] "GET /xingrg/kc/buy/cgsh_order_operate.html?command=get_materiel&rest_code=00149&code=00101030019&supplier_code=00100396&order_time=2021-01-21 HTTP/1.1" 200 400
120.253.135.82 - - [21/Jan/2021:09:03:35 +0800] "GET /xingrg/check_reg.html?_=1611190774256 HTTP/1.1" 200 22
120.253.135.82 - - [21/Jan/2021:09:03:37 +0800] "GET /xingrg/all/function/internal_message.html?_=1611190775515&CODE_STATE=getMsg HTTP/1.1" 200 27
180.169.147.146 - - [21/Jan/2021:09:03:38 +0800] "GET /xingrg/all/function/internal_message.html?_=1611191015900&CODE_STATE=getMsg HTTP/1.1" 200 27
180.169.147.146 - - [21/Jan/2021:09:03:38 +0800] "GET /xingrg/check_reg.html?_=1611191015905 HTTP/1.1" 200 22
180.156.237.57 - - [21/Jan/2021:09:03:49 +0800] "GET /xingrg/all/function/internal_message.html?_=1611191009346&CODE_STATE=getMsg HTTP/1.1" 200 27
58.37.230.33 - - [21/Jan/2021:09:03:54 +0800] "GET /xingrg/all/function/internal_message.html?_=1611191031164&CODE_STATE=getMsg HTTP/1.1" 200 27
58.37.230.33 - - [21/Jan/2021:09:03:54 +0800] "GET /xingrg/check_reg.html?_=1611191031165 HTTP/1.1" 200 22
222.69.136.55 - - [21/Jan/2021:09:03:56 +0800] "GET /xingrg/all/function/internal_message.html?_=1611191031796&CODE_STATE=getMsg HTTP/1.1" 200 27
180.156.237.57 - - [21/Jan/2021:09:03:58 +0800] "GET /xingrg/all/function/internal_message.html?_=1611191037302&CODE_STATE=getMsg HTTP/1.1" 200 27
218.81.223.240 - - [21/Jan/2021:09:03:59 +0800] "GET /xingrg/all/function/internal_message.html?_=1611191035340&CODE_STATE=getMsg HTTP/1.1" 200 27
222.69.136.55 - - [21/Jan/2021:09:04:11 +0800] "GET /xingrg/kc/buy/cgsh_order_operate.html?command=get_materiel&rest_code=00149&code=00101030021&supplier_code=00100396&order_time=2021-01-21 HTTP/1.1" 200 400
222.69.136.55 - - [21/Jan/2021:09:04:19 +0800] "GET /xingrg/kc/buy/cgsh_order_operate.html?command=get_materiel&rest_code=00149&code=00101030022&supplier_code=00100396&order_time=2021-01-21 HTTP/1.1" 200 394
116.228.172.94 - - [21/Jan/2021:09:04:29 +0800] "GET /xingrg/all/function/internal_message.html?_=1611191063042&CODE_STATE=getMsg HTTP/1.1" 200 27
222.69.136.55 - - [21/Jan/2021:09:04:32 +0800] "GET /xingrg/kc/buy/cgsh_order_operate.html?command=get_materiel&rest_code=00149&code=00101030013&supplier_code=00100396&order_time=2021-01-21 HTTP/1.1" 200 414
120.253.135.82 - - [21/Jan/2021:09:04:37 +0800] "GET /xingrg/all/function/internal_message.html?_=1611190835531&CODE_STATE=getMsg HTTP/1.1" 200 27
180.169.147.146 - - [21/Jan/2021:09:04:38 +0800] "GET /xingrg/all/function/internal_message.html?_=1611191075891&CODE_STATE=getMsg HTTP/1.1" 200 27
180.156.237.57 - - [21/Jan/2021:09:04:49 +0800] "GET /xingrg/all/function/internal_message.html?_=1611191069359&CODE_STATE=getMsg HTTP/1.1" 200 27
222.69.136.55 - - [21/Jan/2021:09:04:52 +0800] "GET /xingrg/kc/buy/cgsh_order_operate.html?command=get_materiel&rest_code=00149&code=00101030015&supplier_code=00100396&order_time=2021-01-21 HTTP/1.1" 200 420
58.37.230.33 - - [21/Jan/2021:09:04:54 +0800] "GET /xingrg/all/function/internal_message.html?_=1611191091162&CODE_STATE=getMsg HTTP/1.1" 200 27
222.69.136.55 - - [21/Jan/2021:09:04:56 +0800] "GET /xingrg/all/function/internal_message.html?_=1611191091809&CODE_STATE=getMsg HTTP/1.1" 200 27
180.156.237.57 - - [21/Jan/2021:09:04:58 +0800] "GET /xingrg/all/function/internal_message.html?_=1611191097310&CODE_STATE=getMsg HTTP/1.1" 200 27
