120.253.135.82 - - [21/Jan/2021:11:05:02 +0800] "GET /xingrg/javascript/jquery_tools/fix.css HTTP/1.1" 304 -
120.253.135.82 - - [21/Jan/2021:11:05:02 +0800] "GET /xingrg/javascript/easyui/easyloader.js HTTP/1.1" 304 -
120.253.135.82 - - [21/Jan/2021:11:05:02 +0800] "GET /xingrg/javascript/jquery_tools/jquery.tools.table.js HTTP/1.1" 304 -
120.253.135.82 - - [21/Jan/2021:11:05:02 +0800] "GET /xingrg/javascript/jquery_tools/jquery.tools.min.js HTTP/1.1" 304 -
120.253.135.82 - - [21/Jan/2021:11:05:02 +0800] "GET /xingrg/javascript/jquery_tools/jquery.tools.extend.js HTTP/1.1" 304 -
120.253.135.82 - - [21/Jan/2021:11:05:02 +0800] "GET /xingrg/javascript/jquery_tools/list_manager.js HTTP/1.1" 304 -
120.253.135.82 - - [21/Jan/2021:11:05:02 +0800] "GET /xingrg/javascript/jquery_tools/jquery.tools.hotkey.js HTTP/1.1" 304 -
120.253.135.82 - - [21/Jan/2021:11:05:02 +0800] "GET /xingrg/javascript/auto/jquery.autocomplete.css HTTP/1.1" 304 -
120.253.135.82 - - [21/Jan/2021:11:05:02 +0800] "GET /xingrg/javascript/jquery.cookie.js HTTP/1.1" 304 -
120.253.135.82 - - [21/Jan/2021:11:05:03 +0800] "GET /xingrg/javascript/auto/jquery.autocomplete.js HTTP/1.1" 304 -
120.253.135.82 - - [21/Jan/2021:11:05:03 +0800] "GET /xingrg/javascript/print/LodopFuncs.js HTTP/1.1" 304 -
58.37.230.33 - - [21/Jan/2021:11:05:03 +0800] "POST /xingrg/kc/buy/cgsh_order_operate.html HTTP/1.1" 200 8245
58.37.230.33 - - [21/Jan/2021:11:05:03 +0800] "GET /xingrg/javascript/easyui/themes/default/validatebox.css HTTP/1.1" 404 1104
180.169.147.146 - - [21/Jan/2021:11:05:03 +0800] "GET /xingrg/all/function/internal_message.html?_=1611198303770&CODE_STATE=getMsg HTTP/1.1" 200 27
183.192.164.85 - - [21/Jan/2021:11:05:03 +0800] "GET /xingrg/login.html HTTP/1.1" 200 7641
120.253.135.82 - - [21/Jan/2021:11:05:03 +0800] "GET /xingrg/javascript/easyui/themes/icons/import_new.png HTTP/1.1" 304 -
120.253.135.82 - - [21/Jan/2021:11:05:03 +0800] "GET /xingrg/javascript/jquery_easy_ui/themes/icons/area.png HTTP/1.1" 304 -
120.253.135.82 - - [21/Jan/2021:11:05:03 +0800] "GET /xingrg/javascript/easyui/themes/icons/uncheck_new.png HTTP/1.1" 304 -
120.253.135.82 - - [21/Jan/2021:11:05:03 +0800] "GET /xingrg/javascript/easyui/themes/icons/field_new.png HTTP/1.1" 304 -
120.253.135.82 - - [21/Jan/2021:11:05:03 +0800] "GET /xingrg/javascript/easyui/themes/icons/cance_new.png HTTP/1.1" 304 -
120.253.135.82 - - [21/Jan/2021:11:05:03 +0800] "GET /xingrg/javascript/easyui/themes/icons/edit_add_new.png HTTP/1.1" 304 -
120.253.135.82 - - [21/Jan/2021:11:05:03 +0800] "GET /xingrg/javascript/jquery_easy_ui/themes/icons/manage.png HTTP/1.1" 304 -
120.253.135.82 - - [21/Jan/2021:11:05:03 +0800] "GET /xingrg/javascript/easyui/plugins/jquery.parser.js HTTP/1.1" 304 -
120.253.135.82 - - [21/Jan/2021:11:05:03 +0800] "GET /xingrg/images/control/ajaxLoader.gif HTTP/1.1" 304 -
120.253.135.82 - - [21/Jan/2021:11:05:04 +0800] "POST /xingrg/kc/pszx/mdps_list_operate.html HTTP/1.1" 200 5412
120.253.135.82 - - [21/Jan/2021:11:05:04 +0800] "GET /xingrg/javascript/easyui/themes/icons/check_new.png HTTP/1.1" 304 -
120.253.135.82 - - [21/Jan/2021:11:05:06 +0800] "GET /xingrg/javascript/auto/indicator.gif HTTP/1.1" 404 1066
61.165.42.208 - - [21/Jan/2021:11:05:06 +0800] "GET /xingrg/all/function/internal_message.html?_=1611198307550&CODE_STATE=getMsg HTTP/1.1" 200 27
180.169.147.146 - - [21/Jan/2021:11:05:06 +0800] "GET /xingrg/all/function/internal_message.html?_=1611198306753&CODE_STATE=getMsg HTTP/1.1" 200 27
61.165.42.208 - - [21/Jan/2021:11:05:08 +0800] "GET /xingrg/kc/buy/cgsh_order_operate.html?command=get_materiel&rest_code=00105&code=00101002035&supplier_code=00100088&order_time=2021-01-21 HTTP/1.1" 200 413
120.253.135.82 - - [21/Jan/2021:11:05:10 +0800] "POST /xingrg/kc/pszx/mdps_list_operate.html HTTP/1.1" 200 4592
58.37.230.33 - - [21/Jan/2021:11:05:10 +0800] "GET /xingrg/kc/buy/cgsh_order_operate.html?command=get_materiel&rest_code=00141&code=00101003041&supplier_code=00100088&order_time=2021-01-21 HTTP/1.1" 200 415
180.169.147.146 - - [21/Jan/2021:11:05:12 +0800] "GET /xingrg/all/function/internal_message.html?_=1611198309692&CODE_STATE=getMsg HTTP/1.1" 200 27
120.253.135.82 - - [21/Jan/2021:11:05:12 +0800] "POST /xingrg/kc/pszx/mdps_list_operate.html HTTP/1.1" 200 611
120.253.135.82 - - [21/Jan/2021:11:05:13 +0800] "GET /xingrg/javascript/pic_change.js HTTP/1.1" 304 -
120.253.135.82 - - [21/Jan/2021:11:05:13 +0800] "GET /xingrg/javascript/print/kc_print.js HTTP/1.1" 304 -
120.253.135.82 - - [21/Jan/2021:11:05:13 +0800] "GET /xingrg/javascript/jquery_tools/order_manager.js HTTP/1.1" 304 -
120.253.135.82 - - [21/Jan/2021:11:05:13 +0800] "GET /xingrg/javascript/myfunction.js HTTP/1.1" 304 -
120.253.135.82 - - [21/Jan/2021:11:05:13 +0800] "GET /xingrg/javascript/json2.js HTTP/1.1" 304 -
120.253.135.82 - - [21/Jan/2021:11:05:13 +0800] "GET /xingrg/javascript/convert.js HTTP/1.1" 304 -
120.253.135.82 - - [21/Jan/2021:11:05:13 +0800] "GET /xingrg/kc/pszx/mdps_order_info.html?code=312021012000609 HTTP/1.1" 200 23881
120.253.135.82 - - [21/Jan/2021:11:05:14 +0800] "GET /xingrg/words/20210120105349_words.js HTTP/1.1" 304 -
180.169.147.146 - - [21/Jan/2021:11:05:14 +0800] "GET /xingrg/all/function/internal_message.html?_=1611198312266&CODE_STATE=getMsg HTTP/1.1" 200 27
120.253.135.82 - - [21/Jan/2021:11:05:14 +0800] "GET /xingrg/javascript/easyui/themes/icons/copy_new.png HTTP/1.1" 304 -
120.253.135.82 - - [21/Jan/2021:11:05:14 +0800] "GET /xingrg/javascript/easyui/themes/icons/cancel.png HTTP/1.1" 304 -
120.253.135.82 - - [21/Jan/2021:11:05:14 +0800] "GET /xingrg/javascript/easyui/themes/default/images/menu_downarrow.png HTTP/1.1" 304 -
120.253.135.82 - - [21/Jan/2021:11:05:14 +0800] "GET /xingrg/javascript/easyui/themes/icons/ok.png HTTP/1.1" 304 -
120.253.135.82 - - [21/Jan/2021:11:05:14 +0800] "GET /xingrg/javascript/easyui/themes/icons/print.png HTTP/1.1" 304 -
120.253.135.82 - - [21/Jan/2021:11:05:14 +0800] "GET /xingrg/all/common/auto_word.html?type=base&rest_code=00101 HTTP/1.1" 200 559
120.253.135.82 - - [21/Jan/2021:11:05:14 +0800] "GET /xingrg/javascript/easyui/themes/default/validatebox.css HTTP/1.1" 404 1104
120.253.135.82 - - [21/Jan/2021:11:05:14 +0800] "GET /xingrg/javascript/easyui/plugins/jquery.validatebox.js HTTP/1.1" 304 -
120.253.135.82 - - [21/Jan/2021:11:05:14 +0800] "GET /xingrg/javascript/easyui/plugins/jquery.numberbox.js HTTP/1.1" 304 -
120.253.135.82 - - [21/Jan/2021:11:05:14 +0800] "POST /xingrg/kc/pszx/mdps_order_operate.html HTTP/1.1" 200 5283
120.253.135.82 - - [21/Jan/2021:11:05:14 +0800] "GET /xingrg/javascript/easyui/themes/icons/edit_remove.png HTTP/1.1" 304 -
180.156.237.57 - - [21/Jan/2021:11:05:14 +0800] "GET /xingrg/all/function/internal_message.html?_=1611198294094&CODE_STATE=getMsg HTTP/1.1" 200 27
218.81.223.240 - - [21/Jan/2021:11:05:15 +0800] "GET /xingrg/all/function/internal_message.html?_=1611198311561&CODE_STATE=getMsg HTTP/1.1" 200 27
222.70.209.13 - - [21/Jan/2021:11:05:16 +0800] "GET /xingrg/all/function/internal_message.html?_=1611198311712&CODE_STATE=getMsg HTTP/1.1" 200 27
120.253.135.82 - - [21/Jan/2021:11:05:18 +0800] "GET /xingrg/javascript/easyui/themes/default/images/button_plain_hover.png HTTP/1.1" 304 -
114.88.166.193 - - [21/Jan/2021:11:05:20 +0800] "GET /xingrg/check_reg.html?_=1611198315007 HTTP/1.1" 200 22
61.165.42.208 - - [21/Jan/2021:11:05:20 +0800] "POST /xingrg/kc/buy/cgsh_order_operate.html HTTP/1.1" 200 37
120.253.135.82 - - [21/Jan/2021:11:05:20 +0800] "GET /xingrg/kc/print/load_config.html?kc_code=mdps HTTP/1.1" 200 2396
120.253.135.82 - - [21/Jan/2021:11:05:20 +0800] "GET /xingrg/kc/print/load_data.html?order_code=312021012000609&kc_code=mdps&condition= HTTP/1.1" 200 2056
61.165.42.208 - - [21/Jan/2021:11:05:21 +0800] "POST /xingrg/kc/buy/cgsh_order_operate.html HTTP/1.1" 200 2664
114.88.166.193 - - [21/Jan/2021:11:05:23 +0800] "GET /xingrg/all/function/internal_message.html?_=1611198318517&CODE_STATE=getMsg HTTP/1.1" 200 27
61.165.42.208 - - [21/Jan/2021:11:05:24 +0800] "GET /xingrg/kc/print/load_data.html?order_code=212021012109624&kc_code=cgsh&condition= HTTP/1.1" 200 750
101.85.52.2 - - [21/Jan/2021:11:05:24 +0800] "GET /xingrg/all/function/internal_message.html?_=1611198317030&CODE_STATE=getMsg HTTP/1.1" 200 27
116.228.172.94 - - [21/Jan/2021:11:05:30 +0800] "GET /xingrg/all/function/internal_message.html?_=1611198323666&CODE_STATE=getMsg HTTP/1.1" 200 27
180.156.237.57 - - [21/Jan/2021:11:05:30 +0800] "GET /xingrg/all/function/internal_message.html?_=1611198329035&CODE_STATE=getMsg HTTP/1.1" 200 27
180.156.237.57 - - [21/Jan/2021:11:05:30 +0800] "GET /xingrg/check_reg.html?_=1611198329039 HTTP/1.1" 200 22
116.228.172.94 - - [21/Jan/2021:11:05:30 +0800] "GET /xingrg/check_reg.html?_=1611198324030 HTTP/1.1" 200 22
58.37.230.33 - - [21/Jan/2021:11:05:30 +0800] "POST /xingrg/kc/buy/cgsh_order_operate.html HTTP/1.1" 200 37
116.228.172.94 - - [21/Jan/2021:11:05:31 +0800] "GET /xingrg/kc/buy/cgsh_order_operate.html?command=get_materiel&rest_code=00107&code=00101010342&supplier_code=00100329&order_time=2021-01-21 HTTP/1.1" 200 422
222.69.133.109 - - [21/Jan/2021:11:05:31 +0800] "GET /xingrg/all/function/internal_message.html?_=1611198331916&CODE_STATE=getMsg HTTP/1.1" 200 27
58.37.230.33 - - [21/Jan/2021:11:05:32 +0800] "POST /xingrg/kc/buy/cgsh_order_operate.html HTTP/1.1" 200 12
58.37.230.33 - - [21/Jan/2021:11:05:33 +0800] "GET /xingrg/kc/buy/cgsh_order_info.html?code=212021012109625 HTTP/1.1" 200 56865
117.185.32.26 - - [21/Jan/2021:11:05:33 +0800] "GET /xingrg/all/function/internal_message.html?_=1611198326692&CODE_STATE=getMsg HTTP/1.1" 200 27
58.37.230.33 - - [21/Jan/2021:11:05:34 +0800] "GET /xingrg/javascript/easyui/themes/default/validatebox.css HTTP/1.1" 404 1104
117.185.32.26 - - [21/Jan/2021:11:05:34 +0800] "GET /xingrg/check_reg.html?_=1611198326937 HTTP/1.1" 200 22
58.37.230.33 - - [21/Jan/2021:11:05:34 +0800] "POST /xingrg/kc/buy/cgsh_order_operate.html HTTP/1.1" 200 612
180.175.150.119 - - [21/Jan/2021:11:05:35 +0800] "GET /xingrg/all/function/internal_message.html?_=1611198337220&CODE_STATE=getMsg HTTP/1.1" 200 27
58.37.230.33 - - [21/Jan/2021:11:05:35 +0800] "GET /xingrg/kc/print/load_data.html?order_code=212021012109625&kc_code=cgsh&condition= HTTP/1.1" 200 791
61.165.42.208 - - [21/Jan/2021:11:05:35 +0800] "GET /xingrg/kc/buy/cgsh_order_add.html HTTP/1.1" 200 62002
61.165.42.208 - - [21/Jan/2021:11:05:36 +0800] "POST /xingrg/kc/buy/cgsh_order_operate.html HTTP/1.1" 200 8245
61.165.42.208 - - [21/Jan/2021:11:05:36 +0800] "GET /xingrg/javascript/easyui/themes/default/validatebox.css HTTP/1.1" 404 1104
61.165.42.208 - - [21/Jan/2021:11:05:47 +0800] "GET /xingrg/kc/buy/cgsh_order_operate.html?command=get_materiel&rest_code=00105&code=00101010209&supplier_code=00100322&order_time=2021-01-21 HTTP/1.1" 200 441
61.165.42.208 - - [21/Jan/2021:11:05:48 +0800] "POST /xingrg/all/common/load_select.html HTTP/1.1" 200 25
180.175.150.119 - - [21/Jan/2021:11:05:49 +0800] "GET /xingrg/all/function/internal_message.html?_=1611198590927&CODE_STATE=getMsg HTTP/1.1" 200 27
61.165.42.208 - - [21/Jan/2021:11:05:51 +0800] "GET /xingrg/all/function/internal_message.html?_=1611198331446&CODE_STATE=getMsg HTTP/1.1" 200 27
61.165.42.208 - - [21/Jan/2021:11:05:51 +0800] "GET /xingrg/kc/buy/cgsh_order_operate.html?command=get_materiel_price&rest_code=00105&code=00101010209&unit_code=00100076&supplier_code=00100322&order_time=2021-01-21 HTTP/1.1" 200 30
58.37.230.33 - - [21/Jan/2021:11:05:53 +0800] "GET /xingrg/all/function/internal_message.html?_=1611198370909&CODE_STATE=getMsg HTTP/1.1" 200 27
58.37.230.33 - - [21/Jan/2021:11:05:54 +0800] "GET /xingrg/all/function/internal_message.html?_=1611198351446&CODE_STATE=getMsg HTTP/1.1" 200 27
222.69.136.55 - - [21/Jan/2021:11:05:56 +0800] "GET /xingrg/all/function/internal_message.html?_=1611198351305&CODE_STATE=getMsg HTTP/1.1" 200 27
116.228.172.94 - - [21/Jan/2021:11:05:56 +0800] "GET /xingrg/kc/buy/cgsh_order_operate.html?command=get_materiel&rest_code=00107&code=00101020148&supplier_code=00100329&order_time=2021-01-21 HTTP/1.1" 200 421
116.232.52.42 - - [21/Jan/2021:11:05:58 +0800] "GET /xingrg/all/function/internal_message.html?_=1611198380234&CODE_STATE=getMsg HTTP/1.1" 200 27
120.253.135.82 - - [21/Jan/2021:11:05:59 +0800] "GET /xingrg/all/function/internal_message.html?_=1611198117995&CODE_STATE=getMsg HTTP/1.1" 200 27
180.169.147.146 - - [21/Jan/2021:11:06:03 +0800] "GET /xingrg/all/function/internal_message.html?_=1611198363773&CODE_STATE=getMsg HTTP/1.1" 200 27
61.165.42.208 - - [21/Jan/2021:11:06:06 +0800] "GET /xingrg/all/function/internal_message.html?_=1611198367522&CODE_STATE=getMsg HTTP/1.1" 200 27
180.169.147.146 - - [21/Jan/2021:11:06:06 +0800] "GET /xingrg/all/function/internal_message.html?_=1611198366756&CODE_STATE=getMsg HTTP/1.1" 200 27
61.165.42.208 - - [21/Jan/2021:11:06:07 +0800] "POST /xingrg/kc/buy/cgsh_order_operate.html HTTP/1.1" 200 37
116.228.172.94 - - [21/Jan/2021:11:06:09 +0800] "POST /xingrg/kc/buy/cgsh_order_operate.html HTTP/1.1" 200 37
61.165.42.208 - - [21/Jan/2021:11:06:09 +0800] "POST /xingrg/kc/buy/cgsh_order_operate.html HTTP/1.1" 200 2678
116.228.172.94 - - [21/Jan/2021:11:06:10 +0800] "POST /xingrg/kc/buy/cgsh_order_operate.html HTTP/1.1" 200 3276
61.165.42.208 - - [21/Jan/2021:11:06:11 +0800] "GET /xingrg/kc/print/load_data.html?order_code=212021012109626&kc_code=cgsh&condition= HTTP/1.1" 200 682
180.169.147.146 - - [21/Jan/2021:11:06:12 +0800] "GET /xingrg/all/function/internal_message.html?_=1611198369681&CODE_STATE=getMsg HTTP/1.1" 200 27
116.228.172.94 - - [21/Jan/2021:11:06:13 +0800] "GET /xingrg/kc/print/load_data.html?order_code=212021012109627&kc_code=cgsh&condition= HTTP/1.1" 200 931
180.169.147.146 - - [21/Jan/2021:11:06:14 +0800] "GET /xingrg/check_reg.html?_=1611198372266 HTTP/1.1" 200 22
180.169.147.146 - - [21/Jan/2021:11:06:14 +0800] "GET /xingrg/all/function/internal_message.html?_=1611198372268&CODE_STATE=getMsg HTTP/1.1" 200 27
180.156.237.57 - - [21/Jan/2021:11:06:14 +0800] "GET /xingrg/all/function/internal_message.html?_=1611198354106&CODE_STATE=getMsg HTTP/1.1" 200 27
218.81.223.240 - - [21/Jan/2021:11:06:15 +0800] "GET /xingrg/all/function/internal_message.html?_=1611198372030&CODE_STATE=getMsg HTTP/1.1" 200 27
222.70.209.13 - - [21/Jan/2021:11:06:16 +0800] "GET /xingrg/all/function/internal_message.html?_=1611198371721&CODE_STATE=getMsg HTTP/1.1" 200 27
61.165.42.208 - - [21/Jan/2021:11:06:17 +0800] "GET /xingrg/kc/buy/cgsh_order_add.html HTTP/1.1" 200 62002
61.165.42.208 - - [21/Jan/2021:11:06:17 +0800] "POST /xingrg/kc/buy/cgsh_order_operate.html HTTP/1.1" 200 8245
61.165.42.208 - - [21/Jan/2021:11:06:17 +0800] "GET /xingrg/javascript/easyui/themes/default/validatebox.css HTTP/1.1" 404 1104
116.228.172.94 - - [21/Jan/2021:11:06:19 +0800] "GET /xingrg/kc/buy/cgsh_order_add.html HTTP/1.1" 200 62043
116.228.172.94 - - [21/Jan/2021:11:06:20 +0800] "GET /xingrg/javascript/easyui/themes/default/validatebox.css HTTP/1.1" 404 1104
116.228.172.94 - - [21/Jan/2021:11:06:20 +0800] "POST /xingrg/kc/buy/cgsh_order_operate.html HTTP/1.1" 200 8245
116.228.172.94 - - [21/Jan/2021:11:06:23 +0800] "GET /xingrg/javascript/easyui/themes/default/tree.css HTTP/1.1" 404 1090
116.228.172.94 - - [21/Jan/2021:11:06:23 +0800] "POST /xingrg/all/common/load_tree.html?tree=supplier_tree_json&isDelete=1 HTTP/1.1" 200 54555
114.88.166.193 - - [21/Jan/2021:11:06:23 +0800] "GET /xingrg/all/function/internal_message.html?_=1611198378529&CODE_STATE=getMsg HTTP/1.1" 200 27
101.85.52.2 - - [21/Jan/2021:11:06:24 +0800] "GET /xingrg/check_reg.html?_=1611198376515 HTTP/1.1" 200 22
101.85.52.2 - - [21/Jan/2021:11:06:24 +0800] "GET /xingrg/all/function/internal_message.html?_=1611198377004&CODE_STATE=getMsg HTTP/1.1" 200 27
180.175.150.119 - - [21/Jan/2021:11:06:28 +0800] "POST /xingrg/kc/buy/cgsh_list_operate.html HTTP/1.1" 200 876
61.165.42.208 - - [21/Jan/2021:11:06:29 +0800] "GET /xingrg/kc/buy/cgsh_order_operate.html?command=get_materiel&rest_code=00105&code=00101012010&supplier_code=00100323&order_time=2021-01-21 HTTP/1.1" 200 409
180.175.150.119 - - [21/Jan/2021:11:06:30 +0800] "GET /xingrg/check_reg.html?_=1611198392396 HTTP/1.1" 200 22
116.228.172.94 - - [21/Jan/2021:11:06:30 +0800] "GET /xingrg/all/function/internal_message.html?_=1611198383649&CODE_STATE=getMsg HTTP/1.1" 200 27
180.156.237.57 - - [21/Jan/2021:11:06:30 +0800] "GET /xingrg/all/function/internal_message.html?_=1611198389029&CODE_STATE=getMsg HTTP/1.1" 200 27
222.69.133.109 - - [21/Jan/2021:11:06:31 +0800] "GET /xingrg/all/function/internal_message.html?_=1611198391915&CODE_STATE=getMsg HTTP/1.1" 200 27
180.175.150.119 - - [21/Jan/2021:11:06:32 +0800] "GET /xingrg/kc/base/wldb_order_list.html HTTP/1.1" 200 19339
180.175.150.119 - - [21/Jan/2021:11:06:33 +0800] "POST /xingrg/kc/base/wldb_list_operate.html HTTP/1.1" 200 928
117.185.32.26 - - [21/Jan/2021:11:06:33 +0800] "GET /xingrg/all/function/internal_message.html?_=1611198386668&CODE_STATE=getMsg HTTP/1.1" 200 27
180.175.150.119 - - [21/Jan/2021:11:06:34 +0800] "GET /xingrg/kc/base/wldb_order_add.html HTTP/1.1" 200 30498
180.175.150.119 - - [21/Jan/2021:11:06:35 +0800] "GET /xingrg/all/function/internal_message.html?_=1611198397232&CODE_STATE=getMsg HTTP/1.1" 200 27
183.192.164.214 - - [21/Jan/2021:11:06:35 +0800] "GET /xingrg/all/function/internal_message.html?_=1611197726861&CODE_STATE=getMsg HTTP/1.1" 302 -
180.175.150.119 - - [21/Jan/2021:11:06:35 +0800] "POST /xingrg/kc/base/wldb_order_operate.html HTTP/1.1" 200 6806
180.175.150.119 - - [21/Jan/2021:11:06:35 +0800] "GET /xingrg/all/common/auto_word.html?type=base&rest_code=00102 HTTP/1.1" 200 1711
180.175.150.119 - - [21/Jan/2021:11:06:35 +0800] "GET /xingrg/all/common/auto_word.html?type=base&rest_code=00102 HTTP/1.1" 200 1711
180.175.150.119 - - [21/Jan/2021:11:06:36 +0800] "GET /xingrg/javascript/easyui/themes/default/validatebox.css HTTP/1.1" 404 1104
222.70.209.13 - - [21/Jan/2021:11:06:36 +0800] "POST /xingrg/all/report/operate.html HTTP/1.1" 200 2885
180.175.150.119 - - [21/Jan/2021:11:06:36 +0800] "POST /xingrg/all/common/load_combo.html?type=base HTTP/1.1" 200 3060
180.175.150.119 - - [21/Jan/2021:11:06:39 +0800] "POST /xingrg/all/common/load_combo.html?type=base HTTP/1.1" 200 3060
120.204.17.70 - - [21/Jan/2021:11:06:40 +0800] "GET /xingrg/check_reg.html?_=1611197726966 HTTP/1.1" 302 -
183.192.164.214 - - [21/Jan/2021:11:06:42 +0800] "GET /xingrg/login.html HTTP/1.1" 200 7641
120.204.17.70 - - [21/Jan/2021:11:06:44 +0800] "GET /xingrg/login.html HTTP/1.1" 200 7641
222.70.209.13 - - [21/Jan/2021:11:06:46 +0800] "GET /xingrg/javascript/multi_select/dropdown_active.gif HTTP/1.1" 200 61
180.175.150.119 - - [21/Jan/2021:11:06:48 +0800] "GET /xingrg/kc/base/wldb_order_operate.html?command=get_materiel&rest_code=00102&base_code=0010476&code=00101019373 HTTP/1.1" 200 452
116.228.172.94 - - [21/Jan/2021:11:06:49 +0800] "GET /xingrg/kc/buy/cgsh_order_operate.html?command=get_materiel&rest_code=00107&code=00101001168&supplier_code=00100313&order_time=2021-01-21 HTTP/1.1" 200 416
180.175.150.119 - - [21/Jan/2021:11:06:49 +0800] "GET /xingrg/all/function/internal_message.html?_=1611198651090&CODE_STATE=getMsg HTTP/1.1" 200 27
61.165.42.208 - - [21/Jan/2021:11:06:51 +0800] "GET /xingrg/all/function/internal_message.html?_=1611198391446&CODE_STATE=getMsg HTTP/1.1" 200 27
222.70.209.13 - - [21/Jan/2021:11:06:52 +0800] "POST /xingrg/dwr/call/plaincall/AjaxReportQueryService.refreshCache.dwr HTTP/1.1" 200 78
222.70.209.13 - - [21/Jan/2021:11:06:52 +0800] "POST /xingrg/all/report/load_report_page.html HTTP/1.1" 200 89
58.37.230.33 - - [21/Jan/2021:11:06:53 +0800] "GET /xingrg/check_reg.html?_=1611198430902 HTTP/1.1" 200 22
58.37.230.33 - - [21/Jan/2021:11:06:53 +0800] "GET /xingrg/all/function/internal_message.html?_=1611198430905&CODE_STATE=getMsg HTTP/1.1" 200 27
180.175.150.119 - - [21/Jan/2021:11:06:54 +0800] "POST /xingrg/kc/base/wldb_order_operate.html HTTP/1.1" 200 37
58.37.230.33 - - [21/Jan/2021:11:06:54 +0800] "GET /xingrg/all/function/internal_message.html?_=1611198411440&CODE_STATE=getMsg HTTP/1.1" 200 27
222.70.209.13 - - [21/Jan/2021:11:06:54 +0800] "POST /xingrg/dwr/call/plaincall/AjaxReportQueryService.refreshCache.dwr HTTP/1.1" 200 78
222.70.209.13 - - [21/Jan/2021:11:06:55 +0800] "POST /xingrg/all/report/load_report_page.html HTTP/1.1" 200 89
61.165.42.208 - - [21/Jan/2021:11:06:55 +0800] "GET /xingrg/kc/buy/cgsh_order_operate.html?command=get_materiel&rest_code=00105&code=00101006021&supplier_code=00100323&order_time=2021-01-21 HTTP/1.1" 200 427
222.69.136.55 - - [21/Jan/2021:11:06:56 +0800] "GET /xingrg/all/function/internal_message.html?_=1611198411292&CODE_STATE=getMsg HTTP/1.1" 200 27
180.175.150.119 - - [21/Jan/2021:11:06:56 +0800] "POST /xingrg/kc/base/wldb_order_operate.html HTTP/1.1" 200 12
180.175.150.119 - - [21/Jan/2021:11:06:56 +0800] "POST /xingrg/kc/base/wldb_order_operate.html HTTP/1.1" 200 2208
222.69.136.55 - - [21/Jan/2021:11:06:56 +0800] "GET /xingrg/check_reg.html?_=1611198412000 HTTP/1.1" 200 22
180.175.150.119 - - [21/Jan/2021:11:06:57 +0800] "GET /xingrg/kc/base/wldb_order_info.html?code=422021012102590 HTTP/1.1" 200 26371
180.175.150.119 - - [21/Jan/2021:11:06:58 +0800] "POST /xingrg/kc/base/wldb_order_operate.html HTTP/1.1" 200 502
116.232.52.42 - - [21/Jan/2021:11:06:58 +0800] "GET /xingrg/all/function/internal_message.html?_=1611198440233&CODE_STATE=getMsg HTTP/1.1" 200 27
180.175.150.119 - - [21/Jan/2021:11:06:58 +0800] "GET /xingrg/javascript/easyui/themes/default/validatebox.css HTTP/1.1" 404 1104
120.253.135.82 - - [21/Jan/2021:11:06:59 +0800] "GET /xingrg/all/function/internal_message.html?_=1611198177999&CODE_STATE=getMsg HTTP/1.1" 200 27
222.70.209.13 - - [21/Jan/2021:11:06:59 +0800] "POST /xingrg/dwr/call/plaincall/AjaxReportQueryService.refreshCache.dwr HTTP/1.1" 200 78
222.70.209.13 - - [21/Jan/2021:11:06:59 +0800] "POST /xingrg/all/report/load_report_page.html HTTP/1.1" 200 146754
222.70.209.13 - - [21/Jan/2021:11:06:59 +0800] "GET /xingrg/servlets/image?cache=0.9042918245253124&image=px HTTP/1.1" 200 807
180.175.150.119 - - [21/Jan/2021:11:07:00 +0800] "GET /xingrg/kc/base/wldb_order_add.html HTTP/1.1" 200 30498
180.175.150.119 - - [21/Jan/2021:11:07:02 +0800] "POST /xingrg/kc/base/wldb_order_operate.html HTTP/1.1" 200 6806
180.175.150.119 - - [21/Jan/2021:11:07:03 +0800] "GET /xingrg/javascript/easyui/themes/default/validatebox.css HTTP/1.1" 404 1104
180.169.147.146 - - [21/Jan/2021:11:07:03 +0800] "GET /xingrg/all/function/internal_message.html?_=1611198423775&CODE_STATE=getMsg HTTP/1.1" 200 27
180.175.150.119 - - [21/Jan/2021:11:07:03 +0800] "POST /xingrg/all/common/load_combo.html?type=base HTTP/1.1" 200 3060
61.165.42.208 - - [21/Jan/2021:11:07:03 +0800] "GET /xingrg/kc/buy/cgsh_order_operate.html?command=get_materiel&rest_code=00105&code=00101020113&supplier_code=00100323&order_time=2021-01-21 HTTP/1.1" 200 409
180.175.150.119 - - [21/Jan/2021:11:07:05 +0800] "POST /xingrg/all/common/load_combo.html?type=base HTTP/1.1" 200 3060
61.165.42.208 - - [21/Jan/2021:11:07:06 +0800] "GET /xingrg/all/function/internal_message.html?_=1611198427506&CODE_STATE=getMsg HTTP/1.1" 200 27
180.169.147.146 - - [21/Jan/2021:11:07:06 +0800] "GET /xingrg/all/function/internal_message.html?_=1611198426757&CODE_STATE=getMsg HTTP/1.1" 200 27
61.165.42.208 - - [21/Jan/2021:11:07:08 +0800] "GET /xingrg/check_reg.html?_=1611198429947 HTTP/1.1" 200 22
116.228.172.94 - - [21/Jan/2021:11:07:10 +0800] "GET /xingrg/kc/buy/cgsh_order_operate.html?command=get_materiel&rest_code=00107&code=00101001135&supplier_code=00100313&order_time=2021-01-21 HTTP/1.1" 200 413
180.169.147.146 - - [21/Jan/2021:11:07:12 +0800] "GET /xingrg/all/function/internal_message.html?_=1611198429696&CODE_STATE=getMsg HTTP/1.1" 200 27
180.175.150.119 - - [21/Jan/2021:11:07:13 +0800] "GET /xingrg/kc/base/wldb_order_operate.html?command=get_materiel&rest_code=00102&base_code=0010476&code=00101019258 HTTP/1.1" 200 467
180.169.147.146 - - [21/Jan/2021:11:07:14 +0800] "GET /xingrg/all/function/internal_message.html?_=1611198432252&CODE_STATE=getMsg HTTP/1.1" 200 27
180.156.237.57 - - [21/Jan/2021:11:07:14 +0800] "GET /xingrg/all/function/internal_message.html?_=1611198414132&CODE_STATE=getMsg HTTP/1.1" 200 27
61.165.42.208 - - [21/Jan/2021:11:07:14 +0800] "GET /xingrg/kc/buy/cgsh_order_operate.html?command=get_materiel&rest_code=00105&code=00101010163&supplier_code=00100323&order_time=2021-01-21 HTTP/1.1" 200 408
218.81.223.240 - - [21/Jan/2021:11:07:15 +0800] "GET /xingrg/all/function/internal_message.html?_=1611198432040&CODE_STATE=getMsg HTTP/1.1" 200 27
222.70.209.13 - - [21/Jan/2021:11:07:16 +0800] "GET /xingrg/check_reg.html?_=1611198431507 HTTP/1.1" 200 22
222.70.209.13 - - [21/Jan/2021:11:07:16 +0800] "GET /xingrg/all/function/internal_message.html?_=1611198431734&CODE_STATE=getMsg HTTP/1.1" 200 27
180.175.150.119 - - [21/Jan/2021:11:07:19 +0800] "GET /xingrg/kc/base/wldb_order_operate.html?command=get_materiel&rest_code=00102&base_code=0010476&code=00101019079 HTTP/1.1" 200 464
114.88.166.193 - - [21/Jan/2021:11:07:24 +0800] "GET /xingrg/all/function/internal_message.html?_=1611198439048&CODE_STATE=getMsg HTTP/1.1" 200 27
101.85.52.2 - - [21/Jan/2021:11:07:24 +0800] "GET /xingrg/all/function/internal_message.html?_=1611198436989&CODE_STATE=getMsg HTTP/1.1" 200 27
180.175.150.119 - - [21/Jan/2021:11:07:27 +0800] "GET /xingrg/kc/base/wldb_order_operate.html?command=get_materiel&rest_code=00102&base_code=0010476&code=00101019536 HTTP/1.1" 200 469
116.228.172.94 - - [21/Jan/2021:11:07:30 +0800] "GET /xingrg/all/function/internal_message.html?_=1611198443632&CODE_STATE=getMsg HTTP/1.1" 200 27
180.156.237.57 - - [21/Jan/2021:11:07:30 +0800] "GET /xingrg/all/function/internal_message.html?_=1611198449042&CODE_STATE=getMsg HTTP/1.1" 200 27
61.165.42.208 - - [21/Jan/2021:11:07:30 +0800] "GET /xingrg/kc/buy/cgsh_order_operate.html?command=get_materiel&rest_code=00105&code=00101008187&supplier_code=00100323&order_time=2021-01-21 HTTP/1.1" 200 413
222.69.133.109 - - [21/Jan/2021:11:07:31 +0800] "GET /xingrg/all/function/internal_message.html?_=1611198451916&CODE_STATE=getMsg HTTP/1.1" 200 27
180.175.150.119 - - [21/Jan/2021:11:07:32 +0800] "GET /xingrg/check_reg.html?_=1611198693981 HTTP/1.1" 200 22
117.185.32.26 - - [21/Jan/2021:11:07:33 +0800] "GET /xingrg/all/function/internal_message.html?_=1611198446650&CODE_STATE=getMsg HTTP/1.1" 200 27
180.175.150.119 - - [21/Jan/2021:11:07:34 +0800] "GET /xingrg/kc/base/wldb_order_operate.html?command=get_materiel&rest_code=00102&base_code=0010476&code=00101019535 HTTP/1.1" 200 475
180.175.150.119 - - [21/Jan/2021:11:07:35 +0800] "GET /xingrg/all/function/internal_message.html?_=1611198457247&CODE_STATE=getMsg HTTP/1.1" 200 27
116.228.172.94 - - [21/Jan/2021:11:07:37 +0800] "GET /xingrg/kc/buy/cgsh_order_operate.html?command=get_materiel&rest_code=00107&code=00101001016&supplier_code=00100313&order_time=2021-01-21 HTTP/1.1" 200 413
180.175.150.119 - - [21/Jan/2021:11:07:40 +0800] "GET /xingrg/kc/base/wldb_order_operate.html?command=get_materiel&rest_code=00102&base_code=0010476&code=00101019071 HTTP/1.1" 200 455
61.165.42.208 - - [21/Jan/2021:11:07:43 +0800] "GET /xingrg/kc/buy/cgsh_order_operate.html?command=get_materiel&rest_code=00105&code=00101010063&supplier_code=00100323&order_time=2021-01-21 HTTP/1.1" 200 409
183.192.164.71 - - [21/Jan/2021:11:07:44 +0800] "GET /xingrg/all/function/internal_message.html?_=1611197786839&CODE_STATE=getMsg HTTP/1.1" 302 -
180.175.150.119 - - [21/Jan/2021:11:07:46 +0800] "GET /xingrg/kc/base/wldb_order_operate.html?command=get_materiel&rest_code=00102&base_code=0010476&code=00101019134 HTTP/1.1" 200 466
183.192.164.71 - - [21/Jan/2021:11:07:48 +0800] "GET /xingrg/login.html HTTP/1.1" 200 7641
61.129.6.151 - - [21/Jan/2021:11:07:49 +0800] "GET /xingrg/all/function/internal_message.html?_=1611197811408&CODE_STATE=getMsg HTTP/1.1" 302 -
180.175.150.119 - - [21/Jan/2021:11:07:50 +0800] "GET /xingrg/all/function/internal_message.html?_=1611198711269&CODE_STATE=getMsg HTTP/1.1" 200 27
180.175.150.119 - - [21/Jan/2021:11:07:50 +0800] "GET /xingrg/kc/base/wldb_order_operate.html?command=get_materiel&rest_code=00102&base_code=0010476&code=00101019438 HTTP/1.1" 200 447
61.165.42.208 - - [21/Jan/2021:11:07:51 +0800] "GET /xingrg/all/function/internal_message.html?_=1611198451440&CODE_STATE=getMsg HTTP/1.1" 200 27
120.253.135.82 - - [21/Jan/2021:11:07:51 +0800] "GET /xingrg/check_reg.html?_=1611198034300 HTTP/1.1" 302 -
58.37.230.33 - - [21/Jan/2021:11:07:51 +0800] "GET /xingrg/kc/buy/cgsh_order_add.html HTTP/1.1" 200 61961
58.37.230.33 - - [21/Jan/2021:11:07:52 +0800] "POST /xingrg/kc/buy/cgsh_order_operate.html HTTP/1.1" 200 8245
58.37.230.33 - - [21/Jan/2021:11:07:52 +0800] "GET /xingrg/javascript/easyui/themes/default/validatebox.css HTTP/1.1" 404 1104
116.228.172.94 - - [21/Jan/2021:11:07:53 +0800] "GET /xingrg/kc/buy/cgsh_order_operate.html?command=get_materiel&rest_code=00107&code=00101001033&supplier_code=00100313&order_time=2021-01-21 HTTP/1.1" 200 419
58.37.230.33 - - [21/Jan/2021:11:07:53 +0800] "GET /xingrg/all/function/internal_message.html?_=1611198490970&CODE_STATE=getMsg HTTP/1.1" 200 27
58.37.230.33 - - [21/Jan/2021:11:07:54 +0800] "GET /xingrg/all/function/internal_message.html?_=1611198471434&CODE_STATE=getMsg HTTP/1.1" 200 27
222.69.136.55 - - [21/Jan/2021:11:07:56 +0800] "GET /xingrg/all/function/internal_message.html?_=1611198471267&CODE_STATE=getMsg HTTP/1.1" 200 27
58.37.230.33 - - [21/Jan/2021:11:07:58 +0800] "GET /xingrg/kc/buy/cgsh_order_add.html HTTP/1.1" 200 61961
58.37.230.33 - - [21/Jan/2021:11:07:58 +0800] "POST /xingrg/kc/buy/cgsh_order_operate.html HTTP/1.1" 200 8245
58.37.230.33 - - [21/Jan/2021:11:07:58 +0800] "GET /xingrg/javascript/easyui/themes/default/validatebox.css HTTP/1.1" 404 1104
116.232.52.42 - - [21/Jan/2021:11:07:58 +0800] "GET /xingrg/all/function/internal_message.html?_=1611198500238&CODE_STATE=getMsg HTTP/1.1" 200 27
61.129.6.151 - - [21/Jan/2021:11:07:59 +0800] "GET /xingrg/login.html HTTP/1.1" 200 7641
120.253.135.82 - - [21/Jan/2021:11:07:59 +0800] "GET /xingrg/all/function/internal_message.html?_=1611198238019&CODE_STATE=getMsg HTTP/1.1" 200 27
180.175.150.119 - - [21/Jan/2021:11:08:00 +0800] "GET /xingrg/kc/base/wldb_order_operate.html?command=get_materiel&rest_code=00102&base_code=0010476&code=00101019529 HTTP/1.1" 200 475
58.37.230.33 - - [21/Jan/2021:11:08:01 +0800] "GET /xingrg/kc/buy/cgsh_order_operate.html?command=get_materiel&rest_code=00141&code=00101001093&supplier_code=00100319&order_time=2021-01-21 HTTP/1.1" 200 411
180.169.147.146 - - [21/Jan/2021:11:08:03 +0800] "GET /xingrg/all/function/internal_message.html?_=1611198483764&CODE_STATE=getMsg HTTP/1.1" 200 27
116.228.172.94 - - [21/Jan/2021:11:08:05 +0800] "GET /xingrg/kc/buy/cgsh_order_operate.html?command=get_materiel&rest_code=00107&code=00101001096&supplier_code=00100313&order_time=2021-01-21 HTTP/1.1" 200 413
180.175.150.119 - - [21/Jan/2021:11:08:05 +0800] "GET /xingrg/kc/base/wldb_order_operate.html?command=get_materiel&rest_code=00102&base_code=0010476&code=00101013123 HTTP/1.1" 200 434
61.165.42.208 - - [21/Jan/2021:11:08:06 +0800] "GET /xingrg/all/function/internal_message.html?_=1611198487515&CODE_STATE=getMsg HTTP/1.1" 200 27
180.169.147.146 - - [21/Jan/2021:11:08:06 +0800] "GET /xingrg/check_reg.html?_=1611198486762 HTTP/1.1" 200 22
180.169.147.146 - - [21/Jan/2021:11:08:06 +0800] "GET /xingrg/all/function/internal_message.html?_=1611198486767&CODE_STATE=getMsg HTTP/1.1" 200 27
58.37.230.33 - - [21/Jan/2021:11:08:08 +0800] "GET /xingrg/kc/buy/cgsh_order_operate.html?command=get_materiel&rest_code=00141&code=00101001010&supplier_code=00100040&order_time=2021-01-21 HTTP/1.1" 200 408
58.37.230.33 - - [21/Jan/2021:11:08:10 +0800] "POST /xingrg/kc/buy/cgsh_order_operate.html HTTP/1.1" 200 37
58.37.230.33 - - [21/Jan/2021:11:08:12 +0800] "POST /xingrg/kc/buy/cgsh_order_operate.html HTTP/1.1" 200 12
180.169.147.146 - - [21/Jan/2021:11:08:12 +0800] "GET /xingrg/check_reg.html?_=1611198489687 HTTP/1.1" 200 22
180.169.147.146 - - [21/Jan/2021:11:08:12 +0800] "GET /xingrg/all/function/internal_message.html?_=1611198489688&CODE_STATE=getMsg HTTP/1.1" 200 27
58.37.230.33 - - [21/Jan/2021:11:08:13 +0800] "GET /xingrg/kc/buy/cgsh_order_info.html?code=212021012109628 HTTP/1.1" 200 56867
58.37.230.33 - - [21/Jan/2021:11:08:13 +0800] "GET /xingrg/javascript/easyui/themes/default/validatebox.css HTTP/1.1" 404 1104
58.37.230.33 - - [21/Jan/2021:11:08:13 +0800] "POST /xingrg/kc/buy/cgsh_order_operate.html HTTP/1.1" 200 608
180.169.147.146 - - [21/Jan/2021:11:08:14 +0800] "GET /xingrg/all/function/internal_message.html?_=1611198492253&CODE_STATE=getMsg HTTP/1.1" 200 27
180.156.237.57 - - [21/Jan/2021:11:08:14 +0800] "GET /xingrg/all/function/internal_message.html?_=1611198474134&CODE_STATE=getMsg HTTP/1.1" 200 27
58.37.230.33 - - [21/Jan/2021:11:08:14 +0800] "GET /xingrg/kc/print/load_data.html?order_code=212021012109628&kc_code=cgsh&condition= HTTP/1.1" 200 713
120.204.17.71 - - [21/Jan/2021:11:08:15 +0800] "GET /xingrg/kc/buy/cgsh_order_operate.html?command=get_materiel&rest_code=00106&code=00101008155&supplier_code=00100007&order_time=2021-01-21 HTTP/1.1" 302 -
218.81.223.240 - - [21/Jan/2021:11:08:16 +0800] "GET /xingrg/all/function/internal_message.html?_=1611198492520&CODE_STATE=getMsg HTTP/1.1" 200 27
222.70.209.13 - - [21/Jan/2021:11:08:16 +0800] "GET /xingrg/all/function/internal_message.html?_=1611198491757&CODE_STATE=getMsg HTTP/1.1" 200 27
58.37.230.33 - - [21/Jan/2021:11:08:16 +0800] "GET /xingrg/kc/buy/cgsh_order_operate.html?command=get_materiel&rest_code=00141&code=00101005037&supplier_code=00100040&order_time=2021-01-21 HTTP/1.1" 200 409
120.204.17.71 - - [21/Jan/2021:11:08:19 +0800] "GET /xingrg/login.html HTTP/1.1" 200 7641
116.232.52.42 - - [21/Jan/2021:11:08:19 +0800] "GET /xingrg/kc/base/base_main.html HTTP/1.1" 200 12142
58.37.230.33 - - [21/Jan/2021:11:08:20 +0800] "GET /xingrg/kc/buy/cgsh_order_add.html HTTP/1.1" 200 61961
58.37.230.33 - - [21/Jan/2021:11:08:20 +0800] "POST /xingrg/kc/buy/cgsh_order_operate.html HTTP/1.1" 200 8245
58.37.230.33 - - [21/Jan/2021:11:08:20 +0800] "GET /xingrg/javascript/easyui/themes/default/validatebox.css HTTP/1.1" 404 1104
116.228.172.94 - - [21/Jan/2021:11:08:22 +0800] "GET /xingrg/kc/buy/cgsh_order_operate.html?command=get_materiel&rest_code=00107&code=00101001134&supplier_code=00100313&order_time=2021-01-21 HTTP/1.1" 200 415
114.88.166.193 - - [21/Jan/2021:11:08:24 +0800] "GET /xingrg/all/function/internal_message.html?_=1611198499062&CODE_STATE=getMsg HTTP/1.1" 200 27
101.85.52.2 - - [21/Jan/2021:11:08:24 +0800] "GET /xingrg/all/function/internal_message.html?_=1611198496960&CODE_STATE=getMsg HTTP/1.1" 200 27
116.232.52.42 - - [21/Jan/2021:11:08:25 +0800] "GET /xingrg/kc/buy/buy_main.html HTTP/1.1" 200 12412
116.232.52.42 - - [21/Jan/2021:11:08:25 +0800] "GET /xingrg/css/new_ie.css HTTP/1.1" 404 1036
58.37.230.33 - - [21/Jan/2021:11:08:25 +0800] "GET /xingrg/kc/buy/cgsh_order_operate.html?command=get_materiel&rest_code=00141&code=00101013170&supplier_code=00100040&order_time=2021-01-21 HTTP/1.1" 200 409
180.175.150.119 - - [21/Jan/2021:11:08:26 +0800] "GET /xingrg/kc/base/wldb_order_operate.html?command=get_materiel&rest_code=00102&base_code=0010476&code=00101019063 HTTP/1.1" 200 447
116.232.52.42 - - [21/Jan/2021:11:08:27 +0800] "GET /xingrg/kc/buy/cgsh_order_list.html HTTP/1.1" 200 46217
116.232.52.42 - - [21/Jan/2021:11:08:28 +0800] "POST /xingrg/kc/buy/cgsh_list_operate.html HTTP/1.1" 200 876
116.228.172.94 - - [21/Jan/2021:11:08:30 +0800] "GET /xingrg/all/function/internal_message.html?_=1611198503616&CODE_STATE=getMsg HTTP/1.1" 200 27
180.156.237.57 - - [21/Jan/2021:11:08:30 +0800] "GET /xingrg/all/function/internal_message.html?_=1611198509045&CODE_STATE=getMsg HTTP/1.1" 200 27
116.232.52.42 - - [21/Jan/2021:11:08:30 +0800] "GET /xingrg/javascript/jquery_tools/images/prev.gif HTTP/1.1" 404 1086
116.232.52.42 - - [21/Jan/2021:11:08:30 +0800] "GET /xingrg/javascript/jquery_tools/images/next.gif HTTP/1.1" 404 1086
222.69.133.109 - - [21/Jan/2021:11:08:31 +0800] "GET /xingrg/all/function/internal_message.html?_=1611198511919&CODE_STATE=getMsg HTTP/1.1" 200 27
117.185.32.26 - - [21/Jan/2021:11:08:33 +0800] "GET /xingrg/all/function/internal_message.html?_=1611198506622&CODE_STATE=getMsg HTTP/1.1" 200 27
218.81.223.240 - - [21/Jan/2021:11:08:33 +0800] "GET /xingrg/check_reg.html?_=1611198510320 HTTP/1.1" 200 22
58.37.230.33 - - [21/Jan/2021:11:08:35 +0800] "POST /xingrg/kc/buy/cgsh_order_operate.html HTTP/1.1" 200 37
180.175.150.119 - - [21/Jan/2021:11:08:35 +0800] "GET /xingrg/all/function/internal_message.html?_=1611198517805&CODE_STATE=getMsg HTTP/1.1" 200 27
114.86.187.76 - - [21/Jan/2021:11:08:35 +0800] "GET /xingrg/kc/buy/cgsh_order_operate.html?command=get_materiel&rest_code=00148&code=00101001125&supplier_code=00100090&order_time=2021-01-21 HTTP/1.1" 200 415
120.204.17.70 - - [21/Jan/2021:11:08:36 +0800] "GET /xingrg/kc/buy/cgsh_order_operate.html?command=get_materiel&rest_code=00106&code=00101008038&supplier_code=00100007&order_time=2021-01-21 HTTP/1.1" 302 -
58.37.230.33 - - [21/Jan/2021:11:08:37 +0800] "POST /xingrg/kc/buy/cgsh_order_operate.html HTTP/1.1" 200 12
58.37.230.33 - - [21/Jan/2021:11:08:38 +0800] "GET /xingrg/kc/buy/cgsh_order_info.html?code=212021012109629 HTTP/1.1" 200 56863
58.37.230.33 - - [21/Jan/2021:11:08:39 +0800] "GET /xingrg/javascript/easyui/themes/default/validatebox.css HTTP/1.1" 404 1104
58.37.230.33 - - [21/Jan/2021:11:08:39 +0800] "POST /xingrg/kc/buy/cgsh_order_operate.html HTTP/1.1" 200 1781
116.232.52.42 - - [21/Jan/2021:11:08:40 +0800] "POST /xingrg/kc/buy/cgsh_list_operate.html HTTP/1.1" 200 5426
117.131.5.26 - - [21/Jan/2021:11:08:40 +0800] "GET /xingrg/login.html HTTP/1.1" 200 7641
58.37.230.33 - - [21/Jan/2021:11:08:40 +0800] "GET /xingrg/kc/print/load_data.html?order_code=212021012109629&kc_code=cgsh&condition= HTTP/1.1" 200 1222
117.131.5.26 - - [21/Jan/2021:11:08:40 +0800] "GET /favicon.ico HTTP/1.1" 404 -
61.165.42.208 - - [21/Jan/2021:11:08:42 +0800] "GET /xingrg/kc/buy/cgsh_order_operate.html?command=get_materiel&rest_code=00105&code=00101010338&supplier_code=00100323&order_time=2021-01-21 HTTP/1.1" 200 428
120.204.17.70 - - [21/Jan/2021:11:08:42 +0800] "GET /xingrg/login.html HTTP/1.1" 200 7641
116.228.172.94 - - [21/Jan/2021:11:08:44 +0800] "GET /xingrg/kc/buy/cgsh_order_operate.html?command=get_materiel&rest_code=00107&code=00101001142&supplier_code=00100313&order_time=2021-01-21 HTTP/1.1" 200 413
183.192.164.85 - - [21/Jan/2021:11:08:45 +0800] "GET /xingrg/all/function/internal_message.html?_=1611197846819&CODE_STATE=getMsg HTTP/1.1" 302 -
114.86.187.76 - - [21/Jan/2021:11:08:46 +0800] "GET /xingrg/kc/buy/cgsh_order_operate.html?command=get_materiel&rest_code=00148&code=00101001169&supplier_code=00100090&order_time=2021-01-21 HTTP/1.1" 200 413
180.175.150.119 - - [21/Jan/2021:11:08:46 +0800] "POST /xingrg/kc/base/wldb_order_operate.html HTTP/1.1" 200 37
180.175.150.119 - - [21/Jan/2021:11:08:47 +0800] "POST /xingrg/kc/base/wldb_order_operate.html HTTP/1.1" 200 12
180.175.150.119 - - [21/Jan/2021:11:08:47 +0800] "POST /xingrg/kc/base/wldb_order_operate.html HTTP/1.1" 200 6725
183.192.164.85 - - [21/Jan/2021:11:08:47 +0800] "GET /xingrg/login.html HTTP/1.1" 200 7641
58.37.230.33 - - [21/Jan/2021:11:08:48 +0800] "GET /xingrg/kc/buy/cgsh_order_add.html HTTP/1.1" 200 61961
180.175.150.119 - - [21/Jan/2021:11:08:48 +0800] "GET /xingrg/kc/base/wldb_order_info.html?code=422021012102591 HTTP/1.1" 200 26375
58.37.230.33 - - [21/Jan/2021:11:08:49 +0800] "GET /xingrg/javascript/easyui/themes/default/validatebox.css HTTP/1.1" 404 1104
58.37.230.33 - - [21/Jan/2021:11:08:49 +0800] "POST /xingrg/kc/buy/cgsh_order_operate.html HTTP/1.1" 200 8245
180.175.150.119 - - [21/Jan/2021:11:08:50 +0800] "GET /xingrg/all/function/internal_message.html?_=1611198771584&CODE_STATE=getMsg HTTP/1.1" 200 27
180.175.150.119 - - [21/Jan/2021:11:08:50 +0800] "POST /xingrg/kc/base/wldb_order_operate.html HTTP/1.1" 200 4920
180.175.150.119 - - [21/Jan/2021:11:08:50 +0800] "GET /xingrg/javascript/easyui/themes/default/validatebox.css HTTP/1.1" 404 1104
61.165.42.208 - - [21/Jan/2021:11:08:51 +0800] "GET /xingrg/all/function/internal_message.html?_=1611198511441&CODE_STATE=getMsg HTTP/1.1" 200 27
61.165.42.208 - - [21/Jan/2021:11:08:51 +0800] "GET /xingrg/check_reg.html?_=1611198511444 HTTP/1.1" 200 22
61.165.42.208 - - [21/Jan/2021:11:08:51 +0800] "GET /xingrg/kc/buy/cgsh_order_operate.html?command=get_materiel&rest_code=00105&code=00101010269&supplier_code=00100323&order_time=2021-01-21 HTTP/1.1" 200 409
114.86.187.76 - - [21/Jan/2021:11:08:52 +0800] "GET /xingrg/kc/buy/cgsh_order_operate.html?command=get_materiel&rest_code=00148&code=00101001044&supplier_code=00100090&order_time=2021-01-21 HTTP/1.1" 200 411
58.37.230.33 - - [21/Jan/2021:11:08:53 +0800] "GET /xingrg/all/function/internal_message.html?_=1611198550943&CODE_STATE=getMsg HTTP/1.1" 200 27
61.151.179.84 - - [21/Jan/2021:11:08:54 +0800] "GET /xingrg/all/function/internal_message.html?_=1611197871414&CODE_STATE=getMsg HTTP/1.1" 302 -
58.37.230.33 - - [21/Jan/2021:11:08:54 +0800] "GET /xingrg/all/function/internal_message.html?_=1611198531453&CODE_STATE=getMsg HTTP/1.1" 200 27
58.37.230.33 - - [21/Jan/2021:11:08:54 +0800] "GET /xingrg/check_reg.html?_=1611198531454 HTTP/1.1" 200 22
222.69.136.55 - - [21/Jan/2021:11:08:56 +0800] "GET /xingrg/all/function/internal_message.html?_=1611198531250&CODE_STATE=getMsg HTTP/1.1" 200 27
58.37.230.33 - - [21/Jan/2021:11:08:58 +0800] "GET /xingrg/kc/buy/cgsh_order_operate.html?command=get_materiel&rest_code=00141&code=00101016025&supplier_code=00100036&order_time=2021-01-21 HTTP/1.1" 200 408
116.232.52.42 - - [21/Jan/2021:11:08:58 +0800] "GET /xingrg/all/function/internal_message.html?_=1611198559955&CODE_STATE=getMsg HTTP/1.1" 200 27
61.151.179.84 - - [21/Jan/2021:11:08:58 +0800] "GET /xingrg/login.html HTTP/1.1" 200 7641
120.253.135.82 - - [21/Jan/2021:11:08:59 +0800] "GET /xingrg/all/function/internal_message.html?_=1611198298026&CODE_STATE=getMsg HTTP/1.1" 200 27
120.204.17.70 - - [21/Jan/2021:11:09:03 +0800] "GET /xingrg/kc/buy/cgsh_order_operate.html?command=get_materiel&rest_code=00106&code=00101008264&supplier_code=00100007&order_time=2021-01-21 HTTP/1.1" 302 -
180.169.147.146 - - [21/Jan/2021:11:09:03 +0800] "GET /xingrg/all/function/internal_message.html?_=1611198543763&CODE_STATE=getMsg HTTP/1.1" 200 27
180.169.147.146 - - [21/Jan/2021:11:09:03 +0800] "GET /xingrg/check_reg.html?_=1611198543767 HTTP/1.1" 200 22
114.86.187.76 - - [21/Jan/2021:11:09:05 +0800] "POST /xingrg/kc/buy/cgsh_order_operate.html HTTP/1.1" 200 37
61.165.42.208 - - [21/Jan/2021:11:09:06 +0800] "GET /xingrg/all/function/internal_message.html?_=1611198547458&CODE_STATE=getMsg HTTP/1.1" 200 27
58.37.230.33 - - [21/Jan/2021:11:09:06 +0800] "GET /xingrg/kc/buy/cgsh_order_operate.html?command=get_materiel&rest_code=00141&code=00101012019&supplier_code=00100036&order_time=2021-01-21 HTTP/1.1" 200 412
180.169.147.146 - - [21/Jan/2021:11:09:06 +0800] "GET /xingrg/all/function/internal_message.html?_=1611198546756&CODE_STATE=getMsg HTTP/1.1" 200 27
116.228.172.94 - - [21/Jan/2021:11:09:06 +0800] "GET /xingrg/kc/buy/cgsh_order_operate.html?command=get_materiel&rest_code=00107&code=00101010600&supplier_code=00100313&order_time=2021-01-21 HTTP/1.1" 200 399
114.86.187.76 - - [21/Jan/2021:11:09:08 +0800] "POST /xingrg/kc/buy/cgsh_order_operate.html HTTP/1.1" 200 12
114.86.187.76 - - [21/Jan/2021:11:09:08 +0800] "GET /xingrg/kc/buy/cgsh_order_info.html?code=212021012109630 HTTP/1.1" 200 56867
114.86.187.76 - - [21/Jan/2021:11:09:09 +0800] "GET /xingrg/javascript/easyui/themes/default/validatebox.css HTTP/1.1" 404 1104
120.204.17.70 - - [21/Jan/2021:11:09:09 +0800] "GET /xingrg/login.html HTTP/1.1" 200 7641
114.86.187.76 - - [21/Jan/2021:11:09:09 +0800] "POST /xingrg/kc/buy/cgsh_order_operate.html HTTP/1.1" 200 1800
61.165.42.208 - - [21/Jan/2021:11:09:12 +0800] "GET /xingrg/kc/buy/cgsh_order_operate.html?command=get_materiel&rest_code=00105&code=00101010088&supplier_code=00100323&order_time=2021-01-21 HTTP/1.1" 200 418
180.169.147.146 - - [21/Jan/2021:11:09:12 +0800] "GET /xingrg/all/function/internal_message.html?_=1611198549691&CODE_STATE=getMsg HTTP/1.1" 200 27
180.156.237.57 - - [21/Jan/2021:11:09:13 +0800] "GET /xingrg/check_reg.html?_=1611198533168 HTTP/1.1" 200 22
180.169.147.146 - - [21/Jan/2021:11:09:14 +0800] "GET /xingrg/all/function/internal_message.html?_=1611198552283&CODE_STATE=getMsg HTTP/1.1" 200 27
180.156.237.57 - - [21/Jan/2021:11:09:14 +0800] "GET /xingrg/all/function/internal_message.html?_=1611198534148&CODE_STATE=getMsg HTTP/1.1" 200 27
120.204.17.73 - - [21/Jan/2021:11:09:15 +0800] "GET /xingrg/kc/buy/cgsh_order_operate.html?command=get_materiel&rest_code=00106&code=00101008024&supplier_code=00100007&order_time=2021-01-21 HTTP/1.1" 302 -
222.69.136.55 - - [21/Jan/2021:11:09:16 +0800] "GET /xingrg/kc/buy/cgsh_order_add.html HTTP/1.1" 200 62008
218.81.223.240 - - [21/Jan/2021:11:09:16 +0800] "GET /xingrg/all/function/internal_message.html?_=1611198552530&CODE_STATE=getMsg HTTP/1.1" 200 27
222.69.136.55 - - [21/Jan/2021:11:09:16 +0800] "GET /xingrg/words/20210120105349_words.js HTTP/1.1" 304 -
222.70.209.13 - - [21/Jan/2021:11:09:16 +0800] "GET /xingrg/all/function/internal_message.html?_=1611198551776&CODE_STATE=getMsg HTTP/1.1" 200 27
222.69.136.55 - - [21/Jan/2021:11:09:16 +0800] "POST /xingrg/kc/buy/cgsh_order_operate.html HTTP/1.1" 200 8245
222.69.136.55 - - [21/Jan/2021:11:09:16 +0800] "GET /xingrg/javascript/easyui/themes/default/validatebox.css HTTP/1.1" 404 1104
183.192.164.85 - - [21/Jan/2021:11:09:22 +0800] "GET /xingrg/kc/buy/cgsh_order_operate.html?command=get_materiel&rest_code=00106&code=00101008357&supplier_code=00100007&order_time=2021-01-21 HTTP/1.1" 302 -
120.204.17.73 - - [21/Jan/2021:11:09:22 +0800] "GET /xingrg/login.html HTTP/1.1" 200 7641
58.37.230.33 - - [21/Jan/2021:11:09:22 +0800] "GET /xingrg/kc/buy/cgsh_order_operate.html?command=get_materiel&rest_code=00141&code=00101016082&supplier_code=00100036&order_time=2021-01-21 HTTP/1.1" 200 409
114.88.166.193 - - [21/Jan/2021:11:09:24 +0800] "GET /xingrg/all/function/internal_message.html?_=1611198559583&CODE_STATE=getMsg HTTP/1.1" 200 27
101.85.52.2 - - [21/Jan/2021:11:09:24 +0800] "GET /xingrg/all/function/internal_message.html?_=1611198556946&CODE_STATE=getMsg HTTP/1.1" 200 27
120.204.17.71 - - [21/Jan/2021:11:09:25 +0800] "GET /xingrg/kc/buy/cgsh_order_operate.html?command=get_materiel&rest_code=00106&code=00101008356&supplier_code=00100007&order_time=2021-01-21 HTTP/1.1" 302 -
117.131.5.26 - - [21/Jan/2021:11:09:25 +0800] "POST /xingrg/login.do HTTP/1.1" 302 -
117.131.5.26 - - [21/Jan/2021:11:09:25 +0800] "GET /xingrg/index.html?sysBaseUrl=http%3A%2F%2F180.169.147.146%3A18081%2Fxingrg%2F&costTime=37×tamp=1611198565596 HTTP/1.1" 200 17179
117.131.5.26 - - [21/Jan/2021:11:09:25 +0800] "POST /xingrg/all/common/load_tree.html?tree=area_rest_tree_json&manage=1 HTTP/1.1" 200 351
117.131.5.26 - - [21/Jan/2021:11:09:25 +0800] "GET /xingrg/check_reg.html?_=1611198617246 HTTP/1.1" 200 22
117.131.5.26 - - [21/Jan/2021:11:09:25 +0800] "GET /xingrg/all/function/internal_message.html?_=1611198617245&CODE_STATE=count HTTP/1.1" 200 11
117.131.5.26 - - [21/Jan/2021:11:09:26 +0800] "GET /favicon.ico HTTP/1.1" 404 -
117.131.5.26 - - [21/Jan/2021:11:09:26 +0800] "POST /xingrg/load_menu.html HTTP/1.1" 200 5138
183.192.164.85 - - [21/Jan/2021:11:09:26 +0800] "GET /xingrg/login.html HTTP/1.1" 200 7641
61.165.42.208 - - [21/Jan/2021:11:09:27 +0800] "GET /xingrg/kc/buy/cgsh_order_operate.html?command=get_materiel&rest_code=00105&code=00101013176&supplier_code=00100323&order_time=2021-01-21 HTTP/1.1" 200 420
180.175.150.119 - - [21/Jan/2021:11:09:28 +0800] "GET /xingrg/kc/base/wldb_order_add.html HTTP/1.1" 200 30498
120.204.17.71 - - [21/Jan/2021:11:09:29 +0800] "GET /xingrg/login.html HTTP/1.1" 200 7641
180.175.150.119 - - [21/Jan/2021:11:09:29 +0800] "POST /xingrg/kc/base/wldb_order_operate.html HTTP/1.1" 200 6806
180.175.150.119 - - [21/Jan/2021:11:09:30 +0800] "GET /xingrg/javascript/easyui/themes/default/validatebox.css HTTP/1.1" 404 1104
180.175.150.119 - - [21/Jan/2021:11:09:30 +0800] "POST /xingrg/all/common/load_combo.html?type=base HTTP/1.1" 200 3060
116.228.172.94 - - [21/Jan/2021:11:09:30 +0800] "GET /xingrg/all/function/internal_message.html?_=1611198563700&CODE_STATE=getMsg HTTP/1.1" 200 27
180.156.237.57 - - [21/Jan/2021:11:09:30 +0800] "GET /xingrg/all/function/internal_message.html?_=1611198569051&CODE_STATE=getMsg HTTP/1.1" 200 27
222.69.133.109 - - [21/Jan/2021:11:09:31 +0800] "GET /xingrg/check_reg.html?_=1611198571907 HTTP/1.1" 200 22
222.69.133.109 - - [21/Jan/2021:11:09:31 +0800] "GET /xingrg/all/function/internal_message.html?_=1611198571910&CODE_STATE=getMsg HTTP/1.1" 200 27
180.175.150.119 - - [21/Jan/2021:11:09:32 +0800] "POST /xingrg/all/common/load_combo.html?type=base HTTP/1.1" 200 3060
117.131.5.26 - - [21/Jan/2021:11:09:33 +0800] "GET /xingrg/kc/buy/cgsh_order_list.html HTTP/1.1" 200 46223
117.185.32.26 - - [21/Jan/2021:11:09:33 +0800] "GET /xingrg/all/function/internal_message.html?_=1611198566598&CODE_STATE=getMsg HTTP/1.1" 200 27
116.228.172.94 - - [21/Jan/2021:11:09:34 +0800] "POST /xingrg/kc/buy/cgsh_order_operate.html HTTP/1.1" 200 37
117.131.5.26 - - [21/Jan/2021:11:09:34 +0800] "POST /xingrg/kc/buy/cgsh_list_operate.html HTTP/1.1" 200 876
116.232.52.42 - - [21/Jan/2021:11:09:35 +0800] "POST /xingrg/kc/buy/cgsh_list_operate.html HTTP/1.1" 200 9080
180.175.150.119 - - [21/Jan/2021:11:09:35 +0800] "GET /xingrg/all/function/internal_message.html?_=1611198577821&CODE_STATE=getMsg HTTP/1.1" 200 27
