222.69.136.55 - - [21/Jan/2021:11:28:19 +0800] "POST /xingrg/kc/buy/cgsh_order_operate.html HTTP/1.1" 200 37
218.81.223.240 - - [21/Jan/2021:11:28:20 +0800] "GET /xingrg/all/function/internal_message.html?_=1611199696474&CODE_STATE=getMsg HTTP/1.1" 200 27
117.185.32.26 - - [21/Jan/2021:11:28:20 +0800] "GET /xingrg/kc/buy/cgsh_order_operate.html?command=get_materiel&rest_code=00106&code=00101004065&supplier_code=00100088&order_time=2021-01-21 HTTP/1.1" 200 434
222.69.136.55 - - [21/Jan/2021:11:28:22 +0800] "POST /xingrg/kc/buy/cgsh_order_operate.html HTTP/1.1" 200 12
222.69.136.55 - - [21/Jan/2021:11:28:24 +0800] "GET /xingrg/kc/buy/cgsh_order_info.html?code=212021012109700 HTTP/1.1" 200 56910
101.85.52.2 - - [21/Jan/2021:11:28:24 +0800] "GET /xingrg/all/function/internal_message.html?_=1611199696582&CODE_STATE=getMsg HTTP/1.1" 200 27
222.69.136.55 - - [21/Jan/2021:11:28:24 +0800] "GET /xingrg/javascript/easyui/themes/default/validatebox.css HTTP/1.1" 404 1104
222.69.136.55 - - [21/Jan/2021:11:28:24 +0800] "POST /xingrg/kc/buy/cgsh_order_operate.html HTTP/1.1" 200 1797
117.184.7.26 - - [21/Jan/2021:11:28:25 +0800] "GET /xingrg/all/function/internal_message.html?_=1611199681258&CODE_STATE=getMsg HTTP/1.1" 200 27
117.131.5.26 - - [21/Jan/2021:11:28:26 +0800] "GET /xingrg/all/function/internal_message.html?_=1611199757268&CODE_STATE=getMsg HTTP/1.1" 200 27
61.165.42.208 - - [21/Jan/2021:11:28:26 +0800] "GET /xingrg/kc/base/base_main.html HTTP/1.1" 200 12142
222.69.136.55 - - [21/Jan/2021:11:28:26 +0800] "GET /xingrg/kc/print/report_design.html?orderType=cgsh HTTP/1.1" 200 8625
222.69.136.55 - - [21/Jan/2021:11:28:27 +0800] "GET /xingrg/kc/print/design_operate.html?_=1611199702313&command=load_config&code=cgsh HTTP/1.1" 200 2747
222.69.136.55 - - [21/Jan/2021:11:28:27 +0800] "GET /favicon.ico HTTP/1.1" 404 -
114.88.166.193 - - [21/Jan/2021:11:28:28 +0800] "GET /xingrg/all/function/internal_message.html?_=1611199703641&CODE_STATE=getMsg HTTP/1.1" 200 27
61.129.6.145 - - [21/Jan/2021:11:28:29 +0800] "GET /xingrg/kc/buy/cgsh_order_operate.html?command=get_materiel&rest_code=00141&code=00101008213&supplier_code=00100007&order_time=2021-01-21 HTTP/1.1" 302 -
116.228.172.94 - - [21/Jan/2021:11:28:29 +0800] "GET /xingrg/all/function/internal_message.html?_=1611199703284&CODE_STATE=getMsg HTTP/1.1" 200 27
61.165.42.208 - - [21/Jan/2021:11:28:30 +0800] "GET /xingrg/kc/mdqp/qp_main.html HTTP/1.1" 200 10633
180.156.237.57 - - [21/Jan/2021:11:28:30 +0800] "GET /xingrg/all/function/internal_message.html?_=1611199709134&CODE_STATE=getMsg HTTP/1.1" 200 27
58.37.230.33 - - [21/Jan/2021:11:28:30 +0800] "POST /xingrg/kc/buy/cgsh_order_operate.html HTTP/1.1" 200 12
222.69.136.55 - - [21/Jan/2021:11:28:31 +0800] "GET /xingrg/kc/print/load_data.html?order_code=212021012109700&kc_code=cgsh&condition= HTTP/1.1" 200 1168
61.165.42.208 - - [21/Jan/2021:11:28:31 +0800] "GET /xingrg/images/yd/bt.gif HTTP/1.1" 404 1040
58.37.230.33 - - [21/Jan/2021:11:28:31 +0800] "GET /xingrg/kc/buy/cgsh_order_info.html?code=212021012109699 HTTP/1.1" 200 56867
180.156.237.57 - - [21/Jan/2021:11:28:31 +0800] "GET /xingrg/kc/buy/cgsh_order_operate.html?command=get_materiel&rest_code=00150&code=00101001135&supplier_code=00100313&order_time=2021-01-21 HTTP/1.1" 200 415
222.69.133.109 - - [21/Jan/2021:11:28:31 +0800] "GET /xingrg/all/function/internal_message.html?_=1611199711939&CODE_STATE=getMsg HTTP/1.1" 200 27
58.37.230.33 - - [21/Jan/2021:11:28:31 +0800] "GET /xingrg/javascript/easyui/themes/default/validatebox.css HTTP/1.1" 404 1104
61.165.42.208 - - [21/Jan/2021:11:28:31 +0800] "GET /xingrg/kc/mdqp/qqps_order_list.html HTTP/1.1" 200 9222
61.165.42.208 - - [21/Jan/2021:11:28:31 +0800] "GET /xingrg/dwr/interface/AjaxQqpsService.js HTTP/1.1" 200 16326
61.165.42.208 - - [21/Jan/2021:11:28:31 +0800] "GET /xingrg/dwr/interface/AjaxReportQueryService.js HTTP/1.1" 200 13203
61.165.42.208 - - [21/Jan/2021:11:28:32 +0800] "GET /xingrg/dwr/engine.js HTTP/1.1" 200 43631
58.37.230.33 - - [21/Jan/2021:11:28:32 +0800] "POST /xingrg/kc/buy/cgsh_order_operate.html HTTP/1.1" 200 2400
117.185.32.26 - - [21/Jan/2021:11:28:33 +0800] "GET /xingrg/all/function/internal_message.html?_=1611199706187&CODE_STATE=getMsg HTTP/1.1" 200 27
218.81.223.240 - - [21/Jan/2021:11:28:33 +0800] "GET /xingrg/check_reg.html?_=1611199710344 HTTP/1.1" 200 22
114.88.166.193 - - [21/Jan/2021:11:28:34 +0800] "POST /xingrg/kc/buy/cgsh_order_operate.html HTTP/1.1" 200 37
58.37.230.33 - - [21/Jan/2021:11:28:35 +0800] "GET /xingrg/kc/print/load_data.html?order_code=212021012109699&kc_code=cgsh&condition= HTTP/1.1" 200 1471
61.129.6.145 - - [21/Jan/2021:11:28:35 +0800] "GET /xingrg/login.html HTTP/1.1" 200 7641
61.165.42.208 - - [21/Jan/2021:11:28:35 +0800] "GET /xingrg/kc/mdqp/qqps_order_add.html HTTP/1.1" 200 28236
222.69.136.55 - - [21/Jan/2021:11:28:35 +0800] "GET /xingrg/kc/buy/cgsh_order_add.html HTTP/1.1" 200 62008
61.165.42.208 - - [21/Jan/2021:11:28:35 +0800] "GET /xingrg/dwr/interface/AjaxComOrderService.js HTTP/1.1" 200 18264
61.165.42.208 - - [21/Jan/2021:11:28:35 +0800] "GET /xingrg/dwr/interface/AjaxQqpsService.js HTTP/1.1" 200 16326
61.165.42.208 - - [21/Jan/2021:11:28:35 +0800] "GET /xingrg/dwr/engine.js HTTP/1.1" 200 43631
222.69.136.55 - - [21/Jan/2021:11:28:36 +0800] "POST /xingrg/kc/buy/cgsh_order_operate.html HTTP/1.1" 200 8245
222.69.136.55 - - [21/Jan/2021:11:28:36 +0800] "GET /xingrg/javascript/easyui/themes/default/validatebox.css HTTP/1.1" 404 1104
114.88.166.193 - - [21/Jan/2021:11:28:39 +0800] "POST /xingrg/kc/buy/cgsh_order_operate.html HTTP/1.1" 200 5034
180.175.150.119 - - [21/Jan/2021:11:28:39 +0800] "GET /xingrg/all/function/internal_message.html?_=1611199721781&CODE_STATE=getMsg HTTP/1.1" 200 27
114.88.166.193 - - [21/Jan/2021:11:28:42 +0800] "GET /xingrg/kc/print/load_data.html?order_code=212021012109701&kc_code=cgsh&condition= HTTP/1.1" 200 1582
61.165.42.208 - - [21/Jan/2021:11:28:43 +0800] "GET /xingrg/kc/mdqp/qp_main.html HTTP/1.1" 200 10633
61.165.42.208 - - [21/Jan/2021:11:28:45 +0800] "GET /xingrg/kc/mdqp/qqps_order_list.html HTTP/1.1" 200 9222
61.165.42.208 - - [21/Jan/2021:11:28:45 +0800] "GET /xingrg/dwr/interface/AjaxQqpsService.js HTTP/1.1" 200 16326
61.165.42.208 - - [21/Jan/2021:11:28:45 +0800] "GET /xingrg/dwr/interface/AjaxReportQueryService.js HTTP/1.1" 200 13203
61.165.42.208 - - [21/Jan/2021:11:28:45 +0800] "GET /xingrg/dwr/engine.js HTTP/1.1" 200 43631
117.184.7.26 - - [21/Jan/2021:11:28:45 +0800] "GET /xingrg/kc/buy/cgsh_order_operate.html?command=get_materiel&rest_code=00108&code=00101008257&supplier_code=00100008&order_time=2021-01-21 HTTP/1.1" 200 416
58.37.230.33 - - [21/Jan/2021:11:28:46 +0800] "GET /xingrg/kc/buy/cgsh_order_add.html HTTP/1.1" 200 61961
180.156.237.57 - - [21/Jan/2021:11:28:46 +0800] "GET /xingrg/kc/buy/cgsh_order_operate.html?command=get_materiel&rest_code=00150&code=00101008195&supplier_code=00100313&order_time=2021-01-21 HTTP/1.1" 200 424
58.37.230.33 - - [21/Jan/2021:11:28:47 +0800] "POST /xingrg/kc/buy/cgsh_order_operate.html HTTP/1.1" 200 8245
58.37.230.33 - - [21/Jan/2021:11:28:47 +0800] "GET /xingrg/javascript/easyui/themes/default/validatebox.css HTTP/1.1" 404 1104
222.69.136.55 - - [21/Jan/2021:11:28:47 +0800] "GET /xingrg/kc/buy/cgsh_order_operate.html?command=get_materiel&rest_code=00149&code=00101007111&supplier_code=00100326&order_time=2021-01-21 HTTP/1.1" 200 417
117.185.32.26 - - [21/Jan/2021:11:28:49 +0800] "GET /xingrg/all/function/internal_message.html?_=1611200209676&CODE_STATE=getMsg HTTP/1.1" 200 27
180.169.147.146 - - [21/Jan/2021:11:28:49 +0800] "GET /xingrg/all/function/internal_message.html?_=1611199729896&CODE_STATE=getMsg HTTP/1.1" 200 27
120.253.135.82 - - [21/Jan/2021:11:28:51 +0800] "GET /xingrg/all/function/internal_message.html?_=1611199489873&CODE_STATE=getMsg HTTP/1.1" 200 27
61.165.42.208 - - [21/Jan/2021:11:28:51 +0800] "GET /xingrg/all/function/internal_message.html?_=1611199711481&CODE_STATE=getMsg HTTP/1.1" 200 27
61.165.42.208 - - [21/Jan/2021:11:28:51 +0800] "GET /xingrg/check_reg.html?_=1611199711484 HTTP/1.1" 200 22
117.184.7.26 - - [21/Jan/2021:11:28:51 +0800] "GET /xingrg/kc/buy/cgsh_order_operate.html?command=get_materiel&rest_code=00108&code=00101008080&supplier_code=00100008&order_time=2021-01-21 HTTP/1.1" 200 416
101.227.139.171 - - [21/Jan/2021:11:28:51 +0800] "GET /xingrg/kc/buy/cgsh_order_operate.html?command=get_materiel&rest_code=00141&code=00101008027&supplier_code=00100007&order_time=2021-01-21 HTTP/1.1" 302 -
58.37.230.33 - - [21/Jan/2021:11:28:53 +0800] "GET /xingrg/all/function/internal_message.html?_=1611199750973&CODE_STATE=getMsg HTTP/1.1" 200 27
61.165.42.208 - - [21/Jan/2021:11:28:54 +0800] "GET /xingrg/all/function/internal_message.html?_=1611199735629&CODE_STATE=getMsg HTTP/1.1" 200 27
58.37.230.33 - - [21/Jan/2021:11:28:54 +0800] "GET /xingrg/check_reg.html?_=1611199731525 HTTP/1.1" 200 22
58.37.230.33 - - [21/Jan/2021:11:28:54 +0800] "GET /xingrg/all/function/internal_message.html?_=1611199731660&CODE_STATE=getMsg HTTP/1.1" 200 27
58.37.230.33 - - [21/Jan/2021:11:28:54 +0800] "GET /xingrg/kc/buy/cgsh_order_operate.html?command=get_materiel&rest_code=00141&code=00101004062&supplier_code=00100094&order_time=2021-01-21 HTTP/1.1" 200 411
116.232.52.42 - - [21/Jan/2021:11:28:55 +0800] "POST /xingrg/kc/buy/cgsh_list_operate.html HTTP/1.1" 200 7259
222.69.136.55 - - [21/Jan/2021:11:28:55 +0800] "GET /xingrg/all/function/internal_message.html?_=1611199730985&CODE_STATE=getMsg HTTP/1.1" 200 27
101.227.139.171 - - [21/Jan/2021:11:28:56 +0800] "GET /xingrg/login.html HTTP/1.1" 200 7641
180.175.150.119 - - [21/Jan/2021:11:28:57 +0800] "GET /xingrg/all/function/internal_message.html?_=1611199978805&CODE_STATE=getMsg HTTP/1.1" 200 27
117.184.7.26 - - [21/Jan/2021:11:28:57 +0800] "GET /xingrg/kc/buy/cgsh_order_operate.html?command=get_materiel&rest_code=00108&code=00101008350&supplier_code=00100008&order_time=2021-01-21 HTTP/1.1" 200 408
116.232.52.42 - - [21/Jan/2021:11:28:58 +0800] "GET /xingrg/all/function/internal_message.html?_=1611199759953&CODE_STATE=getMsg HTTP/1.1" 200 27
222.69.136.55 - - [21/Jan/2021:11:29:00 +0800] "POST /xingrg/kc/buy/cgsh_order_operate.html HTTP/1.1" 200 37
117.185.32.26 - - [21/Jan/2021:11:29:01 +0800] "GET /xingrg/kc/buy/cgsh_order_operate.html?command=get_materiel&rest_code=00106&code=00101003041&supplier_code=00100088&order_time=2021-01-21 HTTP/1.1" 200 416
61.165.42.208 - - [21/Jan/2021:11:29:03 +0800] "GET /xingrg/all/function/internal_message.html?_=1611199723510&CODE_STATE=getMsg HTTP/1.1" 200 27
180.169.147.146 - - [21/Jan/2021:11:29:03 +0800] "GET /xingrg/all/function/internal_message.html?_=1611199743789&CODE_STATE=getMsg HTTP/1.1" 200 27
180.169.147.146 - - [21/Jan/2021:11:29:03 +0800] "GET /xingrg/check_reg.html?_=1611199743790 HTTP/1.1" 200 22
222.69.136.55 - - [21/Jan/2021:11:29:03 +0800] "POST /xingrg/kc/buy/cgsh_order_operate.html HTTP/1.1" 200 12
117.184.7.26 - - [21/Jan/2021:11:29:03 +0800] "GET /xingrg/kc/buy/cgsh_order_operate.html?command=get_materiel&rest_code=00108&code=00101008112&supplier_code=00100008&order_time=2021-01-21 HTTP/1.1" 200 412
222.69.136.55 - - [21/Jan/2021:11:29:04 +0800] "GET /xingrg/kc/buy/cgsh_order_info.html?code=212021012109702 HTTP/1.1" 200 56914
222.69.136.55 - - [21/Jan/2021:11:29:04 +0800] "GET /xingrg/javascript/easyui/themes/default/validatebox.css HTTP/1.1" 404 1104
222.69.136.55 - - [21/Jan/2021:11:29:05 +0800] "POST /xingrg/kc/buy/cgsh_order_operate.html HTTP/1.1" 200 612
61.165.42.208 - - [21/Jan/2021:11:29:06 +0800] "GET /xingrg/kc/mdqp/qqps_order_list.html?isQuery=1&timeSelect=1&orderTime=day&startTime=2021-01-21&endTime=2021-01-21&state=10&query=%C8%B7++%B6%A8 HTTP/1.1" 200 9320
61.165.42.208 - - [21/Jan/2021:11:29:06 +0800] "GET /xingrg/dwr/interface/AjaxReportQueryService.js HTTP/1.1" 200 13203
61.165.42.208 - - [21/Jan/2021:11:29:06 +0800] "GET /xingrg/dwr/interface/AjaxQqpsService.js HTTP/1.1" 200 16326
61.165.42.208 - - [21/Jan/2021:11:29:06 +0800] "GET /xingrg/dwr/engine.js HTTP/1.1" 200 43631
222.69.136.55 - - [21/Jan/2021:11:29:06 +0800] "GET /xingrg/kc/print/load_data.html?order_code=212021012109702&kc_code=cgsh&condition= HTTP/1.1" 200 719
180.156.237.57 - - [21/Jan/2021:11:29:10 +0800] "GET /xingrg/kc/buy/cgsh_order_operate.html?command=get_materiel&rest_code=00150&code=00102026001&supplier_code=00100313&order_time=2021-01-21 HTTP/1.1" 200 410
222.69.136.55 - - [21/Jan/2021:11:29:11 +0800] "GET /xingrg/kc/buy/cgsh_order_add.html HTTP/1.1" 200 62008
61.165.42.208 - - [21/Jan/2021:11:29:11 +0800] "GET /xingrg/kc/mdqp/qqps_order_list.html?isQuery=1&timeSelect=1&orderTime=day&startTime=2021-01-21&endTime=2021-01-21&state=20&query=%C8%B7++%B6%A8 HTTP/1.1" 200 9320
61.165.42.208 - - [21/Jan/2021:11:29:11 +0800] "GET /xingrg/dwr/interface/AjaxQqpsService.js HTTP/1.1" 200 16326
61.165.42.208 - - [21/Jan/2021:11:29:11 +0800] "GET /xingrg/dwr/interface/AjaxReportQueryService.js HTTP/1.1" 200 13203
61.165.42.208 - - [21/Jan/2021:11:29:11 +0800] "GET /xingrg/dwr/engine.js HTTP/1.1" 200 43631
117.184.7.26 - - [21/Jan/2021:11:29:12 +0800] "GET /xingrg/kc/buy/cgsh_order_operate.html?command=get_materiel&rest_code=00108&code=00101008354&supplier_code=00100008&order_time=2021-01-21 HTTP/1.1" 200 412
222.69.136.55 - - [21/Jan/2021:11:29:12 +0800] "POST /xingrg/kc/buy/cgsh_order_operate.html HTTP/1.1" 200 8245
222.69.136.55 - - [21/Jan/2021:11:29:12 +0800] "GET /xingrg/javascript/easyui/themes/default/validatebox.css HTTP/1.1" 404 1104
180.169.147.146 - - [21/Jan/2021:11:29:12 +0800] "GET /xingrg/all/function/internal_message.html?_=1611199749687&CODE_STATE=getMsg HTTP/1.1" 200 27
180.156.237.57 - - [21/Jan/2021:11:29:13 +0800] "GET /xingrg/check_reg.html?_=1611199733224 HTTP/1.1" 200 22
180.169.147.146 - - [21/Jan/2021:11:29:14 +0800] "GET /xingrg/all/function/internal_message.html?_=1611199752365&CODE_STATE=getMsg HTTP/1.1" 200 27
180.156.237.57 - - [21/Jan/2021:11:29:15 +0800] "GET /xingrg/all/function/internal_message.html?_=1611199734544&CODE_STATE=getMsg HTTP/1.1" 200 27
117.184.7.26 - - [21/Jan/2021:11:29:17 +0800] "GET /xingrg/kc/buy/cgsh_order_operate.html?command=get_materiel&rest_code=00108&code=00101008312&supplier_code=00100008&order_time=2021-01-21 HTTP/1.1" 200 412
218.81.223.240 - - [21/Jan/2021:11:29:20 +0800] "GET /xingrg/all/function/internal_message.html?_=1611199756484&CODE_STATE=getMsg HTTP/1.1" 200 27
114.86.187.76 - - [21/Jan/2021:11:29:20 +0800] "POST /xingrg/kc/buy/cgsh_order_operate.html HTTP/1.1" 200 37
222.69.136.55 - - [21/Jan/2021:11:29:20 +0800] "GET /xingrg/kc/buy/cgsh_order_operate.html?command=get_materiel&rest_code=00149&code=00101008159&supplier_code=00100340&order_time=2021-01-21 HTTP/1.1" 200 413
58.37.230.33 - - [21/Jan/2021:11:29:21 +0800] "GET /xingrg/kc/buy/cgsh_order_operate.html?command=get_materiel&rest_code=00141&code=00101020160&supplier_code=00100329&order_time=2021-01-21 HTTP/1.1" 200 414
114.86.187.76 - - [21/Jan/2021:11:29:23 +0800] "POST /xingrg/kc/buy/cgsh_order_operate.html HTTP/1.1" 200 12
101.85.52.2 - - [21/Jan/2021:11:29:24 +0800] "GET /xingrg/all/function/internal_message.html?_=1611199756567&CODE_STATE=getMsg HTTP/1.1" 200 27
117.184.7.26 - - [21/Jan/2021:11:29:24 +0800] "GET /xingrg/kc/buy/cgsh_order_operate.html?command=get_materiel&rest_code=00108&code=00101008010&supplier_code=00100008&order_time=2021-01-21 HTTP/1.1" 200 412
117.184.7.26 - - [21/Jan/2021:11:29:25 +0800] "GET /xingrg/all/function/internal_message.html?_=1611199741319&CODE_STATE=getMsg HTTP/1.1" 200 27
117.131.5.26 - - [21/Jan/2021:11:29:26 +0800] "GET /xingrg/all/function/internal_message.html?_=1611199817267&CODE_STATE=getMsg HTTP/1.1" 200 27
117.131.5.26 - - [21/Jan/2021:11:29:26 +0800] "GET /xingrg/check_reg.html?_=1611199817266 HTTP/1.1" 200 22
61.165.42.208 - - [21/Jan/2021:11:29:26 +0800] "GET /xingrg/kc/buy/buy_main.html HTTP/1.1" 200 12412
61.165.42.208 - - [21/Jan/2021:11:29:26 +0800] "GET /xingrg/css/new_ie.css HTTP/1.1" 404 1036
114.86.187.76 - - [21/Jan/2021:11:29:26 +0800] "GET /xingrg/kc/buy/cgsh_order_info.html?code=212021012109703 HTTP/1.1" 200 56857
114.86.187.76 - - [21/Jan/2021:11:29:27 +0800] "GET /xingrg/javascript/easyui/themes/default/validatebox.css HTTP/1.1" 404 1104
61.165.42.208 - - [21/Jan/2021:11:29:28 +0800] "GET /xingrg/kc/buy/cgsh_order_list.html HTTP/1.1" 200 46217
180.156.237.57 - - [21/Jan/2021:11:29:28 +0800] "POST /xingrg/kc/buy/cgsh_order_operate.html HTTP/1.1" 200 37
114.86.187.76 - - [21/Jan/2021:11:29:28 +0800] "POST /xingrg/kc/buy/cgsh_order_operate.html HTTP/1.1" 200 629
114.88.166.193 - - [21/Jan/2021:11:29:29 +0800] "GET /xingrg/all/function/internal_message.html?_=1611199764292&CODE_STATE=getMsg HTTP/1.1" 200 27
58.37.230.33 - - [21/Jan/2021:11:29:29 +0800] "GET /xingrg/kc/buy/cgsh_order_operate.html?command=get_materiel&rest_code=00141&code=00101010031&supplier_code=00100329&order_time=2021-01-21 HTTP/1.1" 200 413
222.69.136.55 - - [21/Jan/2021:11:29:29 +0800] "GET /xingrg/kc/buy/cgsh_order_operate.html?command=get_materiel&rest_code=00149&code=00101014031&supplier_code=00100340&order_time=2021-01-21 HTTP/1.1" 200 413
116.228.172.94 - - [21/Jan/2021:11:29:29 +0800] "GET /xingrg/all/function/internal_message.html?_=1611199763267&CODE_STATE=getMsg HTTP/1.1" 200 27
180.156.237.57 - - [21/Jan/2021:11:29:30 +0800] "GET /xingrg/all/function/internal_message.html?_=1611199769114&CODE_STATE=getMsg HTTP/1.1" 200 27
117.184.7.26 - - [21/Jan/2021:11:29:30 +0800] "GET /xingrg/kc/buy/cgsh_order_operate.html?command=get_materiel&rest_code=00108&code=00101008351&supplier_code=00100008&order_time=2021-01-21 HTTP/1.1" 200 408
114.86.187.76 - - [21/Jan/2021:11:29:31 +0800] "GET /xingrg/kc/print/load_data.html?order_code=212021012109703&kc_code=cgsh&condition= HTTP/1.1" 200 720
180.156.237.57 - - [21/Jan/2021:11:29:31 +0800] "POST /xingrg/kc/buy/cgsh_order_operate.html HTTP/1.1" 200 12
61.165.42.208 - - [21/Jan/2021:11:29:31 +0800] "POST /xingrg/kc/buy/cgsh_list_operate.html HTTP/1.1" 200 5258
222.69.133.109 - - [21/Jan/2021:11:29:31 +0800] "GET /xingrg/all/function/internal_message.html?_=1611199771939&CODE_STATE=getMsg HTTP/1.1" 200 27
222.69.133.109 - - [21/Jan/2021:11:29:31 +0800] "GET /xingrg/check_reg.html?_=1611199771943 HTTP/1.1" 200 22
180.156.237.57 - - [21/Jan/2021:11:29:32 +0800] "GET /xingrg/kc/buy/cgsh_order_info.html?code=212021012109704 HTTP/1.1" 200 56785
180.156.237.57 - - [21/Jan/2021:11:29:32 +0800] "GET /xingrg/javascript/easyui/themes/default/validatebox.css HTTP/1.1" 404 1104
180.156.237.57 - - [21/Jan/2021:11:29:33 +0800] "POST /xingrg/kc/buy/cgsh_order_operate.html HTTP/1.1" 200 2399
117.185.32.26 - - [21/Jan/2021:11:29:33 +0800] "GET /xingrg/all/function/internal_message.html?_=1611199766160&CODE_STATE=getMsg HTTP/1.1" 200 27
180.156.237.57 - - [21/Jan/2021:11:29:34 +0800] "GET /xingrg/kc/print/load_data.html?order_code=212021012109704&kc_code=cgsh&condition= HTTP/1.1" 200 1412
114.86.187.76 - - [21/Jan/2021:11:29:36 +0800] "GET /xingrg/kc/buy/cgsh_order_add.html HTTP/1.1" 200 61961
114.86.187.76 - - [21/Jan/2021:11:29:37 +0800] "POST /xingrg/kc/buy/cgsh_order_operate.html HTTP/1.1" 200 8245
114.86.187.76 - - [21/Jan/2021:11:29:37 +0800] "GET /xingrg/javascript/easyui/themes/default/validatebox.css HTTP/1.1" 404 1104
58.37.230.33 - - [21/Jan/2021:11:29:38 +0800] "GET /xingrg/kc/buy/cgsh_order_operate.html?command=get_materiel&rest_code=00141&code=00101010030&supplier_code=00100329&order_time=2021-01-21 HTTP/1.1" 200 413
222.69.136.55 - - [21/Jan/2021:11:29:39 +0800] "GET /xingrg/kc/buy/cgsh_order_operate.html?command=get_materiel&rest_code=00149&code=00101010529&supplier_code=00100340&order_time=2021-01-21 HTTP/1.1" 200 399
180.156.237.57 - - [21/Jan/2021:11:29:39 +0800] "GET /xingrg/kc/buy/cgsh_order_add.html HTTP/1.1" 200 61879
180.175.150.119 - - [21/Jan/2021:11:29:39 +0800] "GET /xingrg/all/function/internal_message.html?_=1611199781789&CODE_STATE=getMsg HTTP/1.1" 200 27
61.165.42.208 - - [21/Jan/2021:11:29:39 +0800] "GET /xingrg/kc/mdqp/qp_main.html HTTP/1.1" 200 10633
117.185.32.26 - - [21/Jan/2021:11:29:39 +0800] "GET /xingrg/kc/buy/cgsh_order_operate.html?command=get_materiel&rest_code=00106&code=00101002035&supplier_code=00100088&order_time=2021-01-21 HTTP/1.1" 200 414
180.156.237.57 - - [21/Jan/2021:11:29:39 +0800] "GET /xingrg/javascript/easyui/themes/default/validatebox.css HTTP/1.1" 404 1104
180.156.237.57 - - [21/Jan/2021:11:29:39 +0800] "POST /xingrg/kc/buy/cgsh_order_operate.html HTTP/1.1" 200 8245
61.165.42.208 - - [21/Jan/2021:11:29:40 +0800] "GET /xingrg/images/yd/bt.gif HTTP/1.1" 404 1040
61.165.42.208 - - [21/Jan/2021:11:29:42 +0800] "GET /xingrg/kc/mdqp/qqps_order_list.html HTTP/1.1" 200 9222
61.165.42.208 - - [21/Jan/2021:11:29:42 +0800] "GET /xingrg/dwr/interface/AjaxQqpsService.js HTTP/1.1" 200 16326
61.165.42.208 - - [21/Jan/2021:11:29:42 +0800] "GET /xingrg/dwr/interface/AjaxReportQueryService.js HTTP/1.1" 200 13203
61.165.42.208 - - [21/Jan/2021:11:29:42 +0800] "GET /xingrg/dwr/engine.js HTTP/1.1" 200 43631
114.86.187.76 - - [21/Jan/2021:11:29:44 +0800] "GET /xingrg/kc/buy/cgsh_order_operate.html?command=get_materiel&rest_code=00148&code=00101007039&supplier_code=00100323&order_time=2021-01-21 HTTP/1.1" 200 413
61.151.178.197 - - [21/Jan/2021:11:29:45 +0800] "GET /xingrg/kc/buy/cgsh_order_operate.html?command=get_materiel&rest_code=00141&code=00101008017&supplier_code=00100007&order_time=2021-01-21 HTTP/1.1" 302 -
222.69.136.55 - - [21/Jan/2021:11:29:47 +0800] "GET /xingrg/kc/buy/cgsh_order_operate.html?command=get_materiel&rest_code=00149&code=00101005020&supplier_code=00100340&order_time=2021-01-21 HTTP/1.1" 200 413
114.86.187.76 - - [21/Jan/2021:11:29:48 +0800] "GET /xingrg/check_reg.html?_=1611199787237 HTTP/1.1" 200 22
180.156.237.57 - - [21/Jan/2021:11:29:48 +0800] "GET /xingrg/kc/buy/cgsh_order_operate.html?command=get_materiel&rest_code=00150&code=00101012046&supplier_code=00100347&order_time=2021-01-21 HTTP/1.1" 200 417
61.165.42.208 - - [21/Jan/2021:11:29:49 +0800] "GET /xingrg/kc/mdqp/qqps_order_list.html?isQuery=1&timeSelect=1&orderTime=day&startTime=2021-01-21&endTime=2021-01-21&state=all&query=%C8%B7++%B6%A8 HTTP/1.1" 200 9321
61.165.42.208 - - [21/Jan/2021:11:29:49 +0800] "GET /xingrg/dwr/interface/AjaxQqpsService.js HTTP/1.1" 200 16326
61.165.42.208 - - [21/Jan/2021:11:29:49 +0800] "GET /xingrg/dwr/interface/AjaxReportQueryService.js HTTP/1.1" 200 13203
61.165.42.208 - - [21/Jan/2021:11:29:49 +0800] "GET /xingrg/dwr/engine.js HTTP/1.1" 200 43631
117.185.32.26 - - [21/Jan/2021:11:29:49 +0800] "GET /xingrg/all/function/internal_message.html?_=1611200269656&CODE_STATE=getMsg HTTP/1.1" 200 27
180.169.147.146 - - [21/Jan/2021:11:29:49 +0800] "GET /xingrg/all/function/internal_message.html?_=1611199789896&CODE_STATE=getMsg HTTP/1.1" 200 27
120.253.135.82 - - [21/Jan/2021:11:29:51 +0800] "GET /xingrg/all/function/internal_message.html?_=1611199549906&CODE_STATE=getMsg HTTP/1.1" 200 27
61.165.42.208 - - [21/Jan/2021:11:29:51 +0800] "GET /xingrg/all/function/internal_message.html?_=1611199771484&CODE_STATE=getMsg HTTP/1.1" 200 27
114.86.187.76 - - [21/Jan/2021:11:29:51 +0800] "GET /xingrg/kc/buy/cgsh_order_operate.html?command=get_materiel&rest_code=00148&code=00101020113&supplier_code=00100323&order_time=2021-01-21 HTTP/1.1" 200 409
61.151.178.197 - - [21/Jan/2021:11:29:52 +0800] "GET /xingrg/login.html HTTP/1.1" 200 7641
58.37.230.33 - - [21/Jan/2021:11:29:53 +0800] "GET /xingrg/all/function/internal_message.html?_=1611199810972&CODE_STATE=getMsg HTTP/1.1" 200 27
222.69.136.55 - - [21/Jan/2021:11:29:54 +0800] "POST /xingrg/kc/buy/cgsh_order_operate.html HTTP/1.1" 200 37
61.165.42.208 - - [21/Jan/2021:11:29:54 +0800] "GET /xingrg/all/function/internal_message.html?_=1611199795630&CODE_STATE=getMsg HTTP/1.1" 200 27
58.37.230.33 - - [21/Jan/2021:11:29:54 +0800] "GET /xingrg/kc/buy/cgsh_order_operate.html?command=get_materiel&rest_code=00141&code=00101009027&supplier_code=00100329&order_time=2021-01-21 HTTP/1.1" 200 415
58.37.230.33 - - [21/Jan/2021:11:29:54 +0800] "GET /xingrg/all/function/internal_message.html?_=1611199791641&CODE_STATE=getMsg HTTP/1.1" 200 27
117.184.7.26 - - [21/Jan/2021:11:29:55 +0800] "GET /xingrg/kc/buy/cgsh_order_operate.html?command=get_materiel&rest_code=00108&code=00101008110&supplier_code=00100008&order_time=2021-01-21 HTTP/1.1" 200 408
180.156.237.57 - - [21/Jan/2021:11:29:56 +0800] "POST /xingrg/kc/buy/cgsh_order_operate.html HTTP/1.1" 200 37
114.86.187.76 - - [21/Jan/2021:11:29:58 +0800] "GET /xingrg/kc/buy/cgsh_order_operate.html?command=get_materiel&rest_code=00148&code=00101006021&supplier_code=00100323&order_time=2021-01-21 HTTP/1.1" 200 427
222.69.136.55 - - [21/Jan/2021:11:29:58 +0800] "POST /xingrg/kc/buy/cgsh_order_operate.html HTTP/1.1" 200 12
180.175.150.119 - - [21/Jan/2021:11:29:58 +0800] "GET /xingrg/all/function/internal_message.html?_=1611200039656&CODE_STATE=getMsg HTTP/1.1" 200 27
116.232.52.42 - - [21/Jan/2021:11:29:58 +0800] "GET /xingrg/check_reg.html?_=1611199820234 HTTP/1.1" 200 22
116.232.52.42 - - [21/Jan/2021:11:29:58 +0800] "GET /xingrg/all/function/internal_message.html?_=1611199820235&CODE_STATE=getMsg HTTP/1.1" 200 27
180.156.237.57 - - [21/Jan/2021:11:29:59 +0800] "POST /xingrg/kc/buy/cgsh_order_operate.html HTTP/1.1" 200 12
120.253.135.82 - - [21/Jan/2021:11:29:59 +0800] "GET /xingrg/check_reg.html?_=1611199558015 HTTP/1.1" 200 22
222.69.136.55 - - [21/Jan/2021:11:29:59 +0800] "GET /xingrg/kc/buy/cgsh_order_info.html?code=212021012109705 HTTP/1.1" 200 56910
222.69.136.55 - - [21/Jan/2021:11:29:59 +0800] "GET /xingrg/javascript/easyui/themes/default/validatebox.css HTTP/1.1" 404 1104
61.165.42.208 - - [21/Jan/2021:11:29:59 +0800] "GET /xingrg/kc/mdqp/qqps_order_list.html?isQuery=1&timeSelect=1&orderTime=day&startTime=2021-01-21&endTime=2021-01-21&state=all&query=%C8%B7++%B6%A8 HTTP/1.1" 200 9321
61.165.42.208 - - [21/Jan/2021:11:29:59 +0800] "GET /xingrg/dwr/interface/AjaxQqpsService.js HTTP/1.1" 200 16326
61.165.42.208 - - [21/Jan/2021:11:29:59 +0800] "GET /xingrg/dwr/interface/AjaxReportQueryService.js HTTP/1.1" 200 13203
61.165.42.208 - - [21/Jan/2021:11:29:59 +0800] "GET /xingrg/dwr/engine.js HTTP/1.1" 200 43631
222.69.136.55 - - [21/Jan/2021:11:30:00 +0800] "POST /xingrg/kc/buy/cgsh_order_operate.html HTTP/1.1" 200 2392
58.37.230.33 - - [21/Jan/2021:11:30:00 +0800] "GET /xingrg/kc/buy/cgsh_order_operate.html?command=get_materiel&rest_code=00141&code=00101010275&supplier_code=00100329&order_time=2021-01-21 HTTP/1.1" 200 427
222.69.136.55 - - [21/Jan/2021:11:30:01 +0800] "GET /xingrg/kc/print/load_data.html?order_code=212021012109705&kc_code=cgsh&condition= HTTP/1.1" 200 1400
117.184.7.26 - - [21/Jan/2021:11:30:01 +0800] "GET /xingrg/kc/buy/cgsh_order_operate.html?command=get_materiel&rest_code=00108&code=00101008096&supplier_code=00100008&order_time=2021-01-21 HTTP/1.1" 200 413
61.165.42.208 - - [21/Jan/2021:11:30:03 +0800] "GET /xingrg/all/function/internal_message.html?_=1611199783508&CODE_STATE=getMsg HTTP/1.1" 200 27
180.169.147.146 - - [21/Jan/2021:11:30:03 +0800] "GET /xingrg/all/function/internal_message.html?_=1611199803788&CODE_STATE=getMsg HTTP/1.1" 200 27
61.151.178.164 - - [21/Jan/2021:11:30:03 +0800] "GET /xingrg/kc/buy/cgsh_order_operate.html?command=get_materiel&rest_code=00141&code=00101008224&supplier_code=00100007&order_time=2021-01-21 HTTP/1.1" 302 -
61.151.178.236 - - [21/Jan/2021:11:30:04 +0800] "GET /xingrg/kc/buy/cgsh_order_operate.html?command=get_materiel&rest_code=00141&code=00101008242&supplier_code=00100007&order_time=2021-01-21 HTTP/1.1" 302 -
114.86.187.76 - - [21/Jan/2021:11:30:05 +0800] "GET /xingrg/kc/buy/cgsh_order_operate.html?command=get_materiel&rest_code=00148&code=00101001098&supplier_code=00100323&order_time=2021-01-21 HTTP/1.1" 200 415
61.151.178.197 - - [21/Jan/2021:11:30:05 +0800] "GET /xingrg/kc/buy/cgsh_order_operate.html?command=get_materiel&rest_code=00141&code=00101008003&supplier_code=00100007&order_time=2021-01-21 HTTP/1.1" 302 -
222.69.136.55 - - [21/Jan/2021:11:30:06 +0800] "GET /xingrg/kc/buy/cgsh_order_add.html HTTP/1.1" 200 62008
222.69.136.55 - - [21/Jan/2021:11:30:06 +0800] "POST /xingrg/kc/buy/cgsh_order_operate.html HTTP/1.1" 200 8245
117.185.32.26 - - [21/Jan/2021:11:30:06 +0800] "POST /xingrg/kc/buy/cgsh_order_operate.html HTTP/1.1" 200 37
222.69.136.55 - - [21/Jan/2021:11:30:06 +0800] "GET /xingrg/javascript/easyui/themes/default/validatebox.css HTTP/1.1" 404 1104
61.151.178.197 - - [21/Jan/2021:11:30:07 +0800] "GET /xingrg/login.html HTTP/1.1" 200 7641
58.37.230.33 - - [21/Jan/2021:11:30:07 +0800] "GET /xingrg/kc/buy/cgsh_order_operate.html?command=get_materiel&rest_code=00141&code=00101010120&supplier_code=00100329&order_time=2021-01-21 HTTP/1.1" 200 415
117.184.7.26 - - [21/Jan/2021:11:30:08 +0800] "GET /xingrg/kc/buy/cgsh_order_operate.html?command=get_materiel&rest_code=00108&code=00101008038&supplier_code=00100008&order_time=2021-01-21 HTTP/1.1" 200 412
180.156.237.57 - - [21/Jan/2021:11:30:10 +0800] "GET /xingrg/kc/buy/cgsh_order_info.html?code=212021012109706 HTTP/1.1" 200 56773
180.156.237.57 - - [21/Jan/2021:11:30:10 +0800] "GET /xingrg/javascript/easyui/themes/default/validatebox.css HTTP/1.1" 404 1104
180.156.237.57 - - [21/Jan/2021:11:30:11 +0800] "POST /xingrg/kc/buy/cgsh_order_operate.html HTTP/1.1" 200 610
61.151.178.164 - - [21/Jan/2021:11:30:11 +0800] "GET /xingrg/login.html HTTP/1.1" 200 7641
114.86.187.76 - - [21/Jan/2021:11:30:12 +0800] "GET /xingrg/kc/buy/cgsh_order_operate.html?command=get_materiel&rest_code=00148&code=00101010166&supplier_code=00100323&order_time=2021-01-21 HTTP/1.1" 200 417
180.169.147.146 - - [21/Jan/2021:11:30:12 +0800] "GET /xingrg/all/function/internal_message.html?_=1611199809690&CODE_STATE=getMsg HTTP/1.1" 200 27
61.151.178.236 - - [21/Jan/2021:11:30:13 +0800] "GET /xingrg/login.html HTTP/1.1" 200 7641
180.156.237.57 - - [21/Jan/2021:11:30:13 +0800] "GET /xingrg/kc/print/load_data.html?order_code=212021012109706&kc_code=cgsh&condition= HTTP/1.1" 200 692
180.169.147.146 - - [21/Jan/2021:11:30:14 +0800] "GET /xingrg/all/function/internal_message.html?_=1611199812365&CODE_STATE=getMsg HTTP/1.1" 200 27
180.156.237.57 - - [21/Jan/2021:11:30:15 +0800] "GET /xingrg/all/function/internal_message.html?_=1611199794558&CODE_STATE=getMsg HTTP/1.1" 200 27
117.184.7.26 - - [21/Jan/2021:11:30:15 +0800] "GET /xingrg/kc/buy/cgsh_order_operate.html?command=get_materiel&rest_code=00108&code=00101008283&supplier_code=00100008&order_time=2021-01-21 HTTP/1.1" 200 408
114.86.187.76 - - [21/Jan/2021:11:30:19 +0800] "GET /xingrg/kc/buy/cgsh_order_operate.html?command=get_materiel&rest_code=00148&code=00101008113&supplier_code=00100323&order_time=2021-01-21 HTTP/1.1" 200 413
218.81.223.240 - - [21/Jan/2021:11:30:20 +0800] "GET /xingrg/all/function/internal_message.html?_=1611199816503&CODE_STATE=getMsg HTTP/1.1" 200 27
114.88.166.193 - - [21/Jan/2021:11:30:20 +0800] "GET /xingrg/check_reg.html?_=1611199815609 HTTP/1.1" 200 22
58.37.230.33 - - [21/Jan/2021:11:30:22 +0800] "POST /xingrg/kc/buy/cgsh_order_operate.html HTTP/1.1" 200 37
222.69.136.55 - - [21/Jan/2021:11:30:22 +0800] "GET /xingrg/kc/buy/cgsh_order_operate.html?command=get_materiel&rest_code=00149&code=00101007032&supplier_code=00100328&order_time=2021-01-21 HTTP/1.1" 200 413
101.89.19.197 - - [21/Jan/2021:11:30:23 +0800] "GET /xingrg/kc/buy/cgsh_order_operate.html?command=get_materiel&rest_code=00141&code=00101008356&supplier_code=00100007&order_time=2021-01-21 HTTP/1.1" 302 -
101.85.52.2 - - [21/Jan/2021:11:30:24 +0800] "GET /xingrg/all/function/internal_message.html?_=1611199816570&CODE_STATE=getMsg HTTP/1.1" 200 27
117.185.32.26 - - [21/Jan/2021:11:30:24 +0800] "POST /xingrg/kc/buy/cgsh_order_operate.html HTTP/1.1" 200 12
58.37.230.33 - - [21/Jan/2021:11:30:25 +0800] "POST /xingrg/kc/buy/cgsh_order_operate.html HTTP/1.1" 200 12
117.184.7.26 - - [21/Jan/2021:11:30:25 +0800] "GET /xingrg/all/function/internal_message.html?_=1611199801302&CODE_STATE=getMsg HTTP/1.1" 200 27
117.185.32.26 - - [21/Jan/2021:11:30:25 +0800] "GET /xingrg/kc/buy/cgsh_order_info.html?code=212021012109707 HTTP/1.1" 200 56859
117.131.5.26 - - [21/Jan/2021:11:30:26 +0800] "GET /xingrg/all/function/internal_message.html?_=1611199877265&CODE_STATE=getMsg HTTP/1.1" 200 27
117.185.32.26 - - [21/Jan/2021:11:30:26 +0800] "GET /xingrg/javascript/easyui/themes/default/validatebox.css HTTP/1.1" 404 1104
117.185.32.26 - - [21/Jan/2021:11:30:26 +0800] "POST /xingrg/kc/buy/cgsh_order_operate.html HTTP/1.1" 200 1809
58.37.230.33 - - [21/Jan/2021:11:30:26 +0800] "GET /xingrg/kc/buy/cgsh_order_info.html?code=212021012109708 HTTP/1.1" 200 56867
120.253.135.82 - - [21/Jan/2021:11:30:26 +0800] "GET /xingrg/kc/base/wldb_order_list.html HTTP/1.1" 200 19339
58.37.230.33 - - [21/Jan/2021:11:30:27 +0800] "GET /xingrg/javascript/easyui/themes/default/validatebox.css HTTP/1.1" 404 1104
58.37.230.33 - - [21/Jan/2021:11:30:27 +0800] "POST /xingrg/kc/buy/cgsh_order_operate.html HTTP/1.1" 200 3587
120.253.135.82 - - [21/Jan/2021:11:30:27 +0800] "POST /xingrg/kc/base/wldb_list_operate.html HTTP/1.1" 200 928
58.37.230.33 - - [21/Jan/2021:11:30:28 +0800] "GET /xingrg/kc/print/load_data.html?order_code=212021012109708&kc_code=cgsh&condition= HTTP/1.1" 200 1862
117.185.32.26 - - [21/Jan/2021:11:30:29 +0800] "GET /xingrg/kc/print/load_data.html?order_code=212021012109707&kc_code=cgsh&condition= HTTP/1.1" 200 1243
114.88.166.193 - - [21/Jan/2021:11:30:29 +0800] "GET /xingrg/all/function/internal_message.html?_=1611199824292&CODE_STATE=getMsg HTTP/1.1" 200 27
120.253.135.82 - - [21/Jan/2021:11:30:29 +0800] "GET /xingrg/kc/base/wldb_order_add.html HTTP/1.1" 200 30502
120.253.135.82 - - [21/Jan/2021:11:30:29 +0800] "GET /xingrg/javascript/easyui/themes/icons/template_new.png HTTP/1.1" 304 -
120.253.135.82 - - [21/Jan/2021:11:30:29 +0800] "POST /xingrg/kc/base/wldb_order_operate.html HTTP/1.1" 200 6806
116.228.172.94 - - [21/Jan/2021:11:30:29 +0800] "GET /xingrg/all/function/internal_message.html?_=1611199823251&CODE_STATE=getMsg HTTP/1.1" 200 27
120.253.135.82 - - [21/Jan/2021:11:30:30 +0800] "GET /xingrg/javascript/easyui/themes/default/validatebox.css HTTP/1.1" 404 1104
101.89.19.197 - - [21/Jan/2021:11:30:30 +0800] "GET /xingrg/login.html HTTP/1.1" 200 7641
116.228.172.94 - - [21/Jan/2021:11:30:30 +0800] "GET /xingrg/check_reg.html?_=1611199823924 HTTP/1.1" 200 22
180.156.237.57 - - [21/Jan/2021:11:30:30 +0800] "GET /xingrg/all/function/internal_message.html?_=1611199829093&CODE_STATE=getMsg HTTP/1.1" 200 27
180.156.237.57 - - [21/Jan/2021:11:30:30 +0800] "GET /xingrg/check_reg.html?_=1611199829207 HTTP/1.1" 200 22
114.86.187.76 - - [21/Jan/2021:11:30:31 +0800] "GET /xingrg/kc/buy/cgsh_order_operate.html?command=get_materiel&rest_code=00148&code=00101010274&supplier_code=00100323&order_time=2021-01-21 HTTP/1.1" 200 433
222.69.133.109 - - [21/Jan/2021:11:30:31 +0800] "GET /xingrg/all/function/internal_message.html?_=1611199831943&CODE_STATE=getMsg HTTP/1.1" 200 27
120.253.135.82 - - [21/Jan/2021:11:30:32 +0800] "GET /xingrg/css/images/panel_loading.gif HTTP/1.1" 304 -
120.253.135.82 - - [21/Jan/2021:11:30:32 +0800] "POST /xingrg/all/common/load_combo.html?type=base HTTP/1.1" 200 984
117.185.32.26 - - [21/Jan/2021:11:30:33 +0800] "GET /xingrg/all/function/internal_message.html?_=1611199826137&CODE_STATE=getMsg HTTP/1.1" 200 27
58.37.230.33 - - [21/Jan/2021:11:30:33 +0800] "GET /xingrg/kc/buy/cgsh_order_add.html HTTP/1.1" 200 61961
58.37.230.33 - - [21/Jan/2021:11:30:33 +0800] "POST /xingrg/kc/buy/cgsh_order_operate.html HTTP/1.1" 200 8245
58.37.230.33 - - [21/Jan/2021:11:30:33 +0800] "GET /xingrg/javascript/easyui/themes/default/validatebox.css HTTP/1.1" 404 1104
117.185.32.26 - - [21/Jan/2021:11:30:34 +0800] "GET /xingrg/check_reg.html?_=1611199826825 HTTP/1.1" 200 22
180.175.150.119 - - [21/Jan/2021:11:30:40 +0800] "GET /xingrg/all/function/internal_message.html?_=1611199842329&CODE_STATE=getMsg HTTP/1.1" 200 27
114.86.187.76 - - [21/Jan/2021:11:30:42 +0800] "GET /xingrg/kc/buy/cgsh_order_operate.html?command=get_materiel&rest_code=00148&code=00101010123&supplier_code=00100323&order_time=2021-01-21 HTTP/1.1" 200 417
120.253.135.82 - - [21/Jan/2021:11:30:43 +0800] "POST /xingrg/all/common/load_combo.html?type=base HTTP/1.1" 200 984
117.184.7.26 - - [21/Jan/2021:11:30:45 +0800] "GET /xingrg/kc/buy/cgsh_order_operate.html?command=get_materiel&rest_code=00108&code=00101008199&supplier_code=00100008&order_time=2021-01-21 HTTP/1.1" 200 408
222.69.136.55 - - [21/Jan/2021:11:30:46 +0800] "POST /xingrg/kc/buy/cgsh_order_operate.html HTTP/1.1" 200 37
222.69.136.55 - - [21/Jan/2021:11:30:49 +0800] "POST /xingrg/kc/buy/cgsh_order_operate.html HTTP/1.1" 200 12
117.185.32.26 - - [21/Jan/2021:11:30:49 +0800] "GET /xingrg/check_reg.html?_=1611200329724 HTTP/1.1" 200 22
180.169.147.146 - - [21/Jan/2021:11:30:49 +0800] "GET /xingrg/all/function/internal_message.html?_=1611199849902&CODE_STATE=getMsg HTTP/1.1" 200 27
117.185.32.26 - - [21/Jan/2021:11:30:49 +0800] "GET /xingrg/all/function/internal_message.html?_=1611200329646&CODE_STATE=getMsg HTTP/1.1" 200 27
120.253.135.82 - - [21/Jan/2021:11:30:51 +0800] "GET /xingrg/all/function/internal_message.html?_=1611199609916&CODE_STATE=getMsg HTTP/1.1" 200 27
61.165.42.208 - - [21/Jan/2021:11:30:51 +0800] "GET /xingrg/all/function/internal_message.html?_=1611199831483&CODE_STATE=getMsg HTTP/1.1" 200 27
222.69.136.55 - - [21/Jan/2021:11:30:51 +0800] "GET /xingrg/kc/buy/cgsh_order_info.html?code=212021012109709 HTTP/1.1" 200 56914
222.69.136.55 - - [21/Jan/2021:11:30:51 +0800] "GET /xingrg/javascript/easyui/themes/default/validatebox.css HTTP/1.1" 404 1104
117.184.7.26 - - [21/Jan/2021:11:30:52 +0800] "GET /xingrg/kc/buy/cgsh_order_operate.html?command=get_materiel&rest_code=00108&code=00101008163&supplier_code=00100008&order_time=2021-01-21 HTTP/1.1" 200 409
222.69.136.55 - - [21/Jan/2021:11:30:52 +0800] "POST /xingrg/kc/buy/cgsh_order_operate.html HTTP/1.1" 200 608
58.37.230.33 - - [21/Jan/2021:11:30:53 +0800] "GET /xingrg/all/function/internal_message.html?_=1611199870988&CODE_STATE=getMsg HTTP/1.1" 200 27
222.69.136.55 - - [21/Jan/2021:11:30:53 +0800] "GET /xingrg/kc/print/load_data.html?order_code=212021012109709&kc_code=cgsh&condition= HTTP/1.1" 200 709
120.253.135.82 - - [21/Jan/2021:11:30:53 +0800] "GET /xingrg/kc/base/wldb_order_operate.html?command=get_materiel&rest_code=00101&base_code=0010250&code=00102002145 HTTP/1.1" 200 435
61.165.42.208 - - [21/Jan/2021:11:30:54 +0800] "GET /xingrg/check_reg.html?_=1611199855627 HTTP/1.1" 200 22
61.165.42.208 - - [21/Jan/2021:11:30:54 +0800] "GET /xingrg/all/function/internal_message.html?_=1611199855631&CODE_STATE=getMsg HTTP/1.1" 200 27
58.37.230.33 - - [21/Jan/2021:11:30:54 +0800] "GET /xingrg/all/function/internal_message.html?_=1611199851610&CODE_STATE=getMsg HTTP/1.1" 200 27
114.86.187.76 - - [21/Jan/2021:11:30:55 +0800] "GET /xingrg/kc/buy/cgsh_order_operate.html?command=get_materiel&rest_code=00148&code=00101004100&supplier_code=00100323&order_time=2021-01-21 HTTP/1.1" 200 397
222.69.136.55 - - [21/Jan/2021:11:30:55 +0800] "GET /xingrg/all/function/internal_message.html?_=1611199851006&CODE_STATE=getMsg HTTP/1.1" 200 27
117.184.7.26 - - [21/Jan/2021:11:30:57 +0800] "GET /xingrg/kc/buy/cgsh_order_operate.html?command=get_materiel&rest_code=00108&code=00101008064&supplier_code=00100008&order_time=2021-01-21 HTTP/1.1" 200 412
61.151.207.141 - - [21/Jan/2021:11:30:58 +0800] "GET /xingrg/all/function/internal_message.html?_=1611199191460&CODE_STATE=getMsg HTTP/1.1" 302 -
222.69.136.55 - - [21/Jan/2021:11:30:58 +0800] "GET /xingrg/kc/buy/cgsh_order_add.html HTTP/1.1" 200 62008
180.175.150.119 - - [21/Jan/2021:11:30:58 +0800] "GET /xingrg/all/function/internal_message.html?_=1611200099660&CODE_STATE=getMsg HTTP/1.1" 200 27
116.232.52.42 - - [21/Jan/2021:11:30:58 +0800] "GET /xingrg/all/function/internal_message.html?_=1611199880234&CODE_STATE=getMsg HTTP/1.1" 200 27
222.69.136.55 - - [21/Jan/2021:11:30:58 +0800] "POST /xingrg/kc/buy/cgsh_order_operate.html HTTP/1.1" 200 8245
222.69.136.55 - - [21/Jan/2021:11:30:58 +0800] "GET /xingrg/javascript/easyui/themes/default/validatebox.css HTTP/1.1" 404 1104
61.151.207.141 - - [21/Jan/2021:11:31:00 +0800] "GET /xingrg/login.html HTTP/1.1" 200 7641
120.253.135.82 - - [21/Jan/2021:11:31:02 +0800] "POST /xingrg/kc/base/wldb_order_operate.html HTTP/1.1" 200 37
120.253.135.82 - - [21/Jan/2021:11:31:03 +0800] "POST /xingrg/kc/base/wldb_order_operate.html HTTP/1.1" 200 2182
61.165.42.208 - - [21/Jan/2021:11:31:03 +0800] "GET /xingrg/all/function/internal_message.html?_=1611199843517&CODE_STATE=getMsg HTTP/1.1" 200 27
180.169.147.146 - - [21/Jan/2021:11:31:03 +0800] "GET /xingrg/all/function/internal_message.html?_=1611199863814&CODE_STATE=getMsg HTTP/1.1" 200 27
120.253.135.82 - - [21/Jan/2021:11:31:03 +0800] "GET /xingrg/kc/base/wldb_order_info.html?code=422021012102599 HTTP/1.1" 200 30515
120.253.135.82 - - [21/Jan/2021:11:31:04 +0800] "GET /xingrg/javascript/easyui/themes/default/validatebox.css HTTP/1.1" 404 1104
120.253.135.82 - - [21/Jan/2021:11:31:04 +0800] "POST /xingrg/kc/base/wldb_order_operate.html HTTP/1.1" 200 2182
120.253.135.82 - - [21/Jan/2021:11:31:06 +0800] "GET /xingrg/kc/print/load_config.html?kc_code=wldb HTTP/1.1" 200 2173
120.253.135.82 - - [21/Jan/2021:11:31:06 +0800] "GET /xingrg/kc/print/load_data.html?order_code=422021012102599&kc_code=wldb&condition= HTTP/1.1" 200 513
114.86.187.76 - - [21/Jan/2021:11:31:07 +0800] "GET /xingrg/kc/buy/cgsh_order_operate.html?command=get_materiel&rest_code=00148&code=00101006060&supplier_code=00100323&order_time=2021-01-21 HTTP/1.1" 200 409
117.185.32.26 - - [21/Jan/2021:11:31:07 +0800] "GET /xingrg/kc/buy/cgsh_order_add.html HTTP/1.1" 200 61955
117.185.32.26 - - [21/Jan/2021:11:31:08 +0800] "POST /xingrg/kc/buy/cgsh_order_operate.html HTTP/1.1" 200 8245
117.185.32.26 - - [21/Jan/2021:11:31:08 +0800] "GET /xingrg/javascript/easyui/themes/default/validatebox.css HTTP/1.1" 404 1104
222.69.136.55 - - [21/Jan/2021:11:31:08 +0800] "GET /xingrg/kc/buy/cgsh_order_operate.html?command=get_materiel&rest_code=00149&code=00101008328&supplier_code=00100338&order_time=2021-01-21 HTTP/1.1" 200 410
117.185.32.26 - - [21/Jan/2021:11:31:10 +0800] "GET /xingrg/javascript/easyui/themes/default/tree.css HTTP/1.1" 404 1090
117.185.32.26 - - [21/Jan/2021:11:31:10 +0800] "POST /xingrg/all/common/load_tree.html?tree=supplier_tree_json&isDelete=1 HTTP/1.1" 200 54555
180.169.147.146 - - [21/Jan/2021:11:31:12 +0800] "GET /xingrg/all/function/internal_message.html?_=1611199869693&CODE_STATE=getMsg HTTP/1.1" 200 27
180.169.147.146 - - [21/Jan/2021:11:31:14 +0800] "GET /xingrg/all/function/internal_message.html?_=1611199872391&CODE_STATE=getMsg HTTP/1.1" 200 27
180.169.147.146 - - [21/Jan/2021:11:31:14 +0800] "GET /xingrg/check_reg.html?_=1611199872393 HTTP/1.1" 200 22
180.156.237.57 - - [21/Jan/2021:11:31:15 +0800] "GET /xingrg/all/function/internal_message.html?_=1611199854571&CODE_STATE=getMsg HTTP/1.1" 200 27
114.86.187.76 - - [21/Jan/2021:11:31:15 +0800] "GET /xingrg/kc/buy/cgsh_order_operate.html?command=get_materiel&rest_code=00148&code=00101007122&supplier_code=00100323&order_time=2021-01-21 HTTP/1.1" 200 435
218.81.223.240 - - [21/Jan/2021:11:31:20 +0800] "GET /xingrg/all/function/internal_message.html?_=1611199876993&CODE_STATE=getMsg HTTP/1.1" 200 27
222.69.136.55 - - [21/Jan/2021:11:31:23 +0800] "POST /xingrg/kc/buy/cgsh_order_operate.html HTTP/1.1" 200 37
117.185.32.26 - - [21/Jan/2021:11:31:23 +0800] "GET /xingrg/kc/buy/cgsh_order_operate.html?command=get_materiel&rest_code=00106&code=00101004063&supplier_code=00100085&order_time=2021-01-21 HTTP/1.1" 200 414
101.85.52.2 - - [21/Jan/2021:11:31:24 +0800] "GET /xingrg/all/function/internal_message.html?_=1611199876571&CODE_STATE=getMsg HTTP/1.1" 200 27
101.85.52.2 - - [21/Jan/2021:11:31:24 +0800] "GET /xingrg/check_reg.html?_=1611199876574 HTTP/1.1" 200 22
117.184.7.26 - - [21/Jan/2021:11:31:25 +0800] "GET /xingrg/all/function/internal_message.html?_=1611199861280&CODE_STATE=getMsg HTTP/1.1" 200 27
117.131.5.26 - - [21/Jan/2021:11:31:26 +0800] "GET /xingrg/all/function/internal_message.html?_=1611199937264&CODE_STATE=getMsg HTTP/1.1" 200 27
101.91.60.105 - - [21/Jan/2021:11:31:28 +0800] "GET /xingrg/kc/buy/cgsh_order_operate.html?command=get_materiel&rest_code=00141&code=00101008351&supplier_code=00100007&order_time=2021-01-21 HTTP/1.1" 302 -
222.69.136.55 - - [21/Jan/2021:11:31:28 +0800] "POST /xingrg/kc/buy/cgsh_order_operate.html HTTP/1.1" 200 12
114.86.187.76 - - [21/Jan/2021:11:31:28 +0800] "GET /xingrg/kc/buy/cgsh_order_operate.html?command=get_materiel&rest_code=00148&code=00101004019&supplier_code=00100323&order_time=2021-01-21 HTTP/1.1" 200 413
114.88.166.193 - - [21/Jan/2021:11:31:29 +0800] "GET /xingrg/all/function/internal_message.html?_=1611199884307&CODE_STATE=getMsg HTTP/1.1" 200 27
116.228.172.94 - - [21/Jan/2021:11:31:29 +0800] "GET /xingrg/all/function/internal_message.html?_=1611199883222&CODE_STATE=getMsg HTTP/1.1" 200 27
222.69.136.55 - - [21/Jan/2021:11:31:30 +0800] "GET /xingrg/kc/buy/cgsh_order_info.html?code=212021012109710 HTTP/1.1" 200 56914
180.175.150.119 - - [21/Jan/2021:11:31:30 +0800] "GET /xingrg/check_reg.html?_=1611199892957 HTTP/1.1" 200 22
222.69.136.55 - - [21/Jan/2021:11:31:30 +0800] "GET /xingrg/javascript/easyui/themes/default/validatebox.css HTTP/1.1" 404 1104
180.156.237.57 - - [21/Jan/2021:11:31:30 +0800] "GET /xingrg/all/function/internal_message.html?_=1611199889075&CODE_STATE=getMsg HTTP/1.1" 200 27
58.37.230.33 - - [21/Jan/2021:11:31:30 +0800] "GET /xingrg/kc/buy/cgsh_order_operate.html?command=get_materiel&rest_code=00141&code=00101006249&supplier_code=00100443&order_time=2021-01-21 HTTP/1.1" 200 405
222.69.136.55 - - [21/Jan/2021:11:31:31 +0800] "POST /xingrg/kc/buy/cgsh_order_operate.html HTTP/1.1" 200 605
222.69.133.109 - - [21/Jan/2021:11:31:31 +0800] "GET /xingrg/all/function/internal_message.html?_=1611199891943&CODE_STATE=getMsg HTTP/1.1" 200 27
222.69.136.55 - - [21/Jan/2021:11:31:32 +0800] "GET /xingrg/kc/print/load_data.html?order_code=212021012109710&kc_code=cgsh&condition= HTTP/1.1" 200 713
117.185.32.26 - - [21/Jan/2021:11:31:33 +0800] "GET /xingrg/all/function/internal_message.html?_=1611199886108&CODE_STATE=getMsg HTTP/1.1" 200 27
101.91.60.105 - - [21/Jan/2021:11:31:35 +0800] "GET /xingrg/login.html HTTP/1.1" 200 7641
117.184.7.26 - - [21/Jan/2021:11:31:36 +0800] "POST /xingrg/kc/buy/cgsh_order_operate.html HTTP/1.1" 200 37
117.184.7.26 - - [21/Jan/2021:11:31:37 +0800] "POST /xingrg/kc/buy/cgsh_order_operate.html HTTP/1.1" 200 12118
222.69.136.55 - - [21/Jan/2021:11:31:37 +0800] "GET /xingrg/kc/buy/cgsh_order_add.html HTTP/1.1" 200 62008
222.69.136.55 - - [21/Jan/2021:11:31:38 +0800] "POST /xingrg/kc/buy/cgsh_order_operate.html HTTP/1.1" 200 8245
222.69.136.55 - - [21/Jan/2021:11:31:38 +0800] "GET /xingrg/javascript/easyui/themes/default/validatebox.css HTTP/1.1" 404 1104
117.184.7.26 - - [21/Jan/2021:11:31:38 +0800] "GET /xingrg/kc/mdqp/qp_main.html HTTP/1.1" 200 10633
117.184.7.26 - - [21/Jan/2021:11:31:39 +0800] "GET /xingrg/images/yd/bt.gif HTTP/1.1" 404 1040
117.184.7.30 - - [21/Jan/2021:11:31:39 +0800] "GET /xingrg/kc/mdqp/qqps_order_list.html HTTP/1.1" 200 10476
117.184.7.30 - - [21/Jan/2021:11:31:39 +0800] "GET /xingrg/dwr/interface/AjaxReportQueryService.js HTTP/1.1" 200 13203
117.184.7.30 - - [21/Jan/2021:11:31:39 +0800] "GET /xingrg/dwr/interface/AjaxQqpsService.js HTTP/1.1" 200 16326
117.184.7.30 - - [21/Jan/2021:11:31:39 +0800] "GET /xingrg/dwr/engine.js HTTP/1.1" 200 43631
180.175.150.119 - - [21/Jan/2021:11:31:40 +0800] "GET /xingrg/all/function/internal_message.html?_=1611199902332&CODE_STATE=getMsg HTTP/1.1" 200 27
114.86.187.76 - - [21/Jan/2021:11:31:40 +0800] "GET /xingrg/kc/buy/cgsh_order_operate.html?command=get_materiel&rest_code=00148&code=00101001079&supplier_code=00100323&order_time=2021-01-21 HTTP/1.1" 200 415
117.184.7.30 - - [21/Jan/2021:11:31:40 +0800] "GET /xingrg/kc/mdqp/qqps_order_add.html HTTP/1.1" 200 27996
117.184.7.30 - - [21/Jan/2021:11:31:41 +0800] "GET /xingrg/dwr/interface/AjaxComOrderService.js HTTP/1.1" 200 18264
117.184.7.30 - - [21/Jan/2021:11:31:41 +0800] "GET /xingrg/dwr/interface/AjaxQqpsService.js HTTP/1.1" 200 16326
117.184.7.30 - - [21/Jan/2021:11:31:41 +0800] "GET /xingrg/dwr/engine.js HTTP/1.1" 200 43631
117.131.5.26 - - [21/Jan/2021:11:31:46 +0800] "POST /xingrg/services/DataTransmitService HTTP/1.1" 200 524
117.184.7.30 - - [21/Jan/2021:11:31:47 +0800] "POST /xingrg/dwr/call/plaincall/AjaxQqpsService.saveOrder.dwr HTTP/1.1" 200 78
58.37.230.33 - - [21/Jan/2021:11:31:48 +0800] "POST /xingrg/kc/buy/cgsh_order_operate.html HTTP/1.1" 200 37
117.185.32.26 - - [21/Jan/2021:11:31:49 +0800] "GET /xingrg/all/function/internal_message.html?_=1611200389624&CODE_STATE=getMsg HTTP/1.1" 200 27
180.169.147.146 - - [21/Jan/2021:11:31:49 +0800] "GET /xingrg/all/function/internal_message.html?_=1611199909900&CODE_STATE=getMsg HTTP/1.1" 200 27
117.184.7.30 - - [21/Jan/2021:11:31:50 +0800] "POST /xingrg/dwr/call/plaincall/AjaxQqpsService.getMaterielByCode.dwr HTTP/1.1" 200 2694
58.37.230.33 - - [21/Jan/2021:11:31:50 +0800] "POST /xingrg/kc/buy/cgsh_order_operate.html HTTP/1.1" 200 12
117.185.32.26 - - [21/Jan/2021:11:31:50 +0800] "GET /xingrg/kc/buy/cgsh_order_operate.html?command=get_materiel&rest_code=00106&code=00101004034&supplier_code=00100085&order_time=2021-01-21 HTTP/1.1" 200 416
120.253.135.82 - - [21/Jan/2021:11:31:51 +0800] "GET /xingrg/all/function/internal_message.html?_=1611199669955&CODE_STATE=getMsg HTTP/1.1" 200 27
61.165.42.208 - - [21/Jan/2021:11:31:51 +0800] "GET /xingrg/all/function/internal_message.html?_=1611199891483&CODE_STATE=getMsg HTTP/1.1" 200 27
58.37.230.33 - - [21/Jan/2021:11:31:51 +0800] "GET /xingrg/kc/buy/cgsh_order_info.html?code=212021012109712 HTTP/1.1" 200 56865
