218.81.223.240 - - [21/Jan/2021:10:01:02 +0800] "POST /xingrg/kc/buy/cgsh_order_operate.html HTTP/1.1" 200 3841
120.253.135.82 - - [21/Jan/2021:10:01:02 +0800] "GET /xingrg/javascript/easyui/themes/default/images/button_plain_hover.png HTTP/1.1" 304 -
120.253.135.82 - - [21/Jan/2021:10:01:03 +0800] "GET /xingrg/kc/buy/cgsh_order_add.html HTTP/1.1" 200 60971
120.253.135.82 - - [21/Jan/2021:10:01:03 +0800] "GET /xingrg/javascript/convert.js HTTP/1.1" 304 -
120.253.135.82 - - [21/Jan/2021:10:01:03 +0800] "GET /xingrg/javascript/json2.js HTTP/1.1" 304 -
120.253.135.82 - - [21/Jan/2021:10:01:03 +0800] "GET /xingrg/javascript/print/kc_print.js HTTP/1.1" 304 -
218.81.223.240 - - [21/Jan/2021:10:01:03 +0800] "GET /xingrg/all/function/internal_message.html?_=1611194459834&CODE_STATE=getMsg HTTP/1.1" 200 27
120.253.135.82 - - [21/Jan/2021:10:01:03 +0800] "GET /xingrg/javascript/jquery_tools/order_manager.js HTTP/1.1" 304 -
120.253.135.82 - - [21/Jan/2021:10:01:03 +0800] "GET /xingrg/words/20210120105349_words.js HTTP/1.1" 304 -
120.253.135.82 - - [21/Jan/2021:10:01:04 +0800] "GET /xingrg/javascript/easyui/themes/icons/template_new.png HTTP/1.1" 304 -
120.253.135.82 - - [21/Jan/2021:10:01:04 +0800] "GET /xingrg/javascript/easyui/themes/icons/copy_new.png HTTP/1.1" 304 -
120.253.135.82 - - [21/Jan/2021:10:01:04 +0800] "GET /xingrg/javascript/easyui/themes/icons/print.png HTTP/1.1" 304 -
120.253.135.82 - - [21/Jan/2021:10:01:04 +0800] "GET /xingrg/javascript/easyui/themes/default/images/menu_downarrow.png HTTP/1.1" 304 -
120.253.135.82 - - [21/Jan/2021:10:01:04 +0800] "GET /xingrg/javascript/easyui/themes/icons/ok.png HTTP/1.1" 304 -
120.253.135.82 - - [21/Jan/2021:10:01:04 +0800] "GET /xingrg/javascript/easyui/themes/icons/cancel.png HTTP/1.1" 304 -
120.253.135.82 - - [21/Jan/2021:10:01:04 +0800] "POST /xingrg/kc/buy/cgsh_order_operate.html HTTP/1.1" 200 8245
120.253.135.82 - - [21/Jan/2021:10:01:04 +0800] "GET /xingrg/javascript/easyui/themes/icons/edit_remove.png HTTP/1.1" 200 625
120.253.135.82 - - [21/Jan/2021:10:01:04 +0800] "GET /xingrg/all/common/auto_word.html?type=employee&rest_code=00101 HTTP/1.1" 200 1173
120.253.135.82 - - [21/Jan/2021:10:01:04 +0800] "GET /xingrg/all/common/auto_word.html?type=employee&rest_code=00101 HTTP/1.1" 200 1173
120.253.135.82 - - [21/Jan/2021:10:01:04 +0800] "GET /xingrg/javascript/easyui/themes/default/validatebox.css HTTP/1.1" 404 1104
120.253.135.82 - - [21/Jan/2021:10:01:04 +0800] "GET /xingrg/javascript/easyui/plugins/jquery.validatebox.js HTTP/1.1" 304 -
120.253.135.82 - - [21/Jan/2021:10:01:04 +0800] "GET /xingrg/javascript/easyui/plugins/jquery.numberbox.js HTTP/1.1" 304 -
218.81.223.240 - - [21/Jan/2021:10:01:05 +0800] "GET /xingrg/kc/print/load_data.html?order_code=212021012109545&kc_code=cgsh&condition= HTTP/1.1" 200 1128
120.253.135.82 - - [21/Jan/2021:10:01:05 +0800] "GET /xingrg/javascript/auto/indicator.gif HTTP/1.1" 404 1066
61.165.42.208 - - [21/Jan/2021:10:01:06 +0800] "GET /favicon.ico HTTP/1.1" 404 -
61.165.42.208 - - [21/Jan/2021:10:01:07 +0800] "GET /xingrg/all/function/internal_message.html?_=1611194468985&CODE_STATE=getMsg HTTP/1.1" 200 27
117.184.7.26 - - [21/Jan/2021:10:01:08 +0800] "GET /xingrg/kc/base/crk_hz.html?_=1611194444175&command=get_cost_id&end_date=2021-01-31&start_date=2021-01-01 HTTP/1.1" 200 51
117.184.7.26 - - [21/Jan/2021:10:01:08 +0800] "GET /xingrg/all/report/report_query.html?isQuery=1&onlyBody=1&rh=99999&rw=1800&varString=start:20210101,cost_id:2961,mid:20210101&fileName=kc/base/crk_hz_type_by_base.xml&queryString=%20a.base_code%20in%20('0010555')%20&queryText=ÈÕÆÚ£º2021-01-01ÖÁ2021-01-31%20²Ö¿â£º°Ę́&tableQueryString=materiel_table$sp1$$sp$before_table$sp1$$sp$crk_table$sp1$order_day%20between%2020210101%20and%2020210131 HTTP/1.1" 200 49398
117.184.7.26 - - [21/Jan/2021:10:01:08 +0800] "GET /xingrg/dwr/interface/AjaxReportQueryService.js HTTP/1.1" 200 13203
117.184.7.30 - - [21/Jan/2021:10:01:08 +0800] "GET /xingrg/dwr/engine.js HTTP/1.1" 200 43631
117.184.7.26 - - [21/Jan/2021:10:01:08 +0800] "GET /xingrg/dwr/util.js HTTP/1.1" 200 35990
114.88.166.193 - - [21/Jan/2021:10:01:09 +0800] "POST /xingrg/kc/buy/cgsh_order_operate.html HTTP/1.1" 200 37
117.184.7.26 - - [21/Jan/2021:10:01:10 +0800] "POST /xingrg/all/report/load_report_page.html HTTP/1.1" 200 94584
114.88.166.193 - - [21/Jan/2021:10:01:10 +0800] "POST /xingrg/kc/buy/cgsh_order_operate.html HTTP/1.1" 200 4426
117.184.7.26 - - [21/Jan/2021:10:01:10 +0800] "GET /xingrg/servlets/image?cache=0.34621244600850476&image=px HTTP/1.1" 200 807
114.88.166.193 - - [21/Jan/2021:10:01:11 +0800] "GET /xingrg/kc/buy/cgsh_order_add.html HTTP/1.1" 200 61955
114.88.166.193 - - [21/Jan/2021:10:01:12 +0800] "POST /xingrg/kc/buy/cgsh_order_operate.html HTTP/1.1" 200 8245
114.88.166.193 - - [21/Jan/2021:10:01:12 +0800] "GET /xingrg/javascript/easyui/themes/default/validatebox.css HTTP/1.1" 404 1104
117.184.7.26 - - [21/Jan/2021:10:01:13 +0800] "GET /xingrg/all/report/report_query.html?isQuery=1&fileName=kc/base/crk_detail_by_small.xml&rh=99999&queryString=&queryText=%25E3%2580%2590%25E4%25BB%2593%25E5%25BA%2593%25E5%2590%258D%25E7%25A7%25B0%253A%25E5%2590%25A7%25E5%258F%25B0%25E3%2580%2591%25E3%2580%2590%25E4%25B8%259A%25E5%258A%25A1%25E7%25B1%25BB%25E5%259E%258B%25EF%25BC%259A%25E9%2587%2587%25E8%25B4%25AD%25E5%2585%25A5%25E5%25BA%2593%25E3%2580%2591%2520%253F%253F%253F%253F%253F2021-01-01%253F%253F2021-01-31%2520%253F%253F%253F%253F%253F%253F&tableQueryString=crk_table%2524sp1%2524order_day%2520between%252020210101%2520and%252020210131%2520and%2520(base_code%253D'0010555')%2520and%2520(src_order_type%2520in%2520(21))%2520and%2520(is_rk%2520in%2520(1)) HTTP/1.1" 200 53776
180.156.237.57 - - [21/Jan/2021:10:01:13 +0800] "GET /xingrg/all/function/internal_message.html?_=1611194453084&CODE_STATE=getMsg HTTP/1.1" 200 27
117.184.7.26 - - [21/Jan/2021:10:01:13 +0800] "GET /xingrg/dwr/interface/AjaxReportQueryService.js HTTP/1.1" 200 13203
117.184.7.30 - - [21/Jan/2021:10:01:13 +0800] "GET /xingrg/dwr/engine.js HTTP/1.1" 200 43631
117.184.7.30 - - [21/Jan/2021:10:01:14 +0800] "POST /xingrg/all/report/load_report_page.html HTTP/1.1" 200 18227
117.184.7.30 - - [21/Jan/2021:10:01:14 +0800] "GET /xingrg/servlets/image?cache=0.315775254216077&image=px HTTP/1.1" 200 807
120.253.135.82 - - [21/Jan/2021:10:01:15 +0800] "GET /xingrg/css/images/panel_loading.gif HTTP/1.1" 304 -
120.253.135.82 - - [21/Jan/2021:10:01:15 +0800] "POST /xingrg/all/common/load_combo.html?type=employee HTTP/1.1" 200 2101
117.184.7.30 - - [21/Jan/2021:10:01:16 +0800] "POST /xingrg/all/report/load_report_page.html HTTP/1.1" 200 85343
117.184.7.30 - - [21/Jan/2021:10:01:16 +0800] "GET /xingrg/servlets/image?cache=0.8669326136697487&image=px HTTP/1.1" 200 807
218.81.223.240 - - [21/Jan/2021:10:01:17 +0800] "GET /xingrg/kc/buy/cgsh_order_add.html HTTP/1.1" 200 61961
218.81.223.240 - - [21/Jan/2021:10:01:18 +0800] "POST /xingrg/kc/buy/cgsh_order_operate.html HTTP/1.1" 200 8245
218.81.223.240 - - [21/Jan/2021:10:01:18 +0800] "GET /xingrg/javascript/easyui/themes/default/validatebox.css HTTP/1.1" 404 1104
114.88.166.193 - - [21/Jan/2021:10:01:18 +0800] "GET /xingrg/all/function/internal_message.html?_=1611194473475&CODE_STATE=getMsg HTTP/1.1" 200 27
114.88.166.193 - - [21/Jan/2021:10:01:22 +0800] "GET /xingrg/kc/buy/cgsh_order_operate.html?command=get_materiel&rest_code=00111&code=00101001044&supplier_code=00100199&order_time=2021-01-21 HTTP/1.1" 200 411
117.184.7.30 - - [21/Jan/2021:10:01:24 +0800] "POST /xingrg/all/report/report_print.html HTTP/1.1" 200 8724
120.253.135.82 - - [21/Jan/2021:10:01:25 +0800] "GET /xingrg/kc/buy/cgsh_order_operate.html?command=get_materiel&rest_code=00101&code=00101034100&supplier_code=00100370&order_time=2021-01-21 HTTP/1.1" 200 408
116.228.172.94 - - [21/Jan/2021:10:01:29 +0800] "GET /xingrg/all/function/internal_message.html?_=1611194482622&CODE_STATE=getMsg HTTP/1.1" 200 27
180.156.237.57 - - [21/Jan/2021:10:01:30 +0800] "GET /xingrg/all/function/internal_message.html?_=1611194488806&CODE_STATE=getMsg HTTP/1.1" 200 27
222.69.133.109 - - [21/Jan/2021:10:01:31 +0800] "GET /xingrg/all/function/internal_message.html?_=1611194491850&CODE_STATE=getMsg HTTP/1.1" 200 27
218.81.223.240 - - [21/Jan/2021:10:01:33 +0800] "GET /xingrg/kc/buy/cgsh_order_operate.html?command=get_materiel&rest_code=00146&code=00101012026&supplier_code=00100033&order_time=2021-01-21 HTTP/1.1" 200 408
114.88.166.193 - - [21/Jan/2021:10:01:33 +0800] "GET /xingrg/kc/buy/cgsh_order_operate.html?command=get_materiel&rest_code=00111&code=00101002027&supplier_code=00100199&order_time=2021-01-21 HTTP/1.1" 200 434
120.253.135.82 - - [21/Jan/2021:10:01:38 +0800] "POST /xingrg/kc/buy/cgsh_order_operate.html HTTP/1.1" 200 37
180.175.150.119 - - [21/Jan/2021:10:01:39 +0800] "GET /xingrg/all/function/internal_message.html?_=1611194740935&CODE_STATE=getMsg HTTP/1.1" 200 27
120.253.135.82 - - [21/Jan/2021:10:01:40 +0800] "POST /xingrg/kc/buy/cgsh_order_operate.html HTTP/1.1" 200 2674
117.184.7.30 - - [21/Jan/2021:10:01:40 +0800] "GET /xingrg/all/function/internal_message.html?_=1611194476092&CODE_STATE=getMsg HTTP/1.1" 200 27
120.253.135.82 - - [21/Jan/2021:10:01:43 +0800] "GET /xingrg/kc/print/load_config.html?kc_code=cgsh HTTP/1.1" 200 1845
120.253.135.82 - - [21/Jan/2021:10:01:44 +0800] "GET /xingrg/kc/print/load_data.html?order_code=212021012109546&kc_code=cgsh&condition= HTTP/1.1" 200 691
101.91.60.11 - - [21/Jan/2021:10:01:47 +0800] "GET /xingrg/all/function/internal_message.html?_=1611193851274&CODE_STATE=getMsg HTTP/1.1" 302 -
218.81.223.240 - - [21/Jan/2021:10:01:47 +0800] "GET /xingrg/kc/buy/cgsh_order_operate.html?command=get_materiel&rest_code=00146&code=00101016080&supplier_code=00100033&order_time=2021-01-21 HTTP/1.1" 200 408
180.169.147.146 - - [21/Jan/2021:10:01:49 +0800] "GET /xingrg/all/function/internal_message.html?_=1611194508978&CODE_STATE=getMsg HTTP/1.1" 200 27
114.88.166.193 - - [21/Jan/2021:10:01:49 +0800] "GET /xingrg/kc/buy/cgsh_order_operate.html?command=get_materiel&rest_code=00111&code=00101002006&supplier_code=00100199&order_time=2021-01-21 HTTP/1.1" 200 414
120.253.135.82 - - [21/Jan/2021:10:01:51 +0800] "GET /xingrg/all/function/internal_message.html?_=1611194269846&CODE_STATE=getMsg HTTP/1.1" 200 27
101.91.60.11 - - [21/Jan/2021:10:01:53 +0800] "GET /xingrg/login.html HTTP/1.1" 200 7641
58.37.230.33 - - [21/Jan/2021:10:01:54 +0800] "GET /xingrg/all/function/internal_message.html?_=1611194511300&CODE_STATE=getMsg HTTP/1.1" 200 27
222.69.133.109 - - [21/Jan/2021:10:01:55 +0800] "GET /xingrg/kc/buy/cgsh_order_list.html HTTP/1.1" 200 46223
222.69.136.55 - - [21/Jan/2021:10:01:56 +0800] "GET /xingrg/all/function/internal_message.html?_=1611194511891&CODE_STATE=getMsg HTTP/1.1" 200 27
222.69.136.55 - - [21/Jan/2021:10:01:56 +0800] "GET /xingrg/check_reg.html?_=1611194511898 HTTP/1.1" 200 22
222.69.133.109 - - [21/Jan/2021:10:01:56 +0800] "POST /xingrg/kc/buy/cgsh_list_operate.html HTTP/1.1" 200 1691
222.69.133.109 - - [21/Jan/2021:10:02:01 +0800] "GET /xingrg/kc/buy/cgsh_order_add.html HTTP/1.1" 200 61035
222.69.133.109 - - [21/Jan/2021:10:02:01 +0800] "GET /xingrg/words/20210120105349_words.js HTTP/1.1" 304 -
120.253.135.82 - - [21/Jan/2021:10:02:01 +0800] "POST /xingrg/kc/buy/cgsh_order_operate.html HTTP/1.1" 200 37
222.69.133.109 - - [21/Jan/2021:10:02:01 +0800] "POST /xingrg/kc/buy/cgsh_order_operate.html HTTP/1.1" 200 8245
222.69.133.109 - - [21/Jan/2021:10:02:01 +0800] "GET /xingrg/all/common/auto_word.html?type=employee&rest_code=00154 HTTP/1.1" 200 101
222.69.133.109 - - [21/Jan/2021:10:02:01 +0800] "GET /xingrg/javascript/easyui/themes/default/validatebox.css HTTP/1.1" 404 1104
222.69.133.109 - - [21/Jan/2021:10:02:01 +0800] "GET /xingrg/all/common/auto_word.html?type=employee&rest_code=00154 HTTP/1.1" 200 101
218.81.223.240 - - [21/Jan/2021:10:02:03 +0800] "GET /xingrg/all/function/internal_message.html?_=1611194519843&CODE_STATE=getMsg HTTP/1.1" 200 27
218.81.223.240 - - [21/Jan/2021:10:02:03 +0800] "GET /xingrg/kc/buy/cgsh_order_operate.html?command=get_materiel&rest_code=00146&code=00101007109&supplier_code=00100033&order_time=2021-01-21 HTTP/1.1" 200 408
222.69.133.109 - - [21/Jan/2021:10:02:04 +0800] "GET /xingrg/javascript/auto/indicator.gif HTTP/1.1" 404 1066
114.88.166.193 - - [21/Jan/2021:10:02:06 +0800] "POST /xingrg/kc/buy/cgsh_order_operate.html HTTP/1.1" 200 37
120.253.135.82 - - [21/Jan/2021:10:02:06 +0800] "POST /xingrg/kc/buy/cgsh_order_operate.html HTTP/1.1" 200 12
114.88.166.193 - - [21/Jan/2021:10:02:07 +0800] "POST /xingrg/kc/buy/cgsh_order_operate.html HTTP/1.1" 200 3853
120.253.135.82 - - [21/Jan/2021:10:02:07 +0800] "GET /xingrg/kc/buy/cgsh_order_info.html?code=212021012109546 HTTP/1.1" 200 55878
61.165.42.208 - - [21/Jan/2021:10:02:07 +0800] "GET /xingrg/all/function/internal_message.html?_=1611194528961&CODE_STATE=getMsg HTTP/1.1" 200 27
120.253.135.82 - - [21/Jan/2021:10:02:08 +0800] "GET /xingrg/javascript/easyui/themes/default/validatebox.css HTTP/1.1" 404 1104
120.253.135.82 - - [21/Jan/2021:10:02:08 +0800] "POST /xingrg/kc/buy/cgsh_order_operate.html HTTP/1.1" 200 624
61.165.42.208 - - [21/Jan/2021:10:02:09 +0800] "GET /xingrg/check_reg.html?_=1611194530067 HTTP/1.1" 200 22
114.88.166.193 - - [21/Jan/2021:10:02:09 +0800] "GET /xingrg/kc/print/load_data.html?order_code=212021012109547&kc_code=cgsh&condition= HTTP/1.1" 200 1134
180.156.237.57 - - [21/Jan/2021:10:02:13 +0800] "GET /xingrg/all/function/internal_message.html?_=1611194513117&CODE_STATE=getMsg HTTP/1.1" 200 27
114.88.166.193 - - [21/Jan/2021:10:02:18 +0800] "GET /xingrg/all/function/internal_message.html?_=1611194533488&CODE_STATE=getMsg HTTP/1.1" 200 27
222.69.133.109 - - [21/Jan/2021:10:02:27 +0800] "GET /xingrg/javascript/easyui/themes/default/tree.css HTTP/1.1" 404 1090
222.69.133.109 - - [21/Jan/2021:10:02:27 +0800] "POST /xingrg/all/common/load_tree.html?tree=supplier_tree_json&isDelete=1 HTTP/1.1" 200 54555
116.228.172.94 - - [21/Jan/2021:10:02:29 +0800] "GET /xingrg/all/function/internal_message.html?_=1611194542607&CODE_STATE=getMsg HTTP/1.1" 200 27
180.156.237.57 - - [21/Jan/2021:10:02:30 +0800] "GET /xingrg/all/function/internal_message.html?_=1611194548810&CODE_STATE=getMsg HTTP/1.1" 200 27
222.69.133.109 - - [21/Jan/2021:10:02:31 +0800] "GET /xingrg/all/function/internal_message.html?_=1611194551867&CODE_STATE=getMsg HTTP/1.1" 200 27
180.175.150.119 - - [21/Jan/2021:10:02:32 +0800] "GET /xingrg/check_reg.html?_=1611194793288 HTTP/1.1" 200 22
218.81.223.240 - - [21/Jan/2021:10:02:34 +0800] "GET /xingrg/kc/buy/cgsh_order_operate.html?command=get_materiel&rest_code=00146&code=00101016105&supplier_code=00100033&order_time=2021-01-21 HTTP/1.1" 200 409
180.175.150.119 - - [21/Jan/2021:10:02:39 +0800] "GET /xingrg/all/function/internal_message.html?_=1611194800944&CODE_STATE=getMsg HTTP/1.1" 200 27
117.184.7.30 - - [21/Jan/2021:10:02:40 +0800] "GET /xingrg/all/function/internal_message.html?_=1611194536093&CODE_STATE=getMsg HTTP/1.1" 200 27
101.89.29.78 - - [21/Jan/2021:10:02:42 +0800] "GET /xingrg/all/function/internal_message.html?_=1611193911272&CODE_STATE=getMsg HTTP/1.1" 302 -
180.156.237.57 - - [21/Jan/2021:10:02:43 +0800] "GET /xingrg/kc/mdqp/qqps_order_list.html HTTP/1.1" 200 9222
180.156.237.57 - - [21/Jan/2021:10:02:43 +0800] "GET /xingrg/css/blue.css HTTP/1.1" 304 -
180.156.237.57 - - [21/Jan/2021:10:02:43 +0800] "GET /xingrg/javascript/myfunction.js HTTP/1.1" 304 -
180.156.237.57 - - [21/Jan/2021:10:02:43 +0800] "GET /xingrg/dwr/util.js HTTP/1.1" 304 -
180.156.237.57 - - [21/Jan/2021:10:02:43 +0800] "GET /xingrg/javascript/Calendar.js HTTP/1.1" 304 -
180.156.237.57 - - [21/Jan/2021:10:02:43 +0800] "GET /xingrg/javascript/ToolTips.js HTTP/1.1" 304 -
180.156.237.57 - - [21/Jan/2021:10:02:43 +0800] "GET /xingrg/dwr/interface/AjaxReportQueryService.js HTTP/1.1" 200 13203
180.156.237.57 - - [21/Jan/2021:10:02:43 +0800] "GET /xingrg/dwr/interface/AjaxQqpsService.js HTTP/1.1" 200 16326
180.156.237.57 - - [21/Jan/2021:10:02:43 +0800] "GET /xingrg/dwr/engine.js HTTP/1.1" 200 43631
180.156.237.57 - - [21/Jan/2021:10:02:46 +0800] "GET /xingrg/kc/mdqp/qqps_order_add.html HTTP/1.1" 200 28002
180.156.237.57 - - [21/Jan/2021:10:02:46 +0800] "GET /xingrg/javascript/tools/jquery.qtip-1.0.0-rc3.min.js HTTP/1.1" 304 -
180.156.237.57 - - [21/Jan/2021:10:02:46 +0800] "GET /xingrg/javascript/AjaxInfoList.js HTTP/1.1" 304 -
180.156.237.57 - - [21/Jan/2021:10:02:46 +0800] "GET /xingrg/javascript/Grid.js HTTP/1.1" 304 -
180.156.237.57 - - [21/Jan/2021:10:02:46 +0800] "GET /xingrg/dwr/interface/AjaxComOrderService.js HTTP/1.1" 200 18264
180.156.237.57 - - [21/Jan/2021:10:02:46 +0800] "GET /xingrg/dwr/interface/AjaxQqpsService.js HTTP/1.1" 200 16326
180.156.237.57 - - [21/Jan/2021:10:02:46 +0800] "GET /xingrg/dwr/engine.js HTTP/1.1" 200 43631
101.89.29.78 - - [21/Jan/2021:10:02:46 +0800] "GET /xingrg/login.html HTTP/1.1" 200 7641
180.175.150.119 - - [21/Jan/2021:10:02:47 +0800] "POST /xingrg/services/DataTransmitService HTTP/1.1" 200 524
180.175.150.119 - - [21/Jan/2021:10:02:47 +0800] "POST /xingrg/services/DataTransmitService HTTP/1.1" 200 412
180.169.147.146 - - [21/Jan/2021:10:02:49 +0800] "GET /xingrg/all/function/internal_message.html?_=1611194568979&CODE_STATE=getMsg HTTP/1.1" 200 27
120.253.135.82 - - [21/Jan/2021:10:02:51 +0800] "GET /xingrg/all/function/internal_message.html?_=1611194329860&CODE_STATE=getMsg HTTP/1.1" 200 27
120.253.135.82 - - [21/Jan/2021:10:02:51 +0800] "GET /xingrg/check_reg.html?_=1611194134557 HTTP/1.1" 302 -
58.37.230.33 - - [21/Jan/2021:10:02:54 +0800] "GET /xingrg/all/function/internal_message.html?_=1611194571298&CODE_STATE=getMsg HTTP/1.1" 200 27
180.156.237.57 - - [21/Jan/2021:10:02:55 +0800] "POST /xingrg/dwr/call/plaincall/AjaxQqpsService.saveOrder.dwr HTTP/1.1" 200 78
222.69.136.55 - - [21/Jan/2021:10:02:56 +0800] "GET /xingrg/all/function/internal_message.html?_=1611194571898&CODE_STATE=getMsg HTTP/1.1" 200 27
180.156.237.57 - - [21/Jan/2021:10:02:59 +0800] "POST /xingrg/dwr/call/plaincall/AjaxQqpsService.getMaterielByCode.dwr HTTP/1.1" 200 3662
114.88.166.193 - - [21/Jan/2021:10:03:00 +0800] "GET /xingrg/kc/buy/cgsh_order_add.html HTTP/1.1" 200 61955
114.88.166.193 - - [21/Jan/2021:10:03:02 +0800] "POST /xingrg/kc/buy/cgsh_order_operate.html HTTP/1.1" 200 8245
114.88.166.193 - - [21/Jan/2021:10:03:02 +0800] "GET /xingrg/javascript/easyui/themes/default/validatebox.css HTTP/1.1" 404 1104
218.81.223.240 - - [21/Jan/2021:10:03:02 +0800] "GET /xingrg/kc/buy/cgsh_order_operate.html?command=get_materiel&rest_code=00146&code=00101012025&supplier_code=00100033&order_time=2021-01-21 HTTP/1.1" 200 412
218.81.223.240 - - [21/Jan/2021:10:03:03 +0800] "GET /xingrg/all/function/internal_message.html?_=1611194579853&CODE_STATE=getMsg HTTP/1.1" 200 27
180.156.237.57 - - [21/Jan/2021:10:03:05 +0800] "POST /xingrg/dwr/call/plaincall/AjaxQqpsService.saveMaterielItem.dwr HTTP/1.1" 200 78
180.156.237.57 - - [21/Jan/2021:10:03:07 +0800] "POST /xingrg/dwr/call/plaincall/AjaxQqpsService.checkOrder.dwr HTTP/1.1" 200 78
61.165.42.208 - - [21/Jan/2021:10:03:07 +0800] "GET /xingrg/all/function/internal_message.html?_=1611194588929&CODE_STATE=getMsg HTTP/1.1" 200 27
180.156.237.57 - - [21/Jan/2021:10:03:08 +0800] "GET /xingrg/kc/mdqp/qqps_order_info.html?code=302021012100536 HTTP/1.1" 200 26409
180.156.237.57 - - [21/Jan/2021:10:03:08 +0800] "GET /xingrg/dwr/interface/AjaxComOrderService.js HTTP/1.1" 200 18264
180.156.237.57 - - [21/Jan/2021:10:03:08 +0800] "GET /xingrg/dwr/interface/AjaxQqpsService.js HTTP/1.1" 200 16326
180.156.237.57 - - [21/Jan/2021:10:03:08 +0800] "GET /xingrg/dwr/engine.js HTTP/1.1" 200 43631
180.156.237.57 - - [21/Jan/2021:10:03:09 +0800] "POST /xingrg/dwr/call/plaincall/AjaxQqpsService.loadMaterielItems.dwr HTTP/1.1" 200 394
120.253.135.82 - - [21/Jan/2021:10:03:10 +0800] "GET /xingrg/kc/pszx/mdqp_order_list.html?state=10 HTTP/1.1" 200 10615
120.253.135.82 - - [21/Jan/2021:10:03:10 +0800] "GET /xingrg/dwr/interface/AjaxReportQueryService.js HTTP/1.1" 200 13203
120.253.135.82 - - [21/Jan/2021:10:03:10 +0800] "GET /xingrg/dwr/interface/AjaxQqpsService.js HTTP/1.1" 200 16326
120.253.135.82 - - [21/Jan/2021:10:03:10 +0800] "GET /xingrg/dwr/engine.js HTTP/1.1" 200 43631
120.253.135.82 - - [21/Jan/2021:10:03:12 +0800] "GET /xingrg/kc/pszx/mdqp_order_info.html?code=302021012100536 HTTP/1.1" 200 13350
120.253.135.82 - - [21/Jan/2021:10:03:12 +0800] "GET /xingrg/javascript/tools/jquery.qtip-1.0.0-rc3.min.js HTTP/1.1" 304 -
120.253.135.82 - - [21/Jan/2021:10:03:12 +0800] "GET /xingrg/javascript/ToolTips.js HTTP/1.1" 304 -
120.253.135.82 - - [21/Jan/2021:10:03:12 +0800] "GET /xingrg/dwr/interface/AjaxComOrderService.js HTTP/1.1" 200 18264
120.253.135.82 - - [21/Jan/2021:10:03:12 +0800] "GET /xingrg/javascript/AjaxInfoList.js HTTP/1.1" 304 -
120.253.135.82 - - [21/Jan/2021:10:03:12 +0800] "GET /xingrg/javascript/checkform.js HTTP/1.1" 304 -
120.253.135.82 - - [21/Jan/2021:10:03:12 +0800] "GET /xingrg/javascript/Grid.js HTTP/1.1" 304 -
120.253.135.82 - - [21/Jan/2021:10:03:12 +0800] "GET /xingrg/dwr/interface/AjaxQqpsService.js HTTP/1.1" 200 16326
120.253.135.82 - - [21/Jan/2021:10:03:12 +0800] "GET /xingrg/dwr/engine.js HTTP/1.1" 200 43631
120.253.135.82 - - [21/Jan/2021:10:03:13 +0800] "GET /xingrg/javascript/jquery_easy_ui/themes/default/images/menu_downarrow.png HTTP/1.1" 304 -
120.253.135.82 - - [21/Jan/2021:10:03:13 +0800] "GET /xingrg/images/blue/kc_tab2_left.gif HTTP/1.1" 200 625
120.253.135.82 - - [21/Jan/2021:10:03:13 +0800] "GET /xingrg/images/blue/kc_tab2_right.gif HTTP/1.1" 304 -
120.253.135.82 - - [21/Jan/2021:10:03:13 +0800] "GET /xingrg/images/blue/kc_tab_mid.gif HTTP/1.1" 304 -
120.253.135.82 - - [21/Jan/2021:10:03:13 +0800] "GET /xingrg/images/blue/button/kc_tab_edit.gif HTTP/1.1" 304 -
120.253.135.82 - - [21/Jan/2021:10:03:13 +0800] "GET /xingrg/images/blue/button/kc_tab_save.gif HTTP/1.1" 304 -
120.253.135.82 - - [21/Jan/2021:10:03:13 +0800] "GET /xingrg/images/blue/kc_tab_left.gif HTTP/1.1" 304 -
120.253.135.82 - - [21/Jan/2021:10:03:13 +0800] "GET /xingrg/images/blue/kc_tab_right.gif HTTP/1.1" 304 -
120.253.135.82 - - [21/Jan/2021:10:03:13 +0800] "GET /xingrg/javascript/jquery_easy_ui/themes/icons/print.png HTTP/1.1" 304 -
120.253.135.82 - - [21/Jan/2021:10:03:13 +0800] "GET /xingrg/images/blue/wait.gif HTTP/1.1" 304 -
120.253.135.82 - - [21/Jan/2021:10:03:13 +0800] "POST /xingrg/dwr/call/plaincall/AjaxQqpsService.loadMaterielItems.dwr HTTP/1.1" 200 394
180.156.237.57 - - [21/Jan/2021:10:03:13 +0800] "GET /xingrg/all/function/internal_message.html?_=1611194573127&CODE_STATE=getMsg HTTP/1.1" 200 27
120.253.135.82 - - [21/Jan/2021:10:03:14 +0800] "GET /xingrg/javascript/jquery_easy_ui/themes/default/images/button_plain_hover.png HTTP/1.1" 304 -
120.253.135.82 - - [21/Jan/2021:10:03:15 +0800] "GET /xingrg/kc/pszx/mdqp_order_list.html?isBack=1 HTTP/1.1" 302 -
120.253.135.82 - - [21/Jan/2021:10:03:15 +0800] "GET /xingrg/kc/pszx/mdqp_order_list.html?state=10 HTTP/1.1" 200 10615
120.253.135.82 - - [21/Jan/2021:10:03:15 +0800] "GET /xingrg/dwr/interface/AjaxReportQueryService.js HTTP/1.1" 200 13203
120.253.135.82 - - [21/Jan/2021:10:03:15 +0800] "GET /xingrg/dwr/interface/AjaxQqpsService.js HTTP/1.1" 200 16326
120.253.135.82 - - [21/Jan/2021:10:03:15 +0800] "GET /xingrg/dwr/engine.js HTTP/1.1" 200 43631
218.81.223.240 - - [21/Jan/2021:10:03:15 +0800] "GET /xingrg/kc/buy/cgsh_order_operate.html?command=get_materiel&rest_code=00146&code=00101016025&supplier_code=00100033&order_time=2021-01-21 HTTP/1.1" 200 408
114.88.166.193 - - [21/Jan/2021:10:03:16 +0800] "GET /xingrg/kc/buy/cgsh_order_operate.html?command=get_materiel&rest_code=00111&code=00101012022&supplier_code=00100037&order_time=2021-01-21 HTTP/1.1" 200 408
120.253.135.82 - - [21/Jan/2021:10:03:17 +0800] "GET /xingrg/kc/pszx/mdps_order_list.html?orderType=0 HTTP/1.1" 200 21153
120.253.135.82 - - [21/Jan/2021:10:03:17 +0800] "GET /xingrg/javascript/easyui/themes/icons/uncheck_new.png HTTP/1.1" 304 -
120.253.135.82 - - [21/Jan/2021:10:03:17 +0800] "POST /xingrg/kc/pszx/mdps_list_operate.html HTTP/1.1" 200 5412
114.88.166.193 - - [21/Jan/2021:10:03:18 +0800] "GET /xingrg/all/function/internal_message.html?_=1611194593501&CODE_STATE=getMsg HTTP/1.1" 200 27
222.69.133.109 - - [21/Jan/2021:10:03:22 +0800] "GET /xingrg/kc/buy/cgsh_order_operate.html?command=get_materiel&rest_code=00154&code=00102001118&supplier_code=00100073&order_time=2021-01-21 HTTP/1.1" 200 412
117.184.7.30 - - [21/Jan/2021:10:03:26 +0800] "GET /xingrg/all/report/report_query.html?isQuery=1&fileName=kc/base/crk_detail_by_small.xml&rh=99999&queryString=&queryText=%25E3%2580%2590%25E4%25BB%2593%25E5%25BA%2593%25E5%2590%258D%25E7%25A7%25B0%253A%25E5%2590%25A7%25E5%258F%25B0%25E3%2580%2591%25E3%2580%2590%25E4%25B8%259A%25E5%258A%25A1%25E7%25B1%25BB%25E5%259E%258B%25EF%25BC%259A%25E6%2580%25BB%25E9%2583%25A8%25E9%2585%258D%25E9%2580%2581%25E3%2580%2591%2520%253F%253F%253F%253F%253F2021-01-01%253F%253F2021-01-31%2520%253F%253F%253F%253F%253F%253F&tableQueryString=crk_table%2524sp1%2524order_day%2520between%252020210101%2520and%252020210131%2520and%2520(base_code%253D'0010555')%2520and%2520(src_order_type%2520in%2520(31))%2520and%2520(is_rk%2520in%2520(1)) HTTP/1.1" 200 53776
117.184.7.30 - - [21/Jan/2021:10:03:27 +0800] "GET /xingrg/dwr/interface/AjaxReportQueryService.js HTTP/1.1" 200 13203
117.184.7.30 - - [21/Jan/2021:10:03:27 +0800] "GET /xingrg/dwr/engine.js HTTP/1.1" 200 43631
117.184.7.30 - - [21/Jan/2021:10:03:27 +0800] "POST /xingrg/all/report/load_report_page.html HTTP/1.1" 200 13884
117.184.7.30 - - [21/Jan/2021:10:03:27 +0800] "GET /xingrg/servlets/image?cache=0.3950023035697846&image=px HTTP/1.1" 200 807
116.228.172.94 - - [21/Jan/2021:10:03:29 +0800] "GET /xingrg/all/function/internal_message.html?_=1611194602592&CODE_STATE=getMsg HTTP/1.1" 200 27
114.88.166.193 - - [21/Jan/2021:10:03:30 +0800] "GET /xingrg/kc/buy/cgsh_order_operate.html?command=get_materiel&rest_code=00111&code=00101012020&supplier_code=00100037&order_time=2021-01-21 HTTP/1.1" 200 408
180.156.237.57 - - [21/Jan/2021:10:03:30 +0800] "GET /xingrg/all/function/internal_message.html?_=1611194608807&CODE_STATE=getMsg HTTP/1.1" 200 27
117.184.7.30 - - [21/Jan/2021:10:03:30 +0800] "POST /xingrg/all/report/load_report_page.html HTTP/1.1" 200 28926
117.184.7.30 - - [21/Jan/2021:10:03:30 +0800] "GET /xingrg/servlets/image?cache=0.468970623153242&image=px HTTP/1.1" 200 807
222.69.133.109 - - [21/Jan/2021:10:03:31 +0800] "GET /xingrg/all/function/internal_message.html?_=1611194611860&CODE_STATE=getMsg HTTP/1.1" 200 27
120.253.135.82 - - [21/Jan/2021:10:03:32 +0800] "POST /xingrg/kc/pszx/mdps_list_operate.html HTTP/1.1" 200 4592
218.81.223.240 - - [21/Jan/2021:10:03:33 +0800] "GET /xingrg/check_reg.html?_=1611194609823 HTTP/1.1" 200 22
117.184.7.30 - - [21/Jan/2021:10:03:34 +0800] "POST /xingrg/all/report/report_print.html HTTP/1.1" 200 6144
218.81.223.240 - - [21/Jan/2021:10:03:34 +0800] "POST /xingrg/kc/buy/cgsh_order_operate.html HTTP/1.1" 200 37
120.253.135.82 - - [21/Jan/2021:10:03:34 +0800] "POST /xingrg/kc/pszx/mdps_list_operate.html HTTP/1.1" 200 608
120.253.135.82 - - [21/Jan/2021:10:03:35 +0800] "GET /xingrg/kc/pszx/mdps_order_info.html?code=312021012000611 HTTP/1.1" 200 23881
120.253.135.82 - - [21/Jan/2021:10:03:35 +0800] "GET /xingrg/all/common/auto_word.html?type=base&rest_code=00101 HTTP/1.1" 200 559
120.253.135.82 - - [21/Jan/2021:10:03:36 +0800] "GET /xingrg/javascript/easyui/themes/default/validatebox.css HTTP/1.1" 404 1104
120.253.135.82 - - [21/Jan/2021:10:03:36 +0800] "POST /xingrg/kc/pszx/mdps_order_operate.html HTTP/1.1" 200 36765
218.81.223.240 - - [21/Jan/2021:10:03:36 +0800] "POST /xingrg/kc/buy/cgsh_order_operate.html HTTP/1.1" 200 6182
218.81.223.240 - - [21/Jan/2021:10:03:39 +0800] "GET /xingrg/kc/print/load_data.html?order_code=212021012109548&kc_code=cgsh&condition= HTTP/1.1" 200 2047
180.175.150.119 - - [21/Jan/2021:10:03:40 +0800] "GET /xingrg/all/function/internal_message.html?_=1611194861405&CODE_STATE=getMsg HTTP/1.1" 200 27
117.184.7.30 - - [21/Jan/2021:10:03:40 +0800] "GET /xingrg/all/function/internal_message.html?_=1611194596098&CODE_STATE=getMsg HTTP/1.1" 200 27
114.88.166.193 - - [21/Jan/2021:10:03:43 +0800] "GET /xingrg/kc/buy/cgsh_order_operate.html?command=get_materiel&rest_code=00111&code=00101008330&supplier_code=00100037&order_time=2021-01-21 HTTP/1.1" 200 408
180.169.147.146 - - [21/Jan/2021:10:03:49 +0800] "GET /xingrg/check_reg.html?_=1611194628971 HTTP/1.1" 200 22
180.169.147.146 - - [21/Jan/2021:10:03:49 +0800] "GET /xingrg/all/function/internal_message.html?_=1611194628975&CODE_STATE=getMsg HTTP/1.1" 200 27
120.253.135.82 - - [21/Jan/2021:10:03:51 +0800] "GET /xingrg/all/function/internal_message.html?_=1611194389873&CODE_STATE=getMsg HTTP/1.1" 200 27
58.37.230.33 - - [21/Jan/2021:10:03:54 +0800] "GET /xingrg/check_reg.html?_=1611194631296 HTTP/1.1" 200 22
58.37.230.33 - - [21/Jan/2021:10:03:54 +0800] "GET /xingrg/all/function/internal_message.html?_=1611194631298&CODE_STATE=getMsg HTTP/1.1" 200 27
222.69.136.55 - - [21/Jan/2021:10:03:56 +0800] "GET /xingrg/all/function/internal_message.html?_=1611194631895&CODE_STATE=getMsg HTTP/1.1" 200 27
218.81.223.240 - - [21/Jan/2021:10:04:04 +0800] "GET /xingrg/all/function/internal_message.html?_=1611194640262&CODE_STATE=getMsg HTTP/1.1" 200 27
61.165.42.208 - - [21/Jan/2021:10:04:07 +0800] "GET /xingrg/all/function/internal_message.html?_=1611194648898&CODE_STATE=getMsg HTTP/1.1" 200 27
180.156.237.57 - - [21/Jan/2021:10:04:13 +0800] "GET /xingrg/check_reg.html?_=1611194632968 HTTP/1.1" 200 22
180.156.237.57 - - [21/Jan/2021:10:04:13 +0800] "GET /xingrg/all/function/internal_message.html?_=1611194633139&CODE_STATE=getMsg HTTP/1.1" 200 27
114.88.166.193 - - [21/Jan/2021:10:04:18 +0800] "GET /xingrg/all/function/internal_message.html?_=1611194653515&CODE_STATE=getMsg HTTP/1.1" 200 27
117.184.7.30 - - [21/Jan/2021:10:04:18 +0800] "GET /xingrg/all/report/report_query.html?isQuery=1&fileName=kc/base/crk_detail_by_small.xml&rh=99999&queryString=&queryText=%25E3%2580%2590%25E4%25BB%2593%25E5%25BA%2593%25E5%2590%258D%25E7%25A7%25B0%253A%25E5%2590%25A7%25E5%258F%25B0%25E3%2580%2591%25E3%2580%2590%25E4%25B8%259A%25E5%258A%25A1%25E7%25B1%25BB%25E5%259E%258B%25EF%25BC%259A%25E5%2586%2585%25E9%2583%25A8%25E8%25B0%2583%25E5%2585%25A5%25E3%2580%2591%2520%253F%253F%253F%253F%253F2021-01-01%253F%253F2021-01-31%2520%253F%253F%253F%253F%253F%253F&tableQueryString=crk_table%2524sp1%2524order_day%2520between%252020210101%2520and%252020210131%2520and%2520(base_code%253D'0010555')%2520and%2520(src_order_type%2520in%2520(42))%2520and%2520(is_rk%2520in%2520(1)) HTTP/1.1" 200 53776
117.184.7.30 - - [21/Jan/2021:10:04:19 +0800] "GET /xingrg/dwr/interface/AjaxReportQueryService.js HTTP/1.1" 200 13203
117.184.7.30 - - [21/Jan/2021:10:04:19 +0800] "GET /xingrg/dwr/engine.js HTTP/1.1" 200 43631
117.184.7.30 - - [21/Jan/2021:10:04:20 +0800] "POST /xingrg/all/report/load_report_page.html HTTP/1.1" 200 11711
117.184.7.30 - - [21/Jan/2021:10:04:20 +0800] "GET /xingrg/servlets/image?cache=0.8923170173823829&image=px HTTP/1.1" 200 807
117.184.7.30 - - [21/Jan/2021:10:04:21 +0800] "POST /xingrg/all/report/load_report_page.html HTTP/1.1" 200 22119
117.184.7.30 - - [21/Jan/2021:10:04:21 +0800] "GET /xingrg/servlets/image?cache=0.017417079621543485&image=px HTTP/1.1" 200 807
117.184.7.30 - - [21/Jan/2021:10:04:24 +0800] "POST /xingrg/all/report/report_print.html HTTP/1.1" 200 5632
116.228.172.94 - - [21/Jan/2021:10:04:29 +0800] "GET /xingrg/all/function/internal_message.html?_=1611194662577&CODE_STATE=getMsg HTTP/1.1" 200 27
180.156.237.57 - - [21/Jan/2021:10:04:30 +0800] "GET /xingrg/all/function/internal_message.html?_=1611194668819&CODE_STATE=getMsg HTTP/1.1" 200 27
222.69.133.109 - - [21/Jan/2021:10:04:31 +0800] "GET /xingrg/check_reg.html?_=1611194671853 HTTP/1.1" 200 22
222.69.133.109 - - [21/Jan/2021:10:04:31 +0800] "GET /xingrg/all/function/internal_message.html?_=1611194671859&CODE_STATE=getMsg HTTP/1.1" 200 27
114.86.187.76 - - [21/Jan/2021:10:04:32 +0800] "GET /xingrg/login.html HTTP/1.1" 200 7641
114.86.187.76 - - [21/Jan/2021:10:04:33 +0800] "GET /favicon.ico HTTP/1.1" 404 -
101.91.60.11 - - [21/Jan/2021:10:04:33 +0800] "GET /xingrg/all/function/internal_message.html?_=1611194031269&CODE_STATE=getMsg HTTP/1.1" 302 -
114.88.166.193 - - [21/Jan/2021:10:04:34 +0800] "GET /xingrg/kc/buy/cgsh_order_operate.html?command=get_materiel&rest_code=00111&code=00101016059&supplier_code=00100037&order_time=2021-01-21 HTTP/1.1" 200 427
180.175.150.119 - - [21/Jan/2021:10:04:40 +0800] "GET /xingrg/all/function/internal_message.html?_=1611194921408&CODE_STATE=getMsg HTTP/1.1" 200 27
117.184.7.30 - - [21/Jan/2021:10:04:40 +0800] "GET /xingrg/check_reg.html?_=1611194656111 HTTP/1.1" 200 22
117.184.7.30 - - [21/Jan/2021:10:04:40 +0800] "GET /xingrg/all/function/internal_message.html?_=1611194656112&CODE_STATE=getMsg HTTP/1.1" 200 27
101.91.60.11 - - [21/Jan/2021:10:04:43 +0800] "GET /xingrg/login.html HTTP/1.1" 200 7641
222.69.133.109 - - [21/Jan/2021:10:04:45 +0800] "GET /xingrg/kc/buy/cgsh_order_operate.html?command=get_materiel&rest_code=00154&code=00102013022&supplier_code=00100073&order_time=2021-01-21 HTTP/1.1" 200 413
101.91.60.105 - - [21/Jan/2021:10:04:45 +0800] "GET /xingrg/check_reg.html?_=1611194031271 HTTP/1.1" 302 -
114.86.187.76 - - [21/Jan/2021:10:04:46 +0800] "POST /xingrg/login.do HTTP/1.1" 302 -
114.86.187.76 - - [21/Jan/2021:10:04:47 +0800] "GET /xingrg/index.html?sysBaseUrl=http%3A%2F%2F180.169.147.146%3A18081%2Fxingrg%2F&costTime=37×tamp=1611194686979 HTTP/1.1" 200 17179
114.86.187.76 - - [21/Jan/2021:10:04:47 +0800] "GET /favicon.ico HTTP/1.1" 404 -
114.86.187.76 - - [21/Jan/2021:10:04:48 +0800] "POST /xingrg/all/common/load_tree.html?tree=area_rest_tree_json&manage=1 HTTP/1.1" 200 351
114.86.187.76 - - [21/Jan/2021:10:04:48 +0800] "GET /xingrg/all/function/internal_message.html?_=1611194687015&CODE_STATE=count HTTP/1.1" 200 11
114.86.187.76 - - [21/Jan/2021:10:04:48 +0800] "GET /xingrg/check_reg.html?_=1611194687018 HTTP/1.1" 200 22
114.86.187.76 - - [21/Jan/2021:10:04:48 +0800] "POST /xingrg/load_menu.html HTTP/1.1" 200 5138
180.169.147.146 - - [21/Jan/2021:10:04:49 +0800] "GET /xingrg/all/function/internal_message.html?_=1611194688978&CODE_STATE=getMsg HTTP/1.1" 200 27
120.253.135.82 - - [21/Jan/2021:10:04:51 +0800] "GET /xingrg/all/function/internal_message.html?_=1611194449887&CODE_STATE=getMsg HTTP/1.1" 200 27
114.86.187.76 - - [21/Jan/2021:10:04:51 +0800] "GET /xingrg/kc/buy/cgsh_order_list.html HTTP/1.1" 200 46223
58.37.230.33 - - [21/Jan/2021:10:04:54 +0800] "GET /xingrg/all/function/internal_message.html?_=1611194691297&CODE_STATE=getMsg HTTP/1.1" 200 27
114.86.187.76 - - [21/Jan/2021:10:04:54 +0800] "POST /xingrg/kc/buy/cgsh_list_operate.html HTTP/1.1" 200 876
101.91.60.105 - - [21/Jan/2021:10:04:55 +0800] "GET /xingrg/login.html HTTP/1.1" 200 7641
222.69.136.55 - - [21/Jan/2021:10:04:56 +0800] "GET /xingrg/all/function/internal_message.html?_=1611194691895&CODE_STATE=getMsg HTTP/1.1" 200 27
114.88.166.193 - - [21/Jan/2021:10:05:01 +0800] "GET /xingrg/kc/buy/cgsh_order_operate.html?command=get_materiel&rest_code=00111&code=00101016090&supplier_code=00100037&order_time=2021-01-21 HTTP/1.1" 200 408
218.81.223.240 - - [21/Jan/2021:10:05:04 +0800] "GET /xingrg/all/function/internal_message.html?_=1611194700272&CODE_STATE=getMsg HTTP/1.1" 200 27
114.86.187.76 - - [21/Jan/2021:10:05:06 +0800] "GET /xingrg/kc/base/wldb_order_list.html HTTP/1.1" 200 19345
114.86.187.76 - - [21/Jan/2021:10:05:07 +0800] "POST /xingrg/kc/base/wldb_list_operate.html HTTP/1.1" 200 928
61.165.42.208 - - [21/Jan/2021:10:05:07 +0800] "GET /xingrg/all/function/internal_message.html?_=1611194708877&CODE_STATE=getMsg HTTP/1.1" 200 27
114.86.187.76 - - [21/Jan/2021:10:05:09 +0800] "GET /xingrg/kc/mdqp/pssh_order_list.html HTTP/1.1" 200 17927
114.86.187.76 - - [21/Jan/2021:10:05:09 +0800] "POST /xingrg/kc/mdqp/pssh_list_operate.html HTTP/1.1" 200 5473
114.86.187.76 - - [21/Jan/2021:10:05:11 +0800] "POST /xingrg/kc/mdqp/pssh_list_operate.html HTTP/1.1" 200 804
114.86.187.76 - - [21/Jan/2021:10:05:13 +0800] "GET /xingrg/kc/mdqp/pssh_order_info.html?code=312021012000641 HTTP/1.1" 200 17272
114.86.187.76 - - [21/Jan/2021:10:05:13 +0800] "GET /xingrg/javascript/jquery_tools/jquery-1.4.2.min.js HTTP/1.1" 404 1094
114.86.187.76 - - [21/Jan/2021:10:05:13 +0800] "GET /xingrg/words/20210120105349_words.js HTTP/1.1" 304 -
180.156.237.57 - - [21/Jan/2021:10:05:13 +0800] "GET /xingrg/all/function/internal_message.html?_=1611194693153&CODE_STATE=getMsg HTTP/1.1" 200 27
114.86.187.76 - - [21/Jan/2021:10:05:14 +0800] "POST /xingrg/kc/mdqp/pssh_order_operate.html HTTP/1.1" 200 7822
114.86.187.76 - - [21/Jan/2021:10:05:14 +0800] "GET /xingrg/all/common/auto_word.html?type=base&rest_code=00148&rest_code=00148 HTTP/1.1" 200 1753
114.86.187.76 - - [21/Jan/2021:10:05:14 +0800] "GET /xingrg/all/common/auto_word.html?type=employee&rest_code=00148 HTTP/1.1" 200 197
114.86.187.76 - - [21/Jan/2021:10:05:14 +0800] "GET /xingrg/javascript/easyui/themes/default/validatebox.css HTTP/1.1" 404 1104
114.88.166.193 - - [21/Jan/2021:10:05:17 +0800] "GET /xingrg/kc/buy/cgsh_order_operate.html?command=get_materiel&rest_code=00111&code=00101020144&supplier_code=00100037&order_time=2021-01-21 HTTP/1.1" 200 447
114.88.166.193 - - [21/Jan/2021:10:05:17 +0800] "GET /xingrg/check_reg.html?_=1611194712955 HTTP/1.1" 200 22
114.88.166.193 - - [21/Jan/2021:10:05:18 +0800] "GET /xingrg/all/function/internal_message.html?_=1611194713529&CODE_STATE=getMsg HTTP/1.1" 200 27
116.228.172.94 - - [21/Jan/2021:10:05:29 +0800] "GET /xingrg/all/function/internal_message.html?_=1611194722555&CODE_STATE=getMsg HTTP/1.1" 200 27
116.228.172.94 - - [21/Jan/2021:10:05:29 +0800] "GET /xingrg/check_reg.html?_=1611194723106 HTTP/1.1" 200 22
180.156.237.57 - - [21/Jan/2021:10:05:30 +0800] "GET /xingrg/check_reg.html?_=1611194728819 HTTP/1.1" 200 22
180.156.237.57 - - [21/Jan/2021:10:05:30 +0800] "GET /xingrg/all/function/internal_message.html?_=1611194728823&CODE_STATE=getMsg HTTP/1.1" 200 27
222.69.133.109 - - [21/Jan/2021:10:05:31 +0800] "GET /xingrg/all/function/internal_message.html?_=1611194731860&CODE_STATE=getMsg HTTP/1.1" 200 27
61.129.7.235 - - [21/Jan/2021:10:05:39 +0800] "GET /xingrg/all/function/internal_message.html?_=1611194091269&CODE_STATE=getMsg HTTP/1.1" 302 -
58.37.230.33 - - [21/Jan/2021:10:05:39 +0800] "GET /xingrg/check_reg.html?_=1611194752507 HTTP/1.1" 302 -
58.37.230.33 - - [21/Jan/2021:10:05:39 +0800] "GET /xingrg/login.html HTTP/1.1" 200 7641
117.184.7.30 - - [21/Jan/2021:10:05:40 +0800] "GET /xingrg/all/function/internal_message.html?_=1611194716092&CODE_STATE=getMsg HTTP/1.1" 200 27
180.175.150.119 - - [21/Jan/2021:10:05:40 +0800] "GET /xingrg/all/function/internal_message.html?_=1611194981770&CODE_STATE=getMsg HTTP/1.1" 200 27
114.88.166.193 - - [21/Jan/2021:10:05:41 +0800] "GET /xingrg/kc/buy/cgsh_order_operate.html?command=get_materiel&rest_code=00111&code=00101013014&supplier_code=00100037&order_time=2021-01-21 HTTP/1.1" 200 432
61.129.7.235 - - [21/Jan/2021:10:05:43 +0800] "GET /xingrg/login.html HTTP/1.1" 200 7641
114.86.187.76 - - [21/Jan/2021:10:05:43 +0800] "GET /xingrg/kc/base/wldb_order_list.html HTTP/1.1" 200 19345
114.86.187.76 - - [21/Jan/2021:10:05:44 +0800] "POST /xingrg/kc/base/wldb_list_operate.html HTTP/1.1" 200 928
114.86.187.76 - - [21/Jan/2021:10:05:46 +0800] "GET /xingrg/kc/report/report_main.html HTTP/1.1" 200 7345
114.86.187.76 - - [21/Jan/2021:10:05:48 +0800] "GET /xingrg/all/function/internal_message.html?_=1611194747021&CODE_STATE=getMsg HTTP/1.1" 200 27
180.169.147.146 - - [21/Jan/2021:10:05:49 +0800] "GET /xingrg/all/function/internal_message.html?_=1611194748978&CODE_STATE=getMsg HTTP/1.1" 200 27
114.86.187.76 - - [21/Jan/2021:10:05:49 +0800] "GET /xingrg/all/report/report_query.html?fileName=kc/buy/gys_amount.xml&rh=99999 HTTP/1.1" 200 52006
114.86.187.76 - - [21/Jan/2021:10:05:49 +0800] "GET /xingrg/dwr/interface/AjaxReportQueryService.js HTTP/1.1" 200 13203
114.86.187.76 - - [21/Jan/2021:10:05:49 +0800] "GET /xingrg/dwr/util.js HTTP/1.1" 304 -
114.86.187.76 - - [21/Jan/2021:10:05:49 +0800] "GET /xingrg/dwr/engine.js HTTP/1.1" 200 43631
114.86.187.76 - - [21/Jan/2021:10:05:50 +0800] "POST /xingrg/dwr/call/plaincall/AjaxReportQueryService.getFixDate.dwr HTTP/1.1" 200 111
114.86.187.76 - - [21/Jan/2021:10:05:50 +0800] "POST /xingrg/all/common/load_tree.html?tree=supplier_tree_json&manage=1 HTTP/1.1" 200 55287
114.86.187.76 - - [21/Jan/2021:10:05:50 +0800] "POST /xingrg/all/common/load_tree.html?tree=materiel_sort_tree_json HTTP/1.1" 200 8666
120.253.135.82 - - [21/Jan/2021:10:05:51 +0800] "GET /xingrg/check_reg.html?_=1611194509861 HTTP/1.1" 200 22
120.253.135.82 - - [21/Jan/2021:10:05:51 +0800] "GET /xingrg/all/function/internal_message.html?_=1611194509901&CODE_STATE=getMsg HTTP/1.1" 200 27
114.88.166.193 - - [21/Jan/2021:10:05:51 +0800] "GET /xingrg/kc/buy/cgsh_order_operate.html?command=get_materiel&rest_code=00111&code=00101020096&supplier_code=00100037&order_time=2021-01-21 HTTP/1.1" 200 413
114.86.187.76 - - [21/Jan/2021:10:05:53 +0800] "POST /xingrg/dwr/call/plaincall/AjaxReportQueryService.getInitString.dwr HTTP/1.1" 200 975
58.37.230.33 - - [21/Jan/2021:10:05:54 +0800] "GET /xingrg/all/function/internal_message.html?_=1611194751296&CODE_STATE=getMsg HTTP/1.1" 200 27
222.69.136.55 - - [21/Jan/2021:10:05:56 +0800] "GET /xingrg/all/function/internal_message.html?_=1611194751901&CODE_STATE=getMsg HTTP/1.1" 200 27
114.86.187.76 - - [21/Jan/2021:10:06:03 +0800] "POST /xingrg/dwr/call/plaincall/AjaxReportQueryService.refreshCache.dwr HTTP/1.1" 200 78
218.81.223.240 - - [21/Jan/2021:10:06:04 +0800] "GET /xingrg/all/function/internal_message.html?_=1611194760742&CODE_STATE=getMsg HTTP/1.1" 200 27
180.169.147.146 - - [21/Jan/2021:10:06:04 +0800] "GET /xingrg/login.html HTTP/1.1" 200 7641
180.169.147.146 - - [21/Jan/2021:10:06:05 +0800] "GET /favicon.ico HTTP/1.1" 404 -
114.86.187.76 - - [21/Jan/2021:10:06:05 +0800] "POST /xingrg/all/report/load_report_page.html HTTP/1.1" 200 135459
114.86.187.76 - - [21/Jan/2021:10:06:05 +0800] "GET /xingrg/servlets/image?cache=0.336271364480754&image=px HTTP/1.1" 200 807
61.165.42.208 - - [21/Jan/2021:10:06:07 +0800] "GET /xingrg/all/function/internal_message.html?_=1611194768855&CODE_STATE=getMsg HTTP/1.1" 200 27
114.86.187.76 - - [21/Jan/2021:10:06:11 +0800] "GET /xingrg/all/report/report_query.html?isQuery=1&fileName=kc/buy/wlcg_cate_hz.xml&queryString=(CONVERT(char(10)%252Ca.order_time%252C%2520120)%253E%253D'2021-01-11')%2520and%2520(CONVERT(char(10)%252Ca.order_time%252C%2520120)%253C%253D'2021-01-20')%2520and%2520(a.number%253E0%2520and%2520a.supplier_code%253D'00100404')&queryText=%25E3%2580%2590%25E9%2587%2587%25E8%25B4%25AD%25E6%2597%25A5%25E6%259C%259F%253A2021-01-11%2520%25E8%2587%25B3%25202021-01-20%25E3%2580%2591%2520%25E5%25B9%25B6%25E4%25B8%2594%2520%25E3%2580%2590%25E4%25BE%259B%25E5%25BA%2594%25E5%2595%2586%253D%25E4%25B8%258A%25E6%25B5%25B7%25E7%25AB%25AF%25E6%2587%25BF%25E8%25B4%25B8%25E6%2598%2593%25E6%259C%2589%25E9%2599%2590%25E5%2585%25AC%25E5%258F%25B8%25E3%2580%2591 HTTP/1.1" 200 54386
114.86.187.76 - - [21/Jan/2021:10:06:11 +0800] "GET /xingrg/dwr/interface/AjaxReportQueryService.js HTTP/1.1" 200 13203
114.86.187.76 - - [21/Jan/2021:10:06:11 +0800] "GET /xingrg/dwr/engine.js HTTP/1.1" 200 43631
114.88.166.193 - - [21/Jan/2021:10:06:12 +0800] "GET /xingrg/kc/buy/cgsh_order_operate.html?command=get_materiel&rest_code=00111&code=00101019542&supplier_code=00100037&order_time=2021-01-21 HTTP/1.1" 200 445
180.169.147.146 - - [21/Jan/2021:10:06:13 +0800] "POST /xingrg/login.do HTTP/1.1" 302 -
180.169.147.146 - - [21/Jan/2021:10:06:13 +0800] "GET /xingrg/index.html?sysBaseUrl=http%3A%2F%2F180.169.147.146%3A18081%2Fxingrg%2F&costTime=38×tamp=1611194773524 HTTP/1.1" 200 17179
180.156.237.57 - - [21/Jan/2021:10:06:13 +0800] "GET /xingrg/all/function/internal_message.html?_=1611194753168&CODE_STATE=getMsg HTTP/1.1" 200 27
180.169.147.146 - - [21/Jan/2021:10:06:13 +0800] "POST /xingrg/all/common/load_tree.html?tree=area_rest_tree_json&manage=1 HTTP/1.1" 200 351
180.169.147.146 - - [21/Jan/2021:10:06:13 +0800] "GET /favicon.ico HTTP/1.1" 404 -
180.169.147.146 - - [21/Jan/2021:10:06:13 +0800] "GET /xingrg/all/function/internal_message.html?_=1611194771972&CODE_STATE=count HTTP/1.1" 200 11
180.169.147.146 - - [21/Jan/2021:10:06:13 +0800] "GET /xingrg/check_reg.html?_=1611194771973 HTTP/1.1" 200 22
180.169.147.146 - - [21/Jan/2021:10:06:13 +0800] "POST /xingrg/load_menu.html HTTP/1.1" 200 5138
114.86.187.76 - - [21/Jan/2021:10:06:13 +0800] "POST /xingrg/all/report/load_report_page.html HTTP/1.1" 200 8716
114.86.187.76 - - [21/Jan/2021:10:06:13 +0800] "GET /xingrg/servlets/image?cache=0.2255609159808496&image=px HTTP/1.1" 200 807
114.86.187.76 - - [21/Jan/2021:10:06:15 +0800] "POST /xingrg/all/report/load_report_page.html HTTP/1.1" 200 16447
114.86.187.76 - - [21/Jan/2021:10:06:15 +0800] "GET /xingrg/servlets/image?cache=0.2091382663817214&image=px HTTP/1.1" 200 807
180.169.147.146 - - [21/Jan/2021:10:06:16 +0800] "GET /xingrg/kc/buy/buy_main.html HTTP/1.1" 200 12412
180.169.147.146 - - [21/Jan/2021:10:06:16 +0800] "GET /xingrg/css/new_ie.css HTTP/1.1" 404 1036
180.169.147.146 - - [21/Jan/2021:10:06:17 +0800] "GET /xingrg/images/yd/bt.gif HTTP/1.1" 404 1040
180.169.147.146 - - [21/Jan/2021:10:06:18 +0800] "GET /xingrg/kc/buy/cgsh_order_list.html HTTP/1.1" 200 46223
114.88.166.193 - - [21/Jan/2021:10:06:18 +0800] "GET /xingrg/all/function/internal_message.html?_=1611194773541&CODE_STATE=getMsg HTTP/1.1" 200 27
180.169.147.146 - - [21/Jan/2021:10:06:19 +0800] "POST /xingrg/kc/buy/cgsh_list_operate.html HTTP/1.1" 200 876
114.86.187.76 - - [21/Jan/2021:10:06:21 +0800] "POST /xingrg/all/report/load_report_page.html HTTP/1.1" 200 16447
114.86.187.76 - - [21/Jan/2021:10:06:21 +0800] "GET /xingrg/servlets/image?cache=0.8867967302343291&image=px HTTP/1.1" 200 807
114.86.187.76 - - [21/Jan/2021:10:06:23 +0800] "POST /xingrg/all/report/report_print.html HTTP/1.1" 302 -
114.86.187.76 - - [21/Jan/2021:10:06:23 +0800] "GET /xingrg/servlets/html?sysBaseUrl=http%3A%2F%2F180.169.147.146%3A18081%2Fxingrg%2F&costTime=389×tamp=1611194783630 HTTP/1.1" 200 17871
114.86.187.76 - - [21/Jan/2021:10:06:23 +0800] "GET /xingrg/servlets/image?image=px HTTP/1.1" 200 807
114.86.187.76 - - [21/Jan/2021:10:06:23 +0800] "GET /favicon.ico HTTP/1.1" 404 -
180.169.147.146 - - [21/Jan/2021:10:06:23 +0800] "POST /xingrg/kc/buy/cgsh_list_operate.html HTTP/1.1" 200 876
114.88.166.193 - - [21/Jan/2021:10:06:25 +0800] "GET /xingrg/kc/buy/cgsh_order_operate.html?command=get_materiel&rest_code=00111&code=00101016105&supplier_code=00100037&order_time=2021-01-21 HTTP/1.1" 200 409
116.228.172.94 - - [21/Jan/2021:10:06:29 +0800] "GET /xingrg/all/function/internal_message.html?_=1611194782539&CODE_STATE=getMsg HTTP/1.1" 200 27
180.156.237.57 - - [21/Jan/2021:10:06:30 +0800] "GET /xingrg/all/function/internal_message.html?_=1611194788809&CODE_STATE=getMsg HTTP/1.1" 200 27
222.69.133.109 - - [21/Jan/2021:10:06:31 +0800] "GET /xingrg/all/function/internal_message.html?_=1611194791862&CODE_STATE=getMsg HTTP/1.1" 200 27
114.88.166.193 - - [21/Jan/2021:10:06:37 +0800] "GET /xingrg/kc/buy/cgsh_order_operate.html?command=get_materiel&rest_code=00111&code=00101016122&supplier_code=00100037&order_time=2021-01-21 HTTP/1.1" 200 395
117.184.7.30 - - [21/Jan/2021:10:06:40 +0800] "GET /xingrg/all/function/internal_message.html?_=1611194776097&CODE_STATE=getMsg HTTP/1.1" 200 27
180.175.150.119 - - [21/Jan/2021:10:06:40 +0800] "GET /xingrg/all/function/internal_message.html?_=1611195041780&CODE_STATE=getMsg HTTP/1.1" 200 27
222.69.133.109 - - [21/Jan/2021:10:06:46 +0800] "POST /xingrg/kc/buy/cgsh_order_operate.html HTTP/1.1" 200 37
114.86.187.76 - - [21/Jan/2021:10:06:48 +0800] "GET /xingrg/all/function/internal_message.html?_=1611194807038&CODE_STATE=getMsg HTTP/1.1" 200 27
180.169.147.146 - - [21/Jan/2021:10:06:49 +0800] "GET /xingrg/all/function/internal_message.html?_=1611194808979&CODE_STATE=getMsg HTTP/1.1" 200 27
222.69.133.109 - - [21/Jan/2021:10:06:50 +0800] "POST /xingrg/kc/buy/cgsh_order_operate.html HTTP/1.1" 200 12
120.253.135.82 - - [21/Jan/2021:10:06:51 +0800] "GET /xingrg/all/function/internal_message.html?_=1611194569914&CODE_STATE=getMsg HTTP/1.1" 200 27
101.89.19.149 - - [21/Jan/2021:10:06:52 +0800] "GET /xingrg/all/function/internal_message.html?_=1611194151269&CODE_STATE=getMsg HTTP/1.1" 302 -
222.69.133.109 - - [21/Jan/2021:10:06:52 +0800] "GET /xingrg/kc/buy/cgsh_order_info.html?code=212021012109549 HTTP/1.1" 200 55940
222.69.133.109 - - [21/Jan/2021:10:06:53 +0800] "GET /xingrg/javascript/easyui/themes/default/validatebox.css HTTP/1.1" 404 1104
222.69.133.109 - - [21/Jan/2021:10:06:53 +0800] "POST /xingrg/kc/buy/cgsh_order_operate.html HTTP/1.1" 200 2973
58.37.230.33 - - [21/Jan/2021:10:06:54 +0800] "GET /xingrg/all/function/internal_message.html?_=1611194811294&CODE_STATE=getMsg HTTP/1.1" 200 27
222.69.133.109 - - [21/Jan/2021:10:06:55 +0800] "GET /xingrg/kc/print/load_config.html?kc_code=cgsh HTTP/1.1" 200 1845
222.69.133.109 - - [21/Jan/2021:10:06:55 +0800] "GET /xingrg/kc/print/load_data.html?order_code=212021012109549&kc_code=cgsh&condition= HTTP/1.1" 200 1658
222.69.136.55 - - [21/Jan/2021:10:06:56 +0800] "GET /xingrg/all/function/internal_message.html?_=1611194811901&CODE_STATE=getMsg HTTP/1.1" 200 27
222.69.136.55 - - [21/Jan/2021:10:06:56 +0800] "GET /xingrg/check_reg.html?_=1611194811902 HTTP/1.1" 200 22
114.88.166.193 - - [21/Jan/2021:10:06:57 +0800] "GET /xingrg/kc/buy/cgsh_order_operate.html?command=get_materiel&rest_code=00111&code=00101009105&supplier_code=00100037&order_time=2021-01-21 HTTP/1.1" 200 391
