218.81.223.240 - - [21/Jan/2021:10:58:14 +0800] "GET /xingrg/all/function/internal_message.html?_=1611197890561&CODE_STATE=getMsg HTTP/1.1" 200 27
180.156.237.57 - - [21/Jan/2021:10:58:14 +0800] "GET /xingrg/all/function/internal_message.html?_=1611197873999&CODE_STATE=getMsg HTTP/1.1" 200 27
180.169.147.146 - - [21/Jan/2021:10:58:14 +0800] "GET /xingrg/kc/buy/buy_main.html HTTP/1.1" 200 12412
180.169.147.146 - - [21/Jan/2021:10:58:14 +0800] "GET /xingrg/css/new_ie.css HTTP/1.1" 404 1036
180.169.147.146 - - [21/Jan/2021:10:58:14 +0800] "GET /xingrg/images/yd/bt.gif HTTP/1.1" 404 1040
180.169.147.146 - - [21/Jan/2021:10:58:15 +0800] "GET /xingrg/kc/buy/cgsh_order_list.html HTTP/1.1" 200 46478
61.165.42.208 - - [21/Jan/2021:10:58:16 +0800] "POST /xingrg/kc/buy/cgsh_order_operate.html HTTP/1.1" 200 37
222.70.209.13 - - [21/Jan/2021:10:58:16 +0800] "GET /xingrg/all/function/internal_message.html?_=1611197891591&CODE_STATE=getMsg HTTP/1.1" 200 27
180.175.150.119 - - [21/Jan/2021:10:58:16 +0800] "GET /xingrg/kc/buy/cgsh_order_operate.html?command=get_materiel&rest_code=00102&code=00102004069&supplier_code=00100008&order_time=2021-01-21 HTTP/1.1" 200 394
180.169.147.146 - - [21/Jan/2021:10:58:17 +0800] "POST /xingrg/kc/buy/cgsh_list_operate.html HTTP/1.1" 200 876
116.228.172.94 - - [21/Jan/2021:10:58:18 +0800] "GET /xingrg/kc/buy/cgsh_order_add.html HTTP/1.1" 200 62043
61.165.42.208 - - [21/Jan/2021:10:58:18 +0800] "POST /xingrg/kc/buy/cgsh_order_operate.html HTTP/1.1" 200 2659
116.228.172.94 - - [21/Jan/2021:10:58:18 +0800] "GET /xingrg/javascript/easyui/themes/default/validatebox.css HTTP/1.1" 404 1104
116.228.172.94 - - [21/Jan/2021:10:58:18 +0800] "POST /xingrg/kc/buy/cgsh_order_operate.html HTTP/1.1" 200 8245
180.169.147.146 - - [21/Jan/2021:10:58:19 +0800] "GET /xingrg/javascript/jquery_tools/images/next.gif HTTP/1.1" 404 1086
180.169.147.146 - - [21/Jan/2021:10:58:19 +0800] "GET /xingrg/javascript/jquery_tools/images/prev.gif HTTP/1.1" 404 1086
117.185.32.26 - - [21/Jan/2021:10:58:19 +0800] "GET /xingrg/kc/buy/cgsh_order_operate.html?command=get_materiel&rest_code=00106&code=00101008024&supplier_code=00100007&order_time=2021-01-21 HTTP/1.1" 200 408
116.228.172.94 - - [21/Jan/2021:10:58:20 +0800] "GET /xingrg/javascript/easyui/themes/default/tree.css HTTP/1.1" 404 1090
116.228.172.94 - - [21/Jan/2021:10:58:20 +0800] "POST /xingrg/all/common/load_tree.html?tree=supplier_tree_json&isDelete=1 HTTP/1.1" 200 54555
61.165.42.208 - - [21/Jan/2021:10:58:21 +0800] "GET /xingrg/kc/print/load_data.html?order_code=212021012109608&kc_code=cgsh&condition= HTTP/1.1" 200 673
114.88.166.193 - - [21/Jan/2021:10:58:22 +0800] "GET /xingrg/all/function/internal_message.html?_=1611197897774&CODE_STATE=getMsg HTTP/1.1" 200 27
180.175.150.119 - - [21/Jan/2021:10:58:23 +0800] "GET /xingrg/kc/buy/cgsh_order_operate.html?command=get_materiel&rest_code=00102&code=00101008296&supplier_code=00100008&order_time=2021-01-21 HTTP/1.1" 200 416
180.169.147.146 - - [21/Jan/2021:10:58:23 +0800] "POST /xingrg/kc/buy/cgsh_list_operate.html HTTP/1.1" 200 4446
180.175.150.119 - - [21/Jan/2021:10:58:25 +0800] "POST /xingrg/kc/buy/cgsh_order_operate.html HTTP/1.1" 200 2065
117.185.32.26 - - [21/Jan/2021:10:58:25 +0800] "GET /xingrg/kc/buy/cgsh_order_operate.html?command=get_materiel&rest_code=00106&code=00101008356&supplier_code=00100007&order_time=2021-01-21 HTTP/1.1" 200 409
61.165.42.208 - - [21/Jan/2021:10:58:26 +0800] "GET /xingrg/kc/buy/cgsh_order_add.html HTTP/1.1" 200 62002
61.165.42.208 - - [21/Jan/2021:10:58:26 +0800] "GET /xingrg/javascript/easyui/themes/default/validatebox.css HTTP/1.1" 404 1104
61.165.42.208 - - [21/Jan/2021:10:58:26 +0800] "POST /xingrg/kc/buy/cgsh_order_operate.html HTTP/1.1" 200 8245
180.169.147.146 - - [21/Jan/2021:10:58:27 +0800] "POST /xingrg/kc/buy/cgsh_list_operate.html HTTP/1.1" 200 577
116.228.172.94 - - [21/Jan/2021:10:58:28 +0800] "GET /xingrg/all/function/internal_message.html?_=1611197901746&CODE_STATE=getMsg HTTP/1.1" 200 27
180.175.150.119 - - [21/Jan/2021:10:58:29 +0800] "GET /xingrg/kc/buy/cgsh_order_operate.html?command=get_materiel&rest_code=00102&code=00101008005&supplier_code=00100008&order_time=2021-01-21 HTTP/1.1" 200 412
180.169.147.146 - - [21/Jan/2021:10:58:29 +0800] "POST /xingrg/kc/buy/cgsh_list_operate.html HTTP/1.1" 200 4
180.175.150.119 - - [21/Jan/2021:10:58:29 +0800] "GET /xingrg/all/function/internal_message.html?_=1611197912149&CODE_STATE=getMsg HTTP/1.1" 200 27
180.156.237.57 - - [21/Jan/2021:10:58:30 +0800] "GET /xingrg/all/function/internal_message.html?_=1611197909009&CODE_STATE=getMsg HTTP/1.1" 200 27
180.169.147.146 - - [21/Jan/2021:10:58:31 +0800] "POST /xingrg/kc/buy/cgsh_list_operate.html HTTP/1.1" 200 4421
222.69.133.109 - - [21/Jan/2021:10:58:31 +0800] "GET /xingrg/all/function/internal_message.html?_=1611197911891&CODE_STATE=getMsg HTTP/1.1" 200 27
117.185.32.26 - - [21/Jan/2021:10:58:32 +0800] "GET /xingrg/kc/buy/cgsh_order_operate.html?command=get_materiel&rest_code=00106&code=00101008300&supplier_code=00100007&order_time=2021-01-21 HTTP/1.1" 200 412
218.81.223.240 - - [21/Jan/2021:10:58:33 +0800] "GET /xingrg/check_reg.html?_=1611197910311 HTTP/1.1" 200 22
117.185.32.26 - - [21/Jan/2021:10:58:34 +0800] "GET /xingrg/all/function/internal_message.html?_=1611197906798&CODE_STATE=getMsg HTTP/1.1" 200 27
61.165.42.208 - - [21/Jan/2021:10:58:35 +0800] "GET /xingrg/kc/buy/cgsh_order_operate.html?command=get_materiel&rest_code=00105&code=00101006153&supplier_code=00100344&order_time=2021-01-21 HTTP/1.1" 200 417
61.165.42.208 - - [21/Jan/2021:10:58:36 +0800] "GET /xingrg/index.html?sysBaseUrl=http%3A%2F%2F180.169.147.146%3A18081%2Fxingrg%2F&costTime=32×tamp=1585224308505 HTTP/1.1" 302 -
61.165.42.208 - - [21/Jan/2021:10:58:36 +0800] "GET /xingrg/login.html HTTP/1.1" 200 7641
61.165.42.208 - - [21/Jan/2021:10:58:37 +0800] "GET /favicon.ico HTTP/1.1" 404 -
180.169.147.146 - - [21/Jan/2021:10:58:37 +0800] "POST /xingrg/kc/buy/cgsh_list_operate.html HTTP/1.1" 200 5469
117.185.32.26 - - [21/Jan/2021:10:58:38 +0800] "GET /xingrg/kc/buy/cgsh_order_operate.html?command=get_materiel&rest_code=00106&code=00101008078&supplier_code=00100007&order_time=2021-01-21 HTTP/1.1" 200 416
180.169.147.146 - - [21/Jan/2021:10:58:40 +0800] "POST /xingrg/kc/buy/cgsh_list_operate.html HTTP/1.1" 200 5589
116.228.172.94 - - [21/Jan/2021:10:58:40 +0800] "GET /xingrg/kc/buy/cgsh_order_operate.html?command=get_materiel&rest_code=00107&code=00101004011&supplier_code=00100086&order_time=2021-01-21 HTTP/1.1" 200 433
114.88.166.193 - - [21/Jan/2021:10:58:43 +0800] "GET /xingrg/kc/buy/cgsh_order_operate.html?command=get_materiel&rest_code=00111&code=00101007144&supplier_code=00100322&order_time=2021-01-21 HTTP/1.1" 200 428
180.169.147.146 - - [21/Jan/2021:10:58:44 +0800] "POST /xingrg/kc/buy/cgsh_list_operate.html HTTP/1.1" 200 5068
61.165.42.208 - - [21/Jan/2021:10:58:46 +0800] "POST /xingrg/kc/buy/cgsh_order_operate.html HTTP/1.1" 200 37
180.175.150.119 - - [21/Jan/2021:10:58:47 +0800] "GET /xingrg/kc/buy/cgsh_order_operate.html?command=get_materiel&rest_code=00102&code=00101008007&supplier_code=00100008&order_time=2021-01-21 HTTP/1.1" 200 413
117.185.32.26 - - [21/Jan/2021:10:58:47 +0800] "GET /xingrg/kc/buy/cgsh_order_operate.html?command=get_materiel&rest_code=00106&code=00101008357&supplier_code=00100007&order_time=2021-01-21 HTTP/1.1" 200 408
180.175.150.119 - - [21/Jan/2021:10:58:48 +0800] "GET /xingrg/all/function/internal_message.html?_=1611198169974&CODE_STATE=getMsg HTTP/1.1" 200 27
61.165.42.208 - - [21/Jan/2021:10:58:50 +0800] "POST /xingrg/login.do HTTP/1.1" 302 -
61.165.42.208 - - [21/Jan/2021:10:58:50 +0800] "GET /xingrg/index.html?sysBaseUrl=http%3A%2F%2F180.169.147.146%3A18081%2Fxingrg%2F&costTime=37×tamp=1611197930049 HTTP/1.1" 200 17173
61.165.42.208 - - [21/Jan/2021:10:58:50 +0800] "GET /favicon.ico HTTP/1.1" 404 -
116.228.172.94 - - [21/Jan/2021:10:58:50 +0800] "POST /xingrg/kc/buy/cgsh_order_operate.html HTTP/1.1" 200 37
61.165.42.208 - - [21/Jan/2021:10:58:50 +0800] "POST /xingrg/kc/buy/cgsh_order_operate.html HTTP/1.1" 200 2660
61.165.42.208 - - [21/Jan/2021:10:58:50 +0800] "POST /xingrg/all/common/load_tree.html?tree=area_rest_tree_json&manage=1 HTTP/1.1" 200 342
61.165.42.208 - - [21/Jan/2021:10:58:51 +0800] "GET /xingrg/all/function/internal_message.html?_=1611197911428&CODE_STATE=count HTTP/1.1" 200 11
61.165.42.208 - - [21/Jan/2021:10:58:51 +0800] "GET /xingrg/check_reg.html?_=1611197911429 HTTP/1.1" 200 22
61.165.42.208 - - [21/Jan/2021:10:58:51 +0800] "POST /xingrg/load_menu.html HTTP/1.1" 200 5138
61.165.42.208 - - [21/Jan/2021:10:58:51 +0800] "GET /xingrg/kc/print/load_data.html?order_code=212021012109609&kc_code=cgsh&condition= HTTP/1.1" 200 670
116.228.172.94 - - [21/Jan/2021:10:58:51 +0800] "POST /xingrg/kc/buy/cgsh_order_operate.html HTTP/1.1" 200 2661
58.37.230.33 - - [21/Jan/2021:10:58:53 +0800] "GET /xingrg/all/function/internal_message.html?_=1611197950869&CODE_STATE=getMsg HTTP/1.1" 200 27
58.37.230.33 - - [21/Jan/2021:10:58:54 +0800] "GET /xingrg/check_reg.html?_=1611197931418 HTTP/1.1" 200 22
58.37.230.33 - - [21/Jan/2021:10:58:54 +0800] "GET /xingrg/all/function/internal_message.html?_=1611197931420&CODE_STATE=getMsg HTTP/1.1" 200 27
114.88.166.193 - - [21/Jan/2021:10:58:54 +0800] "POST /xingrg/kc/buy/cgsh_order_operate.html HTTP/1.1" 200 37
117.185.32.26 - - [21/Jan/2021:10:58:54 +0800] "GET /xingrg/kc/buy/cgsh_order_operate.html?command=get_materiel&rest_code=00106&code=00101008069&supplier_code=00100007&order_time=2021-01-21 HTTP/1.1" 200 412
116.228.172.94 - - [21/Jan/2021:10:58:55 +0800] "GET /xingrg/kc/print/load_data.html?order_code=212021012109610&kc_code=cgsh&condition= HTTP/1.1" 200 740
180.175.150.119 - - [21/Jan/2021:10:58:55 +0800] "GET /xingrg/kc/buy/cgsh_order_operate.html?command=get_materiel&rest_code=00102&code=00101008447&supplier_code=00100008&order_time=2021-01-21 HTTP/1.1" 200 398
61.151.207.205 - - [21/Jan/2021:10:58:55 +0800] "GET /xingrg/all/function/internal_message.html?_=1611197271398&CODE_STATE=getMsg HTTP/1.1" 302 -
114.88.166.193 - - [21/Jan/2021:10:58:55 +0800] "POST /xingrg/kc/buy/cgsh_order_operate.html HTTP/1.1" 200 2679
222.69.136.55 - - [21/Jan/2021:10:58:56 +0800] "GET /xingrg/all/function/internal_message.html?_=1611197931436&CODE_STATE=getMsg HTTP/1.1" 200 27
180.175.150.119 - - [21/Jan/2021:10:58:57 +0800] "POST /xingrg/kc/buy/cgsh_order_operate.html HTTP/1.1" 200 2065
114.88.166.193 - - [21/Jan/2021:10:58:58 +0800] "GET /xingrg/kc/print/load_data.html?order_code=212021012109611&kc_code=cgsh&condition= HTTP/1.1" 200 682
61.165.42.208 - - [21/Jan/2021:10:58:58 +0800] "GET /xingrg/kc/base/base_main.html HTTP/1.1" 200 12142
61.151.207.205 - - [21/Jan/2021:10:58:58 +0800] "GET /xingrg/login.html HTTP/1.1" 200 7641
117.185.32.26 - - [21/Jan/2021:10:59:01 +0800] "GET /xingrg/kc/buy/cgsh_order_operate.html?command=get_materiel&rest_code=00106&code=00101008286&supplier_code=00100007&order_time=2021-01-21 HTTP/1.1" 200 408
61.165.42.208 - - [21/Jan/2021:10:59:01 +0800] "GET /xingrg/kc/base/wldb_order_list.html HTTP/1.1" 200 19339
116.228.172.94 - - [21/Jan/2021:10:59:01 +0800] "GET /xingrg/kc/buy/cgsh_order_add.html HTTP/1.1" 200 62043
116.228.172.94 - - [21/Jan/2021:10:59:02 +0800] "GET /xingrg/javascript/easyui/themes/default/validatebox.css HTTP/1.1" 404 1104
116.228.172.94 - - [21/Jan/2021:10:59:02 +0800] "POST /xingrg/kc/buy/cgsh_order_operate.html HTTP/1.1" 200 8245
180.175.150.119 - - [21/Jan/2021:10:59:02 +0800] "GET /xingrg/kc/buy/cgsh_order_operate.html?command=get_materiel&rest_code=00102&code=00101008298&supplier_code=00100008&order_time=2021-01-21 HTTP/1.1" 200 413
180.169.147.146 - - [21/Jan/2021:10:59:03 +0800] "GET /xingrg/all/function/internal_message.html?_=1611197943771&CODE_STATE=getMsg HTTP/1.1" 200 27
180.169.147.146 - - [21/Jan/2021:10:59:03 +0800] "GET /xingrg/check_reg.html?_=1611197943776 HTTP/1.1" 200 22
61.165.42.208 - - [21/Jan/2021:10:59:03 +0800] "POST /xingrg/kc/base/wldb_list_operate.html HTTP/1.1" 200 928
116.228.172.94 - - [21/Jan/2021:10:59:05 +0800] "GET /xingrg/javascript/easyui/themes/default/tree.css HTTP/1.1" 404 1090
116.228.172.94 - - [21/Jan/2021:10:59:05 +0800] "POST /xingrg/all/common/load_tree.html?tree=supplier_tree_json&isDelete=1 HTTP/1.1" 200 54555
61.165.42.208 - - [21/Jan/2021:10:59:06 +0800] "GET /xingrg/all/function/internal_message.html?_=1611197947679&CODE_STATE=getMsg HTTP/1.1" 200 27
180.169.147.146 - - [21/Jan/2021:10:59:06 +0800] "GET /xingrg/all/function/internal_message.html?_=1611197946746&CODE_STATE=getMsg HTTP/1.1" 200 27
61.165.42.208 - - [21/Jan/2021:10:59:07 +0800] "GET /xingrg/kc/buy/cgsh_order_add.html HTTP/1.1" 200 62002
180.175.150.119 - - [21/Jan/2021:10:59:07 +0800] "GET /xingrg/kc/buy/cgsh_order_operate.html?command=get_materiel&rest_code=00102&code=00101008225&supplier_code=00100008&order_time=2021-01-21 HTTP/1.1" 200 416
61.165.42.208 - - [21/Jan/2021:10:59:07 +0800] "GET /xingrg/kc/base/wldb_order_add.html HTTP/1.1" 200 30502
61.165.42.208 - - [21/Jan/2021:10:59:07 +0800] "POST /xingrg/kc/buy/cgsh_order_operate.html HTTP/1.1" 200 8245
61.165.42.208 - - [21/Jan/2021:10:59:07 +0800] "GET /xingrg/javascript/easyui/themes/default/validatebox.css HTTP/1.1" 404 1104
61.165.42.208 - - [21/Jan/2021:10:59:08 +0800] "GET /xingrg/words/20210120105349_words.js HTTP/1.1" 304 -
114.88.166.193 - - [21/Jan/2021:10:59:08 +0800] "GET /xingrg/kc/buy/cgsh_order_add.html HTTP/1.1" 200 61955
61.165.42.208 - - [21/Jan/2021:10:59:08 +0800] "POST /xingrg/kc/base/wldb_order_operate.html HTTP/1.1" 200 6806
61.165.42.208 - - [21/Jan/2021:10:59:08 +0800] "GET /xingrg/all/common/auto_word.html?type=base&rest_code=00105 HTTP/1.1" 200 1811
61.165.42.208 - - [21/Jan/2021:10:59:08 +0800] "GET /xingrg/all/common/auto_word.html?type=base&rest_code=00105 HTTP/1.1" 200 1811
61.165.42.208 - - [21/Jan/2021:10:59:08 +0800] "GET /xingrg/javascript/easyui/themes/default/validatebox.css HTTP/1.1" 404 1104
117.185.32.26 - - [21/Jan/2021:10:59:09 +0800] "GET /xingrg/kc/buy/cgsh_order_operate.html?command=get_materiel&rest_code=00106&code=00101008036&supplier_code=00100007&order_time=2021-01-21 HTTP/1.1" 200 408
114.88.166.193 - - [21/Jan/2021:10:59:09 +0800] "POST /xingrg/kc/buy/cgsh_order_operate.html HTTP/1.1" 200 8245
114.88.166.193 - - [21/Jan/2021:10:59:10 +0800] "GET /xingrg/javascript/easyui/themes/default/validatebox.css HTTP/1.1" 404 1104
61.165.42.208 - - [21/Jan/2021:10:59:10 +0800] "POST /xingrg/all/common/load_combo.html?type=base HTTP/1.1" 200 3236
180.169.147.146 - - [21/Jan/2021:10:59:12 +0800] "GET /xingrg/all/function/internal_message.html?_=1611197949684&CODE_STATE=getMsg HTTP/1.1" 200 27
180.175.150.119 - - [21/Jan/2021:10:59:13 +0800] "GET /xingrg/kc/buy/cgsh_order_operate.html?command=get_materiel&rest_code=00102&code=00101013021&supplier_code=00100008&order_time=2021-01-21 HTTP/1.1" 200 412
180.156.237.57 - - [21/Jan/2021:10:59:13 +0800] "GET /xingrg/check_reg.html?_=1611197933143 HTTP/1.1" 200 22
180.169.147.146 - - [21/Jan/2021:10:59:14 +0800] "GET /xingrg/all/function/internal_message.html?_=1611197952237&CODE_STATE=getMsg HTTP/1.1" 200 27
218.81.223.240 - - [21/Jan/2021:10:59:14 +0800] "GET /xingrg/all/function/internal_message.html?_=1611197950571&CODE_STATE=getMsg HTTP/1.1" 200 27
180.156.237.57 - - [21/Jan/2021:10:59:14 +0800] "GET /xingrg/all/function/internal_message.html?_=1611197934012&CODE_STATE=getMsg HTTP/1.1" 200 27
222.70.209.13 - - [21/Jan/2021:10:59:16 +0800] "GET /xingrg/all/function/internal_message.html?_=1611197951610&CODE_STATE=getMsg HTTP/1.1" 200 27
61.165.42.208 - - [21/Jan/2021:10:59:16 +0800] "POST /xingrg/all/common/load_combo.html?type=base HTTP/1.1" 200 3236
180.175.150.119 - - [21/Jan/2021:10:59:18 +0800] "POST /xingrg/kc/buy/cgsh_order_operate.html HTTP/1.1" 200 37
117.185.32.26 - - [21/Jan/2021:10:59:19 +0800] "GET /xingrg/kc/buy/cgsh_order_operate.html?command=get_materiel&rest_code=00106&code=00101008131&supplier_code=00100007&order_time=2021-01-21 HTTP/1.1" 200 408
180.175.150.119 - - [21/Jan/2021:10:59:19 +0800] "POST /xingrg/kc/buy/cgsh_order_operate.html HTTP/1.1" 200 17441
114.88.166.193 - - [21/Jan/2021:10:59:20 +0800] "GET /xingrg/kc/buy/cgsh_order_operate.html?command=get_materiel&rest_code=00111&code=00101010274&supplier_code=00100323&order_time=2021-01-21 HTTP/1.1" 200 433
114.88.166.193 - - [21/Jan/2021:10:59:22 +0800] "GET /xingrg/all/function/internal_message.html?_=1611197957788&CODE_STATE=getMsg HTTP/1.1" 200 27
180.175.150.119 - - [21/Jan/2021:10:59:24 +0800] "POST /xingrg/kc/buy/cgsh_order_operate.html HTTP/1.1" 200 37
180.175.150.119 - - [21/Jan/2021:10:59:25 +0800] "POST /xingrg/kc/buy/cgsh_order_operate.html HTTP/1.1" 200 17441
180.175.150.119 - - [21/Jan/2021:10:59:26 +0800] "GET /xingrg/kc/buy/cgsh_order_add.html HTTP/1.1" 200 61920
117.185.32.26 - - [21/Jan/2021:10:59:26 +0800] "GET /xingrg/kc/buy/cgsh_order_operate.html?command=get_materiel&rest_code=00106&code=00101008352&supplier_code=00100007&order_time=2021-01-21 HTTP/1.1" 200 412
180.175.150.119 - - [21/Jan/2021:10:59:27 +0800] "POST /xingrg/kc/buy/cgsh_order_operate.html HTTP/1.1" 200 8245
180.175.150.119 - - [21/Jan/2021:10:59:28 +0800] "GET /xingrg/javascript/easyui/themes/default/validatebox.css HTTP/1.1" 404 1104
61.165.42.208 - - [21/Jan/2021:10:59:28 +0800] "GET /xingrg/javascript/auto/indicator.gif HTTP/1.1" 404 1066
116.228.172.94 - - [21/Jan/2021:10:59:28 +0800] "GET /xingrg/all/function/internal_message.html?_=1611197961730&CODE_STATE=getMsg HTTP/1.1" 200 27
180.175.150.119 - - [21/Jan/2021:10:59:29 +0800] "GET /xingrg/all/function/internal_message.html?_=1611197972162&CODE_STATE=getMsg HTTP/1.1" 200 27
180.156.237.57 - - [21/Jan/2021:10:59:30 +0800] "GET /xingrg/all/function/internal_message.html?_=1611197969011&CODE_STATE=getMsg HTTP/1.1" 200 27
222.69.133.109 - - [21/Jan/2021:10:59:31 +0800] "GET /xingrg/all/function/internal_message.html?_=1611197971920&CODE_STATE=getMsg HTTP/1.1" 200 27
222.69.133.109 - - [21/Jan/2021:10:59:31 +0800] "GET /xingrg/check_reg.html?_=1611197971923 HTTP/1.1" 200 22
117.185.32.26 - - [21/Jan/2021:10:59:34 +0800] "GET /xingrg/all/function/internal_message.html?_=1611197966832&CODE_STATE=getMsg HTTP/1.1" 200 27
116.228.172.94 - - [21/Jan/2021:10:59:35 +0800] "GET /xingrg/kc/buy/cgsh_order_operate.html?command=get_materiel&rest_code=00107&code=00101001127&supplier_code=00100442&order_time=2021-01-21 HTTP/1.1" 200 431
61.165.42.208 - - [21/Jan/2021:10:59:35 +0800] "GET /xingrg/kc/buy/cgsh_order_operate.html?command=get_materiel&rest_code=00105&code=00101005057&supplier_code=00100347&order_time=2021-01-21 HTTP/1.1" 200 396
117.185.32.26 - - [21/Jan/2021:10:59:38 +0800] "GET /xingrg/kc/buy/cgsh_order_operate.html?command=get_materiel&rest_code=00106&code=00101008005&supplier_code=00100007&order_time=2021-01-21 HTTP/1.1" 200 412
61.165.42.208 - - [21/Jan/2021:10:59:39 +0800] "GET /xingrg/kc/base/wldb_order_operate.html?command=get_materiel&rest_code=00105&base_code=0010507&code=00101019183 HTTP/1.1" 200 433
180.175.150.119 - - [21/Jan/2021:10:59:40 +0800] "GET /xingrg/kc/buy/cgsh_order_operate.html?command=get_materiel&rest_code=00102&code=00101015060&supplier_code=00100008&order_time=2021-01-21 HTTP/1.1" 200 412
117.185.32.26 - - [21/Jan/2021:10:59:41 +0800] "POST /xingrg/kc/buy/cgsh_order_operate.html HTTP/1.1" 200 2065
117.185.32.26 - - [21/Jan/2021:10:59:45 +0800] "GET /xingrg/kc/buy/cgsh_order_operate.html?command=get_materiel&rest_code=00106&code=00101008271&supplier_code=00100007&order_time=2021-01-21 HTTP/1.1" 200 410
114.86.187.76 - - [21/Jan/2021:10:59:48 +0800] "GET /xingrg/check_reg.html?_=1611197987247 HTTP/1.1" 200 22
180.175.150.119 - - [21/Jan/2021:10:59:49 +0800] "GET /xingrg/all/function/internal_message.html?_=1611198230425&CODE_STATE=getMsg HTTP/1.1" 200 27
180.175.150.119 - - [21/Jan/2021:10:59:50 +0800] "GET /xingrg/kc/buy/cgsh_order_operate.html?command=get_materiel&rest_code=00102&code=00101008223&supplier_code=00100008&order_time=2021-01-21 HTTP/1.1" 200 412
61.165.42.208 - - [21/Jan/2021:10:59:51 +0800] "GET /xingrg/all/function/internal_message.html?_=1611197971442&CODE_STATE=getMsg HTTP/1.1" 200 27
120.204.17.71 - - [21/Jan/2021:10:59:51 +0800] "GET /xingrg/kc/buy/cgsh_order_operate.html?command=get_materiel&rest_code=00106&code=00101016025&supplier_code=00100032&order_time=2021-01-21 HTTP/1.1" 302 -
61.129.6.151 - - [21/Jan/2021:10:59:52 +0800] "GET /xingrg/all/function/internal_message.html?_=1611197331398&CODE_STATE=getMsg HTTP/1.1" 302 -
61.165.42.208 - - [21/Jan/2021:10:59:52 +0800] "GET /xingrg/kc/base/wldb_order_operate.html?command=get_materiel&rest_code=00105&base_code=0010507&code=00101019133 HTTP/1.1" 200 464
58.37.230.33 - - [21/Jan/2021:10:59:53 +0800] "GET /xingrg/all/function/internal_message.html?_=1611198010867&CODE_STATE=getMsg HTTP/1.1" 200 27
58.37.230.33 - - [21/Jan/2021:10:59:54 +0800] "GET /xingrg/all/function/internal_message.html?_=1611197991407&CODE_STATE=getMsg HTTP/1.1" 200 27
222.69.136.55 - - [21/Jan/2021:10:59:56 +0800] "GET /xingrg/all/function/internal_message.html?_=1611197991421&CODE_STATE=getMsg HTTP/1.1" 200 27
120.204.17.71 - - [21/Jan/2021:10:59:57 +0800] "GET /xingrg/login.html HTTP/1.1" 200 7641
117.185.32.26 - - [21/Jan/2021:10:59:58 +0800] "GET /xingrg/kc/buy/cgsh_order_operate.html?command=get_materiel&rest_code=00106&code=00101008353&supplier_code=00100007&order_time=2021-01-21 HTTP/1.1" 200 408
180.175.150.119 - - [21/Jan/2021:11:00:01 +0800] "GET /xingrg/kc/buy/cgsh_order_operate.html?command=get_materiel&rest_code=00102&code=00101008095&supplier_code=00100008&order_time=2021-01-21 HTTP/1.1" 200 412
61.129.6.151 - - [21/Jan/2021:11:00:01 +0800] "GET /xingrg/login.html HTTP/1.1" 200 7641
180.169.147.146 - - [21/Jan/2021:11:00:03 +0800] "GET /xingrg/all/function/internal_message.html?_=1611198003768&CODE_STATE=getMsg HTTP/1.1" 200 27
61.165.42.208 - - [21/Jan/2021:11:00:03 +0800] "GET /xingrg/kc/buy/cgsh_order_operate.html?command=get_materiel&rest_code=00105&code=00101010646&supplier_code=00100347&order_time=2021-01-21 HTTP/1.1" 200 408
61.165.42.208 - - [21/Jan/2021:11:00:06 +0800] "GET /xingrg/all/function/internal_message.html?_=1611198007679&CODE_STATE=getMsg HTTP/1.1" 200 27
180.169.147.146 - - [21/Jan/2021:11:00:06 +0800] "GET /xingrg/all/function/internal_message.html?_=1611198006749&CODE_STATE=getMsg HTTP/1.1" 200 27
117.185.32.26 - - [21/Jan/2021:11:00:07 +0800] "GET /xingrg/kc/buy/cgsh_order_operate.html?command=get_materiel&rest_code=00106&code=00101008125&supplier_code=00100007&order_time=2021-01-21 HTTP/1.1" 200 413
61.165.42.208 - - [21/Jan/2021:11:00:07 +0800] "GET /xingrg/kc/base/wldb_order_operate.html?command=get_materiel&rest_code=00105&base_code=0010507&code=00101019306 HTTP/1.1" 200 465
180.169.147.146 - - [21/Jan/2021:11:00:12 +0800] "GET /xingrg/all/function/internal_message.html?_=1611198009691&CODE_STATE=getMsg HTTP/1.1" 200 27
180.169.147.146 - - [21/Jan/2021:11:00:14 +0800] "GET /xingrg/all/function/internal_message.html?_=1611198012237&CODE_STATE=getMsg HTTP/1.1" 200 27
218.81.223.240 - - [21/Jan/2021:11:00:14 +0800] "GET /xingrg/all/function/internal_message.html?_=1611198010581&CODE_STATE=getMsg HTTP/1.1" 200 27
180.156.237.57 - - [21/Jan/2021:11:00:14 +0800] "GET /xingrg/all/function/internal_message.html?_=1611197994025&CODE_STATE=getMsg HTTP/1.1" 200 27
117.185.32.26 - - [21/Jan/2021:11:00:15 +0800] "POST /xingrg/kc/buy/cgsh_order_operate.html HTTP/1.1" 200 37
222.70.209.13 - - [21/Jan/2021:11:00:16 +0800] "GET /xingrg/all/function/internal_message.html?_=1611198011624&CODE_STATE=getMsg HTTP/1.1" 200 27
117.185.32.26 - - [21/Jan/2021:11:00:17 +0800] "POST /xingrg/kc/buy/cgsh_order_operate.html HTTP/1.1" 200 15049
180.175.150.119 - - [21/Jan/2021:11:00:18 +0800] "GET /xingrg/kc/buy/cgsh_order_operate.html?command=get_materiel&rest_code=00102&code=00101008168&supplier_code=00100008&order_time=2021-01-21 HTTP/1.1" 200 413
61.165.42.208 - - [21/Jan/2021:11:00:19 +0800] "GET /xingrg/kc/base/wldb_order_operate.html?command=get_materiel&rest_code=00105&base_code=0010507&code=00101019315 HTTP/1.1" 200 461
114.88.166.193 - - [21/Jan/2021:11:00:20 +0800] "GET /xingrg/check_reg.html?_=1611198015003 HTTP/1.1" 200 22
114.88.166.193 - - [21/Jan/2021:11:00:22 +0800] "GET /xingrg/all/function/internal_message.html?_=1611198017801&CODE_STATE=getMsg HTTP/1.1" 200 27
180.175.150.119 - - [21/Jan/2021:11:00:23 +0800] "GET /xingrg/kc/buy/cgsh_order_operate.html?command=get_materiel&rest_code=00102&code=00101015038&supplier_code=00100008&order_time=2021-01-21 HTTP/1.1" 200 418
183.192.164.85 - - [21/Jan/2021:11:00:27 +0800] "GET /xingrg/kc/buy/cgsh_order_operate.html?command=get_materiel&rest_code=00106&code=00101001060&supplier_code=00100032&order_time=2021-01-21 HTTP/1.1" 302 -
116.228.172.94 - - [21/Jan/2021:11:00:28 +0800] "GET /xingrg/all/function/internal_message.html?_=1611198021713&CODE_STATE=getMsg HTTP/1.1" 200 27
117.185.32.26 - - [21/Jan/2021:11:00:29 +0800] "GET /xingrg/kc/buy/cgsh_order_operate.html?command=get_materiel&rest_code=00106&code=00101008312&supplier_code=00100007&order_time=2021-01-21 HTTP/1.1" 200 412
180.175.150.119 - - [21/Jan/2021:11:00:29 +0800] "GET /xingrg/kc/buy/cgsh_order_operate.html?command=get_materiel&rest_code=00102&code=00101015053&supplier_code=00100008&order_time=2021-01-21 HTTP/1.1" 200 412
180.175.150.119 - - [21/Jan/2021:11:00:29 +0800] "GET /xingrg/all/function/internal_message.html?_=1611198032176&CODE_STATE=getMsg HTTP/1.1" 200 27
180.156.237.57 - - [21/Jan/2021:11:00:30 +0800] "GET /xingrg/check_reg.html?_=1611198029011 HTTP/1.1" 200 22
180.156.237.57 - - [21/Jan/2021:11:00:30 +0800] "GET /xingrg/all/function/internal_message.html?_=1611198029015&CODE_STATE=getMsg HTTP/1.1" 200 27
116.228.172.94 - - [21/Jan/2021:11:00:30 +0800] "GET /xingrg/check_reg.html?_=1611198024054 HTTP/1.1" 200 22
222.69.133.109 - - [21/Jan/2021:11:00:31 +0800] "GET /xingrg/all/function/internal_message.html?_=1611198031908&CODE_STATE=getMsg HTTP/1.1" 200 27
183.192.164.85 - - [21/Jan/2021:11:00:33 +0800] "GET /xingrg/login.html HTTP/1.1" 200 7641
116.228.172.94 - - [21/Jan/2021:11:00:33 +0800] "GET /xingrg/kc/buy/cgsh_order_operate.html?command=get_materiel&rest_code=00107&code=00101001052&supplier_code=00100442&order_time=2021-01-21 HTTP/1.1" 200 411
117.185.32.26 - - [21/Jan/2021:11:00:34 +0800] "GET /xingrg/all/function/internal_message.html?_=1611198026801&CODE_STATE=getMsg HTTP/1.1" 200 27
117.185.32.26 - - [21/Jan/2021:11:00:34 +0800] "GET /xingrg/check_reg.html?_=1611198026952 HTTP/1.1" 200 22
180.175.150.119 - - [21/Jan/2021:11:00:35 +0800] "GET /xingrg/kc/buy/cgsh_order_operate.html?command=get_materiel&rest_code=00102&code=00101008041&supplier_code=00100008&order_time=2021-01-21 HTTP/1.1" 200 408
61.165.42.208 - - [21/Jan/2021:11:00:38 +0800] "GET /xingrg/kc/buy/cgsh_order_operate.html?command=get_materiel&rest_code=00105&code=00101006158&supplier_code=00100347&order_time=2021-01-21 HTTP/1.1" 200 436
117.185.32.26 - - [21/Jan/2021:11:00:41 +0800] "GET /xingrg/kc/buy/cgsh_order_operate.html?command=get_materiel&rest_code=00106&code=00101008010&supplier_code=00100007&order_time=2021-01-21 HTTP/1.1" 200 412
61.165.42.208 - - [21/Jan/2021:11:00:44 +0800] "GET /xingrg/kc/base/wldb_order_operate.html?command=get_materiel&rest_code=00105&base_code=0010507&code=00101019175 HTTP/1.1" 200 437
61.165.42.208 - - [21/Jan/2021:11:00:46 +0800] "GET /xingrg/kc/buy/cgsh_order_operate.html?command=get_materiel&rest_code=00105&code=00102026001&supplier_code=00100347&order_time=2021-01-21 HTTP/1.1" 200 409
120.204.17.70 - - [21/Jan/2021:11:00:48 +0800] "GET /xingrg/kc/buy/cgsh_order_operate.html?command=get_materiel&rest_code=00106&code=00101012002&supplier_code=00100032&order_time=2021-01-21 HTTP/1.1" 302 -
180.175.150.119 - - [21/Jan/2021:11:00:49 +0800] "GET /xingrg/all/function/internal_message.html?_=1611198290439&CODE_STATE=getMsg HTTP/1.1" 200 27
61.165.42.208 - - [21/Jan/2021:11:00:51 +0800] "GET /xingrg/all/function/internal_message.html?_=1611198031444&CODE_STATE=getMsg HTTP/1.1" 200 27
120.204.17.70 - - [21/Jan/2021:11:00:53 +0800] "GET /xingrg/login.html HTTP/1.1" 200 7641
58.37.230.33 - - [21/Jan/2021:11:00:53 +0800] "GET /xingrg/all/function/internal_message.html?_=1611198070872&CODE_STATE=getMsg HTTP/1.1" 200 27
58.37.230.33 - - [21/Jan/2021:11:00:54 +0800] "GET /xingrg/all/function/internal_message.html?_=1611198051405&CODE_STATE=getMsg HTTP/1.1" 200 27
116.228.172.94 - - [21/Jan/2021:11:00:55 +0800] "POST /xingrg/kc/buy/cgsh_order_operate.html HTTP/1.1" 200 37
117.185.32.26 - - [21/Jan/2021:11:00:56 +0800] "GET /xingrg/kc/buy/cgsh_order_operate.html?command=get_materiel&rest_code=00106&code=00101008283&supplier_code=00100007&order_time=2021-01-21 HTTP/1.1" 200 409
222.69.136.55 - - [21/Jan/2021:11:00:56 +0800] "GET /xingrg/all/function/internal_message.html?_=1611198051406&CODE_STATE=getMsg HTTP/1.1" 200 27
116.228.172.94 - - [21/Jan/2021:11:00:57 +0800] "POST /xingrg/kc/buy/cgsh_order_operate.html HTTP/1.1" 200 3269
116.228.172.94 - - [21/Jan/2021:11:00:59 +0800] "GET /xingrg/kc/print/load_data.html?order_code=212021012109614&kc_code=cgsh&condition= HTTP/1.1" 200 917
61.165.42.208 - - [21/Jan/2021:11:00:59 +0800] "GET /xingrg/kc/buy/cgsh_order_operate.html?command=get_materiel&rest_code=00105&code=00101020296&supplier_code=00100347&order_time=2021-01-21 HTTP/1.1" 200 399
180.169.147.146 - - [21/Jan/2021:11:01:03 +0800] "GET /xingrg/all/function/internal_message.html?_=1611198063772&CODE_STATE=getMsg HTTP/1.1" 200 27
117.185.32.26 - - [21/Jan/2021:11:01:03 +0800] "GET /xingrg/kc/buy/cgsh_order_operate.html?command=get_materiel&rest_code=00106&code=00101008298&supplier_code=00100007&order_time=2021-01-21 HTTP/1.1" 200 413
117.185.32.26 - - [21/Jan/2021:11:01:05 +0800] "POST /xingrg/kc/buy/cgsh_order_operate.html HTTP/1.1" 200 2065
180.175.150.119 - - [21/Jan/2021:11:01:05 +0800] "GET /xingrg/kc/buy/cgsh_order_operate.html?command=get_materiel&rest_code=00102&code=00101008261&supplier_code=00100008&order_time=2021-01-21 HTTP/1.1" 200 408
61.165.42.208 - - [21/Jan/2021:11:01:06 +0800] "GET /xingrg/all/function/internal_message.html?_=1611198067680&CODE_STATE=getMsg HTTP/1.1" 200 27
180.169.147.146 - - [21/Jan/2021:11:01:06 +0800] "GET /xingrg/all/function/internal_message.html?_=1611198066751&CODE_STATE=getMsg HTTP/1.1" 200 27
116.228.172.94 - - [21/Jan/2021:11:01:09 +0800] "GET /xingrg/kc/buy/cgsh_order_add.html HTTP/1.1" 200 62043
116.228.172.94 - - [21/Jan/2021:11:01:10 +0800] "GET /xingrg/javascript/easyui/themes/default/validatebox.css HTTP/1.1" 404 1104
116.228.172.94 - - [21/Jan/2021:11:01:10 +0800] "POST /xingrg/kc/buy/cgsh_order_operate.html HTTP/1.1" 200 8245
61.165.42.208 - - [21/Jan/2021:11:01:11 +0800] "GET /xingrg/kc/buy/cgsh_order_operate.html?command=get_materiel&rest_code=00105&code=00102002167&supplier_code=00100347&order_time=2021-01-21 HTTP/1.1" 200 409
116.228.172.94 - - [21/Jan/2021:11:01:12 +0800] "GET /xingrg/javascript/easyui/themes/default/tree.css HTTP/1.1" 404 1090
180.169.147.146 - - [21/Jan/2021:11:01:12 +0800] "GET /xingrg/all/function/internal_message.html?_=1611198069681&CODE_STATE=getMsg HTTP/1.1" 200 27
116.228.172.94 - - [21/Jan/2021:11:01:12 +0800] "POST /xingrg/all/common/load_tree.html?tree=supplier_tree_json&isDelete=1 HTTP/1.1" 200 54555
117.185.32.26 - - [21/Jan/2021:11:01:12 +0800] "GET /xingrg/kc/buy/cgsh_order_operate.html?command=get_materiel&rest_code=00106&code=00101008027&supplier_code=00100007&order_time=2021-01-21 HTTP/1.1" 200 409
180.169.147.146 - - [21/Jan/2021:11:01:14 +0800] "GET /xingrg/all/function/internal_message.html?_=1611198072236&CODE_STATE=getMsg HTTP/1.1" 200 27
180.169.147.146 - - [21/Jan/2021:11:01:14 +0800] "GET /xingrg/check_reg.html?_=1611198072239 HTTP/1.1" 200 22
180.156.237.57 - - [21/Jan/2021:11:01:14 +0800] "GET /xingrg/all/function/internal_message.html?_=1611198054039&CODE_STATE=getMsg HTTP/1.1" 200 27
218.81.223.240 - - [21/Jan/2021:11:01:14 +0800] "GET /xingrg/all/function/internal_message.html?_=1611198071061&CODE_STATE=getMsg HTTP/1.1" 200 27
222.70.209.13 - - [21/Jan/2021:11:01:16 +0800] "GET /xingrg/all/function/internal_message.html?_=1611198071642&CODE_STATE=getMsg HTTP/1.1" 200 27
101.85.52.2 - - [21/Jan/2021:11:01:18 +0800] "GET /xingrg/login.html HTTP/1.1" 200 7641
101.85.52.2 - - [21/Jan/2021:11:01:18 +0800] "GET /xingrg/images/blue/jxLogo.png HTTP/1.1" 200 6156
101.85.52.2 - - [21/Jan/2021:11:01:19 +0800] "GET /xingrg/images/blue/hj.png HTTP/1.1" 200 1014
101.85.52.2 - - [21/Jan/2021:11:01:19 +0800] "GET /xingrg/images/blue/login_bg.png HTTP/1.1" 200 22101
101.85.52.2 - - [21/Jan/2021:11:01:19 +0800] "GET /xingrg/images/blue/srbg.png HTTP/1.1" 200 138
101.85.52.2 - - [21/Jan/2021:11:01:19 +0800] "GET /favicon.ico HTTP/1.1" 404 -
114.88.166.193 - - [21/Jan/2021:11:01:22 +0800] "GET /xingrg/all/function/internal_message.html?_=1611198077815&CODE_STATE=getMsg HTTP/1.1" 200 27
101.85.52.2 - - [21/Jan/2021:11:01:23 +0800] "POST /xingrg/login.do HTTP/1.1" 302 -
101.85.52.2 - - [21/Jan/2021:11:01:23 +0800] "GET /xingrg/javascript/jquery_easy_ui/themes/icon.css HTTP/1.1" 200 3949
101.85.52.2 - - [21/Jan/2021:11:01:23 +0800] "GET /xingrg/index.html?sysBaseUrl=http%3A%2F%2F180.169.147.146%3A18081%2Fxingrg%2F&costTime=42×tamp=1611198083343 HTTP/1.1" 200 17179
101.85.52.2 - - [21/Jan/2021:11:01:23 +0800] "GET /xingrg/css/form.css HTTP/1.1" 200 893
101.85.52.2 - - [21/Jan/2021:11:01:23 +0800] "GET /xingrg/javascript/jquery_easy_ui/themes/default/easyui.css HTTP/1.1" 200 26500
101.85.52.2 - - [21/Jan/2021:11:01:23 +0800] "GET /xingrg/javascript/jquery-1.4.2.min.js HTTP/1.1" 200 72205
101.85.52.2 - - [21/Jan/2021:11:01:23 +0800] "GET /xingrg/javascript/jquery_easy_ui/jquery.easyui.min.js HTTP/1.1" 200 213662
101.85.52.2 - - [21/Jan/2021:11:01:23 +0800] "GET /xingrg/javascript/jquery_easy_ui/easyui-lang-zh_CN.js HTTP/1.1" 200 1900
101.85.52.2 - - [21/Jan/2021:11:01:23 +0800] "GET /xingrg/javascript/jquery.form.js HTTP/1.1" 200 23110
101.85.52.2 - - [21/Jan/2021:11:01:23 +0800] "GET /xingrg/javascript/jquery.utils.js HTTP/1.1" 200 11805
101.85.52.2 - - [21/Jan/2021:11:01:23 +0800] "GET /xingrg/javascript/jquery.timers.js HTTP/1.1" 200 3532
101.85.52.2 - - [21/Jan/2021:11:01:23 +0800] "GET /favicon.ico HTTP/1.1" 404 -
101.85.52.2 - - [21/Jan/2021:11:01:23 +0800] "GET /xingrg/javascript/jquery_easy_ui/themes/icons/settle_new.png HTTP/1.1" 200 826
101.85.52.2 - - [21/Jan/2021:11:01:24 +0800] "GET /xingrg/images/blue/navBackgound.jpg HTTP/1.1" 200 12378
180.175.150.119 - - [21/Jan/2021:11:01:24 +0800] "GET /xingrg/kc/buy/cgsh_order_operate.html?command=get_materiel&rest_code=00102&code=00101008126&supplier_code=00100008&order_time=2021-01-21 HTTP/1.1" 200 412
101.85.52.2 - - [21/Jan/2021:11:01:24 +0800] "POST /xingrg/all/common/load_tree.html?tree=area_rest_tree_json&manage=1 HTTP/1.1" 200 351
101.85.52.2 - - [21/Jan/2021:11:01:24 +0800] "GET /xingrg/all/function/internal_message.html?_=1611198076491&CODE_STATE=count HTTP/1.1" 200 11
101.85.52.2 - - [21/Jan/2021:11:01:24 +0800] "GET /xingrg/check_reg.html?_=1611198076500 HTTP/1.1" 200 22
101.85.52.2 - - [21/Jan/2021:11:01:24 +0800] "GET /xingrg/images/blue/pingpu.png HTTP/1.1" 200 231
101.85.52.2 - - [21/Jan/2021:11:01:24 +0800] "GET /xingrg/javascript/jquery_easy_ui/themes/default/images/tabs_leftarrow.png HTTP/1.1" 200 389
101.85.52.2 - - [21/Jan/2021:11:01:24 +0800] "GET /xingrg/javascript/jquery_easy_ui/themes/default/images/tabs_rightarrow.png HTTP/1.1" 200 395
101.85.52.2 - - [21/Jan/2021:11:01:24 +0800] "GET /xingrg/javascript/jquery_easy_ui/themes/default/images/panel_tool_collapse.gif HTTP/1.1" 200 246
101.85.52.2 - - [21/Jan/2021:11:01:24 +0800] "POST /xingrg/load_menu.html HTTP/1.1" 200 5138
101.85.52.2 - - [21/Jan/2021:11:01:24 +0800] "GET /xingrg/javascript/jquery_easy_ui/themes/default/images/tree_arrows.gif HTTP/1.1" 200 1043
101.85.52.2 - - [21/Jan/2021:11:01:24 +0800] "GET /xingrg/javascript/jquery_easy_ui/themes/default/images/tree_folder_open.gif HTTP/1.1" 200 956
101.85.52.2 - - [21/Jan/2021:11:01:24 +0800] "GET /xingrg/javascript/jquery_easy_ui/themes/icons/search_new.png HTTP/1.1" 200 586
101.85.52.2 - - [21/Jan/2021:11:01:24 +0800] "GET /xingrg/javascript/jquery_easy_ui/themes/default/images/tree_folder.gif HTTP/1.1" 200 952
101.85.52.2 - - [21/Jan/2021:11:01:24 +0800] "GET /xingrg/javascript/jquery_easy_ui/themes/icons/storage_new.png HTTP/1.1" 200 853
101.85.52.2 - - [21/Jan/2021:11:01:24 +0800] "GET /xingrg/javascript/jquery_easy_ui/themes/icons/forms_new.png HTTP/1.1" 200 350
101.85.52.2 - - [21/Jan/2021:11:01:24 +0800] "GET /xingrg/javascript/jquery_easy_ui/themes/default/images/tree_file.gif HTTP/1.1" 200 118
101.85.52.2 - - [21/Jan/2021:11:01:28 +0800] "GET /xingrg/javascript/jquery_easy_ui/themes/default/images/tabs_close.gif HTTP/1.1" 200 829
101.85.52.2 - - [21/Jan/2021:11:01:28 +0800] "GET /xingrg/kc/base/base_main.html HTTP/1.1" 200 12142
101.85.52.2 - - [21/Jan/2021:11:01:28 +0800] "GET /xingrg/css/blue.css HTTP/1.1" 200 15949
101.85.52.2 - - [21/Jan/2021:11:01:28 +0800] "GET /xingrg/javascript/pic_change.js HTTP/1.1" 200 4739
101.85.52.2 - - [21/Jan/2021:11:01:28 +0800] "GET /xingrg/javascript/myfunction.js HTTP/1.1" 200 24559
101.85.52.2 - - [21/Jan/2021:11:01:28 +0800] "GET /xingrg/images/blue/button/ckpd.gif HTTP/1.1" 200 2051
101.85.52.2 - - [21/Jan/2021:11:01:28 +0800] "GET /xingrg/images/blue/button/wlsy.gif HTTP/1.1" 200 2536
101.85.52.2 - - [21/Jan/2021:11:01:28 +0800] "GET /xingrg/images/blue/button/kc.gif HTTP/1.1" 200 2160
101.85.52.2 - - [21/Jan/2021:11:01:28 +0800] "GET /xingrg/images/blue/button/ckdb.gif HTTP/1.1" 200 1950
101.85.52.2 - - [21/Jan/2021:11:01:28 +0800] "GET /xingrg/images/blue/button/yddb.gif HTTP/1.1" 200 2040
101.85.52.2 - - [21/Jan/2021:11:01:28 +0800] "GET /xingrg/images/blue/pic_form2.gif HTTP/1.1" 200 1853
101.85.52.2 - - [21/Jan/2021:11:01:28 +0800] "GET /xingrg/images/blue/button/top_left.jpg HTTP/1.1" 200 1632
101.85.52.2 - - [21/Jan/2021:11:01:28 +0800] "GET /xingrg/images/blue/bg_dotted.jpg HTTP/1.1" 200 319
101.85.52.2 - - [21/Jan/2021:11:01:28 +0800] "GET /xingrg/images/blue/button/down.jpg HTTP/1.1" 200 1560
101.85.52.2 - - [21/Jan/2021:11:01:28 +0800] "GET /xingrg/images/blue/button/top_right.jpg HTTP/1.1" 200 1708
101.85.52.2 - - [21/Jan/2021:11:01:28 +0800] "GET /xingrg/images/blue/button/right_ah.jpg HTTP/1.1" 200 1744
101.85.52.2 - - [21/Jan/2021:11:01:28 +0800] "GET /xingrg/images/blue/button/left_ah.jpg HTTP/1.1" 200 1643
101.85.52.2 - - [21/Jan/2021:11:01:28 +0800] "GET /xingrg/images/blue/button/bottom_left.jpg HTTP/1.1" 200 1524
101.85.52.2 - - [21/Jan/2021:11:01:28 +0800] "GET /xingrg/images/blue/button/bottom_right.jpg HTTP/1.1" 200 1436
61.165.42.208 - - [21/Jan/2021:11:01:29 +0800] "GET /xingrg/kc/buy/cgsh_order_operate.html?command=get_materiel&rest_code=00105&code=00101012046&supplier_code=00100347&order_time=2021-01-21 HTTP/1.1" 200 417
116.228.172.94 - - [21/Jan/2021:11:01:29 +0800] "GET /xingrg/all/function/internal_message.html?_=1611198082815&CODE_STATE=getMsg HTTP/1.1" 200 27
180.175.150.119 - - [21/Jan/2021:11:01:30 +0800] "GET /xingrg/check_reg.html?_=1611198092390 HTTP/1.1" 200 22
180.175.150.119 - - [21/Jan/2021:11:01:30 +0800] "GET /xingrg/all/function/internal_message.html?_=1611198092394&CODE_STATE=getMsg HTTP/1.1" 200 27
180.156.237.57 - - [21/Jan/2021:11:01:30 +0800] "GET /xingrg/all/function/internal_message.html?_=1611198089018&CODE_STATE=getMsg HTTP/1.1" 200 27
101.85.52.2 - - [21/Jan/2021:11:01:30 +0800] "GET /xingrg/kc/base/wldb_order_list.html HTTP/1.1" 200 19345
101.85.52.2 - - [21/Jan/2021:11:01:30 +0800] "GET /xingrg/css/base.css HTTP/1.1" 200 2811
101.85.52.2 - - [21/Jan/2021:11:01:30 +0800] "GET /xingrg/javascript/jquery_tools/datebox.css HTTP/1.1" 200 2597
101.85.52.2 - - [21/Jan/2021:11:01:30 +0800] "GET /xingrg/css/site.css HTTP/1.1" 200 7541
101.85.52.2 - - [21/Jan/2021:11:01:30 +0800] "GET /xingrg/javascript/easyui/themes/icon.css HTTP/1.1" 200 4483
101.85.52.2 - - [21/Jan/2021:11:01:30 +0800] "GET /xingrg/javascript/auto/jquery.autocomplete.css HTTP/1.1" 200 587
101.85.52.2 - - [21/Jan/2021:11:01:30 +0800] "GET /xingrg/javascript/easyui/themes/default/easyui.css HTTP/1.1" 200 30432
101.85.52.2 - - [21/Jan/2021:11:01:30 +0800] "GET /xingrg/javascript/jquery_tools/fix.css HTTP/1.1" 200 1702
101.85.52.2 - - [21/Jan/2021:11:01:30 +0800] "GET /xingrg/javascript/jquery_tools/table.css HTTP/1.1" 200 1032
101.85.52.2 - - [21/Jan/2021:11:01:30 +0800] "GET /xingrg/javascript/jquery_tools/jquery.tools.min.js HTTP/1.1" 200 138801
101.85.52.2 - - [21/Jan/2021:11:01:30 +0800] "GET /xingrg/javascript/jquery_tools/jquery.tools.extend.js HTTP/1.1" 200 15385
101.85.52.2 - - [21/Jan/2021:11:01:30 +0800] "GET /xingrg/javascript/jquery_tools/jquery.tools.hotkey.js HTTP/1.1" 200 3242
101.85.52.2 - - [21/Jan/2021:11:01:30 +0800] "GET /xingrg/javascript/jquery_tools/jquery.tools.table.js HTTP/1.1" 200 6994
101.85.52.2 - - [21/Jan/2021:11:01:30 +0800] "GET /xingrg/javascript/jquery_tools/list_manager.js HTTP/1.1" 200 3652
101.85.52.2 - - [21/Jan/2021:11:01:30 +0800] "GET /xingrg/javascript/easyui/easyloader.js HTTP/1.1" 200 5975
101.85.52.2 - - [21/Jan/2021:11:01:30 +0800] "GET /xingrg/javascript/auto/jquery.autocomplete.js HTTP/1.1" 200 21624
101.85.52.2 - - [21/Jan/2021:11:01:30 +0800] "GET /xingrg/javascript/jquery.cookie.js HTTP/1.1" 200 5513
101.85.52.2 - - [21/Jan/2021:11:01:31 +0800] "GET /xingrg/javascript/print/LodopFuncs.js HTTP/1.1" 200 5121
117.185.32.26 - - [21/Jan/2021:11:01:31 +0800] "GET /xingrg/kc/buy/cgsh_order_operate.html?command=get_materiel&rest_code=00106&code=00101008080&supplier_code=00100007&order_time=2021-01-21 HTTP/1.1" 200 416
101.85.52.2 - - [21/Jan/2021:11:01:31 +0800] "GET /xingrg/javascript/jquery_easy_ui/themes/icons/area.png HTTP/1.1" 200 262
101.85.52.2 - - [21/Jan/2021:11:01:31 +0800] "GET /xingrg/javascript/jquery_easy_ui/themes/icons/rest.png HTTP/1.1" 200 695
222.69.133.109 - - [21/Jan/2021:11:01:31 +0800] "GET /xingrg/all/function/internal_message.html?_=1611198091909&CODE_STATE=getMsg HTTP/1.1" 200 27
101.85.52.2 - - [21/Jan/2021:11:01:32 +0800] "GET /xingrg/javascript/easyui/themes/icons/import_new.png HTTP/1.1" 200 1247
101.85.52.2 - - [21/Jan/2021:11:01:32 +0800] "GET /xingrg/javascript/easyui/themes/icons/cance_new.png HTTP/1.1" 200 3986
101.85.52.2 - - [21/Jan/2021:11:01:32 +0800] "GET /xingrg/javascript/easyui/themes/icons/field_new.png HTTP/1.1" 200 1097
101.85.52.2 - - [21/Jan/2021:11:01:32 +0800] "GET /xingrg/javascript/easyui/themes/icons/check_new.png HTTP/1.1" 200 3224
101.85.52.2 - - [21/Jan/2021:11:01:32 +0800] "GET /xingrg/javascript/easyui/themes/icons/edit_add_new.png HTTP/1.1" 200 2997
101.85.52.2 - - [21/Jan/2021:11:01:32 +0800] "GET /xingrg/javascript/easyui/plugins/jquery.parser.js HTTP/1.1" 200 1142
101.85.52.2 - - [21/Jan/2021:11:01:32 +0800] "GET /xingrg/images/control/ajaxLoader.gif HTTP/1.1" 200 4659
101.85.52.2 - - [21/Jan/2021:11:01:32 +0800] "POST /xingrg/kc/base/wldb_list_operate.html HTTP/1.1" 200 2580
180.175.150.119 - - [21/Jan/2021:11:01:32 +0800] "GET /xingrg/kc/buy/cgsh_order_operate.html?command=get_materiel&rest_code=00102&code=00101008321&supplier_code=00100008&order_time=2021-01-21 HTTP/1.1" 200 412
101.85.52.2 - - [21/Jan/2021:11:01:32 +0800] "GET /xingrg/javascript/easyui/themes/default/images/button_plain_hover.png HTTP/1.1" 200 144
101.85.52.2 - - [21/Jan/2021:11:01:33 +0800] "GET /xingrg/kc/base/wldb_order_add.html HTTP/1.1" 200 30508
101.85.52.2 - - [21/Jan/2021:11:01:33 +0800] "GET /xingrg/javascript/convert.js HTTP/1.1" 200 1239
101.85.52.2 - - [21/Jan/2021:11:01:33 +0800] "GET /xingrg/javascript/jquery_tools/order_manager.js HTTP/1.1" 200 11183
101.85.52.2 - - [21/Jan/2021:11:01:33 +0800] "GET /xingrg/javascript/json2.js HTTP/1.1" 200 11259
101.85.52.2 - - [21/Jan/2021:11:01:33 +0800] "GET /xingrg/javascript/print/kc_print.js HTTP/1.1" 200 11415
101.85.52.2 - - [21/Jan/2021:11:01:33 +0800] "GET /xingrg/words/20210120105349_words.js HTTP/1.1" 200 790974
101.85.52.2 - - [21/Jan/2021:11:01:33 +0800] "GET /xingrg/javascript/easyui/themes/icons/template_new.png HTTP/1.1" 200 3956
101.85.52.2 - - [21/Jan/2021:11:01:33 +0800] "GET /xingrg/javascript/easyui/themes/icons/ok.png HTTP/1.1" 200 883
101.85.52.2 - - [21/Jan/2021:11:01:33 +0800] "GET /xingrg/javascript/easyui/themes/icons/print.png HTTP/1.1" 200 1057
101.85.52.2 - - [21/Jan/2021:11:01:33 +0800] "GET /xingrg/javascript/easyui/themes/default/images/menu_downarrow.png HTTP/1.1" 200 173
101.85.52.2 - - [21/Jan/2021:11:01:33 +0800] "GET /xingrg/javascript/easyui/themes/icons/cancel.png HTTP/1.1" 200 1133
117.185.32.26 - - [21/Jan/2021:11:01:34 +0800] "GET /xingrg/all/function/internal_message.html?_=1611198086783&CODE_STATE=getMsg HTTP/1.1" 200 27
120.204.17.70 - - [21/Jan/2021:11:01:34 +0800] "GET /xingrg/all/function/internal_message.html?_=1611197426968&CODE_STATE=getMsg HTTP/1.1" 302 -
101.85.52.2 - - [21/Jan/2021:11:01:34 +0800] "GET /xingrg/all/common/auto_word.html?type=base&rest_code=00145 HTTP/1.1" 200 673
101.85.52.2 - - [21/Jan/2021:11:01:34 +0800] "GET /xingrg/all/common/auto_word.html?type=base&rest_code=00145 HTTP/1.1" 200 673
101.85.52.2 - - [21/Jan/2021:11:01:34 +0800] "GET /xingrg/javascript/easyui/themes/default/validatebox.css HTTP/1.1" 404 1104
101.85.52.2 - - [21/Jan/2021:11:01:34 +0800] "GET /xingrg/javascript/easyui/plugins/jquery.validatebox.js HTTP/1.1" 200 6103
101.85.52.2 - - [21/Jan/2021:11:01:34 +0800] "GET /xingrg/javascript/easyui/plugins/jquery.numberbox.js HTTP/1.1" 200 5213
101.85.52.2 - - [21/Jan/2021:11:01:34 +0800] "POST /xingrg/kc/base/wldb_order_operate.html HTTP/1.1" 200 6806
61.165.42.208 - - [21/Jan/2021:11:01:34 +0800] "GET /xingrg/kc/buy/cgsh_order_operate.html?command=get_materiel&rest_code=00105&code=00101005022&supplier_code=00100347&order_time=2021-01-21 HTTP/1.1" 200 417
101.85.52.2 - - [21/Jan/2021:11:01:34 +0800] "GET /xingrg/javascript/easyui/themes/icons/edit_remove.png HTTP/1.1" 200 625
58.37.230.33 - - [21/Jan/2021:11:01:36 +0800] "GET /xingrg/kc/buy/buy_main.html HTTP/1.1" 200 12412
58.37.230.33 - - [21/Jan/2021:11:01:36 +0800] "GET /xingrg/css/new_ie.css HTTP/1.1" 404 1036
58.37.230.33 - - [21/Jan/2021:11:01:37 +0800] "GET /xingrg/images/yd/bt.gif HTTP/1.1" 404 1040
58.37.230.33 - - [21/Jan/2021:11:01:37 +0800] "GET /xingrg/kc/buy/cgsh_order_list.html HTTP/1.1" 200 46223
101.85.52.2 - - [21/Jan/2021:11:01:37 +0800] "GET /xingrg/javascript/auto/indicator.gif HTTP/1.1" 404 1066
180.175.150.119 - - [21/Jan/2021:11:01:39 +0800] "POST /xingrg/kc/buy/cgsh_order_operate.html HTTP/1.1" 200 37
116.228.172.94 - - [21/Jan/2021:11:01:39 +0800] "GET /xingrg/kc/buy/cgsh_order_operate.html?command=get_materiel&rest_code=00107&code=00101007032&supplier_code=00100328&order_time=2021-01-21 HTTP/1.1" 200 413
58.37.230.33 - - [21/Jan/2021:11:01:40 +0800] "POST /xingrg/kc/buy/cgsh_list_operate.html HTTP/1.1" 200 1696
180.175.150.119 - - [21/Jan/2021:11:01:40 +0800] "POST /xingrg/kc/buy/cgsh_order_operate.html HTTP/1.1" 200 12137
120.204.17.70 - - [21/Jan/2021:11:01:41 +0800] "GET /xingrg/login.html HTTP/1.1" 200 7641
58.37.230.33 - - [21/Jan/2021:11:01:42 +0800] "POST /xingrg/kc/buy/cgsh_list_operate.html HTTP/1.1" 200 577
58.37.230.33 - - [21/Jan/2021:11:01:42 +0800] "GET /xingrg/kc/buy/cgsh_order_info.html?code=212021012109597 HTTP/1.1" 200 61974
58.37.230.33 - - [21/Jan/2021:11:01:43 +0800] "GET /xingrg/javascript/easyui/themes/default/validatebox.css HTTP/1.1" 404 1104
58.37.230.33 - - [21/Jan/2021:11:01:43 +0800] "POST /xingrg/kc/buy/cgsh_order_operate.html HTTP/1.1" 200 8006
180.175.150.119 - - [21/Jan/2021:11:01:45 +0800] "POST /xingrg/kc/buy/cgsh_list_operate.html HTTP/1.1" 200 2413
101.85.52.2 - - [21/Jan/2021:11:01:48 +0800] "GET /xingrg/javascript/jquery_tools/images/prev.gif HTTP/1.1" 404 1086
101.85.52.2 - - [21/Jan/2021:11:01:48 +0800] "GET /xingrg/javascript/jquery_tools/images/next.gif HTTP/1.1" 404 1086
116.228.172.94 - - [21/Jan/2021:11:01:48 +0800] "POST /xingrg/kc/buy/cgsh_order_operate.html HTTP/1.1" 200 37
61.165.42.208 - - [21/Jan/2021:11:01:48 +0800] "POST /xingrg/kc/base/wldb_order_operate.html HTTP/1.1" 200 37
61.165.42.208 - - [21/Jan/2021:11:01:48 +0800] "POST /xingrg/kc/base/wldb_order_operate.html HTTP/1.1" 200 4196
61.165.42.208 - - [21/Jan/2021:11:01:49 +0800] "GET /xingrg/kc/base/wldb_order_info.html?code=422021012102586 HTTP/1.1" 200 30517
180.175.150.119 - - [21/Jan/2021:11:01:49 +0800] "GET /xingrg/all/function/internal_message.html?_=1611198350876&CODE_STATE=getMsg HTTP/1.1" 200 27
61.165.42.208 - - [21/Jan/2021:11:01:49 +0800] "GET /xingrg/javascript/easyui/themes/default/validatebox.css HTTP/1.1" 404 1104
61.165.42.208 - - [21/Jan/2021:11:01:50 +0800] "POST /xingrg/kc/base/wldb_order_operate.html HTTP/1.1" 200 4196
116.228.172.94 - - [21/Jan/2021:11:01:50 +0800] "POST /xingrg/kc/buy/cgsh_order_operate.html HTTP/1.1" 200 2657
61.165.42.208 - - [21/Jan/2021:11:01:51 +0800] "GET /xingrg/all/function/internal_message.html?_=1611198091432&CODE_STATE=getMsg HTTP/1.1" 200 27
61.165.42.208 - - [21/Jan/2021:11:01:52 +0800] "POST /xingrg/kc/buy/cgsh_order_operate.html HTTP/1.1" 200 37
58.37.230.33 - - [21/Jan/2021:11:01:52 +0800] "GET /xingrg/kc/buy/cgsh_order_operate.html?command=get_materiel&rest_code=00141&code=00101004059&supplier_code=00100312&order_time=2021-01-21 HTTP/1.1" 200 413
116.228.172.94 - - [21/Jan/2021:11:01:52 +0800] "GET /xingrg/kc/print/load_data.html?order_code=212021012109616&kc_code=cgsh&condition= HTTP/1.1" 200 670
183.192.164.214 - - [21/Jan/2021:11:01:53 +0800] "GET /xingrg/kc/buy/cgsh_order_operate.html?command=get_materiel&rest_code=00106&code=00101016105&supplier_code=00100032&order_time=2021-01-21 HTTP/1.1" 302 -
61.165.42.208 - - [21/Jan/2021:11:01:53 +0800] "GET /xingrg/kc/base/wldb_order_add.html HTTP/1.1" 200 30502
