58.37.230.33 - - [21/Jan/2021:11:01:53 +0800] "GET /xingrg/check_reg.html?_=1611198130892 HTTP/1.1" 200 22
58.37.230.33 - - [21/Jan/2021:11:01:53 +0800] "GET /xingrg/all/function/internal_message.html?_=1611198130894&CODE_STATE=getMsg HTTP/1.1" 200 27
61.165.42.208 - - [21/Jan/2021:11:01:53 +0800] "POST /xingrg/kc/buy/cgsh_order_operate.html HTTP/1.1" 200 6837
61.165.42.208 - - [21/Jan/2021:11:01:54 +0800] "GET /xingrg/javascript/easyui/themes/default/validatebox.css HTTP/1.1" 404 1104
61.165.42.208 - - [21/Jan/2021:11:01:54 +0800] "POST /xingrg/kc/base/wldb_order_operate.html HTTP/1.1" 200 6806
58.37.230.33 - - [21/Jan/2021:11:01:54 +0800] "GET /xingrg/all/function/internal_message.html?_=1611198111421&CODE_STATE=getMsg HTTP/1.1" 200 27
61.165.42.208 - - [21/Jan/2021:11:01:55 +0800] "GET /xingrg/kc/print/load_data.html?order_code=212021012109617&kc_code=cgsh&condition= HTTP/1.1" 200 2272
222.69.136.55 - - [21/Jan/2021:11:01:56 +0800] "GET /xingrg/all/function/internal_message.html?_=1611198111391&CODE_STATE=getMsg HTTP/1.1" 200 27
222.69.136.55 - - [21/Jan/2021:11:01:56 +0800] "GET /xingrg/check_reg.html?_=1611198111988 HTTP/1.1" 200 22
180.175.150.119 - - [21/Jan/2021:11:01:56 +0800] "POST /xingrg/kc/buy/cgsh_list_operate.html HTTP/1.1" 200 4
61.165.42.208 - - [21/Jan/2021:11:01:56 +0800] "POST /xingrg/all/common/load_combo.html?type=base HTTP/1.1" 200 3236
116.228.172.94 - - [21/Jan/2021:11:01:58 +0800] "GET /xingrg/kc/buy/cgsh_order_add.html HTTP/1.1" 200 62043
116.228.172.94 - - [21/Jan/2021:11:01:58 +0800] "GET /xingrg/javascript/easyui/themes/default/validatebox.css HTTP/1.1" 404 1104
116.228.172.94 - - [21/Jan/2021:11:01:58 +0800] "POST /xingrg/kc/buy/cgsh_order_operate.html HTTP/1.1" 200 8245
101.85.52.2 - - [21/Jan/2021:11:02:01 +0800] "GET /xingrg/kc/base/wldb_order_operate.html?command=get_materiel&rest_code=00145&base_code=0010571&code=00101028009 HTTP/1.1" 200 463
183.192.164.214 - - [21/Jan/2021:11:02:01 +0800] "GET /xingrg/login.html HTTP/1.1" 200 7641
101.85.52.2 - - [21/Jan/2021:11:02:03 +0800] "POST /xingrg/all/common/load_select.html HTTP/1.1" 200 25
180.169.147.146 - - [21/Jan/2021:11:02:03 +0800] "GET /xingrg/all/function/internal_message.html?_=1611198123781&CODE_STATE=getMsg HTTP/1.1" 200 27
58.37.230.33 - - [21/Jan/2021:11:02:03 +0800] "POST /xingrg/kc/buy/cgsh_order_operate.html HTTP/1.1" 200 37
61.165.42.208 - - [21/Jan/2021:11:02:05 +0800] "POST /xingrg/all/common/load_combo.html?type=base HTTP/1.1" 200 3236
58.37.230.33 - - [21/Jan/2021:11:02:05 +0800] "POST /xingrg/kc/buy/cgsh_order_operate.html HTTP/1.1" 200 12
101.85.52.2 - - [21/Jan/2021:11:02:05 +0800] "GET /xingrg/kc/base/wldb_order_operate.html?command=get_materiel_price&rest_code=00145&base_code=0010571&code=00101028009&unit_code=00100157 HTTP/1.1" 200 38
58.37.230.33 - - [21/Jan/2021:11:02:06 +0800] "GET /xingrg/kc/buy/cgsh_order_info.html?code=212021012109597 HTTP/1.1" 200 56867
61.165.42.208 - - [21/Jan/2021:11:02:06 +0800] "GET /xingrg/all/function/internal_message.html?_=1611198127616&CODE_STATE=getMsg HTTP/1.1" 200 27
58.37.230.33 - - [21/Jan/2021:11:02:06 +0800] "GET /xingrg/javascript/easyui/themes/default/validatebox.css HTTP/1.1" 404 1104
180.169.147.146 - - [21/Jan/2021:11:02:06 +0800] "GET /xingrg/all/function/internal_message.html?_=1611198126755&CODE_STATE=getMsg HTTP/1.1" 200 27
58.37.230.33 - - [21/Jan/2021:11:02:07 +0800] "POST /xingrg/kc/buy/cgsh_order_operate.html HTTP/1.1" 200 6548
116.228.172.94 - - [21/Jan/2021:11:02:07 +0800] "GET /xingrg/javascript/easyui/themes/default/tree.css HTTP/1.1" 404 1090
116.228.172.94 - - [21/Jan/2021:11:02:07 +0800] "POST /xingrg/all/common/load_tree.html?tree=supplier_tree_json&isDelete=1 HTTP/1.1" 200 54555
58.37.230.33 - - [21/Jan/2021:11:02:08 +0800] "GET /xingrg/kc/print/load_data.html?order_code=212021012109597&kc_code=cgsh&condition= HTTP/1.1" 200 2991
61.165.42.208 - - [21/Jan/2021:11:02:08 +0800] "GET /xingrg/check_reg.html?_=1611198129880 HTTP/1.1" 200 22
101.85.52.2 - - [21/Jan/2021:11:02:12 +0800] "POST /xingrg/kc/base/wldb_order_operate.html HTTP/1.1" 200 37
101.85.52.2 - - [21/Jan/2021:11:02:12 +0800] "POST /xingrg/kc/base/wldb_order_operate.html HTTP/1.1" 200 2206
180.169.147.146 - - [21/Jan/2021:11:02:12 +0800] "GET /xingrg/all/function/internal_message.html?_=1611198129688&CODE_STATE=getMsg HTTP/1.1" 200 27
101.85.52.2 - - [21/Jan/2021:11:02:14 +0800] "GET /xingrg/kc/base/wldb_order_info.html?code=422021012102587 HTTP/1.1" 200 30522
180.169.147.146 - - [21/Jan/2021:11:02:14 +0800] "GET /xingrg/all/function/internal_message.html?_=1611198132241&CODE_STATE=getMsg HTTP/1.1" 200 27
180.156.237.57 - - [21/Jan/2021:11:02:14 +0800] "GET /xingrg/all/function/internal_message.html?_=1611198114063&CODE_STATE=getMsg HTTP/1.1" 200 27
218.81.223.240 - - [21/Jan/2021:11:02:14 +0800] "GET /xingrg/all/function/internal_message.html?_=1611198131061&CODE_STATE=getMsg HTTP/1.1" 200 27
101.85.52.2 - - [21/Jan/2021:11:02:14 +0800] "GET /xingrg/javascript/easyui/themes/default/validatebox.css HTTP/1.1" 404 1104
101.85.52.2 - - [21/Jan/2021:11:02:15 +0800] "POST /xingrg/kc/base/wldb_order_operate.html HTTP/1.1" 200 2206
222.70.209.13 - - [21/Jan/2021:11:02:16 +0800] "GET /xingrg/check_reg.html?_=1611198131499 HTTP/1.1" 200 22
222.70.209.13 - - [21/Jan/2021:11:02:16 +0800] "GET /xingrg/all/function/internal_message.html?_=1611198131658&CODE_STATE=getMsg HTTP/1.1" 200 27
101.85.52.2 - - [21/Jan/2021:11:02:16 +0800] "GET /xingrg/kc/print/load_config.html?kc_code=wldb HTTP/1.1" 200 2173
101.85.52.2 - - [21/Jan/2021:11:02:16 +0800] "GET /xingrg/kc/print/load_data.html?order_code=422021012102587&kc_code=wldb&condition= HTTP/1.1" 200 552
117.185.32.26 - - [21/Jan/2021:11:02:19 +0800] "POST /xingrg/kc/buy/cgsh_order_operate.html HTTP/1.1" 200 75
114.88.166.193 - - [21/Jan/2021:11:02:22 +0800] "GET /xingrg/all/function/internal_message.html?_=1611198137829&CODE_STATE=getMsg HTTP/1.1" 200 27
61.165.42.208 - - [21/Jan/2021:11:02:24 +0800] "GET /xingrg/kc/base/wldb_order_operate.html?command=get_materiel&rest_code=00105&base_code=0010507&code=00101019735 HTTP/1.1" 200 429
101.85.52.2 - - [21/Jan/2021:11:02:24 +0800] "GET /xingrg/all/function/internal_message.html?_=1611198137081&CODE_STATE=getMsg HTTP/1.1" 200 27
101.85.52.2 - - [21/Jan/2021:11:02:26 +0800] "GET /xingrg/javascript/jquery_easy_ui/themes/default/images/tabs_active.png HTTP/1.1" 200 2894
58.37.230.33 - - [21/Jan/2021:11:02:27 +0800] "GET /xingrg/kc/buy/cgsh_order_add.html HTTP/1.1" 200 61961
58.37.230.33 - - [21/Jan/2021:11:02:28 +0800] "POST /xingrg/kc/buy/cgsh_order_operate.html HTTP/1.1" 200 8245
58.37.230.33 - - [21/Jan/2021:11:02:28 +0800] "GET /xingrg/javascript/easyui/themes/default/validatebox.css HTTP/1.1" 404 1104
116.228.172.94 - - [21/Jan/2021:11:02:29 +0800] "GET /xingrg/all/function/internal_message.html?_=1611198142784&CODE_STATE=getMsg HTTP/1.1" 200 27
180.156.237.57 - - [21/Jan/2021:11:02:30 +0800] "GET /xingrg/all/function/internal_message.html?_=1611198149023&CODE_STATE=getMsg HTTP/1.1" 200 27
180.175.150.119 - - [21/Jan/2021:11:02:31 +0800] "POST /xingrg/kc/buy/cgsh_list_operate.html HTTP/1.1" 200 876
222.69.133.109 - - [21/Jan/2021:11:02:31 +0800] "GET /xingrg/all/function/internal_message.html?_=1611198151909&CODE_STATE=getMsg HTTP/1.1" 200 27
180.175.150.119 - - [21/Jan/2021:11:02:32 +0800] "GET /xingrg/check_reg.html?_=1611198393758 HTTP/1.1" 200 22
101.85.52.2 - - [21/Jan/2021:11:02:33 +0800] "POST /xingrg/kc/base/wldb_list_operate.html HTTP/1.1" 200 2983
180.175.150.119 - - [21/Jan/2021:11:02:33 +0800] "GET /xingrg/all/function/internal_message.html?_=1611198156154&CODE_STATE=getMsg HTTP/1.1" 200 27
117.185.32.26 - - [21/Jan/2021:11:02:33 +0800] "GET /xingrg/all/function/internal_message.html?_=1611198146763&CODE_STATE=getMsg HTTP/1.1" 200 27
180.175.150.119 - - [21/Jan/2021:11:02:34 +0800] "GET /xingrg/kc/mdqp/pssh_order_list.html HTTP/1.1" 200 17891
101.85.52.2 - - [21/Jan/2021:11:02:34 +0800] "POST /xingrg/kc/base/wldb_list_operate.html HTTP/1.1" 200 204
180.175.150.119 - - [21/Jan/2021:11:02:35 +0800] "POST /xingrg/kc/mdqp/pssh_list_operate.html HTTP/1.1" 200 5162
117.185.32.26 - - [21/Jan/2021:11:02:35 +0800] "POST /xingrg/kc/buy/cgsh_order_operate.html HTTP/1.1" 200 37
180.175.150.119 - - [21/Jan/2021:11:02:36 +0800] "POST /xingrg/kc/mdqp/pssh_list_operate.html HTTP/1.1" 200 798
101.85.52.2 - - [21/Jan/2021:11:02:37 +0800] "POST /xingrg/kc/base/wldb_list_operate.html HTTP/1.1" 200 205
180.175.150.119 - - [21/Jan/2021:11:02:37 +0800] "POST /xingrg/kc/mdqp/pssh_list_operate.html HTTP/1.1" 200 793
180.175.150.119 - - [21/Jan/2021:11:02:37 +0800] "GET /xingrg/kc/mdqp/pssh_order_info.html?code=312021012100652 HTTP/1.1" 200 17275
180.175.150.119 - - [21/Jan/2021:11:02:37 +0800] "GET /xingrg/javascript/jquery_tools/jquery-1.4.2.min.js HTTP/1.1" 404 1094
180.175.150.119 - - [21/Jan/2021:11:02:38 +0800] "POST /xingrg/kc/mdqp/pssh_order_operate.html HTTP/1.1" 200 8973
101.85.52.2 - - [21/Jan/2021:11:02:38 +0800] "POST /xingrg/kc/base/wldb_list_operate.html HTTP/1.1" 200 205
117.185.32.26 - - [21/Jan/2021:11:02:38 +0800] "POST /xingrg/kc/buy/cgsh_order_operate.html HTTP/1.1" 200 18602
180.175.150.119 - - [21/Jan/2021:11:02:38 +0800] "GET /xingrg/all/common/auto_word.html?type=base&rest_code=00102&rest_code=00102 HTTP/1.1" 200 1711
180.175.150.119 - - [21/Jan/2021:11:02:38 +0800] "GET /xingrg/javascript/easyui/themes/default/validatebox.css HTTP/1.1" 404 1104
117.185.32.26 - - [21/Jan/2021:11:02:40 +0800] "GET /xingrg/kc/mdqp/qp_main.html HTTP/1.1" 200 10633
120.204.17.72 - - [21/Jan/2021:11:02:40 +0800] "GET /xingrg/all/function/internal_message.html?_=1611197486952&CODE_STATE=getMsg HTTP/1.1" 302 -
117.185.32.26 - - [21/Jan/2021:11:02:40 +0800] "GET /xingrg/images/yd/bt.gif HTTP/1.1" 404 1040
117.185.32.26 - - [21/Jan/2021:11:02:41 +0800] "GET /xingrg/kc/mdqp/qqps_order_list.html HTTP/1.1" 200 9222
117.185.32.26 - - [21/Jan/2021:11:02:41 +0800] "GET /xingrg/dwr/interface/AjaxReportQueryService.js HTTP/1.1" 200 13203
117.185.32.26 - - [21/Jan/2021:11:02:41 +0800] "GET /xingrg/dwr/interface/AjaxQqpsService.js HTTP/1.1" 200 16326
117.185.32.26 - - [21/Jan/2021:11:02:41 +0800] "GET /xingrg/dwr/util.js HTTP/1.1" 200 35990
117.185.32.26 - - [21/Jan/2021:11:02:41 +0800] "GET /xingrg/dwr/engine.js HTTP/1.1" 200 43631
180.175.150.119 - - [21/Jan/2021:11:02:42 +0800] "POST /xingrg/kc/mdqp/pssh_list_operate.html HTTP/1.1" 200 776
180.175.150.119 - - [21/Jan/2021:11:02:43 +0800] "POST /xingrg/kc/mdqp/pssh_list_operate.html HTTP/1.1" 200 288
180.175.150.119 - - [21/Jan/2021:11:02:44 +0800] "POST /xingrg/kc/mdqp/pssh_list_operate.html HTTP/1.1" 200 259
117.185.32.26 - - [21/Jan/2021:11:02:44 +0800] "POST /xingrg/dwr/call/plaincall/AjaxReportQueryService.getFixDate.dwr HTTP/1.1" 200 111
116.228.172.94 - - [21/Jan/2021:11:02:44 +0800] "GET /xingrg/kc/buy/cgsh_order_operate.html?command=get_materiel&rest_code=00107&code=00101002006&supplier_code=00100091&order_time=2021-01-21 HTTP/1.1" 200 414
117.185.32.26 - - [21/Jan/2021:11:02:44 +0800] "GET /xingrg/dwr/interface/AjaxQqpsService.js HTTP/1.1" 200 16326
117.185.32.26 - - [21/Jan/2021:11:02:44 +0800] "GET /xingrg/dwr/interface/AjaxReportQueryService.js HTTP/1.1" 200 13203
117.185.32.26 - - [21/Jan/2021:11:02:44 +0800] "GET /xingrg/dwr/engine.js HTTP/1.1" 200 43631
117.185.32.26 - - [21/Jan/2021:11:02:45 +0800] "GET /xingrg/kc/mdqp/qqps_order_list.html?isQuery=1&timeSelect=1&orderTime=yesterday&startTime=2021-01-20&endTime=2021-01-20&state=all&query=%C8%B7++%B6%A8 HTTP/1.1" 200 13879
180.175.150.119 - - [21/Jan/2021:11:02:45 +0800] "GET /xingrg/kc/mdqp/pssh_order_info.html?code=312021012000631 HTTP/1.1" 200 17266
180.175.150.119 - - [21/Jan/2021:11:02:45 +0800] "GET /xingrg/javascript/jquery_tools/jquery-1.4.2.min.js HTTP/1.1" 404 1094
180.175.150.119 - - [21/Jan/2021:11:02:45 +0800] "POST /xingrg/kc/mdqp/pssh_order_operate.html HTTP/1.1" 200 9351
180.175.150.119 - - [21/Jan/2021:11:02:45 +0800] "GET /xingrg/javascript/easyui/themes/default/validatebox.css HTTP/1.1" 404 1104
120.204.17.72 - - [21/Jan/2021:11:02:46 +0800] "GET /xingrg/login.html HTTP/1.1" 200 7641
117.185.32.26 - - [21/Jan/2021:11:02:47 +0800] "GET /xingrg/kc/mdqp/qqps_order_info.html?code=302021012000503 HTTP/1.1" 200 26567
117.185.32.26 - - [21/Jan/2021:11:02:47 +0800] "GET /xingrg/dwr/interface/AjaxQqpsService.js HTTP/1.1" 200 16326
117.185.32.26 - - [21/Jan/2021:11:02:47 +0800] "GET /xingrg/dwr/interface/AjaxComOrderService.js HTTP/1.1" 200 18264
117.185.32.26 - - [21/Jan/2021:11:02:47 +0800] "GET /xingrg/dwr/engine.js HTTP/1.1" 200 43631
58.37.230.33 - - [21/Jan/2021:11:02:49 +0800] "GET /xingrg/kc/buy/cgsh_order_operate.html?command=get_materiel&rest_code=00141&code=00101004020&supplier_code=00100312&order_time=2021-01-21 HTTP/1.1" 200 409
117.185.32.26 - - [21/Jan/2021:11:02:49 +0800] "POST /xingrg/dwr/call/plaincall/AjaxQqpsService.loadMaterielItems.dwr HTTP/1.1" 200 6180
61.165.42.208 - - [21/Jan/2021:11:02:49 +0800] "GET /xingrg/kc/base/wldb_order_operate.html?command=get_materiel&rest_code=00105&base_code=0010507&code=00101019543 HTTP/1.1" 200 470
180.175.150.119 - - [21/Jan/2021:11:02:49 +0800] "GET /xingrg/all/function/internal_message.html?_=1611198410887&CODE_STATE=getMsg HTTP/1.1" 200 27
61.165.42.208 - - [21/Jan/2021:11:02:51 +0800] "GET /xingrg/all/function/internal_message.html?_=1611198151448&CODE_STATE=getMsg HTTP/1.1" 200 27
120.253.135.82 - - [21/Jan/2021:11:02:51 +0800] "GET /xingrg/check_reg.html?_=1611197734320 HTTP/1.1" 302 -
183.192.164.214 - - [21/Jan/2021:11:02:51 +0800] "GET /xingrg/kc/print/load_data.html?order_code=212021012109585&kc_code=cgsh HTTP/1.1" 302 -
61.165.42.208 - - [21/Jan/2021:11:02:53 +0800] "GET /xingrg/kc/buy/cgsh_order_add.html HTTP/1.1" 200 62002
58.37.230.33 - - [21/Jan/2021:11:02:53 +0800] "GET /xingrg/all/function/internal_message.html?_=1611198190901&CODE_STATE=getMsg HTTP/1.1" 200 27
61.165.42.208 - - [21/Jan/2021:11:02:53 +0800] "POST /xingrg/kc/buy/cgsh_order_operate.html HTTP/1.1" 200 8245
61.165.42.208 - - [21/Jan/2021:11:02:53 +0800] "GET /xingrg/javascript/easyui/themes/default/validatebox.css HTTP/1.1" 404 1104
180.175.150.119 - - [21/Jan/2021:11:02:54 +0800] "GET /xingrg/kc/buy/cgsh_order_add.html HTTP/1.1" 200 61914
58.37.230.33 - - [21/Jan/2021:11:02:54 +0800] "GET /xingrg/all/function/internal_message.html?_=1611198171413&CODE_STATE=getMsg HTTP/1.1" 200 27
222.69.136.55 - - [21/Jan/2021:11:02:56 +0800] "GET /xingrg/all/function/internal_message.html?_=1611198171367&CODE_STATE=getMsg HTTP/1.1" 200 27
116.228.172.94 - - [21/Jan/2021:11:02:56 +0800] "GET /xingrg/kc/buy/cgsh_order_operate.html?command=get_materiel&rest_code=00107&code=00101002034&supplier_code=00100091&order_time=2021-01-21 HTTP/1.1" 200 409
180.175.150.119 - - [21/Jan/2021:11:02:57 +0800] "POST /xingrg/kc/buy/cgsh_order_operate.html HTTP/1.1" 200 8245
180.175.150.119 - - [21/Jan/2021:11:02:57 +0800] "GET /xingrg/javascript/easyui/themes/default/validatebox.css HTTP/1.1" 404 1104
183.192.164.214 - - [21/Jan/2021:11:02:57 +0800] "GET /xingrg/login.html HTTP/1.1" 200 7641
58.37.230.33 - - [21/Jan/2021:11:02:57 +0800] "GET /xingrg/kc/buy/cgsh_order_operate.html?command=get_materiel&rest_code=00141&code=00101001029&supplier_code=00100312&order_time=2021-01-21 HTTP/1.1" 200 415
180.175.150.119 - - [21/Jan/2021:11:02:59 +0800] "GET /xingrg/javascript/easyui/themes/default/tree.css HTTP/1.1" 404 1090
180.175.150.119 - - [21/Jan/2021:11:02:59 +0800] "POST /xingrg/all/common/load_tree.html?tree=supplier_tree_json&isDelete=1 HTTP/1.1" 200 54555
180.169.147.146 - - [21/Jan/2021:11:03:03 +0800] "GET /xingrg/all/function/internal_message.html?_=1611198183774&CODE_STATE=getMsg HTTP/1.1" 200 27
61.165.42.208 - - [21/Jan/2021:11:03:03 +0800] "GET /xingrg/kc/base/wldb_order_operate.html?command=get_materiel&rest_code=00105&base_code=0010507&code=00101019383 HTTP/1.1" 200 458
61.165.42.208 - - [21/Jan/2021:11:03:04 +0800] "GET /xingrg/kc/buy/cgsh_order_operate.html?command=get_materiel&rest_code=00105&code=00101010079&supplier_code=00100336&order_time=2021-01-21 HTTP/1.1" 200 413
61.165.42.208 - - [21/Jan/2021:11:03:06 +0800] "GET /xingrg/all/function/internal_message.html?_=1611198187592&CODE_STATE=getMsg HTTP/1.1" 200 27
180.169.147.146 - - [21/Jan/2021:11:03:06 +0800] "GET /xingrg/check_reg.html?_=1611198186744 HTTP/1.1" 200 22
180.169.147.146 - - [21/Jan/2021:11:03:06 +0800] "GET /xingrg/all/function/internal_message.html?_=1611198186748&CODE_STATE=getMsg HTTP/1.1" 200 27
116.228.172.94 - - [21/Jan/2021:11:03:06 +0800] "GET /xingrg/kc/buy/cgsh_order_operate.html?command=get_materiel&rest_code=00107&code=00101003037&supplier_code=00100091&order_time=2021-01-21 HTTP/1.1" 200 414
58.37.230.33 - - [21/Jan/2021:11:03:07 +0800] "GET /xingrg/kc/buy/cgsh_order_operate.html?command=get_materiel&rest_code=00141&code=00101005016&supplier_code=00100312&order_time=2021-01-21 HTTP/1.1" 200 409
61.165.42.208 - - [21/Jan/2021:11:03:10 +0800] "POST /xingrg/kc/base/wldb_order_operate.html HTTP/1.1" 200 37
61.165.42.208 - - [21/Jan/2021:11:03:10 +0800] "POST /xingrg/kc/base/wldb_order_operate.html HTTP/1.1" 200 2709
61.165.42.208 - - [21/Jan/2021:11:03:11 +0800] "GET /xingrg/kc/base/wldb_order_info.html?code=422021012102588 HTTP/1.1" 200 30515
61.165.42.208 - - [21/Jan/2021:11:03:11 +0800] "GET /xingrg/javascript/easyui/themes/default/validatebox.css HTTP/1.1" 404 1104
61.165.42.208 - - [21/Jan/2021:11:03:11 +0800] "POST /xingrg/kc/base/wldb_order_operate.html HTTP/1.1" 200 2709
180.169.147.146 - - [21/Jan/2021:11:03:12 +0800] "GET /xingrg/check_reg.html?_=1611198189693 HTTP/1.1" 200 22
180.169.147.146 - - [21/Jan/2021:11:03:12 +0800] "GET /xingrg/all/function/internal_message.html?_=1611198189696&CODE_STATE=getMsg HTTP/1.1" 200 27
180.175.150.119 - - [21/Jan/2021:11:03:12 +0800] "GET /xingrg/system/info/materiel_import.html?isSelect=1&singleSelect=false HTTP/1.1" 200 5600
180.175.150.119 - - [21/Jan/2021:11:03:13 +0800] "GET /xingrg/css/xtree.css HTTP/1.1" 200 880
180.175.150.119 - - [21/Jan/2021:11:03:13 +0800] "GET /xingrg/css/blue.css HTTP/1.1" 200 15949
180.175.150.119 - - [21/Jan/2021:11:03:13 +0800] "GET /xingrg/javascript/jquery_ui/themes/base/base.css HTTP/1.1" 200 28568
183.192.164.214 - - [21/Jan/2021:11:03:13 +0800] "GET /xingrg/kc/buy/cgsh_order_operate.html?command=get_materiel&rest_code=00106&code=00101009045&supplier_code=00100022&order_time=2021-01-21 HTTP/1.1" 302 -
180.175.150.119 - - [21/Jan/2021:11:03:14 +0800] "GET /xingrg/javascript/jquery_easy_ui/themes/default/images/button_a_bg.gif HTTP/1.1" 200 1194
180.175.150.119 - - [21/Jan/2021:11:03:14 +0800] "GET /xingrg/javascript/jquery_easy_ui/themes/default/images/button_span_bg.gif HTTP/1.1" 200 2061
180.175.150.119 - - [21/Jan/2021:11:03:14 +0800] "GET /xingrg/javascript/jquery_easy_ui/themes/icons/check_new.png HTTP/1.1" 200 3224
180.175.150.119 - - [21/Jan/2021:11:03:14 +0800] "GET /xingrg/javascript/jquery_easy_ui/themes/icons/search.png HTTP/1.1" 200 813
180.175.150.119 - - [21/Jan/2021:11:03:14 +0800] "GET /xingrg/javascript/jquery_easy_ui/themes/icons/edit_add.png HTTP/1.1" 200 1088
180.169.147.146 - - [21/Jan/2021:11:03:14 +0800] "GET /xingrg/all/function/internal_message.html?_=1611198192240&CODE_STATE=getMsg HTTP/1.1" 200 27
180.175.150.119 - - [21/Jan/2021:11:03:14 +0800] "GET /xingrg/javascript/jquery_easy_ui/themes/default/images/datagrid_header_bg.gif HTTP/1.1" 200 97
180.175.150.119 - - [21/Jan/2021:11:03:14 +0800] "GET /xingrg/javascript/jquery_easy_ui/themes/default/images/pagination_first.gif HTTP/1.1" 200 925
180.175.150.119 - - [21/Jan/2021:11:03:14 +0800] "GET /xingrg/javascript/jquery_easy_ui/themes/default/images/pagination_prev.gif HTTP/1.1" 200 879
180.175.150.119 - - [21/Jan/2021:11:03:14 +0800] "GET /xingrg/javascript/jquery_easy_ui/themes/default/images/pagination_next.gif HTTP/1.1" 200 875
180.175.150.119 - - [21/Jan/2021:11:03:14 +0800] "GET /xingrg/javascript/jquery_easy_ui/themes/default/images/pagination_last.gif HTTP/1.1" 200 923
180.175.150.119 - - [21/Jan/2021:11:03:14 +0800] "GET /xingrg/javascript/jquery_easy_ui/themes/default/images/pagination_load.png HTTP/1.1" 200 827
61.165.42.208 - - [21/Jan/2021:11:03:14 +0800] "POST /xingrg/kc/buy/cgsh_order_operate.html HTTP/1.1" 200 37
180.156.237.57 - - [21/Jan/2021:11:03:14 +0800] "GET /xingrg/all/function/internal_message.html?_=1611198174067&CODE_STATE=getMsg HTTP/1.1" 200 27
180.175.150.119 - - [21/Jan/2021:11:03:14 +0800] "POST /xingrg/all/common/load_tree.html?tree=materiel_sort_tree_json HTTP/1.1" 200 8666
218.81.223.240 - - [21/Jan/2021:11:03:15 +0800] "GET /xingrg/all/function/internal_message.html?_=1611198191531&CODE_STATE=getMsg HTTP/1.1" 200 27
61.165.42.208 - - [21/Jan/2021:11:03:15 +0800] "POST /xingrg/kc/buy/cgsh_order_operate.html HTTP/1.1" 200 2657
222.70.209.13 - - [21/Jan/2021:11:03:16 +0800] "GET /xingrg/all/function/internal_message.html?_=1611198191680&CODE_STATE=getMsg HTTP/1.1" 200 27
116.228.172.94 - - [21/Jan/2021:11:03:17 +0800] "POST /xingrg/kc/buy/cgsh_order_operate.html HTTP/1.1" 200 37
61.165.42.208 - - [21/Jan/2021:11:03:17 +0800] "GET /xingrg/kc/print/load_data.html?order_code=212021012109618&kc_code=cgsh&condition= HTTP/1.1" 200 664
116.228.172.94 - - [21/Jan/2021:11:03:18 +0800] "POST /xingrg/kc/buy/cgsh_order_operate.html HTTP/1.1" 200 3849
183.192.164.214 - - [21/Jan/2021:11:03:19 +0800] "GET /xingrg/login.html HTTP/1.1" 200 7641
180.175.150.119 - - [21/Jan/2021:11:03:19 +0800] "POST /xingrg/kc/mdqp/pssh_list_operate.html HTTP/1.1" 200 3815
116.228.172.94 - - [21/Jan/2021:11:03:20 +0800] "GET /xingrg/kc/print/load_data.html?order_code=212021012109619&kc_code=cgsh&condition= HTTP/1.1" 200 1198
61.165.42.208 - - [21/Jan/2021:11:03:20 +0800] "GET /xingrg/kc/buy/cgsh_order_add.html HTTP/1.1" 200 62002
58.37.230.33 - - [21/Jan/2021:11:03:20 +0800] "GET /xingrg/kc/buy/cgsh_order_operate.html?command=get_materiel&rest_code=00141&code=00101001096&supplier_code=00100312&order_time=2021-01-21 HTTP/1.1" 200 413
61.165.42.208 - - [21/Jan/2021:11:03:20 +0800] "POST /xingrg/kc/buy/cgsh_order_operate.html HTTP/1.1" 200 8245
61.165.42.208 - - [21/Jan/2021:11:03:20 +0800] "GET /xingrg/javascript/easyui/themes/default/validatebox.css HTTP/1.1" 404 1104
114.88.166.193 - - [21/Jan/2021:11:03:23 +0800] "GET /xingrg/all/function/internal_message.html?_=1611198198356&CODE_STATE=getMsg HTTP/1.1" 200 27
183.192.164.85 - - [21/Jan/2021:11:03:23 +0800] "GET /xingrg/all/function/internal_message.html?_=1611197546947&CODE_STATE=getMsg HTTP/1.1" 302 -
117.185.32.26 - - [21/Jan/2021:11:03:24 +0800] "GET /xingrg/kc/mdqp/qp_main.html HTTP/1.1" 200 10633
116.228.172.94 - - [21/Jan/2021:11:03:24 +0800] "GET /xingrg/kc/buy/cgsh_order_add.html HTTP/1.1" 200 62043
101.85.52.2 - - [21/Jan/2021:11:03:24 +0800] "GET /xingrg/all/function/internal_message.html?_=1611198197061&CODE_STATE=getMsg HTTP/1.1" 200 27
116.228.172.94 - - [21/Jan/2021:11:03:25 +0800] "GET /xingrg/javascript/easyui/themes/default/validatebox.css HTTP/1.1" 404 1104
116.228.172.94 - - [21/Jan/2021:11:03:25 +0800] "POST /xingrg/kc/buy/cgsh_order_operate.html HTTP/1.1" 200 8245
180.175.150.119 - - [21/Jan/2021:11:03:26 +0800] "GET /xingrg/kc/buy/cgsh_order_operate.html?command=get_materiel&rest_code=00102&code=00101031006&supplier_code=00100064&order_time=2021-01-21 HTTP/1.1" 200 417
116.228.172.94 - - [21/Jan/2021:11:03:27 +0800] "GET /xingrg/javascript/easyui/themes/default/tree.css HTTP/1.1" 404 1090
116.228.172.94 - - [21/Jan/2021:11:03:27 +0800] "POST /xingrg/all/common/load_tree.html?tree=supplier_tree_json&isDelete=1 HTTP/1.1" 200 54555
183.192.164.85 - - [21/Jan/2021:11:03:28 +0800] "GET /xingrg/login.html HTTP/1.1" 200 7641
101.89.239.120 - - [21/Jan/2021:11:03:29 +0800] "GET /xingrg/kc/buy/cgsh_order_operate.html?command=get_materiel&rest_code=00141&code=00101006109&supplier_code=00100012&order_time=2021-01-21 HTTP/1.1" 302 -
116.228.172.94 - - [21/Jan/2021:11:03:30 +0800] "GET /xingrg/all/function/internal_message.html?_=1611198203713&CODE_STATE=getMsg HTTP/1.1" 200 27
180.156.237.57 - - [21/Jan/2021:11:03:30 +0800] "GET /xingrg/all/function/internal_message.html?_=1611198209029&CODE_STATE=getMsg HTTP/1.1" 200 27
61.165.42.208 - - [21/Jan/2021:11:03:31 +0800] "GET /xingrg/kc/buy/cgsh_order_operate.html?command=get_materiel&rest_code=00105&code=00101004090&supplier_code=00100312&order_time=2021-01-21 HTTP/1.1" 200 391
61.165.42.208 - - [21/Jan/2021:11:03:31 +0800] "GET /xingrg/kc/base/wldb_order_add.html HTTP/1.1" 200 30502
222.69.133.109 - - [21/Jan/2021:11:03:31 +0800] "GET /xingrg/all/function/internal_message.html?_=1611198211913&CODE_STATE=getMsg HTTP/1.1" 200 27
61.165.42.208 - - [21/Jan/2021:11:03:32 +0800] "POST /xingrg/kc/base/wldb_order_operate.html HTTP/1.1" 200 6806
61.165.42.208 - - [21/Jan/2021:11:03:32 +0800] "GET /xingrg/javascript/easyui/themes/default/validatebox.css HTTP/1.1" 404 1104
218.81.223.240 - - [21/Jan/2021:11:03:33 +0800] "GET /xingrg/check_reg.html?_=1611198210311 HTTP/1.1" 200 22
117.185.32.26 - - [21/Jan/2021:11:03:34 +0800] "GET /xingrg/all/function/internal_message.html?_=1611198206795&CODE_STATE=getMsg HTTP/1.1" 200 27
180.175.150.119 - - [21/Jan/2021:11:03:34 +0800] "GET /xingrg/all/function/internal_message.html?_=1611198216688&CODE_STATE=getMsg HTTP/1.1" 200 27
101.89.239.120 - - [21/Jan/2021:11:03:35 +0800] "GET /xingrg/login.html HTTP/1.1" 200 7641
61.165.42.208 - - [21/Jan/2021:11:03:38 +0800] "POST /xingrg/all/common/load_combo.html?type=base HTTP/1.1" 200 3236
58.37.230.33 - - [21/Jan/2021:11:03:39 +0800] "GET /xingrg/kc/buy/cgsh_order_operate.html?command=get_materiel&rest_code=00141&code=00101004005&supplier_code=00100312&order_time=2021-01-21 HTTP/1.1" 200 409
120.204.17.72 - - [21/Jan/2021:11:03:40 +0800] "GET /xingrg/kc/buy/cgsh_order_operate.html?command=get_materiel&rest_code=00106&code=00101009011&supplier_code=00100022&order_time=2021-01-21 HTTP/1.1" 302 -
61.165.42.208 - - [21/Jan/2021:11:03:40 +0800] "POST /xingrg/all/common/load_combo.html?type=base HTTP/1.1" 200 3236
180.175.150.119 - - [21/Jan/2021:11:03:41 +0800] "GET /xingrg/kc/buy/cgsh_order_operate.html?command=get_materiel&rest_code=00102&code=00101031001&supplier_code=00100064&order_time=2021-01-21 HTTP/1.1" 200 419
180.175.150.119 - - [21/Jan/2021:11:03:49 +0800] "GET /xingrg/all/function/internal_message.html?_=1611198470900&CODE_STATE=getMsg HTTP/1.1" 200 27
120.204.17.72 - - [21/Jan/2021:11:03:50 +0800] "GET /xingrg/login.html HTTP/1.1" 200 7641
61.165.42.208 - - [21/Jan/2021:11:03:51 +0800] "GET /xingrg/check_reg.html?_=1611198211448 HTTP/1.1" 200 22
61.165.42.208 - - [21/Jan/2021:11:03:51 +0800] "GET /xingrg/all/function/internal_message.html?_=1611198211451&CODE_STATE=getMsg HTTP/1.1" 200 27
61.165.42.208 - - [21/Jan/2021:11:03:52 +0800] "GET /xingrg/kc/buy/cgsh_order_operate.html?command=get_materiel&rest_code=00105&code=00101004046&supplier_code=00100312&order_time=2021-01-21 HTTP/1.1" 200 417
58.37.230.33 - - [21/Jan/2021:11:03:53 +0800] "GET /xingrg/all/function/internal_message.html?_=1611198250889&CODE_STATE=getMsg HTTP/1.1" 200 27
58.37.230.33 - - [21/Jan/2021:11:03:54 +0800] "GET /xingrg/all/function/internal_message.html?_=1611198231417&CODE_STATE=getMsg HTTP/1.1" 200 27
58.37.230.33 - - [21/Jan/2021:11:03:54 +0800] "GET /xingrg/check_reg.html?_=1611198231418 HTTP/1.1" 200 22
222.69.136.55 - - [21/Jan/2021:11:03:56 +0800] "GET /xingrg/all/function/internal_message.html?_=1611198231352&CODE_STATE=getMsg HTTP/1.1" 200 27
120.253.135.82 - - [21/Jan/2021:11:03:56 +0800] "GET /xingrg/check_reg.html?_=1611197990517 HTTP/1.1" 200 22
120.253.135.82 - - [21/Jan/2021:11:03:57 +0800] "GET /xingrg/all/function/internal_message.html?_=1611197990501&CODE_STATE=getMsg HTTP/1.1" 200 27
61.151.178.164 - - [21/Jan/2021:11:03:58 +0800] "GET /xingrg/all/function/internal_message.html?_=1611197571421&CODE_STATE=getMsg HTTP/1.1" 302 -
61.151.178.164 - - [21/Jan/2021:11:04:01 +0800] "GET /xingrg/login.html HTTP/1.1" 200 7641
180.175.150.119 - - [21/Jan/2021:11:04:02 +0800] "GET /xingrg/kc/buy/cgsh_order_operate.html?command=get_materiel&rest_code=00102&code=00101031002&supplier_code=00100064&order_time=2021-01-21 HTTP/1.1" 200 420
61.165.42.208 - - [21/Jan/2021:11:04:02 +0800] "GET /xingrg/kc/buy/cgsh_order_operate.html?command=get_materiel&rest_code=00105&code=00101004067&supplier_code=00100312&order_time=2021-01-21 HTTP/1.1" 200 413
183.192.164.85 - - [21/Jan/2021:11:04:02 +0800] "GET /xingrg/kc/buy/cgsh_order_operate.html?command=get_materiel&rest_code=00106&code=00101009016&supplier_code=00100022&order_time=2021-01-21 HTTP/1.1" 302 -
180.169.147.146 - - [21/Jan/2021:11:04:03 +0800] "GET /xingrg/all/function/internal_message.html?_=1611198243765&CODE_STATE=getMsg HTTP/1.1" 200 27
180.169.147.146 - - [21/Jan/2021:11:04:03 +0800] "GET /xingrg/check_reg.html?_=1611198243769 HTTP/1.1" 200 22
120.253.135.82 - - [21/Jan/2021:11:04:05 +0800] "GET /xingrg/css/new_ie.css HTTP/1.1" 404 1036
120.253.135.82 - - [21/Jan/2021:11:04:05 +0800] "GET /xingrg/javascript/jquery_ui/themes/humanity/humanity.css HTTP/1.1" 304 -
120.253.135.82 - - [21/Jan/2021:11:04:05 +0800] "GET /xingrg/javascript/jquery_ui/jquery-ui.min.js HTTP/1.1" 200 186181
120.253.135.82 - - [21/Jan/2021:11:04:05 +0800] "GET /xingrg/images/blue/button/cgxqd.gif HTTP/1.1" 200 2619
120.253.135.82 - - [21/Jan/2021:11:04:05 +0800] "GET /xingrg/images/blue/button/cgydd.gif HTTP/1.1" 200 2712
120.253.135.82 - - [21/Jan/2021:11:04:05 +0800] "GET /xingrg/images/blue/button/cgshd.gif HTTP/1.1" 200 2618
120.253.135.82 - - [21/Jan/2021:11:04:05 +0800] "GET /xingrg/images/blue/button/cgfkd.gif HTTP/1.1" 200 2075
120.253.135.82 - - [21/Jan/2021:11:04:06 +0800] "GET /xingrg/kc/buy/buy_main.html HTTP/1.1" 200 12341
120.253.135.82 - - [21/Jan/2021:11:04:06 +0800] "GET /xingrg/images/blue/button/kc.gif HTTP/1.1" 200 2160
120.253.135.82 - - [21/Jan/2021:11:04:06 +0800] "GET /xingrg/images/blue/button/ckthd.gif HTTP/1.1" 200 2045
120.253.135.82 - - [21/Jan/2021:11:04:06 +0800] "GET /xingrg/images/blue/pic_form2.gif HTTP/1.1" 200 1853
120.253.135.82 - - [21/Jan/2021:11:04:06 +0800] "GET /xingrg/javascript/jquery_ui/themes/humanity/images/ui-bg_inset-soft_100_f4f0ec_1x100.png HTTP/1.1" 200 141
120.253.135.82 - - [21/Jan/2021:11:04:06 +0800] "GET /xingrg/images/blue/button/right_ah.jpg HTTP/1.1" 200 1744
120.253.135.82 - - [21/Jan/2021:11:04:06 +0800] "GET /xingrg/images/blue/button/down_ah.jpg HTTP/1.1" 200 1732
120.253.135.82 - - [21/Jan/2021:11:04:06 +0800] "GET /xingrg/javascript/jquery_ui/themes/humanity/images/ui-iconsnew.jpg HTTP/1.1" 200 337
120.253.135.82 - - [21/Jan/2021:11:04:06 +0800] "GET /xingrg/javascript/jquery_ui/themes/humanity/images/ui-icons_ffffff_256x240.png HTTP/1.1" 200 4369
120.253.135.82 - - [21/Jan/2021:11:04:06 +0800] "GET /xingrg/javascript/jquery_ui/themes/humanity/images/ui-icons_c47a23_256x240.png HTTP/1.1" 200 5355
120.253.135.82 - - [21/Jan/2021:11:04:06 +0800] "GET /xingrg/javascript/jquery_ui/themes/humanity/images/ui-bg_glass_70_ede4d4_1x400.png HTTP/1.1" 200 161
120.253.135.82 - - [21/Jan/2021:11:04:06 +0800] "GET /xingrg/images/blue/bg_dotted.jpg HTTP/1.1" 200 319
61.165.42.208 - - [21/Jan/2021:11:04:06 +0800] "GET /xingrg/all/function/internal_message.html?_=1611198247575&CODE_STATE=getMsg HTTP/1.1" 200 27
180.169.147.146 - - [21/Jan/2021:11:04:06 +0800] "GET /xingrg/all/function/internal_message.html?_=1611198246750&CODE_STATE=getMsg HTTP/1.1" 200 27
120.253.135.82 - - [21/Jan/2021:11:04:06 +0800] "GET /xingrg/images/yd/bt.gif HTTP/1.1" 404 1040
120.253.135.82 - - [21/Jan/2021:11:04:08 +0800] "GET /xingrg/kc/buy/cgsh_order_list.html HTTP/1.1" 200 46217
61.165.42.208 - - [21/Jan/2021:11:04:08 +0800] "GET /xingrg/kc/buy/cgsh_order_operate.html?command=get_materiel&rest_code=00105&code=00101005015&supplier_code=00100312&order_time=2021-01-21 HTTP/1.1" 200 409
120.253.135.82 - - [21/Jan/2021:11:04:09 +0800] "POST /xingrg/kc/buy/cgsh_list_operate.html HTTP/1.1" 200 876
58.37.230.33 - - [21/Jan/2021:11:04:09 +0800] "GET /xingrg/kc/buy/cgsh_order_operate.html?command=get_materiel&rest_code=00141&code=00101001138&supplier_code=00100312&order_time=2021-01-21 HTTP/1.1" 200 433
120.253.135.82 - - [21/Jan/2021:11:04:10 +0800] "GET /xingrg/kc/buy/cgsh_order_add.html HTTP/1.1" 200 60971
120.253.135.82 - - [21/Jan/2021:11:04:10 +0800] "POST /xingrg/kc/buy/cgsh_order_operate.html HTTP/1.1" 200 8245
120.253.135.82 - - [21/Jan/2021:11:04:10 +0800] "GET /xingrg/javascript/easyui/themes/default/validatebox.css HTTP/1.1" 404 1104
183.192.164.85 - - [21/Jan/2021:11:04:11 +0800] "GET /xingrg/login.html HTTP/1.1" 200 7641
180.175.150.119 - - [21/Jan/2021:11:04:12 +0800] "POST /xingrg/kc/buy/cgsh_order_operate.html HTTP/1.1" 200 37
180.169.147.146 - - [21/Jan/2021:11:04:12 +0800] "GET /xingrg/all/function/internal_message.html?_=1611198249683&CODE_STATE=getMsg HTTP/1.1" 200 27
180.156.237.57 - - [21/Jan/2021:11:04:13 +0800] "GET /xingrg/check_reg.html?_=1611198233157 HTTP/1.1" 200 22
180.169.147.146 - - [21/Jan/2021:11:04:14 +0800] "GET /xingrg/all/function/internal_message.html?_=1611198252266&CODE_STATE=getMsg HTTP/1.1" 200 27
61.165.42.208 - - [21/Jan/2021:11:04:14 +0800] "GET /xingrg/kc/base/wldb_order_operate.html?command=get_materiel&rest_code=00105&base_code=0010507&code=00101019373 HTTP/1.1" 200 452
180.156.237.57 - - [21/Jan/2021:11:04:14 +0800] "GET /xingrg/all/function/internal_message.html?_=1611198234080&CODE_STATE=getMsg HTTP/1.1" 200 27
61.165.42.208 - - [21/Jan/2021:11:04:15 +0800] "GET /xingrg/kc/buy/cgsh_order_operate.html?command=get_materiel&rest_code=00105&code=00101001005&supplier_code=00100312&order_time=2021-01-21 HTTP/1.1" 200 413
218.81.223.240 - - [21/Jan/2021:11:04:15 +0800] "GET /xingrg/all/function/internal_message.html?_=1611198251541&CODE_STATE=getMsg HTTP/1.1" 200 27
222.70.209.13 - - [21/Jan/2021:11:04:16 +0800] "GET /xingrg/all/function/internal_message.html?_=1611198251694&CODE_STATE=getMsg HTTP/1.1" 200 27
120.253.135.82 - - [21/Jan/2021:11:04:16 +0800] "GET /xingrg/kc/buy/cgsh_order_operate.html?command=get_materiel&rest_code=00101&code=00102003044&supplier_code=&order_time=2021-01-21 HTTP/1.1" 200 410
120.204.17.72 - - [21/Jan/2021:11:04:17 +0800] "GET /xingrg/kc/buy/cgsh_order_operate.html?command=get_materiel&rest_code=00106&code=00101009004&supplier_code=00100022&order_time=2021-01-21 HTTP/1.1" 302 -
116.228.172.94 - - [21/Jan/2021:11:04:21 +0800] "GET /xingrg/kc/buy/cgsh_order_operate.html?command=get_materiel&rest_code=00107&code=00101001051&supplier_code=00100094&order_time=2021-01-21 HTTP/1.1" 200 424
114.88.166.193 - - [21/Jan/2021:11:04:23 +0800] "GET /xingrg/all/function/internal_message.html?_=1611198258371&CODE_STATE=getMsg HTTP/1.1" 200 27
120.204.17.72 - - [21/Jan/2021:11:04:23 +0800] "GET /xingrg/login.html HTTP/1.1" 200 7641
101.85.52.2 - - [21/Jan/2021:11:04:24 +0800] "GET /xingrg/all/function/internal_message.html?_=1611198257041&CODE_STATE=getMsg HTTP/1.1" 200 27
61.165.42.208 - - [21/Jan/2021:11:04:24 +0800] "GET /xingrg/kc/buy/cgsh_order_operate.html?command=get_materiel&rest_code=00105&code=00101001029&supplier_code=00100312&order_time=2021-01-21 HTTP/1.1" 200 413
120.253.135.82 - - [21/Jan/2021:11:04:25 +0800] "GET /xingrg/kc/pszx/mdps_order_list.html?orderType=0 HTTP/1.1" 200 21153
120.253.135.82 - - [21/Jan/2021:11:04:26 +0800] "POST /xingrg/kc/pszx/mdps_list_operate.html HTTP/1.1" 200 5412
120.253.135.82 - - [21/Jan/2021:11:04:26 +0800] "POST /xingrg/kc/buy/cgsh_list_operate.html HTTP/1.1" 200 876
116.228.172.94 - - [21/Jan/2021:11:04:30 +0800] "GET /xingrg/all/function/internal_message.html?_=1611198263685&CODE_STATE=getMsg HTTP/1.1" 200 27
180.156.237.57 - - [21/Jan/2021:11:04:30 +0800] "GET /xingrg/all/function/internal_message.html?_=1611198269033&CODE_STATE=getMsg HTTP/1.1" 200 27
120.253.135.82 - - [21/Jan/2021:11:04:31 +0800] "POST /xingrg/kc/pszx/mdps_list_operate.html HTTP/1.1" 200 4592
101.89.239.245 - - [21/Jan/2021:11:04:31 +0800] "GET /xingrg/kc/buy/cgsh_order_operate.html?command=get_materiel&rest_code=00141&code=00101018007&supplier_code=00100012&order_time=2021-01-21 HTTP/1.1" 302 -
222.69.133.109 - - [21/Jan/2021:11:04:31 +0800] "GET /xingrg/all/function/internal_message.html?_=1611198271913&CODE_STATE=getMsg HTTP/1.1" 200 27
222.69.133.109 - - [21/Jan/2021:11:04:31 +0800] "GET /xingrg/check_reg.html?_=1611198271916 HTTP/1.1" 200 22
120.253.135.82 - - [21/Jan/2021:11:04:33 +0800] "POST /xingrg/kc/pszx/mdps_list_operate.html HTTP/1.1" 200 612
180.175.150.119 - - [21/Jan/2021:11:04:33 +0800] "POST /xingrg/kc/buy/cgsh_order_operate.html HTTP/1.1" 200 12
117.185.32.26 - - [21/Jan/2021:11:04:33 +0800] "GET /xingrg/all/function/internal_message.html?_=1611198266718&CODE_STATE=getMsg HTTP/1.1" 200 27
120.253.135.82 - - [21/Jan/2021:11:04:34 +0800] "GET /xingrg/kc/pszx/mdps_order_info.html?code=312021012000609 HTTP/1.1" 200 23881
120.253.135.82 - - [21/Jan/2021:11:04:34 +0800] "GET /xingrg/javascript/easyui/themes/default/validatebox.css HTTP/1.1" 404 1104
120.253.135.82 - - [21/Jan/2021:11:04:34 +0800] "POST /xingrg/kc/pszx/mdps_order_operate.html HTTP/1.1" 200 5284
61.165.42.208 - - [21/Jan/2021:11:04:34 +0800] "GET /xingrg/kc/base/wldb_order_operate.html?command=get_materiel&rest_code=00105&base_code=0010507&code=00101019374 HTTP/1.1" 200 453
180.175.150.119 - - [21/Jan/2021:11:04:34 +0800] "GET /xingrg/all/function/internal_message.html?_=1611198276691&CODE_STATE=getMsg HTTP/1.1" 200 27
101.89.239.245 - - [21/Jan/2021:11:04:37 +0800] "GET /xingrg/login.html HTTP/1.1" 200 7641
116.228.172.94 - - [21/Jan/2021:11:04:37 +0800] "POST /xingrg/kc/buy/cgsh_order_operate.html HTTP/1.1" 200 37
58.37.230.33 - - [21/Jan/2021:11:04:37 +0800] "GET /xingrg/kc/buy/cgsh_order_operate.html?command=get_materiel&rest_code=00141&code=00101004023&supplier_code=00100312&order_time=2021-01-21 HTTP/1.1" 200 409
61.165.42.208 - - [21/Jan/2021:11:04:38 +0800] "GET /xingrg/kc/buy/cgsh_order_operate.html?command=get_materiel&rest_code=00105&code=00101004030&supplier_code=00100312&order_time=2021-01-21 HTTP/1.1" 200 408
116.228.172.94 - - [21/Jan/2021:11:04:39 +0800] "POST /xingrg/kc/buy/cgsh_order_operate.html HTTP/1.1" 200 2671
116.228.172.94 - - [21/Jan/2021:11:04:40 +0800] "GET /xingrg/kc/print/load_data.html?order_code=212021012109621&kc_code=cgsh&condition= HTTP/1.1" 200 762
61.165.42.208 - - [21/Jan/2021:11:04:43 +0800] "POST /xingrg/kc/base/wldb_order_operate.html HTTP/1.1" 200 37
61.165.42.208 - - [21/Jan/2021:11:04:43 +0800] "POST /xingrg/kc/base/wldb_order_operate.html HTTP/1.1" 200 2703
61.165.42.208 - - [21/Jan/2021:11:04:44 +0800] "GET /xingrg/kc/base/wldb_order_info.html?code=422021012102589 HTTP/1.1" 200 30514
61.165.42.208 - - [21/Jan/2021:11:04:44 +0800] "GET /xingrg/javascript/easyui/themes/default/validatebox.css HTTP/1.1" 404 1104
61.165.42.208 - - [21/Jan/2021:11:04:44 +0800] "POST /xingrg/kc/base/wldb_order_operate.html HTTP/1.1" 200 2703
180.175.150.119 - - [21/Jan/2021:11:04:44 +0800] "GET /xingrg/kc/buy/cgsh_order_info.html?code=212021012109620 HTTP/1.1" 200 56814
120.253.135.82 - - [21/Jan/2021:11:04:45 +0800] "POST /xingrg/kc/pszx/mdps_order_operate.html HTTP/1.1" 200 37
183.192.164.85 - - [21/Jan/2021:11:04:45 +0800] "GET /xingrg/all/function/internal_message.html?_=1611197606929&CODE_STATE=getMsg HTTP/1.1" 302 -
120.253.135.82 - - [21/Jan/2021:11:04:46 +0800] "GET /xingrg/kc/pszx/mdps_order_info.html?code=312021012000609 HTTP/1.1" 200 23881
180.175.150.119 - - [21/Jan/2021:11:04:46 +0800] "GET /xingrg/javascript/easyui/themes/default/validatebox.css HTTP/1.1" 404 1104
120.253.135.82 - - [21/Jan/2021:11:04:46 +0800] "GET /xingrg/javascript/easyui/themes/default/validatebox.css HTTP/1.1" 404 1104
120.253.135.82 - - [21/Jan/2021:11:04:46 +0800] "POST /xingrg/kc/pszx/mdps_order_operate.html HTTP/1.1" 200 5283
180.175.150.119 - - [21/Jan/2021:11:04:46 +0800] "POST /xingrg/kc/buy/cgsh_order_operate.html HTTP/1.1" 200 1808
116.228.172.94 - - [21/Jan/2021:11:04:46 +0800] "GET /xingrg/kc/buy/cgsh_order_add.html HTTP/1.1" 200 62043
116.228.172.94 - - [21/Jan/2021:11:04:47 +0800] "GET /xingrg/javascript/easyui/themes/default/validatebox.css HTTP/1.1" 404 1104
116.228.172.94 - - [21/Jan/2021:11:04:47 +0800] "POST /xingrg/kc/buy/cgsh_order_operate.html HTTP/1.1" 200 8245
101.91.62.99 - - [21/Jan/2021:11:04:48 +0800] "GET /xingrg/kc/buy/cgsh_order_operate.html?command=get_materiel&rest_code=00141&code=00101006168&supplier_code=00100012&order_time=2021-01-21 HTTP/1.1" 302 -
114.86.187.76 - - [21/Jan/2021:11:04:48 +0800] "GET /xingrg/check_reg.html?_=1611198287257 HTTP/1.1" 200 22
58.37.230.33 - - [21/Jan/2021:11:04:49 +0800] "POST /xingrg/kc/buy/cgsh_order_operate.html HTTP/1.1" 200 37
180.175.150.119 - - [21/Jan/2021:11:04:49 +0800] "GET /xingrg/all/function/internal_message.html?_=1611198530912&CODE_STATE=getMsg HTTP/1.1" 200 27
61.165.42.208 - - [21/Jan/2021:11:04:51 +0800] "GET /xingrg/all/function/internal_message.html?_=1611198271443&CODE_STATE=getMsg HTTP/1.1" 200 27
61.165.42.208 - - [21/Jan/2021:11:04:51 +0800] "POST /xingrg/kc/buy/cgsh_order_operate.html HTTP/1.1" 200 37
183.192.164.85 - - [21/Jan/2021:11:04:51 +0800] "GET /xingrg/login.html HTTP/1.1" 200 7641
58.37.230.33 - - [21/Jan/2021:11:04:52 +0800] "POST /xingrg/kc/buy/cgsh_order_operate.html HTTP/1.1" 200 12
61.165.42.208 - - [21/Jan/2021:11:04:52 +0800] "POST /xingrg/kc/buy/cgsh_order_operate.html HTTP/1.1" 200 6222
58.37.230.33 - - [21/Jan/2021:11:04:53 +0800] "GET /xingrg/kc/buy/cgsh_order_info.html?code=212021012109622 HTTP/1.1" 200 56867
101.91.62.99 - - [21/Jan/2021:11:04:53 +0800] "GET /xingrg/login.html HTTP/1.1" 200 7641
58.37.230.33 - - [21/Jan/2021:11:04:53 +0800] "GET /xingrg/javascript/easyui/themes/default/validatebox.css HTTP/1.1" 404 1104
58.37.230.33 - - [21/Jan/2021:11:04:53 +0800] "GET /xingrg/all/function/internal_message.html?_=1611198310895&CODE_STATE=getMsg HTTP/1.1" 200 27
58.37.230.33 - - [21/Jan/2021:11:04:54 +0800] "POST /xingrg/kc/buy/cgsh_order_operate.html HTTP/1.1" 200 4161
61.165.42.208 - - [21/Jan/2021:11:04:54 +0800] "GET /xingrg/kc/print/load_data.html?order_code=212021012109623&kc_code=cgsh&condition= HTTP/1.1" 200 2040
101.89.29.78 - - [21/Jan/2021:11:04:54 +0800] "GET /xingrg/check_reg.html?_=1611197631405 HTTP/1.1" 302 -
58.37.230.33 - - [21/Jan/2021:11:04:54 +0800] "GET /xingrg/all/function/internal_message.html?_=1611198291420&CODE_STATE=getMsg HTTP/1.1" 200 27
120.253.135.82 - - [21/Jan/2021:11:04:55 +0800] "GET /xingrg/login.html HTTP/1.1" 200 7641
120.253.135.82 - - [21/Jan/2021:11:04:55 +0800] "GET /xingrg/images/blue/jxLogo.png HTTP/1.1" 304 -
120.253.135.82 - - [21/Jan/2021:11:04:55 +0800] "GET /xingrg/images/blue/hj.png HTTP/1.1" 304 -
120.253.135.82 - - [21/Jan/2021:11:04:55 +0800] "GET /xingrg/images/blue/login_bg.png HTTP/1.1" 304 -
120.253.135.82 - - [21/Jan/2021:11:04:55 +0800] "GET /xingrg/images/blue/srbg.png HTTP/1.1" 304 -
120.253.135.82 - - [21/Jan/2021:11:04:55 +0800] "GET /favicon.ico HTTP/1.1" 404 -
180.175.150.119 - - [21/Jan/2021:11:04:55 +0800] "GET /xingrg/kc/print/load_data.html?order_code=212021012109620&kc_code=cgsh&condition= HTTP/1.1" 200 1199
116.232.52.42 - - [21/Jan/2021:11:04:55 +0800] "GET /xingrg/login.html HTTP/1.1" 200 7641
222.69.136.55 - - [21/Jan/2021:11:04:56 +0800] "GET /xingrg/all/function/internal_message.html?_=1611198291325&CODE_STATE=getMsg HTTP/1.1" 200 27
58.37.230.33 - - [21/Jan/2021:11:04:56 +0800] "GET /xingrg/kc/print/load_data.html?order_code=212021012109622&kc_code=cgsh&condition= HTTP/1.1" 200 2071
116.232.52.42 - - [21/Jan/2021:11:04:56 +0800] "GET /favicon.ico HTTP/1.1" 404 -
61.165.42.208 - - [21/Jan/2021:11:04:57 +0800] "GET /xingrg/kc/buy/cgsh_order_add.html HTTP/1.1" 200 62002
116.232.52.42 - - [21/Jan/2021:11:04:58 +0800] "POST /xingrg/login.do HTTP/1.1" 302 -
183.192.164.85 - - [21/Jan/2021:11:04:58 +0800] "GET /xingrg/kc/print/load_data.html?order_code=212021012109592&kc_code=cgsh HTTP/1.1" 302 -
116.232.52.42 - - [21/Jan/2021:11:04:58 +0800] "GET /xingrg/index.html?sysBaseUrl=http%3A%2F%2F180.169.147.146%3A18081%2Fxingrg%2F&costTime=65×tamp=1611198298160 HTTP/1.1" 200 17173
61.165.42.208 - - [21/Jan/2021:11:04:58 +0800] "POST /xingrg/kc/buy/cgsh_order_operate.html HTTP/1.1" 200 8245
61.165.42.208 - - [21/Jan/2021:11:04:58 +0800] "GET /xingrg/javascript/easyui/themes/default/validatebox.css HTTP/1.1" 404 1104
120.253.135.82 - - [21/Jan/2021:11:04:58 +0800] "POST /xingrg/login.do HTTP/1.1" 302 -
116.232.52.42 - - [21/Jan/2021:11:04:58 +0800] "POST /xingrg/all/common/load_tree.html?tree=area_rest_tree_json&manage=1 HTTP/1.1" 200 342
120.253.135.82 - - [21/Jan/2021:11:04:58 +0800] "GET /xingrg/javascript/jquery_easy_ui/themes/default/easyui.css HTTP/1.1" 304 -
120.253.135.82 - - [21/Jan/2021:11:04:58 +0800] "GET /xingrg/javascript/jquery_easy_ui/themes/icon.css HTTP/1.1" 304 -
116.232.52.42 - - [21/Jan/2021:11:04:58 +0800] "GET /xingrg/all/function/internal_message.html?_=1611198319947&CODE_STATE=count HTTP/1.1" 200 11
116.232.52.42 - - [21/Jan/2021:11:04:58 +0800] "GET /xingrg/check_reg.html?_=1611198319948 HTTP/1.1" 200 22
116.232.52.42 - - [21/Jan/2021:11:04:58 +0800] "POST /xingrg/load_menu.html HTTP/1.1" 200 5138
120.253.135.82 - - [21/Jan/2021:11:04:58 +0800] "GET /xingrg/css/form.css HTTP/1.1" 304 -
120.253.135.82 - - [21/Jan/2021:11:04:58 +0800] "GET /xingrg/javascript/jquery-1.4.2.min.js HTTP/1.1" 304 -
120.253.135.82 - - [21/Jan/2021:11:04:58 +0800] "GET /xingrg/javascript/jquery_easy_ui/jquery.easyui.min.js HTTP/1.1" 304 -
120.253.135.82 - - [21/Jan/2021:11:04:58 +0800] "GET /xingrg/javascript/jquery_easy_ui/easyui-lang-zh_CN.js HTTP/1.1" 304 -
120.253.135.82 - - [21/Jan/2021:11:04:58 +0800] "GET /xingrg/index.html?sysBaseUrl=http%3A%2F%2F180.169.147.146%3A18081%2Fxingrg%2F&costTime=37×tamp=1611198298585 HTTP/1.1" 200 17173
120.253.135.82 - - [21/Jan/2021:11:04:58 +0800] "GET /xingrg/javascript/jquery.timers.js HTTP/1.1" 304 -
120.253.135.82 - - [21/Jan/2021:11:04:58 +0800] "GET /xingrg/javascript/jquery.form.js HTTP/1.1" 304 -
120.253.135.82 - - [21/Jan/2021:11:04:58 +0800] "GET /xingrg/javascript/jquery.utils.js HTTP/1.1" 304 -
120.253.135.82 - - [21/Jan/2021:11:04:58 +0800] "GET /favicon.ico HTTP/1.1" 404 -
120.253.135.82 - - [21/Jan/2021:11:04:58 +0800] "GET /xingrg/javascript/jquery_easy_ui/themes/icons/settle_new.png HTTP/1.1" 304 -
120.253.135.82 - - [21/Jan/2021:11:04:58 +0800] "GET /xingrg/images/blue/navBackgound.jpg HTTP/1.1" 304 -
120.253.135.82 - - [21/Jan/2021:11:04:59 +0800] "POST /xingrg/all/common/load_tree.html?tree=area_rest_tree_json&manage=1 HTTP/1.1" 200 344
120.253.135.82 - - [21/Jan/2021:11:04:59 +0800] "GET /xingrg/images/blue/pingpu.png HTTP/1.1" 304 -
120.253.135.82 - - [21/Jan/2021:11:04:59 +0800] "GET /xingrg/javascript/jquery_easy_ui/themes/default/images/tabs_leftarrow.png HTTP/1.1" 304 -
120.253.135.82 - - [21/Jan/2021:11:04:59 +0800] "GET /xingrg/javascript/jquery_easy_ui/themes/default/images/tabs_rightarrow.png HTTP/1.1" 304 -
120.253.135.82 - - [21/Jan/2021:11:04:59 +0800] "GET /xingrg/javascript/jquery_easy_ui/themes/default/images/panel_tool_collapse.gif HTTP/1.1" 304 -
120.253.135.82 - - [21/Jan/2021:11:04:59 +0800] "GET /xingrg/check_reg.html?_=1611198057978 HTTP/1.1" 200 22
120.253.135.82 - - [21/Jan/2021:11:04:59 +0800] "GET /xingrg/all/function/internal_message.html?_=1611198057978&CODE_STATE=count HTTP/1.1" 200 11
101.89.29.78 - - [21/Jan/2021:11:04:59 +0800] "GET /xingrg/login.html HTTP/1.1" 200 7641
120.253.135.82 - - [21/Jan/2021:11:04:59 +0800] "POST /xingrg/load_menu.html HTTP/1.1" 200 6743
120.253.135.82 - - [21/Jan/2021:11:04:59 +0800] "GET /xingrg/javascript/jquery_easy_ui/themes/default/images/tree_arrows.gif HTTP/1.1" 304 -
120.253.135.82 - - [21/Jan/2021:11:04:59 +0800] "GET /xingrg/javascript/jquery_easy_ui/themes/icons/delivery_new.png HTTP/1.1" 304 -
120.253.135.82 - - [21/Jan/2021:11:04:59 +0800] "GET /xingrg/javascript/jquery_easy_ui/themes/default/images/tree_folder_open.gif HTTP/1.1" 304 -
120.253.135.82 - - [21/Jan/2021:11:04:59 +0800] "GET /xingrg/javascript/jquery_easy_ui/themes/icons/search_new.png HTTP/1.1" 304 -
120.253.135.82 - - [21/Jan/2021:11:04:59 +0800] "GET /xingrg/javascript/jquery_easy_ui/themes/icons/forms_new.png HTTP/1.1" 304 -
120.253.135.82 - - [21/Jan/2021:11:04:59 +0800] "GET /xingrg/javascript/jquery_easy_ui/themes/icons/storage_new.png HTTP/1.1" 304 -
120.253.135.82 - - [21/Jan/2021:11:04:59 +0800] "GET /xingrg/javascript/jquery_easy_ui/themes/default/images/tree_file.gif HTTP/1.1" 304 -
120.253.135.82 - - [21/Jan/2021:11:04:59 +0800] "GET /xingrg/javascript/jquery_easy_ui/themes/default/images/tree_folder.gif HTTP/1.1" 304 -
116.228.172.94 - - [21/Jan/2021:11:05:01 +0800] "GET /xingrg/javascript/easyui/themes/default/tree.css HTTP/1.1" 404 1090
116.228.172.94 - - [21/Jan/2021:11:05:01 +0800] "POST /xingrg/all/common/load_tree.html?tree=supplier_tree_json&isDelete=1 HTTP/1.1" 200 54555
58.37.230.33 - - [21/Jan/2021:11:05:02 +0800] "GET /xingrg/kc/buy/cgsh_order_add.html HTTP/1.1" 200 61961
120.253.135.82 - - [21/Jan/2021:11:05:02 +0800] "GET /xingrg/javascript/jquery_easy_ui/themes/default/images/tabs_close.gif HTTP/1.1" 304 -
120.253.135.82 - - [21/Jan/2021:11:05:02 +0800] "GET /xingrg/javascript/jquery_tools/datebox.css HTTP/1.1" 304 -
120.253.135.82 - - [21/Jan/2021:11:05:02 +0800] "GET /xingrg/css/base.css HTTP/1.1" 304 -
120.253.135.82 - - [21/Jan/2021:11:05:02 +0800] "GET /xingrg/javascript/easyui/themes/icon.css HTTP/1.1" 304 -
120.253.135.82 - - [21/Jan/2021:11:05:02 +0800] "GET /xingrg/css/site.css HTTP/1.1" 304 -
120.253.135.82 - - [21/Jan/2021:11:05:02 +0800] "GET /xingrg/javascript/easyui/themes/default/easyui.css HTTP/1.1" 304 -
120.253.135.82 - - [21/Jan/2021:11:05:02 +0800] "GET /xingrg/javascript/jquery_tools/table.css HTTP/1.1" 304 -
120.253.135.82 - - [21/Jan/2021:11:05:02 +0800] "GET /xingrg/kc/pszx/mdps_order_list.html?orderType=0 HTTP/1.1" 200 21153
