180.169.147.146 - - [21/Jan/2021:10:51:54 +0800] "GET /xingrg/javascript/jquery_easy_ui/easyui-lang-zh_CN.js HTTP/1.1" 304 -
180.169.147.146 - - [21/Jan/2021:10:51:54 +0800] "GET /xingrg/javascript/jquery.form.js HTTP/1.1" 304 -
180.169.147.146 - - [21/Jan/2021:10:51:54 +0800] "GET /xingrg/javascript/jquery.utils.js HTTP/1.1" 304 -
180.169.147.146 - - [21/Jan/2021:10:51:54 +0800] "GET /xingrg/javascript/jquery.timers.js HTTP/1.1" 304 -
180.169.147.146 - - [21/Jan/2021:10:51:54 +0800] "GET /xingrg/images/blue/jxLogo.png HTTP/1.1" 304 -
180.169.147.146 - - [21/Jan/2021:10:51:54 +0800] "GET /xingrg/javascript/jquery_easy_ui/themes/icons/settle_new.png HTTP/1.1" 304 -
180.169.147.146 - - [21/Jan/2021:10:51:54 +0800] "GET /xingrg/images/blue/navBackgound.jpg HTTP/1.1" 304 -
180.169.147.146 - - [21/Jan/2021:10:51:54 +0800] "POST /xingrg/all/common/load_tree.html?tree=area_rest_tree_json&manage=1 HTTP/1.1" 200 3344
180.169.147.146 - - [21/Jan/2021:10:51:54 +0800] "GET /xingrg/all/function/internal_message.html?_=1611197512104&CODE_STATE=count HTTP/1.1" 200 11
180.169.147.146 - - [21/Jan/2021:10:51:54 +0800] "GET /xingrg/check_reg.html?_=1611197512105 HTTP/1.1" 200 22
180.169.147.146 - - [21/Jan/2021:10:51:54 +0800] "GET /xingrg/javascript/jquery_easy_ui/themes/default/images/panel_tool_expand.gif HTTP/1.1" 304 -
180.169.147.146 - - [21/Jan/2021:10:51:54 +0800] "GET /xingrg/javascript/jquery_easy_ui/themes/default/images/tabs_leftarrow.png HTTP/1.1" 304 -
180.169.147.146 - - [21/Jan/2021:10:51:55 +0800] "GET /xingrg/javascript/jquery_easy_ui/themes/default/images/tabs_rightarrow.png HTTP/1.1" 304 -
180.169.147.146 - - [21/Jan/2021:10:51:55 +0800] "GET /xingrg/images/blue/pingpu.png HTTP/1.1" 304 -
180.169.147.146 - - [21/Jan/2021:10:51:55 +0800] "GET /xingrg/javascript/jquery_easy_ui/themes/default/images/panel_tool_collapse.gif HTTP/1.1" 304 -
180.169.147.146 - - [21/Jan/2021:10:51:55 +0800] "POST /xingrg/load_menu.html HTTP/1.1" 200 9959
180.175.150.119 - - [21/Jan/2021:10:51:55 +0800] "POST /xingrg/kc/buy/cgsh_list_operate.html HTTP/1.1" 200 876
117.184.7.30 - - [21/Jan/2021:10:51:55 +0800] "GET /xingrg/kc/mdqp/qqps_order_list.html HTTP/1.1" 200 9222
117.184.7.30 - - [21/Jan/2021:10:51:55 +0800] "GET /xingrg/dwr/interface/AjaxQqpsService.js HTTP/1.1" 200 16326
117.184.7.30 - - [21/Jan/2021:10:51:55 +0800] "GET /xingrg/dwr/interface/AjaxReportQueryService.js HTTP/1.1" 200 13203
117.184.7.30 - - [21/Jan/2021:10:51:55 +0800] "GET /xingrg/dwr/engine.js HTTP/1.1" 200 43631
180.169.147.146 - - [21/Jan/2021:10:51:56 +0800] "GET /xingrg/kc/buy/buy_main.html HTTP/1.1" 200 12412
180.169.147.146 - - [21/Jan/2021:10:51:56 +0800] "GET /xingrg/css/new_ie.css HTTP/1.1" 404 1036
222.69.136.55 - - [21/Jan/2021:10:51:56 +0800] "GET /xingrg/all/function/internal_message.html?_=1611197511559&CODE_STATE=getMsg HTTP/1.1" 200 27
180.175.150.119 - - [21/Jan/2021:10:51:56 +0800] "GET /xingrg/kc/buy/cgsh_order_add.html HTTP/1.1" 200 61920
180.175.150.119 - - [21/Jan/2021:10:51:56 +0800] "GET /xingrg/javascript/pic_change.js HTTP/1.1" 304 -
180.175.150.119 - - [21/Jan/2021:10:51:56 +0800] "GET /xingrg/javascript/jquery_tools/order_manager.js HTTP/1.1" 304 -
180.175.150.119 - - [21/Jan/2021:10:51:56 +0800] "GET /xingrg/javascript/convert.js HTTP/1.1" 304 -
180.175.150.119 - - [21/Jan/2021:10:51:56 +0800] "GET /xingrg/javascript/json2.js HTTP/1.1" 304 -
180.175.150.119 - - [21/Jan/2021:10:51:56 +0800] "GET /xingrg/javascript/print/kc_print.js HTTP/1.1" 304 -
180.175.150.119 - - [21/Jan/2021:10:51:56 +0800] "GET /xingrg/words/20210120105349_words.js HTTP/1.1" 304 -
180.169.147.146 - - [21/Jan/2021:10:51:56 +0800] "GET /xingrg/images/yd/bt.gif HTTP/1.1" 404 1040
222.69.136.55 - - [21/Jan/2021:10:51:56 +0800] "GET /xingrg/check_reg.html?_=1611197511991 HTTP/1.1" 200 22
180.175.150.119 - - [21/Jan/2021:10:51:57 +0800] "POST /xingrg/kc/buy/cgsh_order_operate.html HTTP/1.1" 200 8245
180.169.147.146 - - [21/Jan/2021:10:51:57 +0800] "GET /xingrg/kc/buy/cgsh_order_list.html HTTP/1.1" 200 46478
180.175.150.119 - - [21/Jan/2021:10:51:57 +0800] "GET /xingrg/all/common/auto_word.html?type=employee&rest_code=00102 HTTP/1.1" 200 189
180.175.150.119 - - [21/Jan/2021:10:51:57 +0800] "GET /xingrg/all/common/auto_word.html?type=employee&rest_code=00102 HTTP/1.1" 200 189
180.175.150.119 - - [21/Jan/2021:10:51:57 +0800] "GET /xingrg/javascript/easyui/themes/default/validatebox.css HTTP/1.1" 404 1104
180.175.150.119 - - [21/Jan/2021:10:51:57 +0800] "GET /xingrg/javascript/easyui/plugins/jquery.validatebox.js HTTP/1.1" 304 -
180.175.150.119 - - [21/Jan/2021:10:51:57 +0800] "GET /xingrg/javascript/easyui/plugins/jquery.numberbox.js HTTP/1.1" 304 -
116.228.172.94 - - [21/Jan/2021:10:51:57 +0800] "POST /xingrg/kc/buy/cgsh_order_operate.html HTTP/1.1" 200 37
58.37.230.33 - - [21/Jan/2021:10:51:58 +0800] "GET /xingrg/kc/buy/cgsh_order_info.html?code=212021012109587 HTTP/1.1" 200 56863
180.175.150.119 - - [21/Jan/2021:10:51:58 +0800] "GET /xingrg/javascript/auto/indicator.gif HTTP/1.1" 404 1066
180.169.147.146 - - [21/Jan/2021:10:51:58 +0800] "POST /xingrg/kc/buy/cgsh_list_operate.html HTTP/1.1" 200 876
58.37.230.33 - - [21/Jan/2021:10:51:58 +0800] "GET /xingrg/javascript/easyui/themes/default/validatebox.css HTTP/1.1" 404 1104
117.184.7.30 - - [21/Jan/2021:10:51:58 +0800] "GET /xingrg/kc/mdqp/qqps_order_list.html?isQuery=1&timeSelect=1&orderTime=day&startTime=2021-01-20&endTime=2021-01-21&state=all&query=%C8%B7++%B6%A8 HTTP/1.1" 200 10575
117.184.7.30 - - [21/Jan/2021:10:51:58 +0800] "GET /xingrg/dwr/interface/AjaxQqpsService.js HTTP/1.1" 200 16326
58.37.230.33 - - [21/Jan/2021:10:51:58 +0800] "POST /xingrg/kc/buy/cgsh_order_operate.html HTTP/1.1" 200 608
116.228.172.94 - - [21/Jan/2021:10:51:58 +0800] "POST /xingrg/kc/buy/cgsh_order_operate.html HTTP/1.1" 200 5632
117.184.7.30 - - [21/Jan/2021:10:51:58 +0800] "GET /xingrg/dwr/interface/AjaxReportQueryService.js HTTP/1.1" 200 13203
117.184.7.30 - - [21/Jan/2021:10:51:58 +0800] "GET /xingrg/dwr/engine.js HTTP/1.1" 200 43631
58.37.230.33 - - [21/Jan/2021:10:51:59 +0800] "GET /xingrg/kc/print/load_data.html?order_code=212021012109587&kc_code=cgsh&condition= HTTP/1.1" 200 703
117.184.7.30 - - [21/Jan/2021:10:51:59 +0800] "GET /xingrg/kc/mdqp/qqps_order_add.html HTTP/1.1" 200 27996
117.184.7.30 - - [21/Jan/2021:10:51:59 +0800] "GET /xingrg/dwr/interface/AjaxComOrderService.js HTTP/1.1" 200 18264
117.184.7.30 - - [21/Jan/2021:10:51:59 +0800] "GET /xingrg/dwr/interface/AjaxQqpsService.js HTTP/1.1" 200 16326
117.184.7.30 - - [21/Jan/2021:10:51:59 +0800] "GET /xingrg/dwr/engine.js HTTP/1.1" 200 43631
117.184.7.30 - - [21/Jan/2021:10:52:00 +0800] "GET /xingrg/words/20210120105349_words.js HTTP/1.1" 304 -
180.175.150.119 - - [21/Jan/2021:10:52:00 +0800] "GET /xingrg/javascript/jquery_tools/images/prev.gif HTTP/1.1" 404 1086
180.175.150.119 - - [21/Jan/2021:10:52:00 +0800] "GET /xingrg/javascript/jquery_tools/images/next.gif HTTP/1.1" 404 1086
116.228.172.94 - - [21/Jan/2021:10:52:01 +0800] "GET /xingrg/kc/print/load_data.html?order_code=212021012109588&kc_code=cgsh&condition= HTTP/1.1" 200 1882
180.169.147.146 - - [21/Jan/2021:10:52:03 +0800] "GET /xingrg/all/function/internal_message.html?_=1611197523751&CODE_STATE=getMsg HTTP/1.1" 200 27
58.37.230.33 - - [21/Jan/2021:10:52:03 +0800] "GET /xingrg/kc/buy/cgsh_order_add.html HTTP/1.1" 200 61961
114.88.166.193 - - [21/Jan/2021:10:52:04 +0800] "POST /xingrg/kc/buy/cgsh_order_operate.html HTTP/1.1" 200 37
58.37.230.33 - - [21/Jan/2021:10:52:04 +0800] "POST /xingrg/kc/buy/cgsh_order_operate.html HTTP/1.1" 200 8245
58.37.230.33 - - [21/Jan/2021:10:52:04 +0800] "GET /xingrg/javascript/easyui/themes/default/validatebox.css HTTP/1.1" 404 1104
114.88.166.193 - - [21/Jan/2021:10:52:05 +0800] "POST /xingrg/kc/buy/cgsh_order_operate.html HTTP/1.1" 200 2657
180.175.150.119 - - [21/Jan/2021:10:52:06 +0800] "GET /xingrg/kc/buy/cgsh_order_operate.html?command=get_materiel&rest_code=00102&code=00101008210&supplier_code=00100008&order_time=2021-01-21 HTTP/1.1" 200 408
116.228.172.94 - - [21/Jan/2021:10:52:06 +0800] "GET /xingrg/kc/buy/cgsh_order_add.html HTTP/1.1" 200 62043
61.165.42.208 - - [21/Jan/2021:10:52:06 +0800] "GET /xingrg/all/function/internal_message.html?_=1611197527796&CODE_STATE=getMsg HTTP/1.1" 200 27
180.169.147.146 - - [21/Jan/2021:10:52:06 +0800] "GET /xingrg/all/function/internal_message.html?_=1611197526733&CODE_STATE=getMsg HTTP/1.1" 200 27
116.228.172.94 - - [21/Jan/2021:10:52:07 +0800] "GET /xingrg/javascript/easyui/themes/default/validatebox.css HTTP/1.1" 404 1104
116.228.172.94 - - [21/Jan/2021:10:52:07 +0800] "POST /xingrg/kc/buy/cgsh_order_operate.html HTTP/1.1" 200 8245
222.70.209.13 - - [21/Jan/2021:10:52:07 +0800] "GET /xingrg/login.html HTTP/1.1" 200 7641
114.88.166.193 - - [21/Jan/2021:10:52:07 +0800] "GET /xingrg/kc/print/load_data.html?order_code=212021012109589&kc_code=cgsh&condition= HTTP/1.1" 200 670
116.228.172.94 - - [21/Jan/2021:10:52:08 +0800] "GET /xingrg/javascript/easyui/themes/default/tree.css HTTP/1.1" 404 1090
117.184.7.30 - - [21/Jan/2021:10:52:08 +0800] "POST /xingrg/dwr/call/plaincall/AjaxQqpsService.saveOrder.dwr HTTP/1.1" 200 78
116.228.172.94 - - [21/Jan/2021:10:52:08 +0800] "POST /xingrg/all/common/load_tree.html?tree=supplier_tree_json&isDelete=1 HTTP/1.1" 200 54555
61.165.42.208 - - [21/Jan/2021:10:52:08 +0800] "GET /xingrg/check_reg.html?_=1611197529865 HTTP/1.1" 200 22
222.70.209.13 - - [21/Jan/2021:10:52:09 +0800] "GET /xingrg/images/blue/jxLogo.png HTTP/1.1" 304 -
222.70.209.13 - - [21/Jan/2021:10:52:09 +0800] "GET /xingrg/images/blue/login_bg.png HTTP/1.1" 304 -
222.70.209.13 - - [21/Jan/2021:10:52:09 +0800] "GET /xingrg/images/blue/hj.png HTTP/1.1" 304 -
222.70.209.13 - - [21/Jan/2021:10:52:09 +0800] "GET /xingrg/images/blue/srbg.png HTTP/1.1" 304 -
222.70.209.13 - - [21/Jan/2021:10:52:09 +0800] "GET /favicon.ico HTTP/1.1" 404 -
117.184.7.30 - - [21/Jan/2021:10:52:09 +0800] "GET /xingrg/javascript/auto/indicator.gif HTTP/1.1" 404 1066
117.184.7.30 - - [21/Jan/2021:10:52:10 +0800] "POST /xingrg/dwr/call/plaincall/AjaxQqpsService.getMaterielByCode.dwr HTTP/1.1" 200 2604
180.175.150.119 - - [21/Jan/2021:10:52:12 +0800] "GET /xingrg/kc/buy/cgsh_order_operate.html?command=get_materiel&rest_code=00102&code=00101008132&supplier_code=00100008&order_time=2021-01-21 HTTP/1.1" 200 408
218.81.223.240 - - [21/Jan/2021:10:52:12 +0800] "GET /xingrg/all/function/internal_message.html?_=1611197529083&CODE_STATE=getMsg HTTP/1.1" 200 27
180.169.147.146 - - [21/Jan/2021:10:52:14 +0800] "GET /xingrg/all/function/internal_message.html?_=1611197532208&CODE_STATE=getMsg HTTP/1.1" 200 27
180.156.237.57 - - [21/Jan/2021:10:52:14 +0800] "GET /xingrg/all/function/internal_message.html?_=1611197513929&CODE_STATE=getMsg HTTP/1.1" 200 27
117.184.7.30 - - [21/Jan/2021:10:52:14 +0800] "POST /xingrg/dwr/call/plaincall/AjaxQqpsService.saveMaterielItem.dwr HTTP/1.1" 200 78
222.70.209.13 - - [21/Jan/2021:10:52:15 +0800] "POST /xingrg/login.do HTTP/1.1" 302 -
222.70.209.13 - - [21/Jan/2021:10:52:15 +0800] "GET /xingrg/index.html?sysBaseUrl=http%3A%2F%2F180.169.147.146%3A18081%2Fxingrg%2F&costTime=60×tamp=1611197535656 HTTP/1.1" 200 17503
222.70.209.13 - - [21/Jan/2021:10:52:15 +0800] "GET /xingrg/javascript/jquery_easy_ui/themes/default/easyui.css HTTP/1.1" 304 -
222.70.209.13 - - [21/Jan/2021:10:52:15 +0800] "GET /xingrg/javascript/jquery_easy_ui/themes/icon.css HTTP/1.1" 304 -
222.70.209.13 - - [21/Jan/2021:10:52:15 +0800] "GET /xingrg/css/form.css HTTP/1.1" 304 -
222.70.209.13 - - [21/Jan/2021:10:52:15 +0800] "GET /xingrg/javascript/jquery.form.js HTTP/1.1" 304 -
222.70.209.13 - - [21/Jan/2021:10:52:15 +0800] "GET /xingrg/javascript/jquery.utils.js HTTP/1.1" 304 -
222.70.209.13 - - [21/Jan/2021:10:52:15 +0800] "GET /xingrg/javascript/jquery-1.4.2.min.js HTTP/1.1" 304 -
222.70.209.13 - - [21/Jan/2021:10:52:15 +0800] "GET /xingrg/javascript/jquery_easy_ui/easyui-lang-zh_CN.js HTTP/1.1" 304 -
222.70.209.13 - - [21/Jan/2021:10:52:15 +0800] "GET /xingrg/javascript/jquery_easy_ui/jquery.easyui.min.js HTTP/1.1" 304 -
222.70.209.13 - - [21/Jan/2021:10:52:15 +0800] "GET /xingrg/javascript/jquery.timers.js HTTP/1.1" 304 -
222.70.209.13 - - [21/Jan/2021:10:52:15 +0800] "GET /xingrg/images/blue/navBackgound.jpg HTTP/1.1" 304 -
222.70.209.13 - - [21/Jan/2021:10:52:15 +0800] "GET /xingrg/javascript/jquery_easy_ui/themes/icons/settle_new.png HTTP/1.1" 304 -
222.70.209.13 - - [21/Jan/2021:10:52:15 +0800] "GET /favicon.ico HTTP/1.1" 404 -
222.70.209.13 - - [21/Jan/2021:10:52:15 +0800] "GET /xingrg/images/blue/pingpu.png HTTP/1.1" 304 -
222.70.209.13 - - [21/Jan/2021:10:52:15 +0800] "POST /xingrg/all/common/load_tree.html?tree=area_rest_tree_json&manage=1 HTTP/1.1" 200 3344
222.70.209.13 - - [21/Jan/2021:10:52:15 +0800] "GET /xingrg/javascript/jquery_easy_ui/themes/default/images/tabs_leftarrow.png HTTP/1.1" 304 -
222.70.209.13 - - [21/Jan/2021:10:52:15 +0800] "GET /xingrg/javascript/jquery_easy_ui/themes/default/images/tabs_rightarrow.png HTTP/1.1" 304 -
222.70.209.13 - - [21/Jan/2021:10:52:15 +0800] "GET /xingrg/javascript/jquery_easy_ui/themes/default/images/panel_tool_expand.gif HTTP/1.1" 304 -
222.70.209.13 - - [21/Jan/2021:10:52:15 +0800] "GET /xingrg/javascript/jquery_easy_ui/themes/default/images/panel_tool_collapse.gif HTTP/1.1" 304 -
222.70.209.13 - - [21/Jan/2021:10:52:16 +0800] "GET /xingrg/all/function/internal_message.html?_=1611197531478&CODE_STATE=count HTTP/1.1" 200 11
222.70.209.13 - - [21/Jan/2021:10:52:16 +0800] "GET /xingrg/check_reg.html?_=1611197531481 HTTP/1.1" 200 22
222.70.209.13 - - [21/Jan/2021:10:52:16 +0800] "POST /xingrg/load_menu.html HTTP/1.1" 200 11564
222.70.209.13 - - [21/Jan/2021:10:52:16 +0800] "GET /xingrg/javascript/jquery_easy_ui/themes/default/images/tree_arrows.gif HTTP/1.1" 304 -
180.175.150.119 - - [21/Jan/2021:10:52:16 +0800] "GET /xingrg/kc/buy/cgsh_order_operate.html?command=get_materiel&rest_code=00102&code=00101008257&supplier_code=00100008&order_time=2021-01-21 HTTP/1.1" 200 416
222.70.209.13 - - [21/Jan/2021:10:52:16 +0800] "GET /xingrg/javascript/jquery_easy_ui/themes/default/images/tree_folder_open.gif HTTP/1.1" 304 -
222.70.209.13 - - [21/Jan/2021:10:52:16 +0800] "GET /xingrg/javascript/jquery_easy_ui/themes/icons/storage_new.png HTTP/1.1" 304 -
222.70.209.13 - - [21/Jan/2021:10:52:16 +0800] "GET /xingrg/javascript/jquery_easy_ui/themes/icons/delivery_new.png HTTP/1.1" 304 -
222.70.209.13 - - [21/Jan/2021:10:52:16 +0800] "GET /xingrg/javascript/jquery_easy_ui/themes/icons/checkout_new.png HTTP/1.1" 304 -
222.70.209.13 - - [21/Jan/2021:10:52:16 +0800] "GET /xingrg/javascript/jquery_easy_ui/themes/icons/search_new.png HTTP/1.1" 304 -
222.70.209.13 - - [21/Jan/2021:10:52:16 +0800] "GET /xingrg/javascript/jquery_easy_ui/themes/icons/setting_new.png HTTP/1.1" 304 -
222.70.209.13 - - [21/Jan/2021:10:52:16 +0800] "GET /xingrg/javascript/jquery_easy_ui/themes/icons/systemset_new.png HTTP/1.1" 304 -
222.70.209.13 - - [21/Jan/2021:10:52:16 +0800] "GET /xingrg/javascript/jquery_easy_ui/themes/icons/forms_new.png HTTP/1.1" 304 -
117.184.7.30 - - [21/Jan/2021:10:52:16 +0800] "POST /xingrg/dwr/call/plaincall/AjaxQqpsService.checkOrder.dwr HTTP/1.1" 200 78
117.184.7.30 - - [21/Jan/2021:10:52:17 +0800] "GET /xingrg/kc/mdqp/qqps_order_info.html?code=302021012100537 HTTP/1.1" 200 26397
117.184.7.30 - - [21/Jan/2021:10:52:17 +0800] "GET /xingrg/dwr/interface/AjaxQqpsService.js HTTP/1.1" 200 16326
117.184.7.30 - - [21/Jan/2021:10:52:17 +0800] "GET /xingrg/dwr/interface/AjaxComOrderService.js HTTP/1.1" 200 18264
117.184.7.30 - - [21/Jan/2021:10:52:17 +0800] "GET /xingrg/dwr/engine.js HTTP/1.1" 200 43631
114.88.166.193 - - [21/Jan/2021:10:52:17 +0800] "GET /xingrg/kc/buy/cgsh_order_add.html HTTP/1.1" 200 61955
222.70.209.13 - - [21/Jan/2021:10:52:17 +0800] "GET /xingrg/javascript/jquery_easy_ui/themes/icons/area.png HTTP/1.1" 304 -
222.70.209.13 - - [21/Jan/2021:10:52:17 +0800] "GET /xingrg/javascript/jquery_easy_ui/themes/icons/manage.png HTTP/1.1" 304 -
222.70.209.13 - - [21/Jan/2021:10:52:17 +0800] "GET /xingrg/javascript/jquery_easy_ui/themes/icons/rest.png HTTP/1.1" 304 -
222.70.209.13 - - [21/Jan/2021:10:52:18 +0800] "GET /xingrg/javascript/jquery_easy_ui/themes/default/images/button_a_bg.gif HTTP/1.1" 304 -
222.70.209.13 - - [21/Jan/2021:10:52:18 +0800] "GET /xingrg/javascript/jquery_easy_ui/themes/default/images/button_span_bg.gif HTTP/1.1" 304 -
222.70.209.13 - - [21/Jan/2021:10:52:18 +0800] "GET /xingrg/javascript/jquery_easy_ui/themes/icons/ok.png HTTP/1.1" 304 -
222.70.209.13 - - [21/Jan/2021:10:52:18 +0800] "GET /xingrg/javascript/jquery_easy_ui/themes/default/images/panel_tools.gif HTTP/1.1" 304 -
222.70.209.13 - - [21/Jan/2021:10:52:18 +0800] "GET /xingrg/javascript/jquery_easy_ui/themes/default/images/panel_title.png HTTP/1.1" 304 -
117.184.7.30 - - [21/Jan/2021:10:52:18 +0800] "POST /xingrg/dwr/call/plaincall/AjaxQqpsService.loadMaterielItems.dwr HTTP/1.1" 200 335
114.88.166.193 - - [21/Jan/2021:10:52:19 +0800] "POST /xingrg/kc/buy/cgsh_order_operate.html HTTP/1.1" 200 8245
114.88.166.193 - - [21/Jan/2021:10:52:19 +0800] "GET /xingrg/javascript/easyui/themes/default/validatebox.css HTTP/1.1" 404 1104
114.86.187.76 - - [21/Jan/2021:10:52:19 +0800] "POST /xingrg/kc/buy/cgsh_order_operate.html HTTP/1.1" 200 12
222.70.209.13 - - [21/Jan/2021:10:52:20 +0800] "POST /xingrg/load_menu.html HTTP/1.1" 200 10483
58.37.230.33 - - [21/Jan/2021:10:52:20 +0800] "GET /xingrg/kc/buy/cgsh_order_operate.html?command=get_materiel&rest_code=00141&code=00101004090&supplier_code=00100312&order_time=2021-01-21 HTTP/1.1" 200 391
222.70.209.13 - - [21/Jan/2021:10:52:20 +0800] "GET /xingrg/javascript/jquery_easy_ui/themes/default/images/tree_folder.gif HTTP/1.1" 304 -
222.70.209.13 - - [21/Jan/2021:10:52:20 +0800] "GET /xingrg/javascript/jquery_easy_ui/themes/default/images/tree_file.gif HTTP/1.1" 304 -
222.70.209.13 - - [21/Jan/2021:10:52:20 +0800] "GET /xingrg/javascript/jquery_easy_ui/themes/default/images/tabs_close.gif HTTP/1.1" 304 -
222.70.209.13 - - [21/Jan/2021:10:52:20 +0800] "GET /xingrg/all/report/report_query.html?fileName=dma/new_5.0/yingye/order_list.xml HTTP/1.1" 200 55281
222.70.209.13 - - [21/Jan/2021:10:52:20 +0800] "GET /xingrg/css/blue.css HTTP/1.1" 304 -
222.70.209.13 - - [21/Jan/2021:10:52:20 +0800] "GET /xingrg/javascript/multi_select/jqueryMultiSelect.css HTTP/1.1" 304 -
222.70.209.13 - - [21/Jan/2021:10:52:20 +0800] "GET /xingrg/javascript/calendar/timePicker.css HTTP/1.1" 304 -
222.70.209.13 - - [21/Jan/2021:10:52:20 +0800] "GET /xingrg/javascript/bigrid/fix.css HTTP/1.1" 304 -
222.70.209.13 - - [21/Jan/2021:10:52:20 +0800] "GET /xingrg/javascript/pic_change.js HTTP/1.1" 304 -
222.70.209.13 - - [21/Jan/2021:10:52:20 +0800] "GET /xingrg/dwr/util.js HTTP/1.1" 304 -
222.70.209.13 - - [21/Jan/2021:10:52:20 +0800] "GET /xingrg/dwr/interface/AjaxReportQueryService.js HTTP/1.1" 200 13203
222.70.209.13 - - [21/Jan/2021:10:52:20 +0800] "GET /xingrg/javascript/myfunction.js HTTP/1.1" 304 -
222.70.209.13 - - [21/Jan/2021:10:52:20 +0800] "GET /xingrg/javascript/jqueryMultiSelect.js HTTP/1.1" 304 -
222.70.209.13 - - [21/Jan/2021:10:52:20 +0800] "GET /xingrg/javascript/Calendar.js HTTP/1.1" 304 -
222.70.209.13 - - [21/Jan/2021:10:52:20 +0800] "GET /xingrg/javascript/calendar/jquery.timePicker.min.js HTTP/1.1" 304 -
222.70.209.13 - - [21/Jan/2021:10:52:20 +0800] "GET /xingrg/javascript/bigrid/fix.js HTTP/1.1" 304 -
222.70.209.13 - - [21/Jan/2021:10:52:20 +0800] "GET /xingrg/dwr/engine.js HTTP/1.1" 200 43631
222.70.209.13 - - [21/Jan/2021:10:52:21 +0800] "GET /xingrg/images/control/loading.gif HTTP/1.1" 304 -
222.70.209.13 - - [21/Jan/2021:10:52:21 +0800] "GET /xingrg/images/blue/button/advanceover.gif HTTP/1.1" 304 -
222.70.209.13 - - [21/Jan/2021:10:52:21 +0800] "GET /xingrg/images/blue/button/advance2over.gif HTTP/1.1" 304 -
222.70.209.13 - - [21/Jan/2021:10:52:21 +0800] "GET /xingrg/images/blue/button/back2over.gif HTTP/1.1" 304 -
222.70.209.13 - - [21/Jan/2021:10:52:21 +0800] "GET /xingrg/images/blue/button/backover.gif HTTP/1.1" 304 -
222.70.209.13 - - [21/Jan/2021:10:52:21 +0800] "GET /xingrg/javascript/jquery_easy_ui/themes/icons/help.png HTTP/1.1" 304 -
222.70.209.13 - - [21/Jan/2021:10:52:21 +0800] "GET /xingrg/javascript/jquery_easy_ui/themes/default/images/menu_downarrow.png HTTP/1.1" 304 -
222.70.209.13 - - [21/Jan/2021:10:52:21 +0800] "GET /xingrg/javascript/jquery_easy_ui/themes/default/images/menu.gif HTTP/1.1" 304 -
222.70.209.13 - - [21/Jan/2021:10:52:21 +0800] "GET /xingrg/javascript/jquery_easy_ui/themes/icons/print.png HTTP/1.1" 304 -
222.70.209.13 - - [21/Jan/2021:10:52:21 +0800] "GET /xingrg/javascript/jquery_easy_ui/themes/icons/pencil.png HTTP/1.1" 304 -
222.70.209.13 - - [21/Jan/2021:10:52:21 +0800] "GET /xingrg/javascript/jquery_easy_ui/themes/default/images/menu_rightarrow.png HTTP/1.1" 304 -
222.70.209.13 - - [21/Jan/2021:10:52:21 +0800] "POST /xingrg/dwr/call/plaincall/AjaxReportQueryService.getFixDate.dwr HTTP/1.1" 200 111
180.175.150.119 - - [21/Jan/2021:10:52:21 +0800] "GET /xingrg/kc/buy/cgsh_order_operate.html?command=get_materiel&rest_code=00102&code=00101008155&supplier_code=00100008&order_time=2021-01-21 HTTP/1.1" 200 408
222.70.209.13 - - [21/Jan/2021:10:52:21 +0800] "GET /xingrg/javascript/jquery_easy_ui/themes/default/images/combo_arrow_dot.gif HTTP/1.1" 304 -
222.70.209.13 - - [21/Jan/2021:10:52:21 +0800] "POST /xingrg/all/common/load_tree.html?tree=area_station_tree_json&manage=1 HTTP/1.1" 200 3240
222.70.209.13 - - [21/Jan/2021:10:52:21 +0800] "GET /xingrg/javascript/jquery_easy_ui/themes/default/images/tree_checkbox_0.gif HTTP/1.1" 304 -
222.70.209.13 - - [21/Jan/2021:10:52:21 +0800] "POST /xingrg/dwr/call/plaincall/AjaxReportQueryService.getInitString.dwr HTTP/1.1" 200 76
222.70.209.13 - - [21/Jan/2021:10:52:21 +0800] "GET /xingrg/javascript/multi_select/dropdown.gif HTTP/1.1" 304 -
117.185.32.26 - - [21/Jan/2021:10:52:21 +0800] "GET /xingrg/kc/buy/cgsh_order_add.html HTTP/1.1" 200 61961
116.228.172.94 - - [21/Jan/2021:10:52:22 +0800] "GET /xingrg/kc/buy/cgsh_order_operate.html?command=get_materiel&rest_code=00107&code=00101003025&supplier_code=00100093&order_time=2021-01-21 HTTP/1.1" 200 409
117.185.32.26 - - [21/Jan/2021:10:52:22 +0800] "GET /xingrg/javascript/easyui/themes/default/validatebox.css HTTP/1.1" 404 1104
117.185.32.26 - - [21/Jan/2021:10:52:22 +0800] "POST /xingrg/kc/buy/cgsh_order_operate.html HTTP/1.1" 200 8245
114.88.166.193 - - [21/Jan/2021:10:52:22 +0800] "GET /xingrg/all/function/internal_message.html?_=1611197537703&CODE_STATE=getMsg HTTP/1.1" 200 27
58.37.230.33 - - [21/Jan/2021:10:52:24 +0800] "GET /xingrg/kc/buy/buy_main.html HTTP/1.1" 200 12412
58.37.230.33 - - [21/Jan/2021:10:52:24 +0800] "GET /xingrg/css/new_ie.css HTTP/1.1" 404 1036
222.70.209.13 - - [21/Jan/2021:10:52:24 +0800] "POST /xingrg/dwr/call/plaincall/AjaxReportQueryService.getFixDate.dwr HTTP/1.1" 200 111
58.37.230.33 - - [21/Jan/2021:10:52:24 +0800] "GET /xingrg/images/yd/bt.gif HTTP/1.1" 404 1040
114.86.187.76 - - [21/Jan/2021:10:52:25 +0800] "GET /xingrg/kc/buy/cgsh_order_info.html?code=212021012109586 HTTP/1.1" 200 56867
58.37.230.33 - - [21/Jan/2021:10:52:25 +0800] "GET /xingrg/kc/buy/cgsh_order_list.html HTTP/1.1" 200 46223
114.86.187.76 - - [21/Jan/2021:10:52:25 +0800] "GET /xingrg/javascript/easyui/themes/default/validatebox.css HTTP/1.1" 404 1104
114.86.187.76 - - [21/Jan/2021:10:52:26 +0800] "POST /xingrg/kc/buy/cgsh_order_operate.html HTTP/1.1" 200 1198
58.37.230.33 - - [21/Jan/2021:10:52:26 +0800] "POST /xingrg/kc/buy/cgsh_list_operate.html HTTP/1.1" 200 876
180.175.150.119 - - [21/Jan/2021:10:52:26 +0800] "GET /xingrg/kc/buy/cgsh_order_operate.html?command=get_materiel&rest_code=00102&code=00101008350&supplier_code=00100008&order_time=2021-01-21 HTTP/1.1" 200 408
222.70.209.13 - - [21/Jan/2021:10:52:26 +0800] "GET /xingrg/javascript/jquery_easy_ui/themes/default/images/tree_checkbox_1.gif HTTP/1.1" 200 174
222.70.209.13 - - [21/Jan/2021:10:52:26 +0800] "GET /xingrg/javascript/jquery_easy_ui/themes/default/images/tree_checkbox_2.gif HTTP/1.1" 200 181
222.70.209.13 - - [21/Jan/2021:10:52:26 +0800] "POST /xingrg/dwr/call/plaincall/AjaxReportQueryService.queryInitializeString.dwr HTTP/1.1" 200 389
58.37.230.33 - - [21/Jan/2021:10:52:26 +0800] "GET /xingrg/kc/buy/cgsh_order_operate.html?command=get_materiel&rest_code=00141&code=00101004046&supplier_code=00100312&order_time=2021-01-21 HTTP/1.1" 200 417
117.185.32.26 - - [21/Jan/2021:10:52:27 +0800] "GET /xingrg/javascript/easyui/themes/default/tree.css HTTP/1.1" 404 1090
117.185.32.26 - - [21/Jan/2021:10:52:27 +0800] "POST /xingrg/all/common/load_tree.html?tree=supplier_tree_json&isDelete=1 HTTP/1.1" 200 54555
58.37.230.33 - - [21/Jan/2021:10:52:27 +0800] "GET /xingrg/kc/buy/cgsh_order_add.html HTTP/1.1" 200 61961
222.70.209.13 - - [21/Jan/2021:10:52:27 +0800] "POST /xingrg/dwr/call/plaincall/AjaxReportQueryService.refreshCache.dwr HTTP/1.1" 200 78
58.37.230.33 - - [21/Jan/2021:10:52:27 +0800] "POST /xingrg/kc/buy/cgsh_order_operate.html HTTP/1.1" 200 8245
58.37.230.33 - - [21/Jan/2021:10:52:27 +0800] "GET /xingrg/javascript/easyui/themes/default/validatebox.css HTTP/1.1" 404 1104
222.70.209.13 - - [21/Jan/2021:10:52:27 +0800] "POST /xingrg/all/report/load_report_page.html HTTP/1.1" 200 146754
222.70.209.13 - - [21/Jan/2021:10:52:27 +0800] "GET /xingrg/images/blue/button/back2.gif HTTP/1.1" 200 1339
222.70.209.13 - - [21/Jan/2021:10:52:27 +0800] "GET /xingrg/images/blue/button/back.gif HTTP/1.1" 200 1352
222.70.209.13 - - [21/Jan/2021:10:52:27 +0800] "GET /xingrg/servlets/image?cache=0.5919246254225684&image=px HTTP/1.1" 200 807
116.228.172.94 - - [21/Jan/2021:10:52:28 +0800] "GET /xingrg/all/function/internal_message.html?_=1611197541804&CODE_STATE=getMsg HTTP/1.1" 200 27
180.175.150.119 - - [21/Jan/2021:10:52:29 +0800] "GET /xingrg/all/function/internal_message.html?_=1611197552036&CODE_STATE=getMsg HTTP/1.1" 200 27
180.156.237.57 - - [21/Jan/2021:10:52:30 +0800] "GET /xingrg/all/function/internal_message.html?_=1611197548985&CODE_STATE=getMsg HTTP/1.1" 200 27
114.88.166.193 - - [21/Jan/2021:10:52:30 +0800] "GET /xingrg/kc/buy/cgsh_order_operate.html?command=get_materiel&rest_code=00111&code=00101006160&supplier_code=00100344&order_time=2021-01-21 HTTP/1.1" 200 415
58.37.230.33 - - [21/Jan/2021:10:52:31 +0800] "GET /xingrg/javascript/auto/indicator.gif HTTP/1.1" 404 1066
222.69.133.109 - - [21/Jan/2021:10:52:31 +0800] "GET /xingrg/all/function/internal_message.html?_=1611197551894&CODE_STATE=getMsg HTTP/1.1" 200 27
180.175.150.119 - - [21/Jan/2021:10:52:31 +0800] "GET /xingrg/kc/buy/cgsh_order_operate.html?command=get_materiel&rest_code=00102&code=00101008354&supplier_code=00100008&order_time=2021-01-21 HTTP/1.1" 200 412
180.175.150.119 - - [21/Jan/2021:10:52:32 +0800] "GET /xingrg/check_reg.html?_=1611197793733 HTTP/1.1" 200 22
114.86.187.76 - - [21/Jan/2021:10:52:32 +0800] "GET /xingrg/kc/print/load_data.html?order_code=212021012109586&kc_code=cgsh&condition= HTTP/1.1" 200 938
222.70.209.13 - - [21/Jan/2021:10:52:33 +0800] "POST /xingrg/all/report/load_report_page.html HTTP/1.1" 200 91468
222.70.209.13 - - [21/Jan/2021:10:52:33 +0800] "GET /xingrg/images/blue/button/advance.gif HTTP/1.1" 200 1354
222.70.209.13 - - [21/Jan/2021:10:52:33 +0800] "GET /xingrg/images/blue/button/advance2.gif HTTP/1.1" 200 1338
222.70.209.13 - - [21/Jan/2021:10:52:33 +0800] "GET /xingrg/servlets/image?cache=0.8664490061530618&image=px HTTP/1.1" 200 807
117.185.32.26 - - [21/Jan/2021:10:52:34 +0800] "GET /xingrg/all/function/internal_message.html?_=1611197546947&CODE_STATE=getMsg HTTP/1.1" 200 27
58.37.230.33 - - [21/Jan/2021:10:52:34 +0800] "GET /xingrg/javascript/jquery_tools/images/next.gif HTTP/1.1" 404 1086
58.37.230.33 - - [21/Jan/2021:10:52:34 +0800] "GET /xingrg/javascript/jquery_tools/images/prev.gif HTTP/1.1" 404 1086
116.228.172.94 - - [21/Jan/2021:10:52:35 +0800] "POST /xingrg/kc/buy/cgsh_order_operate.html HTTP/1.1" 200 37
180.169.147.146 - - [21/Jan/2021:10:52:36 +0800] "GET /xingrg/javascript/jquery_tools/images/prev.gif HTTP/1.1" 404 1086
180.169.147.146 - - [21/Jan/2021:10:52:36 +0800] "GET /xingrg/javascript/jquery_tools/images/next.gif HTTP/1.1" 404 1086
222.70.209.13 - - [21/Jan/2021:10:52:36 +0800] "GET /xingrg/javascript/jquery_easy_ui/themes/default/images/button_plain_hover.png HTTP/1.1" 304 -
58.37.230.33 - - [21/Jan/2021:10:52:36 +0800] "GET /xingrg/kc/buy/cgsh_order_operate.html?command=get_materiel&rest_code=00141&code=00101004010&supplier_code=00100312&order_time=2021-01-21 HTTP/1.1" 200 409
117.185.32.26 - - [21/Jan/2021:10:52:36 +0800] "GET /xingrg/kc/buy/cgsh_order_operate.html?command=get_materiel&rest_code=00106&code=00101009045&supplier_code=00100022&order_time=2021-01-21 HTTP/1.1" 200 412
116.228.172.94 - - [21/Jan/2021:10:52:37 +0800] "POST /xingrg/kc/buy/cgsh_order_operate.html HTTP/1.1" 200 2655
180.175.150.119 - - [21/Jan/2021:10:52:37 +0800] "GET /xingrg/kc/buy/cgsh_order_operate.html?command=get_materiel&rest_code=00102&code=00101008028&supplier_code=00100008&order_time=2021-01-21 HTTP/1.1" 200 412
116.228.172.94 - - [21/Jan/2021:10:52:40 +0800] "GET /xingrg/kc/print/load_data.html?order_code=212021012109590&kc_code=cgsh&condition= HTTP/1.1" 200 716
58.37.230.33 - - [21/Jan/2021:10:52:40 +0800] "GET /xingrg/kc/buy/cgsh_order_operate.html?command=get_materiel&rest_code=00141&code=00101006109&supplier_code=00100012&order_time=2021-01-21 HTTP/1.1" 200 409
117.184.7.30 - - [21/Jan/2021:10:52:40 +0800] "GET /xingrg/kc/mdqp/qqps_order_add.html HTTP/1.1" 200 27996
117.184.7.30 - - [21/Jan/2021:10:52:40 +0800] "GET /xingrg/all/function/internal_message.html?_=1611197536207&CODE_STATE=getMsg HTTP/1.1" 200 27
117.184.7.30 - - [21/Jan/2021:10:52:40 +0800] "GET /xingrg/dwr/interface/AjaxComOrderService.js HTTP/1.1" 200 18264
117.184.7.30 - - [21/Jan/2021:10:52:40 +0800] "GET /xingrg/dwr/interface/AjaxQqpsService.js HTTP/1.1" 200 16326
117.184.7.26 - - [21/Jan/2021:10:52:40 +0800] "GET /xingrg/dwr/engine.js HTTP/1.1" 200 43631
180.169.147.146 - - [21/Jan/2021:10:52:41 +0800] "GET /xingrg/javascript/auto/indicator.gif HTTP/1.1" 404 1066
180.175.150.119 - - [21/Jan/2021:10:52:42 +0800] "GET /xingrg/kc/buy/cgsh_order_operate.html?command=get_materiel&rest_code=00102&code=00101008283&supplier_code=00100008&order_time=2021-01-21 HTTP/1.1" 200 409
114.88.166.193 - - [21/Jan/2021:10:52:44 +0800] "GET /xingrg/kc/buy/cgsh_order_operate.html?command=get_materiel&rest_code=00111&code=00101006153&supplier_code=00100344&order_time=2021-01-21 HTTP/1.1" 200 415
117.185.32.26 - - [21/Jan/2021:10:52:45 +0800] "GET /xingrg/kc/buy/cgsh_order_operate.html?command=get_materiel&rest_code=00106&code=00101009011&supplier_code=00100022&order_time=2021-01-21 HTTP/1.1" 200 418
180.169.147.146 - - [21/Jan/2021:10:52:45 +0800] "POST /xingrg/kc/buy/cgsh_list_operate.html HTTP/1.1" 200 1723
114.86.187.76 - - [21/Jan/2021:10:52:45 +0800] "GET /xingrg/kc/buy/cgsh_order_add.html HTTP/1.1" 200 61961
58.37.230.33 - - [21/Jan/2021:10:52:46 +0800] "GET /xingrg/kc/buy/cgsh_order_operate.html?command=get_materiel&rest_code=00141&code=00101004067&supplier_code=00100312&order_time=2021-01-21 HTTP/1.1" 200 413
114.86.187.76 - - [21/Jan/2021:10:52:46 +0800] "POST /xingrg/kc/buy/cgsh_order_operate.html HTTP/1.1" 200 8245
114.86.187.76 - - [21/Jan/2021:10:52:46 +0800] "GET /xingrg/javascript/easyui/themes/default/validatebox.css HTTP/1.1" 404 1104
183.192.164.85 - - [21/Jan/2021:10:52:47 +0800] "GET /xingrg/kc/buy/cgsh_order_operate.html?command=get_materiel&rest_code=00106&code=00101008037&supplier_code=00100009&order_time=2021-01-21 HTTP/1.1" 302 -
180.175.150.119 - - [21/Jan/2021:10:52:48 +0800] "GET /xingrg/all/function/internal_message.html?_=1611197809190&CODE_STATE=getMsg HTTP/1.1" 200 27
58.37.230.33 - - [21/Jan/2021:10:52:48 +0800] "GET /xingrg/kc/buy/cgsh_order_operate.html?command=get_materiel&rest_code=00141&code=00101006111&supplier_code=00100012&order_time=2021-01-21 HTTP/1.1" 200 409
180.175.150.119 - - [21/Jan/2021:10:52:50 +0800] "GET /xingrg/kc/buy/cgsh_order_operate.html?command=get_materiel&rest_code=00102&code=00101008351&supplier_code=00100008&order_time=2021-01-21 HTTP/1.1" 200 408
183.192.164.85 - - [21/Jan/2021:10:52:51 +0800] "GET /xingrg/login.html HTTP/1.1" 200 7641
120.253.135.82 - - [21/Jan/2021:10:52:51 +0800] "GET /xingrg/check_reg.html?_=1611197134335 HTTP/1.1" 302 -
58.37.230.33 - - [21/Jan/2021:10:52:53 +0800] "GET /xingrg/kc/buy/cgsh_order_operate.html?command=get_materiel&rest_code=00141&code=00101004041&supplier_code=00100312&order_time=2021-01-21 HTTP/1.1" 200 413
114.86.187.76 - - [21/Jan/2021:10:52:53 +0800] "GET /xingrg/kc/buy/cgsh_order_operate.html?command=get_materiel&rest_code=00148&code=00101006060&supplier_code=&order_time=2021-01-21 HTTP/1.1" 200 409
117.184.7.30 - - [21/Jan/2021:10:52:53 +0800] "POST /xingrg/dwr/call/plaincall/AjaxQqpsService.saveOrder.dwr HTTP/1.1" 200 78
58.37.230.33 - - [21/Jan/2021:10:52:53 +0800] "GET /xingrg/all/function/internal_message.html?_=1611197590871&CODE_STATE=getMsg HTTP/1.1" 200 27
58.37.230.33 - - [21/Jan/2021:10:52:54 +0800] "GET /xingrg/all/function/internal_message.html?_=1611197571421&CODE_STATE=getMsg HTTP/1.1" 200 27
180.169.147.146 - - [21/Jan/2021:10:52:55 +0800] "GET /xingrg/all/function/internal_message.html?_=1611197572111&CODE_STATE=getMsg HTTP/1.1" 200 27
114.88.166.193 - - [21/Jan/2021:10:52:56 +0800] "POST /xingrg/kc/buy/cgsh_order_operate.html HTTP/1.1" 200 37
222.69.136.55 - - [21/Jan/2021:10:52:56 +0800] "GET /xingrg/all/function/internal_message.html?_=1611197571537&CODE_STATE=getMsg HTTP/1.1" 200 27
117.184.7.30 - - [21/Jan/2021:10:52:56 +0800] "GET /xingrg/javascript/auto/indicator.gif HTTP/1.1" 404 1066
180.175.150.119 - - [21/Jan/2021:10:52:56 +0800] "GET /xingrg/kc/buy/cgsh_order_operate.html?command=get_materiel&rest_code=00102&code=00101008026&supplier_code=00100008&order_time=2021-01-21 HTTP/1.1" 200 409
117.185.32.26 - - [21/Jan/2021:10:52:57 +0800] "GET /xingrg/kc/buy/cgsh_order_operate.html?command=get_materiel&rest_code=00106&code=00101009013&supplier_code=00100022&order_time=2021-01-21 HTTP/1.1" 200 422
117.184.7.30 - - [21/Jan/2021:10:52:57 +0800] "POST /xingrg/dwr/call/plaincall/AjaxQqpsService.getMaterielByCode.dwr HTTP/1.1" 200 2730
114.88.166.193 - - [21/Jan/2021:10:52:57 +0800] "POST /xingrg/kc/buy/cgsh_order_operate.html HTTP/1.1" 200 3252
114.88.166.193 - - [21/Jan/2021:10:52:59 +0800] "GET /xingrg/kc/print/load_data.html?order_code=212021012109591&kc_code=cgsh&condition= HTTP/1.1" 200 907
58.37.230.33 - - [21/Jan/2021:10:53:00 +0800] "GET /xingrg/kc/buy/cgsh_order_operate.html?command=get_materiel&rest_code=00141&code=00101006229&supplier_code=00100012&order_time=2021-01-21 HTTP/1.1" 200 414
117.184.7.30 - - [21/Jan/2021:10:53:01 +0800] "POST /xingrg/dwr/call/plaincall/AjaxQqpsService.saveMaterielItem.dwr HTTP/1.1" 200 78
58.37.230.33 - - [21/Jan/2021:10:53:02 +0800] "GET /xingrg/kc/buy/cgsh_order_operate.html?command=get_materiel&rest_code=00141&code=00101004079&supplier_code=00100312&order_time=2021-01-21 HTTP/1.1" 200 399
180.169.147.146 - - [21/Jan/2021:10:53:03 +0800] "GET /xingrg/javascript/easyui/themes/default/images/button_plain_hover.png HTTP/1.1" 200 144
180.169.147.146 - - [21/Jan/2021:10:53:03 +0800] "GET /xingrg/all/function/internal_message.html?_=1611197583743&CODE_STATE=getMsg HTTP/1.1" 200 27
180.175.150.119 - - [21/Jan/2021:10:53:03 +0800] "GET /xingrg/kc/buy/cgsh_order_operate.html?command=get_materiel&rest_code=00102&code=00101008110&supplier_code=00100008&order_time=2021-01-21 HTTP/1.1" 200 408
117.184.7.30 - - [21/Jan/2021:10:53:04 +0800] "POST /xingrg/dwr/call/plaincall/AjaxQqpsService.checkOrder.dwr HTTP/1.1" 200 78
117.184.7.30 - - [21/Jan/2021:10:53:05 +0800] "GET /xingrg/kc/mdqp/qqps_order_info.html?code=302021012100538 HTTP/1.1" 200 26397
117.184.7.30 - - [21/Jan/2021:10:53:05 +0800] "GET /xingrg/dwr/interface/AjaxComOrderService.js HTTP/1.1" 200 18264
117.184.7.26 - - [21/Jan/2021:10:53:05 +0800] "GET /xingrg/dwr/interface/AjaxQqpsService.js HTTP/1.1" 200 16326
117.184.7.30 - - [21/Jan/2021:10:53:05 +0800] "GET /xingrg/dwr/engine.js HTTP/1.1" 200 43631
61.165.42.208 - - [21/Jan/2021:10:53:06 +0800] "GET /xingrg/all/function/internal_message.html?_=1611197587764&CODE_STATE=getMsg HTTP/1.1" 200 27
117.184.7.30 - - [21/Jan/2021:10:53:06 +0800] "POST /xingrg/dwr/call/plaincall/AjaxQqpsService.loadMaterielItems.dwr HTTP/1.1" 200 439
180.169.147.146 - - [21/Jan/2021:10:53:06 +0800] "GET /xingrg/all/function/internal_message.html?_=1611197586737&CODE_STATE=getMsg HTTP/1.1" 200 27
180.169.147.146 - - [21/Jan/2021:10:53:06 +0800] "GET /xingrg/check_reg.html?_=1611197586742 HTTP/1.1" 200 22
180.169.147.146 - - [21/Jan/2021:10:53:06 +0800] "POST /xingrg/all/user/operate.html HTTP/1.1" 200 36
180.169.147.146 - - [21/Jan/2021:10:53:06 +0800] "GET /xingrg/javascript/jquery_easy_ui/themes/default/easyui.css HTTP/1.1" 304 -
180.169.147.146 - - [21/Jan/2021:10:53:06 +0800] "GET /xingrg/index.html?sysBaseUrl=http%3A%2F%2F180.169.147.146%3A18081%2Fxingrg%2F&costTime=37×tamp=1611197327345 HTTP/1.1" 200 17503
180.169.147.146 - - [21/Jan/2021:10:53:06 +0800] "GET /xingrg/javascript/jquery_easy_ui/themes/icon.css HTTP/1.1" 304 -
180.169.147.146 - - [21/Jan/2021:10:53:06 +0800] "GET /xingrg/css/form.css HTTP/1.1" 304 -
180.169.147.146 - - [21/Jan/2021:10:53:06 +0800] "GET /xingrg/javascript/jquery-1.4.2.min.js HTTP/1.1" 304 -
180.169.147.146 - - [21/Jan/2021:10:53:06 +0800] "GET /xingrg/javascript/jquery_easy_ui/jquery.easyui.min.js HTTP/1.1" 304 -
180.169.147.146 - - [21/Jan/2021:10:53:07 +0800] "GET /xingrg/javascript/jquery_easy_ui/easyui-lang-zh_CN.js HTTP/1.1" 304 -
180.169.147.146 - - [21/Jan/2021:10:53:07 +0800] "GET /xingrg/javascript/jquery.form.js HTTP/1.1" 304 -
180.169.147.146 - - [21/Jan/2021:10:53:07 +0800] "GET /xingrg/javascript/jquery.utils.js HTTP/1.1" 304 -
180.169.147.146 - - [21/Jan/2021:10:53:07 +0800] "GET /xingrg/javascript/jquery.timers.js HTTP/1.1" 304 -
180.169.147.146 - - [21/Jan/2021:10:53:07 +0800] "GET /xingrg/images/blue/jxLogo.png HTTP/1.1" 304 -
180.169.147.146 - - [21/Jan/2021:10:53:07 +0800] "GET /xingrg/images/blue/navBackgound.jpg HTTP/1.1" 304 -
180.169.147.146 - - [21/Jan/2021:10:53:07 +0800] "GET /xingrg/javascript/jquery_easy_ui/themes/icons/settle_new.png HTTP/1.1" 304 -
180.169.147.146 - - [21/Jan/2021:10:53:07 +0800] "POST /xingrg/all/common/load_tree.html?tree=area_rest_tree_json&manage=1 HTTP/1.1" 200 3344
180.169.147.146 - - [21/Jan/2021:10:53:07 +0800] "GET /xingrg/all/function/internal_message.html?_=1611197584239&CODE_STATE=count HTTP/1.1" 200 11
180.169.147.146 - - [21/Jan/2021:10:53:07 +0800] "GET /xingrg/check_reg.html?_=1611197584241 HTTP/1.1" 200 22
180.169.147.146 - - [21/Jan/2021:10:53:07 +0800] "GET /xingrg/images/blue/pingpu.png HTTP/1.1" 304 -
180.169.147.146 - - [21/Jan/2021:10:53:07 +0800] "GET /xingrg/javascript/jquery_easy_ui/themes/default/images/tabs_leftarrow.png HTTP/1.1" 304 -
180.169.147.146 - - [21/Jan/2021:10:53:07 +0800] "GET /xingrg/javascript/jquery_easy_ui/themes/default/images/panel_tool_collapse.gif HTTP/1.1" 304 -
180.169.147.146 - - [21/Jan/2021:10:53:07 +0800] "GET /xingrg/javascript/jquery_easy_ui/themes/default/images/tabs_rightarrow.png HTTP/1.1" 304 -
180.169.147.146 - - [21/Jan/2021:10:53:07 +0800] "GET /xingrg/javascript/jquery_easy_ui/themes/default/images/panel_tool_expand.gif HTTP/1.1" 304 -
180.169.147.146 - - [21/Jan/2021:10:53:07 +0800] "POST /xingrg/load_menu.html HTTP/1.1" 200 9959
180.169.147.146 - - [21/Jan/2021:10:53:08 +0800] "GET /xingrg/kc/buy/buy_main.html HTTP/1.1" 200 12412
180.169.147.146 - - [21/Jan/2021:10:53:08 +0800] "GET /xingrg/css/new_ie.css HTTP/1.1" 404 1036
180.175.150.119 - - [21/Jan/2021:10:53:08 +0800] "GET /xingrg/kc/buy/cgsh_order_operate.html?command=get_materiel&rest_code=00102&code=00101008358&supplier_code=00100008&order_time=2021-01-21 HTTP/1.1" 200 412
117.184.7.30 - - [21/Jan/2021:10:53:08 +0800] "GET /xingrg/kc/mdqp/qqps_order_add.html HTTP/1.1" 200 27996
120.204.17.72 - - [21/Jan/2021:10:53:08 +0800] "GET /xingrg/kc/buy/cgsh_order_info.html?code=212021012109567 HTTP/1.1" 302 -
117.184.7.26 - - [21/Jan/2021:10:53:08 +0800] "GET /xingrg/dwr/interface/AjaxQqpsService.js HTTP/1.1" 200 16326
117.184.7.30 - - [21/Jan/2021:10:53:08 +0800] "GET /xingrg/dwr/interface/AjaxComOrderService.js HTTP/1.1" 200 18264
117.184.7.30 - - [21/Jan/2021:10:53:08 +0800] "GET /xingrg/dwr/engine.js HTTP/1.1" 200 43631
180.169.147.146 - - [21/Jan/2021:10:53:09 +0800] "GET /xingrg/images/yd/bt.gif HTTP/1.1" 404 1040
180.169.147.146 - - [21/Jan/2021:10:53:09 +0800] "GET /xingrg/kc/buy/cgsh_order_list.html HTTP/1.1" 200 46472
58.37.230.33 - - [21/Jan/2021:10:53:09 +0800] "GET /xingrg/kc/buy/cgsh_order_operate.html?command=get_materiel&rest_code=00141&code=00101004022&supplier_code=00100312&order_time=2021-01-21 HTTP/1.1" 200 414
114.88.166.193 - - [21/Jan/2021:10:53:09 +0800] "GET /xingrg/kc/buy/cgsh_order_add.html HTTP/1.1" 200 61955
180.169.147.146 - - [21/Jan/2021:10:53:10 +0800] "POST /xingrg/kc/buy/cgsh_list_operate.html HTTP/1.1" 200 876
114.88.166.193 - - [21/Jan/2021:10:53:11 +0800] "POST /xingrg/kc/buy/cgsh_order_operate.html HTTP/1.1" 200 8245
114.88.166.193 - - [21/Jan/2021:10:53:11 +0800] "GET /xingrg/javascript/easyui/themes/default/validatebox.css HTTP/1.1" 404 1104
180.169.147.146 - - [21/Jan/2021:10:53:11 +0800] "GET /xingrg/javascript/jquery_tools/images/next.gif HTTP/1.1" 404 1086
180.169.147.146 - - [21/Jan/2021:10:53:11 +0800] "GET /xingrg/javascript/jquery_tools/images/prev.gif HTTP/1.1" 404 1086
117.185.32.26 - - [21/Jan/2021:10:53:12 +0800] "GET /xingrg/kc/buy/cgsh_order_operate.html?command=get_materiel&rest_code=00106&code=00101009016&supplier_code=00100022&order_time=2021-01-21 HTTP/1.1" 200 412
218.81.223.240 - - [21/Jan/2021:10:53:13 +0800] "GET /xingrg/all/function/internal_message.html?_=1611197589573&CODE_STATE=getMsg HTTP/1.1" 200 27
180.175.150.119 - - [21/Jan/2021:10:53:13 +0800] "GET /xingrg/kc/buy/cgsh_order_operate.html?command=get_materiel&rest_code=00102&code=00101008051&supplier_code=00100008&order_time=2021-01-21 HTTP/1.1" 200 409
180.169.147.146 - - [21/Jan/2021:10:53:14 +0800] "GET /xingrg/all/function/internal_message.html?_=1611197592202&CODE_STATE=getMsg HTTP/1.1" 200 27
180.156.237.57 - - [21/Jan/2021:10:53:14 +0800] "GET /xingrg/all/function/internal_message.html?_=1611197573930&CODE_STATE=getMsg HTTP/1.1" 200 27
222.70.209.13 - - [21/Jan/2021:10:53:16 +0800] "GET /xingrg/all/function/internal_message.html?_=1611197591481&CODE_STATE=getMsg HTTP/1.1" 200 27
120.204.17.72 - - [21/Jan/2021:10:53:16 +0800] "GET /xingrg/login.html HTTP/1.1" 200 7641
117.184.7.26 - - [21/Jan/2021:10:53:16 +0800] "POST /xingrg/dwr/call/plaincall/AjaxQqpsService.saveOrder.dwr HTTP/1.1" 200 78
58.37.230.33 - - [21/Jan/2021:10:53:19 +0800] "GET /xingrg/kc/buy/cgsh_order_operate.html?command=get_materiel&rest_code=00141&code=00101005017&supplier_code=00100312&order_time=2021-01-21 HTTP/1.1" 200 409
183.192.164.71 - - [21/Jan/2021:10:53:19 +0800] "GET /xingrg/kc/print/load_data.html?order_code=212021012109567&kc_code=cgsh&condition= HTTP/1.1" 302 -
114.88.166.193 - - [21/Jan/2021:10:53:20 +0800] "GET /xingrg/kc/buy/cgsh_order_operate.html?command=get_materiel&rest_code=00111&code=00101004090&supplier_code=00100312&order_time=2021-01-21 HTTP/1.1" 200 391
180.169.147.146 - - [21/Jan/2021:10:53:20 +0800] "GET /xingrg/javascript/auto/indicator.gif HTTP/1.1" 404 1066
180.175.150.119 - - [21/Jan/2021:10:53:20 +0800] "GET /xingrg/kc/buy/cgsh_order_operate.html?command=get_materiel&rest_code=00102&code=00101008163&supplier_code=00100008&order_time=2021-01-21 HTTP/1.1" 200 409
114.88.166.193 - - [21/Jan/2021:10:53:22 +0800] "GET /xingrg/all/function/internal_message.html?_=1611197597709&CODE_STATE=getMsg HTTP/1.1" 200 27
117.185.32.26 - - [21/Jan/2021:10:53:23 +0800] "GET /xingrg/kc/buy/cgsh_order_operate.html?command=get_materiel&rest_code=00106&code=00101009004&supplier_code=00100022&order_time=2021-01-21 HTTP/1.1" 200 409
180.169.147.146 - - [21/Jan/2021:10:53:25 +0800] "POST /xingrg/kc/buy/cgsh_list_operate.html HTTP/1.1" 200 876
183.192.164.71 - - [21/Jan/2021:10:53:26 +0800] "GET /xingrg/login.html HTTP/1.1" 200 7641
180.175.150.119 - - [21/Jan/2021:10:53:27 +0800] "GET /xingrg/kc/buy/cgsh_order_operate.html?command=get_materiel&rest_code=00102&code=00101008355&supplier_code=00100008&order_time=2021-01-21 HTTP/1.1" 200 408
116.228.172.94 - - [21/Jan/2021:10:53:28 +0800] "GET /xingrg/all/function/internal_message.html?_=1611197601787&CODE_STATE=getMsg HTTP/1.1" 200 27
58.37.230.33 - - [21/Jan/2021:10:53:28 +0800] "GET /xingrg/kc/buy/cgsh_order_operate.html?command=get_materiel&rest_code=00141&code=00101004030&supplier_code=00100312&order_time=2021-01-21 HTTP/1.1" 200 408
180.175.150.119 - - [21/Jan/2021:10:53:29 +0800] "GET /xingrg/all/function/internal_message.html?_=1611197612079&CODE_STATE=getMsg HTTP/1.1" 200 27
114.88.166.193 - - [21/Jan/2021:10:53:30 +0800] "GET /xingrg/kc/buy/cgsh_order_operate.html?command=get_materiel&rest_code=00111&code=00101004046&supplier_code=00100312&order_time=2021-01-21 HTTP/1.1" 200 417
180.156.237.57 - - [21/Jan/2021:10:53:30 +0800] "GET /xingrg/all/function/internal_message.html?_=1611197608987&CODE_STATE=getMsg HTTP/1.1" 200 27
222.69.133.109 - - [21/Jan/2021:10:53:31 +0800] "GET /xingrg/all/function/internal_message.html?_=1611197611896&CODE_STATE=getMsg HTTP/1.1" 200 27
117.184.7.26 - - [21/Jan/2021:10:53:32 +0800] "POST /xingrg/dwr/call/plaincall/AjaxQqpsService.getMaterielByCode.dwr HTTP/1.1" 200 2621
180.175.150.119 - - [21/Jan/2021:10:53:32 +0800] "GET /xingrg/kc/buy/cgsh_order_operate.html?command=get_materiel&rest_code=00102&code=00101008264&supplier_code=00100008&order_time=2021-01-21 HTTP/1.1" 200 412
218.81.223.240 - - [21/Jan/2021:10:53:33 +0800] "GET /xingrg/check_reg.html?_=1611197610303 HTTP/1.1" 200 22
117.185.32.26 - - [21/Jan/2021:10:53:34 +0800] "GET /xingrg/all/function/internal_message.html?_=1611197606929&CODE_STATE=getMsg HTTP/1.1" 200 27
58.37.230.33 - - [21/Jan/2021:10:53:34 +0800] "GET /xingrg/kc/buy/cgsh_order_operate.html?command=get_materiel&rest_code=00141&code=00101018007&supplier_code=00100012&order_time=2021-01-21 HTTP/1.1" 200 409
116.228.172.94 - - [21/Jan/2021:10:53:34 +0800] "GET /xingrg/kc/buy/cgsh_order_add.html HTTP/1.1" 200 62043
116.228.172.94 - - [21/Jan/2021:10:53:35 +0800] "GET /xingrg/javascript/easyui/themes/default/validatebox.css HTTP/1.1" 404 1104
117.184.7.26 - - [21/Jan/2021:10:53:36 +0800] "GET /xingrg/kc/mdqp/qp_main.html HTTP/1.1" 200 10633
116.228.172.94 - - [21/Jan/2021:10:53:36 +0800] "POST /xingrg/kc/buy/cgsh_order_operate.html HTTP/1.1" 200 8245
61.165.42.208 - - [21/Jan/2021:10:53:37 +0800] "GET /xingrg/kc/buy/cgsh_order_add.html HTTP/1.1" 200 62002
58.37.230.33 - - [21/Jan/2021:10:53:37 +0800] "GET /xingrg/kc/buy/cgsh_order_operate.html?command=get_materiel&rest_code=00141&code=00101005015&supplier_code=00100312&order_time=2021-01-21 HTTP/1.1" 200 409
61.165.42.208 - - [21/Jan/2021:10:53:37 +0800] "GET /xingrg/javascript/easyui/themes/default/validatebox.css HTTP/1.1" 404 1104
61.165.42.208 - - [21/Jan/2021:10:53:37 +0800] "POST /xingrg/kc/buy/cgsh_order_operate.html HTTP/1.1" 200 8245
117.184.7.26 - - [21/Jan/2021:10:53:37 +0800] "GET /xingrg/images/yd/bt.gif HTTP/1.1" 404 1040
117.184.7.26 - - [21/Jan/2021:10:53:38 +0800] "GET /xingrg/kc/mdqp/pssh_order_list.html HTTP/1.1" 200 17891
116.228.172.94 - - [21/Jan/2021:10:53:38 +0800] "GET /xingrg/javascript/easyui/themes/default/tree.css HTTP/1.1" 404 1090
117.184.7.26 - - [21/Jan/2021:10:53:38 +0800] "POST /xingrg/kc/mdqp/pssh_list_operate.html HTTP/1.1" 200 5342
116.228.172.94 - - [21/Jan/2021:10:53:38 +0800] "POST /xingrg/all/common/load_tree.html?tree=supplier_tree_json&isDelete=1 HTTP/1.1" 200 54555
180.175.150.119 - - [21/Jan/2021:10:53:39 +0800] "GET /xingrg/kc/buy/cgsh_order_operate.html?command=get_materiel&rest_code=00102&code=00101008209&supplier_code=00100008&order_time=2021-01-21 HTTP/1.1" 200 408
117.184.7.26 - - [21/Jan/2021:10:53:40 +0800] "GET /xingrg/all/function/internal_message.html?_=1611197596228&CODE_STATE=getMsg HTTP/1.1" 200 27
180.169.147.146 - - [21/Jan/2021:10:53:41 +0800] "POST /xingrg/all/user/operate.html HTTP/1.1" 200 36
180.169.147.146 - - [21/Jan/2021:10:53:41 +0800] "GET /xingrg/javascript/jquery_easy_ui/themes/default/easyui.css HTTP/1.1" 304 -
180.169.147.146 - - [21/Jan/2021:10:53:41 +0800] "GET /xingrg/javascript/jquery_easy_ui/themes/icon.css HTTP/1.1" 304 -
180.169.147.146 - - [21/Jan/2021:10:53:41 +0800] "GET /xingrg/css/form.css HTTP/1.1" 304 -
180.169.147.146 - - [21/Jan/2021:10:53:41 +0800] "GET /xingrg/javascript/jquery-1.4.2.min.js HTTP/1.1" 304 -
180.169.147.146 - - [21/Jan/2021:10:53:41 +0800] "GET /xingrg/index.html?sysBaseUrl=http%3A%2F%2F180.169.147.146%3A18081%2Fxingrg%2F&costTime=37×tamp=1611197327345 HTTP/1.1" 200 17503
180.169.147.146 - - [21/Jan/2021:10:53:41 +0800] "GET /xingrg/javascript/jquery_easy_ui/jquery.easyui.min.js HTTP/1.1" 304 -
180.169.147.146 - - [21/Jan/2021:10:53:41 +0800] "GET /xingrg/javascript/jquery_easy_ui/easyui-lang-zh_CN.js HTTP/1.1" 304 -
180.169.147.146 - - [21/Jan/2021:10:53:41 +0800] "GET /xingrg/javascript/jquery.form.js HTTP/1.1" 304 -
180.169.147.146 - - [21/Jan/2021:10:53:41 +0800] "GET /xingrg/javascript/jquery.utils.js HTTP/1.1" 304 -
180.169.147.146 - - [21/Jan/2021:10:53:41 +0800] "GET /xingrg/javascript/jquery.timers.js HTTP/1.1" 304 -
180.169.147.146 - - [21/Jan/2021:10:53:41 +0800] "GET /xingrg/images/blue/jxLogo.png HTTP/1.1" 304 -
180.169.147.146 - - [21/Jan/2021:10:53:41 +0800] "GET /xingrg/images/blue/navBackgound.jpg HTTP/1.1" 304 -
180.169.147.146 - - [21/Jan/2021:10:53:41 +0800] "GET /xingrg/javascript/jquery_easy_ui/themes/icons/settle_new.png HTTP/1.1" 304 -
