58.37.230.33 - - [21/Jan/2021:11:21:59 +0800] "GET /xingrg/kc/buy/cgsh_order_operate.html?command=get_materiel&rest_code=00141&code=00101008459&supplier_code=00100007&order_time=2021-01-21 HTTP/1.1" 200 395
114.88.166.193 - - [21/Jan/2021:11:22:00 +0800] "POST /xingrg/kc/buy/cgsh_order_operate.html HTTP/1.1" 200 2670
101.91.60.105 - - [21/Jan/2021:11:22:01 +0800] "GET /xingrg/login.html HTTP/1.1" 200 7641
114.88.166.193 - - [21/Jan/2021:11:22:01 +0800] "GET /xingrg/kc/print/load_data.html?order_code=212021012109673&kc_code=cgsh&condition= HTTP/1.1" 200 761
61.129.6.174 - - [21/Jan/2021:11:22:02 +0800] "GET /xingrg/login.html HTTP/1.1" 200 7641
61.165.42.208 - - [21/Jan/2021:11:22:03 +0800] "GET /xingrg/kc/buy/cgsh_order_operate.html?command=get_materiel&rest_code=00105&code=00101003066&supplier_code=00100091&order_time=2021-01-21 HTTP/1.1" 200 415
180.169.147.146 - - [21/Jan/2021:11:22:03 +0800] "GET /xingrg/all/function/internal_message.html?_=1611199323796&CODE_STATE=getMsg HTTP/1.1" 200 27
61.165.42.208 - - [21/Jan/2021:11:22:06 +0800] "GET /xingrg/all/function/internal_message.html?_=1611199327151&CODE_STATE=getMsg HTTP/1.1" 200 27
180.169.147.146 - - [21/Jan/2021:11:22:06 +0800] "GET /xingrg/all/function/internal_message.html?_=1611199326772&CODE_STATE=getMsg HTTP/1.1" 200 27
61.165.42.208 - - [21/Jan/2021:11:22:08 +0800] "GET /xingrg/check_reg.html?_=1611199329879 HTTP/1.1" 200 22
58.37.230.33 - - [21/Jan/2021:11:22:09 +0800] "POST /xingrg/kc/buy/cgsh_order_operate.html HTTP/1.1" 200 2065
180.169.147.146 - - [21/Jan/2021:11:22:12 +0800] "GET /xingrg/all/function/internal_message.html?_=1611199329690&CODE_STATE=getMsg HTTP/1.1" 200 27
114.88.166.193 - - [21/Jan/2021:11:22:14 +0800] "GET /xingrg/kc/buy/cgsh_order_add.html HTTP/1.1" 200 61955
180.169.147.146 - - [21/Jan/2021:11:22:14 +0800] "GET /xingrg/all/function/internal_message.html?_=1611199332348&CODE_STATE=getMsg HTTP/1.1" 200 27
180.156.237.57 - - [21/Jan/2021:11:22:15 +0800] "GET /xingrg/all/function/internal_message.html?_=1611199314437&CODE_STATE=getMsg HTTP/1.1" 200 27
114.86.187.76 - - [21/Jan/2021:11:22:15 +0800] "POST /xingrg/kc/buy/cgsh_order_operate.html HTTP/1.1" 200 37
114.88.166.193 - - [21/Jan/2021:11:22:16 +0800] "POST /xingrg/kc/buy/cgsh_order_operate.html HTTP/1.1" 200 8245
114.88.166.193 - - [21/Jan/2021:11:22:16 +0800] "GET /xingrg/javascript/easyui/themes/default/validatebox.css HTTP/1.1" 404 1104
58.37.230.33 - - [21/Jan/2021:11:22:16 +0800] "GET /xingrg/kc/buy/cgsh_order_operate.html?command=get_materiel&rest_code=00141&code=00101008350&supplier_code=00100007&order_time=2021-01-21 HTTP/1.1" 200 408
61.165.42.208 - - [21/Jan/2021:11:22:16 +0800] "GET /xingrg/kc/buy/cgsh_order_operate.html?command=get_materiel&rest_code=00105&code=00101003062&supplier_code=00100091&order_time=2021-01-21 HTTP/1.1" 200 401
218.81.223.240 - - [21/Jan/2021:11:22:18 +0800] "GET /xingrg/all/function/internal_message.html?_=1611199335033&CODE_STATE=getMsg HTTP/1.1" 200 27
222.69.136.55 - - [21/Jan/2021:11:22:19 +0800] "GET /xingrg/kc/buy/cgsh_order_add.html HTTP/1.1" 200 62008
114.86.187.76 - - [21/Jan/2021:11:22:19 +0800] "POST /xingrg/kc/buy/cgsh_order_operate.html HTTP/1.1" 200 12
222.69.136.55 - - [21/Jan/2021:11:22:19 +0800] "POST /xingrg/kc/buy/cgsh_order_operate.html HTTP/1.1" 200 8245
222.69.136.55 - - [21/Jan/2021:11:22:19 +0800] "GET /xingrg/javascript/easyui/themes/default/validatebox.css HTTP/1.1" 404 1104
114.86.187.76 - - [21/Jan/2021:11:22:20 +0800] "GET /xingrg/kc/buy/cgsh_order_info.html?code=212021012109674 HTTP/1.1" 200 56867
114.86.187.76 - - [21/Jan/2021:11:22:21 +0800] "GET /xingrg/javascript/easyui/themes/default/validatebox.css HTTP/1.1" 404 1104
61.165.42.208 - - [21/Jan/2021:11:22:21 +0800] "GET /xingrg/kc/base/wldb_order_operate.html?command=get_materiel&rest_code=00105&base_code=0010508&code=00102002254 HTTP/1.1" 200 436
117.185.32.26 - - [21/Jan/2021:11:22:22 +0800] "POST /xingrg/kc/buy/cgsh_order_operate.html HTTP/1.1" 200 37
114.86.187.76 - - [21/Jan/2021:11:22:22 +0800] "POST /xingrg/kc/buy/cgsh_order_operate.html HTTP/1.1" 200 5957
114.86.187.76 - - [21/Jan/2021:11:22:23 +0800] "GET /xingrg/kc/print/load_data.html?order_code=212021012109674&kc_code=cgsh&condition= HTTP/1.1" 200 2763
101.85.52.2 - - [21/Jan/2021:11:22:24 +0800] "GET /xingrg/all/function/internal_message.html?_=1611199336704&CODE_STATE=getMsg HTTP/1.1" 200 27
61.165.42.208 - - [21/Jan/2021:11:22:25 +0800] "POST /xingrg/kc/buy/cgsh_order_operate.html HTTP/1.1" 200 37
117.131.5.26 - - [21/Jan/2021:11:22:25 +0800] "GET /xingrg/all/function/internal_message.html?_=1611199397258&CODE_STATE=getMsg HTTP/1.1" 200 27
61.165.42.208 - - [21/Jan/2021:11:22:26 +0800] "POST /xingrg/kc/buy/cgsh_order_operate.html HTTP/1.1" 200 4464
117.185.32.26 - - [21/Jan/2021:11:22:26 +0800] "POST /xingrg/kc/buy/cgsh_order_operate.html HTTP/1.1" 200 12
114.88.166.193 - - [21/Jan/2021:11:22:27 +0800] "GET /xingrg/kc/buy/cgsh_order_operate.html?command=get_materiel&rest_code=00111&code=00101001036&supplier_code=00100439&order_time=2021-01-21 HTTP/1.1" 200 423
114.88.166.193 - - [21/Jan/2021:11:22:27 +0800] "GET /xingrg/all/function/internal_message.html?_=1611199342111&CODE_STATE=getMsg HTTP/1.1" 200 27
61.165.42.208 - - [21/Jan/2021:11:22:27 +0800] "GET /xingrg/kc/print/load_data.html?order_code=212021012109676&kc_code=cgsh&condition= HTTP/1.1" 200 1445
117.185.32.26 - - [21/Jan/2021:11:22:27 +0800] "GET /xingrg/kc/buy/cgsh_order_info.html?code=212021012109675 HTTP/1.1" 200 56861
117.185.32.26 - - [21/Jan/2021:11:22:28 +0800] "GET /xingrg/javascript/easyui/themes/default/validatebox.css HTTP/1.1" 404 1104
117.185.32.26 - - [21/Jan/2021:11:22:28 +0800] "POST /xingrg/kc/buy/cgsh_order_operate.html HTTP/1.1" 200 621
116.228.172.94 - - [21/Jan/2021:11:22:30 +0800] "GET /xingrg/all/function/internal_message.html?_=1611199343423&CODE_STATE=getMsg HTTP/1.1" 200 27
58.37.230.33 - - [21/Jan/2021:11:22:30 +0800] "GET /xingrg/kc/buy/cgsh_order_operate.html?command=get_materiel&rest_code=00141&code=00101008288&supplier_code=00100007&order_time=2021-01-21 HTTP/1.1" 200 410
180.156.237.57 - - [21/Jan/2021:11:22:30 +0800] "GET /xingrg/all/function/internal_message.html?_=1611199349099&CODE_STATE=getMsg HTTP/1.1" 200 27
183.192.164.85 - - [21/Jan/2021:11:22:31 +0800] "GET /xingrg/all/function/internal_message.html?_=1611198686545&CODE_STATE=getMsg HTTP/1.1" 302 -
222.69.133.109 - - [21/Jan/2021:11:22:31 +0800] "GET /xingrg/all/function/internal_message.html?_=1611199351916&CODE_STATE=getMsg HTTP/1.1" 200 27
117.185.32.26 - - [21/Jan/2021:11:22:31 +0800] "GET /xingrg/kc/print/load_config.html?kc_code=cgsh HTTP/1.1" 200 1845
117.185.32.26 - - [21/Jan/2021:11:22:32 +0800] "GET /xingrg/kc/print/load_data.html?order_code=212021012109675&kc_code=cgsh&condition= HTTP/1.1" 200 780
61.165.42.208 - - [21/Jan/2021:11:22:32 +0800] "GET /xingrg/kc/buy/cgsh_order_add.html HTTP/1.1" 200 62002
61.165.42.208 - - [21/Jan/2021:11:22:32 +0800] "GET /xingrg/javascript/easyui/themes/default/validatebox.css HTTP/1.1" 404 1104
61.165.42.208 - - [21/Jan/2021:11:22:32 +0800] "POST /xingrg/kc/buy/cgsh_order_operate.html HTTP/1.1" 200 8245
117.185.32.26 - - [21/Jan/2021:11:22:33 +0800] "GET /xingrg/all/function/internal_message.html?_=1611199346299&CODE_STATE=getMsg HTTP/1.1" 200 27
222.69.136.55 - - [21/Jan/2021:11:22:34 +0800] "GET /xingrg/kc/buy/cgsh_order_operate.html?command=get_materiel&rest_code=00149&code=00101028011&supplier_code=00100019&order_time=2021-01-21 HTTP/1.1" 200 454
58.37.230.33 - - [21/Jan/2021:11:22:37 +0800] "GET /xingrg/kc/buy/cgsh_order_operate.html?command=get_materiel&rest_code=00141&code=00101008223&supplier_code=00100007&order_time=2021-01-21 HTTP/1.1" 200 412
180.175.150.119 - - [21/Jan/2021:11:22:37 +0800] "GET /xingrg/all/function/internal_message.html?_=1611199360119&CODE_STATE=getMsg HTTP/1.1" 200 27
183.192.164.85 - - [21/Jan/2021:11:22:38 +0800] "GET /xingrg/login.html HTTP/1.1" 200 7641
180.175.150.119 - - [21/Jan/2021:11:22:39 +0800] "GET /xingrg/check_reg.html?_=1611199600331 HTTP/1.1" 200 22
114.86.187.76 - - [21/Jan/2021:11:22:40 +0800] "GET /xingrg/kc/buy/cgsh_order_add.html HTTP/1.1" 200 61961
61.165.42.208 - - [21/Jan/2021:11:22:41 +0800] "GET /xingrg/kc/base/wldb_order_operate.html?command=get_materiel&rest_code=00105&base_code=0010508&code=00102002258 HTTP/1.1" 200 434
114.86.187.76 - - [21/Jan/2021:11:22:41 +0800] "POST /xingrg/kc/buy/cgsh_order_operate.html HTTP/1.1" 200 8245
114.86.187.76 - - [21/Jan/2021:11:22:41 +0800] "GET /xingrg/javascript/easyui/themes/default/validatebox.css HTTP/1.1" 404 1104
114.88.166.193 - - [21/Jan/2021:11:22:43 +0800] "POST /xingrg/kc/buy/cgsh_order_operate.html HTTP/1.1" 200 37
61.165.42.208 - - [21/Jan/2021:11:22:44 +0800] "GET /xingrg/kc/buy/cgsh_order_operate.html?command=get_materiel&rest_code=00105&code=00101002018&supplier_code=00100094&order_time=2021-01-21 HTTP/1.1" 200 416
114.88.166.193 - - [21/Jan/2021:11:22:45 +0800] "POST /xingrg/kc/buy/cgsh_order_operate.html HTTP/1.1" 200 2670
114.88.166.193 - - [21/Jan/2021:11:22:47 +0800] "GET /xingrg/kc/print/load_data.html?order_code=212021012109677&kc_code=cgsh&condition= HTTP/1.1" 200 687
61.129.6.145 - - [21/Jan/2021:11:22:48 +0800] "GET /xingrg/kc/print/load_data.html?order_code=212021012109636&kc_code=cgsh&condition= HTTP/1.1" 302 -
117.185.32.26 - - [21/Jan/2021:11:22:49 +0800] "GET /xingrg/all/function/internal_message.html?_=1611199849713&CODE_STATE=getMsg HTTP/1.1" 200 27
180.169.147.146 - - [21/Jan/2021:11:22:49 +0800] "POST /xingrg/all/user/operate.html HTTP/1.1" 200 36
180.169.147.146 - - [21/Jan/2021:11:22:49 +0800] "GET /xingrg/javascript/jquery_easy_ui/themes/default/easyui.css HTTP/1.1" 304 -
180.169.147.146 - - [21/Jan/2021:11:22:49 +0800] "GET /xingrg/index.html?sysBaseUrl=http%3A%2F%2F180.169.147.146%3A18081%2Fxingrg%2F&costTime=41×tamp=1611193128776 HTTP/1.1" 200 17503
180.169.147.146 - - [21/Jan/2021:11:22:49 +0800] "GET /xingrg/javascript/jquery_easy_ui/themes/icon.css HTTP/1.1" 304 -
180.169.147.146 - - [21/Jan/2021:11:22:49 +0800] "GET /xingrg/css/form.css HTTP/1.1" 304 -
180.169.147.146 - - [21/Jan/2021:11:22:49 +0800] "GET /xingrg/javascript/jquery-1.4.2.min.js HTTP/1.1" 304 -
180.169.147.146 - - [21/Jan/2021:11:22:49 +0800] "GET /xingrg/javascript/jquery_easy_ui/jquery.easyui.min.js HTTP/1.1" 304 -
180.169.147.146 - - [21/Jan/2021:11:22:49 +0800] "GET /xingrg/javascript/jquery_easy_ui/easyui-lang-zh_CN.js HTTP/1.1" 304 -
180.169.147.146 - - [21/Jan/2021:11:22:49 +0800] "GET /xingrg/javascript/jquery.form.js HTTP/1.1" 304 -
180.169.147.146 - - [21/Jan/2021:11:22:49 +0800] "GET /xingrg/javascript/jquery.utils.js HTTP/1.1" 304 -
180.169.147.146 - - [21/Jan/2021:11:22:49 +0800] "GET /xingrg/javascript/jquery.timers.js HTTP/1.1" 304 -
180.169.147.146 - - [21/Jan/2021:11:22:49 +0800] "GET /xingrg/images/blue/jxLogo.png HTTP/1.1" 304 -
180.169.147.146 - - [21/Jan/2021:11:22:49 +0800] "POST /xingrg/all/common/load_tree.html?tree=area_rest_tree_json&manage=1 HTTP/1.1" 200 3216
180.169.147.146 - - [21/Jan/2021:11:22:49 +0800] "GET /xingrg/all/function/internal_message.html?_=1611199369887&CODE_STATE=count HTTP/1.1" 200 11
180.169.147.146 - - [21/Jan/2021:11:22:49 +0800] "GET /xingrg/check_reg.html?_=1611199369888 HTTP/1.1" 200 22
180.169.147.146 - - [21/Jan/2021:11:22:49 +0800] "GET /xingrg/javascript/jquery_easy_ui/themes/default/images/tabs_rightarrow.png HTTP/1.1" 304 -
180.169.147.146 - - [21/Jan/2021:11:22:49 +0800] "GET /xingrg/javascript/jquery_easy_ui/themes/default/images/panel_tool_collapse.gif HTTP/1.1" 304 -
180.169.147.146 - - [21/Jan/2021:11:22:49 +0800] "GET /xingrg/javascript/jquery_easy_ui/themes/default/images/panel_tool_expand.gif HTTP/1.1" 304 -
180.169.147.146 - - [21/Jan/2021:11:22:49 +0800] "GET /xingrg/javascript/jquery_easy_ui/themes/default/images/tabs_leftarrow.png HTTP/1.1" 304 -
180.169.147.146 - - [21/Jan/2021:11:22:49 +0800] "GET /xingrg/javascript/jquery_easy_ui/themes/icons/settle_new.png HTTP/1.1" 304 -
180.169.147.146 - - [21/Jan/2021:11:22:49 +0800] "GET /xingrg/images/blue/navBackgound.jpg HTTP/1.1" 304 -
180.169.147.146 - - [21/Jan/2021:11:22:49 +0800] "GET /xingrg/images/blue/pingpu.png HTTP/1.1" 304 -
180.169.147.146 - - [21/Jan/2021:11:22:50 +0800] "POST /xingrg/load_menu.html HTTP/1.1" 200 11564
120.253.135.82 - - [21/Jan/2021:11:22:50 +0800] "GET /xingrg/all/function/internal_message.html?_=1611199129763&CODE_STATE=getMsg HTTP/1.1" 200 27
61.165.42.208 - - [21/Jan/2021:11:22:51 +0800] "GET /xingrg/all/function/internal_message.html?_=1611199351475&CODE_STATE=getMsg HTTP/1.1" 200 27
120.253.135.82 - - [21/Jan/2021:11:22:51 +0800] "GET /xingrg/check_reg.html?_=1611198934222 HTTP/1.1" 302 -
180.169.147.146 - - [21/Jan/2021:11:22:51 +0800] "GET /xingrg/kc/report/report_main.html HTTP/1.1" 200 9370
180.169.147.146 - - [21/Jan/2021:11:22:52 +0800] "GET /xingrg/all/report/report_query.html?fileName=kc/buy/gys_amount_base_rest.xml HTTP/1.1" 200 51664
180.169.147.146 - - [21/Jan/2021:11:22:52 +0800] "GET /xingrg/dwr/interface/AjaxReportQueryService.js HTTP/1.1" 200 13203
180.169.147.146 - - [21/Jan/2021:11:22:52 +0800] "GET /xingrg/dwr/engine.js HTTP/1.1" 200 43631
180.169.147.146 - - [21/Jan/2021:11:22:52 +0800] "POST /xingrg/dwr/call/plaincall/AjaxReportQueryService.getFixDate.dwr HTTP/1.1" 200 111
114.86.187.76 - - [21/Jan/2021:11:22:52 +0800] "GET /xingrg/kc/buy/cgsh_order_operate.html?command=get_materiel&rest_code=00148&code=00101004065&supplier_code=00100088&order_time=2021-01-21 HTTP/1.1" 200 434
180.169.147.146 - - [21/Jan/2021:11:22:52 +0800] "POST /xingrg/all/common/load_tree.html?tree=area_rest_tree_json&manage=1 HTTP/1.1" 200 3216
61.165.42.208 - - [21/Jan/2021:11:22:53 +0800] "POST /xingrg/kc/base/wldb_order_operate.html HTTP/1.1" 200 37
180.169.147.146 - - [21/Jan/2021:11:22:53 +0800] "POST /xingrg/all/common/load_tree.html?tree=supplier_tree_json&manage=1 HTTP/1.1" 200 55287
61.165.42.208 - - [21/Jan/2021:11:22:53 +0800] "POST /xingrg/kc/base/wldb_order_operate.html HTTP/1.1" 200 2672
61.165.42.208 - - [21/Jan/2021:11:22:53 +0800] "GET /xingrg/kc/base/wldb_order_info.html?code=422021012102597 HTTP/1.1" 200 30516
58.37.230.33 - - [21/Jan/2021:11:22:53 +0800] "GET /xingrg/all/function/internal_message.html?_=1611199390952&CODE_STATE=getMsg HTTP/1.1" 200 27
61.129.6.145 - - [21/Jan/2021:11:22:54 +0800] "GET /xingrg/login.html HTTP/1.1" 200 7641
61.165.42.208 - - [21/Jan/2021:11:22:54 +0800] "GET /xingrg/javascript/easyui/themes/default/validatebox.css HTTP/1.1" 404 1104
61.165.42.208 - - [21/Jan/2021:11:22:54 +0800] "POST /xingrg/kc/base/wldb_order_operate.html HTTP/1.1" 200 2672
58.37.230.33 - - [21/Jan/2021:11:22:54 +0800] "GET /xingrg/all/function/internal_message.html?_=1611199371617&CODE_STATE=getMsg HTTP/1.1" 200 27
61.165.42.208 - - [21/Jan/2021:11:22:55 +0800] "POST /xingrg/kc/buy/cgsh_order_operate.html HTTP/1.1" 200 37
180.175.150.119 - - [21/Jan/2021:11:22:55 +0800] "GET /xingrg/all/function/internal_message.html?_=1611199616914&CODE_STATE=getMsg HTTP/1.1" 200 27
222.69.136.55 - - [21/Jan/2021:11:22:55 +0800] "GET /xingrg/all/function/internal_message.html?_=1611199371029&CODE_STATE=getMsg HTTP/1.1" 200 27
114.88.166.193 - - [21/Jan/2021:11:22:56 +0800] "GET /xingrg/kc/buy/cgsh_order_add.html HTTP/1.1" 200 61955
61.165.42.208 - - [21/Jan/2021:11:22:57 +0800] "POST /xingrg/kc/buy/cgsh_order_operate.html HTTP/1.1" 200 2663
116.232.52.42 - - [21/Jan/2021:11:22:58 +0800] "GET /xingrg/all/function/internal_message.html?_=1611199399953&CODE_STATE=getMsg HTTP/1.1" 200 27
101.89.29.78 - - [21/Jan/2021:11:22:58 +0800] "GET /xingrg/kc/buy/cgsh_order_operate.html?command=get_materiel&rest_code=00141&code=00101009045&supplier_code=00100022&order_time=2021-01-21 HTTP/1.1" 302 -
114.88.166.193 - - [21/Jan/2021:11:22:58 +0800] "POST /xingrg/kc/buy/cgsh_order_operate.html HTTP/1.1" 200 8245
114.88.166.193 - - [21/Jan/2021:11:22:58 +0800] "GET /xingrg/javascript/easyui/themes/default/validatebox.css HTTP/1.1" 404 1104
61.165.42.208 - - [21/Jan/2021:11:23:00 +0800] "GET /xingrg/kc/print/load_data.html?order_code=212021012109678&kc_code=cgsh&condition= HTTP/1.1" 200 742
180.156.237.57 - - [21/Jan/2021:11:23:01 +0800] "GET /xingrg/kc/buy/cgsh_order_add.html HTTP/1.1" 200 61879
180.156.237.57 - - [21/Jan/2021:11:23:01 +0800] "GET /xingrg/words/20210120105349_words.js HTTP/1.1" 304 -
180.156.237.57 - - [21/Jan/2021:11:23:01 +0800] "GET /xingrg/javascript/easyui/themes/default/validatebox.css HTTP/1.1" 404 1104
180.156.237.57 - - [21/Jan/2021:11:23:01 +0800] "POST /xingrg/kc/buy/cgsh_order_operate.html HTTP/1.1" 200 8245
58.37.230.33 - - [21/Jan/2021:11:23:02 +0800] "POST /xingrg/kc/buy/cgsh_order_operate.html HTTP/1.1" 200 2065
180.169.147.146 - - [21/Jan/2021:11:23:03 +0800] "GET /xingrg/all/function/internal_message.html?_=1611199383795&CODE_STATE=getMsg HTTP/1.1" 200 27
101.89.29.78 - - [21/Jan/2021:11:23:05 +0800] "GET /xingrg/login.html HTTP/1.1" 200 7641
61.165.42.208 - - [21/Jan/2021:11:23:06 +0800] "GET /xingrg/all/function/internal_message.html?_=1611199387138&CODE_STATE=getMsg HTTP/1.1" 200 27
58.37.230.33 - - [21/Jan/2021:11:23:06 +0800] "GET /xingrg/kc/buy/cgsh_order_operate.html?command=get_materiel&rest_code=00141&code=00101008236&supplier_code=00100007&order_time=2021-01-21 HTTP/1.1" 200 417
222.69.136.55 - - [21/Jan/2021:11:23:06 +0800] "GET /xingrg/kc/buy/cgsh_order_operate.html?command=get_materiel&rest_code=00149&code=00101027022&supplier_code=00100019&order_time=2021-01-21 HTTP/1.1" 200 445
180.169.147.146 - - [21/Jan/2021:11:23:09 +0800] "POST /xingrg/dwr/call/plaincall/AjaxReportQueryService.refreshCache.dwr HTTP/1.1" 200 78
180.169.147.146 - - [21/Jan/2021:11:23:12 +0800] "GET /xingrg/all/function/internal_message.html?_=1611199389690&CODE_STATE=getMsg HTTP/1.1" 200 27
180.169.147.146 - - [21/Jan/2021:11:23:12 +0800] "GET /xingrg/check_reg.html?_=1611199389695 HTTP/1.1" 200 22
180.156.237.57 - - [21/Jan/2021:11:23:12 +0800] "GET /xingrg/kc/buy/cgsh_order_operate.html?command=get_materiel&rest_code=00150&code=00101003006&supplier_code=00100092&order_time=2021-01-21 HTTP/1.1" 200 431
114.86.187.76 - - [21/Jan/2021:11:23:14 +0800] "GET /xingrg/kc/buy/cgsh_order_operate.html?command=get_materiel&rest_code=00148&code=00101003041&supplier_code=00100088&order_time=2021-01-21 HTTP/1.1" 200 416
180.169.147.146 - - [21/Jan/2021:11:23:14 +0800] "GET /xingrg/all/function/internal_message.html?_=1611199392349&CODE_STATE=getMsg HTTP/1.1" 200 27
180.156.237.57 - - [21/Jan/2021:11:23:15 +0800] "GET /xingrg/all/function/internal_message.html?_=1611199374447&CODE_STATE=getMsg HTTP/1.1" 200 27
61.165.42.208 - - [21/Jan/2021:11:23:15 +0800] "GET /xingrg/kc/buy/cgsh_order_add.html HTTP/1.1" 200 62002
61.165.42.208 - - [21/Jan/2021:11:23:15 +0800] "POST /xingrg/kc/buy/cgsh_order_operate.html HTTP/1.1" 200 8245
61.165.42.208 - - [21/Jan/2021:11:23:15 +0800] "GET /xingrg/javascript/easyui/themes/default/validatebox.css HTTP/1.1" 404 1104
114.88.166.193 - - [21/Jan/2021:11:23:16 +0800] "GET /xingrg/kc/buy/cgsh_order_operate.html?command=get_materiel&rest_code=00111&code=00101012041&supplier_code=00100325&order_time=2021-01-21 HTTP/1.1" 200 418
58.37.230.33 - - [21/Jan/2021:11:23:17 +0800] "GET /xingrg/kc/buy/cgsh_order_operate.html?command=get_materiel&rest_code=00141&code=00101008168&supplier_code=00100007&order_time=2021-01-21 HTTP/1.1" 200 413
222.69.136.55 - - [21/Jan/2021:11:23:18 +0800] "GET /xingrg/kc/buy/cgsh_order_operate.html?command=get_materiel&rest_code=00149&code=00101027021&supplier_code=00100019&order_time=2021-01-21 HTTP/1.1" 200 445
218.81.223.240 - - [21/Jan/2021:11:23:19 +0800] "GET /xingrg/all/function/internal_message.html?_=1611199395493&CODE_STATE=getMsg HTTP/1.1" 200 27
58.37.230.33 - - [21/Jan/2021:11:23:23 +0800] "GET /xingrg/kc/buy/cgsh_order_operate.html?command=get_materiel&rest_code=00141&code=00101008114&supplier_code=00100007&order_time=2021-01-21 HTTP/1.1" 200 413
101.85.52.2 - - [21/Jan/2021:11:23:24 +0800] "GET /xingrg/all/function/internal_message.html?_=1611199396675&CODE_STATE=getMsg HTTP/1.1" 200 27
117.131.5.26 - - [21/Jan/2021:11:23:25 +0800] "GET /xingrg/all/function/internal_message.html?_=1611199457258&CODE_STATE=getMsg HTTP/1.1" 200 27
114.88.166.193 - - [21/Jan/2021:11:23:27 +0800] "GET /xingrg/all/function/internal_message.html?_=1611199402138&CODE_STATE=getMsg HTTP/1.1" 200 27
180.156.237.57 - - [21/Jan/2021:11:23:29 +0800] "POST /xingrg/kc/buy/cgsh_order_operate.html HTTP/1.1" 200 37
222.69.136.55 - - [21/Jan/2021:11:23:29 +0800] "GET /xingrg/kc/buy/cgsh_order_operate.html?command=get_materiel&rest_code=00149&code=00101026072&supplier_code=00100019&order_time=2021-01-21 HTTP/1.1" 200 458
58.37.230.33 - - [21/Jan/2021:11:23:29 +0800] "GET /xingrg/kc/buy/cgsh_order_operate.html?command=get_materiel&rest_code=00141&code=00101013144&supplier_code=00100007&order_time=2021-01-21 HTTP/1.1" 200 413
116.228.172.94 - - [21/Jan/2021:11:23:30 +0800] "GET /xingrg/all/function/internal_message.html?_=1611199403392&CODE_STATE=getMsg HTTP/1.1" 200 27
180.156.237.57 - - [21/Jan/2021:11:23:30 +0800] "GET /xingrg/all/function/internal_message.html?_=1611199409103&CODE_STATE=getMsg HTTP/1.1" 200 27
114.88.166.193 - - [21/Jan/2021:11:23:31 +0800] "GET /xingrg/kc/buy/cgsh_order_operate.html?command=get_materiel&rest_code=00111&code=00101006150&supplier_code=00100325&order_time=2021-01-21 HTTP/1.1" 200 413
180.156.237.57 - - [21/Jan/2021:11:23:31 +0800] "POST /xingrg/kc/buy/cgsh_order_operate.html HTTP/1.1" 200 12
222.69.133.109 - - [21/Jan/2021:11:23:31 +0800] "GET /xingrg/all/function/internal_message.html?_=1611199411919&CODE_STATE=getMsg HTTP/1.1" 200 27
180.156.237.57 - - [21/Jan/2021:11:23:32 +0800] "GET /xingrg/kc/buy/cgsh_order_info.html?code=212021012109679 HTTP/1.1" 200 56783
180.156.237.57 - - [21/Jan/2021:11:23:32 +0800] "GET /xingrg/javascript/easyui/themes/default/validatebox.css HTTP/1.1" 404 1104
180.156.237.57 - - [21/Jan/2021:11:23:32 +0800] "POST /xingrg/kc/buy/cgsh_order_operate.html HTTP/1.1" 200 611
117.185.32.26 - - [21/Jan/2021:11:23:33 +0800] "GET /xingrg/all/function/internal_message.html?_=1611199406279&CODE_STATE=getMsg HTTP/1.1" 200 27
61.165.42.208 - - [21/Jan/2021:11:23:33 +0800] "GET /xingrg/kc/buy/cgsh_order_operate.html?command=get_materiel&rest_code=00105&code=00101001045&supplier_code=00100439&order_time=2021-01-21 HTTP/1.1" 200 423
61.165.42.208 - - [21/Jan/2021:11:23:33 +0800] "GET /xingrg/kc/base/wldb_order_add.html HTTP/1.1" 200 30502
218.81.223.240 - - [21/Jan/2021:11:23:33 +0800] "GET /xingrg/check_reg.html?_=1611199410333 HTTP/1.1" 200 22
180.156.237.57 - - [21/Jan/2021:11:23:34 +0800] "GET /xingrg/kc/print/load_data.html?order_code=212021012109679&kc_code=cgsh&condition= HTTP/1.1" 200 767
61.165.42.208 - - [21/Jan/2021:11:23:34 +0800] "POST /xingrg/kc/base/wldb_order_operate.html HTTP/1.1" 200 6806
61.165.42.208 - - [21/Jan/2021:11:23:34 +0800] "GET /xingrg/javascript/easyui/themes/default/validatebox.css HTTP/1.1" 404 1104
61.165.42.208 - - [21/Jan/2021:11:23:35 +0800] "POST /xingrg/all/common/load_combo.html?type=base HTTP/1.1" 200 3236
58.37.230.33 - - [21/Jan/2021:11:23:37 +0800] "GET /xingrg/kc/buy/cgsh_order_operate.html?command=get_materiel&rest_code=00141&code=00101009013&supplier_code=00100007&order_time=2021-01-21 HTTP/1.1" 200 420
180.156.237.57 - - [21/Jan/2021:11:23:38 +0800] "GET /xingrg/kc/buy/cgsh_order_add.html HTTP/1.1" 200 61879
180.175.150.119 - - [21/Jan/2021:11:23:38 +0800] "GET /xingrg/all/function/internal_message.html?_=1611199420667&CODE_STATE=getMsg HTTP/1.1" 200 27
180.156.237.57 - - [21/Jan/2021:11:23:38 +0800] "POST /xingrg/kc/buy/cgsh_order_operate.html HTTP/1.1" 200 8245
180.156.237.57 - - [21/Jan/2021:11:23:38 +0800] "GET /xingrg/javascript/easyui/themes/default/validatebox.css HTTP/1.1" 404 1104
222.69.136.55 - - [21/Jan/2021:11:23:41 +0800] "GET /xingrg/kc/buy/cgsh_order_operate.html?command=get_materiel&rest_code=00149&code=00101027017&supplier_code=00100019&order_time=2021-01-21 HTTP/1.1" 200 443
58.37.230.33 - - [21/Jan/2021:11:23:42 +0800] "POST /xingrg/kc/buy/cgsh_order_operate.html HTTP/1.1" 200 2065
114.88.166.193 - - [21/Jan/2021:11:23:42 +0800] "GET /xingrg/kc/buy/cgsh_order_operate.html?command=get_materiel&rest_code=00111&code=00101006026&supplier_code=00100325&order_time=2021-01-21 HTTP/1.1" 200 409
101.85.52.2 - - [21/Jan/2021:11:23:43 +0800] "GET /xingrg/kc/base/base_main.html HTTP/1.1" 200 12142
61.165.42.208 - - [21/Jan/2021:11:23:44 +0800] "POST /xingrg/kc/buy/cgsh_order_operate.html HTTP/1.1" 200 37
61.165.42.208 - - [21/Jan/2021:11:23:45 +0800] "POST /xingrg/kc/buy/cgsh_order_operate.html HTTP/1.1" 200 2670
61.165.42.208 - - [21/Jan/2021:11:23:46 +0800] "GET /xingrg/kc/print/load_data.html?order_code=212021012109680&kc_code=cgsh&condition= HTTP/1.1" 200 681
58.37.230.33 - - [21/Jan/2021:11:23:48 +0800] "GET /xingrg/kc/buy/cgsh_order_operate.html?command=get_materiel&rest_code=00141&code=00101009016&supplier_code=00100007&order_time=2021-01-21 HTTP/1.1" 200 412
180.156.237.57 - - [21/Jan/2021:11:23:48 +0800] "GET /xingrg/kc/buy/cgsh_order_operate.html?command=get_materiel&rest_code=00150&code=00101002006&supplier_code=00100091&order_time=2021-01-21 HTTP/1.1" 200 414
61.165.42.208 - - [21/Jan/2021:11:23:49 +0800] "GET /xingrg/kc/buy/cgsh_order_add.html HTTP/1.1" 200 62002
117.185.32.26 - - [21/Jan/2021:11:23:49 +0800] "GET /xingrg/all/function/internal_message.html?_=1611199909690&CODE_STATE=getMsg HTTP/1.1" 200 27
61.165.42.208 - - [21/Jan/2021:11:23:49 +0800] "GET /xingrg/javascript/easyui/themes/default/validatebox.css HTTP/1.1" 404 1104
61.165.42.208 - - [21/Jan/2021:11:23:49 +0800] "POST /xingrg/kc/buy/cgsh_order_operate.html HTTP/1.1" 200 8245
101.85.52.2 - - [21/Jan/2021:11:23:49 +0800] "GET /xingrg/kc/report/report_main.html HTTP/1.1" 200 7345
101.85.52.2 - - [21/Jan/2021:11:23:49 +0800] "GET /xingrg/javascript/jquery_ui/themes/humanity/humanity.css HTTP/1.1" 200 27801
101.85.52.2 - - [21/Jan/2021:11:23:49 +0800] "GET /xingrg/javascript/jquery_easy_ui/themes/icons/back_new.png HTTP/1.1" 200 3414
180.169.147.146 - - [21/Jan/2021:11:23:49 +0800] "GET /xingrg/all/function/internal_message.html?_=1611199429896&CODE_STATE=getMsg HTTP/1.1" 200 27
101.85.52.2 - - [21/Jan/2021:11:23:50 +0800] "GET /xingrg/all/report/report_query.html?fileName=kc/buy/gys_amount.xml&rh=99999 HTTP/1.1" 200 52006
101.85.52.2 - - [21/Jan/2021:11:23:50 +0800] "GET /xingrg/javascript/multi_select/jqueryMultiSelect.css HTTP/1.1" 200 951
101.85.52.2 - - [21/Jan/2021:11:23:50 +0800] "GET /xingrg/javascript/calendar/timePicker.css HTTP/1.1" 200 523
101.85.52.2 - - [21/Jan/2021:11:23:50 +0800] "GET /xingrg/javascript/bigrid/fix.css HTTP/1.1" 200 1702
101.85.52.2 - - [21/Jan/2021:11:23:50 +0800] "GET /xingrg/dwr/interface/AjaxReportQueryService.js HTTP/1.1" 200 13203
101.85.52.2 - - [21/Jan/2021:11:23:50 +0800] "GET /xingrg/dwr/util.js HTTP/1.1" 200 35990
101.85.52.2 - - [21/Jan/2021:11:23:50 +0800] "GET /xingrg/dwr/engine.js HTTP/1.1" 200 43631
101.85.52.2 - - [21/Jan/2021:11:23:50 +0800] "GET /xingrg/javascript/jqueryMultiSelect.js HTTP/1.1" 200 11866
101.85.52.2 - - [21/Jan/2021:11:23:50 +0800] "GET /xingrg/javascript/calendar/jquery.timePicker.min.js HTTP/1.1" 200 2997
101.85.52.2 - - [21/Jan/2021:11:23:50 +0800] "GET /xingrg/javascript/bigrid/fix.js HTTP/1.1" 200 6439
101.85.52.2 - - [21/Jan/2021:11:23:50 +0800] "GET /xingrg/javascript/Calendar.js HTTP/1.1" 200 31561
120.253.135.82 - - [21/Jan/2021:11:23:50 +0800] "GET /xingrg/all/function/internal_message.html?_=1611199189775&CODE_STATE=getMsg HTTP/1.1" 200 27
101.85.52.2 - - [21/Jan/2021:11:23:51 +0800] "GET /xingrg/images/blue/button/advanceover.gif HTTP/1.1" 200 1347
101.85.52.2 - - [21/Jan/2021:11:23:51 +0800] "GET /xingrg/images/blue/button/advance2over.gif HTTP/1.1" 200 1336
101.85.52.2 - - [21/Jan/2021:11:23:51 +0800] "GET /xingrg/images/blue/button/back2over.gif HTTP/1.1" 200 1335
101.85.52.2 - - [21/Jan/2021:11:23:51 +0800] "GET /xingrg/images/control/loading.gif HTTP/1.1" 200 13463
101.85.52.2 - - [21/Jan/2021:11:23:51 +0800] "GET /xingrg/images/blue/button/backover.gif HTTP/1.1" 200 1348
101.85.52.2 - - [21/Jan/2021:11:23:51 +0800] "GET /xingrg/javascript/jquery_easy_ui/themes/icons/help.png HTTP/1.1" 200 1187
61.165.42.208 - - [21/Jan/2021:11:23:51 +0800] "GET /xingrg/check_reg.html?_=1611199411479 HTTP/1.1" 200 22
61.165.42.208 - - [21/Jan/2021:11:23:51 +0800] "GET /xingrg/all/function/internal_message.html?_=1611199411482&CODE_STATE=getMsg HTTP/1.1" 200 27
101.85.52.2 - - [21/Jan/2021:11:23:51 +0800] "GET /xingrg/javascript/jquery_easy_ui/themes/default/images/menu_rightarrow.png HTTP/1.1" 200 3617
101.85.52.2 - - [21/Jan/2021:11:23:51 +0800] "GET /xingrg/javascript/jquery_easy_ui/themes/icons/pencil.png HTTP/1.1" 200 713
101.85.52.2 - - [21/Jan/2021:11:23:51 +0800] "GET /xingrg/javascript/jquery_easy_ui/themes/default/images/button_a_bg.gif HTTP/1.1" 200 1194
101.85.52.2 - - [21/Jan/2021:11:23:51 +0800] "GET /xingrg/javascript/jquery_easy_ui/themes/icons/print.png HTTP/1.1" 200 1057
101.85.52.2 - - [21/Jan/2021:11:23:51 +0800] "GET /xingrg/javascript/jquery_easy_ui/themes/default/images/menu.gif HTTP/1.1" 200 834
101.85.52.2 - - [21/Jan/2021:11:23:51 +0800] "POST /xingrg/dwr/call/plaincall/AjaxReportQueryService.getFixDate.dwr HTTP/1.1" 200 111
101.85.52.2 - - [21/Jan/2021:11:23:51 +0800] "GET /xingrg/javascript/jquery_easy_ui/themes/default/images/menu_downarrow.png HTTP/1.1" 200 173
101.85.52.2 - - [21/Jan/2021:11:23:51 +0800] "GET /xingrg/javascript/jquery_easy_ui/themes/default/images/combo_arrow_dot.gif HTTP/1.1" 200 79
101.85.52.2 - - [21/Jan/2021:11:23:51 +0800] "POST /xingrg/all/common/load_tree.html?tree=supplier_tree_json&manage=1 HTTP/1.1" 200 55287
222.69.136.55 - - [21/Jan/2021:11:23:53 +0800] "POST /xingrg/kc/buy/cgsh_order_operate.html HTTP/1.1" 200 37
101.85.52.2 - - [21/Jan/2021:11:23:53 +0800] "GET /xingrg/javascript/jquery_easy_ui/themes/default/images/tree_checkbox_0.gif HTTP/1.1" 200 168
101.85.52.2 - - [21/Jan/2021:11:23:53 +0800] "POST /xingrg/all/common/load_tree.html?tree=materiel_sort_tree_json HTTP/1.1" 200 8666
58.37.230.33 - - [21/Jan/2021:11:23:53 +0800] "GET /xingrg/all/function/internal_message.html?_=1611199450955&CODE_STATE=getMsg HTTP/1.1" 200 27
101.85.52.2 - - [21/Jan/2021:11:23:54 +0800] "POST /xingrg/dwr/call/plaincall/AjaxReportQueryService.getInitString.dwr HTTP/1.1" 200 411
101.85.52.2 - - [21/Jan/2021:11:23:54 +0800] "GET /xingrg/javascript/multi_select/dropdown.gif HTTP/1.1" 200 61
114.88.166.193 - - [21/Jan/2021:11:23:54 +0800] "GET /xingrg/kc/buy/cgsh_order_operate.html?command=get_materiel&rest_code=00111&code=00101010343&supplier_code=00100325&order_time=2021-01-21 HTTP/1.1" 200 425
58.37.230.33 - - [21/Jan/2021:11:23:54 +0800] "GET /xingrg/check_reg.html?_=1611199431530 HTTP/1.1" 200 22
58.37.230.33 - - [21/Jan/2021:11:23:54 +0800] "GET /xingrg/all/function/internal_message.html?_=1611199431629&CODE_STATE=getMsg HTTP/1.1" 200 27
180.156.237.57 - - [21/Jan/2021:11:23:55 +0800] "GET /xingrg/kc/buy/cgsh_order_operate.html?command=get_materiel&rest_code=00150&code=00101003037&supplier_code=00100091&order_time=2021-01-21 HTTP/1.1" 200 414
180.175.150.119 - - [21/Jan/2021:11:23:55 +0800] "GET /xingrg/all/function/internal_message.html?_=1611199676928&CODE_STATE=getMsg HTTP/1.1" 200 27
222.69.136.55 - - [21/Jan/2021:11:23:55 +0800] "GET /xingrg/all/function/internal_message.html?_=1611199431042&CODE_STATE=getMsg HTTP/1.1" 200 27
222.69.136.55 - - [21/Jan/2021:11:23:57 +0800] "POST /xingrg/kc/buy/cgsh_order_operate.html HTTP/1.1" 200 12
222.69.136.55 - - [21/Jan/2021:11:23:58 +0800] "GET /xingrg/kc/buy/cgsh_order_info.html?code=212021012109681 HTTP/1.1" 200 56908
116.232.52.42 - - [21/Jan/2021:11:23:58 +0800] "GET /xingrg/all/function/internal_message.html?_=1611199459952&CODE_STATE=getMsg HTTP/1.1" 200 27
61.165.42.208 - - [21/Jan/2021:11:23:58 +0800] "GET /xingrg/kc/buy/cgsh_order_operate.html?command=get_materiel&rest_code=00105&code=00101001168&supplier_code=00100313&order_time=2021-01-21 HTTP/1.1" 200 416
222.69.136.55 - - [21/Jan/2021:11:23:58 +0800] "GET /xingrg/javascript/easyui/themes/default/validatebox.css HTTP/1.1" 404 1104
222.69.136.55 - - [21/Jan/2021:11:23:59 +0800] "POST /xingrg/kc/buy/cgsh_order_operate.html HTTP/1.1" 200 3138
61.165.42.208 - - [21/Jan/2021:11:24:00 +0800] "POST /xingrg/all/common/load_combo.html?type=base HTTP/1.1" 200 3236
222.69.136.55 - - [21/Jan/2021:11:24:00 +0800] "GET /xingrg/kc/print/load_data.html?order_code=212021012109681&kc_code=cgsh&condition= HTTP/1.1" 200 1837
180.169.147.146 - - [21/Jan/2021:11:24:03 +0800] "GET /xingrg/all/function/internal_message.html?_=1611199443796&CODE_STATE=getMsg HTTP/1.1" 200 27
180.169.147.146 - - [21/Jan/2021:11:24:03 +0800] "GET /xingrg/check_reg.html?_=1611199443800 HTTP/1.1" 200 22
61.165.42.208 - - [21/Jan/2021:11:24:06 +0800] "GET /xingrg/all/function/internal_message.html?_=1611199447099&CODE_STATE=getMsg HTTP/1.1" 200 27
180.156.237.57 - - [21/Jan/2021:11:24:06 +0800] "POST /xingrg/kc/buy/cgsh_order_operate.html HTTP/1.1" 200 37
58.37.230.33 - - [21/Jan/2021:11:24:07 +0800] "GET /xingrg/kc/buy/cgsh_order_operate.html?command=get_materiel&rest_code=00141&code=00101009062&supplier_code=00100007&order_time=2021-01-21 HTTP/1.1" 200 414
180.156.237.57 - - [21/Jan/2021:11:24:08 +0800] "POST /xingrg/kc/buy/cgsh_order_operate.html HTTP/1.1" 200 12
180.156.237.57 - - [21/Jan/2021:11:24:11 +0800] "GET /xingrg/kc/buy/cgsh_order_info.html?code=212021012109682 HTTP/1.1" 200 56785
180.156.237.57 - - [21/Jan/2021:11:24:11 +0800] "GET /xingrg/javascript/easyui/themes/default/validatebox.css HTTP/1.1" 404 1104
180.156.237.57 - - [21/Jan/2021:11:24:12 +0800] "POST /xingrg/kc/buy/cgsh_order_operate.html HTTP/1.1" 200 1208
180.169.147.146 - - [21/Jan/2021:11:24:12 +0800] "GET /xingrg/all/function/internal_message.html?_=1611199449688&CODE_STATE=getMsg HTTP/1.1" 200 27
180.156.237.57 - - [21/Jan/2021:11:24:13 +0800] "GET /xingrg/check_reg.html?_=1611199433207 HTTP/1.1" 200 22
180.169.147.146 - - [21/Jan/2021:11:24:14 +0800] "GET /xingrg/all/function/internal_message.html?_=1611199452349&CODE_STATE=getMsg HTTP/1.1" 200 27
180.156.237.57 - - [21/Jan/2021:11:24:14 +0800] "GET /xingrg/kc/print/load_data.html?order_code=212021012109682&kc_code=cgsh&condition= HTTP/1.1" 200 1017
180.156.237.57 - - [21/Jan/2021:11:24:15 +0800] "GET /xingrg/all/function/internal_message.html?_=1611199434461&CODE_STATE=getMsg HTTP/1.1" 200 27
114.88.166.193 - - [21/Jan/2021:11:24:15 +0800] "GET /xingrg/kc/buy/cgsh_order_operate.html?command=get_materiel&rest_code=00111&code=00101010162&supplier_code=00100325&order_time=2021-01-21 HTTP/1.1" 200 436
114.86.187.76 - - [21/Jan/2021:11:24:18 +0800] "POST /xingrg/kc/buy/cgsh_order_operate.html HTTP/1.1" 200 37
58.37.230.33 - - [21/Jan/2021:11:24:18 +0800] "GET /xingrg/kc/buy/cgsh_order_operate.html?command=get_materiel&rest_code=00141&code=00101007085&supplier_code=00100328&order_time=2021-01-21 HTTP/1.1" 200 413
218.81.223.240 - - [21/Jan/2021:11:24:19 +0800] "GET /xingrg/all/function/internal_message.html?_=1611199455493&CODE_STATE=getMsg HTTP/1.1" 200 27
114.86.187.76 - - [21/Jan/2021:11:24:21 +0800] "POST /xingrg/kc/buy/cgsh_order_operate.html HTTP/1.1" 200 12
180.156.237.57 - - [21/Jan/2021:11:24:21 +0800] "GET /xingrg/kc/buy/cgsh_order_add.html HTTP/1.1" 200 61879
61.165.42.208 - - [21/Jan/2021:11:24:21 +0800] "GET /xingrg/kc/buy/cgsh_order_operate.html?command=get_materiel&rest_code=00105&code=00101001135&supplier_code=00100313&order_time=2021-01-21 HTTP/1.1" 200 413
222.69.136.55 - - [21/Jan/2021:11:24:21 +0800] "GET /xingrg/kc/buy/cgsh_order_add.html HTTP/1.1" 200 62008
180.156.237.57 - - [21/Jan/2021:11:24:22 +0800] "POST /xingrg/kc/buy/cgsh_order_operate.html HTTP/1.1" 200 8245
180.156.237.57 - - [21/Jan/2021:11:24:22 +0800] "GET /xingrg/javascript/easyui/themes/default/validatebox.css HTTP/1.1" 404 1104
222.69.136.55 - - [21/Jan/2021:11:24:22 +0800] "GET /xingrg/javascript/easyui/themes/default/validatebox.css HTTP/1.1" 404 1104
222.69.136.55 - - [21/Jan/2021:11:24:22 +0800] "POST /xingrg/kc/buy/cgsh_order_operate.html HTTP/1.1" 200 8245
114.86.187.76 - - [21/Jan/2021:11:24:22 +0800] "GET /xingrg/kc/buy/cgsh_order_info.html?code=212021012109683 HTTP/1.1" 200 56865
114.86.187.76 - - [21/Jan/2021:11:24:23 +0800] "GET /xingrg/javascript/easyui/themes/default/validatebox.css HTTP/1.1" 404 1104
117.185.32.26 - - [21/Jan/2021:11:24:23 +0800] "GET /xingrg/kc/buy/cgsh_order_add.html HTTP/1.1" 200 61955
117.185.32.26 - - [21/Jan/2021:11:24:23 +0800] "GET /xingrg/javascript/easyui/themes/default/validatebox.css HTTP/1.1" 404 1104
114.86.187.76 - - [21/Jan/2021:11:24:23 +0800] "POST /xingrg/kc/buy/cgsh_order_operate.html HTTP/1.1" 200 1209
117.185.32.26 - - [21/Jan/2021:11:24:23 +0800] "POST /xingrg/kc/buy/cgsh_order_operate.html HTTP/1.1" 200 8245
101.85.52.2 - - [21/Jan/2021:11:24:24 +0800] "GET /xingrg/all/function/internal_message.html?_=1611199456656&CODE_STATE=getMsg HTTP/1.1" 200 27
117.185.32.26 - - [21/Jan/2021:11:24:24 +0800] "GET /xingrg/javascript/easyui/themes/default/tree.css HTTP/1.1" 404 1090
117.185.32.26 - - [21/Jan/2021:11:24:25 +0800] "POST /xingrg/all/common/load_tree.html?tree=supplier_tree_json&isDelete=1 HTTP/1.1" 200 54555
117.131.5.26 - - [21/Jan/2021:11:24:25 +0800] "GET /xingrg/all/function/internal_message.html?_=1611199517257&CODE_STATE=getMsg HTTP/1.1" 200 27
117.131.5.26 - - [21/Jan/2021:11:24:25 +0800] "GET /xingrg/check_reg.html?_=1611199517258 HTTP/1.1" 200 22
58.37.230.33 - - [21/Jan/2021:11:24:26 +0800] "GET /xingrg/kc/buy/cgsh_order_operate.html?command=get_materiel&rest_code=00141&code=00101008209&supplier_code=00100007&order_time=2021-01-21 HTTP/1.1" 200 408
58.37.230.33 - - [21/Jan/2021:11:24:26 +0800] "GET /xingrg/kc/buy/cgsh_order_operate.html?command=get_materiel&rest_code=00141&code=00101007077&supplier_code=00100328&order_time=2021-01-21 HTTP/1.1" 200 415
114.88.166.193 - - [21/Jan/2021:11:24:27 +0800] "GET /xingrg/all/function/internal_message.html?_=1611199462152&CODE_STATE=getMsg HTTP/1.1" 200 27
114.86.187.76 - - [21/Jan/2021:11:24:27 +0800] "GET /xingrg/kc/print/load_data.html?order_code=212021012109683&kc_code=cgsh&condition= HTTP/1.1" 200 1016
61.165.42.208 - - [21/Jan/2021:11:24:29 +0800] "GET /xingrg/kc/buy/cgsh_order_operate.html?command=get_materiel&rest_code=00105&code=00101001096&supplier_code=00100313&order_time=2021-01-21 HTTP/1.1" 200 413
116.228.172.94 - - [21/Jan/2021:11:24:30 +0800] "GET /xingrg/all/function/internal_message.html?_=1611199463382&CODE_STATE=getMsg HTTP/1.1" 200 27
180.156.237.57 - - [21/Jan/2021:11:24:30 +0800] "GET /xingrg/all/function/internal_message.html?_=1611199469115&CODE_STATE=getMsg HTTP/1.1" 200 27
222.69.133.109 - - [21/Jan/2021:11:24:31 +0800] "GET /xingrg/check_reg.html?_=1611199471920 HTTP/1.1" 200 22
222.69.133.109 - - [21/Jan/2021:11:24:31 +0800] "GET /xingrg/all/function/internal_message.html?_=1611199471924&CODE_STATE=getMsg HTTP/1.1" 200 27
222.69.136.55 - - [21/Jan/2021:11:24:32 +0800] "GET /xingrg/kc/buy/cgsh_order_operate.html?command=get_materiel&rest_code=00149&code=00101005022&supplier_code=00100347&order_time=2021-01-21 HTTP/1.1" 200 417
117.185.32.26 - - [21/Jan/2021:11:24:33 +0800] "GET /xingrg/all/function/internal_message.html?_=1611199466250&CODE_STATE=getMsg HTTP/1.1" 200 27
61.165.42.208 - - [21/Jan/2021:11:24:35 +0800] "GET /xingrg/kc/buy/cgsh_order_operate.html?command=get_materiel&rest_code=00105&code=00102026001&supplier_code=00100313&order_time=2021-01-21 HTTP/1.1" 200 409
58.37.230.33 - - [21/Jan/2021:11:24:38 +0800] "POST /xingrg/kc/buy/cgsh_order_operate.html HTTP/1.1" 200 37
61.151.178.164 - - [21/Jan/2021:11:24:38 +0800] "GET /xingrg/kc/buy/cgsh_order_info.html?code=212021012109641 HTTP/1.1" 302 -
180.175.150.119 - - [21/Jan/2021:11:24:38 +0800] "GET /xingrg/all/function/internal_message.html?_=1611199480675&CODE_STATE=getMsg HTTP/1.1" 200 27
58.37.230.33 - - [21/Jan/2021:11:24:40 +0800] "POST /xingrg/kc/buy/cgsh_order_operate.html HTTP/1.1" 200 12
58.37.230.33 - - [21/Jan/2021:11:24:42 +0800] "GET /xingrg/kc/buy/cgsh_order_info.html?code=212021012109684 HTTP/1.1" 200 56867
117.185.32.26 - - [21/Jan/2021:11:24:43 +0800] "GET /xingrg/kc/buy/cgsh_order_operate.html?command=get_materiel&rest_code=00106&code=00101003003&supplier_code=00100093&order_time=2021-01-21 HTTP/1.1" 200 414
58.37.230.33 - - [21/Jan/2021:11:24:43 +0800] "GET /xingrg/javascript/easyui/themes/default/validatebox.css HTTP/1.1" 404 1104
58.37.230.33 - - [21/Jan/2021:11:24:43 +0800] "POST /xingrg/kc/buy/cgsh_order_operate.html HTTP/1.1" 200 1798
61.165.42.208 - - [21/Jan/2021:11:24:43 +0800] "GET /xingrg/kc/buy/cgsh_order_operate.html?command=get_materiel&rest_code=00105&code=00101004023&supplier_code=00100313&order_time=2021-01-21 HTTP/1.1" 200 409
61.165.42.208 - - [21/Jan/2021:11:24:44 +0800] "GET /xingrg/kc/base/wldb_order_operate.html?command=get_materiel&rest_code=00105&base_code=0010507&code=00101019046 HTTP/1.1" 200 462
58.37.230.33 - - [21/Jan/2021:11:24:45 +0800] "POST /xingrg/kc/buy/cgsh_order_operate.html HTTP/1.1" 200 2065
61.151.178.164 - - [21/Jan/2021:11:24:45 +0800] "GET /xingrg/login.html HTTP/1.1" 200 7641
58.37.230.33 - - [21/Jan/2021:11:24:45 +0800] "GET /xingrg/kc/print/load_data.html?order_code=212021012109684&kc_code=cgsh&condition= HTTP/1.1" 200 1178
114.86.187.76 - - [21/Jan/2021:11:24:48 +0800] "GET /xingrg/check_reg.html?_=1611199487215 HTTP/1.1" 200 22
222.69.136.55 - - [21/Jan/2021:11:24:49 +0800] "GET /xingrg/kc/buy/cgsh_order_operate.html?command=get_materiel&rest_code=00149&code=00101002008&supplier_code=00100347&order_time=2021-01-21 HTTP/1.1" 200 418
101.85.52.2 - - [21/Jan/2021:11:24:49 +0800] "GET /xingrg/javascript/jquery_easy_ui/themes/default/images/tree_checkbox_1.gif HTTP/1.1" 200 174
101.85.52.2 - - [21/Jan/2021:11:24:49 +0800] "GET /xingrg/javascript/jquery_easy_ui/themes/default/images/tree_checkbox_2.gif HTTP/1.1" 200 181
117.185.32.26 - - [21/Jan/2021:11:24:49 +0800] "GET /xingrg/all/function/internal_message.html?_=1611199969699&CODE_STATE=getMsg HTTP/1.1" 200 27
180.169.147.146 - - [21/Jan/2021:11:24:49 +0800] "GET /xingrg/all/function/internal_message.html?_=1611199489897&CODE_STATE=getMsg HTTP/1.1" 200 27
58.37.230.33 - - [21/Jan/2021:11:24:50 +0800] "GET /xingrg/kc/buy/cgsh_order_operate.html?command=get_materiel&rest_code=00141&code=00101008069&supplier_code=00100007&order_time=2021-01-21 HTTP/1.1" 200 412
101.85.52.2 - - [21/Jan/2021:11:24:50 +0800] "POST /xingrg/dwr/call/plaincall/AjaxReportQueryService.refreshCache.dwr HTTP/1.1" 200 78
58.37.230.33 - - [21/Jan/2021:11:24:50 +0800] "GET /xingrg/kc/buy/cgsh_order_add.html HTTP/1.1" 200 61961
120.253.135.82 - - [21/Jan/2021:11:24:51 +0800] "GET /xingrg/all/function/internal_message.html?_=1611199249803&CODE_STATE=getMsg HTTP/1.1" 200 27
61.165.42.208 - - [21/Jan/2021:11:24:51 +0800] "GET /xingrg/all/function/internal_message.html?_=1611199471482&CODE_STATE=getMsg HTTP/1.1" 200 27
58.37.230.33 - - [21/Jan/2021:11:24:51 +0800] "POST /xingrg/kc/buy/cgsh_order_operate.html HTTP/1.1" 200 8245
58.37.230.33 - - [21/Jan/2021:11:24:51 +0800] "GET /xingrg/javascript/easyui/themes/default/validatebox.css HTTP/1.1" 404 1104
101.85.52.2 - - [21/Jan/2021:11:24:51 +0800] "POST /xingrg/all/report/load_report_page.html HTTP/1.1" 200 8904
101.85.52.2 - - [21/Jan/2021:11:24:51 +0800] "GET /xingrg/servlets/image?cache=0.4624272680172393&image=px HTTP/1.1" 200 807
101.85.52.2 - - [21/Jan/2021:11:24:53 +0800] "GET /xingrg/all/report/report_query.html?isQuery=1&fileName=kc/buy/wlcg_cate_hz.xml&queryString=(CONVERT(char(10)%252Ca.order_time%252C%2520120)%253E%253D'2020-12-01')%2520and%2520(CONVERT(char(10)%252Ca.order_time%252C%2520120)%253C%253D'2020-12-31')%2520and%2520(a.supplier_code%2520in%2520('00100185'))%2520and%2520(a.number%253E0%2520and%2520a.supplier_code%253D'00100185')&queryText=%25E3%2580%2590%25E9%2587%2587%25E8%25B4%25AD%25E6%2597%25A5%25E6%259C%259F%253A2020-12-01%2520%25E8%2587%25B3%25202020-12-31%25E3%2580%2591%2520%25E5%25B9%25B6%25E4%25B8%2594%2520%2520%25E3%2580%2590%25E4%25BE%259B%25E5%25BA%2594%25E5%2595%2586%2520%253D%2520%25E6%25B2%25B3%25E9%25B2%259C(%25E9%2599%2588%25E6%2596%25B0%25E9%25BD%2590)%25E3%2580%2591%2520%25E5%25B9%25B6%25E4%25B8%2594%2520%25E3%2580%2590%25E4%25BE%259B%25E5%25BA%2594%25E5%2595%2586%253D%25E6%25B2%25B3%25E9%25B2%259C(%25E9%2599%2588%25E6%2596%25B0%25E9%25BD%2590)%25E3%2580%2591 HTTP/1.1" 200 54472
101.85.52.2 - - [21/Jan/2021:11:24:53 +0800] "GET /xingrg/dwr/interface/AjaxReportQueryService.js HTTP/1.1" 200 13203
101.85.52.2 - - [21/Jan/2021:11:24:53 +0800] "GET /xingrg/dwr/engine.js HTTP/1.1" 200 43631
58.37.230.33 - - [21/Jan/2021:11:24:53 +0800] "GET /xingrg/all/function/internal_message.html?_=1611199510977&CODE_STATE=getMsg HTTP/1.1" 200 27
101.85.52.2 - - [21/Jan/2021:11:24:54 +0800] "POST /xingrg/all/report/load_report_page.html HTTP/1.1" 200 8714
101.85.52.2 - - [21/Jan/2021:11:24:54 +0800] "GET /xingrg/servlets/image?cache=0.6079624571224042&image=px HTTP/1.1" 200 807
58.37.230.33 - - [21/Jan/2021:11:24:54 +0800] "GET /xingrg/all/function/internal_message.html?_=1611199491693&CODE_STATE=getMsg HTTP/1.1" 200 27
222.69.136.55 - - [21/Jan/2021:11:24:55 +0800] "GET /xingrg/all/function/internal_message.html?_=1611199491075&CODE_STATE=getMsg HTTP/1.1" 200 27
114.86.187.76 - - [21/Jan/2021:11:24:55 +0800] "GET /xingrg/kc/buy/cgsh_order_add.html HTTP/1.1" 200 61961
114.86.187.76 - - [21/Jan/2021:11:24:56 +0800] "POST /xingrg/kc/buy/cgsh_order_operate.html HTTP/1.1" 200 8245
180.175.150.119 - - [21/Jan/2021:11:24:56 +0800] "GET /xingrg/all/function/internal_message.html?_=1611199737737&CODE_STATE=getMsg HTTP/1.1" 200 27
114.86.187.76 - - [21/Jan/2021:11:24:56 +0800] "GET /xingrg/javascript/easyui/themes/default/validatebox.css HTTP/1.1" 404 1104
61.165.42.208 - - [21/Jan/2021:11:24:57 +0800] "POST /xingrg/kc/buy/cgsh_order_operate.html HTTP/1.1" 200 37
116.232.52.42 - - [21/Jan/2021:11:24:58 +0800] "GET /xingrg/check_reg.html?_=1611199519965 HTTP/1.1" 200 22
116.232.52.42 - - [21/Jan/2021:11:24:58 +0800] "GET /xingrg/all/function/internal_message.html?_=1611199519966&CODE_STATE=getMsg HTTP/1.1" 200 27
120.253.135.82 - - [21/Jan/2021:11:24:59 +0800] "GET /xingrg/check_reg.html?_=1611199258009 HTTP/1.1" 200 22
180.169.147.146 - - [21/Jan/2021:11:24:59 +0800] "GET /favicon.ico HTTP/1.1" 404 -
114.88.166.193 - - [21/Jan/2021:11:25:00 +0800] "POST /xingrg/kc/buy/cgsh_order_operate.html HTTP/1.1" 200 37
61.165.42.208 - - [21/Jan/2021:11:25:00 +0800] "POST /xingrg/kc/buy/cgsh_order_operate.html HTTP/1.1" 200 5033
101.85.52.2 - - [21/Jan/2021:11:25:00 +0800] "POST /xingrg/all/report/load_report_page.html HTTP/1.1" 200 26521
101.85.52.2 - - [21/Jan/2021:11:25:00 +0800] "GET /xingrg/servlets/image?cache=0.24378618893176895&image=px HTTP/1.1" 200 807
61.165.42.208 - - [21/Jan/2021:11:25:01 +0800] "GET /xingrg/kc/print/load_data.html?order_code=212021012109685&kc_code=cgsh&condition= HTTP/1.1" 200 1579
101.85.52.2 - - [21/Jan/2021:11:25:01 +0800] "GET /xingrg/javascript/jquery_easy_ui/themes/default/images/button_plain_hover.png HTTP/1.1" 200 252
114.88.166.193 - - [21/Jan/2021:11:25:01 +0800] "POST /xingrg/kc/buy/cgsh_order_operate.html HTTP/1.1" 200 5053
222.69.136.55 - - [21/Jan/2021:11:25:02 +0800] "GET /xingrg/kc/buy/cgsh_order_operate.html?command=get_materiel&rest_code=00149&code=00102002167&supplier_code=00100347&order_time=2021-01-21 HTTP/1.1" 200 409
180.169.147.146 - - [21/Jan/2021:11:25:03 +0800] "GET /xingrg/all/function/internal_message.html?_=1611199503802&CODE_STATE=getMsg HTTP/1.1" 200 27
58.37.230.33 - - [21/Jan/2021:11:25:05 +0800] "POST /xingrg/kc/buy/cgsh_order_operate.html HTTP/1.1" 200 37
114.88.166.193 - - [21/Jan/2021:11:25:05 +0800] "GET /xingrg/kc/print/load_data.html?order_code=212021012109686&kc_code=cgsh&condition= HTTP/1.1" 200 1612
61.165.42.208 - - [21/Jan/2021:11:25:06 +0800] "GET /xingrg/all/function/internal_message.html?_=1611199507072&CODE_STATE=getMsg HTTP/1.1" 200 27
101.91.60.11 - - [21/Jan/2021:11:25:06 +0800] "GET /xingrg/kc/buy/cgsh_order_operate.html?command=get_materiel&rest_code=00141&code=00101007081&supplier_code=00100004&order_time=2021-01-21 HTTP/1.1" 302 -
101.85.52.2 - - [21/Jan/2021:11:25:06 +0800] "POST /xingrg/all/report/report_print.html HTTP/1.1" 302 -
101.85.52.2 - - [21/Jan/2021:11:25:06 +0800] "GET /xingrg/servlets/html?sysBaseUrl=http%3A%2F%2F180.169.147.146%3A18081%2Fxingrg%2F&costTime=188×tamp=1611199506506 HTTP/1.1" 200 27250
101.85.52.2 - - [21/Jan/2021:11:25:06 +0800] "GET /xingrg/servlets/image?image=px HTTP/1.1" 200 807
101.85.52.2 - - [21/Jan/2021:11:25:06 +0800] "GET /favicon.ico HTTP/1.1" 404 -
101.91.60.11 - - [21/Jan/2021:11:25:09 +0800] "GET /xingrg/login.html HTTP/1.1" 200 7641
58.37.230.33 - - [21/Jan/2021:11:25:11 +0800] "POST /xingrg/kc/buy/cgsh_order_operate.html HTTP/1.1" 200 12
58.37.230.33 - - [21/Jan/2021:11:25:11 +0800] "GET /xingrg/kc/buy/cgsh_order_info.html?code=212021012109687 HTTP/1.1" 200 56867
58.37.230.33 - - [21/Jan/2021:11:25:12 +0800] "GET /xingrg/javascript/easyui/themes/default/validatebox.css HTTP/1.1" 404 1104
180.169.147.146 - - [21/Jan/2021:11:25:12 +0800] "GET /xingrg/all/function/internal_message.html?_=1611199509693&CODE_STATE=getMsg HTTP/1.1" 200 27
180.169.147.146 - - [21/Jan/2021:11:25:12 +0800] "GET /xingrg/all/report/report_query.html?fileName=kc/buy/gys_amount_base_rest.xml HTTP/1.1" 200 51664
180.169.147.146 - - [21/Jan/2021:11:25:12 +0800] "GET /xingrg/dwr/interface/AjaxReportQueryService.js HTTP/1.1" 200 13203
180.169.147.146 - - [21/Jan/2021:11:25:12 +0800] "GET /xingrg/dwr/engine.js HTTP/1.1" 200 43631
58.37.230.33 - - [21/Jan/2021:11:25:12 +0800] "POST /xingrg/kc/buy/cgsh_order_operate.html HTTP/1.1" 200 608
180.169.147.146 - - [21/Jan/2021:11:25:12 +0800] "POST /xingrg/dwr/call/plaincall/AjaxReportQueryService.getFixDate.dwr HTTP/1.1" 200 111
