180.175.150.119 - - [21/Jan/2021:09:47:31 +0800] "GET /xingrg/javascript/jquery_easy_ui/easyui-lang-zh_CN.js HTTP/1.1" 200 1900
180.175.150.119 - - [21/Jan/2021:09:47:31 +0800] "GET /favicon.ico HTTP/1.1" 404 -
180.175.150.119 - - [21/Jan/2021:09:47:31 +0800] "GET /xingrg/javascript/jquery_easy_ui/themes/icons/settle_new.png HTTP/1.1" 200 826
180.175.150.119 - - [21/Jan/2021:09:47:31 +0800] "GET /xingrg/images/blue/navBackgound.jpg HTTP/1.1" 200 12378
180.175.150.119 - - [21/Jan/2021:09:47:31 +0800] "POST /xingrg/all/common/load_tree.html?tree=area_rest_tree_json&manage=1 HTTP/1.1" 200 342
180.175.150.119 - - [21/Jan/2021:09:47:31 +0800] "GET /xingrg/images/blue/pingpu.png HTTP/1.1" 200 231
180.175.150.119 - - [21/Jan/2021:09:47:31 +0800] "GET /xingrg/javascript/jquery_easy_ui/themes/default/images/tabs_leftarrow.png HTTP/1.1" 200 389
180.175.150.119 - - [21/Jan/2021:09:47:31 +0800] "GET /xingrg/javascript/jquery_easy_ui/themes/default/images/tabs_rightarrow.png HTTP/1.1" 200 395
180.175.150.119 - - [21/Jan/2021:09:47:32 +0800] "GET /xingrg/javascript/jquery_easy_ui/themes/default/images/panel_tool_collapse.gif HTTP/1.1" 200 246
180.175.150.119 - - [21/Jan/2021:09:47:32 +0800] "POST /xingrg/load_menu.html HTTP/1.1" 200 5138
180.175.150.119 - - [21/Jan/2021:09:47:32 +0800] "GET /xingrg/all/function/internal_message.html?_=1611193893274&CODE_STATE=count HTTP/1.1" 200 11
180.175.150.119 - - [21/Jan/2021:09:47:32 +0800] "GET /xingrg/check_reg.html?_=1611193893275 HTTP/1.1" 200 22
180.175.150.119 - - [21/Jan/2021:09:47:32 +0800] "GET /xingrg/javascript/jquery_easy_ui/themes/default/images/tree_arrows.gif HTTP/1.1" 200 1043
180.175.150.119 - - [21/Jan/2021:09:47:32 +0800] "GET /xingrg/javascript/jquery_easy_ui/themes/default/images/tree_folder_open.gif HTTP/1.1" 200 956
180.175.150.119 - - [21/Jan/2021:09:47:32 +0800] "GET /xingrg/javascript/jquery_easy_ui/themes/icons/search_new.png HTTP/1.1" 200 586
180.175.150.119 - - [21/Jan/2021:09:47:32 +0800] "GET /xingrg/javascript/jquery_easy_ui/themes/default/images/tree_folder.gif HTTP/1.1" 200 952
180.175.150.119 - - [21/Jan/2021:09:47:32 +0800] "GET /xingrg/javascript/jquery_easy_ui/themes/icons/storage_new.png HTTP/1.1" 200 853
180.175.150.119 - - [21/Jan/2021:09:47:32 +0800] "GET /xingrg/javascript/jquery_easy_ui/themes/icons/forms_new.png HTTP/1.1" 200 350
180.175.150.119 - - [21/Jan/2021:09:47:32 +0800] "GET /xingrg/javascript/jquery_easy_ui/themes/default/images/tree_file.gif HTTP/1.1" 200 118
180.175.150.119 - - [21/Jan/2021:09:47:35 +0800] "GET /xingrg/javascript/jquery_easy_ui/themes/default/images/tabs_close.gif HTTP/1.1" 200 829
180.175.150.119 - - [21/Jan/2021:09:47:35 +0800] "GET /xingrg/css/site.css HTTP/1.1" 200 7541
180.175.150.119 - - [21/Jan/2021:09:47:35 +0800] "GET /xingrg/css/base.css HTTP/1.1" 200 2811
180.175.150.119 - - [21/Jan/2021:09:47:35 +0800] "GET /xingrg/javascript/easyui/themes/icon.css HTTP/1.1" 200 4483
180.175.150.119 - - [21/Jan/2021:09:47:35 +0800] "GET /xingrg/javascript/auto/jquery.autocomplete.css HTTP/1.1" 200 587
180.175.150.119 - - [21/Jan/2021:09:47:35 +0800] "GET /xingrg/javascript/jquery_tools/jquery.tools.min.js HTTP/1.1" 200 138801
180.175.150.119 - - [21/Jan/2021:09:47:35 +0800] "GET /xingrg/javascript/jquery_tools/jquery.tools.hotkey.js HTTP/1.1" 200 3242
180.175.150.119 - - [21/Jan/2021:09:47:35 +0800] "GET /xingrg/javascript/jquery_tools/datebox.css HTTP/1.1" 200 2597
180.175.150.119 - - [21/Jan/2021:09:47:35 +0800] "GET /xingrg/javascript/jquery_tools/fix.css HTTP/1.1" 200 1702
180.175.150.119 - - [21/Jan/2021:09:47:35 +0800] "GET /xingrg/javascript/jquery_tools/list_manager.js HTTP/1.1" 200 3652
180.175.150.119 - - [21/Jan/2021:09:47:35 +0800] "GET /xingrg/javascript/jquery_tools/table.css HTTP/1.1" 200 1032
180.175.150.119 - - [21/Jan/2021:09:47:35 +0800] "GET /xingrg/kc/buy/cgsh_order_list.html HTTP/1.1" 200 46217
180.175.150.119 - - [21/Jan/2021:09:47:35 +0800] "GET /xingrg/javascript/easyui/easyloader.js HTTP/1.1" 200 5975
180.175.150.119 - - [21/Jan/2021:09:47:35 +0800] "GET /xingrg/javascript/jquery.cookie.js HTTP/1.1" 200 5513
180.175.150.119 - - [21/Jan/2021:09:47:35 +0800] "GET /xingrg/javascript/print/LodopFuncs.js HTTP/1.1" 200 5121
180.175.150.119 - - [21/Jan/2021:09:47:35 +0800] "GET /xingrg/javascript/jquery_tools/jquery.tools.table.js HTTP/1.1" 200 6994
180.175.150.119 - - [21/Jan/2021:09:47:35 +0800] "GET /xingrg/javascript/jquery_tools/jquery.tools.extend.js HTTP/1.1" 200 15385
180.175.150.119 - - [21/Jan/2021:09:47:36 +0800] "GET /xingrg/javascript/auto/jquery.autocomplete.js HTTP/1.1" 200 21624
180.175.150.119 - - [21/Jan/2021:09:47:36 +0800] "GET /xingrg/javascript/easyui/themes/default/easyui.css HTTP/1.1" 200 30432
101.91.60.105 - - [21/Jan/2021:09:47:37 +0800] "GET /xingrg/all/function/internal_message.html?_=1611193011225&CODE_STATE=getMsg HTTP/1.1" 302 -
180.175.150.119 - - [21/Jan/2021:09:47:37 +0800] "GET /xingrg/javascript/easyui/themes/icons/edit_add_new.png HTTP/1.1" 200 2997
180.175.150.119 - - [21/Jan/2021:09:47:37 +0800] "GET /xingrg/javascript/easyui/themes/icons/cance_new.png HTTP/1.1" 200 3986
180.175.150.119 - - [21/Jan/2021:09:47:37 +0800] "GET /xingrg/javascript/easyui/themes/icons/check_new.png HTTP/1.1" 200 3224
180.175.150.119 - - [21/Jan/2021:09:47:37 +0800] "GET /xingrg/javascript/easyui/themes/icons/field_new.png HTTP/1.1" 200 1097
180.175.150.119 - - [21/Jan/2021:09:47:37 +0800] "GET /xingrg/javascript/easyui/themes/icons/import_new.png HTTP/1.1" 200 1247
180.175.150.119 - - [21/Jan/2021:09:47:38 +0800] "GET /xingrg/javascript/easyui/plugins/jquery.parser.js HTTP/1.1" 200 1142
180.175.150.119 - - [21/Jan/2021:09:47:38 +0800] "GET /xingrg/images/control/ajaxLoader.gif HTTP/1.1" 200 4659
180.175.150.119 - - [21/Jan/2021:09:47:38 +0800] "GET /xingrg/javascript/jquery_easy_ui/themes/icons/area.png HTTP/1.1" 200 262
180.175.150.119 - - [21/Jan/2021:09:47:38 +0800] "GET /xingrg/javascript/jquery_easy_ui/themes/icons/rest.png HTTP/1.1" 200 695
180.175.150.119 - - [21/Jan/2021:09:47:38 +0800] "POST /xingrg/kc/buy/cgsh_list_operate.html HTTP/1.1" 200 876
180.175.150.119 - - [21/Jan/2021:09:47:39 +0800] "GET /xingrg/javascript/easyui/themes/default/images/button_plain_hover.png HTTP/1.1" 200 144
180.175.150.119 - - [21/Jan/2021:09:47:39 +0800] "GET /xingrg/javascript/pic_change.js HTTP/1.1" 200 4739
180.175.150.119 - - [21/Jan/2021:09:47:39 +0800] "GET /xingrg/javascript/convert.js HTTP/1.1" 200 1239
180.175.150.119 - - [21/Jan/2021:09:47:39 +0800] "GET /xingrg/kc/buy/cgsh_order_add.html HTTP/1.1" 200 61914
180.175.150.119 - - [21/Jan/2021:09:47:39 +0800] "GET /xingrg/javascript/jquery_tools/order_manager.js HTTP/1.1" 200 11183
180.175.150.119 - - [21/Jan/2021:09:47:39 +0800] "GET /xingrg/javascript/json2.js HTTP/1.1" 200 11259
180.175.150.119 - - [21/Jan/2021:09:47:39 +0800] "GET /xingrg/javascript/print/kc_print.js HTTP/1.1" 200 11415
101.91.60.105 - - [21/Jan/2021:09:47:40 +0800] "GET /xingrg/login.html HTTP/1.1" 200 7641
180.175.150.119 - - [21/Jan/2021:09:47:40 +0800] "GET /xingrg/words/20210120105349_words.js HTTP/1.1" 200 790974
180.175.150.119 - - [21/Jan/2021:09:47:40 +0800] "GET /xingrg/javascript/easyui/themes/icons/copy_new.png HTTP/1.1" 200 815
180.175.150.119 - - [21/Jan/2021:09:47:40 +0800] "GET /xingrg/javascript/easyui/themes/icons/print.png HTTP/1.1" 200 1057
180.175.150.119 - - [21/Jan/2021:09:47:40 +0800] "GET /xingrg/javascript/easyui/themes/icons/template_new.png HTTP/1.1" 200 3956
180.175.150.119 - - [21/Jan/2021:09:47:40 +0800] "GET /xingrg/javascript/easyui/themes/icons/ok.png HTTP/1.1" 200 883
180.175.150.119 - - [21/Jan/2021:09:47:40 +0800] "GET /xingrg/javascript/easyui/themes/default/images/menu_downarrow.png HTTP/1.1" 200 173
180.175.150.119 - - [21/Jan/2021:09:47:40 +0800] "GET /xingrg/javascript/easyui/themes/icons/cancel.png HTTP/1.1" 200 1133
180.156.237.57 - - [21/Jan/2021:09:47:41 +0800] "GET /xingrg/all/function/internal_message.html?_=1611193641020&CODE_STATE=getMsg HTTP/1.1" 200 27
180.175.150.119 - - [21/Jan/2021:09:47:42 +0800] "POST /xingrg/kc/buy/cgsh_order_operate.html HTTP/1.1" 200 8245
180.175.150.119 - - [21/Jan/2021:09:47:42 +0800] "GET /xingrg/javascript/easyui/themes/icons/edit_remove.png HTTP/1.1" 200 625
180.175.150.119 - - [21/Jan/2021:09:47:43 +0800] "GET /xingrg/all/common/auto_word.html?type=employee&rest_code=00102 HTTP/1.1" 200 189
180.175.150.119 - - [21/Jan/2021:09:47:43 +0800] "GET /xingrg/all/common/auto_word.html?type=employee&rest_code=00102 HTTP/1.1" 200 189
180.175.150.119 - - [21/Jan/2021:09:47:43 +0800] "GET /xingrg/javascript/easyui/themes/default/validatebox.css HTTP/1.1" 404 1104
180.175.150.119 - - [21/Jan/2021:09:47:43 +0800] "GET /xingrg/javascript/easyui/plugins/jquery.validatebox.js HTTP/1.1" 200 6103
180.175.150.119 - - [21/Jan/2021:09:47:43 +0800] "GET /xingrg/javascript/easyui/plugins/jquery.numberbox.js HTTP/1.1" 200 5213
180.175.150.119 - - [21/Jan/2021:09:47:44 +0800] "GET /xingrg/javascript/auto/indicator.gif HTTP/1.1" 404 1066
116.228.172.94 - - [21/Jan/2021:09:47:44 +0800] "GET /xingrg/kc/base/wldb_order_operate.html?command=get_materiel&rest_code=00107&base_code=0010151&code=00101019724 HTTP/1.1" 200 431
180.169.147.146 - - [21/Jan/2021:09:47:49 +0800] "GET /xingrg/all/function/internal_message.html?_=1611193668959&CODE_STATE=getMsg HTTP/1.1" 200 27
120.253.135.82 - - [21/Jan/2021:09:47:51 +0800] "GET /xingrg/check_reg.html?_=1611193234603 HTTP/1.1" 302 -
180.175.150.119 - - [21/Jan/2021:09:47:53 +0800] "GET /xingrg/kc/buy/cgsh_order_operate.html?command=get_materiel&rest_code=00102&code=00101006039&supplier_code=00100096&order_time=2021-01-21 HTTP/1.1" 200 415
58.37.230.33 - - [21/Jan/2021:09:47:54 +0800] "GET /xingrg/all/function/internal_message.html?_=1611193671235&CODE_STATE=getMsg HTTP/1.1" 200 27
116.228.172.94 - - [21/Jan/2021:09:47:55 +0800] "GET /xingrg/kc/base/wldb_order_operate.html?command=get_materiel&rest_code=00107&base_code=0010151&code=00101019496 HTTP/1.1" 200 472
222.69.136.55 - - [21/Jan/2021:09:47:56 +0800] "GET /xingrg/all/function/internal_message.html?_=1611193671876&CODE_STATE=getMsg HTTP/1.1" 200 27
114.88.166.193 - - [21/Jan/2021:09:48:02 +0800] "GET /xingrg/kc/buy/cgsh_order_operate.html?command=get_materiel&rest_code=00111&code=00101008006&supplier_code=00100005&order_time=2021-01-21 HTTP/1.1" 200 416
218.81.223.240 - - [21/Jan/2021:09:48:03 +0800] "GET /xingrg/all/function/internal_message.html?_=1611193679264&CODE_STATE=getMsg HTTP/1.1" 200 27
61.165.42.208 - - [21/Jan/2021:09:48:08 +0800] "GET /xingrg/all/function/internal_message.html?_=1611193689291&CODE_STATE=getMsg HTTP/1.1" 200 27
180.175.150.119 - - [21/Jan/2021:09:48:12 +0800] "GET /xingrg/kc/buy/cgsh_order_operate.html?command=get_materiel&rest_code=00102&code=00101006110&supplier_code=00100096&order_time=2021-01-21 HTTP/1.1" 200 408
114.88.166.193 - - [21/Jan/2021:09:48:13 +0800] "GET /xingrg/kc/buy/cgsh_order_operate.html?command=get_materiel&rest_code=00111&code=00101008036&supplier_code=00100005&order_time=2021-01-21 HTTP/1.1" 200 408
114.88.166.193 - - [21/Jan/2021:09:48:18 +0800] "GET /xingrg/all/function/internal_message.html?_=1611193693037&CODE_STATE=getMsg HTTP/1.1" 200 27
116.228.172.94 - - [21/Jan/2021:09:48:19 +0800] "GET /xingrg/kc/base/wldb_order_operate.html?command=get_materiel&rest_code=00107&base_code=0010151&code=00101019184 HTTP/1.1" 200 444
114.88.166.193 - - [21/Jan/2021:09:48:23 +0800] "GET /xingrg/kc/buy/cgsh_order_operate.html?command=get_materiel&rest_code=00111&code=00101008131&supplier_code=00100005&order_time=2021-01-21 HTTP/1.1" 200 408
180.175.150.119 - - [21/Jan/2021:09:48:25 +0800] "GET /xingrg/kc/buy/cgsh_order_operate.html?command=get_materiel&rest_code=00102&code=00101016105&supplier_code=00100096&order_time=2021-01-21 HTTP/1.1" 200 409
116.228.172.94 - - [21/Jan/2021:09:48:29 +0800] "GET /xingrg/kc/base/wldb_order_operate.html?command=get_materiel&rest_code=00107&base_code=0010151&code=00101019529 HTTP/1.1" 200 475
116.228.172.94 - - [21/Jan/2021:09:48:29 +0800] "GET /xingrg/all/function/internal_message.html?_=1611193702909&CODE_STATE=getMsg HTTP/1.1" 200 27
180.156.237.57 - - [21/Jan/2021:09:48:30 +0800] "GET /xingrg/all/function/internal_message.html?_=1611193708755&CODE_STATE=getMsg HTTP/1.1" 200 27
114.88.166.193 - - [21/Jan/2021:09:48:30 +0800] "GET /xingrg/kc/buy/cgsh_order_operate.html?command=get_materiel&rest_code=00111&code=00101008318&supplier_code=00100005&order_time=2021-01-21 HTTP/1.1" 200 408
180.175.150.119 - - [21/Jan/2021:09:48:32 +0800] "GET /xingrg/all/function/internal_message.html?_=1611193953283&CODE_STATE=getMsg HTTP/1.1" 200 27
218.81.223.240 - - [21/Jan/2021:09:48:32 +0800] "GET /xingrg/check_reg.html?_=1611193708672 HTTP/1.1" 200 22
114.88.166.193 - - [21/Jan/2021:09:48:38 +0800] "GET /xingrg/kc/buy/cgsh_order_operate.html?command=get_materiel&rest_code=00111&code=00101008353&supplier_code=00100005&order_time=2021-01-21 HTTP/1.1" 200 408
116.228.172.94 - - [21/Jan/2021:09:48:39 +0800] "GET /xingrg/kc/base/wldb_order_operate.html?command=get_materiel&rest_code=00107&base_code=0010151&code=00101019243 HTTP/1.1" 200 466
180.175.150.119 - - [21/Jan/2021:09:48:39 +0800] "GET /xingrg/kc/buy/cgsh_order_operate.html?command=get_materiel&rest_code=00102&code=00101006129&supplier_code=00100096&order_time=2021-01-21 HTTP/1.1" 200 431
114.88.166.193 - - [21/Jan/2021:09:48:40 +0800] "POST /xingrg/kc/buy/cgsh_order_operate.html HTTP/1.1" 200 2065
180.156.237.57 - - [21/Jan/2021:09:48:41 +0800] "GET /xingrg/all/function/internal_message.html?_=1611193701033&CODE_STATE=getMsg HTTP/1.1" 200 27
114.88.166.193 - - [21/Jan/2021:09:48:45 +0800] "GET /xingrg/kc/buy/cgsh_order_operate.html?command=get_materiel&rest_code=00111&code=00101008312&supplier_code=00100005&order_time=2021-01-21 HTTP/1.1" 200 412
180.169.147.146 - - [21/Jan/2021:09:48:49 +0800] "GET /xingrg/check_reg.html?_=1611193728959 HTTP/1.1" 200 22
180.169.147.146 - - [21/Jan/2021:09:48:49 +0800] "GET /xingrg/all/function/internal_message.html?_=1611193728975&CODE_STATE=getMsg HTTP/1.1" 200 27
180.175.150.119 - - [21/Jan/2021:09:48:50 +0800] "GET /xingrg/kc/buy/cgsh_order_operate.html?command=get_materiel&rest_code=00102&code=00101006112&supplier_code=00100096&order_time=2021-01-21 HTTP/1.1" 200 410
58.37.230.33 - - [21/Jan/2021:09:48:54 +0800] "GET /xingrg/check_reg.html?_=1611193731277 HTTP/1.1" 200 22
58.37.230.33 - - [21/Jan/2021:09:48:54 +0800] "GET /xingrg/all/function/internal_message.html?_=1611193731276&CODE_STATE=getMsg HTTP/1.1" 200 27
114.88.166.193 - - [21/Jan/2021:09:48:55 +0800] "GET /xingrg/kc/buy/cgsh_order_operate.html?command=get_materiel&rest_code=00111&code=00101008125&supplier_code=00100005&order_time=2021-01-21 HTTP/1.1" 200 413
222.69.136.55 - - [21/Jan/2021:09:48:56 +0800] "GET /xingrg/all/function/internal_message.html?_=1611193731877&CODE_STATE=getMsg HTTP/1.1" 200 27
218.81.223.240 - - [21/Jan/2021:09:49:03 +0800] "GET /xingrg/all/function/internal_message.html?_=1611193739282&CODE_STATE=getMsg HTTP/1.1" 200 27
180.175.150.119 - - [21/Jan/2021:09:49:07 +0800] "GET /xingrg/kc/buy/cgsh_order_operate.html?command=get_materiel&rest_code=00102&code=00101006115&supplier_code=00100096&order_time=2021-01-21 HTTP/1.1" 200 409
61.165.42.208 - - [21/Jan/2021:09:49:08 +0800] "GET /xingrg/all/function/internal_message.html?_=1611193749271&CODE_STATE=getMsg HTTP/1.1" 200 27
114.88.166.193 - - [21/Jan/2021:09:49:12 +0800] "GET /xingrg/kc/buy/cgsh_order_operate.html?command=get_materiel&rest_code=00111&code=00101008027&supplier_code=00100005&order_time=2021-01-21 HTTP/1.1" 200 409
116.228.172.94 - - [21/Jan/2021:09:49:16 +0800] "GET /xingrg/kc/base/wldb_order_operate.html?command=get_materiel&rest_code=00107&base_code=0010151&code=00101019187 HTTP/1.1" 200 465
114.88.166.193 - - [21/Jan/2021:09:49:18 +0800] "GET /xingrg/all/function/internal_message.html?_=1611193753051&CODE_STATE=getMsg HTTP/1.1" 200 27
114.88.166.193 - - [21/Jan/2021:09:49:24 +0800] "GET /xingrg/kc/buy/cgsh_order_operate.html?command=get_materiel&rest_code=00111&code=00101008354&supplier_code=00100005&order_time=2021-01-21 HTTP/1.1" 200 412
116.228.172.94 - - [21/Jan/2021:09:49:25 +0800] "GET /xingrg/kc/base/wldb_order_operate.html?command=get_materiel&rest_code=00107&base_code=0010151&code=00101019204 HTTP/1.1" 200 438
116.228.172.94 - - [21/Jan/2021:09:49:29 +0800] "GET /xingrg/all/function/internal_message.html?_=1611193762892&CODE_STATE=getMsg HTTP/1.1" 200 27
180.156.237.57 - - [21/Jan/2021:09:49:30 +0800] "GET /xingrg/all/function/internal_message.html?_=1611193768760&CODE_STATE=getMsg HTTP/1.1" 200 27
114.88.166.193 - - [21/Jan/2021:09:49:31 +0800] "GET /xingrg/kc/buy/cgsh_order_operate.html?command=get_materiel&rest_code=00111&code=00101008186&supplier_code=00100005&order_time=2021-01-21 HTTP/1.1" 200 408
180.175.150.119 - - [21/Jan/2021:09:49:32 +0800] "GET /xingrg/all/function/internal_message.html?_=1611194013296&CODE_STATE=getMsg HTTP/1.1" 200 27
180.175.150.119 - - [21/Jan/2021:09:49:34 +0800] "GET /xingrg/kc/buy/cgsh_order_operate.html?command=get_materiel&rest_code=00102&code=00101012100&supplier_code=00100096&order_time=2021-01-21 HTTP/1.1" 200 399
114.88.166.193 - - [21/Jan/2021:09:49:35 +0800] "POST /xingrg/kc/buy/cgsh_order_operate.html HTTP/1.1" 200 2065
180.156.237.57 - - [21/Jan/2021:09:49:41 +0800] "GET /xingrg/all/function/internal_message.html?_=1611193761053&CODE_STATE=getMsg HTTP/1.1" 200 27
116.228.172.94 - - [21/Jan/2021:09:49:41 +0800] "POST /xingrg/kc/base/wldb_order_operate.html HTTP/1.1" 200 37
116.228.172.94 - - [21/Jan/2021:09:49:42 +0800] "POST /xingrg/kc/base/wldb_order_operate.html HTTP/1.1" 200 7208
116.228.172.94 - - [21/Jan/2021:09:49:42 +0800] "GET /xingrg/kc/base/wldb_order_info.html?code=422021012102582 HTTP/1.1" 200 30519
116.228.172.94 - - [21/Jan/2021:09:49:44 +0800] "GET /xingrg/javascript/easyui/themes/default/validatebox.css HTTP/1.1" 404 1104
116.228.172.94 - - [21/Jan/2021:09:49:44 +0800] "POST /xingrg/kc/base/wldb_order_operate.html HTTP/1.1" 200 7208
180.175.150.119 - - [21/Jan/2021:09:49:47 +0800] "GET /xingrg/kc/buy/cgsh_order_operate.html?command=get_materiel&rest_code=00102&code=00101012051&supplier_code=00100096&order_time=2021-01-21 HTTP/1.1" 200 408
116.228.172.94 - - [21/Jan/2021:09:49:48 +0800] "GET /xingrg/kc/base/wldb_order_add.html HTTP/1.1" 200 30504
180.169.147.146 - - [21/Jan/2021:09:49:49 +0800] "GET /xingrg/all/function/internal_message.html?_=1611193788961&CODE_STATE=getMsg HTTP/1.1" 200 27
116.228.172.94 - - [21/Jan/2021:09:49:49 +0800] "GET /xingrg/javascript/easyui/themes/default/validatebox.css HTTP/1.1" 404 1104
116.228.172.94 - - [21/Jan/2021:09:49:49 +0800] "POST /xingrg/kc/base/wldb_order_operate.html HTTP/1.1" 200 6806
58.37.230.33 - - [21/Jan/2021:09:49:54 +0800] "GET /xingrg/all/function/internal_message.html?_=1611193791275&CODE_STATE=getMsg HTTP/1.1" 200 27
101.89.29.92 - - [21/Jan/2021:09:49:55 +0800] "GET /xingrg/all/function/internal_message.html?_=1611193131247&CODE_STATE=getMsg HTTP/1.1" 302 -
222.69.136.55 - - [21/Jan/2021:09:49:56 +0800] "GET /xingrg/all/function/internal_message.html?_=1611193791880&CODE_STATE=getMsg HTTP/1.1" 200 27
180.175.150.119 - - [21/Jan/2021:09:50:01 +0800] "GET /xingrg/kc/buy/cgsh_order_operate.html?command=get_materiel&rest_code=00102&code=00101007049&supplier_code=00100096&order_time=2021-01-21 HTTP/1.1" 200 409
218.81.223.240 - - [21/Jan/2021:09:50:03 +0800] "GET /xingrg/all/function/internal_message.html?_=1611193799292&CODE_STATE=getMsg HTTP/1.1" 200 27
116.228.172.94 - - [21/Jan/2021:09:50:03 +0800] "GET /xingrg/kc/base/base_main.html HTTP/1.1" 200 12142
101.89.29.92 - - [21/Jan/2021:09:50:03 +0800] "GET /xingrg/login.html HTTP/1.1" 200 7641
61.129.6.174 - - [21/Jan/2021:09:50:04 +0800] "GET /xingrg/check_reg.html?_=1611193131246 HTTP/1.1" 302 -
116.228.172.94 - - [21/Jan/2021:09:50:05 +0800] "GET /xingrg/kc/base/wldb_order_list.html HTTP/1.1" 200 19345
61.129.6.174 - - [21/Jan/2021:09:50:06 +0800] "GET /xingrg/login.html HTTP/1.1" 200 7641
116.228.172.94 - - [21/Jan/2021:09:50:07 +0800] "POST /xingrg/kc/base/wldb_list_operate.html HTTP/1.1" 200 2570
61.165.42.208 - - [21/Jan/2021:09:50:08 +0800] "GET /xingrg/all/function/internal_message.html?_=1611193809251&CODE_STATE=getMsg HTTP/1.1" 200 27
180.175.150.119 - - [21/Jan/2021:09:50:16 +0800] "GET /xingrg/kc/buy/cgsh_order_operate.html?command=get_materiel&rest_code=00102&code=00101007034&supplier_code=00100096&order_time=2021-01-21 HTTP/1.1" 200 408
114.88.166.193 - - [21/Jan/2021:09:50:17 +0800] "GET /xingrg/check_reg.html?_=1611193812934 HTTP/1.1" 200 22
114.88.166.193 - - [21/Jan/2021:09:50:18 +0800] "GET /xingrg/all/function/internal_message.html?_=1611193813059&CODE_STATE=getMsg HTTP/1.1" 200 27
180.175.150.119 - - [21/Jan/2021:09:50:27 +0800] "GET /xingrg/kc/buy/cgsh_order_operate.html?command=get_materiel&rest_code=00102&code=00101007081&supplier_code=00100096&order_time=2021-01-21 HTTP/1.1" 200 413
116.228.172.94 - - [21/Jan/2021:09:50:29 +0800] "GET /xingrg/all/function/internal_message.html?_=1611193822868&CODE_STATE=getMsg HTTP/1.1" 200 27
116.228.172.94 - - [21/Jan/2021:09:50:29 +0800] "GET /xingrg/check_reg.html?_=1611193823121 HTTP/1.1" 200 22
180.156.237.57 - - [21/Jan/2021:09:50:30 +0800] "GET /xingrg/all/function/internal_message.html?_=1611193828752&CODE_STATE=getMsg HTTP/1.1" 200 27
180.156.237.57 - - [21/Jan/2021:09:50:30 +0800] "GET /xingrg/check_reg.html?_=1611193828801 HTTP/1.1" 200 22
180.175.150.119 - - [21/Jan/2021:09:50:32 +0800] "GET /xingrg/all/function/internal_message.html?_=1611194073308&CODE_STATE=getMsg HTTP/1.1" 200 27
222.69.136.55 - - [21/Jan/2021:09:50:40 +0800] "GET /favicon.ico HTTP/1.1" 404 -
180.156.237.57 - - [21/Jan/2021:09:50:41 +0800] "GET /xingrg/all/function/internal_message.html?_=1611193821061&CODE_STATE=getMsg HTTP/1.1" 200 27
116.228.172.94 - - [21/Jan/2021:09:50:46 +0800] "POST /xingrg/kc/base/wldb_list_operate.html HTTP/1.1" 200 644
116.228.172.94 - - [21/Jan/2021:09:50:47 +0800] "GET /xingrg/kc/base/wldb_order_info.html?code=422021012102582 HTTP/1.1" 200 30519
116.228.172.94 - - [21/Jan/2021:09:50:47 +0800] "GET /xingrg/javascript/easyui/themes/default/validatebox.css HTTP/1.1" 404 1104
180.175.150.119 - - [21/Jan/2021:09:50:48 +0800] "GET /xingrg/kc/buy/cgsh_order_operate.html?command=get_materiel&rest_code=00102&code=00101020153&supplier_code=00100096&order_time=2021-01-21 HTTP/1.1" 200 408
116.228.172.94 - - [21/Jan/2021:09:50:48 +0800] "POST /xingrg/kc/base/wldb_order_operate.html HTTP/1.1" 200 7208
180.169.147.146 - - [21/Jan/2021:09:50:49 +0800] "GET /xingrg/all/function/internal_message.html?_=1611193848965&CODE_STATE=getMsg HTTP/1.1" 200 27
58.37.230.33 - - [21/Jan/2021:09:50:54 +0800] "GET /xingrg/all/function/internal_message.html?_=1611193851274&CODE_STATE=getMsg HTTP/1.1" 200 27
116.228.172.94 - - [21/Jan/2021:09:50:56 +0800] "GET /xingrg/javascript/auto/indicator.gif HTTP/1.1" 404 1066
222.69.136.55 - - [21/Jan/2021:09:50:56 +0800] "GET /xingrg/all/function/internal_message.html?_=1611193851877&CODE_STATE=getMsg HTTP/1.1" 200 27
116.228.172.94 - - [21/Jan/2021:09:50:57 +0800] "GET /xingrg/kc/base/wldb_order_operate.html?command=get_materiel&rest_code=00107&base_code=0010151&code=00101019438 HTTP/1.1" 200 448
180.175.150.119 - - [21/Jan/2021:09:50:57 +0800] "GET /xingrg/kc/buy/cgsh_order_operate.html?command=get_materiel&rest_code=00102&code=00101006124&supplier_code=00100096&order_time=2021-01-21 HTTP/1.1" 200 409
218.81.223.240 - - [21/Jan/2021:09:51:03 +0800] "GET /xingrg/all/function/internal_message.html?_=1611193859696&CODE_STATE=getMsg HTTP/1.1" 200 27
61.165.42.208 - - [21/Jan/2021:09:51:08 +0800] "GET /xingrg/all/function/internal_message.html?_=1611193869233&CODE_STATE=getMsg HTTP/1.1" 200 27
114.88.166.193 - - [21/Jan/2021:09:51:18 +0800] "GET /xingrg/all/function/internal_message.html?_=1611193873078&CODE_STATE=getMsg HTTP/1.1" 200 27
180.175.150.119 - - [21/Jan/2021:09:51:19 +0800] "GET /xingrg/kc/buy/cgsh_order_operate.html?command=get_materiel&rest_code=00102&code=00101006133&supplier_code=00100096&order_time=2021-01-21 HTTP/1.1" 200 413
116.228.172.94 - - [21/Jan/2021:09:51:21 +0800] "POST /xingrg/kc/base/wldb_order_operate.html HTTP/1.1" 200 37
116.228.172.94 - - [21/Jan/2021:09:51:21 +0800] "POST /xingrg/kc/base/wldb_order_operate.html HTTP/1.1" 200 7704
116.228.172.94 - - [21/Jan/2021:09:51:22 +0800] "GET /xingrg/kc/base/wldb_order_info.html?code=422021012102582 HTTP/1.1" 200 30519
116.228.172.94 - - [21/Jan/2021:09:51:23 +0800] "GET /xingrg/javascript/easyui/themes/default/validatebox.css HTTP/1.1" 404 1104
116.228.172.94 - - [21/Jan/2021:09:51:23 +0800] "POST /xingrg/kc/base/wldb_order_operate.html HTTP/1.1" 200 7704
116.228.172.94 - - [21/Jan/2021:09:51:26 +0800] "GET /xingrg/kc/base/wldb_order_add.html HTTP/1.1" 200 30504
116.228.172.94 - - [21/Jan/2021:09:51:27 +0800] "GET /xingrg/javascript/easyui/themes/default/validatebox.css HTTP/1.1" 404 1104
116.228.172.94 - - [21/Jan/2021:09:51:27 +0800] "POST /xingrg/kc/base/wldb_order_operate.html HTTP/1.1" 200 6806
116.228.172.94 - - [21/Jan/2021:09:51:28 +0800] "POST /xingrg/all/common/load_combo.html?type=base HTTP/1.1" 200 3324
116.228.172.94 - - [21/Jan/2021:09:51:29 +0800] "GET /xingrg/all/function/internal_message.html?_=1611193882839&CODE_STATE=getMsg HTTP/1.1" 200 27
180.156.237.57 - - [21/Jan/2021:09:51:30 +0800] "GET /xingrg/all/function/internal_message.html?_=1611193888762&CODE_STATE=getMsg HTTP/1.1" 200 27
116.228.172.94 - - [21/Jan/2021:09:51:31 +0800] "POST /xingrg/all/common/load_combo.html?type=base HTTP/1.1" 200 3324
180.175.150.119 - - [21/Jan/2021:09:51:32 +0800] "GET /xingrg/all/function/internal_message.html?_=1611194133325&CODE_STATE=getMsg HTTP/1.1" 200 27
61.165.42.208 - - [21/Jan/2021:09:51:34 +0800] "POST /xingrg/kc/buy/cgsh_order_operate.html HTTP/1.1" 200 37
61.165.42.208 - - [21/Jan/2021:09:51:35 +0800] "POST /xingrg/kc/buy/cgsh_order_operate.html HTTP/1.1" 200 2661
61.165.42.208 - - [21/Jan/2021:09:51:37 +0800] "GET /xingrg/kc/print/load_data.html?order_code=212021012109535&kc_code=cgsh&condition= HTTP/1.1" 200 668
180.156.237.57 - - [21/Jan/2021:09:51:41 +0800] "GET /xingrg/check_reg.html?_=1611193881013 HTTP/1.1" 200 22
180.156.237.57 - - [21/Jan/2021:09:51:41 +0800] "GET /xingrg/all/function/internal_message.html?_=1611193881075&CODE_STATE=getMsg HTTP/1.1" 200 27
116.228.172.94 - - [21/Jan/2021:09:51:42 +0800] "GET /xingrg/kc/base/wldb_order_operate.html?command=get_materiel&rest_code=00107&base_code=0010151&code=00101013225 HTTP/1.1" 200 449
61.129.7.235 - - [21/Jan/2021:09:51:44 +0800] "GET /xingrg/all/function/internal_message.html?_=1611193311243&CODE_STATE=getMsg HTTP/1.1" 302 -
180.175.150.119 - - [21/Jan/2021:09:51:45 +0800] "GET /xingrg/kc/buy/cgsh_order_operate.html?command=get_materiel&rest_code=00102&code=00101006025&supplier_code=00100096&order_time=2021-01-21 HTTP/1.1" 200 417
180.169.147.146 - - [21/Jan/2021:09:51:49 +0800] "GET /xingrg/all/function/internal_message.html?_=1611193908955&CODE_STATE=getMsg HTTP/1.1" 200 27
61.165.42.208 - - [21/Jan/2021:09:51:49 +0800] "GET /xingrg/kc/buy/cgsh_order_list.html HTTP/1.1" 200 46217
61.129.7.235 - - [21/Jan/2021:09:51:50 +0800] "GET /xingrg/login.html HTTP/1.1" 200 7641
61.165.42.208 - - [21/Jan/2021:09:51:51 +0800] "POST /xingrg/kc/buy/cgsh_list_operate.html HTTP/1.1" 200 3131
114.88.166.193 - - [21/Jan/2021:09:51:51 +0800] "GET /xingrg/kc/buy/cgsh_order_operate.html?command=get_materiel&rest_code=00111&code=00101008051&supplier_code=00100005&order_time=2021-01-21 HTTP/1.1" 200 409
61.165.42.208 - - [21/Jan/2021:09:51:53 +0800] "POST /xingrg/kc/buy/cgsh_list_operate.html HTTP/1.1" 200 573
58.37.230.33 - - [21/Jan/2021:09:51:54 +0800] "GET /xingrg/all/function/internal_message.html?_=1611193911272&CODE_STATE=getMsg HTTP/1.1" 200 27
61.165.42.208 - - [21/Jan/2021:09:51:54 +0800] "GET /xingrg/kc/buy/cgsh_order_info.html?code=212021012109513 HTTP/1.1" 200 62005
61.165.42.208 - - [21/Jan/2021:09:51:55 +0800] "GET /xingrg/javascript/easyui/themes/default/validatebox.css HTTP/1.1" 404 1104
61.165.42.208 - - [21/Jan/2021:09:51:55 +0800] "POST /xingrg/kc/buy/cgsh_order_operate.html HTTP/1.1" 200 52356
222.69.136.55 - - [21/Jan/2021:09:51:56 +0800] "GET /xingrg/check_reg.html?_=1611193911886 HTTP/1.1" 200 22
222.69.136.55 - - [21/Jan/2021:09:51:56 +0800] "GET /xingrg/all/function/internal_message.html?_=1611193911889&CODE_STATE=getMsg HTTP/1.1" 200 27
114.88.166.193 - - [21/Jan/2021:09:51:59 +0800] "GET /xingrg/kc/buy/cgsh_order_operate.html?command=get_materiel&rest_code=00111&code=00101008290&supplier_code=00100005&order_time=2021-01-21 HTTP/1.1" 200 416
218.81.223.240 - - [21/Jan/2021:09:52:03 +0800] "GET /xingrg/all/function/internal_message.html?_=1611193919706&CODE_STATE=getMsg HTTP/1.1" 200 27
180.175.150.119 - - [21/Jan/2021:09:52:07 +0800] "POST /xingrg/kc/buy/cgsh_order_operate.html HTTP/1.1" 200 37
61.165.42.208 - - [21/Jan/2021:09:52:08 +0800] "GET /xingrg/all/function/internal_message.html?_=1611193929218&CODE_STATE=getMsg HTTP/1.1" 200 27
61.165.42.208 - - [21/Jan/2021:09:52:09 +0800] "GET /xingrg/check_reg.html?_=1611193930118 HTTP/1.1" 200 22
180.175.150.119 - - [21/Jan/2021:09:52:11 +0800] "POST /xingrg/kc/buy/cgsh_order_operate.html HTTP/1.1" 200 10961
180.175.150.119 - - [21/Jan/2021:09:52:16 +0800] "GET /xingrg/kc/buy/cgsh_order_add.html HTTP/1.1" 200 61914
180.175.150.119 - - [21/Jan/2021:09:52:17 +0800] "POST /xingrg/kc/buy/cgsh_order_operate.html HTTP/1.1" 200 8245
114.88.166.193 - - [21/Jan/2021:09:52:18 +0800] "GET /xingrg/all/function/internal_message.html?_=1611193933097&CODE_STATE=getMsg HTTP/1.1" 200 27
180.175.150.119 - - [21/Jan/2021:09:52:18 +0800] "GET /xingrg/javascript/easyui/themes/default/validatebox.css HTTP/1.1" 404 1104
180.156.237.57 - - [21/Jan/2021:09:52:18 +0800] "POST /xingrg/kc/buy/cgsh_order_operate.html HTTP/1.1" 200 37
114.88.166.193 - - [21/Jan/2021:09:52:19 +0800] "GET /xingrg/kc/buy/cgsh_order_operate.html?command=get_materiel&rest_code=00111&code=00101008209&supplier_code=00100005&order_time=2021-01-21 HTTP/1.1" 200 408
180.156.237.57 - - [21/Jan/2021:09:52:21 +0800] "POST /xingrg/kc/buy/cgsh_order_operate.html HTTP/1.1" 200 12
180.156.237.57 - - [21/Jan/2021:09:52:21 +0800] "GET /xingrg/kc/buy/cgsh_order_info.html?code=212021012109511 HTTP/1.1" 200 56515
180.156.237.57 - - [21/Jan/2021:09:52:22 +0800] "GET /xingrg/javascript/easyui/themes/default/validatebox.css HTTP/1.1" 404 1104
180.156.237.57 - - [21/Jan/2021:09:52:22 +0800] "POST /xingrg/kc/buy/cgsh_order_operate.html HTTP/1.1" 200 23331
116.228.172.94 - - [21/Jan/2021:09:52:23 +0800] "POST /xingrg/kc/base/wldb_order_operate.html HTTP/1.1" 200 37
116.228.172.94 - - [21/Jan/2021:09:52:23 +0800] "POST /xingrg/kc/base/wldb_order_operate.html HTTP/1.1" 200 3189
116.228.172.94 - - [21/Jan/2021:09:52:24 +0800] "GET /xingrg/kc/base/wldb_order_info.html?code=422021012102583 HTTP/1.1" 200 30519
180.156.237.57 - - [21/Jan/2021:09:52:24 +0800] "GET /xingrg/kc/print/load_data.html?order_code=212021012109511&kc_code=cgsh&condition= HTTP/1.1" 200 9538
116.228.172.94 - - [21/Jan/2021:09:52:25 +0800] "GET /xingrg/javascript/easyui/themes/default/validatebox.css HTTP/1.1" 404 1104
116.228.172.94 - - [21/Jan/2021:09:52:25 +0800] "POST /xingrg/kc/base/wldb_order_operate.html HTTP/1.1" 200 3189
180.175.150.119 - - [21/Jan/2021:09:52:26 +0800] "GET /xingrg/kc/buy/cgsh_order_operate.html?command=get_materiel&rest_code=00102&code=00101007059&supplier_code=00100096&order_time=2021-01-21 HTTP/1.1" 200 411
116.228.172.94 - - [21/Jan/2021:09:52:27 +0800] "GET /xingrg/kc/base/wldb_order_add.html HTTP/1.1" 200 30504
116.228.172.94 - - [21/Jan/2021:09:52:28 +0800] "POST /xingrg/kc/base/wldb_order_operate.html HTTP/1.1" 200 6806
116.228.172.94 - - [21/Jan/2021:09:52:28 +0800] "GET /xingrg/javascript/easyui/themes/default/validatebox.css HTTP/1.1" 404 1104
116.228.172.94 - - [21/Jan/2021:09:52:29 +0800] "POST /xingrg/all/common/load_combo.html?type=base HTTP/1.1" 200 3324
116.228.172.94 - - [21/Jan/2021:09:52:29 +0800] "GET /xingrg/all/function/internal_message.html?_=1611193942815&CODE_STATE=getMsg HTTP/1.1" 200 27
180.156.237.57 - - [21/Jan/2021:09:52:30 +0800] "GET /xingrg/all/function/internal_message.html?_=1611193948762&CODE_STATE=getMsg HTTP/1.1" 200 27
114.88.166.193 - - [21/Jan/2021:09:52:30 +0800] "POST /xingrg/kc/buy/cgsh_order_operate.html HTTP/1.1" 200 2065
180.175.150.119 - - [21/Jan/2021:09:52:32 +0800] "GET /xingrg/check_reg.html?_=1611194193277 HTTP/1.1" 200 22
180.175.150.119 - - [21/Jan/2021:09:52:32 +0800] "GET /xingrg/all/function/internal_message.html?_=1611194193336&CODE_STATE=getMsg HTTP/1.1" 200 27
114.88.166.193 - - [21/Jan/2021:09:52:36 +0800] "GET /xingrg/kc/buy/cgsh_order_operate.html?command=get_materiel&rest_code=00111&code=00101008067&supplier_code=00100005&order_time=2021-01-21 HTTP/1.1" 200 416
180.156.237.57 - - [21/Jan/2021:09:52:41 +0800] "GET /xingrg/all/function/internal_message.html?_=1611193941089&CODE_STATE=getMsg HTTP/1.1" 200 27
116.228.172.94 - - [21/Jan/2021:09:52:44 +0800] "POST /xingrg/all/common/load_combo.html?type=base HTTP/1.1" 200 3324
180.169.147.146 - - [21/Jan/2021:09:52:49 +0800] "GET /xingrg/all/function/internal_message.html?_=1611193968963&CODE_STATE=getMsg HTTP/1.1" 200 27
114.88.166.193 - - [21/Jan/2021:09:52:49 +0800] "GET /xingrg/kc/buy/cgsh_order_operate.html?command=get_materiel&rest_code=00111&code=00101008356&supplier_code=00100005&order_time=2021-01-21 HTTP/1.1" 200 409
120.253.135.82 - - [21/Jan/2021:09:52:51 +0800] "GET /xingrg/check_reg.html?_=1611193534608 HTTP/1.1" 302 -
58.37.230.33 - - [21/Jan/2021:09:52:54 +0800] "GET /xingrg/all/function/internal_message.html?_=1611193971271&CODE_STATE=getMsg HTTP/1.1" 200 27
180.175.150.119 - - [21/Jan/2021:09:52:55 +0800] "GET /xingrg/kc/buy/cgsh_order_operate.html?command=get_materiel&rest_code=00102&code=00101006159&supplier_code=00100096&order_time=2021-01-21 HTTP/1.1" 200 417
222.69.136.55 - - [21/Jan/2021:09:52:56 +0800] "GET /xingrg/all/function/internal_message.html?_=1611193971879&CODE_STATE=getMsg HTTP/1.1" 200 27
114.88.166.193 - - [21/Jan/2021:09:52:58 +0800] "GET /xingrg/kc/buy/cgsh_order_operate.html?command=get_materiel&rest_code=00111&code=00101008251&supplier_code=00100005&order_time=2021-01-21 HTTP/1.1" 200 408
218.81.223.240 - - [21/Jan/2021:09:53:03 +0800] "GET /xingrg/all/function/internal_message.html?_=1611193979724&CODE_STATE=getMsg HTTP/1.1" 200 27
61.165.42.208 - - [21/Jan/2021:09:53:08 +0800] "GET /xingrg/all/function/internal_message.html?_=1611193989197&CODE_STATE=getMsg HTTP/1.1" 200 27
180.175.150.119 - - [21/Jan/2021:09:53:14 +0800] "GET /xingrg/kc/buy/cgsh_order_operate.html?command=get_materiel&rest_code=00102&code=00101001010&supplier_code=00100096&order_time=2021-01-21 HTTP/1.1" 200 408
114.88.166.193 - - [21/Jan/2021:09:53:15 +0800] "POST /xingrg/kc/buy/cgsh_order_operate.html HTTP/1.1" 200 2065
218.81.223.240 - - [21/Jan/2021:09:53:17 +0800] "GET /xingrg/kc/buy/cgsh_order_operate.html?command=get_materiel&rest_code=00146&code=00101008350&supplier_code=00100005&order_time=2021-01-21 HTTP/1.1" 200 408
114.88.166.193 - - [21/Jan/2021:09:53:18 +0800] "GET /xingrg/all/function/internal_message.html?_=1611193993104&CODE_STATE=getMsg HTTP/1.1" 200 27
116.228.172.94 - - [21/Jan/2021:09:53:25 +0800] "GET /xingrg/kc/base/wldb_order_operate.html?command=get_materiel&rest_code=00107&base_code=0010151&code=00101019024 HTTP/1.1" 200 450
180.175.150.119 - - [21/Jan/2021:09:53:29 +0800] "GET /xingrg/kc/buy/cgsh_order_operate.html?command=get_materiel&rest_code=00102&code=00101007001&supplier_code=00100096&order_time=2021-01-21 HTTP/1.1" 200 409
116.228.172.94 - - [21/Jan/2021:09:53:29 +0800] "GET /xingrg/all/function/internal_message.html?_=1611194002792&CODE_STATE=getMsg HTTP/1.1" 200 27
180.156.237.57 - - [21/Jan/2021:09:53:30 +0800] "GET /xingrg/all/function/internal_message.html?_=1611194008773&CODE_STATE=getMsg HTTP/1.1" 200 27
218.81.223.240 - - [21/Jan/2021:09:53:31 +0800] "GET /xingrg/kc/buy/cgsh_order_operate.html?command=get_materiel&rest_code=00146&code=00101008064&supplier_code=00100005&order_time=2021-01-21 HTTP/1.1" 200 412
180.175.150.119 - - [21/Jan/2021:09:53:32 +0800] "GET /xingrg/all/function/internal_message.html?_=1611194253350&CODE_STATE=getMsg HTTP/1.1" 200 27
218.81.223.240 - - [21/Jan/2021:09:53:32 +0800] "GET /xingrg/check_reg.html?_=1611194008674 HTTP/1.1" 200 22
114.88.166.193 - - [21/Jan/2021:09:53:41 +0800] "GET /xingrg/kc/buy/cgsh_order_operate.html?command=get_materiel&rest_code=00111&code=00101008213&supplier_code=00100005&order_time=2021-01-21 HTTP/1.1" 200 412
180.156.237.57 - - [21/Jan/2021:09:53:41 +0800] "GET /xingrg/all/function/internal_message.html?_=1611194001107&CODE_STATE=getMsg HTTP/1.1" 200 27
218.81.223.240 - - [21/Jan/2021:09:53:44 +0800] "GET /xingrg/kc/buy/cgsh_order_operate.html?command=get_materiel&rest_code=00146&code=00101008230&supplier_code=00100005&order_time=2021-01-21 HTTP/1.1" 200 408
218.81.223.240 - - [21/Jan/2021:09:53:46 +0800] "POST /xingrg/kc/buy/cgsh_order_operate.html HTTP/1.1" 200 2065
116.228.172.94 - - [21/Jan/2021:09:53:48 +0800] "GET /xingrg/kc/base/wldb_order_operate.html?command=get_materiel&rest_code=00107&base_code=0010151&code=00101013011 HTTP/1.1" 200 449
114.88.166.193 - - [21/Jan/2021:09:53:48 +0800] "GET /xingrg/kc/buy/cgsh_order_operate.html?command=get_materiel&rest_code=00111&code=00101008001&supplier_code=00100005&order_time=2021-01-21 HTTP/1.1" 200 413
180.169.147.146 - - [21/Jan/2021:09:53:49 +0800] "GET /xingrg/all/function/internal_message.html?_=1611194028966&CODE_STATE=getMsg HTTP/1.1" 200 27
180.169.147.146 - - [21/Jan/2021:09:53:49 +0800] "GET /xingrg/check_reg.html?_=1611194028970 HTTP/1.1" 200 22
61.129.6.225 - - [21/Jan/2021:09:53:49 +0800] "GET /xingrg/all/function/internal_message.html?_=1611193371241&CODE_STATE=getMsg HTTP/1.1" 302 -
58.37.230.33 - - [21/Jan/2021:09:53:54 +0800] "GET /xingrg/all/function/internal_message.html?_=1611194031269&CODE_STATE=getMsg HTTP/1.1" 200 27
58.37.230.33 - - [21/Jan/2021:09:53:54 +0800] "GET /xingrg/check_reg.html?_=1611194031271 HTTP/1.1" 200 22
222.69.136.55 - - [21/Jan/2021:09:53:56 +0800] "GET /xingrg/all/function/internal_message.html?_=1611194031884&CODE_STATE=getMsg HTTP/1.1" 200 27
61.129.6.225 - - [21/Jan/2021:09:53:56 +0800] "GET /xingrg/login.html HTTP/1.1" 200 7641
114.88.166.193 - - [21/Jan/2021:09:53:58 +0800] "GET /xingrg/kc/buy/cgsh_order_operate.html?command=get_materiel&rest_code=00111&code=00101008283&supplier_code=00100005&order_time=2021-01-21 HTTP/1.1" 200 409
114.88.166.193 - - [21/Jan/2021:09:54:00 +0800] "POST /xingrg/kc/buy/cgsh_order_operate.html HTTP/1.1" 200 2065
218.81.223.240 - - [21/Jan/2021:09:54:03 +0800] "GET /xingrg/all/function/internal_message.html?_=1611194039734&CODE_STATE=getMsg HTTP/1.1" 200 27
218.81.223.240 - - [21/Jan/2021:09:54:03 +0800] "GET /xingrg/kc/buy/cgsh_order_operate.html?command=get_materiel&rest_code=00146&code=00101008019&supplier_code=00100005&order_time=2021-01-21 HTTP/1.1" 200 416
61.165.42.208 - - [21/Jan/2021:09:54:08 +0800] "GET /xingrg/all/function/internal_message.html?_=1611194049173&CODE_STATE=getMsg HTTP/1.1" 200 27
116.228.172.94 - - [21/Jan/2021:09:54:08 +0800] "POST /xingrg/kc/base/wldb_order_operate.html HTTP/1.1" 200 37
116.228.172.94 - - [21/Jan/2021:09:54:08 +0800] "POST /xingrg/kc/base/wldb_order_operate.html HTTP/1.1" 200 4137
116.228.172.94 - - [21/Jan/2021:09:54:09 +0800] "GET /xingrg/kc/base/wldb_order_info.html?code=422021012102584 HTTP/1.1" 200 30519
116.228.172.94 - - [21/Jan/2021:09:54:10 +0800] "POST /xingrg/kc/base/wldb_order_operate.html HTTP/1.1" 200 4137
116.228.172.94 - - [21/Jan/2021:09:54:10 +0800] "GET /xingrg/javascript/easyui/themes/default/validatebox.css HTTP/1.1" 404 1104
116.228.172.94 - - [21/Jan/2021:09:54:12 +0800] "GET /xingrg/kc/base/wldb_order_add.html HTTP/1.1" 200 30504
116.228.172.94 - - [21/Jan/2021:09:54:13 +0800] "GET /xingrg/javascript/easyui/themes/default/validatebox.css HTTP/1.1" 404 1104
180.156.237.57 - - [21/Jan/2021:09:54:13 +0800] "POST /xingrg/all/user/operate.html HTTP/1.1" 200 36
116.228.172.94 - - [21/Jan/2021:09:54:13 +0800] "POST /xingrg/kc/base/wldb_order_operate.html HTTP/1.1" 200 6806
180.156.237.57 - - [21/Jan/2021:09:54:13 +0800] "GET /xingrg/javascript/jquery_easy_ui/themes/default/easyui.css HTTP/1.1" 304 -
180.156.237.57 - - [21/Jan/2021:09:54:13 +0800] "GET /xingrg/index.html?sysBaseUrl=http%3A%2F%2F180.169.147.146%3A18081%2Fxingrg%2F&costTime=38×tamp=1611189460388 HTTP/1.1" 200 17179
180.156.237.57 - - [21/Jan/2021:09:54:13 +0800] "GET /xingrg/javascript/jquery_easy_ui/themes/icon.css HTTP/1.1" 304 -
180.156.237.57 - - [21/Jan/2021:09:54:13 +0800] "GET /xingrg/css/form.css HTTP/1.1" 304 -
180.156.237.57 - - [21/Jan/2021:09:54:13 +0800] "GET /xingrg/javascript/jquery-1.4.2.min.js HTTP/1.1" 304 -
180.156.237.57 - - [21/Jan/2021:09:54:13 +0800] "GET /xingrg/javascript/jquery_easy_ui/jquery.easyui.min.js HTTP/1.1" 304 -
180.156.237.57 - - [21/Jan/2021:09:54:13 +0800] "GET /xingrg/javascript/jquery_easy_ui/easyui-lang-zh_CN.js HTTP/1.1" 304 -
180.156.237.57 - - [21/Jan/2021:09:54:13 +0800] "GET /xingrg/javascript/jquery.form.js HTTP/1.1" 304 -
180.156.237.57 - - [21/Jan/2021:09:54:13 +0800] "GET /xingrg/javascript/jquery.utils.js HTTP/1.1" 304 -
180.156.237.57 - - [21/Jan/2021:09:54:13 +0800] "GET /xingrg/javascript/jquery.timers.js HTTP/1.1" 304 -
180.156.237.57 - - [21/Jan/2021:09:54:13 +0800] "GET /xingrg/images/blue/jxLogo.png HTTP/1.1" 304 -
180.156.237.57 - - [21/Jan/2021:09:54:13 +0800] "GET /xingrg/images/blue/navBackgound.jpg HTTP/1.1" 304 -
180.156.237.57 - - [21/Jan/2021:09:54:13 +0800] "GET /xingrg/javascript/jquery_easy_ui/themes/icons/settle_new.png HTTP/1.1" 304 -
180.156.237.57 - - [21/Jan/2021:09:54:13 +0800] "POST /xingrg/all/common/load_tree.html?tree=area_rest_tree_json&manage=1 HTTP/1.1" 200 476
180.156.237.57 - - [21/Jan/2021:09:54:13 +0800] "GET /xingrg/images/blue/pingpu.png HTTP/1.1" 304 -
180.156.237.57 - - [21/Jan/2021:09:54:13 +0800] "GET /xingrg/javascript/jquery_easy_ui/themes/default/images/tabs_rightarrow.png HTTP/1.1" 304 -
180.156.237.57 - - [21/Jan/2021:09:54:13 +0800] "GET /xingrg/javascript/jquery_easy_ui/themes/default/images/tabs_leftarrow.png HTTP/1.1" 304 -
180.156.237.57 - - [21/Jan/2021:09:54:13 +0800] "GET /xingrg/javascript/jquery_easy_ui/themes/default/images/panel_tool_collapse.gif HTTP/1.1" 304 -
180.156.237.57 - - [21/Jan/2021:09:54:13 +0800] "GET /xingrg/all/function/internal_message.html?_=1611194032966&CODE_STATE=count HTTP/1.1" 200 11
180.156.237.57 - - [21/Jan/2021:09:54:13 +0800] "GET /xingrg/check_reg.html?_=1611194032967 HTTP/1.1" 200 22
180.156.237.57 - - [21/Jan/2021:09:54:13 +0800] "POST /xingrg/load_menu.html HTTP/1.1" 200 5138
116.228.172.94 - - [21/Jan/2021:09:54:13 +0800] "POST /xingrg/all/common/load_combo.html?type=base HTTP/1.1" 200 3324
180.156.237.57 - - [21/Jan/2021:09:54:16 +0800] "GET /xingrg/kc/buy/cgsh_order_list.html HTTP/1.1" 200 46223
116.228.172.94 - - [21/Jan/2021:09:54:16 +0800] "POST /xingrg/all/common/load_combo.html?type=base HTTP/1.1" 200 3324
180.156.237.57 - - [21/Jan/2021:09:54:17 +0800] "POST /xingrg/kc/buy/cgsh_list_operate.html HTTP/1.1" 200 876
218.81.223.240 - - [21/Jan/2021:09:54:17 +0800] "GET /xingrg/kc/buy/cgsh_order_operate.html?command=get_materiel&rest_code=00146&code=00101008223&supplier_code=00100005&order_time=2021-01-21 HTTP/1.1" 200 412
114.88.166.193 - - [21/Jan/2021:09:54:18 +0800] "GET /xingrg/all/function/internal_message.html?_=1611194053114&CODE_STATE=getMsg HTTP/1.1" 200 27
180.156.237.57 - - [21/Jan/2021:09:54:18 +0800] "GET /xingrg/kc/buy/cgsh_order_add.html HTTP/1.1" 200 61891
180.156.237.57 - - [21/Jan/2021:09:54:18 +0800] "POST /xingrg/kc/buy/cgsh_order_operate.html HTTP/1.1" 200 8245
180.156.237.57 - - [21/Jan/2021:09:54:18 +0800] "GET /xingrg/javascript/easyui/themes/default/validatebox.css HTTP/1.1" 404 1104
180.156.237.57 - - [21/Jan/2021:09:54:19 +0800] "GET /xingrg/javascript/auto/indicator.gif HTTP/1.1" 404 1066
218.81.223.240 - - [21/Jan/2021:09:54:28 +0800] "GET /xingrg/kc/buy/cgsh_order_operate.html?command=get_materiel&rest_code=00146&code=00101008168&supplier_code=00100005&order_time=2021-01-21 HTTP/1.1" 200 413
180.156.237.57 - - [21/Jan/2021:09:54:29 +0800] "GET /xingrg/kc/buy/cgsh_order_operate.html?command=get_materiel&rest_code=00150&code=00101002027&supplier_code=00100151&order_time=2021-01-21 HTTP/1.1" 200 434
116.228.172.94 - - [21/Jan/2021:09:54:29 +0800] "GET /xingrg/all/function/internal_message.html?_=1611194062769&CODE_STATE=getMsg HTTP/1.1" 200 27
114.88.166.193 - - [21/Jan/2021:09:54:30 +0800] "GET /xingrg/kc/buy/cgsh_order_operate.html?command=get_materiel&rest_code=00111&code=00101008350&supplier_code=00100005&order_time=2021-01-21 HTTP/1.1" 200 408
180.156.237.57 - - [21/Jan/2021:09:54:30 +0800] "GET /xingrg/all/function/internal_message.html?_=1611194068770&CODE_STATE=getMsg HTTP/1.1" 200 27
180.175.150.119 - - [21/Jan/2021:09:54:32 +0800] "GET /xingrg/all/function/internal_message.html?_=1611194313363&CODE_STATE=getMsg HTTP/1.1" 200 27
218.81.223.240 - - [21/Jan/2021:09:54:37 +0800] "GET /xingrg/kc/buy/cgsh_order_operate.html?command=get_materiel&rest_code=00146&code=00101008236&supplier_code=00100005&order_time=2021-01-21 HTTP/1.1" 200 417
218.81.223.240 - - [21/Jan/2021:09:54:40 +0800] "POST /xingrg/kc/buy/cgsh_order_operate.html HTTP/1.1" 200 2065
180.156.237.57 - - [21/Jan/2021:09:54:41 +0800] "GET /xingrg/kc/buy/cgsh_order_operate.html?command=get_materiel&rest_code=00150&code=00101005037&supplier_code=00100151&order_time=2021-01-21 HTTP/1.1" 200 409
114.88.166.193 - - [21/Jan/2021:09:54:41 +0800] "GET /xingrg/kc/buy/cgsh_order_operate.html?command=get_materiel&rest_code=00111&code=00101008112&supplier_code=00100005&order_time=2021-01-21 HTTP/1.1" 200 412
101.89.239.216 - - [21/Jan/2021:09:54:41 +0800] "GET /xingrg/all/function/internal_message.html?_=1611193431239&CODE_STATE=getMsg HTTP/1.1" 302 -
101.89.239.216 - - [21/Jan/2021:09:54:48 +0800] "GET /xingrg/login.html HTTP/1.1" 200 7641
180.156.237.57 - - [21/Jan/2021:09:54:48 +0800] "POST /xingrg/kc/buy/cgsh_order_operate.html HTTP/1.1" 200 37
180.175.150.119 - - [21/Jan/2021:09:54:48 +0800] "GET /xingrg/kc/buy/cgsh_order_operate.html?command=get_materiel&rest_code=00102&code=00101006019&supplier_code=00100096&order_time=2021-01-21 HTTP/1.1" 200 419
218.81.223.240 - - [21/Jan/2021:09:54:48 +0800] "GET /xingrg/kc/buy/cgsh_order_operate.html?command=get_materiel&rest_code=00146&code=00101008323&supplier_code=00100005&order_time=2021-01-21 HTTP/1.1" 200 410
180.169.147.146 - - [21/Jan/2021:09:54:49 +0800] "GET /xingrg/all/function/internal_message.html?_=1611194088961&CODE_STATE=getMsg HTTP/1.1" 200 27
114.88.166.193 - - [21/Jan/2021:09:54:50 +0800] "GET /xingrg/kc/buy/cgsh_order_operate.html?command=get_materiel&rest_code=00111&code=00101008010&supplier_code=00100005&order_time=2021-01-21 HTTP/1.1" 200 412
61.151.179.84 - - [21/Jan/2021:09:54:51 +0800] "GET /xingrg/check_reg.html?_=1611193431241 HTTP/1.1" 302 -
180.156.237.57 - - [21/Jan/2021:09:54:51 +0800] "POST /xingrg/kc/buy/cgsh_order_operate.html HTTP/1.1" 200 12
114.88.166.193 - - [21/Jan/2021:09:54:52 +0800] "POST /xingrg/kc/buy/cgsh_order_operate.html HTTP/1.1" 200 2065
180.156.237.57 - - [21/Jan/2021:09:54:52 +0800] "GET /xingrg/kc/buy/cgsh_order_info.html?code=212021012109537 HTTP/1.1" 200 56787
180.156.237.57 - - [21/Jan/2021:09:54:52 +0800] "GET /xingrg/javascript/easyui/themes/default/validatebox.css HTTP/1.1" 404 1104
180.156.237.57 - - [21/Jan/2021:09:54:52 +0800] "POST /xingrg/kc/buy/cgsh_order_operate.html HTTP/1.1" 200 1196
180.156.237.57 - - [21/Jan/2021:09:54:54 +0800] "GET /xingrg/kc/print/load_data.html?order_code=212021012109537&kc_code=cgsh&condition= HTTP/1.1" 200 933
58.37.230.33 - - [21/Jan/2021:09:54:54 +0800] "GET /xingrg/all/function/internal_message.html?_=1611194091269&CODE_STATE=getMsg HTTP/1.1" 200 27
222.69.136.55 - - [21/Jan/2021:09:54:56 +0800] "GET /xingrg/all/function/internal_message.html?_=1611194091888&CODE_STATE=getMsg HTTP/1.1" 200 27
61.151.179.84 - - [21/Jan/2021:09:54:59 +0800] "GET /xingrg/login.html HTTP/1.1" 200 7641
180.175.150.119 - - [21/Jan/2021:09:54:59 +0800] "GET /xingrg/kc/buy/cgsh_order_operate.html?command=get_materiel&rest_code=00102&code=00101006109&supplier_code=00100096&order_time=2021-01-21 HTTP/1.1" 200 409
218.81.223.240 - - [21/Jan/2021:09:55:01 +0800] "GET /xingrg/kc/buy/cgsh_order_operate.html?command=get_materiel&rest_code=00146&code=00101008061&supplier_code=00100005&order_time=2021-01-21 HTTP/1.1" 200 422
114.88.166.193 - - [21/Jan/2021:09:55:01 +0800] "GET /xingrg/kc/buy/cgsh_order_operate.html?command=get_materiel&rest_code=00111&code=00101008150&supplier_code=00100005&order_time=2021-01-21 HTTP/1.1" 200 409
116.228.172.94 - - [21/Jan/2021:09:55:01 +0800] "POST /xingrg/kc/base/wldb_order_operate.html HTTP/1.1" 200 37
116.228.172.94 - - [21/Jan/2021:09:55:01 +0800] "POST /xingrg/kc/base/wldb_order_operate.html HTTP/1.1" 200 3178
116.228.172.94 - - [21/Jan/2021:09:55:02 +0800] "GET /xingrg/kc/base/wldb_order_info.html?code=422021012102585 HTTP/1.1" 200 30518
116.228.172.94 - - [21/Jan/2021:09:55:03 +0800] "GET /xingrg/javascript/easyui/themes/default/validatebox.css HTTP/1.1" 404 1104
116.228.172.94 - - [21/Jan/2021:09:55:03 +0800] "POST /xingrg/kc/base/wldb_order_operate.html HTTP/1.1" 200 3178
218.81.223.240 - - [21/Jan/2021:09:55:03 +0800] "GET /xingrg/all/function/internal_message.html?_=1611194099744&CODE_STATE=getMsg HTTP/1.1" 200 27
61.165.42.208 - - [21/Jan/2021:09:55:08 +0800] "GET /xingrg/all/function/internal_message.html?_=1611194109153&CODE_STATE=getMsg HTTP/1.1" 200 27
