116.233.74.202 - - [19/Jan/2021:09:31:53 +0800] "GET /xingrg/all/function/internal_message.html?_=1611019942863&CODE_STATE=getMsg HTTP/1.1" 200 27
116.233.74.202 - - [19/Jan/2021:09:31:53 +0800] "GET /xingrg/kc/buy/cgsh_order_operate.html?command=get_materiel&rest_code=00109&code=00101008024&supplier_code=00100005&order_time=2021-01-19 HTTP/1.1" 200 408
116.232.195.34 - - [19/Jan/2021:09:31:57 +0800] "GET /xingrg/all/function/internal_message.html?_=1611019914737&CODE_STATE=getMsg HTTP/1.1" 200 27
58.221.95.50 - - [19/Jan/2021:09:32:03 +0800] "GET /xingrg/check_reg.html?_=1611019922682 HTTP/1.1" 302 -
180.169.147.146 - - [19/Jan/2021:09:32:07 +0800] "GET /xingrg/all/function/internal_message.html?_=1611019930635&CODE_STATE=getMsg HTTP/1.1" 200 27
180.169.147.146 - - [19/Jan/2021:09:32:07 +0800] "GET /xingrg/all/function/internal_message.html?_=1611019930708&CODE_STATE=getMsg HTTP/1.1" 200 27
222.70.179.222 - - [19/Jan/2021:09:32:09 +0800] "GET /xingrg/all/function/internal_message.html?_=1611019926836&CODE_STATE=getMsg HTTP/1.1" 200 27
61.165.42.208 - - [19/Jan/2021:09:32:13 +0800] "GET /xingrg/all/function/internal_message.html?_=1611019915569&CODE_STATE=getMsg HTTP/1.1" 200 27
180.169.147.146 - - [19/Jan/2021:09:32:14 +0800] "GET /xingrg/all/function/internal_message.html?_=1611019937824&CODE_STATE=getMsg HTTP/1.1" 200 27
116.228.172.94 - - [19/Jan/2021:09:32:15 +0800] "GET /xingrg/all/function/internal_message.html?_=1611019933166&CODE_STATE=getMsg HTTP/1.1" 200 27
61.165.42.208 - - [19/Jan/2021:09:32:17 +0800] "GET /xingrg/all/function/internal_message.html?_=1611019939064&CODE_STATE=getMsg HTTP/1.1" 200 27
114.86.187.76 - - [19/Jan/2021:09:32:17 +0800] "POST /xingrg/services/DataTransmitService HTTP/1.1" 200 524
222.69.137.117 - - [19/Jan/2021:09:32:18 +0800] "GET /xingrg/kc/print/load_config.html?kc_code=cgsh HTTP/1.1" 200 1845
114.86.187.76 - - [19/Jan/2021:09:32:18 +0800] "POST /xingrg/services/DataTransmitService HTTP/1.1" 200 1951
222.69.137.117 - - [19/Jan/2021:09:32:18 +0800] "GET /xingrg/kc/print/load_data.html?order_code=212021011908484&kc_code=cgsh&condition= HTTP/1.1" 200 13270
114.86.187.76 - - [19/Jan/2021:09:32:18 +0800] "POST /xingrg/services/DataTransmitService HTTP/1.1" 200 4512
114.86.187.76 - - [19/Jan/2021:09:32:19 +0800] "POST /xingrg/services/DataTransmitService HTTP/1.1" 200 160208
120.253.135.82 - - [19/Jan/2021:09:32:21 +0800] "GET /xingrg/all/function/internal_message.html?_=1611019969427&CODE_STATE=getMsg HTTP/1.1" 200 27
180.156.237.57 - - [19/Jan/2021:09:32:22 +0800] "GET /xingrg/check_reg.html?_=1611019942171 HTTP/1.1" 200 22
180.156.237.57 - - [19/Jan/2021:09:32:22 +0800] "GET /xingrg/all/function/internal_message.html?_=1611019942174&CODE_STATE=getMsg HTTP/1.1" 200 27
222.69.137.117 - - [19/Jan/2021:09:32:27 +0800] "POST /xingrg/kc/buy/cgsh_order_operate.html HTTP/1.1" 200 37
222.69.137.117 - - [19/Jan/2021:09:32:34 +0800] "POST /xingrg/kc/buy/cgsh_order_operate.html HTTP/1.1" 200 12
222.69.137.117 - - [19/Jan/2021:09:32:36 +0800] "GET /xingrg/kc/buy/cgsh_order_info.html?code=212021011908484 HTTP/1.1" 200 56910
222.69.137.117 - - [19/Jan/2021:09:32:37 +0800] "GET /xingrg/javascript/easyui/themes/default/validatebox.css HTTP/1.1" 404 1104
222.69.137.117 - - [19/Jan/2021:09:32:37 +0800] "POST /xingrg/kc/buy/cgsh_order_operate.html HTTP/1.1" 200 34341
180.169.147.146 - - [19/Jan/2021:09:32:44 +0800] "GET /xingrg/all/function/internal_message.html?_=1611019964317&CODE_STATE=getMsg HTTP/1.1" 200 27
116.233.74.202 - - [19/Jan/2021:09:32:45 +0800] "GET /xingrg/kc/buy/cgsh_order_operate.html?command=get_materiel&rest_code=00109&code=00101008080&supplier_code=00100005&order_time=2021-01-19 HTTP/1.1" 200 416
120.253.135.82 - - [19/Jan/2021:09:32:46 +0800] "GET /xingrg/all/function/internal_message.html?_=1611019726588&CODE_STATE=getMsg HTTP/1.1" 200 27
116.233.74.202 - - [19/Jan/2021:09:32:50 +0800] "GET /xingrg/kc/buy/cgsh_order_operate.html?command=get_materiel&rest_code=00109&code=00101008354&supplier_code=00100005&order_time=2021-01-19 HTTP/1.1" 200 412
218.81.223.240 - - [19/Jan/2021:09:32:50 +0800] "GET /xingrg/all/function/internal_message.html?_=1611019979207&CODE_STATE=getMsg HTTP/1.1" 200 27
180.156.237.57 - - [19/Jan/2021:09:32:50 +0800] "GET /xingrg/all/function/internal_message.html?_=1611019952628&CODE_STATE=getMsg HTTP/1.1" 200 27
116.233.74.202 - - [19/Jan/2021:09:32:52 +0800] "GET /xingrg/all/function/internal_message.html?_=1611020002861&CODE_STATE=getMsg HTTP/1.1" 200 27
116.233.74.202 - - [19/Jan/2021:09:32:56 +0800] "GET /xingrg/kc/buy/cgsh_order_operate.html?command=get_materiel&rest_code=00109&code=00101008351&supplier_code=00100005&order_time=2021-01-19 HTTP/1.1" 200 408
116.232.195.34 - - [19/Jan/2021:09:32:57 +0800] "GET /xingrg/all/function/internal_message.html?_=1611019974739&CODE_STATE=getMsg HTTP/1.1" 200 27
116.233.74.202 - - [19/Jan/2021:09:33:02 +0800] "GET /xingrg/kc/buy/cgsh_order_operate.html?command=get_materiel&rest_code=00109&code=00101008110&supplier_code=00100005&order_time=2021-01-19 HTTP/1.1" 200 408
180.169.147.146 - - [19/Jan/2021:09:33:07 +0800] "GET /xingrg/all/function/internal_message.html?_=1611019990632&CODE_STATE=getMsg HTTP/1.1" 200 27
180.169.147.146 - - [19/Jan/2021:09:33:07 +0800] "GET /xingrg/all/function/internal_message.html?_=1611019990711&CODE_STATE=getMsg HTTP/1.1" 200 27
222.70.179.222 - - [19/Jan/2021:09:33:09 +0800] "GET /xingrg/all/function/internal_message.html?_=1611019986839&CODE_STATE=getMsg HTTP/1.1" 200 27
116.233.74.202 - - [19/Jan/2021:09:33:13 +0800] "GET /xingrg/kc/buy/cgsh_order_operate.html?command=get_materiel&rest_code=00109&code=00101008064&supplier_code=00100005&order_time=2021-01-19 HTTP/1.1" 200 412
61.165.42.208 - - [19/Jan/2021:09:33:13 +0800] "GET /xingrg/all/function/internal_message.html?_=1611019975596&CODE_STATE=getMsg HTTP/1.1" 200 27
180.169.147.146 - - [19/Jan/2021:09:33:14 +0800] "GET /xingrg/all/function/internal_message.html?_=1611019997832&CODE_STATE=getMsg HTTP/1.1" 200 27
116.228.172.94 - - [19/Jan/2021:09:33:15 +0800] "GET /xingrg/all/function/internal_message.html?_=1611019993146&CODE_STATE=getMsg HTTP/1.1" 200 27
61.165.42.208 - - [19/Jan/2021:09:33:17 +0800] "GET /xingrg/all/function/internal_message.html?_=1611019999078&CODE_STATE=getMsg HTTP/1.1" 200 27
116.233.74.202 - - [19/Jan/2021:09:33:18 +0800] "GET /xingrg/kc/buy/cgsh_order_operate.html?command=get_materiel&rest_code=00109&code=00101008355&supplier_code=00100005&order_time=2021-01-19 HTTP/1.1" 200 408
120.253.135.82 - - [19/Jan/2021:09:33:21 +0800] "GET /xingrg/all/function/internal_message.html?_=1611020029460&CODE_STATE=getMsg HTTP/1.1" 200 27
180.156.237.57 - - [19/Jan/2021:09:33:22 +0800] "GET /xingrg/all/function/internal_message.html?_=1611020002163&CODE_STATE=getMsg HTTP/1.1" 200 27
116.233.74.202 - - [19/Jan/2021:09:33:22 +0800] "GET /xingrg/kc/buy/cgsh_order_operate.html?command=get_materiel&rest_code=00109&code=00101015056&supplier_code=00100005&order_time=2021-01-19 HTTP/1.1" 200 412
116.233.74.202 - - [19/Jan/2021:09:33:26 +0800] "GET /xingrg/kc/buy/cgsh_order_operate.html?command=get_materiel&rest_code=00109&code=00101008264&supplier_code=00100005&order_time=2021-01-19 HTTP/1.1" 200 412
222.69.137.117 - - [19/Jan/2021:09:33:30 +0800] "GET /xingrg/all/function/internal_message.html?_=1611020009077&CODE_STATE=getMsg HTTP/1.1" 200 27
116.233.74.202 - - [19/Jan/2021:09:33:31 +0800] "GET /xingrg/kc/buy/cgsh_order_operate.html?command=get_materiel&rest_code=00109&code=00101008360&supplier_code=00100005&order_time=2021-01-19 HTTP/1.1" 200 413
116.233.74.202 - - [19/Jan/2021:09:33:37 +0800] "GET /xingrg/kc/buy/cgsh_order_operate.html?command=get_materiel&rest_code=00109&code=00101008357&supplier_code=00100005&order_time=2021-01-19 HTTP/1.1" 200 408
180.169.147.146 - - [19/Jan/2021:09:33:44 +0800] "GET /xingrg/check_reg.html?_=1611020024318 HTTP/1.1" 200 22
180.169.147.146 - - [19/Jan/2021:09:33:44 +0800] "GET /xingrg/all/function/internal_message.html?_=1611020024323&CODE_STATE=getMsg HTTP/1.1" 200 27
120.253.135.82 - - [19/Jan/2021:09:33:46 +0800] "GET /xingrg/all/function/internal_message.html?_=1611019786596&CODE_STATE=getMsg HTTP/1.1" 200 27
116.233.74.202 - - [19/Jan/2021:09:33:47 +0800] "GET /xingrg/kc/buy/cgsh_order_operate.html?command=get_materiel&rest_code=00109&code=00101008230&supplier_code=00100005&order_time=2021-01-19 HTTP/1.1" 200 408
180.156.237.57 - - [19/Jan/2021:09:33:50 +0800] "GET /xingrg/all/function/internal_message.html?_=1611020012641&CODE_STATE=getMsg HTTP/1.1" 200 27
218.81.223.240 - - [19/Jan/2021:09:33:50 +0800] "GET /xingrg/all/function/internal_message.html?_=1611020039220&CODE_STATE=getMsg HTTP/1.1" 200 27
116.233.74.202 - - [19/Jan/2021:09:33:50 +0800] "GET /xingrg/check_reg.html?_=1611020062867 HTTP/1.1" 200 22
116.233.74.202 - - [19/Jan/2021:09:33:50 +0800] "GET /xingrg/all/function/internal_message.html?_=1611020062869&CODE_STATE=getMsg HTTP/1.1" 200 27
116.233.74.202 - - [19/Jan/2021:09:33:53 +0800] "GET /xingrg/kc/buy/cgsh_order_operate.html?command=get_materiel&rest_code=00109&code=00101008069&supplier_code=00100005&order_time=2021-01-19 HTTP/1.1" 200 412
116.232.195.34 - - [19/Jan/2021:09:33:57 +0800] "GET /xingrg/all/function/internal_message.html?_=1611020034740&CODE_STATE=getMsg HTTP/1.1" 200 27
116.233.74.202 - - [19/Jan/2021:09:33:58 +0800] "GET /xingrg/kc/buy/cgsh_order_operate.html?command=get_materiel&rest_code=00109&code=00101008006&supplier_code=00100005&order_time=2021-01-19 HTTP/1.1" 200 416
116.233.74.202 - - [19/Jan/2021:09:34:04 +0800] "GET /xingrg/kc/buy/cgsh_order_operate.html?command=get_materiel&rest_code=00109&code=00101008131&supplier_code=00100005&order_time=2021-01-19 HTTP/1.1" 200 408
180.169.147.146 - - [19/Jan/2021:09:34:07 +0800] "GET /xingrg/all/function/internal_message.html?_=1611020050631&CODE_STATE=getMsg HTTP/1.1" 200 27
180.169.147.146 - - [19/Jan/2021:09:34:07 +0800] "GET /xingrg/all/function/internal_message.html?_=1611020050711&CODE_STATE=getMsg HTTP/1.1" 200 27
222.70.179.222 - - [19/Jan/2021:09:34:09 +0800] "GET /xingrg/all/function/internal_message.html?_=1611020047135&CODE_STATE=getMsg HTTP/1.1" 200 27
116.233.74.202 - - [19/Jan/2021:09:34:10 +0800] "GET /xingrg/kc/buy/cgsh_order_operate.html?command=get_materiel&rest_code=00109&code=00101008352&supplier_code=00100005&order_time=2021-01-19 HTTP/1.1" 200 412
222.69.137.117 - - [19/Jan/2021:09:34:13 +0800] "GET /xingrg/kc/buy/cgsh_order_add.html HTTP/1.1" 200 62008
61.165.42.208 - - [19/Jan/2021:09:34:13 +0800] "GET /xingrg/all/function/internal_message.html?_=1611020035596&CODE_STATE=getMsg HTTP/1.1" 200 27
61.165.42.208 - - [19/Jan/2021:09:34:13 +0800] "GET /xingrg/check_reg.html?_=1611020035602 HTTP/1.1" 200 22
222.69.137.117 - - [19/Jan/2021:09:34:13 +0800] "POST /xingrg/kc/buy/cgsh_order_operate.html HTTP/1.1" 200 8245
222.69.137.117 - - [19/Jan/2021:09:34:13 +0800] "GET /xingrg/javascript/easyui/themes/default/validatebox.css HTTP/1.1" 404 1104
180.169.147.146 - - [19/Jan/2021:09:34:14 +0800] "GET /xingrg/all/function/internal_message.html?_=1611020057830&CODE_STATE=getMsg HTTP/1.1" 200 27
120.253.135.82 - - [19/Jan/2021:09:34:15 +0800] "GET /xingrg/check_reg.html?_=1611020083059 HTTP/1.1" 200 22
116.228.172.94 - - [19/Jan/2021:09:34:15 +0800] "GET /xingrg/all/function/internal_message.html?_=1611020053122&CODE_STATE=getMsg HTTP/1.1" 200 27
116.233.74.202 - - [19/Jan/2021:09:34:16 +0800] "GET /xingrg/kc/buy/cgsh_order_operate.html?command=get_materiel&rest_code=00109&code=00101008098&supplier_code=00100005&order_time=2021-01-19 HTTP/1.1" 200 412
61.165.42.208 - - [19/Jan/2021:09:34:17 +0800] "GET /xingrg/all/function/internal_message.html?_=1611020059078&CODE_STATE=getMsg HTTP/1.1" 200 27
116.233.74.202 - - [19/Jan/2021:09:34:18 +0800] "POST /xingrg/kc/buy/cgsh_order_operate.html HTTP/1.1" 200 2065
120.253.135.82 - - [19/Jan/2021:09:34:21 +0800] "GET /xingrg/all/function/internal_message.html?_=1611020089470&CODE_STATE=getMsg HTTP/1.1" 200 27
218.81.223.240 - - [19/Jan/2021:09:34:22 +0800] "GET /xingrg/check_reg.html?_=1611020071286 HTTP/1.1" 200 22
180.156.237.57 - - [19/Jan/2021:09:34:22 +0800] "GET /xingrg/all/function/internal_message.html?_=1611020062170&CODE_STATE=getMsg HTTP/1.1" 200 27
116.233.74.202 - - [19/Jan/2021:09:34:22 +0800] "GET /xingrg/kc/buy/cgsh_order_operate.html?command=get_materiel&rest_code=00109&code=00101008005&supplier_code=00100005&order_time=2021-01-19 HTTP/1.1" 200 412
222.69.137.117 - - [19/Jan/2021:09:34:26 +0800] "GET /xingrg/javascript/jquery_tools/images/prev.gif HTTP/1.1" 404 1086
222.69.137.117 - - [19/Jan/2021:09:34:27 +0800] "GET /xingrg/javascript/jquery_tools/images/next.gif HTTP/1.1" 404 1086
116.233.74.202 - - [19/Jan/2021:09:34:28 +0800] "GET /xingrg/kc/buy/cgsh_order_operate.html?command=get_materiel&rest_code=00109&code=00101008353&supplier_code=00100005&order_time=2021-01-19 HTTP/1.1" 200 408
222.69.137.117 - - [19/Jan/2021:09:34:30 +0800] "GET /xingrg/all/function/internal_message.html?_=1611020069054&CODE_STATE=getMsg HTTP/1.1" 200 27
116.233.74.202 - - [19/Jan/2021:09:34:34 +0800] "GET /xingrg/kc/buy/cgsh_order_operate.html?command=get_materiel&rest_code=00109&code=00101008312&supplier_code=00100005&order_time=2021-01-19 HTTP/1.1" 200 412
222.69.137.117 - - [19/Jan/2021:09:34:35 +0800] "GET /xingrg/kc/buy/cgsh_order_operate.html?command=get_materiel&rest_code=00149&code=00102002453&supplier_code=00100072&order_time=2021-01-19 HTTP/1.1" 200 433
117.131.5.26 - - [19/Jan/2021:09:34:37 +0800] "GET /xingrg/login.html HTTP/1.1" 200 7641
117.131.5.26 - - [19/Jan/2021:09:34:37 +0800] "GET /xingrg/images/blue/jxLogo.png HTTP/1.1" 200 6156
117.131.5.26 - - [19/Jan/2021:09:34:37 +0800] "GET /xingrg/images/blue/hj.png HTTP/1.1" 200 1014
117.131.5.26 - - [19/Jan/2021:09:34:37 +0800] "GET /xingrg/images/blue/login_bg.png HTTP/1.1" 200 22101
117.131.5.26 - - [19/Jan/2021:09:34:37 +0800] "GET /xingrg/images/blue/srbg.png HTTP/1.1" 200 138
117.131.5.26 - - [19/Jan/2021:09:34:38 +0800] "GET /favicon.ico HTTP/1.1" 404 -
116.233.74.202 - - [19/Jan/2021:09:34:39 +0800] "GET /xingrg/kc/buy/cgsh_order_operate.html?command=get_materiel&rest_code=00109&code=00101008095&supplier_code=00100005&order_time=2021-01-19 HTTP/1.1" 200 412
180.169.147.146 - - [19/Jan/2021:09:34:44 +0800] "GET /xingrg/all/function/internal_message.html?_=1611020084319&CODE_STATE=getMsg HTTP/1.1" 200 27
222.70.179.222 - - [19/Jan/2021:09:34:44 +0800] "GET /xingrg/check_reg.html?_=1611020082047 HTTP/1.1" 200 22
116.233.74.202 - - [19/Jan/2021:09:34:44 +0800] "GET /xingrg/kc/buy/cgsh_order_operate.html?command=get_materiel&rest_code=00109&code=00101008196&supplier_code=00100005&order_time=2021-01-19 HTTP/1.1" 200 416
116.233.74.202 - - [19/Jan/2021:09:34:46 +0800] "POST /xingrg/kc/buy/cgsh_order_operate.html HTTP/1.1" 200 2065
120.253.135.82 - - [19/Jan/2021:09:34:46 +0800] "GET /xingrg/check_reg.html?_=1611019846363 HTTP/1.1" 200 22
120.253.135.82 - - [19/Jan/2021:09:34:46 +0800] "GET /xingrg/all/function/internal_message.html?_=1611019846610&CODE_STATE=getMsg HTTP/1.1" 200 27
116.233.74.202 - - [19/Jan/2021:09:34:49 +0800] "GET /xingrg/all/function/internal_message.html?_=1611020122859&CODE_STATE=getMsg HTTP/1.1" 200 27
218.81.223.240 - - [19/Jan/2021:09:34:50 +0800] "GET /xingrg/all/function/internal_message.html?_=1611020099233&CODE_STATE=getMsg HTTP/1.1" 200 27
180.156.237.57 - - [19/Jan/2021:09:34:50 +0800] "GET /xingrg/all/function/internal_message.html?_=1611020072673&CODE_STATE=getMsg HTTP/1.1" 200 27
222.69.137.117 - - [19/Jan/2021:09:34:52 +0800] "POST /xingrg/kc/buy/cgsh_order_operate.html HTTP/1.1" 200 37
116.233.74.202 - - [19/Jan/2021:09:34:54 +0800] "GET /xingrg/kc/buy/cgsh_order_operate.html?command=get_materiel&rest_code=00109&code=00101008079&supplier_code=00100005&order_time=2021-01-19 HTTP/1.1" 200 416
116.232.195.34 - - [19/Jan/2021:09:34:57 +0800] "GET /xingrg/all/function/internal_message.html?_=1611020094743&CODE_STATE=getMsg HTTP/1.1" 200 27
116.232.195.34 - - [19/Jan/2021:09:34:57 +0800] "GET /xingrg/check_reg.html?_=1611020094744 HTTP/1.1" 200 22
222.69.137.117 - - [19/Jan/2021:09:34:57 +0800] "POST /xingrg/kc/buy/cgsh_order_operate.html HTTP/1.1" 200 12
222.69.137.117 - - [19/Jan/2021:09:34:59 +0800] "GET /xingrg/kc/buy/cgsh_order_info.html?code=212021011908498 HTTP/1.1" 200 56912
222.69.137.117 - - [19/Jan/2021:09:34:59 +0800] "GET /xingrg/javascript/easyui/themes/default/validatebox.css HTTP/1.1" 404 1104
222.69.137.117 - - [19/Jan/2021:09:34:59 +0800] "POST /xingrg/kc/buy/cgsh_order_operate.html HTTP/1.1" 200 611
116.233.74.202 - - [19/Jan/2021:09:34:59 +0800] "GET /xingrg/kc/buy/cgsh_order_operate.html?command=get_materiel&rest_code=00109&code=00101008221&supplier_code=00100005&order_time=2021-01-19 HTTP/1.1" 200 412
222.69.137.117 - - [19/Jan/2021:09:35:01 +0800] "GET /xingrg/kc/print/load_data.html?order_code=212021011908498&kc_code=cgsh&condition= HTTP/1.1" 200 718
222.69.137.117 - - [19/Jan/2021:09:35:05 +0800] "GET /xingrg/kc/buy/cgsh_order_add.html HTTP/1.1" 200 62008
222.69.137.117 - - [19/Jan/2021:09:35:05 +0800] "POST /xingrg/kc/buy/cgsh_order_operate.html HTTP/1.1" 200 8245
222.69.137.117 - - [19/Jan/2021:09:35:05 +0800] "GET /xingrg/javascript/easyui/themes/default/validatebox.css HTTP/1.1" 404 1104
116.233.74.202 - - [19/Jan/2021:09:35:06 +0800] "GET /xingrg/kc/buy/cgsh_order_operate.html?command=get_materiel&rest_code=00109&code=00101015074&supplier_code=00100005&order_time=2021-01-19 HTTP/1.1" 200 408
180.169.147.146 - - [19/Jan/2021:09:35:07 +0800] "GET /xingrg/all/function/internal_message.html?_=1611020110655&CODE_STATE=getMsg HTTP/1.1" 200 27
180.169.147.146 - - [19/Jan/2021:09:35:07 +0800] "GET /xingrg/all/function/internal_message.html?_=1611020110709&CODE_STATE=getMsg HTTP/1.1" 200 27
180.169.147.146 - - [19/Jan/2021:09:35:07 +0800] "GET /xingrg/check_reg.html?_=1611020110711 HTTP/1.1" 200 22
222.70.179.222 - - [19/Jan/2021:09:35:09 +0800] "GET /xingrg/all/function/internal_message.html?_=1611020107155&CODE_STATE=getMsg HTTP/1.1" 200 27
61.165.42.208 - - [19/Jan/2021:09:35:13 +0800] "GET /xingrg/all/function/internal_message.html?_=1611020095601&CODE_STATE=getMsg HTTP/1.1" 200 27
180.169.147.146 - - [19/Jan/2021:09:35:14 +0800] "GET /xingrg/all/function/internal_message.html?_=1611020117832&CODE_STATE=getMsg HTTP/1.1" 200 27
116.233.74.202 - - [19/Jan/2021:09:35:14 +0800] "GET /xingrg/kc/buy/cgsh_order_operate.html?command=get_materiel&rest_code=00109&code=00101008027&supplier_code=00100005&order_time=2021-01-19 HTTP/1.1" 200 409
116.228.172.94 - - [19/Jan/2021:09:35:15 +0800] "GET /xingrg/all/function/internal_message.html?_=1611020113104&CODE_STATE=getMsg HTTP/1.1" 200 27
61.165.42.208 - - [19/Jan/2021:09:35:17 +0800] "GET /xingrg/check_reg.html?_=1611020119076 HTTP/1.1" 200 22
61.165.42.208 - - [19/Jan/2021:09:35:17 +0800] "GET /xingrg/all/function/internal_message.html?_=1611020119078&CODE_STATE=getMsg HTTP/1.1" 200 27
116.233.74.202 - - [19/Jan/2021:09:35:21 +0800] "GET /xingrg/kc/buy/cgsh_order_operate.html?command=get_materiel&rest_code=00109&code=00101008080&supplier_code=00100005&order_time=2021-01-19 HTTP/1.1" 200 416
116.228.172.94 - - [19/Jan/2021:09:35:21 +0800] "GET /xingrg/kc/buy/cgsh_order_operate.html?command=get_materiel&rest_code=00107&code=00101008385&supplier_code=00100006&order_time=2021-01-19 HTTP/1.1" 200 413
120.253.135.82 - - [19/Jan/2021:09:35:21 +0800] "GET /xingrg/all/function/internal_message.html?_=1611020149483&CODE_STATE=getMsg HTTP/1.1" 200 27
180.156.237.57 - - [19/Jan/2021:09:35:22 +0800] "GET /xingrg/all/function/internal_message.html?_=1611020122173&CODE_STATE=getMsg HTTP/1.1" 200 27
116.233.74.202 - - [19/Jan/2021:09:35:23 +0800] "POST /xingrg/kc/buy/cgsh_order_operate.html HTTP/1.1" 200 2065
116.233.74.202 - - [19/Jan/2021:09:35:26 +0800] "GET /xingrg/kc/buy/cgsh_order_operate.html?command=get_materiel&rest_code=00109&code=00101008354&supplier_code=00100005&order_time=2021-01-19 HTTP/1.1" 200 412
222.69.137.117 - - [19/Jan/2021:09:35:30 +0800] "GET /xingrg/all/function/internal_message.html?_=1611020129028&CODE_STATE=getMsg HTTP/1.1" 200 27
222.69.137.117 - - [19/Jan/2021:09:35:30 +0800] "GET /xingrg/check_reg.html?_=1611020129076 HTTP/1.1" 200 22
116.233.74.202 - - [19/Jan/2021:09:35:37 +0800] "GET /xingrg/kc/buy/cgsh_order_operate.html?command=get_materiel&rest_code=00109&code=00101008308&supplier_code=00100005&order_time=2021-01-19 HTTP/1.1" 200 420
180.169.147.146 - - [19/Jan/2021:09:35:44 +0800] "GET /xingrg/all/function/internal_message.html?_=1611020144327&CODE_STATE=getMsg HTTP/1.1" 200 27
222.69.137.117 - - [19/Jan/2021:09:35:46 +0800] "GET /xingrg/kc/buy/cgsh_order_operate.html?command=get_materiel&rest_code=00149&code=00101011003&supplier_code=00100051&order_time=2021-01-19 HTTP/1.1" 200 413
120.253.135.82 - - [19/Jan/2021:09:35:46 +0800] "GET /xingrg/all/function/internal_message.html?_=1611019906624&CODE_STATE=getMsg HTTP/1.1" 200 27
116.233.74.202 - - [19/Jan/2021:09:35:47 +0800] "GET /xingrg/kc/buy/cgsh_order_operate.html?command=get_materiel&rest_code=00109&code=00101008028&supplier_code=00100005&order_time=2021-01-19 HTTP/1.1" 200 412
116.233.74.202 - - [19/Jan/2021:09:35:47 +0800] "GET /xingrg/all/function/internal_message.html?_=1611020182859&CODE_STATE=getMsg HTTP/1.1" 200 27
218.81.223.240 - - [19/Jan/2021:09:35:50 +0800] "GET /xingrg/all/function/internal_message.html?_=1611020159247&CODE_STATE=getMsg HTTP/1.1" 200 27
180.156.237.57 - - [19/Jan/2021:09:35:50 +0800] "GET /xingrg/all/function/internal_message.html?_=1611020132683&CODE_STATE=getMsg HTTP/1.1" 200 27
222.69.137.117 - - [19/Jan/2021:09:35:53 +0800] "GET /xingrg/kc/buy/cgsh_order_operate.html?command=get_materiel&rest_code=00149&code=00101011005&supplier_code=00100051&order_time=2021-01-19 HTTP/1.1" 200 428
116.233.74.202 - - [19/Jan/2021:09:35:55 +0800] "GET /xingrg/kc/buy/cgsh_order_operate.html?command=get_materiel&rest_code=00109&code=00101008351&supplier_code=00100005&order_time=2021-01-19 HTTP/1.1" 200 408
116.232.195.34 - - [19/Jan/2021:09:35:57 +0800] "GET /xingrg/all/function/internal_message.html?_=1611020154746&CODE_STATE=getMsg HTTP/1.1" 200 27
116.233.74.202 - - [19/Jan/2021:09:36:01 +0800] "GET /xingrg/kc/buy/cgsh_order_operate.html?command=get_materiel&rest_code=00109&code=00101008290&supplier_code=00100005&order_time=2021-01-19 HTTP/1.1" 200 416
180.169.147.146 - - [19/Jan/2021:09:36:07 +0800] "GET /xingrg/check_reg.html?_=1611020170656 HTTP/1.1" 200 22
180.169.147.146 - - [19/Jan/2021:09:36:07 +0800] "GET /xingrg/all/function/internal_message.html?_=1611020170655&CODE_STATE=getMsg HTTP/1.1" 200 27
180.169.147.146 - - [19/Jan/2021:09:36:07 +0800] "GET /xingrg/all/function/internal_message.html?_=1611020170709&CODE_STATE=getMsg HTTP/1.1" 200 27
116.233.74.202 - - [19/Jan/2021:09:36:07 +0800] "GET /xingrg/kc/buy/cgsh_order_operate.html?command=get_materiel&rest_code=00109&code=00101008186&supplier_code=00100005&order_time=2021-01-19 HTTP/1.1" 200 408
116.233.74.202 - - [19/Jan/2021:09:36:09 +0800] "POST /xingrg/kc/buy/cgsh_order_operate.html HTTP/1.1" 200 2065
222.70.179.222 - - [19/Jan/2021:09:36:09 +0800] "GET /xingrg/all/function/internal_message.html?_=1611020167174&CODE_STATE=getMsg HTTP/1.1" 200 27
116.228.172.94 - - [19/Jan/2021:09:36:11 +0800] "GET /xingrg/check_reg.html?_=1611020168691 HTTP/1.1" 200 22
61.165.42.208 - - [19/Jan/2021:09:36:13 +0800] "GET /xingrg/all/function/internal_message.html?_=1611020155601&CODE_STATE=getMsg HTTP/1.1" 200 27
222.69.137.117 - - [19/Jan/2021:09:36:13 +0800] "POST /xingrg/kc/buy/cgsh_order_operate.html HTTP/1.1" 200 37
180.169.147.146 - - [19/Jan/2021:09:36:14 +0800] "GET /xingrg/all/function/internal_message.html?_=1611020177830&CODE_STATE=getMsg HTTP/1.1" 200 27
180.169.147.146 - - [19/Jan/2021:09:36:14 +0800] "GET /xingrg/check_reg.html?_=1611020177835 HTTP/1.1" 200 22
116.233.74.202 - - [19/Jan/2021:09:36:15 +0800] "GET /xingrg/kc/buy/cgsh_order_operate.html?command=get_materiel&rest_code=00109&code=00101008274&supplier_code=00100005&order_time=2021-01-19 HTTP/1.1" 200 412
116.228.172.94 - - [19/Jan/2021:09:36:16 +0800] "GET /xingrg/all/function/internal_message.html?_=1611020173375&CODE_STATE=getMsg HTTP/1.1" 200 27
222.69.137.117 - - [19/Jan/2021:09:36:16 +0800] "POST /xingrg/kc/buy/cgsh_order_operate.html HTTP/1.1" 200 12
116.228.172.94 - - [19/Jan/2021:09:36:17 +0800] "GET /xingrg/kc/buy/cgsh_order_operate.html?command=get_materiel&rest_code=00107&code=00101008389&supplier_code=00100006&order_time=2021-01-19 HTTP/1.1" 200 413
61.165.42.208 - - [19/Jan/2021:09:36:17 +0800] "GET /xingrg/all/function/internal_message.html?_=1611020179076&CODE_STATE=getMsg HTTP/1.1" 200 27
222.69.137.117 - - [19/Jan/2021:09:36:18 +0800] "GET /xingrg/kc/buy/cgsh_order_info.html?code=212021011908499 HTTP/1.1" 200 56910
222.69.137.117 - - [19/Jan/2021:09:36:19 +0800] "GET /xingrg/javascript/easyui/themes/default/validatebox.css HTTP/1.1" 404 1104
222.69.137.117 - - [19/Jan/2021:09:36:19 +0800] "POST /xingrg/kc/buy/cgsh_order_operate.html HTTP/1.1" 200 1197
120.253.135.82 - - [19/Jan/2021:09:36:21 +0800] "GET /xingrg/all/function/internal_message.html?_=1611020209519&CODE_STATE=getMsg HTTP/1.1" 200 27
180.156.237.57 - - [19/Jan/2021:09:36:22 +0800] "GET /xingrg/all/function/internal_message.html?_=1611020182174&CODE_STATE=getMsg HTTP/1.1" 200 27
222.69.137.117 - - [19/Jan/2021:09:36:24 +0800] "GET /xingrg/kc/print/load_data.html?order_code=212021011908499&kc_code=cgsh&condition= HTTP/1.1" 200 948
222.69.137.117 - - [19/Jan/2021:09:36:29 +0800] "GET /xingrg/kc/buy/cgsh_order_add.html HTTP/1.1" 200 62008
222.69.137.117 - - [19/Jan/2021:09:36:29 +0800] "POST /xingrg/kc/buy/cgsh_order_operate.html HTTP/1.1" 200 8245
222.69.137.117 - - [19/Jan/2021:09:36:30 +0800] "GET /xingrg/javascript/easyui/themes/default/validatebox.css HTTP/1.1" 404 1104
222.69.137.117 - - [19/Jan/2021:09:36:30 +0800] "GET /xingrg/all/function/internal_message.html?_=1611020189012&CODE_STATE=getMsg HTTP/1.1" 200 27
180.169.147.146 - - [19/Jan/2021:09:36:44 +0800] "GET /xingrg/all/function/internal_message.html?_=1611020204328&CODE_STATE=getMsg HTTP/1.1" 200 27
116.233.74.202 - - [19/Jan/2021:09:36:46 +0800] "GET /xingrg/all/function/internal_message.html?_=1611020242857&CODE_STATE=getMsg HTTP/1.1" 200 27
120.253.135.82 - - [19/Jan/2021:09:36:46 +0800] "GET /xingrg/all/function/internal_message.html?_=1611019966638&CODE_STATE=getMsg HTTP/1.1" 200 27
180.156.237.57 - - [19/Jan/2021:09:36:50 +0800] "GET /xingrg/check_reg.html?_=1611020192353 HTTP/1.1" 200 22
180.156.237.57 - - [19/Jan/2021:09:36:50 +0800] "GET /xingrg/all/function/internal_message.html?_=1611020192697&CODE_STATE=getMsg HTTP/1.1" 200 27
218.81.223.240 - - [19/Jan/2021:09:36:50 +0800] "GET /xingrg/all/function/internal_message.html?_=1611020219336&CODE_STATE=getMsg HTTP/1.1" 200 27
180.175.150.119 - - [19/Jan/2021:09:36:53 +0800] "GET /xingrg/login.html HTTP/1.1" 200 7641
180.175.150.119 - - [19/Jan/2021:09:36:53 +0800] "GET /xingrg/images/blue/jxLogo.png HTTP/1.1" 304 -
180.175.150.119 - - [19/Jan/2021:09:36:53 +0800] "GET /favicon.ico HTTP/1.1" 404 -
180.175.150.119 - - [19/Jan/2021:09:36:54 +0800] "POST /xingrg/login.do HTTP/1.1" 302 -
180.175.150.119 - - [19/Jan/2021:09:36:54 +0800] "GET /xingrg/index.html?sysBaseUrl=http%3A%2F%2F180.169.147.146%3A18081%2Fxingrg%2F&costTime=38×tamp=1611020214517 HTTP/1.1" 200 17173
180.175.150.119 - - [19/Jan/2021:09:36:54 +0800] "GET /xingrg/javascript/jquery_easy_ui/themes/icon.css HTTP/1.1" 304 -
180.175.150.119 - - [19/Jan/2021:09:36:54 +0800] "GET /xingrg/javascript/jquery_easy_ui/themes/default/easyui.css HTTP/1.1" 304 -
180.175.150.119 - - [19/Jan/2021:09:36:54 +0800] "GET /xingrg/css/form.css HTTP/1.1" 304 -
180.175.150.119 - - [19/Jan/2021:09:36:54 +0800] "GET /xingrg/javascript/jquery_easy_ui/jquery.easyui.min.js HTTP/1.1" 304 -
180.175.150.119 - - [19/Jan/2021:09:36:54 +0800] "GET /xingrg/javascript/jquery-1.4.2.min.js HTTP/1.1" 304 -
180.175.150.119 - - [19/Jan/2021:09:36:54 +0800] "GET /xingrg/javascript/jquery_easy_ui/easyui-lang-zh_CN.js HTTP/1.1" 304 -
180.175.150.119 - - [19/Jan/2021:09:36:54 +0800] "GET /xingrg/javascript/jquery.form.js HTTP/1.1" 304 -
180.175.150.119 - - [19/Jan/2021:09:36:54 +0800] "GET /xingrg/javascript/jquery.utils.js HTTP/1.1" 304 -
180.175.150.119 - - [19/Jan/2021:09:36:54 +0800] "GET /xingrg/javascript/jquery.timers.js HTTP/1.1" 304 -
180.175.150.119 - - [19/Jan/2021:09:36:54 +0800] "GET /xingrg/images/blue/navBackgound.jpg HTTP/1.1" 304 -
180.175.150.119 - - [19/Jan/2021:09:36:54 +0800] "GET /xingrg/javascript/jquery_easy_ui/themes/icons/settle_new.png HTTP/1.1" 304 -
180.175.150.119 - - [19/Jan/2021:09:36:54 +0800] "POST /xingrg/all/common/load_tree.html?tree=area_rest_tree_json&manage=1 HTTP/1.1" 200 342
180.175.150.119 - - [19/Jan/2021:09:36:54 +0800] "GET /favicon.ico HTTP/1.1" 404 -
180.175.150.119 - - [19/Jan/2021:09:36:54 +0800] "GET /xingrg/javascript/jquery_easy_ui/themes/default/images/tabs_leftarrow.png HTTP/1.1" 304 -
180.175.150.119 - - [19/Jan/2021:09:36:54 +0800] "GET /xingrg/javascript/jquery_easy_ui/themes/default/images/tabs_rightarrow.png HTTP/1.1" 304 -
180.175.150.119 - - [19/Jan/2021:09:36:54 +0800] "GET /xingrg/images/blue/pingpu.png HTTP/1.1" 304 -
180.175.150.119 - - [19/Jan/2021:09:36:54 +0800] "GET /xingrg/javascript/jquery_easy_ui/themes/default/images/panel_tool_collapse.gif HTTP/1.1" 304 -
180.175.150.119 - - [19/Jan/2021:09:36:55 +0800] "GET /xingrg/all/function/internal_message.html?_=1611020216867&CODE_STATE=count HTTP/1.1" 200 11
180.175.150.119 - - [19/Jan/2021:09:36:55 +0800] "GET /xingrg/check_reg.html?_=1611020216870 HTTP/1.1" 200 22
180.175.150.119 - - [19/Jan/2021:09:36:55 +0800] "POST /xingrg/load_menu.html HTTP/1.1" 200 5138
116.232.195.34 - - [19/Jan/2021:09:36:57 +0800] "GET /xingrg/all/function/internal_message.html?_=1611020214730&CODE_STATE=getMsg HTTP/1.1" 200 27
180.175.150.119 - - [19/Jan/2021:09:36:57 +0800] "GET /xingrg/kc/mdqp/pssh_order_list.html HTTP/1.1" 200 17891
180.175.150.119 - - [19/Jan/2021:09:36:57 +0800] "GET /xingrg/css/base.css HTTP/1.1" 304 -
180.175.150.119 - - [19/Jan/2021:09:36:57 +0800] "GET /xingrg/css/site.css HTTP/1.1" 304 -
180.175.150.119 - - [19/Jan/2021:09:36:57 +0800] "GET /xingrg/javascript/jquery_tools/datebox.css HTTP/1.1" 304 -
180.175.150.119 - - [19/Jan/2021:09:36:57 +0800] "GET /xingrg/javascript/easyui/themes/default/easyui.css HTTP/1.1" 304 -
180.175.150.119 - - [19/Jan/2021:09:36:57 +0800] "GET /xingrg/javascript/easyui/themes/icon.css HTTP/1.1" 304 -
180.175.150.119 - - [19/Jan/2021:09:36:57 +0800] "GET /xingrg/javascript/auto/jquery.autocomplete.css HTTP/1.1" 304 -
180.175.150.119 - - [19/Jan/2021:09:36:57 +0800] "GET /xingrg/javascript/jquery_tools/fix.css HTTP/1.1" 304 -
180.175.150.119 - - [19/Jan/2021:09:36:57 +0800] "GET /xingrg/javascript/jquery_tools/table.css HTTP/1.1" 304 -
180.175.150.119 - - [19/Jan/2021:09:36:57 +0800] "GET /xingrg/javascript/jquery_tools/jquery.tools.min.js HTTP/1.1" 304 -
180.175.150.119 - - [19/Jan/2021:09:36:57 +0800] "GET /xingrg/javascript/jquery_tools/jquery.tools.extend.js HTTP/1.1" 304 -
180.175.150.119 - - [19/Jan/2021:09:36:57 +0800] "GET /xingrg/javascript/jquery_tools/jquery.tools.table.js HTTP/1.1" 304 -
180.175.150.119 - - [19/Jan/2021:09:36:57 +0800] "GET /xingrg/javascript/jquery_tools/jquery.tools.hotkey.js HTTP/1.1" 304 -
180.175.150.119 - - [19/Jan/2021:09:36:57 +0800] "GET /xingrg/javascript/jquery_tools/list_manager.js HTTP/1.1" 304 -
180.175.150.119 - - [19/Jan/2021:09:36:57 +0800] "GET /xingrg/javascript/auto/jquery.autocomplete.js HTTP/1.1" 304 -
180.175.150.119 - - [19/Jan/2021:09:36:57 +0800] "GET /xingrg/javascript/easyui/easyloader.js HTTP/1.1" 304 -
180.175.150.119 - - [19/Jan/2021:09:36:57 +0800] "GET /xingrg/javascript/jquery.cookie.js HTTP/1.1" 304 -
180.175.150.119 - - [19/Jan/2021:09:36:57 +0800] "GET /xingrg/javascript/easyui/plugins/jquery.parser.js HTTP/1.1" 304 -
180.175.150.119 - - [19/Jan/2021:09:36:58 +0800] "POST /xingrg/kc/mdqp/pssh_list_operate.html HTTP/1.1" 200 5423
180.175.150.119 - - [19/Jan/2021:09:36:58 +0800] "POST /xingrg/kc/mdqp/pssh_list_operate.html HTTP/1.1" 200 260
180.175.150.119 - - [19/Jan/2021:09:36:59 +0800] "POST /xingrg/kc/mdqp/pssh_list_operate.html HTTP/1.1" 200 260
180.175.150.119 - - [19/Jan/2021:09:37:01 +0800] "GET /xingrg/kc/mdqp/pssh_order_info.html?code=312021011700571 HTTP/1.1" 200 17272
180.175.150.119 - - [19/Jan/2021:09:37:01 +0800] "GET /xingrg/javascript/jquery_tools/jquery-1.4.2.min.js HTTP/1.1" 404 1094
180.175.150.119 - - [19/Jan/2021:09:37:01 +0800] "GET /xingrg/javascript/pic_change.js HTTP/1.1" 304 -
180.175.150.119 - - [19/Jan/2021:09:37:01 +0800] "GET /xingrg/javascript/jquery_tools/order_manager.js HTTP/1.1" 304 -
180.175.150.119 - - [19/Jan/2021:09:37:01 +0800] "GET /xingrg/javascript/convert.js HTTP/1.1" 304 -
180.175.150.119 - - [19/Jan/2021:09:37:01 +0800] "GET /xingrg/javascript/json2.js HTTP/1.1" 304 -
180.175.150.119 - - [19/Jan/2021:09:37:01 +0800] "GET /xingrg/javascript/print/kc_print.js HTTP/1.1" 304 -
180.175.150.119 - - [19/Jan/2021:09:37:01 +0800] "GET /xingrg/javascript/print/LodopFuncs.js HTTP/1.1" 304 -
180.175.150.119 - - [19/Jan/2021:09:37:01 +0800] "GET /xingrg/words/20210117160006_words.js HTTP/1.1" 304 -
180.175.150.119 - - [19/Jan/2021:09:37:01 +0800] "POST /xingrg/kc/mdqp/pssh_order_operate.html HTTP/1.1" 200 532
180.175.150.119 - - [19/Jan/2021:09:37:02 +0800] "GET /xingrg/all/common/auto_word.html?type=base&rest_code=00102&rest_code=00102 HTTP/1.1" 200 1711
180.175.150.119 - - [19/Jan/2021:09:37:02 +0800] "GET /xingrg/all/common/auto_word.html?type=employee&rest_code=00102 HTTP/1.1" 200 189
180.175.150.119 - - [19/Jan/2021:09:37:02 +0800] "GET /xingrg/javascript/easyui/themes/default/validatebox.css HTTP/1.1" 404 1104
180.175.150.119 - - [19/Jan/2021:09:37:02 +0800] "GET /xingrg/javascript/easyui/plugins/jquery.validatebox.js HTTP/1.1" 304 -
180.175.150.119 - - [19/Jan/2021:09:37:02 +0800] "GET /xingrg/javascript/easyui/plugins/jquery.numberbox.js HTTP/1.1" 304 -
58.221.95.50 - - [19/Jan/2021:09:37:03 +0800] "GET /xingrg/check_reg.html?_=1611020222658 HTTP/1.1" 302 -
180.175.150.119 - - [19/Jan/2021:09:37:03 +0800] "GET /xingrg/kc/mdqp/pssh_order_info.html?code=312021011700578 HTTP/1.1" 200 17269
180.175.150.119 - - [19/Jan/2021:09:37:03 +0800] "GET /xingrg/javascript/jquery_tools/jquery-1.4.2.min.js HTTP/1.1" 404 1094
180.175.150.119 - - [19/Jan/2021:09:37:04 +0800] "POST /xingrg/kc/mdqp/pssh_order_operate.html HTTP/1.1" 200 530
180.175.150.119 - - [19/Jan/2021:09:37:04 +0800] "GET /xingrg/javascript/easyui/themes/default/validatebox.css HTTP/1.1" 404 1104
180.175.150.119 - - [19/Jan/2021:09:37:05 +0800] "POST /xingrg/all/common/load_combo.html?type=base&rest_code=00102 HTTP/1.1" 200 3060
180.169.147.146 - - [19/Jan/2021:09:37:07 +0800] "GET /xingrg/all/function/internal_message.html?_=1611020230656&CODE_STATE=getMsg HTTP/1.1" 200 27
180.169.147.146 - - [19/Jan/2021:09:37:07 +0800] "GET /xingrg/all/function/internal_message.html?_=1611020230709&CODE_STATE=getMsg HTTP/1.1" 200 27
180.175.150.119 - - [19/Jan/2021:09:37:07 +0800] "POST /xingrg/all/common/load_combo.html?type=employee HTTP/1.1" 200 353
222.70.179.222 - - [19/Jan/2021:09:37:10 +0800] "GET /xingrg/all/function/internal_message.html?_=1611020227469&CODE_STATE=getMsg HTTP/1.1" 200 27
180.175.150.119 - - [19/Jan/2021:09:37:13 +0800] "POST /xingrg/kc/mdqp/pssh_order_operate.html HTTP/1.1" 200 37
61.165.42.208 - - [19/Jan/2021:09:37:13 +0800] "GET /xingrg/all/function/internal_message.html?_=1611020215602&CODE_STATE=getMsg HTTP/1.1" 200 27
180.175.150.119 - - [19/Jan/2021:09:37:13 +0800] "POST /xingrg/kc/mdqp/pssh_order_operate.html HTTP/1.1" 200 12
180.175.150.119 - - [19/Jan/2021:09:37:14 +0800] "GET /xingrg/kc/mdqp/pssh_order_info.html?code=312021011700578 HTTP/1.1" 200 14389
180.175.150.119 - - [19/Jan/2021:09:37:14 +0800] "GET /xingrg/javascript/jquery_tools/jquery-1.4.2.min.js HTTP/1.1" 404 1094
180.169.147.146 - - [19/Jan/2021:09:37:14 +0800] "GET /xingrg/all/function/internal_message.html?_=1611020237843&CODE_STATE=getMsg HTTP/1.1" 200 27
180.175.150.119 - - [19/Jan/2021:09:37:14 +0800] "GET /xingrg/javascript/easyui/themes/icons/uncheck_new.png HTTP/1.1" 304 -
180.175.150.119 - - [19/Jan/2021:09:37:14 +0800] "POST /xingrg/kc/mdqp/pssh_order_operate.html HTTP/1.1" 200 530
180.175.150.119 - - [19/Jan/2021:09:37:14 +0800] "GET /xingrg/javascript/easyui/themes/default/validatebox.css HTTP/1.1" 404 1104
180.175.150.119 - - [19/Jan/2021:09:37:15 +0800] "GET /xingrg/kc/print/load_config.html?kc_code=pssh HTTP/1.1" 200 2290
180.175.150.119 - - [19/Jan/2021:09:37:15 +0800] "GET /xingrg/kc/print/load_data.html?order_code=312021011700578&kc_code=pssh&condition= HTTP/1.1" 200 660
116.228.172.94 - - [19/Jan/2021:09:37:16 +0800] "GET /xingrg/all/function/internal_message.html?_=1611020233350&CODE_STATE=getMsg HTTP/1.1" 200 27
61.165.42.208 - - [19/Jan/2021:09:37:17 +0800] "GET /xingrg/all/function/internal_message.html?_=1611020239100&CODE_STATE=getMsg HTTP/1.1" 200 27
116.228.172.94 - - [19/Jan/2021:09:37:18 +0800] "GET /xingrg/kc/buy/cgsh_order_operate.html?command=get_materiel&rest_code=00107&code=00101008067&supplier_code=00100006&order_time=2021-01-19 HTTP/1.1" 200 416
180.175.150.119 - - [19/Jan/2021:09:37:20 +0800] "POST /xingrg/kc/mdqp/pssh_list_operate.html HTTP/1.1" 200 1576
180.175.150.119 - - [19/Jan/2021:09:37:21 +0800] "GET /xingrg/kc/buy/cgsh_order_list.html HTTP/1.1" 200 46217
120.253.135.82 - - [19/Jan/2021:09:37:22 +0800] "GET /xingrg/all/function/internal_message.html?_=1611020269525&CODE_STATE=getMsg HTTP/1.1" 200 27
180.175.150.119 - - [19/Jan/2021:09:37:22 +0800] "POST /xingrg/kc/buy/cgsh_list_operate.html HTTP/1.1" 200 876
180.156.237.57 - - [19/Jan/2021:09:37:22 +0800] "GET /xingrg/all/function/internal_message.html?_=1611020242176&CODE_STATE=getMsg HTTP/1.1" 200 27
180.156.237.57 - - [19/Jan/2021:09:37:22 +0800] "GET /xingrg/check_reg.html?_=1611020242190 HTTP/1.1" 200 22
222.69.137.117 - - [19/Jan/2021:09:37:30 +0800] "GET /xingrg/all/function/internal_message.html?_=1611020248984&CODE_STATE=getMsg HTTP/1.1" 200 27
222.69.137.117 - - [19/Jan/2021:09:37:35 +0800] "GET /xingrg/kc/buy/cgsh_order_operate.html?command=get_materiel&rest_code=00149&code=00101029007&supplier_code=00100019&order_time=2021-01-19 HTTP/1.1" 200 458
101.93.222.235 - - [19/Jan/2021:09:37:41 +0800] "POST /xingrg/services/DataTransmitService HTTP/1.1" 200 524
116.228.172.94 - - [19/Jan/2021:09:37:41 +0800] "POST /xingrg/kc/buy/cgsh_order_operate.html HTTP/1.1" 200 37
116.228.172.94 - - [19/Jan/2021:09:37:43 +0800] "POST /xingrg/kc/buy/cgsh_order_operate.html HTTP/1.1" 200 29817
180.169.147.146 - - [19/Jan/2021:09:37:44 +0800] "GET /xingrg/all/function/internal_message.html?_=1611020264329&CODE_STATE=getMsg HTTP/1.1" 200 27
116.233.74.202 - - [19/Jan/2021:09:37:45 +0800] "GET /xingrg/all/function/internal_message.html?_=1611020302859&CODE_STATE=getMsg HTTP/1.1" 200 27
222.69.137.117 - - [19/Jan/2021:09:37:46 +0800] "GET /xingrg/kc/buy/cgsh_order_operate.html?command=get_materiel&rest_code=00149&code=00101020079&supplier_code=00100019&order_time=2021-01-19 HTTP/1.1" 200 421
116.228.172.94 - - [19/Jan/2021:09:37:46 +0800] "GET /xingrg/kc/print/load_data.html?order_code=212021011908478&kc_code=cgsh&condition= HTTP/1.1" 200 10927
101.93.222.235 - - [19/Jan/2021:09:37:46 +0800] "POST /xingrg/services/DataTransmitService HTTP/1.1" 200 501
101.93.222.235 - - [19/Jan/2021:09:37:46 +0800] "POST /xingrg/services/DataTransmitService HTTP/1.1" 200 501
120.253.135.82 - - [19/Jan/2021:09:37:46 +0800] "GET /xingrg/all/function/internal_message.html?_=1611020026656&CODE_STATE=getMsg HTTP/1.1" 200 27
101.93.222.235 - - [19/Jan/2021:09:37:47 +0800] "POST /xingrg/services/DataTransmitService HTTP/1.1" 200 501
101.93.222.235 - - [19/Jan/2021:09:37:48 +0800] "POST /xingrg/services/DataTransmitService HTTP/1.1" 200 501
101.93.222.235 - - [19/Jan/2021:09:37:48 +0800] "POST /xingrg/services/DataTransmitService HTTP/1.1" 200 501
101.93.222.235 - - [19/Jan/2021:09:37:48 +0800] "POST /xingrg/services/DataTransmitService HTTP/1.1" 200 501
101.93.222.235 - - [19/Jan/2021:09:37:49 +0800] "POST /xingrg/services/DataTransmitService HTTP/1.1" 200 501
101.93.222.235 - - [19/Jan/2021:09:37:49 +0800] "POST /xingrg/services/DataTransmitService HTTP/1.1" 200 501
101.93.222.235 - - [19/Jan/2021:09:37:49 +0800] "POST /xingrg/services/DataTransmitService HTTP/1.1" 200 501
101.93.222.235 - - [19/Jan/2021:09:37:50 +0800] "POST /xingrg/services/DataTransmitService HTTP/1.1" 200 501
180.156.237.57 - - [19/Jan/2021:09:37:50 +0800] "GET /xingrg/all/function/internal_message.html?_=1611020252711&CODE_STATE=getMsg HTTP/1.1" 200 27
218.81.223.240 - - [19/Jan/2021:09:37:50 +0800] "GET /xingrg/all/function/internal_message.html?_=1611020279338&CODE_STATE=getMsg HTTP/1.1" 200 27
101.93.222.235 - - [19/Jan/2021:09:37:52 +0800] "POST /xingrg/services/DataTransmitService HTTP/1.1" 200 412
116.232.195.34 - - [19/Jan/2021:09:37:54 +0800] "GET /xingrg/kc/buy/cgsh_order_list.html HTTP/1.1" 200 46223
180.175.150.119 - - [19/Jan/2021:09:37:55 +0800] "GET /xingrg/all/function/internal_message.html?_=1611020276923&CODE_STATE=getMsg HTTP/1.1" 200 27
116.232.195.34 - - [19/Jan/2021:09:37:56 +0800] "POST /xingrg/kc/buy/cgsh_list_operate.html HTTP/1.1" 200 2056
116.232.195.34 - - [19/Jan/2021:09:37:57 +0800] "GET /xingrg/all/function/internal_message.html?_=1611020274739&CODE_STATE=getMsg HTTP/1.1" 200 27
116.232.195.34 - - [19/Jan/2021:09:37:59 +0800] "POST /xingrg/kc/buy/cgsh_list_operate.html HTTP/1.1" 200 2056
116.232.195.34 - - [19/Jan/2021:09:38:00 +0800] "GET /xingrg/kc/buy/cgsh_order_list.html HTTP/1.1" 200 46223
116.232.195.34 - - [19/Jan/2021:09:38:02 +0800] "POST /xingrg/kc/buy/cgsh_list_operate.html HTTP/1.1" 200 2056
116.232.195.34 - - [19/Jan/2021:09:38:03 +0800] "GET /xingrg/kc/buy/cgsh_order_list.html HTTP/1.1" 200 46223
222.69.137.117 - - [19/Jan/2021:09:38:04 +0800] "GET /xingrg/kc/buy/cgsh_order_operate.html?command=get_materiel&rest_code=00149&code=00101029025&supplier_code=00100019&order_time=2021-01-19 HTTP/1.1" 200 462
116.232.195.34 - - [19/Jan/2021:09:38:05 +0800] "POST /xingrg/kc/buy/cgsh_list_operate.html HTTP/1.1" 200 2056
180.169.147.146 - - [19/Jan/2021:09:38:07 +0800] "GET /xingrg/all/function/internal_message.html?_=1611020290657&CODE_STATE=getMsg HTTP/1.1" 200 27
180.169.147.146 - - [19/Jan/2021:09:38:07 +0800] "GET /xingrg/all/function/internal_message.html?_=1611020290720&CODE_STATE=getMsg HTTP/1.1" 200 27
116.232.195.34 - - [19/Jan/2021:09:38:07 +0800] "GET /xingrg/kc/buy/cgsh_order_list.html HTTP/1.1" 200 46223
116.232.195.34 - - [19/Jan/2021:09:38:09 +0800] "POST /xingrg/kc/buy/cgsh_list_operate.html HTTP/1.1" 200 2056
222.70.179.222 - - [19/Jan/2021:09:38:10 +0800] "GET /xingrg/all/function/internal_message.html?_=1611020287470&CODE_STATE=getMsg HTTP/1.1" 200 27
116.233.74.202 - - [19/Jan/2021:09:38:12 +0800] "POST /xingrg/kc/buy/cgsh_order_operate.html HTTP/1.1" 200 37
116.232.195.34 - - [19/Jan/2021:09:38:12 +0800] "POST /xingrg/kc/buy/cgsh_list_operate.html HTTP/1.1" 200 505
61.165.42.208 - - [19/Jan/2021:09:38:13 +0800] "GET /xingrg/all/function/internal_message.html?_=1611020275602&CODE_STATE=getMsg HTTP/1.1" 200 27
116.233.74.202 - - [19/Jan/2021:09:38:14 +0800] "POST /xingrg/kc/buy/cgsh_order_operate.html HTTP/1.1" 200 22769
180.169.147.146 - - [19/Jan/2021:09:38:14 +0800] "GET /xingrg/all/function/internal_message.html?_=1611020297841&CODE_STATE=getMsg HTTP/1.1" 200 27
116.228.172.94 - - [19/Jan/2021:09:38:15 +0800] "GET /xingrg/all/function/internal_message.html?_=1611020293334&CODE_STATE=getMsg HTTP/1.1" 200 27
61.165.42.208 - - [19/Jan/2021:09:38:17 +0800] "GET /xingrg/all/function/internal_message.html?_=1611020299098&CODE_STATE=getMsg HTTP/1.1" 200 27
120.253.135.82 - - [19/Jan/2021:09:38:22 +0800] "GET /xingrg/all/function/internal_message.html?_=1611020329555&CODE_STATE=getMsg HTTP/1.1" 200 27
180.156.237.57 - - [19/Jan/2021:09:38:22 +0800] "GET /xingrg/all/function/internal_message.html?_=1611020302190&CODE_STATE=getMsg HTTP/1.1" 200 27
222.69.137.117 - - [19/Jan/2021:09:38:30 +0800] "GET /xingrg/all/function/internal_message.html?_=1611020308964&CODE_STATE=getMsg HTTP/1.1" 200 27
222.69.137.117 - - [19/Jan/2021:09:38:33 +0800] "GET /xingrg/kc/buy/cgsh_order_operate.html?command=get_materiel&rest_code=00149&code=00101029017&supplier_code=00100019&order_time=2021-01-19 HTTP/1.1" 200 466
180.169.147.146 - - [19/Jan/2021:09:38:44 +0800] "GET /xingrg/all/function/internal_message.html?_=1611020324344&CODE_STATE=getMsg HTTP/1.1" 200 27
180.169.147.146 - - [19/Jan/2021:09:38:44 +0800] "GET /xingrg/check_reg.html?_=1611020324348 HTTP/1.1" 200 22
116.233.74.202 - - [19/Jan/2021:09:38:45 +0800] "GET /xingrg/check_reg.html?_=1611020363218 HTTP/1.1" 200 22
116.233.74.202 - - [19/Jan/2021:09:38:45 +0800] "GET /xingrg/all/function/internal_message.html?_=1611020363220&CODE_STATE=getMsg HTTP/1.1" 200 27
120.253.135.82 - - [19/Jan/2021:09:38:46 +0800] "GET /xingrg/all/function/internal_message.html?_=1611020086664&CODE_STATE=getMsg HTTP/1.1" 200 27
180.156.237.57 - - [19/Jan/2021:09:38:50 +0800] "GET /xingrg/all/function/internal_message.html?_=1611020312724&CODE_STATE=getMsg HTTP/1.1" 200 27
218.81.223.240 - - [19/Jan/2021:09:38:50 +0800] "GET /xingrg/all/function/internal_message.html?_=1611020339435&CODE_STATE=getMsg HTTP/1.1" 200 27
222.69.137.117 - - [19/Jan/2021:09:38:55 +0800] "GET /xingrg/kc/buy/cgsh_order_operate.html?command=get_materiel&rest_code=00149&code=00101027021&supplier_code=00100019&order_time=2021-01-19 HTTP/1.1" 200 445
116.232.195.34 - - [19/Jan/2021:09:38:57 +0800] "GET /xingrg/all/function/internal_message.html?_=1611020334744&CODE_STATE=getMsg HTTP/1.1" 200 27
222.69.137.117 - - [19/Jan/2021:09:39:06 +0800] "GET /xingrg/kc/buy/cgsh_order_operate.html?command=get_materiel&rest_code=00149&code=00101028016&supplier_code=00100019&order_time=2021-01-19 HTTP/1.1" 200 447
180.169.147.146 - - [19/Jan/2021:09:39:07 +0800] "GET /xingrg/all/function/internal_message.html?_=1611020350656&CODE_STATE=getMsg HTTP/1.1" 200 27
180.169.147.146 - - [19/Jan/2021:09:39:07 +0800] "GET /xingrg/all/function/internal_message.html?_=1611020350720&CODE_STATE=getMsg HTTP/1.1" 200 27
222.70.179.222 - - [19/Jan/2021:09:39:10 +0800] "GET /xingrg/all/function/internal_message.html?_=1611020347759&CODE_STATE=getMsg HTTP/1.1" 200 27
61.165.42.208 - - [19/Jan/2021:09:39:13 +0800] "GET /xingrg/all/function/internal_message.html?_=1611020335602&CODE_STATE=getMsg HTTP/1.1" 200 27
61.165.42.208 - - [19/Jan/2021:09:39:13 +0800] "GET /xingrg/check_reg.html?_=1611020335609 HTTP/1.1" 200 22
180.169.147.146 - - [19/Jan/2021:09:39:14 +0800] "GET /xingrg/all/function/internal_message.html?_=1611020357846&CODE_STATE=getMsg HTTP/1.1" 200 27
120.253.135.82 - - [19/Jan/2021:09:39:15 +0800] "GET /xingrg/check_reg.html?_=1611020383067 HTTP/1.1" 200 22
116.228.172.94 - - [19/Jan/2021:09:39:15 +0800] "GET /xingrg/all/function/internal_message.html?_=1611020353317&CODE_STATE=getMsg HTTP/1.1" 200 27
61.165.42.208 - - [19/Jan/2021:09:39:17 +0800] "GET /xingrg/all/function/internal_message.html?_=1611020359097&CODE_STATE=getMsg HTTP/1.1" 200 27
222.69.137.117 - - [19/Jan/2021:09:39:19 +0800] "GET /xingrg/kc/buy/cgsh_order_operate.html?command=get_materiel&rest_code=00149&code=00101028011&supplier_code=00100019&order_time=2021-01-19 HTTP/1.1" 200 473
120.253.135.82 - - [19/Jan/2021:09:39:22 +0800] "GET /xingrg/all/function/internal_message.html?_=1611020389568&CODE_STATE=getMsg HTTP/1.1" 200 27
218.81.223.240 - - [19/Jan/2021:09:39:22 +0800] "GET /xingrg/check_reg.html?_=1611020371289 HTTP/1.1" 200 22
180.156.237.57 - - [19/Jan/2021:09:39:22 +0800] "GET /xingrg/all/function/internal_message.html?_=1611020362191&CODE_STATE=getMsg HTTP/1.1" 200 27
222.69.137.117 - - [19/Jan/2021:09:39:32 +0800] "POST /xingrg/kc/buy/cgsh_order_operate.html HTTP/1.1" 200 37
222.69.137.117 - - [19/Jan/2021:09:39:35 +0800] "POST /xingrg/kc/buy/cgsh_order_operate.html HTTP/1.1" 200 12
222.69.137.117 - - [19/Jan/2021:09:39:37 +0800] "GET /xingrg/kc/buy/cgsh_order_info.html?code=212021011908501 HTTP/1.1" 200 56908
222.69.137.117 - - [19/Jan/2021:09:39:37 +0800] "GET /xingrg/javascript/easyui/themes/default/validatebox.css HTTP/1.1" 404 1104
222.69.137.117 - - [19/Jan/2021:09:39:38 +0800] "POST /xingrg/kc/buy/cgsh_order_operate.html HTTP/1.1" 200 4356
222.69.137.117 - - [19/Jan/2021:09:39:39 +0800] "GET /xingrg/kc/print/load_data.html?order_code=212021011908501&kc_code=cgsh&condition= HTTP/1.1" 200 2323
116.233.74.202 - - [19/Jan/2021:09:39:44 +0800] "GET /xingrg/all/function/internal_message.html?_=1611020423218&CODE_STATE=getMsg HTTP/1.1" 200 27
180.169.147.146 - - [19/Jan/2021:09:39:44 +0800] "GET /xingrg/all/function/internal_message.html?_=1611020384333&CODE_STATE=getMsg HTTP/1.1" 200 27
222.70.179.222 - - [19/Jan/2021:09:39:44 +0800] "GET /xingrg/check_reg.html?_=1611020382063 HTTP/1.1" 200 22
120.253.135.82 - - [19/Jan/2021:09:39:46 +0800] "GET /xingrg/check_reg.html?_=1611020146369 HTTP/1.1" 200 22
120.253.135.82 - - [19/Jan/2021:09:39:46 +0800] "GET /xingrg/all/function/internal_message.html?_=1611020146678&CODE_STATE=getMsg HTTP/1.1" 200 27
180.156.237.57 - - [19/Jan/2021:09:39:50 +0800] "GET /xingrg/all/function/internal_message.html?_=1611020372765&CODE_STATE=getMsg HTTP/1.1" 200 27
218.81.223.240 - - [19/Jan/2021:09:39:50 +0800] "GET /xingrg/all/function/internal_message.html?_=1611020399443&CODE_STATE=getMsg HTTP/1.1" 200 27
116.232.195.34 - - [19/Jan/2021:09:39:57 +0800] "GET /xingrg/check_reg.html?_=1611020394740 HTTP/1.1" 200 22
116.232.195.34 - - [19/Jan/2021:09:39:57 +0800] "GET /xingrg/all/function/internal_message.html?_=1611020394746&CODE_STATE=getMsg HTTP/1.1" 200 27
