61.165.42.208 - - [19/Jan/2021:09:15:17 +0800] "GET /xingrg/all/function/internal_message.html?_=1611018919048&CODE_STATE=count HTTP/1.1" 200 11
61.165.42.208 - - [19/Jan/2021:09:15:17 +0800] "POST /xingrg/load_menu.html HTTP/1.1" 200 5138
61.165.42.208 - - [19/Jan/2021:09:15:17 +0800] "GET /favicon.ico HTTP/1.1" 404 -
120.253.135.82 - - [19/Jan/2021:09:15:21 +0800] "GET /xingrg/all/function/internal_message.html?_=1611018949087&CODE_STATE=getMsg HTTP/1.1" 200 27
61.165.42.208 - - [19/Jan/2021:09:15:21 +0800] "GET /xingrg/kc/buy/cgsh_order_list.html HTTP/1.1" 200 46217
180.156.237.57 - - [19/Jan/2021:09:15:22 +0800] "GET /xingrg/kc/buy/cgsh_order_add.html HTTP/1.1" 200 61609
180.156.237.57 - - [19/Jan/2021:09:15:22 +0800] "POST /xingrg/kc/buy/cgsh_order_operate.html HTTP/1.1" 200 8245
180.156.237.57 - - [19/Jan/2021:09:15:22 +0800] "GET /xingrg/javascript/easyui/themes/default/validatebox.css HTTP/1.1" 404 1104
222.69.137.117 - - [19/Jan/2021:09:15:23 +0800] "POST /xingrg/kc/buy/cgsh_order_operate.html HTTP/1.1" 200 37
61.165.42.208 - - [19/Jan/2021:09:15:24 +0800] "POST /xingrg/kc/buy/cgsh_list_operate.html HTTP/1.1" 200 876
61.165.42.208 - - [19/Jan/2021:09:15:25 +0800] "GET /xingrg/kc/buy/cgsh_order_add.html HTTP/1.1" 200 62002
61.165.42.208 - - [19/Jan/2021:09:15:25 +0800] "GET /xingrg/words/20210117160006_words.js HTTP/1.1" 304 -
222.69.137.117 - - [19/Jan/2021:09:15:25 +0800] "POST /xingrg/kc/buy/cgsh_order_operate.html HTTP/1.1" 200 23354
61.165.42.208 - - [19/Jan/2021:09:15:25 +0800] "POST /xingrg/kc/buy/cgsh_order_operate.html HTTP/1.1" 200 8245
61.165.42.208 - - [19/Jan/2021:09:15:25 +0800] "GET /xingrg/javascript/easyui/themes/default/validatebox.css HTTP/1.1" 404 1104
61.165.42.208 - - [19/Jan/2021:09:15:25 +0800] "GET /xingrg/all/common/auto_word.html?type=employee&rest_code=00105 HTTP/1.1" 200 193
61.165.42.208 - - [19/Jan/2021:09:15:25 +0800] "GET /xingrg/all/common/auto_word.html?type=employee&rest_code=00105 HTTP/1.1" 200 193
61.165.42.208 - - [19/Jan/2021:09:15:26 +0800] "GET /xingrg/javascript/auto/indicator.gif HTTP/1.1" 404 1066
222.69.137.117 - - [19/Jan/2021:09:15:29 +0800] "GET /xingrg/index.html?sysBaseUrl=http%3A%2F%2F180.169.147.146%3A18081%2Fxingrg%2F&costTime=52×tamp=1591679117969 HTTP/1.1" 200 17179
222.69.137.117 - - [19/Jan/2021:09:15:30 +0800] "POST /xingrg/all/common/load_tree.html?tree=area_rest_tree_json&manage=1 HTTP/1.1" 200 351
222.69.137.117 - - [19/Jan/2021:09:15:30 +0800] "GET /xingrg/all/function/internal_message.html?_=1611018929041&CODE_STATE=count HTTP/1.1" 200 11
222.69.137.117 - - [19/Jan/2021:09:15:30 +0800] "GET /xingrg/check_reg.html?_=1611018929043 HTTP/1.1" 200 22
222.69.137.117 - - [19/Jan/2021:09:15:30 +0800] "GET /favicon.ico HTTP/1.1" 404 -
222.69.137.117 - - [19/Jan/2021:09:15:30 +0800] "POST /xingrg/load_menu.html HTTP/1.1" 200 5138
222.69.137.117 - - [19/Jan/2021:09:15:32 +0800] "GET /xingrg/kc/buy/cgsh_order_list.html HTTP/1.1" 200 46223
222.69.137.117 - - [19/Jan/2021:09:15:33 +0800] "GET /xingrg/kc/buy/cgsh_order_list.html HTTP/1.1" 200 46223
117.184.7.30 - - [19/Jan/2021:09:15:33 +0800] "GET /xingrg/all/function/internal_message.html?_=1611018915513&CODE_STATE=getMsg HTTP/1.1" 200 27
222.69.137.117 - - [19/Jan/2021:09:15:35 +0800] "POST /xingrg/kc/buy/cgsh_list_operate.html HTTP/1.1" 200 1690
222.69.137.117 - - [19/Jan/2021:09:15:35 +0800] "POST /xingrg/kc/buy/cgsh_list_operate.html HTTP/1.1" 200 1690
61.165.42.208 - - [19/Jan/2021:09:15:38 +0800] "GET /xingrg/kc/buy/cgsh_order_operate.html?command=get_materiel&rest_code=00105&code=00101016030&supplier_code=00100034&order_time=2021-01-19 HTTP/1.1" 200 412
222.69.137.117 - - [19/Jan/2021:09:15:42 +0800] "POST /xingrg/kc/buy/cgsh_list_operate.html HTTP/1.1" 200 567
222.69.137.117 - - [19/Jan/2021:09:15:43 +0800] "GET /xingrg/kc/buy/cgsh_order_info.html?code=212021011908484 HTTP/1.1" 200 62017
222.69.137.117 - - [19/Jan/2021:09:15:43 +0800] "GET /xingrg/javascript/easyui/themes/default/validatebox.css HTTP/1.1" 404 1104
222.69.137.117 - - [19/Jan/2021:09:15:43 +0800] "GET /xingrg/all/common/auto_word.html?type=employee&rest_code=00149 HTTP/1.1" 200 197
222.69.137.117 - - [19/Jan/2021:09:15:43 +0800] "GET /xingrg/all/common/auto_word.html?type=employee&rest_code=00149 HTTP/1.1" 200 197
180.169.147.146 - - [19/Jan/2021:09:15:44 +0800] "GET /xingrg/all/function/internal_message.html?_=1611018944235&CODE_STATE=getMsg HTTP/1.1" 200 27
222.69.137.117 - - [19/Jan/2021:09:15:44 +0800] "POST /xingrg/kc/buy/cgsh_order_operate.html HTTP/1.1" 200 23354
120.253.135.82 - - [19/Jan/2021:09:15:46 +0800] "GET /xingrg/all/function/internal_message.html?_=1611018706351&CODE_STATE=getMsg HTTP/1.1" 200 27
180.156.237.57 - - [19/Jan/2021:09:15:47 +0800] "GET /xingrg/kc/buy/cgsh_order_operate.html?command=get_materiel&rest_code=00151&code=00101008286&supplier_code=00100007&order_time=2021-01-19 HTTP/1.1" 200 408
180.156.237.57 - - [19/Jan/2021:09:15:49 +0800] "POST /xingrg/kc/buy/cgsh_order_operate.html HTTP/1.1" 200 2065
218.81.223.240 - - [19/Jan/2021:09:15:49 +0800] "GET /xingrg/all/function/internal_message.html?_=1611018958555&CODE_STATE=getMsg HTTP/1.1" 200 27
58.40.7.146 - - [19/Jan/2021:09:15:49 +0800] "GET /xingrg/all/function/internal_message.html?_=1611018949016&CODE_STATE=getMsg HTTP/1.1" 200 27
58.40.7.146 - - [19/Jan/2021:09:15:49 +0800] "GET /xingrg/check_reg.html?_=1611018949017 HTTP/1.1" 200 22
180.156.237.57 - - [19/Jan/2021:09:15:49 +0800] "GET /xingrg/all/function/internal_message.html?_=1611018932341&CODE_STATE=getMsg HTTP/1.1" 200 27
222.69.137.117 - - [19/Jan/2021:09:15:50 +0800] "GET /xingrg/javascript/auto/indicator.gif HTTP/1.1" 404 1066
61.165.42.208 - - [19/Jan/2021:09:15:53 +0800] "GET /xingrg/kc/buy/cgsh_order_operate.html?command=get_materiel&rest_code=00105&code=00101016100&supplier_code=00100034&order_time=2021-01-19 HTTP/1.1" 200 412
222.69.137.117 - - [19/Jan/2021:09:15:53 +0800] "GET /xingrg/kc/buy/cgsh_order_operate.html?command=get_materiel&rest_code=00149&code=00101008296&supplier_code=00100005&order_time=2021-01-19 HTTP/1.1" 200 416
180.156.237.57 - - [19/Jan/2021:09:15:56 +0800] "GET /xingrg/all/function/internal_message.html?_=1611018956073&CODE_STATE=getMsg HTTP/1.1" 200 27
116.232.195.34 - - [19/Jan/2021:09:15:57 +0800] "GET /xingrg/all/function/internal_message.html?_=1611018954741&CODE_STATE=getMsg HTTP/1.1" 200 27
61.165.42.208 - - [19/Jan/2021:09:15:58 +0800] "POST /xingrg/kc/buy/cgsh_order_operate.html HTTP/1.1" 200 37
61.165.42.208 - - [19/Jan/2021:09:15:59 +0800] "POST /xingrg/kc/buy/cgsh_order_operate.html HTTP/1.1" 200 3245
61.165.42.208 - - [19/Jan/2021:09:16:00 +0800] "GET /xingrg/kc/print/load_config.html?kc_code=cgsh HTTP/1.1" 200 1845
180.156.237.57 - - [19/Jan/2021:09:16:00 +0800] "GET /xingrg/kc/buy/cgsh_order_operate.html?command=get_materiel&rest_code=00151&code=00101015038&supplier_code=00100007&order_time=2021-01-19 HTTP/1.1" 200 419
61.165.42.208 - - [19/Jan/2021:09:16:00 +0800] "GET /xingrg/kc/print/load_data.html?order_code=212021011908486&kc_code=cgsh&condition= HTTP/1.1" 200 936
61.165.42.208 - - [19/Jan/2021:09:16:04 +0800] "GET /xingrg/kc/buy/cgsh_order_add.html HTTP/1.1" 200 62002
61.165.42.208 - - [19/Jan/2021:09:16:04 +0800] "GET /xingrg/javascript/easyui/themes/default/validatebox.css HTTP/1.1" 404 1104
61.165.42.208 - - [19/Jan/2021:09:16:04 +0800] "POST /xingrg/kc/buy/cgsh_order_operate.html HTTP/1.1" 200 8245
222.69.137.117 - - [19/Jan/2021:09:16:05 +0800] "GET /xingrg/kc/buy/cgsh_order_operate.html?command=get_materiel&rest_code=00149&code=00101008169&supplier_code=00100005&order_time=2021-01-19 HTTP/1.1" 200 412
180.169.147.146 - - [19/Jan/2021:09:16:07 +0800] "GET /xingrg/all/function/internal_message.html?_=1611018970606&CODE_STATE=getMsg HTTP/1.1" 200 27
180.169.147.146 - - [19/Jan/2021:09:16:07 +0800] "GET /xingrg/check_reg.html?_=1611018970608 HTTP/1.1" 200 22
180.169.147.146 - - [19/Jan/2021:09:16:07 +0800] "GET /xingrg/all/function/internal_message.html?_=1611018970671&CODE_STATE=getMsg HTTP/1.1" 200 27
222.70.179.222 - - [19/Jan/2021:09:16:07 +0800] "GET /xingrg/all/function/internal_message.html?_=1611018964924&CODE_STATE=getMsg HTTP/1.1" 200 27
116.228.172.94 - - [19/Jan/2021:09:16:11 +0800] "GET /xingrg/check_reg.html?_=1611018968639 HTTP/1.1" 200 22
61.165.42.208 - - [19/Jan/2021:09:16:13 +0800] "GET /xingrg/all/function/internal_message.html?_=1611018955569&CODE_STATE=getMsg HTTP/1.1" 200 27
116.228.172.94 - - [19/Jan/2021:09:16:13 +0800] "GET /xingrg/all/function/internal_message.html?_=1611018970906&CODE_STATE=getMsg HTTP/1.1" 200 27
180.169.147.146 - - [19/Jan/2021:09:16:14 +0800] "GET /xingrg/all/function/internal_message.html?_=1611018977814&CODE_STATE=getMsg HTTP/1.1" 200 27
180.169.147.146 - - [19/Jan/2021:09:16:14 +0800] "GET /xingrg/check_reg.html?_=1611018977815 HTTP/1.1" 200 22
61.165.42.208 - - [19/Jan/2021:09:16:17 +0800] "GET /xingrg/all/function/internal_message.html?_=1611018979089&CODE_STATE=getMsg HTTP/1.1" 200 27
120.253.135.82 - - [19/Jan/2021:09:16:21 +0800] "GET /xingrg/all/function/internal_message.html?_=1611019009114&CODE_STATE=getMsg HTTP/1.1" 200 27
61.165.42.208 - - [19/Jan/2021:09:16:22 +0800] "GET /xingrg/kc/buy/cgsh_order_operate.html?command=get_materiel&rest_code=00105&code=00101007024&supplier_code=00100002&order_time=2021-01-19 HTTP/1.1" 200 414
180.156.237.57 - - [19/Jan/2021:09:16:22 +0800] "POST /xingrg/kc/buy/cgsh_order_operate.html HTTP/1.1" 200 37
222.69.137.117 - - [19/Jan/2021:09:16:24 +0800] "GET /xingrg/kc/buy/cgsh_order_operate.html?command=get_materiel&rest_code=00149&code=00101008098&supplier_code=00100005&order_time=2021-01-19 HTTP/1.1" 200 412
180.156.237.57 - - [19/Jan/2021:09:16:24 +0800] "POST /xingrg/kc/buy/cgsh_order_operate.html HTTP/1.1" 200 22409
222.69.137.117 - - [19/Jan/2021:09:16:30 +0800] "GET /xingrg/all/function/internal_message.html?_=1611018989046&CODE_STATE=getMsg HTTP/1.1" 200 27
117.184.7.30 - - [19/Jan/2021:09:16:33 +0800] "GET /xingrg/all/function/internal_message.html?_=1611018975514&CODE_STATE=getMsg HTTP/1.1" 200 27
222.69.137.117 - - [19/Jan/2021:09:16:35 +0800] "GET /xingrg/kc/buy/cgsh_order_operate.html?command=get_materiel&rest_code=00149&code=00101008005&supplier_code=00100005&order_time=2021-01-19 HTTP/1.1" 200 412
61.165.42.208 - - [19/Jan/2021:09:16:36 +0800] "GET /xingrg/kc/buy/cgsh_order_operate.html?command=get_materiel&rest_code=00105&code=00101007125&supplier_code=00100002&order_time=2021-01-19 HTTP/1.1" 200 406
222.69.137.117 - - [19/Jan/2021:09:16:41 +0800] "POST /xingrg/kc/buy/cgsh_order_operate.html HTTP/1.1" 200 2065
180.169.147.146 - - [19/Jan/2021:09:16:44 +0800] "GET /xingrg/all/function/internal_message.html?_=1611019004238&CODE_STATE=getMsg HTTP/1.1" 200 27
180.156.237.57 - - [19/Jan/2021:09:16:45 +0800] "GET /xingrg/kc/buy/cgsh_order_operate.html?command=get_materiel&rest_code=00151&code=00101037186&supplier_code=00100097&order_time=2021-01-19 HTTP/1.1" 200 435
120.253.135.82 - - [19/Jan/2021:09:16:46 +0800] "GET /xingrg/all/function/internal_message.html?_=1611018766366&CODE_STATE=getMsg HTTP/1.1" 200 27
222.69.137.117 - - [19/Jan/2021:09:16:47 +0800] "GET /xingrg/kc/buy/cgsh_order_operate.html?command=get_materiel&rest_code=00149&code=00101008307&supplier_code=00100005&order_time=2021-01-19 HTTP/1.1" 200 420
180.156.237.57 - - [19/Jan/2021:09:16:47 +0800] "POST /xingrg/all/common/load_select.html HTTP/1.1" 200 25
218.81.223.240 - - [19/Jan/2021:09:16:49 +0800] "GET /xingrg/all/function/internal_message.html?_=1611019018636&CODE_STATE=getMsg HTTP/1.1" 200 27
58.40.7.146 - - [19/Jan/2021:09:16:49 +0800] "GET /xingrg/all/function/internal_message.html?_=1611019009019&CODE_STATE=getMsg HTTP/1.1" 200 27
180.156.237.57 - - [19/Jan/2021:09:16:49 +0800] "GET /xingrg/check_reg.html?_=1611018992269 HTTP/1.1" 200 22
180.156.237.57 - - [19/Jan/2021:09:16:49 +0800] "GET /xingrg/all/function/internal_message.html?_=1611018992347&CODE_STATE=getMsg HTTP/1.1" 200 27
180.156.237.57 - - [19/Jan/2021:09:16:51 +0800] "GET /xingrg/kc/buy/cgsh_order_operate.html?command=get_materiel_price&rest_code=00151&code=00101037186&unit_code=00100235&supplier_code=00100097&order_time=2021-01-19 HTTP/1.1" 200 30
180.156.237.57 - - [19/Jan/2021:09:16:56 +0800] "GET /xingrg/all/function/internal_message.html?_=1611019016047&CODE_STATE=getMsg HTTP/1.1" 200 27
116.232.195.34 - - [19/Jan/2021:09:16:57 +0800] "GET /xingrg/all/function/internal_message.html?_=1611019014744&CODE_STATE=getMsg HTTP/1.1" 200 27
222.69.137.117 - - [19/Jan/2021:09:17:01 +0800] "GET /xingrg/kc/buy/cgsh_order_operate.html?command=get_materiel&rest_code=00149&code=00101008353&supplier_code=00100005&order_time=2021-01-19 HTTP/1.1" 200 408
58.221.95.50 - - [19/Jan/2021:09:17:03 +0800] "GET /xingrg/check_reg.html?_=1611019022703 HTTP/1.1" 302 -
180.169.147.146 - - [19/Jan/2021:09:17:07 +0800] "GET /xingrg/all/function/internal_message.html?_=1611019030607&CODE_STATE=getMsg HTTP/1.1" 200 27
180.169.147.146 - - [19/Jan/2021:09:17:07 +0800] "GET /xingrg/all/function/internal_message.html?_=1611019030671&CODE_STATE=getMsg HTTP/1.1" 200 27
222.70.179.222 - - [19/Jan/2021:09:17:07 +0800] "GET /xingrg/all/function/internal_message.html?_=1611019025225&CODE_STATE=getMsg HTTP/1.1" 200 27
61.165.42.208 - - [19/Jan/2021:09:17:10 +0800] "GET /xingrg/kc/buy/cgsh_order_operate.html?command=get_materiel&rest_code=00105&code=00101007023&supplier_code=00100002&order_time=2021-01-19 HTTP/1.1" 200 408
180.156.237.57 - - [19/Jan/2021:09:17:10 +0800] "GET /xingrg/kc/buy/cgsh_order_operate.html?command=get_materiel&rest_code=00151&code=00101020001&supplier_code=00100097&order_time=2021-01-19 HTTP/1.1" 200 441
180.156.237.57 - - [19/Jan/2021:09:17:12 +0800] "POST /xingrg/all/common/load_select.html HTTP/1.1" 200 12
61.165.42.208 - - [19/Jan/2021:09:17:13 +0800] "GET /xingrg/all/function/internal_message.html?_=1611019015570&CODE_STATE=getMsg HTTP/1.1" 200 27
116.228.172.94 - - [19/Jan/2021:09:17:13 +0800] "GET /xingrg/all/function/internal_message.html?_=1611019030893&CODE_STATE=getMsg HTTP/1.1" 200 27
180.169.147.146 - - [19/Jan/2021:09:17:14 +0800] "GET /xingrg/all/function/internal_message.html?_=1611019037804&CODE_STATE=getMsg HTTP/1.1" 200 27
61.165.42.208 - - [19/Jan/2021:09:17:17 +0800] "GET /xingrg/all/function/internal_message.html?_=1611019039055&CODE_STATE=getMsg HTTP/1.1" 200 27
120.253.135.82 - - [19/Jan/2021:09:17:21 +0800] "GET /xingrg/all/function/internal_message.html?_=1611019069129&CODE_STATE=getMsg HTTP/1.1" 200 27
180.156.237.57 - - [19/Jan/2021:09:17:22 +0800] "GET /xingrg/kc/buy/cgsh_order_operate.html?command=get_materiel_price&rest_code=00151&code=00101020001&unit_code=00100004&supplier_code=00100097&order_time=2021-01-19 HTTP/1.1" 200 29
222.69.137.117 - - [19/Jan/2021:09:17:28 +0800] "GET /xingrg/kc/buy/cgsh_order_operate.html?command=get_materiel&rest_code=00149&code=00101008213&supplier_code=00100005&order_time=2021-01-19 HTTP/1.1" 200 412
222.69.137.117 - - [19/Jan/2021:09:17:30 +0800] "GET /xingrg/all/function/internal_message.html?_=1611019049129&CODE_STATE=getMsg HTTP/1.1" 200 27
117.184.7.30 - - [19/Jan/2021:09:17:33 +0800] "GET /xingrg/all/function/internal_message.html?_=1611019035513&CODE_STATE=getMsg HTTP/1.1" 200 27
117.184.7.26 - - [19/Jan/2021:09:17:33 +0800] "GET /xingrg/check_reg.html?_=1611019035516 HTTP/1.1" 200 22
180.169.147.146 - - [19/Jan/2021:09:17:44 +0800] "GET /xingrg/all/function/internal_message.html?_=1611019064254&CODE_STATE=getMsg HTTP/1.1" 200 27
222.69.137.117 - - [19/Jan/2021:09:17:44 +0800] "GET /xingrg/kc/buy/cgsh_order_operate.html?command=get_materiel&rest_code=00149&code=00101008095&supplier_code=00100005&order_time=2021-01-19 HTTP/1.1" 200 412
120.253.135.82 - - [19/Jan/2021:09:17:46 +0800] "GET /xingrg/all/function/internal_message.html?_=1611018826383&CODE_STATE=getMsg HTTP/1.1" 200 27
180.156.237.57 - - [19/Jan/2021:09:17:47 +0800] "POST /xingrg/kc/buy/cgsh_order_operate.html HTTP/1.1" 200 37
180.156.237.57 - - [19/Jan/2021:09:17:48 +0800] "POST /xingrg/kc/buy/cgsh_order_operate.html HTTP/1.1" 200 22409
218.81.223.240 - - [19/Jan/2021:09:17:49 +0800] "GET /xingrg/all/function/internal_message.html?_=1611019078644&CODE_STATE=getMsg HTTP/1.1" 200 27
58.40.7.146 - - [19/Jan/2021:09:17:49 +0800] "GET /xingrg/all/function/internal_message.html?_=1611019069020&CODE_STATE=getMsg HTTP/1.1" 200 27
180.156.237.57 - - [19/Jan/2021:09:17:50 +0800] "GET /xingrg/all/function/internal_message.html?_=1611019052360&CODE_STATE=getMsg HTTP/1.1" 200 27
180.156.237.57 - - [19/Jan/2021:09:17:56 +0800] "GET /xingrg/kc/buy/cgsh_order_operate.html?command=get_materiel&rest_code=00151&code=00101020279&supplier_code=00100097&order_time=2021-01-19 HTTP/1.1" 200 400
180.156.237.57 - - [19/Jan/2021:09:17:56 +0800] "GET /xingrg/all/function/internal_message.html?_=1611019076031&CODE_STATE=getMsg HTTP/1.1" 200 27
116.232.195.34 - - [19/Jan/2021:09:17:57 +0800] "GET /xingrg/all/function/internal_message.html?_=1611019074734&CODE_STATE=getMsg HTTP/1.1" 200 27
180.169.147.146 - - [19/Jan/2021:09:18:07 +0800] "GET /xingrg/all/function/internal_message.html?_=1611019090617&CODE_STATE=getMsg HTTP/1.1" 200 27
180.169.147.146 - - [19/Jan/2021:09:18:07 +0800] "GET /xingrg/all/function/internal_message.html?_=1611019090692&CODE_STATE=getMsg HTTP/1.1" 200 27
222.70.179.222 - - [19/Jan/2021:09:18:07 +0800] "GET /xingrg/all/function/internal_message.html?_=1611019085233&CODE_STATE=getMsg HTTP/1.1" 200 27
180.156.237.57 - - [19/Jan/2021:09:18:12 +0800] "POST /xingrg/kc/buy/cgsh_order_operate.html HTTP/1.1" 200 37
61.165.42.208 - - [19/Jan/2021:09:18:13 +0800] "GET /xingrg/all/function/internal_message.html?_=1611019075569&CODE_STATE=getMsg HTTP/1.1" 200 27
116.228.172.94 - - [19/Jan/2021:09:18:13 +0800] "GET /xingrg/all/function/internal_message.html?_=1611019090891&CODE_STATE=getMsg HTTP/1.1" 200 27
180.169.147.146 - - [19/Jan/2021:09:18:14 +0800] "GET /xingrg/all/function/internal_message.html?_=1611019097809&CODE_STATE=getMsg HTTP/1.1" 200 27
116.228.172.94 - - [19/Jan/2021:09:18:15 +0800] "GET /xingrg/kc/buy/cgsh_order_operate.html?command=get_materiel&rest_code=00107&code=00101008368&supplier_code=00100006&order_time=2021-01-19 HTTP/1.1" 200 408
180.156.237.57 - - [19/Jan/2021:09:18:15 +0800] "POST /xingrg/kc/buy/cgsh_order_operate.html HTTP/1.1" 200 12
180.156.237.57 - - [19/Jan/2021:09:18:16 +0800] "GET /xingrg/kc/buy/cgsh_order_info.html?code=212021011908487 HTTP/1.1" 200 56507
180.156.237.57 - - [19/Jan/2021:09:18:16 +0800] "GET /xingrg/javascript/easyui/themes/default/validatebox.css HTTP/1.1" 404 1104
61.165.42.208 - - [19/Jan/2021:09:18:17 +0800] "GET /xingrg/all/function/internal_message.html?_=1611019099052&CODE_STATE=getMsg HTTP/1.1" 200 27
61.165.42.208 - - [19/Jan/2021:09:18:18 +0800] "POST /xingrg/kc/buy/cgsh_order_operate.html HTTP/1.1" 200 37
180.156.237.57 - - [19/Jan/2021:09:18:18 +0800] "POST /xingrg/kc/buy/cgsh_order_operate.html HTTP/1.1" 200 1845
61.165.42.208 - - [19/Jan/2021:09:18:20 +0800] "POST /xingrg/kc/buy/cgsh_order_operate.html HTTP/1.1" 200 3245
180.156.237.57 - - [19/Jan/2021:09:18:20 +0800] "GET /xingrg/kc/print/load_data.html?order_code=212021011908487&kc_code=cgsh&condition= HTTP/1.1" 200 1219
120.253.135.82 - - [19/Jan/2021:09:18:21 +0800] "GET /xingrg/all/function/internal_message.html?_=1611019129164&CODE_STATE=getMsg HTTP/1.1" 200 27
61.165.42.208 - - [19/Jan/2021:09:18:22 +0800] "GET /xingrg/kc/print/load_data.html?order_code=212021011908488&kc_code=cgsh&condition= HTTP/1.1" 200 967
222.69.137.117 - - [19/Jan/2021:09:18:22 +0800] "GET /xingrg/kc/buy/cgsh_order_operate.html?command=get_materiel&rest_code=00149&code=00101008041&supplier_code=00100005&order_time=2021-01-19 HTTP/1.1" 200 408
222.69.137.117 - - [19/Jan/2021:09:18:25 +0800] "POST /xingrg/kc/buy/cgsh_order_operate.html HTTP/1.1" 200 2065
116.228.172.94 - - [19/Jan/2021:09:18:27 +0800] "POST /xingrg/kc/buy/cgsh_order_operate.html HTTP/1.1" 200 2065
222.69.137.117 - - [19/Jan/2021:09:18:30 +0800] "GET /xingrg/all/function/internal_message.html?_=1611019109112&CODE_STATE=getMsg HTTP/1.1" 200 27
222.69.137.117 - - [19/Jan/2021:09:18:33 +0800] "GET /xingrg/kc/buy/cgsh_order_operate.html?command=get_materiel&rest_code=00149&code=00101008010&supplier_code=00100005&order_time=2021-01-19 HTTP/1.1" 200 412
117.184.7.30 - - [19/Jan/2021:09:18:33 +0800] "GET /xingrg/all/function/internal_message.html?_=1611019095503&CODE_STATE=getMsg HTTP/1.1" 200 27
61.165.42.208 - - [19/Jan/2021:09:18:43 +0800] "GET /xingrg/kc/buy/cgsh_order_add.html HTTP/1.1" 200 62002
61.165.42.208 - - [19/Jan/2021:09:18:44 +0800] "POST /xingrg/kc/buy/cgsh_order_operate.html HTTP/1.1" 200 8245
61.165.42.208 - - [19/Jan/2021:09:18:44 +0800] "GET /xingrg/javascript/easyui/themes/default/validatebox.css HTTP/1.1" 404 1104
180.169.147.146 - - [19/Jan/2021:09:18:44 +0800] "GET /xingrg/check_reg.html?_=1611019124240 HTTP/1.1" 200 22
180.169.147.146 - - [19/Jan/2021:09:18:44 +0800] "GET /xingrg/all/function/internal_message.html?_=1611019124245&CODE_STATE=getMsg HTTP/1.1" 200 27
120.253.135.82 - - [19/Jan/2021:09:18:46 +0800] "GET /xingrg/all/function/internal_message.html?_=1611018886393&CODE_STATE=getMsg HTTP/1.1" 200 27
116.228.172.94 - - [19/Jan/2021:09:18:49 +0800] "GET /xingrg/kc/buy/cgsh_order_operate.html?command=get_materiel&rest_code=00107&code=00101008131&supplier_code=00100006&order_time=2021-01-19 HTTP/1.1" 200 408
218.81.223.240 - - [19/Jan/2021:09:18:49 +0800] "GET /xingrg/all/function/internal_message.html?_=1611019138657&CODE_STATE=getMsg HTTP/1.1" 200 27
58.40.7.146 - - [19/Jan/2021:09:18:49 +0800] "GET /xingrg/all/function/internal_message.html?_=1611019129024&CODE_STATE=getMsg HTTP/1.1" 200 27
180.156.237.57 - - [19/Jan/2021:09:18:50 +0800] "GET /xingrg/all/function/internal_message.html?_=1611019112374&CODE_STATE=getMsg HTTP/1.1" 200 27
180.156.237.57 - - [19/Jan/2021:09:18:56 +0800] "GET /xingrg/all/function/internal_message.html?_=1611019136034&CODE_STATE=getMsg HTTP/1.1" 200 27
116.232.195.34 - - [19/Jan/2021:09:18:57 +0800] "GET /xingrg/all/function/internal_message.html?_=1611019134736&CODE_STATE=getMsg HTTP/1.1" 200 27
222.69.137.117 - - [19/Jan/2021:09:19:04 +0800] "GET /xingrg/kc/buy/cgsh_order_operate.html?command=get_materiel&rest_code=00149&code=00101008217&supplier_code=00100005&order_time=2021-01-19 HTTP/1.1" 200 412
180.169.147.146 - - [19/Jan/2021:09:19:07 +0800] "GET /xingrg/all/function/internal_message.html?_=1611019150628&CODE_STATE=getMsg HTTP/1.1" 200 27
180.169.147.146 - - [19/Jan/2021:09:19:07 +0800] "GET /xingrg/all/function/internal_message.html?_=1611019150691&CODE_STATE=getMsg HTTP/1.1" 200 27
222.70.179.222 - - [19/Jan/2021:09:19:08 +0800] "GET /xingrg/all/function/internal_message.html?_=1611019145504&CODE_STATE=getMsg HTTP/1.1" 200 27
61.165.42.208 - - [19/Jan/2021:09:19:13 +0800] "GET /xingrg/check_reg.html?_=1611019135570 HTTP/1.1" 200 22
61.165.42.208 - - [19/Jan/2021:09:19:13 +0800] "GET /xingrg/all/function/internal_message.html?_=1611019135573&CODE_STATE=getMsg HTTP/1.1" 200 27
116.228.172.94 - - [19/Jan/2021:09:19:13 +0800] "GET /xingrg/all/function/internal_message.html?_=1611019150872&CODE_STATE=getMsg HTTP/1.1" 200 27
180.169.147.146 - - [19/Jan/2021:09:19:14 +0800] "GET /xingrg/all/function/internal_message.html?_=1611019157812&CODE_STATE=getMsg HTTP/1.1" 200 27
120.253.135.82 - - [19/Jan/2021:09:19:15 +0800] "GET /xingrg/check_reg.html?_=1611019183041 HTTP/1.1" 200 22
61.165.42.208 - - [19/Jan/2021:09:19:15 +0800] "GET /xingrg/kc/buy/cgsh_order_operate.html?command=get_materiel&rest_code=00105&code=00101006130&supplier_code=00100012&order_time=2021-01-19 HTTP/1.1" 200 427
61.165.42.208 - - [19/Jan/2021:09:19:17 +0800] "GET /xingrg/all/function/internal_message.html?_=1611019159071&CODE_STATE=getMsg HTTP/1.1" 200 27
222.69.137.117 - - [19/Jan/2021:09:19:18 +0800] "GET /xingrg/kc/buy/cgsh_order_operate.html?command=get_materiel&rest_code=00149&code=00101008306&supplier_code=00100005&order_time=2021-01-19 HTTP/1.1" 200 412
120.253.135.82 - - [19/Jan/2021:09:19:21 +0800] "GET /xingrg/all/function/internal_message.html?_=1611019189171&CODE_STATE=getMsg HTTP/1.1" 200 27
218.81.223.240 - - [19/Jan/2021:09:19:22 +0800] "GET /xingrg/check_reg.html?_=1611019171145 HTTP/1.1" 200 22
116.228.172.94 - - [19/Jan/2021:09:19:25 +0800] "GET /xingrg/kc/buy/cgsh_order_operate.html?command=get_materiel&rest_code=00107&code=00101008543&supplier_code=00100006&order_time=2021-01-19 HTTP/1.1" 200 396
222.69.137.117 - - [19/Jan/2021:09:19:30 +0800] "GET /xingrg/all/function/internal_message.html?_=1611019169093&CODE_STATE=getMsg HTTP/1.1" 200 27
222.69.137.117 - - [19/Jan/2021:09:19:32 +0800] "GET /xingrg/kc/buy/cgsh_order_operate.html?command=get_materiel&rest_code=00149&code=00101015040&supplier_code=00100005&order_time=2021-01-19 HTTP/1.1" 200 408
61.165.42.208 - - [19/Jan/2021:09:19:35 +0800] "GET /xingrg/kc/buy/cgsh_order_operate.html?command=get_materiel&rest_code=00105&code=00101006129&supplier_code=00100012&order_time=2021-01-19 HTTP/1.1" 200 451
222.69.137.117 - - [19/Jan/2021:09:19:37 +0800] "POST /xingrg/kc/buy/cgsh_order_operate.html HTTP/1.1" 200 2065
222.69.137.117 - - [19/Jan/2021:09:19:43 +0800] "GET /xingrg/kc/buy/cgsh_order_operate.html?command=get_materiel&rest_code=00149&code=00101008114&supplier_code=00100005&order_time=2021-01-19 HTTP/1.1" 200 413
180.169.147.146 - - [19/Jan/2021:09:19:44 +0800] "GET /xingrg/all/function/internal_message.html?_=1611019184246&CODE_STATE=getMsg HTTP/1.1" 200 27
222.70.179.222 - - [19/Jan/2021:09:19:44 +0800] "GET /xingrg/check_reg.html?_=1611019182030 HTTP/1.1" 200 22
120.253.135.82 - - [19/Jan/2021:09:19:46 +0800] "GET /xingrg/check_reg.html?_=1611018946347 HTTP/1.1" 200 22
120.253.135.82 - - [19/Jan/2021:09:19:46 +0800] "GET /xingrg/all/function/internal_message.html?_=1611018946406&CODE_STATE=getMsg HTTP/1.1" 200 27
61.165.42.208 - - [19/Jan/2021:09:19:48 +0800] "GET /xingrg/kc/buy/cgsh_order_operate.html?command=get_materiel&rest_code=00105&code=00101007068&supplier_code=00100012&order_time=2021-01-19 HTTP/1.1" 200 409
218.81.223.240 - - [19/Jan/2021:09:19:49 +0800] "GET /xingrg/all/function/internal_message.html?_=1611019198672&CODE_STATE=getMsg HTTP/1.1" 200 27
58.40.7.146 - - [19/Jan/2021:09:19:49 +0800] "GET /xingrg/all/function/internal_message.html?_=1611019189026&CODE_STATE=getMsg HTTP/1.1" 200 27
180.156.237.57 - - [19/Jan/2021:09:19:50 +0800] "GET /xingrg/all/function/internal_message.html?_=1611019172404&CODE_STATE=getMsg HTTP/1.1" 200 27
180.156.237.57 - - [19/Jan/2021:09:19:56 +0800] "GET /xingrg/all/function/internal_message.html?_=1611019196034&CODE_STATE=getMsg HTTP/1.1" 200 27
180.156.237.57 - - [19/Jan/2021:09:19:56 +0800] "GET /xingrg/check_reg.html?_=1611019196040 HTTP/1.1" 200 22
116.232.195.34 - - [19/Jan/2021:09:19:57 +0800] "GET /xingrg/check_reg.html?_=1611019194738 HTTP/1.1" 200 22
116.232.195.34 - - [19/Jan/2021:09:19:57 +0800] "GET /xingrg/all/function/internal_message.html?_=1611019194739&CODE_STATE=getMsg HTTP/1.1" 200 27
180.169.147.146 - - [19/Jan/2021:09:20:07 +0800] "GET /xingrg/all/function/internal_message.html?_=1611019210626&CODE_STATE=getMsg HTTP/1.1" 200 27
180.169.147.146 - - [19/Jan/2021:09:20:07 +0800] "GET /xingrg/all/function/internal_message.html?_=1611019210690&CODE_STATE=getMsg HTTP/1.1" 200 27
180.169.147.146 - - [19/Jan/2021:09:20:07 +0800] "GET /xingrg/check_reg.html?_=1611019210692 HTTP/1.1" 200 22
222.70.179.222 - - [19/Jan/2021:09:20:08 +0800] "GET /xingrg/all/function/internal_message.html?_=1611019205772&CODE_STATE=getMsg HTTP/1.1" 200 27
61.165.42.208 - - [19/Jan/2021:09:20:13 +0800] "GET /xingrg/all/function/internal_message.html?_=1611019195573&CODE_STATE=getMsg HTTP/1.1" 200 27
116.228.172.94 - - [19/Jan/2021:09:20:13 +0800] "GET /xingrg/all/function/internal_message.html?_=1611019210858&CODE_STATE=getMsg HTTP/1.1" 200 27
180.169.147.146 - - [19/Jan/2021:09:20:14 +0800] "GET /xingrg/all/function/internal_message.html?_=1611019217814&CODE_STATE=getMsg HTTP/1.1" 200 27
61.165.42.208 - - [19/Jan/2021:09:20:17 +0800] "GET /xingrg/check_reg.html?_=1611019219063 HTTP/1.1" 200 22
61.165.42.208 - - [19/Jan/2021:09:20:17 +0800] "GET /xingrg/all/function/internal_message.html?_=1611019219067&CODE_STATE=getMsg HTTP/1.1" 200 27
120.253.135.82 - - [19/Jan/2021:09:20:21 +0800] "GET /xingrg/all/function/internal_message.html?_=1611019249187&CODE_STATE=getMsg HTTP/1.1" 200 27
61.165.42.208 - - [19/Jan/2021:09:20:22 +0800] "GET /xingrg/kc/buy/cgsh_order_operate.html?command=get_materiel&rest_code=00105&code=00101006038&supplier_code=00100012&order_time=2021-01-19 HTTP/1.1" 200 421
222.69.137.117 - - [19/Jan/2021:09:20:30 +0800] "GET /xingrg/check_reg.html?_=1611019229057 HTTP/1.1" 200 22
222.69.137.117 - - [19/Jan/2021:09:20:30 +0800] "GET /xingrg/all/function/internal_message.html?_=1611019229078&CODE_STATE=getMsg HTTP/1.1" 200 27
61.165.42.208 - - [19/Jan/2021:09:20:31 +0800] "GET /xingrg/kc/buy/cgsh_order_operate.html?command=get_materiel&rest_code=00105&code=00101010248&supplier_code=00100012&order_time=2021-01-19 HTTP/1.1" 200 430
61.165.42.208 - - [19/Jan/2021:09:20:32 +0800] "POST /xingrg/all/common/load_select.html HTTP/1.1" 200 25
222.69.137.117 - - [19/Jan/2021:09:20:33 +0800] "POST /xingrg/services/DataTransmitService HTTP/1.1" 200 524
222.69.137.117 - - [19/Jan/2021:09:20:33 +0800] "POST /xingrg/services/DataTransmitService HTTP/1.1" 200 1847
222.69.137.117 - - [19/Jan/2021:09:20:34 +0800] "POST /xingrg/services/DataTransmitService HTTP/1.1" 200 159952
61.165.42.208 - - [19/Jan/2021:09:20:36 +0800] "GET /xingrg/kc/buy/cgsh_order_operate.html?command=get_materiel_price&rest_code=00105&code=00101010248&unit_code=00100043&supplier_code=00100012&order_time=2021-01-19 HTTP/1.1" 200 29
180.169.147.146 - - [19/Jan/2021:09:20:44 +0800] "GET /xingrg/all/function/internal_message.html?_=1611019244250&CODE_STATE=getMsg HTTP/1.1" 200 27
120.253.135.82 - - [19/Jan/2021:09:20:46 +0800] "GET /xingrg/all/function/internal_message.html?_=1611019006420&CODE_STATE=getMsg HTTP/1.1" 200 27
61.165.42.208 - - [19/Jan/2021:09:20:47 +0800] "GET /xingrg/kc/buy/cgsh_order_operate.html?command=get_materiel&rest_code=00105&code=00101006087&supplier_code=00100012&order_time=2021-01-19 HTTP/1.1" 200 409
222.69.137.117 - - [19/Jan/2021:09:20:48 +0800] "GET /xingrg/kc/buy/cgsh_order_operate.html?command=get_materiel&rest_code=00149&code=00101008312&supplier_code=00100005&order_time=2021-01-19 HTTP/1.1" 200 412
218.81.223.240 - - [19/Jan/2021:09:20:49 +0800] "GET /xingrg/all/function/internal_message.html?_=1611019258685&CODE_STATE=getMsg HTTP/1.1" 200 27
58.40.7.146 - - [19/Jan/2021:09:20:49 +0800] "GET /xingrg/check_reg.html?_=1611019249012 HTTP/1.1" 200 22
58.40.7.146 - - [19/Jan/2021:09:20:49 +0800] "GET /xingrg/all/function/internal_message.html?_=1611019249015&CODE_STATE=getMsg HTTP/1.1" 200 27
180.156.237.57 - - [19/Jan/2021:09:20:50 +0800] "GET /xingrg/all/function/internal_message.html?_=1611019232417&CODE_STATE=getMsg HTTP/1.1" 200 27
180.156.237.57 - - [19/Jan/2021:09:20:56 +0800] "GET /xingrg/all/function/internal_message.html?_=1611019256051&CODE_STATE=getMsg HTTP/1.1" 200 27
116.232.195.34 - - [19/Jan/2021:09:20:57 +0800] "GET /xingrg/all/function/internal_message.html?_=1611019254739&CODE_STATE=getMsg HTTP/1.1" 200 27
116.228.172.94 - - [19/Jan/2021:09:20:59 +0800] "GET /xingrg/kc/buy/cgsh_order_operate.html?command=get_materiel&rest_code=00107&code=00101008248&supplier_code=00100006&order_time=2021-01-19 HTTP/1.1" 200 412
180.169.147.146 - - [19/Jan/2021:09:21:07 +0800] "GET /xingrg/check_reg.html?_=1611019270626 HTTP/1.1" 200 22
180.169.147.146 - - [19/Jan/2021:09:21:07 +0800] "GET /xingrg/all/function/internal_message.html?_=1611019270628&CODE_STATE=getMsg HTTP/1.1" 200 27
180.169.147.146 - - [19/Jan/2021:09:21:07 +0800] "GET /xingrg/all/function/internal_message.html?_=1611019270690&CODE_STATE=getMsg HTTP/1.1" 200 27
222.70.179.222 - - [19/Jan/2021:09:21:08 +0800] "GET /xingrg/all/function/internal_message.html?_=1611019265788&CODE_STATE=getMsg HTTP/1.1" 200 27
61.165.42.208 - - [19/Jan/2021:09:21:10 +0800] "GET /xingrg/kc/buy/cgsh_order_operate.html?command=get_materiel&rest_code=00105&code=00101006109&supplier_code=00100012&order_time=2021-01-19 HTTP/1.1" 200 409
116.228.172.94 - - [19/Jan/2021:09:21:11 +0800] "GET /xingrg/check_reg.html?_=1611019268645 HTTP/1.1" 200 22
61.165.42.208 - - [19/Jan/2021:09:21:13 +0800] "GET /xingrg/all/function/internal_message.html?_=1611019255573&CODE_STATE=getMsg HTTP/1.1" 200 27
180.169.147.146 - - [19/Jan/2021:09:21:14 +0800] "GET /xingrg/all/function/internal_message.html?_=1611019277816&CODE_STATE=getMsg HTTP/1.1" 200 27
180.169.147.146 - - [19/Jan/2021:09:21:14 +0800] "GET /xingrg/check_reg.html?_=1611019277818 HTTP/1.1" 200 22
116.228.172.94 - - [19/Jan/2021:09:21:14 +0800] "GET /xingrg/system/info/materiel_import.html?isSelect=1&singleSelect=false HTTP/1.1" 200 5600
116.228.172.94 - - [19/Jan/2021:09:21:15 +0800] "GET /xingrg/all/function/internal_message.html?_=1611019272302&CODE_STATE=getMsg HTTP/1.1" 200 27
116.228.172.94 - - [19/Jan/2021:09:21:15 +0800] "POST /xingrg/all/common/load_tree.html?tree=materiel_sort_tree_json HTTP/1.1" 200 8666
116.228.172.94 - - [19/Jan/2021:09:21:16 +0800] "GET /favicon.ico HTTP/1.1" 404 -
61.165.42.208 - - [19/Jan/2021:09:21:17 +0800] "GET /xingrg/all/function/internal_message.html?_=1611019279110&CODE_STATE=getMsg HTTP/1.1" 200 27
61.165.42.208 - - [19/Jan/2021:09:21:21 +0800] "GET /xingrg/kc/buy/cgsh_order_operate.html?command=get_materiel&rest_code=00105&code=00101006106&supplier_code=00100012&order_time=2021-01-19 HTTP/1.1" 200 421
120.253.135.82 - - [19/Jan/2021:09:21:21 +0800] "GET /xingrg/all/function/internal_message.html?_=1611019309217&CODE_STATE=getMsg HTTP/1.1" 200 27
116.228.172.94 - - [19/Jan/2021:09:21:22 +0800] "GET /xingrg/kc/buy/cgsh_order_operate.html?command=get_materiel&rest_code=00107&code=00101008370&supplier_code=00100006&order_time=2021-01-19 HTTP/1.1" 200 412
61.165.42.208 - - [19/Jan/2021:09:21:29 +0800] "POST /xingrg/kc/buy/cgsh_order_operate.html HTTP/1.1" 200 37
222.69.137.117 - - [19/Jan/2021:09:21:30 +0800] "GET /xingrg/all/function/internal_message.html?_=1611019289065&CODE_STATE=getMsg HTTP/1.1" 200 27
61.165.42.208 - - [19/Jan/2021:09:21:32 +0800] "POST /xingrg/kc/buy/cgsh_order_operate.html HTTP/1.1" 200 7467
61.165.42.208 - - [19/Jan/2021:09:21:34 +0800] "GET /xingrg/kc/print/load_data.html?order_code=212021011908489&kc_code=cgsh&condition= HTTP/1.1" 200 2634
180.169.147.146 - - [19/Jan/2021:09:21:44 +0800] "GET /xingrg/all/function/internal_message.html?_=1611019304268&CODE_STATE=getMsg HTTP/1.1" 200 27
120.253.135.82 - - [19/Jan/2021:09:21:46 +0800] "GET /xingrg/all/function/internal_message.html?_=1611019066434&CODE_STATE=getMsg HTTP/1.1" 200 27
218.81.223.240 - - [19/Jan/2021:09:21:49 +0800] "GET /xingrg/all/function/internal_message.html?_=1611019318775&CODE_STATE=getMsg HTTP/1.1" 200 27
58.40.7.146 - - [19/Jan/2021:09:21:49 +0800] "GET /xingrg/all/function/internal_message.html?_=1611019309017&CODE_STATE=getMsg HTTP/1.1" 200 27
180.156.237.57 - - [19/Jan/2021:09:21:49 +0800] "GET /xingrg/check_reg.html?_=1611019292291 HTTP/1.1" 200 22
180.156.237.57 - - [19/Jan/2021:09:21:50 +0800] "GET /xingrg/all/function/internal_message.html?_=1611019292431&CODE_STATE=getMsg HTTP/1.1" 200 27
116.228.172.94 - - [19/Jan/2021:09:21:55 +0800] "GET /xingrg/kc/buy/cgsh_order_operate.html?command=get_materiel&rest_code=00107&code=00101008141&supplier_code=00100006&order_time=2021-01-19 HTTP/1.1" 200 412
180.156.237.57 - - [19/Jan/2021:09:21:56 +0800] "GET /xingrg/all/function/internal_message.html?_=1611019316040&CODE_STATE=getMsg HTTP/1.1" 200 27
116.232.195.34 - - [19/Jan/2021:09:21:57 +0800] "GET /xingrg/all/function/internal_message.html?_=1611019314741&CODE_STATE=getMsg HTTP/1.1" 200 27
116.228.172.94 - - [19/Jan/2021:09:22:01 +0800] "POST /xingrg/kc/buy/cgsh_order_operate.html HTTP/1.1" 200 2065
58.221.95.50 - - [19/Jan/2021:09:22:03 +0800] "GET /xingrg/check_reg.html?_=1611019322682 HTTP/1.1" 302 -
180.169.147.146 - - [19/Jan/2021:09:22:07 +0800] "GET /xingrg/all/function/internal_message.html?_=1611019330633&CODE_STATE=getMsg HTTP/1.1" 200 27
180.169.147.146 - - [19/Jan/2021:09:22:07 +0800] "GET /xingrg/all/function/internal_message.html?_=1611019330688&CODE_STATE=getMsg HTTP/1.1" 200 27
222.70.179.222 - - [19/Jan/2021:09:22:08 +0800] "GET /xingrg/all/function/internal_message.html?_=1611019326098&CODE_STATE=getMsg HTTP/1.1" 200 27
116.228.172.94 - - [19/Jan/2021:09:22:10 +0800] "GET /xingrg/kc/buy/cgsh_order_operate.html?command=get_materiel&rest_code=00107&code=00101008209&supplier_code=00100006&order_time=2021-01-19 HTTP/1.1" 200 408
61.165.42.208 - - [19/Jan/2021:09:22:13 +0800] "GET /xingrg/all/function/internal_message.html?_=1611019315573&CODE_STATE=getMsg HTTP/1.1" 200 27
180.169.147.146 - - [19/Jan/2021:09:22:14 +0800] "GET /xingrg/all/function/internal_message.html?_=1611019337818&CODE_STATE=getMsg HTTP/1.1" 200 27
116.228.172.94 - - [19/Jan/2021:09:22:14 +0800] "GET /xingrg/all/function/internal_message.html?_=1611019332288&CODE_STATE=getMsg HTTP/1.1" 200 27
116.232.50.212 - - [19/Jan/2021:09:22:16 +0800] "POST /xingrg/services/DataTransmitService HTTP/1.1" 200 524
116.228.172.94 - - [19/Jan/2021:09:22:16 +0800] "GET /xingrg/kc/buy/cgsh_order_operate.html?command=get_materiel&rest_code=00107&code=00101008379&supplier_code=00100006&order_time=2021-01-19 HTTP/1.1" 200 408
61.165.42.208 - - [19/Jan/2021:09:22:17 +0800] "GET /xingrg/all/function/internal_message.html?_=1611019339079&CODE_STATE=getMsg HTTP/1.1" 200 27
120.253.135.82 - - [19/Jan/2021:09:22:21 +0800] "GET /xingrg/all/function/internal_message.html?_=1611019369228&CODE_STATE=getMsg HTTP/1.1" 200 27
222.69.137.117 - - [19/Jan/2021:09:22:23 +0800] "GET /xingrg/kc/buy/cgsh_order_operate.html?command=get_materiel&rest_code=00149&code=00101015006&supplier_code=00100005&order_time=2021-01-19 HTTP/1.1" 200 413
222.69.137.117 - - [19/Jan/2021:09:22:30 +0800] "GET /xingrg/all/function/internal_message.html?_=1611019349060&CODE_STATE=getMsg HTTP/1.1" 200 27
180.156.237.57 - - [19/Jan/2021:09:22:31 +0800] "POST /xingrg/all/user/operate.html HTTP/1.1" 200 36
180.156.237.57 - - [19/Jan/2021:09:22:32 +0800] "GET /xingrg/index.html?sysBaseUrl=http%3A%2F%2F180.169.147.146%3A18081%2Fxingrg%2F&costTime=69×tamp=1611018596304 HTTP/1.1" 200 17179
180.156.237.57 - - [19/Jan/2021:09:22:32 +0800] "GET /xingrg/javascript/jquery_easy_ui/themes/default/easyui.css HTTP/1.1" 304 -
180.156.237.57 - - [19/Jan/2021:09:22:32 +0800] "GET /xingrg/javascript/jquery_easy_ui/themes/icon.css HTTP/1.1" 304 -
180.156.237.57 - - [19/Jan/2021:09:22:32 +0800] "GET /xingrg/css/form.css HTTP/1.1" 304 -
180.156.237.57 - - [19/Jan/2021:09:22:32 +0800] "GET /xingrg/javascript/jquery-1.4.2.min.js HTTP/1.1" 304 -
180.156.237.57 - - [19/Jan/2021:09:22:32 +0800] "GET /xingrg/javascript/jquery_easy_ui/jquery.easyui.min.js HTTP/1.1" 304 -
180.156.237.57 - - [19/Jan/2021:09:22:32 +0800] "GET /xingrg/javascript/jquery_easy_ui/easyui-lang-zh_CN.js HTTP/1.1" 304 -
180.156.237.57 - - [19/Jan/2021:09:22:32 +0800] "GET /xingrg/javascript/jquery.form.js HTTP/1.1" 304 -
180.156.237.57 - - [19/Jan/2021:09:22:32 +0800] "GET /xingrg/javascript/jquery.utils.js HTTP/1.1" 304 -
180.156.237.57 - - [19/Jan/2021:09:22:32 +0800] "GET /xingrg/javascript/jquery.timers.js HTTP/1.1" 304 -
180.156.237.57 - - [19/Jan/2021:09:22:32 +0800] "GET /xingrg/images/blue/jxLogo.png HTTP/1.1" 304 -
180.156.237.57 - - [19/Jan/2021:09:22:32 +0800] "GET /xingrg/images/blue/navBackgound.jpg HTTP/1.1" 304 -
180.156.237.57 - - [19/Jan/2021:09:22:32 +0800] "GET /xingrg/javascript/jquery_easy_ui/themes/icons/settle_new.png HTTP/1.1" 304 -
180.156.237.57 - - [19/Jan/2021:09:22:32 +0800] "POST /xingrg/all/common/load_tree.html?tree=area_rest_tree_json&manage=1 HTTP/1.1" 200 476
180.156.237.57 - - [19/Jan/2021:09:22:32 +0800] "GET /xingrg/all/function/internal_message.html?_=1611019351730&CODE_STATE=count HTTP/1.1" 200 11
180.156.237.57 - - [19/Jan/2021:09:22:32 +0800] "GET /xingrg/check_reg.html?_=1611019351730 HTTP/1.1" 200 22
180.156.237.57 - - [19/Jan/2021:09:22:32 +0800] "GET /xingrg/javascript/jquery_easy_ui/themes/default/images/panel_tool_collapse.gif HTTP/1.1" 304 -
180.156.237.57 - - [19/Jan/2021:09:22:32 +0800] "GET /xingrg/javascript/jquery_easy_ui/themes/default/images/tabs_leftarrow.png HTTP/1.1" 304 -
180.156.237.57 - - [19/Jan/2021:09:22:32 +0800] "GET /xingrg/images/blue/pingpu.png HTTP/1.1" 304 -
180.156.237.57 - - [19/Jan/2021:09:22:32 +0800] "GET /xingrg/javascript/jquery_easy_ui/themes/default/images/tabs_rightarrow.png HTTP/1.1" 304 -
180.156.237.57 - - [19/Jan/2021:09:22:32 +0800] "POST /xingrg/load_menu.html HTTP/1.1" 200 5138
116.232.50.212 - - [19/Jan/2021:09:22:32 +0800] "POST /xingrg/services/DataTransmitService HTTP/1.1" 200 501
116.232.50.212 - - [19/Jan/2021:09:22:33 +0800] "POST /xingrg/services/DataTransmitService HTTP/1.1" 200 501
180.156.237.57 - - [19/Jan/2021:09:22:34 +0800] "GET /xingrg/kc/buy/cgsh_order_list.html HTTP/1.1" 200 46223
180.156.237.57 - - [19/Jan/2021:09:22:36 +0800] "POST /xingrg/kc/buy/cgsh_list_operate.html HTTP/1.1" 200 2069
116.228.172.94 - - [19/Jan/2021:09:22:36 +0800] "GET /xingrg/kc/buy/cgsh_order_operate.html?command=get_materiel&rest_code=00107&code=00101008361&supplier_code=00100006&order_time=2021-01-19 HTTP/1.1" 200 408
116.232.50.212 - - [19/Jan/2021:09:22:39 +0800] "POST /xingrg/services/DataTransmitService HTTP/1.1" 200 501
180.156.237.57 - - [19/Jan/2021:09:22:41 +0800] "POST /xingrg/kc/buy/cgsh_list_operate.html HTTP/1.1" 200 198
61.165.42.208 - - [19/Jan/2021:09:22:42 +0800] "GET /xingrg/kc/buy/cgsh_order_add.html HTTP/1.1" 200 62002
61.165.42.208 - - [19/Jan/2021:09:22:42 +0800] "GET /xingrg/javascript/easyui/themes/default/validatebox.css HTTP/1.1" 404 1104
61.165.42.208 - - [19/Jan/2021:09:22:42 +0800] "POST /xingrg/kc/buy/cgsh_order_operate.html HTTP/1.1" 200 8245
180.156.237.57 - - [19/Jan/2021:09:22:43 +0800] "GET /xingrg/kc/buy/cgsh_order_info.html?code=212021011908474 HTTP/1.1" 200 61888
180.156.237.57 - - [19/Jan/2021:09:22:43 +0800] "GET /xingrg/all/common/auto_word.html?type=employee&rest_code=00150 HTTP/1.1" 200 205
180.156.237.57 - - [19/Jan/2021:09:22:43 +0800] "GET /xingrg/javascript/easyui/themes/default/validatebox.css HTTP/1.1" 404 1104
180.156.237.57 - - [19/Jan/2021:09:22:43 +0800] "GET /xingrg/all/common/auto_word.html?type=employee&rest_code=00150 HTTP/1.1" 200 205
180.156.237.57 - - [19/Jan/2021:09:22:43 +0800] "POST /xingrg/kc/buy/cgsh_order_operate.html HTTP/1.1" 200 2653
222.70.179.222 - - [19/Jan/2021:09:22:43 +0800] "GET /xingrg/javascript/jquery_easy_ui/themes/default/images/tabs_active.png HTTP/1.1" 304 -
180.169.147.146 - - [19/Jan/2021:09:22:44 +0800] "GET /xingrg/all/function/internal_message.html?_=1611019364271&CODE_STATE=getMsg HTTP/1.1" 200 27
116.232.50.212 - - [19/Jan/2021:09:22:45 +0800] "POST /xingrg/services/DataTransmitService HTTP/1.1" 200 501
116.232.50.212 - - [19/Jan/2021:09:22:46 +0800] "POST /xingrg/services/DataTransmitService HTTP/1.1" 200 501
116.232.50.212 - - [19/Jan/2021:09:22:46 +0800] "POST /xingrg/services/DataTransmitService HTTP/1.1" 200 501
120.253.135.82 - - [19/Jan/2021:09:22:46 +0800] "GET /xingrg/all/function/internal_message.html?_=1611019126449&CODE_STATE=getMsg HTTP/1.1" 200 27
180.156.237.57 - - [19/Jan/2021:09:22:46 +0800] "POST /xingrg/kc/buy/cgsh_order_operate.html HTTP/1.1" 200 12
222.70.179.222 - - [19/Jan/2021:09:22:48 +0800] "GET /xingrg/kc/buy/buy_main.html HTTP/1.1" 200 12412
222.70.179.222 - - [19/Jan/2021:09:22:48 +0800] "GET /xingrg/css/new_ie.css HTTP/1.1" 404 1036
222.70.179.222 - - [19/Jan/2021:09:22:49 +0800] "GET /xingrg/images/yd/bt.gif HTTP/1.1" 404 1040
180.156.237.57 - - [19/Jan/2021:09:22:49 +0800] "POST /xingrg/kc/buy/cgsh_list_operate.html HTTP/1.1" 200 1708
218.81.223.240 - - [19/Jan/2021:09:22:49 +0800] "GET /xingrg/all/function/internal_message.html?_=1611019378790&CODE_STATE=getMsg HTTP/1.1" 200 27
58.40.7.146 - - [19/Jan/2021:09:22:49 +0800] "GET /xingrg/all/function/internal_message.html?_=1611019369020&CODE_STATE=getMsg HTTP/1.1" 200 27
222.70.179.222 - - [19/Jan/2021:09:22:50 +0800] "GET /xingrg/kc/buy/cgsh_order_list.html HTTP/1.1" 200 46217
180.156.237.57 - - [19/Jan/2021:09:22:50 +0800] "GET /xingrg/all/function/internal_message.html?_=1611019352444&CODE_STATE=getMsg HTTP/1.1" 200 27
61.165.42.208 - - [19/Jan/2021:09:22:50 +0800] "GET /xingrg/kc/buy/cgsh_order_operate.html?command=get_materiel&rest_code=00105&code=00101002027&supplier_code=00100397&order_time=2021-01-19 HTTP/1.1" 200 433
116.232.50.212 - - [19/Jan/2021:09:22:51 +0800] "POST /xingrg/services/DataTransmitService HTTP/1.1" 200 501
180.156.237.57 - - [19/Jan/2021:09:22:51 +0800] "GET /xingrg/kc/buy/cgsh_order_add.html HTTP/1.1" 200 61879
180.156.237.57 - - [19/Jan/2021:09:22:51 +0800] "POST /xingrg/kc/buy/cgsh_order_operate.html HTTP/1.1" 200 8245
180.156.237.57 - - [19/Jan/2021:09:22:51 +0800] "GET /xingrg/javascript/easyui/themes/default/validatebox.css HTTP/1.1" 404 1104
222.70.179.222 - - [19/Jan/2021:09:22:52 +0800] "POST /xingrg/kc/buy/cgsh_list_operate.html HTTP/1.1" 200 2411
116.232.50.212 - - [19/Jan/2021:09:22:52 +0800] "POST /xingrg/services/DataTransmitService HTTP/1.1" 200 501
180.156.237.57 - - [19/Jan/2021:09:22:53 +0800] "GET /xingrg/javascript/auto/indicator.gif HTTP/1.1" 404 1066
116.232.50.212 - - [19/Jan/2021:09:22:53 +0800] "POST /xingrg/services/DataTransmitService HTTP/1.1" 200 501
116.228.172.94 - - [19/Jan/2021:09:22:56 +0800] "GET /xingrg/kc/buy/cgsh_order_operate.html?command=get_materiel&rest_code=00107&code=00101008024&supplier_code=00100006&order_time=2021-01-19 HTTP/1.1" 200 408
116.232.195.34 - - [19/Jan/2021:09:22:57 +0800] "GET /xingrg/all/function/internal_message.html?_=1611019374742&CODE_STATE=getMsg HTTP/1.1" 200 27
116.232.50.212 - - [19/Jan/2021:09:22:57 +0800] "POST /xingrg/services/DataTransmitService HTTP/1.1" 200 412
180.156.237.57 - - [19/Jan/2021:09:22:59 +0800] "GET /xingrg/kc/buy/cgsh_order_operate.html?command=get_materiel&rest_code=00150&code=00101009011&supplier_code=00100424&order_time=2021-01-19 HTTP/1.1" 200 416
180.169.147.146 - - [19/Jan/2021:09:23:07 +0800] "GET /xingrg/all/function/internal_message.html?_=1611019390632&CODE_STATE=getMsg HTTP/1.1" 200 27
180.169.147.146 - - [19/Jan/2021:09:23:07 +0800] "GET /xingrg/all/function/internal_message.html?_=1611019390688&CODE_STATE=getMsg HTTP/1.1" 200 27
222.70.179.222 - - [19/Jan/2021:09:23:08 +0800] "GET /xingrg/all/function/internal_message.html?_=1611019386111&CODE_STATE=getMsg HTTP/1.1" 200 27
61.165.42.208 - - [19/Jan/2021:09:23:09 +0800] "POST /xingrg/kc/buy/cgsh_order_operate.html HTTP/1.1" 200 37
180.156.237.57 - - [19/Jan/2021:09:23:09 +0800] "GET /xingrg/kc/buy/cgsh_order_operate.html?command=get_materiel&rest_code=00150&code=00101009015&supplier_code=00100424&order_time=2021-01-19 HTTP/1.1" 200 416
116.228.172.94 - - [19/Jan/2021:09:23:09 +0800] "GET /xingrg/kc/buy/cgsh_order_operate.html?command=get_materiel&rest_code=00107&code=00101008119&supplier_code=00100006&order_time=2021-01-19 HTTP/1.1" 200 412
61.165.42.208 - - [19/Jan/2021:09:23:10 +0800] "POST /xingrg/kc/buy/cgsh_order_operate.html HTTP/1.1" 200 2661
61.165.42.208 - - [19/Jan/2021:09:23:11 +0800] "GET /xingrg/kc/print/load_data.html?order_code=212021011908490&kc_code=cgsh&condition= HTTP/1.1" 200 668
61.165.42.208 - - [19/Jan/2021:09:23:13 +0800] "GET /xingrg/all/function/internal_message.html?_=1611019375573&CODE_STATE=getMsg HTTP/1.1" 200 27
180.169.147.146 - - [19/Jan/2021:09:23:14 +0800] "GET /xingrg/all/function/internal_message.html?_=1611019397822&CODE_STATE=getMsg HTTP/1.1" 200 27
116.228.172.94 - - [19/Jan/2021:09:23:14 +0800] "GET /xingrg/all/function/internal_message.html?_=1611019392270&CODE_STATE=getMsg HTTP/1.1" 200 27
61.165.42.208 - - [19/Jan/2021:09:23:17 +0800] "GET /xingrg/all/function/internal_message.html?_=1611019399075&CODE_STATE=getMsg HTTP/1.1" 200 27
180.156.237.57 - - [19/Jan/2021:09:23:20 +0800] "POST /xingrg/kc/buy/cgsh_order_operate.html HTTP/1.1" 200 37
120.253.135.82 - - [19/Jan/2021:09:23:21 +0800] "GET /xingrg/all/function/internal_message.html?_=1611019429260&CODE_STATE=getMsg HTTP/1.1" 200 27
180.156.237.57 - - [19/Jan/2021:09:23:22 +0800] "POST /xingrg/kc/buy/cgsh_order_operate.html HTTP/1.1" 200 12
180.156.237.57 - - [19/Jan/2021:09:23:23 +0800] "GET /xingrg/kc/buy/cgsh_order_info.html?code=212021011908491 HTTP/1.1" 200 56781
180.156.237.57 - - [19/Jan/2021:09:23:24 +0800] "GET /xingrg/javascript/easyui/themes/default/validatebox.css HTTP/1.1" 404 1104
180.156.237.57 - - [19/Jan/2021:09:23:24 +0800] "POST /xingrg/kc/buy/cgsh_order_operate.html HTTP/1.1" 200 1203
180.156.237.57 - - [19/Jan/2021:09:23:26 +0800] "GET /xingrg/kc/print/load_config.html?kc_code=cgsh HTTP/1.1" 200 1845
180.156.237.57 - - [19/Jan/2021:09:23:26 +0800] "GET /xingrg/kc/print/load_data.html?order_code=212021011908491&kc_code=cgsh&condition= HTTP/1.1" 200 930
222.69.137.117 - - [19/Jan/2021:09:23:30 +0800] "GET /xingrg/all/function/internal_message.html?_=1611019409063&CODE_STATE=getMsg HTTP/1.1" 200 27
180.156.237.57 - - [19/Jan/2021:09:23:32 +0800] "POST /xingrg/kc/buy/cgsh_list_operate.html HTTP/1.1" 200 1708
180.156.237.57 - - [19/Jan/2021:09:23:32 +0800] "GET /xingrg/all/function/internal_message.html?_=1611019411739&CODE_STATE=getMsg HTTP/1.1" 200 27
180.156.237.57 - - [19/Jan/2021:09:23:35 +0800] "POST /xingrg/kc/buy/cgsh_list_operate.html HTTP/1.1" 200 579
180.156.237.57 - - [19/Jan/2021:09:23:36 +0800] "GET /xingrg/kc/buy/cgsh_order_info.html?code=212021011908476 HTTP/1.1" 200 61900
180.156.237.57 - - [19/Jan/2021:09:23:37 +0800] "GET /xingrg/javascript/easyui/themes/default/validatebox.css HTTP/1.1" 404 1104
180.156.237.57 - - [19/Jan/2021:09:23:37 +0800] "POST /xingrg/kc/buy/cgsh_order_operate.html HTTP/1.1" 200 30505
