222.69.132.103 - - [17/Jan/2021:10:45:59 +0800] "GET /xingrg/kc/buy/cgsh_order_operate.html?command=get_materiel&rest_code=00149&code=00101004011&supplier_code=00100083&order_time=2021-01-17 HTTP/1.1" 200 434
180.156.237.57 - - [17/Jan/2021:10:46:02 +0800] "GET /xingrg/all/function/internal_message.html?_=1610851561306&CODE_STATE=getMsg HTTP/1.1" 200 27
61.165.42.208 - - [17/Jan/2021:10:46:04 +0800] "GET /xingrg/kc/buy/cgsh_order_operate.html?command=get_materiel&rest_code=00105&code=00101006195&supplier_code=00100012&order_time=2021-01-17 HTTP/1.1" 200 409
117.131.5.26 - - [17/Jan/2021:10:46:06 +0800] "GET /xingrg/kc/buy/cgsh_order_operate.html?command=get_materiel&rest_code=00104&code=00101010136&supplier_code=00100036&order_time=2021-01-17 HTTP/1.1" 200 408
222.70.179.222 - - [17/Jan/2021:10:46:07 +0800] "GET /xingrg/all/function/internal_message.html?_=1610851562598&CODE_STATE=getMsg HTTP/1.1" 200 27
116.228.172.94 - - [17/Jan/2021:10:46:08 +0800] "GET /xingrg/kc/buy/cgsh_order_operate.html?command=get_materiel&rest_code=00107&code=00101002006&supplier_code=00100091&order_time=2021-01-17 HTTP/1.1" 200 434
180.169.147.146 - - [17/Jan/2021:10:46:08 +0800] "GET /xingrg/check_reg.html?_=1610851565511 HTTP/1.1" 200 22
180.169.147.146 - - [17/Jan/2021:10:46:08 +0800] "GET /xingrg/all/function/internal_message.html?_=1610851565512&CODE_STATE=getMsg HTTP/1.1" 200 27
61.165.42.208 - - [17/Jan/2021:10:46:10 +0800] "GET /xingrg/kc/buy/cgsh_order_operate.html?command=get_materiel&rest_code=00105&code=00101006087&supplier_code=00100012&order_time=2021-01-17 HTTP/1.1" 200 409
222.69.132.103 - - [17/Jan/2021:10:46:12 +0800] "GET /xingrg/kc/buy/cgsh_order_operate.html?command=get_materiel&rest_code=00149&code=00101004067&supplier_code=00100083&order_time=2021-01-17 HTTP/1.1" 200 413
116.228.172.94 - - [17/Jan/2021:10:46:13 +0800] "GET /xingrg/all/function/internal_message.html?_=1610851569993&CODE_STATE=getMsg HTTP/1.1" 200 27
117.184.7.26 - - [17/Jan/2021:10:46:14 +0800] "GET /xingrg/check_reg.html?_=1610851555832 HTTP/1.1" 200 22
117.184.7.26 - - [17/Jan/2021:10:46:14 +0800] "GET /xingrg/all/function/internal_message.html?_=1610851555835&CODE_STATE=getMsg HTTP/1.1" 200 27
180.169.147.146 - - [17/Jan/2021:10:46:16 +0800] "GET /xingrg/check_reg.html?_=1610851572698 HTTP/1.1" 200 22
180.169.147.146 - - [17/Jan/2021:10:46:16 +0800] "GET /xingrg/all/function/internal_message.html?_=1610851572701&CODE_STATE=getMsg HTTP/1.1" 200 27
218.81.223.240 - - [17/Jan/2021:10:46:18 +0800] "GET /xingrg/all/function/internal_message.html?_=1610851575613&CODE_STATE=getMsg HTTP/1.1" 200 27
180.156.237.57 - - [17/Jan/2021:10:46:19 +0800] "GET /xingrg/all/function/internal_message.html?_=1610851559567&CODE_STATE=getMsg HTTP/1.1" 200 27
116.232.48.136 - - [17/Jan/2021:10:46:20 +0800] "GET /xingrg/all/function/internal_message.html?_=1610851631031&CODE_STATE=getMsg HTTP/1.1" 200 27
61.165.42.208 - - [17/Jan/2021:10:46:20 +0800] "GET /xingrg/kc/buy/cgsh_order_operate.html?command=get_materiel&rest_code=00105&code=00101006106&supplier_code=00100012&order_time=2021-01-17 HTTP/1.1" 200 421
222.69.132.103 - - [17/Jan/2021:10:46:20 +0800] "GET /xingrg/kc/buy/cgsh_order_operate.html?command=get_materiel&rest_code=00149&code=00101004027&supplier_code=00100083&order_time=2021-01-17 HTTP/1.1" 200 431
116.228.172.94 - - [17/Jan/2021:10:46:23 +0800] "GET /xingrg/kc/buy/cgsh_order_operate.html?command=get_materiel&rest_code=00107&code=00101002034&supplier_code=00100091&order_time=2021-01-17 HTTP/1.1" 200 409
117.131.5.26 - - [17/Jan/2021:10:46:26 +0800] "GET /xingrg/all/function/internal_message.html?_=1610851633785&CODE_STATE=getMsg HTTP/1.1" 200 27
180.175.150.119 - - [17/Jan/2021:10:46:27 +0800] "GET /xingrg/all/function/internal_message.html?_=1610851826106&CODE_STATE=getMsg HTTP/1.1" 200 27
61.165.42.208 - - [17/Jan/2021:10:46:28 +0800] "GET /xingrg/all/function/internal_message.html?_=1610851567144&CODE_STATE=getMsg HTTP/1.1" 200 27
58.37.230.33 - - [17/Jan/2021:10:46:28 +0800] "GET /xingrg/index.html?sysBaseUrl=http%3A%2F%2F180.169.147.146%3A18081%2Fxingrg%2F&costTime=34×tamp=1585622960984 HTTP/1.1" 302 -
58.37.230.33 - - [17/Jan/2021:10:46:28 +0800] "GET /xingrg/login.html HTTP/1.1" 200 7641
58.37.230.33 - - [17/Jan/2021:10:46:29 +0800] "GET /xingrg/images/blue/jxLogo.png HTTP/1.1" 200 6156
58.37.230.33 - - [17/Jan/2021:10:46:29 +0800] "GET /xingrg/images/blue/hj.png HTTP/1.1" 200 1014
58.37.230.33 - - [17/Jan/2021:10:46:29 +0800] "GET /xingrg/images/blue/login_bg.png HTTP/1.1" 200 22101
58.37.230.33 - - [17/Jan/2021:10:46:29 +0800] "GET /xingrg/images/blue/srbg.png HTTP/1.1" 200 138
58.37.230.33 - - [17/Jan/2021:10:46:29 +0800] "GET /favicon.ico HTTP/1.1" 404 -
183.192.91.246 - - [17/Jan/2021:10:46:29 +0800] "GET /xingrg/all/function/internal_message.html?_=1610851612711&CODE_STATE=getMsg HTTP/1.1" 200 27
222.69.132.103 - - [17/Jan/2021:10:46:30 +0800] "GET /xingrg/kc/buy/cgsh_order_operate.html?command=get_materiel&rest_code=00149&code=00101004009&supplier_code=00100083&order_time=2021-01-17 HTTP/1.1" 200 414
222.69.132.103 - - [17/Jan/2021:10:46:30 +0800] "GET /xingrg/all/function/internal_message.html?_=1610851586593&CODE_STATE=getMsg HTTP/1.1" 200 27
58.37.230.33 - - [17/Jan/2021:10:46:31 +0800] "POST /xingrg/login.do HTTP/1.1" 302 -
58.37.230.33 - - [17/Jan/2021:10:46:31 +0800] "GET /xingrg/index.html?sysBaseUrl=http%3A%2F%2F180.169.147.146%3A18081%2Fxingrg%2F&costTime=38×tamp=1610851591179 HTTP/1.1" 200 17179
58.37.230.33 - - [17/Jan/2021:10:46:31 +0800] "GET /xingrg/css/form.css HTTP/1.1" 200 893
58.37.230.33 - - [17/Jan/2021:10:46:31 +0800] "GET /xingrg/javascript/jquery_easy_ui/themes/icon.css HTTP/1.1" 200 3949
58.37.230.33 - - [17/Jan/2021:10:46:31 +0800] "GET /xingrg/javascript/jquery.timers.js HTTP/1.1" 200 3532
58.37.230.33 - - [17/Jan/2021:10:46:31 +0800] "GET /xingrg/javascript/jquery_easy_ui/jquery.easyui.min.js HTTP/1.1" 200 213662
58.37.230.33 - - [17/Jan/2021:10:46:31 +0800] "GET /xingrg/javascript/jquery-1.4.2.min.js HTTP/1.1" 200 72205
58.37.230.33 - - [17/Jan/2021:10:46:31 +0800] "GET /xingrg/javascript/jquery_easy_ui/easyui-lang-zh_CN.js HTTP/1.1" 200 1900
58.37.230.33 - - [17/Jan/2021:10:46:31 +0800] "GET /xingrg/javascript/jquery_easy_ui/themes/default/easyui.css HTTP/1.1" 200 26500
58.37.230.33 - - [17/Jan/2021:10:46:31 +0800] "GET /xingrg/javascript/jquery.form.js HTTP/1.1" 200 23110
58.37.230.33 - - [17/Jan/2021:10:46:31 +0800] "GET /xingrg/javascript/jquery.utils.js HTTP/1.1" 200 11805
58.37.230.33 - - [17/Jan/2021:10:46:31 +0800] "GET /favicon.ico HTTP/1.1" 404 -
58.37.230.33 - - [17/Jan/2021:10:46:31 +0800] "GET /xingrg/javascript/jquery_easy_ui/themes/icons/settle_new.png HTTP/1.1" 200 826
58.37.230.33 - - [17/Jan/2021:10:46:31 +0800] "GET /xingrg/images/blue/navBackgound.jpg HTTP/1.1" 200 12378
58.37.230.33 - - [17/Jan/2021:10:46:31 +0800] "POST /xingrg/all/common/load_tree.html?tree=area_rest_tree_json&manage=1 HTTP/1.1" 200 351
58.37.230.33 - - [17/Jan/2021:10:46:31 +0800] "GET /xingrg/all/function/internal_message.html?_=1610851588632&CODE_STATE=count HTTP/1.1" 200 11
58.37.230.33 - - [17/Jan/2021:10:46:31 +0800] "GET /xingrg/check_reg.html?_=1610851588634 HTTP/1.1" 200 22
58.37.230.33 - - [17/Jan/2021:10:46:31 +0800] "GET /xingrg/images/blue/pingpu.png HTTP/1.1" 200 231
58.37.230.33 - - [17/Jan/2021:10:46:31 +0800] "GET /xingrg/javascript/jquery_easy_ui/themes/default/images/tabs_leftarrow.png HTTP/1.1" 200 389
58.37.230.33 - - [17/Jan/2021:10:46:31 +0800] "GET /xingrg/javascript/jquery_easy_ui/themes/default/images/tabs_rightarrow.png HTTP/1.1" 200 395
58.37.230.33 - - [17/Jan/2021:10:46:31 +0800] "GET /xingrg/javascript/jquery_easy_ui/themes/default/images/panel_tool_collapse.gif HTTP/1.1" 200 246
58.37.230.33 - - [17/Jan/2021:10:46:31 +0800] "POST /xingrg/load_menu.html HTTP/1.1" 200 5138
58.37.230.33 - - [17/Jan/2021:10:46:31 +0800] "GET /xingrg/javascript/jquery_easy_ui/themes/default/images/tree_arrows.gif HTTP/1.1" 200 1043
58.37.230.33 - - [17/Jan/2021:10:46:31 +0800] "GET /xingrg/javascript/jquery_easy_ui/themes/icons/search_new.png HTTP/1.1" 200 586
58.37.230.33 - - [17/Jan/2021:10:46:31 +0800] "GET /xingrg/javascript/jquery_easy_ui/themes/default/images/tree_folder_open.gif HTTP/1.1" 200 956
58.37.230.33 - - [17/Jan/2021:10:46:31 +0800] "GET /xingrg/javascript/jquery_easy_ui/themes/default/images/tree_folder.gif HTTP/1.1" 200 952
58.37.230.33 - - [17/Jan/2021:10:46:31 +0800] "GET /xingrg/javascript/jquery_easy_ui/themes/icons/storage_new.png HTTP/1.1" 200 853
58.37.230.33 - - [17/Jan/2021:10:46:31 +0800] "GET /xingrg/javascript/jquery_easy_ui/themes/icons/forms_new.png HTTP/1.1" 200 350
58.37.230.33 - - [17/Jan/2021:10:46:31 +0800] "GET /xingrg/javascript/jquery_easy_ui/themes/default/images/tree_file.gif HTTP/1.1" 200 118
58.37.230.33 - - [17/Jan/2021:10:46:33 +0800] "GET /xingrg/kc/buy/buy_main.html HTTP/1.1" 200 12412
58.37.230.33 - - [17/Jan/2021:10:46:33 +0800] "GET /xingrg/javascript/jquery_easy_ui/themes/default/images/tabs_close.gif HTTP/1.1" 200 829
58.37.230.33 - - [17/Jan/2021:10:46:33 +0800] "GET /xingrg/css/new_ie.css HTTP/1.1" 404 1036
58.37.230.33 - - [17/Jan/2021:10:46:33 +0800] "GET /xingrg/javascript/pic_change.js HTTP/1.1" 200 4739
58.37.230.33 - - [17/Jan/2021:10:46:33 +0800] "GET /xingrg/javascript/ToolTips.js HTTP/1.1" 200 5615
58.37.230.33 - - [17/Jan/2021:10:46:33 +0800] "GET /xingrg/images/blue/button/cgxqd.gif HTTP/1.1" 200 2619
58.37.230.33 - - [17/Jan/2021:10:46:33 +0800] "GET /xingrg/javascript/jquery_ui/jquery-ui.min.js HTTP/1.1" 200 186181
58.37.230.33 - - [17/Jan/2021:10:46:33 +0800] "GET /xingrg/images/blue/button/cgfkd.gif HTTP/1.1" 200 2075
58.37.230.33 - - [17/Jan/2021:10:46:33 +0800] "GET /xingrg/images/blue/button/kc.gif HTTP/1.1" 200 2160
58.37.230.33 - - [17/Jan/2021:10:46:33 +0800] "GET /xingrg/css/blue.css HTTP/1.1" 200 15949
58.37.230.33 - - [17/Jan/2021:10:46:33 +0800] "GET /xingrg/javascript/jquery_ui/themes/humanity/humanity.css HTTP/1.1" 200 27801
58.37.230.33 - - [17/Jan/2021:10:46:33 +0800] "GET /xingrg/images/blue/button/ckthd.gif HTTP/1.1" 200 2045
58.37.230.33 - - [17/Jan/2021:10:46:33 +0800] "GET /xingrg/javascript/myfunction.js HTTP/1.1" 200 24559
58.37.230.33 - - [17/Jan/2021:10:46:33 +0800] "GET /xingrg/images/blue/button/cgshd.gif HTTP/1.1" 200 2618
58.37.230.33 - - [17/Jan/2021:10:46:33 +0800] "GET /xingrg/images/blue/button/cgydd.gif HTTP/1.1" 200 2712
58.37.230.33 - - [17/Jan/2021:10:46:33 +0800] "GET /xingrg/images/blue/pic_form2.gif HTTP/1.1" 200 1853
58.37.230.33 - - [17/Jan/2021:10:46:33 +0800] "GET /xingrg/javascript/jquery_ui/themes/humanity/images/ui-bg_inset-soft_100_f4f0ec_1x100.png HTTP/1.1" 200 141
58.37.230.33 - - [17/Jan/2021:10:46:33 +0800] "GET /xingrg/images/blue/bg_dotted.jpg HTTP/1.1" 200 319
58.37.230.33 - - [17/Jan/2021:10:46:33 +0800] "GET /xingrg/images/blue/button/right_ah.jpg HTTP/1.1" 200 1744
58.37.230.33 - - [17/Jan/2021:10:46:33 +0800] "GET /xingrg/images/blue/button/down_ah.jpg HTTP/1.1" 200 1732
58.37.230.33 - - [17/Jan/2021:10:46:33 +0800] "GET /xingrg/javascript/jquery_ui/themes/humanity/images/ui-iconsnew.jpg HTTP/1.1" 200 337
58.37.230.33 - - [17/Jan/2021:10:46:33 +0800] "GET /xingrg/javascript/jquery_ui/themes/humanity/images/ui-icons_ffffff_256x240.png HTTP/1.1" 200 4369
58.37.230.33 - - [17/Jan/2021:10:46:33 +0800] "GET /xingrg/javascript/jquery_ui/themes/humanity/images/ui-icons_c47a23_256x240.png HTTP/1.1" 200 5355
58.37.230.33 - - [17/Jan/2021:10:46:33 +0800] "GET /xingrg/javascript/jquery_ui/themes/humanity/images/ui-bg_glass_70_ede4d4_1x400.png HTTP/1.1" 200 161
58.37.230.33 - - [17/Jan/2021:10:46:33 +0800] "GET /xingrg/images/yd/bt.gif HTTP/1.1" 404 1040
58.37.230.33 - - [17/Jan/2021:10:46:33 +0800] "GET /xingrg/css/base.css HTTP/1.1" 200 2811
58.37.230.33 - - [17/Jan/2021:10:46:33 +0800] "GET /xingrg/css/site.css HTTP/1.1" 200 7541
58.37.230.33 - - [17/Jan/2021:10:46:33 +0800] "GET /xingrg/javascript/jquery_tools/datebox.css HTTP/1.1" 200 2597
58.37.230.33 - - [17/Jan/2021:10:46:33 +0800] "GET /xingrg/javascript/auto/jquery.autocomplete.css HTTP/1.1" 200 587
58.37.230.33 - - [17/Jan/2021:10:46:33 +0800] "GET /xingrg/javascript/jquery_tools/fix.css HTTP/1.1" 200 1702
58.37.230.33 - - [17/Jan/2021:10:46:33 +0800] "GET /xingrg/javascript/jquery_tools/table.css HTTP/1.1" 200 1032
58.37.230.33 - - [17/Jan/2021:10:46:33 +0800] "GET /xingrg/javascript/jquery_tools/jquery.tools.min.js HTTP/1.1" 200 138801
58.37.230.33 - - [17/Jan/2021:10:46:33 +0800] "GET /xingrg/kc/buy/cgsh_order_list.html HTTP/1.1" 200 46223
58.37.230.33 - - [17/Jan/2021:10:46:33 +0800] "GET /xingrg/javascript/jquery_tools/jquery.tools.extend.js HTTP/1.1" 200 15385
58.37.230.33 - - [17/Jan/2021:10:46:33 +0800] "GET /xingrg/javascript/easyui/themes/default/easyui.css HTTP/1.1" 200 30432
58.37.230.33 - - [17/Jan/2021:10:46:33 +0800] "GET /xingrg/javascript/jquery_tools/jquery.tools.hotkey.js HTTP/1.1" 200 3242
58.37.230.33 - - [17/Jan/2021:10:46:33 +0800] "GET /xingrg/javascript/jquery_tools/jquery.tools.table.js HTTP/1.1" 200 6994
58.37.230.33 - - [17/Jan/2021:10:46:33 +0800] "GET /xingrg/javascript/easyui/themes/icon.css HTTP/1.1" 200 4483
58.37.230.33 - - [17/Jan/2021:10:46:33 +0800] "GET /xingrg/javascript/jquery.cookie.js HTTP/1.1" 200 5513
58.37.230.33 - - [17/Jan/2021:10:46:33 +0800] "GET /xingrg/javascript/easyui/easyloader.js HTTP/1.1" 200 5975
58.37.230.33 - - [17/Jan/2021:10:46:33 +0800] "GET /xingrg/javascript/jquery_tools/list_manager.js HTTP/1.1" 200 3652
58.37.230.33 - - [17/Jan/2021:10:46:33 +0800] "GET /xingrg/javascript/print/LodopFuncs.js HTTP/1.1" 200 5121
58.37.230.33 - - [17/Jan/2021:10:46:33 +0800] "GET /xingrg/javascript/auto/jquery.autocomplete.js HTTP/1.1" 200 21624
116.232.195.34 - - [17/Jan/2021:10:46:34 +0800] "GET /xingrg/all/function/internal_message.html?_=1610851590289&CODE_STATE=getMsg HTTP/1.1" 200 27
58.37.230.33 - - [17/Jan/2021:10:46:34 +0800] "GET /xingrg/javascript/easyui/themes/icons/import_new.png HTTP/1.1" 200 1247
58.37.230.33 - - [17/Jan/2021:10:46:34 +0800] "GET /xingrg/javascript/easyui/themes/icons/field_new.png HTTP/1.1" 200 1097
58.37.230.33 - - [17/Jan/2021:10:46:34 +0800] "GET /xingrg/javascript/easyui/themes/icons/check_new.png HTTP/1.1" 200 3224
58.37.230.33 - - [17/Jan/2021:10:46:34 +0800] "GET /xingrg/javascript/easyui/themes/icons/cance_new.png HTTP/1.1" 200 3986
58.37.230.33 - - [17/Jan/2021:10:46:34 +0800] "GET /xingrg/javascript/easyui/themes/icons/edit_add_new.png HTTP/1.1" 200 2997
180.175.150.119 - - [17/Jan/2021:10:46:34 +0800] "GET /xingrg/all/function/internal_message.html?_=1610851592575&CODE_STATE=getMsg HTTP/1.1" 200 27
58.37.230.33 - - [17/Jan/2021:10:46:34 +0800] "GET /xingrg/javascript/easyui/plugins/jquery.parser.js HTTP/1.1" 200 1142
58.37.230.33 - - [17/Jan/2021:10:46:34 +0800] "GET /xingrg/images/control/ajaxLoader.gif HTTP/1.1" 200 4659
58.37.230.33 - - [17/Jan/2021:10:46:36 +0800] "POST /xingrg/kc/buy/cgsh_list_operate.html HTTP/1.1" 200 1680
58.37.230.33 - - [17/Jan/2021:10:46:36 +0800] "GET /xingrg/javascript/easyui/themes/default/images/button_plain_hover.png HTTP/1.1" 200 144
117.185.32.26 - - [17/Jan/2021:10:46:37 +0800] "GET /xingrg/all/function/internal_message.html?_=1610851589840&CODE_STATE=getMsg HTTP/1.1" 200 27
117.185.32.26 - - [17/Jan/2021:10:46:37 +0800] "GET /xingrg/check_reg.html?_=1610851589839 HTTP/1.1" 200 22
116.228.172.94 - - [17/Jan/2021:10:46:37 +0800] "GET /xingrg/kc/buy/cgsh_order_operate.html?command=get_materiel&rest_code=00107&code=00101003037&supplier_code=00100091&order_time=2021-01-17 HTTP/1.1" 200 434
180.169.147.146 - - [17/Jan/2021:10:46:38 +0800] "GET /xingrg/all/function/internal_message.html?_=1610851594595&CODE_STATE=getMsg HTTP/1.1" 200 27
58.37.230.33 - - [17/Jan/2021:10:46:39 +0800] "GET /xingrg/javascript/convert.js HTTP/1.1" 200 1239
58.37.230.33 - - [17/Jan/2021:10:46:39 +0800] "GET /xingrg/kc/buy/cgsh_order_add.html HTTP/1.1" 200 61961
58.37.230.33 - - [17/Jan/2021:10:46:39 +0800] "GET /xingrg/javascript/jquery_tools/order_manager.js HTTP/1.1" 200 11183
58.37.230.33 - - [17/Jan/2021:10:46:39 +0800] "GET /xingrg/javascript/json2.js HTTP/1.1" 200 11259
58.37.230.33 - - [17/Jan/2021:10:46:39 +0800] "GET /xingrg/javascript/print/kc_print.js HTTP/1.1" 200 11415
58.37.230.33 - - [17/Jan/2021:10:46:39 +0800] "GET /xingrg/words/20210117103812_words.js HTTP/1.1" 200 789919
58.37.230.33 - - [17/Jan/2021:10:46:39 +0800] "GET /xingrg/javascript/easyui/themes/icons/ok.png HTTP/1.1" 200 883
58.37.230.33 - - [17/Jan/2021:10:46:39 +0800] "GET /xingrg/javascript/easyui/themes/icons/copy_new.png HTTP/1.1" 200 815
58.37.230.33 - - [17/Jan/2021:10:46:39 +0800] "GET /xingrg/javascript/easyui/themes/icons/template_new.png HTTP/1.1" 200 3956
58.37.230.33 - - [17/Jan/2021:10:46:39 +0800] "GET /xingrg/javascript/easyui/themes/icons/print.png HTTP/1.1" 200 1057
58.37.230.33 - - [17/Jan/2021:10:46:39 +0800] "GET /xingrg/javascript/easyui/themes/default/images/menu_downarrow.png HTTP/1.1" 200 173
58.37.230.33 - - [17/Jan/2021:10:46:39 +0800] "GET /xingrg/javascript/easyui/themes/icons/cancel.png HTTP/1.1" 200 1133
120.253.135.82 - - [17/Jan/2021:10:46:39 +0800] "GET /xingrg/all/function/internal_message.html?_=1610851625899&CODE_STATE=getMsg HTTP/1.1" 200 27
58.37.230.33 - - [17/Jan/2021:10:46:40 +0800] "POST /xingrg/kc/buy/cgsh_order_operate.html HTTP/1.1" 200 8245
58.37.230.33 - - [17/Jan/2021:10:46:40 +0800] "GET /xingrg/all/common/auto_word.html?type=employee&rest_code=00141 HTTP/1.1" 200 201
58.37.230.33 - - [17/Jan/2021:10:46:40 +0800] "GET /xingrg/all/common/auto_word.html?type=employee&rest_code=00141 HTTP/1.1" 200 201
58.37.230.33 - - [17/Jan/2021:10:46:40 +0800] "GET /xingrg/javascript/easyui/themes/default/validatebox.css HTTP/1.1" 404 1104
58.37.230.33 - - [17/Jan/2021:10:46:40 +0800] "GET /xingrg/javascript/easyui/plugins/jquery.validatebox.js HTTP/1.1" 200 6103
58.37.230.33 - - [17/Jan/2021:10:46:40 +0800] "GET /xingrg/javascript/easyui/plugins/jquery.numberbox.js HTTP/1.1" 200 5213
58.37.230.33 - - [17/Jan/2021:10:46:40 +0800] "GET /xingrg/javascript/easyui/themes/icons/edit_remove.png HTTP/1.1" 200 625
172.20.0.100 - - [17/Jan/2021:10:46:44 +0800] "GET /xingrg/all/function/internal_message.html?_=1610851600246&CODE_STATE=getMsg HTTP/1.1" 302 -
180.162.108.15 - - [17/Jan/2021:10:46:46 +0800] "GET /xingrg/all/function/internal_message.html?_=1610851467273&CODE_STATE=getMsg HTTP/1.1" 200 27
117.131.5.26 - - [17/Jan/2021:10:46:46 +0800] "GET /xingrg/kc/buy/cgsh_order_operate.html?command=get_materiel&rest_code=00104&code=00101016009&supplier_code=00100036&order_time=2021-01-17 HTTP/1.1" 200 418
58.37.230.33 - - [17/Jan/2021:10:46:47 +0800] "GET /xingrg/javascript/auto/indicator.gif HTTP/1.1" 404 1066
61.165.42.208 - - [17/Jan/2021:10:46:47 +0800] "GET /xingrg/check_reg.html?_=1610851603702 HTTP/1.1" 200 22
61.165.42.208 - - [17/Jan/2021:10:46:47 +0800] "GET /xingrg/all/function/internal_message.html?_=1610851603705&CODE_STATE=getMsg HTTP/1.1" 200 27
58.37.230.33 - - [17/Jan/2021:10:46:48 +0800] "GET /xingrg/javascript/jquery_tools/images/prev.gif HTTP/1.1" 404 1086
58.37.230.33 - - [17/Jan/2021:10:46:48 +0800] "GET /xingrg/javascript/jquery_tools/images/next.gif HTTP/1.1" 404 1086
183.192.164.71 - - [17/Jan/2021:10:46:49 +0800] "GET /xingrg/all/function/internal_message.html?_=1610850990055&CODE_STATE=getMsg HTTP/1.1" 302 -
58.40.7.146 - - [17/Jan/2021:10:46:50 +0800] "GET /xingrg/all/function/internal_message.html?_=1610851606739&CODE_STATE=getMsg HTTP/1.1" 200 27
116.228.172.94 - - [17/Jan/2021:10:46:51 +0800] "GET /xingrg/kc/buy/cgsh_order_operate.html?command=get_materiel&rest_code=00107&code=00101002028&supplier_code=00100091&order_time=2021-01-17 HTTP/1.1" 200 419
58.37.230.33 - - [17/Jan/2021:10:46:53 +0800] "GET /xingrg/kc/buy/cgsh_order_operate.html?command=get_materiel&rest_code=00141&code=00101009045&supplier_code=00100022&order_time=2021-01-17 HTTP/1.1" 200 414
61.165.42.208 - - [17/Jan/2021:10:46:56 +0800] "GET /xingrg/kc/buy/cgsh_order_operate.html?command=get_materiel&rest_code=00105&code=00101006038&supplier_code=00100012&order_time=2021-01-17 HTTP/1.1" 200 421
183.192.164.71 - - [17/Jan/2021:10:46:57 +0800] "GET /xingrg/login.html HTTP/1.1" 200 7641
180.169.147.146 - - [17/Jan/2021:10:46:58 +0800] "GET /xingrg/all/function/internal_message.html?_=1610851614545&CODE_STATE=getMsg HTTP/1.1" 200 27
120.253.135.82 - - [17/Jan/2021:10:46:59 +0800] "GET /xingrg/all/function/internal_message.html?_=1610851722696&CODE_STATE=getMsg HTTP/1.1" 200 27
116.228.172.94 - - [17/Jan/2021:10:47:02 +0800] "GET /xingrg/kc/buy/cgsh_order_operate.html?command=get_materiel&rest_code=00107&code=00101010309&supplier_code=00100091&order_time=2021-01-17 HTTP/1.1" 200 423
180.156.237.57 - - [17/Jan/2021:10:47:02 +0800] "GET /xingrg/all/function/internal_message.html?_=1610851621298&CODE_STATE=getMsg HTTP/1.1" 200 27
120.204.17.71 - - [17/Jan/2021:10:47:07 +0800] "GET /xingrg/all/function/internal_message.html?_=1610851050029&CODE_STATE=getMsg HTTP/1.1" 302 -
222.70.179.222 - - [17/Jan/2021:10:47:07 +0800] "GET /xingrg/all/function/internal_message.html?_=1610851622741&CODE_STATE=getMsg HTTP/1.1" 200 27
180.169.147.146 - - [17/Jan/2021:10:47:08 +0800] "GET /xingrg/all/function/internal_message.html?_=1610851625511&CODE_STATE=getMsg HTTP/1.1" 200 27
61.165.42.208 - - [17/Jan/2021:10:47:10 +0800] "GET /xingrg/kc/buy/cgsh_order_operate.html?command=get_materiel&rest_code=00105&code=00101006063&supplier_code=00100012&order_time=2021-01-17 HTTP/1.1" 200 413
222.69.132.103 - - [17/Jan/2021:10:47:12 +0800] "POST /xingrg/kc/buy/cgsh_order_operate.html HTTP/1.1" 200 37
120.204.17.71 - - [17/Jan/2021:10:47:12 +0800] "GET /xingrg/login.html HTTP/1.1" 200 7641
116.228.172.94 - - [17/Jan/2021:10:47:13 +0800] "GET /xingrg/all/function/internal_message.html?_=1610851629988&CODE_STATE=getMsg HTTP/1.1" 200 27
117.184.7.26 - - [17/Jan/2021:10:47:14 +0800] "GET /xingrg/all/function/internal_message.html?_=1610851615834&CODE_STATE=getMsg HTTP/1.1" 200 27
222.69.132.103 - - [17/Jan/2021:10:47:14 +0800] "POST /xingrg/kc/buy/cgsh_order_operate.html HTTP/1.1" 200 12
58.37.230.33 - - [17/Jan/2021:10:47:15 +0800] "GET /xingrg/kc/buy/cgsh_order_operate.html?command=get_materiel&rest_code=00141&code=00101009011&supplier_code=00100022&order_time=2021-01-17 HTTP/1.1" 200 416
180.169.147.146 - - [17/Jan/2021:10:47:16 +0800] "GET /xingrg/all/function/internal_message.html?_=1610851632706&CODE_STATE=getMsg HTTP/1.1" 200 27
218.81.223.240 - - [17/Jan/2021:10:47:18 +0800] "GET /xingrg/all/function/internal_message.html?_=1610851635897&CODE_STATE=getMsg HTTP/1.1" 200 27
180.156.237.57 - - [17/Jan/2021:10:47:19 +0800] "GET /xingrg/all/function/internal_message.html?_=1610851619576&CODE_STATE=getMsg HTTP/1.1" 200 27
116.228.172.94 - - [17/Jan/2021:10:47:19 +0800] "POST /xingrg/kc/buy/cgsh_order_operate.html HTTP/1.1" 200 37
116.232.48.136 - - [17/Jan/2021:10:47:20 +0800] "GET /xingrg/check_reg.html?_=1610851691031 HTTP/1.1" 200 22
116.232.48.136 - - [17/Jan/2021:10:47:20 +0800] "GET /xingrg/all/function/internal_message.html?_=1610851691031&CODE_STATE=getMsg HTTP/1.1" 200 27
116.228.172.94 - - [17/Jan/2021:10:47:20 +0800] "POST /xingrg/kc/buy/cgsh_order_operate.html HTTP/1.1" 200 4455
58.37.230.33 - - [17/Jan/2021:10:47:23 +0800] "GET /xingrg/kc/buy/cgsh_order_operate.html?command=get_materiel&rest_code=00141&code=00101009013&supplier_code=00100022&order_time=2021-01-17 HTTP/1.1" 200 420
120.253.135.82 - - [17/Jan/2021:10:47:23 +0800] "GET /xingrg/check_reg.html?_=1610851669915 HTTP/1.1" 200 22
116.228.172.94 - - [17/Jan/2021:10:47:23 +0800] "GET /xingrg/kc/print/load_data.html?order_code=212021011707537&kc_code=cgsh&condition= HTTP/1.1" 200 1438
222.69.132.103 - - [17/Jan/2021:10:47:24 +0800] "GET /xingrg/kc/buy/cgsh_order_info.html?code=212021011707536 HTTP/1.1" 200 56908
61.165.42.208 - - [17/Jan/2021:10:47:24 +0800] "GET /xingrg/kc/buy/cgsh_order_operate.html?command=get_materiel&rest_code=00105&code=00101010248&supplier_code=00100012&order_time=2021-01-17 HTTP/1.1" 200 430
222.69.132.103 - - [17/Jan/2021:10:47:24 +0800] "GET /xingrg/words/20210117103812_words.js HTTP/1.1" 304 -
222.69.132.103 - - [17/Jan/2021:10:47:25 +0800] "GET /xingrg/javascript/easyui/themes/default/validatebox.css HTTP/1.1" 404 1104
222.69.132.103 - - [17/Jan/2021:10:47:25 +0800] "POST /xingrg/kc/buy/cgsh_order_operate.html HTTP/1.1" 200 3014
61.165.42.208 - - [17/Jan/2021:10:47:25 +0800] "POST /xingrg/all/common/load_select.html HTTP/1.1" 200 25
117.131.5.26 - - [17/Jan/2021:10:47:26 +0800] "GET /xingrg/all/function/internal_message.html?_=1610851693768&CODE_STATE=getMsg HTTP/1.1" 200 27
183.192.164.85 - - [17/Jan/2021:10:47:26 +0800] "GET /xingrg/check_reg.html?_=1610850989813 HTTP/1.1" 302 -
117.131.5.26 - - [17/Jan/2021:10:47:26 +0800] "GET /xingrg/check_reg.html?_=1610851694170 HTTP/1.1" 200 22
180.175.150.119 - - [17/Jan/2021:10:47:27 +0800] "GET /xingrg/all/function/internal_message.html?_=1610851886114&CODE_STATE=getMsg HTTP/1.1" 200 27
116.228.172.94 - - [17/Jan/2021:10:47:28 +0800] "GET /xingrg/kc/buy/cgsh_order_add.html HTTP/1.1" 200 62043
61.165.42.208 - - [17/Jan/2021:10:47:28 +0800] "GET /xingrg/check_reg.html?_=1610851627145 HTTP/1.1" 200 22
61.165.42.208 - - [17/Jan/2021:10:47:28 +0800] "GET /xingrg/all/function/internal_message.html?_=1610851627146&CODE_STATE=getMsg HTTP/1.1" 200 27
222.69.132.103 - - [17/Jan/2021:10:47:28 +0800] "GET /xingrg/kc/print/load_data.html?order_code=212021011707536&kc_code=cgsh&condition= HTTP/1.1" 200 1660
116.228.172.94 - - [17/Jan/2021:10:47:28 +0800] "GET /xingrg/words/20210117103812_words.js HTTP/1.1" 304 -
116.228.172.94 - - [17/Jan/2021:10:47:29 +0800] "GET /xingrg/javascript/easyui/themes/default/validatebox.css HTTP/1.1" 404 1104
116.228.172.94 - - [17/Jan/2021:10:47:29 +0800] "POST /xingrg/kc/buy/cgsh_order_operate.html HTTP/1.1" 200 8245
61.165.42.208 - - [17/Jan/2021:10:47:29 +0800] "GET /xingrg/kc/buy/cgsh_order_operate.html?command=get_materiel_price&rest_code=00105&code=00101010248&unit_code=00100043&supplier_code=00100012&order_time=2021-01-17 HTTP/1.1" 200 29
183.192.91.246 - - [17/Jan/2021:10:47:29 +0800] "GET /xingrg/all/function/internal_message.html?_=1610851672708&CODE_STATE=getMsg HTTP/1.1" 200 27
222.69.132.103 - - [17/Jan/2021:10:47:30 +0800] "GET /xingrg/all/function/internal_message.html?_=1610851646616&CODE_STATE=getMsg HTTP/1.1" 200 27
58.37.230.33 - - [17/Jan/2021:10:47:31 +0800] "GET /xingrg/all/function/internal_message.html?_=1610851648654&CODE_STATE=getMsg HTTP/1.1" 200 27
116.228.172.94 - - [17/Jan/2021:10:47:32 +0800] "GET /xingrg/javascript/easyui/themes/default/tree.css HTTP/1.1" 404 1090
116.228.172.94 - - [17/Jan/2021:10:47:32 +0800] "POST /xingrg/all/common/load_tree.html?tree=supplier_tree_json&isDelete=1 HTTP/1.1" 200 54555
183.192.164.85 - - [17/Jan/2021:10:47:33 +0800] "GET /xingrg/login.html HTTP/1.1" 200 7641
58.37.230.33 - - [17/Jan/2021:10:47:33 +0800] "GET /xingrg/kc/buy/cgsh_order_operate.html?command=get_materiel&rest_code=00141&code=00101009056&supplier_code=00100022&order_time=2021-01-17 HTTP/1.1" 200 412
116.232.195.34 - - [17/Jan/2021:10:47:34 +0800] "GET /xingrg/all/function/internal_message.html?_=1610851650290&CODE_STATE=getMsg HTTP/1.1" 200 27
180.175.150.119 - - [17/Jan/2021:10:47:34 +0800] "GET /xingrg/all/function/internal_message.html?_=1610851652588&CODE_STATE=getMsg HTTP/1.1" 200 27
117.185.32.26 - - [17/Jan/2021:10:47:37 +0800] "GET /xingrg/all/function/internal_message.html?_=1610851649839&CODE_STATE=getMsg HTTP/1.1" 200 27
61.165.42.208 - - [17/Jan/2021:10:47:37 +0800] "GET /xingrg/kc/buy/cgsh_order_operate.html?command=get_materiel&rest_code=00105&code=00101006177&supplier_code=00100012&order_time=2021-01-17 HTTP/1.1" 200 409
180.169.147.146 - - [17/Jan/2021:10:47:38 +0800] "GET /xingrg/check_reg.html?_=1610851654604 HTTP/1.1" 200 22
180.169.147.146 - - [17/Jan/2021:10:47:38 +0800] "GET /xingrg/all/function/internal_message.html?_=1610851654602&CODE_STATE=getMsg HTTP/1.1" 200 27
218.81.223.240 - - [17/Jan/2021:10:47:39 +0800] "GET /xingrg/check_reg.html?_=1610851656879 HTTP/1.1" 200 22
120.253.135.82 - - [17/Jan/2021:10:47:39 +0800] "GET /xingrg/all/function/internal_message.html?_=1610851685906&CODE_STATE=getMsg HTTP/1.1" 200 27
58.37.230.33 - - [17/Jan/2021:10:47:42 +0800] "GET /xingrg/kc/buy/cgsh_order_operate.html?command=get_materiel&rest_code=00141&code=00101009107&supplier_code=00100022&order_time=2021-01-17 HTTP/1.1" 200 396
172.20.0.100 - - [17/Jan/2021:10:47:44 +0800] "GET /xingrg/check_reg.html?_=1610851660232 HTTP/1.1" 302 -
172.20.0.100 - - [17/Jan/2021:10:47:44 +0800] "GET /xingrg/all/function/internal_message.html?_=1610851660234&CODE_STATE=getMsg HTTP/1.1" 302 -
180.162.108.15 - - [17/Jan/2021:10:47:46 +0800] "GET /xingrg/all/function/internal_message.html?_=1610851527272&CODE_STATE=getMsg HTTP/1.1" 200 27
117.131.5.26 - - [17/Jan/2021:10:47:47 +0800] "GET /xingrg/login.html HTTP/1.1" 200 7641
117.131.5.26 - - [17/Jan/2021:10:47:47 +0800] "GET /xingrg/images/blue/jxLogo.png HTTP/1.1" 304 -
117.131.5.26 - - [17/Jan/2021:10:47:47 +0800] "GET /xingrg/images/blue/hj.png HTTP/1.1" 304 -
117.131.5.26 - - [17/Jan/2021:10:47:47 +0800] "GET /xingrg/images/blue/login_bg.png HTTP/1.1" 304 -
117.131.5.26 - - [17/Jan/2021:10:47:47 +0800] "GET /xingrg/images/blue/srbg.png HTTP/1.1" 304 -
117.131.5.26 - - [17/Jan/2021:10:47:47 +0800] "GET /favicon.ico HTTP/1.1" 404 -
61.165.42.208 - - [17/Jan/2021:10:47:47 +0800] "GET /xingrg/all/function/internal_message.html?_=1610851663698&CODE_STATE=getMsg HTTP/1.1" 200 27
58.40.7.146 - - [17/Jan/2021:10:47:50 +0800] "GET /xingrg/all/function/internal_message.html?_=1610851666742&CODE_STATE=getMsg HTTP/1.1" 200 27
117.131.5.26 - - [17/Jan/2021:10:47:51 +0800] "POST /xingrg/login.do HTTP/1.1" 302 -
117.131.5.26 - - [17/Jan/2021:10:47:51 +0800] "GET /xingrg/javascript/jquery_easy_ui/themes/default/easyui.css HTTP/1.1" 304 -
117.131.5.26 - - [17/Jan/2021:10:47:51 +0800] "GET /xingrg/index.html?sysBaseUrl=http%3A%2F%2F180.169.147.146%3A18081%2Fxingrg%2F&costTime=39×tamp=1610851671559 HTTP/1.1" 200 17179
117.131.5.26 - - [17/Jan/2021:10:47:51 +0800] "GET /xingrg/javascript/jquery_easy_ui/themes/icon.css HTTP/1.1" 304 -
117.131.5.26 - - [17/Jan/2021:10:47:51 +0800] "GET /xingrg/javascript/jquery_easy_ui/jquery.easyui.min.js HTTP/1.1" 304 -
117.131.5.26 - - [17/Jan/2021:10:47:51 +0800] "GET /xingrg/javascript/jquery-1.4.2.min.js HTTP/1.1" 304 -
117.131.5.26 - - [17/Jan/2021:10:47:51 +0800] "GET /xingrg/css/form.css HTTP/1.1" 304 -
117.131.5.26 - - [17/Jan/2021:10:47:51 +0800] "GET /xingrg/javascript/jquery_easy_ui/easyui-lang-zh_CN.js HTTP/1.1" 304 -
117.131.5.26 - - [17/Jan/2021:10:47:51 +0800] "GET /xingrg/javascript/jquery.form.js HTTP/1.1" 304 -
117.131.5.26 - - [17/Jan/2021:10:47:51 +0800] "GET /xingrg/javascript/jquery.utils.js HTTP/1.1" 304 -
117.131.5.26 - - [17/Jan/2021:10:47:51 +0800] "GET /xingrg/javascript/jquery.timers.js HTTP/1.1" 304 -
117.131.5.26 - - [17/Jan/2021:10:47:51 +0800] "GET /xingrg/images/blue/jxLogo.png HTTP/1.1" 304 -
117.131.5.26 - - [17/Jan/2021:10:47:51 +0800] "GET /xingrg/images/blue/navBackgound.jpg HTTP/1.1" 304 -
117.131.5.26 - - [17/Jan/2021:10:47:51 +0800] "GET /xingrg/javascript/jquery_easy_ui/themes/icons/settle_new.png HTTP/1.1" 304 -
117.131.5.26 - - [17/Jan/2021:10:47:51 +0800] "GET /xingrg/images/blue/pingpu.png HTTP/1.1" 304 -
117.131.5.26 - - [17/Jan/2021:10:47:51 +0800] "GET /xingrg/javascript/jquery_easy_ui/themes/default/images/tabs_leftarrow.png HTTP/1.1" 304 -
117.131.5.26 - - [17/Jan/2021:10:47:51 +0800] "GET /xingrg/javascript/jquery_easy_ui/themes/default/images/tabs_rightarrow.png HTTP/1.1" 304 -
117.131.5.26 - - [17/Jan/2021:10:47:51 +0800] "GET /xingrg/javascript/jquery_easy_ui/themes/default/images/panel_tool_collapse.gif HTTP/1.1" 304 -
117.131.5.26 - - [17/Jan/2021:10:47:51 +0800] "POST /xingrg/all/common/load_tree.html?tree=area_rest_tree_json&manage=1 HTTP/1.1" 200 351
117.131.5.26 - - [17/Jan/2021:10:47:51 +0800] "GET /xingrg/javascript/jquery_easy_ui/themes/default/images/tree_arrows.gif HTTP/1.1" 304 -
117.131.5.26 - - [17/Jan/2021:10:47:51 +0800] "GET /xingrg/all/function/internal_message.html?_=1610852016891&CODE_STATE=count HTTP/1.1" 200 11
117.131.5.26 - - [17/Jan/2021:10:47:51 +0800] "GET /xingrg/check_reg.html?_=1610852016893 HTTP/1.1" 200 22
117.131.5.26 - - [17/Jan/2021:10:47:51 +0800] "POST /xingrg/load_menu.html HTTP/1.1" 200 5138
117.131.5.26 - - [17/Jan/2021:10:47:52 +0800] "GET /favicon.ico HTTP/1.1" 404 -
117.131.5.26 - - [17/Jan/2021:10:47:52 +0800] "GET /xingrg/javascript/jquery_easy_ui/themes/default/images/tree_folder_open.gif HTTP/1.1" 304 -
117.131.5.26 - - [17/Jan/2021:10:47:52 +0800] "GET /xingrg/javascript/jquery_easy_ui/themes/default/images/tree_folder.gif HTTP/1.1" 304 -
117.131.5.26 - - [17/Jan/2021:10:47:52 +0800] "GET /xingrg/javascript/jquery_easy_ui/themes/icons/search_new.png HTTP/1.1" 304 -
117.131.5.26 - - [17/Jan/2021:10:47:52 +0800] "GET /xingrg/javascript/jquery_easy_ui/themes/icons/storage_new.png HTTP/1.1" 304 -
117.131.5.26 - - [17/Jan/2021:10:47:52 +0800] "GET /xingrg/javascript/jquery_easy_ui/themes/icons/forms_new.png HTTP/1.1" 304 -
117.131.5.26 - - [17/Jan/2021:10:47:52 +0800] "GET /xingrg/javascript/jquery_easy_ui/themes/default/images/tree_file.gif HTTP/1.1" 304 -
61.165.42.208 - - [17/Jan/2021:10:47:53 +0800] "GET /xingrg/kc/buy/cgsh_order_operate.html?command=get_materiel&rest_code=00105&code=00101006056&supplier_code=00100012&order_time=2021-01-17 HTTP/1.1" 200 413
58.40.7.146 - - [17/Jan/2021:10:47:55 +0800] "POST /xingrg/services/DataTransmitService HTTP/1.1" 200 524
117.131.5.26 - - [17/Jan/2021:10:47:56 +0800] "GET /xingrg/kc/report/report_main.html HTTP/1.1" 200 7345
117.131.5.26 - - [17/Jan/2021:10:47:56 +0800] "GET /xingrg/javascript/jquery_easy_ui/themes/default/images/tabs_close.gif HTTP/1.1" 304 -
117.131.5.26 - - [17/Jan/2021:10:47:56 +0800] "GET /xingrg/css/blue.css HTTP/1.1" 304 -
117.131.5.26 - - [17/Jan/2021:10:47:56 +0800] "GET /xingrg/javascript/myfunction.js HTTP/1.1" 304 -
117.131.5.26 - - [17/Jan/2021:10:47:56 +0800] "GET /xingrg/javascript/jquery-1.4.2.min.js HTTP/1.1" 304 -
117.131.5.26 - - [17/Jan/2021:10:47:56 +0800] "GET /xingrg/javascript/jquery_ui/themes/humanity/humanity.css HTTP/1.1" 304 -
117.131.5.26 - - [17/Jan/2021:10:47:56 +0800] "GET /xingrg/javascript/json2.js HTTP/1.1" 304 -
117.131.5.26 - - [17/Jan/2021:10:47:56 +0800] "GET /xingrg/javascript/pic_change.js HTTP/1.1" 304 -
117.131.5.26 - - [17/Jan/2021:10:47:56 +0800] "GET /xingrg/javascript/jquery_easy_ui/themes/icon.css HTTP/1.1" 304 -
117.131.5.26 - - [17/Jan/2021:10:47:56 +0800] "GET /xingrg/javascript/jquery_easy_ui/themes/default/easyui.css HTTP/1.1" 304 -
117.131.5.26 - - [17/Jan/2021:10:47:56 +0800] "GET /xingrg/javascript/jquery_easy_ui/themes/icons/settle_new.png HTTP/1.1" 304 -
117.131.5.26 - - [17/Jan/2021:10:47:56 +0800] "GET /xingrg/javascript/jquery_easy_ui/themes/icons/back_new.png HTTP/1.1" 304 -
117.131.5.26 - - [17/Jan/2021:10:47:57 +0800] "GET /xingrg/kc/base/base_main.html HTTP/1.1" 200 12142
117.131.5.26 - - [17/Jan/2021:10:47:57 +0800] "GET /xingrg/javascript/pic_change.js HTTP/1.1" 304 -
117.131.5.26 - - [17/Jan/2021:10:47:57 +0800] "GET /xingrg/javascript/jquery-1.4.2.min.js HTTP/1.1" 304 -
117.131.5.26 - - [17/Jan/2021:10:47:57 +0800] "GET /xingrg/css/blue.css HTTP/1.1" 304 -
117.131.5.26 - - [17/Jan/2021:10:47:57 +0800] "GET /xingrg/javascript/myfunction.js HTTP/1.1" 304 -
117.131.5.26 - - [17/Jan/2021:10:47:57 +0800] "GET /xingrg/javascript/jquery.utils.js HTTP/1.1" 304 -
117.131.5.26 - - [17/Jan/2021:10:47:57 +0800] "GET /xingrg/javascript/jquery_easy_ui/themes/icon.css HTTP/1.1" 304 -
117.131.5.26 - - [17/Jan/2021:10:47:57 +0800] "GET /xingrg/javascript/jquery_easy_ui/themes/default/easyui.css HTTP/1.1" 304 -
117.131.5.26 - - [17/Jan/2021:10:47:57 +0800] "GET /xingrg/images/blue/button/wlsy.gif HTTP/1.1" 304 -
117.131.5.26 - - [17/Jan/2021:10:47:57 +0800] "GET /xingrg/images/blue/button/ckpd.gif HTTP/1.1" 304 -
117.131.5.26 - - [17/Jan/2021:10:47:57 +0800] "GET /xingrg/images/blue/button/ckdb.gif HTTP/1.1" 304 -
117.131.5.26 - - [17/Jan/2021:10:47:57 +0800] "GET /xingrg/images/blue/button/kc.gif HTTP/1.1" 304 -
117.131.5.26 - - [17/Jan/2021:10:47:57 +0800] "GET /xingrg/images/blue/button/yddb.gif HTTP/1.1" 304 -
117.131.5.26 - - [17/Jan/2021:10:47:57 +0800] "GET /xingrg/images/blue/pic_form2.gif HTTP/1.1" 304 -
117.131.5.26 - - [17/Jan/2021:10:47:57 +0800] "GET /xingrg/images/blue/bg_dotted.jpg HTTP/1.1" 304 -
117.131.5.26 - - [17/Jan/2021:10:47:57 +0800] "GET /xingrg/images/blue/button/top_left.jpg HTTP/1.1" 304 -
117.131.5.26 - - [17/Jan/2021:10:47:57 +0800] "GET /xingrg/images/blue/button/top_right.jpg HTTP/1.1" 304 -
117.131.5.26 - - [17/Jan/2021:10:47:57 +0800] "GET /xingrg/images/blue/button/down.jpg HTTP/1.1" 304 -
117.131.5.26 - - [17/Jan/2021:10:47:57 +0800] "GET /xingrg/images/blue/button/left_ah.jpg HTTP/1.1" 304 -
117.131.5.26 - - [17/Jan/2021:10:47:57 +0800] "GET /xingrg/images/blue/button/right_ah.jpg HTTP/1.1" 304 -
117.131.5.26 - - [17/Jan/2021:10:47:57 +0800] "GET /xingrg/images/blue/button/bottom_right.jpg HTTP/1.1" 304 -
117.131.5.26 - - [17/Jan/2021:10:47:57 +0800] "GET /xingrg/images/blue/button/bottom_left.jpg HTTP/1.1" 304 -
117.131.5.26 - - [17/Jan/2021:10:47:58 +0800] "GET /xingrg/css/base.css HTTP/1.1" 304 -
117.131.5.26 - - [17/Jan/2021:10:47:58 +0800] "GET /xingrg/css/site.css HTTP/1.1" 304 -
117.131.5.26 - - [17/Jan/2021:10:47:58 +0800] "GET /xingrg/kc/base/wldb_order_list.html HTTP/1.1" 200 19345
117.131.5.26 - - [17/Jan/2021:10:47:58 +0800] "GET /xingrg/javascript/jquery_tools/datebox.css HTTP/1.1" 304 -
117.131.5.26 - - [17/Jan/2021:10:47:58 +0800] "GET /xingrg/javascript/easyui/themes/icon.css HTTP/1.1" 304 -
117.131.5.26 - - [17/Jan/2021:10:47:58 +0800] "GET /xingrg/javascript/easyui/themes/default/easyui.css HTTP/1.1" 304 -
117.131.5.26 - - [17/Jan/2021:10:47:58 +0800] "GET /xingrg/javascript/auto/jquery.autocomplete.css HTTP/1.1" 304 -
117.131.5.26 - - [17/Jan/2021:10:47:58 +0800] "GET /xingrg/javascript/jquery_tools/fix.css HTTP/1.1" 304 -
117.131.5.26 - - [17/Jan/2021:10:47:58 +0800] "GET /xingrg/javascript/jquery_tools/jquery.tools.min.js HTTP/1.1" 304 -
117.131.5.26 - - [17/Jan/2021:10:47:58 +0800] "GET /xingrg/javascript/jquery_tools/table.css HTTP/1.1" 304 -
117.131.5.26 - - [17/Jan/2021:10:47:58 +0800] "GET /xingrg/javascript/jquery_tools/jquery.tools.hotkey.js HTTP/1.1" 304 -
180.169.147.146 - - [17/Jan/2021:10:47:58 +0800] "GET /xingrg/all/function/internal_message.html?_=1610851674545&CODE_STATE=getMsg HTTP/1.1" 200 27
117.131.5.26 - - [17/Jan/2021:10:47:58 +0800] "GET /xingrg/javascript/jquery_tools/jquery.tools.table.js HTTP/1.1" 304 -
117.131.5.26 - - [17/Jan/2021:10:47:58 +0800] "GET /xingrg/javascript/easyui/easyloader.js HTTP/1.1" 304 -
117.131.5.26 - - [17/Jan/2021:10:47:58 +0800] "GET /xingrg/javascript/jquery_tools/jquery.tools.extend.js HTTP/1.1" 304 -
117.131.5.26 - - [17/Jan/2021:10:47:58 +0800] "GET /xingrg/javascript/jquery.utils.js HTTP/1.1" 304 -
117.131.5.26 - - [17/Jan/2021:10:47:58 +0800] "GET /xingrg/javascript/jquery.cookie.js HTTP/1.1" 304 -
117.131.5.26 - - [17/Jan/2021:10:47:58 +0800] "GET /xingrg/javascript/print/LodopFuncs.js HTTP/1.1" 304 -
117.131.5.26 - - [17/Jan/2021:10:47:58 +0800] "GET /xingrg/javascript/jquery_tools/list_manager.js HTTP/1.1" 304 -
117.131.5.26 - - [17/Jan/2021:10:47:58 +0800] "GET /xingrg/javascript/auto/jquery.autocomplete.js HTTP/1.1" 304 -
117.131.5.26 - - [17/Jan/2021:10:47:59 +0800] "GET /xingrg/javascript/easyui/themes/icons/cance_new.png HTTP/1.1" 304 -
117.131.5.26 - - [17/Jan/2021:10:47:59 +0800] "GET /xingrg/javascript/easyui/themes/icons/edit_add_new.png HTTP/1.1" 304 -
117.131.5.26 - - [17/Jan/2021:10:47:59 +0800] "GET /xingrg/javascript/easyui/themes/icons/check_new.png HTTP/1.1" 304 -
117.131.5.26 - - [17/Jan/2021:10:47:59 +0800] "GET /xingrg/javascript/easyui/plugins/jquery.parser.js HTTP/1.1" 304 -
117.131.5.26 - - [17/Jan/2021:10:47:59 +0800] "GET /xingrg/javascript/easyui/themes/icons/field_new.png HTTP/1.1" 304 -
117.131.5.26 - - [17/Jan/2021:10:47:59 +0800] "GET /xingrg/javascript/easyui/themes/icons/import_new.png HTTP/1.1" 304 -
117.131.5.26 - - [17/Jan/2021:10:47:59 +0800] "GET /xingrg/images/control/ajaxLoader.gif HTTP/1.1" 304 -
117.131.5.26 - - [17/Jan/2021:10:47:59 +0800] "POST /xingrg/kc/base/wldb_list_operate.html HTTP/1.1" 200 928
120.253.135.82 - - [17/Jan/2021:10:47:59 +0800] "GET /xingrg/all/function/internal_message.html?_=1610851782705&CODE_STATE=getMsg HTTP/1.1" 200 27
117.131.5.26 - - [17/Jan/2021:10:47:59 +0800] "GET /xingrg/javascript/jquery_easy_ui/themes/icons/area.png HTTP/1.1" 304 -
117.131.5.26 - - [17/Jan/2021:10:47:59 +0800] "GET /xingrg/javascript/jquery_easy_ui/themes/icons/rest.png HTTP/1.1" 304 -
58.37.230.33 - - [17/Jan/2021:10:47:59 +0800] "POST /xingrg/kc/buy/cgsh_order_operate.html HTTP/1.1" 200 37
117.131.5.26 - - [17/Jan/2021:10:48:00 +0800] "GET /xingrg/javascript/easyui/themes/default/images/button_plain_hover.png HTTP/1.1" 304 -
117.131.5.26 - - [17/Jan/2021:10:48:01 +0800] "GET /xingrg/javascript/easyui/themes/default/images/button_plain_hover.png HTTP/1.1" 304 -
117.131.5.26 - - [17/Jan/2021:10:48:01 +0800] "GET /xingrg/javascript/easyui/themes/default/images/button_plain_hover.png HTTP/1.1" 304 -
117.131.5.26 - - [17/Jan/2021:10:48:01 +0800] "GET /xingrg/javascript/easyui/themes/default/images/button_plain_hover.png HTTP/1.1" 304 -
117.131.5.26 - - [17/Jan/2021:10:48:01 +0800] "GET /xingrg/kc/base/wldb_order_add.html HTTP/1.1" 200 30504
117.131.5.26 - - [17/Jan/2021:10:48:01 +0800] "GET /xingrg/css/base.css HTTP/1.1" 304 -
117.131.5.26 - - [17/Jan/2021:10:48:01 +0800] "GET /xingrg/css/site.css HTTP/1.1" 304 -
117.131.5.26 - - [17/Jan/2021:10:48:01 +0800] "GET /xingrg/javascript/jquery_tools/datebox.css HTTP/1.1" 304 -
117.131.5.26 - - [17/Jan/2021:10:48:01 +0800] "GET /xingrg/javascript/easyui/themes/icon.css HTTP/1.1" 304 -
117.131.5.26 - - [17/Jan/2021:10:48:01 +0800] "GET /xingrg/javascript/easyui/themes/default/easyui.css HTTP/1.1" 304 -
117.131.5.26 - - [17/Jan/2021:10:48:01 +0800] "GET /xingrg/javascript/auto/jquery.autocomplete.css HTTP/1.1" 304 -
117.131.5.26 - - [17/Jan/2021:10:48:01 +0800] "GET /xingrg/javascript/jquery_tools/fix.css HTTP/1.1" 304 -
117.131.5.26 - - [17/Jan/2021:10:48:01 +0800] "GET /xingrg/javascript/jquery_tools/jquery.tools.min.js HTTP/1.1" 304 -
117.131.5.26 - - [17/Jan/2021:10:48:01 +0800] "GET /xingrg/javascript/jquery_tools/table.css HTTP/1.1" 304 -
117.131.5.26 - - [17/Jan/2021:10:48:01 +0800] "GET /xingrg/javascript/jquery_tools/jquery.tools.extend.js HTTP/1.1" 304 -
117.131.5.26 - - [17/Jan/2021:10:48:01 +0800] "GET /xingrg/javascript/jquery_tools/jquery.tools.table.js HTTP/1.1" 304 -
117.131.5.26 - - [17/Jan/2021:10:48:01 +0800] "GET /xingrg/javascript/easyui/easyloader.js HTTP/1.1" 304 -
117.131.5.26 - - [17/Jan/2021:10:48:01 +0800] "GET /xingrg/javascript/jquery_tools/jquery.tools.hotkey.js HTTP/1.1" 304 -
117.131.5.26 - - [17/Jan/2021:10:48:01 +0800] "GET /xingrg/javascript/json2.js HTTP/1.1" 304 -
117.131.5.26 - - [17/Jan/2021:10:48:01 +0800] "GET /xingrg/javascript/jquery_tools/order_manager.js HTTP/1.1" 304 -
117.131.5.26 - - [17/Jan/2021:10:48:01 +0800] "GET /xingrg/javascript/pic_change.js HTTP/1.1" 304 -
117.131.5.26 - - [17/Jan/2021:10:48:01 +0800] "GET /xingrg/javascript/convert.js HTTP/1.1" 304 -
117.131.5.26 - - [17/Jan/2021:10:48:01 +0800] "GET /xingrg/javascript/print/kc_print.js HTTP/1.1" 304 -
117.131.5.26 - - [17/Jan/2021:10:48:01 +0800] "GET /xingrg/javascript/print/LodopFuncs.js HTTP/1.1" 304 -
117.131.5.26 - - [17/Jan/2021:10:48:01 +0800] "GET /xingrg/javascript/jquery.utils.js HTTP/1.1" 304 -
117.131.5.26 - - [17/Jan/2021:10:48:01 +0800] "GET /xingrg/javascript/auto/jquery.autocomplete.js HTTP/1.1" 304 -
117.131.5.26 - - [17/Jan/2021:10:48:01 +0800] "GET /xingrg/words/20210117103812_words.js HTTP/1.1" 200 789919
117.131.5.26 - - [17/Jan/2021:10:48:01 +0800] "GET /xingrg/javascript/easyui/themes/icons/template_new.png HTTP/1.1" 304 -
117.131.5.26 - - [17/Jan/2021:10:48:01 +0800] "GET /xingrg/javascript/easyui/themes/icons/ok.png HTTP/1.1" 304 -
117.131.5.26 - - [17/Jan/2021:10:48:01 +0800] "GET /xingrg/javascript/easyui/themes/icons/print.png HTTP/1.1" 304 -
117.131.5.26 - - [17/Jan/2021:10:48:01 +0800] "GET /xingrg/javascript/easyui/themes/default/images/menu_downarrow.png HTTP/1.1" 304 -
117.131.5.26 - - [17/Jan/2021:10:48:01 +0800] "GET /xingrg/javascript/easyui/themes/icons/cancel.png HTTP/1.1" 304 -
117.131.5.26 - - [17/Jan/2021:10:48:02 +0800] "GET /xingrg/javascript/easyui/plugins/jquery.parser.js HTTP/1.1" 304 -
117.131.5.26 - - [17/Jan/2021:10:48:02 +0800] "POST /xingrg/kc/base/wldb_order_operate.html HTTP/1.1" 200 6806
117.131.5.26 - - [17/Jan/2021:10:48:02 +0800] "GET /xingrg/all/common/auto_word.html?type=base&rest_code=00104 HTTP/1.1" 200 1753
117.131.5.26 - - [17/Jan/2021:10:48:02 +0800] "GET /xingrg/all/common/auto_word.html?type=base&rest_code=00104 HTTP/1.1" 200 1753
180.156.237.57 - - [17/Jan/2021:10:48:02 +0800] "GET /xingrg/all/function/internal_message.html?_=1610851681311&CODE_STATE=getMsg HTTP/1.1" 200 27
117.131.5.26 - - [17/Jan/2021:10:48:02 +0800] "GET /xingrg/words/20210117103812_words.js HTTP/1.1" 304 -
117.131.5.26 - - [17/Jan/2021:10:48:02 +0800] "GET /xingrg/javascript/easyui/themes/default/validatebox.css HTTP/1.1" 404 1104
117.131.5.26 - - [17/Jan/2021:10:48:02 +0800] "GET /xingrg/javascript/easyui/plugins/jquery.validatebox.js HTTP/1.1" 304 -
117.131.5.26 - - [17/Jan/2021:10:48:02 +0800] "GET /xingrg/javascript/easyui/plugins/jquery.numberbox.js HTTP/1.1" 304 -
117.131.5.26 - - [17/Jan/2021:10:48:02 +0800] "GET /xingrg/javascript/easyui/themes/icons/edit_remove.png HTTP/1.1" 304 -
117.131.5.26 - - [17/Jan/2021:10:48:02 +0800] "GET /xingrg/javascript/auto/indicator.gif HTTP/1.1" 404 1066
58.37.230.33 - - [17/Jan/2021:10:48:03 +0800] "POST /xingrg/kc/buy/cgsh_order_operate.html HTTP/1.1" 200 12
58.37.230.33 - - [17/Jan/2021:10:48:04 +0800] "GET /xingrg/kc/buy/cgsh_order_info.html?code=212021011707538 HTTP/1.1" 200 56861
116.228.172.94 - - [17/Jan/2021:10:48:04 +0800] "GET /xingrg/kc/buy/cgsh_order_operate.html?command=get_materiel&rest_code=00107&code=00101001127&supplier_code=00100442&order_time=2021-01-17 HTTP/1.1" 200 431
58.37.230.33 - - [17/Jan/2021:10:48:04 +0800] "GET /xingrg/javascript/easyui/themes/default/validatebox.css HTTP/1.1" 404 1104
58.37.230.33 - - [17/Jan/2021:10:48:05 +0800] "POST /xingrg/kc/buy/cgsh_order_operate.html HTTP/1.1" 200 2977
58.37.230.33 - - [17/Jan/2021:10:48:06 +0800] "GET /xingrg/kc/print/load_config.html?kc_code=cgsh HTTP/1.1" 200 1845
58.37.230.33 - - [17/Jan/2021:10:48:07 +0800] "GET /xingrg/kc/print/load_data.html?order_code=212021011707538&kc_code=cgsh&condition= HTTP/1.1" 200 1648
222.70.179.222 - - [17/Jan/2021:10:48:08 +0800] "GET /xingrg/all/function/internal_message.html?_=1610851683214&CODE_STATE=getMsg HTTP/1.1" 200 27
61.165.42.208 - - [17/Jan/2021:10:48:08 +0800] "GET /xingrg/kc/buy/cgsh_order_operate.html?command=get_materiel&rest_code=00105&code=00101006131&supplier_code=00100012&order_time=2021-01-17 HTTP/1.1" 200 417
180.169.147.146 - - [17/Jan/2021:10:48:08 +0800] "GET /xingrg/all/function/internal_message.html?_=1610851685509&CODE_STATE=getMsg HTTP/1.1" 200 27
116.228.172.94 - - [17/Jan/2021:10:48:11 +0800] "GET /xingrg/check_reg.html?_=1610851687307 HTTP/1.1" 200 22
58.37.230.33 - - [17/Jan/2021:10:48:11 +0800] "GET /xingrg/kc/buy/cgsh_order_add.html HTTP/1.1" 200 61961
58.37.230.33 - - [17/Jan/2021:10:48:12 +0800] "GET /xingrg/javascript/easyui/themes/default/validatebox.css HTTP/1.1" 404 1104
58.37.230.33 - - [17/Jan/2021:10:48:12 +0800] "POST /xingrg/kc/buy/cgsh_order_operate.html HTTP/1.1" 200 8245
117.131.5.26 - - [17/Jan/2021:10:48:13 +0800] "GET /xingrg/kc/base/wldb_order_operate.html?command=get_materiel&rest_code=00104&base_code=0010034&code=00101014007 HTTP/1.1" 200 435
116.228.172.94 - - [17/Jan/2021:10:48:13 +0800] "GET /xingrg/all/function/internal_message.html?_=1610851690022&CODE_STATE=getMsg HTTP/1.1" 200 27
117.184.7.26 - - [17/Jan/2021:10:48:14 +0800] "GET /xingrg/all/function/internal_message.html?_=1610851675835&CODE_STATE=getMsg HTTP/1.1" 200 27
180.169.147.146 - - [17/Jan/2021:10:48:16 +0800] "GET /xingrg/all/function/internal_message.html?_=1610851692705&CODE_STATE=getMsg HTTP/1.1" 200 27
116.228.172.94 - - [17/Jan/2021:10:48:16 +0800] "POST /xingrg/kc/buy/cgsh_order_operate.html HTTP/1.1" 200 37
61.165.42.208 - - [17/Jan/2021:10:48:18 +0800] "POST /xingrg/kc/buy/cgsh_order_operate.html HTTP/1.1" 200 37
218.81.223.240 - - [17/Jan/2021:10:48:18 +0800] "GET /xingrg/all/function/internal_message.html?_=1610851695905&CODE_STATE=getMsg HTTP/1.1" 200 27
180.156.237.57 - - [17/Jan/2021:10:48:19 +0800] "GET /xingrg/all/function/internal_message.html?_=1610851679610&CODE_STATE=getMsg HTTP/1.1" 200 27
116.228.172.94 - - [17/Jan/2021:10:48:19 +0800] "POST /xingrg/kc/buy/cgsh_order_operate.html HTTP/1.1" 200 2676
61.165.42.208 - - [17/Jan/2021:10:48:19 +0800] "POST /xingrg/kc/buy/cgsh_order_operate.html HTTP/1.1" 200 9841
116.232.48.136 - - [17/Jan/2021:10:48:20 +0800] "GET /xingrg/all/function/internal_message.html?_=1610851751031&CODE_STATE=getMsg HTTP/1.1" 200 27
117.131.5.26 - - [17/Jan/2021:10:48:20 +0800] "GET /xingrg/kc/base/base_main.html HTTP/1.1" 200 12142
117.131.5.26 - - [17/Jan/2021:10:48:20 +0800] "GET /xingrg/css/blue.css HTTP/1.1" 304 -
117.131.5.26 - - [17/Jan/2021:10:48:20 +0800] "GET /xingrg/javascript/pic_change.js HTTP/1.1" 304 -
117.131.5.26 - - [17/Jan/2021:10:48:20 +0800] "GET /xingrg/javascript/myfunction.js HTTP/1.1" 304 -
117.131.5.26 - - [17/Jan/2021:10:48:20 +0800] "GET /xingrg/javascript/jquery-1.4.2.min.js HTTP/1.1" 304 -
