120.253.135.82 - - [17/Jan/2021:09:45:34 +0800] "POST /xingrg/all/report/load_report_page.html HTTP/1.1" 200 25113
120.253.135.82 - - [17/Jan/2021:09:45:35 +0800] "GET /xingrg/servlets/image?cache=0.4276300542473547&image=px HTTP/1.1" 200 807
116.228.172.94 - - [17/Jan/2021:09:45:36 +0800] "GET /xingrg/check_reg.html?_=1610847932148 HTTP/1.1" 200 22
116.228.172.94 - - [17/Jan/2021:09:45:36 +0800] "GET /xingrg/all/function/internal_message.html?_=1610847932531&CODE_STATE=getMsg HTTP/1.1" 200 27
222.70.179.222 - - [17/Jan/2021:09:45:38 +0800] "GET /xingrg/kc/buy/cgsh_order_operate.html?command=get_materiel&rest_code=00111&code=00101007072&supplier_code=00100004&order_time=2021-01-17 HTTP/1.1" 200 413
180.169.147.146 - - [17/Jan/2021:09:45:38 +0800] "GET /xingrg/all/function/internal_message.html?_=1610847934484&CODE_STATE=getMsg HTTP/1.1" 200 27
120.253.135.82 - - [17/Jan/2021:09:45:38 +0800] "GET /xingrg/all/function/internal_message.html?_=1610847965050&CODE_STATE=getMsg HTTP/1.1" 200 27
117.131.5.26 - - [17/Jan/2021:09:45:43 +0800] "GET /xingrg/kc/buy/cgsh_order_operate.html?command=get_materiel&rest_code=00104&code=00102011033&supplier_code=00100151&order_time=2021-01-17 HTTP/1.1" 200 440
172.20.0.100 - - [17/Jan/2021:09:45:44 +0800] "GET /xingrg/all/function/internal_message.html?_=1610847940239&CODE_STATE=getMsg HTTP/1.1" 302 -
61.165.42.208 - - [17/Jan/2021:09:45:47 +0800] "GET /xingrg/all/function/internal_message.html?_=1610847943640&CODE_STATE=getMsg HTTP/1.1" 200 27
222.70.179.222 - - [17/Jan/2021:09:45:50 +0800] "GET /xingrg/kc/buy/cgsh_order_operate.html?command=get_materiel&rest_code=00111&code=00101007061&supplier_code=00100004&order_time=2021-01-17 HTTP/1.1" 200 409
58.40.7.146 - - [17/Jan/2021:09:45:50 +0800] "GET /xingrg/check_reg.html?_=1610847946692 HTTP/1.1" 200 22
58.40.7.146 - - [17/Jan/2021:09:45:50 +0800] "GET /xingrg/all/function/internal_message.html?_=1610847946694&CODE_STATE=getMsg HTTP/1.1" 200 27
120.253.135.82 - - [17/Jan/2021:09:45:58 +0800] "GET /xingrg/all/function/internal_message.html?_=1610848061443&CODE_STATE=getMsg HTTP/1.1" 200 27
222.70.179.222 - - [17/Jan/2021:09:46:01 +0800] "POST /xingrg/kc/buy/cgsh_order_operate.html HTTP/1.1" 200 37
180.175.150.119 - - [17/Jan/2021:09:46:02 +0800] "GET /xingrg/all/function/internal_message.html?_=1610848200543&CODE_STATE=getMsg HTTP/1.1" 200 27
222.70.179.222 - - [17/Jan/2021:09:46:03 +0800] "POST /xingrg/kc/buy/cgsh_order_operate.html HTTP/1.1" 200 4424
222.70.179.222 - - [17/Jan/2021:09:46:03 +0800] "GET /xingrg/all/function/internal_message.html?_=1610847958742&CODE_STATE=getMsg HTTP/1.1" 200 27
222.70.179.222 - - [17/Jan/2021:09:46:05 +0800] "GET /xingrg/kc/print/load_data.html?order_code=212021011707502&kc_code=cgsh&condition= HTTP/1.1" 200 1391
180.169.147.146 - - [17/Jan/2021:09:46:08 +0800] "GET /xingrg/all/function/internal_message.html?_=1610847965400&CODE_STATE=getMsg HTTP/1.1" 200 27
180.169.147.146 - - [17/Jan/2021:09:46:08 +0800] "GET /xingrg/check_reg.html?_=1610847965403 HTTP/1.1" 200 22
218.81.223.240 - - [17/Jan/2021:09:46:12 +0800] "GET /xingrg/all/function/internal_message.html?_=1610847969525&CODE_STATE=getMsg HTTP/1.1" 200 27
180.169.147.146 - - [17/Jan/2021:09:46:16 +0800] "GET /xingrg/all/function/internal_message.html?_=1610847972594&CODE_STATE=getMsg HTTP/1.1" 200 27
180.169.147.146 - - [17/Jan/2021:09:46:16 +0800] "GET /xingrg/check_reg.html?_=1610847972597 HTTP/1.1" 200 22
180.156.237.57 - - [17/Jan/2021:09:46:17 +0800] "GET /xingrg/all/function/internal_message.html?_=1610847958274&CODE_STATE=getMsg HTTP/1.1" 200 27
116.232.48.136 - - [17/Jan/2021:09:46:25 +0800] "GET /xingrg/all/function/internal_message.html?_=1610848030968&CODE_STATE=getMsg HTTP/1.1" 200 27
101.85.93.83 - - [17/Jan/2021:09:46:27 +0800] "GET /xingrg/all/function/internal_message.html?_=1610847643320&CODE_STATE=getMsg HTTP/1.1" 200 27
180.156.237.57 - - [17/Jan/2021:09:46:27 +0800] "GET /xingrg/all/function/internal_message.html?_=1610847986459&CODE_STATE=getMsg HTTP/1.1" 200 27
117.131.5.26 - - [17/Jan/2021:09:46:27 +0800] "GET /xingrg/all/function/internal_message.html?_=1610848035132&CODE_STATE=getMsg HTTP/1.1" 200 27
222.69.132.103 - - [17/Jan/2021:09:46:30 +0800] "GET /xingrg/all/function/internal_message.html?_=1610847986483&CODE_STATE=getMsg HTTP/1.1" 200 27
222.70.179.222 - - [17/Jan/2021:09:46:31 +0800] "GET /xingrg/kc/buy/cgsh_order_add.html HTTP/1.1" 200 61886
222.70.179.222 - - [17/Jan/2021:09:46:31 +0800] "POST /xingrg/kc/buy/cgsh_order_operate.html HTTP/1.1" 200 8245
222.70.179.222 - - [17/Jan/2021:09:46:31 +0800] "GET /xingrg/javascript/easyui/themes/default/validatebox.css HTTP/1.1" 404 1104
116.232.195.34 - - [17/Jan/2021:09:46:34 +0800] "GET /xingrg/all/function/internal_message.html?_=1610847988735&CODE_STATE=getMsg HTTP/1.1" 200 27
116.228.172.94 - - [17/Jan/2021:09:46:36 +0800] "GET /xingrg/all/function/internal_message.html?_=1610847992515&CODE_STATE=getMsg HTTP/1.1" 200 27
180.169.147.146 - - [17/Jan/2021:09:46:38 +0800] "GET /xingrg/all/function/internal_message.html?_=1610847994486&CODE_STATE=getMsg HTTP/1.1" 200 27
120.253.135.82 - - [17/Jan/2021:09:46:38 +0800] "GET /xingrg/all/function/internal_message.html?_=1610848025069&CODE_STATE=getMsg HTTP/1.1" 200 27
117.131.5.26 - - [17/Jan/2021:09:46:41 +0800] "GET /xingrg/kc/buy/cgsh_order_operate.html?command=get_materiel&rest_code=00104&code=00102002043&supplier_code=00100151&order_time=2021-01-17 HTTP/1.1" 200 409
222.70.179.222 - - [17/Jan/2021:09:46:44 +0800] "GET /xingrg/kc/buy/cgsh_order_operate.html?command=get_materiel&rest_code=00111&code=00101008003&supplier_code=00100037&order_time=2021-01-17 HTTP/1.1" 200 408
172.20.0.100 - - [17/Jan/2021:09:46:44 +0800] "GET /xingrg/all/function/internal_message.html?_=1610848000245&CODE_STATE=getMsg HTTP/1.1" 302 -
61.165.42.208 - - [17/Jan/2021:09:46:46 +0800] "POST /xingrg/kc/buy/cgsh_list_operate.html HTTP/1.1" 200 581
61.165.42.208 - - [17/Jan/2021:09:46:46 +0800] "GET /xingrg/kc/buy/cgsh_order_info.html?code=212021011707493 HTTP/1.1" 200 61936
61.165.42.208 - - [17/Jan/2021:09:46:47 +0800] "GET /xingrg/javascript/easyui/themes/default/validatebox.css HTTP/1.1" 404 1104
61.165.42.208 - - [17/Jan/2021:09:46:47 +0800] "POST /xingrg/kc/buy/cgsh_order_operate.html HTTP/1.1" 200 63518
61.165.42.208 - - [17/Jan/2021:09:46:47 +0800] "GET /xingrg/check_reg.html?_=1610848003646 HTTP/1.1" 200 22
61.165.42.208 - - [17/Jan/2021:09:46:47 +0800] "GET /xingrg/all/function/internal_message.html?_=1610848003647&CODE_STATE=getMsg HTTP/1.1" 200 27
58.40.7.146 - - [17/Jan/2021:09:46:50 +0800] "GET /xingrg/all/function/internal_message.html?_=1610848006697&CODE_STATE=getMsg HTTP/1.1" 200 27
120.253.135.82 - - [17/Jan/2021:09:46:58 +0800] "GET /xingrg/all/function/internal_message.html?_=1610848121474&CODE_STATE=getMsg HTTP/1.1" 200 27
180.175.150.119 - - [17/Jan/2021:09:47:02 +0800] "GET /xingrg/all/function/internal_message.html?_=1610848260557&CODE_STATE=getMsg HTTP/1.1" 200 27
222.70.179.222 - - [17/Jan/2021:09:47:03 +0800] "GET /xingrg/all/function/internal_message.html?_=1610848018754&CODE_STATE=getMsg HTTP/1.1" 200 27
180.169.147.146 - - [17/Jan/2021:09:47:08 +0800] "GET /xingrg/all/function/internal_message.html?_=1610848025388&CODE_STATE=getMsg HTTP/1.1" 200 27
218.81.223.240 - - [17/Jan/2021:09:47:12 +0800] "GET /xingrg/all/function/internal_message.html?_=1610848029747&CODE_STATE=getMsg HTTP/1.1" 200 27
180.169.147.146 - - [17/Jan/2021:09:47:16 +0800] "GET /xingrg/all/function/internal_message.html?_=1610848032597&CODE_STATE=getMsg HTTP/1.1" 200 27
180.156.237.57 - - [17/Jan/2021:09:47:17 +0800] "GET /xingrg/all/function/internal_message.html?_=1610848018277&CODE_STATE=getMsg HTTP/1.1" 200 27
120.253.135.82 - - [17/Jan/2021:09:47:23 +0800] "GET /xingrg/check_reg.html?_=1610848069856 HTTP/1.1" 200 22
116.232.48.136 - - [17/Jan/2021:09:47:25 +0800] "GET /xingrg/check_reg.html?_=1610848090968 HTTP/1.1" 200 22
116.232.48.136 - - [17/Jan/2021:09:47:25 +0800] "GET /xingrg/all/function/internal_message.html?_=1610848090968&CODE_STATE=getMsg HTTP/1.1" 200 27
117.131.5.26 - - [17/Jan/2021:09:47:26 +0800] "GET /xingrg/check_reg.html?_=1610848094102 HTTP/1.1" 200 22
101.85.93.83 - - [17/Jan/2021:09:47:27 +0800] "GET /xingrg/all/function/internal_message.html?_=1610847703320&CODE_STATE=getMsg HTTP/1.1" 200 27
117.131.5.26 - - [17/Jan/2021:09:47:27 +0800] "GET /xingrg/all/function/internal_message.html?_=1610848095106&CODE_STATE=getMsg HTTP/1.1" 200 27
180.156.237.57 - - [17/Jan/2021:09:47:27 +0800] "GET /xingrg/all/function/internal_message.html?_=1610848046455&CODE_STATE=getMsg HTTP/1.1" 200 27
222.69.132.103 - - [17/Jan/2021:09:47:30 +0800] "GET /xingrg/all/function/internal_message.html?_=1610848046498&CODE_STATE=getMsg HTTP/1.1" 200 27
222.70.179.222 - - [17/Jan/2021:09:47:32 +0800] "GET /xingrg/kc/buy/cgsh_order_operate.html?command=get_materiel&rest_code=00111&code=00101007109&supplier_code=00100037&order_time=2021-01-17 HTTP/1.1" 200 408
116.232.195.34 - - [17/Jan/2021:09:47:34 +0800] "GET /xingrg/all/function/internal_message.html?_=1610848048737&CODE_STATE=getMsg HTTP/1.1" 200 27
116.228.172.94 - - [17/Jan/2021:09:47:36 +0800] "GET /xingrg/all/function/internal_message.html?_=1610848052498&CODE_STATE=getMsg HTTP/1.1" 200 27
180.169.147.146 - - [17/Jan/2021:09:47:38 +0800] "GET /xingrg/check_reg.html?_=1610848054492 HTTP/1.1" 200 22
180.169.147.146 - - [17/Jan/2021:09:47:38 +0800] "GET /xingrg/all/function/internal_message.html?_=1610848054487&CODE_STATE=getMsg HTTP/1.1" 200 27
120.253.135.82 - - [17/Jan/2021:09:47:38 +0800] "GET /xingrg/all/function/internal_message.html?_=1610848085075&CODE_STATE=getMsg HTTP/1.1" 200 27
218.81.223.240 - - [17/Jan/2021:09:47:39 +0800] "GET /xingrg/check_reg.html?_=1610848056542 HTTP/1.1" 200 22
117.131.5.26 - - [17/Jan/2021:09:47:40 +0800] "GET /xingrg/kc/buy/cgsh_order_operate.html?command=get_materiel&rest_code=00104&code=00102003464&supplier_code=00100151&order_time=2021-01-17 HTTP/1.1" 200 406
222.70.179.222 - - [17/Jan/2021:09:47:42 +0800] "GET /xingrg/kc/buy/cgsh_order_operate.html?command=get_materiel&rest_code=00111&code=00101012010&supplier_code=00100037&order_time=2021-01-17 HTTP/1.1" 200 429
172.20.0.100 - - [17/Jan/2021:09:47:44 +0800] "GET /xingrg/all/function/internal_message.html?_=1610848060234&CODE_STATE=getMsg HTTP/1.1" 302 -
172.20.0.100 - - [17/Jan/2021:09:47:44 +0800] "GET /xingrg/check_reg.html?_=1610848060236 HTTP/1.1" 302 -
61.165.42.208 - - [17/Jan/2021:09:47:47 +0800] "GET /xingrg/all/function/internal_message.html?_=1610848063644&CODE_STATE=getMsg HTTP/1.1" 200 27
58.40.7.146 - - [17/Jan/2021:09:47:50 +0800] "GET /xingrg/all/function/internal_message.html?_=1610848066700&CODE_STATE=getMsg HTTP/1.1" 200 27
117.131.5.26 - - [17/Jan/2021:09:47:55 +0800] "GET /xingrg/kc/buy/cgsh_order_operate.html?command=get_materiel&rest_code=00104&code=00102010531&supplier_code=00100151&order_time=2021-01-17 HTTP/1.1" 200 414
120.253.135.82 - - [17/Jan/2021:09:47:58 +0800] "GET /xingrg/all/function/internal_message.html?_=1610848181486&CODE_STATE=getMsg HTTP/1.1" 200 27
180.175.150.119 - - [17/Jan/2021:09:48:02 +0800] "GET /xingrg/all/function/internal_message.html?_=1610848320571&CODE_STATE=getMsg HTTP/1.1" 200 27
222.70.179.222 - - [17/Jan/2021:09:48:03 +0800] "GET /xingrg/all/function/internal_message.html?_=1610848078767&CODE_STATE=getMsg HTTP/1.1" 200 27
180.169.147.146 - - [17/Jan/2021:09:48:08 +0800] "GET /xingrg/all/function/internal_message.html?_=1610848085388&CODE_STATE=getMsg HTTP/1.1" 200 27
218.81.223.240 - - [17/Jan/2021:09:48:12 +0800] "GET /xingrg/all/function/internal_message.html?_=1610848089755&CODE_STATE=getMsg HTTP/1.1" 200 27
222.70.179.222 - - [17/Jan/2021:09:48:13 +0800] "GET /xingrg/kc/buy/cgsh_order_operate.html?command=get_materiel&rest_code=00111&code=00101006007&supplier_code=00100037&order_time=2021-01-17 HTTP/1.1" 200 417
180.169.147.146 - - [17/Jan/2021:09:48:16 +0800] "GET /xingrg/all/function/internal_message.html?_=1610848092597&CODE_STATE=getMsg HTTP/1.1" 200 27
180.156.237.57 - - [17/Jan/2021:09:48:17 +0800] "GET /xingrg/all/function/internal_message.html?_=1610848078316&CODE_STATE=getMsg HTTP/1.1" 200 27
116.232.48.136 - - [17/Jan/2021:09:48:24 +0800] "GET /xingrg/all/function/internal_message.html?_=1610848150968&CODE_STATE=getMsg HTTP/1.1" 200 27
101.85.93.83 - - [17/Jan/2021:09:48:27 +0800] "GET /xingrg/all/function/internal_message.html?_=1610847763322&CODE_STATE=getMsg HTTP/1.1" 200 27
101.85.93.83 - - [17/Jan/2021:09:48:27 +0800] "GET /xingrg/check_reg.html?_=1610847763319 HTTP/1.1" 200 22
117.131.5.26 - - [17/Jan/2021:09:48:27 +0800] "GET /xingrg/all/function/internal_message.html?_=1610848155077&CODE_STATE=getMsg HTTP/1.1" 200 27
180.156.237.57 - - [17/Jan/2021:09:48:27 +0800] "GET /xingrg/all/function/internal_message.html?_=1610848106454&CODE_STATE=getMsg HTTP/1.1" 200 27
180.156.237.57 - - [17/Jan/2021:09:48:27 +0800] "GET /xingrg/check_reg.html?_=1610848106455 HTTP/1.1" 200 22
222.69.132.103 - - [17/Jan/2021:09:48:30 +0800] "GET /xingrg/all/function/internal_message.html?_=1610848106495&CODE_STATE=getMsg HTTP/1.1" 200 27
116.232.195.34 - - [17/Jan/2021:09:48:34 +0800] "GET /xingrg/all/function/internal_message.html?_=1610848108739&CODE_STATE=getMsg HTTP/1.1" 200 27
222.70.179.222 - - [17/Jan/2021:09:48:34 +0800] "GET /xingrg/kc/buy/cgsh_order_operate.html?command=get_materiel&rest_code=00111&code=00101016122&supplier_code=00100037&order_time=2021-01-17 HTTP/1.1" 200 395
116.228.172.94 - - [17/Jan/2021:09:48:36 +0800] "GET /xingrg/all/function/internal_message.html?_=1610848112482&CODE_STATE=getMsg HTTP/1.1" 200 27
180.169.147.146 - - [17/Jan/2021:09:48:38 +0800] "GET /xingrg/all/function/internal_message.html?_=1610848114494&CODE_STATE=getMsg HTTP/1.1" 200 27
120.253.135.82 - - [17/Jan/2021:09:48:38 +0800] "GET /xingrg/all/function/internal_message.html?_=1610848145089&CODE_STATE=getMsg HTTP/1.1" 200 27
172.20.0.100 - - [17/Jan/2021:09:48:44 +0800] "GET /xingrg/all/function/internal_message.html?_=1610848120237&CODE_STATE=getMsg HTTP/1.1" 302 -
61.165.42.208 - - [17/Jan/2021:09:48:47 +0800] "GET /xingrg/all/function/internal_message.html?_=1610848123641&CODE_STATE=getMsg HTTP/1.1" 200 27
58.40.7.146 - - [17/Jan/2021:09:48:50 +0800] "GET /xingrg/all/function/internal_message.html?_=1610848126702&CODE_STATE=getMsg HTTP/1.1" 200 27
120.253.135.82 - - [17/Jan/2021:09:48:58 +0800] "GET /xingrg/all/function/internal_message.html?_=1610848241519&CODE_STATE=getMsg HTTP/1.1" 200 27
180.156.237.57 - - [17/Jan/2021:09:49:00 +0800] "GET /xingrg/check_reg.html?_=1610848120551 HTTP/1.1" 200 22
180.175.150.119 - - [17/Jan/2021:09:49:02 +0800] "GET /xingrg/check_reg.html?_=1610848380497 HTTP/1.1" 200 22
180.175.150.119 - - [17/Jan/2021:09:49:02 +0800] "GET /xingrg/all/function/internal_message.html?_=1610848380585&CODE_STATE=getMsg HTTP/1.1" 200 27
222.70.179.222 - - [17/Jan/2021:09:49:03 +0800] "GET /xingrg/check_reg.html?_=1610848138205 HTTP/1.1" 200 22
222.70.179.222 - - [17/Jan/2021:09:49:03 +0800] "GET /xingrg/all/function/internal_message.html?_=1610848138782&CODE_STATE=getMsg HTTP/1.1" 200 27
180.169.147.146 - - [17/Jan/2021:09:49:08 +0800] "GET /xingrg/all/function/internal_message.html?_=1610848145406&CODE_STATE=getMsg HTTP/1.1" 200 27
218.81.223.240 - - [17/Jan/2021:09:49:12 +0800] "GET /xingrg/all/function/internal_message.html?_=1610848149768&CODE_STATE=getMsg HTTP/1.1" 200 27
180.169.147.146 - - [17/Jan/2021:09:49:16 +0800] "GET /xingrg/all/function/internal_message.html?_=1610848152601&CODE_STATE=getMsg HTTP/1.1" 200 27
180.156.237.57 - - [17/Jan/2021:09:49:17 +0800] "GET /xingrg/all/function/internal_message.html?_=1610848138320&CODE_STATE=getMsg HTTP/1.1" 200 27
116.232.48.136 - - [17/Jan/2021:09:49:24 +0800] "GET /xingrg/all/function/internal_message.html?_=1610848210968&CODE_STATE=getMsg HTTP/1.1" 200 27
101.85.93.83 - - [17/Jan/2021:09:49:27 +0800] "GET /xingrg/all/function/internal_message.html?_=1610847823321&CODE_STATE=getMsg HTTP/1.1" 200 27
117.131.5.26 - - [17/Jan/2021:09:49:27 +0800] "GET /xingrg/all/function/internal_message.html?_=1610848215051&CODE_STATE=getMsg HTTP/1.1" 200 27
180.156.237.57 - - [17/Jan/2021:09:49:27 +0800] "GET /xingrg/all/function/internal_message.html?_=1610848166461&CODE_STATE=getMsg HTTP/1.1" 200 27
222.70.179.222 - - [17/Jan/2021:09:49:28 +0800] "GET /xingrg/kc/buy/cgsh_order_operate.html?command=get_materiel&rest_code=00111&code=00101009019&supplier_code=00100037&order_time=2021-01-17 HTTP/1.1" 200 412
222.69.132.103 - - [17/Jan/2021:09:49:30 +0800] "GET /xingrg/check_reg.html?_=1610848166509 HTTP/1.1" 200 22
222.69.132.103 - - [17/Jan/2021:09:49:30 +0800] "GET /xingrg/all/function/internal_message.html?_=1610848166496&CODE_STATE=getMsg HTTP/1.1" 200 27
116.232.195.34 - - [17/Jan/2021:09:49:34 +0800] "GET /xingrg/all/function/internal_message.html?_=1610848168724&CODE_STATE=getMsg HTTP/1.1" 200 27
116.228.172.94 - - [17/Jan/2021:09:49:36 +0800] "GET /xingrg/all/function/internal_message.html?_=1610848172467&CODE_STATE=getMsg HTTP/1.1" 200 27
180.169.147.146 - - [17/Jan/2021:09:49:38 +0800] "GET /xingrg/all/function/internal_message.html?_=1610848174504&CODE_STATE=getMsg HTTP/1.1" 200 27
120.253.135.82 - - [17/Jan/2021:09:49:38 +0800] "GET /xingrg/all/function/internal_message.html?_=1610848205109&CODE_STATE=getMsg HTTP/1.1" 200 27
172.20.0.100 - - [17/Jan/2021:09:49:44 +0800] "GET /xingrg/all/function/internal_message.html?_=1610848180241&CODE_STATE=getMsg HTTP/1.1" 302 -
61.165.42.208 - - [17/Jan/2021:09:49:47 +0800] "GET /xingrg/all/function/internal_message.html?_=1610848183639&CODE_STATE=getMsg HTTP/1.1" 200 27
120.253.135.82 - - [17/Jan/2021:09:49:48 +0800] "GET /xingrg/check_reg.html?_=1610848291574 HTTP/1.1" 200 22
58.40.7.146 - - [17/Jan/2021:09:49:50 +0800] "GET /xingrg/all/function/internal_message.html?_=1610848186706&CODE_STATE=getMsg HTTP/1.1" 200 27
222.70.179.222 - - [17/Jan/2021:09:49:52 +0800] "GET /xingrg/kc/buy/cgsh_order_operate.html?command=get_materiel&rest_code=00111&code=00101013115&supplier_code=00100037&order_time=2021-01-17 HTTP/1.1" 200 433
120.253.135.82 - - [17/Jan/2021:09:49:58 +0800] "GET /xingrg/all/function/internal_message.html?_=1610848301527&CODE_STATE=getMsg HTTP/1.1" 200 27
120.253.135.82 - - [17/Jan/2021:09:50:01 +0800] "GET /xingrg/check_reg.html?_=1610847957730 HTTP/1.1" 200 22
180.175.150.119 - - [17/Jan/2021:09:50:02 +0800] "GET /xingrg/all/function/internal_message.html?_=1610848440598&CODE_STATE=getMsg HTTP/1.1" 200 27
222.70.179.222 - - [17/Jan/2021:09:50:03 +0800] "GET /xingrg/all/function/internal_message.html?_=1610848198795&CODE_STATE=getMsg HTTP/1.1" 200 27
180.169.147.146 - - [17/Jan/2021:09:50:08 +0800] "GET /xingrg/all/function/internal_message.html?_=1610848205404&CODE_STATE=getMsg HTTP/1.1" 200 27
218.81.223.240 - - [17/Jan/2021:09:50:12 +0800] "GET /xingrg/all/function/internal_message.html?_=1610848210013&CODE_STATE=getMsg HTTP/1.1" 200 27
180.169.147.146 - - [17/Jan/2021:09:50:16 +0800] "GET /xingrg/all/function/internal_message.html?_=1610848212601&CODE_STATE=getMsg HTTP/1.1" 200 27
180.156.237.57 - - [17/Jan/2021:09:50:17 +0800] "GET /xingrg/all/function/internal_message.html?_=1610848198334&CODE_STATE=getMsg HTTP/1.1" 200 27
222.70.179.222 - - [17/Jan/2021:09:50:18 +0800] "GET /xingrg/kc/buy/cgsh_order_operate.html?command=get_materiel&rest_code=00111&code=00101012025&supplier_code=00100037&order_time=2021-01-17 HTTP/1.1" 200 412
116.232.48.136 - - [17/Jan/2021:09:50:23 +0800] "GET /xingrg/all/function/internal_message.html?_=1610848270968&CODE_STATE=getMsg HTTP/1.1" 200 27
117.131.5.26 - - [17/Jan/2021:09:50:26 +0800] "POST /xingrg/kc/buy/cgsh_order_operate.html HTTP/1.1" 200 37
222.70.179.222 - - [17/Jan/2021:09:50:27 +0800] "GET /xingrg/kc/buy/cgsh_order_operate.html?command=get_materiel&rest_code=00111&code=00101016030&supplier_code=00100037&order_time=2021-01-17 HTTP/1.1" 200 412
101.85.93.83 - - [17/Jan/2021:09:50:27 +0800] "GET /xingrg/all/function/internal_message.html?_=1610847883324&CODE_STATE=getMsg HTTP/1.1" 200 27
180.156.237.57 - - [17/Jan/2021:09:50:27 +0800] "GET /xingrg/all/function/internal_message.html?_=1610848226455&CODE_STATE=getMsg HTTP/1.1" 200 27
117.131.5.26 - - [17/Jan/2021:09:50:28 +0800] "POST /xingrg/kc/buy/cgsh_order_operate.html HTTP/1.1" 200 4455
117.131.5.26 - - [17/Jan/2021:09:50:29 +0800] "GET /xingrg/kc/print/load_data.html?order_code=212021011707503&kc_code=cgsh&condition= HTTP/1.1" 200 1354
222.69.132.103 - - [17/Jan/2021:09:50:30 +0800] "GET /xingrg/all/function/internal_message.html?_=1610848226499&CODE_STATE=getMsg HTTP/1.1" 200 27
116.232.195.34 - - [17/Jan/2021:09:50:34 +0800] "GET /xingrg/all/function/internal_message.html?_=1610848228726&CODE_STATE=getMsg HTTP/1.1" 200 27
116.232.195.34 - - [17/Jan/2021:09:50:34 +0800] "GET /xingrg/check_reg.html?_=1610848228727 HTTP/1.1" 200 22
116.228.172.94 - - [17/Jan/2021:09:50:36 +0800] "GET /xingrg/check_reg.html?_=1610848232126 HTTP/1.1" 200 22
116.228.172.94 - - [17/Jan/2021:09:50:36 +0800] "GET /xingrg/all/function/internal_message.html?_=1610848232440&CODE_STATE=getMsg HTTP/1.1" 200 27
180.175.150.119 - - [17/Jan/2021:09:50:38 +0800] "POST /xingrg/services/DataTransmitService HTTP/1.1" 200 524
180.169.147.146 - - [17/Jan/2021:09:50:38 +0800] "GET /xingrg/all/function/internal_message.html?_=1610848234491&CODE_STATE=getMsg HTTP/1.1" 200 27
120.253.135.82 - - [17/Jan/2021:09:50:38 +0800] "GET /xingrg/all/function/internal_message.html?_=1610848265117&CODE_STATE=getMsg HTTP/1.1" 200 27
180.175.150.119 - - [17/Jan/2021:09:50:38 +0800] "POST /xingrg/services/DataTransmitService HTTP/1.1" 200 2103
180.175.150.119 - - [17/Jan/2021:09:50:39 +0800] "POST /xingrg/services/DataTransmitService HTTP/1.1" 200 160988
172.20.0.100 - - [17/Jan/2021:09:50:44 +0800] "GET /xingrg/all/function/internal_message.html?_=1610848240243&CODE_STATE=getMsg HTTP/1.1" 302 -
61.165.42.208 - - [17/Jan/2021:09:50:47 +0800] "GET /xingrg/all/function/internal_message.html?_=1610848243650&CODE_STATE=getMsg HTTP/1.1" 200 27
58.40.7.146 - - [17/Jan/2021:09:50:50 +0800] "GET /xingrg/check_reg.html?_=1610848246708 HTTP/1.1" 200 22
58.40.7.146 - - [17/Jan/2021:09:50:50 +0800] "GET /xingrg/all/function/internal_message.html?_=1610848246710&CODE_STATE=getMsg HTTP/1.1" 200 27
120.253.135.82 - - [17/Jan/2021:09:50:58 +0800] "GET /xingrg/all/function/internal_message.html?_=1610848361542&CODE_STATE=getMsg HTTP/1.1" 200 27
222.70.179.222 - - [17/Jan/2021:09:51:01 +0800] "GET /xingrg/kc/buy/cgsh_order_operate.html?command=get_materiel&rest_code=00111&code=00101007095&supplier_code=00100037&order_time=2021-01-17 HTTP/1.1" 200 415
180.175.150.119 - - [17/Jan/2021:09:51:02 +0800] "GET /xingrg/all/function/internal_message.html?_=1610848500612&CODE_STATE=getMsg HTTP/1.1" 200 27
180.175.150.119 - - [17/Jan/2021:09:51:03 +0800] "GET /xingrg/kc/buy/cgsh_order_operate.html?command=get_materiel&rest_code=00102&code=00101015040&supplier_code=00100054&order_time=2021-01-17 HTTP/1.1" 200 408
222.70.179.222 - - [17/Jan/2021:09:51:03 +0800] "GET /xingrg/all/function/internal_message.html?_=1610848258809&CODE_STATE=getMsg HTTP/1.1" 200 27
180.169.147.146 - - [17/Jan/2021:09:51:08 +0800] "GET /xingrg/all/function/internal_message.html?_=1610848265404&CODE_STATE=getMsg HTTP/1.1" 200 27
180.169.147.146 - - [17/Jan/2021:09:51:08 +0800] "GET /xingrg/check_reg.html?_=1610848265409 HTTP/1.1" 200 22
218.81.223.240 - - [17/Jan/2021:09:51:12 +0800] "GET /xingrg/all/function/internal_message.html?_=1610848270013&CODE_STATE=getMsg HTTP/1.1" 200 27
180.175.150.119 - - [17/Jan/2021:09:51:13 +0800] "POST /xingrg/kc/buy/cgsh_order_operate.html HTTP/1.1" 200 37
180.169.147.146 - - [17/Jan/2021:09:51:16 +0800] "GET /xingrg/all/function/internal_message.html?_=1610848272603&CODE_STATE=getMsg HTTP/1.1" 200 27
180.169.147.146 - - [17/Jan/2021:09:51:16 +0800] "GET /xingrg/check_reg.html?_=1610848272605 HTTP/1.1" 200 22
180.156.237.57 - - [17/Jan/2021:09:51:17 +0800] "GET /xingrg/all/function/internal_message.html?_=1610848258369&CODE_STATE=getMsg HTTP/1.1" 200 27
180.175.150.119 - - [17/Jan/2021:09:51:19 +0800] "POST /xingrg/kc/buy/cgsh_order_operate.html HTTP/1.1" 200 12
180.175.150.119 - - [17/Jan/2021:09:51:21 +0800] "GET /xingrg/kc/buy/cgsh_order_info.html?code=212021011707504 HTTP/1.1" 200 56743
180.175.150.119 - - [17/Jan/2021:09:51:22 +0800] "GET /xingrg/javascript/easyui/themes/default/validatebox.css HTTP/1.1" 404 1104
180.175.150.119 - - [17/Jan/2021:09:51:22 +0800] "POST /xingrg/kc/buy/cgsh_order_operate.html HTTP/1.1" 200 2956
116.232.48.136 - - [17/Jan/2021:09:51:23 +0800] "GET /xingrg/all/function/internal_message.html?_=1610848330968&CODE_STATE=getMsg HTTP/1.1" 200 27
180.175.150.119 - - [17/Jan/2021:09:51:24 +0800] "GET /xingrg/kc/print/load_data.html?order_code=212021011707504&kc_code=cgsh&condition= HTTP/1.1" 200 1561
222.70.179.222 - - [17/Jan/2021:09:51:26 +0800] "GET /xingrg/kc/buy/cgsh_order_operate.html?command=get_materiel&rest_code=00111&code=00101010314&supplier_code=00100037&order_time=2021-01-17 HTTP/1.1" 200 413
101.85.93.83 - - [17/Jan/2021:09:51:27 +0800] "GET /xingrg/all/function/internal_message.html?_=1610847943324&CODE_STATE=getMsg HTTP/1.1" 200 27
117.131.5.26 - - [17/Jan/2021:09:51:27 +0800] "GET /xingrg/all/function/internal_message.html?_=1610848335073&CODE_STATE=getMsg HTTP/1.1" 200 27
180.156.237.57 - - [17/Jan/2021:09:51:27 +0800] "GET /xingrg/all/function/internal_message.html?_=1610848286460&CODE_STATE=getMsg HTTP/1.1" 200 27
222.69.132.103 - - [17/Jan/2021:09:51:30 +0800] "GET /xingrg/all/function/internal_message.html?_=1610848286506&CODE_STATE=getMsg HTTP/1.1" 200 27
180.175.150.119 - - [17/Jan/2021:09:51:33 +0800] "GET /xingrg/kc/buy/cgsh_order_add.html HTTP/1.1" 200 61845
116.232.195.34 - - [17/Jan/2021:09:51:34 +0800] "GET /xingrg/all/function/internal_message.html?_=1610848288729&CODE_STATE=getMsg HTTP/1.1" 200 27
180.175.150.119 - - [17/Jan/2021:09:51:34 +0800] "POST /xingrg/kc/buy/cgsh_order_operate.html HTTP/1.1" 200 8245
180.175.150.119 - - [17/Jan/2021:09:51:34 +0800] "GET /xingrg/javascript/easyui/themes/default/validatebox.css HTTP/1.1" 404 1104
116.228.172.94 - - [17/Jan/2021:09:51:36 +0800] "GET /xingrg/all/function/internal_message.html?_=1610848292424&CODE_STATE=getMsg HTTP/1.1" 200 27
180.169.147.146 - - [17/Jan/2021:09:51:38 +0800] "GET /xingrg/all/function/internal_message.html?_=1610848294492&CODE_STATE=getMsg HTTP/1.1" 200 27
120.253.135.82 - - [17/Jan/2021:09:51:38 +0800] "GET /xingrg/all/function/internal_message.html?_=1610848325135&CODE_STATE=getMsg HTTP/1.1" 200 27
172.20.0.100 - - [17/Jan/2021:09:51:44 +0800] "GET /xingrg/all/function/internal_message.html?_=1610848300248&CODE_STATE=getMsg HTTP/1.1" 302 -
172.20.0.100 - - [17/Jan/2021:09:51:44 +0800] "GET /xingrg/login.html HTTP/1.1" 200 7636
61.165.42.208 - - [17/Jan/2021:09:51:47 +0800] "GET /xingrg/check_reg.html?_=1610848303648 HTTP/1.1" 200 22
61.165.42.208 - - [17/Jan/2021:09:51:47 +0800] "GET /xingrg/all/function/internal_message.html?_=1610848303655&CODE_STATE=getMsg HTTP/1.1" 200 27
58.40.7.146 - - [17/Jan/2021:09:51:50 +0800] "GET /xingrg/all/function/internal_message.html?_=1610848306695&CODE_STATE=getMsg HTTP/1.1" 200 27
120.253.135.82 - - [17/Jan/2021:09:51:58 +0800] "GET /xingrg/all/function/internal_message.html?_=1610848421572&CODE_STATE=getMsg HTTP/1.1" 200 27
180.175.150.119 - - [17/Jan/2021:09:52:02 +0800] "GET /xingrg/all/function/internal_message.html?_=1610848560625&CODE_STATE=getMsg HTTP/1.1" 200 27
222.70.179.222 - - [17/Jan/2021:09:52:03 +0800] "GET /xingrg/all/function/internal_message.html?_=1610848318822&CODE_STATE=getMsg HTTP/1.1" 200 27
180.169.147.146 - - [17/Jan/2021:09:52:08 +0800] "GET /xingrg/all/function/internal_message.html?_=1610848325409&CODE_STATE=getMsg HTTP/1.1" 200 27
218.81.223.240 - - [17/Jan/2021:09:52:12 +0800] "GET /xingrg/all/function/internal_message.html?_=1610848330251&CODE_STATE=getMsg HTTP/1.1" 200 27
180.169.147.146 - - [17/Jan/2021:09:52:16 +0800] "GET /xingrg/all/function/internal_message.html?_=1610848332608&CODE_STATE=getMsg HTTP/1.1" 200 27
180.156.237.57 - - [17/Jan/2021:09:52:17 +0800] "GET /xingrg/all/function/internal_message.html?_=1610848318377&CODE_STATE=getMsg HTTP/1.1" 200 27
116.232.48.136 - - [17/Jan/2021:09:52:23 +0800] "GET /xingrg/check_reg.html?_=1610848390968 HTTP/1.1" 200 22
116.232.48.136 - - [17/Jan/2021:09:52:23 +0800] "GET /xingrg/all/function/internal_message.html?_=1610848390968&CODE_STATE=getMsg HTTP/1.1" 200 27
120.253.135.82 - - [17/Jan/2021:09:52:23 +0800] "GET /xingrg/check_reg.html?_=1610848369861 HTTP/1.1" 200 22
222.70.179.222 - - [17/Jan/2021:09:52:24 +0800] "GET /xingrg/kc/buy/cgsh_order_operate.html?command=get_materiel&rest_code=00111&code=00101009062&supplier_code=00100037&order_time=2021-01-17 HTTP/1.1" 200 412
117.131.5.26 - - [17/Jan/2021:09:52:26 +0800] "GET /xingrg/check_reg.html?_=1610848394117 HTTP/1.1" 200 22
101.85.93.83 - - [17/Jan/2021:09:52:27 +0800] "GET /xingrg/all/function/internal_message.html?_=1610848003324&CODE_STATE=getMsg HTTP/1.1" 200 27
117.131.5.26 - - [17/Jan/2021:09:52:27 +0800] "GET /xingrg/all/function/internal_message.html?_=1610848395047&CODE_STATE=getMsg HTTP/1.1" 200 27
180.156.237.57 - - [17/Jan/2021:09:52:27 +0800] "GET /xingrg/all/function/internal_message.html?_=1610848346458&CODE_STATE=getMsg HTTP/1.1" 200 27
222.69.132.103 - - [17/Jan/2021:09:52:30 +0800] "GET /xingrg/all/function/internal_message.html?_=1610848346494&CODE_STATE=getMsg HTTP/1.1" 200 27
116.232.195.34 - - [17/Jan/2021:09:52:34 +0800] "GET /xingrg/all/function/internal_message.html?_=1610848348732&CODE_STATE=getMsg HTTP/1.1" 200 27
116.228.172.94 - - [17/Jan/2021:09:52:36 +0800] "GET /xingrg/all/function/internal_message.html?_=1610848352407&CODE_STATE=getMsg HTTP/1.1" 200 27
180.169.147.146 - - [17/Jan/2021:09:52:38 +0800] "GET /xingrg/all/function/internal_message.html?_=1610848354495&CODE_STATE=getMsg HTTP/1.1" 200 27
180.169.147.146 - - [17/Jan/2021:09:52:38 +0800] "GET /xingrg/check_reg.html?_=1610848354500 HTTP/1.1" 200 22
120.253.135.82 - - [17/Jan/2021:09:52:38 +0800] "GET /xingrg/all/function/internal_message.html?_=1610848385143&CODE_STATE=getMsg HTTP/1.1" 200 27
218.81.223.240 - - [17/Jan/2021:09:52:39 +0800] "GET /xingrg/check_reg.html?_=1610848356555 HTTP/1.1" 200 22
172.20.0.100 - - [17/Jan/2021:09:52:44 +0800] "GET /xingrg/check_reg.html?_=1610848360244 HTTP/1.1" 302 -
172.20.0.100 - - [17/Jan/2021:09:52:44 +0800] "GET /xingrg/all/function/internal_message.html?_=1610848360245&CODE_STATE=getMsg HTTP/1.1" 302 -
61.165.42.208 - - [17/Jan/2021:09:52:47 +0800] "GET /xingrg/all/function/internal_message.html?_=1610848363642&CODE_STATE=getMsg HTTP/1.1" 200 27
222.70.179.222 - - [17/Jan/2021:09:52:48 +0800] "GET /xingrg/kc/buy/cgsh_order_operate.html?command=get_materiel&rest_code=00111&code=00101016105&supplier_code=00100037&order_time=2021-01-17 HTTP/1.1" 200 409
58.40.7.146 - - [17/Jan/2021:09:52:50 +0800] "GET /xingrg/all/function/internal_message.html?_=1610848366698&CODE_STATE=getMsg HTTP/1.1" 200 27
120.253.135.82 - - [17/Jan/2021:09:52:58 +0800] "GET /xingrg/all/function/internal_message.html?_=1610848481585&CODE_STATE=getMsg HTTP/1.1" 200 27
222.70.179.222 - - [17/Jan/2021:09:53:00 +0800] "GET /xingrg/kc/buy/cgsh_order_operate.html?command=get_materiel&rest_code=00111&code=00101019670&supplier_code=00100037&order_time=2021-01-17 HTTP/1.1" 200 441
180.175.150.119 - - [17/Jan/2021:09:53:02 +0800] "GET /xingrg/all/function/internal_message.html?_=1610848620638&CODE_STATE=getMsg HTTP/1.1" 200 27
222.70.179.222 - - [17/Jan/2021:09:53:03 +0800] "GET /xingrg/all/function/internal_message.html?_=1610848378836&CODE_STATE=getMsg HTTP/1.1" 200 27
180.169.147.146 - - [17/Jan/2021:09:53:08 +0800] "GET /xingrg/all/function/internal_message.html?_=1610848385409&CODE_STATE=getMsg HTTP/1.1" 200 27
218.81.223.240 - - [17/Jan/2021:09:53:12 +0800] "GET /xingrg/all/function/internal_message.html?_=1610848390260&CODE_STATE=getMsg HTTP/1.1" 200 27
180.169.147.146 - - [17/Jan/2021:09:53:16 +0800] "GET /xingrg/all/function/internal_message.html?_=1610848392600&CODE_STATE=getMsg HTTP/1.1" 200 27
180.156.237.57 - - [17/Jan/2021:09:53:17 +0800] "GET /xingrg/all/function/internal_message.html?_=1610848378412&CODE_STATE=getMsg HTTP/1.1" 200 27
222.70.179.222 - - [17/Jan/2021:09:53:20 +0800] "GET /xingrg/kc/buy/cgsh_order_operate.html?command=get_materiel&rest_code=00111&code=00101007048&supplier_code=00100037&order_time=2021-01-17 HTTP/1.1" 200 408
116.232.48.136 - - [17/Jan/2021:09:53:22 +0800] "GET /xingrg/all/function/internal_message.html?_=1610848450968&CODE_STATE=getMsg HTTP/1.1" 200 27
101.85.93.83 - - [17/Jan/2021:09:53:27 +0800] "GET /xingrg/check_reg.html?_=1610848063323 HTTP/1.1" 200 22
101.85.93.83 - - [17/Jan/2021:09:53:27 +0800] "GET /xingrg/all/function/internal_message.html?_=1610848063326&CODE_STATE=getMsg HTTP/1.1" 200 27
117.131.5.26 - - [17/Jan/2021:09:53:27 +0800] "GET /xingrg/all/function/internal_message.html?_=1610848455024&CODE_STATE=getMsg HTTP/1.1" 200 27
180.156.237.57 - - [17/Jan/2021:09:53:27 +0800] "GET /xingrg/check_reg.html?_=1610848406493 HTTP/1.1" 200 22
180.156.237.57 - - [17/Jan/2021:09:53:27 +0800] "GET /xingrg/all/function/internal_message.html?_=1610848406495&CODE_STATE=getMsg HTTP/1.1" 200 27
222.69.132.103 - - [17/Jan/2021:09:53:30 +0800] "GET /xingrg/all/function/internal_message.html?_=1610848406496&CODE_STATE=getMsg HTTP/1.1" 200 27
116.232.195.34 - - [17/Jan/2021:09:53:34 +0800] "GET /xingrg/all/function/internal_message.html?_=1610848408736&CODE_STATE=getMsg HTTP/1.1" 200 27
116.228.172.94 - - [17/Jan/2021:09:53:36 +0800] "GET /xingrg/all/function/internal_message.html?_=1610848412391&CODE_STATE=getMsg HTTP/1.1" 200 27
222.70.179.222 - - [17/Jan/2021:09:53:37 +0800] "GET /xingrg/kc/buy/cgsh_order_operate.html?command=get_materiel&rest_code=00111&code=00101008549&supplier_code=00100037&order_time=2021-01-17 HTTP/1.1" 200 399
180.169.147.146 - - [17/Jan/2021:09:53:38 +0800] "GET /xingrg/all/function/internal_message.html?_=1610848414500&CODE_STATE=getMsg HTTP/1.1" 200 27
120.253.135.82 - - [17/Jan/2021:09:53:38 +0800] "GET /xingrg/all/function/internal_message.html?_=1610848445156&CODE_STATE=getMsg HTTP/1.1" 200 27
172.20.0.100 - - [17/Jan/2021:09:53:44 +0800] "GET /xingrg/all/function/internal_message.html?_=1610848420234&CODE_STATE=getMsg HTTP/1.1" 302 -
180.175.150.119 - - [17/Jan/2021:09:53:46 +0800] "GET /xingrg/kc/buy/cgsh_order_operate.html?command=get_materiel&rest_code=00102&code=00101009109&supplier_code=00100151&order_time=2021-01-17 HTTP/1.1" 200 399
61.165.42.208 - - [17/Jan/2021:09:53:47 +0800] "GET /xingrg/all/function/internal_message.html?_=1610848423640&CODE_STATE=getMsg HTTP/1.1" 200 27
222.70.179.222 - - [17/Jan/2021:09:53:49 +0800] "GET /xingrg/kc/buy/cgsh_order_operate.html?command=get_materiel&rest_code=00111&code=00101008055&supplier_code=00100037&order_time=2021-01-17 HTTP/1.1" 200 409
58.40.7.146 - - [17/Jan/2021:09:53:50 +0800] "GET /xingrg/all/function/internal_message.html?_=1610848426699&CODE_STATE=getMsg HTTP/1.1" 200 27
120.253.135.82 - - [17/Jan/2021:09:53:58 +0800] "GET /xingrg/all/function/internal_message.html?_=1610848541618&CODE_STATE=getMsg HTTP/1.1" 200 27
180.175.150.119 - - [17/Jan/2021:09:53:59 +0800] "GET /xingrg/kc/buy/cgsh_order_operate.html?command=get_materiel&rest_code=00102&code=00101009010&supplier_code=00100151&order_time=2021-01-17 HTTP/1.1" 200 412
180.156.237.57 - - [17/Jan/2021:09:54:00 +0800] "GET /xingrg/check_reg.html?_=1610848420560 HTTP/1.1" 200 22
180.175.150.119 - - [17/Jan/2021:09:54:02 +0800] "GET /xingrg/check_reg.html?_=1610848680496 HTTP/1.1" 200 22
180.175.150.119 - - [17/Jan/2021:09:54:02 +0800] "GET /xingrg/all/function/internal_message.html?_=1610848680749&CODE_STATE=getMsg HTTP/1.1" 200 27
222.70.179.222 - - [17/Jan/2021:09:54:03 +0800] "GET /xingrg/check_reg.html?_=1610848438219 HTTP/1.1" 200 22
222.70.179.222 - - [17/Jan/2021:09:54:03 +0800] "GET /xingrg/all/function/internal_message.html?_=1610848438957&CODE_STATE=getMsg HTTP/1.1" 200 27
180.169.147.146 - - [17/Jan/2021:09:54:08 +0800] "GET /xingrg/all/function/internal_message.html?_=1610848445409&CODE_STATE=getMsg HTTP/1.1" 200 27
218.81.223.240 - - [17/Jan/2021:09:54:12 +0800] "GET /xingrg/all/function/internal_message.html?_=1610848450273&CODE_STATE=getMsg HTTP/1.1" 200 27
180.169.147.146 - - [17/Jan/2021:09:54:16 +0800] "GET /xingrg/all/function/internal_message.html?_=1610848452605&CODE_STATE=getMsg HTTP/1.1" 200 27
180.156.237.57 - - [17/Jan/2021:09:54:17 +0800] "GET /xingrg/all/function/internal_message.html?_=1610848438420&CODE_STATE=getMsg HTTP/1.1" 200 27
180.175.150.119 - - [17/Jan/2021:09:54:19 +0800] "GET /xingrg/kc/buy/cgsh_order_operate.html?command=get_materiel&rest_code=00102&code=00101010136&supplier_code=00100151&order_time=2021-01-17 HTTP/1.1" 200 408
116.232.48.136 - - [17/Jan/2021:09:54:22 +0800] "GET /xingrg/all/function/internal_message.html?_=1610848510968&CODE_STATE=getMsg HTTP/1.1" 200 27
101.85.93.83 - - [17/Jan/2021:09:54:27 +0800] "GET /xingrg/all/function/internal_message.html?_=1610848123326&CODE_STATE=getMsg HTTP/1.1" 200 27
117.131.5.26 - - [17/Jan/2021:09:54:27 +0800] "GET /xingrg/all/function/internal_message.html?_=1610848515000&CODE_STATE=getMsg HTTP/1.1" 200 27
180.156.237.57 - - [17/Jan/2021:09:54:27 +0800] "GET /xingrg/all/function/internal_message.html?_=1610848466487&CODE_STATE=getMsg HTTP/1.1" 200 27
222.69.132.103 - - [17/Jan/2021:09:54:30 +0800] "GET /xingrg/check_reg.html?_=1610848466519 HTTP/1.1" 200 22
222.69.132.103 - - [17/Jan/2021:09:54:30 +0800] "GET /xingrg/all/function/internal_message.html?_=1610848466514&CODE_STATE=getMsg HTTP/1.1" 200 27
116.232.195.34 - - [17/Jan/2021:09:54:34 +0800] "GET /xingrg/all/function/internal_message.html?_=1610848468738&CODE_STATE=getMsg HTTP/1.1" 200 27
180.175.150.119 - - [17/Jan/2021:09:54:35 +0800] "GET /xingrg/kc/buy/cgsh_order_operate.html?command=get_materiel&rest_code=00102&code=00101010024&supplier_code=00100151&order_time=2021-01-17 HTTP/1.1" 200 408
116.228.172.94 - - [17/Jan/2021:09:54:36 +0800] "GET /xingrg/all/function/internal_message.html?_=1610848472377&CODE_STATE=getMsg HTTP/1.1" 200 27
180.169.147.146 - - [17/Jan/2021:09:54:38 +0800] "GET /xingrg/all/function/internal_message.html?_=1610848474501&CODE_STATE=getMsg HTTP/1.1" 200 27
120.253.135.82 - - [17/Jan/2021:09:54:38 +0800] "GET /xingrg/all/function/internal_message.html?_=1610848505177&CODE_STATE=getMsg HTTP/1.1" 200 27
172.20.0.100 - - [17/Jan/2021:09:54:44 +0800] "GET /xingrg/all/function/internal_message.html?_=1610848480245&CODE_STATE=getMsg HTTP/1.1" 302 -
61.165.42.208 - - [17/Jan/2021:09:54:47 +0800] "GET /xingrg/all/function/internal_message.html?_=1610848483651&CODE_STATE=getMsg HTTP/1.1" 200 27
120.253.135.82 - - [17/Jan/2021:09:54:48 +0800] "GET /xingrg/check_reg.html?_=1610848591586 HTTP/1.1" 200 22
58.40.7.146 - - [17/Jan/2021:09:54:50 +0800] "GET /xingrg/all/function/internal_message.html?_=1610848486701&CODE_STATE=getMsg HTTP/1.1" 200 27
120.253.135.82 - - [17/Jan/2021:09:54:58 +0800] "GET /xingrg/all/function/internal_message.html?_=1610848601627&CODE_STATE=getMsg HTTP/1.1" 200 27
120.253.135.82 - - [17/Jan/2021:09:55:01 +0800] "GET /xingrg/check_reg.html?_=1610848257735 HTTP/1.1" 200 22
180.175.150.119 - - [17/Jan/2021:09:55:02 +0800] "GET /xingrg/all/function/internal_message.html?_=1610848740759&CODE_STATE=getMsg HTTP/1.1" 200 27
222.70.179.222 - - [17/Jan/2021:09:55:04 +0800] "GET /xingrg/all/function/internal_message.html?_=1610848499098&CODE_STATE=getMsg HTTP/1.1" 200 27
218.81.223.240 - - [17/Jan/2021:09:55:05 +0800] "GET /xingrg/kc/buy/cgsh_order_list.html HTTP/1.1" 200 46154
218.81.223.240 - - [17/Jan/2021:09:55:06 +0800] "POST /xingrg/kc/buy/cgsh_list_operate.html HTTP/1.1" 200 876
218.81.223.240 - - [17/Jan/2021:09:55:08 +0800] "GET /xingrg/kc/buy/cgsh_order_add.html HTTP/1.1" 200 61892
218.81.223.240 - - [17/Jan/2021:09:55:08 +0800] "GET /xingrg/javascript/pic_change.js HTTP/1.1" 304 -
218.81.223.240 - - [17/Jan/2021:09:55:08 +0800] "GET /xingrg/javascript/convert.js HTTP/1.1" 304 -
218.81.223.240 - - [17/Jan/2021:09:55:08 +0800] "GET /xingrg/javascript/jquery_tools/order_manager.js HTTP/1.1" 304 -
218.81.223.240 - - [17/Jan/2021:09:55:08 +0800] "GET /xingrg/javascript/print/kc_print.js HTTP/1.1" 304 -
218.81.223.240 - - [17/Jan/2021:09:55:08 +0800] "GET /xingrg/javascript/json2.js HTTP/1.1" 304 -
218.81.223.240 - - [17/Jan/2021:09:55:08 +0800] "GET /xingrg/words/20210116155229_words.js HTTP/1.1" 304 -
218.81.223.240 - - [17/Jan/2021:09:55:08 +0800] "GET /xingrg/all/common/auto_word.html?type=employee&rest_code=00146 HTTP/1.1" 200 147
218.81.223.240 - - [17/Jan/2021:09:55:08 +0800] "GET /xingrg/all/common/auto_word.html?type=employee&rest_code=00146 HTTP/1.1" 200 147
218.81.223.240 - - [17/Jan/2021:09:55:08 +0800] "GET /xingrg/javascript/easyui/themes/default/validatebox.css HTTP/1.1" 404 1104
218.81.223.240 - - [17/Jan/2021:09:55:08 +0800] "GET /xingrg/javascript/easyui/plugins/jquery.validatebox.js HTTP/1.1" 304 -
218.81.223.240 - - [17/Jan/2021:09:55:08 +0800] "GET /xingrg/javascript/easyui/plugins/jquery.numberbox.js HTTP/1.1" 304 -
218.81.223.240 - - [17/Jan/2021:09:55:08 +0800] "POST /xingrg/kc/buy/cgsh_order_operate.html HTTP/1.1" 200 8245
180.169.147.146 - - [17/Jan/2021:09:55:08 +0800] "GET /xingrg/all/function/internal_message.html?_=1610848505409&CODE_STATE=getMsg HTTP/1.1" 200 27
218.81.223.240 - - [17/Jan/2021:09:55:12 +0800] "GET /xingrg/all/function/internal_message.html?_=1610848510286&CODE_STATE=getMsg HTTP/1.1" 200 27
180.169.147.146 - - [17/Jan/2021:09:55:16 +0800] "GET /xingrg/all/function/internal_message.html?_=1610848512606&CODE_STATE=getMsg HTTP/1.1" 200 27
180.156.237.57 - - [17/Jan/2021:09:55:17 +0800] "GET /xingrg/all/function/internal_message.html?_=1610848498433&CODE_STATE=getMsg HTTP/1.1" 200 27
116.232.48.136 - - [17/Jan/2021:09:55:21 +0800] "GET /xingrg/all/function/internal_message.html?_=1610848570968&CODE_STATE=getMsg HTTP/1.1" 200 27
180.175.150.119 - - [17/Jan/2021:09:55:21 +0800] "GET /xingrg/kc/buy/cgsh_order_operate.html?command=get_materiel&rest_code=00102&code=00101020029&supplier_code=00100151&order_time=2021-01-17 HTTP/1.1" 200 413
117.131.5.26 - - [17/Jan/2021:09:55:23 +0800] "GET /xingrg/kc/buy/cgsh_order_add.html HTTP/1.1" 200 61892
117.131.5.26 - - [17/Jan/2021:09:55:23 +0800] "GET /xingrg/javascript/easyui/themes/default/validatebox.css HTTP/1.1" 404 1104
117.131.5.26 - - [17/Jan/2021:09:55:23 +0800] "POST /xingrg/kc/buy/cgsh_order_operate.html HTTP/1.1" 200 8245
180.175.150.119 - - [17/Jan/2021:09:55:24 +0800] "POST /xingrg/all/common/load_select.html HTTP/1.1" 200 12
117.131.5.26 - - [17/Jan/2021:09:55:24 +0800] "GET /xingrg/javascript/easyui/themes/default/tree.css HTTP/1.1" 404 1090
117.131.5.26 - - [17/Jan/2021:09:55:24 +0800] "POST /xingrg/all/common/load_tree.html?tree=supplier_tree_json&isDelete=1 HTTP/1.1" 200 54424
180.175.150.119 - - [17/Jan/2021:09:55:27 +0800] "GET /xingrg/kc/buy/cgsh_order_operate.html?command=get_materiel_price&rest_code=00102&code=00101020029&unit_code=00100020&supplier_code=00100151&order_time=2021-01-17 HTTP/1.1" 200 28
101.85.93.83 - - [17/Jan/2021:09:55:27 +0800] "GET /xingrg/all/function/internal_message.html?_=1610848183328&CODE_STATE=getMsg HTTP/1.1" 200 27
117.131.5.26 - - [17/Jan/2021:09:55:27 +0800] "GET /xingrg/all/function/internal_message.html?_=1610848574992&CODE_STATE=getMsg HTTP/1.1" 200 27
180.156.237.57 - - [17/Jan/2021:09:55:27 +0800] "GET /xingrg/all/function/internal_message.html?_=1610848526482&CODE_STATE=getMsg HTTP/1.1" 200 27
222.69.132.103 - - [17/Jan/2021:09:55:30 +0800] "GET /xingrg/all/function/internal_message.html?_=1610848526504&CODE_STATE=getMsg HTTP/1.1" 200 27
116.232.195.34 - - [17/Jan/2021:09:55:34 +0800] "GET /xingrg/check_reg.html?_=1610848528728 HTTP/1.1" 200 22
116.232.195.34 - - [17/Jan/2021:09:55:34 +0800] "GET /xingrg/all/function/internal_message.html?_=1610848528730&CODE_STATE=getMsg HTTP/1.1" 200 27
116.228.172.94 - - [17/Jan/2021:09:55:36 +0800] "GET /xingrg/check_reg.html?_=1610848532112 HTTP/1.1" 200 22
116.228.172.94 - - [17/Jan/2021:09:55:36 +0800] "GET /xingrg/all/function/internal_message.html?_=1610848532364&CODE_STATE=getMsg HTTP/1.1" 200 27
180.169.147.146 - - [17/Jan/2021:09:55:38 +0800] "GET /xingrg/all/function/internal_message.html?_=1610848534512&CODE_STATE=getMsg HTTP/1.1" 200 27
120.253.135.82 - - [17/Jan/2021:09:55:38 +0800] "GET /xingrg/all/function/internal_message.html?_=1610848565184&CODE_STATE=getMsg HTTP/1.1" 200 27
218.81.223.240 - - [17/Jan/2021:09:55:40 +0800] "GET /xingrg/kc/buy/cgsh_order_operate.html?command=get_materiel&rest_code=00146&code=00101008290&supplier_code=00100005&order_time=2021-01-17 HTTP/1.1" 200 416
172.20.0.100 - - [17/Jan/2021:09:55:44 +0800] "GET /xingrg/all/function/internal_message.html?_=1610848540232&CODE_STATE=getMsg HTTP/1.1" 302 -
61.165.42.208 - - [17/Jan/2021:09:55:47 +0800] "GET /xingrg/all/function/internal_message.html?_=1610848543665&CODE_STATE=getMsg HTTP/1.1" 200 27
58.40.7.146 - - [17/Jan/2021:09:55:50 +0800] "GET /xingrg/all/function/internal_message.html?_=1610848546706&CODE_STATE=getMsg HTTP/1.1" 200 27
58.40.7.146 - - [17/Jan/2021:09:55:50 +0800] "GET /xingrg/check_reg.html?_=1610848546707 HTTP/1.1" 200 22
180.175.150.119 - - [17/Jan/2021:09:55:54 +0800] "GET /xingrg/kc/buy/cgsh_order_operate.html?command=get_materiel&rest_code=00102&code=00101013151&supplier_code=00100151&order_time=2021-01-17 HTTP/1.1" 200 431
218.81.223.240 - - [17/Jan/2021:09:55:54 +0800] "GET /xingrg/kc/buy/cgsh_order_operate.html?command=get_materiel&rest_code=00146&code=00101008003&supplier_code=00100005&order_time=2021-01-17 HTTP/1.1" 200 408
120.253.135.82 - - [17/Jan/2021:09:55:58 +0800] "GET /xingrg/all/function/internal_message.html?_=1610848661641&CODE_STATE=getMsg HTTP/1.1" 200 27
180.175.150.119 - - [17/Jan/2021:09:56:02 +0800] "GET /xingrg/all/function/internal_message.html?_=1610848800773&CODE_STATE=getMsg HTTP/1.1" 200 27
222.70.179.222 - - [17/Jan/2021:09:56:04 +0800] "GET /xingrg/all/function/internal_message.html?_=1610848559112&CODE_STATE=getMsg HTTP/1.1" 200 27
180.156.237.57 - - [17/Jan/2021:09:56:04 +0800] "POST /xingrg/kc/buy/cgsh_order_operate.html HTTP/1.1" 200 37
218.81.223.240 - - [17/Jan/2021:09:56:05 +0800] "GET /xingrg/kc/buy/cgsh_order_operate.html?command=get_materiel&rest_code=00146&code=00101008126&supplier_code=00100005&order_time=2021-01-17 HTTP/1.1" 200 412
180.156.237.57 - - [17/Jan/2021:09:56:06 +0800] "POST /xingrg/kc/buy/cgsh_order_operate.html HTTP/1.1" 200 6803
180.175.150.119 - - [17/Jan/2021:09:56:08 +0800] "GET /xingrg/kc/buy/cgsh_order_operate.html?command=get_materiel&rest_code=00102&code=00101008077&supplier_code=00100151&order_time=2021-01-17 HTTP/1.1" 200 416
180.169.147.146 - - [17/Jan/2021:09:56:08 +0800] "GET /xingrg/check_reg.html?_=1610848565417 HTTP/1.1" 200 22
180.169.147.146 - - [17/Jan/2021:09:56:08 +0800] "GET /xingrg/all/function/internal_message.html?_=1610848565418&CODE_STATE=getMsg HTTP/1.1" 200 27
180.156.237.57 - - [17/Jan/2021:09:56:12 +0800] "POST /xingrg/kc/buy/cgsh_order_operate.html HTTP/1.1" 200 37
218.81.223.240 - - [17/Jan/2021:09:56:12 +0800] "GET /xingrg/all/function/internal_message.html?_=1610848570300&CODE_STATE=getMsg HTTP/1.1" 200 27
180.156.237.57 - - [17/Jan/2021:09:56:13 +0800] "POST /xingrg/kc/buy/cgsh_order_operate.html HTTP/1.1" 200 6803
180.156.237.57 - - [17/Jan/2021:09:56:14 +0800] "GET /xingrg/kc/print/load_data.html?order_code=212021011707498&kc_code=cgsh&condition= HTTP/1.1" 200 2246
180.169.147.146 - - [17/Jan/2021:09:56:16 +0800] "GET /xingrg/all/function/internal_message.html?_=1610848572607&CODE_STATE=getMsg HTTP/1.1" 200 27
180.169.147.146 - - [17/Jan/2021:09:56:16 +0800] "GET /xingrg/check_reg.html?_=1610848572610 HTTP/1.1" 200 22
218.81.223.240 - - [17/Jan/2021:09:56:17 +0800] "GET /xingrg/kc/buy/cgsh_order_operate.html?command=get_materiel&rest_code=00146&code=00101008087&supplier_code=00100005&order_time=2021-01-17 HTTP/1.1" 200 412
180.156.237.57 - - [17/Jan/2021:09:56:18 +0800] "GET /xingrg/all/function/internal_message.html?_=1610848558466&CODE_STATE=getMsg HTTP/1.1" 200 27
180.156.237.57 - - [17/Jan/2021:09:56:20 +0800] "GET /xingrg/kc/buy/cgsh_order_add.html HTTP/1.1" 200 61810
58.40.7.146 - - [17/Jan/2021:09:56:20 +0800] "POST /xingrg/services/DataTransmitService HTTP/1.1" 200 524
180.156.237.57 - - [17/Jan/2021:09:56:20 +0800] "POST /xingrg/kc/buy/cgsh_order_operate.html HTTP/1.1" 200 8245
180.156.237.57 - - [17/Jan/2021:09:56:20 +0800] "GET /xingrg/javascript/easyui/themes/default/validatebox.css HTTP/1.1" 404 1104
116.232.48.136 - - [17/Jan/2021:09:56:20 +0800] "GET /xingrg/all/function/internal_message.html?_=1610848630968&CODE_STATE=getMsg HTTP/1.1" 200 27
218.81.223.240 - - [17/Jan/2021:09:56:27 +0800] "GET /xingrg/kc/buy/cgsh_order_operate.html?command=get_materiel&rest_code=00146&code=00101008270&supplier_code=00100005&order_time=2021-01-17 HTTP/1.1" 200 412
101.85.93.83 - - [17/Jan/2021:09:56:27 +0800] "GET /xingrg/all/function/internal_message.html?_=1610848243327&CODE_STATE=getMsg HTTP/1.1" 200 27
117.131.5.26 - - [17/Jan/2021:09:56:27 +0800] "GET /xingrg/all/function/internal_message.html?_=1610848634964&CODE_STATE=getMsg HTTP/1.1" 200 27
180.156.237.57 - - [17/Jan/2021:09:56:27 +0800] "GET /xingrg/all/function/internal_message.html?_=1610848586606&CODE_STATE=getMsg HTTP/1.1" 200 27
222.69.132.103 - - [17/Jan/2021:09:56:30 +0800] "GET /xingrg/all/function/internal_message.html?_=1610848586508&CODE_STATE=getMsg HTTP/1.1" 200 27
180.156.237.57 - - [17/Jan/2021:09:56:32 +0800] "GET /xingrg/kc/buy/cgsh_order_operate.html?command=get_materiel&rest_code=00150&code=00101010054&supplier_code=00100097&order_time=2021-01-17 HTTP/1.1" 200 419
