180.169.147.146 - - [16/Jan/2021:09:51:12 +0800] "POST /xingrg/kc/buy/cgsh_list_operate.html HTTP/1.1" 200 5102
222.69.133.109 - - [16/Jan/2021:09:51:13 +0800] "POST /xingrg/all/common/load_combo.html?type=base HTTP/1.1" 200 1224
180.169.147.146 - - [16/Jan/2021:09:51:14 +0800] "GET /xingrg/all/function/internal_message.html?_=1610761880848&CODE_STATE=getMsg HTTP/1.1" 200 27
180.169.147.146 - - [16/Jan/2021:09:51:14 +0800] "GET /xingrg/check_reg.html?_=1610761880851 HTTP/1.1" 200 22
180.169.147.146 - - [16/Jan/2021:09:51:16 +0800] "POST /xingrg/kc/buy/cgsh_list_operate.html HTTP/1.1" 200 282
180.169.147.146 - - [16/Jan/2021:09:51:17 +0800] "GET /xingrg/javascript/easyui/themes/default/images/button_plain_hover.png HTTP/1.1" 200 144
180.169.147.146 - - [16/Jan/2021:09:51:20 +0800] "POST /xingrg/kc/buy/cgsh_list_operate.html HTTP/1.1" 200 4
180.175.150.119 - - [16/Jan/2021:09:51:22 +0800] "GET /xingrg/kc/buy/cgsh_order_operate.html?command=get_materiel&rest_code=00102&code=00101006124&supplier_code=00100096&order_time=2021-01-16 HTTP/1.1" 200 409
180.169.147.146 - - [16/Jan/2021:09:51:23 +0800] "POST /xingrg/kc/buy/cgsh_list_operate.html HTTP/1.1" 200 5427
101.93.222.235 - - [16/Jan/2021:09:51:23 +0800] "POST /xingrg/services/DataTransmitService HTTP/1.1" 200 524
101.93.222.235 - - [16/Jan/2021:09:51:24 +0800] "POST /xingrg/services/DataTransmitService HTTP/1.1" 200 1859
101.93.222.235 - - [16/Jan/2021:09:51:24 +0800] "POST /xingrg/services/DataTransmitService HTTP/1.1" 200 177736
116.228.172.94 - - [16/Jan/2021:09:51:25 +0800] "GET /xingrg/all/function/internal_message.html?_=1610761872563&CODE_STATE=getMsg HTTP/1.1" 200 27
222.70.179.222 - - [16/Jan/2021:09:51:27 +0800] "GET /xingrg/all/function/internal_message.html?_=1610761883404&CODE_STATE=getMsg HTTP/1.1" 200 27
120.253.135.82 - - [16/Jan/2021:09:51:29 +0800] "GET /xingrg/all/function/internal_message.html?_=1610761993959&CODE_STATE=getMsg HTTP/1.1" 200 27
180.175.150.119 - - [16/Jan/2021:09:51:30 +0800] "GET /xingrg/kc/buy/cgsh_order_operate.html?command=get_materiel&rest_code=00102&code=00101006110&supplier_code=00100096&order_time=2021-01-16 HTTP/1.1" 200 408
222.69.133.109 - - [16/Jan/2021:09:51:34 +0800] "GET /xingrg/all/function/internal_message.html?_=1610761892738&CODE_STATE=getMsg HTTP/1.1" 200 27
58.37.230.33 - - [16/Jan/2021:09:51:39 +0800] "GET /xingrg/all/function/internal_message.html?_=1610761883691&CODE_STATE=getMsg HTTP/1.1" 200 27
180.175.150.119 - - [16/Jan/2021:09:51:41 +0800] "GET /xingrg/kc/buy/cgsh_order_operate.html?command=get_materiel&rest_code=00102&code=00101006115&supplier_code=00100096&order_time=2021-01-16 HTTP/1.1" 200 411
117.185.32.26 - - [16/Jan/2021:09:51:41 +0800] "GET /xingrg/all/function/internal_message.html?_=1610761895757&CODE_STATE=getMsg HTTP/1.1" 200 27
172.20.0.100 - - [16/Jan/2021:09:51:43 +0800] "GET /xingrg/all/function/internal_message.html?_=1610761897763&CODE_STATE=getMsg HTTP/1.1" 302 -
180.169.147.146 - - [16/Jan/2021:09:51:46 +0800] "GET /xingrg/all/function/internal_message.html?_=1610761902002&CODE_STATE=getMsg HTTP/1.1" 200 27
58.40.7.146 - - [16/Jan/2021:09:51:49 +0800] "GET /xingrg/all/function/internal_message.html?_=1610761905517&CODE_STATE=getMsg HTTP/1.1" 200 27
222.69.133.109 - - [16/Jan/2021:09:51:51 +0800] "POST /xingrg/kc/base/stock_operate.html HTTP/1.1" 200 1691
218.81.223.240 - - [16/Jan/2021:09:51:51 +0800] "GET /xingrg/all/function/internal_message.html?_=1610761945538&CODE_STATE=getMsg HTTP/1.1" 200 27
180.156.237.57 - - [16/Jan/2021:09:51:54 +0800] "GET /xingrg/all/function/internal_message.html?_=1610761913394&CODE_STATE=getMsg HTTP/1.1" 200 27
180.156.237.57 - - [16/Jan/2021:09:51:54 +0800] "GET /xingrg/check_reg.html?_=1610761896521 HTTP/1.1" 200 22
180.156.237.57 - - [16/Jan/2021:09:51:55 +0800] "GET /xingrg/all/function/internal_message.html?_=1610761896817&CODE_STATE=getMsg HTTP/1.1" 200 27
180.175.150.119 - - [16/Jan/2021:09:51:55 +0800] "GET /xingrg/kc/buy/cgsh_order_operate.html?command=get_materiel&rest_code=00102&code=00101001009&supplier_code=00100096&order_time=2021-01-16 HTTP/1.1" 200 408
58.37.230.33 - - [16/Jan/2021:09:51:59 +0800] "GET /xingrg/check_reg.html?_=1610761903257 HTTP/1.1" 200 22
116.232.195.34 - - [16/Jan/2021:09:51:59 +0800] "GET /xingrg/all/function/internal_message.html?_=1610761914440&CODE_STATE=getMsg HTTP/1.1" 200 27
222.69.132.145 - - [16/Jan/2021:09:52:02 +0800] "GET /xingrg/all/function/internal_message.html?_=1610761913270&CODE_STATE=getMsg HTTP/1.1" 200 27
180.175.150.119 - - [16/Jan/2021:09:52:03 +0800] "GET /xingrg/all/function/internal_message.html?_=1610762161094&CODE_STATE=getMsg HTTP/1.1" 200 27
180.169.147.146 - - [16/Jan/2021:09:52:03 +0800] "GET /xingrg/all/function/internal_message.html?_=1610761921151&CODE_STATE=getMsg HTTP/1.1" 200 27
180.175.150.119 - - [16/Jan/2021:09:52:05 +0800] "GET /xingrg/kc/buy/cgsh_order_operate.html?command=get_materiel&rest_code=00102&code=00101012029&supplier_code=00100096&order_time=2021-01-16 HTTP/1.1" 200 414
61.165.42.208 - - [16/Jan/2021:09:52:05 +0800] "GET /xingrg/all/function/internal_message.html?_=1610761925391&CODE_STATE=getMsg HTTP/1.1" 200 27
180.156.237.57 - - [16/Jan/2021:09:52:12 +0800] "GET /xingrg/check_reg.html?_=1610761931837 HTTP/1.1" 200 22
180.169.147.146 - - [16/Jan/2021:09:52:14 +0800] "GET /xingrg/all/function/internal_message.html?_=1610761940851&CODE_STATE=getMsg HTTP/1.1" 200 27
180.175.150.119 - - [16/Jan/2021:09:52:15 +0800] "POST /xingrg/kc/buy/cgsh_order_operate.html HTTP/1.1" 200 37
180.175.150.119 - - [16/Jan/2021:09:52:18 +0800] "POST /xingrg/kc/buy/cgsh_order_operate.html HTTP/1.1" 200 9790
180.175.150.119 - - [16/Jan/2021:09:52:20 +0800] "GET /xingrg/kc/buy/cgsh_order_add.html HTTP/1.1" 200 61845
180.175.150.119 - - [16/Jan/2021:09:52:21 +0800] "POST /xingrg/kc/buy/cgsh_order_operate.html HTTP/1.1" 200 8245
222.69.133.109 - - [16/Jan/2021:09:52:22 +0800] "GET /xingrg/kc/base/stock_detail.html?m=00101006258 HTTP/1.1" 200 6416
222.69.133.109 - - [16/Jan/2021:09:52:22 +0800] "GET /xingrg/javascript/jquery_easy_ui/themes/icons/search.png HTTP/1.1" 200 813
222.69.133.109 - - [16/Jan/2021:09:52:22 +0800] "GET /xingrg/javascript/jquery_easy_ui/themes/default/images/calendar_prevmonth.gif HTTP/1.1" 200 66
222.69.133.109 - - [16/Jan/2021:09:52:22 +0800] "GET /xingrg/javascript/jquery_easy_ui/themes/default/images/menu.gif HTTP/1.1" 200 834
222.69.133.109 - - [16/Jan/2021:09:52:22 +0800] "GET /xingrg/javascript/jquery_easy_ui/themes/default/images/calendar_nextmonth.gif HTTP/1.1" 200 64
222.69.133.109 - - [16/Jan/2021:09:52:22 +0800] "GET /xingrg/javascript/jquery_easy_ui/themes/default/images/calendar_prevyear.gif HTTP/1.1" 200 76
222.69.133.109 - - [16/Jan/2021:09:52:22 +0800] "GET /xingrg/javascript/jquery_easy_ui/themes/default/images/calendar_nextyear.gif HTTP/1.1" 200 75
180.175.150.119 - - [16/Jan/2021:09:52:22 +0800] "GET /xingrg/javascript/easyui/themes/default/validatebox.css HTTP/1.1" 404 1104
116.228.172.94 - - [16/Jan/2021:09:52:25 +0800] "GET /xingrg/all/function/internal_message.html?_=1610761932548&CODE_STATE=getMsg HTTP/1.1" 200 27
222.70.179.222 - - [16/Jan/2021:09:52:27 +0800] "GET /xingrg/all/function/internal_message.html?_=1610761943414&CODE_STATE=getMsg HTTP/1.1" 200 27
222.69.133.109 - - [16/Jan/2021:09:52:28 +0800] "GET /xingrg/kc/base/stock_operate.html?_=1610761946654&command=get_report_file&start_day=20210101 HTTP/1.1" 200 53
222.69.133.109 - - [16/Jan/2021:09:52:28 +0800] "GET /xingrg/javascript/multi_select/jqueryMultiSelect.css HTTP/1.1" 200 951
222.69.133.109 - - [16/Jan/2021:09:52:28 +0800] "GET /xingrg/javascript/calendar/timePicker.css HTTP/1.1" 200 523
222.69.133.109 - - [16/Jan/2021:09:52:28 +0800] "GET /xingrg/javascript/bigrid/fix.css HTTP/1.1" 200 1702
222.69.133.109 - - [16/Jan/2021:09:52:28 +0800] "GET /xingrg/all/report/report_query.html?isQuery=1&onlyBody=1&rh=2000&fileName=kc/base/kc_stock_detail_new.xml&queryString=(1=1)&queryText=&tableQueryString=init_table$sp1$$sp$crk_table$sp1$order_day%20between%2020210101%20and%2020210131&varString=start_day:20210101,materiel_code:00101006258,cost_id:2984,end_date:20201231 HTTP/1.1" 200 48701
222.69.133.109 - - [16/Jan/2021:09:52:28 +0800] "GET /xingrg/dwr/interface/AjaxReportQueryService.js HTTP/1.1" 200 13203
222.69.133.109 - - [16/Jan/2021:09:52:28 +0800] "GET /xingrg/dwr/engine.js HTTP/1.1" 200 43631
222.69.133.109 - - [16/Jan/2021:09:52:28 +0800] "GET /xingrg/javascript/jqueryMultiSelect.js HTTP/1.1" 200 11866
222.69.133.109 - - [16/Jan/2021:09:52:28 +0800] "GET /xingrg/javascript/calendar/jquery.timePicker.min.js HTTP/1.1" 200 2997
222.69.133.109 - - [16/Jan/2021:09:52:28 +0800] "GET /xingrg/javascript/bigrid/fix.js HTTP/1.1" 200 6439
222.69.133.109 - - [16/Jan/2021:09:52:28 +0800] "GET /xingrg/images/blue/button/advanceover.gif HTTP/1.1" 200 1347
222.69.133.109 - - [16/Jan/2021:09:52:28 +0800] "GET /xingrg/images/blue/button/advance2over.gif HTTP/1.1" 200 1336
222.69.133.109 - - [16/Jan/2021:09:52:28 +0800] "GET /xingrg/images/control/loading.gif HTTP/1.1" 200 13463
222.69.133.109 - - [16/Jan/2021:09:52:28 +0800] "GET /xingrg/images/blue/button/back2over.gif HTTP/1.1" 200 1335
222.69.133.109 - - [16/Jan/2021:09:52:28 +0800] "GET /xingrg/images/blue/button/backover.gif HTTP/1.1" 200 1348
222.69.133.109 - - [16/Jan/2021:09:52:28 +0800] "GET /xingrg/javascript/jquery_easy_ui/themes/icons/help.png HTTP/1.1" 200 1187
222.69.133.109 - - [16/Jan/2021:09:52:28 +0800] "POST /xingrg/all/report/load_report_page.html HTTP/1.1" 200 89
120.253.135.82 - - [16/Jan/2021:09:52:29 +0800] "GET /xingrg/all/function/internal_message.html?_=1610762053989&CODE_STATE=getMsg HTTP/1.1" 200 27
180.175.150.119 - - [16/Jan/2021:09:52:31 +0800] "GET /xingrg/kc/buy/cgsh_order_operate.html?command=get_materiel&rest_code=00102&code=00101016038&supplier_code=00100096&order_time=2021-01-16 HTTP/1.1" 200 408
222.69.133.109 - - [16/Jan/2021:09:52:34 +0800] "GET /xingrg/all/function/internal_message.html?_=1610761952733&CODE_STATE=getMsg HTTP/1.1" 200 27
58.37.230.33 - - [16/Jan/2021:09:52:39 +0800] "GET /xingrg/all/function/internal_message.html?_=1610761943660&CODE_STATE=getMsg HTTP/1.1" 200 27
222.69.133.109 - - [16/Jan/2021:09:52:40 +0800] "GET /xingrg/kc/buy/cgsh_order_list.html HTTP/1.1" 200 46154
222.69.133.109 - - [16/Jan/2021:09:52:41 +0800] "POST /xingrg/kc/buy/cgsh_list_operate.html HTTP/1.1" 200 876
117.185.32.26 - - [16/Jan/2021:09:52:41 +0800] "GET /xingrg/all/function/internal_message.html?_=1610761955759&CODE_STATE=getMsg HTTP/1.1" 200 27
120.253.135.82 - - [16/Jan/2021:09:52:42 +0800] "GET /xingrg/check_reg.html?_=1610761707538 HTTP/1.1" 200 22
120.253.135.82 - - [16/Jan/2021:09:52:42 +0800] "GET /xingrg/all/function/internal_message.html?_=1610761707536&CODE_STATE=getMsg HTTP/1.1" 200 27
172.20.0.100 - - [16/Jan/2021:09:52:43 +0800] "GET /xingrg/check_reg.html?_=1610761957734 HTTP/1.1" 302 -
172.20.0.100 - - [16/Jan/2021:09:52:43 +0800] "GET /xingrg/all/function/internal_message.html?_=1610761957741&CODE_STATE=getMsg HTTP/1.1" 302 -
180.169.147.146 - - [16/Jan/2021:09:52:46 +0800] "GET /xingrg/all/function/internal_message.html?_=1610761962010&CODE_STATE=getMsg HTTP/1.1" 200 27
58.40.7.146 - - [16/Jan/2021:09:52:49 +0800] "GET /xingrg/all/function/internal_message.html?_=1610761965520&CODE_STATE=getMsg HTTP/1.1" 200 27
218.81.223.240 - - [16/Jan/2021:09:52:51 +0800] "GET /xingrg/all/function/internal_message.html?_=1610762005699&CODE_STATE=getMsg HTTP/1.1" 200 27
180.156.237.57 - - [16/Jan/2021:09:52:54 +0800] "GET /xingrg/all/function/internal_message.html?_=1610761973384&CODE_STATE=getMsg HTTP/1.1" 200 27
180.156.237.57 - - [16/Jan/2021:09:52:55 +0800] "GET /xingrg/all/function/internal_message.html?_=1610761956832&CODE_STATE=getMsg HTTP/1.1" 200 27
180.175.150.119 - - [16/Jan/2021:09:52:57 +0800] "GET /xingrg/kc/buy/cgsh_order_operate.html?command=get_materiel&rest_code=00102&code=00101001060&supplier_code=00100096&order_time=2021-01-16 HTTP/1.1" 200 420
116.232.195.34 - - [16/Jan/2021:09:52:59 +0800] "GET /xingrg/all/function/internal_message.html?_=1610761974454&CODE_STATE=getMsg HTTP/1.1" 200 27
222.69.132.145 - - [16/Jan/2021:09:53:02 +0800] "GET /xingrg/all/function/internal_message.html?_=1610761973243&CODE_STATE=getMsg HTTP/1.1" 200 27
180.175.150.119 - - [16/Jan/2021:09:53:03 +0800] "GET /xingrg/check_reg.html?_=1610762221046 HTTP/1.1" 200 22
180.175.150.119 - - [16/Jan/2021:09:53:03 +0800] "GET /xingrg/all/function/internal_message.html?_=1610762221107&CODE_STATE=getMsg HTTP/1.1" 200 27
180.169.147.146 - - [16/Jan/2021:09:53:03 +0800] "GET /xingrg/all/function/internal_message.html?_=1610761981149&CODE_STATE=getMsg HTTP/1.1" 200 27
61.165.42.208 - - [16/Jan/2021:09:53:05 +0800] "GET /xingrg/check_reg.html?_=1610761985394 HTTP/1.1" 200 22
61.165.42.208 - - [16/Jan/2021:09:53:05 +0800] "GET /xingrg/all/function/internal_message.html?_=1610761985392&CODE_STATE=getMsg HTTP/1.1" 200 27
180.175.150.119 - - [16/Jan/2021:09:53:07 +0800] "GET /xingrg/kc/buy/cgsh_order_operate.html?command=get_materiel&rest_code=00102&code=00101022024&supplier_code=00100096&order_time=2021-01-16 HTTP/1.1" 200 428
180.169.147.146 - - [16/Jan/2021:09:53:14 +0800] "GET /xingrg/all/function/internal_message.html?_=1610762000852&CODE_STATE=getMsg HTTP/1.1" 200 27
180.175.150.119 - - [16/Jan/2021:09:53:18 +0800] "GET /xingrg/kc/buy/cgsh_order_operate.html?command=get_materiel&rest_code=00102&code=00101007063&supplier_code=00100096&order_time=2021-01-16 HTTP/1.1" 200 411
116.228.172.94 - - [16/Jan/2021:09:53:24 +0800] "GET /xingrg/check_reg.html?_=1610761991993 HTTP/1.1" 200 22
116.228.172.94 - - [16/Jan/2021:09:53:25 +0800] "GET /xingrg/all/function/internal_message.html?_=1610761992532&CODE_STATE=getMsg HTTP/1.1" 200 27
222.70.179.222 - - [16/Jan/2021:09:53:27 +0800] "GET /xingrg/check_reg.html?_=1610762003374 HTTP/1.1" 200 22
222.70.179.222 - - [16/Jan/2021:09:53:27 +0800] "GET /xingrg/all/function/internal_message.html?_=1610762003427&CODE_STATE=getMsg HTTP/1.1" 200 27
120.253.135.82 - - [16/Jan/2021:09:53:29 +0800] "GET /xingrg/all/function/internal_message.html?_=1610762114002&CODE_STATE=getMsg HTTP/1.1" 200 27
120.253.135.82 - - [16/Jan/2021:09:53:31 +0800] "GET /xingrg/all/function/internal_message.html?_=1610761767537&CODE_STATE=getMsg HTTP/1.1" 200 27
222.69.133.109 - - [16/Jan/2021:09:53:31 +0800] "GET /xingrg/kc/mdqp/qqps_order_list.html HTTP/1.1" 200 10027
222.69.133.109 - - [16/Jan/2021:09:53:31 +0800] "GET /xingrg/dwr/interface/AjaxReportQueryService.js HTTP/1.1" 200 13203
222.69.133.109 - - [16/Jan/2021:09:53:31 +0800] "GET /xingrg/dwr/interface/AjaxQqpsService.js HTTP/1.1" 200 16326
222.69.133.109 - - [16/Jan/2021:09:53:31 +0800] "GET /xingrg/dwr/engine.js HTTP/1.1" 200 43631
120.204.17.70 - - [16/Jan/2021:09:53:32 +0800] "GET /xingrg/all/function/internal_message.html?_=1610761535733&CODE_STATE=getMsg HTTP/1.1" 302 -
222.69.133.109 - - [16/Jan/2021:09:53:34 +0800] "GET /xingrg/all/function/internal_message.html?_=1610762012748&CODE_STATE=getMsg HTTP/1.1" 200 27
222.69.133.109 - - [16/Jan/2021:09:53:36 +0800] "GET /xingrg/kc/mdqp/qqps_order_info.html?code=302021011500384 HTTP/1.1" 200 26394
222.69.133.109 - - [16/Jan/2021:09:53:36 +0800] "GET /xingrg/dwr/interface/AjaxComOrderService.js HTTP/1.1" 200 18264
222.69.133.109 - - [16/Jan/2021:09:53:36 +0800] "GET /xingrg/dwr/interface/AjaxQqpsService.js HTTP/1.1" 200 16326
222.69.133.109 - - [16/Jan/2021:09:53:36 +0800] "GET /xingrg/dwr/engine.js HTTP/1.1" 200 43631
222.69.133.109 - - [16/Jan/2021:09:53:36 +0800] "GET /xingrg/words/20210115141022_words.js HTTP/1.1" 304 -
222.69.133.109 - - [16/Jan/2021:09:53:37 +0800] "POST /xingrg/dwr/call/plaincall/AjaxQqpsService.loadMaterielItems.dwr HTTP/1.1" 200 3946
180.175.150.119 - - [16/Jan/2021:09:53:38 +0800] "GET /xingrg/kc/buy/cgsh_order_operate.html?command=get_materiel&rest_code=00102&code=00101006084&supplier_code=00100096&order_time=2021-01-16 HTTP/1.1" 200 413
58.37.230.33 - - [16/Jan/2021:09:53:39 +0800] "GET /xingrg/all/function/internal_message.html?_=1610762003642&CODE_STATE=getMsg HTTP/1.1" 200 27
58.221.95.50 - - [16/Jan/2021:09:53:40 +0800] "GET /xingrg/check_reg.html?_=1610762016448 HTTP/1.1" 302 -
117.185.32.26 - - [16/Jan/2021:09:53:41 +0800] "GET /xingrg/all/function/internal_message.html?_=1610762015758&CODE_STATE=getMsg HTTP/1.1" 200 27
120.204.17.70 - - [16/Jan/2021:09:53:42 +0800] "GET /xingrg/login.html HTTP/1.1" 200 7641
172.20.0.100 - - [16/Jan/2021:09:53:43 +0800] "GET /xingrg/all/function/internal_message.html?_=1610762017753&CODE_STATE=getMsg HTTP/1.1" 302 -
180.169.147.146 - - [16/Jan/2021:09:53:46 +0800] "GET /xingrg/all/function/internal_message.html?_=1610762022017&CODE_STATE=getMsg HTTP/1.1" 200 27
58.40.7.146 - - [16/Jan/2021:09:53:49 +0800] "GET /xingrg/all/function/internal_message.html?_=1610762025524&CODE_STATE=getMsg HTTP/1.1" 200 27
180.175.150.119 - - [16/Jan/2021:09:53:50 +0800] "GET /xingrg/kc/buy/cgsh_order_operate.html?command=get_materiel&rest_code=00102&code=00101006039&supplier_code=00100096&order_time=2021-01-16 HTTP/1.1" 200 437
218.81.223.240 - - [16/Jan/2021:09:53:51 +0800] "GET /xingrg/all/function/internal_message.html?_=1610762065706&CODE_STATE=getMsg HTTP/1.1" 200 27
180.156.237.57 - - [16/Jan/2021:09:53:54 +0800] "GET /xingrg/all/function/internal_message.html?_=1610762033371&CODE_STATE=getMsg HTTP/1.1" 200 27
180.156.237.57 - - [16/Jan/2021:09:53:55 +0800] "GET /xingrg/all/function/internal_message.html?_=1610762016846&CODE_STATE=getMsg HTTP/1.1" 200 27
116.232.195.34 - - [16/Jan/2021:09:53:59 +0800] "GET /xingrg/all/function/internal_message.html?_=1610762034446&CODE_STATE=getMsg HTTP/1.1" 200 27
222.69.132.145 - - [16/Jan/2021:09:54:02 +0800] "GET /xingrg/all/function/internal_message.html?_=1610762033228&CODE_STATE=getMsg HTTP/1.1" 200 27
180.175.150.119 - - [16/Jan/2021:09:54:03 +0800] "GET /xingrg/all/function/internal_message.html?_=1610762281120&CODE_STATE=getMsg HTTP/1.1" 200 27
180.169.147.146 - - [16/Jan/2021:09:54:03 +0800] "GET /xingrg/all/function/internal_message.html?_=1610762041153&CODE_STATE=getMsg HTTP/1.1" 200 27
61.165.42.208 - - [16/Jan/2021:09:54:05 +0800] "GET /xingrg/all/function/internal_message.html?_=1610762045392&CODE_STATE=getMsg HTTP/1.1" 200 27
180.175.150.119 - - [16/Jan/2021:09:54:08 +0800] "GET /xingrg/kc/buy/cgsh_order_operate.html?command=get_materiel&rest_code=00102&code=00101012025&supplier_code=00100096&order_time=2021-01-16 HTTP/1.1" 200 412
180.169.147.146 - - [16/Jan/2021:09:54:14 +0800] "GET /xingrg/all/function/internal_message.html?_=1610762060852&CODE_STATE=getMsg HTTP/1.1" 200 27
180.175.150.119 - - [16/Jan/2021:09:54:19 +0800] "GET /xingrg/kc/buy/cgsh_order_operate.html?command=get_materiel&rest_code=00102&code=00101007059&supplier_code=00100096&order_time=2021-01-16 HTTP/1.1" 200 409
116.228.172.94 - - [16/Jan/2021:09:54:25 +0800] "GET /xingrg/all/function/internal_message.html?_=1610762052516&CODE_STATE=getMsg HTTP/1.1" 200 27
222.70.179.222 - - [16/Jan/2021:09:54:27 +0800] "GET /xingrg/all/function/internal_message.html?_=1610762063442&CODE_STATE=getMsg HTTP/1.1" 200 27
120.253.135.82 - - [16/Jan/2021:09:54:29 +0800] "GET /xingrg/all/function/internal_message.html?_=1610762174033&CODE_STATE=getMsg HTTP/1.1" 200 27
120.253.135.82 - - [16/Jan/2021:09:54:31 +0800] "GET /xingrg/all/function/internal_message.html?_=1610761827627&CODE_STATE=getMsg HTTP/1.1" 200 27
183.192.164.85 - - [16/Jan/2021:09:54:33 +0800] "GET /xingrg/check_reg.html?_=1610761556800 HTTP/1.1" 302 -
180.175.150.119 - - [16/Jan/2021:09:54:33 +0800] "GET /xingrg/kc/buy/cgsh_order_operate.html?command=get_materiel&rest_code=00102&code=00101001010&supplier_code=00100096&order_time=2021-01-16 HTTP/1.1" 200 408
222.69.133.109 - - [16/Jan/2021:09:54:34 +0800] "GET /xingrg/all/function/internal_message.html?_=1610762072738&CODE_STATE=getMsg HTTP/1.1" 200 27
58.37.230.33 - - [16/Jan/2021:09:54:39 +0800] "GET /xingrg/all/function/internal_message.html?_=1610762063616&CODE_STATE=getMsg HTTP/1.1" 200 27
183.192.164.85 - - [16/Jan/2021:09:54:39 +0800] "GET /xingrg/login.html HTTP/1.1" 200 7641
117.185.32.26 - - [16/Jan/2021:09:54:41 +0800] "GET /xingrg/all/function/internal_message.html?_=1610762075759&CODE_STATE=getMsg HTTP/1.1" 200 27
172.20.0.100 - - [16/Jan/2021:09:54:43 +0800] "GET /xingrg/all/function/internal_message.html?_=1610762077747&CODE_STATE=getMsg HTTP/1.1" 302 -
120.253.135.82 - - [16/Jan/2021:09:54:44 +0800] "GET /xingrg/check_reg.html?_=1610762189103 HTTP/1.1" 200 22
180.169.147.146 - - [16/Jan/2021:09:54:46 +0800] "GET /xingrg/all/function/internal_message.html?_=1610762082005&CODE_STATE=getMsg HTTP/1.1" 200 27
58.40.7.146 - - [16/Jan/2021:09:54:49 +0800] "GET /xingrg/all/function/internal_message.html?_=1610762085526&CODE_STATE=getMsg HTTP/1.1" 200 27
218.81.223.240 - - [16/Jan/2021:09:54:49 +0800] "GET /xingrg/check_reg.html?_=1610762123427 HTTP/1.1" 200 22
222.69.133.109 - - [16/Jan/2021:09:54:51 +0800] "GET /xingrg/images/yd/bt.gif HTTP/1.1" 404 1040
222.69.133.109 - - [16/Jan/2021:09:54:51 +0800] "GET /xingrg/images/yd/bt2.gif HTTP/1.1" 404 1042
218.81.223.240 - - [16/Jan/2021:09:54:51 +0800] "GET /xingrg/all/function/internal_message.html?_=1610762125720&CODE_STATE=getMsg HTTP/1.1" 200 27
180.156.237.57 - - [16/Jan/2021:09:54:54 +0800] "GET /xingrg/all/function/internal_message.html?_=1610762093341&CODE_STATE=getMsg HTTP/1.1" 200 27
180.156.237.57 - - [16/Jan/2021:09:54:55 +0800] "GET /xingrg/all/function/internal_message.html?_=1610762076893&CODE_STATE=getMsg HTTP/1.1" 200 27
180.175.150.119 - - [16/Jan/2021:09:54:57 +0800] "POST /xingrg/kc/buy/cgsh_order_operate.html HTTP/1.1" 200 37
180.175.150.119 - - [16/Jan/2021:09:54:58 +0800] "POST /xingrg/kc/buy/cgsh_order_operate.html HTTP/1.1" 200 7409
116.232.195.34 - - [16/Jan/2021:09:54:59 +0800] "GET /xingrg/check_reg.html?_=1610762094449 HTTP/1.1" 200 22
116.232.195.34 - - [16/Jan/2021:09:54:59 +0800] "GET /xingrg/all/function/internal_message.html?_=1610762094453&CODE_STATE=getMsg HTTP/1.1" 200 27
222.69.132.145 - - [16/Jan/2021:09:55:02 +0800] "GET /xingrg/all/function/internal_message.html?_=1610762093207&CODE_STATE=getMsg HTTP/1.1" 200 27
180.175.150.119 - - [16/Jan/2021:09:55:03 +0800] "GET /xingrg/all/function/internal_message.html?_=1610762341135&CODE_STATE=getMsg HTTP/1.1" 200 27
222.69.132.145 - - [16/Jan/2021:09:55:03 +0800] "GET /xingrg/check_reg.html?_=1610762093807 HTTP/1.1" 200 22
180.169.147.146 - - [16/Jan/2021:09:55:03 +0800] "GET /xingrg/all/function/internal_message.html?_=1610762101145&CODE_STATE=getMsg HTTP/1.1" 200 27
180.175.150.119 - - [16/Jan/2021:09:55:05 +0800] "POST /xingrg/kc/buy/cgsh_list_operate.html HTTP/1.1" 200 2004
61.165.42.208 - - [16/Jan/2021:09:55:05 +0800] "GET /xingrg/all/function/internal_message.html?_=1610762105406&CODE_STATE=getMsg HTTP/1.1" 200 27
222.69.133.109 - - [16/Jan/2021:09:55:12 +0800] "POST /xingrg/dwr/call/plaincall/AjaxQqpsService.saveMaterielItem.dwr HTTP/1.1" 200 78
180.169.147.146 - - [16/Jan/2021:09:55:14 +0800] "GET /xingrg/all/function/internal_message.html?_=1610762120850&CODE_STATE=getMsg HTTP/1.1" 200 27
61.165.42.208 - - [16/Jan/2021:09:55:16 +0800] "GET /xingrg/kc/buy/cgsh_order_list.html HTTP/1.1" 200 46148
180.175.150.119 - - [16/Jan/2021:09:55:17 +0800] "POST /xingrg/kc/buy/cgsh_list_operate.html HTTP/1.1" 200 567
61.165.42.208 - - [16/Jan/2021:09:55:17 +0800] "POST /xingrg/kc/buy/cgsh_list_operate.html HTTP/1.1" 200 2410
180.175.150.119 - - [16/Jan/2021:09:55:18 +0800] "GET /xingrg/kc/buy/cgsh_order_info.html?code=212021011606928 HTTP/1.1" 200 61844
61.165.42.208 - - [16/Jan/2021:09:55:18 +0800] "GET /xingrg/kc/buy/cgsh_order_add.html HTTP/1.1" 200 61933
61.165.42.208 - - [16/Jan/2021:09:55:19 +0800] "POST /xingrg/kc/buy/cgsh_order_operate.html HTTP/1.1" 200 8245
180.175.150.119 - - [16/Jan/2021:09:55:19 +0800] "GET /xingrg/javascript/easyui/themes/default/validatebox.css HTTP/1.1" 404 1104
61.165.42.208 - - [16/Jan/2021:09:55:19 +0800] "GET /xingrg/javascript/easyui/themes/default/validatebox.css HTTP/1.1" 404 1104
180.175.150.119 - - [16/Jan/2021:09:55:19 +0800] "POST /xingrg/kc/buy/cgsh_order_operate.html HTTP/1.1" 200 9790
116.228.172.94 - - [16/Jan/2021:09:55:25 +0800] "GET /xingrg/all/function/internal_message.html?_=1610762112502&CODE_STATE=getMsg HTTP/1.1" 200 27
222.69.133.109 - - [16/Jan/2021:09:55:26 +0800] "POST /xingrg/dwr/call/plaincall/AjaxQqpsService.saveMaterielItem.dwr HTTP/1.1" 200 78
222.70.179.222 - - [16/Jan/2021:09:55:27 +0800] "GET /xingrg/all/function/internal_message.html?_=1610762123455&CODE_STATE=getMsg HTTP/1.1" 200 27
61.165.42.208 - - [16/Jan/2021:09:55:29 +0800] "GET /xingrg/kc/buy/cgsh_order_operate.html?command=get_materiel&rest_code=00105&code=00102013013&supplier_code=00100073&order_time=2021-01-16 HTTP/1.1" 200 409
120.253.135.82 - - [16/Jan/2021:09:55:29 +0800] "GET /xingrg/all/function/internal_message.html?_=1610762234045&CODE_STATE=getMsg HTTP/1.1" 200 27
120.253.135.82 - - [16/Jan/2021:09:55:31 +0800] "GET /xingrg/all/function/internal_message.html?_=1610761887679&CODE_STATE=getMsg HTTP/1.1" 200 27
222.69.133.109 - - [16/Jan/2021:09:55:34 +0800] "GET /xingrg/check_reg.html?_=1610762132737 HTTP/1.1" 200 22
222.69.133.109 - - [16/Jan/2021:09:55:34 +0800] "GET /xingrg/all/function/internal_message.html?_=1610762132741&CODE_STATE=getMsg HTTP/1.1" 200 27
180.175.150.119 - - [16/Jan/2021:09:55:35 +0800] "POST /xingrg/kc/buy/cgsh_order_operate.html HTTP/1.1" 200 37
180.175.150.119 - - [16/Jan/2021:09:55:36 +0800] "POST /xingrg/kc/buy/cgsh_order_operate.html HTTP/1.1" 200 9794
58.37.230.33 - - [16/Jan/2021:09:55:39 +0800] "GET /xingrg/all/function/internal_message.html?_=1610762123585&CODE_STATE=getMsg HTTP/1.1" 200 27
117.185.32.26 - - [16/Jan/2021:09:55:41 +0800] "GET /xingrg/all/function/internal_message.html?_=1610762135757&CODE_STATE=getMsg HTTP/1.1" 200 27
172.20.0.100 - - [16/Jan/2021:09:55:43 +0800] "GET /xingrg/all/function/internal_message.html?_=1610762137739&CODE_STATE=getMsg HTTP/1.1" 302 -
180.175.150.119 - - [16/Jan/2021:09:55:45 +0800] "POST /xingrg/kc/buy/cgsh_order_operate.html HTTP/1.1" 200 37
180.169.147.146 - - [16/Jan/2021:09:55:46 +0800] "GET /xingrg/check_reg.html?_=1610762142011 HTTP/1.1" 200 22
180.169.147.146 - - [16/Jan/2021:09:55:46 +0800] "GET /xingrg/all/function/internal_message.html?_=1610762142017&CODE_STATE=getMsg HTTP/1.1" 200 27
180.175.150.119 - - [16/Jan/2021:09:55:46 +0800] "POST /xingrg/kc/buy/cgsh_order_operate.html HTTP/1.1" 200 9796
180.156.237.57 - - [16/Jan/2021:09:55:47 +0800] "POST /xingrg/all/user/operate.html HTTP/1.1" 200 36
180.156.237.57 - - [16/Jan/2021:09:55:48 +0800] "GET /xingrg/javascript/jquery_easy_ui/themes/default/easyui.css HTTP/1.1" 304 -
180.156.237.57 - - [16/Jan/2021:09:55:48 +0800] "GET /xingrg/index.html?sysBaseUrl=http%3A%2F%2F180.169.147.146%3A18081%2Fxingrg%2F&costTime=38×tamp=1610755822673 HTTP/1.1" 200 17177
180.156.237.57 - - [16/Jan/2021:09:55:48 +0800] "GET /xingrg/javascript/jquery_easy_ui/themes/icon.css HTTP/1.1" 304 -
180.156.237.57 - - [16/Jan/2021:09:55:48 +0800] "GET /xingrg/css/form.css HTTP/1.1" 304 -
180.156.237.57 - - [16/Jan/2021:09:55:48 +0800] "GET /xingrg/javascript/jquery-1.4.2.min.js HTTP/1.1" 304 -
180.156.237.57 - - [16/Jan/2021:09:55:48 +0800] "GET /xingrg/javascript/jquery_easy_ui/jquery.easyui.min.js HTTP/1.1" 304 -
180.156.237.57 - - [16/Jan/2021:09:55:48 +0800] "GET /xingrg/javascript/jquery_easy_ui/easyui-lang-zh_CN.js HTTP/1.1" 304 -
180.156.237.57 - - [16/Jan/2021:09:55:48 +0800] "GET /xingrg/javascript/jquery.form.js HTTP/1.1" 304 -
180.156.237.57 - - [16/Jan/2021:09:55:48 +0800] "GET /xingrg/javascript/jquery.utils.js HTTP/1.1" 304 -
180.156.237.57 - - [16/Jan/2021:09:55:48 +0800] "GET /xingrg/javascript/jquery.timers.js HTTP/1.1" 304 -
180.156.237.57 - - [16/Jan/2021:09:55:48 +0800] "GET /xingrg/images/blue/jxLogo.png HTTP/1.1" 304 -
180.156.237.57 - - [16/Jan/2021:09:55:48 +0800] "GET /xingrg/images/blue/navBackgound.jpg HTTP/1.1" 304 -
180.156.237.57 - - [16/Jan/2021:09:55:48 +0800] "GET /xingrg/javascript/jquery_easy_ui/themes/icons/settle_new.png HTTP/1.1" 304 -
180.156.237.57 - - [16/Jan/2021:09:55:48 +0800] "GET /xingrg/images/blue/pingpu.png HTTP/1.1" 304 -
180.156.237.57 - - [16/Jan/2021:09:55:48 +0800] "POST /xingrg/all/common/load_tree.html?tree=area_rest_tree_json&manage=1 HTTP/1.1" 200 476
180.156.237.57 - - [16/Jan/2021:09:55:48 +0800] "GET /xingrg/javascript/jquery_easy_ui/themes/default/images/tabs_leftarrow.png HTTP/1.1" 304 -
180.156.237.57 - - [16/Jan/2021:09:55:48 +0800] "GET /xingrg/javascript/jquery_easy_ui/themes/default/images/tabs_rightarrow.png HTTP/1.1" 304 -
180.156.237.57 - - [16/Jan/2021:09:55:48 +0800] "GET /xingrg/javascript/jquery_easy_ui/themes/default/images/panel_tool_collapse.gif HTTP/1.1" 304 -
180.156.237.57 - - [16/Jan/2021:09:55:48 +0800] "GET /xingrg/all/function/internal_message.html?_=1610762130218&CODE_STATE=count HTTP/1.1" 200 11
180.156.237.57 - - [16/Jan/2021:09:55:48 +0800] "GET /xingrg/check_reg.html?_=1610762130218 HTTP/1.1" 200 22
180.156.237.57 - - [16/Jan/2021:09:55:48 +0800] "POST /xingrg/load_menu.html HTTP/1.1" 200 5138
58.40.7.146 - - [16/Jan/2021:09:55:49 +0800] "GET /xingrg/check_reg.html?_=1610762145528 HTTP/1.1" 200 22
58.40.7.146 - - [16/Jan/2021:09:55:49 +0800] "GET /xingrg/all/function/internal_message.html?_=1610762145530&CODE_STATE=getMsg HTTP/1.1" 200 27
222.69.133.109 - - [16/Jan/2021:09:55:51 +0800] "GET /xingrg/javascript/auto/indicator.gif HTTP/1.1" 404 1066
218.81.223.240 - - [16/Jan/2021:09:55:51 +0800] "GET /xingrg/all/function/internal_message.html?_=1610762185733&CODE_STATE=getMsg HTTP/1.1" 200 27
180.175.150.119 - - [16/Jan/2021:09:55:52 +0800] "POST /xingrg/kc/buy/cgsh_list_operate.html HTTP/1.1" 200 2004
222.69.133.109 - - [16/Jan/2021:09:55:53 +0800] "POST /xingrg/dwr/call/plaincall/AjaxQqpsService.getMaterielByCode.dwr HTTP/1.1" 200 1521
180.156.237.57 - - [16/Jan/2021:09:55:54 +0800] "GET /xingrg/all/function/internal_message.html?_=1610762153333&CODE_STATE=getMsg HTTP/1.1" 200 27
222.69.133.109 - - [16/Jan/2021:09:55:55 +0800] "POST /xingrg/dwr/call/plaincall/AjaxQqpsService.saveMaterielItem.dwr HTTP/1.1" 200 78
116.232.195.34 - - [16/Jan/2021:09:55:59 +0800] "GET /xingrg/all/function/internal_message.html?_=1610762155962&CODE_STATE=getMsg HTTP/1.1" 200 27
222.69.132.145 - - [16/Jan/2021:09:56:02 +0800] "GET /xingrg/all/function/internal_message.html?_=1610762153181&CODE_STATE=getMsg HTTP/1.1" 200 27
180.175.150.119 - - [16/Jan/2021:09:56:03 +0800] "GET /xingrg/all/function/internal_message.html?_=1610762401361&CODE_STATE=getMsg HTTP/1.1" 200 27
180.169.147.146 - - [16/Jan/2021:09:56:03 +0800] "GET /xingrg/all/function/internal_message.html?_=1610762161164&CODE_STATE=getMsg HTTP/1.1" 200 27
180.169.147.146 - - [16/Jan/2021:09:56:03 +0800] "GET /xingrg/check_reg.html?_=1610762161166 HTTP/1.1" 200 22
117.185.32.26 - - [16/Jan/2021:09:56:04 +0800] "GET /xingrg/check_reg.html?_=1610762158220 HTTP/1.1" 200 22
61.165.42.208 - - [16/Jan/2021:09:56:05 +0800] "GET /xingrg/all/function/internal_message.html?_=1610762165419&CODE_STATE=getMsg HTTP/1.1" 200 27
180.175.150.119 - - [16/Jan/2021:09:56:06 +0800] "POST /xingrg/kc/buy/cgsh_list_operate.html HTTP/1.1" 200 567
180.175.150.119 - - [16/Jan/2021:09:56:07 +0800] "GET /xingrg/kc/buy/cgsh_order_info.html?code=212021011606928 HTTP/1.1" 200 61844
180.175.150.119 - - [16/Jan/2021:09:56:07 +0800] "GET /xingrg/javascript/easyui/themes/default/validatebox.css HTTP/1.1" 404 1104
180.175.150.119 - - [16/Jan/2021:09:56:08 +0800] "POST /xingrg/kc/buy/cgsh_order_operate.html HTTP/1.1" 200 9796
180.169.147.146 - - [16/Jan/2021:09:56:14 +0800] "GET /xingrg/check_reg.html?_=1610762180850 HTTP/1.1" 200 22
180.169.147.146 - - [16/Jan/2021:09:56:14 +0800] "GET /xingrg/all/function/internal_message.html?_=1610762180853&CODE_STATE=getMsg HTTP/1.1" 200 27
116.228.172.94 - - [16/Jan/2021:09:56:25 +0800] "GET /xingrg/all/function/internal_message.html?_=1610762172489&CODE_STATE=getMsg HTTP/1.1" 200 27
180.175.150.119 - - [16/Jan/2021:09:56:26 +0800] "POST /xingrg/kc/buy/cgsh_order_operate.html HTTP/1.1" 200 37
222.70.179.222 - - [16/Jan/2021:09:56:27 +0800] "GET /xingrg/all/function/internal_message.html?_=1610762183532&CODE_STATE=getMsg HTTP/1.1" 200 27
180.175.150.119 - - [16/Jan/2021:09:56:27 +0800] "POST /xingrg/kc/buy/cgsh_order_operate.html HTTP/1.1" 200 9797
120.253.135.82 - - [16/Jan/2021:09:56:29 +0800] "GET /xingrg/all/function/internal_message.html?_=1610762294059&CODE_STATE=getMsg HTTP/1.1" 200 27
120.253.135.82 - - [16/Jan/2021:09:56:31 +0800] "GET /xingrg/all/function/internal_message.html?_=1610761947687&CODE_STATE=getMsg HTTP/1.1" 200 27
180.175.150.119 - - [16/Jan/2021:09:56:31 +0800] "POST /xingrg/kc/buy/cgsh_list_operate.html HTTP/1.1" 200 2004
101.85.52.2 - - [16/Jan/2021:09:56:31 +0800] "GET /xingrg/login.html HTTP/1.1" 200 7641
222.69.133.109 - - [16/Jan/2021:09:56:34 +0800] "GET /xingrg/all/function/internal_message.html?_=1610762192742&CODE_STATE=getMsg HTTP/1.1" 200 27
58.37.230.33 - - [16/Jan/2021:09:56:39 +0800] "GET /xingrg/all/function/internal_message.html?_=1610762183592&CODE_STATE=getMsg HTTP/1.1" 200 27
117.185.32.26 - - [16/Jan/2021:09:56:41 +0800] "GET /xingrg/all/function/internal_message.html?_=1610762195755&CODE_STATE=getMsg HTTP/1.1" 200 27
101.85.52.2 - - [16/Jan/2021:09:56:42 +0800] "GET /favicon.ico HTTP/1.1" 404 -
172.20.0.100 - - [16/Jan/2021:09:56:43 +0800] "GET /xingrg/all/function/internal_message.html?_=1610762197746&CODE_STATE=getMsg HTTP/1.1" 302 -
180.169.147.146 - - [16/Jan/2021:09:56:46 +0800] "GET /xingrg/all/function/internal_message.html?_=1610762202007&CODE_STATE=getMsg HTTP/1.1" 200 27
180.156.237.57 - - [16/Jan/2021:09:56:48 +0800] "GET /xingrg/all/function/internal_message.html?_=1610762190228&CODE_STATE=getMsg HTTP/1.1" 200 27
61.165.42.208 - - [16/Jan/2021:09:56:48 +0800] "POST /xingrg/kc/buy/cgsh_order_operate.html HTTP/1.1" 200 37
58.40.7.146 - - [16/Jan/2021:09:56:49 +0800] "GET /xingrg/all/function/internal_message.html?_=1610762205533&CODE_STATE=getMsg HTTP/1.1" 200 27
61.165.42.208 - - [16/Jan/2021:09:56:50 +0800] "POST /xingrg/kc/buy/cgsh_order_operate.html HTTP/1.1" 200 3264
61.165.42.208 - - [16/Jan/2021:09:56:51 +0800] "GET /xingrg/kc/print/load_data.html?order_code=212021011606930&kc_code=cgsh&condition= HTTP/1.1" 200 959
218.81.223.240 - - [16/Jan/2021:09:56:51 +0800] "GET /xingrg/all/function/internal_message.html?_=1610762245747&CODE_STATE=getMsg HTTP/1.1" 200 27
222.69.133.109 - - [16/Jan/2021:09:56:52 +0800] "POST /xingrg/dwr/call/plaincall/AjaxQqpsService.getMaterielByCode.dwr HTTP/1.1" 200 1535
180.156.237.57 - - [16/Jan/2021:09:56:54 +0800] "GET /xingrg/all/function/internal_message.html?_=1610762213318&CODE_STATE=getMsg HTTP/1.1" 200 27
222.69.133.109 - - [16/Jan/2021:09:56:54 +0800] "POST /xingrg/dwr/call/plaincall/AjaxQqpsService.saveMaterielItem.dwr HTTP/1.1" 200 78
61.165.42.208 - - [16/Jan/2021:09:56:58 +0800] "GET /xingrg/kc/buy/cgsh_order_add.html HTTP/1.1" 200 61933
61.165.42.208 - - [16/Jan/2021:09:56:58 +0800] "GET /xingrg/javascript/easyui/themes/default/validatebox.css HTTP/1.1" 404 1104
61.165.42.208 - - [16/Jan/2021:09:56:58 +0800] "POST /xingrg/kc/buy/cgsh_order_operate.html HTTP/1.1" 200 8245
58.37.230.33 - - [16/Jan/2021:09:56:59 +0800] "GET /xingrg/check_reg.html?_=1610762203263 HTTP/1.1" 200 22
116.232.195.34 - - [16/Jan/2021:09:56:59 +0800] "GET /xingrg/all/function/internal_message.html?_=1610762215968&CODE_STATE=getMsg HTTP/1.1" 200 27
222.69.132.145 - - [16/Jan/2021:09:57:02 +0800] "GET /xingrg/all/function/internal_message.html?_=1610762213155&CODE_STATE=getMsg HTTP/1.1" 200 27
180.175.150.119 - - [16/Jan/2021:09:57:03 +0800] "GET /xingrg/all/function/internal_message.html?_=1610762461365&CODE_STATE=getMsg HTTP/1.1" 200 27
180.169.147.146 - - [16/Jan/2021:09:57:03 +0800] "GET /xingrg/all/function/internal_message.html?_=1610762221165&CODE_STATE=getMsg HTTP/1.1" 200 27
61.165.42.208 - - [16/Jan/2021:09:57:05 +0800] "GET /xingrg/all/function/internal_message.html?_=1610762225439&CODE_STATE=getMsg HTTP/1.1" 200 27
180.156.237.57 - - [16/Jan/2021:09:57:12 +0800] "GET /xingrg/check_reg.html?_=1610762231855 HTTP/1.1" 200 22
180.169.147.146 - - [16/Jan/2021:09:57:14 +0800] "GET /xingrg/all/function/internal_message.html?_=1610762240854&CODE_STATE=getMsg HTTP/1.1" 200 27
222.69.133.109 - - [16/Jan/2021:09:57:19 +0800] "POST /xingrg/dwr/call/plaincall/AjaxQqpsService.getMaterielByCode.dwr HTTP/1.1" 200 1549
222.69.133.109 - - [16/Jan/2021:09:57:21 +0800] "POST /xingrg/dwr/call/plaincall/AjaxQqpsService.saveMaterielItem.dwr HTTP/1.1" 200 78
101.85.52.2 - - [16/Jan/2021:09:57:22 +0800] "POST /xingrg/login.do HTTP/1.1" 302 -
101.85.52.2 - - [16/Jan/2021:09:57:22 +0800] "GET /xingrg/index.html?sysBaseUrl=http%3A%2F%2F180.169.147.146%3A18081%2Fxingrg%2F&costTime=39×tamp=1610762242044 HTTP/1.1" 200 17179
101.85.52.2 - - [16/Jan/2021:09:57:23 +0800] "POST /xingrg/all/common/load_tree.html?tree=area_rest_tree_json&manage=1 HTTP/1.1" 200 351
101.85.52.2 - - [16/Jan/2021:09:57:24 +0800] "GET /xingrg/all/function/internal_message.html?_=1610762237922&CODE_STATE=count HTTP/1.1" 200 11
101.85.52.2 - - [16/Jan/2021:09:57:24 +0800] "GET /xingrg/check_reg.html?_=1610762237925 HTTP/1.1" 200 22
101.85.52.2 - - [16/Jan/2021:09:57:24 +0800] "POST /xingrg/load_menu.html HTTP/1.1" 200 5138
101.85.52.2 - - [16/Jan/2021:09:57:24 +0800] "GET /favicon.ico HTTP/1.1" 404 -
116.228.172.94 - - [16/Jan/2021:09:57:25 +0800] "GET /xingrg/all/function/internal_message.html?_=1610762232474&CODE_STATE=getMsg HTTP/1.1" 200 27
222.70.179.222 - - [16/Jan/2021:09:57:27 +0800] "GET /xingrg/all/function/internal_message.html?_=1610762243545&CODE_STATE=getMsg HTTP/1.1" 200 27
61.165.42.208 - - [16/Jan/2021:09:57:29 +0800] "GET /xingrg/kc/buy/cgsh_order_operate.html?command=get_materiel&rest_code=00105&code=00101006112&supplier_code=00100012&order_time=2021-01-16 HTTP/1.1" 200 409
120.253.135.82 - - [16/Jan/2021:09:57:29 +0800] "GET /xingrg/all/function/internal_message.html?_=1610762354092&CODE_STATE=getMsg HTTP/1.1" 200 27
120.253.135.82 - - [16/Jan/2021:09:57:31 +0800] "GET /xingrg/check_reg.html?_=1610762007580 HTTP/1.1" 200 22
120.253.135.82 - - [16/Jan/2021:09:57:31 +0800] "GET /xingrg/all/function/internal_message.html?_=1610762007700&CODE_STATE=getMsg HTTP/1.1" 200 27
101.85.52.2 - - [16/Jan/2021:09:57:32 +0800] "GET /xingrg/kc/base/base_main.html HTTP/1.1" 200 12142
101.85.52.2 - - [16/Jan/2021:09:57:33 +0800] "GET /xingrg/kc/mdqp/qp_main.html HTTP/1.1" 200 10633
222.69.133.109 - - [16/Jan/2021:09:57:34 +0800] "GET /xingrg/all/function/internal_message.html?_=1610762252735&CODE_STATE=getMsg HTTP/1.1" 200 27
101.85.52.2 - - [16/Jan/2021:09:57:34 +0800] "GET /xingrg/images/yd/bt.gif HTTP/1.1" 404 1040
101.85.52.2 - - [16/Jan/2021:09:57:36 +0800] "GET /xingrg/kc/mdqp/qqps_order_list.html HTTP/1.1" 200 9222
101.85.52.2 - - [16/Jan/2021:09:57:36 +0800] "GET /xingrg/dwr/interface/AjaxQqpsService.js HTTP/1.1" 200 16326
101.85.52.2 - - [16/Jan/2021:09:57:36 +0800] "GET /xingrg/dwr/interface/AjaxReportQueryService.js HTTP/1.1" 200 13203
101.85.52.2 - - [16/Jan/2021:09:57:36 +0800] "GET /xingrg/dwr/util.js HTTP/1.1" 304 -
101.85.52.2 - - [16/Jan/2021:09:57:36 +0800] "GET /xingrg/dwr/engine.js HTTP/1.1" 200 43631
58.37.230.33 - - [16/Jan/2021:09:57:39 +0800] "GET /xingrg/all/function/internal_message.html?_=1610762243559&CODE_STATE=getMsg HTTP/1.1" 200 27
101.85.52.2 - - [16/Jan/2021:09:57:40 +0800] "GET /xingrg/kc/mdqp/qqps_order_list.html?isQuery=1&timeSelect=1&orderTime=day&startTime=2021-01-15&endTime=2021-01-16&state=all&query=%C8%B7++%B6%A8 HTTP/1.1" 200 10587
101.85.52.2 - - [16/Jan/2021:09:57:40 +0800] "GET /xingrg/dwr/interface/AjaxQqpsService.js HTTP/1.1" 200 16326
101.85.52.2 - - [16/Jan/2021:09:57:40 +0800] "GET /xingrg/dwr/interface/AjaxReportQueryService.js HTTP/1.1" 200 13203
101.85.52.2 - - [16/Jan/2021:09:57:40 +0800] "GET /xingrg/dwr/engine.js HTTP/1.1" 200 43631
117.185.32.26 - - [16/Jan/2021:09:57:41 +0800] "GET /xingrg/all/function/internal_message.html?_=1610762255755&CODE_STATE=getMsg HTTP/1.1" 200 27
61.165.42.208 - - [16/Jan/2021:09:57:42 +0800] "GET /xingrg/kc/buy/cgsh_order_operate.html?command=get_materiel&rest_code=00105&code=00101006106&supplier_code=00100012&order_time=2021-01-16 HTTP/1.1" 200 421
172.20.0.100 - - [16/Jan/2021:09:57:43 +0800] "GET /xingrg/check_reg.html?_=1610762257739 HTTP/1.1" 302 -
172.20.0.100 - - [16/Jan/2021:09:57:43 +0800] "GET /xingrg/all/function/internal_message.html?_=1610762257771&CODE_STATE=getMsg HTTP/1.1" 302 -
101.85.52.2 - - [16/Jan/2021:09:57:43 +0800] "GET /xingrg/kc/mdqp/qqps_order_info.html?code=302021011500404 HTTP/1.1" 200 24724
101.85.52.2 - - [16/Jan/2021:09:57:43 +0800] "GET /xingrg/dwr/interface/AjaxComOrderService.js HTTP/1.1" 200 18264
101.85.52.2 - - [16/Jan/2021:09:57:43 +0800] "GET /xingrg/dwr/interface/AjaxQqpsService.js HTTP/1.1" 200 16326
101.85.52.2 - - [16/Jan/2021:09:57:43 +0800] "GET /xingrg/dwr/engine.js HTTP/1.1" 200 43631
101.85.52.2 - - [16/Jan/2021:09:57:43 +0800] "GET /xingrg/words/20210115141022_words.js HTTP/1.1" 304 -
101.85.52.2 - - [16/Jan/2021:09:57:45 +0800] "POST /xingrg/dwr/call/plaincall/AjaxQqpsService.loadMaterielItems.dwr HTTP/1.1" 200 1454
101.85.52.2 - - [16/Jan/2021:09:57:46 +0800] "GET /xingrg/images/yd/bt2.gif HTTP/1.1" 404 1042
180.169.147.146 - - [16/Jan/2021:09:57:46 +0800] "GET /xingrg/all/function/internal_message.html?_=1610762262005&CODE_STATE=getMsg HTTP/1.1" 200 27
101.85.52.2 - - [16/Jan/2021:09:57:47 +0800] "GET /xingrg/kc/mdqp/qp_main.html HTTP/1.1" 200 10633
180.156.237.57 - - [16/Jan/2021:09:57:48 +0800] "GET /xingrg/all/function/internal_message.html?_=1610762250238&CODE_STATE=getMsg HTTP/1.1" 200 27
101.85.52.2 - - [16/Jan/2021:09:57:48 +0800] "GET /xingrg/kc/mdqp/qqps_order_list.html HTTP/1.1" 200 9222
101.85.52.2 - - [16/Jan/2021:09:57:48 +0800] "GET /xingrg/dwr/interface/AjaxQqpsService.js HTTP/1.1" 200 16326
101.85.52.2 - - [16/Jan/2021:09:57:48 +0800] "GET /xingrg/dwr/interface/AjaxReportQueryService.js HTTP/1.1" 200 13203
101.85.52.2 - - [16/Jan/2021:09:57:48 +0800] "GET /xingrg/dwr/engine.js HTTP/1.1" 200 43631
58.40.7.146 - - [16/Jan/2021:09:57:49 +0800] "GET /xingrg/all/function/internal_message.html?_=1610762265520&CODE_STATE=getMsg HTTP/1.1" 200 27
218.81.223.240 - - [16/Jan/2021:09:57:52 +0800] "GET /xingrg/all/function/internal_message.html?_=1610762305916&CODE_STATE=getMsg HTTP/1.1" 200 27
101.85.52.2 - - [16/Jan/2021:09:57:52 +0800] "GET /xingrg/kc/mdqp/qqps_order_list.html?isQuery=1&timeSelect=1&orderTime=day&startTime=2021-01-15&endTime=2021-01-16&state=all&query=%C8%B7++%B6%A8 HTTP/1.1" 200 10587
101.85.52.2 - - [16/Jan/2021:09:57:52 +0800] "GET /xingrg/dwr/interface/AjaxQqpsService.js HTTP/1.1" 200 16326
101.85.52.2 - - [16/Jan/2021:09:57:52 +0800] "GET /xingrg/dwr/interface/AjaxReportQueryService.js HTTP/1.1" 200 13203
101.85.52.2 - - [16/Jan/2021:09:57:52 +0800] "GET /xingrg/dwr/engine.js HTTP/1.1" 200 43631
101.85.52.2 - - [16/Jan/2021:09:57:53 +0800] "GET /xingrg/kc/mdqp/qqps_order_info.html?code=302021011500400 HTTP/1.1" 200 24724
101.85.52.2 - - [16/Jan/2021:09:57:53 +0800] "GET /xingrg/dwr/interface/AjaxComOrderService.js HTTP/1.1" 200 18264
101.85.52.2 - - [16/Jan/2021:09:57:53 +0800] "GET /xingrg/dwr/interface/AjaxQqpsService.js HTTP/1.1" 200 16326
101.85.52.2 - - [16/Jan/2021:09:57:53 +0800] "GET /xingrg/dwr/engine.js HTTP/1.1" 200 43631
180.156.237.57 - - [16/Jan/2021:09:57:54 +0800] "GET /xingrg/all/function/internal_message.html?_=1610762273299&CODE_STATE=getMsg HTTP/1.1" 200 27
101.85.52.2 - - [16/Jan/2021:09:57:54 +0800] "POST /xingrg/dwr/call/plaincall/AjaxQqpsService.loadMaterielItems.dwr HTTP/1.1" 200 9678
61.165.42.208 - - [16/Jan/2021:09:57:54 +0800] "GET /xingrg/kc/buy/cgsh_order_operate.html?command=get_materiel&rest_code=00105&code=00101006087&supplier_code=00100012&order_time=2021-01-16 HTTP/1.1" 200 409
116.232.195.34 - - [16/Jan/2021:09:57:59 +0800] "GET /xingrg/all/function/internal_message.html?_=1610762275971&CODE_STATE=getMsg HTTP/1.1" 200 27
222.69.132.145 - - [16/Jan/2021:09:58:02 +0800] "GET /xingrg/all/function/internal_message.html?_=1610762273140&CODE_STATE=getMsg HTTP/1.1" 200 27
180.175.150.119 - - [16/Jan/2021:09:58:03 +0800] "GET /xingrg/check_reg.html?_=1610762521050 HTTP/1.1" 200 22
180.175.150.119 - - [16/Jan/2021:09:58:03 +0800] "GET /xingrg/all/function/internal_message.html?_=1610762521378&CODE_STATE=getMsg HTTP/1.1" 200 27
180.169.147.146 - - [16/Jan/2021:09:58:03 +0800] "GET /xingrg/all/function/internal_message.html?_=1610762281151&CODE_STATE=getMsg HTTP/1.1" 200 27
61.165.42.208 - - [16/Jan/2021:09:58:05 +0800] "GET /xingrg/check_reg.html?_=1610762285493 HTTP/1.1" 200 22
61.165.42.208 - - [16/Jan/2021:09:58:05 +0800] "GET /xingrg/all/function/internal_message.html?_=1610762285496&CODE_STATE=getMsg HTTP/1.1" 200 27
61.165.42.208 - - [16/Jan/2021:09:58:06 +0800] "GET /xingrg/kc/buy/cgsh_order_operate.html?command=get_materiel&rest_code=00105&code=00101006130&supplier_code=00100012&order_time=2021-01-16 HTTP/1.1" 200 427
180.169.147.146 - - [16/Jan/2021:09:58:14 +0800] "GET /xingrg/all/function/internal_message.html?_=1610762300854&CODE_STATE=getMsg HTTP/1.1" 200 27
61.165.42.208 - - [16/Jan/2021:09:58:19 +0800] "GET /xingrg/kc/buy/cgsh_order_operate.html?command=get_materiel&rest_code=00105&code=00101006038&supplier_code=00100012&order_time=2021-01-16 HTTP/1.1" 200 421
101.85.52.2 - - [16/Jan/2021:09:58:24 +0800] "GET /xingrg/all/function/internal_message.html?_=1610762297939&CODE_STATE=getMsg HTTP/1.1" 200 27
116.228.172.94 - - [16/Jan/2021:09:58:24 +0800] "GET /xingrg/check_reg.html?_=1610762291975 HTTP/1.1" 200 22
116.228.172.94 - - [16/Jan/2021:09:58:25 +0800] "GET /xingrg/all/function/internal_message.html?_=1610762292446&CODE_STATE=getMsg HTTP/1.1" 200 27
61.165.42.208 - - [16/Jan/2021:09:58:27 +0800] "GET /xingrg/kc/buy/cgsh_order_operate.html?command=get_materiel&rest_code=00105&code=00101010248&supplier_code=00100012&order_time=2021-01-16 HTTP/1.1" 200 430
222.70.179.222 - - [16/Jan/2021:09:58:27 +0800] "GET /xingrg/check_reg.html?_=1610762303425 HTTP/1.1" 200 22
222.70.179.222 - - [16/Jan/2021:09:58:27 +0800] "GET /xingrg/all/function/internal_message.html?_=1610762303560&CODE_STATE=getMsg HTTP/1.1" 200 27
61.165.42.208 - - [16/Jan/2021:09:58:28 +0800] "POST /xingrg/all/common/load_select.html HTTP/1.1" 200 25
222.69.133.109 - - [16/Jan/2021:09:58:28 +0800] "POST /xingrg/dwr/call/plaincall/AjaxQqpsService.getMaterielByCode.dwr HTTP/1.1" 200 1499
120.253.135.82 - - [16/Jan/2021:09:58:29 +0800] "GET /xingrg/all/function/internal_message.html?_=1610762414101&CODE_STATE=getMsg HTTP/1.1" 200 27
120.253.135.82 - - [16/Jan/2021:09:58:31 +0800] "GET /xingrg/all/function/internal_message.html?_=1610762067714&CODE_STATE=getMsg HTTP/1.1" 200 27
61.165.42.208 - - [16/Jan/2021:09:58:31 +0800] "GET /xingrg/kc/buy/cgsh_order_operate.html?command=get_materiel_price&rest_code=00105&code=00101010248&unit_code=00100043&supplier_code=00100012&order_time=2021-01-16 HTTP/1.1" 200 29
222.69.133.109 - - [16/Jan/2021:09:58:34 +0800] "GET /xingrg/all/function/internal_message.html?_=1610762312737&CODE_STATE=getMsg HTTP/1.1" 200 27
58.37.230.33 - - [16/Jan/2021:09:58:39 +0800] "GET /xingrg/all/function/internal_message.html?_=1610762303539&CODE_STATE=getMsg HTTP/1.1" 200 27
58.221.95.50 - - [16/Jan/2021:09:58:40 +0800] "GET /xingrg/check_reg.html?_=1610762316424 HTTP/1.1" 302 -
117.185.32.26 - - [16/Jan/2021:09:58:41 +0800] "GET /xingrg/all/function/internal_message.html?_=1610762315757&CODE_STATE=getMsg HTTP/1.1" 200 27
172.20.0.100 - - [16/Jan/2021:09:58:43 +0800] "GET /xingrg/all/function/internal_message.html?_=1610762317767&CODE_STATE=getMsg HTTP/1.1" 302 -
180.169.147.146 - - [16/Jan/2021:09:58:46 +0800] "GET /xingrg/all/function/internal_message.html?_=1610762322003&CODE_STATE=getMsg HTTP/1.1" 200 27
180.156.237.57 - - [16/Jan/2021:09:58:48 +0800] "GET /xingrg/all/function/internal_message.html?_=1610762310253&CODE_STATE=getMsg HTTP/1.1" 200 27
58.40.7.146 - - [16/Jan/2021:09:58:49 +0800] "GET /xingrg/all/function/internal_message.html?_=1610762325523&CODE_STATE=getMsg HTTP/1.1" 200 27
222.69.133.109 - - [16/Jan/2021:09:58:51 +0800] "POST /xingrg/dwr/call/plaincall/AjaxQqpsService.getMaterielByCode.dwr HTTP/1.1" 200 1500
218.81.223.240 - - [16/Jan/2021:09:58:52 +0800] "GET /xingrg/all/function/internal_message.html?_=1610762365929&CODE_STATE=getMsg HTTP/1.1" 200 27
180.156.237.57 - - [16/Jan/2021:09:58:54 +0800] "GET /xingrg/all/function/internal_message.html?_=1610762333273&CODE_STATE=getMsg HTTP/1.1" 200 27
222.69.133.109 - - [16/Jan/2021:09:58:57 +0800] "POST /xingrg/dwr/call/plaincall/AjaxQqpsService.saveMaterielItem.dwr HTTP/1.1" 200 79
116.232.195.34 - - [16/Jan/2021:09:58:59 +0800] "GET /xingrg/all/function/internal_message.html?_=1610762335965&CODE_STATE=getMsg HTTP/1.1" 200 27
222.69.132.145 - - [16/Jan/2021:09:59:02 +0800] "GET /xingrg/all/function/internal_message.html?_=1610762333121&CODE_STATE=getMsg HTTP/1.1" 200 27
180.175.150.119 - - [16/Jan/2021:09:59:03 +0800] "GET /xingrg/all/function/internal_message.html?_=1610762581392&CODE_STATE=getMsg HTTP/1.1" 200 27
180.169.147.146 - - [16/Jan/2021:09:59:03 +0800] "GET /xingrg/all/function/internal_message.html?_=1610762341141&CODE_STATE=getMsg HTTP/1.1" 200 27
61.165.42.208 - - [16/Jan/2021:09:59:05 +0800] "GET /xingrg/all/function/internal_message.html?_=1610762345468&CODE_STATE=getMsg HTTP/1.1" 200 27
222.69.133.109 - - [16/Jan/2021:09:59:13 +0800] "POST /xingrg/dwr/call/plaincall/AjaxQqpsService.saveOrder.dwr HTTP/1.1" 200 79
180.169.147.146 - - [16/Jan/2021:09:59:14 +0800] "GET /xingrg/all/function/internal_message.html?_=1610762360855&CODE_STATE=getMsg HTTP/1.1" 200 27
222.69.133.109 - - [16/Jan/2021:09:59:18 +0800] "POST /xingrg/dwr/call/plaincall/AjaxQqpsService.saveOrder.dwr HTTP/1.1" 200 79
