117.185.32.26 - - [16/Jan/2021:09:46:41 +0800] "GET /xingrg/all/function/internal_message.html?_=1610761595756&CODE_STATE=getMsg HTTP/1.1" 200 27
172.20.0.100 - - [16/Jan/2021:09:46:43 +0800] "GET /xingrg/all/function/internal_message.html?_=1610761597739&CODE_STATE=getMsg HTTP/1.1" 302 -
58.40.7.146 - - [16/Jan/2021:09:46:49 +0800] "GET /xingrg/all/function/internal_message.html?_=1610761605517&CODE_STATE=getMsg HTTP/1.1" 200 27
222.70.179.222 - - [16/Jan/2021:09:46:50 +0800] "GET /xingrg/kc/buy/cgsh_order_add.html HTTP/1.1" 200 61886
222.70.179.222 - - [16/Jan/2021:09:46:50 +0800] "POST /xingrg/kc/buy/cgsh_order_operate.html HTTP/1.1" 200 8245
222.70.179.222 - - [16/Jan/2021:09:46:50 +0800] "GET /xingrg/javascript/easyui/themes/default/validatebox.css HTTP/1.1" 404 1104
218.81.223.240 - - [16/Jan/2021:09:46:51 +0800] "GET /xingrg/all/function/internal_message.html?_=1610761645018&CODE_STATE=getMsg HTTP/1.1" 200 27
116.228.172.94 - - [16/Jan/2021:09:46:51 +0800] "GET /xingrg/kc/base/wldb_order_operate.html?command=get_materiel&rest_code=00107&base_code=0010152&code=00102002197 HTTP/1.1" 200 444
180.156.237.57 - - [16/Jan/2021:09:46:54 +0800] "GET /xingrg/all/function/internal_message.html?_=1610761613453&CODE_STATE=getMsg HTTP/1.1" 200 27
180.156.237.57 - - [16/Jan/2021:09:46:54 +0800] "GET /xingrg/check_reg.html?_=1610761596519 HTTP/1.1" 200 22
180.156.237.57 - - [16/Jan/2021:09:46:54 +0800] "GET /xingrg/all/function/internal_message.html?_=1610761596687&CODE_STATE=getMsg HTTP/1.1" 200 27
58.37.230.33 - - [16/Jan/2021:09:46:59 +0800] "GET /xingrg/check_reg.html?_=1610761603279 HTTP/1.1" 200 22
222.69.132.145 - - [16/Jan/2021:09:47:02 +0800] "GET /xingrg/all/function/internal_message.html?_=1610761613377&CODE_STATE=getMsg HTTP/1.1" 200 27
222.70.179.222 - - [16/Jan/2021:09:47:03 +0800] "GET /xingrg/kc/buy/cgsh_order_operate.html?command=get_materiel&rest_code=00111&code=00101007061&supplier_code=00100004&order_time=2021-01-16 HTTP/1.1" 200 409
180.169.147.146 - - [16/Jan/2021:09:47:03 +0800] "GET /xingrg/all/function/internal_message.html?_=1610761621164&CODE_STATE=getMsg HTTP/1.1" 200 27
61.165.42.208 - - [16/Jan/2021:09:47:05 +0800] "GET /xingrg/all/function/internal_message.html?_=1610761625404&CODE_STATE=getMsg HTTP/1.1" 200 27
116.228.172.94 - - [16/Jan/2021:09:47:10 +0800] "GET /xingrg/kc/base/wldb_order_operate.html?command=get_materiel&rest_code=00107&base_code=0010152&code=00102002685 HTTP/1.1" 200 442
180.156.237.57 - - [16/Jan/2021:09:47:12 +0800] "GET /xingrg/check_reg.html?_=1610761631820 HTTP/1.1" 200 22
222.70.179.222 - - [16/Jan/2021:09:47:13 +0800] "GET /xingrg/kc/buy/cgsh_order_operate.html?command=get_materiel&rest_code=00111&code=00101007076&supplier_code=00100004&order_time=2021-01-16 HTTP/1.1" 200 408
180.169.147.146 - - [16/Jan/2021:09:47:14 +0800] "GET /xingrg/all/function/internal_message.html?_=1610761640843&CODE_STATE=getMsg HTTP/1.1" 200 27
222.70.179.222 - - [16/Jan/2021:09:47:23 +0800] "GET /xingrg/kc/buy/cgsh_order_operate.html?command=get_materiel&rest_code=00111&code=00101007085&supplier_code=00100004&order_time=2021-01-16 HTTP/1.1" 200 413
116.228.172.94 - - [16/Jan/2021:09:47:25 +0800] "GET /xingrg/all/function/internal_message.html?_=1610761632589&CODE_STATE=getMsg HTTP/1.1" 200 27
116.228.172.94 - - [16/Jan/2021:09:47:26 +0800] "GET /xingrg/kc/base/wldb_order_operate.html?command=get_materiel&rest_code=00107&base_code=0010152&code=00102002547 HTTP/1.1" 200 449
222.70.179.222 - - [16/Jan/2021:09:47:27 +0800] "GET /xingrg/all/function/internal_message.html?_=1610761643315&CODE_STATE=getMsg HTTP/1.1" 200 27
120.253.135.82 - - [16/Jan/2021:09:47:29 +0800] "GET /xingrg/all/function/internal_message.html?_=1610761753896&CODE_STATE=getMsg HTTP/1.1" 200 27
222.70.179.222 - - [16/Jan/2021:09:47:34 +0800] "POST /xingrg/kc/buy/cgsh_order_operate.html HTTP/1.1" 200 37
222.70.179.222 - - [16/Jan/2021:09:47:35 +0800] "POST /xingrg/kc/buy/cgsh_order_operate.html HTTP/1.1" 200 3838
222.70.179.222 - - [16/Jan/2021:09:47:37 +0800] "GET /xingrg/kc/print/load_data.html?order_code=212021011606927&kc_code=cgsh&condition= HTTP/1.1" 200 1166
58.37.230.33 - - [16/Jan/2021:09:47:39 +0800] "GET /xingrg/all/function/internal_message.html?_=1610761643806&CODE_STATE=getMsg HTTP/1.1" 200 27
116.228.172.94 - - [16/Jan/2021:09:47:40 +0800] "GET /xingrg/kc/base/wldb_order_operate.html?command=get_materiel&rest_code=00107&base_code=0010152&code=00102002457 HTTP/1.1" 200 454
117.185.32.26 - - [16/Jan/2021:09:47:41 +0800] "GET /xingrg/all/function/internal_message.html?_=1610761655756&CODE_STATE=getMsg HTTP/1.1" 200 27
172.20.0.100 - - [16/Jan/2021:09:47:43 +0800] "GET /xingrg/all/function/internal_message.html?_=1610761657744&CODE_STATE=getMsg HTTP/1.1" 302 -
172.20.0.100 - - [16/Jan/2021:09:47:43 +0800] "GET /xingrg/check_reg.html?_=1610761657746 HTTP/1.1" 302 -
58.40.7.146 - - [16/Jan/2021:09:47:49 +0800] "GET /xingrg/all/function/internal_message.html?_=1610761665521&CODE_STATE=getMsg HTTP/1.1" 200 27
116.228.172.94 - - [16/Jan/2021:09:47:50 +0800] "GET /xingrg/kc/base/wldb_order_operate.html?command=get_materiel&rest_code=00107&base_code=0010152&code=00102002025 HTTP/1.1" 200 454
218.81.223.240 - - [16/Jan/2021:09:47:51 +0800] "GET /xingrg/all/function/internal_message.html?_=1610761705203&CODE_STATE=getMsg HTTP/1.1" 200 27
180.156.237.57 - - [16/Jan/2021:09:47:54 +0800] "GET /xingrg/all/function/internal_message.html?_=1610761673457&CODE_STATE=getMsg HTTP/1.1" 200 27
180.175.150.119 - - [16/Jan/2021:09:47:54 +0800] "GET /xingrg/kc/buy/cgsh_order_list.html HTTP/1.1" 302 -
180.175.150.119 - - [16/Jan/2021:09:47:54 +0800] "GET /xingrg/login.html HTTP/1.1" 200 7641
180.175.150.119 - - [16/Jan/2021:09:47:54 +0800] "GET /xingrg/login.html HTTP/1.1" 200 7641
180.156.237.57 - - [16/Jan/2021:09:47:54 +0800] "GET /xingrg/all/function/internal_message.html?_=1610761656733&CODE_STATE=getMsg HTTP/1.1" 200 27
180.175.150.119 - - [16/Jan/2021:09:47:55 +0800] "GET /favicon.ico HTTP/1.1" 404 -
116.228.172.94 - - [16/Jan/2021:09:47:58 +0800] "GET /xingrg/kc/base/wldb_order_operate.html?command=get_materiel&rest_code=00107&base_code=0010152&code=00102002574 HTTP/1.1" 200 447
180.175.150.119 - - [16/Jan/2021:09:48:02 +0800] "POST /xingrg/login.do HTTP/1.1" 302 -
180.175.150.119 - - [16/Jan/2021:09:48:02 +0800] "GET /xingrg/index.html?sysBaseUrl=http%3A%2F%2F180.169.147.146%3A18081%2Fxingrg%2F&costTime=40×tamp=1610761682325 HTTP/1.1" 200 17173
180.175.150.119 - - [16/Jan/2021:09:48:02 +0800] "GET /xingrg/javascript/jquery_easy_ui/themes/default/easyui.css HTTP/1.1" 304 -
180.175.150.119 - - [16/Jan/2021:09:48:02 +0800] "GET /xingrg/javascript/jquery_easy_ui/themes/icon.css HTTP/1.1" 304 -
180.175.150.119 - - [16/Jan/2021:09:48:02 +0800] "GET /xingrg/css/form.css HTTP/1.1" 304 -
180.175.150.119 - - [16/Jan/2021:09:48:02 +0800] "GET /xingrg/javascript/jquery-1.4.2.min.js HTTP/1.1" 304 -
180.175.150.119 - - [16/Jan/2021:09:48:02 +0800] "GET /xingrg/javascript/jquery_easy_ui/easyui-lang-zh_CN.js HTTP/1.1" 304 -
180.175.150.119 - - [16/Jan/2021:09:48:02 +0800] "GET /xingrg/javascript/jquery_easy_ui/jquery.easyui.min.js HTTP/1.1" 304 -
180.175.150.119 - - [16/Jan/2021:09:48:02 +0800] "GET /xingrg/javascript/jquery.form.js HTTP/1.1" 304 -
180.175.150.119 - - [16/Jan/2021:09:48:02 +0800] "GET /xingrg/javascript/jquery.timers.js HTTP/1.1" 304 -
180.175.150.119 - - [16/Jan/2021:09:48:02 +0800] "GET /xingrg/javascript/jquery.utils.js HTTP/1.1" 304 -
180.175.150.119 - - [16/Jan/2021:09:48:02 +0800] "GET /favicon.ico HTTP/1.1" 404 -
222.69.132.145 - - [16/Jan/2021:09:48:02 +0800] "GET /xingrg/all/function/internal_message.html?_=1610761673354&CODE_STATE=getMsg HTTP/1.1" 200 27
180.175.150.119 - - [16/Jan/2021:09:48:02 +0800] "POST /xingrg/all/common/load_tree.html?tree=area_rest_tree_json&manage=1 HTTP/1.1" 200 342
180.175.150.119 - - [16/Jan/2021:09:48:03 +0800] "GET /xingrg/all/function/internal_message.html?_=1610761921047&CODE_STATE=count HTTP/1.1" 200 11
180.175.150.119 - - [16/Jan/2021:09:48:03 +0800] "GET /xingrg/check_reg.html?_=1610761921049 HTTP/1.1" 200 22
180.175.150.119 - - [16/Jan/2021:09:48:03 +0800] "POST /xingrg/load_menu.html HTTP/1.1" 200 5138
180.169.147.146 - - [16/Jan/2021:09:48:03 +0800] "GET /xingrg/all/function/internal_message.html?_=1610761681155&CODE_STATE=getMsg HTTP/1.1" 200 27
116.228.172.94 - - [16/Jan/2021:09:48:04 +0800] "GET /xingrg/kc/base/wldb_order_operate.html?command=get_materiel&rest_code=00107&base_code=0010152&code=00102002143 HTTP/1.1" 200 439
61.165.42.208 - - [16/Jan/2021:09:48:05 +0800] "GET /xingrg/check_reg.html?_=1610761685402 HTTP/1.1" 200 22
61.165.42.208 - - [16/Jan/2021:09:48:05 +0800] "GET /xingrg/all/function/internal_message.html?_=1610761685404&CODE_STATE=getMsg HTTP/1.1" 200 27
180.169.147.146 - - [16/Jan/2021:09:48:14 +0800] "GET /xingrg/all/function/internal_message.html?_=1610761700843&CODE_STATE=getMsg HTTP/1.1" 200 27
116.228.172.94 - - [16/Jan/2021:09:48:24 +0800] "GET /xingrg/check_reg.html?_=1610761692015 HTTP/1.1" 200 22
116.228.172.94 - - [16/Jan/2021:09:48:26 +0800] "POST /xingrg/kc/base/wldb_order_operate.html HTTP/1.1" 200 37
116.228.172.94 - - [16/Jan/2021:09:48:26 +0800] "POST /xingrg/kc/base/wldb_order_operate.html HTTP/1.1" 200 5120
222.70.179.222 - - [16/Jan/2021:09:48:27 +0800] "GET /xingrg/check_reg.html?_=1610761703321 HTTP/1.1" 200 22
222.70.179.222 - - [16/Jan/2021:09:48:27 +0800] "GET /xingrg/all/function/internal_message.html?_=1610761703330&CODE_STATE=getMsg HTTP/1.1" 200 27
116.228.172.94 - - [16/Jan/2021:09:48:27 +0800] "GET /xingrg/kc/base/wldb_order_info.html?code=422021011601893 HTTP/1.1" 200 30521
116.228.172.94 - - [16/Jan/2021:09:48:28 +0800] "GET /xingrg/javascript/easyui/themes/default/validatebox.css HTTP/1.1" 404 1104
116.228.172.94 - - [16/Jan/2021:09:48:28 +0800] "POST /xingrg/kc/base/wldb_order_operate.html HTTP/1.1" 200 5120
120.253.135.82 - - [16/Jan/2021:09:48:29 +0800] "GET /xingrg/all/function/internal_message.html?_=1610761813902&CODE_STATE=getMsg HTTP/1.1" 200 27
116.228.172.94 - - [16/Jan/2021:09:48:33 +0800] "POST /xingrg/kc/base/wldb_order_operate.html HTTP/1.1" 200 37
116.228.172.94 - - [16/Jan/2021:09:48:33 +0800] "POST /xingrg/kc/base/wldb_order_operate.html HTTP/1.1" 200 5120
116.228.172.94 - - [16/Jan/2021:09:48:33 +0800] "GET /xingrg/kc/base/wldb_order_info.html?code=422021011601893 HTTP/1.1" 200 30521
116.228.172.94 - - [16/Jan/2021:09:48:34 +0800] "GET /xingrg/javascript/easyui/themes/default/validatebox.css HTTP/1.1" 404 1104
116.228.172.94 - - [16/Jan/2021:09:48:34 +0800] "POST /xingrg/kc/base/wldb_order_operate.html HTTP/1.1" 200 5120
116.228.172.94 - - [16/Jan/2021:09:48:36 +0800] "GET /xingrg/kc/base/wldb_order_add.html HTTP/1.1" 200 30504
116.228.172.94 - - [16/Jan/2021:09:48:37 +0800] "GET /xingrg/javascript/easyui/themes/default/validatebox.css HTTP/1.1" 404 1104
116.228.172.94 - - [16/Jan/2021:09:48:37 +0800] "POST /xingrg/kc/base/wldb_order_operate.html HTTP/1.1" 200 6806
116.228.172.94 - - [16/Jan/2021:09:48:38 +0800] "POST /xingrg/all/common/load_combo.html?type=base HTTP/1.1" 200 3324
180.175.150.119 - - [16/Jan/2021:09:48:39 +0800] "GET /xingrg/kc/buy/cgsh_order_list.html HTTP/1.1" 200 46148
180.175.150.119 - - [16/Jan/2021:09:48:39 +0800] "GET /xingrg/css/base.css HTTP/1.1" 304 -
180.175.150.119 - - [16/Jan/2021:09:48:39 +0800] "GET /xingrg/css/site.css HTTP/1.1" 304 -
180.175.150.119 - - [16/Jan/2021:09:48:39 +0800] "GET /xingrg/javascript/jquery_tools/datebox.css HTTP/1.1" 304 -
180.175.150.119 - - [16/Jan/2021:09:48:39 +0800] "GET /xingrg/javascript/auto/jquery.autocomplete.css HTTP/1.1" 304 -
180.175.150.119 - - [16/Jan/2021:09:48:39 +0800] "GET /xingrg/javascript/jquery_tools/fix.css HTTP/1.1" 304 -
180.175.150.119 - - [16/Jan/2021:09:48:39 +0800] "GET /xingrg/javascript/easyui/themes/icon.css HTTP/1.1" 304 -
180.175.150.119 - - [16/Jan/2021:09:48:39 +0800] "GET /xingrg/javascript/jquery_tools/jquery.tools.extend.js HTTP/1.1" 304 -
180.175.150.119 - - [16/Jan/2021:09:48:39 +0800] "GET /xingrg/javascript/easyui/themes/default/easyui.css HTTP/1.1" 304 -
180.175.150.119 - - [16/Jan/2021:09:48:39 +0800] "GET /xingrg/javascript/jquery_tools/table.css HTTP/1.1" 304 -
180.175.150.119 - - [16/Jan/2021:09:48:39 +0800] "GET /xingrg/javascript/jquery_tools/jquery.tools.min.js HTTP/1.1" 304 -
180.175.150.119 - - [16/Jan/2021:09:48:39 +0800] "GET /xingrg/javascript/jquery_tools/jquery.tools.table.js HTTP/1.1" 304 -
180.175.150.119 - - [16/Jan/2021:09:48:39 +0800] "GET /xingrg/javascript/jquery_tools/list_manager.js HTTP/1.1" 304 -
180.175.150.119 - - [16/Jan/2021:09:48:39 +0800] "GET /xingrg/javascript/easyui/easyloader.js HTTP/1.1" 304 -
180.175.150.119 - - [16/Jan/2021:09:48:39 +0800] "GET /xingrg/javascript/auto/jquery.autocomplete.js HTTP/1.1" 304 -
180.175.150.119 - - [16/Jan/2021:09:48:39 +0800] "GET /xingrg/javascript/jquery_tools/jquery.tools.hotkey.js HTTP/1.1" 304 -
180.175.150.119 - - [16/Jan/2021:09:48:39 +0800] "GET /xingrg/javascript/jquery.cookie.js HTTP/1.1" 304 -
180.175.150.119 - - [16/Jan/2021:09:48:39 +0800] "GET /xingrg/javascript/print/LodopFuncs.js HTTP/1.1" 304 -
58.37.230.33 - - [16/Jan/2021:09:48:39 +0800] "GET /xingrg/all/function/internal_message.html?_=1610761703775&CODE_STATE=getMsg HTTP/1.1" 200 27
180.175.150.119 - - [16/Jan/2021:09:48:39 +0800] "GET /xingrg/javascript/easyui/plugins/jquery.parser.js HTTP/1.1" 304 -
58.221.95.50 - - [16/Jan/2021:09:48:40 +0800] "GET /xingrg/check_reg.html?_=1610761716462 HTTP/1.1" 302 -
116.228.172.94 - - [16/Jan/2021:09:48:40 +0800] "POST /xingrg/all/common/load_combo.html?type=base HTTP/1.1" 200 3324
180.175.150.119 - - [16/Jan/2021:09:48:40 +0800] "POST /xingrg/kc/buy/cgsh_list_operate.html HTTP/1.1" 200 876
117.185.32.26 - - [16/Jan/2021:09:48:41 +0800] "GET /xingrg/all/function/internal_message.html?_=1610761715756&CODE_STATE=getMsg HTTP/1.1" 200 27
172.20.0.100 - - [16/Jan/2021:09:48:43 +0800] "GET /xingrg/all/function/internal_message.html?_=1610761717753&CODE_STATE=getMsg HTTP/1.1" 302 -
116.232.195.34 - - [16/Jan/2021:09:48:44 +0800] "GET /xingrg/index.html?sysBaseUrl=http%3A%2F%2F180.169.147.146%3A18081%2Fxingrg%2F&costTime=1277×tamp=1606817596806 HTTP/1.1" 302 -
116.232.195.34 - - [16/Jan/2021:09:48:44 +0800] "GET /xingrg/login.html HTTP/1.1" 200 7641
116.232.195.34 - - [16/Jan/2021:09:48:45 +0800] "GET /favicon.ico HTTP/1.1" 404 -
58.40.7.146 - - [16/Jan/2021:09:48:49 +0800] "GET /xingrg/all/function/internal_message.html?_=1610761725525&CODE_STATE=getMsg HTTP/1.1" 200 27
218.81.223.240 - - [16/Jan/2021:09:48:51 +0800] "GET /xingrg/all/function/internal_message.html?_=1610761765217&CODE_STATE=getMsg HTTP/1.1" 200 27
116.228.172.94 - - [16/Jan/2021:09:48:52 +0800] "GET /xingrg/kc/base/wldb_order_operate.html?command=get_materiel&rest_code=00107&base_code=0010154&code=00101036002 HTTP/1.1" 200 441
180.175.150.119 - - [16/Jan/2021:09:48:52 +0800] "GET /xingrg/javascript/jquery_tools/order_manager.js HTTP/1.1" 304 -
180.175.150.119 - - [16/Jan/2021:09:48:52 +0800] "GET /xingrg/javascript/pic_change.js HTTP/1.1" 304 -
180.175.150.119 - - [16/Jan/2021:09:48:52 +0800] "GET /xingrg/javascript/convert.js HTTP/1.1" 304 -
180.175.150.119 - - [16/Jan/2021:09:48:52 +0800] "GET /xingrg/javascript/json2.js HTTP/1.1" 304 -
180.175.150.119 - - [16/Jan/2021:09:48:52 +0800] "GET /xingrg/javascript/print/kc_print.js HTTP/1.1" 304 -
180.175.150.119 - - [16/Jan/2021:09:48:53 +0800] "GET /xingrg/kc/buy/cgsh_order_add.html HTTP/1.1" 200 61845
180.175.150.119 - - [16/Jan/2021:09:48:53 +0800] "GET /xingrg/words/20210115141022_words.js HTTP/1.1" 304 -
180.175.150.119 - - [16/Jan/2021:09:48:53 +0800] "POST /xingrg/kc/buy/cgsh_order_operate.html HTTP/1.1" 200 8245
180.175.150.119 - - [16/Jan/2021:09:48:54 +0800] "GET /xingrg/all/common/auto_word.html?type=employee&rest_code=00102 HTTP/1.1" 200 189
180.175.150.119 - - [16/Jan/2021:09:48:54 +0800] "GET /xingrg/all/common/auto_word.html?type=employee&rest_code=00102 HTTP/1.1" 200 189
180.156.237.57 - - [16/Jan/2021:09:48:54 +0800] "GET /xingrg/all/function/internal_message.html?_=1610761733441&CODE_STATE=getMsg HTTP/1.1" 200 27
180.175.150.119 - - [16/Jan/2021:09:48:54 +0800] "GET /xingrg/javascript/easyui/themes/default/validatebox.css HTTP/1.1" 404 1104
180.175.150.119 - - [16/Jan/2021:09:48:54 +0800] "GET /xingrg/javascript/easyui/plugins/jquery.validatebox.js HTTP/1.1" 304 -
180.175.150.119 - - [16/Jan/2021:09:48:54 +0800] "GET /xingrg/javascript/easyui/plugins/jquery.numberbox.js HTTP/1.1" 304 -
180.156.237.57 - - [16/Jan/2021:09:48:54 +0800] "GET /xingrg/all/function/internal_message.html?_=1610761716746&CODE_STATE=getMsg HTTP/1.1" 200 27
180.175.150.119 - - [16/Jan/2021:09:48:55 +0800] "GET /xingrg/javascript/auto/indicator.gif HTTP/1.1" 404 1066
116.228.172.94 - - [16/Jan/2021:09:49:00 +0800] "GET /xingrg/kc/base/wldb_order_operate.html?command=get_materiel&rest_code=00107&base_code=0010154&code=00101036003 HTTP/1.1" 200 441
222.69.132.145 - - [16/Jan/2021:09:49:02 +0800] "GET /xingrg/all/function/internal_message.html?_=1610761733330&CODE_STATE=getMsg HTTP/1.1" 200 27
180.175.150.119 - - [16/Jan/2021:09:49:03 +0800] "GET /xingrg/all/function/internal_message.html?_=1610761981053&CODE_STATE=getMsg HTTP/1.1" 200 27
180.169.147.146 - - [16/Jan/2021:09:49:03 +0800] "GET /xingrg/all/function/internal_message.html?_=1610761741147&CODE_STATE=getMsg HTTP/1.1" 200 27
61.165.42.208 - - [16/Jan/2021:09:49:05 +0800] "GET /xingrg/all/function/internal_message.html?_=1610761745402&CODE_STATE=getMsg HTTP/1.1" 200 27
180.175.150.119 - - [16/Jan/2021:09:49:08 +0800] "GET /xingrg/kc/buy/cgsh_order_operate.html?command=get_materiel&rest_code=00102&code=00101006063&supplier_code=00100096&order_time=2021-01-16 HTTP/1.1" 200 413
116.228.172.94 - - [16/Jan/2021:09:49:10 +0800] "POST /xingrg/kc/base/wldb_order_operate.html HTTP/1.1" 200 37
116.228.172.94 - - [16/Jan/2021:09:49:10 +0800] "POST /xingrg/kc/base/wldb_order_operate.html HTTP/1.1" 200 2677
116.228.172.94 - - [16/Jan/2021:09:49:11 +0800] "GET /xingrg/kc/base/wldb_order_info.html?code=422021011601894 HTTP/1.1" 200 30518
116.228.172.94 - - [16/Jan/2021:09:49:12 +0800] "GET /xingrg/javascript/easyui/themes/default/validatebox.css HTTP/1.1" 404 1104
116.228.172.94 - - [16/Jan/2021:09:49:12 +0800] "POST /xingrg/kc/base/wldb_order_operate.html HTTP/1.1" 200 2677
180.169.147.146 - - [16/Jan/2021:09:49:14 +0800] "GET /xingrg/all/function/internal_message.html?_=1610761760841&CODE_STATE=getMsg HTTP/1.1" 200 27
116.228.172.94 - - [16/Jan/2021:09:49:17 +0800] "GET /xingrg/kc/base/base_main.html HTTP/1.1" 200 12142
116.228.172.94 - - [16/Jan/2021:09:49:18 +0800] "GET /xingrg/kc/base/wldb_order_list.html HTTP/1.1" 200 19345
116.228.172.94 - - [16/Jan/2021:09:49:19 +0800] "POST /xingrg/kc/base/wldb_list_operate.html HTTP/1.1" 200 2966
116.228.172.94 - - [16/Jan/2021:09:49:21 +0800] "POST /xingrg/kc/base/wldb_list_operate.html HTTP/1.1" 200 436
116.228.172.94 - - [16/Jan/2021:09:49:22 +0800] "GET /xingrg/kc/base/wldb_order_info.html?code=422021011601891 HTTP/1.1" 200 30519
116.228.172.94 - - [16/Jan/2021:09:49:22 +0800] "GET /xingrg/javascript/easyui/themes/default/validatebox.css HTTP/1.1" 404 1104
116.228.172.94 - - [16/Jan/2021:09:49:23 +0800] "POST /xingrg/kc/base/wldb_order_operate.html HTTP/1.1" 200 3650
116.228.172.94 - - [16/Jan/2021:09:49:23 +0800] "GET /xingrg/javascript/jquery_tools/images/prev.gif HTTP/1.1" 404 1086
116.228.172.94 - - [16/Jan/2021:09:49:23 +0800] "GET /xingrg/javascript/jquery_tools/images/next.gif HTTP/1.1" 404 1086
116.228.172.94 - - [16/Jan/2021:09:49:25 +0800] "GET /xingrg/all/function/internal_message.html?_=1610761752605&CODE_STATE=getMsg HTTP/1.1" 200 27
180.175.150.119 - - [16/Jan/2021:09:49:25 +0800] "GET /xingrg/kc/buy/cgsh_order_operate.html?command=get_materiel&rest_code=00102&code=00101007081&supplier_code=00100096&order_time=2021-01-16 HTTP/1.1" 200 413
116.228.172.94 - - [16/Jan/2021:09:49:27 +0800] "POST /xingrg/kc/base/wldb_order_operate.html HTTP/1.1" 200 37
222.70.179.222 - - [16/Jan/2021:09:49:27 +0800] "GET /xingrg/all/function/internal_message.html?_=1610761763344&CODE_STATE=getMsg HTTP/1.1" 200 27
116.228.172.94 - - [16/Jan/2021:09:49:27 +0800] "POST /xingrg/kc/base/wldb_order_operate.html HTTP/1.1" 200 3650
120.253.135.82 - - [16/Jan/2021:09:49:29 +0800] "GET /xingrg/all/function/internal_message.html?_=1610761873937&CODE_STATE=getMsg HTTP/1.1" 200 27
116.228.172.94 - - [16/Jan/2021:09:49:33 +0800] "GET /xingrg/kc/base/wldb_order_info.html?code=422021011601891 HTTP/1.1" 200 30519
116.228.172.94 - - [16/Jan/2021:09:49:34 +0800] "GET /xingrg/javascript/easyui/themes/default/validatebox.css HTTP/1.1" 404 1104
116.228.172.94 - - [16/Jan/2021:09:49:34 +0800] "POST /xingrg/kc/base/wldb_order_operate.html HTTP/1.1" 200 3650
116.228.172.94 - - [16/Jan/2021:09:49:36 +0800] "POST /xingrg/kc/base/wldb_list_operate.html HTTP/1.1" 200 292
116.228.172.94 - - [16/Jan/2021:09:49:37 +0800] "GET /xingrg/kc/base/wldb_order_info.html?code=422021011601892 HTTP/1.1" 200 30519
116.228.172.94 - - [16/Jan/2021:09:49:38 +0800] "GET /xingrg/javascript/easyui/themes/default/validatebox.css HTTP/1.1" 404 1104
116.228.172.94 - - [16/Jan/2021:09:49:38 +0800] "POST /xingrg/kc/base/wldb_order_operate.html HTTP/1.1" 200 2691
58.37.230.33 - - [16/Jan/2021:09:49:39 +0800] "GET /xingrg/all/function/internal_message.html?_=1610761763746&CODE_STATE=getMsg HTTP/1.1" 200 27
116.228.172.94 - - [16/Jan/2021:09:49:41 +0800] "POST /xingrg/kc/base/wldb_order_operate.html HTTP/1.1" 200 37
180.175.150.119 - - [16/Jan/2021:09:49:41 +0800] "GET /xingrg/kc/buy/cgsh_order_operate.html?command=get_materiel&rest_code=00102&code=00101007034&supplier_code=00100096&order_time=2021-01-16 HTTP/1.1" 200 408
117.185.32.26 - - [16/Jan/2021:09:49:41 +0800] "GET /xingrg/all/function/internal_message.html?_=1610761775756&CODE_STATE=getMsg HTTP/1.1" 200 27
116.228.172.94 - - [16/Jan/2021:09:49:41 +0800] "POST /xingrg/kc/base/wldb_order_operate.html HTTP/1.1" 200 2691
116.228.172.94 - - [16/Jan/2021:09:49:42 +0800] "GET /xingrg/kc/base/wldb_order_info.html?code=422021011601892 HTTP/1.1" 200 30519
172.20.0.100 - - [16/Jan/2021:09:49:43 +0800] "GET /xingrg/all/function/internal_message.html?_=1610761777761&CODE_STATE=getMsg HTTP/1.1" 302 -
116.228.172.94 - - [16/Jan/2021:09:49:43 +0800] "GET /xingrg/javascript/easyui/themes/default/validatebox.css HTTP/1.1" 404 1104
116.228.172.94 - - [16/Jan/2021:09:49:43 +0800] "POST /xingrg/kc/base/wldb_order_operate.html HTTP/1.1" 200 2691
120.253.135.82 - - [16/Jan/2021:09:49:44 +0800] "GET /xingrg/check_reg.html?_=1610761889101 HTTP/1.1" 200 22
116.228.172.94 - - [16/Jan/2021:09:49:45 +0800] "GET /xingrg/kc/base/base_main.html HTTP/1.1" 200 12142
116.228.172.94 - - [16/Jan/2021:09:49:46 +0800] "GET /xingrg/kc/base/wldb_order_list.html HTTP/1.1" 200 19345
116.228.172.94 - - [16/Jan/2021:09:49:47 +0800] "POST /xingrg/kc/base/wldb_list_operate.html HTTP/1.1" 200 2966
58.40.7.146 - - [16/Jan/2021:09:49:49 +0800] "GET /xingrg/all/function/internal_message.html?_=1610761785527&CODE_STATE=getMsg HTTP/1.1" 200 27
218.81.223.240 - - [16/Jan/2021:09:49:49 +0800] "GET /xingrg/check_reg.html?_=1610761823282 HTTP/1.1" 200 22
218.81.223.240 - - [16/Jan/2021:09:49:51 +0800] "GET /xingrg/all/function/internal_message.html?_=1610761825387&CODE_STATE=getMsg HTTP/1.1" 200 27
180.156.237.57 - - [16/Jan/2021:09:49:54 +0800] "GET /xingrg/all/function/internal_message.html?_=1610761793426&CODE_STATE=getMsg HTTP/1.1" 200 27
180.175.150.119 - - [16/Jan/2021:09:49:54 +0800] "GET /xingrg/kc/buy/cgsh_order_operate.html?command=get_materiel&rest_code=00102&code=00101007061&supplier_code=00100096&order_time=2021-01-16 HTTP/1.1" 200 409
180.156.237.57 - - [16/Jan/2021:09:49:54 +0800] "GET /xingrg/all/function/internal_message.html?_=1610761776760&CODE_STATE=getMsg HTTP/1.1" 200 27
116.228.172.94 - - [16/Jan/2021:09:49:56 +0800] "POST /xingrg/kc/base/wldb_list_operate.html HTTP/1.1" 200 4
116.232.195.34 - - [16/Jan/2021:09:49:59 +0800] "POST /xingrg/login.do HTTP/1.1" 302 -
116.232.195.34 - - [16/Jan/2021:09:49:59 +0800] "GET /xingrg/index.html?sysBaseUrl=http%3A%2F%2F180.169.147.146%3A18081%2Fxingrg%2F&costTime=44×tamp=1610761799070 HTTP/1.1" 200 17179
116.232.195.34 - - [16/Jan/2021:09:49:59 +0800] "GET /favicon.ico HTTP/1.1" 404 -
116.232.195.34 - - [16/Jan/2021:09:49:59 +0800] "POST /xingrg/all/common/load_tree.html?tree=area_rest_tree_json&manage=1 HTTP/1.1" 200 351
116.232.195.34 - - [16/Jan/2021:09:49:59 +0800] "GET /xingrg/all/function/internal_message.html?_=1610761794438&CODE_STATE=count HTTP/1.1" 200 11
116.232.195.34 - - [16/Jan/2021:09:49:59 +0800] "GET /xingrg/check_reg.html?_=1610761794439 HTTP/1.1" 200 22
116.232.195.34 - - [16/Jan/2021:09:49:59 +0800] "POST /xingrg/load_menu.html HTTP/1.1" 200 5138
116.232.195.34 - - [16/Jan/2021:09:50:01 +0800] "GET /xingrg/kc/buy/cgsh_order_list.html HTTP/1.1" 200 46154
116.228.172.94 - - [16/Jan/2021:09:50:02 +0800] "POST /xingrg/kc/base/wldb_list_operate.html HTTP/1.1" 200 928
222.69.132.145 - - [16/Jan/2021:09:50:02 +0800] "GET /xingrg/all/function/internal_message.html?_=1610761793315&CODE_STATE=getMsg HTTP/1.1" 200 27
180.175.150.119 - - [16/Jan/2021:09:50:03 +0800] "GET /xingrg/all/function/internal_message.html?_=1610762041067&CODE_STATE=getMsg HTTP/1.1" 200 27
222.69.132.145 - - [16/Jan/2021:09:50:03 +0800] "GET /xingrg/check_reg.html?_=1610761793798 HTTP/1.1" 200 22
116.232.195.34 - - [16/Jan/2021:09:50:03 +0800] "POST /xingrg/kc/buy/cgsh_list_operate.html HTTP/1.1" 200 876
180.169.147.146 - - [16/Jan/2021:09:50:03 +0800] "GET /xingrg/all/function/internal_message.html?_=1610761801153&CODE_STATE=getMsg HTTP/1.1" 200 27
61.165.42.208 - - [16/Jan/2021:09:50:05 +0800] "GET /xingrg/all/function/internal_message.html?_=1610761805401&CODE_STATE=getMsg HTTP/1.1" 200 27
116.232.195.34 - - [16/Jan/2021:09:50:05 +0800] "GET /xingrg/kc/buy/cgsh_order_add.html HTTP/1.1" 200 61854
116.232.195.34 - - [16/Jan/2021:09:50:06 +0800] "GET /xingrg/words/20210115141022_words.js HTTP/1.1" 200 789630
116.232.195.34 - - [16/Jan/2021:09:50:06 +0800] "POST /xingrg/kc/buy/cgsh_order_operate.html HTTP/1.1" 200 8245
116.232.195.34 - - [16/Jan/2021:09:50:06 +0800] "GET /xingrg/all/common/auto_word.html?type=employee&rest_code=00155 HTTP/1.1" 200 51
116.232.195.34 - - [16/Jan/2021:09:50:06 +0800] "GET /xingrg/all/common/auto_word.html?type=employee&rest_code=00155 HTTP/1.1" 200 51
116.232.195.34 - - [16/Jan/2021:09:50:06 +0800] "GET /xingrg/javascript/easyui/themes/default/validatebox.css HTTP/1.1" 404 1104
116.232.195.34 - - [16/Jan/2021:09:50:08 +0800] "GET /xingrg/javascript/auto/indicator.gif HTTP/1.1" 404 1066
116.232.195.34 - - [16/Jan/2021:09:50:08 +0800] "GET /xingrg/javascript/jquery_tools/images/prev.gif HTTP/1.1" 404 1086
116.232.195.34 - - [16/Jan/2021:09:50:08 +0800] "GET /xingrg/javascript/jquery_tools/images/next.gif HTTP/1.1" 404 1086
180.175.150.119 - - [16/Jan/2021:09:50:10 +0800] "GET /xingrg/kc/buy/cgsh_order_operate.html?command=get_materiel&rest_code=00102&code=00101006133&supplier_code=00100096&order_time=2021-01-16 HTTP/1.1" 200 415
180.169.147.146 - - [16/Jan/2021:09:50:12 +0800] "GET /xingrg/login.html HTTP/1.1" 200 7641
180.169.147.146 - - [16/Jan/2021:09:50:12 +0800] "GET /xingrg/images/blue/jxLogo.png HTTP/1.1" 200 6156
180.169.147.146 - - [16/Jan/2021:09:50:12 +0800] "GET /xingrg/images/blue/login_bg.png HTTP/1.1" 200 22101
180.169.147.146 - - [16/Jan/2021:09:50:12 +0800] "GET /xingrg/images/blue/hj.png HTTP/1.1" 200 1014
180.169.147.146 - - [16/Jan/2021:09:50:12 +0800] "GET /xingrg/images/blue/srbg.png HTTP/1.1" 200 138
180.169.147.146 - - [16/Jan/2021:09:50:12 +0800] "GET /favicon.ico HTTP/1.1" 404 -
180.169.147.146 - - [16/Jan/2021:09:50:14 +0800] "GET /xingrg/all/function/internal_message.html?_=1610761820847&CODE_STATE=getMsg HTTP/1.1" 200 27
180.169.147.146 - - [16/Jan/2021:09:50:19 +0800] "POST /xingrg/login.do HTTP/1.1" 200 2421
180.169.147.146 - - [16/Jan/2021:09:50:19 +0800] "GET /xingrg/css/blue.css HTTP/1.1" 200 15949
180.169.147.146 - - [16/Jan/2021:09:50:20 +0800] "GET /xingrg/javascript/myfunction.js HTTP/1.1" 200 24559
180.169.147.146 - - [16/Jan/2021:09:50:20 +0800] "GET /xingrg/images/blue/pic_top.gif HTTP/1.1" 200 3656
180.169.147.146 - - [16/Jan/2021:09:50:20 +0800] "GET /xingrg/images/blue/pic_notice.jpg HTTP/1.1" 200 3583
180.169.147.146 - - [16/Jan/2021:09:50:20 +0800] "GET /xingrg/images/blue/error_buttom.gif HTTP/1.1" 200 1750
180.169.147.146 - - [16/Jan/2021:09:50:20 +0800] "GET /xingrg/images/blue/error_mid.gif HTTP/1.1" 200 215
180.169.147.146 - - [16/Jan/2021:09:50:20 +0800] "GET /xingrg/images/blue/error_top.gif HTTP/1.1" 200 1790
180.169.147.146 - - [16/Jan/2021:09:50:20 +0800] "GET /favicon.ico HTTP/1.1" 404 -
222.69.133.109 - - [16/Jan/2021:09:50:20 +0800] "GET /xingrg/login.html HTTP/1.1" 200 7641
180.169.147.146 - - [16/Jan/2021:09:50:21 +0800] "GET /xingrg/login.html HTTP/1.1" 200 7641
222.69.133.109 - - [16/Jan/2021:09:50:21 +0800] "GET /favicon.ico HTTP/1.1" 404 -
180.169.147.146 - - [16/Jan/2021:09:50:21 +0800] "GET /favicon.ico HTTP/1.1" 404 -
116.228.172.94 - - [16/Jan/2021:09:50:25 +0800] "GET /xingrg/all/function/internal_message.html?_=1610761812580&CODE_STATE=getMsg HTTP/1.1" 200 27
222.70.179.222 - - [16/Jan/2021:09:50:27 +0800] "GET /xingrg/all/function/internal_message.html?_=1610761823357&CODE_STATE=getMsg HTTP/1.1" 200 27
124.77.238.8 - - [16/Jan/2021:09:50:28 +0800] "POST /xingrg/services/DataTransmitService HTTP/1.1" 200 524
124.77.238.8 - - [16/Jan/2021:09:50:28 +0800] "POST /xingrg/services/DataTransmitService HTTP/1.1" 200 2099
120.253.135.82 - - [16/Jan/2021:09:50:29 +0800] "GET /xingrg/all/function/internal_message.html?_=1610761933945&CODE_STATE=getMsg HTTP/1.1" 200 27
124.77.238.8 - - [16/Jan/2021:09:50:29 +0800] "POST /xingrg/services/DataTransmitService HTTP/1.1" 200 172971
222.69.133.109 - - [16/Jan/2021:09:50:33 +0800] "POST /xingrg/login.do HTTP/1.1" 302 -
222.69.133.109 - - [16/Jan/2021:09:50:33 +0800] "GET /xingrg/index.html?sysBaseUrl=http%3A%2F%2F180.169.147.146%3A18081%2Fxingrg%2F&costTime=40×tamp=1610761833878 HTTP/1.1" 200 17179
222.69.133.109 - - [16/Jan/2021:09:50:34 +0800] "GET /favicon.ico HTTP/1.1" 404 -
222.69.133.109 - - [16/Jan/2021:09:50:34 +0800] "POST /xingrg/all/common/load_tree.html?tree=area_rest_tree_json&manage=1 HTTP/1.1" 200 351
222.69.133.109 - - [16/Jan/2021:09:50:34 +0800] "GET /xingrg/all/function/internal_message.html?_=1610761832727&CODE_STATE=count HTTP/1.1" 200 11
222.69.133.109 - - [16/Jan/2021:09:50:34 +0800] "GET /xingrg/check_reg.html?_=1610761832729 HTTP/1.1" 200 22
222.69.133.109 - - [16/Jan/2021:09:50:34 +0800] "POST /xingrg/load_menu.html HTTP/1.1" 200 5138
180.175.150.119 - - [16/Jan/2021:09:50:34 +0800] "GET /xingrg/kc/buy/cgsh_order_operate.html?command=get_materiel&rest_code=00102&code=00101006065&supplier_code=00100096&order_time=2021-01-16 HTTP/1.1" 200 409
116.232.195.34 - - [16/Jan/2021:09:50:37 +0800] "GET /xingrg/kc/buy/cgsh_order_operate.html?command=get_materiel&rest_code=00155&code=00102010562&supplier_code=00100212&order_time=2021-01-16 HTTP/1.1" 200 413
180.169.147.146 - - [16/Jan/2021:09:50:38 +0800] "POST /xingrg/login.do HTTP/1.1" 302 -
180.169.147.146 - - [16/Jan/2021:09:50:38 +0800] "GET /xingrg/index.html?sysBaseUrl=http%3A%2F%2F180.169.147.146%3A18081%2Fxingrg%2F&costTime=39×tamp=1610761838147 HTTP/1.1" 200 17503
180.169.147.146 - - [16/Jan/2021:09:50:38 +0800] "GET /xingrg/javascript/jquery_easy_ui/themes/default/easyui.css HTTP/1.1" 200 26500
180.169.147.146 - - [16/Jan/2021:09:50:38 +0800] "GET /xingrg/javascript/jquery_easy_ui/themes/icon.css HTTP/1.1" 200 3949
180.169.147.146 - - [16/Jan/2021:09:50:38 +0800] "GET /xingrg/css/form.css HTTP/1.1" 200 893
180.169.147.146 - - [16/Jan/2021:09:50:38 +0800] "GET /xingrg/javascript/jquery-1.4.2.min.js HTTP/1.1" 200 72205
180.169.147.146 - - [16/Jan/2021:09:50:38 +0800] "GET /xingrg/javascript/jquery_easy_ui/jquery.easyui.min.js HTTP/1.1" 200 213662
180.169.147.146 - - [16/Jan/2021:09:50:38 +0800] "GET /xingrg/javascript/jquery_easy_ui/easyui-lang-zh_CN.js HTTP/1.1" 200 1900
180.169.147.146 - - [16/Jan/2021:09:50:38 +0800] "GET /xingrg/javascript/jquery.form.js HTTP/1.1" 200 23110
180.169.147.146 - - [16/Jan/2021:09:50:38 +0800] "GET /xingrg/javascript/jquery.utils.js HTTP/1.1" 200 11805
180.169.147.146 - - [16/Jan/2021:09:50:38 +0800] "GET /xingrg/javascript/jquery.timers.js HTTP/1.1" 200 3532
180.169.147.146 - - [16/Jan/2021:09:50:38 +0800] "GET /xingrg/javascript/jquery_easy_ui/themes/icons/settle_new.png HTTP/1.1" 200 826
180.169.147.146 - - [16/Jan/2021:09:50:38 +0800] "GET /xingrg/images/blue/navBackgound.jpg HTTP/1.1" 200 12378
180.169.147.146 - - [16/Jan/2021:09:50:38 +0800] "GET /favicon.ico HTTP/1.1" 404 -
180.169.147.146 - - [16/Jan/2021:09:50:38 +0800] "POST /xingrg/all/common/load_tree.html?tree=area_rest_tree_json&manage=1 HTTP/1.1" 200 3344
180.169.147.146 - - [16/Jan/2021:09:50:38 +0800] "GET /xingrg/all/function/internal_message.html?_=1610761833863&CODE_STATE=count HTTP/1.1" 200 11
180.169.147.146 - - [16/Jan/2021:09:50:38 +0800] "GET /xingrg/check_reg.html?_=1610761833865 HTTP/1.1" 200 22
180.169.147.146 - - [16/Jan/2021:09:50:38 +0800] "GET /xingrg/images/blue/pingpu.png HTTP/1.1" 200 231
180.169.147.146 - - [16/Jan/2021:09:50:38 +0800] "GET /xingrg/javascript/jquery_easy_ui/themes/default/images/tabs_leftarrow.png HTTP/1.1" 200 389
180.169.147.146 - - [16/Jan/2021:09:50:38 +0800] "GET /xingrg/javascript/jquery_easy_ui/themes/default/images/tabs_rightarrow.png HTTP/1.1" 200 395
180.169.147.146 - - [16/Jan/2021:09:50:38 +0800] "GET /xingrg/javascript/jquery_easy_ui/themes/default/images/panel_tool_expand.gif HTTP/1.1" 200 247
180.169.147.146 - - [16/Jan/2021:09:50:38 +0800] "GET /xingrg/javascript/jquery_easy_ui/themes/default/images/panel_tool_collapse.gif HTTP/1.1" 200 246
180.169.147.146 - - [16/Jan/2021:09:50:38 +0800] "POST /xingrg/load_menu.html HTTP/1.1" 200 11443
180.169.147.146 - - [16/Jan/2021:09:50:38 +0800] "GET /xingrg/javascript/jquery_easy_ui/themes/default/images/tree_arrows.gif HTTP/1.1" 200 1043
180.169.147.146 - - [16/Jan/2021:09:50:38 +0800] "GET /xingrg/javascript/jquery_easy_ui/themes/default/images/tree_folder_open.gif HTTP/1.1" 200 956
180.169.147.146 - - [16/Jan/2021:09:50:38 +0800] "GET /xingrg/javascript/jquery_easy_ui/themes/icons/search_new.png HTTP/1.1" 200 586
180.169.147.146 - - [16/Jan/2021:09:50:38 +0800] "GET /xingrg/javascript/jquery_easy_ui/themes/icons/delivery_new.png HTTP/1.1" 200 700
180.169.147.146 - - [16/Jan/2021:09:50:38 +0800] "GET /xingrg/javascript/jquery_easy_ui/themes/icons/storage_new.png HTTP/1.1" 200 853
180.169.147.146 - - [16/Jan/2021:09:50:38 +0800] "GET /xingrg/javascript/jquery_easy_ui/themes/icons/checkout_new.png HTTP/1.1" 200 744
180.169.147.146 - - [16/Jan/2021:09:50:38 +0800] "GET /xingrg/javascript/jquery_easy_ui/themes/icons/forms_new.png HTTP/1.1" 200 350
180.169.147.146 - - [16/Jan/2021:09:50:38 +0800] "GET /xingrg/javascript/jquery_easy_ui/themes/icons/setting_new.png HTTP/1.1" 200 450
180.169.147.146 - - [16/Jan/2021:09:50:38 +0800] "GET /xingrg/javascript/jquery_easy_ui/themes/icons/systemset_new.png HTTP/1.1" 200 606
180.169.147.146 - - [16/Jan/2021:09:50:38 +0800] "GET /xingrg/javascript/jquery_easy_ui/themes/default/images/tree_file.gif HTTP/1.1" 200 118
180.169.147.146 - - [16/Jan/2021:09:50:38 +0800] "GET /xingrg/javascript/jquery_easy_ui/themes/default/images/tree_folder.gif HTTP/1.1" 200 952
58.37.230.33 - - [16/Jan/2021:09:50:39 +0800] "GET /xingrg/all/function/internal_message.html?_=1610761823722&CODE_STATE=getMsg HTTP/1.1" 200 27
180.169.147.146 - - [16/Jan/2021:09:50:40 +0800] "GET /xingrg/javascript/jquery_easy_ui/themes/icons/area.png HTTP/1.1" 200 262
180.169.147.146 - - [16/Jan/2021:09:50:40 +0800] "GET /xingrg/javascript/jquery_easy_ui/themes/icons/manage.png HTTP/1.1" 200 696
180.169.147.146 - - [16/Jan/2021:09:50:40 +0800] "GET /xingrg/javascript/jquery_easy_ui/themes/icons/rest.png HTTP/1.1" 200 695
180.169.147.146 - - [16/Jan/2021:09:50:40 +0800] "GET /xingrg/javascript/jquery_easy_ui/themes/default/images/button_a_bg.gif HTTP/1.1" 200 1194
180.169.147.146 - - [16/Jan/2021:09:50:40 +0800] "GET /xingrg/javascript/jquery_easy_ui/themes/default/images/button_span_bg.gif HTTP/1.1" 200 2061
180.169.147.146 - - [16/Jan/2021:09:50:40 +0800] "GET /xingrg/javascript/jquery_easy_ui/themes/icons/ok.png HTTP/1.1" 200 883
180.169.147.146 - - [16/Jan/2021:09:50:40 +0800] "GET /xingrg/javascript/jquery_easy_ui/themes/default/images/panel_title.png HTTP/1.1" 200 266
180.169.147.146 - - [16/Jan/2021:09:50:40 +0800] "GET /xingrg/javascript/jquery_easy_ui/themes/default/images/panel_tools.gif HTTP/1.1" 200 737
117.185.32.26 - - [16/Jan/2021:09:50:41 +0800] "GET /xingrg/all/function/internal_message.html?_=1610761835760&CODE_STATE=getMsg HTTP/1.1" 200 27
172.20.0.100 - - [16/Jan/2021:09:50:43 +0800] "GET /xingrg/all/function/internal_message.html?_=1610761837754&CODE_STATE=getMsg HTTP/1.1" 302 -
222.69.133.109 - - [16/Jan/2021:09:50:45 +0800] "GET /xingrg/kc/report/report_main.html HTTP/1.1" 200 7345
180.169.147.146 - - [16/Jan/2021:09:50:46 +0800] "GET /xingrg/images/control/ajaxLoader.gif HTTP/1.1" 200 4659
180.169.147.146 - - [16/Jan/2021:09:50:46 +0800] "POST /xingrg/all/user/operate.html HTTP/1.1" 200 36
180.169.147.146 - - [16/Jan/2021:09:50:46 +0800] "GET /xingrg/index.html?sysBaseUrl=http%3A%2F%2F180.169.147.146%3A18081%2Fxingrg%2F&costTime=39×tamp=1610761838147 HTTP/1.1" 200 17509
180.169.147.146 - - [16/Jan/2021:09:50:46 +0800] "GET /xingrg/javascript/jquery_easy_ui/themes/default/easyui.css HTTP/1.1" 304 -
180.169.147.146 - - [16/Jan/2021:09:50:46 +0800] "GET /xingrg/javascript/jquery_easy_ui/themes/icon.css HTTP/1.1" 304 -
180.169.147.146 - - [16/Jan/2021:09:50:46 +0800] "GET /xingrg/css/form.css HTTP/1.1" 304 -
180.169.147.146 - - [16/Jan/2021:09:50:46 +0800] "GET /xingrg/javascript/jquery-1.4.2.min.js HTTP/1.1" 304 -
180.169.147.146 - - [16/Jan/2021:09:50:46 +0800] "GET /xingrg/javascript/jquery_easy_ui/jquery.easyui.min.js HTTP/1.1" 304 -
180.169.147.146 - - [16/Jan/2021:09:50:46 +0800] "GET /xingrg/javascript/jquery_easy_ui/easyui-lang-zh_CN.js HTTP/1.1" 304 -
180.169.147.146 - - [16/Jan/2021:09:50:46 +0800] "GET /xingrg/javascript/jquery.form.js HTTP/1.1" 304 -
180.169.147.146 - - [16/Jan/2021:09:50:46 +0800] "GET /xingrg/javascript/jquery.utils.js HTTP/1.1" 304 -
180.169.147.146 - - [16/Jan/2021:09:50:46 +0800] "GET /xingrg/javascript/jquery.timers.js HTTP/1.1" 304 -
180.169.147.146 - - [16/Jan/2021:09:50:46 +0800] "GET /xingrg/images/blue/jxLogo.png HTTP/1.1" 304 -
180.169.147.146 - - [16/Jan/2021:09:50:46 +0800] "GET /xingrg/images/blue/navBackgound.jpg HTTP/1.1" 304 -
180.169.147.146 - - [16/Jan/2021:09:50:46 +0800] "GET /xingrg/javascript/jquery_easy_ui/themes/icons/settle_new.png HTTP/1.1" 304 -
180.169.147.146 - - [16/Jan/2021:09:50:46 +0800] "POST /xingrg/all/common/load_tree.html?tree=area_rest_tree_json&manage=1 HTTP/1.1" 200 3344
180.169.147.146 - - [16/Jan/2021:09:50:46 +0800] "GET /xingrg/all/function/internal_message.html?_=1610761841997&CODE_STATE=count HTTP/1.1" 200 11
180.169.147.146 - - [16/Jan/2021:09:50:46 +0800] "GET /xingrg/check_reg.html?_=1610761841998 HTTP/1.1" 200 22
180.169.147.146 - - [16/Jan/2021:09:50:46 +0800] "GET /xingrg/javascript/jquery_easy_ui/themes/default/images/tabs_leftarrow.png HTTP/1.1" 304 -
180.169.147.146 - - [16/Jan/2021:09:50:46 +0800] "GET /xingrg/javascript/jquery_easy_ui/themes/default/images/panel_tool_expand.gif HTTP/1.1" 304 -
180.169.147.146 - - [16/Jan/2021:09:50:46 +0800] "GET /xingrg/javascript/jquery_easy_ui/themes/default/images/panel_tool_collapse.gif HTTP/1.1" 304 -
180.169.147.146 - - [16/Jan/2021:09:50:46 +0800] "GET /xingrg/javascript/jquery_easy_ui/themes/default/images/tabs_rightarrow.png HTTP/1.1" 304 -
180.169.147.146 - - [16/Jan/2021:09:50:46 +0800] "GET /xingrg/images/blue/pingpu.png HTTP/1.1" 304 -
180.169.147.146 - - [16/Jan/2021:09:50:46 +0800] "POST /xingrg/load_menu.html HTTP/1.1" 200 9959
180.169.147.146 - - [16/Jan/2021:09:50:48 +0800] "GET /xingrg/kc/report/report_main.html HTTP/1.1" 200 7345
180.169.147.146 - - [16/Jan/2021:09:50:48 +0800] "GET /xingrg/javascript/jquery_easy_ui/themes/default/images/tabs_close.gif HTTP/1.1" 200 829
180.169.147.146 - - [16/Jan/2021:09:50:48 +0800] "GET /xingrg/javascript/pic_change.js HTTP/1.1" 200 4739
180.169.147.146 - - [16/Jan/2021:09:50:48 +0800] "GET /xingrg/javascript/jquery_ui/themes/humanity/humanity.css HTTP/1.1" 200 27801
180.169.147.146 - - [16/Jan/2021:09:50:48 +0800] "GET /xingrg/javascript/json2.js HTTP/1.1" 200 11259
180.169.147.146 - - [16/Jan/2021:09:50:48 +0800] "GET /xingrg/javascript/jquery_easy_ui/themes/icons/back_new.png HTTP/1.1" 200 3414
58.40.7.146 - - [16/Jan/2021:09:50:49 +0800] "GET /xingrg/check_reg.html?_=1610761845514 HTTP/1.1" 200 22
58.40.7.146 - - [16/Jan/2021:09:50:49 +0800] "GET /xingrg/all/function/internal_message.html?_=1610761845515&CODE_STATE=getMsg HTTP/1.1" 200 27
180.175.150.119 - - [16/Jan/2021:09:50:50 +0800] "GET /xingrg/kc/buy/cgsh_order_operate.html?command=get_materiel&rest_code=00102&code=00101001075&supplier_code=00100096&order_time=2021-01-16 HTTP/1.1" 200 409
218.81.223.240 - - [16/Jan/2021:09:50:51 +0800] "GET /xingrg/all/function/internal_message.html?_=1610761885524&CODE_STATE=getMsg HTTP/1.1" 200 27
180.169.147.146 - - [16/Jan/2021:09:50:51 +0800] "GET /xingrg/kc/buy/buy_main.html HTTP/1.1" 200 12412
180.169.147.146 - - [16/Jan/2021:09:50:51 +0800] "GET /xingrg/css/new_ie.css HTTP/1.1" 404 1036
180.169.147.146 - - [16/Jan/2021:09:50:51 +0800] "GET /xingrg/javascript/ToolTips.js HTTP/1.1" 200 5615
180.169.147.146 - - [16/Jan/2021:09:50:51 +0800] "GET /xingrg/javascript/jquery_ui/jquery-ui.min.js HTTP/1.1" 200 186181
180.169.147.146 - - [16/Jan/2021:09:50:51 +0800] "GET /xingrg/images/blue/button/cgxqd.gif HTTP/1.1" 200 2619
180.169.147.146 - - [16/Jan/2021:09:50:51 +0800] "GET /xingrg/images/blue/button/cgydd.gif HTTP/1.1" 200 2712
180.169.147.146 - - [16/Jan/2021:09:50:51 +0800] "GET /xingrg/images/blue/button/cgshd.gif HTTP/1.1" 200 2618
180.169.147.146 - - [16/Jan/2021:09:50:51 +0800] "GET /xingrg/images/blue/button/cgfkd.gif HTTP/1.1" 200 2075
180.169.147.146 - - [16/Jan/2021:09:50:51 +0800] "GET /xingrg/images/blue/button/kc.gif HTTP/1.1" 200 2160
180.169.147.146 - - [16/Jan/2021:09:50:51 +0800] "GET /xingrg/images/blue/button/ckthd.gif HTTP/1.1" 200 2045
180.169.147.146 - - [16/Jan/2021:09:50:51 +0800] "GET /xingrg/images/blue/pic_form2.gif HTTP/1.1" 200 1853
180.169.147.146 - - [16/Jan/2021:09:50:52 +0800] "GET /xingrg/images/blue/button/right_ah.jpg HTTP/1.1" 200 1744
180.169.147.146 - - [16/Jan/2021:09:50:52 +0800] "GET /xingrg/images/blue/bg_dotted.jpg HTTP/1.1" 200 319
180.169.147.146 - - [16/Jan/2021:09:50:52 +0800] "GET /xingrg/images/blue/button/down_ah.jpg HTTP/1.1" 200 1732
180.169.147.146 - - [16/Jan/2021:09:50:52 +0800] "GET /xingrg/javascript/jquery_ui/themes/humanity/images/ui-bg_inset-soft_100_f4f0ec_1x100.png HTTP/1.1" 200 141
180.169.147.146 - - [16/Jan/2021:09:50:52 +0800] "GET /xingrg/javascript/jquery_ui/themes/humanity/images/ui-icons_c47a23_256x240.png HTTP/1.1" 200 5355
180.169.147.146 - - [16/Jan/2021:09:50:52 +0800] "GET /xingrg/javascript/jquery_ui/themes/humanity/images/ui-iconsnew.jpg HTTP/1.1" 200 337
180.169.147.146 - - [16/Jan/2021:09:50:52 +0800] "GET /xingrg/javascript/jquery_ui/themes/humanity/images/ui-icons_ffffff_256x240.png HTTP/1.1" 200 4369
180.169.147.146 - - [16/Jan/2021:09:50:52 +0800] "GET /xingrg/javascript/jquery_ui/themes/humanity/images/ui-bg_glass_70_ede4d4_1x400.png HTTP/1.1" 200 161
180.169.147.146 - - [16/Jan/2021:09:50:52 +0800] "GET /xingrg/images/yd/bt.gif HTTP/1.1" 404 1040
222.69.133.109 - - [16/Jan/2021:09:50:52 +0800] "GET /xingrg/kc/base/kc_stocks.html HTTP/1.1" 200 16386
222.69.133.109 - - [16/Jan/2021:09:50:53 +0800] "GET /xingrg/javascript/easyui/themes/default/tree.css HTTP/1.1" 404 1090
180.169.147.146 - - [16/Jan/2021:09:50:53 +0800] "GET /xingrg/kc/buy/cgsh_order_list.html HTTP/1.1" 200 46409
180.169.147.146 - - [16/Jan/2021:09:50:53 +0800] "GET /xingrg/css/base.css HTTP/1.1" 200 2811
180.169.147.146 - - [16/Jan/2021:09:50:53 +0800] "GET /xingrg/css/site.css HTTP/1.1" 200 7541
180.169.147.146 - - [16/Jan/2021:09:50:53 +0800] "GET /xingrg/javascript/jquery_tools/datebox.css HTTP/1.1" 200 2597
180.169.147.146 - - [16/Jan/2021:09:50:53 +0800] "GET /xingrg/javascript/easyui/themes/default/easyui.css HTTP/1.1" 200 30432
180.169.147.146 - - [16/Jan/2021:09:50:53 +0800] "GET /xingrg/javascript/easyui/themes/icon.css HTTP/1.1" 200 4483
180.169.147.146 - - [16/Jan/2021:09:50:53 +0800] "GET /xingrg/javascript/auto/jquery.autocomplete.css HTTP/1.1" 200 587
180.169.147.146 - - [16/Jan/2021:09:50:53 +0800] "GET /xingrg/javascript/jquery_tools/fix.css HTTP/1.1" 200 1702
180.169.147.146 - - [16/Jan/2021:09:50:53 +0800] "GET /xingrg/javascript/jquery_tools/table.css HTTP/1.1" 200 1032
180.169.147.146 - - [16/Jan/2021:09:50:53 +0800] "GET /xingrg/javascript/jquery_tools/jquery.tools.min.js HTTP/1.1" 200 138801
180.169.147.146 - - [16/Jan/2021:09:50:53 +0800] "GET /xingrg/javascript/jquery_tools/jquery.tools.extend.js HTTP/1.1" 200 15385
222.69.133.109 - - [16/Jan/2021:09:50:53 +0800] "GET /xingrg/all/common/auto_word.html?type=base&rest_code=00154 HTTP/1.1" 200 677
180.169.147.146 - - [16/Jan/2021:09:50:53 +0800] "GET /xingrg/javascript/jquery_tools/jquery.tools.hotkey.js HTTP/1.1" 200 3242
180.169.147.146 - - [16/Jan/2021:09:50:53 +0800] "GET /xingrg/javascript/jquery_tools/jquery.tools.table.js HTTP/1.1" 200 6994
180.169.147.146 - - [16/Jan/2021:09:50:53 +0800] "GET /xingrg/javascript/jquery_tools/list_manager.js HTTP/1.1" 200 3652
180.169.147.146 - - [16/Jan/2021:09:50:53 +0800] "GET /xingrg/javascript/auto/jquery.autocomplete.js HTTP/1.1" 200 21624
180.169.147.146 - - [16/Jan/2021:09:50:53 +0800] "GET /xingrg/javascript/easyui/easyloader.js HTTP/1.1" 200 5975
180.169.147.146 - - [16/Jan/2021:09:50:53 +0800] "GET /xingrg/javascript/jquery.cookie.js HTTP/1.1" 200 5513
180.169.147.146 - - [16/Jan/2021:09:50:53 +0800] "GET /xingrg/javascript/print/LodopFuncs.js HTTP/1.1" 200 5121
222.69.133.109 - - [16/Jan/2021:09:50:53 +0800] "POST /xingrg/all/common/load_tree.html?tree=materiel_sort_tree_json HTTP/1.1" 200 8666
180.169.147.146 - - [16/Jan/2021:09:50:53 +0800] "GET /xingrg/javascript/easyui/themes/icons/check_new.png HTTP/1.1" 200 3224
180.169.147.146 - - [16/Jan/2021:09:50:53 +0800] "GET /xingrg/javascript/easyui/themes/icons/field_new.png HTTP/1.1" 200 1097
180.169.147.146 - - [16/Jan/2021:09:50:53 +0800] "GET /xingrg/javascript/easyui/themes/icons/import_new.png HTTP/1.1" 200 1247
180.169.147.146 - - [16/Jan/2021:09:50:53 +0800] "GET /xingrg/javascript/easyui/themes/icons/cance_new.png HTTP/1.1" 200 3986
180.169.147.146 - - [16/Jan/2021:09:50:53 +0800] "GET /xingrg/javascript/easyui/themes/icons/uncheck_new.png HTTP/1.1" 200 3197
180.169.147.146 - - [16/Jan/2021:09:50:53 +0800] "GET /xingrg/javascript/easyui/themes/icons/edit_add_new.png HTTP/1.1" 200 2997
180.169.147.146 - - [16/Jan/2021:09:50:53 +0800] "GET /xingrg/javascript/easyui/plugins/jquery.parser.js HTTP/1.1" 200 1142
180.169.147.146 - - [16/Jan/2021:09:50:53 +0800] "GET /xingrg/javascript/jquery_easy_ui/themes/default/images/tabs_active.png HTTP/1.1" 200 2894
180.169.147.146 - - [16/Jan/2021:09:50:54 +0800] "POST /xingrg/kc/buy/cgsh_list_operate.html HTTP/1.1" 200 876
180.156.237.57 - - [16/Jan/2021:09:50:54 +0800] "GET /xingrg/all/function/internal_message.html?_=1610761853410&CODE_STATE=getMsg HTTP/1.1" 200 27
117.185.32.26 - - [16/Jan/2021:09:50:54 +0800] "GET /xingrg/kc/base/yddb_order_list.html HTTP/1.1" 200 16945
180.156.237.57 - - [16/Jan/2021:09:50:55 +0800] "GET /xingrg/all/function/internal_message.html?_=1610761836812&CODE_STATE=getMsg HTTP/1.1" 200 27
180.169.147.146 - - [16/Jan/2021:09:50:56 +0800] "GET /xingrg/javascript/jquery_tools/images/next.gif HTTP/1.1" 404 1086
180.169.147.146 - - [16/Jan/2021:09:50:56 +0800] "GET /xingrg/javascript/jquery_tools/images/prev.gif HTTP/1.1" 404 1086
116.232.195.34 - - [16/Jan/2021:09:50:59 +0800] "GET /xingrg/all/function/internal_message.html?_=1610761854450&CODE_STATE=getMsg HTTP/1.1" 200 27
222.69.132.145 - - [16/Jan/2021:09:51:02 +0800] "GET /xingrg/all/function/internal_message.html?_=1610761853299&CODE_STATE=getMsg HTTP/1.1" 200 27
180.175.150.119 - - [16/Jan/2021:09:51:03 +0800] "GET /xingrg/all/function/internal_message.html?_=1610762101081&CODE_STATE=getMsg HTTP/1.1" 200 27
180.169.147.146 - - [16/Jan/2021:09:51:03 +0800] "GET /xingrg/all/function/internal_message.html?_=1610761861149&CODE_STATE=getMsg HTTP/1.1" 200 27
180.169.147.146 - - [16/Jan/2021:09:51:03 +0800] "GET /xingrg/check_reg.html?_=1610761861153 HTTP/1.1" 200 22
180.169.147.146 - - [16/Jan/2021:09:51:04 +0800] "POST /xingrg/kc/buy/cgsh_list_operate.html HTTP/1.1" 200 5427
117.185.32.26 - - [16/Jan/2021:09:51:04 +0800] "GET /xingrg/check_reg.html?_=1610761858242 HTTP/1.1" 200 22
61.165.42.208 - - [16/Jan/2021:09:51:05 +0800] "GET /xingrg/all/function/internal_message.html?_=1610761865393&CODE_STATE=getMsg HTTP/1.1" 200 27
124.77.238.8 - - [16/Jan/2021:09:51:06 +0800] "POST /xingrg/services/DataTransmitService HTTP/1.1" 200 524
124.77.238.8 - - [16/Jan/2021:09:51:06 +0800] "POST /xingrg/services/DataTransmitService HTTP/1.1" 200 2099
180.169.147.146 - - [16/Jan/2021:09:51:08 +0800] "POST /xingrg/kc/buy/cgsh_list_operate.html HTTP/1.1" 200 5590
117.185.32.26 - - [16/Jan/2021:09:51:08 +0800] "POST /xingrg/kc/base/yddb_list_operate.html HTTP/1.1" 200 636
180.175.150.119 - - [16/Jan/2021:09:51:11 +0800] "GET /xingrg/kc/buy/cgsh_order_operate.html?command=get_materiel&rest_code=00102&code=00101006129&supplier_code=00100096&order_time=2021-01-16 HTTP/1.1" 200 451
