183.192.164.85 - - [16/Jan/2021:08:43:48 +0800] "GET /xingrg/login.html HTTP/1.1" 200 7641
58.40.7.146 - - [16/Jan/2021:08:43:48 +0800] "GET /xingrg/all/function/internal_message.html?_=1610757825476&CODE_STATE=getMsg HTTP/1.1" 200 27
218.81.223.240 - - [16/Jan/2021:08:43:50 +0800] "GET /xingrg/all/function/internal_message.html?_=1610757863756&CODE_STATE=getMsg HTTP/1.1" 200 27
180.156.237.57 - - [16/Jan/2021:08:43:55 +0800] "GET /xingrg/all/function/internal_message.html?_=1610757834448&CODE_STATE=getMsg HTTP/1.1" 200 27
222.69.132.145 - - [16/Jan/2021:08:44:03 +0800] "GET /xingrg/all/function/internal_message.html?_=1610757833712&CODE_STATE=getMsg HTTP/1.1" 200 27
180.169.147.146 - - [16/Jan/2021:08:44:03 +0800] "GET /xingrg/all/function/internal_message.html?_=1610757841152&CODE_STATE=getMsg HTTP/1.1" 200 27
61.165.42.208 - - [16/Jan/2021:08:44:12 +0800] "POST /xingrg/login.do HTTP/1.1" 200 2421
61.165.42.208 - - [16/Jan/2021:08:44:12 +0800] "GET /favicon.ico HTTP/1.1" 404 -
61.165.42.208 - - [16/Jan/2021:08:44:13 +0800] "GET /xingrg/login.html HTTP/1.1" 200 7641
61.165.42.208 - - [16/Jan/2021:08:44:13 +0800] "GET /favicon.ico HTTP/1.1" 404 -
61.165.42.208 - - [16/Jan/2021:08:44:14 +0800] "POST /xingrg/login.do HTTP/1.1" 302 -
61.165.42.208 - - [16/Jan/2021:08:44:14 +0800] "GET /xingrg/index.html?sysBaseUrl=http%3A%2F%2F180.169.147.146%3A18081%2Fxingrg%2F&costTime=43×tamp=1610757854253 HTTP/1.1" 200 17173
61.165.42.208 - - [16/Jan/2021:08:44:14 +0800] "GET /favicon.ico HTTP/1.1" 404 -
61.165.42.208 - - [16/Jan/2021:08:44:14 +0800] "POST /xingrg/all/common/load_tree.html?tree=area_rest_tree_json&manage=1 HTTP/1.1" 200 3344
61.165.42.208 - - [16/Jan/2021:08:44:14 +0800] "GET /xingrg/all/function/internal_message.html?_=1610757854622&CODE_STATE=count HTTP/1.1" 200 11
61.165.42.208 - - [16/Jan/2021:08:44:14 +0800] "GET /xingrg/check_reg.html?_=1610757854622 HTTP/1.1" 200 22
61.165.42.208 - - [16/Jan/2021:08:44:14 +0800] "POST /xingrg/load_menu.html HTTP/1.1" 200 5138
180.169.147.146 - - [16/Jan/2021:08:44:14 +0800] "GET /xingrg/all/function/internal_message.html?_=1610757860730&CODE_STATE=getMsg HTTP/1.1" 200 27
180.156.237.57 - - [16/Jan/2021:08:44:16 +0800] "GET /xingrg/all/function/internal_message.html?_=1610757837984&CODE_STATE=getMsg HTTP/1.1" 200 27
61.165.42.208 - - [16/Jan/2021:08:44:17 +0800] "GET /xingrg/kc/buy/cgsh_order_list.html HTTP/1.1" 200 46148
61.165.42.208 - - [16/Jan/2021:08:44:18 +0800] "POST /xingrg/kc/buy/cgsh_list_operate.html HTTP/1.1" 200 876
61.165.42.208 - - [16/Jan/2021:08:44:19 +0800] "GET /xingrg/kc/buy/cgsh_order_add.html HTTP/1.1" 200 61933
61.165.42.208 - - [16/Jan/2021:08:44:19 +0800] "GET /xingrg/words/20210115141022_words.js HTTP/1.1" 304 -
61.165.42.208 - - [16/Jan/2021:08:44:19 +0800] "GET /xingrg/all/common/auto_word.html?type=employee&rest_code=00105 HTTP/1.1" 200 193
61.165.42.208 - - [16/Jan/2021:08:44:19 +0800] "GET /xingrg/all/common/auto_word.html?type=employee&rest_code=00105 HTTP/1.1" 200 193
61.165.42.208 - - [16/Jan/2021:08:44:19 +0800] "GET /xingrg/javascript/easyui/themes/default/validatebox.css HTTP/1.1" 404 1104
61.165.42.208 - - [16/Jan/2021:08:44:19 +0800] "POST /xingrg/kc/buy/cgsh_order_operate.html HTTP/1.1" 200 8245
61.165.42.208 - - [16/Jan/2021:08:44:21 +0800] "GET /xingrg/javascript/auto/indicator.gif HTTP/1.1" 404 1066
120.253.135.82 - - [16/Jan/2021:08:44:28 +0800] "GET /xingrg/all/function/internal_message.html?_=1610757972788&CODE_STATE=getMsg HTTP/1.1" 200 27
120.253.135.82 - - [16/Jan/2021:08:44:29 +0800] "GET /xingrg/all/function/internal_message.html?_=1610757625975&CODE_STATE=getMsg HTTP/1.1" 200 27
120.253.135.82 - - [16/Jan/2021:08:44:33 +0800] "GET /xingrg/all/function/internal_message.html?_=1610757901849&CODE_STATE=getMsg HTTP/1.1" 200 27
222.69.132.145 - - [16/Jan/2021:08:44:37 +0800] "GET /xingrg/kc/buy/cgsh_order_operate.html?command=get_materiel&rest_code=00149&code=00101008354&supplier_code=00100005&order_time=2021-01-16 HTTP/1.1" 200 412
61.165.42.208 - - [16/Jan/2021:08:44:39 +0800] "GET /xingrg/kc/buy/cgsh_order_operate.html?command=get_materiel&rest_code=00105&code=00101016122&supplier_code=00100203&order_time=2021-01-16 HTTP/1.1" 200 395
180.156.237.57 - - [16/Jan/2021:08:44:39 +0800] "GET /xingrg/kc/buy/cgsh_order_operate.html?command=get_materiel&rest_code=00150&code=00101008323&supplier_code=00100007&order_time=2021-01-16 HTTP/1.1" 200 408
58.37.230.33 - - [16/Jan/2021:08:44:41 +0800] "GET /xingrg/all/function/internal_message.html?_=1610757865270&CODE_STATE=getMsg HTTP/1.1" 200 27
117.185.32.26 - - [16/Jan/2021:08:44:41 +0800] "GET /xingrg/all/function/internal_message.html?_=1610757875671&CODE_STATE=getMsg HTTP/1.1" 200 27
172.20.0.100 - - [16/Jan/2021:08:44:43 +0800] "GET /xingrg/all/function/internal_message.html?_=1610757877734&CODE_STATE=getMsg HTTP/1.1" 302 -
120.253.135.82 - - [16/Jan/2021:08:44:44 +0800] "GET /xingrg/check_reg.html?_=1610757989029 HTTP/1.1" 200 22
58.40.7.146 - - [16/Jan/2021:08:44:48 +0800] "GET /xingrg/all/function/internal_message.html?_=1610757885462&CODE_STATE=getMsg HTTP/1.1" 200 27
218.81.223.240 - - [16/Jan/2021:08:44:49 +0800] "GET /xingrg/check_reg.html?_=1610757922860 HTTP/1.1" 200 22
218.81.223.240 - - [16/Jan/2021:08:44:50 +0800] "GET /xingrg/all/function/internal_message.html?_=1610757923770&CODE_STATE=getMsg HTTP/1.1" 200 27
180.156.237.57 - - [16/Jan/2021:08:44:55 +0800] "GET /xingrg/all/function/internal_message.html?_=1610757894432&CODE_STATE=getMsg HTTP/1.1" 200 27
180.156.237.57 - - [16/Jan/2021:08:44:57 +0800] "POST /xingrg/kc/buy/cgsh_order_operate.html HTTP/1.1" 200 37
180.156.237.57 - - [16/Jan/2021:08:44:58 +0800] "POST /xingrg/kc/buy/cgsh_order_operate.html HTTP/1.1" 200 34624
222.69.132.145 - - [16/Jan/2021:08:45:03 +0800] "GET /xingrg/all/function/internal_message.html?_=1610757893710&CODE_STATE=getMsg HTTP/1.1" 200 27
222.69.132.145 - - [16/Jan/2021:08:45:03 +0800] "GET /xingrg/check_reg.html?_=1610757893724 HTTP/1.1" 200 22
180.169.147.146 - - [16/Jan/2021:08:45:03 +0800] "GET /xingrg/all/function/internal_message.html?_=1610757901141&CODE_STATE=getMsg HTTP/1.1" 200 27
61.165.42.208 - - [16/Jan/2021:08:45:10 +0800] "GET /xingrg/kc/buy/cgsh_order_operate.html?command=get_materiel&rest_code=00105&code=00101008229&supplier_code=00100203&order_time=2021-01-16 HTTP/1.1" 200 420
222.69.132.145 - - [16/Jan/2021:08:45:12 +0800] "GET /xingrg/kc/buy/cgsh_order_operate.html?command=get_materiel&rest_code=00149&code=00101008186&supplier_code=00100005&order_time=2021-01-16 HTTP/1.1" 200 408
61.165.42.208 - - [16/Jan/2021:08:45:14 +0800] "GET /xingrg/all/function/internal_message.html?_=1610757914625&CODE_STATE=getMsg HTTP/1.1" 200 27
180.169.147.146 - - [16/Jan/2021:08:45:14 +0800] "GET /xingrg/all/function/internal_message.html?_=1610757920740&CODE_STATE=getMsg HTTP/1.1" 200 27
180.156.237.57 - - [16/Jan/2021:08:45:16 +0800] "GET /xingrg/all/function/internal_message.html?_=1610757897998&CODE_STATE=getMsg HTTP/1.1" 200 27
61.165.42.208 - - [16/Jan/2021:08:45:20 +0800] "GET /xingrg/kc/buy/cgsh_order_operate.html?command=get_materiel&rest_code=00105&code=00101008256&supplier_code=00100203&order_time=2021-01-16 HTTP/1.1" 200 412
180.156.237.57 - - [16/Jan/2021:08:45:21 +0800] "GET /xingrg/kc/buy/cgsh_order_operate.html?command=get_materiel&rest_code=00150&code=00101008096&supplier_code=00100007&order_time=2021-01-16 HTTP/1.1" 200 413
120.253.135.82 - - [16/Jan/2021:08:45:28 +0800] "GET /xingrg/all/function/internal_message.html?_=1610758032797&CODE_STATE=getMsg HTTP/1.1" 200 27
120.253.135.82 - - [16/Jan/2021:08:45:29 +0800] "GET /xingrg/check_reg.html?_=1610757685801 HTTP/1.1" 200 22
120.253.135.82 - - [16/Jan/2021:08:45:29 +0800] "GET /xingrg/all/function/internal_message.html?_=1610757685989&CODE_STATE=getMsg HTTP/1.1" 200 27
222.69.132.145 - - [16/Jan/2021:08:45:29 +0800] "GET /xingrg/kc/buy/cgsh_order_operate.html?command=get_materiel&rest_code=00149&code=00101008110&supplier_code=00100005&order_time=2021-01-16 HTTP/1.1" 200 408
180.156.237.57 - - [16/Jan/2021:08:45:31 +0800] "GET /xingrg/kc/buy/cgsh_order_operate.html?command=get_materiel&rest_code=00150&code=00101008088&supplier_code=00100007&order_time=2021-01-16 HTTP/1.1" 200 409
61.165.42.208 - - [16/Jan/2021:08:45:31 +0800] "GET /xingrg/kc/buy/cgsh_order_operate.html?command=get_materiel&rest_code=00105&code=00101008045&supplier_code=00100203&order_time=2021-01-16 HTTP/1.1" 200 412
120.253.135.82 - - [16/Jan/2021:08:45:33 +0800] "GET /xingrg/all/function/internal_message.html?_=1610757961889&CODE_STATE=getMsg HTTP/1.1" 200 27
58.37.230.33 - - [16/Jan/2021:08:45:41 +0800] "GET /xingrg/all/function/internal_message.html?_=1610757925250&CODE_STATE=getMsg HTTP/1.1" 200 27
117.185.32.26 - - [16/Jan/2021:08:45:41 +0800] "GET /xingrg/all/function/internal_message.html?_=1610757935671&CODE_STATE=getMsg HTTP/1.1" 200 27
61.165.42.208 - - [16/Jan/2021:08:45:42 +0800] "GET /xingrg/kc/buy/cgsh_order_operate.html?command=get_materiel&rest_code=00105&code=00101008354&supplier_code=00100203&order_time=2021-01-16 HTTP/1.1" 200 412
172.20.0.100 - - [16/Jan/2021:08:45:43 +0800] "GET /xingrg/all/function/internal_message.html?_=1610757937738&CODE_STATE=getMsg HTTP/1.1" 302 -
58.40.7.146 - - [16/Jan/2021:08:45:48 +0800] "GET /xingrg/all/function/internal_message.html?_=1610757945466&CODE_STATE=getMsg HTTP/1.1" 200 27
58.40.7.146 - - [16/Jan/2021:08:45:48 +0800] "GET /xingrg/check_reg.html?_=1610757945467 HTTP/1.1" 200 22
218.81.223.240 - - [16/Jan/2021:08:45:50 +0800] "GET /xingrg/all/function/internal_message.html?_=1610757983784&CODE_STATE=getMsg HTTP/1.1" 200 27
61.165.42.208 - - [16/Jan/2021:08:45:51 +0800] "GET /xingrg/kc/buy/cgsh_order_operate.html?command=get_materiel&rest_code=00105&code=00101008312&supplier_code=00100203&order_time=2021-01-16 HTTP/1.1" 200 412
180.156.237.57 - - [16/Jan/2021:08:45:55 +0800] "GET /xingrg/all/function/internal_message.html?_=1610757954417&CODE_STATE=getMsg HTTP/1.1" 200 27
61.165.42.208 - - [16/Jan/2021:08:45:58 +0800] "GET /xingrg/kc/buy/cgsh_order_operate.html?command=get_materiel&rest_code=00105&code=00101008096&supplier_code=00100203&order_time=2021-01-16 HTTP/1.1" 200 413
117.185.32.26 - - [16/Jan/2021:08:46:03 +0800] "GET /xingrg/check_reg.html?_=1610757957016 HTTP/1.1" 200 22
222.69.132.145 - - [16/Jan/2021:08:46:03 +0800] "GET /xingrg/all/function/internal_message.html?_=1610757953716&CODE_STATE=getMsg HTTP/1.1" 200 27
180.169.147.146 - - [16/Jan/2021:08:46:03 +0800] "GET /xingrg/all/function/internal_message.html?_=1610757961147&CODE_STATE=getMsg HTTP/1.1" 200 27
180.169.147.146 - - [16/Jan/2021:08:46:03 +0800] "GET /xingrg/check_reg.html?_=1610757961152 HTTP/1.1" 200 22
61.165.42.208 - - [16/Jan/2021:08:46:05 +0800] "GET /xingrg/kc/buy/cgsh_order_operate.html?command=get_materiel&rest_code=00105&code=00101008038&supplier_code=00100203&order_time=2021-01-16 HTTP/1.1" 200 431
61.165.42.208 - - [16/Jan/2021:08:46:10 +0800] "GET /xingrg/kc/buy/cgsh_order_operate.html?command=get_materiel&rest_code=00105&code=00101008088&supplier_code=00100203&order_time=2021-01-16 HTTP/1.1" 200 409
120.253.135.82 - - [16/Jan/2021:08:46:11 +0800] "GET /xingrg/check_reg.html?_=1610757999899 HTTP/1.1" 200 22
61.165.42.208 - - [16/Jan/2021:08:46:14 +0800] "GET /xingrg/all/function/internal_message.html?_=1610757974685&CODE_STATE=getMsg HTTP/1.1" 200 27
180.169.147.146 - - [16/Jan/2021:08:46:14 +0800] "GET /xingrg/check_reg.html?_=1610757980742 HTTP/1.1" 200 22
180.169.147.146 - - [16/Jan/2021:08:46:14 +0800] "GET /xingrg/all/function/internal_message.html?_=1610757980745&CODE_STATE=getMsg HTTP/1.1" 200 27
180.156.237.57 - - [16/Jan/2021:08:46:16 +0800] "GET /xingrg/all/function/internal_message.html?_=1610757958011&CODE_STATE=getMsg HTTP/1.1" 200 27
61.165.42.208 - - [16/Jan/2021:08:46:17 +0800] "GET /xingrg/kc/buy/cgsh_order_operate.html?command=get_materiel&rest_code=00105&code=00101008361&supplier_code=00100203&order_time=2021-01-16 HTTP/1.1" 200 408
222.69.132.145 - - [16/Jan/2021:08:46:18 +0800] "GET /xingrg/kc/buy/cgsh_order_operate.html?command=get_materiel&rest_code=00149&code=00101008096&supplier_code=00100005&order_time=2021-01-16 HTTP/1.1" 200 413
61.165.42.208 - - [16/Jan/2021:08:46:23 +0800] "GET /xingrg/kc/buy/cgsh_order_operate.html?command=get_materiel&rest_code=00105&code=00101008355&supplier_code=00100203&order_time=2021-01-16 HTTP/1.1" 200 408
120.253.135.82 - - [16/Jan/2021:08:46:28 +0800] "GET /xingrg/all/function/internal_message.html?_=1610758092811&CODE_STATE=getMsg HTTP/1.1" 200 27
120.253.135.82 - - [16/Jan/2021:08:46:29 +0800] "GET /xingrg/all/function/internal_message.html?_=1610757746002&CODE_STATE=getMsg HTTP/1.1" 200 27
61.165.42.208 - - [16/Jan/2021:08:46:29 +0800] "GET /xingrg/kc/buy/cgsh_order_operate.html?command=get_materiel&rest_code=00105&code=00101008264&supplier_code=00100203&order_time=2021-01-16 HTTP/1.1" 200 412
222.69.132.145 - - [16/Jan/2021:08:46:31 +0800] "POST /xingrg/kc/buy/cgsh_order_operate.html HTTP/1.1" 200 2065
120.253.135.82 - - [16/Jan/2021:08:46:33 +0800] "GET /xingrg/all/function/internal_message.html?_=1610758021908&CODE_STATE=getMsg HTTP/1.1" 200 27
222.69.132.145 - - [16/Jan/2021:08:46:36 +0800] "GET /xingrg/kc/buy/cgsh_order_operate.html?command=get_materiel&rest_code=00149&code=00101008038&supplier_code=00100005&order_time=2021-01-16 HTTP/1.1" 200 431
61.165.42.208 - - [16/Jan/2021:08:46:37 +0800] "GET /xingrg/kc/buy/cgsh_order_operate.html?command=get_materiel&rest_code=00105&code=00101008356&supplier_code=00100203&order_time=2021-01-16 HTTP/1.1" 200 408
61.165.42.208 - - [16/Jan/2021:08:46:39 +0800] "POST /xingrg/kc/buy/cgsh_order_operate.html HTTP/1.1" 200 2065
180.156.237.57 - - [16/Jan/2021:08:46:40 +0800] "GET /xingrg/kc/buy/cgsh_order_operate.html?command=get_materiel&rest_code=00150&code=00101008224&supplier_code=00100007&order_time=2021-01-16 HTTP/1.1" 200 416
58.37.230.33 - - [16/Jan/2021:08:46:41 +0800] "GET /xingrg/all/function/internal_message.html?_=1610757985226&CODE_STATE=getMsg HTTP/1.1" 200 27
117.185.32.26 - - [16/Jan/2021:08:46:41 +0800] "GET /xingrg/all/function/internal_message.html?_=1610757995675&CODE_STATE=getMsg HTTP/1.1" 200 27
61.165.42.208 - - [16/Jan/2021:08:46:42 +0800] "POST /xingrg/kc/buy/cgsh_order_operate.html HTTP/1.1" 200 2065
172.20.0.100 - - [16/Jan/2021:08:46:43 +0800] "GET /xingrg/all/function/internal_message.html?_=1610757997747&CODE_STATE=getMsg HTTP/1.1" 302 -
180.156.237.57 - - [16/Jan/2021:08:46:46 +0800] "POST /xingrg/kc/buy/cgsh_order_operate.html HTTP/1.1" 200 37
61.129.6.151 - - [16/Jan/2021:08:46:47 +0800] "GET /xingrg/all/function/internal_message.html?_=1610757925250&CODE_STATE=getMsg HTTP/1.1" 302 -
180.156.237.57 - - [16/Jan/2021:08:46:47 +0800] "POST /xingrg/kc/buy/cgsh_order_operate.html HTTP/1.1" 200 37582
58.40.7.146 - - [16/Jan/2021:08:46:48 +0800] "GET /xingrg/all/function/internal_message.html?_=1610758005469&CODE_STATE=getMsg HTTP/1.1" 200 27
218.81.223.240 - - [16/Jan/2021:08:46:50 +0800] "GET /xingrg/all/function/internal_message.html?_=1610758043798&CODE_STATE=getMsg HTTP/1.1" 200 27
61.165.42.208 - - [16/Jan/2021:08:46:50 +0800] "GET /xingrg/kc/buy/cgsh_order_operate.html?command=get_materiel&rest_code=00105&code=00101008360&supplier_code=00100203&order_time=2021-01-16 HTTP/1.1" 200 413
61.129.6.151 - - [16/Jan/2021:08:46:53 +0800] "GET /xingrg/login.html HTTP/1.1" 200 7641
222.69.132.145 - - [16/Jan/2021:08:46:54 +0800] "GET /xingrg/kc/buy/cgsh_order_operate.html?command=get_materiel&rest_code=00149&code=00101008163&supplier_code=00100005&order_time=2021-01-16 HTTP/1.1" 200 409
180.156.237.57 - - [16/Jan/2021:08:46:55 +0800] "GET /xingrg/all/function/internal_message.html?_=1610758014404&CODE_STATE=getMsg HTTP/1.1" 200 27
61.165.42.208 - - [16/Jan/2021:08:46:56 +0800] "GET /xingrg/kc/buy/cgsh_order_operate.html?command=get_materiel&rest_code=00105&code=00101008196&supplier_code=00100203&order_time=2021-01-16 HTTP/1.1" 200 416
58.37.230.33 - - [16/Jan/2021:08:46:59 +0800] "GET /xingrg/check_reg.html?_=1610758003500 HTTP/1.1" 200 22
222.69.132.145 - - [16/Jan/2021:08:47:03 +0800] "GET /xingrg/all/function/internal_message.html?_=1610758013748&CODE_STATE=getMsg HTTP/1.1" 200 27
180.169.147.146 - - [16/Jan/2021:08:47:03 +0800] "GET /xingrg/all/function/internal_message.html?_=1610758021141&CODE_STATE=getMsg HTTP/1.1" 200 27
180.156.237.57 - - [16/Jan/2021:08:47:03 +0800] "GET /xingrg/kc/buy/cgsh_order_operate.html?command=get_materiel&rest_code=00150&code=00101008360&supplier_code=00100007&order_time=2021-01-16 HTTP/1.1" 200 413
61.165.42.208 - - [16/Jan/2021:08:47:04 +0800] "GET /xingrg/kc/buy/cgsh_order_operate.html?command=get_materiel&rest_code=00105&code=00101008136&supplier_code=00100203&order_time=2021-01-16 HTTP/1.1" 200 413
222.69.132.145 - - [16/Jan/2021:08:47:06 +0800] "GET /xingrg/kc/buy/cgsh_order_operate.html?command=get_materiel&rest_code=00149&code=00101008224&supplier_code=00100005&order_time=2021-01-16 HTTP/1.1" 200 416
180.156.237.57 - - [16/Jan/2021:08:47:11 +0800] "GET /xingrg/kc/buy/cgsh_order_operate.html?command=get_materiel&rest_code=00150&code=00101008223&supplier_code=00100007&order_time=2021-01-16 HTTP/1.1" 200 412
61.165.42.208 - - [16/Jan/2021:08:47:11 +0800] "GET /xingrg/kc/buy/cgsh_order_operate.html?command=get_materiel&rest_code=00105&code=00101008357&supplier_code=00100203&order_time=2021-01-16 HTTP/1.1" 200 408
180.156.237.57 - - [16/Jan/2021:08:47:12 +0800] "GET /xingrg/check_reg.html?_=1610758031600 HTTP/1.1" 200 22
61.165.42.208 - - [16/Jan/2021:08:47:14 +0800] "GET /xingrg/all/function/internal_message.html?_=1610758034627&CODE_STATE=getMsg HTTP/1.1" 200 27
180.169.147.146 - - [16/Jan/2021:08:47:14 +0800] "GET /xingrg/all/function/internal_message.html?_=1610758040734&CODE_STATE=getMsg HTTP/1.1" 200 27
180.156.237.57 - - [16/Jan/2021:08:47:15 +0800] "GET /xingrg/check_reg.html?_=1610758017588 HTTP/1.1" 200 22
180.156.237.57 - - [16/Jan/2021:08:47:16 +0800] "GET /xingrg/all/function/internal_message.html?_=1610758018025&CODE_STATE=getMsg HTTP/1.1" 200 27
61.165.42.208 - - [16/Jan/2021:08:47:17 +0800] "GET /xingrg/kc/buy/cgsh_order_operate.html?command=get_materiel&rest_code=00105&code=00101008069&supplier_code=00100203&order_time=2021-01-16 HTTP/1.1" 200 412
61.165.42.208 - - [16/Jan/2021:08:47:22 +0800] "GET /xingrg/kc/buy/cgsh_order_operate.html?command=get_materiel&rest_code=00105&code=00101008036&supplier_code=00100203&order_time=2021-01-16 HTTP/1.1" 200 408
180.156.237.57 - - [16/Jan/2021:08:47:26 +0800] "POST /xingrg/kc/buy/cgsh_order_operate.html HTTP/1.1" 200 37
120.253.135.82 - - [16/Jan/2021:08:47:28 +0800] "GET /xingrg/all/function/internal_message.html?_=1610758152836&CODE_STATE=getMsg HTTP/1.1" 200 27
180.156.237.57 - - [16/Jan/2021:08:47:28 +0800] "POST /xingrg/kc/buy/cgsh_order_operate.html HTTP/1.1" 200 40529
120.253.135.82 - - [16/Jan/2021:08:47:29 +0800] "GET /xingrg/all/function/internal_message.html?_=1610757806017&CODE_STATE=getMsg HTTP/1.1" 200 27
58.37.230.33 - - [16/Jan/2021:08:47:29 +0800] "POST /xingrg/services/DataTransmitService HTTP/1.1" 200 524
58.37.230.33 - - [16/Jan/2021:08:47:29 +0800] "POST /xingrg/services/DataTransmitService HTTP/1.1" 200 497
61.165.42.208 - - [16/Jan/2021:08:47:31 +0800] "GET /xingrg/kc/buy/cgsh_order_operate.html?command=get_materiel&rest_code=00105&code=00101008286&supplier_code=00100203&order_time=2021-01-16 HTTP/1.1" 200 408
120.253.135.82 - - [16/Jan/2021:08:47:34 +0800] "GET /xingrg/all/function/internal_message.html?_=1610758081921&CODE_STATE=getMsg HTTP/1.1" 200 27
180.156.237.57 - - [16/Jan/2021:08:47:35 +0800] "GET /xingrg/kc/buy/cgsh_order_operate.html?command=get_materiel&rest_code=00150&code=00101008041&supplier_code=00100007&order_time=2021-01-16 HTTP/1.1" 200 408
222.69.132.145 - - [16/Jan/2021:08:47:38 +0800] "GET /xingrg/kc/buy/cgsh_order_operate.html?command=get_materiel&rest_code=00149&code=00101008183&supplier_code=00100005&order_time=2021-01-16 HTTP/1.1" 200 413
58.37.230.33 - - [16/Jan/2021:08:47:41 +0800] "GET /xingrg/all/function/internal_message.html?_=1610758045196&CODE_STATE=getMsg HTTP/1.1" 200 27
117.185.32.26 - - [16/Jan/2021:08:47:41 +0800] "GET /xingrg/all/function/internal_message.html?_=1610758055675&CODE_STATE=getMsg HTTP/1.1" 200 27
61.165.42.208 - - [16/Jan/2021:08:47:43 +0800] "GET /xingrg/kc/buy/cgsh_order_operate.html?command=get_materiel&rest_code=00105&code=00101008131&supplier_code=00100203&order_time=2021-01-16 HTTP/1.1" 200 408
172.20.0.100 - - [16/Jan/2021:08:47:43 +0800] "GET /xingrg/all/function/internal_message.html?_=1610758057733&CODE_STATE=getMsg HTTP/1.1" 302 -
172.20.0.100 - - [16/Jan/2021:08:47:43 +0800] "GET /xingrg/check_reg.html?_=1610758057736 HTTP/1.1" 302 -
180.156.237.57 - - [16/Jan/2021:08:47:44 +0800] "GET /xingrg/kc/buy/cgsh_order_operate.html?command=get_materiel&rest_code=00150&code=00101008307&supplier_code=00100007&order_time=2021-01-16 HTTP/1.1" 200 420
58.40.7.146 - - [16/Jan/2021:08:47:48 +0800] "GET /xingrg/all/function/internal_message.html?_=1610758065472&CODE_STATE=getMsg HTTP/1.1" 200 27
218.81.223.240 - - [16/Jan/2021:08:47:50 +0800] "GET /xingrg/all/function/internal_message.html?_=1610758103817&CODE_STATE=getMsg HTTP/1.1" 200 27
61.165.42.208 - - [16/Jan/2021:08:47:50 +0800] "GET /xingrg/kc/buy/cgsh_order_operate.html?command=get_materiel&rest_code=00105&code=00101008108&supplier_code=00100203&order_time=2021-01-16 HTTP/1.1" 200 412
180.156.237.57 - - [16/Jan/2021:08:47:55 +0800] "GET /xingrg/all/function/internal_message.html?_=1610758074378&CODE_STATE=getMsg HTTP/1.1" 200 27
61.165.42.208 - - [16/Jan/2021:08:47:56 +0800] "GET /xingrg/kc/buy/cgsh_order_operate.html?command=get_materiel&rest_code=00105&code=00101008318&supplier_code=00100203&order_time=2021-01-16 HTTP/1.1" 200 408
61.165.42.208 - - [16/Jan/2021:08:48:02 +0800] "GET /xingrg/kc/buy/cgsh_order_operate.html?command=get_materiel&rest_code=00105&code=00101008352&supplier_code=00100203&order_time=2021-01-16 HTTP/1.1" 200 412
222.69.132.145 - - [16/Jan/2021:08:48:03 +0800] "GET /xingrg/all/function/internal_message.html?_=1610758073715&CODE_STATE=getMsg HTTP/1.1" 200 27
180.169.147.146 - - [16/Jan/2021:08:48:03 +0800] "GET /xingrg/all/function/internal_message.html?_=1610758081146&CODE_STATE=getMsg HTTP/1.1" 200 27
61.129.6.174 - - [16/Jan/2021:08:48:04 +0800] "GET /xingrg/check_reg.html?_=1610758003500 HTTP/1.1" 302 -
61.165.42.208 - - [16/Jan/2021:08:48:09 +0800] "GET /xingrg/kc/buy/cgsh_order_operate.html?command=get_materiel&rest_code=00105&code=00101008005&supplier_code=00100203&order_time=2021-01-16 HTTP/1.1" 200 412
61.129.6.174 - - [16/Jan/2021:08:48:09 +0800] "GET /xingrg/login.html HTTP/1.1" 200 7641
222.69.132.145 - - [16/Jan/2021:08:48:12 +0800] "GET /xingrg/kc/buy/cgsh_order_operate.html?command=get_materiel&rest_code=00149&code=00101008298&supplier_code=00100005&order_time=2021-01-16 HTTP/1.1" 200 413
180.156.237.57 - - [16/Jan/2021:08:48:12 +0800] "GET /xingrg/kc/buy/cgsh_order_operate.html?command=get_materiel&rest_code=00150&code=00101008079&supplier_code=00100007&order_time=2021-01-16 HTTP/1.1" 200 416
180.169.147.146 - - [16/Jan/2021:08:48:14 +0800] "GET /xingrg/all/function/internal_message.html?_=1610758100734&CODE_STATE=getMsg HTTP/1.1" 200 27
61.165.42.208 - - [16/Jan/2021:08:48:14 +0800] "GET /xingrg/all/function/internal_message.html?_=1610758094701&CODE_STATE=getMsg HTTP/1.1" 200 27
180.156.237.57 - - [16/Jan/2021:08:48:16 +0800] "GET /xingrg/all/function/internal_message.html?_=1610758078038&CODE_STATE=getMsg HTTP/1.1" 200 27
180.175.150.119 - - [16/Jan/2021:08:48:16 +0800] "GET /xingrg/check_reg.html?_=1610758334803 HTTP/1.1" 302 -
61.165.42.208 - - [16/Jan/2021:08:48:18 +0800] "GET /xingrg/kc/buy/cgsh_order_operate.html?command=get_materiel&rest_code=00105&code=00101008271&supplier_code=00100203&order_time=2021-01-16 HTTP/1.1" 200 408
222.69.132.145 - - [16/Jan/2021:08:48:19 +0800] "POST /xingrg/kc/buy/cgsh_order_operate.html HTTP/1.1" 200 2065
61.165.42.208 - - [16/Jan/2021:08:48:20 +0800] "POST /xingrg/kc/buy/cgsh_order_operate.html HTTP/1.1" 200 2065
180.156.237.57 - - [16/Jan/2021:08:48:22 +0800] "POST /xingrg/kc/buy/cgsh_order_operate.html HTTP/1.1" 200 37
61.165.42.208 - - [16/Jan/2021:08:48:22 +0800] "POST /xingrg/kc/buy/cgsh_order_operate.html HTTP/1.1" 200 2065
180.156.237.57 - - [16/Jan/2021:08:48:24 +0800] "POST /xingrg/kc/buy/cgsh_order_operate.html HTTP/1.1" 200 43491
222.69.132.145 - - [16/Jan/2021:08:48:26 +0800] "GET /xingrg/kc/buy/cgsh_order_operate.html?command=get_materiel&rest_code=00149&code=00101010237&supplier_code=00100005&order_time=2021-01-16 HTTP/1.1" 200 412
120.253.135.82 - - [16/Jan/2021:08:48:28 +0800] "GET /xingrg/all/function/internal_message.html?_=1610758212838&CODE_STATE=getMsg HTTP/1.1" 200 27
120.253.135.82 - - [16/Jan/2021:08:48:29 +0800] "GET /xingrg/all/function/internal_message.html?_=1610757866034&CODE_STATE=getMsg HTTP/1.1" 200 27
61.165.42.208 - - [16/Jan/2021:08:48:30 +0800] "GET /xingrg/kc/buy/cgsh_order_operate.html?command=get_materiel&rest_code=00105&code=00101008353&supplier_code=00100203&order_time=2021-01-16 HTTP/1.1" 200 408
180.156.237.57 - - [16/Jan/2021:08:48:33 +0800] "GET /xingrg/kc/buy/cgsh_order_operate.html?command=get_materiel&rest_code=00150&code=00101008019&supplier_code=00100007&order_time=2021-01-16 HTTP/1.1" 200 416
120.253.135.82 - - [16/Jan/2021:08:48:34 +0800] "GET /xingrg/all/function/internal_message.html?_=1610758141956&CODE_STATE=getMsg HTTP/1.1" 200 27
222.69.132.145 - - [16/Jan/2021:08:48:35 +0800] "GET /xingrg/kc/buy/cgsh_order_operate.html?command=get_materiel&rest_code=00149&code=00101019224&supplier_code=00100005&order_time=2021-01-16 HTTP/1.1" 200 408
61.165.42.208 - - [16/Jan/2021:08:48:36 +0800] "GET /xingrg/kc/buy/cgsh_order_operate.html?command=get_materiel&rest_code=00105&code=00101008213&supplier_code=00100203&order_time=2021-01-16 HTTP/1.1" 200 412
58.37.230.33 - - [16/Jan/2021:08:48:41 +0800] "GET /xingrg/all/function/internal_message.html?_=1610758105165&CODE_STATE=getMsg HTTP/1.1" 200 27
117.185.32.26 - - [16/Jan/2021:08:48:41 +0800] "GET /xingrg/all/function/internal_message.html?_=1610758115675&CODE_STATE=getMsg HTTP/1.1" 200 27
180.156.237.57 - - [16/Jan/2021:08:48:42 +0800] "GET /xingrg/kc/buy/cgsh_order_operate.html?command=get_materiel&rest_code=00150&code=00101008016&supplier_code=00100007&order_time=2021-01-16 HTTP/1.1" 200 416
172.20.0.100 - - [16/Jan/2021:08:48:43 +0800] "GET /xingrg/all/function/internal_message.html?_=1610758117738&CODE_STATE=getMsg HTTP/1.1" 302 -
61.165.42.208 - - [16/Jan/2021:08:48:44 +0800] "GET /xingrg/kc/buy/cgsh_order_operate.html?command=get_materiel&rest_code=00105&code=00101008298&supplier_code=00100203&order_time=2021-01-16 HTTP/1.1" 200 413
58.40.7.146 - - [16/Jan/2021:08:48:48 +0800] "GET /xingrg/all/function/internal_message.html?_=1610758125475&CODE_STATE=getMsg HTTP/1.1" 200 27
218.81.223.240 - - [16/Jan/2021:08:48:50 +0800] "GET /xingrg/all/function/internal_message.html?_=1610758163825&CODE_STATE=getMsg HTTP/1.1" 200 27
61.165.42.208 - - [16/Jan/2021:08:48:51 +0800] "GET /xingrg/kc/buy/cgsh_order_operate.html?command=get_materiel&rest_code=00105&code=00101008105&supplier_code=00100203&order_time=2021-01-16 HTTP/1.1" 200 412
180.156.237.57 - - [16/Jan/2021:08:48:51 +0800] "GET /xingrg/kc/buy/cgsh_order_operate.html?command=get_materiel&rest_code=00150&code=00101008090&supplier_code=00100007&order_time=2021-01-16 HTTP/1.1" 200 409
180.156.237.57 - - [16/Jan/2021:08:48:55 +0800] "GET /xingrg/all/function/internal_message.html?_=1610758134351&CODE_STATE=getMsg HTTP/1.1" 200 27
222.69.132.145 - - [16/Jan/2021:08:48:55 +0800] "GET /xingrg/kc/buy/cgsh_order_operate.html?command=get_materiel&rest_code=00149&code=00101008064&supplier_code=00100005&order_time=2021-01-16 HTTP/1.1" 200 412
61.165.42.208 - - [16/Jan/2021:08:48:58 +0800] "GET /xingrg/kc/buy/cgsh_order_operate.html?command=get_materiel&rest_code=00105&code=00101008119&supplier_code=00100203&order_time=2021-01-16 HTTP/1.1" 200 412
180.156.237.57 - - [16/Jan/2021:08:48:58 +0800] "GET /xingrg/kc/buy/cgsh_order_operate.html?command=get_materiel&rest_code=00150&code=00101015076&supplier_code=00100007&order_time=2021-01-16 HTTP/1.1" 200 416
222.69.132.145 - - [16/Jan/2021:08:49:03 +0800] "GET /xingrg/all/function/internal_message.html?_=1610758133731&CODE_STATE=getMsg HTTP/1.1" 200 27
180.169.147.146 - - [16/Jan/2021:08:49:03 +0800] "GET /xingrg/all/function/internal_message.html?_=1610758141153&CODE_STATE=getMsg HTTP/1.1" 200 27
180.156.237.57 - - [16/Jan/2021:08:49:06 +0800] "GET /xingrg/kc/buy/cgsh_order_operate.html?command=get_materiel&rest_code=00150&code=00101008114&supplier_code=00100007&order_time=2021-01-16 HTTP/1.1" 200 413
61.165.42.208 - - [16/Jan/2021:08:49:07 +0800] "GET /xingrg/kc/buy/cgsh_order_operate.html?command=get_materiel&rest_code=00105&code=00101008197&supplier_code=00100203&order_time=2021-01-16 HTTP/1.1" 200 416
222.69.132.145 - - [16/Jan/2021:08:49:08 +0800] "GET /xingrg/kc/buy/cgsh_order_operate.html?command=get_materiel&rest_code=00149&code=00101008370&supplier_code=00100005&order_time=2021-01-16 HTTP/1.1" 200 412
180.156.237.57 - - [16/Jan/2021:08:49:11 +0800] "POST /xingrg/kc/buy/cgsh_order_operate.html HTTP/1.1" 200 37
180.156.237.57 - - [16/Jan/2021:08:49:12 +0800] "POST /xingrg/kc/buy/cgsh_order_operate.html HTTP/1.1" 200 46457
180.169.147.146 - - [16/Jan/2021:08:49:14 +0800] "GET /xingrg/all/function/internal_message.html?_=1610758160734&CODE_STATE=getMsg HTTP/1.1" 200 27
61.165.42.208 - - [16/Jan/2021:08:49:14 +0800] "GET /xingrg/check_reg.html?_=1610758154703 HTTP/1.1" 200 22
61.165.42.208 - - [16/Jan/2021:08:49:14 +0800] "GET /xingrg/all/function/internal_message.html?_=1610758154703&CODE_STATE=getMsg HTTP/1.1" 200 27
61.165.42.208 - - [16/Jan/2021:08:49:14 +0800] "GET /xingrg/kc/buy/cgsh_order_operate.html?command=get_materiel&rest_code=00105&code=00101015074&supplier_code=00100203&order_time=2021-01-16 HTTP/1.1" 200 408
180.156.237.57 - - [16/Jan/2021:08:49:16 +0800] "GET /xingrg/all/function/internal_message.html?_=1610758138093&CODE_STATE=getMsg HTTP/1.1" 200 27
180.156.237.57 - - [16/Jan/2021:08:49:20 +0800] "GET /xingrg/kc/buy/cgsh_order_operate.html?command=get_materiel&rest_code=00150&code=00101008061&supplier_code=00100007&order_time=2021-01-16 HTTP/1.1" 200 422
120.253.135.82 - - [16/Jan/2021:08:49:28 +0800] "GET /xingrg/all/function/internal_message.html?_=1610758272863&CODE_STATE=getMsg HTTP/1.1" 200 27
120.253.135.82 - - [16/Jan/2021:08:49:29 +0800] "GET /xingrg/all/function/internal_message.html?_=1610757926043&CODE_STATE=getMsg HTTP/1.1" 200 27
120.253.135.82 - - [16/Jan/2021:08:49:34 +0800] "GET /xingrg/all/function/internal_message.html?_=1610758201963&CODE_STATE=getMsg HTTP/1.1" 200 27
222.69.132.145 - - [16/Jan/2021:08:49:34 +0800] "GET /xingrg/kc/buy/cgsh_order_operate.html?command=get_materiel&rest_code=00149&code=00101008087&supplier_code=00100005&order_time=2021-01-16 HTTP/1.1" 200 412
180.156.237.57 - - [16/Jan/2021:08:49:37 +0800] "GET /xingrg/kc/buy/cgsh_order_operate.html?command=get_materiel&rest_code=00150&code=00101020152&supplier_code=00100007&order_time=2021-01-16 HTTP/1.1" 200 416
58.37.230.33 - - [16/Jan/2021:08:49:41 +0800] "GET /xingrg/all/function/internal_message.html?_=1610758165139&CODE_STATE=getMsg HTTP/1.1" 200 27
117.185.32.26 - - [16/Jan/2021:08:49:41 +0800] "GET /xingrg/all/function/internal_message.html?_=1610758175674&CODE_STATE=getMsg HTTP/1.1" 200 27
172.20.0.100 - - [16/Jan/2021:08:49:43 +0800] "GET /xingrg/all/function/internal_message.html?_=1610758177741&CODE_STATE=getMsg HTTP/1.1" 302 -
120.253.135.82 - - [16/Jan/2021:08:49:44 +0800] "GET /xingrg/check_reg.html?_=1610758289029 HTTP/1.1" 200 22
222.69.132.145 - - [16/Jan/2021:08:49:44 +0800] "POST /xingrg/kc/buy/cgsh_order_operate.html HTTP/1.1" 200 2065
61.165.42.208 - - [16/Jan/2021:08:49:45 +0800] "GET /xingrg/kc/buy/cgsh_order_operate.html?command=get_materiel&rest_code=00105&code=00101008274&supplier_code=00100203&order_time=2021-01-16 HTTP/1.1" 200 412
180.156.237.57 - - [16/Jan/2021:08:49:45 +0800] "GET /xingrg/kc/buy/cgsh_order_operate.html?command=get_materiel&rest_code=00150&code=00101015038&supplier_code=00100007&order_time=2021-01-16 HTTP/1.1" 200 419
58.40.7.146 - - [16/Jan/2021:08:49:48 +0800] "GET /xingrg/all/function/internal_message.html?_=1610758185479&CODE_STATE=getMsg HTTP/1.1" 200 27
218.81.223.240 - - [16/Jan/2021:08:49:49 +0800] "GET /xingrg/check_reg.html?_=1610758222862 HTTP/1.1" 200 22
180.156.237.57 - - [16/Jan/2021:08:49:50 +0800] "POST /xingrg/kc/buy/cgsh_order_operate.html HTTP/1.1" 200 37
218.81.223.240 - - [16/Jan/2021:08:49:50 +0800] "GET /xingrg/all/function/internal_message.html?_=1610758223837&CODE_STATE=getMsg HTTP/1.1" 200 27
180.156.237.57 - - [16/Jan/2021:08:49:51 +0800] "POST /xingrg/kc/buy/cgsh_order_operate.html HTTP/1.1" 200 49434
222.69.132.145 - - [16/Jan/2021:08:49:52 +0800] "GET /xingrg/kc/buy/cgsh_order_operate.html?command=get_materiel&rest_code=00149&code=00101008361&supplier_code=00100005&order_time=2021-01-16 HTTP/1.1" 200 408
61.165.42.208 - - [16/Jan/2021:08:49:52 +0800] "GET /xingrg/kc/buy/cgsh_order_operate.html?command=get_materiel&rest_code=00105&code=00101008302&supplier_code=00100203&order_time=2021-01-16 HTTP/1.1" 200 412
180.156.237.57 - - [16/Jan/2021:08:49:55 +0800] "GET /xingrg/all/function/internal_message.html?_=1610758194340&CODE_STATE=getMsg HTTP/1.1" 200 27
180.156.237.57 - - [16/Jan/2021:08:49:59 +0800] "GET /xingrg/kc/buy/cgsh_order_operate.html?command=get_materiel&rest_code=00150&code=00101008102&supplier_code=00100007&order_time=2021-01-16 HTTP/1.1" 200 413
61.165.42.208 - - [16/Jan/2021:08:50:02 +0800] "POST /xingrg/kc/buy/cgsh_order_operate.html HTTP/1.1" 200 2065
222.69.132.145 - - [16/Jan/2021:08:50:03 +0800] "GET /xingrg/all/function/internal_message.html?_=1610758193714&CODE_STATE=getMsg HTTP/1.1" 200 27
222.69.132.145 - - [16/Jan/2021:08:50:03 +0800] "GET /xingrg/check_reg.html?_=1610758193721 HTTP/1.1" 200 22
180.169.147.146 - - [16/Jan/2021:08:50:03 +0800] "GET /xingrg/all/function/internal_message.html?_=1610758201143&CODE_STATE=getMsg HTTP/1.1" 200 27
61.165.42.208 - - [16/Jan/2021:08:50:04 +0800] "POST /xingrg/kc/buy/cgsh_order_operate.html HTTP/1.1" 200 2065
180.156.237.57 - - [16/Jan/2021:08:50:05 +0800] "GET /xingrg/kc/buy/cgsh_order_operate.html?command=get_materiel&rest_code=00150&code=00101008123&supplier_code=00100007&order_time=2021-01-16 HTTP/1.1" 200 413
61.165.42.208 - - [16/Jan/2021:08:50:10 +0800] "GET /xingrg/kc/buy/cgsh_order_operate.html?command=get_materiel&rest_code=00105&code=00101008330&supplier_code=00100203&order_time=2021-01-16 HTTP/1.1" 200 408
180.156.237.57 - - [16/Jan/2021:08:50:12 +0800] "GET /xingrg/kc/buy/cgsh_order_operate.html?command=get_materiel&rest_code=00150&code=00101008168&supplier_code=00100007&order_time=2021-01-16 HTTP/1.1" 200 413
61.165.42.208 - - [16/Jan/2021:08:50:14 +0800] "GET /xingrg/all/function/internal_message.html?_=1610758214676&CODE_STATE=getMsg HTTP/1.1" 200 27
180.169.147.146 - - [16/Jan/2021:08:50:14 +0800] "GET /xingrg/all/function/internal_message.html?_=1610758220737&CODE_STATE=getMsg HTTP/1.1" 200 27
222.69.132.145 - - [16/Jan/2021:08:50:14 +0800] "GET /xingrg/kc/buy/cgsh_order_operate.html?command=get_materiel&rest_code=00149&code=00101008355&supplier_code=00100005&order_time=2021-01-16 HTTP/1.1" 200 408
180.156.237.57 - - [16/Jan/2021:08:50:16 +0800] "GET /xingrg/all/function/internal_message.html?_=1610758198097&CODE_STATE=getMsg HTTP/1.1" 200 27
180.156.237.57 - - [16/Jan/2021:08:50:20 +0800] "POST /xingrg/kc/buy/cgsh_order_operate.html HTTP/1.1" 200 37
61.165.42.208 - - [16/Jan/2021:08:50:20 +0800] "GET /xingrg/kc/buy/cgsh_order_operate.html?command=get_materiel&rest_code=00105&code=00101008027&supplier_code=00100203&order_time=2021-01-16 HTTP/1.1" 200 23
180.156.237.57 - - [16/Jan/2021:08:50:21 +0800] "POST /xingrg/kc/buy/cgsh_order_operate.html HTTP/1.1" 200 51211
61.165.42.208 - - [16/Jan/2021:08:50:27 +0800] "POST /xingrg/kc/buy/cgsh_order_operate.html HTTP/1.1" 200 37
120.253.135.82 - - [16/Jan/2021:08:50:28 +0800] "GET /xingrg/all/function/internal_message.html?_=1610758332865&CODE_STATE=getMsg HTTP/1.1" 200 27
61.165.42.208 - - [16/Jan/2021:08:50:28 +0800] "POST /xingrg/kc/buy/cgsh_order_operate.html HTTP/1.1" 200 23925
120.253.135.82 - - [16/Jan/2021:08:50:29 +0800] "GET /xingrg/check_reg.html?_=1610757985815 HTTP/1.1" 200 22
120.253.135.82 - - [16/Jan/2021:08:50:29 +0800] "GET /xingrg/all/function/internal_message.html?_=1610757986057&CODE_STATE=getMsg HTTP/1.1" 200 27
61.165.42.208 - - [16/Jan/2021:08:50:30 +0800] "GET /xingrg/index.html?sysBaseUrl=http%3A%2F%2F180.169.147.146%3A18081%2Fxingrg%2F&costTime=36×tamp=1585222720700 HTTP/1.1" 200 17173
61.165.42.208 - - [16/Jan/2021:08:50:30 +0800] "POST /xingrg/all/common/load_tree.html?tree=area_rest_tree_json&manage=1 HTTP/1.1" 200 3344
61.165.42.208 - - [16/Jan/2021:08:50:30 +0800] "GET /favicon.ico HTTP/1.1" 404 -
61.165.42.208 - - [16/Jan/2021:08:50:30 +0800] "GET /xingrg/check_reg.html?_=1610758231061 HTTP/1.1" 200 22
61.165.42.208 - - [16/Jan/2021:08:50:30 +0800] "GET /xingrg/all/function/internal_message.html?_=1610758231060&CODE_STATE=count HTTP/1.1" 200 11
61.165.42.208 - - [16/Jan/2021:08:50:31 +0800] "POST /xingrg/load_menu.html HTTP/1.1" 200 5138
120.253.135.82 - - [16/Jan/2021:08:50:34 +0800] "GET /xingrg/all/function/internal_message.html?_=1610758262017&CODE_STATE=getMsg HTTP/1.1" 200 27
61.165.42.208 - - [16/Jan/2021:08:50:34 +0800] "GET /xingrg/kc/buy/cgsh_order_list.html HTTP/1.1" 200 46148
61.165.42.208 - - [16/Jan/2021:08:50:35 +0800] "POST /xingrg/kc/buy/cgsh_list_operate.html HTTP/1.1" 200 1681
61.165.42.208 - - [16/Jan/2021:08:50:37 +0800] "POST /xingrg/kc/buy/cgsh_list_operate.html HTTP/1.1" 200 577
61.165.42.208 - - [16/Jan/2021:08:50:37 +0800] "GET /xingrg/kc/buy/cgsh_order_info.html?code=212021011606909 HTTP/1.1" 200 61936
61.165.42.208 - - [16/Jan/2021:08:50:38 +0800] "GET /xingrg/all/common/auto_word.html?type=employee&rest_code=00105 HTTP/1.1" 200 193
61.165.42.208 - - [16/Jan/2021:08:50:38 +0800] "GET /xingrg/all/common/auto_word.html?type=employee&rest_code=00105 HTTP/1.1" 200 193
61.165.42.208 - - [16/Jan/2021:08:50:38 +0800] "GET /xingrg/javascript/easyui/themes/default/validatebox.css HTTP/1.1" 404 1104
61.165.42.208 - - [16/Jan/2021:08:50:38 +0800] "POST /xingrg/kc/buy/cgsh_order_operate.html HTTP/1.1" 200 23925
58.37.230.33 - - [16/Jan/2021:08:50:41 +0800] "GET /xingrg/all/function/internal_message.html?_=1610758225107&CODE_STATE=getMsg HTTP/1.1" 200 27
117.185.32.26 - - [16/Jan/2021:08:50:41 +0800] "GET /xingrg/all/function/internal_message.html?_=1610758235675&CODE_STATE=getMsg HTTP/1.1" 200 27
61.165.42.208 - - [16/Jan/2021:08:50:42 +0800] "POST /xingrg/kc/buy/cgsh_order_operate.html HTTP/1.1" 200 2065
172.20.0.100 - - [16/Jan/2021:08:50:43 +0800] "GET /xingrg/all/function/internal_message.html?_=1610758237732&CODE_STATE=getMsg HTTP/1.1" 302 -
61.165.42.208 - - [16/Jan/2021:08:50:44 +0800] "POST /xingrg/kc/buy/cgsh_order_operate.html HTTP/1.1" 200 2065
180.156.237.57 - - [16/Jan/2021:08:50:45 +0800] "GET /xingrg/kc/buy/cgsh_order_add.html HTTP/1.1" 200 61822
180.156.237.57 - - [16/Jan/2021:08:50:45 +0800] "POST /xingrg/kc/buy/cgsh_order_operate.html HTTP/1.1" 200 8245
180.156.237.57 - - [16/Jan/2021:08:50:46 +0800] "GET /xingrg/javascript/easyui/themes/default/validatebox.css HTTP/1.1" 404 1104
61.165.42.208 - - [16/Jan/2021:08:50:46 +0800] "GET /xingrg/javascript/auto/indicator.gif HTTP/1.1" 404 1066
58.40.7.146 - - [16/Jan/2021:08:50:48 +0800] "GET /xingrg/check_reg.html?_=1610758245480 HTTP/1.1" 200 22
58.40.7.146 - - [16/Jan/2021:08:50:48 +0800] "GET /xingrg/all/function/internal_message.html?_=1610758245482&CODE_STATE=getMsg HTTP/1.1" 200 27
218.81.223.240 - - [16/Jan/2021:08:50:50 +0800] "GET /xingrg/all/function/internal_message.html?_=1610758283851&CODE_STATE=getMsg HTTP/1.1" 200 27
222.69.132.145 - - [16/Jan/2021:08:50:51 +0800] "GET /xingrg/kc/buy/cgsh_order_operate.html?command=get_materiel&rest_code=00149&code=00101008264&supplier_code=00100005&order_time=2021-01-16 HTTP/1.1" 200 412
180.156.237.57 - - [16/Jan/2021:08:50:55 +0800] "GET /xingrg/all/function/internal_message.html?_=1610758254324&CODE_STATE=getMsg HTTP/1.1" 200 27
218.81.223.240 - - [16/Jan/2021:08:50:56 +0800] "GET /xingrg/kc/buy/cgsh_order_list.html HTTP/1.1" 200 46154
61.165.42.208 - - [16/Jan/2021:08:50:56 +0800] "GET /xingrg/kc/buy/cgsh_order_operate.html?command=get_materiel&rest_code=00105&code=00101008027&supplier_code=00100203&order_time=2021-01-16 HTTP/1.1" 200 409
218.81.223.240 - - [16/Jan/2021:08:50:56 +0800] "POST /xingrg/kc/buy/cgsh_list_operate.html HTTP/1.1" 200 876
218.81.223.240 - - [16/Jan/2021:08:50:58 +0800] "GET /xingrg/kc/buy/cgsh_order_add.html HTTP/1.1" 200 61892
218.81.223.240 - - [16/Jan/2021:08:50:58 +0800] "GET /xingrg/javascript/convert.js HTTP/1.1" 304 -
218.81.223.240 - - [16/Jan/2021:08:50:58 +0800] "GET /xingrg/javascript/jquery_tools/order_manager.js HTTP/1.1" 304 -
218.81.223.240 - - [16/Jan/2021:08:50:58 +0800] "GET /xingrg/javascript/json2.js HTTP/1.1" 304 -
218.81.223.240 - - [16/Jan/2021:08:50:58 +0800] "POST /xingrg/kc/buy/cgsh_order_operate.html HTTP/1.1" 200 8245
218.81.223.240 - - [16/Jan/2021:08:50:58 +0800] "GET /xingrg/javascript/easyui/themes/icons/edit_remove.png HTTP/1.1" 304 -
218.81.223.240 - - [16/Jan/2021:08:50:58 +0800] "GET /xingrg/all/common/auto_word.html?type=employee&rest_code=00146 HTTP/1.1" 200 147
218.81.223.240 - - [16/Jan/2021:08:50:58 +0800] "GET /xingrg/all/common/auto_word.html?type=employee&rest_code=00146 HTTP/1.1" 200 147
218.81.223.240 - - [16/Jan/2021:08:50:58 +0800] "GET /xingrg/javascript/easyui/themes/default/validatebox.css HTTP/1.1" 404 1104
218.81.223.240 - - [16/Jan/2021:08:50:58 +0800] "GET /xingrg/javascript/easyui/plugins/jquery.validatebox.js HTTP/1.1" 304 -
218.81.223.240 - - [16/Jan/2021:08:50:58 +0800] "GET /xingrg/javascript/easyui/plugins/jquery.numberbox.js HTTP/1.1" 304 -
117.185.32.26 - - [16/Jan/2021:08:51:03 +0800] "GET /xingrg/check_reg.html?_=1610758256996 HTTP/1.1" 200 22
222.69.132.145 - - [16/Jan/2021:08:51:03 +0800] "GET /xingrg/all/function/internal_message.html?_=1610758253720&CODE_STATE=getMsg HTTP/1.1" 200 27
218.81.223.240 - - [16/Jan/2021:08:51:03 +0800] "GET /xingrg/javascript/auto/indicator.gif HTTP/1.1" 404 1066
180.169.147.146 - - [16/Jan/2021:08:51:03 +0800] "GET /xingrg/all/function/internal_message.html?_=1610758261148&CODE_STATE=getMsg HTTP/1.1" 200 27
180.169.147.146 - - [16/Jan/2021:08:51:03 +0800] "GET /xingrg/check_reg.html?_=1610758261152 HTTP/1.1" 200 22
61.165.42.208 - - [16/Jan/2021:08:51:05 +0800] "GET /xingrg/kc/buy/cgsh_order_operate.html?command=get_materiel&rest_code=00105&code=00101008257&supplier_code=00100203&order_time=2021-01-16 HTTP/1.1" 200 416
218.81.223.240 - - [16/Jan/2021:08:51:07 +0800] "GET /xingrg/kc/buy/cgsh_order_operate.html?command=get_materiel&rest_code=00146&code=00101006111&supplier_code=&order_time=2021-01-16 HTTP/1.1" 200 409
222.69.132.145 - - [16/Jan/2021:08:51:07 +0800] "GET /xingrg/kc/buy/cgsh_order_operate.html?command=get_materiel&rest_code=00149&code=00101008356&supplier_code=00100005&order_time=2021-01-16 HTTP/1.1" 200 408
120.253.135.82 - - [16/Jan/2021:08:51:11 +0800] "GET /xingrg/check_reg.html?_=1610758299905 HTTP/1.1" 200 22
180.169.147.146 - - [16/Jan/2021:08:51:14 +0800] "GET /xingrg/all/function/internal_message.html?_=1610758280746&CODE_STATE=getMsg HTTP/1.1" 200 27
180.169.147.146 - - [16/Jan/2021:08:51:14 +0800] "GET /xingrg/check_reg.html?_=1610758280749 HTTP/1.1" 200 22
180.156.237.57 - - [16/Jan/2021:08:51:16 +0800] "GET /xingrg/all/function/internal_message.html?_=1610758258111&CODE_STATE=getMsg HTTP/1.1" 200 27
180.156.237.57 - - [16/Jan/2021:08:51:21 +0800] "GET /xingrg/kc/buy/cgsh_order_operate.html?command=get_materiel&rest_code=00150&code=00101006229&supplier_code=00100096&order_time=2021-01-16 HTTP/1.1" 200 412
222.69.132.145 - - [16/Jan/2021:08:51:25 +0800] "POST /xingrg/kc/buy/cgsh_order_operate.html HTTP/1.1" 200 2065
120.253.135.82 - - [16/Jan/2021:08:51:28 +0800] "GET /xingrg/all/function/internal_message.html?_=1610758392879&CODE_STATE=getMsg HTTP/1.1" 200 27
120.253.135.82 - - [16/Jan/2021:08:51:29 +0800] "GET /xingrg/all/function/internal_message.html?_=1610758046070&CODE_STATE=getMsg HTTP/1.1" 200 27
61.165.42.208 - - [16/Jan/2021:08:51:31 +0800] "GET /xingrg/all/function/internal_message.html?_=1610758291109&CODE_STATE=getMsg HTTP/1.1" 200 27
120.253.135.82 - - [16/Jan/2021:08:51:34 +0800] "GET /xingrg/all/function/internal_message.html?_=1610758322021&CODE_STATE=getMsg HTTP/1.1" 200 27
180.156.237.57 - - [16/Jan/2021:08:51:35 +0800] "GET /xingrg/kc/buy/cgsh_order_operate.html?command=get_materiel&rest_code=00150&code=00101006065&supplier_code=00100096&order_time=2021-01-16 HTTP/1.1" 200 411
222.69.132.145 - - [16/Jan/2021:08:51:37 +0800] "GET /xingrg/kc/buy/cgsh_order_operate.html?command=get_materiel&rest_code=00149&code=00101015004&supplier_code=00100005&order_time=2021-01-16 HTTP/1.1" 200 408
61.165.42.208 - - [16/Jan/2021:08:51:40 +0800] "GET /xingrg/kc/buy/cgsh_order_operate.html?command=get_materiel&rest_code=00105&code=00101008112&supplier_code=00100203&order_time=2021-01-16 HTTP/1.1" 200 412
58.37.230.33 - - [16/Jan/2021:08:51:41 +0800] "GET /xingrg/all/function/internal_message.html?_=1610758285080&CODE_STATE=getMsg HTTP/1.1" 200 27
117.185.32.26 - - [16/Jan/2021:08:51:41 +0800] "GET /xingrg/all/function/internal_message.html?_=1610758295673&CODE_STATE=getMsg HTTP/1.1" 200 27
172.20.0.100 - - [16/Jan/2021:08:51:43 +0800] "GET /xingrg/all/function/internal_message.html?_=1610758297735&CODE_STATE=getMsg HTTP/1.1" 302 -
180.156.237.57 - - [16/Jan/2021:08:51:46 +0800] "GET /xingrg/kc/buy/cgsh_order_operate.html?command=get_materiel&rest_code=00150&code=00101006184&supplier_code=00100096&order_time=2021-01-16 HTTP/1.1" 200 408
58.40.7.146 - - [16/Jan/2021:08:51:48 +0800] "GET /xingrg/all/function/internal_message.html?_=1610758305469&CODE_STATE=getMsg HTTP/1.1" 200 27
218.81.223.240 - - [16/Jan/2021:08:51:50 +0800] "GET /xingrg/all/function/internal_message.html?_=1610758343865&CODE_STATE=getMsg HTTP/1.1" 200 27
61.165.42.208 - - [16/Jan/2021:08:51:53 +0800] "GET /xingrg/kc/buy/cgsh_order_operate.html?command=get_materiel&rest_code=00105&code=00101008354&supplier_code=00100203&order_time=2021-01-16 HTTP/1.1" 200 412
180.156.237.57 - - [16/Jan/2021:08:51:54 +0800] "GET /xingrg/kc/buy/cgsh_order_operate.html?command=get_materiel&rest_code=00150&code=00101006055&supplier_code=00100096&order_time=2021-01-16 HTTP/1.1" 200 409
180.156.237.57 - - [16/Jan/2021:08:51:55 +0800] "GET /xingrg/all/function/internal_message.html?_=1610758314308&CODE_STATE=getMsg HTTP/1.1" 200 27
58.37.230.33 - - [16/Jan/2021:08:51:59 +0800] "GET /xingrg/check_reg.html?_=1610758303468 HTTP/1.1" 200 22
222.69.132.145 - - [16/Jan/2021:08:52:01 +0800] "GET /xingrg/kc/buy/cgsh_order_operate.html?command=get_materiel&rest_code=00149&code=00101008059&supplier_code=00100005&order_time=2021-01-16 HTTP/1.1" 200 408
222.69.132.145 - - [16/Jan/2021:08:52:03 +0800] "GET /xingrg/all/function/internal_message.html?_=1610758313714&CODE_STATE=getMsg HTTP/1.1" 200 27
180.156.237.57 - - [16/Jan/2021:08:52:03 +0800] "GET /xingrg/kc/buy/cgsh_order_operate.html?command=get_materiel&rest_code=00150&code=00101006131&supplier_code=00100096&order_time=2021-01-16 HTTP/1.1" 200 417
180.169.147.146 - - [16/Jan/2021:08:52:03 +0800] "GET /xingrg/all/function/internal_message.html?_=1610758321140&CODE_STATE=getMsg HTTP/1.1" 200 27
61.165.42.208 - - [16/Jan/2021:08:52:08 +0800] "GET /xingrg/kc/buy/cgsh_order_operate.html?command=get_materiel&rest_code=00105&code=00101008351&supplier_code=00100203&order_time=2021-01-16 HTTP/1.1" 200 408
222.69.132.145 - - [16/Jan/2021:08:52:12 +0800] "GET /xingrg/kc/buy/cgsh_order_operate.html?command=get_materiel&rest_code=00149&code=00101008223&supplier_code=00100005&order_time=2021-01-16 HTTP/1.1" 200 412
180.156.237.57 - - [16/Jan/2021:08:52:12 +0800] "GET /xingrg/check_reg.html?_=1610758331622 HTTP/1.1" 200 22
180.169.147.146 - - [16/Jan/2021:08:52:14 +0800] "GET /xingrg/all/function/internal_message.html?_=1610758340749&CODE_STATE=getMsg HTTP/1.1" 200 27
180.156.237.57 - - [16/Jan/2021:08:52:15 +0800] "GET /xingrg/kc/buy/cgsh_order_operate.html?command=get_materiel&rest_code=00150&code=00101006111&supplier_code=00100096&order_time=2021-01-16 HTTP/1.1" 200 411
180.156.237.57 - - [16/Jan/2021:08:52:15 +0800] "GET /xingrg/check_reg.html?_=1610758317597 HTTP/1.1" 200 22
61.165.42.208 - - [16/Jan/2021:08:52:15 +0800] "GET /xingrg/kc/buy/cgsh_order_operate.html?command=get_materiel&rest_code=00105&code=00101008186&supplier_code=00100203&order_time=2021-01-16 HTTP/1.1" 200 408
180.156.237.57 - - [16/Jan/2021:08:52:16 +0800] "GET /xingrg/all/function/internal_message.html?_=1610758318124&CODE_STATE=getMsg HTTP/1.1" 200 27
120.253.135.82 - - [16/Jan/2021:08:52:18 +0800] "GET /xingrg/javascript/easyui/themes/default/images/button_plain_hover.png HTTP/1.1" 304 -
120.253.135.82 - - [16/Jan/2021:08:52:21 +0800] "GET /xingrg/kc/pszx/mdps_order_add.html HTTP/1.1" 200 29131
120.253.135.82 - - [16/Jan/2021:08:52:22 +0800] "POST /xingrg/kc/pszx/mdps_order_operate.html HTTP/1.1" 200 7126
120.253.135.82 - - [16/Jan/2021:08:52:22 +0800] "GET /xingrg/javascript/easyui/themes/default/validatebox.css HTTP/1.1" 404 1104
61.165.42.208 - - [16/Jan/2021:08:52:22 +0800] "GET /xingrg/kc/buy/cgsh_order_operate.html?command=get_materiel&rest_code=00105&code=00101008096&supplier_code=00100203&order_time=2021-01-16 HTTP/1.1" 200 413
120.253.135.82 - - [16/Jan/2021:08:52:28 +0800] "GET /xingrg/all/function/internal_message.html?_=1610758452904&CODE_STATE=getMsg HTTP/1.1" 200 27
