180.175.150.119 - - [15/Jan/2021:09:51:42 +0800] "GET /xingrg/dwr/interface/AjaxReportQueryService.js HTTP/1.1" 200 13203
180.175.150.119 - - [15/Jan/2021:09:51:42 +0800] "GET /xingrg/dwr/engine.js HTTP/1.1" 200 43631
180.156.237.57 - - [15/Jan/2021:09:51:42 +0800] "POST /xingrg/kc/buy/cgsh_list_operate.html HTTP/1.1" 200 2052
180.175.150.119 - - [15/Jan/2021:09:51:43 +0800] "GET /xingrg/kc/mdqp/qqps_order_info.html?code=302020042500248 HTTP/1.1" 200 26468
180.175.150.119 - - [15/Jan/2021:09:51:43 +0800] "GET /xingrg/dwr/interface/AjaxComOrderService.js HTTP/1.1" 200 18264
180.175.150.119 - - [15/Jan/2021:09:51:43 +0800] "GET /xingrg/dwr/interface/AjaxQqpsService.js HTTP/1.1" 200 16326
180.175.150.119 - - [15/Jan/2021:09:51:43 +0800] "GET /xingrg/dwr/engine.js HTTP/1.1" 200 43631
180.175.150.119 - - [15/Jan/2021:09:51:44 +0800] "POST /xingrg/dwr/call/plaincall/AjaxQqpsService.loadMaterielItems.dwr HTTP/1.1" 200 3850
222.70.179.222 - - [15/Jan/2021:09:51:45 +0800] "GET /xingrg/kc/buy/cgsh_order_operate.html?command=get_materiel&rest_code=00111&code=00101011005&supplier_code=00100012&order_time=2021-01-15 HTTP/1.1" 200 428
180.156.237.57 - - [15/Jan/2021:09:51:45 +0800] "GET /xingrg/kc/buy/cgsh_order_list.html HTTP/1.1" 200 46085
180.175.150.119 - - [15/Jan/2021:09:51:45 +0800] "GET /xingrg/images/yd/bt.gif HTTP/1.1" 404 1040
180.156.237.57 - - [15/Jan/2021:09:51:45 +0800] "GET /favicon.ico HTTP/1.1" 404 -
116.228.172.94 - - [15/Jan/2021:09:51:46 +0800] "POST /xingrg/kc/buy/cgsh_order_operate.html HTTP/1.1" 200 2065
222.69.133.109 - - [15/Jan/2021:09:51:46 +0800] "GET /xingrg/kc/base/wldb_order_operate.html?command=get_materiel&rest_code=00154&base_code=0010727&code=00101010290 HTTP/1.1" 200 445
180.175.150.119 - - [15/Jan/2021:09:51:46 +0800] "GET /xingrg/kc/mdqp/qqps_order_list.html?isBack=1 HTTP/1.1" 302 -
180.175.150.119 - - [15/Jan/2021:09:51:47 +0800] "GET /xingrg/kc/mdqp/qqps_order_list.html?isQuery=1&timeSelect=1&orderTime=day&startTime=2020-04-01&endTime=2020-04-30&state=all&query=%C8%B7++%B6%A8 HTTP/1.1" 200 15783
180.156.237.57 - - [15/Jan/2021:09:51:47 +0800] "POST /xingrg/kc/buy/cgsh_list_operate.html HTTP/1.1" 200 2052
180.175.150.119 - - [15/Jan/2021:09:51:47 +0800] "GET /xingrg/dwr/interface/AjaxQqpsService.js HTTP/1.1" 200 16326
180.175.150.119 - - [15/Jan/2021:09:51:47 +0800] "GET /xingrg/dwr/engine.js HTTP/1.1" 200 43631
180.175.150.119 - - [15/Jan/2021:09:51:47 +0800] "GET /xingrg/dwr/interface/AjaxReportQueryService.js HTTP/1.1" 200 13203
58.40.7.146 - - [15/Jan/2021:09:51:47 +0800] "GET /xingrg/all/function/internal_message.html?_=1610675504372&CODE_STATE=getMsg HTTP/1.1" 200 27
222.70.179.222 - - [15/Jan/2021:09:51:47 +0800] "GET /xingrg/all/function/internal_message.html?_=1610675502757&CODE_STATE=getMsg HTTP/1.1" 200 27
180.175.150.119 - - [15/Jan/2021:09:51:48 +0800] "GET /xingrg/kc/mdqp/qqps_order_info.html?code=302020042500252 HTTP/1.1" 200 26468
180.175.150.119 - - [15/Jan/2021:09:51:48 +0800] "GET /xingrg/dwr/interface/AjaxComOrderService.js HTTP/1.1" 200 18264
180.175.150.119 - - [15/Jan/2021:09:51:48 +0800] "GET /xingrg/dwr/interface/AjaxQqpsService.js HTTP/1.1" 200 16326
180.175.150.119 - - [15/Jan/2021:09:51:48 +0800] "GET /xingrg/dwr/engine.js HTTP/1.1" 200 43631
180.175.150.119 - - [15/Jan/2021:09:51:49 +0800] "POST /xingrg/dwr/call/plaincall/AjaxQqpsService.loadMaterielItems.dwr HTTP/1.1" 200 2082
180.156.237.57 - - [15/Jan/2021:09:51:49 +0800] "GET /xingrg/all/function/internal_message.html?_=1610675509410&CODE_STATE=getMsg HTTP/1.1" 200 27
180.175.150.119 - - [15/Jan/2021:09:51:51 +0800] "GET /xingrg/kc/mdqp/qqps_order_list.html?isBack=1 HTTP/1.1" 302 -
180.175.150.119 - - [15/Jan/2021:09:51:51 +0800] "GET /xingrg/kc/mdqp/qqps_order_list.html?isQuery=1&timeSelect=1&orderTime=day&startTime=2020-04-01&endTime=2020-04-30&state=all&query=%C8%B7++%B6%A8 HTTP/1.1" 200 15783
180.175.150.119 - - [15/Jan/2021:09:51:51 +0800] "GET /xingrg/dwr/interface/AjaxQqpsService.js HTTP/1.1" 200 16326
180.175.150.119 - - [15/Jan/2021:09:51:51 +0800] "GET /xingrg/dwr/interface/AjaxReportQueryService.js HTTP/1.1" 200 13203
180.175.150.119 - - [15/Jan/2021:09:51:51 +0800] "GET /xingrg/dwr/engine.js HTTP/1.1" 200 43631
180.175.150.119 - - [15/Jan/2021:09:51:52 +0800] "GET /xingrg/kc/mdqp/qqps_order_info.html?code=302020043000306 HTTP/1.1" 200 26468
180.175.150.119 - - [15/Jan/2021:09:51:52 +0800] "GET /xingrg/dwr/interface/AjaxComOrderService.js HTTP/1.1" 200 18264
180.175.150.119 - - [15/Jan/2021:09:51:52 +0800] "GET /xingrg/dwr/interface/AjaxQqpsService.js HTTP/1.1" 200 16326
180.175.150.119 - - [15/Jan/2021:09:51:52 +0800] "GET /xingrg/dwr/engine.js HTTP/1.1" 200 43631
180.175.150.119 - - [15/Jan/2021:09:51:53 +0800] "GET /xingrg/all/function/internal_message.html?_=1610675751235&CODE_STATE=getMsg HTTP/1.1" 200 27
180.175.150.119 - - [15/Jan/2021:09:51:53 +0800] "POST /xingrg/dwr/call/plaincall/AjaxQqpsService.loadMaterielItems.dwr HTTP/1.1" 200 587
180.175.150.119 - - [15/Jan/2021:09:51:54 +0800] "GET /xingrg/kc/mdqp/qqps_order_list.html?isBack=1 HTTP/1.1" 302 -
180.175.150.119 - - [15/Jan/2021:09:51:54 +0800] "GET /xingrg/kc/mdqp/qqps_order_list.html?isQuery=1&timeSelect=1&orderTime=day&startTime=2020-04-01&endTime=2020-04-30&state=all&query=%C8%B7++%B6%A8 HTTP/1.1" 200 15783
180.175.150.119 - - [15/Jan/2021:09:51:54 +0800] "GET /xingrg/dwr/interface/AjaxQqpsService.js HTTP/1.1" 200 16326
180.175.150.119 - - [15/Jan/2021:09:51:54 +0800] "GET /xingrg/dwr/interface/AjaxReportQueryService.js HTTP/1.1" 200 13203
180.175.150.119 - - [15/Jan/2021:09:51:54 +0800] "GET /xingrg/dwr/engine.js HTTP/1.1" 200 43631
101.85.93.83 - - [15/Jan/2021:09:51:54 +0800] "GET /xingrg/all/function/internal_message.html?_=1610675174603&CODE_STATE=getMsg HTTP/1.1" 200 27
180.156.237.57 - - [15/Jan/2021:09:51:55 +0800] "GET /xingrg/login.html HTTP/1.1" 200 7641
61.165.42.208 - - [15/Jan/2021:09:51:55 +0800] "GET /xingrg/all/function/internal_message.html?_=1610675495369&CODE_STATE=getMsg HTTP/1.1" 200 27
222.69.129.20 - - [15/Jan/2021:09:51:56 +0800] "GET /xingrg/all/function/internal_message.html?_=1610675508585&CODE_STATE=getMsg HTTP/1.1" 200 27
180.156.237.57 - - [15/Jan/2021:09:51:56 +0800] "GET /favicon.ico HTTP/1.1" 404 -
180.156.237.57 - - [15/Jan/2021:09:52:00 +0800] "GET /xingrg/login.do HTTP/1.1" 302 -
180.156.237.57 - - [15/Jan/2021:09:52:00 +0800] "GET /xingrg/login.html?sysBaseUrl=http%3A%2F%2F180.169.147.146%3A18081%2Fxingrg%2F&costTime=0×tamp=1610675520247 HTTP/1.1" 200 7641
180.156.237.57 - - [15/Jan/2021:09:52:00 +0800] "GET /favicon.ico HTTP/1.1" 404 -
180.156.237.57 - - [15/Jan/2021:09:52:01 +0800] "GET /xingrg/login.do HTTP/1.1" 302 -
180.156.237.57 - - [15/Jan/2021:09:52:01 +0800] "GET /xingrg/login.html?sysBaseUrl=http%3A%2F%2F180.169.147.146%3A18081%2Fxingrg%2F&costTime=0×tamp=1610675521963 HTTP/1.1" 200 7641
180.156.237.57 - - [15/Jan/2021:09:52:02 +0800] "GET /favicon.ico HTTP/1.1" 404 -
120.253.135.82 - - [15/Jan/2021:09:52:03 +0800] "GET /xingrg/check_reg.html?_=1610675280093 HTTP/1.1" 200 22
180.156.237.57 - - [15/Jan/2021:09:52:03 +0800] "GET /xingrg/login.do HTTP/1.1" 302 -
180.156.237.57 - - [15/Jan/2021:09:52:03 +0800] "GET /xingrg/login.html?sysBaseUrl=http%3A%2F%2F180.169.147.146%3A18081%2Fxingrg%2F&costTime=0×tamp=1610675523644 HTTP/1.1" 200 7641
180.156.237.57 - - [15/Jan/2021:09:52:04 +0800] "GET /favicon.ico HTTP/1.1" 404 -
180.156.237.57 - - [15/Jan/2021:09:52:04 +0800] "GET /xingrg/login.do HTTP/1.1" 302 -
180.156.237.57 - - [15/Jan/2021:09:52:04 +0800] "GET /xingrg/login.html?sysBaseUrl=http%3A%2F%2F180.169.147.146%3A18081%2Fxingrg%2F&costTime=0×tamp=1610675524039 HTTP/1.1" 200 7641
180.156.237.57 - - [15/Jan/2021:09:52:04 +0800] "GET /xingrg/login.do HTTP/1.1" 302 -
180.156.237.57 - - [15/Jan/2021:09:52:04 +0800] "GET /xingrg/login.html?sysBaseUrl=http%3A%2F%2F180.169.147.146%3A18081%2Fxingrg%2F&costTime=0×tamp=1610675524090 HTTP/1.1" 200 7641
180.156.237.57 - - [15/Jan/2021:09:52:04 +0800] "GET /favicon.ico HTTP/1.1" 404 -
120.253.135.82 - - [15/Jan/2021:09:52:04 +0800] "GET /xingrg/all/function/internal_message.html?_=1610675281627&CODE_STATE=getMsg HTTP/1.1" 200 27
120.253.135.82 - - [15/Jan/2021:09:52:04 +0800] "GET /xingrg/all/function/internal_message.html?_=1610675631056&CODE_STATE=getMsg HTTP/1.1" 200 27
180.156.237.57 - - [15/Jan/2021:09:52:05 +0800] "GET /favicon.ico HTTP/1.1" 404 -
222.69.133.109 - - [15/Jan/2021:09:52:05 +0800] "GET /xingrg/all/function/internal_message.html?_=1610675523659&CODE_STATE=getMsg HTTP/1.1" 200 27
222.69.133.109 - - [15/Jan/2021:09:52:07 +0800] "GET /xingrg/kc/base/wldb_order_operate.html?command=get_materiel&rest_code=00154&base_code=0010727&code=00101010291 HTTP/1.1" 200 451
180.175.150.119 - - [15/Jan/2021:09:52:08 +0800] "GET /xingrg/kc/mdqp/qqps_order_info.html?code=302020042500247 HTTP/1.1" 200 26468
180.175.150.119 - - [15/Jan/2021:09:52:09 +0800] "GET /xingrg/dwr/interface/AjaxComOrderService.js HTTP/1.1" 200 18264
180.175.150.119 - - [15/Jan/2021:09:52:09 +0800] "GET /xingrg/dwr/interface/AjaxQqpsService.js HTTP/1.1" 200 16326
180.175.150.119 - - [15/Jan/2021:09:52:09 +0800] "GET /xingrg/dwr/engine.js HTTP/1.1" 200 43631
180.175.150.119 - - [15/Jan/2021:09:52:09 +0800] "POST /xingrg/dwr/call/plaincall/AjaxQqpsService.loadMaterielItems.dwr HTTP/1.1" 200 439
180.169.147.146 - - [15/Jan/2021:09:52:10 +0800] "GET /xingrg/all/function/internal_message.html?_=1610675531599&CODE_STATE=getMsg HTTP/1.1" 200 27
180.175.150.119 - - [15/Jan/2021:09:52:11 +0800] "GET /xingrg/kc/mdqp/qqps_order_list.html?isBack=1 HTTP/1.1" 302 -
180.175.150.119 - - [15/Jan/2021:09:52:11 +0800] "GET /xingrg/kc/mdqp/qqps_order_list.html?isQuery=1&timeSelect=1&orderTime=day&startTime=2020-04-01&endTime=2020-04-30&state=all&query=%C8%B7++%B6%A8 HTTP/1.1" 200 15783
180.175.150.119 - - [15/Jan/2021:09:52:11 +0800] "GET /xingrg/dwr/interface/AjaxQqpsService.js HTTP/1.1" 200 16326
180.175.150.119 - - [15/Jan/2021:09:52:11 +0800] "GET /xingrg/dwr/interface/AjaxReportQueryService.js HTTP/1.1" 200 13203
180.175.150.119 - - [15/Jan/2021:09:52:11 +0800] "GET /xingrg/dwr/engine.js HTTP/1.1" 200 43631
116.228.172.94 - - [15/Jan/2021:09:52:17 +0800] "GET /xingrg/all/function/internal_message.html?_=1610675527118&CODE_STATE=getMsg HTTP/1.1" 200 27
222.69.133.109 - - [15/Jan/2021:09:52:19 +0800] "GET /xingrg/kc/base/wldb_order_operate.html?command=get_materiel&rest_code=00154&base_code=0010727&code=00101010294 HTTP/1.1" 200 432
218.81.216.242 - - [15/Jan/2021:09:52:19 +0800] "GET /xingrg/all/function/internal_message.html?_=1610675569501&CODE_STATE=getMsg HTTP/1.1" 200 27
180.175.150.119 - - [15/Jan/2021:09:52:20 +0800] "GET /xingrg/kc/mdqp/qqps_order_info.html?code=302020042000188 HTTP/1.1" 200 26468
180.175.150.119 - - [15/Jan/2021:09:52:20 +0800] "GET /xingrg/dwr/interface/AjaxComOrderService.js HTTP/1.1" 200 18264
180.175.150.119 - - [15/Jan/2021:09:52:20 +0800] "GET /xingrg/dwr/interface/AjaxQqpsService.js HTTP/1.1" 200 16326
180.175.150.119 - - [15/Jan/2021:09:52:20 +0800] "GET /xingrg/dwr/engine.js HTTP/1.1" 200 43631
180.175.150.119 - - [15/Jan/2021:09:52:21 +0800] "POST /xingrg/dwr/call/plaincall/AjaxQqpsService.loadMaterielItems.dwr HTTP/1.1" 200 4892
61.165.42.208 - - [15/Jan/2021:09:52:22 +0800] "GET /xingrg/all/function/internal_message.html?_=1610675544770&CODE_STATE=getMsg HTTP/1.1" 200 27
180.175.150.119 - - [15/Jan/2021:09:52:22 +0800] "GET /xingrg/kc/mdqp/qqps_order_list.html?isBack=1 HTTP/1.1" 302 -
180.175.150.119 - - [15/Jan/2021:09:52:22 +0800] "GET /xingrg/kc/mdqp/qqps_order_list.html?isQuery=1&timeSelect=1&orderTime=day&startTime=2020-04-01&endTime=2020-04-30&state=all&query=%C8%B7++%B6%A8 HTTP/1.1" 200 15783
180.175.150.119 - - [15/Jan/2021:09:52:22 +0800] "GET /xingrg/dwr/interface/AjaxReportQueryService.js HTTP/1.1" 200 13203
180.175.150.119 - - [15/Jan/2021:09:52:22 +0800] "GET /xingrg/dwr/interface/AjaxQqpsService.js HTTP/1.1" 200 16326
180.175.150.119 - - [15/Jan/2021:09:52:22 +0800] "GET /xingrg/dwr/engine.js HTTP/1.1" 200 43631
180.175.150.119 - - [15/Jan/2021:09:52:23 +0800] "GET /xingrg/kc/mdqp/qqps_order_info.html?code=302020042000189 HTTP/1.1" 200 26468
180.175.150.119 - - [15/Jan/2021:09:52:24 +0800] "GET /xingrg/dwr/interface/AjaxComOrderService.js HTTP/1.1" 200 18264
180.175.150.119 - - [15/Jan/2021:09:52:24 +0800] "GET /xingrg/dwr/interface/AjaxQqpsService.js HTTP/1.1" 200 16326
180.175.150.119 - - [15/Jan/2021:09:52:24 +0800] "GET /xingrg/dwr/engine.js HTTP/1.1" 200 43631
180.175.150.119 - - [15/Jan/2021:09:52:24 +0800] "POST /xingrg/dwr/call/plaincall/AjaxQqpsService.loadMaterielItems.dwr HTTP/1.1" 200 355
222.69.133.109 - - [15/Jan/2021:09:52:25 +0800] "POST /xingrg/kc/base/wldb_order_operate.html HTTP/1.1" 200 1710
61.165.42.208 - - [15/Jan/2021:09:52:30 +0800] "GET /xingrg/all/function/internal_message.html?_=1610675550924&CODE_STATE=getMsg HTTP/1.1" 200 27
180.156.237.57 - - [15/Jan/2021:09:52:32 +0800] "GET /xingrg/login.html HTTP/1.1" 200 7641
180.156.237.57 - - [15/Jan/2021:09:52:32 +0800] "GET /xingrg/images/blue/jxLogo.png HTTP/1.1" 304 -
180.156.237.57 - - [15/Jan/2021:09:52:32 +0800] "GET /xingrg/images/blue/login_bg.png HTTP/1.1" 304 -
180.156.237.57 - - [15/Jan/2021:09:52:32 +0800] "GET /xingrg/images/blue/hj.png HTTP/1.1" 304 -
180.156.237.57 - - [15/Jan/2021:09:52:32 +0800] "GET /xingrg/images/blue/srbg.png HTTP/1.1" 304 -
180.175.150.119 - - [15/Jan/2021:09:52:35 +0800] "GET /xingrg/images/yd/bt.gif HTTP/1.1" 404 1040
180.175.150.119 - - [15/Jan/2021:09:52:35 +0800] "GET /xingrg/all/function/internal_message.html?_=1610675553803&CODE_STATE=getMsg HTTP/1.1" 200 27
116.233.74.9 - - [15/Jan/2021:09:52:36 +0800] "GET /xingrg/all/function/internal_message.html?_=1610675553255&CODE_STATE=getMsg HTTP/1.1" 200 27
180.175.150.119 - - [15/Jan/2021:09:52:37 +0800] "GET /xingrg/kc/mdqp/qqps_order_list.html?isBack=1 HTTP/1.1" 302 -
180.175.150.119 - - [15/Jan/2021:09:52:37 +0800] "GET /xingrg/kc/mdqp/qqps_order_list.html?isQuery=1&timeSelect=1&orderTime=day&startTime=2020-04-01&endTime=2020-04-30&state=all&query=%C8%B7++%B6%A8 HTTP/1.1" 200 15783
180.175.150.119 - - [15/Jan/2021:09:52:37 +0800] "GET /xingrg/dwr/interface/AjaxReportQueryService.js HTTP/1.1" 200 13203
180.175.150.119 - - [15/Jan/2021:09:52:37 +0800] "GET /xingrg/dwr/interface/AjaxQqpsService.js HTTP/1.1" 200 16326
180.175.150.119 - - [15/Jan/2021:09:52:37 +0800] "GET /xingrg/dwr/engine.js HTTP/1.1" 200 43631
180.156.237.57 - - [15/Jan/2021:09:52:39 +0800] "GET /xingrg/login.do HTTP/1.1" 302 -
180.156.237.57 - - [15/Jan/2021:09:52:39 +0800] "GET /xingrg/login.html?sysBaseUrl=http%3A%2F%2F180.169.147.146%3A18081%2Fxingrg%2F&costTime=0×tamp=1610675559189 HTTP/1.1" 200 7641
180.156.237.57 - - [15/Jan/2021:09:52:39 +0800] "GET /favicon.ico HTTP/1.1" 404 -
180.175.150.119 - - [15/Jan/2021:09:52:41 +0800] "GET /xingrg/kc/mdqp/qqps_order_info.html?code=302020041300092 HTTP/1.1" 200 26472
180.175.150.119 - - [15/Jan/2021:09:52:41 +0800] "GET /xingrg/dwr/interface/AjaxQqpsService.js HTTP/1.1" 200 16326
180.175.150.119 - - [15/Jan/2021:09:52:41 +0800] "GET /xingrg/dwr/interface/AjaxComOrderService.js HTTP/1.1" 200 18264
180.175.150.119 - - [15/Jan/2021:09:52:41 +0800] "GET /xingrg/dwr/engine.js HTTP/1.1" 200 43631
172.20.0.100 - - [15/Jan/2021:09:52:41 +0800] "GET /xingrg/check_reg.html?_=1610675557735 HTTP/1.1" 302 -
172.20.0.100 - - [15/Jan/2021:09:52:41 +0800] "GET /xingrg/all/function/internal_message.html?_=1610675557736&CODE_STATE=getMsg HTTP/1.1" 302 -
180.175.150.119 - - [15/Jan/2021:09:52:42 +0800] "POST /xingrg/dwr/call/plaincall/AjaxQqpsService.loadMaterielItems.dwr HTTP/1.1" 200 1182
180.175.150.119 - - [15/Jan/2021:09:52:43 +0800] "GET /xingrg/kc/mdqp/qqps_order_list.html?isBack=1 HTTP/1.1" 302 -
180.175.150.119 - - [15/Jan/2021:09:52:44 +0800] "GET /xingrg/dwr/engine.js HTTP/1.1" 200 43631
180.175.150.119 - - [15/Jan/2021:09:52:44 +0800] "GET /xingrg/kc/mdqp/qqps_order_list.html?isQuery=1&timeSelect=1&orderTime=day&startTime=2020-04-01&endTime=2020-04-30&state=all&query=%C8%B7++%B6%A8 HTTP/1.1" 200 15783
180.175.150.119 - - [15/Jan/2021:09:52:44 +0800] "GET /xingrg/dwr/interface/AjaxQqpsService.js HTTP/1.1" 200 16326
180.175.150.119 - - [15/Jan/2021:09:52:44 +0800] "GET /xingrg/dwr/interface/AjaxReportQueryService.js HTTP/1.1" 200 13203
180.175.150.119 - - [15/Jan/2021:09:52:45 +0800] "GET /xingrg/kc/mdqp/qqps_order_info.html?code=302020041300091 HTTP/1.1" 200 26472
180.175.150.119 - - [15/Jan/2021:09:52:45 +0800] "GET /xingrg/dwr/interface/AjaxQqpsService.js HTTP/1.1" 200 16326
180.175.150.119 - - [15/Jan/2021:09:52:45 +0800] "GET /xingrg/dwr/interface/AjaxComOrderService.js HTTP/1.1" 200 18264
180.175.150.119 - - [15/Jan/2021:09:52:45 +0800] "GET /xingrg/dwr/engine.js HTTP/1.1" 200 43631
180.175.150.119 - - [15/Jan/2021:09:52:46 +0800] "POST /xingrg/dwr/call/plaincall/AjaxQqpsService.loadMaterielItems.dwr HTTP/1.1" 200 627
58.40.7.146 - - [15/Jan/2021:09:52:47 +0800] "GET /xingrg/all/function/internal_message.html?_=1610675564376&CODE_STATE=getMsg HTTP/1.1" 200 27
180.175.150.119 - - [15/Jan/2021:09:52:47 +0800] "GET /xingrg/kc/mdqp/qqps_order_list.html?isBack=1 HTTP/1.1" 302 -
180.175.150.119 - - [15/Jan/2021:09:52:47 +0800] "GET /xingrg/kc/mdqp/qqps_order_list.html?isQuery=1&timeSelect=1&orderTime=day&startTime=2020-04-01&endTime=2020-04-30&state=all&query=%C8%B7++%B6%A8 HTTP/1.1" 200 15783
180.175.150.119 - - [15/Jan/2021:09:52:47 +0800] "GET /xingrg/dwr/interface/AjaxReportQueryService.js HTTP/1.1" 200 13203
180.175.150.119 - - [15/Jan/2021:09:52:47 +0800] "GET /xingrg/dwr/interface/AjaxQqpsService.js HTTP/1.1" 200 16326
180.175.150.119 - - [15/Jan/2021:09:52:47 +0800] "GET /xingrg/dwr/engine.js HTTP/1.1" 200 43631
222.70.179.222 - - [15/Jan/2021:09:52:47 +0800] "GET /xingrg/all/function/internal_message.html?_=1610675562770&CODE_STATE=getMsg HTTP/1.1" 200 27
180.156.237.57 - - [15/Jan/2021:09:52:48 +0800] "GET /xingrg/login.do HTTP/1.1" 302 -
180.156.237.57 - - [15/Jan/2021:09:52:48 +0800] "GET /xingrg/login.html?sysBaseUrl=http%3A%2F%2F180.169.147.146%3A18081%2Fxingrg%2F&costTime=0×tamp=1610675568241 HTTP/1.1" 200 7641
180.156.237.57 - - [15/Jan/2021:09:52:48 +0800] "GET /favicon.ico HTTP/1.1" 404 -
222.69.133.109 - - [15/Jan/2021:09:52:49 +0800] "GET /xingrg/kc/base/wldb_order_operate.html?command=get_materiel&rest_code=00154&base_code=0010727&code=00101010300 HTTP/1.1" 200 435
180.175.150.119 - - [15/Jan/2021:09:52:49 +0800] "GET /xingrg/kc/mdqp/qqps_order_list.html?isQuery=1&timeSelect=1&orderTime=day&startTime=2020-04-01&endTime=2020-04-30&state=all&query=?%20%20??&page_num=2 HTTP/1.1" 200 10485
180.175.150.119 - - [15/Jan/2021:09:52:49 +0800] "GET /xingrg/dwr/interface/AjaxQqpsService.js HTTP/1.1" 200 16326
180.175.150.119 - - [15/Jan/2021:09:52:49 +0800] "GET /xingrg/dwr/interface/AjaxReportQueryService.js HTTP/1.1" 200 13203
180.175.150.119 - - [15/Jan/2021:09:52:49 +0800] "GET /xingrg/dwr/engine.js HTTP/1.1" 200 43631
180.156.237.57 - - [15/Jan/2021:09:52:49 +0800] "GET /xingrg/all/function/internal_message.html?_=1610675569411&CODE_STATE=getMsg HTTP/1.1" 200 27
180.175.150.119 - - [15/Jan/2021:09:52:51 +0800] "GET /xingrg/kc/mdqp/qqps_order_info.html?code=302020040900056 HTTP/1.1" 200 26468
180.175.150.119 - - [15/Jan/2021:09:52:51 +0800] "GET /xingrg/dwr/interface/AjaxComOrderService.js HTTP/1.1" 200 18264
180.175.150.119 - - [15/Jan/2021:09:52:51 +0800] "GET /xingrg/dwr/interface/AjaxQqpsService.js HTTP/1.1" 200 16326
180.175.150.119 - - [15/Jan/2021:09:52:51 +0800] "GET /xingrg/dwr/engine.js HTTP/1.1" 200 43631
180.175.150.119 - - [15/Jan/2021:09:52:52 +0800] "POST /xingrg/dwr/call/plaincall/AjaxQqpsService.loadMaterielItems.dwr HTTP/1.1" 200 668
180.175.150.119 - - [15/Jan/2021:09:52:52 +0800] "GET /xingrg/check_reg.html?_=1610675810909 HTTP/1.1" 200 22
180.175.150.119 - - [15/Jan/2021:09:52:53 +0800] "GET /xingrg/all/function/internal_message.html?_=1610675811249&CODE_STATE=getMsg HTTP/1.1" 200 27
180.175.150.119 - - [15/Jan/2021:09:52:53 +0800] "GET /xingrg/kc/mdqp/qqps_order_list.html?isBack=1 HTTP/1.1" 302 -
180.175.150.119 - - [15/Jan/2021:09:52:53 +0800] "GET /xingrg/kc/mdqp/qqps_order_list.html?isQuery=1&timeSelect=1&orderTime=day&startTime=2020-04-01&endTime=2020-04-30&state=all&query=?%20%20??&page_num=2 HTTP/1.1" 200 10485
180.175.150.119 - - [15/Jan/2021:09:52:53 +0800] "GET /xingrg/dwr/interface/AjaxReportQueryService.js HTTP/1.1" 200 13203
180.175.150.119 - - [15/Jan/2021:09:52:53 +0800] "GET /xingrg/dwr/interface/AjaxQqpsService.js HTTP/1.1" 200 16326
180.175.150.119 - - [15/Jan/2021:09:52:53 +0800] "GET /xingrg/dwr/engine.js HTTP/1.1" 200 43631
180.175.150.119 - - [15/Jan/2021:09:52:54 +0800] "GET /xingrg/kc/mdqp/qqps_order_info.html?code=302020040600043 HTTP/1.1" 200 26468
180.175.150.119 - - [15/Jan/2021:09:52:54 +0800] "GET /xingrg/dwr/interface/AjaxQqpsService.js HTTP/1.1" 200 16326
180.175.150.119 - - [15/Jan/2021:09:52:54 +0800] "GET /xingrg/dwr/interface/AjaxComOrderService.js HTTP/1.1" 200 18264
180.175.150.119 - - [15/Jan/2021:09:52:54 +0800] "GET /xingrg/dwr/engine.js HTTP/1.1" 200 43631
101.85.93.83 - - [15/Jan/2021:09:52:54 +0800] "GET /xingrg/all/function/internal_message.html?_=1610675234603&CODE_STATE=getMsg HTTP/1.1" 200 27
180.175.150.119 - - [15/Jan/2021:09:52:55 +0800] "POST /xingrg/dwr/call/plaincall/AjaxQqpsService.loadMaterielItems.dwr HTTP/1.1" 200 688
61.165.42.208 - - [15/Jan/2021:09:52:55 +0800] "GET /xingrg/all/function/internal_message.html?_=1610675555368&CODE_STATE=getMsg HTTP/1.1" 200 27
61.165.42.208 - - [15/Jan/2021:09:52:55 +0800] "GET /xingrg/check_reg.html?_=1610675555371 HTTP/1.1" 200 22
222.69.129.20 - - [15/Jan/2021:09:52:56 +0800] "GET /xingrg/all/function/internal_message.html?_=1610675568584&CODE_STATE=getMsg HTTP/1.1" 200 27
180.175.150.119 - - [15/Jan/2021:09:52:56 +0800] "GET /xingrg/kc/mdqp/qqps_order_list.html?isBack=1 HTTP/1.1" 302 -
180.175.150.119 - - [15/Jan/2021:09:52:56 +0800] "GET /xingrg/kc/mdqp/qqps_order_list.html?isQuery=1&timeSelect=1&orderTime=day&startTime=2020-04-01&endTime=2020-04-30&state=all&query=?%20%20??&page_num=2 HTTP/1.1" 200 10485
180.175.150.119 - - [15/Jan/2021:09:52:56 +0800] "GET /xingrg/dwr/interface/AjaxReportQueryService.js HTTP/1.1" 200 13203
180.175.150.119 - - [15/Jan/2021:09:52:56 +0800] "GET /xingrg/dwr/interface/AjaxQqpsService.js HTTP/1.1" 200 16326
180.175.150.119 - - [15/Jan/2021:09:52:56 +0800] "GET /xingrg/dwr/engine.js HTTP/1.1" 200 43631
180.175.150.119 - - [15/Jan/2021:09:52:59 +0800] "GET /xingrg/kc/mdqp/qqps_order_list.html?isQuery=1&timeSelect=1&orderTime=day&startTime=2020-04-01&endTime=2020-04-30&state=all&query=?%20%20??&page_num=1 HTTP/1.1" 200 15783
180.175.150.119 - - [15/Jan/2021:09:52:59 +0800] "GET /xingrg/dwr/interface/AjaxReportQueryService.js HTTP/1.1" 200 13203
180.175.150.119 - - [15/Jan/2021:09:52:59 +0800] "GET /xingrg/dwr/interface/AjaxQqpsService.js HTTP/1.1" 200 16326
180.175.150.119 - - [15/Jan/2021:09:52:59 +0800] "GET /xingrg/dwr/engine.js HTTP/1.1" 200 43631
180.175.150.119 - - [15/Jan/2021:09:53:02 +0800] "GET /xingrg/kc/mdqp/qqps_order_info.html?code=302020042000205 HTTP/1.1" 200 26472
180.175.150.119 - - [15/Jan/2021:09:53:02 +0800] "GET /xingrg/dwr/interface/AjaxComOrderService.js HTTP/1.1" 200 18264
180.175.150.119 - - [15/Jan/2021:09:53:02 +0800] "GET /xingrg/dwr/interface/AjaxQqpsService.js HTTP/1.1" 200 16326
180.175.150.119 - - [15/Jan/2021:09:53:02 +0800] "GET /xingrg/dwr/engine.js HTTP/1.1" 200 43631
180.175.150.119 - - [15/Jan/2021:09:53:03 +0800] "POST /xingrg/dwr/call/plaincall/AjaxQqpsService.loadMaterielItems.dwr HTTP/1.1" 200 933
222.69.133.109 - - [15/Jan/2021:09:53:03 +0800] "GET /xingrg/check_reg.html?_=1610675582226 HTTP/1.1" 200 22
180.175.150.119 - - [15/Jan/2021:09:53:04 +0800] "GET /xingrg/kc/mdqp/qqps_order_list.html?isBack=1 HTTP/1.1" 302 -
180.175.150.119 - - [15/Jan/2021:09:53:04 +0800] "GET /xingrg/kc/mdqp/qqps_order_list.html?isQuery=1&timeSelect=1&orderTime=day&startTime=2020-04-01&endTime=2020-04-30&state=all&query=?%20%20??&page_num=1 HTTP/1.1" 200 15783
180.175.150.119 - - [15/Jan/2021:09:53:04 +0800] "GET /xingrg/dwr/interface/AjaxQqpsService.js HTTP/1.1" 200 16326
180.175.150.119 - - [15/Jan/2021:09:53:04 +0800] "GET /xingrg/dwr/interface/AjaxReportQueryService.js HTTP/1.1" 200 13203
180.175.150.119 - - [15/Jan/2021:09:53:04 +0800] "GET /xingrg/dwr/engine.js HTTP/1.1" 200 43631
120.253.135.82 - - [15/Jan/2021:09:53:04 +0800] "GET /xingrg/all/function/internal_message.html?_=1610675341641&CODE_STATE=getMsg HTTP/1.1" 200 27
120.253.135.82 - - [15/Jan/2021:09:53:04 +0800] "GET /xingrg/all/function/internal_message.html?_=1610675691070&CODE_STATE=getMsg HTTP/1.1" 200 27
222.69.133.109 - - [15/Jan/2021:09:53:05 +0800] "GET /xingrg/all/function/internal_message.html?_=1610675583634&CODE_STATE=getMsg HTTP/1.1" 200 27
180.175.150.119 - - [15/Jan/2021:09:53:08 +0800] "GET /xingrg/kc/mdqp/pssh_order_list.html HTTP/1.1" 200 17891
180.175.150.119 - - [15/Jan/2021:09:53:09 +0800] "POST /xingrg/kc/mdqp/pssh_list_operate.html HTTP/1.1" 200 5192
180.169.147.146 - - [15/Jan/2021:09:53:10 +0800] "GET /xingrg/all/function/internal_message.html?_=1610675591600&CODE_STATE=getMsg HTTP/1.1" 200 27
180.175.150.119 - - [15/Jan/2021:09:53:14 +0800] "GET /xingrg/javascript/jquery_tools/images/prev.gif HTTP/1.1" 404 1086
180.175.150.119 - - [15/Jan/2021:09:53:14 +0800] "GET /xingrg/javascript/jquery_tools/images/next.gif HTTP/1.1" 404 1086
222.69.133.109 - - [15/Jan/2021:09:53:15 +0800] "GET /xingrg/kc/base/wldb_order_operate.html?command=get_materiel&rest_code=00154&base_code=0010727&code=00101008084 HTTP/1.1" 200 433
116.228.172.94 - - [15/Jan/2021:09:53:17 +0800] "GET /xingrg/all/function/internal_message.html?_=1610675587291&CODE_STATE=getMsg HTTP/1.1" 200 27
218.81.216.242 - - [15/Jan/2021:09:53:19 +0800] "GET /xingrg/all/function/internal_message.html?_=1610675629514&CODE_STATE=getMsg HTTP/1.1" 200 27
61.165.42.208 - - [15/Jan/2021:09:53:22 +0800] "GET /xingrg/all/function/internal_message.html?_=1610675604771&CODE_STATE=getMsg HTTP/1.1" 200 27
180.156.237.57 - - [15/Jan/2021:09:53:26 +0800] "POST /xingrg/kc/buy/cgsh_order_operate.html HTTP/1.1" 200 37
180.175.150.119 - - [15/Jan/2021:09:53:27 +0800] "POST /xingrg/kc/mdqp/pssh_list_operate.html HTTP/1.1" 200 5052
180.156.237.57 - - [15/Jan/2021:09:53:28 +0800] "POST /xingrg/kc/buy/cgsh_order_operate.html HTTP/1.1" 200 12
180.156.237.57 - - [15/Jan/2021:09:53:29 +0800] "GET /xingrg/kc/buy/cgsh_order_info.html?code=212021011506358 HTTP/1.1" 200 56643
222.69.133.109 - - [15/Jan/2021:09:53:29 +0800] "GET /xingrg/kc/base/wldb_order_operate.html?command=get_materiel&rest_code=00154&base_code=0010727&code=00101010301 HTTP/1.1" 200 457
180.161.116.123 - - [15/Jan/2021:09:53:29 +0800] "GET /favicon.ico HTTP/1.1" 404 -
180.156.237.57 - - [15/Jan/2021:09:53:29 +0800] "GET /xingrg/javascript/easyui/themes/default/validatebox.css HTTP/1.1" 404 1104
180.156.237.57 - - [15/Jan/2021:09:53:30 +0800] "POST /xingrg/kc/buy/cgsh_order_operate.html HTTP/1.1" 200 4753
180.175.150.119 - - [15/Jan/2021:09:53:30 +0800] "POST /xingrg/kc/mdqp/pssh_list_operate.html HTTP/1.1" 200 256
61.165.42.208 - - [15/Jan/2021:09:53:30 +0800] "GET /xingrg/all/function/internal_message.html?_=1610675610727&CODE_STATE=getMsg HTTP/1.1" 200 27
180.156.237.57 - - [15/Jan/2021:09:53:32 +0800] "GET /xingrg/kc/print/load_data.html?order_code=212021011506358&kc_code=cgsh&condition= HTTP/1.1" 200 2285
180.175.150.119 - - [15/Jan/2021:09:53:33 +0800] "GET /xingrg/kc/mdqp/pssh_order_info.html?code=312020042400294 HTTP/1.1" 200 14386
180.175.150.119 - - [15/Jan/2021:09:53:33 +0800] "GET /xingrg/javascript/jquery_tools/jquery-1.4.2.min.js HTTP/1.1" 404 1094
180.175.150.119 - - [15/Jan/2021:09:53:33 +0800] "GET /xingrg/javascript/jquery_tools/order_manager.js HTTP/1.1" 304 -
180.175.150.119 - - [15/Jan/2021:09:53:33 +0800] "GET /xingrg/javascript/convert.js HTTP/1.1" 304 -
180.175.150.119 - - [15/Jan/2021:09:53:33 +0800] "GET /xingrg/javascript/json2.js HTTP/1.1" 304 -
180.175.150.119 - - [15/Jan/2021:09:53:34 +0800] "GET /xingrg/javascript/easyui/themes/icons/back_new.png HTTP/1.1" 304 -
180.175.150.119 - - [15/Jan/2021:09:53:34 +0800] "POST /xingrg/kc/mdqp/pssh_order_operate.html HTTP/1.1" 200 531
180.175.150.119 - - [15/Jan/2021:09:53:34 +0800] "GET /xingrg/javascript/easyui/themes/default/validatebox.css HTTP/1.1" 404 1104
180.175.150.119 - - [15/Jan/2021:09:53:34 +0800] "GET /xingrg/javascript/easyui/plugins/jquery.validatebox.js HTTP/1.1" 304 -
180.175.150.119 - - [15/Jan/2021:09:53:34 +0800] "GET /xingrg/javascript/easyui/plugins/jquery.numberbox.js HTTP/1.1" 304 -
180.175.150.119 - - [15/Jan/2021:09:53:35 +0800] "GET /xingrg/all/function/internal_message.html?_=1610675613833&CODE_STATE=getMsg HTTP/1.1" 200 27
116.233.74.9 - - [15/Jan/2021:09:53:36 +0800] "GET /xingrg/all/function/internal_message.html?_=1610675613253&CODE_STATE=getMsg HTTP/1.1" 200 27
116.228.172.94 - - [15/Jan/2021:09:53:36 +0800] "GET /xingrg/kc/buy/cgsh_order_operate.html?command=get_materiel&rest_code=00107&code=00101008126&supplier_code=00100005&order_time=2021-01-15 HTTP/1.1" 200 412
58.221.95.50 - - [15/Jan/2021:09:53:39 +0800] "GET /xingrg/check_reg.html?_=1610675617459 HTTP/1.1" 302 -
116.228.172.94 - - [15/Jan/2021:09:53:40 +0800] "POST /xingrg/kc/buy/cgsh_order_operate.html HTTP/1.1" 200 2065
172.20.0.100 - - [15/Jan/2021:09:53:41 +0800] "GET /xingrg/all/function/internal_message.html?_=1610675617738&CODE_STATE=getMsg HTTP/1.1" 302 -
180.156.237.57 - - [15/Jan/2021:09:53:44 +0800] "GET /xingrg/kc/buy/cgsh_order_info.html?code=212021011506338 HTTP/1.1" 200 61750
180.156.237.57 - - [15/Jan/2021:09:53:44 +0800] "GET /xingrg/javascript/easyui/themes/default/validatebox.css HTTP/1.1" 404 1104
180.156.237.57 - - [15/Jan/2021:09:53:45 +0800] "POST /xingrg/kc/buy/cgsh_order_operate.html HTTP/1.1" 200 29884
58.40.7.146 - - [15/Jan/2021:09:53:47 +0800] "GET /xingrg/all/function/internal_message.html?_=1610675624379&CODE_STATE=getMsg HTTP/1.1" 200 27
222.70.179.222 - - [15/Jan/2021:09:53:47 +0800] "GET /xingrg/all/function/internal_message.html?_=1610675622785&CODE_STATE=getMsg HTTP/1.1" 200 27
222.69.133.109 - - [15/Jan/2021:09:53:48 +0800] "GET /xingrg/kc/base/wldb_order_operate.html?command=get_materiel&rest_code=00154&base_code=0010727&code=00101010302 HTTP/1.1" 200 446
180.156.237.57 - - [15/Jan/2021:09:53:49 +0800] "GET /xingrg/all/function/internal_message.html?_=1610675629519&CODE_STATE=getMsg HTTP/1.1" 200 27
180.175.150.119 - - [15/Jan/2021:09:53:53 +0800] "GET /xingrg/all/function/internal_message.html?_=1610675871262&CODE_STATE=getMsg HTTP/1.1" 200 27
101.85.93.83 - - [15/Jan/2021:09:53:54 +0800] "GET /xingrg/check_reg.html?_=1610675294603 HTTP/1.1" 200 22
101.85.93.83 - - [15/Jan/2021:09:53:54 +0800] "GET /xingrg/all/function/internal_message.html?_=1610675294606&CODE_STATE=getMsg HTTP/1.1" 200 27
61.165.42.208 - - [15/Jan/2021:09:53:55 +0800] "GET /xingrg/all/function/internal_message.html?_=1610675615371&CODE_STATE=getMsg HTTP/1.1" 200 27
222.69.129.20 - - [15/Jan/2021:09:53:56 +0800] "GET /xingrg/all/function/internal_message.html?_=1610675628582&CODE_STATE=getMsg HTTP/1.1" 200 27
116.228.172.94 - - [15/Jan/2021:09:53:58 +0800] "GET /xingrg/kc/buy/cgsh_order_operate.html?command=get_materiel&rest_code=00107&code=00101008372&supplier_code=00100005&order_time=2021-01-15 HTTP/1.1" 200 408
120.253.135.82 - - [15/Jan/2021:09:54:04 +0800] "GET /xingrg/all/function/internal_message.html?_=1610675401654&CODE_STATE=getMsg HTTP/1.1" 200 27
120.253.135.82 - - [15/Jan/2021:09:54:04 +0800] "GET /xingrg/all/function/internal_message.html?_=1610675751093&CODE_STATE=getMsg HTTP/1.1" 200 27
222.69.133.109 - - [15/Jan/2021:09:54:05 +0800] "GET /xingrg/all/function/internal_message.html?_=1610675643607&CODE_STATE=getMsg HTTP/1.1" 200 27
222.69.133.109 - - [15/Jan/2021:09:54:08 +0800] "GET /xingrg/kc/base/wldb_order_operate.html?command=get_materiel&rest_code=00154&base_code=0010727&code=00101012010 HTTP/1.1" 200 431
180.169.147.146 - - [15/Jan/2021:09:54:10 +0800] "GET /xingrg/all/function/internal_message.html?_=1610675651602&CODE_STATE=getMsg HTTP/1.1" 200 27
116.228.172.94 - - [15/Jan/2021:09:54:15 +0800] "GET /xingrg/check_reg.html?_=1610675644500 HTTP/1.1" 200 22
116.228.172.94 - - [15/Jan/2021:09:54:17 +0800] "GET /xingrg/all/function/internal_message.html?_=1610675647332&CODE_STATE=getMsg HTTP/1.1" 200 27
218.81.216.242 - - [15/Jan/2021:09:54:19 +0800] "GET /xingrg/all/function/internal_message.html?_=1610675689707&CODE_STATE=getMsg HTTP/1.1" 200 27
61.165.42.208 - - [15/Jan/2021:09:54:22 +0800] "GET /xingrg/all/function/internal_message.html?_=1610675664773&CODE_STATE=getMsg HTTP/1.1" 200 27
61.165.42.208 - - [15/Jan/2021:09:54:30 +0800] "GET /xingrg/all/function/internal_message.html?_=1610675670697&CODE_STATE=getMsg HTTP/1.1" 200 27
180.175.150.119 - - [15/Jan/2021:09:54:35 +0800] "GET /xingrg/kc/mdqp/pssh_order_info.html?code=312020042400294 HTTP/1.1" 200 14386
180.175.150.119 - - [15/Jan/2021:09:54:35 +0800] "GET /xingrg/javascript/jquery_tools/jquery-1.4.2.min.js HTTP/1.1" 404 1094
116.233.74.9 - - [15/Jan/2021:09:54:36 +0800] "GET /xingrg/all/function/internal_message.html?_=1610675673251&CODE_STATE=getMsg HTTP/1.1" 200 27
180.175.150.119 - - [15/Jan/2021:09:54:36 +0800] "POST /xingrg/kc/mdqp/pssh_order_operate.html HTTP/1.1" 200 531
180.175.150.119 - - [15/Jan/2021:09:54:36 +0800] "GET /xingrg/all/function/internal_message.html?_=1610675674350&CODE_STATE=getMsg HTTP/1.1" 200 27
180.175.150.119 - - [15/Jan/2021:09:54:36 +0800] "GET /xingrg/javascript/easyui/themes/default/validatebox.css HTTP/1.1" 404 1104
180.175.150.119 - - [15/Jan/2021:09:54:38 +0800] "POST /xingrg/kc/mdqp/pssh_list_operate.html HTTP/1.1" 200 5052
180.175.150.119 - - [15/Jan/2021:09:54:39 +0800] "GET /xingrg/kc/mdqp/pssh_order_list.html HTTP/1.1" 200 17891
180.175.150.119 - - [15/Jan/2021:09:54:40 +0800] "POST /xingrg/kc/mdqp/pssh_list_operate.html HTTP/1.1" 200 5192
222.69.133.109 - - [15/Jan/2021:09:54:40 +0800] "GET /xingrg/kc/base/wldb_order_operate.html?command=get_materiel&rest_code=00154&base_code=0010727&code=00101016121 HTTP/1.1" 200 420
180.175.150.119 - - [15/Jan/2021:09:54:41 +0800] "GET /xingrg/kc/buy/cgsh_order_list.html HTTP/1.1" 200 46079
120.253.135.82 - - [15/Jan/2021:09:54:41 +0800] "GET /xingrg/check_reg.html?_=1610675787515 HTTP/1.1" 200 22
172.20.0.100 - - [15/Jan/2021:09:54:41 +0800] "GET /xingrg/all/function/internal_message.html?_=1610675677741&CODE_STATE=getMsg HTTP/1.1" 302 -
180.175.150.119 - - [15/Jan/2021:09:54:42 +0800] "POST /xingrg/kc/buy/cgsh_list_operate.html HTTP/1.1" 200 876
180.175.150.119 - - [15/Jan/2021:09:54:42 +0800] "GET /xingrg/kc/mdqp/qqps_order_list.html HTTP/1.1" 200 9222
180.175.150.119 - - [15/Jan/2021:09:54:42 +0800] "GET /xingrg/dwr/interface/AjaxReportQueryService.js HTTP/1.1" 200 13203
180.175.150.119 - - [15/Jan/2021:09:54:42 +0800] "GET /xingrg/dwr/interface/AjaxQqpsService.js HTTP/1.1" 200 16326
180.175.150.119 - - [15/Jan/2021:09:54:42 +0800] "GET /xingrg/dwr/engine.js HTTP/1.1" 200 43631
180.175.150.119 - - [15/Jan/2021:09:54:42 +0800] "GET /xingrg/kc/mdqp/pssh_order_list.html HTTP/1.1" 200 17891
180.175.150.119 - - [15/Jan/2021:09:54:43 +0800] "POST /xingrg/kc/mdqp/pssh_list_operate.html HTTP/1.1" 200 5192
180.175.150.119 - - [15/Jan/2021:09:54:43 +0800] "POST /xingrg/kc/mdqp/pssh_list_operate.html HTTP/1.1" 200 266
180.175.150.119 - - [15/Jan/2021:09:54:45 +0800] "POST /xingrg/kc/mdqp/pssh_list_operate.html HTTP/1.1" 200 394
180.175.150.119 - - [15/Jan/2021:09:54:45 +0800] "POST /xingrg/kc/mdqp/pssh_list_operate.html HTTP/1.1" 200 259
180.175.150.119 - - [15/Jan/2021:09:54:46 +0800] "POST /xingrg/kc/mdqp/pssh_list_operate.html HTTP/1.1" 200 267
58.40.7.146 - - [15/Jan/2021:09:54:47 +0800] "GET /xingrg/all/function/internal_message.html?_=1610675684383&CODE_STATE=getMsg HTTP/1.1" 200 27
180.175.150.119 - - [15/Jan/2021:09:54:47 +0800] "POST /xingrg/kc/mdqp/pssh_list_operate.html HTTP/1.1" 200 256
222.70.179.222 - - [15/Jan/2021:09:54:47 +0800] "GET /xingrg/all/function/internal_message.html?_=1610675682799&CODE_STATE=getMsg HTTP/1.1" 200 27
222.69.133.109 - - [15/Jan/2021:09:54:48 +0800] "POST /xingrg/kc/base/wldb_order_operate.html HTTP/1.1" 200 1710
180.175.150.119 - - [15/Jan/2021:09:54:48 +0800] "GET /xingrg/kc/mdqp/pssh_order_info.html?code=312021011500453 HTTP/1.1" 200 17273
180.175.150.119 - - [15/Jan/2021:09:54:48 +0800] "GET /xingrg/javascript/jquery_tools/jquery-1.4.2.min.js HTTP/1.1" 404 1094
180.175.150.119 - - [15/Jan/2021:09:54:49 +0800] "POST /xingrg/kc/mdqp/pssh_order_operate.html HTTP/1.1" 200 536
180.175.150.119 - - [15/Jan/2021:09:54:49 +0800] "GET /xingrg/all/common/auto_word.html?type=base&rest_code=00102&rest_code=00102 HTTP/1.1" 200 1711
180.175.150.119 - - [15/Jan/2021:09:54:49 +0800] "GET /xingrg/all/common/auto_word.html?type=employee&rest_code=00102 HTTP/1.1" 200 189
180.175.150.119 - - [15/Jan/2021:09:54:49 +0800] "GET /xingrg/javascript/easyui/themes/default/validatebox.css HTTP/1.1" 404 1104
180.156.237.57 - - [15/Jan/2021:09:54:49 +0800] "GET /xingrg/all/function/internal_message.html?_=1610675689420&CODE_STATE=getMsg HTTP/1.1" 200 27
180.175.150.119 - - [15/Jan/2021:09:54:51 +0800] "POST /xingrg/kc/mdqp/pssh_list_operate.html HTTP/1.1" 200 258
180.175.150.119 - - [15/Jan/2021:09:54:52 +0800] "POST /xingrg/kc/mdqp/pssh_list_operate.html HTTP/1.1" 200 802
180.175.150.119 - - [15/Jan/2021:09:54:52 +0800] "POST /xingrg/kc/mdqp/pssh_list_operate.html HTTP/1.1" 200 765
180.175.150.119 - - [15/Jan/2021:09:54:53 +0800] "GET /xingrg/all/function/internal_message.html?_=1610675931276&CODE_STATE=getMsg HTTP/1.1" 200 27
101.85.93.83 - - [15/Jan/2021:09:54:54 +0800] "GET /xingrg/all/function/internal_message.html?_=1610675354605&CODE_STATE=getMsg HTTP/1.1" 200 27
180.175.150.119 - - [15/Jan/2021:09:54:55 +0800] "GET /xingrg/kc/mdqp/pssh_order_info.html?code=312021011500447 HTTP/1.1" 200 17277
180.175.150.119 - - [15/Jan/2021:09:54:55 +0800] "GET /xingrg/javascript/jquery_tools/jquery-1.4.2.min.js HTTP/1.1" 404 1094
180.175.150.119 - - [15/Jan/2021:09:54:55 +0800] "POST /xingrg/kc/mdqp/pssh_order_operate.html HTTP/1.1" 200 13185
61.165.42.208 - - [15/Jan/2021:09:54:55 +0800] "GET /xingrg/all/function/internal_message.html?_=1610675675401&CODE_STATE=getMsg HTTP/1.1" 200 27
180.175.150.119 - - [15/Jan/2021:09:54:56 +0800] "GET /xingrg/javascript/easyui/themes/default/validatebox.css HTTP/1.1" 404 1104
222.69.129.20 - - [15/Jan/2021:09:54:56 +0800] "GET /xingrg/all/function/internal_message.html?_=1610675688581&CODE_STATE=getMsg HTTP/1.1" 200 27
222.69.129.20 - - [15/Jan/2021:09:54:56 +0800] "GET /xingrg/check_reg.html?_=1610675688582 HTTP/1.1" 200 22
180.156.237.57 - - [15/Jan/2021:09:55:02 +0800] "GET /favicon.ico HTTP/1.1" 404 -
180.175.150.119 - - [15/Jan/2021:09:55:04 +0800] "POST /xingrg/kc/mdqp/pssh_list_operate.html HTTP/1.1" 200 4647
120.253.135.82 - - [15/Jan/2021:09:55:04 +0800] "GET /xingrg/all/function/internal_message.html?_=1610675461734&CODE_STATE=getMsg HTTP/1.1" 200 27
120.253.135.82 - - [15/Jan/2021:09:55:04 +0800] "GET /xingrg/all/function/internal_message.html?_=1610675811112&CODE_STATE=getMsg HTTP/1.1" 200 27
222.69.133.109 - - [15/Jan/2021:09:55:05 +0800] "GET /xingrg/all/function/internal_message.html?_=1610675703580&CODE_STATE=getMsg HTTP/1.1" 200 27
180.175.150.119 - - [15/Jan/2021:09:55:07 +0800] "POST /xingrg/kc/mdqp/pssh_list_operate.html HTTP/1.1" 200 5192
180.175.150.119 - - [15/Jan/2021:09:55:09 +0800] "POST /xingrg/kc/mdqp/pssh_list_operate.html HTTP/1.1" 200 5523
180.169.147.146 - - [15/Jan/2021:09:55:10 +0800] "GET /xingrg/all/function/internal_message.html?_=1610675711603&CODE_STATE=getMsg HTTP/1.1" 200 27
180.175.150.119 - - [15/Jan/2021:09:55:11 +0800] "POST /xingrg/kc/mdqp/pssh_list_operate.html HTTP/1.1" 200 9053
180.175.150.119 - - [15/Jan/2021:09:55:12 +0800] "POST /xingrg/kc/mdqp/pssh_list_operate.html HTTP/1.1" 200 8672
180.175.150.119 - - [15/Jan/2021:09:55:13 +0800] "POST /xingrg/kc/mdqp/pssh_list_operate.html HTTP/1.1" 200 266
116.228.172.94 - - [15/Jan/2021:09:55:13 +0800] "GET /xingrg/kc/buy/cgsh_order_operate.html?command=get_materiel&rest_code=00107&code=00101008059&supplier_code=00100005&order_time=2021-01-15 HTTP/1.1" 200 408
222.69.133.109 - - [15/Jan/2021:09:55:14 +0800] "GET /xingrg/kc/base/wldb_order_operate.html?command=get_materiel&rest_code=00154&base_code=0010727&code=00101020167 HTTP/1.1" 200 451
180.175.150.119 - - [15/Jan/2021:09:55:14 +0800] "GET /xingrg/kc/buy/cgsh_order_list.html HTTP/1.1" 200 46079
180.175.150.119 - - [15/Jan/2021:09:55:15 +0800] "POST /xingrg/kc/buy/cgsh_list_operate.html HTTP/1.1" 200 876
116.228.172.94 - - [15/Jan/2021:09:55:17 +0800] "GET /xingrg/all/function/internal_message.html?_=1610675707315&CODE_STATE=getMsg HTTP/1.1" 200 27
218.81.216.242 - - [15/Jan/2021:09:55:19 +0800] "GET /xingrg/all/function/internal_message.html?_=1610675749713&CODE_STATE=getMsg HTTP/1.1" 200 27
61.165.42.208 - - [15/Jan/2021:09:55:22 +0800] "GET /xingrg/all/function/internal_message.html?_=1610675724774&CODE_STATE=getMsg HTTP/1.1" 200 27
58.37.230.33 - - [15/Jan/2021:09:55:26 +0800] "POST /xingrg/services/DataTransmitService HTTP/1.1" 200 524
58.37.230.33 - - [15/Jan/2021:09:55:27 +0800] "POST /xingrg/services/DataTransmitService HTTP/1.1" 200 2031
58.37.230.33 - - [15/Jan/2021:09:55:27 +0800] "POST /xingrg/services/DataTransmitService HTTP/1.1" 200 198031
222.69.133.109 - - [15/Jan/2021:09:55:29 +0800] "GET /xingrg/kc/base/wldb_order_operate.html?command=get_materiel&rest_code=00154&base_code=0010727&code=00101020168 HTTP/1.1" 200 458
61.165.42.208 - - [15/Jan/2021:09:55:30 +0800] "GET /xingrg/all/function/internal_message.html?_=1610675730665&CODE_STATE=getMsg HTTP/1.1" 200 27
180.175.150.119 - - [15/Jan/2021:09:55:35 +0800] "GET /xingrg/check_reg.html?_=1610675733764 HTTP/1.1" 200 22
116.233.74.9 - - [15/Jan/2021:09:55:36 +0800] "GET /xingrg/all/function/internal_message.html?_=1610675733264&CODE_STATE=getMsg HTTP/1.1" 200 27
180.175.150.119 - - [15/Jan/2021:09:55:36 +0800] "GET /xingrg/all/function/internal_message.html?_=1610675734353&CODE_STATE=getMsg HTTP/1.1" 200 27
172.20.0.100 - - [15/Jan/2021:09:55:41 +0800] "GET /xingrg/all/function/internal_message.html?_=1610675737744&CODE_STATE=getMsg HTTP/1.1" 302 -
222.70.179.222 - - [15/Jan/2021:09:55:45 +0800] "GET /xingrg/check_reg.html?_=1610675740034 HTTP/1.1" 200 22
58.40.7.146 - - [15/Jan/2021:09:55:47 +0800] "GET /xingrg/check_reg.html?_=1610675744371 HTTP/1.1" 200 22
58.40.7.146 - - [15/Jan/2021:09:55:47 +0800] "GET /xingrg/all/function/internal_message.html?_=1610675744373&CODE_STATE=getMsg HTTP/1.1" 200 27
222.70.179.222 - - [15/Jan/2021:09:55:47 +0800] "GET /xingrg/all/function/internal_message.html?_=1610675742812&CODE_STATE=getMsg HTTP/1.1" 200 27
180.156.237.57 - - [15/Jan/2021:09:55:49 +0800] "GET /xingrg/check_reg.html?_=1610675749411 HTTP/1.1" 200 22
180.156.237.57 - - [15/Jan/2021:09:55:49 +0800] "GET /xingrg/all/function/internal_message.html?_=1610675749416&CODE_STATE=getMsg HTTP/1.1" 200 27
222.69.133.109 - - [15/Jan/2021:09:55:52 +0800] "GET /xingrg/kc/base/wldb_order_operate.html?command=get_materiel&rest_code=00154&base_code=0010727&code=00101020169 HTTP/1.1" 200 446
180.175.150.119 - - [15/Jan/2021:09:55:53 +0800] "GET /xingrg/all/function/internal_message.html?_=1610675991347&CODE_STATE=getMsg HTTP/1.1" 200 27
101.85.93.83 - - [15/Jan/2021:09:55:54 +0800] "GET /xingrg/all/function/internal_message.html?_=1610675414606&CODE_STATE=getMsg HTTP/1.1" 200 27
61.165.42.208 - - [15/Jan/2021:09:55:55 +0800] "GET /xingrg/all/function/internal_message.html?_=1610675735404&CODE_STATE=getMsg HTTP/1.1" 200 27
116.228.172.94 - - [15/Jan/2021:09:55:55 +0800] "GET /xingrg/kc/buy/cgsh_order_operate.html?command=get_materiel&rest_code=00107&code=00101008175&supplier_code=00100005&order_time=2021-01-15 HTTP/1.1" 200 412
222.69.129.20 - - [15/Jan/2021:09:55:56 +0800] "GET /xingrg/all/function/internal_message.html?_=1610675748587&CODE_STATE=getMsg HTTP/1.1" 200 27
120.253.135.82 - - [15/Jan/2021:09:56:04 +0800] "GET /xingrg/all/function/internal_message.html?_=1610675521744&CODE_STATE=getMsg HTTP/1.1" 200 27
120.253.135.82 - - [15/Jan/2021:09:56:05 +0800] "GET /xingrg/all/function/internal_message.html?_=1610675871127&CODE_STATE=getMsg HTTP/1.1" 200 27
222.69.133.109 - - [15/Jan/2021:09:56:05 +0800] "GET /xingrg/all/function/internal_message.html?_=1610675763557&CODE_STATE=getMsg HTTP/1.1" 200 27
222.69.133.109 - - [15/Jan/2021:09:56:09 +0800] "GET /xingrg/kc/base/wldb_order_operate.html?command=get_materiel&rest_code=00154&base_code=0010727&code=00101020170 HTTP/1.1" 200 441
180.169.147.146 - - [15/Jan/2021:09:56:10 +0800] "GET /xingrg/check_reg.html?_=1610675771605 HTTP/1.1" 200 22
180.169.147.146 - - [15/Jan/2021:09:56:10 +0800] "GET /xingrg/all/function/internal_message.html?_=1610675771601&CODE_STATE=getMsg HTTP/1.1" 200 27
218.81.216.242 - - [15/Jan/2021:09:56:16 +0800] "GET /xingrg/check_reg.html?_=1610675806750 HTTP/1.1" 200 22
116.228.172.94 - - [15/Jan/2021:09:56:17 +0800] "GET /xingrg/all/function/internal_message.html?_=1610675767309&CODE_STATE=getMsg HTTP/1.1" 200 27
218.81.216.242 - - [15/Jan/2021:09:56:19 +0800] "GET /xingrg/all/function/internal_message.html?_=1610675809727&CODE_STATE=getMsg HTTP/1.1" 200 27
61.165.42.208 - - [15/Jan/2021:09:56:22 +0800] "GET /xingrg/check_reg.html?_=1610675784774 HTTP/1.1" 200 22
61.165.42.208 - - [15/Jan/2021:09:56:22 +0800] "GET /xingrg/all/function/internal_message.html?_=1610675784778&CODE_STATE=getMsg HTTP/1.1" 200 27
61.165.42.208 - - [15/Jan/2021:09:56:30 +0800] "GET /xingrg/all/function/internal_message.html?_=1610675790633&CODE_STATE=getMsg HTTP/1.1" 200 27
61.165.42.208 - - [15/Jan/2021:09:56:30 +0800] "GET /xingrg/check_reg.html?_=1610675791073 HTTP/1.1" 200 22
116.233.74.9 - - [15/Jan/2021:09:56:36 +0800] "GET /xingrg/check_reg.html?_=1610675793261 HTTP/1.1" 200 22
116.233.74.9 - - [15/Jan/2021:09:56:36 +0800] "GET /xingrg/all/function/internal_message.html?_=1610675793262&CODE_STATE=getMsg HTTP/1.1" 200 27
180.175.150.119 - - [15/Jan/2021:09:56:36 +0800] "GET /xingrg/all/function/internal_message.html?_=1610675794365&CODE_STATE=getMsg HTTP/1.1" 200 27
172.20.0.100 - - [15/Jan/2021:09:56:41 +0800] "GET /xingrg/all/function/internal_message.html?_=1610675797747&CODE_STATE=getMsg HTTP/1.1" 302 -
222.69.133.109 - - [15/Jan/2021:09:56:44 +0800] "GET /xingrg/kc/base/wldb_order_operate.html?command=get_materiel&rest_code=00154&base_code=0010727&code=00101020188 HTTP/1.1" 200 425
58.40.7.146 - - [15/Jan/2021:09:56:47 +0800] "GET /xingrg/all/function/internal_message.html?_=1610675804379&CODE_STATE=getMsg HTTP/1.1" 200 27
222.70.179.222 - - [15/Jan/2021:09:56:48 +0800] "GET /xingrg/all/function/internal_message.html?_=1610675802824&CODE_STATE=getMsg HTTP/1.1" 200 27
180.156.237.57 - - [15/Jan/2021:09:56:49 +0800] "GET /xingrg/all/function/internal_message.html?_=1610675809425&CODE_STATE=getMsg HTTP/1.1" 200 27
222.69.133.109 - - [15/Jan/2021:09:56:49 +0800] "POST /xingrg/kc/base/wldb_order_operate.html HTTP/1.1" 200 1710
120.253.135.82 - - [15/Jan/2021:09:56:51 +0800] "GET /xingrg/kc/pszx/mdqp_order_list.html?state=10 HTTP/1.1" 200 12197
120.253.135.82 - - [15/Jan/2021:09:56:51 +0800] "GET /xingrg/dwr/interface/AjaxQqpsService.js HTTP/1.1" 200 16326
120.253.135.82 - - [15/Jan/2021:09:56:51 +0800] "GET /xingrg/dwr/interface/AjaxReportQueryService.js HTTP/1.1" 200 13203
120.253.135.82 - - [15/Jan/2021:09:56:51 +0800] "GET /xingrg/dwr/engine.js HTTP/1.1" 200 43631
180.175.150.119 - - [15/Jan/2021:09:56:53 +0800] "GET /xingrg/all/function/internal_message.html?_=1610676051349&CODE_STATE=getMsg HTTP/1.1" 200 27
101.85.93.83 - - [15/Jan/2021:09:56:54 +0800] "GET /xingrg/all/function/internal_message.html?_=1610675474606&CODE_STATE=getMsg HTTP/1.1" 200 27
61.165.42.208 - - [15/Jan/2021:09:56:55 +0800] "GET /xingrg/all/function/internal_message.html?_=1610675795390&CODE_STATE=getMsg HTTP/1.1" 200 27
222.69.129.20 - - [15/Jan/2021:09:56:56 +0800] "GET /xingrg/all/function/internal_message.html?_=1610675808590&CODE_STATE=getMsg HTTP/1.1" 200 27
120.253.135.82 - - [15/Jan/2021:09:56:57 +0800] "GET /xingrg/kc/pszx/mdqp_order_info.html?code=302021011400346 HTTP/1.1" 200 13338
120.253.135.82 - - [15/Jan/2021:09:56:57 +0800] "GET /xingrg/dwr/interface/AjaxQqpsService.js HTTP/1.1" 200 16326
120.253.135.82 - - [15/Jan/2021:09:56:57 +0800] "GET /xingrg/dwr/interface/AjaxComOrderService.js HTTP/1.1" 200 18264
120.253.135.82 - - [15/Jan/2021:09:56:57 +0800] "GET /xingrg/dwr/engine.js HTTP/1.1" 200 43631
120.253.135.82 - - [15/Jan/2021:09:56:57 +0800] "POST /xingrg/dwr/call/plaincall/AjaxQqpsService.loadMaterielItems.dwr HTTP/1.1" 200 5305
120.253.135.82 - - [15/Jan/2021:09:56:59 +0800] "GET /xingrg/images/yd/bt.gif HTTP/1.1" 404 1040
120.253.135.82 - - [15/Jan/2021:09:56:59 +0800] "GET /xingrg/images/yd/bt2.gif HTTP/1.1" 404 1042
120.253.135.82 - - [15/Jan/2021:09:57:03 +0800] "GET /xingrg/check_reg.html?_=1610675580088 HTTP/1.1" 200 22
120.253.135.82 - - [15/Jan/2021:09:57:03 +0800] "GET /xingrg/kc/pszx/mdqp_order_list.html?isBack=1 HTTP/1.1" 302 -
120.253.135.82 - - [15/Jan/2021:09:57:03 +0800] "GET /xingrg/kc/pszx/mdqp_order_list.html?state=10 HTTP/1.1" 200 12197
120.253.135.82 - - [15/Jan/2021:09:57:03 +0800] "GET /xingrg/dwr/interface/AjaxReportQueryService.js HTTP/1.1" 200 13203
120.253.135.82 - - [15/Jan/2021:09:57:03 +0800] "GET /xingrg/dwr/interface/AjaxQqpsService.js HTTP/1.1" 200 16326
120.253.135.82 - - [15/Jan/2021:09:57:03 +0800] "GET /xingrg/dwr/engine.js HTTP/1.1" 200 43631
120.253.135.82 - - [15/Jan/2021:09:57:04 +0800] "GET /xingrg/all/function/internal_message.html?_=1610675581758&CODE_STATE=getMsg HTTP/1.1" 200 27
120.253.135.82 - - [15/Jan/2021:09:57:05 +0800] "GET /xingrg/all/function/internal_message.html?_=1610675931154&CODE_STATE=getMsg HTTP/1.1" 200 27
