120.253.135.82 - - [15/Jan/2021:10:50:51 +0800] "GET /xingrg/kc/pszx/mdps_order_operate.html?command=get_materiel&pszx_code=00101&rest_code=00102&base_code=0010250&code=00102002493 HTTP/1.1" 200 444
180.157.253.48 - - [15/Jan/2021:10:50:52 +0800] "GET /xingrg/kc/buy/cgsh_order_add.html HTTP/1.1" 200 61892
117.185.32.26 - - [15/Jan/2021:10:50:52 +0800] "GET /xingrg/all/function/internal_message.html?_=1610679047994&CODE_STATE=getMsg HTTP/1.1" 200 27
180.157.253.48 - - [15/Jan/2021:10:50:53 +0800] "POST /xingrg/kc/buy/cgsh_order_operate.html HTTP/1.1" 200 8245
180.157.253.48 - - [15/Jan/2021:10:50:53 +0800] "GET /xingrg/javascript/easyui/themes/default/validatebox.css HTTP/1.1" 404 1104
61.165.42.208 - - [15/Jan/2021:10:50:56 +0800] "GET /xingrg/all/function/internal_message.html?_=1610679035456&CODE_STATE=getMsg HTTP/1.1" 200 27
222.69.133.109 - - [15/Jan/2021:10:50:56 +0800] "GET /xingrg/all/function/internal_message.html?_=1610679054687&CODE_STATE=getMsg HTTP/1.1" 200 27
222.69.129.20 - - [15/Jan/2021:10:50:56 +0800] "GET /xingrg/all/function/internal_message.html?_=1610679048676&CODE_STATE=getMsg HTTP/1.1" 200 27
61.165.42.208 - - [15/Jan/2021:10:50:57 +0800] "POST /xingrg/dwr/call/plaincall/AjaxQqpsService.getMaterielByCode.dwr HTTP/1.1" 200 2731
180.156.237.57 - - [15/Jan/2021:10:50:57 +0800] "GET /xingrg/all/function/internal_message.html?_=1610679057058&CODE_STATE=getMsg HTTP/1.1" 200 27
180.175.150.119 - - [15/Jan/2021:10:50:58 +0800] "GET /xingrg/all/function/internal_message.html?_=1610679296477&CODE_STATE=getMsg HTTP/1.1" 200 27
180.175.150.119 - - [15/Jan/2021:10:50:58 +0800] "POST /xingrg/kc/base/wldb_order_operate.html HTTP/1.1" 200 37
222.69.133.109 - - [15/Jan/2021:10:50:58 +0800] "GET /xingrg/kc/base/wldb_order_operate.html?command=get_materiel&rest_code=00154&base_code=0010724&code=00101019416 HTTP/1.1" 200 464
61.165.42.208 - - [15/Jan/2021:10:50:59 +0800] "POST /xingrg/dwr/call/plaincall/AjaxQqpsService.saveMaterielItem.dwr HTTP/1.1" 200 78
180.175.150.119 - - [15/Jan/2021:10:51:00 +0800] "POST /xingrg/kc/base/wldb_order_operate.html HTTP/1.1" 200 12
180.175.150.119 - - [15/Jan/2021:10:51:00 +0800] "POST /xingrg/kc/base/wldb_order_operate.html HTTP/1.1" 200 8071
180.175.150.119 - - [15/Jan/2021:10:51:01 +0800] "GET /xingrg/kc/base/wldb_order_info.html?code=422021011501766 HTTP/1.1" 200 26375
180.157.253.48 - - [15/Jan/2021:10:51:01 +0800] "GET /xingrg/kc/buy/cgsh_order_operate.html?command=get_materiel&rest_code=00148&code=00101012041&supplier_code=00100323&order_time=2021-01-15 HTTP/1.1" 200 418
180.175.150.119 - - [15/Jan/2021:10:51:02 +0800] "POST /xingrg/kc/base/wldb_order_operate.html HTTP/1.1" 200 6234
180.175.150.119 - - [15/Jan/2021:10:51:02 +0800] "GET /xingrg/javascript/easyui/themes/default/validatebox.css HTTP/1.1" 404 1104
180.175.150.119 - - [15/Jan/2021:10:51:03 +0800] "POST /xingrg/kc/buy/cgsh_order_operate.html HTTP/1.1" 200 37
180.175.150.119 - - [15/Jan/2021:10:51:04 +0800] "GET /xingrg/kc/base/wldb_order_add.html HTTP/1.1" 200 30498
180.169.147.146 - - [15/Jan/2021:10:51:05 +0800] "GET /xingrg/all/function/internal_message.html?_=1610679061830&CODE_STATE=getMsg HTTP/1.1" 200 27
120.253.135.82 - - [15/Jan/2021:10:51:05 +0800] "GET /xingrg/all/function/internal_message.html?_=1610679171982&CODE_STATE=getMsg HTTP/1.1" 200 27
180.175.150.119 - - [15/Jan/2021:10:51:06 +0800] "POST /xingrg/kc/base/wldb_order_operate.html HTTP/1.1" 200 6806
180.175.150.119 - - [15/Jan/2021:10:51:06 +0800] "POST /xingrg/kc/buy/cgsh_order_operate.html HTTP/1.1" 200 12
180.175.150.119 - - [15/Jan/2021:10:51:06 +0800] "GET /xingrg/kc/buy/cgsh_order_info.html?code=212021011506396 HTTP/1.1" 200 56743
180.175.150.119 - - [15/Jan/2021:10:51:06 +0800] "GET /xingrg/javascript/easyui/themes/default/validatebox.css HTTP/1.1" 404 1104
180.175.150.119 - - [15/Jan/2021:10:51:07 +0800] "POST /xingrg/all/common/load_combo.html?type=base HTTP/1.1" 200 3060
180.175.150.119 - - [15/Jan/2021:10:51:07 +0800] "GET /xingrg/javascript/easyui/themes/default/validatebox.css HTTP/1.1" 404 1104
180.175.150.119 - - [15/Jan/2021:10:51:07 +0800] "POST /xingrg/kc/buy/cgsh_order_operate.html HTTP/1.1" 200 7167
120.253.135.82 - - [15/Jan/2021:10:51:07 +0800] "GET /xingrg/all/function/internal_message.html?_=1610678824758&CODE_STATE=getMsg HTTP/1.1" 200 27
180.175.150.119 - - [15/Jan/2021:10:51:08 +0800] "GET /xingrg/kc/print/load_data.html?order_code=212021011506396&kc_code=cgsh&condition= HTTP/1.1" 200 3199
180.175.150.119 - - [15/Jan/2021:10:51:09 +0800] "POST /xingrg/all/common/load_combo.html?type=base HTTP/1.1" 200 3060
180.157.253.48 - - [15/Jan/2021:10:51:09 +0800] "GET /xingrg/kc/buy/cgsh_order_operate.html?command=get_materiel&rest_code=00148&code=00101002029&supplier_code=00100323&order_time=2021-01-15 HTTP/1.1" 200 414
180.169.147.146 - - [15/Jan/2021:10:51:10 +0800] "GET /xingrg/all/function/internal_message.html?_=1610679071698&CODE_STATE=getMsg HTTP/1.1" 200 27
180.169.147.146 - - [15/Jan/2021:10:51:10 +0800] "GET /xingrg/check_reg.html?_=1610679071702 HTTP/1.1" 200 22
222.70.179.50 - - [15/Jan/2021:10:51:11 +0800] "GET /xingrg/all/function/internal_message.html?_=1610679065700&CODE_STATE=getMsg HTTP/1.1" 200 27
180.175.150.119 - - [15/Jan/2021:10:51:12 +0800] "GET /xingrg/kc/buy/cgsh_order_add.html HTTP/1.1" 200 61851
180.175.150.119 - - [15/Jan/2021:10:51:13 +0800] "GET /xingrg/javascript/easyui/themes/default/validatebox.css HTTP/1.1" 404 1104
180.175.150.119 - - [15/Jan/2021:10:51:13 +0800] "POST /xingrg/kc/buy/cgsh_order_operate.html HTTP/1.1" 200 8245
180.175.150.119 - - [15/Jan/2021:10:51:13 +0800] "GET /xingrg/all/function/internal_message.html?_=1610679071759&CODE_STATE=getMsg HTTP/1.1" 200 27
180.175.150.119 - - [15/Jan/2021:10:51:14 +0800] "GET /xingrg/kc/base/wldb_order_operate.html?command=get_materiel&rest_code=00102&base_code=0010476&code=00101019185 HTTP/1.1" 200 455
222.69.133.109 - - [15/Jan/2021:10:51:16 +0800] "GET /xingrg/kc/base/wldb_order_operate.html?command=get_materiel&rest_code=00154&base_code=0010724&code=00101019222 HTTP/1.1" 200 453
218.81.216.242 - - [15/Jan/2021:10:51:16 +0800] "GET /xingrg/check_reg.html?_=1610679106986 HTTP/1.1" 200 22
180.157.253.48 - - [15/Jan/2021:10:51:16 +0800] "GET /xingrg/kc/buy/cgsh_order_operate.html?command=get_materiel&rest_code=00148&code=00101010214&supplier_code=00100323&order_time=2021-01-15 HTTP/1.1" 200 414
116.228.172.94 - - [15/Jan/2021:10:51:17 +0800] "GET /xingrg/all/function/internal_message.html?_=1610679066763&CODE_STATE=getMsg HTTP/1.1" 200 27
180.156.237.57 - - [15/Jan/2021:10:51:17 +0800] "GET /xingrg/all/function/internal_message.html?_=1610679060748&CODE_STATE=getMsg HTTP/1.1" 200 27
120.253.135.82 - - [15/Jan/2021:10:51:17 +0800] "POST /xingrg/kc/pszx/mdps_order_operate.html HTTP/1.1" 200 37
180.157.253.48 - - [15/Jan/2021:10:51:18 +0800] "GET /xingrg/all/function/internal_message.html?_=1610679078955&CODE_STATE=getMsg HTTP/1.1" 200 27
58.37.230.33 - - [15/Jan/2021:10:51:18 +0800] "GET /xingrg/all/function/internal_message.html?_=1610679120835&CODE_STATE=getMsg HTTP/1.1" 200 27
120.253.135.82 - - [15/Jan/2021:10:51:18 +0800] "GET /xingrg/kc/pszx/mdps_order_info.html?code=312021011100332 HTTP/1.1" 200 23881
120.253.135.82 - - [15/Jan/2021:10:51:19 +0800] "POST /xingrg/kc/pszx/mdps_order_operate.html HTTP/1.1" 200 3264
120.253.135.82 - - [15/Jan/2021:10:51:19 +0800] "GET /xingrg/javascript/easyui/themes/default/validatebox.css HTTP/1.1" 404 1104
180.157.253.48 - - [15/Jan/2021:10:51:20 +0800] "GET /xingrg/kc/buy/cgsh_order_operate.html?command=get_materiel&rest_code=00148&code=00101007039&supplier_code=00100323&order_time=2021-01-15 HTTP/1.1" 200 413
120.253.135.82 - - [15/Jan/2021:10:51:21 +0800] "POST /xingrg/kc/pszx/mdps_list_operate.html HTTP/1.1" 200 5135
61.165.42.208 - - [15/Jan/2021:10:51:22 +0800] "GET /xingrg/check_reg.html?_=1610679084799 HTTP/1.1" 200 22
61.165.42.208 - - [15/Jan/2021:10:51:22 +0800] "GET /xingrg/all/function/internal_message.html?_=1610679084803&CODE_STATE=getMsg HTTP/1.1" 200 27
218.81.216.242 - - [15/Jan/2021:10:51:23 +0800] "GET /xingrg/all/function/internal_message.html?_=1610679114139&CODE_STATE=getMsg HTTP/1.1" 200 27
120.253.135.82 - - [15/Jan/2021:10:51:23 +0800] "POST /xingrg/kc/pszx/mdps_list_operate.html HTTP/1.1" 200 287
180.175.150.119 - - [15/Jan/2021:10:51:25 +0800] "GET /xingrg/kc/base/wldb_order_operate.html?command=get_materiel&rest_code=00102&base_code=0010476&code=00101019071 HTTP/1.1" 200 455
180.156.237.57 - - [15/Jan/2021:10:51:25 +0800] "POST /xingrg/all/user/operate.html HTTP/1.1" 200 36
180.156.237.57 - - [15/Jan/2021:10:51:25 +0800] "GET /xingrg/javascript/jquery_easy_ui/themes/default/easyui.css HTTP/1.1" 304 -
180.156.237.57 - - [15/Jan/2021:10:51:25 +0800] "GET /xingrg/index.html?sysBaseUrl=http%3A%2F%2F180.169.147.146%3A18081%2Fxingrg%2F&costTime=60×tamp=1610536533508 HTTP/1.1" 200 17179
180.156.237.57 - - [15/Jan/2021:10:51:25 +0800] "GET /xingrg/javascript/jquery_easy_ui/themes/icon.css HTTP/1.1" 304 -
180.156.237.57 - - [15/Jan/2021:10:51:25 +0800] "GET /xingrg/css/form.css HTTP/1.1" 304 -
180.156.237.57 - - [15/Jan/2021:10:51:25 +0800] "GET /xingrg/javascript/jquery-1.4.2.min.js HTTP/1.1" 304 -
180.156.237.57 - - [15/Jan/2021:10:51:25 +0800] "GET /xingrg/javascript/jquery_easy_ui/jquery.easyui.min.js HTTP/1.1" 304 -
180.156.237.57 - - [15/Jan/2021:10:51:25 +0800] "GET /xingrg/javascript/jquery_easy_ui/easyui-lang-zh_CN.js HTTP/1.1" 304 -
180.156.237.57 - - [15/Jan/2021:10:51:25 +0800] "GET /xingrg/javascript/jquery.form.js HTTP/1.1" 304 -
180.156.237.57 - - [15/Jan/2021:10:51:25 +0800] "GET /xingrg/javascript/jquery.utils.js HTTP/1.1" 304 -
180.156.237.57 - - [15/Jan/2021:10:51:25 +0800] "GET /xingrg/javascript/jquery.timers.js HTTP/1.1" 304 -
180.156.237.57 - - [15/Jan/2021:10:51:25 +0800] "GET /xingrg/images/blue/jxLogo.png HTTP/1.1" 304 -
180.156.237.57 - - [15/Jan/2021:10:51:25 +0800] "GET /xingrg/javascript/jquery_easy_ui/themes/icons/settle_new.png HTTP/1.1" 304 -
180.156.237.57 - - [15/Jan/2021:10:51:25 +0800] "GET /xingrg/images/blue/navBackgound.jpg HTTP/1.1" 304 -
180.169.147.146 - - [15/Jan/2021:10:51:25 +0800] "GET /xingrg/all/function/internal_message.html?_=1610679083443&CODE_STATE=getMsg HTTP/1.1" 200 27
180.156.237.57 - - [15/Jan/2021:10:51:26 +0800] "POST /xingrg/all/common/load_tree.html?tree=area_rest_tree_json&manage=1 HTTP/1.1" 200 476
180.156.237.57 - - [15/Jan/2021:10:51:26 +0800] "GET /xingrg/all/function/internal_message.html?_=1610679085659&CODE_STATE=count HTTP/1.1" 200 11
180.156.237.57 - - [15/Jan/2021:10:51:26 +0800] "GET /xingrg/check_reg.html?_=1610679085660 HTTP/1.1" 200 22
180.156.237.57 - - [15/Jan/2021:10:51:26 +0800] "GET /xingrg/javascript/jquery_easy_ui/themes/default/images/tabs_rightarrow.png HTTP/1.1" 304 -
180.156.237.57 - - [15/Jan/2021:10:51:26 +0800] "GET /xingrg/javascript/jquery_easy_ui/themes/default/images/panel_tool_collapse.gif HTTP/1.1" 304 -
180.156.237.57 - - [15/Jan/2021:10:51:26 +0800] "GET /xingrg/images/blue/pingpu.png HTTP/1.1" 304 -
180.156.237.57 - - [15/Jan/2021:10:51:26 +0800] "POST /xingrg/load_menu.html HTTP/1.1" 200 5138
180.156.237.57 - - [15/Jan/2021:10:51:26 +0800] "GET /xingrg/javascript/jquery_easy_ui/themes/default/images/tree_folder_open.gif HTTP/1.1" 304 -
180.156.237.57 - - [15/Jan/2021:10:51:26 +0800] "GET /xingrg/javascript/jquery_easy_ui/themes/icons/storage_new.png HTTP/1.1" 304 -
180.156.237.57 - - [15/Jan/2021:10:51:26 +0800] "GET /xingrg/javascript/jquery_easy_ui/themes/default/images/tree_arrows.gif HTTP/1.1" 304 -
180.156.237.57 - - [15/Jan/2021:10:51:26 +0800] "GET /xingrg/javascript/jquery_easy_ui/themes/default/images/tree_file.gif HTTP/1.1" 304 -
180.156.237.57 - - [15/Jan/2021:10:51:26 +0800] "GET /xingrg/javascript/jquery_easy_ui/themes/icons/search_new.png HTTP/1.1" 304 -
180.156.237.57 - - [15/Jan/2021:10:51:26 +0800] "GET /xingrg/javascript/jquery_easy_ui/themes/default/images/tree_folder.gif HTTP/1.1" 304 -
180.156.237.57 - - [15/Jan/2021:10:51:26 +0800] "GET /xingrg/javascript/jquery_easy_ui/themes/icons/forms_new.png HTTP/1.1" 304 -
180.175.150.119 - - [15/Jan/2021:10:51:26 +0800] "GET /xingrg/kc/buy/cgsh_order_operate.html?command=get_materiel&rest_code=00102&code=00102010846&supplier_code=00100151&order_time=2021-01-15 HTTP/1.1" 200 413
180.169.147.146 - - [15/Jan/2021:10:51:27 +0800] "GET /xingrg/all/function/internal_message.html?_=1610679083026&CODE_STATE=getMsg HTTP/1.1" 200 27
180.175.150.119 - - [15/Jan/2021:10:51:28 +0800] "GET /xingrg/kc/base/wldb_order_operate.html?command=get_materiel&rest_code=00102&base_code=0010476&code=00101019127 HTTP/1.1" 200 463
180.156.237.57 - - [15/Jan/2021:10:51:29 +0800] "GET /xingrg/javascript/jquery_easy_ui/themes/default/images/tabs_leftarrow.png HTTP/1.1" 304 -
61.165.42.208 - - [15/Jan/2021:10:51:29 +0800] "GET /xingrg/all/function/internal_message.html?_=1610679089371&CODE_STATE=getMsg HTTP/1.1" 200 27
120.253.135.82 - - [15/Jan/2021:10:51:30 +0800] "POST /xingrg/kc/pszx/mdps_list_operate.html HTTP/1.1" 200 2235
61.165.42.208 - - [15/Jan/2021:10:51:30 +0800] "GET /xingrg/check_reg.html?_=1610679091106 HTTP/1.1" 200 22
120.253.135.82 - - [15/Jan/2021:10:51:32 +0800] "POST /xingrg/kc/pszx/mdps_list_operate.html HTTP/1.1" 200 375
180.175.150.119 - - [15/Jan/2021:10:51:32 +0800] "GET /xingrg/kc/base/wldb_order_operate.html?command=get_materiel&rest_code=00102&base_code=0010476&code=00101019134 HTTP/1.1" 200 466
180.157.253.48 - - [15/Jan/2021:10:51:34 +0800] "GET /xingrg/kc/buy/cgsh_order_operate.html?command=get_materiel&rest_code=00148&code=00101001109&supplier_code=00100323&order_time=2021-01-15 HTTP/1.1" 200 415
120.253.135.82 - - [15/Jan/2021:10:51:35 +0800] "GET /xingrg/kc/pszx/mdps_order_info.html?code=312021010100009 HTTP/1.1" 200 23881
120.253.135.82 - - [15/Jan/2021:10:51:35 +0800] "GET /xingrg/javascript/easyui/themes/default/validatebox.css HTTP/1.1" 404 1104
120.253.135.82 - - [15/Jan/2021:10:51:35 +0800] "POST /xingrg/kc/pszx/mdps_order_operate.html HTTP/1.1" 200 3283
116.233.74.9 - - [15/Jan/2021:10:51:36 +0800] "GET /xingrg/all/function/internal_message.html?_=1610679093307&CODE_STATE=getMsg HTTP/1.1" 200 27
116.233.74.9 - - [15/Jan/2021:10:51:36 +0800] "GET /xingrg/check_reg.html?_=1610679093307 HTTP/1.1" 200 22
180.175.150.119 - - [15/Jan/2021:10:51:38 +0800] "GET /xingrg/kc/base/wldb_order_operate.html?command=get_materiel&rest_code=00102&base_code=0010476&code=00101019404 HTTP/1.1" 200 475
120.253.135.82 - - [15/Jan/2021:10:51:40 +0800] "POST /xingrg/kc/pszx/mdps_order_operate.html HTTP/1.1" 200 12
172.20.0.100 - - [15/Jan/2021:10:51:41 +0800] "GET /xingrg/all/function/internal_message.html?_=1610679097735&CODE_STATE=getMsg HTTP/1.1" 302 -
120.253.135.82 - - [15/Jan/2021:10:51:44 +0800] "POST /xingrg/kc/pszx/mdps_list_operate.html HTTP/1.1" 200 1872
180.157.253.48 - - [15/Jan/2021:10:51:45 +0800] "GET /xingrg/kc/buy/cgsh_order_operate.html?command=get_materiel&rest_code=00148&code=00101010082&supplier_code=00100323&order_time=2021-01-15 HTTP/1.1" 200 444
58.40.7.146 - - [15/Jan/2021:10:51:47 +0800] "GET /xingrg/all/function/internal_message.html?_=1610679104422&CODE_STATE=getMsg HTTP/1.1" 200 27
180.175.150.119 - - [15/Jan/2021:10:51:47 +0800] "GET /xingrg/kc/buy/cgsh_order_operate.html?command=get_materiel&rest_code=00102&code=00102016120&supplier_code=00100151&order_time=2021-01-15 HTTP/1.1" 200 412
120.253.135.82 - - [15/Jan/2021:10:51:49 +0800] "POST /xingrg/kc/pszx/mdps_list_operate.html HTTP/1.1" 200 364
117.185.32.26 - - [15/Jan/2021:10:51:52 +0800] "GET /xingrg/all/function/internal_message.html?_=1610679107972&CODE_STATE=getMsg HTTP/1.1" 200 27
120.253.135.82 - - [15/Jan/2021:10:51:53 +0800] "POST /xingrg/kc/pszx/mdps_list_operate.html HTTP/1.1" 200 5135
180.157.253.48 - - [15/Jan/2021:10:51:54 +0800] "GET /xingrg/kc/buy/cgsh_order_operate.html?command=get_materiel&rest_code=00148&code=00101010166&supplier_code=00100323&order_time=2021-01-15 HTTP/1.1" 200 417
120.253.135.82 - - [15/Jan/2021:10:51:55 +0800] "POST /xingrg/kc/pszx/mdps_list_operate.html HTTP/1.1" 200 363
61.165.42.208 - - [15/Jan/2021:10:51:56 +0800] "GET /xingrg/all/function/internal_message.html?_=1610679095480&CODE_STATE=getMsg HTTP/1.1" 200 27
222.69.133.109 - - [15/Jan/2021:10:51:56 +0800] "GET /xingrg/all/function/internal_message.html?_=1610679114676&CODE_STATE=getMsg HTTP/1.1" 200 27
222.69.129.20 - - [15/Jan/2021:10:51:56 +0800] "GET /xingrg/all/function/internal_message.html?_=1610679108674&CODE_STATE=getMsg HTTP/1.1" 200 27
120.253.135.82 - - [15/Jan/2021:10:51:56 +0800] "GET /xingrg/kc/pszx/mdps_order_info.html?code=312021011100332 HTTP/1.1" 200 23881
120.253.135.82 - - [15/Jan/2021:10:51:56 +0800] "POST /xingrg/kc/pszx/mdps_order_operate.html HTTP/1.1" 200 3264
120.253.135.82 - - [15/Jan/2021:10:51:56 +0800] "GET /xingrg/javascript/easyui/themes/default/validatebox.css HTTP/1.1" 404 1104
180.175.150.119 - - [15/Jan/2021:10:51:57 +0800] "GET /xingrg/kc/buy/cgsh_order_operate.html?command=get_materiel&rest_code=00102&code=00102008022&supplier_code=00100151&order_time=2021-01-15 HTTP/1.1" 200 413
180.175.150.119 - - [15/Jan/2021:10:51:58 +0800] "GET /xingrg/all/function/internal_message.html?_=1610679356481&CODE_STATE=getMsg HTTP/1.1" 200 27
180.175.150.119 - - [15/Jan/2021:10:51:59 +0800] "GET /xingrg/kc/base/wldb_order_operate.html?command=get_materiel&rest_code=00102&base_code=0010476&code=00101019163 HTTP/1.1" 200 429
180.157.253.48 - - [15/Jan/2021:10:51:59 +0800] "GET /xingrg/kc/buy/cgsh_order_operate.html?command=get_materiel&rest_code=00148&code=00101001079&supplier_code=00100323&order_time=2021-01-15 HTTP/1.1" 200 415
120.253.135.82 - - [15/Jan/2021:10:52:00 +0800] "POST /xingrg/kc/pszx/mdps_list_operate.html HTTP/1.1" 200 5135
120.253.135.82 - - [15/Jan/2021:10:52:03 +0800] "GET /xingrg/check_reg.html?_=1610678880761 HTTP/1.1" 200 22
120.253.135.82 - - [15/Jan/2021:10:52:04 +0800] "POST /xingrg/kc/pszx/mdps_list_operate.html HTTP/1.1" 200 287
180.169.147.146 - - [15/Jan/2021:10:52:05 +0800] "GET /xingrg/all/function/internal_message.html?_=1610679121834&CODE_STATE=getMsg HTTP/1.1" 200 27
120.253.135.82 - - [15/Jan/2021:10:52:05 +0800] "GET /xingrg/all/function/internal_message.html?_=1610679232003&CODE_STATE=getMsg HTTP/1.1" 200 27
120.253.135.82 - - [15/Jan/2021:10:52:07 +0800] "GET /xingrg/all/function/internal_message.html?_=1610678884803&CODE_STATE=getMsg HTTP/1.1" 200 27
222.69.133.109 - - [15/Jan/2021:10:52:10 +0800] "GET /xingrg/kc/base/wldb_order_operate.html?command=get_materiel&rest_code=00154&base_code=0010724&code=00101022084 HTTP/1.1" 200 430
180.175.150.119 - - [15/Jan/2021:10:52:10 +0800] "POST /xingrg/kc/base/wldb_order_operate.html HTTP/1.1" 200 37
120.253.135.82 - - [15/Jan/2021:10:52:10 +0800] "POST /xingrg/kc/pszx/mdps_list_operate.html HTTP/1.1" 200 1872
180.169.147.146 - - [15/Jan/2021:10:52:10 +0800] "GET /xingrg/all/function/internal_message.html?_=1610679131702&CODE_STATE=getMsg HTTP/1.1" 200 27
222.70.179.50 - - [15/Jan/2021:10:52:11 +0800] "GET /xingrg/all/function/internal_message.html?_=1610679125718&CODE_STATE=getMsg HTTP/1.1" 200 27
120.253.135.82 - - [15/Jan/2021:10:52:12 +0800] "POST /xingrg/kc/pszx/mdps_list_operate.html HTTP/1.1" 200 364
180.175.150.119 - - [15/Jan/2021:10:52:12 +0800] "POST /xingrg/kc/base/wldb_order_operate.html HTTP/1.1" 200 12
180.175.150.119 - - [15/Jan/2021:10:52:12 +0800] "POST /xingrg/kc/base/wldb_order_operate.html HTTP/1.1" 200 4712
180.175.150.119 - - [15/Jan/2021:10:52:13 +0800] "GET /xingrg/kc/base/wldb_order_info.html?code=422021011501767 HTTP/1.1" 200 26375
180.156.237.57 - - [15/Jan/2021:10:52:13 +0800] "GET /xingrg/check_reg.html?_=1610679116372 HTTP/1.1" 200 22
120.253.135.82 - - [15/Jan/2021:10:52:13 +0800] "GET /xingrg/kc/pszx/mdps_order_info.html?code=312021011000328 HTTP/1.1" 200 23881
180.175.150.119 - - [15/Jan/2021:10:52:13 +0800] "GET /xingrg/all/function/internal_message.html?_=1610679131908&CODE_STATE=getMsg HTTP/1.1" 200 27
180.175.150.119 - - [15/Jan/2021:10:52:14 +0800] "POST /xingrg/kc/base/wldb_order_operate.html HTTP/1.1" 200 2952
120.253.135.82 - - [15/Jan/2021:10:52:14 +0800] "POST /xingrg/kc/pszx/mdps_order_operate.html HTTP/1.1" 200 3264
120.253.135.82 - - [15/Jan/2021:10:52:14 +0800] "GET /xingrg/javascript/easyui/themes/default/validatebox.css HTTP/1.1" 404 1104
180.175.150.119 - - [15/Jan/2021:10:52:14 +0800] "GET /xingrg/javascript/easyui/themes/default/validatebox.css HTTP/1.1" 404 1104
180.175.150.119 - - [15/Jan/2021:10:52:16 +0800] "GET /xingrg/kc/base/wldb_order_add.html HTTP/1.1" 200 30498
116.228.172.94 - - [15/Jan/2021:10:52:17 +0800] "GET /xingrg/all/function/internal_message.html?_=1610679126735&CODE_STATE=getMsg HTTP/1.1" 200 27
180.156.237.57 - - [15/Jan/2021:10:52:17 +0800] "GET /xingrg/all/function/internal_message.html?_=1610679120752&CODE_STATE=getMsg HTTP/1.1" 200 27
180.175.150.119 - - [15/Jan/2021:10:52:17 +0800] "POST /xingrg/kc/base/wldb_order_operate.html HTTP/1.1" 200 6806
180.157.253.48 - - [15/Jan/2021:10:52:18 +0800] "GET /xingrg/all/function/internal_message.html?_=1610679138956&CODE_STATE=getMsg HTTP/1.1" 200 27
180.175.150.119 - - [15/Jan/2021:10:52:18 +0800] "GET /xingrg/javascript/easyui/themes/default/validatebox.css HTTP/1.1" 404 1104
58.37.230.33 - - [15/Jan/2021:10:52:18 +0800] "GET /xingrg/check_reg.html?_=1610679180823 HTTP/1.1" 200 22
58.37.230.33 - - [15/Jan/2021:10:52:18 +0800] "GET /xingrg/all/function/internal_message.html?_=1610679180824&CODE_STATE=getMsg HTTP/1.1" 200 27
180.175.150.119 - - [15/Jan/2021:10:52:19 +0800] "POST /xingrg/all/common/load_combo.html?type=base HTTP/1.1" 200 3060
180.175.150.119 - - [15/Jan/2021:10:52:21 +0800] "POST /xingrg/all/common/load_combo.html?type=base HTTP/1.1" 200 3060
61.165.42.208 - - [15/Jan/2021:10:52:22 +0800] "GET /xingrg/all/function/internal_message.html?_=1610679144804&CODE_STATE=getMsg HTTP/1.1" 200 27
218.81.216.242 - - [15/Jan/2021:10:52:23 +0800] "GET /xingrg/all/function/internal_message.html?_=1610679174154&CODE_STATE=getMsg HTTP/1.1" 200 27
120.253.135.82 - - [15/Jan/2021:10:52:25 +0800] "GET /xingrg/kc/pszx/mdps_order_operate.html?command=get_materiel&pszx_code=00101&rest_code=00102&base_code=0010246&code=00101006002 HTTP/1.1" 200 439
180.169.147.146 - - [15/Jan/2021:10:52:25 +0800] "GET /xingrg/all/function/internal_message.html?_=1610679143443&CODE_STATE=getMsg HTTP/1.1" 200 27
180.156.237.57 - - [15/Jan/2021:10:52:26 +0800] "GET /xingrg/all/function/internal_message.html?_=1610679145675&CODE_STATE=getMsg HTTP/1.1" 200 27
120.204.17.71 - - [15/Jan/2021:10:52:26 +0800] "GET /xingrg/check_reg.html?_=1610678434358 HTTP/1.1" 302 -
180.169.147.146 - - [15/Jan/2021:10:52:26 +0800] "GET /xingrg/check_reg.html?_=1610679144069 HTTP/1.1" 200 22
180.169.147.146 - - [15/Jan/2021:10:52:27 +0800] "GET /xingrg/all/function/internal_message.html?_=1610679143028&CODE_STATE=getMsg HTTP/1.1" 200 27
120.204.17.71 - - [15/Jan/2021:10:52:28 +0800] "GET /xingrg/login.html HTTP/1.1" 200 7641
180.175.150.119 - - [15/Jan/2021:10:52:28 +0800] "POST /xingrg/kc/buy/cgsh_order_operate.html HTTP/1.1" 200 37
61.165.42.208 - - [15/Jan/2021:10:52:29 +0800] "GET /xingrg/all/function/internal_message.html?_=1610679149343&CODE_STATE=getMsg HTTP/1.1" 200 27
180.157.253.48 - - [15/Jan/2021:10:52:29 +0800] "GET /xingrg/kc/buy/cgsh_order_operate.html?command=get_materiel&rest_code=00148&code=00101011008&supplier_code=00100323&order_time=2021-01-15 HTTP/1.1" 200 419
61.165.42.208 - - [15/Jan/2021:10:52:30 +0800] "POST /xingrg/dwr/call/plaincall/AjaxQqpsService.getMaterielByCode.dwr HTTP/1.1" 200 2655
180.175.150.119 - - [15/Jan/2021:10:52:31 +0800] "POST /xingrg/kc/buy/cgsh_order_operate.html HTTP/1.1" 200 12
120.253.135.82 - - [15/Jan/2021:10:52:31 +0800] "POST /xingrg/kc/pszx/mdps_order_operate.html HTTP/1.1" 200 37
61.165.42.208 - - [15/Jan/2021:10:52:32 +0800] "POST /xingrg/dwr/call/plaincall/AjaxQqpsService.saveMaterielItem.dwr HTTP/1.1" 200 78
120.253.135.82 - - [15/Jan/2021:10:52:32 +0800] "GET /xingrg/kc/pszx/mdps_order_info.html?code=312021011000328 HTTP/1.1" 200 23881
180.175.150.119 - - [15/Jan/2021:10:52:33 +0800] "GET /xingrg/kc/buy/cgsh_order_info.html?code=212021011506397 HTTP/1.1" 200 56743
120.253.135.82 - - [15/Jan/2021:10:52:33 +0800] "POST /xingrg/kc/pszx/mdps_order_operate.html HTTP/1.1" 200 3755
120.253.135.82 - - [15/Jan/2021:10:52:33 +0800] "GET /xingrg/javascript/easyui/themes/default/validatebox.css HTTP/1.1" 404 1104
180.175.150.119 - - [15/Jan/2021:10:52:34 +0800] "GET /xingrg/javascript/easyui/themes/default/validatebox.css HTTP/1.1" 404 1104
180.175.150.119 - - [15/Jan/2021:10:52:34 +0800] "POST /xingrg/kc/buy/cgsh_order_operate.html HTTP/1.1" 200 1799
180.175.150.119 - - [15/Jan/2021:10:52:34 +0800] "GET /xingrg/kc/base/wldb_order_operate.html?command=get_materiel&rest_code=00102&base_code=0010476&code=00101019056 HTTP/1.1" 200 474
120.253.135.82 - - [15/Jan/2021:10:52:34 +0800] "POST /xingrg/kc/pszx/mdps_list_operate.html HTTP/1.1" 200 1873
180.175.150.119 - - [15/Jan/2021:10:52:35 +0800] "GET /xingrg/kc/print/load_data.html?order_code=212021011506397&kc_code=cgsh&condition= HTTP/1.1" 200 1133
116.233.74.9 - - [15/Jan/2021:10:52:36 +0800] "GET /xingrg/all/function/internal_message.html?_=1610679153305&CODE_STATE=getMsg HTTP/1.1" 200 27
180.157.253.48 - - [15/Jan/2021:10:52:37 +0800] "GET /xingrg/kc/buy/cgsh_order_operate.html?command=get_materiel&rest_code=00148&code=00101004017&supplier_code=00100323&order_time=2021-01-15 HTTP/1.1" 200 413
180.175.150.119 - - [15/Jan/2021:10:52:38 +0800] "GET /xingrg/kc/buy/cgsh_order_add.html HTTP/1.1" 200 61851
120.253.135.82 - - [15/Jan/2021:10:52:39 +0800] "POST /xingrg/kc/pszx/mdps_list_operate.html HTTP/1.1" 200 5136
180.175.150.119 - - [15/Jan/2021:10:52:39 +0800] "POST /xingrg/kc/buy/cgsh_order_operate.html HTTP/1.1" 200 8245
180.175.150.119 - - [15/Jan/2021:10:52:39 +0800] "GET /xingrg/kc/base/wldb_order_operate.html?command=get_materiel&rest_code=00102&base_code=0010476&code=00101019066 HTTP/1.1" 200 441
180.175.150.119 - - [15/Jan/2021:10:52:39 +0800] "GET /xingrg/javascript/easyui/themes/default/validatebox.css HTTP/1.1" 404 1104
172.20.0.100 - - [15/Jan/2021:10:52:41 +0800] "GET /xingrg/all/function/internal_message.html?_=1610679157746&CODE_STATE=getMsg HTTP/1.1" 302 -
172.20.0.100 - - [15/Jan/2021:10:52:41 +0800] "GET /xingrg/check_reg.html?_=1610679157749 HTTP/1.1" 302 -
120.253.135.82 - - [15/Jan/2021:10:52:42 +0800] "POST /xingrg/kc/pszx/mdps_list_operate.html HTTP/1.1" 200 609
222.69.133.109 - - [15/Jan/2021:10:52:42 +0800] "GET /xingrg/kc/base/wldb_order_operate.html?command=get_materiel&rest_code=00154&base_code=0010724&code=00101019238 HTTP/1.1" 200 468
120.253.135.82 - - [15/Jan/2021:10:52:43 +0800] "GET /xingrg/kc/pszx/mdps_order_info.html?code=312021011500447 HTTP/1.1" 200 23883
61.165.42.208 - - [15/Jan/2021:10:52:43 +0800] "POST /xingrg/dwr/call/plaincall/AjaxQqpsService.getMaterielByCode.dwr HTTP/1.1" 200 2655
120.253.135.82 - - [15/Jan/2021:10:52:43 +0800] "POST /xingrg/kc/pszx/mdps_order_operate.html HTTP/1.1" 200 14367
120.253.135.82 - - [15/Jan/2021:10:52:43 +0800] "GET /xingrg/javascript/easyui/themes/default/validatebox.css HTTP/1.1" 404 1104
61.165.42.208 - - [15/Jan/2021:10:52:44 +0800] "POST /xingrg/dwr/call/plaincall/AjaxQqpsService.saveMaterielItem.dwr HTTP/1.1" 200 78
180.175.150.119 - - [15/Jan/2021:10:52:46 +0800] "POST /xingrg/kc/base/wldb_order_operate.html HTTP/1.1" 200 37
58.40.7.146 - - [15/Jan/2021:10:52:47 +0800] "GET /xingrg/all/function/internal_message.html?_=1610679164424&CODE_STATE=getMsg HTTP/1.1" 200 27
180.175.150.119 - - [15/Jan/2021:10:52:47 +0800] "POST /xingrg/kc/base/wldb_order_operate.html HTTP/1.1" 200 12
180.175.150.119 - - [15/Jan/2021:10:52:47 +0800] "POST /xingrg/kc/base/wldb_order_operate.html HTTP/1.1" 200 3208
61.165.42.208 - - [15/Jan/2021:10:52:48 +0800] "POST /xingrg/dwr/call/plaincall/AjaxQqpsService.getMaterielByCode.dwr HTTP/1.1" 200 2650
180.175.150.119 - - [15/Jan/2021:10:52:48 +0800] "GET /xingrg/kc/base/wldb_order_info.html?code=422021011501768 HTTP/1.1" 200 26371
61.165.42.208 - - [15/Jan/2021:10:52:49 +0800] "POST /xingrg/dwr/call/plaincall/AjaxQqpsService.saveMaterielItem.dwr HTTP/1.1" 200 78
222.69.133.109 - - [15/Jan/2021:10:52:50 +0800] "POST /xingrg/kc/base/wldb_order_operate.html HTTP/1.1" 200 37
180.175.150.119 - - [15/Jan/2021:10:52:50 +0800] "POST /xingrg/kc/base/wldb_order_operate.html HTTP/1.1" 200 1481
180.175.150.119 - - [15/Jan/2021:10:52:50 +0800] "GET /xingrg/javascript/easyui/themes/default/validatebox.css HTTP/1.1" 404 1104
180.157.253.48 - - [15/Jan/2021:10:52:51 +0800] "GET /xingrg/kc/buy/cgsh_order_operate.html?command=get_materiel&rest_code=00148&code=00101010123&supplier_code=00100323&order_time=2021-01-15 HTTP/1.1" 200 417
222.69.133.109 - - [15/Jan/2021:10:52:51 +0800] "POST /xingrg/kc/base/wldb_order_operate.html HTTP/1.1" 200 12
222.69.133.109 - - [15/Jan/2021:10:52:51 +0800] "POST /xingrg/kc/base/wldb_order_operate.html HTTP/1.1" 200 6083
180.175.150.119 - - [15/Jan/2021:10:52:52 +0800] "GET /xingrg/kc/base/wldb_order_add.html HTTP/1.1" 200 30498
222.69.133.109 - - [15/Jan/2021:10:52:52 +0800] "GET /xingrg/kc/base/wldb_order_info.html?code=422021011501769 HTTP/1.1" 200 26387
117.185.32.26 - - [15/Jan/2021:10:52:52 +0800] "GET /xingrg/all/function/internal_message.html?_=1610679167942&CODE_STATE=getMsg HTTP/1.1" 200 27
222.69.133.109 - - [15/Jan/2021:10:52:53 +0800] "GET /xingrg/words/20210115102945_words.js HTTP/1.1" 304 -
222.69.133.109 - - [15/Jan/2021:10:52:53 +0800] "GET /xingrg/javascript/easyui/themes/default/validatebox.css HTTP/1.1" 404 1104
222.69.133.109 - - [15/Jan/2021:10:52:53 +0800] "POST /xingrg/kc/base/wldb_order_operate.html HTTP/1.1" 200 4280
180.175.150.119 - - [15/Jan/2021:10:52:53 +0800] "GET /xingrg/kc/buy/cgsh_order_operate.html?command=get_materiel&rest_code=00102&code=00102010071&supplier_code=00100212&order_time=2021-01-15 HTTP/1.1" 200 408
180.175.150.119 - - [15/Jan/2021:10:52:53 +0800] "POST /xingrg/kc/base/wldb_order_operate.html HTTP/1.1" 200 6806
180.175.150.119 - - [15/Jan/2021:10:52:54 +0800] "GET /xingrg/javascript/easyui/themes/default/validatebox.css HTTP/1.1" 404 1104
180.175.150.119 - - [15/Jan/2021:10:52:54 +0800] "GET /xingrg/check_reg.html?_=1610679412498 HTTP/1.1" 200 22
180.175.150.119 - - [15/Jan/2021:10:52:54 +0800] "POST /xingrg/all/common/load_combo.html?type=base HTTP/1.1" 200 3060
61.165.42.208 - - [15/Jan/2021:10:52:56 +0800] "GET /xingrg/all/function/internal_message.html?_=1610679155479&CODE_STATE=getMsg HTTP/1.1" 200 27
61.165.42.208 - - [15/Jan/2021:10:52:56 +0800] "GET /xingrg/check_reg.html?_=1610679155482 HTTP/1.1" 200 22
222.69.133.109 - - [15/Jan/2021:10:52:56 +0800] "GET /xingrg/all/function/internal_message.html?_=1610679174684&CODE_STATE=getMsg HTTP/1.1" 200 27
222.69.129.20 - - [15/Jan/2021:10:52:56 +0800] "GET /xingrg/all/function/internal_message.html?_=1610679168674&CODE_STATE=getMsg HTTP/1.1" 200 27
180.175.150.119 - - [15/Jan/2021:10:52:56 +0800] "POST /xingrg/all/common/load_combo.html?type=base HTTP/1.1" 200 3060
120.253.135.82 - - [15/Jan/2021:10:52:58 +0800] "POST /xingrg/kc/pszx/mdps_order_operate.html HTTP/1.1" 200 37
180.175.150.119 - - [15/Jan/2021:10:52:58 +0800] "GET /xingrg/all/function/internal_message.html?_=1610679416495&CODE_STATE=getMsg HTTP/1.1" 200 27
120.253.135.82 - - [15/Jan/2021:10:52:58 +0800] "GET /xingrg/kc/pszx/mdps_order_info.html?code=312021011500447 HTTP/1.1" 200 23883
120.253.135.82 - - [15/Jan/2021:10:52:59 +0800] "POST /xingrg/kc/pszx/mdps_order_operate.html HTTP/1.1" 200 13873
120.253.135.82 - - [15/Jan/2021:10:52:59 +0800] "GET /xingrg/javascript/easyui/themes/default/validatebox.css HTTP/1.1" 404 1104
180.169.147.146 - - [15/Jan/2021:10:53:05 +0800] "GET /xingrg/check_reg.html?_=1610679181823 HTTP/1.1" 200 22
180.169.147.146 - - [15/Jan/2021:10:53:05 +0800] "GET /xingrg/all/function/internal_message.html?_=1610679181828&CODE_STATE=getMsg HTTP/1.1" 200 27
120.253.135.82 - - [15/Jan/2021:10:53:05 +0800] "GET /xingrg/all/function/internal_message.html?_=1610679292010&CODE_STATE=getMsg HTTP/1.1" 200 27
120.253.135.82 - - [15/Jan/2021:10:53:07 +0800] "GET /xingrg/all/function/internal_message.html?_=1610678944812&CODE_STATE=getMsg HTTP/1.1" 200 27
180.169.147.146 - - [15/Jan/2021:10:53:10 +0800] "GET /xingrg/all/function/internal_message.html?_=1610679191704&CODE_STATE=getMsg HTTP/1.1" 200 27
222.70.179.50 - - [15/Jan/2021:10:53:11 +0800] "GET /xingrg/all/function/internal_message.html?_=1610679185727&CODE_STATE=getMsg HTTP/1.1" 200 27
180.157.253.48 - - [15/Jan/2021:10:53:13 +0800] "POST /xingrg/kc/buy/cgsh_order_operate.html HTTP/1.1" 200 37
180.175.150.119 - - [15/Jan/2021:10:53:13 +0800] "GET /xingrg/all/function/internal_message.html?_=1610679191918&CODE_STATE=getMsg HTTP/1.1" 200 27
180.175.150.119 - - [15/Jan/2021:10:53:13 +0800] "GET /xingrg/kc/buy/cgsh_order_operate.html?command=get_materiel&rest_code=00102&code=00102010318&supplier_code=00100212&order_time=2021-01-15 HTTP/1.1" 200 409
116.228.172.94 - - [15/Jan/2021:10:53:17 +0800] "GET /xingrg/all/function/internal_message.html?_=1610679186709&CODE_STATE=getMsg HTTP/1.1" 200 27
180.156.237.57 - - [15/Jan/2021:10:53:17 +0800] "GET /xingrg/all/function/internal_message.html?_=1610679180767&CODE_STATE=getMsg HTTP/1.1" 200 27
180.157.253.48 - - [15/Jan/2021:10:53:18 +0800] "GET /xingrg/all/function/internal_message.html?_=1610679198933&CODE_STATE=getMsg HTTP/1.1" 200 27
58.37.230.33 - - [15/Jan/2021:10:53:18 +0800] "GET /xingrg/all/function/internal_message.html?_=1610679240822&CODE_STATE=getMsg HTTP/1.1" 200 27
180.157.253.48 - - [15/Jan/2021:10:53:19 +0800] "POST /xingrg/kc/buy/cgsh_order_operate.html HTTP/1.1" 200 12
180.175.150.119 - - [15/Jan/2021:10:53:20 +0800] "GET /xingrg/kc/base/wldb_order_operate.html?command=get_materiel&rest_code=00102&base_code=0010476&code=00101016029 HTTP/1.1" 200 461
180.157.253.48 - - [15/Jan/2021:10:53:20 +0800] "GET /xingrg/kc/buy/cgsh_order_info.html?code=212021011506398 HTTP/1.1" 200 56797
180.157.253.48 - - [15/Jan/2021:10:53:20 +0800] "GET /xingrg/words/20210115102945_words.js HTTP/1.1" 304 -
180.157.253.48 - - [15/Jan/2021:10:53:21 +0800] "GET /xingrg/javascript/easyui/themes/default/validatebox.css HTTP/1.1" 404 1104
180.157.253.48 - - [15/Jan/2021:10:53:21 +0800] "POST /xingrg/kc/buy/cgsh_order_operate.html HTTP/1.1" 200 6577
61.165.42.208 - - [15/Jan/2021:10:53:22 +0800] "GET /xingrg/all/function/internal_message.html?_=1610679204791&CODE_STATE=getMsg HTTP/1.1" 200 27
180.157.253.48 - - [15/Jan/2021:10:53:22 +0800] "GET /xingrg/kc/print/load_data.html?order_code=212021011506398&kc_code=cgsh&condition= HTTP/1.1" 200 3019
120.253.135.82 - - [15/Jan/2021:10:53:23 +0800] "POST /xingrg/kc/pszx/mdps_list_operate.html HTTP/1.1" 200 5136
218.81.216.242 - - [15/Jan/2021:10:53:23 +0800] "GET /xingrg/all/function/internal_message.html?_=1610679234330&CODE_STATE=getMsg HTTP/1.1" 200 27
180.169.147.146 - - [15/Jan/2021:10:53:25 +0800] "GET /xingrg/all/function/internal_message.html?_=1610679203423&CODE_STATE=getMsg HTTP/1.1" 200 27
180.156.237.57 - - [15/Jan/2021:10:53:26 +0800] "GET /xingrg/all/function/internal_message.html?_=1610679205669&CODE_STATE=getMsg HTTP/1.1" 200 27
180.157.253.48 - - [15/Jan/2021:10:53:26 +0800] "GET /xingrg/kc/buy/cgsh_order_add.html HTTP/1.1" 200 61892
180.175.150.119 - - [15/Jan/2021:10:53:26 +0800] "GET /xingrg/kc/base/wldb_order_operate.html?command=get_materiel&rest_code=00102&base_code=0010476&code=00101019498 HTTP/1.1" 200 475
120.253.135.82 - - [15/Jan/2021:10:53:26 +0800] "POST /xingrg/kc/pszx/mdps_list_operate.html HTTP/1.1" 200 203
180.157.253.48 - - [15/Jan/2021:10:53:27 +0800] "POST /xingrg/kc/buy/cgsh_order_operate.html HTTP/1.1" 200 8245
180.169.147.146 - - [15/Jan/2021:10:53:27 +0800] "GET /xingrg/all/function/internal_message.html?_=1610679203028&CODE_STATE=getMsg HTTP/1.1" 200 27
180.157.253.48 - - [15/Jan/2021:10:53:27 +0800] "GET /xingrg/javascript/easyui/themes/default/validatebox.css HTTP/1.1" 404 1104
61.165.42.208 - - [15/Jan/2021:10:53:29 +0800] "GET /xingrg/all/function/internal_message.html?_=1610679209324&CODE_STATE=getMsg HTTP/1.1" 200 27
120.253.135.82 - - [15/Jan/2021:10:53:30 +0800] "GET /xingrg/kc/pszx/mdps_order_add.html HTTP/1.1" 200 29131
120.253.135.82 - - [15/Jan/2021:10:53:30 +0800] "POST /xingrg/kc/pszx/mdps_order_operate.html HTTP/1.1" 200 7126
120.253.135.82 - - [15/Jan/2021:10:53:30 +0800] "GET /xingrg/javascript/easyui/themes/default/validatebox.css HTTP/1.1" 404 1104
120.204.17.71 - - [15/Jan/2021:10:53:32 +0800] "GET /xingrg/all/function/internal_message.html?_=1610678508193&CODE_STATE=getMsg HTTP/1.1" 302 -
180.157.253.48 - - [15/Jan/2021:10:53:33 +0800] "GET /xingrg/kc/buy/cgsh_order_operate.html?command=get_materiel&rest_code=00148&code=00101004010&supplier_code=00100312&order_time=2021-01-15 HTTP/1.1" 200 409
116.233.74.9 - - [15/Jan/2021:10:53:36 +0800] "GET /xingrg/all/function/internal_message.html?_=1610679213302&CODE_STATE=getMsg HTTP/1.1" 200 27
120.253.135.82 - - [15/Jan/2021:10:53:38 +0800] "POST /xingrg/all/common/load_combo.html?type=base HTTP/1.1" 200 984
58.221.95.50 - - [15/Jan/2021:10:53:39 +0800] "GET /xingrg/check_reg.html?_=1610679216462 HTTP/1.1" 302 -
180.157.253.48 - - [15/Jan/2021:10:53:40 +0800] "GET /xingrg/kc/buy/cgsh_order_operate.html?command=get_materiel&rest_code=00148&code=00101004067&supplier_code=00100312&order_time=2021-01-15 HTTP/1.1" 200 413
172.20.0.100 - - [15/Jan/2021:10:53:41 +0800] "GET /xingrg/all/function/internal_message.html?_=1610679217733&CODE_STATE=getMsg HTTP/1.1" 302 -
120.204.17.71 - - [15/Jan/2021:10:53:42 +0800] "GET /xingrg/login.html HTTP/1.1" 200 7641
180.157.253.48 - - [15/Jan/2021:10:53:44 +0800] "GET /xingrg/kc/buy/cgsh_order_operate.html?command=get_materiel&rest_code=00148&code=00101004061&supplier_code=00100312&order_time=2021-01-15 HTTP/1.1" 200 409
120.253.135.82 - - [15/Jan/2021:10:53:46 +0800] "GET /xingrg/kc/pszx/mdps_order_operate.html?command=get_materiel&pszx_code=00101&rest_code=00102&base_code=0010252&code=00101014040 HTTP/1.1" 200 434
58.40.7.146 - - [15/Jan/2021:10:53:47 +0800] "GET /xingrg/all/function/internal_message.html?_=1610679224428&CODE_STATE=getMsg HTTP/1.1" 200 27
180.157.253.48 - - [15/Jan/2021:10:53:50 +0800] "GET /xingrg/kc/buy/cgsh_order_operate.html?command=get_materiel&rest_code=00148&code=00101004030&supplier_code=00100312&order_time=2021-01-15 HTTP/1.1" 200 428
180.175.150.119 - - [15/Jan/2021:10:53:51 +0800] "GET /xingrg/kc/buy/cgsh_order_operate.html?command=get_materiel&rest_code=00102&code=00102011044&supplier_code=00100212&order_time=2021-01-15 HTTP/1.1" 200 410
120.253.135.82 - - [15/Jan/2021:10:53:52 +0800] "POST /xingrg/kc/pszx/mdps_order_operate.html HTTP/1.1" 200 37
117.185.32.26 - - [15/Jan/2021:10:53:52 +0800] "GET /xingrg/all/function/internal_message.html?_=1610679227916&CODE_STATE=getMsg HTTP/1.1" 200 27
180.175.150.119 - - [15/Jan/2021:10:53:53 +0800] "GET /xingrg/kc/base/wldb_order_operate.html?command=get_materiel&rest_code=00102&base_code=0010476&code=00101019131 HTTP/1.1" 200 452
120.253.135.82 - - [15/Jan/2021:10:53:53 +0800] "GET /xingrg/kc/pszx/mdps_order_info.html?code=312021011500475 HTTP/1.1" 200 23881
120.253.135.82 - - [15/Jan/2021:10:53:54 +0800] "POST /xingrg/kc/pszx/mdps_order_operate.html HTTP/1.1" 200 2276
120.253.135.82 - - [15/Jan/2021:10:53:54 +0800] "GET /xingrg/javascript/easyui/themes/default/validatebox.css HTTP/1.1" 404 1104
61.165.42.208 - - [15/Jan/2021:10:53:56 +0800] "GET /xingrg/all/function/internal_message.html?_=1610679215484&CODE_STATE=getMsg HTTP/1.1" 200 27
222.69.133.109 - - [15/Jan/2021:10:53:56 +0800] "GET /xingrg/all/function/internal_message.html?_=1610679234672&CODE_STATE=getMsg HTTP/1.1" 200 27
222.69.129.20 - - [15/Jan/2021:10:53:56 +0800] "GET /xingrg/all/function/internal_message.html?_=1610679228679&CODE_STATE=getMsg HTTP/1.1" 200 27
180.157.253.48 - - [15/Jan/2021:10:53:57 +0800] "GET /xingrg/kc/buy/cgsh_order_operate.html?command=get_materiel&rest_code=00148&code=00101005015&supplier_code=00100312&order_time=2021-01-15 HTTP/1.1" 200 409
180.175.150.119 - - [15/Jan/2021:10:53:58 +0800] "GET /xingrg/all/function/internal_message.html?_=1610679476518&CODE_STATE=getMsg HTTP/1.1" 200 27
180.175.150.119 - - [15/Jan/2021:10:54:01 +0800] "POST /xingrg/kc/buy/cgsh_order_operate.html HTTP/1.1" 200 37
180.157.253.48 - - [15/Jan/2021:10:54:02 +0800] "GET /xingrg/kc/buy/cgsh_order_operate.html?command=get_materiel&rest_code=00148&code=00101005017&supplier_code=00100312&order_time=2021-01-15 HTTP/1.1" 200 409
180.175.150.119 - - [15/Jan/2021:10:54:02 +0800] "GET /xingrg/kc/base/wldb_order_operate.html?command=get_materiel&rest_code=00102&base_code=0010476&code=00101019130 HTTP/1.1" 200 471
180.175.150.119 - - [15/Jan/2021:10:54:03 +0800] "POST /xingrg/kc/buy/cgsh_order_operate.html HTTP/1.1" 200 12
180.175.150.119 - - [15/Jan/2021:10:54:03 +0800] "GET /xingrg/kc/buy/cgsh_order_info.html?code=212021011506399 HTTP/1.1" 200 56745
180.175.150.119 - - [15/Jan/2021:10:54:04 +0800] "GET /xingrg/javascript/easyui/themes/default/validatebox.css HTTP/1.1" 404 1104
180.175.150.119 - - [15/Jan/2021:10:54:05 +0800] "POST /xingrg/kc/buy/cgsh_order_operate.html HTTP/1.1" 200 1788
180.169.147.146 - - [15/Jan/2021:10:54:05 +0800] "GET /xingrg/all/function/internal_message.html?_=1610679241834&CODE_STATE=getMsg HTTP/1.1" 200 27
120.253.135.82 - - [15/Jan/2021:10:54:05 +0800] "GET /xingrg/all/function/internal_message.html?_=1610679352032&CODE_STATE=getMsg HTTP/1.1" 200 27
180.175.150.119 - - [15/Jan/2021:10:54:06 +0800] "GET /xingrg/kc/print/load_data.html?order_code=212021011506399&kc_code=cgsh&condition= HTTP/1.1" 200 1123
180.175.150.119 - - [15/Jan/2021:10:54:07 +0800] "GET /xingrg/kc/base/wldb_order_operate.html?command=get_materiel&rest_code=00102&base_code=0010476&code=00101019222 HTTP/1.1" 200 453
120.253.135.82 - - [15/Jan/2021:10:54:07 +0800] "GET /xingrg/all/function/internal_message.html?_=1610679004825&CODE_STATE=getMsg HTTP/1.1" 200 27
180.175.150.119 - - [15/Jan/2021:10:54:09 +0800] "GET /xingrg/kc/buy/cgsh_order_add.html HTTP/1.1" 200 61851
180.169.147.146 - - [15/Jan/2021:10:54:10 +0800] "GET /xingrg/all/function/internal_message.html?_=1610679251696&CODE_STATE=getMsg HTTP/1.1" 200 27
180.175.150.119 - - [15/Jan/2021:10:54:10 +0800] "POST /xingrg/kc/buy/cgsh_order_operate.html HTTP/1.1" 200 8245
180.175.150.119 - - [15/Jan/2021:10:54:11 +0800] "GET /xingrg/javascript/easyui/themes/default/validatebox.css HTTP/1.1" 404 1104
222.70.179.50 - - [15/Jan/2021:10:54:11 +0800] "GET /xingrg/check_reg.html?_=1610679245542 HTTP/1.1" 200 22
222.70.179.50 - - [15/Jan/2021:10:54:11 +0800] "GET /xingrg/all/function/internal_message.html?_=1610679245741&CODE_STATE=getMsg HTTP/1.1" 200 27
180.157.253.48 - - [15/Jan/2021:10:54:11 +0800] "GET /xingrg/kc/buy/cgsh_order_operate.html?command=get_materiel&rest_code=00148&code=00101001016&supplier_code=00100312&order_time=2021-01-15 HTTP/1.1" 200 435
120.253.135.82 - - [15/Jan/2021:10:54:13 +0800] "POST /xingrg/kc/pszx/mdps_order_operate.html HTTP/1.1" 200 37
180.175.150.119 - - [15/Jan/2021:10:54:13 +0800] "GET /xingrg/all/function/internal_message.html?_=1610679251924&CODE_STATE=getMsg HTTP/1.1" 200 27
120.253.135.82 - - [15/Jan/2021:10:54:14 +0800] "GET /xingrg/kc/pszx/mdps_order_info.html?code=312021011500475 HTTP/1.1" 200 23881
116.228.172.94 - - [15/Jan/2021:10:54:14 +0800] "GET /xingrg/check_reg.html?_=1610679244291 HTTP/1.1" 200 22
120.253.135.82 - - [15/Jan/2021:10:54:15 +0800] "POST /xingrg/kc/pszx/mdps_order_operate.html HTTP/1.1" 200 2276
120.253.135.82 - - [15/Jan/2021:10:54:15 +0800] "GET /xingrg/javascript/easyui/themes/default/validatebox.css HTTP/1.1" 404 1104
120.253.135.82 - - [15/Jan/2021:10:54:16 +0800] "POST /xingrg/kc/pszx/mdps_list_operate.html HTTP/1.1" 200 5138
180.175.150.119 - - [15/Jan/2021:10:54:17 +0800] "GET /xingrg/kc/base/wldb_order_operate.html?command=get_materiel&rest_code=00102&base_code=0010476&code=00101019015 HTTP/1.1" 200 437
116.228.172.94 - - [15/Jan/2021:10:54:17 +0800] "GET /xingrg/all/function/internal_message.html?_=1610679246680&CODE_STATE=getMsg HTTP/1.1" 200 27
180.156.237.57 - - [15/Jan/2021:10:54:17 +0800] "GET /xingrg/all/function/internal_message.html?_=1610679240808&CODE_STATE=getMsg HTTP/1.1" 200 27
180.157.253.48 - - [15/Jan/2021:10:54:18 +0800] "GET /xingrg/all/function/internal_message.html?_=1610679258905&CODE_STATE=getMsg HTTP/1.1" 200 27
180.157.253.48 - - [15/Jan/2021:10:54:18 +0800] "GET /xingrg/kc/buy/cgsh_order_operate.html?command=get_materiel&rest_code=00148&code=00101001096&supplier_code=00100312&order_time=2021-01-15 HTTP/1.1" 200 413
180.157.253.48 - - [15/Jan/2021:10:54:18 +0800] "GET /xingrg/check_reg.html?_=1610679258989 HTTP/1.1" 200 22
58.37.230.33 - - [15/Jan/2021:10:54:18 +0800] "GET /xingrg/all/function/internal_message.html?_=1610679300835&CODE_STATE=getMsg HTTP/1.1" 200 27
117.131.5.26 - - [15/Jan/2021:10:54:18 +0800] "GET /xingrg/login.html HTTP/1.1" 200 7641
117.131.5.26 - - [15/Jan/2021:10:54:19 +0800] "GET /favicon.ico HTTP/1.1" 404 -
120.253.135.82 - - [15/Jan/2021:10:54:21 +0800] "POST /xingrg/kc/pszx/mdps_list_operate.html HTTP/1.1" 200 647
61.165.42.208 - - [15/Jan/2021:10:54:22 +0800] "GET /xingrg/all/function/internal_message.html?_=1610679264792&CODE_STATE=getMsg HTTP/1.1" 200 27
120.253.135.82 - - [15/Jan/2021:10:54:23 +0800] "POST /xingrg/kc/pszx/mdps_list_operate.html HTTP/1.1" 200 613
218.81.216.242 - - [15/Jan/2021:10:54:23 +0800] "GET /xingrg/all/function/internal_message.html?_=1610679294336&CODE_STATE=getMsg HTTP/1.1" 200 27
120.253.135.82 - - [15/Jan/2021:10:54:24 +0800] "GET /xingrg/kc/pszx/mdps_order_info.html?code=312021011500447 HTTP/1.1" 200 23883
120.253.135.82 - - [15/Jan/2021:10:54:24 +0800] "GET /xingrg/javascript/easyui/themes/default/validatebox.css HTTP/1.1" 404 1104
120.253.135.82 - - [15/Jan/2021:10:54:24 +0800] "POST /xingrg/kc/pszx/mdps_order_operate.html HTTP/1.1" 200 13873
180.169.147.146 - - [15/Jan/2021:10:54:25 +0800] "GET /xingrg/all/function/internal_message.html?_=1610679263402&CODE_STATE=getMsg HTTP/1.1" 200 27
180.175.150.119 - - [15/Jan/2021:10:54:25 +0800] "GET /xingrg/kc/buy/cgsh_order_operate.html?command=get_materiel&rest_code=00102&code=00102009950&supplier_code=00100212&order_time=2021-01-15 HTTP/1.1" 200 426
180.156.237.57 - - [15/Jan/2021:10:54:26 +0800] "GET /xingrg/all/function/internal_message.html?_=1610679265674&CODE_STATE=getMsg HTTP/1.1" 200 27
117.185.32.26 - - [15/Jan/2021:10:54:26 +0800] "POST /xingrg/services/DataTransmitService HTTP/1.1" 200 524
117.185.32.26 - - [15/Jan/2021:10:54:26 +0800] "POST /xingrg/services/DataTransmitService HTTP/1.1" 200 501
180.169.147.146 - - [15/Jan/2021:10:54:27 +0800] "GET /xingrg/all/function/internal_message.html?_=1610679263030&CODE_STATE=getMsg HTTP/1.1" 200 27
180.157.253.48 - - [15/Jan/2021:10:54:28 +0800] "POST /xingrg/kc/buy/cgsh_order_operate.html HTTP/1.1" 200 37
61.165.42.208 - - [15/Jan/2021:10:54:29 +0800] "GET /xingrg/all/function/internal_message.html?_=1610679269294&CODE_STATE=getMsg HTTP/1.1" 200 27
180.175.150.119 - - [15/Jan/2021:10:54:29 +0800] "GET /xingrg/kc/base/wldb_order_operate.html?command=get_materiel&rest_code=00102&base_code=0010476&code=00101016065 HTTP/1.1" 200 469
180.175.150.119 - - [15/Jan/2021:10:54:32 +0800] "GET /xingrg/kc/buy/cgsh_order_operate.html?command=get_materiel&rest_code=00102&code=00102009949&supplier_code=00100212&order_time=2021-01-15 HTTP/1.1" 200 408
116.233.74.9 - - [15/Jan/2021:10:54:36 +0800] "GET /xingrg/all/function/internal_message.html?_=1610679273315&CODE_STATE=getMsg HTTP/1.1" 200 27
180.175.150.119 - - [15/Jan/2021:10:54:37 +0800] "GET /xingrg/kc/base/wldb_order_operate.html?command=get_materiel&rest_code=00102&base_code=0010476&code=00101016001 HTTP/1.1" 200 457
120.253.135.82 - - [15/Jan/2021:10:54:41 +0800] "GET /xingrg/check_reg.html?_=1610679387576 HTTP/1.1" 200 22
172.20.0.100 - - [15/Jan/2021:10:54:41 +0800] "GET /xingrg/all/function/internal_message.html?_=1610679277737&CODE_STATE=getMsg HTTP/1.1" 302 -
180.175.150.119 - - [15/Jan/2021:10:54:42 +0800] "GET /xingrg/kc/base/wldb_order_operate.html?command=get_materiel&rest_code=00102&base_code=0010476&code=00101013010 HTTP/1.1" 200 436
120.253.135.82 - - [15/Jan/2021:10:54:42 +0800] "POST /xingrg/kc/pszx/mdps_order_operate.html HTTP/1.1" 200 37
180.157.253.48 - - [15/Jan/2021:10:54:42 +0800] "POST /xingrg/kc/buy/cgsh_order_operate.html HTTP/1.1" 200 12
120.253.135.82 - - [15/Jan/2021:10:54:43 +0800] "GET /xingrg/kc/pszx/mdps_order_info.html?code=312021011500447 HTTP/1.1" 200 23883
180.157.253.48 - - [15/Jan/2021:10:54:43 +0800] "GET /xingrg/kc/buy/cgsh_order_info.html?code=212021011506400 HTTP/1.1" 200 56798
120.253.135.82 - - [15/Jan/2021:10:54:44 +0800] "POST /xingrg/kc/pszx/mdps_order_operate.html HTTP/1.1" 200 13384
120.253.135.82 - - [15/Jan/2021:10:54:44 +0800] "GET /xingrg/javascript/easyui/themes/default/validatebox.css HTTP/1.1" 404 1104
180.157.253.48 - - [15/Jan/2021:10:54:44 +0800] "GET /xingrg/javascript/easyui/themes/default/validatebox.css HTTP/1.1" 404 1104
180.157.253.48 - - [15/Jan/2021:10:54:44 +0800] "POST /xingrg/kc/buy/cgsh_order_operate.html HTTP/1.1" 200 4752
120.253.135.82 - - [15/Jan/2021:10:54:46 +0800] "POST /xingrg/kc/pszx/mdps_list_operate.html HTTP/1.1" 200 5137
180.157.253.48 - - [15/Jan/2021:10:54:46 +0800] "GET /xingrg/kc/print/load_data.html?order_code=212021011506400&kc_code=cgsh&condition= HTTP/1.1" 200 2296
58.40.7.146 - - [15/Jan/2021:10:54:47 +0800] "GET /xingrg/all/function/internal_message.html?_=1610679284414&CODE_STATE=getMsg HTTP/1.1" 200 27
120.253.135.82 - - [15/Jan/2021:10:54:48 +0800] "POST /xingrg/kc/pszx/mdps_list_operate.html HTTP/1.1" 200 613
180.175.150.119 - - [15/Jan/2021:10:54:48 +0800] "GET /xingrg/kc/base/wldb_order_operate.html?command=get_materiel&rest_code=00102&base_code=0010476&code=00101016044 HTTP/1.1" 200 464
