180.175.150.119 - - [15/Jan/2021:10:36:25 +0800] "GET /xingrg/all/function/internal_message.html?_=1610678183959&CODE_STATE=getMsg HTTP/1.1" 200 27
180.169.147.146 - - [15/Jan/2021:10:36:26 +0800] "GET /xingrg/all/function/internal_message.html?_=1610678183761&CODE_STATE=getMsg HTTP/1.1" 200 27
180.169.147.146 - - [15/Jan/2021:10:36:27 +0800] "GET /xingrg/all/function/internal_message.html?_=1610678183035&CODE_STATE=getMsg HTTP/1.1" 200 27
180.175.150.119 - - [15/Jan/2021:10:36:29 +0800] "GET /xingrg/kc/buy/cgsh_order_operate.html?command=get_materiel&rest_code=00102&code=00101008088&supplier_code=00100008&order_time=2021-01-15 HTTP/1.1" 200 409
61.165.42.208 - - [15/Jan/2021:10:36:29 +0800] "GET /xingrg/all/function/internal_message.html?_=1610678189692&CODE_STATE=getMsg HTTP/1.1" 200 27
120.204.17.71 - - [15/Jan/2021:10:36:29 +0800] "GET /xingrg/login.html HTTP/1.1" 200 7641
61.165.42.208 - - [15/Jan/2021:10:36:30 +0800] "GET /xingrg/check_reg.html?_=1610678191098 HTTP/1.1" 200 22
180.175.150.119 - - [15/Jan/2021:10:36:36 +0800] "GET /xingrg/kc/buy/cgsh_order_operate.html?command=get_materiel&rest_code=00102&code=00101008051&supplier_code=00100008&order_time=2021-01-15 HTTP/1.1" 200 408
116.233.74.9 - - [15/Jan/2021:10:36:36 +0800] "GET /xingrg/check_reg.html?_=1610678193292 HTTP/1.1" 200 22
116.233.74.9 - - [15/Jan/2021:10:36:36 +0800] "GET /xingrg/all/function/internal_message.html?_=1610678193291&CODE_STATE=getMsg HTTP/1.1" 200 27
180.175.150.119 - - [15/Jan/2021:10:36:41 +0800] "GET /xingrg/kc/buy/cgsh_order_operate.html?command=get_materiel&rest_code=00102&code=00101008224&supplier_code=00100008&order_time=2021-01-15 HTTP/1.1" 200 416
172.20.0.100 - - [15/Jan/2021:10:36:41 +0800] "GET /xingrg/all/function/internal_message.html?_=1610678197746&CODE_STATE=getMsg HTTP/1.1" 302 -
120.204.17.73 - - [15/Jan/2021:10:36:46 +0800] "GET /xingrg/kc/buy/cgsh_order_operate.html?command=get_materiel&rest_code=00106&code=00101006111&supplier_code=00100015&order_time=2021-01-15 HTTP/1.1" 302 -
58.40.7.146 - - [15/Jan/2021:10:36:47 +0800] "GET /xingrg/all/function/internal_message.html?_=1610678204415&CODE_STATE=getMsg HTTP/1.1" 200 27
180.175.150.119 - - [15/Jan/2021:10:36:49 +0800] "GET /xingrg/kc/buy/cgsh_order_operate.html?command=get_materiel&rest_code=00102&code=00101008003&supplier_code=00100008&order_time=2021-01-15 HTTP/1.1" 200 408
117.185.32.26 - - [15/Jan/2021:10:36:52 +0800] "GET /xingrg/all/function/internal_message.html?_=1610678207687&CODE_STATE=getMsg HTTP/1.1" 200 27
120.204.17.73 - - [15/Jan/2021:10:36:54 +0800] "GET /xingrg/login.html HTTP/1.1" 200 7641
180.175.150.119 - - [15/Jan/2021:10:36:54 +0800] "GET /xingrg/all/function/internal_message.html?_=1610678452797&CODE_STATE=getMsg HTTP/1.1" 200 27
61.165.42.208 - - [15/Jan/2021:10:36:55 +0800] "GET /xingrg/all/function/internal_message.html?_=1610678195458&CODE_STATE=getMsg HTTP/1.1" 200 27
222.69.133.109 - - [15/Jan/2021:10:36:56 +0800] "GET /xingrg/all/function/internal_message.html?_=1610678214687&CODE_STATE=getMsg HTTP/1.1" 200 27
222.69.129.20 - - [15/Jan/2021:10:36:56 +0800] "GET /xingrg/all/function/internal_message.html?_=1610678208654&CODE_STATE=getMsg HTTP/1.1" 200 27
180.156.237.57 - - [15/Jan/2021:10:36:57 +0800] "GET /xingrg/all/function/internal_message.html?_=1610678216989&CODE_STATE=getMsg HTTP/1.1" 200 27
180.175.150.119 - - [15/Jan/2021:10:36:57 +0800] "GET /xingrg/kc/buy/cgsh_order_operate.html?command=get_materiel&rest_code=00102&code=00101008356&supplier_code=00100008&order_time=2021-01-15 HTTP/1.1" 200 408
180.175.150.119 - - [15/Jan/2021:10:37:02 +0800] "GET /xingrg/kc/buy/cgsh_order_operate.html?command=get_materiel&rest_code=00102&code=00101014019&supplier_code=00100008&order_time=2021-01-15 HTTP/1.1" 200 431
120.253.135.82 - - [15/Jan/2021:10:37:03 +0800] "GET /xingrg/check_reg.html?_=1610677980632 HTTP/1.1" 200 22
180.169.147.146 - - [15/Jan/2021:10:37:05 +0800] "GET /xingrg/all/function/internal_message.html?_=1610678221830&CODE_STATE=getMsg HTTP/1.1" 200 27
120.253.135.82 - - [15/Jan/2021:10:37:05 +0800] "GET /xingrg/all/function/internal_message.html?_=1610678331803&CODE_STATE=getMsg HTTP/1.1" 200 27
180.175.150.119 - - [15/Jan/2021:10:37:06 +0800] "GET /xingrg/kc/buy/cgsh_order_operate.html?command=get_materiel&rest_code=00102&code=00101008077&supplier_code=00100008&order_time=2021-01-15 HTTP/1.1" 200 416
120.253.135.82 - - [15/Jan/2021:10:37:06 +0800] "GET /xingrg/all/function/internal_message.html?_=1610677983785&CODE_STATE=getMsg HTTP/1.1" 200 27
180.156.237.57 - - [15/Jan/2021:10:37:08 +0800] "GET /xingrg/all/function/internal_message.html?_=1610678212171&CODE_STATE=getMsg HTTP/1.1" 200 27
180.169.147.146 - - [15/Jan/2021:10:37:10 +0800] "GET /xingrg/all/function/internal_message.html?_=1610678231680&CODE_STATE=getMsg HTTP/1.1" 200 27
222.70.179.50 - - [15/Jan/2021:10:37:11 +0800] "GET /xingrg/all/function/internal_message.html?_=1610678225510&CODE_STATE=getMsg HTTP/1.1" 200 27
180.156.237.57 - - [15/Jan/2021:10:37:12 +0800] "POST /xingrg/all/user/operate.html HTTP/1.1" 200 36
180.156.237.57 - - [15/Jan/2021:10:37:12 +0800] "GET /xingrg/index.html?sysBaseUrl=http%3A%2F%2F180.169.147.146%3A18081%2Fxingrg%2F&costTime=42×tamp=1610675927944 HTTP/1.1" 200 17179
180.156.237.57 - - [15/Jan/2021:10:37:12 +0800] "GET /xingrg/javascript/jquery_easy_ui/themes/default/easyui.css HTTP/1.1" 304 -
180.156.237.57 - - [15/Jan/2021:10:37:13 +0800] "GET /xingrg/javascript/jquery_easy_ui/themes/icon.css HTTP/1.1" 304 -
180.156.237.57 - - [15/Jan/2021:10:37:13 +0800] "GET /xingrg/css/form.css HTTP/1.1" 304 -
180.156.237.57 - - [15/Jan/2021:10:37:13 +0800] "GET /xingrg/javascript/jquery-1.4.2.min.js HTTP/1.1" 304 -
180.156.237.57 - - [15/Jan/2021:10:37:13 +0800] "GET /xingrg/javascript/jquery_easy_ui/jquery.easyui.min.js HTTP/1.1" 304 -
180.156.237.57 - - [15/Jan/2021:10:37:13 +0800] "GET /xingrg/javascript/jquery_easy_ui/easyui-lang-zh_CN.js HTTP/1.1" 304 -
180.156.237.57 - - [15/Jan/2021:10:37:13 +0800] "GET /xingrg/javascript/jquery.form.js HTTP/1.1" 304 -
180.156.237.57 - - [15/Jan/2021:10:37:13 +0800] "GET /xingrg/javascript/jquery.utils.js HTTP/1.1" 304 -
180.156.237.57 - - [15/Jan/2021:10:37:13 +0800] "GET /xingrg/javascript/jquery.timers.js HTTP/1.1" 304 -
180.156.237.57 - - [15/Jan/2021:10:37:13 +0800] "GET /xingrg/images/blue/navBackgound.jpg HTTP/1.1" 304 -
180.156.237.57 - - [15/Jan/2021:10:37:13 +0800] "GET /xingrg/images/blue/jxLogo.png HTTP/1.1" 304 -
180.156.237.57 - - [15/Jan/2021:10:37:13 +0800] "GET /xingrg/javascript/jquery_easy_ui/themes/icons/settle_new.png HTTP/1.1" 304 -
180.156.237.57 - - [15/Jan/2021:10:37:13 +0800] "GET /xingrg/images/blue/pingpu.png HTTP/1.1" 304 -
180.156.237.57 - - [15/Jan/2021:10:37:13 +0800] "GET /xingrg/javascript/jquery_easy_ui/themes/default/images/tabs_leftarrow.png HTTP/1.1" 304 -
180.156.237.57 - - [15/Jan/2021:10:37:13 +0800] "GET /xingrg/javascript/jquery_easy_ui/themes/default/images/tabs_rightarrow.png HTTP/1.1" 304 -
180.156.237.57 - - [15/Jan/2021:10:37:13 +0800] "GET /xingrg/javascript/jquery_easy_ui/themes/default/images/panel_tool_collapse.gif HTTP/1.1" 304 -
180.156.237.57 - - [15/Jan/2021:10:37:13 +0800] "POST /xingrg/all/common/load_tree.html?tree=area_rest_tree_json&manage=1 HTTP/1.1" 200 476
180.156.237.57 - - [15/Jan/2021:10:37:13 +0800] "GET /xingrg/check_reg.html?_=1610678216365 HTTP/1.1" 200 22
180.156.237.57 - - [15/Jan/2021:10:37:13 +0800] "GET /xingrg/all/function/internal_message.html?_=1610678216364&CODE_STATE=count HTTP/1.1" 200 11
180.156.237.57 - - [15/Jan/2021:10:37:13 +0800] "POST /xingrg/load_menu.html HTTP/1.1" 200 5138
116.228.172.94 - - [15/Jan/2021:10:37:17 +0800] "GET /xingrg/all/function/internal_message.html?_=1610678227007&CODE_STATE=getMsg HTTP/1.1" 200 27
180.156.237.57 - - [15/Jan/2021:10:37:17 +0800] "GET /xingrg/kc/buy/cgsh_order_list.html HTTP/1.1" 200 46154
180.156.237.57 - - [15/Jan/2021:10:37:18 +0800] "POST /xingrg/kc/buy/cgsh_list_operate.html HTTP/1.1" 200 876
180.156.237.57 - - [15/Jan/2021:10:37:21 +0800] "GET /xingrg/kc/buy/cgsh_order_add.html HTTP/1.1" 200 61822
180.156.237.57 - - [15/Jan/2021:10:37:21 +0800] "POST /xingrg/kc/buy/cgsh_order_operate.html HTTP/1.1" 200 8245
180.156.237.57 - - [15/Jan/2021:10:37:21 +0800] "GET /xingrg/all/common/auto_word.html?type=employee&rest_code=00150 HTTP/1.1" 200 205
180.156.237.57 - - [15/Jan/2021:10:37:21 +0800] "GET /xingrg/all/common/auto_word.html?type=employee&rest_code=00150 HTTP/1.1" 200 205
180.156.237.57 - - [15/Jan/2021:10:37:21 +0800] "GET /xingrg/javascript/easyui/themes/default/validatebox.css HTTP/1.1" 404 1104
222.69.129.20 - - [15/Jan/2021:10:37:21 +0800] "GET /xingrg/kc/buy/cgsh_order_operate.html?command=get_materiel&rest_code=00149&code=00101001010&supplier_code=00100039&order_time=2021-01-15 HTTP/1.1" 200 409
61.165.42.208 - - [15/Jan/2021:10:37:22 +0800] "GET /xingrg/all/function/internal_message.html?_=1610678244793&CODE_STATE=getMsg HTTP/1.1" 200 27
218.81.216.242 - - [15/Jan/2021:10:37:22 +0800] "GET /xingrg/all/function/internal_message.html?_=1610678272951&CODE_STATE=getMsg HTTP/1.1" 200 27
180.175.150.119 - - [15/Jan/2021:10:37:26 +0800] "GET /xingrg/all/function/internal_message.html?_=1610678244019&CODE_STATE=getMsg HTTP/1.1" 200 27
180.169.147.146 - - [15/Jan/2021:10:37:26 +0800] "GET /xingrg/all/function/internal_message.html?_=1610678243737&CODE_STATE=getMsg HTTP/1.1" 200 27
180.169.147.146 - - [15/Jan/2021:10:37:26 +0800] "GET /xingrg/check_reg.html?_=1610678243988 HTTP/1.1" 200 22
180.169.147.146 - - [15/Jan/2021:10:37:27 +0800] "GET /xingrg/all/function/internal_message.html?_=1610678243039&CODE_STATE=getMsg HTTP/1.1" 200 27
61.165.42.208 - - [15/Jan/2021:10:37:29 +0800] "GET /xingrg/all/function/internal_message.html?_=1610678249670&CODE_STATE=getMsg HTTP/1.1" 200 27
180.175.150.119 - - [15/Jan/2021:10:37:34 +0800] "GET /xingrg/kc/buy/cgsh_order_operate.html?command=get_materiel&rest_code=00102&code=00101008296&supplier_code=00100008&order_time=2021-01-15 HTTP/1.1" 200 416
120.204.17.70 - - [15/Jan/2021:10:37:35 +0800] "GET /xingrg/kc/buy/cgsh_order_info.html?code=212021011506377 HTTP/1.1" 302 -
116.233.74.9 - - [15/Jan/2021:10:37:36 +0800] "GET /xingrg/all/function/internal_message.html?_=1610678253291&CODE_STATE=getMsg HTTP/1.1" 200 27
120.204.17.70 - - [15/Jan/2021:10:37:37 +0800] "GET /xingrg/login.html HTTP/1.1" 200 7641
180.175.150.119 - - [15/Jan/2021:10:37:39 +0800] "POST /xingrg/kc/buy/cgsh_order_operate.html HTTP/1.1" 200 2065
222.69.129.20 - - [15/Jan/2021:10:37:40 +0800] "POST /xingrg/kc/buy/cgsh_order_operate.html HTTP/1.1" 200 37
172.20.0.100 - - [15/Jan/2021:10:37:41 +0800] "GET /xingrg/all/function/internal_message.html?_=1610678257734&CODE_STATE=getMsg HTTP/1.1" 302 -
172.20.0.100 - - [15/Jan/2021:10:37:41 +0800] "GET /xingrg/check_reg.html?_=1610678257736 HTTP/1.1" 302 -
58.40.7.146 - - [15/Jan/2021:10:37:47 +0800] "GET /xingrg/all/function/internal_message.html?_=1610678264403&CODE_STATE=getMsg HTTP/1.1" 200 27
222.69.129.20 - - [15/Jan/2021:10:37:50 +0800] "POST /xingrg/kc/buy/cgsh_order_operate.html HTTP/1.1" 200 12
183.192.164.214 - - [15/Jan/2021:10:37:51 +0800] "GET /xingrg/all/function/internal_message.html?_=1610677606806&CODE_STATE=getMsg HTTP/1.1" 302 -
222.69.129.20 - - [15/Jan/2021:10:37:52 +0800] "GET /xingrg/kc/buy/cgsh_order_info.html?code=212021011506383 HTTP/1.1" 200 56841
117.185.32.26 - - [15/Jan/2021:10:37:52 +0800] "GET /xingrg/all/function/internal_message.html?_=1610678267664&CODE_STATE=getMsg HTTP/1.1" 200 27
222.69.129.20 - - [15/Jan/2021:10:37:52 +0800] "GET /xingrg/words/20210115102945_words.js HTTP/1.1" 304 -
222.69.129.20 - - [15/Jan/2021:10:37:53 +0800] "GET /xingrg/javascript/easyui/themes/default/validatebox.css HTTP/1.1" 404 1104
222.69.129.20 - - [15/Jan/2021:10:37:53 +0800] "POST /xingrg/kc/buy/cgsh_order_operate.html HTTP/1.1" 200 5352
180.175.150.119 - - [15/Jan/2021:10:37:53 +0800] "GET /xingrg/check_reg.html?_=1610678511858 HTTP/1.1" 200 22
222.69.129.20 - - [15/Jan/2021:10:37:54 +0800] "GET /xingrg/kc/print/load_data.html?order_code=212021011506383&kc_code=cgsh&condition= HTTP/1.1" 200 2533
180.175.150.119 - - [15/Jan/2021:10:37:54 +0800] "GET /xingrg/all/function/internal_message.html?_=1610678512812&CODE_STATE=getMsg HTTP/1.1" 200 27
183.192.164.214 - - [15/Jan/2021:10:37:54 +0800] "GET /xingrg/login.html HTTP/1.1" 200 7641
61.165.42.208 - - [15/Jan/2021:10:37:55 +0800] "GET /xingrg/all/function/internal_message.html?_=1610678255457&CODE_STATE=getMsg HTTP/1.1" 200 27
61.165.42.208 - - [15/Jan/2021:10:37:55 +0800] "GET /xingrg/check_reg.html?_=1610678255458 HTTP/1.1" 200 22
222.69.133.109 - - [15/Jan/2021:10:37:56 +0800] "GET /xingrg/all/function/internal_message.html?_=1610678274693&CODE_STATE=getMsg HTTP/1.1" 200 27
222.69.129.20 - - [15/Jan/2021:10:37:56 +0800] "GET /xingrg/all/function/internal_message.html?_=1610678268673&CODE_STATE=getMsg HTTP/1.1" 200 27
180.175.150.119 - - [15/Jan/2021:10:37:56 +0800] "GET /xingrg/kc/buy/cgsh_order_operate.html?command=get_materiel&rest_code=00102&code=00101008186&supplier_code=00100008&order_time=2021-01-15 HTTP/1.1" 200 409
180.156.237.57 - - [15/Jan/2021:10:37:57 +0800] "GET /xingrg/all/function/internal_message.html?_=1610678276988&CODE_STATE=getMsg HTTP/1.1" 200 27
180.175.150.119 - - [15/Jan/2021:10:38:01 +0800] "GET /xingrg/kc/buy/cgsh_order_operate.html?command=get_materiel&rest_code=00102&code=00101008025&supplier_code=00100008&order_time=2021-01-15 HTTP/1.1" 200 408
120.204.17.72 - - [15/Jan/2021:10:38:05 +0800] "GET /xingrg/kc/buy/cgsh_order_add.html HTTP/1.1" 302 -
180.169.147.146 - - [15/Jan/2021:10:38:05 +0800] "GET /xingrg/all/function/internal_message.html?_=1610678281836&CODE_STATE=getMsg HTTP/1.1" 200 27
180.169.147.146 - - [15/Jan/2021:10:38:05 +0800] "GET /xingrg/check_reg.html?_=1610678281842 HTTP/1.1" 200 22
120.253.135.82 - - [15/Jan/2021:10:38:05 +0800] "GET /xingrg/all/function/internal_message.html?_=1610678391806&CODE_STATE=getMsg HTTP/1.1" 200 27
120.253.135.82 - - [15/Jan/2021:10:38:06 +0800] "GET /xingrg/all/function/internal_message.html?_=1610678043796&CODE_STATE=getMsg HTTP/1.1" 200 27
180.169.147.146 - - [15/Jan/2021:10:38:10 +0800] "GET /xingrg/all/function/internal_message.html?_=1610678291682&CODE_STATE=getMsg HTTP/1.1" 200 27
120.204.17.72 - - [15/Jan/2021:10:38:10 +0800] "GET /xingrg/login.html HTTP/1.1" 200 7641
180.156.237.57 - - [15/Jan/2021:10:38:11 +0800] "GET /xingrg/javascript/auto/indicator.gif HTTP/1.1" 404 1066
222.70.179.50 - - [15/Jan/2021:10:38:11 +0800] "GET /xingrg/all/function/internal_message.html?_=1610678285524&CODE_STATE=getMsg HTTP/1.1" 200 27
180.156.237.57 - - [15/Jan/2021:10:38:13 +0800] "GET /xingrg/all/function/internal_message.html?_=1610678276366&CODE_STATE=getMsg HTTP/1.1" 200 27
116.228.172.94 - - [15/Jan/2021:10:38:17 +0800] "GET /xingrg/all/function/internal_message.html?_=1610678286991&CODE_STATE=getMsg HTTP/1.1" 200 27
180.156.237.57 - - [15/Jan/2021:10:38:21 +0800] "GET /xingrg/kc/buy/cgsh_order_operate.html?command=get_materiel&rest_code=00150&code=00101015027&supplier_code=00100054&order_time=2021-01-15 HTTP/1.1" 200 416
61.165.42.208 - - [15/Jan/2021:10:38:22 +0800] "GET /xingrg/all/function/internal_message.html?_=1610678304794&CODE_STATE=getMsg HTTP/1.1" 200 27
218.81.216.242 - - [15/Jan/2021:10:38:22 +0800] "GET /xingrg/all/function/internal_message.html?_=1610678333136&CODE_STATE=getMsg HTTP/1.1" 200 27
180.175.150.119 - - [15/Jan/2021:10:38:26 +0800] "GET /xingrg/all/function/internal_message.html?_=1610678304031&CODE_STATE=getMsg HTTP/1.1" 200 27
180.169.147.146 - - [15/Jan/2021:10:38:26 +0800] "GET /xingrg/all/function/internal_message.html?_=1610678303714&CODE_STATE=getMsg HTTP/1.1" 200 27
180.169.147.146 - - [15/Jan/2021:10:38:27 +0800] "GET /xingrg/all/function/internal_message.html?_=1610678303025&CODE_STATE=getMsg HTTP/1.1" 200 27
117.185.32.26 - - [15/Jan/2021:10:38:27 +0800] "GET /xingrg/kc/mdqp/qp_main.html HTTP/1.1" 200 10633
180.175.150.119 - - [15/Jan/2021:10:38:28 +0800] "GET /xingrg/kc/buy/cgsh_order_operate.html?command=get_materiel&rest_code=00102&code=00101008447&supplier_code=00100008&order_time=2021-01-15 HTTP/1.1" 200 401
117.185.32.26 - - [15/Jan/2021:10:38:28 +0800] "GET /xingrg/images/yd/bt.gif HTTP/1.1" 404 1040
117.185.32.26 - - [15/Jan/2021:10:38:29 +0800] "GET /xingrg/kc/mdqp/qqps_order_list.html HTTP/1.1" 200 9222
117.185.32.26 - - [15/Jan/2021:10:38:29 +0800] "GET /xingrg/dwr/interface/AjaxReportQueryService.js HTTP/1.1" 200 13203
117.185.32.26 - - [15/Jan/2021:10:38:29 +0800] "GET /xingrg/dwr/interface/AjaxQqpsService.js HTTP/1.1" 200 16326
117.185.32.26 - - [15/Jan/2021:10:38:29 +0800] "GET /xingrg/dwr/engine.js HTTP/1.1" 200 43631
61.165.42.208 - - [15/Jan/2021:10:38:29 +0800] "GET /xingrg/all/function/internal_message.html?_=1610678309643&CODE_STATE=getMsg HTTP/1.1" 200 27
117.185.32.26 - - [15/Jan/2021:10:38:31 +0800] "GET /xingrg/kc/mdqp/qqps_order_add.html HTTP/1.1" 200 28162
117.185.32.26 - - [15/Jan/2021:10:38:31 +0800] "GET /xingrg/dwr/interface/AjaxComOrderService.js HTTP/1.1" 200 18264
117.185.32.26 - - [15/Jan/2021:10:38:31 +0800] "GET /xingrg/dwr/engine.js HTTP/1.1" 200 43631
117.185.32.26 - - [15/Jan/2021:10:38:31 +0800] "GET /xingrg/dwr/interface/AjaxQqpsService.js HTTP/1.1" 200 16326
180.175.150.119 - - [15/Jan/2021:10:38:31 +0800] "POST /xingrg/kc/buy/cgsh_order_operate.html HTTP/1.1" 200 2065
180.175.150.119 - - [15/Jan/2021:10:38:35 +0800] "GET /xingrg/kc/buy/cgsh_order_operate.html?command=get_materiel&rest_code=00102&code=00101008007&supplier_code=00100008&order_time=2021-01-15 HTTP/1.1" 200 413
116.233.74.9 - - [15/Jan/2021:10:38:36 +0800] "GET /xingrg/all/function/internal_message.html?_=1610678313288&CODE_STATE=getMsg HTTP/1.1" 200 27
58.221.95.50 - - [15/Jan/2021:10:38:39 +0800] "GET /xingrg/check_reg.html?_=1610678316486 HTTP/1.1" 302 -
172.20.0.100 - - [15/Jan/2021:10:38:41 +0800] "GET /xingrg/all/function/internal_message.html?_=1610678317740&CODE_STATE=getMsg HTTP/1.1" 302 -
117.185.32.26 - - [15/Jan/2021:10:38:42 +0800] "POST /xingrg/dwr/call/plaincall/AjaxQqpsService.saveOrder.dwr HTTP/1.1" 200 78
180.156.237.57 - - [15/Jan/2021:10:38:42 +0800] "POST /xingrg/kc/buy/cgsh_order_operate.html HTTP/1.1" 200 37
183.192.164.85 - - [15/Jan/2021:10:38:43 +0800] "GET /xingrg/kc/buy/cgsh_order_operate.html?command=get_materiel&rest_code=00106&code=00101007133&supplier_code=00100002&order_time=2021-01-15 HTTP/1.1" 302 -
180.156.237.57 - - [15/Jan/2021:10:38:45 +0800] "POST /xingrg/kc/buy/cgsh_order_operate.html HTTP/1.1" 200 12
180.156.237.57 - - [15/Jan/2021:10:38:45 +0800] "GET /xingrg/kc/buy/cgsh_order_info.html?code=212021011506384 HTTP/1.1" 200 56726
180.156.237.57 - - [15/Jan/2021:10:38:46 +0800] "GET /xingrg/javascript/easyui/themes/default/validatebox.css HTTP/1.1" 404 1104
180.156.237.57 - - [15/Jan/2021:10:38:46 +0800] "POST /xingrg/kc/buy/cgsh_order_operate.html HTTP/1.1" 200 609
183.192.164.85 - - [15/Jan/2021:10:38:46 +0800] "GET /xingrg/login.html HTTP/1.1" 200 7641
58.40.7.146 - - [15/Jan/2021:10:38:47 +0800] "GET /xingrg/all/function/internal_message.html?_=1610678324406&CODE_STATE=getMsg HTTP/1.1" 200 27
180.156.237.57 - - [15/Jan/2021:10:38:48 +0800] "GET /xingrg/kc/print/load_data.html?order_code=212021011506384&kc_code=cgsh&condition= HTTP/1.1" 200 724
117.185.32.26 - - [15/Jan/2021:10:38:51 +0800] "POST /xingrg/dwr/call/plaincall/AjaxQqpsService.getMaterielByCode.dwr HTTP/1.1" 200 2613
180.175.150.119 - - [15/Jan/2021:10:38:51 +0800] "GET /xingrg/kc/buy/cgsh_order_operate.html?command=get_materiel&rest_code=00102&code=00101008010&supplier_code=00100008&order_time=2021-01-15 HTTP/1.1" 200 412
117.185.32.26 - - [15/Jan/2021:10:38:52 +0800] "GET /xingrg/all/function/internal_message.html?_=1610678327648&CODE_STATE=getMsg HTTP/1.1" 200 27
180.175.150.119 - - [15/Jan/2021:10:38:54 +0800] "GET /xingrg/all/function/internal_message.html?_=1610678572825&CODE_STATE=getMsg HTTP/1.1" 200 27
120.204.17.71 - - [15/Jan/2021:10:38:55 +0800] "GET /xingrg/all/function/internal_message.html?_=1610677666775&CODE_STATE=getMsg HTTP/1.1" 302 -
61.165.42.208 - - [15/Jan/2021:10:38:55 +0800] "GET /xingrg/all/function/internal_message.html?_=1610678315456&CODE_STATE=getMsg HTTP/1.1" 200 27
222.69.133.109 - - [15/Jan/2021:10:38:56 +0800] "GET /xingrg/all/function/internal_message.html?_=1610678334682&CODE_STATE=getMsg HTTP/1.1" 200 27
222.69.133.109 - - [15/Jan/2021:10:38:56 +0800] "GET /xingrg/check_reg.html?_=1610678334687 HTTP/1.1" 200 22
222.69.129.20 - - [15/Jan/2021:10:38:56 +0800] "GET /xingrg/all/function/internal_message.html?_=1610678328656&CODE_STATE=getMsg HTTP/1.1" 200 27
180.156.237.57 - - [15/Jan/2021:10:38:57 +0800] "GET /xingrg/all/function/internal_message.html?_=1610678336988&CODE_STATE=getMsg HTTP/1.1" 200 27
180.156.237.57 - - [15/Jan/2021:10:38:57 +0800] "GET /xingrg/check_reg.html?_=1610678336992 HTTP/1.1" 200 22
117.185.32.26 - - [15/Jan/2021:10:38:57 +0800] "POST /xingrg/dwr/call/plaincall/AjaxQqpsService.saveMaterielItem.dwr HTTP/1.1" 200 78
180.175.150.119 - - [15/Jan/2021:10:38:59 +0800] "GET /xingrg/kc/buy/cgsh_order_operate.html?command=get_materiel&rest_code=00102&code=00101013021&supplier_code=00100008&order_time=2021-01-15 HTTP/1.1" 200 412
180.157.253.48 - - [15/Jan/2021:10:39:00 +0800] "GET /xingrg/login.html HTTP/1.1" 200 7641
120.204.17.71 - - [15/Jan/2021:10:39:01 +0800] "GET /xingrg/login.html HTTP/1.1" 200 7641
180.157.253.48 - - [15/Jan/2021:10:39:01 +0800] "GET /favicon.ico HTTP/1.1" 404 -
117.185.32.26 - - [15/Jan/2021:10:39:04 +0800] "POST /xingrg/dwr/call/plaincall/AjaxQqpsService.getMaterielByCode.dwr HTTP/1.1" 200 2627
180.169.147.146 - - [15/Jan/2021:10:39:05 +0800] "GET /xingrg/all/function/internal_message.html?_=1610678341831&CODE_STATE=getMsg HTTP/1.1" 200 27
120.253.135.82 - - [15/Jan/2021:10:39:05 +0800] "GET /xingrg/all/function/internal_message.html?_=1610678451827&CODE_STATE=getMsg HTTP/1.1" 200 27
117.185.32.26 - - [15/Jan/2021:10:39:06 +0800] "POST /xingrg/dwr/call/plaincall/AjaxQqpsService.saveMaterielItem.dwr HTTP/1.1" 200 78
120.253.135.82 - - [15/Jan/2021:10:39:07 +0800] "GET /xingrg/all/function/internal_message.html?_=1610678103898&CODE_STATE=getMsg HTTP/1.1" 200 27
180.175.150.119 - - [15/Jan/2021:10:39:07 +0800] "GET /xingrg/kc/buy/cgsh_order_operate.html?command=get_materiel&rest_code=00102&code=00101015038&supplier_code=00100008&order_time=2021-01-15 HTTP/1.1" 200 418
180.169.147.146 - - [15/Jan/2021:10:39:10 +0800] "GET /xingrg/all/function/internal_message.html?_=1610678351682&CODE_STATE=getMsg HTTP/1.1" 200 27
222.70.179.50 - - [15/Jan/2021:10:39:11 +0800] "GET /xingrg/check_reg.html?_=1610678345479 HTTP/1.1" 200 22
222.70.179.50 - - [15/Jan/2021:10:39:11 +0800] "GET /xingrg/all/function/internal_message.html?_=1610678345537&CODE_STATE=getMsg HTTP/1.1" 200 27
120.204.17.73 - - [15/Jan/2021:10:39:12 +0800] "GET /xingrg/kc/buy/cgsh_order_operate.html?command=get_materiel&rest_code=00106&code=00101007077&supplier_code=00100002&order_time=2021-01-15 HTTP/1.1" 302 -
117.185.32.26 - - [15/Jan/2021:10:39:12 +0800] "POST /xingrg/dwr/call/plaincall/AjaxQqpsService.getMaterielByCode.dwr HTTP/1.1" 200 2641
180.156.237.57 - - [15/Jan/2021:10:39:13 +0800] "GET /xingrg/all/function/internal_message.html?_=1610678336394&CODE_STATE=getMsg HTTP/1.1" 200 27
117.185.32.26 - - [15/Jan/2021:10:39:14 +0800] "POST /xingrg/dwr/call/plaincall/AjaxQqpsService.saveMaterielItem.dwr HTTP/1.1" 200 78
116.228.172.94 - - [15/Jan/2021:10:39:14 +0800] "GET /xingrg/check_reg.html?_=1610678344341 HTTP/1.1" 200 22
180.157.253.48 - - [15/Jan/2021:10:39:17 +0800] "POST /xingrg/login.do HTTP/1.1" 302 -
180.157.253.48 - - [15/Jan/2021:10:39:17 +0800] "GET /xingrg/index.html?sysBaseUrl=http%3A%2F%2F180.169.147.146%3A18081%2Fxingrg%2F&costTime=39×tamp=1610678357110 HTTP/1.1" 200 17179
116.228.172.94 - - [15/Jan/2021:10:39:17 +0800] "GET /xingrg/all/function/internal_message.html?_=1610678346979&CODE_STATE=getMsg HTTP/1.1" 200 27
180.157.253.48 - - [15/Jan/2021:10:39:17 +0800] "GET /favicon.ico HTTP/1.1" 404 -
180.157.253.48 - - [15/Jan/2021:10:39:18 +0800] "POST /xingrg/all/common/load_tree.html?tree=area_rest_tree_json&manage=1 HTTP/1.1" 200 351
180.157.253.48 - - [15/Jan/2021:10:39:18 +0800] "GET /xingrg/all/function/internal_message.html?_=1610678358815&CODE_STATE=count HTTP/1.1" 200 11
180.157.253.48 - - [15/Jan/2021:10:39:18 +0800] "GET /xingrg/check_reg.html?_=1610678358818 HTTP/1.1" 200 22
180.157.253.48 - - [15/Jan/2021:10:39:18 +0800] "POST /xingrg/load_menu.html HTTP/1.1" 200 5138
117.185.32.26 - - [15/Jan/2021:10:39:18 +0800] "POST /xingrg/dwr/call/plaincall/AjaxQqpsService.getMaterielByCode.dwr HTTP/1.1" 200 2613
180.175.150.119 - - [15/Jan/2021:10:39:18 +0800] "GET /xingrg/kc/buy/cgsh_order_operate.html?command=get_materiel&rest_code=00102&code=00101013179&supplier_code=00100008&order_time=2021-01-15 HTTP/1.1" 200 431
120.204.17.73 - - [15/Jan/2021:10:39:19 +0800] "GET /xingrg/login.html HTTP/1.1" 200 7641
117.185.32.26 - - [15/Jan/2021:10:39:20 +0800] "POST /xingrg/dwr/call/plaincall/AjaxQqpsService.saveMaterielItem.dwr HTTP/1.1" 200 78
61.165.42.208 - - [15/Jan/2021:10:39:22 +0800] "GET /xingrg/all/function/internal_message.html?_=1610678364795&CODE_STATE=getMsg HTTP/1.1" 200 27
218.81.216.242 - - [15/Jan/2021:10:39:22 +0800] "GET /xingrg/all/function/internal_message.html?_=1610678393149&CODE_STATE=getMsg HTTP/1.1" 200 27
180.157.253.48 - - [15/Jan/2021:10:39:23 +0800] "GET /xingrg/kc/buy/cgsh_order_list.html HTTP/1.1" 200 46154
180.175.150.119 - - [15/Jan/2021:10:39:24 +0800] "POST /xingrg/kc/buy/cgsh_order_operate.html HTTP/1.1" 200 37
180.175.150.119 - - [15/Jan/2021:10:39:25 +0800] "POST /xingrg/kc/buy/cgsh_order_operate.html HTTP/1.1" 200 19208
180.175.150.119 - - [15/Jan/2021:10:39:26 +0800] "GET /xingrg/all/function/internal_message.html?_=1610678364086&CODE_STATE=getMsg HTTP/1.1" 200 27
180.169.147.146 - - [15/Jan/2021:10:39:26 +0800] "GET /xingrg/all/function/internal_message.html?_=1610678363689&CODE_STATE=getMsg HTTP/1.1" 200 27
117.185.32.26 - - [15/Jan/2021:10:39:26 +0800] "POST /xingrg/dwr/call/plaincall/AjaxQqpsService.getMaterielByCode.dwr HTTP/1.1" 200 2634
180.157.253.48 - - [15/Jan/2021:10:39:26 +0800] "POST /xingrg/kc/buy/cgsh_list_operate.html HTTP/1.1" 200 876
180.175.150.119 - - [15/Jan/2021:10:39:27 +0800] "GET /xingrg/kc/buy/cgsh_order_add.html HTTP/1.1" 200 61851
180.169.147.146 - - [15/Jan/2021:10:39:27 +0800] "GET /xingrg/all/function/internal_message.html?_=1610678363028&CODE_STATE=getMsg HTTP/1.1" 200 27
117.185.32.26 - - [15/Jan/2021:10:39:27 +0800] "POST /xingrg/dwr/call/plaincall/AjaxQqpsService.saveMaterielItem.dwr HTTP/1.1" 200 79
180.175.150.119 - - [15/Jan/2021:10:39:28 +0800] "POST /xingrg/kc/buy/cgsh_order_operate.html HTTP/1.1" 200 8245
180.175.150.119 - - [15/Jan/2021:10:39:28 +0800] "GET /xingrg/javascript/easyui/themes/default/validatebox.css HTTP/1.1" 404 1104
61.165.42.208 - - [15/Jan/2021:10:39:29 +0800] "GET /xingrg/all/function/internal_message.html?_=1610678369625&CODE_STATE=getMsg HTTP/1.1" 200 27
117.185.32.26 - - [15/Jan/2021:10:39:30 +0800] "POST /xingrg/dwr/call/plaincall/AjaxQqpsService.getMaterielByCode.dwr HTTP/1.1" 200 2635
117.185.32.26 - - [15/Jan/2021:10:39:32 +0800] "POST /xingrg/dwr/call/plaincall/AjaxQqpsService.saveMaterielItem.dwr HTTP/1.1" 200 79
180.157.253.48 - - [15/Jan/2021:10:39:35 +0800] "GET /xingrg/javascript/jquery_tools/images/prev.gif HTTP/1.1" 404 1086
180.157.253.48 - - [15/Jan/2021:10:39:35 +0800] "GET /xingrg/javascript/jquery_tools/images/next.gif HTTP/1.1" 404 1086
116.233.74.9 - - [15/Jan/2021:10:39:36 +0800] "GET /xingrg/all/function/internal_message.html?_=1610678373286&CODE_STATE=getMsg HTTP/1.1" 200 27
117.185.32.26 - - [15/Jan/2021:10:39:36 +0800] "POST /xingrg/dwr/call/plaincall/AjaxQqpsService.getMaterielByCode.dwr HTTP/1.1" 200 2641
117.185.32.26 - - [15/Jan/2021:10:39:37 +0800] "POST /xingrg/dwr/call/plaincall/AjaxQqpsService.saveMaterielItem.dwr HTTP/1.1" 200 79
180.175.150.119 - - [15/Jan/2021:10:39:38 +0800] "GET /xingrg/kc/buy/cgsh_order_operate.html?command=get_materiel&rest_code=00102&code=00101008323&supplier_code=00100008&order_time=2021-01-15 HTTP/1.1" 200 408
180.156.237.57 - - [15/Jan/2021:10:39:41 +0800] "GET /xingrg/kc/mdqp/qqps_order_list.html HTTP/1.1" 200 9222
180.156.237.57 - - [15/Jan/2021:10:39:41 +0800] "GET /xingrg/css/blue.css HTTP/1.1" 304 -
180.156.237.57 - - [15/Jan/2021:10:39:41 +0800] "GET /xingrg/dwr/interface/AjaxQqpsService.js HTTP/1.1" 200 16326
180.156.237.57 - - [15/Jan/2021:10:39:41 +0800] "GET /xingrg/dwr/interface/AjaxReportQueryService.js HTTP/1.1" 200 13203
180.156.237.57 - - [15/Jan/2021:10:39:41 +0800] "GET /xingrg/dwr/util.js HTTP/1.1" 304 -
180.156.237.57 - - [15/Jan/2021:10:39:41 +0800] "GET /xingrg/javascript/myfunction.js HTTP/1.1" 304 -
180.156.237.57 - - [15/Jan/2021:10:39:41 +0800] "GET /xingrg/javascript/Calendar.js HTTP/1.1" 304 -
180.156.237.57 - - [15/Jan/2021:10:39:41 +0800] "GET /xingrg/javascript/ToolTips.js HTTP/1.1" 304 -
180.156.237.57 - - [15/Jan/2021:10:39:41 +0800] "GET /xingrg/dwr/engine.js HTTP/1.1" 200 43631
120.253.135.82 - - [15/Jan/2021:10:39:41 +0800] "GET /xingrg/check_reg.html?_=1610678487559 HTTP/1.1" 200 22
172.20.0.100 - - [15/Jan/2021:10:39:41 +0800] "GET /xingrg/all/function/internal_message.html?_=1610678377744&CODE_STATE=getMsg HTTP/1.1" 302 -
117.185.32.26 - - [15/Jan/2021:10:39:43 +0800] "POST /xingrg/dwr/call/plaincall/AjaxQqpsService.getMaterielByCode.dwr HTTP/1.1" 200 2621
117.185.32.26 - - [15/Jan/2021:10:39:44 +0800] "POST /xingrg/dwr/call/plaincall/AjaxQqpsService.saveMaterielItem.dwr HTTP/1.1" 200 79
180.156.237.57 - - [15/Jan/2021:10:39:44 +0800] "GET /xingrg/kc/mdqp/qqps_order_list.html?isQuery=1&timeSelect=1&orderTime=day&startTime=2021-01-14&endTime=2021-01-15&state=all&query=%C8%B7++%B6%A8 HTTP/1.1" 200 11427
180.156.237.57 - - [15/Jan/2021:10:39:45 +0800] "GET /xingrg/dwr/interface/AjaxQqpsService.js HTTP/1.1" 200 16326
180.156.237.57 - - [15/Jan/2021:10:39:45 +0800] "GET /xingrg/dwr/interface/AjaxReportQueryService.js HTTP/1.1" 200 13203
180.156.237.57 - - [15/Jan/2021:10:39:45 +0800] "GET /xingrg/dwr/engine.js HTTP/1.1" 200 43631
58.40.7.146 - - [15/Jan/2021:10:39:47 +0800] "GET /xingrg/all/function/internal_message.html?_=1610678384410&CODE_STATE=getMsg HTTP/1.1" 200 27
180.156.237.57 - - [15/Jan/2021:10:39:47 +0800] "GET /xingrg/kc/mdqp/qqps_order_info.html?code=302021011400336 HTTP/1.1" 200 26405
180.156.237.57 - - [15/Jan/2021:10:39:47 +0800] "GET /xingrg/javascript/tools/jquery.qtip-1.0.0-rc3.min.js HTTP/1.1" 304 -
180.156.237.57 - - [15/Jan/2021:10:39:47 +0800] "GET /xingrg/javascript/AjaxInfoList.js HTTP/1.1" 304 -
180.156.237.57 - - [15/Jan/2021:10:39:47 +0800] "GET /xingrg/dwr/interface/AjaxQqpsService.js HTTP/1.1" 200 16326
180.156.237.57 - - [15/Jan/2021:10:39:47 +0800] "GET /xingrg/dwr/interface/AjaxComOrderService.js HTTP/1.1" 200 18264
180.156.237.57 - - [15/Jan/2021:10:39:47 +0800] "GET /xingrg/dwr/engine.js HTTP/1.1" 200 43631
180.156.237.57 - - [15/Jan/2021:10:39:47 +0800] "GET /xingrg/javascript/Grid.js HTTP/1.1" 304 -
180.156.237.57 - - [15/Jan/2021:10:39:48 +0800] "POST /xingrg/dwr/call/plaincall/AjaxQqpsService.loadMaterielItems.dwr HTTP/1.1" 200 10394
117.185.32.26 - - [15/Jan/2021:10:39:49 +0800] "POST /xingrg/dwr/call/plaincall/AjaxQqpsService.getMaterielByCode.dwr HTTP/1.1" 200 2625
117.185.32.26 - - [15/Jan/2021:10:39:52 +0800] "GET /xingrg/all/function/internal_message.html?_=1610678387627&CODE_STATE=getMsg HTTP/1.1" 200 27
180.175.150.119 - - [15/Jan/2021:10:39:54 +0800] "GET /xingrg/all/function/internal_message.html?_=1610678632839&CODE_STATE=getMsg HTTP/1.1" 200 27
117.185.32.26 - - [15/Jan/2021:10:39:54 +0800] "POST /xingrg/dwr/call/plaincall/AjaxQqpsService.saveMaterielItem.dwr HTTP/1.1" 200 79
61.165.42.208 - - [15/Jan/2021:10:39:55 +0800] "GET /xingrg/all/function/internal_message.html?_=1610678375456&CODE_STATE=getMsg HTTP/1.1" 200 27
222.69.133.109 - - [15/Jan/2021:10:39:56 +0800] "GET /xingrg/all/function/internal_message.html?_=1610678394691&CODE_STATE=getMsg HTTP/1.1" 200 27
222.69.129.20 - - [15/Jan/2021:10:39:56 +0800] "GET /xingrg/all/function/internal_message.html?_=1610678388657&CODE_STATE=getMsg HTTP/1.1" 200 27
222.69.129.20 - - [15/Jan/2021:10:39:56 +0800] "GET /xingrg/check_reg.html?_=1610678388663 HTTP/1.1" 200 22
180.156.237.57 - - [15/Jan/2021:10:39:57 +0800] "GET /xingrg/all/function/internal_message.html?_=1610678396994&CODE_STATE=getMsg HTTP/1.1" 200 27
117.185.32.26 - - [15/Jan/2021:10:40:00 +0800] "POST /xingrg/dwr/call/plaincall/AjaxQqpsService.getMaterielByCode.dwr HTTP/1.1" 200 2614
120.253.135.82 - - [15/Jan/2021:10:40:03 +0800] "GET /xingrg/kc/report/report_main.html HTTP/1.1" 200 9370
120.253.135.82 - - [15/Jan/2021:10:40:03 +0800] "POST /xingrg/kc/pszx/mdps_list_operate.html HTTP/1.1" 200 1690
117.185.32.26 - - [15/Jan/2021:10:40:03 +0800] "POST /xingrg/dwr/call/plaincall/AjaxQqpsService.saveMaterielItem.dwr HTTP/1.1" 200 79
120.253.135.82 - - [15/Jan/2021:10:40:04 +0800] "GET /xingrg/kc/base/kc_stocks.html HTTP/1.1" 200 16380
120.253.135.82 - - [15/Jan/2021:10:40:04 +0800] "GET /xingrg/javascript/easyui/themes/default/tree.css HTTP/1.1" 404 1090
120.253.135.82 - - [15/Jan/2021:10:40:04 +0800] "POST /xingrg/all/common/load_tree.html?tree=materiel_sort_tree_json HTTP/1.1" 200 8666
180.169.147.146 - - [15/Jan/2021:10:40:05 +0800] "GET /xingrg/all/function/internal_message.html?_=1610678401829&CODE_STATE=getMsg HTTP/1.1" 200 27
120.253.135.82 - - [15/Jan/2021:10:40:05 +0800] "POST /xingrg/all/common/load_combo.html?type=base HTTP/1.1" 200 984
120.253.135.82 - - [15/Jan/2021:10:40:05 +0800] "GET /xingrg/all/function/internal_message.html?_=1610678511833&CODE_STATE=getMsg HTTP/1.1" 200 27
120.253.135.82 - - [15/Jan/2021:10:40:07 +0800] "GET /xingrg/all/function/internal_message.html?_=1610678163902&CODE_STATE=getMsg HTTP/1.1" 200 27
117.185.32.26 - - [15/Jan/2021:10:40:10 +0800] "POST /xingrg/dwr/call/plaincall/AjaxQqpsService.getMaterielByCode.dwr HTTP/1.1" 200 2619
180.169.147.146 - - [15/Jan/2021:10:40:10 +0800] "GET /xingrg/all/function/internal_message.html?_=1610678411674&CODE_STATE=getMsg HTTP/1.1" 200 27
222.70.179.50 - - [15/Jan/2021:10:40:11 +0800] "GET /xingrg/all/function/internal_message.html?_=1610678405551&CODE_STATE=getMsg HTTP/1.1" 200 27
180.156.237.57 - - [15/Jan/2021:10:40:13 +0800] "GET /xingrg/all/function/internal_message.html?_=1610678396409&CODE_STATE=getMsg HTTP/1.1" 200 27
120.253.135.82 - - [15/Jan/2021:10:40:14 +0800] "POST /xingrg/kc/base/stock_operate.html HTTP/1.1" 200 1462
117.185.32.26 - - [15/Jan/2021:10:40:17 +0800] "POST /xingrg/dwr/call/plaincall/AjaxQqpsService.saveMaterielItem.dwr HTTP/1.1" 200 79
116.228.172.94 - - [15/Jan/2021:10:40:17 +0800] "GET /xingrg/all/function/internal_message.html?_=1610678406963&CODE_STATE=getMsg HTTP/1.1" 200 27
180.157.253.48 - - [15/Jan/2021:10:40:18 +0800] "GET /xingrg/all/function/internal_message.html?_=1610678418825&CODE_STATE=getMsg HTTP/1.1" 200 27
117.185.32.26 - - [15/Jan/2021:10:40:19 +0800] "POST /xingrg/dwr/call/plaincall/AjaxQqpsService.getMaterielByCode.dwr HTTP/1.1" 200 2585
117.185.32.26 - - [15/Jan/2021:10:40:21 +0800] "POST /xingrg/dwr/call/plaincall/AjaxQqpsService.saveMaterielItem.dwr HTTP/1.1" 200 79
61.165.42.208 - - [15/Jan/2021:10:40:22 +0800] "GET /xingrg/all/function/internal_message.html?_=1610678424797&CODE_STATE=getMsg HTTP/1.1" 200 27
218.81.216.242 - - [15/Jan/2021:10:40:22 +0800] "GET /xingrg/all/function/internal_message.html?_=1610678453330&CODE_STATE=getMsg HTTP/1.1" 200 27
117.185.32.26 - - [15/Jan/2021:10:40:25 +0800] "POST /xingrg/dwr/call/plaincall/AjaxQqpsService.getMaterielByCode.dwr HTTP/1.1" 200 2586
180.175.150.119 - - [15/Jan/2021:10:40:26 +0800] "GET /xingrg/all/function/internal_message.html?_=1610678424095&CODE_STATE=getMsg HTTP/1.1" 200 27
180.169.147.146 - - [15/Jan/2021:10:40:26 +0800] "GET /xingrg/all/function/internal_message.html?_=1610678423694&CODE_STATE=getMsg HTTP/1.1" 200 27
180.156.237.57 - - [15/Jan/2021:10:40:26 +0800] "GET /xingrg/images/yd/bt.gif HTTP/1.1" 404 1040
180.156.237.57 - - [15/Jan/2021:10:40:26 +0800] "GET /xingrg/images/yd/bt2.gif HTTP/1.1" 404 1042
180.169.147.146 - - [15/Jan/2021:10:40:27 +0800] "GET /xingrg/all/function/internal_message.html?_=1610678423029&CODE_STATE=getMsg HTTP/1.1" 200 27
180.169.147.146 - - [15/Jan/2021:10:40:27 +0800] "GET /xingrg/check_reg.html?_=1610678423031 HTTP/1.1" 200 22
117.185.32.26 - - [15/Jan/2021:10:40:27 +0800] "POST /xingrg/dwr/call/plaincall/AjaxQqpsService.saveMaterielItem.dwr HTTP/1.1" 200 79
117.185.32.26 - - [15/Jan/2021:10:40:29 +0800] "POST /xingrg/dwr/call/plaincall/AjaxQqpsService.saveOrder.dwr HTTP/1.1" 200 79
61.165.42.208 - - [15/Jan/2021:10:40:29 +0800] "GET /xingrg/all/function/internal_message.html?_=1610678429607&CODE_STATE=getMsg HTTP/1.1" 200 27
180.156.237.57 - - [15/Jan/2021:10:40:29 +0800] "GET /xingrg/kc/base/wldb_order_list.html HTTP/1.1" 200 19345
180.156.237.57 - - [15/Jan/2021:10:40:30 +0800] "POST /xingrg/kc/base/wldb_list_operate.html HTTP/1.1" 200 928
117.185.32.26 - - [15/Jan/2021:10:40:31 +0800] "POST /xingrg/dwr/call/plaincall/AjaxQqpsService.saveOrder.dwr HTTP/1.1" 200 79
180.156.237.57 - - [15/Jan/2021:10:40:31 +0800] "GET /xingrg/kc/base/wldb_order_add.html HTTP/1.1" 200 30516
180.156.237.57 - - [15/Jan/2021:10:40:32 +0800] "POST /xingrg/kc/base/wldb_order_operate.html HTTP/1.1" 200 6806
180.156.237.57 - - [15/Jan/2021:10:40:32 +0800] "GET /xingrg/javascript/easyui/themes/default/validatebox.css HTTP/1.1" 404 1104
180.156.237.57 - - [15/Jan/2021:10:40:33 +0800] "POST /xingrg/all/common/load_combo.html?type=base HTTP/1.1" 200 2966
116.233.74.9 - - [15/Jan/2021:10:40:36 +0800] "GET /xingrg/all/function/internal_message.html?_=1610678433284&CODE_STATE=getMsg HTTP/1.1" 200 27
117.185.32.26 - - [15/Jan/2021:10:40:39 +0800] "GET /xingrg/check_reg.html?_=1610678434358 HTTP/1.1" 200 22
172.20.0.100 - - [15/Jan/2021:10:40:41 +0800] "GET /xingrg/all/function/internal_message.html?_=1610678437747&CODE_STATE=getMsg HTTP/1.1" 302 -
180.175.150.119 - - [15/Jan/2021:10:40:42 +0800] "GET /xingrg/kc/buy/cgsh_order_operate.html?command=get_materiel&rest_code=00102&code=00101008110&supplier_code=00100008&order_time=2021-01-15 HTTP/1.1" 200 408
58.40.7.146 - - [15/Jan/2021:10:40:47 +0800] "GET /xingrg/all/function/internal_message.html?_=1610678444414&CODE_STATE=getMsg HTTP/1.1" 200 27
58.40.7.146 - - [15/Jan/2021:10:40:47 +0800] "GET /xingrg/check_reg.html?_=1610678444416 HTTP/1.1" 200 22
180.175.150.119 - - [15/Jan/2021:10:40:47 +0800] "GET /xingrg/kc/buy/cgsh_order_operate.html?command=get_materiel&rest_code=00102&code=00101008360&supplier_code=00100008&order_time=2021-01-15 HTTP/1.1" 200 413
180.156.237.57 - - [15/Jan/2021:10:40:49 +0800] "GET /xingrg/kc/base/wldb_order_operate.html?command=get_materiel&rest_code=00150&base_code=0010445&code=00101019306 HTTP/1.1" 200 465
180.169.147.146 - - [15/Jan/2021:10:40:50 +0800] "POST /xingrg/kc/buy/cgsh_list_operate.html HTTP/1.1" 200 5868
117.185.32.26 - - [15/Jan/2021:10:40:53 +0800] "GET /xingrg/all/function/internal_message.html?_=1610678448211&CODE_STATE=getMsg HTTP/1.1" 200 27
180.175.150.119 - - [15/Jan/2021:10:40:54 +0800] "GET /xingrg/all/function/internal_message.html?_=1610678693074&CODE_STATE=getMsg HTTP/1.1" 200 27
117.185.32.26 - - [15/Jan/2021:10:40:55 +0800] "POST /xingrg/dwr/call/plaincall/AjaxQqpsService.getMaterielByCode.dwr HTTP/1.1" 200 2580
180.169.147.146 - - [15/Jan/2021:10:40:55 +0800] "POST /xingrg/kc/buy/cgsh_list_operate.html HTTP/1.1" 200 6018
61.165.42.208 - - [15/Jan/2021:10:40:55 +0800] "GET /xingrg/all/function/internal_message.html?_=1610678435457&CODE_STATE=getMsg HTTP/1.1" 200 27
222.69.133.109 - - [15/Jan/2021:10:40:56 +0800] "GET /xingrg/all/function/internal_message.html?_=1610678454692&CODE_STATE=getMsg HTTP/1.1" 200 27
222.69.129.20 - - [15/Jan/2021:10:40:56 +0800] "GET /xingrg/all/function/internal_message.html?_=1610678448663&CODE_STATE=getMsg HTTP/1.1" 200 27
180.156.237.57 - - [15/Jan/2021:10:40:57 +0800] "GET /xingrg/all/function/internal_message.html?_=1610678456994&CODE_STATE=getMsg HTTP/1.1" 200 27
180.156.237.57 - - [15/Jan/2021:10:40:57 +0800] "GET /xingrg/kc/base/wldb_order_operate.html?command=get_materiel&rest_code=00150&base_code=0010445&code=00101019175 HTTP/1.1" 200 439
117.185.32.26 - - [15/Jan/2021:10:40:57 +0800] "POST /xingrg/dwr/call/plaincall/AjaxQqpsService.saveMaterielItem.dwr HTTP/1.1" 200 79
180.169.147.146 - - [15/Jan/2021:10:40:58 +0800] "POST /xingrg/kc/buy/cgsh_list_operate.html HTTP/1.1" 200 5868
180.175.150.119 - - [15/Jan/2021:10:41:00 +0800] "GET /xingrg/kc/buy/cgsh_order_operate.html?command=get_materiel&rest_code=00102&code=00101008064&supplier_code=00100008&order_time=2021-01-15 HTTP/1.1" 200 412
180.169.147.146 - - [15/Jan/2021:10:41:00 +0800] "POST /xingrg/kc/buy/cgsh_list_operate.html HTTP/1.1" 200 6034
180.169.147.146 - - [15/Jan/2021:10:41:02 +0800] "POST /xingrg/kc/buy/cgsh_list_operate.html HTTP/1.1" 200 6011
180.169.147.146 - - [15/Jan/2021:10:41:05 +0800] "GET /xingrg/all/function/internal_message.html?_=1610678461828&CODE_STATE=getMsg HTTP/1.1" 200 27
120.253.135.82 - - [15/Jan/2021:10:41:05 +0800] "GET /xingrg/all/function/internal_message.html?_=1610678571847&CODE_STATE=getMsg HTTP/1.1" 200 27
180.169.147.146 - - [15/Jan/2021:10:41:06 +0800] "POST /xingrg/kc/buy/cgsh_list_operate.html HTTP/1.1" 200 5989
120.253.135.82 - - [15/Jan/2021:10:41:07 +0800] "GET /xingrg/all/function/internal_message.html?_=1610678223915&CODE_STATE=getMsg HTTP/1.1" 200 27
180.175.150.119 - - [15/Jan/2021:10:41:09 +0800] "GET /xingrg/kc/buy/cgsh_order_operate.html?command=get_materiel&rest_code=00102&code=00101008223&supplier_code=00100008&order_time=2021-01-15 HTTP/1.1" 200 412
183.192.164.71 - - [15/Jan/2021:10:41:09 +0800] "GET /xingrg/all/function/internal_message.html?_=1610677787772&CODE_STATE=getMsg HTTP/1.1" 302 -
180.156.237.57 - - [15/Jan/2021:10:41:10 +0800] "GET /xingrg/kc/base/wldb_order_operate.html?command=get_materiel&rest_code=00150&base_code=0010445&code=00101019183 HTTP/1.1" 200 433
180.169.147.146 - - [15/Jan/2021:10:41:10 +0800] "GET /xingrg/all/function/internal_message.html?_=1610678471676&CODE_STATE=getMsg HTTP/1.1" 200 27
180.169.147.146 - - [15/Jan/2021:10:41:10 +0800] "GET /xingrg/check_reg.html?_=1610678471680 HTTP/1.1" 200 22
180.169.147.146 - - [15/Jan/2021:10:41:11 +0800] "POST /xingrg/kc/buy/cgsh_list_operate.html HTTP/1.1" 200 6022
222.70.179.50 - - [15/Jan/2021:10:41:11 +0800] "GET /xingrg/all/function/internal_message.html?_=1610678465565&CODE_STATE=getMsg HTTP/1.1" 200 27
58.37.230.33 - - [15/Jan/2021:10:41:12 +0800] "POST /xingrg/services/DataTransmitService HTTP/1.1" 200 524
180.156.237.57 - - [15/Jan/2021:10:41:13 +0800] "GET /xingrg/all/function/internal_message.html?_=1610678456423&CODE_STATE=getMsg HTTP/1.1" 200 27
180.169.147.146 - - [15/Jan/2021:10:41:14 +0800] "POST /xingrg/kc/buy/cgsh_list_operate.html HTTP/1.1" 200 207
180.169.147.146 - - [15/Jan/2021:10:41:15 +0800] "GET /xingrg/kc/buy/cgsh_order_info.html?code=212021011406204 HTTP/1.1" 200 56756
180.169.147.146 - - [15/Jan/2021:10:41:15 +0800] "GET /xingrg/words/20210115102945_words.js HTTP/1.1" 200 789576
180.169.147.146 - - [15/Jan/2021:10:41:15 +0800] "GET /xingrg/javascript/easyui/themes/default/validatebox.css HTTP/1.1" 404 1104
180.169.147.146 - - [15/Jan/2021:10:41:15 +0800] "POST /xingrg/kc/buy/cgsh_order_operate.html HTTP/1.1" 200 614
183.192.164.71 - - [15/Jan/2021:10:41:16 +0800] "GET /xingrg/login.html HTTP/1.1" 200 7641
218.81.216.242 - - [15/Jan/2021:10:41:16 +0800] "GET /xingrg/check_reg.html?_=1610678506976 HTTP/1.1" 200 22
180.169.147.146 - - [15/Jan/2021:10:41:17 +0800] "GET /xingrg/kc/print/load_data.html?order_code=212021011406204&kc_code=cgsh&condition= HTTP/1.1" 200 708
116.228.172.94 - - [15/Jan/2021:10:41:17 +0800] "GET /xingrg/all/function/internal_message.html?_=1610678466936&CODE_STATE=getMsg HTTP/1.1" 200 27
180.157.253.48 - - [15/Jan/2021:10:41:18 +0800] "GET /xingrg/all/function/internal_message.html?_=1610678478829&CODE_STATE=getMsg HTTP/1.1" 200 27
180.175.150.119 - - [15/Jan/2021:10:41:18 +0800] "GET /xingrg/kc/buy/cgsh_order_operate.html?command=get_materiel&rest_code=00102&code=00101008079&supplier_code=00100008&order_time=2021-01-15 HTTP/1.1" 200 416
180.156.237.57 - - [15/Jan/2021:10:41:19 +0800] "GET /xingrg/kc/mdqp/qqps_order_list.html HTTP/1.1" 200 9222
180.156.237.57 - - [15/Jan/2021:10:41:19 +0800] "GET /xingrg/dwr/interface/AjaxReportQueryService.js HTTP/1.1" 200 13203
180.156.237.57 - - [15/Jan/2021:10:41:19 +0800] "GET /xingrg/dwr/interface/AjaxQqpsService.js HTTP/1.1" 200 16326
180.156.237.57 - - [15/Jan/2021:10:41:19 +0800] "GET /xingrg/dwr/engine.js HTTP/1.1" 200 43631
180.156.237.57 - - [15/Jan/2021:10:41:21 +0800] "GET /xingrg/kc/mdqp/qqps_order_add.html HTTP/1.1" 200 28002
180.156.237.57 - - [15/Jan/2021:10:41:21 +0800] "GET /xingrg/dwr/interface/AjaxQqpsService.js HTTP/1.1" 200 16326
180.156.237.57 - - [15/Jan/2021:10:41:21 +0800] "GET /xingrg/dwr/interface/AjaxComOrderService.js HTTP/1.1" 200 18264
180.156.237.57 - - [15/Jan/2021:10:41:21 +0800] "GET /xingrg/dwr/engine.js HTTP/1.1" 200 43631
61.165.42.208 - - [15/Jan/2021:10:41:22 +0800] "GET /xingrg/all/function/internal_message.html?_=1610678484798&CODE_STATE=getMsg HTTP/1.1" 200 27
61.165.42.208 - - [15/Jan/2021:10:41:22 +0800] "GET /xingrg/check_reg.html?_=1610678484802 HTTP/1.1" 200 22
218.81.216.242 - - [15/Jan/2021:10:41:22 +0800] "GET /xingrg/all/function/internal_message.html?_=1610678513332&CODE_STATE=getMsg HTTP/1.1" 200 27
180.175.150.119 - - [15/Jan/2021:10:41:23 +0800] "GET /xingrg/kc/buy/cgsh_order_operate.html?command=get_materiel&rest_code=00102&code=00101008095&supplier_code=00100008&order_time=2021-01-15 HTTP/1.1" 200 412
180.175.150.119 - - [15/Jan/2021:10:41:25 +0800] "GET /xingrg/check_reg.html?_=1610678483594 HTTP/1.1" 200 22
180.175.150.119 - - [15/Jan/2021:10:41:26 +0800] "GET /xingrg/all/function/internal_message.html?_=1610678484104&CODE_STATE=getMsg HTTP/1.1" 200 27
180.169.147.146 - - [15/Jan/2021:10:41:26 +0800] "GET /xingrg/all/function/internal_message.html?_=1610678483657&CODE_STATE=getMsg HTTP/1.1" 200 27
180.169.147.146 - - [15/Jan/2021:10:41:27 +0800] "GET /xingrg/all/function/internal_message.html?_=1610678483031&CODE_STATE=getMsg HTTP/1.1" 200 27
61.165.42.208 - - [15/Jan/2021:10:41:29 +0800] "GET /xingrg/all/function/internal_message.html?_=1610678489586&CODE_STATE=getMsg HTTP/1.1" 200 27
61.165.42.208 - - [15/Jan/2021:10:41:30 +0800] "GET /xingrg/check_reg.html?_=1610678491084 HTTP/1.1" 200 22
180.156.237.57 - - [15/Jan/2021:10:41:31 +0800] "POST /xingrg/dwr/call/plaincall/AjaxQqpsService.saveOrder.dwr HTTP/1.1" 200 78
180.175.150.119 - - [15/Jan/2021:10:41:32 +0800] "GET /xingrg/kc/buy/cgsh_order_operate.html?command=get_materiel&rest_code=00102&code=00101008168&supplier_code=00100008&order_time=2021-01-15 HTTP/1.1" 200 413
180.156.237.57 - - [15/Jan/2021:10:41:35 +0800] "POST /xingrg/dwr/call/plaincall/AjaxQqpsService.getMaterielByCode.dwr HTTP/1.1" 200 3583
116.233.74.9 - - [15/Jan/2021:10:41:36 +0800] "GET /xingrg/all/function/internal_message.html?_=1610678493307&CODE_STATE=getMsg HTTP/1.1" 200 27
116.233.74.9 - - [15/Jan/2021:10:41:36 +0800] "GET /xingrg/check_reg.html?_=1610678493308 HTTP/1.1" 200 22
180.175.150.119 - - [15/Jan/2021:10:41:36 +0800] "GET /xingrg/kc/buy/cgsh_order_operate.html?command=get_materiel&rest_code=00102&code=00101008041&supplier_code=00100008&order_time=2021-01-15 HTTP/1.1" 200 408
180.156.237.57 - - [15/Jan/2021:10:41:39 +0800] "POST /xingrg/dwr/call/plaincall/AjaxQqpsService.saveMaterielItem.dwr HTTP/1.1" 200 78
172.20.0.100 - - [15/Jan/2021:10:41:41 +0800] "GET /xingrg/all/function/internal_message.html?_=1610678497736&CODE_STATE=getMsg HTTP/1.1" 302 -
180.156.237.57 - - [15/Jan/2021:10:41:41 +0800] "POST /xingrg/dwr/call/plaincall/AjaxQqpsService.checkOrder.dwr HTTP/1.1" 200 78
180.156.237.57 - - [15/Jan/2021:10:41:42 +0800] "GET /xingrg/kc/mdqp/qqps_order_info.html?code=302021011500366 HTTP/1.1" 200 26409
180.156.237.57 - - [15/Jan/2021:10:41:42 +0800] "GET /xingrg/dwr/interface/AjaxComOrderService.js HTTP/1.1" 200 18264
180.156.237.57 - - [15/Jan/2021:10:41:42 +0800] "GET /xingrg/dwr/interface/AjaxQqpsService.js HTTP/1.1" 200 16326
180.156.237.57 - - [15/Jan/2021:10:41:42 +0800] "GET /xingrg/dwr/engine.js HTTP/1.1" 200 43631
180.156.237.57 - - [15/Jan/2021:10:41:43 +0800] "POST /xingrg/dwr/call/plaincall/AjaxQqpsService.loadMaterielItems.dwr HTTP/1.1" 200 331
180.156.237.57 - - [15/Jan/2021:10:41:45 +0800] "GET /xingrg/kc/mdqp/qqps_order_add.html HTTP/1.1" 200 28002
180.156.237.57 - - [15/Jan/2021:10:41:45 +0800] "GET /xingrg/dwr/interface/AjaxComOrderService.js HTTP/1.1" 200 18264
180.156.237.57 - - [15/Jan/2021:10:41:45 +0800] "GET /xingrg/dwr/interface/AjaxQqpsService.js HTTP/1.1" 200 16326
180.156.237.57 - - [15/Jan/2021:10:41:45 +0800] "GET /xingrg/dwr/engine.js HTTP/1.1" 200 43631
180.175.150.119 - - [15/Jan/2021:10:41:46 +0800] "GET /xingrg/kc/buy/cgsh_order_operate.html?command=get_materiel&rest_code=00102&code=00101008209&supplier_code=00100008&order_time=2021-01-15 HTTP/1.1" 200 408
58.40.7.146 - - [15/Jan/2021:10:41:47 +0800] "GET /xingrg/all/function/internal_message.html?_=1610678504419&CODE_STATE=getMsg HTTP/1.1" 200 27
180.175.150.119 - - [15/Jan/2021:10:41:53 +0800] "GET /xingrg/kc/buy/cgsh_order_operate.html?command=get_materiel&rest_code=00102&code=00101010237&supplier_code=00100008&order_time=2021-01-15 HTTP/1.1" 200 412
117.185.32.26 - - [15/Jan/2021:10:41:53 +0800] "GET /xingrg/all/function/internal_message.html?_=1610678508193&CODE_STATE=getMsg HTTP/1.1" 200 27
180.175.150.119 - - [15/Jan/2021:10:41:54 +0800] "GET /xingrg/all/function/internal_message.html?_=1610678753084&CODE_STATE=getMsg HTTP/1.1" 200 27
