180.175.150.119 - - [15/Jan/2021:09:36:52 +0800] "GET /xingrg/all/function/internal_message.html?_=1610674850954&CODE_STATE=getMsg HTTP/1.1" 200 27
222.69.133.109 - - [15/Jan/2021:09:36:53 +0800] "POST /xingrg/dwr/call/plaincall/AjaxCheckService.saveOrder.dwr HTTP/1.1" 200 78
101.93.222.235 - - [15/Jan/2021:09:36:53 +0800] "POST /xingrg/services/DataTransmitService HTTP/1.1" 200 177236
222.69.129.20 - - [15/Jan/2021:09:36:53 +0800] "POST /xingrg/services/DataTransmitService HTTP/1.1" 200 524
61.165.42.208 - - [15/Jan/2021:09:36:55 +0800] "GET /xingrg/all/function/internal_message.html?_=1610674595352&CODE_STATE=getMsg HTTP/1.1" 200 27
222.69.129.20 - - [15/Jan/2021:09:36:56 +0800] "GET /xingrg/all/function/internal_message.html?_=1610674608556&CODE_STATE=getMsg HTTP/1.1" 200 27
222.69.129.20 - - [15/Jan/2021:09:36:57 +0800] "POST /xingrg/services/DataTransmitService HTTP/1.1" 200 501
222.69.129.20 - - [15/Jan/2021:09:36:59 +0800] "POST /xingrg/services/DataTransmitService HTTP/1.1" 200 524
222.69.129.20 - - [15/Jan/2021:09:36:59 +0800] "POST /xingrg/services/DataTransmitService HTTP/1.1" 200 497
222.69.129.20 - - [15/Jan/2021:09:37:01 +0800] "POST /xingrg/services/DataTransmitService HTTP/1.1" 200 524
120.253.135.82 - - [15/Jan/2021:09:37:02 +0800] "GET /xingrg/check_reg.html?_=1610674379884 HTTP/1.1" 200 22
120.253.135.82 - - [15/Jan/2021:09:37:04 +0800] "GET /xingrg/all/function/internal_message.html?_=1610674381236&CODE_STATE=getMsg HTTP/1.1" 200 27
120.253.135.82 - - [15/Jan/2021:09:37:04 +0800] "GET /xingrg/all/function/internal_message.html?_=1610674730763&CODE_STATE=getMsg HTTP/1.1" 200 27
222.69.133.109 - - [15/Jan/2021:09:37:05 +0800] "GET /xingrg/all/function/internal_message.html?_=1610674623945&CODE_STATE=getMsg HTTP/1.1" 200 27
222.69.133.109 - - [15/Jan/2021:09:37:05 +0800] "POST /xingrg/dwr/call/plaincall/AjaxCheckService.loadOrderItems.dwr HTTP/1.1" 200 367
222.69.133.109 - - [15/Jan/2021:09:37:07 +0800] "GET /xingrg/javascript/jquery_easy_ui/themes/default/images/button_a_bg.gif HTTP/1.1" 200 1194
222.69.133.109 - - [15/Jan/2021:09:37:07 +0800] "GET /xingrg/javascript/jquery_easy_ui/themes/default/images/button_span_bg.gif HTTP/1.1" 200 2061
222.69.133.109 - - [15/Jan/2021:09:37:07 +0800] "GET /xingrg/javascript/jquery_easy_ui/themes/icons/ok.png HTTP/1.1" 200 883
222.69.133.109 - - [15/Jan/2021:09:37:07 +0800] "GET /xingrg/javascript/jquery_easy_ui/themes/default/images/panel_title.png HTTP/1.1" 200 266
222.69.133.109 - - [15/Jan/2021:09:37:07 +0800] "GET /xingrg/javascript/jquery_easy_ui/themes/icons/pencil.png HTTP/1.1" 200 713
222.69.133.109 - - [15/Jan/2021:09:37:07 +0800] "GET /xingrg/javascript/jquery_easy_ui/themes/default/images/panel_tools.gif HTTP/1.1" 200 737
180.169.147.146 - - [15/Jan/2021:09:37:10 +0800] "GET /xingrg/all/function/internal_message.html?_=1610674631586&CODE_STATE=getMsg HTTP/1.1" 200 27
218.81.216.242 - - [15/Jan/2021:09:37:14 +0800] "POST /xingrg/services/DataTransmitService HTTP/1.1" 200 524
222.69.129.20 - - [15/Jan/2021:09:37:14 +0800] "POST /xingrg/services/DataTransmitService HTTP/1.1" 200 501
218.81.216.242 - - [15/Jan/2021:09:37:14 +0800] "POST /xingrg/services/DataTransmitService HTTP/1.1" 200 497
116.233.74.9 - - [15/Jan/2021:09:37:14 +0800] "GET /xingrg/all/function/internal_message.html?_=1610674631789&CODE_STATE=getMsg HTTP/1.1" 200 27
116.228.172.94 - - [15/Jan/2021:09:37:15 +0800] "GET /xingrg/all/function/internal_message.html?_=1610674625255&CODE_STATE=getMsg HTTP/1.1" 200 27
218.81.216.242 - - [15/Jan/2021:09:37:18 +0800] "GET /xingrg/all/function/internal_message.html?_=1610674668657&CODE_STATE=getMsg HTTP/1.1" 200 27
61.165.42.208 - - [15/Jan/2021:09:37:22 +0800] "GET /xingrg/all/function/internal_message.html?_=1610674644779&CODE_STATE=getMsg HTTP/1.1" 200 27
180.156.237.57 - - [15/Jan/2021:09:37:29 +0800] "GET /xingrg/all/function/internal_message.html?_=1610674627827&CODE_STATE=getMsg HTTP/1.1" 200 27
61.165.42.208 - - [15/Jan/2021:09:37:30 +0800] "GET /xingrg/all/function/internal_message.html?_=1610674651128&CODE_STATE=getMsg HTTP/1.1" 200 27
172.20.0.100 - - [15/Jan/2021:09:37:41 +0800] "GET /xingrg/all/function/internal_message.html?_=1610674657741&CODE_STATE=getMsg HTTP/1.1" 302 -
172.20.0.100 - - [15/Jan/2021:09:37:41 +0800] "GET /xingrg/check_reg.html?_=1610674657743 HTTP/1.1" 302 -
222.69.133.109 - - [15/Jan/2021:09:37:43 +0800] "POST /xingrg/dwr/call/plaincall/AjaxCheckService.importOrderItems.dwr HTTP/1.1" 200 78
222.69.133.109 - - [15/Jan/2021:09:37:44 +0800] "POST /xingrg/dwr/call/plaincall/AjaxCheckService.loadOrderItems.dwr HTTP/1.1" 200 25294
222.69.133.109 - - [15/Jan/2021:09:37:44 +0800] "GET /xingrg/javascript/jquery_easy_ui/themes/icons/no.png HTTP/1.1" 200 922
222.70.179.222 - - [15/Jan/2021:09:37:47 +0800] "GET /xingrg/all/function/internal_message.html?_=1610674662005&CODE_STATE=getMsg HTTP/1.1" 200 27
58.40.7.146 - - [15/Jan/2021:09:37:47 +0800] "GET /xingrg/all/function/internal_message.html?_=1610674664358&CODE_STATE=getMsg HTTP/1.1" 200 27
180.157.253.48 - - [15/Jan/2021:09:37:47 +0800] "POST /xingrg/services/DataTransmitService HTTP/1.1" 200 524
180.157.253.48 - - [15/Jan/2021:09:37:48 +0800] "POST /xingrg/services/DataTransmitService HTTP/1.1" 200 1951
180.157.253.48 - - [15/Jan/2021:09:37:48 +0800] "POST /xingrg/services/DataTransmitService HTTP/1.1" 200 158779
180.156.237.57 - - [15/Jan/2021:09:37:49 +0800] "GET /xingrg/all/function/internal_message.html?_=1610674669362&CODE_STATE=getMsg HTTP/1.1" 200 27
180.175.150.119 - - [15/Jan/2021:09:37:52 +0800] "GET /xingrg/check_reg.html?_=1610674910754 HTTP/1.1" 200 22
180.175.150.119 - - [15/Jan/2021:09:37:52 +0800] "GET /xingrg/all/function/internal_message.html?_=1610674910967&CODE_STATE=getMsg HTTP/1.1" 200 27
180.175.150.119 - - [15/Jan/2021:09:37:53 +0800] "GET /xingrg/javascript/jquery_easy_ui/themes/icons/rest.png HTTP/1.1" 304 -
180.175.150.119 - - [15/Jan/2021:09:37:53 +0800] "GET /xingrg/javascript/jquery_easy_ui/themes/icons/area.png HTTP/1.1" 304 -
61.165.42.208 - - [15/Jan/2021:09:37:55 +0800] "GET /xingrg/check_reg.html?_=1610674655378 HTTP/1.1" 200 22
61.165.42.208 - - [15/Jan/2021:09:37:55 +0800] "GET /xingrg/all/function/internal_message.html?_=1610674655380&CODE_STATE=getMsg HTTP/1.1" 200 27
222.69.129.20 - - [15/Jan/2021:09:37:56 +0800] "GET /xingrg/all/function/internal_message.html?_=1610674668554&CODE_STATE=getMsg HTTP/1.1" 200 27
222.69.133.109 - - [15/Jan/2021:09:38:03 +0800] "GET /xingrg/check_reg.html?_=1610674682216 HTTP/1.1" 200 22
120.253.135.82 - - [15/Jan/2021:09:38:04 +0800] "GET /xingrg/all/function/internal_message.html?_=1610674441249&CODE_STATE=getMsg HTTP/1.1" 200 27
120.253.135.82 - - [15/Jan/2021:09:38:04 +0800] "GET /xingrg/all/function/internal_message.html?_=1610674790777&CODE_STATE=getMsg HTTP/1.1" 200 27
222.69.133.109 - - [15/Jan/2021:09:38:05 +0800] "GET /xingrg/all/function/internal_message.html?_=1610674683937&CODE_STATE=getMsg HTTP/1.1" 200 27
180.169.147.146 - - [15/Jan/2021:09:38:10 +0800] "GET /xingrg/all/function/internal_message.html?_=1610674691592&CODE_STATE=getMsg HTTP/1.1" 200 27
116.233.74.9 - - [15/Jan/2021:09:38:14 +0800] "GET /xingrg/all/function/internal_message.html?_=1610674691788&CODE_STATE=getMsg HTTP/1.1" 200 27
116.233.74.9 - - [15/Jan/2021:09:38:14 +0800] "GET /xingrg/check_reg.html?_=1610674691788 HTTP/1.1" 200 22
116.228.172.94 - - [15/Jan/2021:09:38:15 +0800] "GET /xingrg/all/function/internal_message.html?_=1610674685224&CODE_STATE=getMsg HTTP/1.1" 200 27
218.81.216.242 - - [15/Jan/2021:09:38:18 +0800] "GET /xingrg/all/function/internal_message.html?_=1610674728670&CODE_STATE=getMsg HTTP/1.1" 200 27
61.165.42.208 - - [15/Jan/2021:09:38:22 +0800] "GET /xingrg/all/function/internal_message.html?_=1610674704765&CODE_STATE=getMsg HTTP/1.1" 200 27
180.156.237.57 - - [15/Jan/2021:09:38:29 +0800] "GET /xingrg/all/function/internal_message.html?_=1610674687841&CODE_STATE=getMsg HTTP/1.1" 200 27
61.165.42.208 - - [15/Jan/2021:09:38:30 +0800] "GET /xingrg/all/function/internal_message.html?_=1610674711105&CODE_STATE=getMsg HTTP/1.1" 200 27
172.20.0.100 - - [15/Jan/2021:09:38:41 +0800] "GET /xingrg/all/function/internal_message.html?_=1610674717752&CODE_STATE=getMsg HTTP/1.1" 302 -
222.70.179.222 - - [15/Jan/2021:09:38:47 +0800] "GET /xingrg/all/function/internal_message.html?_=1610674722020&CODE_STATE=getMsg HTTP/1.1" 200 27
58.40.7.146 - - [15/Jan/2021:09:38:47 +0800] "GET /xingrg/all/function/internal_message.html?_=1610674724362&CODE_STATE=getMsg HTTP/1.1" 200 27
222.70.179.222 - - [15/Jan/2021:09:38:49 +0800] "GET /xingrg/kc/buy/cgsh_order_operate.html?command=get_materiel&rest_code=00111&code=00101015046&supplier_code=00100037&order_time=2021-01-15 HTTP/1.1" 200 412
180.156.237.57 - - [15/Jan/2021:09:38:49 +0800] "GET /xingrg/all/function/internal_message.html?_=1610674729366&CODE_STATE=getMsg HTTP/1.1" 200 27
180.175.150.119 - - [15/Jan/2021:09:38:52 +0800] "GET /xingrg/all/function/internal_message.html?_=1610674970998&CODE_STATE=getMsg HTTP/1.1" 200 27
61.165.42.208 - - [15/Jan/2021:09:38:55 +0800] "GET /xingrg/all/function/internal_message.html?_=1610674715372&CODE_STATE=getMsg HTTP/1.1" 200 27
222.69.129.20 - - [15/Jan/2021:09:38:56 +0800] "GET /xingrg/all/function/internal_message.html?_=1610674728557&CODE_STATE=getMsg HTTP/1.1" 200 27
222.70.179.222 - - [15/Jan/2021:09:39:01 +0800] "GET /xingrg/kc/buy/cgsh_order_operate.html?command=get_materiel&rest_code=00111&code=00101015044&supplier_code=00100037&order_time=2021-01-15 HTTP/1.1" 200 408
120.253.135.82 - - [15/Jan/2021:09:39:04 +0800] "GET /xingrg/all/function/internal_message.html?_=1610674501264&CODE_STATE=getMsg HTTP/1.1" 200 27
120.253.135.82 - - [15/Jan/2021:09:39:04 +0800] "GET /xingrg/all/function/internal_message.html?_=1610674850814&CODE_STATE=getMsg HTTP/1.1" 200 27
222.69.133.109 - - [15/Jan/2021:09:39:05 +0800] "GET /xingrg/all/function/internal_message.html?_=1610674743919&CODE_STATE=getMsg HTTP/1.1" 200 27
180.169.147.146 - - [15/Jan/2021:09:39:10 +0800] "GET /xingrg/all/function/internal_message.html?_=1610674751579&CODE_STATE=getMsg HTTP/1.1" 200 27
116.233.74.9 - - [15/Jan/2021:09:39:14 +0800] "GET /xingrg/all/function/internal_message.html?_=1610674751786&CODE_STATE=getMsg HTTP/1.1" 200 27
116.228.172.94 - - [15/Jan/2021:09:39:14 +0800] "GET /xingrg/check_reg.html?_=1610674744141 HTTP/1.1" 200 22
116.228.172.94 - - [15/Jan/2021:09:39:15 +0800] "GET /xingrg/all/function/internal_message.html?_=1610674745206&CODE_STATE=getMsg HTTP/1.1" 200 27
218.81.216.242 - - [15/Jan/2021:09:39:18 +0800] "GET /xingrg/all/function/internal_message.html?_=1610674788919&CODE_STATE=getMsg HTTP/1.1" 200 27
222.70.179.222 - - [15/Jan/2021:09:39:21 +0800] "GET /xingrg/kc/buy/cgsh_order_operate.html?command=get_materiel&rest_code=00111&code=00101015038&supplier_code=00100037&order_time=2021-01-15 HTTP/1.1" 200 418
61.165.42.208 - - [15/Jan/2021:09:39:22 +0800] "GET /xingrg/all/function/internal_message.html?_=1610674764766&CODE_STATE=getMsg HTTP/1.1" 200 27
116.228.172.94 - - [15/Jan/2021:09:39:28 +0800] "GET /xingrg/kc/buy/cgsh_order_operate.html?command=get_materiel&rest_code=00107&code=00101008283&supplier_code=00100005&order_time=2021-01-15 HTTP/1.1" 200 408
117.131.5.26 - - [15/Jan/2021:09:39:28 +0800] "GET /xingrg/check_reg.html?_=1610675113778 HTTP/1.1" 302 -
117.131.5.26 - - [15/Jan/2021:09:39:28 +0800] "GET /xingrg/login.html HTTP/1.1" 200 7641
180.156.237.57 - - [15/Jan/2021:09:39:29 +0800] "GET /xingrg/all/function/internal_message.html?_=1610674747884&CODE_STATE=getMsg HTTP/1.1" 200 27
222.70.179.222 - - [15/Jan/2021:09:39:30 +0800] "GET /xingrg/kc/buy/cgsh_order_operate.html?command=get_materiel&rest_code=00111&code=00101015052&supplier_code=00100037&order_time=2021-01-15 HTTP/1.1" 200 413
61.165.42.208 - - [15/Jan/2021:09:39:30 +0800] "GET /xingrg/all/function/internal_message.html?_=1610674771086&CODE_STATE=getMsg HTTP/1.1" 200 27
120.253.135.82 - - [15/Jan/2021:09:39:41 +0800] "GET /xingrg/check_reg.html?_=1610674887494 HTTP/1.1" 200 22
172.20.0.100 - - [15/Jan/2021:09:39:41 +0800] "GET /xingrg/all/function/internal_message.html?_=1610674777743&CODE_STATE=getMsg HTTP/1.1" 302 -
222.70.179.222 - - [15/Jan/2021:09:39:47 +0800] "GET /xingrg/all/function/internal_message.html?_=1610674782033&CODE_STATE=getMsg HTTP/1.1" 200 27
58.40.7.146 - - [15/Jan/2021:09:39:47 +0800] "GET /xingrg/all/function/internal_message.html?_=1610674784366&CODE_STATE=getMsg HTTP/1.1" 200 27
116.228.172.94 - - [15/Jan/2021:09:39:48 +0800] "GET /xingrg/kc/buy/cgsh_order_operate.html?command=get_materiel&rest_code=00107&code=00101008105&supplier_code=00100005&order_time=2021-01-15 HTTP/1.1" 200 412
180.156.237.57 - - [15/Jan/2021:09:39:49 +0800] "GET /xingrg/all/function/internal_message.html?_=1610674789351&CODE_STATE=getMsg HTTP/1.1" 200 27
180.156.237.57 - - [15/Jan/2021:09:39:51 +0800] "POST /xingrg/services/DataTransmitService HTTP/1.1" 200 524
180.175.150.119 - - [15/Jan/2021:09:39:52 +0800] "GET /xingrg/all/function/internal_message.html?_=1610675031010&CODE_STATE=getMsg HTTP/1.1" 200 27
61.165.42.208 - - [15/Jan/2021:09:39:55 +0800] "GET /xingrg/all/function/internal_message.html?_=1610674775372&CODE_STATE=getMsg HTTP/1.1" 200 27
222.69.129.20 - - [15/Jan/2021:09:39:56 +0800] "GET /xingrg/all/function/internal_message.html?_=1610674788559&CODE_STATE=getMsg HTTP/1.1" 200 27
222.69.129.20 - - [15/Jan/2021:09:39:56 +0800] "GET /xingrg/check_reg.html?_=1610674788562 HTTP/1.1" 200 22
116.228.172.94 - - [15/Jan/2021:09:40:00 +0800] "GET /xingrg/kc/buy/cgsh_order_operate.html?command=get_materiel&rest_code=00107&code=00101008119&supplier_code=00100005&order_time=2021-01-15 HTTP/1.1" 200 412
120.253.135.82 - - [15/Jan/2021:09:40:04 +0800] "GET /xingrg/all/function/internal_message.html?_=1610674561347&CODE_STATE=getMsg HTTP/1.1" 200 27
61.165.42.208 - - [15/Jan/2021:09:40:04 +0800] "POST /xingrg/services/DataTransmitService HTTP/1.1" 200 524
120.253.135.82 - - [15/Jan/2021:09:40:04 +0800] "GET /xingrg/all/function/internal_message.html?_=1610674910832&CODE_STATE=getMsg HTTP/1.1" 200 27
61.165.42.208 - - [15/Jan/2021:09:40:05 +0800] "POST /xingrg/services/DataTransmitService HTTP/1.1" 200 2103
222.69.133.109 - - [15/Jan/2021:09:40:05 +0800] "GET /xingrg/all/function/internal_message.html?_=1610674803896&CODE_STATE=getMsg HTTP/1.1" 200 27
61.165.42.208 - - [15/Jan/2021:09:40:05 +0800] "POST /xingrg/services/DataTransmitService HTTP/1.1" 200 157467
180.169.147.146 - - [15/Jan/2021:09:40:10 +0800] "GET /xingrg/all/function/internal_message.html?_=1610674811583&CODE_STATE=getMsg HTTP/1.1" 200 27
116.233.74.9 - - [15/Jan/2021:09:40:14 +0800] "GET /xingrg/all/function/internal_message.html?_=1610674811811&CODE_STATE=getMsg HTTP/1.1" 200 27
116.228.172.94 - - [15/Jan/2021:09:40:15 +0800] "GET /xingrg/all/function/internal_message.html?_=1610674805181&CODE_STATE=getMsg HTTP/1.1" 200 27
218.81.216.242 - - [15/Jan/2021:09:40:18 +0800] "GET /xingrg/all/function/internal_message.html?_=1610674848932&CODE_STATE=getMsg HTTP/1.1" 200 27
61.165.42.208 - - [15/Jan/2021:09:40:22 +0800] "GET /xingrg/all/function/internal_message.html?_=1610674824768&CODE_STATE=getMsg HTTP/1.1" 200 27
180.156.237.57 - - [15/Jan/2021:09:40:29 +0800] "GET /xingrg/all/function/internal_message.html?_=1610674807899&CODE_STATE=getMsg HTTP/1.1" 200 27
61.165.42.208 - - [15/Jan/2021:09:40:30 +0800] "GET /xingrg/all/function/internal_message.html?_=1610674831061&CODE_STATE=getMsg HTTP/1.1" 200 27
58.40.7.146 - - [15/Jan/2021:09:40:36 +0800] "GET /xingrg/all/report/report_query.html?isQuery=1&fileName=kc/buy/wlcg_cate_hz.xml&queryString=(CONVERT(char(10)%252Ca.order_time%252C%2520120)%253E%253D'2020-12-01')%2520and%2520(CONVERT(char(10)%252Ca.order_time%252C%2520120)%253C%253D'2020-12-31')%2520and%2520(a.number%253E0%2520and%2520a.supplier_code%253D'00100398')&queryText=%25E3%2580%2590%25E9%2587%2587%25E8%25B4%25AD%25E6%2597%25A5%25E6%259C%259F%253A2020-12-01%2520%25E8%2587%25B3%25202020-12-31%25E3%2580%2591%2520%25E5%25B9%25B6%25E4%25B8%2594%2520%25E3%2580%2590%25E4%25BE%259B%25E5%25BA%2594%25E5%2595%2586%253D%25E4%25B8%258A%25E6%25B5%25B7%25E6%2597%25BB%25E6%2599%25BA%25E5%25AE%259E%25E4%25B8%259A%25E6%259C%2589%25E9%2599%2590%25E5%2585%25AC%25E5%258F%25B8%25E3%2580%2591 HTTP/1.1" 200 54384
58.40.7.146 - - [15/Jan/2021:09:40:36 +0800] "GET /xingrg/dwr/interface/AjaxReportQueryService.js HTTP/1.1" 200 13203
58.40.7.146 - - [15/Jan/2021:09:40:36 +0800] "GET /xingrg/dwr/engine.js HTTP/1.1" 200 43631
58.40.7.146 - - [15/Jan/2021:09:40:37 +0800] "POST /xingrg/all/report/load_report_page.html HTTP/1.1" 200 8714
58.40.7.146 - - [15/Jan/2021:09:40:37 +0800] "GET /xingrg/servlets/image?cache=0.5002589448794389&image=px HTTP/1.1" 200 807
222.70.179.222 - - [15/Jan/2021:09:40:37 +0800] "GET /xingrg/kc/buy/cgsh_order_operate.html?command=get_materiel&rest_code=00111&code=00101012026&supplier_code=00100037&order_time=2021-01-15 HTTP/1.1" 200 408
58.40.7.146 - - [15/Jan/2021:09:40:41 +0800] "POST /xingrg/all/report/load_report_page.html HTTP/1.1" 200 43545
58.40.7.146 - - [15/Jan/2021:09:40:41 +0800] "GET /xingrg/servlets/image?cache=0.20384403482711966&image=px HTTP/1.1" 200 807
172.20.0.100 - - [15/Jan/2021:09:40:41 +0800] "GET /xingrg/all/function/internal_message.html?_=1610674837745&CODE_STATE=getMsg HTTP/1.1" 302 -
222.70.179.222 - - [15/Jan/2021:09:40:45 +0800] "GET /xingrg/check_reg.html?_=1610674840012 HTTP/1.1" 200 22
222.70.179.222 - - [15/Jan/2021:09:40:47 +0800] "GET /xingrg/all/function/internal_message.html?_=1610674842046&CODE_STATE=getMsg HTTP/1.1" 200 27
58.40.7.146 - - [15/Jan/2021:09:40:47 +0800] "GET /xingrg/check_reg.html?_=1610674844363 HTTP/1.1" 200 22
58.40.7.146 - - [15/Jan/2021:09:40:47 +0800] "GET /xingrg/all/function/internal_message.html?_=1610674844364&CODE_STATE=getMsg HTTP/1.1" 200 27
180.156.237.57 - - [15/Jan/2021:09:40:49 +0800] "GET /xingrg/all/function/internal_message.html?_=1610674849375&CODE_STATE=getMsg HTTP/1.1" 200 27
180.156.237.57 - - [15/Jan/2021:09:40:49 +0800] "GET /xingrg/check_reg.html?_=1610674849380 HTTP/1.1" 200 22
222.70.179.222 - - [15/Jan/2021:09:40:50 +0800] "GET /xingrg/kc/buy/cgsh_order_operate.html?command=get_materiel&rest_code=00111&code=00101008418&supplier_code=00100037&order_time=2021-01-15 HTTP/1.1" 200 399
180.175.150.119 - - [15/Jan/2021:09:40:52 +0800] "GET /xingrg/all/function/internal_message.html?_=1610675091045&CODE_STATE=getMsg HTTP/1.1" 200 27
58.40.7.146 - - [15/Jan/2021:09:40:54 +0800] "POST /xingrg/dwr/call/plaincall/AjaxReportQueryService.getFixDate.dwr HTTP/1.1" 200 111
61.165.42.208 - - [15/Jan/2021:09:40:55 +0800] "GET /xingrg/all/function/internal_message.html?_=1610674835371&CODE_STATE=getMsg HTTP/1.1" 200 27
222.69.129.20 - - [15/Jan/2021:09:40:56 +0800] "GET /xingrg/all/function/internal_message.html?_=1610674848561&CODE_STATE=getMsg HTTP/1.1" 200 27
58.40.7.146 - - [15/Jan/2021:09:40:56 +0800] "POST /xingrg/dwr/call/plaincall/AjaxReportQueryService.refreshCache.dwr HTTP/1.1" 200 78
58.40.7.146 - - [15/Jan/2021:09:40:58 +0800] "POST /xingrg/all/report/load_report_page.html HTTP/1.1" 200 81349
58.40.7.146 - - [15/Jan/2021:09:40:58 +0800] "GET /xingrg/servlets/image?cache=0.6749392997158803&image=px HTTP/1.1" 200 807
120.253.135.82 - - [15/Jan/2021:09:41:04 +0800] "GET /xingrg/all/function/internal_message.html?_=1610674621353&CODE_STATE=getMsg HTTP/1.1" 200 27
120.253.135.82 - - [15/Jan/2021:09:41:04 +0800] "GET /xingrg/all/function/internal_message.html?_=1610674970844&CODE_STATE=getMsg HTTP/1.1" 200 27
222.69.133.109 - - [15/Jan/2021:09:41:05 +0800] "GET /xingrg/all/function/internal_message.html?_=1610674863872&CODE_STATE=getMsg HTTP/1.1" 200 27
58.40.7.146 - - [15/Jan/2021:09:41:06 +0800] "GET /xingrg/all/report/report_query.html?isQuery=1&fileName=kc/buy/wlcg_cate_hz.xml&queryString=(CONVERT(char(10)%252Ca.order_time%252C%2520120)%253E%253D'2021-01-01')%2520and%2520(CONVERT(char(10)%252Ca.order_time%252C%2520120)%253C%253D'2021-01-31')%2520and%2520(a.number%253E0%2520and%2520a.supplier_code%253D'00100399')&queryText=%25E3%2580%2590%25E9%2587%2587%25E8%25B4%25AD%25E6%2597%25A5%25E6%259C%259F%253A2021-01-01%2520%25E8%2587%25B3%25202021-01-31%25E3%2580%2591%2520%25E5%25B9%25B6%25E4%25B8%2594%2520%25E3%2580%2590%25E4%25BE%259B%25E5%25BA%2594%25E5%2595%2586%253D%25E4%25B8%258A%25E6%25B5%25B7%25E6%2597%25BB%25E6%2599%25BA%25E5%25AE%259E%25E4%25B8%259A%25E3%2580%2591 HTTP/1.1" 200 54368
58.40.7.146 - - [15/Jan/2021:09:41:06 +0800] "GET /xingrg/dwr/interface/AjaxReportQueryService.js HTTP/1.1" 200 13203
58.40.7.146 - - [15/Jan/2021:09:41:06 +0800] "GET /xingrg/dwr/engine.js HTTP/1.1" 200 43631
58.40.7.146 - - [15/Jan/2021:09:41:07 +0800] "POST /xingrg/all/report/load_report_page.html HTTP/1.1" 200 8712
58.40.7.146 - - [15/Jan/2021:09:41:07 +0800] "GET /xingrg/servlets/image?cache=0.6206041179032057&image=px HTTP/1.1" 200 807
58.40.7.146 - - [15/Jan/2021:09:41:10 +0800] "POST /xingrg/all/report/load_report_page.html HTTP/1.1" 200 16413
58.40.7.146 - - [15/Jan/2021:09:41:10 +0800] "GET /xingrg/servlets/image?cache=0.6469052860734809&image=px HTTP/1.1" 200 807
180.169.147.146 - - [15/Jan/2021:09:41:10 +0800] "GET /xingrg/all/function/internal_message.html?_=1610674871584&CODE_STATE=getMsg HTTP/1.1" 200 27
180.169.147.146 - - [15/Jan/2021:09:41:10 +0800] "GET /xingrg/check_reg.html?_=1610674871588 HTTP/1.1" 200 22
116.233.74.9 - - [15/Jan/2021:09:41:14 +0800] "GET /xingrg/all/function/internal_message.html?_=1610674871808&CODE_STATE=getMsg HTTP/1.1" 200 27
222.70.179.222 - - [15/Jan/2021:09:41:15 +0800] "GET /xingrg/kc/buy/cgsh_order_operate.html?command=get_materiel&rest_code=00111&code=00101012033&supplier_code=00100037&order_time=2021-01-15 HTTP/1.1" 200 426
58.40.7.146 - - [15/Jan/2021:09:41:15 +0800] "POST /xingrg/dwr/call/plaincall/AjaxReportQueryService.getFixDate.dwr HTTP/1.1" 200 111
116.228.172.94 - - [15/Jan/2021:09:41:15 +0800] "GET /xingrg/all/function/internal_message.html?_=1610674865153&CODE_STATE=getMsg HTTP/1.1" 200 27
218.81.216.242 - - [15/Jan/2021:09:41:15 +0800] "GET /xingrg/check_reg.html?_=1610674906260 HTTP/1.1" 200 22
58.40.7.146 - - [15/Jan/2021:09:41:17 +0800] "POST /xingrg/dwr/call/plaincall/AjaxReportQueryService.refreshCache.dwr HTTP/1.1" 200 78
218.81.216.242 - - [15/Jan/2021:09:41:18 +0800] "GET /xingrg/all/function/internal_message.html?_=1610674908945&CODE_STATE=getMsg HTTP/1.1" 200 27
222.69.133.109 - - [15/Jan/2021:09:41:18 +0800] "GET /xingrg/kc/print/load_config.html?_=1610674877076&kc_code=check HTTP/1.1" 200 2411
222.69.133.109 - - [15/Jan/2021:09:41:18 +0800] "GET /xingrg/kc/print/load_data.html?_=1610674877121&order_code=452021011500062&kc_code=check&condition= HTTP/1.1" 200 6626
58.40.7.146 - - [15/Jan/2021:09:41:18 +0800] "POST /xingrg/all/report/load_report_page.html HTTP/1.1" 200 95383
58.40.7.146 - - [15/Jan/2021:09:41:18 +0800] "GET /xingrg/servlets/image?cache=0.9110820635350849&image=px HTTP/1.1" 200 807
61.165.42.208 - - [15/Jan/2021:09:41:22 +0800] "GET /xingrg/all/function/internal_message.html?_=1610674884769&CODE_STATE=getMsg HTTP/1.1" 200 27
61.165.42.208 - - [15/Jan/2021:09:41:22 +0800] "GET /xingrg/check_reg.html?_=1610674884770 HTTP/1.1" 200 22
58.40.7.146 - - [15/Jan/2021:09:41:24 +0800] "GET /xingrg/all/report/report_query.html?isQuery=1&fileName=kc/buy/wlcg_cate_hz.xml&queryString=(CONVERT(char(10)%252Ca.order_time%252C%2520120)%253E%253D'2020-12-01')%2520and%2520(CONVERT(char(10)%252Ca.order_time%252C%2520120)%253C%253D'2020-12-31')%2520and%2520(a.number%253E0%2520and%2520a.supplier_code%253D'00100398')&queryText=%25E3%2580%2590%25E9%2587%2587%25E8%25B4%25AD%25E6%2597%25A5%25E6%259C%259F%253A2020-12-01%2520%25E8%2587%25B3%25202020-12-31%25E3%2580%2591%2520%25E5%25B9%25B6%25E4%25B8%2594%2520%25E3%2580%2590%25E4%25BE%259B%25E5%25BA%2594%25E5%2595%2586%253D%25E4%25B8%258A%25E6%25B5%25B7%25E6%2597%25BB%25E6%2599%25BA%25E5%25AE%259E%25E4%25B8%259A%25E6%259C%2589%25E9%2599%2590%25E5%2585%25AC%25E5%258F%25B8%25E3%2580%2591 HTTP/1.1" 200 54384
58.40.7.146 - - [15/Jan/2021:09:41:25 +0800] "GET /xingrg/dwr/interface/AjaxReportQueryService.js HTTP/1.1" 200 13203
58.40.7.146 - - [15/Jan/2021:09:41:25 +0800] "GET /xingrg/dwr/engine.js HTTP/1.1" 200 43631
58.40.7.146 - - [15/Jan/2021:09:41:25 +0800] "POST /xingrg/all/report/load_report_page.html HTTP/1.1" 200 8714
58.40.7.146 - - [15/Jan/2021:09:41:25 +0800] "GET /xingrg/servlets/image?cache=0.9667011691499207&image=px HTTP/1.1" 200 807
58.40.7.146 - - [15/Jan/2021:09:41:27 +0800] "POST /xingrg/all/report/load_report_page.html HTTP/1.1" 200 43530
58.40.7.146 - - [15/Jan/2021:09:41:27 +0800] "GET /xingrg/servlets/image?cache=0.1400697830491633&image=px HTTP/1.1" 200 807
180.161.116.123 - - [15/Jan/2021:09:41:28 +0800] "GET /favicon.ico HTTP/1.1" 404 -
180.156.237.57 - - [15/Jan/2021:09:41:29 +0800] "GET /xingrg/check_reg.html?_=1610674867194 HTTP/1.1" 200 22
180.156.237.57 - - [15/Jan/2021:09:41:29 +0800] "GET /xingrg/all/function/internal_message.html?_=1610674867913&CODE_STATE=getMsg HTTP/1.1" 200 27
61.165.42.208 - - [15/Jan/2021:09:41:30 +0800] "GET /xingrg/check_reg.html?_=1610674891030 HTTP/1.1" 200 22
61.165.42.208 - - [15/Jan/2021:09:41:30 +0800] "GET /xingrg/all/function/internal_message.html?_=1610674891036&CODE_STATE=getMsg HTTP/1.1" 200 27
116.233.74.9 - - [15/Jan/2021:09:41:35 +0800] "GET /xingrg/index.html?sysBaseUrl=http%3A%2F%2F180.169.147.146%3A18081%2Fxingrg%2F&costTime=103×tamp=1610672594372 HTTP/1.1" 200 17173
116.233.74.9 - - [15/Jan/2021:09:41:35 +0800] "GET /xingrg/javascript/jquery_easy_ui/themes/default/easyui.css HTTP/1.1" 304 -
116.233.74.9 - - [15/Jan/2021:09:41:35 +0800] "GET /xingrg/javascript/jquery_easy_ui/themes/icon.css HTTP/1.1" 304 -
116.233.74.9 - - [15/Jan/2021:09:41:35 +0800] "GET /xingrg/css/form.css HTTP/1.1" 304 -
116.233.74.9 - - [15/Jan/2021:09:41:35 +0800] "GET /xingrg/javascript/jquery-1.4.2.min.js HTTP/1.1" 304 -
116.233.74.9 - - [15/Jan/2021:09:41:35 +0800] "GET /xingrg/javascript/jquery_easy_ui/jquery.easyui.min.js HTTP/1.1" 304 -
116.233.74.9 - - [15/Jan/2021:09:41:35 +0800] "GET /xingrg/javascript/jquery_easy_ui/easyui-lang-zh_CN.js HTTP/1.1" 304 -
116.233.74.9 - - [15/Jan/2021:09:41:35 +0800] "GET /xingrg/javascript/jquery.form.js HTTP/1.1" 304 -
116.233.74.9 - - [15/Jan/2021:09:41:35 +0800] "GET /xingrg/javascript/jquery.utils.js HTTP/1.1" 304 -
116.233.74.9 - - [15/Jan/2021:09:41:35 +0800] "GET /xingrg/javascript/jquery.timers.js HTTP/1.1" 304 -
116.233.74.9 - - [15/Jan/2021:09:41:35 +0800] "GET /xingrg/images/blue/jxLogo.png HTTP/1.1" 304 -
116.233.74.9 - - [15/Jan/2021:09:41:36 +0800] "GET /xingrg/images/blue/navBackgound.jpg HTTP/1.1" 304 -
116.233.74.9 - - [15/Jan/2021:09:41:36 +0800] "GET /xingrg/javascript/jquery_easy_ui/themes/icons/settle_new.png HTTP/1.1" 304 -
116.233.74.9 - - [15/Jan/2021:09:41:36 +0800] "POST /xingrg/all/common/load_tree.html?tree=area_rest_tree_json&manage=1 HTTP/1.1" 200 342
116.233.74.9 - - [15/Jan/2021:09:41:36 +0800] "GET /xingrg/all/function/internal_message.html?_=1610674893249&CODE_STATE=count HTTP/1.1" 200 11
116.233.74.9 - - [15/Jan/2021:09:41:36 +0800] "GET /xingrg/check_reg.html?_=1610674893250 HTTP/1.1" 200 22
116.233.74.9 - - [15/Jan/2021:09:41:36 +0800] "GET /xingrg/javascript/jquery_easy_ui/themes/default/images/tabs_leftarrow.png HTTP/1.1" 304 -
116.233.74.9 - - [15/Jan/2021:09:41:36 +0800] "GET /xingrg/images/blue/pingpu.png HTTP/1.1" 304 -
116.233.74.9 - - [15/Jan/2021:09:41:36 +0800] "GET /xingrg/javascript/jquery_easy_ui/themes/default/images/tabs_rightarrow.png HTTP/1.1" 304 -
116.233.74.9 - - [15/Jan/2021:09:41:36 +0800] "GET /xingrg/javascript/jquery_easy_ui/themes/default/images/panel_tool_collapse.gif HTTP/1.1" 304 -
116.233.74.9 - - [15/Jan/2021:09:41:36 +0800] "POST /xingrg/load_menu.html HTTP/1.1" 200 5138
172.20.0.100 - - [15/Jan/2021:09:41:41 +0800] "GET /xingrg/all/function/internal_message.html?_=1610674897731&CODE_STATE=getMsg HTTP/1.1" 302 -
222.70.179.222 - - [15/Jan/2021:09:41:47 +0800] "GET /xingrg/all/function/internal_message.html?_=1610674902060&CODE_STATE=getMsg HTTP/1.1" 200 27
58.40.7.146 - - [15/Jan/2021:09:41:47 +0800] "GET /xingrg/all/function/internal_message.html?_=1610674904370&CODE_STATE=getMsg HTTP/1.1" 200 27
180.156.237.57 - - [15/Jan/2021:09:41:49 +0800] "GET /xingrg/all/function/internal_message.html?_=1610674909363&CODE_STATE=getMsg HTTP/1.1" 200 27
222.69.133.109 - - [15/Jan/2021:09:41:50 +0800] "GET /xingrg/kc/base/wldb_order_list.html HTTP/1.1" 200 19345
222.69.133.109 - - [15/Jan/2021:09:41:51 +0800] "POST /xingrg/kc/base/wldb_list_operate.html HTTP/1.1" 200 928
180.175.150.119 - - [15/Jan/2021:09:41:52 +0800] "GET /xingrg/all/function/internal_message.html?_=1610675151054&CODE_STATE=getMsg HTTP/1.1" 200 27
222.69.133.109 - - [15/Jan/2021:09:41:54 +0800] "GET /xingrg/kc/base/wldb_order_add.html HTTP/1.1" 200 30508
222.69.133.109 - - [15/Jan/2021:09:41:54 +0800] "GET /xingrg/words/20210114124248_words.js HTTP/1.1" 304 -
222.69.133.109 - - [15/Jan/2021:09:41:54 +0800] "POST /xingrg/kc/base/wldb_order_operate.html HTTP/1.1" 200 6806
222.69.133.109 - - [15/Jan/2021:09:41:54 +0800] "GET /xingrg/all/common/auto_word.html?type=base&rest_code=00154 HTTP/1.1" 200 677
222.69.133.109 - - [15/Jan/2021:09:41:54 +0800] "GET /xingrg/all/common/auto_word.html?type=base&rest_code=00154 HTTP/1.1" 200 677
222.69.133.109 - - [15/Jan/2021:09:41:54 +0800] "GET /xingrg/javascript/easyui/themes/default/validatebox.css HTTP/1.1" 404 1104
61.165.42.208 - - [15/Jan/2021:09:41:55 +0800] "GET /xingrg/all/function/internal_message.html?_=1610674895372&CODE_STATE=getMsg HTTP/1.1" 200 27
222.69.129.20 - - [15/Jan/2021:09:41:56 +0800] "GET /xingrg/all/function/internal_message.html?_=1610674908560&CODE_STATE=getMsg HTTP/1.1" 200 27
222.69.133.109 - - [15/Jan/2021:09:41:56 +0800] "POST /xingrg/all/common/load_combo.html?type=base HTTP/1.1" 200 1224
36.24.41.185 - - [15/Jan/2021:09:41:59 +0800] "GET /favicon.ico HTTP/1.1" 404 -
36.24.41.185 - - [15/Jan/2021:09:42:00 +0800] "GET /favicon.ico HTTP/1.1" 404 -
120.253.135.82 - - [15/Jan/2021:09:42:02 +0800] "GET /xingrg/check_reg.html?_=1610674679960 HTTP/1.1" 200 22
120.253.135.82 - - [15/Jan/2021:09:42:04 +0800] "GET /xingrg/all/function/internal_message.html?_=1610674681366&CODE_STATE=getMsg HTTP/1.1" 200 27
120.253.135.82 - - [15/Jan/2021:09:42:04 +0800] "GET /xingrg/all/function/internal_message.html?_=1610675030873&CODE_STATE=getMsg HTTP/1.1" 200 27
222.69.133.109 - - [15/Jan/2021:09:42:05 +0800] "POST /xingrg/all/common/load_combo.html?type=base HTTP/1.1" 200 1224
222.69.133.109 - - [15/Jan/2021:09:42:05 +0800] "GET /xingrg/all/function/internal_message.html?_=1610674923858&CODE_STATE=getMsg HTTP/1.1" 200 27
180.169.147.146 - - [15/Jan/2021:09:42:10 +0800] "GET /xingrg/all/function/internal_message.html?_=1610674931590&CODE_STATE=getMsg HTTP/1.1" 200 27
116.228.172.94 - - [15/Jan/2021:09:42:15 +0800] "GET /xingrg/all/function/internal_message.html?_=1610674925220&CODE_STATE=getMsg HTTP/1.1" 200 27
218.81.216.242 - - [15/Jan/2021:09:42:18 +0800] "GET /xingrg/all/function/internal_message.html?_=1610674968960&CODE_STATE=getMsg HTTP/1.1" 200 27
116.228.172.94 - - [15/Jan/2021:09:42:19 +0800] "GET /xingrg/kc/buy/cgsh_order_operate.html?command=get_materiel&rest_code=00107&code=00101020005&supplier_code=00100005&order_time=2021-01-15 HTTP/1.1" 200 408
61.165.42.208 - - [15/Jan/2021:09:42:22 +0800] "GET /xingrg/all/function/internal_message.html?_=1610674944769&CODE_STATE=getMsg HTTP/1.1" 200 27
180.156.237.57 - - [15/Jan/2021:09:42:29 +0800] "GET /xingrg/all/function/internal_message.html?_=1610674927926&CODE_STATE=getMsg HTTP/1.1" 200 27
61.165.42.208 - - [15/Jan/2021:09:42:30 +0800] "GET /xingrg/all/function/internal_message.html?_=1610674951008&CODE_STATE=getMsg HTTP/1.1" 200 27
222.69.133.109 - - [15/Jan/2021:09:42:34 +0800] "GET /xingrg/javascript/auto/indicator.gif HTTP/1.1" 404 1066
116.233.74.9 - - [15/Jan/2021:09:42:36 +0800] "GET /xingrg/all/function/internal_message.html?_=1610674953258&CODE_STATE=getMsg HTTP/1.1" 200 27
222.69.133.109 - - [15/Jan/2021:09:42:37 +0800] "GET /xingrg/kc/base/wldb_order_operate.html?command=get_materiel&rest_code=00154&base_code=0010727&code=00101002032 HTTP/1.1" 200 442
172.20.0.100 - - [15/Jan/2021:09:42:41 +0800] "GET /xingrg/all/function/internal_message.html?_=1610674957734&CODE_STATE=getMsg HTTP/1.1" 302 -
172.20.0.100 - - [15/Jan/2021:09:42:41 +0800] "GET /xingrg/check_reg.html?_=1610674957735 HTTP/1.1" 302 -
58.40.7.146 - - [15/Jan/2021:09:42:47 +0800] "GET /xingrg/all/function/internal_message.html?_=1610674964373&CODE_STATE=getMsg HTTP/1.1" 200 27
222.70.179.222 - - [15/Jan/2021:09:42:47 +0800] "GET /xingrg/all/function/internal_message.html?_=1610674962074&CODE_STATE=getMsg HTTP/1.1" 200 27
180.156.237.57 - - [15/Jan/2021:09:42:49 +0800] "GET /xingrg/all/function/internal_message.html?_=1610674969369&CODE_STATE=getMsg HTTP/1.1" 200 27
180.175.150.119 - - [15/Jan/2021:09:42:52 +0800] "GET /xingrg/check_reg.html?_=1610675210781 HTTP/1.1" 200 22
180.175.150.119 - - [15/Jan/2021:09:42:52 +0800] "GET /xingrg/all/function/internal_message.html?_=1610675211067&CODE_STATE=getMsg HTTP/1.1" 200 27
61.165.42.208 - - [15/Jan/2021:09:42:55 +0800] "GET /xingrg/all/function/internal_message.html?_=1610674955375&CODE_STATE=getMsg HTTP/1.1" 200 27
61.165.42.208 - - [15/Jan/2021:09:42:55 +0800] "GET /xingrg/check_reg.html?_=1610674955378 HTTP/1.1" 200 22
222.69.129.20 - - [15/Jan/2021:09:42:56 +0800] "GET /xingrg/all/function/internal_message.html?_=1610674968558&CODE_STATE=getMsg HTTP/1.1" 200 27
222.69.133.109 - - [15/Jan/2021:09:43:03 +0800] "GET /xingrg/check_reg.html?_=1610674982221 HTTP/1.1" 200 22
120.253.135.82 - - [15/Jan/2021:09:43:04 +0800] "GET /xingrg/all/function/internal_message.html?_=1610674741380&CODE_STATE=getMsg HTTP/1.1" 200 27
120.253.135.82 - - [15/Jan/2021:09:43:04 +0800] "GET /xingrg/all/function/internal_message.html?_=1610675090887&CODE_STATE=getMsg HTTP/1.1" 200 27
222.69.133.109 - - [15/Jan/2021:09:43:05 +0800] "GET /xingrg/all/function/internal_message.html?_=1610674983828&CODE_STATE=getMsg HTTP/1.1" 200 27
180.169.147.146 - - [15/Jan/2021:09:43:10 +0800] "GET /xingrg/all/function/internal_message.html?_=1610674991592&CODE_STATE=getMsg HTTP/1.1" 200 27
116.228.172.94 - - [15/Jan/2021:09:43:15 +0800] "GET /xingrg/all/function/internal_message.html?_=1610674985193&CODE_STATE=getMsg HTTP/1.1" 200 27
218.81.216.242 - - [15/Jan/2021:09:43:18 +0800] "GET /xingrg/all/function/internal_message.html?_=1610675028972&CODE_STATE=getMsg HTTP/1.1" 200 27
61.165.42.208 - - [15/Jan/2021:09:43:22 +0800] "GET /xingrg/all/function/internal_message.html?_=1610675004772&CODE_STATE=getMsg HTTP/1.1" 200 27
116.228.172.94 - - [15/Jan/2021:09:43:24 +0800] "POST /xingrg/kc/buy/cgsh_order_operate.html HTTP/1.1" 200 2065
180.156.237.57 - - [15/Jan/2021:09:43:29 +0800] "GET /xingrg/all/function/internal_message.html?_=1610674987940&CODE_STATE=getMsg HTTP/1.1" 200 27
61.165.42.208 - - [15/Jan/2021:09:43:30 +0800] "GET /xingrg/all/function/internal_message.html?_=1610675010987&CODE_STATE=getMsg HTTP/1.1" 200 27
101.85.93.83 - - [15/Jan/2021:09:43:35 +0800] "GET /xingrg HTTP/1.1" 302 -
101.85.93.83 - - [15/Jan/2021:09:43:35 +0800] "GET /xingrg/ HTTP/1.1" 200 292
116.233.74.9 - - [15/Jan/2021:09:43:36 +0800] "GET /xingrg/all/function/internal_message.html?_=1610675013256&CODE_STATE=getMsg HTTP/1.1" 200 27
58.221.95.50 - - [15/Jan/2021:09:43:39 +0800] "GET /xingrg/check_reg.html?_=1610675017496 HTTP/1.1" 302 -
101.85.93.83 - - [15/Jan/2021:09:43:41 +0800] "GET /favicon.ico HTTP/1.1" 404 -
101.85.93.83 - - [15/Jan/2021:09:43:41 +0800] "GET /xingrg/index.html HTTP/1.1" 302 -
101.85.93.83 - - [15/Jan/2021:09:43:41 +0800] "GET /xingrg/login.html HTTP/1.1" 200 7641
172.20.0.100 - - [15/Jan/2021:09:43:41 +0800] "GET /xingrg/all/function/internal_message.html?_=1610675017739&CODE_STATE=getMsg HTTP/1.1" 302 -
101.85.93.83 - - [15/Jan/2021:09:43:41 +0800] "GET /xingrg/images/blue/jxLogo.png HTTP/1.1" 200 6156
101.85.93.83 - - [15/Jan/2021:09:43:43 +0800] "GET /xingrg/images/blue/hj.png HTTP/1.1" 200 1014
101.85.93.83 - - [15/Jan/2021:09:43:43 +0800] "GET /xingrg/images/blue/srbg.png HTTP/1.1" 200 138
101.85.93.83 - - [15/Jan/2021:09:43:43 +0800] "GET /xingrg/images/blue/login_bg.png HTTP/1.1" 200 22101
101.85.93.83 - - [15/Jan/2021:09:43:43 +0800] "GET /favicon.ico HTTP/1.1" 404 -
58.40.7.146 - - [15/Jan/2021:09:43:47 +0800] "GET /xingrg/all/function/internal_message.html?_=1610675024360&CODE_STATE=getMsg HTTP/1.1" 200 27
222.70.179.222 - - [15/Jan/2021:09:43:47 +0800] "GET /xingrg/all/function/internal_message.html?_=1610675022088&CODE_STATE=getMsg HTTP/1.1" 200 27
180.156.237.57 - - [15/Jan/2021:09:43:49 +0800] "GET /xingrg/all/function/internal_message.html?_=1610675029371&CODE_STATE=getMsg HTTP/1.1" 200 27
180.175.150.119 - - [15/Jan/2021:09:43:53 +0800] "GET /xingrg/all/function/internal_message.html?_=1610675271080&CODE_STATE=getMsg HTTP/1.1" 200 27
101.85.93.83 - - [15/Jan/2021:09:43:54 +0800] "POST /xingrg/login.do HTTP/1.1" 302 -
101.85.93.83 - - [15/Jan/2021:09:43:54 +0800] "GET /xingrg/css/form.css HTTP/1.1" 200 893
101.85.93.83 - - [15/Jan/2021:09:43:54 +0800] "GET /xingrg/javascript/jquery_easy_ui/themes/icon.css HTTP/1.1" 200 3949
101.85.93.83 - - [15/Jan/2021:09:43:54 +0800] "GET /xingrg/index.html?sysBaseUrl=http%3A%2F%2F180.169.147.146%3A18081%2Fxingrg%2F&costTime=39×tamp=1610675034235 HTTP/1.1" 200 17179
101.85.93.83 - - [15/Jan/2021:09:43:54 +0800] "GET /xingrg/javascript/jquery-1.4.2.min.js HTTP/1.1" 200 72205
101.85.93.83 - - [15/Jan/2021:09:43:54 +0800] "GET /xingrg/javascript/jquery_easy_ui/jquery.easyui.min.js HTTP/1.1" 200 213662
101.85.93.83 - - [15/Jan/2021:09:43:54 +0800] "GET /xingrg/javascript/jquery_easy_ui/easyui-lang-zh_CN.js HTTP/1.1" 200 1900
101.85.93.83 - - [15/Jan/2021:09:43:54 +0800] "GET /xingrg/javascript/jquery.timers.js HTTP/1.1" 200 3532
101.85.93.83 - - [15/Jan/2021:09:43:54 +0800] "GET /xingrg/javascript/jquery_easy_ui/themes/default/easyui.css HTTP/1.1" 200 26500
101.85.93.83 - - [15/Jan/2021:09:43:54 +0800] "GET /xingrg/javascript/jquery.utils.js HTTP/1.1" 200 11805
101.85.93.83 - - [15/Jan/2021:09:43:54 +0800] "GET /xingrg/javascript/jquery.form.js HTTP/1.1" 200 23110
101.85.93.83 - - [15/Jan/2021:09:43:54 +0800] "GET /favicon.ico HTTP/1.1" 404 -
101.85.93.83 - - [15/Jan/2021:09:43:54 +0800] "GET /xingrg/javascript/jquery_easy_ui/themes/icons/settle_new.png HTTP/1.1" 200 826
101.85.93.83 - - [15/Jan/2021:09:43:54 +0800] "GET /xingrg/images/blue/navBackgound.jpg HTTP/1.1" 200 12378
101.85.93.83 - - [15/Jan/2021:09:43:54 +0800] "POST /xingrg/all/common/load_tree.html?tree=area_rest_tree_json&manage=1 HTTP/1.1" 200 351
101.85.93.83 - - [15/Jan/2021:09:43:54 +0800] "GET /xingrg/all/function/internal_message.html?_=1610674694591&CODE_STATE=count HTTP/1.1" 200 11
101.85.93.83 - - [15/Jan/2021:09:43:54 +0800] "GET /xingrg/images/blue/pingpu.png HTTP/1.1" 200 231
101.85.93.83 - - [15/Jan/2021:09:43:54 +0800] "GET /xingrg/check_reg.html?_=1610674694592 HTTP/1.1" 200 22
101.85.93.83 - - [15/Jan/2021:09:43:54 +0800] "GET /xingrg/javascript/jquery_easy_ui/themes/default/images/tabs_leftarrow.png HTTP/1.1" 200 389
101.85.93.83 - - [15/Jan/2021:09:43:54 +0800] "GET /xingrg/javascript/jquery_easy_ui/themes/default/images/tabs_rightarrow.png HTTP/1.1" 200 395
101.85.93.83 - - [15/Jan/2021:09:43:54 +0800] "GET /xingrg/javascript/jquery_easy_ui/themes/default/images/panel_tool_collapse.gif HTTP/1.1" 200 246
101.85.93.83 - - [15/Jan/2021:09:43:54 +0800] "POST /xingrg/load_menu.html HTTP/1.1" 200 5138
101.85.93.83 - - [15/Jan/2021:09:43:54 +0800] "GET /xingrg/javascript/jquery_easy_ui/themes/default/images/tree_arrows.gif HTTP/1.1" 200 1043
101.85.93.83 - - [15/Jan/2021:09:43:54 +0800] "GET /xingrg/javascript/jquery_easy_ui/themes/default/images/tree_folder_open.gif HTTP/1.1" 200 956
101.85.93.83 - - [15/Jan/2021:09:43:54 +0800] "GET /xingrg/javascript/jquery_easy_ui/themes/icons/search_new.png HTTP/1.1" 200 586
101.85.93.83 - - [15/Jan/2021:09:43:54 +0800] "GET /xingrg/javascript/jquery_easy_ui/themes/default/images/tree_folder.gif HTTP/1.1" 200 952
101.85.93.83 - - [15/Jan/2021:09:43:54 +0800] "GET /xingrg/javascript/jquery_easy_ui/themes/default/images/tree_file.gif HTTP/1.1" 200 118
101.85.93.83 - - [15/Jan/2021:09:43:54 +0800] "GET /xingrg/javascript/jquery_easy_ui/themes/icons/storage_new.png HTTP/1.1" 200 853
101.85.93.83 - - [15/Jan/2021:09:43:54 +0800] "GET /xingrg/javascript/jquery_easy_ui/themes/icons/forms_new.png HTTP/1.1" 200 350
61.165.42.208 - - [15/Jan/2021:09:43:55 +0800] "GET /xingrg/all/function/internal_message.html?_=1610675015363&CODE_STATE=getMsg HTTP/1.1" 200 27
222.69.129.20 - - [15/Jan/2021:09:43:56 +0800] "GET /xingrg/all/function/internal_message.html?_=1610675028557&CODE_STATE=getMsg HTTP/1.1" 200 27
180.175.150.119 - - [15/Jan/2021:09:43:56 +0800] "GET /xingrg/kc/buy/cgsh_order_operate.html?command=get_materiel&rest_code=00102&code=00101007048&supplier_code=00100096&order_time=2021-01-15 HTTP/1.1" 200 408
120.253.135.82 - - [15/Jan/2021:09:44:04 +0800] "GET /xingrg/all/function/internal_message.html?_=1610674801395&CODE_STATE=getMsg HTTP/1.1" 200 27
120.253.135.82 - - [15/Jan/2021:09:44:04 +0800] "GET /xingrg/all/function/internal_message.html?_=1610675150916&CODE_STATE=getMsg HTTP/1.1" 200 27
222.69.133.109 - - [15/Jan/2021:09:44:05 +0800] "GET /xingrg/all/function/internal_message.html?_=1610675043810&CODE_STATE=getMsg HTTP/1.1" 200 27
222.69.133.109 - - [15/Jan/2021:09:44:06 +0800] "GET /xingrg/kc/base/wldb_order_operate.html?command=get_materiel&rest_code=00154&base_code=0010727&code=00101006147 HTTP/1.1" 200 443
180.169.147.146 - - [15/Jan/2021:09:44:10 +0800] "GET /xingrg/all/function/internal_message.html?_=1610675051593&CODE_STATE=getMsg HTTP/1.1" 200 27
61.165.42.208 - - [15/Jan/2021:09:44:14 +0800] "GET /xingrg/kc/buy/cgsh_order_operate.html?command=get_materiel&rest_code=00105&code=00101008242&supplier_code=00100203&order_time=2021-01-15 HTTP/1.1" 200 408
222.70.179.222 - - [15/Jan/2021:09:44:15 +0800] "GET /xingrg/kc/buy/cgsh_order_operate.html?command=get_materiel&rest_code=00111&code=00101016105&supplier_code=00100037&order_time=2021-01-15 HTTP/1.1" 200 409
116.228.172.94 - - [15/Jan/2021:09:44:15 +0800] "GET /xingrg/check_reg.html?_=1610675044546 HTTP/1.1" 200 22
116.228.172.94 - - [15/Jan/2021:09:44:15 +0800] "GET /xingrg/all/function/internal_message.html?_=1610675045204&CODE_STATE=getMsg HTTP/1.1" 200 27
218.81.216.242 - - [15/Jan/2021:09:44:18 +0800] "GET /xingrg/all/function/internal_message.html?_=1610675089202&CODE_STATE=getMsg HTTP/1.1" 200 27
61.165.42.208 - - [15/Jan/2021:09:44:22 +0800] "GET /xingrg/all/function/internal_message.html?_=1610675064775&CODE_STATE=getMsg HTTP/1.1" 200 27
180.175.150.119 - - [15/Jan/2021:09:44:22 +0800] "GET /xingrg/kc/buy/cgsh_order_operate.html?command=get_materiel&rest_code=00102&code=00101006025&supplier_code=00100096&order_time=2021-01-15 HTTP/1.1" 200 417
116.228.172.94 - - [15/Jan/2021:09:44:26 +0800] "GET /xingrg/kc/buy/cgsh_order_operate.html?command=get_materiel&rest_code=00107&code=00101008007&supplier_code=00100005&order_time=2021-01-15 HTTP/1.1" 200 413
117.131.5.26 - - [15/Jan/2021:09:44:29 +0800] "GET /xingrg/check_reg.html?_=1610675413972 HTTP/1.1" 302 -
117.131.5.26 - - [15/Jan/2021:09:44:29 +0800] "GET /xingrg/login.html HTTP/1.1" 200 7641
180.156.237.57 - - [15/Jan/2021:09:44:29 +0800] "GET /xingrg/all/function/internal_message.html?_=1610675047989&CODE_STATE=getMsg HTTP/1.1" 200 27
61.165.42.208 - - [15/Jan/2021:09:44:30 +0800] "GET /xingrg/all/function/internal_message.html?_=1610675070956&CODE_STATE=getMsg HTTP/1.1" 200 27
116.233.74.9 - - [15/Jan/2021:09:44:36 +0800] "GET /xingrg/all/function/internal_message.html?_=1610675073255&CODE_STATE=getMsg HTTP/1.1" 200 27
120.253.135.82 - - [15/Jan/2021:09:44:41 +0800] "GET /xingrg/check_reg.html?_=1610675187498 HTTP/1.1" 200 22
172.20.0.100 - - [15/Jan/2021:09:44:41 +0800] "GET /xingrg/all/function/internal_message.html?_=1610675077741&CODE_STATE=getMsg HTTP/1.1" 302 -
180.175.150.119 - - [15/Jan/2021:09:44:44 +0800] "GET /xingrg/kc/buy/cgsh_order_operate.html?command=get_materiel&rest_code=00102&code=00101006115&supplier_code=00100096&order_time=2021-01-15 HTTP/1.1" 200 411
116.228.172.94 - - [15/Jan/2021:09:44:45 +0800] "GET /xingrg/kc/buy/cgsh_order_operate.html?command=get_materiel&rest_code=00107&code=00101008370&supplier_code=00100005&order_time=2021-01-15 HTTP/1.1" 200 412
58.40.7.146 - - [15/Jan/2021:09:44:47 +0800] "GET /xingrg/all/function/internal_message.html?_=1610675084363&CODE_STATE=getMsg HTTP/1.1" 200 27
222.70.179.222 - - [15/Jan/2021:09:44:47 +0800] "GET /xingrg/all/function/internal_message.html?_=1610675082101&CODE_STATE=getMsg HTTP/1.1" 200 27
180.156.237.57 - - [15/Jan/2021:09:44:49 +0800] "GET /xingrg/all/function/internal_message.html?_=1610675089374&CODE_STATE=getMsg HTTP/1.1" 200 27
222.69.133.109 - - [15/Jan/2021:09:44:51 +0800] "GET /xingrg/kc/base/wldb_order_operate.html?command=get_materiel&rest_code=00154&base_code=0010727&code=00101006206 HTTP/1.1" 200 435
180.175.150.119 - - [15/Jan/2021:09:44:53 +0800] "GET /xingrg/all/function/internal_message.html?_=1610675331093&CODE_STATE=getMsg HTTP/1.1" 200 27
101.85.93.83 - - [15/Jan/2021:09:44:54 +0800] "GET /xingrg/all/function/internal_message.html?_=1610674754593&CODE_STATE=getMsg HTTP/1.1" 200 27
61.165.42.208 - - [15/Jan/2021:09:44:55 +0800] "GET /xingrg/all/function/internal_message.html?_=1610675075363&CODE_STATE=getMsg HTTP/1.1" 200 27
222.69.129.20 - - [15/Jan/2021:09:44:56 +0800] "GET /xingrg/all/function/internal_message.html?_=1610675088563&CODE_STATE=getMsg HTTP/1.1" 200 27
222.69.129.20 - - [15/Jan/2021:09:44:56 +0800] "GET /xingrg/check_reg.html?_=1610675088564 HTTP/1.1" 200 22
116.228.172.94 - - [15/Jan/2021:09:44:56 +0800] "GET /xingrg/kc/buy/cgsh_order_operate.html?command=get_materiel&rest_code=00107&code=00101008209&supplier_code=00100005&order_time=2021-01-15 HTTP/1.1" 200 408
180.175.150.119 - - [15/Jan/2021:09:45:00 +0800] "GET /xingrg/kc/buy/cgsh_order_operate.html?command=get_materiel&rest_code=00102&code=00101001009&supplier_code=00100096&order_time=2021-01-15 HTTP/1.1" 200 411
120.253.135.82 - - [15/Jan/2021:09:45:04 +0800] "GET /xingrg/all/function/internal_message.html?_=1610674861480&CODE_STATE=getMsg HTTP/1.1" 200 27
120.253.135.82 - - [15/Jan/2021:09:45:04 +0800] "GET /xingrg/all/function/internal_message.html?_=1610675210930&CODE_STATE=getMsg HTTP/1.1" 200 27
222.69.133.109 - - [15/Jan/2021:09:45:05 +0800] "GET /xingrg/all/function/internal_message.html?_=1610675103781&CODE_STATE=getMsg HTTP/1.1" 200 27
222.69.133.109 - - [15/Jan/2021:09:45:09 +0800] "GET /xingrg/kc/base/wldb_order_operate.html?command=get_materiel&rest_code=00154&base_code=0010727&code=00101006233 HTTP/1.1" 200 418
180.169.147.146 - - [15/Jan/2021:09:45:10 +0800] "GET /xingrg/all/function/internal_message.html?_=1610675111595&CODE_STATE=getMsg HTTP/1.1" 200 27
180.175.150.119 - - [15/Jan/2021:09:45:14 +0800] "GET /xingrg/kc/buy/cgsh_order_operate.html?command=get_materiel&rest_code=00102&code=00101001060&supplier_code=00100096&order_time=2021-01-15 HTTP/1.1" 200 418
116.228.172.94 - - [15/Jan/2021:09:45:15 +0800] "GET /xingrg/all/function/internal_message.html?_=1610675105167&CODE_STATE=getMsg HTTP/1.1" 200 27
116.228.172.94 - - [15/Jan/2021:09:45:16 +0800] "GET /xingrg/kc/buy/cgsh_order_operate.html?command=get_materiel&rest_code=00107&code=00101008251&supplier_code=00100005&order_time=2021-01-15 HTTP/1.1" 200 408
222.70.179.222 - - [15/Jan/2021:09:45:18 +0800] "GET /xingrg/kc/buy/cgsh_order_operate.html?command=get_materiel&rest_code=00111&code=00101011001&supplier_code=00100037&order_time=2021-01-15 HTTP/1.1" 200 423
218.81.216.242 - - [15/Jan/2021:09:45:18 +0800] "GET /xingrg/all/function/internal_message.html?_=1610675149204&CODE_STATE=getMsg HTTP/1.1" 200 27
61.165.42.208 - - [15/Jan/2021:09:45:22 +0800] "GET /xingrg/all/function/internal_message.html?_=1610675124784&CODE_STATE=getMsg HTTP/1.1" 200 27
180.156.237.57 - - [15/Jan/2021:09:45:29 +0800] "GET /xingrg/all/function/internal_message.html?_=1610675107999&CODE_STATE=getMsg HTTP/1.1" 200 27
61.165.42.208 - - [15/Jan/2021:09:45:30 +0800] "GET /xingrg/all/function/internal_message.html?_=1610675130938&CODE_STATE=getMsg HTTP/1.1" 200 27
116.233.74.9 - - [15/Jan/2021:09:45:36 +0800] "GET /xingrg/all/function/internal_message.html?_=1610675133253&CODE_STATE=getMsg HTTP/1.1" 200 27
180.175.150.119 - - [15/Jan/2021:09:45:36 +0800] "GET /xingrg/kc/buy/cgsh_order_operate.html?command=get_materiel&rest_code=00102&code=00101016105&supplier_code=00100096&order_time=2021-01-15 HTTP/1.1" 200 409
116.228.172.94 - - [15/Jan/2021:09:45:36 +0800] "GET /xingrg/kc/buy/cgsh_order_operate.html?command=get_materiel&rest_code=00107&code=00101008223&supplier_code=00100005&order_time=2021-01-15 HTTP/1.1" 200 412
172.20.0.100 - - [15/Jan/2021:09:45:41 +0800] "GET /xingrg/all/function/internal_message.html?_=1610675137744&CODE_STATE=getMsg HTTP/1.1" 302 -
222.70.179.222 - - [15/Jan/2021:09:45:45 +0800] "GET /xingrg/check_reg.html?_=1610675140010 HTTP/1.1" 200 22
58.40.7.146 - - [15/Jan/2021:09:45:47 +0800] "GET /xingrg/all/function/internal_message.html?_=1610675144368&CODE_STATE=getMsg HTTP/1.1" 200 27
58.40.7.146 - - [15/Jan/2021:09:45:47 +0800] "GET /xingrg/check_reg.html?_=1610675144369 HTTP/1.1" 200 22
222.70.179.222 - - [15/Jan/2021:09:45:47 +0800] "GET /xingrg/all/function/internal_message.html?_=1610675142440&CODE_STATE=getMsg HTTP/1.1" 200 27
180.156.237.57 - - [15/Jan/2021:09:45:49 +0800] "GET /xingrg/all/function/internal_message.html?_=1610675149380&CODE_STATE=getMsg HTTP/1.1" 200 27
180.156.237.57 - - [15/Jan/2021:09:45:49 +0800] "GET /xingrg/check_reg.html?_=1610675149383 HTTP/1.1" 200 22
