120.253.135.82 - - [15/Jan/2021:08:27:06 +0800] "GET /xingrg/javascript/pic_change.js HTTP/1.1" 304 -
120.253.135.82 - - [15/Jan/2021:08:27:06 +0800] "GET /xingrg/javascript/Calendar.js HTTP/1.1" 304 -
120.253.135.82 - - [15/Jan/2021:08:27:06 +0800] "GET /xingrg/dwr/interface/AjaxReportQueryService.js HTTP/1.1" 200 13203
120.253.135.82 - - [15/Jan/2021:08:27:06 +0800] "GET /xingrg/dwr/interface/AjaxQqpsService.js HTTP/1.1" 200 16326
120.253.135.82 - - [15/Jan/2021:08:27:06 +0800] "GET /xingrg/dwr/engine.js HTTP/1.1" 200 43631
120.253.135.82 - - [15/Jan/2021:08:27:06 +0800] "GET /xingrg/javascript/jquery_easy_ui/themes/icons/check_new.png HTTP/1.1" 304 -
120.253.135.82 - - [15/Jan/2021:08:27:06 +0800] "GET /xingrg/javascript/jquery_easy_ui/themes/icons/back_new.png HTTP/1.1" 200 3414
120.253.135.82 - - [15/Jan/2021:08:27:06 +0800] "GET /xingrg/javascript/jquery_easy_ui/themes/icons/uncheck_new.png HTTP/1.1" 304 -
120.253.135.82 - - [15/Jan/2021:08:27:10 +0800] "GET /xingrg/javascript/auto/jquery.autocomplete.css HTTP/1.1" 304 -
120.253.135.82 - - [15/Jan/2021:08:27:10 +0800] "GET /xingrg/css/base.css HTTP/1.1" 304 -
120.253.135.82 - - [15/Jan/2021:08:27:10 +0800] "GET /xingrg/css/site.css HTTP/1.1" 304 -
120.253.135.82 - - [15/Jan/2021:08:27:10 +0800] "GET /xingrg/javascript/easyui/themes/icon.css HTTP/1.1" 304 -
120.253.135.82 - - [15/Jan/2021:08:27:10 +0800] "GET /xingrg/kc/pszx/mdps_order_list.html?orderType=0 HTTP/1.1" 200 21153
120.253.135.82 - - [15/Jan/2021:08:27:10 +0800] "GET /xingrg/javascript/easyui/themes/default/easyui.css HTTP/1.1" 304 -
120.253.135.82 - - [15/Jan/2021:08:27:10 +0800] "GET /xingrg/javascript/jquery_tools/fix.css HTTP/1.1" 304 -
120.253.135.82 - - [15/Jan/2021:08:27:10 +0800] "GET /xingrg/javascript/jquery_tools/datebox.css HTTP/1.1" 304 -
120.253.135.82 - - [15/Jan/2021:08:27:10 +0800] "GET /xingrg/javascript/jquery_tools/jquery.tools.extend.js HTTP/1.1" 304 -
120.253.135.82 - - [15/Jan/2021:08:27:10 +0800] "GET /xingrg/javascript/jquery_tools/list_manager.js HTTP/1.1" 304 -
120.253.135.82 - - [15/Jan/2021:08:27:10 +0800] "GET /xingrg/javascript/jquery_tools/jquery.tools.min.js HTTP/1.1" 304 -
120.253.135.82 - - [15/Jan/2021:08:27:10 +0800] "GET /xingrg/javascript/jquery_tools/jquery.tools.table.js HTTP/1.1" 304 -
120.253.135.82 - - [15/Jan/2021:08:27:10 +0800] "GET /xingrg/javascript/jquery_tools/table.css HTTP/1.1" 304 -
120.253.135.82 - - [15/Jan/2021:08:27:10 +0800] "GET /xingrg/javascript/jquery.cookie.js HTTP/1.1" 304 -
120.253.135.82 - - [15/Jan/2021:08:27:10 +0800] "GET /xingrg/javascript/auto/jquery.autocomplete.js HTTP/1.1" 304 -
120.253.135.82 - - [15/Jan/2021:08:27:10 +0800] "GET /xingrg/javascript/easyui/easyloader.js HTTP/1.1" 304 -
120.253.135.82 - - [15/Jan/2021:08:27:10 +0800] "GET /xingrg/javascript/jquery_tools/jquery.tools.hotkey.js HTTP/1.1" 304 -
120.253.135.82 - - [15/Jan/2021:08:27:10 +0800] "GET /xingrg/javascript/print/LodopFuncs.js HTTP/1.1" 304 -
120.253.135.82 - - [15/Jan/2021:08:27:11 +0800] "GET /xingrg/javascript/easyui/themes/icons/edit_add_new.png HTTP/1.1" 304 -
120.253.135.82 - - [15/Jan/2021:08:27:11 +0800] "GET /xingrg/javascript/easyui/themes/icons/check_new.png HTTP/1.1" 304 -
120.253.135.82 - - [15/Jan/2021:08:27:11 +0800] "GET /xingrg/javascript/easyui/themes/icons/cance_new.png HTTP/1.1" 304 -
120.253.135.82 - - [15/Jan/2021:08:27:11 +0800] "GET /xingrg/javascript/easyui/themes/icons/uncheck_new.png HTTP/1.1" 304 -
120.253.135.82 - - [15/Jan/2021:08:27:11 +0800] "GET /xingrg/javascript/easyui/themes/icons/field_new.png HTTP/1.1" 200 1097
120.253.135.82 - - [15/Jan/2021:08:27:11 +0800] "GET /xingrg/javascript/easyui/themes/icons/import_new.png HTTP/1.1" 200 1247
120.253.135.82 - - [15/Jan/2021:08:27:11 +0800] "GET /xingrg/javascript/jquery_easy_ui/themes/icons/area.png HTTP/1.1" 200 262
120.253.135.82 - - [15/Jan/2021:08:27:11 +0800] "GET /xingrg/javascript/jquery_easy_ui/themes/icons/manage.png HTTP/1.1" 200 696
120.253.135.82 - - [15/Jan/2021:08:27:11 +0800] "GET /xingrg/javascript/easyui/plugins/jquery.parser.js HTTP/1.1" 304 -
120.253.135.82 - - [15/Jan/2021:08:27:11 +0800] "GET /xingrg/images/control/ajaxLoader.gif HTTP/1.1" 200 4659
120.253.135.82 - - [15/Jan/2021:08:27:11 +0800] "POST /xingrg/kc/pszx/mdps_list_operate.html HTTP/1.1" 200 5396
120.253.135.82 - - [15/Jan/2021:08:27:13 +0800] "GET /xingrg/javascript/auto/indicator.gif HTTP/1.1" 404 1066
218.81.216.242 - - [15/Jan/2021:08:27:15 +0800] "GET /xingrg/all/function/internal_message.html?_=1610670465351&CODE_STATE=getMsg HTTP/1.1" 200 27
120.253.135.82 - - [15/Jan/2021:08:27:19 +0800] "POST /xingrg/kc/pszx/mdps_list_operate.html HTTP/1.1" 200 2073
120.253.135.82 - - [15/Jan/2021:08:27:21 +0800] "POST /xingrg/kc/pszx/mdps_list_operate.html HTTP/1.1" 200 525
61.165.42.208 - - [15/Jan/2021:08:27:22 +0800] "GET /xingrg/all/function/internal_message.html?_=1610670441084&CODE_STATE=getMsg HTTP/1.1" 200 27
120.253.135.82 - - [15/Jan/2021:08:27:23 +0800] "GET /xingrg/kc/pszx/mdps_order_info.html?code=312020121600411 HTTP/1.1" 200 23887
120.253.135.82 - - [15/Jan/2021:08:27:23 +0800] "GET /xingrg/javascript/jquery_tools/order_manager.js HTTP/1.1" 304 -
120.253.135.82 - - [15/Jan/2021:08:27:23 +0800] "GET /xingrg/javascript/print/kc_print.js HTTP/1.1" 304 -
120.253.135.82 - - [15/Jan/2021:08:27:23 +0800] "GET /xingrg/javascript/convert.js HTTP/1.1" 304 -
120.253.135.82 - - [15/Jan/2021:08:27:23 +0800] "GET /xingrg/javascript/json2.js HTTP/1.1" 304 -
120.253.135.82 - - [15/Jan/2021:08:27:23 +0800] "GET /xingrg/words/20210114124248_words.js HTTP/1.1" 304 -
120.253.135.82 - - [15/Jan/2021:08:27:24 +0800] "GET /xingrg/javascript/easyui/themes/default/images/menu_downarrow.png HTTP/1.1" 304 -
120.253.135.82 - - [15/Jan/2021:08:27:24 +0800] "GET /xingrg/javascript/easyui/themes/icons/ok.png HTTP/1.1" 304 -
120.253.135.82 - - [15/Jan/2021:08:27:24 +0800] "GET /xingrg/javascript/easyui/themes/icons/print.png HTTP/1.1" 304 -
120.253.135.82 - - [15/Jan/2021:08:27:24 +0800] "GET /xingrg/javascript/easyui/themes/icons/copy_new.png HTTP/1.1" 304 -
120.253.135.82 - - [15/Jan/2021:08:27:24 +0800] "GET /xingrg/javascript/easyui/themes/icons/cancel.png HTTP/1.1" 304 -
120.253.135.82 - - [15/Jan/2021:08:27:24 +0800] "GET /xingrg/all/common/auto_word.html?type=base&rest_code=00101 HTTP/1.1" 200 559
120.253.135.82 - - [15/Jan/2021:08:27:24 +0800] "POST /xingrg/kc/pszx/mdps_order_operate.html HTTP/1.1" 200 4242
120.253.135.82 - - [15/Jan/2021:08:27:24 +0800] "GET /xingrg/javascript/easyui/themes/icons/edit_remove.png HTTP/1.1" 304 -
120.253.135.82 - - [15/Jan/2021:08:27:24 +0800] "GET /xingrg/javascript/easyui/themes/default/validatebox.css HTTP/1.1" 404 1104
120.253.135.82 - - [15/Jan/2021:08:27:24 +0800] "GET /xingrg/javascript/easyui/plugins/jquery.validatebox.js HTTP/1.1" 304 -
120.253.135.82 - - [15/Jan/2021:08:27:24 +0800] "GET /xingrg/javascript/easyui/plugins/jquery.numberbox.js HTTP/1.1" 304 -
120.253.135.82 - - [15/Jan/2021:08:27:28 +0800] "GET /xingrg/javascript/easyui/themes/default/images/button_plain_hover.png HTTP/1.1" 304 -
120.253.135.82 - - [15/Jan/2021:08:27:31 +0800] "POST /xingrg/kc/pszx/mdps_list_operate.html HTTP/1.1" 200 208
120.253.135.82 - - [15/Jan/2021:08:27:39 +0800] "POST /xingrg/kc/pszx/mdps_list_operate.html HTTP/1.1" 200 2426
120.253.135.82 - - [15/Jan/2021:08:27:41 +0800] "POST /xingrg/kc/pszx/mdps_list_operate.html HTTP/1.1" 200 208
172.20.0.100 - - [15/Jan/2021:08:27:41 +0800] "GET /xingrg/all/function/internal_message.html?_=1610670457741&CODE_STATE=getMsg HTTP/1.1" 302 -
172.20.0.100 - - [15/Jan/2021:08:27:41 +0800] "GET /xingrg/check_reg.html?_=1610670457742 HTTP/1.1" 302 -
120.253.135.82 - - [15/Jan/2021:08:27:42 +0800] "GET /xingrg/kc/pszx/mdps_order_info.html?code=312021011300445 HTTP/1.1" 200 23887
120.253.135.82 - - [15/Jan/2021:08:27:42 +0800] "POST /xingrg/kc/pszx/mdps_order_operate.html HTTP/1.1" 200 2288
120.253.135.82 - - [15/Jan/2021:08:27:42 +0800] "GET /xingrg/javascript/easyui/themes/default/validatebox.css HTTP/1.1" 404 1104
180.156.237.57 - - [15/Jan/2021:08:27:43 +0800] "GET /xingrg/all/function/internal_message.html?_=1610670441650&CODE_STATE=getMsg HTTP/1.1" 200 27
180.156.237.57 - - [15/Jan/2021:08:27:45 +0800] "GET /xingrg/all/function/internal_message.html?_=1610670464827&CODE_STATE=getMsg HTTP/1.1" 200 27
120.253.135.82 - - [15/Jan/2021:08:27:45 +0800] "POST /xingrg/kc/pszx/mdps_list_operate.html HTTP/1.1" 200 2426
58.40.7.146 - - [15/Jan/2021:08:27:47 +0800] "GET /xingrg/all/function/internal_message.html?_=1610670464270&CODE_STATE=getMsg HTTP/1.1" 200 27
120.253.135.82 - - [15/Jan/2021:08:27:57 +0800] "POST /xingrg/kc/pszx/mdps_list_operate.html HTTP/1.1" 200 4299
120.253.135.82 - - [15/Jan/2021:08:28:00 +0800] "POST /xingrg/kc/pszx/mdps_list_operate.html HTTP/1.1" 200 208
120.253.135.82 - - [15/Jan/2021:08:28:01 +0800] "GET /xingrg/kc/pszx/mdps_order_info.html?code=312021011000298 HTTP/1.1" 200 23889
120.253.135.82 - - [15/Jan/2021:08:28:01 +0800] "POST /xingrg/kc/pszx/mdps_order_operate.html HTTP/1.1" 200 2292
120.253.135.82 - - [15/Jan/2021:08:28:01 +0800] "GET /xingrg/javascript/easyui/themes/default/validatebox.css HTTP/1.1" 404 1104
120.253.135.82 - - [15/Jan/2021:08:28:02 +0800] "GET /xingrg/all/function/internal_message.html?_=1610670239441&CODE_STATE=getMsg HTTP/1.1" 200 27
120.253.135.82 - - [15/Jan/2021:08:28:03 +0800] "GET /xingrg/all/function/internal_message.html?_=1610670589432&CODE_STATE=getMsg HTTP/1.1" 200 27
222.70.179.222 - - [15/Jan/2021:08:28:03 +0800] "GET /xingrg/all/function/internal_message.html?_=1610670478824&CODE_STATE=getMsg HTTP/1.1" 200 27
120.253.135.82 - - [15/Jan/2021:08:28:05 +0800] "POST /xingrg/kc/pszx/mdps_list_operate.html HTTP/1.1" 200 4299
120.253.135.82 - - [15/Jan/2021:08:28:12 +0800] "GET /xingrg/kc/buy/cgsh_order_list.html HTTP/1.1" 200 46079
120.253.135.82 - - [15/Jan/2021:08:28:13 +0800] "POST /xingrg/kc/buy/cgsh_list_operate.html HTTP/1.1" 200 1675
218.81.216.242 - - [15/Jan/2021:08:28:15 +0800] "GET /xingrg/all/function/internal_message.html?_=1610670525364&CODE_STATE=getMsg HTTP/1.1" 200 27
120.253.135.82 - - [15/Jan/2021:08:28:16 +0800] "POST /xingrg/kc/buy/cgsh_list_operate.html HTTP/1.1" 200 209
120.253.135.82 - - [15/Jan/2021:08:28:16 +0800] "GET /xingrg/kc/buy/cgsh_order_info.html?code=212021011305803 HTTP/1.1" 200 60832
120.253.135.82 - - [15/Jan/2021:08:28:17 +0800] "GET /xingrg/javascript/easyui/themes/icons/template_new.png HTTP/1.1" 304 -
120.253.135.82 - - [15/Jan/2021:08:28:17 +0800] "GET /xingrg/all/common/auto_word.html?type=employee&rest_code=00101 HTTP/1.1" 200 1173
120.253.135.82 - - [15/Jan/2021:08:28:17 +0800] "GET /xingrg/all/common/auto_word.html?type=employee&rest_code=00101 HTTP/1.1" 200 1173
120.253.135.82 - - [15/Jan/2021:08:28:17 +0800] "GET /xingrg/javascript/easyui/themes/default/validatebox.css HTTP/1.1" 404 1104
120.253.135.82 - - [15/Jan/2021:08:28:17 +0800] "POST /xingrg/kc/buy/cgsh_order_operate.html HTTP/1.1" 200 2681
120.253.135.82 - - [15/Jan/2021:08:28:21 +0800] "GET /xingrg/kc/print/load_config.html?kc_code=cgsh HTTP/1.1" 200 1845
120.253.135.82 - - [15/Jan/2021:08:28:21 +0800] "GET /xingrg/kc/print/load_data.html?order_code=212021011305803&kc_code=cgsh&condition= HTTP/1.1" 200 687
61.165.42.208 - - [15/Jan/2021:08:28:22 +0800] "GET /xingrg/all/function/internal_message.html?_=1610670501071&CODE_STATE=getMsg HTTP/1.1" 200 27
117.131.5.26 - - [15/Jan/2021:08:28:26 +0800] "POST /xingrg/services/DataTransmitService HTTP/1.1" 200 524
117.131.5.26 - - [15/Jan/2021:08:28:29 +0800] "POST /xingrg/services/DataTransmitService HTTP/1.1" 200 501
117.131.5.26 - - [15/Jan/2021:08:28:29 +0800] "POST /xingrg/services/DataTransmitService HTTP/1.1" 200 501
117.131.5.26 - - [15/Jan/2021:08:28:30 +0800] "POST /xingrg/services/DataTransmitService HTTP/1.1" 200 501
117.131.5.26 - - [15/Jan/2021:08:28:32 +0800] "POST /xingrg/services/DataTransmitService HTTP/1.1" 200 501
117.131.5.26 - - [15/Jan/2021:08:28:32 +0800] "POST /xingrg/services/DataTransmitService HTTP/1.1" 200 501
117.131.5.26 - - [15/Jan/2021:08:28:39 +0800] "POST /xingrg/services/DataTransmitService HTTP/1.1" 200 501
117.131.5.26 - - [15/Jan/2021:08:28:39 +0800] "POST /xingrg/services/DataTransmitService HTTP/1.1" 200 501
117.131.5.26 - - [15/Jan/2021:08:28:40 +0800] "POST /xingrg/services/DataTransmitService HTTP/1.1" 200 501
117.131.5.26 - - [15/Jan/2021:08:28:40 +0800] "POST /xingrg/services/DataTransmitService HTTP/1.1" 200 501
117.131.5.26 - - [15/Jan/2021:08:28:41 +0800] "POST /xingrg/services/DataTransmitService HTTP/1.1" 200 412
117.131.5.26 - - [15/Jan/2021:08:28:41 +0800] "POST /xingrg/services/DataTransmitService HTTP/1.1" 200 524
172.20.0.100 - - [15/Jan/2021:08:28:41 +0800] "GET /xingrg/all/function/internal_message.html?_=1610670517748&CODE_STATE=getMsg HTTP/1.1" 302 -
117.131.5.26 - - [15/Jan/2021:08:28:42 +0800] "POST /xingrg/services/DataTransmitService HTTP/1.1" 200 501
117.131.5.26 - - [15/Jan/2021:08:28:42 +0800] "POST /xingrg/services/DataTransmitService HTTP/1.1" 200 524
180.156.237.57 - - [15/Jan/2021:08:28:43 +0800] "GET /xingrg/all/function/internal_message.html?_=1610670501674&CODE_STATE=getMsg HTTP/1.1" 200 27
180.156.237.57 - - [15/Jan/2021:08:28:45 +0800] "GET /xingrg/all/function/internal_message.html?_=1610670524833&CODE_STATE=getMsg HTTP/1.1" 200 27
117.131.5.26 - - [15/Jan/2021:08:28:45 +0800] "POST /xingrg/services/DataTransmitService HTTP/1.1" 200 501
117.131.5.26 - - [15/Jan/2021:08:28:46 +0800] "POST /xingrg/services/DataTransmitService HTTP/1.1" 200 524
117.131.5.26 - - [15/Jan/2021:08:28:46 +0800] "POST /xingrg/services/DataTransmitService HTTP/1.1" 200 497
58.40.7.146 - - [15/Jan/2021:08:28:47 +0800] "GET /xingrg/all/function/internal_message.html?_=1610670524273&CODE_STATE=getMsg HTTP/1.1" 200 27
117.131.5.26 - - [15/Jan/2021:08:28:47 +0800] "POST /xingrg/services/DataTransmitService HTTP/1.1" 200 524
117.131.5.26 - - [15/Jan/2021:08:28:48 +0800] "POST /xingrg/services/DataTransmitService HTTP/1.1" 200 524
117.131.5.26 - - [15/Jan/2021:08:28:48 +0800] "POST /xingrg/services/DataTransmitService HTTP/1.1" 200 2099
117.131.5.26 - - [15/Jan/2021:08:28:48 +0800] "POST /xingrg/services/DataTransmitService HTTP/1.1" 200 524
117.131.5.26 - - [15/Jan/2021:08:28:49 +0800] "POST /xingrg/services/DataTransmitService HTTP/1.1" 200 2099
117.131.5.26 - - [15/Jan/2021:08:28:51 +0800] "POST /xingrg/services/DataTransmitService HTTP/1.1" 200 501
117.131.5.26 - - [15/Jan/2021:08:28:51 +0800] "POST /xingrg/services/DataTransmitService HTTP/1.1" 200 501
117.131.5.26 - - [15/Jan/2021:08:28:53 +0800] "POST /xingrg/services/DataTransmitService HTTP/1.1" 200 501
117.131.5.26 - - [15/Jan/2021:08:28:54 +0800] "POST /xingrg/services/DataTransmitService HTTP/1.1" 200 501
117.131.5.26 - - [15/Jan/2021:08:28:54 +0800] "POST /xingrg/services/DataTransmitService HTTP/1.1" 200 501
117.131.5.26 - - [15/Jan/2021:08:28:54 +0800] "POST /xingrg/services/DataTransmitService HTTP/1.1" 200 501
117.131.5.26 - - [15/Jan/2021:08:28:55 +0800] "POST /xingrg/services/DataTransmitService HTTP/1.1" 200 501
117.131.5.26 - - [15/Jan/2021:08:28:55 +0800] "POST /xingrg/services/DataTransmitService HTTP/1.1" 200 501
117.131.5.26 - - [15/Jan/2021:08:28:55 +0800] "POST /xingrg/services/DataTransmitService HTTP/1.1" 200 501
117.131.5.26 - - [15/Jan/2021:08:28:57 +0800] "POST /xingrg/services/DataTransmitService HTTP/1.1" 200 412
120.253.135.82 - - [15/Jan/2021:08:29:02 +0800] "GET /xingrg/all/function/internal_message.html?_=1610670299469&CODE_STATE=getMsg HTTP/1.1" 200 27
120.253.135.82 - - [15/Jan/2021:08:29:03 +0800] "GET /xingrg/all/function/internal_message.html?_=1610670649464&CODE_STATE=getMsg HTTP/1.1" 200 27
222.70.179.222 - - [15/Jan/2021:08:29:03 +0800] "GET /xingrg/all/function/internal_message.html?_=1610670538863&CODE_STATE=getMsg HTTP/1.1" 200 27
218.81.216.242 - - [15/Jan/2021:08:29:15 +0800] "GET /xingrg/all/function/internal_message.html?_=1610670585552&CODE_STATE=getMsg HTTP/1.1" 200 27
61.165.42.208 - - [15/Jan/2021:08:29:22 +0800] "GET /xingrg/all/function/internal_message.html?_=1610670561074&CODE_STATE=getMsg HTTP/1.1" 200 27
120.253.135.82 - - [15/Jan/2021:08:29:41 +0800] "GET /xingrg/check_reg.html?_=1610670687418 HTTP/1.1" 200 22
172.20.0.100 - - [15/Jan/2021:08:29:41 +0800] "GET /xingrg/all/function/internal_message.html?_=1610670577735&CODE_STATE=getMsg HTTP/1.1" 302 -
180.156.237.57 - - [15/Jan/2021:08:29:43 +0800] "GET /xingrg/all/function/internal_message.html?_=1610670561677&CODE_STATE=getMsg HTTP/1.1" 200 27
180.156.237.57 - - [15/Jan/2021:08:29:45 +0800] "GET /xingrg/all/function/internal_message.html?_=1610670584833&CODE_STATE=getMsg HTTP/1.1" 200 27
58.40.7.146 - - [15/Jan/2021:08:29:47 +0800] "GET /xingrg/all/function/internal_message.html?_=1610670584260&CODE_STATE=getMsg HTTP/1.1" 200 27
222.70.179.222 - - [15/Jan/2021:08:29:47 +0800] "GET /xingrg/check_reg.html?_=1610670582626 HTTP/1.1" 200 22
120.253.135.82 - - [15/Jan/2021:08:30:02 +0800] "GET /xingrg/all/function/internal_message.html?_=1610670359484&CODE_STATE=getMsg HTTP/1.1" 200 27
120.253.135.82 - - [15/Jan/2021:08:30:03 +0800] "GET /xingrg/all/function/internal_message.html?_=1610670709475&CODE_STATE=getMsg HTTP/1.1" 200 27
222.70.179.222 - - [15/Jan/2021:08:30:03 +0800] "GET /xingrg/all/function/internal_message.html?_=1610670598866&CODE_STATE=getMsg HTTP/1.1" 200 27
218.81.216.242 - - [15/Jan/2021:08:30:15 +0800] "GET /xingrg/all/function/internal_message.html?_=1610670645562&CODE_STATE=getMsg HTTP/1.1" 200 27
61.165.42.208 - - [15/Jan/2021:08:30:22 +0800] "GET /xingrg/all/function/internal_message.html?_=1610670621076&CODE_STATE=getMsg HTTP/1.1" 200 27
120.253.135.82 - - [15/Jan/2021:08:30:24 +0800] "POST /xingrg/kc/buy/cgsh_order_operate.html HTTP/1.1" 200 37
120.253.135.82 - - [15/Jan/2021:08:30:29 +0800] "POST /xingrg/kc/buy/cgsh_order_operate.html HTTP/1.1" 200 12
120.253.135.82 - - [15/Jan/2021:08:30:31 +0800] "GET /xingrg/kc/buy/cgsh_order_info.html?code=212021011305803 HTTP/1.1" 200 55726
120.253.135.82 - - [15/Jan/2021:08:30:31 +0800] "GET /xingrg/javascript/easyui/themes/default/validatebox.css HTTP/1.1" 404 1104
120.253.135.82 - - [15/Jan/2021:08:30:32 +0800] "POST /xingrg/kc/buy/cgsh_order_operate.html HTTP/1.1" 200 631
120.253.135.82 - - [15/Jan/2021:08:30:39 +0800] "GET /xingrg/kc/buy/cgsh_order_add.html HTTP/1.1" 200 60833
180.156.237.57 - - [15/Jan/2021:08:30:39 +0800] "GET /xingrg/kc/buy/cgsh_order_list.html HTTP/1.1" 200 46085
120.253.135.82 - - [15/Jan/2021:08:30:39 +0800] "POST /xingrg/kc/buy/cgsh_order_operate.html HTTP/1.1" 200 8245
120.253.135.82 - - [15/Jan/2021:08:30:39 +0800] "GET /xingrg/javascript/easyui/themes/default/validatebox.css HTTP/1.1" 404 1104
180.156.237.57 - - [15/Jan/2021:08:30:40 +0800] "POST /xingrg/kc/buy/cgsh_list_operate.html HTTP/1.1" 200 876
180.156.237.57 - - [15/Jan/2021:08:30:41 +0800] "GET /xingrg/kc/buy/cgsh_order_add.html HTTP/1.1" 200 61741
180.156.237.57 - - [15/Jan/2021:08:30:41 +0800] "GET /xingrg/words/20210114124248_words.js HTTP/1.1" 304 -
180.156.237.57 - - [15/Jan/2021:08:30:41 +0800] "POST /xingrg/kc/buy/cgsh_order_operate.html HTTP/1.1" 200 8245
180.156.237.57 - - [15/Jan/2021:08:30:41 +0800] "GET /xingrg/all/common/auto_word.html?type=employee&rest_code=00150 HTTP/1.1" 200 205
180.156.237.57 - - [15/Jan/2021:08:30:41 +0800] "GET /xingrg/javascript/easyui/themes/default/validatebox.css HTTP/1.1" 404 1104
180.156.237.57 - - [15/Jan/2021:08:30:41 +0800] "GET /xingrg/all/common/auto_word.html?type=employee&rest_code=00150 HTTP/1.1" 200 205
172.20.0.100 - - [15/Jan/2021:08:30:41 +0800] "GET /xingrg/all/function/internal_message.html?_=1610670637744&CODE_STATE=getMsg HTTP/1.1" 302 -
180.156.237.57 - - [15/Jan/2021:08:30:43 +0800] "GET /xingrg/javascript/auto/indicator.gif HTTP/1.1" 404 1066
180.156.237.57 - - [15/Jan/2021:08:30:43 +0800] "GET /xingrg/all/function/internal_message.html?_=1610670621701&CODE_STATE=getMsg HTTP/1.1" 200 27
180.156.237.57 - - [15/Jan/2021:08:30:45 +0800] "GET /xingrg/all/function/internal_message.html?_=1610670644842&CODE_STATE=getMsg HTTP/1.1" 200 27
58.40.7.146 - - [15/Jan/2021:08:30:47 +0800] "GET /xingrg/all/function/internal_message.html?_=1610670644262&CODE_STATE=getMsg HTTP/1.1" 200 27
58.40.7.146 - - [15/Jan/2021:08:30:47 +0800] "GET /xingrg/check_reg.html?_=1610670644264 HTTP/1.1" 200 22
180.156.237.57 - - [15/Jan/2021:08:30:49 +0800] "GET /xingrg/kc/buy/cgsh_order_operate.html?command=get_materiel&rest_code=00150&code=00101008025&supplier_code=00100007&order_time=2021-01-15 HTTP/1.1" 200 408
120.253.135.82 - - [15/Jan/2021:08:30:51 +0800] "GET /xingrg/css/images/panel_loading.gif HTTP/1.1" 304 -
120.253.135.82 - - [15/Jan/2021:08:30:51 +0800] "POST /xingrg/all/common/load_combo.html?type=employee HTTP/1.1" 200 2101
180.156.237.57 - - [15/Jan/2021:08:30:53 +0800] "POST /xingrg/all/common/load_select.html HTTP/1.1" 200 12
180.156.237.57 - - [15/Jan/2021:08:30:56 +0800] "GET /xingrg/kc/buy/cgsh_order_operate.html?command=get_materiel_price&rest_code=00150&code=00101008025&unit_code=00100020&supplier_code=00100007&order_time=2021-01-15 HTTP/1.1" 200 27
120.253.135.82 - - [15/Jan/2021:08:31:01 +0800] "GET /xingrg/kc/buy/cgsh_order_operate.html?command=get_materiel&rest_code=00101&code=00101029073&supplier_code=00100282&order_time=2021-01-15 HTTP/1.1" 200 478
218.81.216.242 - - [15/Jan/2021:08:31:02 +0800] "POST /xingrg/services/DataTransmitService HTTP/1.1" 200 524
120.253.135.82 - - [15/Jan/2021:08:31:02 +0800] "GET /xingrg/all/function/internal_message.html?_=1610670419497&CODE_STATE=getMsg HTTP/1.1" 200 27
120.253.135.82 - - [15/Jan/2021:08:31:03 +0800] "POST /xingrg/all/common/load_select.html HTTP/1.1" 200 25
120.253.135.82 - - [15/Jan/2021:08:31:03 +0800] "GET /xingrg/all/function/internal_message.html?_=1610670769494&CODE_STATE=getMsg HTTP/1.1" 200 27
222.70.179.222 - - [15/Jan/2021:08:31:03 +0800] "GET /xingrg/all/function/internal_message.html?_=1610670658879&CODE_STATE=getMsg HTTP/1.1" 200 27
120.253.135.82 - - [15/Jan/2021:08:31:06 +0800] "GET /xingrg/kc/buy/cgsh_order_operate.html?command=get_materiel_price&rest_code=00101&code=00101029073&unit_code=00100179&supplier_code=00100282&order_time=2021-01-15 HTTP/1.1" 200 29
180.156.237.57 - - [15/Jan/2021:08:31:08 +0800] "GET /xingrg/kc/buy/cgsh_order_operate.html?command=get_materiel&rest_code=00150&code=00101008447&supplier_code=00100007&order_time=2021-01-15 HTTP/1.1" 200 399
218.81.216.242 - - [15/Jan/2021:08:31:13 +0800] "GET /xingrg/check_reg.html?_=1610670703790 HTTP/1.1" 200 22
218.81.216.242 - - [15/Jan/2021:08:31:15 +0800] "GET /xingrg/all/function/internal_message.html?_=1610670705577&CODE_STATE=getMsg HTTP/1.1" 200 27
180.156.237.57 - - [15/Jan/2021:08:31:15 +0800] "GET /xingrg/kc/buy/cgsh_order_operate.html?command=get_materiel&rest_code=00150&code=00101008042&supplier_code=00100007&order_time=2021-01-15 HTTP/1.1" 200 416
120.253.135.82 - - [15/Jan/2021:08:31:18 +0800] "POST /xingrg/kc/buy/cgsh_order_operate.html HTTP/1.1" 200 37
120.253.135.82 - - [15/Jan/2021:08:31:20 +0800] "POST /xingrg/kc/buy/cgsh_order_operate.html HTTP/1.1" 200 2719
61.165.42.208 - - [15/Jan/2021:08:31:22 +0800] "GET /xingrg/all/function/internal_message.html?_=1610670681078&CODE_STATE=getMsg HTTP/1.1" 200 27
61.165.42.208 - - [15/Jan/2021:08:31:22 +0800] "GET /xingrg/check_reg.html?_=1610670681083 HTTP/1.1" 200 22
180.156.237.57 - - [15/Jan/2021:08:31:27 +0800] "GET /xingrg/kc/buy/cgsh_order_operate.html?command=get_materiel&rest_code=00150&code=00101008261&supplier_code=00100007&order_time=2021-01-15 HTTP/1.1" 200 408
180.156.237.57 - - [15/Jan/2021:08:31:27 +0800] "GET /xingrg/check_reg.html?_=1610670665979 HTTP/1.1" 200 22
120.253.135.82 - - [15/Jan/2021:08:31:30 +0800] "GET /xingrg/kc/print/load_data.html?order_code=212021011506337&kc_code=cgsh&condition= HTTP/1.1" 200 740
180.156.237.57 - - [15/Jan/2021:08:31:38 +0800] "GET /xingrg/kc/buy/cgsh_order_operate.html?command=get_materiel&rest_code=00150&code=00101008331&supplier_code=00100007&order_time=2021-01-15 HTTP/1.1" 200 416
172.20.0.100 - - [15/Jan/2021:08:31:41 +0800] "GET /xingrg/all/function/internal_message.html?_=1610670697733&CODE_STATE=getMsg HTTP/1.1" 302 -
180.156.237.57 - - [15/Jan/2021:08:31:43 +0800] "GET /xingrg/all/function/internal_message.html?_=1610670681704&CODE_STATE=getMsg HTTP/1.1" 200 27
180.156.237.57 - - [15/Jan/2021:08:31:45 +0800] "GET /xingrg/all/function/internal_message.html?_=1610670704849&CODE_STATE=getMsg HTTP/1.1" 200 27
180.156.237.57 - - [15/Jan/2021:08:31:45 +0800] "GET /xingrg/check_reg.html?_=1610670704852 HTTP/1.1" 200 22
180.156.237.57 - - [15/Jan/2021:08:31:45 +0800] "GET /xingrg/kc/buy/cgsh_order_operate.html?command=get_materiel&rest_code=00150&code=00101008354&supplier_code=00100007&order_time=2021-01-15 HTTP/1.1" 200 412
58.40.7.146 - - [15/Jan/2021:08:31:47 +0800] "GET /xingrg/all/function/internal_message.html?_=1610670704267&CODE_STATE=getMsg HTTP/1.1" 200 27
180.156.237.57 - - [15/Jan/2021:08:31:52 +0800] "GET /xingrg/kc/buy/cgsh_order_operate.html?command=get_materiel&rest_code=00150&code=00101008096&supplier_code=00100007&order_time=2021-01-15 HTTP/1.1" 200 413
180.156.237.57 - - [15/Jan/2021:08:32:00 +0800] "GET /xingrg/kc/buy/cgsh_order_operate.html?command=get_materiel&rest_code=00150&code=00101008163&supplier_code=00100007&order_time=2021-01-15 HTTP/1.1" 200 409
120.253.135.82 - - [15/Jan/2021:08:32:02 +0800] "GET /xingrg/check_reg.html?_=1610670479433 HTTP/1.1" 200 22
120.253.135.82 - - [15/Jan/2021:08:32:02 +0800] "GET /xingrg/all/function/internal_message.html?_=1610670479511&CODE_STATE=getMsg HTTP/1.1" 200 27
120.253.135.82 - - [15/Jan/2021:08:32:03 +0800] "GET /xingrg/all/function/internal_message.html?_=1610670829525&CODE_STATE=getMsg HTTP/1.1" 200 27
222.70.179.222 - - [15/Jan/2021:08:32:04 +0800] "GET /xingrg/all/function/internal_message.html?_=1610670718919&CODE_STATE=getMsg HTTP/1.1" 200 27
180.156.237.57 - - [15/Jan/2021:08:32:09 +0800] "GET /xingrg/kc/buy/cgsh_order_operate.html?command=get_materiel&rest_code=00150&code=00101008370&supplier_code=00100007&order_time=2021-01-15 HTTP/1.1" 200 412
180.156.237.57 - - [15/Jan/2021:08:32:15 +0800] "GET /xingrg/kc/buy/cgsh_order_operate.html?command=get_materiel&rest_code=00150&code=00101008141&supplier_code=00100007&order_time=2021-01-15 HTTP/1.1" 200 412
218.81.216.242 - - [15/Jan/2021:08:32:15 +0800] "GET /xingrg/all/function/internal_message.html?_=1610670765591&CODE_STATE=getMsg HTTP/1.1" 200 27
61.165.42.208 - - [15/Jan/2021:08:32:22 +0800] "GET /xingrg/all/function/internal_message.html?_=1610670741083&CODE_STATE=getMsg HTTP/1.1" 200 27
180.156.237.57 - - [15/Jan/2021:08:32:23 +0800] "GET /xingrg/kc/buy/cgsh_order_operate.html?command=get_materiel&rest_code=00150&code=00101008361&supplier_code=00100007&order_time=2021-01-15 HTTP/1.1" 200 408
180.156.237.57 - - [15/Jan/2021:08:32:33 +0800] "GET /xingrg/kc/buy/cgsh_order_operate.html?command=get_materiel&rest_code=00150&code=00101008355&supplier_code=00100007&order_time=2021-01-15 HTTP/1.1" 200 408
180.156.237.57 - - [15/Jan/2021:08:32:40 +0800] "GET /xingrg/kc/buy/cgsh_order_operate.html?command=get_materiel&rest_code=00150&code=00101008264&supplier_code=00100007&order_time=2021-01-15 HTTP/1.1" 200 412
172.20.0.100 - - [15/Jan/2021:08:32:41 +0800] "GET /xingrg/all/function/internal_message.html?_=1610670757740&CODE_STATE=getMsg HTTP/1.1" 302 -
172.20.0.100 - - [15/Jan/2021:08:32:41 +0800] "GET /xingrg/check_reg.html?_=1610670757745 HTTP/1.1" 302 -
180.156.237.57 - - [15/Jan/2021:08:32:43 +0800] "GET /xingrg/all/function/internal_message.html?_=1610670741726&CODE_STATE=getMsg HTTP/1.1" 200 27
180.156.237.57 - - [15/Jan/2021:08:32:45 +0800] "GET /xingrg/all/function/internal_message.html?_=1610670764866&CODE_STATE=getMsg HTTP/1.1" 200 27
58.40.7.146 - - [15/Jan/2021:08:32:47 +0800] "GET /xingrg/all/function/internal_message.html?_=1610670764269&CODE_STATE=getMsg HTTP/1.1" 200 27
180.156.237.57 - - [15/Jan/2021:08:32:50 +0800] "GET /xingrg/kc/buy/cgsh_order_operate.html?command=get_materiel&rest_code=00150&code=00101008024&supplier_code=00100007&order_time=2021-01-15 HTTP/1.1" 200 408
180.156.237.57 - - [15/Jan/2021:08:32:57 +0800] "GET /xingrg/kc/buy/cgsh_order_operate.html?command=get_materiel&rest_code=00150&code=00101008251&supplier_code=00100007&order_time=2021-01-15 HTTP/1.1" 200 408
120.253.135.82 - - [15/Jan/2021:08:33:02 +0800] "GET /xingrg/all/function/internal_message.html?_=1610670539524&CODE_STATE=getMsg HTTP/1.1" 200 27
120.253.135.82 - - [15/Jan/2021:08:33:03 +0800] "GET /xingrg/all/function/internal_message.html?_=1610670889532&CODE_STATE=getMsg HTTP/1.1" 200 27
222.70.179.222 - - [15/Jan/2021:08:33:04 +0800] "GET /xingrg/all/function/internal_message.html?_=1610670778938&CODE_STATE=getMsg HTTP/1.1" 200 27
180.156.237.57 - - [15/Jan/2021:08:33:04 +0800] "GET /xingrg/kc/buy/cgsh_order_operate.html?command=get_materiel&rest_code=00150&code=00101008360&supplier_code=00100007&order_time=2021-01-15 HTTP/1.1" 200 413
180.156.237.57 - - [15/Jan/2021:08:33:12 +0800] "GET /xingrg/kc/buy/cgsh_order_operate.html?command=get_materiel&rest_code=00150&code=00101008069&supplier_code=00100007&order_time=2021-01-15 HTTP/1.1" 200 412
120.253.135.82 - - [15/Jan/2021:08:33:14 +0800] "POST /xingrg/kc/buy/cgsh_order_operate.html HTTP/1.1" 200 37
218.81.216.242 - - [15/Jan/2021:08:33:15 +0800] "GET /xingrg/all/function/internal_message.html?_=1610670825603&CODE_STATE=getMsg HTTP/1.1" 200 27
120.253.135.82 - - [15/Jan/2021:08:33:17 +0800] "POST /xingrg/kc/buy/cgsh_order_operate.html HTTP/1.1" 200 12
120.253.135.82 - - [15/Jan/2021:08:33:18 +0800] "GET /xingrg/kc/buy/cgsh_order_info.html?code=212021011506337 HTTP/1.1" 200 55747
120.253.135.82 - - [15/Jan/2021:08:33:18 +0800] "GET /xingrg/javascript/easyui/themes/default/validatebox.css HTTP/1.1" 404 1104
120.253.135.82 - - [15/Jan/2021:08:33:19 +0800] "POST /xingrg/kc/buy/cgsh_order_operate.html HTTP/1.1" 200 669
120.253.135.82 - - [15/Jan/2021:08:33:20 +0800] "POST /xingrg/kc/buy/cgsh_list_operate.html HTTP/1.1" 200 876
61.165.42.208 - - [15/Jan/2021:08:33:22 +0800] "GET /xingrg/all/function/internal_message.html?_=1610670801070&CODE_STATE=getMsg HTTP/1.1" 200 27
120.253.135.82 - - [15/Jan/2021:08:33:23 +0800] "GET /xingrg/kc/pszx/mdps_order_list.html?orderType=0 HTTP/1.1" 200 21153
120.253.135.82 - - [15/Jan/2021:08:33:23 +0800] "POST /xingrg/kc/pszx/mdps_list_operate.html HTTP/1.1" 200 5396
120.253.135.82 - - [15/Jan/2021:08:33:30 +0800] "POST /xingrg/kc/pszx/mdps_list_operate.html HTTP/1.1" 200 4219
180.156.237.57 - - [15/Jan/2021:08:33:34 +0800] "GET /xingrg/kc/buy/cgsh_order_operate.html?command=get_materiel&rest_code=00150&code=00101008131&supplier_code=00100007&order_time=2021-01-15 HTTP/1.1" 200 408
172.20.0.100 - - [15/Jan/2021:08:33:41 +0800] "GET /xingrg/all/function/internal_message.html?_=1610670817732&CODE_STATE=getMsg HTTP/1.1" 302 -
180.156.237.57 - - [15/Jan/2021:08:33:42 +0800] "GET /xingrg/kc/buy/cgsh_order_operate.html?command=get_materiel&rest_code=00150&code=00101008296&supplier_code=00100007&order_time=2021-01-15 HTTP/1.1" 200 416
180.156.237.57 - - [15/Jan/2021:08:33:43 +0800] "GET /xingrg/all/function/internal_message.html?_=1610670801731&CODE_STATE=getMsg HTTP/1.1" 200 27
180.156.237.57 - - [15/Jan/2021:08:33:45 +0800] "GET /xingrg/all/function/internal_message.html?_=1610670824852&CODE_STATE=getMsg HTTP/1.1" 200 27
58.40.7.146 - - [15/Jan/2021:08:33:47 +0800] "GET /xingrg/all/function/internal_message.html?_=1610670824272&CODE_STATE=getMsg HTTP/1.1" 200 27
180.156.237.57 - - [15/Jan/2021:08:33:50 +0800] "GET /xingrg/kc/buy/cgsh_order_operate.html?command=get_materiel&rest_code=00150&code=00101008098&supplier_code=00100007&order_time=2021-01-15 HTTP/1.1" 200 412
120.253.135.82 - - [15/Jan/2021:08:33:52 +0800] "POST /xingrg/kc/pszx/mdps_list_operate.html HTTP/1.1" 200 868
180.156.237.57 - - [15/Jan/2021:08:33:56 +0800] "GET /xingrg/kc/buy/cgsh_order_operate.html?command=get_materiel&rest_code=00150&code=00101008005&supplier_code=00100007&order_time=2021-01-15 HTTP/1.1" 200 412
120.253.135.82 - - [15/Jan/2021:08:33:58 +0800] "POST /xingrg/kc/pszx/mdps_list_operate.html HTTP/1.1" 200 5884
120.253.135.82 - - [15/Jan/2021:08:34:00 +0800] "POST /xingrg/kc/pszx/mdps_list_operate.html HTTP/1.1" 200 208
120.253.135.82 - - [15/Jan/2021:08:34:02 +0800] "GET /xingrg/all/function/internal_message.html?_=1610670599538&CODE_STATE=getMsg HTTP/1.1" 200 27
120.253.135.82 - - [15/Jan/2021:08:34:02 +0800] "POST /xingrg/kc/pszx/mdps_list_operate.html HTTP/1.1" 200 622
180.156.237.57 - - [15/Jan/2021:08:34:02 +0800] "GET /xingrg/kc/buy/cgsh_order_operate.html?command=get_materiel&rest_code=00150&code=00101008353&supplier_code=00100007&order_time=2021-01-15 HTTP/1.1" 200 408
120.253.135.82 - - [15/Jan/2021:08:34:03 +0800] "GET /xingrg/all/function/internal_message.html?_=1610670949567&CODE_STATE=getMsg HTTP/1.1" 200 27
222.70.179.222 - - [15/Jan/2021:08:34:04 +0800] "GET /xingrg/all/function/internal_message.html?_=1610670838978&CODE_STATE=getMsg HTTP/1.1" 200 27
120.253.135.82 - - [15/Jan/2021:08:34:04 +0800] "GET /xingrg/kc/pszx/mdps_order_info.html?code=312021011000302 HTTP/1.1" 200 19541
120.253.135.82 - - [15/Jan/2021:08:34:04 +0800] "GET /xingrg/javascript/easyui/themes/default/validatebox.css HTTP/1.1" 404 1104
120.253.135.82 - - [15/Jan/2021:08:34:04 +0800] "POST /xingrg/kc/pszx/mdps_order_operate.html HTTP/1.1" 200 13475
180.156.237.57 - - [15/Jan/2021:08:34:05 +0800] "POST /xingrg/kc/buy/cgsh_order_operate.html HTTP/1.1" 200 2065
180.156.237.57 - - [15/Jan/2021:08:34:12 +0800] "GET /xingrg/kc/buy/cgsh_order_operate.html?command=get_materiel&rest_code=00150&code=00101008095&supplier_code=00100007&order_time=2021-01-15 HTTP/1.1" 200 412
180.157.253.48 - - [15/Jan/2021:08:34:14 +0800] "POST /xingrg/services/DataTransmitService HTTP/1.1" 200 524
180.157.253.48 - - [15/Jan/2021:08:34:15 +0800] "POST /xingrg/services/DataTransmitService HTTP/1.1" 200 1951
218.81.216.242 - - [15/Jan/2021:08:34:15 +0800] "GET /xingrg/all/function/internal_message.html?_=1610670885788&CODE_STATE=getMsg HTTP/1.1" 200 27
180.157.253.48 - - [15/Jan/2021:08:34:15 +0800] "POST /xingrg/services/DataTransmitService HTTP/1.1" 200 158655
180.156.237.57 - - [15/Jan/2021:08:34:18 +0800] "GET /xingrg/kc/buy/cgsh_order_operate.html?command=get_materiel&rest_code=00150&code=00101008110&supplier_code=00100007&order_time=2021-01-15 HTTP/1.1" 200 408
61.165.42.208 - - [15/Jan/2021:08:34:22 +0800] "GET /xingrg/all/function/internal_message.html?_=1610670861072&CODE_STATE=getMsg HTTP/1.1" 200 27
180.156.237.57 - - [15/Jan/2021:08:34:24 +0800] "GET /xingrg/kc/buy/cgsh_order_operate.html?command=get_materiel&rest_code=00150&code=00101008242&supplier_code=00100007&order_time=2021-01-15 HTTP/1.1" 200 408
180.156.237.57 - - [15/Jan/2021:08:34:32 +0800] "GET /xingrg/kc/buy/cgsh_order_operate.html?command=get_materiel&rest_code=00150&code=00101008027&supplier_code=00100007&order_time=2021-01-15 HTTP/1.1" 200 409
120.253.135.82 - - [15/Jan/2021:08:34:34 +0800] "POST /xingrg/kc/pszx/mdps_list_operate.html HTTP/1.1" 200 365
120.253.135.82 - - [15/Jan/2021:08:34:36 +0800] "POST /xingrg/kc/pszx/mdps_list_operate.html HTTP/1.1" 200 204
120.253.135.82 - - [15/Jan/2021:08:34:39 +0800] "POST /xingrg/kc/pszx/mdps_list_operate.html HTTP/1.1" 200 200
180.156.237.57 - - [15/Jan/2021:08:34:40 +0800] "GET /xingrg/kc/buy/cgsh_order_operate.html?command=get_materiel&rest_code=00150&code=00101008283&supplier_code=00100007&order_time=2021-01-15 HTTP/1.1" 200 408
120.253.135.82 - - [15/Jan/2021:08:34:41 +0800] "GET /xingrg/check_reg.html?_=1610670987426 HTTP/1.1" 200 22
172.20.0.100 - - [15/Jan/2021:08:34:41 +0800] "GET /xingrg/all/function/internal_message.html?_=1610670877737&CODE_STATE=getMsg HTTP/1.1" 302 -
180.156.237.57 - - [15/Jan/2021:08:34:43 +0800] "GET /xingrg/all/function/internal_message.html?_=1610670861755&CODE_STATE=getMsg HTTP/1.1" 200 27
180.156.237.57 - - [15/Jan/2021:08:34:45 +0800] "GET /xingrg/all/function/internal_message.html?_=1610670884865&CODE_STATE=getMsg HTTP/1.1" 200 27
58.40.7.146 - - [15/Jan/2021:08:34:47 +0800] "GET /xingrg/all/function/internal_message.html?_=1610670884273&CODE_STATE=getMsg HTTP/1.1" 200 27
222.70.179.222 - - [15/Jan/2021:08:34:47 +0800] "GET /xingrg/check_reg.html?_=1610670882639 HTTP/1.1" 200 22
120.253.135.82 - - [15/Jan/2021:08:34:52 +0800] "POST /xingrg/kc/pszx/mdps_list_operate.html HTTP/1.1" 200 6006
222.69.129.20 - - [15/Jan/2021:08:34:52 +0800] "GET /xingrg/index.html?sysBaseUrl=http%3A%2F%2F180.169.147.146%3A18081%2Fxingrg%2F&costTime=52×tamp=1591679117969 HTTP/1.1" 302 -
222.69.129.20 - - [15/Jan/2021:08:34:52 +0800] "GET /xingrg/login.html HTTP/1.1" 200 7641
222.69.129.20 - - [15/Jan/2021:08:34:53 +0800] "GET /favicon.ico HTTP/1.1" 404 -
222.69.129.20 - - [15/Jan/2021:08:34:55 +0800] "POST /xingrg/login.do HTTP/1.1" 302 -
222.69.129.20 - - [15/Jan/2021:08:34:55 +0800] "GET /xingrg/index.html?sysBaseUrl=http%3A%2F%2F180.169.147.146%3A18081%2Fxingrg%2F&costTime=52×tamp=1610670895704 HTTP/1.1" 200 17179
222.69.129.20 - - [15/Jan/2021:08:34:55 +0800] "GET /favicon.ico HTTP/1.1" 404 -
222.69.129.20 - - [15/Jan/2021:08:34:56 +0800] "POST /xingrg/all/common/load_tree.html?tree=area_rest_tree_json&manage=1 HTTP/1.1" 200 351
120.253.135.82 - - [15/Jan/2021:08:34:56 +0800] "POST /xingrg/kc/pszx/mdps_list_operate.html HTTP/1.1" 200 204
222.69.129.20 - - [15/Jan/2021:08:34:56 +0800] "GET /xingrg/all/function/internal_message.html?_=1610670888441&CODE_STATE=count HTTP/1.1" 200 11
222.69.129.20 - - [15/Jan/2021:08:34:56 +0800] "GET /xingrg/check_reg.html?_=1610670888442 HTTP/1.1" 200 22
222.69.129.20 - - [15/Jan/2021:08:34:56 +0800] "POST /xingrg/load_menu.html HTTP/1.1" 200 5138
180.156.237.57 - - [15/Jan/2021:08:34:57 +0800] "POST /xingrg/kc/buy/cgsh_order_operate.html HTTP/1.1" 200 2065
120.253.135.82 - - [15/Jan/2021:08:35:00 +0800] "POST /xingrg/kc/pszx/mdps_list_operate.html HTTP/1.1" 200 436
120.253.135.82 - - [15/Jan/2021:08:35:02 +0800] "GET /xingrg/all/function/internal_message.html?_=1610670659552&CODE_STATE=getMsg HTTP/1.1" 200 27
120.253.135.82 - - [15/Jan/2021:08:35:03 +0800] "GET /xingrg/all/function/internal_message.html?_=1610671009573&CODE_STATE=getMsg HTTP/1.1" 200 27
222.70.179.222 - - [15/Jan/2021:08:35:04 +0800] "GET /xingrg/all/function/internal_message.html?_=1610670898996&CODE_STATE=getMsg HTTP/1.1" 200 27
180.156.237.57 - - [15/Jan/2021:08:35:04 +0800] "GET /xingrg/kc/buy/cgsh_order_operate.html?command=get_materiel&rest_code=00150&code=00101008350&supplier_code=00100007&order_time=2021-01-15 HTTP/1.1" 200 408
120.253.135.82 - - [15/Jan/2021:08:35:05 +0800] "POST /xingrg/kc/pszx/mdps_list_operate.html HTTP/1.1" 200 5884
218.81.216.242 - - [15/Jan/2021:08:35:15 +0800] "GET /xingrg/all/function/internal_message.html?_=1610670945802&CODE_STATE=getMsg HTTP/1.1" 200 27
180.156.237.57 - - [15/Jan/2021:08:35:16 +0800] "GET /xingrg/kc/buy/cgsh_order_operate.html?command=get_materiel&rest_code=00150&code=00101007055&supplier_code=00100007&order_time=2021-01-15 HTTP/1.1" 200 409
120.253.135.82 - - [15/Jan/2021:08:35:20 +0800] "POST /xingrg/kc/pszx/mdps_list_operate.html HTTP/1.1" 200 208
61.165.42.208 - - [15/Jan/2021:08:35:22 +0800] "GET /xingrg/all/function/internal_message.html?_=1610670921075&CODE_STATE=getMsg HTTP/1.1" 200 27
120.253.135.82 - - [15/Jan/2021:08:35:22 +0800] "POST /xingrg/kc/pszx/mdps_list_operate.html HTTP/1.1" 200 622
180.156.237.57 - - [15/Jan/2021:08:35:23 +0800] "GET /xingrg/kc/buy/cgsh_order_operate.html?command=get_materiel&rest_code=00150&code=00101008036&supplier_code=00100007&order_time=2021-01-15 HTTP/1.1" 200 408
120.253.135.82 - - [15/Jan/2021:08:35:24 +0800] "GET /xingrg/kc/pszx/mdps_order_info.html?code=312021011000302 HTTP/1.1" 200 19541
120.253.135.82 - - [15/Jan/2021:08:35:24 +0800] "GET /xingrg/javascript/easyui/themes/default/validatebox.css HTTP/1.1" 404 1104
120.253.135.82 - - [15/Jan/2021:08:35:24 +0800] "POST /xingrg/kc/pszx/mdps_order_operate.html HTTP/1.1" 200 13475
120.253.135.82 - - [15/Jan/2021:08:35:35 +0800] "POST /xingrg/kc/pszx/mdps_list_operate.html HTTP/1.1" 200 5884
172.20.0.100 - - [15/Jan/2021:08:35:41 +0800] "GET /xingrg/all/function/internal_message.html?_=1610670937741&CODE_STATE=getMsg HTTP/1.1" 302 -
180.156.237.57 - - [15/Jan/2021:08:35:43 +0800] "GET /xingrg/all/function/internal_message.html?_=1610670921758&CODE_STATE=getMsg HTTP/1.1" 200 27
120.253.135.82 - - [15/Jan/2021:08:35:44 +0800] "POST /xingrg/kc/pszx/mdps_list_operate.html HTTP/1.1" 200 868
180.156.237.57 - - [15/Jan/2021:08:35:45 +0800] "GET /xingrg/all/function/internal_message.html?_=1610670944859&CODE_STATE=getMsg HTTP/1.1" 200 27
58.40.7.146 - - [15/Jan/2021:08:35:47 +0800] "GET /xingrg/check_reg.html?_=1610670944278 HTTP/1.1" 200 22
58.40.7.146 - - [15/Jan/2021:08:35:47 +0800] "GET /xingrg/all/function/internal_message.html?_=1610670944279&CODE_STATE=getMsg HTTP/1.1" 200 27
120.253.135.82 - - [15/Jan/2021:08:35:50 +0800] "POST /xingrg/kc/pszx/mdps_list_operate.html HTTP/1.1" 200 4219
120.253.135.82 - - [15/Jan/2021:08:35:52 +0800] "POST /xingrg/kc/pszx/mdps_list_operate.html HTTP/1.1" 200 594
120.253.135.82 - - [15/Jan/2021:08:35:54 +0800] "POST /xingrg/kc/pszx/mdps_list_operate.html HTTP/1.1" 200 614
222.69.129.20 - - [15/Jan/2021:08:35:56 +0800] "GET /xingrg/all/function/internal_message.html?_=1610670948449&CODE_STATE=getMsg HTTP/1.1" 200 27
120.253.135.82 - - [15/Jan/2021:08:35:57 +0800] "GET /xingrg/kc/pszx/mdps_order_info.html?code=312021011500463 HTTP/1.1" 200 23881
120.253.135.82 - - [15/Jan/2021:08:35:58 +0800] "GET /xingrg/javascript/easyui/themes/default/validatebox.css HTTP/1.1" 404 1104
120.253.135.82 - - [15/Jan/2021:08:35:58 +0800] "POST /xingrg/kc/pszx/mdps_order_operate.html HTTP/1.1" 200 11870
120.253.135.82 - - [15/Jan/2021:08:36:02 +0800] "GET /xingrg/all/function/internal_message.html?_=1610670719566&CODE_STATE=getMsg HTTP/1.1" 200 27
120.253.135.82 - - [15/Jan/2021:08:36:03 +0800] "GET /xingrg/all/function/internal_message.html?_=1610671069594&CODE_STATE=getMsg HTTP/1.1" 200 27
222.70.179.222 - - [15/Jan/2021:08:36:04 +0800] "GET /xingrg/all/function/internal_message.html?_=1610670959009&CODE_STATE=getMsg HTTP/1.1" 200 27
120.253.135.82 - - [15/Jan/2021:08:36:04 +0800] "POST /xingrg/kc/pszx/mdps_list_operate.html HTTP/1.1" 200 4219
218.81.216.242 - - [15/Jan/2021:08:36:13 +0800] "GET /xingrg/check_reg.html?_=1610671003959 HTTP/1.1" 200 22
218.81.216.242 - - [15/Jan/2021:08:36:15 +0800] "GET /xingrg/all/function/internal_message.html?_=1610671005816&CODE_STATE=getMsg HTTP/1.1" 200 27
61.165.42.208 - - [15/Jan/2021:08:36:22 +0800] "GET /xingrg/all/function/internal_message.html?_=1610670981077&CODE_STATE=getMsg HTTP/1.1" 200 27
61.165.42.208 - - [15/Jan/2021:08:36:22 +0800] "GET /xingrg/check_reg.html?_=1610670981082 HTTP/1.1" 200 22
180.156.237.57 - - [15/Jan/2021:08:36:27 +0800] "GET /xingrg/check_reg.html?_=1610670965994 HTTP/1.1" 200 22
180.156.237.57 - - [15/Jan/2021:08:36:39 +0800] "GET /xingrg/kc/buy/cgsh_order_operate.html?command=get_materiel&rest_code=00150&code=00101008323&supplier_code=00100007&order_time=2021-01-15 HTTP/1.1" 200 408
172.20.0.100 - - [15/Jan/2021:08:36:41 +0800] "GET /xingrg/all/function/internal_message.html?_=1610670997744&CODE_STATE=getMsg HTTP/1.1" 302 -
180.156.237.57 - - [15/Jan/2021:08:36:43 +0800] "GET /xingrg/all/function/internal_message.html?_=1610670981772&CODE_STATE=getMsg HTTP/1.1" 200 27
180.156.237.57 - - [15/Jan/2021:08:36:45 +0800] "GET /xingrg/all/function/internal_message.html?_=1610671004875&CODE_STATE=getMsg HTTP/1.1" 200 27
180.156.237.57 - - [15/Jan/2021:08:36:45 +0800] "GET /xingrg/check_reg.html?_=1610671004879 HTTP/1.1" 200 22
58.40.7.146 - - [15/Jan/2021:08:36:47 +0800] "GET /xingrg/all/function/internal_message.html?_=1610671004265&CODE_STATE=getMsg HTTP/1.1" 200 27
180.156.237.57 - - [15/Jan/2021:08:36:50 +0800] "GET /xingrg/kc/buy/cgsh_order_operate.html?command=get_materiel&rest_code=00150&code=00101008278&supplier_code=00100007&order_time=2021-01-15 HTTP/1.1" 200 412
222.69.129.20 - - [15/Jan/2021:08:36:56 +0800] "GET /xingrg/all/function/internal_message.html?_=1610671008456&CODE_STATE=getMsg HTTP/1.1" 200 27
180.156.237.57 - - [15/Jan/2021:08:36:58 +0800] "GET /xingrg/kc/buy/cgsh_order_operate.html?command=get_materiel&rest_code=00150&code=00101008337&supplier_code=00100007&order_time=2021-01-15 HTTP/1.1" 200 408
180.156.237.57 - - [15/Jan/2021:08:37:01 +0800] "POST /xingrg/kc/buy/cgsh_order_operate.html HTTP/1.1" 200 2065
120.253.135.82 - - [15/Jan/2021:08:37:02 +0800] "GET /xingrg/check_reg.html?_=1610670779465 HTTP/1.1" 200 22
120.253.135.82 - - [15/Jan/2021:08:37:02 +0800] "GET /xingrg/all/function/internal_message.html?_=1610670779579&CODE_STATE=getMsg HTTP/1.1" 200 27
120.253.135.82 - - [15/Jan/2021:08:37:03 +0800] "GET /xingrg/all/function/internal_message.html?_=1610671129608&CODE_STATE=getMsg HTTP/1.1" 200 27
222.70.179.222 - - [15/Jan/2021:08:37:04 +0800] "GET /xingrg/all/function/internal_message.html?_=1610671019048&CODE_STATE=getMsg HTTP/1.1" 200 27
218.81.216.242 - - [15/Jan/2021:08:37:15 +0800] "GET /xingrg/all/function/internal_message.html?_=1610671065830&CODE_STATE=getMsg HTTP/1.1" 200 27
61.165.42.208 - - [15/Jan/2021:08:37:22 +0800] "GET /xingrg/all/function/internal_message.html?_=1610671041069&CODE_STATE=getMsg HTTP/1.1" 200 27
180.156.237.57 - - [15/Jan/2021:08:37:23 +0800] "GET /xingrg/kc/buy/cgsh_order_operate.html?command=get_materiel&rest_code=00150&code=00101008224&supplier_code=00100007&order_time=2021-01-15 HTTP/1.1" 200 416
180.156.237.57 - - [15/Jan/2021:08:37:30 +0800] "GET /xingrg/kc/buy/cgsh_order_operate.html?command=get_materiel&rest_code=00150&code=00101008356&supplier_code=00100007&order_time=2021-01-15 HTTP/1.1" 200 408
180.156.237.57 - - [15/Jan/2021:08:37:36 +0800] "GET /xingrg/kc/buy/cgsh_order_operate.html?command=get_materiel&rest_code=00150&code=00102005378&supplier_code=00100007&order_time=2021-01-15 HTTP/1.1" 200 412
172.20.0.100 - - [15/Jan/2021:08:37:41 +0800] "GET /xingrg/all/function/internal_message.html?_=1610671057745&CODE_STATE=getMsg HTTP/1.1" 302 -
172.20.0.100 - - [15/Jan/2021:08:37:41 +0800] "GET /xingrg/check_reg.html?_=1610671057747 HTTP/1.1" 302 -
180.156.237.57 - - [15/Jan/2021:08:37:43 +0800] "GET /xingrg/all/function/internal_message.html?_=1610671041787&CODE_STATE=getMsg HTTP/1.1" 200 27
180.156.237.57 - - [15/Jan/2021:08:37:45 +0800] "GET /xingrg/all/function/internal_message.html?_=1610671064863&CODE_STATE=getMsg HTTP/1.1" 200 27
58.40.7.146 - - [15/Jan/2021:08:37:47 +0800] "GET /xingrg/all/function/internal_message.html?_=1610671064268&CODE_STATE=getMsg HTTP/1.1" 200 27
180.156.237.57 - - [15/Jan/2021:08:37:48 +0800] "GET /xingrg/kc/buy/cgsh_order_operate.html?command=get_materiel&rest_code=00150&code=00101008223&supplier_code=00100007&order_time=2021-01-15 HTTP/1.1" 200 412
180.156.237.57 - - [15/Jan/2021:08:37:50 +0800] "GET /xingrg/css/base.css HTTP/1.1" 304 -
180.156.237.57 - - [15/Jan/2021:08:37:50 +0800] "GET /xingrg/javascript/auto/jquery.autocomplete.css HTTP/1.1" 304 -
180.156.237.57 - - [15/Jan/2021:08:37:50 +0800] "GET /xingrg/css/site.css HTTP/1.1" 304 -
180.156.237.57 - - [15/Jan/2021:08:37:50 +0800] "GET /xingrg/javascript/jquery_tools/datebox.css HTTP/1.1" 304 -
180.156.237.57 - - [15/Jan/2021:08:37:50 +0800] "GET /xingrg/javascript/easyui/themes/icon.css HTTP/1.1" 304 -
180.156.237.57 - - [15/Jan/2021:08:37:50 +0800] "GET /xingrg/javascript/easyui/themes/default/easyui.css HTTP/1.1" 304 -
180.156.237.57 - - [15/Jan/2021:08:37:50 +0800] "GET /xingrg/javascript/jquery_tools/jquery.tools.min.js HTTP/1.1" 304 -
180.156.237.57 - - [15/Jan/2021:08:37:50 +0800] "GET /xingrg/javascript/jquery_tools/jquery.tools.hotkey.js HTTP/1.1" 304 -
180.156.237.57 - - [15/Jan/2021:08:37:50 +0800] "GET /xingrg/javascript/jquery_tools/jquery.tools.table.js HTTP/1.1" 304 -
180.156.237.57 - - [15/Jan/2021:08:37:50 +0800] "GET /xingrg/javascript/jquery_tools/table.css HTTP/1.1" 304 -
180.156.237.57 - - [15/Jan/2021:08:37:50 +0800] "GET /xingrg/javascript/jquery_tools/fix.css HTTP/1.1" 304 -
180.156.237.57 - - [15/Jan/2021:08:37:50 +0800] "GET /xingrg/javascript/jquery_tools/jquery.tools.extend.js HTTP/1.1" 304 -
180.156.237.57 - - [15/Jan/2021:08:37:50 +0800] "GET /xingrg/javascript/jquery_tools/list_manager.js HTTP/1.1" 304 -
180.156.237.57 - - [15/Jan/2021:08:37:50 +0800] "GET /xingrg/javascript/auto/jquery.autocomplete.js HTTP/1.1" 304 -
180.156.237.57 - - [15/Jan/2021:08:37:50 +0800] "GET /xingrg/kc/buy/cgsh_order_list.html HTTP/1.1" 200 46085
180.156.237.57 - - [15/Jan/2021:08:37:50 +0800] "GET /xingrg/javascript/jquery.utils.js HTTP/1.1" 304 -
180.156.237.57 - - [15/Jan/2021:08:37:50 +0800] "GET /xingrg/javascript/jquery.cookie.js HTTP/1.1" 304 -
180.156.237.57 - - [15/Jan/2021:08:37:50 +0800] "GET /xingrg/javascript/easyui/easyloader.js HTTP/1.1" 304 -
180.156.237.57 - - [15/Jan/2021:08:37:50 +0800] "GET /xingrg/javascript/print/LodopFuncs.js HTTP/1.1" 304 -
180.156.237.57 - - [15/Jan/2021:08:37:50 +0800] "GET /xingrg/javascript/easyui/plugins/jquery.parser.js HTTP/1.1" 304 -
180.156.237.57 - - [15/Jan/2021:08:37:50 +0800] "POST /xingrg/kc/buy/cgsh_list_operate.html HTTP/1.1" 200 876
180.156.237.57 - - [15/Jan/2021:08:37:51 +0800] "POST /xingrg/kc/buy/cgsh_order_operate.html HTTP/1.1" 200 2065
180.156.237.57 - - [15/Jan/2021:08:37:52 +0800] "GET /xingrg/javascript/pic_change.js HTTP/1.1" 304 -
180.156.237.57 - - [15/Jan/2021:08:37:52 +0800] "GET /xingrg/javascript/jquery_tools/order_manager.js HTTP/1.1" 304 -
180.156.237.57 - - [15/Jan/2021:08:37:52 +0800] "GET /xingrg/javascript/convert.js HTTP/1.1" 304 -
180.156.237.57 - - [15/Jan/2021:08:37:52 +0800] "GET /xingrg/javascript/json2.js HTTP/1.1" 304 -
180.156.237.57 - - [15/Jan/2021:08:37:52 +0800] "GET /xingrg/javascript/print/kc_print.js HTTP/1.1" 304 -
