180.175.150.119 - - [15/Jan/2021:10:31:12 +0800] "POST /xingrg/kc/mdqp/pssh_list_operate.html HTTP/1.1" 200 8672
180.175.150.119 - - [15/Jan/2021:10:31:13 +0800] "GET /xingrg/kc/buy/cgsh_order_list.html HTTP/1.1" 200 46148
180.175.150.119 - - [15/Jan/2021:10:31:14 +0800] "POST /xingrg/kc/buy/cgsh_list_operate.html HTTP/1.1" 200 876
218.81.216.242 - - [15/Jan/2021:10:31:16 +0800] "GET /xingrg/check_reg.html?_=1610677906957 HTTP/1.1" 200 22
222.69.129.20 - - [15/Jan/2021:10:31:17 +0800] "GET /xingrg/kc/buy/cgsh_order_operate.html?command=get_materiel&rest_code=00149&code=00101004009&supplier_code=00100083&order_time=2021-01-15 HTTP/1.1" 200 414
116.228.172.94 - - [15/Jan/2021:10:31:17 +0800] "GET /xingrg/all/function/internal_message.html?_=1610677867117&CODE_STATE=getMsg HTTP/1.1" 200 27
218.81.216.242 - - [15/Jan/2021:10:31:22 +0800] "GET /xingrg/all/function/internal_message.html?_=1610677912527&CODE_STATE=getMsg HTTP/1.1" 200 27
61.165.42.208 - - [15/Jan/2021:10:31:22 +0800] "GET /xingrg/check_reg.html?_=1610677884789 HTTP/1.1" 200 22
61.165.42.208 - - [15/Jan/2021:10:31:22 +0800] "GET /xingrg/all/function/internal_message.html?_=1610677884793&CODE_STATE=getMsg HTTP/1.1" 200 27
222.69.129.20 - - [15/Jan/2021:10:31:23 +0800] "GET /xingrg/kc/buy/cgsh_order_operate.html?command=get_materiel&rest_code=00149&code=00101004065&supplier_code=00100083&order_time=2021-01-15 HTTP/1.1" 200 435
180.175.150.119 - - [15/Jan/2021:10:31:24 +0800] "GET /xingrg/kc/buy/cgsh_order_list.html HTTP/1.1" 200 46148
180.175.150.119 - - [15/Jan/2021:10:31:25 +0800] "GET /xingrg/check_reg.html?_=1610677883425 HTTP/1.1" 200 22
180.175.150.119 - - [15/Jan/2021:10:31:25 +0800] "POST /xingrg/kc/buy/cgsh_list_operate.html HTTP/1.1" 200 876
180.175.150.119 - - [15/Jan/2021:10:31:25 +0800] "GET /xingrg/all/function/internal_message.html?_=1610677883749&CODE_STATE=getMsg HTTP/1.1" 200 27
180.169.147.146 - - [15/Jan/2021:10:31:26 +0800] "GET /xingrg/all/function/internal_message.html?_=1610677883863&CODE_STATE=getMsg HTTP/1.1" 200 27
120.204.17.72 - - [15/Jan/2021:10:31:26 +0800] "GET /xingrg/check_reg.html?_=1610677234336 HTTP/1.1" 302 -
180.169.147.146 - - [15/Jan/2021:10:31:27 +0800] "GET /xingrg/all/function/internal_message.html?_=1610677883035&CODE_STATE=getMsg HTTP/1.1" 200 27
183.192.164.71 - - [15/Jan/2021:10:31:29 +0800] "GET /xingrg/index.html?sysBaseUrl=http://180.169.147.146:18081/xingrg/&costTime=39×tamp=1610677237145 HTTP/1.1" 302 -
61.165.42.208 - - [15/Jan/2021:10:31:29 +0800] "GET /xingrg/all/function/internal_message.html?_=1610677889813&CODE_STATE=getMsg HTTP/1.1" 200 27
180.175.150.119 - - [15/Jan/2021:10:31:29 +0800] "GET /xingrg/kc/base/wldb_order_list.html HTTP/1.1" 200 19339
180.175.150.119 - - [15/Jan/2021:10:31:30 +0800] "POST /xingrg/kc/base/wldb_list_operate.html HTTP/1.1" 200 928
61.165.42.208 - - [15/Jan/2021:10:31:30 +0800] "GET /xingrg/check_reg.html?_=1610677891094 HTTP/1.1" 200 22
180.175.150.119 - - [15/Jan/2021:10:31:31 +0800] "GET /xingrg/kc/base/check_order_list.html HTTP/1.1" 200 16464
180.175.150.119 - - [15/Jan/2021:10:31:31 +0800] "POST /xingrg/kc/base/check_list_operate.html HTTP/1.1" 200 781
222.69.129.20 - - [15/Jan/2021:10:31:33 +0800] "POST /xingrg/kc/buy/cgsh_order_operate.html HTTP/1.1" 200 37
120.204.17.70 - - [15/Jan/2021:10:31:33 +0800] "GET /xingrg/kc/buy/cgsh_order_list.html HTTP/1.1" 302 -
183.192.164.71 - - [15/Jan/2021:10:31:35 +0800] "GET /xingrg/login.html HTTP/1.1" 200 7641
120.204.17.72 - - [15/Jan/2021:10:31:35 +0800] "GET /xingrg/login.html HTTP/1.1" 200 7641
116.233.74.9 - - [15/Jan/2021:10:31:36 +0800] "GET /xingrg/check_reg.html?_=1610677893283 HTTP/1.1" 200 22
116.233.74.9 - - [15/Jan/2021:10:31:36 +0800] "GET /xingrg/all/function/internal_message.html?_=1610677893284&CODE_STATE=getMsg HTTP/1.1" 200 27
172.20.0.100 - - [15/Jan/2021:10:31:41 +0800] "GET /xingrg/all/function/internal_message.html?_=1610677897742&CODE_STATE=getMsg HTTP/1.1" 302 -
120.204.17.70 - - [15/Jan/2021:10:31:43 +0800] "GET /xingrg/login.html HTTP/1.1" 200 7641
58.40.7.146 - - [15/Jan/2021:10:31:47 +0800] "GET /xingrg/all/function/internal_message.html?_=1610677904401&CODE_STATE=getMsg HTTP/1.1" 200 27
222.69.129.20 - - [15/Jan/2021:10:31:48 +0800] "POST /xingrg/kc/buy/cgsh_order_operate.html HTTP/1.1" 200 12
222.69.129.20 - - [15/Jan/2021:10:31:50 +0800] "GET /xingrg/kc/buy/cgsh_order_info.html?code=212021011506380 HTTP/1.1" 200 56839
222.69.129.20 - - [15/Jan/2021:10:31:50 +0800] "GET /xingrg/words/20210115102945_words.js HTTP/1.1" 304 -
222.69.129.20 - - [15/Jan/2021:10:31:50 +0800] "GET /xingrg/javascript/easyui/themes/default/validatebox.css HTTP/1.1" 404 1104
222.69.129.20 - - [15/Jan/2021:10:31:50 +0800] "POST /xingrg/kc/buy/cgsh_order_operate.html HTTP/1.1" 200 4199
117.185.32.26 - - [15/Jan/2021:10:31:52 +0800] "GET /xingrg/all/function/internal_message.html?_=1610677907727&CODE_STATE=getMsg HTTP/1.1" 200 27
180.175.150.119 - - [15/Jan/2021:10:31:54 +0800] "GET /xingrg/all/function/internal_message.html?_=1610678152511&CODE_STATE=getMsg HTTP/1.1" 200 27
61.165.42.208 - - [15/Jan/2021:10:31:55 +0800] "GET /xingrg/all/function/internal_message.html?_=1610677895435&CODE_STATE=getMsg HTTP/1.1" 200 27
222.69.133.109 - - [15/Jan/2021:10:31:56 +0800] "GET /xingrg/all/function/internal_message.html?_=1610677914666&CODE_STATE=getMsg HTTP/1.1" 200 27
222.69.129.20 - - [15/Jan/2021:10:31:56 +0800] "GET /xingrg/all/function/internal_message.html?_=1610677908694&CODE_STATE=getMsg HTTP/1.1" 200 27
180.156.237.57 - - [15/Jan/2021:10:31:57 +0800] "GET /xingrg/all/function/internal_message.html?_=1610677916975&CODE_STATE=getMsg HTTP/1.1" 200 27
222.69.129.20 - - [15/Jan/2021:10:31:57 +0800] "GET /xingrg/kc/print/load_data.html?order_code=212021011506380&kc_code=cgsh&condition= HTTP/1.1" 200 2108
120.253.135.82 - - [15/Jan/2021:10:32:03 +0800] "GET /xingrg/check_reg.html?_=1610677680628 HTTP/1.1" 200 22
180.169.147.146 - - [15/Jan/2021:10:32:05 +0800] "GET /xingrg/all/function/internal_message.html?_=1610677921830&CODE_STATE=getMsg HTTP/1.1" 200 27
120.253.135.82 - - [15/Jan/2021:10:32:05 +0800] "GET /xingrg/all/function/internal_message.html?_=1610678031732&CODE_STATE=getMsg HTTP/1.1" 200 27
120.253.135.82 - - [15/Jan/2021:10:32:06 +0800] "GET /xingrg/all/function/internal_message.html?_=1610677683637&CODE_STATE=getMsg HTTP/1.1" 200 27
180.156.237.57 - - [15/Jan/2021:10:32:08 +0800] "GET /xingrg/all/function/internal_message.html?_=1610677911964&CODE_STATE=getMsg HTTP/1.1" 200 27
180.169.147.146 - - [15/Jan/2021:10:32:10 +0800] "GET /xingrg/all/function/internal_message.html?_=1610677931661&CODE_STATE=getMsg HTTP/1.1" 200 27
180.156.237.57 - - [15/Jan/2021:10:32:16 +0800] "GET /xingrg/kc/buy/cgsh_order_operate.html?command=get_materiel&rest_code=00151&code=00102016748&supplier_code=00100446&order_time=2021-01-15 HTTP/1.1" 200 426
116.228.172.94 - - [15/Jan/2021:10:32:17 +0800] "GET /xingrg/all/function/internal_message.html?_=1610677927100&CODE_STATE=getMsg HTTP/1.1" 200 27
222.70.179.50 - - [15/Jan/2021:10:32:21 +0800] "POST /xingrg/services/DataTransmitService HTTP/1.1" 200 524
218.81.216.242 - - [15/Jan/2021:10:32:22 +0800] "GET /xingrg/all/function/internal_message.html?_=1610677972539&CODE_STATE=getMsg HTTP/1.1" 200 27
61.165.42.208 - - [15/Jan/2021:10:32:22 +0800] "GET /xingrg/all/function/internal_message.html?_=1610677944794&CODE_STATE=getMsg HTTP/1.1" 200 27
180.175.150.119 - - [15/Jan/2021:10:32:25 +0800] "GET /xingrg/all/function/internal_message.html?_=1610677943762&CODE_STATE=getMsg HTTP/1.1" 200 27
180.169.147.146 - - [15/Jan/2021:10:32:26 +0800] "GET /xingrg/all/function/internal_message.html?_=1610677943842&CODE_STATE=getMsg HTTP/1.1" 200 27
180.169.147.146 - - [15/Jan/2021:10:32:26 +0800] "GET /xingrg/check_reg.html?_=1610677943969 HTTP/1.1" 200 22
180.169.147.146 - - [15/Jan/2021:10:32:27 +0800] "GET /xingrg/all/function/internal_message.html?_=1610677943041&CODE_STATE=getMsg HTTP/1.1" 200 27
222.69.129.20 - - [15/Jan/2021:10:32:27 +0800] "GET /xingrg/kc/buy/cgsh_order_add.html HTTP/1.1" 200 61939
222.69.129.20 - - [15/Jan/2021:10:32:28 +0800] "GET /xingrg/words/20210115102945_words.js HTTP/1.1" 304 -
222.69.129.20 - - [15/Jan/2021:10:32:28 +0800] "POST /xingrg/kc/buy/cgsh_order_operate.html HTTP/1.1" 200 8245
222.69.129.20 - - [15/Jan/2021:10:32:28 +0800] "GET /xingrg/javascript/easyui/themes/default/validatebox.css HTTP/1.1" 404 1104
61.165.42.208 - - [15/Jan/2021:10:32:29 +0800] "GET /xingrg/all/function/internal_message.html?_=1610677949789&CODE_STATE=getMsg HTTP/1.1" 200 27
180.175.150.119 - - [15/Jan/2021:10:32:29 +0800] "GET /xingrg/kc/buy/cgsh_order_list.html HTTP/1.1" 200 46148
180.175.150.119 - - [15/Jan/2021:10:32:30 +0800] "POST /xingrg/kc/buy/cgsh_list_operate.html HTTP/1.1" 200 876
180.175.150.119 - - [15/Jan/2021:10:32:31 +0800] "GET /xingrg/kc/buy/cgsh_order_add.html HTTP/1.1" 200 61851
180.175.150.119 - - [15/Jan/2021:10:32:31 +0800] "GET /xingrg/words/20210115102945_words.js HTTP/1.1" 200 789576
117.185.32.26 - - [15/Jan/2021:10:32:32 +0800] "GET /xingrg/kc/buy/cgsh_order_add.html HTTP/1.1" 200 61892
117.185.32.26 - - [15/Jan/2021:10:32:32 +0800] "GET /xingrg/words/20210115102945_words.js HTTP/1.1" 200 789576
180.175.150.119 - - [15/Jan/2021:10:32:33 +0800] "POST /xingrg/kc/buy/cgsh_order_operate.html HTTP/1.1" 200 8245
183.192.164.71 - - [15/Jan/2021:10:32:33 +0800] "GET /xingrg/all/function/internal_message.html?_=1610677294350&CODE_STATE=getMsg HTTP/1.1" 302 -
117.185.32.26 - - [15/Jan/2021:10:32:33 +0800] "POST /xingrg/kc/buy/cgsh_order_operate.html HTTP/1.1" 200 8245
117.185.32.26 - - [15/Jan/2021:10:32:33 +0800] "GET /xingrg/javascript/easyui/themes/default/validatebox.css HTTP/1.1" 404 1104
180.175.150.119 - - [15/Jan/2021:10:32:33 +0800] "GET /xingrg/javascript/easyui/themes/default/validatebox.css HTTP/1.1" 404 1104
116.233.74.9 - - [15/Jan/2021:10:32:36 +0800] "GET /xingrg/all/function/internal_message.html?_=1610677953282&CODE_STATE=getMsg HTTP/1.1" 200 27
117.185.32.26 - - [15/Jan/2021:10:32:37 +0800] "GET /xingrg/javascript/easyui/themes/default/tree.css HTTP/1.1" 404 1090
117.185.32.26 - - [15/Jan/2021:10:32:37 +0800] "POST /xingrg/all/common/load_tree.html?tree=supplier_tree_json&isDelete=1 HTTP/1.1" 200 54424
222.69.129.20 - - [15/Jan/2021:10:32:38 +0800] "GET /xingrg/kc/buy/cgsh_order_operate.html?command=get_materiel&rest_code=00149&code=00101002027&supplier_code=00100039&order_time=2021-01-15 HTTP/1.1" 200 433
183.192.164.71 - - [15/Jan/2021:10:32:38 +0800] "GET /xingrg/kc/buy/cgsh_order_operate.html?command=get_materiel&rest_code=00106&code=00101006094&supplier_code=00100016&order_time=2021-01-15 HTTP/1.1" 302 -
183.192.164.71 - - [15/Jan/2021:10:32:41 +0800] "GET /xingrg/login.html HTTP/1.1" 200 7641
172.20.0.100 - - [15/Jan/2021:10:32:41 +0800] "GET /xingrg/check_reg.html?_=1610677957748 HTTP/1.1" 302 -
172.20.0.100 - - [15/Jan/2021:10:32:41 +0800] "GET /xingrg/all/function/internal_message.html?_=1610677957749&CODE_STATE=getMsg HTTP/1.1" 302 -
183.192.164.71 - - [15/Jan/2021:10:32:43 +0800] "GET /xingrg/login.html HTTP/1.1" 200 7641
58.40.7.146 - - [15/Jan/2021:10:32:47 +0800] "GET /xingrg/all/function/internal_message.html?_=1610677964403&CODE_STATE=getMsg HTTP/1.1" 200 27
222.69.129.20 - - [15/Jan/2021:10:32:47 +0800] "GET /xingrg/kc/buy/cgsh_order_operate.html?command=get_materiel&rest_code=00149&code=00101001044&supplier_code=00100039&order_time=2021-01-15 HTTP/1.1" 200 409
222.70.179.50 - - [15/Jan/2021:10:32:48 +0800] "POST /xingrg/services/DataTransmitService HTTP/1.1" 200 501
222.70.179.50 - - [15/Jan/2021:10:32:48 +0800] "POST /xingrg/services/DataTransmitService HTTP/1.1" 200 501
222.70.179.50 - - [15/Jan/2021:10:32:52 +0800] "POST /xingrg/services/DataTransmitService HTTP/1.1" 200 501
117.185.32.26 - - [15/Jan/2021:10:32:52 +0800] "GET /xingrg/all/function/internal_message.html?_=1610677967705&CODE_STATE=getMsg HTTP/1.1" 200 27
117.185.32.26 - - [15/Jan/2021:10:32:52 +0800] "GET /xingrg/kc/buy/cgsh_order_operate.html?command=get_materiel&rest_code=00106&code=00101010136&supplier_code=00100032&order_time=2021-01-15 HTTP/1.1" 200 408
180.175.150.119 - - [15/Jan/2021:10:32:53 +0800] "GET /xingrg/check_reg.html?_=1610678211625 HTTP/1.1" 200 22
180.175.150.119 - - [15/Jan/2021:10:32:54 +0800] "GET /xingrg/all/function/internal_message.html?_=1610678212526&CODE_STATE=getMsg HTTP/1.1" 200 27
222.70.179.50 - - [15/Jan/2021:10:32:55 +0800] "POST /xingrg/services/DataTransmitService HTTP/1.1" 200 501
61.165.42.208 - - [15/Jan/2021:10:32:55 +0800] "GET /xingrg/check_reg.html?_=1610677955437 HTTP/1.1" 200 22
61.165.42.208 - - [15/Jan/2021:10:32:55 +0800] "GET /xingrg/all/function/internal_message.html?_=1610677955438&CODE_STATE=getMsg HTTP/1.1" 200 27
222.69.133.109 - - [15/Jan/2021:10:32:56 +0800] "GET /xingrg/all/function/internal_message.html?_=1610677974667&CODE_STATE=getMsg HTTP/1.1" 200 27
222.69.129.20 - - [15/Jan/2021:10:32:56 +0800] "GET /xingrg/all/function/internal_message.html?_=1610677968666&CODE_STATE=getMsg HTTP/1.1" 200 27
222.69.129.20 - - [15/Jan/2021:10:32:56 +0800] "GET /xingrg/kc/buy/cgsh_order_operate.html?command=get_materiel&rest_code=00149&code=00101002022&supplier_code=00100039&order_time=2021-01-15 HTTP/1.1" 200 409
222.70.179.50 - - [15/Jan/2021:10:32:56 +0800] "POST /xingrg/services/DataTransmitService HTTP/1.1" 200 501
222.70.179.50 - - [15/Jan/2021:10:32:56 +0800] "POST /xingrg/services/DataTransmitService HTTP/1.1" 200 501
180.156.237.57 - - [15/Jan/2021:10:32:57 +0800] "GET /xingrg/all/function/internal_message.html?_=1610677976974&CODE_STATE=getMsg HTTP/1.1" 200 27
222.70.179.50 - - [15/Jan/2021:10:32:58 +0800] "POST /xingrg/services/DataTransmitService HTTP/1.1" 200 501
222.70.179.50 - - [15/Jan/2021:10:32:59 +0800] "POST /xingrg/services/DataTransmitService HTTP/1.1" 200 501
222.70.179.50 - - [15/Jan/2021:10:32:59 +0800] "POST /xingrg/services/DataTransmitService HTTP/1.1" 200 501
117.185.32.26 - - [15/Jan/2021:10:33:02 +0800] "GET /xingrg/kc/buy/cgsh_order_operate.html?command=get_materiel&rest_code=00106&code=00101010161&supplier_code=00100032&order_time=2021-01-15 HTTP/1.1" 200 409
222.70.179.50 - - [15/Jan/2021:10:33:02 +0800] "POST /xingrg/services/DataTransmitService HTTP/1.1" 200 412
180.169.147.146 - - [15/Jan/2021:10:33:05 +0800] "GET /xingrg/all/function/internal_message.html?_=1610677981835&CODE_STATE=getMsg HTTP/1.1" 200 27
180.169.147.146 - - [15/Jan/2021:10:33:05 +0800] "GET /xingrg/check_reg.html?_=1610677981841 HTTP/1.1" 200 22
120.253.135.82 - - [15/Jan/2021:10:33:05 +0800] "GET /xingrg/all/function/internal_message.html?_=1610678091738&CODE_STATE=getMsg HTTP/1.1" 200 27
120.253.135.82 - - [15/Jan/2021:10:33:06 +0800] "GET /xingrg/all/function/internal_message.html?_=1610677743651&CODE_STATE=getMsg HTTP/1.1" 200 27
180.175.150.119 - - [15/Jan/2021:10:33:06 +0800] "GET /xingrg/kc/buy/cgsh_order_operate.html?command=get_materiel&rest_code=00102&code=00101008257&supplier_code=00100008&order_time=2021-01-15 HTTP/1.1" 200 416
180.156.237.57 - - [15/Jan/2021:10:33:08 +0800] "GET /xingrg/all/function/internal_message.html?_=1610677971977&CODE_STATE=getMsg HTTP/1.1" 200 27
180.169.147.146 - - [15/Jan/2021:10:33:10 +0800] "GET /xingrg/all/function/internal_message.html?_=1610677991663&CODE_STATE=getMsg HTTP/1.1" 200 27
180.156.237.57 - - [15/Jan/2021:10:33:13 +0800] "POST /xingrg/kc/buy/cgsh_order_operate.html HTTP/1.1" 200 37
117.185.32.26 - - [15/Jan/2021:10:33:14 +0800] "GET /xingrg/kc/buy/cgsh_order_operate.html?command=get_materiel&rest_code=00106&code=00101012030&supplier_code=00100032&order_time=2021-01-15 HTTP/1.1" 200 416
120.204.17.71 - - [15/Jan/2021:10:33:14 +0800] "GET /xingrg/kc/print/load_data.html?order_code=212021011506372&kc_code=cgsh&condition= HTTP/1.1" 302 -
180.156.237.57 - - [15/Jan/2021:10:33:15 +0800] "POST /xingrg/kc/buy/cgsh_order_operate.html HTTP/1.1" 200 12
180.175.150.119 - - [15/Jan/2021:10:33:16 +0800] "GET /xingrg/kc/buy/cgsh_order_operate.html?command=get_materiel&rest_code=00102&code=00101008155&supplier_code=00100008&order_time=2021-01-15 HTTP/1.1" 200 410
180.156.237.57 - - [15/Jan/2021:10:33:16 +0800] "GET /xingrg/kc/buy/cgsh_order_info.html?code=212021011506376 HTTP/1.1" 200 56456
180.156.237.57 - - [15/Jan/2021:10:33:17 +0800] "GET /xingrg/javascript/easyui/themes/default/validatebox.css HTTP/1.1" 404 1104
180.156.237.57 - - [15/Jan/2021:10:33:17 +0800] "POST /xingrg/kc/buy/cgsh_order_operate.html HTTP/1.1" 200 3030
116.228.172.94 - - [15/Jan/2021:10:33:17 +0800] "GET /xingrg/all/function/internal_message.html?_=1610677987078&CODE_STATE=getMsg HTTP/1.1" 200 27
120.204.17.71 - - [15/Jan/2021:10:33:19 +0800] "GET /xingrg/login.html HTTP/1.1" 200 7641
180.156.237.57 - - [15/Jan/2021:10:33:19 +0800] "GET /xingrg/kc/print/load_data.html?order_code=212021011506376&kc_code=cgsh&condition= HTTP/1.1" 200 1696
222.69.129.20 - - [15/Jan/2021:10:33:19 +0800] "GET /xingrg/kc/buy/cgsh_order_operate.html?command=get_materiel&rest_code=00149&code=00101001061&supplier_code=00100039&order_time=2021-01-15 HTTP/1.1" 200 417
61.165.42.208 - - [15/Jan/2021:10:33:22 +0800] "GET /xingrg/all/function/internal_message.html?_=1610678004796&CODE_STATE=getMsg HTTP/1.1" 200 27
218.81.216.242 - - [15/Jan/2021:10:33:22 +0800] "GET /xingrg/all/function/internal_message.html?_=1610678032723&CODE_STATE=getMsg HTTP/1.1" 200 27
180.175.150.119 - - [15/Jan/2021:10:33:22 +0800] "GET /xingrg/kc/buy/cgsh_order_operate.html?command=get_materiel&rest_code=00102&code=00101008350&supplier_code=00100008&order_time=2021-01-15 HTTP/1.1" 200 408
183.192.164.85 - - [15/Jan/2021:10:33:22 +0800] "GET /xingrg/kc/print/load_data.html?order_code=212021011506372&kc_code=cgsh HTTP/1.1" 302 -
180.175.150.119 - - [15/Jan/2021:10:33:25 +0800] "GET /xingrg/all/function/internal_message.html?_=1610678003776&CODE_STATE=getMsg HTTP/1.1" 200 27
180.169.147.146 - - [15/Jan/2021:10:33:26 +0800] "GET /xingrg/all/function/internal_message.html?_=1610678003816&CODE_STATE=getMsg HTTP/1.1" 200 27
180.169.147.146 - - [15/Jan/2021:10:33:27 +0800] "GET /xingrg/all/function/internal_message.html?_=1610678003027&CODE_STATE=getMsg HTTP/1.1" 200 27
61.165.42.208 - - [15/Jan/2021:10:33:29 +0800] "GET /xingrg/all/function/internal_message.html?_=1610678009770&CODE_STATE=getMsg HTTP/1.1" 200 27
183.192.164.85 - - [15/Jan/2021:10:33:30 +0800] "GET /xingrg/login.html HTTP/1.1" 200 7641
117.185.32.26 - - [15/Jan/2021:10:33:33 +0800] "GET /xingrg/kc/buy/cgsh_order_operate.html?command=get_materiel&rest_code=00106&code=00101010024&supplier_code=00100032&order_time=2021-01-15 HTTP/1.1" 200 408
180.175.150.119 - - [15/Jan/2021:10:33:35 +0800] "GET /xingrg/kc/buy/cgsh_order_operate.html?command=get_materiel&rest_code=00102&code=00101008351&supplier_code=00100008&order_time=2021-01-15 HTTP/1.1" 200 408
116.233.74.9 - - [15/Jan/2021:10:33:36 +0800] "GET /xingrg/all/function/internal_message.html?_=1610678013281&CODE_STATE=getMsg HTTP/1.1" 200 27
58.221.95.50 - - [15/Jan/2021:10:33:39 +0800] "GET /xingrg/check_reg.html?_=1610678016466 HTTP/1.1" 302 -
172.20.0.100 - - [15/Jan/2021:10:33:41 +0800] "GET /xingrg/all/function/internal_message.html?_=1610678017734&CODE_STATE=getMsg HTTP/1.1" 302 -
117.185.32.26 - - [15/Jan/2021:10:33:42 +0800] "GET /xingrg/kc/buy/cgsh_order_operate.html?command=get_materiel&rest_code=00106&code=00101012070&supplier_code=00100032&order_time=2021-01-15 HTTP/1.1" 200 398
180.175.150.119 - - [15/Jan/2021:10:33:44 +0800] "GET /xingrg/kc/buy/cgsh_order_operate.html?command=get_materiel&rest_code=00102&code=00101008026&supplier_code=00100008&order_time=2021-01-15 HTTP/1.1" 200 409
58.40.7.146 - - [15/Jan/2021:10:33:47 +0800] "GET /xingrg/all/function/internal_message.html?_=1610678024407&CODE_STATE=getMsg HTTP/1.1" 200 27
222.70.179.50 - - [15/Jan/2021:10:33:49 +0800] "GET /favicon.ico HTTP/1.1" 404 -
117.185.32.26 - - [15/Jan/2021:10:33:49 +0800] "GET /xingrg/kc/buy/cgsh_order_operate.html?command=get_materiel&rest_code=00106&code=00101016105&supplier_code=00100032&order_time=2021-01-15 HTTP/1.1" 200 409
117.185.32.26 - - [15/Jan/2021:10:33:52 +0800] "GET /xingrg/all/function/internal_message.html?_=1610678027756&CODE_STATE=getMsg HTTP/1.1" 200 27
180.175.150.119 - - [15/Jan/2021:10:33:54 +0800] "GET /xingrg/all/function/internal_message.html?_=1610678272538&CODE_STATE=getMsg HTTP/1.1" 200 27
222.70.179.50 - - [15/Jan/2021:10:33:55 +0800] "GET /xingrg/login.html HTTP/1.1" 200 7641
61.165.42.208 - - [15/Jan/2021:10:33:55 +0800] "GET /xingrg/all/function/internal_message.html?_=1610678015435&CODE_STATE=getMsg HTTP/1.1" 200 27
222.69.133.109 - - [15/Jan/2021:10:33:56 +0800] "GET /xingrg/check_reg.html?_=1610678034670 HTTP/1.1" 200 22
222.69.133.109 - - [15/Jan/2021:10:33:56 +0800] "GET /xingrg/all/function/internal_message.html?_=1610678034673&CODE_STATE=getMsg HTTP/1.1" 200 27
222.69.129.20 - - [15/Jan/2021:10:33:56 +0800] "GET /xingrg/all/function/internal_message.html?_=1610678028648&CODE_STATE=getMsg HTTP/1.1" 200 27
222.70.179.50 - - [15/Jan/2021:10:33:57 +0800] "GET /xingrg/images/blue/jxLogo.png HTTP/1.1" 200 6156
222.70.179.50 - - [15/Jan/2021:10:33:57 +0800] "GET /xingrg/images/blue/hj.png HTTP/1.1" 200 1014
222.70.179.50 - - [15/Jan/2021:10:33:57 +0800] "GET /xingrg/images/blue/login_bg.png HTTP/1.1" 200 22101
222.70.179.50 - - [15/Jan/2021:10:33:57 +0800] "GET /xingrg/images/blue/srbg.png HTTP/1.1" 200 138
222.70.179.50 - - [15/Jan/2021:10:33:57 +0800] "GET /favicon.ico HTTP/1.1" 404 -
180.156.237.57 - - [15/Jan/2021:10:33:57 +0800] "GET /xingrg/check_reg.html?_=1610678036987 HTTP/1.1" 200 22
180.156.237.57 - - [15/Jan/2021:10:33:57 +0800] "GET /xingrg/all/function/internal_message.html?_=1610678037000&CODE_STATE=getMsg HTTP/1.1" 200 27
222.69.129.20 - - [15/Jan/2021:10:34:01 +0800] "GET /xingrg/kc/buy/cgsh_order_operate.html?command=get_materiel&rest_code=00149&code=00101010161&supplier_code=00100039&order_time=2021-01-15 HTTP/1.1" 200 409
180.175.150.119 - - [15/Jan/2021:10:34:02 +0800] "GET /xingrg/kc/buy/cgsh_order_operate.html?command=get_materiel&rest_code=00102&code=00101008355&supplier_code=00100008&order_time=2021-01-15 HTTP/1.1" 200 408
180.169.147.146 - - [15/Jan/2021:10:34:05 +0800] "GET /xingrg/all/function/internal_message.html?_=1610678041830&CODE_STATE=getMsg HTTP/1.1" 200 27
117.185.32.26 - - [15/Jan/2021:10:34:05 +0800] "POST /xingrg/kc/buy/cgsh_order_operate.html HTTP/1.1" 200 37
120.253.135.82 - - [15/Jan/2021:10:34:05 +0800] "GET /xingrg/all/function/internal_message.html?_=1610678151759&CODE_STATE=getMsg HTTP/1.1" 200 27
180.175.150.119 - - [15/Jan/2021:10:34:06 +0800] "GET /xingrg/kc/buy/cgsh_order_operate.html?command=get_materiel&rest_code=00102&code=00101008264&supplier_code=00100008&order_time=2021-01-15 HTTP/1.1" 200 412
120.253.135.82 - - [15/Jan/2021:10:34:06 +0800] "GET /xingrg/all/function/internal_message.html?_=1610677803665&CODE_STATE=getMsg HTTP/1.1" 200 27
117.185.32.26 - - [15/Jan/2021:10:34:07 +0800] "POST /xingrg/kc/buy/cgsh_order_operate.html HTTP/1.1" 200 12
117.185.32.26 - - [15/Jan/2021:10:34:08 +0800] "GET /xingrg/kc/buy/cgsh_order_info.html?code=212021011506381 HTTP/1.1" 200 56798
180.156.237.57 - - [15/Jan/2021:10:34:08 +0800] "GET /xingrg/all/function/internal_message.html?_=1610678031990&CODE_STATE=getMsg HTTP/1.1" 200 27
117.185.32.26 - - [15/Jan/2021:10:34:09 +0800] "GET /xingrg/javascript/easyui/themes/default/validatebox.css HTTP/1.1" 404 1104
117.185.32.26 - - [15/Jan/2021:10:34:09 +0800] "POST /xingrg/kc/buy/cgsh_order_operate.html HTTP/1.1" 200 3559
180.169.147.146 - - [15/Jan/2021:10:34:10 +0800] "GET /xingrg/all/function/internal_message.html?_=1610678051665&CODE_STATE=getMsg HTTP/1.1" 200 27
222.70.179.50 - - [15/Jan/2021:10:34:10 +0800] "POST /xingrg/login.do HTTP/1.1" 302 -
222.70.179.50 - - [15/Jan/2021:10:34:10 +0800] "GET /xingrg/index.html?sysBaseUrl=http%3A%2F%2F180.169.147.146%3A18081%2Fxingrg%2F&costTime=43×tamp=1610678050801 HTTP/1.1" 200 17503
222.70.179.50 - - [15/Jan/2021:10:34:10 +0800] "GET /xingrg/javascript/jquery_easy_ui/themes/icon.css HTTP/1.1" 200 3949
222.70.179.50 - - [15/Jan/2021:10:34:10 +0800] "GET /xingrg/css/form.css HTTP/1.1" 200 893
222.70.179.50 - - [15/Jan/2021:10:34:10 +0800] "GET /xingrg/javascript/jquery-1.4.2.min.js HTTP/1.1" 200 72205
222.70.179.50 - - [15/Jan/2021:10:34:10 +0800] "GET /xingrg/javascript/jquery_easy_ui/easyui-lang-zh_CN.js HTTP/1.1" 200 1900
222.70.179.50 - - [15/Jan/2021:10:34:10 +0800] "GET /xingrg/javascript/jquery_easy_ui/jquery.easyui.min.js HTTP/1.1" 200 213662
222.70.179.50 - - [15/Jan/2021:10:34:10 +0800] "GET /xingrg/javascript/jquery.timers.js HTTP/1.1" 200 3532
222.70.179.50 - - [15/Jan/2021:10:34:10 +0800] "GET /xingrg/javascript/jquery_easy_ui/themes/default/easyui.css HTTP/1.1" 200 26500
222.70.179.50 - - [15/Jan/2021:10:34:10 +0800] "GET /xingrg/javascript/jquery.form.js HTTP/1.1" 200 23110
222.70.179.50 - - [15/Jan/2021:10:34:10 +0800] "GET /xingrg/javascript/jquery.utils.js HTTP/1.1" 200 11805
180.175.150.119 - - [15/Jan/2021:10:34:10 +0800] "GET /xingrg/kc/buy/cgsh_order_operate.html?command=get_materiel&rest_code=00102&code=00101008300&supplier_code=00100008&order_time=2021-01-15 HTTP/1.1" 200 412
117.185.32.26 - - [15/Jan/2021:10:34:10 +0800] "GET /xingrg/kc/print/load_data.html?order_code=212021011506381&kc_code=cgsh&condition= HTTP/1.1" 200 1848
222.70.179.50 - - [15/Jan/2021:10:34:11 +0800] "GET /favicon.ico HTTP/1.1" 404 -
222.70.179.50 - - [15/Jan/2021:10:34:11 +0800] "GET /xingrg/javascript/jquery_easy_ui/themes/icons/settle_new.png HTTP/1.1" 200 826
222.70.179.50 - - [15/Jan/2021:10:34:11 +0800] "GET /xingrg/images/blue/navBackgound.jpg HTTP/1.1" 200 12378
222.70.179.50 - - [15/Jan/2021:10:34:11 +0800] "GET /xingrg/images/blue/pingpu.png HTTP/1.1" 200 231
222.70.179.50 - - [15/Jan/2021:10:34:11 +0800] "POST /xingrg/all/common/load_tree.html?tree=area_rest_tree_json&manage=1 HTTP/1.1" 200 3344
222.70.179.50 - - [15/Jan/2021:10:34:11 +0800] "GET /xingrg/javascript/jquery_easy_ui/themes/default/images/tabs_leftarrow.png HTTP/1.1" 200 389
222.70.179.50 - - [15/Jan/2021:10:34:11 +0800] "GET /xingrg/javascript/jquery_easy_ui/themes/default/images/tabs_rightarrow.png HTTP/1.1" 200 395
222.70.179.50 - - [15/Jan/2021:10:34:11 +0800] "GET /xingrg/javascript/jquery_easy_ui/themes/default/images/panel_tool_expand.gif HTTP/1.1" 200 247
222.70.179.50 - - [15/Jan/2021:10:34:11 +0800] "GET /xingrg/javascript/jquery_easy_ui/themes/default/images/panel_tool_collapse.gif HTTP/1.1" 200 246
222.70.179.50 - - [15/Jan/2021:10:34:11 +0800] "GET /xingrg/check_reg.html?_=1610678047889 HTTP/1.1" 200 22
222.70.179.50 - - [15/Jan/2021:10:34:11 +0800] "GET /xingrg/all/function/internal_message.html?_=1610678047886&CODE_STATE=count HTTP/1.1" 200 11
222.70.179.50 - - [15/Jan/2021:10:34:11 +0800] "POST /xingrg/load_menu.html HTTP/1.1" 200 11564
222.70.179.50 - - [15/Jan/2021:10:34:11 +0800] "GET /xingrg/javascript/jquery_easy_ui/themes/default/images/tree_arrows.gif HTTP/1.1" 200 1043
222.70.179.50 - - [15/Jan/2021:10:34:11 +0800] "GET /xingrg/javascript/jquery_easy_ui/themes/default/images/tree_folder_open.gif HTTP/1.1" 200 956
222.70.179.50 - - [15/Jan/2021:10:34:11 +0800] "GET /xingrg/javascript/jquery_easy_ui/themes/icons/search_new.png HTTP/1.1" 200 586
222.70.179.50 - - [15/Jan/2021:10:34:11 +0800] "GET /xingrg/javascript/jquery_easy_ui/themes/icons/delivery_new.png HTTP/1.1" 200 700
222.70.179.50 - - [15/Jan/2021:10:34:11 +0800] "GET /xingrg/javascript/jquery_easy_ui/themes/icons/storage_new.png HTTP/1.1" 200 853
222.70.179.50 - - [15/Jan/2021:10:34:11 +0800] "GET /xingrg/javascript/jquery_easy_ui/themes/icons/checkout_new.png HTTP/1.1" 200 744
222.70.179.50 - - [15/Jan/2021:10:34:11 +0800] "GET /xingrg/javascript/jquery_easy_ui/themes/icons/forms_new.png HTTP/1.1" 200 350
222.70.179.50 - - [15/Jan/2021:10:34:11 +0800] "GET /xingrg/javascript/jquery_easy_ui/themes/icons/setting_new.png HTTP/1.1" 200 450
222.70.179.50 - - [15/Jan/2021:10:34:11 +0800] "GET /xingrg/javascript/jquery_easy_ui/themes/icons/systemset_new.png HTTP/1.1" 200 606
222.70.179.50 - - [15/Jan/2021:10:34:12 +0800] "GET /xingrg/javascript/jquery_easy_ui/themes/icons/area.png HTTP/1.1" 200 262
222.70.179.50 - - [15/Jan/2021:10:34:12 +0800] "GET /xingrg/javascript/jquery_easy_ui/themes/icons/rest.png HTTP/1.1" 200 695
222.70.179.50 - - [15/Jan/2021:10:34:12 +0800] "GET /xingrg/javascript/jquery_easy_ui/themes/icons/manage.png HTTP/1.1" 200 696
222.70.179.50 - - [15/Jan/2021:10:34:12 +0800] "GET /xingrg/javascript/jquery_easy_ui/themes/default/images/button_a_bg.gif HTTP/1.1" 200 1194
222.70.179.50 - - [15/Jan/2021:10:34:12 +0800] "GET /xingrg/javascript/jquery_easy_ui/themes/default/images/button_span_bg.gif HTTP/1.1" 200 2061
222.70.179.50 - - [15/Jan/2021:10:34:12 +0800] "GET /xingrg/javascript/jquery_easy_ui/themes/icons/ok.png HTTP/1.1" 200 883
222.70.179.50 - - [15/Jan/2021:10:34:12 +0800] "GET /xingrg/javascript/jquery_easy_ui/themes/default/images/panel_tools.gif HTTP/1.1" 200 737
222.70.179.50 - - [15/Jan/2021:10:34:12 +0800] "GET /xingrg/javascript/jquery_easy_ui/themes/default/images/panel_title.png HTTP/1.1" 200 266
116.228.172.94 - - [15/Jan/2021:10:34:14 +0800] "GET /xingrg/check_reg.html?_=1610678044351 HTTP/1.1" 200 22
222.70.179.50 - - [15/Jan/2021:10:34:15 +0800] "POST /xingrg/load_menu.html HTTP/1.1" 200 10483
222.70.179.50 - - [15/Jan/2021:10:34:15 +0800] "GET /xingrg/javascript/jquery_easy_ui/themes/default/images/tree_file.gif HTTP/1.1" 200 118
222.70.179.50 - - [15/Jan/2021:10:34:15 +0800] "GET /xingrg/javascript/jquery_easy_ui/themes/default/images/tree_folder.gif HTTP/1.1" 200 952
180.175.150.119 - - [15/Jan/2021:10:34:16 +0800] "GET /xingrg/kc/buy/cgsh_order_operate.html?command=get_materiel&rest_code=00102&code=00101008357&supplier_code=00100008&order_time=2021-01-15 HTTP/1.1" 200 408
222.70.179.50 - - [15/Jan/2021:10:34:16 +0800] "GET /xingrg/javascript/jquery_easy_ui/themes/default/images/tabs_close.gif HTTP/1.1" 200 829
222.70.179.50 - - [15/Jan/2021:10:34:16 +0800] "GET /xingrg/all/report/report_query.html?fileName=dma/new_5.0/yingye/order_list.xml HTTP/1.1" 200 55281
222.70.179.50 - - [15/Jan/2021:10:34:16 +0800] "GET /xingrg/javascript/multi_select/jqueryMultiSelect.css HTTP/1.1" 200 951
222.70.179.50 - - [15/Jan/2021:10:34:16 +0800] "GET /xingrg/javascript/calendar/timePicker.css HTTP/1.1" 200 523
222.70.179.50 - - [15/Jan/2021:10:34:16 +0800] "GET /xingrg/css/blue.css HTTP/1.1" 200 15949
222.70.179.50 - - [15/Jan/2021:10:34:16 +0800] "GET /xingrg/javascript/bigrid/fix.css HTTP/1.1" 200 1702
222.70.179.50 - - [15/Jan/2021:10:34:16 +0800] "GET /xingrg/javascript/pic_change.js HTTP/1.1" 200 4739
222.70.179.50 - - [15/Jan/2021:10:34:16 +0800] "GET /xingrg/dwr/interface/AjaxReportQueryService.js HTTP/1.1" 200 13203
222.70.179.50 - - [15/Jan/2021:10:34:16 +0800] "GET /xingrg/javascript/calendar/jquery.timePicker.min.js HTTP/1.1" 200 2997
222.70.179.50 - - [15/Jan/2021:10:34:16 +0800] "GET /xingrg/javascript/bigrid/fix.js HTTP/1.1" 200 6439
222.70.179.50 - - [15/Jan/2021:10:34:16 +0800] "GET /xingrg/dwr/util.js HTTP/1.1" 200 35990
222.70.179.50 - - [15/Jan/2021:10:34:16 +0800] "GET /xingrg/javascript/jqueryMultiSelect.js HTTP/1.1" 200 11866
222.70.179.50 - - [15/Jan/2021:10:34:16 +0800] "GET /xingrg/dwr/engine.js HTTP/1.1" 200 43631
222.70.179.50 - - [15/Jan/2021:10:34:16 +0800] "GET /xingrg/javascript/myfunction.js HTTP/1.1" 200 24559
222.70.179.50 - - [15/Jan/2021:10:34:16 +0800] "GET /xingrg/javascript/Calendar.js HTTP/1.1" 200 31561
222.70.179.50 - - [15/Jan/2021:10:34:16 +0800] "GET /xingrg/images/blue/button/advanceover.gif HTTP/1.1" 200 1347
222.70.179.50 - - [15/Jan/2021:10:34:16 +0800] "GET /xingrg/images/blue/button/advance2over.gif HTTP/1.1" 200 1336
222.70.179.50 - - [15/Jan/2021:10:34:16 +0800] "GET /xingrg/images/blue/button/back2over.gif HTTP/1.1" 200 1335
222.70.179.50 - - [15/Jan/2021:10:34:16 +0800] "GET /xingrg/images/blue/button/backover.gif HTTP/1.1" 200 1348
222.70.179.50 - - [15/Jan/2021:10:34:16 +0800] "GET /xingrg/images/control/loading.gif HTTP/1.1" 200 13463
222.70.179.50 - - [15/Jan/2021:10:34:16 +0800] "GET /xingrg/javascript/jquery_easy_ui/themes/icons/help.png HTTP/1.1" 200 1187
117.185.32.26 - - [15/Jan/2021:10:34:16 +0800] "GET /xingrg/kc/print/load_data.html?order_code=212021011506381&kc_code=cgsh HTTP/1.1" 200 1848
222.70.179.50 - - [15/Jan/2021:10:34:16 +0800] "GET /xingrg/javascript/jquery_easy_ui/themes/default/images/menu_downarrow.png HTTP/1.1" 200 173
222.70.179.50 - - [15/Jan/2021:10:34:16 +0800] "GET /xingrg/javascript/jquery_easy_ui/themes/default/images/menu.gif HTTP/1.1" 200 834
222.70.179.50 - - [15/Jan/2021:10:34:16 +0800] "GET /xingrg/javascript/jquery_easy_ui/themes/icons/print.png HTTP/1.1" 200 1057
222.70.179.50 - - [15/Jan/2021:10:34:16 +0800] "GET /xingrg/javascript/jquery_easy_ui/themes/icons/pencil.png HTTP/1.1" 200 713
222.70.179.50 - - [15/Jan/2021:10:34:16 +0800] "GET /xingrg/javascript/jquery_easy_ui/themes/default/images/menu_rightarrow.png HTTP/1.1" 200 3617
222.70.179.50 - - [15/Jan/2021:10:34:17 +0800] "POST /xingrg/dwr/call/plaincall/AjaxReportQueryService.getFixDate.dwr HTTP/1.1" 200 111
222.70.179.50 - - [15/Jan/2021:10:34:17 +0800] "GET /xingrg/javascript/jquery_easy_ui/themes/default/images/combo_arrow_dot.gif HTTP/1.1" 200 79
222.70.179.50 - - [15/Jan/2021:10:34:17 +0800] "POST /xingrg/all/common/load_tree.html?tree=area_station_tree_json&manage=1 HTTP/1.1" 200 3240
222.70.179.50 - - [15/Jan/2021:10:34:17 +0800] "GET /xingrg/javascript/jquery_easy_ui/themes/default/images/tree_checkbox_0.gif HTTP/1.1" 200 168
222.70.179.50 - - [15/Jan/2021:10:34:17 +0800] "POST /xingrg/dwr/call/plaincall/AjaxReportQueryService.getInitString.dwr HTTP/1.1" 200 76
222.70.179.50 - - [15/Jan/2021:10:34:17 +0800] "GET /xingrg/javascript/multi_select/dropdown.gif HTTP/1.1" 200 61
116.228.172.94 - - [15/Jan/2021:10:34:17 +0800] "GET /xingrg/all/function/internal_message.html?_=1610678047051&CODE_STATE=getMsg HTTP/1.1" 200 27
180.175.150.119 - - [15/Jan/2021:10:34:21 +0800] "GET /xingrg/kc/buy/cgsh_order_operate.html?command=get_materiel&rest_code=00102&code=00101008069&supplier_code=00100008&order_time=2021-01-15 HTTP/1.1" 200 412
61.165.42.208 - - [15/Jan/2021:10:34:22 +0800] "GET /xingrg/all/function/internal_message.html?_=1610678064797&CODE_STATE=getMsg HTTP/1.1" 200 27
218.81.216.242 - - [15/Jan/2021:10:34:22 +0800] "GET /xingrg/all/function/internal_message.html?_=1610678092723&CODE_STATE=getMsg HTTP/1.1" 200 27
120.204.17.72 - - [15/Jan/2021:10:34:22 +0800] "GET /xingrg/kc/print/load_data.html?order_code=212021011506374&kc_code=cgsh HTTP/1.1" 302 -
183.192.164.214 - - [15/Jan/2021:10:34:23 +0800] "GET /xingrg/kc/print/load_data.html?order_code=212021011506374&kc_code=cgsh&condition= HTTP/1.1" 302 -
222.70.179.50 - - [15/Jan/2021:10:34:23 +0800] "POST /xingrg/dwr/call/plaincall/AjaxReportQueryService.getFixDate.dwr HTTP/1.1" 200 111
222.70.179.50 - - [15/Jan/2021:10:34:23 +0800] "GET /xingrg/javascript/multi_select/dropdown_hover.gif HTTP/1.1" 200 61
222.70.179.50 - - [15/Jan/2021:10:34:25 +0800] "GET /xingrg/javascript/jquery_easy_ui/themes/default/images/tree_checkbox_1.gif HTTP/1.1" 200 174
222.70.179.50 - - [15/Jan/2021:10:34:25 +0800] "GET /xingrg/javascript/jquery_easy_ui/themes/default/images/tree_checkbox_2.gif HTTP/1.1" 200 181
222.70.179.50 - - [15/Jan/2021:10:34:25 +0800] "POST /xingrg/dwr/call/plaincall/AjaxReportQueryService.queryInitializeString.dwr HTTP/1.1" 200 415
180.175.150.119 - - [15/Jan/2021:10:34:25 +0800] "GET /xingrg/all/function/internal_message.html?_=1610678063790&CODE_STATE=getMsg HTTP/1.1" 200 27
222.70.179.50 - - [15/Jan/2021:10:34:26 +0800] "GET /xingrg/javascript/jquery_easy_ui/themes/default/images/button_plain_hover.png HTTP/1.1" 200 252
180.169.147.146 - - [15/Jan/2021:10:34:26 +0800] "GET /xingrg/all/function/internal_message.html?_=1610678063824&CODE_STATE=getMsg HTTP/1.1" 200 27
222.70.179.50 - - [15/Jan/2021:10:34:26 +0800] "POST /xingrg/dwr/call/plaincall/AjaxReportQueryService.refreshCache.dwr HTTP/1.1" 200 78
222.70.179.50 - - [15/Jan/2021:10:34:27 +0800] "POST /xingrg/all/report/load_report_page.html HTTP/1.1" 200 146684
180.169.147.146 - - [15/Jan/2021:10:34:27 +0800] "GET /xingrg/all/function/internal_message.html?_=1610678063030&CODE_STATE=getMsg HTTP/1.1" 200 27
222.70.179.50 - - [15/Jan/2021:10:34:27 +0800] "GET /xingrg/servlets/image?cache=0.02879233234730816&image=px HTTP/1.1" 200 807
222.70.179.50 - - [15/Jan/2021:10:34:27 +0800] "GET /xingrg/images/blue/button/back.gif HTTP/1.1" 200 1352
222.70.179.50 - - [15/Jan/2021:10:34:27 +0800] "GET /xingrg/images/blue/button/back2.gif HTTP/1.1" 200 1339
180.175.150.119 - - [15/Jan/2021:10:34:27 +0800] "GET /xingrg/kc/buy/cgsh_order_operate.html?command=get_materiel&rest_code=00102&code=00101008286&supplier_code=00100008&order_time=2021-01-15 HTTP/1.1" 200 408
120.204.17.72 - - [15/Jan/2021:10:34:28 +0800] "GET /xingrg/login.html HTTP/1.1" 200 7641
183.192.164.214 - - [15/Jan/2021:10:34:28 +0800] "GET /xingrg/login.html HTTP/1.1" 200 7641
222.70.179.50 - - [15/Jan/2021:10:34:29 +0800] "POST /xingrg/all/report/load_report_page.html HTTP/1.1" 200 134583
222.70.179.50 - - [15/Jan/2021:10:34:29 +0800] "GET /xingrg/images/blue/button/advance.gif HTTP/1.1" 200 1354
222.70.179.50 - - [15/Jan/2021:10:34:29 +0800] "GET /xingrg/images/blue/button/advance2.gif HTTP/1.1" 200 1338
222.70.179.50 - - [15/Jan/2021:10:34:29 +0800] "GET /xingrg/servlets/image?cache=0.1851162910089693&image=px HTTP/1.1" 200 807
61.165.42.208 - - [15/Jan/2021:10:34:29 +0800] "GET /xingrg/all/function/internal_message.html?_=1610678069744&CODE_STATE=getMsg HTTP/1.1" 200 27
180.175.150.119 - - [15/Jan/2021:10:34:32 +0800] "GET /xingrg/kc/buy/cgsh_order_operate.html?command=get_materiel&rest_code=00102&code=00101008036&supplier_code=00100008&order_time=2021-01-15 HTTP/1.1" 200 408
116.233.74.9 - - [15/Jan/2021:10:34:36 +0800] "GET /xingrg/all/function/internal_message.html?_=1610678073279&CODE_STATE=getMsg HTTP/1.1" 200 27
180.175.150.119 - - [15/Jan/2021:10:34:38 +0800] "GET /xingrg/kc/buy/cgsh_order_operate.html?command=get_materiel&rest_code=00102&code=00101008131&supplier_code=00100008&order_time=2021-01-15 HTTP/1.1" 200 408
120.253.135.82 - - [15/Jan/2021:10:34:41 +0800] "GET /xingrg/check_reg.html?_=1610678187556 HTTP/1.1" 200 22
172.20.0.100 - - [15/Jan/2021:10:34:41 +0800] "GET /xingrg/all/function/internal_message.html?_=1610678077737&CODE_STATE=getMsg HTTP/1.1" 302 -
180.175.150.119 - - [15/Jan/2021:10:34:43 +0800] "GET /xingrg/kc/buy/cgsh_order_operate.html?command=get_materiel&rest_code=00102&code=00101008098&supplier_code=00100008&order_time=2021-01-15 HTTP/1.1" 200 412
58.40.7.146 - - [15/Jan/2021:10:34:47 +0800] "GET /xingrg/all/function/internal_message.html?_=1610678084408&CODE_STATE=getMsg HTTP/1.1" 200 27
180.175.150.119 - - [15/Jan/2021:10:34:47 +0800] "GET /xingrg/kc/buy/cgsh_order_operate.html?command=get_materiel&rest_code=00102&code=00101008005&supplier_code=00100008&order_time=2021-01-15 HTTP/1.1" 200 412
120.204.17.73 - - [15/Jan/2021:10:34:47 +0800] "GET /xingrg/all/function/internal_message.html?_=1610677426871&CODE_STATE=getMsg HTTP/1.1" 302 -
180.175.150.119 - - [15/Jan/2021:10:34:52 +0800] "GET /xingrg/kc/buy/cgsh_order_operate.html?command=get_materiel&rest_code=00102&code=00101008271&supplier_code=00100008&order_time=2021-01-15 HTTP/1.1" 200 408
120.204.17.73 - - [15/Jan/2021:10:34:52 +0800] "GET /xingrg/login.html HTTP/1.1" 200 7641
117.185.32.26 - - [15/Jan/2021:10:34:52 +0800] "GET /xingrg/all/function/internal_message.html?_=1610678087735&CODE_STATE=getMsg HTTP/1.1" 200 27
180.175.150.119 - - [15/Jan/2021:10:34:54 +0800] "GET /xingrg/all/function/internal_message.html?_=1610678332554&CODE_STATE=getMsg HTTP/1.1" 200 27
61.165.42.208 - - [15/Jan/2021:10:34:55 +0800] "GET /xingrg/all/function/internal_message.html?_=1610678075462&CODE_STATE=getMsg HTTP/1.1" 200 27
222.69.133.109 - - [15/Jan/2021:10:34:56 +0800] "GET /xingrg/all/function/internal_message.html?_=1610678094683&CODE_STATE=getMsg HTTP/1.1" 200 27
222.69.129.20 - - [15/Jan/2021:10:34:56 +0800] "GET /xingrg/all/function/internal_message.html?_=1610678088651&CODE_STATE=getMsg HTTP/1.1" 200 27
222.69.129.20 - - [15/Jan/2021:10:34:56 +0800] "GET /xingrg/check_reg.html?_=1610678088654 HTTP/1.1" 200 22
180.156.237.57 - - [15/Jan/2021:10:34:57 +0800] "GET /xingrg/all/function/internal_message.html?_=1610678096988&CODE_STATE=getMsg HTTP/1.1" 200 27
180.175.150.119 - - [15/Jan/2021:10:34:57 +0800] "GET /xingrg/kc/buy/cgsh_order_operate.html?command=get_materiel&rest_code=00102&code=00101008092&supplier_code=00100008&order_time=2021-01-15 HTTP/1.1" 200 412
222.69.129.20 - - [15/Jan/2021:10:35:00 +0800] "GET /xingrg/kc/buy/cgsh_order_operate.html?command=get_materiel&rest_code=00149&code=00101005037&supplier_code=00100039&order_time=2021-01-15 HTTP/1.1" 200 409
180.175.150.119 - - [15/Jan/2021:10:35:03 +0800] "GET /xingrg/kc/buy/cgsh_order_operate.html?command=get_materiel&rest_code=00102&code=00101008353&supplier_code=00100008&order_time=2021-01-15 HTTP/1.1" 200 408
180.169.147.146 - - [15/Jan/2021:10:35:05 +0800] "GET /xingrg/all/function/internal_message.html?_=1610678101836&CODE_STATE=getMsg HTTP/1.1" 200 27
120.253.135.82 - - [15/Jan/2021:10:35:05 +0800] "GET /xingrg/all/function/internal_message.html?_=1610678211765&CODE_STATE=getMsg HTTP/1.1" 200 27
120.253.135.82 - - [15/Jan/2021:10:35:06 +0800] "GET /xingrg/all/function/internal_message.html?_=1610677863678&CODE_STATE=getMsg HTTP/1.1" 200 27
180.175.150.119 - - [15/Jan/2021:10:35:07 +0800] "GET /xingrg/kc/buy/cgsh_order_operate.html?command=get_materiel&rest_code=00102&code=00101008213&supplier_code=00100008&order_time=2021-01-15 HTTP/1.1" 200 412
180.156.237.57 - - [15/Jan/2021:10:35:08 +0800] "GET /xingrg/check_reg.html?_=1610678091666 HTTP/1.1" 200 22
180.156.237.57 - - [15/Jan/2021:10:35:08 +0800] "GET /xingrg/all/function/internal_message.html?_=1610678092082&CODE_STATE=getMsg HTTP/1.1" 200 27
180.175.150.119 - - [15/Jan/2021:10:35:09 +0800] "POST /xingrg/kc/buy/cgsh_order_operate.html HTTP/1.1" 200 2065
180.169.147.146 - - [15/Jan/2021:10:35:10 +0800] "GET /xingrg/all/function/internal_message.html?_=1610678111669&CODE_STATE=getMsg HTTP/1.1" 200 27
222.70.179.50 - - [15/Jan/2021:10:35:11 +0800] "GET /xingrg/all/function/internal_message.html?_=1610678105483&CODE_STATE=getMsg HTTP/1.1" 200 27
180.175.150.119 - - [15/Jan/2021:10:35:13 +0800] "GET /xingrg/kc/buy/cgsh_order_operate.html?command=get_materiel&rest_code=00102&code=00101008291&supplier_code=00100008&order_time=2021-01-15 HTTP/1.1" 200 408
222.69.129.20 - - [15/Jan/2021:10:35:16 +0800] "GET /xingrg/kc/buy/cgsh_order_operate.html?command=get_materiel&rest_code=00149&code=00101001060&supplier_code=00100039&order_time=2021-01-15 HTTP/1.1" 200 421
116.228.172.94 - - [15/Jan/2021:10:35:17 +0800] "GET /xingrg/all/function/internal_message.html?_=1610678107037&CODE_STATE=getMsg HTTP/1.1" 200 27
61.165.42.208 - - [15/Jan/2021:10:35:22 +0800] "GET /xingrg/all/function/internal_message.html?_=1610678124803&CODE_STATE=getMsg HTTP/1.1" 200 27
218.81.216.242 - - [15/Jan/2021:10:35:22 +0800] "GET /xingrg/all/function/internal_message.html?_=1610678152936&CODE_STATE=getMsg HTTP/1.1" 200 27
180.175.150.119 - - [15/Jan/2021:10:35:22 +0800] "GET /xingrg/kc/buy/cgsh_order_operate.html?command=get_materiel&rest_code=00102&code=00101008229&supplier_code=00100008&order_time=2021-01-15 HTTP/1.1" 200 420
180.175.150.119 - - [15/Jan/2021:10:35:25 +0800] "GET /xingrg/all/function/internal_message.html?_=1610678123803&CODE_STATE=getMsg HTTP/1.1" 200 27
180.169.147.146 - - [15/Jan/2021:10:35:26 +0800] "GET /xingrg/all/function/internal_message.html?_=1610678123792&CODE_STATE=getMsg HTTP/1.1" 200 27
180.169.147.146 - - [15/Jan/2021:10:35:27 +0800] "GET /xingrg/all/function/internal_message.html?_=1610678123031&CODE_STATE=getMsg HTTP/1.1" 200 27
180.169.147.146 - - [15/Jan/2021:10:35:27 +0800] "GET /xingrg/check_reg.html?_=1610678123033 HTTP/1.1" 200 22
180.175.150.119 - - [15/Jan/2021:10:35:27 +0800] "GET /xingrg/kc/buy/cgsh_order_operate.html?command=get_materiel&rest_code=00102&code=00101008125&supplier_code=00100008&order_time=2021-01-15 HTTP/1.1" 200 413
61.165.42.208 - - [15/Jan/2021:10:35:29 +0800] "GET /xingrg/all/function/internal_message.html?_=1610678129718&CODE_STATE=getMsg HTTP/1.1" 200 27
180.175.150.119 - - [15/Jan/2021:10:35:33 +0800] "GET /xingrg/kc/buy/cgsh_order_operate.html?command=get_materiel&rest_code=00102&code=00101008529&supplier_code=00100008&order_time=2021-01-15 HTTP/1.1" 200 402
183.192.164.97 - - [15/Jan/2021:10:35:33 +0800] "GET /xingrg/all/function/internal_message.html?_=1610677486869&CODE_STATE=getMsg HTTP/1.1" 302 -
116.233.74.9 - - [15/Jan/2021:10:35:36 +0800] "GET /xingrg/all/function/internal_message.html?_=1610678133277&CODE_STATE=getMsg HTTP/1.1" 200 27
180.175.150.119 - - [15/Jan/2021:10:35:37 +0800] "POST /xingrg/kc/buy/cgsh_order_operate.html HTTP/1.1" 200 37
180.175.150.119 - - [15/Jan/2021:10:35:38 +0800] "POST /xingrg/kc/buy/cgsh_order_operate.html HTTP/1.1" 200 15658
180.175.150.119 - - [15/Jan/2021:10:35:39 +0800] "GET /xingrg/kc/buy/cgsh_order_add.html HTTP/1.1" 200 61851
117.185.32.26 - - [15/Jan/2021:10:35:39 +0800] "GET /xingrg/check_reg.html?_=1610678134365 HTTP/1.1" 200 22
183.192.164.97 - - [15/Jan/2021:10:35:39 +0800] "GET /xingrg/login.html HTTP/1.1" 200 7641
180.175.150.119 - - [15/Jan/2021:10:35:39 +0800] "POST /xingrg/kc/buy/cgsh_order_operate.html HTTP/1.1" 200 8245
180.175.150.119 - - [15/Jan/2021:10:35:40 +0800] "GET /xingrg/javascript/easyui/themes/default/validatebox.css HTTP/1.1" 404 1104
172.20.0.100 - - [15/Jan/2021:10:35:41 +0800] "GET /xingrg/all/function/internal_message.html?_=1610678137741&CODE_STATE=getMsg HTTP/1.1" 302 -
58.40.7.146 - - [15/Jan/2021:10:35:47 +0800] "GET /xingrg/check_reg.html?_=1610678144411 HTTP/1.1" 200 22
58.40.7.146 - - [15/Jan/2021:10:35:47 +0800] "GET /xingrg/all/function/internal_message.html?_=1610678144412&CODE_STATE=getMsg HTTP/1.1" 200 27
180.175.150.119 - - [15/Jan/2021:10:35:47 +0800] "GET /xingrg/kc/buy/cgsh_order_operate.html?command=get_materiel&rest_code=00102&code=00101008175&supplier_code=00100008&order_time=2021-01-15 HTTP/1.1" 200 412
117.185.32.26 - - [15/Jan/2021:10:35:52 +0800] "GET /xingrg/all/function/internal_message.html?_=1610678147710&CODE_STATE=getMsg HTTP/1.1" 200 27
180.175.150.119 - - [15/Jan/2021:10:35:54 +0800] "GET /xingrg/kc/buy/cgsh_order_operate.html?command=get_materiel&rest_code=00102&code=00101008100&supplier_code=00100008&order_time=2021-01-15 HTTP/1.1" 200 408
180.175.150.119 - - [15/Jan/2021:10:35:54 +0800] "GET /xingrg/all/function/internal_message.html?_=1610678392795&CODE_STATE=getMsg HTTP/1.1" 200 27
61.165.42.208 - - [15/Jan/2021:10:35:55 +0800] "GET /xingrg/all/function/internal_message.html?_=1610678135459&CODE_STATE=getMsg HTTP/1.1" 200 27
222.69.133.109 - - [15/Jan/2021:10:35:56 +0800] "GET /xingrg/all/function/internal_message.html?_=1610678154686&CODE_STATE=getMsg HTTP/1.1" 200 27
222.69.129.20 - - [15/Jan/2021:10:35:56 +0800] "GET /xingrg/all/function/internal_message.html?_=1610678148647&CODE_STATE=getMsg HTTP/1.1" 200 27
180.156.237.57 - - [15/Jan/2021:10:35:57 +0800] "GET /xingrg/all/function/internal_message.html?_=1610678156989&CODE_STATE=getMsg HTTP/1.1" 200 27
180.169.147.146 - - [15/Jan/2021:10:36:05 +0800] "GET /xingrg/all/function/internal_message.html?_=1610678161826&CODE_STATE=getMsg HTTP/1.1" 200 27
120.253.135.82 - - [15/Jan/2021:10:36:05 +0800] "GET /xingrg/all/function/internal_message.html?_=1610678271779&CODE_STATE=getMsg HTTP/1.1" 200 27
120.253.135.82 - - [15/Jan/2021:10:36:06 +0800] "GET /xingrg/all/function/internal_message.html?_=1610677923691&CODE_STATE=getMsg HTTP/1.1" 200 27
180.175.150.119 - - [15/Jan/2021:10:36:07 +0800] "GET /xingrg/kc/buy/cgsh_order_operate.html?command=get_materiel&rest_code=00102&code=00101008027&supplier_code=00100008&order_time=2021-01-15 HTTP/1.1" 200 409
180.156.237.57 - - [15/Jan/2021:10:36:08 +0800] "GET /xingrg/all/function/internal_message.html?_=1610678152158&CODE_STATE=getMsg HTTP/1.1" 200 27
180.169.147.146 - - [15/Jan/2021:10:36:10 +0800] "GET /xingrg/all/function/internal_message.html?_=1610678171673&CODE_STATE=getMsg HTTP/1.1" 200 27
180.169.147.146 - - [15/Jan/2021:10:36:10 +0800] "GET /xingrg/check_reg.html?_=1610678171679 HTTP/1.1" 200 22
222.70.179.50 - - [15/Jan/2021:10:36:11 +0800] "GET /xingrg/all/function/internal_message.html?_=1610678165496&CODE_STATE=getMsg HTTP/1.1" 200 27
120.204.17.70 - - [15/Jan/2021:10:36:15 +0800] "GET /xingrg/kc/buy/cgsh_order_operate.html?command=get_materiel&rest_code=00106&code=00101006109&supplier_code=00100015&order_time=2021-01-15 HTTP/1.1" 302 -
218.81.216.242 - - [15/Jan/2021:10:36:16 +0800] "GET /xingrg/check_reg.html?_=1610678206967 HTTP/1.1" 200 22
116.228.172.94 - - [15/Jan/2021:10:36:17 +0800] "GET /xingrg/all/function/internal_message.html?_=1610678167021&CODE_STATE=getMsg HTTP/1.1" 200 27
120.204.17.71 - - [15/Jan/2021:10:36:20 +0800] "GET /xingrg/check_reg.html?_=1610677534387 HTTP/1.1" 302 -
61.165.42.208 - - [15/Jan/2021:10:36:22 +0800] "GET /xingrg/check_reg.html?_=1610678184803 HTTP/1.1" 200 22
61.165.42.208 - - [15/Jan/2021:10:36:22 +0800] "GET /xingrg/all/function/internal_message.html?_=1610678184807&CODE_STATE=getMsg HTTP/1.1" 200 27
180.175.150.119 - - [15/Jan/2021:10:36:22 +0800] "GET /xingrg/kc/buy/cgsh_order_operate.html?command=get_materiel&rest_code=00102&code=00101008096&supplier_code=00100008&order_time=2021-01-15 HTTP/1.1" 200 413
218.81.216.242 - - [15/Jan/2021:10:36:22 +0800] "GET /xingrg/all/function/internal_message.html?_=1610678212937&CODE_STATE=getMsg HTTP/1.1" 200 27
120.204.17.70 - - [15/Jan/2021:10:36:24 +0800] "GET /xingrg/login.html HTTP/1.1" 200 7641
180.175.150.119 - - [15/Jan/2021:10:36:25 +0800] "GET /xingrg/check_reg.html?_=1610678183592 HTTP/1.1" 200 22
