180.169.147.146 - - [15/Jan/2021:10:21:40 +0800] "POST /xingrg/dwr/call/plaincall/AjaxBaseInfoService.saveMateriel.dwr HTTP/1.1" 200 109
180.169.147.146 - - [15/Jan/2021:10:21:40 +0800] "POST /xingrg/dwr/call/plaincall/AjaxBaseInfoService.getMateriels.dwr HTTP/1.1" 200 2944
222.69.129.20 - - [15/Jan/2021:10:21:40 +0800] "POST /xingrg/kc/buy/cgsh_list_operate.html HTTP/1.1" 200 418
172.20.0.100 - - [15/Jan/2021:10:21:41 +0800] "GET /xingrg/all/function/internal_message.html?_=1610677297744&CODE_STATE=getMsg HTTP/1.1" 302 -
222.69.129.20 - - [15/Jan/2021:10:21:44 +0800] "POST /xingrg/kc/buy/cgsh_list_operate.html HTTP/1.1" 200 574
222.69.129.20 - - [15/Jan/2021:10:21:46 +0800] "GET /xingrg/kc/buy/cgsh_order_info.html?code=212021011003931 HTTP/1.1" 200 56839
222.69.129.20 - - [15/Jan/2021:10:21:46 +0800] "GET /xingrg/words/20210115102140_words.js HTTP/1.1" 200 789405
222.69.129.20 - - [15/Jan/2021:10:21:46 +0800] "GET /xingrg/javascript/easyui/themes/default/validatebox.css HTTP/1.1" 404 1104
58.40.7.146 - - [15/Jan/2021:10:21:47 +0800] "GET /xingrg/all/function/internal_message.html?_=1610677304398&CODE_STATE=getMsg HTTP/1.1" 200 27
117.185.32.26 - - [15/Jan/2021:10:21:47 +0800] "POST /xingrg/kc/buy/cgsh_order_operate.html HTTP/1.1" 200 37
222.69.129.20 - - [15/Jan/2021:10:21:47 +0800] "POST /xingrg/kc/buy/cgsh_order_operate.html HTTP/1.1" 200 5354
180.175.150.119 - - [15/Jan/2021:10:21:48 +0800] "GET /xingrg/kc/print/load_config.html?kc_code=cgsh HTTP/1.1" 200 1845
180.175.150.119 - - [15/Jan/2021:10:21:48 +0800] "GET /xingrg/kc/print/load_data.html?order_code=212021011506371&kc_code=cgsh&condition= HTTP/1.1" 200 4254
117.185.32.26 - - [15/Jan/2021:10:21:49 +0800] "POST /xingrg/kc/buy/cgsh_order_operate.html HTTP/1.1" 200 12
222.70.179.222 - - [15/Jan/2021:10:21:49 +0800] "GET /xingrg/all/function/internal_message.html?_=1610677304570&CODE_STATE=getMsg HTTP/1.1" 200 27
117.185.32.26 - - [15/Jan/2021:10:21:51 +0800] "GET /xingrg/words/20210115102140_words.js HTTP/1.1" 200 789405
117.185.32.26 - - [15/Jan/2021:10:21:51 +0800] "GET /xingrg/kc/buy/cgsh_order_info.html?code=212021011506372 HTTP/1.1" 200 56796
117.185.32.26 - - [15/Jan/2021:10:21:51 +0800] "GET /xingrg/javascript/easyui/themes/default/validatebox.css HTTP/1.1" 404 1104
117.185.32.26 - - [15/Jan/2021:10:21:52 +0800] "POST /xingrg/kc/buy/cgsh_order_operate.html HTTP/1.1" 200 1790
180.175.150.119 - - [15/Jan/2021:10:21:54 +0800] "GET /xingrg/all/function/internal_message.html?_=1610677552174&CODE_STATE=getMsg HTTP/1.1" 200 27
61.165.42.208 - - [15/Jan/2021:10:21:55 +0800] "GET /xingrg/all/function/internal_message.html?_=1610677295429&CODE_STATE=getMsg HTTP/1.1" 200 27
222.69.133.109 - - [15/Jan/2021:10:21:56 +0800] "GET /xingrg/all/function/internal_message.html?_=1610677314660&CODE_STATE=getMsg HTTP/1.1" 200 27
222.69.129.20 - - [15/Jan/2021:10:21:56 +0800] "GET /xingrg/all/function/internal_message.html?_=1610677308627&CODE_STATE=getMsg HTTP/1.1" 200 27
180.156.237.57 - - [15/Jan/2021:10:21:58 +0800] "GET /xingrg/kc/buy/cgsh_order_operate.html?command=get_materiel_price&rest_code=00151&code=00102009692&unit_code=00100020&supplier_code=00100212&order_time=2021-01-15 HTTP/1.1" 200 27
180.175.150.119 - - [15/Jan/2021:10:21:59 +0800] "GET /xingrg/kc/buy/cgsh_order_add.html HTTP/1.1" 200 61845
180.175.150.119 - - [15/Jan/2021:10:22:00 +0800] "GET /xingrg/words/20210115102140_words.js HTTP/1.1" 200 789405
180.169.147.146 - - [15/Jan/2021:10:22:00 +0800] "POST /xingrg/kc/buy/cgsh_order_operate.html HTTP/1.1" 200 37
180.175.150.119 - - [15/Jan/2021:10:22:01 +0800] "POST /xingrg/kc/buy/cgsh_order_operate.html HTTP/1.1" 200 8245
180.175.150.119 - - [15/Jan/2021:10:22:01 +0800] "GET /xingrg/javascript/easyui/themes/default/validatebox.css HTTP/1.1" 404 1104
180.169.147.146 - - [15/Jan/2021:10:22:01 +0800] "POST /xingrg/kc/buy/cgsh_order_operate.html HTTP/1.1" 200 6811
180.156.237.57 - - [15/Jan/2021:10:22:02 +0800] "GET /xingrg/css/base.css HTTP/1.1" 304 -
180.156.237.57 - - [15/Jan/2021:10:22:02 +0800] "GET /xingrg/javascript/jquery_tools/datebox.css HTTP/1.1" 304 -
180.156.237.57 - - [15/Jan/2021:10:22:02 +0800] "GET /xingrg/css/site.css HTTP/1.1" 304 -
180.156.237.57 - - [15/Jan/2021:10:22:02 +0800] "GET /xingrg/javascript/easyui/themes/default/easyui.css HTTP/1.1" 304 -
180.156.237.57 - - [15/Jan/2021:10:22:02 +0800] "GET /xingrg/javascript/jquery_tools/table.css HTTP/1.1" 304 -
180.156.237.57 - - [15/Jan/2021:10:22:02 +0800] "GET /xingrg/javascript/jquery_tools/fix.css HTTP/1.1" 304 -
180.156.237.57 - - [15/Jan/2021:10:22:02 +0800] "GET /xingrg/javascript/auto/jquery.autocomplete.css HTTP/1.1" 304 -
180.156.237.57 - - [15/Jan/2021:10:22:02 +0800] "GET /xingrg/javascript/easyui/themes/icon.css HTTP/1.1" 304 -
180.156.237.57 - - [15/Jan/2021:10:22:02 +0800] "GET /xingrg/javascript/jquery_tools/jquery.tools.min.js HTTP/1.1" 304 -
180.156.237.57 - - [15/Jan/2021:10:22:02 +0800] "GET /xingrg/javascript/jquery_tools/jquery.tools.extend.js HTTP/1.1" 304 -
180.156.237.57 - - [15/Jan/2021:10:22:02 +0800] "GET /xingrg/javascript/jquery_tools/jquery.tools.table.js HTTP/1.1" 304 -
180.156.237.57 - - [15/Jan/2021:10:22:02 +0800] "GET /xingrg/javascript/jquery_tools/jquery.tools.hotkey.js HTTP/1.1" 304 -
180.156.237.57 - - [15/Jan/2021:10:22:02 +0800] "GET /xingrg/javascript/easyui/easyloader.js HTTP/1.1" 304 -
180.156.237.57 - - [15/Jan/2021:10:22:02 +0800] "GET /xingrg/javascript/jquery_tools/list_manager.js HTTP/1.1" 304 -
180.156.237.57 - - [15/Jan/2021:10:22:02 +0800] "GET /xingrg/javascript/jquery.utils.js HTTP/1.1" 304 -
180.156.237.57 - - [15/Jan/2021:10:22:02 +0800] "GET /xingrg/javascript/jquery.cookie.js HTTP/1.1" 304 -
180.156.237.57 - - [15/Jan/2021:10:22:02 +0800] "GET /xingrg/javascript/print/LodopFuncs.js HTTP/1.1" 304 -
180.156.237.57 - - [15/Jan/2021:10:22:02 +0800] "GET /xingrg/javascript/auto/jquery.autocomplete.js HTTP/1.1" 304 -
180.156.237.57 - - [15/Jan/2021:10:22:02 +0800] "GET /xingrg/kc/buy/cgsh_order_list.html HTTP/1.1" 200 46152
180.156.237.57 - - [15/Jan/2021:10:22:02 +0800] "GET /xingrg/javascript/easyui/themes/icons/cance_new.png HTTP/1.1" 304 -
180.156.237.57 - - [15/Jan/2021:10:22:02 +0800] "GET /xingrg/javascript/easyui/themes/icons/edit_add_new.png HTTP/1.1" 304 -
180.156.237.57 - - [15/Jan/2021:10:22:02 +0800] "GET /xingrg/javascript/easyui/themes/icons/field_new.png HTTP/1.1" 304 -
180.156.237.57 - - [15/Jan/2021:10:22:02 +0800] "GET /xingrg/javascript/easyui/themes/icons/check_new.png HTTP/1.1" 304 -
180.156.237.57 - - [15/Jan/2021:10:22:02 +0800] "GET /xingrg/javascript/easyui/themes/icons/import_new.png HTTP/1.1" 304 -
180.156.237.57 - - [15/Jan/2021:10:22:02 +0800] "GET /xingrg/javascript/easyui/plugins/jquery.parser.js HTTP/1.1" 304 -
180.156.237.57 - - [15/Jan/2021:10:22:02 +0800] "GET /xingrg/images/control/ajaxLoader.gif HTTP/1.1" 304 -
120.253.135.82 - - [15/Jan/2021:10:22:03 +0800] "GET /xingrg/check_reg.html?_=1610677080434 HTTP/1.1" 200 22
180.175.150.119 - - [15/Jan/2021:10:22:03 +0800] "GET /xingrg/javascript/easyui/plugins/jquery.draggable.js HTTP/1.1" 304 -
180.175.150.119 - - [15/Jan/2021:10:22:03 +0800] "GET /xingrg/css/images/panel_loading.gif HTTP/1.1" 304 -
180.156.237.57 - - [15/Jan/2021:10:22:03 +0800] "POST /xingrg/kc/buy/cgsh_list_operate.html HTTP/1.1" 200 876
180.175.150.119 - - [15/Jan/2021:10:22:04 +0800] "GET /xingrg/javascript/easyui/plugins/jquery.droppable.js HTTP/1.1" 304 -
180.175.150.119 - - [15/Jan/2021:10:22:04 +0800] "GET /xingrg/javascript/easyui/themes/default/tree.css HTTP/1.1" 404 1090
180.175.150.119 - - [15/Jan/2021:10:22:04 +0800] "GET /xingrg/javascript/easyui/plugins/jquery.tree.js HTTP/1.1" 304 -
180.175.150.119 - - [15/Jan/2021:10:22:04 +0800] "POST /xingrg/all/common/load_tree.html?tree=supplier_tree_json&isDelete=1 HTTP/1.1" 200 54424
180.169.147.146 - - [15/Jan/2021:10:22:05 +0800] "GET /xingrg/all/function/internal_message.html?_=1610677321827&CODE_STATE=getMsg HTTP/1.1" 200 27
120.253.135.82 - - [15/Jan/2021:10:22:05 +0800] "GET /xingrg/all/function/internal_message.html?_=1610677431555&CODE_STATE=getMsg HTTP/1.1" 200 27
180.156.237.57 - - [15/Jan/2021:10:22:06 +0800] "GET /xingrg/words/20210115102140_words.js HTTP/1.1" 200 789405
180.156.237.57 - - [15/Jan/2021:10:22:06 +0800] "GET /xingrg/kc/buy/cgsh_order_add.html HTTP/1.1" 200 61540
120.253.135.82 - - [15/Jan/2021:10:22:06 +0800] "GET /xingrg/all/function/internal_message.html?_=1610677083267&CODE_STATE=getMsg HTTP/1.1" 200 27
180.156.237.57 - - [15/Jan/2021:10:22:06 +0800] "POST /xingrg/kc/buy/cgsh_order_operate.html HTTP/1.1" 200 8245
180.156.237.57 - - [15/Jan/2021:10:22:06 +0800] "GET /xingrg/javascript/easyui/themes/default/validatebox.css HTTP/1.1" 404 1104
180.175.150.119 - - [15/Jan/2021:10:22:06 +0800] "GET /xingrg/javascript/easyui/themes/default/images/tree_arrows.gif HTTP/1.1" 304 -
180.175.150.119 - - [15/Jan/2021:10:22:06 +0800] "GET /xingrg/javascript/easyui/themes/default/images/tree_folder_open.gif HTTP/1.1" 304 -
180.175.150.119 - - [15/Jan/2021:10:22:07 +0800] "GET /xingrg/javascript/easyui/themes/default/images/tree_folder.gif HTTP/1.1" 304 -
180.175.150.119 - - [15/Jan/2021:10:22:07 +0800] "GET /xingrg/javascript/easyui/themes/default/images/tree_file.gif HTTP/1.1" 304 -
180.156.237.57 - - [15/Jan/2021:10:22:08 +0800] "GET /xingrg/all/function/internal_message.html?_=1610677311796&CODE_STATE=getMsg HTTP/1.1" 200 27
180.169.147.146 - - [15/Jan/2021:10:22:08 +0800] "GET /xingrg/kc/print/load_config.html?kc_code=cgsh HTTP/1.1" 200 1845
180.169.147.146 - - [15/Jan/2021:10:22:08 +0800] "GET /xingrg/kc/print/load_data.html?order_code=212021011406050&kc_code=cgsh&condition= HTTP/1.1" 200 2358
180.169.147.146 - - [15/Jan/2021:10:22:10 +0800] "GET /xingrg/all/function/internal_message.html?_=1610677331659&CODE_STATE=getMsg HTTP/1.1" 200 27
117.185.32.26 - - [15/Jan/2021:10:22:14 +0800] "GET /xingrg/kc/print/load_config.html?kc_code=cgsh HTTP/1.1" 200 1845
117.185.32.26 - - [15/Jan/2021:10:22:14 +0800] "GET /xingrg/kc/print/load_data.html?order_code=212021011506372&kc_code=cgsh&condition= HTTP/1.1" 200 1210
116.228.172.94 - - [15/Jan/2021:10:22:15 +0800] "POST /xingrg/kc/buy/cgsh_list_operate.html HTTP/1.1" 200 5260
116.228.172.94 - - [15/Jan/2021:10:22:17 +0800] "GET /xingrg/all/function/internal_message.html?_=1610677327000&CODE_STATE=getMsg HTTP/1.1" 200 27
218.81.216.242 - - [15/Jan/2021:10:22:21 +0800] "GET /xingrg/all/function/internal_message.html?_=1610677371733&CODE_STATE=getMsg HTTP/1.1" 200 27
61.165.42.208 - - [15/Jan/2021:10:22:22 +0800] "GET /xingrg/all/function/internal_message.html?_=1610677344774&CODE_STATE=getMsg HTTP/1.1" 200 27
116.228.172.94 - - [15/Jan/2021:10:22:22 +0800] "POST /xingrg/kc/buy/cgsh_list_operate.html HTTP/1.1" 200 3091
116.228.172.94 - - [15/Jan/2021:10:22:24 +0800] "POST /xingrg/kc/buy/cgsh_list_operate.html HTTP/1.1" 200 562
116.228.172.94 - - [15/Jan/2021:10:22:25 +0800] "POST /xingrg/kc/buy/cgsh_list_operate.html HTTP/1.1" 200 564
180.175.150.119 - - [15/Jan/2021:10:22:25 +0800] "GET /xingrg/all/function/internal_message.html?_=1610677343627&CODE_STATE=getMsg HTTP/1.1" 200 27
116.228.172.94 - - [15/Jan/2021:10:22:26 +0800] "GET /xingrg/kc/buy/cgsh_order_info.html?code=212021011506364 HTTP/1.1" 200 61983
180.169.147.146 - - [15/Jan/2021:10:22:26 +0800] "GET /xingrg/check_reg.html?_=1610677343931 HTTP/1.1" 200 22
180.169.147.146 - - [15/Jan/2021:10:22:26 +0800] "GET /xingrg/all/function/internal_message.html?_=1610677343933&CODE_STATE=getMsg HTTP/1.1" 200 27
116.228.172.94 - - [15/Jan/2021:10:22:26 +0800] "GET /xingrg/words/20210115102140_words.js HTTP/1.1" 200 789405
180.169.147.146 - - [15/Jan/2021:10:22:27 +0800] "GET /xingrg/all/function/internal_message.html?_=1610677343037&CODE_STATE=getMsg HTTP/1.1" 200 27
116.228.172.94 - - [15/Jan/2021:10:22:27 +0800] "GET /xingrg/javascript/easyui/themes/default/validatebox.css HTTP/1.1" 404 1104
116.228.172.94 - - [15/Jan/2021:10:22:27 +0800] "POST /xingrg/kc/buy/cgsh_order_operate.html HTTP/1.1" 200 48767
117.185.32.26 - - [15/Jan/2021:10:22:29 +0800] "GET /xingrg/kc/print/load_data.html?order_code=212021011506372&kc_code=cgsh HTTP/1.1" 200 1210
61.165.42.208 - - [15/Jan/2021:10:22:29 +0800] "GET /xingrg/all/function/internal_message.html?_=1610677350013&CODE_STATE=getMsg HTTP/1.1" 200 27
116.233.74.9 - - [15/Jan/2021:10:22:36 +0800] "GET /xingrg/all/function/internal_message.html?_=1610677353290&CODE_STATE=getMsg HTTP/1.1" 200 27
117.185.32.26 - - [15/Jan/2021:10:22:39 +0800] "GET /xingrg/all/function/internal_message.html?_=1610677354348&CODE_STATE=getMsg HTTP/1.1" 200 27
117.185.32.26 - - [15/Jan/2021:10:22:40 +0800] "GET /xingrg/kc/buy/cgsh_order_add.html HTTP/1.1" 200 61892
117.185.32.26 - - [15/Jan/2021:10:22:41 +0800] "GET /xingrg/javascript/easyui/themes/default/validatebox.css HTTP/1.1" 404 1104
117.185.32.26 - - [15/Jan/2021:10:22:41 +0800] "POST /xingrg/kc/buy/cgsh_order_operate.html HTTP/1.1" 200 8245
172.20.0.100 - - [15/Jan/2021:10:22:41 +0800] "GET /xingrg/all/function/internal_message.html?_=1610677357732&CODE_STATE=getMsg HTTP/1.1" 302 -
172.20.0.100 - - [15/Jan/2021:10:22:41 +0800] "GET /xingrg/check_reg.html?_=1610677357734 HTTP/1.1" 302 -
117.185.32.26 - - [15/Jan/2021:10:22:46 +0800] "GET /xingrg/javascript/easyui/themes/default/tree.css HTTP/1.1" 404 1090
58.40.7.146 - - [15/Jan/2021:10:22:47 +0800] "GET /xingrg/all/function/internal_message.html?_=1610677364401&CODE_STATE=getMsg HTTP/1.1" 200 27
117.185.32.26 - - [15/Jan/2021:10:22:48 +0800] "POST /xingrg/all/common/load_tree.html?tree=supplier_tree_json&isDelete=1 HTTP/1.1" 200 54424
222.70.179.222 - - [15/Jan/2021:10:22:49 +0800] "GET /xingrg/all/function/internal_message.html?_=1610677364582&CODE_STATE=getMsg HTTP/1.1" 200 27
180.175.150.119 - - [15/Jan/2021:10:22:53 +0800] "GET /xingrg/check_reg.html?_=1610677611206 HTTP/1.1" 200 22
180.175.150.119 - - [15/Jan/2021:10:22:54 +0800] "GET /xingrg/all/function/internal_message.html?_=1610677612186&CODE_STATE=getMsg HTTP/1.1" 200 27
61.165.42.208 - - [15/Jan/2021:10:22:55 +0800] "GET /xingrg/check_reg.html?_=1610677355429 HTTP/1.1" 200 22
61.165.42.208 - - [15/Jan/2021:10:22:55 +0800] "GET /xingrg/all/function/internal_message.html?_=1610677355432&CODE_STATE=getMsg HTTP/1.1" 200 27
222.69.133.109 - - [15/Jan/2021:10:22:56 +0800] "GET /xingrg/all/function/internal_message.html?_=1610677374660&CODE_STATE=getMsg HTTP/1.1" 200 27
222.69.129.20 - - [15/Jan/2021:10:22:56 +0800] "GET /xingrg/all/function/internal_message.html?_=1610677368628&CODE_STATE=getMsg HTTP/1.1" 200 27
117.185.32.26 - - [15/Jan/2021:10:22:56 +0800] "GET /xingrg/kc/buy/cgsh_order_operate.html?command=get_materiel&rest_code=00106&code=00101008146&supplier_code=00100009&order_time=2021-01-15 HTTP/1.1" 200 418
180.175.150.119 - - [15/Jan/2021:10:23:01 +0800] "GET /xingrg/kc/buy/cgsh_order_operate.html?command=get_materiel&rest_code=00102&code=00101015037&supplier_code=00100054&order_time=2021-01-15 HTTP/1.1" 200 412
180.156.237.57 - - [15/Jan/2021:10:23:02 +0800] "GET /xingrg/kc/buy/cgsh_order_operate.html?command=get_materiel&rest_code=00151&code=00102016745&supplier_code=00100446&order_time=2021-01-15 HTTP/1.1" 200 414
117.185.32.26 - - [15/Jan/2021:10:23:04 +0800] "GET /xingrg/kc/buy/cgsh_order_operate.html?command=get_materiel&rest_code=00106&code=00101008147&supplier_code=00100009&order_time=2021-01-15 HTTP/1.1" 200 416
180.169.147.146 - - [15/Jan/2021:10:23:05 +0800] "GET /xingrg/check_reg.html?_=1610677381835 HTTP/1.1" 200 22
180.169.147.146 - - [15/Jan/2021:10:23:05 +0800] "GET /xingrg/all/function/internal_message.html?_=1610677381840&CODE_STATE=getMsg HTTP/1.1" 200 27
120.253.135.82 - - [15/Jan/2021:10:23:05 +0800] "GET /xingrg/all/function/internal_message.html?_=1610677491572&CODE_STATE=getMsg HTTP/1.1" 200 27
120.253.135.82 - - [15/Jan/2021:10:23:06 +0800] "GET /xingrg/all/function/internal_message.html?_=1610677143364&CODE_STATE=getMsg HTTP/1.1" 200 27
180.156.237.57 - - [15/Jan/2021:10:23:08 +0800] "GET /xingrg/all/function/internal_message.html?_=1610677371811&CODE_STATE=getMsg HTTP/1.1" 200 27
117.185.32.26 - - [15/Jan/2021:10:23:10 +0800] "GET /xingrg/kc/buy/cgsh_order_operate.html?command=get_materiel&rest_code=00106&code=00101008037&supplier_code=00100009&order_time=2021-01-15 HTTP/1.1" 200 413
180.169.147.146 - - [15/Jan/2021:10:23:10 +0800] "GET /xingrg/all/function/internal_message.html?_=1610677391645&CODE_STATE=getMsg HTTP/1.1" 200 27
180.175.150.119 - - [15/Jan/2021:10:23:11 +0800] "GET /xingrg/kc/buy/cgsh_order_operate.html?command=get_materiel&rest_code=00102&code=00101015042&supplier_code=00100054&order_time=2021-01-15 HTTP/1.1" 200 408
116.228.172.94 - - [15/Jan/2021:10:23:17 +0800] "GET /xingrg/all/function/internal_message.html?_=1610677386976&CODE_STATE=getMsg HTTP/1.1" 200 27
180.175.150.119 - - [15/Jan/2021:10:23:18 +0800] "POST /xingrg/kc/buy/cgsh_order_operate.html HTTP/1.1" 200 37
218.81.216.242 - - [15/Jan/2021:10:23:21 +0800] "GET /xingrg/all/function/internal_message.html?_=1610677431912&CODE_STATE=getMsg HTTP/1.1" 200 27
117.185.32.26 - - [15/Jan/2021:10:23:21 +0800] "POST /xingrg/kc/buy/cgsh_order_operate.html HTTP/1.1" 200 37
61.165.42.208 - - [15/Jan/2021:10:23:22 +0800] "GET /xingrg/all/function/internal_message.html?_=1610677404776&CODE_STATE=getMsg HTTP/1.1" 200 27
180.175.150.119 - - [15/Jan/2021:10:23:23 +0800] "POST /xingrg/kc/buy/cgsh_order_operate.html HTTP/1.1" 200 12
117.185.32.26 - - [15/Jan/2021:10:23:24 +0800] "POST /xingrg/kc/buy/cgsh_order_operate.html HTTP/1.1" 200 12
117.185.32.26 - - [15/Jan/2021:10:23:25 +0800] "GET /xingrg/kc/buy/cgsh_order_info.html?code=212021011506374 HTTP/1.1" 200 56800
180.175.150.119 - - [15/Jan/2021:10:23:25 +0800] "GET /xingrg/kc/buy/cgsh_order_info.html?code=212021011506373 HTTP/1.1" 200 56743
180.175.150.119 - - [15/Jan/2021:10:23:25 +0800] "GET /xingrg/all/function/internal_message.html?_=1610677403640&CODE_STATE=getMsg HTTP/1.1" 200 27
117.185.32.26 - - [15/Jan/2021:10:23:25 +0800] "GET /xingrg/javascript/easyui/themes/default/validatebox.css HTTP/1.1" 404 1104
117.185.32.26 - - [15/Jan/2021:10:23:26 +0800] "POST /xingrg/kc/buy/cgsh_order_operate.html HTTP/1.1" 200 1797
180.169.147.146 - - [15/Jan/2021:10:23:26 +0800] "GET /xingrg/all/function/internal_message.html?_=1610677403946&CODE_STATE=getMsg HTTP/1.1" 200 27
180.175.150.119 - - [15/Jan/2021:10:23:26 +0800] "GET /xingrg/javascript/easyui/themes/default/validatebox.css HTTP/1.1" 404 1104
180.175.150.119 - - [15/Jan/2021:10:23:26 +0800] "POST /xingrg/kc/buy/cgsh_order_operate.html HTTP/1.1" 200 1191
180.169.147.146 - - [15/Jan/2021:10:23:27 +0800] "GET /xingrg/all/function/internal_message.html?_=1610677403030&CODE_STATE=getMsg HTTP/1.1" 200 27
117.185.32.26 - - [15/Jan/2021:10:23:27 +0800] "GET /xingrg/kc/print/load_data.html?order_code=212021011506374&kc_code=cgsh&condition= HTTP/1.1" 200 1232
180.175.150.119 - - [15/Jan/2021:10:23:29 +0800] "GET /xingrg/kc/print/load_data.html?order_code=212021011506373&kc_code=cgsh&condition= HTTP/1.1" 200 897
61.165.42.208 - - [15/Jan/2021:10:23:29 +0800] "GET /xingrg/all/function/internal_message.html?_=1610677409995&CODE_STATE=getMsg HTTP/1.1" 200 27
117.185.32.26 - - [15/Jan/2021:10:23:33 +0800] "GET /xingrg/kc/print/load_data.html?order_code=212021011506374&kc_code=cgsh HTTP/1.1" 200 1232
180.175.150.119 - - [15/Jan/2021:10:23:34 +0800] "GET /xingrg/kc/buy/cgsh_order_add.html HTTP/1.1" 200 61845
180.175.150.119 - - [15/Jan/2021:10:23:36 +0800] "POST /xingrg/kc/buy/cgsh_order_operate.html HTTP/1.1" 200 8245
116.233.74.9 - - [15/Jan/2021:10:23:36 +0800] "GET /xingrg/all/function/internal_message.html?_=1610677413288&CODE_STATE=getMsg HTTP/1.1" 200 27
180.175.150.119 - - [15/Jan/2021:10:23:36 +0800] "GET /xingrg/javascript/easyui/themes/default/validatebox.css HTTP/1.1" 404 1104
180.175.150.119 - - [15/Jan/2021:10:23:36 +0800] "GET /xingrg/javascript/easyui/themes/default/tree.css HTTP/1.1" 404 1090
180.175.150.119 - - [15/Jan/2021:10:23:36 +0800] "POST /xingrg/all/common/load_tree.html?tree=supplier_tree_json&isDelete=1 HTTP/1.1" 200 54424
180.169.147.146 - - [15/Jan/2021:10:23:38 +0800] "GET /xingrg/system/supplier/kcSupplier.html?isKc=1 HTTP/1.1" 200 10949
180.169.147.146 - - [15/Jan/2021:10:23:38 +0800] "POST /xingrg/all/common/load_tree.html?tree=area_tree_json HTTP/1.1" 200 206
180.169.147.146 - - [15/Jan/2021:10:23:38 +0800] "POST /xingrg/all/common/load_tree.html?tree=supplier_sort_tree_json HTTP/1.1" 200 2512
180.169.147.146 - - [15/Jan/2021:10:23:38 +0800] "POST /xingrg/all/common/load_tree.html?tree=area_tree_json HTTP/1.1" 200 206
180.169.147.146 - - [15/Jan/2021:10:23:38 +0800] "POST /xingrg/all/common/load_tree.html?tree=supplier_sort_tree_json HTTP/1.1" 200 2512
58.221.95.50 - - [15/Jan/2021:10:23:39 +0800] "GET /xingrg/check_reg.html?_=1610677416498 HTTP/1.1" 302 -
180.169.147.146 - - [15/Jan/2021:10:23:41 +0800] "POST /xingrg/system/supplier/kc_supplier_operate.html HTTP/1.1" 200 1399
172.20.0.100 - - [15/Jan/2021:10:23:41 +0800] "GET /xingrg/all/function/internal_message.html?_=1610677417736&CODE_STATE=getMsg HTTP/1.1" 302 -
58.40.7.146 - - [15/Jan/2021:10:23:47 +0800] "GET /xingrg/all/function/internal_message.html?_=1610677424404&CODE_STATE=getMsg HTTP/1.1" 200 27
222.70.179.222 - - [15/Jan/2021:10:23:50 +0800] "GET /xingrg/all/function/internal_message.html?_=1610677425069&CODE_STATE=getMsg HTTP/1.1" 200 27
180.169.147.146 - - [15/Jan/2021:10:23:51 +0800] "GET /xingrg/system/supplier/kcSupplier_info.html?code=00446&type=sort&id=00122 HTTP/1.1" 200 27556
180.169.147.146 - - [15/Jan/2021:10:23:51 +0800] "GET /xingrg/dwr/engine.js HTTP/1.1" 200 43631
117.185.32.26 - - [15/Jan/2021:10:23:51 +0800] "GET /xingrg/all/function/internal_message.html?_=1610677426871&CODE_STATE=getMsg HTTP/1.1" 200 27
180.169.147.146 - - [15/Jan/2021:10:23:51 +0800] "GET /xingrg/javascript/uploader/loading.gif HTTP/1.1" 200 4204
180.169.147.146 - - [15/Jan/2021:10:23:51 +0800] "POST /xingrg/all/common/load_tree.html?tree=area_tree_json HTTP/1.1" 200 206
180.175.150.119 - - [15/Jan/2021:10:23:52 +0800] "GET /xingrg/kc/buy/cgsh_order_operate.html?command=get_materiel&rest_code=00102&code=00101009045&supplier_code=00100424&order_time=2021-01-15 HTTP/1.1" 200 412
180.169.147.146 - - [15/Jan/2021:10:23:52 +0800] "POST /xingrg/all/common/load_tree.html?tree=area_tree_json HTTP/1.1" 200 206
180.169.147.146 - - [15/Jan/2021:10:23:52 +0800] "POST /xingrg/all/common/load_tree.html?tree=area_rest_tree_json HTTP/1.1" 200 3344
180.169.147.146 - - [15/Jan/2021:10:23:52 +0800] "GET /favicon.ico HTTP/1.1" 404 -
180.169.147.146 - - [15/Jan/2021:10:23:52 +0800] "POST /xingrg/dwr/call/plaincall/AjaxKcSupplierService.modifyKcSupplier.dwr HTTP/1.1" 200 904
180.169.147.146 - - [15/Jan/2021:10:23:52 +0800] "POST /xingrg/dwr/call/plaincall/AjaxGetFirstChart.getFirstChart.dwr HTTP/1.1" 200 88
180.169.147.146 - - [15/Jan/2021:10:23:52 +0800] "POST /xingrg/all/common/load_tree.html?tree=area_tree_json HTTP/1.1" 200 206
180.169.147.146 - - [15/Jan/2021:10:23:52 +0800] "POST /xingrg/all/common/load_tree.html?tree=area_rest_tree_json&defaultRests= HTTP/1.1" 200 3344
180.169.147.146 - - [15/Jan/2021:10:23:52 +0800] "POST /xingrg/all/common/load_tree.html?tree=area_rest_tree_json&areaId=1&defaultRests= HTTP/1.1" 200 3344
180.175.150.119 - - [15/Jan/2021:10:23:54 +0800] "GET /xingrg/all/function/internal_message.html?_=1610677672200&CODE_STATE=getMsg HTTP/1.1" 200 27
61.165.42.208 - - [15/Jan/2021:10:23:55 +0800] "GET /xingrg/all/function/internal_message.html?_=1610677415433&CODE_STATE=getMsg HTTP/1.1" 200 27
222.69.133.109 - - [15/Jan/2021:10:23:56 +0800] "GET /xingrg/all/function/internal_message.html?_=1610677434659&CODE_STATE=getMsg HTTP/1.1" 200 27
222.69.133.109 - - [15/Jan/2021:10:23:56 +0800] "GET /xingrg/check_reg.html?_=1610677434662 HTTP/1.1" 200 22
222.69.129.20 - - [15/Jan/2021:10:23:56 +0800] "GET /xingrg/all/function/internal_message.html?_=1610677428635&CODE_STATE=getMsg HTTP/1.1" 200 27
218.81.216.242 - - [15/Jan/2021:10:23:58 +0800] "POST /xingrg/services/DataTransmitService HTTP/1.1" 200 524
218.81.216.242 - - [15/Jan/2021:10:23:58 +0800] "POST /xingrg/services/DataTransmitService HTTP/1.1" 200 1955
218.81.216.242 - - [15/Jan/2021:10:23:59 +0800] "POST /xingrg/services/DataTransmitService HTTP/1.1" 200 171232
180.175.150.119 - - [15/Jan/2021:10:24:02 +0800] "GET /xingrg/kc/buy/cgsh_order_operate.html?command=get_materiel&rest_code=00102&code=00101009013&supplier_code=00100424&order_time=2021-01-15 HTTP/1.1" 200 420
180.169.147.146 - - [15/Jan/2021:10:24:05 +0800] "GET /xingrg/all/function/internal_message.html?_=1610677441830&CODE_STATE=getMsg HTTP/1.1" 200 27
120.253.135.82 - - [15/Jan/2021:10:24:05 +0800] "GET /xingrg/all/function/internal_message.html?_=1610677551599&CODE_STATE=getMsg HTTP/1.1" 200 27
120.253.135.82 - - [15/Jan/2021:10:24:06 +0800] "GET /xingrg/all/function/internal_message.html?_=1610677203373&CODE_STATE=getMsg HTTP/1.1" 200 27
180.156.237.57 - - [15/Jan/2021:10:24:08 +0800] "GET /xingrg/all/function/internal_message.html?_=1610677431824&CODE_STATE=getMsg HTTP/1.1" 200 27
180.169.147.146 - - [15/Jan/2021:10:24:10 +0800] "GET /xingrg/all/function/internal_message.html?_=1610677451645&CODE_STATE=getMsg HTTP/1.1" 200 27
180.156.237.57 - - [15/Jan/2021:10:24:13 +0800] "GET /xingrg/kc/buy/cgsh_order_operate.html?command=get_materiel&rest_code=00151&code=00102016523&supplier_code=00100446&order_time=2021-01-15 HTTP/1.1" 200 412
117.185.32.26 - - [15/Jan/2021:10:24:14 +0800] "GET /xingrg/kc/buy/cgsh_order_add.html HTTP/1.1" 200 61892
117.185.32.26 - - [15/Jan/2021:10:24:14 +0800] "GET /xingrg/javascript/easyui/themes/default/validatebox.css HTTP/1.1" 404 1104
117.185.32.26 - - [15/Jan/2021:10:24:14 +0800] "POST /xingrg/kc/buy/cgsh_order_operate.html HTTP/1.1" 200 8245
116.228.172.94 - - [15/Jan/2021:10:24:14 +0800] "GET /xingrg/check_reg.html?_=1610677444387 HTTP/1.1" 200 22
117.185.32.26 - - [15/Jan/2021:10:24:16 +0800] "GET /xingrg/javascript/easyui/themes/default/tree.css HTTP/1.1" 404 1090
117.185.32.26 - - [15/Jan/2021:10:24:17 +0800] "POST /xingrg/all/common/load_tree.html?tree=supplier_tree_json&isDelete=1 HTTP/1.1" 200 54424
116.228.172.94 - - [15/Jan/2021:10:24:17 +0800] "GET /xingrg/all/function/internal_message.html?_=1610677446950&CODE_STATE=getMsg HTTP/1.1" 200 27
180.169.147.146 - - [15/Jan/2021:10:24:17 +0800] "POST /xingrg/dwr/call/plaincall/AjaxGetFirstChart.getFirstChart.dwr HTTP/1.1" 200 88
180.175.150.119 - - [15/Jan/2021:10:24:17 +0800] "GET /xingrg/kc/buy/cgsh_order_operate.html?command=get_materiel&rest_code=00102&code=00101009062&supplier_code=00100424&order_time=2021-01-15 HTTP/1.1" 200 412
180.169.147.146 - - [15/Jan/2021:10:24:19 +0800] "POST /xingrg/dwr/call/plaincall/AjaxKcSupplierService.modifyKcSupplier.dwr HTTP/1.1" 200 76
180.169.147.146 - - [15/Jan/2021:10:24:19 +0800] "POST /xingrg/system/supplier/kc_supplier_operate.html HTTP/1.1" 200 1399
218.81.216.242 - - [15/Jan/2021:10:24:21 +0800] "GET /xingrg/all/function/internal_message.html?_=1610677491916&CODE_STATE=getMsg HTTP/1.1" 200 27
61.165.42.208 - - [15/Jan/2021:10:24:22 +0800] "GET /xingrg/all/function/internal_message.html?_=1610677464778&CODE_STATE=getMsg HTTP/1.1" 200 27
180.175.150.119 - - [15/Jan/2021:10:24:24 +0800] "GET /xingrg/kc/mdqp/pssh_order_list.html HTTP/1.1" 200 17891
180.175.150.119 - - [15/Jan/2021:10:24:24 +0800] "POST /xingrg/kc/mdqp/pssh_list_operate.html HTTP/1.1" 200 8672
180.175.150.119 - - [15/Jan/2021:10:24:25 +0800] "GET /xingrg/all/function/internal_message.html?_=1610677463654&CODE_STATE=getMsg HTTP/1.1" 200 27
180.169.147.146 - - [15/Jan/2021:10:24:26 +0800] "GET /xingrg/all/function/internal_message.html?_=1610677463945&CODE_STATE=getMsg HTTP/1.1" 200 27
180.169.147.146 - - [15/Jan/2021:10:24:27 +0800] "GET /xingrg/all/function/internal_message.html?_=1610677463035&CODE_STATE=getMsg HTTP/1.1" 200 27
180.175.150.119 - - [15/Jan/2021:10:24:29 +0800] "POST /xingrg/kc/buy/cgsh_order_operate.html HTTP/1.1" 200 37
61.165.42.208 - - [15/Jan/2021:10:24:29 +0800] "GET /xingrg/all/function/internal_message.html?_=1610677469972&CODE_STATE=getMsg HTTP/1.1" 200 27
117.185.32.26 - - [15/Jan/2021:10:24:29 +0800] "GET /xingrg/kc/buy/cgsh_order_operate.html?command=get_materiel&rest_code=00106&code=00101006113&supplier_code=00100015&order_time=2021-01-15 HTTP/1.1" 200 413
180.175.150.119 - - [15/Jan/2021:10:24:31 +0800] "POST /xingrg/kc/buy/cgsh_order_operate.html HTTP/1.1" 200 12
116.233.74.9 - - [15/Jan/2021:10:24:36 +0800] "GET /xingrg/all/function/internal_message.html?_=1610677473286&CODE_STATE=getMsg HTTP/1.1" 200 27
117.185.32.26 - - [15/Jan/2021:10:24:38 +0800] "GET /xingrg/kc/buy/cgsh_order_operate.html?command=get_materiel&rest_code=00106&code=00101006195&supplier_code=00100015&order_time=2021-01-15 HTTP/1.1" 200 411
120.253.135.82 - - [15/Jan/2021:10:24:41 +0800] "GET /xingrg/check_reg.html?_=1610677587550 HTTP/1.1" 200 22
172.20.0.100 - - [15/Jan/2021:10:24:41 +0800] "GET /xingrg/all/function/internal_message.html?_=1610677477739&CODE_STATE=getMsg HTTP/1.1" 302 -
58.40.7.146 - - [15/Jan/2021:10:24:47 +0800] "GET /xingrg/all/function/internal_message.html?_=1610677484391&CODE_STATE=getMsg HTTP/1.1" 200 27
222.70.179.222 - - [15/Jan/2021:10:24:50 +0800] "GET /xingrg/all/function/internal_message.html?_=1610677485078&CODE_STATE=getMsg HTTP/1.1" 200 27
180.175.150.119 - - [15/Jan/2021:10:24:51 +0800] "GET /xingrg/kc/buy/cgsh_order_info.html?code=212021011506375 HTTP/1.1" 200 56745
117.185.32.26 - - [15/Jan/2021:10:24:51 +0800] "GET /xingrg/all/function/internal_message.html?_=1610677486869&CODE_STATE=getMsg HTTP/1.1" 200 27
180.175.150.119 - - [15/Jan/2021:10:24:52 +0800] "GET /xingrg/javascript/easyui/themes/default/validatebox.css HTTP/1.1" 404 1104
180.175.150.119 - - [15/Jan/2021:10:24:52 +0800] "POST /xingrg/kc/buy/cgsh_order_operate.html HTTP/1.1" 200 1796
180.175.150.119 - - [15/Jan/2021:10:24:54 +0800] "GET /xingrg/all/function/internal_message.html?_=1610677732213&CODE_STATE=getMsg HTTP/1.1" 200 27
180.175.150.119 - - [15/Jan/2021:10:24:55 +0800] "GET /xingrg/kc/print/load_data.html?order_code=212021011506375&kc_code=cgsh&condition= HTTP/1.1" 200 1142
61.165.42.208 - - [15/Jan/2021:10:24:55 +0800] "GET /xingrg/all/function/internal_message.html?_=1610677475432&CODE_STATE=getMsg HTTP/1.1" 200 27
222.69.133.109 - - [15/Jan/2021:10:24:56 +0800] "GET /xingrg/all/function/internal_message.html?_=1610677494663&CODE_STATE=getMsg HTTP/1.1" 200 27
222.69.129.20 - - [15/Jan/2021:10:24:56 +0800] "GET /xingrg/check_reg.html?_=1610677488644 HTTP/1.1" 200 22
222.69.129.20 - - [15/Jan/2021:10:24:56 +0800] "GET /xingrg/all/function/internal_message.html?_=1610677488647&CODE_STATE=getMsg HTTP/1.1" 200 27
180.175.150.119 - - [15/Jan/2021:10:25:01 +0800] "POST /xingrg/kc/mdqp/pssh_list_operate.html HTTP/1.1" 200 394
180.169.147.146 - - [15/Jan/2021:10:25:05 +0800] "GET /xingrg/all/function/internal_message.html?_=1610677501838&CODE_STATE=getMsg HTTP/1.1" 200 27
120.253.135.82 - - [15/Jan/2021:10:25:05 +0800] "GET /xingrg/all/function/internal_message.html?_=1610677611614&CODE_STATE=getMsg HTTP/1.1" 200 27
120.253.135.82 - - [15/Jan/2021:10:25:06 +0800] "GET /xingrg/all/function/internal_message.html?_=1610677263467&CODE_STATE=getMsg HTTP/1.1" 200 27
116.228.172.94 - - [15/Jan/2021:10:25:07 +0800] "POST /xingrg/kc/buy/cgsh_list_operate.html HTTP/1.1" 200 3091
116.228.172.94 - - [15/Jan/2021:10:25:08 +0800] "POST /xingrg/kc/buy/cgsh_list_operate.html HTTP/1.1" 200 415
180.156.237.57 - - [15/Jan/2021:10:25:08 +0800] "GET /xingrg/check_reg.html?_=1610677491656 HTTP/1.1" 200 22
180.156.237.57 - - [15/Jan/2021:10:25:08 +0800] "GET /xingrg/all/function/internal_message.html?_=1610677491838&CODE_STATE=getMsg HTTP/1.1" 200 27
116.228.172.94 - - [15/Jan/2021:10:25:10 +0800] "GET /xingrg/kc/buy/cgsh_order_info.html?code=212021011506368 HTTP/1.1" 200 61981
116.228.172.94 - - [15/Jan/2021:10:25:10 +0800] "GET /xingrg/words/20210115102140_words.js HTTP/1.1" 304 -
180.169.147.146 - - [15/Jan/2021:10:25:10 +0800] "GET /xingrg/all/function/internal_message.html?_=1610677511652&CODE_STATE=getMsg HTTP/1.1" 200 27
116.228.172.94 - - [15/Jan/2021:10:25:10 +0800] "GET /xingrg/javascript/easyui/themes/default/validatebox.css HTTP/1.1" 404 1104
116.228.172.94 - - [15/Jan/2021:10:25:11 +0800] "POST /xingrg/kc/buy/cgsh_order_operate.html HTTP/1.1" 200 4417
116.228.172.94 - - [15/Jan/2021:10:25:17 +0800] "GET /xingrg/all/function/internal_message.html?_=1610677507244&CODE_STATE=getMsg HTTP/1.1" 200 27
218.81.216.242 - - [15/Jan/2021:10:25:21 +0800] "GET /xingrg/all/function/internal_message.html?_=1610677552110&CODE_STATE=getMsg HTTP/1.1" 200 27
61.165.42.208 - - [15/Jan/2021:10:25:22 +0800] "GET /xingrg/all/function/internal_message.html?_=1610677524767&CODE_STATE=getMsg HTTP/1.1" 200 27
180.175.150.119 - - [15/Jan/2021:10:25:25 +0800] "GET /xingrg/all/function/internal_message.html?_=1610677523667&CODE_STATE=getMsg HTTP/1.1" 200 27
180.169.147.146 - - [15/Jan/2021:10:25:26 +0800] "GET /xingrg/all/function/internal_message.html?_=1610677523944&CODE_STATE=getMsg HTTP/1.1" 200 27
180.169.147.146 - - [15/Jan/2021:10:25:27 +0800] "GET /xingrg/check_reg.html?_=1610677523039 HTTP/1.1" 200 22
180.169.147.146 - - [15/Jan/2021:10:25:27 +0800] "GET /xingrg/all/function/internal_message.html?_=1610677523041&CODE_STATE=getMsg HTTP/1.1" 200 27
117.185.32.26 - - [15/Jan/2021:10:25:28 +0800] "GET /xingrg/kc/buy/cgsh_order_operate.html?command=get_materiel&rest_code=00106&code=00101006109&supplier_code=00100015&order_time=2021-01-15 HTTP/1.1" 200 409
61.165.42.208 - - [15/Jan/2021:10:25:29 +0800] "GET /xingrg/all/function/internal_message.html?_=1610677529950&CODE_STATE=getMsg HTTP/1.1" 200 27
222.69.129.20 - - [15/Jan/2021:10:25:35 +0800] "POST /xingrg/kc/buy/cgsh_list_operate.html HTTP/1.1" 200 5833
116.233.74.9 - - [15/Jan/2021:10:25:36 +0800] "GET /xingrg/all/function/internal_message.html?_=1610677533310&CODE_STATE=getMsg HTTP/1.1" 200 27
117.185.32.26 - - [15/Jan/2021:10:25:39 +0800] "GET /xingrg/check_reg.html?_=1610677534387 HTTP/1.1" 200 22
117.185.32.26 - - [15/Jan/2021:10:25:40 +0800] "GET /xingrg/kc/buy/cgsh_order_operate.html?command=get_materiel&rest_code=00106&code=00101006129&supplier_code=00100015&order_time=2021-01-15 HTTP/1.1" 200 453
172.20.0.100 - - [15/Jan/2021:10:25:41 +0800] "GET /xingrg/all/function/internal_message.html?_=1610677537749&CODE_STATE=getMsg HTTP/1.1" 302 -
180.156.237.57 - - [15/Jan/2021:10:25:44 +0800] "POST /xingrg/kc/buy/cgsh_order_operate.html HTTP/1.1" 200 37
180.156.237.57 - - [15/Jan/2021:10:25:45 +0800] "POST /xingrg/kc/buy/cgsh_order_operate.html HTTP/1.1" 200 3273
58.40.7.146 - - [15/Jan/2021:10:25:47 +0800] "GET /xingrg/all/function/internal_message.html?_=1610677544395&CODE_STATE=getMsg HTTP/1.1" 200 27
58.40.7.146 - - [15/Jan/2021:10:25:47 +0800] "GET /xingrg/check_reg.html?_=1610677544399 HTTP/1.1" 200 22
222.70.179.222 - - [15/Jan/2021:10:25:47 +0800] "GET /xingrg/check_reg.html?_=1610677542127 HTTP/1.1" 200 22
116.228.172.94 - - [15/Jan/2021:10:25:49 +0800] "POST /xingrg/kc/buy/cgsh_list_operate.html HTTP/1.1" 200 3091
117.185.32.26 - - [15/Jan/2021:10:25:50 +0800] "GET /xingrg/kc/buy/cgsh_order_operate.html?command=get_materiel&rest_code=00106&code=00101006177&supplier_code=00100015&order_time=2021-01-15 HTTP/1.1" 200 411
222.70.179.222 - - [15/Jan/2021:10:25:50 +0800] "GET /xingrg/all/function/internal_message.html?_=1610677545092&CODE_STATE=getMsg HTTP/1.1" 200 27
116.228.172.94 - - [15/Jan/2021:10:25:51 +0800] "POST /xingrg/kc/buy/cgsh_list_operate.html HTTP/1.1" 200 564
117.185.32.26 - - [15/Jan/2021:10:25:51 +0800] "GET /xingrg/all/function/internal_message.html?_=1610677546829&CODE_STATE=getMsg HTTP/1.1" 200 27
180.175.150.119 - - [15/Jan/2021:10:25:54 +0800] "GET /xingrg/all/function/internal_message.html?_=1610677792227&CODE_STATE=getMsg HTTP/1.1" 200 27
116.228.172.94 - - [15/Jan/2021:10:25:54 +0800] "GET /xingrg/kc/buy/cgsh_order_info.html?code=212021011506364 HTTP/1.1" 200 61983
116.228.172.94 - - [15/Jan/2021:10:25:54 +0800] "GET /xingrg/words/20210115102140_words.js HTTP/1.1" 304 -
116.228.172.94 - - [15/Jan/2021:10:25:55 +0800] "GET /xingrg/javascript/easyui/themes/default/validatebox.css HTTP/1.1" 404 1104
116.228.172.94 - - [15/Jan/2021:10:25:55 +0800] "POST /xingrg/kc/buy/cgsh_order_operate.html HTTP/1.1" 200 48767
61.165.42.208 - - [15/Jan/2021:10:25:55 +0800] "GET /xingrg/all/function/internal_message.html?_=1610677535430&CODE_STATE=getMsg HTTP/1.1" 200 27
222.69.133.109 - - [15/Jan/2021:10:25:56 +0800] "GET /xingrg/all/function/internal_message.html?_=1610677554663&CODE_STATE=getMsg HTTP/1.1" 200 27
222.69.129.20 - - [15/Jan/2021:10:25:56 +0800] "GET /xingrg/all/function/internal_message.html?_=1610677548640&CODE_STATE=getMsg HTTP/1.1" 200 27
117.185.32.26 - - [15/Jan/2021:10:26:01 +0800] "GET /xingrg/kc/buy/cgsh_order_operate.html?command=get_materiel&rest_code=00106&code=00101006111&supplier_code=00100015&order_time=2021-01-15 HTTP/1.1" 200 409
180.169.147.146 - - [15/Jan/2021:10:26:05 +0800] "GET /xingrg/all/function/internal_message.html?_=1610677561827&CODE_STATE=getMsg HTTP/1.1" 200 27
120.253.135.82 - - [15/Jan/2021:10:26:05 +0800] "GET /xingrg/all/function/internal_message.html?_=1610677671627&CODE_STATE=getMsg HTTP/1.1" 200 27
120.253.135.82 - - [15/Jan/2021:10:26:06 +0800] "GET /xingrg/all/function/internal_message.html?_=1610677323477&CODE_STATE=getMsg HTTP/1.1" 200 27
117.185.32.26 - - [15/Jan/2021:10:26:08 +0800] "GET /xingrg/kc/buy/cgsh_order_operate.html?command=get_materiel&rest_code=00106&code=00101006130&supplier_code=00100015&order_time=2021-01-15 HTTP/1.1" 200 429
180.156.237.57 - - [15/Jan/2021:10:26:08 +0800] "GET /xingrg/all/function/internal_message.html?_=1610677551886&CODE_STATE=getMsg HTTP/1.1" 200 27
180.169.147.146 - - [15/Jan/2021:10:26:10 +0800] "GET /xingrg/check_reg.html?_=1610677571658 HTTP/1.1" 200 22
180.169.147.146 - - [15/Jan/2021:10:26:10 +0800] "GET /xingrg/all/function/internal_message.html?_=1610677571655&CODE_STATE=getMsg HTTP/1.1" 200 27
180.175.150.119 - - [15/Jan/2021:10:26:14 +0800] "POST /xingrg/kc/buy/cgsh_list_operate.html HTTP/1.1" 200 5698
218.81.216.242 - - [15/Jan/2021:10:26:16 +0800] "GET /xingrg/check_reg.html?_=1610677606951 HTTP/1.1" 200 22
116.228.172.94 - - [15/Jan/2021:10:26:17 +0800] "GET /xingrg/all/function/internal_message.html?_=1610677567231&CODE_STATE=getMsg HTTP/1.1" 200 27
218.81.216.242 - - [15/Jan/2021:10:26:21 +0800] "GET /xingrg/all/function/internal_message.html?_=1610677612115&CODE_STATE=getMsg HTTP/1.1" 200 27
61.165.42.208 - - [15/Jan/2021:10:26:22 +0800] "GET /xingrg/all/function/internal_message.html?_=1610677584768&CODE_STATE=getMsg HTTP/1.1" 200 27
61.165.42.208 - - [15/Jan/2021:10:26:22 +0800] "GET /xingrg/check_reg.html?_=1610677584770 HTTP/1.1" 200 22
180.175.150.119 - - [15/Jan/2021:10:26:25 +0800] "GET /xingrg/check_reg.html?_=1610677583422 HTTP/1.1" 200 22
180.175.150.119 - - [15/Jan/2021:10:26:25 +0800] "GET /xingrg/all/function/internal_message.html?_=1610677583681&CODE_STATE=getMsg HTTP/1.1" 200 27
117.185.32.26 - - [15/Jan/2021:10:26:26 +0800] "POST /xingrg/kc/buy/cgsh_order_operate.html HTTP/1.1" 200 37
180.169.147.146 - - [15/Jan/2021:10:26:27 +0800] "GET /xingrg/all/function/internal_message.html?_=1610677583027&CODE_STATE=getMsg HTTP/1.1" 200 27
117.185.32.26 - - [15/Jan/2021:10:26:28 +0800] "POST /xingrg/kc/buy/cgsh_order_operate.html HTTP/1.1" 200 12
117.185.32.26 - - [15/Jan/2021:10:26:29 +0800] "GET /xingrg/kc/buy/cgsh_order_info.html?code=212021011506377 HTTP/1.1" 200 56796
61.165.42.208 - - [15/Jan/2021:10:26:29 +0800] "GET /xingrg/all/function/internal_message.html?_=1610677589931&CODE_STATE=getMsg HTTP/1.1" 200 27
117.185.32.26 - - [15/Jan/2021:10:26:29 +0800] "GET /xingrg/javascript/easyui/themes/default/validatebox.css HTTP/1.1" 404 1104
117.185.32.26 - - [15/Jan/2021:10:26:30 +0800] "POST /xingrg/kc/buy/cgsh_order_operate.html HTTP/1.1" 200 4184
61.165.42.208 - - [15/Jan/2021:10:26:30 +0800] "GET /xingrg/check_reg.html?_=1610677591092 HTTP/1.1" 200 22
117.185.32.26 - - [15/Jan/2021:10:26:31 +0800] "GET /xingrg/kc/print/load_data.html?order_code=212021011506377&kc_code=cgsh&condition= HTTP/1.1" 200 2179
116.233.74.9 - - [15/Jan/2021:10:26:36 +0800] "GET /xingrg/check_reg.html?_=1610677593277 HTTP/1.1" 200 22
116.233.74.9 - - [15/Jan/2021:10:26:36 +0800] "GET /xingrg/all/function/internal_message.html?_=1610677593277&CODE_STATE=getMsg HTTP/1.1" 200 27
117.185.32.26 - - [15/Jan/2021:10:26:37 +0800] "GET /xingrg/kc/print/load_data.html?order_code=212021011506377&kc_code=cgsh HTTP/1.1" 200 2179
180.156.237.57 - - [15/Jan/2021:10:26:41 +0800] "POST /xingrg/kc/buy/cgsh_order_operate.html HTTP/1.1" 200 37
172.20.0.100 - - [15/Jan/2021:10:26:41 +0800] "GET /xingrg/all/function/internal_message.html?_=1610677597738&CODE_STATE=getMsg HTTP/1.1" 302 -
180.156.237.57 - - [15/Jan/2021:10:26:42 +0800] "POST /xingrg/kc/buy/cgsh_order_operate.html HTTP/1.1" 200 3273
180.169.147.146 - - [15/Jan/2021:10:26:43 +0800] "POST /xingrg/kc/buy/cgsh_list_operate.html HTTP/1.1" 200 4
180.169.147.146 - - [15/Jan/2021:10:26:46 +0800] "POST /xingrg/kc/buy/cgsh_list_operate.html HTTP/1.1" 200 5147
58.40.7.146 - - [15/Jan/2021:10:26:47 +0800] "GET /xingrg/all/function/internal_message.html?_=1610677604400&CODE_STATE=getMsg HTTP/1.1" 200 27
222.70.179.222 - - [15/Jan/2021:10:26:50 +0800] "GET /xingrg/all/function/internal_message.html?_=1610677605104&CODE_STATE=getMsg HTTP/1.1" 200 27
117.185.32.26 - - [15/Jan/2021:10:26:51 +0800] "GET /xingrg/all/function/internal_message.html?_=1610677606806&CODE_STATE=getMsg HTTP/1.1" 200 27
180.175.150.119 - - [15/Jan/2021:10:26:54 +0800] "GET /xingrg/all/function/internal_message.html?_=1610677852241&CODE_STATE=getMsg HTTP/1.1" 200 27
61.165.42.208 - - [15/Jan/2021:10:26:55 +0800] "GET /xingrg/all/function/internal_message.html?_=1610677595429&CODE_STATE=getMsg HTTP/1.1" 200 27
222.69.133.109 - - [15/Jan/2021:10:26:56 +0800] "GET /xingrg/all/function/internal_message.html?_=1610677614662&CODE_STATE=getMsg HTTP/1.1" 200 27
222.69.129.20 - - [15/Jan/2021:10:26:56 +0800] "GET /xingrg/all/function/internal_message.html?_=1610677608639&CODE_STATE=getMsg HTTP/1.1" 200 27
120.253.135.82 - - [15/Jan/2021:10:27:03 +0800] "GET /xingrg/check_reg.html?_=1610677380528 HTTP/1.1" 200 22
180.169.147.146 - - [15/Jan/2021:10:27:05 +0800] "GET /xingrg/all/function/internal_message.html?_=1610677621830&CODE_STATE=getMsg HTTP/1.1" 200 27
120.253.135.82 - - [15/Jan/2021:10:27:05 +0800] "GET /xingrg/all/function/internal_message.html?_=1610677731656&CODE_STATE=getMsg HTTP/1.1" 200 27
120.253.135.82 - - [15/Jan/2021:10:27:06 +0800] "GET /xingrg/all/function/internal_message.html?_=1610677383491&CODE_STATE=getMsg HTTP/1.1" 200 27
180.156.237.57 - - [15/Jan/2021:10:27:08 +0800] "GET /xingrg/all/function/internal_message.html?_=1610677628093&CODE_STATE=getMsg HTTP/1.1" 200 27
180.156.237.57 - - [15/Jan/2021:10:27:08 +0800] "GET /xingrg/all/function/internal_message.html?_=1610677611896&CODE_STATE=getMsg HTTP/1.1" 200 27
117.185.32.26 - - [15/Jan/2021:10:27:10 +0800] "GET /xingrg/kc/buy/cgsh_order_add.html HTTP/1.1" 200 61892
180.169.147.146 - - [15/Jan/2021:10:27:10 +0800] "GET /xingrg/all/function/internal_message.html?_=1610677631659&CODE_STATE=getMsg HTTP/1.1" 200 27
117.185.32.26 - - [15/Jan/2021:10:27:11 +0800] "GET /xingrg/javascript/easyui/themes/default/validatebox.css HTTP/1.1" 404 1104
117.185.32.26 - - [15/Jan/2021:10:27:11 +0800] "POST /xingrg/kc/buy/cgsh_order_operate.html HTTP/1.1" 200 8245
180.169.147.146 - - [15/Jan/2021:10:27:11 +0800] "POST /xingrg/kc/buy/cgsh_list_operate.html HTTP/1.1" 200 4
117.185.32.26 - - [15/Jan/2021:10:27:12 +0800] "GET /xingrg/javascript/easyui/themes/default/tree.css HTTP/1.1" 404 1090
117.185.32.26 - - [15/Jan/2021:10:27:13 +0800] "POST /xingrg/all/common/load_tree.html?tree=supplier_tree_json&isDelete=1 HTTP/1.1" 200 54424
180.169.147.146 - - [15/Jan/2021:10:27:14 +0800] "POST /xingrg/kc/buy/cgsh_list_operate.html HTTP/1.1" 200 3879
116.228.172.94 - - [15/Jan/2021:10:27:17 +0800] "GET /xingrg/all/function/internal_message.html?_=1610677627211&CODE_STATE=getMsg HTTP/1.1" 200 27
180.156.237.57 - - [15/Jan/2021:10:27:19 +0800] "POST /xingrg/kc/buy/cgsh_list_operate.html HTTP/1.1" 200 1725
218.81.216.242 - - [15/Jan/2021:10:27:21 +0800] "GET /xingrg/all/function/internal_message.html?_=1610677672129&CODE_STATE=getMsg HTTP/1.1" 200 27
61.165.42.208 - - [15/Jan/2021:10:27:22 +0800] "GET /xingrg/all/function/internal_message.html?_=1610677644795&CODE_STATE=getMsg HTTP/1.1" 200 27
180.175.150.119 - - [15/Jan/2021:10:27:25 +0800] "GET /xingrg/all/function/internal_message.html?_=1610677643694&CODE_STATE=getMsg HTTP/1.1" 200 27
180.169.147.146 - - [15/Jan/2021:10:27:26 +0800] "GET /xingrg/check_reg.html?_=1610677643939 HTTP/1.1" 200 22
180.169.147.146 - - [15/Jan/2021:10:27:26 +0800] "GET /xingrg/all/function/internal_message.html?_=1610677643956&CODE_STATE=getMsg HTTP/1.1" 200 27
180.169.147.146 - - [15/Jan/2021:10:27:27 +0800] "GET /xingrg/all/function/internal_message.html?_=1610677643027&CODE_STATE=getMsg HTTP/1.1" 200 27
180.156.237.57 - - [15/Jan/2021:10:27:28 +0800] "GET /xingrg/kc/buy/cgsh_order_list.html HTTP/1.1" 200 46152
180.156.237.57 - - [15/Jan/2021:10:27:28 +0800] "GET /xingrg/css/site.css HTTP/1.1" 304 -
180.156.237.57 - - [15/Jan/2021:10:27:28 +0800] "GET /xingrg/css/base.css HTTP/1.1" 304 -
180.156.237.57 - - [15/Jan/2021:10:27:28 +0800] "GET /xingrg/javascript/jquery_tools/datebox.css HTTP/1.1" 304 -
180.156.237.57 - - [15/Jan/2021:10:27:28 +0800] "GET /xingrg/javascript/easyui/themes/default/easyui.css HTTP/1.1" 304 -
180.156.237.57 - - [15/Jan/2021:10:27:28 +0800] "GET /xingrg/javascript/jquery_tools/fix.css HTTP/1.1" 304 -
180.156.237.57 - - [15/Jan/2021:10:27:28 +0800] "GET /xingrg/javascript/jquery_tools/jquery.tools.min.js HTTP/1.1" 304 -
180.156.237.57 - - [15/Jan/2021:10:27:28 +0800] "GET /xingrg/javascript/jquery_tools/jquery.tools.extend.js HTTP/1.1" 304 -
180.156.237.57 - - [15/Jan/2021:10:27:28 +0800] "GET /xingrg/javascript/auto/jquery.autocomplete.css HTTP/1.1" 304 -
180.156.237.57 - - [15/Jan/2021:10:27:28 +0800] "GET /xingrg/javascript/jquery_tools/jquery.tools.table.js HTTP/1.1" 304 -
180.156.237.57 - - [15/Jan/2021:10:27:28 +0800] "GET /xingrg/javascript/easyui/themes/icon.css HTTP/1.1" 304 -
180.156.237.57 - - [15/Jan/2021:10:27:28 +0800] "GET /xingrg/javascript/jquery_tools/table.css HTTP/1.1" 304 -
180.156.237.57 - - [15/Jan/2021:10:27:28 +0800] "GET /xingrg/javascript/jquery_tools/list_manager.js HTTP/1.1" 304 -
180.156.237.57 - - [15/Jan/2021:10:27:28 +0800] "GET /xingrg/javascript/jquery_tools/jquery.tools.hotkey.js HTTP/1.1" 304 -
180.156.237.57 - - [15/Jan/2021:10:27:28 +0800] "GET /xingrg/javascript/auto/jquery.autocomplete.js HTTP/1.1" 304 -
180.156.237.57 - - [15/Jan/2021:10:27:28 +0800] "GET /xingrg/javascript/jquery.cookie.js HTTP/1.1" 304 -
180.156.237.57 - - [15/Jan/2021:10:27:28 +0800] "GET /xingrg/javascript/print/LodopFuncs.js HTTP/1.1" 304 -
180.156.237.57 - - [15/Jan/2021:10:27:28 +0800] "GET /xingrg/javascript/jquery.utils.js HTTP/1.1" 304 -
180.156.237.57 - - [15/Jan/2021:10:27:28 +0800] "GET /xingrg/javascript/easyui/easyloader.js HTTP/1.1" 304 -
180.156.237.57 - - [15/Jan/2021:10:27:28 +0800] "GET /xingrg/javascript/easyui/themes/icons/edit_add_new.png HTTP/1.1" 304 -
180.156.237.57 - - [15/Jan/2021:10:27:28 +0800] "GET /xingrg/javascript/easyui/themes/icons/check_new.png HTTP/1.1" 304 -
180.156.237.57 - - [15/Jan/2021:10:27:28 +0800] "GET /xingrg/javascript/easyui/themes/icons/cance_new.png HTTP/1.1" 304 -
180.156.237.57 - - [15/Jan/2021:10:27:28 +0800] "GET /xingrg/javascript/easyui/themes/icons/import_new.png HTTP/1.1" 304 -
180.156.237.57 - - [15/Jan/2021:10:27:28 +0800] "GET /xingrg/javascript/easyui/themes/icons/field_new.png HTTP/1.1" 304 -
180.156.237.57 - - [15/Jan/2021:10:27:28 +0800] "GET /xingrg/javascript/easyui/plugins/jquery.parser.js HTTP/1.1" 304 -
180.156.237.57 - - [15/Jan/2021:10:27:28 +0800] "GET /xingrg/images/control/ajaxLoader.gif HTTP/1.1" 304 -
61.165.42.208 - - [15/Jan/2021:10:27:29 +0800] "GET /xingrg/all/function/internal_message.html?_=1610677649909&CODE_STATE=getMsg HTTP/1.1" 200 27
180.156.237.57 - - [15/Jan/2021:10:27:32 +0800] "POST /xingrg/kc/buy/cgsh_order_operate.html HTTP/1.1" 200 37
180.169.147.146 - - [15/Jan/2021:10:27:33 +0800] "POST /xingrg/kc/buy/cgsh_list_operate.html HTTP/1.1" 200 4
180.156.237.57 - - [15/Jan/2021:10:27:34 +0800] "POST /xingrg/kc/buy/cgsh_order_operate.html HTTP/1.1" 200 12
218.81.216.242 - - [15/Jan/2021:10:27:35 +0800] "POST /xingrg/services/DataTransmitService HTTP/1.1" 200 524
180.169.147.146 - - [15/Jan/2021:10:27:35 +0800] "POST /xingrg/kc/buy/cgsh_list_operate.html HTTP/1.1" 200 876
218.81.216.242 - - [15/Jan/2021:10:27:35 +0800] "POST /xingrg/services/DataTransmitService HTTP/1.1" 200 1955
180.156.237.57 - - [15/Jan/2021:10:27:35 +0800] "GET /xingrg/kc/buy/cgsh_order_info.html?code=212021011506378 HTTP/1.1" 200 56704
218.81.216.242 - - [15/Jan/2021:10:27:35 +0800] "POST /xingrg/services/DataTransmitService HTTP/1.1" 200 524
180.156.237.57 - - [15/Jan/2021:10:27:35 +0800] "POST /xingrg/kc/buy/cgsh_list_operate.html HTTP/1.1" 200 1725
180.156.237.57 - - [15/Jan/2021:10:27:35 +0800] "GET /xingrg/words/20210115102140_words.js HTTP/1.1" 200 789405
116.233.74.9 - - [15/Jan/2021:10:27:36 +0800] "GET /xingrg/all/function/internal_message.html?_=1610677653291&CODE_STATE=getMsg HTTP/1.1" 200 27
218.81.216.242 - - [15/Jan/2021:10:27:36 +0800] "POST /xingrg/services/DataTransmitService HTTP/1.1" 200 1955
180.156.237.57 - - [15/Jan/2021:10:27:36 +0800] "GET /xingrg/javascript/easyui/themes/default/validatebox.css HTTP/1.1" 404 1104
218.81.216.242 - - [15/Jan/2021:10:27:36 +0800] "POST /xingrg/services/DataTransmitService HTTP/1.1" 200 524
