218.81.216.242 - - [14/Jan/2021:09:32:53 +0800] "GET /xingrg/kc/buy/cgsh_order_info.html?code=212021011405863 HTTP/1.1" 200 56715
218.81.216.242 - - [14/Jan/2021:09:32:53 +0800] "GET /xingrg/javascript/easyui/themes/default/validatebox.css HTTP/1.1" 404 1104
218.81.216.242 - - [14/Jan/2021:09:32:54 +0800] "POST /xingrg/kc/buy/cgsh_order_operate.html HTTP/1.1" 200 8330
180.175.150.119 - - [14/Jan/2021:09:32:54 +0800] "GET /xingrg/all/function/internal_message.html?_=1610588212535&CODE_STATE=getMsg HTTP/1.1" 200 27
180.175.150.119 - - [14/Jan/2021:09:32:56 +0800] "GET /xingrg/kc/buy/cgsh_order_operate.html?command=get_materiel&rest_code=00102&code=00101019224&supplier_code=00100008&order_time=2021-01-14 HTTP/1.1" 200 408
218.81.216.242 - - [14/Jan/2021:09:32:56 +0800] "GET /xingrg/kc/print/load_data.html?order_code=212021011405863&kc_code=cgsh&condition= HTTP/1.1" 200 3608
180.169.147.146 - - [14/Jan/2021:09:32:58 +0800] "GET /xingrg/all/function/internal_message.html?_=1610587975904&CODE_STATE=getMsg HTTP/1.1" 200 27
117.131.5.26 - - [14/Jan/2021:09:32:59 +0800] "GET /xingrg/check_reg.html?_=1610588324167 HTTP/1.1" 302 -
117.131.5.26 - - [14/Jan/2021:09:32:59 +0800] "GET /xingrg/login.html HTTP/1.1" 200 7641
180.169.147.146 - - [14/Jan/2021:09:33:02 +0800] "GET /xingrg/javascript/auto/indicator.gif HTTP/1.1" 404 1066
180.156.237.57 - - [14/Jan/2021:09:33:03 +0800] "GET /xingrg/all/function/internal_message.html?_=1610587983940&CODE_STATE=getMsg HTTP/1.1" 200 27
172.20.0.100 - - [14/Jan/2021:09:33:05 +0800] "GET /xingrg/system/info/materiel_manager.html HTTP/1.1" 200 19442
172.20.0.100 - - [14/Jan/2021:09:33:05 +0800] "GET /xingrg/dwr/interface/AjaxBaseInfoService.js HTTP/1.1" 200 21363
172.20.0.100 - - [14/Jan/2021:09:33:05 +0800] "GET /xingrg/dwr/interface/AjaxComOrderService.js HTTP/1.1" 200 18264
172.20.0.100 - - [14/Jan/2021:09:33:05 +0800] "GET /xingrg/dwr/engine.js HTTP/1.1" 200 43631
172.20.0.100 - - [14/Jan/2021:09:33:05 +0800] "POST /xingrg/dwr/call/plaincall/AjaxBaseInfoService.getSubMaterielSorts.dwr HTTP/1.1" 200 219
172.20.0.100 - - [14/Jan/2021:09:33:06 +0800] "POST /xingrg/dwr/call/plaincall/AjaxBaseInfoService.getMateriels.dwr HTTP/1.1" 200 2929
180.175.150.119 - - [14/Jan/2021:09:33:07 +0800] "GET /xingrg/kc/buy/cgsh_order_operate.html?command=get_materiel&rest_code=00102&code=00101008114&supplier_code=00100008&order_time=2021-01-14 HTTP/1.1" 200 413
114.88.169.67 - - [14/Jan/2021:09:33:09 +0800] "GET /xingrg/all/function/internal_message.html?_=1610587985946&CODE_STATE=getMsg HTTP/1.1" 200 27
180.175.150.119 - - [14/Jan/2021:09:33:12 +0800] "POST /xingrg/kc/buy/cgsh_order_operate.html HTTP/1.1" 200 2065
180.169.147.146 - - [14/Jan/2021:09:33:15 +0800] "POST /xingrg/kc/buy/cgsh_list_operate.html HTTP/1.1" 200 5357
180.169.147.146 - - [14/Jan/2021:09:33:17 +0800] "POST /xingrg/kc/buy/cgsh_list_operate.html HTTP/1.1" 200 489
180.175.150.119 - - [14/Jan/2021:09:33:17 +0800] "GET /xingrg/kc/buy/cgsh_order_operate.html?command=get_materiel&rest_code=00102&code=00101008529&supplier_code=00100008&order_time=2021-01-14 HTTP/1.1" 200 402
172.20.0.100 - - [14/Jan/2021:09:33:18 +0800] "POST /xingrg/dwr/call/plaincall/AjaxBaseInfoService.searchMateriels.dwr HTTP/1.1" 200 494
117.185.32.26 - - [14/Jan/2021:09:33:20 +0800] "GET /xingrg/all/function/internal_message.html?_=1610587996485&CODE_STATE=getMsg HTTP/1.1" 200 27
180.156.237.57 - - [14/Jan/2021:09:33:21 +0800] "GET /xingrg/all/function/internal_message.html?_=1610587980740&CODE_STATE=getMsg HTTP/1.1" 200 27
116.228.172.94 - - [14/Jan/2021:09:33:21 +0800] "GET /xingrg/all/function/internal_message.html?_=1610587992622&CODE_STATE=getMsg HTTP/1.1" 200 27
180.175.150.119 - - [14/Jan/2021:09:33:31 +0800] "GET /xingrg/kc/buy/cgsh_order_operate.html?command=get_materiel&rest_code=00102&code=00101008229&supplier_code=00100008&order_time=2021-01-14 HTTP/1.1" 200 420
114.88.169.67 - - [14/Jan/2021:09:33:33 +0800] "GET /xingrg/all/function/internal_message.html?_=1610588005779&CODE_STATE=getMsg HTTP/1.1" 200 27
180.169.147.146 - - [14/Jan/2021:09:33:35 +0800] "POST /xingrg/kc/buy/cgsh_list_operate.html HTTP/1.1" 200 5455
218.81.216.242 - - [14/Jan/2021:09:33:35 +0800] "GET /xingrg/all/function/internal_message.html?_=1610588042472&CODE_STATE=getMsg HTTP/1.1" 200 27
222.69.137.61 - - [14/Jan/2021:09:33:36 +0800] "GET /xingrg/all/function/internal_message.html?_=1610588010631&CODE_STATE=getMsg HTTP/1.1" 200 27
180.169.147.146 - - [14/Jan/2021:09:33:38 +0800] "POST /xingrg/kc/buy/cgsh_list_operate.html HTTP/1.1" 200 574
180.169.147.146 - - [14/Jan/2021:09:33:38 +0800] "GET /xingrg/all/function/internal_message.html?_=1610588015593&CODE_STATE=getMsg HTTP/1.1" 200 27
120.253.135.82 - - [14/Jan/2021:09:33:39 +0800] "GET /xingrg/all/function/internal_message.html?_=1610588126897&CODE_STATE=getMsg HTTP/1.1" 200 27
172.20.0.100 - - [14/Jan/2021:09:33:40 +0800] "GET /xingrg/all/function/internal_message.html?_=1610588017733&CODE_STATE=getMsg HTTP/1.1" 200 27
180.169.147.146 - - [14/Jan/2021:09:33:40 +0800] "POST /xingrg/kc/buy/cgsh_list_operate.html HTTP/1.1" 200 578
180.175.150.119 - - [14/Jan/2021:09:33:41 +0800] "POST /xingrg/kc/buy/cgsh_order_operate.html HTTP/1.1" 200 37
61.165.42.208 - - [14/Jan/2021:09:33:43 +0800] "GET /xingrg/all/function/internal_message.html?_=1610588004386&CODE_STATE=getMsg HTTP/1.1" 200 27
180.175.150.119 - - [14/Jan/2021:09:33:43 +0800] "POST /xingrg/kc/buy/cgsh_order_operate.html HTTP/1.1" 200 20366
172.20.0.100 - - [14/Jan/2021:09:33:46 +0800] "POST /xingrg/dwr/call/plaincall/AjaxBaseInfoService.getSubMaterielSorts.dwr HTTP/1.1" 200 3482
172.20.0.100 - - [14/Jan/2021:09:33:46 +0800] "GET /xingrg/images/xtree/blank.png HTTP/1.1" 200 144
172.20.0.100 - - [14/Jan/2021:09:33:46 +0800] "GET /xingrg/images/xtree/L.png HTTP/1.1" 200 153
172.20.0.100 - - [14/Jan/2021:09:33:46 +0800] "GET /xingrg/images/xtree/file.png HTTP/1.1" 200 251
172.20.0.100 - - [14/Jan/2021:09:33:46 +0800] "GET /xingrg/images/xtree/T.png HTTP/1.1" 200 152
172.20.0.100 - - [14/Jan/2021:09:33:46 +0800] "GET /xingrg/images/xtree/Lminus.png HTTP/1.1" 200 219
172.20.0.100 - - [14/Jan/2021:09:33:46 +0800] "POST /xingrg/dwr/call/plaincall/AjaxBaseInfoService.searchMateriels.dwr HTTP/1.1" 200 2739
180.175.150.119 - - [14/Jan/2021:09:33:50 +0800] "GET /xingrg/check_reg.html?_=1610588267891 HTTP/1.1" 200 22
172.20.0.100 - - [14/Jan/2021:09:33:50 +0800] "GET /xingrg/all/function/internal_message.html?_=1610588029136&CODE_STATE=getMsg HTTP/1.1" 200 27
180.175.150.119 - - [14/Jan/2021:09:33:54 +0800] "GET /xingrg/all/function/internal_message.html?_=1610588272536&CODE_STATE=getMsg HTTP/1.1" 200 27
180.169.147.146 - - [14/Jan/2021:09:33:58 +0800] "GET /xingrg/all/function/internal_message.html?_=1610588035909&CODE_STATE=getMsg HTTP/1.1" 200 27
180.156.237.57 - - [14/Jan/2021:09:33:59 +0800] "GET /xingrg/javascript/auto/indicator.gif HTTP/1.1" 404 1066
172.20.0.100 - - [14/Jan/2021:09:34:00 +0800] "POST /xingrg/dwr/call/plaincall/AjaxBaseInfoService.getMateriels.dwr HTTP/1.1" 200 3016
172.20.0.100 - - [14/Jan/2021:09:34:02 +0800] "GET /xingrg/system/info/materiel_info.html?code=00102002&isAdd=1 HTTP/1.1" 200 34213
172.20.0.100 - - [14/Jan/2021:09:34:02 +0800] "GET /xingrg/dwr/engine.js HTTP/1.1" 200 43631
172.20.0.100 - - [14/Jan/2021:09:34:02 +0800] "POST /xingrg/all/common/load_tree.html?tree=area_rest_tree_json HTTP/1.1" 200 3344
172.20.0.100 - - [14/Jan/2021:09:34:02 +0800] "GET /favicon.ico HTTP/1.1" 404 -
172.20.0.100 - - [14/Jan/2021:09:34:02 +0800] "POST /xingrg/dwr/call/plaincall/AjaxBaseInfoService.getMaterielInfo.dwr HTTP/1.1" 200 228
172.20.0.100 - - [14/Jan/2021:09:34:02 +0800] "POST /xingrg/all/common/load_tree.html?tree=area_rest_tree_json&defaultRests=undefined HTTP/1.1" 200 3344
58.221.95.50 - - [14/Jan/2021:09:34:03 +0800] "GET /xingrg/check_reg.html?_=1610588043412 HTTP/1.1" 302 -
180.156.237.57 - - [14/Jan/2021:09:34:03 +0800] "GET /xingrg/all/function/internal_message.html?_=1610588043923&CODE_STATE=getMsg HTTP/1.1" 200 27
114.88.169.67 - - [14/Jan/2021:09:34:10 +0800] "GET /xingrg/all/function/internal_message.html?_=1610588046264&CODE_STATE=getMsg HTTP/1.1" 200 27
116.228.172.94 - - [14/Jan/2021:09:34:10 +0800] "POST /xingrg/kc/buy/cgsh_order_operate.html HTTP/1.1" 200 37
116.228.172.94 - - [14/Jan/2021:09:34:12 +0800] "POST /xingrg/kc/buy/cgsh_order_operate.html HTTP/1.1" 200 34590
172.20.0.100 - - [14/Jan/2021:09:34:14 +0800] "POST /xingrg/dwr/call/plaincall/AjaxGetFirstChart.getFirstChart.dwr HTTP/1.1" 200 80
180.156.237.57 - - [14/Jan/2021:09:34:14 +0800] "POST /xingrg/kc/buy/cgsh_order_operate.html HTTP/1.1" 200 37
180.156.237.57 - - [14/Jan/2021:09:34:16 +0800] "POST /xingrg/kc/buy/cgsh_order_operate.html HTTP/1.1" 200 12
180.156.237.57 - - [14/Jan/2021:09:34:17 +0800] "GET /xingrg/kc/buy/cgsh_order_info.html?code=212021011405847 HTTP/1.1" 200 56643
180.156.237.57 - - [14/Jan/2021:09:34:17 +0800] "GET /xingrg/javascript/easyui/themes/default/validatebox.css HTTP/1.1" 404 1104
180.156.237.57 - - [14/Jan/2021:09:34:18 +0800] "POST /xingrg/kc/buy/cgsh_order_operate.html HTTP/1.1" 200 18362
180.169.147.146 - - [14/Jan/2021:09:34:18 +0800] "GET /xingrg/check_reg.html?_=1610588055754 HTTP/1.1" 200 22
172.20.0.100 - - [14/Jan/2021:09:34:18 +0800] "POST /xingrg/dwr/call/plaincall/AjaxBaseInfoService.changeUnitGroup.dwr HTTP/1.1" 200 243
180.156.237.57 - - [14/Jan/2021:09:34:19 +0800] "GET /xingrg/kc/print/load_config.html?kc_code=cgsh HTTP/1.1" 200 1845
180.156.237.57 - - [14/Jan/2021:09:34:19 +0800] "GET /xingrg/kc/print/load_data.html?order_code=212021011405847&kc_code=cgsh&condition= HTTP/1.1" 200 7478
117.185.32.26 - - [14/Jan/2021:09:34:20 +0800] "GET /xingrg/all/function/internal_message.html?_=1610588056485&CODE_STATE=getMsg HTTP/1.1" 200 27
180.156.237.57 - - [14/Jan/2021:09:34:21 +0800] "GET /xingrg/all/function/internal_message.html?_=1610588040752&CODE_STATE=getMsg HTTP/1.1" 200 27
116.228.172.94 - - [14/Jan/2021:09:34:21 +0800] "GET /xingrg/all/function/internal_message.html?_=1610588052576&CODE_STATE=getMsg HTTP/1.1" 200 27
172.20.0.100 - - [14/Jan/2021:09:34:25 +0800] "POST /xingrg/dwr/call/plaincall/AjaxBaseInfoService.saveMateriel.dwr HTTP/1.1" 200 109
172.20.0.100 - - [14/Jan/2021:09:34:25 +0800] "POST /xingrg/dwr/call/plaincall/AjaxBaseInfoService.getMateriels.dwr HTTP/1.1" 200 3016
172.20.0.100 - - [14/Jan/2021:09:34:26 +0800] "GET /xingrg/system/info/materiel_info.html?code=00102002&isAdd=1 HTTP/1.1" 200 34213
172.20.0.100 - - [14/Jan/2021:09:34:26 +0800] "GET /xingrg/dwr/interface/AjaxBaseInfoService.js HTTP/1.1" 200 21363
172.20.0.100 - - [14/Jan/2021:09:34:26 +0800] "GET /xingrg/dwr/interface/AjaxGetFirstChart.js HTTP/1.1" 200 631
172.20.0.100 - - [14/Jan/2021:09:34:26 +0800] "GET /xingrg/dwr/interface/AjaxComOrderService.js HTTP/1.1" 200 18264
172.20.0.100 - - [14/Jan/2021:09:34:26 +0800] "GET /xingrg/dwr/engine.js HTTP/1.1" 200 43631
172.20.0.100 - - [14/Jan/2021:09:34:26 +0800] "POST /xingrg/all/common/load_tree.html?tree=area_rest_tree_json HTTP/1.1" 200 3344
172.20.0.100 - - [14/Jan/2021:09:34:26 +0800] "POST /xingrg/dwr/call/plaincall/AjaxBaseInfoService.getMaterielInfo.dwr HTTP/1.1" 200 228
172.20.0.100 - - [14/Jan/2021:09:34:27 +0800] "POST /xingrg/all/common/load_tree.html?tree=area_rest_tree_json&defaultRests=undefined HTTP/1.1" 200 3344
180.156.237.57 - - [14/Jan/2021:09:34:27 +0800] "GET /xingrg/kc/buy/cgsh_order_list.html HTTP/1.1" 200 46085
180.156.237.57 - - [14/Jan/2021:09:34:28 +0800] "POST /xingrg/kc/buy/cgsh_list_operate.html HTTP/1.1" 200 876
114.88.169.67 - - [14/Jan/2021:09:34:33 +0800] "GET /xingrg/all/function/internal_message.html?_=1610588065777&CODE_STATE=getMsg HTTP/1.1" 200 27
218.81.216.242 - - [14/Jan/2021:09:34:35 +0800] "GET /xingrg/all/function/internal_message.html?_=1610588102642&CODE_STATE=getMsg HTTP/1.1" 200 27
222.69.137.61 - - [14/Jan/2021:09:34:36 +0800] "GET /xingrg/all/function/internal_message.html?_=1610588070633&CODE_STATE=getMsg HTTP/1.1" 200 27
120.253.135.82 - - [14/Jan/2021:09:34:38 +0800] "GET /xingrg/check_reg.html?_=1610588185736 HTTP/1.1" 200 22
180.169.147.146 - - [14/Jan/2021:09:34:38 +0800] "GET /xingrg/all/function/internal_message.html?_=1610588075593&CODE_STATE=getMsg HTTP/1.1" 200 27
120.253.135.82 - - [14/Jan/2021:09:34:39 +0800] "GET /xingrg/all/function/internal_message.html?_=1610588186912&CODE_STATE=getMsg HTTP/1.1" 200 27
172.20.0.100 - - [14/Jan/2021:09:34:40 +0800] "GET /xingrg/all/function/internal_message.html?_=1610588077735&CODE_STATE=getMsg HTTP/1.1" 200 27
116.228.172.94 - - [14/Jan/2021:09:34:40 +0800] "POST /xingrg/kc/buy/cgsh_order_operate.html HTTP/1.1" 200 37
116.228.172.94 - - [14/Jan/2021:09:34:41 +0800] "POST /xingrg/kc/buy/cgsh_order_operate.html HTTP/1.1" 200 34590
116.228.172.94 - - [14/Jan/2021:09:34:43 +0800] "GET /xingrg/kc/print/load_config.html?kc_code=cgsh HTTP/1.1" 200 1845
61.165.42.208 - - [14/Jan/2021:09:34:43 +0800] "GET /xingrg/check_reg.html?_=1610588064389 HTTP/1.1" 200 22
61.165.42.208 - - [14/Jan/2021:09:34:43 +0800] "GET /xingrg/all/function/internal_message.html?_=1610588064390&CODE_STATE=getMsg HTTP/1.1" 200 27
172.20.0.100 - - [14/Jan/2021:09:34:45 +0800] "POST /xingrg/dwr/call/plaincall/AjaxGetFirstChart.getFirstChart.dwr HTTP/1.1" 200 80
172.20.0.100 - - [14/Jan/2021:09:34:47 +0800] "POST /xingrg/dwr/call/plaincall/AjaxBaseInfoService.changeUnitGroup.dwr HTTP/1.1" 200 243
180.175.150.119 - - [14/Jan/2021:09:34:47 +0800] "POST /xingrg/kc/buy/cgsh_order_operate.html HTTP/1.1" 200 37
116.228.172.94 - - [14/Jan/2021:09:34:47 +0800] "GET /xingrg/kc/print/load_data.html?order_code=212021011405858&kc_code=cgsh&condition= HTTP/1.1" 200 2278
172.20.0.100 - - [14/Jan/2021:09:34:49 +0800] "POST /xingrg/dwr/call/plaincall/AjaxBaseInfoService.saveMateriel.dwr HTTP/1.1" 200 109
172.20.0.100 - - [14/Jan/2021:09:34:49 +0800] "POST /xingrg/dwr/call/plaincall/AjaxBaseInfoService.getMateriels.dwr HTTP/1.1" 200 3016
172.20.0.100 - - [14/Jan/2021:09:34:50 +0800] "GET /xingrg/all/function/internal_message.html?_=1610588089141&CODE_STATE=getMsg HTTP/1.1" 200 27
180.156.237.57 - - [14/Jan/2021:09:34:51 +0800] "POST /xingrg/all/user/operate.html HTTP/1.1" 200 36
180.175.150.119 - - [14/Jan/2021:09:34:51 +0800] "POST /xingrg/kc/buy/cgsh_order_operate.html HTTP/1.1" 200 20958
180.156.237.57 - - [14/Jan/2021:09:34:51 +0800] "GET /xingrg/index.html?sysBaseUrl=http%3A%2F%2F180.169.147.146%3A18081%2Fxingrg%2F&costTime=60×tamp=1610536533508 HTTP/1.1" 200 17177
180.156.237.57 - - [14/Jan/2021:09:34:51 +0800] "GET /xingrg/javascript/jquery_easy_ui/themes/default/easyui.css HTTP/1.1" 304 -
180.156.237.57 - - [14/Jan/2021:09:34:51 +0800] "GET /xingrg/javascript/jquery_easy_ui/themes/icon.css HTTP/1.1" 304 -
180.156.237.57 - - [14/Jan/2021:09:34:51 +0800] "GET /xingrg/css/form.css HTTP/1.1" 304 -
180.156.237.57 - - [14/Jan/2021:09:34:51 +0800] "GET /xingrg/javascript/jquery-1.4.2.min.js HTTP/1.1" 304 -
180.156.237.57 - - [14/Jan/2021:09:34:51 +0800] "GET /xingrg/javascript/jquery_easy_ui/jquery.easyui.min.js HTTP/1.1" 304 -
180.156.237.57 - - [14/Jan/2021:09:34:51 +0800] "GET /xingrg/javascript/jquery_easy_ui/easyui-lang-zh_CN.js HTTP/1.1" 304 -
180.156.237.57 - - [14/Jan/2021:09:34:51 +0800] "GET /xingrg/javascript/jquery.form.js HTTP/1.1" 304 -
180.156.237.57 - - [14/Jan/2021:09:34:51 +0800] "GET /xingrg/javascript/jquery.utils.js HTTP/1.1" 304 -
180.156.237.57 - - [14/Jan/2021:09:34:51 +0800] "GET /xingrg/javascript/jquery.timers.js HTTP/1.1" 304 -
180.156.237.57 - - [14/Jan/2021:09:34:51 +0800] "GET /xingrg/images/blue/jxLogo.png HTTP/1.1" 304 -
180.156.237.57 - - [14/Jan/2021:09:34:51 +0800] "GET /xingrg/javascript/jquery_easy_ui/themes/icons/settle_new.png HTTP/1.1" 304 -
180.156.237.57 - - [14/Jan/2021:09:34:51 +0800] "GET /xingrg/images/blue/navBackgound.jpg HTTP/1.1" 304 -
180.156.237.57 - - [14/Jan/2021:09:34:51 +0800] "POST /xingrg/all/common/load_tree.html?tree=area_rest_tree_json&manage=1 HTTP/1.1" 200 476
180.156.237.57 - - [14/Jan/2021:09:34:51 +0800] "GET /xingrg/all/function/internal_message.html?_=1610588091979&CODE_STATE=count HTTP/1.1" 200 11
180.156.237.57 - - [14/Jan/2021:09:34:51 +0800] "GET /xingrg/javascript/jquery_easy_ui/themes/default/images/panel_tool_collapse.gif HTTP/1.1" 304 -
180.156.237.57 - - [14/Jan/2021:09:34:51 +0800] "GET /xingrg/check_reg.html?_=1610588091981 HTTP/1.1" 200 22
180.156.237.57 - - [14/Jan/2021:09:34:51 +0800] "GET /xingrg/images/blue/pingpu.png HTTP/1.1" 304 -
180.156.237.57 - - [14/Jan/2021:09:34:51 +0800] "GET /xingrg/javascript/jquery_easy_ui/themes/default/images/tabs_leftarrow.png HTTP/1.1" 304 -
180.156.237.57 - - [14/Jan/2021:09:34:51 +0800] "GET /xingrg/javascript/jquery_easy_ui/themes/default/images/tabs_rightarrow.png HTTP/1.1" 304 -
180.156.237.57 - - [14/Jan/2021:09:34:51 +0800] "POST /xingrg/load_menu.html HTTP/1.1" 200 5138
114.88.169.67 - - [14/Jan/2021:09:34:52 +0800] "GET /xingrg/kc/buy/cgsh_order_operate.html?command=get_materiel&rest_code=00111&code=00101006056&supplier_code=00100012&order_time=2021-01-14 HTTP/1.1" 200 413
180.156.237.57 - - [14/Jan/2021:09:34:54 +0800] "GET /xingrg/kc/buy/cgsh_order_list.html HTTP/1.1" 200 46083
180.175.150.119 - - [14/Jan/2021:09:34:54 +0800] "GET /xingrg/kc/buy/cgsh_order_add.html HTTP/1.1" 200 61776
180.156.237.57 - - [14/Jan/2021:09:34:55 +0800] "POST /xingrg/kc/buy/cgsh_list_operate.html HTTP/1.1" 200 2068
116.228.172.94 - - [14/Jan/2021:09:34:56 +0800] "GET /xingrg/login.html HTTP/1.1" 200 7641
180.175.150.119 - - [14/Jan/2021:09:34:56 +0800] "GET /xingrg/words/20210114093449_words.js HTTP/1.1" 200 789015
180.175.150.119 - - [14/Jan/2021:09:34:57 +0800] "GET /xingrg/all/function/internal_message.html?_=1610588334554&CODE_STATE=getMsg HTTP/1.1" 200 27
116.228.172.94 - - [14/Jan/2021:09:34:57 +0800] "GET /favicon.ico HTTP/1.1" 404 -
180.169.147.146 - - [14/Jan/2021:09:34:58 +0800] "GET /xingrg/all/function/internal_message.html?_=1610588095896&CODE_STATE=getMsg HTTP/1.1" 200 27
180.175.150.119 - - [14/Jan/2021:09:34:59 +0800] "POST /xingrg/kc/buy/cgsh_order_operate.html HTTP/1.1" 200 8245
218.81.216.242 - - [14/Jan/2021:09:34:59 +0800] "GET /xingrg/check_reg.html?_=1610588126111 HTTP/1.1" 200 22
180.175.150.119 - - [14/Jan/2021:09:34:59 +0800] "GET /xingrg/javascript/easyui/themes/default/validatebox.css HTTP/1.1" 404 1104
116.228.172.94 - - [14/Jan/2021:09:34:59 +0800] "POST /xingrg/login.do HTTP/1.1" 302 -
116.228.172.94 - - [14/Jan/2021:09:34:59 +0800] "GET /xingrg/index.html?sysBaseUrl=http%3A%2F%2F180.169.147.146%3A18081%2Fxingrg%2F&costTime=38×tamp=1610588099860 HTTP/1.1" 200 17179
180.175.150.119 - - [14/Jan/2021:09:35:00 +0800] "GET /xingrg/javascript/easyui/themes/default/tree.css HTTP/1.1" 404 1090
180.175.150.119 - - [14/Jan/2021:09:35:01 +0800] "POST /xingrg/all/common/load_tree.html?tree=supplier_tree_json&isDelete=1 HTTP/1.1" 200 54293
116.228.172.94 - - [14/Jan/2021:09:35:01 +0800] "GET /favicon.ico HTTP/1.1" 404 -
116.228.172.94 - - [14/Jan/2021:09:35:01 +0800] "POST /xingrg/all/common/load_tree.html?tree=area_rest_tree_json&manage=1 HTTP/1.1" 200 476
116.228.172.94 - - [14/Jan/2021:09:35:01 +0800] "GET /xingrg/all/function/internal_message.html?_=1610588092748&CODE_STATE=count HTTP/1.1" 200 11
116.228.172.94 - - [14/Jan/2021:09:35:01 +0800] "GET /xingrg/check_reg.html?_=1610588092760 HTTP/1.1" 200 22
116.228.172.94 - - [14/Jan/2021:09:35:01 +0800] "POST /xingrg/load_menu.html HTTP/1.1" 200 5138
114.88.169.67 - - [14/Jan/2021:09:35:02 +0800] "GET /xingrg/kc/buy/cgsh_order_operate.html?command=get_materiel&rest_code=00111&code=00101006065&supplier_code=00100012&order_time=2021-01-14 HTTP/1.1" 200 409
116.228.172.94 - - [14/Jan/2021:09:35:05 +0800] "GET /xingrg/kc/buy/buy_main.html HTTP/1.1" 200 12412
116.228.172.94 - - [14/Jan/2021:09:35:05 +0800] "GET /xingrg/css/new_ie.css HTTP/1.1" 404 1036
180.156.237.57 - - [14/Jan/2021:09:35:05 +0800] "POST /xingrg/kc/buy/cgsh_list_operate.html HTTP/1.1" 200 492
116.228.172.94 - - [14/Jan/2021:09:35:06 +0800] "GET /xingrg/images/yd/bt.gif HTTP/1.1" 404 1040
116.228.172.94 - - [14/Jan/2021:09:35:07 +0800] "GET /xingrg/kc/buy/cgsh_order_list.html HTTP/1.1" 200 46085
180.156.237.57 - - [14/Jan/2021:09:35:08 +0800] "GET /xingrg/kc/buy/cgsh_order_info.html?code=212021011405853 HTTP/1.1" 200 61479
180.156.237.57 - - [14/Jan/2021:09:35:08 +0800] "GET /xingrg/words/20210114093449_words.js HTTP/1.1" 200 789015
114.88.169.67 - - [14/Jan/2021:09:35:08 +0800] "GET /xingrg/check_reg.html?_=1610588104469 HTTP/1.1" 200 22
180.156.237.57 - - [14/Jan/2021:09:35:08 +0800] "GET /xingrg/javascript/easyui/themes/default/validatebox.css HTTP/1.1" 404 1104
180.156.237.57 - - [14/Jan/2021:09:35:09 +0800] "POST /xingrg/kc/buy/cgsh_order_operate.html HTTP/1.1" 200 5055
116.228.172.94 - - [14/Jan/2021:09:35:09 +0800] "POST /xingrg/kc/buy/cgsh_list_operate.html HTTP/1.1" 200 1681
114.88.169.67 - - [14/Jan/2021:09:35:10 +0800] "GET /xingrg/all/function/internal_message.html?_=1610588106269&CODE_STATE=getMsg HTTP/1.1" 200 27
116.228.172.94 - - [14/Jan/2021:09:35:12 +0800] "POST /xingrg/kc/buy/cgsh_list_operate.html HTTP/1.1" 200 563
116.228.172.94 - - [14/Jan/2021:09:35:13 +0800] "GET /xingrg/kc/buy/cgsh_order_info.html?code=212021011405858 HTTP/1.1" 200 61914
116.228.172.94 - - [14/Jan/2021:09:35:13 +0800] "GET /xingrg/words/20210114093449_words.js HTTP/1.1" 200 789015
116.228.172.94 - - [14/Jan/2021:09:35:14 +0800] "GET /xingrg/all/common/auto_word.html?type=employee&rest_code=00107 HTTP/1.1" 200 151
116.228.172.94 - - [14/Jan/2021:09:35:14 +0800] "GET /xingrg/javascript/easyui/themes/default/validatebox.css HTTP/1.1" 404 1104
116.228.172.94 - - [14/Jan/2021:09:35:14 +0800] "GET /xingrg/all/common/auto_word.html?type=employee&rest_code=00107 HTTP/1.1" 200 151
116.228.172.94 - - [14/Jan/2021:09:35:14 +0800] "POST /xingrg/kc/buy/cgsh_order_operate.html HTTP/1.1" 200 34590
116.228.172.94 - - [14/Jan/2021:09:35:18 +0800] "GET /xingrg/kc/print/load_config.html?kc_code=cgsh HTTP/1.1" 200 1845
116.228.172.94 - - [14/Jan/2021:09:35:18 +0800] "GET /xingrg/kc/print/load_data.html?order_code=212021011405858&kc_code=cgsh&condition= HTTP/1.1" 200 12749
117.185.32.26 - - [14/Jan/2021:09:35:20 +0800] "GET /xingrg/all/function/internal_message.html?_=1610588116483&CODE_STATE=getMsg HTTP/1.1" 200 27
180.156.237.57 - - [14/Jan/2021:09:35:21 +0800] "GET /xingrg/all/function/internal_message.html?_=1610588100768&CODE_STATE=getMsg HTTP/1.1" 200 27
114.88.169.67 - - [14/Jan/2021:09:35:33 +0800] "GET /xingrg/all/function/internal_message.html?_=1610588125776&CODE_STATE=getMsg HTTP/1.1" 200 27
116.228.172.94 - - [14/Jan/2021:09:35:35 +0800] "GET /xingrg/kc/buy/cgsh_order_add.html HTTP/1.1" 200 61905
218.81.216.242 - - [14/Jan/2021:09:35:35 +0800] "GET /xingrg/all/function/internal_message.html?_=1610588162655&CODE_STATE=getMsg HTTP/1.1" 200 27
116.228.172.94 - - [14/Jan/2021:09:35:36 +0800] "GET /xingrg/words/20210114093449_words.js HTTP/1.1" 304 -
116.228.172.94 - - [14/Jan/2021:09:35:36 +0800] "GET /xingrg/javascript/easyui/themes/default/validatebox.css HTTP/1.1" 404 1104
116.228.172.94 - - [14/Jan/2021:09:35:36 +0800] "POST /xingrg/kc/buy/cgsh_order_operate.html HTTP/1.1" 200 8245
222.69.137.61 - - [14/Jan/2021:09:35:36 +0800] "GET /xingrg/all/function/internal_message.html?_=1610588130634&CODE_STATE=getMsg HTTP/1.1" 200 27
180.169.147.146 - - [14/Jan/2021:09:35:38 +0800] "GET /xingrg/all/function/internal_message.html?_=1610588135585&CODE_STATE=getMsg HTTP/1.1" 200 27
120.253.135.82 - - [14/Jan/2021:09:35:39 +0800] "GET /xingrg/all/function/internal_message.html?_=1610588246924&CODE_STATE=getMsg HTTP/1.1" 200 27
116.228.172.94 - - [14/Jan/2021:09:35:40 +0800] "GET /xingrg/javascript/easyui/themes/default/tree.css HTTP/1.1" 404 1090
172.20.0.100 - - [14/Jan/2021:09:35:40 +0800] "GET /xingrg/all/function/internal_message.html?_=1610588137738&CODE_STATE=getMsg HTTP/1.1" 200 27
116.228.172.94 - - [14/Jan/2021:09:35:40 +0800] "POST /xingrg/all/common/load_tree.html?tree=supplier_tree_json&isDelete=1 HTTP/1.1" 200 54293
180.156.237.57 - - [14/Jan/2021:09:35:41 +0800] "POST /xingrg/kc/buy/cgsh_order_operate.html HTTP/1.1" 200 37
61.165.42.208 - - [14/Jan/2021:09:35:43 +0800] "GET /xingrg/all/function/internal_message.html?_=1610588124388&CODE_STATE=getMsg HTTP/1.1" 200 27
180.156.237.57 - - [14/Jan/2021:09:35:45 +0800] "POST /xingrg/kc/buy/cgsh_order_operate.html HTTP/1.1" 200 12
180.156.237.57 - - [14/Jan/2021:09:35:45 +0800] "GET /xingrg/kc/buy/cgsh_order_info.html?code=212021011405853 HTTP/1.1" 200 56373
180.156.237.57 - - [14/Jan/2021:09:35:45 +0800] "GET /xingrg/words/20210114093449_words.js HTTP/1.1" 304 -
180.156.237.57 - - [14/Jan/2021:09:35:46 +0800] "GET /xingrg/javascript/easyui/themes/default/validatebox.css HTTP/1.1" 404 1104
180.156.237.57 - - [14/Jan/2021:09:35:46 +0800] "POST /xingrg/kc/buy/cgsh_order_operate.html HTTP/1.1" 200 3004
180.156.237.57 - - [14/Jan/2021:09:35:48 +0800] "GET /xingrg/kc/print/load_data.html?order_code=212021011405853&kc_code=cgsh&condition= HTTP/1.1" 200 1652
58.40.7.146 - - [14/Jan/2021:09:35:49 +0800] "GET /xingrg/check_reg.html?_=1610588147292 HTTP/1.1" 200 22
172.20.0.100 - - [14/Jan/2021:09:35:50 +0800] "GET /xingrg/all/function/internal_message.html?_=1610588149130&CODE_STATE=getMsg HTTP/1.1" 200 27
180.175.150.119 - - [14/Jan/2021:09:35:51 +0800] "GET /xingrg/kc/buy/cgsh_order_operate.html?command=get_materiel&rest_code=00102&code=00101008223&supplier_code=00100008&order_time=2021-01-14 HTTP/1.1" 200 412
180.156.237.57 - - [14/Jan/2021:09:35:51 +0800] "GET /xingrg/all/function/internal_message.html?_=1610588151986&CODE_STATE=getMsg HTTP/1.1" 200 27
180.156.237.57 - - [14/Jan/2021:09:35:56 +0800] "GET /xingrg/kc/buy/cgsh_order_list.html HTTP/1.1" 200 46083
180.156.237.57 - - [14/Jan/2021:09:35:57 +0800] "POST /xingrg/kc/buy/cgsh_list_operate.html HTTP/1.1" 200 1688
180.175.150.119 - - [14/Jan/2021:09:35:58 +0800] "GET /xingrg/all/function/internal_message.html?_=1610588395895&CODE_STATE=getMsg HTTP/1.1" 200 27
180.169.147.146 - - [14/Jan/2021:09:35:58 +0800] "GET /xingrg/check_reg.html?_=1610588155899 HTTP/1.1" 200 22
180.169.147.146 - - [14/Jan/2021:09:35:58 +0800] "GET /xingrg/all/function/internal_message.html?_=1610588155901&CODE_STATE=getMsg HTTP/1.1" 200 27
116.228.172.94 - - [14/Jan/2021:09:35:59 +0800] "GET /xingrg/javascript/auto/indicator.gif HTTP/1.1" 404 1066
180.156.237.57 - - [14/Jan/2021:09:35:59 +0800] "GET /xingrg/javascript/jquery_tools/images/prev.gif HTTP/1.1" 404 1086
180.156.237.57 - - [14/Jan/2021:09:35:59 +0800] "GET /xingrg/javascript/jquery_tools/images/next.gif HTTP/1.1" 404 1086
116.228.172.94 - - [14/Jan/2021:09:36:01 +0800] "GET /xingrg/all/function/internal_message.html?_=1610588152777&CODE_STATE=getMsg HTTP/1.1" 200 27
116.228.172.94 - - [14/Jan/2021:09:36:02 +0800] "GET /xingrg/kc/buy/cgsh_order_operate.html?command=get_materiel&rest_code=00107&code=00101006111&supplier_code=00100010&order_time=2021-01-14 HTTP/1.1" 200 409
114.88.169.67 - - [14/Jan/2021:09:36:03 +0800] "GET /xingrg/kc/buy/cgsh_order_operate.html?command=get_materiel&rest_code=00111&code=00101006136&supplier_code=00100012&order_time=2021-01-14 HTTP/1.1" 200 417
180.156.237.57 - - [14/Jan/2021:09:36:04 +0800] "POST /xingrg/kc/buy/cgsh_list_operate.html HTTP/1.1" 200 2519
180.156.237.57 - - [14/Jan/2021:09:36:06 +0800] "POST /xingrg/kc/buy/cgsh_list_operate.html HTTP/1.1" 200 566
180.156.237.57 - - [14/Jan/2021:09:36:07 +0800] "GET /xingrg/kc/buy/cgsh_order_info.html?code=212021011405846 HTTP/1.1" 200 56367
180.156.237.57 - - [14/Jan/2021:09:36:07 +0800] "GET /xingrg/words/20210114093449_words.js HTTP/1.1" 304 -
180.156.237.57 - - [14/Jan/2021:09:36:08 +0800] "GET /xingrg/javascript/easyui/themes/default/validatebox.css HTTP/1.1" 404 1104
180.156.237.57 - - [14/Jan/2021:09:36:08 +0800] "POST /xingrg/kc/buy/cgsh_order_operate.html HTTP/1.1" 200 4197
114.88.169.67 - - [14/Jan/2021:09:36:10 +0800] "GET /xingrg/all/function/internal_message.html?_=1610588166452&CODE_STATE=getMsg HTTP/1.1" 200 27
180.156.237.57 - - [14/Jan/2021:09:36:12 +0800] "GET /xingrg/kc/print/load_data.html?order_code=212021011405846&kc_code=cgsh&condition= HTTP/1.1" 200 2089
116.228.172.94 - - [14/Jan/2021:09:36:14 +0800] "GET /xingrg/kc/buy/cgsh_order_operate.html?command=get_materiel&rest_code=00107&code=00101006115&supplier_code=00100010&order_time=2021-01-14 HTTP/1.1" 200 409
180.156.237.57 - - [14/Jan/2021:09:36:19 +0800] "POST /xingrg/kc/buy/cgsh_list_operate.html HTTP/1.1" 200 2519
117.185.32.26 - - [14/Jan/2021:09:36:20 +0800] "GET /xingrg/check_reg.html?_=1610588176479 HTTP/1.1" 200 22
117.185.32.26 - - [14/Jan/2021:09:36:20 +0800] "GET /xingrg/all/function/internal_message.html?_=1610588176481&CODE_STATE=getMsg HTTP/1.1" 200 27
180.156.237.57 - - [14/Jan/2021:09:36:21 +0800] "GET /xingrg/all/function/internal_message.html?_=1610588160779&CODE_STATE=getMsg HTTP/1.1" 200 27
180.156.237.57 - - [14/Jan/2021:09:36:21 +0800] "GET /xingrg/kc/buy/cgsh_order_list.html HTTP/1.1" 200 46083
180.156.237.57 - - [14/Jan/2021:09:36:22 +0800] "POST /xingrg/kc/buy/cgsh_list_operate.html HTTP/1.1" 200 1688
114.88.169.67 - - [14/Jan/2021:09:36:24 +0800] "GET /xingrg/kc/buy/cgsh_order_operate.html?command=get_materiel&rest_code=00111&code=00101006108&supplier_code=00100012&order_time=2021-01-14 HTTP/1.1" 200 421
180.156.237.57 - - [14/Jan/2021:09:36:24 +0800] "POST /xingrg/kc/buy/cgsh_list_operate.html HTTP/1.1" 200 552
180.156.237.57 - - [14/Jan/2021:09:36:25 +0800] "GET /xingrg/kc/buy/cgsh_order_info.html?code=212021011405848 HTTP/1.1" 200 61467
180.156.237.57 - - [14/Jan/2021:09:36:25 +0800] "GET /xingrg/words/20210114093449_words.js HTTP/1.1" 304 -
180.156.237.57 - - [14/Jan/2021:09:36:26 +0800] "GET /xingrg/javascript/easyui/themes/default/validatebox.css HTTP/1.1" 404 1104
180.156.237.57 - - [14/Jan/2021:09:36:26 +0800] "POST /xingrg/kc/buy/cgsh_order_operate.html HTTP/1.1" 200 19382
116.228.172.94 - - [14/Jan/2021:09:36:29 +0800] "GET /xingrg/kc/buy/cgsh_order_operate.html?command=get_materiel&rest_code=00107&code=00101006058&supplier_code=00100010&order_time=2021-01-14 HTTP/1.1" 200 413
114.88.169.67 - - [14/Jan/2021:09:36:33 +0800] "GET /xingrg/all/function/internal_message.html?_=1610588185776&CODE_STATE=getMsg HTTP/1.1" 200 27
114.88.169.67 - - [14/Jan/2021:09:36:34 +0800] "GET /xingrg/kc/buy/cgsh_order_operate.html?command=get_materiel&rest_code=00111&code=00101006038&supplier_code=00100012&order_time=2021-01-14 HTTP/1.1" 200 421
218.81.216.242 - - [14/Jan/2021:09:36:35 +0800] "GET /xingrg/all/function/internal_message.html?_=1610588222668&CODE_STATE=getMsg HTTP/1.1" 200 27
222.69.137.61 - - [14/Jan/2021:09:36:36 +0800] "GET /xingrg/all/function/internal_message.html?_=1610588190636&CODE_STATE=getMsg HTTP/1.1" 200 27
180.156.237.57 - - [14/Jan/2021:09:36:38 +0800] "POST /xingrg/kc/buy/cgsh_order_operate.html HTTP/1.1" 200 37
180.169.147.146 - - [14/Jan/2021:09:36:38 +0800] "GET /xingrg/all/function/internal_message.html?_=1610588195592&CODE_STATE=getMsg HTTP/1.1" 200 27
120.253.135.82 - - [14/Jan/2021:09:36:39 +0800] "GET /xingrg/all/function/internal_message.html?_=1610588306938&CODE_STATE=getMsg HTTP/1.1" 200 27
172.20.0.100 - - [14/Jan/2021:09:36:40 +0800] "GET /xingrg/all/function/internal_message.html?_=1610588197740&CODE_STATE=getMsg HTTP/1.1" 200 27
180.156.237.57 - - [14/Jan/2021:09:36:40 +0800] "POST /xingrg/kc/buy/cgsh_order_operate.html HTTP/1.1" 200 12
180.156.237.57 - - [14/Jan/2021:09:36:41 +0800] "GET /xingrg/kc/buy/cgsh_order_info.html?code=212021011405848 HTTP/1.1" 200 56361
180.156.237.57 - - [14/Jan/2021:09:36:41 +0800] "GET /xingrg/words/20210114093449_words.js HTTP/1.1" 304 -
180.156.237.57 - - [14/Jan/2021:09:36:41 +0800] "GET /xingrg/javascript/easyui/themes/default/validatebox.css HTTP/1.1" 404 1104
180.156.237.57 - - [14/Jan/2021:09:36:42 +0800] "POST /xingrg/kc/buy/cgsh_order_operate.html HTTP/1.1" 200 17327
180.156.237.57 - - [14/Jan/2021:09:36:43 +0800] "GET /xingrg/kc/print/load_data.html?order_code=212021011405848&kc_code=cgsh&condition= HTTP/1.1" 200 7169
61.165.42.208 - - [14/Jan/2021:09:36:43 +0800] "GET /xingrg/all/function/internal_message.html?_=1610588184415&CODE_STATE=getMsg HTTP/1.1" 200 27
116.228.172.94 - - [14/Jan/2021:09:36:45 +0800] "GET /xingrg/kc/buy/cgsh_order_operate.html?command=get_materiel&rest_code=00107&code=00101006055&supplier_code=00100010&order_time=2021-01-14 HTTP/1.1" 200 409
180.175.150.119 - - [14/Jan/2021:09:36:46 +0800] "GET /xingrg/kc/buy/cgsh_order_operate.html?command=get_materiel&rest_code=00102&code=00101008437&supplier_code=00100008&order_time=2021-01-14 HTTP/1.1" 200 396
172.20.0.100 - - [14/Jan/2021:09:36:50 +0800] "GET /xingrg/check_reg.html?_=1610588209132 HTTP/1.1" 200 22
172.20.0.100 - - [14/Jan/2021:09:36:50 +0800] "GET /xingrg/all/function/internal_message.html?_=1610588209133&CODE_STATE=getMsg HTTP/1.1" 200 27
180.156.237.57 - - [14/Jan/2021:09:36:51 +0800] "GET /xingrg/all/function/internal_message.html?_=1610588212004&CODE_STATE=getMsg HTTP/1.1" 200 27
114.88.169.67 - - [14/Jan/2021:09:36:53 +0800] "GET /xingrg/kc/buy/cgsh_order_operate.html?command=get_materiel&rest_code=00111&code=00101006129&supplier_code=00100012&order_time=2021-01-14 HTTP/1.1" 200 451
180.175.150.119 - - [14/Jan/2021:09:36:58 +0800] "GET /xingrg/kc/buy/cgsh_order_operate.html?command=get_materiel&rest_code=00102&code=00101008168&supplier_code=00100008&order_time=2021-01-14 HTTP/1.1" 200 413
180.169.147.146 - - [14/Jan/2021:09:36:58 +0800] "GET /xingrg/all/function/internal_message.html?_=1610588215902&CODE_STATE=getMsg HTTP/1.1" 200 27
180.175.150.119 - - [14/Jan/2021:09:36:59 +0800] "GET /xingrg/all/function/internal_message.html?_=1610588456857&CODE_STATE=getMsg HTTP/1.1" 200 27
116.228.172.94 - - [14/Jan/2021:09:37:01 +0800] "GET /xingrg/all/function/internal_message.html?_=1610588212768&CODE_STATE=getMsg HTTP/1.1" 200 27
183.192.164.71 - - [14/Jan/2021:09:37:03 +0800] "GET /xingrg/check_reg.html?_=1610587876479 HTTP/1.1" 302 -
114.88.169.67 - - [14/Jan/2021:09:37:09 +0800] "GET /xingrg/kc/buy/cgsh_order_operate.html?command=get_materiel&rest_code=00111&code=00101006111&supplier_code=00100012&order_time=2021-01-14 HTTP/1.1" 200 409
183.192.164.71 - - [14/Jan/2021:09:37:10 +0800] "GET /xingrg/login.html HTTP/1.1" 200 7641
114.88.169.67 - - [14/Jan/2021:09:37:10 +0800] "GET /xingrg/all/function/internal_message.html?_=1610588226453&CODE_STATE=getMsg HTTP/1.1" 200 27
116.228.172.94 - - [14/Jan/2021:09:37:10 +0800] "GET /xingrg/kc/buy/cgsh_order_operate.html?command=get_materiel&rest_code=00107&code=00101006133&supplier_code=00100010&order_time=2021-01-14 HTTP/1.1" 200 413
114.88.169.67 - - [14/Jan/2021:09:37:18 +0800] "POST /xingrg/kc/buy/cgsh_order_operate.html HTTP/1.1" 200 37
117.185.32.26 - - [14/Jan/2021:09:37:20 +0800] "GET /xingrg/all/function/internal_message.html?_=1610588236481&CODE_STATE=getMsg HTTP/1.1" 200 27
180.175.150.119 - - [14/Jan/2021:09:37:20 +0800] "GET /xingrg/kc/buy/cgsh_order_operate.html?command=get_materiel&rest_code=00102&code=00101015046&supplier_code=00100008&order_time=2021-01-14 HTTP/1.1" 200 412
180.156.237.57 - - [14/Jan/2021:09:37:20 +0800] "GET /xingrg/check_reg.html?_=1610588220533 HTTP/1.1" 200 22
180.156.237.57 - - [14/Jan/2021:09:37:21 +0800] "GET /xingrg/all/function/internal_message.html?_=1610588220792&CODE_STATE=getMsg HTTP/1.1" 200 27
116.228.172.94 - - [14/Jan/2021:09:37:22 +0800] "POST /xingrg/kc/buy/cgsh_order_operate.html HTTP/1.1" 200 37
114.88.169.67 - - [14/Jan/2021:09:37:22 +0800] "POST /xingrg/kc/buy/cgsh_order_operate.html HTTP/1.1" 200 6842
116.228.172.94 - - [14/Jan/2021:09:37:24 +0800] "POST /xingrg/kc/buy/cgsh_order_operate.html HTTP/1.1" 200 5015
116.228.172.94 - - [14/Jan/2021:09:37:26 +0800] "GET /xingrg/kc/print/load_data.html?order_code=212021011405866&kc_code=cgsh&condition= HTTP/1.1" 200 1617
114.88.169.67 - - [14/Jan/2021:09:37:26 +0800] "GET /xingrg/kc/buy/cgsh_order_add.html HTTP/1.1" 200 61817
114.88.169.67 - - [14/Jan/2021:09:37:27 +0800] "GET /xingrg/words/20210114093449_words.js HTTP/1.1" 200 789015
114.88.169.67 - - [14/Jan/2021:09:37:28 +0800] "POST /xingrg/kc/buy/cgsh_order_operate.html HTTP/1.1" 200 8245
114.88.169.67 - - [14/Jan/2021:09:37:28 +0800] "GET /xingrg/javascript/easyui/themes/default/validatebox.css HTTP/1.1" 404 1104
180.175.150.119 - - [14/Jan/2021:09:37:28 +0800] "GET /xingrg/kc/buy/cgsh_order_operate.html?command=get_materiel&rest_code=00102&code=00101008123&supplier_code=00100008&order_time=2021-01-14 HTTP/1.1" 200 412
116.228.172.94 - - [14/Jan/2021:09:37:31 +0800] "GET /xingrg/kc/buy/cgsh_order_add.html HTTP/1.1" 200 61905
116.228.172.94 - - [14/Jan/2021:09:37:32 +0800] "GET /xingrg/words/20210114093449_words.js HTTP/1.1" 304 -
116.228.172.94 - - [14/Jan/2021:09:37:32 +0800] "GET /xingrg/javascript/easyui/themes/default/validatebox.css HTTP/1.1" 404 1104
116.228.172.94 - - [14/Jan/2021:09:37:32 +0800] "POST /xingrg/kc/buy/cgsh_order_operate.html HTTP/1.1" 200 8245
114.88.169.67 - - [14/Jan/2021:09:37:33 +0800] "GET /xingrg/all/function/internal_message.html?_=1610588245777&CODE_STATE=getMsg HTTP/1.1" 200 27
114.88.169.67 - - [14/Jan/2021:09:37:33 +0800] "GET /xingrg/check_reg.html?_=1610588245826 HTTP/1.1" 200 22
116.228.172.94 - - [14/Jan/2021:09:37:34 +0800] "GET /xingrg/javascript/easyui/themes/default/tree.css HTTP/1.1" 404 1090
116.228.172.94 - - [14/Jan/2021:09:37:34 +0800] "POST /xingrg/all/common/load_tree.html?tree=supplier_tree_json&isDelete=1 HTTP/1.1" 200 54293
218.81.216.242 - - [14/Jan/2021:09:37:36 +0800] "GET /xingrg/all/function/internal_message.html?_=1610588282873&CODE_STATE=getMsg HTTP/1.1" 200 27
222.69.137.61 - - [14/Jan/2021:09:37:36 +0800] "GET /xingrg/all/function/internal_message.html?_=1610588250638&CODE_STATE=getMsg HTTP/1.1" 200 27
222.69.137.61 - - [14/Jan/2021:09:37:36 +0800] "GET /xingrg/check_reg.html?_=1610588250643 HTTP/1.1" 200 22
114.88.169.67 - - [14/Jan/2021:09:37:38 +0800] "GET /xingrg/kc/buy/cgsh_order_operate.html?command=get_materiel&rest_code=00111&code=00101007072&supplier_code=00100004&order_time=2021-01-14 HTTP/1.1" 200 413
180.169.147.146 - - [14/Jan/2021:09:37:38 +0800] "GET /xingrg/check_reg.html?_=1610588255582 HTTP/1.1" 200 22
180.169.147.146 - - [14/Jan/2021:09:37:38 +0800] "GET /xingrg/all/function/internal_message.html?_=1610588255589&CODE_STATE=getMsg HTTP/1.1" 200 27
180.175.150.119 - - [14/Jan/2021:09:37:39 +0800] "GET /xingrg/kc/buy/cgsh_order_operate.html?command=get_materiel&rest_code=00102&code=00101015006&supplier_code=00100008&order_time=2021-01-14 HTTP/1.1" 200 413
120.253.135.82 - - [14/Jan/2021:09:37:39 +0800] "GET /xingrg/all/function/internal_message.html?_=1610588366964&CODE_STATE=getMsg HTTP/1.1" 200 27
172.20.0.100 - - [14/Jan/2021:09:37:40 +0800] "GET /xingrg/all/function/internal_message.html?_=1610588257742&CODE_STATE=getMsg HTTP/1.1" 200 27
172.20.0.100 - - [14/Jan/2021:09:37:40 +0800] "GET /xingrg/check_reg.html?_=1610588257743 HTTP/1.1" 200 22
61.165.42.208 - - [14/Jan/2021:09:37:43 +0800] "GET /xingrg/all/function/internal_message.html?_=1610588244414&CODE_STATE=getMsg HTTP/1.1" 200 27
116.228.172.94 - - [14/Jan/2021:09:37:48 +0800] "GET /xingrg/kc/buy/cgsh_order_operate.html?command=get_materiel&rest_code=00107&code=00101007022&supplier_code=00100002&order_time=2021-01-14 HTTP/1.1" 200 413
172.20.0.100 - - [14/Jan/2021:09:37:50 +0800] "GET /xingrg/all/function/internal_message.html?_=1610588269135&CODE_STATE=getMsg HTTP/1.1" 200 27
180.175.150.119 - - [14/Jan/2021:09:37:50 +0800] "GET /xingrg/kc/buy/cgsh_order_operate.html?command=get_materiel&rest_code=00102&code=00101015066&supplier_code=00100008&order_time=2021-01-14 HTTP/1.1" 200 413
180.156.237.57 - - [14/Jan/2021:09:37:51 +0800] "GET /xingrg/all/function/internal_message.html?_=1610588271990&CODE_STATE=getMsg HTTP/1.1" 200 27
114.88.169.67 - - [14/Jan/2021:09:37:53 +0800] "GET /xingrg/kc/buy/cgsh_order_operate.html?command=get_materiel&rest_code=00111&code=00101007061&supplier_code=00100004&order_time=2021-01-14 HTTP/1.1" 200 409
180.169.147.146 - - [14/Jan/2021:09:37:58 +0800] "GET /xingrg/all/function/internal_message.html?_=1610588275906&CODE_STATE=getMsg HTTP/1.1" 200 27
117.131.5.26 - - [14/Jan/2021:09:37:59 +0800] "GET /xingrg/check_reg.html?_=1610588624330 HTTP/1.1" 302 -
117.131.5.26 - - [14/Jan/2021:09:37:59 +0800] "GET /xingrg/login.html HTTP/1.1" 200 7641
180.175.150.119 - - [14/Jan/2021:09:37:59 +0800] "GET /xingrg/all/function/internal_message.html?_=1610588516865&CODE_STATE=getMsg HTTP/1.1" 200 27
116.228.172.94 - - [14/Jan/2021:09:37:59 +0800] "GET /xingrg/kc/buy/cgsh_order_operate.html?command=get_materiel&rest_code=00107&code=00101007075&supplier_code=00100002&order_time=2021-01-14 HTTP/1.1" 200 408
116.228.172.94 - - [14/Jan/2021:09:38:01 +0800] "GET /xingrg/all/function/internal_message.html?_=1610588272767&CODE_STATE=getMsg HTTP/1.1" 200 27
180.175.150.119 - - [14/Jan/2021:09:38:02 +0800] "GET /xingrg/kc/buy/cgsh_order_operate.html?command=get_materiel&rest_code=00102&code=00101008236&supplier_code=00100008&order_time=2021-01-14 HTTP/1.1" 200 417
114.88.169.67 - - [14/Jan/2021:09:38:04 +0800] "GET /xingrg/kc/buy/cgsh_order_operate.html?command=get_materiel&rest_code=00111&code=00101007048&supplier_code=00100004&order_time=2021-01-14 HTTP/1.1" 200 408
114.88.169.67 - - [14/Jan/2021:09:38:10 +0800] "GET /xingrg/all/function/internal_message.html?_=1610588286468&CODE_STATE=getMsg HTTP/1.1" 200 27
180.175.150.119 - - [14/Jan/2021:09:38:10 +0800] "GET /xingrg/kc/buy/cgsh_order_operate.html?command=get_materiel&rest_code=00102&code=00101015044&supplier_code=00100008&order_time=2021-01-14 HTTP/1.1" 200 408
116.228.172.94 - - [14/Jan/2021:09:38:16 +0800] "GET /xingrg/kc/buy/cgsh_order_operate.html?command=get_materiel&rest_code=00107&code=00101007061&supplier_code=00100002&order_time=2021-01-14 HTTP/1.1" 200 409
183.192.164.214 - - [14/Jan/2021:09:38:16 +0800] "GET /xingrg/all/function/internal_message.html?_=1610587816486&CODE_STATE=getMsg HTTP/1.1" 302 -
117.185.32.26 - - [14/Jan/2021:09:38:20 +0800] "GET /xingrg/all/function/internal_message.html?_=1610588296489&CODE_STATE=getMsg HTTP/1.1" 200 27
180.156.237.57 - - [14/Jan/2021:09:38:21 +0800] "GET /xingrg/all/function/internal_message.html?_=1610588280807&CODE_STATE=getMsg HTTP/1.1" 200 27
183.192.164.214 - - [14/Jan/2021:09:38:24 +0800] "GET /xingrg/login.html HTTP/1.1" 200 7641
114.88.169.67 - - [14/Jan/2021:09:38:26 +0800] "POST /xingrg/kc/buy/cgsh_order_operate.html HTTP/1.1" 200 37
114.88.169.67 - - [14/Jan/2021:09:38:27 +0800] "POST /xingrg/kc/buy/cgsh_order_operate.html HTTP/1.1" 200 3833
116.228.172.94 - - [14/Jan/2021:09:38:29 +0800] "POST /xingrg/kc/buy/cgsh_order_operate.html HTTP/1.1" 200 37
116.228.172.94 - - [14/Jan/2021:09:38:30 +0800] "POST /xingrg/kc/buy/cgsh_order_operate.html HTTP/1.1" 200 3835
116.228.172.94 - - [14/Jan/2021:09:38:32 +0800] "GET /xingrg/kc/print/load_data.html?order_code=212021011405868&kc_code=cgsh&condition= HTTP/1.1" 200 1190
114.88.169.67 - - [14/Jan/2021:09:38:32 +0800] "GET /xingrg/kc/buy/cgsh_order_add.html HTTP/1.1" 200 61817
114.88.169.67 - - [14/Jan/2021:09:38:33 +0800] "POST /xingrg/kc/buy/cgsh_order_operate.html HTTP/1.1" 200 8245
114.88.169.67 - - [14/Jan/2021:09:38:33 +0800] "GET /xingrg/all/function/internal_message.html?_=1610588305777&CODE_STATE=getMsg HTTP/1.1" 200 27
114.88.169.67 - - [14/Jan/2021:09:38:33 +0800] "GET /xingrg/javascript/easyui/themes/default/validatebox.css HTTP/1.1" 404 1104
218.81.216.242 - - [14/Jan/2021:09:38:36 +0800] "GET /xingrg/all/function/internal_message.html?_=1610588342883&CODE_STATE=getMsg HTTP/1.1" 200 27
222.69.137.61 - - [14/Jan/2021:09:38:36 +0800] "GET /xingrg/all/function/internal_message.html?_=1610588310629&CODE_STATE=getMsg HTTP/1.1" 200 27
180.175.150.119 - - [14/Jan/2021:09:38:37 +0800] "POST /xingrg/kc/buy/cgsh_order_operate.html HTTP/1.1" 200 2065
180.169.147.146 - - [14/Jan/2021:09:38:38 +0800] "GET /xingrg/all/function/internal_message.html?_=1610588315596&CODE_STATE=getMsg HTTP/1.1" 200 27
120.253.135.82 - - [14/Jan/2021:09:38:39 +0800] "GET /xingrg/all/function/internal_message.html?_=1610588426981&CODE_STATE=getMsg HTTP/1.1" 200 27
172.20.0.100 - - [14/Jan/2021:09:38:40 +0800] "GET /xingrg/all/function/internal_message.html?_=1610588317744&CODE_STATE=getMsg HTTP/1.1" 200 27
116.228.172.94 - - [14/Jan/2021:09:38:42 +0800] "GET /xingrg/index.html?sysBaseUrl=http%3A%2F%2F180.169.147.146%3A18081%2Fxingrg%2F&costTime=33×tamp=1585306063269 HTTP/1.1" 302 -
116.228.172.94 - - [14/Jan/2021:09:38:42 +0800] "GET /xingrg/login.html HTTP/1.1" 200 7641
61.165.42.208 - - [14/Jan/2021:09:38:43 +0800] "GET /xingrg/all/function/internal_message.html?_=1610588304415&CODE_STATE=getMsg HTTP/1.1" 200 27
120.204.17.72 - - [14/Jan/2021:09:38:46 +0800] "GET /xingrg/all/function/internal_message.html?_=1610587696455&CODE_STATE=getMsg HTTP/1.1" 302 -
180.175.150.119 - - [14/Jan/2021:09:38:49 +0800] "GET /xingrg/kc/buy/cgsh_order_operate.html?command=get_materiel&rest_code=00102&code=00101008126&supplier_code=00100008&order_time=2021-01-14 HTTP/1.1" 200 412
172.20.0.100 - - [14/Jan/2021:09:38:50 +0800] "GET /xingrg/all/function/internal_message.html?_=1610588329138&CODE_STATE=getMsg HTTP/1.1" 200 27
180.175.150.119 - - [14/Jan/2021:09:38:51 +0800] "GET /xingrg/check_reg.html?_=1610588569103 HTTP/1.1" 200 22
180.156.237.57 - - [14/Jan/2021:09:38:51 +0800] "GET /xingrg/all/function/internal_message.html?_=1610588331991&CODE_STATE=getMsg HTTP/1.1" 200 27
120.204.17.72 - - [14/Jan/2021:09:38:53 +0800] "GET /xingrg/login.html HTTP/1.1" 200 7641
180.169.147.146 - - [14/Jan/2021:09:38:58 +0800] "GET /xingrg/all/function/internal_message.html?_=1610588335894&CODE_STATE=getMsg HTTP/1.1" 200 27
180.175.150.119 - - [14/Jan/2021:09:38:59 +0800] "GET /xingrg/all/function/internal_message.html?_=1610588576878&CODE_STATE=getMsg HTTP/1.1" 200 27
116.228.172.94 - - [14/Jan/2021:09:39:01 +0800] "GET /xingrg/all/function/internal_message.html?_=1610588332774&CODE_STATE=getMsg HTTP/1.1" 200 27
58.221.95.50 - - [14/Jan/2021:09:39:03 +0800] "GET /xingrg/check_reg.html?_=1610588343385 HTTP/1.1" 302 -
180.175.150.119 - - [14/Jan/2021:09:39:04 +0800] "GET /xingrg/kc/buy/cgsh_order_operate.html?command=get_materiel&rest_code=00102&code=00101008087&supplier_code=00100008&order_time=2021-01-14 HTTP/1.1" 200 413
114.88.169.67 - - [14/Jan/2021:09:39:10 +0800] "GET /xingrg/all/function/internal_message.html?_=1610588346480&CODE_STATE=getMsg HTTP/1.1" 200 27
114.88.169.67 - - [14/Jan/2021:09:39:15 +0800] "GET /xingrg/kc/buy/cgsh_order_operate.html?command=get_materiel&rest_code=00111&code=00102001116&supplier_code=00100199&order_time=2021-01-14 HTTP/1.1" 200 408
180.169.147.146 - - [14/Jan/2021:09:39:18 +0800] "GET /xingrg/check_reg.html?_=1610588355728 HTTP/1.1" 200 22
117.185.32.26 - - [14/Jan/2021:09:39:20 +0800] "GET /xingrg/all/function/internal_message.html?_=1610588356489&CODE_STATE=getMsg HTTP/1.1" 200 27
180.156.237.57 - - [14/Jan/2021:09:39:21 +0800] "GET /xingrg/all/function/internal_message.html?_=1610588340820&CODE_STATE=getMsg HTTP/1.1" 200 27
180.175.150.119 - - [14/Jan/2021:09:39:30 +0800] "POST /xingrg/kc/buy/cgsh_order_operate.html HTTP/1.1" 200 37
180.175.150.119 - - [14/Jan/2021:09:39:32 +0800] "POST /xingrg/kc/buy/cgsh_order_operate.html HTTP/1.1" 200 15083
114.88.169.67 - - [14/Jan/2021:09:39:33 +0800] "GET /xingrg/all/function/internal_message.html?_=1610588365777&CODE_STATE=getMsg HTTP/1.1" 200 27
183.192.164.97 - - [14/Jan/2021:09:39:34 +0800] "GET /xingrg/all/function/internal_message.html?_=1610587756465&CODE_STATE=getMsg HTTP/1.1" 302 -
218.81.216.242 - - [14/Jan/2021:09:39:36 +0800] "GET /xingrg/all/function/internal_message.html?_=1610588403073&CODE_STATE=getMsg HTTP/1.1" 200 27
222.69.137.61 - - [14/Jan/2021:09:39:36 +0800] "GET /xingrg/all/function/internal_message.html?_=1610588370630&CODE_STATE=getMsg HTTP/1.1" 200 27
120.253.135.82 - - [14/Jan/2021:09:39:38 +0800] "GET /xingrg/check_reg.html?_=1610588485737 HTTP/1.1" 200 22
180.175.150.119 - - [14/Jan/2021:09:39:38 +0800] "POST /xingrg/kc/buy/cgsh_list_operate.html HTTP/1.1" 200 2386
180.169.147.146 - - [14/Jan/2021:09:39:38 +0800] "GET /xingrg/all/function/internal_message.html?_=1610588375583&CODE_STATE=getMsg HTTP/1.1" 200 27
120.253.135.82 - - [14/Jan/2021:09:39:39 +0800] "GET /xingrg/all/function/internal_message.html?_=1610588486995&CODE_STATE=getMsg HTTP/1.1" 200 27
172.20.0.100 - - [14/Jan/2021:09:39:40 +0800] "GET /xingrg/all/function/internal_message.html?_=1610588377744&CODE_STATE=getMsg HTTP/1.1" 200 27
114.88.169.67 - - [14/Jan/2021:09:39:41 +0800] "GET /xingrg/kc/buy/cgsh_order_operate.html?command=get_materiel&rest_code=00111&code=00101002027&supplier_code=00100199&order_time=2021-01-14 HTTP/1.1" 200 433
61.165.42.208 - - [14/Jan/2021:09:39:43 +0800] "GET /xingrg/all/function/internal_message.html?_=1610588364415&CODE_STATE=getMsg HTTP/1.1" 200 27
61.165.42.208 - - [14/Jan/2021:09:39:43 +0800] "GET /xingrg/check_reg.html?_=1610588364418 HTTP/1.1" 200 22
183.192.164.97 - - [14/Jan/2021:09:39:44 +0800] "GET /xingrg/login.html HTTP/1.1" 200 7641
172.20.0.100 - - [14/Jan/2021:09:39:50 +0800] "GET /xingrg/all/function/internal_message.html?_=1610588389142&CODE_STATE=getMsg HTTP/1.1" 200 27
180.156.237.57 - - [14/Jan/2021:09:39:51 +0800] "GET /xingrg/check_reg.html?_=1610588391999 HTTP/1.1" 200 22
180.156.237.57 - - [14/Jan/2021:09:39:51 +0800] "GET /xingrg/all/function/internal_message.html?_=1610588392002&CODE_STATE=getMsg HTTP/1.1" 200 27
114.88.169.67 - - [14/Jan/2021:09:39:53 +0800] "GET /xingrg/kc/buy/cgsh_order_operate.html?command=get_materiel&rest_code=00111&code=00101002006&supplier_code=00100199&order_time=2021-01-14 HTTP/1.1" 200 414
180.169.147.146 - - [14/Jan/2021:09:39:58 +0800] "GET /xingrg/all/function/internal_message.html?_=1610588395898&CODE_STATE=getMsg HTTP/1.1" 200 27
