114.88.169.67 - - [14/Jan/2021:08:32:33 +0800] "GET /xingrg/check_reg.html?_=1610584345728 HTTP/1.1" 200 22
120.253.135.82 - - [14/Jan/2021:08:32:38 +0800] "GET /xingrg/all/function/internal_message.html?_=1610584466056&CODE_STATE=getMsg HTTP/1.1" 200 27
172.20.0.100 - - [14/Jan/2021:08:32:40 +0800] "GET /xingrg/check_reg.html?_=1610584357741 HTTP/1.1" 200 22
172.20.0.100 - - [14/Jan/2021:08:32:40 +0800] "GET /xingrg/all/function/internal_message.html?_=1610584357742&CODE_STATE=getMsg HTTP/1.1" 200 27
180.156.237.57 - - [14/Jan/2021:08:32:43 +0800] "GET /xingrg/all/function/internal_message.html?_=1610584363664&CODE_STATE=getMsg HTTP/1.1" 200 27
218.81.216.242 - - [14/Jan/2021:08:33:32 +0800] "GET /xingrg/all/function/internal_message.html?_=1610584438848&CODE_STATE=getMsg HTTP/1.1" 200 27
114.88.169.67 - - [14/Jan/2021:08:33:33 +0800] "GET /xingrg/all/function/internal_message.html?_=1610584405726&CODE_STATE=getMsg HTTP/1.1" 200 27
120.253.135.82 - - [14/Jan/2021:08:33:38 +0800] "GET /xingrg/all/function/internal_message.html?_=1610584526068&CODE_STATE=getMsg HTTP/1.1" 200 27
172.20.0.100 - - [14/Jan/2021:08:33:40 +0800] "GET /xingrg/all/function/internal_message.html?_=1610584417744&CODE_STATE=getMsg HTTP/1.1" 200 27
180.156.237.57 - - [14/Jan/2021:08:33:43 +0800] "GET /xingrg/all/function/internal_message.html?_=1610584423674&CODE_STATE=getMsg HTTP/1.1" 200 27
58.221.95.50 - - [14/Jan/2021:08:34:06 +0800] "GET /xingrg/check_reg.html?_=1610584443554 HTTP/1.1" 302 -
58.221.95.50 - - [14/Jan/2021:08:34:07 +0800] "GET /xingrg/login.html HTTP/1.1" 200 7641
218.81.216.242 - - [14/Jan/2021:08:34:32 +0800] "GET /xingrg/all/function/internal_message.html?_=1610584499008&CODE_STATE=getMsg HTTP/1.1" 200 27
114.88.169.67 - - [14/Jan/2021:08:34:33 +0800] "GET /xingrg/all/function/internal_message.html?_=1610584465737&CODE_STATE=getMsg HTTP/1.1" 200 27
120.253.135.82 - - [14/Jan/2021:08:34:37 +0800] "GET /xingrg/check_reg.html?_=1610584585622 HTTP/1.1" 200 22
120.253.135.82 - - [14/Jan/2021:08:34:38 +0800] "GET /xingrg/all/function/internal_message.html?_=1610584586084&CODE_STATE=getMsg HTTP/1.1" 200 27
172.20.0.100 - - [14/Jan/2021:08:34:40 +0800] "GET /xingrg/all/function/internal_message.html?_=1610584477745&CODE_STATE=getMsg HTTP/1.1" 200 27
180.156.237.57 - - [14/Jan/2021:08:34:43 +0800] "GET /xingrg/all/function/internal_message.html?_=1610584483689&CODE_STATE=getMsg HTTP/1.1" 200 27
218.81.216.242 - - [14/Jan/2021:08:34:59 +0800] "GET /xingrg/check_reg.html?_=1610584526042 HTTP/1.1" 200 22
218.81.216.242 - - [14/Jan/2021:08:35:32 +0800] "GET /xingrg/all/function/internal_message.html?_=1610584559016&CODE_STATE=getMsg HTTP/1.1" 200 27
114.88.169.67 - - [14/Jan/2021:08:35:33 +0800] "GET /xingrg/all/function/internal_message.html?_=1610584525721&CODE_STATE=getMsg HTTP/1.1" 200 27
120.253.135.82 - - [14/Jan/2021:08:35:38 +0800] "GET /xingrg/all/function/internal_message.html?_=1610584646095&CODE_STATE=getMsg HTTP/1.1" 200 27
172.20.0.100 - - [14/Jan/2021:08:35:40 +0800] "GET /xingrg/all/function/internal_message.html?_=1610584537732&CODE_STATE=getMsg HTTP/1.1" 200 27
180.156.237.57 - - [14/Jan/2021:08:35:43 +0800] "GET /xingrg/check_reg.html?_=1610584543681 HTTP/1.1" 200 22
180.156.237.57 - - [14/Jan/2021:08:35:43 +0800] "GET /xingrg/all/function/internal_message.html?_=1610584543683&CODE_STATE=getMsg HTTP/1.1" 200 27
117.185.32.26 - - [14/Jan/2021:08:35:46 +0800] "GET /xingrg/login.html HTTP/1.1" 200 7641
58.40.7.146 - - [14/Jan/2021:08:35:49 +0800] "GET /xingrg/check_reg.html?_=1610584547575 HTTP/1.1" 200 22
117.185.32.26 - - [14/Jan/2021:08:36:01 +0800] "GET /favicon.ico HTTP/1.1" 404 -
117.185.32.26 - - [14/Jan/2021:08:36:07 +0800] "POST /xingrg/login.do HTTP/1.1" 302 -
117.185.32.26 - - [14/Jan/2021:08:36:07 +0800] "GET /xingrg/index.html?sysBaseUrl=http%3A%2F%2F180.169.147.146%3A18081%2Fxingrg%2F&costTime=39×tamp=1610584567405 HTTP/1.1" 200 17173
117.185.32.26 - - [14/Jan/2021:08:36:17 +0800] "POST /xingrg/all/common/load_tree.html?tree=area_rest_tree_json&manage=1 HTTP/1.1" 200 342
117.185.32.26 - - [14/Jan/2021:08:36:20 +0800] "GET /xingrg/all/function/internal_message.html?_=1610584576424&CODE_STATE=count HTTP/1.1" 200 11
117.185.32.26 - - [14/Jan/2021:08:36:20 +0800] "GET /xingrg/check_reg.html?_=1610584576425 HTTP/1.1" 200 22
117.185.32.26 - - [14/Jan/2021:08:36:21 +0800] "POST /xingrg/load_menu.html HTTP/1.1" 200 5138
117.185.32.26 - - [14/Jan/2021:08:36:22 +0800] "GET /favicon.ico HTTP/1.1" 404 -
117.185.32.26 - - [14/Jan/2021:08:36:28 +0800] "GET /xingrg/kc/base/base_main.html HTTP/1.1" 200 12142
117.185.32.26 - - [14/Jan/2021:08:36:31 +0800] "GET /xingrg/kc/base/wldb_order_list.html HTTP/1.1" 200 19339
218.81.216.242 - - [14/Jan/2021:08:36:32 +0800] "GET /xingrg/all/function/internal_message.html?_=1610584619029&CODE_STATE=getMsg HTTP/1.1" 200 27
114.88.169.67 - - [14/Jan/2021:08:36:33 +0800] "GET /xingrg/all/function/internal_message.html?_=1610584585720&CODE_STATE=getMsg HTTP/1.1" 200 27
117.185.32.26 - - [14/Jan/2021:08:36:37 +0800] "POST /xingrg/kc/base/wldb_list_operate.html HTTP/1.1" 200 928
120.253.135.82 - - [14/Jan/2021:08:36:38 +0800] "GET /xingrg/all/function/internal_message.html?_=1610584706107&CODE_STATE=getMsg HTTP/1.1" 200 27
172.20.0.100 - - [14/Jan/2021:08:36:40 +0800] "GET /xingrg/all/function/internal_message.html?_=1610584597736&CODE_STATE=getMsg HTTP/1.1" 200 27
117.185.32.26 - - [14/Jan/2021:08:36:42 +0800] "POST /xingrg/kc/base/wldb_list_operate.html HTTP/1.1" 200 6127
180.156.237.57 - - [14/Jan/2021:08:36:43 +0800] "GET /xingrg/all/function/internal_message.html?_=1610584603683&CODE_STATE=getMsg HTTP/1.1" 200 27
117.185.32.26 - - [14/Jan/2021:08:36:46 +0800] "POST /xingrg/kc/base/wldb_list_operate.html HTTP/1.1" 200 283
183.192.164.214 - - [14/Jan/2021:08:36:47 +0800] "GET /xingrg/login.html HTTP/1.1" 200 7641
117.185.32.26 - - [14/Jan/2021:08:36:49 +0800] "POST /xingrg/kc/base/wldb_list_operate.html HTTP/1.1" 200 215
117.185.32.26 - - [14/Jan/2021:08:36:51 +0800] "POST /xingrg/kc/base/wldb_list_operate.html HTTP/1.1" 200 453
117.185.32.26 - - [14/Jan/2021:08:36:57 +0800] "POST /xingrg/kc/base/wldb_list_operate.html HTTP/1.1" 200 286
117.185.32.26 - - [14/Jan/2021:08:37:00 +0800] "POST /xingrg/kc/base/wldb_list_operate.html HTTP/1.1" 200 283
117.185.32.26 - - [14/Jan/2021:08:37:05 +0800] "POST /xingrg/kc/base/wldb_list_operate.html HTTP/1.1" 200 367
183.192.164.71 - - [14/Jan/2021:08:37:11 +0800] "GET /xingrg/index.html?sysBaseUrl=http://180.169.147.146:18081/xingrg/&costTime=39×tamp=1610584567405 HTTP/1.1" 302 -
117.185.32.26 - - [14/Jan/2021:08:37:13 +0800] "POST /xingrg/kc/base/wldb_list_operate.html HTTP/1.1" 200 6321
183.192.164.71 - - [14/Jan/2021:08:37:13 +0800] "GET /xingrg/login.html HTTP/1.1" 200 7641
120.204.17.72 - - [14/Jan/2021:08:37:14 +0800] "GET /xingrg/index.html?sysBaseUrl=http://180.169.147.146:18081/xingrg/&costTime=39×tamp=1610584567405 HTTP/1.1" 302 -
117.185.32.26 - - [14/Jan/2021:08:37:20 +0800] "GET /xingrg/all/function/internal_message.html?_=1610584636428&CODE_STATE=getMsg HTTP/1.1" 200 27
120.204.17.72 - - [14/Jan/2021:08:37:22 +0800] "GET /xingrg/login.html HTTP/1.1" 200 7641
183.192.164.71 - - [14/Jan/2021:08:37:23 +0800] "GET /xingrg/all/function/internal_message.html?_=1610584576424&CODE_STATE=count HTTP/1.1" 302 -
183.192.164.71 - - [14/Jan/2021:08:37:28 +0800] "GET /xingrg/login.html HTTP/1.1" 200 7641
183.192.164.214 - - [14/Jan/2021:08:37:29 +0800] "GET /xingrg/check_reg.html?_=1610584576425 HTTP/1.1" 302 -
120.204.17.70 - - [14/Jan/2021:08:37:30 +0800] "GET /xingrg/kc/base/base_main.html HTTP/1.1" 302 -
183.192.164.85 - - [14/Jan/2021:08:37:31 +0800] "GET /xingrg/kc/base/wldb_order_list.html HTTP/1.1" 302 -
120.204.17.70 - - [14/Jan/2021:08:37:32 +0800] "GET /xingrg/login.html HTTP/1.1" 200 7641
218.81.216.242 - - [14/Jan/2021:08:37:32 +0800] "GET /xingrg/all/function/internal_message.html?_=1610584679193&CODE_STATE=getMsg HTTP/1.1" 200 27
183.192.164.85 - - [14/Jan/2021:08:37:33 +0800] "GET /xingrg/login.html HTTP/1.1" 200 7641
114.88.169.67 - - [14/Jan/2021:08:37:33 +0800] "GET /xingrg/all/function/internal_message.html?_=1610584645718&CODE_STATE=getMsg HTTP/1.1" 200 27
114.88.169.67 - - [14/Jan/2021:08:37:33 +0800] "GET /xingrg/check_reg.html?_=1610584645721 HTTP/1.1" 200 22
120.253.135.82 - - [14/Jan/2021:08:37:38 +0800] "GET /xingrg/all/function/internal_message.html?_=1610584766124&CODE_STATE=getMsg HTTP/1.1" 200 27
183.192.164.214 - - [14/Jan/2021:08:37:39 +0800] "GET /xingrg/login.html HTTP/1.1" 200 7641
172.20.0.100 - - [14/Jan/2021:08:37:40 +0800] "GET /xingrg/all/function/internal_message.html?_=1610584657740&CODE_STATE=getMsg HTTP/1.1" 200 27
172.20.0.100 - - [14/Jan/2021:08:37:40 +0800] "GET /xingrg/check_reg.html?_=1610584657742 HTTP/1.1" 200 22
180.156.237.57 - - [14/Jan/2021:08:37:43 +0800] "GET /xingrg/all/function/internal_message.html?_=1610584663696&CODE_STATE=getMsg HTTP/1.1" 200 27
117.185.32.26 - - [14/Jan/2021:08:38:20 +0800] "GET /xingrg/all/function/internal_message.html?_=1610584696429&CODE_STATE=getMsg HTTP/1.1" 200 27
183.192.164.214 - - [14/Jan/2021:08:38:20 +0800] "GET /xingrg/all/function/internal_message.html?_=1610584636428&CODE_STATE=getMsg HTTP/1.1" 302 -
183.192.164.214 - - [14/Jan/2021:08:38:24 +0800] "GET /xingrg/login.html HTTP/1.1" 200 7641
180.175.150.119 - - [14/Jan/2021:08:38:27 +0800] "POST /xingrg/services/DataTransmitService HTTP/1.1" 200 524
218.81.216.242 - - [14/Jan/2021:08:38:32 +0800] "GET /xingrg/all/function/internal_message.html?_=1610584739197&CODE_STATE=getMsg HTTP/1.1" 200 27
114.88.169.67 - - [14/Jan/2021:08:38:33 +0800] "GET /xingrg/all/function/internal_message.html?_=1610584705720&CODE_STATE=getMsg HTTP/1.1" 200 27
120.253.135.82 - - [14/Jan/2021:08:38:38 +0800] "GET /xingrg/all/function/internal_message.html?_=1610584826135&CODE_STATE=getMsg HTTP/1.1" 200 27
172.20.0.100 - - [14/Jan/2021:08:38:40 +0800] "GET /xingrg/all/function/internal_message.html?_=1610584717743&CODE_STATE=getMsg HTTP/1.1" 200 27
180.156.237.57 - - [14/Jan/2021:08:38:43 +0800] "GET /xingrg/all/function/internal_message.html?_=1610584723684&CODE_STATE=getMsg HTTP/1.1" 200 27
58.221.95.50 - - [14/Jan/2021:08:39:03 +0800] "GET /xingrg/check_reg.html?_=1610584743526 HTTP/1.1" 302 -
117.185.32.26 - - [14/Jan/2021:08:39:20 +0800] "GET /xingrg/all/function/internal_message.html?_=1610584756428&CODE_STATE=getMsg HTTP/1.1" 200 27
183.192.164.85 - - [14/Jan/2021:08:39:24 +0800] "GET /xingrg/all/function/internal_message.html?_=1610584696429&CODE_STATE=getMsg HTTP/1.1" 302 -
183.192.164.85 - - [14/Jan/2021:08:39:29 +0800] "GET /xingrg/login.html HTTP/1.1" 200 7641
218.81.216.242 - - [14/Jan/2021:08:39:32 +0800] "GET /xingrg/all/function/internal_message.html?_=1610584799365&CODE_STATE=getMsg HTTP/1.1" 200 27
114.88.169.67 - - [14/Jan/2021:08:39:33 +0800] "GET /xingrg/all/function/internal_message.html?_=1610584765718&CODE_STATE=getMsg HTTP/1.1" 200 27
120.253.135.82 - - [14/Jan/2021:08:39:37 +0800] "GET /xingrg/check_reg.html?_=1610584885625 HTTP/1.1" 200 22
120.253.135.82 - - [14/Jan/2021:08:39:38 +0800] "GET /xingrg/all/function/internal_message.html?_=1610584886148&CODE_STATE=getMsg HTTP/1.1" 200 27
172.20.0.100 - - [14/Jan/2021:08:39:40 +0800] "GET /xingrg/all/function/internal_message.html?_=1610584777745&CODE_STATE=getMsg HTTP/1.1" 200 27
117.185.32.26 - - [14/Jan/2021:08:39:43 +0800] "GET /xingrg/kc/buy/buy_main.html HTTP/1.1" 200 12412
117.185.32.26 - - [14/Jan/2021:08:39:43 +0800] "GET /xingrg/css/new_ie.css HTTP/1.1" 404 1036
180.156.237.57 - - [14/Jan/2021:08:39:43 +0800] "GET /xingrg/all/function/internal_message.html?_=1610584783703&CODE_STATE=getMsg HTTP/1.1" 200 27
117.185.32.26 - - [14/Jan/2021:08:39:44 +0800] "GET /xingrg/images/yd/bt.gif HTTP/1.1" 404 1040
117.185.32.26 - - [14/Jan/2021:08:39:45 +0800] "GET /xingrg/kc/buy/cgsh_order_list.html HTTP/1.1" 200 46079
117.185.32.26 - - [14/Jan/2021:08:39:46 +0800] "POST /xingrg/kc/buy/cgsh_list_operate.html HTTP/1.1" 200 876
117.185.32.26 - - [14/Jan/2021:08:39:47 +0800] "GET /xingrg/kc/buy/cgsh_order_add.html HTTP/1.1" 200 61823
117.185.32.26 - - [14/Jan/2021:08:39:47 +0800] "GET /xingrg/words/20210113102048_words.js HTTP/1.1" 200 788901
117.185.32.26 - - [14/Jan/2021:08:39:48 +0800] "GET /xingrg/all/common/auto_word.html?type=employee&rest_code=00106 HTTP/1.1" 200 205
117.185.32.26 - - [14/Jan/2021:08:39:48 +0800] "GET /xingrg/all/common/auto_word.html?type=employee&rest_code=00106 HTTP/1.1" 200 205
117.185.32.26 - - [14/Jan/2021:08:39:48 +0800] "GET /xingrg/javascript/easyui/themes/default/validatebox.css HTTP/1.1" 404 1104
117.185.32.26 - - [14/Jan/2021:08:39:48 +0800] "POST /xingrg/kc/buy/cgsh_order_operate.html HTTP/1.1" 200 8245
117.185.32.26 - - [14/Jan/2021:08:39:50 +0800] "GET /xingrg/javascript/auto/indicator.gif HTTP/1.1" 404 1066
180.156.237.57 - - [14/Jan/2021:08:39:51 +0800] "GET /xingrg/login.html HTTP/1.1" 200 7641
180.156.237.57 - - [14/Jan/2021:08:39:51 +0800] "GET /favicon.ico HTTP/1.1" 404 -
180.156.237.57 - - [14/Jan/2021:08:39:53 +0800] "POST /xingrg/login.do HTTP/1.1" 302 -
180.156.237.57 - - [14/Jan/2021:08:39:53 +0800] "GET /xingrg/index.html?sysBaseUrl=http%3A%2F%2F180.169.147.146%3A18081%2Fxingrg%2F&costTime=39×tamp=1610584793255 HTTP/1.1" 200 17179
180.156.237.57 - - [14/Jan/2021:08:39:53 +0800] "GET /xingrg/css/form.css HTTP/1.1" 304 -
180.156.237.57 - - [14/Jan/2021:08:39:53 +0800] "GET /xingrg/javascript/jquery_easy_ui/themes/default/easyui.css HTTP/1.1" 304 -
180.156.237.57 - - [14/Jan/2021:08:39:53 +0800] "GET /xingrg/javascript/jquery_easy_ui/easyui-lang-zh_CN.js HTTP/1.1" 304 -
180.156.237.57 - - [14/Jan/2021:08:39:53 +0800] "GET /xingrg/javascript/jquery_easy_ui/themes/icon.css HTTP/1.1" 304 -
180.156.237.57 - - [14/Jan/2021:08:39:53 +0800] "GET /xingrg/javascript/jquery-1.4.2.min.js HTTP/1.1" 304 -
180.156.237.57 - - [14/Jan/2021:08:39:53 +0800] "GET /xingrg/javascript/jquery.timers.js HTTP/1.1" 304 -
180.156.237.57 - - [14/Jan/2021:08:39:53 +0800] "GET /xingrg/javascript/jquery.form.js HTTP/1.1" 304 -
180.156.237.57 - - [14/Jan/2021:08:39:53 +0800] "GET /xingrg/javascript/jquery.utils.js HTTP/1.1" 304 -
180.156.237.57 - - [14/Jan/2021:08:39:53 +0800] "GET /xingrg/javascript/jquery_easy_ui/jquery.easyui.min.js HTTP/1.1" 304 -
180.156.237.57 - - [14/Jan/2021:08:39:53 +0800] "POST /xingrg/all/common/load_tree.html?tree=area_rest_tree_json&manage=1 HTTP/1.1" 200 476
180.156.237.57 - - [14/Jan/2021:08:39:53 +0800] "GET /xingrg/all/function/internal_message.html?_=1610584773193&CODE_STATE=count HTTP/1.1" 200 11
180.156.237.57 - - [14/Jan/2021:08:39:53 +0800] "GET /xingrg/check_reg.html?_=1610584773194 HTTP/1.1" 200 22
180.156.237.57 - - [14/Jan/2021:08:39:53 +0800] "POST /xingrg/load_menu.html HTTP/1.1" 200 5138
180.156.237.57 - - [14/Jan/2021:08:39:53 +0800] "GET /favicon.ico HTTP/1.1" 404 -
180.156.237.57 - - [14/Jan/2021:08:39:57 +0800] "GET /xingrg/css/site.css HTTP/1.1" 304 -
180.156.237.57 - - [14/Jan/2021:08:39:57 +0800] "GET /xingrg/javascript/easyui/themes/icon.css HTTP/1.1" 304 -
180.156.237.57 - - [14/Jan/2021:08:39:57 +0800] "GET /xingrg/css/base.css HTTP/1.1" 304 -
180.156.237.57 - - [14/Jan/2021:08:39:57 +0800] "GET /xingrg/javascript/auto/jquery.autocomplete.css HTTP/1.1" 304 -
180.156.237.57 - - [14/Jan/2021:08:39:57 +0800] "GET /xingrg/javascript/easyui/themes/default/easyui.css HTTP/1.1" 304 -
180.156.237.57 - - [14/Jan/2021:08:39:57 +0800] "GET /xingrg/javascript/jquery_tools/datebox.css HTTP/1.1" 304 -
180.156.237.57 - - [14/Jan/2021:08:39:57 +0800] "GET /xingrg/javascript/jquery_tools/table.css HTTP/1.1" 304 -
180.156.237.57 - - [14/Jan/2021:08:39:57 +0800] "GET /xingrg/javascript/jquery_tools/jquery.tools.min.js HTTP/1.1" 304 -
180.156.237.57 - - [14/Jan/2021:08:39:57 +0800] "GET /xingrg/javascript/jquery_tools/fix.css HTTP/1.1" 304 -
180.156.237.57 - - [14/Jan/2021:08:39:57 +0800] "GET /xingrg/javascript/jquery_tools/jquery.tools.hotkey.js HTTP/1.1" 304 -
180.156.237.57 - - [14/Jan/2021:08:39:57 +0800] "GET /xingrg/javascript/jquery_tools/jquery.tools.table.js HTTP/1.1" 304 -
180.156.237.57 - - [14/Jan/2021:08:39:57 +0800] "GET /xingrg/javascript/auto/jquery.autocomplete.js HTTP/1.1" 304 -
180.156.237.57 - - [14/Jan/2021:08:39:57 +0800] "GET /xingrg/javascript/jquery_tools/jquery.tools.extend.js HTTP/1.1" 304 -
180.156.237.57 - - [14/Jan/2021:08:39:57 +0800] "GET /xingrg/javascript/jquery.cookie.js HTTP/1.1" 304 -
180.156.237.57 - - [14/Jan/2021:08:39:57 +0800] "GET /xingrg/javascript/print/LodopFuncs.js HTTP/1.1" 304 -
180.156.237.57 - - [14/Jan/2021:08:39:57 +0800] "GET /xingrg/javascript/easyui/easyloader.js HTTP/1.1" 304 -
180.156.237.57 - - [14/Jan/2021:08:39:57 +0800] "GET /xingrg/javascript/jquery_tools/list_manager.js HTTP/1.1" 304 -
180.156.237.57 - - [14/Jan/2021:08:39:57 +0800] "GET /xingrg/kc/buy/cgsh_order_list.html HTTP/1.1" 200 46085
180.156.237.57 - - [14/Jan/2021:08:39:57 +0800] "GET /xingrg/javascript/easyui/plugins/jquery.parser.js HTTP/1.1" 304 -
180.156.237.57 - - [14/Jan/2021:08:39:58 +0800] "POST /xingrg/kc/buy/cgsh_list_operate.html HTTP/1.1" 200 876
218.81.216.242 - - [14/Jan/2021:08:39:59 +0800] "GET /xingrg/check_reg.html?_=1610584826044 HTTP/1.1" 200 22
180.156.237.57 - - [14/Jan/2021:08:40:09 +0800] "GET /xingrg/javascript/pic_change.js HTTP/1.1" 304 -
180.156.237.57 - - [14/Jan/2021:08:40:09 +0800] "GET /xingrg/javascript/print/kc_print.js HTTP/1.1" 304 -
180.156.237.57 - - [14/Jan/2021:08:40:09 +0800] "GET /xingrg/javascript/jquery_tools/order_manager.js HTTP/1.1" 304 -
180.156.237.57 - - [14/Jan/2021:08:40:09 +0800] "GET /xingrg/javascript/convert.js HTTP/1.1" 304 -
180.156.237.57 - - [14/Jan/2021:08:40:09 +0800] "GET /xingrg/javascript/json2.js HTTP/1.1" 304 -
180.156.237.57 - - [14/Jan/2021:08:40:09 +0800] "GET /xingrg/kc/buy/cgsh_order_add.html HTTP/1.1" 200 61753
180.156.237.57 - - [14/Jan/2021:08:40:09 +0800] "GET /xingrg/words/20210113102048_words.js HTTP/1.1" 304 -
180.156.237.57 - - [14/Jan/2021:08:40:09 +0800] "POST /xingrg/kc/buy/cgsh_order_operate.html HTTP/1.1" 200 8245
180.156.237.57 - - [14/Jan/2021:08:40:09 +0800] "GET /xingrg/all/common/auto_word.html?type=employee&rest_code=00150 HTTP/1.1" 200 205
180.156.237.57 - - [14/Jan/2021:08:40:09 +0800] "GET /xingrg/all/common/auto_word.html?type=employee&rest_code=00150 HTTP/1.1" 200 205
180.156.237.57 - - [14/Jan/2021:08:40:09 +0800] "GET /xingrg/javascript/easyui/themes/default/validatebox.css HTTP/1.1" 404 1104
180.156.237.57 - - [14/Jan/2021:08:40:09 +0800] "GET /xingrg/javascript/easyui/plugins/jquery.validatebox.js HTTP/1.1" 304 -
180.156.237.57 - - [14/Jan/2021:08:40:09 +0800] "GET /xingrg/javascript/easyui/plugins/jquery.numberbox.js HTTP/1.1" 304 -
180.156.237.57 - - [14/Jan/2021:08:40:10 +0800] "GET /xingrg/javascript/auto/indicator.gif HTTP/1.1" 404 1066
117.185.32.26 - - [14/Jan/2021:08:40:10 +0800] "GET /xingrg/kc/buy/cgsh_order_operate.html?command=get_materiel&rest_code=00106&code=00102002802&supplier_code=&order_time=2021-01-14 HTTP/1.1" 200 426
180.156.237.57 - - [14/Jan/2021:08:40:16 +0800] "GET /xingrg/kc/buy/cgsh_order_operate.html?command=get_materiel&rest_code=00150&code=00101001084&supplier_code=00100096&order_time=2021-01-14 HTTP/1.1" 200 413
117.185.32.26 - - [14/Jan/2021:08:40:20 +0800] "GET /xingrg/all/function/internal_message.html?_=1610584816462&CODE_STATE=getMsg HTTP/1.1" 200 27
120.204.17.70 - - [14/Jan/2021:08:40:26 +0800] "GET /xingrg/all/function/internal_message.html?_=1610584756428&CODE_STATE=getMsg HTTP/1.1" 302 -
180.156.237.57 - - [14/Jan/2021:08:40:30 +0800] "GET /xingrg/kc/buy/cgsh_order_operate.html?command=get_materiel&rest_code=00150&code=00101012029&supplier_code=00100096&order_time=2021-01-14 HTTP/1.1" 200 414
120.204.17.70 - - [14/Jan/2021:08:40:32 +0800] "GET /xingrg/login.html HTTP/1.1" 200 7641
218.81.216.242 - - [14/Jan/2021:08:40:32 +0800] "GET /xingrg/all/function/internal_message.html?_=1610584859365&CODE_STATE=getMsg HTTP/1.1" 200 27
114.88.169.67 - - [14/Jan/2021:08:40:33 +0800] "GET /xingrg/all/function/internal_message.html?_=1610584825732&CODE_STATE=getMsg HTTP/1.1" 200 27
120.253.135.82 - - [14/Jan/2021:08:40:38 +0800] "GET /xingrg/all/function/internal_message.html?_=1610584946168&CODE_STATE=getMsg HTTP/1.1" 200 27
172.20.0.100 - - [14/Jan/2021:08:40:40 +0800] "GET /xingrg/all/function/internal_message.html?_=1610584837733&CODE_STATE=getMsg HTTP/1.1" 200 27
180.156.237.57 - - [14/Jan/2021:08:40:43 +0800] "GET /xingrg/check_reg.html?_=1610584843693 HTTP/1.1" 200 22
180.156.237.57 - - [14/Jan/2021:08:40:43 +0800] "GET /xingrg/all/function/internal_message.html?_=1610584843696&CODE_STATE=getMsg HTTP/1.1" 200 27
180.156.237.57 - - [14/Jan/2021:08:40:43 +0800] "GET /xingrg/kc/buy/cgsh_order_list.html HTTP/1.1" 200 46085
180.156.237.57 - - [14/Jan/2021:08:40:44 +0800] "POST /xingrg/kc/buy/cgsh_list_operate.html HTTP/1.1" 200 876
120.204.17.72 - - [14/Jan/2021:08:40:47 +0800] "GET /xingrg/kc/buy/buy_main.html HTTP/1.1" 302 -
183.192.164.85 - - [14/Jan/2021:08:40:48 +0800] "GET /xingrg/kc/buy/cgsh_order_add.html HTTP/1.1" 302 -
183.192.164.85 - - [14/Jan/2021:08:40:49 +0800] "GET /xingrg/login.html HTTP/1.1" 200 7641
58.40.7.146 - - [14/Jan/2021:08:40:49 +0800] "GET /xingrg/check_reg.html?_=1610584847552 HTTP/1.1" 200 22
180.156.237.57 - - [14/Jan/2021:08:40:50 +0800] "GET /xingrg/kc/buy/cgsh_order_add.html HTTP/1.1" 200 61741
180.156.237.57 - - [14/Jan/2021:08:40:50 +0800] "GET /xingrg/words/20210113102048_words.js HTTP/1.1" 304 -
180.156.237.57 - - [14/Jan/2021:08:40:50 +0800] "POST /xingrg/kc/buy/cgsh_order_operate.html HTTP/1.1" 200 8245
180.156.237.57 - - [14/Jan/2021:08:40:50 +0800] "GET /xingrg/all/common/auto_word.html?type=employee&rest_code=00150 HTTP/1.1" 200 205
180.156.237.57 - - [14/Jan/2021:08:40:50 +0800] "GET /xingrg/javascript/easyui/themes/default/validatebox.css HTTP/1.1" 404 1104
180.156.237.57 - - [14/Jan/2021:08:40:50 +0800] "GET /xingrg/all/common/auto_word.html?type=employee&rest_code=00150 HTTP/1.1" 200 205
180.156.237.57 - - [14/Jan/2021:08:40:52 +0800] "GET /xingrg/kc/buy/cgsh_order_list.html HTTP/1.1" 200 46085
120.204.17.72 - - [14/Jan/2021:08:40:52 +0800] "GET /xingrg/login.html HTTP/1.1" 200 7641
180.156.237.57 - - [14/Jan/2021:08:40:53 +0800] "POST /xingrg/kc/buy/cgsh_list_operate.html HTTP/1.1" 200 876
180.156.237.57 - - [14/Jan/2021:08:40:53 +0800] "GET /xingrg/all/function/internal_message.html?_=1610584833199&CODE_STATE=getMsg HTTP/1.1" 200 27
180.156.237.57 - - [14/Jan/2021:08:40:54 +0800] "GET /xingrg/kc/buy/cgsh_order_add.html HTTP/1.1" 200 61741
180.156.237.57 - - [14/Jan/2021:08:40:54 +0800] "POST /xingrg/kc/buy/cgsh_order_operate.html HTTP/1.1" 200 8245
180.156.237.57 - - [14/Jan/2021:08:40:54 +0800] "GET /xingrg/javascript/easyui/themes/default/validatebox.css HTTP/1.1" 404 1104
180.156.237.57 - - [14/Jan/2021:08:40:57 +0800] "GET /xingrg/kc/buy/cgsh_order_operate.html?command=get_materiel&rest_code=00150&code=00101006168&supplier_code=00100096&order_time=2021-01-14 HTTP/1.1" 200 421
183.192.164.214 - - [14/Jan/2021:08:40:59 +0800] "GET /xingrg/all/common/auto_word.html?type=employee&rest_code=00106 HTTP/1.1" 302 -
183.192.164.214 - - [14/Jan/2021:08:41:00 +0800] "GET /xingrg/login.html HTTP/1.1" 200 7641
180.156.237.57 - - [14/Jan/2021:08:41:07 +0800] "GET /xingrg/javascript/auto/indicator.gif HTTP/1.1" 404 1066
180.156.237.57 - - [14/Jan/2021:08:41:11 +0800] "GET /xingrg/kc/buy/cgsh_order_operate.html?command=get_materiel&rest_code=00150&code=00101006065&supplier_code=00100096&order_time=2021-01-14 HTTP/1.1" 200 411
117.131.5.26 - - [14/Jan/2021:08:41:12 +0800] "POST /xingrg/services/DataTransmitService HTTP/1.1" 200 524
180.156.237.57 - - [14/Jan/2021:08:41:14 +0800] "GET /xingrg/kc/buy/cgsh_order_operate.html?command=get_materiel&rest_code=00150&code=00101008049&supplier_code=00100007&order_time=2021-01-14 HTTP/1.1" 200 408
117.185.32.26 - - [14/Jan/2021:08:41:20 +0800] "GET /xingrg/check_reg.html?_=1610584876435 HTTP/1.1" 200 22
117.185.32.26 - - [14/Jan/2021:08:41:20 +0800] "GET /xingrg/all/function/internal_message.html?_=1610584876436&CODE_STATE=getMsg HTTP/1.1" 200 27
183.192.164.85 - - [14/Jan/2021:08:41:22 +0800] "GET /xingrg/all/function/internal_message.html?_=1610584816462&CODE_STATE=getMsg HTTP/1.1" 302 -
180.156.237.57 - - [14/Jan/2021:08:41:23 +0800] "GET /xingrg/kc/buy/cgsh_order_operate.html?command=get_materiel&rest_code=00150&code=00101008096&supplier_code=00100007&order_time=2021-01-14 HTTP/1.1" 200 413
180.156.237.57 - - [14/Jan/2021:08:41:24 +0800] "GET /xingrg/kc/buy/cgsh_order_operate.html?command=get_materiel&rest_code=00150&code=00101006184&supplier_code=00100096&order_time=2021-01-14 HTTP/1.1" 200 408
183.192.164.85 - - [14/Jan/2021:08:41:26 +0800] "GET /xingrg/login.html HTTP/1.1" 200 7641
180.156.237.57 - - [14/Jan/2021:08:41:29 +0800] "GET /xingrg/kc/buy/cgsh_order_operate.html?command=get_materiel&rest_code=00150&code=00101008038&supplier_code=00100007&order_time=2021-01-14 HTTP/1.1" 200 431
180.156.237.57 - - [14/Jan/2021:08:41:32 +0800] "GET /xingrg/kc/buy/cgsh_order_operate.html?command=get_materiel&rest_code=00150&code=00101006055&supplier_code=00100096&order_time=2021-01-14 HTTP/1.1" 200 409
218.81.216.242 - - [14/Jan/2021:08:41:32 +0800] "GET /xingrg/all/function/internal_message.html?_=1610584919378&CODE_STATE=getMsg HTTP/1.1" 200 27
114.88.169.67 - - [14/Jan/2021:08:41:33 +0800] "GET /xingrg/all/function/internal_message.html?_=1610584885718&CODE_STATE=getMsg HTTP/1.1" 200 27
180.156.237.57 - - [14/Jan/2021:08:41:35 +0800] "GET /xingrg/kc/buy/cgsh_order_operate.html?command=get_materiel&rest_code=00150&code=00101008163&supplier_code=00100007&order_time=2021-01-14 HTTP/1.1" 200 409
120.253.135.82 - - [14/Jan/2021:08:41:38 +0800] "GET /xingrg/all/function/internal_message.html?_=1610585006175&CODE_STATE=getMsg HTTP/1.1" 200 27
172.20.0.100 - - [14/Jan/2021:08:41:40 +0800] "GET /xingrg/all/function/internal_message.html?_=1610584897735&CODE_STATE=getMsg HTTP/1.1" 200 27
180.156.237.57 - - [14/Jan/2021:08:41:41 +0800] "GET /xingrg/kc/buy/cgsh_order_operate.html?command=get_materiel&rest_code=00150&code=00101006109&supplier_code=00100096&order_time=2021-01-14 HTTP/1.1" 200 409
180.156.237.57 - - [14/Jan/2021:08:41:41 +0800] "GET /xingrg/kc/buy/cgsh_order_operate.html?command=get_materiel&rest_code=00150&code=00101008224&supplier_code=00100007&order_time=2021-01-14 HTTP/1.1" 200 416
180.156.237.57 - - [14/Jan/2021:08:41:43 +0800] "GET /xingrg/all/function/internal_message.html?_=1610584903704&CODE_STATE=getMsg HTTP/1.1" 200 27
180.156.237.57 - - [14/Jan/2021:08:41:47 +0800] "GET /xingrg/kc/buy/cgsh_order_operate.html?command=get_materiel&rest_code=00150&code=00101008361&supplier_code=00100007&order_time=2021-01-14 HTTP/1.1" 200 408
180.156.237.57 - - [14/Jan/2021:08:41:51 +0800] "GET /xingrg/kc/buy/cgsh_order_operate.html?command=get_materiel&rest_code=00150&code=00101006084&supplier_code=00100096&order_time=2021-01-14 HTTP/1.1" 200 413
180.156.237.57 - - [14/Jan/2021:08:41:53 +0800] "GET /xingrg/kc/buy/cgsh_order_operate.html?command=get_materiel&rest_code=00150&code=00101008264&supplier_code=00100007&order_time=2021-01-14 HTTP/1.1" 200 412
180.156.237.57 - - [14/Jan/2021:08:41:53 +0800] "GET /xingrg/all/function/internal_message.html?_=1610584893213&CODE_STATE=getMsg HTTP/1.1" 200 27
180.156.237.57 - - [14/Jan/2021:08:42:13 +0800] "GET /xingrg/kc/buy/cgsh_order_operate.html?command=get_materiel&rest_code=00150&code=00101007068&supplier_code=00100096&order_time=2021-01-14 HTTP/1.1" 200 409
117.185.32.26 - - [14/Jan/2021:08:42:20 +0800] "GET /xingrg/all/function/internal_message.html?_=1610584936434&CODE_STATE=getMsg HTTP/1.1" 200 27
180.156.237.57 - - [14/Jan/2021:08:42:20 +0800] "GET /xingrg/kc/buy/cgsh_order_operate.html?command=get_materiel&rest_code=00150&code=00101008251&supplier_code=00100007&order_time=2021-01-14 HTTP/1.1" 200 408
180.156.237.57 - - [14/Jan/2021:08:42:27 +0800] "GET /xingrg/kc/buy/cgsh_order_operate.html?command=get_materiel&rest_code=00150&code=00101008360&supplier_code=00100007&order_time=2021-01-14 HTTP/1.1" 200 413
183.192.164.71 - - [14/Jan/2021:08:42:30 +0800] "GET /xingrg/all/function/internal_message.html?_=1610584876436&CODE_STATE=getMsg HTTP/1.1" 302 -
218.81.216.242 - - [14/Jan/2021:08:42:32 +0800] "GET /xingrg/all/function/internal_message.html?_=1610584979545&CODE_STATE=getMsg HTTP/1.1" 200 27
114.88.169.67 - - [14/Jan/2021:08:42:33 +0800] "GET /xingrg/check_reg.html?_=1610584945732 HTTP/1.1" 200 22
114.88.169.67 - - [14/Jan/2021:08:42:33 +0800] "GET /xingrg/all/function/internal_message.html?_=1610584945731&CODE_STATE=getMsg HTTP/1.1" 200 27
183.192.164.71 - - [14/Jan/2021:08:42:35 +0800] "GET /xingrg/login.html HTTP/1.1" 200 7641
180.156.237.57 - - [14/Jan/2021:08:42:36 +0800] "GET /xingrg/kc/buy/cgsh_order_operate.html?command=get_materiel&rest_code=00150&code=00101008286&supplier_code=00100007&order_time=2021-01-14 HTTP/1.1" 200 408
120.253.135.82 - - [14/Jan/2021:08:42:38 +0800] "GET /xingrg/all/function/internal_message.html?_=1610585066191&CODE_STATE=getMsg HTTP/1.1" 200 27
180.156.237.57 - - [14/Jan/2021:08:42:39 +0800] "GET /xingrg/kc/buy/cgsh_order_operate.html?command=get_materiel&rest_code=00150&code=00101007077&supplier_code=00100096&order_time=2021-01-14 HTTP/1.1" 200 415
172.20.0.100 - - [14/Jan/2021:08:42:40 +0800] "GET /xingrg/all/function/internal_message.html?_=1610584957743&CODE_STATE=getMsg HTTP/1.1" 200 27
172.20.0.100 - - [14/Jan/2021:08:42:40 +0800] "GET /xingrg/check_reg.html?_=1610584957744 HTTP/1.1" 200 22
180.156.237.57 - - [14/Jan/2021:08:42:43 +0800] "GET /xingrg/all/function/internal_message.html?_=1610584963710&CODE_STATE=getMsg HTTP/1.1" 200 27
183.192.164.71 - - [14/Jan/2021:08:42:46 +0800] "GET /xingrg/check_reg.html?_=1610584876435 HTTP/1.1" 302 -
180.156.237.57 - - [14/Jan/2021:08:42:47 +0800] "GET /xingrg/kc/buy/cgsh_order_operate.html?command=get_materiel&rest_code=00150&code=00101008036&supplier_code=00100007&order_time=2021-01-14 HTTP/1.1" 200 408
180.156.237.57 - - [14/Jan/2021:08:42:49 +0800] "GET /xingrg/kc/buy/cgsh_order_operate.html?command=get_materiel&rest_code=00150&code=00101007081&supplier_code=00100096&order_time=2021-01-14 HTTP/1.1" 200 415
183.192.164.71 - - [14/Jan/2021:08:42:53 +0800] "GET /xingrg/login.html HTTP/1.1" 200 7641
180.156.237.57 - - [14/Jan/2021:08:42:53 +0800] "GET /xingrg/kc/buy/cgsh_order_operate.html?command=get_materiel&rest_code=00150&code=00101008131&supplier_code=00100007&order_time=2021-01-14 HTTP/1.1" 200 408
180.156.237.57 - - [14/Jan/2021:08:42:53 +0800] "GET /xingrg/all/function/internal_message.html?_=1610584953227&CODE_STATE=getMsg HTTP/1.1" 200 27
180.156.237.57 - - [14/Jan/2021:08:43:01 +0800] "GET /xingrg/kc/buy/cgsh_order_operate.html?command=get_materiel&rest_code=00150&code=00101007071&supplier_code=00100096&order_time=2021-01-14 HTTP/1.1" 200 417
180.156.237.57 - - [14/Jan/2021:08:43:02 +0800] "GET /xingrg/kc/buy/cgsh_order_operate.html?command=get_materiel&rest_code=00150&code=00101008296&supplier_code=00100007&order_time=2021-01-14 HTTP/1.1" 200 416
180.156.237.57 - - [14/Jan/2021:08:43:10 +0800] "GET /xingrg/kc/buy/cgsh_order_operate.html?command=get_materiel&rest_code=00150&code=00101008005&supplier_code=00100007&order_time=2021-01-14 HTTP/1.1" 200 412
180.156.237.57 - - [14/Jan/2021:08:43:13 +0800] "GET /xingrg/kc/buy/cgsh_order_operate.html?command=get_materiel&rest_code=00150&code=00101007061&supplier_code=00100096&order_time=2021-01-14 HTTP/1.1" 200 411
180.156.237.57 - - [14/Jan/2021:08:43:17 +0800] "GET /xingrg/kc/buy/cgsh_order_operate.html?command=get_materiel&rest_code=00150&code=00101008213&supplier_code=00100007&order_time=2021-01-14 HTTP/1.1" 200 412
117.185.32.26 - - [14/Jan/2021:08:43:20 +0800] "GET /xingrg/all/function/internal_message.html?_=1610584996429&CODE_STATE=getMsg HTTP/1.1" 200 27
183.192.164.85 - - [14/Jan/2021:08:43:24 +0800] "GET /xingrg/all/function/internal_message.html?_=1610584936434&CODE_STATE=getMsg HTTP/1.1" 302 -
180.156.237.57 - - [14/Jan/2021:08:43:25 +0800] "GET /xingrg/kc/buy/cgsh_order_operate.html?command=get_materiel&rest_code=00150&code=00101008095&supplier_code=00100007&order_time=2021-01-14 HTTP/1.1" 200 412
183.192.164.85 - - [14/Jan/2021:08:43:26 +0800] "GET /xingrg/login.html HTTP/1.1" 200 7641
180.156.237.57 - - [14/Jan/2021:08:43:30 +0800] "GET /xingrg/kc/buy/cgsh_order_operate.html?command=get_materiel&rest_code=00150&code=00101007076&supplier_code=00100096&order_time=2021-01-14 HTTP/1.1" 200 408
218.81.216.242 - - [14/Jan/2021:08:43:32 +0800] "GET /xingrg/all/function/internal_message.html?_=1610585039547&CODE_STATE=getMsg HTTP/1.1" 200 27
180.156.237.57 - - [14/Jan/2021:08:43:33 +0800] "GET /xingrg/kc/buy/cgsh_order_operate.html?command=get_materiel&rest_code=00150&code=00101008110&supplier_code=00100007&order_time=2021-01-14 HTTP/1.1" 200 408
114.88.169.67 - - [14/Jan/2021:08:43:33 +0800] "GET /xingrg/all/function/internal_message.html?_=1610585005730&CODE_STATE=getMsg HTTP/1.1" 200 27
120.253.135.82 - - [14/Jan/2021:08:43:38 +0800] "GET /xingrg/all/function/internal_message.html?_=1610585126202&CODE_STATE=getMsg HTTP/1.1" 200 27
180.156.237.57 - - [14/Jan/2021:08:43:38 +0800] "GET /xingrg/kc/buy/cgsh_order_operate.html?command=get_materiel&rest_code=00150&code=00101007049&supplier_code=00100096&order_time=2021-01-14 HTTP/1.1" 200 409
180.156.237.57 - - [14/Jan/2021:08:43:40 +0800] "GET /xingrg/kc/buy/cgsh_order_operate.html?command=get_materiel&rest_code=00150&code=00101008242&supplier_code=00100007&order_time=2021-01-14 HTTP/1.1" 200 408
172.20.0.100 - - [14/Jan/2021:08:43:40 +0800] "GET /xingrg/all/function/internal_message.html?_=1610585017745&CODE_STATE=getMsg HTTP/1.1" 200 27
180.156.237.57 - - [14/Jan/2021:08:43:43 +0800] "GET /xingrg/all/function/internal_message.html?_=1610585023711&CODE_STATE=getMsg HTTP/1.1" 200 27
180.156.237.57 - - [14/Jan/2021:08:43:53 +0800] "GET /xingrg/all/function/internal_message.html?_=1610585013241&CODE_STATE=getMsg HTTP/1.1" 200 27
58.221.95.50 - - [14/Jan/2021:08:44:03 +0800] "GET /xingrg/check_reg.html?_=1610585043504 HTTP/1.1" 302 -
117.185.32.26 - - [14/Jan/2021:08:44:20 +0800] "GET /xingrg/all/function/internal_message.html?_=1610585056429&CODE_STATE=getMsg HTTP/1.1" 200 27
180.156.237.57 - - [14/Jan/2021:08:44:21 +0800] "POST /xingrg/kc/buy/cgsh_order_operate.html HTTP/1.1" 200 37
180.156.237.57 - - [14/Jan/2021:08:44:23 +0800] "POST /xingrg/kc/buy/cgsh_order_operate.html HTTP/1.1" 200 12
180.156.237.57 - - [14/Jan/2021:08:44:24 +0800] "GET /xingrg/kc/buy/cgsh_order_info.html?code=212021011405845 HTTP/1.1" 200 56649
180.156.237.57 - - [14/Jan/2021:08:44:24 +0800] "GET /xingrg/javascript/easyui/themes/default/validatebox.css HTTP/1.1" 404 1104
180.156.237.57 - - [14/Jan/2021:08:44:25 +0800] "POST /xingrg/kc/buy/cgsh_order_operate.html HTTP/1.1" 200 9523
180.156.237.57 - - [14/Jan/2021:08:44:26 +0800] "GET /xingrg/kc/print/load_config.html?kc_code=cgsh HTTP/1.1" 200 1845
180.156.237.57 - - [14/Jan/2021:08:44:26 +0800] "GET /xingrg/kc/print/load_data.html?order_code=212021011405845&kc_code=cgsh&condition= HTTP/1.1" 200 4091
120.204.17.72 - - [14/Jan/2021:08:44:30 +0800] "GET /xingrg/all/function/internal_message.html?_=1610584996429&CODE_STATE=getMsg HTTP/1.1" 302 -
218.81.216.242 - - [14/Jan/2021:08:44:33 +0800] "GET /xingrg/all/function/internal_message.html?_=1610585099703&CODE_STATE=getMsg HTTP/1.1" 200 27
114.88.169.67 - - [14/Jan/2021:08:44:33 +0800] "GET /xingrg/all/function/internal_message.html?_=1610585065729&CODE_STATE=getMsg HTTP/1.1" 200 27
120.204.17.72 - - [14/Jan/2021:08:44:37 +0800] "GET /xingrg/login.html HTTP/1.1" 200 7641
120.253.135.82 - - [14/Jan/2021:08:44:37 +0800] "GET /xingrg/check_reg.html?_=1610585185626 HTTP/1.1" 200 22
180.156.237.57 - - [14/Jan/2021:08:44:38 +0800] "POST /xingrg/all/user/operate.html HTTP/1.1" 200 36
120.253.135.82 - - [14/Jan/2021:08:44:38 +0800] "GET /xingrg/all/function/internal_message.html?_=1610585186219&CODE_STATE=getMsg HTTP/1.1" 200 27
180.156.237.57 - - [14/Jan/2021:08:44:38 +0800] "GET /xingrg/javascript/jquery_easy_ui/themes/default/easyui.css HTTP/1.1" 304 -
180.156.237.57 - - [14/Jan/2021:08:44:38 +0800] "GET /xingrg/index.html?sysBaseUrl=http%3A%2F%2F180.169.147.146%3A18081%2Fxingrg%2F&costTime=39×tamp=1610584793255 HTTP/1.1" 200 17177
180.156.237.57 - - [14/Jan/2021:08:44:38 +0800] "GET /xingrg/javascript/jquery_easy_ui/themes/icon.css HTTP/1.1" 304 -
180.156.237.57 - - [14/Jan/2021:08:44:38 +0800] "GET /xingrg/css/form.css HTTP/1.1" 304 -
180.156.237.57 - - [14/Jan/2021:08:44:38 +0800] "GET /xingrg/javascript/jquery-1.4.2.min.js HTTP/1.1" 304 -
180.156.237.57 - - [14/Jan/2021:08:44:38 +0800] "GET /xingrg/javascript/jquery_easy_ui/jquery.easyui.min.js HTTP/1.1" 304 -
180.156.237.57 - - [14/Jan/2021:08:44:38 +0800] "GET /xingrg/javascript/jquery_easy_ui/easyui-lang-zh_CN.js HTTP/1.1" 304 -
180.156.237.57 - - [14/Jan/2021:08:44:38 +0800] "GET /xingrg/javascript/jquery.form.js HTTP/1.1" 304 -
180.156.237.57 - - [14/Jan/2021:08:44:38 +0800] "GET /xingrg/javascript/jquery.utils.js HTTP/1.1" 304 -
180.156.237.57 - - [14/Jan/2021:08:44:38 +0800] "GET /xingrg/javascript/jquery.timers.js HTTP/1.1" 304 -
180.156.237.57 - - [14/Jan/2021:08:44:38 +0800] "GET /xingrg/images/blue/jxLogo.png HTTP/1.1" 304 -
180.156.237.57 - - [14/Jan/2021:08:44:38 +0800] "GET /xingrg/images/blue/navBackgound.jpg HTTP/1.1" 304 -
180.156.237.57 - - [14/Jan/2021:08:44:38 +0800] "GET /xingrg/javascript/jquery_easy_ui/themes/icons/settle_new.png HTTP/1.1" 304 -
180.156.237.57 - - [14/Jan/2021:08:44:38 +0800] "POST /xingrg/all/common/load_tree.html?tree=area_rest_tree_json&manage=1 HTTP/1.1" 200 476
180.156.237.57 - - [14/Jan/2021:08:44:38 +0800] "GET /xingrg/images/blue/pingpu.png HTTP/1.1" 304 -
180.156.237.57 - - [14/Jan/2021:08:44:38 +0800] "GET /xingrg/javascript/jquery_easy_ui/themes/default/images/tabs_leftarrow.png HTTP/1.1" 304 -
180.156.237.57 - - [14/Jan/2021:08:44:38 +0800] "GET /xingrg/javascript/jquery_easy_ui/themes/default/images/tabs_rightarrow.png HTTP/1.1" 304 -
180.156.237.57 - - [14/Jan/2021:08:44:38 +0800] "GET /xingrg/javascript/jquery_easy_ui/themes/default/images/panel_tool_collapse.gif HTTP/1.1" 304 -
180.156.237.57 - - [14/Jan/2021:08:44:38 +0800] "GET /xingrg/all/function/internal_message.html?_=1610585058282&CODE_STATE=count HTTP/1.1" 200 11
180.156.237.57 - - [14/Jan/2021:08:44:38 +0800] "GET /xingrg/check_reg.html?_=1610585058283 HTTP/1.1" 200 22
180.156.237.57 - - [14/Jan/2021:08:44:38 +0800] "POST /xingrg/load_menu.html HTTP/1.1" 200 5138
172.20.0.100 - - [14/Jan/2021:08:44:40 +0800] "GET /xingrg/all/function/internal_message.html?_=1610585077731&CODE_STATE=getMsg HTTP/1.1" 200 27
180.156.237.57 - - [14/Jan/2021:08:44:41 +0800] "GET /xingrg/kc/buy/cgsh_order_list.html HTTP/1.1" 200 46083
180.156.237.57 - - [14/Jan/2021:08:44:41 +0800] "GET /xingrg/kc/buy/cgsh_order_operate.html?command=get_materiel&rest_code=00150&code=00101008353&supplier_code=00100007&order_time=2021-01-14 HTTP/1.1" 200 408
180.156.237.57 - - [14/Jan/2021:08:44:41 +0800] "POST /xingrg/kc/buy/cgsh_list_operate.html HTTP/1.1" 200 876
180.156.237.57 - - [14/Jan/2021:08:44:42 +0800] "GET /xingrg/kc/buy/cgsh_order_add.html HTTP/1.1" 200 61470
180.156.237.57 - - [14/Jan/2021:08:44:43 +0800] "POST /xingrg/kc/buy/cgsh_order_operate.html HTTP/1.1" 200 8245
180.156.237.57 - - [14/Jan/2021:08:44:43 +0800] "GET /xingrg/all/common/auto_word.html?type=employee&rest_code=00151 HTTP/1.1" 200 243
180.156.237.57 - - [14/Jan/2021:08:44:43 +0800] "GET /xingrg/all/common/auto_word.html?type=employee&rest_code=00151 HTTP/1.1" 200 243
180.156.237.57 - - [14/Jan/2021:08:44:43 +0800] "GET /xingrg/javascript/easyui/themes/default/validatebox.css HTTP/1.1" 404 1104
180.156.237.57 - - [14/Jan/2021:08:44:43 +0800] "GET /xingrg/all/function/internal_message.html?_=1610585083711&CODE_STATE=getMsg HTTP/1.1" 200 27
180.156.237.57 - - [14/Jan/2021:08:44:44 +0800] "GET /xingrg/javascript/auto/indicator.gif HTTP/1.1" 404 1066
180.156.237.57 - - [14/Jan/2021:08:44:51 +0800] "GET /xingrg/kc/buy/cgsh_order_operate.html?command=get_materiel&rest_code=00151&code=00101007091&supplier_code=00100096&order_time=2021-01-14 HTTP/1.1" 200 415
180.156.237.57 - - [14/Jan/2021:08:44:56 +0800] "GET /xingrg/kc/buy/cgsh_order_operate.html?command=get_materiel&rest_code=00150&code=00101008323&supplier_code=00100007&order_time=2021-01-14 HTTP/1.1" 200 408
218.81.216.242 - - [14/Jan/2021:08:44:59 +0800] "GET /xingrg/check_reg.html?_=1610585126051 HTTP/1.1" 200 22
180.156.237.57 - - [14/Jan/2021:08:45:00 +0800] "POST /xingrg/kc/buy/cgsh_order_operate.html HTTP/1.1" 200 2065
180.156.237.57 - - [14/Jan/2021:08:45:05 +0800] "GET /xingrg/kc/buy/cgsh_order_operate.html?command=get_materiel&rest_code=00150&code=00101008331&supplier_code=00100007&order_time=2021-01-14 HTTP/1.1" 200 416
180.156.237.57 - - [14/Jan/2021:08:45:06 +0800] "GET /xingrg/kc/buy/cgsh_order_operate.html?command=get_materiel&rest_code=00151&code=00101006063&supplier_code=00100096&order_time=2021-01-14 HTTP/1.1" 200 413
180.156.237.57 - - [14/Jan/2021:08:45:13 +0800] "GET /xingrg/kc/buy/cgsh_order_operate.html?command=get_materiel&rest_code=00151&code=00101006013&supplier_code=00100096&order_time=2021-01-14 HTTP/1.1" 200 411
117.185.32.26 - - [14/Jan/2021:08:45:20 +0800] "GET /xingrg/all/function/internal_message.html?_=1610585116430&CODE_STATE=getMsg HTTP/1.1" 200 27
218.81.216.242 - - [14/Jan/2021:08:45:33 +0800] "GET /xingrg/all/function/internal_message.html?_=1610585159714&CODE_STATE=getMsg HTTP/1.1" 200 27
114.88.169.67 - - [14/Jan/2021:08:45:33 +0800] "GET /xingrg/all/function/internal_message.html?_=1610585125726&CODE_STATE=getMsg HTTP/1.1" 200 27
180.156.237.57 - - [14/Jan/2021:08:45:38 +0800] "GET /xingrg/kc/buy/cgsh_order_operate.html?command=get_materiel&rest_code=00151&code=00101012024&supplier_code=00100096&order_time=2021-01-14 HTTP/1.1" 200 408
120.253.135.82 - - [14/Jan/2021:08:45:38 +0800] "GET /xingrg/all/function/internal_message.html?_=1610585246232&CODE_STATE=getMsg HTTP/1.1" 200 27
180.156.237.57 - - [14/Jan/2021:08:45:38 +0800] "GET /xingrg/all/function/internal_message.html?_=1610585118292&CODE_STATE=getMsg HTTP/1.1" 200 27
172.20.0.100 - - [14/Jan/2021:08:45:40 +0800] "GET /xingrg/all/function/internal_message.html?_=1610585137733&CODE_STATE=getMsg HTTP/1.1" 200 27
120.204.17.72 - - [14/Jan/2021:08:45:40 +0800] "GET /xingrg/all/function/internal_message.html?_=1610585056429&CODE_STATE=getMsg HTTP/1.1" 302 -
120.204.17.72 - - [14/Jan/2021:08:45:43 +0800] "GET /xingrg/login.html HTTP/1.1" 200 7641
180.156.237.57 - - [14/Jan/2021:08:45:43 +0800] "GET /xingrg/check_reg.html?_=1610585143708 HTTP/1.1" 200 22
180.156.237.57 - - [14/Jan/2021:08:45:43 +0800] "GET /xingrg/all/function/internal_message.html?_=1610585143713&CODE_STATE=getMsg HTTP/1.1" 200 27
180.156.237.57 - - [14/Jan/2021:08:45:44 +0800] "GET /xingrg/kc/buy/cgsh_order_operate.html?command=get_materiel&rest_code=00151&code=00101012059&supplier_code=00100096&order_time=2021-01-14 HTTP/1.1" 200 413
58.40.7.146 - - [14/Jan/2021:08:45:49 +0800] "GET /xingrg/check_reg.html?_=1610585147525 HTTP/1.1" 200 22
180.156.237.57 - - [14/Jan/2021:08:45:51 +0800] "GET /xingrg/kc/buy/cgsh_order_operate.html?command=get_materiel&rest_code=00151&code=00101001075&supplier_code=00100096&order_time=2021-01-14 HTTP/1.1" 200 411
180.156.237.57 - - [14/Jan/2021:08:45:54 +0800] "GET /xingrg/kc/buy/cgsh_order_operate.html?command=get_materiel&rest_code=00150&code=00101008350&supplier_code=00100007&order_time=2021-01-14 HTTP/1.1" 200 408
180.156.237.57 - - [14/Jan/2021:08:46:07 +0800] "GET /xingrg/kc/buy/cgsh_order_operate.html?command=get_materiel&rest_code=00151&code=00101016033&supplier_code=00100096&order_time=2021-01-14 HTTP/1.1" 200 412
180.156.237.57 - - [14/Jan/2021:08:46:12 +0800] "GET /xingrg/kc/buy/cgsh_order_operate.html?command=get_materiel&rest_code=00150&code=00101008223&supplier_code=00100007&order_time=2021-01-14 HTTP/1.1" 200 412
117.185.32.26 - - [14/Jan/2021:08:46:20 +0800] "GET /xingrg/check_reg.html?_=1610585176444 HTTP/1.1" 200 22
117.185.32.26 - - [14/Jan/2021:08:46:20 +0800] "GET /xingrg/all/function/internal_message.html?_=1610585176441&CODE_STATE=getMsg HTTP/1.1" 200 27
180.156.237.57 - - [14/Jan/2021:08:46:20 +0800] "GET /xingrg/kc/buy/cgsh_order_operate.html?command=get_materiel&rest_code=00150&code=00101008016&supplier_code=00100007&order_time=2021-01-14 HTTP/1.1" 200 416
183.192.164.85 - - [14/Jan/2021:08:46:24 +0800] "GET /xingrg/all/function/internal_message.html?_=1610585116430&CODE_STATE=getMsg HTTP/1.1" 302 -
180.156.237.57 - - [14/Jan/2021:08:46:27 +0800] "POST /xingrg/kc/buy/cgsh_order_operate.html HTTP/1.1" 200 2065
183.192.164.85 - - [14/Jan/2021:08:46:29 +0800] "GET /xingrg/login.html HTTP/1.1" 200 7641
180.156.237.57 - - [14/Jan/2021:08:46:32 +0800] "POST /xingrg/kc/buy/cgsh_order_operate.html HTTP/1.1" 200 37
218.81.216.242 - - [14/Jan/2021:08:46:33 +0800] "GET /xingrg/all/function/internal_message.html?_=1610585219728&CODE_STATE=getMsg HTTP/1.1" 200 27
114.88.169.67 - - [14/Jan/2021:08:46:33 +0800] "GET /xingrg/all/function/internal_message.html?_=1610585185725&CODE_STATE=getMsg HTTP/1.1" 200 27
180.156.237.57 - - [14/Jan/2021:08:46:34 +0800] "POST /xingrg/kc/buy/cgsh_order_operate.html HTTP/1.1" 200 12
180.156.237.57 - - [14/Jan/2021:08:46:35 +0800] "GET /xingrg/kc/buy/cgsh_order_info.html?code=212021011405846 HTTP/1.1" 200 56367
180.156.237.57 - - [14/Jan/2021:08:46:35 +0800] "GET /xingrg/javascript/easyui/themes/default/validatebox.css HTTP/1.1" 404 1104
180.156.237.57 - - [14/Jan/2021:08:46:35 +0800] "POST /xingrg/kc/buy/cgsh_order_operate.html HTTP/1.1" 200 4197
180.156.237.57 - - [14/Jan/2021:08:46:36 +0800] "GET /xingrg/kc/buy/cgsh_order_operate.html?command=get_materiel&rest_code=00150&code=00101008077&supplier_code=00100007&order_time=2021-01-14 HTTP/1.1" 200 416
180.156.237.57 - - [14/Jan/2021:08:46:37 +0800] "GET /xingrg/kc/print/load_data.html?order_code=212021011405846&kc_code=cgsh&condition= HTTP/1.1" 200 2089
120.253.135.82 - - [14/Jan/2021:08:46:38 +0800] "GET /xingrg/all/function/internal_message.html?_=1610585306244&CODE_STATE=getMsg HTTP/1.1" 200 27
180.156.237.57 - - [14/Jan/2021:08:46:38 +0800] "GET /xingrg/all/function/internal_message.html?_=1610585178304&CODE_STATE=getMsg HTTP/1.1" 200 27
172.20.0.100 - - [14/Jan/2021:08:46:40 +0800] "GET /xingrg/all/function/internal_message.html?_=1610585197736&CODE_STATE=getMsg HTTP/1.1" 200 27
180.156.237.57 - - [14/Jan/2021:08:46:41 +0800] "GET /xingrg/kc/buy/cgsh_order_operate.html?command=get_materiel&rest_code=00150&code=00101008079&supplier_code=00100007&order_time=2021-01-14 HTTP/1.1" 200 416
180.156.237.57 - - [14/Jan/2021:08:46:43 +0800] "GET /xingrg/all/function/internal_message.html?_=1610585203778&CODE_STATE=getMsg HTTP/1.1" 200 27
180.156.237.57 - - [14/Jan/2021:08:46:56 +0800] "GET /xingrg/kc/buy/cgsh_order_operate.html?command=get_materiel&rest_code=00150&code=00101015038&supplier_code=00100007&order_time=2021-01-14 HTTP/1.1" 200 419
180.156.237.57 - - [14/Jan/2021:08:47:03 +0800] "GET /xingrg/kc/buy/cgsh_order_operate.html?command=get_materiel&rest_code=00150&code=00101008102&supplier_code=00100007&order_time=2021-01-14 HTTP/1.1" 200 413
180.156.237.57 - - [14/Jan/2021:08:47:10 +0800] "GET /xingrg/kc/buy/cgsh_order_operate.html?command=get_materiel&rest_code=00150&code=00101008090&supplier_code=00100007&order_time=2021-01-14 HTTP/1.1" 200 409
180.156.237.57 - - [14/Jan/2021:08:47:17 +0800] "GET /xingrg/kc/buy/cgsh_order_operate.html?command=get_materiel&rest_code=00150&code=00101008061&supplier_code=00100007&order_time=2021-01-14 HTTP/1.1" 200 422
117.185.32.26 - - [14/Jan/2021:08:47:20 +0800] "GET /xingrg/all/function/internal_message.html?_=1610585236437&CODE_STATE=getMsg HTTP/1.1" 200 27
183.192.164.85 - - [14/Jan/2021:08:47:23 +0800] "GET /xingrg/check_reg.html?_=1610585176444 HTTP/1.1" 302 -
180.156.237.57 - - [14/Jan/2021:08:47:24 +0800] "POST /xingrg/kc/buy/cgsh_order_operate.html HTTP/1.1" 200 37
180.156.237.57 - - [14/Jan/2021:08:47:25 +0800] "POST /xingrg/kc/buy/cgsh_order_operate.html HTTP/1.1" 200 19829
183.192.164.85 - - [14/Jan/2021:08:47:30 +0800] "GET /xingrg/login.html HTTP/1.1" 200 7641
180.156.237.57 - - [14/Jan/2021:08:47:32 +0800] "POST /xingrg/all/user/operate.html HTTP/1.1" 200 36
180.156.237.57 - - [14/Jan/2021:08:47:32 +0800] "GET /xingrg/index.html?sysBaseUrl=http%3A%2F%2F180.169.147.146%3A18081%2Fxingrg%2F&costTime=60×tamp=1610536533508 HTTP/1.1" 200 17177
180.156.237.57 - - [14/Jan/2021:08:47:32 +0800] "GET /xingrg/javascript/jquery_easy_ui/themes/default/easyui.css HTTP/1.1" 304 -
180.156.237.57 - - [14/Jan/2021:08:47:32 +0800] "GET /xingrg/javascript/jquery_easy_ui/themes/icon.css HTTP/1.1" 304 -
180.156.237.57 - - [14/Jan/2021:08:47:32 +0800] "GET /xingrg/css/form.css HTTP/1.1" 304 -
180.156.237.57 - - [14/Jan/2021:08:47:32 +0800] "GET /xingrg/javascript/jquery-1.4.2.min.js HTTP/1.1" 304 -
180.156.237.57 - - [14/Jan/2021:08:47:32 +0800] "GET /xingrg/javascript/jquery_easy_ui/jquery.easyui.min.js HTTP/1.1" 304 -
180.156.237.57 - - [14/Jan/2021:08:47:32 +0800] "GET /xingrg/javascript/jquery_easy_ui/easyui-lang-zh_CN.js HTTP/1.1" 304 -
180.156.237.57 - - [14/Jan/2021:08:47:32 +0800] "GET /xingrg/javascript/jquery.form.js HTTP/1.1" 304 -
180.156.237.57 - - [14/Jan/2021:08:47:33 +0800] "GET /xingrg/javascript/jquery.utils.js HTTP/1.1" 304 -
180.156.237.57 - - [14/Jan/2021:08:47:33 +0800] "GET /xingrg/javascript/jquery.timers.js HTTP/1.1" 304 -
180.156.237.57 - - [14/Jan/2021:08:47:33 +0800] "GET /xingrg/images/blue/jxLogo.png HTTP/1.1" 304 -
180.156.237.57 - - [14/Jan/2021:08:47:33 +0800] "GET /xingrg/javascript/jquery_easy_ui/themes/icons/settle_new.png HTTP/1.1" 304 -
180.156.237.57 - - [14/Jan/2021:08:47:33 +0800] "GET /xingrg/images/blue/navBackgound.jpg HTTP/1.1" 304 -
