180.157.253.48 - - [14/Jan/2021:10:56:20 +0800] "POST /xingrg/kc/base/yddb_list_operate.html HTTP/1.1" 200 1334
117.185.32.26 - - [14/Jan/2021:10:56:21 +0800] "GET /xingrg/all/function/internal_message.html?_=1610592976964&CODE_STATE=getMsg HTTP/1.1" 200 27
180.157.253.48 - - [14/Jan/2021:10:56:21 +0800] "POST /xingrg/kc/base/yddb_list_operate.html HTTP/1.1" 200 202
116.232.195.34 - - [14/Jan/2021:10:56:23 +0800] "GET /xingrg/kc/buy/cgsh_order_operate.html?command=get_materiel&rest_code=00155&code=00102008112&supplier_code=00100212&order_time=2021-01-14 HTTP/1.1" 200 408
180.157.253.48 - - [14/Jan/2021:10:56:24 +0800] "GET /xingrg/kc/base/yddb_order_info.html?code=482021011400109 HTTP/1.1" 200 29455
180.157.253.48 - - [14/Jan/2021:10:56:24 +0800] "GET /xingrg/dwr/interface/AjaxComOrderService.js HTTP/1.1" 200 18264
180.157.253.48 - - [14/Jan/2021:10:56:24 +0800] "GET /xingrg/dwr/interface/AjaxYddbService.js HTTP/1.1" 200 13201
180.157.253.48 - - [14/Jan/2021:10:56:24 +0800] "GET /xingrg/dwr/engine.js HTTP/1.1" 200 43631
180.157.253.48 - - [14/Jan/2021:10:56:24 +0800] "POST /xingrg/dwr/call/plaincall/AjaxYddbService.loadMaterielItems.dwr HTTP/1.1" 200 391
218.81.216.242 - - [14/Jan/2021:10:56:25 +0800] "GET /xingrg/kc/buy/cgsh_order_operate.html?command=get_materiel&rest_code=00146&code=00101008230&supplier_code=00100005&order_time=2021-01-14 HTTP/1.1" 200 408
183.192.164.85 - - [14/Jan/2021:10:56:26 +0800] "GET /xingrg/all/function/internal_message.html?_=1610592376724&CODE_STATE=getMsg HTTP/1.1" 302 -
180.157.253.48 - - [14/Jan/2021:10:56:27 +0800] "GET /xingrg/logout.do HTTP/1.1" 302 -
180.157.253.48 - - [14/Jan/2021:10:56:27 +0800] "GET /xingrg/login.html?sysBaseUrl=http%3A%2F%2F180.169.147.146%3A18081%2Fxingrg%2F&costTime=2×tamp=1610592987413 HTTP/1.1" 200 7641
180.157.253.48 - - [14/Jan/2021:10:56:27 +0800] "GET /favicon.ico HTTP/1.1" 404 -
180.169.147.146 - - [14/Jan/2021:10:56:30 +0800] "GET /xingrg/all/function/internal_message.html?_=1610592987078&CODE_STATE=getMsg HTTP/1.1" 200 27
180.175.150.119 - - [14/Jan/2021:10:56:33 +0800] "GET /xingrg/all/function/internal_message.html?_=1610593230929&CODE_STATE=getMsg HTTP/1.1" 200 27
114.88.169.67 - - [14/Jan/2021:10:56:33 +0800] "GET /xingrg/all/function/internal_message.html?_=1610592985827&CODE_STATE=getMsg HTTP/1.1" 200 27
183.192.164.85 - - [14/Jan/2021:10:56:33 +0800] "GET /xingrg/login.html HTTP/1.1" 200 7641
58.37.230.33 - - [14/Jan/2021:10:56:34 +0800] "GET /xingrg/all/function/internal_message.html?_=1610593034053&CODE_STATE=getMsg HTTP/1.1" 200 27
222.69.137.61 - - [14/Jan/2021:10:56:36 +0800] "GET /xingrg/all/function/internal_message.html?_=1610592989928&CODE_STATE=getMsg HTTP/1.1" 200 27
61.165.42.208 - - [14/Jan/2021:10:56:37 +0800] "GET /xingrg/kc/base/wldb_order_operate.html?command=get_materiel&rest_code=00105&base_code=0010507&code=00101019405 HTTP/1.1" 200 468
218.81.216.242 - - [14/Jan/2021:10:56:38 +0800] "GET /xingrg/kc/buy/cgsh_order_operate.html?command=get_materiel&rest_code=00146&code=00101008064&supplier_code=00100005&order_time=2021-01-14 HTTP/1.1" 200 412
180.157.253.48 - - [14/Jan/2021:10:56:38 +0800] "POST /xingrg/login.do HTTP/1.1" 302 -
180.157.253.48 - - [14/Jan/2021:10:56:38 +0800] "GET /xingrg/index.html?sysBaseUrl=http%3A%2F%2F180.169.147.146%3A18081%2Fxingrg%2F&costTime=42×tamp=1610592998073 HTTP/1.1" 200 17503
180.157.253.48 - - [14/Jan/2021:10:56:38 +0800] "GET /favicon.ico HTTP/1.1" 404 -
180.157.253.48 - - [14/Jan/2021:10:56:38 +0800] "POST /xingrg/all/common/load_tree.html?tree=area_rest_tree_json&manage=1 HTTP/1.1" 200 3344
180.157.253.48 - - [14/Jan/2021:10:56:38 +0800] "GET /xingrg/all/function/internal_message.html?_=1610592999291&CODE_STATE=count HTTP/1.1" 200 11
180.157.253.48 - - [14/Jan/2021:10:56:38 +0800] "GET /xingrg/check_reg.html?_=1610592999294 HTTP/1.1" 200 22
180.157.253.48 - - [14/Jan/2021:10:56:38 +0800] "POST /xingrg/load_menu.html HTTP/1.1" 200 11443
120.204.17.70 - - [14/Jan/2021:10:56:40 +0800] "GET /xingrg/check_reg.html?_=1610592376549 HTTP/1.1" 302 -
116.232.195.34 - - [14/Jan/2021:10:56:40 +0800] "GET /xingrg/kc/buy/cgsh_order_operate.html?command=get_materiel&rest_code=00155&code=00102008039&supplier_code=00100212&order_time=2021-01-14 HTTP/1.1" 200 416
172.20.0.100 - - [14/Jan/2021:10:56:40 +0800] "GET /xingrg/all/function/internal_message.html?_=1610592997735&CODE_STATE=getMsg HTTP/1.1" 200 27
120.253.135.82 - - [14/Jan/2021:10:56:40 +0800] "GET /xingrg/all/function/internal_message.html?_=1610593108040&CODE_STATE=getMsg HTTP/1.1" 200 27
218.81.216.242 - - [14/Jan/2021:10:56:42 +0800] "GET /xingrg/all/function/internal_message.html?_=1610593029263&CODE_STATE=getMsg HTTP/1.1" 200 27
61.165.42.208 - - [14/Jan/2021:10:56:44 +0800] "GET /xingrg/all/function/internal_message.html?_=1610592984537&CODE_STATE=getMsg HTTP/1.1" 200 27
218.81.216.242 - - [14/Jan/2021:10:56:45 +0800] "GET /xingrg/kc/buy/cgsh_order_operate.html?command=get_materiel&rest_code=00146&code=00101008072&supplier_code=00100005&order_time=2021-01-14 HTTP/1.1" 200 408
218.81.216.242 - - [14/Jan/2021:10:56:48 +0800] "POST /xingrg/kc/buy/cgsh_order_operate.html HTTP/1.1" 200 2065
180.156.237.57 - - [14/Jan/2021:10:56:49 +0800] "GET /xingrg/all/function/internal_message.html?_=1610592988479&CODE_STATE=getMsg HTTP/1.1" 200 27
180.157.253.48 - - [14/Jan/2021:10:56:49 +0800] "POST /xingrg/all/user/operate.html HTTP/1.1" 200 36
180.157.253.48 - - [14/Jan/2021:10:56:49 +0800] "GET /xingrg/index.html?sysBaseUrl=http%3A%2F%2F180.169.147.146%3A18081%2Fxingrg%2F&costTime=42×tamp=1610592998073 HTTP/1.1" 200 17509
180.157.253.48 - - [14/Jan/2021:10:56:49 +0800] "GET /xingrg/javascript/jquery_easy_ui/themes/default/easyui.css HTTP/1.1" 304 -
180.157.253.48 - - [14/Jan/2021:10:56:49 +0800] "GET /xingrg/javascript/jquery_easy_ui/themes/icon.css HTTP/1.1" 304 -
180.157.253.48 - - [14/Jan/2021:10:56:49 +0800] "GET /xingrg/css/form.css HTTP/1.1" 304 -
180.157.253.48 - - [14/Jan/2021:10:56:49 +0800] "GET /xingrg/javascript/jquery-1.4.2.min.js HTTP/1.1" 304 -
180.157.253.48 - - [14/Jan/2021:10:56:49 +0800] "GET /xingrg/javascript/jquery_easy_ui/jquery.easyui.min.js HTTP/1.1" 304 -
180.157.253.48 - - [14/Jan/2021:10:56:49 +0800] "GET /xingrg/javascript/jquery_easy_ui/easyui-lang-zh_CN.js HTTP/1.1" 304 -
180.157.253.48 - - [14/Jan/2021:10:56:49 +0800] "GET /xingrg/javascript/jquery.form.js HTTP/1.1" 304 -
180.157.253.48 - - [14/Jan/2021:10:56:49 +0800] "GET /xingrg/javascript/jquery.utils.js HTTP/1.1" 304 -
180.157.253.48 - - [14/Jan/2021:10:56:49 +0800] "GET /xingrg/javascript/jquery.timers.js HTTP/1.1" 304 -
180.157.253.48 - - [14/Jan/2021:10:56:49 +0800] "GET /xingrg/images/blue/jxLogo.png HTTP/1.1" 304 -
180.157.253.48 - - [14/Jan/2021:10:56:49 +0800] "GET /xingrg/images/blue/navBackgound.jpg HTTP/1.1" 304 -
180.157.253.48 - - [14/Jan/2021:10:56:49 +0800] "GET /xingrg/javascript/jquery_easy_ui/themes/icons/settle_new.png HTTP/1.1" 304 -
180.157.253.48 - - [14/Jan/2021:10:56:49 +0800] "POST /xingrg/all/common/load_tree.html?tree=area_rest_tree_json&manage=1 HTTP/1.1" 200 3344
120.204.17.70 - - [14/Jan/2021:10:56:50 +0800] "GET /xingrg/login.html HTTP/1.1" 200 7641
180.157.253.48 - - [14/Jan/2021:10:56:50 +0800] "GET /xingrg/all/function/internal_message.html?_=1610593010737&CODE_STATE=count HTTP/1.1" 200 11
180.157.253.48 - - [14/Jan/2021:10:56:50 +0800] "GET /xingrg/check_reg.html?_=1610593010740 HTTP/1.1" 200 22
180.157.253.48 - - [14/Jan/2021:10:56:50 +0800] "GET /xingrg/javascript/jquery_easy_ui/themes/default/images/panel_tool_collapse.gif HTTP/1.1" 304 -
180.157.253.48 - - [14/Jan/2021:10:56:50 +0800] "GET /xingrg/javascript/jquery_easy_ui/themes/default/images/panel_tool_expand.gif HTTP/1.1" 304 -
180.157.253.48 - - [14/Jan/2021:10:56:50 +0800] "GET /xingrg/javascript/jquery_easy_ui/themes/default/images/tabs_rightarrow.png HTTP/1.1" 304 -
180.157.253.48 - - [14/Jan/2021:10:56:50 +0800] "GET /xingrg/javascript/jquery_easy_ui/themes/default/images/tabs_leftarrow.png HTTP/1.1" 304 -
180.157.253.48 - - [14/Jan/2021:10:56:50 +0800] "GET /xingrg/images/blue/pingpu.png HTTP/1.1" 304 -
180.157.253.48 - - [14/Jan/2021:10:56:50 +0800] "POST /xingrg/load_menu.html HTTP/1.1" 200 9959
117.185.32.26 - - [14/Jan/2021:10:56:53 +0800] "GET /xingrg/kc/buy/buy_main.html HTTP/1.1" 200 12412
180.157.253.48 - - [14/Jan/2021:10:56:53 +0800] "GET /xingrg/kc/base/yddb_order_list.html HTTP/1.1" 200 16951
117.185.32.26 - - [14/Jan/2021:10:56:53 +0800] "GET /xingrg/css/new_ie.css HTTP/1.1" 404 1036
218.81.216.242 - - [14/Jan/2021:10:56:54 +0800] "GET /xingrg/kc/buy/cgsh_order_operate.html?command=get_materiel&rest_code=00146&code=00101008223&supplier_code=00100005&order_time=2021-01-14 HTTP/1.1" 200 412
180.157.253.48 - - [14/Jan/2021:10:56:54 +0800] "POST /xingrg/kc/base/yddb_list_operate.html HTTP/1.1" 200 636
116.232.195.34 - - [14/Jan/2021:10:56:54 +0800] "GET /xingrg/kc/buy/cgsh_order_operate.html?command=get_materiel&rest_code=00155&code=00102010133&supplier_code=00100212&order_time=2021-01-14 HTTP/1.1" 200 427
180.157.253.48 - - [14/Jan/2021:10:56:56 +0800] "POST /xingrg/kc/base/yddb_list_operate.html HTTP/1.1" 200 1334
180.157.253.48 - - [14/Jan/2021:10:56:57 +0800] "POST /xingrg/kc/base/yddb_list_operate.html HTTP/1.1" 200 202
180.157.253.48 - - [14/Jan/2021:10:56:58 +0800] "GET /xingrg/kc/base/yddb_order_info.html?code=482021011400109 HTTP/1.1" 200 29713
180.157.253.48 - - [14/Jan/2021:10:56:58 +0800] "GET /xingrg/dwr/interface/AjaxComOrderService.js HTTP/1.1" 200 18264
180.157.253.48 - - [14/Jan/2021:10:56:58 +0800] "GET /xingrg/dwr/interface/AjaxYddbService.js HTTP/1.1" 200 13201
180.157.253.48 - - [14/Jan/2021:10:56:58 +0800] "GET /xingrg/dwr/engine.js HTTP/1.1" 200 43631
180.157.253.48 - - [14/Jan/2021:10:56:59 +0800] "POST /xingrg/dwr/call/plaincall/AjaxYddbService.loadMaterielItems.dwr HTTP/1.1" 200 391
180.169.147.146 - - [14/Jan/2021:10:56:59 +0800] "GET /xingrg/all/function/internal_message.html?_=1610593015618&CODE_STATE=getMsg HTTP/1.1" 200 27
117.185.32.26 - - [14/Jan/2021:10:57:00 +0800] "GET /xingrg/images/yd/bt.gif HTTP/1.1" 404 1040
180.156.237.57 - - [14/Jan/2021:10:57:01 +0800] "GET /xingrg/all/function/internal_message.html?_=1610593021476&CODE_STATE=getMsg HTTP/1.1" 200 27
116.228.172.94 - - [14/Jan/2021:10:57:01 +0800] "GET /xingrg/all/function/internal_message.html?_=1610593012845&CODE_STATE=getMsg HTTP/1.1" 200 27
117.185.32.26 - - [14/Jan/2021:10:57:01 +0800] "GET /xingrg/kc/buy/cgsh_order_list.html HTTP/1.1" 200 46079
61.165.42.208 - - [14/Jan/2021:10:57:02 +0800] "GET /xingrg/kc/base/wldb_order_operate.html?command=get_materiel&rest_code=00105&base_code=0010507&code=00101019258 HTTP/1.1" 200 469
180.157.253.48 - - [14/Jan/2021:10:57:03 +0800] "POST /xingrg/dwr/call/plaincall/AjaxYddbService.uncheckOrder.dwr HTTP/1.1" 200 78
180.157.253.48 - - [14/Jan/2021:10:57:03 +0800] "GET /xingrg/kc/base/yddb_order_info.html?code=482021011400109 HTTP/1.1" 200 31276
180.157.253.48 - - [14/Jan/2021:10:57:03 +0800] "GET /xingrg/dwr/interface/AjaxYddbService.js HTTP/1.1" 200 13201
180.157.253.48 - - [14/Jan/2021:10:57:03 +0800] "GET /xingrg/dwr/interface/AjaxComOrderService.js HTTP/1.1" 200 18264
180.157.253.48 - - [14/Jan/2021:10:57:03 +0800] "GET /xingrg/dwr/engine.js HTTP/1.1" 200 43631
180.157.253.48 - - [14/Jan/2021:10:57:04 +0800] "POST /xingrg/dwr/call/plaincall/AjaxYddbService.loadMaterielItems.dwr HTTP/1.1" 200 391
180.157.253.48 - - [14/Jan/2021:10:57:06 +0800] "GET /xingrg/kc/buy/cgsh_order_list.html HTTP/1.1" 200 46340
180.162.108.15 - - [14/Jan/2021:10:57:07 +0800] "GET /xingrg/all/function/internal_message.html?_=1610592892310&CODE_STATE=getMsg HTTP/1.1" 200 27
180.157.253.48 - - [14/Jan/2021:10:57:07 +0800] "POST /xingrg/kc/buy/cgsh_list_operate.html HTTP/1.1" 200 876
116.228.172.94 - - [14/Jan/2021:10:57:08 +0800] "GET /xingrg/kc/buy/cgsh_order_operate.html?command=get_materiel&rest_code=00107&code=00101001128&supplier_code=00100442&order_time=2021-01-14 HTTP/1.1" 200 423
180.157.253.48 - - [14/Jan/2021:10:57:12 +0800] "GET /xingrg/javascript/auto/indicator.gif HTTP/1.1" 404 1066
116.232.195.34 - - [14/Jan/2021:10:57:12 +0800] "GET /xingrg/all/function/internal_message.html?_=1610593029885&CODE_STATE=getMsg HTTP/1.1" 200 27
116.232.195.34 - - [14/Jan/2021:10:57:13 +0800] "GET /xingrg/kc/buy/cgsh_order_operate.html?command=get_materiel&rest_code=00155&code=00102010333&supplier_code=00100212&order_time=2021-01-14 HTTP/1.1" 200 422
117.185.32.26 - - [14/Jan/2021:10:57:14 +0800] "POST /xingrg/kc/buy/cgsh_list_operate.html HTTP/1.1" 200 876
116.228.172.94 - - [14/Jan/2021:10:57:16 +0800] "GET /xingrg/kc/buy/cgsh_order_operate.html?command=get_materiel&rest_code=00107&code=00101001127&supplier_code=00100442&order_time=2021-01-14 HTTP/1.1" 200 430
180.157.253.48 - - [14/Jan/2021:10:57:16 +0800] "POST /xingrg/kc/buy/cgsh_list_operate.html HTTP/1.1" 200 5437
218.81.216.242 - - [14/Jan/2021:10:57:17 +0800] "GET /xingrg/kc/buy/cgsh_order_operate.html?command=get_materiel&rest_code=00146&code=00101008168&supplier_code=00100005&order_time=2021-01-14 HTTP/1.1" 200 413
180.157.253.48 - - [14/Jan/2021:10:57:17 +0800] "POST /xingrg/kc/buy/cgsh_list_operate.html HTTP/1.1" 200 202
180.157.253.48 - - [14/Jan/2021:10:57:18 +0800] "GET /xingrg/kc/buy/cgsh_order_info.html?code=212021011405894 HTTP/1.1" 200 56986
180.157.253.48 - - [14/Jan/2021:10:57:18 +0800] "GET /xingrg/words/20210114101815_words.js HTTP/1.1" 304 -
180.157.253.48 - - [14/Jan/2021:10:57:19 +0800] "GET /xingrg/javascript/easyui/themes/default/validatebox.css HTTP/1.1" 404 1104
180.157.253.48 - - [14/Jan/2021:10:57:19 +0800] "POST /xingrg/kc/buy/cgsh_order_operate.html HTTP/1.1" 200 610
117.185.32.26 - - [14/Jan/2021:10:57:20 +0800] "GET /xingrg/all/function/internal_message.html?_=1610593036707&CODE_STATE=getMsg HTTP/1.1" 200 27
117.185.32.26 - - [14/Jan/2021:10:57:20 +0800] "POST /xingrg/kc/buy/cgsh_list_operate.html HTTP/1.1" 200 5893
180.157.253.48 - - [14/Jan/2021:10:57:21 +0800] "POST /xingrg/kc/buy/cgsh_order_operate.html HTTP/1.1" 200 12
180.157.253.48 - - [14/Jan/2021:10:57:22 +0800] "GET /xingrg/kc/buy/cgsh_order_info.html?code=212021011405894 HTTP/1.1" 200 61836
180.157.253.48 - - [14/Jan/2021:10:57:23 +0800] "GET /xingrg/javascript/easyui/themes/default/validatebox.css HTTP/1.1" 404 1104
180.157.253.48 - - [14/Jan/2021:10:57:23 +0800] "POST /xingrg/kc/buy/cgsh_order_operate.html HTTP/1.1" 200 2660
180.157.253.48 - - [14/Jan/2021:10:57:25 +0800] "GET /xingrg/logout.do HTTP/1.1" 302 -
180.157.253.48 - - [14/Jan/2021:10:57:25 +0800] "GET /xingrg/login.html?sysBaseUrl=http%3A%2F%2F180.169.147.146%3A18081%2Fxingrg%2F&costTime=3×tamp=1610593045157 HTTP/1.1" 200 7641
180.157.253.48 - - [14/Jan/2021:10:57:25 +0800] "GET /favicon.ico HTTP/1.1" 404 -
117.185.32.26 - - [14/Jan/2021:10:57:25 +0800] "POST /xingrg/kc/buy/cgsh_list_operate.html HTTP/1.1" 200 6019
120.204.17.71 - - [14/Jan/2021:10:57:27 +0800] "GET /xingrg/all/function/internal_message.html?_=1610592436692&CODE_STATE=getMsg HTTP/1.1" 302 -
218.81.216.242 - - [14/Jan/2021:10:57:27 +0800] "GET /xingrg/kc/buy/cgsh_order_operate.html?command=get_materiel&rest_code=00146&code=00101008323&supplier_code=00100005&order_time=2021-01-14 HTTP/1.1" 200 410
180.157.253.48 - - [14/Jan/2021:10:57:28 +0800] "POST /xingrg/login.do HTTP/1.1" 302 -
180.157.253.48 - - [14/Jan/2021:10:57:28 +0800] "GET /xingrg/index.html?sysBaseUrl=http%3A%2F%2F180.169.147.146%3A18081%2Fxingrg%2F&costTime=39×tamp=1610593048831 HTTP/1.1" 200 17179
180.157.253.48 - - [14/Jan/2021:10:57:29 +0800] "GET /favicon.ico HTTP/1.1" 404 -
180.157.253.48 - - [14/Jan/2021:10:57:29 +0800] "POST /xingrg/all/common/load_tree.html?tree=area_rest_tree_json&manage=1 HTTP/1.1" 200 351
180.157.253.48 - - [14/Jan/2021:10:57:29 +0800] "GET /xingrg/all/function/internal_message.html?_=1610593049974&CODE_STATE=count HTTP/1.1" 200 11
180.157.253.48 - - [14/Jan/2021:10:57:29 +0800] "GET /xingrg/check_reg.html?_=1610593049977 HTTP/1.1" 200 22
180.157.253.48 - - [14/Jan/2021:10:57:29 +0800] "POST /xingrg/load_menu.html HTTP/1.1" 200 5138
180.169.147.146 - - [14/Jan/2021:10:57:30 +0800] "GET /xingrg/all/function/internal_message.html?_=1610593047053&CODE_STATE=getMsg HTTP/1.1" 200 27
117.185.32.26 - - [14/Jan/2021:10:57:30 +0800] "GET /xingrg/javascript/easyui/themes/default/tree.css HTTP/1.1" 404 1090
61.165.42.208 - - [14/Jan/2021:10:57:31 +0800] "GET /xingrg/kc/base/wldb_order_operate.html?command=get_materiel&rest_code=00105&base_code=0010507&code=00101019297 HTTP/1.1" 200 464
117.185.32.26 - - [14/Jan/2021:10:57:31 +0800] "POST /xingrg/all/common/load_tree.html?tree=supplier_tree_json&manage=1 HTTP/1.1" 200 55025
180.157.253.48 - - [14/Jan/2021:10:57:32 +0800] "GET /xingrg/kc/buy/cgsh_order_list.html HTTP/1.1" 200 46085
120.204.17.71 - - [14/Jan/2021:10:57:32 +0800] "GET /xingrg/login.html HTTP/1.1" 200 7641
180.175.150.119 - - [14/Jan/2021:10:57:33 +0800] "GET /xingrg/all/function/internal_message.html?_=1610593290932&CODE_STATE=getMsg HTTP/1.1" 200 27
114.88.169.67 - - [14/Jan/2021:10:57:33 +0800] "GET /xingrg/all/function/internal_message.html?_=1610593045825&CODE_STATE=getMsg HTTP/1.1" 200 27
114.88.169.67 - - [14/Jan/2021:10:57:33 +0800] "GET /xingrg/check_reg.html?_=1610593045826 HTTP/1.1" 200 22
180.157.253.48 - - [14/Jan/2021:10:57:34 +0800] "POST /xingrg/kc/buy/cgsh_list_operate.html HTTP/1.1" 200 1694
58.37.230.33 - - [14/Jan/2021:10:57:34 +0800] "GET /xingrg/all/function/internal_message.html?_=1610593094051&CODE_STATE=getMsg HTTP/1.1" 200 27
116.228.172.94 - - [14/Jan/2021:10:57:35 +0800] "GET /xingrg/kc/buy/cgsh_order_operate.html?command=get_materiel&rest_code=00107&code=00101002007&supplier_code=00100442&order_time=2021-01-14 HTTP/1.1" 200 409
180.157.253.48 - - [14/Jan/2021:10:57:36 +0800] "POST /xingrg/kc/buy/cgsh_list_operate.html HTTP/1.1" 200 202
222.69.137.61 - - [14/Jan/2021:10:57:36 +0800] "GET /xingrg/all/function/internal_message.html?_=1610593049915&CODE_STATE=getMsg HTTP/1.1" 200 27
222.69.137.61 - - [14/Jan/2021:10:57:36 +0800] "GET /xingrg/check_reg.html?_=1610593050762 HTTP/1.1" 200 22
180.157.253.48 - - [14/Jan/2021:10:57:37 +0800] "GET /xingrg/kc/buy/cgsh_order_info.html?code=212021011405894 HTTP/1.1" 200 61836
180.157.253.48 - - [14/Jan/2021:10:57:37 +0800] "GET /xingrg/javascript/easyui/themes/default/validatebox.css HTTP/1.1" 404 1104
180.157.253.48 - - [14/Jan/2021:10:57:38 +0800] "POST /xingrg/kc/buy/cgsh_order_operate.html HTTP/1.1" 200 2660
172.20.0.100 - - [14/Jan/2021:10:57:40 +0800] "GET /xingrg/all/function/internal_message.html?_=1610593057740&CODE_STATE=getMsg HTTP/1.1" 200 27
172.20.0.100 - - [14/Jan/2021:10:57:40 +0800] "GET /xingrg/check_reg.html?_=1610593057742 HTTP/1.1" 200 22
120.253.135.82 - - [14/Jan/2021:10:57:40 +0800] "GET /xingrg/all/function/internal_message.html?_=1610593168059&CODE_STATE=getMsg HTTP/1.1" 200 27
61.165.42.208 - - [14/Jan/2021:10:57:40 +0800] "GET /xingrg/kc/base/wldb_order_operate.html?command=get_materiel&rest_code=00105&base_code=0010507&code=00101019015 HTTP/1.1" 200 437
218.81.216.242 - - [14/Jan/2021:10:57:42 +0800] "GET /xingrg/all/function/internal_message.html?_=1610593089305&CODE_STATE=getMsg HTTP/1.1" 200 27
117.185.32.26 - - [14/Jan/2021:10:57:42 +0800] "POST /xingrg/kc/buy/cgsh_list_operate.html HTTP/1.1" 200 5923
180.157.253.48 - - [14/Jan/2021:10:57:42 +0800] "POST /xingrg/kc/buy/cgsh_order_operate.html HTTP/1.1" 200 37
116.232.195.34 - - [14/Jan/2021:10:57:44 +0800] "POST /xingrg/kc/buy/cgsh_order_operate.html HTTP/1.1" 200 37
61.165.42.208 - - [14/Jan/2021:10:57:44 +0800] "GET /xingrg/all/function/internal_message.html?_=1610593044526&CODE_STATE=getMsg HTTP/1.1" 200 27
117.185.32.26 - - [14/Jan/2021:10:57:44 +0800] "POST /xingrg/kc/buy/cgsh_list_operate.html HTTP/1.1" 200 206
180.157.253.48 - - [14/Jan/2021:10:57:45 +0800] "POST /xingrg/kc/buy/cgsh_order_operate.html HTTP/1.1" 200 12
218.81.216.242 - - [14/Jan/2021:10:57:46 +0800] "GET /xingrg/kc/buy/cgsh_order_operate.html?command=get_materiel&rest_code=00146&code=00101008060&supplier_code=00100005&order_time=2021-01-14 HTTP/1.1" 200 416
117.185.32.26 - - [14/Jan/2021:10:57:46 +0800] "POST /xingrg/kc/buy/cgsh_list_operate.html HTTP/1.1" 200 206
180.157.253.48 - - [14/Jan/2021:10:57:47 +0800] "GET /xingrg/kc/buy/cgsh_order_info.html?code=212021011405894 HTTP/1.1" 200 56729
180.157.253.48 - - [14/Jan/2021:10:57:47 +0800] "GET /xingrg/javascript/easyui/themes/default/validatebox.css HTTP/1.1" 404 1104
180.156.237.57 - - [14/Jan/2021:10:57:48 +0800] "GET /xingrg/check_reg.html?_=1610593047600 HTTP/1.1" 200 22
180.157.253.48 - - [14/Jan/2021:10:57:48 +0800] "POST /xingrg/kc/buy/cgsh_order_operate.html HTTP/1.1" 200 610
117.185.32.26 - - [14/Jan/2021:10:57:48 +0800] "POST /xingrg/kc/buy/cgsh_list_operate.html HTTP/1.1" 200 206
116.232.195.34 - - [14/Jan/2021:10:57:48 +0800] "POST /xingrg/kc/buy/cgsh_order_operate.html HTTP/1.1" 200 8032
180.156.237.57 - - [14/Jan/2021:10:57:49 +0800] "GET /xingrg/all/function/internal_message.html?_=1610593048493&CODE_STATE=getMsg HTTP/1.1" 200 27
116.232.195.34 - - [14/Jan/2021:10:57:50 +0800] "GET /xingrg/kc/print/load_data.html?order_code=212021011405897&kc_code=cgsh&condition= HTTP/1.1" 200 2716
117.185.32.26 - - [14/Jan/2021:10:57:50 +0800] "POST /xingrg/kc/buy/cgsh_list_operate.html HTTP/1.1" 200 202
180.157.253.48 - - [14/Jan/2021:10:57:50 +0800] "GET /xingrg/kc/base/yddb_order_list.html HTTP/1.1" 200 16951
180.157.253.48 - - [14/Jan/2021:10:57:50 +0800] "POST /xingrg/kc/base/yddb_list_operate.html HTTP/1.1" 200 1334
180.157.253.48 - - [14/Jan/2021:10:57:51 +0800] "POST /xingrg/kc/base/yddb_list_operate.html HTTP/1.1" 200 202
117.185.32.26 - - [14/Jan/2021:10:57:52 +0800] "POST /xingrg/kc/buy/cgsh_list_operate.html HTTP/1.1" 200 201
180.157.253.48 - - [14/Jan/2021:10:57:52 +0800] "GET /xingrg/kc/base/yddb_order_info.html?code=482021011400109 HTTP/1.1" 200 31276
180.157.253.48 - - [14/Jan/2021:10:57:52 +0800] "GET /xingrg/dwr/interface/AjaxComOrderService.js HTTP/1.1" 200 18264
180.157.253.48 - - [14/Jan/2021:10:57:52 +0800] "GET /xingrg/dwr/interface/AjaxYddbService.js HTTP/1.1" 200 13201
180.157.253.48 - - [14/Jan/2021:10:57:52 +0800] "GET /xingrg/dwr/engine.js HTTP/1.1" 200 43631
180.157.253.48 - - [14/Jan/2021:10:57:52 +0800] "POST /xingrg/dwr/call/plaincall/AjaxYddbService.loadMaterielItems.dwr HTTP/1.1" 200 391
116.228.172.94 - - [14/Jan/2021:10:57:54 +0800] "POST /xingrg/kc/buy/cgsh_order_operate.html HTTP/1.1" 200 37
116.228.172.94 - - [14/Jan/2021:10:57:55 +0800] "POST /xingrg/kc/buy/cgsh_order_operate.html HTTP/1.1" 200 3268
116.228.172.94 - - [14/Jan/2021:10:57:57 +0800] "GET /xingrg/kc/buy/cgsh_order_add.html HTTP/1.1" 200 61905
180.157.253.48 - - [14/Jan/2021:10:57:57 +0800] "POST /xingrg/dwr/call/plaincall/AjaxYddbService.saveMaterielItem.dwr HTTP/1.1" 200 78
116.228.172.94 - - [14/Jan/2021:10:57:58 +0800] "GET /xingrg/javascript/easyui/themes/default/validatebox.css HTTP/1.1" 404 1104
116.228.172.94 - - [14/Jan/2021:10:57:58 +0800] "POST /xingrg/kc/buy/cgsh_order_operate.html HTTP/1.1" 200 8245
180.169.147.146 - - [14/Jan/2021:10:57:59 +0800] "GET /xingrg/all/function/internal_message.html?_=1610593075593&CODE_STATE=getMsg HTTP/1.1" 200 27
61.165.42.208 - - [14/Jan/2021:10:58:01 +0800] "GET /xingrg/kc/base/wldb_order_operate.html?command=get_materiel&rest_code=00105&base_code=0010507&code=00101019276 HTTP/1.1" 200 459
180.156.237.57 - - [14/Jan/2021:10:58:01 +0800] "GET /xingrg/all/function/internal_message.html?_=1610593081483&CODE_STATE=getMsg HTTP/1.1" 200 27
180.156.237.57 - - [14/Jan/2021:10:58:01 +0800] "GET /xingrg/check_reg.html?_=1610593081487 HTTP/1.1" 200 22
116.228.172.94 - - [14/Jan/2021:10:58:01 +0800] "GET /xingrg/all/function/internal_message.html?_=1610593072846&CODE_STATE=getMsg HTTP/1.1" 200 27
117.131.5.26 - - [14/Jan/2021:10:58:01 +0800] "GET /xingrg/check_reg.html?_=1610593427001 HTTP/1.1" 302 -
117.131.5.26 - - [14/Jan/2021:10:58:01 +0800] "GET /xingrg/login.html HTTP/1.1" 200 7641
101.85.52.2 - - [14/Jan/2021:10:58:01 +0800] "GET /xingrg/check_reg.html?_=1610593071218 HTTP/1.1" 200 22
218.81.216.242 - - [14/Jan/2021:10:58:03 +0800] "GET /xingrg/kc/buy/cgsh_order_operate.html?command=get_materiel&rest_code=00146&code=00101008061&supplier_code=00100005&order_time=2021-01-14 HTTP/1.1" 200 422
180.157.253.48 - - [14/Jan/2021:10:58:06 +0800] "POST /xingrg/dwr/call/plaincall/AjaxYddbService.checkOrder.dwr HTTP/1.1" 200 78
180.162.108.15 - - [14/Jan/2021:10:58:07 +0800] "GET /xingrg/all/function/internal_message.html?_=1610592952307&CODE_STATE=getMsg HTTP/1.1" 200 27
180.157.253.48 - - [14/Jan/2021:10:58:07 +0800] "GET /xingrg/kc/base/yddb_order_info.html?code=482021011400109 HTTP/1.1" 200 29455
180.157.253.48 - - [14/Jan/2021:10:58:07 +0800] "GET /xingrg/dwr/interface/AjaxComOrderService.js HTTP/1.1" 200 18264
180.157.253.48 - - [14/Jan/2021:10:58:07 +0800] "GET /xingrg/dwr/interface/AjaxYddbService.js HTTP/1.1" 200 13201
180.157.253.48 - - [14/Jan/2021:10:58:07 +0800] "GET /xingrg/dwr/engine.js HTTP/1.1" 200 43631
180.157.253.48 - - [14/Jan/2021:10:58:07 +0800] "POST /xingrg/dwr/call/plaincall/AjaxYddbService.loadMaterielItems.dwr HTTP/1.1" 200 395
116.232.195.34 - - [14/Jan/2021:10:58:08 +0800] "GET /xingrg/kc/buy/cgsh_order_add.html HTTP/1.1" 200 61785
116.232.195.34 - - [14/Jan/2021:10:58:08 +0800] "GET /xingrg/words/20210114101815_words.js HTTP/1.1" 304 -
116.232.195.34 - - [14/Jan/2021:10:58:08 +0800] "POST /xingrg/kc/buy/cgsh_order_operate.html HTTP/1.1" 200 8245
116.232.195.34 - - [14/Jan/2021:10:58:08 +0800] "GET /xingrg/javascript/easyui/themes/default/validatebox.css HTTP/1.1" 404 1104
180.157.253.48 - - [14/Jan/2021:10:58:10 +0800] "POST /xingrg/kc/base/yddb_list_operate.html HTTP/1.1" 200 636
116.228.172.94 - - [14/Jan/2021:10:58:12 +0800] "GET /xingrg/kc/buy/buy_main.html HTTP/1.1" 200 12412
116.228.172.94 - - [14/Jan/2021:10:58:12 +0800] "GET /xingrg/css/new_ie.css HTTP/1.1" 404 1036
116.232.195.34 - - [14/Jan/2021:10:58:12 +0800] "GET /xingrg/all/function/internal_message.html?_=1610593089887&CODE_STATE=getMsg HTTP/1.1" 200 27
116.228.172.94 - - [14/Jan/2021:10:58:13 +0800] "GET /xingrg/images/yd/bt.gif HTTP/1.1" 404 1040
116.228.172.94 - - [14/Jan/2021:10:58:14 +0800] "GET /xingrg/kc/buy/cgsh_order_list.html HTTP/1.1" 200 46085
116.228.172.94 - - [14/Jan/2021:10:58:16 +0800] "POST /xingrg/kc/buy/cgsh_list_operate.html HTTP/1.1" 200 5070
218.81.216.242 - - [14/Jan/2021:10:58:19 +0800] "GET /xingrg/kc/buy/cgsh_order_operate.html?command=get_materiel&rest_code=00146&code=00101008236&supplier_code=00100005&order_time=2021-01-14 HTTP/1.1" 200 417
117.185.32.26 - - [14/Jan/2021:10:58:20 +0800] "GET /xingrg/all/function/internal_message.html?_=1610593096743&CODE_STATE=getMsg HTTP/1.1" 200 27
218.81.216.242 - - [14/Jan/2021:10:58:22 +0800] "POST /xingrg/kc/buy/cgsh_order_operate.html HTTP/1.1" 200 2065
180.157.253.48 - - [14/Jan/2021:10:58:29 +0800] "GET /xingrg/all/function/internal_message.html?_=1610593109992&CODE_STATE=getMsg HTTP/1.1" 200 27
117.185.32.26 - - [14/Jan/2021:10:58:29 +0800] "POST /xingrg/kc/buy/cgsh_list_operate.html HTTP/1.1" 200 5938
180.157.253.48 - - [14/Jan/2021:10:58:29 +0800] "POST /xingrg/kc/base/yddb_list_operate.html HTTP/1.1" 200 4317
180.169.147.146 - - [14/Jan/2021:10:58:30 +0800] "GET /xingrg/check_reg.html?_=1610593106999 HTTP/1.1" 200 22
180.169.147.146 - - [14/Jan/2021:10:58:30 +0800] "GET /xingrg/all/function/internal_message.html?_=1610593107039&CODE_STATE=getMsg HTTP/1.1" 200 27
116.228.172.94 - - [14/Jan/2021:10:58:30 +0800] "POST /xingrg/kc/buy/cgsh_list_operate.html HTTP/1.1" 200 2583
180.157.253.48 - - [14/Jan/2021:10:58:30 +0800] "POST /xingrg/kc/base/yddb_list_operate.html HTTP/1.1" 200 220
218.81.216.242 - - [14/Jan/2021:10:58:32 +0800] "GET /xingrg/kc/buy/cgsh_order_operate.html?command=get_materiel&rest_code=00146&code=00101008418&supplier_code=00100005&order_time=2021-01-14 HTTP/1.1" 200 398
117.185.32.26 - - [14/Jan/2021:10:58:33 +0800] "POST /xingrg/kc/buy/cgsh_list_operate.html HTTP/1.1" 200 209
114.88.169.67 - - [14/Jan/2021:10:58:33 +0800] "GET /xingrg/all/function/internal_message.html?_=1610593105841&CODE_STATE=getMsg HTTP/1.1" 200 27
116.228.172.94 - - [14/Jan/2021:10:58:34 +0800] "POST /xingrg/kc/buy/cgsh_list_operate.html HTTP/1.1" 200 286
180.175.150.119 - - [14/Jan/2021:10:58:34 +0800] "GET /xingrg/all/function/internal_message.html?_=1610593352125&CODE_STATE=getMsg HTTP/1.1" 200 27
58.37.230.33 - - [14/Jan/2021:10:58:34 +0800] "GET /xingrg/all/function/internal_message.html?_=1610593154064&CODE_STATE=getMsg HTTP/1.1" 200 27
222.69.137.61 - - [14/Jan/2021:10:58:36 +0800] "GET /xingrg/all/function/internal_message.html?_=1610593109897&CODE_STATE=getMsg HTTP/1.1" 200 27
117.185.32.26 - - [14/Jan/2021:10:58:39 +0800] "GET /xingrg/kc/buy/cgsh_order_info.html?code=212021011305643 HTTP/1.1" 200 56725
117.185.32.26 - - [14/Jan/2021:10:58:39 +0800] "GET /xingrg/words/20210114101815_words.js HTTP/1.1" 200 789069
116.228.172.94 - - [14/Jan/2021:10:58:39 +0800] "GET /xingrg/kc/buy/cgsh_order_info.html?code=212021011405898 HTTP/1.1" 200 61916
61.165.42.208 - - [14/Jan/2021:10:58:40 +0800] "GET /xingrg/kc/base/wldb_order_operate.html?command=get_materiel&rest_code=00105&base_code=0010507&code=00101019125 HTTP/1.1" 200 482
172.20.0.100 - - [14/Jan/2021:10:58:40 +0800] "GET /xingrg/all/function/internal_message.html?_=1610593117743&CODE_STATE=getMsg HTTP/1.1" 200 27
117.185.32.26 - - [14/Jan/2021:10:58:40 +0800] "GET /xingrg/javascript/easyui/themes/default/validatebox.css HTTP/1.1" 404 1104
120.253.135.82 - - [14/Jan/2021:10:58:40 +0800] "GET /xingrg/all/function/internal_message.html?_=1610593228067&CODE_STATE=getMsg HTTP/1.1" 200 27
116.228.172.94 - - [14/Jan/2021:10:58:40 +0800] "GET /xingrg/words/20210114101815_words.js HTTP/1.1" 304 -
116.228.172.94 - - [14/Jan/2021:10:58:41 +0800] "GET /xingrg/javascript/easyui/themes/default/validatebox.css HTTP/1.1" 404 1104
120.204.17.71 - - [14/Jan/2021:10:58:42 +0800] "GET /xingrg/all/function/internal_message.html?_=1610592496649&CODE_STATE=getMsg HTTP/1.1" 302 -
117.185.32.26 - - [14/Jan/2021:10:58:42 +0800] "POST /xingrg/kc/buy/cgsh_order_operate.html HTTP/1.1" 200 618
218.81.216.242 - - [14/Jan/2021:10:58:42 +0800] "GET /xingrg/all/function/internal_message.html?_=1610593149304&CODE_STATE=getMsg HTTP/1.1" 200 27
116.228.172.94 - - [14/Jan/2021:10:58:43 +0800] "POST /xingrg/kc/buy/cgsh_order_operate.html HTTP/1.1" 200 3268
58.37.230.33 - - [14/Jan/2021:10:58:43 +0800] "GET /xingrg/javascript/jquery_easy_ui/themes/default/images/tabs_close.gif HTTP/1.1" 200 829
58.37.230.33 - - [14/Jan/2021:10:58:43 +0800] "GET /xingrg/kc/buy/buy_main.html HTTP/1.1" 200 12412
58.37.230.33 - - [14/Jan/2021:10:58:43 +0800] "GET /xingrg/css/new_ie.css HTTP/1.1" 404 1036
58.37.230.33 - - [14/Jan/2021:10:58:43 +0800] "GET /xingrg/javascript/pic_change.js HTTP/1.1" 200 4739
58.37.230.33 - - [14/Jan/2021:10:58:43 +0800] "GET /xingrg/images/blue/button/cgxqd.gif HTTP/1.1" 200 2619
58.37.230.33 - - [14/Jan/2021:10:58:43 +0800] "GET /xingrg/javascript/ToolTips.js HTTP/1.1" 200 5615
58.37.230.33 - - [14/Jan/2021:10:58:43 +0800] "GET /xingrg/javascript/jquery_ui/jquery-ui.min.js HTTP/1.1" 200 186181
58.37.230.33 - - [14/Jan/2021:10:58:43 +0800] "GET /xingrg/css/blue.css HTTP/1.1" 200 15949
58.37.230.33 - - [14/Jan/2021:10:58:43 +0800] "GET /xingrg/images/blue/button/cgshd.gif HTTP/1.1" 200 2618
58.37.230.33 - - [14/Jan/2021:10:58:43 +0800] "GET /xingrg/images/blue/button/cgydd.gif HTTP/1.1" 200 2712
58.37.230.33 - - [14/Jan/2021:10:58:43 +0800] "GET /xingrg/images/blue/button/kc.gif HTTP/1.1" 200 2160
58.37.230.33 - - [14/Jan/2021:10:58:43 +0800] "GET /xingrg/images/blue/button/ckthd.gif HTTP/1.1" 200 2045
58.37.230.33 - - [14/Jan/2021:10:58:43 +0800] "GET /xingrg/images/blue/button/cgfkd.gif HTTP/1.1" 200 2075
58.37.230.33 - - [14/Jan/2021:10:58:43 +0800] "GET /xingrg/images/blue/pic_form2.gif HTTP/1.1" 200 1853
58.37.230.33 - - [14/Jan/2021:10:58:43 +0800] "GET /xingrg/javascript/jquery_ui/themes/humanity/humanity.css HTTP/1.1" 200 27801
58.37.230.33 - - [14/Jan/2021:10:58:43 +0800] "GET /xingrg/javascript/myfunction.js HTTP/1.1" 200 24559
58.37.230.33 - - [14/Jan/2021:10:58:43 +0800] "GET /xingrg/images/blue/bg_dotted.jpg HTTP/1.1" 200 319
58.37.230.33 - - [14/Jan/2021:10:58:43 +0800] "GET /xingrg/images/blue/button/right_ah.jpg HTTP/1.1" 200 1744
58.37.230.33 - - [14/Jan/2021:10:58:43 +0800] "GET /xingrg/javascript/jquery_ui/themes/humanity/images/ui-bg_inset-soft_100_f4f0ec_1x100.png HTTP/1.1" 200 141
58.37.230.33 - - [14/Jan/2021:10:58:43 +0800] "GET /xingrg/images/blue/button/down_ah.jpg HTTP/1.1" 200 1732
58.37.230.33 - - [14/Jan/2021:10:58:43 +0800] "GET /xingrg/javascript/jquery_ui/themes/humanity/images/ui-iconsnew.jpg HTTP/1.1" 200 337
58.37.230.33 - - [14/Jan/2021:10:58:43 +0800] "GET /xingrg/javascript/jquery_ui/themes/humanity/images/ui-icons_ffffff_256x240.png HTTP/1.1" 200 4369
58.37.230.33 - - [14/Jan/2021:10:58:43 +0800] "GET /xingrg/javascript/jquery_ui/themes/humanity/images/ui-icons_c47a23_256x240.png HTTP/1.1" 200 5355
58.37.230.33 - - [14/Jan/2021:10:58:43 +0800] "GET /xingrg/javascript/jquery_ui/themes/humanity/images/ui-bg_glass_70_ede4d4_1x400.png HTTP/1.1" 200 161
61.165.42.208 - - [14/Jan/2021:10:58:44 +0800] "GET /xingrg/all/function/internal_message.html?_=1610593104535&CODE_STATE=getMsg HTTP/1.1" 200 27
116.228.172.94 - - [14/Jan/2021:10:58:47 +0800] "GET /xingrg/kc/print/load_data.html?order_code=212021011405898&kc_code=cgsh&condition= HTTP/1.1" 200 917
116.232.195.34 - - [14/Jan/2021:10:58:48 +0800] "GET /xingrg/kc/buy/cgsh_order_operate.html?command=get_materiel&rest_code=00155&code=00102010110&supplier_code=00100212&order_time=2021-01-14 HTTP/1.1" 200 412
180.156.237.57 - - [14/Jan/2021:10:58:49 +0800] "GET /xingrg/all/function/internal_message.html?_=1610593108506&CODE_STATE=getMsg HTTP/1.1" 200 27
120.204.17.71 - - [14/Jan/2021:10:58:49 +0800] "GET /xingrg/login.html HTTP/1.1" 200 7641
61.165.42.208 - - [14/Jan/2021:10:58:53 +0800] "GET /xingrg/kc/base/wldb_order_operate.html?command=get_materiel&rest_code=00105&base_code=0010507&code=00101019306 HTTP/1.1" 200 465
116.228.172.94 - - [14/Jan/2021:10:58:54 +0800] "GET /xingrg/kc/buy/cgsh_order_add.html HTTP/1.1" 200 61905
116.228.172.94 - - [14/Jan/2021:10:58:56 +0800] "GET /xingrg/javascript/easyui/themes/default/validatebox.css HTTP/1.1" 404 1104
116.228.172.94 - - [14/Jan/2021:10:58:56 +0800] "POST /xingrg/kc/buy/cgsh_order_operate.html HTTP/1.1" 200 8245
180.175.150.119 - - [14/Jan/2021:10:58:56 +0800] "GET /xingrg/check_reg.html?_=1610593373830 HTTP/1.1" 200 22
180.169.147.146 - - [14/Jan/2021:10:58:59 +0800] "GET /xingrg/all/function/internal_message.html?_=1610593135571&CODE_STATE=getMsg HTTP/1.1" 200 27
180.156.237.57 - - [14/Jan/2021:10:59:01 +0800] "GET /xingrg/all/function/internal_message.html?_=1610593141485&CODE_STATE=getMsg HTTP/1.1" 200 27
116.228.172.94 - - [14/Jan/2021:10:59:01 +0800] "GET /xingrg/all/function/internal_message.html?_=1610593132840&CODE_STATE=getMsg HTTP/1.1" 200 27
116.228.172.94 - - [14/Jan/2021:10:59:02 +0800] "GET /xingrg/javascript/easyui/themes/default/tree.css HTTP/1.1" 404 1090
116.228.172.94 - - [14/Jan/2021:10:59:02 +0800] "POST /xingrg/all/common/load_tree.html?tree=supplier_tree_json&isDelete=1 HTTP/1.1" 200 54293
58.221.95.50 - - [14/Jan/2021:10:59:03 +0800] "GET /xingrg/check_reg.html?_=1610593140959 HTTP/1.1" 302 -
61.165.42.208 - - [14/Jan/2021:10:59:05 +0800] "POST /xingrg/kc/base/wldb_order_operate.html HTTP/1.1" 200 37
61.165.42.208 - - [14/Jan/2021:10:59:06 +0800] "POST /xingrg/kc/base/wldb_order_operate.html HTTP/1.1" 200 6722
117.131.5.26 - - [14/Jan/2021:10:59:06 +0800] "POST /xingrg/services/DataTransmitService HTTP/1.1" 200 524
61.165.42.208 - - [14/Jan/2021:10:59:06 +0800] "GET /xingrg/kc/base/wldb_order_info.html?code=422021011401667 HTTP/1.1" 200 30517
117.131.5.26 - - [14/Jan/2021:10:59:06 +0800] "POST /xingrg/services/DataTransmitService HTTP/1.1" 200 2099
180.162.108.15 - - [14/Jan/2021:10:59:07 +0800] "GET /xingrg/check_reg.html?_=1610593012304 HTTP/1.1" 200 22
180.162.108.15 - - [14/Jan/2021:10:59:07 +0800] "GET /xingrg/all/function/internal_message.html?_=1610593012307&CODE_STATE=getMsg HTTP/1.1" 200 27
61.165.42.208 - - [14/Jan/2021:10:59:07 +0800] "GET /xingrg/words/20210114101815_words.js HTTP/1.1" 304 -
117.131.5.26 - - [14/Jan/2021:10:59:07 +0800] "POST /xingrg/services/DataTransmitService HTTP/1.1" 200 150319
61.165.42.208 - - [14/Jan/2021:10:59:07 +0800] "GET /xingrg/javascript/easyui/themes/default/validatebox.css HTTP/1.1" 404 1104
61.165.42.208 - - [14/Jan/2021:10:59:07 +0800] "POST /xingrg/kc/base/wldb_order_operate.html HTTP/1.1" 200 6722
218.81.216.242 - - [14/Jan/2021:10:59:08 +0800] "GET /xingrg/kc/buy/cgsh_order_operate.html?command=get_materiel&rest_code=00146&code=00101009015&supplier_code=00100005&order_time=2021-01-14 HTTP/1.1" 200 416
116.232.195.34 - - [14/Jan/2021:10:59:12 +0800] "GET /xingrg/all/function/internal_message.html?_=1610593149884&CODE_STATE=getMsg HTTP/1.1" 200 27
180.169.147.146 - - [14/Jan/2021:10:59:17 +0800] "GET /xingrg/check_reg.html?_=1610593155314 HTTP/1.1" 200 22
117.185.32.26 - - [14/Jan/2021:10:59:20 +0800] "GET /xingrg/all/function/internal_message.html?_=1610593156737&CODE_STATE=getMsg HTTP/1.1" 200 27
116.228.172.94 - - [14/Jan/2021:10:59:20 +0800] "GET /xingrg/kc/buy/cgsh_order_operate.html?command=get_materiel&rest_code=00107&code=00101002006&supplier_code=00100091&order_time=2021-01-14 HTTP/1.1" 200 414
218.81.216.242 - - [14/Jan/2021:10:59:22 +0800] "GET /xingrg/kc/buy/cgsh_order_operate.html?command=get_materiel&rest_code=00146&code=00101008095&supplier_code=00100005&order_time=2021-01-14 HTTP/1.1" 200 412
180.157.253.48 - - [14/Jan/2021:10:59:29 +0800] "GET /xingrg/all/function/internal_message.html?_=1610593169990&CODE_STATE=getMsg HTTP/1.1" 200 27
180.169.147.146 - - [14/Jan/2021:10:59:30 +0800] "GET /xingrg/all/function/internal_message.html?_=1610593167012&CODE_STATE=getMsg HTTP/1.1" 200 27
114.88.169.67 - - [14/Jan/2021:10:59:33 +0800] "GET /xingrg/all/function/internal_message.html?_=1610593165825&CODE_STATE=getMsg HTTP/1.1" 200 27
180.175.150.119 - - [14/Jan/2021:10:59:34 +0800] "GET /xingrg/all/function/internal_message.html?_=1610593412128&CODE_STATE=getMsg HTTP/1.1" 200 27
58.37.230.33 - - [14/Jan/2021:10:59:34 +0800] "GET /xingrg/all/function/internal_message.html?_=1610593214058&CODE_STATE=getMsg HTTP/1.1" 200 27
222.69.137.61 - - [14/Jan/2021:10:59:36 +0800] "GET /xingrg/all/function/internal_message.html?_=1610593169880&CODE_STATE=getMsg HTTP/1.1" 200 27
120.253.135.82 - - [14/Jan/2021:10:59:38 +0800] "GET /xingrg/check_reg.html?_=1610593285931 HTTP/1.1" 200 22
172.20.0.100 - - [14/Jan/2021:10:59:40 +0800] "GET /xingrg/all/function/internal_message.html?_=1610593177745&CODE_STATE=getMsg HTTP/1.1" 200 27
120.253.135.82 - - [14/Jan/2021:10:59:40 +0800] "GET /xingrg/all/function/internal_message.html?_=1610593288081&CODE_STATE=getMsg HTTP/1.1" 200 27
218.81.216.242 - - [14/Jan/2021:10:59:42 +0800] "GET /xingrg/all/function/internal_message.html?_=1610593209319&CODE_STATE=getMsg HTTP/1.1" 200 27
61.165.42.208 - - [14/Jan/2021:10:59:44 +0800] "GET /xingrg/all/function/internal_message.html?_=1610593164541&CODE_STATE=getMsg HTTP/1.1" 200 27
61.165.42.208 - - [14/Jan/2021:10:59:44 +0800] "GET /xingrg/check_reg.html?_=1610593164544 HTTP/1.1" 200 22
180.156.237.57 - - [14/Jan/2021:10:59:49 +0800] "GET /xingrg/all/function/internal_message.html?_=1610593168520&CODE_STATE=getMsg HTTP/1.1" 200 27
218.81.216.242 - - [14/Jan/2021:10:59:49 +0800] "GET /xingrg/kc/buy/cgsh_order_operate.html?command=get_materiel&rest_code=00146&code=00101008221&supplier_code=00100005&order_time=2021-01-14 HTTP/1.1" 200 412
218.81.216.242 - - [14/Jan/2021:10:59:51 +0800] "POST /xingrg/kc/buy/cgsh_order_operate.html HTTP/1.1" 200 2065
180.157.253.48 - - [14/Jan/2021:10:59:54 +0800] "POST /xingrg/kc/base/yddb_list_operate.html HTTP/1.1" 200 1334
180.157.253.48 - - [14/Jan/2021:10:59:55 +0800] "POST /xingrg/kc/base/yddb_list_operate.html HTTP/1.1" 200 202
180.169.147.146 - - [14/Jan/2021:10:59:59 +0800] "GET /xingrg/all/function/internal_message.html?_=1610593195539&CODE_STATE=getMsg HTTP/1.1" 200 27
218.81.216.242 - - [14/Jan/2021:10:59:59 +0800] "GET /xingrg/check_reg.html?_=1610593226449 HTTP/1.1" 200 22
116.228.172.94 - - [14/Jan/2021:10:59:59 +0800] "GET /xingrg/kc/buy/cgsh_order_operate.html?command=get_materiel&rest_code=00107&code=00101002034&supplier_code=00100091&order_time=2021-01-14 HTTP/1.1" 200 409
180.157.253.48 - - [14/Jan/2021:11:00:00 +0800] "GET /xingrg/kc/base/yddb_order_info.html?code=482021011400109 HTTP/1.1" 200 29455
180.157.253.48 - - [14/Jan/2021:11:00:00 +0800] "GET /xingrg/dwr/interface/AjaxComOrderService.js HTTP/1.1" 200 18264
180.157.253.48 - - [14/Jan/2021:11:00:00 +0800] "GET /xingrg/dwr/interface/AjaxYddbService.js HTTP/1.1" 200 13201
180.157.253.48 - - [14/Jan/2021:11:00:00 +0800] "GET /xingrg/dwr/engine.js HTTP/1.1" 200 43631
180.157.253.48 - - [14/Jan/2021:11:00:00 +0800] "POST /xingrg/dwr/call/plaincall/AjaxYddbService.loadMaterielItems.dwr HTTP/1.1" 200 395
180.156.237.57 - - [14/Jan/2021:11:00:01 +0800] "GET /xingrg/all/function/internal_message.html?_=1610593201491&CODE_STATE=getMsg HTTP/1.1" 200 27
116.228.172.94 - - [14/Jan/2021:11:00:01 +0800] "GET /xingrg/check_reg.html?_=1610593192838 HTTP/1.1" 200 22
116.228.172.94 - - [14/Jan/2021:11:00:01 +0800] "GET /xingrg/all/function/internal_message.html?_=1610593192841&CODE_STATE=getMsg HTTP/1.1" 200 27
218.81.216.242 - - [14/Jan/2021:11:00:03 +0800] "GET /xingrg/kc/buy/cgsh_order_operate.html?command=get_materiel&rest_code=00146&code=00101008041&supplier_code=00100005&order_time=2021-01-14 HTTP/1.1" 200 408
180.169.147.146 - - [14/Jan/2021:11:00:04 +0800] "GET /xingrg/kc/base/yddb_order_list.html HTTP/1.1" 200 16951
180.169.147.146 - - [14/Jan/2021:11:00:04 +0800] "POST /xingrg/kc/base/yddb_list_operate.html HTTP/1.1" 200 636
180.169.147.146 - - [14/Jan/2021:11:00:06 +0800] "POST /xingrg/all/user/operate.html HTTP/1.1" 200 36
180.169.147.146 - - [14/Jan/2021:11:00:06 +0800] "GET /xingrg/javascript/jquery_easy_ui/themes/default/easyui.css HTTP/1.1" 304 -
180.169.147.146 - - [14/Jan/2021:11:00:06 +0800] "GET /xingrg/javascript/jquery_easy_ui/themes/icon.css HTTP/1.1" 304 -
180.169.147.146 - - [14/Jan/2021:11:00:06 +0800] "GET /xingrg/css/form.css HTTP/1.1" 304 -
180.169.147.146 - - [14/Jan/2021:11:00:06 +0800] "GET /xingrg/javascript/jquery-1.4.2.min.js HTTP/1.1" 304 -
180.169.147.146 - - [14/Jan/2021:11:00:06 +0800] "GET /xingrg/javascript/jquery_easy_ui/jquery.easyui.min.js HTTP/1.1" 304 -
180.169.147.146 - - [14/Jan/2021:11:00:06 +0800] "GET /xingrg/javascript/jquery_easy_ui/easyui-lang-zh_CN.js HTTP/1.1" 304 -
180.169.147.146 - - [14/Jan/2021:11:00:06 +0800] "GET /xingrg/javascript/jquery.form.js HTTP/1.1" 304 -
180.169.147.146 - - [14/Jan/2021:11:00:06 +0800] "GET /xingrg/javascript/jquery.utils.js HTTP/1.1" 304 -
180.169.147.146 - - [14/Jan/2021:11:00:06 +0800] "GET /xingrg/javascript/jquery.timers.js HTTP/1.1" 304 -
180.162.108.15 - - [14/Jan/2021:11:00:07 +0800] "GET /xingrg/all/function/internal_message.html?_=1610593072317&CODE_STATE=getMsg HTTP/1.1" 200 27
180.169.147.146 - - [14/Jan/2021:11:00:07 +0800] "GET /xingrg/index.html?sysBaseUrl=http%3A%2F%2F180.169.147.146%3A18081%2Fxingrg%2F&costTime=39×tamp=1592034574635 HTTP/1.1" 200 17503
180.169.147.146 - - [14/Jan/2021:11:00:07 +0800] "GET /xingrg/images/blue/jxLogo.png HTTP/1.1" 304 -
180.169.147.146 - - [14/Jan/2021:11:00:07 +0800] "GET /xingrg/javascript/jquery_easy_ui/themes/icons/settle_new.png HTTP/1.1" 304 -
180.169.147.146 - - [14/Jan/2021:11:00:07 +0800] "GET /xingrg/images/blue/navBackgound.jpg HTTP/1.1" 304 -
180.169.147.146 - - [14/Jan/2021:11:00:07 +0800] "GET /xingrg/all/function/internal_message.html?_=1610593204776&CODE_STATE=count HTTP/1.1" 200 11
180.169.147.146 - - [14/Jan/2021:11:00:07 +0800] "GET /xingrg/check_reg.html?_=1610593204776 HTTP/1.1" 200 22
180.169.147.146 - - [14/Jan/2021:11:00:07 +0800] "GET /xingrg/javascript/jquery_easy_ui/themes/default/images/panel_tool_expand.gif HTTP/1.1" 304 -
180.169.147.146 - - [14/Jan/2021:11:00:07 +0800] "GET /xingrg/images/blue/pingpu.png HTTP/1.1" 304 -
180.169.147.146 - - [14/Jan/2021:11:00:07 +0800] "GET /xingrg/javascript/jquery_easy_ui/themes/default/images/tabs_leftarrow.png HTTP/1.1" 304 -
180.169.147.146 - - [14/Jan/2021:11:00:07 +0800] "GET /xingrg/javascript/jquery_easy_ui/themes/default/images/tabs_rightarrow.png HTTP/1.1" 304 -
180.169.147.146 - - [14/Jan/2021:11:00:07 +0800] "GET /xingrg/javascript/jquery_easy_ui/themes/default/images/panel_tool_collapse.gif HTTP/1.1" 304 -
180.169.147.146 - - [14/Jan/2021:11:00:07 +0800] "POST /xingrg/all/common/load_tree.html?tree=area_rest_tree_json&manage=1 HTTP/1.1" 200 3344
180.169.147.146 - - [14/Jan/2021:11:00:10 +0800] "POST /xingrg/load_menu.html HTTP/1.1" 200 11564
114.88.169.67 - - [14/Jan/2021:11:00:11 +0800] "GET /xingrg/index.html?sysBaseUrl=http%3A%2F%2F180.169.147.146%3A18081%2Fxingrg%2F&costTime=74×tamp=1596510965499 HTTP/1.1" 302 -
114.88.169.67 - - [14/Jan/2021:11:00:11 +0800] "GET /xingrg/login.html HTTP/1.1" 200 7641
114.88.169.67 - - [14/Jan/2021:11:00:12 +0800] "GET /favicon.ico HTTP/1.1" 404 -
116.232.195.34 - - [14/Jan/2021:11:00:12 +0800] "GET /xingrg/all/function/internal_message.html?_=1610593209870&CODE_STATE=getMsg HTTP/1.1" 200 27
180.169.147.146 - - [14/Jan/2021:11:00:13 +0800] "GET /xingrg/kc/base/yddb_order_list.html HTTP/1.1" 200 16945
180.169.147.146 - - [14/Jan/2021:11:00:14 +0800] "POST /xingrg/kc/base/yddb_list_operate.html HTTP/1.1" 200 636
218.81.216.242 - - [14/Jan/2021:11:00:16 +0800] "GET /xingrg/kc/buy/cgsh_order_operate.html?command=get_materiel&rest_code=00146&code=00101015066&supplier_code=00100005&order_time=2021-01-14 HTTP/1.1" 200 413
180.169.147.146 - - [14/Jan/2021:11:00:18 +0800] "POST /xingrg/kc/base/yddb_list_operate.html HTTP/1.1" 200 1583
116.232.195.34 - - [14/Jan/2021:11:00:18 +0800] "GET /xingrg/kc/buy/cgsh_order_operate.html?command=get_materiel&rest_code=00155&code=00102010790&supplier_code=00100212&order_time=2021-01-14 HTTP/1.1" 200 416
180.169.147.146 - - [14/Jan/2021:11:00:18 +0800] "POST /xingrg/kc/base/yddb_list_operate.html HTTP/1.1" 200 202
114.88.169.67 - - [14/Jan/2021:11:00:19 +0800] "POST /xingrg/login.do HTTP/1.1" 302 -
180.169.147.146 - - [14/Jan/2021:11:00:19 +0800] "GET /xingrg/dwr/interface/AjaxComOrderService.js HTTP/1.1" 200 18264
180.169.147.146 - - [14/Jan/2021:11:00:19 +0800] "GET /xingrg/dwr/interface/AjaxYddbService.js HTTP/1.1" 200 13201
180.169.147.146 - - [14/Jan/2021:11:00:19 +0800] "GET /xingrg/dwr/engine.js HTTP/1.1" 200 43631
180.169.147.146 - - [14/Jan/2021:11:00:20 +0800] "GET /xingrg/kc/base/yddb_order_info.html?code=482021011400109 HTTP/1.1" 200 30675
114.88.169.67 - - [14/Jan/2021:11:00:20 +0800] "GET /xingrg/javascript/jquery_easy_ui/themes/default/easyui.css HTTP/1.1" 304 -
114.88.169.67 - - [14/Jan/2021:11:00:20 +0800] "GET /xingrg/javascript/jquery-1.4.2.min.js HTTP/1.1" 304 -
114.88.169.67 - - [14/Jan/2021:11:00:20 +0800] "GET /xingrg/javascript/jquery_easy_ui/themes/icon.css HTTP/1.1" 304 -
114.88.169.67 - - [14/Jan/2021:11:00:20 +0800] "GET /xingrg/css/form.css HTTP/1.1" 304 -
114.88.169.67 - - [14/Jan/2021:11:00:20 +0800] "GET /xingrg/javascript/jquery_easy_ui/jquery.easyui.min.js HTTP/1.1" 304 -
114.88.169.67 - - [14/Jan/2021:11:00:20 +0800] "GET /xingrg/javascript/jquery_easy_ui/easyui-lang-zh_CN.js HTTP/1.1" 304 -
114.88.169.67 - - [14/Jan/2021:11:00:20 +0800] "GET /xingrg/javascript/jquery.timers.js HTTP/1.1" 304 -
114.88.169.67 - - [14/Jan/2021:11:00:20 +0800] "GET /xingrg/javascript/jquery.form.js HTTP/1.1" 304 -
114.88.169.67 - - [14/Jan/2021:11:00:20 +0800] "GET /xingrg/javascript/jquery.utils.js HTTP/1.1" 304 -
114.88.169.67 - - [14/Jan/2021:11:00:20 +0800] "GET /favicon.ico HTTP/1.1" 404 -
117.185.32.26 - - [14/Jan/2021:11:00:20 +0800] "GET /xingrg/all/function/internal_message.html?_=1610593216701&CODE_STATE=getMsg HTTP/1.1" 200 27
114.88.169.67 - - [14/Jan/2021:11:00:20 +0800] "GET /xingrg/index.html?sysBaseUrl=http%3A%2F%2F180.169.147.146%3A18081%2Fxingrg%2F&costTime=1007×tamp=1610593219892 HTTP/1.1" 200 17173
180.169.147.146 - - [14/Jan/2021:11:00:20 +0800] "POST /xingrg/dwr/call/plaincall/AjaxYddbService.loadMaterielItems.dwr HTTP/1.1" 200 395
114.88.169.67 - - [14/Jan/2021:11:00:20 +0800] "POST /xingrg/all/common/load_tree.html?tree=area_rest_tree_json&manage=1 HTTP/1.1" 200 342
114.88.169.67 - - [14/Jan/2021:11:00:20 +0800] "GET /xingrg/all/function/internal_message.html?_=1610593216611&CODE_STATE=count HTTP/1.1" 200 11
114.88.169.67 - - [14/Jan/2021:11:00:20 +0800] "GET /xingrg/check_reg.html?_=1610593216611 HTTP/1.1" 200 22
114.88.169.67 - - [14/Jan/2021:11:00:21 +0800] "POST /xingrg/load_menu.html HTTP/1.1" 200 5138
116.228.172.94 - - [14/Jan/2021:11:00:22 +0800] "GET /xingrg/kc/buy/cgsh_order_operate.html?command=get_materiel&rest_code=00107&code=00101003037&supplier_code=00100091&order_time=2021-01-14 HTTP/1.1" 200 433
114.88.169.67 - - [14/Jan/2021:11:00:23 +0800] "GET /xingrg/kc/buy/buy_main.html HTTP/1.1" 200 12412
114.88.169.67 - - [14/Jan/2021:11:00:23 +0800] "GET /xingrg/css/new_ie.css HTTP/1.1" 404 1036
114.88.169.67 - - [14/Jan/2021:11:00:23 +0800] "GET /xingrg/css/blue.css HTTP/1.1" 304 -
114.88.169.67 - - [14/Jan/2021:11:00:23 +0800] "GET /xingrg/javascript/jquery_ui/themes/humanity/humanity.css HTTP/1.1" 304 -
114.88.169.67 - - [14/Jan/2021:11:00:23 +0800] "GET /xingrg/javascript/pic_change.js HTTP/1.1" 304 -
114.88.169.67 - - [14/Jan/2021:11:00:23 +0800] "GET /xingrg/javascript/jquery_ui/jquery-ui.min.js HTTP/1.1" 304 -
114.88.169.67 - - [14/Jan/2021:11:00:23 +0800] "GET /xingrg/javascript/ToolTips.js HTTP/1.1" 304 -
114.88.169.67 - - [14/Jan/2021:11:00:23 +0800] "GET /xingrg/javascript/myfunction.js HTTP/1.1" 304 -
