180.157.253.48 - - [14/Jan/2021:11:29:29 +0800] "GET /xingrg/javascript/easyui/themes/icons/template_new.png HTTP/1.1" 304 -
180.157.253.48 - - [14/Jan/2021:11:29:29 +0800] "GET /xingrg/javascript/easyui/themes/icons/copy_new.png HTTP/1.1" 304 -
180.157.253.48 - - [14/Jan/2021:11:29:29 +0800] "GET /xingrg/javascript/easyui/themes/icons/ok.png HTTP/1.1" 304 -
180.157.253.48 - - [14/Jan/2021:11:29:29 +0800] "GET /xingrg/javascript/easyui/themes/icons/print.png HTTP/1.1" 304 -
180.157.253.48 - - [14/Jan/2021:11:29:29 +0800] "GET /xingrg/javascript/easyui/themes/default/images/menu_downarrow.png HTTP/1.1" 304 -
180.157.253.48 - - [14/Jan/2021:11:29:29 +0800] "GET /xingrg/javascript/easyui/themes/icons/cancel.png HTTP/1.1" 304 -
180.157.253.48 - - [14/Jan/2021:11:29:29 +0800] "GET /xingrg/javascript/easyui/plugins/jquery.parser.js HTTP/1.1" 304 -
180.157.253.48 - - [14/Jan/2021:11:29:29 +0800] "POST /xingrg/kc/buy/cgsh_order_operate.html HTTP/1.1" 200 8245
218.81.216.242 - - [14/Jan/2021:11:29:29 +0800] "GET /xingrg/kc/buy/cgsh_order_operate.html?command=get_materiel&rest_code=00146&code=00101001050&supplier_code=00100312&order_time=2021-01-14 HTTP/1.1" 200 409
180.157.253.48 - - [14/Jan/2021:11:29:29 +0800] "GET /xingrg/javascript/easyui/themes/default/images/button_plain_hover.png HTTP/1.1" 304 -
180.157.253.48 - - [14/Jan/2021:11:29:29 +0800] "GET /xingrg/all/common/auto_word.html?type=employee&rest_code=00148 HTTP/1.1" 200 197
180.157.253.48 - - [14/Jan/2021:11:29:29 +0800] "GET /xingrg/all/common/auto_word.html?type=employee&rest_code=00148 HTTP/1.1" 200 197
180.157.253.48 - - [14/Jan/2021:11:29:29 +0800] "GET /xingrg/javascript/easyui/themes/default/images/button_plain_hover.png HTTP/1.1" 304 -
180.157.253.48 - - [14/Jan/2021:11:29:29 +0800] "GET /xingrg/javascript/easyui/themes/default/validatebox.css HTTP/1.1" 404 1104
180.157.253.48 - - [14/Jan/2021:11:29:29 +0800] "GET /xingrg/javascript/easyui/plugins/jquery.validatebox.js HTTP/1.1" 304 -
180.157.253.48 - - [14/Jan/2021:11:29:29 +0800] "GET /xingrg/javascript/easyui/plugins/jquery.numberbox.js HTTP/1.1" 304 -
180.169.147.146 - - [14/Jan/2021:11:29:30 +0800] "GET /xingrg/all/function/internal_message.html?_=1610594967015&CODE_STATE=getMsg HTTP/1.1" 200 27
120.204.17.73 - - [14/Jan/2021:11:29:31 +0800] "GET /xingrg/login.html HTTP/1.1" 200 7641
120.253.135.82 - - [14/Jan/2021:11:29:32 +0800] "GET /xingrg/kc/pszx/mdps_order_list.html?orderType=0 HTTP/1.1" 200 21153
120.253.135.82 - - [14/Jan/2021:11:29:32 +0800] "POST /xingrg/kc/pszx/mdps_list_operate.html HTTP/1.1" 200 5422
180.157.253.48 - - [14/Jan/2021:11:29:32 +0800] "GET /xingrg/javascript/pic_change.js HTTP/1.1" 304 -
180.157.253.48 - - [14/Jan/2021:11:29:32 +0800] "GET /xingrg/javascript/jquery_tools/jquery.tools.min.js HTTP/1.1" 304 -
180.157.253.48 - - [14/Jan/2021:11:29:32 +0800] "GET /xingrg/javascript/jquery_tools/jquery.tools.extend.js HTTP/1.1" 304 -
180.157.253.48 - - [14/Jan/2021:11:29:32 +0800] "GET /xingrg/javascript/jquery_tools/jquery.tools.hotkey.js HTTP/1.1" 304 -
180.157.253.48 - - [14/Jan/2021:11:29:32 +0800] "GET /xingrg/javascript/auto/jquery.autocomplete.js HTTP/1.1" 304 -
180.157.253.48 - - [14/Jan/2021:11:29:32 +0800] "GET /xingrg/javascript/jquery_tools/jquery.tools.table.js HTTP/1.1" 304 -
180.157.253.48 - - [14/Jan/2021:11:29:32 +0800] "GET /xingrg/javascript/easyui/easyloader.js HTTP/1.1" 304 -
180.157.253.48 - - [14/Jan/2021:11:29:32 +0800] "GET /xingrg/javascript/jquery.utils.js HTTP/1.1" 304 -
180.157.253.48 - - [14/Jan/2021:11:29:32 +0800] "GET /xingrg/javascript/jquery_tools/order_manager.js HTTP/1.1" 304 -
180.157.253.48 - - [14/Jan/2021:11:29:32 +0800] "GET /xingrg/javascript/json2.js HTTP/1.1" 304 -
180.157.253.48 - - [14/Jan/2021:11:29:32 +0800] "GET /xingrg/javascript/jquery.cookie.js HTTP/1.1" 304 -
180.157.253.48 - - [14/Jan/2021:11:29:32 +0800] "GET /xingrg/javascript/print/kc_print.js HTTP/1.1" 304 -
180.157.253.48 - - [14/Jan/2021:11:29:32 +0800] "GET /xingrg/javascript/print/LodopFuncs.js HTTP/1.1" 304 -
180.157.253.48 - - [14/Jan/2021:11:29:32 +0800] "GET /xingrg/javascript/easyui/plugins/jquery.parser.js HTTP/1.1" 304 -
180.157.253.48 - - [14/Jan/2021:11:29:32 +0800] "GET /xingrg/javascript/easyui/plugins/jquery.validatebox.js HTTP/1.1" 304 -
180.157.253.48 - - [14/Jan/2021:11:29:32 +0800] "GET /xingrg/words/20210114112643_words.js HTTP/1.1" 304 -
180.157.253.48 - - [14/Jan/2021:11:29:32 +0800] "GET /xingrg/javascript/easyui/plugins/jquery.numberbox.js HTTP/1.1" 304 -
180.157.253.48 - - [14/Jan/2021:11:29:32 +0800] "GET /xingrg/javascript/convert.js HTTP/1.1" 304 -
180.157.253.48 - - [14/Jan/2021:11:29:32 +0800] "POST /xingrg/kc/buy/cgsh_order_operate.html HTTP/1.1" 200 37
180.156.237.57 - - [14/Jan/2021:11:29:32 +0800] "GET /xingrg/kc/buy/cgsh_order_operate.html?command=get_materiel&rest_code=00150&code=00101008146&supplier_code=00100440&order_time=2021-01-14 HTTP/1.1" 200 416
58.37.230.33 - - [14/Jan/2021:11:29:34 +0800] "GET /xingrg/all/function/internal_message.html?_=1610595014110&CODE_STATE=getMsg HTTP/1.1" 200 27
180.156.237.57 - - [14/Jan/2021:11:29:35 +0800] "GET /xingrg/all/function/internal_message.html?_=1610594975389&CODE_STATE=getMsg HTTP/1.1" 200 27
222.69.137.61 - - [14/Jan/2021:11:29:36 +0800] "GET /xingrg/all/function/internal_message.html?_=1610594969848&CODE_STATE=getMsg HTTP/1.1" 200 27
120.253.135.82 - - [14/Jan/2021:11:29:37 +0800] "POST /xingrg/kc/pszx/mdps_list_operate.html HTTP/1.1" 200 5529
180.157.253.48 - - [14/Jan/2021:11:29:37 +0800] "POST /xingrg/kc/buy/cgsh_order_operate.html HTTP/1.1" 200 12
180.175.150.119 - - [14/Jan/2021:11:29:38 +0800] "GET /xingrg/kc/base/wldb_order_operate.html?command=get_materiel&rest_code=00102&base_code=0010476&code=00101019503 HTTP/1.1" 200 465
120.253.135.82 - - [14/Jan/2021:11:29:38 +0800] "GET /xingrg/check_reg.html?_=1610595085969 HTTP/1.1" 200 22
114.88.169.67 - - [14/Jan/2021:11:29:39 +0800] "GET /xingrg/kc/buy/cgsh_order_operate.html?command=get_materiel&rest_code=00111&code=00101010148&supplier_code=00100325&order_time=2021-01-14 HTTP/1.1" 200 413
180.157.253.48 - - [14/Jan/2021:11:29:39 +0800] "GET /xingrg/kc/buy/cgsh_order_operate.html?command=get_materiel&rest_code=00148&code=00101012003&supplier_code=00100036&order_time=2021-01-14 HTTP/1.1" 200 412
180.157.253.48 - - [14/Jan/2021:11:29:39 +0800] "GET /xingrg/javascript/easyui/themes/default/images/button_plain_hover.png HTTP/1.1" 304 -
180.157.253.48 - - [14/Jan/2021:11:29:39 +0800] "GET /xingrg/kc/buy/cgsh_order_info.html?code=212021011405992 HTTP/1.1" 200 56728
117.185.32.26 - - [14/Jan/2021:11:29:39 +0800] "GET /xingrg/all/function/internal_message.html?_=1610595455610&CODE_STATE=getMsg HTTP/1.1" 200 27
180.157.253.48 - - [14/Jan/2021:11:29:40 +0800] "GET /xingrg/words/20210114112643_words.js HTTP/1.1" 304 -
180.157.253.48 - - [14/Jan/2021:11:29:40 +0800] "GET /xingrg/javascript/easyui/themes/default/images/button_plain_hover.png HTTP/1.1" 304 -
172.20.0.100 - - [14/Jan/2021:11:29:40 +0800] "GET /xingrg/all/function/internal_message.html?_=1610594977731&CODE_STATE=getMsg HTTP/1.1" 200 27
180.157.253.48 - - [14/Jan/2021:11:29:40 +0800] "GET /xingrg/javascript/easyui/themes/default/validatebox.css HTTP/1.1" 404 1104
180.156.237.57 - - [14/Jan/2021:11:29:40 +0800] "GET /xingrg/kc/buy/cgsh_order_operate.html?command=get_materiel&rest_code=00150&code=00101008147&supplier_code=00100440&order_time=2021-01-14 HTTP/1.1" 200 416
180.157.253.48 - - [14/Jan/2021:11:29:40 +0800] "POST /xingrg/kc/buy/cgsh_order_operate.html HTTP/1.1" 200 616
120.253.135.82 - - [14/Jan/2021:11:29:40 +0800] "GET /xingrg/all/function/internal_message.html?_=1610595088490&CODE_STATE=getMsg HTTP/1.1" 200 27
120.253.135.82 - - [14/Jan/2021:11:29:41 +0800] "POST /xingrg/kc/pszx/mdps_list_operate.html HTTP/1.1" 200 5524
180.157.253.48 - - [14/Jan/2021:11:29:42 +0800] "GET /xingrg/kc/print/load_data.html?order_code=212021011405992&kc_code=cgsh&condition= HTTP/1.1" 200 714
180.175.150.119 - - [14/Jan/2021:11:29:42 +0800] "GET /xingrg/kc/base/wldb_order_operate.html?command=get_materiel&rest_code=00102&base_code=0010476&code=00101013257 HTTP/1.1" 200 429
180.157.253.48 - - [14/Jan/2021:11:29:43 +0800] "GET /xingrg/javascript/easyui/themes/default/images/button_plain_hover.png HTTP/1.1" 304 -
218.81.216.242 - - [14/Jan/2021:11:29:43 +0800] "GET /xingrg/all/function/internal_message.html?_=1610595010844&CODE_STATE=getMsg HTTP/1.1" 200 27
61.165.42.208 - - [14/Jan/2021:11:29:44 +0800] "GET /xingrg/check_reg.html?_=1610594964568 HTTP/1.1" 200 22
61.165.42.208 - - [14/Jan/2021:11:29:44 +0800] "GET /xingrg/all/function/internal_message.html?_=1610594964570&CODE_STATE=getMsg HTTP/1.1" 200 27
180.157.253.48 - - [14/Jan/2021:11:29:44 +0800] "GET /xingrg/all/function/internal_message.html?_=1610594987493&CODE_STATE=getMsg HTTP/1.1" 200 27
120.253.135.82 - - [14/Jan/2021:11:29:46 +0800] "POST /xingrg/kc/pszx/mdps_list_operate.html HTTP/1.1" 200 623
120.253.135.82 - - [14/Jan/2021:11:29:46 +0800] "GET /xingrg/kc/pszx/mdps_order_info.html?code=312021011300438 HTTP/1.1" 200 23887
116.228.172.94 - - [14/Jan/2021:11:29:46 +0800] "GET /xingrg/all/function/internal_message.html?_=1610594977584&CODE_STATE=getMsg HTTP/1.1" 200 27
120.253.135.82 - - [14/Jan/2021:11:29:46 +0800] "GET /xingrg/javascript/easyui/themes/default/validatebox.css HTTP/1.1" 404 1104
120.253.135.82 - - [14/Jan/2021:11:29:46 +0800] "POST /xingrg/kc/pszx/mdps_order_operate.html HTTP/1.1" 200 9840
180.156.237.57 - - [14/Jan/2021:11:29:46 +0800] "POST /xingrg/kc/buy/cgsh_order_operate.html HTTP/1.1" 200 37
222.69.137.61 - - [14/Jan/2021:11:29:47 +0800] "GET /xingrg/kc/buy/cgsh_order_operate.html?command=get_materiel&rest_code=00149&code=00101027057&supplier_code=00100019&order_time=2021-01-14 HTTP/1.1" 200 442
61.151.178.197 - - [14/Jan/2021:11:29:47 +0800] "GET /xingrg/all/function/internal_message.html?_=1610594414083&CODE_STATE=getMsg HTTP/1.1" 302 -
180.157.253.48 - - [14/Jan/2021:11:29:47 +0800] "GET /xingrg/kc/buy/cgsh_order_add.html HTTP/1.1" 200 61823
180.157.253.48 - - [14/Jan/2021:11:29:48 +0800] "POST /xingrg/kc/buy/cgsh_order_operate.html HTTP/1.1" 200 8245
180.157.253.48 - - [14/Jan/2021:11:29:48 +0800] "GET /xingrg/javascript/easyui/themes/default/validatebox.css HTTP/1.1" 404 1104
114.88.169.67 - - [14/Jan/2021:11:29:49 +0800] "GET /xingrg/kc/buy/cgsh_order_operate.html?command=get_materiel&rest_code=00111&code=00101006026&supplier_code=00100325&order_time=2021-01-14 HTTP/1.1" 200 409
180.156.237.57 - - [14/Jan/2021:11:29:49 +0800] "GET /xingrg/all/function/internal_message.html?_=1610594968990&CODE_STATE=getMsg HTTP/1.1" 200 27
180.156.237.57 - - [14/Jan/2021:11:29:50 +0800] "POST /xingrg/kc/buy/cgsh_order_operate.html HTTP/1.1" 200 12
180.175.150.119 - - [14/Jan/2021:11:29:50 +0800] "GET /xingrg/kc/base/wldb_order_operate.html?command=get_materiel&rest_code=00102&base_code=0010476&code=00101016044 HTTP/1.1" 200 464
180.156.237.57 - - [14/Jan/2021:11:29:50 +0800] "GET /xingrg/kc/buy/cgsh_order_info.html?code=212021011405993 HTTP/1.1" 200 56647
120.253.135.82 - - [14/Jan/2021:11:29:50 +0800] "GET /xingrg/javascript/jquery_easy_ui/themes/icons/area.png HTTP/1.1" 304 -
180.156.237.57 - - [14/Jan/2021:11:29:51 +0800] "GET /xingrg/words/20210114112643_words.js HTTP/1.1" 304 -
180.156.237.57 - - [14/Jan/2021:11:29:51 +0800] "GET /xingrg/javascript/easyui/themes/default/validatebox.css HTTP/1.1" 404 1104
180.156.237.57 - - [14/Jan/2021:11:29:51 +0800] "POST /xingrg/kc/buy/cgsh_order_operate.html HTTP/1.1" 200 1207
180.157.253.48 - - [14/Jan/2021:11:29:51 +0800] "GET /xingrg/all/function/internal_message.html?_=1610594992319&CODE_STATE=getMsg HTTP/1.1" 200 27
180.157.253.48 - - [14/Jan/2021:11:29:52 +0800] "GET /xingrg/kc/buy/cgsh_order_operate.html?command=get_materiel&rest_code=00148&code=00101010545&supplier_code=00100036&order_time=2021-01-14 HTTP/1.1" 200 396
114.88.169.67 - - [14/Jan/2021:11:29:52 +0800] "GET /xingrg/all/function/internal_message.html?_=1610594988304&CODE_STATE=getMsg HTTP/1.1" 200 27
180.156.237.57 - - [14/Jan/2021:11:29:52 +0800] "GET /xingrg/kc/print/load_data.html?order_code=212021011405993&kc_code=cgsh&condition= HTTP/1.1" 200 947
120.253.135.82 - - [14/Jan/2021:11:29:54 +0800] "POST /xingrg/kc/pszx/mdps_order_operate.html HTTP/1.1" 200 37
61.151.178.197 - - [14/Jan/2021:11:29:54 +0800] "GET /xingrg/login.html HTTP/1.1" 200 7641
180.169.147.146 - - [14/Jan/2021:11:29:55 +0800] "GET /xingrg/all/function/internal_message.html?_=1610594992869&CODE_STATE=getMsg HTTP/1.1" 200 27
120.253.135.82 - - [14/Jan/2021:11:29:55 +0800] "POST /xingrg/kc/pszx/mdps_order_operate.html HTTP/1.1" 200 12
120.253.135.82 - - [14/Jan/2021:11:29:57 +0800] "GET /xingrg/kc/pszx/mdps_order_info.html?code=312021011300438 HTTP/1.1" 200 19545
180.156.237.57 - - [14/Jan/2021:11:29:57 +0800] "GET /xingrg/kc/buy/cgsh_order_add.html HTTP/1.1" 200 61741
222.69.137.61 - - [14/Jan/2021:11:29:57 +0800] "GET /xingrg/kc/buy/cgsh_order_operate.html?command=get_materiel&rest_code=00149&code=00101027022&supplier_code=00100019&order_time=2021-01-14 HTTP/1.1" 200 445
180.157.253.48 - - [14/Jan/2021:11:29:57 +0800] "GET /xingrg/kc/buy/cgsh_order_operate.html?command=get_materiel&rest_code=00148&code=00101010161&supplier_code=00100334&order_time=2021-01-14 HTTP/1.1" 200 408
120.253.135.82 - - [14/Jan/2021:11:29:57 +0800] "POST /xingrg/kc/pszx/mdps_order_operate.html HTTP/1.1" 200 7973
120.253.135.82 - - [14/Jan/2021:11:29:57 +0800] "GET /xingrg/javascript/easyui/themes/default/validatebox.css HTTP/1.1" 404 1104
180.156.237.57 - - [14/Jan/2021:11:29:57 +0800] "POST /xingrg/kc/buy/cgsh_order_operate.html HTTP/1.1" 200 8245
180.156.237.57 - - [14/Jan/2021:11:29:57 +0800] "GET /xingrg/javascript/easyui/themes/default/validatebox.css HTTP/1.1" 404 1104
180.175.150.119 - - [14/Jan/2021:11:29:58 +0800] "GET /xingrg/kc/base/wldb_order_operate.html?command=get_materiel&rest_code=00102&base_code=0010476&code=00101019438 HTTP/1.1" 200 447
120.253.135.82 - - [14/Jan/2021:11:29:58 +0800] "GET /xingrg/all/function/internal_message.html?_=1610595105619&CODE_STATE=getMsg HTTP/1.1" 200 27
180.169.147.146 - - [14/Jan/2021:11:29:58 +0800] "GET /xingrg/all/function/internal_message.html?_=1610594994968&CODE_STATE=getMsg HTTP/1.1" 200 27
218.81.216.242 - - [14/Jan/2021:11:29:59 +0800] "GET /xingrg/check_reg.html?_=1610595026925 HTTP/1.1" 200 22
180.175.150.119 - - [14/Jan/2021:11:30:02 +0800] "GET /xingrg/check_reg.html?_=1610595240054 HTTP/1.1" 200 22
180.175.150.119 - - [14/Jan/2021:11:30:04 +0800] "GET /xingrg/all/function/internal_message.html?_=1610595242502&CODE_STATE=getMsg HTTP/1.1" 200 27
180.156.237.57 - - [14/Jan/2021:11:30:05 +0800] "GET /xingrg/kc/buy/cgsh_order_operate.html?command=get_materiel&rest_code=00150&code=00101002018&supplier_code=00100094&order_time=2021-01-14 HTTP/1.1" 200 430
180.162.108.15 - - [14/Jan/2021:11:30:07 +0800] "GET /xingrg/all/function/internal_message.html?_=1610594872362&CODE_STATE=getMsg HTTP/1.1" 200 27
180.175.150.119 - - [14/Jan/2021:11:30:08 +0800] "GET /xingrg/kc/base/wldb_order_operate.html?command=get_materiel&rest_code=00102&base_code=0010476&code=00101016065 HTTP/1.1" 200 469
222.69.137.61 - - [14/Jan/2021:11:30:09 +0800] "GET /xingrg/kc/buy/cgsh_order_operate.html?command=get_materiel&rest_code=00149&code=00101028011&supplier_code=00100019&order_time=2021-01-14 HTTP/1.1" 200 473
116.228.172.94 - - [14/Jan/2021:11:30:12 +0800] "GET /xingrg/kc/buy/cgsh_order_operate.html?command=get_materiel&rest_code=00107&code=00101012004&supplier_code=00100347&order_time=2021-01-14 HTTP/1.1" 200 416
116.232.195.34 - - [14/Jan/2021:11:30:12 +0800] "GET /xingrg/all/function/internal_message.html?_=1610595009884&CODE_STATE=getMsg HTTP/1.1" 200 27
120.253.135.82 - - [14/Jan/2021:11:30:12 +0800] "POST /xingrg/kc/pszx/mdps_list_operate.html HTTP/1.1" 200 278
120.253.135.82 - - [14/Jan/2021:11:30:14 +0800] "GET /xingrg/kc/pszx/mdps_order_info.html?code=312021011300436 HTTP/1.1" 200 23885
120.253.135.82 - - [14/Jan/2021:11:30:14 +0800] "GET /xingrg/javascript/easyui/themes/default/validatebox.css HTTP/1.1" 404 1104
120.253.135.82 - - [14/Jan/2021:11:30:14 +0800] "POST /xingrg/kc/pszx/mdps_order_operate.html HTTP/1.1" 200 2779
180.175.150.119 - - [14/Jan/2021:11:30:15 +0800] "GET /xingrg/kc/base/wldb_order_operate.html?command=get_materiel&rest_code=00102&base_code=0010476&code=00101016020 HTTP/1.1" 200 446
117.131.5.26 - - [14/Jan/2021:11:30:16 +0800] "GET /xingrg/all/function/internal_message.html?_=1610595064088&CODE_STATE=getMsg HTTP/1.1" 200 27
183.192.95.197 - - [14/Jan/2021:11:30:17 +0800] "GET /xingrg/check_reg.html?_=1610595014597 HTTP/1.1" 200 22
183.192.95.197 - - [14/Jan/2021:11:30:17 +0800] "GET /xingrg/all/function/internal_message.html?_=1610595014608&CODE_STATE=getMsg HTTP/1.1" 200 27
180.156.237.57 - - [14/Jan/2021:11:30:17 +0800] "POST /xingrg/kc/buy/cgsh_order_operate.html HTTP/1.1" 200 37
120.253.135.82 - - [14/Jan/2021:11:30:18 +0800] "POST /xingrg/kc/pszx/mdps_order_operate.html HTTP/1.1" 200 37
180.157.253.48 - - [14/Jan/2021:11:30:19 +0800] "GET /xingrg/kc/buy/cgsh_order_operate.html?command=get_materiel&rest_code=00148&code=00101010136&supplier_code=00100036&order_time=2021-01-14 HTTP/1.1" 200 408
180.157.253.48 - - [14/Jan/2021:11:30:19 +0800] "GET /xingrg/kc/buy/cgsh_order_operate.html?command=get_materiel&rest_code=00148&code=00101005045&supplier_code=00100334&order_time=2021-01-14 HTTP/1.1" 200 409
117.185.32.26 - - [14/Jan/2021:11:30:20 +0800] "GET /xingrg/all/function/internal_message.html?_=1610595016608&CODE_STATE=getMsg HTTP/1.1" 200 27
120.253.135.82 - - [14/Jan/2021:11:30:20 +0800] "POST /xingrg/kc/pszx/mdps_order_operate.html HTTP/1.1" 200 12
120.253.135.82 - - [14/Jan/2021:11:30:21 +0800] "GET /xingrg/kc/pszx/mdps_order_info.html?code=312021011300436 HTTP/1.1" 200 19543
114.88.169.67 - - [14/Jan/2021:11:30:21 +0800] "POST /xingrg/kc/buy/cgsh_order_operate.html HTTP/1.1" 200 37
120.253.135.82 - - [14/Jan/2021:11:30:21 +0800] "GET /xingrg/javascript/easyui/themes/default/validatebox.css HTTP/1.1" 404 1104
120.253.135.82 - - [14/Jan/2021:11:30:21 +0800] "POST /xingrg/kc/pszx/mdps_order_operate.html HTTP/1.1" 200 996
114.88.169.67 - - [14/Jan/2021:11:30:22 +0800] "POST /xingrg/kc/buy/cgsh_order_operate.html HTTP/1.1" 200 6217
180.156.237.57 - - [14/Jan/2021:11:30:23 +0800] "POST /xingrg/kc/buy/cgsh_order_operate.html HTTP/1.1" 200 12
120.253.135.82 - - [14/Jan/2021:11:30:23 +0800] "POST /xingrg/kc/pszx/mdps_list_operate.html HTTP/1.1" 200 5524
114.88.169.67 - - [14/Jan/2021:11:30:24 +0800] "GET /xingrg/kc/print/load_data.html?order_code=212021011405995&kc_code=cgsh&condition= HTTP/1.1" 200 2031
180.156.237.57 - - [14/Jan/2021:11:30:26 +0800] "GET /xingrg/kc/buy/cgsh_order_info.html?code=212021011405994 HTTP/1.1" 200 56643
180.156.237.57 - - [14/Jan/2021:11:30:27 +0800] "GET /xingrg/words/20210114112643_words.js HTTP/1.1" 304 -
180.156.237.57 - - [14/Jan/2021:11:30:27 +0800] "GET /xingrg/javascript/easyui/themes/default/validatebox.css HTTP/1.1" 404 1104
180.157.253.48 - - [14/Jan/2021:11:30:28 +0800] "POST /xingrg/kc/buy/cgsh_order_operate.html HTTP/1.1" 200 37
180.156.237.57 - - [14/Jan/2021:11:30:28 +0800] "POST /xingrg/kc/buy/cgsh_order_operate.html HTTP/1.1" 200 613
180.169.147.146 - - [14/Jan/2021:11:30:30 +0800] "GET /xingrg/all/function/internal_message.html?_=1610595027005&CODE_STATE=getMsg HTTP/1.1" 200 27
222.69.137.61 - - [14/Jan/2021:11:30:30 +0800] "GET /xingrg/kc/buy/cgsh_order_operate.html?command=get_materiel&rest_code=00149&code=00101027017&supplier_code=00100019&order_time=2021-01-14 HTTP/1.1" 200 443
61.129.7.235 - - [14/Jan/2021:11:30:31 +0800] "GET /xingrg/check_reg.html?_=1610594474099 HTTP/1.1" 302 -
180.157.253.48 - - [14/Jan/2021:11:30:31 +0800] "GET /xingrg/kc/buy/cgsh_order_operate.html?command=get_materiel&rest_code=00148&code=00101016017&supplier_code=00100036&order_time=2021-01-14 HTTP/1.1" 200 408
180.156.237.57 - - [14/Jan/2021:11:30:32 +0800] "GET /xingrg/kc/print/load_data.html?order_code=212021011405994&kc_code=cgsh&condition= HTTP/1.1" 200 792
61.129.7.235 - - [14/Jan/2021:11:30:33 +0800] "GET /xingrg/login.html HTTP/1.1" 200 7641
58.37.230.33 - - [14/Jan/2021:11:30:34 +0800] "GET /xingrg/all/function/internal_message.html?_=1610595074111&CODE_STATE=getMsg HTTP/1.1" 200 27
58.37.230.33 - - [14/Jan/2021:11:30:34 +0800] "GET /xingrg/check_reg.html?_=1610595074112 HTTP/1.1" 200 22
120.253.135.82 - - [14/Jan/2021:11:30:34 +0800] "POST /xingrg/kc/pszx/mdps_list_operate.html HTTP/1.1" 200 629
120.253.135.82 - - [14/Jan/2021:11:30:35 +0800] "GET /xingrg/kc/pszx/mdps_order_info.html?code=312021011300437 HTTP/1.1" 200 23887
180.156.237.57 - - [14/Jan/2021:11:30:35 +0800] "GET /xingrg/all/function/internal_message.html?_=1610595035420&CODE_STATE=getMsg HTTP/1.1" 200 27
180.157.253.48 - - [14/Jan/2021:11:30:35 +0800] "POST /xingrg/kc/buy/cgsh_order_operate.html HTTP/1.1" 200 12
120.253.135.82 - - [14/Jan/2021:11:30:35 +0800] "GET /xingrg/javascript/easyui/themes/default/validatebox.css HTTP/1.1" 404 1104
120.253.135.82 - - [14/Jan/2021:11:30:35 +0800] "POST /xingrg/kc/pszx/mdps_order_operate.html HTTP/1.1" 200 18201
222.69.137.61 - - [14/Jan/2021:11:30:36 +0800] "GET /xingrg/all/function/internal_message.html?_=1610595029827&CODE_STATE=getMsg HTTP/1.1" 200 27
180.157.253.48 - - [14/Jan/2021:11:30:37 +0800] "GET /xingrg/kc/buy/cgsh_order_info.html?code=212021011405996 HTTP/1.1" 200 56729
180.156.237.57 - - [14/Jan/2021:11:30:37 +0800] "GET /xingrg/kc/buy/cgsh_order_add.html HTTP/1.1" 200 61741
180.157.253.48 - - [14/Jan/2021:11:30:37 +0800] "GET /xingrg/words/20210114112643_words.js HTTP/1.1" 304 -
180.156.237.57 - - [14/Jan/2021:11:30:37 +0800] "POST /xingrg/kc/buy/cgsh_order_operate.html HTTP/1.1" 200 8245
180.156.237.57 - - [14/Jan/2021:11:30:37 +0800] "GET /xingrg/javascript/easyui/themes/default/validatebox.css HTTP/1.1" 404 1104
180.157.253.48 - - [14/Jan/2021:11:30:38 +0800] "GET /xingrg/javascript/easyui/themes/default/validatebox.css HTTP/1.1" 404 1104
180.157.253.48 - - [14/Jan/2021:11:30:39 +0800] "POST /xingrg/kc/buy/cgsh_order_operate.html HTTP/1.1" 200 1191
117.185.32.26 - - [14/Jan/2021:11:30:39 +0800] "GET /xingrg/all/function/internal_message.html?_=1610595515581&CODE_STATE=getMsg HTTP/1.1" 200 27
172.20.0.100 - - [14/Jan/2021:11:30:40 +0800] "GET /xingrg/all/function/internal_message.html?_=1610595037733&CODE_STATE=getMsg HTTP/1.1" 200 27
120.253.135.82 - - [14/Jan/2021:11:30:40 +0800] "GET /xingrg/all/function/internal_message.html?_=1610595148502&CODE_STATE=getMsg HTTP/1.1" 200 27
120.253.135.82 - - [14/Jan/2021:11:30:40 +0800] "POST /xingrg/kc/pszx/mdps_order_operate.html HTTP/1.1" 200 37
117.185.32.26 - - [14/Jan/2021:11:30:40 +0800] "POST /xingrg/kc/buy/cgsh_order_operate.html HTTP/1.1" 200 37
180.157.253.48 - - [14/Jan/2021:11:30:41 +0800] "GET /xingrg/kc/print/load_data.html?order_code=212021011405996&kc_code=cgsh&condition= HTTP/1.1" 200 934
180.157.253.48 - - [14/Jan/2021:11:30:42 +0800] "GET /xingrg/kc/buy/cgsh_order_operate.html?command=get_materiel&rest_code=00148&code=00101016025&supplier_code=00100036&order_time=2021-01-14 HTTP/1.1" 200 408
120.253.135.82 - - [14/Jan/2021:11:30:42 +0800] "POST /xingrg/kc/pszx/mdps_order_operate.html HTTP/1.1" 200 12
222.69.137.61 - - [14/Jan/2021:11:30:43 +0800] "GET /xingrg/kc/buy/cgsh_order_operate.html?command=get_materiel&rest_code=00149&code=00101020079&supplier_code=00100019&order_time=2021-01-14 HTTP/1.1" 200 421
218.81.216.242 - - [14/Jan/2021:11:30:43 +0800] "GET /xingrg/all/function/internal_message.html?_=1610595070847&CODE_STATE=getMsg HTTP/1.1" 200 27
120.253.135.82 - - [14/Jan/2021:11:30:43 +0800] "GET /xingrg/kc/pszx/mdps_order_info.html?code=312021011300437 HTTP/1.1" 200 19545
117.185.32.26 - - [14/Jan/2021:11:30:44 +0800] "POST /xingrg/kc/buy/cgsh_order_operate.html HTTP/1.1" 200 12
61.165.42.208 - - [14/Jan/2021:11:30:44 +0800] "GET /xingrg/all/function/internal_message.html?_=1610595024570&CODE_STATE=getMsg HTTP/1.1" 200 27
120.253.135.82 - - [14/Jan/2021:11:30:44 +0800] "POST /xingrg/kc/pszx/mdps_order_operate.html HTTP/1.1" 200 16279
120.253.135.82 - - [14/Jan/2021:11:30:44 +0800] "GET /xingrg/javascript/easyui/themes/default/validatebox.css HTTP/1.1" 404 1104
180.157.253.48 - - [14/Jan/2021:11:30:44 +0800] "GET /xingrg/all/function/internal_message.html?_=1610595047508&CODE_STATE=getMsg HTTP/1.1" 200 27
180.157.253.48 - - [14/Jan/2021:11:30:44 +0800] "GET /xingrg/kc/buy/cgsh_order_add.html HTTP/1.1" 200 61823
117.185.32.26 - - [14/Jan/2021:11:30:44 +0800] "GET /xingrg/kc/buy/cgsh_order_info.html?code=212021011405997 HTTP/1.1" 200 56721
117.185.32.26 - - [14/Jan/2021:11:30:45 +0800] "GET /xingrg/words/20210114112643_words.js HTTP/1.1" 200 789123
180.157.253.48 - - [14/Jan/2021:11:30:45 +0800] "POST /xingrg/kc/buy/cgsh_order_operate.html HTTP/1.1" 200 8245
180.157.253.48 - - [14/Jan/2021:11:30:45 +0800] "GET /xingrg/javascript/easyui/themes/default/validatebox.css HTTP/1.1" 404 1104
117.185.32.26 - - [14/Jan/2021:11:30:45 +0800] "GET /xingrg/javascript/easyui/themes/default/validatebox.css HTTP/1.1" 404 1104
117.185.32.26 - - [14/Jan/2021:11:30:46 +0800] "POST /xingrg/kc/buy/cgsh_order_operate.html HTTP/1.1" 200 617
116.228.172.94 - - [14/Jan/2021:11:30:46 +0800] "GET /xingrg/all/function/internal_message.html?_=1610595037591&CODE_STATE=getMsg HTTP/1.1" 200 27
114.88.169.67 - - [14/Jan/2021:11:30:48 +0800] "GET /xingrg/kc/buy/cgsh_order_add.html HTTP/1.1" 200 61817
120.253.135.82 - - [14/Jan/2021:11:30:48 +0800] "POST /xingrg/kc/pszx/mdps_list_operate.html HTTP/1.1" 200 5523
114.88.169.67 - - [14/Jan/2021:11:30:48 +0800] "POST /xingrg/kc/buy/cgsh_order_operate.html HTTP/1.1" 200 8245
180.157.253.48 - - [14/Jan/2021:11:30:48 +0800] "GET /xingrg/kc/buy/cgsh_order_operate.html?command=get_materiel&rest_code=00148&code=00101012019&supplier_code=00100036&order_time=2021-01-14 HTTP/1.1" 200 412
114.88.169.67 - - [14/Jan/2021:11:30:48 +0800] "GET /xingrg/javascript/easyui/themes/default/validatebox.css HTTP/1.1" 404 1104
117.185.32.26 - - [14/Jan/2021:11:30:48 +0800] "GET /xingrg/kc/print/load_data.html?order_code=212021011405997&kc_code=cgsh&condition= HTTP/1.1" 200 771
180.156.237.57 - - [14/Jan/2021:11:30:49 +0800] "GET /xingrg/all/function/internal_message.html?_=1610595029016&CODE_STATE=getMsg HTTP/1.1" 200 27
180.156.237.57 - - [14/Jan/2021:11:30:50 +0800] "GET /xingrg/kc/buy/cgsh_order_operate.html?command=get_materiel&rest_code=00150&code=00101014078&supplier_code=00100211&order_time=2021-01-14 HTTP/1.1" 200 415
180.157.253.48 - - [14/Jan/2021:11:30:51 +0800] "GET /xingrg/check_reg.html?_=1610595051877 HTTP/1.1" 200 22
180.157.253.48 - - [14/Jan/2021:11:30:51 +0800] "GET /xingrg/all/function/internal_message.html?_=1610595052303&CODE_STATE=getMsg HTTP/1.1" 200 27
114.88.169.67 - - [14/Jan/2021:11:30:52 +0800] "GET /xingrg/check_reg.html?_=1610595048069 HTTP/1.1" 200 22
114.88.169.67 - - [14/Jan/2021:11:30:52 +0800] "GET /xingrg/all/function/internal_message.html?_=1610595048314&CODE_STATE=getMsg HTTP/1.1" 200 27
180.175.150.119 - - [14/Jan/2021:11:30:53 +0800] "GET /xingrg/kc/base/wldb_order_operate.html?command=get_materiel&rest_code=00102&base_code=0010476&code=00101019439 HTTP/1.1" 200 455
180.169.147.146 - - [14/Jan/2021:11:30:55 +0800] "GET /xingrg/all/function/internal_message.html?_=1610595052873&CODE_STATE=getMsg HTTP/1.1" 200 27
120.253.135.82 - - [14/Jan/2021:11:30:58 +0800] "GET /xingrg/all/function/internal_message.html?_=1610595165659&CODE_STATE=getMsg HTTP/1.1" 200 27
180.169.147.146 - - [14/Jan/2021:11:30:58 +0800] "GET /xingrg/all/function/internal_message.html?_=1610595054952&CODE_STATE=getMsg HTTP/1.1" 200 27
180.156.237.57 - - [14/Jan/2021:11:30:59 +0800] "POST /xingrg/kc/buy/cgsh_order_operate.html HTTP/1.1" 200 37
114.88.169.67 - - [14/Jan/2021:11:30:59 +0800] "GET /xingrg/kc/buy/cgsh_order_operate.html?command=get_materiel&rest_code=00111&code=00101001036&supplier_code=00100439&order_time=2021-01-14 HTTP/1.1" 200 423
180.157.253.48 - - [14/Jan/2021:11:30:59 +0800] "GET /xingrg/kc/buy/cgsh_order_operate.html?command=get_materiel&rest_code=00148&code=00101008147&supplier_code=00100440&order_time=2021-01-14 HTTP/1.1" 200 416
180.169.147.146 - - [14/Jan/2021:11:31:00 +0800] "GET /xingrg/check_reg.html?_=1610595056390 HTTP/1.1" 200 22
180.156.237.57 - - [14/Jan/2021:11:31:02 +0800] "POST /xingrg/kc/buy/cgsh_order_operate.html HTTP/1.1" 200 12
180.175.150.119 - - [14/Jan/2021:11:31:03 +0800] "GET /xingrg/kc/base/wldb_order_operate.html?command=get_materiel&rest_code=00102&base_code=0010476&code=00101019315 HTTP/1.1" 200 461
180.175.150.119 - - [14/Jan/2021:11:31:04 +0800] "GET /xingrg/all/function/internal_message.html?_=1610595302518&CODE_STATE=getMsg HTTP/1.1" 200 27
180.156.237.57 - - [14/Jan/2021:11:31:04 +0800] "GET /xingrg/kc/buy/cgsh_order_info.html?code=212021011405998 HTTP/1.1" 200 56641
180.156.237.57 - - [14/Jan/2021:11:31:04 +0800] "GET /xingrg/words/20210114112643_words.js HTTP/1.1" 304 -
180.156.237.57 - - [14/Jan/2021:11:31:05 +0800] "GET /xingrg/javascript/easyui/themes/default/validatebox.css HTTP/1.1" 404 1104
120.253.135.82 - - [14/Jan/2021:11:31:05 +0800] "POST /xingrg/kc/pszx/mdps_list_operate.html HTTP/1.1" 200 597
180.156.237.57 - - [14/Jan/2021:11:31:05 +0800] "POST /xingrg/kc/buy/cgsh_order_operate.html HTTP/1.1" 200 612
120.253.135.82 - - [14/Jan/2021:11:31:05 +0800] "GET /xingrg/kc/pszx/mdps_order_info.html?code=312021011300435 HTTP/1.1" 200 23887
180.175.150.119 - - [14/Jan/2021:11:31:05 +0800] "POST /xingrg/kc/base/wldb_order_operate.html HTTP/1.1" 200 1710
120.253.135.82 - - [14/Jan/2021:11:31:05 +0800] "POST /xingrg/kc/pszx/mdps_order_operate.html HTTP/1.1" 200 7800
120.253.135.82 - - [14/Jan/2021:11:31:05 +0800] "GET /xingrg/javascript/easyui/themes/default/validatebox.css HTTP/1.1" 404 1104
180.157.253.48 - - [14/Jan/2021:11:31:07 +0800] "GET /xingrg/kc/buy/cgsh_order_operate.html?command=get_materiel&rest_code=00148&code=00101008037&supplier_code=00100440&order_time=2021-01-14 HTTP/1.1" 200 413
180.162.108.15 - - [14/Jan/2021:11:31:07 +0800] "GET /xingrg/all/function/internal_message.html?_=1610594932360&CODE_STATE=getMsg HTTP/1.1" 200 27
222.69.137.61 - - [14/Jan/2021:11:31:11 +0800] "GET /xingrg/kc/buy/cgsh_order_operate.html?command=get_materiel&rest_code=00149&code=00101026072&supplier_code=00100019&order_time=2021-01-14 HTTP/1.1" 200 458
116.232.195.34 - - [14/Jan/2021:11:31:12 +0800] "GET /xingrg/check_reg.html?_=1610595069878 HTTP/1.1" 200 22
116.232.195.34 - - [14/Jan/2021:11:31:12 +0800] "GET /xingrg/all/function/internal_message.html?_=1610595069881&CODE_STATE=getMsg HTTP/1.1" 200 27
120.253.135.82 - - [14/Jan/2021:11:31:13 +0800] "POST /xingrg/kc/pszx/mdps_order_operate.html HTTP/1.1" 200 37
180.156.237.57 - - [14/Jan/2021:11:31:13 +0800] "GET /xingrg/kc/print/load_data.html?order_code=212021011405998&kc_code=cgsh&condition= HTTP/1.1" 200 708
120.253.135.82 - - [14/Jan/2021:11:31:14 +0800] "POST /xingrg/kc/pszx/mdps_order_operate.html HTTP/1.1" 200 12
120.253.135.82 - - [14/Jan/2021:11:31:15 +0800] "GET /xingrg/kc/pszx/mdps_order_info.html?code=312021011300435 HTTP/1.1" 200 19545
120.253.135.82 - - [14/Jan/2021:11:31:15 +0800] "POST /xingrg/kc/pszx/mdps_order_operate.html HTTP/1.1" 200 5973
180.157.253.48 - - [14/Jan/2021:11:31:15 +0800] "POST /xingrg/kc/buy/cgsh_order_operate.html HTTP/1.1" 200 37
120.253.135.82 - - [14/Jan/2021:11:31:15 +0800] "GET /xingrg/javascript/easyui/themes/default/validatebox.css HTTP/1.1" 404 1104
117.131.5.26 - - [14/Jan/2021:11:31:16 +0800] "GET /xingrg/all/function/internal_message.html?_=1610595124129&CODE_STATE=getMsg HTTP/1.1" 200 27
114.88.169.67 - - [14/Jan/2021:11:31:16 +0800] "POST /xingrg/kc/buy/cgsh_order_operate.html HTTP/1.1" 200 37
180.156.237.57 - - [14/Jan/2021:11:31:17 +0800] "GET /xingrg/kc/buy/cgsh_order_add.html HTTP/1.1" 200 61741
180.156.237.57 - - [14/Jan/2021:11:31:17 +0800] "POST /xingrg/kc/buy/cgsh_order_operate.html HTTP/1.1" 200 8245
120.253.135.82 - - [14/Jan/2021:11:31:17 +0800] "POST /xingrg/kc/pszx/mdps_list_operate.html HTTP/1.1" 200 5523
180.156.237.57 - - [14/Jan/2021:11:31:17 +0800] "GET /xingrg/javascript/easyui/themes/default/validatebox.css HTTP/1.1" 404 1104
183.192.95.197 - - [14/Jan/2021:11:31:17 +0800] "GET /xingrg/all/function/internal_message.html?_=1610595074592&CODE_STATE=getMsg HTTP/1.1" 200 27
114.88.169.67 - - [14/Jan/2021:11:31:18 +0800] "POST /xingrg/kc/buy/cgsh_order_operate.html HTTP/1.1" 200 2670
180.175.150.119 - - [14/Jan/2021:11:31:19 +0800] "GET /xingrg/kc/base/wldb_order_operate.html?command=get_materiel&rest_code=00102&base_code=0010476&code=00101019184 HTTP/1.1" 200 442
114.88.169.67 - - [14/Jan/2021:11:31:19 +0800] "GET /xingrg/kc/print/load_data.html?order_code=212021011406000&kc_code=cgsh&condition= HTTP/1.1" 200 690
117.185.32.26 - - [14/Jan/2021:11:31:20 +0800] "GET /xingrg/all/function/internal_message.html?_=1610595076606&CODE_STATE=getMsg HTTP/1.1" 200 27
117.185.32.26 - - [14/Jan/2021:11:31:20 +0800] "GET /xingrg/check_reg.html?_=1610595076619 HTTP/1.1" 200 22
180.157.253.48 - - [14/Jan/2021:11:31:21 +0800] "POST /xingrg/kc/buy/cgsh_order_operate.html HTTP/1.1" 200 12
180.157.253.48 - - [14/Jan/2021:11:31:23 +0800] "GET /xingrg/javascript/easyui/themes/default/images/button_plain_hover.png HTTP/1.1" 304 -
180.157.253.48 - - [14/Jan/2021:11:31:23 +0800] "GET /xingrg/javascript/easyui/themes/default/images/button_plain_hover.png HTTP/1.1" 304 -
180.157.253.48 - - [14/Jan/2021:11:31:23 +0800] "GET /xingrg/javascript/easyui/themes/default/images/button_plain_hover.png HTTP/1.1" 304 -
180.157.253.48 - - [14/Jan/2021:11:31:23 +0800] "GET /xingrg/javascript/easyui/themes/default/images/button_plain_hover.png HTTP/1.1" 304 -
180.157.253.48 - - [14/Jan/2021:11:31:23 +0800] "GET /xingrg/javascript/easyui/themes/default/images/button_plain_hover.png HTTP/1.1" 304 -
180.157.253.48 - - [14/Jan/2021:11:31:23 +0800] "GET /xingrg/javascript/easyui/themes/default/images/button_plain_hover.png HTTP/1.1" 304 -
180.157.253.48 - - [14/Jan/2021:11:31:23 +0800] "GET /xingrg/javascript/easyui/themes/default/images/button_plain_hover.png HTTP/1.1" 304 -
180.157.253.48 - - [14/Jan/2021:11:31:25 +0800] "POST /xingrg/kc/buy/cgsh_order_operate.html HTTP/1.1" 200 37
180.175.150.119 - - [14/Jan/2021:11:31:25 +0800] "GET /xingrg/kc/base/wldb_order_operate.html?command=get_materiel&rest_code=00102&base_code=0010476&code=00101019195 HTTP/1.1" 200 460
180.157.253.48 - - [14/Jan/2021:11:31:26 +0800] "POST /xingrg/kc/buy/cgsh_order_operate.html HTTP/1.1" 200 5011
180.156.237.57 - - [14/Jan/2021:11:31:26 +0800] "GET /xingrg/kc/buy/cgsh_order_operate.html?command=get_materiel&rest_code=00150&code=00101012046&supplier_code=00100347&order_time=2021-01-14 HTTP/1.1" 200 417
114.88.169.67 - - [14/Jan/2021:11:31:26 +0800] "GET /xingrg/kc/buy/cgsh_order_add.html HTTP/1.1" 200 61817
180.157.253.48 - - [14/Jan/2021:11:31:26 +0800] "GET /xingrg/javascript/easyui/themes/default/images/button_plain_hover.png HTTP/1.1" 304 -
180.157.253.48 - - [14/Jan/2021:11:31:26 +0800] "GET /xingrg/javascript/easyui/themes/default/images/button_plain_hover.png HTTP/1.1" 304 -
180.157.253.48 - - [14/Jan/2021:11:31:27 +0800] "GET /xingrg/kc/buy/cgsh_order_add.html HTTP/1.1" 200 61817
180.157.253.48 - - [14/Jan/2021:11:31:27 +0800] "GET /xingrg/kc/buy/cgsh_order_info.html?code=212021011405999 HTTP/1.1" 200 56729
180.157.253.48 - - [14/Jan/2021:11:31:27 +0800] "GET /xingrg/css/base.css HTTP/1.1" 304 -
180.157.253.48 - - [14/Jan/2021:11:31:27 +0800] "GET /xingrg/css/site.css HTTP/1.1" 304 -
180.157.253.48 - - [14/Jan/2021:11:31:27 +0800] "GET /xingrg/javascript/jquery_tools/datebox.css HTTP/1.1" 304 -
180.157.253.48 - - [14/Jan/2021:11:31:27 +0800] "GET /xingrg/javascript/jquery_tools/jquery.tools.hotkey.js HTTP/1.1" 304 -
180.157.253.48 - - [14/Jan/2021:11:31:27 +0800] "GET /xingrg/javascript/jquery_tools/jquery.tools.extend.js HTTP/1.1" 304 -
180.157.253.48 - - [14/Jan/2021:11:31:27 +0800] "GET /xingrg/javascript/jquery_tools/jquery.tools.min.js HTTP/1.1" 304 -
180.157.253.48 - - [14/Jan/2021:11:31:27 +0800] "GET /xingrg/javascript/easyui/themes/default/easyui.css HTTP/1.1" 304 -
180.157.253.48 - - [14/Jan/2021:11:31:27 +0800] "GET /xingrg/javascript/jquery.utils.js HTTP/1.1" 304 -
180.157.253.48 - - [14/Jan/2021:11:31:27 +0800] "GET /xingrg/javascript/auto/jquery.autocomplete.css HTTP/1.1" 304 -
180.157.253.48 - - [14/Jan/2021:11:31:27 +0800] "GET /xingrg/javascript/convert.js HTTP/1.1" 304 -
180.157.253.48 - - [14/Jan/2021:11:31:27 +0800] "GET /xingrg/javascript/jquery_tools/order_manager.js HTTP/1.1" 304 -
180.157.253.48 - - [14/Jan/2021:11:31:27 +0800] "GET /xingrg/javascript/easyui/themes/icon.css HTTP/1.1" 304 -
180.157.253.48 - - [14/Jan/2021:11:31:27 +0800] "GET /xingrg/javascript/jquery_tools/fix.css HTTP/1.1" 304 -
180.157.253.48 - - [14/Jan/2021:11:31:27 +0800] "GET /xingrg/javascript/jquery_tools/table.css HTTP/1.1" 304 -
180.157.253.48 - - [14/Jan/2021:11:31:27 +0800] "GET /xingrg/javascript/print/kc_print.js HTTP/1.1" 304 -
180.157.253.48 - - [14/Jan/2021:11:31:27 +0800] "GET /xingrg/javascript/pic_change.js HTTP/1.1" 304 -
180.157.253.48 - - [14/Jan/2021:11:31:27 +0800] "GET /xingrg/javascript/jquery.cookie.js HTTP/1.1" 304 -
180.157.253.48 - - [14/Jan/2021:11:31:27 +0800] "GET /xingrg/javascript/auto/jquery.autocomplete.js HTTP/1.1" 304 -
180.157.253.48 - - [14/Jan/2021:11:31:27 +0800] "GET /xingrg/javascript/jquery_tools/jquery.tools.table.js HTTP/1.1" 304 -
180.157.253.48 - - [14/Jan/2021:11:31:27 +0800] "GET /xingrg/javascript/print/LodopFuncs.js HTTP/1.1" 304 -
180.157.253.48 - - [14/Jan/2021:11:31:27 +0800] "GET /xingrg/javascript/json2.js HTTP/1.1" 304 -
180.157.253.48 - - [14/Jan/2021:11:31:27 +0800] "GET /xingrg/javascript/easyui/easyloader.js HTTP/1.1" 304 -
180.157.253.48 - - [14/Jan/2021:11:31:27 +0800] "GET /xingrg/words/20210114112643_words.js HTTP/1.1" 304 -
114.88.169.67 - - [14/Jan/2021:11:31:27 +0800] "POST /xingrg/kc/buy/cgsh_order_operate.html HTTP/1.1" 200 8245
180.157.253.48 - - [14/Jan/2021:11:31:27 +0800] "GET /xingrg/javascript/easyui/themes/icons/template_new.png HTTP/1.1" 304 -
180.157.253.48 - - [14/Jan/2021:11:31:27 +0800] "GET /xingrg/javascript/easyui/themes/icons/ok.png HTTP/1.1" 304 -
180.157.253.48 - - [14/Jan/2021:11:31:27 +0800] "GET /xingrg/javascript/easyui/themes/icons/copy_new.png HTTP/1.1" 304 -
180.157.253.48 - - [14/Jan/2021:11:31:27 +0800] "GET /xingrg/javascript/easyui/themes/icons/print.png HTTP/1.1" 304 -
180.157.253.48 - - [14/Jan/2021:11:31:27 +0800] "GET /xingrg/javascript/easyui/themes/default/images/menu_downarrow.png HTTP/1.1" 304 -
180.157.253.48 - - [14/Jan/2021:11:31:27 +0800] "GET /xingrg/javascript/easyui/themes/icons/cancel.png HTTP/1.1" 304 -
180.157.253.48 - - [14/Jan/2021:11:31:27 +0800] "GET /xingrg/words/20210114112643_words.js HTTP/1.1" 304 -
180.157.253.48 - - [14/Jan/2021:11:31:27 +0800] "GET /xingrg/javascript/easyui/plugins/jquery.parser.js HTTP/1.1" 304 -
180.157.253.48 - - [14/Jan/2021:11:31:27 +0800] "POST /xingrg/kc/buy/cgsh_order_operate.html HTTP/1.1" 200 8245
114.88.169.67 - - [14/Jan/2021:11:31:27 +0800] "GET /xingrg/javascript/easyui/themes/default/validatebox.css HTTP/1.1" 404 1104
180.157.253.48 - - [14/Jan/2021:11:31:27 +0800] "GET /xingrg/all/common/auto_word.html?type=employee&rest_code=00148 HTTP/1.1" 200 197
180.157.253.48 - - [14/Jan/2021:11:31:27 +0800] "GET /xingrg/all/common/auto_word.html?type=employee&rest_code=00148 HTTP/1.1" 200 197
180.157.253.48 - - [14/Jan/2021:11:31:27 +0800] "GET /xingrg/javascript/easyui/themes/default/validatebox.css HTTP/1.1" 404 1104
180.157.253.48 - - [14/Jan/2021:11:31:27 +0800] "GET /xingrg/javascript/easyui/plugins/jquery.validatebox.js HTTP/1.1" 304 -
180.157.253.48 - - [14/Jan/2021:11:31:27 +0800] "GET /xingrg/javascript/easyui/plugins/jquery.numberbox.js HTTP/1.1" 304 -
180.157.253.48 - - [14/Jan/2021:11:31:27 +0800] "GET /xingrg/javascript/easyui/themes/default/validatebox.css HTTP/1.1" 404 1104
218.81.216.242 - - [14/Jan/2021:11:31:28 +0800] "GET /xingrg/kc/buy/cgsh_order_operate.html?command=get_materiel&rest_code=00146&code=00101005001&supplier_code=00100312&order_time=2021-01-14 HTTP/1.1" 200 423
180.157.253.48 - - [14/Jan/2021:11:31:28 +0800] "POST /xingrg/kc/buy/cgsh_order_operate.html HTTP/1.1" 200 1202
222.69.137.61 - - [14/Jan/2021:11:31:28 +0800] "GET /xingrg/kc/buy/cgsh_order_operate.html?command=get_materiel&rest_code=00149&code=00101027058&supplier_code=00100019&order_time=2021-01-14 HTTP/1.1" 200 479
180.157.253.48 - - [14/Jan/2021:11:31:29 +0800] "GET /xingrg/kc/print/load_data.html?order_code=212021011405999&kc_code=cgsh&condition= HTTP/1.1" 200 942
180.169.147.146 - - [14/Jan/2021:11:31:30 +0800] "GET /xingrg/all/function/internal_message.html?_=1610595087012&CODE_STATE=getMsg HTTP/1.1" 200 27
180.157.253.48 - - [14/Jan/2021:11:31:30 +0800] "GET /xingrg/javascript/pic_change.js HTTP/1.1" 304 -
180.157.253.48 - - [14/Jan/2021:11:31:30 +0800] "GET /xingrg/javascript/jquery_tools/jquery.tools.min.js HTTP/1.1" 304 -
180.157.253.48 - - [14/Jan/2021:11:31:30 +0800] "GET /xingrg/javascript/jquery_tools/jquery.tools.extend.js HTTP/1.1" 304 -
180.157.253.48 - - [14/Jan/2021:11:31:30 +0800] "GET /xingrg/javascript/jquery_tools/jquery.tools.hotkey.js HTTP/1.1" 304 -
180.157.253.48 - - [14/Jan/2021:11:31:30 +0800] "GET /xingrg/javascript/jquery_tools/jquery.tools.table.js HTTP/1.1" 304 -
180.157.253.48 - - [14/Jan/2021:11:31:30 +0800] "GET /xingrg/javascript/auto/jquery.autocomplete.js HTTP/1.1" 304 -
180.157.253.48 - - [14/Jan/2021:11:31:30 +0800] "GET /xingrg/javascript/easyui/easyloader.js HTTP/1.1" 304 -
180.157.253.48 - - [14/Jan/2021:11:31:30 +0800] "GET /xingrg/javascript/jquery.utils.js HTTP/1.1" 304 -
180.157.253.48 - - [14/Jan/2021:11:31:30 +0800] "GET /xingrg/javascript/jquery_tools/order_manager.js HTTP/1.1" 304 -
180.157.253.48 - - [14/Jan/2021:11:31:30 +0800] "GET /xingrg/javascript/json2.js HTTP/1.1" 304 -
180.157.253.48 - - [14/Jan/2021:11:31:30 +0800] "GET /xingrg/javascript/jquery.cookie.js HTTP/1.1" 304 -
180.157.253.48 - - [14/Jan/2021:11:31:30 +0800] "GET /xingrg/javascript/print/LodopFuncs.js HTTP/1.1" 304 -
180.157.253.48 - - [14/Jan/2021:11:31:30 +0800] "GET /xingrg/javascript/easyui/plugins/jquery.parser.js HTTP/1.1" 304 -
180.157.253.48 - - [14/Jan/2021:11:31:30 +0800] "GET /xingrg/javascript/easyui/plugins/jquery.validatebox.js HTTP/1.1" 304 -
180.157.253.48 - - [14/Jan/2021:11:31:30 +0800] "GET /xingrg/javascript/print/kc_print.js HTTP/1.1" 304 -
180.157.253.48 - - [14/Jan/2021:11:31:30 +0800] "GET /xingrg/javascript/easyui/plugins/jquery.numberbox.js HTTP/1.1" 304 -
180.157.253.48 - - [14/Jan/2021:11:31:30 +0800] "GET /xingrg/words/20210114112643_words.js HTTP/1.1" 304 -
180.157.253.48 - - [14/Jan/2021:11:31:30 +0800] "GET /xingrg/javascript/convert.js HTTP/1.1" 304 -
120.204.17.71 - - [14/Jan/2021:11:31:33 +0800] "GET /xingrg/all/function/internal_message.html?_=1610594476579&CODE_STATE=getMsg HTTP/1.1" 302 -
58.37.230.33 - - [14/Jan/2021:11:31:34 +0800] "GET /xingrg/all/function/internal_message.html?_=1610595134110&CODE_STATE=getMsg HTTP/1.1" 200 27
180.156.237.57 - - [14/Jan/2021:11:31:35 +0800] "GET /xingrg/check_reg.html?_=1610595095301 HTTP/1.1" 200 22
116.228.172.94 - - [14/Jan/2021:11:31:35 +0800] "GET /xingrg/kc/buy/cgsh_order_operate.html?command=get_materiel&rest_code=00107&code=00102010091&supplier_code=00100347&order_time=2021-01-14 HTTP/1.1" 200 408
180.156.237.57 - - [14/Jan/2021:11:31:35 +0800] "GET /xingrg/all/function/internal_message.html?_=1610595095431&CODE_STATE=getMsg HTTP/1.1" 200 27
222.69.137.61 - - [14/Jan/2021:11:31:36 +0800] "GET /xingrg/all/function/internal_message.html?_=1610595089806&CODE_STATE=getMsg HTTP/1.1" 200 27
180.156.237.57 - - [14/Jan/2021:11:31:36 +0800] "GET /xingrg/kc/buy/cgsh_order_operate.html?command=get_materiel&rest_code=00150&code=00101007031&supplier_code=00100347&order_time=2021-01-14 HTTP/1.1" 200 415
114.88.169.67 - - [14/Jan/2021:11:31:38 +0800] "GET /xingrg/kc/buy/cgsh_order_operate.html?command=get_materiel&rest_code=00111&code=00101010537&supplier_code=00100329&order_time=2021-01-14 HTTP/1.1" 200 422
117.185.32.26 - - [14/Jan/2021:11:31:39 +0800] "GET /xingrg/all/function/internal_message.html?_=1610595575570&CODE_STATE=getMsg HTTP/1.1" 200 27
172.20.0.100 - - [14/Jan/2021:11:31:40 +0800] "GET /xingrg/all/function/internal_message.html?_=1610595097737&CODE_STATE=getMsg HTTP/1.1" 200 27
120.253.135.82 - - [14/Jan/2021:11:31:40 +0800] "GET /xingrg/all/function/internal_message.html?_=1610595208517&CODE_STATE=getMsg HTTP/1.1" 200 27
117.185.32.26 - - [14/Jan/2021:11:31:41 +0800] "GET /xingrg/kc/buy/cgsh_order_add.html HTTP/1.1" 200 61817
120.204.17.71 - - [14/Jan/2021:11:31:41 +0800] "GET /xingrg/login.html HTTP/1.1" 200 7641
180.175.150.119 - - [14/Jan/2021:11:31:41 +0800] "GET /xingrg/kc/base/wldb_order_operate.html?command=get_materiel&rest_code=00102&base_code=0010476&code=00101019026 HTTP/1.1" 200 467
180.157.253.48 - - [14/Jan/2021:11:31:41 +0800] "GET /xingrg/kc/buy/cgsh_order_add.html HTTP/1.1" 200 61823
117.185.32.26 - - [14/Jan/2021:11:31:41 +0800] "GET /xingrg/javascript/easyui/themes/default/validatebox.css HTTP/1.1" 404 1104
117.185.32.26 - - [14/Jan/2021:11:31:42 +0800] "POST /xingrg/kc/buy/cgsh_order_operate.html HTTP/1.1" 200 8245
180.157.253.48 - - [14/Jan/2021:11:31:42 +0800] "POST /xingrg/kc/buy/cgsh_order_operate.html HTTP/1.1" 200 8245
180.157.253.48 - - [14/Jan/2021:11:31:42 +0800] "GET /xingrg/javascript/easyui/themes/default/validatebox.css HTTP/1.1" 404 1104
116.228.172.94 - - [14/Jan/2021:11:31:43 +0800] "GET /xingrg/kc/buy/cgsh_order_operate.html?command=get_materiel&rest_code=00107&code=00101021021&supplier_code=00100347&order_time=2021-01-14 HTTP/1.1" 200 399
117.185.32.26 - - [14/Jan/2021:11:31:43 +0800] "GET /xingrg/javascript/easyui/themes/default/tree.css HTTP/1.1" 404 1090
117.185.32.26 - - [14/Jan/2021:11:31:43 +0800] "POST /xingrg/all/common/load_tree.html?tree=supplier_tree_json&isDelete=1 HTTP/1.1" 200 54293
218.81.216.242 - - [14/Jan/2021:11:31:43 +0800] "GET /xingrg/all/function/internal_message.html?_=1610595130860&CODE_STATE=getMsg HTTP/1.1" 200 27
180.175.150.119 - - [14/Jan/2021:11:31:43 +0800] "POST /xingrg/kc/base/wldb_order_operate.html HTTP/1.1" 200 1710
61.165.42.208 - - [14/Jan/2021:11:31:44 +0800] "GET /xingrg/all/function/internal_message.html?_=1610595084570&CODE_STATE=getMsg HTTP/1.1" 200 27
180.157.253.48 - - [14/Jan/2021:11:31:44 +0800] "GET /xingrg/check_reg.html?_=1610595107459 HTTP/1.1" 200 22
180.157.253.48 - - [14/Jan/2021:11:31:44 +0800] "GET /xingrg/all/function/internal_message.html?_=1610595107520&CODE_STATE=getMsg HTTP/1.1" 200 27
222.69.137.61 - - [14/Jan/2021:11:31:44 +0800] "GET /xingrg/kc/buy/cgsh_order_operate.html?command=get_materiel&rest_code=00149&code=00102005221&supplier_code=00100019&order_time=2021-01-14 HTTP/1.1" 200 412
116.228.172.94 - - [14/Jan/2021:11:31:46 +0800] "GET /xingrg/all/function/internal_message.html?_=1610595097595&CODE_STATE=getMsg HTTP/1.1" 200 27
180.175.150.119 - - [14/Jan/2021:11:31:46 +0800] "GET /xingrg/kc/base/wldb_order_operate.html?command=get_materiel&rest_code=00102&base_code=0010476&code=00101027001 HTTP/1.1" 200 471
114.88.169.67 - - [14/Jan/2021:11:31:48 +0800] "POST /xingrg/kc/buy/cgsh_order_operate.html HTTP/1.1" 200 37
180.156.237.57 - - [14/Jan/2021:11:31:49 +0800] "GET /xingrg/all/function/internal_message.html?_=1610595089017&CODE_STATE=getMsg HTTP/1.1" 200 27
180.156.237.57 - - [14/Jan/2021:11:31:49 +0800] "GET /xingrg/kc/buy/cgsh_order_operate.html?command=get_materiel&rest_code=00150&code=00102026001&supplier_code=00100347&order_time=2021-01-14 HTTP/1.1" 200 409
114.88.169.67 - - [14/Jan/2021:11:31:49 +0800] "POST /xingrg/kc/buy/cgsh_order_operate.html HTTP/1.1" 200 2673
114.88.169.67 - - [14/Jan/2021:11:31:51 +0800] "GET /xingrg/kc/print/load_data.html?order_code=212021011406002&kc_code=cgsh&condition= HTTP/1.1" 200 685
180.157.253.48 - - [14/Jan/2021:11:31:51 +0800] "GET /xingrg/all/function/internal_message.html?_=1610595112291&CODE_STATE=getMsg HTTP/1.1" 200 27
114.88.169.67 - - [14/Jan/2021:11:31:52 +0800] "GET /xingrg/all/function/internal_message.html?_=1610595108328&CODE_STATE=getMsg HTTP/1.1" 200 27
180.157.253.48 - - [14/Jan/2021:11:31:52 +0800] "GET /xingrg/kc/buy/cgsh_order_operate.html?command=get_materiel&rest_code=00148&code=00101001037&supplier_code=00100094&order_time=2021-01-14 HTTP/1.1" 200 416
218.81.216.242 - - [14/Jan/2021:11:31:54 +0800] "GET /xingrg/kc/buy/cgsh_order_operate.html?command=get_materiel&rest_code=00146&code=00101005028&supplier_code=00100312&order_time=2021-01-14 HTTP/1.1" 200 411
180.175.150.119 - - [14/Jan/2021:11:31:54 +0800] "GET /xingrg/kc/base/wldb_order_operate.html?command=get_materiel&rest_code=00102&base_code=0010476&code=00101016029 HTTP/1.1" 200 462
180.169.147.146 - - [14/Jan/2021:11:31:55 +0800] "GET /xingrg/all/function/internal_message.html?_=1610595112874&CODE_STATE=getMsg HTTP/1.1" 200 27
114.88.169.67 - - [14/Jan/2021:11:31:58 +0800] "GET /xingrg/kc/buy/cgsh_order_add.html HTTP/1.1" 200 61817
120.253.135.82 - - [14/Jan/2021:11:31:58 +0800] "GET /xingrg/all/function/internal_message.html?_=1610595225703&CODE_STATE=getMsg HTTP/1.1" 200 27
114.88.169.67 - - [14/Jan/2021:11:31:58 +0800] "POST /xingrg/kc/buy/cgsh_order_operate.html HTTP/1.1" 200 8245
180.156.237.57 - - [14/Jan/2021:11:31:58 +0800] "GET /xingrg/kc/buy/cgsh_order_operate.html?command=get_materiel&rest_code=00150&code=00102002167&supplier_code=00100347&order_time=2021-01-14 HTTP/1.1" 200 428
180.169.147.146 - - [14/Jan/2021:11:31:58 +0800] "GET /xingrg/all/function/internal_message.html?_=1610595114956&CODE_STATE=getMsg HTTP/1.1" 200 27
114.88.169.67 - - [14/Jan/2021:11:31:58 +0800] "GET /xingrg/javascript/easyui/themes/default/validatebox.css HTTP/1.1" 404 1104
