180.156.237.57 - - [12/Jan/2021:09:44:24 +0800] "GET /xingrg/all/function/internal_message.html?_=1610415846490&CODE_STATE=getMsg HTTP/1.1" 200 27
180.169.147.146 - - [12/Jan/2021:09:44:26 +0800] "GET /xingrg/all/function/internal_message.html?_=1610415867974&CODE_STATE=getMsg HTTP/1.1" 200 27
180.175.150.119 - - [12/Jan/2021:09:44:32 +0800] "GET /xingrg/all/function/internal_message.html?_=1610416111594&CODE_STATE=getMsg HTTP/1.1" 200 27
116.233.73.15 - - [12/Jan/2021:09:44:35 +0800] "GET /xingrg/all/function/internal_message.html?_=1610415897968&CODE_STATE=getMsg HTTP/1.1" 200 27
180.169.147.146 - - [12/Jan/2021:09:44:38 +0800] "GET /xingrg/all/function/internal_message.html?_=1610415879914&CODE_STATE=getMsg HTTP/1.1" 200 27
180.169.147.146 - - [12/Jan/2021:09:44:45 +0800] "GET /xingrg/all/function/internal_message.html?_=1610415785033&CODE_STATE=getMsg HTTP/1.1" 200 27
116.228.172.94 - - [12/Jan/2021:09:44:45 +0800] "GET /xingrg/kc/buy/cgsh_order_operate.html?command=get_materiel&rest_code=00107&code=00101019055&supplier_code=00100033&order_time=2021-01-12 HTTP/1.1" 200 409
218.81.216.242 - - [12/Jan/2021:09:44:46 +0800] "GET /xingrg/check_reg.html?_=1610415906214 HTTP/1.1" 200 22
116.228.172.94 - - [12/Jan/2021:09:44:50 +0800] "GET /xingrg/kc/buy/cgsh_order_operate.html?command=get_materiel&rest_code=00107&code=00101016010&supplier_code=00100033&order_time=2021-01-12 HTTP/1.1" 200 408
180.169.147.146 - - [12/Jan/2021:09:44:50 +0800] "GET /xingrg/all/function/internal_message.html?_=1610415891122&CODE_STATE=getMsg HTTP/1.1" 200 27
183.192.164.71 - - [12/Jan/2021:09:44:58 +0800] "GET /xingrg/kc/buy/cgsh_order_operate.html?command=get_materiel&rest_code=00106&code=00101029012&supplier_code=00100151&order_time=2021-01-12 HTTP/1.1" 302 -
116.228.172.94 - - [12/Jan/2021:09:45:00 +0800] "GET /xingrg/all/function/internal_message.html?_=1610415900779&CODE_STATE=getMsg HTTP/1.1" 200 27
114.88.169.67 - - [12/Jan/2021:09:45:01 +0800] "GET /xingrg/all/function/internal_message.html?_=1610415899465&CODE_STATE=getMsg HTTP/1.1" 200 27
218.81.216.242 - - [12/Jan/2021:09:45:02 +0800] "GET /xingrg/all/function/internal_message.html?_=1610415921810&CODE_STATE=getMsg HTTP/1.1" 200 27
61.165.42.208 - - [12/Jan/2021:09:45:02 +0800] "GET /xingrg/all/function/internal_message.html?_=1610415902976&CODE_STATE=getMsg HTTP/1.1" 200 27
61.165.42.208 - - [12/Jan/2021:09:45:02 +0800] "GET /xingrg/check_reg.html?_=1610415902977 HTTP/1.1" 200 22
183.192.164.71 - - [12/Jan/2021:09:45:04 +0800] "GET /xingrg/login.html HTTP/1.1" 200 7641
116.228.172.94 - - [12/Jan/2021:09:45:09 +0800] "GET /xingrg/kc/buy/cgsh_order_operate.html?command=get_materiel&rest_code=00107&code=00101012025&supplier_code=00100033&order_time=2021-01-12 HTTP/1.1" 200 412
180.156.237.57 - - [12/Jan/2021:09:45:09 +0800] "GET /xingrg/check_reg.html?_=1610415910546 HTTP/1.1" 200 22
180.156.237.57 - - [12/Jan/2021:09:45:09 +0800] "GET /xingrg/all/function/internal_message.html?_=1610415910620&CODE_STATE=getMsg HTTP/1.1" 200 27
117.185.32.26 - - [12/Jan/2021:09:45:09 +0800] "GET /xingrg/all/function/internal_message.html?_=1610415908393&CODE_STATE=getMsg HTTP/1.1" 200 27
222.69.138.238 - - [12/Jan/2021:09:45:13 +0800] "GET /xingrg/all/function/internal_message.html?_=1610415910965&CODE_STATE=getMsg HTTP/1.1" 200 27
222.69.133.109 - - [12/Jan/2021:09:45:18 +0800] "GET /xingrg/login.html HTTP/1.1" 200 7641
222.69.133.109 - - [12/Jan/2021:09:45:19 +0800] "GET /favicon.ico HTTP/1.1" 404 -
114.88.169.67 - - [12/Jan/2021:09:45:20 +0800] "GET /xingrg/all/function/internal_message.html?_=1610416087940&CODE_STATE=getMsg HTTP/1.1" 302 -
180.156.237.57 - - [12/Jan/2021:09:45:23 +0800] "GET /xingrg/check_reg.html?_=1610415906001 HTTP/1.1" 200 22
117.184.7.26 - - [12/Jan/2021:09:45:23 +0800] "GET /xingrg/all/function/internal_message.html?_=1610415919938&CODE_STATE=getMsg HTTP/1.1" 200 27
180.156.237.57 - - [12/Jan/2021:09:45:24 +0800] "GET /xingrg/all/function/internal_message.html?_=1610415906503&CODE_STATE=getMsg HTTP/1.1" 200 27
180.169.147.146 - - [12/Jan/2021:09:45:26 +0800] "GET /xingrg/all/function/internal_message.html?_=1610415927975&CODE_STATE=getMsg HTTP/1.1" 200 27
222.69.133.109 - - [12/Jan/2021:09:45:33 +0800] "POST /xingrg/login.do HTTP/1.1" 302 -
222.69.133.109 - - [12/Jan/2021:09:45:33 +0800] "GET /xingrg/index.html?sysBaseUrl=http%3A%2F%2F180.169.147.146%3A18081%2Fxingrg%2F&costTime=39×tamp=1610415933098 HTTP/1.1" 200 17179
222.69.133.109 - - [12/Jan/2021:09:45:33 +0800] "GET /favicon.ico HTTP/1.1" 404 -
222.69.133.109 - - [12/Jan/2021:09:45:33 +0800] "POST /xingrg/all/common/load_tree.html?tree=area_rest_tree_json&manage=1 HTTP/1.1" 200 351
180.175.150.119 - - [12/Jan/2021:09:45:33 +0800] "GET /xingrg/all/function/internal_message.html?_=1610416172588&CODE_STATE=getMsg HTTP/1.1" 200 27
222.69.133.109 - - [12/Jan/2021:09:45:33 +0800] "GET /xingrg/all/function/internal_message.html?_=1610415933195&CODE_STATE=count HTTP/1.1" 200 11
222.69.133.109 - - [12/Jan/2021:09:45:33 +0800] "GET /xingrg/check_reg.html?_=1610415933197 HTTP/1.1" 200 22
222.69.133.109 - - [12/Jan/2021:09:45:33 +0800] "POST /xingrg/load_menu.html HTTP/1.1" 200 5138
116.233.73.15 - - [12/Jan/2021:09:45:35 +0800] "GET /xingrg/all/function/internal_message.html?_=1610415957968&CODE_STATE=getMsg HTTP/1.1" 200 27
222.69.133.109 - - [12/Jan/2021:09:45:37 +0800] "GET /xingrg/kc/buy/cgsh_order_list.html HTTP/1.1" 200 46011
180.169.147.146 - - [12/Jan/2021:09:45:38 +0800] "GET /xingrg/check_reg.html?_=1610415939907 HTTP/1.1" 200 22
180.169.147.146 - - [12/Jan/2021:09:45:38 +0800] "GET /xingrg/all/function/internal_message.html?_=1610415939913&CODE_STATE=getMsg HTTP/1.1" 200 27
116.228.172.94 - - [12/Jan/2021:09:45:38 +0800] "GET /xingrg/kc/buy/cgsh_order_operate.html?command=get_materiel&rest_code=00107&code=00101016025&supplier_code=00100033&order_time=2021-01-12 HTTP/1.1" 200 408
222.69.133.109 - - [12/Jan/2021:09:45:39 +0800] "POST /xingrg/kc/buy/cgsh_list_operate.html HTTP/1.1" 200 876
222.69.133.109 - - [12/Jan/2021:09:45:42 +0800] "GET /xingrg/kc/buy/cgsh_order_add.html HTTP/1.1" 200 60864
222.69.133.109 - - [12/Jan/2021:09:45:42 +0800] "GET /xingrg/words/20210111113338_words.js HTTP/1.1" 304 -
222.69.133.109 - - [12/Jan/2021:09:45:42 +0800] "POST /xingrg/kc/buy/cgsh_order_operate.html HTTP/1.1" 200 8245
222.69.133.109 - - [12/Jan/2021:09:45:42 +0800] "GET /xingrg/all/common/auto_word.html?type=employee&rest_code=00154 HTTP/1.1" 200 101
222.69.133.109 - - [12/Jan/2021:09:45:42 +0800] "GET /xingrg/javascript/easyui/themes/default/validatebox.css HTTP/1.1" 404 1104
222.69.133.109 - - [12/Jan/2021:09:45:42 +0800] "GET /xingrg/all/common/auto_word.html?type=employee&rest_code=00154 HTTP/1.1" 200 101
180.169.147.146 - - [12/Jan/2021:09:45:45 +0800] "GET /xingrg/all/function/internal_message.html?_=1610415845035&CODE_STATE=getMsg HTTP/1.1" 200 27
116.228.172.94 - - [12/Jan/2021:09:45:46 +0800] "POST /xingrg/kc/buy/cgsh_order_operate.html HTTP/1.1" 200 37
114.88.169.67 - - [12/Jan/2021:09:45:47 +0800] "GET /xingrg/check_reg.html?_=1610415945213 HTTP/1.1" 200 22
116.228.172.94 - - [12/Jan/2021:09:45:47 +0800] "POST /xingrg/kc/buy/cgsh_order_operate.html HTTP/1.1" 200 8015
116.228.172.94 - - [12/Jan/2021:09:45:50 +0800] "GET /xingrg/kc/print/load_data.html?order_code=212021011204952&kc_code=cgsh&condition= HTTP/1.1" 200 2765
180.169.147.146 - - [12/Jan/2021:09:45:50 +0800] "GET /xingrg/all/function/internal_message.html?_=1610415951124&CODE_STATE=getMsg HTTP/1.1" 200 27
116.228.172.94 - - [12/Jan/2021:09:46:00 +0800] "GET /xingrg/all/function/internal_message.html?_=1610415960755&CODE_STATE=getMsg HTTP/1.1" 200 27
114.88.169.67 - - [12/Jan/2021:09:46:01 +0800] "GET /xingrg/all/function/internal_message.html?_=1610415959479&CODE_STATE=getMsg HTTP/1.1" 200 27
58.40.7.146 - - [12/Jan/2021:09:46:02 +0800] "GET /xingrg/check_reg.html?_=1610415961099 HTTP/1.1" 200 22
218.81.216.242 - - [12/Jan/2021:09:46:02 +0800] "GET /xingrg/all/function/internal_message.html?_=1610415981825&CODE_STATE=getMsg HTTP/1.1" 200 27
61.165.42.208 - - [12/Jan/2021:09:46:02 +0800] "GET /xingrg/all/function/internal_message.html?_=1610415962975&CODE_STATE=getMsg HTTP/1.1" 200 27
180.156.237.57 - - [12/Jan/2021:09:46:09 +0800] "GET /xingrg/all/function/internal_message.html?_=1610415970596&CODE_STATE=getMsg HTTP/1.1" 200 27
117.185.32.26 - - [12/Jan/2021:09:46:09 +0800] "GET /xingrg/all/function/internal_message.html?_=1610415968392&CODE_STATE=getMsg HTTP/1.1" 200 27
222.69.133.109 - - [12/Jan/2021:09:46:13 +0800] "GET /xingrg/javascript/auto/indicator.gif HTTP/1.1" 404 1066
222.69.138.238 - - [12/Jan/2021:09:46:13 +0800] "GET /xingrg/all/function/internal_message.html?_=1610415970965&CODE_STATE=getMsg HTTP/1.1" 200 27
114.88.169.67 - - [12/Jan/2021:09:46:20 +0800] "GET /xingrg/all/function/internal_message.html?_=1610416147918&CODE_STATE=getMsg HTTP/1.1" 302 -
117.184.7.26 - - [12/Jan/2021:09:46:23 +0800] "GET /xingrg/all/function/internal_message.html?_=1610415979940&CODE_STATE=getMsg HTTP/1.1" 200 27
180.156.237.57 - - [12/Jan/2021:09:46:24 +0800] "GET /xingrg/all/function/internal_message.html?_=1610415966516&CODE_STATE=getMsg HTTP/1.1" 200 27
222.69.133.109 - - [12/Jan/2021:09:46:24 +0800] "GET /xingrg/kc/buy/cgsh_order_operate.html?command=get_materiel&rest_code=00154&code=00101006201&supplier_code=00100176&order_time=2021-01-12 HTTP/1.1" 200 405
180.169.147.146 - - [12/Jan/2021:09:46:26 +0800] "GET /xingrg/all/function/internal_message.html?_=1610415987975&CODE_STATE=getMsg HTTP/1.1" 200 27
180.175.150.119 - - [12/Jan/2021:09:46:33 +0800] "GET /xingrg/all/function/internal_message.html?_=1610416232605&CODE_STATE=getMsg HTTP/1.1" 200 27
222.69.133.109 - - [12/Jan/2021:09:46:33 +0800] "GET /xingrg/all/function/internal_message.html?_=1610415993207&CODE_STATE=getMsg HTTP/1.1" 200 27
116.233.73.15 - - [12/Jan/2021:09:46:34 +0800] "GET /xingrg/all/function/internal_message.html?_=1610416017968&CODE_STATE=getMsg HTTP/1.1" 200 27
180.169.147.146 - - [12/Jan/2021:09:46:38 +0800] "GET /xingrg/all/function/internal_message.html?_=1610415999914&CODE_STATE=getMsg HTTP/1.1" 200 27
222.69.133.109 - - [12/Jan/2021:09:46:40 +0800] "POST /xingrg/kc/buy/cgsh_order_operate.html HTTP/1.1" 200 37
222.69.133.109 - - [12/Jan/2021:09:46:42 +0800] "POST /xingrg/kc/buy/cgsh_order_operate.html HTTP/1.1" 200 12
222.69.133.109 - - [12/Jan/2021:09:46:44 +0800] "GET /xingrg/kc/buy/cgsh_order_info.html?code=212021011204953 HTTP/1.1" 200 55770
222.69.133.109 - - [12/Jan/2021:09:46:44 +0800] "GET /xingrg/javascript/easyui/themes/default/validatebox.css HTTP/1.1" 404 1104
222.69.133.109 - - [12/Jan/2021:09:46:45 +0800] "POST /xingrg/kc/buy/cgsh_order_operate.html HTTP/1.1" 200 601
180.169.147.146 - - [12/Jan/2021:09:46:45 +0800] "GET /xingrg/all/function/internal_message.html?_=1610415905037&CODE_STATE=getMsg HTTP/1.1" 200 27
180.169.147.146 - - [12/Jan/2021:09:46:45 +0800] "GET /xingrg/check_reg.html?_=1610415905039 HTTP/1.1" 200 22
222.69.133.109 - - [12/Jan/2021:09:46:47 +0800] "GET /xingrg/kc/print/load_config.html?kc_code=cgsh HTTP/1.1" 200 1845
222.69.133.109 - - [12/Jan/2021:09:46:47 +0800] "GET /xingrg/kc/print/load_data.html?order_code=212021011204953&kc_code=cgsh&condition= HTTP/1.1" 200 716
180.169.147.146 - - [12/Jan/2021:09:46:50 +0800] "GET /xingrg/all/function/internal_message.html?_=1610416011134&CODE_STATE=getMsg HTTP/1.1" 200 27
116.228.172.94 - - [12/Jan/2021:09:46:58 +0800] "GET /xingrg/check_reg.html?_=1610416018826 HTTP/1.1" 200 22
222.69.133.109 - - [12/Jan/2021:09:46:58 +0800] "GET /xingrg/kc/buy/cgsh_order_add.html HTTP/1.1" 200 60864
222.69.133.109 - - [12/Jan/2021:09:46:59 +0800] "POST /xingrg/kc/buy/cgsh_order_operate.html HTTP/1.1" 200 8245
222.69.133.109 - - [12/Jan/2021:09:46:59 +0800] "GET /xingrg/javascript/easyui/themes/default/validatebox.css HTTP/1.1" 404 1104
116.228.172.94 - - [12/Jan/2021:09:47:00 +0800] "GET /xingrg/all/function/internal_message.html?_=1610416020733&CODE_STATE=getMsg HTTP/1.1" 200 27
114.88.169.67 - - [12/Jan/2021:09:47:01 +0800] "GET /xingrg/all/function/internal_message.html?_=1610416019492&CODE_STATE=getMsg HTTP/1.1" 200 27
218.81.216.242 - - [12/Jan/2021:09:47:02 +0800] "GET /xingrg/all/function/internal_message.html?_=1610416042085&CODE_STATE=getMsg HTTP/1.1" 200 27
61.165.42.208 - - [12/Jan/2021:09:47:02 +0800] "GET /xingrg/all/function/internal_message.html?_=1610416022975&CODE_STATE=getMsg HTTP/1.1" 200 27
180.156.237.57 - - [12/Jan/2021:09:47:09 +0800] "GET /xingrg/all/function/internal_message.html?_=1610416030576&CODE_STATE=getMsg HTTP/1.1" 200 27
117.185.32.26 - - [12/Jan/2021:09:47:09 +0800] "GET /xingrg/all/function/internal_message.html?_=1610416028391&CODE_STATE=getMsg HTTP/1.1" 200 27
222.69.138.238 - - [12/Jan/2021:09:47:14 +0800] "GET /xingrg/all/function/internal_message.html?_=1610416030972&CODE_STATE=getMsg HTTP/1.1" 200 27
114.88.169.67 - - [12/Jan/2021:09:47:20 +0800] "GET /xingrg/all/function/internal_message.html?_=1610416207896&CODE_STATE=getMsg HTTP/1.1" 302 -
117.184.7.26 - - [12/Jan/2021:09:47:23 +0800] "GET /xingrg/all/function/internal_message.html?_=1610416039937&CODE_STATE=getMsg HTTP/1.1" 200 27
180.156.237.57 - - [12/Jan/2021:09:47:24 +0800] "GET /xingrg/all/function/internal_message.html?_=1610416026529&CODE_STATE=getMsg HTTP/1.1" 200 27
180.169.147.146 - - [12/Jan/2021:09:47:26 +0800] "GET /xingrg/check_reg.html?_=1610416047977 HTTP/1.1" 200 22
180.169.147.146 - - [12/Jan/2021:09:47:26 +0800] "GET /xingrg/all/function/internal_message.html?_=1610416047978&CODE_STATE=getMsg HTTP/1.1" 200 27
180.175.150.119 - - [12/Jan/2021:09:47:33 +0800] "GET /xingrg/check_reg.html?_=1610416292477 HTTP/1.1" 200 22
180.175.150.119 - - [12/Jan/2021:09:47:33 +0800] "GET /xingrg/all/function/internal_message.html?_=1610416292618&CODE_STATE=getMsg HTTP/1.1" 200 27
222.69.133.109 - - [12/Jan/2021:09:47:33 +0800] "GET /xingrg/all/function/internal_message.html?_=1610416053215&CODE_STATE=getMsg HTTP/1.1" 200 27
116.233.73.15 - - [12/Jan/2021:09:47:34 +0800] "GET /xingrg/check_reg.html?_=1610416077968 HTTP/1.1" 200 22
116.233.73.15 - - [12/Jan/2021:09:47:34 +0800] "GET /xingrg/all/function/internal_message.html?_=1610416077968&CODE_STATE=getMsg HTTP/1.1" 200 27
180.169.147.146 - - [12/Jan/2021:09:47:38 +0800] "GET /xingrg/all/function/internal_message.html?_=1610416059917&CODE_STATE=getMsg HTTP/1.1" 200 27
183.192.164.97 - - [12/Jan/2021:09:47:41 +0800] "GET /xingrg/check_reg.html?_=1610415548400 HTTP/1.1" 302 -
180.169.147.146 - - [12/Jan/2021:09:47:45 +0800] "GET /xingrg/all/function/internal_message.html?_=1610415965025&CODE_STATE=getMsg HTTP/1.1" 200 27
222.69.133.109 - - [12/Jan/2021:09:47:46 +0800] "GET /xingrg/kc/buy/cgsh_order_operate.html?command=get_materiel&rest_code=00154&code=00101006122&supplier_code=00100176&order_time=2021-01-12 HTTP/1.1" 200 429
183.192.164.97 - - [12/Jan/2021:09:47:48 +0800] "GET /xingrg/login.html HTTP/1.1" 200 7641
180.169.147.146 - - [12/Jan/2021:09:47:50 +0800] "GET /xingrg/check_reg.html?_=1610416071135 HTTP/1.1" 200 22
180.169.147.146 - - [12/Jan/2021:09:47:50 +0800] "GET /xingrg/all/function/internal_message.html?_=1610416071139&CODE_STATE=getMsg HTTP/1.1" 200 27
58.37.230.33 - - [12/Jan/2021:09:47:51 +0800] "GET /favicon.ico HTTP/1.1" 404 -
58.37.230.33 - - [12/Jan/2021:09:47:54 +0800] "GET /xingrg/index.html?sysBaseUrl=http%3A%2F%2F180.169.147.146%3A18081%2Fxingrg%2F&costTime=34×tamp=1585622960984 HTTP/1.1" 302 -
58.37.230.33 - - [12/Jan/2021:09:47:54 +0800] "GET /xingrg/login.html HTTP/1.1" 200 7641
58.37.230.33 - - [12/Jan/2021:09:47:55 +0800] "GET /favicon.ico HTTP/1.1" 404 -
58.37.230.33 - - [12/Jan/2021:09:47:56 +0800] "POST /xingrg/login.do HTTP/1.1" 302 -
58.37.230.33 - - [12/Jan/2021:09:47:56 +0800] "GET /xingrg/index.html?sysBaseUrl=http%3A%2F%2F180.169.147.146%3A18081%2Fxingrg%2F&costTime=39×tamp=1610416076215 HTTP/1.1" 200 17179
58.37.230.33 - - [12/Jan/2021:09:47:56 +0800] "GET /favicon.ico HTTP/1.1" 404 -
58.37.230.33 - - [12/Jan/2021:09:47:56 +0800] "POST /xingrg/all/common/load_tree.html?tree=area_rest_tree_json&manage=1 HTTP/1.1" 200 351
58.37.230.33 - - [12/Jan/2021:09:47:56 +0800] "GET /xingrg/all/function/internal_message.html?_=1610416110353&CODE_STATE=count HTTP/1.1" 200 11
58.37.230.33 - - [12/Jan/2021:09:47:56 +0800] "GET /xingrg/check_reg.html?_=1610416110354 HTTP/1.1" 200 22
58.37.230.33 - - [12/Jan/2021:09:47:56 +0800] "POST /xingrg/load_menu.html HTTP/1.1" 200 5138
222.69.133.109 - - [12/Jan/2021:09:47:57 +0800] "GET /xingrg/kc/buy/cgsh_order_operate.html?command=get_materiel&rest_code=00154&code=00101006183&supplier_code=00100176&order_time=2021-01-12 HTTP/1.1" 200 430
58.37.230.33 - - [12/Jan/2021:09:47:57 +0800] "GET /xingrg/kc/buy/buy_main.html HTTP/1.1" 200 12412
58.37.230.33 - - [12/Jan/2021:09:47:57 +0800] "GET /xingrg/css/new_ie.css HTTP/1.1" 404 1036
58.37.230.33 - - [12/Jan/2021:09:47:58 +0800] "GET /xingrg/images/yd/bt.gif HTTP/1.1" 404 1040
58.37.230.33 - - [12/Jan/2021:09:47:58 +0800] "GET /xingrg/kc/buy/cgsh_order_list.html HTTP/1.1" 200 46011
58.37.230.33 - - [12/Jan/2021:09:47:59 +0800] "POST /xingrg/kc/buy/cgsh_list_operate.html HTTP/1.1" 200 876
116.228.172.94 - - [12/Jan/2021:09:48:00 +0800] "GET /xingrg/all/function/internal_message.html?_=1610416080717&CODE_STATE=getMsg HTTP/1.1" 200 27
58.37.230.33 - - [12/Jan/2021:09:48:00 +0800] "GET /xingrg/kc/buy/cgsh_order_add.html HTTP/1.1" 200 61749
58.37.230.33 - - [12/Jan/2021:09:48:00 +0800] "GET /xingrg/words/20210111113338_words.js HTTP/1.1" 304 -
58.37.230.33 - - [12/Jan/2021:09:48:01 +0800] "GET /xingrg/all/common/auto_word.html?type=employee&rest_code=00141 HTTP/1.1" 200 201
58.37.230.33 - - [12/Jan/2021:09:48:01 +0800] "GET /xingrg/javascript/easyui/themes/default/validatebox.css HTTP/1.1" 404 1104
58.37.230.33 - - [12/Jan/2021:09:48:01 +0800] "GET /xingrg/all/common/auto_word.html?type=employee&rest_code=00141 HTTP/1.1" 200 201
58.37.230.33 - - [12/Jan/2021:09:48:01 +0800] "POST /xingrg/kc/buy/cgsh_order_operate.html HTTP/1.1" 200 8245
114.88.169.67 - - [12/Jan/2021:09:48:01 +0800] "GET /xingrg/all/function/internal_message.html?_=1610416079512&CODE_STATE=getMsg HTTP/1.1" 200 27
218.81.216.242 - - [12/Jan/2021:09:48:02 +0800] "GET /xingrg/all/function/internal_message.html?_=1610416102086&CODE_STATE=getMsg HTTP/1.1" 200 27
61.165.42.208 - - [12/Jan/2021:09:48:02 +0800] "GET /xingrg/all/function/internal_message.html?_=1610416082973&CODE_STATE=getMsg HTTP/1.1" 200 27
183.192.164.214 - - [12/Jan/2021:09:48:02 +0800] "GET /xingrg/all/function/internal_message.html?_=1610415488415&CODE_STATE=getMsg HTTP/1.1" 302 -
183.192.164.214 - - [12/Jan/2021:09:48:03 +0800] "GET /xingrg/all/function/internal_message.html?_=1610415668393&CODE_STATE=getMsg HTTP/1.1" 302 -
58.37.230.33 - - [12/Jan/2021:09:48:03 +0800] "GET /xingrg/javascript/auto/indicator.gif HTTP/1.1" 404 1066
58.37.230.33 - - [12/Jan/2021:09:48:05 +0800] "GET /xingrg/javascript/jquery_tools/images/prev.gif HTTP/1.1" 404 1086
58.37.230.33 - - [12/Jan/2021:09:48:05 +0800] "GET /xingrg/javascript/jquery_tools/images/next.gif HTTP/1.1" 404 1086
183.192.164.214 - - [12/Jan/2021:09:48:05 +0800] "GET /xingrg/login.html HTTP/1.1" 200 7641
180.156.237.57 - - [12/Jan/2021:09:48:09 +0800] "GET /xingrg/all/function/internal_message.html?_=1610416090570&CODE_STATE=getMsg HTTP/1.1" 200 27
117.185.32.26 - - [12/Jan/2021:09:48:09 +0800] "GET /xingrg/all/function/internal_message.html?_=1610416088391&CODE_STATE=getMsg HTTP/1.1" 200 27
222.69.133.109 - - [12/Jan/2021:09:48:09 +0800] "POST /xingrg/kc/buy/cgsh_order_operate.html HTTP/1.1" 200 37
58.37.230.33 - - [12/Jan/2021:09:48:10 +0800] "GET /xingrg/kc/buy/cgsh_order_operate.html?command=get_materiel&rest_code=00141&code=00101008256&supplier_code=00100007&order_time=2021-01-12 HTTP/1.1" 200 413
222.69.133.109 - - [12/Jan/2021:09:48:12 +0800] "POST /xingrg/kc/buy/cgsh_order_operate.html HTTP/1.1" 200 12
183.192.164.214 - - [12/Jan/2021:09:48:12 +0800] "GET /xingrg/login.html HTTP/1.1" 200 7641
222.69.133.109 - - [12/Jan/2021:09:48:13 +0800] "GET /xingrg/kc/buy/cgsh_order_info.html?code=212021011204954 HTTP/1.1" 200 55770
222.69.138.238 - - [12/Jan/2021:09:48:13 +0800] "GET /xingrg/all/function/internal_message.html?_=1610416090962&CODE_STATE=getMsg HTTP/1.1" 200 27
222.69.138.238 - - [12/Jan/2021:09:48:13 +0800] "GET /xingrg/check_reg.html?_=1610416090970 HTTP/1.1" 200 22
222.69.133.109 - - [12/Jan/2021:09:48:13 +0800] "GET /xingrg/javascript/easyui/themes/default/validatebox.css HTTP/1.1" 404 1104
222.69.133.109 - - [12/Jan/2021:09:48:14 +0800] "POST /xingrg/kc/buy/cgsh_order_operate.html HTTP/1.1" 200 1778
222.69.133.109 - - [12/Jan/2021:09:48:16 +0800] "GET /xingrg/kc/print/load_data.html?order_code=212021011204954&kc_code=cgsh&condition= HTTP/1.1" 200 1159
114.88.169.67 - - [12/Jan/2021:09:48:20 +0800] "GET /xingrg/all/function/internal_message.html?_=1610416267867&CODE_STATE=getMsg HTTP/1.1" 302 -
58.221.95.50 - - [12/Jan/2021:09:48:22 +0800] "GET /xingrg/check_reg.html?_=1610416101463 HTTP/1.1" 302 -
117.184.7.26 - - [12/Jan/2021:09:48:23 +0800] "GET /xingrg/all/function/internal_message.html?_=1610416099941&CODE_STATE=getMsg HTTP/1.1" 200 27
180.156.237.57 - - [12/Jan/2021:09:48:24 +0800] "GET /xingrg/all/function/internal_message.html?_=1610416086552&CODE_STATE=getMsg HTTP/1.1" 200 27
180.169.147.146 - - [12/Jan/2021:09:48:26 +0800] "GET /xingrg/all/function/internal_message.html?_=1610416107977&CODE_STATE=getMsg HTTP/1.1" 200 27
58.37.230.33 - - [12/Jan/2021:09:48:30 +0800] "GET /xingrg/kc/buy/cgsh_order_operate.html?command=get_materiel&rest_code=00141&code=00101008257&supplier_code=00100007&order_time=2021-01-12 HTTP/1.1" 200 416
116.233.73.15 - - [12/Jan/2021:09:48:33 +0800] "GET /xingrg/all/function/internal_message.html?_=1610416137968&CODE_STATE=getMsg HTTP/1.1" 200 27
180.175.150.119 - - [12/Jan/2021:09:48:33 +0800] "GET /xingrg/all/function/internal_message.html?_=1610416352633&CODE_STATE=getMsg HTTP/1.1" 200 27
222.69.133.109 - - [12/Jan/2021:09:48:33 +0800] "GET /xingrg/all/function/internal_message.html?_=1610416113217&CODE_STATE=getMsg HTTP/1.1" 200 27
58.37.230.33 - - [12/Jan/2021:09:48:36 +0800] "GET /xingrg/kc/buy/cgsh_order_operate.html?command=get_materiel&rest_code=00141&code=00101008337&supplier_code=00100007&order_time=2021-01-12 HTTP/1.1" 200 408
180.169.147.146 - - [12/Jan/2021:09:48:38 +0800] "GET /xingrg/all/function/internal_message.html?_=1610416119918&CODE_STATE=getMsg HTTP/1.1" 200 27
58.37.230.33 - - [12/Jan/2021:09:48:43 +0800] "GET /xingrg/kc/buy/cgsh_order_operate.html?command=get_materiel&rest_code=00141&code=00101008112&supplier_code=00100007&order_time=2021-01-12 HTTP/1.1" 200 412
180.169.147.146 - - [12/Jan/2021:09:48:45 +0800] "GET /xingrg/all/function/internal_message.html?_=1610416025027&CODE_STATE=getMsg HTTP/1.1" 200 27
180.169.147.146 - - [12/Jan/2021:09:48:50 +0800] "GET /xingrg/all/function/internal_message.html?_=1610416131137&CODE_STATE=getMsg HTTP/1.1" 200 27
58.37.230.33 - - [12/Jan/2021:09:48:51 +0800] "GET /xingrg/kc/buy/cgsh_order_operate.html?command=get_materiel&rest_code=00141&code=00101008354&supplier_code=00100007&order_time=2021-01-12 HTTP/1.1" 200 412
58.37.230.33 - - [12/Jan/2021:09:48:56 +0800] "GET /xingrg/all/function/internal_message.html?_=1610416170373&CODE_STATE=getMsg HTTP/1.1" 200 27
116.228.172.94 - - [12/Jan/2021:09:49:00 +0800] "GET /xingrg/all/function/internal_message.html?_=1610416140688&CODE_STATE=getMsg HTTP/1.1" 200 27
114.88.169.67 - - [12/Jan/2021:09:49:01 +0800] "GET /xingrg/all/function/internal_message.html?_=1610416139519&CODE_STATE=getMsg HTTP/1.1" 200 27
61.165.42.208 - - [12/Jan/2021:09:49:02 +0800] "GET /xingrg/all/function/internal_message.html?_=1610416142974&CODE_STATE=getMsg HTTP/1.1" 200 27
218.81.216.242 - - [12/Jan/2021:09:49:02 +0800] "GET /xingrg/all/function/internal_message.html?_=1610416162376&CODE_STATE=getMsg HTTP/1.1" 200 27
58.37.230.33 - - [12/Jan/2021:09:49:02 +0800] "GET /xingrg/kc/buy/cgsh_order_operate.html?command=get_materiel&rest_code=00141&code=00101008351&supplier_code=00100007&order_time=2021-01-12 HTTP/1.1" 200 408
116.233.73.15 - - [12/Jan/2021:09:49:09 +0800] "GET /xingrg/javascript/jquery_easy_ui/themes/icons/rest.png HTTP/1.1" 304 -
116.233.73.15 - - [12/Jan/2021:09:49:09 +0800] "GET /xingrg/javascript/jquery_easy_ui/themes/icons/area.png HTTP/1.1" 304 -
180.156.237.57 - - [12/Jan/2021:09:49:09 +0800] "GET /xingrg/all/function/internal_message.html?_=1610416150563&CODE_STATE=getMsg HTTP/1.1" 200 27
117.185.32.26 - - [12/Jan/2021:09:49:09 +0800] "GET /xingrg/check_reg.html?_=1610416148392 HTTP/1.1" 200 22
117.185.32.26 - - [12/Jan/2021:09:49:09 +0800] "GET /xingrg/all/function/internal_message.html?_=1610416148391&CODE_STATE=getMsg HTTP/1.1" 200 27
222.69.138.238 - - [12/Jan/2021:09:49:13 +0800] "GET /xingrg/all/function/internal_message.html?_=1610416150969&CODE_STATE=getMsg HTTP/1.1" 200 27
58.37.230.33 - - [12/Jan/2021:09:49:17 +0800] "GET /xingrg/kc/buy/cgsh_order_operate.html?command=get_materiel&rest_code=00141&code=00101008038&supplier_code=00100007&order_time=2021-01-12 HTTP/1.1" 200 432
114.88.169.67 - - [12/Jan/2021:09:49:20 +0800] "GET /xingrg/all/function/internal_message.html?_=1610416327844&CODE_STATE=getMsg HTTP/1.1" 302 -
114.88.169.67 - - [12/Jan/2021:09:49:21 +0800] "GET /xingrg/check_reg.html?_=1610416328634 HTTP/1.1" 302 -
117.184.7.26 - - [12/Jan/2021:09:49:23 +0800] "GET /xingrg/check_reg.html?_=1610416159941 HTTP/1.1" 200 22
117.184.7.30 - - [12/Jan/2021:09:49:23 +0800] "GET /xingrg/all/function/internal_message.html?_=1610416159944&CODE_STATE=getMsg HTTP/1.1" 200 27
180.156.237.57 - - [12/Jan/2021:09:49:24 +0800] "GET /xingrg/all/function/internal_message.html?_=1610416146557&CODE_STATE=getMsg HTTP/1.1" 200 27
58.37.230.33 - - [12/Jan/2021:09:49:24 +0800] "GET /xingrg/kc/buy/cgsh_order_operate.html?command=get_materiel&rest_code=00141&code=00101008017&supplier_code=00100007&order_time=2021-01-12 HTTP/1.1" 200 416
180.169.147.146 - - [12/Jan/2021:09:49:26 +0800] "GET /xingrg/all/function/internal_message.html?_=1610416167979&CODE_STATE=getMsg HTTP/1.1" 200 27
58.37.230.33 - - [12/Jan/2021:09:49:31 +0800] "GET /xingrg/kc/buy/cgsh_order_operate.html?command=get_materiel&rest_code=00141&code=00101008163&supplier_code=00100007&order_time=2021-01-12 HTTP/1.1" 200 409
180.175.150.119 - - [12/Jan/2021:09:49:33 +0800] "GET /xingrg/all/function/internal_message.html?_=1610416412646&CODE_STATE=getMsg HTTP/1.1" 200 27
222.69.133.109 - - [12/Jan/2021:09:49:33 +0800] "GET /xingrg/all/function/internal_message.html?_=1610416173215&CODE_STATE=getMsg HTTP/1.1" 200 27
180.169.147.146 - - [12/Jan/2021:09:49:38 +0800] "GET /xingrg/all/function/internal_message.html?_=1610416179918&CODE_STATE=getMsg HTTP/1.1" 200 27
58.37.230.33 - - [12/Jan/2021:09:49:39 +0800] "GET /xingrg/kc/buy/cgsh_order_operate.html?command=get_materiel&rest_code=00141&code=00101008355&supplier_code=00100007&order_time=2021-01-12 HTTP/1.1" 200 408
58.37.230.33 - - [12/Jan/2021:09:49:44 +0800] "GET /xingrg/kc/buy/cgsh_order_operate.html?command=get_materiel&rest_code=00141&code=00101008264&supplier_code=00100007&order_time=2021-01-12 HTTP/1.1" 200 412
180.169.147.146 - - [12/Jan/2021:09:49:45 +0800] "GET /xingrg/all/function/internal_message.html?_=1610416085029&CODE_STATE=getMsg HTTP/1.1" 200 27
218.81.216.242 - - [12/Jan/2021:09:49:46 +0800] "GET /xingrg/check_reg.html?_=1610416206220 HTTP/1.1" 200 22
58.37.230.33 - - [12/Jan/2021:09:49:49 +0800] "GET /xingrg/kc/buy/cgsh_order_operate.html?command=get_materiel&rest_code=00141&code=00101009030&supplier_code=00100007&order_time=2021-01-12 HTTP/1.1" 200 412
180.169.147.146 - - [12/Jan/2021:09:49:50 +0800] "GET /xingrg/all/function/internal_message.html?_=1610416191137&CODE_STATE=getMsg HTTP/1.1" 200 27
58.37.230.33 - - [12/Jan/2021:09:49:55 +0800] "GET /xingrg/kc/buy/cgsh_order_operate.html?command=get_materiel&rest_code=00141&code=00101008356&supplier_code=00100007&order_time=2021-01-12 HTTP/1.1" 200 408
58.37.230.33 - - [12/Jan/2021:09:49:56 +0800] "GET /xingrg/all/function/internal_message.html?_=1610416230353&CODE_STATE=getMsg HTTP/1.1" 200 27
116.228.172.94 - - [12/Jan/2021:09:50:00 +0800] "GET /xingrg/all/function/internal_message.html?_=1610416200676&CODE_STATE=getMsg HTTP/1.1" 200 27
114.88.169.67 - - [12/Jan/2021:09:50:01 +0800] "GET /xingrg/all/function/internal_message.html?_=1610416199549&CODE_STATE=getMsg HTTP/1.1" 200 27
58.37.230.33 - - [12/Jan/2021:09:50:01 +0800] "GET /xingrg/kc/buy/cgsh_order_operate.html?command=get_materiel&rest_code=00141&code=00101008137&supplier_code=00100007&order_time=2021-01-12 HTTP/1.1" 200 408
61.165.42.208 - - [12/Jan/2021:09:50:02 +0800] "GET /xingrg/all/function/internal_message.html?_=1610416202972&CODE_STATE=getMsg HTTP/1.1" 200 27
61.165.42.208 - - [12/Jan/2021:09:50:02 +0800] "GET /xingrg/check_reg.html?_=1610416202975 HTTP/1.1" 200 22
218.81.216.242 - - [12/Jan/2021:09:50:02 +0800] "GET /xingrg/all/function/internal_message.html?_=1610416222377&CODE_STATE=getMsg HTTP/1.1" 200 27
58.37.230.33 - - [12/Jan/2021:09:50:07 +0800] "GET /xingrg/kc/buy/cgsh_order_operate.html?command=get_materiel&rest_code=00141&code=00101008270&supplier_code=00100007&order_time=2021-01-12 HTTP/1.1" 200 412
180.156.237.57 - - [12/Jan/2021:09:50:09 +0800] "GET /xingrg/check_reg.html?_=1610416210571 HTTP/1.1" 200 22
180.156.237.57 - - [12/Jan/2021:09:50:09 +0800] "GET /xingrg/all/function/internal_message.html?_=1610416210575&CODE_STATE=getMsg HTTP/1.1" 200 27
117.185.32.26 - - [12/Jan/2021:09:50:09 +0800] "GET /xingrg/all/function/internal_message.html?_=1610416208391&CODE_STATE=getMsg HTTP/1.1" 200 27
58.37.230.33 - - [12/Jan/2021:09:50:13 +0800] "GET /xingrg/kc/buy/cgsh_order_operate.html?command=get_materiel&rest_code=00141&code=00101008357&supplier_code=00100007&order_time=2021-01-12 HTTP/1.1" 200 408
222.69.138.238 - - [12/Jan/2021:09:50:13 +0800] "GET /xingrg/all/function/internal_message.html?_=1610416210977&CODE_STATE=getMsg HTTP/1.1" 200 27
58.37.230.33 - - [12/Jan/2021:09:50:19 +0800] "GET /xingrg/kc/buy/cgsh_order_operate.html?command=get_materiel&rest_code=00141&code=00101008069&supplier_code=00100007&order_time=2021-01-12 HTTP/1.1" 200 412
114.88.169.67 - - [12/Jan/2021:09:50:20 +0800] "GET /xingrg/all/function/internal_message.html?_=1610416387820&CODE_STATE=getMsg HTTP/1.1" 302 -
180.156.237.57 - - [12/Jan/2021:09:50:23 +0800] "GET /xingrg/check_reg.html?_=1610416206025 HTTP/1.1" 200 22
117.184.7.30 - - [12/Jan/2021:09:50:23 +0800] "GET /xingrg/all/function/internal_message.html?_=1610416219930&CODE_STATE=getMsg HTTP/1.1" 200 27
180.156.237.57 - - [12/Jan/2021:09:50:24 +0800] "GET /xingrg/all/function/internal_message.html?_=1610416206571&CODE_STATE=getMsg HTTP/1.1" 200 27
58.37.230.33 - - [12/Jan/2021:09:50:25 +0800] "GET /xingrg/kc/buy/cgsh_order_operate.html?command=get_materiel&rest_code=00141&code=00101008286&supplier_code=00100007&order_time=2021-01-12 HTTP/1.1" 200 408
180.169.147.146 - - [12/Jan/2021:09:50:26 +0800] "GET /xingrg/all/function/internal_message.html?_=1610416227982&CODE_STATE=getMsg HTTP/1.1" 200 27
58.37.230.33 - - [12/Jan/2021:09:50:31 +0800] "GET /xingrg/kc/buy/cgsh_order_operate.html?command=get_materiel&rest_code=00141&code=00101008036&supplier_code=00100007&order_time=2021-01-12 HTTP/1.1" 200 408
222.69.133.109 - - [12/Jan/2021:09:50:33 +0800] "GET /xingrg/check_reg.html?_=1610416233213 HTTP/1.1" 200 22
222.69.133.109 - - [12/Jan/2021:09:50:33 +0800] "GET /xingrg/all/function/internal_message.html?_=1610416233217&CODE_STATE=getMsg HTTP/1.1" 200 27
58.37.230.33 - - [12/Jan/2021:09:50:33 +0800] "POST /xingrg/kc/buy/cgsh_order_operate.html HTTP/1.1" 200 2065
180.175.150.119 - - [12/Jan/2021:09:50:34 +0800] "GET /xingrg/all/function/internal_message.html?_=1610416473858&CODE_STATE=getMsg HTTP/1.1" 200 27
58.37.230.33 - - [12/Jan/2021:09:50:37 +0800] "GET /xingrg/kc/buy/cgsh_order_operate.html?command=get_materiel&rest_code=00141&code=00101008131&supplier_code=00100007&order_time=2021-01-12 HTTP/1.1" 200 408
180.169.147.146 - - [12/Jan/2021:09:50:38 +0800] "GET /xingrg/check_reg.html?_=1610416239924 HTTP/1.1" 200 22
180.169.147.146 - - [12/Jan/2021:09:50:38 +0800] "GET /xingrg/all/function/internal_message.html?_=1610416239928&CODE_STATE=getMsg HTTP/1.1" 200 27
58.37.230.33 - - [12/Jan/2021:09:50:43 +0800] "GET /xingrg/kc/buy/cgsh_order_operate.html?command=get_materiel&rest_code=00141&code=00101008318&supplier_code=00100007&order_time=2021-01-12 HTTP/1.1" 200 408
180.169.147.146 - - [12/Jan/2021:09:50:45 +0800] "GET /xingrg/all/function/internal_message.html?_=1610416145031&CODE_STATE=getMsg HTTP/1.1" 200 27
114.88.169.67 - - [12/Jan/2021:09:50:47 +0800] "GET /xingrg/check_reg.html?_=1610416245209 HTTP/1.1" 200 22
58.37.230.33 - - [12/Jan/2021:09:50:49 +0800] "GET /xingrg/kc/buy/cgsh_order_operate.html?command=get_materiel&rest_code=00141&code=00101008352&supplier_code=00100007&order_time=2021-01-12 HTTP/1.1" 200 412
180.169.147.146 - - [12/Jan/2021:09:50:50 +0800] "GET /xingrg/all/function/internal_message.html?_=1610416251141&CODE_STATE=getMsg HTTP/1.1" 200 27
58.37.230.33 - - [12/Jan/2021:09:50:56 +0800] "GET /xingrg/all/function/internal_message.html?_=1610416290361&CODE_STATE=getMsg HTTP/1.1" 200 27
116.228.172.94 - - [12/Jan/2021:09:51:00 +0800] "GET /xingrg/all/function/internal_message.html?_=1610416260648&CODE_STATE=getMsg HTTP/1.1" 200 27
114.88.169.67 - - [12/Jan/2021:09:51:01 +0800] "GET /xingrg/all/function/internal_message.html?_=1610416259562&CODE_STATE=getMsg HTTP/1.1" 200 27
58.40.7.146 - - [12/Jan/2021:09:51:01 +0800] "GET /xingrg/check_reg.html?_=1610416261076 HTTP/1.1" 200 22
61.165.42.208 - - [12/Jan/2021:09:51:02 +0800] "GET /xingrg/all/function/internal_message.html?_=1610416262974&CODE_STATE=getMsg HTTP/1.1" 200 27
218.81.216.242 - - [12/Jan/2021:09:51:02 +0800] "GET /xingrg/all/function/internal_message.html?_=1610416282392&CODE_STATE=getMsg HTTP/1.1" 200 27
58.37.230.33 - - [12/Jan/2021:09:51:03 +0800] "GET /xingrg/kc/buy/cgsh_order_operate.html?command=get_materiel&rest_code=00141&code=00101008005&supplier_code=00100007&order_time=2021-01-12 HTTP/1.1" 200 412
58.37.230.33 - - [12/Jan/2021:09:51:08 +0800] "GET /xingrg/kc/buy/cgsh_order_operate.html?command=get_materiel&rest_code=00141&code=00101008213&supplier_code=00100007&order_time=2021-01-12 HTTP/1.1" 200 412
180.156.237.57 - - [12/Jan/2021:09:51:09 +0800] "GET /xingrg/all/function/internal_message.html?_=1610416270579&CODE_STATE=getMsg HTTP/1.1" 200 27
117.185.32.26 - - [12/Jan/2021:09:51:09 +0800] "GET /xingrg/all/function/internal_message.html?_=1610416268390&CODE_STATE=getMsg HTTP/1.1" 200 27
58.37.230.33 - - [12/Jan/2021:09:51:12 +0800] "POST /xingrg/kc/buy/cgsh_order_operate.html HTTP/1.1" 200 2065
222.69.138.238 - - [12/Jan/2021:09:51:13 +0800] "GET /xingrg/all/function/internal_message.html?_=1610416270982&CODE_STATE=getMsg HTTP/1.1" 200 27
58.37.230.33 - - [12/Jan/2021:09:51:18 +0800] "GET /xingrg/kc/buy/cgsh_order_operate.html?command=get_materiel&rest_code=00141&code=00101008312&supplier_code=00100007&order_time=2021-01-12 HTTP/1.1" 200 412
114.88.169.67 - - [12/Jan/2021:09:51:20 +0800] "GET /xingrg/all/function/internal_message.html?_=1610416447792&CODE_STATE=getMsg HTTP/1.1" 302 -
117.184.7.30 - - [12/Jan/2021:09:51:23 +0800] "GET /xingrg/all/function/internal_message.html?_=1610416279930&CODE_STATE=getMsg HTTP/1.1" 200 27
180.156.237.57 - - [12/Jan/2021:09:51:24 +0800] "GET /xingrg/all/function/internal_message.html?_=1610416266585&CODE_STATE=getMsg HTTP/1.1" 200 27
58.37.230.33 - - [12/Jan/2021:09:51:24 +0800] "GET /xingrg/kc/buy/cgsh_order_operate.html?command=get_materiel&rest_code=00141&code=00101008039&supplier_code=00100007&order_time=2021-01-12 HTTP/1.1" 200 412
180.169.147.146 - - [12/Jan/2021:09:51:26 +0800] "GET /xingrg/all/function/internal_message.html?_=1610416287982&CODE_STATE=getMsg HTTP/1.1" 200 27
222.69.133.109 - - [12/Jan/2021:09:51:33 +0800] "GET /xingrg/all/function/internal_message.html?_=1610416293218&CODE_STATE=getMsg HTTP/1.1" 200 27
180.175.150.119 - - [12/Jan/2021:09:51:34 +0800] "GET /xingrg/all/function/internal_message.html?_=1610416533873&CODE_STATE=getMsg HTTP/1.1" 200 27
58.37.230.33 - - [12/Jan/2021:09:51:37 +0800] "GET /xingrg/kc/buy/cgsh_order_operate.html?command=get_materiel&rest_code=00141&code=00101008147&supplier_code=00100007&order_time=2021-01-12 HTTP/1.1" 200 416
180.169.147.146 - - [12/Jan/2021:09:51:38 +0800] "GET /xingrg/all/function/internal_message.html?_=1610416299912&CODE_STATE=getMsg HTTP/1.1" 200 27
180.169.147.146 - - [12/Jan/2021:09:51:45 +0800] "GET /xingrg/all/function/internal_message.html?_=1610416205033&CODE_STATE=getMsg HTTP/1.1" 200 27
180.169.147.146 - - [12/Jan/2021:09:51:45 +0800] "GET /xingrg/check_reg.html?_=1610416205035 HTTP/1.1" 200 22
180.169.147.146 - - [12/Jan/2021:09:51:50 +0800] "GET /xingrg/all/function/internal_message.html?_=1610416311139&CODE_STATE=getMsg HTTP/1.1" 200 27
58.37.230.33 - - [12/Jan/2021:09:51:56 +0800] "GET /xingrg/all/function/internal_message.html?_=1610416350369&CODE_STATE=getMsg HTTP/1.1" 200 27
116.228.172.94 - - [12/Jan/2021:09:51:58 +0800] "GET /xingrg/check_reg.html?_=1610416318826 HTTP/1.1" 200 22
116.228.172.94 - - [12/Jan/2021:09:52:00 +0800] "GET /xingrg/all/function/internal_message.html?_=1610416320624&CODE_STATE=getMsg HTTP/1.1" 200 27
114.88.169.67 - - [12/Jan/2021:09:52:01 +0800] "GET /xingrg/all/function/internal_message.html?_=1610416319575&CODE_STATE=getMsg HTTP/1.1" 200 27
61.165.42.208 - - [12/Jan/2021:09:52:02 +0800] "GET /xingrg/all/function/internal_message.html?_=1610416322972&CODE_STATE=getMsg HTTP/1.1" 200 27
218.81.216.242 - - [12/Jan/2021:09:52:02 +0800] "GET /xingrg/all/function/internal_message.html?_=1610416342657&CODE_STATE=getMsg HTTP/1.1" 200 27
180.156.237.57 - - [12/Jan/2021:09:52:09 +0800] "GET /xingrg/all/function/internal_message.html?_=1610416330575&CODE_STATE=getMsg HTTP/1.1" 200 27
117.185.32.26 - - [12/Jan/2021:09:52:09 +0800] "GET /xingrg/all/function/internal_message.html?_=1610416328390&CODE_STATE=getMsg HTTP/1.1" 200 27
222.69.138.238 - - [12/Jan/2021:09:52:13 +0800] "GET /xingrg/all/function/internal_message.html?_=1610416330972&CODE_STATE=getMsg HTTP/1.1" 200 27
114.88.169.67 - - [12/Jan/2021:09:52:20 +0800] "GET /xingrg/all/function/internal_message.html?_=1610416507793&CODE_STATE=getMsg HTTP/1.1" 302 -
117.184.7.30 - - [12/Jan/2021:09:52:23 +0800] "GET /xingrg/all/function/internal_message.html?_=1610416339946&CODE_STATE=getMsg HTTP/1.1" 200 27
180.156.237.57 - - [12/Jan/2021:09:52:24 +0800] "GET /xingrg/all/function/internal_message.html?_=1610416326598&CODE_STATE=getMsg HTTP/1.1" 200 27
180.169.147.146 - - [12/Jan/2021:09:52:26 +0800] "GET /xingrg/check_reg.html?_=1610416347994 HTTP/1.1" 200 22
180.169.147.146 - - [12/Jan/2021:09:52:26 +0800] "GET /xingrg/all/function/internal_message.html?_=1610416347996&CODE_STATE=getMsg HTTP/1.1" 200 27
222.69.133.109 - - [12/Jan/2021:09:52:33 +0800] "GET /xingrg/all/function/internal_message.html?_=1610416353206&CODE_STATE=getMsg HTTP/1.1" 200 27
180.175.150.119 - - [12/Jan/2021:09:52:34 +0800] "GET /xingrg/check_reg.html?_=1610416593766 HTTP/1.1" 200 22
180.175.150.119 - - [12/Jan/2021:09:52:34 +0800] "GET /xingrg/all/function/internal_message.html?_=1610416593889&CODE_STATE=getMsg HTTP/1.1" 200 27
180.169.147.146 - - [12/Jan/2021:09:52:38 +0800] "GET /xingrg/all/function/internal_message.html?_=1610416359929&CODE_STATE=getMsg HTTP/1.1" 200 27
180.169.147.146 - - [12/Jan/2021:09:52:45 +0800] "GET /xingrg/all/function/internal_message.html?_=1610416265037&CODE_STATE=getMsg HTTP/1.1" 200 27
180.169.147.146 - - [12/Jan/2021:09:52:50 +0800] "GET /xingrg/all/function/internal_message.html?_=1610416371141&CODE_STATE=getMsg HTTP/1.1" 200 27
180.169.147.146 - - [12/Jan/2021:09:52:50 +0800] "GET /xingrg/check_reg.html?_=1610416371146 HTTP/1.1" 200 22
58.37.230.33 - - [12/Jan/2021:09:52:56 +0800] "GET /xingrg/check_reg.html?_=1610416410355 HTTP/1.1" 200 22
58.37.230.33 - - [12/Jan/2021:09:52:56 +0800] "GET /xingrg/all/function/internal_message.html?_=1610416410357&CODE_STATE=getMsg HTTP/1.1" 200 27
116.228.172.94 - - [12/Jan/2021:09:53:00 +0800] "GET /xingrg/all/function/internal_message.html?_=1610416380609&CODE_STATE=getMsg HTTP/1.1" 200 27
114.88.169.67 - - [12/Jan/2021:09:53:01 +0800] "GET /xingrg/all/function/internal_message.html?_=1610416379604&CODE_STATE=getMsg HTTP/1.1" 200 27
61.165.42.208 - - [12/Jan/2021:09:53:02 +0800] "GET /xingrg/all/function/internal_message.html?_=1610416382986&CODE_STATE=getMsg HTTP/1.1" 200 27
218.81.216.242 - - [12/Jan/2021:09:53:02 +0800] "GET /xingrg/all/function/internal_message.html?_=1610416402669&CODE_STATE=getMsg HTTP/1.1" 200 27
180.156.237.57 - - [12/Jan/2021:09:53:09 +0800] "GET /xingrg/all/function/internal_message.html?_=1610416390584&CODE_STATE=getMsg HTTP/1.1" 200 27
117.185.32.26 - - [12/Jan/2021:09:53:09 +0800] "GET /xingrg/all/function/internal_message.html?_=1610416388392&CODE_STATE=getMsg HTTP/1.1" 200 27
222.69.138.238 - - [12/Jan/2021:09:53:13 +0800] "GET /xingrg/all/function/internal_message.html?_=1610416390980&CODE_STATE=getMsg HTTP/1.1" 200 27
222.69.138.238 - - [12/Jan/2021:09:53:13 +0800] "GET /xingrg/check_reg.html?_=1610416390989 HTTP/1.1" 200 22
114.88.169.67 - - [12/Jan/2021:09:53:20 +0800] "GET /xingrg/all/function/internal_message.html?_=1610416567763&CODE_STATE=getMsg HTTP/1.1" 302 -
117.184.7.30 - - [12/Jan/2021:09:53:23 +0800] "GET /xingrg/all/function/internal_message.html?_=1610416399945&CODE_STATE=getMsg HTTP/1.1" 200 27
180.156.237.57 - - [12/Jan/2021:09:53:24 +0800] "GET /xingrg/all/function/internal_message.html?_=1610416386622&CODE_STATE=getMsg HTTP/1.1" 200 27
180.169.147.146 - - [12/Jan/2021:09:53:26 +0800] "GET /xingrg/all/function/internal_message.html?_=1610416407996&CODE_STATE=getMsg HTTP/1.1" 200 27
222.69.133.109 - - [12/Jan/2021:09:53:33 +0800] "GET /xingrg/all/function/internal_message.html?_=1610416413208&CODE_STATE=getMsg HTTP/1.1" 200 27
180.175.150.119 - - [12/Jan/2021:09:53:34 +0800] "GET /xingrg/all/function/internal_message.html?_=1610416653901&CODE_STATE=getMsg HTTP/1.1" 200 27
180.169.147.146 - - [12/Jan/2021:09:53:38 +0800] "GET /xingrg/all/function/internal_message.html?_=1610416419931&CODE_STATE=getMsg HTTP/1.1" 200 27
180.169.147.146 - - [12/Jan/2021:09:53:45 +0800] "GET /xingrg/all/function/internal_message.html?_=1610416325023&CODE_STATE=getMsg HTTP/1.1" 200 27
180.169.147.146 - - [12/Jan/2021:09:53:50 +0800] "GET /xingrg/all/function/internal_message.html?_=1610416431146&CODE_STATE=getMsg HTTP/1.1" 200 27
58.37.230.33 - - [12/Jan/2021:09:53:56 +0800] "GET /xingrg/all/function/internal_message.html?_=1610416470354&CODE_STATE=getMsg HTTP/1.1" 200 27
116.228.172.94 - - [12/Jan/2021:09:54:00 +0800] "GET /xingrg/all/function/internal_message.html?_=1610416440581&CODE_STATE=getMsg HTTP/1.1" 200 27
114.88.169.67 - - [12/Jan/2021:09:54:01 +0800] "GET /xingrg/all/function/internal_message.html?_=1610416439618&CODE_STATE=getMsg HTTP/1.1" 200 27
61.165.42.208 - - [12/Jan/2021:09:54:02 +0800] "GET /xingrg/all/function/internal_message.html?_=1610416442986&CODE_STATE=getMsg HTTP/1.1" 200 27
218.81.216.242 - - [12/Jan/2021:09:54:03 +0800] "GET /xingrg/all/function/internal_message.html?_=1610416462926&CODE_STATE=getMsg HTTP/1.1" 200 27
180.156.237.57 - - [12/Jan/2021:09:54:09 +0800] "GET /xingrg/all/function/internal_message.html?_=1610416450593&CODE_STATE=getMsg HTTP/1.1" 200 27
117.185.32.26 - - [12/Jan/2021:09:54:09 +0800] "GET /xingrg/all/function/internal_message.html?_=1610416448391&CODE_STATE=getMsg HTTP/1.1" 200 27
117.185.32.26 - - [12/Jan/2021:09:54:09 +0800] "GET /xingrg/check_reg.html?_=1610416448393 HTTP/1.1" 200 22
222.69.138.238 - - [12/Jan/2021:09:54:13 +0800] "GET /xingrg/all/function/internal_message.html?_=1610416450975&CODE_STATE=getMsg HTTP/1.1" 200 27
114.88.169.67 - - [12/Jan/2021:09:54:20 +0800] "GET /xingrg/all/function/internal_message.html?_=1610416627737&CODE_STATE=getMsg HTTP/1.1" 302 -
114.88.169.67 - - [12/Jan/2021:09:54:21 +0800] "GET /xingrg/check_reg.html?_=1610416628633 HTTP/1.1" 302 -
117.185.32.26 - - [12/Jan/2021:09:54:21 +0800] "POST /xingrg/kc/buy/cgsh_order_operate.html HTTP/1.1" 200 37
61.151.179.84 - - [12/Jan/2021:09:54:21 +0800] "GET /xingrg/all/common/auto_word.html?type=employee&rest_code=00141 HTTP/1.1" 302 -
117.185.32.26 - - [12/Jan/2021:09:54:23 +0800] "POST /xingrg/kc/buy/cgsh_order_operate.html HTTP/1.1" 200 12
117.184.7.30 - - [12/Jan/2021:09:54:23 +0800] "GET /xingrg/check_reg.html?_=1610416459936 HTTP/1.1" 200 22
117.184.7.26 - - [12/Jan/2021:09:54:23 +0800] "GET /xingrg/all/function/internal_message.html?_=1610416459938&CODE_STATE=getMsg HTTP/1.1" 200 27
180.156.237.57 - - [12/Jan/2021:09:54:24 +0800] "GET /xingrg/all/function/internal_message.html?_=1610416446624&CODE_STATE=getMsg HTTP/1.1" 200 27
117.185.32.26 - - [12/Jan/2021:09:54:24 +0800] "GET /xingrg/kc/buy/cgsh_order_info.html?code=212021011204951 HTTP/1.1" 200 56643
117.185.32.26 - - [12/Jan/2021:09:54:25 +0800] "GET /xingrg/javascript/easyui/themes/default/validatebox.css HTTP/1.1" 404 1104
117.185.32.26 - - [12/Jan/2021:09:54:25 +0800] "POST /xingrg/kc/buy/cgsh_order_operate.html HTTP/1.1" 200 1818
180.169.147.146 - - [12/Jan/2021:09:54:26 +0800] "GET /xingrg/all/function/internal_message.html?_=1610416467999&CODE_STATE=getMsg HTTP/1.1" 200 27
117.185.32.26 - - [12/Jan/2021:09:54:26 +0800] "GET /xingrg/kc/print/load_config.html?kc_code=cgsh HTTP/1.1" 200 1845
117.185.32.26 - - [12/Jan/2021:09:54:27 +0800] "GET /xingrg/kc/print/load_data.html?order_code=212021011204951&kc_code=cgsh&condition= HTTP/1.1" 200 1164
61.151.179.84 - - [12/Jan/2021:09:54:28 +0800] "GET /xingrg/login.html HTTP/1.1" 200 7641
222.69.133.109 - - [12/Jan/2021:09:54:33 +0800] "GET /xingrg/all/function/internal_message.html?_=1610416473210&CODE_STATE=getMsg HTTP/1.1" 200 27
180.175.150.119 - - [12/Jan/2021:09:54:35 +0800] "GET /xingrg/all/function/internal_message.html?_=1610416713916&CODE_STATE=getMsg HTTP/1.1" 200 27
180.169.147.146 - - [12/Jan/2021:09:54:38 +0800] "GET /xingrg/all/function/internal_message.html?_=1610416479931&CODE_STATE=getMsg HTTP/1.1" 200 27
180.169.147.146 - - [12/Jan/2021:09:54:45 +0800] "GET /xingrg/all/function/internal_message.html?_=1610416385025&CODE_STATE=getMsg HTTP/1.1" 200 27
101.89.239.232 - - [12/Jan/2021:09:54:46 +0800] "GET /xingrg/index.html?sysBaseUrl=http://180.169.147.146:18081/xingrg/&costTime=39×tamp=1610416076215 HTTP/1.1" 302 -
218.81.216.242 - - [12/Jan/2021:09:54:46 +0800] "GET /xingrg/check_reg.html?_=1610416506223 HTTP/1.1" 200 22
180.169.147.146 - - [12/Jan/2021:09:54:50 +0800] "GET /xingrg/all/function/internal_message.html?_=1610416491150&CODE_STATE=getMsg HTTP/1.1" 200 27
101.89.239.232 - - [12/Jan/2021:09:54:51 +0800] "GET /xingrg/login.html HTTP/1.1" 200 7641
58.37.230.33 - - [12/Jan/2021:09:54:56 +0800] "GET /xingrg/all/function/internal_message.html?_=1610416530358&CODE_STATE=getMsg HTTP/1.1" 200 27
116.228.172.94 - - [12/Jan/2021:09:55:00 +0800] "GET /xingrg/all/function/internal_message.html?_=1610416500567&CODE_STATE=getMsg HTTP/1.1" 200 27
114.88.169.67 - - [12/Jan/2021:09:55:01 +0800] "GET /xingrg/all/function/internal_message.html?_=1610416499647&CODE_STATE=getMsg HTTP/1.1" 200 27
61.165.42.208 - - [12/Jan/2021:09:55:02 +0800] "GET /xingrg/check_reg.html?_=1610416502974 HTTP/1.1" 200 22
61.165.42.208 - - [12/Jan/2021:09:55:02 +0800] "GET /xingrg/all/function/internal_message.html?_=1610416502976&CODE_STATE=getMsg HTTP/1.1" 200 27
218.81.216.242 - - [12/Jan/2021:09:55:03 +0800] "GET /xingrg/all/function/internal_message.html?_=1610416522929&CODE_STATE=getMsg HTTP/1.1" 200 27
180.156.237.57 - - [12/Jan/2021:09:55:09 +0800] "GET /xingrg/check_reg.html?_=1610416510603 HTTP/1.1" 200 22
180.156.237.57 - - [12/Jan/2021:09:55:09 +0800] "GET /xingrg/all/function/internal_message.html?_=1610416510607&CODE_STATE=getMsg HTTP/1.1" 200 27
117.185.32.26 - - [12/Jan/2021:09:55:09 +0800] "GET /xingrg/all/function/internal_message.html?_=1610416508415&CODE_STATE=getMsg HTTP/1.1" 200 27
222.69.138.238 - - [12/Jan/2021:09:55:13 +0800] "GET /xingrg/all/function/internal_message.html?_=1610416510975&CODE_STATE=getMsg HTTP/1.1" 200 27
180.157.253.48 - - [12/Jan/2021:09:55:19 +0800] "POST /xingrg/services/DataTransmitService HTTP/1.1" 401 565
180.157.253.48 - - [12/Jan/2021:09:55:20 +0800] "POST /xingrg/services/DataTransmitService HTTP/1.1" 200 478
180.157.253.48 - - [12/Jan/2021:09:55:20 +0800] "POST /xingrg/services/DataTransmitService HTTP/1.1" 200 1320
180.157.253.48 - - [12/Jan/2021:09:55:20 +0800] "POST /xingrg/services/DataTransmitService HTTP/1.1" 200 478
180.157.253.48 - - [12/Jan/2021:09:55:20 +0800] "POST /xingrg/services/DataTransmitService HTTP/1.1" 200 1320
180.157.253.48 - - [12/Jan/2021:09:55:20 +0800] "POST /xingrg/services/DataTransmitService HTTP/1.1" 200 524
114.88.169.67 - - [12/Jan/2021:09:55:20 +0800] "GET /xingrg/all/function/internal_message.html?_=1610416687716&CODE_STATE=getMsg HTTP/1.1" 302 -
180.157.253.48 - - [12/Jan/2021:09:55:20 +0800] "POST /xingrg/services/DataTransmitService HTTP/1.1" 200 1951
180.157.253.48 - - [12/Jan/2021:09:55:20 +0800] "POST /xingrg/services/DataTransmitService HTTP/1.1" 200 2531
180.157.253.48 - - [12/Jan/2021:09:55:21 +0800] "POST /xingrg/services/DataTransmitService HTTP/1.1" 200 1447
180.157.253.48 - - [12/Jan/2021:09:55:21 +0800] "POST /xingrg/services/DataTransmitService HTTP/1.1" 200 45454
180.157.253.48 - - [12/Jan/2021:09:55:21 +0800] "POST /xingrg/services/DataTransmitService HTTP/1.1" 200 19237
180.156.237.57 - - [12/Jan/2021:09:55:23 +0800] "GET /xingrg/check_reg.html?_=1610416506034 HTTP/1.1" 200 22
117.184.7.26 - - [12/Jan/2021:09:55:23 +0800] "GET /xingrg/all/function/internal_message.html?_=1610416519938&CODE_STATE=getMsg HTTP/1.1" 200 27
