218.81.216.242 - - [12/Jan/2021:07:58:19 +0800] "POST /xingrg/kc/base/wldb_order_operate.html HTTP/1.1" 200 12
218.81.216.242 - - [12/Jan/2021:07:58:19 +0800] "POST /xingrg/kc/base/wldb_order_operate.html HTTP/1.1" 200 2682
120.253.135.82 - - [12/Jan/2021:07:58:19 +0800] "POST /xingrg/kc/pszx/mdps_list_operate.html HTTP/1.1" 200 521
218.81.216.242 - - [12/Jan/2021:07:58:20 +0800] "GET /xingrg/kc/base/wldb_order_info.html?code=422021011201396 HTTP/1.1" 200 26388
218.81.216.242 - - [12/Jan/2021:07:58:20 +0800] "GET /xingrg/javascript/easyui/themes/default/validatebox.css HTTP/1.1" 404 1104
218.81.216.242 - - [12/Jan/2021:07:58:20 +0800] "POST /xingrg/kc/base/wldb_order_operate.html HTTP/1.1" 200 963
120.253.135.82 - - [12/Jan/2021:07:58:22 +0800] "POST /xingrg/kc/pszx/mdps_list_operate.html HTTP/1.1" 200 614
218.81.216.242 - - [12/Jan/2021:07:58:23 +0800] "GET /xingrg/kc/base/wldb_order_add.html HTTP/1.1" 200 30508
218.81.216.242 - - [12/Jan/2021:07:58:24 +0800] "POST /xingrg/kc/base/wldb_order_operate.html HTTP/1.1" 200 6806
218.81.216.242 - - [12/Jan/2021:07:58:24 +0800] "GET /xingrg/javascript/easyui/themes/default/validatebox.css HTTP/1.1" 404 1104
117.184.7.30 - - [12/Jan/2021:07:58:26 +0800] "GET /xingrg/all/function/internal_message.html?_=1610409503593&CODE_STATE=getMsg HTTP/1.1" 200 27
180.156.237.57 - - [12/Jan/2021:07:58:26 +0800] "GET /xingrg/all/function/internal_message.html?_=1610409489121&CODE_STATE=getMsg HTTP/1.1" 200 27
120.253.135.82 - - [12/Jan/2021:07:58:27 +0800] "POST /xingrg/kc/pszx/mdps_list_operate.html HTTP/1.1" 200 2597
120.253.135.82 - - [12/Jan/2021:07:58:29 +0800] "POST /xingrg/kc/pszx/mdps_list_operate.html HTTP/1.1" 200 377
120.253.135.82 - - [12/Jan/2021:07:58:30 +0800] "POST /xingrg/kc/pszx/mdps_list_operate.html HTTP/1.1" 200 447
180.169.147.146 - - [12/Jan/2021:07:58:31 +0800] "GET /xingrg/all/function/internal_message.html?_=1610409411454&CODE_STATE=getMsg HTTP/1.1" 200 27
120.253.135.82 - - [12/Jan/2021:07:58:34 +0800] "GET /xingrg/kc/pszx/mdps_order_info.html?code=312021011100366 HTTP/1.1" 200 23881
120.253.135.82 - - [12/Jan/2021:07:58:34 +0800] "GET /xingrg/javascript/jquery_easy_ui/jquery.easyui.min.js HTTP/1.1" 200 213662
120.253.135.82 - - [12/Jan/2021:07:58:34 +0800] "GET /xingrg/javascript/convert.js HTTP/1.1" 200 1239
120.253.135.82 - - [12/Jan/2021:07:58:34 +0800] "GET /xingrg/javascript/print/kc_print.js HTTP/1.1" 200 11415
120.253.135.82 - - [12/Jan/2021:07:58:34 +0800] "GET /xingrg/javascript/json2.js HTTP/1.1" 200 11259
120.253.135.82 - - [12/Jan/2021:07:58:34 +0800] "GET /xingrg/javascript/jquery_tools/order_manager.js HTTP/1.1" 200 11183
120.253.135.82 - - [12/Jan/2021:07:58:35 +0800] "GET /xingrg/words/20210111113338_words.js HTTP/1.1" 200 788847
120.253.135.82 - - [12/Jan/2021:07:58:35 +0800] "GET /xingrg/javascript/easyui/themes/icons/print.png HTTP/1.1" 200 1057
120.253.135.82 - - [12/Jan/2021:07:58:35 +0800] "GET /xingrg/javascript/easyui/themes/icons/ok.png HTTP/1.1" 200 883
120.253.135.82 - - [12/Jan/2021:07:58:35 +0800] "GET /xingrg/javascript/easyui/themes/icons/cancel.png HTTP/1.1" 200 1133
120.253.135.82 - - [12/Jan/2021:07:58:35 +0800] "GET /xingrg/javascript/easyui/themes/icons/copy_new.png HTTP/1.1" 200 815
120.253.135.82 - - [12/Jan/2021:07:58:35 +0800] "GET /xingrg/javascript/easyui/themes/default/images/menu_downarrow.png HTTP/1.1" 200 173
120.253.135.82 - - [12/Jan/2021:07:58:35 +0800] "GET /xingrg/javascript/easyui/themes/default/validatebox.css HTTP/1.1" 404 1104
120.253.135.82 - - [12/Jan/2021:07:58:35 +0800] "GET /xingrg/javascript/easyui/plugins/jquery.validatebox.js HTTP/1.1" 200 6103
120.253.135.82 - - [12/Jan/2021:07:58:35 +0800] "GET /xingrg/all/common/auto_word.html?type=base&rest_code=00101 HTTP/1.1" 200 559
120.253.135.82 - - [12/Jan/2021:07:58:35 +0800] "GET /xingrg/javascript/easyui/plugins/jquery.numberbox.js HTTP/1.1" 200 5213
120.253.135.82 - - [12/Jan/2021:07:58:35 +0800] "POST /xingrg/kc/pszx/mdps_order_operate.html HTTP/1.1" 200 3759
120.253.135.82 - - [12/Jan/2021:07:58:35 +0800] "GET /xingrg/javascript/easyui/themes/icons/edit_remove.png HTTP/1.1" 200 625
180.169.147.146 - - [12/Jan/2021:07:58:38 +0800] "GET /xingrg/all/function/internal_message.html?_=1610409519712&CODE_STATE=getMsg HTTP/1.1" 200 27
120.253.135.82 - - [12/Jan/2021:07:58:39 +0800] "POST /xingrg/kc/pszx/mdps_list_operate.html HTTP/1.1" 200 206
120.253.135.82 - - [12/Jan/2021:07:58:42 +0800] "GET /xingrg/all/function/internal_message.html?_=1610409280531&CODE_STATE=getMsg HTTP/1.1" 200 27
218.81.216.242 - - [12/Jan/2021:07:58:42 +0800] "GET /xingrg/kc/base/wldb_order_operate.html?command=get_materiel&rest_code=00146&base_code=0010064&code=00102002453 HTTP/1.1" 200 433
218.81.216.242 - - [12/Jan/2021:07:58:53 +0800] "POST /xingrg/kc/base/wldb_order_operate.html HTTP/1.1" 200 37
218.81.216.242 - - [12/Jan/2021:07:58:55 +0800] "POST /xingrg/kc/base/wldb_order_operate.html HTTP/1.1" 200 12
218.81.216.242 - - [12/Jan/2021:07:58:55 +0800] "POST /xingrg/kc/base/wldb_order_operate.html HTTP/1.1" 200 2182
218.81.216.242 - - [12/Jan/2021:07:58:56 +0800] "GET /xingrg/kc/base/wldb_order_info.html?code=422021011201397 HTTP/1.1" 200 26383
218.81.216.242 - - [12/Jan/2021:07:58:56 +0800] "GET /xingrg/javascript/easyui/themes/default/validatebox.css HTTP/1.1" 404 1104
218.81.216.242 - - [12/Jan/2021:07:58:56 +0800] "POST /xingrg/kc/base/wldb_order_operate.html HTTP/1.1" 200 475
218.81.216.242 - - [12/Jan/2021:07:58:56 +0800] "GET /xingrg/all/function/internal_message.html?_=1610409556180&CODE_STATE=getMsg HTTP/1.1" 200 27
218.81.216.242 - - [12/Jan/2021:07:58:58 +0800] "GET /xingrg/kc/base/wldb_order_add.html HTTP/1.1" 200 30508
114.88.169.67 - - [12/Jan/2021:07:58:59 +0800] "GET /xingrg/all/function/internal_message.html?_=1610409537417&CODE_STATE=getMsg HTTP/1.1" 200 27
218.81.216.242 - - [12/Jan/2021:07:58:59 +0800] "POST /xingrg/kc/base/wldb_order_operate.html HTTP/1.1" 200 6806
218.81.216.242 - - [12/Jan/2021:07:58:59 +0800] "GET /xingrg/javascript/easyui/themes/default/validatebox.css HTTP/1.1" 404 1104
58.37.230.33 - - [12/Jan/2021:07:59:04 +0800] "GET /xingrg/all/function/internal_message.html?_=1610409577949&CODE_STATE=getMsg HTTP/1.1" 200 27
218.81.216.242 - - [12/Jan/2021:07:59:18 +0800] "GET /xingrg/kc/base/wldb_order_operate.html?command=get_materiel&rest_code=00146&base_code=0010064&code=00102002204 HTTP/1.1" 200 433
117.184.7.30 - - [12/Jan/2021:07:59:26 +0800] "GET /xingrg/all/function/internal_message.html?_=1610409563577&CODE_STATE=getMsg HTTP/1.1" 200 27
180.156.237.57 - - [12/Jan/2021:07:59:26 +0800] "GET /xingrg/all/function/internal_message.html?_=1610409549146&CODE_STATE=getMsg HTTP/1.1" 200 27
218.81.216.242 - - [12/Jan/2021:07:59:28 +0800] "GET /xingrg/kc/base/wldb_order_operate.html?command=get_materiel&rest_code=00146&base_code=0010064&code=00102002304 HTTP/1.1" 200 450
180.169.147.146 - - [12/Jan/2021:07:59:31 +0800] "GET /xingrg/all/function/internal_message.html?_=1610409471440&CODE_STATE=getMsg HTTP/1.1" 200 27
120.253.135.82 - - [12/Jan/2021:07:59:38 +0800] "GET /xingrg/check_reg.html?_=1610409336498 HTTP/1.1" 200 22
180.169.147.146 - - [12/Jan/2021:07:59:38 +0800] "GET /xingrg/all/function/internal_message.html?_=1610409579712&CODE_STATE=getMsg HTTP/1.1" 200 27
218.81.216.242 - - [12/Jan/2021:07:59:38 +0800] "POST /xingrg/kc/base/wldb_order_operate.html HTTP/1.1" 200 37
218.81.216.242 - - [12/Jan/2021:07:59:40 +0800] "POST /xingrg/kc/base/wldb_order_operate.html HTTP/1.1" 200 12
218.81.216.242 - - [12/Jan/2021:07:59:40 +0800] "POST /xingrg/kc/base/wldb_order_operate.html HTTP/1.1" 200 2693
218.81.216.242 - - [12/Jan/2021:07:59:41 +0800] "GET /xingrg/kc/base/wldb_order_info.html?code=422021011201398 HTTP/1.1" 200 26386
218.81.216.242 - - [12/Jan/2021:07:59:41 +0800] "GET /xingrg/javascript/easyui/themes/default/validatebox.css HTTP/1.1" 404 1104
218.81.216.242 - - [12/Jan/2021:07:59:41 +0800] "POST /xingrg/kc/base/wldb_order_operate.html HTTP/1.1" 200 975
120.253.135.82 - - [12/Jan/2021:07:59:42 +0800] "GET /xingrg/all/function/internal_message.html?_=1610409340546&CODE_STATE=getMsg HTTP/1.1" 200 27
218.81.216.242 - - [12/Jan/2021:07:59:46 +0800] "GET /xingrg/check_reg.html?_=1610409605599 HTTP/1.1" 200 22
218.81.216.242 - - [12/Jan/2021:07:59:56 +0800] "GET /xingrg/all/function/internal_message.html?_=1610409616188&CODE_STATE=getMsg HTTP/1.1" 200 27
114.88.169.67 - - [12/Jan/2021:07:59:59 +0800] "GET /xingrg/all/function/internal_message.html?_=1610409597443&CODE_STATE=getMsg HTTP/1.1" 200 27
114.84.4.90 - - [12/Jan/2021:07:59:59 +0800] "POST /xingrg/services/DataTransmitService HTTP/1.1" 200 524
58.37.230.33 - - [12/Jan/2021:08:00:04 +0800] "GET /xingrg/all/function/internal_message.html?_=1610409637921&CODE_STATE=getMsg HTTP/1.1" 200 27
117.184.7.30 - - [12/Jan/2021:08:00:26 +0800] "GET /xingrg/all/function/internal_message.html?_=1610409623565&CODE_STATE=getMsg HTTP/1.1" 200 27
180.156.237.57 - - [12/Jan/2021:08:00:26 +0800] "GET /xingrg/all/function/internal_message.html?_=1610409609147&CODE_STATE=getMsg HTTP/1.1" 200 27
180.169.147.146 - - [12/Jan/2021:08:00:31 +0800] "GET /xingrg/all/function/internal_message.html?_=1610409531442&CODE_STATE=getMsg HTTP/1.1" 200 27
180.169.147.146 - - [12/Jan/2021:08:00:38 +0800] "GET /xingrg/all/function/internal_message.html?_=1610409639715&CODE_STATE=getMsg HTTP/1.1" 200 27
180.169.147.146 - - [12/Jan/2021:08:00:38 +0800] "GET /xingrg/check_reg.html?_=1610409639718 HTTP/1.1" 200 22
120.253.135.82 - - [12/Jan/2021:08:00:42 +0800] "GET /xingrg/all/function/internal_message.html?_=1610409400558&CODE_STATE=getMsg HTTP/1.1" 200 27
114.88.169.67 - - [12/Jan/2021:08:00:46 +0800] "GET /xingrg/check_reg.html?_=1610409645088 HTTP/1.1" 200 22
218.81.216.242 - - [12/Jan/2021:08:00:56 +0800] "GET /xingrg/all/function/internal_message.html?_=1610409676201&CODE_STATE=getMsg HTTP/1.1" 200 27
114.88.169.67 - - [12/Jan/2021:08:00:59 +0800] "GET /xingrg/all/function/internal_message.html?_=1610409657460&CODE_STATE=getMsg HTTP/1.1" 200 27
58.40.7.146 - - [12/Jan/2021:08:01:02 +0800] "GET /xingrg/check_reg.html?_=1610409661603 HTTP/1.1" 200 22
58.37.230.33 - - [12/Jan/2021:08:01:04 +0800] "GET /xingrg/all/function/internal_message.html?_=1610409697924&CODE_STATE=getMsg HTTP/1.1" 200 27
61.151.178.164 - - [12/Jan/2021:08:01:15 +0800] "GET /xingrg/all/function/internal_message.html?_=1610409637921&CODE_STATE=getMsg HTTP/1.1" 302 -
61.151.178.164 - - [12/Jan/2021:08:01:25 +0800] "GET /xingrg/login.html HTTP/1.1" 200 7641
117.184.7.30 - - [12/Jan/2021:08:01:25 +0800] "GET /xingrg/check_reg.html?_=1610409683270 HTTP/1.1" 200 22
117.184.7.30 - - [12/Jan/2021:08:01:26 +0800] "GET /xingrg/all/function/internal_message.html?_=1610409683539&CODE_STATE=getMsg HTTP/1.1" 200 27
180.156.237.57 - - [12/Jan/2021:08:01:26 +0800] "GET /xingrg/all/function/internal_message.html?_=1610409669171&CODE_STATE=getMsg HTTP/1.1" 200 27
58.37.230.33 - - [12/Jan/2021:08:01:28 +0800] "GET /xingrg/check_reg.html?_=1610409722588 HTTP/1.1" 200 22
180.169.147.146 - - [12/Jan/2021:08:01:31 +0800] "GET /xingrg/all/function/internal_message.html?_=1610409591443&CODE_STATE=getMsg HTTP/1.1" 200 27
120.253.135.82 - - [12/Jan/2021:08:01:38 +0800] "POST /xingrg/kc/pszx/mdps_list_operate.html HTTP/1.1" 200 5138
180.169.147.146 - - [12/Jan/2021:08:01:38 +0800] "GET /xingrg/all/function/internal_message.html?_=1610409699722&CODE_STATE=getMsg HTTP/1.1" 200 27
120.253.135.82 - - [12/Jan/2021:08:01:40 +0800] "POST /xingrg/kc/pszx/mdps_list_operate.html HTTP/1.1" 200 614
120.253.135.82 - - [12/Jan/2021:08:01:41 +0800] "POST /xingrg/kc/pszx/mdps_list_operate.html HTTP/1.1" 200 521
120.253.135.82 - - [12/Jan/2021:08:01:42 +0800] "GET /xingrg/all/function/internal_message.html?_=1610409460573&CODE_STATE=getMsg HTTP/1.1" 200 27
120.253.135.82 - - [12/Jan/2021:08:01:45 +0800] "POST /xingrg/kc/pszx/mdps_list_operate.html HTTP/1.1" 200 381
120.253.135.82 - - [12/Jan/2021:08:01:47 +0800] "POST /xingrg/kc/pszx/mdps_list_operate.html HTTP/1.1" 200 362
120.253.135.82 - - [12/Jan/2021:08:01:50 +0800] "POST /xingrg/kc/pszx/mdps_list_operate.html HTTP/1.1" 200 233
120.253.135.82 - - [12/Jan/2021:08:01:55 +0800] "POST /xingrg/kc/pszx/mdps_list_operate.html HTTP/1.1" 200 529
218.81.216.242 - - [12/Jan/2021:08:01:56 +0800] "GET /xingrg/all/function/internal_message.html?_=1610409736291&CODE_STATE=getMsg HTTP/1.1" 200 27
114.88.169.67 - - [12/Jan/2021:08:01:59 +0800] "GET /xingrg/all/function/internal_message.html?_=1610409717473&CODE_STATE=getMsg HTTP/1.1" 200 27
58.37.230.33 - - [12/Jan/2021:08:02:04 +0800] "GET /xingrg/all/function/internal_message.html?_=1610409757893&CODE_STATE=getMsg HTTP/1.1" 200 27
180.156.237.57 - - [12/Jan/2021:08:02:11 +0800] "GET /xingrg/check_reg.html?_=1610409713989 HTTP/1.1" 200 22
117.184.7.30 - - [12/Jan/2021:08:02:26 +0800] "GET /xingrg/all/function/internal_message.html?_=1610409743525&CODE_STATE=getMsg HTTP/1.1" 200 27
180.156.237.57 - - [12/Jan/2021:08:02:26 +0800] "GET /xingrg/all/function/internal_message.html?_=1610409729176&CODE_STATE=getMsg HTTP/1.1" 200 27
180.169.147.146 - - [12/Jan/2021:08:02:31 +0800] "GET /xingrg/all/function/internal_message.html?_=1610409651447&CODE_STATE=getMsg HTTP/1.1" 200 27
180.169.147.146 - - [12/Jan/2021:08:02:31 +0800] "GET /xingrg/check_reg.html?_=1610409651448 HTTP/1.1" 200 22
120.253.135.82 - - [12/Jan/2021:08:02:36 +0800] "POST /xingrg/kc/pszx/mdps_list_operate.html HTTP/1.1" 200 3858
120.253.135.82 - - [12/Jan/2021:08:02:38 +0800] "POST /xingrg/kc/pszx/mdps_list_operate.html HTTP/1.1" 200 440
180.169.147.146 - - [12/Jan/2021:08:02:38 +0800] "GET /xingrg/all/function/internal_message.html?_=1610409759725&CODE_STATE=getMsg HTTP/1.1" 200 27
120.253.135.82 - - [12/Jan/2021:08:02:41 +0800] "POST /xingrg/kc/pszx/mdps_list_operate.html HTTP/1.1" 200 205
120.253.135.82 - - [12/Jan/2021:08:02:42 +0800] "GET /xingrg/all/function/internal_message.html?_=1610409520585&CODE_STATE=getMsg HTTP/1.1" 200 27
101.89.239.230 - - [12/Jan/2021:08:02:50 +0800] "GET /xingrg/check_reg.html?_=1610409722588 HTTP/1.1" 302 -
101.89.239.230 - - [12/Jan/2021:08:02:52 +0800] "GET /xingrg/login.html HTTP/1.1" 200 7641
218.81.216.242 - - [12/Jan/2021:08:02:56 +0800] "GET /xingrg/all/function/internal_message.html?_=1610409796307&CODE_STATE=getMsg HTTP/1.1" 200 27
114.88.169.67 - - [12/Jan/2021:08:02:59 +0800] "GET /xingrg/all/function/internal_message.html?_=1610409777494&CODE_STATE=getMsg HTTP/1.1" 200 27
120.253.135.82 - - [12/Jan/2021:08:03:00 +0800] "POST /xingrg/kc/pszx/mdps_list_operate.html HTTP/1.1" 200 3858
120.253.135.82 - - [12/Jan/2021:08:03:02 +0800] "POST /xingrg/kc/pszx/mdps_list_operate.html HTTP/1.1" 200 440
58.37.230.33 - - [12/Jan/2021:08:03:04 +0800] "GET /xingrg/all/function/internal_message.html?_=1610409817865&CODE_STATE=getMsg HTTP/1.1" 200 27
120.253.135.82 - - [12/Jan/2021:08:03:04 +0800] "POST /xingrg/kc/pszx/mdps_list_operate.html HTTP/1.1" 200 205
120.253.135.82 - - [12/Jan/2021:08:03:13 +0800] "POST /xingrg/kc/pszx/mdps_list_operate.html HTTP/1.1" 200 206
120.253.135.82 - - [12/Jan/2021:08:03:15 +0800] "POST /xingrg/kc/pszx/mdps_list_operate.html HTTP/1.1" 200 606
120.253.135.82 - - [12/Jan/2021:08:03:16 +0800] "POST /xingrg/kc/pszx/mdps_list_operate.html HTTP/1.1" 200 233
120.253.135.82 - - [12/Jan/2021:08:03:18 +0800] "POST /xingrg/kc/pszx/mdps_list_operate.html HTTP/1.1" 200 208
120.253.135.82 - - [12/Jan/2021:08:03:20 +0800] "POST /xingrg/kc/pszx/mdps_list_operate.html HTTP/1.1" 200 617
117.184.7.30 - - [12/Jan/2021:08:03:26 +0800] "GET /xingrg/all/function/internal_message.html?_=1610409803495&CODE_STATE=getMsg HTTP/1.1" 200 27
180.156.237.57 - - [12/Jan/2021:08:03:26 +0800] "GET /xingrg/all/function/internal_message.html?_=1610409789188&CODE_STATE=getMsg HTTP/1.1" 200 27
180.169.147.146 - - [12/Jan/2021:08:03:31 +0800] "GET /xingrg/all/function/internal_message.html?_=1610409711450&CODE_STATE=getMsg HTTP/1.1" 200 27
180.169.147.146 - - [12/Jan/2021:08:03:38 +0800] "GET /xingrg/all/function/internal_message.html?_=1610409819726&CODE_STATE=getMsg HTTP/1.1" 200 27
120.253.135.82 - - [12/Jan/2021:08:03:42 +0800] "GET /xingrg/all/function/internal_message.html?_=1610409580600&CODE_STATE=getMsg HTTP/1.1" 200 27
120.253.135.82 - - [12/Jan/2021:08:03:49 +0800] "POST /xingrg/kc/pszx/mdps_list_operate.html HTTP/1.1" 200 4950
120.253.135.82 - - [12/Jan/2021:08:03:51 +0800] "POST /xingrg/kc/pszx/mdps_list_operate.html HTTP/1.1" 200 202
120.253.135.82 - - [12/Jan/2021:08:03:53 +0800] "POST /xingrg/kc/pszx/mdps_list_operate.html HTTP/1.1" 200 206
120.253.135.82 - - [12/Jan/2021:08:03:55 +0800] "POST /xingrg/kc/pszx/mdps_list_operate.html HTTP/1.1" 200 454
218.81.216.242 - - [12/Jan/2021:08:03:56 +0800] "GET /xingrg/all/function/internal_message.html?_=1610409856421&CODE_STATE=getMsg HTTP/1.1" 200 27
120.253.135.82 - - [12/Jan/2021:08:03:58 +0800] "POST /xingrg/kc/pszx/mdps_list_operate.html HTTP/1.1" 200 232
114.88.169.67 - - [12/Jan/2021:08:03:59 +0800] "GET /xingrg/all/function/internal_message.html?_=1610409837500&CODE_STATE=getMsg HTTP/1.1" 200 27
120.253.135.82 - - [12/Jan/2021:08:03:59 +0800] "POST /xingrg/kc/pszx/mdps_list_operate.html HTTP/1.1" 200 208
120.253.135.82 - - [12/Jan/2021:08:04:01 +0800] "POST /xingrg/kc/pszx/mdps_list_operate.html HTTP/1.1" 200 281
58.37.230.33 - - [12/Jan/2021:08:04:04 +0800] "GET /xingrg/all/function/internal_message.html?_=1610409877846&CODE_STATE=getMsg HTTP/1.1" 200 27
120.253.135.82 - - [12/Jan/2021:08:04:04 +0800] "POST /xingrg/kc/pszx/mdps_list_operate.html HTTP/1.1" 200 609
120.253.135.82 - - [12/Jan/2021:08:04:05 +0800] "POST /xingrg/kc/pszx/mdps_list_operate.html HTTP/1.1" 200 657
120.253.135.82 - - [12/Jan/2021:08:04:08 +0800] "POST /xingrg/kc/pszx/mdps_list_operate.html HTTP/1.1" 200 663
120.253.135.82 - - [12/Jan/2021:08:04:10 +0800] "POST /xingrg/kc/pszx/mdps_list_operate.html HTTP/1.1" 200 198
117.184.7.30 - - [12/Jan/2021:08:04:26 +0800] "GET /xingrg/all/function/internal_message.html?_=1610409863480&CODE_STATE=getMsg HTTP/1.1" 200 27
180.156.237.57 - - [12/Jan/2021:08:04:26 +0800] "GET /xingrg/all/function/internal_message.html?_=1610409849210&CODE_STATE=getMsg HTTP/1.1" 200 27
180.169.147.146 - - [12/Jan/2021:08:04:31 +0800] "GET /xingrg/all/function/internal_message.html?_=1610409771451&CODE_STATE=getMsg HTTP/1.1" 200 27
120.253.135.82 - - [12/Jan/2021:08:04:38 +0800] "GET /xingrg/check_reg.html?_=1610409636565 HTTP/1.1" 200 22
180.169.147.146 - - [12/Jan/2021:08:04:38 +0800] "GET /xingrg/all/function/internal_message.html?_=1610409879730&CODE_STATE=getMsg HTTP/1.1" 200 27
120.253.135.82 - - [12/Jan/2021:08:04:42 +0800] "GET /xingrg/all/function/internal_message.html?_=1610409640613&CODE_STATE=getMsg HTTP/1.1" 200 27
218.81.216.242 - - [12/Jan/2021:08:04:46 +0800] "GET /xingrg/check_reg.html?_=1610409905601 HTTP/1.1" 200 22
218.81.216.242 - - [12/Jan/2021:08:04:56 +0800] "GET /xingrg/all/function/internal_message.html?_=1610409916428&CODE_STATE=getMsg HTTP/1.1" 200 27
114.88.169.67 - - [12/Jan/2021:08:04:59 +0800] "GET /xingrg/all/function/internal_message.html?_=1610409897528&CODE_STATE=getMsg HTTP/1.1" 200 27
58.37.230.33 - - [12/Jan/2021:08:05:04 +0800] "GET /xingrg/all/function/internal_message.html?_=1610409937817&CODE_STATE=getMsg HTTP/1.1" 200 27
117.184.7.30 - - [12/Jan/2021:08:05:26 +0800] "GET /xingrg/all/function/internal_message.html?_=1610409923468&CODE_STATE=getMsg HTTP/1.1" 200 27
180.156.237.57 - - [12/Jan/2021:08:05:26 +0800] "GET /xingrg/all/function/internal_message.html?_=1610409909216&CODE_STATE=getMsg HTTP/1.1" 200 27
180.169.147.146 - - [12/Jan/2021:08:05:31 +0800] "GET /xingrg/all/function/internal_message.html?_=1610409831452&CODE_STATE=getMsg HTTP/1.1" 200 27
180.169.147.146 - - [12/Jan/2021:08:05:38 +0800] "GET /xingrg/check_reg.html?_=1610409939731 HTTP/1.1" 200 22
180.169.147.146 - - [12/Jan/2021:08:05:38 +0800] "GET /xingrg/all/function/internal_message.html?_=1610409939739&CODE_STATE=getMsg HTTP/1.1" 200 27
120.253.135.82 - - [12/Jan/2021:08:05:42 +0800] "GET /xingrg/all/function/internal_message.html?_=1610409700626&CODE_STATE=getMsg HTTP/1.1" 200 27
114.88.169.67 - - [12/Jan/2021:08:05:46 +0800] "GET /xingrg/check_reg.html?_=1610409945100 HTTP/1.1" 200 22
218.81.216.242 - - [12/Jan/2021:08:05:56 +0800] "GET /xingrg/all/function/internal_message.html?_=1610409976441&CODE_STATE=getMsg HTTP/1.1" 200 27
114.88.169.67 - - [12/Jan/2021:08:05:59 +0800] "GET /xingrg/all/function/internal_message.html?_=1610409957544&CODE_STATE=getMsg HTTP/1.1" 200 27
58.40.7.146 - - [12/Jan/2021:08:06:02 +0800] "GET /xingrg/check_reg.html?_=1610409961582 HTTP/1.1" 200 22
58.37.230.33 - - [12/Jan/2021:08:06:04 +0800] "GET /xingrg/all/function/internal_message.html?_=1610409997799&CODE_STATE=getMsg HTTP/1.1" 200 27
180.175.150.119 - - [12/Jan/2021:08:06:05 +0800] "POST /xingrg/services/DataTransmitService HTTP/1.1" 200 524
117.184.7.30 - - [12/Jan/2021:08:06:25 +0800] "GET /xingrg/check_reg.html?_=1610409983282 HTTP/1.1" 200 22
117.184.7.30 - - [12/Jan/2021:08:06:26 +0800] "GET /xingrg/all/function/internal_message.html?_=1610409983454&CODE_STATE=getMsg HTTP/1.1" 200 27
180.156.237.57 - - [12/Jan/2021:08:06:26 +0800] "GET /xingrg/all/function/internal_message.html?_=1610409969237&CODE_STATE=getMsg HTTP/1.1" 200 27
58.37.230.33 - - [12/Jan/2021:08:06:28 +0800] "GET /xingrg/check_reg.html?_=1610410022589 HTTP/1.1" 200 22
180.169.147.146 - - [12/Jan/2021:08:06:31 +0800] "GET /xingrg/all/function/internal_message.html?_=1610409891438&CODE_STATE=getMsg HTTP/1.1" 200 27
180.169.147.146 - - [12/Jan/2021:08:06:38 +0800] "GET /xingrg/all/function/internal_message.html?_=1610409999729&CODE_STATE=getMsg HTTP/1.1" 200 27
120.253.135.82 - - [12/Jan/2021:08:06:42 +0800] "GET /xingrg/all/function/internal_message.html?_=1610409760703&CODE_STATE=getMsg HTTP/1.1" 200 27
218.81.216.242 - - [12/Jan/2021:08:06:56 +0800] "GET /xingrg/all/function/internal_message.html?_=1610410036547&CODE_STATE=getMsg HTTP/1.1" 200 27
114.88.169.67 - - [12/Jan/2021:08:06:59 +0800] "GET /xingrg/all/function/internal_message.html?_=1610410017556&CODE_STATE=getMsg HTTP/1.1" 200 27
58.37.230.33 - - [12/Jan/2021:08:07:04 +0800] "GET /xingrg/all/function/internal_message.html?_=1610410057769&CODE_STATE=getMsg HTTP/1.1" 200 27
180.156.237.57 - - [12/Jan/2021:08:07:11 +0800] "GET /xingrg/check_reg.html?_=1610410013986 HTTP/1.1" 200 22
101.91.60.11 - - [12/Jan/2021:08:07:25 +0800] "GET /xingrg/all/function/internal_message.html?_=1610409997799&CODE_STATE=getMsg HTTP/1.1" 302 -
117.184.7.30 - - [12/Jan/2021:08:07:26 +0800] "GET /xingrg/all/function/internal_message.html?_=1610410043431&CODE_STATE=getMsg HTTP/1.1" 200 27
180.156.237.57 - - [12/Jan/2021:08:07:26 +0800] "GET /xingrg/all/function/internal_message.html?_=1610410029244&CODE_STATE=getMsg HTTP/1.1" 200 27
101.91.60.11 - - [12/Jan/2021:08:07:26 +0800] "GET /xingrg/login.html HTTP/1.1" 200 7641
180.169.147.146 - - [12/Jan/2021:08:07:31 +0800] "GET /xingrg/all/function/internal_message.html?_=1610409951441&CODE_STATE=getMsg HTTP/1.1" 200 27
180.169.147.146 - - [12/Jan/2021:08:07:31 +0800] "GET /xingrg/check_reg.html?_=1610409951442 HTTP/1.1" 200 22
180.169.147.146 - - [12/Jan/2021:08:07:38 +0800] "GET /xingrg/all/function/internal_message.html?_=1610410059734&CODE_STATE=getMsg HTTP/1.1" 200 27
120.253.135.82 - - [12/Jan/2021:08:07:42 +0800] "GET /xingrg/all/function/internal_message.html?_=1610409820716&CODE_STATE=getMsg HTTP/1.1" 200 27
180.175.150.119 - - [12/Jan/2021:08:07:47 +0800] "GET /xingrg/check_reg.html?_=1610410299540 HTTP/1.1" 302 -
180.175.150.119 - - [12/Jan/2021:08:07:47 +0800] "GET /xingrg/login.html HTTP/1.1" 200 7641
218.81.216.242 - - [12/Jan/2021:08:07:56 +0800] "GET /xingrg/all/function/internal_message.html?_=1610410096561&CODE_STATE=getMsg HTTP/1.1" 200 27
114.88.169.67 - - [12/Jan/2021:08:07:59 +0800] "GET /xingrg/all/function/internal_message.html?_=1610410077584&CODE_STATE=getMsg HTTP/1.1" 200 27
58.37.230.33 - - [12/Jan/2021:08:08:04 +0800] "GET /xingrg/all/function/internal_message.html?_=1610410117739&CODE_STATE=getMsg HTTP/1.1" 200 27
117.184.7.30 - - [12/Jan/2021:08:08:26 +0800] "GET /xingrg/all/function/internal_message.html?_=1610410103417&CODE_STATE=getMsg HTTP/1.1" 200 27
180.156.237.57 - - [12/Jan/2021:08:08:26 +0800] "GET /xingrg/all/function/internal_message.html?_=1610410089257&CODE_STATE=getMsg HTTP/1.1" 200 27
180.169.147.146 - - [12/Jan/2021:08:08:31 +0800] "GET /xingrg/all/function/internal_message.html?_=1610410011444&CODE_STATE=getMsg HTTP/1.1" 200 27
180.169.147.146 - - [12/Jan/2021:08:08:38 +0800] "GET /xingrg/all/function/internal_message.html?_=1610410119736&CODE_STATE=getMsg HTTP/1.1" 200 27
120.253.135.82 - - [12/Jan/2021:08:08:42 +0800] "GET /xingrg/all/function/internal_message.html?_=1610409880781&CODE_STATE=getMsg HTTP/1.1" 200 27
58.37.230.33 - - [12/Jan/2021:08:08:51 +0800] "POST /xingrg/services/DataTransmitService HTTP/1.1" 200 524
218.81.216.242 - - [12/Jan/2021:08:08:57 +0800] "GET /xingrg/all/function/internal_message.html?_=1610410156667&CODE_STATE=getMsg HTTP/1.1" 200 27
114.88.169.67 - - [12/Jan/2021:08:08:59 +0800] "GET /xingrg/all/function/internal_message.html?_=1610410137599&CODE_STATE=getMsg HTTP/1.1" 200 27
58.37.230.33 - - [12/Jan/2021:08:09:04 +0800] "GET /xingrg/all/function/internal_message.html?_=1610410177709&CODE_STATE=getMsg HTTP/1.1" 200 27
117.184.7.30 - - [12/Jan/2021:08:09:26 +0800] "GET /xingrg/all/function/internal_message.html?_=1610410163399&CODE_STATE=getMsg HTTP/1.1" 200 27
180.156.237.57 - - [12/Jan/2021:08:09:26 +0800] "GET /xingrg/all/function/internal_message.html?_=1610410149277&CODE_STATE=getMsg HTTP/1.1" 200 27
180.169.147.146 - - [12/Jan/2021:08:09:31 +0800] "GET /xingrg/all/function/internal_message.html?_=1610410071446&CODE_STATE=getMsg HTTP/1.1" 200 27
120.253.135.82 - - [12/Jan/2021:08:09:38 +0800] "GET /xingrg/check_reg.html?_=1610409936562 HTTP/1.1" 200 22
180.169.147.146 - - [12/Jan/2021:08:09:38 +0800] "GET /xingrg/all/function/internal_message.html?_=1610410179740&CODE_STATE=getMsg HTTP/1.1" 200 27
120.253.135.82 - - [12/Jan/2021:08:09:42 +0800] "GET /xingrg/all/function/internal_message.html?_=1610409940790&CODE_STATE=getMsg HTTP/1.1" 200 27
218.81.216.242 - - [12/Jan/2021:08:09:46 +0800] "GET /xingrg/check_reg.html?_=1610410205614 HTTP/1.1" 200 22
218.81.216.242 - - [12/Jan/2021:08:09:57 +0800] "GET /xingrg/all/function/internal_message.html?_=1610410216683&CODE_STATE=getMsg HTTP/1.1" 200 27
114.88.169.67 - - [12/Jan/2021:08:09:59 +0800] "GET /xingrg/all/function/internal_message.html?_=1610410197628&CODE_STATE=getMsg HTTP/1.1" 200 27
58.37.230.33 - - [12/Jan/2021:08:10:04 +0800] "GET /xingrg/all/function/internal_message.html?_=1610410237682&CODE_STATE=getMsg HTTP/1.1" 200 27
117.184.7.30 - - [12/Jan/2021:08:10:26 +0800] "GET /xingrg/all/function/internal_message.html?_=1610410223388&CODE_STATE=getMsg HTTP/1.1" 200 27
180.156.237.57 - - [12/Jan/2021:08:10:26 +0800] "GET /xingrg/all/function/internal_message.html?_=1610410209284&CODE_STATE=getMsg HTTP/1.1" 200 27
180.169.147.146 - - [12/Jan/2021:08:10:31 +0800] "GET /xingrg/all/function/internal_message.html?_=1610410131450&CODE_STATE=getMsg HTTP/1.1" 200 27
180.169.147.146 - - [12/Jan/2021:08:10:38 +0800] "GET /xingrg/check_reg.html?_=1610410239739 HTTP/1.1" 200 22
180.169.147.146 - - [12/Jan/2021:08:10:38 +0800] "GET /xingrg/all/function/internal_message.html?_=1610410239742&CODE_STATE=getMsg HTTP/1.1" 200 27
120.253.135.82 - - [12/Jan/2021:08:10:42 +0800] "GET /xingrg/all/function/internal_message.html?_=1610410000804&CODE_STATE=getMsg HTTP/1.1" 200 27
114.88.169.67 - - [12/Jan/2021:08:10:46 +0800] "GET /xingrg/check_reg.html?_=1610410245101 HTTP/1.1" 200 22
218.81.216.242 - - [12/Jan/2021:08:10:57 +0800] "GET /xingrg/all/function/internal_message.html?_=1610410276695&CODE_STATE=getMsg HTTP/1.1" 200 27
114.88.169.67 - - [12/Jan/2021:08:10:59 +0800] "GET /xingrg/all/function/internal_message.html?_=1610410257641&CODE_STATE=getMsg HTTP/1.1" 200 27
58.40.7.146 - - [12/Jan/2021:08:11:02 +0800] "GET /xingrg/check_reg.html?_=1610410261560 HTTP/1.1" 200 22
58.37.230.33 - - [12/Jan/2021:08:11:04 +0800] "GET /xingrg/all/function/internal_message.html?_=1610410297664&CODE_STATE=getMsg HTTP/1.1" 200 27
117.184.7.30 - - [12/Jan/2021:08:11:25 +0800] "GET /xingrg/check_reg.html?_=1610410283292 HTTP/1.1" 200 22
117.184.7.30 - - [12/Jan/2021:08:11:26 +0800] "GET /xingrg/all/function/internal_message.html?_=1610410283357&CODE_STATE=getMsg HTTP/1.1" 200 27
180.156.237.57 - - [12/Jan/2021:08:11:26 +0800] "GET /xingrg/all/function/internal_message.html?_=1610410269304&CODE_STATE=getMsg HTTP/1.1" 200 27
58.37.230.33 - - [12/Jan/2021:08:11:28 +0800] "GET /xingrg/check_reg.html?_=1610410322578 HTTP/1.1" 200 22
180.169.147.146 - - [12/Jan/2021:08:11:31 +0800] "GET /xingrg/all/function/internal_message.html?_=1610410191451&CODE_STATE=getMsg HTTP/1.1" 200 27
180.169.147.146 - - [12/Jan/2021:08:11:38 +0800] "GET /xingrg/all/function/internal_message.html?_=1610410299747&CODE_STATE=getMsg HTTP/1.1" 200 27
120.253.135.82 - - [12/Jan/2021:08:11:42 +0800] "GET /xingrg/all/function/internal_message.html?_=1610410060889&CODE_STATE=getMsg HTTP/1.1" 200 27
218.81.216.242 - - [12/Jan/2021:08:11:57 +0800] "GET /xingrg/all/function/internal_message.html?_=1610410336792&CODE_STATE=getMsg HTTP/1.1" 200 27
114.88.169.67 - - [12/Jan/2021:08:11:59 +0800] "GET /xingrg/all/function/internal_message.html?_=1610410317656&CODE_STATE=getMsg HTTP/1.1" 200 27
58.37.230.33 - - [12/Jan/2021:08:12:04 +0800] "GET /xingrg/all/function/internal_message.html?_=1610410357634&CODE_STATE=getMsg HTTP/1.1" 200 27
180.156.237.57 - - [12/Jan/2021:08:12:11 +0800] "GET /xingrg/check_reg.html?_=1610410313995 HTTP/1.1" 200 22
117.184.7.30 - - [12/Jan/2021:08:12:26 +0800] "GET /xingrg/all/function/internal_message.html?_=1610410343340&CODE_STATE=getMsg HTTP/1.1" 200 27
180.156.237.57 - - [12/Jan/2021:08:12:26 +0800] "GET /xingrg/all/function/internal_message.html?_=1610410329311&CODE_STATE=getMsg HTTP/1.1" 200 27
180.169.147.146 - - [12/Jan/2021:08:12:31 +0800] "GET /xingrg/check_reg.html?_=1610410251453 HTTP/1.1" 200 22
180.169.147.146 - - [12/Jan/2021:08:12:31 +0800] "GET /xingrg/all/function/internal_message.html?_=1610410251454&CODE_STATE=getMsg HTTP/1.1" 200 27
180.169.147.146 - - [12/Jan/2021:08:12:38 +0800] "GET /xingrg/all/function/internal_message.html?_=1610410359749&CODE_STATE=getMsg HTTP/1.1" 200 27
120.253.135.82 - - [12/Jan/2021:08:12:42 +0800] "GET /xingrg/all/function/internal_message.html?_=1610410120893&CODE_STATE=getMsg HTTP/1.1" 200 27
180.175.150.119 - - [12/Jan/2021:08:12:47 +0800] "GET /xingrg/check_reg.html?_=1610410606085 HTTP/1.1" 302 -
218.81.216.242 - - [12/Jan/2021:08:12:57 +0800] "GET /xingrg/all/function/internal_message.html?_=1610410396801&CODE_STATE=getMsg HTTP/1.1" 200 27
114.88.169.67 - - [12/Jan/2021:08:12:59 +0800] "GET /xingrg/all/function/internal_message.html?_=1610410377683&CODE_STATE=getMsg HTTP/1.1" 200 27
58.37.230.33 - - [12/Jan/2021:08:13:03 +0800] "GET /xingrg/all/function/internal_message.html?_=1610410417604&CODE_STATE=getMsg HTTP/1.1" 200 27
117.184.7.30 - - [12/Jan/2021:08:13:26 +0800] "GET /xingrg/all/function/internal_message.html?_=1610410403328&CODE_STATE=getMsg HTTP/1.1" 200 27
180.156.237.57 - - [12/Jan/2021:08:13:26 +0800] "GET /xingrg/all/function/internal_message.html?_=1610410389324&CODE_STATE=getMsg HTTP/1.1" 200 27
180.169.147.146 - - [12/Jan/2021:08:13:31 +0800] "GET /xingrg/all/function/internal_message.html?_=1610410311438&CODE_STATE=getMsg HTTP/1.1" 200 27
180.169.147.146 - - [12/Jan/2021:08:13:38 +0800] "GET /xingrg/all/function/internal_message.html?_=1610410419737&CODE_STATE=getMsg HTTP/1.1" 200 27
101.93.222.235 - - [12/Jan/2021:08:13:39 +0800] "POST /xingrg/services/DataTransmitService HTTP/1.1" 200 524
120.253.135.82 - - [12/Jan/2021:08:13:42 +0800] "GET /xingrg/all/function/internal_message.html?_=1610410180983&CODE_STATE=getMsg HTTP/1.1" 200 27
218.81.216.242 - - [12/Jan/2021:08:13:57 +0800] "GET /xingrg/all/function/internal_message.html?_=1610410456906&CODE_STATE=getMsg HTTP/1.1" 200 27
114.88.169.67 - - [12/Jan/2021:08:13:59 +0800] "GET /xingrg/all/function/internal_message.html?_=1610410437698&CODE_STATE=getMsg HTTP/1.1" 200 27
58.37.230.33 - - [12/Jan/2021:08:14:03 +0800] "GET /xingrg/all/function/internal_message.html?_=1610410477583&CODE_STATE=getMsg HTTP/1.1" 200 27
120.253.135.82 - - [12/Jan/2021:08:14:15 +0800] "GET /xingrg/kc/pszx/mdqp_order_list.html?state=10 HTTP/1.1" 200 10611
120.253.135.82 - - [12/Jan/2021:08:14:15 +0800] "POST /xingrg/kc/pszx/mdps_list_operate.html HTTP/1.1" 200 4950
120.253.135.82 - - [12/Jan/2021:08:14:15 +0800] "GET /xingrg/dwr/interface/AjaxReportQueryService.js HTTP/1.1" 200 13203
120.253.135.82 - - [12/Jan/2021:08:14:15 +0800] "GET /xingrg/dwr/interface/AjaxQqpsService.js HTTP/1.1" 200 16326
120.253.135.82 - - [12/Jan/2021:08:14:15 +0800] "GET /xingrg/dwr/engine.js HTTP/1.1" 200 43631
120.253.135.82 - - [12/Jan/2021:08:14:17 +0800] "GET /xingrg/kc/pszx/mdqp_order_info.html?code=302021011000255 HTTP/1.1" 200 13350
120.253.135.82 - - [12/Jan/2021:08:14:17 +0800] "GET /xingrg/javascript/jquery_easy_ui/easyui-lang-zh_CN.js HTTP/1.1" 200 1900
120.253.135.82 - - [12/Jan/2021:08:14:17 +0800] "GET /xingrg/javascript/jquery-1.4.2.min.js HTTP/1.1" 200 72205
120.253.135.82 - - [12/Jan/2021:08:14:17 +0800] "GET /xingrg/javascript/Grid.js HTTP/1.1" 200 58908
120.253.135.82 - - [12/Jan/2021:08:14:17 +0800] "GET /xingrg/dwr/interface/AjaxQqpsService.js HTTP/1.1" 200 16326
120.253.135.82 - - [12/Jan/2021:08:14:17 +0800] "GET /xingrg/javascript/AjaxInfoList.js HTTP/1.1" 200 3774
120.253.135.82 - - [12/Jan/2021:08:14:17 +0800] "GET /xingrg/javascript/ToolTips.js HTTP/1.1" 200 5615
120.253.135.82 - - [12/Jan/2021:08:14:17 +0800] "GET /xingrg/dwr/interface/AjaxComOrderService.js HTTP/1.1" 200 18264
120.253.135.82 - - [12/Jan/2021:08:14:17 +0800] "GET /xingrg/javascript/tools/jquery.qtip-1.0.0-rc3.min.js HTTP/1.1" 200 38404
120.253.135.82 - - [12/Jan/2021:08:14:17 +0800] "GET /xingrg/javascript/checkform.js HTTP/1.1" 200 18351
120.253.135.82 - - [12/Jan/2021:08:14:17 +0800] "GET /xingrg/dwr/engine.js HTTP/1.1" 200 43631
120.253.135.82 - - [12/Jan/2021:08:14:18 +0800] "GET /xingrg/javascript/jquery_easy_ui/themes/icons/print.png HTTP/1.1" 200 1057
120.253.135.82 - - [12/Jan/2021:08:14:18 +0800] "GET /xingrg/javascript/jquery_easy_ui/themes/icons/back_new.png HTTP/1.1" 200 3414
120.253.135.82 - - [12/Jan/2021:08:14:18 +0800] "GET /xingrg/javascript/jquery_easy_ui/themes/default/images/menu_downarrow.png HTTP/1.1" 200 173
120.253.135.82 - - [12/Jan/2021:08:14:18 +0800] "GET /xingrg/images/blue/button/kc_tab_edit.gif HTTP/1.1" 200 551
120.253.135.82 - - [12/Jan/2021:08:14:18 +0800] "GET /xingrg/images/blue/button/kc_tab_save.gif HTTP/1.1" 200 777
120.253.135.82 - - [12/Jan/2021:08:14:18 +0800] "GET /xingrg/images/blue/kc_tab_left.gif HTTP/1.1" 200 188
120.253.135.82 - - [12/Jan/2021:08:14:18 +0800] "GET /xingrg/images/blue/kc_tab_right.gif HTTP/1.1" 200 643
120.253.135.82 - - [12/Jan/2021:08:14:18 +0800] "GET /xingrg/images/blue/kc_tab2_right.gif HTTP/1.1" 200 192
120.253.135.82 - - [12/Jan/2021:08:14:18 +0800] "GET /xingrg/images/blue/kc_tab_mid.gif HTTP/1.1" 200 44
120.253.135.82 - - [12/Jan/2021:08:14:18 +0800] "GET /xingrg/images/blue/wait.gif HTTP/1.1" 200 1100
120.253.135.82 - - [12/Jan/2021:08:14:18 +0800] "POST /xingrg/dwr/call/plaincall/AjaxQqpsService.loadMaterielItems.dwr HTTP/1.1" 200 1027
120.253.135.82 - - [12/Jan/2021:08:14:22 +0800] "GET /xingrg/javascript/jquery_easy_ui/themes/default/images/button_plain_hover.png HTTP/1.1" 200 252
120.253.135.82 - - [12/Jan/2021:08:14:22 +0800] "GET /xingrg/kc/pszx/mdqp_order_list.html?isBack=1 HTTP/1.1" 302 -
120.253.135.82 - - [12/Jan/2021:08:14:23 +0800] "GET /xingrg/kc/pszx/mdqp_order_list.html?state=10 HTTP/1.1" 200 10611
120.253.135.82 - - [12/Jan/2021:08:14:23 +0800] "GET /xingrg/dwr/interface/AjaxReportQueryService.js HTTP/1.1" 200 13203
120.253.135.82 - - [12/Jan/2021:08:14:23 +0800] "GET /xingrg/dwr/interface/AjaxQqpsService.js HTTP/1.1" 200 16326
120.253.135.82 - - [12/Jan/2021:08:14:23 +0800] "GET /xingrg/dwr/engine.js HTTP/1.1" 200 43631
117.184.7.30 - - [12/Jan/2021:08:14:26 +0800] "GET /xingrg/all/function/internal_message.html?_=1610410463314&CODE_STATE=getMsg HTTP/1.1" 200 27
180.156.237.57 - - [12/Jan/2021:08:14:26 +0800] "GET /xingrg/all/function/internal_message.html?_=1610410449347&CODE_STATE=getMsg HTTP/1.1" 200 27
120.253.135.82 - - [12/Jan/2021:08:14:26 +0800] "GET /xingrg/kc/pszx/mdqp_order_list.html?state=10 HTTP/1.1" 200 10611
120.253.135.82 - - [12/Jan/2021:08:14:26 +0800] "GET /xingrg/dwr/interface/AjaxReportQueryService.js HTTP/1.1" 200 13203
120.253.135.82 - - [12/Jan/2021:08:14:26 +0800] "GET /xingrg/dwr/interface/AjaxQqpsService.js HTTP/1.1" 200 16326
120.253.135.82 - - [12/Jan/2021:08:14:26 +0800] "GET /xingrg/dwr/engine.js HTTP/1.1" 200 43631
120.253.135.82 - - [12/Jan/2021:08:14:28 +0800] "GET /xingrg/javascript/jquery_easy_ui/themes/default/images/tabs_active.png HTTP/1.1" 200 2894
120.253.135.82 - - [12/Jan/2021:08:14:28 +0800] "GET /xingrg/javascript/jquery_easy_ui/themes/default/images/tabs_active.png HTTP/1.1" 200 2894
180.169.147.146 - - [12/Jan/2021:08:14:31 +0800] "GET /xingrg/all/function/internal_message.html?_=1610410371440&CODE_STATE=getMsg HTTP/1.1" 200 27
120.253.135.82 - - [12/Jan/2021:08:14:38 +0800] "GET /xingrg/check_reg.html?_=1610410236646 HTTP/1.1" 200 22
180.169.147.146 - - [12/Jan/2021:08:14:38 +0800] "GET /xingrg/all/function/internal_message.html?_=1610410479742&CODE_STATE=getMsg HTTP/1.1" 200 27
218.81.216.242 - - [12/Jan/2021:08:14:46 +0800] "GET /xingrg/check_reg.html?_=1610410505616 HTTP/1.1" 200 22
218.81.216.242 - - [12/Jan/2021:08:14:57 +0800] "GET /xingrg/all/function/internal_message.html?_=1610410516906&CODE_STATE=getMsg HTTP/1.1" 200 27
114.88.169.67 - - [12/Jan/2021:08:14:59 +0800] "GET /xingrg/all/function/internal_message.html?_=1610410497726&CODE_STATE=getMsg HTTP/1.1" 200 27
58.37.230.33 - - [12/Jan/2021:08:15:03 +0800] "GET /xingrg/all/function/internal_message.html?_=1610410537560&CODE_STATE=getMsg HTTP/1.1" 200 27
117.184.7.30 - - [12/Jan/2021:08:15:26 +0800] "GET /xingrg/all/function/internal_message.html?_=1610410523297&CODE_STATE=getMsg HTTP/1.1" 200 27
61.151.178.197 - - [12/Jan/2021:08:15:26 +0800] "GET /xingrg/all/function/internal_message.html?_=1610410477583&CODE_STATE=getMsg HTTP/1.1" 302 -
180.156.237.57 - - [12/Jan/2021:08:15:26 +0800] "GET /xingrg/all/function/internal_message.html?_=1610410509352&CODE_STATE=getMsg HTTP/1.1" 200 27
61.151.178.197 - - [12/Jan/2021:08:15:28 +0800] "GET /xingrg/login.html HTTP/1.1" 200 7641
180.169.147.146 - - [12/Jan/2021:08:15:31 +0800] "GET /xingrg/all/function/internal_message.html?_=1610410431442&CODE_STATE=getMsg HTTP/1.1" 200 27
180.169.147.146 - - [12/Jan/2021:08:15:38 +0800] "GET /xingrg/all/function/internal_message.html?_=1610410539744&CODE_STATE=getMsg HTTP/1.1" 200 27
180.169.147.146 - - [12/Jan/2021:08:15:38 +0800] "GET /xingrg/check_reg.html?_=1610410539751 HTTP/1.1" 200 22
114.88.169.67 - - [12/Jan/2021:08:15:46 +0800] "GET /xingrg/check_reg.html?_=1610410545106 HTTP/1.1" 200 22
218.81.216.242 - - [12/Jan/2021:08:15:57 +0800] "GET /xingrg/all/function/internal_message.html?_=1610410576920&CODE_STATE=getMsg HTTP/1.1" 200 27
114.88.169.67 - - [12/Jan/2021:08:15:59 +0800] "GET /xingrg/all/function/internal_message.html?_=1610410557740&CODE_STATE=getMsg HTTP/1.1" 200 27
58.40.7.146 - - [12/Jan/2021:08:16:02 +0800] "GET /xingrg/check_reg.html?_=1610410561541 HTTP/1.1" 200 22
124.77.238.8 - - [12/Jan/2021:08:16:02 +0800] "POST /xingrg/services/DataTransmitService HTTP/1.1" 200 524
58.37.230.33 - - [12/Jan/2021:08:16:03 +0800] "GET /xingrg/all/function/internal_message.html?_=1610410597532&CODE_STATE=getMsg HTTP/1.1" 200 27
117.184.7.30 - - [12/Jan/2021:08:16:26 +0800] "GET /xingrg/check_reg.html?_=1610410583297 HTTP/1.1" 200 22
117.184.7.26 - - [12/Jan/2021:08:16:26 +0800] "GET /xingrg/all/function/internal_message.html?_=1610410583305&CODE_STATE=getMsg HTTP/1.1" 200 27
180.156.237.57 - - [12/Jan/2021:08:16:26 +0800] "GET /xingrg/all/function/internal_message.html?_=1610410569373&CODE_STATE=getMsg HTTP/1.1" 200 27
58.37.230.33 - - [12/Jan/2021:08:16:28 +0800] "GET /xingrg/check_reg.html?_=1610410622616 HTTP/1.1" 200 22
180.169.147.146 - - [12/Jan/2021:08:16:31 +0800] "GET /xingrg/all/function/internal_message.html?_=1610410491446&CODE_STATE=getMsg HTTP/1.1" 200 27
180.169.147.146 - - [12/Jan/2021:08:16:38 +0800] "GET /xingrg/all/function/internal_message.html?_=1610410599755&CODE_STATE=getMsg HTTP/1.1" 200 27
218.81.216.242 - - [12/Jan/2021:08:16:57 +0800] "GET /xingrg/all/function/internal_message.html?_=1610410637010&CODE_STATE=getMsg HTTP/1.1" 200 27
114.88.169.67 - - [12/Jan/2021:08:16:59 +0800] "GET /xingrg/all/function/internal_message.html?_=1610410617756&CODE_STATE=getMsg HTTP/1.1" 200 27
58.37.230.33 - - [12/Jan/2021:08:17:03 +0800] "GET /xingrg/all/function/internal_message.html?_=1610410657538&CODE_STATE=getMsg HTTP/1.1" 200 27
180.156.237.57 - - [12/Jan/2021:08:17:11 +0800] "GET /xingrg/check_reg.html?_=1610410613997 HTTP/1.1" 200 22
101.89.239.232 - - [12/Jan/2021:08:17:20 +0800] "GET /xingrg/all/function/internal_message.html?_=1610410597532&CODE_STATE=getMsg HTTP/1.1" 302 -
117.184.7.26 - - [12/Jan/2021:08:17:26 +0800] "GET /xingrg/all/function/internal_message.html?_=1610410643289&CODE_STATE=getMsg HTTP/1.1" 200 27
180.156.237.57 - - [12/Jan/2021:08:17:26 +0800] "GET /xingrg/all/function/internal_message.html?_=1610410629378&CODE_STATE=getMsg HTTP/1.1" 200 27
101.89.239.232 - - [12/Jan/2021:08:17:30 +0800] "GET /xingrg/login.html HTTP/1.1" 200 7641
180.169.147.146 - - [12/Jan/2021:08:17:31 +0800] "GET /xingrg/all/function/internal_message.html?_=1610410551448&CODE_STATE=getMsg HTTP/1.1" 200 27
180.169.147.146 - - [12/Jan/2021:08:17:31 +0800] "GET /xingrg/check_reg.html?_=1610410551449 HTTP/1.1" 200 22
180.169.147.146 - - [12/Jan/2021:08:17:38 +0800] "GET /xingrg/all/function/internal_message.html?_=1610410659755&CODE_STATE=getMsg HTTP/1.1" 200 27
61.129.6.174 - - [12/Jan/2021:08:17:45 +0800] "GET /xingrg/check_reg.html?_=1610410622616 HTTP/1.1" 302 -
180.175.150.119 - - [12/Jan/2021:08:17:47 +0800] "GET /xingrg/check_reg.html?_=1610410906095 HTTP/1.1" 302 -
61.129.6.174 - - [12/Jan/2021:08:17:54 +0800] "GET /xingrg/login.html HTTP/1.1" 200 7641
218.81.216.242 - - [12/Jan/2021:08:17:57 +0800] "GET /xingrg/all/function/internal_message.html?_=1610410697025&CODE_STATE=getMsg HTTP/1.1" 200 27
114.88.169.67 - - [12/Jan/2021:08:17:59 +0800] "GET /xingrg/all/function/internal_message.html?_=1610410677782&CODE_STATE=getMsg HTTP/1.1" 200 27
58.37.230.33 - - [12/Jan/2021:08:18:03 +0800] "GET /xingrg/all/function/internal_message.html?_=1610410717511&CODE_STATE=getMsg HTTP/1.1" 200 27
222.69.138.238 - - [12/Jan/2021:08:18:07 +0800] "GET /xingrg/index.html?sysBaseUrl=http%3A%2F%2F180.169.147.146%3A18081%2Fxingrg%2F&costTime=52×tamp=1591679117969 HTTP/1.1" 302 -
222.69.138.238 - - [12/Jan/2021:08:18:07 +0800] "GET /xingrg/login.html HTTP/1.1" 200 7641
222.69.138.238 - - [12/Jan/2021:08:18:07 +0800] "GET /favicon.ico HTTP/1.1" 404 -
222.69.138.238 - - [12/Jan/2021:08:18:13 +0800] "POST /xingrg/login.do HTTP/1.1" 302 -
222.69.138.238 - - [12/Jan/2021:08:18:13 +0800] "GET /xingrg/index.html?sysBaseUrl=http%3A%2F%2F180.169.147.146%3A18081%2Fxingrg%2F&costTime=50×tamp=1610410693336 HTTP/1.1" 200 17179
222.69.138.238 - - [12/Jan/2021:08:18:13 +0800] "GET /favicon.ico HTTP/1.1" 404 -
222.69.138.238 - - [12/Jan/2021:08:18:13 +0800] "POST /xingrg/all/common/load_tree.html?tree=area_rest_tree_json&manage=1 HTTP/1.1" 200 351
222.69.138.238 - - [12/Jan/2021:08:18:13 +0800] "GET /xingrg/all/function/internal_message.html?_=1610410690813&CODE_STATE=count HTTP/1.1" 200 11
222.69.138.238 - - [12/Jan/2021:08:18:13 +0800] "GET /xingrg/check_reg.html?_=1610410690813 HTTP/1.1" 200 22
222.69.138.238 - - [12/Jan/2021:08:18:13 +0800] "POST /xingrg/load_menu.html HTTP/1.1" 200 5138
101.89.239.120 - - [12/Jan/2021:08:18:23 +0800] "GET /xingrg/all/function/internal_message.html?_=1610410657538&CODE_STATE=getMsg HTTP/1.1" 302 -
117.184.7.26 - - [12/Jan/2021:08:18:25 +0800] "GET /xingrg/all/function/internal_message.html?_=1610410703292&CODE_STATE=getMsg HTTP/1.1" 200 27
222.69.138.238 - - [12/Jan/2021:08:18:26 +0800] "GET /xingrg/kc/report/report_main.html HTTP/1.1" 200 7345
180.156.237.57 - - [12/Jan/2021:08:18:26 +0800] "GET /xingrg/all/function/internal_message.html?_=1610410689392&CODE_STATE=getMsg HTTP/1.1" 200 27
222.69.138.238 - - [12/Jan/2021:08:18:27 +0800] "GET /xingrg/all/report/report_query.html?fileName=kc/buy/wlcg_cate_hz.xml HTTP/1.1" 200 53941
222.69.138.238 - - [12/Jan/2021:08:18:27 +0800] "GET /xingrg/dwr/interface/AjaxReportQueryService.js HTTP/1.1" 200 13203
222.69.138.238 - - [12/Jan/2021:08:18:27 +0800] "GET /xingrg/dwr/engine.js HTTP/1.1" 200 43631
222.69.138.238 - - [12/Jan/2021:08:18:27 +0800] "POST /xingrg/dwr/call/plaincall/AjaxReportQueryService.getFixDate.dwr HTTP/1.1" 200 111
222.69.138.238 - - [12/Jan/2021:08:18:28 +0800] "POST /xingrg/all/common/load_tree.html?tree=supplier_tree_json&manage=1 HTTP/1.1" 200 54890
101.89.239.120 - - [12/Jan/2021:08:18:28 +0800] "GET /xingrg/login.html HTTP/1.1" 200 7641
222.69.138.238 - - [12/Jan/2021:08:18:29 +0800] "POST /xingrg/all/common/load_tree.html?tree=materiel_sort_tree_json HTTP/1.1" 200 8666
222.69.138.238 - - [12/Jan/2021:08:18:29 +0800] "POST /xingrg/all/common/load_tree.html?tree=base_tree_json HTTP/1.1" 200 3769
180.169.147.146 - - [12/Jan/2021:08:18:31 +0800] "GET /xingrg/all/function/internal_message.html?_=1610410611450&CODE_STATE=getMsg HTTP/1.1" 200 27
222.69.138.238 - - [12/Jan/2021:08:18:32 +0800] "POST /xingrg/dwr/call/plaincall/AjaxReportQueryService.getFixDate.dwr HTTP/1.1" 200 111
180.169.147.146 - - [12/Jan/2021:08:18:38 +0800] "GET /xingrg/all/function/internal_message.html?_=1610410719755&CODE_STATE=getMsg HTTP/1.1" 200 27
222.69.138.238 - - [12/Jan/2021:08:18:40 +0800] "POST /xingrg/dwr/call/plaincall/AjaxReportQueryService.refreshCache.dwr HTTP/1.1" 200 78
222.69.138.238 - - [12/Jan/2021:08:18:41 +0800] "POST /xingrg/all/report/load_report_page.html HTTP/1.1" 200 8717
222.69.138.238 - - [12/Jan/2021:08:18:41 +0800] "GET /xingrg/servlets/image?cache=0.3496002311402534&image=px HTTP/1.1" 200 807
222.69.138.238 - - [12/Jan/2021:08:18:53 +0800] "POST /xingrg/all/report/load_report_page.html HTTP/1.1" 200 90519
222.69.138.238 - - [12/Jan/2021:08:18:53 +0800] "GET /xingrg/servlets/image?cache=0.5361096804110062&image=px HTTP/1.1" 200 807
222.69.138.238 - - [12/Jan/2021:08:18:55 +0800] "POST /xingrg/all/report/report_print.html HTTP/1.1" 302 -
222.69.138.238 - - [12/Jan/2021:08:18:55 +0800] "GET /xingrg/servlets/image?image=px HTTP/1.1" 200 807
222.69.138.238 - - [12/Jan/2021:08:18:55 +0800] "GET /xingrg/servlets/html?sysBaseUrl=http%3A%2F%2F180.169.147.146%3A18081%2Fxingrg%2F&costTime=261×tamp=1610410735892 HTTP/1.1" 200 86605
222.69.138.238 - - [12/Jan/2021:08:18:56 +0800] "GET /favicon.ico HTTP/1.1" 404 -
218.81.216.242 - - [12/Jan/2021:08:18:57 +0800] "GET /xingrg/all/function/internal_message.html?_=1610410757122&CODE_STATE=getMsg HTTP/1.1" 200 27
114.88.169.67 - - [12/Jan/2021:08:18:59 +0800] "GET /xingrg/all/function/internal_message.html?_=1610410737798&CODE_STATE=getMsg HTTP/1.1" 200 27
58.37.230.33 - - [12/Jan/2021:08:19:03 +0800] "GET /xingrg/all/function/internal_message.html?_=1610410777483&CODE_STATE=getMsg HTTP/1.1" 200 27
222.69.138.238 - - [12/Jan/2021:08:19:13 +0800] "GET /xingrg/all/function/internal_message.html?_=1610410750829&CODE_STATE=getMsg HTTP/1.1" 200 27
117.184.7.26 - - [12/Jan/2021:08:19:26 +0800] "GET /xingrg/all/function/internal_message.html?_=1610410763292&CODE_STATE=getMsg HTTP/1.1" 200 27
180.156.237.57 - - [12/Jan/2021:08:19:26 +0800] "GET /xingrg/all/function/internal_message.html?_=1610410749413&CODE_STATE=getMsg HTTP/1.1" 200 27
180.169.147.146 - - [12/Jan/2021:08:19:31 +0800] "GET /xingrg/all/function/internal_message.html?_=1610410671452&CODE_STATE=getMsg HTTP/1.1" 200 27
180.169.147.146 - - [12/Jan/2021:08:19:38 +0800] "GET /xingrg/all/function/internal_message.html?_=1610410779756&CODE_STATE=getMsg HTTP/1.1" 200 27
218.81.216.242 - - [12/Jan/2021:08:19:46 +0800] "GET /xingrg/check_reg.html?_=1610410805621 HTTP/1.1" 200 22
218.81.216.242 - - [12/Jan/2021:08:19:57 +0800] "GET /xingrg/all/function/internal_message.html?_=1610410817131&CODE_STATE=getMsg HTTP/1.1" 200 27
114.88.169.67 - - [12/Jan/2021:08:19:59 +0800] "GET /xingrg/all/function/internal_message.html?_=1610410797825&CODE_STATE=getMsg HTTP/1.1" 200 27
58.37.230.33 - - [12/Jan/2021:08:20:03 +0800] "GET /xingrg/all/function/internal_message.html?_=1610410837454&CODE_STATE=getMsg HTTP/1.1" 200 27
222.69.138.238 - - [12/Jan/2021:08:20:13 +0800] "GET /xingrg/all/function/internal_message.html?_=1610410810829&CODE_STATE=getMsg HTTP/1.1" 200 27
117.184.7.26 - - [12/Jan/2021:08:20:26 +0800] "GET /xingrg/all/function/internal_message.html?_=1610410823293&CODE_STATE=getMsg HTTP/1.1" 200 27
180.156.237.57 - - [12/Jan/2021:08:20:26 +0800] "GET /xingrg/all/function/internal_message.html?_=1610410809419&CODE_STATE=getMsg HTTP/1.1" 200 27
180.169.147.146 - - [12/Jan/2021:08:20:31 +0800] "GET /xingrg/all/function/internal_message.html?_=1610410731455&CODE_STATE=getMsg HTTP/1.1" 200 27
180.169.147.146 - - [12/Jan/2021:08:20:38 +0800] "GET /xingrg/check_reg.html?_=1610410839764 HTTP/1.1" 200 22
180.169.147.146 - - [12/Jan/2021:08:20:38 +0800] "GET /xingrg/all/function/internal_message.html?_=1610410839768&CODE_STATE=getMsg HTTP/1.1" 200 27
114.88.169.67 - - [12/Jan/2021:08:20:46 +0800] "GET /xingrg/check_reg.html?_=1610410845114 HTTP/1.1" 200 22
