180.156.237.57 - - [12/Jan/2021:09:55:24 +0800] "GET /xingrg/all/function/internal_message.html?_=1610416506639&CODE_STATE=getMsg HTTP/1.1" 200 27
180.169.147.146 - - [12/Jan/2021:09:55:26 +0800] "GET /xingrg/all/function/internal_message.html?_=1610416528002&CODE_STATE=getMsg HTTP/1.1" 200 27
222.69.133.109 - - [12/Jan/2021:09:55:33 +0800] "GET /xingrg/check_reg.html?_=1610416533215 HTTP/1.1" 200 22
222.69.133.109 - - [12/Jan/2021:09:55:33 +0800] "GET /xingrg/all/function/internal_message.html?_=1610416533212&CODE_STATE=getMsg HTTP/1.1" 200 27
180.175.150.119 - - [12/Jan/2021:09:55:35 +0800] "GET /xingrg/all/function/internal_message.html?_=1610416774872&CODE_STATE=getMsg HTTP/1.1" 200 27
180.169.147.146 - - [12/Jan/2021:09:55:38 +0800] "GET /xingrg/all/function/internal_message.html?_=1610416539936&CODE_STATE=getMsg HTTP/1.1" 200 27
180.169.147.146 - - [12/Jan/2021:09:55:38 +0800] "GET /xingrg/check_reg.html?_=1610416539939 HTTP/1.1" 200 22
58.40.7.146 - - [12/Jan/2021:09:55:40 +0800] "POST /xingrg/services/DataTransmitService HTTP/1.1" 200 524
180.169.147.146 - - [12/Jan/2021:09:55:45 +0800] "GET /xingrg/all/function/internal_message.html?_=1610416445025&CODE_STATE=getMsg HTTP/1.1" 200 27
114.88.169.67 - - [12/Jan/2021:09:55:47 +0800] "GET /xingrg/check_reg.html?_=1610416545222 HTTP/1.1" 200 22
180.169.147.146 - - [12/Jan/2021:09:55:50 +0800] "GET /xingrg/all/function/internal_message.html?_=1610416551151&CODE_STATE=getMsg HTTP/1.1" 200 27
58.37.230.33 - - [12/Jan/2021:09:55:56 +0800] "GET /xingrg/all/function/internal_message.html?_=1610416590356&CODE_STATE=getMsg HTTP/1.1" 200 27
116.228.172.94 - - [12/Jan/2021:09:56:00 +0800] "GET /xingrg/all/function/internal_message.html?_=1610416560541&CODE_STATE=getMsg HTTP/1.1" 200 27
114.88.169.67 - - [12/Jan/2021:09:56:01 +0800] "GET /xingrg/all/function/internal_message.html?_=1610416559661&CODE_STATE=getMsg HTTP/1.1" 200 27
58.40.7.146 - - [12/Jan/2021:09:56:01 +0800] "GET /xingrg/check_reg.html?_=1610416561051 HTTP/1.1" 200 22
61.165.42.208 - - [12/Jan/2021:09:56:02 +0800] "GET /xingrg/all/function/internal_message.html?_=1610416562975&CODE_STATE=getMsg HTTP/1.1" 200 27
218.81.216.242 - - [12/Jan/2021:09:56:03 +0800] "GET /xingrg/all/function/internal_message.html?_=1610416582943&CODE_STATE=getMsg HTTP/1.1" 200 27
180.156.237.57 - - [12/Jan/2021:09:56:09 +0800] "GET /xingrg/all/function/internal_message.html?_=1610416570604&CODE_STATE=getMsg HTTP/1.1" 200 27
117.185.32.26 - - [12/Jan/2021:09:56:09 +0800] "GET /xingrg/all/function/internal_message.html?_=1610416568425&CODE_STATE=getMsg HTTP/1.1" 200 27
222.69.138.238 - - [12/Jan/2021:09:56:13 +0800] "GET /xingrg/all/function/internal_message.html?_=1610416570975&CODE_STATE=getMsg HTTP/1.1" 200 27
120.204.17.72 - - [12/Jan/2021:09:56:17 +0800] "GET /xingrg/check_reg.html?_=1610416148392 HTTP/1.1" 302 -
114.88.169.67 - - [12/Jan/2021:09:56:20 +0800] "GET /xingrg/all/function/internal_message.html?_=1610416747708&CODE_STATE=getMsg HTTP/1.1" 302 -
120.204.17.72 - - [12/Jan/2021:09:56:22 +0800] "GET /xingrg/login.html HTTP/1.1" 200 7641
117.184.7.26 - - [12/Jan/2021:09:56:23 +0800] "GET /xingrg/all/function/internal_message.html?_=1610416579939&CODE_STATE=getMsg HTTP/1.1" 200 27
180.156.237.57 - - [12/Jan/2021:09:56:24 +0800] "GET /xingrg/all/function/internal_message.html?_=1610416566652&CODE_STATE=getMsg HTTP/1.1" 200 27
180.169.147.146 - - [12/Jan/2021:09:56:26 +0800] "GET /xingrg/all/function/internal_message.html?_=1610416588005&CODE_STATE=getMsg HTTP/1.1" 200 27
222.69.133.109 - - [12/Jan/2021:09:56:33 +0800] "GET /xingrg/all/function/internal_message.html?_=1610416593215&CODE_STATE=getMsg HTTP/1.1" 200 27
180.175.150.119 - - [12/Jan/2021:09:56:35 +0800] "GET /xingrg/all/function/internal_message.html?_=1610416834878&CODE_STATE=getMsg HTTP/1.1" 200 27
180.169.147.146 - - [12/Jan/2021:09:56:38 +0800] "GET /xingrg/all/function/internal_message.html?_=1610416599927&CODE_STATE=getMsg HTTP/1.1" 200 27
180.169.147.146 - - [12/Jan/2021:09:56:45 +0800] "GET /xingrg/all/function/internal_message.html?_=1610416505029&CODE_STATE=getMsg HTTP/1.1" 200 27
180.169.147.146 - - [12/Jan/2021:09:56:45 +0800] "GET /xingrg/check_reg.html?_=1610416505031 HTTP/1.1" 200 22
180.169.147.146 - - [12/Jan/2021:09:56:50 +0800] "GET /xingrg/all/function/internal_message.html?_=1610416611137&CODE_STATE=getMsg HTTP/1.1" 200 27
58.37.230.33 - - [12/Jan/2021:09:56:56 +0800] "GET /xingrg/all/function/internal_message.html?_=1610416650366&CODE_STATE=getMsg HTTP/1.1" 200 27
116.228.172.94 - - [12/Jan/2021:09:56:58 +0800] "GET /xingrg/check_reg.html?_=1610416618842 HTTP/1.1" 200 22
116.228.172.94 - - [12/Jan/2021:09:57:00 +0800] "GET /xingrg/all/function/internal_message.html?_=1610416620512&CODE_STATE=getMsg HTTP/1.1" 200 27
114.88.169.67 - - [12/Jan/2021:09:57:01 +0800] "GET /xingrg/all/function/internal_message.html?_=1610416619675&CODE_STATE=getMsg HTTP/1.1" 200 27
61.165.42.208 - - [12/Jan/2021:09:57:02 +0800] "GET /xingrg/all/function/internal_message.html?_=1610416622973&CODE_STATE=getMsg HTTP/1.1" 200 27
218.81.216.242 - - [12/Jan/2021:09:57:03 +0800] "GET /xingrg/all/function/internal_message.html?_=1610416643204&CODE_STATE=getMsg HTTP/1.1" 200 27
180.156.237.57 - - [12/Jan/2021:09:57:09 +0800] "GET /xingrg/all/function/internal_message.html?_=1610416630600&CODE_STATE=getMsg HTTP/1.1" 200 27
117.185.32.26 - - [12/Jan/2021:09:57:09 +0800] "GET /xingrg/all/function/internal_message.html?_=1610416628424&CODE_STATE=getMsg HTTP/1.1" 200 27
180.157.253.48 - - [12/Jan/2021:09:57:14 +0800] "POST /xingrg/services/DataTransmitService HTTP/1.1" 200 524
180.157.253.48 - - [12/Jan/2021:09:57:15 +0800] "POST /xingrg/services/DataTransmitService HTTP/1.1" 200 1951
114.88.169.67 - - [12/Jan/2021:09:57:20 +0800] "GET /xingrg/all/function/internal_message.html?_=1610416807667&CODE_STATE=getMsg HTTP/1.1" 302 -
117.184.7.26 - - [12/Jan/2021:09:57:23 +0800] "GET /xingrg/all/function/internal_message.html?_=1610416639942&CODE_STATE=getMsg HTTP/1.1" 200 27
180.156.237.57 - - [12/Jan/2021:09:57:24 +0800] "GET /xingrg/all/function/internal_message.html?_=1610416626666&CODE_STATE=getMsg HTTP/1.1" 200 27
180.169.147.146 - - [12/Jan/2021:09:57:26 +0800] "GET /xingrg/check_reg.html?_=1610416648006 HTTP/1.1" 200 22
180.169.147.146 - - [12/Jan/2021:09:57:26 +0800] "GET /xingrg/all/function/internal_message.html?_=1610416648011&CODE_STATE=getMsg HTTP/1.1" 200 27
117.184.7.26 - - [12/Jan/2021:09:57:31 +0800] "GET /xingrg/kc/buy/buy_main.html HTTP/1.1" 200 12412
117.184.7.26 - - [12/Jan/2021:09:57:31 +0800] "GET /xingrg/css/new_ie.css HTTP/1.1" 404 1036
117.184.7.26 - - [12/Jan/2021:09:57:32 +0800] "GET /xingrg/kc/buy/cgsh_order_list.html HTTP/1.1" 200 46005
222.69.133.109 - - [12/Jan/2021:09:57:33 +0800] "GET /xingrg/all/function/internal_message.html?_=1610416653218&CODE_STATE=getMsg HTTP/1.1" 200 27
117.184.7.26 - - [12/Jan/2021:09:57:34 +0800] "POST /xingrg/kc/buy/cgsh_list_operate.html HTTP/1.1" 200 876
180.175.150.119 - - [12/Jan/2021:09:57:35 +0800] "GET /xingrg/check_reg.html?_=1610416894734 HTTP/1.1" 200 22
180.175.150.119 - - [12/Jan/2021:09:57:35 +0800] "GET /xingrg/all/function/internal_message.html?_=1610416894892&CODE_STATE=getMsg HTTP/1.1" 200 27
180.169.147.146 - - [12/Jan/2021:09:57:38 +0800] "GET /xingrg/all/function/internal_message.html?_=1610416659927&CODE_STATE=getMsg HTTP/1.1" 200 27
117.184.7.26 - - [12/Jan/2021:09:57:40 +0800] "GET /xingrg/javascript/jquery_tools/images/next.gif HTTP/1.1" 404 1086
117.184.7.26 - - [12/Jan/2021:09:57:40 +0800] "GET /xingrg/javascript/jquery_tools/images/prev.gif HTTP/1.1" 404 1086
117.184.7.26 - - [12/Jan/2021:09:57:44 +0800] "POST /xingrg/kc/buy/cgsh_list_operate.html HTTP/1.1" 200 876
180.169.147.146 - - [12/Jan/2021:09:57:45 +0800] "GET /xingrg/all/function/internal_message.html?_=1610416565031&CODE_STATE=getMsg HTTP/1.1" 200 27
117.184.7.26 - - [12/Jan/2021:09:57:48 +0800] "POST /xingrg/kc/buy/cgsh_list_operate.html HTTP/1.1" 200 5302
180.169.147.146 - - [12/Jan/2021:09:57:50 +0800] "GET /xingrg/all/function/internal_message.html?_=1610416671138&CODE_STATE=getMsg HTTP/1.1" 200 27
180.169.147.146 - - [12/Jan/2021:09:57:50 +0800] "GET /xingrg/check_reg.html?_=1610416671142 HTTP/1.1" 200 22
58.37.230.33 - - [12/Jan/2021:09:57:56 +0800] "GET /xingrg/check_reg.html?_=1610416710363 HTTP/1.1" 200 22
58.37.230.33 - - [12/Jan/2021:09:57:56 +0800] "GET /xingrg/all/function/internal_message.html?_=1610416710364&CODE_STATE=getMsg HTTP/1.1" 200 27
117.184.7.26 - - [12/Jan/2021:09:57:57 +0800] "POST /xingrg/kc/buy/cgsh_list_operate.html HTTP/1.1" 200 572
117.184.7.26 - - [12/Jan/2021:09:57:57 +0800] "GET /xingrg/kc/buy/cgsh_order_info.html?code=212021011104470 HTTP/1.1" 200 56602
117.184.7.26 - - [12/Jan/2021:09:57:57 +0800] "GET /xingrg/javascript/easyui/themes/default/validatebox.css HTTP/1.1" 404 1104
117.184.7.26 - - [12/Jan/2021:09:57:58 +0800] "POST /xingrg/kc/buy/cgsh_order_operate.html HTTP/1.1" 200 5334
101.91.60.105 - - [12/Jan/2021:09:57:58 +0800] "GET /xingrg/kc/buy/cgsh_order_operate.html?command=get_materiel&rest_code=00141&code=00101008017&supplier_code=00100007&order_time=2021-01-12 HTTP/1.1" 302 -
116.228.172.94 - - [12/Jan/2021:09:58:00 +0800] "GET /xingrg/all/function/internal_message.html?_=1610416680483&CODE_STATE=getMsg HTTP/1.1" 200 27
117.184.7.26 - - [12/Jan/2021:09:58:00 +0800] "POST /xingrg/kc/buy/cgsh_order_operate.html HTTP/1.1" 200 12
117.184.7.26 - - [12/Jan/2021:09:58:01 +0800] "GET /xingrg/kc/buy/cgsh_order_info.html?code=212021011104470 HTTP/1.1" 200 61711
114.88.169.67 - - [12/Jan/2021:09:58:01 +0800] "GET /xingrg/all/function/internal_message.html?_=1610416679703&CODE_STATE=getMsg HTTP/1.1" 200 27
101.91.60.105 - - [12/Jan/2021:09:58:01 +0800] "GET /xingrg/login.html HTTP/1.1" 200 7641
117.184.7.30 - - [12/Jan/2021:09:58:02 +0800] "GET /xingrg/javascript/easyui/themes/default/validatebox.css HTTP/1.1" 404 1104
117.184.7.30 - - [12/Jan/2021:09:58:02 +0800] "GET /xingrg/all/common/auto_word.html?type=employee&rest_code=00108 HTTP/1.1" 200 147
117.184.7.30 - - [12/Jan/2021:09:58:02 +0800] "GET /xingrg/all/common/auto_word.html?type=employee&rest_code=00108 HTTP/1.1" 200 147
117.184.7.26 - - [12/Jan/2021:09:58:02 +0800] "POST /xingrg/kc/buy/cgsh_order_operate.html HTTP/1.1" 200 7389
61.165.42.208 - - [12/Jan/2021:09:58:02 +0800] "GET /xingrg/all/function/internal_message.html?_=1610416682973&CODE_STATE=getMsg HTTP/1.1" 200 27
218.81.216.242 - - [12/Jan/2021:09:58:03 +0800] "GET /xingrg/all/function/internal_message.html?_=1610416703219&CODE_STATE=getMsg HTTP/1.1" 200 27
117.184.7.26 - - [12/Jan/2021:09:58:04 +0800] "GET /xingrg/javascript/auto/indicator.gif HTTP/1.1" 404 1066
101.91.60.108 - - [12/Jan/2021:09:58:06 +0800] "GET /xingrg/kc/buy/cgsh_order_operate.html?command=get_materiel&rest_code=00141&code=00101008112&supplier_code=00100007&order_time=2021-01-12 HTTP/1.1" 302 -
117.184.7.30 - - [12/Jan/2021:09:58:08 +0800] "POST /xingrg/kc/buy/cgsh_order_operate.html HTTP/1.1" 200 37
180.156.237.57 - - [12/Jan/2021:09:58:09 +0800] "GET /xingrg/all/function/internal_message.html?_=1610416690607&CODE_STATE=getMsg HTTP/1.1" 200 27
117.185.32.26 - - [12/Jan/2021:09:58:09 +0800] "GET /xingrg/all/function/internal_message.html?_=1610416688423&CODE_STATE=getMsg HTTP/1.1" 200 27
117.184.7.30 - - [12/Jan/2021:09:58:10 +0800] "POST /xingrg/kc/buy/cgsh_order_operate.html HTTP/1.1" 200 12
117.184.7.30 - - [12/Jan/2021:09:58:10 +0800] "GET /xingrg/kc/buy/cgsh_order_info.html?code=212021011104470 HTTP/1.1" 200 56602
117.184.7.30 - - [12/Jan/2021:09:58:11 +0800] "GET /xingrg/javascript/easyui/themes/default/validatebox.css HTTP/1.1" 404 1104
117.184.7.30 - - [12/Jan/2021:09:58:11 +0800] "POST /xingrg/kc/buy/cgsh_order_operate.html HTTP/1.1" 200 5334
101.91.62.89 - - [12/Jan/2021:09:58:13 +0800] "GET /xingrg/kc/buy/cgsh_order_operate.html?command=get_materiel&rest_code=00141&code=00101008131&supplier_code=00100007&order_time=2021-01-12 HTTP/1.1" 302 -
101.91.60.108 - - [12/Jan/2021:09:58:13 +0800] "GET /xingrg/login.html HTTP/1.1" 200 7641
101.91.62.89 - - [12/Jan/2021:09:58:15 +0800] "GET /xingrg/login.html HTTP/1.1" 200 7641
117.184.7.30 - - [12/Jan/2021:09:58:18 +0800] "POST /xingrg/kc/buy/cgsh_list_operate.html HTTP/1.1" 200 5414
117.131.5.26 - - [12/Jan/2021:09:58:19 +0800] "GET /favicon.ico HTTP/1.1" 404 -
114.88.169.67 - - [12/Jan/2021:09:58:20 +0800] "GET /xingrg/all/function/internal_message.html?_=1610416867649&CODE_STATE=getMsg HTTP/1.1" 302 -
117.184.7.30 - - [12/Jan/2021:09:58:20 +0800] "POST /xingrg/kc/buy/cgsh_list_operate.html HTTP/1.1" 200 5304
117.184.7.30 - - [12/Jan/2021:09:58:21 +0800] "POST /xingrg/kc/buy/cgsh_list_operate.html HTTP/1.1" 200 567
117.184.7.26 - - [12/Jan/2021:09:58:22 +0800] "GET /xingrg/kc/buy/cgsh_order_info.html?code=212021011104446 HTTP/1.1" 200 56602
117.184.7.26 - - [12/Jan/2021:09:58:22 +0800] "GET /xingrg/javascript/easyui/themes/default/validatebox.css HTTP/1.1" 404 1104
117.184.7.26 - - [12/Jan/2021:09:58:23 +0800] "POST /xingrg/kc/buy/cgsh_order_operate.html HTTP/1.1" 200 21911
117.184.7.30 - - [12/Jan/2021:09:58:23 +0800] "POST /xingrg/kc/buy/cgsh_list_operate.html HTTP/1.1" 200 5304
117.184.7.30 - - [12/Jan/2021:09:58:23 +0800] "GET /xingrg/all/function/internal_message.html?_=1610416700178&CODE_STATE=getMsg HTTP/1.1" 200 27
180.156.237.57 - - [12/Jan/2021:09:58:24 +0800] "GET /xingrg/all/function/internal_message.html?_=1610416686695&CODE_STATE=getMsg HTTP/1.1" 200 27
180.169.147.146 - - [12/Jan/2021:09:58:26 +0800] "GET /xingrg/all/function/internal_message.html?_=1610416707995&CODE_STATE=getMsg HTTP/1.1" 200 27
117.184.7.30 - - [12/Jan/2021:09:58:27 +0800] "POST /xingrg/kc/buy/cgsh_order_operate.html HTTP/1.1" 200 12
117.184.7.30 - - [12/Jan/2021:09:58:27 +0800] "GET /xingrg/kc/buy/cgsh_order_info.html?code=212021011104446 HTTP/1.1" 200 61711
117.184.7.26 - - [12/Jan/2021:09:58:28 +0800] "GET /xingrg/javascript/easyui/themes/default/validatebox.css HTTP/1.1" 404 1104
117.184.7.30 - - [12/Jan/2021:09:58:28 +0800] "POST /xingrg/kc/buy/cgsh_order_operate.html HTTP/1.1" 200 23966
222.69.133.109 - - [12/Jan/2021:09:58:33 +0800] "GET /xingrg/all/function/internal_message.html?_=1610416713219&CODE_STATE=getMsg HTTP/1.1" 200 27
180.175.150.119 - - [12/Jan/2021:09:58:36 +0800] "GET /xingrg/all/function/internal_message.html?_=1610416954905&CODE_STATE=getMsg HTTP/1.1" 200 27
180.169.147.146 - - [12/Jan/2021:09:58:38 +0800] "GET /xingrg/all/function/internal_message.html?_=1610416719942&CODE_STATE=getMsg HTTP/1.1" 200 27
61.151.178.197 - - [12/Jan/2021:09:58:40 +0800] "GET /xingrg/kc/buy/cgsh_order_operate.html?command=get_materiel&rest_code=00141&code=00101008005&supplier_code=00100007&order_time=2021-01-12 HTTP/1.1" 302 -
61.151.178.197 - - [12/Jan/2021:09:58:43 +0800] "GET /xingrg/login.html HTTP/1.1" 200 7641
117.184.7.30 - - [12/Jan/2021:09:58:43 +0800] "POST /xingrg/kc/buy/cgsh_order_operate.html HTTP/1.1" 200 37
180.169.147.146 - - [12/Jan/2021:09:58:45 +0800] "GET /xingrg/all/function/internal_message.html?_=1610416625033&CODE_STATE=getMsg HTTP/1.1" 200 27
117.184.7.30 - - [12/Jan/2021:09:58:45 +0800] "POST /xingrg/kc/buy/cgsh_order_operate.html HTTP/1.1" 200 37
117.184.7.26 - - [12/Jan/2021:09:58:45 +0800] "POST /xingrg/kc/buy/cgsh_order_operate.html HTTP/1.1" 200 12
117.184.7.26 - - [12/Jan/2021:09:58:46 +0800] "POST /xingrg/kc/buy/cgsh_order_operate.html HTTP/1.1" 200 105
117.184.7.26 - - [12/Jan/2021:09:58:46 +0800] "GET /xingrg/kc/buy/cgsh_order_info.html?code=212021011104446 HTTP/1.1" 200 56602
117.184.7.30 - - [12/Jan/2021:09:58:48 +0800] "GET /xingrg/javascript/easyui/themes/default/validatebox.css HTTP/1.1" 404 1104
117.184.7.26 - - [12/Jan/2021:09:58:48 +0800] "POST /xingrg/kc/buy/cgsh_order_operate.html HTTP/1.1" 200 21911
180.169.147.146 - - [12/Jan/2021:09:58:50 +0800] "GET /xingrg/all/function/internal_message.html?_=1610416731142&CODE_STATE=getMsg HTTP/1.1" 200 27
58.37.230.33 - - [12/Jan/2021:09:58:56 +0800] "GET /xingrg/all/function/internal_message.html?_=1610416770356&CODE_STATE=getMsg HTTP/1.1" 200 27
116.228.172.94 - - [12/Jan/2021:09:59:00 +0800] "GET /xingrg/all/function/internal_message.html?_=1610416740467&CODE_STATE=getMsg HTTP/1.1" 200 27
114.88.169.67 - - [12/Jan/2021:09:59:01 +0800] "GET /xingrg/all/function/internal_message.html?_=1610416739717&CODE_STATE=getMsg HTTP/1.1" 200 27
61.165.42.208 - - [12/Jan/2021:09:59:02 +0800] "GET /xingrg/all/function/internal_message.html?_=1610416742971&CODE_STATE=getMsg HTTP/1.1" 200 27
218.81.216.242 - - [12/Jan/2021:09:59:03 +0800] "GET /xingrg/all/function/internal_message.html?_=1610416763480&CODE_STATE=getMsg HTTP/1.1" 200 27
180.156.237.57 - - [12/Jan/2021:09:59:09 +0800] "GET /xingrg/all/function/internal_message.html?_=1610416750593&CODE_STATE=getMsg HTTP/1.1" 200 27
117.185.32.26 - - [12/Jan/2021:09:59:09 +0800] "GET /xingrg/all/function/internal_message.html?_=1610416748417&CODE_STATE=getMsg HTTP/1.1" 200 27
117.185.32.26 - - [12/Jan/2021:09:59:09 +0800] "GET /xingrg/check_reg.html?_=1610416748415 HTTP/1.1" 200 22
114.88.169.67 - - [12/Jan/2021:09:59:20 +0800] "GET /xingrg/all/function/internal_message.html?_=1610416927623&CODE_STATE=getMsg HTTP/1.1" 302 -
114.88.169.67 - - [12/Jan/2021:09:59:21 +0800] "GET /xingrg/check_reg.html?_=1610416928609 HTTP/1.1" 302 -
183.192.164.85 - - [12/Jan/2021:09:59:22 +0800] "GET /xingrg/all/function/internal_message.html?_=1610416148391&CODE_STATE=getMsg HTTP/1.1" 302 -
117.184.7.26 - - [12/Jan/2021:09:59:23 +0800] "GET /xingrg/check_reg.html?_=1610416759950 HTTP/1.1" 200 22
117.184.7.26 - - [12/Jan/2021:09:59:23 +0800] "GET /xingrg/all/function/internal_message.html?_=1610416760157&CODE_STATE=getMsg HTTP/1.1" 200 27
180.156.237.57 - - [12/Jan/2021:09:59:24 +0800] "GET /xingrg/all/function/internal_message.html?_=1610416746709&CODE_STATE=getMsg HTTP/1.1" 200 27
183.192.164.85 - - [12/Jan/2021:09:59:25 +0800] "GET /xingrg/login.html HTTP/1.1" 200 7641
180.169.147.146 - - [12/Jan/2021:09:59:26 +0800] "GET /xingrg/all/function/internal_message.html?_=1610416767997&CODE_STATE=getMsg HTTP/1.1" 200 27
222.69.133.109 - - [12/Jan/2021:09:59:33 +0800] "GET /xingrg/all/function/internal_message.html?_=1610416773221&CODE_STATE=getMsg HTTP/1.1" 200 27
180.175.150.119 - - [12/Jan/2021:09:59:36 +0800] "GET /xingrg/all/function/internal_message.html?_=1610417014920&CODE_STATE=getMsg HTTP/1.1" 200 27
180.169.147.146 - - [12/Jan/2021:09:59:38 +0800] "GET /xingrg/all/function/internal_message.html?_=1610416779927&CODE_STATE=getMsg HTTP/1.1" 200 27
61.129.6.225 - - [12/Jan/2021:09:59:39 +0800] "GET /xingrg/kc/buy/cgsh_order_operate.html?command=get_materiel&rest_code=00141&code=00101008355&supplier_code=00100007&order_time=2021-01-12 HTTP/1.1" 302 -
61.129.6.225 - - [12/Jan/2021:09:59:44 +0800] "GET /xingrg/login.html HTTP/1.1" 200 7641
180.169.147.146 - - [12/Jan/2021:09:59:45 +0800] "GET /xingrg/all/function/internal_message.html?_=1610416685037&CODE_STATE=getMsg HTTP/1.1" 200 27
218.81.216.242 - - [12/Jan/2021:09:59:46 +0800] "GET /xingrg/check_reg.html?_=1610416806226 HTTP/1.1" 200 22
180.169.147.146 - - [12/Jan/2021:09:59:50 +0800] "GET /xingrg/all/function/internal_message.html?_=1610416791149&CODE_STATE=getMsg HTTP/1.1" 200 27
61.165.42.208 - - [12/Jan/2021:09:59:52 +0800] "GET /xingrg/kc/buy/cgsh_order_list.html HTTP/1.1" 200 46005
61.165.42.208 - - [12/Jan/2021:09:59:53 +0800] "POST /xingrg/kc/buy/cgsh_list_operate.html HTTP/1.1" 200 2768
61.165.42.208 - - [12/Jan/2021:09:59:55 +0800] "POST /xingrg/kc/buy/cgsh_list_operate.html HTTP/1.1" 200 273
61.165.42.208 - - [12/Jan/2021:09:59:55 +0800] "GET /xingrg/kc/buy/cgsh_order_info.html?code=212021011204932 HTTP/1.1" 200 61801
61.165.42.208 - - [12/Jan/2021:09:59:56 +0800] "GET /xingrg/javascript/easyui/themes/default/validatebox.css HTTP/1.1" 404 1104
58.37.230.33 - - [12/Jan/2021:09:59:56 +0800] "GET /xingrg/all/function/internal_message.html?_=1610416830369&CODE_STATE=getMsg HTTP/1.1" 200 27
61.165.42.208 - - [12/Jan/2021:09:59:56 +0800] "POST /xingrg/kc/buy/cgsh_order_operate.html HTTP/1.1" 200 3248
61.165.42.208 - - [12/Jan/2021:09:59:57 +0800] "GET /xingrg/kc/print/load_data.html?order_code=212021011204932&kc_code=cgsh&condition= HTTP/1.1" 200 891
116.228.172.94 - - [12/Jan/2021:10:00:00 +0800] "GET /xingrg/all/function/internal_message.html?_=1610416800438&CODE_STATE=getMsg HTTP/1.1" 200 27
61.165.42.208 - - [12/Jan/2021:10:00:01 +0800] "GET /xingrg/kc/buy/cgsh_order_add.html HTTP/1.1" 200 61790
61.165.42.208 - - [12/Jan/2021:10:00:01 +0800] "POST /xingrg/kc/buy/cgsh_order_operate.html HTTP/1.1" 200 8245
114.88.169.67 - - [12/Jan/2021:10:00:01 +0800] "GET /xingrg/all/function/internal_message.html?_=1610416799746&CODE_STATE=getMsg HTTP/1.1" 200 27
61.165.42.208 - - [12/Jan/2021:10:00:01 +0800] "GET /xingrg/javascript/easyui/themes/default/validatebox.css HTTP/1.1" 404 1104
61.165.42.208 - - [12/Jan/2021:10:00:02 +0800] "GET /xingrg/all/function/internal_message.html?_=1610416803012&CODE_STATE=getMsg HTTP/1.1" 200 27
61.165.42.208 - - [12/Jan/2021:10:00:02 +0800] "GET /xingrg/check_reg.html?_=1610416803015 HTTP/1.1" 200 22
61.165.42.208 - - [12/Jan/2021:10:00:02 +0800] "GET /xingrg/kc/buy/cgsh_order_list.html HTTP/1.1" 200 46005
218.81.216.242 - - [12/Jan/2021:10:00:03 +0800] "GET /xingrg/all/function/internal_message.html?_=1610416823481&CODE_STATE=getMsg HTTP/1.1" 200 27
61.165.42.208 - - [12/Jan/2021:10:00:04 +0800] "POST /xingrg/kc/buy/cgsh_list_operate.html HTTP/1.1" 200 2768
61.165.42.208 - - [12/Jan/2021:10:00:07 +0800] "POST /xingrg/kc/buy/cgsh_list_operate.html HTTP/1.1" 200 576
61.165.42.208 - - [12/Jan/2021:10:00:07 +0800] "GET /xingrg/kc/buy/cgsh_order_info.html?code=212021011204936 HTTP/1.1" 200 61793
61.165.42.208 - - [12/Jan/2021:10:00:07 +0800] "GET /xingrg/javascript/easyui/themes/default/validatebox.css HTTP/1.1" 404 1104
61.165.42.208 - - [12/Jan/2021:10:00:08 +0800] "POST /xingrg/kc/buy/cgsh_order_operate.html HTTP/1.1" 200 25137
180.156.237.57 - - [12/Jan/2021:10:00:09 +0800] "GET /xingrg/all/function/internal_message.html?_=1610416810593&CODE_STATE=getMsg HTTP/1.1" 200 27
180.156.237.57 - - [12/Jan/2021:10:00:09 +0800] "GET /xingrg/check_reg.html?_=1610416810594 HTTP/1.1" 200 22
117.185.32.26 - - [12/Jan/2021:10:00:09 +0800] "GET /xingrg/all/function/internal_message.html?_=1610416808417&CODE_STATE=getMsg HTTP/1.1" 200 27
61.165.42.208 - - [12/Jan/2021:10:00:16 +0800] "GET /xingrg/kc/buy/cgsh_order_operate.html?command=get_materiel&rest_code=00105&code=00101008323&supplier_code=00100203&order_time=2021-01-12 HTTP/1.1" 200 408
114.88.169.67 - - [12/Jan/2021:10:00:20 +0800] "GET /xingrg/all/function/internal_message.html?_=1610416987590&CODE_STATE=getMsg HTTP/1.1" 302 -
180.156.237.57 - - [12/Jan/2021:10:00:23 +0800] "GET /xingrg/check_reg.html?_=1610416806062 HTTP/1.1" 200 22
117.184.7.26 - - [12/Jan/2021:10:00:23 +0800] "GET /xingrg/all/function/internal_message.html?_=1610416820141&CODE_STATE=getMsg HTTP/1.1" 200 27
180.156.237.57 - - [12/Jan/2021:10:00:24 +0800] "GET /xingrg/all/function/internal_message.html?_=1610416806722&CODE_STATE=getMsg HTTP/1.1" 200 27
180.169.147.146 - - [12/Jan/2021:10:00:26 +0800] "GET /xingrg/all/function/internal_message.html?_=1610416828000&CODE_STATE=getMsg HTTP/1.1" 200 27
222.69.133.109 - - [12/Jan/2021:10:00:33 +0800] "GET /xingrg/check_reg.html?_=1610416833211 HTTP/1.1" 200 22
222.69.133.109 - - [12/Jan/2021:10:00:33 +0800] "GET /xingrg/all/function/internal_message.html?_=1610416833214&CODE_STATE=getMsg HTTP/1.1" 200 27
61.165.42.208 - - [12/Jan/2021:10:00:34 +0800] "POST /xingrg/services/DataTransmitService HTTP/1.1" 401 565
61.165.42.208 - - [12/Jan/2021:10:00:34 +0800] "POST /xingrg/services/DataTransmitService HTTP/1.1" 200 478
61.165.42.208 - - [12/Jan/2021:10:00:34 +0800] "POST /xingrg/services/DataTransmitService HTTP/1.1" 200 1320
61.165.42.208 - - [12/Jan/2021:10:00:34 +0800] "POST /xingrg/services/DataTransmitService HTTP/1.1" 200 478
61.165.42.208 - - [12/Jan/2021:10:00:34 +0800] "POST /xingrg/services/DataTransmitService HTTP/1.1" 200 1320
61.165.42.208 - - [12/Jan/2021:10:00:34 +0800] "POST /xingrg/services/DataTransmitService HTTP/1.1" 200 524
61.165.42.208 - - [12/Jan/2021:10:00:34 +0800] "POST /xingrg/services/DataTransmitService HTTP/1.1" 200 2103
61.165.42.208 - - [12/Jan/2021:10:00:35 +0800] "POST /xingrg/services/DataTransmitService HTTP/1.1" 200 45454
61.165.42.208 - - [12/Jan/2021:10:00:35 +0800] "POST /xingrg/services/DataTransmitService HTTP/1.1" 200 19237
180.175.150.119 - - [12/Jan/2021:10:00:36 +0800] "GET /xingrg/all/function/internal_message.html?_=1610417075892&CODE_STATE=getMsg HTTP/1.1" 200 27
180.169.147.146 - - [12/Jan/2021:10:00:38 +0800] "GET /xingrg/all/function/internal_message.html?_=1610416839928&CODE_STATE=getMsg HTTP/1.1" 200 27
180.169.147.146 - - [12/Jan/2021:10:00:38 +0800] "GET /xingrg/check_reg.html?_=1610416839940 HTTP/1.1" 200 22
117.185.32.26 - - [12/Jan/2021:10:00:41 +0800] "GET /xingrg/kc/buy/cgsh_order_add.html HTTP/1.1" 200 61749
117.185.32.26 - - [12/Jan/2021:10:00:41 +0800] "GET /xingrg/javascript/easyui/themes/default/validatebox.css HTTP/1.1" 404 1104
117.185.32.26 - - [12/Jan/2021:10:00:41 +0800] "POST /xingrg/kc/buy/cgsh_order_operate.html HTTP/1.1" 200 8245
117.185.32.26 - - [12/Jan/2021:10:00:43 +0800] "GET /xingrg/javascript/easyui/themes/default/tree.css HTTP/1.1" 404 1090
117.185.32.26 - - [12/Jan/2021:10:00:43 +0800] "POST /xingrg/all/common/load_tree.html?tree=supplier_tree_json&isDelete=1 HTTP/1.1" 200 54158
180.169.147.146 - - [12/Jan/2021:10:00:45 +0800] "GET /xingrg/all/function/internal_message.html?_=1610416745023&CODE_STATE=getMsg HTTP/1.1" 200 27
114.88.169.67 - - [12/Jan/2021:10:00:47 +0800] "GET /xingrg/check_reg.html?_=1610416845226 HTTP/1.1" 200 22
180.169.147.146 - - [12/Jan/2021:10:00:50 +0800] "GET /xingrg/all/function/internal_message.html?_=1610416851152&CODE_STATE=getMsg HTTP/1.1" 200 27
101.227.139.173 - - [12/Jan/2021:10:00:53 +0800] "GET /xingrg/kc/buy/cgsh_order_operate.html?command=get_materiel&rest_code=00141&code=00101008312&supplier_code=00100007&order_time=2021-01-12 HTTP/1.1" 302 -
117.185.32.26 - - [12/Jan/2021:10:00:54 +0800] "GET /xingrg/kc/buy/cgsh_order_operate.html?command=get_materiel&rest_code=00106&code=00101008155&supplier_code=00100007&order_time=2021-01-12 HTTP/1.1" 200 408
58.37.230.33 - - [12/Jan/2021:10:00:56 +0800] "GET /xingrg/all/function/internal_message.html?_=1610416890367&CODE_STATE=getMsg HTTP/1.1" 200 27
116.228.172.94 - - [12/Jan/2021:10:01:00 +0800] "GET /xingrg/all/function/internal_message.html?_=1610416860424&CODE_STATE=getMsg HTTP/1.1" 200 27
114.88.169.67 - - [12/Jan/2021:10:01:01 +0800] "GET /xingrg/all/function/internal_message.html?_=1610416859761&CODE_STATE=getMsg HTTP/1.1" 200 27
58.40.7.146 - - [12/Jan/2021:10:01:01 +0800] "GET /xingrg/check_reg.html?_=1610416861023 HTTP/1.1" 200 22
101.227.139.173 - - [12/Jan/2021:10:01:02 +0800] "GET /xingrg/login.html HTTP/1.1" 200 7641
61.165.42.208 - - [12/Jan/2021:10:01:02 +0800] "GET /xingrg/all/function/internal_message.html?_=1610416863012&CODE_STATE=getMsg HTTP/1.1" 200 27
183.192.164.97 - - [12/Jan/2021:10:01:03 +0800] "GET /xingrg/check_reg.html?_=1610416448393 HTTP/1.1" 302 -
218.81.216.242 - - [12/Jan/2021:10:01:03 +0800] "GET /xingrg/all/function/internal_message.html?_=1610416883494&CODE_STATE=getMsg HTTP/1.1" 200 27
117.185.32.26 - - [12/Jan/2021:10:01:03 +0800] "GET /xingrg/kc/buy/cgsh_order_operate.html?command=get_materiel&rest_code=00106&code=00101008354&supplier_code=00100007&order_time=2021-01-12 HTTP/1.1" 200 412
183.192.164.97 - - [12/Jan/2021:10:01:08 +0800] "GET /xingrg/login.html HTTP/1.1" 200 7641
180.156.237.57 - - [12/Jan/2021:10:01:09 +0800] "GET /xingrg/all/function/internal_message.html?_=1610416870612&CODE_STATE=getMsg HTTP/1.1" 200 27
117.185.32.26 - - [12/Jan/2021:10:01:09 +0800] "GET /xingrg/all/function/internal_message.html?_=1610416868418&CODE_STATE=getMsg HTTP/1.1" 200 27
117.185.32.26 - - [12/Jan/2021:10:01:17 +0800] "GET /xingrg/kc/buy/cgsh_order_operate.html?command=get_materiel&rest_code=00106&code=00101008017&supplier_code=00100007&order_time=2021-01-12 HTTP/1.1" 200 416
114.88.169.67 - - [12/Jan/2021:10:01:20 +0800] "GET /xingrg/all/function/internal_message.html?_=1610417047570&CODE_STATE=getMsg HTTP/1.1" 302 -
117.184.7.26 - - [12/Jan/2021:10:01:23 +0800] "GET /xingrg/all/function/internal_message.html?_=1610416880126&CODE_STATE=getMsg HTTP/1.1" 200 27
180.156.237.57 - - [12/Jan/2021:10:01:24 +0800] "GET /xingrg/all/function/internal_message.html?_=1610416866736&CODE_STATE=getMsg HTTP/1.1" 200 27
180.169.147.146 - - [12/Jan/2021:10:01:26 +0800] "GET /xingrg/all/function/internal_message.html?_=1610416888002&CODE_STATE=getMsg HTTP/1.1" 200 27
222.69.133.109 - - [12/Jan/2021:10:01:33 +0800] "GET /xingrg/all/function/internal_message.html?_=1610416893215&CODE_STATE=getMsg HTTP/1.1" 200 27
180.175.150.119 - - [12/Jan/2021:10:01:37 +0800] "GET /xingrg/all/function/internal_message.html?_=1610417135900&CODE_STATE=getMsg HTTP/1.1" 200 27
180.169.147.146 - - [12/Jan/2021:10:01:38 +0800] "GET /xingrg/all/function/internal_message.html?_=1610416899940&CODE_STATE=getMsg HTTP/1.1" 200 27
101.89.19.197 - - [12/Jan/2021:10:01:44 +0800] "GET /xingrg/check_reg.html?_=1610416410355 HTTP/1.1" 302 -
180.169.147.146 - - [12/Jan/2021:10:01:45 +0800] "GET /xingrg/all/function/internal_message.html?_=1610416805025&CODE_STATE=getMsg HTTP/1.1" 200 27
180.169.147.146 - - [12/Jan/2021:10:01:45 +0800] "GET /xingrg/check_reg.html?_=1610416805027 HTTP/1.1" 200 22
180.169.147.146 - - [12/Jan/2021:10:01:50 +0800] "GET /xingrg/all/function/internal_message.html?_=1610416911154&CODE_STATE=getMsg HTTP/1.1" 200 27
101.89.19.197 - - [12/Jan/2021:10:01:52 +0800] "GET /xingrg/login.html HTTP/1.1" 200 7641
117.185.32.26 - - [12/Jan/2021:10:01:53 +0800] "GET /xingrg/kc/buy/cgsh_order_operate.html?command=get_materiel&rest_code=00106&code=00101008264&supplier_code=00100007&order_time=2021-01-12 HTTP/1.1" 200 412
58.37.230.33 - - [12/Jan/2021:10:01:56 +0800] "GET /xingrg/all/function/internal_message.html?_=1610416950366&CODE_STATE=getMsg HTTP/1.1" 200 27
116.228.172.94 - - [12/Jan/2021:10:01:58 +0800] "GET /xingrg/check_reg.html?_=1610416918836 HTTP/1.1" 200 22
116.228.172.94 - - [12/Jan/2021:10:02:00 +0800] "GET /xingrg/all/function/internal_message.html?_=1610416920398&CODE_STATE=getMsg HTTP/1.1" 200 27
114.88.169.67 - - [12/Jan/2021:10:02:01 +0800] "GET /xingrg/all/function/internal_message.html?_=1610416919773&CODE_STATE=getMsg HTTP/1.1" 200 27
117.185.32.26 - - [12/Jan/2021:10:02:02 +0800] "GET /xingrg/kc/buy/cgsh_order_operate.html?command=get_materiel&rest_code=00106&code=00101008300&supplier_code=00100007&order_time=2021-01-12 HTTP/1.1" 200 412
61.165.42.208 - - [12/Jan/2021:10:02:02 +0800] "GET /xingrg/all/function/internal_message.html?_=1610416923003&CODE_STATE=getMsg HTTP/1.1" 200 27
218.81.216.242 - - [12/Jan/2021:10:02:03 +0800] "GET /xingrg/all/function/internal_message.html?_=1610416943764&CODE_STATE=getMsg HTTP/1.1" 200 27
180.156.237.57 - - [12/Jan/2021:10:02:09 +0800] "GET /xingrg/all/function/internal_message.html?_=1610416930616&CODE_STATE=getMsg HTTP/1.1" 200 27
117.185.32.26 - - [12/Jan/2021:10:02:09 +0800] "GET /xingrg/kc/buy/cgsh_order_operate.html?command=get_materiel&rest_code=00106&code=00101008059&supplier_code=00100007&order_time=2021-01-12 HTTP/1.1" 200 408
117.185.32.26 - - [12/Jan/2021:10:02:09 +0800] "GET /xingrg/all/function/internal_message.html?_=1610416928412&CODE_STATE=getMsg HTTP/1.1" 200 27
117.185.32.26 - - [12/Jan/2021:10:02:17 +0800] "GET /xingrg/kc/buy/cgsh_order_operate.html?command=get_materiel&rest_code=00106&code=00101008078&supplier_code=00100007&order_time=2021-01-12 HTTP/1.1" 200 418
114.88.169.67 - - [12/Jan/2021:10:02:20 +0800] "GET /xingrg/all/function/internal_message.html?_=1610417107548&CODE_STATE=getMsg HTTP/1.1" 302 -
117.184.7.26 - - [12/Jan/2021:10:02:23 +0800] "GET /xingrg/all/function/internal_message.html?_=1610416940116&CODE_STATE=getMsg HTTP/1.1" 200 27
180.156.237.57 - - [12/Jan/2021:10:02:24 +0800] "GET /xingrg/all/function/internal_message.html?_=1610416926750&CODE_STATE=getMsg HTTP/1.1" 200 27
180.169.147.146 - - [12/Jan/2021:10:02:26 +0800] "GET /xingrg/all/function/internal_message.html?_=1610416948003&CODE_STATE=getMsg HTTP/1.1" 200 27
180.169.147.146 - - [12/Jan/2021:10:02:26 +0800] "GET /xingrg/check_reg.html?_=1610416948008 HTTP/1.1" 200 22
117.185.32.26 - - [12/Jan/2021:10:02:27 +0800] "GET /xingrg/kc/buy/cgsh_order_operate.html?command=get_materiel&rest_code=00106&code=00101008357&supplier_code=00100007&order_time=2021-01-12 HTTP/1.1" 200 408
117.185.32.26 - - [12/Jan/2021:10:02:33 +0800] "GET /xingrg/kc/buy/cgsh_order_operate.html?command=get_materiel&rest_code=00106&code=00101008069&supplier_code=00100007&order_time=2021-01-12 HTTP/1.1" 200 412
222.69.133.109 - - [12/Jan/2021:10:02:33 +0800] "GET /xingrg/all/function/internal_message.html?_=1610416953218&CODE_STATE=getMsg HTTP/1.1" 200 27
180.169.147.146 - - [12/Jan/2021:10:02:38 +0800] "GET /xingrg/all/function/internal_message.html?_=1610416959941&CODE_STATE=getMsg HTTP/1.1" 200 27
180.175.150.119 - - [12/Jan/2021:10:02:39 +0800] "GET /xingrg/check_reg.html?_=1610417198647 HTTP/1.1" 200 22
180.175.150.119 - - [12/Jan/2021:10:02:39 +0800] "GET /xingrg/all/function/internal_message.html?_=1610417198679&CODE_STATE=getMsg HTTP/1.1" 200 27
117.185.32.26 - - [12/Jan/2021:10:02:41 +0800] "GET /xingrg/kc/buy/cgsh_order_operate.html?command=get_materiel&rest_code=00106&code=00101008131&supplier_code=00100007&order_time=2021-01-12 HTTP/1.1" 200 408
180.169.147.146 - - [12/Jan/2021:10:02:45 +0800] "GET /xingrg/all/function/internal_message.html?_=1610416865027&CODE_STATE=getMsg HTTP/1.1" 200 27
117.185.32.26 - - [12/Jan/2021:10:02:49 +0800] "GET /xingrg/kc/buy/cgsh_order_operate.html?command=get_materiel&rest_code=00106&code=00101008352&supplier_code=00100007&order_time=2021-01-12 HTTP/1.1" 200 412
180.169.147.146 - - [12/Jan/2021:10:02:50 +0800] "GET /xingrg/check_reg.html?_=1610416971156 HTTP/1.1" 200 22
180.169.147.146 - - [12/Jan/2021:10:02:50 +0800] "GET /xingrg/all/function/internal_message.html?_=1610416971160&CODE_STATE=getMsg HTTP/1.1" 200 27
58.37.230.33 - - [12/Jan/2021:10:02:56 +0800] "GET /xingrg/check_reg.html?_=1610417010368 HTTP/1.1" 200 22
58.37.230.33 - - [12/Jan/2021:10:02:56 +0800] "GET /xingrg/all/function/internal_message.html?_=1610417010369&CODE_STATE=getMsg HTTP/1.1" 200 27
117.185.32.26 - - [12/Jan/2021:10:02:57 +0800] "GET /xingrg/kc/buy/cgsh_order_operate.html?command=get_materiel&rest_code=00106&code=00101008098&supplier_code=00100007&order_time=2021-01-12 HTTP/1.1" 200 412
116.228.172.94 - - [12/Jan/2021:10:03:00 +0800] "GET /xingrg/all/function/internal_message.html?_=1610416980382&CODE_STATE=getMsg HTTP/1.1" 200 27
114.88.169.67 - - [12/Jan/2021:10:03:01 +0800] "GET /xingrg/all/function/internal_message.html?_=1610416979802&CODE_STATE=getMsg HTTP/1.1" 200 27
61.165.42.208 - - [12/Jan/2021:10:03:02 +0800] "GET /xingrg/all/function/internal_message.html?_=1610416983087&CODE_STATE=getMsg HTTP/1.1" 200 27
218.81.216.242 - - [12/Jan/2021:10:03:03 +0800] "GET /xingrg/all/function/internal_message.html?_=1610417003772&CODE_STATE=getMsg HTTP/1.1" 200 27
180.156.237.57 - - [12/Jan/2021:10:03:09 +0800] "GET /xingrg/all/function/internal_message.html?_=1610416990622&CODE_STATE=getMsg HTTP/1.1" 200 27
117.185.32.26 - - [12/Jan/2021:10:03:09 +0800] "GET /xingrg/all/function/internal_message.html?_=1610416988427&CODE_STATE=getMsg HTTP/1.1" 200 27
117.185.32.26 - - [12/Jan/2021:10:03:19 +0800] "GET /xingrg/kc/buy/cgsh_order_operate.html?command=get_materiel&rest_code=00106&code=00101008005&supplier_code=00100007&order_time=2021-01-12 HTTP/1.1" 200 412
114.88.169.67 - - [12/Jan/2021:10:03:20 +0800] "GET /xingrg/all/function/internal_message.html?_=1610417167528&CODE_STATE=getMsg HTTP/1.1" 302 -
117.184.7.26 - - [12/Jan/2021:10:03:23 +0800] "GET /xingrg/all/function/internal_message.html?_=1610417000086&CODE_STATE=getMsg HTTP/1.1" 200 27
180.156.237.57 - - [12/Jan/2021:10:03:24 +0800] "GET /xingrg/all/function/internal_message.html?_=1610416986776&CODE_STATE=getMsg HTTP/1.1" 200 27
180.169.147.146 - - [12/Jan/2021:10:03:26 +0800] "GET /xingrg/all/function/internal_message.html?_=1610417007994&CODE_STATE=getMsg HTTP/1.1" 200 27
180.156.237.57 - - [12/Jan/2021:10:03:29 +0800] "POST /xingrg/all/user/operate.html HTTP/1.1" 200 36
180.156.237.57 - - [12/Jan/2021:10:03:30 +0800] "GET /xingrg/index.html?sysBaseUrl=http%3A%2F%2F180.169.147.146%3A18081%2Fxingrg%2F&costTime=38×tamp=1610345606330 HTTP/1.1" 200 17177
180.156.237.57 - - [12/Jan/2021:10:03:30 +0800] "GET /xingrg/javascript/jquery_easy_ui/themes/default/easyui.css HTTP/1.1" 304 -
180.156.237.57 - - [12/Jan/2021:10:03:30 +0800] "GET /xingrg/javascript/jquery_easy_ui/themes/icon.css HTTP/1.1" 304 -
180.156.237.57 - - [12/Jan/2021:10:03:30 +0800] "GET /xingrg/css/form.css HTTP/1.1" 304 -
180.156.237.57 - - [12/Jan/2021:10:03:30 +0800] "GET /xingrg/javascript/jquery-1.4.2.min.js HTTP/1.1" 304 -
180.156.237.57 - - [12/Jan/2021:10:03:30 +0800] "GET /xingrg/javascript/jquery_easy_ui/jquery.easyui.min.js HTTP/1.1" 304 -
180.156.237.57 - - [12/Jan/2021:10:03:30 +0800] "GET /xingrg/javascript/jquery_easy_ui/easyui-lang-zh_CN.js HTTP/1.1" 304 -
180.156.237.57 - - [12/Jan/2021:10:03:30 +0800] "GET /xingrg/javascript/jquery.form.js HTTP/1.1" 304 -
180.156.237.57 - - [12/Jan/2021:10:03:30 +0800] "GET /xingrg/javascript/jquery.utils.js HTTP/1.1" 304 -
180.156.237.57 - - [12/Jan/2021:10:03:30 +0800] "GET /xingrg/javascript/jquery.timers.js HTTP/1.1" 304 -
180.156.237.57 - - [12/Jan/2021:10:03:30 +0800] "GET /xingrg/images/blue/jxLogo.png HTTP/1.1" 304 -
180.156.237.57 - - [12/Jan/2021:10:03:30 +0800] "GET /xingrg/images/blue/navBackgound.jpg HTTP/1.1" 304 -
180.156.237.57 - - [12/Jan/2021:10:03:30 +0800] "GET /xingrg/javascript/jquery_easy_ui/themes/icons/settle_new.png HTTP/1.1" 304 -
180.156.237.57 - - [12/Jan/2021:10:03:30 +0800] "POST /xingrg/all/common/load_tree.html?tree=area_rest_tree_json&manage=1 HTTP/1.1" 200 476
180.156.237.57 - - [12/Jan/2021:10:03:30 +0800] "GET /xingrg/all/function/internal_message.html?_=1610417011392&CODE_STATE=count HTTP/1.1" 200 11
180.156.237.57 - - [12/Jan/2021:10:03:30 +0800] "GET /xingrg/check_reg.html?_=1610417011393 HTTP/1.1" 200 22
180.156.237.57 - - [12/Jan/2021:10:03:30 +0800] "GET /xingrg/javascript/jquery_easy_ui/themes/default/images/tabs_rightarrow.png HTTP/1.1" 304 -
180.156.237.57 - - [12/Jan/2021:10:03:30 +0800] "GET /xingrg/images/blue/pingpu.png HTTP/1.1" 304 -
180.156.237.57 - - [12/Jan/2021:10:03:30 +0800] "GET /xingrg/javascript/jquery_easy_ui/themes/default/images/panel_tool_collapse.gif HTTP/1.1" 304 -
180.156.237.57 - - [12/Jan/2021:10:03:30 +0800] "GET /xingrg/javascript/jquery_easy_ui/themes/default/images/tabs_leftarrow.png HTTP/1.1" 304 -
180.156.237.57 - - [12/Jan/2021:10:03:30 +0800] "POST /xingrg/load_menu.html HTTP/1.1" 200 5138
180.156.237.57 - - [12/Jan/2021:10:03:32 +0800] "GET /xingrg/kc/buy/cgsh_order_list.html HTTP/1.1" 200 46009
222.69.133.109 - - [12/Jan/2021:10:03:33 +0800] "GET /xingrg/all/function/internal_message.html?_=1610417013245&CODE_STATE=getMsg HTTP/1.1" 200 27
180.156.237.57 - - [12/Jan/2021:10:03:34 +0800] "POST /xingrg/kc/buy/cgsh_list_operate.html HTTP/1.1" 200 1688
180.156.237.57 - - [12/Jan/2021:10:03:36 +0800] "POST /xingrg/kc/buy/cgsh_list_operate.html HTTP/1.1" 200 559
180.156.237.57 - - [12/Jan/2021:10:03:37 +0800] "GET /xingrg/kc/buy/cgsh_order_info.html?code=212021011204927 HTTP/1.1" 200 61393
180.156.237.57 - - [12/Jan/2021:10:03:37 +0800] "GET /xingrg/javascript/easyui/themes/default/validatebox.css HTTP/1.1" 404 1104
180.156.237.57 - - [12/Jan/2021:10:03:38 +0800] "POST /xingrg/kc/buy/cgsh_order_operate.html HTTP/1.1" 200 21224
180.169.147.146 - - [12/Jan/2021:10:03:38 +0800] "GET /xingrg/all/function/internal_message.html?_=1610417019942&CODE_STATE=getMsg HTTP/1.1" 200 27
180.175.150.119 - - [12/Jan/2021:10:03:41 +0800] "GET /xingrg/all/function/internal_message.html?_=1610417260127&CODE_STATE=getMsg HTTP/1.1" 200 27
180.169.147.146 - - [12/Jan/2021:10:03:45 +0800] "GET /xingrg/all/function/internal_message.html?_=1610416925031&CODE_STATE=getMsg HTTP/1.1" 200 27
180.169.147.146 - - [12/Jan/2021:10:03:50 +0800] "GET /xingrg/all/function/internal_message.html?_=1610417031161&CODE_STATE=getMsg HTTP/1.1" 200 27
58.37.230.33 - - [12/Jan/2021:10:03:56 +0800] "GET /xingrg/all/function/internal_message.html?_=1610417070392&CODE_STATE=getMsg HTTP/1.1" 200 27
116.228.172.94 - - [12/Jan/2021:10:04:00 +0800] "GET /xingrg/all/function/internal_message.html?_=1610417040365&CODE_STATE=getMsg HTTP/1.1" 200 27
117.185.32.26 - - [12/Jan/2021:10:04:00 +0800] "GET /xingrg/kc/buy/cgsh_order_operate.html?command=get_materiel&rest_code=00106&code=00101008353&supplier_code=00100007&order_time=2021-01-12 HTTP/1.1" 200 408
114.88.169.67 - - [12/Jan/2021:10:04:01 +0800] "GET /xingrg/all/function/internal_message.html?_=1610417039817&CODE_STATE=getMsg HTTP/1.1" 200 27
180.175.150.119 - - [12/Jan/2021:10:04:02 +0800] "GET /xingrg/kc/buy/cgsh_order_list.html HTTP/1.1" 200 46005
61.165.42.208 - - [12/Jan/2021:10:04:02 +0800] "GET /xingrg/all/function/internal_message.html?_=1610417043139&CODE_STATE=getMsg HTTP/1.1" 200 27
180.175.150.119 - - [12/Jan/2021:10:04:03 +0800] "POST /xingrg/kc/buy/cgsh_list_operate.html HTTP/1.1" 200 876
218.81.216.242 - - [12/Jan/2021:10:04:04 +0800] "GET /xingrg/all/function/internal_message.html?_=1610417064029&CODE_STATE=getMsg HTTP/1.1" 200 27
61.165.42.208 - - [12/Jan/2021:10:04:06 +0800] "POST /xingrg/kc/buy/cgsh_order_operate.html HTTP/1.1" 200 37
180.175.150.119 - - [12/Jan/2021:10:04:06 +0800] "GET /xingrg/kc/buy/cgsh_order_add.html HTTP/1.1" 200 61702
61.165.42.208 - - [12/Jan/2021:10:04:07 +0800] "POST /xingrg/kc/buy/cgsh_order_operate.html HTTP/1.1" 200 25137
180.175.150.119 - - [12/Jan/2021:10:04:07 +0800] "POST /xingrg/kc/buy/cgsh_order_operate.html HTTP/1.1" 200 8245
180.175.150.119 - - [12/Jan/2021:10:04:07 +0800] "GET /xingrg/javascript/easyui/themes/default/validatebox.css HTTP/1.1" 404 1104
61.165.42.208 - - [12/Jan/2021:10:04:08 +0800] "GET /xingrg/kc/print/load_data.html?order_code=212021011204936&kc_code=cgsh&condition= HTTP/1.1" 200 9152
180.175.150.119 - - [12/Jan/2021:10:04:08 +0800] "GET /xingrg/javascript/easyui/themes/default/tree.css HTTP/1.1" 404 1090
180.175.150.119 - - [12/Jan/2021:10:04:09 +0800] "POST /xingrg/all/common/load_tree.html?tree=supplier_tree_json&isDelete=1 HTTP/1.1" 200 54158
117.185.32.26 - - [12/Jan/2021:10:04:09 +0800] "GET /xingrg/check_reg.html?_=1610417048426 HTTP/1.1" 200 22
117.185.32.26 - - [12/Jan/2021:10:04:09 +0800] "GET /xingrg/all/function/internal_message.html?_=1610417048428&CODE_STATE=getMsg HTTP/1.1" 200 27
117.185.32.26 - - [12/Jan/2021:10:04:10 +0800] "GET /xingrg/kc/buy/cgsh_order_operate.html?command=get_materiel&rest_code=00106&code=00101008213&supplier_code=00100007&order_time=2021-01-12 HTTP/1.1" 200 412
117.185.32.26 - - [12/Jan/2021:10:04:19 +0800] "GET /xingrg/kc/buy/cgsh_order_operate.html?command=get_materiel&rest_code=00106&code=00101008336&supplier_code=00100007&order_time=2021-01-12 HTTP/1.1" 200 412
114.88.169.67 - - [12/Jan/2021:10:04:20 +0800] "GET /xingrg/all/function/internal_message.html?_=1610417227496&CODE_STATE=getMsg HTTP/1.1" 302 -
114.88.169.67 - - [12/Jan/2021:10:04:21 +0800] "GET /xingrg/check_reg.html?_=1610417228576 HTTP/1.1" 302 -
117.184.7.26 - - [12/Jan/2021:10:04:23 +0800] "GET /xingrg/check_reg.html?_=1610417059946 HTTP/1.1" 200 22
117.184.7.26 - - [12/Jan/2021:10:04:23 +0800] "GET /xingrg/all/function/internal_message.html?_=1610417060062&CODE_STATE=getMsg HTTP/1.1" 200 27
180.156.237.57 - - [12/Jan/2021:10:04:24 +0800] "GET /xingrg/all/function/internal_message.html?_=1610417046792&CODE_STATE=getMsg HTTP/1.1" 200 27
180.175.150.119 - - [12/Jan/2021:10:04:25 +0800] "GET /xingrg/kc/buy/cgsh_order_operate.html?command=get_materiel&rest_code=00102&code=00101015017&supplier_code=00100054&order_time=2021-01-12 HTTP/1.1" 200 412
180.169.147.146 - - [12/Jan/2021:10:04:26 +0800] "GET /xingrg/all/function/internal_message.html?_=1610417067995&CODE_STATE=getMsg HTTP/1.1" 200 27
180.156.237.57 - - [12/Jan/2021:10:04:30 +0800] "GET /xingrg/all/function/internal_message.html?_=1610417071403&CODE_STATE=getMsg HTTP/1.1" 200 27
222.69.133.109 - - [12/Jan/2021:10:04:33 +0800] "GET /xingrg/all/function/internal_message.html?_=1610417073232&CODE_STATE=getMsg HTTP/1.1" 200 27
117.185.32.26 - - [12/Jan/2021:10:04:34 +0800] "GET /xingrg/kc/buy/cgsh_order_operate.html?command=get_materiel&rest_code=00106&code=00101008096&supplier_code=00100007&order_time=2021-01-12 HTTP/1.1" 200 413
61.165.42.208 - - [12/Jan/2021:10:04:34 +0800] "GET /xingrg/kc/buy/cgsh_order_add.html HTTP/1.1" 200 61790
61.165.42.208 - - [12/Jan/2021:10:04:35 +0800] "GET /xingrg/javascript/easyui/themes/default/validatebox.css HTTP/1.1" 404 1104
61.165.42.208 - - [12/Jan/2021:10:04:35 +0800] "POST /xingrg/kc/buy/cgsh_order_operate.html HTTP/1.1" 200 8245
180.169.147.146 - - [12/Jan/2021:10:04:38 +0800] "GET /xingrg/all/function/internal_message.html?_=1610417079950&CODE_STATE=getMsg HTTP/1.1" 200 27
180.175.150.119 - - [12/Jan/2021:10:04:40 +0800] "GET /xingrg/kc/buy/cgsh_order_operate.html?command=get_materiel&rest_code=00102&code=00101015037&supplier_code=00100054&order_time=2021-01-12 HTTP/1.1" 200 412
180.175.150.119 - - [12/Jan/2021:10:04:41 +0800] "GET /xingrg/all/function/internal_message.html?_=1610417320134&CODE_STATE=getMsg HTTP/1.1" 200 27
180.169.147.146 - - [12/Jan/2021:10:04:45 +0800] "GET /xingrg/all/function/internal_message.html?_=1610416985033&CODE_STATE=getMsg HTTP/1.1" 200 27
218.81.216.242 - - [12/Jan/2021:10:04:46 +0800] "GET /xingrg/check_reg.html?_=1610417106235 HTTP/1.1" 200 22
61.165.42.208 - - [12/Jan/2021:10:04:49 +0800] "GET /xingrg/kc/buy/cgsh_order_operate.html?command=get_materiel&rest_code=00105&code=00101009001&supplier_code=00100024&order_time=2021-01-12 HTTP/1.1" 200 416
180.175.150.119 - - [12/Jan/2021:10:04:50 +0800] "GET /xingrg/kc/buy/cgsh_order_operate.html?command=get_materiel&rest_code=00102&code=00101015059&supplier_code=00100054&order_time=2021-01-12 HTTP/1.1" 200 412
180.169.147.146 - - [12/Jan/2021:10:04:50 +0800] "GET /xingrg/all/function/internal_message.html?_=1610417091163&CODE_STATE=getMsg HTTP/1.1" 200 27
117.185.32.26 - - [12/Jan/2021:10:04:55 +0800] "GET /xingrg/kc/buy/cgsh_order_operate.html?command=get_materiel&rest_code=00106&code=00101008283&supplier_code=00100007&order_time=2021-01-12 HTTP/1.1" 200 408
58.37.230.33 - - [12/Jan/2021:10:04:56 +0800] "GET /xingrg/all/function/internal_message.html?_=1610417130383&CODE_STATE=getMsg HTTP/1.1" 200 27
116.228.172.94 - - [12/Jan/2021:10:05:00 +0800] "GET /xingrg/all/function/internal_message.html?_=1610417100348&CODE_STATE=getMsg HTTP/1.1" 200 27
61.165.42.208 - - [12/Jan/2021:10:05:01 +0800] "GET /xingrg/kc/buy/cgsh_order_operate.html?command=get_materiel&rest_code=00105&code=00101009062&supplier_code=00100024&order_time=2021-01-12 HTTP/1.1" 200 412
114.88.169.67 - - [12/Jan/2021:10:05:01 +0800] "GET /xingrg/all/function/internal_message.html?_=1610417099845&CODE_STATE=getMsg HTTP/1.1" 200 27
180.175.150.119 - - [12/Jan/2021:10:05:02 +0800] "GET /xingrg/kc/buy/cgsh_order_operate.html?command=get_materiel&rest_code=00102&code=00101015042&supplier_code=00100054&order_time=2021-01-12 HTTP/1.1" 200 408
61.165.42.208 - - [12/Jan/2021:10:05:02 +0800] "GET /xingrg/check_reg.html?_=1610417103016 HTTP/1.1" 200 22
61.165.42.208 - - [12/Jan/2021:10:05:02 +0800] "GET /xingrg/all/function/internal_message.html?_=1610417103124&CODE_STATE=getMsg HTTP/1.1" 200 27
218.81.216.242 - - [12/Jan/2021:10:05:04 +0800] "GET /xingrg/all/function/internal_message.html?_=1610417124033&CODE_STATE=getMsg HTTP/1.1" 200 27
117.185.32.26 - - [12/Jan/2021:10:05:06 +0800] "POST /xingrg/kc/buy/cgsh_order_operate.html HTTP/1.1" 200 37
117.185.32.26 - - [12/Jan/2021:10:05:07 +0800] "POST /xingrg/kc/buy/cgsh_order_operate.html HTTP/1.1" 200 12709
120.253.135.82 - - [12/Jan/2021:10:05:07 +0800] "GET /xingrg/all/function/internal_message.html?_=1610416856500&CODE_STATE=getMsg HTTP/1.1" 200 27
120.253.135.82 - - [12/Jan/2021:10:05:07 +0800] "GET /xingrg/check_reg.html?_=1610416856502 HTTP/1.1" 200 22
61.165.42.208 - - [12/Jan/2021:10:05:08 +0800] "GET /xingrg/kc/buy/cgsh_order_operate.html?command=get_materiel&rest_code=00105&code=00101009045&supplier_code=00100024&order_time=2021-01-12 HTTP/1.1" 200 412
120.253.135.82 - - [12/Jan/2021:10:05:09 +0800] "GET /xingrg/javascript/jquery_easy_ui/themes/default/images/tabs_active.png HTTP/1.1" 304 -
180.175.150.119 - - [12/Jan/2021:10:05:09 +0800] "GET /xingrg/kc/buy/cgsh_order_operate.html?command=get_materiel&rest_code=00102&code=00101015057&supplier_code=00100054&order_time=2021-01-12 HTTP/1.1" 200 408
117.185.32.26 - - [12/Jan/2021:10:05:09 +0800] "GET /xingrg/all/function/internal_message.html?_=1610417108422&CODE_STATE=getMsg HTTP/1.1" 200 27
120.204.17.72 - - [12/Jan/2021:10:05:14 +0800] "GET /xingrg/all/function/internal_message.html?_=1610416508415&CODE_STATE=getMsg HTTP/1.1" 302 -
120.253.135.82 - - [12/Jan/2021:10:05:15 +0800] "GET /xingrg/kc/pszx/mdqp_order_list.html?state=10 HTTP/1.1" 200 11008
120.253.135.82 - - [12/Jan/2021:10:05:15 +0800] "GET /xingrg/dwr/util.js HTTP/1.1" 304 -
120.253.135.82 - - [12/Jan/2021:10:05:15 +0800] "GET /xingrg/javascript/Calendar.js HTTP/1.1" 304 -
120.253.135.82 - - [12/Jan/2021:10:05:15 +0800] "GET /xingrg/dwr/interface/AjaxReportQueryService.js HTTP/1.1" 200 13203
120.253.135.82 - - [12/Jan/2021:10:05:15 +0800] "GET /xingrg/dwr/engine.js HTTP/1.1" 200 43631
120.253.135.82 - - [12/Jan/2021:10:05:15 +0800] "GET /xingrg/javascript/jquery_easy_ui/themes/icons/check_new.png HTTP/1.1" 304 -
