120.253.135.82 - - [12/Jan/2021:06:57:30 +0800] "POST /xingrg/all/common/load_tree.html?tree=area_rest_tree_json HTTP/1.1" 200 3344
120.253.135.82 - - [12/Jan/2021:06:57:31 +0800] "POST /xingrg/kc/pszx/jzcl_ps_operate.html HTTP/1.1" 200 2608
120.253.135.82 - - [12/Jan/2021:06:57:31 +0800] "POST /xingrg/kc/pszx/jzcl_ps_operate.html HTTP/1.1" 200 2608
180.169.147.146 - - [12/Jan/2021:06:57:31 +0800] "GET /xingrg/all/function/internal_message.html?_=1610405751442&CODE_STATE=getMsg HTTP/1.1" 200 27
180.169.147.146 - - [12/Jan/2021:06:57:31 +0800] "GET /xingrg/check_reg.html?_=1610405751443 HTTP/1.1" 200 22
180.169.147.146 - - [12/Jan/2021:06:57:38 +0800] "GET /xingrg/all/function/internal_message.html?_=1610405859598&CODE_STATE=getMsg HTTP/1.1" 200 27
120.253.135.82 - - [12/Jan/2021:06:57:40 +0800] "POST /xingrg/kc/pszx/jzcl_ps_operate.html HTTP/1.1" 200 4
61.129.6.174 - - [12/Jan/2021:06:57:40 +0800] "GET /xingrg/check_reg.html?_=1610405822446 HTTP/1.1" 302 -
120.253.135.82 - - [12/Jan/2021:06:57:41 +0800] "GET /xingrg/kc/pszx/mdps_order_list.html HTTP/1.1" 200 21153
120.253.135.82 - - [12/Jan/2021:06:57:42 +0800] "POST /xingrg/kc/pszx/mdps_list_operate.html HTTP/1.1" 200 5716
61.129.6.174 - - [12/Jan/2021:06:57:50 +0800] "GET /xingrg/login.html HTTP/1.1" 200 7641
120.253.135.82 - - [12/Jan/2021:06:57:54 +0800] "POST /xingrg/kc/pszx/mdps_list_operate.html HTTP/1.1" 200 4298
120.253.135.82 - - [12/Jan/2021:06:57:54 +0800] "GET /xingrg/all/function/internal_message.html?_=1610405633073&CODE_STATE=getMsg HTTP/1.1" 200 27
120.253.135.82 - - [12/Jan/2021:06:57:56 +0800] "POST /xingrg/kc/pszx/mdps_list_operate.html HTTP/1.1" 200 198
120.253.135.82 - - [12/Jan/2021:06:57:57 +0800] "POST /xingrg/kc/pszx/mdps_list_operate.html HTTP/1.1" 200 599
114.88.169.67 - - [12/Jan/2021:06:57:58 +0800] "GET /xingrg/all/function/internal_message.html?_=1610405876258&CODE_STATE=getMsg HTTP/1.1" 200 27
120.253.135.82 - - [12/Jan/2021:06:58:01 +0800] "POST /xingrg/kc/pszx/mdps_list_operate.html HTTP/1.1" 200 294
120.253.135.82 - - [12/Jan/2021:06:58:04 +0800] "GET /xingrg/kc/pszx/mdps_order_info.html?code=312021010700250 HTTP/1.1" 200 23889
120.253.135.82 - - [12/Jan/2021:06:58:04 +0800] "GET /xingrg/javascript/easyui/themes/default/validatebox.css HTTP/1.1" 404 1104
120.253.135.82 - - [12/Jan/2021:06:58:04 +0800] "POST /xingrg/kc/pszx/mdps_order_operate.html HTTP/1.1" 200 2785
58.37.230.33 - - [12/Jan/2021:06:58:05 +0800] "GET /xingrg/all/function/internal_message.html?_=1610405919390&CODE_STATE=getMsg HTTP/1.1" 200 27
120.253.135.82 - - [12/Jan/2021:06:58:21 +0800] "POST /xingrg/kc/pszx/mdps_order_operate.html HTTP/1.1" 200 37
120.253.135.82 - - [12/Jan/2021:06:58:22 +0800] "GET /xingrg/kc/pszx/mdps_order_info.html?code=312021010700250 HTTP/1.1" 200 23889
120.253.135.82 - - [12/Jan/2021:06:58:23 +0800] "GET /xingrg/javascript/easyui/themes/default/validatebox.css HTTP/1.1" 404 1104
120.253.135.82 - - [12/Jan/2021:06:58:24 +0800] "POST /xingrg/kc/pszx/mdps_order_operate.html HTTP/1.1" 200 2785
117.184.7.26 - - [12/Jan/2021:06:58:25 +0800] "GET /xingrg/all/function/internal_message.html?_=1610405903178&CODE_STATE=getMsg HTTP/1.1" 200 27
180.156.237.57 - - [12/Jan/2021:06:58:25 +0800] "GET /xingrg/all/function/internal_message.html?_=1610405888290&CODE_STATE=getMsg HTTP/1.1" 200 27
180.169.147.146 - - [12/Jan/2021:06:58:31 +0800] "GET /xingrg/all/function/internal_message.html?_=1610405811445&CODE_STATE=getMsg HTTP/1.1" 200 27
180.169.147.146 - - [12/Jan/2021:06:58:38 +0800] "GET /xingrg/all/function/internal_message.html?_=1610405919599&CODE_STATE=getMsg HTTP/1.1" 200 27
114.88.169.67 - - [12/Jan/2021:06:58:58 +0800] "GET /xingrg/all/function/internal_message.html?_=1610405936275&CODE_STATE=getMsg HTTP/1.1" 200 27
58.37.230.33 - - [12/Jan/2021:06:59:05 +0800] "GET /xingrg/all/function/internal_message.html?_=1610405979358&CODE_STATE=getMsg HTTP/1.1" 200 27
117.184.7.26 - - [12/Jan/2021:06:59:25 +0800] "GET /xingrg/all/function/internal_message.html?_=1610405963180&CODE_STATE=getMsg HTTP/1.1" 200 27
180.156.237.57 - - [12/Jan/2021:06:59:25 +0800] "GET /xingrg/all/function/internal_message.html?_=1610405948310&CODE_STATE=getMsg HTTP/1.1" 200 27
180.169.147.146 - - [12/Jan/2021:06:59:31 +0800] "GET /xingrg/all/function/internal_message.html?_=1610405871449&CODE_STATE=getMsg HTTP/1.1" 200 27
120.253.135.82 - - [12/Jan/2021:06:59:32 +0800] "GET /xingrg/login.html HTTP/1.1" 200 7641
120.253.135.82 - - [12/Jan/2021:06:59:32 +0800] "GET /xingrg/images/blue/jxLogo.png HTTP/1.1" 304 -
120.253.135.82 - - [12/Jan/2021:06:59:33 +0800] "GET /xingrg/images/blue/login_bg.png HTTP/1.1" 304 -
120.253.135.82 - - [12/Jan/2021:06:59:33 +0800] "GET /xingrg/images/blue/srbg.png HTTP/1.1" 304 -
120.253.135.82 - - [12/Jan/2021:06:59:33 +0800] "GET /xingrg/images/blue/hj.png HTTP/1.1" 304 -
120.253.135.82 - - [12/Jan/2021:06:59:33 +0800] "GET /favicon.ico HTTP/1.1" 404 -
120.253.135.82 - - [12/Jan/2021:06:59:36 +0800] "POST /xingrg/login.do HTTP/1.1" 302 -
120.253.135.82 - - [12/Jan/2021:06:59:36 +0800] "GET /xingrg/index.html?sysBaseUrl=http%3A%2F%2F180.169.147.146%3A18081%2Fxingrg%2F&costTime=39×tamp=1610405976498 HTTP/1.1" 200 17173
120.253.135.82 - - [12/Jan/2021:06:59:36 +0800] "GET /xingrg/javascript/jquery_easy_ui/themes/default/easyui.css HTTP/1.1" 304 -
120.253.135.82 - - [12/Jan/2021:06:59:36 +0800] "GET /xingrg/javascript/jquery.form.js HTTP/1.1" 304 -
120.253.135.82 - - [12/Jan/2021:06:59:36 +0800] "GET /xingrg/javascript/jquery_easy_ui/themes/icon.css HTTP/1.1" 304 -
120.253.135.82 - - [12/Jan/2021:06:59:36 +0800] "GET /xingrg/javascript/jquery-1.4.2.min.js HTTP/1.1" 304 -
120.253.135.82 - - [12/Jan/2021:06:59:36 +0800] "GET /xingrg/css/form.css HTTP/1.1" 304 -
120.253.135.82 - - [12/Jan/2021:06:59:36 +0800] "GET /xingrg/javascript/jquery.utils.js HTTP/1.1" 304 -
120.253.135.82 - - [12/Jan/2021:06:59:36 +0800] "GET /xingrg/javascript/jquery_easy_ui/jquery.easyui.min.js HTTP/1.1" 304 -
120.253.135.82 - - [12/Jan/2021:06:59:36 +0800] "GET /xingrg/javascript/jquery_easy_ui/easyui-lang-zh_CN.js HTTP/1.1" 304 -
120.253.135.82 - - [12/Jan/2021:06:59:36 +0800] "GET /xingrg/javascript/jquery.timers.js HTTP/1.1" 304 -
120.253.135.82 - - [12/Jan/2021:06:59:36 +0800] "GET /xingrg/javascript/jquery_easy_ui/themes/icons/settle_new.png HTTP/1.1" 304 -
120.253.135.82 - - [12/Jan/2021:06:59:36 +0800] "GET /xingrg/images/blue/navBackgound.jpg HTTP/1.1" 304 -
120.253.135.82 - - [12/Jan/2021:06:59:36 +0800] "GET /favicon.ico HTTP/1.1" 404 -
120.253.135.82 - - [12/Jan/2021:06:59:36 +0800] "POST /xingrg/all/common/load_tree.html?tree=area_rest_tree_json&manage=1 HTTP/1.1" 200 344
120.253.135.82 - - [12/Jan/2021:06:59:36 +0800] "GET /xingrg/images/blue/pingpu.png HTTP/1.1" 304 -
120.253.135.82 - - [12/Jan/2021:06:59:36 +0800] "GET /xingrg/javascript/jquery_easy_ui/themes/default/images/tabs_leftarrow.png HTTP/1.1" 304 -
120.253.135.82 - - [12/Jan/2021:06:59:36 +0800] "GET /xingrg/javascript/jquery_easy_ui/themes/default/images/tabs_rightarrow.png HTTP/1.1" 304 -
120.253.135.82 - - [12/Jan/2021:06:59:36 +0800] "GET /xingrg/javascript/jquery_easy_ui/themes/default/images/panel_tool_collapse.gif HTTP/1.1" 304 -
120.253.135.82 - - [12/Jan/2021:06:59:37 +0800] "GET /xingrg/check_reg.html?_=1610405736138 HTTP/1.1" 200 22
120.253.135.82 - - [12/Jan/2021:06:59:37 +0800] "GET /xingrg/all/function/internal_message.html?_=1610405736138&CODE_STATE=count HTTP/1.1" 200 11
120.253.135.82 - - [12/Jan/2021:06:59:37 +0800] "POST /xingrg/load_menu.html HTTP/1.1" 200 6743
120.253.135.82 - - [12/Jan/2021:06:59:37 +0800] "GET /xingrg/javascript/jquery_easy_ui/themes/default/images/tree_arrows.gif HTTP/1.1" 304 -
120.253.135.82 - - [12/Jan/2021:06:59:38 +0800] "GET /xingrg/javascript/jquery_easy_ui/themes/default/images/tree_folder_open.gif HTTP/1.1" 304 -
120.253.135.82 - - [12/Jan/2021:06:59:38 +0800] "GET /xingrg/javascript/jquery_easy_ui/themes/icons/search_new.png HTTP/1.1" 304 -
120.253.135.82 - - [12/Jan/2021:06:59:38 +0800] "GET /xingrg/javascript/jquery_easy_ui/themes/icons/delivery_new.png HTTP/1.1" 304 -
120.253.135.82 - - [12/Jan/2021:06:59:38 +0800] "GET /xingrg/javascript/jquery_easy_ui/themes/icons/forms_new.png HTTP/1.1" 304 -
120.253.135.82 - - [12/Jan/2021:06:59:38 +0800] "GET /xingrg/javascript/jquery_easy_ui/themes/icons/storage_new.png HTTP/1.1" 304 -
120.253.135.82 - - [12/Jan/2021:06:59:38 +0800] "GET /xingrg/javascript/jquery_easy_ui/themes/default/images/tree_file.gif HTTP/1.1" 304 -
120.253.135.82 - - [12/Jan/2021:06:59:38 +0800] "GET /xingrg/javascript/jquery_easy_ui/themes/default/images/tree_folder.gif HTTP/1.1" 304 -
180.169.147.146 - - [12/Jan/2021:06:59:38 +0800] "GET /xingrg/all/function/internal_message.html?_=1610405979600&CODE_STATE=getMsg HTTP/1.1" 200 27
120.253.135.82 - - [12/Jan/2021:06:59:43 +0800] "GET /xingrg/javascript/jquery_easy_ui/themes/default/images/tabs_close.gif HTTP/1.1" 304 -
120.253.135.82 - - [12/Jan/2021:06:59:43 +0800] "GET /xingrg/kc/pszx/mdqp_order_list.html?state=10 HTTP/1.1" 200 10611
120.253.135.82 - - [12/Jan/2021:06:59:43 +0800] "GET /xingrg/css/blue.css HTTP/1.1" 304 -
120.253.135.82 - - [12/Jan/2021:06:59:43 +0800] "GET /xingrg/javascript/pic_change.js HTTP/1.1" 304 -
120.253.135.82 - - [12/Jan/2021:06:59:43 +0800] "GET /xingrg/javascript/myfunction.js HTTP/1.1" 304 -
120.253.135.82 - - [12/Jan/2021:06:59:43 +0800] "GET /xingrg/javascript/Calendar.js HTTP/1.1" 304 -
120.253.135.82 - - [12/Jan/2021:06:59:43 +0800] "GET /xingrg/dwr/util.js HTTP/1.1" 304 -
120.253.135.82 - - [12/Jan/2021:06:59:43 +0800] "GET /xingrg/dwr/interface/AjaxQqpsService.js HTTP/1.1" 200 16326
120.253.135.82 - - [12/Jan/2021:06:59:43 +0800] "GET /xingrg/dwr/interface/AjaxReportQueryService.js HTTP/1.1" 200 13203
120.253.135.82 - - [12/Jan/2021:06:59:43 +0800] "GET /xingrg/dwr/engine.js HTTP/1.1" 200 43631
120.253.135.82 - - [12/Jan/2021:06:59:43 +0800] "GET /xingrg/javascript/jquery_easy_ui/themes/icons/check_new.png HTTP/1.1" 304 -
120.253.135.82 - - [12/Jan/2021:06:59:43 +0800] "GET /xingrg/javascript/jquery_easy_ui/themes/icons/uncheck_new.png HTTP/1.1" 304 -
120.253.135.82 - - [12/Jan/2021:06:59:43 +0800] "GET /xingrg/javascript/jquery_easy_ui/themes/icons/back_new.png HTTP/1.1" 304 -
120.253.135.82 - - [12/Jan/2021:06:59:47 +0800] "GET /xingrg/css/base.css HTTP/1.1" 304 -
120.253.135.82 - - [12/Jan/2021:06:59:47 +0800] "GET /xingrg/javascript/jquery_tools/datebox.css HTTP/1.1" 304 -
120.253.135.82 - - [12/Jan/2021:06:59:47 +0800] "GET /xingrg/css/site.css HTTP/1.1" 304 -
120.253.135.82 - - [12/Jan/2021:06:59:47 +0800] "GET /xingrg/javascript/easyui/themes/default/easyui.css HTTP/1.1" 304 -
120.253.135.82 - - [12/Jan/2021:06:59:47 +0800] "GET /xingrg/javascript/easyui/themes/icon.css HTTP/1.1" 304 -
120.253.135.82 - - [12/Jan/2021:06:59:47 +0800] "GET /xingrg/javascript/auto/jquery.autocomplete.css HTTP/1.1" 304 -
120.253.135.82 - - [12/Jan/2021:06:59:47 +0800] "GET /xingrg/javascript/jquery_tools/fix.css HTTP/1.1" 304 -
120.253.135.82 - - [12/Jan/2021:06:59:47 +0800] "GET /xingrg/javascript/jquery_tools/jquery.tools.table.js HTTP/1.1" 304 -
120.253.135.82 - - [12/Jan/2021:06:59:47 +0800] "GET /xingrg/javascript/jquery_tools/jquery.tools.extend.js HTTP/1.1" 304 -
120.253.135.82 - - [12/Jan/2021:06:59:47 +0800] "GET /xingrg/javascript/jquery_tools/jquery.tools.hotkey.js HTTP/1.1" 304 -
120.253.135.82 - - [12/Jan/2021:06:59:47 +0800] "GET /xingrg/javascript/jquery_tools/jquery.tools.min.js HTTP/1.1" 304 -
120.253.135.82 - - [12/Jan/2021:06:59:47 +0800] "GET /xingrg/javascript/jquery_tools/table.css HTTP/1.1" 304 -
120.253.135.82 - - [12/Jan/2021:06:59:47 +0800] "GET /xingrg/kc/pszx/mdps_order_list.html?orderType=0 HTTP/1.1" 200 21153
120.253.135.82 - - [12/Jan/2021:06:59:48 +0800] "GET /xingrg/javascript/jquery_tools/list_manager.js HTTP/1.1" 304 -
120.253.135.82 - - [12/Jan/2021:06:59:48 +0800] "GET /xingrg/javascript/jquery.cookie.js HTTP/1.1" 304 -
120.253.135.82 - - [12/Jan/2021:06:59:48 +0800] "GET /xingrg/javascript/easyui/easyloader.js HTTP/1.1" 304 -
120.253.135.82 - - [12/Jan/2021:06:59:48 +0800] "GET /xingrg/javascript/print/LodopFuncs.js HTTP/1.1" 304 -
120.253.135.82 - - [12/Jan/2021:06:59:48 +0800] "GET /xingrg/javascript/auto/jquery.autocomplete.js HTTP/1.1" 304 -
120.253.135.82 - - [12/Jan/2021:06:59:48 +0800] "GET /xingrg/javascript/easyui/themes/icons/edit_add_new.png HTTP/1.1" 304 -
120.253.135.82 - - [12/Jan/2021:06:59:48 +0800] "GET /xingrg/javascript/easyui/themes/icons/check_new.png HTTP/1.1" 304 -
120.253.135.82 - - [12/Jan/2021:06:59:48 +0800] "GET /xingrg/javascript/easyui/themes/icons/cance_new.png HTTP/1.1" 304 -
120.253.135.82 - - [12/Jan/2021:06:59:48 +0800] "GET /xingrg/javascript/easyui/themes/icons/uncheck_new.png HTTP/1.1" 304 -
120.253.135.82 - - [12/Jan/2021:06:59:48 +0800] "GET /xingrg/javascript/easyui/themes/icons/import_new.png HTTP/1.1" 304 -
120.253.135.82 - - [12/Jan/2021:06:59:48 +0800] "GET /xingrg/javascript/easyui/themes/icons/field_new.png HTTP/1.1" 304 -
120.253.135.82 - - [12/Jan/2021:06:59:48 +0800] "GET /xingrg/javascript/easyui/plugins/jquery.parser.js HTTP/1.1" 304 -
120.253.135.82 - - [12/Jan/2021:06:59:48 +0800] "GET /xingrg/images/control/ajaxLoader.gif HTTP/1.1" 304 -
120.253.135.82 - - [12/Jan/2021:06:59:48 +0800] "GET /xingrg/javascript/jquery_easy_ui/themes/icons/area.png HTTP/1.1" 304 -
120.253.135.82 - - [12/Jan/2021:06:59:48 +0800] "GET /xingrg/javascript/jquery_easy_ui/themes/icons/manage.png HTTP/1.1" 304 -
120.253.135.82 - - [12/Jan/2021:06:59:48 +0800] "POST /xingrg/kc/pszx/mdps_list_operate.html HTTP/1.1" 200 5714
120.253.135.82 - - [12/Jan/2021:06:59:53 +0800] "GET /xingrg/javascript/auto/indicator.gif HTTP/1.1" 404 1066
114.88.169.67 - - [12/Jan/2021:06:59:58 +0800] "GET /xingrg/all/function/internal_message.html?_=1610405996301&CODE_STATE=getMsg HTTP/1.1" 200 27
58.37.230.33 - - [12/Jan/2021:07:00:05 +0800] "GET /xingrg/all/function/internal_message.html?_=1610406039332&CODE_STATE=getMsg HTTP/1.1" 200 27
120.253.135.82 - - [12/Jan/2021:07:00:10 +0800] "POST /xingrg/kc/pszx/mdps_list_operate.html HTTP/1.1" 200 4298
120.253.135.82 - - [12/Jan/2021:07:00:12 +0800] "POST /xingrg/kc/pszx/mdps_list_operate.html HTTP/1.1" 200 198
120.253.135.82 - - [12/Jan/2021:07:00:14 +0800] "POST /xingrg/kc/pszx/mdps_list_operate.html HTTP/1.1" 200 599
120.253.135.82 - - [12/Jan/2021:07:00:15 +0800] "POST /xingrg/kc/pszx/mdps_list_operate.html HTTP/1.1" 200 642
120.253.135.82 - - [12/Jan/2021:07:00:17 +0800] "POST /xingrg/kc/pszx/mdps_list_operate.html HTTP/1.1" 200 438
120.253.135.82 - - [12/Jan/2021:07:00:18 +0800] "POST /xingrg/kc/pszx/mdps_list_operate.html HTTP/1.1" 200 611
120.253.135.82 - - [12/Jan/2021:07:00:19 +0800] "POST /xingrg/kc/pszx/mdps_list_operate.html HTTP/1.1" 200 203
120.253.135.82 - - [12/Jan/2021:07:00:21 +0800] "POST /xingrg/kc/pszx/mdps_list_operate.html HTTP/1.1" 200 294
120.253.135.82 - - [12/Jan/2021:07:00:24 +0800] "POST /xingrg/kc/pszx/mdps_list_operate.html HTTP/1.1" 200 286
117.184.7.26 - - [12/Jan/2021:07:00:25 +0800] "GET /xingrg/all/function/internal_message.html?_=1610406023180&CODE_STATE=getMsg HTTP/1.1" 200 27
180.156.237.57 - - [12/Jan/2021:07:00:25 +0800] "GET /xingrg/all/function/internal_message.html?_=1610406008317&CODE_STATE=getMsg HTTP/1.1" 200 27
180.169.147.146 - - [12/Jan/2021:07:00:31 +0800] "GET /xingrg/all/function/internal_message.html?_=1610405931450&CODE_STATE=getMsg HTTP/1.1" 200 27
120.253.135.82 - - [12/Jan/2021:07:00:37 +0800] "GET /xingrg/all/function/internal_message.html?_=1610405796142&CODE_STATE=getMsg HTTP/1.1" 200 27
180.169.147.146 - - [12/Jan/2021:07:00:38 +0800] "GET /xingrg/check_reg.html?_=1610406039610 HTTP/1.1" 200 22
180.169.147.146 - - [12/Jan/2021:07:00:38 +0800] "GET /xingrg/all/function/internal_message.html?_=1610406039611&CODE_STATE=getMsg HTTP/1.1" 200 27
114.88.169.67 - - [12/Jan/2021:07:00:46 +0800] "GET /xingrg/check_reg.html?_=1610406045024 HTTP/1.1" 200 22
120.253.135.82 - - [12/Jan/2021:07:00:51 +0800] "GET /xingrg/javascript/easyui/themes/default/images/button_plain_hover.png HTTP/1.1" 304 -
120.253.135.82 - - [12/Jan/2021:07:00:52 +0800] "GET /xingrg/kc/pszx/mdps_order_add.html HTTP/1.1" 200 29131
120.253.135.82 - - [12/Jan/2021:07:00:52 +0800] "GET /xingrg/javascript/json2.js HTTP/1.1" 304 -
120.253.135.82 - - [12/Jan/2021:07:00:52 +0800] "GET /xingrg/javascript/jquery_tools/order_manager.js HTTP/1.1" 304 -
120.253.135.82 - - [12/Jan/2021:07:00:52 +0800] "GET /xingrg/javascript/convert.js HTTP/1.1" 304 -
120.253.135.82 - - [12/Jan/2021:07:00:52 +0800] "GET /xingrg/javascript/print/kc_print.js HTTP/1.1" 304 -
120.253.135.82 - - [12/Jan/2021:07:00:52 +0800] "GET /xingrg/words/20210111113338_words.js HTTP/1.1" 304 -
120.253.135.82 - - [12/Jan/2021:07:00:52 +0800] "GET /xingrg/javascript/easyui/themes/icons/copy_new.png HTTP/1.1" 304 -
120.253.135.82 - - [12/Jan/2021:07:00:52 +0800] "GET /xingrg/javascript/easyui/themes/icons/print.png HTTP/1.1" 304 -
120.253.135.82 - - [12/Jan/2021:07:00:52 +0800] "GET /xingrg/javascript/easyui/themes/default/images/menu_downarrow.png HTTP/1.1" 304 -
120.253.135.82 - - [12/Jan/2021:07:00:52 +0800] "GET /xingrg/javascript/easyui/themes/icons/cancel.png HTTP/1.1" 304 -
120.253.135.82 - - [12/Jan/2021:07:00:52 +0800] "GET /xingrg/javascript/easyui/themes/icons/ok.png HTTP/1.1" 304 -
120.253.135.82 - - [12/Jan/2021:07:00:52 +0800] "GET /xingrg/all/common/auto_word.html?type=base&rest_code=00101 HTTP/1.1" 200 559
120.253.135.82 - - [12/Jan/2021:07:00:52 +0800] "GET /xingrg/javascript/easyui/themes/default/validatebox.css HTTP/1.1" 404 1104
120.253.135.82 - - [12/Jan/2021:07:00:52 +0800] "GET /xingrg/javascript/easyui/plugins/jquery.validatebox.js HTTP/1.1" 304 -
120.253.135.82 - - [12/Jan/2021:07:00:52 +0800] "GET /xingrg/javascript/easyui/plugins/jquery.numberbox.js HTTP/1.1" 304 -
120.253.135.82 - - [12/Jan/2021:07:00:52 +0800] "POST /xingrg/kc/pszx/mdps_order_operate.html HTTP/1.1" 200 7126
120.253.135.82 - - [12/Jan/2021:07:00:52 +0800] "GET /xingrg/javascript/easyui/themes/icons/edit_remove.png HTTP/1.1" 304 -
114.88.169.67 - - [12/Jan/2021:07:00:58 +0800] "GET /xingrg/all/function/internal_message.html?_=1610406056317&CODE_STATE=getMsg HTTP/1.1" 200 27
120.253.135.82 - - [12/Jan/2021:07:01:02 +0800] "GET /xingrg/javascript/jquery_tools/images/prev.gif HTTP/1.1" 404 1086
120.253.135.82 - - [12/Jan/2021:07:01:02 +0800] "GET /xingrg/javascript/jquery_tools/images/next.gif HTTP/1.1" 404 1086
58.40.7.146 - - [12/Jan/2021:07:01:02 +0800] "GET /xingrg/check_reg.html?_=1610406061908 HTTP/1.1" 200 22
120.253.135.82 - - [12/Jan/2021:07:01:04 +0800] "GET /xingrg/css/images/panel_loading.gif HTTP/1.1" 304 -
120.253.135.82 - - [12/Jan/2021:07:01:04 +0800] "POST /xingrg/all/common/load_combo.html?type=base HTTP/1.1" 200 984
58.37.230.33 - - [12/Jan/2021:07:01:05 +0800] "GET /xingrg/all/function/internal_message.html?_=1610406099307&CODE_STATE=getMsg HTTP/1.1" 200 27
120.253.135.82 - - [12/Jan/2021:07:01:13 +0800] "GET /xingrg/kc/pszx/mdps_order_operate.html?command=get_materiel&pszx_code=00101&rest_code=00149&base_code=0010250&code=00101017004 HTTP/1.1" 200 439
120.253.135.82 - - [12/Jan/2021:07:01:21 +0800] "POST /xingrg/kc/pszx/mdps_order_operate.html HTTP/1.1" 200 37
120.253.135.82 - - [12/Jan/2021:07:01:22 +0800] "GET /xingrg/kc/pszx/mdps_order_info.html?code=312021011200412 HTTP/1.1" 200 23887
120.253.135.82 - - [12/Jan/2021:07:01:23 +0800] "GET /xingrg/javascript/easyui/themes/default/validatebox.css HTTP/1.1" 404 1104
120.253.135.82 - - [12/Jan/2021:07:01:23 +0800] "POST /xingrg/kc/pszx/mdps_order_operate.html HTTP/1.1" 200 2284
180.156.237.57 - - [12/Jan/2021:07:01:25 +0800] "GET /xingrg/all/function/internal_message.html?_=1610406068337&CODE_STATE=getMsg HTTP/1.1" 200 27
117.184.7.26 - - [12/Jan/2021:07:01:25 +0800] "GET /xingrg/all/function/internal_message.html?_=1610406083199&CODE_STATE=getMsg HTTP/1.1" 200 27
117.184.7.26 - - [12/Jan/2021:07:01:25 +0800] "GET /xingrg/check_reg.html?_=1610406083217 HTTP/1.1" 200 22
58.37.230.33 - - [12/Jan/2021:07:01:28 +0800] "GET /xingrg/check_reg.html?_=1610406122474 HTTP/1.1" 200 22
120.253.135.82 - - [12/Jan/2021:07:01:28 +0800] "POST /xingrg/kc/pszx/mdps_list_operate.html HTTP/1.1" 200 4670
180.169.147.146 - - [12/Jan/2021:07:01:31 +0800] "GET /xingrg/all/function/internal_message.html?_=1610405991452&CODE_STATE=getMsg HTTP/1.1" 200 27
120.253.135.82 - - [12/Jan/2021:07:01:35 +0800] "POST /xingrg/kc/pszx/mdps_list_operate.html HTTP/1.1" 200 294
120.253.135.82 - - [12/Jan/2021:07:01:37 +0800] "POST /xingrg/kc/pszx/mdps_list_operate.html HTTP/1.1" 200 286
120.253.135.82 - - [12/Jan/2021:07:01:37 +0800] "GET /xingrg/all/function/internal_message.html?_=1610405856191&CODE_STATE=getMsg HTTP/1.1" 200 27
180.169.147.146 - - [12/Jan/2021:07:01:38 +0800] "GET /xingrg/all/function/internal_message.html?_=1610406099610&CODE_STATE=getMsg HTTP/1.1" 200 27
120.253.135.82 - - [12/Jan/2021:07:01:48 +0800] "POST /xingrg/kc/pszx/mdps_list_operate.html HTTP/1.1" 200 198
120.253.135.82 - - [12/Jan/2021:07:01:50 +0800] "POST /xingrg/kc/pszx/mdps_list_operate.html HTTP/1.1" 200 599
120.253.135.82 - - [12/Jan/2021:07:01:51 +0800] "GET /xingrg/kc/pszx/mdps_order_info.html?code=312021011200407 HTTP/1.1" 200 23887
120.253.135.82 - - [12/Jan/2021:07:01:52 +0800] "GET /xingrg/javascript/easyui/themes/default/validatebox.css HTTP/1.1" 404 1104
120.253.135.82 - - [12/Jan/2021:07:01:52 +0800] "POST /xingrg/kc/pszx/mdps_order_operate.html HTTP/1.1" 200 5701
120.253.135.82 - - [12/Jan/2021:07:01:55 +0800] "POST /xingrg/kc/pszx/mdps_order_operate.html HTTP/1.1" 200 37
120.253.135.82 - - [12/Jan/2021:07:01:56 +0800] "GET /xingrg/kc/pszx/mdps_order_info.html?code=312021011200407 HTTP/1.1" 200 23887
120.253.135.82 - - [12/Jan/2021:07:01:56 +0800] "POST /xingrg/kc/pszx/mdps_order_operate.html HTTP/1.1" 200 5763
120.253.135.82 - - [12/Jan/2021:07:01:56 +0800] "GET /xingrg/javascript/easyui/themes/default/validatebox.css HTTP/1.1" 404 1104
114.88.169.67 - - [12/Jan/2021:07:01:58 +0800] "GET /xingrg/all/function/internal_message.html?_=1610406116330&CODE_STATE=getMsg HTTP/1.1" 200 27
58.37.230.33 - - [12/Jan/2021:07:02:05 +0800] "GET /xingrg/all/function/internal_message.html?_=1610406159286&CODE_STATE=getMsg HTTP/1.1" 200 27
180.156.237.57 - - [12/Jan/2021:07:02:11 +0800] "GET /xingrg/check_reg.html?_=1610406113914 HTTP/1.1" 200 22
117.184.7.26 - - [12/Jan/2021:07:02:25 +0800] "GET /xingrg/all/function/internal_message.html?_=1610406143186&CODE_STATE=getMsg HTTP/1.1" 200 27
180.156.237.57 - - [12/Jan/2021:07:02:25 +0800] "GET /xingrg/all/function/internal_message.html?_=1610406128344&CODE_STATE=getMsg HTTP/1.1" 200 27
180.169.147.146 - - [12/Jan/2021:07:02:31 +0800] "GET /xingrg/check_reg.html?_=1610406051454 HTTP/1.1" 200 22
180.169.147.146 - - [12/Jan/2021:07:02:31 +0800] "GET /xingrg/all/function/internal_message.html?_=1610406051455&CODE_STATE=getMsg HTTP/1.1" 200 27
120.253.135.82 - - [12/Jan/2021:07:02:37 +0800] "GET /xingrg/all/function/internal_message.html?_=1610405916198&CODE_STATE=getMsg HTTP/1.1" 200 27
180.169.147.146 - - [12/Jan/2021:07:02:38 +0800] "GET /xingrg/all/function/internal_message.html?_=1610406159611&CODE_STATE=getMsg HTTP/1.1" 200 27
120.253.135.82 - - [12/Jan/2021:07:02:51 +0800] "POST /xingrg/kc/pszx/mdps_order_operate.html HTTP/1.1" 200 37
120.253.135.82 - - [12/Jan/2021:07:02:52 +0800] "GET /xingrg/kc/pszx/mdps_order_info.html?code=312021011200407 HTTP/1.1" 200 23887
120.253.135.82 - - [12/Jan/2021:07:02:52 +0800] "GET /xingrg/javascript/easyui/themes/default/validatebox.css HTTP/1.1" 404 1104
120.253.135.82 - - [12/Jan/2021:07:02:52 +0800] "POST /xingrg/kc/pszx/mdps_order_operate.html HTTP/1.1" 200 5763
120.253.135.82 - - [12/Jan/2021:07:02:54 +0800] "POST /xingrg/kc/pszx/mdps_list_operate.html HTTP/1.1" 200 4670
120.253.135.82 - - [12/Jan/2021:07:02:56 +0800] "POST /xingrg/kc/pszx/mdps_list_operate.html HTTP/1.1" 200 286
120.253.135.82 - - [12/Jan/2021:07:02:57 +0800] "GET /xingrg/kc/pszx/mdps_order_info.html?code=312021010700252 HTTP/1.1" 200 23887
120.253.135.82 - - [12/Jan/2021:07:02:57 +0800] "GET /xingrg/javascript/easyui/themes/default/validatebox.css HTTP/1.1" 404 1104
120.253.135.82 - - [12/Jan/2021:07:02:58 +0800] "POST /xingrg/kc/pszx/mdps_order_operate.html HTTP/1.1" 200 2775
114.88.169.67 - - [12/Jan/2021:07:02:58 +0800] "GET /xingrg/all/function/internal_message.html?_=1610406176358&CODE_STATE=getMsg HTTP/1.1" 200 27
120.253.135.82 - - [12/Jan/2021:07:03:01 +0800] "POST /xingrg/kc/pszx/mdps_order_operate.html HTTP/1.1" 200 12
120.253.135.82 - - [12/Jan/2021:07:03:02 +0800] "POST /xingrg/kc/pszx/mdps_list_operate.html HTTP/1.1" 200 4299
120.253.135.82 - - [12/Jan/2021:07:03:04 +0800] "POST /xingrg/kc/pszx/mdps_list_operate.html HTTP/1.1" 200 206
58.37.230.33 - - [12/Jan/2021:07:03:05 +0800] "GET /xingrg/all/function/internal_message.html?_=1610406219254&CODE_STATE=getMsg HTTP/1.1" 200 27
120.253.135.82 - - [12/Jan/2021:07:03:06 +0800] "POST /xingrg/kc/pszx/mdps_list_operate.html HTTP/1.1" 200 294
120.253.135.82 - - [12/Jan/2021:07:03:08 +0800] "POST /xingrg/kc/pszx/mdps_list_operate.html HTTP/1.1" 200 198
120.253.135.82 - - [12/Jan/2021:07:03:10 +0800] "POST /xingrg/kc/pszx/mdps_list_operate.html HTTP/1.1" 200 599
120.253.135.82 - - [12/Jan/2021:07:03:11 +0800] "GET /xingrg/kc/pszx/mdps_order_info.html?code=312021011200407 HTTP/1.1" 200 23887
120.253.135.82 - - [12/Jan/2021:07:03:12 +0800] "GET /xingrg/javascript/easyui/themes/default/validatebox.css HTTP/1.1" 404 1104
120.253.135.82 - - [12/Jan/2021:07:03:12 +0800] "POST /xingrg/kc/pszx/mdps_order_operate.html HTTP/1.1" 200 5763
117.184.7.26 - - [12/Jan/2021:07:03:25 +0800] "GET /xingrg/all/function/internal_message.html?_=1610406203190&CODE_STATE=getMsg HTTP/1.1" 200 27
180.156.237.57 - - [12/Jan/2021:07:03:25 +0800] "GET /xingrg/all/function/internal_message.html?_=1610406188357&CODE_STATE=getMsg HTTP/1.1" 200 27
120.253.135.82 - - [12/Jan/2021:07:03:26 +0800] "POST /xingrg/kc/pszx/mdps_order_operate.html HTTP/1.1" 200 37
120.253.135.82 - - [12/Jan/2021:07:03:27 +0800] "GET /xingrg/kc/pszx/mdps_order_info.html?code=312021011200407 HTTP/1.1" 200 23887
120.253.135.82 - - [12/Jan/2021:07:03:27 +0800] "GET /xingrg/javascript/easyui/themes/default/validatebox.css HTTP/1.1" 404 1104
120.253.135.82 - - [12/Jan/2021:07:03:28 +0800] "POST /xingrg/kc/pszx/mdps_order_operate.html HTTP/1.1" 200 5763
120.253.135.82 - - [12/Jan/2021:07:03:31 +0800] "POST /xingrg/kc/pszx/mdps_list_operate.html HTTP/1.1" 200 4298
180.169.147.146 - - [12/Jan/2021:07:03:31 +0800] "GET /xingrg/all/function/internal_message.html?_=1610406111440&CODE_STATE=getMsg HTTP/1.1" 200 27
120.253.135.82 - - [12/Jan/2021:07:03:34 +0800] "POST /xingrg/kc/pszx/mdps_list_operate.html HTTP/1.1" 200 642
120.253.135.82 - - [12/Jan/2021:07:03:35 +0800] "GET /xingrg/kc/pszx/mdps_order_info.html?code=312021011200408 HTTP/1.1" 200 23887
120.253.135.82 - - [12/Jan/2021:07:03:35 +0800] "GET /xingrg/javascript/easyui/themes/default/validatebox.css HTTP/1.1" 404 1104
120.253.135.82 - - [12/Jan/2021:07:03:35 +0800] "POST /xingrg/kc/pszx/mdps_order_operate.html HTTP/1.1" 200 18450
180.169.147.146 - - [12/Jan/2021:07:03:38 +0800] "GET /xingrg/all/function/internal_message.html?_=1610406219614&CODE_STATE=getMsg HTTP/1.1" 200 27
120.253.135.82 - - [12/Jan/2021:07:03:38 +0800] "POST /xingrg/kc/pszx/mdps_order_operate.html HTTP/1.1" 200 37
120.253.135.82 - - [12/Jan/2021:07:03:39 +0800] "GET /xingrg/kc/pszx/mdps_order_info.html?code=312021011200408 HTTP/1.1" 200 23887
120.253.135.82 - - [12/Jan/2021:07:03:40 +0800] "GET /xingrg/javascript/easyui/themes/default/validatebox.css HTTP/1.1" 404 1104
120.253.135.82 - - [12/Jan/2021:07:03:40 +0800] "POST /xingrg/kc/pszx/mdps_order_operate.html HTTP/1.1" 200 18722
120.253.135.82 - - [12/Jan/2021:07:03:40 +0800] "GET /xingrg/all/function/internal_message.html?_=1610405979270&CODE_STATE=getMsg HTTP/1.1" 200 27
114.88.169.67 - - [12/Jan/2021:07:03:58 +0800] "GET /xingrg/all/function/internal_message.html?_=1610406236373&CODE_STATE=getMsg HTTP/1.1" 200 27
58.37.230.33 - - [12/Jan/2021:07:04:05 +0800] "GET /xingrg/all/function/internal_message.html?_=1610406279232&CODE_STATE=getMsg HTTP/1.1" 200 27
120.253.135.82 - - [12/Jan/2021:07:04:05 +0800] "POST /xingrg/all/common/load_select.html HTTP/1.1" 200 25
120.253.135.82 - - [12/Jan/2021:07:04:07 +0800] "GET /xingrg/kc/pszx/mdps_order_operate.html?command=get_materiel_price&pszx_code=00101&rest_code=00149&base_code=0010246&code=00101019184&unit_code=00100037&order_time=2021-01-13 HTTP/1.1" 200 35
120.253.135.82 - - [12/Jan/2021:07:04:18 +0800] "POST /xingrg/all/common/load_select.html HTTP/1.1" 200 25
120.253.135.82 - - [12/Jan/2021:07:04:20 +0800] "GET /xingrg/kc/pszx/mdps_order_operate.html?command=get_materiel_price&pszx_code=00101&rest_code=00149&base_code=0010246&code=00101019400&unit_code=00100111&order_time=2021-01-13 HTTP/1.1" 200 36
117.184.7.26 - - [12/Jan/2021:07:04:25 +0800] "GET /xingrg/all/function/internal_message.html?_=1610406263192&CODE_STATE=getMsg HTTP/1.1" 200 27
180.156.237.57 - - [12/Jan/2021:07:04:25 +0800] "GET /xingrg/all/function/internal_message.html?_=1610406248383&CODE_STATE=getMsg HTTP/1.1" 200 27
180.169.147.146 - - [12/Jan/2021:07:04:31 +0800] "GET /xingrg/all/function/internal_message.html?_=1610406171445&CODE_STATE=getMsg HTTP/1.1" 200 27
120.253.135.82 - - [12/Jan/2021:07:04:35 +0800] "POST /xingrg/all/common/load_select.html HTTP/1.1" 200 25
120.253.135.82 - - [12/Jan/2021:07:04:37 +0800] "GET /xingrg/kc/pszx/mdps_order_operate.html?command=get_materiel_price&pszx_code=00101&rest_code=00149&base_code=0010246&code=00101019133&unit_code=00100189&order_time=2021-01-13 HTTP/1.1" 200 34
120.253.135.82 - - [12/Jan/2021:07:04:37 +0800] "GET /xingrg/check_reg.html?_=1610406036132 HTTP/1.1" 200 22
180.169.147.146 - - [12/Jan/2021:07:04:38 +0800] "GET /xingrg/all/function/internal_message.html?_=1610406279617&CODE_STATE=getMsg HTTP/1.1" 200 27
120.253.135.82 - - [12/Jan/2021:07:04:40 +0800] "GET /xingrg/all/function/internal_message.html?_=1610406039284&CODE_STATE=getMsg HTTP/1.1" 200 27
120.253.135.82 - - [12/Jan/2021:07:04:46 +0800] "POST /xingrg/all/common/load_select.html HTTP/1.1" 200 25
120.253.135.82 - - [12/Jan/2021:07:04:48 +0800] "GET /xingrg/kc/pszx/mdps_order_operate.html?command=get_materiel_price&pszx_code=00101&rest_code=00149&base_code=0010246&code=00101019222&unit_code=00100130&order_time=2021-01-13 HTTP/1.1" 200 34
120.253.135.82 - - [12/Jan/2021:07:04:56 +0800] "POST /xingrg/kc/pszx/mdps_order_operate.html HTTP/1.1" 200 37
120.253.135.82 - - [12/Jan/2021:07:04:56 +0800] "GET /xingrg/kc/pszx/mdps_order_info.html?code=312021011200408 HTTP/1.1" 200 23887
120.253.135.82 - - [12/Jan/2021:07:04:57 +0800] "GET /xingrg/javascript/easyui/themes/default/validatebox.css HTTP/1.1" 404 1104
120.253.135.82 - - [12/Jan/2021:07:04:57 +0800] "POST /xingrg/kc/pszx/mdps_order_operate.html HTTP/1.1" 200 18715
114.88.169.67 - - [12/Jan/2021:07:04:58 +0800] "GET /xingrg/all/function/internal_message.html?_=1610406296400&CODE_STATE=getMsg HTTP/1.1" 200 27
58.37.230.33 - - [12/Jan/2021:07:05:05 +0800] "GET /xingrg/all/function/internal_message.html?_=1610406339214&CODE_STATE=getMsg HTTP/1.1" 200 27
117.184.7.26 - - [12/Jan/2021:07:05:25 +0800] "GET /xingrg/all/function/internal_message.html?_=1610406323192&CODE_STATE=getMsg HTTP/1.1" 200 27
180.156.237.57 - - [12/Jan/2021:07:05:25 +0800] "GET /xingrg/all/function/internal_message.html?_=1610406308385&CODE_STATE=getMsg HTTP/1.1" 200 27
180.169.147.146 - - [12/Jan/2021:07:05:31 +0800] "GET /xingrg/all/function/internal_message.html?_=1610406231446&CODE_STATE=getMsg HTTP/1.1" 200 27
180.169.147.146 - - [12/Jan/2021:07:05:38 +0800] "GET /xingrg/check_reg.html?_=1610406339620 HTTP/1.1" 200 22
180.169.147.146 - - [12/Jan/2021:07:05:38 +0800] "GET /xingrg/all/function/internal_message.html?_=1610406339625&CODE_STATE=getMsg HTTP/1.1" 200 27
120.253.135.82 - - [12/Jan/2021:07:05:40 +0800] "GET /xingrg/all/function/internal_message.html?_=1610406099325&CODE_STATE=getMsg HTTP/1.1" 200 27
114.88.169.67 - - [12/Jan/2021:07:05:46 +0800] "GET /xingrg/check_reg.html?_=1610406345027 HTTP/1.1" 200 22
114.88.169.67 - - [12/Jan/2021:07:05:58 +0800] "GET /xingrg/all/function/internal_message.html?_=1610406356416&CODE_STATE=getMsg HTTP/1.1" 200 27
58.40.7.146 - - [12/Jan/2021:07:06:02 +0800] "GET /xingrg/check_reg.html?_=1610406361879 HTTP/1.1" 200 22
58.37.230.33 - - [12/Jan/2021:07:06:05 +0800] "GET /xingrg/all/function/internal_message.html?_=1610406399185&CODE_STATE=getMsg HTTP/1.1" 200 27
117.131.5.26 - - [12/Jan/2021:07:06:06 +0800] "POST /xingrg/services/DataTransmitService HTTP/1.1" 200 524
120.253.135.82 - - [12/Jan/2021:07:06:14 +0800] "POST /xingrg/kc/pszx/mdps_order_operate.html HTTP/1.1" 200 37
61.151.207.205 - - [12/Jan/2021:07:06:14 +0800] "GET /xingrg/all/function/internal_message.html?_=1610406339214&CODE_STATE=getMsg HTTP/1.1" 302 -
120.253.135.82 - - [12/Jan/2021:07:06:14 +0800] "GET /xingrg/kc/pszx/mdps_order_info.html?code=312021011200408 HTTP/1.1" 200 23887
120.253.135.82 - - [12/Jan/2021:07:06:15 +0800] "GET /xingrg/javascript/easyui/themes/default/validatebox.css HTTP/1.1" 404 1104
120.253.135.82 - - [12/Jan/2021:07:06:15 +0800] "POST /xingrg/kc/pszx/mdps_order_operate.html HTTP/1.1" 200 18715
61.151.207.205 - - [12/Jan/2021:07:06:24 +0800] "GET /xingrg/login.html HTTP/1.1" 200 7641
117.184.7.26 - - [12/Jan/2021:07:06:25 +0800] "GET /xingrg/all/function/internal_message.html?_=1610406383197&CODE_STATE=getMsg HTTP/1.1" 200 27
117.184.7.26 - - [12/Jan/2021:07:06:25 +0800] "GET /xingrg/check_reg.html?_=1610406383210 HTTP/1.1" 200 22
180.156.237.57 - - [12/Jan/2021:07:06:25 +0800] "GET /xingrg/all/function/internal_message.html?_=1610406368408&CODE_STATE=getMsg HTTP/1.1" 200 27
58.37.230.33 - - [12/Jan/2021:07:06:28 +0800] "GET /xingrg/check_reg.html?_=1610406422476 HTTP/1.1" 200 22
180.169.147.146 - - [12/Jan/2021:07:06:31 +0800] "GET /xingrg/all/function/internal_message.html?_=1610406291448&CODE_STATE=getMsg HTTP/1.1" 200 27
180.169.147.146 - - [12/Jan/2021:07:06:38 +0800] "GET /xingrg/all/function/internal_message.html?_=1610406399625&CODE_STATE=getMsg HTTP/1.1" 200 27
120.253.135.82 - - [12/Jan/2021:07:06:40 +0800] "GET /xingrg/all/function/internal_message.html?_=1610406159342&CODE_STATE=getMsg HTTP/1.1" 200 27
114.88.169.67 - - [12/Jan/2021:07:06:58 +0800] "GET /xingrg/all/function/internal_message.html?_=1610406416430&CODE_STATE=getMsg HTTP/1.1" 200 27
58.37.230.33 - - [12/Jan/2021:07:07:05 +0800] "GET /xingrg/all/function/internal_message.html?_=1610406459165&CODE_STATE=getMsg HTTP/1.1" 200 27
180.156.237.57 - - [12/Jan/2021:07:07:11 +0800] "GET /xingrg/check_reg.html?_=1610406413919 HTTP/1.1" 200 22
180.156.237.57 - - [12/Jan/2021:07:07:25 +0800] "GET /xingrg/all/function/internal_message.html?_=1610406428412&CODE_STATE=getMsg HTTP/1.1" 200 27
117.184.7.26 - - [12/Jan/2021:07:07:25 +0800] "GET /xingrg/all/function/internal_message.html?_=1610406443284&CODE_STATE=getMsg HTTP/1.1" 200 27
180.169.147.146 - - [12/Jan/2021:07:07:31 +0800] "GET /xingrg/all/function/internal_message.html?_=1610406351449&CODE_STATE=getMsg HTTP/1.1" 200 27
180.169.147.146 - - [12/Jan/2021:07:07:31 +0800] "GET /xingrg/check_reg.html?_=1610406351451 HTTP/1.1" 200 22
180.169.147.146 - - [12/Jan/2021:07:07:38 +0800] "GET /xingrg/all/function/internal_message.html?_=1610406459630&CODE_STATE=getMsg HTTP/1.1" 200 27
120.253.135.82 - - [12/Jan/2021:07:07:40 +0800] "GET /xingrg/all/function/internal_message.html?_=1610406219388&CODE_STATE=getMsg HTTP/1.1" 200 27
114.88.169.67 - - [12/Jan/2021:07:07:58 +0800] "GET /xingrg/all/function/internal_message.html?_=1610406476458&CODE_STATE=getMsg HTTP/1.1" 200 27
58.37.230.33 - - [12/Jan/2021:07:08:05 +0800] "GET /xingrg/all/function/internal_message.html?_=1610406519143&CODE_STATE=getMsg HTTP/1.1" 200 27
180.156.237.57 - - [12/Jan/2021:07:08:25 +0800] "GET /xingrg/all/function/internal_message.html?_=1610406488425&CODE_STATE=getMsg HTTP/1.1" 200 27
117.184.7.26 - - [12/Jan/2021:07:08:26 +0800] "GET /xingrg/all/function/internal_message.html?_=1610406503354&CODE_STATE=getMsg HTTP/1.1" 200 27
180.169.147.146 - - [12/Jan/2021:07:08:31 +0800] "GET /xingrg/all/function/internal_message.html?_=1610406411452&CODE_STATE=getMsg HTTP/1.1" 200 27
120.253.135.82 - - [12/Jan/2021:07:08:34 +0800] "POST /xingrg/kc/pszx/mdps_list_operate.html HTTP/1.1" 200 4298
120.253.135.82 - - [12/Jan/2021:07:08:37 +0800] "POST /xingrg/kc/pszx/mdps_list_operate.html HTTP/1.1" 200 438
180.169.147.146 - - [12/Jan/2021:07:08:38 +0800] "GET /xingrg/all/function/internal_message.html?_=1610406519631&CODE_STATE=getMsg HTTP/1.1" 200 27
120.253.135.82 - - [12/Jan/2021:07:08:39 +0800] "GET /xingrg/kc/pszx/mdps_order_info.html?code=312021011200409 HTTP/1.1" 200 23887
120.253.135.82 - - [12/Jan/2021:07:08:39 +0800] "POST /xingrg/kc/pszx/mdps_order_operate.html HTTP/1.1" 200 3742
120.253.135.82 - - [12/Jan/2021:07:08:39 +0800] "GET /xingrg/javascript/easyui/themes/default/validatebox.css HTTP/1.1" 404 1104
120.253.135.82 - - [12/Jan/2021:07:08:40 +0800] "GET /xingrg/all/function/internal_message.html?_=1610406279400&CODE_STATE=getMsg HTTP/1.1" 200 27
120.253.135.82 - - [12/Jan/2021:07:08:43 +0800] "POST /xingrg/kc/pszx/mdps_order_operate.html HTTP/1.1" 200 37
120.253.135.82 - - [12/Jan/2021:07:08:43 +0800] "GET /xingrg/kc/pszx/mdps_order_info.html?code=312021011200409 HTTP/1.1" 200 23887
120.253.135.82 - - [12/Jan/2021:07:08:44 +0800] "POST /xingrg/kc/pszx/mdps_order_operate.html HTTP/1.1" 200 3772
120.253.135.82 - - [12/Jan/2021:07:08:44 +0800] "GET /xingrg/javascript/easyui/themes/default/validatebox.css HTTP/1.1" 404 1104
120.253.135.82 - - [12/Jan/2021:07:08:54 +0800] "GET /xingrg/kc/pszx/mdps_order_operate.html?command=get_materiel&pszx_code=00101&rest_code=00149&base_code=0010246&code=00101013166 HTTP/1.1" 200 454
114.88.169.67 - - [12/Jan/2021:07:08:58 +0800] "GET /xingrg/all/function/internal_message.html?_=1610406536472&CODE_STATE=getMsg HTTP/1.1" 200 27
58.37.230.33 - - [12/Jan/2021:07:09:05 +0800] "GET /xingrg/all/function/internal_message.html?_=1610406579121&CODE_STATE=getMsg HTTP/1.1" 200 27
120.253.135.82 - - [12/Jan/2021:07:09:13 +0800] "POST /xingrg/kc/pszx/mdps_order_operate.html HTTP/1.1" 200 37
120.253.135.82 - - [12/Jan/2021:07:09:13 +0800] "GET /xingrg/kc/pszx/mdps_order_info.html?code=312021011200409 HTTP/1.1" 200 23887
120.253.135.82 - - [12/Jan/2021:07:09:14 +0800] "GET /xingrg/javascript/easyui/themes/default/validatebox.css HTTP/1.1" 404 1104
120.253.135.82 - - [12/Jan/2021:07:09:14 +0800] "POST /xingrg/kc/pszx/mdps_order_operate.html HTTP/1.1" 200 3767
180.156.237.57 - - [12/Jan/2021:07:09:25 +0800] "GET /xingrg/all/function/internal_message.html?_=1610406548447&CODE_STATE=getMsg HTTP/1.1" 200 27
117.184.7.26 - - [12/Jan/2021:07:09:26 +0800] "GET /xingrg/all/function/internal_message.html?_=1610406563377&CODE_STATE=getMsg HTTP/1.1" 200 27
180.169.147.146 - - [12/Jan/2021:07:09:31 +0800] "GET /xingrg/all/function/internal_message.html?_=1610406471453&CODE_STATE=getMsg HTTP/1.1" 200 27
120.253.135.82 - - [12/Jan/2021:07:09:37 +0800] "GET /xingrg/check_reg.html?_=1610406336141 HTTP/1.1" 200 22
180.169.147.146 - - [12/Jan/2021:07:09:38 +0800] "GET /xingrg/all/function/internal_message.html?_=1610406579631&CODE_STATE=getMsg HTTP/1.1" 200 27
120.253.135.82 - - [12/Jan/2021:07:09:40 +0800] "GET /xingrg/all/function/internal_message.html?_=1610406339413&CODE_STATE=getMsg HTTP/1.1" 200 27
120.253.135.82 - - [12/Jan/2021:07:09:53 +0800] "POST /xingrg/kc/pszx/mdps_order_operate.html HTTP/1.1" 200 37
120.253.135.82 - - [12/Jan/2021:07:09:54 +0800] "GET /xingrg/kc/pszx/mdps_order_info.html?code=312021011200409 HTTP/1.1" 200 23887
120.253.135.82 - - [12/Jan/2021:07:09:54 +0800] "POST /xingrg/kc/pszx/mdps_order_operate.html HTTP/1.1" 200 3767
120.253.135.82 - - [12/Jan/2021:07:09:54 +0800] "GET /xingrg/javascript/easyui/themes/default/validatebox.css HTTP/1.1" 404 1104
120.253.135.82 - - [12/Jan/2021:07:09:57 +0800] "POST /xingrg/kc/pszx/mdps_list_operate.html HTTP/1.1" 200 4298
114.88.169.67 - - [12/Jan/2021:07:09:58 +0800] "GET /xingrg/all/function/internal_message.html?_=1610406596500&CODE_STATE=getMsg HTTP/1.1" 200 27
120.253.135.82 - - [12/Jan/2021:07:09:59 +0800] "POST /xingrg/kc/pszx/mdps_list_operate.html HTTP/1.1" 200 432
120.253.135.82 - - [12/Jan/2021:07:10:01 +0800] "POST /xingrg/kc/pszx/mdps_list_operate.html HTTP/1.1" 200 611
120.253.135.82 - - [12/Jan/2021:07:10:03 +0800] "GET /xingrg/kc/pszx/mdps_order_info.html?code=312021011200410 HTTP/1.1" 200 23887
120.253.135.82 - - [12/Jan/2021:07:10:03 +0800] "GET /xingrg/javascript/easyui/themes/default/validatebox.css HTTP/1.1" 404 1104
120.253.135.82 - - [12/Jan/2021:07:10:03 +0800] "POST /xingrg/kc/pszx/mdps_order_operate.html HTTP/1.1" 200 8741
120.253.135.82 - - [12/Jan/2021:07:10:05 +0800] "POST /xingrg/all/common/load_combo.html?type=base HTTP/1.1" 200 984
58.37.230.33 - - [12/Jan/2021:07:10:05 +0800] "GET /xingrg/all/function/internal_message.html?_=1610406639097&CODE_STATE=getMsg HTTP/1.1" 200 27
120.253.135.82 - - [12/Jan/2021:07:10:09 +0800] "POST /xingrg/kc/pszx/mdps_order_operate.html HTTP/1.1" 200 37
120.253.135.82 - - [12/Jan/2021:07:10:10 +0800] "GET /xingrg/kc/pszx/mdps_order_info.html?code=312021011200410 HTTP/1.1" 200 23887
120.253.135.82 - - [12/Jan/2021:07:10:10 +0800] "POST /xingrg/kc/pszx/mdps_order_operate.html HTTP/1.1" 200 8858
120.253.135.82 - - [12/Jan/2021:07:10:10 +0800] "GET /xingrg/javascript/easyui/themes/default/validatebox.css HTTP/1.1" 404 1104
180.156.237.57 - - [12/Jan/2021:07:10:25 +0800] "GET /xingrg/all/function/internal_message.html?_=1610406608453&CODE_STATE=getMsg HTTP/1.1" 200 27
117.184.7.26 - - [12/Jan/2021:07:10:26 +0800] "GET /xingrg/all/function/internal_message.html?_=1610406623494&CODE_STATE=getMsg HTTP/1.1" 200 27
120.253.135.82 - - [12/Jan/2021:07:10:27 +0800] "GET /xingrg/kc/pszx/mdps_order_operate.html?command=get_materiel&pszx_code=00101&rest_code=00149&base_code=0010250&code=00102002189 HTTP/1.1" 200 434
180.169.147.146 - - [12/Jan/2021:07:10:31 +0800] "GET /xingrg/all/function/internal_message.html?_=1610406531440&CODE_STATE=getMsg HTTP/1.1" 200 27
180.169.147.146 - - [12/Jan/2021:07:10:38 +0800] "GET /xingrg/check_reg.html?_=1610406639636 HTTP/1.1" 200 22
180.169.147.146 - - [12/Jan/2021:07:10:38 +0800] "GET /xingrg/all/function/internal_message.html?_=1610406639640&CODE_STATE=getMsg HTTP/1.1" 200 27
120.253.135.82 - - [12/Jan/2021:07:10:40 +0800] "GET /xingrg/all/function/internal_message.html?_=1610406399427&CODE_STATE=getMsg HTTP/1.1" 200 27
114.88.169.67 - - [12/Jan/2021:07:10:46 +0800] "GET /xingrg/check_reg.html?_=1610406645032 HTTP/1.1" 200 22
120.253.135.82 - - [12/Jan/2021:07:10:53 +0800] "POST /xingrg/kc/pszx/mdps_order_operate.html HTTP/1.1" 200 37
120.253.135.82 - - [12/Jan/2021:07:10:54 +0800] "GET /xingrg/kc/pszx/mdps_order_info.html?code=312021011200410 HTTP/1.1" 200 23887
120.253.135.82 - - [12/Jan/2021:07:10:55 +0800] "GET /xingrg/javascript/easyui/themes/default/validatebox.css HTTP/1.1" 404 1104
120.253.135.82 - - [12/Jan/2021:07:10:55 +0800] "POST /xingrg/kc/pszx/mdps_order_operate.html HTTP/1.1" 200 8866
114.88.169.67 - - [12/Jan/2021:07:10:58 +0800] "GET /xingrg/all/function/internal_message.html?_=1610406656514&CODE_STATE=getMsg HTTP/1.1" 200 27
58.40.7.146 - - [12/Jan/2021:07:11:02 +0800] "GET /xingrg/check_reg.html?_=1610406661857 HTTP/1.1" 200 22
120.253.135.82 - - [12/Jan/2021:07:11:04 +0800] "POST /xingrg/kc/pszx/mdps_list_operate.html HTTP/1.1" 200 4298
58.37.230.33 - - [12/Jan/2021:07:11:05 +0800] "GET /xingrg/all/function/internal_message.html?_=1610406699077&CODE_STATE=getMsg HTTP/1.1" 200 27
120.253.135.82 - - [12/Jan/2021:07:11:06 +0800] "POST /xingrg/kc/pszx/mdps_list_operate.html HTTP/1.1" 200 203
120.253.135.82 - - [12/Jan/2021:07:11:08 +0800] "GET /xingrg/kc/pszx/mdps_order_info.html?code=312021011200411 HTTP/1.1" 200 23887
120.253.135.82 - - [12/Jan/2021:07:11:08 +0800] "POST /xingrg/kc/pszx/mdps_order_operate.html HTTP/1.1" 200 2274
120.253.135.82 - - [12/Jan/2021:07:11:08 +0800] "GET /xingrg/javascript/easyui/themes/default/validatebox.css HTTP/1.1" 404 1104
120.253.135.82 - - [12/Jan/2021:07:11:11 +0800] "POST /xingrg/all/common/load_combo.html?type=base HTTP/1.1" 200 984
120.253.135.82 - - [12/Jan/2021:07:11:15 +0800] "POST /xingrg/kc/pszx/mdps_order_operate.html HTTP/1.1" 200 37
120.253.135.82 - - [12/Jan/2021:07:11:15 +0800] "GET /xingrg/kc/pszx/mdps_order_info.html?code=312021011200411 HTTP/1.1" 200 23887
120.253.135.82 - - [12/Jan/2021:07:11:16 +0800] "POST /xingrg/kc/pszx/mdps_order_operate.html HTTP/1.1" 200 2282
120.253.135.82 - - [12/Jan/2021:07:11:16 +0800] "GET /xingrg/javascript/easyui/themes/default/validatebox.css HTTP/1.1" 404 1104
120.253.135.82 - - [12/Jan/2021:07:11:19 +0800] "POST /xingrg/kc/pszx/mdps_list_operate.html HTTP/1.1" 200 4298
120.253.135.82 - - [12/Jan/2021:07:11:25 +0800] "GET /xingrg/kc/pszx/mdqp_order_list.html?state=10 HTTP/1.1" 200 10611
120.253.135.82 - - [12/Jan/2021:07:11:25 +0800] "GET /xingrg/dwr/interface/AjaxReportQueryService.js HTTP/1.1" 200 13203
120.253.135.82 - - [12/Jan/2021:07:11:25 +0800] "GET /xingrg/dwr/interface/AjaxQqpsService.js HTTP/1.1" 200 16326
117.184.7.26 - - [12/Jan/2021:07:11:25 +0800] "GET /xingrg/check_reg.html?_=1610406683201 HTTP/1.1" 200 22
180.156.237.57 - - [12/Jan/2021:07:11:25 +0800] "GET /xingrg/all/function/internal_message.html?_=1610406668474&CODE_STATE=getMsg HTTP/1.1" 200 27
120.253.135.82 - - [12/Jan/2021:07:11:26 +0800] "GET /xingrg/dwr/engine.js HTTP/1.1" 200 43631
117.184.7.26 - - [12/Jan/2021:07:11:26 +0800] "GET /xingrg/all/function/internal_message.html?_=1610406683641&CODE_STATE=getMsg HTTP/1.1" 200 27
120.253.135.82 - - [12/Jan/2021:07:11:27 +0800] "GET /xingrg/kc/pszx/mdqp_order_info.html?code=302021011000255 HTTP/1.1" 200 13350
120.253.135.82 - - [12/Jan/2021:07:11:27 +0800] "GET /xingrg/javascript/tools/jquery.qtip-1.0.0-rc3.min.js HTTP/1.1" 304 -
120.253.135.82 - - [12/Jan/2021:07:11:27 +0800] "GET /xingrg/javascript/AjaxInfoList.js HTTP/1.1" 304 -
120.253.135.82 - - [12/Jan/2021:07:11:27 +0800] "GET /xingrg/dwr/interface/AjaxComOrderService.js HTTP/1.1" 200 18264
120.253.135.82 - - [12/Jan/2021:07:11:27 +0800] "GET /xingrg/javascript/checkform.js HTTP/1.1" 304 -
120.253.135.82 - - [12/Jan/2021:07:11:27 +0800] "GET /xingrg/javascript/ToolTips.js HTTP/1.1" 304 -
120.253.135.82 - - [12/Jan/2021:07:11:27 +0800] "GET /xingrg/javascript/Grid.js HTTP/1.1" 304 -
120.253.135.82 - - [12/Jan/2021:07:11:27 +0800] "GET /xingrg/dwr/engine.js HTTP/1.1" 200 43631
120.253.135.82 - - [12/Jan/2021:07:11:27 +0800] "GET /xingrg/javascript/jquery_easy_ui/themes/icons/print.png HTTP/1.1" 304 -
120.253.135.82 - - [12/Jan/2021:07:11:27 +0800] "GET /xingrg/dwr/interface/AjaxQqpsService.js HTTP/1.1" 200 16326
120.253.135.82 - - [12/Jan/2021:07:11:27 +0800] "GET /xingrg/javascript/jquery_easy_ui/themes/default/images/menu_downarrow.png HTTP/1.1" 304 -
120.253.135.82 - - [12/Jan/2021:07:11:27 +0800] "GET /xingrg/images/blue/button/kc_tab_edit.gif HTTP/1.1" 304 -
120.253.135.82 - - [12/Jan/2021:07:11:27 +0800] "GET /xingrg/images/blue/button/kc_tab_save.gif HTTP/1.1" 304 -
120.253.135.82 - - [12/Jan/2021:07:11:27 +0800] "GET /xingrg/images/blue/kc_tab_left.gif HTTP/1.1" 304 -
120.253.135.82 - - [12/Jan/2021:07:11:27 +0800] "GET /xingrg/images/blue/kc_tab_right.gif HTTP/1.1" 304 -
120.253.135.82 - - [12/Jan/2021:07:11:27 +0800] "GET /xingrg/images/blue/kc_tab_mid.gif HTTP/1.1" 304 -
120.253.135.82 - - [12/Jan/2021:07:11:27 +0800] "GET /xingrg/images/blue/kc_tab2_left.gif HTTP/1.1" 304 -
120.253.135.82 - - [12/Jan/2021:07:11:27 +0800] "GET /xingrg/images/blue/kc_tab2_right.gif HTTP/1.1" 304 -
120.253.135.82 - - [12/Jan/2021:07:11:27 +0800] "GET /xingrg/images/blue/wait.gif HTTP/1.1" 304 -
120.253.135.82 - - [12/Jan/2021:07:11:27 +0800] "POST /xingrg/dwr/call/plaincall/AjaxQqpsService.loadMaterielItems.dwr HTTP/1.1" 200 1027
58.37.230.33 - - [12/Jan/2021:07:11:28 +0800] "GET /xingrg/check_reg.html?_=1610406722478 HTTP/1.1" 200 22
180.169.147.146 - - [12/Jan/2021:07:11:31 +0800] "GET /xingrg/all/function/internal_message.html?_=1610406591441&CODE_STATE=getMsg HTTP/1.1" 200 27
120.253.135.82 - - [12/Jan/2021:07:11:32 +0800] "GET /xingrg/javascript/jquery_easy_ui/themes/default/images/button_plain_hover.png HTTP/1.1" 304 -
120.253.135.82 - - [12/Jan/2021:07:11:33 +0800] "GET /xingrg/kc/pszx/mdqp_order_list.html?isBack=1 HTTP/1.1" 302 -
120.253.135.82 - - [12/Jan/2021:07:11:33 +0800] "GET /xingrg/kc/pszx/mdqp_order_list.html?state=10 HTTP/1.1" 200 10611
120.253.135.82 - - [12/Jan/2021:07:11:33 +0800] "GET /xingrg/dwr/interface/AjaxQqpsService.js HTTP/1.1" 200 16326
120.253.135.82 - - [12/Jan/2021:07:11:33 +0800] "GET /xingrg/dwr/interface/AjaxReportQueryService.js HTTP/1.1" 200 13203
120.253.135.82 - - [12/Jan/2021:07:11:33 +0800] "GET /xingrg/dwr/engine.js HTTP/1.1" 200 43631
180.169.147.146 - - [12/Jan/2021:07:11:38 +0800] "GET /xingrg/all/function/internal_message.html?_=1610406699627&CODE_STATE=getMsg HTTP/1.1" 200 27
120.253.135.82 - - [12/Jan/2021:07:11:40 +0800] "GET /xingrg/all/function/internal_message.html?_=1610406459440&CODE_STATE=getMsg HTTP/1.1" 200 27
114.88.169.67 - - [12/Jan/2021:07:11:58 +0800] "GET /xingrg/all/function/internal_message.html?_=1610406716528&CODE_STATE=getMsg HTTP/1.1" 200 27
58.37.230.33 - - [12/Jan/2021:07:12:05 +0800] "GET /xingrg/all/function/internal_message.html?_=1610406759047&CODE_STATE=getMsg HTTP/1.1" 200 27
180.156.237.57 - - [12/Jan/2021:07:12:11 +0800] "GET /xingrg/check_reg.html?_=1610406713930 HTTP/1.1" 200 22
180.156.237.57 - - [12/Jan/2021:07:12:25 +0800] "GET /xingrg/all/function/internal_message.html?_=1610406728480&CODE_STATE=getMsg HTTP/1.1" 200 27
