218.81.216.242 - - [12/Jan/2021:11:15:46 +0800] "POST /xingrg/kc/buy/cgsh_order_operate.html HTTP/1.1" 200 8245
218.81.216.242 - - [12/Jan/2021:11:15:46 +0800] "GET /xingrg/javascript/easyui/themes/default/validatebox.css HTTP/1.1" 404 1104
114.88.169.67 - - [12/Jan/2021:11:15:48 +0800] "GET /xingrg/all/function/internal_message.html?_=1610421346984&CODE_STATE=getMsg HTTP/1.1" 200 27
180.156.237.57 - - [12/Jan/2021:11:15:51 +0800] "POST /xingrg/kc/buy/cgsh_order_operate.html HTTP/1.1" 200 37
114.88.169.67 - - [12/Jan/2021:11:15:52 +0800] "GET /xingrg/kc/buy/cgsh_order_operate.html?command=get_materiel&rest_code=00111&code=00101009045&supplier_code=00100022&order_time=2021-01-12 HTTP/1.1" 200 412
117.185.32.26 - - [12/Jan/2021:11:15:53 +0800] "GET /xingrg/kc/buy/cgsh_order_add.html HTTP/1.1" 200 61743
117.185.32.26 - - [12/Jan/2021:11:15:54 +0800] "GET /xingrg/javascript/easyui/themes/default/validatebox.css HTTP/1.1" 404 1104
117.185.32.26 - - [12/Jan/2021:11:15:54 +0800] "POST /xingrg/kc/buy/cgsh_order_operate.html HTTP/1.1" 200 8245
180.156.237.57 - - [12/Jan/2021:11:15:54 +0800] "POST /xingrg/kc/buy/cgsh_order_operate.html HTTP/1.1" 200 12
180.156.237.57 - - [12/Jan/2021:11:15:55 +0800] "GET /xingrg/kc/buy/cgsh_order_info.html?code=212021011205047 HTTP/1.1" 200 56573
222.69.138.238 - - [12/Jan/2021:11:15:55 +0800] "GET /xingrg/kc/buy/cgsh_order_add.html HTTP/1.1" 200 61796
180.156.237.57 - - [12/Jan/2021:11:15:55 +0800] "GET /xingrg/javascript/easyui/themes/default/validatebox.css HTTP/1.1" 404 1104
222.69.138.238 - - [12/Jan/2021:11:15:55 +0800] "POST /xingrg/kc/buy/cgsh_order_operate.html HTTP/1.1" 200 8245
222.69.138.238 - - [12/Jan/2021:11:15:55 +0800] "GET /xingrg/javascript/easyui/themes/default/validatebox.css HTTP/1.1" 404 1104
180.156.237.57 - - [12/Jan/2021:11:15:55 +0800] "POST /xingrg/kc/buy/cgsh_order_operate.html HTTP/1.1" 200 612
58.37.230.33 - - [12/Jan/2021:11:15:56 +0800] "GET /xingrg/all/function/internal_message.html?_=1610421390497&CODE_STATE=getMsg HTTP/1.1" 200 27
180.156.237.57 - - [12/Jan/2021:11:15:57 +0800] "GET /xingrg/kc/print/load_data.html?order_code=212021011205047&kc_code=cgsh&condition= HTTP/1.1" 200 720
222.69.138.238 - - [12/Jan/2021:11:16:00 +0800] "GET /xingrg/all/function/internal_message.html?_=1610421357191&CODE_STATE=getMsg HTTP/1.1" 200 27
116.228.172.94 - - [12/Jan/2021:11:16:00 +0800] "GET /xingrg/all/function/internal_message.html?_=1610421361263&CODE_STATE=getMsg HTTP/1.1" 200 27
180.156.237.57 - - [12/Jan/2021:11:16:01 +0800] "GET /xingrg/kc/buy/cgsh_order_add.html HTTP/1.1" 200 61667
180.156.237.57 - - [12/Jan/2021:11:16:01 +0800] "POST /xingrg/kc/buy/cgsh_order_operate.html HTTP/1.1" 200 8245
114.88.169.67 - - [12/Jan/2021:11:16:01 +0800] "POST /xingrg/kc/buy/cgsh_order_operate.html HTTP/1.1" 200 37
218.81.216.242 - - [12/Jan/2021:11:16:01 +0800] "GET /xingrg/kc/buy/cgsh_order_operate.html?command=get_materiel&rest_code=00146&code=00101004067&supplier_code=00100312&order_time=2021-01-12 HTTP/1.1" 200 413
180.156.237.57 - - [12/Jan/2021:11:16:01 +0800] "GET /xingrg/javascript/easyui/themes/default/validatebox.css HTTP/1.1" 404 1104
58.40.7.146 - - [12/Jan/2021:11:16:01 +0800] "GET /xingrg/check_reg.html?_=1610421360655 HTTP/1.1" 200 22
117.185.32.26 - - [12/Jan/2021:11:16:01 +0800] "GET /xingrg/javascript/easyui/themes/default/tree.css HTTP/1.1" 404 1090
117.185.32.26 - - [12/Jan/2021:11:16:01 +0800] "POST /xingrg/all/common/load_tree.html?tree=supplier_tree_json&isDelete=1 HTTP/1.1" 200 54158
61.165.42.208 - - [12/Jan/2021:11:16:02 +0800] "GET /xingrg/all/function/internal_message.html?_=1610421363073&CODE_STATE=getMsg HTTP/1.1" 200 27
114.88.169.67 - - [12/Jan/2021:11:16:02 +0800] "POST /xingrg/kc/buy/cgsh_order_operate.html HTTP/1.1" 200 3837
124.77.238.8 - - [12/Jan/2021:11:16:02 +0800] "POST /xingrg/services/DataTransmitService HTTP/1.1" 200 524
124.77.238.8 - - [12/Jan/2021:11:16:03 +0800] "POST /xingrg/services/DataTransmitService HTTP/1.1" 200 501
114.88.169.67 - - [12/Jan/2021:11:16:04 +0800] "GET /xingrg/kc/print/load_data.html?order_code=212021011205048&kc_code=cgsh&condition= HTTP/1.1" 200 1148
124.77.238.8 - - [12/Jan/2021:11:16:05 +0800] "POST /xingrg/services/DataTransmitService HTTP/1.1" 200 501
124.77.238.8 - - [12/Jan/2021:11:16:05 +0800] "POST /xingrg/services/DataTransmitService HTTP/1.1" 200 501
124.77.238.8 - - [12/Jan/2021:11:16:05 +0800] "POST /xingrg/services/DataTransmitService HTTP/1.1" 200 501
124.77.238.8 - - [12/Jan/2021:11:16:05 +0800] "POST /xingrg/services/DataTransmitService HTTP/1.1" 200 501
180.169.147.146 - - [12/Jan/2021:11:16:06 +0800] "GET /xingrg/check_reg.html?_=1610421365103 HTTP/1.1" 200 22
180.169.147.146 - - [12/Jan/2021:11:16:06 +0800] "GET /xingrg/all/function/internal_message.html?_=1610421365106&CODE_STATE=getMsg HTTP/1.1" 200 27
180.156.237.57 - - [12/Jan/2021:11:16:07 +0800] "GET /xingrg/kc/buy/cgsh_order_operate.html?command=get_materiel&rest_code=00150&code=00101002006&supplier_code=00100091&order_time=2021-01-12 HTTP/1.1" 200 414
124.77.238.8 - - [12/Jan/2021:11:16:08 +0800] "POST /xingrg/services/DataTransmitService HTTP/1.1" 200 412
101.85.52.2 - - [12/Jan/2021:11:16:10 +0800] "GET /xingrg/all/function/internal_message.html?_=1610421365006&CODE_STATE=getMsg HTTP/1.1" 200 27
218.81.216.242 - - [12/Jan/2021:11:16:11 +0800] "GET /xingrg/all/function/internal_message.html?_=1610421391049&CODE_STATE=getMsg HTTP/1.1" 200 27
117.185.32.26 - - [12/Jan/2021:11:16:12 +0800] "GET /xingrg/all/function/internal_message.html?_=1610421371241&CODE_STATE=getMsg HTTP/1.1" 200 27
180.156.237.57 - - [12/Jan/2021:11:16:18 +0800] "GET /xingrg/all/function/internal_message.html?_=1610421379552&CODE_STATE=getMsg HTTP/1.1" 200 27
114.88.169.67 - - [12/Jan/2021:11:16:18 +0800] "GET /xingrg/all/function/internal_message.html?_=1610421545759&CODE_STATE=getMsg HTTP/1.1" 302 -
180.175.150.119 - - [12/Jan/2021:11:16:19 +0800] "POST /xingrg/kc/buy/cgsh_order_operate.html HTTP/1.1" 200 64
180.156.237.57 - - [12/Jan/2021:11:16:20 +0800] "POST /xingrg/kc/buy/cgsh_order_operate.html HTTP/1.1" 200 37
218.81.216.242 - - [12/Jan/2021:11:16:21 +0800] "GET /xingrg/kc/buy/cgsh_order_operate.html?command=get_materiel&rest_code=00146&code=00101004049&supplier_code=00100312&order_time=2021-01-12 HTTP/1.1" 200 413
180.169.147.146 - - [12/Jan/2021:11:16:21 +0800] "POST /xingrg/dwr/call/plaincall/AjaxReportQueryService.refreshCache.dwr HTTP/1.1" 200 79
117.185.32.26 - - [12/Jan/2021:11:16:22 +0800] "GET /xingrg/check_reg.html?_=1610421846609 HTTP/1.1" 200 22
117.185.32.26 - - [12/Jan/2021:11:16:22 +0800] "GET /xingrg/all/function/internal_message.html?_=1610421846610&CODE_STATE=getMsg HTTP/1.1" 200 27
180.156.237.57 - - [12/Jan/2021:11:16:23 +0800] "POST /xingrg/kc/buy/cgsh_order_operate.html HTTP/1.1" 200 12
117.131.5.26 - - [12/Jan/2021:11:16:24 +0800] "GET /xingrg/all/function/internal_message.html?_=1610421433041&CODE_STATE=getMsg HTTP/1.1" 200 27
58.37.230.33 - - [12/Jan/2021:11:16:24 +0800] "GET /xingrg/all/function/internal_message.html?_=1610420940304&CODE_STATE=getMsg HTTP/1.1" 200 27
117.184.7.26 - - [12/Jan/2021:11:16:24 +0800] "GET /xingrg/check_reg.html?_=1610421380847 HTTP/1.1" 200 22
180.175.150.119 - - [12/Jan/2021:11:16:25 +0800] "POST /xingrg/kc/buy/cgsh_order_operate.html HTTP/1.1" 200 37
180.169.147.146 - - [12/Jan/2021:11:16:25 +0800] "POST /xingrg/all/report/load_report_page.html HTTP/1.1" 200 8932
180.169.147.146 - - [12/Jan/2021:11:16:25 +0800] "GET /xingrg/servlets/image?cache=0.26957878896569565&image=px HTTP/1.1" 200 807
180.156.237.57 - - [12/Jan/2021:11:16:25 +0800] "GET /xingrg/kc/buy/cgsh_order_info.html?code=212021011205050 HTTP/1.1" 200 56573
180.156.237.57 - - [12/Jan/2021:11:16:25 +0800] "GET /xingrg/all/function/internal_message.html?_=1610421367832&CODE_STATE=getMsg HTTP/1.1" 200 27
180.156.237.57 - - [12/Jan/2021:11:16:25 +0800] "GET /xingrg/javascript/easyui/themes/default/validatebox.css HTTP/1.1" 404 1104
180.156.237.57 - - [12/Jan/2021:11:16:25 +0800] "POST /xingrg/kc/buy/cgsh_order_operate.html HTTP/1.1" 200 612
180.169.147.146 - - [12/Jan/2021:11:16:26 +0800] "GET /xingrg/all/function/internal_message.html?_=1610421386547&CODE_STATE=getMsg HTTP/1.1" 200 27
180.169.147.146 - - [12/Jan/2021:11:16:26 +0800] "GET /xingrg/check_reg.html?_=1610421386551 HTTP/1.1" 200 22
180.175.150.119 - - [12/Jan/2021:11:16:26 +0800] "POST /xingrg/kc/buy/cgsh_order_operate.html HTTP/1.1" 200 2671
180.169.147.146 - - [12/Jan/2021:11:16:26 +0800] "GET /xingrg/all/function/internal_message.html?_=1610421388130&CODE_STATE=getMsg HTTP/1.1" 200 27
180.156.237.57 - - [12/Jan/2021:11:16:27 +0800] "GET /xingrg/kc/print/load_data.html?order_code=212021011205050&kc_code=cgsh&condition= HTTP/1.1" 200 786
180.175.150.119 - - [12/Jan/2021:11:16:31 +0800] "POST /xingrg/kc/buy/cgsh_order_operate.html HTTP/1.1" 200 37
180.156.237.57 - - [12/Jan/2021:11:16:32 +0800] "GET /xingrg/kc/buy/cgsh_order_add.html HTTP/1.1" 200 61667
117.184.7.26 - - [12/Jan/2021:11:16:32 +0800] "GET /xingrg/all/function/internal_message.html?_=1610421388559&CODE_STATE=getMsg HTTP/1.1" 200 27
180.156.237.57 - - [12/Jan/2021:11:16:32 +0800] "POST /xingrg/kc/buy/cgsh_order_operate.html HTTP/1.1" 200 8245
180.156.237.57 - - [12/Jan/2021:11:16:32 +0800] "GET /xingrg/javascript/easyui/themes/default/validatebox.css HTTP/1.1" 404 1104
222.69.133.109 - - [12/Jan/2021:11:16:33 +0800] "GET /xingrg/all/function/internal_message.html?_=1610421393346&CODE_STATE=getMsg HTTP/1.1" 200 27
180.175.150.119 - - [12/Jan/2021:11:16:34 +0800] "POST /xingrg/kc/buy/cgsh_order_operate.html HTTP/1.1" 200 12
117.185.32.26 - - [12/Jan/2021:11:16:35 +0800] "GET /xingrg/kc/buy/cgsh_order_operate.html?command=get_materiel&rest_code=00106&code=00101001093&supplier_code=00100090&order_time=2021-01-12 HTTP/1.1" 200 411
180.175.150.119 - - [12/Jan/2021:11:16:35 +0800] "GET /xingrg/kc/buy/cgsh_order_info.html?code=212021011205051 HTTP/1.1" 200 56604
180.175.150.119 - - [12/Jan/2021:11:16:37 +0800] "GET /xingrg/all/function/internal_message.html?_=1610421636514&CODE_STATE=getMsg HTTP/1.1" 200 27
180.175.150.119 - - [12/Jan/2021:11:16:37 +0800] "GET /xingrg/javascript/easyui/themes/default/validatebox.css HTTP/1.1" 404 1104
180.169.147.146 - - [12/Jan/2021:11:16:38 +0800] "GET /xingrg/all/function/internal_message.html?_=1610421400077&CODE_STATE=getMsg HTTP/1.1" 302 -
180.175.150.119 - - [12/Jan/2021:11:16:39 +0800] "POST /xingrg/kc/buy/cgsh_order_operate.html HTTP/1.1" 200 621
61.165.42.208 - - [12/Jan/2021:11:16:40 +0800] "GET /xingrg/all/function/internal_message.html?_=1610421381796&CODE_STATE=getMsg HTTP/1.1" 200 27
61.165.42.208 - - [12/Jan/2021:11:16:40 +0800] "GET /xingrg/check_reg.html?_=1610421381801 HTTP/1.1" 200 22
218.81.216.242 - - [12/Jan/2021:11:16:41 +0800] "GET /xingrg/kc/buy/cgsh_order_operate.html?command=get_materiel&rest_code=00146&code=00101005017&supplier_code=00100312&order_time=2021-01-12 HTTP/1.1" 200 409
180.156.237.57 - - [12/Jan/2021:11:16:41 +0800] "GET /xingrg/kc/buy/cgsh_order_operate.html?command=get_materiel&rest_code=00150&code=00101008328&supplier_code=00100338&order_time=2021-01-12 HTTP/1.1" 200 410
58.37.230.33 - - [12/Jan/2021:11:16:42 +0800] "GET /xingrg/kc/buy/buy_main.html HTTP/1.1" 200 12412
58.37.230.33 - - [12/Jan/2021:11:16:42 +0800] "GET /xingrg/css/new_ie.css HTTP/1.1" 404 1036
58.37.230.33 - - [12/Jan/2021:11:16:43 +0800] "GET /xingrg/images/yd/bt.gif HTTP/1.1" 404 1040
58.37.230.33 - - [12/Jan/2021:11:16:44 +0800] "GET /xingrg/kc/buy/cgsh_order_list.html HTTP/1.1" 200 46011
116.228.172.94 - - [12/Jan/2021:11:16:45 +0800] "GET /xingrg/kc/buy/cgsh_order_add.html HTTP/1.1" 200 61831
180.169.147.146 - - [12/Jan/2021:11:16:45 +0800] "GET /xingrg/check_reg.html?_=1610421305027 HTTP/1.1" 200 22
180.169.147.146 - - [12/Jan/2021:11:16:45 +0800] "GET /xingrg/all/function/internal_message.html?_=1610421305029&CODE_STATE=getMsg HTTP/1.1" 200 27
116.228.172.94 - - [12/Jan/2021:11:16:45 +0800] "GET /xingrg/words/20210111113338_words.js HTTP/1.1" 304 -
58.37.230.33 - - [12/Jan/2021:11:16:45 +0800] "POST /xingrg/kc/buy/cgsh_list_operate.html HTTP/1.1" 200 1689
116.228.172.94 - - [12/Jan/2021:11:16:46 +0800] "GET /xingrg/javascript/easyui/themes/default/validatebox.css HTTP/1.1" 404 1104
116.228.172.94 - - [12/Jan/2021:11:16:46 +0800] "POST /xingrg/kc/buy/cgsh_order_operate.html HTTP/1.1" 200 8245
116.228.172.94 - - [12/Jan/2021:11:16:47 +0800] "GET /xingrg/javascript/easyui/themes/default/tree.css HTTP/1.1" 404 1090
116.228.172.94 - - [12/Jan/2021:11:16:47 +0800] "POST /xingrg/all/common/load_tree.html?tree=supplier_tree_json&isDelete=1 HTTP/1.1" 200 54158
114.88.169.67 - - [12/Jan/2021:11:16:49 +0800] "GET /xingrg/all/function/internal_message.html?_=1610421407256&CODE_STATE=getMsg HTTP/1.1" 200 27
101.89.239.120 - - [12/Jan/2021:11:16:49 +0800] "GET /xingrg/all/function/internal_message.html?_=1610421030494&CODE_STATE=getMsg HTTP/1.1" 302 -
58.37.230.33 - - [12/Jan/2021:11:16:49 +0800] "GET /xingrg/kc/buy/cgsh_order_add.html HTTP/1.1" 200 61749
58.37.230.33 - - [12/Jan/2021:11:16:49 +0800] "GET /xingrg/words/20210111113338_words.js HTTP/1.1" 304 -
58.37.230.33 - - [12/Jan/2021:11:16:49 +0800] "GET /xingrg/all/common/auto_word.html?type=employee&rest_code=00141 HTTP/1.1" 200 201
58.37.230.33 - - [12/Jan/2021:11:16:49 +0800] "GET /xingrg/all/common/auto_word.html?type=employee&rest_code=00141 HTTP/1.1" 200 201
58.37.230.33 - - [12/Jan/2021:11:16:49 +0800] "GET /xingrg/javascript/easyui/themes/default/validatebox.css HTTP/1.1" 404 1104
58.37.230.33 - - [12/Jan/2021:11:16:49 +0800] "POST /xingrg/kc/buy/cgsh_order_operate.html HTTP/1.1" 200 8245
218.81.216.242 - - [12/Jan/2021:11:16:56 +0800] "GET /xingrg/kc/buy/cgsh_order_operate.html?command=get_materiel&rest_code=00146&code=00101004020&supplier_code=00100312&order_time=2021-01-12 HTTP/1.1" 200 409
58.37.230.33 - - [12/Jan/2021:11:16:56 +0800] "GET /xingrg/all/function/internal_message.html?_=1610421450500&CODE_STATE=getMsg HTTP/1.1" 200 27
101.89.239.120 - - [12/Jan/2021:11:16:56 +0800] "GET /xingrg/login.html HTTP/1.1" 200 7641
116.228.172.94 - - [12/Jan/2021:11:16:58 +0800] "GET /xingrg/check_reg.html?_=1610421418923 HTTP/1.1" 200 22
180.156.237.57 - - [12/Jan/2021:11:16:58 +0800] "GET /xingrg/kc/buy/cgsh_order_operate.html?command=get_materiel&rest_code=00150&code=00101019383&supplier_code=00100338&order_time=2021-01-12 HTTP/1.1" 200 456
222.69.138.238 - - [12/Jan/2021:11:17:00 +0800] "GET /xingrg/all/function/internal_message.html?_=1610421417190&CODE_STATE=getMsg HTTP/1.1" 200 27
116.228.172.94 - - [12/Jan/2021:11:17:00 +0800] "GET /xingrg/all/function/internal_message.html?_=1610421421247&CODE_STATE=getMsg HTTP/1.1" 200 27
116.228.172.94 - - [12/Jan/2021:11:17:01 +0800] "GET /xingrg/javascript/auto/indicator.gif HTTP/1.1" 404 1066
61.165.42.208 - - [12/Jan/2021:11:17:02 +0800] "GET /xingrg/all/function/internal_message.html?_=1610421423073&CODE_STATE=getMsg HTTP/1.1" 200 27
116.228.172.94 - - [12/Jan/2021:11:17:05 +0800] "GET /xingrg/kc/buy/cgsh_order_operate.html?command=get_materiel&rest_code=00107&code=00101011010&supplier_code=00100049&order_time=2021-01-12 HTTP/1.1" 200 418
218.81.216.242 - - [12/Jan/2021:11:17:05 +0800] "GET /xingrg/kc/buy/cgsh_order_operate.html?command=get_materiel&rest_code=00146&code=00101001029&supplier_code=00100312&order_time=2021-01-12 HTTP/1.1" 200 413
180.169.147.146 - - [12/Jan/2021:11:17:06 +0800] "GET /xingrg/all/function/internal_message.html?_=1610421425090&CODE_STATE=getMsg HTTP/1.1" 200 27
101.85.52.2 - - [12/Jan/2021:11:17:10 +0800] "GET /xingrg/all/function/internal_message.html?_=1610421425011&CODE_STATE=getMsg HTTP/1.1" 200 27
218.81.216.242 - - [12/Jan/2021:11:17:11 +0800] "GET /xingrg/all/function/internal_message.html?_=1610421451064&CODE_STATE=getMsg HTTP/1.1" 200 27
58.37.230.33 - - [12/Jan/2021:11:17:12 +0800] "GET /xingrg/javascript/auto/indicator.gif HTTP/1.1" 404 1066
117.185.32.26 - - [12/Jan/2021:11:17:12 +0800] "GET /xingrg/all/function/internal_message.html?_=1610421431223&CODE_STATE=getMsg HTTP/1.1" 200 27
114.88.169.67 - - [12/Jan/2021:11:17:14 +0800] "GET /xingrg/kc/buy/cgsh_order_add.html HTTP/1.1" 200 61743
114.88.169.67 - - [12/Jan/2021:11:17:15 +0800] "POST /xingrg/kc/buy/cgsh_order_operate.html HTTP/1.1" 200 8245
114.88.169.67 - - [12/Jan/2021:11:17:15 +0800] "GET /xingrg/javascript/easyui/themes/default/validatebox.css HTTP/1.1" 404 1104
116.228.172.94 - - [12/Jan/2021:11:17:18 +0800] "GET /xingrg/kc/buy/cgsh_order_operate.html?command=get_materiel&rest_code=00107&code=00101016007&supplier_code=00100049&order_time=2021-01-12 HTTP/1.1" 200 449
58.37.230.33 - - [12/Jan/2021:11:17:18 +0800] "GET /xingrg/javascript/jquery_tools/images/next.gif HTTP/1.1" 404 1086
58.37.230.33 - - [12/Jan/2021:11:17:18 +0800] "GET /xingrg/javascript/jquery_tools/images/prev.gif HTTP/1.1" 404 1086
180.156.237.57 - - [12/Jan/2021:11:17:18 +0800] "GET /xingrg/all/function/internal_message.html?_=1610421439540&CODE_STATE=getMsg HTTP/1.1" 200 27
117.185.32.26 - - [12/Jan/2021:11:17:21 +0800] "POST /xingrg/kc/buy/cgsh_order_operate.html HTTP/1.1" 200 37
117.185.32.26 - - [12/Jan/2021:11:17:22 +0800] "GET /xingrg/all/function/internal_message.html?_=1610421906634&CODE_STATE=getMsg HTTP/1.1" 200 27
117.185.32.26 - - [12/Jan/2021:11:17:23 +0800] "POST /xingrg/kc/buy/cgsh_order_operate.html HTTP/1.1" 200 12
117.185.32.26 - - [12/Jan/2021:11:17:24 +0800] "GET /xingrg/kc/buy/cgsh_order_info.html?code=212021011205052 HTTP/1.1" 200 56649
117.131.5.26 - - [12/Jan/2021:11:17:24 +0800] "GET /xingrg/all/function/internal_message.html?_=1610421493041&CODE_STATE=getMsg HTTP/1.1" 200 27
58.37.230.33 - - [12/Jan/2021:11:17:24 +0800] "GET /xingrg/all/function/internal_message.html?_=1610421000315&CODE_STATE=getMsg HTTP/1.1" 200 27
117.185.32.26 - - [12/Jan/2021:11:17:24 +0800] "GET /xingrg/javascript/easyui/themes/default/validatebox.css HTTP/1.1" 404 1104
117.185.32.26 - - [12/Jan/2021:11:17:25 +0800] "POST /xingrg/kc/buy/cgsh_order_operate.html HTTP/1.1" 200 608
180.156.237.57 - - [12/Jan/2021:11:17:25 +0800] "GET /xingrg/all/function/internal_message.html?_=1610421427846&CODE_STATE=getMsg HTTP/1.1" 200 27
218.81.216.242 - - [12/Jan/2021:11:17:25 +0800] "GET /xingrg/kc/buy/cgsh_order_operate.html?command=get_materiel&rest_code=00146&code=00101001050&supplier_code=00100312&order_time=2021-01-12 HTTP/1.1" 200 411
180.169.147.146 - - [12/Jan/2021:11:17:26 +0800] "GET /xingrg/all/function/internal_message.html?_=1610421446543&CODE_STATE=getMsg HTTP/1.1" 200 27
180.169.147.146 - - [12/Jan/2021:11:17:26 +0800] "GET /xingrg/all/function/internal_message.html?_=1610421448133&CODE_STATE=getMsg HTTP/1.1" 200 27
180.169.147.146 - - [12/Jan/2021:11:17:26 +0800] "GET /xingrg/check_reg.html?_=1610421448137 HTTP/1.1" 200 22
117.185.32.26 - - [12/Jan/2021:11:17:28 +0800] "GET /xingrg/kc/print/load_data.html?order_code=212021011205052&kc_code=cgsh&condition= HTTP/1.1" 200 767
222.69.138.238 - - [12/Jan/2021:11:17:28 +0800] "GET /xingrg/kc/buy/cgsh_order_operate.html?command=get_materiel&rest_code=00149&code=00101001140&supplier_code=00100090&order_time=2021-01-12 HTTP/1.1" 200 414
114.88.169.67 - - [12/Jan/2021:11:17:29 +0800] "GET /xingrg/kc/buy/cgsh_order_operate.html?command=get_materiel&rest_code=00111&code=00101006129&supplier_code=00100037&order_time=2021-01-12 HTTP/1.1" 200 451
117.184.7.26 - - [12/Jan/2021:11:17:32 +0800] "GET /xingrg/all/function/internal_message.html?_=1610421448546&CODE_STATE=getMsg HTTP/1.1" 200 27
222.69.133.109 - - [12/Jan/2021:11:17:33 +0800] "GET /xingrg/all/function/internal_message.html?_=1610421453348&CODE_STATE=getMsg HTTP/1.1" 200 27
180.156.237.57 - - [12/Jan/2021:11:17:34 +0800] "POST /xingrg/kc/buy/cgsh_order_operate.html HTTP/1.1" 200 37
116.228.172.94 - - [12/Jan/2021:11:17:35 +0800] "GET /xingrg/kc/buy/cgsh_order_operate.html?command=get_materiel&rest_code=00107&code=00101013011&supplier_code=00100049&order_time=2021-01-12 HTTP/1.1" 200 449
180.156.237.57 - - [12/Jan/2021:11:17:37 +0800] "POST /xingrg/kc/buy/cgsh_order_operate.html HTTP/1.1" 200 12
180.175.150.119 - - [12/Jan/2021:11:17:37 +0800] "GET /xingrg/all/function/internal_message.html?_=1610421696523&CODE_STATE=getMsg HTTP/1.1" 200 27
180.175.150.119 - - [12/Jan/2021:11:17:37 +0800] "GET /xingrg/kc/print/load_data.html?order_code=212021011205051&kc_code=cgsh&condition= HTTP/1.1" 200 760
180.156.237.57 - - [12/Jan/2021:11:17:37 +0800] "GET /xingrg/kc/buy/cgsh_order_info.html?code=212021011205053 HTTP/1.1" 200 56573
180.156.237.57 - - [12/Jan/2021:11:17:38 +0800] "GET /xingrg/javascript/easyui/themes/default/validatebox.css HTTP/1.1" 404 1104
180.169.147.146 - - [12/Jan/2021:11:17:38 +0800] "GET /xingrg/all/function/internal_message.html?_=1610421460078&CODE_STATE=getMsg HTTP/1.1" 302 -
180.156.237.57 - - [12/Jan/2021:11:17:38 +0800] "POST /xingrg/kc/buy/cgsh_order_operate.html HTTP/1.1" 200 1223
61.165.42.208 - - [12/Jan/2021:11:17:40 +0800] "GET /xingrg/all/function/internal_message.html?_=1610421441826&CODE_STATE=getMsg HTTP/1.1" 200 27
180.156.237.57 - - [12/Jan/2021:11:17:40 +0800] "GET /xingrg/kc/print/load_data.html?order_code=212021011205053&kc_code=cgsh&condition= HTTP/1.1" 200 962
222.69.138.238 - - [12/Jan/2021:11:17:40 +0800] "GET /xingrg/kc/buy/cgsh_order_operate.html?command=get_materiel&rest_code=00149&code=00101001125&supplier_code=00100090&order_time=2021-01-12 HTTP/1.1" 200 415
114.88.169.67 - - [12/Jan/2021:11:17:42 +0800] "GET /xingrg/kc/buy/cgsh_order_operate.html?command=get_materiel&rest_code=00111&code=00101009056&supplier_code=00100037&order_time=2021-01-12 HTTP/1.1" 200 412
117.185.32.26 - - [12/Jan/2021:11:17:43 +0800] "GET /xingrg/kc/buy/cgsh_order_add.html HTTP/1.1" 200 61743
117.185.32.26 - - [12/Jan/2021:11:17:43 +0800] "GET /xingrg/javascript/easyui/themes/default/validatebox.css HTTP/1.1" 404 1104
117.185.32.26 - - [12/Jan/2021:11:17:43 +0800] "POST /xingrg/kc/buy/cgsh_order_operate.html HTTP/1.1" 200 8245
180.156.237.57 - - [12/Jan/2021:11:17:44 +0800] "GET /xingrg/kc/buy/cgsh_order_add.html HTTP/1.1" 200 61667
180.156.237.57 - - [12/Jan/2021:11:17:44 +0800] "POST /xingrg/kc/buy/cgsh_order_operate.html HTTP/1.1" 200 8245
180.156.237.57 - - [12/Jan/2021:11:17:44 +0800] "GET /xingrg/javascript/easyui/themes/default/validatebox.css HTTP/1.1" 404 1104
180.169.147.146 - - [12/Jan/2021:11:17:45 +0800] "GET /xingrg/all/function/internal_message.html?_=1610421365029&CODE_STATE=getMsg HTTP/1.1" 200 27
180.175.150.119 - - [12/Jan/2021:11:17:46 +0800] "GET /xingrg/kc/buy/cgsh_order_add.html HTTP/1.1" 200 61702
180.175.150.119 - - [12/Jan/2021:11:17:48 +0800] "POST /xingrg/kc/buy/cgsh_order_operate.html HTTP/1.1" 200 8245
180.175.150.119 - - [12/Jan/2021:11:17:48 +0800] "GET /xingrg/javascript/easyui/themes/default/validatebox.css HTTP/1.1" 404 1104
180.175.150.119 - - [12/Jan/2021:11:17:49 +0800] "GET /xingrg/javascript/easyui/themes/default/tree.css HTTP/1.1" 404 1090
218.81.216.242 - - [12/Jan/2021:11:17:49 +0800] "GET /xingrg/kc/buy/cgsh_order_operate.html?command=get_materiel&rest_code=00146&code=00101005028&supplier_code=00100312&order_time=2021-01-12 HTTP/1.1" 200 409
114.88.169.67 - - [12/Jan/2021:11:17:49 +0800] "GET /xingrg/all/function/internal_message.html?_=1610421467265&CODE_STATE=getMsg HTTP/1.1" 200 27
180.175.150.119 - - [12/Jan/2021:11:17:49 +0800] "POST /xingrg/all/common/load_tree.html?tree=supplier_tree_json&isDelete=1 HTTP/1.1" 200 54158
116.228.172.94 - - [12/Jan/2021:11:17:51 +0800] "POST /xingrg/kc/buy/cgsh_order_operate.html HTTP/1.1" 200 37
222.69.138.238 - - [12/Jan/2021:11:17:53 +0800] "GET /xingrg/kc/buy/cgsh_order_operate.html?command=get_materiel&rest_code=00149&code=00101001093&supplier_code=00100090&order_time=2021-01-12 HTTP/1.1" 200 409
116.228.172.94 - - [12/Jan/2021:11:17:53 +0800] "POST /xingrg/kc/buy/cgsh_order_operate.html HTTP/1.1" 200 3881
116.228.172.94 - - [12/Jan/2021:11:17:54 +0800] "GET /xingrg/kc/print/load_data.html?order_code=212021011205054&kc_code=cgsh&condition= HTTP/1.1" 200 1212
180.156.237.57 - - [12/Jan/2021:11:17:55 +0800] "GET /xingrg/kc/buy/cgsh_order_operate.html?command=get_materiel&rest_code=00150&code=00101019150&supplier_code=00100337&order_time=2021-01-12 HTTP/1.1" 200 434
117.185.32.26 - - [12/Jan/2021:11:17:56 +0800] "GET /xingrg/javascript/easyui/themes/default/tree.css HTTP/1.1" 404 1090
117.185.32.26 - - [12/Jan/2021:11:17:56 +0800] "POST /xingrg/all/common/load_tree.html?tree=supplier_tree_json&isDelete=1 HTTP/1.1" 200 54158
180.169.147.146 - - [12/Jan/2021:11:17:56 +0800] "POST /xingrg/dwr/call/plaincall/AjaxReportQueryService.refreshCache.dwr HTTP/1.1" 200 79
58.37.230.33 - - [12/Jan/2021:11:17:56 +0800] "GET /xingrg/check_reg.html?_=1610421510487 HTTP/1.1" 200 22
58.37.230.33 - - [12/Jan/2021:11:17:56 +0800] "GET /xingrg/all/function/internal_message.html?_=1610421510489&CODE_STATE=getMsg HTTP/1.1" 200 27
114.88.169.67 - - [12/Jan/2021:11:17:59 +0800] "GET /xingrg/kc/buy/cgsh_order_operate.html?command=get_materiel&rest_code=00111&code=00101008123&supplier_code=00100037&order_time=2021-01-12 HTTP/1.1" 200 412
180.169.147.146 - - [12/Jan/2021:11:17:59 +0800] "POST /xingrg/all/report/load_report_page.html HTTP/1.1" 200 8920
180.169.147.146 - - [12/Jan/2021:11:17:59 +0800] "GET /xingrg/servlets/image?cache=0.6459103247410197&image=px HTTP/1.1" 200 807
222.69.138.238 - - [12/Jan/2021:11:18:00 +0800] "GET /xingrg/all/function/internal_message.html?_=1610421477152&CODE_STATE=getMsg HTTP/1.1" 200 27
116.228.172.94 - - [12/Jan/2021:11:18:00 +0800] "GET /xingrg/all/function/internal_message.html?_=1610421481222&CODE_STATE=getMsg HTTP/1.1" 200 27
222.69.138.238 - - [12/Jan/2021:11:18:00 +0800] "GET /xingrg/check_reg.html?_=1610421477974 HTTP/1.1" 200 22
180.156.237.57 - - [12/Jan/2021:11:18:02 +0800] "POST /xingrg/kc/buy/cgsh_order_operate.html HTTP/1.1" 200 37
61.165.42.208 - - [12/Jan/2021:11:18:02 +0800] "GET /xingrg/all/function/internal_message.html?_=1610421483075&CODE_STATE=getMsg HTTP/1.1" 200 27
222.69.138.238 - - [12/Jan/2021:11:18:04 +0800] "POST /xingrg/kc/buy/cgsh_order_operate.html HTTP/1.1" 200 37
58.37.230.33 - - [12/Jan/2021:11:18:04 +0800] "GET /xingrg/kc/buy/cgsh_order_operate.html?command=get_materiel&rest_code=00141&code=00101018011&supplier_code=00100330&order_time=2021-01-12 HTTP/1.1" 200 415
180.156.237.57 - - [12/Jan/2021:11:18:06 +0800] "POST /xingrg/kc/buy/cgsh_order_operate.html HTTP/1.1" 200 12
180.169.147.146 - - [12/Jan/2021:11:18:06 +0800] "GET /xingrg/all/function/internal_message.html?_=1610421485091&CODE_STATE=getMsg HTTP/1.1" 200 27
222.69.138.238 - - [12/Jan/2021:11:18:07 +0800] "POST /xingrg/kc/buy/cgsh_order_operate.html HTTP/1.1" 200 12
180.156.237.57 - - [12/Jan/2021:11:18:08 +0800] "GET /xingrg/kc/buy/cgsh_order_info.html?code=212021011205055 HTTP/1.1" 200 56571
180.156.237.57 - - [12/Jan/2021:11:18:08 +0800] "GET /xingrg/javascript/easyui/themes/default/validatebox.css HTTP/1.1" 404 1104
222.69.138.238 - - [12/Jan/2021:11:18:08 +0800] "GET /xingrg/kc/buy/cgsh_order_info.html?code=212021011205056 HTTP/1.1" 200 56702
180.156.237.57 - - [12/Jan/2021:11:18:09 +0800] "POST /xingrg/kc/buy/cgsh_order_operate.html HTTP/1.1" 200 623
222.69.138.238 - - [12/Jan/2021:11:18:09 +0800] "GET /xingrg/javascript/easyui/themes/default/validatebox.css HTTP/1.1" 404 1104
222.69.138.238 - - [12/Jan/2021:11:18:09 +0800] "POST /xingrg/kc/buy/cgsh_order_operate.html HTTP/1.1" 200 1801
114.88.169.67 - - [12/Jan/2021:11:18:09 +0800] "GET /xingrg/kc/buy/cgsh_order_operate.html?command=get_materiel&rest_code=00111&code=00101008418&supplier_code=00100037&order_time=2021-01-12 HTTP/1.1" 200 399
180.156.237.57 - - [12/Jan/2021:11:18:10 +0800] "GET /xingrg/kc/print/load_data.html?order_code=212021011205055&kc_code=cgsh&condition= HTTP/1.1" 200 730
222.69.138.238 - - [12/Jan/2021:11:18:10 +0800] "GET /xingrg/kc/print/load_data.html?order_code=212021011205056&kc_code=cgsh&condition= HTTP/1.1" 200 1241
101.85.52.2 - - [12/Jan/2021:11:18:10 +0800] "GET /xingrg/check_reg.html?_=1610421485013 HTTP/1.1" 200 22
101.85.52.2 - - [12/Jan/2021:11:18:10 +0800] "GET /xingrg/all/function/internal_message.html?_=1610421485017&CODE_STATE=getMsg HTTP/1.1" 200 27
218.81.216.242 - - [12/Jan/2021:11:18:11 +0800] "GET /xingrg/all/function/internal_message.html?_=1610421511077&CODE_STATE=getMsg HTTP/1.1" 200 27
117.185.32.26 - - [12/Jan/2021:11:18:12 +0800] "GET /xingrg/all/function/internal_message.html?_=1610421491194&CODE_STATE=getMsg HTTP/1.1" 200 27
180.156.237.57 - - [12/Jan/2021:11:18:13 +0800] "GET /xingrg/kc/buy/cgsh_order_add.html HTTP/1.1" 200 61667
180.156.237.57 - - [12/Jan/2021:11:18:14 +0800] "POST /xingrg/kc/buy/cgsh_order_operate.html HTTP/1.1" 200 8245
180.156.237.57 - - [12/Jan/2021:11:18:14 +0800] "GET /xingrg/javascript/easyui/themes/default/validatebox.css HTTP/1.1" 404 1104
222.69.138.238 - - [12/Jan/2021:11:18:14 +0800] "GET /xingrg/kc/buy/cgsh_order_add.html HTTP/1.1" 200 61796
222.69.138.238 - - [12/Jan/2021:11:18:14 +0800] "POST /xingrg/kc/buy/cgsh_order_operate.html HTTP/1.1" 200 8245
222.69.138.238 - - [12/Jan/2021:11:18:14 +0800] "GET /xingrg/javascript/easyui/themes/default/validatebox.css HTTP/1.1" 404 1104
218.81.216.242 - - [12/Jan/2021:11:18:15 +0800] "POST /xingrg/kc/buy/cgsh_order_operate.html HTTP/1.1" 200 37
180.175.150.119 - - [12/Jan/2021:11:18:16 +0800] "GET /xingrg/kc/buy/cgsh_order_operate.html?command=get_materiel&rest_code=00102&code=00101029008&supplier_code=00100312&order_time=2021-01-12 HTTP/1.1" 200 430
114.88.169.67 - - [12/Jan/2021:11:18:16 +0800] "GET /xingrg/kc/buy/cgsh_order_operate.html?command=get_materiel&rest_code=00111&code=00101009007&supplier_code=00100037&order_time=2021-01-12 HTTP/1.1" 200 408
218.81.216.242 - - [12/Jan/2021:11:18:17 +0800] "POST /xingrg/kc/buy/cgsh_order_operate.html HTTP/1.1" 200 6215
180.156.237.57 - - [12/Jan/2021:11:18:18 +0800] "GET /xingrg/check_reg.html?_=1610421499549 HTTP/1.1" 200 22
180.156.237.57 - - [12/Jan/2021:11:18:18 +0800] "GET /xingrg/all/function/internal_message.html?_=1610421499550&CODE_STATE=getMsg HTTP/1.1" 200 27
218.81.216.242 - - [12/Jan/2021:11:18:19 +0800] "GET /xingrg/kc/print/load_data.html?order_code=212021011205057&kc_code=cgsh&condition= HTTP/1.1" 200 2041
117.185.32.26 - - [12/Jan/2021:11:18:20 +0800] "GET /xingrg/kc/buy/cgsh_order_operate.html?command=get_materiel&rest_code=00106&code=00101002002&supplier_code=00100087&order_time=2021-01-12 HTTP/1.1" 200 418
180.156.237.57 - - [12/Jan/2021:11:18:20 +0800] "GET /xingrg/kc/buy/cgsh_order_operate.html?command=get_materiel&rest_code=00150&code=00101004065&supplier_code=00100088&order_time=2021-01-12 HTTP/1.1" 200 433
117.185.32.26 - - [12/Jan/2021:11:18:22 +0800] "GET /xingrg/all/function/internal_message.html?_=1610421966612&CODE_STATE=getMsg HTTP/1.1" 200 27
117.185.32.26 - - [12/Jan/2021:11:18:22 +0800] "GET /xingrg/kc/base/base_main.html HTTP/1.1" 200 12142
117.185.32.26 - - [12/Jan/2021:11:18:22 +0800] "POST /xingrg/kc/mdqp/pssh_list_operate.html HTTP/1.1" 200 4620
180.175.150.119 - - [12/Jan/2021:11:18:23 +0800] "GET /xingrg/kc/buy/cgsh_order_operate.html?command=get_materiel&rest_code=00102&code=00101004023&supplier_code=00100312&order_time=2021-01-12 HTTP/1.1" 200 409
117.185.32.26 - - [12/Jan/2021:11:18:23 +0800] "GET /xingrg/kc/base/wldb_order_list.html HTTP/1.1" 200 19339
117.131.5.26 - - [12/Jan/2021:11:18:24 +0800] "GET /xingrg/check_reg.html?_=1610421553041 HTTP/1.1" 200 22
117.131.5.26 - - [12/Jan/2021:11:18:24 +0800] "GET /xingrg/all/function/internal_message.html?_=1610421553039&CODE_STATE=getMsg HTTP/1.1" 200 27
58.37.230.33 - - [12/Jan/2021:11:18:24 +0800] "GET /xingrg/all/function/internal_message.html?_=1610421060303&CODE_STATE=getMsg HTTP/1.1" 200 27
117.185.32.26 - - [12/Jan/2021:11:18:24 +0800] "POST /xingrg/kc/base/wldb_list_operate.html HTTP/1.1" 200 1773
222.69.138.238 - - [12/Jan/2021:11:18:25 +0800] "GET /xingrg/kc/buy/cgsh_order_operate.html?command=get_materiel&rest_code=00149&code=00101002006&supplier_code=00100091&order_time=2021-01-12 HTTP/1.1" 200 414
180.156.237.57 - - [12/Jan/2021:11:18:25 +0800] "GET /xingrg/all/function/internal_message.html?_=1610421487871&CODE_STATE=getMsg HTTP/1.1" 200 27
180.169.147.146 - - [12/Jan/2021:11:18:26 +0800] "GET /xingrg/all/function/internal_message.html?_=1610421506553&CODE_STATE=getMsg HTTP/1.1" 200 27
180.169.147.146 - - [12/Jan/2021:11:18:26 +0800] "GET /xingrg/all/function/internal_message.html?_=1610421508138&CODE_STATE=getMsg HTTP/1.1" 200 27
114.88.169.67 - - [12/Jan/2021:11:18:29 +0800] "GET /xingrg/kc/buy/cgsh_order_operate.html?command=get_materiel&rest_code=00111&code=00101009013&supplier_code=00100037&order_time=2021-01-12 HTTP/1.1" 200 422
117.184.7.26 - - [12/Jan/2021:11:18:32 +0800] "GET /xingrg/all/function/internal_message.html?_=1610421508530&CODE_STATE=getMsg HTTP/1.1" 200 27
58.37.230.33 - - [12/Jan/2021:11:18:33 +0800] "POST /xingrg/kc/buy/cgsh_order_operate.html HTTP/1.1" 200 37
222.69.133.109 - - [12/Jan/2021:11:18:33 +0800] "GET /xingrg/all/function/internal_message.html?_=1610421513339&CODE_STATE=getMsg HTTP/1.1" 200 27
180.156.237.57 - - [12/Jan/2021:11:18:34 +0800] "GET /xingrg/kc/buy/cgsh_order_operate.html?command=get_materiel&rest_code=00150&code=00101002035&supplier_code=00100088&order_time=2021-01-12 HTTP/1.1" 200 415
222.69.138.238 - - [12/Jan/2021:11:18:34 +0800] "GET /xingrg/kc/buy/cgsh_order_operate.html?command=get_materiel&rest_code=00149&code=00101002034&supplier_code=00100091&order_time=2021-01-12 HTTP/1.1" 200 409
58.37.230.33 - - [12/Jan/2021:11:18:35 +0800] "POST /xingrg/kc/buy/cgsh_order_operate.html HTTP/1.1" 200 12
58.37.230.33 - - [12/Jan/2021:11:18:36 +0800] "GET /xingrg/kc/buy/cgsh_order_info.html?code=212021011205058 HTTP/1.1" 200 56657
58.37.230.33 - - [12/Jan/2021:11:18:36 +0800] "GET /xingrg/javascript/easyui/themes/default/validatebox.css HTTP/1.1" 404 1104
58.37.230.33 - - [12/Jan/2021:11:18:37 +0800] "POST /xingrg/kc/buy/cgsh_order_operate.html HTTP/1.1" 200 607
180.175.150.119 - - [12/Jan/2021:11:18:37 +0800] "GET /xingrg/all/function/internal_message.html?_=1610421756539&CODE_STATE=getMsg HTTP/1.1" 200 27
58.37.230.33 - - [12/Jan/2021:11:18:38 +0800] "GET /xingrg/kc/print/load_config.html?kc_code=cgsh HTTP/1.1" 200 1845
58.37.230.33 - - [12/Jan/2021:11:18:38 +0800] "GET /xingrg/kc/print/load_data.html?order_code=212021011205058&kc_code=cgsh&condition= HTTP/1.1" 200 720
180.169.147.146 - - [12/Jan/2021:11:18:38 +0800] "GET /xingrg/all/function/internal_message.html?_=1610421520078&CODE_STATE=getMsg HTTP/1.1" 302 -
61.165.42.208 - - [12/Jan/2021:11:18:40 +0800] "GET /xingrg/all/function/internal_message.html?_=1610421501827&CODE_STATE=getMsg HTTP/1.1" 200 27
58.37.230.33 - - [12/Jan/2021:11:18:43 +0800] "GET /xingrg/kc/buy/cgsh_order_add.html HTTP/1.1" 200 61749
58.37.230.33 - - [12/Jan/2021:11:18:43 +0800] "POST /xingrg/kc/buy/cgsh_order_operate.html HTTP/1.1" 200 8245
58.37.230.33 - - [12/Jan/2021:11:18:43 +0800] "GET /xingrg/javascript/easyui/themes/default/validatebox.css HTTP/1.1" 404 1104
180.169.147.146 - - [12/Jan/2021:11:18:45 +0800] "GET /xingrg/all/function/internal_message.html?_=1610421425031&CODE_STATE=getMsg HTTP/1.1" 200 27
180.169.147.146 - - [12/Jan/2021:11:18:46 +0800] "POST /xingrg/dwr/call/plaincall/AjaxReportQueryService.refreshCache.dwr HTTP/1.1" 200 79
180.175.150.119 - - [12/Jan/2021:11:18:47 +0800] "POST /xingrg/kc/buy/cgsh_order_operate.html HTTP/1.1" 200 64
114.88.169.67 - - [12/Jan/2021:11:18:47 +0800] "GET /xingrg/check_reg.html?_=1610421525956 HTTP/1.1" 200 22
222.69.138.238 - - [12/Jan/2021:11:18:48 +0800] "POST /xingrg/kc/buy/cgsh_order_operate.html HTTP/1.1" 200 37
114.88.169.67 - - [12/Jan/2021:11:18:49 +0800] "GET /xingrg/all/function/internal_message.html?_=1610421527279&CODE_STATE=getMsg HTTP/1.1" 200 27
116.228.172.94 - - [12/Jan/2021:11:18:50 +0800] "GET /xingrg/kc/mdqp/qp_main.html HTTP/1.1" 200 10633
116.228.172.94 - - [12/Jan/2021:11:18:52 +0800] "GET /xingrg/images/yd/bt.gif HTTP/1.1" 404 1040
114.88.169.67 - - [12/Jan/2021:11:18:52 +0800] "GET /xingrg/kc/buy/cgsh_order_operate.html?command=get_materiel&rest_code=00111&code=00101008092&supplier_code=00100037&order_time=2021-01-12 HTTP/1.1" 200 412
116.228.172.94 - - [12/Jan/2021:11:18:52 +0800] "GET /xingrg/kc/mdqp/pssh_order_list.html HTTP/1.1" 200 18011
116.228.172.94 - - [12/Jan/2021:11:18:53 +0800] "POST /xingrg/kc/mdqp/pssh_list_operate.html HTTP/1.1" 200 5328
117.185.32.26 - - [12/Jan/2021:11:18:54 +0800] "POST /xingrg/kc/buy/cgsh_order_operate.html HTTP/1.1" 200 37
116.228.172.94 - - [12/Jan/2021:11:18:54 +0800] "POST /xingrg/kc/mdqp/pssh_list_operate.html HTTP/1.1" 200 265
180.156.237.57 - - [12/Jan/2021:11:18:54 +0800] "POST /xingrg/kc/buy/cgsh_order_operate.html HTTP/1.1" 200 88
218.81.216.242 - - [12/Jan/2021:11:18:55 +0800] "GET /xingrg/kc/buy/cgsh_order_add.html HTTP/1.1" 200 61749
58.37.230.33 - - [12/Jan/2021:11:18:55 +0800] "GET /xingrg/kc/buy/cgsh_order_operate.html?command=get_materiel&rest_code=00141&code=00101004011&supplier_code=00100090&order_time=2021-01-12 HTTP/1.1" 200 433
222.69.138.238 - - [12/Jan/2021:11:18:55 +0800] "POST /xingrg/kc/buy/cgsh_order_operate.html HTTP/1.1" 200 12
116.228.172.94 - - [12/Jan/2021:11:18:56 +0800] "GET /xingrg/kc/mdqp/pssh_order_info.html?code=312021010900283 HTTP/1.1" 200 17272
116.228.172.94 - - [12/Jan/2021:11:18:56 +0800] "GET /xingrg/javascript/jquery_tools/jquery-1.4.2.min.js HTTP/1.1" 404 1094
58.37.230.33 - - [12/Jan/2021:11:18:56 +0800] "GET /xingrg/all/function/internal_message.html?_=1610421570496&CODE_STATE=getMsg HTTP/1.1" 200 27
218.81.216.242 - - [12/Jan/2021:11:18:56 +0800] "POST /xingrg/kc/buy/cgsh_order_operate.html HTTP/1.1" 200 8245
218.81.216.242 - - [12/Jan/2021:11:18:56 +0800] "GET /xingrg/javascript/easyui/themes/default/validatebox.css HTTP/1.1" 404 1104
116.228.172.94 - - [12/Jan/2021:11:18:57 +0800] "GET /xingrg/javascript/easyui/themes/default/validatebox.css HTTP/1.1" 404 1104
116.228.172.94 - - [12/Jan/2021:11:18:57 +0800] "POST /xingrg/kc/mdqp/pssh_order_operate.html HTTP/1.1" 200 534
180.175.150.119 - - [12/Jan/2021:11:18:57 +0800] "POST /xingrg/kc/buy/cgsh_order_operate.html HTTP/1.1" 200 37
180.169.147.146 - - [12/Jan/2021:11:18:57 +0800] "POST /xingrg/all/report/load_report_page.html HTTP/1.1" 200 89
222.69.138.238 - - [12/Jan/2021:11:18:57 +0800] "GET /xingrg/kc/buy/cgsh_order_info.html?code=212021011205059 HTTP/1.1" 200 56702
222.69.138.238 - - [12/Jan/2021:11:18:57 +0800] "GET /xingrg/javascript/easyui/themes/default/validatebox.css HTTP/1.1" 404 1104
222.69.138.238 - - [12/Jan/2021:11:18:58 +0800] "POST /xingrg/kc/buy/cgsh_order_operate.html HTTP/1.1" 200 1204
116.228.172.94 - - [12/Jan/2021:11:18:58 +0800] "POST /xingrg/all/common/load_combo.html?type=base&rest_code=00107 HTTP/1.1" 200 3324
180.156.237.57 - - [12/Jan/2021:11:18:59 +0800] "POST /xingrg/kc/buy/cgsh_order_operate.html HTTP/1.1" 200 37
180.175.150.119 - - [12/Jan/2021:11:18:59 +0800] "POST /xingrg/kc/buy/cgsh_order_operate.html HTTP/1.1" 200 2652
222.69.138.238 - - [12/Jan/2021:11:19:00 +0800] "GET /xingrg/all/function/internal_message.html?_=1610421537124&CODE_STATE=getMsg HTTP/1.1" 200 27
180.156.237.57 - - [12/Jan/2021:11:19:00 +0800] "POST /xingrg/kc/buy/cgsh_order_operate.html HTTP/1.1" 200 3263
116.228.172.94 - - [12/Jan/2021:11:19:00 +0800] "GET /xingrg/all/function/internal_message.html?_=1610421541202&CODE_STATE=getMsg HTTP/1.1" 200 27
117.185.32.26 - - [12/Jan/2021:11:19:00 +0800] "POST /xingrg/kc/buy/cgsh_order_operate.html HTTP/1.1" 200 12
222.69.138.238 - - [12/Jan/2021:11:19:02 +0800] "GET /xingrg/kc/print/load_data.html?order_code=212021011205059&kc_code=cgsh&condition= HTTP/1.1" 200 1008
61.165.42.208 - - [12/Jan/2021:11:19:02 +0800] "GET /xingrg/all/function/internal_message.html?_=1610421543075&CODE_STATE=getMsg HTTP/1.1" 200 27
180.175.150.119 - - [12/Jan/2021:11:19:03 +0800] "POST /xingrg/kc/buy/cgsh_order_operate.html HTTP/1.1" 200 37
58.37.230.33 - - [12/Jan/2021:11:19:04 +0800] "GET /xingrg/kc/buy/cgsh_order_operate.html?command=get_materiel&rest_code=00141&code=00101004065&supplier_code=00100090&order_time=2021-01-12 HTTP/1.1" 200 433
183.192.164.85 - - [12/Jan/2021:11:19:04 +0800] "GET /xingrg/all/function/internal_message.html?_=1610420951415&CODE_STATE=getMsg HTTP/1.1" 302 -
180.156.237.57 - - [12/Jan/2021:11:19:04 +0800] "POST /xingrg/kc/buy/cgsh_order_operate.html HTTP/1.1" 200 37
180.175.150.119 - - [12/Jan/2021:11:19:05 +0800] "POST /xingrg/kc/buy/cgsh_order_operate.html HTTP/1.1" 200 12
180.169.147.146 - - [12/Jan/2021:11:19:06 +0800] "GET /xingrg/all/function/internal_message.html?_=1610421545091&CODE_STATE=getMsg HTTP/1.1" 200 27
180.175.150.119 - - [12/Jan/2021:11:19:07 +0800] "GET /xingrg/kc/buy/cgsh_order_info.html?code=212021011205063 HTTP/1.1" 200 56606
116.228.172.94 - - [12/Jan/2021:11:19:08 +0800] "POST /xingrg/all/common/load_combo.html?type=employee HTTP/1.1" 200 274
180.175.150.119 - - [12/Jan/2021:11:19:09 +0800] "GET /xingrg/javascript/easyui/themes/default/validatebox.css HTTP/1.1" 404 1104
183.192.164.85 - - [12/Jan/2021:11:19:09 +0800] "GET /xingrg/login.html HTTP/1.1" 200 7641
180.175.150.119 - - [12/Jan/2021:11:19:09 +0800] "POST /xingrg/kc/buy/cgsh_order_operate.html HTTP/1.1" 200 602
218.81.216.242 - - [12/Jan/2021:11:19:09 +0800] "GET /xingrg/kc/buy/cgsh_order_operate.html?command=get_materiel&rest_code=00146&code=00101002006&supplier_code=00100091&order_time=2021-01-12 HTTP/1.1" 200 414
101.85.52.2 - - [12/Jan/2021:11:19:10 +0800] "GET /xingrg/all/function/internal_message.html?_=1610421545002&CODE_STATE=getMsg HTTP/1.1" 200 27
222.69.138.238 - - [12/Jan/2021:11:19:10 +0800] "GET /xingrg/kc/buy/cgsh_order_add.html HTTP/1.1" 200 61796
180.175.150.119 - - [12/Jan/2021:11:19:10 +0800] "GET /xingrg/kc/print/load_data.html?order_code=212021011205063&kc_code=cgsh&condition= HTTP/1.1" 200 681
218.81.216.242 - - [12/Jan/2021:11:19:11 +0800] "GET /xingrg/all/function/internal_message.html?_=1610421571092&CODE_STATE=getMsg HTTP/1.1" 200 27
180.156.237.57 - - [12/Jan/2021:11:19:11 +0800] "POST /xingrg/kc/buy/cgsh_order_operate.html HTTP/1.1" 200 12
180.175.150.119 - - [12/Jan/2021:11:19:11 +0800] "GET /xingrg/check_reg.html?_=1610421790270 HTTP/1.1" 200 22
222.69.138.238 - - [12/Jan/2021:11:19:11 +0800] "POST /xingrg/kc/buy/cgsh_order_operate.html HTTP/1.1" 200 8245
222.69.138.238 - - [12/Jan/2021:11:19:11 +0800] "GET /xingrg/javascript/easyui/themes/default/validatebox.css HTTP/1.1" 404 1104
117.185.32.26 - - [12/Jan/2021:11:19:11 +0800] "GET /xingrg/kc/buy/cgsh_order_info.html?code=212021011205061 HTTP/1.1" 200 56645
180.156.237.57 - - [12/Jan/2021:11:19:11 +0800] "GET /xingrg/kc/buy/cgsh_order_info.html?code=212021011205064 HTTP/1.1" 200 56571
116.228.172.94 - - [12/Jan/2021:11:19:11 +0800] "POST /xingrg/kc/mdqp/pssh_order_operate.html HTTP/1.1" 200 37
117.185.32.26 - - [12/Jan/2021:11:19:12 +0800] "GET /xingrg/javascript/easyui/themes/default/validatebox.css HTTP/1.1" 404 1104
116.228.172.94 - - [12/Jan/2021:11:19:12 +0800] "POST /xingrg/kc/mdqp/pssh_order_operate.html HTTP/1.1" 200 12
180.156.237.57 - - [12/Jan/2021:11:19:12 +0800] "GET /xingrg/javascript/easyui/themes/default/validatebox.css HTTP/1.1" 404 1104
117.185.32.26 - - [12/Jan/2021:11:19:12 +0800] "POST /xingrg/kc/buy/cgsh_order_operate.html HTTP/1.1" 200 616
180.156.237.57 - - [12/Jan/2021:11:19:12 +0800] "POST /xingrg/kc/buy/cgsh_order_operate.html HTTP/1.1" 200 1213
117.185.32.26 - - [12/Jan/2021:11:19:12 +0800] "GET /xingrg/all/function/internal_message.html?_=1610421551193&CODE_STATE=getMsg HTTP/1.1" 200 27
117.185.32.26 - - [12/Jan/2021:11:19:13 +0800] "GET /xingrg/check_reg.html?_=1610421551671 HTTP/1.1" 200 22
116.228.172.94 - - [12/Jan/2021:11:19:13 +0800] "GET /xingrg/kc/mdqp/pssh_order_info.html?code=312021010900283 HTTP/1.1" 200 14386
116.228.172.94 - - [12/Jan/2021:11:19:13 +0800] "GET /xingrg/javascript/jquery_tools/jquery-1.4.2.min.js HTTP/1.1" 404 1094
180.156.237.57 - - [12/Jan/2021:11:19:13 +0800] "GET /xingrg/kc/print/load_data.html?order_code=212021011205064&kc_code=cgsh&condition= HTTP/1.1" 200 1018
116.228.172.94 - - [12/Jan/2021:11:19:14 +0800] "GET /xingrg/javascript/easyui/themes/default/validatebox.css HTTP/1.1" 404 1104
116.228.172.94 - - [12/Jan/2021:11:19:14 +0800] "GET /xingrg/javascript/easyui/themes/icons/uncheck_new.png HTTP/1.1" 200 3197
116.228.172.94 - - [12/Jan/2021:11:19:14 +0800] "POST /xingrg/kc/mdqp/pssh_order_operate.html HTTP/1.1" 200 534
116.228.172.94 - - [12/Jan/2021:11:19:15 +0800] "GET /xingrg/kc/mdqp/pssh_order_list.html?isBack=1 HTTP/1.1" 200 18011
116.228.172.94 - - [12/Jan/2021:11:19:16 +0800] "POST /xingrg/kc/mdqp/pssh_list_operate.html HTTP/1.1" 200 5359
116.228.172.94 - - [12/Jan/2021:11:19:17 +0800] "POST /xingrg/kc/mdqp/pssh_list_operate.html HTTP/1.1" 200 365
180.156.237.57 - - [12/Jan/2021:11:19:17 +0800] "GET /xingrg/kc/buy/cgsh_order_add.html HTTP/1.1" 200 61667
180.156.237.57 - - [12/Jan/2021:11:19:18 +0800] "POST /xingrg/kc/buy/cgsh_order_operate.html HTTP/1.1" 200 8245
180.156.237.57 - - [12/Jan/2021:11:19:18 +0800] "GET /xingrg/javascript/easyui/themes/default/validatebox.css HTTP/1.1" 404 1104
180.156.237.57 - - [12/Jan/2021:11:19:18 +0800] "GET /xingrg/all/function/internal_message.html?_=1610421559553&CODE_STATE=getMsg HTTP/1.1" 200 27
58.37.230.33 - - [12/Jan/2021:11:19:18 +0800] "GET /xingrg/kc/buy/cgsh_order_operate.html?command=get_materiel&rest_code=00141&code=00101001093&supplier_code=00100090&order_time=2021-01-12 HTTP/1.1" 200 411
180.175.150.119 - - [12/Jan/2021:11:19:20 +0800] "GET /xingrg/kc/buy/cgsh_order_add.html HTTP/1.1" 200 61702
117.185.32.26 - - [12/Jan/2021:11:19:22 +0800] "GET /xingrg/all/function/internal_message.html?_=1610422026623&CODE_STATE=getMsg HTTP/1.1" 200 27
116.228.172.94 - - [12/Jan/2021:11:19:22 +0800] "POST /xingrg/kc/mdqp/pssh_list_operate.html HTTP/1.1" 200 253
180.175.150.119 - - [12/Jan/2021:11:19:22 +0800] "POST /xingrg/kc/buy/cgsh_order_operate.html HTTP/1.1" 200 8245
180.175.150.119 - - [12/Jan/2021:11:19:23 +0800] "GET /xingrg/javascript/easyui/themes/default/validatebox.css HTTP/1.1" 404 1104
180.156.237.57 - - [12/Jan/2021:11:19:24 +0800] "GET /xingrg/kc/buy/cgsh_order_operate.html?command=get_materiel&rest_code=00150&code=00101001115&supplier_code=00100089&order_time=2021-01-12 HTTP/1.1" 200 415
117.131.5.26 - - [12/Jan/2021:11:19:24 +0800] "GET /xingrg/all/function/internal_message.html?_=1610421613039&CODE_STATE=getMsg HTTP/1.1" 200 27
58.37.230.33 - - [12/Jan/2021:11:19:24 +0800] "GET /xingrg/all/function/internal_message.html?_=1610421120311&CODE_STATE=getMsg HTTP/1.1" 200 27
180.156.237.57 - - [12/Jan/2021:11:19:25 +0800] "GET /xingrg/all/function/internal_message.html?_=1610421547873&CODE_STATE=getMsg HTTP/1.1" 200 27
180.169.147.146 - - [12/Jan/2021:11:19:26 +0800] "GET /xingrg/all/function/internal_message.html?_=1610421566544&CODE_STATE=getMsg HTTP/1.1" 200 27
180.169.147.146 - - [12/Jan/2021:11:19:26 +0800] "GET /xingrg/all/function/internal_message.html?_=1610421568139&CODE_STATE=getMsg HTTP/1.1" 200 27
114.88.169.67 - - [12/Jan/2021:11:19:27 +0800] "GET /xingrg/kc/buy/cgsh_order_operate.html?command=get_materiel&rest_code=00111&code=00101015070&supplier_code=00100037&order_time=2021-01-12 HTTP/1.1" 200 413
58.37.230.33 - - [12/Jan/2021:11:19:29 +0800] "GET /xingrg/kc/buy/cgsh_order_operate.html?command=get_materiel&rest_code=00141&code=00101001125&supplier_code=00100090&order_time=2021-01-12 HTTP/1.1" 200 415
117.185.32.26 - - [12/Jan/2021:11:19:29 +0800] "GET /xingrg/kc/print/load_data.html?order_code=212021011205061&kc_code=cgsh&condition= HTTP/1.1" 200 763
218.81.216.242 - - [12/Jan/2021:11:19:29 +0800] "GET /xingrg/kc/buy/cgsh_order_operate.html?command=get_materiel&rest_code=00146&code=00101002034&supplier_code=00100091&order_time=2021-01-12 HTTP/1.1" 200 409
222.69.138.238 - - [12/Jan/2021:11:19:30 +0800] "GET /xingrg/kc/buy/cgsh_order_operate.html?command=get_materiel&rest_code=00149&code=00101006001&supplier_code=00100404&order_time=2021-01-12 HTTP/1.1" 200 428
117.184.7.26 - - [12/Jan/2021:11:19:32 +0800] "GET /xingrg/all/function/internal_message.html?_=1610421568500&CODE_STATE=getMsg HTTP/1.1" 200 27
180.156.237.57 - - [12/Jan/2021:11:19:33 +0800] "POST /xingrg/kc/buy/cgsh_order_operate.html HTTP/1.1" 200 37
222.69.133.109 - - [12/Jan/2021:11:19:33 +0800] "GET /xingrg/all/function/internal_message.html?_=1610421573339&CODE_STATE=getMsg HTTP/1.1" 200 27
180.156.237.57 - - [12/Jan/2021:11:19:36 +0800] "POST /xingrg/kc/buy/cgsh_order_operate.html HTTP/1.1" 200 12
180.175.150.119 - - [12/Jan/2021:11:19:36 +0800] "GET /xingrg/javascript/easyui/themes/default/tree.css HTTP/1.1" 404 1090
180.175.150.119 - - [12/Jan/2021:11:19:36 +0800] "POST /xingrg/all/common/load_tree.html?tree=supplier_tree_json&isDelete=1 HTTP/1.1" 200 54158
180.156.237.57 - - [12/Jan/2021:11:19:37 +0800] "GET /xingrg/kc/buy/cgsh_order_info.html?code=212021011205065 HTTP/1.1" 200 56571
180.156.237.57 - - [12/Jan/2021:11:19:37 +0800] "GET /xingrg/javascript/easyui/themes/default/validatebox.css HTTP/1.1" 404 1104
180.156.237.57 - - [12/Jan/2021:11:19:37 +0800] "POST /xingrg/kc/buy/cgsh_order_operate.html HTTP/1.1" 200 607
180.169.147.146 - - [12/Jan/2021:11:19:38 +0800] "GET /xingrg/all/function/internal_message.html?_=1610421580077&CODE_STATE=getMsg HTTP/1.1" 302 -
180.175.150.119 - - [12/Jan/2021:11:19:39 +0800] "GET /xingrg/all/function/internal_message.html?_=1610421818038&CODE_STATE=getMsg HTTP/1.1" 200 27
218.81.216.242 - - [12/Jan/2021:11:19:39 +0800] "POST /xingrg/kc/buy/cgsh_order_operate.html HTTP/1.1" 200 37
114.88.169.67 - - [12/Jan/2021:11:19:39 +0800] "GET /xingrg/kc/buy/cgsh_order_operate.html?command=get_materiel&rest_code=00111&code=00101007109&supplier_code=00100037&order_time=2021-01-12 HTTP/1.1" 200 408
180.156.237.57 - - [12/Jan/2021:11:19:39 +0800] "GET /xingrg/kc/print/load_data.html?order_code=212021011205065&kc_code=cgsh&condition= HTTP/1.1" 200 780
