180.156.237.57 - - [12/Jan/2021:10:53:25 +0800] "GET /xingrg/all/function/internal_message.html?_=1610419987500&CODE_STATE=getMsg HTTP/1.1" 200 27
180.169.147.146 - - [12/Jan/2021:10:53:25 +0800] "GET /xingrg/all/function/internal_message.html?_=1610420006507&CODE_STATE=getMsg HTTP/1.1" 200 27
180.169.147.146 - - [12/Jan/2021:10:53:26 +0800] "GET /xingrg/all/function/internal_message.html?_=1610420008106&CODE_STATE=getMsg HTTP/1.1" 200 27
180.175.150.119 - - [12/Jan/2021:10:53:26 +0800] "GET /xingrg/all/function/internal_message.html?_=1610420245825&CODE_STATE=getMsg HTTP/1.1" 200 27
61.165.42.208 - - [12/Jan/2021:10:53:27 +0800] "GET /xingrg/kc/buy/cgsh_order_operate.html?command=get_materiel&rest_code=00105&code=00101002034&supplier_code=00100091&order_time=2021-01-12 HTTP/1.1" 200 409
117.185.32.26 - - [12/Jan/2021:10:53:27 +0800] "GET /xingrg/kc/buy/cgsh_order_operate.html?command=get_materiel&rest_code=00106&code=00101012030&supplier_code=00100032&order_time=2021-01-12 HTTP/1.1" 200 416
180.156.237.57 - - [12/Jan/2021:10:53:32 +0800] "GET /xingrg/kc/buy/cgsh_order_list.html HTTP/1.1" 200 46011
117.184.7.26 - - [12/Jan/2021:10:53:32 +0800] "GET /xingrg/all/function/internal_message.html?_=1610420008953&CODE_STATE=getMsg HTTP/1.1" 200 27
180.156.237.57 - - [12/Jan/2021:10:53:33 +0800] "POST /xingrg/kc/buy/cgsh_list_operate.html HTTP/1.1" 200 876
117.185.32.26 - - [12/Jan/2021:10:53:33 +0800] "GET /xingrg/kc/buy/cgsh_order_operate.html?command=get_materiel&rest_code=00106&code=00101016017&supplier_code=00100032&order_time=2021-01-12 HTTP/1.1" 200 408
222.69.133.109 - - [12/Jan/2021:10:53:33 +0800] "GET /xingrg/all/function/internal_message.html?_=1610420013310&CODE_STATE=getMsg HTTP/1.1" 200 27
180.169.147.146 - - [12/Jan/2021:10:53:37 +0800] "POST /xingrg/dwr/call/plaincall/AjaxReportQueryService.refreshCache.dwr HTTP/1.1" 200 78
180.169.147.146 - - [12/Jan/2021:10:53:38 +0800] "GET /xingrg/all/function/internal_message.html?_=1610420020031&CODE_STATE=getMsg HTTP/1.1" 200 27
180.169.147.146 - - [12/Jan/2021:10:53:39 +0800] "POST /xingrg/all/report/load_report_page.html HTTP/1.1" 200 151616
180.169.147.146 - - [12/Jan/2021:10:53:39 +0800] "GET /xingrg/servlets/image?cache=0.046559754928109265&image=px HTTP/1.1" 200 807
61.165.42.208 - - [12/Jan/2021:10:53:40 +0800] "GET /xingrg/all/function/internal_message.html?_=1610420001775&CODE_STATE=getMsg HTTP/1.1" 200 27
220.191.83.226 - - [12/Jan/2021:10:53:44 +0800] "GET /favicon.ico HTTP/1.1" 404 -
220.191.83.226 - - [12/Jan/2021:10:53:45 +0800] "GET /favicon.ico HTTP/1.1" 404 -
180.169.147.146 - - [12/Jan/2021:10:53:45 +0800] "GET /xingrg/all/function/internal_message.html?_=1610419925035&CODE_STATE=getMsg HTTP/1.1" 200 27
220.191.83.226 - - [12/Jan/2021:10:53:45 +0800] "GET /favicon.ico HTTP/1.1" 404 -
114.88.169.67 - - [12/Jan/2021:10:53:47 +0800] "GET /xingrg/check_reg.html?_=1610420025936 HTTP/1.1" 200 22
61.165.42.208 - - [12/Jan/2021:10:53:48 +0800] "POST /xingrg/kc/buy/cgsh_order_operate.html HTTP/1.1" 200 64
114.88.169.67 - - [12/Jan/2021:10:53:48 +0800] "GET /xingrg/all/function/internal_message.html?_=1610420026372&CODE_STATE=getMsg HTTP/1.1" 200 27
117.185.32.26 - - [12/Jan/2021:10:53:48 +0800] "POST /xingrg/kc/buy/cgsh_order_operate.html HTTP/1.1" 200 37
117.185.32.26 - - [12/Jan/2021:10:53:51 +0800] "POST /xingrg/kc/buy/cgsh_order_operate.html HTTP/1.1" 200 12
117.185.32.26 - - [12/Jan/2021:10:53:52 +0800] "GET /xingrg/kc/buy/cgsh_order_info.html?code=212021011204994 HTTP/1.1" 200 56655
61.165.42.208 - - [12/Jan/2021:10:53:52 +0800] "POST /xingrg/kc/buy/cgsh_order_operate.html HTTP/1.1" 200 37
117.185.32.26 - - [12/Jan/2021:10:53:52 +0800] "GET /xingrg/javascript/easyui/themes/default/validatebox.css HTTP/1.1" 404 1104
117.185.32.26 - - [12/Jan/2021:10:53:53 +0800] "POST /xingrg/kc/buy/cgsh_order_operate.html HTTP/1.1" 200 5918
61.165.42.208 - - [12/Jan/2021:10:53:53 +0800] "POST /xingrg/kc/buy/cgsh_order_operate.html HTTP/1.1" 200 3251
61.165.42.208 - - [12/Jan/2021:10:53:54 +0800] "GET /xingrg/kc/print/load_data.html?order_code=212021011204996&kc_code=cgsh&condition= HTTP/1.1" 200 963
117.185.32.26 - - [12/Jan/2021:10:53:54 +0800] "GET /xingrg/kc/print/load_data.html?order_code=212021011204994&kc_code=cgsh&condition= HTTP/1.1" 200 2739
58.37.230.33 - - [12/Jan/2021:10:53:56 +0800] "GET /xingrg/all/function/internal_message.html?_=1610420070473&CODE_STATE=getMsg HTTP/1.1" 200 27
61.165.42.208 - - [12/Jan/2021:10:53:58 +0800] "GET /xingrg/kc/buy/cgsh_order_add.html HTTP/1.1" 200 61790
61.165.42.208 - - [12/Jan/2021:10:53:58 +0800] "POST /xingrg/kc/buy/cgsh_order_operate.html HTTP/1.1" 200 8245
61.165.42.208 - - [12/Jan/2021:10:53:59 +0800] "GET /xingrg/javascript/easyui/themes/default/validatebox.css HTTP/1.1" 404 1104
222.69.138.238 - - [12/Jan/2021:10:54:00 +0800] "GET /xingrg/all/function/internal_message.html?_=1610420037394&CODE_STATE=getMsg HTTP/1.1" 200 27
117.185.32.26 - - [12/Jan/2021:10:54:00 +0800] "GET /xingrg/kc/print/load_data.html?order_code=212021011204994&kc_code=cgsh HTTP/1.1" 200 2739
116.228.172.94 - - [12/Jan/2021:10:54:01 +0800] "GET /xingrg/all/function/internal_message.html?_=1610420041620&CODE_STATE=getMsg HTTP/1.1" 200 27
61.165.42.208 - - [12/Jan/2021:10:54:02 +0800] "GET /xingrg/all/function/internal_message.html?_=1610420043051&CODE_STATE=getMsg HTTP/1.1" 200 27
180.169.147.146 - - [12/Jan/2021:10:54:06 +0800] "GET /xingrg/all/function/internal_message.html?_=1610420044966&CODE_STATE=getMsg HTTP/1.1" 200 27
61.165.42.208 - - [12/Jan/2021:10:54:08 +0800] "GET /xingrg/kc/buy/cgsh_order_operate.html?command=get_materiel&rest_code=00105&code=00101001138&supplier_code=00100430&order_time=2021-01-12 HTTP/1.1" 200 432
218.81.216.242 - - [12/Jan/2021:10:54:09 +0800] "GET /xingrg/all/function/internal_message.html?_=1610420069572&CODE_STATE=getMsg HTTP/1.1" 200 27
180.175.150.119 - - [12/Jan/2021:10:54:11 +0800] "GET /xingrg/check_reg.html?_=1610420290137 HTTP/1.1" 200 22
117.185.32.26 - - [12/Jan/2021:10:54:13 +0800] "GET /xingrg/all/function/internal_message.html?_=1610420051785&CODE_STATE=getMsg HTTP/1.1" 200 27
117.185.32.26 - - [12/Jan/2021:10:54:13 +0800] "GET /xingrg/check_reg.html?_=1610420051783 HTTP/1.1" 200 22
61.165.42.208 - - [12/Jan/2021:10:54:15 +0800] "GET /xingrg/kc/buy/cgsh_order_operate.html?command=get_materiel&rest_code=00105&code=00101001039&supplier_code=00100430&order_time=2021-01-12 HTTP/1.1" 200 424
120.204.17.71 - - [12/Jan/2021:10:54:17 +0800] "GET /xingrg/kc/print/load_data.html?order_code=212021011204990&kc_code=cgsh HTTP/1.1" 302 -
116.228.172.94 - - [12/Jan/2021:10:54:17 +0800] "GET /xingrg/kc/buy/cgsh_order_add.html HTTP/1.1" 200 61831
180.156.237.57 - - [12/Jan/2021:10:54:18 +0800] "GET /xingrg/all/function/internal_message.html?_=1610420059464&CODE_STATE=getMsg HTTP/1.1" 200 27
116.228.172.94 - - [12/Jan/2021:10:54:18 +0800] "GET /xingrg/javascript/easyui/themes/default/validatebox.css HTTP/1.1" 404 1104
116.228.172.94 - - [12/Jan/2021:10:54:18 +0800] "POST /xingrg/kc/buy/cgsh_order_operate.html HTTP/1.1" 200 8245
114.88.169.67 - - [12/Jan/2021:10:54:19 +0800] "GET /xingrg/all/function/internal_message.html?_=1610420226289&CODE_STATE=getMsg HTTP/1.1" 302 -
114.88.169.67 - - [12/Jan/2021:10:54:21 +0800] "GET /xingrg/check_reg.html?_=1610420228391 HTTP/1.1" 302 -
117.185.32.26 - - [12/Jan/2021:10:54:21 +0800] "GET /xingrg/all/function/internal_message.html?_=1610420526594&CODE_STATE=getMsg HTTP/1.1" 200 27
120.204.17.71 - - [12/Jan/2021:10:54:23 +0800] "GET /xingrg/login.html HTTP/1.1" 200 7641
116.228.172.94 - - [12/Jan/2021:10:54:23 +0800] "GET /xingrg/javascript/easyui/themes/default/tree.css HTTP/1.1" 404 1090
116.228.172.94 - - [12/Jan/2021:10:54:23 +0800] "POST /xingrg/all/common/load_tree.html?tree=supplier_tree_json&isDelete=1 HTTP/1.1" 200 54158
117.131.5.26 - - [12/Jan/2021:10:54:24 +0800] "GET /xingrg/all/function/internal_message.html?_=1610420113009&CODE_STATE=getMsg HTTP/1.1" 200 27
117.185.32.26 - - [12/Jan/2021:10:54:24 +0800] "GET /xingrg/kc/buy/cgsh_order_add.html HTTP/1.1" 200 61749
117.185.32.26 - - [12/Jan/2021:10:54:25 +0800] "GET /xingrg/javascript/easyui/themes/default/validatebox.css HTTP/1.1" 404 1104
117.185.32.26 - - [12/Jan/2021:10:54:25 +0800] "POST /xingrg/kc/buy/cgsh_order_operate.html HTTP/1.1" 200 8245
180.156.237.57 - - [12/Jan/2021:10:54:25 +0800] "GET /xingrg/all/function/internal_message.html?_=1610420047503&CODE_STATE=getMsg HTTP/1.1" 200 27
117.185.32.26 - - [12/Jan/2021:10:54:25 +0800] "GET /xingrg/javascript/easyui/themes/default/tree.css HTTP/1.1" 404 1090
117.185.32.26 - - [12/Jan/2021:10:54:25 +0800] "POST /xingrg/all/common/load_tree.html?tree=supplier_tree_json&isDelete=1 HTTP/1.1" 200 54158
180.169.147.146 - - [12/Jan/2021:10:54:26 +0800] "GET /xingrg/all/function/internal_message.html?_=1610420066520&CODE_STATE=getMsg HTTP/1.1" 200 27
180.169.147.146 - - [12/Jan/2021:10:54:26 +0800] "GET /xingrg/all/function/internal_message.html?_=1610420068106&CODE_STATE=getMsg HTTP/1.1" 200 27
180.175.150.119 - - [12/Jan/2021:10:54:26 +0800] "GET /xingrg/all/function/internal_message.html?_=1610420305838&CODE_STATE=getMsg HTTP/1.1" 200 27
117.184.7.26 - - [12/Jan/2021:10:54:32 +0800] "GET /xingrg/all/function/internal_message.html?_=1610420068938&CODE_STATE=getMsg HTTP/1.1" 200 27
222.69.133.109 - - [12/Jan/2021:10:54:33 +0800] "GET /xingrg/all/function/internal_message.html?_=1610420073313&CODE_STATE=getMsg HTTP/1.1" 200 27
114.88.169.67 - - [12/Jan/2021:10:54:35 +0800] "GET /xingrg/kc/buy/cgsh_order_operate.html?command=get_materiel&rest_code=00111&code=00101008096&supplier_code=00100005&order_time=2021-01-12 HTTP/1.1" 200 413
117.185.32.26 - - [12/Jan/2021:10:54:35 +0800] "GET /xingrg/kc/buy/cgsh_order_operate.html?command=get_materiel&rest_code=00106&code=00101009045&supplier_code=00100022&order_time=2021-01-12 HTTP/1.1" 200 412
180.169.147.146 - - [12/Jan/2021:10:54:38 +0800] "GET /xingrg/all/function/internal_message.html?_=1610420080037&CODE_STATE=getMsg HTTP/1.1" 200 27
61.165.42.208 - - [12/Jan/2021:10:54:40 +0800] "GET /xingrg/all/function/internal_message.html?_=1610420061776&CODE_STATE=getMsg HTTP/1.1" 200 27
180.169.147.146 - - [12/Jan/2021:10:54:45 +0800] "GET /xingrg/all/function/internal_message.html?_=1610419985039&CODE_STATE=getMsg HTTP/1.1" 200 27
117.185.32.26 - - [12/Jan/2021:10:54:45 +0800] "POST /xingrg/kc/buy/cgsh_order_operate.html HTTP/1.1" 200 37
61.165.42.208 - - [12/Jan/2021:10:54:46 +0800] "GET /xingrg/kc/buy/cgsh_order_operate.html?command=get_materiel&rest_code=00105&code=00101001019&supplier_code=00100430&order_time=2021-01-12 HTTP/1.1" 200 415
218.81.216.242 - - [12/Jan/2021:10:54:46 +0800] "GET /xingrg/check_reg.html?_=1610420106834 HTTP/1.1" 200 22
117.185.32.26 - - [12/Jan/2021:10:54:47 +0800] "POST /xingrg/kc/buy/cgsh_order_operate.html HTTP/1.1" 200 12
114.88.169.67 - - [12/Jan/2021:10:54:48 +0800] "GET /xingrg/all/function/internal_message.html?_=1610420086389&CODE_STATE=getMsg HTTP/1.1" 200 27
117.185.32.26 - - [12/Jan/2021:10:54:54 +0800] "GET /xingrg/kc/buy/cgsh_order_info.html?code=212021011204997 HTTP/1.1" 200 56651
117.185.32.26 - - [12/Jan/2021:10:54:55 +0800] "GET /xingrg/javascript/easyui/themes/default/validatebox.css HTTP/1.1" 404 1104
117.185.32.26 - - [12/Jan/2021:10:54:55 +0800] "POST /xingrg/kc/buy/cgsh_order_operate.html HTTP/1.1" 200 609
58.37.230.33 - - [12/Jan/2021:10:54:56 +0800] "GET /xingrg/all/function/internal_message.html?_=1610420130472&CODE_STATE=getMsg HTTP/1.1" 200 27
114.88.169.67 - - [12/Jan/2021:10:54:56 +0800] "GET /xingrg/kc/buy/cgsh_order_operate.html?command=get_materiel&rest_code=00111&code=00101008038&supplier_code=00100005&order_time=2021-01-12 HTTP/1.1" 200 431
116.228.172.94 - - [12/Jan/2021:10:54:56 +0800] "GET /xingrg/kc/buy/cgsh_order_operate.html?command=get_materiel&rest_code=00107&code=00102003556&supplier_code=00100151&order_time=2021-01-12 HTTP/1.1" 200 422
117.185.32.26 - - [12/Jan/2021:10:54:57 +0800] "GET /xingrg/kc/print/load_data.html?order_code=212021011204997&kc_code=cgsh&condition= HTTP/1.1" 200 743
61.165.42.208 - - [12/Jan/2021:10:54:59 +0800] "POST /xingrg/kc/buy/cgsh_order_operate.html HTTP/1.1" 200 37
222.69.138.238 - - [12/Jan/2021:10:55:00 +0800] "GET /xingrg/all/function/internal_message.html?_=1610420097379&CODE_STATE=getMsg HTTP/1.1" 200 27
61.165.42.208 - - [12/Jan/2021:10:55:00 +0800] "POST /xingrg/kc/buy/cgsh_order_operate.html HTTP/1.1" 200 3268
116.228.172.94 - - [12/Jan/2021:10:55:01 +0800] "GET /xingrg/all/function/internal_message.html?_=1610420101600&CODE_STATE=getMsg HTTP/1.1" 200 27
61.165.42.208 - - [12/Jan/2021:10:55:02 +0800] "GET /xingrg/all/function/internal_message.html?_=1610420103057&CODE_STATE=getMsg HTTP/1.1" 200 27
61.165.42.208 - - [12/Jan/2021:10:55:02 +0800] "GET /xingrg/check_reg.html?_=1610420103060 HTTP/1.1" 200 22
117.185.32.26 - - [12/Jan/2021:10:55:02 +0800] "GET /xingrg/kc/print/load_data.html?order_code=212021011204997&kc_code=cgsh HTTP/1.1" 200 743
61.165.42.208 - - [12/Jan/2021:10:55:02 +0800] "GET /xingrg/kc/print/load_data.html?order_code=212021011204998&kc_code=cgsh&condition= HTTP/1.1" 200 894
180.169.147.146 - - [12/Jan/2021:10:55:06 +0800] "GET /xingrg/all/function/internal_message.html?_=1610420104966&CODE_STATE=getMsg HTTP/1.1" 200 27
61.165.42.208 - - [12/Jan/2021:10:55:06 +0800] "GET /xingrg/kc/buy/cgsh_order_add.html HTTP/1.1" 200 61790
61.165.42.208 - - [12/Jan/2021:10:55:06 +0800] "GET /xingrg/javascript/easyui/themes/default/validatebox.css HTTP/1.1" 404 1104
61.165.42.208 - - [12/Jan/2021:10:55:06 +0800] "POST /xingrg/kc/buy/cgsh_order_operate.html HTTP/1.1" 200 8245
218.81.216.242 - - [12/Jan/2021:10:55:09 +0800] "GET /xingrg/all/function/internal_message.html?_=1610420129579&CODE_STATE=getMsg HTTP/1.1" 200 27
114.88.169.67 - - [12/Jan/2021:10:55:09 +0800] "GET /xingrg/kc/buy/cgsh_order_operate.html?command=get_materiel&rest_code=00111&code=00101008088&supplier_code=00100005&order_time=2021-01-12 HTTP/1.1" 200 409
117.185.32.26 - - [12/Jan/2021:10:55:13 +0800] "GET /xingrg/all/function/internal_message.html?_=1610420111757&CODE_STATE=getMsg HTTP/1.1" 200 27
61.165.42.208 - - [12/Jan/2021:10:55:17 +0800] "GET /xingrg/kc/buy/cgsh_order_operate.html?command=get_materiel&rest_code=00105&code=00101006001&supplier_code=00100404&order_time=2021-01-12 HTTP/1.1" 200 428
180.156.237.57 - - [12/Jan/2021:10:55:18 +0800] "GET /xingrg/all/function/internal_message.html?_=1610420119457&CODE_STATE=getMsg HTTP/1.1" 200 27
114.88.169.67 - - [12/Jan/2021:10:55:19 +0800] "GET /xingrg/all/function/internal_message.html?_=1610420286264&CODE_STATE=getMsg HTTP/1.1" 302 -
117.185.32.26 - - [12/Jan/2021:10:55:21 +0800] "GET /xingrg/all/function/internal_message.html?_=1610420586592&CODE_STATE=getMsg HTTP/1.1" 200 27
180.156.237.57 - - [12/Jan/2021:10:55:23 +0800] "GET /xingrg/check_reg.html?_=1610420106201 HTTP/1.1" 200 22
117.131.5.26 - - [12/Jan/2021:10:55:24 +0800] "GET /xingrg/all/function/internal_message.html?_=1610420173023&CODE_STATE=getMsg HTTP/1.1" 200 27
180.156.237.57 - - [12/Jan/2021:10:55:25 +0800] "GET /xingrg/all/function/internal_message.html?_=1610420107517&CODE_STATE=getMsg HTTP/1.1" 200 27
180.169.147.146 - - [12/Jan/2021:10:55:26 +0800] "GET /xingrg/all/function/internal_message.html?_=1610420126517&CODE_STATE=getMsg HTTP/1.1" 200 27
180.169.147.146 - - [12/Jan/2021:10:55:26 +0800] "GET /xingrg/all/function/internal_message.html?_=1610420128108&CODE_STATE=getMsg HTTP/1.1" 200 27
180.175.150.119 - - [12/Jan/2021:10:55:27 +0800] "GET /xingrg/all/function/internal_message.html?_=1610420366304&CODE_STATE=getMsg HTTP/1.1" 200 27
61.165.42.208 - - [12/Jan/2021:10:55:30 +0800] "POST /xingrg/kc/buy/cgsh_order_operate.html HTTP/1.1" 200 37
117.184.7.26 - - [12/Jan/2021:10:55:32 +0800] "GET /xingrg/all/function/internal_message.html?_=1610420128923&CODE_STATE=getMsg HTTP/1.1" 200 27
180.169.147.146 - - [12/Jan/2021:10:55:33 +0800] "POST /xingrg/dwr/call/plaincall/AjaxReportQueryService.refreshCache.dwr HTTP/1.1" 200 78
222.69.133.109 - - [12/Jan/2021:10:55:33 +0800] "GET /xingrg/all/function/internal_message.html?_=1610420133314&CODE_STATE=getMsg HTTP/1.1" 200 27
222.69.133.109 - - [12/Jan/2021:10:55:33 +0800] "GET /xingrg/check_reg.html?_=1610420133320 HTTP/1.1" 200 22
180.169.147.146 - - [12/Jan/2021:10:55:37 +0800] "POST /xingrg/all/report/load_report_page.html HTTP/1.1" 200 11225
61.165.42.208 - - [12/Jan/2021:10:55:37 +0800] "POST /xingrg/kc/buy/cgsh_order_operate.html HTTP/1.1" 200 2675
180.169.147.146 - - [12/Jan/2021:10:55:37 +0800] "GET /xingrg/servlets/image?cache=0.7558147055477773&image=px HTTP/1.1" 200 807
180.169.147.146 - - [12/Jan/2021:10:55:38 +0800] "GET /xingrg/check_reg.html?_=1610420140036 HTTP/1.1" 200 22
180.169.147.146 - - [12/Jan/2021:10:55:38 +0800] "GET /xingrg/all/function/internal_message.html?_=1610420140035&CODE_STATE=getMsg HTTP/1.1" 200 27
120.204.17.72 - - [12/Jan/2021:10:55:38 +0800] "GET /xingrg/kc/buy/cgsh_order_operate.html?command=get_materiel&rest_code=00106&code=00101006025&supplier_code=00100015&order_time=2021-01-12 HTTP/1.1" 302 -
61.165.42.208 - - [12/Jan/2021:10:55:39 +0800] "GET /xingrg/kc/print/load_data.html?order_code=212021011204999&kc_code=cgsh&condition= HTTP/1.1" 200 703
61.165.42.208 - - [12/Jan/2021:10:55:40 +0800] "GET /xingrg/all/function/internal_message.html?_=1610420121771&CODE_STATE=getMsg HTTP/1.1" 200 27
61.165.42.208 - - [12/Jan/2021:10:55:43 +0800] "GET /xingrg/kc/buy/cgsh_order_add.html HTTP/1.1" 200 61790
61.165.42.208 - - [12/Jan/2021:10:55:44 +0800] "POST /xingrg/kc/buy/cgsh_order_operate.html HTTP/1.1" 200 8245
61.165.42.208 - - [12/Jan/2021:10:55:44 +0800] "GET /xingrg/javascript/easyui/themes/default/validatebox.css HTTP/1.1" 404 1104
120.204.17.72 - - [12/Jan/2021:10:55:45 +0800] "GET /xingrg/login.html HTTP/1.1" 200 7641
180.169.147.146 - - [12/Jan/2021:10:55:45 +0800] "GET /xingrg/all/function/internal_message.html?_=1610420045025&CODE_STATE=getMsg HTTP/1.1" 200 27
114.88.169.67 - - [12/Jan/2021:10:55:48 +0800] "GET /xingrg/all/function/internal_message.html?_=1610420146394&CODE_STATE=getMsg HTTP/1.1" 200 27
114.88.169.67 - - [12/Jan/2021:10:55:51 +0800] "GET /xingrg/kc/buy/cgsh_order_operate.html?command=get_materiel&rest_code=00111&code=00101008067&supplier_code=00100005&order_time=2021-01-12 HTTP/1.1" 200 416
61.165.42.208 - - [12/Jan/2021:10:55:54 +0800] "GET /xingrg/kc/buy/cgsh_order_operate.html?command=get_materiel&rest_code=00105&code=00101014101&supplier_code=00100086&order_time=2021-01-12 HTTP/1.1" 200 404
58.37.230.33 - - [12/Jan/2021:10:55:56 +0800] "GET /xingrg/all/function/internal_message.html?_=1610420190467&CODE_STATE=getMsg HTTP/1.1" 200 27
222.69.138.238 - - [12/Jan/2021:10:56:00 +0800] "GET /xingrg/all/function/internal_message.html?_=1610420157365&CODE_STATE=getMsg HTTP/1.1" 200 27
116.228.172.94 - - [12/Jan/2021:10:56:01 +0800] "GET /xingrg/all/function/internal_message.html?_=1610420161578&CODE_STATE=getMsg HTTP/1.1" 200 27
114.88.169.67 - - [12/Jan/2021:10:56:01 +0800] "GET /xingrg/kc/buy/cgsh_order_operate.html?command=get_materiel&rest_code=00111&code=00101008264&supplier_code=00100005&order_time=2021-01-12 HTTP/1.1" 200 412
58.40.7.146 - - [12/Jan/2021:10:56:01 +0800] "GET /xingrg/check_reg.html?_=1610420160747 HTTP/1.1" 200 22
61.165.42.208 - - [12/Jan/2021:10:56:02 +0800] "GET /xingrg/all/function/internal_message.html?_=1610420163078&CODE_STATE=getMsg HTTP/1.1" 200 27
180.169.147.146 - - [12/Jan/2021:10:56:06 +0800] "GET /xingrg/all/function/internal_message.html?_=1610420164996&CODE_STATE=getMsg HTTP/1.1" 200 27
180.169.147.146 - - [12/Jan/2021:10:56:06 +0800] "GET /xingrg/check_reg.html?_=1610420164993 HTTP/1.1" 200 22
61.165.42.208 - - [12/Jan/2021:10:56:07 +0800] "POST /xingrg/kc/buy/cgsh_order_operate.html HTTP/1.1" 200 37
61.165.42.208 - - [12/Jan/2021:10:56:08 +0800] "POST /xingrg/kc/buy/cgsh_order_operate.html HTTP/1.1" 200 2665
218.81.216.242 - - [12/Jan/2021:10:56:09 +0800] "GET /xingrg/all/function/internal_message.html?_=1610420189592&CODE_STATE=getMsg HTTP/1.1" 200 27
114.88.169.67 - - [12/Jan/2021:10:56:09 +0800] "GET /xingrg/kc/buy/cgsh_order_operate.html?command=get_materiel&rest_code=00111&code=00101008272&supplier_code=00100005&order_time=2021-01-12 HTTP/1.1" 200 412
117.185.32.26 - - [12/Jan/2021:10:56:13 +0800] "GET /xingrg/all/function/internal_message.html?_=1610420171735&CODE_STATE=getMsg HTTP/1.1" 200 27
116.228.172.94 - - [12/Jan/2021:10:56:13 +0800] "POST /xingrg/kc/buy/cgsh_order_operate.html HTTP/1.1" 200 37
180.169.147.146 - - [12/Jan/2021:10:56:14 +0800] "POST /xingrg/dwr/call/plaincall/AjaxReportQueryService.refreshCache.dwr HTTP/1.1" 200 78
116.228.172.94 - - [12/Jan/2021:10:56:16 +0800] "POST /xingrg/kc/buy/cgsh_order_operate.html HTTP/1.1" 200 12
116.228.172.94 - - [12/Jan/2021:10:56:18 +0800] "GET /xingrg/kc/buy/cgsh_order_info.html?code=212021011205001 HTTP/1.1" 200 56721
180.169.147.146 - - [12/Jan/2021:10:56:18 +0800] "POST /xingrg/all/report/load_report_page.html HTTP/1.1" 200 11285
180.156.237.57 - - [12/Jan/2021:10:56:18 +0800] "GET /xingrg/all/function/internal_message.html?_=1610420179471&CODE_STATE=getMsg HTTP/1.1" 200 27
180.169.147.146 - - [12/Jan/2021:10:56:18 +0800] "GET /xingrg/servlets/image?cache=0.6312829934623834&image=px HTTP/1.1" 200 807
114.88.169.67 - - [12/Jan/2021:10:56:19 +0800] "GET /xingrg/all/function/internal_message.html?_=1610420346233&CODE_STATE=getMsg HTTP/1.1" 302 -
61.165.42.208 - - [12/Jan/2021:10:56:19 +0800] "GET /xingrg/kc/print/load_data.html?order_code=212021011205000&kc_code=cgsh&condition= HTTP/1.1" 200 739
114.88.169.67 - - [12/Jan/2021:10:56:19 +0800] "POST /xingrg/kc/buy/cgsh_order_operate.html HTTP/1.1" 200 2065
116.228.172.94 - - [12/Jan/2021:10:56:19 +0800] "GET /xingrg/javascript/easyui/themes/default/validatebox.css HTTP/1.1" 404 1104
116.228.172.94 - - [12/Jan/2021:10:56:20 +0800] "POST /xingrg/kc/buy/cgsh_order_operate.html HTTP/1.1" 200 616
116.228.172.94 - - [12/Jan/2021:10:56:21 +0800] "GET /xingrg/kc/print/load_data.html?order_code=212021011205001&kc_code=cgsh&condition= HTTP/1.1" 200 681
117.185.32.26 - - [12/Jan/2021:10:56:21 +0800] "GET /xingrg/check_reg.html?_=1610420646592 HTTP/1.1" 200 22
117.185.32.26 - - [12/Jan/2021:10:56:21 +0800] "GET /xingrg/all/function/internal_message.html?_=1610420646594&CODE_STATE=getMsg HTTP/1.1" 200 27
61.165.42.208 - - [12/Jan/2021:10:56:23 +0800] "GET /xingrg/kc/buy/cgsh_order_add.html HTTP/1.1" 200 61790
61.165.42.208 - - [12/Jan/2021:10:56:24 +0800] "POST /xingrg/kc/buy/cgsh_order_operate.html HTTP/1.1" 200 8245
61.165.42.208 - - [12/Jan/2021:10:56:24 +0800] "GET /xingrg/javascript/easyui/themes/default/validatebox.css HTTP/1.1" 404 1104
117.131.5.26 - - [12/Jan/2021:10:56:24 +0800] "GET /xingrg/all/function/internal_message.html?_=1610420233021&CODE_STATE=getMsg HTTP/1.1" 200 27
117.184.7.26 - - [12/Jan/2021:10:56:24 +0800] "GET /xingrg/check_reg.html?_=1610420180828 HTTP/1.1" 200 22
180.156.237.57 - - [12/Jan/2021:10:56:25 +0800] "GET /xingrg/all/function/internal_message.html?_=1610420167530&CODE_STATE=getMsg HTTP/1.1" 200 27
180.169.147.146 - - [12/Jan/2021:10:56:26 +0800] "GET /xingrg/all/function/internal_message.html?_=1610420186519&CODE_STATE=getMsg HTTP/1.1" 200 27
180.169.147.146 - - [12/Jan/2021:10:56:26 +0800] "GET /xingrg/check_reg.html?_=1610420186522 HTTP/1.1" 200 22
114.88.169.67 - - [12/Jan/2021:10:56:26 +0800] "GET /xingrg/kc/buy/cgsh_order_operate.html?command=get_materiel&rest_code=00111&code=00101008137&supplier_code=00100005&order_time=2021-01-12 HTTP/1.1" 200 408
180.169.147.146 - - [12/Jan/2021:10:56:26 +0800] "GET /xingrg/all/function/internal_message.html?_=1610420188110&CODE_STATE=getMsg HTTP/1.1" 200 27
116.228.172.94 - - [12/Jan/2021:10:56:26 +0800] "GET /xingrg/kc/buy/cgsh_order_add.html HTTP/1.1" 200 61831
116.228.172.94 - - [12/Jan/2021:10:56:27 +0800] "GET /xingrg/javascript/easyui/themes/default/validatebox.css HTTP/1.1" 404 1104
116.228.172.94 - - [12/Jan/2021:10:56:27 +0800] "POST /xingrg/kc/buy/cgsh_order_operate.html HTTP/1.1" 200 8245
180.175.150.119 - - [12/Jan/2021:10:56:27 +0800] "GET /xingrg/all/function/internal_message.html?_=1610420426317&CODE_STATE=getMsg HTTP/1.1" 200 27
117.184.7.26 - - [12/Jan/2021:10:56:32 +0800] "GET /xingrg/all/function/internal_message.html?_=1610420188898&CODE_STATE=getMsg HTTP/1.1" 200 27
222.69.133.109 - - [12/Jan/2021:10:56:33 +0800] "GET /xingrg/all/function/internal_message.html?_=1610420193320&CODE_STATE=getMsg HTTP/1.1" 200 27
114.88.169.67 - - [12/Jan/2021:10:56:34 +0800] "GET /xingrg/kc/buy/cgsh_order_operate.html?command=get_materiel&rest_code=00111&code=00101008362&supplier_code=00100005&order_time=2021-01-12 HTTP/1.1" 200 408
183.192.164.85 - - [12/Jan/2021:10:56:37 +0800] "GET /xingrg/kc/print/load_data.html?order_code=212021011204990&kc_code=cgsh&condition= HTTP/1.1" 302 -
183.192.164.85 - - [12/Jan/2021:10:56:37 +0800] "GET /xingrg/kc/buy/cgsh_order_operate.html?command=get_materiel&rest_code=00106&code=00101006129&supplier_code=00100015&order_time=2021-01-12 HTTP/1.1" 302 -
180.169.147.146 - - [12/Jan/2021:10:56:38 +0800] "GET /xingrg/all/function/internal_message.html?_=1610420200034&CODE_STATE=getMsg HTTP/1.1" 200 27
180.169.147.146 - - [12/Jan/2021:10:56:38 +0800] "POST /xingrg/dwr/call/plaincall/AjaxReportQueryService.refreshCache.dwr HTTP/1.1" 200 78
180.169.147.146 - - [12/Jan/2021:10:56:39 +0800] "POST /xingrg/all/report/load_report_page.html HTTP/1.1" 200 89
61.165.42.208 - - [12/Jan/2021:10:56:40 +0800] "GET /xingrg/all/function/internal_message.html?_=1610420181771&CODE_STATE=getMsg HTTP/1.1" 200 27
61.165.42.208 - - [12/Jan/2021:10:56:40 +0800] "GET /xingrg/check_reg.html?_=1610420181772 HTTP/1.1" 200 22
61.165.42.208 - - [12/Jan/2021:10:56:41 +0800] "GET /xingrg/kc/buy/cgsh_order_operate.html?command=get_materiel&rest_code=00105&code=00101008055&supplier_code=00100440&order_time=2021-01-12 HTTP/1.1" 200 409
114.88.169.67 - - [12/Jan/2021:10:56:43 +0800] "GET /xingrg/kc/buy/cgsh_order_operate.html?command=get_materiel&rest_code=00111&code=00101008270&supplier_code=00100005&order_time=2021-01-12 HTTP/1.1" 200 412
183.192.164.85 - - [12/Jan/2021:10:56:43 +0800] "GET /xingrg/login.html HTTP/1.1" 200 7641
183.192.164.85 - - [12/Jan/2021:10:56:45 +0800] "GET /xingrg/login.html HTTP/1.1" 200 7641
180.169.147.146 - - [12/Jan/2021:10:56:45 +0800] "GET /xingrg/all/function/internal_message.html?_=1610420105027&CODE_STATE=getMsg HTTP/1.1" 200 27
180.169.147.146 - - [12/Jan/2021:10:56:45 +0800] "GET /xingrg/check_reg.html?_=1610420105029 HTTP/1.1" 200 22
114.88.169.67 - - [12/Jan/2021:10:56:48 +0800] "GET /xingrg/all/function/internal_message.html?_=1610420206412&CODE_STATE=getMsg HTTP/1.1" 200 27
61.165.42.208 - - [12/Jan/2021:10:56:49 +0800] "POST /xingrg/kc/buy/cgsh_order_operate.html HTTP/1.1" 200 37
114.88.169.67 - - [12/Jan/2021:10:56:51 +0800] "GET /xingrg/kc/buy/cgsh_order_operate.html?command=get_materiel&rest_code=00111&code=00101008196&supplier_code=00100005&order_time=2021-01-12 HTTP/1.1" 200 416
61.165.42.208 - - [12/Jan/2021:10:56:55 +0800] "POST /xingrg/kc/buy/cgsh_order_operate.html HTTP/1.1" 200 2653
58.37.230.33 - - [12/Jan/2021:10:56:56 +0800] "GET /xingrg/all/function/internal_message.html?_=1610420250468&CODE_STATE=getMsg HTTP/1.1" 200 27
61.165.42.208 - - [12/Jan/2021:10:56:57 +0800] "GET /xingrg/kc/print/load_data.html?order_code=212021011205002&kc_code=cgsh&condition= HTTP/1.1" 200 666
116.228.172.94 - - [12/Jan/2021:10:56:58 +0800] "GET /xingrg/check_reg.html?_=1610420218903 HTTP/1.1" 200 22
222.69.138.238 - - [12/Jan/2021:10:57:00 +0800] "GET /xingrg/all/function/internal_message.html?_=1610420217350&CODE_STATE=getMsg HTTP/1.1" 200 27
61.165.42.208 - - [12/Jan/2021:10:57:01 +0800] "GET /xingrg/kc/buy/cgsh_order_add.html HTTP/1.1" 200 61790
116.228.172.94 - - [12/Jan/2021:10:57:01 +0800] "GET /xingrg/all/function/internal_message.html?_=1610420221556&CODE_STATE=getMsg HTTP/1.1" 200 27
114.88.169.67 - - [12/Jan/2021:10:57:01 +0800] "GET /xingrg/kc/buy/cgsh_order_operate.html?command=get_materiel&rest_code=00111&code=00101008013&supplier_code=00100005&order_time=2021-01-12 HTTP/1.1" 200 408
61.165.42.208 - - [12/Jan/2021:10:57:01 +0800] "POST /xingrg/kc/buy/cgsh_order_operate.html HTTP/1.1" 200 8245
61.165.42.208 - - [12/Jan/2021:10:57:01 +0800] "GET /xingrg/javascript/easyui/themes/default/validatebox.css HTTP/1.1" 404 1104
61.165.42.208 - - [12/Jan/2021:10:57:02 +0800] "GET /xingrg/all/function/internal_message.html?_=1610420223064&CODE_STATE=getMsg HTTP/1.1" 200 27
114.88.169.67 - - [12/Jan/2021:10:57:03 +0800] "POST /xingrg/kc/buy/cgsh_order_operate.html HTTP/1.1" 200 2065
180.169.147.146 - - [12/Jan/2021:10:57:06 +0800] "GET /xingrg/all/function/internal_message.html?_=1610420224995&CODE_STATE=getMsg HTTP/1.1" 200 27
114.88.169.67 - - [12/Jan/2021:10:57:08 +0800] "GET /xingrg/kc/buy/cgsh_order_operate.html?command=get_materiel&rest_code=00111&code=00101008357&supplier_code=00100005&order_time=2021-01-12 HTTP/1.1" 200 408
218.81.216.242 - - [12/Jan/2021:10:57:09 +0800] "GET /xingrg/all/function/internal_message.html?_=1610420249895&CODE_STATE=getMsg HTTP/1.1" 200 27
61.165.42.208 - - [12/Jan/2021:10:57:10 +0800] "GET /xingrg/kc/buy/cgsh_order_operate.html?command=get_materiel&rest_code=00105&code=00101007085&supplier_code=00100328&order_time=2021-01-12 HTTP/1.1" 200 413
117.185.32.26 - - [12/Jan/2021:10:57:13 +0800] "GET /xingrg/all/function/internal_message.html?_=1610420231704&CODE_STATE=getMsg HTTP/1.1" 200 27
180.156.237.57 - - [12/Jan/2021:10:57:18 +0800] "GET /xingrg/all/function/internal_message.html?_=1610420239456&CODE_STATE=getMsg HTTP/1.1" 200 27
114.88.169.67 - - [12/Jan/2021:10:57:19 +0800] "GET /xingrg/all/function/internal_message.html?_=1610420406208&CODE_STATE=getMsg HTTP/1.1" 302 -
61.165.42.208 - - [12/Jan/2021:10:57:20 +0800] "POST /xingrg/kc/buy/cgsh_order_operate.html HTTP/1.1" 200 37
114.88.169.67 - - [12/Jan/2021:10:57:21 +0800] "GET /xingrg/kc/buy/cgsh_order_operate.html?command=get_materiel&rest_code=00111&code=00101008006&supplier_code=00100005&order_time=2021-01-12 HTTP/1.1" 200 416
117.185.32.26 - - [12/Jan/2021:10:57:21 +0800] "GET /xingrg/all/function/internal_message.html?_=1610420706592&CODE_STATE=getMsg HTTP/1.1" 200 27
117.131.5.26 - - [12/Jan/2021:10:57:24 +0800] "GET /xingrg/all/function/internal_message.html?_=1610420293020&CODE_STATE=getMsg HTTP/1.1" 200 27
180.156.237.57 - - [12/Jan/2021:10:57:25 +0800] "GET /xingrg/all/function/internal_message.html?_=1610420227543&CODE_STATE=getMsg HTTP/1.1" 200 27
180.169.147.146 - - [12/Jan/2021:10:57:26 +0800] "GET /xingrg/all/function/internal_message.html?_=1610420246515&CODE_STATE=getMsg HTTP/1.1" 200 27
180.169.147.146 - - [12/Jan/2021:10:57:26 +0800] "GET /xingrg/check_reg.html?_=1610420248112 HTTP/1.1" 200 22
180.169.147.146 - - [12/Jan/2021:10:57:26 +0800] "GET /xingrg/all/function/internal_message.html?_=1610420248117&CODE_STATE=getMsg HTTP/1.1" 200 27
180.175.150.119 - - [12/Jan/2021:10:57:27 +0800] "GET /xingrg/all/function/internal_message.html?_=1610420486736&CODE_STATE=getMsg HTTP/1.1" 200 27
61.165.42.208 - - [12/Jan/2021:10:57:29 +0800] "POST /xingrg/kc/buy/cgsh_order_operate.html HTTP/1.1" 200 2657
61.165.42.208 - - [12/Jan/2021:10:57:30 +0800] "GET /xingrg/kc/print/load_data.html?order_code=212021011205003&kc_code=cgsh&condition= HTTP/1.1" 200 676
117.184.7.26 - - [12/Jan/2021:10:57:32 +0800] "GET /xingrg/all/function/internal_message.html?_=1610420248883&CODE_STATE=getMsg HTTP/1.1" 200 27
222.69.133.109 - - [12/Jan/2021:10:57:33 +0800] "GET /xingrg/all/function/internal_message.html?_=1610420253321&CODE_STATE=getMsg HTTP/1.1" 200 27
61.165.42.208 - - [12/Jan/2021:10:57:34 +0800] "GET /xingrg/kc/buy/cgsh_order_add.html HTTP/1.1" 200 61790
61.165.42.208 - - [12/Jan/2021:10:57:34 +0800] "POST /xingrg/kc/buy/cgsh_order_operate.html HTTP/1.1" 200 8245
61.165.42.208 - - [12/Jan/2021:10:57:34 +0800] "GET /xingrg/javascript/easyui/themes/default/validatebox.css HTTP/1.1" 404 1104
116.228.172.94 - - [12/Jan/2021:10:57:36 +0800] "GET /xingrg/kc/buy/cgsh_order_operate.html?command=get_materiel&rest_code=00107&code=00102016055&supplier_code=00100212&order_time=2021-01-12 HTTP/1.1" 200 438
180.169.147.146 - - [12/Jan/2021:10:57:38 +0800] "GET /xingrg/all/function/internal_message.html?_=1610420260034&CODE_STATE=getMsg HTTP/1.1" 200 27
61.165.42.208 - - [12/Jan/2021:10:57:40 +0800] "GET /xingrg/all/function/internal_message.html?_=1610420241773&CODE_STATE=getMsg HTTP/1.1" 200 27
180.169.147.146 - - [12/Jan/2021:10:57:40 +0800] "POST /xingrg/dwr/call/plaincall/AjaxReportQueryService.refreshCache.dwr HTTP/1.1" 200 78
180.169.147.146 - - [12/Jan/2021:10:57:42 +0800] "POST /xingrg/all/report/load_report_page.html HTTP/1.1" 200 8924
180.169.147.146 - - [12/Jan/2021:10:57:42 +0800] "GET /xingrg/servlets/image?cache=0.7794202738586867&image=px HTTP/1.1" 200 807
61.165.42.208 - - [12/Jan/2021:10:57:44 +0800] "GET /xingrg/kc/buy/cgsh_order_operate.html?command=get_materiel&rest_code=00105&code=00101002018&supplier_code=00100094&order_time=2021-01-12 HTTP/1.1" 200 432
180.169.147.146 - - [12/Jan/2021:10:57:45 +0800] "GET /xingrg/all/function/internal_message.html?_=1610420165029&CODE_STATE=getMsg HTTP/1.1" 200 27
114.88.169.67 - - [12/Jan/2021:10:57:48 +0800] "GET /xingrg/all/function/internal_message.html?_=1610420266430&CODE_STATE=getMsg HTTP/1.1" 200 27
114.88.169.67 - - [12/Jan/2021:10:57:52 +0800] "GET /xingrg/kc/buy/cgsh_order_operate.html?command=get_materiel&rest_code=00111&code=00101008131&supplier_code=00100005&order_time=2021-01-12 HTTP/1.1" 200 408
61.165.42.208 - - [12/Jan/2021:10:57:56 +0800] "POST /xingrg/kc/buy/cgsh_order_operate.html HTTP/1.1" 200 37
58.37.230.33 - - [12/Jan/2021:10:57:56 +0800] "GET /xingrg/all/function/internal_message.html?_=1610420310461&CODE_STATE=getMsg HTTP/1.1" 200 27
58.37.230.33 - - [12/Jan/2021:10:57:56 +0800] "GET /xingrg/check_reg.html?_=1610420310462 HTTP/1.1" 200 22
61.165.42.208 - - [12/Jan/2021:10:57:57 +0800] "POST /xingrg/kc/buy/cgsh_order_operate.html HTTP/1.1" 200 2664
61.165.42.208 - - [12/Jan/2021:10:57:58 +0800] "GET /xingrg/kc/print/load_data.html?order_code=212021011205004&kc_code=cgsh&condition= HTTP/1.1" 200 744
222.69.138.238 - - [12/Jan/2021:10:58:00 +0800] "GET /xingrg/all/function/internal_message.html?_=1610420277327&CODE_STATE=getMsg HTTP/1.1" 200 27
222.69.138.238 - - [12/Jan/2021:10:58:00 +0800] "GET /xingrg/check_reg.html?_=1610420278047 HTTP/1.1" 200 22
114.88.169.67 - - [12/Jan/2021:10:58:01 +0800] "GET /xingrg/kc/buy/cgsh_order_operate.html?command=get_materiel&rest_code=00111&code=00101008318&supplier_code=00100005&order_time=2021-01-12 HTTP/1.1" 200 408
61.165.42.208 - - [12/Jan/2021:10:58:02 +0800] "GET /xingrg/all/function/internal_message.html?_=1610420283067&CODE_STATE=getMsg HTTP/1.1" 200 27
116.228.172.94 - - [12/Jan/2021:10:58:05 +0800] "POST /xingrg/kc/buy/cgsh_order_operate.html HTTP/1.1" 200 37
180.169.147.146 - - [12/Jan/2021:10:58:06 +0800] "GET /xingrg/all/function/internal_message.html?_=1610420284996&CODE_STATE=getMsg HTTP/1.1" 200 27
116.228.172.94 - - [12/Jan/2021:10:58:07 +0800] "POST /xingrg/kc/buy/cgsh_order_operate.html HTTP/1.1" 200 12
61.165.42.208 - - [12/Jan/2021:10:58:08 +0800] "GET /xingrg/kc/buy/cgsh_order_add.html HTTP/1.1" 200 61790
61.165.42.208 - - [12/Jan/2021:10:58:08 +0800] "GET /xingrg/javascript/easyui/themes/default/validatebox.css HTTP/1.1" 404 1104
61.165.42.208 - - [12/Jan/2021:10:58:08 +0800] "POST /xingrg/kc/buy/cgsh_order_operate.html HTTP/1.1" 200 8245
116.228.172.94 - - [12/Jan/2021:10:58:09 +0800] "GET /xingrg/kc/buy/cgsh_order_info.html?code=212021011205005 HTTP/1.1" 200 56723
116.228.172.94 - - [12/Jan/2021:10:58:09 +0800] "GET /xingrg/javascript/easyui/themes/default/validatebox.css HTTP/1.1" 404 1104
218.81.216.242 - - [12/Jan/2021:10:58:09 +0800] "GET /xingrg/all/function/internal_message.html?_=1610420309900&CODE_STATE=getMsg HTTP/1.1" 200 27
116.228.172.94 - - [12/Jan/2021:10:58:10 +0800] "POST /xingrg/kc/buy/cgsh_order_operate.html HTTP/1.1" 200 638
116.228.172.94 - - [12/Jan/2021:10:58:11 +0800] "GET /xingrg/kc/print/load_data.html?order_code=212021011205005&kc_code=cgsh&condition= HTTP/1.1" 200 707
117.185.32.26 - - [12/Jan/2021:10:58:13 +0800] "GET /xingrg/all/function/internal_message.html?_=1610420291681&CODE_STATE=getMsg HTTP/1.1" 200 27
180.169.147.146 - - [12/Jan/2021:10:58:16 +0800] "POST /xingrg/dwr/call/plaincall/AjaxReportQueryService.refreshCache.dwr HTTP/1.1" 200 79
116.228.172.94 - - [12/Jan/2021:10:58:16 +0800] "GET /xingrg/kc/buy/cgsh_order_add.html HTTP/1.1" 200 61831
114.88.169.67 - - [12/Jan/2021:10:58:17 +0800] "GET /xingrg/kc/buy/cgsh_order_operate.html?command=get_materiel&rest_code=00111&code=00101008352&supplier_code=00100005&order_time=2021-01-12 HTTP/1.1" 200 412
116.228.172.94 - - [12/Jan/2021:10:58:17 +0800] "POST /xingrg/kc/buy/cgsh_order_operate.html HTTP/1.1" 200 8245
116.228.172.94 - - [12/Jan/2021:10:58:17 +0800] "GET /xingrg/javascript/easyui/themes/default/validatebox.css HTTP/1.1" 404 1104
180.169.147.146 - - [12/Jan/2021:10:58:18 +0800] "POST /xingrg/all/report/load_report_page.html HTTP/1.1" 200 8924
180.169.147.146 - - [12/Jan/2021:10:58:18 +0800] "GET /xingrg/servlets/image?cache=0.4462483638635335&image=px HTTP/1.1" 200 807
180.156.237.57 - - [12/Jan/2021:10:58:18 +0800] "GET /xingrg/all/function/internal_message.html?_=1610420299467&CODE_STATE=getMsg HTTP/1.1" 200 27
180.156.237.57 - - [12/Jan/2021:10:58:18 +0800] "GET /xingrg/check_reg.html?_=1610420299476 HTTP/1.1" 200 22
114.88.169.67 - - [12/Jan/2021:10:58:18 +0800] "POST /xingrg/kc/buy/cgsh_order_operate.html HTTP/1.1" 200 2065
114.88.169.67 - - [12/Jan/2021:10:58:19 +0800] "GET /xingrg/all/function/internal_message.html?_=1610420466180&CODE_STATE=getMsg HTTP/1.1" 302 -
116.228.172.94 - - [12/Jan/2021:10:58:19 +0800] "GET /xingrg/javascript/easyui/themes/default/tree.css HTTP/1.1" 404 1090
116.228.172.94 - - [12/Jan/2021:10:58:19 +0800] "POST /xingrg/all/common/load_tree.html?tree=supplier_tree_json&isDelete=1 HTTP/1.1" 200 54158
117.185.32.26 - - [12/Jan/2021:10:58:21 +0800] "GET /xingrg/all/function/internal_message.html?_=1610420766591&CODE_STATE=getMsg HTTP/1.1" 200 27
222.69.138.238 - - [12/Jan/2021:10:58:24 +0800] "GET /xingrg/kc/buy/cgsh_order_operate.html?command=get_materiel&rest_code=00149&code=00101006159&supplier_code=00100347&order_time=2021-01-12 HTTP/1.1" 200 417
117.131.5.26 - - [12/Jan/2021:10:58:24 +0800] "GET /xingrg/all/function/internal_message.html?_=1610420353020&CODE_STATE=getMsg HTTP/1.1" 200 27
117.131.5.26 - - [12/Jan/2021:10:58:24 +0800] "GET /xingrg/check_reg.html?_=1610420353021 HTTP/1.1" 200 22
180.156.237.57 - - [12/Jan/2021:10:58:25 +0800] "GET /xingrg/all/function/internal_message.html?_=1610420287567&CODE_STATE=getMsg HTTP/1.1" 200 27
180.169.147.146 - - [12/Jan/2021:10:58:26 +0800] "GET /xingrg/all/function/internal_message.html?_=1610420306517&CODE_STATE=getMsg HTTP/1.1" 200 27
180.169.147.146 - - [12/Jan/2021:10:58:26 +0800] "GET /xingrg/all/function/internal_message.html?_=1610420308104&CODE_STATE=getMsg HTTP/1.1" 200 27
180.175.150.119 - - [12/Jan/2021:10:58:28 +0800] "GET /xingrg/all/function/internal_message.html?_=1610420546750&CODE_STATE=getMsg HTTP/1.1" 200 27
61.165.42.208 - - [12/Jan/2021:10:58:31 +0800] "GET /xingrg/kc/buy/cgsh_order_operate.html?command=get_materiel&rest_code=00105&code=00101010017&supplier_code=00100323&order_time=2021-01-12 HTTP/1.1" 200 443
117.184.7.26 - - [12/Jan/2021:10:58:32 +0800] "GET /xingrg/all/function/internal_message.html?_=1610420308867&CODE_STATE=getMsg HTTP/1.1" 200 27
222.69.133.109 - - [12/Jan/2021:10:58:33 +0800] "GET /xingrg/all/function/internal_message.html?_=1610420313308&CODE_STATE=getMsg HTTP/1.1" 200 27
180.169.147.146 - - [12/Jan/2021:10:58:38 +0800] "GET /xingrg/all/function/internal_message.html?_=1610420320038&CODE_STATE=getMsg HTTP/1.1" 200 27
61.165.42.208 - - [12/Jan/2021:10:58:40 +0800] "GET /xingrg/all/function/internal_message.html?_=1610420301774&CODE_STATE=getMsg HTTP/1.1" 200 27
222.69.138.238 - - [12/Jan/2021:10:58:40 +0800] "GET /xingrg/kc/buy/cgsh_order_operate.html?command=get_materiel&rest_code=00149&code=00101012046&supplier_code=00100347&order_time=2021-01-12 HTTP/1.1" 200 417
58.37.230.33 - - [12/Jan/2021:10:58:42 +0800] "POST /xingrg/kc/buy/cgsh_order_operate.html HTTP/1.1" 200 37
116.228.172.94 - - [12/Jan/2021:10:58:42 +0800] "GET /xingrg/kc/buy/cgsh_order_operate.html?command=get_materiel&rest_code=00107&code=00102003068&supplier_code=00100098&order_time=2021-01-12 HTTP/1.1" 200 416
61.165.42.208 - - [12/Jan/2021:10:58:43 +0800] "GET /xingrg/kc/buy/cgsh_order_operate.html?command=get_materiel&rest_code=00105&code=00101001079&supplier_code=00100323&order_time=2021-01-12 HTTP/1.1" 200 415
58.37.230.33 - - [12/Jan/2021:10:58:43 +0800] "POST /xingrg/kc/buy/cgsh_order_operate.html HTTP/1.1" 200 18015
180.169.147.146 - - [12/Jan/2021:10:58:45 +0800] "GET /xingrg/all/function/internal_message.html?_=1610420225033&CODE_STATE=getMsg HTTP/1.1" 200 27
114.88.169.67 - - [12/Jan/2021:10:58:47 +0800] "GET /xingrg/check_reg.html?_=1610420325936 HTTP/1.1" 200 22
114.88.169.67 - - [12/Jan/2021:10:58:48 +0800] "GET /xingrg/all/function/internal_message.html?_=1610420326435&CODE_STATE=getMsg HTTP/1.1" 200 27
222.69.138.238 - - [12/Jan/2021:10:58:48 +0800] "GET /xingrg/kc/buy/cgsh_order_operate.html?command=get_materiel&rest_code=00149&code=00101005022&supplier_code=00100347&order_time=2021-01-12 HTTP/1.1" 200 417
61.165.42.208 - - [12/Jan/2021:10:58:55 +0800] "GET /xingrg/kc/buy/cgsh_order_operate.html?command=get_materiel&rest_code=00105&code=00101010247&supplier_code=00100323&order_time=2021-01-12 HTTP/1.1" 200 410
58.37.230.33 - - [12/Jan/2021:10:58:56 +0800] "GET /xingrg/all/function/internal_message.html?_=1610420370509&CODE_STATE=getMsg HTTP/1.1" 200 27
116.228.172.94 - - [12/Jan/2021:10:59:00 +0800] "POST /xingrg/kc/buy/cgsh_order_operate.html HTTP/1.1" 200 37
222.69.138.238 - - [12/Jan/2021:10:59:00 +0800] "GET /xingrg/all/function/internal_message.html?_=1610420337313&CODE_STATE=getMsg HTTP/1.1" 200 27
61.165.42.208 - - [12/Jan/2021:10:59:02 +0800] "GET /xingrg/all/function/internal_message.html?_=1610420343069&CODE_STATE=getMsg HTTP/1.1" 200 27
116.228.172.94 - - [12/Jan/2021:10:59:03 +0800] "POST /xingrg/kc/buy/cgsh_order_operate.html HTTP/1.1" 200 12
116.228.172.94 - - [12/Jan/2021:10:59:05 +0800] "GET /xingrg/kc/buy/cgsh_order_info.html?code=212021011205007 HTTP/1.1" 200 56723
180.169.147.146 - - [12/Jan/2021:10:59:06 +0800] "GET /xingrg/all/function/internal_message.html?_=1610420344996&CODE_STATE=getMsg HTTP/1.1" 200 27
116.228.172.94 - - [12/Jan/2021:10:59:06 +0800] "GET /xingrg/javascript/easyui/themes/default/validatebox.css HTTP/1.1" 404 1104
116.228.172.94 - - [12/Jan/2021:10:59:06 +0800] "POST /xingrg/kc/buy/cgsh_order_operate.html HTTP/1.1" 200 613
116.228.172.94 - - [12/Jan/2021:10:59:08 +0800] "GET /xingrg/kc/print/load_data.html?order_code=212021011205007&kc_code=cgsh&condition= HTTP/1.1" 200 677
180.169.147.146 - - [12/Jan/2021:10:59:09 +0800] "POST /xingrg/dwr/call/plaincall/AjaxReportQueryService.refreshCache.dwr HTTP/1.1" 200 79
218.81.216.242 - - [12/Jan/2021:10:59:09 +0800] "GET /xingrg/all/function/internal_message.html?_=1610420369914&CODE_STATE=getMsg HTTP/1.1" 200 27
180.175.150.119 - - [12/Jan/2021:10:59:11 +0800] "GET /xingrg/check_reg.html?_=1610420590134 HTTP/1.1" 200 22
180.169.147.146 - - [12/Jan/2021:10:59:11 +0800] "POST /xingrg/all/report/load_report_page.html HTTP/1.1" 200 8924
180.169.147.146 - - [12/Jan/2021:10:59:11 +0800] "GET /xingrg/servlets/image?cache=0.5022781148337124&image=px HTTP/1.1" 200 807
117.185.32.26 - - [12/Jan/2021:10:59:13 +0800] "GET /xingrg/all/function/internal_message.html?_=1610420351650&CODE_STATE=getMsg HTTP/1.1" 200 27
117.185.32.26 - - [12/Jan/2021:10:59:13 +0800] "GET /xingrg/check_reg.html?_=1610420351755 HTTP/1.1" 200 22
61.165.42.208 - - [12/Jan/2021:10:59:14 +0800] "GET /xingrg/kc/buy/cgsh_order_operate.html?command=get_materiel&rest_code=00105&code=00101007044&supplier_code=00100323&order_time=2021-01-12 HTTP/1.1" 200 444
116.228.172.94 - - [12/Jan/2021:10:59:14 +0800] "GET /xingrg/kc/mdqp/qp_main.html HTTP/1.1" 200 10633
116.228.172.94 - - [12/Jan/2021:10:59:15 +0800] "GET /xingrg/images/blue/button/qqpsd.gif HTTP/1.1" 200 2548
116.228.172.94 - - [12/Jan/2021:10:59:15 +0800] "GET /xingrg/images/blue/button/pszx.gif HTTP/1.1" 200 2648
116.228.172.94 - - [12/Jan/2021:10:59:15 +0800] "GET /xingrg/images/blue/button/psshd.gif HTTP/1.1" 200 2692
183.192.164.214 - - [12/Jan/2021:10:59:17 +0800] "GET /xingrg/check_reg.html?_=1610420051783 HTTP/1.1" 302 -
180.156.237.57 - - [12/Jan/2021:10:59:18 +0800] "GET /xingrg/all/function/internal_message.html?_=1610420359477&CODE_STATE=getMsg HTTP/1.1" 200 27
116.228.172.94 - - [12/Jan/2021:10:59:18 +0800] "GET /xingrg/images/yd/bt.gif HTTP/1.1" 404 1040
114.88.169.67 - - [12/Jan/2021:10:59:19 +0800] "GET /xingrg/all/function/internal_message.html?_=1610420526162&CODE_STATE=getMsg HTTP/1.1" 302 -
114.88.169.67 - - [12/Jan/2021:10:59:19 +0800] "GET /xingrg/kc/buy/cgsh_order_operate.html?command=get_materiel&rest_code=00111&code=00101008353&supplier_code=00100005&order_time=2021-01-12 HTTP/1.1" 200 408
116.228.172.94 - - [12/Jan/2021:10:59:19 +0800] "GET /xingrg/kc/mdqp/pssh_order_list.html HTTP/1.1" 200 18011
183.192.164.97 - - [12/Jan/2021:10:59:19 +0800] "GET /xingrg/all/function/internal_message.html?_=1610420111757&CODE_STATE=getMsg HTTP/1.1" 302 -
116.228.172.94 - - [12/Jan/2021:10:59:20 +0800] "POST /xingrg/kc/mdqp/pssh_list_operate.html HTTP/1.1" 200 5328
114.88.169.67 - - [12/Jan/2021:10:59:21 +0800] "GET /xingrg/check_reg.html?_=1610420528370 HTTP/1.1" 302 -
117.185.32.26 - - [12/Jan/2021:10:59:21 +0800] "GET /xingrg/all/function/internal_message.html?_=1610420826589&CODE_STATE=getMsg HTTP/1.1" 200 27
117.131.5.26 - - [12/Jan/2021:10:59:24 +0800] "GET /xingrg/all/function/internal_message.html?_=1610420413019&CODE_STATE=getMsg HTTP/1.1" 200 27
183.192.164.214 - - [12/Jan/2021:10:59:25 +0800] "GET /xingrg/login.html HTTP/1.1" 200 7641
180.156.237.57 - - [12/Jan/2021:10:59:25 +0800] "GET /xingrg/all/function/internal_message.html?_=1610420347571&CODE_STATE=getMsg HTTP/1.1" 200 27
180.169.147.146 - - [12/Jan/2021:10:59:26 +0800] "GET /xingrg/all/function/internal_message.html?_=1610420366519&CODE_STATE=getMsg HTTP/1.1" 200 27
180.169.147.146 - - [12/Jan/2021:10:59:26 +0800] "GET /xingrg/all/function/internal_message.html?_=1610420368105&CODE_STATE=getMsg HTTP/1.1" 200 27
183.192.164.97 - - [12/Jan/2021:10:59:27 +0800] "GET /xingrg/login.html HTTP/1.1" 200 7641
120.204.17.72 - - [12/Jan/2021:10:59:27 +0800] "GET /xingrg/kc/buy/cgsh_order_info.html?code=212021011204993 HTTP/1.1" 302 -
180.175.150.119 - - [12/Jan/2021:10:59:28 +0800] "GET /xingrg/all/function/internal_message.html?_=1610420607185&CODE_STATE=getMsg HTTP/1.1" 200 27
61.165.42.208 - - [12/Jan/2021:10:59:29 +0800] "GET /xingrg/kc/buy/cgsh_order_operate.html?command=get_materiel&rest_code=00105&code=00101006150&supplier_code=00100323&order_time=2021-01-12 HTTP/1.1" 200 413
120.204.17.72 - - [12/Jan/2021:10:59:31 +0800] "GET /xingrg/login.html HTTP/1.1" 200 7641
117.184.7.26 - - [12/Jan/2021:10:59:32 +0800] "GET /xingrg/all/function/internal_message.html?_=1610420368853&CODE_STATE=getMsg HTTP/1.1" 200 27
222.69.133.109 - - [12/Jan/2021:10:59:33 +0800] "GET /xingrg/all/function/internal_message.html?_=1610420373308&CODE_STATE=getMsg HTTP/1.1" 200 27
180.169.147.146 - - [12/Jan/2021:10:59:38 +0800] "GET /xingrg/all/function/internal_message.html?_=1610420380048&CODE_STATE=getMsg HTTP/1.1" 200 27
61.165.42.208 - - [12/Jan/2021:10:59:40 +0800] "GET /xingrg/all/function/internal_message.html?_=1610420361773&CODE_STATE=getMsg HTTP/1.1" 200 27
114.88.169.67 - - [12/Jan/2021:10:59:41 +0800] "GET /xingrg/kc/buy/cgsh_order_operate.html?command=get_materiel&rest_code=00111&code=00101008312&supplier_code=00100005&order_time=2021-01-12 HTTP/1.1" 200 412
61.165.42.208 - - [12/Jan/2021:10:59:43 +0800] "POST /xingrg/kc/buy/cgsh_order_operate.html HTTP/1.1" 200 37
61.165.42.208 - - [12/Jan/2021:10:59:44 +0800] "POST /xingrg/kc/buy/cgsh_order_operate.html HTTP/1.1" 200 5053
180.169.147.146 - - [12/Jan/2021:10:59:45 +0800] "GET /xingrg/all/function/internal_message.html?_=1610420285035&CODE_STATE=getMsg HTTP/1.1" 200 27
61.165.42.208 - - [12/Jan/2021:10:59:45 +0800] "GET /xingrg/kc/print/load_data.html?order_code=212021011205008&kc_code=cgsh&condition= HTTP/1.1" 200 1598
218.81.216.242 - - [12/Jan/2021:10:59:46 +0800] "GET /xingrg/check_reg.html?_=1610420406839 HTTP/1.1" 200 22
61.165.42.208 - - [12/Jan/2021:10:59:48 +0800] "GET /xingrg/kc/buy/cgsh_order_add.html HTTP/1.1" 200 61790
114.88.169.67 - - [12/Jan/2021:10:59:48 +0800] "GET /xingrg/all/function/internal_message.html?_=1610420386450&CODE_STATE=getMsg HTTP/1.1" 200 27
61.165.42.208 - - [12/Jan/2021:10:59:48 +0800] "GET /xingrg/javascript/easyui/themes/default/validatebox.css HTTP/1.1" 404 1104
61.165.42.208 - - [12/Jan/2021:10:59:48 +0800] "POST /xingrg/kc/buy/cgsh_order_operate.html HTTP/1.1" 200 8245
222.69.138.238 - - [12/Jan/2021:10:59:51 +0800] "GET /xingrg/kc/buy/cgsh_order_operate.html?command=get_materiel&rest_code=00149&code=00101003033&supplier_code=00100347&order_time=2021-01-12 HTTP/1.1" 200 424
58.37.230.33 - - [12/Jan/2021:10:59:56 +0800] "GET /xingrg/all/function/internal_message.html?_=1610420430464&CODE_STATE=getMsg HTTP/1.1" 200 27
61.165.42.208 - - [12/Jan/2021:10:59:58 +0800] "GET /xingrg/kc/buy/cgsh_order_operate.html?command=get_materiel&rest_code=00105&code=00101007144&supplier_code=00100322&order_time=2021-01-12 HTTP/1.1" 200 428
114.84.4.90 - - [12/Jan/2021:11:00:00 +0800] "POST /xingrg/services/DataTransmitService HTTP/1.1" 200 524
