117.185.32.26 - - [11/Jan/2021:10:27:35 +0800] "GET /xingrg/check_reg.html?_=1610332054747 HTTP/1.1" 200 22
180.156.237.57 - - [11/Jan/2021:10:27:36 +0800] "GET /xingrg/all/function/internal_message.html?_=1610332039854&CODE_STATE=getMsg HTTP/1.1" 200 27
117.184.7.26 - - [11/Jan/2021:10:27:36 +0800] "GET /xingrg/all/function/internal_message.html?_=1610332055967&CODE_STATE=getMsg HTTP/1.1" 200 27
172.17.0.104 - - [11/Jan/2021:10:27:36 +0800] "POST /xingrg/kc/buy/cgsh_list_operate.html HTTP/1.1" 200 4095
117.131.5.26 - - [11/Jan/2021:10:27:37 +0800] "GET /xingrg/all/function/internal_message.html?_=1610332106663&CODE_STATE=getMsg HTTP/1.1" 200 27
180.156.237.57 - - [11/Jan/2021:10:27:38 +0800] "GET /xingrg/kc/buy/cgsh_order_operate.html?command=get_materiel&rest_code=00150&code=00101028012&supplier_code=00100017&order_time=2021-01-11 HTTP/1.1" 200 477
117.184.7.26 - - [11/Jan/2021:10:27:38 +0800] "POST /xingrg/services/DataTransmitService HTTP/1.1" 200 524
222.69.137.25 - - [11/Jan/2021:10:27:40 +0800] "GET /xingrg/all/function/internal_message.html?_=1610332058415&CODE_STATE=getMsg HTTP/1.1" 200 27
117.184.7.26 - - [11/Jan/2021:10:27:42 +0800] "POST /xingrg/kc/buy/cgsh_order_operate.html HTTP/1.1" 200 37
117.184.7.26 - - [11/Jan/2021:10:27:43 +0800] "POST /xingrg/kc/buy/cgsh_order_operate.html HTTP/1.1" 200 7400
172.17.0.104 - - [11/Jan/2021:10:27:43 +0800] "POST /xingrg/kc/buy/cgsh_list_operate.html HTTP/1.1" 200 5215
117.184.7.26 - - [11/Jan/2021:10:27:45 +0800] "GET /xingrg/kc/print/load_config.html?kc_code=cgsh HTTP/1.1" 200 1845
117.185.32.26 - - [11/Jan/2021:10:27:45 +0800] "GET /xingrg/all/function/internal_message.html?_=1610332064725&CODE_STATE=getMsg HTTP/1.1" 200 27
117.184.7.26 - - [11/Jan/2021:10:27:45 +0800] "GET /xingrg/kc/print/load_data.html?order_code=212021011104461&kc_code=cgsh&condition= HTTP/1.1" 200 2433
61.165.42.208 - - [11/Jan/2021:10:27:47 +0800] "GET /xingrg/all/function/internal_message.html?_=1610332068320&CODE_STATE=getMsg HTTP/1.1" 200 27
61.165.42.208 - - [11/Jan/2021:10:27:47 +0800] "GET /xingrg/check_reg.html?_=1610332068323 HTTP/1.1" 200 22
180.156.237.57 - - [11/Jan/2021:10:27:50 +0800] "GET /xingrg/kc/buy/cgsh_order_operate.html?command=get_materiel&rest_code=00150&code=00101029017&supplier_code=00100017&order_time=2021-01-11 HTTP/1.1" 200 467
218.81.216.242 - - [11/Jan/2021:10:27:55 +0800] "GET /xingrg/all/function/internal_message.html?_=1610332091486&CODE_STATE=getMsg HTTP/1.1" 200 27
116.228.172.94 - - [11/Jan/2021:10:27:57 +0800] "GET /xingrg/javascript/jquery_easy_ui/themes/default/images/tabs_active.png HTTP/1.1" 200 2894
116.228.172.94 - - [11/Jan/2021:10:27:59 +0800] "GET /xingrg/kc/buy/cgsh_order_add.html HTTP/1.1" 200 61831
116.228.172.94 - - [11/Jan/2021:10:28:00 +0800] "GET /xingrg/javascript/easyui/themes/default/validatebox.css HTTP/1.1" 404 1104
116.228.172.94 - - [11/Jan/2021:10:28:00 +0800] "POST /xingrg/kc/buy/cgsh_order_operate.html HTTP/1.1" 200 8245
180.156.237.57 - - [11/Jan/2021:10:28:00 +0800] "GET /xingrg/kc/buy/cgsh_order_operate.html?command=get_materiel&rest_code=00150&code=00101029021&supplier_code=00100017&order_time=2021-01-11 HTTP/1.1" 200 467
116.228.172.94 - - [11/Jan/2021:10:28:00 +0800] "GET /xingrg/all/function/internal_message.html?_=1610332079102&CODE_STATE=getMsg HTTP/1.1" 200 27
116.228.172.94 - - [11/Jan/2021:10:28:01 +0800] "GET /xingrg/javascript/easyui/themes/default/tree.css HTTP/1.1" 404 1090
116.228.172.94 - - [11/Jan/2021:10:28:01 +0800] "POST /xingrg/all/common/load_tree.html?tree=supplier_tree_json&isDelete=1 HTTP/1.1" 200 54158
222.69.133.109 - - [11/Jan/2021:10:28:03 +0800] "GET /xingrg/all/function/internal_message.html?_=1610332082933&CODE_STATE=getMsg HTTP/1.1" 200 27
180.156.237.57 - - [11/Jan/2021:10:28:07 +0800] "POST /xingrg/kc/buy/cgsh_order_operate.html HTTP/1.1" 200 37
180.156.237.57 - - [11/Jan/2021:10:28:09 +0800] "POST /xingrg/kc/buy/cgsh_order_operate.html HTTP/1.1" 200 12
58.37.230.33 - - [11/Jan/2021:10:28:10 +0800] "GET /xingrg/kc/buy/cgsh_order_operate.html?command=get_materiel&rest_code=00141&code=00101016025&supplier_code=00100036&order_time=2021-01-11 HTTP/1.1" 200 408
172.17.0.104 - - [11/Jan/2021:10:28:10 +0800] "POST /xingrg/kc/buy/cgsh_list_operate.html HTTP/1.1" 200 4
180.156.237.57 - - [11/Jan/2021:10:28:10 +0800] "GET /xingrg/kc/buy/cgsh_order_info.html?code=212021011104462 HTTP/1.1" 200 56567
180.156.237.57 - - [11/Jan/2021:10:28:11 +0800] "GET /xingrg/javascript/easyui/themes/default/validatebox.css HTTP/1.1" 404 1104
180.156.237.57 - - [11/Jan/2021:10:28:11 +0800] "POST /xingrg/kc/buy/cgsh_order_operate.html HTTP/1.1" 200 1908
180.156.237.57 - - [11/Jan/2021:10:28:12 +0800] "GET /xingrg/kc/print/load_data.html?order_code=212021011104462&kc_code=cgsh&condition= HTTP/1.1" 200 1340
172.17.0.104 - - [11/Jan/2021:10:28:15 +0800] "POST /xingrg/kc/buy/cgsh_list_operate.html HTTP/1.1" 200 5111
58.37.230.33 - - [11/Jan/2021:10:28:15 +0800] "GET /xingrg/all/function/internal_message.html?_=1610332126854&CODE_STATE=getMsg HTTP/1.1" 200 27
116.228.172.94 - - [11/Jan/2021:10:28:17 +0800] "GET /xingrg/kc/buy/cgsh_order_operate.html?command=get_materiel&rest_code=00107&code=00101001010&supplier_code=00100041&order_time=2021-01-11 HTTP/1.1" 200 410
58.37.230.33 - - [11/Jan/2021:10:28:17 +0800] "GET /xingrg/kc/buy/cgsh_order_operate.html?command=get_materiel&rest_code=00141&code=00102015017&supplier_code=00100036&order_time=2021-01-11 HTTP/1.1" 200 412
114.88.169.67 - - [11/Jan/2021:10:28:24 +0800] "GET /xingrg/all/function/internal_message.html?_=1610332103810&CODE_STATE=getMsg HTTP/1.1" 200 27
180.156.237.57 - - [11/Jan/2021:10:28:25 +0800] "GET /xingrg/all/function/internal_message.html?_=1610332107159&CODE_STATE=getMsg HTTP/1.1" 200 27
172.17.0.123 - - [11/Jan/2021:10:28:28 +0800] "GET /xingrg/all/function/internal_message.html?_=1610332010080&CODE_STATE=getMsg HTTP/1.1" 200 27
172.17.0.115 - - [11/Jan/2021:10:28:31 +0800] "GET /xingrg/all/function/internal_message.html?_=1610332112238&CODE_STATE=getMsg HTTP/1.1" 200 27
58.37.230.33 - - [11/Jan/2021:10:28:31 +0800] "GET /xingrg/kc/buy/cgsh_order_operate.html?command=get_materiel&rest_code=00141&code=00101007109&supplier_code=00100036&order_time=2021-01-11 HTTP/1.1" 200 408
172.17.200.101 - - [11/Jan/2021:10:28:32 +0800] "GET /xingrg/all/function/internal_message.html?_=1610332113978&CODE_STATE=getMsg HTTP/1.1" 200 27
222.70.174.7 - - [11/Jan/2021:10:28:33 +0800] "GET /xingrg/check_reg.html?_=1610332115084 HTTP/1.1" 302 -
172.17.0.104 - - [11/Jan/2021:10:28:34 +0800] "POST /xingrg/kc/buy/cgsh_list_operate.html HTTP/1.1" 200 4
180.156.237.57 - - [11/Jan/2021:10:28:36 +0800] "GET /xingrg/all/function/internal_message.html?_=1610332099864&CODE_STATE=getMsg HTTP/1.1" 200 27
117.184.7.26 - - [11/Jan/2021:10:28:36 +0800] "GET /xingrg/all/function/internal_message.html?_=1610332115953&CODE_STATE=getMsg HTTP/1.1" 200 27
117.131.5.26 - - [11/Jan/2021:10:28:37 +0800] "GET /xingrg/all/function/internal_message.html?_=1610332166661&CODE_STATE=getMsg HTTP/1.1" 200 27
222.69.137.25 - - [11/Jan/2021:10:28:40 +0800] "GET /xingrg/all/function/internal_message.html?_=1610332118421&CODE_STATE=getMsg HTTP/1.1" 200 27
58.37.230.33 - - [11/Jan/2021:10:28:40 +0800] "GET /xingrg/kc/buy/cgsh_order_operate.html?command=get_materiel&rest_code=00141&code=00101016053&supplier_code=00100036&order_time=2021-01-11 HTTP/1.1" 200 408
180.175.150.119 - - [11/Jan/2021:10:28:40 +0800] "POST /xingrg/kc/base/wldb_order_operate.html HTTP/1.1" 200 37
116.228.172.94 - - [11/Jan/2021:10:28:42 +0800] "GET /xingrg/kc/buy/cgsh_order_operate.html?command=get_materiel&rest_code=00107&code=00101005037&supplier_code=00100041&order_time=2021-01-11 HTTP/1.1" 200 409
180.175.150.119 - - [11/Jan/2021:10:28:42 +0800] "POST /xingrg/kc/base/wldb_order_operate.html HTTP/1.1" 200 12
180.175.150.119 - - [11/Jan/2021:10:28:42 +0800] "POST /xingrg/kc/base/wldb_order_operate.html HTTP/1.1" 200 2218
180.175.150.119 - - [11/Jan/2021:10:28:43 +0800] "GET /xingrg/kc/base/wldb_order_info.html?code=422021011101296 HTTP/1.1" 200 26373
117.185.32.26 - - [11/Jan/2021:10:28:45 +0800] "GET /xingrg/all/function/internal_message.html?_=1610332124693&CODE_STATE=getMsg HTTP/1.1" 200 27
180.175.150.119 - - [11/Jan/2021:10:28:45 +0800] "POST /xingrg/kc/base/wldb_order_operate.html HTTP/1.1" 200 512
58.37.230.33 - - [11/Jan/2021:10:28:45 +0800] "GET /xingrg/kc/buy/cgsh_order_operate.html?command=get_materiel&rest_code=00141&code=00101020078&supplier_code=00100036&order_time=2021-01-11 HTTP/1.1" 200 450
180.175.150.119 - - [11/Jan/2021:10:28:46 +0800] "GET /xingrg/javascript/easyui/themes/default/validatebox.css HTTP/1.1" 404 1104
172.17.0.104 - - [11/Jan/2021:10:28:47 +0800] "POST /xingrg/kc/buy/cgsh_list_operate.html HTTP/1.1" 200 3847
61.165.42.208 - - [11/Jan/2021:10:28:47 +0800] "GET /xingrg/all/function/internal_message.html?_=1610332128315&CODE_STATE=getMsg HTTP/1.1" 200 27
180.175.150.119 - - [11/Jan/2021:10:28:48 +0800] "GET /xingrg/kc/base/wldb_order_add.html HTTP/1.1" 200 30498
180.175.150.119 - - [11/Jan/2021:10:28:50 +0800] "POST /xingrg/kc/base/wldb_order_operate.html HTTP/1.1" 200 6806
180.175.150.119 - - [11/Jan/2021:10:28:50 +0800] "GET /xingrg/javascript/easyui/themes/default/validatebox.css HTTP/1.1" 404 1104
180.175.150.119 - - [11/Jan/2021:10:28:51 +0800] "POST /xingrg/all/common/load_combo.html?type=base HTTP/1.1" 200 3060
172.17.0.240 - - [11/Jan/2021:10:28:53 +0800] "GET /favicon.ico HTTP/1.1" 404 -
180.175.150.119 - - [11/Jan/2021:10:28:53 +0800] "POST /xingrg/all/common/load_combo.html?type=base HTTP/1.1" 200 3060
58.37.230.33 - - [11/Jan/2021:10:28:54 +0800] "GET /xingrg/kc/buy/cgsh_order_operate.html?command=get_materiel&rest_code=00141&code=00101012051&supplier_code=00100036&order_time=2021-01-11 HTTP/1.1" 200 408
218.81.216.242 - - [11/Jan/2021:10:28:55 +0800] "GET /xingrg/all/function/internal_message.html?_=1610332151489&CODE_STATE=getMsg HTTP/1.1" 200 27
172.17.0.240 - - [11/Jan/2021:10:28:56 +0800] "GET /xingrg/index.html?sysBaseUrl=http%3A%2F%2F172.17.0.8%3A18081%2Fxingrg%2F&costTime=213×tamp=1585200360465 HTTP/1.1" 302 -
172.17.0.240 - - [11/Jan/2021:10:28:56 +0800] "GET /xingrg/login.html HTTP/1.1" 200 7636
172.17.0.240 - - [11/Jan/2021:10:28:56 +0800] "GET /xingrg/images/blue/jxLogo.png HTTP/1.1" 200 6156
172.17.0.240 - - [11/Jan/2021:10:28:57 +0800] "GET /xingrg/images/blue/login_bg.png HTTP/1.1" 200 22101
172.17.0.240 - - [11/Jan/2021:10:28:57 +0800] "GET /xingrg/images/blue/hj.png HTTP/1.1" 200 1014
172.17.0.240 - - [11/Jan/2021:10:28:57 +0800] "GET /xingrg/images/blue/srbg.png HTTP/1.1" 200 138
172.17.0.240 - - [11/Jan/2021:10:28:57 +0800] "GET /favicon.ico HTTP/1.1" 404 -
172.17.0.240 - - [11/Jan/2021:10:28:58 +0800] "POST /xingrg/login.do HTTP/1.1" 302 -
172.17.0.240 - - [11/Jan/2021:10:28:58 +0800] "GET /xingrg/index.html?sysBaseUrl=http%3A%2F%2F172.17.0.8%3A18081%2Fxingrg%2F&costTime=40×tamp=1610332138501 HTTP/1.1" 200 17448
172.17.0.240 - - [11/Jan/2021:10:28:58 +0800] "GET /xingrg/javascript/jquery_easy_ui/themes/icon.css HTTP/1.1" 200 3949
172.17.0.240 - - [11/Jan/2021:10:28:58 +0800] "GET /xingrg/javascript/jquery_easy_ui/themes/default/easyui.css HTTP/1.1" 200 26500
172.17.0.240 - - [11/Jan/2021:10:28:58 +0800] "GET /xingrg/css/form.css HTTP/1.1" 200 893
172.17.0.240 - - [11/Jan/2021:10:28:58 +0800] "GET /xingrg/javascript/jquery_easy_ui/jquery.easyui.min.js HTTP/1.1" 200 213662
172.17.0.240 - - [11/Jan/2021:10:28:58 +0800] "GET /xingrg/javascript/jquery-1.4.2.min.js HTTP/1.1" 200 72205
172.17.0.240 - - [11/Jan/2021:10:28:58 +0800] "GET /xingrg/javascript/jquery_easy_ui/easyui-lang-zh_CN.js HTTP/1.1" 200 1900
172.17.0.240 - - [11/Jan/2021:10:28:58 +0800] "GET /xingrg/javascript/jquery.form.js HTTP/1.1" 200 23110
172.17.0.240 - - [11/Jan/2021:10:28:58 +0800] "GET /xingrg/javascript/jquery.utils.js HTTP/1.1" 200 11805
172.17.0.240 - - [11/Jan/2021:10:28:58 +0800] "GET /xingrg/javascript/jquery.timers.js HTTP/1.1" 200 3532
172.17.0.240 - - [11/Jan/2021:10:28:58 +0800] "GET /favicon.ico HTTP/1.1" 404 -
172.17.0.240 - - [11/Jan/2021:10:28:58 +0800] "GET /xingrg/javascript/jquery_easy_ui/themes/icons/settle_new.png HTTP/1.1" 200 826
172.17.0.240 - - [11/Jan/2021:10:28:58 +0800] "GET /xingrg/images/blue/navBackgound.jpg HTTP/1.1" 200 12378
172.17.0.240 - - [11/Jan/2021:10:28:58 +0800] "POST /xingrg/all/common/load_tree.html?tree=area_rest_tree_json&manage=1 HTTP/1.1" 200 3344
172.17.0.240 - - [11/Jan/2021:10:28:58 +0800] "GET /xingrg/all/function/internal_message.html?_=1610332138478&CODE_STATE=count HTTP/1.1" 200 11
172.17.0.240 - - [11/Jan/2021:10:28:58 +0800] "GET /xingrg/check_reg.html?_=1610332138478 HTTP/1.1" 200 22
172.17.0.240 - - [11/Jan/2021:10:28:58 +0800] "GET /xingrg/images/blue/pingpu.png HTTP/1.1" 200 231
172.17.0.240 - - [11/Jan/2021:10:28:58 +0800] "GET /xingrg/javascript/jquery_easy_ui/themes/default/images/tabs_leftarrow.png HTTP/1.1" 200 389
172.17.0.240 - - [11/Jan/2021:10:28:58 +0800] "GET /xingrg/javascript/jquery_easy_ui/themes/default/images/tabs_rightarrow.png HTTP/1.1" 200 395
172.17.0.240 - - [11/Jan/2021:10:28:58 +0800] "GET /xingrg/javascript/jquery_easy_ui/themes/default/images/panel_tool_expand.gif HTTP/1.1" 200 247
172.17.0.240 - - [11/Jan/2021:10:28:58 +0800] "GET /xingrg/javascript/jquery_easy_ui/themes/default/images/panel_tool_collapse.gif HTTP/1.1" 200 246
172.17.0.240 - - [11/Jan/2021:10:28:58 +0800] "POST /xingrg/load_menu.html HTTP/1.1" 200 11529
172.17.0.240 - - [11/Jan/2021:10:28:59 +0800] "GET /xingrg/javascript/jquery_easy_ui/themes/default/images/tree_arrows.gif HTTP/1.1" 200 1043
172.17.0.240 - - [11/Jan/2021:10:28:59 +0800] "GET /xingrg/javascript/jquery_easy_ui/themes/default/images/tree_folder_open.gif HTTP/1.1" 200 956
172.17.0.240 - - [11/Jan/2021:10:28:59 +0800] "GET /xingrg/javascript/jquery_easy_ui/themes/icons/search_new.png HTTP/1.1" 200 586
172.17.0.240 - - [11/Jan/2021:10:28:59 +0800] "GET /xingrg/javascript/jquery_easy_ui/themes/icons/delivery_new.png HTTP/1.1" 200 700
172.17.0.240 - - [11/Jan/2021:10:28:59 +0800] "GET /xingrg/javascript/jquery_easy_ui/themes/icons/storage_new.png HTTP/1.1" 200 853
172.17.0.240 - - [11/Jan/2021:10:28:59 +0800] "GET /xingrg/javascript/jquery_easy_ui/themes/icons/checkout_new.png HTTP/1.1" 200 744
172.17.0.240 - - [11/Jan/2021:10:28:59 +0800] "GET /xingrg/javascript/jquery_easy_ui/themes/icons/forms_new.png HTTP/1.1" 200 350
172.17.0.240 - - [11/Jan/2021:10:28:59 +0800] "GET /xingrg/javascript/jquery_easy_ui/themes/icons/setting_new.png HTTP/1.1" 200 450
172.17.0.240 - - [11/Jan/2021:10:28:59 +0800] "GET /xingrg/javascript/jquery_easy_ui/themes/icons/systemset_new.png HTTP/1.1" 200 606
172.17.0.240 - - [11/Jan/2021:10:28:59 +0800] "GET /xingrg/javascript/jquery_easy_ui/themes/default/images/tree_file.gif HTTP/1.1" 200 118
172.17.0.240 - - [11/Jan/2021:10:28:59 +0800] "GET /xingrg/javascript/jquery_easy_ui/themes/default/images/tree_folder.gif HTTP/1.1" 200 952
116.228.172.94 - - [11/Jan/2021:10:29:01 +0800] "GET /xingrg/all/function/internal_message.html?_=1610332139100&CODE_STATE=getMsg HTTP/1.1" 200 27
116.228.172.94 - - [11/Jan/2021:10:29:01 +0800] "GET /xingrg/check_reg.html?_=1610332139151 HTTP/1.1" 200 22
172.17.0.240 - - [11/Jan/2021:10:29:01 +0800] "POST /xingrg/load_menu.html HTTP/1.1" 200 10512
58.37.230.33 - - [11/Jan/2021:10:29:03 +0800] "GET /xingrg/kc/buy/cgsh_order_operate.html?command=get_materiel&rest_code=00141&code=00101012019&supplier_code=00100036&order_time=2021-01-11 HTTP/1.1" 200 412
222.69.133.109 - - [11/Jan/2021:10:29:03 +0800] "GET /xingrg/all/function/internal_message.html?_=1610332142933&CODE_STATE=getMsg HTTP/1.1" 200 27
172.17.0.240 - - [11/Jan/2021:10:29:03 +0800] "GET /xingrg/all/report/report_query.html?fileName=dma/new_5.0/menu/menu_category_hz.xml HTTP/1.1" 200 52989
172.17.0.240 - - [11/Jan/2021:10:29:03 +0800] "GET /xingrg/javascript/jquery_easy_ui/themes/default/images/tabs_close.gif HTTP/1.1" 200 829
172.17.0.240 - - [11/Jan/2021:10:29:03 +0800] "GET /xingrg/javascript/multi_select/jqueryMultiSelect.css HTTP/1.1" 200 951
172.17.0.240 - - [11/Jan/2021:10:29:03 +0800] "GET /xingrg/css/blue.css HTTP/1.1" 200 15949
172.17.0.240 - - [11/Jan/2021:10:29:03 +0800] "GET /xingrg/javascript/calendar/timePicker.css HTTP/1.1" 200 523
172.17.0.240 - - [11/Jan/2021:10:29:03 +0800] "GET /xingrg/javascript/bigrid/fix.css HTTP/1.1" 200 1702
172.17.0.240 - - [11/Jan/2021:10:29:03 +0800] "GET /xingrg/javascript/pic_change.js HTTP/1.1" 200 4739
172.17.0.240 - - [11/Jan/2021:10:29:03 +0800] "GET /xingrg/dwr/interface/AjaxReportQueryService.js HTTP/1.1" 200 13203
172.17.0.240 - - [11/Jan/2021:10:29:03 +0800] "GET /xingrg/dwr/util.js HTTP/1.1" 200 35990
172.17.0.240 - - [11/Jan/2021:10:29:03 +0800] "GET /xingrg/dwr/engine.js HTTP/1.1" 200 43631
172.17.0.240 - - [11/Jan/2021:10:29:03 +0800] "GET /xingrg/javascript/myfunction.js HTTP/1.1" 200 24559
172.17.0.240 - - [11/Jan/2021:10:29:03 +0800] "GET /xingrg/javascript/jqueryMultiSelect.js HTTP/1.1" 200 11866
172.17.0.240 - - [11/Jan/2021:10:29:03 +0800] "GET /xingrg/javascript/Calendar.js HTTP/1.1" 200 31561
172.17.0.240 - - [11/Jan/2021:10:29:03 +0800] "GET /xingrg/javascript/calendar/jquery.timePicker.min.js HTTP/1.1" 200 2997
172.17.0.240 - - [11/Jan/2021:10:29:03 +0800] "GET /xingrg/javascript/bigrid/fix.js HTTP/1.1" 200 6439
172.17.0.240 - - [11/Jan/2021:10:29:03 +0800] "GET /xingrg/images/blue/button/advanceover.gif HTTP/1.1" 200 1347
172.17.0.240 - - [11/Jan/2021:10:29:03 +0800] "GET /xingrg/images/control/loading.gif HTTP/1.1" 200 13463
172.17.0.240 - - [11/Jan/2021:10:29:03 +0800] "GET /xingrg/images/blue/button/advance2over.gif HTTP/1.1" 200 1336
172.17.0.240 - - [11/Jan/2021:10:29:03 +0800] "GET /xingrg/images/blue/button/back2over.gif HTTP/1.1" 200 1335
172.17.0.240 - - [11/Jan/2021:10:29:03 +0800] "GET /xingrg/images/blue/button/backover.gif HTTP/1.1" 200 1348
172.17.0.240 - - [11/Jan/2021:10:29:03 +0800] "GET /xingrg/javascript/jquery_easy_ui/themes/icons/help.png HTTP/1.1" 200 1187
172.17.0.240 - - [11/Jan/2021:10:29:03 +0800] "GET /xingrg/javascript/jquery_easy_ui/themes/default/images/menu_downarrow.png HTTP/1.1" 200 173
172.17.0.240 - - [11/Jan/2021:10:29:03 +0800] "GET /xingrg/javascript/jquery_easy_ui/themes/default/images/button_a_bg.gif HTTP/1.1" 200 1194
172.17.0.240 - - [11/Jan/2021:10:29:03 +0800] "GET /xingrg/javascript/jquery_easy_ui/themes/default/images/menu.gif HTTP/1.1" 200 834
172.17.0.240 - - [11/Jan/2021:10:29:03 +0800] "GET /xingrg/javascript/jquery_easy_ui/themes/icons/print.png HTTP/1.1" 200 1057
172.17.0.240 - - [11/Jan/2021:10:29:03 +0800] "GET /xingrg/javascript/jquery_easy_ui/themes/icons/pencil.png HTTP/1.1" 200 713
172.17.0.240 - - [11/Jan/2021:10:29:03 +0800] "GET /xingrg/javascript/jquery_easy_ui/themes/default/images/menu_rightarrow.png HTTP/1.1" 200 3617
172.17.0.240 - - [11/Jan/2021:10:29:03 +0800] "POST /xingrg/dwr/call/plaincall/AjaxReportQueryService.getFixDate.dwr HTTP/1.1" 200 111
172.17.0.240 - - [11/Jan/2021:10:29:03 +0800] "GET /xingrg/javascript/jquery_easy_ui/themes/default/images/combo_arrow_dot.gif HTTP/1.1" 200 79
172.17.0.240 - - [11/Jan/2021:10:29:03 +0800] "POST /xingrg/all/common/load_tree.html?tree=area_station_tree_json&manage=1 HTTP/1.1" 200 3240
172.17.0.240 - - [11/Jan/2021:10:29:03 +0800] "GET /xingrg/javascript/jquery_easy_ui/themes/icons/rest.png HTTP/1.1" 200 695
172.17.0.240 - - [11/Jan/2021:10:29:03 +0800] "GET /xingrg/javascript/multi_select/dropdown.gif HTTP/1.1" 200 61
172.17.0.240 - - [11/Jan/2021:10:29:04 +0800] "GET /xingrg/javascript/jquery_easy_ui/themes/icons/area.png HTTP/1.1" 200 262
172.17.0.240 - - [11/Jan/2021:10:29:04 +0800] "GET /xingrg/javascript/jquery_easy_ui/themes/icons/manage.png HTTP/1.1" 200 696
172.17.0.240 - - [11/Jan/2021:10:29:04 +0800] "GET /xingrg/all/report/report_query.html?fileName=dma/new_5.0/menu/menu_stca_hz.xml HTTP/1.1" 200 51343
172.17.0.240 - - [11/Jan/2021:10:29:04 +0800] "GET /xingrg/dwr/interface/AjaxReportQueryService.js HTTP/1.1" 200 13203
172.17.0.240 - - [11/Jan/2021:10:29:04 +0800] "GET /xingrg/dwr/engine.js HTTP/1.1" 200 43631
172.17.0.240 - - [11/Jan/2021:10:29:05 +0800] "POST /xingrg/dwr/call/plaincall/AjaxReportQueryService.getFixDate.dwr HTTP/1.1" 200 111
172.17.0.240 - - [11/Jan/2021:10:29:05 +0800] "POST /xingrg/all/common/load_tree.html?tree=area_station_tree_json&manage=1 HTTP/1.1" 200 3240
172.17.0.240 - - [11/Jan/2021:10:29:05 +0800] "GET /xingrg/javascript/jquery_easy_ui/themes/default/images/tree_checkbox_0.gif HTTP/1.1" 200 168
172.17.0.240 - - [11/Jan/2021:10:29:06 +0800] "POST /xingrg/dwr/call/plaincall/AjaxReportQueryService.getFixDate.dwr HTTP/1.1" 200 111
180.175.150.119 - - [11/Jan/2021:10:29:07 +0800] "GET /xingrg/kc/base/wldb_order_operate.html?command=get_materiel&rest_code=00102&base_code=0010476&code=00101019289 HTTP/1.1" 200 455
58.37.230.33 - - [11/Jan/2021:10:29:09 +0800] "GET /xingrg/kc/buy/cgsh_order_operate.html?command=get_materiel&rest_code=00141&code=00101011005&supplier_code=00100036&order_time=2021-01-11 HTTP/1.1" 200 429
116.228.172.94 - - [11/Jan/2021:10:29:09 +0800] "GET /xingrg/kc/buy/cgsh_order_operate.html?command=get_materiel&rest_code=00107&code=00101004040&supplier_code=00100041&order_time=2021-01-11 HTTP/1.1" 200 413
172.17.0.240 - - [11/Jan/2021:10:29:13 +0800] "GET /xingrg/javascript/jquery_easy_ui/themes/default/images/tree_checkbox_1.gif HTTP/1.1" 200 174
172.17.0.240 - - [11/Jan/2021:10:29:13 +0800] "GET /xingrg/javascript/jquery_easy_ui/themes/default/images/tree_checkbox_2.gif HTTP/1.1" 200 181
172.17.0.240 - - [11/Jan/2021:10:29:14 +0800] "POST /xingrg/dwr/call/plaincall/AjaxReportQueryService.refreshCache.dwr HTTP/1.1" 200 78
172.17.0.240 - - [11/Jan/2021:10:29:15 +0800] "POST /xingrg/all/report/load_report_page.html HTTP/1.1" 200 48715
172.17.0.240 - - [11/Jan/2021:10:29:15 +0800] "GET /xingrg/servlets/image?cache=0.08195960437320793&image=px HTTP/1.1" 200 807
116.228.172.94 - - [11/Jan/2021:10:29:18 +0800] "POST /xingrg/kc/buy/cgsh_order_operate.html HTTP/1.1" 200 37
180.175.150.119 - - [11/Jan/2021:10:29:18 +0800] "GET /xingrg/kc/base/wldb_order_operate.html?command=get_materiel&rest_code=00102&base_code=0010476&code=00101019071 HTTP/1.1" 200 455
116.228.172.94 - - [11/Jan/2021:10:29:19 +0800] "POST /xingrg/kc/buy/cgsh_order_operate.html HTTP/1.1" 200 3834
172.17.0.240 - - [11/Jan/2021:10:29:20 +0800] "GET /xingrg/all/report/report_query.html?isQuery=1&fileName=dma/new_5.0/menu/menu_hz.xml&queryString=(a.sale_day%2520between%252020201231%2520and%252020201231)%2520and%2520(a.sid%2520in%2520(5))%2520and%2520(a.tj_code%253D23)&queryText=%25E3%2580%2590%25E8%2590%25A5%25E4%25B8%259A%25E6%2597%25A5%25E6%259C%259F%253A2020-12-31%2520%25E8%2587%25B3%25202020-12-31%25E3%2580%2591%2520%25E5%25B9%25B6%25E4%25B8%2594%2520%2520%25E3%2580%2590%25E9%2597%25A8%25E5%25BA%2597%25E5%2590%258D%25E7%25A7%25B0%2520%253D%2520%25E6%25B7%25B1%25E6%25B5%25B7%25E6%25B8%2594%25E6%25B8%25AF%25E5%25AE%259D%25E5%25B1%25B1%25E5%25BA%2597%25E3%2580%2591%2520%25E5%25B9%25B6%25E4%25B8%2594%2520%25E3%2580%2590%25E7%25BB%259F%25E8%25AE%25A1%25E7%25B1%25BB%25E5%2588%25AB%2520%253D%2520%25E5%25A4%2596%25E5%258C%2585%25E7%2583%25A4%25E9%25B8%25AD%25E3%2580%2591 HTTP/1.1" 200 54048
172.17.0.240 - - [11/Jan/2021:10:29:20 +0800] "GET /xingrg/dwr/engine.js HTTP/1.1" 200 43631
172.17.0.240 - - [11/Jan/2021:10:29:20 +0800] "GET /favicon.ico HTTP/1.1" 404 -
116.228.172.94 - - [11/Jan/2021:10:29:20 +0800] "GET /xingrg/kc/print/load_data.html?order_code=212021011104463&kc_code=cgsh&condition= HTTP/1.1" 200 1125
172.17.0.240 - - [11/Jan/2021:10:29:20 +0800] "POST /xingrg/all/report/load_report_page.html HTTP/1.1" 200 26994
172.17.0.240 - - [11/Jan/2021:10:29:20 +0800] "GET /xingrg/servlets/image?cache=0.4353398642278905&image=px HTTP/1.1" 200 807
58.37.230.33 - - [11/Jan/2021:10:29:22 +0800] "POST /xingrg/kc/buy/cgsh_order_operate.html HTTP/1.1" 200 37
172.17.0.104 - - [11/Jan/2021:10:29:22 +0800] "GET /xingrg/index.html?sysBaseUrl=http%3A%2F%2F172.17.0.8%3A18081%2Fxingrg%2F&costTime=32×tamp=1585227824564 HTTP/1.1" 302 -
172.17.0.104 - - [11/Jan/2021:10:29:22 +0800] "GET /xingrg/login.html HTTP/1.1" 200 7636
172.17.0.104 - - [11/Jan/2021:10:29:22 +0800] "GET /favicon.ico HTTP/1.1" 404 -
114.88.169.67 - - [11/Jan/2021:10:29:25 +0800] "GET /xingrg/all/function/internal_message.html?_=1610332164236&CODE_STATE=getMsg HTTP/1.1" 200 27
180.175.150.119 - - [11/Jan/2021:10:29:25 +0800] "GET /xingrg/kc/base/wldb_order_operate.html?command=get_materiel&rest_code=00102&base_code=0010476&code=00101019184 HTTP/1.1" 200 442
180.156.237.57 - - [11/Jan/2021:10:29:25 +0800] "GET /xingrg/all/function/internal_message.html?_=1610332167156&CODE_STATE=getMsg HTTP/1.1" 200 27
116.228.172.94 - - [11/Jan/2021:10:29:26 +0800] "GET /xingrg/kc/buy/cgsh_order_add.html HTTP/1.1" 200 61831
58.37.230.33 - - [11/Jan/2021:10:29:26 +0800] "POST /xingrg/kc/buy/cgsh_order_operate.html HTTP/1.1" 200 12
116.228.172.94 - - [11/Jan/2021:10:29:27 +0800] "POST /xingrg/kc/buy/cgsh_order_operate.html HTTP/1.1" 200 8245
58.221.95.50 - - [11/Jan/2021:10:29:27 +0800] "GET /xingrg/check_reg.html?_=1610332166661 HTTP/1.1" 302 -
116.228.172.94 - - [11/Jan/2021:10:29:27 +0800] "GET /xingrg/javascript/easyui/themes/default/validatebox.css HTTP/1.1" 404 1104
58.37.230.33 - - [11/Jan/2021:10:29:27 +0800] "GET /xingrg/kc/buy/cgsh_order_info.html?code=212021011104464 HTTP/1.1" 200 56653
58.37.230.33 - - [11/Jan/2021:10:29:28 +0800] "GET /xingrg/javascript/easyui/themes/default/validatebox.css HTTP/1.1" 404 1104
58.37.230.33 - - [11/Jan/2021:10:29:28 +0800] "POST /xingrg/kc/buy/cgsh_order_operate.html HTTP/1.1" 200 5334
172.17.0.104 - - [11/Jan/2021:10:29:28 +0800] "POST /xingrg/login.do HTTP/1.1" 302 -
172.17.0.104 - - [11/Jan/2021:10:29:28 +0800] "GET /xingrg/index.html?sysBaseUrl=http%3A%2F%2F172.17.0.8%3A18081%2Fxingrg%2F&costTime=38×tamp=1610332168586 HTTP/1.1" 200 17124
172.17.0.104 - - [11/Jan/2021:10:29:28 +0800] "GET /favicon.ico HTTP/1.1" 404 -
172.17.0.104 - - [11/Jan/2021:10:29:28 +0800] "POST /xingrg/all/common/load_tree.html?tree=area_rest_tree_json&manage=1 HTTP/1.1" 200 351
172.17.0.104 - - [11/Jan/2021:10:29:28 +0800] "GET /xingrg/all/function/internal_message.html?_=1610332168683&CODE_STATE=count HTTP/1.1" 200 11
172.17.0.104 - - [11/Jan/2021:10:29:28 +0800] "GET /xingrg/check_reg.html?_=1610332168684 HTTP/1.1" 200 22
172.17.0.104 - - [11/Jan/2021:10:29:28 +0800] "POST /xingrg/load_menu.html HTTP/1.1" 200 5103
172.17.0.123 - - [11/Jan/2021:10:29:28 +0800] "GET /xingrg/all/function/internal_message.html?_=1610332070082&CODE_STATE=getMsg HTTP/1.1" 200 27
58.37.230.33 - - [11/Jan/2021:10:29:29 +0800] "GET /xingrg/kc/print/load_config.html?kc_code=cgsh HTTP/1.1" 200 1845
58.37.230.33 - - [11/Jan/2021:10:29:29 +0800] "GET /xingrg/kc/print/load_data.html?order_code=212021011104464&kc_code=cgsh&condition= HTTP/1.1" 200 2582
172.17.0.104 - - [11/Jan/2021:10:29:30 +0800] "GET /xingrg/kc/buy/buy_main.html HTTP/1.1" 200 12377
172.17.0.104 - - [11/Jan/2021:10:29:30 +0800] "GET /xingrg/css/new_ie.css HTTP/1.1" 404 1036
172.17.0.104 - - [11/Jan/2021:10:29:30 +0800] "GET /xingrg/images/yd/bt.gif HTTP/1.1" 404 1040
172.17.0.115 - - [11/Jan/2021:10:29:31 +0800] "GET /xingrg/all/function/internal_message.html?_=1610332172260&CODE_STATE=getMsg HTTP/1.1" 200 27
172.17.0.104 - - [11/Jan/2021:10:29:31 +0800] "GET /xingrg/kc/buy/cgsh_order_list.html HTTP/1.1" 200 45991
172.17.200.101 - - [11/Jan/2021:10:29:32 +0800] "GET /xingrg/all/function/internal_message.html?_=1610332173983&CODE_STATE=getMsg HTTP/1.1" 200 27
172.17.0.104 - - [11/Jan/2021:10:29:32 +0800] "POST /xingrg/kc/buy/cgsh_list_operate.html HTTP/1.1" 200 3847
180.175.150.119 - - [11/Jan/2021:10:29:34 +0800] "GET /xingrg/kc/base/wldb_order_operate.html?command=get_materiel&rest_code=00102&base_code=0010476&code=00101019306 HTTP/1.1" 200 464
172.17.0.104 - - [11/Jan/2021:10:29:35 +0800] "POST /xingrg/kc/buy/cgsh_list_operate.html HTTP/1.1" 200 273
58.37.230.33 - - [11/Jan/2021:10:29:35 +0800] "GET /xingrg/kc/buy/cgsh_order_add.html HTTP/1.1" 200 61749
180.156.237.57 - - [11/Jan/2021:10:29:36 +0800] "GET /xingrg/check_reg.html?_=1610332159700 HTTP/1.1" 200 22
58.37.230.33 - - [11/Jan/2021:10:29:36 +0800] "GET /xingrg/javascript/easyui/themes/default/validatebox.css HTTP/1.1" 404 1104
172.17.0.104 - - [11/Jan/2021:10:29:36 +0800] "GET /xingrg/kc/buy/cgsh_order_info.html?code=212021010803033 HTTP/1.1" 200 61683
58.37.230.33 - - [11/Jan/2021:10:29:36 +0800] "POST /xingrg/kc/buy/cgsh_order_operate.html HTTP/1.1" 200 8245
180.156.237.57 - - [11/Jan/2021:10:29:36 +0800] "GET /xingrg/all/function/internal_message.html?_=1610332159877&CODE_STATE=getMsg HTTP/1.1" 200 27
172.17.0.104 - - [11/Jan/2021:10:29:36 +0800] "GET /xingrg/all/common/auto_word.html?type=employee&rest_code=00147 HTTP/1.1" 200 151
172.17.0.104 - - [11/Jan/2021:10:29:36 +0800] "GET /xingrg/all/common/auto_word.html?type=employee&rest_code=00147 HTTP/1.1" 200 151
172.17.0.104 - - [11/Jan/2021:10:29:36 +0800] "GET /xingrg/javascript/easyui/themes/default/validatebox.css HTTP/1.1" 404 1104
117.184.7.26 - - [11/Jan/2021:10:29:36 +0800] "GET /xingrg/all/function/internal_message.html?_=1610332175938&CODE_STATE=getMsg HTTP/1.1" 200 27
120.253.135.82 - - [11/Jan/2021:10:29:36 +0800] "GET /xingrg/check_reg.html?_=1610332212815 HTTP/1.1" 302 -
172.17.0.104 - - [11/Jan/2021:10:29:36 +0800] "POST /xingrg/kc/buy/cgsh_order_operate.html HTTP/1.1" 200 3244
117.131.5.26 - - [11/Jan/2021:10:29:37 +0800] "GET /xingrg/all/function/internal_message.html?_=1610332226658&CODE_STATE=getMsg HTTP/1.1" 200 27
117.131.5.26 - - [11/Jan/2021:10:29:37 +0800] "GET /xingrg/check_reg.html?_=1610332226659 HTTP/1.1" 200 22
172.17.0.104 - - [11/Jan/2021:10:29:38 +0800] "GET /xingrg/kc/print/load_config.html?kc_code=cgsh HTTP/1.1" 200 1845
172.17.0.104 - - [11/Jan/2021:10:29:38 +0800] "GET /xingrg/kc/print/load_data.html?order_code=212021010803033&kc_code=cgsh&condition= HTTP/1.1" 200 928
222.69.137.25 - - [11/Jan/2021:10:29:40 +0800] "GET /xingrg/all/function/internal_message.html?_=1610332178425&CODE_STATE=getMsg HTTP/1.1" 200 27
222.69.137.25 - - [11/Jan/2021:10:29:40 +0800] "GET /xingrg/check_reg.html?_=1610332178428 HTTP/1.1" 200 22
180.175.150.119 - - [11/Jan/2021:10:29:40 +0800] "GET /xingrg/kc/base/wldb_order_operate.html?command=get_materiel&rest_code=00102&base_code=0010476&code=00101019391 HTTP/1.1" 200 471
116.228.172.94 - - [11/Jan/2021:10:29:42 +0800] "GET /xingrg/javascript/easyui/themes/default/tree.css HTTP/1.1" 404 1090
116.228.172.94 - - [11/Jan/2021:10:29:42 +0800] "POST /xingrg/all/common/load_tree.html?tree=supplier_tree_json&isDelete=1 HTTP/1.1" 200 54158
117.185.32.26 - - [11/Jan/2021:10:29:45 +0800] "GET /xingrg/all/function/internal_message.html?_=1610332184671&CODE_STATE=getMsg HTTP/1.1" 200 27
61.165.42.208 - - [11/Jan/2021:10:29:47 +0800] "GET /xingrg/all/function/internal_message.html?_=1610332188315&CODE_STATE=getMsg HTTP/1.1" 200 27
218.81.216.242 - - [11/Jan/2021:10:29:55 +0800] "GET /xingrg/all/function/internal_message.html?_=1610332211822&CODE_STATE=getMsg HTTP/1.1" 200 27
180.175.150.119 - - [11/Jan/2021:10:29:55 +0800] "POST /xingrg/kc/base/wldb_order_operate.html HTTP/1.1" 200 37
180.175.150.119 - - [11/Jan/2021:10:29:57 +0800] "POST /xingrg/kc/base/wldb_order_operate.html HTTP/1.1" 200 12
180.175.150.119 - - [11/Jan/2021:10:29:57 +0800] "POST /xingrg/kc/base/wldb_order_operate.html HTTP/1.1" 200 4224
180.175.150.119 - - [11/Jan/2021:10:29:58 +0800] "GET /xingrg/kc/base/wldb_order_info.html?code=422021011101297 HTTP/1.1" 200 26374
172.17.0.240 - - [11/Jan/2021:10:29:58 +0800] "GET /xingrg/all/function/internal_message.html?_=1610332198501&CODE_STATE=getMsg HTTP/1.1" 200 27
180.175.150.119 - - [11/Jan/2021:10:30:00 +0800] "POST /xingrg/kc/base/wldb_order_operate.html HTTP/1.1" 200 2474
180.175.150.119 - - [11/Jan/2021:10:30:00 +0800] "GET /xingrg/javascript/easyui/themes/default/validatebox.css HTTP/1.1" 404 1104
116.228.172.94 - - [11/Jan/2021:10:30:01 +0800] "GET /xingrg/all/function/internal_message.html?_=1610332199197&CODE_STATE=getMsg HTTP/1.1" 200 27
222.69.133.109 - - [11/Jan/2021:10:30:03 +0800] "GET /xingrg/all/function/internal_message.html?_=1610332202933&CODE_STATE=getMsg HTTP/1.1" 200 27
180.175.150.119 - - [11/Jan/2021:10:30:03 +0800] "GET /xingrg/kc/base/wldb_order_add.html HTTP/1.1" 200 30498
58.37.230.33 - - [11/Jan/2021:10:30:03 +0800] "GET /xingrg/kc/buy/cgsh_order_operate.html?command=get_materiel&rest_code=00141&code=00101006111&supplier_code=00100012&order_time=2021-01-11 HTTP/1.1" 200 409
180.175.150.119 - - [11/Jan/2021:10:30:05 +0800] "POST /xingrg/kc/base/wldb_order_operate.html HTTP/1.1" 200 6806
116.228.172.94 - - [11/Jan/2021:10:30:05 +0800] "GET /xingrg/kc/buy/cgsh_order_operate.html?command=get_materiel&rest_code=00107&code=00101006038&supplier_code=00100342&order_time=2021-01-11 HTTP/1.1" 200 421
180.175.150.119 - - [11/Jan/2021:10:30:05 +0800] "GET /xingrg/javascript/easyui/themes/default/validatebox.css HTTP/1.1" 404 1104
172.17.0.104 - - [11/Jan/2021:10:30:06 +0800] "POST /xingrg/kc/buy/cgsh_list_operate.html HTTP/1.1" 200 4
180.175.150.119 - - [11/Jan/2021:10:30:07 +0800] "POST /xingrg/all/common/load_combo.html?type=base HTTP/1.1" 200 3060
172.17.0.104 - - [11/Jan/2021:10:30:08 +0800] "POST /xingrg/kc/buy/cgsh_list_operate.html HTTP/1.1" 200 876
180.175.150.119 - - [11/Jan/2021:10:30:09 +0800] "POST /xingrg/all/common/load_combo.html?type=base HTTP/1.1" 200 3060
58.37.230.33 - - [11/Jan/2021:10:30:13 +0800] "GET /xingrg/kc/buy/cgsh_order_operate.html?command=get_materiel&rest_code=00141&code=00101006184&supplier_code=00100012&order_time=2021-01-11 HTTP/1.1" 200 408
58.37.230.33 - - [11/Jan/2021:10:30:15 +0800] "GET /xingrg/check_reg.html?_=1610332246865 HTTP/1.1" 200 22
58.37.230.33 - - [11/Jan/2021:10:30:15 +0800] "GET /xingrg/all/function/internal_message.html?_=1610332246866&CODE_STATE=getMsg HTTP/1.1" 200 27
172.17.0.115 - - [11/Jan/2021:10:30:16 +0800] "GET /xingrg/check_reg.html?_=1610332217757 HTTP/1.1" 200 22
180.175.150.119 - - [11/Jan/2021:10:30:17 +0800] "GET /xingrg/kc/base/wldb_order_operate.html?command=get_materiel&rest_code=00102&base_code=0010476&code=00101019439 HTTP/1.1" 200 455
116.228.172.94 - - [11/Jan/2021:10:30:17 +0800] "POST /xingrg/kc/buy/cgsh_order_operate.html HTTP/1.1" 200 37
116.228.172.94 - - [11/Jan/2021:10:30:19 +0800] "POST /xingrg/kc/buy/cgsh_order_operate.html HTTP/1.1" 200 2667
58.37.230.33 - - [11/Jan/2021:10:30:21 +0800] "POST /xingrg/kc/buy/cgsh_order_operate.html HTTP/1.1" 200 37
116.228.172.94 - - [11/Jan/2021:10:30:22 +0800] "GET /xingrg/kc/print/load_data.html?order_code=212021011104465&kc_code=cgsh&condition= HTTP/1.1" 200 696
58.37.230.33 - - [11/Jan/2021:10:30:23 +0800] "POST /xingrg/kc/buy/cgsh_order_operate.html HTTP/1.1" 200 12
180.175.150.119 - - [11/Jan/2021:10:30:24 +0800] "GET /xingrg/kc/base/wldb_order_operate.html?command=get_materiel&rest_code=00102&base_code=0010476&code=00101019134 HTTP/1.1" 200 466
58.37.230.33 - - [11/Jan/2021:10:30:24 +0800] "GET /xingrg/kc/buy/cgsh_order_info.html?code=212021011104466 HTTP/1.1" 200 56651
114.88.169.67 - - [11/Jan/2021:10:30:25 +0800] "GET /xingrg/all/function/internal_message.html?_=1610332224243&CODE_STATE=getMsg HTTP/1.1" 200 27
58.37.230.33 - - [11/Jan/2021:10:30:25 +0800] "GET /xingrg/javascript/easyui/themes/default/validatebox.css HTTP/1.1" 404 1104
58.37.230.33 - - [11/Jan/2021:10:30:25 +0800] "POST /xingrg/kc/buy/cgsh_order_operate.html HTTP/1.1" 200 1195
180.156.237.57 - - [11/Jan/2021:10:30:25 +0800] "GET /xingrg/all/function/internal_message.html?_=1610332227146&CODE_STATE=getMsg HTTP/1.1" 200 27
58.37.230.33 - - [11/Jan/2021:10:30:26 +0800] "GET /xingrg/kc/print/load_data.html?order_code=212021011104466&kc_code=cgsh&condition= HTTP/1.1" 200 1017
116.228.172.94 - - [11/Jan/2021:10:30:26 +0800] "GET /xingrg/kc/buy/cgsh_order_add.html HTTP/1.1" 200 61831
116.228.172.94 - - [11/Jan/2021:10:30:27 +0800] "GET /xingrg/javascript/easyui/themes/default/validatebox.css HTTP/1.1" 404 1104
116.228.172.94 - - [11/Jan/2021:10:30:27 +0800] "POST /xingrg/kc/buy/cgsh_order_operate.html HTTP/1.1" 200 8245
116.228.172.94 - - [11/Jan/2021:10:30:28 +0800] "GET /xingrg/javascript/easyui/themes/default/tree.css HTTP/1.1" 404 1090
116.228.172.94 - - [11/Jan/2021:10:30:28 +0800] "POST /xingrg/all/common/load_tree.html?tree=supplier_tree_json&isDelete=1 HTTP/1.1" 200 54158
172.17.0.104 - - [11/Jan/2021:10:30:28 +0800] "GET /xingrg/all/function/internal_message.html?_=1610332228712&CODE_STATE=getMsg HTTP/1.1" 200 27
172.17.0.123 - - [11/Jan/2021:10:30:28 +0800] "GET /xingrg/all/function/internal_message.html?_=1610332130084&CODE_STATE=getMsg HTTP/1.1" 200 27
180.175.150.119 - - [11/Jan/2021:10:30:30 +0800] "GET /xingrg/check_reg.html?_=1610332469070 HTTP/1.1" 200 22
180.175.150.119 - - [11/Jan/2021:10:30:31 +0800] "GET /xingrg/kc/base/wldb_order_operate.html?command=get_materiel&rest_code=00102&base_code=0010476&code=00101019315 HTTP/1.1" 200 460
172.17.0.115 - - [11/Jan/2021:10:30:31 +0800] "GET /xingrg/all/function/internal_message.html?_=1610332232266&CODE_STATE=getMsg HTTP/1.1" 200 27
172.17.200.101 - - [11/Jan/2021:10:30:32 +0800] "GET /xingrg/check_reg.html?_=1610332233990 HTTP/1.1" 200 22
172.17.200.101 - - [11/Jan/2021:10:30:32 +0800] "GET /xingrg/all/function/internal_message.html?_=1610332233986&CODE_STATE=getMsg HTTP/1.1" 200 27
180.156.237.57 - - [11/Jan/2021:10:30:36 +0800] "GET /xingrg/all/function/internal_message.html?_=1610332219891&CODE_STATE=getMsg HTTP/1.1" 200 27
117.184.7.26 - - [11/Jan/2021:10:30:36 +0800] "GET /xingrg/all/function/internal_message.html?_=1610332235908&CODE_STATE=getMsg HTTP/1.1" 200 27
117.131.5.26 - - [11/Jan/2021:10:30:37 +0800] "GET /xingrg/all/function/internal_message.html?_=1610332286658&CODE_STATE=getMsg HTTP/1.1" 200 27
58.37.230.33 - - [11/Jan/2021:10:30:37 +0800] "GET /xingrg/kc/buy/cgsh_order_add.html HTTP/1.1" 200 61749
58.37.230.33 - - [11/Jan/2021:10:30:38 +0800] "POST /xingrg/kc/buy/cgsh_order_operate.html HTTP/1.1" 200 8245
58.37.230.33 - - [11/Jan/2021:10:30:38 +0800] "GET /xingrg/javascript/easyui/themes/default/validatebox.css HTTP/1.1" 404 1104
180.175.150.119 - - [11/Jan/2021:10:30:39 +0800] "GET /xingrg/kc/base/wldb_order_operate.html?command=get_materiel&rest_code=00102&base_code=0010476&code=00101019063 HTTP/1.1" 200 447
222.69.137.25 - - [11/Jan/2021:10:30:40 +0800] "GET /xingrg/all/function/internal_message.html?_=1610332238429&CODE_STATE=getMsg HTTP/1.1" 200 27
116.235.65.35 - - [11/Jan/2021:10:30:40 +0800] "POST /xingrg/supplier/cgsh_list_operate.html HTTP/1.1" 302 -
116.235.65.35 - - [11/Jan/2021:10:30:40 +0800] "GET /xingrg/login.html HTTP/1.1" 200 7641
116.235.65.35 - - [11/Jan/2021:10:30:40 +0800] "GET /xingrg/images/blue/jxLogo.png HTTP/1.1" 200 6156
116.235.65.35 - - [11/Jan/2021:10:30:40 +0800] "GET /xingrg/supplier/images/blue/login_bg.png HTTP/1.1" 404 1074
116.235.65.35 - - [11/Jan/2021:10:30:40 +0800] "GET /xingrg/supplier/images/blue/hj.png HTTP/1.1" 404 1062
116.235.65.35 - - [11/Jan/2021:10:30:40 +0800] "GET /xingrg/supplier/images/blue/srbg.png HTTP/1.1" 404 1066
218.81.216.242 - - [11/Jan/2021:10:30:40 +0800] "GET /xingrg/check_reg.html?_=1610332257119 HTTP/1.1" 200 22
218.81.216.242 - - [11/Jan/2021:10:30:43 +0800] "POST /xingrg/services/DataTransmitService HTTP/1.1" 200 524
117.185.32.26 - - [11/Jan/2021:10:30:45 +0800] "GET /xingrg/all/function/internal_message.html?_=1610332244652&CODE_STATE=getMsg HTTP/1.1" 200 27
218.81.216.242 - - [11/Jan/2021:10:30:45 +0800] "POST /xingrg/services/DataTransmitService HTTP/1.1" 200 501
218.81.216.242 - - [11/Jan/2021:10:30:45 +0800] "POST /xingrg/services/DataTransmitService HTTP/1.1" 200 501
218.81.216.242 - - [11/Jan/2021:10:30:47 +0800] "POST /xingrg/services/DataTransmitService HTTP/1.1" 200 501
58.37.230.33 - - [11/Jan/2021:10:30:47 +0800] "GET /xingrg/kc/buy/cgsh_order_operate.html?command=get_materiel&rest_code=00141&code=00101006161&supplier_code=00100040&order_time=2021-01-11 HTTP/1.1" 200 409
61.165.42.208 - - [11/Jan/2021:10:30:47 +0800] "GET /xingrg/all/function/internal_message.html?_=1610332248314&CODE_STATE=getMsg HTTP/1.1" 200 27
218.81.216.242 - - [11/Jan/2021:10:30:48 +0800] "POST /xingrg/kc/buy/cgsh_order_operate.html HTTP/1.1" 200 37
218.81.216.242 - - [11/Jan/2021:10:30:48 +0800] "POST /xingrg/services/DataTransmitService HTTP/1.1" 200 501
218.81.216.242 - - [11/Jan/2021:10:30:48 +0800] "POST /xingrg/services/DataTransmitService HTTP/1.1" 200 501
218.81.216.242 - - [11/Jan/2021:10:30:49 +0800] "POST /xingrg/services/DataTransmitService HTTP/1.1" 200 501
218.81.216.242 - - [11/Jan/2021:10:30:49 +0800] "POST /xingrg/kc/buy/cgsh_order_operate.html HTTP/1.1" 200 5021
218.81.216.242 - - [11/Jan/2021:10:30:49 +0800] "POST /xingrg/services/DataTransmitService HTTP/1.1" 200 501
218.81.216.242 - - [11/Jan/2021:10:30:50 +0800] "POST /xingrg/services/DataTransmitService HTTP/1.1" 200 501
218.81.216.242 - - [11/Jan/2021:10:30:50 +0800] "POST /xingrg/services/DataTransmitService HTTP/1.1" 200 501
180.175.150.119 - - [11/Jan/2021:10:30:51 +0800] "GET /xingrg/kc/base/wldb_order_operate.html?command=get_materiel&rest_code=00102&base_code=0010476&code=00101019400 HTTP/1.1" 200 451
218.81.216.242 - - [11/Jan/2021:10:30:54 +0800] "POST /xingrg/services/DataTransmitService HTTP/1.1" 200 412
218.81.216.242 - - [11/Jan/2021:10:30:55 +0800] "GET /xingrg/all/function/internal_message.html?_=1610332271828&CODE_STATE=getMsg HTTP/1.1" 200 27
58.37.230.33 - - [11/Jan/2021:10:30:56 +0800] "GET /xingrg/kc/buy/cgsh_order_operate.html?command=get_materiel&rest_code=00141&code=00101001010&supplier_code=00100040&order_time=2021-01-11 HTTP/1.1" 200 408
172.17.0.240 - - [11/Jan/2021:10:30:58 +0800] "GET /xingrg/all/function/internal_message.html?_=1610332258488&CODE_STATE=getMsg HTTP/1.1" 200 27
218.81.216.242 - - [11/Jan/2021:10:30:59 +0800] "GET /xingrg/kc/buy/cgsh_order_list.html HTTP/1.1" 200 46011
116.235.65.35 - - [11/Jan/2021:10:31:00 +0800] "GET /xingrg/login_supplier.html HTTP/1.1" 200 3208
116.228.172.94 - - [11/Jan/2021:10:31:01 +0800] "GET /xingrg/all/function/internal_message.html?_=1610332259155&CODE_STATE=getMsg HTTP/1.1" 200 27
116.235.65.35 - - [11/Jan/2021:10:31:01 +0800] "GET /favicon.ico HTTP/1.1" 404 -
218.81.216.242 - - [11/Jan/2021:10:31:01 +0800] "POST /xingrg/kc/buy/cgsh_list_operate.html HTTP/1.1" 200 3139
222.69.133.109 - - [11/Jan/2021:10:31:03 +0800] "GET /xingrg/check_reg.html?_=1610332262934 HTTP/1.1" 200 22
222.69.133.109 - - [11/Jan/2021:10:31:03 +0800] "GET /xingrg/all/function/internal_message.html?_=1610332262939&CODE_STATE=getMsg HTTP/1.1" 200 27
218.81.216.242 - - [11/Jan/2021:10:31:04 +0800] "GET /xingrg/kc/buy/cgsh_order_add.html HTTP/1.1" 200 61749
218.81.216.242 - - [11/Jan/2021:10:31:05 +0800] "POST /xingrg/kc/buy/cgsh_order_operate.html HTTP/1.1" 200 8245
218.81.216.242 - - [11/Jan/2021:10:31:05 +0800] "GET /xingrg/javascript/easyui/themes/default/validatebox.css HTTP/1.1" 404 1104
116.235.65.35 - - [11/Jan/2021:10:31:06 +0800] "POST /xingrg/login_supplier.html HTTP/1.1" 302 -
58.37.230.33 - - [11/Jan/2021:10:31:06 +0800] "GET /xingrg/kc/buy/cgsh_order_operate.html?command=get_materiel&rest_code=00141&code=00101005036&supplier_code=00100040&order_time=2021-01-11 HTTP/1.1" 200 409
116.235.65.35 - - [11/Jan/2021:10:31:07 +0800] "GET /favicon.ico HTTP/1.1" 404 -
116.235.65.35 - - [11/Jan/2021:10:31:07 +0800] "GET /xingrg/supplier_index.html?sysBaseUrl=http%3A%2F%2F180.169.147.146%3A18081%2Fxingrg%2F&costTime=12×tamp=1610332266544 HTTP/1.1" 200 9061
180.175.150.119 - - [11/Jan/2021:10:31:08 +0800] "GET /xingrg/kc/base/wldb_order_operate.html?command=get_materiel&rest_code=00102&base_code=0010476&code=00101019195 HTTP/1.1" 200 460
116.235.65.35 - - [11/Jan/2021:10:31:08 +0800] "GET /xingrg/supplier/cgsh_order_list.html HTTP/1.1" 200 10896
116.235.65.35 - - [11/Jan/2021:10:31:09 +0800] "POST /xingrg/supplier/cgsh_list_operate.html HTTP/1.1" 200 5973
116.235.65.35 - - [11/Jan/2021:10:31:13 +0800] "GET /xingrg/javascript/jquery_tools/images/next.gif HTTP/1.1" 404 1086
116.235.65.35 - - [11/Jan/2021:10:31:13 +0800] "GET /xingrg/javascript/jquery_tools/images/prev.gif HTTP/1.1" 404 1086
58.37.230.33 - - [11/Jan/2021:10:31:15 +0800] "GET /xingrg/all/function/internal_message.html?_=1610332306838&CODE_STATE=getMsg HTTP/1.1" 200 27
58.37.230.33 - - [11/Jan/2021:10:31:16 +0800] "POST /xingrg/kc/buy/cgsh_order_operate.html HTTP/1.1" 200 37
58.37.230.33 - - [11/Jan/2021:10:31:18 +0800] "POST /xingrg/kc/buy/cgsh_order_operate.html HTTP/1.1" 200 12
58.37.230.33 - - [11/Jan/2021:10:31:19 +0800] "GET /xingrg/kc/buy/cgsh_order_info.html?code=212021011104467 HTTP/1.1" 200 56651
58.37.230.33 - - [11/Jan/2021:10:31:19 +0800] "GET /xingrg/javascript/easyui/themes/default/validatebox.css HTTP/1.1" 404 1104
58.37.230.33 - - [11/Jan/2021:10:31:20 +0800] "POST /xingrg/kc/buy/cgsh_order_operate.html HTTP/1.1" 200 1777
58.37.230.33 - - [11/Jan/2021:10:31:20 +0800] "GET /xingrg/kc/print/load_data.html?order_code=212021011104467&kc_code=cgsh&condition= HTTP/1.1" 200 1224
116.235.65.35 - - [11/Jan/2021:10:31:21 +0800] "POST /xingrg/supplier/cgsh_list_operate.html HTTP/1.1" 200 5577
180.175.150.119 - - [11/Jan/2021:10:31:22 +0800] "GET /xingrg/kc/base/wldb_order_operate.html?command=get_materiel&rest_code=00102&base_code=0010476&code=00101016029 HTTP/1.1" 200 462
114.88.169.67 - - [11/Jan/2021:10:31:22 +0800] "GET /xingrg/check_reg.html?_=1610332281498 HTTP/1.1" 200 22
114.88.169.67 - - [11/Jan/2021:10:31:25 +0800] "GET /xingrg/all/function/internal_message.html?_=1610332284256&CODE_STATE=getMsg HTTP/1.1" 200 27
180.156.237.57 - - [11/Jan/2021:10:31:25 +0800] "GET /xingrg/all/function/internal_message.html?_=1610332287162&CODE_STATE=getMsg HTTP/1.1" 200 27
116.228.172.94 - - [11/Jan/2021:10:31:26 +0800] "GET /xingrg/kc/buy/cgsh_order_operate.html?command=get_materiel&rest_code=00107&code=00101001045&supplier_code=00100439&order_time=2021-01-11 HTTP/1.1" 200 423
58.37.230.33 - - [11/Jan/2021:10:31:28 +0800] "GET /xingrg/kc/buy/cgsh_order_add.html HTTP/1.1" 200 61749
58.37.230.33 - - [11/Jan/2021:10:31:28 +0800] "GET /xingrg/javascript/easyui/themes/default/validatebox.css HTTP/1.1" 404 1104
58.37.230.33 - - [11/Jan/2021:10:31:28 +0800] "POST /xingrg/kc/buy/cgsh_order_operate.html HTTP/1.1" 200 8245
172.17.0.104 - - [11/Jan/2021:10:31:28 +0800] "GET /xingrg/all/function/internal_message.html?_=1610332288696&CODE_STATE=getMsg HTTP/1.1" 200 27
172.17.0.123 - - [11/Jan/2021:10:31:28 +0800] "GET /xingrg/all/function/internal_message.html?_=1610332190090&CODE_STATE=getMsg HTTP/1.1" 200 27
218.81.216.242 - - [11/Jan/2021:10:31:29 +0800] "GET /xingrg/kc/buy/cgsh_order_operate.html?command=get_materiel&rest_code=00146&code=00101009062&supplier_code=00100023&order_time=2021-01-11 HTTP/1.1" 200 412
218.81.216.242 - - [11/Jan/2021:10:31:29 +0800] "POST /xingrg/services/DataTransmitService HTTP/1.1" 200 524
218.81.216.242 - - [11/Jan/2021:10:31:30 +0800] "POST /xingrg/services/DataTransmitService HTTP/1.1" 200 1955
218.81.216.242 - - [11/Jan/2021:10:31:30 +0800] "POST /xingrg/services/DataTransmitService HTTP/1.1" 200 164823
172.17.0.115 - - [11/Jan/2021:10:31:31 +0800] "GET /xingrg/all/function/internal_message.html?_=1610332292280&CODE_STATE=getMsg HTTP/1.1" 200 27
172.17.200.101 - - [11/Jan/2021:10:31:32 +0800] "GET /xingrg/all/function/internal_message.html?_=1610332293990&CODE_STATE=getMsg HTTP/1.1" 200 27
180.156.237.57 - - [11/Jan/2021:10:31:36 +0800] "GET /xingrg/all/function/internal_message.html?_=1610332279905&CODE_STATE=getMsg HTTP/1.1" 200 27
117.184.7.26 - - [11/Jan/2021:10:31:36 +0800] "GET /xingrg/all/function/internal_message.html?_=1610332295895&CODE_STATE=getMsg HTTP/1.1" 200 27
117.131.5.26 - - [11/Jan/2021:10:31:37 +0800] "GET /xingrg/all/function/internal_message.html?_=1610332346656&CODE_STATE=getMsg HTTP/1.1" 200 27
222.69.137.25 - - [11/Jan/2021:10:31:40 +0800] "GET /xingrg/all/function/internal_message.html?_=1610332298420&CODE_STATE=getMsg HTTP/1.1" 200 27
117.185.32.26 - - [11/Jan/2021:10:31:45 +0800] "GET /xingrg/all/function/internal_message.html?_=1610332304620&CODE_STATE=getMsg HTTP/1.1" 200 27
61.165.42.208 - - [11/Jan/2021:10:31:47 +0800] "GET /xingrg/all/function/internal_message.html?_=1610332308314&CODE_STATE=getMsg HTTP/1.1" 200 27
117.184.7.26 - - [11/Jan/2021:10:31:48 +0800] "GET /xingrg/check_reg.html?_=1610332307815 HTTP/1.1" 200 22
218.81.216.242 - - [11/Jan/2021:10:31:49 +0800] "GET /xingrg/kc/buy/cgsh_order_operate.html?command=get_materiel&rest_code=00146&code=00101009019&supplier_code=00100023&order_time=2021-01-11 HTTP/1.1" 200 412
218.81.216.242 - - [11/Jan/2021:10:31:55 +0800] "GET /xingrg/all/function/internal_message.html?_=1610332331841&CODE_STATE=getMsg HTTP/1.1" 200 27
116.228.172.94 - - [11/Jan/2021:10:32:00 +0800] "GET /xingrg/all/function/internal_message.html?_=1610332319127&CODE_STATE=getMsg HTTP/1.1" 200 27
222.69.133.109 - - [11/Jan/2021:10:32:03 +0800] "GET /xingrg/all/function/internal_message.html?_=1610332322927&CODE_STATE=getMsg HTTP/1.1" 200 27
218.81.216.242 - - [11/Jan/2021:10:32:10 +0800] "POST /xingrg/services/DataTransmitService HTTP/1.1" 200 524
180.175.150.119 - - [11/Jan/2021:10:32:10 +0800] "POST /xingrg/kc/base/wldb_order_operate.html HTTP/1.1" 200 37
218.81.216.242 - - [11/Jan/2021:10:32:11 +0800] "POST /xingrg/services/DataTransmitService HTTP/1.1" 200 1955
180.175.150.119 - - [11/Jan/2021:10:32:11 +0800] "POST /xingrg/kc/base/wldb_order_operate.html HTTP/1.1" 200 5715
180.175.150.119 - - [11/Jan/2021:10:32:12 +0800] "POST /xingrg/kc/base/wldb_order_operate.html HTTP/1.1" 200 12
180.175.150.119 - - [11/Jan/2021:10:32:13 +0800] "GET /xingrg/kc/base/wldb_order_info.html?code=422021011101298 HTTP/1.1" 200 26375
116.235.65.35 - - [11/Jan/2021:10:32:14 +0800] "POST /xingrg/supplier/cgsh_list_operate.html HTTP/1.1" 200 5492
