117.131.5.26 - - [11/Jan/2021:09:30:36 +0800] "GET /xingrg/all/function/internal_message.html?_=1610328686555&CODE_STATE=getMsg HTTP/1.1" 200 27
218.81.216.242 - - [11/Jan/2021:09:30:40 +0800] "GET /xingrg/check_reg.html?_=1610328657055 HTTP/1.1" 200 22
116.228.172.94 - - [11/Jan/2021:09:30:45 +0800] "GET /xingrg/kc/buy/cgsh_order_operate.html?command=get_materiel&rest_code=00107&code=00101007045&supplier_code=00100002&order_time=2021-01-11 HTTP/1.1" 200 409
117.185.32.26 - - [11/Jan/2021:09:30:46 +0800] "GET /xingrg/all/function/internal_message.html?_=1610328646002&CODE_STATE=getMsg HTTP/1.1" 200 27
222.69.137.25 - - [11/Jan/2021:09:30:47 +0800] "GET /xingrg/check_reg.html?_=1610328646139 HTTP/1.1" 200 22
61.165.42.208 - - [11/Jan/2021:09:30:47 +0800] "GET /xingrg/all/function/internal_message.html?_=1610328648265&CODE_STATE=getMsg HTTP/1.1" 200 27
218.81.216.242 - - [11/Jan/2021:09:30:47 +0800] "GET /xingrg/all/function/internal_message.html?_=1610328664008&CODE_STATE=getMsg HTTP/1.1" 200 27
222.69.137.25 - - [11/Jan/2021:09:30:47 +0800] "GET /xingrg/all/function/internal_message.html?_=1610328646140&CODE_STATE=getMsg HTTP/1.1" 200 27
114.88.169.67 - - [11/Jan/2021:09:31:00 +0800] "GET /xingrg/kc/buy/cgsh_order_operate.html?command=get_materiel&rest_code=00111&code=00101008155&supplier_code=00100005&order_time=2021-01-11 HTTP/1.1" 200 408
116.228.172.94 - - [11/Jan/2021:09:31:01 +0800] "GET /xingrg/all/function/internal_message.html?_=1610328659303&CODE_STATE=getMsg HTTP/1.1" 200 27
116.228.172.94 - - [11/Jan/2021:09:31:03 +0800] "GET /xingrg/kc/buy/cgsh_order_operate.html?command=get_materiel&rest_code=00107&code=00101007104&supplier_code=00100002&order_time=2021-01-11 HTTP/1.1" 200 408
117.131.5.26 - - [11/Jan/2021:09:31:04 +0800] "POST /xingrg/services/DataTransmitService HTTP/1.1" 200 524
117.131.5.26 - - [11/Jan/2021:09:31:04 +0800] "POST /xingrg/services/DataTransmitService HTTP/1.1" 200 2099
117.131.5.26 - - [11/Jan/2021:09:31:05 +0800] "POST /xingrg/services/DataTransmitService HTTP/1.1" 200 149983
114.88.169.67 - - [11/Jan/2021:09:31:10 +0800] "GET /xingrg/kc/buy/cgsh_order_operate.html?command=get_materiel&rest_code=00111&code=00101008080&supplier_code=00100005&order_time=2021-01-11 HTTP/1.1" 200 416
116.228.172.94 - - [11/Jan/2021:09:31:17 +0800] "GET /xingrg/kc/buy/cgsh_order_operate.html?command=get_materiel&rest_code=00107&code=00101007075&supplier_code=00100002&order_time=2021-01-11 HTTP/1.1" 200 408
114.88.169.67 - - [11/Jan/2021:09:31:19 +0800] "GET /xingrg/check_reg.html?_=1610328678868 HTTP/1.1" 200 22
114.88.169.67 - - [11/Jan/2021:09:31:20 +0800] "GET /xingrg/all/function/internal_message.html?_=1610328679743&CODE_STATE=getMsg HTTP/1.1" 200 27
114.88.169.67 - - [11/Jan/2021:09:31:21 +0800] "GET /xingrg/kc/buy/cgsh_order_operate.html?command=get_materiel&rest_code=00111&code=00101008351&supplier_code=00100005&order_time=2021-01-11 HTTP/1.1" 200 408
172.17.0.123 - - [11/Jan/2021:09:31:28 +0800] "GET /xingrg/all/function/internal_message.html?_=1610328590078&CODE_STATE=getMsg HTTP/1.1" 200 27
172.17.0.115 - - [11/Jan/2021:09:31:30 +0800] "GET /xingrg/all/function/internal_message.html?_=1610328691276&CODE_STATE=getMsg HTTP/1.1" 200 27
180.156.237.57 - - [11/Jan/2021:09:31:31 +0800] "GET /xingrg/all/function/internal_message.html?_=1610328692943&CODE_STATE=getMsg HTTP/1.1" 200 27
172.17.200.101 - - [11/Jan/2021:09:31:32 +0800] "GET /xingrg/all/function/internal_message.html?_=1610328693941&CODE_STATE=getMsg HTTP/1.1" 200 27
180.156.237.57 - - [11/Jan/2021:09:31:33 +0800] "GET /xingrg/check_reg.html?_=1610328676960 HTTP/1.1" 200 22
180.156.237.57 - - [11/Jan/2021:09:31:33 +0800] "GET /xingrg/all/function/internal_message.html?_=1610328677077&CODE_STATE=getMsg HTTP/1.1" 200 27
117.131.5.26 - - [11/Jan/2021:09:31:36 +0800] "GET /xingrg/all/function/internal_message.html?_=1610328746554&CODE_STATE=getMsg HTTP/1.1" 200 27
117.185.32.26 - - [11/Jan/2021:09:31:46 +0800] "GET /xingrg/all/function/internal_message.html?_=1610328705981&CODE_STATE=getMsg HTTP/1.1" 200 27
222.69.137.25 - - [11/Jan/2021:09:31:47 +0800] "GET /xingrg/all/function/internal_message.html?_=1610328706129&CODE_STATE=getMsg HTTP/1.1" 200 27
61.165.42.208 - - [11/Jan/2021:09:31:47 +0800] "GET /xingrg/all/function/internal_message.html?_=1610328708255&CODE_STATE=getMsg HTTP/1.1" 200 27
218.81.216.242 - - [11/Jan/2021:09:31:47 +0800] "GET /xingrg/all/function/internal_message.html?_=1610328724021&CODE_STATE=getMsg HTTP/1.1" 200 27
116.228.172.94 - - [11/Jan/2021:09:31:52 +0800] "GET /xingrg/kc/buy/cgsh_order_operate.html?command=get_materiel&rest_code=00107&code=00101010394&supplier_code=00100002&order_time=2021-01-11 HTTP/1.1" 200 420
114.88.169.67 - - [11/Jan/2021:09:31:57 +0800] "GET /xingrg/kc/buy/cgsh_order_operate.html?command=get_materiel&rest_code=00111&code=00101008110&supplier_code=00100005&order_time=2021-01-11 HTTP/1.1" 200 408
116.228.172.94 - - [11/Jan/2021:09:32:01 +0800] "GET /xingrg/all/function/internal_message.html?_=1610328719287&CODE_STATE=getMsg HTTP/1.1" 200 27
114.88.169.67 - - [11/Jan/2021:09:32:20 +0800] "GET /xingrg/all/function/internal_message.html?_=1610328739757&CODE_STATE=getMsg HTTP/1.1" 200 27
172.17.0.123 - - [11/Jan/2021:09:32:28 +0800] "GET /xingrg/all/function/internal_message.html?_=1610328650080&CODE_STATE=getMsg HTTP/1.1" 200 27
172.17.0.123 - - [11/Jan/2021:09:32:28 +0800] "GET /xingrg/check_reg.html?_=1610328650082 HTTP/1.1" 200 22
172.17.0.115 - - [11/Jan/2021:09:32:30 +0800] "GET /xingrg/all/function/internal_message.html?_=1610328751301&CODE_STATE=getMsg HTTP/1.1" 200 27
180.156.237.57 - - [11/Jan/2021:09:32:31 +0800] "GET /xingrg/all/function/internal_message.html?_=1610328752952&CODE_STATE=getMsg HTTP/1.1" 200 27
172.17.200.101 - - [11/Jan/2021:09:32:32 +0800] "GET /xingrg/all/function/internal_message.html?_=1610328753942&CODE_STATE=getMsg HTTP/1.1" 200 27
114.88.169.67 - - [11/Jan/2021:09:32:32 +0800] "GET /xingrg/kc/buy/cgsh_order_operate.html?command=get_materiel&rest_code=00111&code=00101008038&supplier_code=00100005&order_time=2021-01-11 HTTP/1.1" 200 431
180.156.237.57 - - [11/Jan/2021:09:32:33 +0800] "GET /xingrg/all/function/internal_message.html?_=1610328737091&CODE_STATE=getMsg HTTP/1.1" 200 27
117.185.32.26 - - [11/Jan/2021:09:32:35 +0800] "GET /xingrg/check_reg.html?_=1610328754702 HTTP/1.1" 200 22
116.228.172.94 - - [11/Jan/2021:09:32:35 +0800] "GET /xingrg/kc/buy/cgsh_order_operate.html?command=get_materiel&rest_code=00107&code=00101006155&supplier_code=00100002&order_time=2021-01-11 HTTP/1.1" 200 415
117.131.5.26 - - [11/Jan/2021:09:32:36 +0800] "GET /xingrg/all/function/internal_message.html?_=1610328806552&CODE_STATE=getMsg HTTP/1.1" 200 27
114.88.169.67 - - [11/Jan/2021:09:32:43 +0800] "GET /xingrg/kc/buy/cgsh_order_operate.html?command=get_materiel&rest_code=00111&code=00101008163&supplier_code=00100005&order_time=2021-01-11 HTTP/1.1" 200 409
116.228.172.94 - - [11/Jan/2021:09:32:46 +0800] "POST /xingrg/kc/buy/cgsh_order_operate.html HTTP/1.1" 200 37
117.185.32.26 - - [11/Jan/2021:09:32:46 +0800] "GET /xingrg/all/function/internal_message.html?_=1610328765952&CODE_STATE=getMsg HTTP/1.1" 200 27
61.165.42.208 - - [11/Jan/2021:09:32:47 +0800] "GET /xingrg/all/function/internal_message.html?_=1610328768256&CODE_STATE=getMsg HTTP/1.1" 200 27
222.69.137.25 - - [11/Jan/2021:09:32:47 +0800] "GET /xingrg/all/function/internal_message.html?_=1610328766133&CODE_STATE=getMsg HTTP/1.1" 200 27
61.165.42.208 - - [11/Jan/2021:09:32:47 +0800] "GET /xingrg/check_reg.html?_=1610328768395 HTTP/1.1" 200 22
218.81.216.242 - - [11/Jan/2021:09:32:48 +0800] "GET /xingrg/all/function/internal_message.html?_=1610328784359&CODE_STATE=getMsg HTTP/1.1" 200 27
116.228.172.94 - - [11/Jan/2021:09:32:48 +0800] "POST /xingrg/kc/buy/cgsh_order_operate.html HTTP/1.1" 200 6785
116.228.172.94 - - [11/Jan/2021:09:32:50 +0800] "GET /xingrg/kc/print/load_data.html?order_code=212021011104441&kc_code=cgsh&condition= HTTP/1.1" 200 2303
114.88.169.67 - - [11/Jan/2021:09:32:52 +0800] "GET /xingrg/kc/buy/cgsh_order_operate.html?command=get_materiel&rest_code=00111&code=00101008361&supplier_code=00100005&order_time=2021-01-11 HTTP/1.1" 200 408
116.228.172.94 - - [11/Jan/2021:09:32:55 +0800] "GET /xingrg/kc/buy/cgsh_order_add.html HTTP/1.1" 200 61831
116.228.172.94 - - [11/Jan/2021:09:32:55 +0800] "GET /xingrg/javascript/easyui/themes/default/validatebox.css HTTP/1.1" 404 1104
116.228.172.94 - - [11/Jan/2021:09:32:56 +0800] "POST /xingrg/kc/buy/cgsh_order_operate.html HTTP/1.1" 200 8245
116.228.172.94 - - [11/Jan/2021:09:32:57 +0800] "GET /xingrg/javascript/easyui/themes/default/tree.css HTTP/1.1" 404 1090
116.228.172.94 - - [11/Jan/2021:09:32:57 +0800] "POST /xingrg/all/common/load_tree.html?tree=supplier_tree_json&isDelete=1 HTTP/1.1" 200 54158
116.228.172.94 - - [11/Jan/2021:09:33:01 +0800] "GET /xingrg/all/function/internal_message.html?_=1610328779260&CODE_STATE=getMsg HTTP/1.1" 200 27
116.228.172.94 - - [11/Jan/2021:09:33:11 +0800] "GET /xingrg/kc/buy/cgsh_order_operate.html?command=get_materiel&rest_code=00107&code=00101006027&supplier_code=00100010&order_time=2021-01-11 HTTP/1.1" 200 409
114.88.169.67 - - [11/Jan/2021:09:33:13 +0800] "GET /xingrg/kc/buy/cgsh_order_operate.html?command=get_materiel&rest_code=00111&code=00101008355&supplier_code=00100005&order_time=2021-01-11 HTTP/1.1" 200 408
114.88.169.67 - - [11/Jan/2021:09:33:20 +0800] "GET /xingrg/all/function/internal_message.html?_=1610328799769&CODE_STATE=getMsg HTTP/1.1" 200 27
172.17.0.123 - - [11/Jan/2021:09:33:28 +0800] "GET /xingrg/all/function/internal_message.html?_=1610328710084&CODE_STATE=getMsg HTTP/1.1" 200 27
172.17.0.115 - - [11/Jan/2021:09:33:30 +0800] "GET /xingrg/all/function/internal_message.html?_=1610328811304&CODE_STATE=getMsg HTTP/1.1" 200 27
180.156.237.57 - - [11/Jan/2021:09:33:31 +0800] "GET /xingrg/check_reg.html?_=1610328812953 HTTP/1.1" 200 22
180.156.237.57 - - [11/Jan/2021:09:33:31 +0800] "GET /xingrg/all/function/internal_message.html?_=1610328812956&CODE_STATE=getMsg HTTP/1.1" 200 27
172.17.200.101 - - [11/Jan/2021:09:33:32 +0800] "GET /xingrg/all/function/internal_message.html?_=1610328813944&CODE_STATE=getMsg HTTP/1.1" 200 27
180.156.237.57 - - [11/Jan/2021:09:33:33 +0800] "GET /xingrg/all/function/internal_message.html?_=1610328797105&CODE_STATE=getMsg HTTP/1.1" 200 27
222.70.174.7 - - [11/Jan/2021:09:33:33 +0800] "GET /xingrg/check_reg.html?_=1610328814676 HTTP/1.1" 302 -
116.228.172.94 - - [11/Jan/2021:09:33:34 +0800] "GET /xingrg/kc/buy/cgsh_order_operate.html?command=get_materiel&rest_code=00107&code=00101006175&supplier_code=00100010&order_time=2021-01-11 HTTP/1.1" 200 414
117.131.5.26 - - [11/Jan/2021:09:33:36 +0800] "GET /xingrg/all/function/internal_message.html?_=1610328866550&CODE_STATE=getMsg HTTP/1.1" 200 27
116.228.172.94 - - [11/Jan/2021:09:33:45 +0800] "GET /xingrg/kc/buy/cgsh_order_operate.html?command=get_materiel&rest_code=00107&code=00101006113&supplier_code=00100010&order_time=2021-01-11 HTTP/1.1" 200 413
117.185.32.26 - - [11/Jan/2021:09:33:46 +0800] "GET /xingrg/all/function/internal_message.html?_=1610328825921&CODE_STATE=getMsg HTTP/1.1" 200 27
61.165.42.208 - - [11/Jan/2021:09:33:47 +0800] "GET /xingrg/all/function/internal_message.html?_=1610328828253&CODE_STATE=getMsg HTTP/1.1" 200 27
222.69.137.25 - - [11/Jan/2021:09:33:47 +0800] "GET /xingrg/all/function/internal_message.html?_=1610328826140&CODE_STATE=getMsg HTTP/1.1" 200 27
218.81.216.242 - - [11/Jan/2021:09:33:48 +0800] "GET /xingrg/all/function/internal_message.html?_=1610328844361&CODE_STATE=getMsg HTTP/1.1" 200 27
116.228.172.94 - - [11/Jan/2021:09:33:56 +0800] "GET /xingrg/kc/buy/cgsh_order_operate.html?command=get_materiel&rest_code=00107&code=00101006111&supplier_code=00100010&order_time=2021-01-11 HTTP/1.1" 200 409
116.228.172.94 - - [11/Jan/2021:09:34:01 +0800] "GET /xingrg/check_reg.html?_=1610328839043 HTTP/1.1" 200 22
116.228.172.94 - - [11/Jan/2021:09:34:01 +0800] "GET /xingrg/all/function/internal_message.html?_=1610328839244&CODE_STATE=getMsg HTTP/1.1" 200 27
116.228.172.94 - - [11/Jan/2021:09:34:08 +0800] "GET /xingrg/kc/buy/cgsh_order_operate.html?command=get_materiel&rest_code=00107&code=00101007067&supplier_code=00100010&order_time=2021-01-11 HTTP/1.1" 200 409
116.228.172.94 - - [11/Jan/2021:09:34:20 +0800] "POST /xingrg/kc/buy/cgsh_order_operate.html HTTP/1.1" 200 37
114.88.169.67 - - [11/Jan/2021:09:34:20 +0800] "GET /xingrg/all/function/internal_message.html?_=1610328859783&CODE_STATE=getMsg HTTP/1.1" 200 27
116.228.172.94 - - [11/Jan/2021:09:34:22 +0800] "POST /xingrg/kc/buy/cgsh_order_operate.html HTTP/1.1" 200 5017
116.228.172.94 - - [11/Jan/2021:09:34:24 +0800] "GET /xingrg/kc/print/load_data.html?order_code=212021011104442&kc_code=cgsh&condition= HTTP/1.1" 200 1622
58.221.95.50 - - [11/Jan/2021:09:34:27 +0800] "GET /xingrg/check_reg.html?_=1610328866767 HTTP/1.1" 302 -
172.17.0.123 - - [11/Jan/2021:09:34:28 +0800] "GET /xingrg/all/function/internal_message.html?_=1610328770086&CODE_STATE=getMsg HTTP/1.1" 200 27
116.228.172.94 - - [11/Jan/2021:09:34:28 +0800] "GET /xingrg/kc/buy/cgsh_order_add.html HTTP/1.1" 200 61831
116.228.172.94 - - [11/Jan/2021:09:34:29 +0800] "GET /xingrg/javascript/easyui/themes/default/validatebox.css HTTP/1.1" 404 1104
116.228.172.94 - - [11/Jan/2021:09:34:29 +0800] "POST /xingrg/kc/buy/cgsh_order_operate.html HTTP/1.1" 200 8245
172.17.0.115 - - [11/Jan/2021:09:34:30 +0800] "GET /xingrg/all/function/internal_message.html?_=1610328871333&CODE_STATE=getMsg HTTP/1.1" 200 27
180.156.237.57 - - [11/Jan/2021:09:34:31 +0800] "GET /xingrg/all/function/internal_message.html?_=1610328872955&CODE_STATE=getMsg HTTP/1.1" 200 27
172.17.200.101 - - [11/Jan/2021:09:34:32 +0800] "GET /xingrg/all/function/internal_message.html?_=1610328873933&CODE_STATE=getMsg HTTP/1.1" 200 27
116.228.172.94 - - [11/Jan/2021:09:34:32 +0800] "GET /xingrg/javascript/easyui/themes/default/tree.css HTTP/1.1" 404 1090
116.228.172.94 - - [11/Jan/2021:09:34:33 +0800] "POST /xingrg/all/common/load_tree.html?tree=supplier_tree_json&isDelete=1 HTTP/1.1" 200 54158
180.156.237.57 - - [11/Jan/2021:09:34:33 +0800] "GET /xingrg/all/function/internal_message.html?_=1610328857125&CODE_STATE=getMsg HTTP/1.1" 200 27
120.253.135.82 - - [11/Jan/2021:09:34:36 +0800] "GET /xingrg/check_reg.html?_=1610328912554 HTTP/1.1" 302 -
117.131.5.26 - - [11/Jan/2021:09:34:37 +0800] "GET /xingrg/check_reg.html?_=1610328926566 HTTP/1.1" 200 22
117.131.5.26 - - [11/Jan/2021:09:34:37 +0800] "GET /xingrg/all/function/internal_message.html?_=1610328926565&CODE_STATE=getMsg HTTP/1.1" 200 27
117.185.32.26 - - [11/Jan/2021:09:34:46 +0800] "GET /xingrg/all/function/internal_message.html?_=1610328885893&CODE_STATE=getMsg HTTP/1.1" 200 27
222.69.137.25 - - [11/Jan/2021:09:34:47 +0800] "GET /xingrg/all/function/internal_message.html?_=1610328886145&CODE_STATE=getMsg HTTP/1.1" 200 27
61.165.42.208 - - [11/Jan/2021:09:34:47 +0800] "GET /xingrg/all/function/internal_message.html?_=1610328888269&CODE_STATE=getMsg HTTP/1.1" 200 27
218.81.216.242 - - [11/Jan/2021:09:34:48 +0800] "GET /xingrg/all/function/internal_message.html?_=1610328904687&CODE_STATE=getMsg HTTP/1.1" 200 27
222.69.137.25 - - [11/Jan/2021:09:34:53 +0800] "GET /xingrg/kc/buy/cgsh_order_add.html HTTP/1.1" 200 61796
222.69.137.25 - - [11/Jan/2021:09:34:54 +0800] "POST /xingrg/kc/buy/cgsh_order_operate.html HTTP/1.1" 200 8245
222.69.137.25 - - [11/Jan/2021:09:34:54 +0800] "GET /xingrg/javascript/easyui/themes/default/validatebox.css HTTP/1.1" 404 1104
116.228.172.94 - - [11/Jan/2021:09:35:01 +0800] "GET /xingrg/all/function/internal_message.html?_=1610328899224&CODE_STATE=getMsg HTTP/1.1" 200 27
61.165.42.208 - - [11/Jan/2021:09:35:03 +0800] "GET /xingrg/kc/buy/cgsh_order_list.html HTTP/1.1" 200 46005
222.69.137.25 - - [11/Jan/2021:09:35:04 +0800] "GET /xingrg/kc/buy/cgsh_order_operate.html?command=get_materiel&rest_code=00149&code=00101009049&supplier_code=00100201&order_time=2021-01-11 HTTP/1.1" 200 416
61.165.42.208 - - [11/Jan/2021:09:35:04 +0800] "POST /xingrg/kc/buy/cgsh_list_operate.html HTTP/1.1" 200 2769
61.165.42.208 - - [11/Jan/2021:09:35:05 +0800] "POST /xingrg/kc/buy/cgsh_list_operate.html HTTP/1.1" 200 576
61.165.42.208 - - [11/Jan/2021:09:35:06 +0800] "GET /xingrg/kc/buy/cgsh_order_info.html?code=212021011104422 HTTP/1.1" 200 61793
61.165.42.208 - - [11/Jan/2021:09:35:06 +0800] "GET /xingrg/javascript/easyui/themes/default/validatebox.css HTTP/1.1" 404 1104
61.165.42.208 - - [11/Jan/2021:09:35:07 +0800] "POST /xingrg/kc/buy/cgsh_order_operate.html HTTP/1.1" 200 29859
116.228.172.94 - - [11/Jan/2021:09:35:15 +0800] "GET /xingrg/kc/buy/cgsh_order_operate.html?command=get_materiel&rest_code=00107&code=00101031006&supplier_code=00100066&order_time=2021-01-11 HTTP/1.1" 200 417
172.17.0.115 - - [11/Jan/2021:09:35:16 +0800] "GET /xingrg/check_reg.html?_=1610328917696 HTTP/1.1" 200 22
114.88.169.67 - - [11/Jan/2021:09:35:20 +0800] "GET /xingrg/all/function/internal_message.html?_=1610328919987&CODE_STATE=getMsg HTTP/1.1" 200 27
222.69.137.25 - - [11/Jan/2021:09:35:22 +0800] "GET /xingrg/kc/buy/cgsh_order_operate.html?command=get_materiel&rest_code=00149&code=00101009062&supplier_code=00100201&order_time=2021-01-11 HTTP/1.1" 200 412
116.228.172.94 - - [11/Jan/2021:09:35:26 +0800] "POST /xingrg/kc/buy/cgsh_order_operate.html HTTP/1.1" 200 37
116.228.172.94 - - [11/Jan/2021:09:35:27 +0800] "POST /xingrg/kc/buy/cgsh_order_operate.html HTTP/1.1" 200 2663
172.17.0.123 - - [11/Jan/2021:09:35:28 +0800] "GET /xingrg/all/function/internal_message.html?_=1610328830090&CODE_STATE=getMsg HTTP/1.1" 200 27
116.228.172.94 - - [11/Jan/2021:09:35:29 +0800] "GET /xingrg/kc/print/load_data.html?order_code=212021011104443&kc_code=cgsh&condition= HTTP/1.1" 200 684
172.17.0.115 - - [11/Jan/2021:09:35:30 +0800] "GET /xingrg/all/function/internal_message.html?_=1610328931346&CODE_STATE=getMsg HTTP/1.1" 200 27
222.69.137.25 - - [11/Jan/2021:09:35:30 +0800] "GET /xingrg/kc/buy/cgsh_order_operate.html?command=get_materiel&rest_code=00149&code=00101009011&supplier_code=00100201&order_time=2021-01-11 HTTP/1.1" 200 416
180.156.237.57 - - [11/Jan/2021:09:35:31 +0800] "GET /xingrg/all/function/internal_message.html?_=1610328932967&CODE_STATE=getMsg HTTP/1.1" 200 27
172.17.200.101 - - [11/Jan/2021:09:35:32 +0800] "GET /xingrg/all/function/internal_message.html?_=1610328933935&CODE_STATE=getMsg HTTP/1.1" 200 27
172.17.200.101 - - [11/Jan/2021:09:35:32 +0800] "GET /xingrg/check_reg.html?_=1610328933940 HTTP/1.1" 200 22
180.156.237.57 - - [11/Jan/2021:09:35:33 +0800] "GET /xingrg/all/function/internal_message.html?_=1610328917132&CODE_STATE=getMsg HTTP/1.1" 200 27
116.228.172.94 - - [11/Jan/2021:09:35:36 +0800] "GET /xingrg/kc/base/base_main.html HTTP/1.1" 200 12142
117.131.5.26 - - [11/Jan/2021:09:35:37 +0800] "GET /xingrg/all/function/internal_message.html?_=1610328986564&CODE_STATE=getMsg HTTP/1.1" 200 27
116.228.172.94 - - [11/Jan/2021:09:35:38 +0800] "GET /xingrg/kc/base/wldb_order_list.html HTTP/1.1" 200 19345
116.228.172.94 - - [11/Jan/2021:09:35:39 +0800] "POST /xingrg/kc/base/wldb_list_operate.html HTTP/1.1" 200 928
222.69.137.25 - - [11/Jan/2021:09:35:39 +0800] "GET /xingrg/kc/buy/cgsh_order_operate.html?command=get_materiel&rest_code=00149&code=00101009016&supplier_code=00100201&order_time=2021-01-11 HTTP/1.1" 200 412
218.81.216.242 - - [11/Jan/2021:09:35:40 +0800] "GET /xingrg/check_reg.html?_=1610328957061 HTTP/1.1" 200 22
117.185.32.26 - - [11/Jan/2021:09:35:46 +0800] "GET /xingrg/all/function/internal_message.html?_=1610328945861&CODE_STATE=getMsg HTTP/1.1" 200 27
61.165.42.208 - - [11/Jan/2021:09:35:47 +0800] "POST /xingrg/services/DataTransmitService HTTP/1.1" 200 524
222.69.137.25 - - [11/Jan/2021:09:35:47 +0800] "GET /xingrg/all/function/internal_message.html?_=1610328946143&CODE_STATE=getMsg HTTP/1.1" 200 27
61.165.42.208 - - [11/Jan/2021:09:35:47 +0800] "GET /xingrg/all/function/internal_message.html?_=1610328948274&CODE_STATE=getMsg HTTP/1.1" 200 27
222.69.137.25 - - [11/Jan/2021:09:35:47 +0800] "GET /xingrg/check_reg.html?_=1610328946148 HTTP/1.1" 200 22
218.81.216.242 - - [11/Jan/2021:09:35:48 +0800] "GET /xingrg/all/function/internal_message.html?_=1610328964700&CODE_STATE=getMsg HTTP/1.1" 200 27
222.69.137.25 - - [11/Jan/2021:09:35:58 +0800] "GET /xingrg/kc/buy/cgsh_order_operate.html?command=get_materiel&rest_code=00149&code=00101009013&supplier_code=00100201&order_time=2021-01-11 HTTP/1.1" 200 420
116.228.172.94 - - [11/Jan/2021:09:36:01 +0800] "GET /xingrg/all/function/internal_message.html?_=1610328959204&CODE_STATE=getMsg HTTP/1.1" 200 27
114.88.169.67 - - [11/Jan/2021:09:36:15 +0800] "GET /xingrg/kc/buy/cgsh_order_operate.html?command=get_materiel&rest_code=00111&code=00101008067&supplier_code=00100005&order_time=2021-01-11 HTTP/1.1" 200 416
114.88.169.67 - - [11/Jan/2021:09:36:19 +0800] "GET /xingrg/check_reg.html?_=1610328978877 HTTP/1.1" 200 22
114.88.169.67 - - [11/Jan/2021:09:36:20 +0800] "GET /xingrg/all/function/internal_message.html?_=1610328979998&CODE_STATE=getMsg HTTP/1.1" 200 27
114.88.169.67 - - [11/Jan/2021:09:36:25 +0800] "GET /xingrg/kc/buy/cgsh_order_operate.html?command=get_materiel&rest_code=00111&code=00101008264&supplier_code=00100005&order_time=2021-01-11 HTTP/1.1" 200 412
172.17.0.123 - - [11/Jan/2021:09:36:28 +0800] "GET /xingrg/all/function/internal_message.html?_=1610328890076&CODE_STATE=getMsg HTTP/1.1" 200 27
172.17.0.115 - - [11/Jan/2021:09:36:30 +0800] "GET /xingrg/all/function/internal_message.html?_=1610328991361&CODE_STATE=getMsg HTTP/1.1" 200 27
180.156.237.57 - - [11/Jan/2021:09:36:31 +0800] "GET /xingrg/all/function/internal_message.html?_=1610328992970&CODE_STATE=getMsg HTTP/1.1" 200 27
172.17.200.101 - - [11/Jan/2021:09:36:32 +0800] "GET /xingrg/all/function/internal_message.html?_=1610328993941&CODE_STATE=getMsg HTTP/1.1" 200 27
114.88.169.67 - - [11/Jan/2021:09:36:32 +0800] "GET /xingrg/kc/buy/cgsh_order_operate.html?command=get_materiel&rest_code=00111&code=00101009030&supplier_code=00100005&order_time=2021-01-11 HTTP/1.1" 200 412
180.156.237.57 - - [11/Jan/2021:09:36:33 +0800] "GET /xingrg/check_reg.html?_=1610328976963 HTTP/1.1" 200 22
180.156.237.57 - - [11/Jan/2021:09:36:33 +0800] "GET /xingrg/all/function/internal_message.html?_=1610328977145&CODE_STATE=getMsg HTTP/1.1" 200 27
114.88.169.67 - - [11/Jan/2021:09:36:34 +0800] "POST /xingrg/kc/buy/cgsh_order_operate.html HTTP/1.1" 200 2065
117.131.5.26 - - [11/Jan/2021:09:36:37 +0800] "GET /xingrg/all/function/internal_message.html?_=1610329046563&CODE_STATE=getMsg HTTP/1.1" 200 27
117.185.32.26 - - [11/Jan/2021:09:36:46 +0800] "GET /xingrg/all/function/internal_message.html?_=1610329005837&CODE_STATE=getMsg HTTP/1.1" 200 27
61.165.42.208 - - [11/Jan/2021:09:36:47 +0800] "GET /xingrg/all/function/internal_message.html?_=1610329008269&CODE_STATE=getMsg HTTP/1.1" 200 27
222.69.137.25 - - [11/Jan/2021:09:36:47 +0800] "GET /xingrg/all/function/internal_message.html?_=1610329006139&CODE_STATE=getMsg HTTP/1.1" 200 27
218.81.216.242 - - [11/Jan/2021:09:36:48 +0800] "GET /xingrg/all/function/internal_message.html?_=1610329024714&CODE_STATE=getMsg HTTP/1.1" 200 27
116.228.172.94 - - [11/Jan/2021:09:37:01 +0800] "GET /xingrg/all/function/internal_message.html?_=1610329019186&CODE_STATE=getMsg HTTP/1.1" 200 27
222.69.137.25 - - [11/Jan/2021:09:37:20 +0800] "POST /xingrg/kc/buy/cgsh_order_operate.html HTTP/1.1" 200 37
114.88.169.67 - - [11/Jan/2021:09:37:20 +0800] "GET /xingrg/all/function/internal_message.html?_=1610329040011&CODE_STATE=getMsg HTTP/1.1" 200 27
222.69.137.25 - - [11/Jan/2021:09:37:23 +0800] "POST /xingrg/kc/buy/cgsh_order_operate.html HTTP/1.1" 200 12
222.69.137.25 - - [11/Jan/2021:09:37:25 +0800] "GET /xingrg/kc/buy/cgsh_order_info.html?code=212021011104444 HTTP/1.1" 200 56698
222.69.137.25 - - [11/Jan/2021:09:37:25 +0800] "GET /xingrg/javascript/easyui/themes/default/validatebox.css HTTP/1.1" 404 1104
222.69.137.25 - - [11/Jan/2021:09:37:26 +0800] "POST /xingrg/kc/buy/cgsh_order_operate.html HTTP/1.1" 200 4167
172.17.0.123 - - [11/Jan/2021:09:37:28 +0800] "GET /xingrg/all/function/internal_message.html?_=1610328950080&CODE_STATE=getMsg HTTP/1.1" 200 27
172.17.0.123 - - [11/Jan/2021:09:37:28 +0800] "GET /xingrg/check_reg.html?_=1610328950084 HTTP/1.1" 200 22
222.69.137.25 - - [11/Jan/2021:09:37:29 +0800] "GET /xingrg/kc/print/load_data.html?order_code=212021011104444&kc_code=cgsh&condition= HTTP/1.1" 200 2075
172.17.0.115 - - [11/Jan/2021:09:37:30 +0800] "GET /xingrg/all/function/internal_message.html?_=1610329051384&CODE_STATE=getMsg HTTP/1.1" 200 27
180.156.237.57 - - [11/Jan/2021:09:37:31 +0800] "GET /xingrg/all/function/internal_message.html?_=1610329052971&CODE_STATE=getMsg HTTP/1.1" 200 27
172.17.200.101 - - [11/Jan/2021:09:37:32 +0800] "GET /xingrg/all/function/internal_message.html?_=1610329053940&CODE_STATE=getMsg HTTP/1.1" 200 27
180.156.237.57 - - [11/Jan/2021:09:37:33 +0800] "GET /xingrg/all/function/internal_message.html?_=1610329037159&CODE_STATE=getMsg HTTP/1.1" 200 27
117.185.32.26 - - [11/Jan/2021:09:37:35 +0800] "GET /xingrg/check_reg.html?_=1610329054699 HTTP/1.1" 200 22
117.131.5.26 - - [11/Jan/2021:09:37:37 +0800] "GET /xingrg/all/function/internal_message.html?_=1610329106589&CODE_STATE=getMsg HTTP/1.1" 200 27
114.88.169.67 - - [11/Jan/2021:09:37:41 +0800] "GET /xingrg/kc/buy/cgsh_order_operate.html?command=get_materiel&rest_code=00111&code=00101008356&supplier_code=00100005&order_time=2021-01-11 HTTP/1.1" 200 408
117.185.32.26 - - [11/Jan/2021:09:37:46 +0800] "GET /xingrg/all/function/internal_message.html?_=1610329065813&CODE_STATE=getMsg HTTP/1.1" 200 27
222.69.137.25 - - [11/Jan/2021:09:37:46 +0800] "GET /xingrg/kc/buy/cgsh_order_add.html HTTP/1.1" 200 61796
222.69.137.25 - - [11/Jan/2021:09:37:47 +0800] "POST /xingrg/kc/buy/cgsh_order_operate.html HTTP/1.1" 200 8245
222.69.137.25 - - [11/Jan/2021:09:37:47 +0800] "GET /xingrg/javascript/easyui/themes/default/validatebox.css HTTP/1.1" 404 1104
222.69.137.25 - - [11/Jan/2021:09:37:47 +0800] "GET /xingrg/all/function/internal_message.html?_=1610329066149&CODE_STATE=getMsg HTTP/1.1" 200 27
61.165.42.208 - - [11/Jan/2021:09:37:47 +0800] "GET /xingrg/all/function/internal_message.html?_=1610329068277&CODE_STATE=getMsg HTTP/1.1" 200 27
61.165.42.208 - - [11/Jan/2021:09:37:47 +0800] "GET /xingrg/check_reg.html?_=1610329068384 HTTP/1.1" 200 22
218.81.216.242 - - [11/Jan/2021:09:37:48 +0800] "GET /xingrg/all/function/internal_message.html?_=1610329085062&CODE_STATE=getMsg HTTP/1.1" 200 27
114.88.169.67 - - [11/Jan/2021:09:37:52 +0800] "GET /xingrg/kc/buy/cgsh_order_operate.html?command=get_materiel&rest_code=00111&code=00101008272&supplier_code=00100005&order_time=2021-01-11 HTTP/1.1" 200 412
116.228.172.94 - - [11/Jan/2021:09:38:01 +0800] "GET /xingrg/all/function/internal_message.html?_=1610329079171&CODE_STATE=getMsg HTTP/1.1" 200 27
114.88.169.67 - - [11/Jan/2021:09:38:02 +0800] "GET /xingrg/kc/buy/cgsh_order_operate.html?command=get_materiel&rest_code=00111&code=00101015004&supplier_code=00100005&order_time=2021-01-11 HTTP/1.1" 200 408
222.69.137.25 - - [11/Jan/2021:09:38:09 +0800] "GET /xingrg/kc/buy/cgsh_order_operate.html?command=get_materiel&rest_code=00149&code=00101004033&supplier_code=00100083&order_time=2021-01-11 HTTP/1.1" 200 439
114.88.169.67 - - [11/Jan/2021:09:38:11 +0800] "GET /xingrg/kc/buy/cgsh_order_operate.html?command=get_materiel&rest_code=00111&code=00101008137&supplier_code=00100005&order_time=2021-01-11 HTTP/1.1" 200 408
222.69.137.25 - - [11/Jan/2021:09:38:16 +0800] "GET /xingrg/kc/buy/cgsh_order_operate.html?command=get_materiel&rest_code=00149&code=00101004011&supplier_code=00100083&order_time=2021-01-11 HTTP/1.1" 200 433
114.88.169.67 - - [11/Jan/2021:09:38:20 +0800] "GET /xingrg/kc/buy/cgsh_order_operate.html?command=get_materiel&rest_code=00111&code=00101008360&supplier_code=00100005&order_time=2021-01-11 HTTP/1.1" 200 413
114.88.169.67 - - [11/Jan/2021:09:38:20 +0800] "GET /xingrg/all/function/internal_message.html?_=1610329100026&CODE_STATE=getMsg HTTP/1.1" 200 27
222.69.137.25 - - [11/Jan/2021:09:38:24 +0800] "GET /xingrg/kc/buy/cgsh_order_operate.html?command=get_materiel&rest_code=00149&code=00101004048&supplier_code=00100083&order_time=2021-01-11 HTTP/1.1" 200 417
172.17.0.123 - - [11/Jan/2021:09:38:28 +0800] "GET /xingrg/all/function/internal_message.html?_=1610329010086&CODE_STATE=getMsg HTTP/1.1" 200 27
172.17.0.115 - - [11/Jan/2021:09:38:30 +0800] "GET /xingrg/all/function/internal_message.html?_=1610329111387&CODE_STATE=getMsg HTTP/1.1" 200 27
180.156.237.57 - - [11/Jan/2021:09:38:31 +0800] "GET /xingrg/check_reg.html?_=1610329112957 HTTP/1.1" 200 22
180.156.237.57 - - [11/Jan/2021:09:38:31 +0800] "GET /xingrg/all/function/internal_message.html?_=1610329112961&CODE_STATE=getMsg HTTP/1.1" 200 27
172.17.200.101 - - [11/Jan/2021:09:38:32 +0800] "GET /xingrg/all/function/internal_message.html?_=1610329113941&CODE_STATE=getMsg HTTP/1.1" 200 27
180.156.237.57 - - [11/Jan/2021:09:38:33 +0800] "GET /xingrg/all/function/internal_message.html?_=1610329097173&CODE_STATE=getMsg HTTP/1.1" 200 27
222.70.174.7 - - [11/Jan/2021:09:38:33 +0800] "GET /xingrg/check_reg.html?_=1610329114717 HTTP/1.1" 302 -
114.88.169.67 - - [11/Jan/2021:09:38:35 +0800] "POST /xingrg/kc/buy/cgsh_order_operate.html HTTP/1.1" 200 2065
222.69.137.25 - - [11/Jan/2021:09:38:35 +0800] "GET /xingrg/kc/buy/cgsh_order_operate.html?command=get_materiel&rest_code=00149&code=00101004065&supplier_code=00100083&order_time=2021-01-11 HTTP/1.1" 200 433
117.131.5.26 - - [11/Jan/2021:09:38:37 +0800] "GET /xingrg/all/function/internal_message.html?_=1610329166587&CODE_STATE=getMsg HTTP/1.1" 200 27
114.88.169.67 - - [11/Jan/2021:09:38:41 +0800] "GET /xingrg/kc/buy/cgsh_order_operate.html?command=get_materiel&rest_code=00111&code=00101008196&supplier_code=00100005&order_time=2021-01-11 HTTP/1.1" 200 416
117.185.32.26 - - [11/Jan/2021:09:38:46 +0800] "GET /xingrg/all/function/internal_message.html?_=1610329125896&CODE_STATE=getMsg HTTP/1.1" 200 27
61.165.42.208 - - [11/Jan/2021:09:38:47 +0800] "GET /xingrg/all/function/internal_message.html?_=1610329128266&CODE_STATE=getMsg HTTP/1.1" 200 27
222.69.137.25 - - [11/Jan/2021:09:38:47 +0800] "GET /xingrg/all/function/internal_message.html?_=1610329126147&CODE_STATE=getMsg HTTP/1.1" 200 27
114.88.169.67 - - [11/Jan/2021:09:38:48 +0800] "GET /xingrg/kc/buy/cgsh_order_operate.html?command=get_materiel&rest_code=00111&code=00101008357&supplier_code=00100005&order_time=2021-01-11 HTTP/1.1" 200 410
218.81.216.242 - - [11/Jan/2021:09:38:48 +0800] "GET /xingrg/all/function/internal_message.html?_=1610329145069&CODE_STATE=getMsg HTTP/1.1" 200 27
222.69.137.25 - - [11/Jan/2021:09:38:56 +0800] "POST /xingrg/kc/buy/cgsh_order_operate.html HTTP/1.1" 200 37
116.228.172.94 - - [11/Jan/2021:09:39:00 +0800] "GET /xingrg/check_reg.html?_=1610329139036 HTTP/1.1" 200 22
116.228.172.94 - - [11/Jan/2021:09:39:01 +0800] "GET /xingrg/all/function/internal_message.html?_=1610329139152&CODE_STATE=getMsg HTTP/1.1" 200 27
222.69.137.25 - - [11/Jan/2021:09:39:02 +0800] "POST /xingrg/kc/buy/cgsh_order_operate.html HTTP/1.1" 200 12
222.69.137.25 - - [11/Jan/2021:09:39:06 +0800] "GET /xingrg/kc/buy/cgsh_order_info.html?code=212021011104445 HTTP/1.1" 200 56696
222.69.137.25 - - [11/Jan/2021:09:39:06 +0800] "GET /xingrg/javascript/easyui/themes/default/validatebox.css HTTP/1.1" 404 1104
222.69.137.25 - - [11/Jan/2021:09:39:07 +0800] "POST /xingrg/kc/buy/cgsh_order_operate.html HTTP/1.1" 200 2424
222.69.137.25 - - [11/Jan/2021:09:39:08 +0800] "GET /xingrg/kc/print/load_data.html?order_code=212021011104445&kc_code=cgsh&condition= HTTP/1.1" 200 1432
114.88.169.67 - - [11/Jan/2021:09:39:21 +0800] "GET /xingrg/all/function/internal_message.html?_=1610329160239&CODE_STATE=getMsg HTTP/1.1" 200 27
58.221.95.50 - - [11/Jan/2021:09:39:27 +0800] "GET /xingrg/check_reg.html?_=1610329166740 HTTP/1.1" 302 -
172.17.0.123 - - [11/Jan/2021:09:39:28 +0800] "GET /xingrg/all/function/internal_message.html?_=1610329070088&CODE_STATE=getMsg HTTP/1.1" 200 27
172.17.0.115 - - [11/Jan/2021:09:39:30 +0800] "GET /xingrg/all/function/internal_message.html?_=1610329171414&CODE_STATE=getMsg HTTP/1.1" 200 27
180.156.237.57 - - [11/Jan/2021:09:39:31 +0800] "GET /xingrg/all/function/internal_message.html?_=1610329172976&CODE_STATE=getMsg HTTP/1.1" 200 27
172.17.200.101 - - [11/Jan/2021:09:39:32 +0800] "GET /xingrg/all/function/internal_message.html?_=1610329173940&CODE_STATE=getMsg HTTP/1.1" 200 27
180.156.237.57 - - [11/Jan/2021:09:39:33 +0800] "GET /xingrg/all/function/internal_message.html?_=1610329157189&CODE_STATE=getMsg HTTP/1.1" 200 27
120.253.135.82 - - [11/Jan/2021:09:39:36 +0800] "GET /xingrg/check_reg.html?_=1610329212568 HTTP/1.1" 302 -
117.131.5.26 - - [11/Jan/2021:09:39:37 +0800] "GET /xingrg/all/function/internal_message.html?_=1610329226585&CODE_STATE=getMsg HTTP/1.1" 200 27
117.131.5.26 - - [11/Jan/2021:09:39:37 +0800] "GET /xingrg/check_reg.html?_=1610329226586 HTTP/1.1" 200 22
61.165.42.208 - - [11/Jan/2021:09:39:43 +0800] "POST /xingrg/kc/buy/cgsh_order_operate.html HTTP/1.1" 200 37
61.165.42.208 - - [11/Jan/2021:09:39:44 +0800] "POST /xingrg/kc/buy/cgsh_order_operate.html HTTP/1.1" 200 29859
117.185.32.26 - - [11/Jan/2021:09:39:46 +0800] "GET /xingrg/all/function/internal_message.html?_=1610329185872&CODE_STATE=getMsg HTTP/1.1" 200 27
61.165.42.208 - - [11/Jan/2021:09:39:46 +0800] "GET /xingrg/kc/print/load_data.html?order_code=212021011104422&kc_code=cgsh&condition= HTTP/1.1" 200 10929
222.69.137.25 - - [11/Jan/2021:09:39:47 +0800] "GET /xingrg/all/function/internal_message.html?_=1610329186149&CODE_STATE=getMsg HTTP/1.1" 200 27
61.165.42.208 - - [11/Jan/2021:09:39:47 +0800] "GET /xingrg/all/function/internal_message.html?_=1610329188478&CODE_STATE=getMsg HTTP/1.1" 200 27
218.81.216.242 - - [11/Jan/2021:09:39:49 +0800] "GET /xingrg/all/function/internal_message.html?_=1610329205387&CODE_STATE=getMsg HTTP/1.1" 200 27
116.228.172.94 - - [11/Jan/2021:09:40:01 +0800] "GET /xingrg/all/function/internal_message.html?_=1610329199137&CODE_STATE=getMsg HTTP/1.1" 200 27
172.17.0.115 - - [11/Jan/2021:09:40:16 +0800] "GET /xingrg/check_reg.html?_=1610329217702 HTTP/1.1" 200 22
114.88.169.67 - - [11/Jan/2021:09:40:21 +0800] "GET /xingrg/all/function/internal_message.html?_=1610329220255&CODE_STATE=getMsg HTTP/1.1" 200 27
172.17.0.123 - - [11/Jan/2021:09:40:28 +0800] "GET /xingrg/all/function/internal_message.html?_=1610329130088&CODE_STATE=getMsg HTTP/1.1" 200 27
172.17.0.115 - - [11/Jan/2021:09:40:30 +0800] "GET /xingrg/all/function/internal_message.html?_=1610329231430&CODE_STATE=getMsg HTTP/1.1" 200 27
180.156.237.57 - - [11/Jan/2021:09:40:31 +0800] "GET /xingrg/all/function/internal_message.html?_=1610329232982&CODE_STATE=getMsg HTTP/1.1" 200 27
172.17.200.101 - - [11/Jan/2021:09:40:32 +0800] "GET /xingrg/check_reg.html?_=1610329233941 HTTP/1.1" 200 22
172.17.200.101 - - [11/Jan/2021:09:40:32 +0800] "GET /xingrg/all/function/internal_message.html?_=1610329233944&CODE_STATE=getMsg HTTP/1.1" 200 27
180.156.237.57 - - [11/Jan/2021:09:40:33 +0800] "GET /xingrg/all/function/internal_message.html?_=1610329217199&CODE_STATE=getMsg HTTP/1.1" 200 27
117.131.5.26 - - [11/Jan/2021:09:40:37 +0800] "GET /xingrg/all/function/internal_message.html?_=1610329286584&CODE_STATE=getMsg HTTP/1.1" 200 27
120.204.17.71 - - [11/Jan/2021:09:40:38 +0800] "GET /xingrg/all/function/internal_message.html?_=1610328646002&CODE_STATE=getMsg HTTP/1.1" 302 -
116.232.50.212 - - [11/Jan/2021:09:40:40 +0800] "POST /xingrg/services/DataTransmitService HTTP/1.1" 200 524
218.81.216.242 - - [11/Jan/2021:09:40:40 +0800] "GET /xingrg/check_reg.html?_=1610329257064 HTTP/1.1" 200 22
120.204.17.71 - - [11/Jan/2021:09:40:43 +0800] "GET /xingrg/login.html HTTP/1.1" 200 7641
117.185.32.26 - - [11/Jan/2021:09:40:46 +0800] "GET /xingrg/all/function/internal_message.html?_=1610329245840&CODE_STATE=getMsg HTTP/1.1" 200 27
222.69.133.109 - - [11/Jan/2021:09:40:47 +0800] "GET /xingrg/login.html HTTP/1.1" 200 7641
222.69.137.25 - - [11/Jan/2021:09:40:47 +0800] "GET /xingrg/all/function/internal_message.html?_=1610329246149&CODE_STATE=getMsg HTTP/1.1" 200 27
222.69.137.25 - - [11/Jan/2021:09:40:47 +0800] "GET /xingrg/check_reg.html?_=1610329246151 HTTP/1.1" 200 22
61.165.42.208 - - [11/Jan/2021:09:40:47 +0800] "GET /xingrg/all/function/internal_message.html?_=1610329248451&CODE_STATE=getMsg HTTP/1.1" 200 27
222.69.133.109 - - [11/Jan/2021:09:40:48 +0800] "GET /favicon.ico HTTP/1.1" 404 -
218.81.216.242 - - [11/Jan/2021:09:40:49 +0800] "GET /xingrg/all/function/internal_message.html?_=1610329265392&CODE_STATE=getMsg HTTP/1.1" 200 27
116.228.172.94 - - [11/Jan/2021:09:41:01 +0800] "GET /xingrg/all/function/internal_message.html?_=1610329259112&CODE_STATE=getMsg HTTP/1.1" 200 27
222.69.133.109 - - [11/Jan/2021:09:41:02 +0800] "POST /xingrg/login.do HTTP/1.1" 302 -
222.69.133.109 - - [11/Jan/2021:09:41:02 +0800] "GET /xingrg/index.html?sysBaseUrl=http%3A%2F%2F180.169.147.146%3A18081%2Fxingrg%2F&costTime=41×tamp=1610329262707 HTTP/1.1" 200 17179
222.69.133.109 - - [11/Jan/2021:09:41:02 +0800] "GET /favicon.ico HTTP/1.1" 404 -
222.69.133.109 - - [11/Jan/2021:09:41:03 +0800] "POST /xingrg/all/common/load_tree.html?tree=area_rest_tree_json&manage=1 HTTP/1.1" 200 351
222.69.133.109 - - [11/Jan/2021:09:41:03 +0800] "GET /xingrg/all/function/internal_message.html?_=1610329265379&CODE_STATE=count HTTP/1.1" 200 11
222.69.133.109 - - [11/Jan/2021:09:41:03 +0800] "GET /xingrg/check_reg.html?_=1610329265382 HTTP/1.1" 200 22
222.69.133.109 - - [11/Jan/2021:09:41:03 +0800] "POST /xingrg/load_menu.html HTTP/1.1" 200 5138
222.69.133.109 - - [11/Jan/2021:09:41:07 +0800] "GET /xingrg/kc/buy/cgsh_order_list.html HTTP/1.1" 200 46011
222.69.133.109 - - [11/Jan/2021:09:41:08 +0800] "POST /xingrg/kc/buy/cgsh_list_operate.html HTTP/1.1" 200 876
222.69.133.109 - - [11/Jan/2021:09:41:10 +0800] "GET /xingrg/kc/buy/cgsh_order_add.html HTTP/1.1" 200 60864
222.69.133.109 - - [11/Jan/2021:09:41:10 +0800] "GET /xingrg/words/20210110175342_words.js HTTP/1.1" 200 788790
222.69.133.109 - - [11/Jan/2021:09:41:11 +0800] "GET /xingrg/all/common/auto_word.html?type=employee&rest_code=00154 HTTP/1.1" 200 101
222.69.133.109 - - [11/Jan/2021:09:41:11 +0800] "GET /xingrg/all/common/auto_word.html?type=employee&rest_code=00154 HTTP/1.1" 200 101
222.69.133.109 - - [11/Jan/2021:09:41:11 +0800] "GET /xingrg/javascript/easyui/themes/default/validatebox.css HTTP/1.1" 404 1104
222.69.133.109 - - [11/Jan/2021:09:41:11 +0800] "POST /xingrg/kc/buy/cgsh_order_operate.html HTTP/1.1" 200 8245
222.69.133.109 - - [11/Jan/2021:09:41:13 +0800] "GET /xingrg/javascript/auto/indicator.gif HTTP/1.1" 404 1066
114.88.169.67 - - [11/Jan/2021:09:41:19 +0800] "GET /xingrg/check_reg.html?_=1610329279091 HTTP/1.1" 200 22
114.88.169.67 - - [11/Jan/2021:09:41:21 +0800] "GET /xingrg/all/function/internal_message.html?_=1610329280269&CODE_STATE=getMsg HTTP/1.1" 200 27
222.69.133.109 - - [11/Jan/2021:09:41:21 +0800] "GET /xingrg/javascript/jquery_easy_ui/themes/icons/area.png HTTP/1.1" 200 262
222.69.133.109 - - [11/Jan/2021:09:41:21 +0800] "GET /xingrg/javascript/jquery_easy_ui/themes/icons/rest.png HTTP/1.1" 200 695
222.69.133.109 - - [11/Jan/2021:09:41:21 +0800] "GET /xingrg/javascript/jquery_tools/images/prev.gif HTTP/1.1" 404 1086
222.69.133.109 - - [11/Jan/2021:09:41:21 +0800] "GET /xingrg/javascript/jquery_tools/images/next.gif HTTP/1.1" 404 1086
172.17.0.123 - - [11/Jan/2021:09:41:28 +0800] "GET /xingrg/all/function/internal_message.html?_=1610329190090&CODE_STATE=getMsg HTTP/1.1" 200 27
172.17.0.115 - - [11/Jan/2021:09:41:30 +0800] "GET /xingrg/all/function/internal_message.html?_=1610329291444&CODE_STATE=getMsg HTTP/1.1" 200 27
180.156.237.57 - - [11/Jan/2021:09:41:31 +0800] "GET /xingrg/all/function/internal_message.html?_=1610329292986&CODE_STATE=getMsg HTTP/1.1" 200 27
172.17.200.101 - - [11/Jan/2021:09:41:32 +0800] "GET /xingrg/all/function/internal_message.html?_=1610329293946&CODE_STATE=getMsg HTTP/1.1" 200 27
180.156.237.57 - - [11/Jan/2021:09:41:33 +0800] "GET /xingrg/check_reg.html?_=1610329276974 HTTP/1.1" 200 22
180.156.237.57 - - [11/Jan/2021:09:41:33 +0800] "GET /xingrg/all/function/internal_message.html?_=1610329277212&CODE_STATE=getMsg HTTP/1.1" 200 27
117.131.5.26 - - [11/Jan/2021:09:41:37 +0800] "GET /xingrg/all/function/internal_message.html?_=1610329346583&CODE_STATE=getMsg HTTP/1.1" 200 27
117.184.7.26 - - [11/Jan/2021:09:41:41 +0800] "POST /xingrg/login.do HTTP/1.1" 302 -
117.184.7.26 - - [11/Jan/2021:09:41:41 +0800] "GET /xingrg/index.html?sysBaseUrl=http%3A%2F%2F180.169.147.146%3A18081%2Fxingrg%2F&costTime=38×tamp=1610329301548 HTTP/1.1" 200 17179
117.184.7.26 - - [11/Jan/2021:09:41:42 +0800] "GET /favicon.ico HTTP/1.1" 404 -
117.184.7.26 - - [11/Jan/2021:09:41:43 +0800] "POST /xingrg/all/common/load_tree.html?tree=area_rest_tree_json&manage=1 HTTP/1.1" 200 470
117.184.7.26 - - [11/Jan/2021:09:41:43 +0800] "GET /xingrg/all/function/internal_message.html?_=1610329303392&CODE_STATE=count HTTP/1.1" 200 11
117.184.7.26 - - [11/Jan/2021:09:41:43 +0800] "GET /xingrg/check_reg.html?_=1610329303396 HTTP/1.1" 200 22
117.184.7.26 - - [11/Jan/2021:09:41:44 +0800] "POST /xingrg/load_menu.html HTTP/1.1" 200 5138
117.185.32.26 - - [11/Jan/2021:09:41:46 +0800] "GET /xingrg/all/function/internal_message.html?_=1610329305814&CODE_STATE=getMsg HTTP/1.1" 200 27
117.184.7.26 - - [11/Jan/2021:09:41:47 +0800] "POST /xingrg/all/user/operate.html HTTP/1.1" 200 36
222.69.137.25 - - [11/Jan/2021:09:41:47 +0800] "GET /xingrg/all/function/internal_message.html?_=1610329306150&CODE_STATE=getMsg HTTP/1.1" 200 27
117.184.7.26 - - [11/Jan/2021:09:41:47 +0800] "GET /xingrg/index.html?sysBaseUrl=http%3A%2F%2F180.169.147.146%3A18081%2Fxingrg%2F&costTime=38×tamp=1610329301548 HTTP/1.1" 200 17173
117.184.7.26 - - [11/Jan/2021:09:41:47 +0800] "GET /xingrg/javascript/jquery_easy_ui/themes/default/easyui.css HTTP/1.1" 304 -
117.184.7.26 - - [11/Jan/2021:09:41:47 +0800] "GET /xingrg/javascript/jquery_easy_ui/themes/icon.css HTTP/1.1" 304 -
117.184.7.26 - - [11/Jan/2021:09:41:47 +0800] "GET /xingrg/css/form.css HTTP/1.1" 304 -
117.184.7.26 - - [11/Jan/2021:09:41:47 +0800] "GET /xingrg/javascript/jquery-1.4.2.min.js HTTP/1.1" 304 -
117.184.7.26 - - [11/Jan/2021:09:41:47 +0800] "GET /xingrg/javascript/jquery_easy_ui/jquery.easyui.min.js HTTP/1.1" 304 -
61.165.42.208 - - [11/Jan/2021:09:41:47 +0800] "GET /xingrg/all/function/internal_message.html?_=1610329308421&CODE_STATE=getMsg HTTP/1.1" 200 27
117.184.7.26 - - [11/Jan/2021:09:41:47 +0800] "GET /xingrg/javascript/jquery_easy_ui/easyui-lang-zh_CN.js HTTP/1.1" 304 -
117.184.7.26 - - [11/Jan/2021:09:41:47 +0800] "GET /xingrg/javascript/jquery.form.js HTTP/1.1" 304 -
117.184.7.26 - - [11/Jan/2021:09:41:47 +0800] "GET /xingrg/javascript/jquery.utils.js HTTP/1.1" 304 -
117.184.7.26 - - [11/Jan/2021:09:41:47 +0800] "GET /xingrg/javascript/jquery.timers.js HTTP/1.1" 304 -
117.184.7.26 - - [11/Jan/2021:09:41:47 +0800] "GET /xingrg/images/blue/jxLogo.png HTTP/1.1" 304 -
117.184.7.26 - - [11/Jan/2021:09:41:48 +0800] "GET /xingrg/images/blue/navBackgound.jpg HTTP/1.1" 304 -
117.184.7.26 - - [11/Jan/2021:09:41:48 +0800] "GET /xingrg/javascript/jquery_easy_ui/themes/icons/settle_new.png HTTP/1.1" 304 -
117.184.7.26 - - [11/Jan/2021:09:41:48 +0800] "POST /xingrg/all/common/load_tree.html?tree=area_rest_tree_json&manage=1 HTTP/1.1" 200 470
117.184.7.26 - - [11/Jan/2021:09:41:48 +0800] "GET /xingrg/all/function/internal_message.html?_=1610329307734&CODE_STATE=count HTTP/1.1" 200 11
117.184.7.26 - - [11/Jan/2021:09:41:48 +0800] "GET /xingrg/check_reg.html?_=1610329307735 HTTP/1.1" 200 22
117.184.7.30 - - [11/Jan/2021:09:41:48 +0800] "GET /xingrg/javascript/jquery_easy_ui/themes/default/images/tabs_rightarrow.png HTTP/1.1" 304 -
117.184.7.26 - - [11/Jan/2021:09:41:48 +0800] "GET /xingrg/javascript/jquery_easy_ui/themes/default/images/panel_tool_collapse.gif HTTP/1.1" 304 -
117.184.7.26 - - [11/Jan/2021:09:41:48 +0800] "GET /xingrg/images/blue/pingpu.png HTTP/1.1" 304 -
117.184.7.26 - - [11/Jan/2021:09:41:48 +0800] "GET /xingrg/javascript/jquery_easy_ui/themes/default/images/tabs_leftarrow.png HTTP/1.1" 304 -
117.184.7.26 - - [11/Jan/2021:09:41:48 +0800] "POST /xingrg/load_menu.html HTTP/1.1" 200 5138
218.81.216.242 - - [11/Jan/2021:09:41:49 +0800] "GET /xingrg/all/function/internal_message.html?_=1610329325405&CODE_STATE=getMsg HTTP/1.1" 200 27
117.184.7.26 - - [11/Jan/2021:09:41:49 +0800] "GET /xingrg/kc/buy/buy_main.html HTTP/1.1" 200 12412
117.184.7.26 - - [11/Jan/2021:09:41:49 +0800] "GET /xingrg/css/new_ie.css HTTP/1.1" 404 1036
117.184.7.26 - - [11/Jan/2021:09:41:50 +0800] "GET /xingrg/images/yd/bt.gif HTTP/1.1" 404 1040
117.184.7.26 - - [11/Jan/2021:09:41:50 +0800] "GET /xingrg/kc/buy/cgsh_order_list.html HTTP/1.1" 200 46005
117.184.7.26 - - [11/Jan/2021:09:41:53 +0800] "POST /xingrg/kc/buy/cgsh_list_operate.html HTTP/1.1" 200 1666
117.184.7.26 - - [11/Jan/2021:09:41:57 +0800] "POST /xingrg/kc/buy/cgsh_list_operate.html HTTP/1.1" 200 574
117.184.7.26 - - [11/Jan/2021:09:41:59 +0800] "GET /xingrg/kc/buy/cgsh_order_add.html HTTP/1.1" 200 61702
117.184.7.26 - - [11/Jan/2021:09:42:00 +0800] "GET /xingrg/words/20210110175342_words.js HTTP/1.1" 304 -
117.184.7.26 - - [11/Jan/2021:09:42:00 +0800] "POST /xingrg/kc/buy/cgsh_order_operate.html HTTP/1.1" 200 8245
117.184.7.26 - - [11/Jan/2021:09:42:00 +0800] "GET /xingrg/all/common/auto_word.html?type=employee&rest_code=00108 HTTP/1.1" 200 147
117.184.7.26 - - [11/Jan/2021:09:42:00 +0800] "GET /xingrg/all/common/auto_word.html?type=employee&rest_code=00108 HTTP/1.1" 200 147
117.184.7.26 - - [11/Jan/2021:09:42:00 +0800] "GET /xingrg/javascript/easyui/themes/default/validatebox.css HTTP/1.1" 404 1104
116.228.172.94 - - [11/Jan/2021:09:42:00 +0800] "GET /xingrg/all/function/internal_message.html?_=1610329319086&CODE_STATE=getMsg HTTP/1.1" 200 27
117.184.7.26 - - [11/Jan/2021:09:42:01 +0800] "GET /xingrg/javascript/auto/indicator.gif HTTP/1.1" 404 1066
117.184.7.26 - - [11/Jan/2021:09:42:03 +0800] "GET /xingrg/javascript/jquery_tools/images/next.gif HTTP/1.1" 404 1086
117.184.7.26 - - [11/Jan/2021:09:42:03 +0800] "GET /xingrg/javascript/jquery_tools/images/prev.gif HTTP/1.1" 404 1086
222.69.133.109 - - [11/Jan/2021:09:42:03 +0800] "GET /xingrg/all/function/internal_message.html?_=1610329325395&CODE_STATE=getMsg HTTP/1.1" 200 27
180.157.253.48 - - [11/Jan/2021:09:42:06 +0800] "POST /xingrg/services/DataTransmitService HTTP/1.1" 200 524
180.157.253.48 - - [11/Jan/2021:09:42:07 +0800] "POST /xingrg/services/DataTransmitService HTTP/1.1" 200 1955
180.157.253.48 - - [11/Jan/2021:09:42:07 +0800] "POST /xingrg/services/DataTransmitService HTTP/1.1" 200 150671
117.184.7.30 - - [11/Jan/2021:09:42:08 +0800] "GET /xingrg/kc/buy/cgsh_order_operate.html?command=get_materiel&rest_code=00108&code=00101008261&supplier_code=00100008&order_time=2021-01-11 HTTP/1.1" 200 408
222.69.133.109 - - [11/Jan/2021:09:42:14 +0800] "GET /xingrg/kc/buy/cgsh_order_operate.html?command=get_materiel&rest_code=00154&code=00101010289&supplier_code=00100171&order_time=2021-01-11 HTTP/1.1" 200 448
117.184.7.30 - - [11/Jan/2021:09:42:19 +0800] "GET /xingrg/kc/buy/cgsh_order_operate.html?command=get_materiel&rest_code=00108&code=00101008210&supplier_code=00100008&order_time=2021-01-11 HTTP/1.1" 200 408
114.88.169.67 - - [11/Jan/2021:09:42:21 +0800] "GET /xingrg/all/function/internal_message.html?_=1610329340282&CODE_STATE=getMsg HTTP/1.1" 200 27
117.184.7.30 - - [11/Jan/2021:09:42:27 +0800] "GET /xingrg/kc/buy/cgsh_order_operate.html?command=get_materiel&rest_code=00108&code=00101008257&supplier_code=00100008&order_time=2021-01-11 HTTP/1.1" 200 416
172.17.0.123 - - [11/Jan/2021:09:42:28 +0800] "GET /xingrg/check_reg.html?_=1610329250074 HTTP/1.1" 200 22
172.17.0.123 - - [11/Jan/2021:09:42:28 +0800] "GET /xingrg/all/function/internal_message.html?_=1610329250076&CODE_STATE=getMsg HTTP/1.1" 200 27
172.17.0.115 - - [11/Jan/2021:09:42:30 +0800] "GET /xingrg/all/function/internal_message.html?_=1610329351465&CODE_STATE=getMsg HTTP/1.1" 200 27
180.156.237.57 - - [11/Jan/2021:09:42:31 +0800] "GET /xingrg/all/function/internal_message.html?_=1610329352989&CODE_STATE=getMsg HTTP/1.1" 200 27
172.17.200.101 - - [11/Jan/2021:09:42:32 +0800] "GET /xingrg/all/function/internal_message.html?_=1610329353944&CODE_STATE=getMsg HTTP/1.1" 200 27
180.156.237.57 - - [11/Jan/2021:09:42:33 +0800] "GET /xingrg/all/function/internal_message.html?_=1610329337227&CODE_STATE=getMsg HTTP/1.1" 200 27
117.185.32.26 - - [11/Jan/2021:09:42:35 +0800] "GET /xingrg/check_reg.html?_=1610329354709 HTTP/1.1" 200 22
117.184.7.30 - - [11/Jan/2021:09:42:35 +0800] "GET /xingrg/kc/buy/cgsh_order_operate.html?command=get_materiel&rest_code=00108&code=00101008080&supplier_code=00100008&order_time=2021-01-11 HTTP/1.1" 200 416
117.131.5.26 - - [11/Jan/2021:09:42:37 +0800] "GET /xingrg/all/function/internal_message.html?_=1610329406581&CODE_STATE=getMsg HTTP/1.1" 200 27
117.184.7.30 - - [11/Jan/2021:09:42:42 +0800] "GET /xingrg/kc/buy/cgsh_order_operate.html?command=get_materiel&rest_code=00108&code=00101008350&supplier_code=00100008&order_time=2021-01-11 HTTP/1.1" 200 408
117.185.32.26 - - [11/Jan/2021:09:42:46 +0800] "GET /xingrg/all/function/internal_message.html?_=1610329365782&CODE_STATE=getMsg HTTP/1.1" 200 27
222.69.137.25 - - [11/Jan/2021:09:42:47 +0800] "GET /xingrg/all/function/internal_message.html?_=1610329366150&CODE_STATE=getMsg HTTP/1.1" 200 27
61.165.42.208 - - [11/Jan/2021:09:42:47 +0800] "GET /xingrg/check_reg.html?_=1610329368356 HTTP/1.1" 200 22
61.165.42.208 - - [11/Jan/2021:09:42:47 +0800] "GET /xingrg/all/function/internal_message.html?_=1610329368401&CODE_STATE=getMsg HTTP/1.1" 200 27
