218.81.216.242 - - [11/Jan/2021:09:00:14 +0800] "GET /xingrg/kc/buy/cgsh_order_operate.html?command=get_materiel&rest_code=00146&code=00101008069&supplier_code=00100005&order_time=2021-01-11 HTTP/1.1" 200 412
172.17.0.115 - - [11/Jan/2021:09:00:16 +0800] "GET /xingrg/check_reg.html?_=1610326817659 HTTP/1.1" 200 22
180.156.237.57 - - [11/Jan/2021:09:00:18 +0800] "GET /xingrg/kc/base/wldb_order_info.html?code=422021011101294 HTTP/1.1" 200 26382
180.156.237.57 - - [11/Jan/2021:09:00:18 +0800] "GET /xingrg/javascript/easyui/themes/default/validatebox.css HTTP/1.1" 404 1104
180.156.237.57 - - [11/Jan/2021:09:00:18 +0800] "POST /xingrg/kc/base/wldb_order_operate.html HTTP/1.1" 200 942
114.88.169.67 - - [11/Jan/2021:09:00:19 +0800] "GET /xingrg/all/function/internal_message.html?_=1610326818842&CODE_STATE=getMsg HTTP/1.1" 200 27
180.156.237.57 - - [11/Jan/2021:09:00:22 +0800] "GET /xingrg/kc/base/wldb_order_add.html HTTP/1.1" 200 30508
180.156.237.57 - - [11/Jan/2021:09:00:23 +0800] "POST /xingrg/kc/base/wldb_order_operate.html HTTP/1.1" 200 6806
180.156.237.57 - - [11/Jan/2021:09:00:23 +0800] "GET /xingrg/javascript/easyui/themes/default/validatebox.css HTTP/1.1" 404 1104
114.88.169.67 - - [11/Jan/2021:09:00:28 +0800] "POST /xingrg/kc/buy/cgsh_list_operate.html HTTP/1.1" 200 367
172.17.0.115 - - [11/Jan/2021:09:00:29 +0800] "GET /xingrg/all/function/internal_message.html?_=1610326830808&CODE_STATE=getMsg HTTP/1.1" 200 27
180.156.237.57 - - [11/Jan/2021:09:00:34 +0800] "GET /xingrg/kc/base/wldb_order_operate.html?command=get_materiel&rest_code=00150&base_code=0010446&code=00102002258 HTTP/1.1" 200 433
218.81.216.242 - - [11/Jan/2021:09:00:34 +0800] "GET /xingrg/kc/buy/cgsh_order_operate.html?command=get_materiel&rest_code=00146&code=00101008036&supplier_code=00100005&order_time=2021-01-11 HTTP/1.1" 200 408
117.131.5.26 - - [11/Jan/2021:09:00:36 +0800] "GET /xingrg/all/function/internal_message.html?_=1610326886513&CODE_STATE=getMsg HTTP/1.1" 200 27
218.81.216.242 - - [11/Jan/2021:09:00:37 +0800] "POST /xingrg/kc/buy/cgsh_order_operate.html HTTP/1.1" 200 2065
180.156.237.57 - - [11/Jan/2021:09:00:38 +0800] "GET /xingrg/check_reg.html?_=1610326839595 HTTP/1.1" 200 22
180.156.237.57 - - [11/Jan/2021:09:00:38 +0800] "GET /xingrg/all/function/internal_message.html?_=1610326839597&CODE_STATE=getMsg HTTP/1.1" 200 27
114.88.169.67 - - [11/Jan/2021:09:00:39 +0800] "POST /xingrg/kc/buy/cgsh_list_operate.html HTTP/1.1" 200 343
218.81.216.242 - - [11/Jan/2021:09:00:40 +0800] "GET /xingrg/check_reg.html?_=1610326856673 HTTP/1.1" 200 22
218.81.216.242 - - [11/Jan/2021:09:00:41 +0800] "GET /xingrg/all/function/internal_message.html?_=1610326857345&CODE_STATE=getMsg HTTP/1.1" 200 27
180.156.237.57 - - [11/Jan/2021:09:00:41 +0800] "GET /xingrg/kc/base/wldb_order_operate.html?command=get_materiel&rest_code=00150&base_code=0010446&code=00102002543 HTTP/1.1" 200 443
222.69.137.25 - - [11/Jan/2021:09:00:47 +0800] "GET /xingrg/all/function/internal_message.html?_=1610326846086&CODE_STATE=getMsg HTTP/1.1" 200 27
61.165.42.208 - - [11/Jan/2021:09:00:47 +0800] "GET /xingrg/all/function/internal_message.html?_=1610326848219&CODE_STATE=getMsg HTTP/1.1" 200 27
222.69.137.25 - - [11/Jan/2021:09:00:47 +0800] "GET /xingrg/check_reg.html?_=1610326846090 HTTP/1.1" 200 22
180.156.237.57 - - [11/Jan/2021:09:00:48 +0800] "GET /xingrg/kc/base/wldb_order_operate.html?command=get_materiel&rest_code=00150&base_code=0010446&code=00102002082 HTTP/1.1" 200 438
180.156.237.57 - - [11/Jan/2021:09:00:50 +0800] "GET /xingrg/all/function/internal_message.html?_=1610326834611&CODE_STATE=getMsg HTTP/1.1" 200 27
114.88.169.67 - - [11/Jan/2021:09:00:51 +0800] "GET /xingrg/kc/buy/cgsh_order_info.html?code=212020121104028 HTTP/1.1" 200 56647
114.88.169.67 - - [11/Jan/2021:09:00:52 +0800] "GET /xingrg/javascript/easyui/themes/default/validatebox.css HTTP/1.1" 404 1104
114.88.169.67 - - [11/Jan/2021:09:00:52 +0800] "POST /xingrg/kc/buy/cgsh_order_operate.html HTTP/1.1" 200 1819
180.156.237.57 - - [11/Jan/2021:09:00:55 +0800] "POST /xingrg/kc/base/wldb_order_operate.html HTTP/1.1" 200 37
120.253.135.82 - - [11/Jan/2021:09:00:55 +0800] "GET /xingrg/all/function/internal_message.html?_=1610326614853&CODE_STATE=getMsg HTTP/1.1" 200 27
218.81.216.242 - - [11/Jan/2021:09:00:55 +0800] "GET /xingrg/kc/buy/cgsh_order_operate.html?command=get_materiel&rest_code=00146&code=00101008318&supplier_code=00100005&order_time=2021-01-11 HTTP/1.1" 200 408
180.156.237.57 - - [11/Jan/2021:09:00:57 +0800] "POST /xingrg/kc/base/wldb_order_operate.html HTTP/1.1" 200 12
180.156.237.57 - - [11/Jan/2021:09:00:57 +0800] "POST /xingrg/kc/base/wldb_order_operate.html HTTP/1.1" 200 3156
180.156.237.57 - - [11/Jan/2021:09:01:01 +0800] "GET /xingrg/kc/base/wldb_order_info.html?code=422021011101295 HTTP/1.1" 200 26387
180.156.237.57 - - [11/Jan/2021:09:01:02 +0800] "GET /xingrg/javascript/easyui/themes/default/validatebox.css HTTP/1.1" 404 1104
180.156.237.57 - - [11/Jan/2021:09:01:02 +0800] "POST /xingrg/kc/base/wldb_order_operate.html HTTP/1.1" 200 1429
180.156.237.57 - - [11/Jan/2021:09:01:03 +0800] "GET /xingrg/kc/base/yddb_order_list.html HTTP/1.1" 200 16951
180.156.237.57 - - [11/Jan/2021:09:01:03 +0800] "POST /xingrg/kc/base/yddb_list_operate.html HTTP/1.1" 200 636
180.156.237.57 - - [11/Jan/2021:09:01:05 +0800] "GET /xingrg/kc/base/yddb_order_add.html HTTP/1.1" 200 29745
180.175.150.119 - - [11/Jan/2021:09:01:05 +0800] "GET /xingrg/all/function/internal_message.html?_=1610327103337&CODE_STATE=getMsg HTTP/1.1" 200 27
180.156.237.57 - - [11/Jan/2021:09:01:05 +0800] "GET /xingrg/dwr/interface/AjaxComOrderService.js HTTP/1.1" 200 18264
180.156.237.57 - - [11/Jan/2021:09:01:05 +0800] "GET /xingrg/dwr/util.js HTTP/1.1" 304 -
180.156.237.57 - - [11/Jan/2021:09:01:05 +0800] "GET /xingrg/dwr/interface/AjaxYddbService.js HTTP/1.1" 200 13201
180.156.237.57 - - [11/Jan/2021:09:01:05 +0800] "GET /xingrg/dwr/engine.js HTTP/1.1" 200 43631
114.88.169.67 - - [11/Jan/2021:09:01:08 +0800] "POST /xingrg/kc/buy/cgsh_list_operate.html HTTP/1.1" 200 3273
114.88.169.67 - - [11/Jan/2021:09:01:10 +0800] "POST /xingrg/kc/buy/cgsh_list_operate.html HTTP/1.1" 200 343
114.88.169.67 - - [11/Jan/2021:09:01:11 +0800] "GET /xingrg/kc/buy/cgsh_order_info.html?code=212020120803037 HTTP/1.1" 200 56647
114.88.169.67 - - [11/Jan/2021:09:01:11 +0800] "GET /xingrg/javascript/easyui/themes/default/validatebox.css HTTP/1.1" 404 1104
114.88.169.67 - - [11/Jan/2021:09:01:12 +0800] "POST /xingrg/kc/buy/cgsh_order_operate.html HTTP/1.1" 200 1779
218.81.216.242 - - [11/Jan/2021:09:01:18 +0800] "GET /xingrg/kc/buy/cgsh_order_operate.html?command=get_materiel&rest_code=00146&code=00101008352&supplier_code=00100005&order_time=2021-01-11 HTTP/1.1" 200 412
114.88.169.67 - - [11/Jan/2021:09:01:19 +0800] "GET /xingrg/check_reg.html?_=1610326878727 HTTP/1.1" 200 22
114.88.169.67 - - [11/Jan/2021:09:01:19 +0800] "GET /xingrg/all/function/internal_message.html?_=1610326878852&CODE_STATE=getMsg HTTP/1.1" 200 27
172.17.0.115 - - [11/Jan/2021:09:01:29 +0800] "GET /xingrg/all/function/internal_message.html?_=1610326890822&CODE_STATE=getMsg HTTP/1.1" 200 27
180.156.237.57 - - [11/Jan/2021:09:01:32 +0800] "POST /xingrg/dwr/call/plaincall/AjaxYddbService.getRestBases.dwr HTTP/1.1" 200 1514
117.131.5.26 - - [11/Jan/2021:09:01:36 +0800] "GET /xingrg/all/function/internal_message.html?_=1610326946511&CODE_STATE=getMsg HTTP/1.1" 200 27
180.156.237.57 - - [11/Jan/2021:09:01:38 +0800] "GET /xingrg/all/function/internal_message.html?_=1610326899612&CODE_STATE=getMsg HTTP/1.1" 200 27
180.156.237.57 - - [11/Jan/2021:09:01:38 +0800] "POST /xingrg/dwr/call/plaincall/AjaxYddbService.saveOrder.dwr HTTP/1.1" 200 78
180.156.237.57 - - [11/Jan/2021:09:01:39 +0800] "GET /xingrg/images/yd/bt.gif HTTP/1.1" 404 1040
218.81.216.242 - - [11/Jan/2021:09:01:41 +0800] "GET /xingrg/all/function/internal_message.html?_=1610326917358&CODE_STATE=getMsg HTTP/1.1" 200 27
114.88.169.67 - - [11/Jan/2021:09:01:43 +0800] "POST /xingrg/kc/buy/cgsh_list_operate.html HTTP/1.1" 200 3273
114.88.169.67 - - [11/Jan/2021:09:01:45 +0800] "POST /xingrg/kc/buy/cgsh_list_operate.html HTTP/1.1" 200 223
114.88.169.67 - - [11/Jan/2021:09:01:46 +0800] "GET /xingrg/kc/buy/cgsh_order_info.html?code=212020111907279 HTTP/1.1" 200 56647
114.88.169.67 - - [11/Jan/2021:09:01:47 +0800] "GET /xingrg/javascript/easyui/themes/default/validatebox.css HTTP/1.1" 404 1104
114.88.169.67 - - [11/Jan/2021:09:01:47 +0800] "POST /xingrg/kc/buy/cgsh_order_operate.html HTTP/1.1" 200 636
61.165.42.208 - - [11/Jan/2021:09:01:47 +0800] "GET /xingrg/all/function/internal_message.html?_=1610326908217&CODE_STATE=getMsg HTTP/1.1" 200 27
222.69.137.25 - - [11/Jan/2021:09:01:47 +0800] "GET /xingrg/all/function/internal_message.html?_=1610326906094&CODE_STATE=getMsg HTTP/1.1" 200 27
218.81.216.242 - - [11/Jan/2021:09:01:47 +0800] "POST /xingrg/kc/buy/cgsh_order_operate.html HTTP/1.1" 200 2065
180.156.237.57 - - [11/Jan/2021:09:01:50 +0800] "GET /xingrg/check_reg.html?_=1610326894366 HTTP/1.1" 200 22
180.156.237.57 - - [11/Jan/2021:09:01:50 +0800] "GET /xingrg/all/function/internal_message.html?_=1610326894625&CODE_STATE=getMsg HTTP/1.1" 200 27
180.156.237.57 - - [11/Jan/2021:09:01:51 +0800] "POST /xingrg/dwr/call/plaincall/AjaxComOrderService.getMaterielSearchList.dwr HTTP/1.1" 200 24884
180.156.237.57 - - [11/Jan/2021:09:01:52 +0800] "POST /xingrg/dwr/call/plaincall/AjaxComOrderService.getMaterielSearchList.dwr HTTP/1.1" 200 1864
180.156.237.57 - - [11/Jan/2021:09:01:54 +0800] "POST /xingrg/dwr/call/plaincall/AjaxYddbService.getMaterielByMap.dwr HTTP/1.1" 200 3714
120.253.135.82 - - [11/Jan/2021:09:01:55 +0800] "GET /xingrg/all/function/internal_message.html?_=1610326674867&CODE_STATE=getMsg HTTP/1.1" 200 27
218.81.216.242 - - [11/Jan/2021:09:01:56 +0800] "GET /xingrg/kc/buy/cgsh_order_operate.html?command=get_materiel&rest_code=00146&code=00101015070&supplier_code=00100005&order_time=2021-01-11 HTTP/1.1" 200 412
180.156.237.57 - - [11/Jan/2021:09:01:57 +0800] "POST /xingrg/dwr/call/plaincall/AjaxYddbService.saveMaterielItem.dwr HTTP/1.1" 200 78
114.88.169.67 - - [11/Jan/2021:09:01:57 +0800] "POST /xingrg/kc/buy/cgsh_list_operate.html HTTP/1.1" 200 3273
114.88.169.67 - - [11/Jan/2021:09:01:58 +0800] "POST /xingrg/kc/buy/cgsh_list_operate.html HTTP/1.1" 200 199
117.185.32.26 - - [11/Jan/2021:09:01:59 +0800] "GET /xingrg/login.html HTTP/1.1" 200 7641
114.88.169.67 - - [11/Jan/2021:09:02:01 +0800] "GET /xingrg/kc/buy/cgsh_order_info.html?code=212020110501672 HTTP/1.1" 200 56647
180.156.237.57 - - [11/Jan/2021:09:02:01 +0800] "POST /xingrg/dwr/call/plaincall/AjaxComOrderService.getMaterielSearchList.dwr HTTP/1.1" 200 1281
114.88.169.67 - - [11/Jan/2021:09:02:01 +0800] "GET /xingrg/javascript/easyui/themes/default/validatebox.css HTTP/1.1" 404 1104
114.88.169.67 - - [11/Jan/2021:09:02:02 +0800] "POST /xingrg/kc/buy/cgsh_order_operate.html HTTP/1.1" 200 604
180.156.237.57 - - [11/Jan/2021:09:02:05 +0800] "POST /xingrg/dwr/call/plaincall/AjaxYddbService.getMaterielByMap.dwr HTTP/1.1" 200 3680
180.175.150.119 - - [11/Jan/2021:09:02:05 +0800] "GET /xingrg/all/function/internal_message.html?_=1610327163351&CODE_STATE=getMsg HTTP/1.1" 200 27
180.156.237.57 - - [11/Jan/2021:09:02:07 +0800] "GET /xingrg/images/yd/bt2.gif HTTP/1.1" 404 1042
180.156.237.57 - - [11/Jan/2021:09:02:08 +0800] "POST /xingrg/dwr/call/plaincall/AjaxYddbService.saveMaterielItem.dwr HTTP/1.1" 200 78
218.81.216.242 - - [11/Jan/2021:09:02:12 +0800] "GET /xingrg/kc/buy/cgsh_order_operate.html?command=get_materiel&rest_code=00146&code=00101008283&supplier_code=00100005&order_time=2021-01-11 HTTP/1.1" 200 408
117.185.32.26 - - [11/Jan/2021:09:02:16 +0800] "GET /favicon.ico HTTP/1.1" 404 -
114.88.169.67 - - [11/Jan/2021:09:02:19 +0800] "GET /xingrg/all/function/internal_message.html?_=1610326938866&CODE_STATE=getMsg HTTP/1.1" 200 27
218.81.216.242 - - [11/Jan/2021:09:02:27 +0800] "GET /xingrg/kc/buy/cgsh_order_operate.html?command=get_materiel&rest_code=00146&code=00101008298&supplier_code=00100005&order_time=2021-01-11 HTTP/1.1" 200 413
172.17.0.115 - - [11/Jan/2021:09:02:29 +0800] "GET /xingrg/all/function/internal_message.html?_=1610326950847&CODE_STATE=getMsg HTTP/1.1" 200 27
117.185.32.26 - - [11/Jan/2021:09:02:29 +0800] "POST /xingrg/login.do HTTP/1.1" 302 -
117.185.32.26 - - [11/Jan/2021:09:02:30 +0800] "GET /xingrg/index.html?sysBaseUrl=http%3A%2F%2F180.169.147.146%3A18081%2Fxingrg%2F&costTime=80×tamp=1610326949976 HTTP/1.1" 200 17173
180.156.237.57 - - [11/Jan/2021:09:02:30 +0800] "POST /xingrg/dwr/call/plaincall/AjaxYddbService.checkOrder.dwr HTTP/1.1" 200 78
180.156.237.57 - - [11/Jan/2021:09:02:30 +0800] "GET /xingrg/kc/base/yddb_order_info.html?code=482021011100087 HTTP/1.1" 200 29374
180.156.237.57 - - [11/Jan/2021:09:02:30 +0800] "GET /xingrg/dwr/interface/AjaxYddbService.js HTTP/1.1" 200 13201
180.156.237.57 - - [11/Jan/2021:09:02:30 +0800] "GET /xingrg/dwr/interface/AjaxComOrderService.js HTTP/1.1" 200 18264
180.156.237.57 - - [11/Jan/2021:09:02:31 +0800] "GET /xingrg/dwr/engine.js HTTP/1.1" 200 43631
117.185.32.26 - - [11/Jan/2021:09:02:31 +0800] "GET /favicon.ico HTTP/1.1" 404 -
180.156.237.57 - - [11/Jan/2021:09:02:31 +0800] "POST /xingrg/dwr/call/plaincall/AjaxYddbService.loadMaterielItems.dwr HTTP/1.1" 200 767
117.185.32.26 - - [11/Jan/2021:09:02:32 +0800] "POST /xingrg/all/common/load_tree.html?tree=area_rest_tree_json&manage=1 HTTP/1.1" 200 342
117.185.32.26 - - [11/Jan/2021:09:02:34 +0800] "GET /xingrg/all/function/internal_message.html?_=1610326954661&CODE_STATE=count HTTP/1.1" 200 11
117.185.32.26 - - [11/Jan/2021:09:02:34 +0800] "GET /xingrg/check_reg.html?_=1610326954665 HTTP/1.1" 200 22
117.185.32.26 - - [11/Jan/2021:09:02:35 +0800] "POST /xingrg/load_menu.html HTTP/1.1" 200 5138
117.131.5.26 - - [11/Jan/2021:09:02:36 +0800] "GET /xingrg/all/function/internal_message.html?_=1610327006509&CODE_STATE=getMsg HTTP/1.1" 200 27
180.156.237.57 - - [11/Jan/2021:09:02:38 +0800] "GET /xingrg/all/function/internal_message.html?_=1610326959605&CODE_STATE=getMsg HTTP/1.1" 200 27
218.81.216.242 - - [11/Jan/2021:09:02:38 +0800] "GET /xingrg/kc/buy/cgsh_order_operate.html?command=get_materiel&rest_code=00146&code=00101008123&supplier_code=00100005&order_time=2021-01-11 HTTP/1.1" 200 412
117.185.32.26 - - [11/Jan/2021:09:02:39 +0800] "GET /xingrg/kc/mdqp/qp_main.html HTTP/1.1" 200 10633
218.81.216.242 - - [11/Jan/2021:09:02:41 +0800] "GET /xingrg/all/function/internal_message.html?_=1610326977427&CODE_STATE=getMsg HTTP/1.1" 200 27
117.185.32.26 - - [11/Jan/2021:09:02:42 +0800] "GET /xingrg/images/yd/bt.gif HTTP/1.1" 404 1040
117.185.32.26 - - [11/Jan/2021:09:02:43 +0800] "GET /xingrg/kc/mdqp/qqps_order_list.html HTTP/1.1" 200 9222
117.185.32.26 - - [11/Jan/2021:09:02:43 +0800] "GET /xingrg/dwr/interface/AjaxQqpsService.js HTTP/1.1" 200 16326
117.185.32.26 - - [11/Jan/2021:09:02:43 +0800] "GET /xingrg/dwr/interface/AjaxReportQueryService.js HTTP/1.1" 200 13203
117.185.32.26 - - [11/Jan/2021:09:02:43 +0800] "GET /xingrg/dwr/engine.js HTTP/1.1" 200 43631
117.185.32.26 - - [11/Jan/2021:09:02:43 +0800] "GET /xingrg/dwr/util.js HTTP/1.1" 304 -
61.165.42.208 - - [11/Jan/2021:09:02:47 +0800] "GET /xingrg/all/function/internal_message.html?_=1610326968217&CODE_STATE=getMsg HTTP/1.1" 200 27
222.69.137.25 - - [11/Jan/2021:09:02:47 +0800] "GET /xingrg/all/function/internal_message.html?_=1610326966095&CODE_STATE=getMsg HTTP/1.1" 200 27
61.165.42.208 - - [11/Jan/2021:09:02:47 +0800] "GET /xingrg/check_reg.html?_=1610326968219 HTTP/1.1" 200 22
117.185.32.26 - - [11/Jan/2021:09:02:48 +0800] "GET /xingrg/kc/mdqp/qqps_order_add.html HTTP/1.1" 200 28162
117.185.32.26 - - [11/Jan/2021:09:02:48 +0800] "GET /xingrg/dwr/interface/AjaxComOrderService.js HTTP/1.1" 200 18264
117.185.32.26 - - [11/Jan/2021:09:02:48 +0800] "GET /xingrg/dwr/interface/AjaxQqpsService.js HTTP/1.1" 200 16326
117.185.32.26 - - [11/Jan/2021:09:02:48 +0800] "GET /xingrg/dwr/engine.js HTTP/1.1" 200 43631
117.185.32.26 - - [11/Jan/2021:09:02:49 +0800] "GET /xingrg/words/20210110175342_words.js HTTP/1.1" 200 788790
114.88.169.67 - - [11/Jan/2021:09:02:49 +0800] "POST /xingrg/kc/buy/cgsh_list_operate.html HTTP/1.1" 200 3273
180.156.237.57 - - [11/Jan/2021:09:02:50 +0800] "GET /xingrg/all/function/internal_message.html?_=1610326954638&CODE_STATE=getMsg HTTP/1.1" 200 27
180.156.237.57 - - [11/Jan/2021:09:02:51 +0800] "POST /xingrg/all/user/operate.html HTTP/1.1" 200 36
180.156.237.57 - - [11/Jan/2021:09:02:51 +0800] "GET /xingrg/index.html?sysBaseUrl=http%3A%2F%2F180.169.147.146%3A18081%2Fxingrg%2F&costTime=39×tamp=1610249909754 HTTP/1.1" 200 17179
180.156.237.57 - - [11/Jan/2021:09:02:51 +0800] "GET /xingrg/javascript/jquery_easy_ui/themes/default/easyui.css HTTP/1.1" 304 -
180.156.237.57 - - [11/Jan/2021:09:02:51 +0800] "GET /xingrg/javascript/jquery_easy_ui/themes/icon.css HTTP/1.1" 304 -
180.156.237.57 - - [11/Jan/2021:09:02:51 +0800] "GET /xingrg/css/form.css HTTP/1.1" 304 -
180.156.237.57 - - [11/Jan/2021:09:02:51 +0800] "GET /xingrg/javascript/jquery-1.4.2.min.js HTTP/1.1" 304 -
180.156.237.57 - - [11/Jan/2021:09:02:51 +0800] "GET /xingrg/javascript/jquery_easy_ui/jquery.easyui.min.js HTTP/1.1" 304 -
180.156.237.57 - - [11/Jan/2021:09:02:51 +0800] "GET /xingrg/javascript/jquery_easy_ui/easyui-lang-zh_CN.js HTTP/1.1" 304 -
180.156.237.57 - - [11/Jan/2021:09:02:51 +0800] "GET /xingrg/javascript/jquery.form.js HTTP/1.1" 304 -
180.156.237.57 - - [11/Jan/2021:09:02:51 +0800] "GET /xingrg/javascript/jquery.utils.js HTTP/1.1" 304 -
180.156.237.57 - - [11/Jan/2021:09:02:51 +0800] "GET /xingrg/javascript/jquery.timers.js HTTP/1.1" 304 -
180.156.237.57 - - [11/Jan/2021:09:02:51 +0800] "GET /xingrg/images/blue/jxLogo.png HTTP/1.1" 304 -
180.156.237.57 - - [11/Jan/2021:09:02:51 +0800] "GET /xingrg/javascript/jquery_easy_ui/themes/icons/settle_new.png HTTP/1.1" 304 -
180.156.237.57 - - [11/Jan/2021:09:02:51 +0800] "GET /xingrg/images/blue/navBackgound.jpg HTTP/1.1" 304 -
180.156.237.57 - - [11/Jan/2021:09:02:51 +0800] "POST /xingrg/all/common/load_tree.html?tree=area_rest_tree_json&manage=1 HTTP/1.1" 200 476
180.156.237.57 - - [11/Jan/2021:09:02:51 +0800] "GET /xingrg/all/function/internal_message.html?_=1610326973329&CODE_STATE=count HTTP/1.1" 200 11
180.156.237.57 - - [11/Jan/2021:09:02:51 +0800] "GET /xingrg/javascript/jquery_easy_ui/themes/default/images/panel_tool_collapse.gif HTTP/1.1" 304 -
180.156.237.57 - - [11/Jan/2021:09:02:51 +0800] "GET /xingrg/check_reg.html?_=1610326973330 HTTP/1.1" 200 22
180.156.237.57 - - [11/Jan/2021:09:02:51 +0800] "GET /xingrg/images/blue/pingpu.png HTTP/1.1" 304 -
180.156.237.57 - - [11/Jan/2021:09:02:51 +0800] "GET /xingrg/javascript/jquery_easy_ui/themes/default/images/tabs_leftarrow.png HTTP/1.1" 304 -
180.156.237.57 - - [11/Jan/2021:09:02:51 +0800] "GET /xingrg/javascript/jquery_easy_ui/themes/default/images/tabs_rightarrow.png HTTP/1.1" 304 -
180.156.237.57 - - [11/Jan/2021:09:02:51 +0800] "POST /xingrg/load_menu.html HTTP/1.1" 200 5138
218.81.216.242 - - [11/Jan/2021:09:02:54 +0800] "GET /xingrg/kc/buy/cgsh_order_operate.html?command=get_materiel&rest_code=00146&code=00101008061&supplier_code=00100005&order_time=2021-01-11 HTTP/1.1" 200 422
120.253.135.82 - - [11/Jan/2021:09:02:55 +0800] "GET /xingrg/all/function/internal_message.html?_=1610326734882&CODE_STATE=getMsg HTTP/1.1" 200 27
180.156.237.57 - - [11/Jan/2021:09:02:55 +0800] "POST /xingrg/all/user/operate.html HTTP/1.1" 200 36
180.156.237.57 - - [11/Jan/2021:09:02:55 +0800] "GET /xingrg/javascript/jquery_easy_ui/themes/default/easyui.css HTTP/1.1" 304 -
180.156.237.57 - - [11/Jan/2021:09:02:55 +0800] "GET /xingrg/index.html?sysBaseUrl=http%3A%2F%2F180.169.147.146%3A18081%2Fxingrg%2F&costTime=39×tamp=1610249909754 HTTP/1.1" 200 17177
180.156.237.57 - - [11/Jan/2021:09:02:55 +0800] "GET /xingrg/javascript/jquery_easy_ui/themes/icon.css HTTP/1.1" 304 -
180.156.237.57 - - [11/Jan/2021:09:02:55 +0800] "GET /xingrg/css/form.css HTTP/1.1" 304 -
180.156.237.57 - - [11/Jan/2021:09:02:55 +0800] "GET /xingrg/javascript/jquery-1.4.2.min.js HTTP/1.1" 304 -
180.156.237.57 - - [11/Jan/2021:09:02:55 +0800] "GET /xingrg/javascript/jquery_easy_ui/jquery.easyui.min.js HTTP/1.1" 304 -
180.156.237.57 - - [11/Jan/2021:09:02:55 +0800] "GET /xingrg/javascript/jquery_easy_ui/easyui-lang-zh_CN.js HTTP/1.1" 304 -
180.156.237.57 - - [11/Jan/2021:09:02:55 +0800] "GET /xingrg/javascript/jquery.form.js HTTP/1.1" 304 -
180.156.237.57 - - [11/Jan/2021:09:02:55 +0800] "GET /xingrg/javascript/jquery.utils.js HTTP/1.1" 304 -
180.156.237.57 - - [11/Jan/2021:09:02:55 +0800] "GET /xingrg/javascript/jquery.timers.js HTTP/1.1" 304 -
180.156.237.57 - - [11/Jan/2021:09:02:55 +0800] "GET /xingrg/images/blue/jxLogo.png HTTP/1.1" 304 -
180.156.237.57 - - [11/Jan/2021:09:02:55 +0800] "GET /xingrg/javascript/jquery_easy_ui/themes/icons/settle_new.png HTTP/1.1" 304 -
180.156.237.57 - - [11/Jan/2021:09:02:55 +0800] "GET /xingrg/images/blue/navBackgound.jpg HTTP/1.1" 304 -
180.156.237.57 - - [11/Jan/2021:09:02:56 +0800] "POST /xingrg/all/common/load_tree.html?tree=area_rest_tree_json&manage=1 HTTP/1.1" 200 476
180.156.237.57 - - [11/Jan/2021:09:02:56 +0800] "GET /xingrg/all/function/internal_message.html?_=1610326977584&CODE_STATE=count HTTP/1.1" 200 11
180.156.237.57 - - [11/Jan/2021:09:02:56 +0800] "GET /xingrg/javascript/jquery_easy_ui/themes/default/images/tabs_rightarrow.png HTTP/1.1" 304 -
180.156.237.57 - - [11/Jan/2021:09:02:56 +0800] "GET /xingrg/check_reg.html?_=1610326977585 HTTP/1.1" 200 22
180.156.237.57 - - [11/Jan/2021:09:02:56 +0800] "GET /xingrg/images/blue/pingpu.png HTTP/1.1" 304 -
180.156.237.57 - - [11/Jan/2021:09:02:56 +0800] "GET /xingrg/javascript/jquery_easy_ui/themes/default/images/tabs_leftarrow.png HTTP/1.1" 304 -
180.156.237.57 - - [11/Jan/2021:09:02:56 +0800] "GET /xingrg/javascript/jquery_easy_ui/themes/default/images/panel_tool_collapse.gif HTTP/1.1" 304 -
180.156.237.57 - - [11/Jan/2021:09:02:56 +0800] "POST /xingrg/load_menu.html HTTP/1.1" 200 5138
218.81.216.242 - - [11/Jan/2021:09:02:59 +0800] "POST /xingrg/kc/buy/cgsh_order_operate.html HTTP/1.1" 200 2065
180.156.237.57 - - [11/Jan/2021:09:02:59 +0800] "GET /xingrg/kc/base/yddb_order_list.html HTTP/1.1" 200 16949
180.156.237.57 - - [11/Jan/2021:09:02:59 +0800] "POST /xingrg/kc/base/yddb_list_operate.html HTTP/1.1" 200 636
114.88.169.67 - - [11/Jan/2021:09:03:01 +0800] "POST /xingrg/kc/buy/cgsh_list_operate.html HTTP/1.1" 200 3273
180.175.150.119 - - [11/Jan/2021:09:03:01 +0800] "GET /xingrg/check_reg.html?_=1610327220083 HTTP/1.1" 200 22
180.156.237.57 - - [11/Jan/2021:09:03:01 +0800] "POST /xingrg/kc/base/yddb_list_operate.html HTTP/1.1" 200 1345
180.156.237.57 - - [11/Jan/2021:09:03:02 +0800] "POST /xingrg/kc/base/yddb_list_operate.html HTTP/1.1" 200 298
117.185.32.26 - - [11/Jan/2021:09:03:03 +0800] "POST /xingrg/dwr/call/plaincall/AjaxQqpsService.saveOrder.dwr HTTP/1.1" 200 78
180.156.237.57 - - [11/Jan/2021:09:03:03 +0800] "GET /xingrg/kc/base/yddb_order_info.html?code=482021011100087 HTTP/1.1" 200 30939
180.156.237.57 - - [11/Jan/2021:09:03:03 +0800] "GET /xingrg/dwr/interface/AjaxComOrderService.js HTTP/1.1" 200 18264
180.156.237.57 - - [11/Jan/2021:09:03:03 +0800] "GET /xingrg/dwr/interface/AjaxYddbService.js HTTP/1.1" 200 13201
180.156.237.57 - - [11/Jan/2021:09:03:03 +0800] "GET /xingrg/dwr/engine.js HTTP/1.1" 200 43631
180.156.237.57 - - [11/Jan/2021:09:03:03 +0800] "POST /xingrg/dwr/call/plaincall/AjaxYddbService.loadMaterielItems.dwr HTTP/1.1" 200 767
180.175.150.119 - - [11/Jan/2021:09:03:05 +0800] "GET /xingrg/all/function/internal_message.html?_=1610327223972&CODE_STATE=getMsg HTTP/1.1" 200 27
180.156.237.57 - - [11/Jan/2021:09:03:06 +0800] "POST /xingrg/dwr/call/plaincall/AjaxYddbService.saveOrder.dwr HTTP/1.1" 200 78
117.185.32.26 - - [11/Jan/2021:09:03:08 +0800] "POST /xingrg/dwr/call/plaincall/AjaxQqpsService.saveOrder.dwr HTTP/1.1" 200 78
117.185.32.26 - - [11/Jan/2021:09:03:09 +0800] "GET /xingrg/javascript/auto/indicator.gif HTTP/1.1" 404 1066
180.156.237.57 - - [11/Jan/2021:09:03:10 +0800] "POST /xingrg/dwr/call/plaincall/AjaxYddbService.objCheckOrder.dwr HTTP/1.1" 200 78
218.81.216.242 - - [11/Jan/2021:09:03:11 +0800] "GET /xingrg/kc/buy/cgsh_order_operate.html?command=get_materiel&rest_code=00146&code=00101008323&supplier_code=00100005&order_time=2021-01-11 HTTP/1.1" 200 410
180.156.237.57 - - [11/Jan/2021:09:03:11 +0800] "GET /xingrg/kc/base/yddb_order_info.html?code=482021011100087 HTTP/1.1" 200 31060
180.156.237.57 - - [11/Jan/2021:09:03:11 +0800] "GET /xingrg/dwr/interface/AjaxComOrderService.js HTTP/1.1" 200 18264
180.156.237.57 - - [11/Jan/2021:09:03:11 +0800] "GET /xingrg/dwr/interface/AjaxYddbService.js HTTP/1.1" 200 13201
180.156.237.57 - - [11/Jan/2021:09:03:11 +0800] "GET /xingrg/dwr/engine.js HTTP/1.1" 200 43631
180.156.237.57 - - [11/Jan/2021:09:03:11 +0800] "POST /xingrg/dwr/call/plaincall/AjaxYddbService.loadMaterielItems.dwr HTTP/1.1" 200 767
180.156.237.57 - - [11/Jan/2021:09:03:14 +0800] "GET /xingrg/kc/buy/cgsh_order_list.html HTTP/1.1" 200 46009
180.156.237.57 - - [11/Jan/2021:09:03:16 +0800] "POST /xingrg/kc/buy/cgsh_list_operate.html HTTP/1.1" 200 1688
180.156.237.57 - - [11/Jan/2021:09:03:18 +0800] "POST /xingrg/kc/buy/cgsh_list_operate.html HTTP/1.1" 200 556
180.156.237.57 - - [11/Jan/2021:09:03:19 +0800] "GET /xingrg/kc/buy/cgsh_order_info.html?code=212021011104423 HTTP/1.1" 200 61393
114.88.169.67 - - [11/Jan/2021:09:03:19 +0800] "GET /xingrg/all/function/internal_message.html?_=1610326998886&CODE_STATE=getMsg HTTP/1.1" 200 27
180.156.237.57 - - [11/Jan/2021:09:03:20 +0800] "GET /xingrg/javascript/easyui/themes/default/validatebox.css HTTP/1.1" 404 1104
180.156.237.57 - - [11/Jan/2021:09:03:20 +0800] "POST /xingrg/kc/buy/cgsh_order_operate.html HTTP/1.1" 200 18773
117.185.32.26 - - [11/Jan/2021:09:03:24 +0800] "POST /xingrg/dwr/call/plaincall/AjaxQqpsService.getMaterielByCode.dwr HTTP/1.1" 200 2579
117.185.32.26 - - [11/Jan/2021:09:03:26 +0800] "POST /xingrg/dwr/call/plaincall/AjaxQqpsService.saveMaterielItem.dwr HTTP/1.1" 200 78
172.17.0.115 - - [11/Jan/2021:09:03:29 +0800] "GET /xingrg/all/function/internal_message.html?_=1610327010850&CODE_STATE=getMsg HTTP/1.1" 200 27
222.70.174.7 - - [11/Jan/2021:09:03:33 +0800] "GET /xingrg/check_reg.html?_=1610327014455 HTTP/1.1" 302 -
117.185.32.26 - - [11/Jan/2021:09:03:35 +0800] "GET /xingrg/all/function/internal_message.html?_=1610327014682&CODE_STATE=getMsg HTTP/1.1" 200 27
117.185.32.26 - - [11/Jan/2021:09:03:36 +0800] "POST /xingrg/dwr/call/plaincall/AjaxQqpsService.getMaterielByCode.dwr HTTP/1.1" 200 2583
117.131.5.26 - - [11/Jan/2021:09:03:36 +0800] "GET /xingrg/all/function/internal_message.html?_=1610327066508&CODE_STATE=getMsg HTTP/1.1" 200 27
117.185.32.26 - - [11/Jan/2021:09:03:38 +0800] "POST /xingrg/dwr/call/plaincall/AjaxQqpsService.saveMaterielItem.dwr HTTP/1.1" 200 78
218.81.216.242 - - [11/Jan/2021:09:03:39 +0800] "GET /xingrg/kc/buy/cgsh_order_operate.html?command=get_materiel&rest_code=00146&code=00101008509&supplier_code=00100005&order_time=2021-01-11 HTTP/1.1" 200 395
218.81.216.242 - - [11/Jan/2021:09:03:41 +0800] "GET /xingrg/all/function/internal_message.html?_=1610327037433&CODE_STATE=getMsg HTTP/1.1" 200 27
222.69.137.25 - - [11/Jan/2021:09:03:47 +0800] "GET /xingrg/all/function/internal_message.html?_=1610327026094&CODE_STATE=getMsg HTTP/1.1" 200 27
61.165.42.208 - - [11/Jan/2021:09:03:47 +0800] "GET /xingrg/all/function/internal_message.html?_=1610327028218&CODE_STATE=getMsg HTTP/1.1" 200 27
218.81.216.242 - - [11/Jan/2021:09:03:50 +0800] "GET /xingrg/kc/buy/cgsh_order_operate.html?command=get_materiel&rest_code=00146&code=00101015044&supplier_code=00100005&order_time=2021-01-11 HTTP/1.1" 200 408
180.156.237.57 - - [11/Jan/2021:09:03:50 +0800] "GET /xingrg/all/function/internal_message.html?_=1610327014653&CODE_STATE=getMsg HTTP/1.1" 200 27
120.253.135.82 - - [11/Jan/2021:09:03:55 +0800] "GET /xingrg/all/function/internal_message.html?_=1610326794894&CODE_STATE=getMsg HTTP/1.1" 200 27
180.156.237.57 - - [11/Jan/2021:09:03:56 +0800] "GET /xingrg/all/function/internal_message.html?_=1610327037596&CODE_STATE=getMsg HTTP/1.1" 200 27
218.81.216.242 - - [11/Jan/2021:09:04:01 +0800] "GET /xingrg/kc/buy/cgsh_order_operate.html?command=get_materiel&rest_code=00146&code=00101015038&supplier_code=00100005&order_time=2021-01-11 HTTP/1.1" 200 418
180.175.150.119 - - [11/Jan/2021:09:04:05 +0800] "GET /xingrg/all/function/internal_message.html?_=1610327283987&CODE_STATE=getMsg HTTP/1.1" 200 27
180.156.237.57 - - [11/Jan/2021:09:04:10 +0800] "POST /xingrg/kc/buy/cgsh_order_operate.html HTTP/1.1" 200 37
180.156.237.57 - - [11/Jan/2021:09:04:11 +0800] "POST /xingrg/kc/buy/cgsh_order_operate.html HTTP/1.1" 200 18772
218.81.216.242 - - [11/Jan/2021:09:04:13 +0800] "GET /xingrg/kc/buy/cgsh_order_operate.html?command=get_materiel&rest_code=00146&code=00101008072&supplier_code=00100005&order_time=2021-01-11 HTTP/1.1" 200 408
114.88.169.67 - - [11/Jan/2021:09:04:15 +0800] "GET /xingrg/kc/buy/cgsh_order_add.html HTTP/1.1" 200 61743
180.156.237.57 - - [11/Jan/2021:09:04:15 +0800] "GET /xingrg/kc/buy/cgsh_order_add.html HTTP/1.1" 200 61384
114.88.169.67 - - [11/Jan/2021:09:04:15 +0800] "POST /xingrg/kc/buy/cgsh_order_operate.html HTTP/1.1" 200 8245
180.156.237.57 - - [11/Jan/2021:09:04:15 +0800] "POST /xingrg/kc/buy/cgsh_order_operate.html HTTP/1.1" 200 8245
114.88.169.67 - - [11/Jan/2021:09:04:15 +0800] "GET /xingrg/javascript/easyui/themes/default/validatebox.css HTTP/1.1" 404 1104
180.156.237.57 - - [11/Jan/2021:09:04:15 +0800] "GET /xingrg/javascript/easyui/themes/default/validatebox.css HTTP/1.1" 404 1104
218.81.216.242 - - [11/Jan/2021:09:04:15 +0800] "POST /xingrg/kc/buy/cgsh_order_operate.html HTTP/1.1" 200 2065
180.156.237.57 - - [11/Jan/2021:09:04:18 +0800] "GET /xingrg/javascript/auto/indicator.gif HTTP/1.1" 404 1066
114.88.169.67 - - [11/Jan/2021:09:04:19 +0800] "GET /xingrg/all/function/internal_message.html?_=1610327058895&CODE_STATE=getMsg HTTP/1.1" 200 27
180.156.237.57 - - [11/Jan/2021:09:04:23 +0800] "GET /xingrg/kc/buy/cgsh_order_operate.html?command=get_materiel&rest_code=00151&code=00101009031&supplier_code=00100424&order_time=2021-01-11 HTTP/1.1" 200 409
172.17.0.115 - - [11/Jan/2021:09:04:29 +0800] "GET /xingrg/all/function/internal_message.html?_=1610327070874&CODE_STATE=getMsg HTTP/1.1" 200 27
117.185.32.26 - - [11/Jan/2021:09:04:30 +0800] "POST /xingrg/dwr/call/plaincall/AjaxQqpsService.saveOrder.dwr HTTP/1.1" 200 78
180.156.237.57 - - [11/Jan/2021:09:04:30 +0800] "POST /xingrg/kc/buy/cgsh_order_operate.html HTTP/1.1" 200 37
180.156.237.57 - - [11/Jan/2021:09:04:32 +0800] "POST /xingrg/kc/buy/cgsh_order_operate.html HTTP/1.1" 200 2654
114.88.169.67 - - [11/Jan/2021:09:04:33 +0800] "GET /xingrg/kc/buy/cgsh_order_operate.html?command=get_materiel&rest_code=00111&code=00101007061&supplier_code=00100037&order_time=2021-01-11 HTTP/1.1" 200 409
218.81.216.242 - - [11/Jan/2021:09:04:35 +0800] "GET /xingrg/kc/buy/cgsh_order_operate.html?command=get_materiel&rest_code=00146&code=00101008064&supplier_code=00100005&order_time=2021-01-11 HTTP/1.1" 200 412
120.253.135.82 - - [11/Jan/2021:09:04:36 +0800] "GET /xingrg/check_reg.html?_=1610327112426 HTTP/1.1" 302 -
117.131.5.26 - - [11/Jan/2021:09:04:36 +0800] "GET /xingrg/all/function/internal_message.html?_=1610327126508&CODE_STATE=getMsg HTTP/1.1" 200 27
117.131.5.26 - - [11/Jan/2021:09:04:36 +0800] "GET /xingrg/check_reg.html?_=1610327126510 HTTP/1.1" 200 22
218.81.216.242 - - [11/Jan/2021:09:04:41 +0800] "GET /xingrg/all/function/internal_message.html?_=1610327097446&CODE_STATE=getMsg HTTP/1.1" 200 27
117.185.32.26 - - [11/Jan/2021:09:04:47 +0800] "GET /xingrg/all/function/internal_message.html?_=1610327086644&CODE_STATE=getMsg HTTP/1.1" 200 27
222.69.137.25 - - [11/Jan/2021:09:04:47 +0800] "GET /xingrg/all/function/internal_message.html?_=1610327086097&CODE_STATE=getMsg HTTP/1.1" 200 27
61.165.42.208 - - [11/Jan/2021:09:04:47 +0800] "GET /xingrg/all/function/internal_message.html?_=1610327088220&CODE_STATE=getMsg HTTP/1.1" 200 27
114.88.169.67 - - [11/Jan/2021:09:04:50 +0800] "GET /xingrg/kc/buy/cgsh_order_operate.html?command=get_materiel&rest_code=00111&code=00101008152&supplier_code=00100037&order_time=2021-01-11 HTTP/1.1" 200 408
180.156.237.57 - - [11/Jan/2021:09:04:50 +0800] "GET /xingrg/all/function/internal_message.html?_=1610327074681&CODE_STATE=getMsg HTTP/1.1" 200 27
120.253.135.82 - - [11/Jan/2021:09:04:54 +0800] "GET /xingrg/check_reg.html?_=1610326854256 HTTP/1.1" 200 22
120.253.135.82 - - [11/Jan/2021:09:04:55 +0800] "GET /xingrg/all/function/internal_message.html?_=1610326854907&CODE_STATE=getMsg HTTP/1.1" 200 27
180.156.237.57 - - [11/Jan/2021:09:04:56 +0800] "GET /xingrg/all/function/internal_message.html?_=1610327097609&CODE_STATE=getMsg HTTP/1.1" 200 27
180.175.150.119 - - [11/Jan/2021:09:05:06 +0800] "GET /xingrg/all/function/internal_message.html?_=1610327344778&CODE_STATE=getMsg HTTP/1.1" 200 27
172.17.0.115 - - [11/Jan/2021:09:05:16 +0800] "GET /xingrg/check_reg.html?_=1610327117663 HTTP/1.1" 200 22
114.88.169.67 - - [11/Jan/2021:09:05:19 +0800] "GET /xingrg/all/function/internal_message.html?_=1610327119176&CODE_STATE=getMsg HTTP/1.1" 200 27
114.88.169.67 - - [11/Jan/2021:09:05:25 +0800] "GET /xingrg/kc/buy/cgsh_order_operate.html?command=get_materiel&rest_code=00111&code=00101009019&supplier_code=00100037&order_time=2021-01-11 HTTP/1.1" 200 412
172.17.0.115 - - [11/Jan/2021:09:05:29 +0800] "GET /xingrg/all/function/internal_message.html?_=1610327130877&CODE_STATE=getMsg HTTP/1.1" 200 27
117.131.5.26 - - [11/Jan/2021:09:05:36 +0800] "GET /xingrg/all/function/internal_message.html?_=1610327186508&CODE_STATE=getMsg HTTP/1.1" 200 27
218.81.216.242 - - [11/Jan/2021:09:05:40 +0800] "GET /xingrg/check_reg.html?_=1610327156719 HTTP/1.1" 200 22
114.88.169.67 - - [11/Jan/2021:09:05:40 +0800] "GET /xingrg/kc/buy/cgsh_order_operate.html?command=get_materiel&rest_code=00111&code=00101008005&supplier_code=00100037&order_time=2021-01-11 HTTP/1.1" 200 412
218.81.216.242 - - [11/Jan/2021:09:05:41 +0800] "GET /xingrg/all/function/internal_message.html?_=1610327157459&CODE_STATE=getMsg HTTP/1.1" 200 27
218.81.216.242 - - [11/Jan/2021:09:05:45 +0800] "POST /xingrg/kc/buy/cgsh_order_operate.html HTTP/1.1" 200 37
117.185.32.26 - - [11/Jan/2021:09:05:46 +0800] "GET /xingrg/all/function/internal_message.html?_=1610327146619&CODE_STATE=getMsg HTTP/1.1" 200 27
218.81.216.242 - - [11/Jan/2021:09:05:47 +0800] "POST /xingrg/kc/buy/cgsh_order_operate.html HTTP/1.1" 200 36934
222.69.137.25 - - [11/Jan/2021:09:05:47 +0800] "GET /xingrg/check_reg.html?_=1610327146095 HTTP/1.1" 200 22
61.165.42.208 - - [11/Jan/2021:09:05:47 +0800] "GET /xingrg/all/function/internal_message.html?_=1610327148219&CODE_STATE=getMsg HTTP/1.1" 200 27
222.69.137.25 - - [11/Jan/2021:09:05:47 +0800] "GET /xingrg/all/function/internal_message.html?_=1610327146098&CODE_STATE=getMsg HTTP/1.1" 200 27
218.81.216.242 - - [11/Jan/2021:09:05:48 +0800] "GET /xingrg/kc/print/load_config.html?kc_code=cgsh HTTP/1.1" 200 1845
218.81.216.242 - - [11/Jan/2021:09:05:49 +0800] "GET /xingrg/kc/print/load_data.html?order_code=212021011104433&kc_code=cgsh&condition= HTTP/1.1" 200 13655
180.156.237.57 - - [11/Jan/2021:09:05:50 +0800] "GET /xingrg/all/function/internal_message.html?_=1610327134696&CODE_STATE=getMsg HTTP/1.1" 200 27
114.88.169.67 - - [11/Jan/2021:09:05:52 +0800] "GET /xingrg/kc/buy/cgsh_order_operate.html?command=get_materiel&rest_code=00111&code=00101005004&supplier_code=00100037&order_time=2021-01-11 HTTP/1.1" 200 409
180.156.237.57 - - [11/Jan/2021:09:05:56 +0800] "GET /xingrg/all/function/internal_message.html?_=1610327157597&CODE_STATE=getMsg HTTP/1.1" 200 27
120.253.135.82 - - [11/Jan/2021:09:05:57 +0800] "GET /xingrg/all/function/internal_message.html?_=1610326914922&CODE_STATE=getMsg HTTP/1.1" 200 27
172.17.200.101 - - [11/Jan/2021:09:06:03 +0800] "GET /xingrg/login.html HTTP/1.1" 200 7636
172.17.200.101 - - [11/Jan/2021:09:06:03 +0800] "GET /favicon.ico HTTP/1.1" 404 -
172.17.200.101 - - [11/Jan/2021:09:06:05 +0800] "POST /xingrg/login.do HTTP/1.1" 302 -
172.17.200.101 - - [11/Jan/2021:09:06:05 +0800] "GET /xingrg/index.html?sysBaseUrl=http%3A%2F%2F172.17.0.8%3A18081%2Fxingrg%2F&costTime=77×tamp=1610327165267 HTTP/1.1" 200 17448
172.17.200.101 - - [11/Jan/2021:09:06:05 +0800] "GET /favicon.ico HTTP/1.1" 404 -
172.17.200.101 - - [11/Jan/2021:09:06:05 +0800] "POST /xingrg/all/common/load_tree.html?tree=area_rest_tree_json&manage=1 HTTP/1.1" 200 3216
172.17.200.101 - - [11/Jan/2021:09:06:05 +0800] "GET /xingrg/all/function/internal_message.html?_=1610327167411&CODE_STATE=count HTTP/1.1" 200 11
172.17.200.101 - - [11/Jan/2021:09:06:05 +0800] "GET /xingrg/check_reg.html?_=1610327167413 HTTP/1.1" 200 22
172.17.200.101 - - [11/Jan/2021:09:06:05 +0800] "POST /xingrg/load_menu.html HTTP/1.1" 200 11529
180.175.150.119 - - [11/Jan/2021:09:06:06 +0800] "GET /xingrg/all/function/internal_message.html?_=1610327404793&CODE_STATE=getMsg HTTP/1.1" 200 27
114.88.169.67 - - [11/Jan/2021:09:06:11 +0800] "GET /xingrg/kc/buy/cgsh_order_operate.html?command=get_materiel&rest_code=00111&code=00101016105&supplier_code=00100037&order_time=2021-01-11 HTTP/1.1" 200 409
114.88.169.67 - - [11/Jan/2021:09:06:19 +0800] "GET /xingrg/check_reg.html?_=1610327178737 HTTP/1.1" 200 22
114.88.169.67 - - [11/Jan/2021:09:06:19 +0800] "GET /xingrg/all/function/internal_message.html?_=1610327179190&CODE_STATE=getMsg HTTP/1.1" 200 27
117.131.5.26 - - [11/Jan/2021:09:06:20 +0800] "GET /xingrg/kc/buy/cgsh_order_info.html?code=212021011004410 HTTP/1.1" 200 61748
117.131.5.26 - - [11/Jan/2021:09:06:21 +0800] "GET /xingrg/javascript/easyui/themes/default/validatebox.css HTTP/1.1" 404 1104
117.131.5.26 - - [11/Jan/2021:09:06:21 +0800] "POST /xingrg/kc/buy/cgsh_order_operate.html HTTP/1.1" 200 4432
114.88.169.67 - - [11/Jan/2021:09:06:25 +0800] "GET /xingrg/kc/buy/cgsh_order_operate.html?command=get_materiel&rest_code=00111&code=00101012051&supplier_code=00100037&order_time=2021-01-11 HTTP/1.1" 200 408
117.131.5.26 - - [11/Jan/2021:09:06:28 +0800] "POST /xingrg/kc/buy/cgsh_order_operate.html HTTP/1.1" 200 37
172.17.0.115 - - [11/Jan/2021:09:06:29 +0800] "GET /xingrg/all/function/internal_message.html?_=1610327190890&CODE_STATE=getMsg HTTP/1.1" 200 27
117.131.5.26 - - [11/Jan/2021:09:06:31 +0800] "POST /xingrg/kc/buy/cgsh_order_operate.html HTTP/1.1" 200 4432
117.131.5.26 - - [11/Jan/2021:09:06:34 +0800] "POST /xingrg/kc/buy/cgsh_list_operate.html HTTP/1.1" 200 1675
114.88.169.67 - - [11/Jan/2021:09:06:36 +0800] "GET /xingrg/kc/buy/cgsh_order_operate.html?command=get_materiel&rest_code=00111&code=00101012025&supplier_code=00100037&order_time=2021-01-11 HTTP/1.1" 200 412
117.131.5.26 - - [11/Jan/2021:09:06:36 +0800] "GET /xingrg/all/function/internal_message.html?_=1610327246535&CODE_STATE=getMsg HTTP/1.1" 200 27
218.81.216.242 - - [11/Jan/2021:09:06:41 +0800] "GET /xingrg/all/function/internal_message.html?_=1610327217733&CODE_STATE=getMsg HTTP/1.1" 200 27
117.185.32.26 - - [11/Jan/2021:09:06:46 +0800] "GET /xingrg/all/function/internal_message.html?_=1610327206598&CODE_STATE=getMsg HTTP/1.1" 200 27
222.69.137.25 - - [11/Jan/2021:09:06:47 +0800] "GET /xingrg/all/function/internal_message.html?_=1610327206098&CODE_STATE=getMsg HTTP/1.1" 200 27
61.165.42.208 - - [11/Jan/2021:09:06:47 +0800] "GET /xingrg/all/function/internal_message.html?_=1610327208217&CODE_STATE=getMsg HTTP/1.1" 200 27
180.156.237.57 - - [11/Jan/2021:09:06:50 +0800] "GET /xingrg/check_reg.html?_=1610327194371 HTTP/1.1" 200 22
180.156.237.57 - - [11/Jan/2021:09:06:50 +0800] "GET /xingrg/all/function/internal_message.html?_=1610327194709&CODE_STATE=getMsg HTTP/1.1" 200 27
114.88.169.67 - - [11/Jan/2021:09:06:51 +0800] "GET /xingrg/kc/buy/cgsh_order_operate.html?command=get_materiel&rest_code=00111&code=00101007109&supplier_code=00100037&order_time=2021-01-11 HTTP/1.1" 200 408
180.156.237.57 - - [11/Jan/2021:09:06:56 +0800] "GET /xingrg/all/function/internal_message.html?_=1610327217603&CODE_STATE=getMsg HTTP/1.1" 200 27
120.253.135.82 - - [11/Jan/2021:09:06:56 +0800] "GET /xingrg/all/function/internal_message.html?_=1610326976276&CODE_STATE=getMsg HTTP/1.1" 200 27
114.88.169.67 - - [11/Jan/2021:09:07:02 +0800] "GET /xingrg/kc/buy/cgsh_order_operate.html?command=get_materiel&rest_code=00111&code=00101008055&supplier_code=00100037&order_time=2021-01-11 HTTP/1.1" 200 409
172.17.200.101 - - [11/Jan/2021:09:07:05 +0800] "GET /xingrg/all/function/internal_message.html?_=1610327227466&CODE_STATE=getMsg HTTP/1.1" 200 27
180.175.150.119 - - [11/Jan/2021:09:07:07 +0800] "GET /xingrg/all/function/internal_message.html?_=1610327465781&CODE_STATE=getMsg HTTP/1.1" 200 27
114.88.169.67 - - [11/Jan/2021:09:07:19 +0800] "GET /xingrg/all/function/internal_message.html?_=1610327239204&CODE_STATE=getMsg HTTP/1.1" 200 27
114.88.169.67 - - [11/Jan/2021:09:07:21 +0800] "GET /xingrg/kc/buy/cgsh_order_operate.html?command=get_materiel&rest_code=00111&code=00101008257&supplier_code=00100037&order_time=2021-01-11 HTTP/1.1" 200 416
172.17.0.115 - - [11/Jan/2021:09:07:29 +0800] "GET /xingrg/all/function/internal_message.html?_=1610327250919&CODE_STATE=getMsg HTTP/1.1" 200 27
114.88.169.67 - - [11/Jan/2021:09:07:33 +0800] "GET /xingrg/kc/buy/cgsh_order_operate.html?command=get_materiel&rest_code=00111&code=00101016025&supplier_code=00100037&order_time=2021-01-11 HTTP/1.1" 200 408
117.185.32.26 - - [11/Jan/2021:09:07:35 +0800] "GET /xingrg/check_reg.html?_=1610327254668 HTTP/1.1" 200 22
117.131.5.26 - - [11/Jan/2021:09:07:36 +0800] "GET /xingrg/all/function/internal_message.html?_=1610327306534&CODE_STATE=getMsg HTTP/1.1" 200 27
218.81.216.242 - - [11/Jan/2021:09:07:41 +0800] "GET /xingrg/all/function/internal_message.html?_=1610327277736&CODE_STATE=getMsg HTTP/1.1" 200 27
117.185.32.26 - - [11/Jan/2021:09:07:46 +0800] "GET /xingrg/all/function/internal_message.html?_=1610327266570&CODE_STATE=getMsg HTTP/1.1" 200 27
222.69.137.25 - - [11/Jan/2021:09:07:47 +0800] "GET /xingrg/all/function/internal_message.html?_=1610327266098&CODE_STATE=getMsg HTTP/1.1" 200 27
61.165.42.208 - - [11/Jan/2021:09:07:47 +0800] "GET /xingrg/all/function/internal_message.html?_=1610327268215&CODE_STATE=getMsg HTTP/1.1" 200 27
61.165.42.208 - - [11/Jan/2021:09:07:47 +0800] "GET /xingrg/check_reg.html?_=1610327268247 HTTP/1.1" 200 22
172.17.200.101 - - [11/Jan/2021:09:07:50 +0800] "GET /xingrg/kc/report/report_main.html HTTP/1.1" 200 9350
180.156.237.57 - - [11/Jan/2021:09:07:50 +0800] "GET /xingrg/all/function/internal_message.html?_=1610327254722&CODE_STATE=getMsg HTTP/1.1" 200 27
114.88.169.67 - - [11/Jan/2021:09:07:53 +0800] "GET /xingrg/kc/buy/cgsh_order_operate.html?command=get_materiel&rest_code=00111&code=00101015038&supplier_code=00100037&order_time=2021-01-11 HTTP/1.1" 200 418
172.17.200.101 - - [11/Jan/2021:09:07:53 +0800] "GET /xingrg/all/report/report_query.html?fileName=kc/buy/gys_amount_base_rest.xml HTTP/1.1" 200 51589
172.17.200.101 - - [11/Jan/2021:09:07:53 +0800] "GET /xingrg/dwr/interface/AjaxReportQueryService.js HTTP/1.1" 200 13203
172.17.200.101 - - [11/Jan/2021:09:07:53 +0800] "GET /xingrg/dwr/util.js HTTP/1.1" 304 -
172.17.200.101 - - [11/Jan/2021:09:07:53 +0800] "GET /xingrg/dwr/engine.js HTTP/1.1" 200 43631
172.17.200.101 - - [11/Jan/2021:09:07:53 +0800] "POST /xingrg/dwr/call/plaincall/AjaxReportQueryService.getFixDate.dwr HTTP/1.1" 200 111
172.17.200.101 - - [11/Jan/2021:09:07:53 +0800] "POST /xingrg/all/common/load_tree.html?tree=area_rest_tree_json&manage=1 HTTP/1.1" 200 3216
172.17.200.101 - - [11/Jan/2021:09:07:54 +0800] "POST /xingrg/all/common/load_tree.html?tree=supplier_tree_json&manage=1 HTTP/1.1" 200 54890
172.17.200.101 - - [11/Jan/2021:09:07:56 +0800] "POST /xingrg/dwr/call/plaincall/AjaxReportQueryService.getFixDate.dwr HTTP/1.1" 200 111
180.156.237.57 - - [11/Jan/2021:09:07:56 +0800] "GET /xingrg/check_reg.html?_=1610327277608 HTTP/1.1" 200 22
180.156.237.57 - - [11/Jan/2021:09:07:56 +0800] "GET /xingrg/all/function/internal_message.html?_=1610327277611&CODE_STATE=getMsg HTTP/1.1" 200 27
120.253.135.82 - - [11/Jan/2021:09:07:56 +0800] "GET /xingrg/all/function/internal_message.html?_=1610327036290&CODE_STATE=getMsg HTTP/1.1" 200 27
180.175.150.119 - - [11/Jan/2021:09:08:01 +0800] "GET /xingrg/check_reg.html?_=1610327520079 HTTP/1.1" 200 22
172.17.200.101 - - [11/Jan/2021:09:08:05 +0800] "GET /xingrg/all/function/internal_message.html?_=1610327287422&CODE_STATE=getMsg HTTP/1.1" 200 27
180.175.150.119 - - [11/Jan/2021:09:08:07 +0800] "GET /xingrg/all/function/internal_message.html?_=1610327525787&CODE_STATE=getMsg HTTP/1.1" 200 27
114.88.169.67 - - [11/Jan/2021:09:08:19 +0800] "GET /xingrg/kc/buy/cgsh_order_operate.html?command=get_materiel&rest_code=00111&code=00101020153&supplier_code=00100037&order_time=2021-01-11 HTTP/1.1" 200 408
114.88.169.67 - - [11/Jan/2021:09:08:19 +0800] "GET /xingrg/all/function/internal_message.html?_=1610327299224&CODE_STATE=getMsg HTTP/1.1" 200 27
172.17.0.115 - - [11/Jan/2021:09:08:29 +0800] "GET /xingrg/all/function/internal_message.html?_=1610327310933&CODE_STATE=getMsg HTTP/1.1" 200 27
180.156.237.57 - - [11/Jan/2021:09:08:30 +0800] "POST /xingrg/all/user/operate.html HTTP/1.1" 200 36
180.156.237.57 - - [11/Jan/2021:09:08:31 +0800] "GET /xingrg/javascript/jquery_easy_ui/themes/default/easyui.css HTTP/1.1" 304 -
180.156.237.57 - - [11/Jan/2021:09:08:31 +0800] "GET /xingrg/index.html?sysBaseUrl=http%3A%2F%2F180.169.147.146%3A18081%2Fxingrg%2F&costTime=39×tamp=1610249909754 HTTP/1.1" 200 17179
180.156.237.57 - - [11/Jan/2021:09:08:31 +0800] "GET /xingrg/javascript/jquery_easy_ui/themes/icon.css HTTP/1.1" 304 -
180.156.237.57 - - [11/Jan/2021:09:08:31 +0800] "GET /xingrg/css/form.css HTTP/1.1" 304 -
180.156.237.57 - - [11/Jan/2021:09:08:31 +0800] "GET /xingrg/javascript/jquery-1.4.2.min.js HTTP/1.1" 304 -
180.156.237.57 - - [11/Jan/2021:09:08:31 +0800] "GET /xingrg/javascript/jquery_easy_ui/jquery.easyui.min.js HTTP/1.1" 304 -
180.156.237.57 - - [11/Jan/2021:09:08:31 +0800] "GET /xingrg/javascript/jquery_easy_ui/easyui-lang-zh_CN.js HTTP/1.1" 304 -
180.156.237.57 - - [11/Jan/2021:09:08:31 +0800] "GET /xingrg/javascript/jquery.form.js HTTP/1.1" 304 -
180.156.237.57 - - [11/Jan/2021:09:08:31 +0800] "GET /xingrg/javascript/jquery.utils.js HTTP/1.1" 304 -
180.156.237.57 - - [11/Jan/2021:09:08:31 +0800] "GET /xingrg/javascript/jquery.timers.js HTTP/1.1" 304 -
180.156.237.57 - - [11/Jan/2021:09:08:31 +0800] "GET /xingrg/images/blue/jxLogo.png HTTP/1.1" 304 -
180.156.237.57 - - [11/Jan/2021:09:08:31 +0800] "GET /xingrg/images/blue/navBackgound.jpg HTTP/1.1" 304 -
180.156.237.57 - - [11/Jan/2021:09:08:31 +0800] "GET /xingrg/javascript/jquery_easy_ui/themes/icons/settle_new.png HTTP/1.1" 304 -
180.156.237.57 - - [11/Jan/2021:09:08:31 +0800] "POST /xingrg/all/common/load_tree.html?tree=area_rest_tree_json&manage=1 HTTP/1.1" 200 476
180.156.237.57 - - [11/Jan/2021:09:08:31 +0800] "GET /xingrg/images/blue/pingpu.png HTTP/1.1" 304 -
180.156.237.57 - - [11/Jan/2021:09:08:31 +0800] "GET /xingrg/check_reg.html?_=1610327312856 HTTP/1.1" 200 22
180.156.237.57 - - [11/Jan/2021:09:08:31 +0800] "GET /xingrg/all/function/internal_message.html?_=1610327312855&CODE_STATE=count HTTP/1.1" 200 11
180.156.237.57 - - [11/Jan/2021:09:08:31 +0800] "GET /xingrg/javascript/jquery_easy_ui/themes/default/images/tabs_rightarrow.png HTTP/1.1" 304 -
180.156.237.57 - - [11/Jan/2021:09:08:31 +0800] "GET /xingrg/javascript/jquery_easy_ui/themes/default/images/tabs_leftarrow.png HTTP/1.1" 304 -
180.156.237.57 - - [11/Jan/2021:09:08:31 +0800] "GET /xingrg/javascript/jquery_easy_ui/themes/default/images/panel_tool_collapse.gif HTTP/1.1" 304 -
180.156.237.57 - - [11/Jan/2021:09:08:31 +0800] "POST /xingrg/load_menu.html HTTP/1.1" 200 5138
180.156.237.57 - - [11/Jan/2021:09:08:33 +0800] "GET /xingrg/kc/base/yddb_order_list.html HTTP/1.1" 200 16951
222.70.174.7 - - [11/Jan/2021:09:08:33 +0800] "GET /xingrg/check_reg.html?_=1610327314493 HTTP/1.1" 302 -
180.156.237.57 - - [11/Jan/2021:09:08:33 +0800] "POST /xingrg/kc/base/yddb_list_operate.html HTTP/1.1" 200 636
180.156.237.57 - - [11/Jan/2021:09:08:36 +0800] "GET /xingrg/javascript/jquery_tools/images/prev.gif HTTP/1.1" 404 1086
180.156.237.57 - - [11/Jan/2021:09:08:36 +0800] "GET /xingrg/javascript/jquery_tools/images/next.gif HTTP/1.1" 404 1086
117.131.5.26 - - [11/Jan/2021:09:08:36 +0800] "GET /xingrg/all/function/internal_message.html?_=1610327366533&CODE_STATE=getMsg HTTP/1.1" 200 27
180.156.237.57 - - [11/Jan/2021:09:08:40 +0800] "POST /xingrg/kc/base/yddb_list_operate.html HTTP/1.1" 200 2704
218.81.216.242 - - [11/Jan/2021:09:08:41 +0800] "GET /xingrg/all/function/internal_message.html?_=1610327338023&CODE_STATE=getMsg HTTP/1.1" 200 27
180.156.237.57 - - [11/Jan/2021:09:08:41 +0800] "POST /xingrg/kc/base/yddb_list_operate.html HTTP/1.1" 200 202
114.88.169.67 - - [11/Jan/2021:09:08:43 +0800] "GET /xingrg/kc/buy/cgsh_order_operate.html?command=get_materiel&rest_code=00111&code=00101015052&supplier_code=00100037&order_time=2021-01-11 HTTP/1.1" 200 413
116.228.172.94 - - [11/Jan/2021:09:08:44 +0800] "GET /xingrg/login.html HTTP/1.1" 200 7641
180.156.237.57 - - [11/Jan/2021:09:08:45 +0800] "GET /xingrg/kc/base/yddb_order_info.html?code=482021010900075 HTTP/1.1" 200 31427
180.156.237.57 - - [11/Jan/2021:09:08:45 +0800] "GET /xingrg/dwr/interface/AjaxComOrderService.js HTTP/1.1" 200 18264
180.156.237.57 - - [11/Jan/2021:09:08:45 +0800] "GET /xingrg/dwr/interface/AjaxYddbService.js HTTP/1.1" 200 13201
180.156.237.57 - - [11/Jan/2021:09:08:45 +0800] "GET /xingrg/dwr/engine.js HTTP/1.1" 200 43631
180.156.237.57 - - [11/Jan/2021:09:08:45 +0800] "POST /xingrg/dwr/call/plaincall/AjaxYddbService.loadMaterielItems.dwr HTTP/1.1" 200 393
116.228.172.94 - - [11/Jan/2021:09:08:46 +0800] "GET /favicon.ico HTTP/1.1" 404 -
