218.81.216.242 - - [11/Jan/2021:10:37:56 +0800] "GET /xingrg/all/function/internal_message.html?_=1610332692641&CODE_STATE=getMsg HTTP/1.1" 200 27
116.228.172.94 - - [11/Jan/2021:10:38:00 +0800] "GET /xingrg/all/function/internal_message.html?_=1610332679097&CODE_STATE=getMsg HTTP/1.1" 200 27
222.69.133.109 - - [11/Jan/2021:10:38:03 +0800] "GET /xingrg/all/function/internal_message.html?_=1610332682951&CODE_STATE=getMsg HTTP/1.1" 200 27
58.37.230.33 - - [11/Jan/2021:10:38:04 +0800] "GET /xingrg/kc/buy/cgsh_order_operate.html?command=get_materiel&rest_code=00141&code=00101008247&supplier_code=00100007&order_time=2021-01-11 HTTP/1.1" 200 412
116.232.51.203 - - [11/Jan/2021:10:38:07 +0800] "GET /xingrg/all/function/internal_message.html?_=1610332689477&CODE_STATE=getMsg HTTP/1.1" 200 27
58.37.230.33 - - [11/Jan/2021:10:38:09 +0800] "POST /xingrg/kc/buy/cgsh_order_operate.html HTTP/1.1" 200 2065
58.37.230.33 - - [11/Jan/2021:10:38:15 +0800] "GET /xingrg/all/function/internal_message.html?_=1610332726763&CODE_STATE=getMsg HTTP/1.1" 200 27
114.88.169.67 - - [11/Jan/2021:10:38:25 +0800] "GET /xingrg/all/function/internal_message.html?_=1610332704756&CODE_STATE=getMsg HTTP/1.1" 200 27
180.156.237.57 - - [11/Jan/2021:10:38:25 +0800] "GET /xingrg/all/function/internal_message.html?_=1610332707181&CODE_STATE=getMsg HTTP/1.1" 200 27
172.17.0.104 - - [11/Jan/2021:10:38:28 +0800] "GET /xingrg/all/function/internal_message.html?_=1610332708690&CODE_STATE=getMsg HTTP/1.1" 200 27
172.17.0.123 - - [11/Jan/2021:10:38:28 +0800] "GET /xingrg/all/function/internal_message.html?_=1610332610090&CODE_STATE=getMsg HTTP/1.1" 200 27
172.17.200.101 - - [11/Jan/2021:10:38:32 +0800] "GET /xingrg/all/function/internal_message.html?_=1610332714000&CODE_STATE=getMsg HTTP/1.1" 200 27
222.70.174.7 - - [11/Jan/2021:10:38:33 +0800] "GET /xingrg/check_reg.html?_=1610332715165 HTTP/1.1" 302 -
180.156.237.57 - - [11/Jan/2021:10:38:36 +0800] "GET /xingrg/all/function/internal_message.html?_=1610332700000&CODE_STATE=getMsg HTTP/1.1" 200 27
117.131.5.26 - - [11/Jan/2021:10:38:37 +0800] "GET /xingrg/all/function/internal_message.html?_=1610332766659&CODE_STATE=getMsg HTTP/1.1" 200 27
116.232.51.203 - - [11/Jan/2021:10:38:38 +0800] "GET /xingrg/javascript/auto/indicator.gif HTTP/1.1" 404 1066
222.69.137.25 - - [11/Jan/2021:10:38:40 +0800] "GET /xingrg/all/function/internal_message.html?_=1610332718426&CODE_STATE=getMsg HTTP/1.1" 200 27
58.37.230.33 - - [11/Jan/2021:10:38:43 +0800] "POST /xingrg/kc/buy/cgsh_order_operate.html HTTP/1.1" 200 37
117.185.32.26 - - [11/Jan/2021:10:38:44 +0800] "GET /xingrg/all/function/internal_message.html?_=1610332724452&CODE_STATE=getMsg HTTP/1.1" 200 27
61.165.42.208 - - [11/Jan/2021:10:38:47 +0800] "GET /xingrg/all/function/internal_message.html?_=1610332728314&CODE_STATE=getMsg HTTP/1.1" 200 27
58.37.230.33 - - [11/Jan/2021:10:38:48 +0800] "POST /xingrg/kc/buy/cgsh_order_operate.html HTTP/1.1" 200 19230
117.185.32.26 - - [11/Jan/2021:10:38:51 +0800] "GET /xingrg/all/function/internal_message.html?_=1610333197790&CODE_STATE=getMsg HTTP/1.1" 200 27
218.81.216.242 - - [11/Jan/2021:10:38:56 +0800] "GET /xingrg/all/function/internal_message.html?_=1610332752654&CODE_STATE=getMsg HTTP/1.1" 200 27
116.228.172.94 - - [11/Jan/2021:10:39:00 +0800] "GET /xingrg/all/function/internal_message.html?_=1610332739098&CODE_STATE=getMsg HTTP/1.1" 200 27
116.228.172.94 - - [11/Jan/2021:10:39:00 +0800] "GET /xingrg/check_reg.html?_=1610332739121 HTTP/1.1" 200 22
222.69.133.109 - - [11/Jan/2021:10:39:03 +0800] "GET /xingrg/all/function/internal_message.html?_=1610332742952&CODE_STATE=getMsg HTTP/1.1" 200 27
58.37.230.33 - - [11/Jan/2021:10:39:04 +0800] "GET /xingrg/kc/buy/cgsh_order_operate.html?command=get_materiel&rest_code=00141&code=00101008257&supplier_code=00100007&order_time=2021-01-11 HTTP/1.1" 200 416
116.232.51.203 - - [11/Jan/2021:10:39:07 +0800] "GET /xingrg/all/function/internal_message.html?_=1610332749481&CODE_STATE=getMsg HTTP/1.1" 200 27
58.37.230.33 - - [11/Jan/2021:10:39:15 +0800] "GET /xingrg/all/function/internal_message.html?_=1610332786790&CODE_STATE=getMsg HTTP/1.1" 200 27
172.17.200.101 - - [11/Jan/2021:10:39:20 +0800] "POST /xingrg/all/user/operate.html HTTP/1.1" 200 36
172.17.200.101 - - [11/Jan/2021:10:39:20 +0800] "GET /xingrg/javascript/jquery_easy_ui/themes/default/easyui.css HTTP/1.1" 304 -
172.17.200.101 - - [11/Jan/2021:10:39:20 +0800] "GET /xingrg/index.html?sysBaseUrl=http%3A%2F%2F172.17.0.8%3A18081%2Fxingrg%2F&costTime=77×tamp=1610327165267 HTTP/1.1" 200 17448
172.17.200.101 - - [11/Jan/2021:10:39:20 +0800] "GET /xingrg/javascript/jquery_easy_ui/themes/icon.css HTTP/1.1" 304 -
172.17.200.101 - - [11/Jan/2021:10:39:20 +0800] "GET /xingrg/css/form.css HTTP/1.1" 304 -
172.17.200.101 - - [11/Jan/2021:10:39:20 +0800] "GET /xingrg/javascript/jquery-1.4.2.min.js HTTP/1.1" 304 -
172.17.200.101 - - [11/Jan/2021:10:39:20 +0800] "GET /xingrg/javascript/jquery_easy_ui/jquery.easyui.min.js HTTP/1.1" 304 -
172.17.200.101 - - [11/Jan/2021:10:39:20 +0800] "GET /xingrg/javascript/jquery_easy_ui/easyui-lang-zh_CN.js HTTP/1.1" 304 -
172.17.200.101 - - [11/Jan/2021:10:39:20 +0800] "GET /xingrg/javascript/jquery.form.js HTTP/1.1" 304 -
172.17.200.101 - - [11/Jan/2021:10:39:20 +0800] "GET /xingrg/javascript/jquery.utils.js HTTP/1.1" 304 -
172.17.200.101 - - [11/Jan/2021:10:39:20 +0800] "GET /xingrg/javascript/jquery.timers.js HTTP/1.1" 304 -
172.17.200.101 - - [11/Jan/2021:10:39:20 +0800] "GET /xingrg/images/blue/jxLogo.png HTTP/1.1" 304 -
172.17.200.101 - - [11/Jan/2021:10:39:20 +0800] "GET /xingrg/javascript/jquery_easy_ui/themes/icons/settle_new.png HTTP/1.1" 304 -
172.17.200.101 - - [11/Jan/2021:10:39:20 +0800] "GET /xingrg/images/blue/navBackgound.jpg HTTP/1.1" 304 -
172.17.200.101 - - [11/Jan/2021:10:39:20 +0800] "POST /xingrg/all/common/load_tree.html?tree=area_rest_tree_json&manage=1 HTTP/1.1" 200 3216
172.17.200.101 - - [11/Jan/2021:10:39:20 +0800] "GET /xingrg/all/function/internal_message.html?_=1610332762292&CODE_STATE=count HTTP/1.1" 200 11
172.17.200.101 - - [11/Jan/2021:10:39:20 +0800] "GET /xingrg/check_reg.html?_=1610332762293 HTTP/1.1" 200 22
172.17.200.101 - - [11/Jan/2021:10:39:20 +0800] "GET /xingrg/javascript/jquery_easy_ui/themes/default/images/panel_tool_expand.gif HTTP/1.1" 304 -
172.17.200.101 - - [11/Jan/2021:10:39:20 +0800] "GET /xingrg/javascript/jquery_easy_ui/themes/default/images/tabs_rightarrow.png HTTP/1.1" 304 -
172.17.200.101 - - [11/Jan/2021:10:39:20 +0800] "GET /xingrg/javascript/jquery_easy_ui/themes/default/images/panel_tool_collapse.gif HTTP/1.1" 304 -
172.17.200.101 - - [11/Jan/2021:10:39:20 +0800] "GET /xingrg/images/blue/pingpu.png HTTP/1.1" 304 -
172.17.200.101 - - [11/Jan/2021:10:39:20 +0800] "GET /xingrg/javascript/jquery_easy_ui/themes/default/images/tabs_leftarrow.png HTTP/1.1" 304 -
172.17.200.101 - - [11/Jan/2021:10:39:20 +0800] "POST /xingrg/load_menu.html HTTP/1.1" 200 11529
58.37.230.33 - - [11/Jan/2021:10:39:25 +0800] "GET /xingrg/kc/buy/cgsh_order_operate.html?command=get_materiel&rest_code=00141&code=00101008337&supplier_code=00100007&order_time=2021-01-11 HTTP/1.1" 200 408
180.156.237.57 - - [11/Jan/2021:10:39:25 +0800] "GET /xingrg/all/function/internal_message.html?_=1610332767193&CODE_STATE=getMsg HTTP/1.1" 200 27
114.88.169.67 - - [11/Jan/2021:10:39:26 +0800] "GET /xingrg/all/function/internal_message.html?_=1610332765195&CODE_STATE=getMsg HTTP/1.1" 200 27
58.221.95.50 - - [11/Jan/2021:10:39:27 +0800] "GET /xingrg/check_reg.html?_=1610332766626 HTTP/1.1" 302 -
172.17.0.104 - - [11/Jan/2021:10:39:28 +0800] "GET /xingrg/check_reg.html?_=1610332768691 HTTP/1.1" 200 22
172.17.0.104 - - [11/Jan/2021:10:39:28 +0800] "GET /xingrg/all/function/internal_message.html?_=1610332768693&CODE_STATE=getMsg HTTP/1.1" 200 27
172.17.0.123 - - [11/Jan/2021:10:39:28 +0800] "GET /xingrg/all/function/internal_message.html?_=1610332670076&CODE_STATE=getMsg HTTP/1.1" 200 27
58.37.230.33 - - [11/Jan/2021:10:39:31 +0800] "GET /xingrg/kc/buy/cgsh_order_operate.html?command=get_materiel&rest_code=00141&code=00101008354&supplier_code=00100007&order_time=2021-01-11 HTTP/1.1" 200 412
116.232.51.203 - - [11/Jan/2021:10:39:32 +0800] "GET /xingrg/kc/buy/cgsh_order_operate.html?command=get_materiel&rest_code=00109&code=00102006813&supplier_code=00100077&order_time=2021-01-11 HTTP/1.1" 200 422
180.156.237.57 - - [11/Jan/2021:10:39:36 +0800] "GET /xingrg/check_reg.html?_=1610332759711 HTTP/1.1" 200 22
180.156.237.57 - - [11/Jan/2021:10:39:36 +0800] "GET /xingrg/all/function/internal_message.html?_=1610332760014&CODE_STATE=getMsg HTTP/1.1" 200 27
120.253.135.82 - - [11/Jan/2021:10:39:36 +0800] "GET /xingrg/check_reg.html?_=1610332812857 HTTP/1.1" 302 -
117.131.5.26 - - [11/Jan/2021:10:39:37 +0800] "GET /xingrg/all/function/internal_message.html?_=1610332826684&CODE_STATE=getMsg HTTP/1.1" 200 27
117.131.5.26 - - [11/Jan/2021:10:39:37 +0800] "GET /xingrg/check_reg.html?_=1610332826686 HTTP/1.1" 200 22
58.37.230.33 - - [11/Jan/2021:10:39:37 +0800] "GET /xingrg/kc/buy/cgsh_order_operate.html?command=get_materiel&rest_code=00141&code=00101008026&supplier_code=00100007&order_time=2021-01-11 HTTP/1.1" 200 409
222.69.137.25 - - [11/Jan/2021:10:39:40 +0800] "GET /xingrg/all/function/internal_message.html?_=1610332778426&CODE_STATE=getMsg HTTP/1.1" 200 27
222.69.137.25 - - [11/Jan/2021:10:39:40 +0800] "GET /xingrg/check_reg.html?_=1610332778430 HTTP/1.1" 200 22
58.37.230.33 - - [11/Jan/2021:10:39:40 +0800] "POST /xingrg/kc/buy/cgsh_order_operate.html HTTP/1.1" 200 2065
117.185.32.26 - - [11/Jan/2021:10:39:44 +0800] "GET /xingrg/all/function/internal_message.html?_=1610332784425&CODE_STATE=getMsg HTTP/1.1" 200 27
58.37.230.33 - - [11/Jan/2021:10:39:45 +0800] "GET /xingrg/kc/buy/cgsh_order_operate.html?command=get_materiel&rest_code=00141&code=00101008110&supplier_code=00100007&order_time=2021-01-11 HTTP/1.1" 200 408
117.185.32.26 - - [11/Jan/2021:10:39:46 +0800] "GET /xingrg/kc/buy/buy_main.html HTTP/1.1" 200 12412
117.185.32.26 - - [11/Jan/2021:10:39:46 +0800] "GET /xingrg/css/new_ie.css HTTP/1.1" 404 1036
61.165.42.208 - - [11/Jan/2021:10:39:47 +0800] "GET /xingrg/all/function/internal_message.html?_=1610332788315&CODE_STATE=getMsg HTTP/1.1" 200 27
117.185.32.26 - - [11/Jan/2021:10:39:47 +0800] "GET /xingrg/images/yd/bt.gif HTTP/1.1" 404 1040
117.185.32.26 - - [11/Jan/2021:10:39:48 +0800] "GET /xingrg/kc/buy/cgsh_order_list.html HTTP/1.1" 200 46005
117.185.32.26 - - [11/Jan/2021:10:39:49 +0800] "POST /xingrg/kc/buy/cgsh_list_operate.html HTTP/1.1" 200 876
117.185.32.26 - - [11/Jan/2021:10:39:51 +0800] "GET /xingrg/all/function/internal_message.html?_=1610333257807&CODE_STATE=getMsg HTTP/1.1" 200 27
58.37.230.33 - - [11/Jan/2021:10:39:52 +0800] "GET /xingrg/kc/buy/cgsh_order_operate.html?command=get_materiel&rest_code=00141&code=00101008038&supplier_code=00100007&order_time=2021-01-11 HTTP/1.1" 200 432
218.81.216.242 - - [11/Jan/2021:10:39:53 +0800] "POST /xingrg/kc/buy/cgsh_order_operate.html HTTP/1.1" 200 37
117.185.32.26 - - [11/Jan/2021:10:39:55 +0800] "POST /xingrg/kc/buy/cgsh_list_operate.html HTTP/1.1" 200 876
218.81.216.242 - - [11/Jan/2021:10:39:55 +0800] "POST /xingrg/kc/buy/cgsh_order_operate.html HTTP/1.1" 200 6222
218.81.216.242 - - [11/Jan/2021:10:39:56 +0800] "GET /xingrg/all/function/internal_message.html?_=1610332812667&CODE_STATE=getMsg HTTP/1.1" 200 27
117.185.32.26 - - [11/Jan/2021:10:39:56 +0800] "GET /xingrg/kc/buy/buy_main.html HTTP/1.1" 200 12412
117.185.32.26 - - [11/Jan/2021:10:39:56 +0800] "GET /xingrg/css/new_ie.css HTTP/1.1" 404 1036
117.185.32.26 - - [11/Jan/2021:10:39:57 +0800] "GET /xingrg/images/yd/bt.gif HTTP/1.1" 404 1040
58.37.230.33 - - [11/Jan/2021:10:39:58 +0800] "GET /xingrg/kc/buy/cgsh_order_operate.html?command=get_materiel&rest_code=00141&code=00101008163&supplier_code=00100007&order_time=2021-01-11 HTTP/1.1" 200 409
172.17.200.101 - - [11/Jan/2021:10:39:58 +0800] "GET /xingrg/system/supplier/kcSupplier.html?isKc=1 HTTP/1.1" 200 10904
117.185.32.26 - - [11/Jan/2021:10:39:58 +0800] "GET /xingrg/kc/buy/cgsh_order_list.html HTTP/1.1" 200 46005
172.17.200.101 - - [11/Jan/2021:10:39:59 +0800] "POST /xingrg/all/common/load_tree.html?tree=area_tree_json HTTP/1.1" 200 206
172.17.200.101 - - [11/Jan/2021:10:39:59 +0800] "POST /xingrg/all/common/load_tree.html?tree=supplier_sort_tree_json HTTP/1.1" 200 2511
172.17.200.101 - - [11/Jan/2021:10:39:59 +0800] "POST /xingrg/all/common/load_tree.html?tree=area_tree_json HTTP/1.1" 200 206
172.17.200.101 - - [11/Jan/2021:10:39:59 +0800] "POST /xingrg/all/common/load_tree.html?tree=supplier_sort_tree_json HTTP/1.1" 200 2511
218.81.216.242 - - [11/Jan/2021:10:39:59 +0800] "GET /xingrg/kc/buy/cgsh_order_list.html HTTP/1.1" 200 46011
218.81.216.242 - - [11/Jan/2021:10:39:59 +0800] "GET /xingrg/css/base.css HTTP/1.1" 304 -
218.81.216.242 - - [11/Jan/2021:10:39:59 +0800] "GET /xingrg/css/site.css HTTP/1.1" 304 -
218.81.216.242 - - [11/Jan/2021:10:39:59 +0800] "GET /xingrg/javascript/easyui/themes/icon.css HTTP/1.1" 304 -
218.81.216.242 - - [11/Jan/2021:10:39:59 +0800] "GET /xingrg/javascript/jquery_tools/datebox.css HTTP/1.1" 304 -
218.81.216.242 - - [11/Jan/2021:10:39:59 +0800] "GET /xingrg/javascript/auto/jquery.autocomplete.css HTTP/1.1" 304 -
218.81.216.242 - - [11/Jan/2021:10:39:59 +0800] "GET /xingrg/javascript/easyui/themes/default/easyui.css HTTP/1.1" 304 -
218.81.216.242 - - [11/Jan/2021:10:39:59 +0800] "GET /xingrg/javascript/easyui/easyloader.js HTTP/1.1" 304 -
218.81.216.242 - - [11/Jan/2021:10:39:59 +0800] "GET /xingrg/javascript/jquery_tools/fix.css HTTP/1.1" 304 -
218.81.216.242 - - [11/Jan/2021:10:39:59 +0800] "GET /xingrg/javascript/auto/jquery.autocomplete.js HTTP/1.1" 304 -
218.81.216.242 - - [11/Jan/2021:10:39:59 +0800] "GET /xingrg/javascript/jquery_tools/jquery.tools.extend.js HTTP/1.1" 304 -
218.81.216.242 - - [11/Jan/2021:10:39:59 +0800] "GET /xingrg/javascript/jquery_tools/jquery.tools.table.js HTTP/1.1" 304 -
218.81.216.242 - - [11/Jan/2021:10:39:59 +0800] "GET /xingrg/javascript/jquery_tools/list_manager.js HTTP/1.1" 304 -
218.81.216.242 - - [11/Jan/2021:10:39:59 +0800] "GET /xingrg/javascript/jquery_tools/jquery.tools.hotkey.js HTTP/1.1" 304 -
218.81.216.242 - - [11/Jan/2021:10:39:59 +0800] "GET /xingrg/javascript/jquery_tools/jquery.tools.min.js HTTP/1.1" 304 -
218.81.216.242 - - [11/Jan/2021:10:39:59 +0800] "GET /xingrg/javascript/jquery.utils.js HTTP/1.1" 304 -
218.81.216.242 - - [11/Jan/2021:10:39:59 +0800] "GET /xingrg/javascript/jquery_tools/table.css HTTP/1.1" 304 -
218.81.216.242 - - [11/Jan/2021:10:39:59 +0800] "GET /xingrg/javascript/jquery.cookie.js HTTP/1.1" 304 -
218.81.216.242 - - [11/Jan/2021:10:39:59 +0800] "GET /xingrg/javascript/print/LodopFuncs.js HTTP/1.1" 304 -
117.185.32.26 - - [11/Jan/2021:10:39:59 +0800] "POST /xingrg/kc/buy/cgsh_list_operate.html HTTP/1.1" 200 876
172.17.200.101 - - [11/Jan/2021:10:40:00 +0800] "POST /xingrg/system/supplier/kc_supplier_operate.html HTTP/1.1" 200 72450
218.81.216.242 - - [11/Jan/2021:10:40:00 +0800] "GET /xingrg/javascript/easyui/themes/icons/edit_add_new.png HTTP/1.1" 304 -
218.81.216.242 - - [11/Jan/2021:10:40:00 +0800] "GET /xingrg/javascript/easyui/themes/icons/cance_new.png HTTP/1.1" 304 -
218.81.216.242 - - [11/Jan/2021:10:40:00 +0800] "GET /xingrg/javascript/easyui/themes/icons/check_new.png HTTP/1.1" 304 -
218.81.216.242 - - [11/Jan/2021:10:40:00 +0800] "GET /xingrg/javascript/easyui/themes/icons/field_new.png HTTP/1.1" 304 -
218.81.216.242 - - [11/Jan/2021:10:40:00 +0800] "GET /xingrg/javascript/easyui/themes/icons/import_new.png HTTP/1.1" 304 -
218.81.216.242 - - [11/Jan/2021:10:40:00 +0800] "GET /xingrg/javascript/easyui/plugins/jquery.parser.js HTTP/1.1" 304 -
218.81.216.242 - - [11/Jan/2021:10:40:00 +0800] "GET /xingrg/images/control/ajaxLoader.gif HTTP/1.1" 304 -
218.81.216.242 - - [11/Jan/2021:10:40:00 +0800] "GET /favicon.ico HTTP/1.1" 404 -
116.228.172.94 - - [11/Jan/2021:10:40:00 +0800] "GET /xingrg/all/function/internal_message.html?_=1610332799099&CODE_STATE=getMsg HTTP/1.1" 200 27
218.81.216.242 - - [11/Jan/2021:10:40:01 +0800] "POST /xingrg/kc/buy/cgsh_list_operate.html HTTP/1.1" 200 3500
116.232.51.203 - - [11/Jan/2021:10:40:01 +0800] "GET /xingrg/kc/buy/cgsh_order_operate.html?command=get_materiel&rest_code=00109&code=00102005289&supplier_code=00100077&order_time=2021-01-11 HTTP/1.1" 200 420
218.81.216.242 - - [11/Jan/2021:10:40:01 +0800] "GET /xingrg/kc/buy/cgsh_order_add.html HTTP/1.1" 200 61749
172.17.200.101 - - [11/Jan/2021:10:40:02 +0800] "POST /xingrg/system/supplier/kc_supplier_operate.html HTTP/1.1" 200 10479
117.185.32.26 - - [11/Jan/2021:10:40:02 +0800] "GET /xingrg/kc/base/base_main.html HTTP/1.1" 200 12142
222.69.133.109 - - [11/Jan/2021:10:40:03 +0800] "GET /xingrg/all/function/internal_message.html?_=1610332802954&CODE_STATE=getMsg HTTP/1.1" 200 27
218.81.216.242 - - [11/Jan/2021:10:40:03 +0800] "POST /xingrg/kc/buy/cgsh_order_operate.html HTTP/1.1" 200 8245
218.81.216.242 - - [11/Jan/2021:10:40:03 +0800] "GET /xingrg/javascript/easyui/themes/default/validatebox.css HTTP/1.1" 404 1104
117.185.32.26 - - [11/Jan/2021:10:40:04 +0800] "GET /xingrg/kc/base/wldb_order_list.html HTTP/1.1" 200 19339
117.185.32.26 - - [11/Jan/2021:10:40:04 +0800] "POST /xingrg/kc/base/wldb_list_operate.html HTTP/1.1" 200 928
58.37.230.33 - - [11/Jan/2021:10:40:04 +0800] "GET /xingrg/kc/buy/cgsh_order_operate.html?command=get_materiel&rest_code=00141&code=00101008355&supplier_code=00100007&order_time=2021-01-11 HTTP/1.1" 200 408
117.185.32.26 - - [11/Jan/2021:10:40:07 +0800] "GET /xingrg/kc/base/base_main.html HTTP/1.1" 200 12142
116.232.51.203 - - [11/Jan/2021:10:40:07 +0800] "GET /xingrg/check_reg.html?_=1610332809472 HTTP/1.1" 200 22
116.232.51.203 - - [11/Jan/2021:10:40:07 +0800] "GET /xingrg/all/function/internal_message.html?_=1610332809475&CODE_STATE=getMsg HTTP/1.1" 200 27
172.17.200.101 - - [11/Jan/2021:10:40:08 +0800] "GET /xingrg/system/supplier/kcSupplier_info.html?code=00439&type=sort&id=00112 HTTP/1.1" 200 27541
172.17.200.101 - - [11/Jan/2021:10:40:08 +0800] "GET /xingrg/dwr/interface/AjaxKcSupplierService.js HTTP/1.1" 200 13003
172.17.200.101 - - [11/Jan/2021:10:40:08 +0800] "GET /xingrg/dwr/interface/AjaxGetFirstChart.js HTTP/1.1" 200 631
172.17.200.101 - - [11/Jan/2021:10:40:08 +0800] "GET /xingrg/dwr/engine.js HTTP/1.1" 200 43631
172.17.200.101 - - [11/Jan/2021:10:40:08 +0800] "POST /xingrg/all/common/load_tree.html?tree=area_tree_json HTTP/1.1" 200 206
172.17.200.101 - - [11/Jan/2021:10:40:08 +0800] "POST /xingrg/all/common/load_tree.html?tree=area_tree_json HTTP/1.1" 200 206
172.17.200.101 - - [11/Jan/2021:10:40:08 +0800] "POST /xingrg/all/common/load_tree.html?tree=area_rest_tree_json HTTP/1.1" 200 3344
172.17.200.101 - - [11/Jan/2021:10:40:08 +0800] "GET /favicon.ico HTTP/1.1" 404 -
172.17.200.101 - - [11/Jan/2021:10:40:08 +0800] "POST /xingrg/dwr/call/plaincall/AjaxKcSupplierService.modifyKcSupplier.dwr HTTP/1.1" 200 1234
172.17.200.101 - - [11/Jan/2021:10:40:08 +0800] "POST /xingrg/dwr/call/plaincall/AjaxGetFirstChart.getFirstChart.dwr HTTP/1.1" 200 95
172.17.200.101 - - [11/Jan/2021:10:40:08 +0800] "POST /xingrg/all/common/load_tree.html?tree=area_tree_json HTTP/1.1" 200 206
172.17.200.101 - - [11/Jan/2021:10:40:08 +0800] "POST /xingrg/all/common/load_tree.html?tree=area_rest_tree_json&defaultRests= HTTP/1.1" 200 3344
172.17.200.101 - - [11/Jan/2021:10:40:08 +0800] "POST /xingrg/all/common/load_tree.html?tree=area_rest_tree_json&areaId=1&defaultRests=1_00142,1_00143,1_00144,1_00145,1_00152,1_00153,1_00154 HTTP/1.1" 200 3337
58.37.230.33 - - [11/Jan/2021:10:40:10 +0800] "GET /xingrg/kc/buy/cgsh_order_operate.html?command=get_materiel&rest_code=00141&code=00101008264&supplier_code=00100007&order_time=2021-01-11 HTTP/1.1" 200 412
58.37.230.33 - - [11/Jan/2021:10:40:12 +0800] "POST /xingrg/kc/buy/cgsh_order_operate.html HTTP/1.1" 200 2065
58.37.230.33 - - [11/Jan/2021:10:40:12 +0800] "GET /favicon.ico HTTP/1.1" 404 -
172.17.200.101 - - [11/Jan/2021:10:40:13 +0800] "POST /xingrg/dwr/call/plaincall/AjaxGetFirstChart.getFirstChart.dwr HTTP/1.1" 200 94
58.37.230.33 - - [11/Jan/2021:10:40:15 +0800] "GET /xingrg/all/function/internal_message.html?_=1610332846818&CODE_STATE=getMsg HTTP/1.1" 200 27
58.37.230.33 - - [11/Jan/2021:10:40:15 +0800] "GET /xingrg/check_reg.html?_=1610332846866 HTTP/1.1" 200 22
58.37.230.33 - - [11/Jan/2021:10:40:16 +0800] "GET /xingrg/kc/buy/cgsh_order_operate.html?command=get_materiel&rest_code=00141&code=00101008137&supplier_code=00100007&order_time=2021-01-11 HTTP/1.1" 200 408
172.17.200.101 - - [11/Jan/2021:10:40:20 +0800] "GET /xingrg/all/function/internal_message.html?_=1610332822302&CODE_STATE=getMsg HTTP/1.1" 200 27
116.232.51.203 - - [11/Jan/2021:10:40:24 +0800] "GET /xingrg/kc/buy/cgsh_order_operate.html?command=get_materiel&rest_code=00109&code=00102005926&supplier_code=00100077&order_time=2021-01-11 HTTP/1.1" 200 420
180.156.237.57 - - [11/Jan/2021:10:40:25 +0800] "GET /xingrg/all/function/internal_message.html?_=1610332827193&CODE_STATE=getMsg HTTP/1.1" 200 27
114.88.169.67 - - [11/Jan/2021:10:40:26 +0800] "GET /xingrg/all/function/internal_message.html?_=1610332825204&CODE_STATE=getMsg HTTP/1.1" 200 27
218.81.216.242 - - [11/Jan/2021:10:40:26 +0800] "GET /xingrg/kc/buy/cgsh_order_operate.html?command=get_materiel&rest_code=00146&code=00101001009&supplier_code=00100041&order_time=2021-01-11 HTTP/1.1" 200 409
172.17.0.104 - - [11/Jan/2021:10:40:28 +0800] "GET /xingrg/all/function/internal_message.html?_=1610332828692&CODE_STATE=getMsg HTTP/1.1" 200 27
172.17.0.123 - - [11/Jan/2021:10:40:28 +0800] "GET /xingrg/all/function/internal_message.html?_=1610332730076&CODE_STATE=getMsg HTTP/1.1" 200 27
180.175.150.119 - - [11/Jan/2021:10:40:30 +0800] "GET /xingrg/check_reg.html?_=1610333069081 HTTP/1.1" 200 22
180.156.237.57 - - [11/Jan/2021:10:40:36 +0800] "GET /xingrg/all/function/internal_message.html?_=1610332820027&CODE_STATE=getMsg HTTP/1.1" 200 27
117.131.5.26 - - [11/Jan/2021:10:40:37 +0800] "GET /xingrg/all/function/internal_message.html?_=1610332886683&CODE_STATE=getMsg HTTP/1.1" 200 27
222.69.137.25 - - [11/Jan/2021:10:40:40 +0800] "GET /xingrg/all/function/internal_message.html?_=1610332838435&CODE_STATE=getMsg HTTP/1.1" 200 27
218.81.216.242 - - [11/Jan/2021:10:40:40 +0800] "GET /xingrg/kc/buy/cgsh_order_operate.html?command=get_materiel&rest_code=00146&code=00101001032&supplier_code=00100041&order_time=2021-01-11 HTTP/1.1" 200 413
218.81.216.242 - - [11/Jan/2021:10:40:40 +0800] "GET /xingrg/check_reg.html?_=1610332857129 HTTP/1.1" 200 22
58.37.230.33 - - [11/Jan/2021:10:40:43 +0800] "GET /xingrg/kc/buy/cgsh_order_operate.html?command=get_materiel&rest_code=00141&code=00101008036&supplier_code=00100007&order_time=2021-01-11 HTTP/1.1" 200 408
117.185.32.26 - - [11/Jan/2021:10:40:44 +0800] "GET /xingrg/all/function/internal_message.html?_=1610332844395&CODE_STATE=getMsg HTTP/1.1" 200 27
58.37.230.33 - - [11/Jan/2021:10:40:45 +0800] "POST /xingrg/kc/buy/cgsh_order_operate.html HTTP/1.1" 200 2065
116.232.51.203 - - [11/Jan/2021:10:40:47 +0800] "GET /xingrg/kc/buy/cgsh_order_operate.html?command=get_materiel&rest_code=00109&code=00102006486&supplier_code=00100077&order_time=2021-01-11 HTTP/1.1" 200 411
61.165.42.208 - - [11/Jan/2021:10:40:47 +0800] "GET /xingrg/all/function/internal_message.html?_=1610332848316&CODE_STATE=getMsg HTTP/1.1" 200 27
117.185.32.26 - - [11/Jan/2021:10:40:51 +0800] "GET /xingrg/all/function/internal_message.html?_=1610333317788&CODE_STATE=getMsg HTTP/1.1" 200 27
58.37.230.33 - - [11/Jan/2021:10:40:52 +0800] "GET /xingrg/kc/buy/cgsh_order_operate.html?command=get_materiel&rest_code=00141&code=00101008131&supplier_code=00100007&order_time=2021-01-11 HTTP/1.1" 200 408
218.81.216.242 - - [11/Jan/2021:10:40:55 +0800] "GET /xingrg/kc/buy/cgsh_order_operate.html?command=get_materiel&rest_code=00146&code=00101010161&supplier_code=00100041&order_time=2021-01-11 HTTP/1.1" 200 409
218.81.216.242 - - [11/Jan/2021:10:40:56 +0800] "GET /xingrg/all/function/internal_message.html?_=1610332872682&CODE_STATE=getMsg HTTP/1.1" 200 27
116.228.172.94 - - [11/Jan/2021:10:40:58 +0800] "POST /xingrg/kc/buy/cgsh_order_operate.html HTTP/1.1" 200 37
116.235.65.35 - - [11/Jan/2021:10:41:01 +0800] "POST /xingrg/supplier/cgsh_list_operate.html HTTP/1.1" 200 4122
116.228.172.94 - - [11/Jan/2021:10:41:01 +0800] "POST /xingrg/kc/buy/cgsh_order_operate.html HTTP/1.1" 200 2668
222.69.133.109 - - [11/Jan/2021:10:41:03 +0800] "GET /xingrg/all/function/internal_message.html?_=1610332862956&CODE_STATE=getMsg HTTP/1.1" 200 27
222.69.133.109 - - [11/Jan/2021:10:41:03 +0800] "GET /xingrg/check_reg.html?_=1610332862960 HTTP/1.1" 200 22
116.228.172.94 - - [11/Jan/2021:10:41:04 +0800] "GET /xingrg/kc/print/load_data.html?order_code=212021011104473&kc_code=cgsh&condition= HTTP/1.1" 200 693
116.232.51.203 - - [11/Jan/2021:10:41:07 +0800] "GET /xingrg/all/function/internal_message.html?_=1610332869482&CODE_STATE=getMsg HTTP/1.1" 200 27
116.228.172.94 - - [11/Jan/2021:10:41:08 +0800] "GET /xingrg/kc/buy/cgsh_order_add.html HTTP/1.1" 200 61831
116.228.172.94 - - [11/Jan/2021:10:41:08 +0800] "GET /xingrg/words/20210110175342_words.js HTTP/1.1" 304 -
218.81.216.242 - - [11/Jan/2021:10:41:09 +0800] "GET /xingrg/kc/buy/cgsh_order_operate.html?command=get_materiel&rest_code=00146&code=00101005037&supplier_code=00100041&order_time=2021-01-11 HTTP/1.1" 200 409
116.228.172.94 - - [11/Jan/2021:10:41:09 +0800] "POST /xingrg/kc/buy/cgsh_order_operate.html HTTP/1.1" 200 8245
116.235.65.35 - - [11/Jan/2021:10:41:09 +0800] "POST /xingrg/supplier/cgsh_list_operate.html HTTP/1.1" 200 5668
116.228.172.94 - - [11/Jan/2021:10:41:09 +0800] "GET /xingrg/javascript/easyui/themes/default/validatebox.css HTTP/1.1" 404 1104
116.228.172.94 - - [11/Jan/2021:10:41:10 +0800] "GET /xingrg/javascript/easyui/themes/default/tree.css HTTP/1.1" 404 1090
116.228.172.94 - - [11/Jan/2021:10:41:10 +0800] "POST /xingrg/all/common/load_tree.html?tree=supplier_tree_json&isDelete=1 HTTP/1.1" 200 54158
117.185.32.26 - - [11/Jan/2021:10:41:11 +0800] "GET /xingrg/kc/buy/buy_main.html HTTP/1.1" 200 12412
117.185.32.26 - - [11/Jan/2021:10:41:11 +0800] "GET /xingrg/css/new_ie.css HTTP/1.1" 404 1036
116.232.51.203 - - [11/Jan/2021:10:41:11 +0800] "POST /xingrg/kc/buy/cgsh_order_operate.html HTTP/1.1" 200 37
58.37.230.33 - - [11/Jan/2021:10:41:11 +0800] "GET /xingrg/kc/buy/cgsh_order_operate.html?command=get_materiel&rest_code=00141&code=00101008318&supplier_code=00100007&order_time=2021-01-11 HTTP/1.1" 200 408
117.185.32.26 - - [11/Jan/2021:10:41:12 +0800] "GET /xingrg/images/yd/bt.gif HTTP/1.1" 404 1040
117.185.32.26 - - [11/Jan/2021:10:41:13 +0800] "GET /xingrg/kc/buy/cgsh_order_list.html HTTP/1.1" 200 46005
116.232.51.203 - - [11/Jan/2021:10:41:13 +0800] "POST /xingrg/kc/buy/cgsh_order_operate.html HTTP/1.1" 200 4490
117.185.32.26 - - [11/Jan/2021:10:41:14 +0800] "POST /xingrg/kc/buy/cgsh_list_operate.html HTTP/1.1" 200 876
58.37.230.33 - - [11/Jan/2021:10:41:15 +0800] "GET /xingrg/all/function/internal_message.html?_=1610332906811&CODE_STATE=getMsg HTTP/1.1" 200 27
116.235.65.35 - - [11/Jan/2021:10:41:15 +0800] "GET /xingrg/javascript/easyui/themes/default/tree.css HTTP/1.1" 404 1090
116.235.65.35 - - [11/Jan/2021:10:41:15 +0800] "POST /xingrg/all/common/load_tree.html?tree=area_rest_tree_json HTTP/1.1" 200 3344
116.235.65.35 - - [11/Jan/2021:10:41:19 +0800] "POST /xingrg/supplier/cgsh_list_operate.html HTTP/1.1" 200 2167
172.17.200.101 - - [11/Jan/2021:10:41:20 +0800] "GET /xingrg/all/function/internal_message.html?_=1610332882306&CODE_STATE=getMsg HTTP/1.1" 200 27
218.81.216.242 - - [11/Jan/2021:10:41:21 +0800] "GET /xingrg/kc/buy/cgsh_order_operate.html?command=get_materiel&rest_code=00146&code=00101001160&supplier_code=00100041&order_time=2021-01-11 HTTP/1.1" 200 410
116.232.51.203 - - [11/Jan/2021:10:41:23 +0800] "POST /xingrg/kc/buy/cgsh_order_operate.html HTTP/1.1" 200 37
114.88.169.67 - - [11/Jan/2021:10:41:23 +0800] "GET /xingrg/check_reg.html?_=1610332882323 HTTP/1.1" 200 22
58.37.230.33 - - [11/Jan/2021:10:41:23 +0800] "GET /xingrg/kc/buy/cgsh_order_operate.html?command=get_materiel&rest_code=00141&code=00101008352&supplier_code=00100007&order_time=2021-01-11 HTTP/1.1" 200 412
116.232.51.203 - - [11/Jan/2021:10:41:23 +0800] "POST /xingrg/kc/buy/cgsh_order_operate.html HTTP/1.1" 200 4492
116.232.51.203 - - [11/Jan/2021:10:41:25 +0800] "GET /xingrg/kc/print/load_config.html?kc_code=cgsh HTTP/1.1" 200 1845
116.232.51.203 - - [11/Jan/2021:10:41:25 +0800] "GET /xingrg/kc/print/load_data.html?order_code=212021011104474&kc_code=cgsh&condition= HTTP/1.1" 200 1441
180.156.237.57 - - [11/Jan/2021:10:41:25 +0800] "GET /xingrg/all/function/internal_message.html?_=1610332887192&CODE_STATE=getMsg HTTP/1.1" 200 27
172.17.200.101 - - [11/Jan/2021:10:41:25 +0800] "GET /xingrg/system/supplier/kcSupplier_info.html?code=00439&type=sort&id=00112 HTTP/1.1" 200 27541
172.17.200.101 - - [11/Jan/2021:10:41:25 +0800] "GET /xingrg/dwr/engine.js HTTP/1.1" 200 43631
114.88.169.67 - - [11/Jan/2021:10:41:26 +0800] "GET /xingrg/all/function/internal_message.html?_=1610332885217&CODE_STATE=getMsg HTTP/1.1" 200 27
172.17.200.101 - - [11/Jan/2021:10:41:26 +0800] "POST /xingrg/all/common/load_tree.html?tree=area_tree_json HTTP/1.1" 200 206
172.17.200.101 - - [11/Jan/2021:10:41:26 +0800] "POST /xingrg/all/common/load_tree.html?tree=area_tree_json HTTP/1.1" 200 206
172.17.200.101 - - [11/Jan/2021:10:41:26 +0800] "POST /xingrg/all/common/load_tree.html?tree=area_rest_tree_json HTTP/1.1" 200 3344
172.17.200.101 - - [11/Jan/2021:10:41:26 +0800] "GET /favicon.ico HTTP/1.1" 404 -
172.17.200.101 - - [11/Jan/2021:10:41:26 +0800] "POST /xingrg/dwr/call/plaincall/AjaxKcSupplierService.modifyKcSupplier.dwr HTTP/1.1" 200 1234
172.17.200.101 - - [11/Jan/2021:10:41:26 +0800] "POST /xingrg/all/common/load_tree.html?tree=area_tree_json HTTP/1.1" 200 206
172.17.200.101 - - [11/Jan/2021:10:41:26 +0800] "POST /xingrg/dwr/call/plaincall/AjaxGetFirstChart.getFirstChart.dwr HTTP/1.1" 200 95
172.17.200.101 - - [11/Jan/2021:10:41:26 +0800] "POST /xingrg/all/common/load_tree.html?tree=area_rest_tree_json&defaultRests= HTTP/1.1" 200 3344
172.17.200.101 - - [11/Jan/2021:10:41:26 +0800] "POST /xingrg/all/common/load_tree.html?tree=area_rest_tree_json&areaId=1&defaultRests=1_00142,1_00143,1_00144,1_00145,1_00152,1_00153,1_00154 HTTP/1.1" 200 3337
172.17.200.101 - - [11/Jan/2021:10:41:28 +0800] "POST /xingrg/dwr/call/plaincall/AjaxGetFirstChart.getFirstChart.dwr HTTP/1.1" 200 94
172.17.0.104 - - [11/Jan/2021:10:41:28 +0800] "GET /xingrg/all/function/internal_message.html?_=1610332888693&CODE_STATE=getMsg HTTP/1.1" 200 27
172.17.0.123 - - [11/Jan/2021:10:41:28 +0800] "GET /xingrg/all/function/internal_message.html?_=1610332790078&CODE_STATE=getMsg HTTP/1.1" 200 27
116.235.65.35 - - [11/Jan/2021:10:41:32 +0800] "POST /xingrg/supplier/cgsh_list_operate.html HTTP/1.1" 200 2143
172.17.200.101 - - [11/Jan/2021:10:41:33 +0800] "POST /xingrg/dwr/call/plaincall/AjaxGetFirstChart.getFirstChart.dwr HTTP/1.1" 200 95
58.37.230.33 - - [11/Jan/2021:10:41:36 +0800] "GET /xingrg/kc/buy/cgsh_order_operate.html?command=get_materiel&rest_code=00141&code=00101008271&supplier_code=00100007&order_time=2021-01-11 HTTP/1.1" 200 408
180.156.237.57 - - [11/Jan/2021:10:41:36 +0800] "GET /xingrg/all/function/internal_message.html?_=1610332880040&CODE_STATE=getMsg HTTP/1.1" 200 27
117.131.5.26 - - [11/Jan/2021:10:41:37 +0800] "GET /xingrg/all/function/internal_message.html?_=1610332946682&CODE_STATE=getMsg HTTP/1.1" 200 27
116.235.65.35 - - [11/Jan/2021:10:41:39 +0800] "POST /xingrg/supplier/cgsh_list_operate.html HTTP/1.1" 200 3741
58.37.230.33 - - [11/Jan/2021:10:41:39 +0800] "POST /xingrg/kc/buy/cgsh_order_operate.html HTTP/1.1" 200 2065
222.69.137.25 - - [11/Jan/2021:10:41:40 +0800] "GET /xingrg/all/function/internal_message.html?_=1610332898435&CODE_STATE=getMsg HTTP/1.1" 200 27
116.232.51.203 - - [11/Jan/2021:10:41:40 +0800] "GET /xingrg/kc/buy/cgsh_order_add.html HTTP/1.1" 200 61790
116.232.51.203 - - [11/Jan/2021:10:41:40 +0800] "POST /xingrg/kc/buy/cgsh_order_operate.html HTTP/1.1" 200 8245
116.232.51.203 - - [11/Jan/2021:10:41:40 +0800] "GET /xingrg/javascript/easyui/themes/default/validatebox.css HTTP/1.1" 404 1104
58.37.230.33 - - [11/Jan/2021:10:41:43 +0800] "GET /xingrg/kc/buy/cgsh_order_operate.html?command=get_materiel&rest_code=00141&code=00101008353&supplier_code=00100007&order_time=2021-01-11 HTTP/1.1" 200 408
117.185.32.26 - - [11/Jan/2021:10:41:44 +0800] "GET /xingrg/all/function/internal_message.html?_=1610332904368&CODE_STATE=getMsg HTTP/1.1" 200 27
116.235.65.35 - - [11/Jan/2021:10:41:46 +0800] "POST /xingrg/supplier/cgsh_list_operate.html HTTP/1.1" 200 3348
61.165.42.208 - - [11/Jan/2021:10:41:47 +0800] "GET /xingrg/all/function/internal_message.html?_=1610332908318&CODE_STATE=getMsg HTTP/1.1" 200 27
218.81.216.242 - - [11/Jan/2021:10:41:49 +0800] "GET /xingrg/kc/buy/cgsh_order_operate.html?command=get_materiel&rest_code=00146&code=00101001075&supplier_code=00100041&order_time=2021-01-11 HTTP/1.1" 200 409
172.17.200.101 - - [11/Jan/2021:10:41:50 +0800] "POST /xingrg/dwr/call/plaincall/AjaxKcSupplierService.modifyKcSupplier.dwr HTTP/1.1" 200 76
172.17.200.101 - - [11/Jan/2021:10:41:50 +0800] "POST /xingrg/system/supplier/kc_supplier_operate.html HTTP/1.1" 200 10479
117.185.32.26 - - [11/Jan/2021:10:41:51 +0800] "GET /xingrg/all/function/internal_message.html?_=1610333377789&CODE_STATE=getMsg HTTP/1.1" 200 27
58.37.230.33 - - [11/Jan/2021:10:41:54 +0800] "GET /xingrg/kc/buy/cgsh_order_operate.html?command=get_materiel&rest_code=00141&code=00101008039&supplier_code=00100007&order_time=2021-01-11 HTTP/1.1" 200 412
116.235.65.35 - - [11/Jan/2021:10:41:55 +0800] "POST /xingrg/supplier/cgsh_list_operate.html HTTP/1.1" 200 2524
218.81.216.242 - - [11/Jan/2021:10:41:56 +0800] "GET /xingrg/all/function/internal_message.html?_=1610332933012&CODE_STATE=getMsg HTTP/1.1" 200 27
116.228.172.94 - - [11/Jan/2021:10:42:00 +0800] "GET /xingrg/all/function/internal_message.html?_=1610332919112&CODE_STATE=getMsg HTTP/1.1" 200 27
218.81.216.242 - - [11/Jan/2021:10:42:02 +0800] "POST /xingrg/kc/buy/cgsh_order_operate.html HTTP/1.1" 200 37
58.37.230.33 - - [11/Jan/2021:10:42:02 +0800] "GET /xingrg/kc/buy/cgsh_order_operate.html?command=get_materiel&rest_code=00141&code=00101008403&supplier_code=00100007&order_time=2021-01-11 HTTP/1.1" 200 413
222.69.133.109 - - [11/Jan/2021:10:42:03 +0800] "GET /xingrg/all/function/internal_message.html?_=1610332922946&CODE_STATE=getMsg HTTP/1.1" 200 27
116.235.65.35 - - [11/Jan/2021:10:42:03 +0800] "POST /xingrg/supplier/cgsh_list_operate.html HTTP/1.1" 200 2143
218.81.216.242 - - [11/Jan/2021:10:42:03 +0800] "POST /xingrg/kc/buy/cgsh_order_operate.html HTTP/1.1" 200 5602
116.232.51.203 - - [11/Jan/2021:10:42:05 +0800] "GET /xingrg/kc/buy/cgsh_order_operate.html?command=get_materiel&rest_code=00109&code=00102005800&supplier_code=00100081&order_time=2021-01-11 HTTP/1.1" 200 416
218.81.216.242 - - [11/Jan/2021:10:42:06 +0800] "GET /xingrg/kc/print/load_data.html?order_code=212021011104475&kc_code=cgsh&condition= HTTP/1.1" 200 1804
116.232.51.203 - - [11/Jan/2021:10:42:07 +0800] "GET /xingrg/all/function/internal_message.html?_=1610332929497&CODE_STATE=getMsg HTTP/1.1" 200 27
58.37.230.33 - - [11/Jan/2021:10:42:10 +0800] "GET /xingrg/kc/buy/cgsh_order_operate.html?command=get_materiel&rest_code=00141&code=00101013117&supplier_code=00100007&order_time=2021-01-11 HTTP/1.1" 200 432
116.235.65.35 - - [11/Jan/2021:10:42:11 +0800] "POST /xingrg/supplier/cgsh_list_operate.html HTTP/1.1" 200 3299
58.37.230.33 - - [11/Jan/2021:10:42:15 +0800] "GET /xingrg/all/function/internal_message.html?_=1610332966798&CODE_STATE=getMsg HTTP/1.1" 200 27
58.37.230.33 - - [11/Jan/2021:10:42:16 +0800] "POST /xingrg/kc/buy/cgsh_order_operate.html HTTP/1.1" 200 2065
116.232.51.203 - - [11/Jan/2021:10:42:19 +0800] "POST /xingrg/kc/buy/cgsh_order_operate.html HTTP/1.1" 200 37
172.17.200.101 - - [11/Jan/2021:10:42:20 +0800] "GET /xingrg/all/function/internal_message.html?_=1610332942310&CODE_STATE=getMsg HTTP/1.1" 200 27
116.232.51.203 - - [11/Jan/2021:10:42:20 +0800] "POST /xingrg/kc/buy/cgsh_order_operate.html HTTP/1.1" 200 2665
116.235.65.35 - - [11/Jan/2021:10:42:20 +0800] "POST /xingrg/supplier/cgsh_list_operate.html HTTP/1.1" 200 2952
116.232.51.203 - - [11/Jan/2021:10:42:22 +0800] "GET /xingrg/kc/print/load_data.html?order_code=212021011104476&kc_code=cgsh&condition= HTTP/1.1" 200 728
180.156.237.57 - - [11/Jan/2021:10:42:25 +0800] "GET /xingrg/check_reg.html?_=1610332947203 HTTP/1.1" 200 22
180.156.237.57 - - [11/Jan/2021:10:42:25 +0800] "GET /xingrg/all/function/internal_message.html?_=1610332947207&CODE_STATE=getMsg HTTP/1.1" 200 27
114.88.169.67 - - [11/Jan/2021:10:42:26 +0800] "GET /xingrg/all/function/internal_message.html?_=1610332945231&CODE_STATE=getMsg HTTP/1.1" 200 27
172.17.0.104 - - [11/Jan/2021:10:42:28 +0800] "GET /xingrg/all/function/internal_message.html?_=1610332948693&CODE_STATE=getMsg HTTP/1.1" 200 27
172.17.0.123 - - [11/Jan/2021:10:42:28 +0800] "GET /xingrg/all/function/internal_message.html?_=1610332850080&CODE_STATE=getMsg HTTP/1.1" 200 27
172.17.0.123 - - [11/Jan/2021:10:42:28 +0800] "GET /xingrg/check_reg.html?_=1610332850080 HTTP/1.1" 200 22
116.235.65.35 - - [11/Jan/2021:10:42:30 +0800] "POST /xingrg/supplier/cgsh_list_operate.html HTTP/1.1" 200 2165
116.232.51.203 - - [11/Jan/2021:10:42:33 +0800] "GET /xingrg/kc/buy/cgsh_order_add.html HTTP/1.1" 200 61790
116.232.51.203 - - [11/Jan/2021:10:42:34 +0800] "POST /xingrg/kc/buy/cgsh_order_operate.html HTTP/1.1" 200 8245
116.232.51.203 - - [11/Jan/2021:10:42:34 +0800] "GET /xingrg/javascript/easyui/themes/default/validatebox.css HTTP/1.1" 404 1104
117.185.32.26 - - [11/Jan/2021:10:42:35 +0800] "GET /xingrg/check_reg.html?_=1610332954758 HTTP/1.1" 200 22
180.156.237.57 - - [11/Jan/2021:10:42:36 +0800] "GET /xingrg/all/function/internal_message.html?_=1610332940058&CODE_STATE=getMsg HTTP/1.1" 200 27
117.131.5.26 - - [11/Jan/2021:10:42:37 +0800] "GET /xingrg/all/function/internal_message.html?_=1610333006696&CODE_STATE=getMsg HTTP/1.1" 200 27
116.235.65.35 - - [11/Jan/2021:10:42:37 +0800] "POST /xingrg/supplier/cgsh_list_operate.html HTTP/1.1" 200 2167
58.37.230.33 - - [11/Jan/2021:10:42:38 +0800] "GET /xingrg/kc/buy/cgsh_order_operate.html?command=get_materiel&rest_code=00141&code=00101008010&supplier_code=00100007&order_time=2021-01-11 HTTP/1.1" 200 412
222.69.137.25 - - [11/Jan/2021:10:42:40 +0800] "GET /xingrg/all/function/internal_message.html?_=1610332958437&CODE_STATE=getMsg HTTP/1.1" 200 27
116.235.65.35 - - [11/Jan/2021:10:42:40 +0800] "POST /xingrg/supplier/cgsh_list_operate.html HTTP/1.1" 200 2167
117.185.32.26 - - [11/Jan/2021:10:42:44 +0800] "GET /xingrg/all/function/internal_message.html?_=1610332964346&CODE_STATE=getMsg HTTP/1.1" 200 27
61.165.42.208 - - [11/Jan/2021:10:42:47 +0800] "GET /xingrg/check_reg.html?_=1610332968320 HTTP/1.1" 200 22
61.165.42.208 - - [11/Jan/2021:10:42:47 +0800] "GET /xingrg/all/function/internal_message.html?_=1610332968326&CODE_STATE=getMsg HTTP/1.1" 200 27
116.235.65.35 - - [11/Jan/2021:10:42:48 +0800] "POST /xingrg/supplier/cgsh_list_operate.html HTTP/1.1" 200 2955
116.232.51.203 - - [11/Jan/2021:10:42:51 +0800] "GET /xingrg/kc/buy/cgsh_order_operate.html?command=get_materiel&rest_code=00109&code=00102005732&supplier_code=00100076&order_time=2021-01-11 HTTP/1.1" 200 408
117.185.32.26 - - [11/Jan/2021:10:42:51 +0800] "GET /xingrg/all/function/internal_message.html?_=1610333437787&CODE_STATE=getMsg HTTP/1.1" 200 27
58.37.230.33 - - [11/Jan/2021:10:42:53 +0800] "POST /xingrg/kc/buy/cgsh_order_operate.html HTTP/1.1" 200 2065
117.185.32.26 - - [11/Jan/2021:10:42:54 +0800] "GET /xingrg/check_reg.html?_=1610333437789 HTTP/1.1" 200 22
218.81.216.242 - - [11/Jan/2021:10:42:56 +0800] "GET /xingrg/all/function/internal_message.html?_=1610332993352&CODE_STATE=getMsg HTTP/1.1" 200 27
58.37.230.33 - - [11/Jan/2021:10:42:57 +0800] "GET /xingrg/kc/buy/cgsh_order_operate.html?command=get_materiel&rest_code=00141&code=00101008017&supplier_code=00100007&order_time=2021-01-11 HTTP/1.1" 200 416
116.228.172.94 - - [11/Jan/2021:10:43:00 +0800] "GET /xingrg/all/function/internal_message.html?_=1610332979098&CODE_STATE=getMsg HTTP/1.1" 200 27
222.69.133.109 - - [11/Jan/2021:10:43:03 +0800] "GET /xingrg/all/function/internal_message.html?_=1610332982947&CODE_STATE=getMsg HTTP/1.1" 200 27
116.235.65.35 - - [11/Jan/2021:10:43:03 +0800] "POST /xingrg/supplier/cgsh_list_operate.html HTTP/1.1" 200 3397
116.232.51.203 - - [11/Jan/2021:10:43:07 +0800] "GET /xingrg/all/function/internal_message.html?_=1610332989496&CODE_STATE=getMsg HTTP/1.1" 200 27
116.232.51.203 - - [11/Jan/2021:10:43:13 +0800] "POST /xingrg/kc/buy/cgsh_order_operate.html HTTP/1.1" 200 37
116.232.51.203 - - [11/Jan/2021:10:43:14 +0800] "POST /xingrg/kc/buy/cgsh_order_operate.html HTTP/1.1" 200 2654
116.235.65.35 - - [11/Jan/2021:10:43:14 +0800] "POST /xingrg/supplier/cgsh_list_operate.html HTTP/1.1" 200 2167
116.232.51.203 - - [11/Jan/2021:10:43:15 +0800] "GET /xingrg/kc/print/load_data.html?order_code=212021011104477&kc_code=cgsh&condition= HTTP/1.1" 200 705
58.37.230.33 - - [11/Jan/2021:10:43:15 +0800] "GET /xingrg/all/function/internal_message.html?_=1610333026770&CODE_STATE=getMsg HTTP/1.1" 200 27
116.228.172.94 - - [11/Jan/2021:10:43:20 +0800] "GET /xingrg/kc/buy/cgsh_order_operate.html?command=get_materiel&rest_code=00107&code=00101002042&supplier_code=00100088&order_time=2021-01-11 HTTP/1.1" 200 416
172.17.200.101 - - [11/Jan/2021:10:43:20 +0800] "GET /xingrg/all/function/internal_message.html?_=1610333002299&CODE_STATE=getMsg HTTP/1.1" 200 27
116.232.51.203 - - [11/Jan/2021:10:43:20 +0800] "GET /xingrg/kc/buy/cgsh_order_add.html HTTP/1.1" 200 61790
116.232.51.203 - - [11/Jan/2021:10:43:21 +0800] "POST /xingrg/kc/buy/cgsh_order_operate.html HTTP/1.1" 200 8245
116.232.51.203 - - [11/Jan/2021:10:43:21 +0800] "GET /xingrg/javascript/easyui/themes/default/validatebox.css HTTP/1.1" 404 1104
58.37.230.33 - - [11/Jan/2021:10:43:22 +0800] "GET /xingrg/kc/buy/cgsh_order_operate.html?command=get_materiel&rest_code=00141&code=00101008051&supplier_code=00100007&order_time=2021-01-11 HTTP/1.1" 200 408
180.156.237.57 - - [11/Jan/2021:10:43:25 +0800] "GET /xingrg/all/function/internal_message.html?_=1610333007197&CODE_STATE=getMsg HTTP/1.1" 200 27
114.88.169.67 - - [11/Jan/2021:10:43:26 +0800] "GET /xingrg/all/function/internal_message.html?_=1610333005246&CODE_STATE=getMsg HTTP/1.1" 200 27
172.17.0.123 - - [11/Jan/2021:10:43:28 +0800] "GET /xingrg/all/function/internal_message.html?_=1610332910082&CODE_STATE=getMsg HTTP/1.1" 200 27
58.37.230.33 - - [11/Jan/2021:10:43:28 +0800] "GET /xingrg/kc/buy/cgsh_order_operate.html?command=get_materiel&rest_code=00141&code=00101008024&supplier_code=00100007&order_time=2021-01-11 HTTP/1.1" 200 408
116.228.172.94 - - [11/Jan/2021:10:43:32 +0800] "POST /xingrg/kc/buy/cgsh_order_operate.html HTTP/1.1" 200 37
116.228.172.94 - - [11/Jan/2021:10:43:33 +0800] "POST /xingrg/kc/buy/cgsh_order_operate.html HTTP/1.1" 200 2663
222.70.174.7 - - [11/Jan/2021:10:43:33 +0800] "GET /xingrg/check_reg.html?_=1610333015210 HTTP/1.1" 302 -
116.228.172.94 - - [11/Jan/2021:10:43:34 +0800] "GET /xingrg/kc/print/load_data.html?order_code=212021011104478&kc_code=cgsh&condition= HTTP/1.1" 200 748
222.69.137.25 - - [11/Jan/2021:10:43:35 +0800] "GET /xingrg/kc/buy/cgsh_order_add.html HTTP/1.1" 200 61796
222.69.137.25 - - [11/Jan/2021:10:43:35 +0800] "POST /xingrg/kc/buy/cgsh_order_operate.html HTTP/1.1" 200 8245
222.69.137.25 - - [11/Jan/2021:10:43:35 +0800] "GET /xingrg/javascript/easyui/themes/default/validatebox.css HTTP/1.1" 404 1104
180.156.237.57 - - [11/Jan/2021:10:43:36 +0800] "GET /xingrg/all/function/internal_message.html?_=1610333000067&CODE_STATE=getMsg HTTP/1.1" 200 27
117.131.5.26 - - [11/Jan/2021:10:43:37 +0800] "GET /xingrg/all/function/internal_message.html?_=1610333066694&CODE_STATE=getMsg HTTP/1.1" 200 27
222.69.137.25 - - [11/Jan/2021:10:43:40 +0800] "GET /xingrg/all/function/internal_message.html?_=1610333018440&CODE_STATE=getMsg HTTP/1.1" 200 27
58.37.230.33 - - [11/Jan/2021:10:43:40 +0800] "GET /xingrg/kc/buy/cgsh_order_operate.html?command=get_materiel&rest_code=00141&code=00101008201&supplier_code=00100007&order_time=2021-01-11 HTTP/1.1" 200 412
116.235.65.35 - - [11/Jan/2021:10:43:41 +0800] "POST /xingrg/supplier/cgsh_list_operate.html HTTP/1.1" 200 2167
58.37.230.33 - - [11/Jan/2021:10:43:43 +0800] "POST /xingrg/kc/buy/cgsh_order_operate.html HTTP/1.1" 200 2065
117.185.32.26 - - [11/Jan/2021:10:43:44 +0800] "GET /xingrg/all/function/internal_message.html?_=1610333024317&CODE_STATE=getMsg HTTP/1.1" 200 27
61.165.42.208 - - [11/Jan/2021:10:43:47 +0800] "GET /xingrg/all/function/internal_message.html?_=1610333028311&CODE_STATE=getMsg HTTP/1.1" 200 27
58.37.230.33 - - [11/Jan/2021:10:43:48 +0800] "GET /xingrg/kc/buy/cgsh_order_operate.html?command=get_materiel&rest_code=00141&code=00101008372&supplier_code=00100007&order_time=2021-01-11 HTTP/1.1" 200 408
116.235.65.35 - - [11/Jan/2021:10:43:50 +0800] "POST /xingrg/supplier/cgsh_list_operate.html HTTP/1.1" 200 3345
117.185.32.26 - - [11/Jan/2021:10:43:51 +0800] "GET /xingrg/all/function/internal_message.html?_=1610333497799&CODE_STATE=getMsg HTTP/1.1" 200 27
218.81.216.242 - - [11/Jan/2021:10:43:56 +0800] "GET /xingrg/all/function/internal_message.html?_=1610333053362&CODE_STATE=getMsg HTTP/1.1" 200 27
116.228.172.94 - - [11/Jan/2021:10:44:00 +0800] "GET /xingrg/all/function/internal_message.html?_=1610333039084&CODE_STATE=getMsg HTTP/1.1" 200 27
116.228.172.94 - - [11/Jan/2021:10:44:00 +0800] "GET /xingrg/check_reg.html?_=1610333039102 HTTP/1.1" 200 22
222.69.133.109 - - [11/Jan/2021:10:44:03 +0800] "GET /xingrg/all/function/internal_message.html?_=1610333042949&CODE_STATE=getMsg HTTP/1.1" 200 27
116.232.51.203 - - [11/Jan/2021:10:44:06 +0800] "GET /xingrg/kc/buy/cgsh_order_operate.html?command=get_materiel&rest_code=00109&code=00102007036&supplier_code=00100082&order_time=2021-01-11 HTTP/1.1" 200 412
116.232.51.203 - - [11/Jan/2021:10:44:07 +0800] "GET /xingrg/all/function/internal_message.html?_=1610333049500&CODE_STATE=getMsg HTTP/1.1" 200 27
180.157.253.48 - - [11/Jan/2021:10:44:08 +0800] "GET /xingrg/login.html HTTP/1.1" 200 7641
180.157.253.48 - - [11/Jan/2021:10:44:09 +0800] "GET /favicon.ico HTTP/1.1" 404 -
180.157.253.48 - - [11/Jan/2021:10:44:13 +0800] "POST /xingrg/login.do HTTP/1.1" 302 -
180.157.253.48 - - [11/Jan/2021:10:44:14 +0800] "GET /xingrg/index.html?sysBaseUrl=http%3A%2F%2F180.169.147.146%3A18081%2Fxingrg%2F&costTime=61×tamp=1610333053957 HTTP/1.1" 200 17179
180.157.253.48 - - [11/Jan/2021:10:44:14 +0800] "GET /favicon.ico HTTP/1.1" 404 -
222.69.137.25 - - [11/Jan/2021:10:44:14 +0800] "GET /xingrg/kc/buy/cgsh_order_operate.html?command=get_materiel&rest_code=00149&code=00102002453&supplier_code=00100072&order_time=2021-01-11 HTTP/1.1" 200 433
180.157.253.48 - - [11/Jan/2021:10:44:14 +0800] "POST /xingrg/all/common/load_tree.html?tree=area_rest_tree_json&manage=1 HTTP/1.1" 200 351
180.157.253.48 - - [11/Jan/2021:10:44:14 +0800] "GET /xingrg/all/function/internal_message.html?_=1610333055069&CODE_STATE=count HTTP/1.1" 200 11
180.157.253.48 - - [11/Jan/2021:10:44:14 +0800] "GET /xingrg/check_reg.html?_=1610333055071 HTTP/1.1" 200 22
180.157.253.48 - - [11/Jan/2021:10:44:14 +0800] "POST /xingrg/load_menu.html HTTP/1.1" 200 5138
58.37.230.33 - - [11/Jan/2021:10:44:15 +0800] "GET /xingrg/all/function/internal_message.html?_=1610333086740&CODE_STATE=getMsg HTTP/1.1" 200 27
180.157.253.48 - - [11/Jan/2021:10:44:17 +0800] "GET /xingrg/kc/buy/cgsh_order_list.html HTTP/1.1" 200 46011
180.157.253.48 - - [11/Jan/2021:10:44:19 +0800] "POST /xingrg/kc/buy/cgsh_list_operate.html HTTP/1.1" 200 876
172.17.200.101 - - [11/Jan/2021:10:44:20 +0800] "GET /xingrg/check_reg.html?_=1610333062302 HTTP/1.1" 200 22
172.17.200.101 - - [11/Jan/2021:10:44:20 +0800] "GET /xingrg/all/function/internal_message.html?_=1610333062305&CODE_STATE=getMsg HTTP/1.1" 200 27
180.157.253.48 - - [11/Jan/2021:10:44:20 +0800] "GET /xingrg/kc/buy/cgsh_order_add.html HTTP/1.1" 200 61749
180.157.253.48 - - [11/Jan/2021:10:44:20 +0800] "GET /xingrg/words/20210110175342_words.js HTTP/1.1" 304 -
180.157.253.48 - - [11/Jan/2021:10:44:21 +0800] "POST /xingrg/kc/buy/cgsh_order_operate.html HTTP/1.1" 200 8245
180.157.253.48 - - [11/Jan/2021:10:44:21 +0800] "GET /xingrg/all/common/auto_word.html?type=employee&rest_code=00148 HTTP/1.1" 200 197
180.157.253.48 - - [11/Jan/2021:10:44:21 +0800] "GET /xingrg/all/common/auto_word.html?type=employee&rest_code=00148 HTTP/1.1" 200 197
180.157.253.48 - - [11/Jan/2021:10:44:21 +0800] "GET /xingrg/javascript/easyui/themes/default/validatebox.css HTTP/1.1" 404 1104
180.162.108.15 - - [11/Jan/2021:10:44:23 +0800] "GET /xingrg HTTP/1.1" 302 -
180.162.108.15 - - [11/Jan/2021:10:44:25 +0800] "GET /favicon.ico HTTP/1.1" 404 -
180.162.108.15 - - [11/Jan/2021:10:44:25 +0800] "GET /xingrg/index.html HTTP/1.1" 302 -
180.162.108.15 - - [11/Jan/2021:10:44:25 +0800] "GET /xingrg/login.html HTTP/1.1" 200 7641
180.156.237.57 - - [11/Jan/2021:10:44:25 +0800] "GET /xingrg/all/function/internal_message.html?_=1610333067198&CODE_STATE=getMsg HTTP/1.1" 200 27
114.88.169.67 - - [11/Jan/2021:10:44:26 +0800] "GET /xingrg/all/function/internal_message.html?_=1610333065667&CODE_STATE=getMsg HTTP/1.1" 200 27
58.221.95.50 - - [11/Jan/2021:10:44:27 +0800] "GET /xingrg/check_reg.html?_=1610333066633 HTTP/1.1" 302 -
180.162.108.15 - - [11/Jan/2021:10:44:27 +0800] "GET /favicon.ico HTTP/1.1" 404 -
172.17.0.123 - - [11/Jan/2021:10:44:28 +0800] "GET /xingrg/all/function/internal_message.html?_=1610332970084&CODE_STATE=getMsg HTTP/1.1" 200 27
116.232.51.203 - - [11/Jan/2021:10:44:33 +0800] "POST /xingrg/kc/buy/cgsh_order_operate.html HTTP/1.1" 200 37
