180.157.253.48 - - [11/Jan/2021:10:44:35 +0800] "GET /xingrg/javascript/auto/indicator.gif HTTP/1.1" 404 1066
180.156.237.57 - - [11/Jan/2021:10:44:36 +0800] "GET /xingrg/check_reg.html?_=1610333059716 HTTP/1.1" 200 22
180.156.237.57 - - [11/Jan/2021:10:44:36 +0800] "GET /xingrg/all/function/internal_message.html?_=1610333060081&CODE_STATE=getMsg HTTP/1.1" 200 27
222.69.137.25 - - [11/Jan/2021:10:44:36 +0800] "POST /xingrg/kc/buy/cgsh_order_operate.html HTTP/1.1" 200 37
116.232.51.203 - - [11/Jan/2021:10:44:36 +0800] "POST /xingrg/kc/buy/cgsh_order_operate.html HTTP/1.1" 200 3252
180.157.253.48 - - [11/Jan/2021:10:44:36 +0800] "GET /xingrg/javascript/jquery_tools/images/prev.gif HTTP/1.1" 404 1086
180.157.253.48 - - [11/Jan/2021:10:44:36 +0800] "GET /xingrg/javascript/jquery_tools/images/next.gif HTTP/1.1" 404 1086
120.253.135.82 - - [11/Jan/2021:10:44:36 +0800] "GET /xingrg/check_reg.html?_=1610333112875 HTTP/1.1" 302 -
117.131.5.26 - - [11/Jan/2021:10:44:37 +0800] "GET /xingrg/check_reg.html?_=1610333126693 HTTP/1.1" 200 22
117.131.5.26 - - [11/Jan/2021:10:44:37 +0800] "GET /xingrg/all/function/internal_message.html?_=1610333126694&CODE_STATE=getMsg HTTP/1.1" 200 27
180.162.108.15 - - [11/Jan/2021:10:44:37 +0800] "POST /xingrg/login.do HTTP/1.1" 302 -
180.162.108.15 - - [11/Jan/2021:10:44:37 +0800] "GET /xingrg/index.html?sysBaseUrl=http%3A%2F%2F180.169.147.146%3A18081%2Fxingrg%2F&costTime=44×tamp=1610333077959 HTTP/1.1" 200 17179
116.232.51.203 - - [11/Jan/2021:10:44:38 +0800] "GET /xingrg/kc/print/load_data.html?order_code=212021011104479&kc_code=cgsh&condition= HTTP/1.1" 200 960
180.162.108.15 - - [11/Jan/2021:10:44:38 +0800] "GET /favicon.ico HTTP/1.1" 404 -
180.162.108.15 - - [11/Jan/2021:10:44:38 +0800] "POST /xingrg/all/common/load_tree.html?tree=area_rest_tree_json&manage=1 HTTP/1.1" 200 351
180.162.108.15 - - [11/Jan/2021:10:44:39 +0800] "GET /xingrg/all/function/internal_message.html?_=1610332949844&CODE_STATE=count HTTP/1.1" 200 11
180.162.108.15 - - [11/Jan/2021:10:44:39 +0800] "GET /xingrg/check_reg.html?_=1610332949845 HTTP/1.1" 200 22
180.162.108.15 - - [11/Jan/2021:10:44:39 +0800] "POST /xingrg/load_menu.html HTTP/1.1" 200 5138
222.69.137.25 - - [11/Jan/2021:10:44:40 +0800] "GET /xingrg/check_reg.html?_=1610333078435 HTTP/1.1" 200 22
222.69.137.25 - - [11/Jan/2021:10:44:40 +0800] "GET /xingrg/all/function/internal_message.html?_=1610333078441&CODE_STATE=getMsg HTTP/1.1" 200 27
222.69.137.25 - - [11/Jan/2021:10:44:40 +0800] "POST /xingrg/kc/buy/cgsh_order_operate.html HTTP/1.1" 200 12
180.162.108.15 - - [11/Jan/2021:10:44:41 +0800] "GET /xingrg/kc/buy/buy_main.html HTTP/1.1" 200 12412
180.162.108.15 - - [11/Jan/2021:10:44:41 +0800] "GET /xingrg/css/new_ie.css HTTP/1.1" 404 1036
222.69.137.25 - - [11/Jan/2021:10:44:42 +0800] "GET /xingrg/kc/buy/cgsh_order_info.html?code=212021011104480 HTTP/1.1" 200 56700
180.162.108.15 - - [11/Jan/2021:10:44:42 +0800] "GET /xingrg/images/yd/bt.gif HTTP/1.1" 404 1040
222.69.137.25 - - [11/Jan/2021:10:44:42 +0800] "GET /xingrg/javascript/easyui/themes/default/validatebox.css HTTP/1.1" 404 1104
180.162.108.15 - - [11/Jan/2021:10:44:43 +0800] "GET /xingrg/kc/buy/cgsh_order_list.html HTTP/1.1" 200 46011
222.69.137.25 - - [11/Jan/2021:10:44:43 +0800] "POST /xingrg/kc/buy/cgsh_order_operate.html HTTP/1.1" 200 606
180.162.108.15 - - [11/Jan/2021:10:44:44 +0800] "POST /xingrg/kc/buy/cgsh_list_operate.html HTTP/1.1" 200 876
117.185.32.26 - - [11/Jan/2021:10:44:44 +0800] "GET /xingrg/all/function/internal_message.html?_=1610333084293&CODE_STATE=getMsg HTTP/1.1" 200 27
180.157.253.48 - - [11/Jan/2021:10:44:47 +0800] "GET /xingrg/kc/buy/cgsh_order_operate.html?command=get_materiel&rest_code=00148&code=00101010045&supplier_code=00100347&order_time=2021-01-11 HTTP/1.1" 200 420
61.165.42.208 - - [11/Jan/2021:10:44:47 +0800] "GET /xingrg/all/function/internal_message.html?_=1610333088310&CODE_STATE=getMsg HTTP/1.1" 200 27
180.162.108.15 - - [11/Jan/2021:10:44:49 +0800] "GET /xingrg/kc/buy/cgsh_order_add.html HTTP/1.1" 200 60823
180.162.108.15 - - [11/Jan/2021:10:44:49 +0800] "GET /xingrg/words/20210110175342_words.js HTTP/1.1" 304 -
180.162.108.15 - - [11/Jan/2021:10:44:49 +0800] "POST /xingrg/kc/buy/cgsh_order_operate.html HTTP/1.1" 200 8245
180.162.108.15 - - [11/Jan/2021:10:44:50 +0800] "GET /xingrg/all/common/auto_word.html?type=employee&rest_code=00143 HTTP/1.1" 200 55
180.162.108.15 - - [11/Jan/2021:10:44:50 +0800] "GET /xingrg/javascript/easyui/themes/default/validatebox.css HTTP/1.1" 404 1104
180.162.108.15 - - [11/Jan/2021:10:44:50 +0800] "GET /xingrg/all/common/auto_word.html?type=employee&rest_code=00143 HTTP/1.1" 200 55
117.185.32.26 - - [11/Jan/2021:10:44:51 +0800] "GET /xingrg/all/function/internal_message.html?_=1610333557796&CODE_STATE=getMsg HTTP/1.1" 200 27
180.162.108.15 - - [11/Jan/2021:10:44:51 +0800] "GET /xingrg/javascript/easyui/themes/default/tree.css HTTP/1.1" 404 1090
180.162.108.15 - - [11/Jan/2021:10:44:51 +0800] "POST /xingrg/all/common/load_tree.html?tree=supplier_tree_json&isDelete=1 HTTP/1.1" 200 54158
58.37.230.33 - - [11/Jan/2021:10:44:53 +0800] "POST /xingrg/kc/buy/cgsh_order_operate.html HTTP/1.1" 200 37
58.37.230.33 - - [11/Jan/2021:10:44:54 +0800] "POST /xingrg/services/DataTransmitService HTTP/1.1" 200 524
58.37.230.33 - - [11/Jan/2021:10:44:55 +0800] "POST /xingrg/services/DataTransmitService HTTP/1.1" 200 2031
58.37.230.33 - - [11/Jan/2021:10:44:55 +0800] "POST /xingrg/services/DataTransmitService HTTP/1.1" 200 192631
222.69.137.25 - - [11/Jan/2021:10:44:56 +0800] "GET /xingrg/kc/print/load_data.html?order_code=212021011104480&kc_code=cgsh&condition= HTTP/1.1" 200 709
58.37.230.33 - - [11/Jan/2021:10:44:57 +0800] "POST /xingrg/kc/buy/cgsh_order_operate.html HTTP/1.1" 200 12
218.81.216.242 - - [11/Jan/2021:10:44:57 +0800] "GET /xingrg/all/function/internal_message.html?_=1610333113718&CODE_STATE=getMsg HTTP/1.1" 200 27
58.37.230.33 - - [11/Jan/2021:10:44:57 +0800] "GET /xingrg/kc/buy/cgsh_order_info.html?code=212021011104472 HTTP/1.1" 200 56651
58.37.230.33 - - [11/Jan/2021:10:44:58 +0800] "GET /xingrg/javascript/easyui/themes/default/validatebox.css HTTP/1.1" 404 1104
58.37.230.33 - - [11/Jan/2021:10:44:58 +0800] "POST /xingrg/kc/buy/cgsh_order_operate.html HTTP/1.1" 200 37827
58.37.230.33 - - [11/Jan/2021:10:45:00 +0800] "GET /xingrg/kc/print/load_data.html?order_code=212021011104472&kc_code=cgsh&condition= HTTP/1.1" 200 14786
58.37.230.33 - - [11/Jan/2021:10:45:00 +0800] "GET /xingrg/javascript/jquery_easy_ui/themes/default/images/tabs_active.png HTTP/1.1" 200 2894
116.228.172.94 - - [11/Jan/2021:10:45:00 +0800] "GET /xingrg/all/function/internal_message.html?_=1610333099066&CODE_STATE=getMsg HTTP/1.1" 200 27
180.157.253.48 - - [11/Jan/2021:10:45:02 +0800] "GET /xingrg/kc/buy/cgsh_order_operate.html?command=get_materiel&rest_code=00148&code=00101012046&supplier_code=00100347&order_time=2021-01-11 HTTP/1.1" 200 417
222.69.133.109 - - [11/Jan/2021:10:45:03 +0800] "GET /xingrg/all/function/internal_message.html?_=1610333102949&CODE_STATE=getMsg HTTP/1.1" 200 27
172.17.0.111 - - [11/Jan/2021:10:45:04 +0800] "GET /favicon.ico HTTP/1.1" 404 -
172.17.0.111 - - [11/Jan/2021:10:45:04 +0800] "GET /favicon.ico HTTP/1.1" 404 -
116.232.51.203 - - [11/Jan/2021:10:45:07 +0800] "GET /xingrg/check_reg.html?_=1610333109493 HTTP/1.1" 200 22
116.232.51.203 - - [11/Jan/2021:10:45:07 +0800] "GET /xingrg/all/function/internal_message.html?_=1610333109500&CODE_STATE=getMsg HTTP/1.1" 200 27
61.129.6.145 - - [11/Jan/2021:10:45:12 +0800] "GET /xingrg/kc/buy/cgsh_order_operate.html?command=get_materiel&rest_code=00141&code=00101008276&supplier_code=00100007&order_time=2021-01-11 HTTP/1.1" 302 -
172.17.0.123 - - [11/Jan/2021:10:45:14 +0800] "POST /xingrg/all/user/operate.html HTTP/1.1" 200 36
172.17.0.123 - - [11/Jan/2021:10:45:14 +0800] "GET /xingrg/index.html?sysBaseUrl=http%3A%2F%2F172.17.0.8%3A18081%2Fxingrg%2F&costTime=48×tamp=1610327548524 HTTP/1.1" 200 17454
172.17.0.123 - - [11/Jan/2021:10:45:14 +0800] "GET /xingrg/javascript/jquery_easy_ui/themes/default/easyui.css HTTP/1.1" 304 -
172.17.0.123 - - [11/Jan/2021:10:45:14 +0800] "GET /xingrg/javascript/jquery_easy_ui/themes/icon.css HTTP/1.1" 304 -
172.17.0.123 - - [11/Jan/2021:10:45:14 +0800] "GET /xingrg/css/form.css HTTP/1.1" 304 -
172.17.0.123 - - [11/Jan/2021:10:45:14 +0800] "GET /xingrg/javascript/jquery-1.4.2.min.js HTTP/1.1" 304 -
180.157.253.48 - - [11/Jan/2021:10:45:14 +0800] "GET /xingrg/all/function/internal_message.html?_=1610333115076&CODE_STATE=getMsg HTTP/1.1" 200 27
172.17.0.123 - - [11/Jan/2021:10:45:14 +0800] "GET /xingrg/javascript/jquery_easy_ui/jquery.easyui.min.js HTTP/1.1" 304 -
172.17.0.123 - - [11/Jan/2021:10:45:14 +0800] "GET /xingrg/javascript/jquery_easy_ui/easyui-lang-zh_CN.js HTTP/1.1" 304 -
172.17.0.123 - - [11/Jan/2021:10:45:14 +0800] "GET /xingrg/javascript/jquery.form.js HTTP/1.1" 304 -
172.17.0.123 - - [11/Jan/2021:10:45:14 +0800] "GET /xingrg/javascript/jquery.utils.js HTTP/1.1" 304 -
172.17.0.123 - - [11/Jan/2021:10:45:14 +0800] "GET /xingrg/javascript/jquery.timers.js HTTP/1.1" 304 -
172.17.0.123 - - [11/Jan/2021:10:45:14 +0800] "GET /xingrg/images/blue/jxLogo.png HTTP/1.1" 304 -
172.17.0.123 - - [11/Jan/2021:10:45:14 +0800] "GET /xingrg/javascript/jquery_easy_ui/themes/icons/settle_new.png HTTP/1.1" 304 -
172.17.0.123 - - [11/Jan/2021:10:45:14 +0800] "GET /xingrg/images/blue/navBackgound.jpg HTTP/1.1" 304 -
172.17.0.123 - - [11/Jan/2021:10:45:14 +0800] "POST /xingrg/all/common/load_tree.html?tree=area_rest_tree_json&manage=1 HTTP/1.1" 200 3344
172.17.0.123 - - [11/Jan/2021:10:45:14 +0800] "GET /xingrg/all/function/internal_message.html?_=1610333015959&CODE_STATE=count HTTP/1.1" 200 11
172.17.0.123 - - [11/Jan/2021:10:45:14 +0800] "GET /xingrg/check_reg.html?_=1610333015961 HTTP/1.1" 200 22
172.17.0.123 - - [11/Jan/2021:10:45:14 +0800] "GET /xingrg/javascript/jquery_easy_ui/themes/default/images/tabs_rightarrow.png HTTP/1.1" 304 -
172.17.0.123 - - [11/Jan/2021:10:45:14 +0800] "GET /xingrg/javascript/jquery_easy_ui/themes/default/images/panel_tool_expand.gif HTTP/1.1" 304 -
172.17.0.123 - - [11/Jan/2021:10:45:14 +0800] "GET /xingrg/javascript/jquery_easy_ui/themes/default/images/panel_tool_collapse.gif HTTP/1.1" 304 -
172.17.0.123 - - [11/Jan/2021:10:45:14 +0800] "GET /xingrg/images/blue/pingpu.png HTTP/1.1" 304 -
172.17.0.123 - - [11/Jan/2021:10:45:14 +0800] "GET /xingrg/javascript/jquery_easy_ui/themes/default/images/tabs_leftarrow.png HTTP/1.1" 304 -
172.17.0.123 - - [11/Jan/2021:10:45:14 +0800] "POST /xingrg/load_menu.html HTTP/1.1" 200 9924
58.37.230.33 - - [11/Jan/2021:10:45:15 +0800] "GET /xingrg/all/function/internal_message.html?_=1610333146731&CODE_STATE=getMsg HTTP/1.1" 200 27
58.37.230.33 - - [11/Jan/2021:10:45:15 +0800] "GET /xingrg/check_reg.html?_=1610333146888 HTTP/1.1" 200 22
61.129.6.145 - - [11/Jan/2021:10:45:15 +0800] "GET /xingrg/login.html HTTP/1.1" 200 7641
172.17.0.123 - - [11/Jan/2021:10:45:15 +0800] "GET /xingrg/kc/report/report_main.html HTTP/1.1" 200 7325
172.17.0.123 - - [11/Jan/2021:10:45:17 +0800] "GET /xingrg/all/report/report_query.html?fileName=kc/buy/wlcg_mx.xml HTTP/1.1" 200 51573
172.17.0.123 - - [11/Jan/2021:10:45:17 +0800] "GET /xingrg/dwr/interface/AjaxReportQueryService.js HTTP/1.1" 200 13203
172.17.0.123 - - [11/Jan/2021:10:45:17 +0800] "GET /xingrg/dwr/engine.js HTTP/1.1" 200 43631
172.17.0.123 - - [11/Jan/2021:10:45:18 +0800] "POST /xingrg/dwr/call/plaincall/AjaxReportQueryService.getFixDate.dwr HTTP/1.1" 200 111
172.17.0.123 - - [11/Jan/2021:10:45:18 +0800] "POST /xingrg/dwr/call/plaincall/AjaxReportQueryService.getInitString.dwr HTTP/1.1" 200 24330
222.69.137.25 - - [11/Jan/2021:10:45:18 +0800] "GET /xingrg/kc/buy/cgsh_order_add.html HTTP/1.1" 200 61796
172.17.0.123 - - [11/Jan/2021:10:45:18 +0800] "POST /xingrg/dwr/call/plaincall/AjaxReportQueryService.getInitString.dwr HTTP/1.1" 200 417
222.69.137.25 - - [11/Jan/2021:10:45:18 +0800] "POST /xingrg/kc/buy/cgsh_order_operate.html HTTP/1.1" 200 8245
172.17.0.123 - - [11/Jan/2021:10:45:18 +0800] "POST /xingrg/dwr/call/plaincall/AjaxReportQueryService.getInitString.dwr HTTP/1.1" 200 125
222.69.137.25 - - [11/Jan/2021:10:45:18 +0800] "GET /xingrg/javascript/easyui/themes/default/validatebox.css HTTP/1.1" 404 1104
172.17.0.123 - - [11/Jan/2021:10:45:19 +0800] "GET /xingrg/kc/report/report_main.html HTTP/1.1" 200 7325
172.17.200.101 - - [11/Jan/2021:10:45:20 +0800] "GET /xingrg/all/function/internal_message.html?_=1610333122307&CODE_STATE=getMsg HTTP/1.1" 200 27
172.17.0.111 - - [11/Jan/2021:10:45:20 +0800] "GET /favicon.ico HTTP/1.1" 404 -
172.17.0.111 - - [11/Jan/2021:10:45:21 +0800] "GET /favicon.ico HTTP/1.1" 404 -
172.17.0.123 - - [11/Jan/2021:10:45:23 +0800] "GET /xingrg/kc/buy/cgsh_order_list.html HTTP/1.1" 200 46246
172.17.0.111 - - [11/Jan/2021:10:45:23 +0800] "GET /favicon.ico HTTP/1.1" 404 -
172.17.0.111 - - [11/Jan/2021:10:45:24 +0800] "GET /favicon.ico HTTP/1.1" 404 -
172.17.0.123 - - [11/Jan/2021:10:45:24 +0800] "POST /xingrg/kc/buy/cgsh_list_operate.html HTTP/1.1" 200 876
180.156.237.57 - - [11/Jan/2021:10:45:25 +0800] "GET /xingrg/all/function/internal_message.html?_=1610333127200&CODE_STATE=getMsg HTTP/1.1" 200 27
114.88.169.67 - - [11/Jan/2021:10:45:26 +0800] "GET /xingrg/all/function/internal_message.html?_=1610333125678&CODE_STATE=getMsg HTTP/1.1" 200 27
172.17.0.123 - - [11/Jan/2021:10:45:29 +0800] "GET /xingrg/javascript/auto/indicator.gif HTTP/1.1" 404 1066
180.175.150.119 - - [11/Jan/2021:10:45:30 +0800] "GET /xingrg/check_reg.html?_=1610333369092 HTTP/1.1" 200 22
222.69.137.25 - - [11/Jan/2021:10:45:31 +0800] "GET /xingrg/kc/buy/cgsh_order_operate.html?command=get_materiel&rest_code=00149&code=00101011003&supplier_code=00100051&order_time=2021-01-11 HTTP/1.1" 200 413
172.17.0.123 - - [11/Jan/2021:10:45:33 +0800] "POST /xingrg/kc/buy/cgsh_list_operate.html HTTP/1.1" 200 1716
172.17.0.123 - - [11/Jan/2021:10:45:35 +0800] "POST /xingrg/kc/buy/cgsh_list_operate.html HTTP/1.1" 200 276
180.156.237.57 - - [11/Jan/2021:10:45:36 +0800] "GET /xingrg/all/function/internal_message.html?_=1610333120094&CODE_STATE=getMsg HTTP/1.1" 200 27
117.131.5.26 - - [11/Jan/2021:10:45:37 +0800] "GET /xingrg/all/function/internal_message.html?_=1610333186681&CODE_STATE=getMsg HTTP/1.1" 200 27
180.162.108.15 - - [11/Jan/2021:10:45:39 +0800] "GET /xingrg/all/function/internal_message.html?_=1610333009855&CODE_STATE=getMsg HTTP/1.1" 200 27
101.89.29.92 - - [11/Jan/2021:10:45:39 +0800] "GET /xingrg/kc/buy/cgsh_order_operate.html?command=get_materiel&rest_code=00141&code=00101008223&supplier_code=00100007&order_time=2021-01-11 HTTP/1.1" 302 -
222.69.137.25 - - [11/Jan/2021:10:45:40 +0800] "GET /xingrg/all/function/internal_message.html?_=1610333138438&CODE_STATE=getMsg HTTP/1.1" 200 27
218.81.216.242 - - [11/Jan/2021:10:45:40 +0800] "GET /xingrg/check_reg.html?_=1610333157135 HTTP/1.1" 200 22
101.89.29.92 - - [11/Jan/2021:10:45:44 +0800] "GET /xingrg/login.html HTTP/1.1" 200 7641
222.69.137.25 - - [11/Jan/2021:10:45:44 +0800] "POST /xingrg/kc/buy/cgsh_order_operate.html HTTP/1.1" 200 37
117.185.32.26 - - [11/Jan/2021:10:45:44 +0800] "GET /xingrg/all/function/internal_message.html?_=1610333144301&CODE_STATE=getMsg HTTP/1.1" 200 27
61.165.42.208 - - [11/Jan/2021:10:45:47 +0800] "GET /xingrg/all/function/internal_message.html?_=1610333148310&CODE_STATE=getMsg HTTP/1.1" 200 27
116.232.51.203 - - [11/Jan/2021:10:45:50 +0800] "GET /xingrg/kc/buy/cgsh_order_add.html HTTP/1.1" 200 61790
116.232.51.203 - - [11/Jan/2021:10:45:50 +0800] "POST /xingrg/kc/buy/cgsh_order_operate.html HTTP/1.1" 200 8245
116.232.51.203 - - [11/Jan/2021:10:45:50 +0800] "GET /xingrg/javascript/easyui/themes/default/validatebox.css HTTP/1.1" 404 1104
222.69.137.25 - - [11/Jan/2021:10:45:50 +0800] "POST /xingrg/kc/buy/cgsh_order_operate.html HTTP/1.1" 200 12
117.185.32.26 - - [11/Jan/2021:10:45:51 +0800] "GET /xingrg/all/function/internal_message.html?_=1610333617795&CODE_STATE=getMsg HTTP/1.1" 200 27
222.69.137.25 - - [11/Jan/2021:10:45:52 +0800] "GET /xingrg/kc/buy/cgsh_order_info.html?code=212021011104481 HTTP/1.1" 200 56698
222.69.137.25 - - [11/Jan/2021:10:45:52 +0800] "GET /xingrg/javascript/easyui/themes/default/validatebox.css HTTP/1.1" 404 1104
222.69.137.25 - - [11/Jan/2021:10:45:52 +0800] "POST /xingrg/kc/buy/cgsh_order_operate.html HTTP/1.1" 200 606
222.69.137.25 - - [11/Jan/2021:10:45:56 +0800] "GET /xingrg/kc/print/load_data.html?order_code=212021011104481&kc_code=cgsh&condition= HTTP/1.1" 200 717
218.81.216.242 - - [11/Jan/2021:10:45:57 +0800] "GET /xingrg/all/function/internal_message.html?_=1610333173732&CODE_STATE=getMsg HTTP/1.1" 200 27
116.228.172.94 - - [11/Jan/2021:10:46:00 +0800] "GET /xingrg/all/function/internal_message.html?_=1610333159065&CODE_STATE=getMsg HTTP/1.1" 200 27
222.69.133.109 - - [11/Jan/2021:10:46:03 +0800] "GET /xingrg/all/function/internal_message.html?_=1610333162951&CODE_STATE=getMsg HTTP/1.1" 200 27
222.69.133.109 - - [11/Jan/2021:10:46:03 +0800] "GET /xingrg/check_reg.html?_=1610333162955 HTTP/1.1" 200 22
222.69.137.25 - - [11/Jan/2021:10:46:04 +0800] "GET /xingrg/kc/buy/cgsh_order_add.html HTTP/1.1" 200 61796
61.151.178.197 - - [11/Jan/2021:10:46:04 +0800] "GET /xingrg/kc/buy/cgsh_order_operate.html?command=get_materiel&rest_code=00141&code=00101008079&supplier_code=00100007&order_time=2021-01-11 HTTP/1.1" 302 -
222.69.137.25 - - [11/Jan/2021:10:46:04 +0800] "POST /xingrg/kc/buy/cgsh_order_operate.html HTTP/1.1" 200 8245
222.69.137.25 - - [11/Jan/2021:10:46:04 +0800] "GET /xingrg/javascript/easyui/themes/default/validatebox.css HTTP/1.1" 404 1104
116.232.51.203 - - [11/Jan/2021:10:46:07 +0800] "GET /xingrg/all/function/internal_message.html?_=1610333169498&CODE_STATE=getMsg HTTP/1.1" 200 27
61.151.178.197 - - [11/Jan/2021:10:46:12 +0800] "GET /xingrg/login.html HTTP/1.1" 200 7641
116.232.51.203 - - [11/Jan/2021:10:46:13 +0800] "GET /xingrg/kc/buy/cgsh_order_operate.html?command=get_materiel&rest_code=00109&code=00101016010&supplier_code=00100035&order_time=2021-01-11 HTTP/1.1" 200 408
180.157.253.48 - - [11/Jan/2021:10:46:14 +0800] "GET /xingrg/all/function/internal_message.html?_=1610333175090&CODE_STATE=getMsg HTTP/1.1" 200 27
172.17.0.123 - - [11/Jan/2021:10:46:14 +0800] "GET /xingrg/all/function/internal_message.html?_=1610333075965&CODE_STATE=getMsg HTTP/1.1" 200 27
58.37.230.33 - - [11/Jan/2021:10:46:15 +0800] "GET /xingrg/all/function/internal_message.html?_=1610333206713&CODE_STATE=getMsg HTTP/1.1" 200 27
222.69.133.109 - - [11/Jan/2021:10:46:20 +0800] "GET /xingrg/kc/buy/cgsh_order_list.html HTTP/1.1" 200 46011
172.17.200.101 - - [11/Jan/2021:10:46:20 +0800] "GET /xingrg/all/function/internal_message.html?_=1610333182311&CODE_STATE=getMsg HTTP/1.1" 200 27
116.232.51.203 - - [11/Jan/2021:10:46:20 +0800] "GET /xingrg/kc/buy/cgsh_order_operate.html?command=get_materiel&rest_code=00109&code=00101012010&supplier_code=00100035&order_time=2021-01-11 HTTP/1.1" 200 409
222.69.133.109 - - [11/Jan/2021:10:46:21 +0800] "POST /xingrg/kc/buy/cgsh_list_operate.html HTTP/1.1" 200 876
114.88.169.67 - - [11/Jan/2021:10:46:23 +0800] "GET /xingrg/check_reg.html?_=1610333182742 HTTP/1.1" 200 22
180.156.237.57 - - [11/Jan/2021:10:46:25 +0800] "GET /xingrg/all/function/internal_message.html?_=1610333187200&CODE_STATE=getMsg HTTP/1.1" 200 27
116.232.51.203 - - [11/Jan/2021:10:46:26 +0800] "GET /xingrg/kc/buy/cgsh_order_operate.html?command=get_materiel&rest_code=00109&code=00101016071&supplier_code=00100035&order_time=2021-01-11 HTTP/1.1" 200 416
114.88.169.67 - - [11/Jan/2021:10:46:26 +0800] "GET /xingrg/all/function/internal_message.html?_=1610333185690&CODE_STATE=getMsg HTTP/1.1" 200 27
222.69.133.109 - - [11/Jan/2021:10:46:26 +0800] "GET /xingrg/kc/base/wldb_order_list.html HTTP/1.1" 200 19345
222.69.133.109 - - [11/Jan/2021:10:46:26 +0800] "POST /xingrg/kc/base/wldb_list_operate.html HTTP/1.1" 200 928
116.235.65.35 - - [11/Jan/2021:10:46:30 +0800] "GET /xingrg/logout.do HTTP/1.1" 302 -
116.235.65.35 - - [11/Jan/2021:10:46:30 +0800] "GET /xingrg/login_supplier.html?sysBaseUrl=http%3A%2F%2F180.169.147.146%3A18081%2Fxingrg%2F&costTime=0×tamp=1610333190154 HTTP/1.1" 200 3208
116.235.65.35 - - [11/Jan/2021:10:46:30 +0800] "GET /favicon.ico HTTP/1.1" 404 -
101.89.239.238 - - [11/Jan/2021:10:46:30 +0800] "GET /xingrg/kc/buy/cgsh_order_info.html?code=212021011104468 HTTP/1.1" 302 -
180.157.253.48 - - [11/Jan/2021:10:46:30 +0800] "GET /xingrg/kc/buy/cgsh_order_operate.html?command=get_materiel&rest_code=00148&code=00101002010&supplier_code=00100347&order_time=2021-01-11 HTTP/1.1" 200 415
116.232.51.203 - - [11/Jan/2021:10:46:32 +0800] "POST /xingrg/kc/buy/cgsh_order_operate.html HTTP/1.1" 200 37
116.232.51.203 - - [11/Jan/2021:10:46:33 +0800] "POST /xingrg/kc/buy/cgsh_order_operate.html HTTP/1.1" 200 3836
101.89.239.238 - - [11/Jan/2021:10:46:34 +0800] "GET /xingrg/login.html HTTP/1.1" 200 7641
116.232.51.203 - - [11/Jan/2021:10:46:34 +0800] "GET /xingrg/kc/print/load_data.html?order_code=212021011104482&kc_code=cgsh&condition= HTTP/1.1" 200 1135
116.235.65.35 - - [11/Jan/2021:10:46:36 +0800] "POST /xingrg/login_supplier.html HTTP/1.1" 302 -
116.235.65.35 - - [11/Jan/2021:10:46:36 +0800] "GET /xingrg/supplier_index.html?sysBaseUrl=http%3A%2F%2F180.169.147.146%3A18081%2Fxingrg%2F&costTime=12×tamp=1610333196256 HTTP/1.1" 200 9061
116.235.65.35 - - [11/Jan/2021:10:46:36 +0800] "GET /favicon.ico HTTP/1.1" 404 -
180.156.237.57 - - [11/Jan/2021:10:46:36 +0800] "GET /xingrg/all/function/internal_message.html?_=1610333180109&CODE_STATE=getMsg HTTP/1.1" 200 27
222.69.133.109 - - [11/Jan/2021:10:46:36 +0800] "POST /xingrg/kc/base/wldb_list_operate.html HTTP/1.1" 200 928
117.131.5.26 - - [11/Jan/2021:10:46:37 +0800] "GET /xingrg/all/function/internal_message.html?_=1610333246695&CODE_STATE=getMsg HTTP/1.1" 200 27
180.162.108.15 - - [11/Jan/2021:10:46:39 +0800] "GET /xingrg/all/function/internal_message.html?_=1610333069849&CODE_STATE=getMsg HTTP/1.1" 200 27
222.69.137.25 - - [11/Jan/2021:10:46:40 +0800] "GET /xingrg/all/function/internal_message.html?_=1610333198450&CODE_STATE=getMsg HTTP/1.1" 200 27
180.157.253.48 - - [11/Jan/2021:10:46:41 +0800] "GET /xingrg/kc/buy/cgsh_order_operate.html?command=get_materiel&rest_code=00148&code=00101005022&supplier_code=00100347&order_time=2021-01-11 HTTP/1.1" 200 417
116.235.65.35 - - [11/Jan/2021:10:46:41 +0800] "GET /xingrg/supplier/cgsh_order_list.html HTTP/1.1" 200 10896
116.235.65.35 - - [11/Jan/2021:10:46:43 +0800] "POST /xingrg/supplier/cgsh_list_operate.html HTTP/1.1" 200 6098
117.185.32.26 - - [11/Jan/2021:10:46:44 +0800] "GET /xingrg/all/function/internal_message.html?_=1610333204269&CODE_STATE=getMsg HTTP/1.1" 200 27
116.235.65.35 - - [11/Jan/2021:10:46:45 +0800] "GET /xingrg/javascript/jquery_tools/images/prev.gif HTTP/1.1" 404 1086
116.235.65.35 - - [11/Jan/2021:10:46:45 +0800] "GET /xingrg/javascript/jquery_tools/images/next.gif HTTP/1.1" 404 1086
116.232.51.203 - - [11/Jan/2021:10:46:47 +0800] "GET /xingrg/kc/buy/cgsh_order_add.html HTTP/1.1" 200 61790
116.232.51.203 - - [11/Jan/2021:10:46:47 +0800] "POST /xingrg/kc/buy/cgsh_order_operate.html HTTP/1.1" 200 8245
61.165.42.208 - - [11/Jan/2021:10:46:47 +0800] "GET /xingrg/all/function/internal_message.html?_=1610333208324&CODE_STATE=getMsg HTTP/1.1" 200 27
116.232.51.203 - - [11/Jan/2021:10:46:47 +0800] "GET /xingrg/javascript/easyui/themes/default/validatebox.css HTTP/1.1" 404 1104
117.185.32.26 - - [11/Jan/2021:10:46:51 +0800] "GET /xingrg/all/function/internal_message.html?_=1610333677791&CODE_STATE=getMsg HTTP/1.1" 200 27
116.235.65.35 - - [11/Jan/2021:10:46:53 +0800] "POST /xingrg/supplier/cgsh_list_operate.html HTTP/1.1" 200 5864
218.81.216.242 - - [11/Jan/2021:10:46:57 +0800] "GET /xingrg/all/function/internal_message.html?_=1610333233745&CODE_STATE=getMsg HTTP/1.1" 200 27
58.37.230.33 - - [11/Jan/2021:10:46:58 +0800] "GET /favicon.ico HTTP/1.1" 404 -
180.157.253.48 - - [11/Jan/2021:10:47:00 +0800] "GET /xingrg/kc/buy/cgsh_order_operate.html?command=get_materiel&rest_code=00148&code=00101010081&supplier_code=00100347&order_time=2021-01-11 HTTP/1.1" 200 413
116.228.172.94 - - [11/Jan/2021:10:47:00 +0800] "GET /xingrg/all/function/internal_message.html?_=1610333219037&CODE_STATE=getMsg HTTP/1.1" 200 27
116.232.51.203 - - [11/Jan/2021:10:47:01 +0800] "GET /xingrg/kc/buy/cgsh_order_operate.html?command=get_materiel&rest_code=00109&code=00101007061&supplier_code=00100004&order_time=2021-01-11 HTTP/1.1" 200 409
222.69.133.109 - - [11/Jan/2021:10:47:03 +0800] "GET /xingrg/all/function/internal_message.html?_=1610333222975&CODE_STATE=getMsg HTTP/1.1" 200 27
180.157.253.48 - - [11/Jan/2021:10:47:06 +0800] "POST /xingrg/kc/buy/cgsh_order_operate.html HTTP/1.1" 200 37
116.232.51.203 - - [11/Jan/2021:10:47:07 +0800] "GET /xingrg/all/function/internal_message.html?_=1610333229513&CODE_STATE=getMsg HTTP/1.1" 200 27
116.232.51.203 - - [11/Jan/2021:10:47:09 +0800] "GET /xingrg/kc/buy/cgsh_order_operate.html?command=get_materiel&rest_code=00109&code=00101007081&supplier_code=00100004&order_time=2021-01-11 HTTP/1.1" 200 413
116.235.65.35 - - [11/Jan/2021:10:47:11 +0800] "POST /xingrg/supplier/cgsh_list_operate.html HTTP/1.1" 200 5639
172.17.0.123 - - [11/Jan/2021:10:47:14 +0800] "GET /xingrg/all/function/internal_message.html?_=1610333135969&CODE_STATE=getMsg HTTP/1.1" 200 27
58.37.230.33 - - [11/Jan/2021:10:47:15 +0800] "GET /xingrg/all/function/internal_message.html?_=1610333266695&CODE_STATE=getMsg HTTP/1.1" 200 27
116.232.51.203 - - [11/Jan/2021:10:47:17 +0800] "GET /xingrg/kc/buy/cgsh_order_operate.html?command=get_materiel&rest_code=00109&code=00101007049&supplier_code=00100004&order_time=2021-01-11 HTTP/1.1" 200 409
172.17.200.101 - - [11/Jan/2021:10:47:20 +0800] "GET /xingrg/all/function/internal_message.html?_=1610333242312&CODE_STATE=getMsg HTTP/1.1" 200 27
116.235.65.35 - - [11/Jan/2021:10:47:21 +0800] "POST /xingrg/supplier/cgsh_list_operate.html HTTP/1.1" 200 5613
180.156.237.57 - - [11/Jan/2021:10:47:25 +0800] "GET /xingrg/all/function/internal_message.html?_=1610333247200&CODE_STATE=getMsg HTTP/1.1" 200 27
180.156.237.57 - - [11/Jan/2021:10:47:25 +0800] "GET /xingrg/check_reg.html?_=1610333247204 HTTP/1.1" 200 22
114.88.169.67 - - [11/Jan/2021:10:47:26 +0800] "GET /xingrg/all/function/internal_message.html?_=1610333245707&CODE_STATE=getMsg HTTP/1.1" 200 27
116.232.51.203 - - [11/Jan/2021:10:47:34 +0800] "POST /xingrg/kc/buy/cgsh_order_operate.html HTTP/1.1" 200 37
117.185.32.26 - - [11/Jan/2021:10:47:35 +0800] "GET /xingrg/check_reg.html?_=1610333254783 HTTP/1.1" 200 22
116.232.51.203 - - [11/Jan/2021:10:47:35 +0800] "POST /xingrg/kc/buy/cgsh_order_operate.html HTTP/1.1" 200 3832
180.156.237.57 - - [11/Jan/2021:10:47:36 +0800] "GET /xingrg/all/function/internal_message.html?_=1610333240126&CODE_STATE=getMsg HTTP/1.1" 200 27
116.232.51.203 - - [11/Jan/2021:10:47:36 +0800] "GET /xingrg/kc/print/load_data.html?order_code=212021011104484&kc_code=cgsh&condition= HTTP/1.1" 200 1168
117.131.5.26 - - [11/Jan/2021:10:47:37 +0800] "GET /xingrg/all/function/internal_message.html?_=1610333306694&CODE_STATE=getMsg HTTP/1.1" 200 27
180.162.108.15 - - [11/Jan/2021:10:47:39 +0800] "GET /xingrg/all/function/internal_message.html?_=1610333129847&CODE_STATE=getMsg HTTP/1.1" 200 27
222.69.137.25 - - [11/Jan/2021:10:47:40 +0800] "GET /xingrg/all/function/internal_message.html?_=1610333258448&CODE_STATE=getMsg HTTP/1.1" 200 27
117.185.32.26 - - [11/Jan/2021:10:47:44 +0800] "GET /xingrg/all/function/internal_message.html?_=1610333264245&CODE_STATE=getMsg HTTP/1.1" 200 27
116.232.51.203 - - [11/Jan/2021:10:47:45 +0800] "GET /xingrg/kc/buy/cgsh_order_add.html HTTP/1.1" 200 61790
116.232.51.203 - - [11/Jan/2021:10:47:46 +0800] "POST /xingrg/kc/buy/cgsh_order_operate.html HTTP/1.1" 200 8245
116.232.51.203 - - [11/Jan/2021:10:47:46 +0800] "GET /xingrg/javascript/easyui/themes/default/validatebox.css HTTP/1.1" 404 1104
61.165.42.208 - - [11/Jan/2021:10:47:47 +0800] "GET /xingrg/check_reg.html?_=1610333268324 HTTP/1.1" 200 22
61.165.42.208 - - [11/Jan/2021:10:47:47 +0800] "GET /xingrg/all/function/internal_message.html?_=1610333268327&CODE_STATE=getMsg HTTP/1.1" 200 27
58.40.7.146 - - [11/Jan/2021:10:47:48 +0800] "POST /xingrg/services/DataTransmitService HTTP/1.1" 200 524
117.185.32.26 - - [11/Jan/2021:10:47:51 +0800] "GET /xingrg/check_reg.html?_=1610333737792 HTTP/1.1" 200 22
117.185.32.26 - - [11/Jan/2021:10:47:51 +0800] "GET /xingrg/all/function/internal_message.html?_=1610333737793&CODE_STATE=getMsg HTTP/1.1" 200 27
180.157.253.48 - - [11/Jan/2021:10:47:52 +0800] "GET /xingrg/all/function/internal_message.html?_=1610333272715&CODE_STATE=getMsg HTTP/1.1" 200 27
180.157.253.48 - - [11/Jan/2021:10:47:53 +0800] "POST /xingrg/kc/buy/cgsh_order_operate.html HTTP/1.1" 200 12
222.69.133.109 - - [11/Jan/2021:10:47:54 +0800] "POST /xingrg/kc/base/wldb_list_operate.html HTTP/1.1" 200 2212
222.69.133.109 - - [11/Jan/2021:10:47:56 +0800] "POST /xingrg/kc/base/wldb_list_operate.html HTTP/1.1" 200 634
222.69.133.109 - - [11/Jan/2021:10:47:56 +0800] "GET /xingrg/kc/base/wldb_order_info.html?code=422021011001240 HTTP/1.1" 200 26387
222.69.133.109 - - [11/Jan/2021:10:47:57 +0800] "GET /xingrg/javascript/easyui/themes/default/validatebox.css HTTP/1.1" 404 1104
222.69.133.109 - - [11/Jan/2021:10:47:57 +0800] "POST /xingrg/kc/base/wldb_order_operate.html HTTP/1.1" 200 6399
218.81.216.242 - - [11/Jan/2021:10:47:57 +0800] "GET /xingrg/all/function/internal_message.html?_=1610333294115&CODE_STATE=getMsg HTTP/1.1" 200 27
116.232.51.203 - - [11/Jan/2021:10:47:59 +0800] "GET /xingrg/kc/buy/cgsh_order_operate.html?command=get_materiel&rest_code=00109&code=00101006127&supplier_code=00100015&order_time=2021-01-11 HTTP/1.1" 200 423
116.228.172.94 - - [11/Jan/2021:10:48:00 +0800] "GET /xingrg/all/function/internal_message.html?_=1610333279018&CODE_STATE=getMsg HTTP/1.1" 200 27
222.69.133.109 - - [11/Jan/2021:10:48:03 +0800] "GET /xingrg/all/function/internal_message.html?_=1610333282976&CODE_STATE=getMsg HTTP/1.1" 200 27
116.232.51.203 - - [11/Jan/2021:10:48:07 +0800] "GET /xingrg/all/function/internal_message.html?_=1610333289507&CODE_STATE=getMsg HTTP/1.1" 200 27
180.157.253.48 - - [11/Jan/2021:10:48:09 +0800] "GET /xingrg/kc/buy/cgsh_order_info.html?code=212021011104483 HTTP/1.1" 200 56643
180.157.253.48 - - [11/Jan/2021:10:48:10 +0800] "GET /xingrg/javascript/easyui/themes/default/validatebox.css HTTP/1.1" 404 1104
180.157.253.48 - - [11/Jan/2021:10:48:10 +0800] "POST /xingrg/kc/buy/cgsh_order_operate.html HTTP/1.1" 200 3000
116.232.51.203 - - [11/Jan/2021:10:48:13 +0800] "GET /xingrg/kc/buy/cgsh_order_operate.html?command=get_materiel&rest_code=00109&code=00101006130&supplier_code=00100015&order_time=2021-01-11 HTTP/1.1" 200 427
172.17.0.123 - - [11/Jan/2021:10:48:14 +0800] "GET /xingrg/all/function/internal_message.html?_=1610333195971&CODE_STATE=getMsg HTTP/1.1" 200 27
58.37.230.33 - - [11/Jan/2021:10:48:15 +0800] "GET /xingrg/all/function/internal_message.html?_=1610333326671&CODE_STATE=getMsg HTTP/1.1" 200 27
172.17.200.101 - - [11/Jan/2021:10:48:20 +0800] "GET /xingrg/all/function/internal_message.html?_=1610333302313&CODE_STATE=getMsg HTTP/1.1" 200 27
222.69.133.109 - - [11/Jan/2021:10:48:20 +0800] "GET /xingrg/kc/print/load_config.html?kc_code=wldb HTTP/1.1" 200 2173
222.69.133.109 - - [11/Jan/2021:10:48:20 +0800] "GET /xingrg/kc/print/load_data.html?order_code=422021011001240&kc_code=wldb&condition= HTTP/1.1" 200 2614
116.235.65.35 - - [11/Jan/2021:10:48:21 +0800] "POST /xingrg/supplier/cgsh_list_operate.html HTTP/1.1" 200 2371
116.232.51.203 - - [11/Jan/2021:10:48:22 +0800] "GET /xingrg/kc/buy/cgsh_order_operate.html?command=get_materiel&rest_code=00109&code=00101006133&supplier_code=00100015&order_time=2021-01-11 HTTP/1.1" 200 413
116.228.172.94 - - [11/Jan/2021:10:48:23 +0800] "GET /xingrg/kc/buy/cgsh_order_add.html HTTP/1.1" 200 61831
116.235.65.35 - - [11/Jan/2021:10:48:23 +0800] "POST /xingrg/supplier/cgsh_list_operate.html HTTP/1.1" 200 5613
180.157.253.48 - - [11/Jan/2021:10:48:24 +0800] "GET /xingrg/kc/print/load_config.html?kc_code=cgsh HTTP/1.1" 200 1845
180.157.253.48 - - [11/Jan/2021:10:48:24 +0800] "GET /xingrg/kc/print/load_data.html?order_code=212021011104483&kc_code=cgsh&condition= HTTP/1.1" 200 1629
116.228.172.94 - - [11/Jan/2021:10:48:24 +0800] "GET /xingrg/javascript/easyui/themes/default/validatebox.css HTTP/1.1" 404 1104
116.228.172.94 - - [11/Jan/2021:10:48:24 +0800] "POST /xingrg/kc/buy/cgsh_order_operate.html HTTP/1.1" 200 8245
180.156.237.57 - - [11/Jan/2021:10:48:25 +0800] "GET /xingrg/all/function/internal_message.html?_=1610333307205&CODE_STATE=getMsg HTTP/1.1" 200 27
114.88.169.67 - - [11/Jan/2021:10:48:26 +0800] "GET /xingrg/all/function/internal_message.html?_=1610333305719&CODE_STATE=getMsg HTTP/1.1" 200 27
116.228.172.94 - - [11/Jan/2021:10:48:28 +0800] "GET /xingrg/javascript/easyui/themes/default/tree.css HTTP/1.1" 404 1090
116.228.172.94 - - [11/Jan/2021:10:48:28 +0800] "POST /xingrg/all/common/load_tree.html?tree=supplier_tree_json&isDelete=1 HTTP/1.1" 200 54158
116.232.51.203 - - [11/Jan/2021:10:48:32 +0800] "GET /xingrg/kc/buy/cgsh_order_operate.html?command=get_materiel&rest_code=00109&code=00101006144&supplier_code=00100015&order_time=2021-01-11 HTTP/1.1" 200 409
222.70.174.7 - - [11/Jan/2021:10:48:34 +0800] "GET /xingrg/check_reg.html?_=1610333315260 HTTP/1.1" 302 -
180.156.237.57 - - [11/Jan/2021:10:48:36 +0800] "GET /xingrg/all/function/internal_message.html?_=1610333300136&CODE_STATE=getMsg HTTP/1.1" 200 27
117.131.5.26 - - [11/Jan/2021:10:48:37 +0800] "GET /xingrg/all/function/internal_message.html?_=1610333366692&CODE_STATE=getMsg HTTP/1.1" 200 27
116.232.51.203 - - [11/Jan/2021:10:48:38 +0800] "GET /xingrg/kc/buy/cgsh_order_operate.html?command=get_materiel&rest_code=00109&code=00101006087&supplier_code=00100015&order_time=2021-01-11 HTTP/1.1" 200 409
180.162.108.15 - - [11/Jan/2021:10:48:39 +0800] "GET /xingrg/all/function/internal_message.html?_=1610333189860&CODE_STATE=getMsg HTTP/1.1" 200 27
222.69.137.25 - - [11/Jan/2021:10:48:40 +0800] "GET /xingrg/all/function/internal_message.html?_=1610333318444&CODE_STATE=getMsg HTTP/1.1" 200 27
117.185.32.26 - - [11/Jan/2021:10:48:44 +0800] "GET /xingrg/all/function/internal_message.html?_=1610333324222&CODE_STATE=getMsg HTTP/1.1" 200 27
116.232.51.203 - - [11/Jan/2021:10:48:47 +0800] "GET /xingrg/kc/buy/cgsh_order_operate.html?command=get_materiel&rest_code=00109&code=00101006056&supplier_code=00100015&order_time=2021-01-11 HTTP/1.1" 200 413
61.165.42.208 - - [11/Jan/2021:10:48:47 +0800] "GET /xingrg/all/function/internal_message.html?_=1610333328337&CODE_STATE=getMsg HTTP/1.1" 200 27
116.235.65.35 - - [11/Jan/2021:10:48:48 +0800] "GET /xingrg/javascript/easyui/themes/default/tree.css HTTP/1.1" 404 1090
116.235.65.35 - - [11/Jan/2021:10:48:48 +0800] "POST /xingrg/all/common/load_tree.html?tree=area_rest_tree_json HTTP/1.1" 200 3344
116.228.172.94 - - [11/Jan/2021:10:48:48 +0800] "GET /xingrg/kc/buy/cgsh_order_operate.html?command=get_materiel&rest_code=00107&code=00101002006&supplier_code=00100091&order_time=2021-01-11 HTTP/1.1" 200 414
117.185.32.26 - - [11/Jan/2021:10:48:51 +0800] "GET /xingrg/all/function/internal_message.html?_=1610333797789&CODE_STATE=getMsg HTTP/1.1" 200 27
180.157.253.48 - - [11/Jan/2021:10:48:52 +0800] "GET /xingrg/all/function/internal_message.html?_=1610333332698&CODE_STATE=getMsg HTTP/1.1" 200 27
116.232.51.203 - - [11/Jan/2021:10:48:53 +0800] "GET /xingrg/kc/buy/cgsh_order_operate.html?command=get_materiel&rest_code=00109&code=00101006109&supplier_code=00100015&order_time=2021-01-11 HTTP/1.1" 200 409
116.235.65.35 - - [11/Jan/2021:10:48:56 +0800] "POST /xingrg/supplier/cgsh_list_operate.html HTTP/1.1" 200 928
218.81.216.242 - - [11/Jan/2021:10:48:57 +0800] "GET /xingrg/all/function/internal_message.html?_=1610333354116&CODE_STATE=getMsg HTTP/1.1" 200 27
116.232.51.203 - - [11/Jan/2021:10:48:59 +0800] "GET /xingrg/kc/buy/cgsh_order_operate.html?command=get_materiel&rest_code=00109&code=00101006058&supplier_code=00100015&order_time=2021-01-11 HTTP/1.1" 200 413
116.228.172.94 - - [11/Jan/2021:10:49:00 +0800] "GET /xingrg/all/function/internal_message.html?_=1610333338989&CODE_STATE=getMsg HTTP/1.1" 200 27
116.228.172.94 - - [11/Jan/2021:10:49:01 +0800] "GET /xingrg/check_reg.html?_=1610333339157 HTTP/1.1" 200 22
120.253.135.82 - - [11/Jan/2021:10:49:01 +0800] "GET /xingrg/check_reg.html?_=1610333091506 HTTP/1.1" 200 22
120.253.135.82 - - [11/Jan/2021:10:49:01 +0800] "GET /xingrg/all/function/internal_message.html?_=1610333091500&CODE_STATE=getMsg HTTP/1.1" 200 27
116.228.172.94 - - [11/Jan/2021:10:49:02 +0800] "GET /xingrg/kc/buy/cgsh_order_operate.html?command=get_materiel&rest_code=00107&code=00101003037&supplier_code=00100091&order_time=2021-01-11 HTTP/1.1" 200 435
222.69.133.109 - - [11/Jan/2021:10:49:03 +0800] "GET /xingrg/all/function/internal_message.html?_=1610333342963&CODE_STATE=getMsg HTTP/1.1" 200 27
120.253.135.82 - - [11/Jan/2021:10:49:08 +0800] "GET /xingrg/kc/pszx/mdqp_order_list.html?state=10 HTTP/1.1" 200 11020
120.253.135.82 - - [11/Jan/2021:10:49:08 +0800] "GET /xingrg/dwr/util.js HTTP/1.1" 304 -
120.253.135.82 - - [11/Jan/2021:10:49:08 +0800] "GET /xingrg/javascript/Calendar.js HTTP/1.1" 304 -
120.253.135.82 - - [11/Jan/2021:10:49:08 +0800] "GET /xingrg/dwr/interface/AjaxReportQueryService.js HTTP/1.1" 200 13203
120.253.135.82 - - [11/Jan/2021:10:49:08 +0800] "GET /xingrg/dwr/interface/AjaxQqpsService.js HTTP/1.1" 200 16326
120.253.135.82 - - [11/Jan/2021:10:49:08 +0800] "GET /xingrg/dwr/engine.js HTTP/1.1" 200 43631
120.253.135.82 - - [11/Jan/2021:10:49:08 +0800] "GET /xingrg/javascript/jquery_easy_ui/themes/icons/check_new.png HTTP/1.1" 304 -
120.253.135.82 - - [11/Jan/2021:10:49:08 +0800] "GET /xingrg/javascript/jquery_easy_ui/themes/icons/uncheck_new.png HTTP/1.1" 304 -
116.232.51.203 - - [11/Jan/2021:10:49:11 +0800] "POST /xingrg/kc/buy/cgsh_order_operate.html HTTP/1.1" 200 37
116.228.172.94 - - [11/Jan/2021:10:49:11 +0800] "POST /xingrg/kc/buy/cgsh_order_operate.html HTTP/1.1" 200 88
116.232.51.203 - - [11/Jan/2021:10:49:12 +0800] "POST /xingrg/kc/buy/cgsh_order_operate.html HTTP/1.1" 200 6820
120.253.135.82 - - [11/Jan/2021:10:49:13 +0800] "GET /xingrg/kc/pszx/mdps_order_list.html?orderType=0 HTTP/1.1" 200 21153
120.253.135.82 - - [11/Jan/2021:10:49:13 +0800] "GET /xingrg/javascript/jquery_tools/jquery.tools.table.js HTTP/1.1" 304 -
120.253.135.82 - - [11/Jan/2021:10:49:13 +0800] "GET /xingrg/javascript/jquery_tools/table.css HTTP/1.1" 304 -
120.253.135.82 - - [11/Jan/2021:10:49:13 +0800] "GET /xingrg/javascript/easyui/themes/default/easyui.css HTTP/1.1" 304 -
120.253.135.82 - - [11/Jan/2021:10:49:13 +0800] "GET /xingrg/javascript/easyui/themes/icons/cance_new.png HTTP/1.1" 304 -
120.253.135.82 - - [11/Jan/2021:10:49:13 +0800] "GET /xingrg/javascript/easyui/themes/icons/edit_add_new.png HTTP/1.1" 304 -
120.253.135.82 - - [11/Jan/2021:10:49:13 +0800] "GET /xingrg/javascript/easyui/themes/icons/uncheck_new.png HTTP/1.1" 304 -
120.253.135.82 - - [11/Jan/2021:10:49:13 +0800] "GET /xingrg/javascript/easyui/themes/icons/check_new.png HTTP/1.1" 304 -
120.253.135.82 - - [11/Jan/2021:10:49:14 +0800] "POST /xingrg/kc/pszx/mdps_list_operate.html HTTP/1.1" 200 5636
180.157.253.48 - - [11/Jan/2021:10:49:14 +0800] "GET /xingrg/check_reg.html?_=1610333355098 HTTP/1.1" 200 22
172.17.0.123 - - [11/Jan/2021:10:49:14 +0800] "GET /xingrg/all/function/internal_message.html?_=1610333255972&CODE_STATE=getMsg HTTP/1.1" 200 27
116.228.172.94 - - [11/Jan/2021:10:49:14 +0800] "POST /xingrg/kc/buy/cgsh_order_operate.html HTTP/1.1" 200 37
58.37.230.33 - - [11/Jan/2021:10:49:15 +0800] "GET /xingrg/all/function/internal_message.html?_=1610333386643&CODE_STATE=getMsg HTTP/1.1" 200 27
116.228.172.94 - - [11/Jan/2021:10:49:16 +0800] "POST /xingrg/kc/buy/cgsh_order_operate.html HTTP/1.1" 200 3257
120.253.135.82 - - [11/Jan/2021:10:49:18 +0800] "GET /xingrg/javascript/auto/indicator.gif HTTP/1.1" 404 1066
172.17.200.101 - - [11/Jan/2021:10:49:20 +0800] "GET /xingrg/check_reg.html?_=1610333362315 HTTP/1.1" 200 22
172.17.200.101 - - [11/Jan/2021:10:49:20 +0800] "GET /xingrg/all/function/internal_message.html?_=1610333362320&CODE_STATE=getMsg HTTP/1.1" 200 27
120.253.135.82 - - [11/Jan/2021:10:49:22 +0800] "POST /xingrg/kc/pszx/mdps_list_operate.html HTTP/1.1" 200 4968
120.253.135.82 - - [11/Jan/2021:10:49:23 +0800] "POST /xingrg/kc/pszx/mdps_list_operate.html HTTP/1.1" 200 365
120.253.135.82 - - [11/Jan/2021:10:49:25 +0800] "POST /xingrg/kc/pszx/mdps_list_operate.html HTTP/1.1" 200 208
180.156.237.57 - - [11/Jan/2021:10:49:25 +0800] "GET /xingrg/all/function/internal_message.html?_=1610333367231&CODE_STATE=getMsg HTTP/1.1" 200 27
120.253.135.82 - - [11/Jan/2021:10:49:26 +0800] "POST /xingrg/kc/pszx/mdps_list_operate.html HTTP/1.1" 200 622
116.232.51.203 - - [11/Jan/2021:10:49:26 +0800] "GET /xingrg/kc/print/load_data.html?order_code=212021011104485&kc_code=cgsh&condition= HTTP/1.1" 200 2361
114.88.169.67 - - [11/Jan/2021:10:49:27 +0800] "GET /xingrg/all/function/internal_message.html?_=1610333366151&CODE_STATE=getMsg HTTP/1.1" 200 27
58.221.95.50 - - [11/Jan/2021:10:49:27 +0800] "GET /xingrg/check_reg.html?_=1610333366616 HTTP/1.1" 302 -
120.253.135.82 - - [11/Jan/2021:10:49:28 +0800] "POST /xingrg/kc/pszx/mdps_list_operate.html HTTP/1.1" 200 233
172.17.0.104 - - [11/Jan/2021:10:49:28 +0800] "GET /xingrg/check_reg.html?_=1610333368692 HTTP/1.1" 200 22
120.253.135.82 - - [11/Jan/2021:10:49:30 +0800] "POST /xingrg/kc/pszx/mdps_list_operate.html HTTP/1.1" 200 297
120.253.135.82 - - [11/Jan/2021:10:49:32 +0800] "POST /xingrg/kc/pszx/mdps_list_operate.html HTTP/1.1" 200 637
120.253.135.82 - - [11/Jan/2021:10:49:34 +0800] "POST /xingrg/kc/pszx/mdps_list_operate.html HTTP/1.1" 200 198
116.232.51.203 - - [11/Jan/2021:10:49:35 +0800] "GET /xingrg/kc/buy/cgsh_order_add.html HTTP/1.1" 200 61790
116.232.51.203 - - [11/Jan/2021:10:49:35 +0800] "GET /xingrg/javascript/easyui/themes/default/validatebox.css HTTP/1.1" 404 1104
116.232.51.203 - - [11/Jan/2021:10:49:35 +0800] "POST /xingrg/kc/buy/cgsh_order_operate.html HTTP/1.1" 200 8245
180.156.237.57 - - [11/Jan/2021:10:49:36 +0800] "GET /xingrg/check_reg.html?_=1610333359720 HTTP/1.1" 200 22
120.253.135.82 - - [11/Jan/2021:10:49:36 +0800] "POST /xingrg/kc/pszx/mdps_list_operate.html HTTP/1.1" 200 200
180.156.237.57 - - [11/Jan/2021:10:49:36 +0800] "GET /xingrg/all/function/internal_message.html?_=1610333360149&CODE_STATE=getMsg HTTP/1.1" 200 27
120.253.135.82 - - [11/Jan/2021:10:49:36 +0800] "GET /xingrg/check_reg.html?_=1610333412895 HTTP/1.1" 302 -
117.131.5.26 - - [11/Jan/2021:10:49:37 +0800] "GET /xingrg/check_reg.html?_=1610333426692 HTTP/1.1" 200 22
117.131.5.26 - - [11/Jan/2021:10:49:37 +0800] "GET /xingrg/all/function/internal_message.html?_=1610333426691&CODE_STATE=getMsg HTTP/1.1" 200 27
116.228.172.94 - - [11/Jan/2021:10:49:37 +0800] "GET /xingrg/kc/print/load_data.html?order_code=212021011104487&kc_code=cgsh&condition= HTTP/1.1" 200 979
120.253.135.82 - - [11/Jan/2021:10:49:37 +0800] "POST /xingrg/kc/pszx/mdps_list_operate.html HTTP/1.1" 200 204
116.232.51.203 - - [11/Jan/2021:10:49:38 +0800] "GET /xingrg/index.html?sysBaseUrl=http%3A%2F%2F180.169.147.146%3A18081%2Fxingrg%2F&costTime=55×tamp=1610332505848 HTTP/1.1" 200 17173
116.232.51.203 - - [11/Jan/2021:10:49:38 +0800] "POST /xingrg/all/common/load_tree.html?tree=area_rest_tree_json&manage=1 HTTP/1.1" 200 342
116.232.51.203 - - [11/Jan/2021:10:49:38 +0800] "GET /xingrg/all/function/internal_message.html?_=1610333380703&CODE_STATE=count HTTP/1.1" 200 11
116.232.51.203 - - [11/Jan/2021:10:49:38 +0800] "GET /xingrg/check_reg.html?_=1610333380704 HTTP/1.1" 200 22
116.232.51.203 - - [11/Jan/2021:10:49:38 +0800] "GET /favicon.ico HTTP/1.1" 404 -
116.232.51.203 - - [11/Jan/2021:10:49:38 +0800] "POST /xingrg/load_menu.html HTTP/1.1" 200 5138
180.162.108.15 - - [11/Jan/2021:10:49:39 +0800] "GET /xingrg/check_reg.html?_=1610333249857 HTTP/1.1" 200 22
180.162.108.15 - - [11/Jan/2021:10:49:39 +0800] "GET /xingrg/all/function/internal_message.html?_=1610333249860&CODE_STATE=getMsg HTTP/1.1" 200 27
120.253.135.82 - - [11/Jan/2021:10:49:39 +0800] "POST /xingrg/kc/pszx/mdps_list_operate.html HTTP/1.1" 200 374
222.69.137.25 - - [11/Jan/2021:10:49:40 +0800] "GET /xingrg/check_reg.html?_=1610333378445 HTTP/1.1" 200 22
222.69.137.25 - - [11/Jan/2021:10:49:40 +0800] "GET /xingrg/all/function/internal_message.html?_=1610333378447&CODE_STATE=getMsg HTTP/1.1" 200 27
116.232.51.203 - - [11/Jan/2021:10:49:40 +0800] "GET /xingrg/kc/buy/buy_main.html HTTP/1.1" 200 12412
116.232.51.203 - - [11/Jan/2021:10:49:40 +0800] "GET /xingrg/css/new_ie.css HTTP/1.1" 404 1036
180.157.253.48 - - [11/Jan/2021:10:49:41 +0800] "GET /xingrg/kc/buy/cgsh_order_add.html HTTP/1.1" 200 61749
116.232.51.203 - - [11/Jan/2021:10:49:42 +0800] "GET /xingrg/kc/buy/cgsh_order_list.html HTTP/1.1" 200 46005
180.157.253.48 - - [11/Jan/2021:10:49:42 +0800] "POST /xingrg/kc/buy/cgsh_order_operate.html HTTP/1.1" 200 8245
180.157.253.48 - - [11/Jan/2021:10:49:42 +0800] "GET /xingrg/javascript/easyui/themes/default/validatebox.css HTTP/1.1" 404 1104
116.232.51.203 - - [11/Jan/2021:10:49:43 +0800] "POST /xingrg/kc/buy/cgsh_list_operate.html HTTP/1.1" 200 3848
117.185.32.26 - - [11/Jan/2021:10:49:44 +0800] "GET /xingrg/all/function/internal_message.html?_=1610333384193&CODE_STATE=getMsg HTTP/1.1" 200 27
116.228.172.94 - - [11/Jan/2021:10:49:45 +0800] "GET /xingrg/kc/buy/cgsh_order_add.html HTTP/1.1" 200 61831
116.228.172.94 - - [11/Jan/2021:10:49:45 +0800] "POST /xingrg/kc/buy/cgsh_order_operate.html HTTP/1.1" 200 8245
116.228.172.94 - - [11/Jan/2021:10:49:46 +0800] "GET /xingrg/javascript/easyui/themes/default/validatebox.css HTTP/1.1" 404 1104
116.232.51.203 - - [11/Jan/2021:10:49:46 +0800] "GET /xingrg/words/20210110175342_words.js HTTP/1.1" 200 788790
116.232.51.203 - - [11/Jan/2021:10:49:46 +0800] "GET /xingrg/kc/buy/cgsh_order_add.html HTTP/1.1" 200 61790
116.228.172.94 - - [11/Jan/2021:10:49:47 +0800] "GET /xingrg/javascript/easyui/themes/default/tree.css HTTP/1.1" 404 1090
116.228.172.94 - - [11/Jan/2021:10:49:47 +0800] "POST /xingrg/all/common/load_tree.html?tree=supplier_tree_json&isDelete=1 HTTP/1.1" 200 54158
61.165.42.208 - - [11/Jan/2021:10:49:47 +0800] "GET /xingrg/all/function/internal_message.html?_=1610333388336&CODE_STATE=getMsg HTTP/1.1" 200 27
116.232.51.203 - - [11/Jan/2021:10:49:49 +0800] "GET /xingrg/javascript/easyui/themes/default/validatebox.css HTTP/1.1" 404 1104
116.232.51.203 - - [11/Jan/2021:10:49:49 +0800] "GET /xingrg/all/common/auto_word.html?type=employee&rest_code=00109 HTTP/1.1" 200 205
116.232.51.203 - - [11/Jan/2021:10:49:49 +0800] "POST /xingrg/kc/buy/cgsh_order_operate.html HTTP/1.1" 200 8245
116.232.51.203 - - [11/Jan/2021:10:49:49 +0800] "GET /xingrg/all/common/auto_word.html?type=employee&rest_code=00109 HTTP/1.1" 200 205
117.185.32.26 - - [11/Jan/2021:10:49:51 +0800] "GET /xingrg/all/function/internal_message.html?_=1610333857802&CODE_STATE=getMsg HTTP/1.1" 200 27
180.157.253.48 - - [11/Jan/2021:10:49:52 +0800] "GET /xingrg/all/function/internal_message.html?_=1610333392665&CODE_STATE=getMsg HTTP/1.1" 200 27
116.232.51.203 - - [11/Jan/2021:10:49:52 +0800] "GET /xingrg/javascript/jquery_tools/images/prev.gif HTTP/1.1" 404 1086
116.232.51.203 - - [11/Jan/2021:10:49:52 +0800] "GET /xingrg/javascript/jquery_tools/images/next.gif HTTP/1.1" 404 1086
120.253.135.82 - - [11/Jan/2021:10:49:52 +0800] "GET /xingrg/all/function/internal_message.html?_=1610333151519&CODE_STATE=getMsg HTTP/1.1" 200 27
218.81.216.242 - - [11/Jan/2021:10:49:58 +0800] "GET /xingrg/all/function/internal_message.html?_=1610333414519&CODE_STATE=getMsg HTTP/1.1" 200 27
116.228.172.94 - - [11/Jan/2021:10:50:00 +0800] "GET /xingrg/all/function/internal_message.html?_=1610333398970&CODE_STATE=getMsg HTTP/1.1" 200 27
222.69.133.109 - - [11/Jan/2021:10:50:03 +0800] "GET /xingrg/all/function/internal_message.html?_=1610333402976&CODE_STATE=getMsg HTTP/1.1" 200 27
116.232.51.203 - - [11/Jan/2021:10:50:03 +0800] "GET /xingrg/kc/buy/cgsh_order_operate.html?command=get_materiel&rest_code=00109&code=00101001111&supplier_code=00100038&order_time=2021-01-11 HTTP/1.1" 200 408
116.232.51.203 - - [11/Jan/2021:10:50:11 +0800] "GET /xingrg/kc/buy/cgsh_order_operate.html?command=get_materiel&rest_code=00109&code=00101005037&supplier_code=00100038&order_time=2021-01-11 HTTP/1.1" 200 409
222.69.133.109 - - [11/Jan/2021:10:50:13 +0800] "GET /xingrg/kc/base/wldb_order_add.html HTTP/1.1" 200 30508
222.69.133.109 - - [11/Jan/2021:10:50:13 +0800] "POST /xingrg/kc/base/wldb_order_operate.html HTTP/1.1" 200 6806
222.69.133.109 - - [11/Jan/2021:10:50:13 +0800] "GET /xingrg/all/common/auto_word.html?type=base&rest_code=00154 HTTP/1.1" 200 677
222.69.133.109 - - [11/Jan/2021:10:50:13 +0800] "GET /xingrg/all/common/auto_word.html?type=base&rest_code=00154 HTTP/1.1" 200 677
222.69.133.109 - - [11/Jan/2021:10:50:13 +0800] "GET /xingrg/javascript/easyui/themes/default/validatebox.css HTTP/1.1" 404 1104
172.17.0.123 - - [11/Jan/2021:10:50:14 +0800] "GET /xingrg/check_reg.html?_=1610333315976 HTTP/1.1" 200 22
172.17.0.123 - - [11/Jan/2021:10:50:14 +0800] "GET /xingrg/all/function/internal_message.html?_=1610333315978&CODE_STATE=getMsg HTTP/1.1" 200 27
58.37.230.33 - - [11/Jan/2021:10:50:15 +0800] "GET /xingrg/all/function/internal_message.html?_=1610333446623&CODE_STATE=getMsg HTTP/1.1" 200 27
58.37.230.33 - - [11/Jan/2021:10:50:15 +0800] "GET /xingrg/check_reg.html?_=1610333446889 HTTP/1.1" 200 22
222.69.133.109 - - [11/Jan/2021:10:50:16 +0800] "POST /xingrg/all/common/load_combo.html?type=base HTTP/1.1" 200 1224
116.232.51.203 - - [11/Jan/2021:10:50:17 +0800] "GET /xingrg/javascript/auto/indicator.gif HTTP/1.1" 404 1066
