180.175.150.119 - - [11/Jan/2021:08:19:34 +0800] "GET /xingrg/javascript/easyui/plugins/jquery.parser.js HTTP/1.1" 304 -
180.175.150.119 - - [11/Jan/2021:08:19:34 +0800] "GET /xingrg/images/control/ajaxLoader.gif HTTP/1.1" 304 -
180.175.150.119 - - [11/Jan/2021:08:19:35 +0800] "POST /xingrg/kc/buy/cgsh_list_operate.html HTTP/1.1" 200 876
120.253.135.82 - - [11/Jan/2021:08:19:36 +0800] "GET /xingrg/check_reg.html?_=1610324412237 HTTP/1.1" 302 -
180.175.150.119 - - [11/Jan/2021:08:19:36 +0800] "GET /xingrg/javascript/easyui/themes/default/images/button_plain_hover.png HTTP/1.1" 304 -
180.175.150.119 - - [11/Jan/2021:08:19:36 +0800] "GET /xingrg/javascript/jquery_tools/order_manager.js HTTP/1.1" 304 -
180.175.150.119 - - [11/Jan/2021:08:19:36 +0800] "GET /xingrg/javascript/convert.js HTTP/1.1" 304 -
180.175.150.119 - - [11/Jan/2021:08:19:36 +0800] "GET /xingrg/javascript/json2.js HTTP/1.1" 304 -
180.175.150.119 - - [11/Jan/2021:08:19:36 +0800] "GET /xingrg/kc/buy/cgsh_order_add.html HTTP/1.1" 200 61702
180.175.150.119 - - [11/Jan/2021:08:19:36 +0800] "GET /xingrg/javascript/easyui/themes/icons/copy_new.png HTTP/1.1" 304 -
180.175.150.119 - - [11/Jan/2021:08:19:36 +0800] "GET /xingrg/javascript/easyui/themes/icons/template_new.png HTTP/1.1" 304 -
180.175.150.119 - - [11/Jan/2021:08:19:36 +0800] "GET /xingrg/javascript/easyui/themes/icons/ok.png HTTP/1.1" 304 -
180.175.150.119 - - [11/Jan/2021:08:19:36 +0800] "GET /xingrg/javascript/easyui/themes/icons/print.png HTTP/1.1" 304 -
180.175.150.119 - - [11/Jan/2021:08:19:36 +0800] "GET /xingrg/javascript/easyui/themes/default/images/menu_downarrow.png HTTP/1.1" 304 -
180.175.150.119 - - [11/Jan/2021:08:19:36 +0800] "GET /xingrg/javascript/easyui/themes/icons/cancel.png HTTP/1.1" 304 -
180.175.150.119 - - [11/Jan/2021:08:19:37 +0800] "POST /xingrg/kc/buy/cgsh_order_operate.html HTTP/1.1" 200 8245
180.175.150.119 - - [11/Jan/2021:08:19:37 +0800] "GET /xingrg/javascript/easyui/themes/icons/edit_remove.png HTTP/1.1" 304 -
180.175.150.119 - - [11/Jan/2021:08:19:37 +0800] "GET /xingrg/all/common/auto_word.html?type=employee&rest_code=00102 HTTP/1.1" 200 189
180.175.150.119 - - [11/Jan/2021:08:19:37 +0800] "GET /xingrg/all/common/auto_word.html?type=employee&rest_code=00102 HTTP/1.1" 200 189
180.175.150.119 - - [11/Jan/2021:08:19:37 +0800] "GET /xingrg/javascript/easyui/themes/default/validatebox.css HTTP/1.1" 404 1104
180.175.150.119 - - [11/Jan/2021:08:19:37 +0800] "GET /xingrg/javascript/easyui/plugins/jquery.validatebox.js HTTP/1.1" 304 -
180.175.150.119 - - [11/Jan/2021:08:19:37 +0800] "GET /xingrg/javascript/easyui/plugins/jquery.numberbox.js HTTP/1.1" 304 -
218.81.216.242 - - [11/Jan/2021:08:19:39 +0800] "GET /xingrg/all/function/internal_message.html?_=1610324395697&CODE_STATE=getMsg HTTP/1.1" 200 27
180.156.237.57 - - [11/Jan/2021:08:19:40 +0800] "GET /xingrg/kc/buy/cgsh_order_operate.html?command=get_materiel&rest_code=00150&code=00101008207&supplier_code=00100007&order_time=2021-01-11 HTTP/1.1" 200 408
180.175.150.119 - - [11/Jan/2021:08:19:41 +0800] "GET /xingrg/javascript/easyui/plugins/jquery.draggable.js HTTP/1.1" 304 -
180.175.150.119 - - [11/Jan/2021:08:19:41 +0800] "GET /xingrg/css/images/panel_loading.gif HTTP/1.1" 304 -
180.175.150.119 - - [11/Jan/2021:08:19:42 +0800] "GET /xingrg/javascript/easyui/plugins/jquery.droppable.js HTTP/1.1" 304 -
180.175.150.119 - - [11/Jan/2021:08:19:42 +0800] "GET /xingrg/javascript/easyui/themes/default/tree.css HTTP/1.1" 404 1090
180.175.150.119 - - [11/Jan/2021:08:19:42 +0800] "GET /xingrg/javascript/easyui/plugins/jquery.tree.js HTTP/1.1" 304 -
180.175.150.119 - - [11/Jan/2021:08:19:42 +0800] "POST /xingrg/all/common/load_tree.html?tree=supplier_tree_json&isDelete=1 HTTP/1.1" 200 54158
180.175.150.119 - - [11/Jan/2021:08:19:44 +0800] "GET /xingrg/javascript/easyui/themes/default/images/tree_arrows.gif HTTP/1.1" 304 -
180.175.150.119 - - [11/Jan/2021:08:19:44 +0800] "GET /xingrg/javascript/easyui/themes/default/images/tree_folder_open.gif HTTP/1.1" 304 -
180.175.150.119 - - [11/Jan/2021:08:19:44 +0800] "GET /xingrg/javascript/easyui/themes/default/images/tree_folder.gif HTTP/1.1" 304 -
180.175.150.119 - - [11/Jan/2021:08:19:44 +0800] "GET /xingrg/javascript/easyui/themes/default/images/tree_file.gif HTTP/1.1" 304 -
180.175.150.119 - - [11/Jan/2021:08:19:47 +0800] "GET /xingrg/all/function/internal_message.html?_=1610324626010&CODE_STATE=getMsg HTTP/1.1" 200 27
180.156.237.57 - - [11/Jan/2021:08:19:48 +0800] "GET /xingrg/kc/buy/cgsh_order_operate.html?command=get_materiel&rest_code=00150&code=00101008038&supplier_code=00100007&order_time=2021-01-11 HTTP/1.1" 200 431
180.156.237.57 - - [11/Jan/2021:08:19:55 +0800] "GET /xingrg/kc/buy/cgsh_order_operate.html?command=get_materiel&rest_code=00150&code=00101008358&supplier_code=00100007&order_time=2021-01-11 HTTP/1.1" 200 412
180.156.237.57 - - [11/Jan/2021:08:20:00 +0800] "GET /xingrg/kc/buy/cgsh_order_operate.html?command=get_materiel&rest_code=00150&code=00101008051&supplier_code=00100007&order_time=2021-01-11 HTTP/1.1" 200 408
180.156.237.57 - - [11/Jan/2021:08:20:07 +0800] "GET /xingrg/kc/buy/cgsh_order_operate.html?command=get_materiel&rest_code=00150&code=00101008370&supplier_code=00100007&order_time=2021-01-11 HTTP/1.1" 200 412
180.175.150.119 - - [11/Jan/2021:08:20:09 +0800] "GET /xingrg/javascript/auto/indicator.gif HTTP/1.1" 404 1066
180.175.150.119 - - [11/Jan/2021:08:20:12 +0800] "GET /xingrg/kc/buy/cgsh_order_operate.html?command=get_materiel&rest_code=00102&code=00101008354&supplier_code=00100008&order_time=2021-01-11 HTTP/1.1" 200 412
172.17.0.115 - - [11/Jan/2021:08:20:16 +0800] "GET /xingrg/check_reg.html?_=1610324417617 HTTP/1.1" 200 22
180.156.237.57 - - [11/Jan/2021:08:20:19 +0800] "GET /xingrg/kc/buy/cgsh_order_operate.html?command=get_materiel&rest_code=00150&code=00101008126&supplier_code=00100007&order_time=2021-01-11 HTTP/1.1" 200 412
180.156.237.57 - - [11/Jan/2021:08:20:28 +0800] "GET /xingrg/kc/buy/cgsh_order_operate.html?command=get_materiel&rest_code=00150&code=00101008355&supplier_code=00100007&order_time=2021-01-11 HTTP/1.1" 200 408
180.175.150.119 - - [11/Jan/2021:08:20:28 +0800] "GET /xingrg/kc/buy/cgsh_order_operate.html?command=get_materiel&rest_code=00102&code=00101008028&supplier_code=00100008&order_time=2021-01-11 HTTP/1.1" 200 412
172.17.0.115 - - [11/Jan/2021:08:20:29 +0800] "GET /xingrg/all/function/internal_message.html?_=1610324430187&CODE_STATE=getMsg HTTP/1.1" 200 27
58.37.230.33 - - [11/Jan/2021:08:20:29 +0800] "GET /xingrg/all/function/internal_message.html?_=1610324460698&CODE_STATE=getMsg HTTP/1.1" 200 27
180.156.237.57 - - [11/Jan/2021:08:20:34 +0800] "GET /xingrg/kc/buy/cgsh_order_operate.html?command=get_materiel&rest_code=00150&code=00101008372&supplier_code=00100007&order_time=2021-01-11 HTTP/1.1" 200 408
180.175.150.119 - - [11/Jan/2021:08:20:37 +0800] "GET /xingrg/kc/buy/cgsh_order_operate.html?command=get_materiel&rest_code=00102&code=00101008283&supplier_code=00100008&order_time=2021-01-11 HTTP/1.1" 200 409
218.81.216.242 - - [11/Jan/2021:08:20:39 +0800] "GET /xingrg/check_reg.html?_=1610324455862 HTTP/1.1" 200 22
218.81.216.242 - - [11/Jan/2021:08:20:39 +0800] "GET /xingrg/all/function/internal_message.html?_=1610324455861&CODE_STATE=getMsg HTTP/1.1" 200 27
180.156.237.57 - - [11/Jan/2021:08:20:42 +0800] "GET /xingrg/kc/buy/cgsh_order_operate.html?command=get_materiel&rest_code=00150&code=00101008264&supplier_code=00100007&order_time=2021-01-11 HTTP/1.1" 200 412
180.175.150.119 - - [11/Jan/2021:08:20:47 +0800] "GET /xingrg/all/function/internal_message.html?_=1610324686023&CODE_STATE=getMsg HTTP/1.1" 200 27
180.175.150.119 - - [11/Jan/2021:08:20:47 +0800] "GET /xingrg/kc/buy/cgsh_order_operate.html?command=get_materiel&rest_code=00102&code=00101008351&supplier_code=00100008&order_time=2021-01-11 HTTP/1.1" 200 408
180.156.237.57 - - [11/Jan/2021:08:20:52 +0800] "GET /xingrg/kc/buy/cgsh_order_operate.html?command=get_materiel&rest_code=00150&code=00101008356&supplier_code=00100007&order_time=2021-01-11 HTTP/1.1" 200 408
180.156.237.57 - - [11/Jan/2021:08:20:55 +0800] "POST /xingrg/kc/buy/cgsh_order_operate.html HTTP/1.1" 200 2065
180.175.150.119 - - [11/Jan/2021:08:20:57 +0800] "GET /xingrg/kc/buy/cgsh_order_operate.html?command=get_materiel&rest_code=00102&code=00101008026&supplier_code=00100008&order_time=2021-01-11 HTTP/1.1" 200 409
180.175.150.119 - - [11/Jan/2021:08:21:06 +0800] "GET /xingrg/kc/buy/cgsh_order_operate.html?command=get_materiel&rest_code=00102&code=00101008096&supplier_code=00100008&order_time=2021-01-11 HTTP/1.1" 200 413
180.156.237.57 - - [11/Jan/2021:08:21:08 +0800] "GET /xingrg/kc/buy/cgsh_order_operate.html?command=get_materiel&rest_code=00150&code=00101008251&supplier_code=00100007&order_time=2021-01-11 HTTP/1.1" 200 408
180.175.150.119 - - [11/Jan/2021:08:21:15 +0800] "GET /xingrg/kc/buy/cgsh_order_operate.html?command=get_materiel&rest_code=00102&code=00101008038&supplier_code=00100008&order_time=2021-01-11 HTTP/1.1" 200 431
180.156.237.57 - - [11/Jan/2021:08:21:15 +0800] "GET /xingrg/kc/buy/cgsh_order_operate.html?command=get_materiel&rest_code=00150&code=00101008360&supplier_code=00100007&order_time=2021-01-11 HTTP/1.1" 200 413
180.156.237.57 - - [11/Jan/2021:08:21:22 +0800] "GET /xingrg/kc/buy/cgsh_order_operate.html?command=get_materiel&rest_code=00150&code=00101008069&supplier_code=00100007&order_time=2021-01-11 HTTP/1.1" 200 412
180.175.150.119 - - [11/Jan/2021:08:21:25 +0800] "GET /xingrg/kc/buy/cgsh_order_operate.html?command=get_materiel&rest_code=00102&code=00101008051&supplier_code=00100008&order_time=2021-01-11 HTTP/1.1" 200 408
180.156.237.57 - - [11/Jan/2021:08:21:28 +0800] "GET /xingrg/kc/buy/cgsh_order_operate.html?command=get_materiel&rest_code=00150&code=00101008286&supplier_code=00100007&order_time=2021-01-11 HTTP/1.1" 200 408
172.17.0.115 - - [11/Jan/2021:08:21:29 +0800] "GET /xingrg/all/function/internal_message.html?_=1610324490201&CODE_STATE=getMsg HTTP/1.1" 200 27
58.37.230.33 - - [11/Jan/2021:08:21:29 +0800] "GET /xingrg/all/function/internal_message.html?_=1610324520671&CODE_STATE=getMsg HTTP/1.1" 200 27
180.156.237.57 - - [11/Jan/2021:08:21:35 +0800] "GET /xingrg/kc/buy/cgsh_order_operate.html?command=get_materiel&rest_code=00150&code=00101008036&supplier_code=00100007&order_time=2021-01-11 HTTP/1.1" 200 408
180.175.150.119 - - [11/Jan/2021:08:21:36 +0800] "GET /xingrg/kc/buy/cgsh_order_operate.html?command=get_materiel&rest_code=00102&code=00101008264&supplier_code=00100008&order_time=2021-01-11 HTTP/1.1" 200 412
180.156.237.57 - - [11/Jan/2021:08:21:37 +0800] "POST /xingrg/services/DataTransmitService HTTP/1.1" 200 524
180.156.237.57 - - [11/Jan/2021:08:21:37 +0800] "POST /xingrg/kc/buy/cgsh_order_operate.html HTTP/1.1" 200 2065
218.81.216.242 - - [11/Jan/2021:08:21:39 +0800] "GET /xingrg/all/function/internal_message.html?_=1610324515864&CODE_STATE=getMsg HTTP/1.1" 200 27
180.175.150.119 - - [11/Jan/2021:08:21:44 +0800] "GET /xingrg/kc/buy/cgsh_order_operate.html?command=get_materiel&rest_code=00102&code=00101008137&supplier_code=00100008&order_time=2021-01-11 HTTP/1.1" 200 408
180.175.150.119 - - [11/Jan/2021:08:21:47 +0800] "GET /xingrg/check_reg.html?_=1610324745817 HTTP/1.1" 200 22
180.175.150.119 - - [11/Jan/2021:08:21:47 +0800] "GET /xingrg/all/function/internal_message.html?_=1610324746037&CODE_STATE=getMsg HTTP/1.1" 200 27
58.37.230.33 - - [11/Jan/2021:08:21:53 +0800] "GET /xingrg/check_reg.html?_=1610324544643 HTTP/1.1" 200 22
180.156.237.57 - - [11/Jan/2021:08:21:57 +0800] "GET /xingrg/kc/buy/cgsh_order_operate.html?command=get_materiel&rest_code=00150&code=00101008131&supplier_code=00100007&order_time=2021-01-11 HTTP/1.1" 200 408
180.175.150.119 - - [11/Jan/2021:08:21:59 +0800] "GET /xingrg/kc/buy/cgsh_order_operate.html?command=get_materiel&rest_code=00102&code=00101008270&supplier_code=00100008&order_time=2021-01-11 HTTP/1.1" 200 414
180.156.237.57 - - [11/Jan/2021:08:22:03 +0800] "GET /xingrg/kc/buy/cgsh_order_operate.html?command=get_materiel&rest_code=00150&code=00101008296&supplier_code=00100007&order_time=2021-01-11 HTTP/1.1" 200 416
180.175.150.119 - - [11/Jan/2021:08:22:08 +0800] "GET /xingrg/kc/buy/cgsh_order_operate.html?command=get_materiel&rest_code=00102&code=00101008077&supplier_code=00100008&order_time=2021-01-11 HTTP/1.1" 200 416
180.156.237.57 - - [11/Jan/2021:08:22:10 +0800] "GET /xingrg/kc/buy/cgsh_order_operate.html?command=get_materiel&rest_code=00150&code=00101008098&supplier_code=00100007&order_time=2021-01-11 HTTP/1.1" 200 412
180.175.150.119 - - [11/Jan/2021:08:22:17 +0800] "GET /xingrg/kc/buy/cgsh_order_operate.html?command=get_materiel&rest_code=00102&code=00101008357&supplier_code=00100008&order_time=2021-01-11 HTTP/1.1" 200 408
180.156.237.57 - - [11/Jan/2021:08:22:18 +0800] "GET /xingrg/kc/buy/cgsh_order_operate.html?command=get_materiel&rest_code=00150&code=00101008226&supplier_code=00100007&order_time=2021-01-11 HTTP/1.1" 200 416
180.156.237.57 - - [11/Jan/2021:08:22:24 +0800] "GET /xingrg/kc/buy/cgsh_order_operate.html?command=get_materiel&rest_code=00150&code=00101008005&supplier_code=00100007&order_time=2021-01-11 HTTP/1.1" 200 412
180.156.237.57 - - [11/Jan/2021:08:22:26 +0800] "POST /xingrg/kc/buy/cgsh_order_operate.html HTTP/1.1" 200 2065
180.175.150.119 - - [11/Jan/2021:08:22:27 +0800] "GET /xingrg/kc/buy/cgsh_order_operate.html?command=get_materiel&rest_code=00102&code=00101008286&supplier_code=00100008&order_time=2021-01-11 HTTP/1.1" 200 408
172.17.0.115 - - [11/Jan/2021:08:22:29 +0800] "GET /xingrg/all/function/internal_message.html?_=1610324550230&CODE_STATE=getMsg HTTP/1.1" 200 27
58.37.230.33 - - [11/Jan/2021:08:22:29 +0800] "GET /xingrg/all/function/internal_message.html?_=1610324580652&CODE_STATE=getMsg HTTP/1.1" 200 27
180.156.237.57 - - [11/Jan/2021:08:22:32 +0800] "GET /xingrg/kc/buy/cgsh_order_operate.html?command=get_materiel&rest_code=00150&code=00101008016&supplier_code=00100007&order_time=2021-01-11 HTTP/1.1" 200 416
180.156.237.57 - - [11/Jan/2021:08:22:34 +0800] "GET /xingrg/check_reg.html?_=1610324555747 HTTP/1.1" 200 22
180.175.150.119 - - [11/Jan/2021:08:22:35 +0800] "GET /xingrg/kc/buy/cgsh_order_operate.html?command=get_materiel&rest_code=00102&code=00101008036&supplier_code=00100008&order_time=2021-01-11 HTTP/1.1" 200 408
218.81.216.242 - - [11/Jan/2021:08:22:39 +0800] "GET /xingrg/all/function/internal_message.html?_=1610324575877&CODE_STATE=getMsg HTTP/1.1" 200 27
180.156.237.57 - - [11/Jan/2021:08:22:40 +0800] "GET /xingrg/kc/buy/cgsh_order_operate.html?command=get_materiel&rest_code=00150&code=00101008297&supplier_code=00100007&order_time=2021-01-11 HTTP/1.1" 200 412
180.156.237.57 - - [11/Jan/2021:08:22:46 +0800] "GET /xingrg/kc/buy/cgsh_order_operate.html?command=get_materiel&rest_code=00150&code=00101008344&supplier_code=00100007&order_time=2021-01-11 HTTP/1.1" 200 412
180.175.150.119 - - [11/Jan/2021:08:22:47 +0800] "GET /xingrg/all/function/internal_message.html?_=1610324806050&CODE_STATE=getMsg HTTP/1.1" 200 27
180.175.150.119 - - [11/Jan/2021:08:22:49 +0800] "GET /xingrg/kc/buy/cgsh_order_operate.html?command=get_materiel&rest_code=00102&code=00101008131&supplier_code=00100008&order_time=2021-01-11 HTTP/1.1" 200 408
180.156.237.57 - - [11/Jan/2021:08:22:52 +0800] "GET /xingrg/kc/buy/cgsh_order_operate.html?command=get_materiel&rest_code=00150&code=00101008221&supplier_code=00100007&order_time=2021-01-11 HTTP/1.1" 200 412
180.156.237.57 - - [11/Jan/2021:08:22:57 +0800] "GET /xingrg/kc/buy/cgsh_order_operate.html?command=get_materiel&rest_code=00150&code=00101008095&supplier_code=00100007&order_time=2021-01-11 HTTP/1.1" 200 412
180.156.237.57 - - [11/Jan/2021:08:22:59 +0800] "POST /xingrg/kc/buy/cgsh_order_operate.html HTTP/1.1" 200 2065
180.175.150.119 - - [11/Jan/2021:08:23:01 +0800] "GET /xingrg/kc/buy/cgsh_order_operate.html?command=get_materiel&rest_code=00102&code=00101008098&supplier_code=00100008&order_time=2021-01-11 HTTP/1.1" 200 412
180.156.237.57 - - [11/Jan/2021:08:23:02 +0800] "GET /xingrg/kc/buy/cgsh_order_operate.html?command=get_materiel&rest_code=00150&code=00101008110&supplier_code=00100007&order_time=2021-01-11 HTTP/1.1" 200 408
180.156.237.57 - - [11/Jan/2021:08:23:08 +0800] "GET /xingrg/kc/buy/cgsh_order_operate.html?command=get_materiel&rest_code=00150&code=00101008242&supplier_code=00100007&order_time=2021-01-11 HTTP/1.1" 200 408
180.175.150.119 - - [11/Jan/2021:08:23:10 +0800] "GET /xingrg/kc/buy/cgsh_order_operate.html?command=get_materiel&rest_code=00102&code=00101008005&supplier_code=00100008&order_time=2021-01-11 HTTP/1.1" 200 412
180.175.150.119 - - [11/Jan/2021:08:23:19 +0800] "GET /xingrg/kc/buy/cgsh_order_operate.html?command=get_materiel&rest_code=00102&code=00101008271&supplier_code=00100008&order_time=2021-01-11 HTTP/1.1" 200 408
180.175.150.119 - - [11/Jan/2021:08:23:21 +0800] "POST /xingrg/kc/buy/cgsh_order_operate.html HTTP/1.1" 200 2065
180.175.150.119 - - [11/Jan/2021:08:23:27 +0800] "GET /xingrg/kc/buy/cgsh_order_operate.html?command=get_materiel&rest_code=00102&code=00101008353&supplier_code=00100008&order_time=2021-01-11 HTTP/1.1" 200 408
180.156.237.57 - - [11/Jan/2021:08:23:28 +0800] "GET /xingrg/kc/buy/cgsh_order_operate.html?command=get_materiel&rest_code=00150&code=00101008027&supplier_code=00100007&order_time=2021-01-11 HTTP/1.1" 200 409
172.17.0.115 - - [11/Jan/2021:08:23:29 +0800] "GET /xingrg/all/function/internal_message.html?_=1610324610244&CODE_STATE=getMsg HTTP/1.1" 200 27
58.37.230.33 - - [11/Jan/2021:08:23:29 +0800] "GET /xingrg/all/function/internal_message.html?_=1610324640627&CODE_STATE=getMsg HTTP/1.1" 200 27
222.70.174.7 - - [11/Jan/2021:08:23:33 +0800] "GET /xingrg/check_reg.html?_=1610324614166 HTTP/1.1" 302 -
180.175.150.119 - - [11/Jan/2021:08:23:36 +0800] "GET /xingrg/kc/buy/cgsh_order_operate.html?command=get_materiel&rest_code=00102&code=00101010204&supplier_code=00100008&order_time=2021-01-11 HTTP/1.1" 200 409
180.156.237.57 - - [11/Jan/2021:08:23:38 +0800] "GET /xingrg/kc/buy/cgsh_order_operate.html?command=get_materiel&rest_code=00150&code=00101008283&supplier_code=00100007&order_time=2021-01-11 HTTP/1.1" 200 408
218.81.216.242 - - [11/Jan/2021:08:23:39 +0800] "GET /xingrg/all/function/internal_message.html?_=1610324636039&CODE_STATE=getMsg HTTP/1.1" 200 27
180.175.150.119 - - [11/Jan/2021:08:23:47 +0800] "GET /xingrg/all/function/internal_message.html?_=1610324866063&CODE_STATE=getMsg HTTP/1.1" 200 27
180.175.150.119 - - [11/Jan/2021:08:23:50 +0800] "GET /xingrg/kc/buy/cgsh_order_operate.html?command=get_materiel&rest_code=00102&code=00101006073&supplier_code=00100008&order_time=2021-01-11 HTTP/1.1" 200 409
180.175.150.119 - - [11/Jan/2021:08:24:05 +0800] "GET /xingrg/kc/buy/cgsh_order_operate.html?command=get_materiel&rest_code=00102&code=00101006075&supplier_code=00100008&order_time=2021-01-11 HTTP/1.1" 200 416
180.175.150.119 - - [11/Jan/2021:08:24:16 +0800] "GET /xingrg/kc/buy/cgsh_order_operate.html?command=get_materiel&rest_code=00102&code=00101008229&supplier_code=00100008&order_time=2021-01-11 HTTP/1.1" 200 420
180.175.150.119 - - [11/Jan/2021:08:24:19 +0800] "POST /xingrg/kc/buy/cgsh_order_operate.html HTTP/1.1" 200 2065
180.175.150.119 - - [11/Jan/2021:08:24:26 +0800] "GET /xingrg/kc/buy/cgsh_order_operate.html?command=get_materiel&rest_code=00102&code=00101008125&supplier_code=00100008&order_time=2021-01-11 HTTP/1.1" 200 413
172.17.0.115 - - [11/Jan/2021:08:24:29 +0800] "GET /xingrg/all/function/internal_message.html?_=1610324670269&CODE_STATE=getMsg HTTP/1.1" 200 27
58.37.230.33 - - [11/Jan/2021:08:24:29 +0800] "GET /xingrg/all/function/internal_message.html?_=1610324700598&CODE_STATE=getMsg HTTP/1.1" 200 27
180.175.150.119 - - [11/Jan/2021:08:24:32 +0800] "POST /xingrg/kc/buy/cgsh_order_operate.html HTTP/1.1" 200 37
180.175.150.119 - - [11/Jan/2021:08:24:34 +0800] "POST /xingrg/kc/buy/cgsh_order_operate.html HTTP/1.1" 200 16244
120.253.135.82 - - [11/Jan/2021:08:24:36 +0800] "GET /xingrg/check_reg.html?_=1610324712256 HTTP/1.1" 302 -
218.81.216.242 - - [11/Jan/2021:08:24:39 +0800] "GET /xingrg/all/function/internal_message.html?_=1610324696044&CODE_STATE=getMsg HTTP/1.1" 200 27
180.175.150.119 - - [11/Jan/2021:08:24:47 +0800] "GET /xingrg/all/function/internal_message.html?_=1610324926106&CODE_STATE=getMsg HTTP/1.1" 200 27
180.175.150.119 - - [11/Jan/2021:08:24:49 +0800] "POST /xingrg/kc/buy/cgsh_order_operate.html HTTP/1.1" 200 37
180.175.150.119 - - [11/Jan/2021:08:24:54 +0800] "POST /xingrg/kc/buy/cgsh_order_operate.html HTTP/1.1" 200 16244
180.175.150.119 - - [11/Jan/2021:08:24:56 +0800] "GET /xingrg/kc/buy/cgsh_order_add.html HTTP/1.1" 200 61702
180.175.150.119 - - [11/Jan/2021:08:24:57 +0800] "POST /xingrg/kc/buy/cgsh_order_operate.html HTTP/1.1" 200 8245
180.175.150.119 - - [11/Jan/2021:08:24:57 +0800] "GET /xingrg/javascript/easyui/themes/default/validatebox.css HTTP/1.1" 404 1104
180.175.150.119 - - [11/Jan/2021:08:25:02 +0800] "GET /xingrg/javascript/easyui/themes/default/tree.css HTTP/1.1" 404 1090
180.175.150.119 - - [11/Jan/2021:08:25:02 +0800] "POST /xingrg/all/common/load_tree.html?tree=supplier_tree_json&isDelete=1 HTTP/1.1" 200 54158
172.17.0.115 - - [11/Jan/2021:08:25:16 +0800] "GET /xingrg/check_reg.html?_=1610324717619 HTTP/1.1" 200 22
180.175.150.119 - - [11/Jan/2021:08:25:25 +0800] "GET /xingrg/kc/buy/cgsh_order_operate.html?command=get_materiel&rest_code=00102&code=00101008027&supplier_code=00100008&order_time=2021-01-11 HTTP/1.1" 200 409
172.17.0.115 - - [11/Jan/2021:08:25:29 +0800] "GET /xingrg/all/function/internal_message.html?_=1610324730272&CODE_STATE=getMsg HTTP/1.1" 200 27
58.37.230.33 - - [11/Jan/2021:08:25:29 +0800] "GET /xingrg/all/function/internal_message.html?_=1610324760573&CODE_STATE=getMsg HTTP/1.1" 200 27
218.81.216.242 - - [11/Jan/2021:08:25:39 +0800] "GET /xingrg/check_reg.html?_=1610324756008 HTTP/1.1" 200 22
218.81.216.242 - - [11/Jan/2021:08:25:39 +0800] "GET /xingrg/all/function/internal_message.html?_=1610324756058&CODE_STATE=getMsg HTTP/1.1" 200 27
180.175.150.119 - - [11/Jan/2021:08:25:47 +0800] "GET /xingrg/kc/buy/cgsh_order_operate.html?command=get_materiel&rest_code=00102&code=00101008110&supplier_code=00100008&order_time=2021-01-11 HTTP/1.1" 200 408
180.175.150.119 - - [11/Jan/2021:08:25:47 +0800] "GET /xingrg/all/function/internal_message.html?_=1610324986107&CODE_STATE=getMsg HTTP/1.1" 200 27
180.175.150.119 - - [11/Jan/2021:08:26:04 +0800] "GET /xingrg/kc/buy/cgsh_order_operate.html?command=get_materiel&rest_code=00102&code=00101008356&supplier_code=00100008&order_time=2021-01-11 HTTP/1.1" 200 408
180.175.150.119 - - [11/Jan/2021:08:26:12 +0800] "GET /xingrg/kc/buy/cgsh_order_operate.html?command=get_materiel&rest_code=00102&code=00101008251&supplier_code=00100008&order_time=2021-01-11 HTTP/1.1" 200 408
180.156.237.57 - - [11/Jan/2021:08:26:17 +0800] "POST /xingrg/kc/buy/cgsh_order_operate.html HTTP/1.1" 200 2065
172.17.0.115 - - [11/Jan/2021:08:26:29 +0800] "GET /xingrg/all/function/internal_message.html?_=1610324790285&CODE_STATE=getMsg HTTP/1.1" 200 27
117.131.5.26 - - [11/Jan/2021:08:26:29 +0800] "POST /xingrg/services/DataTransmitService HTTP/1.1" 200 524
58.37.230.33 - - [11/Jan/2021:08:26:29 +0800] "GET /xingrg/all/function/internal_message.html?_=1610324820552&CODE_STATE=getMsg HTTP/1.1" 200 27
218.81.216.242 - - [11/Jan/2021:08:26:39 +0800] "GET /xingrg/all/function/internal_message.html?_=1610324816072&CODE_STATE=getMsg HTTP/1.1" 200 27
180.156.237.57 - - [11/Jan/2021:08:26:44 +0800] "GET /xingrg/kc/buy/cgsh_order_operate.html?command=get_materiel&rest_code=00150&code=00101008361&supplier_code=00100007&order_time=2021-01-11 HTTP/1.1" 200 408
180.175.150.119 - - [11/Jan/2021:08:26:44 +0800] "GET /xingrg/kc/buy/cgsh_order_operate.html?command=get_materiel&rest_code=00102&code=00101008296&supplier_code=00100008&order_time=2021-01-11 HTTP/1.1" 200 416
180.175.150.119 - - [11/Jan/2021:08:26:47 +0800] "GET /xingrg/check_reg.html?_=1610325045826 HTTP/1.1" 200 22
180.175.150.119 - - [11/Jan/2021:08:26:48 +0800] "GET /xingrg/all/function/internal_message.html?_=1610325046388&CODE_STATE=getMsg HTTP/1.1" 200 27
101.89.239.238 - - [11/Jan/2021:08:26:48 +0800] "GET /xingrg/all/function/internal_message.html?_=1610324460698&CODE_STATE=getMsg HTTP/1.1" 302 -
180.156.237.57 - - [11/Jan/2021:08:26:52 +0800] "POST /xingrg/kc/buy/cgsh_order_operate.html HTTP/1.1" 200 2065
58.37.230.33 - - [11/Jan/2021:08:26:53 +0800] "GET /xingrg/check_reg.html?_=1610324844617 HTTP/1.1" 200 22
101.89.239.238 - - [11/Jan/2021:08:26:58 +0800] "GET /xingrg/login.html HTTP/1.1" 200 7641
180.175.150.119 - - [11/Jan/2021:08:26:59 +0800] "GET /xingrg/kc/buy/cgsh_order_operate.html?command=get_materiel&rest_code=00102&code=00101008213&supplier_code=00100008&order_time=2021-01-11 HTTP/1.1" 200 412
180.175.150.119 - - [11/Jan/2021:08:27:07 +0800] "GET /xingrg/kc/buy/cgsh_order_operate.html?command=get_materiel&rest_code=00102&code=00101008042&supplier_code=00100008&order_time=2021-01-11 HTTP/1.1" 200 416
180.175.150.119 - - [11/Jan/2021:08:27:18 +0800] "GET /xingrg/kc/buy/cgsh_order_operate.html?command=get_materiel&rest_code=00102&code=00101008007&supplier_code=00100008&order_time=2021-01-11 HTTP/1.1" 200 413
180.175.150.119 - - [11/Jan/2021:08:27:28 +0800] "GET /xingrg/kc/buy/cgsh_order_operate.html?command=get_materiel&rest_code=00102&code=00101008513&supplier_code=00100008&order_time=2021-01-11 HTTP/1.1" 200 399
172.17.0.115 - - [11/Jan/2021:08:27:29 +0800] "GET /xingrg/all/function/internal_message.html?_=1610324850306&CODE_STATE=getMsg HTTP/1.1" 200 27
58.37.230.33 - - [11/Jan/2021:08:27:29 +0800] "GET /xingrg/all/function/internal_message.html?_=1610324880526&CODE_STATE=getMsg HTTP/1.1" 200 27
180.156.237.57 - - [11/Jan/2021:08:27:34 +0800] "GET /xingrg/check_reg.html?_=1610324855744 HTTP/1.1" 200 22
218.81.216.242 - - [11/Jan/2021:08:27:39 +0800] "GET /xingrg/all/function/internal_message.html?_=1610324876086&CODE_STATE=getMsg HTTP/1.1" 200 27
180.175.150.119 - - [11/Jan/2021:08:27:43 +0800] "GET /xingrg/kc/buy/cgsh_order_operate.html?command=get_materiel&rest_code=00102&code=00101008010&supplier_code=00100008&order_time=2021-01-11 HTTP/1.1" 200 412
180.175.150.119 - - [11/Jan/2021:08:27:48 +0800] "GET /xingrg/all/function/internal_message.html?_=1610325106412&CODE_STATE=getMsg HTTP/1.1" 200 27
180.175.150.119 - - [11/Jan/2021:08:27:52 +0800] "POST /xingrg/kc/buy/cgsh_order_operate.html HTTP/1.1" 200 37
180.175.150.119 - - [11/Jan/2021:08:27:53 +0800] "POST /xingrg/kc/buy/cgsh_order_operate.html HTTP/1.1" 200 11517
180.175.150.119 - - [11/Jan/2021:08:28:01 +0800] "POST /xingrg/kc/buy/cgsh_order_operate.html HTTP/1.1" 200 37
180.175.150.119 - - [11/Jan/2021:08:28:09 +0800] "POST /xingrg/kc/buy/cgsh_order_operate.html HTTP/1.1" 200 11517
180.175.150.119 - - [11/Jan/2021:08:28:12 +0800] "GET /xingrg/kc/buy/cgsh_order_add.html HTTP/1.1" 200 61702
180.175.150.119 - - [11/Jan/2021:08:28:14 +0800] "POST /xingrg/kc/buy/cgsh_order_operate.html HTTP/1.1" 200 8245
180.175.150.119 - - [11/Jan/2021:08:28:14 +0800] "GET /xingrg/javascript/easyui/themes/default/validatebox.css HTTP/1.1" 404 1104
180.175.150.119 - - [11/Jan/2021:08:28:16 +0800] "GET /xingrg/javascript/easyui/themes/default/tree.css HTTP/1.1" 404 1090
180.175.150.119 - - [11/Jan/2021:08:28:16 +0800] "POST /xingrg/all/common/load_tree.html?tree=supplier_tree_json&isDelete=1 HTTP/1.1" 200 54158
180.156.237.57 - - [11/Jan/2021:08:28:28 +0800] "GET /xingrg/kc/buy/cgsh_order_operate.html?command=get_materiel&rest_code=00150&code=00101008223&supplier_code=00100007&order_time=2021-01-11 HTTP/1.1" 200 412
172.17.0.115 - - [11/Jan/2021:08:28:29 +0800] "GET /xingrg/all/function/internal_message.html?_=1610324910312&CODE_STATE=getMsg HTTP/1.1" 200 27
58.37.230.33 - - [11/Jan/2021:08:28:29 +0800] "GET /xingrg/all/function/internal_message.html?_=1610324940506&CODE_STATE=getMsg HTTP/1.1" 200 27
222.70.174.7 - - [11/Jan/2021:08:28:33 +0800] "GET /xingrg/check_reg.html?_=1610324914202 HTTP/1.1" 302 -
218.81.216.242 - - [11/Jan/2021:08:28:40 +0800] "GET /xingrg/all/function/internal_message.html?_=1610324936251&CODE_STATE=getMsg HTTP/1.1" 200 27
180.175.150.119 - - [11/Jan/2021:08:28:41 +0800] "GET /xingrg/kc/buy/cgsh_order_operate.html?command=get_materiel&rest_code=00102&code=00101008337&supplier_code=00100008&order_time=2021-01-11 HTTP/1.1" 200 408
180.175.150.119 - - [11/Jan/2021:08:28:48 +0800] "GET /xingrg/all/function/internal_message.html?_=1610325167107&CODE_STATE=getMsg HTTP/1.1" 200 27
180.175.150.119 - - [11/Jan/2021:08:28:55 +0800] "GET /xingrg/kc/buy/cgsh_order_operate.html?command=get_materiel&rest_code=00102&code=00101008350&supplier_code=00100008&order_time=2021-01-11 HTTP/1.1" 200 408
180.156.237.57 - - [11/Jan/2021:08:29:04 +0800] "GET /xingrg/kc/buy/cgsh_order_operate.html?command=get_materiel&rest_code=00150&code=00101008278&supplier_code=00100007&order_time=2021-01-11 HTTP/1.1" 200 412
180.175.150.119 - - [11/Jan/2021:08:29:11 +0800] "GET /xingrg/kc/buy/cgsh_order_operate.html?command=get_materiel&rest_code=00102&code=00101008223&supplier_code=00100008&order_time=2021-01-11 HTTP/1.1" 200 412
180.156.237.57 - - [11/Jan/2021:08:29:12 +0800] "GET /xingrg/login.html HTTP/1.1" 200 7641
180.156.237.57 - - [11/Jan/2021:08:29:12 +0800] "GET /favicon.ico HTTP/1.1" 404 -
180.156.237.57 - - [11/Jan/2021:08:29:15 +0800] "POST /xingrg/login.do HTTP/1.1" 302 -
180.156.237.57 - - [11/Jan/2021:08:29:15 +0800] "GET /xingrg/index.html?sysBaseUrl=http%3A%2F%2F180.169.147.146%3A18081%2Fxingrg%2F&costTime=40×tamp=1610324955113 HTTP/1.1" 200 17179
180.156.237.57 - - [11/Jan/2021:08:29:15 +0800] "GET /xingrg/javascript/jquery_easy_ui/themes/default/easyui.css HTTP/1.1" 304 -
180.156.237.57 - - [11/Jan/2021:08:29:15 +0800] "GET /xingrg/javascript/jquery_easy_ui/themes/icon.css HTTP/1.1" 304 -
180.156.237.57 - - [11/Jan/2021:08:29:15 +0800] "GET /xingrg/css/form.css HTTP/1.1" 304 -
180.156.237.57 - - [11/Jan/2021:08:29:15 +0800] "GET /xingrg/javascript/jquery_easy_ui/jquery.easyui.min.js HTTP/1.1" 304 -
180.156.237.57 - - [11/Jan/2021:08:29:15 +0800] "GET /xingrg/javascript/jquery_easy_ui/easyui-lang-zh_CN.js HTTP/1.1" 304 -
180.156.237.57 - - [11/Jan/2021:08:29:15 +0800] "GET /xingrg/javascript/jquery-1.4.2.min.js HTTP/1.1" 304 -
180.156.237.57 - - [11/Jan/2021:08:29:15 +0800] "GET /xingrg/javascript/jquery.form.js HTTP/1.1" 304 -
180.156.237.57 - - [11/Jan/2021:08:29:15 +0800] "GET /xingrg/javascript/jquery.utils.js HTTP/1.1" 304 -
180.156.237.57 - - [11/Jan/2021:08:29:15 +0800] "GET /xingrg/javascript/jquery.timers.js HTTP/1.1" 304 -
180.156.237.57 - - [11/Jan/2021:08:29:16 +0800] "GET /favicon.ico HTTP/1.1" 404 -
180.156.237.57 - - [11/Jan/2021:08:29:16 +0800] "POST /xingrg/all/common/load_tree.html?tree=area_rest_tree_json&manage=1 HTTP/1.1" 200 476
180.156.237.57 - - [11/Jan/2021:08:29:17 +0800] "GET /xingrg/all/function/internal_message.html?_=1610324940863&CODE_STATE=count HTTP/1.1" 200 11
180.156.237.57 - - [11/Jan/2021:08:29:17 +0800] "GET /xingrg/check_reg.html?_=1610324940864 HTTP/1.1" 200 22
180.156.237.57 - - [11/Jan/2021:08:29:17 +0800] "POST /xingrg/load_menu.html HTTP/1.1" 200 5138
180.156.237.57 - - [11/Jan/2021:08:29:20 +0800] "GET /xingrg/kc/mdqp/qqps_order_list.html HTTP/1.1" 200 9222
180.156.237.57 - - [11/Jan/2021:08:29:20 +0800] "GET /xingrg/css/blue.css HTTP/1.1" 304 -
180.156.237.57 - - [11/Jan/2021:08:29:20 +0800] "GET /xingrg/javascript/pic_change.js HTTP/1.1" 304 -
180.156.237.57 - - [11/Jan/2021:08:29:20 +0800] "GET /xingrg/dwr/util.js HTTP/1.1" 304 -
180.156.237.57 - - [11/Jan/2021:08:29:20 +0800] "GET /xingrg/javascript/Calendar.js HTTP/1.1" 304 -
180.156.237.57 - - [11/Jan/2021:08:29:20 +0800] "GET /xingrg/dwr/interface/AjaxQqpsService.js HTTP/1.1" 200 16326
180.156.237.57 - - [11/Jan/2021:08:29:20 +0800] "GET /xingrg/dwr/interface/AjaxReportQueryService.js HTTP/1.1" 200 13203
180.156.237.57 - - [11/Jan/2021:08:29:20 +0800] "GET /xingrg/javascript/ToolTips.js HTTP/1.1" 304 -
180.156.237.57 - - [11/Jan/2021:08:29:20 +0800] "GET /xingrg/javascript/myfunction.js HTTP/1.1" 304 -
180.156.237.57 - - [11/Jan/2021:08:29:20 +0800] "GET /xingrg/dwr/engine.js HTTP/1.1" 200 43631
180.156.237.57 - - [11/Jan/2021:08:29:26 +0800] "GET /xingrg/kc/mdqp/qqps_order_list.html?isQuery=1&timeSelect=1&orderTime=day&startTime=2021-01-09&endTime=2021-01-11&state=all&query=%C8%B7++%B6%A8 HTTP/1.1" 200 10603
180.156.237.57 - - [11/Jan/2021:08:29:26 +0800] "GET /xingrg/dwr/interface/AjaxReportQueryService.js HTTP/1.1" 200 13203
180.156.237.57 - - [11/Jan/2021:08:29:26 +0800] "GET /xingrg/dwr/interface/AjaxQqpsService.js HTTP/1.1" 200 16326
180.156.237.57 - - [11/Jan/2021:08:29:26 +0800] "GET /xingrg/dwr/engine.js HTTP/1.1" 200 43631
180.175.150.119 - - [11/Jan/2021:08:29:27 +0800] "GET /xingrg/kc/buy/cgsh_order_operate.html?command=get_materiel&rest_code=00102&code=00101008079&supplier_code=00100008&order_time=2021-01-11 HTTP/1.1" 200 416
172.17.0.115 - - [11/Jan/2021:08:29:29 +0800] "GET /xingrg/all/function/internal_message.html?_=1610324970339&CODE_STATE=getMsg HTTP/1.1" 200 27
58.37.230.33 - - [11/Jan/2021:08:29:29 +0800] "GET /xingrg/all/function/internal_message.html?_=1610325000489&CODE_STATE=getMsg HTTP/1.1" 200 27
180.156.237.57 - - [11/Jan/2021:08:29:30 +0800] "GET /xingrg/kc/mdqp/qqps_order_info.html?code=302021010900208 HTTP/1.1" 200 26409
180.156.237.57 - - [11/Jan/2021:08:29:30 +0800] "GET /xingrg/javascript/auto/jquery.autocomplete.css HTTP/1.1" 304 -
180.156.237.57 - - [11/Jan/2021:08:29:30 +0800] "GET /xingrg/javascript/auto/jquery.autocomplete.js HTTP/1.1" 304 -
180.156.237.57 - - [11/Jan/2021:08:29:30 +0800] "GET /xingrg/javascript/tools/jquery.qtip-1.0.0-rc3.min.js HTTP/1.1" 304 -
180.156.237.57 - - [11/Jan/2021:08:29:30 +0800] "GET /xingrg/javascript/Grid.js HTTP/1.1" 304 -
180.156.237.57 - - [11/Jan/2021:08:29:30 +0800] "GET /xingrg/javascript/print/kc_print.js HTTP/1.1" 304 -
180.156.237.57 - - [11/Jan/2021:08:29:30 +0800] "GET /xingrg/dwr/interface/AjaxComOrderService.js HTTP/1.1" 200 18264
180.156.237.57 - - [11/Jan/2021:08:29:30 +0800] "GET /xingrg/javascript/print/LodopFuncs.js HTTP/1.1" 304 -
180.156.237.57 - - [11/Jan/2021:08:29:30 +0800] "GET /xingrg/javascript/AjaxInfoList.js HTTP/1.1" 304 -
180.156.237.57 - - [11/Jan/2021:08:29:30 +0800] "GET /xingrg/dwr/interface/AjaxQqpsService.js HTTP/1.1" 200 16326
180.156.237.57 - - [11/Jan/2021:08:29:30 +0800] "GET /xingrg/dwr/engine.js HTTP/1.1" 200 43631
180.156.237.57 - - [11/Jan/2021:08:29:30 +0800] "GET /xingrg/words/20210110175342_words.js HTTP/1.1" 200 788790
180.156.237.57 - - [11/Jan/2021:08:29:31 +0800] "POST /xingrg/dwr/call/plaincall/AjaxQqpsService.loadMaterielItems.dwr HTTP/1.1" 200 681
180.156.237.57 - - [11/Jan/2021:08:29:36 +0800] "GET /xingrg/kc/mdqp/qqps_order_list.html?isBack=1 HTTP/1.1" 302 -
120.253.135.82 - - [11/Jan/2021:08:29:36 +0800] "GET /xingrg/check_reg.html?_=1610325012277 HTTP/1.1" 302 -
180.156.237.57 - - [11/Jan/2021:08:29:36 +0800] "GET /xingrg/kc/mdqp/qqps_order_list.html?isQuery=1&timeSelect=1&orderTime=day&startTime=2021-01-09&endTime=2021-01-11&state=all&query=%C8%B7++%B6%A8 HTTP/1.1" 200 8212
180.156.237.57 - - [11/Jan/2021:08:29:37 +0800] "GET /xingrg/kc/mdqp/qqps_order_list.html?isBack=1 HTTP/1.1" 302 -
180.156.237.57 - - [11/Jan/2021:08:29:37 +0800] "GET /xingrg/kc/buy/cgsh_order_operate.html?command=get_materiel&rest_code=00150&code=00101008279&supplier_code=00100007&order_time=2021-01-11 HTTP/1.1" 200 412
180.156.237.57 - - [11/Jan/2021:08:29:37 +0800] "GET /xingrg/kc/mdqp/qqps_order_list.html?isQuery=1&timeSelect=1&orderTime=day&startTime=2021-01-09&endTime=2021-01-11&state=all&query=%C8%B7++%B6%A8 HTTP/1.1" 200 10603
180.156.237.57 - - [11/Jan/2021:08:29:37 +0800] "GET /xingrg/dwr/interface/AjaxQqpsService.js HTTP/1.1" 200 16326
180.156.237.57 - - [11/Jan/2021:08:29:37 +0800] "GET /xingrg/dwr/interface/AjaxReportQueryService.js HTTP/1.1" 200 13203
180.156.237.57 - - [11/Jan/2021:08:29:37 +0800] "GET /xingrg/dwr/engine.js HTTP/1.1" 200 43631
180.175.150.119 - - [11/Jan/2021:08:29:38 +0800] "GET /xingrg/kc/buy/cgsh_order_operate.html?command=get_materiel&rest_code=00102&code=00101015038&supplier_code=00100008&order_time=2021-01-11 HTTP/1.1" 200 418
218.81.216.242 - - [11/Jan/2021:08:29:40 +0800] "GET /xingrg/all/function/internal_message.html?_=1610324996253&CODE_STATE=getMsg HTTP/1.1" 200 27
180.175.150.119 - - [11/Jan/2021:08:29:48 +0800] "GET /xingrg/all/function/internal_message.html?_=1610325227112&CODE_STATE=getMsg HTTP/1.1" 200 27
180.156.237.57 - - [11/Jan/2021:08:29:50 +0800] "GET /xingrg/kc/mdqp/qqps_order_info.html?code=302021010900217 HTTP/1.1" 200 26409
180.156.237.57 - - [11/Jan/2021:08:29:51 +0800] "POST /xingrg/kc/buy/cgsh_order_operate.html HTTP/1.1" 200 2065
180.156.237.57 - - [11/Jan/2021:08:29:52 +0800] "GET /xingrg/dwr/interface/AjaxComOrderService.js HTTP/1.1" 200 18264
180.156.237.57 - - [11/Jan/2021:08:29:52 +0800] "GET /xingrg/dwr/interface/AjaxQqpsService.js HTTP/1.1" 200 16326
180.156.237.57 - - [11/Jan/2021:08:29:52 +0800] "GET /xingrg/dwr/engine.js HTTP/1.1" 200 43631
180.156.237.57 - - [11/Jan/2021:08:29:53 +0800] "POST /xingrg/dwr/call/plaincall/AjaxQqpsService.loadMaterielItems.dwr HTTP/1.1" 200 15165
180.175.150.119 - - [11/Jan/2021:08:29:56 +0800] "GET /xingrg/kc/buy/cgsh_order_operate.html?command=get_materiel&rest_code=00102&code=00101008437&supplier_code=00100008&order_time=2021-01-11 HTTP/1.1" 200 396
180.156.237.57 - - [11/Jan/2021:08:29:59 +0800] "GET /xingrg/kc/buy/cgsh_order_operate.html?command=get_materiel&rest_code=00150&code=00101008353&supplier_code=00100007&order_time=2021-01-11 HTTP/1.1" 200 408
180.175.150.119 - - [11/Jan/2021:08:30:05 +0800] "GET /xingrg/kc/buy/cgsh_order_operate.html?command=get_materiel&rest_code=00102&code=00101008095&supplier_code=00100008&order_time=2021-01-11 HTTP/1.1" 200 412
172.17.0.115 - - [11/Jan/2021:08:30:16 +0800] "GET /xingrg/check_reg.html?_=1610325017624 HTTP/1.1" 200 22
180.156.237.57 - - [11/Jan/2021:08:30:17 +0800] "GET /xingrg/all/function/internal_message.html?_=1610325000868&CODE_STATE=getMsg HTTP/1.1" 200 27
180.175.150.119 - - [11/Jan/2021:08:30:17 +0800] "GET /xingrg/kc/buy/cgsh_order_operate.html?command=get_materiel&rest_code=00102&code=00101008168&supplier_code=00100008&order_time=2021-01-11 HTTP/1.1" 200 413
180.156.237.57 - - [11/Jan/2021:08:30:21 +0800] "GET /xingrg/kc/buy/cgsh_order_operate.html?command=get_materiel&rest_code=00150&code=00101015038&supplier_code=00100007&order_time=2021-01-11 HTTP/1.1" 200 419
180.175.150.119 - - [11/Jan/2021:08:30:28 +0800] "GET /xingrg/kc/buy/cgsh_order_operate.html?command=get_materiel&rest_code=00102&code=00101008114&supplier_code=00100008&order_time=2021-01-11 HTTP/1.1" 200 413
180.156.237.57 - - [11/Jan/2021:08:30:28 +0800] "GET /xingrg/kc/buy/cgsh_order_operate.html?command=get_materiel&rest_code=00150&code=00101008284&supplier_code=00100007&order_time=2021-01-11 HTTP/1.1" 200 413
172.17.0.115 - - [11/Jan/2021:08:30:29 +0800] "GET /xingrg/all/function/internal_message.html?_=1610325030355&CODE_STATE=getMsg HTTP/1.1" 200 27
58.37.230.33 - - [11/Jan/2021:08:30:29 +0800] "GET /xingrg/all/function/internal_message.html?_=1610325060468&CODE_STATE=getMsg HTTP/1.1" 200 27
180.156.237.57 - - [11/Jan/2021:08:30:35 +0800] "GET /xingrg/kc/buy/cgsh_order_operate.html?command=get_materiel&rest_code=00150&code=00101008102&supplier_code=00100007&order_time=2021-01-11 HTTP/1.1" 200 413
180.156.237.57 - - [11/Jan/2021:08:30:37 +0800] "POST /xingrg/kc/buy/cgsh_order_operate.html HTTP/1.1" 200 2065
180.175.150.119 - - [11/Jan/2021:08:30:37 +0800] "GET /xingrg/kc/buy/cgsh_order_operate.html?command=get_materiel&rest_code=00102&code=00101008041&supplier_code=00100008&order_time=2021-01-11 HTTP/1.1" 200 408
218.81.216.242 - - [11/Jan/2021:08:30:40 +0800] "GET /xingrg/check_reg.html?_=1610325056156 HTTP/1.1" 200 22
218.81.216.242 - - [11/Jan/2021:08:30:40 +0800] "GET /xingrg/all/function/internal_message.html?_=1610325056266&CODE_STATE=getMsg HTTP/1.1" 200 27
180.156.237.57 - - [11/Jan/2021:08:30:41 +0800] "GET /xingrg/kc/buy/cgsh_order_operate.html?command=get_materiel&rest_code=00150&code=00101008123&supplier_code=00100007&order_time=2021-01-11 HTTP/1.1" 200 413
61.151.178.236 - - [11/Jan/2021:08:30:42 +0800] "GET /xingrg/all/function/internal_message.html?_=1610324640627&CODE_STATE=getMsg HTTP/1.1" 302 -
180.156.237.57 - - [11/Jan/2021:08:30:48 +0800] "GET /xingrg/kc/buy/cgsh_order_operate.html?command=get_materiel&rest_code=00150&code=00101008114&supplier_code=00100007&order_time=2021-01-11 HTTP/1.1" 200 413
180.175.150.119 - - [11/Jan/2021:08:30:48 +0800] "GET /xingrg/all/function/internal_message.html?_=1610325287126&CODE_STATE=getMsg HTTP/1.1" 200 27
61.151.178.236 - - [11/Jan/2021:08:30:52 +0800] "GET /xingrg/login.html HTTP/1.1" 200 7641
180.175.150.119 - - [11/Jan/2021:08:30:52 +0800] "GET /xingrg/kc/buy/cgsh_order_operate.html?command=get_materiel&rest_code=00102&code=00101015074&supplier_code=00100008&order_time=2021-01-11 HTTP/1.1" 200 408
180.175.150.119 - - [11/Jan/2021:08:31:12 +0800] "GET /xingrg/kc/buy/cgsh_order_operate.html?command=get_materiel&rest_code=00102&code=00101008209&supplier_code=00100008&order_time=2021-01-11 HTTP/1.1" 200 408
180.156.237.57 - - [11/Jan/2021:08:31:17 +0800] "GET /xingrg/all/function/internal_message.html?_=1610325060880&CODE_STATE=getMsg HTTP/1.1" 200 27
180.156.237.57 - - [11/Jan/2021:08:31:17 +0800] "GET /xingrg/css/base.css HTTP/1.1" 304 -
180.156.237.57 - - [11/Jan/2021:08:31:17 +0800] "GET /xingrg/javascript/easyui/themes/icon.css HTTP/1.1" 304 -
180.156.237.57 - - [11/Jan/2021:08:31:17 +0800] "GET /xingrg/css/site.css HTTP/1.1" 304 -
180.156.237.57 - - [11/Jan/2021:08:31:17 +0800] "GET /xingrg/javascript/jquery_tools/datebox.css HTTP/1.1" 304 -
180.156.237.57 - - [11/Jan/2021:08:31:17 +0800] "GET /xingrg/kc/buy/cgsh_order_list.html HTTP/1.1" 200 46011
180.156.237.57 - - [11/Jan/2021:08:31:17 +0800] "GET /xingrg/javascript/jquery_tools/fix.css HTTP/1.1" 304 -
180.156.237.57 - - [11/Jan/2021:08:31:17 +0800] "GET /xingrg/javascript/jquery_tools/table.css HTTP/1.1" 304 -
180.156.237.57 - - [11/Jan/2021:08:31:17 +0800] "GET /xingrg/javascript/easyui/themes/default/easyui.css HTTP/1.1" 304 -
180.156.237.57 - - [11/Jan/2021:08:31:17 +0800] "GET /xingrg/javascript/jquery_tools/jquery.tools.min.js HTTP/1.1" 304 -
180.156.237.57 - - [11/Jan/2021:08:31:17 +0800] "GET /xingrg/javascript/jquery_tools/jquery.tools.extend.js HTTP/1.1" 304 -
180.156.237.57 - - [11/Jan/2021:08:31:17 +0800] "GET /xingrg/javascript/jquery_tools/jquery.tools.hotkey.js HTTP/1.1" 304 -
180.156.237.57 - - [11/Jan/2021:08:31:17 +0800] "GET /xingrg/javascript/jquery_tools/jquery.tools.table.js HTTP/1.1" 304 -
180.156.237.57 - - [11/Jan/2021:08:31:17 +0800] "GET /xingrg/javascript/easyui/easyloader.js HTTP/1.1" 304 -
180.156.237.57 - - [11/Jan/2021:08:31:17 +0800] "GET /xingrg/javascript/jquery_tools/list_manager.js HTTP/1.1" 304 -
180.156.237.57 - - [11/Jan/2021:08:31:17 +0800] "GET /xingrg/javascript/jquery.cookie.js HTTP/1.1" 304 -
180.156.237.57 - - [11/Jan/2021:08:31:17 +0800] "GET /xingrg/javascript/easyui/plugins/jquery.parser.js HTTP/1.1" 304 -
180.156.237.57 - - [11/Jan/2021:08:31:18 +0800] "POST /xingrg/kc/buy/cgsh_list_operate.html HTTP/1.1" 200 876
180.156.237.57 - - [11/Jan/2021:08:31:18 +0800] "GET /xingrg/kc/buy/cgsh_order_operate.html?command=get_materiel&rest_code=00150&code=00101008061&supplier_code=00100007&order_time=2021-01-11 HTTP/1.1" 200 422
180.156.237.57 - - [11/Jan/2021:08:31:22 +0800] "GET /xingrg/javascript/convert.js HTTP/1.1" 304 -
180.156.237.57 - - [11/Jan/2021:08:31:22 +0800] "GET /xingrg/javascript/jquery_tools/order_manager.js HTTP/1.1" 304 -
180.156.237.57 - - [11/Jan/2021:08:31:22 +0800] "GET /xingrg/javascript/json2.js HTTP/1.1" 304 -
180.175.150.119 - - [11/Jan/2021:08:31:22 +0800] "GET /xingrg/kc/buy/cgsh_order_operate.html?command=get_materiel&rest_code=00102&code=00101009030&supplier_code=00100008&order_time=2021-01-11 HTTP/1.1" 200 412
180.156.237.57 - - [11/Jan/2021:08:31:22 +0800] "GET /xingrg/kc/buy/cgsh_order_add.html HTTP/1.1" 200 61679
180.156.237.57 - - [11/Jan/2021:08:31:23 +0800] "GET /xingrg/all/common/auto_word.html?type=employee&rest_code=00150 HTTP/1.1" 200 205
180.156.237.57 - - [11/Jan/2021:08:31:23 +0800] "GET /xingrg/all/common/auto_word.html?type=employee&rest_code=00150 HTTP/1.1" 200 205
180.156.237.57 - - [11/Jan/2021:08:31:23 +0800] "GET /xingrg/javascript/easyui/themes/default/validatebox.css HTTP/1.1" 404 1104
180.156.237.57 - - [11/Jan/2021:08:31:23 +0800] "GET /xingrg/javascript/easyui/plugins/jquery.validatebox.js HTTP/1.1" 304 -
180.156.237.57 - - [11/Jan/2021:08:31:23 +0800] "POST /xingrg/kc/buy/cgsh_order_operate.html HTTP/1.1" 200 8245
180.156.237.57 - - [11/Jan/2021:08:31:23 +0800] "GET /xingrg/javascript/easyui/plugins/jquery.numberbox.js HTTP/1.1" 304 -
180.156.237.57 - - [11/Jan/2021:08:31:26 +0800] "GET /xingrg/javascript/auto/indicator.gif HTTP/1.1" 404 1066
172.17.0.115 - - [11/Jan/2021:08:31:29 +0800] "GET /xingrg/all/function/internal_message.html?_=1610325090369&CODE_STATE=getMsg HTTP/1.1" 200 27
58.37.230.33 - - [11/Jan/2021:08:31:29 +0800] "GET /xingrg/all/function/internal_message.html?_=1610325120445&CODE_STATE=getMsg HTTP/1.1" 200 27
180.156.237.57 - - [11/Jan/2021:08:31:35 +0800] "GET /xingrg/kc/buy/cgsh_order_operate.html?command=get_materiel&rest_code=00150&code=00101006065&supplier_code=00100096&order_time=2021-01-11 HTTP/1.1" 200 411
218.81.216.242 - - [11/Jan/2021:08:31:40 +0800] "GET /xingrg/all/function/internal_message.html?_=1610325116280&CODE_STATE=getMsg HTTP/1.1" 200 27
180.175.150.119 - - [11/Jan/2021:08:31:43 +0800] "GET /xingrg/kc/buy/cgsh_order_operate.html?command=get_materiel&rest_code=00102&code=00101008248&supplier_code=00100008&order_time=2021-01-11 HTTP/1.1" 200 412
180.175.150.119 - - [11/Jan/2021:08:31:47 +0800] "GET /xingrg/check_reg.html?_=1610325346047 HTTP/1.1" 200 22
180.175.150.119 - - [11/Jan/2021:08:31:48 +0800] "GET /xingrg/all/function/internal_message.html?_=1610325347141&CODE_STATE=getMsg HTTP/1.1" 200 27
180.156.237.57 - - [11/Jan/2021:08:31:49 +0800] "GET /xingrg/kc/buy/cgsh_order_operate.html?command=get_materiel&rest_code=00150&code=00101006184&supplier_code=00100096&order_time=2021-01-11 HTTP/1.1" 200 410
58.37.230.33 - - [11/Jan/2021:08:31:53 +0800] "GET /xingrg/check_reg.html?_=1610325144596 HTTP/1.1" 200 22
180.156.237.57 - - [11/Jan/2021:08:31:58 +0800] "POST /xingrg/kc/buy/cgsh_order_operate.html HTTP/1.1" 200 37
180.175.150.119 - - [11/Jan/2021:08:31:59 +0800] "GET /xingrg/kc/buy/cgsh_order_operate.html?command=get_materiel&rest_code=00102&code=00101008210&supplier_code=00100008&order_time=2021-01-11 HTTP/1.1" 200 408
180.156.237.57 - - [11/Jan/2021:08:31:59 +0800] "POST /xingrg/kc/buy/cgsh_order_operate.html HTTP/1.1" 200 36363
180.156.237.57 - - [11/Jan/2021:08:32:07 +0800] "GET /xingrg/kc/buy/cgsh_order_operate.html?command=get_materiel&rest_code=00150&code=00101006055&supplier_code=00100096&order_time=2021-01-11 HTTP/1.1" 200 411
180.175.150.119 - - [11/Jan/2021:08:32:11 +0800] "GET /xingrg/kc/buy/cgsh_order_operate.html?command=get_materiel&rest_code=00102&code=00101008141&supplier_code=00100008&order_time=2021-01-11 HTTP/1.1" 200 413
180.156.237.57 - - [11/Jan/2021:08:32:16 +0800] "GET /xingrg/kc/buy/cgsh_order_operate.html?command=get_materiel&rest_code=00150&code=00101006111&supplier_code=00100096&order_time=2021-01-11 HTTP/1.1" 200 411
180.156.237.57 - - [11/Jan/2021:08:32:17 +0800] "GET /xingrg/all/function/internal_message.html?_=1610325120893&CODE_STATE=getMsg HTTP/1.1" 200 27
180.175.150.119 - - [11/Jan/2021:08:32:22 +0800] "GET /xingrg/kc/buy/cgsh_order_operate.html?command=get_materiel&rest_code=00102&code=00101008355&supplier_code=00100008&order_time=2021-01-11 HTTP/1.1" 200 408
180.175.150.119 - - [11/Jan/2021:08:32:25 +0800] "POST /xingrg/kc/buy/cgsh_order_operate.html HTTP/1.1" 200 2065
172.17.0.115 - - [11/Jan/2021:08:32:29 +0800] "GET /xingrg/all/function/internal_message.html?_=1610325150392&CODE_STATE=getMsg HTTP/1.1" 200 27
58.37.230.33 - - [11/Jan/2021:08:32:29 +0800] "GET /xingrg/all/function/internal_message.html?_=1610325180414&CODE_STATE=getMsg HTTP/1.1" 200 27
180.156.237.57 - - [11/Jan/2021:08:32:34 +0800] "GET /xingrg/check_reg.html?_=1610325155734 HTTP/1.1" 200 22
180.156.237.57 - - [11/Jan/2021:08:32:36 +0800] "GET /xingrg/kc/buy/cgsh_order_operate.html?command=get_materiel&rest_code=00150&code=00101012025&supplier_code=00100096&order_time=2021-01-11 HTTP/1.1" 200 412
61.165.42.208 - - [11/Jan/2021:08:32:39 +0800] "GET /xingrg/index.html?sysBaseUrl=http%3A%2F%2F180.169.147.146%3A18081%2Fxingrg%2F&costTime=36×tamp=1585223203754 HTTP/1.1" 302 -
61.165.42.208 - - [11/Jan/2021:08:32:39 +0800] "GET /xingrg/login.html HTTP/1.1" 200 7641
218.81.216.242 - - [11/Jan/2021:08:32:40 +0800] "GET /xingrg/all/function/internal_message.html?_=1610325176295&CODE_STATE=getMsg HTTP/1.1" 200 27
61.165.42.208 - - [11/Jan/2021:08:32:40 +0800] "GET /favicon.ico HTTP/1.1" 404 -
180.175.150.119 - - [11/Jan/2021:08:32:41 +0800] "GET /xingrg/kc/buy/cgsh_order_operate.html?command=get_materiel&rest_code=00102&code=00101008332&supplier_code=00100008&order_time=2021-01-11 HTTP/1.1" 200 413
61.165.42.208 - - [11/Jan/2021:08:32:45 +0800] "POST /xingrg/login.do HTTP/1.1" 200 2421
61.165.42.208 - - [11/Jan/2021:08:32:45 +0800] "GET /favicon.ico HTTP/1.1" 404 -
61.165.42.208 - - [11/Jan/2021:08:32:46 +0800] "GET /xingrg/login.html HTTP/1.1" 200 7641
61.165.42.208 - - [11/Jan/2021:08:32:46 +0800] "GET /favicon.ico HTTP/1.1" 404 -
61.165.42.208 - - [11/Jan/2021:08:32:47 +0800] "POST /xingrg/login.do HTTP/1.1" 302 -
61.165.42.208 - - [11/Jan/2021:08:32:47 +0800] "GET /xingrg/index.html?sysBaseUrl=http%3A%2F%2F180.169.147.146%3A18081%2Fxingrg%2F&costTime=44×tamp=1610325167387 HTTP/1.1" 200 17173
