222.69.137.25 - - [11/Jan/2021:11:13:40 +0800] "GET /xingrg/all/function/internal_message.html?_=1610334818640&CODE_STATE=getMsg HTTP/1.1" 200 27
117.184.7.26 - - [11/Jan/2021:11:13:40 +0800] "POST /xingrg/dwr/call/plaincall/AjaxQqpsService.saveMaterielItem.dwr HTTP/1.1" 200 79
114.88.169.67 - - [11/Jan/2021:11:13:45 +0800] "POST /xingrg/kc/buy/cgsh_order_operate.html HTTP/1.1" 200 37
180.157.253.48 - - [11/Jan/2021:11:13:45 +0800] "POST /xingrg/kc/buy/cgsh_order_operate.html HTTP/1.1" 200 88
117.185.32.26 - - [11/Jan/2021:11:13:46 +0800] "POST /xingrg/kc/buy/cgsh_order_operate.html HTTP/1.1" 200 37
114.88.169.67 - - [11/Jan/2021:11:13:46 +0800] "POST /xingrg/kc/buy/cgsh_order_operate.html HTTP/1.1" 200 2663
117.185.32.26 - - [11/Jan/2021:11:13:46 +0800] "GET /xingrg/kc/buy/cgsh_order_operate.html?command=get_materiel&rest_code=00106&code=00101012073&supplier_code=00100032&order_time=2021-01-11 HTTP/1.1" 200 417
180.157.253.48 - - [11/Jan/2021:11:13:47 +0800] "GET /xingrg/all/function/internal_message.html?_=1610334828040&CODE_STATE=getMsg HTTP/1.1" 200 27
61.165.42.208 - - [11/Jan/2021:11:13:47 +0800] "GET /xingrg/all/function/internal_message.html?_=1610334828336&CODE_STATE=getMsg HTTP/1.1" 200 27
114.88.169.67 - - [11/Jan/2021:11:13:47 +0800] "GET /xingrg/kc/print/load_data.html?order_code=212021011104547&kc_code=cgsh&condition= HTTP/1.1" 200 686
180.157.253.48 - - [11/Jan/2021:11:13:50 +0800] "POST /xingrg/kc/buy/cgsh_order_operate.html HTTP/1.1" 200 37
117.184.7.26 - - [11/Jan/2021:11:13:50 +0800] "POST /xingrg/dwr/call/plaincall/AjaxQqpsService.getMaterielByCode.dwr HTTP/1.1" 200 2614
117.185.32.26 - - [11/Jan/2021:11:13:50 +0800] "POST /xingrg/kc/buy/cgsh_order_operate.html HTTP/1.1" 200 12
117.185.32.26 - - [11/Jan/2021:11:13:51 +0800] "GET /xingrg/all/function/internal_message.html?_=1610335297989&CODE_STATE=getMsg HTTP/1.1" 200 27
117.184.7.26 - - [11/Jan/2021:11:13:52 +0800] "POST /xingrg/dwr/call/plaincall/AjaxQqpsService.saveMaterielItem.dwr HTTP/1.1" 200 79
120.253.135.82 - - [11/Jan/2021:11:13:52 +0800] "GET /xingrg/check_reg.html?_=1610334591535 HTTP/1.1" 200 22
180.157.253.48 - - [11/Jan/2021:11:13:52 +0800] "POST /xingrg/kc/buy/cgsh_order_operate.html HTTP/1.1" 200 12
117.185.32.26 - - [11/Jan/2021:11:13:52 +0800] "GET /xingrg/kc/buy/cgsh_order_info.html?code=212021011104549 HTTP/1.1" 200 56647
120.253.135.82 - - [11/Jan/2021:11:13:52 +0800] "GET /xingrg/all/function/internal_message.html?_=1610334591839&CODE_STATE=getMsg HTTP/1.1" 200 27
117.185.32.26 - - [11/Jan/2021:11:13:53 +0800] "GET /xingrg/javascript/easyui/themes/default/validatebox.css HTTP/1.1" 404 1104
117.185.32.26 - - [11/Jan/2021:11:13:53 +0800] "POST /xingrg/kc/buy/cgsh_order_operate.html HTTP/1.1" 200 611
180.157.253.48 - - [11/Jan/2021:11:13:53 +0800] "GET /xingrg/kc/buy/cgsh_order_info.html?code=212021011104550 HTTP/1.1" 200 56649
114.88.169.67 - - [11/Jan/2021:11:13:53 +0800] "GET /xingrg/all/function/internal_message.html?_=1610334833030&CODE_STATE=getMsg HTTP/1.1" 200 27
117.184.7.26 - - [11/Jan/2021:11:13:53 +0800] "POST /xingrg/dwr/call/plaincall/AjaxQqpsService.getMaterielByCode.dwr HTTP/1.1" 200 2623
180.157.253.48 - - [11/Jan/2021:11:13:54 +0800] "GET /xingrg/javascript/easyui/themes/default/validatebox.css HTTP/1.1" 404 1104
180.157.253.48 - - [11/Jan/2021:11:13:54 +0800] "POST /xingrg/kc/buy/cgsh_order_operate.html HTTP/1.1" 200 6242
117.185.32.26 - - [11/Jan/2021:11:13:54 +0800] "GET /xingrg/kc/buy/cgsh_order_operate.html?command=get_materiel&rest_code=00106&code=00101010248&supplier_code=00100032&order_time=2021-01-11 HTTP/1.1" 200 430
117.185.32.26 - - [11/Jan/2021:11:13:55 +0800] "POST /xingrg/all/common/load_select.html HTTP/1.1" 200 25
117.185.32.26 - - [11/Jan/2021:11:13:56 +0800] "GET /xingrg/kc/print/load_data.html?order_code=212021011104549&kc_code=cgsh&condition= HTTP/1.1" 200 771
117.184.7.26 - - [11/Jan/2021:11:13:56 +0800] "POST /xingrg/dwr/call/plaincall/AjaxQqpsService.saveMaterielItem.dwr HTTP/1.1" 200 79
117.185.32.26 - - [11/Jan/2021:11:13:58 +0800] "GET /xingrg/kc/buy/cgsh_order_operate.html?command=get_materiel_price&rest_code=00106&code=00101010248&unit_code=00100043&supplier_code=00100032&order_time=2021-01-11 HTTP/1.1" 200 29
180.157.253.48 - - [11/Jan/2021:11:13:59 +0800] "GET /xingrg/kc/print/load_data.html?order_code=212021011104550&kc_code=cgsh&condition= HTTP/1.1" 200 3115
117.184.7.26 - - [11/Jan/2021:11:14:01 +0800] "POST /xingrg/dwr/call/plaincall/AjaxQqpsService.getMaterielByCode.dwr HTTP/1.1" 200 2657
218.81.216.242 - - [11/Jan/2021:11:14:01 +0800] "GET /xingrg/all/function/internal_message.html?_=1610334858265&CODE_STATE=getMsg HTTP/1.1" 200 27
218.81.216.242 - - [11/Jan/2021:11:14:01 +0800] "GET /xingrg/kc/buy/cgsh_order_list.html HTTP/1.1" 200 46011
218.81.216.242 - - [11/Jan/2021:11:14:03 +0800] "POST /xingrg/kc/buy/cgsh_list_operate.html HTTP/1.1" 200 3858
222.69.133.109 - - [11/Jan/2021:11:14:03 +0800] "GET /xingrg/all/function/internal_message.html?_=1610334843013&CODE_STATE=getMsg HTTP/1.1" 200 27
218.81.216.242 - - [11/Jan/2021:11:14:04 +0800] "GET /xingrg/kc/buy/cgsh_order_add.html HTTP/1.1" 200 61749
218.81.216.242 - - [11/Jan/2021:11:14:04 +0800] "POST /xingrg/kc/buy/cgsh_order_operate.html HTTP/1.1" 200 8245
117.184.7.26 - - [11/Jan/2021:11:14:04 +0800] "POST /xingrg/dwr/call/plaincall/AjaxQqpsService.saveMaterielItem.dwr HTTP/1.1" 200 79
218.81.216.242 - - [11/Jan/2021:11:14:04 +0800] "GET /xingrg/javascript/easyui/themes/default/validatebox.css HTTP/1.1" 404 1104
117.184.7.26 - - [11/Jan/2021:11:14:06 +0800] "POST /xingrg/dwr/call/plaincall/AjaxQqpsService.checkOrder.dwr HTTP/1.1" 200 79
117.185.32.26 - - [11/Jan/2021:11:14:07 +0800] "GET /xingrg/kc/buy/cgsh_order_add.html HTTP/1.1" 200 61743
117.184.7.26 - - [11/Jan/2021:11:14:08 +0800] "GET /xingrg/kc/mdqp/qqps_order_info.html?code=302021011000265 HTTP/1.1" 200 26397
117.185.32.26 - - [11/Jan/2021:11:14:08 +0800] "POST /xingrg/kc/buy/cgsh_order_operate.html HTTP/1.1" 200 8245
117.185.32.26 - - [11/Jan/2021:11:14:08 +0800] "GET /xingrg/javascript/easyui/themes/default/validatebox.css HTTP/1.1" 404 1104
117.184.7.26 - - [11/Jan/2021:11:14:08 +0800] "GET /xingrg/dwr/interface/AjaxComOrderService.js HTTP/1.1" 200 18264
117.184.7.26 - - [11/Jan/2021:11:14:08 +0800] "GET /xingrg/dwr/interface/AjaxQqpsService.js HTTP/1.1" 200 16326
117.184.7.26 - - [11/Jan/2021:11:14:08 +0800] "GET /xingrg/dwr/engine.js HTTP/1.1" 200 43631
117.184.7.26 - - [11/Jan/2021:11:14:09 +0800] "POST /xingrg/dwr/call/plaincall/AjaxQqpsService.loadMaterielItems.dwr HTTP/1.1" 200 6968
116.228.172.94 - - [11/Jan/2021:11:14:09 +0800] "GET /xingrg/check_reg.html?_=1610334847512 HTTP/1.1" 200 22
117.185.32.26 - - [11/Jan/2021:11:14:09 +0800] "GET /xingrg/kc/buy/cgsh_order_operate.html?command=get_materiel&rest_code=00106&code=00101016053&supplier_code=00100032&order_time=2021-01-11 HTTP/1.1" 200 408
116.228.172.94 - - [11/Jan/2021:11:14:09 +0800] "GET /xingrg/all/function/internal_message.html?_=1610334847641&CODE_STATE=getMsg HTTP/1.1" 200 27
117.185.32.26 - - [11/Jan/2021:11:14:09 +0800] "GET /xingrg/javascript/easyui/themes/default/tree.css HTTP/1.1" 404 1090
117.185.32.26 - - [11/Jan/2021:11:14:10 +0800] "POST /xingrg/all/common/load_tree.html?tree=supplier_tree_json&isDelete=1 HTTP/1.1" 200 54158
218.81.216.242 - - [11/Jan/2021:11:14:10 +0800] "GET /xingrg/kc/buy/cgsh_order_list.html HTTP/1.1" 200 46011
218.81.216.242 - - [11/Jan/2021:11:14:11 +0800] "POST /xingrg/kc/buy/cgsh_list_operate.html HTTP/1.1" 200 3858
172.17.0.123 - - [11/Jan/2021:11:14:11 +0800] "GET /xingrg/all/function/internal_message.html?_=1610334752962&CODE_STATE=getMsg HTTP/1.1" 200 27
61.165.42.208 - - [11/Jan/2021:11:14:13 +0800] "GET /xingrg/all/function/internal_message.html?_=1610334835376&CODE_STATE=getMsg HTTP/1.1" 200 27
218.81.216.242 - - [11/Jan/2021:11:14:14 +0800] "POST /xingrg/kc/buy/cgsh_list_operate.html HTTP/1.1" 200 346
58.37.230.33 - - [11/Jan/2021:11:14:14 +0800] "GET /xingrg/all/function/internal_message.html?_=1610334886026&CODE_STATE=getMsg HTTP/1.1" 200 27
218.81.216.242 - - [11/Jan/2021:11:14:18 +0800] "POST /xingrg/kc/buy/cgsh_list_operate.html HTTP/1.1" 200 572
117.185.32.26 - - [11/Jan/2021:11:14:19 +0800] "GET /xingrg/kc/buy/cgsh_order_operate.html?command=get_materiel&rest_code=00106&code=00101001111&supplier_code=00100032&order_time=2021-01-11 HTTP/1.1" 200 410
172.17.200.101 - - [11/Jan/2021:11:14:20 +0800] "GET /xingrg/check_reg.html?_=1610334862326 HTTP/1.1" 200 22
172.17.200.101 - - [11/Jan/2021:11:14:20 +0800] "GET /xingrg/all/function/internal_message.html?_=1610334862329&CODE_STATE=getMsg HTTP/1.1" 200 27
218.81.216.242 - - [11/Jan/2021:11:14:24 +0800] "POST /xingrg/kc/buy/cgsh_list_operate.html HTTP/1.1" 200 496
180.156.237.57 - - [11/Jan/2021:11:14:25 +0800] "GET /xingrg/all/function/internal_message.html?_=1610334867324&CODE_STATE=getMsg HTTP/1.1" 200 27
117.185.32.26 - - [11/Jan/2021:11:14:25 +0800] "GET /xingrg/kc/buy/cgsh_order_operate.html?command=get_materiel&rest_code=00106&code=00101002006&supplier_code=00100091&order_time=2021-01-11 HTTP/1.1" 200 414
218.81.216.242 - - [11/Jan/2021:11:14:26 +0800] "POST /xingrg/kc/buy/cgsh_list_operate.html HTTP/1.1" 200 561
58.221.95.50 - - [11/Jan/2021:11:14:26 +0800] "GET /xingrg/check_reg.html?_=1610334866574 HTTP/1.1" 302 -
172.17.0.111 - - [11/Jan/2021:11:14:27 +0800] "GET /favicon.ico HTTP/1.1" 404 -
172.17.0.111 - - [11/Jan/2021:11:14:28 +0800] "GET /favicon.ico HTTP/1.1" 404 -
172.17.0.104 - - [11/Jan/2021:11:14:28 +0800] "GET /xingrg/check_reg.html?_=1610334868576 HTTP/1.1" 200 22
172.17.0.111 - - [11/Jan/2021:11:14:28 +0800] "GET /favicon.ico HTTP/1.1" 404 -
218.81.216.242 - - [11/Jan/2021:11:14:29 +0800] "POST /xingrg/kc/buy/cgsh_list_operate.html HTTP/1.1" 200 563
117.184.7.26 - - [11/Jan/2021:11:14:29 +0800] "POST /xingrg/dwr/call/plaincall/AjaxQqpsService.uncheckOrder.dwr HTTP/1.1" 200 78
117.184.7.26 - - [11/Jan/2021:11:14:30 +0800] "GET /xingrg/kc/mdqp/qqps_order_info.html?code=302021011000265 HTTP/1.1" 200 28158
117.184.7.26 - - [11/Jan/2021:11:14:30 +0800] "GET /xingrg/javascript/jquery_easy_ui/themes/icon.css HTTP/1.1" 304 -
117.184.7.26 - - [11/Jan/2021:11:14:30 +0800] "GET /xingrg/css/blue.css HTTP/1.1" 304 -
117.184.7.26 - - [11/Jan/2021:11:14:30 +0800] "GET /xingrg/javascript/auto/jquery.autocomplete.js HTTP/1.1" 304 -
117.184.7.26 - - [11/Jan/2021:11:14:30 +0800] "GET /xingrg/javascript/auto/jquery.autocomplete.css HTTP/1.1" 304 -
117.184.7.26 - - [11/Jan/2021:11:14:30 +0800] "GET /xingrg/javascript/pic_change.js HTTP/1.1" 304 -
117.184.7.26 - - [11/Jan/2021:11:14:30 +0800] "GET /xingrg/javascript/jquery.utils.js HTTP/1.1" 304 -
117.184.7.26 - - [11/Jan/2021:11:14:30 +0800] "GET /xingrg/javascript/jquery-1.4.2.min.js HTTP/1.1" 304 -
117.184.7.26 - - [11/Jan/2021:11:14:30 +0800] "GET /xingrg/javascript/jquery_easy_ui/jquery.easyui.min.js HTTP/1.1" 304 -
117.184.7.26 - - [11/Jan/2021:11:14:30 +0800] "GET /xingrg/dwr/util.js HTTP/1.1" 304 -
117.184.7.26 - - [11/Jan/2021:11:14:30 +0800] "GET /xingrg/javascript/jquery_easy_ui/easyui-lang-zh_CN.js HTTP/1.1" 304 -
117.184.7.26 - - [11/Jan/2021:11:14:30 +0800] "GET /xingrg/javascript/tools/jquery.qtip-1.0.0-rc3.min.js HTTP/1.1" 304 -
117.184.7.26 - - [11/Jan/2021:11:14:30 +0800] "GET /xingrg/javascript/Calendar.js HTTP/1.1" 304 -
117.184.7.26 - - [11/Jan/2021:11:14:30 +0800] "GET /xingrg/javascript/myfunction.js HTTP/1.1" 304 -
117.184.7.26 - - [11/Jan/2021:11:14:30 +0800] "GET /xingrg/javascript/jquery_easy_ui/themes/default/easyui.css HTTP/1.1" 304 -
117.184.7.26 - - [11/Jan/2021:11:14:30 +0800] "GET /xingrg/javascript/jquery_easy_ui/themes/icon.css HTTP/1.1" 304 -
117.184.7.26 - - [11/Jan/2021:11:14:30 +0800] "GET /xingrg/javascript/AjaxInfoList.js HTTP/1.1" 304 -
117.184.7.26 - - [11/Jan/2021:11:14:30 +0800] "GET /xingrg/javascript/ToolTips.js HTTP/1.1" 304 -
117.184.7.26 - - [11/Jan/2021:11:14:30 +0800] "GET /xingrg/javascript/Grid.js HTTP/1.1" 304 -
117.184.7.26 - - [11/Jan/2021:11:14:30 +0800] "GET /xingrg/dwr/interface/AjaxComOrderService.js HTTP/1.1" 200 18264
117.184.7.26 - - [11/Jan/2021:11:14:30 +0800] "GET /xingrg/dwr/interface/AjaxQqpsService.js HTTP/1.1" 200 16326
117.184.7.26 - - [11/Jan/2021:11:14:30 +0800] "GET /xingrg/dwr/engine.js HTTP/1.1" 200 43631
117.184.7.26 - - [11/Jan/2021:11:14:30 +0800] "GET /xingrg/javascript/print/LodopFuncs.js HTTP/1.1" 304 -
117.184.7.26 - - [11/Jan/2021:11:14:30 +0800] "GET /xingrg/javascript/print/kc_print.js HTTP/1.1" 304 -
117.184.7.26 - - [11/Jan/2021:11:14:30 +0800] "GET /xingrg/words/20210110175342_words.js HTTP/1.1" 304 -
180.175.150.119 - - [11/Jan/2021:11:14:31 +0800] "GET /xingrg/kc/buy/cgsh_order_operate.html?command=get_materiel&rest_code=00102&code=00101002013&supplier_code=00100347&order_time=2021-01-10 HTTP/1.1" 200 416
117.184.7.26 - - [11/Jan/2021:11:14:31 +0800] "GET /xingrg/images/blue/button/kc_tab_add.gif HTTP/1.1" 304 -
117.184.7.26 - - [11/Jan/2021:11:14:31 +0800] "GET /xingrg/images/blue/button/kc_tab_edit.gif HTTP/1.1" 304 -
117.184.7.26 - - [11/Jan/2021:11:14:31 +0800] "GET /xingrg/images/blue/button/kc_tab_save.gif HTTP/1.1" 304 -
117.184.7.26 - - [11/Jan/2021:11:14:31 +0800] "GET /xingrg/images/blue/button/kc_tab_del.gif HTTP/1.1" 304 -
117.184.7.26 - - [11/Jan/2021:11:14:31 +0800] "GET /xingrg/images/blue/wait.gif HTTP/1.1" 304 -
117.184.7.26 - - [11/Jan/2021:11:14:31 +0800] "POST /xingrg/dwr/call/plaincall/AjaxQqpsService.loadMaterielItems.dwr HTTP/1.1" 200 6968
218.81.216.242 - - [11/Jan/2021:11:14:32 +0800] "POST /xingrg/kc/buy/cgsh_list_operate.html HTTP/1.1" 200 585
218.81.216.242 - - [11/Jan/2021:11:14:34 +0800] "POST /xingrg/kc/buy/cgsh_list_operate.html HTTP/1.1" 200 198
180.156.237.57 - - [11/Jan/2021:11:14:36 +0800] "GET /xingrg/check_reg.html?_=1610334859746 HTTP/1.1" 200 22
117.184.7.26 - - [11/Jan/2021:11:14:36 +0800] "GET /xingrg/all/function/internal_message.html?_=1610334875836&CODE_STATE=getMsg HTTP/1.1" 200 27
180.156.237.57 - - [11/Jan/2021:11:14:36 +0800] "GET /xingrg/all/function/internal_message.html?_=1610334860490&CODE_STATE=getMsg HTTP/1.1" 200 27
120.253.135.82 - - [11/Jan/2021:11:14:37 +0800] "GET /xingrg/check_reg.html?_=1610334913014 HTTP/1.1" 302 -
101.85.93.83 - - [11/Jan/2021:11:14:37 +0800] "GET /xingrg/check_reg.html?_=1610334544639 HTTP/1.1" 200 22
101.85.93.83 - - [11/Jan/2021:11:14:37 +0800] "GET /xingrg/all/function/internal_message.html?_=1610334544642&CODE_STATE=getMsg HTTP/1.1" 200 27
117.131.5.26 - - [11/Jan/2021:11:14:37 +0800] "GET /xingrg/all/function/internal_message.html?_=1610334926740&CODE_STATE=getMsg HTTP/1.1" 200 27
117.131.5.26 - - [11/Jan/2021:11:14:37 +0800] "GET /xingrg/check_reg.html?_=1610334926742 HTTP/1.1" 200 22
117.185.32.26 - - [11/Jan/2021:11:14:37 +0800] "POST /xingrg/kc/buy/cgsh_order_operate.html HTTP/1.1" 200 37
218.81.216.242 - - [11/Jan/2021:11:14:37 +0800] "GET /xingrg/kc/buy/cgsh_order_add.html HTTP/1.1" 200 61749
218.81.216.242 - - [11/Jan/2021:11:14:37 +0800] "POST /xingrg/kc/buy/cgsh_order_operate.html HTTP/1.1" 200 8245
218.81.216.242 - - [11/Jan/2021:11:14:37 +0800] "GET /xingrg/javascript/easyui/themes/default/validatebox.css HTTP/1.1" 404 1104
180.162.108.15 - - [11/Jan/2021:11:14:39 +0800] "GET /xingrg/all/function/internal_message.html?_=1610334749850&CODE_STATE=getMsg HTTP/1.1" 200 27
180.162.108.15 - - [11/Jan/2021:11:14:39 +0800] "GET /xingrg/check_reg.html?_=1610334749851 HTTP/1.1" 200 22
117.185.32.26 - - [11/Jan/2021:11:14:39 +0800] "POST /xingrg/kc/buy/cgsh_order_operate.html HTTP/1.1" 200 37
222.69.137.25 - - [11/Jan/2021:11:14:40 +0800] "GET /xingrg/all/function/internal_message.html?_=1610334878609&CODE_STATE=getMsg HTTP/1.1" 200 27
222.69.137.25 - - [11/Jan/2021:11:14:40 +0800] "GET /xingrg/check_reg.html?_=1610334878769 HTTP/1.1" 200 22
117.184.7.26 - - [11/Jan/2021:11:14:41 +0800] "GET /xingrg/images/yd/bt2.gif HTTP/1.1" 404 1042
117.185.32.26 - - [11/Jan/2021:11:14:41 +0800] "POST /xingrg/kc/buy/cgsh_order_operate.html HTTP/1.1" 200 12
117.184.7.26 - - [11/Jan/2021:11:14:42 +0800] "POST /xingrg/dwr/call/plaincall/AjaxQqpsService.saveMaterielItem.dwr HTTP/1.1" 200 78
117.185.32.26 - - [11/Jan/2021:11:14:43 +0800] "POST /xingrg/kc/buy/cgsh_order_operate.html HTTP/1.1" 200 12
117.185.32.26 - - [11/Jan/2021:11:14:43 +0800] "GET /xingrg/kc/buy/cgsh_order_info.html?code=212021011104552 HTTP/1.1" 200 56649
117.185.32.26 - - [11/Jan/2021:11:14:44 +0800] "GET /xingrg/javascript/easyui/themes/default/validatebox.css HTTP/1.1" 404 1104
117.185.32.26 - - [11/Jan/2021:11:14:44 +0800] "GET /xingrg/kc/buy/cgsh_order_info.html?code=212021011104551 HTTP/1.1" 200 56655
117.185.32.26 - - [11/Jan/2021:11:14:44 +0800] "POST /xingrg/kc/buy/cgsh_order_operate.html HTTP/1.1" 200 611
117.185.32.26 - - [11/Jan/2021:11:14:45 +0800] "GET /xingrg/javascript/easyui/themes/default/validatebox.css HTTP/1.1" 404 1104
117.185.32.26 - - [11/Jan/2021:11:14:45 +0800] "POST /xingrg/kc/buy/cgsh_order_operate.html HTTP/1.1" 200 3568
117.184.7.26 - - [11/Jan/2021:11:14:46 +0800] "POST /xingrg/dwr/call/plaincall/AjaxQqpsService.saveMaterielItem.dwr HTTP/1.1" 200 78
117.185.32.26 - - [11/Jan/2021:11:14:46 +0800] "GET /xingrg/kc/print/load_data.html?order_code=212021011104552&kc_code=cgsh&condition= HTTP/1.1" 200 772
180.157.253.48 - - [11/Jan/2021:11:14:47 +0800] "GET /xingrg/all/function/internal_message.html?_=1610334888042&CODE_STATE=getMsg HTTP/1.1" 200 27
61.165.42.208 - - [11/Jan/2021:11:14:47 +0800] "GET /xingrg/all/function/internal_message.html?_=1610334888362&CODE_STATE=getMsg HTTP/1.1" 200 27
117.185.32.26 - - [11/Jan/2021:11:14:48 +0800] "GET /xingrg/kc/print/load_data.html?order_code=212021011104551&kc_code=cgsh&condition= HTTP/1.1" 200 1856
117.185.32.26 - - [11/Jan/2021:11:14:51 +0800] "GET /xingrg/all/function/internal_message.html?_=1610335357964&CODE_STATE=getMsg HTTP/1.1" 200 27
120.253.135.82 - - [11/Jan/2021:11:14:52 +0800] "GET /xingrg/all/function/internal_message.html?_=1610334651853&CODE_STATE=getMsg HTTP/1.1" 200 27
114.88.169.67 - - [11/Jan/2021:11:14:54 +0800] "GET /xingrg/all/function/internal_message.html?_=1610334893459&CODE_STATE=getMsg HTTP/1.1" 200 27
117.185.32.26 - - [11/Jan/2021:11:14:55 +0800] "GET /xingrg/kc/print/load_data.html?order_code=212021011104551&kc_code=cgsh HTTP/1.1" 200 1856
180.175.150.119 - - [11/Jan/2021:11:14:56 +0800] "GET /xingrg/kc/buy/cgsh_order_operate.html?command=get_materiel&rest_code=00102&code=00101020225&supplier_code=00100347&order_time=2021-01-10 HTTP/1.1" 200 403
117.185.32.26 - - [11/Jan/2021:11:14:58 +0800] "GET /xingrg/kc/buy/cgsh_order_add.html HTTP/1.1" 200 61743
117.185.32.26 - - [11/Jan/2021:11:14:59 +0800] "GET /xingrg/javascript/easyui/themes/default/validatebox.css HTTP/1.1" 404 1104
117.185.32.26 - - [11/Jan/2021:11:14:59 +0800] "POST /xingrg/kc/buy/cgsh_order_operate.html HTTP/1.1" 200 8245
117.185.32.26 - - [11/Jan/2021:11:15:01 +0800] "GET /xingrg/javascript/easyui/themes/default/tree.css HTTP/1.1" 404 1090
117.185.32.26 - - [11/Jan/2021:11:15:01 +0800] "POST /xingrg/all/common/load_tree.html?tree=supplier_tree_json&isDelete=1 HTTP/1.1" 200 54158
218.81.216.242 - - [11/Jan/2021:11:15:01 +0800] "GET /xingrg/all/function/internal_message.html?_=1610334918276&CODE_STATE=getMsg HTTP/1.1" 200 27
116.228.172.94 - - [11/Jan/2021:11:15:02 +0800] "GET /xingrg/kc/base/base_main.html HTTP/1.1" 200 12142
222.69.133.109 - - [11/Jan/2021:11:15:03 +0800] "GET /xingrg/all/function/internal_message.html?_=1610334903015&CODE_STATE=getMsg HTTP/1.1" 200 27
218.81.216.242 - - [11/Jan/2021:11:15:03 +0800] "GET /xingrg/kc/buy/cgsh_order_operate.html?command=get_materiel&rest_code=00146&code=00101018011&supplier_code=00100330&order_time=2021-01-11 HTTP/1.1" 200 413
116.228.172.94 - - [11/Jan/2021:11:15:04 +0800] "GET /xingrg/kc/base/wldb_order_list.html HTTP/1.1" 200 19345
116.228.172.94 - - [11/Jan/2021:11:15:05 +0800] "POST /xingrg/kc/base/wldb_list_operate.html HTTP/1.1" 200 928
117.184.7.26 - - [11/Jan/2021:11:15:05 +0800] "POST /xingrg/dwr/call/plaincall/AjaxQqpsService.checkOrder.dwr HTTP/1.1" 200 78
116.228.172.94 - - [11/Jan/2021:11:15:05 +0800] "GET /xingrg/kc/base/wldb_order_add.html HTTP/1.1" 200 30504
117.184.7.26 - - [11/Jan/2021:11:15:06 +0800] "GET /xingrg/kc/mdqp/qqps_order_info.html?code=302021011000265 HTTP/1.1" 200 26397
117.184.7.26 - - [11/Jan/2021:11:15:06 +0800] "GET /xingrg/dwr/interface/AjaxComOrderService.js HTTP/1.1" 200 18264
117.184.7.26 - - [11/Jan/2021:11:15:06 +0800] "GET /xingrg/dwr/interface/AjaxQqpsService.js HTTP/1.1" 200 16326
117.184.7.26 - - [11/Jan/2021:11:15:06 +0800] "GET /xingrg/dwr/engine.js HTTP/1.1" 200 43631
116.228.172.94 - - [11/Jan/2021:11:15:06 +0800] "GET /xingrg/all/common/auto_word.html?type=base&rest_code=00107 HTTP/1.1" 200 1861
116.228.172.94 - - [11/Jan/2021:11:15:06 +0800] "GET /xingrg/all/common/auto_word.html?type=base&rest_code=00107 HTTP/1.1" 200 1861
116.228.172.94 - - [11/Jan/2021:11:15:06 +0800] "GET /xingrg/javascript/easyui/themes/default/validatebox.css HTTP/1.1" 404 1104
116.228.172.94 - - [11/Jan/2021:11:15:06 +0800] "POST /xingrg/kc/base/wldb_order_operate.html HTTP/1.1" 200 6806
117.184.7.26 - - [11/Jan/2021:11:15:07 +0800] "POST /xingrg/dwr/call/plaincall/AjaxQqpsService.loadMaterielItems.dwr HTTP/1.1" 200 6964
116.228.172.94 - - [11/Jan/2021:11:15:07 +0800] "POST /xingrg/all/common/load_combo.html?type=base HTTP/1.1" 200 3324
117.185.32.26 - - [11/Jan/2021:11:15:07 +0800] "GET /xingrg/kc/buy/cgsh_order_add.html HTTP/1.1" 200 61749
117.185.32.26 - - [11/Jan/2021:11:15:08 +0800] "POST /xingrg/kc/buy/cgsh_order_operate.html HTTP/1.1" 200 8245
117.185.32.26 - - [11/Jan/2021:11:15:08 +0800] "GET /xingrg/javascript/easyui/themes/default/validatebox.css HTTP/1.1" 404 1104
116.228.172.94 - - [11/Jan/2021:11:15:09 +0800] "GET /xingrg/all/function/internal_message.html?_=1610334907617&CODE_STATE=getMsg HTTP/1.1" 200 27
117.185.32.26 - - [11/Jan/2021:11:15:09 +0800] "GET /xingrg/javascript/easyui/themes/default/tree.css HTTP/1.1" 404 1090
117.185.32.26 - - [11/Jan/2021:11:15:09 +0800] "POST /xingrg/all/common/load_tree.html?tree=supplier_tree_json&isDelete=1 HTTP/1.1" 200 54158
172.17.0.123 - - [11/Jan/2021:11:15:11 +0800] "GET /xingrg/all/function/internal_message.html?_=1610334812964&CODE_STATE=getMsg HTTP/1.1" 200 27
116.228.172.94 - - [11/Jan/2021:11:15:12 +0800] "POST /xingrg/all/common/load_combo.html?type=base HTTP/1.1" 200 3324
61.165.42.208 - - [11/Jan/2021:11:15:13 +0800] "GET /xingrg/all/function/internal_message.html?_=1610334895362&CODE_STATE=getMsg HTTP/1.1" 200 27
58.37.230.33 - - [11/Jan/2021:11:15:14 +0800] "GET /xingrg/all/function/internal_message.html?_=1610334946002&CODE_STATE=getMsg HTTP/1.1" 200 27
58.37.230.33 - - [11/Jan/2021:11:15:15 +0800] "GET /xingrg/check_reg.html?_=1610334946924 HTTP/1.1" 200 22
218.81.216.242 - - [11/Jan/2021:11:15:15 +0800] "POST /xingrg/kc/buy/cgsh_order_operate.html HTTP/1.1" 200 37
218.81.216.242 - - [11/Jan/2021:11:15:17 +0800] "POST /xingrg/kc/buy/cgsh_order_operate.html HTTP/1.1" 200 2657
117.185.32.26 - - [11/Jan/2021:11:15:19 +0800] "GET /xingrg/kc/buy/cgsh_order_operate.html?command=get_materiel&rest_code=00106&code=00101009045&supplier_code=00100022&order_time=2021-01-11 HTTP/1.1" 200 414
172.17.200.101 - - [11/Jan/2021:11:15:20 +0800] "GET /xingrg/all/function/internal_message.html?_=1610334922333&CODE_STATE=getMsg HTTP/1.1" 200 27
218.81.216.242 - - [11/Jan/2021:11:15:20 +0800] "GET /xingrg/kc/print/load_data.html?order_code=212021011104553&kc_code=cgsh&condition= HTTP/1.1" 200 691
114.88.169.67 - - [11/Jan/2021:11:15:21 +0800] "GET /xingrg/kc/buy/cgsh_order_add.html HTTP/1.1" 200 61743
180.175.150.119 - - [11/Jan/2021:11:15:21 +0800] "GET /xingrg/kc/buy/cgsh_order_operate.html?command=get_materiel&rest_code=00102&code=00101002034&supplier_code=00100347&order_time=2021-01-10 HTTP/1.1" 200 409
114.88.169.67 - - [11/Jan/2021:11:15:22 +0800] "POST /xingrg/kc/buy/cgsh_order_operate.html HTTP/1.1" 200 8245
114.88.169.67 - - [11/Jan/2021:11:15:23 +0800] "GET /xingrg/javascript/easyui/themes/default/validatebox.css HTTP/1.1" 404 1104
116.228.172.94 - - [11/Jan/2021:11:15:23 +0800] "GET /xingrg/kc/base/wldb_order_operate.html?command=get_materiel&rest_code=00107&base_code=0010152&code=00102003586 HTTP/1.1" 200 421
180.156.237.57 - - [11/Jan/2021:11:15:25 +0800] "GET /xingrg/all/function/internal_message.html?_=1610334927314&CODE_STATE=getMsg HTTP/1.1" 200 27
117.185.32.26 - - [11/Jan/2021:11:15:29 +0800] "GET /xingrg/kc/buy/cgsh_order_operate.html?command=get_materiel&rest_code=00106&code=00101009011&supplier_code=00100022&order_time=2021-01-11 HTTP/1.1" 200 418
180.175.150.119 - - [11/Jan/2021:11:15:30 +0800] "GET /xingrg/check_reg.html?_=1610335169125 HTTP/1.1" 200 22
116.228.172.94 - - [11/Jan/2021:11:15:30 +0800] "GET /xingrg/kc/base/wldb_order_operate.html?command=get_materiel&rest_code=00107&base_code=0010152&code=00102001138 HTTP/1.1" 200 439
117.185.32.26 - - [11/Jan/2021:11:15:34 +0800] "GET /xingrg/kc/buy/cgsh_order_operate.html?command=get_materiel&rest_code=00106&code=00101010607&supplier_code=00100404&order_time=2021-01-11 HTTP/1.1" 200 407
218.81.216.242 - - [11/Jan/2021:11:15:35 +0800] "GET /xingrg/kc/buy/cgsh_order_add.html HTTP/1.1" 200 61749
101.85.93.83 - - [11/Jan/2021:11:15:35 +0800] "GET /xingrg/kc/buy/cgsh_order_operate.html?command=get_materiel&rest_code=00142&code=00101003002&supplier_code=00100258&order_time=2021-01-11 HTTP/1.1" 200 409
117.184.7.26 - - [11/Jan/2021:11:15:36 +0800] "GET /xingrg/all/function/internal_message.html?_=1610334935822&CODE_STATE=getMsg HTTP/1.1" 200 27
218.81.216.242 - - [11/Jan/2021:11:15:36 +0800] "POST /xingrg/kc/buy/cgsh_order_operate.html HTTP/1.1" 200 8245
180.156.237.57 - - [11/Jan/2021:11:15:36 +0800] "GET /xingrg/all/function/internal_message.html?_=1610334920503&CODE_STATE=getMsg HTTP/1.1" 200 27
218.81.216.242 - - [11/Jan/2021:11:15:36 +0800] "GET /xingrg/javascript/easyui/themes/default/validatebox.css HTTP/1.1" 404 1104
101.85.93.83 - - [11/Jan/2021:11:15:37 +0800] "GET /xingrg/all/function/internal_message.html?_=1610334604624&CODE_STATE=getMsg HTTP/1.1" 200 27
117.131.5.26 - - [11/Jan/2021:11:15:37 +0800] "GET /xingrg/all/function/internal_message.html?_=1610334986740&CODE_STATE=getMsg HTTP/1.1" 200 27
117.185.32.26 - - [11/Jan/2021:11:15:38 +0800] "GET /xingrg/all/function/internal_message.html?_=1610334938233&CODE_STATE=getMsg HTTP/1.1" 200 27
180.162.108.15 - - [11/Jan/2021:11:15:39 +0800] "GET /xingrg/all/function/internal_message.html?_=1610334809849&CODE_STATE=getMsg HTTP/1.1" 200 27
116.232.51.203 - - [11/Jan/2021:11:15:39 +0800] "GET /xingrg/all/function/internal_message.html?_=1610334941477&CODE_STATE=getMsg HTTP/1.1" 200 27
117.185.32.26 - - [11/Jan/2021:11:15:39 +0800] "GET /xingrg/kc/buy/cgsh_order_operate.html?command=get_materiel&rest_code=00106&code=00101009010&supplier_code=00100022&order_time=2021-01-11 HTTP/1.1" 200 412
116.228.172.94 - - [11/Jan/2021:11:15:40 +0800] "GET /xingrg/kc/base/wldb_order_operate.html?command=get_materiel&rest_code=00107&base_code=0010152&code=00102001073 HTTP/1.1" 200 431
218.81.216.242 - - [11/Jan/2021:11:15:40 +0800] "GET /xingrg/check_reg.html?_=1610334957172 HTTP/1.1" 200 22
114.88.169.67 - - [11/Jan/2021:11:15:41 +0800] "GET /xingrg/kc/buy/cgsh_order_operate.html?command=get_materiel&rest_code=00111&code=00101001093&supplier_code=00100090&order_time=2021-01-11 HTTP/1.1" 200 409
124.77.238.8 - - [11/Jan/2021:11:15:44 +0800] "POST /xingrg/services/DataTransmitService HTTP/1.1" 200 524
124.77.238.8 - - [11/Jan/2021:11:15:44 +0800] "POST /xingrg/services/DataTransmitService HTTP/1.1" 200 412
180.157.253.48 - - [11/Jan/2021:11:15:47 +0800] "GET /xingrg/all/function/internal_message.html?_=1610334948053&CODE_STATE=getMsg HTTP/1.1" 200 27
61.165.42.208 - - [11/Jan/2021:11:15:47 +0800] "GET /xingrg/all/function/internal_message.html?_=1610334948363&CODE_STATE=getMsg HTTP/1.1" 200 27
218.81.216.242 - - [11/Jan/2021:11:15:50 +0800] "GET /xingrg/kc/buy/cgsh_order_operate.html?command=get_materiel&rest_code=00146&code=00101001093&supplier_code=00100090&order_time=2021-01-11 HTTP/1.1" 200 409
116.228.172.94 - - [11/Jan/2021:11:15:52 +0800] "GET /xingrg/kc/base/wldb_order_operate.html?command=get_materiel&rest_code=00107&base_code=0010152&code=00102001151 HTTP/1.1" 200 431
120.253.135.82 - - [11/Jan/2021:11:15:52 +0800] "GET /xingrg/all/function/internal_message.html?_=1610334711866&CODE_STATE=getMsg HTTP/1.1" 200 27
180.175.150.119 - - [11/Jan/2021:11:15:54 +0800] "GET /xingrg/kc/buy/cgsh_order_operate.html?command=get_materiel&rest_code=00102&code=00101001036&supplier_code=00100347&order_time=2021-01-10 HTTP/1.1" 200 421
114.88.169.67 - - [11/Jan/2021:11:15:55 +0800] "GET /xingrg/all/function/internal_message.html?_=1610334954758&CODE_STATE=getMsg HTTP/1.1" 200 27
114.88.169.67 - - [11/Jan/2021:11:15:56 +0800] "POST /xingrg/kc/buy/cgsh_order_operate.html HTTP/1.1" 200 37
117.185.32.26 - - [11/Jan/2021:11:15:57 +0800] "POST /xingrg/kc/buy/cgsh_order_operate.html HTTP/1.1" 200 37
114.88.169.67 - - [11/Jan/2021:11:15:57 +0800] "POST /xingrg/kc/buy/cgsh_order_operate.html HTTP/1.1" 200 2657
101.85.93.83 - - [11/Jan/2021:11:15:58 +0800] "GET /xingrg/kc/buy/cgsh_order_operate.html?command=get_materiel&rest_code=00142&code=00101001053&supplier_code=00100258&order_time=2021-01-11 HTTP/1.1" 200 409
114.88.169.67 - - [11/Jan/2021:11:15:59 +0800] "GET /xingrg/kc/print/load_data.html?order_code=212021011104554&kc_code=cgsh&condition= HTTP/1.1" 200 739
117.185.32.26 - - [11/Jan/2021:11:16:00 +0800] "POST /xingrg/kc/buy/cgsh_order_operate.html HTTP/1.1" 200 12
117.185.32.26 - - [11/Jan/2021:11:16:01 +0800] "GET /xingrg/kc/buy/cgsh_order_info.html?code=212021011104555 HTTP/1.1" 200 56651
116.228.172.94 - - [11/Jan/2021:11:16:01 +0800] "GET /xingrg/kc/base/wldb_order_operate.html?command=get_materiel&rest_code=00107&base_code=0010152&code=00102001095 HTTP/1.1" 200 435
117.185.32.26 - - [11/Jan/2021:11:16:01 +0800] "GET /xingrg/javascript/easyui/themes/default/validatebox.css HTTP/1.1" 404 1104
218.81.216.242 - - [11/Jan/2021:11:16:01 +0800] "GET /xingrg/all/function/internal_message.html?_=1610334978289&CODE_STATE=getMsg HTTP/1.1" 200 27
117.185.32.26 - - [11/Jan/2021:11:16:02 +0800] "POST /xingrg/kc/buy/cgsh_order_operate.html HTTP/1.1" 200 617
222.69.133.109 - - [11/Jan/2021:11:16:03 +0800] "GET /xingrg/check_reg.html?_=1610334963017 HTTP/1.1" 200 22
222.69.133.109 - - [11/Jan/2021:11:16:03 +0800] "GET /xingrg/all/function/internal_message.html?_=1610334963026&CODE_STATE=getMsg HTTP/1.1" 200 27
117.185.32.26 - - [11/Jan/2021:11:16:04 +0800] "GET /xingrg/kc/print/load_data.html?order_code=212021011104555&kc_code=cgsh&condition= HTTP/1.1" 200 724
116.228.172.94 - - [11/Jan/2021:11:16:06 +0800] "GET /xingrg/kc/base/wldb_order_operate.html?command=get_materiel&rest_code=00107&base_code=0010152&code=00102001105 HTTP/1.1" 200 432
61.129.6.251 - - [11/Jan/2021:11:16:06 +0800] "GET /xingrg/check_reg.html?_=1610334346911 HTTP/1.1" 302 -
218.81.216.242 - - [11/Jan/2021:11:16:07 +0800] "GET /xingrg/kc/buy/cgsh_order_operate.html?command=get_materiel&rest_code=00146&code=00101001140&supplier_code=00100090&order_time=2021-01-11 HTTP/1.1" 200 415
61.129.6.251 - - [11/Jan/2021:11:16:09 +0800] "GET /xingrg/login.html HTTP/1.1" 200 7641
116.228.172.94 - - [11/Jan/2021:11:16:09 +0800] "GET /xingrg/all/function/internal_message.html?_=1610334967590&CODE_STATE=getMsg HTTP/1.1" 200 27
117.185.32.26 - - [11/Jan/2021:11:16:10 +0800] "GET /xingrg/kc/buy/cgsh_order_operate.html?command=get_materiel&rest_code=00106&code=00101009044&supplier_code=00100022&order_time=2021-01-11 HTTP/1.1" 200 414
172.17.0.123 - - [11/Jan/2021:11:16:11 +0800] "GET /xingrg/all/function/internal_message.html?_=1610334872965&CODE_STATE=getMsg HTTP/1.1" 200 27
61.165.42.208 - - [11/Jan/2021:11:16:13 +0800] "GET /xingrg/all/function/internal_message.html?_=1610334955348&CODE_STATE=getMsg HTTP/1.1" 200 27
116.228.172.94 - - [11/Jan/2021:11:16:13 +0800] "GET /xingrg/kc/base/wldb_order_operate.html?command=get_materiel&rest_code=00107&base_code=0010152&code=00102015006 HTTP/1.1" 200 440
61.129.6.203 - - [11/Jan/2021:11:16:14 +0800] "GET /xingrg/all/function/internal_message.html?_=1610334346271&CODE_STATE=getMsg HTTP/1.1" 302 -
58.37.230.33 - - [11/Jan/2021:11:16:14 +0800] "GET /xingrg/all/function/internal_message.html?_=1610335005998&CODE_STATE=getMsg HTTP/1.1" 200 27
117.185.32.26 - - [11/Jan/2021:11:16:15 +0800] "GET /xingrg/kc/buy/cgsh_order_add.html HTTP/1.1" 200 61743
117.185.32.26 - - [11/Jan/2021:11:16:15 +0800] "GET /xingrg/javascript/easyui/themes/default/validatebox.css HTTP/1.1" 404 1104
117.185.32.26 - - [11/Jan/2021:11:16:15 +0800] "POST /xingrg/kc/buy/cgsh_order_operate.html HTTP/1.1" 200 8245
114.88.169.67 - - [11/Jan/2021:11:16:16 +0800] "GET /xingrg/kc/buy/cgsh_order_add.html HTTP/1.1" 200 61743
117.185.32.26 - - [11/Jan/2021:11:16:16 +0800] "GET /xingrg/javascript/easyui/themes/default/tree.css HTTP/1.1" 404 1090
117.185.32.26 - - [11/Jan/2021:11:16:17 +0800] "POST /xingrg/all/common/load_tree.html?tree=supplier_tree_json&isDelete=1 HTTP/1.1" 200 54158
114.88.169.67 - - [11/Jan/2021:11:16:18 +0800] "POST /xingrg/kc/buy/cgsh_order_operate.html HTTP/1.1" 200 8245
114.88.169.67 - - [11/Jan/2021:11:16:18 +0800] "GET /xingrg/javascript/easyui/themes/default/validatebox.css HTTP/1.1" 404 1104
61.129.6.203 - - [11/Jan/2021:11:16:19 +0800] "GET /xingrg/login.html HTTP/1.1" 200 7641
172.17.200.101 - - [11/Jan/2021:11:16:20 +0800] "GET /xingrg/all/function/internal_message.html?_=1610334982336&CODE_STATE=getMsg HTTP/1.1" 200 27
218.81.216.242 - - [11/Jan/2021:11:16:22 +0800] "GET /xingrg/kc/buy/cgsh_order_operate.html?command=get_materiel&rest_code=00146&code=00101001125&supplier_code=00100090&order_time=2021-01-11 HTTP/1.1" 200 415
114.88.169.67 - - [11/Jan/2021:11:16:24 +0800] "GET /xingrg/check_reg.html?_=1610334983574 HTTP/1.1" 200 22
180.156.237.57 - - [11/Jan/2021:11:16:25 +0800] "GET /xingrg/all/function/internal_message.html?_=1610334987316&CODE_STATE=getMsg HTTP/1.1" 200 27
117.185.32.26 - - [11/Jan/2021:11:16:27 +0800] "GET /xingrg/kc/buy/cgsh_order_operate.html?command=get_materiel&rest_code=00106&code=00101009013&supplier_code=00100022&order_time=2021-01-11 HTTP/1.1" 200 420
180.175.150.119 - - [11/Jan/2021:11:16:31 +0800] "GET /xingrg/kc/buy/cgsh_order_operate.html?command=get_materiel&rest_code=00102&code=00101001045&supplier_code=00100347&order_time=2021-01-10 HTTP/1.1" 200 423
117.184.7.26 - - [11/Jan/2021:11:16:36 +0800] "GET /xingrg/all/function/internal_message.html?_=1610334995798&CODE_STATE=getMsg HTTP/1.1" 200 27
180.156.237.57 - - [11/Jan/2021:11:16:36 +0800] "GET /xingrg/all/function/internal_message.html?_=1610334980515&CODE_STATE=getMsg HTTP/1.1" 200 27
101.85.93.83 - - [11/Jan/2021:11:16:37 +0800] "GET /xingrg/all/function/internal_message.html?_=1610334664627&CODE_STATE=getMsg HTTP/1.1" 200 27
117.131.5.26 - - [11/Jan/2021:11:16:37 +0800] "GET /xingrg/all/function/internal_message.html?_=1610335046739&CODE_STATE=getMsg HTTP/1.1" 200 27
116.228.172.94 - - [11/Jan/2021:11:16:38 +0800] "POST /xingrg/kc/base/wldb_order_operate.html HTTP/1.1" 200 37
117.185.32.26 - - [11/Jan/2021:11:16:38 +0800] "GET /xingrg/all/function/internal_message.html?_=1610334998206&CODE_STATE=getMsg HTTP/1.1" 200 27
180.162.108.15 - - [11/Jan/2021:11:16:39 +0800] "GET /xingrg/all/function/internal_message.html?_=1610334869856&CODE_STATE=getMsg HTTP/1.1" 200 27
116.232.51.203 - - [11/Jan/2021:11:16:39 +0800] "GET /xingrg/all/function/internal_message.html?_=1610335001479&CODE_STATE=getMsg HTTP/1.1" 200 27
116.228.172.94 - - [11/Jan/2021:11:16:39 +0800] "POST /xingrg/kc/base/wldb_order_operate.html HTTP/1.1" 200 3134
116.228.172.94 - - [11/Jan/2021:11:16:39 +0800] "GET /xingrg/kc/base/wldb_order_info.html?code=422021011101302 HTTP/1.1" 200 30518
116.228.172.94 - - [11/Jan/2021:11:16:40 +0800] "GET /xingrg/javascript/easyui/themes/default/validatebox.css HTTP/1.1" 404 1104
101.85.93.83 - - [11/Jan/2021:11:16:41 +0800] "POST /xingrg/kc/buy/cgsh_order_operate.html HTTP/1.1" 200 37
116.228.172.94 - - [11/Jan/2021:11:16:41 +0800] "POST /xingrg/kc/base/wldb_order_operate.html HTTP/1.1" 200 3134
116.228.172.94 - - [11/Jan/2021:11:16:43 +0800] "GET /xingrg/kc/base/wldb_order_add.html HTTP/1.1" 200 30504
116.228.172.94 - - [11/Jan/2021:11:16:44 +0800] "GET /xingrg/javascript/easyui/themes/default/validatebox.css HTTP/1.1" 404 1104
116.228.172.94 - - [11/Jan/2021:11:16:44 +0800] "POST /xingrg/kc/base/wldb_order_operate.html HTTP/1.1" 200 6806
117.185.32.26 - - [11/Jan/2021:11:16:44 +0800] "GET /xingrg/kc/buy/cgsh_order_operate.html?command=get_materiel&rest_code=00106&code=00101009016&supplier_code=00100022&order_time=2021-01-11 HTTP/1.1" 200 412
180.162.108.15 - - [11/Jan/2021:11:16:44 +0800] "GET /xingrg/kc/base/base_main.html HTTP/1.1" 200 12142
180.162.108.15 - - [11/Jan/2021:11:16:44 +0800] "GET /xingrg/images/blue/button/wlsy.gif HTTP/1.1" 200 2536
180.162.108.15 - - [11/Jan/2021:11:16:44 +0800] "GET /xingrg/images/blue/button/ckdb.gif HTTP/1.1" 200 1950
180.162.108.15 - - [11/Jan/2021:11:16:44 +0800] "GET /xingrg/images/blue/button/ckpd.gif HTTP/1.1" 200 2051
180.162.108.15 - - [11/Jan/2021:11:16:44 +0800] "GET /xingrg/images/blue/button/yddb.gif HTTP/1.1" 200 2040
180.162.108.15 - - [11/Jan/2021:11:16:44 +0800] "GET /xingrg/images/blue/button/bottom_left.jpg HTTP/1.1" 200 1524
180.162.108.15 - - [11/Jan/2021:11:16:44 +0800] "GET /xingrg/images/blue/button/bottom_right.jpg HTTP/1.1" 200 1436
180.162.108.15 - - [11/Jan/2021:11:16:44 +0800] "GET /xingrg/images/blue/button/left_ah.jpg HTTP/1.1" 200 1643
180.162.108.15 - - [11/Jan/2021:11:16:44 +0800] "GET /xingrg/images/blue/button/down.jpg HTTP/1.1" 200 1560
180.162.108.15 - - [11/Jan/2021:11:16:44 +0800] "GET /xingrg/images/blue/button/top_left.jpg HTTP/1.1" 200 1632
180.162.108.15 - - [11/Jan/2021:11:16:44 +0800] "GET /xingrg/images/blue/button/top_right.jpg HTTP/1.1" 200 1708
114.88.169.67 - - [11/Jan/2021:11:16:44 +0800] "GET /xingrg/kc/buy/cgsh_order_operate.html?command=get_materiel&rest_code=00111&code=00101001051&supplier_code=00100094&order_time=2021-01-11 HTTP/1.1" 200 422
116.228.172.94 - - [11/Jan/2021:11:16:46 +0800] "POST /xingrg/all/common/load_combo.html?type=base HTTP/1.1" 200 3324
180.162.108.15 - - [11/Jan/2021:11:16:46 +0800] "GET /xingrg/kc/base/yddb_order_list.html HTTP/1.1" 200 16951
180.162.108.15 - - [11/Jan/2021:11:16:47 +0800] "POST /xingrg/kc/base/yddb_list_operate.html HTTP/1.1" 200 636
180.157.253.48 - - [11/Jan/2021:11:16:47 +0800] "GET /xingrg/all/function/internal_message.html?_=1610335008049&CODE_STATE=getMsg HTTP/1.1" 200 27
61.165.42.208 - - [11/Jan/2021:11:16:47 +0800] "GET /xingrg/all/function/internal_message.html?_=1610335008362&CODE_STATE=getMsg HTTP/1.1" 200 27
117.184.7.26 - - [11/Jan/2021:11:16:48 +0800] "GET /xingrg/check_reg.html?_=1610335007858 HTTP/1.1" 200 22
116.228.172.94 - - [11/Jan/2021:11:16:49 +0800] "POST /xingrg/all/common/load_combo.html?type=base HTTP/1.1" 200 3324
218.81.216.242 - - [11/Jan/2021:11:16:51 +0800] "POST /xingrg/kc/buy/cgsh_order_operate.html HTTP/1.1" 200 37
117.185.32.26 - - [11/Jan/2021:11:16:51 +0800] "GET /xingrg/all/function/internal_message.html?_=1610335477974&CODE_STATE=getMsg HTTP/1.1" 200 27
120.253.135.82 - - [11/Jan/2021:11:16:52 +0800] "GET /xingrg/all/function/internal_message.html?_=1610334771884&CODE_STATE=getMsg HTTP/1.1" 200 27
101.85.93.83 - - [11/Jan/2021:11:16:52 +0800] "POST /xingrg/kc/buy/cgsh_order_operate.html HTTP/1.1" 200 12
117.185.32.26 - - [11/Jan/2021:11:16:53 +0800] "GET /xingrg/kc/buy/cgsh_order_operate.html?command=get_materiel&rest_code=00106&code=00101010636&supplier_code=00100411&order_time=2021-01-11 HTTP/1.1" 200 400
180.162.108.15 - - [11/Jan/2021:11:16:53 +0800] "POST /xingrg/kc/base/yddb_list_operate.html HTTP/1.1" 200 3715
101.85.93.83 - - [11/Jan/2021:11:16:54 +0800] "GET /xingrg/kc/buy/cgsh_order_info.html?code=212021011104556 HTTP/1.1" 200 55770
218.81.216.242 - - [11/Jan/2021:11:16:54 +0800] "POST /xingrg/kc/buy/cgsh_order_operate.html HTTP/1.1" 200 3850
101.85.93.83 - - [11/Jan/2021:11:16:54 +0800] "GET /xingrg/javascript/easyui/themes/default/validatebox.css HTTP/1.1" 404 1104
117.185.32.26 - - [11/Jan/2021:11:16:54 +0800] "GET /xingrg/kc/buy/cgsh_order_operate.html?command=get_materiel&rest_code=00106&code=00101009079&supplier_code=00100022&order_time=2021-01-11 HTTP/1.1" 200 394
101.85.93.83 - - [11/Jan/2021:11:16:55 +0800] "POST /xingrg/kc/buy/cgsh_order_operate.html HTTP/1.1" 200 1192
180.162.108.15 - - [11/Jan/2021:11:16:55 +0800] "POST /xingrg/kc/base/yddb_list_operate.html HTTP/1.1" 200 580
114.88.169.67 - - [11/Jan/2021:11:16:55 +0800] "GET /xingrg/all/function/internal_message.html?_=1610335014787&CODE_STATE=getMsg HTTP/1.1" 200 27
180.162.108.15 - - [11/Jan/2021:11:16:55 +0800] "GET /xingrg/kc/base/yddb_order_info.html?code=482021011000086 HTTP/1.1" 200 29608
180.162.108.15 - - [11/Jan/2021:11:16:55 +0800] "GET /xingrg/dwr/interface/AjaxYddbService.js HTTP/1.1" 200 13201
180.162.108.15 - - [11/Jan/2021:11:16:55 +0800] "GET /xingrg/javascript/Grid.js HTTP/1.1" 200 58908
180.162.108.15 - - [11/Jan/2021:11:16:55 +0800] "GET /xingrg/javascript/AjaxInfoList.js HTTP/1.1" 200 3774
180.162.108.15 - - [11/Jan/2021:11:16:55 +0800] "GET /xingrg/dwr/interface/AjaxComOrderService.js HTTP/1.1" 200 18264
180.162.108.15 - - [11/Jan/2021:11:16:55 +0800] "GET /xingrg/dwr/util.js HTTP/1.1" 200 35990
180.162.108.15 - - [11/Jan/2021:11:16:55 +0800] "GET /xingrg/javascript/Calendar.js HTTP/1.1" 200 31561
180.162.108.15 - - [11/Jan/2021:11:16:55 +0800] "GET /xingrg/dwr/engine.js HTTP/1.1" 200 43631
180.162.108.15 - - [11/Jan/2021:11:16:55 +0800] "GET /xingrg/javascript/checkform.js HTTP/1.1" 200 18351
180.162.108.15 - - [11/Jan/2021:11:16:55 +0800] "GET /xingrg/javascript/jquery_easy_ui/themes/icons/print.png HTTP/1.1" 200 1057
180.162.108.15 - - [11/Jan/2021:11:16:55 +0800] "GET /xingrg/javascript/jquery_easy_ui/themes/icons/check_new.png HTTP/1.1" 200 3224
180.162.108.15 - - [11/Jan/2021:11:16:55 +0800] "GET /xingrg/javascript/jquery_easy_ui/themes/icons/edit_add_new.png HTTP/1.1" 200 2997
180.162.108.15 - - [11/Jan/2021:11:16:55 +0800] "GET /xingrg/javascript/jquery_easy_ui/themes/default/images/menu_downarrow.png HTTP/1.1" 200 173
180.162.108.15 - - [11/Jan/2021:11:16:55 +0800] "GET /xingrg/javascript/jquery_easy_ui/themes/icons/back_new.png HTTP/1.1" 200 3414
180.162.108.15 - - [11/Jan/2021:11:16:55 +0800] "GET /xingrg/images/blue/wait.gif HTTP/1.1" 200 1100
180.162.108.15 - - [11/Jan/2021:11:16:55 +0800] "GET /xingrg/images/blue/kc_tab_mid.gif HTTP/1.1" 200 44
180.162.108.15 - - [11/Jan/2021:11:16:55 +0800] "GET /xingrg/images/blue/kc_tab_left.gif HTTP/1.1" 200 188
180.162.108.15 - - [11/Jan/2021:11:16:55 +0800] "GET /xingrg/images/blue/kc_tab_right.gif HTTP/1.1" 200 643
180.162.108.15 - - [11/Jan/2021:11:16:55 +0800] "POST /xingrg/dwr/call/plaincall/AjaxYddbService.loadMaterielItems.dwr HTTP/1.1" 200 5073
101.85.93.83 - - [11/Jan/2021:11:16:56 +0800] "GET /xingrg/kc/print/load_config.html?kc_code=cgsh HTTP/1.1" 200 1845
101.85.93.83 - - [11/Jan/2021:11:16:56 +0800] "GET /xingrg/kc/print/load_data.html?order_code=212021011104556&kc_code=cgsh&condition= HTTP/1.1" 200 959
218.81.216.242 - - [11/Jan/2021:11:16:58 +0800] "GET /xingrg/kc/print/load_data.html?order_code=212021011104557&kc_code=cgsh&condition= HTTP/1.1" 200 1210
180.157.253.48 - - [11/Jan/2021:11:17:01 +0800] "GET /xingrg/kc/buy/cgsh_order_add.html HTTP/1.1" 200 61749
218.81.216.242 - - [11/Jan/2021:11:17:01 +0800] "GET /xingrg/all/function/internal_message.html?_=1610335038303&CODE_STATE=getMsg HTTP/1.1" 200 27
180.157.253.48 - - [11/Jan/2021:11:17:02 +0800] "POST /xingrg/kc/buy/cgsh_order_operate.html HTTP/1.1" 200 8245
180.157.253.48 - - [11/Jan/2021:11:17:02 +0800] "GET /xingrg/javascript/easyui/themes/default/validatebox.css HTTP/1.1" 404 1104
114.88.169.67 - - [11/Jan/2021:11:17:03 +0800] "POST /xingrg/kc/buy/cgsh_order_operate.html HTTP/1.1" 200 64
116.228.172.94 - - [11/Jan/2021:11:17:03 +0800] "GET /xingrg/kc/base/wldb_order_operate.html?command=get_materiel&rest_code=00107&base_code=0010151&code=00101016094 HTTP/1.1" 200 470
222.69.133.109 - - [11/Jan/2021:11:17:03 +0800] "GET /xingrg/all/function/internal_message.html?_=1610335023012&CODE_STATE=getMsg HTTP/1.1" 200 27
180.175.150.119 - - [11/Jan/2021:11:17:03 +0800] "POST /xingrg/kc/buy/cgsh_order_operate.html HTTP/1.1" 200 37
180.175.150.119 - - [11/Jan/2021:11:17:06 +0800] "POST /xingrg/kc/buy/cgsh_order_operate.html HTTP/1.1" 200 12
180.175.150.119 - - [11/Jan/2021:11:17:08 +0800] "GET /xingrg/kc/buy/cgsh_order_info.html?code=212021011104558 HTTP/1.1" 200 56594
114.88.169.67 - - [11/Jan/2021:11:17:08 +0800] "POST /xingrg/kc/buy/cgsh_order_operate.html HTTP/1.1" 200 37
116.228.172.94 - - [11/Jan/2021:11:17:09 +0800] "GET /xingrg/all/function/internal_message.html?_=1610335027558&CODE_STATE=getMsg HTTP/1.1" 200 27
114.88.169.67 - - [11/Jan/2021:11:17:09 +0800] "POST /xingrg/kc/buy/cgsh_order_operate.html HTTP/1.1" 200 2671
218.81.216.242 - - [11/Jan/2021:11:17:09 +0800] "GET /xingrg/kc/buy/cgsh_order_add.html HTTP/1.1" 200 61749
180.175.150.119 - - [11/Jan/2021:11:17:10 +0800] "GET /xingrg/javascript/easyui/themes/default/validatebox.css HTTP/1.1" 404 1104
180.175.150.119 - - [11/Jan/2021:11:17:10 +0800] "POST /xingrg/kc/buy/cgsh_order_operate.html HTTP/1.1" 200 3608
218.81.216.242 - - [11/Jan/2021:11:17:11 +0800] "POST /xingrg/kc/buy/cgsh_order_operate.html HTTP/1.1" 200 8245
218.81.216.242 - - [11/Jan/2021:11:17:11 +0800] "GET /xingrg/javascript/easyui/themes/default/validatebox.css HTTP/1.1" 404 1104
172.17.0.123 - - [11/Jan/2021:11:17:11 +0800] "GET /xingrg/all/function/internal_message.html?_=1610334932967&CODE_STATE=getMsg HTTP/1.1" 200 27
114.88.169.67 - - [11/Jan/2021:11:17:12 +0800] "GET /xingrg/kc/print/load_data.html?order_code=212021011104560&kc_code=cgsh&condition= HTTP/1.1" 200 753
61.165.42.208 - - [11/Jan/2021:11:17:13 +0800] "GET /xingrg/all/function/internal_message.html?_=1610335015334&CODE_STATE=getMsg HTTP/1.1" 200 27
180.175.150.119 - - [11/Jan/2021:11:17:13 +0800] "GET /xingrg/kc/print/load_data.html?order_code=212021011104558&kc_code=cgsh&condition= HTTP/1.1" 200 1847
58.37.230.33 - - [11/Jan/2021:11:17:14 +0800] "GET /xingrg/all/function/internal_message.html?_=1610335065979&CODE_STATE=getMsg HTTP/1.1" 200 27
180.157.253.48 - - [11/Jan/2021:11:17:19 +0800] "GET /xingrg/kc/buy/cgsh_order_operate.html?command=get_materiel&rest_code=00148&code=00101018011&supplier_code=00100330&order_time=2021-01-11 HTTP/1.1" 200 415
172.17.200.101 - - [11/Jan/2021:11:17:20 +0800] "GET /xingrg/all/function/internal_message.html?_=1610335042336&CODE_STATE=getMsg HTTP/1.1" 200 27
116.228.172.94 - - [11/Jan/2021:11:17:20 +0800] "GET /xingrg/kc/base/wldb_order_operate.html?command=get_materiel&rest_code=00107&base_code=0010151&code=00101019027 HTTP/1.1" 200 475
117.185.32.26 - - [11/Jan/2021:11:17:24 +0800] "POST /xingrg/kc/buy/cgsh_order_operate.html HTTP/1.1" 200 37
218.81.216.242 - - [11/Jan/2021:11:17:25 +0800] "GET /xingrg/kc/buy/cgsh_order_operate.html?command=get_materiel&rest_code=00146&code=00101001037&supplier_code=00100094&order_time=2021-01-11 HTTP/1.1" 200 414
180.156.237.57 - - [11/Jan/2021:11:17:25 +0800] "GET /xingrg/all/function/internal_message.html?_=1610335047357&CODE_STATE=getMsg HTTP/1.1" 200 27
180.156.237.57 - - [11/Jan/2021:11:17:25 +0800] "GET /xingrg/check_reg.html?_=1610335047359 HTTP/1.1" 200 22
117.185.32.26 - - [11/Jan/2021:11:17:27 +0800] "POST /xingrg/kc/buy/cgsh_order_operate.html HTTP/1.1" 200 12
114.88.169.67 - - [11/Jan/2021:11:17:28 +0800] "GET /xingrg/kc/buy/cgsh_order_add.html HTTP/1.1" 200 61743
117.185.32.26 - - [11/Jan/2021:11:17:28 +0800] "GET /xingrg/kc/buy/cgsh_order_info.html?code=212021011104561 HTTP/1.1" 200 56647
117.185.32.26 - - [11/Jan/2021:11:17:29 +0800] "GET /xingrg/javascript/easyui/themes/default/validatebox.css HTTP/1.1" 404 1104
117.185.32.26 - - [11/Jan/2021:11:17:29 +0800] "POST /xingrg/kc/buy/cgsh_order_operate.html HTTP/1.1" 200 609
114.88.169.67 - - [11/Jan/2021:11:17:29 +0800] "POST /xingrg/kc/buy/cgsh_order_operate.html HTTP/1.1" 200 8245
114.88.169.67 - - [11/Jan/2021:11:17:30 +0800] "GET /xingrg/javascript/easyui/themes/default/validatebox.css HTTP/1.1" 404 1104
117.185.32.26 - - [11/Jan/2021:11:17:31 +0800] "GET /xingrg/kc/print/load_data.html?order_code=212021011104561&kc_code=cgsh&condition= HTTP/1.1" 200 695
180.157.253.48 - - [11/Jan/2021:11:17:33 +0800] "GET /xingrg/kc/buy/cgsh_order_operate.html?command=get_materiel&rest_code=00148&code=00101006067&supplier_code=00100330&order_time=2021-01-11 HTTP/1.1" 200 409
116.228.172.94 - - [11/Jan/2021:11:17:34 +0800] "GET /xingrg/kc/base/wldb_order_operate.html?command=get_materiel&rest_code=00107&base_code=0010151&code=00101016076 HTTP/1.1" 200 475
117.185.32.26 - - [11/Jan/2021:11:17:35 +0800] "GET /xingrg/check_reg.html?_=1610335054800 HTTP/1.1" 200 22
117.184.7.26 - - [11/Jan/2021:11:17:36 +0800] "GET /xingrg/all/function/internal_message.html?_=1610335055768&CODE_STATE=getMsg HTTP/1.1" 200 27
180.156.237.57 - - [11/Jan/2021:11:17:36 +0800] "GET /xingrg/all/function/internal_message.html?_=1610335040534&CODE_STATE=getMsg HTTP/1.1" 200 27
101.85.93.83 - - [11/Jan/2021:11:17:37 +0800] "GET /xingrg/all/function/internal_message.html?_=1610334724632&CODE_STATE=getMsg HTTP/1.1" 200 27
117.131.5.26 - - [11/Jan/2021:11:17:37 +0800] "GET /xingrg/all/function/internal_message.html?_=1610335106737&CODE_STATE=getMsg HTTP/1.1" 200 27
117.185.32.26 - - [11/Jan/2021:11:17:38 +0800] "GET /xingrg/all/function/internal_message.html?_=1610335058197&CODE_STATE=getMsg HTTP/1.1" 200 27
180.162.108.15 - - [11/Jan/2021:11:17:39 +0800] "GET /xingrg/all/function/internal_message.html?_=1610334929867&CODE_STATE=getMsg HTTP/1.1" 200 27
