114.88.169.67 - - [10/Jan/2021:09:47:00 +0800] "GET /xingrg/all/function/internal_message.html?_=1610243216358&CODE_STATE=getMsg HTTP/1.1" 200 27
116.228.172.94 - - [10/Jan/2021:09:47:01 +0800] "GET /xingrg/kc/buy/cgsh_order_operate.html?command=get_materiel&rest_code=00107&code=00101006068&supplier_code=00100010&order_time=2021-01-10 HTTP/1.1" 200 409
172.17.0.108 - - [10/Jan/2021:09:47:03 +0800] "GET /xingrg/check_reg.html?_=1610243219022 HTTP/1.1" 302 -
114.88.169.67 - - [10/Jan/2021:09:47:09 +0800] "GET /xingrg/kc/buy/cgsh_order_operate.html?command=get_materiel&rest_code=00111&code=00101020153&supplier_code=00100037&order_time=2021-01-10 HTTP/1.1" 200 408
222.69.133.109 - - [10/Jan/2021:09:47:11 +0800] "GET /xingrg/check_reg.html?_=1610243228588 HTTP/1.1" 302 -
222.69.133.109 - - [10/Jan/2021:09:47:11 +0800] "GET /xingrg/login.html HTTP/1.1" 200 7641
116.228.172.94 - - [10/Jan/2021:09:47:12 +0800] "GET /xingrg/kc/buy/cgsh_order_operate.html?command=get_materiel&rest_code=00107&code=00101010257&supplier_code=00100010&order_time=2021-01-10 HTTP/1.1" 200 412
61.165.42.208 - - [10/Jan/2021:09:47:15 +0800] "GET /xingrg/all/function/internal_message.html?_=1610243213404&CODE_STATE=getMsg HTTP/1.1" 200 27
61.165.42.208 - - [10/Jan/2021:09:47:15 +0800] "GET /xingrg/check_reg.html?_=1610243213405 HTTP/1.1" 200 22
222.69.133.109 - - [10/Jan/2021:09:47:19 +0800] "GET /xingrg/kc/base/wldb_order_add.html HTTP/1.1" 302 -
222.69.133.109 - - [10/Jan/2021:09:47:19 +0800] "GET /xingrg/login.html HTTP/1.1" 200 7641
222.69.133.109 - - [10/Jan/2021:09:47:19 +0800] "GET /xingrg/login.html HTTP/1.1" 200 7641
222.69.133.109 - - [10/Jan/2021:09:47:19 +0800] "GET /favicon.ico HTTP/1.1" 404 -
114.88.169.67 - - [10/Jan/2021:09:47:21 +0800] "GET /xingrg/kc/buy/cgsh_order_operate.html?command=get_materiel&rest_code=00111&code=00101016080&supplier_code=00100037&order_time=2021-01-10 HTTP/1.1" 200 408
120.253.135.82 - - [10/Jan/2021:09:47:22 +0800] "GET /xingrg/all/function/internal_message.html?_=1610242996803&CODE_STATE=getMsg HTTP/1.1" 200 27
116.228.172.94 - - [10/Jan/2021:09:47:23 +0800] "GET /xingrg/kc/buy/cgsh_order_operate.html?command=get_materiel&rest_code=00107&code=00101006133&supplier_code=00100010&order_time=2021-01-10 HTTP/1.1" 200 413
116.228.172.94 - - [10/Jan/2021:09:47:30 +0800] "GET /xingrg/all/function/internal_message.html?_=1610243245954&CODE_STATE=getMsg HTTP/1.1" 200 27
114.88.169.67 - - [10/Jan/2021:09:47:31 +0800] "GET /xingrg/kc/buy/cgsh_order_operate.html?command=get_materiel&rest_code=00111&code=00101008055&supplier_code=00100037&order_time=2021-01-10 HTTP/1.1" 200 409
172.17.200.101 - - [10/Jan/2021:09:47:32 +0800] "GET /xingrg/all/function/internal_message.html?_=1610243248044&CODE_STATE=getMsg HTTP/1.1" 200 27
172.17.200.101 - - [10/Jan/2021:09:47:32 +0800] "GET /xingrg/check_reg.html?_=1610243248049 HTTP/1.1" 200 22
114.88.169.67 - - [10/Jan/2021:09:47:35 +0800] "POST /xingrg/kc/buy/cgsh_order_operate.html HTTP/1.1" 200 2065
180.175.150.119 - - [10/Jan/2021:09:47:36 +0800] "GET /xingrg/all/function/internal_message.html?_=1610243490070&CODE_STATE=getMsg HTTP/1.1" 200 27
116.228.172.94 - - [10/Jan/2021:09:47:37 +0800] "GET /xingrg/kc/buy/cgsh_order_operate.html?command=get_materiel&rest_code=00107&code=00101006094&supplier_code=00100010&order_time=2021-01-10 HTTP/1.1" 200 410
222.69.136.245 - - [10/Jan/2021:09:47:39 +0800] "GET /xingrg/all/function/internal_message.html?_=1610243255529&CODE_STATE=getMsg HTTP/1.1" 200 27
180.156.237.57 - - [10/Jan/2021:09:47:46 +0800] "GET /xingrg/all/function/internal_message.html?_=1610243263334&CODE_STATE=getMsg HTTP/1.1" 200 27
116.228.172.94 - - [10/Jan/2021:09:47:51 +0800] "GET /xingrg/kc/buy/cgsh_order_operate.html?command=get_materiel&rest_code=00107&code=00101006111&supplier_code=00100010&order_time=2021-01-10 HTTP/1.1" 200 409
222.69.133.109 - - [10/Jan/2021:09:47:54 +0800] "GET /xingrg/login.html HTTP/1.1" 200 7641
222.69.133.109 - - [10/Jan/2021:09:47:54 +0800] "GET /favicon.ico HTTP/1.1" 404 -
172.17.0.120 - - [10/Jan/2021:09:47:56 +0800] "GET /xingrg/all/function/internal_message.html?_=1610243308159&CODE_STATE=getMsg HTTP/1.1" 200 27
61.165.42.208 - - [10/Jan/2021:09:47:58 +0800] "GET /xingrg/all/function/internal_message.html?_=1610243274632&CODE_STATE=getMsg HTTP/1.1" 200 27
114.88.169.67 - - [10/Jan/2021:09:48:00 +0800] "GET /xingrg/all/function/internal_message.html?_=1610243276371&CODE_STATE=getMsg HTTP/1.1" 200 27
114.88.169.67 - - [10/Jan/2021:09:48:03 +0800] "GET /xingrg/kc/buy/cgsh_order_operate.html?command=get_materiel&rest_code=00111&code=00101012029&supplier_code=00100037&order_time=2021-01-10 HTTP/1.1" 200 412
222.69.133.109 - - [10/Jan/2021:09:48:04 +0800] "POST /xingrg/login.do HTTP/1.1" 302 -
222.69.133.109 - - [10/Jan/2021:09:48:04 +0800] "GET /xingrg/index.html?sysBaseUrl=http%3A%2F%2F180.169.147.146%3A18081%2Fxingrg%2F&costTime=39×tamp=1610243284209 HTTP/1.1" 200 17179
222.69.133.109 - - [10/Jan/2021:09:48:04 +0800] "GET /favicon.ico HTTP/1.1" 404 -
222.69.133.109 - - [10/Jan/2021:09:48:04 +0800] "POST /xingrg/all/common/load_tree.html?tree=area_rest_tree_json&manage=1 HTTP/1.1" 200 351
222.69.133.109 - - [10/Jan/2021:09:48:04 +0800] "GET /xingrg/all/function/internal_message.html?_=1610243282233&CODE_STATE=count HTTP/1.1" 200 11
222.69.133.109 - - [10/Jan/2021:09:48:04 +0800] "GET /xingrg/check_reg.html?_=1610243282236 HTTP/1.1" 200 22
222.69.133.109 - - [10/Jan/2021:09:48:04 +0800] "POST /xingrg/load_menu.html HTTP/1.1" 200 5138
116.228.172.94 - - [10/Jan/2021:09:48:08 +0800] "GET /xingrg/kc/buy/cgsh_order_operate.html?command=get_materiel&rest_code=00107&code=00101006115&supplier_code=00100010&order_time=2021-01-10 HTTP/1.1" 200 409
222.69.133.109 - - [10/Jan/2021:09:48:14 +0800] "GET /xingrg/kc/base/wldb_order_list.html HTTP/1.1" 200 19345
222.69.133.109 - - [10/Jan/2021:09:48:15 +0800] "POST /xingrg/kc/base/wldb_list_operate.html HTTP/1.1" 200 928
61.165.42.208 - - [10/Jan/2021:09:48:15 +0800] "GET /xingrg/all/function/internal_message.html?_=1610243273403&CODE_STATE=getMsg HTTP/1.1" 200 27
222.69.133.109 - - [10/Jan/2021:09:48:17 +0800] "GET /xingrg/kc/base/wldb_order_add.html HTTP/1.1" 200 30508
222.69.133.109 - - [10/Jan/2021:09:48:17 +0800] "GET /xingrg/words/20210109170614_words.js HTTP/1.1" 200 787419
222.69.133.109 - - [10/Jan/2021:09:48:17 +0800] "POST /xingrg/kc/base/wldb_order_operate.html HTTP/1.1" 200 6806
222.69.133.109 - - [10/Jan/2021:09:48:17 +0800] "GET /xingrg/all/common/auto_word.html?type=base&rest_code=00154 HTTP/1.1" 200 677
222.69.133.109 - - [10/Jan/2021:09:48:17 +0800] "GET /xingrg/all/common/auto_word.html?type=base&rest_code=00154 HTTP/1.1" 200 677
222.69.133.109 - - [10/Jan/2021:09:48:17 +0800] "GET /xingrg/javascript/easyui/themes/default/validatebox.css HTTP/1.1" 404 1104
222.69.133.109 - - [10/Jan/2021:09:48:19 +0800] "POST /xingrg/all/common/load_combo.html?type=base HTTP/1.1" 200 1224
120.253.135.82 - - [10/Jan/2021:09:48:22 +0800] "GET /xingrg/all/function/internal_message.html?_=1610243056878&CODE_STATE=getMsg HTTP/1.1" 200 27
222.69.133.109 - - [10/Jan/2021:09:48:23 +0800] "POST /xingrg/all/common/load_combo.html?type=base HTTP/1.1" 200 1224
116.228.172.94 - - [10/Jan/2021:09:48:25 +0800] "GET /xingrg/kc/buy/cgsh_order_operate.html?command=get_materiel&rest_code=00107&code=00101006177&supplier_code=00100010&order_time=2021-01-10 HTTP/1.1" 200 409
116.228.172.94 - - [10/Jan/2021:09:48:30 +0800] "GET /xingrg/all/function/internal_message.html?_=1610243305941&CODE_STATE=getMsg HTTP/1.1" 200 27
222.70.174.7 - - [10/Jan/2021:09:48:30 +0800] "GET /xingrg/check_reg.html?_=1610243307964 HTTP/1.1" 302 -
117.131.5.26 - - [10/Jan/2021:09:48:30 +0800] "POST /xingrg/services/DataTransmitService HTTP/1.1" 200 524
180.175.150.119 - - [10/Jan/2021:09:48:31 +0800] "POST /xingrg/kc/buy/cgsh_order_operate.html HTTP/1.1" 200 37
117.131.5.26 - - [10/Jan/2021:09:48:31 +0800] "POST /xingrg/services/DataTransmitService HTTP/1.1" 200 501
172.17.200.101 - - [10/Jan/2021:09:48:32 +0800] "GET /xingrg/all/function/internal_message.html?_=1610243308035&CODE_STATE=getMsg HTTP/1.1" 200 27
180.175.150.119 - - [10/Jan/2021:09:48:33 +0800] "POST /xingrg/kc/buy/cgsh_order_operate.html HTTP/1.1" 200 12
222.69.133.109 - - [10/Jan/2021:09:48:35 +0800] "GET /xingrg/javascript/auto/indicator.gif HTTP/1.1" 404 1066
180.175.150.119 - - [10/Jan/2021:09:48:35 +0800] "GET /xingrg/kc/buy/cgsh_order_info.html?code=212021011003955 HTTP/1.1" 200 56592
180.175.150.119 - - [10/Jan/2021:09:48:37 +0800] "GET /xingrg/check_reg.html?_=1610243550922 HTTP/1.1" 200 22
180.175.150.119 - - [10/Jan/2021:09:48:37 +0800] "GET /xingrg/all/function/internal_message.html?_=1610243550925&CODE_STATE=getMsg HTTP/1.1" 200 27
180.175.150.119 - - [10/Jan/2021:09:48:37 +0800] "GET /xingrg/javascript/easyui/themes/default/validatebox.css HTTP/1.1" 404 1104
180.175.150.119 - - [10/Jan/2021:09:48:37 +0800] "POST /xingrg/kc/buy/cgsh_order_operate.html HTTP/1.1" 200 11276
222.69.136.245 - - [10/Jan/2021:09:48:39 +0800] "GET /xingrg/all/function/internal_message.html?_=1610243315530&CODE_STATE=getMsg HTTP/1.1" 200 27
116.228.172.94 - - [10/Jan/2021:09:48:40 +0800] "GET /xingrg/kc/buy/cgsh_order_operate.html?command=get_materiel&rest_code=00107&code=00101006011&supplier_code=00100010&order_time=2021-01-10 HTTP/1.1" 200 409
180.156.237.57 - - [10/Jan/2021:09:48:46 +0800] "GET /xingrg/all/function/internal_message.html?_=1610243323353&CODE_STATE=getMsg HTTP/1.1" 200 27
180.156.237.57 - - [10/Jan/2021:09:48:46 +0800] "GET /xingrg/check_reg.html?_=1610243323357 HTTP/1.1" 200 22
222.69.133.109 - - [10/Jan/2021:09:48:50 +0800] "GET /xingrg/kc/base/wldb_order_operate.html?command=get_materiel&rest_code=00154&base_code=0010724&code=00101022099 HTTP/1.1" 200 425
116.228.172.94 - - [10/Jan/2021:09:48:50 +0800] "POST /xingrg/kc/buy/cgsh_order_operate.html HTTP/1.1" 200 37
116.228.172.94 - - [10/Jan/2021:09:48:53 +0800] "POST /xingrg/kc/buy/cgsh_order_operate.html HTTP/1.1" 200 6784
180.175.150.119 - - [10/Jan/2021:09:48:54 +0800] "GET /xingrg/kc/print/load_data.html?order_code=212021011003955&kc_code=cgsh&condition= HTTP/1.1" 200 4690
172.17.0.120 - - [10/Jan/2021:09:48:56 +0800] "GET /xingrg/all/function/internal_message.html?_=1610243368166&CODE_STATE=getMsg HTTP/1.1" 200 27
116.228.172.94 - - [10/Jan/2021:09:48:57 +0800] "GET /xingrg/kc/print/load_data.html?order_code=212021011003956&kc_code=cgsh&condition= HTTP/1.1" 200 2290
61.165.42.208 - - [10/Jan/2021:09:48:58 +0800] "GET /xingrg/all/function/internal_message.html?_=1610243334632&CODE_STATE=getMsg HTTP/1.1" 200 27
114.88.169.67 - - [10/Jan/2021:09:49:00 +0800] "GET /xingrg/all/function/internal_message.html?_=1610243336385&CODE_STATE=getMsg HTTP/1.1" 200 27
222.69.133.109 - - [10/Jan/2021:09:49:03 +0800] "GET /xingrg/kc/base/wldb_order_operate.html?command=get_materiel&rest_code=00154&base_code=0010724&code=00101022082 HTTP/1.1" 200 427
222.69.133.109 - - [10/Jan/2021:09:49:04 +0800] "GET /xingrg/all/function/internal_message.html?_=1610243342249&CODE_STATE=getMsg HTTP/1.1" 200 27
116.228.172.94 - - [10/Jan/2021:09:49:06 +0800] "GET /xingrg/kc/buy/cgsh_order_add.html HTTP/1.1" 200 61831
116.228.172.94 - - [10/Jan/2021:09:49:07 +0800] "GET /xingrg/javascript/easyui/themes/default/validatebox.css HTTP/1.1" 404 1104
116.228.172.94 - - [10/Jan/2021:09:49:07 +0800] "POST /xingrg/kc/buy/cgsh_order_operate.html HTTP/1.1" 200 8245
116.228.172.94 - - [10/Jan/2021:09:49:08 +0800] "GET /xingrg/javascript/easyui/themes/default/tree.css HTTP/1.1" 404 1090
116.228.172.94 - - [10/Jan/2021:09:49:08 +0800] "POST /xingrg/all/common/load_tree.html?tree=supplier_tree_json&isDelete=1 HTTP/1.1" 200 54158
120.253.135.82 - - [10/Jan/2021:09:49:10 +0800] "GET /xingrg/check_reg.html?_=1610243105364 HTTP/1.1" 200 22
61.165.42.208 - - [10/Jan/2021:09:49:15 +0800] "GET /xingrg/all/function/internal_message.html?_=1610243333419&CODE_STATE=getMsg HTTP/1.1" 200 27
222.69.133.109 - - [10/Jan/2021:09:49:19 +0800] "GET /xingrg/kc/base/wldb_order_operate.html?command=get_materiel&rest_code=00154&base_code=0010724&code=00101019416 HTTP/1.1" 200 464
120.253.135.82 - - [10/Jan/2021:09:49:22 +0800] "GET /xingrg/all/function/internal_message.html?_=1610243116893&CODE_STATE=getMsg HTTP/1.1" 200 27
116.228.172.94 - - [10/Jan/2021:09:49:23 +0800] "GET /xingrg/kc/buy/cgsh_order_operate.html?command=get_materiel&rest_code=00107&code=00101016100&supplier_code=00100033&order_time=2021-01-10 HTTP/1.1" 200 412
116.228.172.94 - - [10/Jan/2021:09:49:30 +0800] "GET /xingrg/check_reg.html?_=1610243365913 HTTP/1.1" 200 22
116.228.172.94 - - [10/Jan/2021:09:49:30 +0800] "GET /xingrg/all/function/internal_message.html?_=1610243365956&CODE_STATE=getMsg HTTP/1.1" 200 27
172.17.200.101 - - [10/Jan/2021:09:49:32 +0800] "GET /xingrg/all/function/internal_message.html?_=1610243368036&CODE_STATE=getMsg HTTP/1.1" 200 27
116.228.172.94 - - [10/Jan/2021:09:49:32 +0800] "GET /xingrg/kc/buy/cgsh_order_operate.html?command=get_materiel&rest_code=00107&code=00101010248&supplier_code=00100033&order_time=2021-01-10 HTTP/1.1" 200 430
180.175.150.119 - - [10/Jan/2021:09:49:37 +0800] "GET /xingrg/all/function/internal_message.html?_=1610243611385&CODE_STATE=getMsg HTTP/1.1" 200 27
222.69.133.109 - - [10/Jan/2021:09:49:37 +0800] "GET /xingrg/kc/base/wldb_order_operate.html?command=get_materiel&rest_code=00154&base_code=0010724&code=00101019184 HTTP/1.1" 200 442
222.69.136.245 - - [10/Jan/2021:09:49:39 +0800] "GET /xingrg/all/function/internal_message.html?_=1610243375524&CODE_STATE=getMsg HTTP/1.1" 200 27
180.156.237.57 - - [10/Jan/2021:09:49:46 +0800] "GET /xingrg/all/function/internal_message.html?_=1610243383343&CODE_STATE=getMsg HTTP/1.1" 200 27
116.228.172.94 - - [10/Jan/2021:09:49:46 +0800] "GET /xingrg/kc/buy/cgsh_order_operate.html?command=get_materiel&rest_code=00107&code=00101016057&supplier_code=00100033&order_time=2021-01-10 HTTP/1.1" 200 408
222.69.133.109 - - [10/Jan/2021:09:49:50 +0800] "GET /xingrg/kc/base/wldb_order_operate.html?command=get_materiel&rest_code=00154&base_code=0010724&code=00101019400 HTTP/1.1" 200 450
101.85.93.83 - - [10/Jan/2021:09:49:52 +0800] "GET /xingrg HTTP/1.1" 302 -
101.85.93.83 - - [10/Jan/2021:09:49:52 +0800] "GET /xingrg/ HTTP/1.1" 200 292
101.85.93.83 - - [10/Jan/2021:09:49:54 +0800] "GET /xingrg/index.html HTTP/1.1" 302 -
101.85.93.83 - - [10/Jan/2021:09:49:54 +0800] "GET /xingrg/login.html HTTP/1.1" 200 7641
101.85.93.83 - - [10/Jan/2021:09:49:54 +0800] "GET /favicon.ico HTTP/1.1" 404 -
101.85.93.83 - - [10/Jan/2021:09:49:54 +0800] "GET /xingrg/images/blue/jxLogo.png HTTP/1.1" 200 6156
101.85.93.83 - - [10/Jan/2021:09:49:56 +0800] "GET /xingrg/images/blue/hj.png HTTP/1.1" 200 1014
101.85.93.83 - - [10/Jan/2021:09:49:56 +0800] "GET /xingrg/images/blue/srbg.png HTTP/1.1" 200 138
101.85.93.83 - - [10/Jan/2021:09:49:56 +0800] "GET /xingrg/images/blue/login_bg.png HTTP/1.1" 200 22101
172.17.0.120 - - [10/Jan/2021:09:49:56 +0800] "GET /xingrg/check_reg.html?_=1610243428154 HTTP/1.1" 200 22
172.17.0.120 - - [10/Jan/2021:09:49:56 +0800] "GET /xingrg/all/function/internal_message.html?_=1610243428158&CODE_STATE=getMsg HTTP/1.1" 200 27
116.228.172.94 - - [10/Jan/2021:09:49:56 +0800] "GET /xingrg/kc/buy/cgsh_order_operate.html?command=get_materiel&rest_code=00107&code=00101016080&supplier_code=00100033&order_time=2021-01-10 HTTP/1.1" 200 408
101.85.93.83 - - [10/Jan/2021:09:49:57 +0800] "GET /favicon.ico HTTP/1.1" 404 -
61.165.42.208 - - [10/Jan/2021:09:49:58 +0800] "GET /xingrg/all/function/internal_message.html?_=1610243394632&CODE_STATE=getMsg HTTP/1.1" 200 27
101.85.93.83 - - [10/Jan/2021:09:49:59 +0800] "POST /xingrg/login.do HTTP/1.1" 302 -
101.85.93.83 - - [10/Jan/2021:09:49:59 +0800] "GET /xingrg/javascript/jquery_easy_ui/themes/icon.css HTTP/1.1" 200 3949
101.85.93.83 - - [10/Jan/2021:09:49:59 +0800] "GET /xingrg/index.html?sysBaseUrl=http%3A%2F%2F180.169.147.146%3A18081%2Fxingrg%2F&costTime=37×tamp=1610243399582 HTTP/1.1" 200 17179
101.85.93.83 - - [10/Jan/2021:09:49:59 +0800] "GET /xingrg/css/form.css HTTP/1.1" 200 893
101.85.93.83 - - [10/Jan/2021:09:49:59 +0800] "GET /xingrg/javascript/jquery-1.4.2.min.js HTTP/1.1" 200 72205
101.85.93.83 - - [10/Jan/2021:09:49:59 +0800] "GET /xingrg/javascript/jquery_easy_ui/easyui-lang-zh_CN.js HTTP/1.1" 200 1900
101.85.93.83 - - [10/Jan/2021:09:49:59 +0800] "GET /xingrg/javascript/jquery.form.js HTTP/1.1" 200 23110
101.85.93.83 - - [10/Jan/2021:09:49:59 +0800] "GET /xingrg/javascript/jquery_easy_ui/jquery.easyui.min.js HTTP/1.1" 200 213662
101.85.93.83 - - [10/Jan/2021:09:49:59 +0800] "GET /xingrg/javascript/jquery.timers.js HTTP/1.1" 200 3532
101.85.93.83 - - [10/Jan/2021:09:49:59 +0800] "GET /xingrg/javascript/jquery_easy_ui/themes/default/easyui.css HTTP/1.1" 200 26500
101.85.93.83 - - [10/Jan/2021:09:49:59 +0800] "GET /xingrg/javascript/jquery.utils.js HTTP/1.1" 200 11805
101.85.93.83 - - [10/Jan/2021:09:49:59 +0800] "GET /favicon.ico HTTP/1.1" 404 -
101.85.93.83 - - [10/Jan/2021:09:50:00 +0800] "GET /xingrg/javascript/jquery_easy_ui/themes/icons/settle_new.png HTTP/1.1" 200 826
101.85.93.83 - - [10/Jan/2021:09:50:00 +0800] "GET /xingrg/images/blue/navBackgound.jpg HTTP/1.1" 200 12378
101.85.93.83 - - [10/Jan/2021:09:50:00 +0800] "POST /xingrg/all/common/load_tree.html?tree=area_rest_tree_json&manage=1 HTTP/1.1" 200 351
101.85.93.83 - - [10/Jan/2021:09:50:00 +0800] "GET /xingrg/all/function/internal_message.html?_=1610243064864&CODE_STATE=count HTTP/1.1" 200 11
101.85.93.83 - - [10/Jan/2021:09:50:00 +0800] "GET /xingrg/check_reg.html?_=1610243064865 HTTP/1.1" 200 22
101.85.93.83 - - [10/Jan/2021:09:50:00 +0800] "GET /xingrg/images/blue/pingpu.png HTTP/1.1" 200 231
101.85.93.83 - - [10/Jan/2021:09:50:00 +0800] "GET /xingrg/javascript/jquery_easy_ui/themes/default/images/tabs_leftarrow.png HTTP/1.1" 200 389
101.85.93.83 - - [10/Jan/2021:09:50:00 +0800] "GET /xingrg/javascript/jquery_easy_ui/themes/default/images/tabs_rightarrow.png HTTP/1.1" 200 395
101.85.93.83 - - [10/Jan/2021:09:50:00 +0800] "GET /xingrg/javascript/jquery_easy_ui/themes/default/images/panel_tool_collapse.gif HTTP/1.1" 200 246
101.85.93.83 - - [10/Jan/2021:09:50:00 +0800] "POST /xingrg/load_menu.html HTTP/1.1" 200 5138
101.85.93.83 - - [10/Jan/2021:09:50:00 +0800] "GET /xingrg/javascript/jquery_easy_ui/themes/default/images/tree_arrows.gif HTTP/1.1" 200 1043
101.85.93.83 - - [10/Jan/2021:09:50:00 +0800] "GET /xingrg/javascript/jquery_easy_ui/themes/default/images/tree_folder_open.gif HTTP/1.1" 200 956
101.85.93.83 - - [10/Jan/2021:09:50:00 +0800] "GET /xingrg/javascript/jquery_easy_ui/themes/icons/search_new.png HTTP/1.1" 200 586
101.85.93.83 - - [10/Jan/2021:09:50:00 +0800] "GET /xingrg/javascript/jquery_easy_ui/themes/default/images/tree_folder.gif HTTP/1.1" 200 952
101.85.93.83 - - [10/Jan/2021:09:50:00 +0800] "GET /xingrg/javascript/jquery_easy_ui/themes/icons/storage_new.png HTTP/1.1" 200 853
101.85.93.83 - - [10/Jan/2021:09:50:00 +0800] "GET /xingrg/javascript/jquery_easy_ui/themes/default/images/tree_file.gif HTTP/1.1" 200 118
101.85.93.83 - - [10/Jan/2021:09:50:00 +0800] "GET /xingrg/javascript/jquery_easy_ui/themes/icons/forms_new.png HTTP/1.1" 200 350
114.88.169.67 - - [10/Jan/2021:09:50:00 +0800] "GET /xingrg/all/function/internal_message.html?_=1610243396400&CODE_STATE=getMsg HTTP/1.1" 200 27
42.236.10.125 - - [10/Jan/2021:09:50:00 +0800] "GET /xingrg HTTP/1.1" 302 -
42.236.10.125 - - [10/Jan/2021:09:50:01 +0800] "GET /xingrg HTTP/1.1" 302 -
42.236.10.125 - - [10/Jan/2021:09:50:01 +0800] "GET /xingrg/ HTTP/1.1" 200 292
42.236.10.125 - - [10/Jan/2021:09:50:01 +0800] "GET /xingrg/index.html HTTP/1.1" 302 -
42.236.10.125 - - [10/Jan/2021:09:50:01 +0800] "GET /xingrg/login.html HTTP/1.1" 200 2139
42.236.10.125 - - [10/Jan/2021:09:50:01 +0800] "GET /xingrg/javascript/mobile/jquery.mobile-1.3.2.min.css HTTP/1.1" 200 94670
42.236.10.117 - - [10/Jan/2021:09:50:01 +0800] "GET /xingrg/javascript/mobile/jquery.mobile-1.3.2.min.js HTTP/1.1" 200 145396
42.236.10.114 - - [10/Jan/2021:09:50:01 +0800] "GET /xingrg/javascript/mobile/jquery-1.8.3.min.js HTTP/1.1" 200 93637
42.236.10.117 - - [10/Jan/2021:09:50:02 +0800] "GET /xingrg/javascript/mobile/images/ajax-loader.gif HTTP/1.1" 200 7825
101.85.93.83 - - [10/Jan/2021:09:50:03 +0800] "GET /xingrg/javascript/jquery_easy_ui/themes/default/images/tabs_close.gif HTTP/1.1" 200 829
101.85.93.83 - - [10/Jan/2021:09:50:03 +0800] "GET /xingrg/css/base.css HTTP/1.1" 200 2811
101.85.93.83 - - [10/Jan/2021:09:50:03 +0800] "GET /xingrg/css/site.css HTTP/1.1" 200 7541
101.85.93.83 - - [10/Jan/2021:09:50:03 +0800] "GET /xingrg/javascript/jquery_tools/datebox.css HTTP/1.1" 200 2597
101.85.93.83 - - [10/Jan/2021:09:50:03 +0800] "GET /xingrg/javascript/easyui/themes/icon.css HTTP/1.1" 200 4483
101.85.93.83 - - [10/Jan/2021:09:50:03 +0800] "GET /xingrg/javascript/jquery_tools/fix.css HTTP/1.1" 200 1702
101.85.93.83 - - [10/Jan/2021:09:50:03 +0800] "GET /xingrg/javascript/auto/jquery.autocomplete.css HTTP/1.1" 200 587
101.85.93.83 - - [10/Jan/2021:09:50:03 +0800] "GET /xingrg/javascript/jquery_tools/jquery.tools.min.js HTTP/1.1" 200 138801
101.85.93.83 - - [10/Jan/2021:09:50:03 +0800] "GET /xingrg/javascript/jquery_tools/jquery.tools.hotkey.js HTTP/1.1" 200 3242
101.85.93.83 - - [10/Jan/2021:09:50:03 +0800] "GET /xingrg/javascript/jquery_tools/jquery.tools.table.js HTTP/1.1" 200 6994
101.85.93.83 - - [10/Jan/2021:09:50:03 +0800] "GET /xingrg/javascript/jquery_tools/list_manager.js HTTP/1.1" 200 3652
101.85.93.83 - - [10/Jan/2021:09:50:03 +0800] "GET /xingrg/javascript/easyui/easyloader.js HTTP/1.1" 200 5975
101.85.93.83 - - [10/Jan/2021:09:50:03 +0800] "GET /xingrg/javascript/easyui/themes/default/easyui.css HTTP/1.1" 200 30432
101.85.93.83 - - [10/Jan/2021:09:50:03 +0800] "GET /xingrg/javascript/jquery.cookie.js HTTP/1.1" 200 5513
101.85.93.83 - - [10/Jan/2021:09:50:03 +0800] "GET /xingrg/javascript/print/LodopFuncs.js HTTP/1.1" 200 5121
101.85.93.83 - - [10/Jan/2021:09:50:03 +0800] "GET /xingrg/javascript/auto/jquery.autocomplete.js HTTP/1.1" 200 21624
101.85.93.83 - - [10/Jan/2021:09:50:03 +0800] "GET /xingrg/javascript/jquery_tools/table.css HTTP/1.1" 200 1032
101.85.93.83 - - [10/Jan/2021:09:50:03 +0800] "GET /xingrg/kc/buy/cgsh_order_list.html HTTP/1.1" 200 46011
222.69.133.109 - - [10/Jan/2021:09:50:04 +0800] "GET /xingrg/all/function/internal_message.html?_=1610243402255&CODE_STATE=getMsg HTTP/1.1" 200 27
116.228.172.94 - - [10/Jan/2021:09:50:05 +0800] "GET /xingrg/kc/buy/cgsh_order_operate.html?command=get_materiel&rest_code=00107&code=00101012025&supplier_code=00100033&order_time=2021-01-10 HTTP/1.1" 200 412
101.85.93.83 - - [10/Jan/2021:09:50:06 +0800] "GET /xingrg/javascript/jquery_tools/jquery.tools.extend.js HTTP/1.1" 200 15385
101.85.93.83 - - [10/Jan/2021:09:50:06 +0800] "GET /xingrg/images/control/ajaxLoader.gif HTTP/1.1" 200 4659
101.85.93.83 - - [10/Jan/2021:09:50:06 +0800] "GET /xingrg/javascript/easyui/plugins/jquery.parser.js HTTP/1.1" 200 1142
101.85.93.83 - - [10/Jan/2021:09:50:06 +0800] "GET /xingrg/javascript/easyui/themes/icons/edit_add_new.png HTTP/1.1" 200 2997
101.85.93.83 - - [10/Jan/2021:09:50:06 +0800] "GET /xingrg/javascript/easyui/themes/icons/import_new.png HTTP/1.1" 200 1247
101.85.93.83 - - [10/Jan/2021:09:50:06 +0800] "GET /xingrg/javascript/easyui/themes/icons/field_new.png HTTP/1.1" 200 1097
101.85.93.83 - - [10/Jan/2021:09:50:06 +0800] "GET /xingrg/javascript/easyui/themes/icons/check_new.png HTTP/1.1" 200 3224
101.85.93.83 - - [10/Jan/2021:09:50:06 +0800] "GET /xingrg/javascript/easyui/themes/icons/cance_new.png HTTP/1.1" 200 3986
101.85.93.83 - - [10/Jan/2021:09:50:06 +0800] "POST /xingrg/kc/buy/cgsh_list_operate.html HTTP/1.1" 200 876
101.85.93.83 - - [10/Jan/2021:09:50:07 +0800] "GET /xingrg/javascript/easyui/themes/default/images/button_plain_hover.png HTTP/1.1" 200 144
101.85.93.83 - - [10/Jan/2021:09:50:07 +0800] "GET /xingrg/javascript/pic_change.js HTTP/1.1" 200 4739
101.85.93.83 - - [10/Jan/2021:09:50:07 +0800] "GET /xingrg/javascript/convert.js HTTP/1.1" 200 1239
101.85.93.83 - - [10/Jan/2021:09:50:07 +0800] "GET /xingrg/javascript/jquery_tools/order_manager.js HTTP/1.1" 200 11183
101.85.93.83 - - [10/Jan/2021:09:50:07 +0800] "GET /xingrg/javascript/json2.js HTTP/1.1" 200 11259
101.85.93.83 - - [10/Jan/2021:09:50:07 +0800] "GET /xingrg/javascript/print/kc_print.js HTTP/1.1" 200 11415
101.85.93.83 - - [10/Jan/2021:09:50:07 +0800] "GET /xingrg/kc/buy/cgsh_order_add.html HTTP/1.1" 200 60861
101.85.93.83 - - [10/Jan/2021:09:50:07 +0800] "GET /xingrg/words/20210109170614_words.js HTTP/1.1" 200 787419
101.85.93.83 - - [10/Jan/2021:09:50:07 +0800] "GET /xingrg/javascript/easyui/themes/icons/copy_new.png HTTP/1.1" 200 815
101.85.93.83 - - [10/Jan/2021:09:50:07 +0800] "GET /xingrg/javascript/easyui/themes/icons/template_new.png HTTP/1.1" 200 3956
101.85.93.83 - - [10/Jan/2021:09:50:07 +0800] "GET /xingrg/javascript/easyui/themes/icons/ok.png HTTP/1.1" 200 883
101.85.93.83 - - [10/Jan/2021:09:50:07 +0800] "GET /xingrg/javascript/easyui/themes/icons/cancel.png HTTP/1.1" 200 1133
101.85.93.83 - - [10/Jan/2021:09:50:07 +0800] "GET /xingrg/javascript/easyui/themes/default/images/menu_downarrow.png HTTP/1.1" 200 173
101.85.93.83 - - [10/Jan/2021:09:50:07 +0800] "GET /xingrg/javascript/easyui/themes/icons/print.png HTTP/1.1" 200 1057
101.85.93.83 - - [10/Jan/2021:09:50:08 +0800] "POST /xingrg/kc/buy/cgsh_order_operate.html HTTP/1.1" 200 8245
101.85.93.83 - - [10/Jan/2021:09:50:08 +0800] "GET /xingrg/all/common/auto_word.html?type=employee&rest_code=00142 HTTP/1.1" 200 105
101.85.93.83 - - [10/Jan/2021:09:50:08 +0800] "GET /xingrg/all/common/auto_word.html?type=employee&rest_code=00142 HTTP/1.1" 200 105
101.85.93.83 - - [10/Jan/2021:09:50:08 +0800] "GET /xingrg/javascript/easyui/themes/default/validatebox.css HTTP/1.1" 404 1104
101.85.93.83 - - [10/Jan/2021:09:50:08 +0800] "GET /xingrg/javascript/easyui/plugins/jquery.validatebox.js HTTP/1.1" 200 6103
101.85.93.83 - - [10/Jan/2021:09:50:08 +0800] "GET /xingrg/javascript/easyui/plugins/jquery.numberbox.js HTTP/1.1" 200 5213
101.85.93.83 - - [10/Jan/2021:09:50:08 +0800] "GET /xingrg/javascript/easyui/themes/icons/edit_remove.png HTTP/1.1" 200 625
101.85.93.83 - - [10/Jan/2021:09:50:09 +0800] "GET /xingrg/javascript/auto/indicator.gif HTTP/1.1" 404 1066
222.69.133.109 - - [10/Jan/2021:09:50:10 +0800] "GET /xingrg/kc/base/wldb_order_operate.html?command=get_materiel&rest_code=00154&base_code=0010724&code=00101019222 HTTP/1.1" 200 453
116.228.172.94 - - [10/Jan/2021:09:50:14 +0800] "GET /xingrg/kc/buy/cgsh_order_operate.html?command=get_materiel&rest_code=00107&code=00101016017&supplier_code=00100033&order_time=2021-01-10 HTTP/1.1" 200 408
117.184.7.26 - - [10/Jan/2021:09:50:14 +0800] "GET /xingrg/login.html HTTP/1.1" 200 7641
61.165.42.208 - - [10/Jan/2021:09:50:15 +0800] "GET /xingrg/all/function/internal_message.html?_=1610243393402&CODE_STATE=getMsg HTTP/1.1" 200 27
117.184.7.26 - - [10/Jan/2021:09:50:18 +0800] "GET /favicon.ico HTTP/1.1" 404 -
222.69.133.109 - - [10/Jan/2021:09:50:20 +0800] "POST /xingrg/kc/base/wldb_order_operate.html HTTP/1.1" 200 37
222.69.133.109 - - [10/Jan/2021:09:50:21 +0800] "POST /xingrg/kc/base/wldb_order_operate.html HTTP/1.1" 200 12
222.69.133.109 - - [10/Jan/2021:09:50:21 +0800] "POST /xingrg/kc/base/wldb_order_operate.html HTTP/1.1" 200 4636
120.253.135.82 - - [10/Jan/2021:09:50:22 +0800] "GET /xingrg/all/function/internal_message.html?_=1610243176907&CODE_STATE=getMsg HTTP/1.1" 200 27
222.69.133.109 - - [10/Jan/2021:09:50:23 +0800] "GET /xingrg/kc/base/wldb_order_info.html?code=422021011001173 HTTP/1.1" 200 26385
222.69.133.109 - - [10/Jan/2021:09:50:23 +0800] "GET /xingrg/javascript/easyui/themes/default/validatebox.css HTTP/1.1" 404 1104
101.85.93.83 - - [10/Jan/2021:09:50:23 +0800] "GET /xingrg/kc/buy/cgsh_order_operate.html?command=get_materiel&rest_code=00142&code=00101030037&supplier_code=00100207&order_time=2021-01-10 HTTP/1.1" 200 399
222.69.133.109 - - [10/Jan/2021:09:50:23 +0800] "POST /xingrg/kc/base/wldb_order_operate.html HTTP/1.1" 200 2871
116.228.172.94 - - [10/Jan/2021:09:50:23 +0800] "GET /xingrg/kc/buy/cgsh_order_operate.html?command=get_materiel&rest_code=00107&code=00101012051&supplier_code=00100033&order_time=2021-01-10 HTTP/1.1" 200 408
116.228.172.94 - - [10/Jan/2021:09:50:30 +0800] "GET /xingrg/all/function/internal_message.html?_=1610243425931&CODE_STATE=getMsg HTTP/1.1" 200 27
172.17.200.101 - - [10/Jan/2021:09:50:32 +0800] "GET /xingrg/all/function/internal_message.html?_=1610243428041&CODE_STATE=getMsg HTTP/1.1" 200 27
180.175.150.119 - - [10/Jan/2021:09:50:37 +0800] "GET /xingrg/all/function/internal_message.html?_=1610243671396&CODE_STATE=getMsg HTTP/1.1" 200 27
101.85.93.83 - - [10/Jan/2021:09:50:38 +0800] "GET /xingrg/kc/buy/cgsh_order_operate.html?command=get_materiel&rest_code=00142&code=00101013135&supplier_code=00100207&order_time=2021-01-10 HTTP/1.1" 200 408
222.69.136.245 - - [10/Jan/2021:09:50:39 +0800] "GET /xingrg/all/function/internal_message.html?_=1610243435537&CODE_STATE=getMsg HTTP/1.1" 200 27
222.69.136.245 - - [10/Jan/2021:09:50:39 +0800] "GET /xingrg/check_reg.html?_=1610243435542 HTTP/1.1" 200 22
116.228.172.94 - - [10/Jan/2021:09:50:44 +0800] "GET /xingrg/kc/buy/cgsh_order_operate.html?command=get_materiel&rest_code=00107&code=00101012029&supplier_code=00100033&order_time=2021-01-10 HTTP/1.1" 200 412
222.70.174.6 - - [10/Jan/2021:09:50:45 +0800] "GET /xingrg/check_reg.html?_=1610243453516 HTTP/1.1" 200 22
180.156.237.57 - - [10/Jan/2021:09:50:46 +0800] "GET /xingrg/all/function/internal_message.html?_=1610243443340&CODE_STATE=getMsg HTTP/1.1" 200 27
172.17.0.120 - - [10/Jan/2021:09:50:56 +0800] "GET /xingrg/all/function/internal_message.html?_=1610243488163&CODE_STATE=getMsg HTTP/1.1" 200 27
61.165.42.208 - - [10/Jan/2021:09:50:58 +0800] "GET /xingrg/check_reg.html?_=1610243454631 HTTP/1.1" 200 22
61.165.42.208 - - [10/Jan/2021:09:50:58 +0800] "GET /xingrg/all/function/internal_message.html?_=1610243454633&CODE_STATE=getMsg HTTP/1.1" 200 27
101.85.93.83 - - [10/Jan/2021:09:50:59 +0800] "GET /xingrg/kc/buy/cgsh_order_operate.html?command=get_materiel&rest_code=00142&code=00102019027&supplier_code=00100207&order_time=2021-01-10 HTTP/1.1" 200 422
101.85.93.83 - - [10/Jan/2021:09:51:00 +0800] "GET /xingrg/all/function/internal_message.html?_=1610243124877&CODE_STATE=getMsg HTTP/1.1" 200 27
114.88.169.67 - - [10/Jan/2021:09:51:00 +0800] "GET /xingrg/all/function/internal_message.html?_=1610243456574&CODE_STATE=getMsg HTTP/1.1" 200 27
116.228.172.94 - - [10/Jan/2021:09:51:01 +0800] "GET /xingrg/kc/buy/cgsh_order_operate.html?command=get_materiel&rest_code=00107&code=00101016025&supplier_code=00100033&order_time=2021-01-10 HTTP/1.1" 200 408
222.69.133.109 - - [10/Jan/2021:09:51:04 +0800] "GET /xingrg/all/function/internal_message.html?_=1610243462251&CODE_STATE=getMsg HTTP/1.1" 200 27
116.228.172.94 - - [10/Jan/2021:09:51:09 +0800] "POST /xingrg/kc/buy/cgsh_order_operate.html HTTP/1.1" 200 37
116.228.172.94 - - [10/Jan/2021:09:51:11 +0800] "POST /xingrg/kc/buy/cgsh_order_operate.html HTTP/1.1" 200 7386
116.228.172.94 - - [10/Jan/2021:09:51:12 +0800] "GET /xingrg/kc/print/load_data.html?order_code=212021011003957&kc_code=cgsh&condition= HTTP/1.1" 200 2504
222.70.174.6 - - [10/Jan/2021:09:51:13 +0800] "POST /xingrg/kc/buy/cgsh_order_operate.html HTTP/1.1" 200 2065
61.165.42.208 - - [10/Jan/2021:09:51:15 +0800] "GET /xingrg/all/function/internal_message.html?_=1610243453415&CODE_STATE=getMsg HTTP/1.1" 200 27
120.253.135.82 - - [10/Jan/2021:09:51:22 +0800] "GET /xingrg/all/function/internal_message.html?_=1610243236996&CODE_STATE=getMsg HTTP/1.1" 200 27
180.175.150.119 - - [10/Jan/2021:09:51:26 +0800] "GET /xingrg/kc/buy/cgsh_order_add.html HTTP/1.1" 200 61702
180.175.150.119 - - [10/Jan/2021:09:51:28 +0800] "POST /xingrg/kc/buy/cgsh_order_operate.html HTTP/1.1" 200 8245
180.175.150.119 - - [10/Jan/2021:09:51:28 +0800] "GET /xingrg/javascript/easyui/themes/default/validatebox.css HTTP/1.1" 404 1104
116.228.172.94 - - [10/Jan/2021:09:51:30 +0800] "GET /xingrg/all/function/internal_message.html?_=1610243485907&CODE_STATE=getMsg HTTP/1.1" 200 27
172.17.200.101 - - [10/Jan/2021:09:51:32 +0800] "GET /xingrg/all/function/internal_message.html?_=1610243488042&CODE_STATE=getMsg HTTP/1.1" 200 27
180.175.150.119 - - [10/Jan/2021:09:51:37 +0800] "GET /xingrg/all/function/internal_message.html?_=1610243731676&CODE_STATE=getMsg HTTP/1.1" 200 27
222.69.136.245 - - [10/Jan/2021:09:51:39 +0800] "GET /xingrg/all/function/internal_message.html?_=1610243495529&CODE_STATE=getMsg HTTP/1.1" 200 27
180.156.237.57 - - [10/Jan/2021:09:51:44 +0800] "GET /xingrg/kc/buy/cgsh_order_list.html HTTP/1.1" 200 46011
180.156.237.57 - - [10/Jan/2021:09:51:45 +0800] "POST /xingrg/kc/buy/cgsh_list_operate.html HTTP/1.1" 200 2052
180.156.237.57 - - [10/Jan/2021:09:51:46 +0800] "GET /xingrg/all/function/internal_message.html?_=1610243503361&CODE_STATE=getMsg HTTP/1.1" 200 27
101.85.93.83 - - [10/Jan/2021:09:51:47 +0800] "GET /xingrg/javascript/jquery_easy_ui/themes/default/images/tabs_active.png HTTP/1.1" 200 2894
180.156.237.57 - - [10/Jan/2021:09:51:48 +0800] "POST /xingrg/kc/buy/cgsh_list_operate.html HTTP/1.1" 200 568
180.156.237.57 - - [10/Jan/2021:09:51:48 +0800] "GET /xingrg/kc/buy/cgsh_order_info.html?code=212021011003928 HTTP/1.1" 200 61676
180.156.237.57 - - [10/Jan/2021:09:51:49 +0800] "GET /xingrg/javascript/easyui/themes/default/validatebox.css HTTP/1.1" 404 1104
180.156.237.57 - - [10/Jan/2021:09:51:49 +0800] "POST /xingrg/kc/buy/cgsh_order_operate.html HTTP/1.1" 200 32829
172.17.0.120 - - [10/Jan/2021:09:51:56 +0800] "GET /xingrg/all/function/internal_message.html?_=1610243548156&CODE_STATE=getMsg HTTP/1.1" 200 27
61.165.42.208 - - [10/Jan/2021:09:51:58 +0800] "GET /xingrg/all/function/internal_message.html?_=1610243514631&CODE_STATE=getMsg HTTP/1.1" 200 27
114.88.169.67 - - [10/Jan/2021:09:51:59 +0800] "GET /xingrg/check_reg.html?_=1610243515584 HTTP/1.1" 200 22
101.85.93.83 - - [10/Jan/2021:09:52:00 +0800] "GET /xingrg/all/function/internal_message.html?_=1610243184908&CODE_STATE=getMsg HTTP/1.1" 200 27
114.88.169.67 - - [10/Jan/2021:09:52:00 +0800] "GET /xingrg/all/function/internal_message.html?_=1610243516582&CODE_STATE=getMsg HTTP/1.1" 200 27
172.17.0.108 - - [10/Jan/2021:09:52:03 +0800] "GET /xingrg/check_reg.html?_=1610243519022 HTTP/1.1" 302 -
114.88.169.67 - - [10/Jan/2021:09:52:04 +0800] "GET /xingrg/kc/buy/cgsh_order_operate.html?command=get_materiel&rest_code=00111&code=00101009019&supplier_code=00100037&order_time=2021-01-10 HTTP/1.1" 200 412
222.69.133.109 - - [10/Jan/2021:09:52:04 +0800] "GET /xingrg/all/function/internal_message.html?_=1610243522254&CODE_STATE=getMsg HTTP/1.1" 200 27
222.70.174.6 - - [10/Jan/2021:09:52:12 +0800] "POST /xingrg/kc/buy/cgsh_order_operate.html HTTP/1.1" 200 2065
180.175.150.119 - - [10/Jan/2021:09:52:13 +0800] "GET /xingrg/kc/buy/cgsh_order_operate.html?command=get_materiel&rest_code=00102&code=00101002027&supplier_code=00100151&order_time=2021-01-10 HTTP/1.1" 200 435
61.165.42.208 - - [10/Jan/2021:09:52:15 +0800] "GET /xingrg/check_reg.html?_=1610243513413 HTTP/1.1" 200 22
61.165.42.208 - - [10/Jan/2021:09:52:15 +0800] "GET /xingrg/all/function/internal_message.html?_=1610243513414&CODE_STATE=getMsg HTTP/1.1" 200 27
120.253.135.82 - - [10/Jan/2021:09:52:22 +0800] "GET /xingrg/all/function/internal_message.html?_=1610243296996&CODE_STATE=getMsg HTTP/1.1" 200 27
114.88.169.67 - - [10/Jan/2021:09:52:24 +0800] "POST /xingrg/kc/buy/cgsh_order_operate.html HTTP/1.1" 200 2065
116.228.172.94 - - [10/Jan/2021:09:52:29 +0800] "GET /xingrg/all/function/internal_message.html?_=1610243545890&CODE_STATE=getMsg HTTP/1.1" 200 27
172.17.200.101 - - [10/Jan/2021:09:52:32 +0800] "GET /xingrg/all/function/internal_message.html?_=1610243548043&CODE_STATE=getMsg HTTP/1.1" 200 27
172.17.200.101 - - [10/Jan/2021:09:52:32 +0800] "GET /xingrg/check_reg.html?_=1610243548047 HTTP/1.1" 200 22
180.175.150.119 - - [10/Jan/2021:09:52:37 +0800] "GET /xingrg/all/function/internal_message.html?_=1610243791689&CODE_STATE=getMsg HTTP/1.1" 200 27
180.162.7.59 - - [10/Jan/2021:09:52:39 +0800] "GET /favicon.ico HTTP/1.1" 404 -
222.69.136.245 - - [10/Jan/2021:09:52:39 +0800] "GET /xingrg/all/function/internal_message.html?_=1610243555532&CODE_STATE=getMsg HTTP/1.1" 200 27
180.156.237.57 - - [10/Jan/2021:09:52:46 +0800] "GET /xingrg/all/function/internal_message.html?_=1610243563362&CODE_STATE=getMsg HTTP/1.1" 200 27
114.88.169.67 - - [10/Jan/2021:09:52:48 +0800] "GET /xingrg/kc/buy/cgsh_order_operate.html?command=get_materiel&rest_code=00111&code=00101016071&supplier_code=00100037&order_time=2021-01-10 HTTP/1.1" 200 416
172.17.0.120 - - [10/Jan/2021:09:52:56 +0800] "GET /xingrg/all/function/internal_message.html?_=1610243608163&CODE_STATE=getMsg HTTP/1.1" 200 27
61.165.42.208 - - [10/Jan/2021:09:52:58 +0800] "GET /xingrg/all/function/internal_message.html?_=1610243574630&CODE_STATE=getMsg HTTP/1.1" 200 27
101.85.93.83 - - [10/Jan/2021:09:53:00 +0800] "GET /xingrg/all/function/internal_message.html?_=1610243244876&CODE_STATE=getMsg HTTP/1.1" 200 27
114.88.169.67 - - [10/Jan/2021:09:53:00 +0800] "GET /xingrg/all/function/internal_message.html?_=1610243576595&CODE_STATE=getMsg HTTP/1.1" 200 27
180.175.150.119 - - [10/Jan/2021:09:53:02 +0800] "GET /xingrg/kc/buy/cgsh_order_operate.html?command=get_materiel&rest_code=00102&code=00101010161&supplier_code=00100151&order_time=2021-01-10 HTTP/1.1" 200 408
222.69.133.109 - - [10/Jan/2021:09:53:04 +0800] "GET /xingrg/check_reg.html?_=1610243582256 HTTP/1.1" 200 22
222.69.133.109 - - [10/Jan/2021:09:53:04 +0800] "GET /xingrg/all/function/internal_message.html?_=1610243582260&CODE_STATE=getMsg HTTP/1.1" 200 27
222.70.174.6 - - [10/Jan/2021:09:53:07 +0800] "POST /xingrg/kc/buy/cgsh_order_operate.html HTTP/1.1" 200 2065
114.88.169.67 - - [10/Jan/2021:09:53:13 +0800] "GET /xingrg/kc/buy/cgsh_order_operate.html?command=get_materiel&rest_code=00111&code=00101008005&supplier_code=00100037&order_time=2021-01-10 HTTP/1.1" 200 412
61.165.42.208 - - [10/Jan/2021:09:53:15 +0800] "GET /xingrg/all/function/internal_message.html?_=1610243573411&CODE_STATE=getMsg HTTP/1.1" 200 27
180.156.237.57 - - [10/Jan/2021:09:53:19 +0800] "GET /xingrg/kc/buy/cgsh_order_operate.html?command=get_materiel&rest_code=00150&code=00101008063&supplier_code=00100007&order_time=2021-01-10 HTTP/1.1" 200 412
120.253.135.82 - - [10/Jan/2021:09:53:22 +0800] "GET /xingrg/all/function/internal_message.html?_=1610243357072&CODE_STATE=getMsg HTTP/1.1" 200 27
114.88.169.67 - - [10/Jan/2021:09:53:25 +0800] "POST /xingrg/kc/buy/cgsh_order_operate.html HTTP/1.1" 200 2065
116.228.172.94 - - [10/Jan/2021:09:53:29 +0800] "GET /xingrg/all/function/internal_message.html?_=1610243605864&CODE_STATE=getMsg HTTP/1.1" 200 27
222.70.174.7 - - [10/Jan/2021:09:53:30 +0800] "GET /xingrg/check_reg.html?_=1610243608001 HTTP/1.1" 302 -
114.88.169.67 - - [10/Jan/2021:09:53:31 +0800] "GET /xingrg/kc/buy/cgsh_order_operate.html?command=get_materiel&rest_code=00111&code=00101008007&supplier_code=00100037&order_time=2021-01-10 HTTP/1.1" 200 413
172.17.200.101 - - [10/Jan/2021:09:53:32 +0800] "GET /xingrg/all/function/internal_message.html?_=1610243608034&CODE_STATE=getMsg HTTP/1.1" 200 27
180.175.150.119 - - [10/Jan/2021:09:53:37 +0800] "GET /xingrg/check_reg.html?_=1610243850922 HTTP/1.1" 200 22
180.175.150.119 - - [10/Jan/2021:09:53:37 +0800] "GET /xingrg/all/function/internal_message.html?_=1610243851703&CODE_STATE=getMsg HTTP/1.1" 200 27
222.69.136.245 - - [10/Jan/2021:09:53:39 +0800] "GET /xingrg/all/function/internal_message.html?_=1610243615536&CODE_STATE=getMsg HTTP/1.1" 200 27
180.156.237.57 - - [10/Jan/2021:09:53:46 +0800] "GET /xingrg/all/function/internal_message.html?_=1610243623372&CODE_STATE=getMsg HTTP/1.1" 200 27
180.156.237.57 - - [10/Jan/2021:09:53:46 +0800] "GET /xingrg/check_reg.html?_=1610243623375 HTTP/1.1" 200 22
172.17.0.120 - - [10/Jan/2021:09:53:56 +0800] "GET /xingrg/all/function/internal_message.html?_=1610243668167&CODE_STATE=getMsg HTTP/1.1" 200 27
61.165.42.208 - - [10/Jan/2021:09:53:58 +0800] "GET /xingrg/all/function/internal_message.html?_=1610243634629&CODE_STATE=getMsg HTTP/1.1" 200 27
101.85.93.83 - - [10/Jan/2021:09:54:00 +0800] "GET /xingrg/all/function/internal_message.html?_=1610243304868&CODE_STATE=getMsg HTTP/1.1" 200 27
114.88.169.67 - - [10/Jan/2021:09:54:00 +0800] "GET /xingrg/all/function/internal_message.html?_=1610243636609&CODE_STATE=getMsg HTTP/1.1" 200 27
222.69.133.109 - - [10/Jan/2021:09:54:04 +0800] "GET /xingrg/all/function/internal_message.html?_=1610243642247&CODE_STATE=getMsg HTTP/1.1" 200 27
120.253.135.82 - - [10/Jan/2021:09:54:10 +0800] "GET /xingrg/check_reg.html?_=1610243405370 HTTP/1.1" 200 22
61.165.42.208 - - [10/Jan/2021:09:54:15 +0800] "GET /xingrg/all/function/internal_message.html?_=1610243633410&CODE_STATE=getMsg HTTP/1.1" 200 27
120.253.135.82 - - [10/Jan/2021:09:54:22 +0800] "GET /xingrg/all/function/internal_message.html?_=1610243417086&CODE_STATE=getMsg HTTP/1.1" 200 27
222.70.174.6 - - [10/Jan/2021:09:54:23 +0800] "POST /xingrg/kc/buy/cgsh_order_operate.html HTTP/1.1" 200 2065
116.228.172.94 - - [10/Jan/2021:09:54:29 +0800] "GET /xingrg/all/function/internal_message.html?_=1610243665851&CODE_STATE=getMsg HTTP/1.1" 200 27
116.228.172.94 - - [10/Jan/2021:09:54:29 +0800] "GET /xingrg/check_reg.html?_=1610243665898 HTTP/1.1" 200 22
172.17.200.101 - - [10/Jan/2021:09:54:32 +0800] "GET /xingrg/all/function/internal_message.html?_=1610243668040&CODE_STATE=getMsg HTTP/1.1" 200 27
180.175.150.119 - - [10/Jan/2021:09:54:37 +0800] "GET /xingrg/all/function/internal_message.html?_=1610243911716&CODE_STATE=getMsg HTTP/1.1" 200 27
222.69.136.245 - - [10/Jan/2021:09:54:39 +0800] "GET /xingrg/all/function/internal_message.html?_=1610243675536&CODE_STATE=getMsg HTTP/1.1" 200 27
180.156.237.57 - - [10/Jan/2021:09:54:42 +0800] "POST /xingrg/kc/buy/cgsh_order_operate.html HTTP/1.1" 200 37
180.156.237.57 - - [10/Jan/2021:09:54:44 +0800] "POST /xingrg/kc/buy/cgsh_order_operate.html HTTP/1.1" 200 12
180.156.237.57 - - [10/Jan/2021:09:54:45 +0800] "GET /xingrg/kc/buy/cgsh_order_info.html?code=212021011003928 HTTP/1.1" 200 56569
180.156.237.57 - - [10/Jan/2021:09:54:46 +0800] "GET /xingrg/javascript/easyui/themes/default/validatebox.css HTTP/1.1" 404 1104
180.156.237.57 - - [10/Jan/2021:09:54:46 +0800] "GET /xingrg/all/function/internal_message.html?_=1610243683371&CODE_STATE=getMsg HTTP/1.1" 200 27
180.156.237.57 - - [10/Jan/2021:09:54:46 +0800] "POST /xingrg/kc/buy/cgsh_order_operate.html HTTP/1.1" 200 31359
180.156.237.57 - - [10/Jan/2021:09:54:48 +0800] "GET /xingrg/kc/print/load_data.html?order_code=212021011003928&kc_code=cgsh&condition= HTTP/1.1" 200 12389
114.88.169.67 - - [10/Jan/2021:09:54:49 +0800] "GET /xingrg/kc/buy/cgsh_order_operate.html?command=get_materiel&rest_code=00111&code=00101006039&supplier_code=00100037&order_time=2021-01-10 HTTP/1.1" 200 434
180.156.237.57 - - [10/Jan/2021:09:54:56 +0800] "POST /xingrg/kc/buy/cgsh_list_operate.html HTTP/1.1" 200 583
172.17.0.120 - - [10/Jan/2021:09:54:56 +0800] "GET /xingrg/check_reg.html?_=1610243728155 HTTP/1.1" 200 22
172.17.0.120 - - [10/Jan/2021:09:54:56 +0800] "GET /xingrg/all/function/internal_message.html?_=1610243728162&CODE_STATE=getMsg HTTP/1.1" 200 27
180.156.237.57 - - [10/Jan/2021:09:54:57 +0800] "GET /xingrg/kc/buy/cgsh_order_info.html?code=212021011003941 HTTP/1.1" 200 61676
180.156.237.57 - - [10/Jan/2021:09:54:57 +0800] "GET /xingrg/javascript/easyui/themes/default/validatebox.css HTTP/1.1" 404 1104
180.156.237.57 - - [10/Jan/2021:09:54:58 +0800] "POST /xingrg/kc/buy/cgsh_order_operate.html HTTP/1.1" 200 5625
61.165.42.208 - - [10/Jan/2021:09:54:58 +0800] "GET /xingrg/all/function/internal_message.html?_=1610243694627&CODE_STATE=getMsg HTTP/1.1" 200 27
101.85.93.83 - - [10/Jan/2021:09:55:00 +0800] "GET /xingrg/check_reg.html?_=1610243364881 HTTP/1.1" 200 22
101.85.93.83 - - [10/Jan/2021:09:55:00 +0800] "GET /xingrg/all/function/internal_message.html?_=1610243364884&CODE_STATE=getMsg HTTP/1.1" 200 27
114.88.169.67 - - [10/Jan/2021:09:55:00 +0800] "GET /xingrg/all/function/internal_message.html?_=1610243696623&CODE_STATE=getMsg HTTP/1.1" 200 27
222.69.133.109 - - [10/Jan/2021:09:55:04 +0800] "GET /xingrg/all/function/internal_message.html?_=1610243702248&CODE_STATE=getMsg HTTP/1.1" 200 27
180.156.237.57 - - [10/Jan/2021:09:55:05 +0800] "POST /xingrg/kc/buy/cgsh_order_operate.html HTTP/1.1" 200 37
180.156.237.57 - - [10/Jan/2021:09:55:07 +0800] "POST /xingrg/kc/buy/cgsh_order_operate.html HTTP/1.1" 200 12
180.156.237.57 - - [10/Jan/2021:09:55:08 +0800] "GET /xingrg/kc/buy/cgsh_order_info.html?code=212021011003941 HTTP/1.1" 200 56569
180.156.237.57 - - [10/Jan/2021:09:55:08 +0800] "GET /xingrg/javascript/easyui/themes/default/validatebox.css HTTP/1.1" 404 1104
180.156.237.57 - - [10/Jan/2021:09:55:09 +0800] "POST /xingrg/kc/buy/cgsh_order_operate.html HTTP/1.1" 200 3573
180.156.237.57 - - [10/Jan/2021:09:55:10 +0800] "GET /xingrg/kc/print/load_data.html?order_code=212021011003941&kc_code=cgsh&condition= HTTP/1.1" 200 1838
61.165.42.208 - - [10/Jan/2021:09:55:15 +0800] "GET /xingrg/all/function/internal_message.html?_=1610243693436&CODE_STATE=getMsg HTTP/1.1" 200 27
120.253.135.82 - - [10/Jan/2021:09:55:22 +0800] "GET /xingrg/all/function/internal_message.html?_=1610243477099&CODE_STATE=getMsg HTTP/1.1" 200 27
222.70.174.6 - - [10/Jan/2021:09:55:28 +0800] "POST /xingrg/kc/buy/cgsh_order_operate.html HTTP/1.1" 200 2065
116.228.172.94 - - [10/Jan/2021:09:55:29 +0800] "GET /xingrg/all/function/internal_message.html?_=1610243725837&CODE_STATE=getMsg HTTP/1.1" 200 27
172.17.200.101 - - [10/Jan/2021:09:55:32 +0800] "GET /xingrg/all/function/internal_message.html?_=1610243728043&CODE_STATE=getMsg HTTP/1.1" 200 27
180.175.150.119 - - [10/Jan/2021:09:55:37 +0800] "GET /xingrg/all/function/internal_message.html?_=1610243971730&CODE_STATE=getMsg HTTP/1.1" 200 27
114.88.169.67 - - [10/Jan/2021:09:55:39 +0800] "GET /xingrg/kc/buy/cgsh_order_operate.html?command=get_materiel&rest_code=00111&code=00101006106&supplier_code=00100037&order_time=2021-01-10 HTTP/1.1" 200 420
222.69.136.245 - - [10/Jan/2021:09:55:39 +0800] "GET /xingrg/all/function/internal_message.html?_=1610243735539&CODE_STATE=getMsg HTTP/1.1" 200 27
222.69.136.245 - - [10/Jan/2021:09:55:39 +0800] "GET /xingrg/check_reg.html?_=1610243735542 HTTP/1.1" 200 22
222.70.174.6 - - [10/Jan/2021:09:55:45 +0800] "GET /xingrg/check_reg.html?_=1610243753524 HTTP/1.1" 200 22
180.156.237.57 - - [10/Jan/2021:09:55:46 +0800] "GET /xingrg/all/function/internal_message.html?_=1610243743372&CODE_STATE=getMsg HTTP/1.1" 200 27
172.17.0.120 - - [10/Jan/2021:09:55:56 +0800] "GET /xingrg/all/function/internal_message.html?_=1610243752635&CODE_STATE=getMsg HTTP/1.1" 200 27
61.165.42.208 - - [10/Jan/2021:09:55:58 +0800] "GET /xingrg/all/function/internal_message.html?_=1610243754628&CODE_STATE=getMsg HTTP/1.1" 200 27
61.165.42.208 - - [10/Jan/2021:09:55:58 +0800] "GET /xingrg/check_reg.html?_=1610243754630 HTTP/1.1" 200 22
101.85.93.83 - - [10/Jan/2021:09:56:00 +0800] "GET /xingrg/all/function/internal_message.html?_=1610243424875&CODE_STATE=getMsg HTTP/1.1" 200 27
114.88.169.67 - - [10/Jan/2021:09:56:00 +0800] "GET /xingrg/kc/buy/cgsh_order_operate.html?command=get_materiel&rest_code=00111&code=00101007117&supplier_code=00100037&order_time=2021-01-10 HTTP/1.1" 200 409
114.88.169.67 - - [10/Jan/2021:09:56:01 +0800] "GET /xingrg/all/function/internal_message.html?_=1610243756636&CODE_STATE=getMsg HTTP/1.1" 200 27
222.69.133.109 - - [10/Jan/2021:09:56:04 +0800] "GET /xingrg/all/function/internal_message.html?_=1610243762250&CODE_STATE=getMsg HTTP/1.1" 200 27
180.156.237.57 - - [10/Jan/2021:09:56:09 +0800] "GET /xingrg/kc/mdqp/psth_order_list1.html HTTP/1.1" 200 18073
180.156.237.57 - - [10/Jan/2021:09:56:09 +0800] "POST /xingrg/kc/mdqp/psth_list_operate.html HTTP/1.1" 200 749
180.156.237.57 - - [10/Jan/2021:09:56:11 +0800] "GET /xingrg/kc/mdqp/psth_order_add1.html HTTP/1.1" 200 25436
180.156.237.57 - - [10/Jan/2021:09:56:11 +0800] "GET /xingrg/javascript/jquery_tools/jquery-1.4.2.min.js HTTP/1.1" 404 1094
180.156.237.57 - - [10/Jan/2021:09:56:11 +0800] "POST /xingrg/kc/mdqp/psth_order_operate.html HTTP/1.1" 200 6806
180.156.237.57 - - [10/Jan/2021:09:56:11 +0800] "GET /xingrg/javascript/easyui/themes/default/validatebox.css HTTP/1.1" 404 1104
180.156.237.57 - - [10/Jan/2021:09:56:11 +0800] "GET /xingrg/all/common/auto_word.html?type=base&rest_code=00150&rest_code=00101 HTTP/1.1" 200 1653
180.175.150.119 - - [10/Jan/2021:09:56:14 +0800] "GET /xingrg/kc/buy/cgsh_order_operate.html?command=get_materiel&rest_code=00102&code=00101002022&supplier_code=00100151&order_time=2021-01-10 HTTP/1.1" 200 411
61.165.42.208 - - [10/Jan/2021:09:56:15 +0800] "GET /xingrg/all/function/internal_message.html?_=1610243753435&CODE_STATE=getMsg HTTP/1.1" 200 27
180.156.237.57 - - [10/Jan/2021:09:56:19 +0800] "GET /xingrg/kc/mdqp/psth_order_operate.html?command=get_materiel&base_code=0010451&rest_code=00150&code=00101014019 HTTP/1.1" 200 434
120.253.135.82 - - [10/Jan/2021:09:56:22 +0800] "GET /xingrg/all/function/internal_message.html?_=1610243537175&CODE_STATE=getMsg HTTP/1.1" 200 27
180.156.237.57 - - [10/Jan/2021:09:56:29 +0800] "POST /xingrg/kc/mdqp/psth_order_operate.html HTTP/1.1" 200 37
116.228.172.94 - - [10/Jan/2021:09:56:29 +0800] "GET /xingrg/all/function/internal_message.html?_=1610243785821&CODE_STATE=getMsg HTTP/1.1" 200 27
180.156.237.57 - - [10/Jan/2021:09:56:30 +0800] "POST /xingrg/kc/mdqp/psth_order_operate.html HTTP/1.1" 200 2178
180.156.237.57 - - [10/Jan/2021:09:56:31 +0800] "POST /xingrg/kc/mdqp/psth_order_operate.html HTTP/1.1" 200 12
172.17.200.101 - - [10/Jan/2021:09:56:32 +0800] "GET /xingrg/all/function/internal_message.html?_=1610243788046&CODE_STATE=getMsg HTTP/1.1" 200 27
