116.228.172.94 - - [10/Jan/2021:10:18:54 +0800] "GET /xingrg/kc/print/load_data.html?order_code=212021011003968&kc_code=cgsh&condition= HTTP/1.1" 200 1114
114.86.226.161 - - [10/Jan/2021:10:18:56 +0800] "GET /xingrg/index.html?sysBaseUrl=http%3A%2F%2F180.169.147.146%3A18081%2Fxingrg%2F&costTime=72×tamp=1610245128843 HTTP/1.1" 200 17173
114.86.226.161 - - [10/Jan/2021:10:18:56 +0800] "GET /xingrg/javascript/jquery_easy_ui/themes/icons/rest.png HTTP/1.1" 304 -
114.86.226.161 - - [10/Jan/2021:10:18:56 +0800] "GET /xingrg/javascript/jquery_easy_ui/themes/icons/area.png HTTP/1.1" 304 -
172.17.0.120 - - [10/Jan/2021:10:18:56 +0800] "GET /xingrg/all/function/internal_message.html?_=1610245132628&CODE_STATE=getMsg HTTP/1.1" 200 27
114.86.226.161 - - [10/Jan/2021:10:18:56 +0800] "POST /xingrg/all/common/load_tree.html?tree=area_rest_tree_json&manage=1 HTTP/1.1" 200 342
114.86.226.161 - - [10/Jan/2021:10:18:56 +0800] "GET /xingrg/all/function/internal_message.html?_=1610245161093&CODE_STATE=count HTTP/1.1" 200 11
114.86.226.161 - - [10/Jan/2021:10:18:56 +0800] "POST /xingrg/load_menu.html HTTP/1.1" 200 5138
114.86.226.161 - - [10/Jan/2021:10:18:56 +0800] "GET /xingrg/check_reg.html?_=1610245161096 HTTP/1.1" 200 22
114.86.226.161 - - [10/Jan/2021:10:18:57 +0800] "GET /favicon.ico HTTP/1.1" 404 -
61.165.42.208 - - [10/Jan/2021:10:18:58 +0800] "GET /xingrg/kc/buy/cgsh_order_operate.html?command=get_materiel&rest_code=00105&code=00101009045&supplier_code=00100024&order_time=2021-01-10 HTTP/1.1" 200 412
114.86.226.161 - - [10/Jan/2021:10:18:58 +0800] "GET /xingrg/kc/buy/buy_main.html HTTP/1.1" 200 12412
114.86.226.161 - - [10/Jan/2021:10:18:58 +0800] "GET /xingrg/css/new_ie.css HTTP/1.1" 404 1036
61.165.42.208 - - [10/Jan/2021:10:18:58 +0800] "GET /xingrg/all/function/internal_message.html?_=1610245134680&CODE_STATE=getMsg HTTP/1.1" 200 27
180.175.150.119 - - [10/Jan/2021:10:18:58 +0800] "GET /xingrg/kc/buy/cgsh_order_operate.html?command=get_materiel&rest_code=00102&code=00101011003&supplier_code=00100047&order_time=2021-01-10 HTTP/1.1" 200 413
114.86.226.161 - - [10/Jan/2021:10:18:59 +0800] "GET /xingrg/kc/buy/cgsh_order_list.html HTTP/1.1" 200 46005
116.228.172.94 - - [10/Jan/2021:10:19:00 +0800] "GET /xingrg/kc/buy/cgsh_order_add.html HTTP/1.1" 200 61831
114.86.226.161 - - [10/Jan/2021:10:19:00 +0800] "POST /xingrg/kc/buy/cgsh_list_operate.html HTTP/1.1" 200 876
101.85.93.83 - - [10/Jan/2021:10:19:00 +0800] "GET /xingrg/all/function/internal_message.html?_=1610244804900&CODE_STATE=getMsg HTTP/1.1" 200 27
116.228.172.94 - - [10/Jan/2021:10:19:00 +0800] "POST /xingrg/kc/buy/cgsh_order_operate.html HTTP/1.1" 200 8245
116.228.172.94 - - [10/Jan/2021:10:19:01 +0800] "GET /xingrg/javascript/easyui/themes/default/validatebox.css HTTP/1.1" 404 1104
114.86.226.161 - - [10/Jan/2021:10:19:01 +0800] "GET /xingrg/kc/buy/cgsh_order_add.html HTTP/1.1" 200 61790
114.86.226.161 - - [10/Jan/2021:10:19:01 +0800] "GET /xingrg/words/20210109170614_words.js HTTP/1.1" 304 -
114.86.226.161 - - [10/Jan/2021:10:19:02 +0800] "POST /xingrg/kc/buy/cgsh_order_operate.html HTTP/1.1" 200 8245
114.86.226.161 - - [10/Jan/2021:10:19:02 +0800] "GET /xingrg/all/common/auto_word.html?type=employee&rest_code=00109 HTTP/1.1" 200 205
114.86.226.161 - - [10/Jan/2021:10:19:02 +0800] "GET /xingrg/javascript/easyui/themes/default/validatebox.css HTTP/1.1" 404 1104
114.86.226.161 - - [10/Jan/2021:10:19:02 +0800] "GET /xingrg/all/common/auto_word.html?type=employee&rest_code=00109 HTTP/1.1" 200 205
114.88.169.67 - - [10/Jan/2021:10:19:02 +0800] "GET /xingrg/all/function/internal_message.html?_=1610245138433&CODE_STATE=getMsg HTTP/1.1" 200 27
222.69.133.109 - - [10/Jan/2021:10:19:04 +0800] "GET /xingrg/all/function/internal_message.html?_=1610245142048&CODE_STATE=getMsg HTTP/1.1" 200 27
116.228.172.94 - - [10/Jan/2021:10:19:04 +0800] "GET /xingrg/javascript/easyui/themes/default/tree.css HTTP/1.1" 404 1090
116.228.172.94 - - [10/Jan/2021:10:19:04 +0800] "POST /xingrg/all/common/load_tree.html?tree=supplier_tree_json&isDelete=1 HTTP/1.1" 200 54158
61.165.42.208 - - [10/Jan/2021:10:19:06 +0800] "GET /xingrg/kc/buy/cgsh_order_operate.html?command=get_materiel&rest_code=00105&code=00101009062&supplier_code=00100024&order_time=2021-01-10 HTTP/1.1" 200 412
180.175.150.119 - - [10/Jan/2021:10:19:10 +0800] "POST /xingrg/kc/buy/cgsh_order_operate.html HTTP/1.1" 200 37
120.253.135.82 - - [10/Jan/2021:10:19:10 +0800] "GET /xingrg/check_reg.html?_=1610244905475 HTTP/1.1" 200 22
180.175.150.119 - - [10/Jan/2021:10:19:12 +0800] "POST /xingrg/kc/buy/cgsh_order_operate.html HTTP/1.1" 200 12
61.165.42.208 - - [10/Jan/2021:10:19:15 +0800] "GET /xingrg/all/function/internal_message.html?_=1610245133460&CODE_STATE=getMsg HTTP/1.1" 200 27
114.88.169.67 - - [10/Jan/2021:10:19:18 +0800] "GET /xingrg/kc/buy/cgsh_order_operate.html?command=get_materiel&rest_code=00111&code=00101008005&supplier_code=00100005&order_time=2021-01-10 HTTP/1.1" 200 412
116.228.172.94 - - [10/Jan/2021:10:19:23 +0800] "GET /xingrg/kc/buy/cgsh_order_operate.html?command=get_materiel&rest_code=00107&code=00101010567&supplier_code=00100326&order_time=2021-01-10 HTTP/1.1" 200 399
120.253.135.82 - - [10/Jan/2021:10:19:23 +0800] "GET /xingrg/all/function/internal_message.html?_=1610244918532&CODE_STATE=getMsg HTTP/1.1" 200 27
61.165.42.208 - - [10/Jan/2021:10:19:26 +0800] "GET /xingrg/kc/buy/cgsh_order_operate.html?command=get_materiel&rest_code=00105&code=00101009011&supplier_code=00100024&order_time=2021-01-10 HTTP/1.1" 200 416
116.228.172.94 - - [10/Jan/2021:10:19:29 +0800] "GET /xingrg/check_reg.html?_=1610245165862 HTTP/1.1" 200 22
116.228.172.94 - - [10/Jan/2021:10:19:31 +0800] "POST /xingrg/kc/buy/cgsh_order_operate.html HTTP/1.1" 200 37
172.17.200.101 - - [10/Jan/2021:10:19:32 +0800] "GET /xingrg/all/function/internal_message.html?_=1610245168060&CODE_STATE=getMsg HTTP/1.1" 200 27
222.69.136.245 - - [10/Jan/2021:10:19:32 +0800] "GET /xingrg/all/function/internal_message.html?_=1610245168216&CODE_STATE=getMsg HTTP/1.1" 200 27
222.69.136.245 - - [10/Jan/2021:10:19:32 +0800] "GET /xingrg/check_reg.html?_=1610245168219 HTTP/1.1" 200 22
114.88.169.67 - - [10/Jan/2021:10:19:33 +0800] "POST /xingrg/kc/buy/cgsh_order_operate.html HTTP/1.1" 200 37
116.228.172.94 - - [10/Jan/2021:10:19:33 +0800] "POST /xingrg/kc/buy/cgsh_order_operate.html HTTP/1.1" 200 2658
180.175.150.119 - - [10/Jan/2021:10:19:34 +0800] "GET /xingrg/kc/buy/cgsh_order_info.html?code=212021011003969 HTTP/1.1" 200 56602
116.228.172.94 - - [10/Jan/2021:10:19:35 +0800] "GET /xingrg/kc/print/load_data.html?order_code=212021011003970&kc_code=cgsh&condition= HTTP/1.1" 200 677
180.175.150.119 - - [10/Jan/2021:10:19:36 +0800] "GET /xingrg/javascript/easyui/themes/default/validatebox.css HTTP/1.1" 404 1104
180.175.150.119 - - [10/Jan/2021:10:19:37 +0800] "POST /xingrg/kc/buy/cgsh_order_operate.html HTTP/1.1" 200 1210
114.88.169.67 - - [10/Jan/2021:10:19:37 +0800] "POST /xingrg/kc/buy/cgsh_order_operate.html HTTP/1.1" 200 48158
61.165.42.208 - - [10/Jan/2021:10:19:37 +0800] "GET /xingrg/kc/buy/cgsh_order_operate.html?command=get_materiel&rest_code=00105&code=00101009016&supplier_code=00100024&order_time=2021-01-10 HTTP/1.1" 200 412
116.228.172.94 - - [10/Jan/2021:10:19:38 +0800] "GET /xingrg/kc/buy/cgsh_order_add.html HTTP/1.1" 200 61831
116.228.172.94 - - [10/Jan/2021:10:19:39 +0800] "GET /xingrg/javascript/easyui/themes/default/validatebox.css HTTP/1.1" 404 1104
116.228.172.94 - - [10/Jan/2021:10:19:40 +0800] "POST /xingrg/kc/buy/cgsh_order_operate.html HTTP/1.1" 200 8245
116.228.172.94 - - [10/Jan/2021:10:19:40 +0800] "GET /xingrg/javascript/easyui/themes/default/tree.css HTTP/1.1" 404 1090
116.228.172.94 - - [10/Jan/2021:10:19:40 +0800] "POST /xingrg/all/common/load_tree.html?tree=supplier_tree_json&isDelete=1 HTTP/1.1" 200 54158
61.165.42.208 - - [10/Jan/2021:10:19:44 +0800] "GET /xingrg/kc/buy/cgsh_order_operate.html?command=get_materiel&rest_code=00105&code=00101009013&supplier_code=00100024&order_time=2021-01-10 HTTP/1.1" 200 420
180.175.150.119 - - [10/Jan/2021:10:19:45 +0800] "GET /xingrg/kc/print/load_data.html?order_code=212021011003969&kc_code=cgsh&condition= HTTP/1.1" 200 972
180.156.237.57 - - [10/Jan/2021:10:19:46 +0800] "GET /xingrg/all/function/internal_message.html?_=1610245183466&CODE_STATE=getMsg HTTP/1.1" 200 27
180.175.150.119 - - [10/Jan/2021:10:19:48 +0800] "GET /xingrg/all/function/internal_message.html?_=1610245422592&CODE_STATE=getMsg HTTP/1.1" 200 27
61.165.42.208 - - [10/Jan/2021:10:19:51 +0800] "GET /xingrg/kc/buy/cgsh_order_operate.html?command=get_materiel&rest_code=00105&code=00101009007&supplier_code=00100024&order_time=2021-01-10 HTTP/1.1" 200 408
180.175.150.119 - - [10/Jan/2021:10:19:53 +0800] "GET /xingrg/kc/buy/cgsh_order_add.html HTTP/1.1" 200 61702
180.175.150.119 - - [10/Jan/2021:10:19:56 +0800] "POST /xingrg/kc/buy/cgsh_order_operate.html HTTP/1.1" 200 8245
180.175.150.119 - - [10/Jan/2021:10:19:56 +0800] "GET /xingrg/javascript/easyui/themes/default/validatebox.css HTTP/1.1" 404 1104
114.86.226.161 - - [10/Jan/2021:10:19:56 +0800] "GET /xingrg/all/function/internal_message.html?_=1610245221109&CODE_STATE=getMsg HTTP/1.1" 200 27
172.17.0.120 - - [10/Jan/2021:10:19:56 +0800] "GET /xingrg/all/function/internal_message.html?_=1610245192630&CODE_STATE=getMsg HTTP/1.1" 200 27
172.17.0.120 - - [10/Jan/2021:10:19:56 +0800] "GET /xingrg/check_reg.html?_=1610245192631 HTTP/1.1" 200 22
61.165.42.208 - - [10/Jan/2021:10:19:58 +0800] "GET /xingrg/all/function/internal_message.html?_=1610245194691&CODE_STATE=getMsg HTTP/1.1" 200 27
101.85.93.83 - - [10/Jan/2021:10:20:00 +0800] "GET /xingrg/check_reg.html?_=1610244864898 HTTP/1.1" 200 22
101.85.93.83 - - [10/Jan/2021:10:20:00 +0800] "GET /xingrg/all/function/internal_message.html?_=1610244864899&CODE_STATE=getMsg HTTP/1.1" 200 27
180.175.150.119 - - [10/Jan/2021:10:20:01 +0800] "GET /xingrg/javascript/easyui/themes/default/tree.css HTTP/1.1" 404 1090
180.175.150.119 - - [10/Jan/2021:10:20:01 +0800] "POST /xingrg/all/common/load_tree.html?tree=supplier_tree_json&isDelete=1 HTTP/1.1" 200 54158
114.88.169.67 - - [10/Jan/2021:10:20:02 +0800] "GET /xingrg/all/function/internal_message.html?_=1610245198445&CODE_STATE=getMsg HTTP/1.1" 200 27
222.69.133.109 - - [10/Jan/2021:10:20:04 +0800] "GET /xingrg/all/function/internal_message.html?_=1610245202021&CODE_STATE=getMsg HTTP/1.1" 200 27
61.165.42.208 - - [10/Jan/2021:10:20:14 +0800] "POST /xingrg/kc/buy/cgsh_order_operate.html HTTP/1.1" 200 37
61.165.42.208 - - [10/Jan/2021:10:20:15 +0800] "GET /xingrg/all/function/internal_message.html?_=1610245193459&CODE_STATE=getMsg HTTP/1.1" 200 27
61.165.42.208 - - [10/Jan/2021:10:20:15 +0800] "POST /xingrg/kc/buy/cgsh_order_operate.html HTTP/1.1" 200 7408
114.88.169.67 - - [10/Jan/2021:10:20:16 +0800] "GET /xingrg/kc/print/load_data.html?order_code=212021011003971&kc_code=cgsh&condition= HTTP/1.1" 200 17883
61.165.42.208 - - [10/Jan/2021:10:20:16 +0800] "GET /xingrg/kc/print/load_data.html?order_code=212021011003972&kc_code=cgsh&condition= HTTP/1.1" 200 2494
116.228.172.94 - - [10/Jan/2021:10:20:19 +0800] "GET /xingrg/kc/buy/cgsh_order_operate.html?command=get_materiel&rest_code=00107&code=00101004046&supplier_code=00100312&order_time=2021-01-10 HTTP/1.1" 200 417
120.253.135.82 - - [10/Jan/2021:10:20:23 +0800] "GET /xingrg/all/function/internal_message.html?_=1610244978547&CODE_STATE=getMsg HTTP/1.1" 200 27
172.17.0.100 - - [10/Jan/2021:10:20:25 +0800] "GET /xingrg/login.html HTTP/1.1" 200 7636
61.165.42.208 - - [10/Jan/2021:10:20:25 +0800] "GET /xingrg/kc/buy/cgsh_order_add.html HTTP/1.1" 200 61790
172.17.0.100 - - [10/Jan/2021:10:20:26 +0800] "GET /favicon.ico HTTP/1.1" 404 -
61.165.42.208 - - [10/Jan/2021:10:20:26 +0800] "GET /xingrg/javascript/easyui/themes/default/validatebox.css HTTP/1.1" 404 1104
61.165.42.208 - - [10/Jan/2021:10:20:26 +0800] "POST /xingrg/kc/buy/cgsh_order_operate.html HTTP/1.1" 200 8245
114.86.226.161 - - [10/Jan/2021:10:20:26 +0800] "GET /xingrg/kc/buy/buy_main.html HTTP/1.1" 200 12412
114.86.226.161 - - [10/Jan/2021:10:20:27 +0800] "GET /xingrg/css/new_ie.css HTTP/1.1" 404 1036
172.17.0.100 - - [10/Jan/2021:10:20:27 +0800] "POST /xingrg/login.do HTTP/1.1" 302 -
172.17.0.100 - - [10/Jan/2021:10:20:27 +0800] "GET /xingrg/index.html?sysBaseUrl=http%3A%2F%2F172.17.0.8%3A18081%2Fxingrg%2F&costTime=41×tamp=1610245227484 HTTP/1.1" 200 17448
172.17.0.100 - - [10/Jan/2021:10:20:27 +0800] "GET /favicon.ico HTTP/1.1" 404 -
172.17.0.100 - - [10/Jan/2021:10:20:27 +0800] "POST /xingrg/all/common/load_tree.html?tree=area_rest_tree_json&manage=1 HTTP/1.1" 200 3344
172.17.0.100 - - [10/Jan/2021:10:20:27 +0800] "GET /xingrg/all/function/internal_message.html?_=1610245223750&CODE_STATE=count HTTP/1.1" 200 11
172.17.0.100 - - [10/Jan/2021:10:20:27 +0800] "GET /xingrg/check_reg.html?_=1610245223751 HTTP/1.1" 200 22
172.17.0.100 - - [10/Jan/2021:10:20:27 +0800] "POST /xingrg/load_menu.html HTTP/1.1" 200 11408
114.86.226.161 - - [10/Jan/2021:10:20:27 +0800] "GET /xingrg/kc/buy/cgsh_order_list.html HTTP/1.1" 200 46005
114.86.226.161 - - [10/Jan/2021:10:20:28 +0800] "POST /xingrg/kc/buy/cgsh_list_operate.html HTTP/1.1" 200 876
180.175.150.119 - - [10/Jan/2021:10:20:28 +0800] "GET /xingrg/kc/buy/cgsh_order_operate.html?command=get_materiel&rest_code=00102&code=00101009011&supplier_code=00100424&order_time=2021-01-10 HTTP/1.1" 200 416
116.228.172.94 - - [10/Jan/2021:10:20:29 +0800] "GET /xingrg/all/function/internal_message.html?_=1610245225488&CODE_STATE=getMsg HTTP/1.1" 200 27
114.88.169.67 - - [10/Jan/2021:10:20:31 +0800] "GET /xingrg/kc/buy/buy_main.html HTTP/1.1" 200 12412
114.88.169.67 - - [10/Jan/2021:10:20:31 +0800] "GET /xingrg/css/new_ie.css HTTP/1.1" 404 1036
114.88.169.67 - - [10/Jan/2021:10:20:31 +0800] "GET /xingrg/images/yd/bt.gif HTTP/1.1" 404 1040
172.17.200.101 - - [10/Jan/2021:10:20:32 +0800] "GET /xingrg/all/function/internal_message.html?_=1610245228061&CODE_STATE=getMsg HTTP/1.1" 200 27
222.69.136.245 - - [10/Jan/2021:10:20:32 +0800] "GET /xingrg/all/function/internal_message.html?_=1610245228221&CODE_STATE=getMsg HTTP/1.1" 200 27
114.88.169.67 - - [10/Jan/2021:10:20:32 +0800] "GET /xingrg/kc/buy/cgsh_order_list.html HTTP/1.1" 200 46005
114.88.169.67 - - [10/Jan/2021:10:20:34 +0800] "POST /xingrg/kc/buy/cgsh_list_operate.html HTTP/1.1" 200 2777
114.88.169.67 - - [10/Jan/2021:10:20:38 +0800] "POST /xingrg/kc/buy/cgsh_list_operate.html HTTP/1.1" 200 566
114.88.169.67 - - [10/Jan/2021:10:20:39 +0800] "GET /xingrg/kc/buy/cgsh_order_info.html?code=212021011003947 HTTP/1.1" 200 61752
114.88.169.67 - - [10/Jan/2021:10:20:39 +0800] "GET /xingrg/javascript/easyui/themes/default/validatebox.css HTTP/1.1" 404 1104
114.88.169.67 - - [10/Jan/2021:10:20:39 +0800] "POST /xingrg/kc/buy/cgsh_order_operate.html HTTP/1.1" 200 9791
61.165.42.208 - - [10/Jan/2021:10:20:40 +0800] "GET /xingrg/kc/buy/cgsh_order_operate.html?command=get_materiel&rest_code=00105&code=00101018011&supplier_code=00100330&order_time=2021-01-10 HTTP/1.1" 200 413
114.88.169.67 - - [10/Jan/2021:10:20:41 +0800] "GET /xingrg/kc/print/load_data.html?order_code=212021011003947&kc_code=cgsh&condition= HTTP/1.1" 200 3467
180.175.150.119 - - [10/Jan/2021:10:20:41 +0800] "GET /xingrg/kc/buy/cgsh_order_operate.html?command=get_materiel&rest_code=00102&code=00101009016&supplier_code=00100424&order_time=2021-01-10 HTTP/1.1" 200 412
114.86.226.161 - - [10/Jan/2021:10:20:42 +0800] "POST /xingrg/kc/buy/cgsh_list_operate.html HTTP/1.1" 200 876
116.228.172.94 - - [10/Jan/2021:10:20:42 +0800] "GET /xingrg/kc/buy/cgsh_order_operate.html?command=get_materiel&rest_code=00107&code=00101004067&supplier_code=00100312&order_time=2021-01-10 HTTP/1.1" 200 413
180.156.237.57 - - [10/Jan/2021:10:20:46 +0800] "GET /xingrg/all/function/internal_message.html?_=1610245243463&CODE_STATE=getMsg HTTP/1.1" 200 27
180.175.150.119 - - [10/Jan/2021:10:20:48 +0800] "GET /xingrg/all/function/internal_message.html?_=1610245482600&CODE_STATE=getMsg HTTP/1.1" 200 27
180.175.150.119 - - [10/Jan/2021:10:20:50 +0800] "GET /xingrg/kc/buy/cgsh_order_operate.html?command=get_materiel&rest_code=00102&code=00101009013&supplier_code=00100424&order_time=2021-01-10 HTTP/1.1" 200 420
114.88.169.67 - - [10/Jan/2021:10:20:51 +0800] "POST /xingrg/kc/buy/cgsh_list_operate.html HTTP/1.1" 200 353
114.88.169.67 - - [10/Jan/2021:10:20:51 +0800] "GET /xingrg/kc/buy/cgsh_order_info.html?code=212021011003948 HTTP/1.1" 200 61750
114.88.169.67 - - [10/Jan/2021:10:20:52 +0800] "GET /xingrg/javascript/easyui/themes/default/validatebox.css HTTP/1.1" 404 1104
114.88.169.67 - - [10/Jan/2021:10:20:52 +0800] "POST /xingrg/kc/buy/cgsh_order_operate.html HTTP/1.1" 200 3853
116.228.172.94 - - [10/Jan/2021:10:20:54 +0800] "GET /xingrg/kc/buy/cgsh_order_operate.html?command=get_materiel&rest_code=00107&code=00101004030&supplier_code=00100312&order_time=2021-01-10 HTTP/1.1" 200 428
114.86.226.161 - - [10/Jan/2021:10:20:56 +0800] "GET /xingrg/all/function/internal_message.html?_=1610245281250&CODE_STATE=getMsg HTTP/1.1" 200 27
172.17.0.120 - - [10/Jan/2021:10:20:56 +0800] "GET /xingrg/all/function/internal_message.html?_=1610245252633&CODE_STATE=getMsg HTTP/1.1" 200 27
61.165.42.208 - - [10/Jan/2021:10:20:58 +0800] "GET /xingrg/check_reg.html?_=1610245254694 HTTP/1.1" 200 22
61.165.42.208 - - [10/Jan/2021:10:20:58 +0800] "GET /xingrg/all/function/internal_message.html?_=1610245254701&CODE_STATE=getMsg HTTP/1.1" 200 27
101.85.93.83 - - [10/Jan/2021:10:21:00 +0800] "GET /xingrg/all/function/internal_message.html?_=1610244924897&CODE_STATE=getMsg HTTP/1.1" 200 27
114.88.169.67 - - [10/Jan/2021:10:21:02 +0800] "GET /xingrg/all/function/internal_message.html?_=1610245258472&CODE_STATE=getMsg HTTP/1.1" 200 27
116.228.172.94 - - [10/Jan/2021:10:21:02 +0800] "GET /xingrg/kc/buy/cgsh_order_operate.html?command=get_materiel&rest_code=00107&code=00101004057&supplier_code=00100312&order_time=2021-01-10 HTTP/1.1" 200 409
180.175.150.119 - - [10/Jan/2021:10:21:03 +0800] "GET /xingrg/kc/buy/cgsh_order_operate.html?command=get_materiel&rest_code=00102&code=00101009007&supplier_code=00100424&order_time=2021-01-10 HTTP/1.1" 200 408
222.69.133.109 - - [10/Jan/2021:10:21:04 +0800] "GET /xingrg/all/function/internal_message.html?_=1610245261992&CODE_STATE=getMsg HTTP/1.1" 200 27
180.156.237.57 - - [10/Jan/2021:10:21:13 +0800] "POST /xingrg/services/DataTransmitService HTTP/1.1" 200 524
61.165.42.208 - - [10/Jan/2021:10:21:15 +0800] "GET /xingrg/all/function/internal_message.html?_=1610245253458&CODE_STATE=getMsg HTTP/1.1" 200 27
116.228.172.94 - - [10/Jan/2021:10:21:22 +0800] "GET /xingrg/kc/buy/cgsh_order_operate.html?command=get_materiel&rest_code=00107&code=00101004059&supplier_code=00100312&order_time=2021-01-10 HTTP/1.1" 200 413
120.253.135.82 - - [10/Jan/2021:10:21:23 +0800] "GET /xingrg/all/function/internal_message.html?_=1610245038637&CODE_STATE=getMsg HTTP/1.1" 200 27
172.17.0.100 - - [10/Jan/2021:10:21:27 +0800] "GET /xingrg/all/function/internal_message.html?_=1610245283764&CODE_STATE=getMsg HTTP/1.1" 200 27
116.228.172.94 - - [10/Jan/2021:10:21:29 +0800] "GET /xingrg/all/function/internal_message.html?_=1610245285468&CODE_STATE=getMsg HTTP/1.1" 200 27
172.17.200.101 - - [10/Jan/2021:10:21:32 +0800] "GET /xingrg/all/function/internal_message.html?_=1610245288066&CODE_STATE=getMsg HTTP/1.1" 200 27
222.69.136.245 - - [10/Jan/2021:10:21:32 +0800] "GET /xingrg/all/function/internal_message.html?_=1610245288223&CODE_STATE=getMsg HTTP/1.1" 200 27
116.228.172.94 - - [10/Jan/2021:10:21:38 +0800] "GET /xingrg/kc/buy/cgsh_order_operate.html?command=get_materiel&rest_code=00107&code=00101004020&supplier_code=00100312&order_time=2021-01-10 HTTP/1.1" 200 409
180.156.237.57 - - [10/Jan/2021:10:21:46 +0800] "GET /xingrg/all/function/internal_message.html?_=1610245303463&CODE_STATE=getMsg HTTP/1.1" 200 27
180.175.150.119 - - [10/Jan/2021:10:21:48 +0800] "GET /xingrg/all/function/internal_message.html?_=1610245542613&CODE_STATE=getMsg HTTP/1.1" 200 27
222.70.174.6 - - [10/Jan/2021:10:21:52 +0800] "GET /xingrg/check_reg.html?_=1610245320162 HTTP/1.1" 200 22
114.86.226.161 - - [10/Jan/2021:10:21:56 +0800] "GET /xingrg/all/function/internal_message.html?_=1610245341240&CODE_STATE=getMsg HTTP/1.1" 200 27
172.17.0.120 - - [10/Jan/2021:10:21:56 +0800] "GET /xingrg/all/function/internal_message.html?_=1610245312635&CODE_STATE=getMsg HTTP/1.1" 200 27
61.165.42.208 - - [10/Jan/2021:10:21:58 +0800] "GET /xingrg/all/function/internal_message.html?_=1610245314693&CODE_STATE=getMsg HTTP/1.1" 200 27
101.85.93.83 - - [10/Jan/2021:10:22:00 +0800] "GET /xingrg/all/function/internal_message.html?_=1610244984896&CODE_STATE=getMsg HTTP/1.1" 200 27
114.88.169.67 - - [10/Jan/2021:10:22:00 +0800] "GET /xingrg/check_reg.html?_=1610245316351 HTTP/1.1" 200 22
116.228.172.94 - - [10/Jan/2021:10:22:02 +0800] "GET /xingrg/kc/buy/cgsh_order_operate.html?command=get_materiel&rest_code=00107&code=00101001134&supplier_code=00100312&order_time=2021-01-10 HTTP/1.1" 200 413
114.88.169.67 - - [10/Jan/2021:10:22:02 +0800] "GET /xingrg/all/function/internal_message.html?_=1610245318473&CODE_STATE=getMsg HTTP/1.1" 200 27
172.17.0.108 - - [10/Jan/2021:10:22:03 +0800] "GET /xingrg/check_reg.html?_=1610245318899 HTTP/1.1" 302 -
222.69.133.109 - - [10/Jan/2021:10:22:04 +0800] "GET /xingrg/all/function/internal_message.html?_=1610245321964&CODE_STATE=getMsg HTTP/1.1" 200 27
114.86.226.161 - - [10/Jan/2021:10:22:14 +0800] "GET /xingrg/kc/buy/cgsh_order_add.html HTTP/1.1" 200 61790
114.86.226.161 - - [10/Jan/2021:10:22:14 +0800] "POST /xingrg/kc/buy/cgsh_order_operate.html HTTP/1.1" 200 8245
114.86.226.161 - - [10/Jan/2021:10:22:14 +0800] "GET /xingrg/javascript/easyui/themes/default/validatebox.css HTTP/1.1" 404 1104
114.86.226.161 - - [10/Jan/2021:10:22:14 +0800] "GET /xingrg/all/common/auto_word.html?type=employee&rest_code=00109 HTTP/1.1" 200 205
114.86.226.161 - - [10/Jan/2021:10:22:14 +0800] "GET /xingrg/all/common/auto_word.html?type=employee&rest_code=00109 HTTP/1.1" 200 205
61.165.42.208 - - [10/Jan/2021:10:22:15 +0800] "GET /xingrg/all/function/internal_message.html?_=1610245313456&CODE_STATE=getMsg HTTP/1.1" 200 27
61.165.42.208 - - [10/Jan/2021:10:22:15 +0800] "GET /xingrg/check_reg.html?_=1610245313457 HTTP/1.1" 200 22
120.253.135.82 - - [10/Jan/2021:10:22:23 +0800] "GET /xingrg/all/function/internal_message.html?_=1610245098651&CODE_STATE=getMsg HTTP/1.1" 200 27
180.175.150.119 - - [10/Jan/2021:10:22:25 +0800] "GET /xingrg/kc/buy/cgsh_order_operate.html?command=get_materiel&rest_code=00102&code=00101009046&supplier_code=00100424&order_time=2021-01-10 HTTP/1.1" 200 409
116.228.172.94 - - [10/Jan/2021:10:22:26 +0800] "GET /xingrg/kc/buy/cgsh_order_operate.html?command=get_materiel&rest_code=00107&code=00101004023&supplier_code=00100312&order_time=2021-01-10 HTTP/1.1" 200 409
172.17.0.100 - - [10/Jan/2021:10:22:27 +0800] "GET /xingrg/all/function/internal_message.html?_=1610245343766&CODE_STATE=getMsg HTTP/1.1" 200 27
116.228.172.94 - - [10/Jan/2021:10:22:29 +0800] "GET /xingrg/all/function/internal_message.html?_=1610245345454&CODE_STATE=getMsg HTTP/1.1" 200 27
172.17.200.101 - - [10/Jan/2021:10:22:32 +0800] "GET /xingrg/check_reg.html?_=1610245348068 HTTP/1.1" 200 22
172.17.200.101 - - [10/Jan/2021:10:22:32 +0800] "GET /xingrg/all/function/internal_message.html?_=1610245348072&CODE_STATE=getMsg HTTP/1.1" 200 27
222.69.136.245 - - [10/Jan/2021:10:22:32 +0800] "GET /xingrg/all/function/internal_message.html?_=1610245348224&CODE_STATE=getMsg HTTP/1.1" 200 27
180.175.150.119 - - [10/Jan/2021:10:22:36 +0800] "GET /xingrg/kc/buy/cgsh_order_operate.html?command=get_materiel&rest_code=00102&code=00101009107&supplier_code=00100424&order_time=2021-01-10 HTTP/1.1" 200 396
180.161.116.123 - - [10/Jan/2021:10:22:42 +0800] "GET /xingrg/all/function/internal_message.html?_=1610245358670&CODE_STATE=getMsg HTTP/1.1" 302 -
180.161.116.123 - - [10/Jan/2021:10:22:42 +0800] "GET /xingrg/check_reg.html?_=1610245358820 HTTP/1.1" 302 -
180.161.116.123 - - [10/Jan/2021:10:22:43 +0800] "GET /xingrg/login.html HTTP/1.1" 200 7641
180.161.116.123 - - [10/Jan/2021:10:22:43 +0800] "GET /xingrg/login.html HTTP/1.1" 200 7641
116.228.172.94 - - [10/Jan/2021:10:22:44 +0800] "GET /xingrg/kc/buy/cgsh_order_operate.html?command=get_materiel&rest_code=00107&code=00101005041&supplier_code=00100312&order_time=2021-01-10 HTTP/1.1" 200 409
180.156.237.57 - - [10/Jan/2021:10:22:44 +0800] "POST /xingrg/all/user/operate.html HTTP/1.1" 200 36
180.156.237.57 - - [10/Jan/2021:10:22:45 +0800] "GET /xingrg/index.html?sysBaseUrl=http%3A%2F%2F180.169.147.146%3A18081%2Fxingrg%2F&costTime=42×tamp=1610238540195 HTTP/1.1" 200 17177
180.156.237.57 - - [10/Jan/2021:10:22:45 +0800] "GET /xingrg/javascript/jquery_easy_ui/themes/default/easyui.css HTTP/1.1" 304 -
180.156.237.57 - - [10/Jan/2021:10:22:45 +0800] "GET /xingrg/javascript/jquery_easy_ui/themes/icon.css HTTP/1.1" 304 -
180.156.237.57 - - [10/Jan/2021:10:22:45 +0800] "GET /xingrg/css/form.css HTTP/1.1" 304 -
180.156.237.57 - - [10/Jan/2021:10:22:45 +0800] "GET /xingrg/javascript/jquery-1.4.2.min.js HTTP/1.1" 304 -
180.156.237.57 - - [10/Jan/2021:10:22:45 +0800] "GET /xingrg/javascript/jquery_easy_ui/jquery.easyui.min.js HTTP/1.1" 304 -
180.156.237.57 - - [10/Jan/2021:10:22:45 +0800] "GET /xingrg/javascript/jquery_easy_ui/easyui-lang-zh_CN.js HTTP/1.1" 304 -
180.156.237.57 - - [10/Jan/2021:10:22:45 +0800] "GET /xingrg/javascript/jquery.form.js HTTP/1.1" 304 -
180.156.237.57 - - [10/Jan/2021:10:22:45 +0800] "GET /xingrg/javascript/jquery.utils.js HTTP/1.1" 304 -
180.156.237.57 - - [10/Jan/2021:10:22:45 +0800] "GET /xingrg/javascript/jquery.timers.js HTTP/1.1" 304 -
180.156.237.57 - - [10/Jan/2021:10:22:45 +0800] "GET /xingrg/images/blue/jxLogo.png HTTP/1.1" 304 -
180.156.237.57 - - [10/Jan/2021:10:22:45 +0800] "GET /xingrg/javascript/jquery_easy_ui/themes/icons/settle_new.png HTTP/1.1" 304 -
180.156.237.57 - - [10/Jan/2021:10:22:45 +0800] "GET /xingrg/images/blue/navBackgound.jpg HTTP/1.1" 304 -
180.156.237.57 - - [10/Jan/2021:10:22:45 +0800] "POST /xingrg/all/common/load_tree.html?tree=area_rest_tree_json&manage=1 HTTP/1.1" 200 476
180.156.237.57 - - [10/Jan/2021:10:22:45 +0800] "GET /xingrg/all/function/internal_message.html?_=1610245362874&CODE_STATE=count HTTP/1.1" 200 11
180.156.237.57 - - [10/Jan/2021:10:22:45 +0800] "GET /xingrg/images/blue/pingpu.png HTTP/1.1" 304 -
180.156.237.57 - - [10/Jan/2021:10:22:45 +0800] "GET /xingrg/check_reg.html?_=1610245362875 HTTP/1.1" 200 22
180.156.237.57 - - [10/Jan/2021:10:22:45 +0800] "GET /xingrg/javascript/jquery_easy_ui/themes/default/images/panel_tool_collapse.gif HTTP/1.1" 304 -
180.156.237.57 - - [10/Jan/2021:10:22:45 +0800] "GET /xingrg/javascript/jquery_easy_ui/themes/default/images/tabs_leftarrow.png HTTP/1.1" 304 -
180.156.237.57 - - [10/Jan/2021:10:22:45 +0800] "GET /xingrg/javascript/jquery_easy_ui/themes/default/images/tabs_rightarrow.png HTTP/1.1" 304 -
180.156.237.57 - - [10/Jan/2021:10:22:45 +0800] "POST /xingrg/load_menu.html HTTP/1.1" 200 5138
180.175.150.119 - - [10/Jan/2021:10:22:48 +0800] "GET /xingrg/all/function/internal_message.html?_=1610245602627&CODE_STATE=getMsg HTTP/1.1" 200 27
172.17.0.123 - - [10/Jan/2021:10:22:51 +0800] "GET /xingrg/login.html HTTP/1.1" 200 7636
172.17.0.123 - - [10/Jan/2021:10:22:51 +0800] "GET /favicon.ico HTTP/1.1" 404 -
172.17.0.123 - - [10/Jan/2021:10:22:51 +0800] "GET /favicon.ico HTTP/1.1" 404 -
172.17.0.123 - - [10/Jan/2021:10:22:53 +0800] "POST /xingrg/login.do HTTP/1.1" 302 -
172.17.0.123 - - [10/Jan/2021:10:22:53 +0800] "GET /xingrg/index.html?sysBaseUrl=http%3A%2F%2F172.17.0.8%3A18081%2Fxingrg%2F&costTime=41×tamp=1610245373102 HTTP/1.1" 200 17448
172.17.0.123 - - [10/Jan/2021:10:22:53 +0800] "GET /favicon.ico HTTP/1.1" 404 -
172.17.0.123 - - [10/Jan/2021:10:22:53 +0800] "POST /xingrg/all/common/load_tree.html?tree=area_rest_tree_json&manage=1 HTTP/1.1" 200 3344
172.17.0.123 - - [10/Jan/2021:10:22:53 +0800] "GET /xingrg/all/function/internal_message.html?_=1610245271399&CODE_STATE=count HTTP/1.1" 200 11
172.17.0.123 - - [10/Jan/2021:10:22:53 +0800] "GET /xingrg/check_reg.html?_=1610245271401 HTTP/1.1" 200 22
172.17.0.123 - - [10/Jan/2021:10:22:53 +0800] "POST /xingrg/load_menu.html HTTP/1.1" 200 11529
180.156.237.57 - - [10/Jan/2021:10:22:54 +0800] "GET /xingrg/kc/buy/cgsh_order_list.html HTTP/1.1" 200 46009
114.86.226.161 - - [10/Jan/2021:10:22:55 +0800] "GET /xingrg/all/function/internal_message.html?_=1610245401105&CODE_STATE=getMsg HTTP/1.1" 200 27
180.156.237.57 - - [10/Jan/2021:10:22:55 +0800] "POST /xingrg/kc/buy/cgsh_list_operate.html HTTP/1.1" 200 1688
172.17.0.120 - - [10/Jan/2021:10:22:56 +0800] "GET /xingrg/all/function/internal_message.html?_=1610245372636&CODE_STATE=getMsg HTTP/1.1" 200 27
116.228.172.94 - - [10/Jan/2021:10:22:57 +0800] "POST /xingrg/kc/buy/cgsh_order_operate.html HTTP/1.1" 200 37
61.165.42.208 - - [10/Jan/2021:10:22:58 +0800] "GET /xingrg/all/function/internal_message.html?_=1610245374696&CODE_STATE=getMsg HTTP/1.1" 200 27
116.228.172.94 - - [10/Jan/2021:10:22:59 +0800] "POST /xingrg/kc/buy/cgsh_order_operate.html HTTP/1.1" 200 7399
101.85.93.83 - - [10/Jan/2021:10:23:00 +0800] "GET /xingrg/all/function/internal_message.html?_=1610245044895&CODE_STATE=getMsg HTTP/1.1" 200 27
116.228.172.94 - - [10/Jan/2021:10:23:00 +0800] "GET /xingrg/kc/print/load_data.html?order_code=212021011003973&kc_code=cgsh&condition= HTTP/1.1" 200 2492
180.156.237.57 - - [10/Jan/2021:10:23:02 +0800] "GET /xingrg/kc/buy/cgsh_order_add.html HTTP/1.1" 200 61384
180.156.237.57 - - [10/Jan/2021:10:23:02 +0800] "POST /xingrg/kc/buy/cgsh_order_operate.html HTTP/1.1" 200 8245
180.156.237.57 - - [10/Jan/2021:10:23:02 +0800] "GET /xingrg/javascript/easyui/themes/default/validatebox.css HTTP/1.1" 404 1104
114.88.169.67 - - [10/Jan/2021:10:23:02 +0800] "GET /xingrg/all/function/internal_message.html?_=1610245378495&CODE_STATE=getMsg HTTP/1.1" 200 27
222.69.133.109 - - [10/Jan/2021:10:23:04 +0800] "GET /xingrg/all/function/internal_message.html?_=1610245381936&CODE_STATE=getMsg HTTP/1.1" 200 27
222.69.133.109 - - [10/Jan/2021:10:23:04 +0800] "GET /xingrg/check_reg.html?_=1610245382268 HTTP/1.1" 200 22
180.156.237.57 - - [10/Jan/2021:10:23:05 +0800] "GET /xingrg/javascript/auto/indicator.gif HTTP/1.1" 404 1066
61.165.42.208 - - [10/Jan/2021:10:23:15 +0800] "GET /xingrg/all/function/internal_message.html?_=1610245373455&CODE_STATE=getMsg HTTP/1.1" 200 27
180.156.237.57 - - [10/Jan/2021:10:23:16 +0800] "GET /xingrg/kc/buy/cgsh_order_operate.html?command=get_materiel&rest_code=00151&code=00102002615&supplier_code=&order_time=2021-01-10 HTTP/1.1" 200 407
222.69.133.109 - - [10/Jan/2021:10:23:17 +0800] "GET /xingrg/kc/buy/cgsh_order_add.html HTTP/1.1" 200 60864
222.69.133.109 - - [10/Jan/2021:10:23:17 +0800] "POST /xingrg/kc/buy/cgsh_order_operate.html HTTP/1.1" 200 8245
222.69.133.109 - - [10/Jan/2021:10:23:17 +0800] "GET /xingrg/javascript/easyui/themes/default/validatebox.css HTTP/1.1" 404 1104
120.253.135.82 - - [10/Jan/2021:10:23:24 +0800] "GET /xingrg/all/function/internal_message.html?_=1610245158738&CODE_STATE=getMsg HTTP/1.1" 200 27
172.17.0.100 - - [10/Jan/2021:10:23:27 +0800] "GET /xingrg/all/function/internal_message.html?_=1610245403752&CODE_STATE=getMsg HTTP/1.1" 200 27
117.185.32.26 - - [10/Jan/2021:10:23:28 +0800] "GET /xingrg/login.html HTTP/1.1" 200 7641
116.228.172.94 - - [10/Jan/2021:10:23:28 +0800] "POST /xingrg/kc/buy/cgsh_order_operate.html HTTP/1.1" 200 37
116.228.172.94 - - [10/Jan/2021:10:23:30 +0800] "POST /xingrg/kc/buy/cgsh_order_operate.html HTTP/1.1" 200 7399
222.70.174.7 - - [10/Jan/2021:10:23:31 +0800] "GET /xingrg/check_reg.html?_=1610245408230 HTTP/1.1" 302 -
172.17.200.101 - - [10/Jan/2021:10:23:32 +0800] "GET /xingrg/all/function/internal_message.html?_=1610245408076&CODE_STATE=getMsg HTTP/1.1" 200 27
222.69.136.245 - - [10/Jan/2021:10:23:32 +0800] "GET /xingrg/all/function/internal_message.html?_=1610245408223&CODE_STATE=getMsg HTTP/1.1" 200 27
180.175.150.119 - - [10/Jan/2021:10:23:37 +0800] "GET /xingrg/kc/buy/cgsh_order_operate.html?command=get_materiel&rest_code=00102&code=00101008418&supplier_code=00100424&order_time=2021-01-10 HTTP/1.1" 200 398
180.175.150.119 - - [10/Jan/2021:10:23:38 +0800] "GET /xingrg/check_reg.html?_=1610245652020 HTTP/1.1" 200 22
180.161.116.123 - - [10/Jan/2021:10:23:42 +0800] "GET /xingrg/all/function/internal_message.html?_=1610245418640&CODE_STATE=getMsg HTTP/1.1" 302 -
180.156.237.57 - - [10/Jan/2021:10:23:45 +0800] "GET /xingrg/all/function/internal_message.html?_=1610245422881&CODE_STATE=getMsg HTTP/1.1" 200 27
180.175.150.119 - - [10/Jan/2021:10:23:48 +0800] "GET /xingrg/all/function/internal_message.html?_=1610245662640&CODE_STATE=getMsg HTTP/1.1" 200 27
114.86.226.161 - - [10/Jan/2021:10:23:52 +0800] "GET /xingrg/check_reg.html?_=1610245461103 HTTP/1.1" 200 22
114.86.226.161 - - [10/Jan/2021:10:23:52 +0800] "GET /xingrg/all/function/internal_message.html?_=1610245461104&CODE_STATE=getMsg HTTP/1.1" 200 27
172.17.0.123 - - [10/Jan/2021:10:23:53 +0800] "GET /xingrg/all/function/internal_message.html?_=1610245331408&CODE_STATE=getMsg HTTP/1.1" 200 27
172.17.0.120 - - [10/Jan/2021:10:23:56 +0800] "GET /xingrg/all/function/internal_message.html?_=1610245432638&CODE_STATE=getMsg HTTP/1.1" 200 27
61.165.42.208 - - [10/Jan/2021:10:23:58 +0800] "GET /xingrg/all/function/internal_message.html?_=1610245434685&CODE_STATE=getMsg HTTP/1.1" 200 27
180.175.150.119 - - [10/Jan/2021:10:24:00 +0800] "GET /xingrg/kc/buy/cgsh_order_operate.html?command=get_materiel&rest_code=00102&code=00101009109&supplier_code=00100424&order_time=2021-01-10 HTTP/1.1" 200 401
101.85.93.83 - - [10/Jan/2021:10:24:00 +0800] "GET /xingrg/all/function/internal_message.html?_=1610245104894&CODE_STATE=getMsg HTTP/1.1" 200 27
222.69.133.109 - - [10/Jan/2021:10:24:02 +0800] "POST /xingrg/kc/buy/cgsh_order_operate.html HTTP/1.1" 200 37
114.88.169.67 - - [10/Jan/2021:10:24:02 +0800] "GET /xingrg/all/function/internal_message.html?_=1610245438509&CODE_STATE=getMsg HTTP/1.1" 200 27
222.69.133.109 - - [10/Jan/2021:10:24:04 +0800] "GET /xingrg/all/function/internal_message.html?_=1610245441924&CODE_STATE=getMsg HTTP/1.1" 200 27
222.69.133.109 - - [10/Jan/2021:10:24:04 +0800] "POST /xingrg/kc/buy/cgsh_order_operate.html HTTP/1.1" 200 12
117.185.32.26 - - [10/Jan/2021:10:24:05 +0800] "GET /favicon.ico HTTP/1.1" 404 -
222.69.133.109 - - [10/Jan/2021:10:24:06 +0800] "GET /xingrg/kc/buy/cgsh_order_info.html?code=212021011003974 HTTP/1.1" 200 55770
222.69.133.109 - - [10/Jan/2021:10:24:06 +0800] "GET /xingrg/javascript/easyui/themes/default/validatebox.css HTTP/1.1" 404 1104
222.69.133.109 - - [10/Jan/2021:10:24:06 +0800] "POST /xingrg/kc/buy/cgsh_order_operate.html HTTP/1.1" 200 1189
222.69.133.109 - - [10/Jan/2021:10:24:08 +0800] "GET /xingrg/kc/print/load_data.html?order_code=212021011003974&kc_code=cgsh&condition= HTTP/1.1" 200 931
61.165.42.208 - - [10/Jan/2021:10:24:08 +0800] "GET /xingrg/kc/buy/cgsh_order_operate.html?command=get_materiel&rest_code=00105&code=00101018007&supplier_code=00100330&order_time=2021-01-10 HTTP/1.1" 200 409
120.253.135.82 - - [10/Jan/2021:10:24:10 +0800] "GET /xingrg/check_reg.html?_=1610245205544 HTTP/1.1" 200 22
180.175.150.119 - - [10/Jan/2021:10:24:14 +0800] "POST /xingrg/kc/buy/cgsh_order_operate.html HTTP/1.1" 200 37
61.165.42.208 - - [10/Jan/2021:10:24:15 +0800] "GET /xingrg/all/function/internal_message.html?_=1610245433469&CODE_STATE=getMsg HTTP/1.1" 200 27
61.165.42.208 - - [10/Jan/2021:10:24:15 +0800] "GET /xingrg/kc/buy/cgsh_order_operate.html?command=get_materiel&rest_code=00105&code=00101018018&supplier_code=00100330&order_time=2021-01-10 HTTP/1.1" 200 418
180.175.150.119 - - [10/Jan/2021:10:24:16 +0800] "POST /xingrg/kc/buy/cgsh_order_operate.html HTTP/1.1" 200 12
114.86.226.161 - - [10/Jan/2021:10:24:16 +0800] "GET /xingrg/javascript/jquery_tools/images/next.gif HTTP/1.1" 404 1086
114.86.226.161 - - [10/Jan/2021:10:24:16 +0800] "GET /xingrg/javascript/jquery_tools/images/prev.gif HTTP/1.1" 404 1086
61.165.42.208 - - [10/Jan/2021:10:24:22 +0800] "GET /xingrg/kc/buy/cgsh_order_operate.html?command=get_materiel&rest_code=00105&code=00101018019&supplier_code=00100330&order_time=2021-01-10 HTTP/1.1" 200 421
120.253.135.82 - - [10/Jan/2021:10:24:24 +0800] "GET /xingrg/all/function/internal_message.html?_=1610245218742&CODE_STATE=getMsg HTTP/1.1" 200 27
180.175.150.119 - - [10/Jan/2021:10:24:24 +0800] "GET /xingrg/kc/buy/cgsh_order_info.html?code=212021011003975 HTTP/1.1" 200 56602
180.175.150.119 - - [10/Jan/2021:10:24:26 +0800] "GET /xingrg/javascript/easyui/themes/default/validatebox.css HTTP/1.1" 404 1104
180.175.150.119 - - [10/Jan/2021:10:24:27 +0800] "POST /xingrg/kc/buy/cgsh_order_operate.html HTTP/1.1" 200 4745
114.86.226.161 - - [10/Jan/2021:10:24:27 +0800] "GET /xingrg/kc/buy/cgsh_order_operate.html?command=get_materiel&rest_code=00109&code=00101006177&supplier_code=00100015&order_time=2021-01-10 HTTP/1.1" 200 409
172.17.0.100 - - [10/Jan/2021:10:24:27 +0800] "GET /xingrg/all/function/internal_message.html?_=1610245463754&CODE_STATE=getMsg HTTP/1.1" 200 27
116.228.172.94 - - [10/Jan/2021:10:24:29 +0800] "GET /xingrg/all/function/internal_message.html?_=1610245465460&CODE_STATE=getMsg HTTP/1.1" 200 27
116.228.172.94 - - [10/Jan/2021:10:24:29 +0800] "GET /xingrg/check_reg.html?_=1610245465858 HTTP/1.1" 200 22
172.17.200.101 - - [10/Jan/2021:10:24:32 +0800] "GET /xingrg/all/function/internal_message.html?_=1610245468078&CODE_STATE=getMsg HTTP/1.1" 200 27
222.69.136.245 - - [10/Jan/2021:10:24:32 +0800] "GET /xingrg/check_reg.html?_=1610245468229 HTTP/1.1" 200 22
222.69.136.245 - - [10/Jan/2021:10:24:32 +0800] "GET /xingrg/all/function/internal_message.html?_=1610245468236&CODE_STATE=getMsg HTTP/1.1" 200 27
180.175.150.119 - - [10/Jan/2021:10:24:35 +0800] "GET /xingrg/kc/print/load_data.html?order_code=212021011003975&kc_code=cgsh&condition= HTTP/1.1" 200 2256
114.86.226.161 - - [10/Jan/2021:10:24:36 +0800] "GET /xingrg/kc/buy/cgsh_order_operate.html?command=get_materiel&rest_code=00109&code=00101006109&supplier_code=00100015&order_time=2021-01-10 HTTP/1.1" 200 409
222.69.133.109 - - [10/Jan/2021:10:24:37 +0800] "GET /xingrg/kc/buy/cgsh_order_add.html HTTP/1.1" 200 60864
222.69.133.109 - - [10/Jan/2021:10:24:38 +0800] "POST /xingrg/kc/buy/cgsh_order_operate.html HTTP/1.1" 200 8245
222.69.133.109 - - [10/Jan/2021:10:24:38 +0800] "GET /xingrg/javascript/easyui/themes/default/validatebox.css HTTP/1.1" 404 1104
180.161.116.123 - - [10/Jan/2021:10:24:42 +0800] "GET /xingrg/all/function/internal_message.html?_=1610245478614&CODE_STATE=getMsg HTTP/1.1" 302 -
114.86.226.161 - - [10/Jan/2021:10:24:43 +0800] "GET /xingrg/kc/buy/cgsh_order_operate.html?command=get_materiel&rest_code=00109&code=00101006056&supplier_code=00100015&order_time=2021-01-10 HTTP/1.1" 200 413
180.156.237.57 - - [10/Jan/2021:10:24:45 +0800] "GET /xingrg/all/function/internal_message.html?_=1610245482891&CODE_STATE=getMsg HTTP/1.1" 200 27
180.175.150.119 - - [10/Jan/2021:10:24:48 +0800] "GET /xingrg/all/function/internal_message.html?_=1610245722654&CODE_STATE=getMsg HTTP/1.1" 200 27
114.86.226.161 - - [10/Jan/2021:10:24:51 +0800] "GET /xingrg/all/function/internal_message.html?_=1610245521106&CODE_STATE=getMsg HTTP/1.1" 200 27
114.86.226.161 - - [10/Jan/2021:10:24:52 +0800] "GET /xingrg/kc/buy/cgsh_order_operate.html?command=get_materiel&rest_code=00109&code=00101007068&supplier_code=00100015&order_time=2021-01-10 HTTP/1.1" 200 409
172.17.0.123 - - [10/Jan/2021:10:24:53 +0800] "GET /xingrg/all/function/internal_message.html?_=1610245391411&CODE_STATE=getMsg HTTP/1.1" 200 27
172.17.0.120 - - [10/Jan/2021:10:24:56 +0800] "GET /xingrg/check_reg.html?_=1610245492627 HTTP/1.1" 200 22
172.17.0.120 - - [10/Jan/2021:10:24:56 +0800] "GET /xingrg/all/function/internal_message.html?_=1610245492631&CODE_STATE=getMsg HTTP/1.1" 200 27
61.165.42.208 - - [10/Jan/2021:10:24:58 +0800] "GET /xingrg/all/function/internal_message.html?_=1610245494684&CODE_STATE=getMsg HTTP/1.1" 200 27
61.165.42.208 - - [10/Jan/2021:10:24:58 +0800] "POST /xingrg/kc/buy/cgsh_order_operate.html HTTP/1.1" 200 37
61.165.42.208 - - [10/Jan/2021:10:25:00 +0800] "POST /xingrg/kc/buy/cgsh_order_operate.html HTTP/1.1" 200 4443
101.85.93.83 - - [10/Jan/2021:10:25:00 +0800] "GET /xingrg/check_reg.html?_=1610245164895 HTTP/1.1" 200 22
101.85.93.83 - - [10/Jan/2021:10:25:00 +0800] "GET /xingrg/all/function/internal_message.html?_=1610245164892&CODE_STATE=getMsg HTTP/1.1" 200 27
222.69.133.109 - - [10/Jan/2021:10:25:01 +0800] "POST /xingrg/kc/buy/cgsh_order_operate.html HTTP/1.1" 200 37
61.165.42.208 - - [10/Jan/2021:10:25:01 +0800] "GET /xingrg/kc/print/load_data.html?order_code=212021011003976&kc_code=cgsh&condition= HTTP/1.1" 200 1362
117.185.32.26 - - [10/Jan/2021:10:25:02 +0800] "GET /xingrg/login.html HTTP/1.1" 200 7641
114.86.226.161 - - [10/Jan/2021:10:25:02 +0800] "GET /xingrg/javascript/auto/indicator.gif HTTP/1.1" 404 1066
114.88.169.67 - - [10/Jan/2021:10:25:02 +0800] "GET /xingrg/kc/buy/cgsh_order_add.html HTTP/1.1" 200 61743
114.86.226.161 - - [10/Jan/2021:10:25:02 +0800] "GET /xingrg/kc/buy/cgsh_order_operate.html?command=get_materiel&rest_code=00109&code=00101006128&supplier_code=00100015&order_time=2021-01-10 HTTP/1.1" 200 427
117.185.32.26 - - [10/Jan/2021:10:25:03 +0800] "GET /favicon.ico HTTP/1.1" 404 -
222.69.133.109 - - [10/Jan/2021:10:25:04 +0800] "GET /xingrg/all/function/internal_message.html?_=1610245501902&CODE_STATE=getMsg HTTP/1.1" 200 27
222.69.133.109 - - [10/Jan/2021:10:25:04 +0800] "POST /xingrg/kc/buy/cgsh_order_operate.html HTTP/1.1" 200 12
114.88.169.67 - - [10/Jan/2021:10:25:04 +0800] "POST /xingrg/kc/buy/cgsh_order_operate.html HTTP/1.1" 200 8245
114.88.169.67 - - [10/Jan/2021:10:25:04 +0800] "GET /xingrg/all/function/internal_message.html?_=1610245500541&CODE_STATE=getMsg HTTP/1.1" 200 27
114.88.169.67 - - [10/Jan/2021:10:25:05 +0800] "GET /xingrg/javascript/easyui/themes/default/validatebox.css HTTP/1.1" 404 1104
222.69.133.109 - - [10/Jan/2021:10:25:05 +0800] "GET /xingrg/kc/buy/cgsh_order_info.html?code=212021011003977 HTTP/1.1" 200 55770
117.185.32.26 - - [10/Jan/2021:10:25:05 +0800] "POST /xingrg/login.do HTTP/1.1" 302 -
117.185.32.26 - - [10/Jan/2021:10:25:05 +0800] "GET /xingrg/index.html?sysBaseUrl=http%3A%2F%2F180.169.147.146%3A18081%2Fxingrg%2F&costTime=68×tamp=1610245505845 HTTP/1.1" 200 17173
61.165.42.208 - - [10/Jan/2021:10:25:06 +0800] "GET /xingrg/kc/buy/cgsh_order_add.html HTTP/1.1" 200 61790
222.69.133.109 - - [10/Jan/2021:10:25:06 +0800] "GET /xingrg/javascript/easyui/themes/default/validatebox.css HTTP/1.1" 404 1104
61.165.42.208 - - [10/Jan/2021:10:25:06 +0800] "GET /xingrg/javascript/easyui/themes/default/validatebox.css HTTP/1.1" 404 1104
61.165.42.208 - - [10/Jan/2021:10:25:06 +0800] "POST /xingrg/kc/buy/cgsh_order_operate.html HTTP/1.1" 200 8245
117.185.32.26 - - [10/Jan/2021:10:25:06 +0800] "POST /xingrg/all/common/load_tree.html?tree=area_rest_tree_json&manage=1 HTTP/1.1" 200 342
222.69.133.109 - - [10/Jan/2021:10:25:06 +0800] "POST /xingrg/kc/buy/cgsh_order_operate.html HTTP/1.1" 200 601
117.185.32.26 - - [10/Jan/2021:10:25:07 +0800] "GET /xingrg/check_reg.html?_=1610245497289 HTTP/1.1" 200 22
117.185.32.26 - - [10/Jan/2021:10:25:07 +0800] "GET /xingrg/all/function/internal_message.html?_=1610245497288&CODE_STATE=count HTTP/1.1" 200 11
117.185.32.26 - - [10/Jan/2021:10:25:08 +0800] "GET /favicon.ico HTTP/1.1" 404 -
117.185.32.26 - - [10/Jan/2021:10:25:08 +0800] "POST /xingrg/load_menu.html HTTP/1.1" 200 5138
222.69.133.109 - - [10/Jan/2021:10:25:08 +0800] "GET /xingrg/kc/print/load_data.html?order_code=212021011003977&kc_code=cgsh&condition= HTTP/1.1" 200 716
114.86.226.161 - - [10/Jan/2021:10:25:12 +0800] "GET /xingrg/kc/buy/cgsh_order_operate.html?command=get_materiel&rest_code=00109&code=00101006115&supplier_code=00100015&order_time=2021-01-10 HTTP/1.1" 200 409
61.165.42.208 - - [10/Jan/2021:10:25:15 +0800] "GET /xingrg/all/function/internal_message.html?_=1610245493468&CODE_STATE=getMsg HTTP/1.1" 200 27
117.185.32.26 - - [10/Jan/2021:10:25:15 +0800] "GET /xingrg/kc/buy/buy_main.html HTTP/1.1" 200 12412
117.185.32.26 - - [10/Jan/2021:10:25:16 +0800] "GET /xingrg/css/new_ie.css HTTP/1.1" 404 1036
114.88.169.67 - - [10/Jan/2021:10:25:16 +0800] "GET /xingrg/kc/buy/cgsh_order_operate.html?command=get_materiel&rest_code=00111&code=00101007061&supplier_code=00100004&order_time=2021-01-10 HTTP/1.1" 200 409
61.165.42.208 - - [10/Jan/2021:10:25:17 +0800] "GET /xingrg/kc/buy/cgsh_order_operate.html?command=get_materiel&rest_code=00105&code=00101001167&supplier_code=00100314&order_time=2021-01-10 HTTP/1.1" 200 411
222.69.133.109 - - [10/Jan/2021:10:25:18 +0800] "GET /xingrg/kc/buy/cgsh_order_add.html HTTP/1.1" 200 60864
114.86.226.161 - - [10/Jan/2021:10:25:18 +0800] "GET /xingrg/kc/buy/cgsh_order_operate.html?command=get_materiel&rest_code=00109&code=00101006133&supplier_code=00100015&order_time=2021-01-10 HTTP/1.1" 200 413
222.69.133.109 - - [10/Jan/2021:10:25:19 +0800] "POST /xingrg/kc/buy/cgsh_order_operate.html HTTP/1.1" 200 8245
222.69.133.109 - - [10/Jan/2021:10:25:19 +0800] "GET /xingrg/javascript/easyui/themes/default/validatebox.css HTTP/1.1" 404 1104
117.185.32.26 - - [10/Jan/2021:10:25:19 +0800] "GET /xingrg/images/yd/bt.gif HTTP/1.1" 404 1040
117.185.32.26 - - [10/Jan/2021:10:25:20 +0800] "GET /xingrg/kc/buy/cgsh_order_list.html HTTP/1.1" 200 46005
117.185.32.26 - - [10/Jan/2021:10:25:23 +0800] "POST /xingrg/kc/buy/cgsh_list_operate.html HTTP/1.1" 200 876
180.162.108.15 - - [10/Jan/2021:10:25:23 +0800] "GET /xingrg HTTP/1.1" 302 -
180.162.108.15 - - [10/Jan/2021:10:25:23 +0800] "GET /xingrg/ HTTP/1.1" 200 292
120.253.135.82 - - [10/Jan/2021:10:25:24 +0800] "GET /xingrg/all/function/internal_message.html?_=1610245278755&CODE_STATE=getMsg HTTP/1.1" 200 27
117.185.32.26 - - [10/Jan/2021:10:25:25 +0800] "GET /xingrg/kc/buy/cgsh_order_add.html HTTP/1.1" 200 61749
117.185.32.26 - - [10/Jan/2021:10:25:25 +0800] "GET /xingrg/words/20210109170614_words.js HTTP/1.1" 304 -
114.86.226.161 - - [10/Jan/2021:10:25:25 +0800] "GET /xingrg/kc/buy/cgsh_order_operate.html?command=get_materiel&rest_code=00109&code=00101006144&supplier_code=00100015&order_time=2021-01-10 HTTP/1.1" 200 409
180.162.108.15 - - [10/Jan/2021:10:25:26 +0800] "GET /xingrg/index.html HTTP/1.1" 302 -
180.162.108.15 - - [10/Jan/2021:10:25:26 +0800] "GET /xingrg/login.html HTTP/1.1" 200 7641
180.162.108.15 - - [10/Jan/2021:10:25:26 +0800] "GET /favicon.ico HTTP/1.1" 404 -
180.162.108.15 - - [10/Jan/2021:10:25:26 +0800] "GET /xingrg/images/blue/jxLogo.png HTTP/1.1" 200 6156
117.185.32.26 - - [10/Jan/2021:10:25:26 +0800] "GET /xingrg/all/common/auto_word.html?type=employee&rest_code=00106 HTTP/1.1" 200 205
117.185.32.26 - - [10/Jan/2021:10:25:26 +0800] "GET /xingrg/javascript/easyui/themes/default/validatebox.css HTTP/1.1" 404 1104
117.185.32.26 - - [10/Jan/2021:10:25:26 +0800] "GET /xingrg/all/common/auto_word.html?type=employee&rest_code=00106 HTTP/1.1" 200 205
117.185.32.26 - - [10/Jan/2021:10:25:26 +0800] "POST /xingrg/kc/buy/cgsh_order_operate.html HTTP/1.1" 200 8245
180.162.108.15 - - [10/Jan/2021:10:25:27 +0800] "GET /xingrg/images/blue/login_bg.png HTTP/1.1" 200 22101
180.162.108.15 - - [10/Jan/2021:10:25:27 +0800] "GET /xingrg/images/blue/srbg.png HTTP/1.1" 200 138
180.162.108.15 - - [10/Jan/2021:10:25:27 +0800] "GET /xingrg/images/blue/hj.png HTTP/1.1" 200 1014
172.17.0.100 - - [10/Jan/2021:10:25:27 +0800] "GET /xingrg/check_reg.html?_=1610245523755 HTTP/1.1" 200 22
172.17.0.100 - - [10/Jan/2021:10:25:27 +0800] "GET /xingrg/all/function/internal_message.html?_=1610245523757&CODE_STATE=getMsg HTTP/1.1" 200 27
180.162.108.15 - - [10/Jan/2021:10:25:28 +0800] "GET /favicon.ico HTTP/1.1" 404 -
116.228.172.94 - - [10/Jan/2021:10:25:29 +0800] "GET /xingrg/all/function/internal_message.html?_=1610245525466&CODE_STATE=getMsg HTTP/1.1" 200 27
61.165.42.208 - - [10/Jan/2021:10:25:29 +0800] "POST /xingrg/kc/buy/cgsh_order_operate.html HTTP/1.1" 200 37
172.17.200.101 - - [10/Jan/2021:10:25:32 +0800] "GET /xingrg/all/function/internal_message.html?_=1610245528066&CODE_STATE=getMsg HTTP/1.1" 200 27
222.69.136.245 - - [10/Jan/2021:10:25:32 +0800] "GET /xingrg/all/function/internal_message.html?_=1610245528229&CODE_STATE=getMsg HTTP/1.1" 200 27
114.86.226.161 - - [10/Jan/2021:10:25:34 +0800] "GET /xingrg/kc/buy/cgsh_order_operate.html?command=get_materiel&rest_code=00109&code=00101006006&supplier_code=00100015&order_time=2021-01-10 HTTP/1.1" 200 409
117.185.32.26 - - [10/Jan/2021:10:25:38 +0800] "GET /xingrg/javascript/easyui/themes/default/tree.css HTTP/1.1" 404 1090
117.185.32.26 - - [10/Jan/2021:10:25:38 +0800] "POST /xingrg/all/common/load_tree.html?tree=supplier_tree_json&isDelete=1 HTTP/1.1" 200 54158
61.165.42.208 - - [10/Jan/2021:10:25:39 +0800] "POST /xingrg/kc/buy/cgsh_order_operate.html HTTP/1.1" 200 2656
61.165.42.208 - - [10/Jan/2021:10:25:42 +0800] "GET /xingrg/kc/print/load_data.html?order_code=212021011003978&kc_code=cgsh&condition= HTTP/1.1" 200 669
180.161.116.123 - - [10/Jan/2021:10:25:42 +0800] "GET /xingrg/all/function/internal_message.html?_=1610245538595&CODE_STATE=getMsg HTTP/1.1" 302 -
114.86.226.161 - - [10/Jan/2021:10:25:44 +0800] "GET /xingrg/kc/buy/cgsh_order_operate.html?command=get_materiel&rest_code=00109&code=00101006122&supplier_code=00100015&order_time=2021-01-10 HTTP/1.1" 200 429
61.165.42.208 - - [10/Jan/2021:10:25:45 +0800] "GET /xingrg/kc/buy/cgsh_order_add.html HTTP/1.1" 200 61790
180.156.237.57 - - [10/Jan/2021:10:25:45 +0800] "GET /xingrg/all/function/internal_message.html?_=1610245542890&CODE_STATE=getMsg HTTP/1.1" 200 27
61.165.42.208 - - [10/Jan/2021:10:25:45 +0800] "POST /xingrg/kc/buy/cgsh_order_operate.html HTTP/1.1" 200 8245
61.165.42.208 - - [10/Jan/2021:10:25:45 +0800] "GET /xingrg/javascript/easyui/themes/default/validatebox.css HTTP/1.1" 404 1104
