61.165.42.208 - - [10/Jan/2021:11:30:40 +0800] "GET /xingrg/kc/base/wldb_order_info.html?code=422021011001185 HTTP/1.1" 200 30517
117.185.32.26 - - [10/Jan/2021:11:30:40 +0800] "GET /xingrg/kc/buy/cgsh_order_operate.html?command=get_materiel&rest_code=00106&code=00101010536&supplier_code=00100322&order_time=2021-01-10 HTTP/1.1" 200 425
61.165.42.208 - - [10/Jan/2021:11:30:41 +0800] "GET /xingrg/javascript/easyui/themes/default/validatebox.css HTTP/1.1" 404 1104
61.165.42.208 - - [10/Jan/2021:11:30:41 +0800] "POST /xingrg/kc/base/wldb_order_operate.html HTTP/1.1" 200 3639
180.156.237.57 - - [10/Jan/2021:11:30:41 +0800] "GET /xingrg/kc/buy/cgsh_order_operate.html?command=get_materiel&rest_code=00151&code=00101012046&supplier_code=00100347&order_time=2021-01-10 HTTP/1.1" 200 417
222.70.174.6 - - [10/Jan/2021:11:30:49 +0800] "GET /xingrg/kc/buy/cgsh_order_operate.html?command=get_materiel&rest_code=00146&code=00101006055&supplier_code=00100012&order_time=2021-01-10 HTTP/1.1" 200 409
117.185.32.26 - - [10/Jan/2021:11:30:49 +0800] "GET /xingrg/kc/buy/cgsh_order_operate.html?command=get_materiel&rest_code=00106&code=00101008358&supplier_code=00100007&order_time=2021-01-10 HTTP/1.1" 200 412
114.88.169.67 - - [10/Jan/2021:11:30:51 +0800] "GET /xingrg/all/function/internal_message.html?_=1610249446820&CODE_STATE=getMsg HTTP/1.1" 200 27
114.88.169.67 - - [10/Jan/2021:11:30:52 +0800] "GET /xingrg/all/function/internal_message.html?_=1610249440442&CODE_STATE=getMsg HTTP/1.1" 200 27
172.17.0.123 - - [10/Jan/2021:11:30:53 +0800] "GET /xingrg/all/function/internal_message.html?_=1610249351404&CODE_STATE=getMsg HTTP/1.1" 200 27
117.131.5.26 - - [10/Jan/2021:11:30:54 +0800] "GET /xingrg/all/function/internal_message.html?_=1610249500295&CODE_STATE=getMsg HTTP/1.1" 200 27
117.185.32.26 - - [10/Jan/2021:11:30:57 +0800] "GET /xingrg/kc/buy/cgsh_order_operate.html?command=get_materiel&rest_code=00106&code=00101008087&supplier_code=00100007&order_time=2021-01-10 HTTP/1.1" 200 412
61.165.42.208 - - [10/Jan/2021:11:30:58 +0800] "GET /xingrg/all/function/internal_message.html?_=1610249454094&CODE_STATE=getMsg HTTP/1.1" 200 27
222.70.174.6 - - [10/Jan/2021:11:30:58 +0800] "GET /xingrg/all/function/internal_message.html?_=1610249467200&CODE_STATE=getMsg HTTP/1.1" 200 27
180.156.237.57 - - [10/Jan/2021:11:30:59 +0800] "GET /xingrg/kc/buy/cgsh_order_operate.html?command=get_materiel&rest_code=00151&code=00101010380&supplier_code=00100347&order_time=2021-01-10 HTTP/1.1" 200 407
61.165.42.208 - - [10/Jan/2021:11:30:59 +0800] "GET /xingrg/check_reg.html?_=1610249455215 HTTP/1.1" 200 22
61.165.42.208 - - [10/Jan/2021:11:31:03 +0800] "POST /xingrg/kc/buy/cgsh_list_operate.html HTTP/1.1" 200 5279
222.69.133.109 - - [10/Jan/2021:11:31:04 +0800] "GET /xingrg/all/function/internal_message.html?_=1610249461837&CODE_STATE=getMsg HTTP/1.1" 200 27
58.37.230.33 - - [10/Jan/2021:11:31:04 +0800] "GET /xingrg/all/function/internal_message.html?_=1610249488631&CODE_STATE=getMsg HTTP/1.1" 200 27
180.156.237.57 - - [10/Jan/2021:11:31:05 +0800] "GET /xingrg/kc/buy/cgsh_order_operate.html?command=get_materiel&rest_code=00151&code=00101010366&supplier_code=00100347&order_time=2021-01-10 HTTP/1.1" 200 407
222.70.174.6 - - [10/Jan/2021:11:31:06 +0800] "GET /xingrg/kc/buy/cgsh_order_operate.html?command=get_materiel&rest_code=00146&code=00101006065&supplier_code=00100012&order_time=2021-01-10 HTTP/1.1" 200 409
180.156.237.57 - - [10/Jan/2021:11:31:09 +0800] "GET /xingrg/kc/buy/cgsh_order_operate.html?command=get_materiel&rest_code=00151&code=00101010164&supplier_code=00100347&order_time=2021-01-10 HTTP/1.1" 200 409
101.85.52.2 - - [10/Jan/2021:11:31:13 +0800] "GET /xingrg/all/function/internal_message.html?_=1610249454178&CODE_STATE=getMsg HTTP/1.1" 200 27
180.156.237.57 - - [10/Jan/2021:11:31:14 +0800] "GET /xingrg/kc/buy/cgsh_order_operate.html?command=get_materiel&rest_code=00151&code=00101010142&supplier_code=00100347&order_time=2021-01-10 HTTP/1.1" 200 430
117.185.32.26 - - [10/Jan/2021:11:31:15 +0800] "GET /xingrg/kc/buy/cgsh_order_operate.html?command=get_materiel&rest_code=00106&code=00101005027&supplier_code=00100322&order_time=2021-01-10 HTTP/1.1" 200 421
117.185.32.26 - - [10/Jan/2021:11:31:16 +0800] "GET /xingrg/kc/buy/cgsh_order_operate.html?command=get_materiel&rest_code=00106&code=00101008207&supplier_code=00100007&order_time=2021-01-10 HTTP/1.1" 200 408
117.185.32.26 - - [10/Jan/2021:11:31:16 +0800] "GET /xingrg/all/function/internal_message.html?_=1610249466537&CODE_STATE=getMsg HTTP/1.1" 200 27
61.165.42.208 - - [10/Jan/2021:11:31:17 +0800] "GET /xingrg/kc/base/wldb_order_list.html HTTP/1.1" 200 19339
61.165.42.208 - - [10/Jan/2021:11:31:17 +0800] "POST /xingrg/kc/base/wldb_list_operate.html HTTP/1.1" 200 4518
172.17.0.103 - - [10/Jan/2021:11:31:18 +0800] "GET /xingrg/all/function/internal_message.html?_=1610249473833&CODE_STATE=getMsg HTTP/1.1" 200 27
172.17.0.103 - - [10/Jan/2021:11:31:18 +0800] "GET /xingrg/check_reg.html?_=1610249473836 HTTP/1.1" 200 22
114.86.226.161 - - [10/Jan/2021:11:31:18 +0800] "GET /xingrg/all/function/internal_message.html?_=1610249541109&CODE_STATE=getMsg HTTP/1.1" 200 27
114.88.169.67 - - [10/Jan/2021:11:31:19 +0800] "POST /xingrg/dwr/call/plaincall/AjaxQqpsService.saveOrder.dwr HTTP/1.1" 200 79
222.70.174.6 - - [10/Jan/2021:11:31:19 +0800] "GET /xingrg/kc/buy/cgsh_order_operate.html?command=get_materiel&rest_code=00146&code=00101006136&supplier_code=00100012&order_time=2021-01-10 HTTP/1.1" 200 417
117.185.32.26 - - [10/Jan/2021:11:31:20 +0800] "POST /xingrg/kc/buy/cgsh_order_operate.html HTTP/1.1" 200 2065
180.156.237.57 - - [10/Jan/2021:11:31:21 +0800] "GET /xingrg/kc/buy/cgsh_order_operate.html?command=get_materiel&rest_code=00151&code=00101001249&supplier_code=00100347&order_time=2021-01-10 HTTP/1.1" 200 424
117.185.32.26 - - [10/Jan/2021:11:31:22 +0800] "GET /xingrg/all/function/internal_message.html?_=1610249945473&CODE_STATE=getMsg HTTP/1.1" 200 27
117.184.7.30 - - [10/Jan/2021:11:31:22 +0800] "GET /xingrg/kc/buy/cgsh_order_add.html HTTP/1.1" 200 61702
61.165.42.208 - - [10/Jan/2021:11:31:23 +0800] "GET /xingrg/all/function/internal_message.html?_=1610249461040&CODE_STATE=getMsg HTTP/1.1" 200 27
117.184.7.26 - - [10/Jan/2021:11:31:23 +0800] "GET /xingrg/javascript/easyui/themes/default/validatebox.css HTTP/1.1" 404 1104
117.184.7.30 - - [10/Jan/2021:11:31:23 +0800] "POST /xingrg/kc/buy/cgsh_order_operate.html HTTP/1.1" 200 8245
120.253.135.82 - - [10/Jan/2021:11:31:23 +0800] "GET /xingrg/all/function/internal_message.html?_=1610249238388&CODE_STATE=getMsg HTTP/1.1" 200 27
180.156.237.57 - - [10/Jan/2021:11:31:23 +0800] "GET /xingrg/all/function/internal_message.html?_=1610249481214&CODE_STATE=getMsg HTTP/1.1" 200 27
117.185.32.26 - - [10/Jan/2021:11:31:25 +0800] "GET /xingrg/kc/buy/cgsh_order_operate.html?command=get_materiel&rest_code=00106&code=00101008239&supplier_code=00100007&order_time=2021-01-10 HTTP/1.1" 200 416
172.17.0.120 - - [10/Jan/2021:11:31:25 +0800] "GET /xingrg/all/function/internal_message.html?_=1610249481579&CODE_STATE=getMsg HTTP/1.1" 200 27
172.17.0.240 - - [10/Jan/2021:11:31:26 +0800] "GET /xingrg/all/function/internal_message.html?_=1610249481636&CODE_STATE=getMsg HTTP/1.1" 200 27
172.17.0.100 - - [10/Jan/2021:11:31:27 +0800] "GET /xingrg/all/function/internal_message.html?_=1610249483822&CODE_STATE=getMsg HTTP/1.1" 200 27
180.156.237.57 - - [10/Jan/2021:11:31:28 +0800] "GET /xingrg/kc/buy/cgsh_order_operate.html?command=get_materiel&rest_code=00151&code=00101007038&supplier_code=00100347&order_time=2021-01-10 HTTP/1.1" 200 440
117.184.7.30 - - [10/Jan/2021:11:31:29 +0800] "GET /xingrg/all/function/internal_message.html?_=1610249485301&CODE_STATE=getMsg HTTP/1.1" 200 27
222.69.136.245 - - [10/Jan/2021:11:31:29 +0800] "GET /xingrg/kc/buy/cgsh_order_add.html HTTP/1.1" 200 61796
116.228.172.94 - - [10/Jan/2021:11:31:30 +0800] "GET /xingrg/all/function/internal_message.html?_=1610249486083&CODE_STATE=getMsg HTTP/1.1" 200 27
222.69.136.245 - - [10/Jan/2021:11:31:30 +0800] "POST /xingrg/kc/buy/cgsh_order_operate.html HTTP/1.1" 200 8245
222.69.136.245 - - [10/Jan/2021:11:31:30 +0800] "GET /xingrg/javascript/easyui/themes/default/validatebox.css HTTP/1.1" 404 1104
222.69.136.245 - - [10/Jan/2021:11:31:31 +0800] "GET /xingrg/all/function/internal_message.html?_=1610249487748&CODE_STATE=getMsg HTTP/1.1" 200 27
180.156.237.57 - - [10/Jan/2021:11:31:33 +0800] "GET /xingrg/kc/buy/cgsh_order_operate.html?command=get_materiel&rest_code=00151&code=00101001213&supplier_code=00100347&order_time=2021-01-10 HTTP/1.1" 200 424
180.175.150.119 - - [10/Jan/2021:11:31:34 +0800] "GET /xingrg/check_reg.html?_=1610249728815 HTTP/1.1" 200 22
180.175.150.119 - - [10/Jan/2021:11:31:35 +0800] "GET /xingrg/all/function/internal_message.html?_=1610249728932&CODE_STATE=getMsg HTTP/1.1" 200 27
222.70.174.6 - - [10/Jan/2021:11:31:37 +0800] "POST /xingrg/kc/buy/cgsh_order_operate.html HTTP/1.1" 200 37
172.17.200.101 - - [10/Jan/2021:11:31:37 +0800] "GET /xingrg/all/function/internal_message.html?_=1610249493693&CODE_STATE=getMsg HTTP/1.1" 200 27
222.70.174.6 - - [10/Jan/2021:11:31:39 +0800] "POST /xingrg/kc/buy/cgsh_order_operate.html HTTP/1.1" 200 5611
222.70.174.6 - - [10/Jan/2021:11:31:41 +0800] "GET /xingrg/kc/print/load_data.html?order_code=212021011004138&kc_code=cgsh&condition= HTTP/1.1" 200 1897
222.69.136.245 - - [10/Jan/2021:11:31:44 +0800] "GET /xingrg/kc/buy/cgsh_order_operate.html?command=get_materiel&rest_code=00149&code=00101018018&supplier_code=00100330&order_time=2021-01-10 HTTP/1.1" 200 417
117.185.32.26 - - [10/Jan/2021:11:31:45 +0800] "POST /xingrg/kc/buy/cgsh_order_operate.html HTTP/1.1" 200 37
180.156.237.57 - - [10/Jan/2021:11:31:45 +0800] "GET /xingrg/kc/buy/cgsh_order_operate.html?command=get_materiel&rest_code=00151&code=00101006120&supplier_code=00100347&order_time=2021-01-10 HTTP/1.1" 200 23
117.184.7.30 - - [10/Jan/2021:11:31:45 +0800] "GET /xingrg/kc/buy/cgsh_order_operate.html?command=get_materiel&rest_code=00108&code=00102003087&supplier_code=00100074&order_time=2021-01-10 HTTP/1.1" 200 23
117.185.32.26 - - [10/Jan/2021:11:31:46 +0800] "POST /xingrg/kc/buy/cgsh_order_operate.html HTTP/1.1" 200 46976
114.88.169.67 - - [10/Jan/2021:11:31:51 +0800] "GET /xingrg/all/function/internal_message.html?_=1610249506913&CODE_STATE=getMsg HTTP/1.1" 200 27
222.70.174.6 - - [10/Jan/2021:11:31:51 +0800] "GET /xingrg/kc/buy/cgsh_order_add.html HTTP/1.1" 200 61749
222.70.174.6 - - [10/Jan/2021:11:31:52 +0800] "POST /xingrg/kc/buy/cgsh_order_operate.html HTTP/1.1" 200 8245
222.70.174.6 - - [10/Jan/2021:11:31:52 +0800] "GET /xingrg/javascript/easyui/themes/default/validatebox.css HTTP/1.1" 404 1104
117.184.7.26 - - [10/Jan/2021:11:31:52 +0800] "GET /xingrg/login.html HTTP/1.1" 200 7641
114.88.169.67 - - [10/Jan/2021:11:31:52 +0800] "GET /xingrg/all/function/internal_message.html?_=1610249500438&CODE_STATE=getMsg HTTP/1.1" 200 27
117.184.7.26 - - [10/Jan/2021:11:31:53 +0800] "GET /favicon.ico HTTP/1.1" 404 -
172.17.0.123 - - [10/Jan/2021:11:31:53 +0800] "GET /xingrg/all/function/internal_message.html?_=1610249411406&CODE_STATE=getMsg HTTP/1.1" 200 27
117.131.5.26 - - [10/Jan/2021:11:31:54 +0800] "GET /xingrg/all/function/internal_message.html?_=1610249560297&CODE_STATE=getMsg HTTP/1.1" 200 27
117.184.7.26 - - [10/Jan/2021:11:31:57 +0800] "POST /xingrg/login.do HTTP/1.1" 302 -
117.184.7.26 - - [10/Jan/2021:11:31:57 +0800] "GET /xingrg/index.html?sysBaseUrl=http%3A%2F%2F180.169.147.146%3A18081%2Fxingrg%2F&costTime=82×tamp=1610249517653 HTTP/1.1" 200 17179
61.165.42.208 - - [10/Jan/2021:11:31:58 +0800] "GET /xingrg/all/function/internal_message.html?_=1610249514042&CODE_STATE=getMsg HTTP/1.1" 200 27
222.70.174.6 - - [10/Jan/2021:11:31:58 +0800] "GET /xingrg/check_reg.html?_=1610249526778 HTTP/1.1" 200 22
117.184.7.26 - - [10/Jan/2021:11:31:58 +0800] "POST /xingrg/all/common/load_tree.html?tree=area_rest_tree_json&manage=1 HTTP/1.1" 200 470
117.184.7.26 - - [10/Jan/2021:11:31:58 +0800] "GET /xingrg/all/function/internal_message.html?_=1610249514099&CODE_STATE=count HTTP/1.1" 200 11
117.184.7.30 - - [10/Jan/2021:11:31:58 +0800] "GET /xingrg/check_reg.html?_=1610249514103 HTTP/1.1" 200 22
117.184.7.30 - - [10/Jan/2021:11:31:58 +0800] "GET /favicon.ico HTTP/1.1" 404 -
117.184.7.26 - - [10/Jan/2021:11:31:58 +0800] "POST /xingrg/load_menu.html HTTP/1.1" 200 5138
222.70.174.6 - - [10/Jan/2021:11:31:58 +0800] "GET /xingrg/all/function/internal_message.html?_=1610249527297&CODE_STATE=getMsg HTTP/1.1" 200 27
120.253.135.82 - - [10/Jan/2021:11:31:59 +0800] "GET /xingrg/kc/pszx/mdqp_order_list.html?state=10 HTTP/1.1" 200 11008
120.253.135.82 - - [10/Jan/2021:11:31:59 +0800] "GET /xingrg/dwr/interface/AjaxReportQueryService.js HTTP/1.1" 200 13203
120.253.135.82 - - [10/Jan/2021:11:31:59 +0800] "GET /xingrg/dwr/interface/AjaxQqpsService.js HTTP/1.1" 200 16326
120.253.135.82 - - [10/Jan/2021:11:31:59 +0800] "GET /xingrg/dwr/engine.js HTTP/1.1" 200 43631
172.17.0.108 - - [10/Jan/2021:11:32:02 +0800] "GET /xingrg/check_reg.html?_=1610249518608 HTTP/1.1" 302 -
222.69.133.109 - - [10/Jan/2021:11:32:04 +0800] "GET /xingrg/all/function/internal_message.html?_=1610249521831&CODE_STATE=getMsg HTTP/1.1" 200 27
58.37.230.33 - - [10/Jan/2021:11:32:04 +0800] "GET /xingrg/all/function/internal_message.html?_=1610249548622&CODE_STATE=getMsg HTTP/1.1" 200 27
58.37.230.33 - - [10/Jan/2021:11:32:04 +0800] "GET /xingrg/check_reg.html?_=1610249548624 HTTP/1.1" 200 22
117.184.7.26 - - [10/Jan/2021:11:32:05 +0800] "POST /xingrg/all/user/operate.html HTTP/1.1" 200 36
117.184.7.26 - - [10/Jan/2021:11:32:06 +0800] "GET /xingrg/index.html?sysBaseUrl=http%3A%2F%2F180.169.147.146%3A18081%2Fxingrg%2F&costTime=82×tamp=1610249517653 HTTP/1.1" 200 17173
117.184.7.26 - - [10/Jan/2021:11:32:06 +0800] "GET /xingrg/javascript/jquery_easy_ui/themes/default/easyui.css HTTP/1.1" 304 -
117.184.7.26 - - [10/Jan/2021:11:32:06 +0800] "GET /xingrg/javascript/jquery_easy_ui/themes/icon.css HTTP/1.1" 304 -
117.184.7.26 - - [10/Jan/2021:11:32:06 +0800] "GET /xingrg/css/form.css HTTP/1.1" 304 -
117.184.7.26 - - [10/Jan/2021:11:32:06 +0800] "GET /xingrg/javascript/jquery-1.4.2.min.js HTTP/1.1" 304 -
117.184.7.26 - - [10/Jan/2021:11:32:06 +0800] "GET /xingrg/javascript/jquery_easy_ui/jquery.easyui.min.js HTTP/1.1" 304 -
117.184.7.26 - - [10/Jan/2021:11:32:06 +0800] "GET /xingrg/javascript/jquery_easy_ui/easyui-lang-zh_CN.js HTTP/1.1" 304 -
117.184.7.26 - - [10/Jan/2021:11:32:06 +0800] "GET /xingrg/javascript/jquery.form.js HTTP/1.1" 304 -
117.184.7.26 - - [10/Jan/2021:11:32:06 +0800] "GET /xingrg/javascript/jquery.utils.js HTTP/1.1" 304 -
117.184.7.26 - - [10/Jan/2021:11:32:06 +0800] "GET /xingrg/javascript/jquery.timers.js HTTP/1.1" 304 -
117.184.7.26 - - [10/Jan/2021:11:32:06 +0800] "GET /xingrg/images/blue/jxLogo.png HTTP/1.1" 304 -
117.184.7.26 - - [10/Jan/2021:11:32:06 +0800] "GET /xingrg/images/blue/navBackgound.jpg HTTP/1.1" 304 -
117.184.7.30 - - [10/Jan/2021:11:32:06 +0800] "GET /xingrg/javascript/jquery_easy_ui/themes/icons/settle_new.png HTTP/1.1" 304 -
117.184.7.26 - - [10/Jan/2021:11:32:06 +0800] "POST /xingrg/all/common/load_tree.html?tree=area_rest_tree_json&manage=1 HTTP/1.1" 200 470
117.184.7.26 - - [10/Jan/2021:11:32:06 +0800] "GET /xingrg/check_reg.html?_=1610249521868 HTTP/1.1" 200 22
117.184.7.30 - - [10/Jan/2021:11:32:06 +0800] "GET /xingrg/all/function/internal_message.html?_=1610249521866&CODE_STATE=count HTTP/1.1" 200 11
117.184.7.26 - - [10/Jan/2021:11:32:06 +0800] "GET /xingrg/javascript/jquery_easy_ui/themes/default/images/tabs_leftarrow.png HTTP/1.1" 304 -
117.184.7.26 - - [10/Jan/2021:11:32:06 +0800] "GET /xingrg/javascript/jquery_easy_ui/themes/default/images/tabs_rightarrow.png HTTP/1.1" 304 -
117.184.7.26 - - [10/Jan/2021:11:32:06 +0800] "GET /xingrg/javascript/jquery_easy_ui/themes/default/images/panel_tool_collapse.gif HTTP/1.1" 304 -
117.184.7.26 - - [10/Jan/2021:11:32:06 +0800] "POST /xingrg/load_menu.html HTTP/1.1" 200 5138
117.184.7.26 - - [10/Jan/2021:11:32:06 +0800] "GET /xingrg/images/blue/pingpu.png HTTP/1.1" 304 -
222.69.136.245 - - [10/Jan/2021:11:32:06 +0800] "POST /xingrg/kc/buy/cgsh_order_operate.html HTTP/1.1" 200 37
222.70.174.6 - - [10/Jan/2021:11:32:07 +0800] "GET /xingrg/kc/buy/cgsh_order_operate.html?command=get_materiel&rest_code=00146&code=00101012029&supplier_code=00100033&order_time=2021-01-10 HTTP/1.1" 200 412
117.184.7.26 - - [10/Jan/2021:11:32:08 +0800] "GET /xingrg/kc/buy/buy_main.html HTTP/1.1" 200 12412
117.184.7.26 - - [10/Jan/2021:11:32:08 +0800] "GET /xingrg/css/new_ie.css HTTP/1.1" 404 1036
120.253.135.82 - - [10/Jan/2021:11:32:08 +0800] "GET /xingrg/kc/pszx/mdqp_order_list.html?state=10 HTTP/1.1" 200 11008
120.253.135.82 - - [10/Jan/2021:11:32:08 +0800] "GET /xingrg/dwr/interface/AjaxQqpsService.js HTTP/1.1" 200 16326
120.253.135.82 - - [10/Jan/2021:11:32:08 +0800] "GET /xingrg/dwr/interface/AjaxReportQueryService.js HTTP/1.1" 200 13203
120.253.135.82 - - [10/Jan/2021:11:32:08 +0800] "GET /xingrg/dwr/engine.js HTTP/1.1" 200 43631
117.184.7.30 - - [10/Jan/2021:11:32:08 +0800] "GET /xingrg/images/yd/bt.gif HTTP/1.1" 404 1040
117.184.7.30 - - [10/Jan/2021:11:32:09 +0800] "GET /xingrg/kc/buy/cgsh_order_list.html HTTP/1.1" 200 46005
117.184.7.30 - - [10/Jan/2021:11:32:11 +0800] "POST /xingrg/kc/buy/cgsh_list_operate.html HTTP/1.1" 200 2728
120.253.135.82 - - [10/Jan/2021:11:32:13 +0800] "GET /xingrg/kc/pszx/mdth_order_list.html HTTP/1.1" 200 18577
101.85.52.2 - - [10/Jan/2021:11:32:13 +0800] "GET /xingrg/all/function/internal_message.html?_=1610249514178&CODE_STATE=getMsg HTTP/1.1" 200 27
120.253.135.82 - - [10/Jan/2021:11:32:13 +0800] "POST /xingrg/kc/pszx/mdth_order_new_list.html HTTP/1.1" 200 4471
222.69.136.245 - - [10/Jan/2021:11:32:14 +0800] "POST /xingrg/kc/buy/cgsh_order_operate.html HTTP/1.1" 200 12
117.184.7.30 - - [10/Jan/2021:11:32:15 +0800] "GET /xingrg/kc/buy/cgsh_order_add.html HTTP/1.1" 200 61702
120.253.135.82 - - [10/Jan/2021:11:32:15 +0800] "POST /xingrg/kc/pszx/mdth_order_new_list.html HTTP/1.1" 200 203
117.184.7.26 - - [10/Jan/2021:11:32:15 +0800] "GET /xingrg/all/common/auto_word.html?type=employee&rest_code=00108 HTTP/1.1" 200 147
117.184.7.26 - - [10/Jan/2021:11:32:15 +0800] "GET /xingrg/all/common/auto_word.html?type=employee&rest_code=00108 HTTP/1.1" 200 147
117.184.7.26 - - [10/Jan/2021:11:32:15 +0800] "GET /xingrg/javascript/easyui/themes/default/validatebox.css HTTP/1.1" 404 1104
117.184.7.30 - - [10/Jan/2021:11:32:15 +0800] "POST /xingrg/kc/buy/cgsh_order_operate.html HTTP/1.1" 200 8245
180.156.237.57 - - [10/Jan/2021:11:32:16 +0800] "GET /xingrg/kc/buy/cgsh_order_operate.html?command=get_materiel&rest_code=00151&code=00101006195&supplier_code=00100347&order_time=2021-01-10 HTTP/1.1" 200 409
117.185.32.26 - - [10/Jan/2021:11:32:17 +0800] "GET /xingrg/all/function/internal_message.html?_=1610249526686&CODE_STATE=getMsg HTTP/1.1" 200 27
222.69.136.245 - - [10/Jan/2021:11:32:17 +0800] "GET /xingrg/kc/buy/cgsh_order_info.html?code=212021011004139 HTTP/1.1" 200 56704
222.69.136.245 - - [10/Jan/2021:11:32:17 +0800] "GET /xingrg/javascript/easyui/themes/default/validatebox.css HTTP/1.1" 404 1104
222.69.136.245 - - [10/Jan/2021:11:32:17 +0800] "POST /xingrg/kc/buy/cgsh_order_operate.html HTTP/1.1" 200 612
172.17.0.103 - - [10/Jan/2021:11:32:18 +0800] "GET /xingrg/all/function/internal_message.html?_=1610249533822&CODE_STATE=getMsg HTTP/1.1" 200 27
114.86.226.161 - - [10/Jan/2021:11:32:18 +0800] "GET /xingrg/all/function/internal_message.html?_=1610249601108&CODE_STATE=getMsg HTTP/1.1" 200 27
117.184.7.30 - - [10/Jan/2021:11:32:19 +0800] "GET /xingrg/javascript/auto/indicator.gif HTTP/1.1" 404 1066
222.69.136.245 - - [10/Jan/2021:11:32:20 +0800] "GET /xingrg/kc/print/load_data.html?order_code=212021011004139&kc_code=cgsh&condition= HTTP/1.1" 200 721
117.184.7.26 - - [10/Jan/2021:11:32:20 +0800] "GET /xingrg/javascript/jquery_tools/images/prev.gif HTTP/1.1" 404 1086
117.184.7.26 - - [10/Jan/2021:11:32:20 +0800] "GET /xingrg/javascript/jquery_tools/images/next.gif HTTP/1.1" 404 1086
117.185.32.26 - - [10/Jan/2021:11:32:22 +0800] "GET /xingrg/all/function/internal_message.html?_=1610250005463&CODE_STATE=getMsg HTTP/1.1" 200 27
61.165.42.208 - - [10/Jan/2021:11:32:23 +0800] "GET /xingrg/check_reg.html?_=1610249521039 HTTP/1.1" 200 22
61.165.42.208 - - [10/Jan/2021:11:32:23 +0800] "GET /xingrg/all/function/internal_message.html?_=1610249521042&CODE_STATE=getMsg HTTP/1.1" 200 27
120.253.135.82 - - [10/Jan/2021:11:32:23 +0800] "GET /xingrg/all/function/internal_message.html?_=1610249298464&CODE_STATE=getMsg HTTP/1.1" 200 27
222.70.174.6 - - [10/Jan/2021:11:32:23 +0800] "GET /xingrg/kc/buy/cgsh_order_operate.html?command=get_materiel&rest_code=00146&code=00101012051&supplier_code=00100033&order_time=2021-01-10 HTTP/1.1" 200 408
180.156.237.57 - - [10/Jan/2021:11:32:23 +0800] "GET /xingrg/all/function/internal_message.html?_=1610249541196&CODE_STATE=getMsg HTTP/1.1" 200 27
222.69.136.245 - - [10/Jan/2021:11:32:25 +0800] "GET /xingrg/kc/buy/cgsh_order_add.html HTTP/1.1" 200 61796
222.69.136.245 - - [10/Jan/2021:11:32:25 +0800] "POST /xingrg/kc/buy/cgsh_order_operate.html HTTP/1.1" 200 8245
222.69.136.245 - - [10/Jan/2021:11:32:25 +0800] "GET /xingrg/javascript/easyui/themes/default/validatebox.css HTTP/1.1" 404 1104
172.17.0.120 - - [10/Jan/2021:11:32:25 +0800] "GET /xingrg/all/function/internal_message.html?_=1610249541585&CODE_STATE=getMsg HTTP/1.1" 200 27
117.185.32.26 - - [10/Jan/2021:11:32:26 +0800] "POST /xingrg/kc/buy/cgsh_order_operate.html HTTP/1.1" 200 37
117.184.7.26 - - [10/Jan/2021:11:32:26 +0800] "GET /xingrg/kc/buy/cgsh_order_operate.html?command=get_materiel&rest_code=00108&code=00102003087&supplier_code=00100074&order_time=2021-01-10 HTTP/1.1" 200 408
172.17.0.240 - - [10/Jan/2021:11:32:26 +0800] "GET /xingrg/all/function/internal_message.html?_=1610249541626&CODE_STATE=getMsg HTTP/1.1" 200 27
172.17.0.100 - - [10/Jan/2021:11:32:27 +0800] "GET /xingrg/all/function/internal_message.html?_=1610249543823&CODE_STATE=getMsg HTTP/1.1" 200 27
117.185.32.26 - - [10/Jan/2021:11:32:28 +0800] "POST /xingrg/kc/buy/cgsh_order_operate.html HTTP/1.1" 200 12
117.185.32.26 - - [10/Jan/2021:11:32:29 +0800] "GET /xingrg/kc/buy/cgsh_order_info.html?code=212021011004140 HTTP/1.1" 200 56639
116.228.172.94 - - [10/Jan/2021:11:32:30 +0800] "GET /xingrg/all/function/internal_message.html?_=1610249546058&CODE_STATE=getMsg HTTP/1.1" 200 27
117.185.32.26 - - [10/Jan/2021:11:32:30 +0800] "GET /xingrg/javascript/easyui/themes/default/validatebox.css HTTP/1.1" 404 1104
117.185.32.26 - - [10/Jan/2021:11:32:30 +0800] "POST /xingrg/kc/buy/cgsh_order_operate.html HTTP/1.1" 200 1840
120.253.135.82 - - [10/Jan/2021:11:32:31 +0800] "GET /xingrg/kc/pszx/mdth_order_list.html HTTP/1.1" 200 18577
120.253.135.82 - - [10/Jan/2021:11:32:31 +0800] "POST /xingrg/kc/pszx/mdth_order_new_list.html HTTP/1.1" 200 4471
222.69.136.245 - - [10/Jan/2021:11:32:31 +0800] "GET /xingrg/all/function/internal_message.html?_=1610249547726&CODE_STATE=getMsg HTTP/1.1" 200 27
117.185.32.26 - - [10/Jan/2021:11:32:32 +0800] "GET /xingrg/kc/print/load_data.html?order_code=212021011004140&kc_code=cgsh&condition= HTTP/1.1" 200 1194
120.253.135.82 - - [10/Jan/2021:11:32:34 +0800] "POST /xingrg/kc/pszx/mdth_order_new_list.html HTTP/1.1" 200 492
117.184.7.26 - - [10/Jan/2021:11:32:34 +0800] "POST /xingrg/kc/buy/cgsh_order_operate.html HTTP/1.1" 200 37
222.70.174.6 - - [10/Jan/2021:11:32:34 +0800] "GET /xingrg/kc/buy/cgsh_order_operate.html?command=get_materiel&rest_code=00146&code=00101016080&supplier_code=00100033&order_time=2021-01-10 HTTP/1.1" 200 408
180.175.150.119 - - [10/Jan/2021:11:32:35 +0800] "GET /xingrg/all/function/internal_message.html?_=1610249788945&CODE_STATE=getMsg HTTP/1.1" 200 27
222.69.136.245 - - [10/Jan/2021:11:32:35 +0800] "GET /xingrg/kc/buy/cgsh_order_operate.html?command=get_materiel&rest_code=00149&code=00101001167&supplier_code=00100314&order_time=2021-01-10 HTTP/1.1" 200 409
180.156.237.57 - - [10/Jan/2021:11:32:35 +0800] "GET /xingrg/kc/buy/cgsh_order_operate.html?command=get_materiel&rest_code=00151&code=00101003049&supplier_code=00100347&order_time=2021-01-10 HTTP/1.1" 200 400
117.184.7.26 - - [10/Jan/2021:11:32:35 +0800] "POST /xingrg/kc/buy/cgsh_order_operate.html HTTP/1.1" 200 2655
117.184.7.26 - - [10/Jan/2021:11:32:37 +0800] "GET /xingrg/kc/print/load_config.html?kc_code=cgsh HTTP/1.1" 200 1845
117.184.7.26 - - [10/Jan/2021:11:32:37 +0800] "GET /xingrg/kc/print/load_data.html?order_code=212021011004141&kc_code=cgsh&condition= HTTP/1.1" 200 675
172.17.200.101 - - [10/Jan/2021:11:32:37 +0800] "GET /xingrg/check_reg.html?_=1610249553697 HTTP/1.1" 200 22
172.17.200.101 - - [10/Jan/2021:11:32:37 +0800] "GET /xingrg/all/function/internal_message.html?_=1610249553702&CODE_STATE=getMsg HTTP/1.1" 200 27
222.69.136.245 - - [10/Jan/2021:11:32:44 +0800] "POST /xingrg/kc/buy/cgsh_order_operate.html HTTP/1.1" 200 37
222.69.136.245 - - [10/Jan/2021:11:32:46 +0800] "POST /xingrg/kc/buy/cgsh_order_operate.html HTTP/1.1" 200 12
222.70.174.6 - - [10/Jan/2021:11:32:47 +0800] "GET /xingrg/kc/buy/cgsh_order_operate.html?command=get_materiel&rest_code=00146&code=00101016057&supplier_code=00100033&order_time=2021-01-10 HTTP/1.1" 200 408
222.69.136.245 - - [10/Jan/2021:11:32:47 +0800] "GET /xingrg/kc/buy/cgsh_order_info.html?code=212021011004142 HTTP/1.1" 200 56700
222.69.136.245 - - [10/Jan/2021:11:32:47 +0800] "GET /xingrg/javascript/easyui/themes/default/validatebox.css HTTP/1.1" 404 1104
222.69.136.245 - - [10/Jan/2021:11:32:48 +0800] "POST /xingrg/kc/buy/cgsh_order_operate.html HTTP/1.1" 200 606
222.69.136.245 - - [10/Jan/2021:11:32:50 +0800] "GET /xingrg/kc/print/report_design.html?orderType=cgsh HTTP/1.1" 200 8625
114.88.169.67 - - [10/Jan/2021:11:32:50 +0800] "GET /xingrg/check_reg.html?_=1610249565947 HTTP/1.1" 200 22
222.69.136.245 - - [10/Jan/2021:11:32:50 +0800] "GET /xingrg/kc/print/design_operate.html?_=1610249566571&command=load_config&code=cgsh HTTP/1.1" 200 2747
222.69.136.245 - - [10/Jan/2021:11:32:50 +0800] "GET /favicon.ico HTTP/1.1" 404 -
114.88.169.67 - - [10/Jan/2021:11:32:51 +0800] "GET /xingrg/all/function/internal_message.html?_=1610249566926&CODE_STATE=getMsg HTTP/1.1" 200 27
117.185.32.26 - - [10/Jan/2021:11:32:52 +0800] "GET /xingrg/kc/buy/cgsh_order_add.html HTTP/1.1" 200 61743
117.185.32.26 - - [10/Jan/2021:11:32:52 +0800] "POST /xingrg/kc/buy/cgsh_order_operate.html HTTP/1.1" 200 8245
114.88.169.67 - - [10/Jan/2021:11:32:52 +0800] "GET /xingrg/check_reg.html?_=1610249560465 HTTP/1.1" 200 22
114.88.169.67 - - [10/Jan/2021:11:32:52 +0800] "GET /xingrg/all/function/internal_message.html?_=1610249560467&CODE_STATE=getMsg HTTP/1.1" 200 27
117.185.32.26 - - [10/Jan/2021:11:32:52 +0800] "GET /xingrg/javascript/easyui/themes/default/validatebox.css HTTP/1.1" 404 1104
222.69.136.245 - - [10/Jan/2021:11:32:53 +0800] "GET /xingrg/kc/print/load_data.html?order_code=212021011004142&kc_code=cgsh&condition= HTTP/1.1" 200 707
172.17.0.123 - - [10/Jan/2021:11:32:53 +0800] "GET /xingrg/all/function/internal_message.html?_=1610249471408&CODE_STATE=getMsg HTTP/1.1" 200 27
172.17.0.123 - - [10/Jan/2021:11:32:53 +0800] "GET /xingrg/check_reg.html?_=1610249471411 HTTP/1.1" 200 22
117.185.32.26 - - [10/Jan/2021:11:32:54 +0800] "GET /xingrg/javascript/easyui/themes/default/tree.css HTTP/1.1" 404 1090
117.185.32.26 - - [10/Jan/2021:11:32:54 +0800] "POST /xingrg/all/common/load_tree.html?tree=supplier_tree_json&isDelete=1 HTTP/1.1" 200 54158
117.131.5.26 - - [10/Jan/2021:11:32:54 +0800] "GET /xingrg/all/function/internal_message.html?_=1610249620295&CODE_STATE=getMsg HTTP/1.1" 200 27
222.70.174.6 - - [10/Jan/2021:11:32:56 +0800] "GET /xingrg/kc/buy/cgsh_order_operate.html?command=get_materiel&rest_code=00146&code=00101012025&supplier_code=00100033&order_time=2021-01-10 HTTP/1.1" 200 412
222.69.136.245 - - [10/Jan/2021:11:32:58 +0800] "GET /xingrg/kc/buy/cgsh_order_add.html HTTP/1.1" 200 61796
61.165.42.208 - - [10/Jan/2021:11:32:58 +0800] "GET /xingrg/all/function/internal_message.html?_=1610249574008&CODE_STATE=getMsg HTTP/1.1" 200 27
222.69.136.245 - - [10/Jan/2021:11:32:58 +0800] "POST /xingrg/kc/buy/cgsh_order_operate.html HTTP/1.1" 200 8245
222.69.136.245 - - [10/Jan/2021:11:32:58 +0800] "GET /xingrg/javascript/easyui/themes/default/validatebox.css HTTP/1.1" 404 1104
222.70.174.6 - - [10/Jan/2021:11:32:58 +0800] "GET /xingrg/all/function/internal_message.html?_=1610249587305&CODE_STATE=getMsg HTTP/1.1" 200 27
117.184.7.26 - - [10/Jan/2021:11:33:01 +0800] "GET /xingrg/kc/buy/cgsh_order_add.html HTTP/1.1" 200 61702
117.184.7.26 - - [10/Jan/2021:11:33:02 +0800] "POST /xingrg/kc/buy/cgsh_order_operate.html HTTP/1.1" 200 8245
117.184.7.26 - - [10/Jan/2021:11:33:02 +0800] "GET /xingrg/javascript/easyui/themes/default/validatebox.css HTTP/1.1" 404 1104
222.69.133.109 - - [10/Jan/2021:11:33:04 +0800] "GET /xingrg/all/function/internal_message.html?_=1610249581827&CODE_STATE=getMsg HTTP/1.1" 200 27
222.69.133.109 - - [10/Jan/2021:11:33:04 +0800] "GET /xingrg/check_reg.html?_=1610249582373 HTTP/1.1" 200 22
58.37.230.33 - - [10/Jan/2021:11:33:04 +0800] "GET /xingrg/all/function/internal_message.html?_=1610249608620&CODE_STATE=getMsg HTTP/1.1" 200 27
117.184.7.26 - - [10/Jan/2021:11:33:06 +0800] "GET /xingrg/all/function/internal_message.html?_=1610249581875&CODE_STATE=getMsg HTTP/1.1" 200 27
222.69.136.245 - - [10/Jan/2021:11:33:09 +0800] "GET /xingrg/kc/buy/cgsh_order_operate.html?command=get_materiel&rest_code=00149&code=00101001141&supplier_code=00100327&order_time=2021-01-10 HTTP/1.1" 200 413
222.70.174.6 - - [10/Jan/2021:11:33:10 +0800] "GET /xingrg/kc/buy/cgsh_order_operate.html?command=get_materiel&rest_code=00146&code=00101016025&supplier_code=00100033&order_time=2021-01-10 HTTP/1.1" 200 408
117.185.32.26 - - [10/Jan/2021:11:33:11 +0800] "GET /xingrg/kc/buy/cgsh_order_operate.html?command=get_materiel&rest_code=00106&code=00101008214&supplier_code=00100323&order_time=2021-01-10 HTTP/1.1" 200 409
101.85.52.2 - - [10/Jan/2021:11:33:13 +0800] "GET /xingrg/check_reg.html?_=1610249574189 HTTP/1.1" 200 22
101.85.52.2 - - [10/Jan/2021:11:33:13 +0800] "GET /xingrg/all/function/internal_message.html?_=1610249574186&CODE_STATE=getMsg HTTP/1.1" 200 27
117.185.32.26 - - [10/Jan/2021:11:33:17 +0800] "GET /xingrg/all/function/internal_message.html?_=1610249586645&CODE_STATE=getMsg HTTP/1.1" 200 27
117.185.32.26 - - [10/Jan/2021:11:33:17 +0800] "GET /xingrg/check_reg.html?_=1610249587273 HTTP/1.1" 200 22
172.17.0.103 - - [10/Jan/2021:11:33:18 +0800] "GET /xingrg/all/function/internal_message.html?_=1610249593822&CODE_STATE=getMsg HTTP/1.1" 200 27
114.86.226.161 - - [10/Jan/2021:11:33:18 +0800] "GET /xingrg/check_reg.html?_=1610249661112 HTTP/1.1" 200 22
114.86.226.161 - - [10/Jan/2021:11:33:18 +0800] "GET /xingrg/all/function/internal_message.html?_=1610249661113&CODE_STATE=getMsg HTTP/1.1" 200 27
117.185.32.26 - - [10/Jan/2021:11:33:22 +0800] "GET /xingrg/check_reg.html?_=1610250065469 HTTP/1.1" 200 22
117.185.32.26 - - [10/Jan/2021:11:33:22 +0800] "GET /xingrg/all/function/internal_message.html?_=1610250065472&CODE_STATE=getMsg HTTP/1.1" 200 27
61.165.42.208 - - [10/Jan/2021:11:33:23 +0800] "GET /xingrg/all/function/internal_message.html?_=1610249581042&CODE_STATE=getMsg HTTP/1.1" 200 27
120.253.135.82 - - [10/Jan/2021:11:33:23 +0800] "GET /xingrg/all/function/internal_message.html?_=1610249358477&CODE_STATE=getMsg HTTP/1.1" 200 27
180.156.237.57 - - [10/Jan/2021:11:33:23 +0800] "GET /xingrg/all/function/internal_message.html?_=1610249601208&CODE_STATE=getMsg HTTP/1.1" 200 27
222.69.136.245 - - [10/Jan/2021:11:33:23 +0800] "GET /xingrg/kc/buy/cgsh_order_operate.html?command=get_materiel&rest_code=00149&code=00101008171&supplier_code=00100327&order_time=2021-01-10 HTTP/1.1" 200 421
117.131.5.26 - - [10/Jan/2021:11:33:25 +0800] "GET /xingrg/kc/buy/cgsh_order_operate.html?command=get_materiel&rest_code=00104&code=00101008197&supplier_code=00100005&order_time=2021-01-10 HTTP/1.1" 200 416
172.17.0.120 - - [10/Jan/2021:11:33:25 +0800] "GET /xingrg/all/function/internal_message.html?_=1610249601579&CODE_STATE=getMsg HTTP/1.1" 200 27
172.17.0.240 - - [10/Jan/2021:11:33:26 +0800] "GET /xingrg/all/function/internal_message.html?_=1610249601630&CODE_STATE=getMsg HTTP/1.1" 200 27
172.17.0.240 - - [10/Jan/2021:11:33:26 +0800] "GET /xingrg/check_reg.html?_=1610249601633 HTTP/1.1" 200 22
172.17.0.100 - - [10/Jan/2021:11:33:27 +0800] "GET /xingrg/all/function/internal_message.html?_=1610249603823&CODE_STATE=getMsg HTTP/1.1" 200 27
101.85.93.83 - - [10/Jan/2021:11:33:28 +0800] "GET /xingrg HTTP/1.1" 302 -
101.85.93.83 - - [10/Jan/2021:11:33:28 +0800] "GET /xingrg/ HTTP/1.1" 200 292
101.85.93.83 - - [10/Jan/2021:11:33:28 +0800] "GET /xingrg/index.html HTTP/1.1" 302 -
101.85.93.83 - - [10/Jan/2021:11:33:28 +0800] "GET /favicon.ico HTTP/1.1" 404 -
101.85.93.83 - - [10/Jan/2021:11:33:28 +0800] "GET /xingrg/login.html HTTP/1.1" 200 7641
101.85.93.83 - - [10/Jan/2021:11:33:28 +0800] "GET /xingrg/images/blue/jxLogo.png HTTP/1.1" 200 6156
101.85.93.83 - - [10/Jan/2021:11:33:29 +0800] "GET /xingrg/images/blue/hj.png HTTP/1.1" 200 1014
101.85.93.83 - - [10/Jan/2021:11:33:29 +0800] "GET /xingrg/images/blue/login_bg.png HTTP/1.1" 200 22101
101.85.93.83 - - [10/Jan/2021:11:33:29 +0800] "GET /xingrg/images/blue/srbg.png HTTP/1.1" 200 138
114.88.169.67 - - [10/Jan/2021:11:33:29 +0800] "POST /xingrg/dwr/call/plaincall/AjaxQqpsService.saveOrder.dwr HTTP/1.1" 200 79
101.85.93.83 - - [10/Jan/2021:11:33:29 +0800] "GET /favicon.ico HTTP/1.1" 404 -
116.228.172.94 - - [10/Jan/2021:11:33:29 +0800] "GET /xingrg/all/function/internal_message.html?_=1610249606044&CODE_STATE=getMsg HTTP/1.1" 200 27
222.70.174.7 - - [10/Jan/2021:11:33:31 +0800] "GET /xingrg/check_reg.html?_=1610249608772 HTTP/1.1" 302 -
222.69.136.245 - - [10/Jan/2021:11:33:32 +0800] "GET /xingrg/all/function/internal_message.html?_=1610249607969&CODE_STATE=getMsg HTTP/1.1" 200 27
114.88.169.67 - - [10/Jan/2021:11:33:32 +0800] "GET /xingrg/kc/buy/buy_main.html HTTP/1.1" 200 12412
114.88.169.67 - - [10/Jan/2021:11:33:32 +0800] "GET /xingrg/css/new_ie.css HTTP/1.1" 404 1036
114.88.169.67 - - [10/Jan/2021:11:33:32 +0800] "GET /xingrg/images/yd/bt.gif HTTP/1.1" 404 1040
114.88.169.67 - - [10/Jan/2021:11:33:33 +0800] "GET /xingrg/kc/buy/cgsh_order_list.html HTTP/1.1" 200 46005
114.88.169.67 - - [10/Jan/2021:11:33:34 +0800] "POST /xingrg/kc/buy/cgsh_list_operate.html HTTP/1.1" 200 5162
180.175.150.119 - - [10/Jan/2021:11:33:35 +0800] "GET /xingrg/all/function/internal_message.html?_=1610249848957&CODE_STATE=getMsg HTTP/1.1" 200 27
222.69.136.245 - - [10/Jan/2021:11:33:35 +0800] "GET /xingrg/kc/buy/cgsh_order_operate.html?command=get_materiel&rest_code=00149&code=00101010249&supplier_code=00100327&order_time=2021-01-10 HTTP/1.1" 200 409
172.17.200.101 - - [10/Jan/2021:11:33:37 +0800] "GET /xingrg/all/function/internal_message.html?_=1610249613704&CODE_STATE=getMsg HTTP/1.1" 200 27
117.185.32.26 - - [10/Jan/2021:11:33:38 +0800] "GET /xingrg/kc/buy/cgsh_order_operate.html?command=get_materiel&rest_code=00106&code=00101008187&supplier_code=00100323&order_time=2021-01-10 HTTP/1.1" 200 413
117.184.7.26 - - [10/Jan/2021:11:33:40 +0800] "GET /xingrg/kc/buy/cgsh_order_operate.html?command=get_materiel&rest_code=00108&code=00101016104&supplier_code=00100096&order_time=2021-01-10 HTTP/1.1" 200 410
114.88.169.67 - - [10/Jan/2021:11:33:42 +0800] "GET /xingrg/kc/buy/cgsh_order_add.html HTTP/1.1" 200 61743
222.69.136.245 - - [10/Jan/2021:11:33:42 +0800] "GET /xingrg/kc/buy/cgsh_order_operate.html?command=get_materiel&rest_code=00149&code=00101008486&supplier_code=00100327&order_time=2021-01-10 HTTP/1.1" 200 400
114.88.169.67 - - [10/Jan/2021:11:33:42 +0800] "POST /xingrg/kc/buy/cgsh_order_operate.html HTTP/1.1" 200 8245
114.88.169.67 - - [10/Jan/2021:11:33:42 +0800] "GET /xingrg/javascript/easyui/themes/default/validatebox.css HTTP/1.1" 404 1104
101.85.52.2 - - [10/Jan/2021:11:33:50 +0800] "POST /xingrg/kc/buy/cgsh_list_operate.html HTTP/1.1" 200 3131
114.88.169.67 - - [10/Jan/2021:11:33:51 +0800] "GET /xingrg/all/function/internal_message.html?_=1610249626939&CODE_STATE=getMsg HTTP/1.1" 200 27
114.88.169.67 - - [10/Jan/2021:11:33:52 +0800] "GET /xingrg/all/function/internal_message.html?_=1610249620460&CODE_STATE=getMsg HTTP/1.1" 200 27
222.69.136.245 - - [10/Jan/2021:11:33:53 +0800] "POST /xingrg/kc/buy/cgsh_order_operate.html HTTP/1.1" 200 64
172.17.0.123 - - [10/Jan/2021:11:33:53 +0800] "GET /xingrg/all/function/internal_message.html?_=1610249531413&CODE_STATE=getMsg HTTP/1.1" 200 27
222.70.174.6 - - [10/Jan/2021:11:33:53 +0800] "POST /xingrg/kc/buy/cgsh_order_operate.html HTTP/1.1" 200 37
117.185.32.26 - - [10/Jan/2021:11:33:54 +0800] "GET /xingrg/kc/buy/cgsh_order_operate.html?command=get_materiel&rest_code=00106&code=00101019489&supplier_code=00100323&order_time=2021-01-10 HTTP/1.1" 200 410
117.184.7.26 - - [10/Jan/2021:11:33:54 +0800] "GET /xingrg/kc/buy/cgsh_order_operate.html?command=get_materiel&rest_code=00108&code=00101001075&supplier_code=00100096&order_time=2021-01-10 HTTP/1.1" 200 409
114.88.169.67 - - [10/Jan/2021:11:33:54 +0800] "GET /xingrg/kc/buy/cgsh_order_operate.html?command=get_materiel&rest_code=00111&code=00101007032&supplier_code=00100328&order_time=2021-01-10 HTTP/1.1" 200 432
117.131.5.26 - - [10/Jan/2021:11:33:54 +0800] "GET /xingrg/all/function/internal_message.html?_=1610249680323&CODE_STATE=getMsg HTTP/1.1" 200 27
117.131.5.26 - - [10/Jan/2021:11:33:54 +0800] "GET /xingrg/check_reg.html?_=1610249680325 HTTP/1.1" 200 22
180.156.237.57 - - [10/Jan/2021:11:33:57 +0800] "POST /xingrg/kc/buy/cgsh_order_operate.html HTTP/1.1" 200 37
61.165.42.208 - - [10/Jan/2021:11:33:58 +0800] "GET /xingrg/all/function/internal_message.html?_=1610249633986&CODE_STATE=getMsg HTTP/1.1" 200 27
222.69.136.245 - - [10/Jan/2021:11:33:58 +0800] "POST /xingrg/kc/buy/cgsh_order_operate.html HTTP/1.1" 200 37
180.156.237.57 - - [10/Jan/2021:11:34:00 +0800] "POST /xingrg/kc/buy/cgsh_order_operate.html HTTP/1.1" 200 12
222.70.174.6 - - [10/Jan/2021:11:34:00 +0800] "POST /xingrg/kc/buy/cgsh_order_operate.html HTTP/1.1" 200 5598
222.69.136.245 - - [10/Jan/2021:11:34:02 +0800] "POST /xingrg/kc/buy/cgsh_order_operate.html HTTP/1.1" 200 12
222.70.174.6 - - [10/Jan/2021:11:34:02 +0800] "GET /xingrg/all/function/internal_message.html?_=1610249650937&CODE_STATE=getMsg HTTP/1.1" 200 27
180.156.237.57 - - [10/Jan/2021:11:34:03 +0800] "GET /xingrg/kc/buy/cgsh_order_info.html?code=212021011004145 HTTP/1.1" 200 56279
180.156.237.57 - - [10/Jan/2021:11:34:03 +0800] "GET /xingrg/javascript/easyui/themes/default/validatebox.css HTTP/1.1" 404 1104
180.156.237.57 - - [10/Jan/2021:11:34:03 +0800] "POST /xingrg/kc/buy/cgsh_order_operate.html HTTP/1.1" 200 6084
222.69.133.109 - - [10/Jan/2021:11:34:04 +0800] "GET /xingrg/all/function/internal_message.html?_=1610249641839&CODE_STATE=getMsg HTTP/1.1" 200 27
222.70.174.6 - - [10/Jan/2021:11:34:04 +0800] "GET /xingrg/kc/print/load_data.html?order_code=212021011004143&kc_code=cgsh&condition= HTTP/1.1" 200 1822
58.37.230.33 - - [10/Jan/2021:11:34:04 +0800] "GET /xingrg/all/function/internal_message.html?_=1610249668619&CODE_STATE=getMsg HTTP/1.1" 200 27
114.88.169.67 - - [10/Jan/2021:11:34:05 +0800] "POST /xingrg/kc/buy/cgsh_order_operate.html HTTP/1.1" 200 37
222.69.136.245 - - [10/Jan/2021:11:34:05 +0800] "GET /xingrg/kc/buy/cgsh_order_info.html?code=212021011004146 HTTP/1.1" 200 56698
180.156.237.57 - - [10/Jan/2021:11:34:06 +0800] "GET /xingrg/kc/print/load_data.html?order_code=212021011004145&kc_code=cgsh&condition= HTTP/1.1" 200 2881
222.69.136.245 - - [10/Jan/2021:11:34:06 +0800] "GET /xingrg/javascript/easyui/themes/default/validatebox.css HTTP/1.1" 404 1104
117.184.7.26 - - [10/Jan/2021:11:34:06 +0800] "GET /xingrg/all/function/internal_message.html?_=1610249641880&CODE_STATE=getMsg HTTP/1.1" 200 27
222.69.136.245 - - [10/Jan/2021:11:34:06 +0800] "POST /xingrg/kc/buy/cgsh_order_operate.html HTTP/1.1" 200 2392
114.88.169.67 - - [10/Jan/2021:11:34:06 +0800] "POST /xingrg/kc/buy/cgsh_order_operate.html HTTP/1.1" 200 2658
101.85.52.2 - - [10/Jan/2021:11:34:07 +0800] "POST /xingrg/kc/buy/cgsh_list_operate.html HTTP/1.1" 200 4
117.185.32.26 - - [10/Jan/2021:11:34:08 +0800] "GET /xingrg/kc/buy/cgsh_order_operate.html?command=get_materiel&rest_code=00106&code=00101006150&supplier_code=00100323&order_time=2021-01-10 HTTP/1.1" 200 413
222.69.136.245 - - [10/Jan/2021:11:34:08 +0800] "GET /xingrg/kc/print/load_data.html?order_code=212021011004146&kc_code=cgsh&condition= HTTP/1.1" 200 1389
114.88.169.67 - - [10/Jan/2021:11:34:09 +0800] "GET /xingrg/kc/print/load_data.html?order_code=212021011004147&kc_code=cgsh&condition= HTTP/1.1" 200 671
117.184.7.26 - - [10/Jan/2021:11:34:13 +0800] "GET /xingrg/kc/buy/cgsh_order_operate.html?command=get_materiel&rest_code=00108&code=00101001062&supplier_code=00100096&order_time=2021-01-10 HTTP/1.1" 200 418
180.156.237.57 - - [10/Jan/2021:11:34:14 +0800] "GET /xingrg/kc/buy/cgsh_order_add.html HTTP/1.1" 200 61384
180.156.237.57 - - [10/Jan/2021:11:34:14 +0800] "POST /xingrg/kc/buy/cgsh_order_operate.html HTTP/1.1" 200 8245
180.156.237.57 - - [10/Jan/2021:11:34:14 +0800] "GET /xingrg/javascript/easyui/themes/default/validatebox.css HTTP/1.1" 404 1104
222.70.174.6 - - [10/Jan/2021:11:34:16 +0800] "GET /xingrg/kc/mdqp/pssh_order_list.html HTTP/1.1" 200 17927
222.70.174.6 - - [10/Jan/2021:11:34:16 +0800] "GET /xingrg/kc/mdqp/qqps_order_list.html HTTP/1.1" 200 9668
117.185.32.26 - - [10/Jan/2021:11:34:16 +0800] "GET /xingrg/all/function/internal_message.html?_=1610249646600&CODE_STATE=getMsg HTTP/1.1" 200 27
222.70.174.6 - - [10/Jan/2021:11:34:17 +0800] "POST /xingrg/kc/mdqp/pssh_list_operate.html HTTP/1.1" 200 5403
172.17.0.103 - - [10/Jan/2021:11:34:18 +0800] "GET /xingrg/all/function/internal_message.html?_=1610249653848&CODE_STATE=getMsg HTTP/1.1" 200 27
101.85.52.2 - - [10/Jan/2021:11:34:18 +0800] "POST /xingrg/kc/buy/cgsh_list_operate.html HTTP/1.1" 200 876
114.86.226.161 - - [10/Jan/2021:11:34:18 +0800] "GET /xingrg/all/function/internal_message.html?_=1610249721111&CODE_STATE=getMsg HTTP/1.1" 200 27
101.85.52.2 - - [10/Jan/2021:11:34:20 +0800] "GET /xingrg/kc/buy/cgsh_order_add.html HTTP/1.1" 200 60861
101.85.52.2 - - [10/Jan/2021:11:34:20 +0800] "GET /xingrg/javascript/easyui/themes/default/validatebox.css HTTP/1.1" 404 1104
101.85.52.2 - - [10/Jan/2021:11:34:20 +0800] "POST /xingrg/kc/buy/cgsh_order_operate.html HTTP/1.1" 200 8245
180.156.237.57 - - [10/Jan/2021:11:34:21 +0800] "GET /xingrg/kc/buy/cgsh_order_operate.html?command=get_materiel&rest_code=00151&code=00101016100&supplier_code=00100329&order_time=2021-01-10 HTTP/1.1" 200 413
222.70.174.6 - - [10/Jan/2021:11:34:22 +0800] "POST /xingrg/kc/mdqp/pssh_list_operate.html HTTP/1.1" 200 253
117.185.32.26 - - [10/Jan/2021:11:34:22 +0800] "GET /xingrg/all/function/internal_message.html?_=1610250125463&CODE_STATE=getMsg HTTP/1.1" 200 27
222.70.174.6 - - [10/Jan/2021:11:34:22 +0800] "GET /xingrg/kc/mdqp/pssh_order_info.html?code=312021011000315 HTTP/1.1" 200 17252
222.70.174.6 - - [10/Jan/2021:11:34:22 +0800] "GET /xingrg/javascript/jquery_tools/jquery-1.4.2.min.js HTTP/1.1" 404 1094
222.70.174.6 - - [10/Jan/2021:11:34:22 +0800] "GET /xingrg/javascript/easyui/themes/icons/back_new.png HTTP/1.1" 304 -
222.70.174.6 - - [10/Jan/2021:11:34:22 +0800] "POST /xingrg/kc/mdqp/pssh_order_operate.html HTTP/1.1" 200 519
222.70.174.6 - - [10/Jan/2021:11:34:22 +0800] "GET /xingrg/all/common/auto_word.html?type=base&rest_code=00146&rest_code=00146 HTTP/1.1" 200 1753
222.70.174.6 - - [10/Jan/2021:11:34:22 +0800] "GET /xingrg/javascript/easyui/themes/default/validatebox.css HTTP/1.1" 404 1104
61.165.42.208 - - [10/Jan/2021:11:34:23 +0800] "GET /xingrg/all/function/internal_message.html?_=1610249641043&CODE_STATE=getMsg HTTP/1.1" 200 27
117.184.7.26 - - [10/Jan/2021:11:34:23 +0800] "GET /xingrg/kc/buy/cgsh_order_operate.html?command=get_materiel&rest_code=00108&code=00101001010&supplier_code=00100096&order_time=2021-01-10 HTTP/1.1" 200 408
120.253.135.82 - - [10/Jan/2021:11:34:23 +0800] "GET /xingrg/all/function/internal_message.html?_=1610249418492&CODE_STATE=getMsg HTTP/1.1" 200 27
180.156.237.57 - - [10/Jan/2021:11:34:23 +0800] "GET /xingrg/all/function/internal_message.html?_=1610249661238&CODE_STATE=getMsg HTTP/1.1" 200 27
172.17.0.120 - - [10/Jan/2021:11:34:25 +0800] "GET /xingrg/all/function/internal_message.html?_=1610249661584&CODE_STATE=getMsg HTTP/1.1" 200 27
172.17.0.120 - - [10/Jan/2021:11:34:25 +0800] "GET /xingrg/check_reg.html?_=1610249661588 HTTP/1.1" 200 22
172.17.0.240 - - [10/Jan/2021:11:34:26 +0800] "GET /xingrg/all/function/internal_message.html?_=1610249661636&CODE_STATE=getMsg HTTP/1.1" 200 27
172.17.0.100 - - [10/Jan/2021:11:34:27 +0800] "GET /xingrg/all/function/internal_message.html?_=1610249663812&CODE_STATE=getMsg HTTP/1.1" 200 27
222.70.174.6 - - [10/Jan/2021:11:34:28 +0800] "GET /xingrg/kc/mdqp/qqps_order_list.html HTTP/1.1" 200 9668
222.70.174.6 - - [10/Jan/2021:11:34:28 +0800] "GET /xingrg/dwr/interface/AjaxQqpsService.js HTTP/1.1" 200 16326
222.70.174.6 - - [10/Jan/2021:11:34:28 +0800] "GET /xingrg/dwr/interface/AjaxReportQueryService.js HTTP/1.1" 200 13203
222.70.174.6 - - [10/Jan/2021:11:34:28 +0800] "GET /xingrg/dwr/engine.js HTTP/1.1" 200 43631
180.156.237.57 - - [10/Jan/2021:11:34:28 +0800] "POST /xingrg/kc/buy/cgsh_order_operate.html HTTP/1.1" 200 37
101.85.52.2 - - [10/Jan/2021:11:34:29 +0800] "GET /xingrg/kc/buy/cgsh_order_operate.html?command=get_materiel&rest_code=00145&code=00101011001&supplier_code=00100047&order_time=2021-01-04 HTTP/1.1" 200 423
117.185.32.26 - - [10/Jan/2021:11:34:29 +0800] "GET /xingrg/kc/buy/cgsh_order_operate.html?command=get_materiel&rest_code=00106&code=00101001213&supplier_code=00100323&order_time=2021-01-10 HTTP/1.1" 200 424
116.228.172.94 - - [10/Jan/2021:11:34:29 +0800] "GET /xingrg/check_reg.html?_=1610249665757 HTTP/1.1" 200 22
116.228.172.94 - - [10/Jan/2021:11:34:29 +0800] "GET /xingrg/all/function/internal_message.html?_=1610249666025&CODE_STATE=getMsg HTTP/1.1" 200 27
180.156.237.57 - - [10/Jan/2021:11:34:31 +0800] "POST /xingrg/kc/buy/cgsh_order_operate.html HTTP/1.1" 200 12
180.156.237.57 - - [10/Jan/2021:11:34:31 +0800] "GET /xingrg/kc/buy/cgsh_order_info.html?code=212021011004148 HTTP/1.1" 200 56291
222.69.136.245 - - [10/Jan/2021:11:34:32 +0800] "GET /xingrg/all/function/internal_message.html?_=1610249667942&CODE_STATE=getMsg HTTP/1.1" 200 27
180.156.237.57 - - [10/Jan/2021:11:34:32 +0800] "GET /xingrg/javascript/easyui/themes/default/validatebox.css HTTP/1.1" 404 1104
222.69.136.245 - - [10/Jan/2021:11:34:32 +0800] "GET /xingrg/check_reg.html?_=1610249668318 HTTP/1.1" 200 22
180.156.237.57 - - [10/Jan/2021:11:34:32 +0800] "POST /xingrg/kc/buy/cgsh_order_operate.html HTTP/1.1" 200 606
180.156.237.57 - - [10/Jan/2021:11:34:34 +0800] "GET /xingrg/kc/print/load_data.html?order_code=212021011004148&kc_code=cgsh&condition= HTTP/1.1" 200 703
180.175.150.119 - - [10/Jan/2021:11:34:35 +0800] "GET /xingrg/all/function/internal_message.html?_=1610249908972&CODE_STATE=getMsg HTTP/1.1" 200 27
114.88.169.67 - - [10/Jan/2021:11:34:35 +0800] "GET /xingrg/kc/mdqp/qp_main.html HTTP/1.1" 200 10633
101.85.52.2 - - [10/Jan/2021:11:34:35 +0800] "POST /xingrg/kc/buy/cgsh_order_operate.html HTTP/1.1" 200 37
114.88.169.67 - - [10/Jan/2021:11:34:36 +0800] "GET /xingrg/images/yd/bt.gif HTTP/1.1" 404 1040
101.85.52.2 - - [10/Jan/2021:11:34:36 +0800] "POST /xingrg/kc/buy/cgsh_order_operate.html HTTP/1.1" 200 2666
114.88.169.67 - - [10/Jan/2021:11:34:36 +0800] "GET /xingrg/kc/mdqp/qqps_order_list.html HTTP/1.1" 200 9642
114.88.169.67 - - [10/Jan/2021:11:34:36 +0800] "GET /xingrg/dwr/interface/AjaxQqpsService.js HTTP/1.1" 200 16326
114.88.169.67 - - [10/Jan/2021:11:34:36 +0800] "GET /xingrg/dwr/interface/AjaxReportQueryService.js HTTP/1.1" 200 13203
114.88.169.67 - - [10/Jan/2021:11:34:36 +0800] "GET /xingrg/dwr/engine.js HTTP/1.1" 200 43631
172.17.200.101 - - [10/Jan/2021:11:34:37 +0800] "GET /xingrg/all/function/internal_message.html?_=1610249673705&CODE_STATE=getMsg HTTP/1.1" 200 27
180.156.237.57 - - [10/Jan/2021:11:34:38 +0800] "GET /xingrg/kc/buy/cgsh_order_add.html HTTP/1.1" 200 61384
114.88.169.67 - - [10/Jan/2021:11:34:38 +0800] "GET /xingrg/kc/mdqp/qqps_order_info.html?code=302021011000232 HTTP/1.1" 200 28322
114.88.169.67 - - [10/Jan/2021:11:34:38 +0800] "GET /xingrg/dwr/interface/AjaxComOrderService.js HTTP/1.1" 200 18264
180.156.237.57 - - [10/Jan/2021:11:34:38 +0800] "POST /xingrg/kc/buy/cgsh_order_operate.html HTTP/1.1" 200 8245
114.88.169.67 - - [10/Jan/2021:11:34:38 +0800] "GET /xingrg/dwr/interface/AjaxQqpsService.js HTTP/1.1" 200 16326
114.88.169.67 - - [10/Jan/2021:11:34:38 +0800] "GET /xingrg/dwr/engine.js HTTP/1.1" 200 43631
101.85.52.2 - - [10/Jan/2021:11:34:38 +0800] "GET /xingrg/kc/print/load_data.html?order_code=212021011004149&kc_code=cgsh&condition= HTTP/1.1" 200 730
180.156.237.57 - - [10/Jan/2021:11:34:38 +0800] "GET /xingrg/javascript/easyui/themes/default/validatebox.css HTTP/1.1" 404 1104
114.88.169.67 - - [10/Jan/2021:11:34:39 +0800] "POST /xingrg/dwr/call/plaincall/AjaxQqpsService.loadMaterielItems.dwr HTTP/1.1" 200 3539
101.85.52.2 - - [10/Jan/2021:11:34:42 +0800] "GET /xingrg/kc/buy/cgsh_order_add.html HTTP/1.1" 200 60861
101.85.52.2 - - [10/Jan/2021:11:34:42 +0800] "POST /xingrg/kc/buy/cgsh_order_operate.html HTTP/1.1" 200 8245
101.85.52.2 - - [10/Jan/2021:11:34:42 +0800] "GET /xingrg/javascript/easyui/themes/default/validatebox.css HTTP/1.1" 404 1104
180.156.237.57 - - [10/Jan/2021:11:34:47 +0800] "GET /xingrg/kc/buy/cgsh_order_operate.html?command=get_materiel&rest_code=00151&code=00101020019&supplier_code=00100266&order_time=2021-01-10 HTTP/1.1" 200 426
222.69.136.245 - - [10/Jan/2021:11:34:48 +0800] "GET /xingrg/kc/buy/cgsh_order_add.html HTTP/1.1" 200 61796
