180.162.108.15 - - [10/Jan/2021:10:25:47 +0800] "POST /xingrg/login.do HTTP/1.1" 302 -
180.162.108.15 - - [10/Jan/2021:10:25:47 +0800] "GET /xingrg/index.html?sysBaseUrl=http%3A%2F%2F180.169.147.146%3A18081%2Fxingrg%2F&costTime=43×tamp=1610245547521 HTTP/1.1" 200 17179
180.162.108.15 - - [10/Jan/2021:10:25:47 +0800] "GET /xingrg/javascript/jquery_easy_ui/themes/icon.css HTTP/1.1" 200 3949
180.162.108.15 - - [10/Jan/2021:10:25:47 +0800] "GET /xingrg/css/form.css HTTP/1.1" 200 893
180.162.108.15 - - [10/Jan/2021:10:25:47 +0800] "GET /xingrg/javascript/jquery_easy_ui/themes/default/easyui.css HTTP/1.1" 200 26500
180.162.108.15 - - [10/Jan/2021:10:25:47 +0800] "GET /xingrg/javascript/jquery-1.4.2.min.js HTTP/1.1" 200 72205
180.162.108.15 - - [10/Jan/2021:10:25:47 +0800] "GET /xingrg/javascript/jquery_easy_ui/easyui-lang-zh_CN.js HTTP/1.1" 200 1900
180.162.108.15 - - [10/Jan/2021:10:25:47 +0800] "GET /xingrg/javascript/jquery_easy_ui/jquery.easyui.min.js HTTP/1.1" 200 213662
180.162.108.15 - - [10/Jan/2021:10:25:47 +0800] "GET /xingrg/javascript/jquery.timers.js HTTP/1.1" 200 3532
180.162.108.15 - - [10/Jan/2021:10:25:47 +0800] "GET /xingrg/javascript/jquery.form.js HTTP/1.1" 200 23110
180.162.108.15 - - [10/Jan/2021:10:25:47 +0800] "GET /xingrg/javascript/jquery.utils.js HTTP/1.1" 200 11805
180.162.108.15 - - [10/Jan/2021:10:25:48 +0800] "GET /favicon.ico HTTP/1.1" 404 -
180.162.108.15 - - [10/Jan/2021:10:25:48 +0800] "GET /xingrg/javascript/jquery_easy_ui/themes/icons/settle_new.png HTTP/1.1" 200 826
180.162.108.15 - - [10/Jan/2021:10:25:48 +0800] "GET /xingrg/images/blue/navBackgound.jpg HTTP/1.1" 200 12378
114.86.226.161 - - [10/Jan/2021:10:25:48 +0800] "GET /xingrg/all/function/internal_message.html?_=1610245581103&CODE_STATE=getMsg HTTP/1.1" 200 27
180.162.108.15 - - [10/Jan/2021:10:25:49 +0800] "POST /xingrg/all/common/load_tree.html?tree=area_rest_tree_json&manage=1 HTTP/1.1" 200 351
180.175.150.119 - - [10/Jan/2021:10:25:49 +0800] "GET /xingrg/all/function/internal_message.html?_=1610245783330&CODE_STATE=getMsg HTTP/1.1" 200 27
116.228.172.94 - - [10/Jan/2021:10:25:49 +0800] "POST /xingrg/kc/buy/cgsh_order_operate.html HTTP/1.1" 200 37
180.162.108.15 - - [10/Jan/2021:10:25:50 +0800] "GET /xingrg/all/function/internal_message.html?_=1610245418827&CODE_STATE=count HTTP/1.1" 200 11
180.162.108.15 - - [10/Jan/2021:10:25:50 +0800] "GET /xingrg/check_reg.html?_=1610245418828 HTTP/1.1" 200 22
180.162.108.15 - - [10/Jan/2021:10:25:50 +0800] "GET /xingrg/images/blue/pingpu.png HTTP/1.1" 200 231
180.162.108.15 - - [10/Jan/2021:10:25:50 +0800] "GET /xingrg/javascript/jquery_easy_ui/themes/default/images/tabs_leftarrow.png HTTP/1.1" 200 389
180.162.108.15 - - [10/Jan/2021:10:25:50 +0800] "GET /xingrg/javascript/jquery_easy_ui/themes/default/images/tabs_rightarrow.png HTTP/1.1" 200 395
180.162.108.15 - - [10/Jan/2021:10:25:50 +0800] "GET /xingrg/javascript/jquery_easy_ui/themes/default/images/panel_tool_collapse.gif HTTP/1.1" 200 246
180.162.108.15 - - [10/Jan/2021:10:25:50 +0800] "POST /xingrg/load_menu.html HTTP/1.1" 200 5138
180.162.108.15 - - [10/Jan/2021:10:25:50 +0800] "GET /xingrg/javascript/jquery_easy_ui/themes/default/images/tree_arrows.gif HTTP/1.1" 200 1043
180.162.108.15 - - [10/Jan/2021:10:25:50 +0800] "GET /xingrg/javascript/jquery_easy_ui/themes/default/images/tree_folder_open.gif HTTP/1.1" 200 956
180.162.108.15 - - [10/Jan/2021:10:25:50 +0800] "GET /xingrg/javascript/jquery_easy_ui/themes/icons/search_new.png HTTP/1.1" 200 586
180.162.108.15 - - [10/Jan/2021:10:25:50 +0800] "GET /xingrg/javascript/jquery_easy_ui/themes/default/images/tree_folder.gif HTTP/1.1" 200 952
180.162.108.15 - - [10/Jan/2021:10:25:50 +0800] "GET /xingrg/javascript/jquery_easy_ui/themes/icons/storage_new.png HTTP/1.1" 200 853
180.162.108.15 - - [10/Jan/2021:10:25:50 +0800] "GET /xingrg/javascript/jquery_easy_ui/themes/icons/forms_new.png HTTP/1.1" 200 350
180.162.108.15 - - [10/Jan/2021:10:25:50 +0800] "GET /xingrg/javascript/jquery_easy_ui/themes/default/images/tree_file.gif HTTP/1.1" 200 118
116.228.172.94 - - [10/Jan/2021:10:25:51 +0800] "POST /xingrg/kc/buy/cgsh_order_operate.html HTTP/1.1" 200 7402
114.86.226.161 - - [10/Jan/2021:10:25:52 +0800] "GET /xingrg/kc/buy/cgsh_order_operate.html?command=get_materiel&rest_code=00109&code=00101006057&supplier_code=00100015&order_time=2021-01-10 HTTP/1.1" 200 413
117.185.32.26 - - [10/Jan/2021:10:25:53 +0800] "GET /xingrg/javascript/auto/indicator.gif HTTP/1.1" 404 1066
172.17.0.123 - - [10/Jan/2021:10:25:53 +0800] "GET /xingrg/all/function/internal_message.html?_=1610245451413&CODE_STATE=getMsg HTTP/1.1" 200 27
61.165.42.208 - - [10/Jan/2021:10:25:56 +0800] "GET /xingrg/kc/buy/cgsh_order_operate.html?command=get_materiel&rest_code=00105&code=00101001141&supplier_code=00100327&order_time=2021-01-10 HTTP/1.1" 200 413
172.17.0.120 - - [10/Jan/2021:10:25:56 +0800] "GET /xingrg/all/function/internal_message.html?_=1610245552634&CODE_STATE=getMsg HTTP/1.1" 200 27
117.185.32.26 - - [10/Jan/2021:10:25:58 +0800] "GET /xingrg/kc/buy/cgsh_order_operate.html?command=get_materiel&rest_code=00106&code=00101011010&supplier_code=00100050&order_time=2021-01-10 HTTP/1.1" 200 418
61.165.42.208 - - [10/Jan/2021:10:25:58 +0800] "GET /xingrg/all/function/internal_message.html?_=1610245554693&CODE_STATE=getMsg HTTP/1.1" 200 27
61.165.42.208 - - [10/Jan/2021:10:25:58 +0800] "GET /xingrg/check_reg.html?_=1610245554696 HTTP/1.1" 200 22
114.86.226.161 - - [10/Jan/2021:10:26:00 +0800] "GET /xingrg/kc/buy/cgsh_order_operate.html?command=get_materiel&rest_code=00109&code=00101006109&supplier_code=00100015&order_time=2021-01-10 HTTP/1.1" 200 409
101.85.93.83 - - [10/Jan/2021:10:26:00 +0800] "GET /xingrg/all/function/internal_message.html?_=1610245224896&CODE_STATE=getMsg HTTP/1.1" 200 27
222.69.133.109 - - [10/Jan/2021:10:26:04 +0800] "GET /xingrg/all/function/internal_message.html?_=1610245561883&CODE_STATE=getMsg HTTP/1.1" 200 27
116.228.172.94 - - [10/Jan/2021:10:26:04 +0800] "GET /xingrg/kc/buy/cgsh_order_add.html HTTP/1.1" 200 61831
114.88.169.67 - - [10/Jan/2021:10:26:04 +0800] "GET /xingrg/all/function/internal_message.html?_=1610245560560&CODE_STATE=getMsg HTTP/1.1" 200 27
116.228.172.94 - - [10/Jan/2021:10:26:05 +0800] "POST /xingrg/kc/buy/cgsh_order_operate.html HTTP/1.1" 200 8245
116.228.172.94 - - [10/Jan/2021:10:26:05 +0800] "GET /xingrg/javascript/easyui/themes/default/validatebox.css HTTP/1.1" 404 1104
117.185.32.26 - - [10/Jan/2021:10:26:07 +0800] "GET /xingrg/all/function/internal_message.html?_=1610245557292&CODE_STATE=getMsg HTTP/1.1" 200 27
117.185.32.26 - - [10/Jan/2021:10:26:07 +0800] "POST /xingrg/kc/buy/cgsh_order_operate.html HTTP/1.1" 200 37
116.228.172.94 - - [10/Jan/2021:10:26:10 +0800] "GET /xingrg/javascript/easyui/themes/default/tree.css HTTP/1.1" 404 1090
116.228.172.94 - - [10/Jan/2021:10:26:10 +0800] "POST /xingrg/all/common/load_tree.html?tree=supplier_tree_json&isDelete=1 HTTP/1.1" 200 54158
117.185.32.26 - - [10/Jan/2021:10:26:10 +0800] "POST /xingrg/kc/buy/cgsh_order_operate.html HTTP/1.1" 200 12
180.162.108.15 - - [10/Jan/2021:10:26:13 +0800] "GET /xingrg/javascript/jquery_easy_ui/themes/default/images/button_plain_hover.png HTTP/1.1" 200 252
117.185.32.26 - - [10/Jan/2021:10:26:14 +0800] "GET /xingrg/kc/buy/cgsh_order_info.html?code=212021011003979 HTTP/1.1" 200 56653
117.185.32.26 - - [10/Jan/2021:10:26:15 +0800] "GET /xingrg/javascript/easyui/themes/default/validatebox.css HTTP/1.1" 404 1104
117.185.32.26 - - [10/Jan/2021:10:26:15 +0800] "POST /xingrg/kc/buy/cgsh_order_operate.html HTTP/1.1" 200 617
61.165.42.208 - - [10/Jan/2021:10:26:15 +0800] "GET /xingrg/all/function/internal_message.html?_=1610245553467&CODE_STATE=getMsg HTTP/1.1" 200 27
117.185.32.26 - - [10/Jan/2021:10:26:17 +0800] "GET /xingrg/kc/print/load_config.html?kc_code=cgsh HTTP/1.1" 200 1845
117.185.32.26 - - [10/Jan/2021:10:26:17 +0800] "GET /xingrg/kc/print/load_data.html?order_code=212021011003979&kc_code=cgsh&condition= HTTP/1.1" 200 764
120.253.135.82 - - [10/Jan/2021:10:26:18 +0800] "GET /xingrg/kc/buy/cgsh_order_list.html HTTP/1.1" 200 46005
120.253.135.82 - - [10/Jan/2021:10:26:19 +0800] "POST /xingrg/kc/buy/cgsh_list_operate.html HTTP/1.1" 200 876
120.253.135.82 - - [10/Jan/2021:10:26:20 +0800] "GET /xingrg/kc/buy/cgsh_order_add.html HTTP/1.1" 200 60759
120.253.135.82 - - [10/Jan/2021:10:26:20 +0800] "POST /xingrg/kc/buy/cgsh_order_operate.html HTTP/1.1" 200 8245
120.253.135.82 - - [10/Jan/2021:10:26:21 +0800] "GET /xingrg/javascript/easyui/themes/default/validatebox.css HTTP/1.1" 404 1104
222.69.133.109 - - [10/Jan/2021:10:26:23 +0800] "GET /xingrg/kc/buy/cgsh_order_operate.html?command=get_materiel&rest_code=00154&code=00101006183&supplier_code=00100176&order_time=2021-01-10 HTTP/1.1" 200 430
120.253.135.82 - - [10/Jan/2021:10:26:24 +0800] "GET /xingrg/all/function/internal_message.html?_=1610245338768&CODE_STATE=getMsg HTTP/1.1" 200 27
117.185.32.26 - - [10/Jan/2021:10:26:26 +0800] "GET /xingrg/kc/buy/cgsh_order_add.html HTTP/1.1" 200 61749
117.185.32.26 - - [10/Jan/2021:10:26:26 +0800] "GET /xingrg/javascript/easyui/themes/default/validatebox.css HTTP/1.1" 404 1104
117.185.32.26 - - [10/Jan/2021:10:26:26 +0800] "POST /xingrg/kc/buy/cgsh_order_operate.html HTTP/1.1" 200 8245
172.17.0.100 - - [10/Jan/2021:10:26:27 +0800] "GET /xingrg/all/function/internal_message.html?_=1610245583756&CODE_STATE=getMsg HTTP/1.1" 200 27
180.162.108.15 - - [10/Jan/2021:10:26:27 +0800] "GET /xingrg/kc/buy/buy_main.html HTTP/1.1" 200 12412
120.253.135.82 - - [10/Jan/2021:10:26:27 +0800] "GET /xingrg/javascript/jquery_tools/images/prev.gif HTTP/1.1" 404 1086
120.253.135.82 - - [10/Jan/2021:10:26:27 +0800] "GET /xingrg/javascript/jquery_tools/images/next.gif HTTP/1.1" 404 1086
180.162.108.15 - - [10/Jan/2021:10:26:27 +0800] "GET /xingrg/javascript/jquery_easy_ui/themes/default/images/tabs_close.gif HTTP/1.1" 200 829
180.162.108.15 - - [10/Jan/2021:10:26:27 +0800] "GET /xingrg/css/new_ie.css HTTP/1.1" 404 1036
180.162.108.15 - - [10/Jan/2021:10:26:27 +0800] "GET /xingrg/javascript/pic_change.js HTTP/1.1" 200 4739
180.162.108.15 - - [10/Jan/2021:10:26:28 +0800] "GET /xingrg/javascript/ToolTips.js HTTP/1.1" 200 5615
180.162.108.15 - - [10/Jan/2021:10:26:28 +0800] "GET /xingrg/css/blue.css HTTP/1.1" 200 15949
180.162.108.15 - - [10/Jan/2021:10:26:28 +0800] "GET /xingrg/javascript/jquery_ui/themes/humanity/humanity.css HTTP/1.1" 200 27801
180.162.108.15 - - [10/Jan/2021:10:26:28 +0800] "GET /xingrg/javascript/jquery_ui/jquery-ui.min.js HTTP/1.1" 200 186181
180.162.108.15 - - [10/Jan/2021:10:26:28 +0800] "GET /xingrg/javascript/myfunction.js HTTP/1.1" 200 24559
180.162.108.15 - - [10/Jan/2021:10:26:28 +0800] "GET /xingrg/images/blue/button/cgxqd.gif HTTP/1.1" 200 2619
180.162.108.15 - - [10/Jan/2021:10:26:28 +0800] "GET /xingrg/images/blue/button/cgydd.gif HTTP/1.1" 200 2712
180.162.108.15 - - [10/Jan/2021:10:26:28 +0800] "GET /xingrg/images/blue/button/cgfkd.gif HTTP/1.1" 200 2075
180.162.108.15 - - [10/Jan/2021:10:26:28 +0800] "GET /xingrg/images/blue/button/kc.gif HTTP/1.1" 200 2160
180.162.108.15 - - [10/Jan/2021:10:26:28 +0800] "GET /xingrg/images/blue/button/ckthd.gif HTTP/1.1" 200 2045
180.162.108.15 - - [10/Jan/2021:10:26:28 +0800] "GET /xingrg/images/blue/pic_form2.gif HTTP/1.1" 200 1853
180.162.108.15 - - [10/Jan/2021:10:26:28 +0800] "GET /xingrg/images/blue/button/cgshd.gif HTTP/1.1" 200 2618
114.86.226.161 - - [10/Jan/2021:10:26:28 +0800] "POST /xingrg/kc/buy/cgsh_order_operate.html HTTP/1.1" 200 37
180.162.108.15 - - [10/Jan/2021:10:26:28 +0800] "GET /xingrg/javascript/jquery_ui/themes/humanity/images/ui-bg_inset-soft_100_f4f0ec_1x100.png HTTP/1.1" 200 141
180.162.108.15 - - [10/Jan/2021:10:26:28 +0800] "GET /xingrg/images/blue/bg_dotted.jpg HTTP/1.1" 200 319
180.162.108.15 - - [10/Jan/2021:10:26:28 +0800] "GET /xingrg/images/blue/button/right_ah.jpg HTTP/1.1" 200 1744
180.162.108.15 - - [10/Jan/2021:10:26:28 +0800] "GET /xingrg/images/blue/button/down_ah.jpg HTTP/1.1" 200 1732
180.162.108.15 - - [10/Jan/2021:10:26:28 +0800] "GET /xingrg/javascript/jquery_ui/themes/humanity/images/ui-iconsnew.jpg HTTP/1.1" 200 337
180.162.108.15 - - [10/Jan/2021:10:26:28 +0800] "GET /xingrg/javascript/jquery_ui/themes/humanity/images/ui-icons_c47a23_256x240.png HTTP/1.1" 200 5355
180.162.108.15 - - [10/Jan/2021:10:26:28 +0800] "GET /xingrg/javascript/jquery_ui/themes/humanity/images/ui-icons_ffffff_256x240.png HTTP/1.1" 200 4369
180.162.108.15 - - [10/Jan/2021:10:26:28 +0800] "GET /xingrg/javascript/jquery_ui/themes/humanity/images/ui-bg_glass_70_ede4d4_1x400.png HTTP/1.1" 200 161
180.162.108.15 - - [10/Jan/2021:10:26:28 +0800] "GET /xingrg/images/yd/bt.gif HTTP/1.1" 404 1040
180.162.108.15 - - [10/Jan/2021:10:26:29 +0800] "GET /xingrg/css/base.css HTTP/1.1" 200 2811
180.162.108.15 - - [10/Jan/2021:10:26:29 +0800] "GET /xingrg/css/site.css HTTP/1.1" 200 7541
180.162.108.15 - - [10/Jan/2021:10:26:29 +0800] "GET /xingrg/javascript/jquery_tools/datebox.css HTTP/1.1" 200 2597
180.162.108.15 - - [10/Jan/2021:10:26:29 +0800] "GET /xingrg/javascript/easyui/themes/icon.css HTTP/1.1" 200 4483
180.162.108.15 - - [10/Jan/2021:10:26:29 +0800] "GET /xingrg/javascript/auto/jquery.autocomplete.css HTTP/1.1" 200 587
180.162.108.15 - - [10/Jan/2021:10:26:29 +0800] "GET /xingrg/javascript/jquery_tools/fix.css HTTP/1.1" 200 1702
180.162.108.15 - - [10/Jan/2021:10:26:29 +0800] "GET /xingrg/javascript/jquery_tools/table.css HTTP/1.1" 200 1032
180.162.108.15 - - [10/Jan/2021:10:26:29 +0800] "GET /xingrg/javascript/easyui/themes/default/easyui.css HTTP/1.1" 200 30432
180.162.108.15 - - [10/Jan/2021:10:26:29 +0800] "GET /xingrg/kc/buy/cgsh_order_list.html HTTP/1.1" 200 46011
180.162.108.15 - - [10/Jan/2021:10:26:29 +0800] "GET /xingrg/javascript/jquery_tools/jquery.tools.min.js HTTP/1.1" 200 138801
180.162.108.15 - - [10/Jan/2021:10:26:29 +0800] "GET /xingrg/javascript/jquery_tools/jquery.tools.hotkey.js HTTP/1.1" 200 3242
180.162.108.15 - - [10/Jan/2021:10:26:29 +0800] "GET /xingrg/javascript/jquery_tools/jquery.tools.extend.js HTTP/1.1" 200 15385
180.162.108.15 - - [10/Jan/2021:10:26:29 +0800] "GET /xingrg/javascript/jquery_tools/jquery.tools.table.js HTTP/1.1" 200 6994
180.162.108.15 - - [10/Jan/2021:10:26:29 +0800] "GET /xingrg/javascript/print/LodopFuncs.js HTTP/1.1" 200 5121
180.162.108.15 - - [10/Jan/2021:10:26:29 +0800] "GET /xingrg/javascript/jquery.cookie.js HTTP/1.1" 200 5513
180.162.108.15 - - [10/Jan/2021:10:26:29 +0800] "GET /xingrg/javascript/easyui/easyloader.js HTTP/1.1" 200 5975
180.162.108.15 - - [10/Jan/2021:10:26:29 +0800] "GET /xingrg/javascript/jquery_tools/list_manager.js HTTP/1.1" 200 3652
180.162.108.15 - - [10/Jan/2021:10:26:29 +0800] "GET /xingrg/javascript/auto/jquery.autocomplete.js HTTP/1.1" 200 21624
116.228.172.94 - - [10/Jan/2021:10:26:29 +0800] "GET /xingrg/all/function/internal_message.html?_=1610245585535&CODE_STATE=getMsg HTTP/1.1" 200 27
114.86.226.161 - - [10/Jan/2021:10:26:29 +0800] "POST /xingrg/kc/buy/cgsh_order_operate.html HTTP/1.1" 200 9187
180.162.108.15 - - [10/Jan/2021:10:26:29 +0800] "GET /xingrg/javascript/easyui/themes/icons/check_new.png HTTP/1.1" 200 3224
180.162.108.15 - - [10/Jan/2021:10:26:29 +0800] "GET /xingrg/javascript/easyui/themes/icons/edit_add_new.png HTTP/1.1" 200 2997
180.162.108.15 - - [10/Jan/2021:10:26:29 +0800] "GET /xingrg/javascript/easyui/themes/icons/cance_new.png HTTP/1.1" 200 3986
180.162.108.15 - - [10/Jan/2021:10:26:29 +0800] "GET /xingrg/javascript/easyui/themes/icons/import_new.png HTTP/1.1" 200 1247
180.162.108.15 - - [10/Jan/2021:10:26:29 +0800] "GET /xingrg/javascript/easyui/themes/icons/field_new.png HTTP/1.1" 200 1097
180.162.108.15 - - [10/Jan/2021:10:26:29 +0800] "GET /xingrg/javascript/easyui/plugins/jquery.parser.js HTTP/1.1" 200 1142
180.162.108.15 - - [10/Jan/2021:10:26:29 +0800] "GET /xingrg/images/control/ajaxLoader.gif HTTP/1.1" 200 4659
120.253.135.82 - - [10/Jan/2021:10:26:30 +0800] "POST /xingrg/all/common/load_combo.html?type=employee HTTP/1.1" 200 2101
180.162.108.15 - - [10/Jan/2021:10:26:30 +0800] "POST /xingrg/kc/buy/cgsh_list_operate.html HTTP/1.1" 200 876
117.185.32.26 - - [10/Jan/2021:10:26:30 +0800] "GET /xingrg/javascript/easyui/themes/default/tree.css HTTP/1.1" 404 1090
117.185.32.26 - - [10/Jan/2021:10:26:30 +0800] "POST /xingrg/all/common/load_tree.html?tree=supplier_tree_json&isDelete=1 HTTP/1.1" 200 54158
114.86.226.161 - - [10/Jan/2021:10:26:31 +0800] "GET /xingrg/kc/print/load_config.html?kc_code=cgsh HTTP/1.1" 200 1845
114.86.226.161 - - [10/Jan/2021:10:26:31 +0800] "GET /xingrg/kc/print/load_data.html?order_code=212021011003980&kc_code=cgsh&condition= HTTP/1.1" 200 3236
172.17.200.101 - - [10/Jan/2021:10:26:32 +0800] "GET /xingrg/all/function/internal_message.html?_=1610245588066&CODE_STATE=getMsg HTTP/1.1" 200 27
222.69.136.245 - - [10/Jan/2021:10:26:32 +0800] "GET /xingrg/all/function/internal_message.html?_=1610245588227&CODE_STATE=getMsg HTTP/1.1" 200 27
180.162.108.15 - - [10/Jan/2021:10:26:36 +0800] "GET /xingrg/javascript/easyui/themes/default/images/button_plain_hover.png HTTP/1.1" 200 144
180.162.108.15 - - [10/Jan/2021:10:26:36 +0800] "GET /xingrg/kc/buy/cgsh_order_add.html HTTP/1.1" 200 60823
180.162.108.15 - - [10/Jan/2021:10:26:36 +0800] "GET /xingrg/javascript/convert.js HTTP/1.1" 200 1239
180.162.108.15 - - [10/Jan/2021:10:26:36 +0800] "GET /xingrg/javascript/jquery_tools/order_manager.js HTTP/1.1" 200 11183
180.162.108.15 - - [10/Jan/2021:10:26:36 +0800] "GET /xingrg/javascript/json2.js HTTP/1.1" 200 11259
180.162.108.15 - - [10/Jan/2021:10:26:36 +0800] "GET /xingrg/javascript/print/kc_print.js HTTP/1.1" 200 11415
180.162.108.15 - - [10/Jan/2021:10:26:36 +0800] "GET /xingrg/words/20210109170614_words.js HTTP/1.1" 200 787419
180.162.108.15 - - [10/Jan/2021:10:26:36 +0800] "GET /xingrg/javascript/easyui/themes/default/images/menu_downarrow.png HTTP/1.1" 200 173
180.162.108.15 - - [10/Jan/2021:10:26:36 +0800] "GET /xingrg/javascript/easyui/themes/icons/print.png HTTP/1.1" 200 1057
180.162.108.15 - - [10/Jan/2021:10:26:36 +0800] "GET /xingrg/javascript/easyui/themes/icons/ok.png HTTP/1.1" 200 883
180.162.108.15 - - [10/Jan/2021:10:26:36 +0800] "GET /xingrg/javascript/easyui/themes/icons/template_new.png HTTP/1.1" 200 3956
180.162.108.15 - - [10/Jan/2021:10:26:36 +0800] "GET /xingrg/javascript/easyui/themes/icons/copy_new.png HTTP/1.1" 200 815
180.162.108.15 - - [10/Jan/2021:10:26:36 +0800] "GET /xingrg/javascript/easyui/themes/icons/cancel.png HTTP/1.1" 200 1133
180.162.108.15 - - [10/Jan/2021:10:26:37 +0800] "POST /xingrg/kc/buy/cgsh_order_operate.html HTTP/1.1" 200 8245
180.162.108.15 - - [10/Jan/2021:10:26:37 +0800] "GET /xingrg/all/common/auto_word.html?type=employee&rest_code=00143 HTTP/1.1" 200 55
180.162.108.15 - - [10/Jan/2021:10:26:37 +0800] "GET /xingrg/javascript/easyui/themes/default/validatebox.css HTTP/1.1" 404 1104
180.162.108.15 - - [10/Jan/2021:10:26:37 +0800] "GET /xingrg/all/common/auto_word.html?type=employee&rest_code=00143 HTTP/1.1" 200 55
180.162.108.15 - - [10/Jan/2021:10:26:37 +0800] "GET /xingrg/javascript/easyui/plugins/jquery.validatebox.js HTTP/1.1" 200 6103
180.162.108.15 - - [10/Jan/2021:10:26:37 +0800] "GET /xingrg/javascript/easyui/plugins/jquery.numberbox.js HTTP/1.1" 200 5213
180.162.108.15 - - [10/Jan/2021:10:26:37 +0800] "GET /xingrg/javascript/easyui/themes/icons/edit_remove.png HTTP/1.1" 200 625
180.162.108.15 - - [10/Jan/2021:10:26:38 +0800] "GET /xingrg/javascript/easyui/plugins/jquery.draggable.js HTTP/1.1" 200 6121
180.162.108.15 - - [10/Jan/2021:10:26:38 +0800] "GET /xingrg/css/images/panel_loading.gif HTTP/1.1" 200 1737
180.162.108.15 - - [10/Jan/2021:10:26:38 +0800] "GET /xingrg/javascript/easyui/plugins/jquery.droppable.js HTTP/1.1" 200 1167
180.162.108.15 - - [10/Jan/2021:10:26:38 +0800] "GET /xingrg/javascript/easyui/themes/default/tree.css HTTP/1.1" 404 1090
180.162.108.15 - - [10/Jan/2021:10:26:38 +0800] "GET /xingrg/javascript/easyui/plugins/jquery.tree.js HTTP/1.1" 200 20874
180.162.108.15 - - [10/Jan/2021:10:26:38 +0800] "POST /xingrg/all/common/load_tree.html?tree=supplier_tree_json&isDelete=1 HTTP/1.1" 200 54158
222.69.133.109 - - [10/Jan/2021:10:26:39 +0800] "POST /xingrg/kc/buy/cgsh_order_operate.html HTTP/1.1" 200 37
180.162.108.15 - - [10/Jan/2021:10:26:39 +0800] "GET /xingrg/javascript/easyui/themes/default/images/tree_arrows.gif HTTP/1.1" 200 617
180.162.108.15 - - [10/Jan/2021:10:26:39 +0800] "GET /xingrg/javascript/easyui/themes/default/images/tree_folder_open.gif HTTP/1.1" 200 956
180.162.108.15 - - [10/Jan/2021:10:26:39 +0800] "GET /xingrg/javascript/easyui/themes/default/images/tree_file.gif HTTP/1.1" 200 118
180.162.108.15 - - [10/Jan/2021:10:26:39 +0800] "GET /xingrg/javascript/easyui/themes/default/images/tree_folder.gif HTTP/1.1" 200 952
222.69.133.109 - - [10/Jan/2021:10:26:42 +0800] "POST /xingrg/kc/buy/cgsh_order_operate.html HTTP/1.1" 200 12
120.253.135.82 - - [10/Jan/2021:10:26:42 +0800] "GET /xingrg/kc/buy/cgsh_order_operate.html?command=get_materiel&rest_code=00101&code=00101019373&supplier_code=00100148&order_time=2021-01-10 HTTP/1.1" 200 452
180.161.116.123 - - [10/Jan/2021:10:26:42 +0800] "GET /xingrg/all/function/internal_message.html?_=1610245598569&CODE_STATE=getMsg HTTP/1.1" 302 -
222.69.133.109 - - [10/Jan/2021:10:26:42 +0800] "GET /xingrg/kc/buy/cgsh_order_info.html?code=212021011003981 HTTP/1.1" 200 55770
222.69.133.109 - - [10/Jan/2021:10:26:43 +0800] "GET /xingrg/javascript/easyui/themes/default/validatebox.css HTTP/1.1" 404 1104
222.69.133.109 - - [10/Jan/2021:10:26:43 +0800] "POST /xingrg/kc/buy/cgsh_order_operate.html HTTP/1.1" 200 1191
120.253.135.82 - - [10/Jan/2021:10:26:44 +0800] "POST /xingrg/all/common/load_select.html HTTP/1.1" 200 25
117.185.32.26 - - [10/Jan/2021:10:26:45 +0800] "GET /favicon.ico HTTP/1.1" 404 -
180.156.237.57 - - [10/Jan/2021:10:26:45 +0800] "GET /xingrg/all/function/internal_message.html?_=1610245602900&CODE_STATE=getMsg HTTP/1.1" 200 27
222.69.133.109 - - [10/Jan/2021:10:26:46 +0800] "GET /xingrg/kc/print/load_data.html?order_code=212021011003981&kc_code=cgsh&condition= HTTP/1.1" 200 940
114.86.226.161 - - [10/Jan/2021:10:26:47 +0800] "GET /xingrg/kc/buy/cgsh_order_add.html HTTP/1.1" 200 61790
114.86.226.161 - - [10/Jan/2021:10:26:47 +0800] "GET /xingrg/all/function/internal_message.html?_=1610245641123&CODE_STATE=getMsg HTTP/1.1" 200 27
114.86.226.161 - - [10/Jan/2021:10:26:47 +0800] "POST /xingrg/kc/buy/cgsh_order_operate.html HTTP/1.1" 200 8245
114.86.226.161 - - [10/Jan/2021:10:26:47 +0800] "GET /xingrg/all/common/auto_word.html?type=employee&rest_code=00109 HTTP/1.1" 200 205
114.86.226.161 - - [10/Jan/2021:10:26:47 +0800] "GET /xingrg/all/common/auto_word.html?type=employee&rest_code=00109 HTTP/1.1" 200 205
114.86.226.161 - - [10/Jan/2021:10:26:47 +0800] "GET /xingrg/javascript/easyui/themes/default/validatebox.css HTTP/1.1" 404 1104
117.185.32.26 - - [10/Jan/2021:10:26:47 +0800] "GET /xingrg/kc/buy/cgsh_order_operate.html?command=get_materiel&rest_code=00106&code=00101008146&supplier_code=00100009&order_time=2021-01-10 HTTP/1.1" 200 416
180.175.150.119 - - [10/Jan/2021:10:26:48 +0800] "GET /xingrg/login.html HTTP/1.1" 200 7641
120.253.135.82 - - [10/Jan/2021:10:26:48 +0800] "GET /xingrg/kc/buy/cgsh_order_operate.html?command=get_materiel_price&rest_code=00101&code=00101019373&unit_code=00100157&supplier_code=00100148&order_time=2021-01-10 HTTP/1.1" 200 29
180.175.150.119 - - [10/Jan/2021:10:26:48 +0800] "GET /favicon.ico HTTP/1.1" 404 -
180.175.150.119 - - [10/Jan/2021:10:26:49 +0800] "GET /xingrg/all/function/internal_message.html?_=1610245843335&CODE_STATE=getMsg HTTP/1.1" 200 27
180.162.108.15 - - [10/Jan/2021:10:26:50 +0800] "GET /xingrg/all/function/internal_message.html?_=1610245478840&CODE_STATE=getMsg HTTP/1.1" 200 27
180.175.150.119 - - [10/Jan/2021:10:26:50 +0800] "POST /xingrg/login.do HTTP/1.1" 302 -
180.156.237.57 - - [10/Jan/2021:10:26:50 +0800] "GET /xingrg/kc/buy/cgsh_order_list.html HTTP/1.1" 200 46009
180.175.150.119 - - [10/Jan/2021:10:26:50 +0800] "GET /xingrg/index.html?sysBaseUrl=http%3A%2F%2F180.169.147.146%3A18081%2Fxingrg%2F&costTime=42×tamp=1610245610803 HTTP/1.1" 200 17173
180.175.150.119 - - [10/Jan/2021:10:26:50 +0800] "GET /xingrg/javascript/jquery_easy_ui/themes/default/easyui.css HTTP/1.1" 304 -
180.175.150.119 - - [10/Jan/2021:10:26:50 +0800] "GET /xingrg/css/form.css HTTP/1.1" 304 -
180.175.150.119 - - [10/Jan/2021:10:26:50 +0800] "GET /xingrg/javascript/jquery_easy_ui/themes/icon.css HTTP/1.1" 304 -
180.175.150.119 - - [10/Jan/2021:10:26:50 +0800] "GET /xingrg/javascript/jquery_easy_ui/jquery.easyui.min.js HTTP/1.1" 304 -
180.175.150.119 - - [10/Jan/2021:10:26:50 +0800] "GET /xingrg/javascript/jquery-1.4.2.min.js HTTP/1.1" 304 -
180.175.150.119 - - [10/Jan/2021:10:26:50 +0800] "GET /xingrg/javascript/jquery_easy_ui/easyui-lang-zh_CN.js HTTP/1.1" 304 -
180.175.150.119 - - [10/Jan/2021:10:26:50 +0800] "GET /xingrg/javascript/jquery.utils.js HTTP/1.1" 304 -
180.175.150.119 - - [10/Jan/2021:10:26:50 +0800] "GET /xingrg/javascript/jquery.form.js HTTP/1.1" 304 -
180.175.150.119 - - [10/Jan/2021:10:26:50 +0800] "GET /xingrg/javascript/jquery.timers.js HTTP/1.1" 304 -
180.175.150.119 - - [10/Jan/2021:10:26:51 +0800] "GET /favicon.ico HTTP/1.1" 404 -
180.175.150.119 - - [10/Jan/2021:10:26:51 +0800] "POST /xingrg/all/common/load_tree.html?tree=area_rest_tree_json&manage=1 HTTP/1.1" 200 342
180.175.150.119 - - [10/Jan/2021:10:26:51 +0800] "GET /xingrg/all/function/internal_message.html?_=1610245609145&CODE_STATE=count HTTP/1.1" 200 11
180.175.150.119 - - [10/Jan/2021:10:26:51 +0800] "GET /xingrg/check_reg.html?_=1610245609147 HTTP/1.1" 200 22
180.175.150.119 - - [10/Jan/2021:10:26:51 +0800] "POST /xingrg/load_menu.html HTTP/1.1" 200 5138
222.70.174.6 - - [10/Jan/2021:10:26:51 +0800] "GET /xingrg/check_reg.html?_=1610245620169 HTTP/1.1" 200 22
180.156.237.57 - - [10/Jan/2021:10:26:52 +0800] "POST /xingrg/kc/buy/cgsh_list_operate.html HTTP/1.1" 200 1688
180.175.150.119 - - [10/Jan/2021:10:26:52 +0800] "GET /xingrg/kc/mdqp/qqps_order_list.html HTTP/1.1" 200 9222
180.175.150.119 - - [10/Jan/2021:10:26:52 +0800] "GET /xingrg/css/blue.css HTTP/1.1" 304 -
180.175.150.119 - - [10/Jan/2021:10:26:52 +0800] "GET /xingrg/javascript/pic_change.js HTTP/1.1" 304 -
180.175.150.119 - - [10/Jan/2021:10:26:52 +0800] "GET /xingrg/dwr/interface/AjaxReportQueryService.js HTTP/1.1" 200 13203
180.175.150.119 - - [10/Jan/2021:10:26:52 +0800] "GET /xingrg/dwr/interface/AjaxQqpsService.js HTTP/1.1" 200 16326
180.175.150.119 - - [10/Jan/2021:10:26:52 +0800] "GET /xingrg/dwr/engine.js HTTP/1.1" 200 43631
180.175.150.119 - - [10/Jan/2021:10:26:52 +0800] "GET /xingrg/dwr/util.js HTTP/1.1" 304 -
180.175.150.119 - - [10/Jan/2021:10:26:52 +0800] "GET /xingrg/javascript/Calendar.js HTTP/1.1" 304 -
180.175.150.119 - - [10/Jan/2021:10:26:52 +0800] "GET /xingrg/javascript/myfunction.js HTTP/1.1" 304 -
180.175.150.119 - - [10/Jan/2021:10:26:52 +0800] "GET /xingrg/javascript/ToolTips.js HTTP/1.1" 304 -
172.17.0.123 - - [10/Jan/2021:10:26:53 +0800] "GET /xingrg/all/function/internal_message.html?_=1610245511416&CODE_STATE=getMsg HTTP/1.1" 200 27
180.156.237.57 - - [10/Jan/2021:10:26:53 +0800] "POST /xingrg/kc/buy/cgsh_list_operate.html HTTP/1.1" 200 553
180.175.150.119 - - [10/Jan/2021:10:26:53 +0800] "GET /xingrg/javascript/auto/jquery.autocomplete.css HTTP/1.1" 304 -
180.175.150.119 - - [10/Jan/2021:10:26:53 +0800] "GET /xingrg/kc/mdqp/qqps_order_add.html HTTP/1.1" 200 28069
180.175.150.119 - - [10/Jan/2021:10:26:53 +0800] "GET /xingrg/javascript/auto/jquery.autocomplete.js HTTP/1.1" 304 -
180.175.150.119 - - [10/Jan/2021:10:26:53 +0800] "GET /xingrg/javascript/tools/jquery.qtip-1.0.0-rc3.min.js HTTP/1.1" 304 -
180.175.150.119 - - [10/Jan/2021:10:26:53 +0800] "GET /xingrg/dwr/interface/AjaxComOrderService.js HTTP/1.1" 200 18264
180.175.150.119 - - [10/Jan/2021:10:26:53 +0800] "GET /xingrg/dwr/interface/AjaxQqpsService.js HTTP/1.1" 200 16326
180.175.150.119 - - [10/Jan/2021:10:26:53 +0800] "GET /xingrg/javascript/AjaxInfoList.js HTTP/1.1" 304 -
180.175.150.119 - - [10/Jan/2021:10:26:53 +0800] "GET /xingrg/dwr/engine.js HTTP/1.1" 200 43631
180.175.150.119 - - [10/Jan/2021:10:26:54 +0800] "GET /xingrg/javascript/Grid.js HTTP/1.1" 304 -
180.175.150.119 - - [10/Jan/2021:10:26:54 +0800] "GET /xingrg/javascript/print/kc_print.js HTTP/1.1" 304 -
180.175.150.119 - - [10/Jan/2021:10:26:54 +0800] "GET /xingrg/javascript/print/LodopFuncs.js HTTP/1.1" 304 -
180.175.150.119 - - [10/Jan/2021:10:26:54 +0800] "GET /xingrg/words/20210109170614_words.js HTTP/1.1" 304 -
180.175.150.119 - - [10/Jan/2021:10:26:54 +0800] "GET /xingrg/javascript/jquery_easy_ui/themes/icons/print.png HTTP/1.1" 304 -
180.175.150.119 - - [10/Jan/2021:10:26:54 +0800] "GET /xingrg/javascript/jquery_easy_ui/themes/default/images/menu_downarrow.png HTTP/1.1" 304 -
180.175.150.119 - - [10/Jan/2021:10:26:54 +0800] "GET /xingrg/javascript/jquery_easy_ui/themes/icons/back_new.png HTTP/1.1" 304 -
180.156.237.57 - - [10/Jan/2021:10:26:54 +0800] "GET /xingrg/kc/buy/cgsh_order_info.html?code=212021011003951 HTTP/1.1" 200 61393
180.156.237.57 - - [10/Jan/2021:10:26:55 +0800] "GET /xingrg/javascript/easyui/themes/default/validatebox.css HTTP/1.1" 404 1104
180.156.237.57 - - [10/Jan/2021:10:26:55 +0800] "POST /xingrg/kc/buy/cgsh_order_operate.html HTTP/1.1" 200 25977
172.17.0.120 - - [10/Jan/2021:10:26:56 +0800] "GET /xingrg/all/function/internal_message.html?_=1610245612638&CODE_STATE=getMsg HTTP/1.1" 200 27
117.185.32.26 - - [10/Jan/2021:10:26:58 +0800] "POST /xingrg/kc/buy/cgsh_order_operate.html HTTP/1.1" 200 37
61.165.42.208 - - [10/Jan/2021:10:26:58 +0800] "GET /xingrg/all/function/internal_message.html?_=1610245614706&CODE_STATE=getMsg HTTP/1.1" 200 27
116.228.172.94 - - [10/Jan/2021:10:26:58 +0800] "GET /xingrg/kc/buy/cgsh_order_operate.html?command=get_materiel&rest_code=00107&code=00101001140&supplier_code=00100090&order_time=2021-01-10 HTTP/1.1" 200 415
117.185.32.26 - - [10/Jan/2021:10:27:00 +0800] "POST /xingrg/kc/buy/cgsh_order_operate.html HTTP/1.1" 200 12
117.184.7.26 - - [10/Jan/2021:10:27:00 +0800] "POST /xingrg/services/DataTransmitService HTTP/1.1" 401 565
101.85.93.83 - - [10/Jan/2021:10:27:00 +0800] "GET /xingrg/all/function/internal_message.html?_=1610245284896&CODE_STATE=getMsg HTTP/1.1" 200 27
117.184.7.26 - - [10/Jan/2021:10:27:00 +0800] "POST /xingrg/services/DataTransmitService HTTP/1.1" 200 478
117.184.7.26 - - [10/Jan/2021:10:27:00 +0800] "POST /xingrg/services/DataTransmitService HTTP/1.1" 200 1320
114.88.169.67 - - [10/Jan/2021:10:27:00 +0800] "GET /xingrg/check_reg.html?_=1610245616364 HTTP/1.1" 200 22
117.184.7.26 - - [10/Jan/2021:10:27:00 +0800] "POST /xingrg/services/DataTransmitService HTTP/1.1" 200 478
117.184.7.26 - - [10/Jan/2021:10:27:00 +0800] "POST /xingrg/services/DataTransmitService HTTP/1.1" 200 1320
117.184.7.26 - - [10/Jan/2021:10:27:00 +0800] "POST /xingrg/services/DataTransmitService HTTP/1.1" 200 524
117.185.32.26 - - [10/Jan/2021:10:27:01 +0800] "GET /xingrg/kc/buy/cgsh_order_info.html?code=212021011003982 HTTP/1.1" 200 56657
117.184.7.26 - - [10/Jan/2021:10:27:01 +0800] "POST /xingrg/services/DataTransmitService HTTP/1.1" 200 2095
117.185.32.26 - - [10/Jan/2021:10:27:01 +0800] "GET /xingrg/javascript/easyui/themes/default/validatebox.css HTTP/1.1" 404 1104
117.184.7.26 - - [10/Jan/2021:10:27:01 +0800] "POST /xingrg/services/DataTransmitService HTTP/1.1" 200 158615
117.185.32.26 - - [10/Jan/2021:10:27:02 +0800] "POST /xingrg/kc/buy/cgsh_order_operate.html HTTP/1.1" 200 610
172.17.0.108 - - [10/Jan/2021:10:27:03 +0800] "GET /xingrg/check_reg.html?_=1610245618878 HTTP/1.1" 302 -
117.185.32.26 - - [10/Jan/2021:10:27:04 +0800] "GET /xingrg/kc/print/load_data.html?order_code=212021011003982&kc_code=cgsh&condition= HTTP/1.1" 200 775
222.69.133.109 - - [10/Jan/2021:10:27:04 +0800] "GET /xingrg/all/function/internal_message.html?_=1610245621869&CODE_STATE=getMsg HTTP/1.1" 200 27
114.88.169.67 - - [10/Jan/2021:10:27:04 +0800] "GET /xingrg/all/function/internal_message.html?_=1610245620579&CODE_STATE=getMsg HTTP/1.1" 200 27
180.162.108.15 - - [10/Jan/2021:10:27:07 +0800] "GET /xingrg/javascript/auto/indicator.gif HTTP/1.1" 404 1066
117.185.32.26 - - [10/Jan/2021:10:27:07 +0800] "GET /xingrg/all/function/internal_message.html?_=1610245617314&CODE_STATE=getMsg HTTP/1.1" 200 27
180.175.150.119 - - [10/Jan/2021:10:27:07 +0800] "POST /xingrg/dwr/call/plaincall/AjaxQqpsService.saveOrder.dwr HTTP/1.1" 200 78
180.175.150.119 - - [10/Jan/2021:10:27:08 +0800] "GET /xingrg/javascript/auto/indicator.gif HTTP/1.1" 404 1066
117.185.32.26 - - [10/Jan/2021:10:27:10 +0800] "GET /xingrg/kc/print/load_data.html?order_code=212021011003982&kc_code=cgsh HTTP/1.1" 200 775
172.16.0.171 - - [10/Jan/2021:10:27:12 +0800] "GET /favicon.ico HTTP/1.1" 404 -
61.165.42.208 - - [10/Jan/2021:10:27:13 +0800] "GET /xingrg/kc/buy/cgsh_order_operate.html?command=get_materiel&rest_code=00105&code=00101010628&supplier_code=00100327&order_time=2021-01-10 HTTP/1.1" 200 412
61.165.42.208 - - [10/Jan/2021:10:27:15 +0800] "GET /xingrg/check_reg.html?_=1610245613465 HTTP/1.1" 200 22
61.165.42.208 - - [10/Jan/2021:10:27:15 +0800] "GET /xingrg/all/function/internal_message.html?_=1610245613466&CODE_STATE=getMsg HTTP/1.1" 200 27
180.162.108.15 - - [10/Jan/2021:10:27:15 +0800] "GET /xingrg/kc/buy/cgsh_order_operate.html?command=get_materiel&rest_code=00143&code=00101010161&supplier_code=00100207&order_time=2021-01-10 HTTP/1.1" 200 408
116.228.172.94 - - [10/Jan/2021:10:27:16 +0800] "GET /xingrg/kc/buy/cgsh_order_operate.html?command=get_materiel&rest_code=00107&code=00101001169&supplier_code=00100090&order_time=2021-01-10 HTTP/1.1" 200 415
120.253.135.82 - - [10/Jan/2021:10:27:21 +0800] "POST /xingrg/kc/buy/cgsh_order_operate.html HTTP/1.1" 200 37
61.165.42.208 - - [10/Jan/2021:10:27:22 +0800] "GET /xingrg/kc/buy/cgsh_order_operate.html?command=get_materiel&rest_code=00105&code=00101008394&supplier_code=00100327&order_time=2021-01-10 HTTP/1.1" 200 413
120.253.135.82 - - [10/Jan/2021:10:27:23 +0800] "POST /xingrg/kc/buy/cgsh_order_operate.html HTTP/1.1" 200 2695
120.253.135.82 - - [10/Jan/2021:10:27:24 +0800] "GET /xingrg/all/function/internal_message.html?_=1610245398783&CODE_STATE=getMsg HTTP/1.1" 200 27
180.175.150.119 - - [10/Jan/2021:10:27:24 +0800] "POST /xingrg/dwr/call/plaincall/AjaxQqpsService.getMaterielByCode.dwr HTTP/1.1" 200 2534
117.184.7.26 - - [10/Jan/2021:10:27:24 +0800] "POST /xingrg/services/DataTransmitService HTTP/1.1" 200 45454
117.184.7.26 - - [10/Jan/2021:10:27:24 +0800] "POST /xingrg/services/DataTransmitService HTTP/1.1" 200 19237
114.86.226.161 - - [10/Jan/2021:10:27:26 +0800] "GET /xingrg/kc/buy/cgsh_order_operate.html?command=get_materiel&rest_code=00109&code=00101007076&supplier_code=00100004&order_time=2021-01-10 HTTP/1.1" 200 408
172.17.0.100 - - [10/Jan/2021:10:27:27 +0800] "GET /xingrg/all/function/internal_message.html?_=1610245643753&CODE_STATE=getMsg HTTP/1.1" 200 27
61.165.42.208 - - [10/Jan/2021:10:27:29 +0800] "POST /xingrg/kc/buy/cgsh_order_operate.html HTTP/1.1" 200 37
172.17.0.100 - - [10/Jan/2021:10:27:29 +0800] "POST /xingrg/load_menu.html HTTP/1.1" 200 9445
116.228.172.94 - - [10/Jan/2021:10:27:29 +0800] "GET /xingrg/all/function/internal_message.html?_=1610245645520&CODE_STATE=getMsg HTTP/1.1" 200 27
61.165.42.208 - - [10/Jan/2021:10:27:30 +0800] "POST /xingrg/kc/buy/cgsh_order_operate.html HTTP/1.1" 200 3857
180.175.150.119 - - [10/Jan/2021:10:27:30 +0800] "POST /xingrg/dwr/call/plaincall/AjaxQqpsService.saveMaterielItem.dwr HTTP/1.1" 200 78
180.175.150.119 - - [10/Jan/2021:10:27:31 +0800] "POST /xingrg/dwr/call/plaincall/AjaxQqpsService.saveOrder.dwr HTTP/1.1" 200 78
61.165.42.208 - - [10/Jan/2021:10:27:31 +0800] "GET /xingrg/kc/print/load_data.html?order_code=212021011003984&kc_code=cgsh&condition= HTTP/1.1" 200 1133
172.17.200.101 - - [10/Jan/2021:10:27:32 +0800] "GET /xingrg/all/function/internal_message.html?_=1610245648070&CODE_STATE=getMsg HTTP/1.1" 200 27
172.17.200.101 - - [10/Jan/2021:10:27:32 +0800] "GET /xingrg/check_reg.html?_=1610245648073 HTTP/1.1" 200 22
172.17.0.100 - - [10/Jan/2021:10:27:32 +0800] "GET /xingrg/all/report/report_query.html?fileName=dma/new_5.0/yingye/pay_ment_hz.xml HTTP/1.1" 200 51612
172.17.0.100 - - [10/Jan/2021:10:27:32 +0800] "GET /xingrg/dwr/interface/AjaxReportQueryService.js HTTP/1.1" 200 13203
172.17.0.100 - - [10/Jan/2021:10:27:32 +0800] "GET /xingrg/dwr/util.js HTTP/1.1" 304 -
172.17.0.100 - - [10/Jan/2021:10:27:32 +0800] "GET /xingrg/dwr/engine.js HTTP/1.1" 200 43631
222.69.136.245 - - [10/Jan/2021:10:27:32 +0800] "GET /xingrg/all/function/internal_message.html?_=1610245648227&CODE_STATE=getMsg HTTP/1.1" 200 27
180.175.150.119 - - [10/Jan/2021:10:27:32 +0800] "POST /xingrg/dwr/call/plaincall/AjaxQqpsService.checkOrder.dwr HTTP/1.1" 200 78
172.17.0.100 - - [10/Jan/2021:10:27:32 +0800] "POST /xingrg/dwr/call/plaincall/AjaxReportQueryService.getFixDate.dwr HTTP/1.1" 200 111
172.17.0.100 - - [10/Jan/2021:10:27:32 +0800] "POST /xingrg/all/common/load_tree.html?tree=area_station_tree_json&manage=1 HTTP/1.1" 200 3240
180.175.150.119 - - [10/Jan/2021:10:27:33 +0800] "GET /xingrg/kc/mdqp/qqps_order_info.html?code=302021011000229 HTTP/1.1" 200 26472
180.175.150.119 - - [10/Jan/2021:10:27:33 +0800] "GET /xingrg/dwr/interface/AjaxComOrderService.js HTTP/1.1" 200 18264
180.175.150.119 - - [10/Jan/2021:10:27:33 +0800] "GET /xingrg/dwr/interface/AjaxQqpsService.js HTTP/1.1" 200 16326
180.175.150.119 - - [10/Jan/2021:10:27:33 +0800] "GET /xingrg/dwr/engine.js HTTP/1.1" 200 43631
172.17.0.100 - - [10/Jan/2021:10:27:33 +0800] "GET /xingrg/all/report/report_query.html?fileName=dma/yingye_new/pay_ment_day_hz.xml HTTP/1.1" 200 50928
172.17.0.100 - - [10/Jan/2021:10:27:34 +0800] "GET /xingrg/dwr/interface/AjaxReportQueryService.js HTTP/1.1" 200 13203
172.17.0.100 - - [10/Jan/2021:10:27:34 +0800] "GET /xingrg/dwr/engine.js HTTP/1.1" 200 43631
172.17.0.100 - - [10/Jan/2021:10:27:34 +0800] "POST /xingrg/dwr/call/plaincall/AjaxReportQueryService.getFixDate.dwr HTTP/1.1" 200 111
172.17.0.100 - - [10/Jan/2021:10:27:34 +0800] "POST /xingrg/all/common/load_tree.html?tree=area_station_tree_json&manage=1 HTTP/1.1" 200 3240
180.175.150.119 - - [10/Jan/2021:10:27:34 +0800] "POST /xingrg/dwr/call/plaincall/AjaxQqpsService.loadMaterielItems.dwr HTTP/1.1" 200 323
172.17.0.100 - - [10/Jan/2021:10:27:39 +0800] "POST /xingrg/dwr/call/plaincall/AjaxReportQueryService.getFixDate.dwr HTTP/1.1" 200 111
114.86.226.161 - - [10/Jan/2021:10:27:39 +0800] "GET /xingrg/kc/buy/cgsh_order_operate.html?command=get_materiel&rest_code=00109&code=00101007081&supplier_code=00100004&order_time=2021-01-10 HTTP/1.1" 200 413
180.161.116.123 - - [10/Jan/2021:10:27:42 +0800] "GET /xingrg/all/function/internal_message.html?_=1610245658550&CODE_STATE=getMsg HTTP/1.1" 302 -
180.162.108.15 - - [10/Jan/2021:10:27:42 +0800] "GET /xingrg/kc/buy/cgsh_order_operate.html?command=get_materiel&rest_code=00143&code=00101001053&supplier_code=00100207&order_time=2021-01-10 HTTP/1.1" 200 409
180.161.116.123 - - [10/Jan/2021:10:27:42 +0800] "GET /xingrg/check_reg.html?_=1610245658804 HTTP/1.1" 302 -
172.17.0.100 - - [10/Jan/2021:10:27:44 +0800] "POST /xingrg/dwr/call/plaincall/AjaxReportQueryService.refreshCache.dwr HTTP/1.1" 200 78
172.17.0.100 - - [10/Jan/2021:10:27:45 +0800] "POST /xingrg/all/report/load_report_page.html HTTP/1.1" 200 143976
172.17.0.100 - - [10/Jan/2021:10:27:45 +0800] "GET /xingrg/servlets/image?cache=0.2858220186982292&image=px HTTP/1.1" 200 807
114.86.226.161 - - [10/Jan/2021:10:27:45 +0800] "GET /xingrg/all/function/internal_message.html?_=1610245701099&CODE_STATE=getMsg HTTP/1.1" 200 27
180.156.237.57 - - [10/Jan/2021:10:27:45 +0800] "GET /xingrg/check_reg.html?_=1610245662907 HTTP/1.1" 200 22
180.156.237.57 - - [10/Jan/2021:10:27:45 +0800] "GET /xingrg/all/function/internal_message.html?_=1610245662914&CODE_STATE=getMsg HTTP/1.1" 200 27
172.17.0.100 - - [10/Jan/2021:10:27:49 +0800] "POST /xingrg/all/report/load_report_page.html HTTP/1.1" 200 129476
172.17.0.100 - - [10/Jan/2021:10:27:49 +0800] "GET /xingrg/images/blue/button/advance.gif HTTP/1.1" 304 -
172.17.0.100 - - [10/Jan/2021:10:27:49 +0800] "GET /xingrg/images/blue/button/advance2.gif HTTP/1.1" 304 -
172.17.0.100 - - [10/Jan/2021:10:27:49 +0800] "GET /xingrg/servlets/image?cache=0.2965840960136972&image=px HTTP/1.1" 200 807
180.175.150.119 - - [10/Jan/2021:10:27:49 +0800] "GET /xingrg/all/function/internal_message.html?_=1610245903352&CODE_STATE=getMsg HTTP/1.1" 200 27
180.162.108.15 - - [10/Jan/2021:10:27:50 +0800] "GET /xingrg/all/function/internal_message.html?_=1610245538835&CODE_STATE=getMsg HTTP/1.1" 200 27
120.253.135.82 - - [10/Jan/2021:10:27:50 +0800] "POST /xingrg/kc/buy/cgsh_order_operate.html HTTP/1.1" 200 37
180.175.150.119 - - [10/Jan/2021:10:27:51 +0800] "GET /xingrg/all/function/internal_message.html?_=1610245669164&CODE_STATE=getMsg HTTP/1.1" 200 27
120.253.135.82 - - [10/Jan/2021:10:27:51 +0800] "POST /xingrg/kc/buy/cgsh_order_operate.html HTTP/1.1" 200 2695
172.17.0.123 - - [10/Jan/2021:10:27:53 +0800] "GET /xingrg/check_reg.html?_=1610245571418 HTTP/1.1" 200 22
172.17.0.123 - - [10/Jan/2021:10:27:53 +0800] "GET /xingrg/all/function/internal_message.html?_=1610245571419&CODE_STATE=getMsg HTTP/1.1" 200 27
120.253.135.82 - - [10/Jan/2021:10:27:53 +0800] "GET /xingrg/kc/print/load_data.html?order_code=212021011003983&kc_code=cgsh&condition= HTTP/1.1" 200 742
114.86.226.161 - - [10/Jan/2021:10:27:53 +0800] "GET /xingrg/kc/buy/cgsh_order_operate.html?command=get_materiel&rest_code=00109&code=00101007031&supplier_code=00100004&order_time=2021-01-10 HTTP/1.1" 200 413
172.17.0.120 - - [10/Jan/2021:10:27:56 +0800] "GET /xingrg/all/function/internal_message.html?_=1610245672627&CODE_STATE=getMsg HTTP/1.1" 200 27
172.17.0.100 - - [10/Jan/2021:10:27:57 +0800] "POST /xingrg/all/report/report_print.html HTTP/1.1" 200 47669
61.165.42.208 - - [10/Jan/2021:10:27:58 +0800] "GET /xingrg/all/function/internal_message.html?_=1610245674710&CODE_STATE=getMsg HTTP/1.1" 200 27
180.162.108.15 - - [10/Jan/2021:10:28:01 +0800] "GET /xingrg/system/info/materiel_import.html?isSelect=1&singleSelect=false HTTP/1.1" 200 5600
180.162.108.15 - - [10/Jan/2021:10:28:01 +0800] "GET /xingrg/css/xtree.css HTTP/1.1" 200 880
180.162.108.15 - - [10/Jan/2021:10:28:02 +0800] "GET /xingrg/javascript/jquery_ui/themes/base/base.css HTTP/1.1" 200 28568
120.253.135.82 - - [10/Jan/2021:10:28:02 +0800] "POST /xingrg/kc/buy/cgsh_order_operate.html HTTP/1.1" 200 37
180.162.108.15 - - [10/Jan/2021:10:28:02 +0800] "POST /xingrg/all/common/load_tree.html?tree=materiel_sort_tree_json HTTP/1.1" 200 8666
180.162.108.15 - - [10/Jan/2021:10:28:02 +0800] "GET /xingrg/javascript/jquery_easy_ui/themes/default/images/button_a_bg.gif HTTP/1.1" 200 1194
180.162.108.15 - - [10/Jan/2021:10:28:02 +0800] "GET /xingrg/javascript/jquery_easy_ui/themes/default/images/button_span_bg.gif HTTP/1.1" 200 2061
180.162.108.15 - - [10/Jan/2021:10:28:02 +0800] "GET /xingrg/javascript/jquery_easy_ui/themes/icons/check_new.png HTTP/1.1" 200 3224
180.162.108.15 - - [10/Jan/2021:10:28:02 +0800] "GET /xingrg/javascript/jquery_easy_ui/themes/icons/search.png HTTP/1.1" 200 813
180.162.108.15 - - [10/Jan/2021:10:28:02 +0800] "GET /xingrg/javascript/jquery_easy_ui/themes/icons/edit_add.png HTTP/1.1" 200 1088
180.162.108.15 - - [10/Jan/2021:10:28:02 +0800] "GET /xingrg/javascript/jquery_easy_ui/themes/default/images/pagination_first.gif HTTP/1.1" 200 925
180.162.108.15 - - [10/Jan/2021:10:28:02 +0800] "GET /xingrg/javascript/jquery_easy_ui/themes/default/images/datagrid_header_bg.gif HTTP/1.1" 200 97
180.162.108.15 - - [10/Jan/2021:10:28:02 +0800] "GET /xingrg/javascript/jquery_easy_ui/themes/default/images/pagination_prev.gif HTTP/1.1" 200 879
180.162.108.15 - - [10/Jan/2021:10:28:02 +0800] "GET /xingrg/javascript/jquery_easy_ui/themes/default/images/pagination_next.gif HTTP/1.1" 200 875
180.162.108.15 - - [10/Jan/2021:10:28:02 +0800] "GET /xingrg/javascript/jquery_easy_ui/themes/default/images/pagination_last.gif HTTP/1.1" 200 923
180.162.108.15 - - [10/Jan/2021:10:28:02 +0800] "GET /xingrg/javascript/jquery_easy_ui/themes/default/images/pagination_load.png HTTP/1.1" 200 827
180.162.108.15 - - [10/Jan/2021:10:28:02 +0800] "GET /favicon.ico HTTP/1.1" 404 -
222.69.133.109 - - [10/Jan/2021:10:28:04 +0800] "GET /xingrg/all/function/internal_message.html?_=1610245681854&CODE_STATE=getMsg HTTP/1.1" 200 27
222.69.133.109 - - [10/Jan/2021:10:28:04 +0800] "GET /xingrg/check_reg.html?_=1610245682294 HTTP/1.1" 200 22
114.86.226.161 - - [10/Jan/2021:10:28:04 +0800] "GET /xingrg/kc/buy/cgsh_order_operate.html?command=get_materiel&rest_code=00109&code=00101007049&supplier_code=00100004&order_time=2021-01-10 HTTP/1.1" 200 409
117.185.32.26 - - [10/Jan/2021:10:28:04 +0800] "GET /xingrg/kc/buy/cgsh_order_add.html HTTP/1.1" 200 61749
114.88.169.67 - - [10/Jan/2021:10:28:04 +0800] "GET /xingrg/all/function/internal_message.html?_=1610245680595&CODE_STATE=getMsg HTTP/1.1" 200 27
117.185.32.26 - - [10/Jan/2021:10:28:05 +0800] "GET /xingrg/javascript/easyui/themes/default/validatebox.css HTTP/1.1" 404 1104
117.185.32.26 - - [10/Jan/2021:10:28:05 +0800] "POST /xingrg/kc/buy/cgsh_order_operate.html HTTP/1.1" 200 8245
120.253.135.82 - - [10/Jan/2021:10:28:06 +0800] "POST /xingrg/kc/buy/cgsh_order_operate.html HTTP/1.1" 200 12
117.185.32.26 - - [10/Jan/2021:10:28:06 +0800] "GET /xingrg/javascript/easyui/themes/default/tree.css HTTP/1.1" 404 1090
117.185.32.26 - - [10/Jan/2021:10:28:06 +0800] "POST /xingrg/all/common/load_tree.html?tree=supplier_tree_json&isDelete=1 HTTP/1.1" 200 54158
116.228.172.94 - - [10/Jan/2021:10:28:06 +0800] "GET /xingrg/kc/buy/cgsh_order_operate.html?command=get_materiel&rest_code=00107&code=00101001125&supplier_code=00100090&order_time=2021-01-10 HTTP/1.1" 200 415
120.253.135.82 - - [10/Jan/2021:10:28:07 +0800] "GET /xingrg/kc/buy/cgsh_order_info.html?code=212021011003983 HTTP/1.1" 200 55656
117.185.32.26 - - [10/Jan/2021:10:28:08 +0800] "GET /xingrg/all/function/internal_message.html?_=1610245677695&CODE_STATE=getMsg HTTP/1.1" 200 27
120.253.135.82 - - [10/Jan/2021:10:28:08 +0800] "GET /xingrg/javascript/easyui/themes/default/validatebox.css HTTP/1.1" 404 1104
120.253.135.82 - - [10/Jan/2021:10:28:08 +0800] "POST /xingrg/kc/buy/cgsh_order_operate.html HTTP/1.1" 200 645
172.17.0.100 - - [10/Jan/2021:10:28:10 +0800] "POST /xingrg/dwr/call/plaincall/AjaxReportQueryService.getFixDate.dwr HTTP/1.1" 200 111
172.17.0.100 - - [10/Jan/2021:10:28:11 +0800] "GET /xingrg/all/report/report_query.html?fileName=dma/yingye_new/pay_ment_hz.xml HTTP/1.1" 200 51604
172.17.0.100 - - [10/Jan/2021:10:28:11 +0800] "GET /xingrg/dwr/interface/AjaxReportQueryService.js HTTP/1.1" 200 13203
172.17.0.100 - - [10/Jan/2021:10:28:11 +0800] "GET /xingrg/dwr/engine.js HTTP/1.1" 200 43631
172.17.0.100 - - [10/Jan/2021:10:28:11 +0800] "POST /xingrg/dwr/call/plaincall/AjaxReportQueryService.getFixDate.dwr HTTP/1.1" 200 111
114.86.226.161 - - [10/Jan/2021:10:28:12 +0800] "POST /xingrg/kc/buy/cgsh_order_operate.html HTTP/1.1" 200 37
172.17.0.100 - - [10/Jan/2021:10:28:12 +0800] "POST /xingrg/all/common/load_tree.html?tree=area_station_tree_json&manage=1 HTTP/1.1" 200 3240
172.17.0.240 - - [10/Jan/2021:10:28:12 +0800] "GET /xingrg/index.html?sysBaseUrl=http%3A%2F%2F172.17.0.8%3A18081%2Fxingrg%2F&costTime=213×tamp=1585200360465 HTTP/1.1" 302 -
172.17.0.240 - - [10/Jan/2021:10:28:12 +0800] "GET /xingrg/login.html HTTP/1.1" 200 7636
172.17.0.240 - - [10/Jan/2021:10:28:12 +0800] "GET /xingrg/images/blue/jxLogo.png HTTP/1.1" 200 6156
172.17.0.240 - - [10/Jan/2021:10:28:13 +0800] "GET /xingrg/images/blue/login_bg.png HTTP/1.1" 200 22101
172.17.0.240 - - [10/Jan/2021:10:28:13 +0800] "GET /xingrg/images/blue/hj.png HTTP/1.1" 200 1014
172.17.0.240 - - [10/Jan/2021:10:28:13 +0800] "GET /xingrg/images/blue/srbg.png HTTP/1.1" 200 138
172.17.0.240 - - [10/Jan/2021:10:28:13 +0800] "GET /favicon.ico HTTP/1.1" 404 -
42.236.10.125 - - [10/Jan/2021:10:28:13 +0800] "GET /xingrg/system/info/materiel_import.html HTTP/1.1" 302 -
42.236.10.125 - - [10/Jan/2021:10:28:13 +0800] "GET /xingrg/login.html HTTP/1.1" 200 2139
42.236.10.125 - - [10/Jan/2021:10:28:14 +0800] "GET /xingrg/javascript/mobile/jquery.mobile-1.3.2.min.css HTTP/1.1" 200 94670
42.236.10.117 - - [10/Jan/2021:10:28:14 +0800] "GET /xingrg/javascript/mobile/jquery-1.8.3.min.js HTTP/1.1" 200 93637
42.236.10.114 - - [10/Jan/2021:10:28:14 +0800] "GET /xingrg/javascript/mobile/jquery.mobile-1.3.2.min.js HTTP/1.1" 200 145396
42.236.10.114 - - [10/Jan/2021:10:28:14 +0800] "GET /xingrg/javascript/mobile/images/ajax-loader.gif HTTP/1.1" 200 7825
172.17.0.100 - - [10/Jan/2021:10:28:14 +0800] "POST /xingrg/dwr/call/plaincall/AjaxReportQueryService.getFixDate.dwr HTTP/1.1" 200 111
172.17.0.240 - - [10/Jan/2021:10:28:15 +0800] "POST /xingrg/login.do HTTP/1.1" 302 -
172.17.0.240 - - [10/Jan/2021:10:28:15 +0800] "GET /xingrg/index.html?sysBaseUrl=http%3A%2F%2F172.17.0.8%3A18081%2Fxingrg%2F&costTime=40×tamp=1610245695030 HTTP/1.1" 200 17448
172.17.0.240 - - [10/Jan/2021:10:28:15 +0800] "GET /xingrg/javascript/jquery_easy_ui/themes/default/easyui.css HTTP/1.1" 200 26500
172.17.0.240 - - [10/Jan/2021:10:28:15 +0800] "GET /xingrg/javascript/jquery_easy_ui/themes/icon.css HTTP/1.1" 200 3949
172.17.0.240 - - [10/Jan/2021:10:28:15 +0800] "GET /xingrg/css/form.css HTTP/1.1" 200 893
172.17.0.240 - - [10/Jan/2021:10:28:15 +0800] "GET /xingrg/javascript/jquery-1.4.2.min.js HTTP/1.1" 200 72205
172.17.0.240 - - [10/Jan/2021:10:28:15 +0800] "GET /xingrg/javascript/jquery_easy_ui/jquery.easyui.min.js HTTP/1.1" 200 213662
172.17.0.240 - - [10/Jan/2021:10:28:15 +0800] "GET /xingrg/javascript/jquery_easy_ui/easyui-lang-zh_CN.js HTTP/1.1" 200 1900
172.17.0.240 - - [10/Jan/2021:10:28:15 +0800] "GET /xingrg/javascript/jquery.timers.js HTTP/1.1" 200 3532
