120.253.135.82 - - [10/Jan/2021:10:39:19 +0800] "GET /xingrg/javascript/easyui/themes/default/validatebox.css HTTP/1.1" 404 1104
61.165.42.208 - - [10/Jan/2021:10:39:19 +0800] "GET /xingrg/kc/buy/cgsh_order_operate.html?command=get_materiel&rest_code=00105&code=00101003062&supplier_code=00100091&order_time=2021-01-10 HTTP/1.1" 200 401
114.86.226.161 - - [10/Jan/2021:10:39:23 +0800] "GET /xingrg/all/function/internal_message.html?_=1610246421109&CODE_STATE=getMsg HTTP/1.1" 200 27
120.253.135.82 - - [10/Jan/2021:10:39:25 +0800] "GET /xingrg/all/function/internal_message.html?_=1610246119772&CODE_STATE=getMsg HTTP/1.1" 200 27
172.17.0.240 - - [10/Jan/2021:10:39:26 +0800] "GET /xingrg/all/function/internal_message.html?_=1610246361630&CODE_STATE=getMsg HTTP/1.1" 200 27
172.17.0.100 - - [10/Jan/2021:10:39:27 +0800] "GET /xingrg/all/function/internal_message.html?_=1610246363770&CODE_STATE=getMsg HTTP/1.1" 200 27
116.228.172.94 - - [10/Jan/2021:10:39:29 +0800] "GET /xingrg/check_reg.html?_=1610246365840 HTTP/1.1" 200 22
61.165.42.208 - - [10/Jan/2021:10:39:30 +0800] "POST /xingrg/kc/buy/cgsh_order_operate.html HTTP/1.1" 200 37
116.228.172.94 - - [10/Jan/2021:10:39:30 +0800] "GET /xingrg/all/function/internal_message.html?_=1610246366820&CODE_STATE=getMsg HTTP/1.1" 200 27
61.165.42.208 - - [10/Jan/2021:10:39:31 +0800] "POST /xingrg/kc/buy/cgsh_order_operate.html HTTP/1.1" 200 4461
120.253.135.82 - - [10/Jan/2021:10:39:31 +0800] "POST /xingrg/all/common/load_combo.html?type=base HTTP/1.1" 200 984
172.17.200.101 - - [10/Jan/2021:10:39:32 +0800] "GET /xingrg/all/function/internal_message.html?_=1610246368083&CODE_STATE=getMsg HTTP/1.1" 200 27
61.165.42.208 - - [10/Jan/2021:10:39:32 +0800] "GET /xingrg/kc/print/load_data.html?order_code=212021011004015&kc_code=cgsh&condition= HTTP/1.1" 200 1432
222.69.136.245 - - [10/Jan/2021:10:39:32 +0800] "GET /xingrg/check_reg.html?_=1610246368256 HTTP/1.1" 200 22
222.69.136.245 - - [10/Jan/2021:10:39:32 +0800] "GET /xingrg/all/function/internal_message.html?_=1610246368257&CODE_STATE=getMsg HTTP/1.1" 200 27
120.204.17.71 - - [10/Jan/2021:10:39:39 +0800] "GET /xingrg/all/function/internal_message.html?_=1610245859740&CODE_STATE=getMsg HTTP/1.1" 302 -
120.253.135.82 - - [10/Jan/2021:10:39:40 +0800] "GET /xingrg/kc/pszx/mdps_order_operate.html?command=get_materiel&pszx_code=00101&rest_code=00148&base_code=0010250&code=00102003603 HTTP/1.1" 200 412
222.69.133.109 - - [10/Jan/2021:10:39:41 +0800] "POST /xingrg/kc/buy/cgsh_order_operate.html HTTP/1.1" 200 37
116.228.172.94 - - [10/Jan/2021:10:39:41 +0800] "GET /xingrg/kc/buy/cgsh_order_operate.html?command=get_materiel&rest_code=00107&code=00101012010&supplier_code=00100323&order_time=2021-01-10 HTTP/1.1" 200 409
61.165.42.208 - - [10/Jan/2021:10:39:43 +0800] "GET /xingrg/kc/buy/cgsh_order_add.html HTTP/1.1" 200 61790
61.165.42.208 - - [10/Jan/2021:10:39:43 +0800] "POST /xingrg/kc/buy/cgsh_order_operate.html HTTP/1.1" 200 8245
61.165.42.208 - - [10/Jan/2021:10:39:43 +0800] "GET /xingrg/javascript/easyui/themes/default/validatebox.css HTTP/1.1" 404 1104
222.69.133.109 - - [10/Jan/2021:10:39:43 +0800] "POST /xingrg/kc/buy/cgsh_order_operate.html HTTP/1.1" 200 12
222.69.133.109 - - [10/Jan/2021:10:39:44 +0800] "GET /xingrg/kc/buy/cgsh_order_info.html?code=212021011004016 HTTP/1.1" 200 55770
222.69.133.109 - - [10/Jan/2021:10:39:45 +0800] "GET /xingrg/javascript/easyui/themes/default/validatebox.css HTTP/1.1" 404 1104
222.69.133.109 - - [10/Jan/2021:10:39:45 +0800] "POST /xingrg/kc/buy/cgsh_order_operate.html HTTP/1.1" 200 609
222.69.133.109 - - [10/Jan/2021:10:39:47 +0800] "GET /xingrg/kc/print/load_data.html?order_code=212021011004016&kc_code=cgsh&condition= HTTP/1.1" 200 706
120.204.17.71 - - [10/Jan/2021:10:39:49 +0800] "GET /xingrg/login.html HTTP/1.1" 200 7641
120.253.135.82 - - [10/Jan/2021:10:39:49 +0800] "POST /xingrg/kc/pszx/mdps_order_operate.html HTTP/1.1" 200 37
180.162.108.15 - - [10/Jan/2021:10:39:50 +0800] "GET /xingrg/all/function/internal_message.html?_=1610246258854&CODE_STATE=getMsg HTTP/1.1" 200 27
120.253.135.82 - - [10/Jan/2021:10:39:50 +0800] "GET /xingrg/kc/pszx/mdps_order_info.html?code=312021011000321 HTTP/1.1" 200 23889
180.175.150.119 - - [10/Jan/2021:10:39:51 +0800] "GET /xingrg/all/function/internal_message.html?_=1610246389359&CODE_STATE=getMsg HTTP/1.1" 200 27
120.253.135.82 - - [10/Jan/2021:10:39:51 +0800] "POST /xingrg/kc/pszx/mdps_order_operate.html HTTP/1.1" 200 2268
120.253.135.82 - - [10/Jan/2021:10:39:51 +0800] "GET /xingrg/javascript/easyui/themes/default/validatebox.css HTTP/1.1" 404 1104
116.228.172.94 - - [10/Jan/2021:10:39:52 +0800] "GET /xingrg/kc/buy/cgsh_order_operate.html?command=get_materiel&rest_code=00107&code=00101006026&supplier_code=00100323&order_time=2021-01-10 HTTP/1.1" 200 409
172.17.0.123 - - [10/Jan/2021:10:39:53 +0800] "GET /xingrg/all/function/internal_message.html?_=1610246291415&CODE_STATE=getMsg HTTP/1.1" 200 27
180.175.150.119 - - [10/Jan/2021:10:39:53 +0800] "GET /xingrg/all/function/internal_message.html?_=1610246627802&CODE_STATE=getMsg HTTP/1.1" 200 27
117.131.5.26 - - [10/Jan/2021:10:39:54 +0800] "GET /xingrg/all/function/internal_message.html?_=1610246440241&CODE_STATE=getMsg HTTP/1.1" 200 27
172.17.0.120 - - [10/Jan/2021:10:39:56 +0800] "GET /xingrg/check_reg.html?_=1610246392628 HTTP/1.1" 200 22
172.17.0.120 - - [10/Jan/2021:10:39:56 +0800] "GET /xingrg/all/function/internal_message.html?_=1610246392632&CODE_STATE=getMsg HTTP/1.1" 200 27
172.17.0.103 - - [10/Jan/2021:10:39:58 +0800] "GET /xingrg/all/function/internal_message.html?_=1610246394097&CODE_STATE=getMsg HTTP/1.1" 200 27
61.165.42.208 - - [10/Jan/2021:10:39:59 +0800] "GET /xingrg/all/function/internal_message.html?_=1610246395066&CODE_STATE=getMsg HTTP/1.1" 200 27
120.253.135.82 - - [10/Jan/2021:10:40:01 +0800] "POST /xingrg/kc/pszx/mdps_order_operate.html HTTP/1.1" 200 37
120.253.135.82 - - [10/Jan/2021:10:40:01 +0800] "GET /xingrg/kc/pszx/mdps_order_info.html?code=312021011000321 HTTP/1.1" 200 23889
120.253.135.82 - - [10/Jan/2021:10:40:02 +0800] "POST /xingrg/kc/pszx/mdps_order_operate.html HTTP/1.1" 200 2268
120.253.135.82 - - [10/Jan/2021:10:40:02 +0800] "GET /xingrg/javascript/easyui/themes/default/validatebox.css HTTP/1.1" 404 1104
120.253.135.82 - - [10/Jan/2021:10:40:03 +0800] "POST /xingrg/kc/pszx/mdps_list_operate.html HTTP/1.1" 200 2054
222.69.133.109 - - [10/Jan/2021:10:40:04 +0800] "GET /xingrg/all/function/internal_message.html?_=1610246401659&CODE_STATE=getMsg HTTP/1.1" 200 27
180.156.237.57 - - [10/Jan/2021:10:40:05 +0800] "GET /xingrg/all/function/internal_message.html?_=1610246402284&CODE_STATE=getMsg HTTP/1.1" 200 27
120.253.135.82 - - [10/Jan/2021:10:40:06 +0800] "GET /xingrg/kc/pszx/mdqp_order_list.html?state=10 HTTP/1.1" 200 11010
120.253.135.82 - - [10/Jan/2021:10:40:06 +0800] "GET /xingrg/dwr/interface/AjaxReportQueryService.js HTTP/1.1" 200 13203
120.253.135.82 - - [10/Jan/2021:10:40:06 +0800] "POST /xingrg/kc/pszx/mdps_list_operate.html HTTP/1.1" 200 2054
120.253.135.82 - - [10/Jan/2021:10:40:06 +0800] "GET /xingrg/dwr/interface/AjaxQqpsService.js HTTP/1.1" 200 16326
120.253.135.82 - - [10/Jan/2021:10:40:06 +0800] "GET /xingrg/dwr/engine.js HTTP/1.1" 200 43631
114.88.169.67 - - [10/Jan/2021:10:40:07 +0800] "GET /xingrg/all/function/internal_message.html?_=1610246402888&CODE_STATE=getMsg HTTP/1.1" 200 27
120.253.135.82 - - [10/Jan/2021:10:40:08 +0800] "GET /xingrg/kc/pszx/mdps_order_list.html?orderType=0 HTTP/1.1" 200 21153
120.253.135.82 - - [10/Jan/2021:10:40:09 +0800] "POST /xingrg/kc/pszx/mdps_list_operate.html HTTP/1.1" 200 5466
61.165.42.208 - - [10/Jan/2021:10:40:15 +0800] "GET /xingrg/all/function/internal_message.html?_=1610246393489&CODE_STATE=getMsg HTTP/1.1" 200 27
117.185.32.26 - - [10/Jan/2021:10:40:17 +0800] "GET /xingrg/all/function/internal_message.html?_=1610246407486&CODE_STATE=getMsg HTTP/1.1" 200 27
114.86.226.161 - - [10/Jan/2021:10:40:21 +0800] "GET /xingrg/all/function/internal_message.html?_=1610246481097&CODE_STATE=getMsg HTTP/1.1" 200 27
222.69.133.109 - - [10/Jan/2021:10:40:24 +0800] "GET /xingrg/kc/buy/cgsh_order_add.html HTTP/1.1" 200 60864
222.69.133.109 - - [10/Jan/2021:10:40:24 +0800] "POST /xingrg/kc/buy/cgsh_order_operate.html HTTP/1.1" 200 8245
222.69.133.109 - - [10/Jan/2021:10:40:24 +0800] "GET /xingrg/javascript/easyui/themes/default/validatebox.css HTTP/1.1" 404 1104
120.253.135.82 - - [10/Jan/2021:10:40:25 +0800] "GET /xingrg/all/function/internal_message.html?_=1610246179785&CODE_STATE=getMsg HTTP/1.1" 200 27
172.17.0.240 - - [10/Jan/2021:10:40:26 +0800] "GET /xingrg/all/function/internal_message.html?_=1610246421632&CODE_STATE=getMsg HTTP/1.1" 200 27
117.185.32.26 - - [10/Jan/2021:10:40:27 +0800] "GET /xingrg/kc/buy/cgsh_order_add.html HTTP/1.1" 200 61749
172.17.0.100 - - [10/Jan/2021:10:40:27 +0800] "GET /xingrg/check_reg.html?_=1610246423772 HTTP/1.1" 200 22
172.17.0.100 - - [10/Jan/2021:10:40:27 +0800] "GET /xingrg/all/function/internal_message.html?_=1610246423778&CODE_STATE=getMsg HTTP/1.1" 200 27
117.185.32.26 - - [10/Jan/2021:10:40:28 +0800] "GET /xingrg/javascript/easyui/themes/default/validatebox.css HTTP/1.1" 404 1104
117.185.32.26 - - [10/Jan/2021:10:40:28 +0800] "POST /xingrg/kc/buy/cgsh_order_operate.html HTTP/1.1" 200 8245
116.228.172.94 - - [10/Jan/2021:10:40:30 +0800] "GET /xingrg/all/function/internal_message.html?_=1610246426801&CODE_STATE=getMsg HTTP/1.1" 200 27
172.17.200.101 - - [10/Jan/2021:10:40:32 +0800] "GET /xingrg/all/function/internal_message.html?_=1610246428084&CODE_STATE=getMsg HTTP/1.1" 200 27
222.69.136.245 - - [10/Jan/2021:10:40:32 +0800] "GET /xingrg/all/function/internal_message.html?_=1610246428245&CODE_STATE=getMsg HTTP/1.1" 200 27
61.165.42.208 - - [10/Jan/2021:10:40:38 +0800] "GET /xingrg/kc/buy/cgsh_order_operate.html?command=get_materiel&rest_code=00105&code=00101008061&supplier_code=00100339&order_time=2021-01-10 HTTP/1.1" 200 423
116.228.172.94 - - [10/Jan/2021:10:40:39 +0800] "GET /xingrg/kc/buy/cgsh_order_operate.html?command=get_materiel&rest_code=00107&code=00101010028&supplier_code=00100323&order_time=2021-01-10 HTTP/1.1" 200 416
117.185.32.26 - - [10/Jan/2021:10:40:42 +0800] "GET /xingrg/javascript/easyui/themes/default/tree.css HTTP/1.1" 404 1090
117.185.32.26 - - [10/Jan/2021:10:40:42 +0800] "POST /xingrg/all/common/load_tree.html?tree=supplier_tree_json&isDelete=1 HTTP/1.1" 200 54158
183.192.164.214 - - [10/Jan/2021:10:40:44 +0800] "GET /xingrg/all/function/internal_message.html?_=1610245919716&CODE_STATE=getMsg HTTP/1.1" 302 -
61.165.42.208 - - [10/Jan/2021:10:40:46 +0800] "POST /xingrg/kc/buy/cgsh_order_operate.html HTTP/1.1" 200 37
61.165.42.208 - - [10/Jan/2021:10:40:48 +0800] "POST /xingrg/kc/buy/cgsh_order_operate.html HTTP/1.1" 200 2666
61.165.42.208 - - [10/Jan/2021:10:40:49 +0800] "GET /xingrg/kc/print/load_data.html?order_code=212021011004017&kc_code=cgsh&condition= HTTP/1.1" 200 676
180.162.108.15 - - [10/Jan/2021:10:40:50 +0800] "GET /xingrg/all/function/internal_message.html?_=1610246318859&CODE_STATE=getMsg HTTP/1.1" 200 27
180.162.108.15 - - [10/Jan/2021:10:40:50 +0800] "GET /xingrg/check_reg.html?_=1610246318856 HTTP/1.1" 200 22
180.175.150.119 - - [10/Jan/2021:10:40:51 +0800] "GET /xingrg/all/function/internal_message.html?_=1610246449374&CODE_STATE=getMsg HTTP/1.1" 200 27
183.192.164.214 - - [10/Jan/2021:10:40:52 +0800] "GET /xingrg/login.html HTTP/1.1" 200 7641
172.17.0.123 - - [10/Jan/2021:10:40:53 +0800] "GET /xingrg/all/function/internal_message.html?_=1610246351417&CODE_STATE=getMsg HTTP/1.1" 200 27
61.165.42.208 - - [10/Jan/2021:10:40:53 +0800] "GET /xingrg/kc/buy/cgsh_order_add.html HTTP/1.1" 200 61790
117.185.32.26 - - [10/Jan/2021:10:40:53 +0800] "GET /xingrg/kc/buy/cgsh_order_operate.html?command=get_materiel&rest_code=00106&code=00101009045&supplier_code=00100022&order_time=2021-01-10 HTTP/1.1" 200 414
61.165.42.208 - - [10/Jan/2021:10:40:53 +0800] "GET /xingrg/javascript/easyui/themes/default/validatebox.css HTTP/1.1" 404 1104
61.165.42.208 - - [10/Jan/2021:10:40:53 +0800] "POST /xingrg/kc/buy/cgsh_order_operate.html HTTP/1.1" 200 8245
117.131.5.26 - - [10/Jan/2021:10:40:54 +0800] "GET /xingrg/all/function/internal_message.html?_=1610246500238&CODE_STATE=getMsg HTTP/1.1" 200 27
180.175.150.119 - - [10/Jan/2021:10:40:55 +0800] "GET /xingrg/all/function/internal_message.html?_=1610246688870&CODE_STATE=getMsg HTTP/1.1" 200 27
172.17.0.120 - - [10/Jan/2021:10:40:56 +0800] "GET /xingrg/all/function/internal_message.html?_=1610246452637&CODE_STATE=getMsg HTTP/1.1" 200 27
116.228.172.94 - - [10/Jan/2021:10:40:58 +0800] "GET /xingrg/kc/buy/cgsh_order_operate.html?command=get_materiel&rest_code=00107&code=00101001213&supplier_code=00100323&order_time=2021-01-10 HTTP/1.1" 200 424
172.17.0.103 - - [10/Jan/2021:10:40:58 +0800] "GET /xingrg/check_reg.html?_=1610246454102 HTTP/1.1" 200 22
172.17.0.103 - - [10/Jan/2021:10:40:58 +0800] "GET /xingrg/all/function/internal_message.html?_=1610246454105&CODE_STATE=getMsg HTTP/1.1" 200 27
61.165.42.208 - - [10/Jan/2021:10:40:58 +0800] "GET /xingrg/check_reg.html?_=1610246454737 HTTP/1.1" 200 22
61.165.42.208 - - [10/Jan/2021:10:40:59 +0800] "GET /xingrg/all/function/internal_message.html?_=1610246455027&CODE_STATE=getMsg HTTP/1.1" 200 27
222.69.133.109 - - [10/Jan/2021:10:41:01 +0800] "POST /xingrg/kc/buy/cgsh_order_operate.html HTTP/1.1" 200 37
120.253.135.82 - - [10/Jan/2021:10:41:02 +0800] "POST /xingrg/kc/pszx/mdps_list_operate.html HTTP/1.1" 200 198
222.69.133.109 - - [10/Jan/2021:10:41:04 +0800] "GET /xingrg/all/function/internal_message.html?_=1610246461641&CODE_STATE=getMsg HTTP/1.1" 200 27
222.69.133.109 - - [10/Jan/2021:10:41:04 +0800] "POST /xingrg/kc/buy/cgsh_order_operate.html HTTP/1.1" 200 12
117.185.32.26 - - [10/Jan/2021:10:41:04 +0800] "GET /xingrg/kc/buy/cgsh_order_operate.html?command=get_materiel&rest_code=00106&code=00101009010&supplier_code=00100022&order_time=2021-01-10 HTTP/1.1" 200 412
222.69.136.245 - - [10/Jan/2021:10:41:04 +0800] "GET /xingrg/kc/report/report_main.html HTTP/1.1" 200 7345
180.156.237.57 - - [10/Jan/2021:10:41:05 +0800] "GET /xingrg/all/function/internal_message.html?_=1610246462282&CODE_STATE=getMsg HTTP/1.1" 200 27
222.69.133.109 - - [10/Jan/2021:10:41:05 +0800] "GET /xingrg/kc/buy/cgsh_order_info.html?code=212021011004018 HTTP/1.1" 200 55770
222.69.136.245 - - [10/Jan/2021:10:41:05 +0800] "GET /xingrg/all/report/report_query.html?fileName=kc/buy/wlcg_cate_hz.xml HTTP/1.1" 200 53941
222.69.136.245 - - [10/Jan/2021:10:41:05 +0800] "GET /xingrg/dwr/interface/AjaxReportQueryService.js HTTP/1.1" 200 13203
222.69.136.245 - - [10/Jan/2021:10:41:05 +0800] "GET /xingrg/dwr/util.js HTTP/1.1" 304 -
222.69.136.245 - - [10/Jan/2021:10:41:05 +0800] "GET /xingrg/dwr/engine.js HTTP/1.1" 200 43631
222.69.133.109 - - [10/Jan/2021:10:41:05 +0800] "GET /xingrg/javascript/easyui/themes/default/validatebox.css HTTP/1.1" 404 1104
222.69.136.245 - - [10/Jan/2021:10:41:05 +0800] "POST /xingrg/dwr/call/plaincall/AjaxReportQueryService.getFixDate.dwr HTTP/1.1" 200 111
222.69.136.245 - - [10/Jan/2021:10:41:06 +0800] "POST /xingrg/all/common/load_tree.html?tree=supplier_tree_json&manage=1 HTTP/1.1" 200 54890
222.69.133.109 - - [10/Jan/2021:10:41:06 +0800] "POST /xingrg/kc/buy/cgsh_order_operate.html HTTP/1.1" 200 609
183.192.164.85 - - [10/Jan/2021:10:41:07 +0800] "GET /xingrg/kc/buy/cgsh_order_operate.html?command=get_materiel&rest_code=00106&code=00101007061&supplier_code=00100002&order_time=2021-01-10 HTTP/1.1" 302 -
222.69.133.109 - - [10/Jan/2021:10:41:07 +0800] "GET /xingrg/kc/print/load_data.html?order_code=212021011004018&kc_code=cgsh&condition= HTTP/1.1" 200 706
114.88.169.67 - - [10/Jan/2021:10:41:07 +0800] "GET /xingrg/all/function/internal_message.html?_=1610246463436&CODE_STATE=getMsg HTTP/1.1" 200 27
222.69.136.245 - - [10/Jan/2021:10:41:07 +0800] "POST /xingrg/all/common/load_tree.html?tree=materiel_sort_tree_json HTTP/1.1" 200 8666
222.69.136.245 - - [10/Jan/2021:10:41:08 +0800] "POST /xingrg/all/common/load_tree.html?tree=base_tree_json HTTP/1.1" 200 3769
120.253.135.82 - - [10/Jan/2021:10:41:08 +0800] "POST /xingrg/kc/pszx/mdps_list_operate.html HTTP/1.1" 200 208
117.185.32.26 - - [10/Jan/2021:10:41:10 +0800] "GET /xingrg/kc/buy/cgsh_order_operate.html?command=get_materiel&rest_code=00106&code=00101009021&supplier_code=00100022&order_time=2021-01-10 HTTP/1.1" 200 418
222.69.136.245 - - [10/Jan/2021:10:41:12 +0800] "POST /xingrg/dwr/call/plaincall/AjaxReportQueryService.getFixDate.dwr HTTP/1.1" 200 111
183.192.164.85 - - [10/Jan/2021:10:41:15 +0800] "GET /xingrg/login.html HTTP/1.1" 200 7641
120.253.135.82 - - [10/Jan/2021:10:41:15 +0800] "POST /xingrg/kc/pszx/mdps_list_operate.html HTTP/1.1" 200 5547
61.165.42.208 - - [10/Jan/2021:10:41:15 +0800] "GET /xingrg/all/function/internal_message.html?_=1610246453487&CODE_STATE=getMsg HTTP/1.1" 200 27
120.253.135.82 - - [10/Jan/2021:10:41:17 +0800] "POST /xingrg/kc/pszx/mdps_list_operate.html HTTP/1.1" 200 603
117.185.32.26 - - [10/Jan/2021:10:41:17 +0800] "GET /xingrg/all/function/internal_message.html?_=1610246467481&CODE_STATE=getMsg HTTP/1.1" 200 27
116.228.172.94 - - [10/Jan/2021:10:41:17 +0800] "GET /xingrg/kc/buy/cgsh_order_operate.html?command=get_materiel&rest_code=00107&code=00101007095&supplier_code=00100323&order_time=2021-01-10 HTTP/1.1" 200 415
120.253.135.82 - - [10/Jan/2021:10:41:19 +0800] "POST /xingrg/kc/pszx/mdps_list_operate.html HTTP/1.1" 200 208
114.86.226.161 - - [10/Jan/2021:10:41:20 +0800] "GET /xingrg/all/function/internal_message.html?_=1610246541109&CODE_STATE=getMsg HTTP/1.1" 200 27
120.253.135.82 - - [10/Jan/2021:10:41:21 +0800] "POST /xingrg/kc/pszx/mdps_list_operate.html HTTP/1.1" 200 365
120.253.135.82 - - [10/Jan/2021:10:41:23 +0800] "POST /xingrg/kc/pszx/mdps_list_operate.html HTTP/1.1" 200 365
222.69.136.245 - - [10/Jan/2021:10:41:23 +0800] "POST /xingrg/dwr/call/plaincall/AjaxReportQueryService.refreshCache.dwr HTTP/1.1" 200 78
222.69.136.245 - - [10/Jan/2021:10:41:24 +0800] "POST /xingrg/all/report/load_report_page.html HTTP/1.1" 200 8717
222.69.136.245 - - [10/Jan/2021:10:41:24 +0800] "GET /xingrg/servlets/image?cache=0.8637515705608789&image=px HTTP/1.1" 200 807
120.253.135.82 - - [10/Jan/2021:10:41:25 +0800] "GET /xingrg/all/function/internal_message.html?_=1610246239799&CODE_STATE=getMsg HTTP/1.1" 200 27
120.253.135.82 - - [10/Jan/2021:10:41:25 +0800] "POST /xingrg/kc/pszx/mdps_list_operate.html HTTP/1.1" 200 205
172.17.0.240 - - [10/Jan/2021:10:41:26 +0800] "GET /xingrg/all/function/internal_message.html?_=1610246481634&CODE_STATE=getMsg HTTP/1.1" 200 27
120.253.135.82 - - [10/Jan/2021:10:41:26 +0800] "POST /xingrg/kc/pszx/mdps_list_operate.html HTTP/1.1" 200 209
172.17.0.100 - - [10/Jan/2021:10:41:27 +0800] "GET /xingrg/all/function/internal_message.html?_=1610246483764&CODE_STATE=getMsg HTTP/1.1" 200 27
222.69.136.245 - - [10/Jan/2021:10:41:28 +0800] "POST /xingrg/all/report/load_report_page.html HTTP/1.1" 200 108760
222.69.136.245 - - [10/Jan/2021:10:41:28 +0800] "GET /xingrg/servlets/image?cache=0.8399243062328728&image=px HTTP/1.1" 200 807
116.228.172.94 - - [10/Jan/2021:10:41:30 +0800] "GET /xingrg/kc/buy/cgsh_order_operate.html?command=get_materiel&rest_code=00107&code=00101006150&supplier_code=00100323&order_time=2021-01-10 HTTP/1.1" 200 413
116.228.172.94 - - [10/Jan/2021:10:41:30 +0800] "GET /xingrg/all/function/internal_message.html?_=1610246486829&CODE_STATE=getMsg HTTP/1.1" 200 27
222.69.136.245 - - [10/Jan/2021:10:41:31 +0800] "POST /xingrg/all/report/report_print.html HTTP/1.1" 302 -
222.69.136.245 - - [10/Jan/2021:10:41:31 +0800] "GET /xingrg/servlets/image?image=px HTTP/1.1" 200 807
222.69.136.245 - - [10/Jan/2021:10:41:31 +0800] "GET /xingrg/servlets/html?sysBaseUrl=http%3A%2F%2F180.169.147.146%3A18081%2Fxingrg%2F&costTime=170×tamp=1610246491114 HTTP/1.1" 200 104517
222.69.136.245 - - [10/Jan/2021:10:41:31 +0800] "GET /favicon.ico HTTP/1.1" 404 -
120.253.135.82 - - [10/Jan/2021:10:41:31 +0800] "POST /xingrg/kc/pszx/mdps_list_operate.html HTTP/1.1" 200 653
172.17.200.101 - - [10/Jan/2021:10:41:32 +0800] "GET /xingrg/all/function/internal_message.html?_=1610246488086&CODE_STATE=getMsg HTTP/1.1" 200 27
222.69.136.245 - - [10/Jan/2021:10:41:32 +0800] "GET /xingrg/all/function/internal_message.html?_=1610246488254&CODE_STATE=getMsg HTTP/1.1" 200 27
117.185.32.26 - - [10/Jan/2021:10:41:35 +0800] "GET /xingrg/kc/buy/cgsh_order_operate.html?command=get_materiel&rest_code=00106&code=00101009112&supplier_code=00100022&order_time=2021-01-10 HTTP/1.1" 200 411
120.253.135.82 - - [10/Jan/2021:10:41:35 +0800] "POST /xingrg/kc/pszx/mdps_list_operate.html HTTP/1.1" 200 211
61.165.42.208 - - [10/Jan/2021:10:41:35 +0800] "GET /xingrg/kc/buy/cgsh_order_operate.html?command=get_materiel&rest_code=00105&code=00101006001&supplier_code=00100404&order_time=2021-01-10 HTTP/1.1" 200 426
120.253.135.82 - - [10/Jan/2021:10:41:36 +0800] "POST /xingrg/kc/pszx/mdps_list_operate.html HTTP/1.1" 200 205
222.69.133.109 - - [10/Jan/2021:10:41:43 +0800] "GET /xingrg/kc/buy/cgsh_order_add.html HTTP/1.1" 200 60864
222.69.133.109 - - [10/Jan/2021:10:41:43 +0800] "POST /xingrg/kc/buy/cgsh_order_operate.html HTTP/1.1" 200 8245
222.69.133.109 - - [10/Jan/2021:10:41:44 +0800] "GET /xingrg/javascript/easyui/themes/default/validatebox.css HTTP/1.1" 404 1104
117.185.32.26 - - [10/Jan/2021:10:41:44 +0800] "GET /xingrg/kc/buy/cgsh_order_operate.html?command=get_materiel&rest_code=00106&code=00101009063&supplier_code=00100022&order_time=2021-01-10 HTTP/1.1" 200 411
120.253.135.82 - - [10/Jan/2021:10:41:45 +0800] "POST /xingrg/kc/pszx/mdps_list_operate.html HTTP/1.1" 200 5542
116.228.172.94 - - [10/Jan/2021:10:41:46 +0800] "GET /xingrg/kc/buy/cgsh_order_operate.html?command=get_materiel&rest_code=00107&code=00101010088&supplier_code=00100323&order_time=2021-01-10 HTTP/1.1" 200 418
120.253.135.82 - - [10/Jan/2021:10:41:48 +0800] "POST /xingrg/kc/pszx/mdps_list_operate.html HTTP/1.1" 200 213
180.162.108.15 - - [10/Jan/2021:10:41:50 +0800] "GET /xingrg/all/function/internal_message.html?_=1610246378844&CODE_STATE=getMsg HTTP/1.1" 200 27
120.253.135.82 - - [10/Jan/2021:10:41:50 +0800] "POST /xingrg/kc/pszx/mdps_list_operate.html HTTP/1.1" 200 637
180.175.150.119 - - [10/Jan/2021:10:41:51 +0800] "GET /xingrg/check_reg.html?_=1610246509188 HTTP/1.1" 200 22
180.175.150.119 - - [10/Jan/2021:10:41:51 +0800] "GET /xingrg/all/function/internal_message.html?_=1610246509389&CODE_STATE=getMsg HTTP/1.1" 200 27
222.70.174.6 - - [10/Jan/2021:10:41:51 +0800] "GET /xingrg/check_reg.html?_=1610246520235 HTTP/1.1" 200 22
120.253.135.82 - - [10/Jan/2021:10:41:52 +0800] "POST /xingrg/kc/pszx/mdps_list_operate.html HTTP/1.1" 200 622
61.165.42.208 - - [10/Jan/2021:10:41:53 +0800] "POST /xingrg/kc/buy/cgsh_order_operate.html HTTP/1.1" 200 64
172.17.0.123 - - [10/Jan/2021:10:41:53 +0800] "GET /xingrg/all/function/internal_message.html?_=1610246411403&CODE_STATE=getMsg HTTP/1.1" 200 27
117.185.32.26 - - [10/Jan/2021:10:41:54 +0800] "POST /xingrg/kc/buy/cgsh_order_operate.html HTTP/1.1" 200 37
120.253.135.82 - - [10/Jan/2021:10:41:54 +0800] "POST /xingrg/kc/pszx/mdps_list_operate.html HTTP/1.1" 200 620
117.131.5.26 - - [10/Jan/2021:10:41:54 +0800] "GET /xingrg/all/function/internal_message.html?_=1610246560243&CODE_STATE=getMsg HTTP/1.1" 200 27
180.175.150.119 - - [10/Jan/2021:10:41:55 +0800] "GET /xingrg/all/function/internal_message.html?_=1610246748891&CODE_STATE=getMsg HTTP/1.1" 200 27
172.17.0.120 - - [10/Jan/2021:10:41:56 +0800] "GET /xingrg/all/function/internal_message.html?_=1610246512626&CODE_STATE=getMsg HTTP/1.1" 200 27
120.253.135.82 - - [10/Jan/2021:10:41:57 +0800] "POST /xingrg/kc/pszx/mdps_list_operate.html HTTP/1.1" 200 208
172.17.0.103 - - [10/Jan/2021:10:41:58 +0800] "GET /xingrg/all/function/internal_message.html?_=1610246514104&CODE_STATE=getMsg HTTP/1.1" 200 27
120.253.135.82 - - [10/Jan/2021:10:41:59 +0800] "POST /xingrg/kc/pszx/mdps_list_operate.html HTTP/1.1" 200 609
114.88.169.67 - - [10/Jan/2021:10:42:01 +0800] "GET /xingrg/check_reg.html?_=1610246516868 HTTP/1.1" 200 22
120.253.135.82 - - [10/Jan/2021:10:42:02 +0800] "POST /xingrg/kc/pszx/mdps_list_operate.html HTTP/1.1" 200 211
58.37.230.33 - - [10/Jan/2021:10:42:02 +0800] "GET /xingrg/index.html?sysBaseUrl=http%3A%2F%2F180.169.147.146%3A18081%2Fxingrg%2F&costTime=34×tamp=1585622960984 HTTP/1.1" 302 -
58.37.230.33 - - [10/Jan/2021:10:42:02 +0800] "GET /xingrg/login.html HTTP/1.1" 200 7641
58.37.230.33 - - [10/Jan/2021:10:42:02 +0800] "GET /xingrg/images/blue/jxLogo.png HTTP/1.1" 200 6156
172.17.0.108 - - [10/Jan/2021:10:42:03 +0800] "GET /xingrg/check_reg.html?_=1610246518814 HTTP/1.1" 302 -
58.37.230.33 - - [10/Jan/2021:10:42:03 +0800] "GET /xingrg/images/blue/login_bg.png HTTP/1.1" 200 22101
58.37.230.33 - - [10/Jan/2021:10:42:03 +0800] "GET /xingrg/images/blue/hj.png HTTP/1.1" 200 1014
58.37.230.33 - - [10/Jan/2021:10:42:03 +0800] "GET /xingrg/images/blue/srbg.png HTTP/1.1" 200 138
58.37.230.33 - - [10/Jan/2021:10:42:03 +0800] "GET /favicon.ico HTTP/1.1" 404 -
222.69.133.109 - - [10/Jan/2021:10:42:03 +0800] "GET /xingrg/all/function/internal_message.html?_=1610246521611&CODE_STATE=getMsg HTTP/1.1" 200 27
120.253.135.82 - - [10/Jan/2021:10:42:04 +0800] "POST /xingrg/kc/pszx/mdps_list_operate.html HTTP/1.1" 200 298
58.37.230.33 - - [10/Jan/2021:10:42:04 +0800] "POST /xingrg/login.do HTTP/1.1" 302 -
58.37.230.33 - - [10/Jan/2021:10:42:04 +0800] "GET /xingrg/index.html?sysBaseUrl=http%3A%2F%2F180.169.147.146%3A18081%2Fxingrg%2F&costTime=38×tamp=1610246524612 HTTP/1.1" 200 17179
58.37.230.33 - - [10/Jan/2021:10:42:04 +0800] "GET /xingrg/css/form.css HTTP/1.1" 200 893
58.37.230.33 - - [10/Jan/2021:10:42:04 +0800] "GET /xingrg/javascript/jquery_easy_ui/jquery.easyui.min.js HTTP/1.1" 200 213662
58.37.230.33 - - [10/Jan/2021:10:42:04 +0800] "GET /xingrg/javascript/jquery.timers.js HTTP/1.1" 200 3532
58.37.230.33 - - [10/Jan/2021:10:42:04 +0800] "GET /xingrg/javascript/jquery_easy_ui/easyui-lang-zh_CN.js HTTP/1.1" 200 1900
58.37.230.33 - - [10/Jan/2021:10:42:04 +0800] "GET /xingrg/javascript/jquery.form.js HTTP/1.1" 200 23110
58.37.230.33 - - [10/Jan/2021:10:42:04 +0800] "GET /xingrg/javascript/jquery_easy_ui/themes/icons/settle_new.png HTTP/1.1" 200 826
58.37.230.33 - - [10/Jan/2021:10:42:04 +0800] "GET /xingrg/images/blue/navBackgound.jpg HTTP/1.1" 200 12378
58.37.230.33 - - [10/Jan/2021:10:42:04 +0800] "GET /favicon.ico HTTP/1.1" 404 -
58.37.230.33 - - [10/Jan/2021:10:42:04 +0800] "POST /xingrg/all/common/load_tree.html?tree=area_rest_tree_json&manage=1 HTTP/1.1" 200 351
58.37.230.33 - - [10/Jan/2021:10:42:04 +0800] "GET /xingrg/all/function/internal_message.html?_=1610246548549&CODE_STATE=count HTTP/1.1" 200 11
58.37.230.33 - - [10/Jan/2021:10:42:04 +0800] "GET /xingrg/check_reg.html?_=1610246548550 HTTP/1.1" 200 22
58.37.230.33 - - [10/Jan/2021:10:42:04 +0800] "GET /xingrg/images/blue/pingpu.png HTTP/1.1" 200 231
58.37.230.33 - - [10/Jan/2021:10:42:04 +0800] "GET /xingrg/javascript/jquery_easy_ui/themes/default/images/tabs_leftarrow.png HTTP/1.1" 200 389
58.37.230.33 - - [10/Jan/2021:10:42:04 +0800] "GET /xingrg/javascript/jquery_easy_ui/themes/default/images/tabs_rightarrow.png HTTP/1.1" 200 395
58.37.230.33 - - [10/Jan/2021:10:42:04 +0800] "GET /xingrg/javascript/jquery_easy_ui/themes/default/images/panel_tool_collapse.gif HTTP/1.1" 200 246
58.37.230.33 - - [10/Jan/2021:10:42:04 +0800] "GET /xingrg/javascript/jquery_easy_ui/themes/default/images/tree_arrows.gif HTTP/1.1" 200 1043
180.156.237.57 - - [10/Jan/2021:10:42:05 +0800] "GET /xingrg/all/function/internal_message.html?_=1610246522284&CODE_STATE=getMsg HTTP/1.1" 200 27
58.37.230.33 - - [10/Jan/2021:10:42:05 +0800] "POST /xingrg/load_menu.html HTTP/1.1" 200 5138
58.37.230.33 - - [10/Jan/2021:10:42:05 +0800] "GET /xingrg/javascript/jquery_easy_ui/themes/default/images/tree_folder_open.gif HTTP/1.1" 200 956
58.37.230.33 - - [10/Jan/2021:10:42:05 +0800] "GET /xingrg/javascript/jquery_easy_ui/themes/icons/search_new.png HTTP/1.1" 200 586
58.37.230.33 - - [10/Jan/2021:10:42:05 +0800] "GET /xingrg/javascript/jquery_easy_ui/themes/icons/storage_new.png HTTP/1.1" 200 853
58.37.230.33 - - [10/Jan/2021:10:42:05 +0800] "GET /xingrg/javascript/jquery_easy_ui/themes/default/images/tree_file.gif HTTP/1.1" 200 118
58.37.230.33 - - [10/Jan/2021:10:42:05 +0800] "GET /xingrg/javascript/jquery_easy_ui/themes/icons/forms_new.png HTTP/1.1" 200 350
58.37.230.33 - - [10/Jan/2021:10:42:05 +0800] "GET /xingrg/javascript/jquery_easy_ui/themes/default/images/tree_folder.gif HTTP/1.1" 200 952
120.253.135.82 - - [10/Jan/2021:10:42:05 +0800] "POST /xingrg/kc/pszx/mdps_list_operate.html HTTP/1.1" 200 621
58.37.230.33 - - [10/Jan/2021:10:42:06 +0800] "GET /xingrg/kc/buy/buy_main.html HTTP/1.1" 200 12412
58.37.230.33 - - [10/Jan/2021:10:42:06 +0800] "GET /xingrg/javascript/jquery_easy_ui/themes/default/images/tabs_close.gif HTTP/1.1" 200 829
58.37.230.33 - - [10/Jan/2021:10:42:06 +0800] "GET /xingrg/css/new_ie.css HTTP/1.1" 404 1036
58.37.230.33 - - [10/Jan/2021:10:42:06 +0800] "GET /xingrg/images/blue/button/cgxqd.gif HTTP/1.1" 200 2619
58.37.230.33 - - [10/Jan/2021:10:42:06 +0800] "GET /xingrg/images/blue/button/cgydd.gif HTTP/1.1" 200 2712
58.37.230.33 - - [10/Jan/2021:10:42:06 +0800] "GET /xingrg/images/blue/button/kc.gif HTTP/1.1" 200 2160
58.37.230.33 - - [10/Jan/2021:10:42:06 +0800] "GET /xingrg/images/blue/button/ckthd.gif HTTP/1.1" 200 2045
58.37.230.33 - - [10/Jan/2021:10:42:06 +0800] "GET /xingrg/images/blue/pic_form2.gif HTTP/1.1" 200 1853
58.37.230.33 - - [10/Jan/2021:10:42:06 +0800] "GET /xingrg/images/blue/button/cgshd.gif HTTP/1.1" 200 2618
58.37.230.33 - - [10/Jan/2021:10:42:06 +0800] "GET /xingrg/images/blue/button/cgfkd.gif HTTP/1.1" 200 2075
58.37.230.33 - - [10/Jan/2021:10:42:06 +0800] "GET /xingrg/images/blue/bg_dotted.jpg HTTP/1.1" 200 319
58.37.230.33 - - [10/Jan/2021:10:42:06 +0800] "GET /xingrg/javascript/jquery_ui/themes/humanity/images/ui-bg_inset-soft_100_f4f0ec_1x100.png HTTP/1.1" 200 141
58.37.230.33 - - [10/Jan/2021:10:42:06 +0800] "GET /xingrg/images/blue/button/right_ah.jpg HTTP/1.1" 200 1744
58.37.230.33 - - [10/Jan/2021:10:42:06 +0800] "GET /xingrg/images/blue/button/down_ah.jpg HTTP/1.1" 200 1732
58.37.230.33 - - [10/Jan/2021:10:42:06 +0800] "GET /xingrg/javascript/jquery_ui/themes/humanity/images/ui-iconsnew.jpg HTTP/1.1" 200 337
58.37.230.33 - - [10/Jan/2021:10:42:06 +0800] "GET /xingrg/javascript/jquery_ui/themes/humanity/images/ui-icons_c47a23_256x240.png HTTP/1.1" 200 5355
58.37.230.33 - - [10/Jan/2021:10:42:06 +0800] "GET /xingrg/javascript/jquery_ui/themes/humanity/images/ui-icons_ffffff_256x240.png HTTP/1.1" 200 4369
58.37.230.33 - - [10/Jan/2021:10:42:06 +0800] "GET /xingrg/javascript/jquery_ui/themes/humanity/images/ui-bg_glass_70_ede4d4_1x400.png HTTP/1.1" 200 161
58.37.230.33 - - [10/Jan/2021:10:42:06 +0800] "GET /xingrg/images/yd/bt.gif HTTP/1.1" 404 1040
58.37.230.33 - - [10/Jan/2021:10:42:07 +0800] "GET /xingrg/kc/buy/cgsh_order_list.html HTTP/1.1" 200 46011
61.165.42.208 - - [10/Jan/2021:10:42:07 +0800] "POST /xingrg/kc/buy/cgsh_order_operate.html HTTP/1.1" 200 37
114.88.169.67 - - [10/Jan/2021:10:42:07 +0800] "GET /xingrg/all/function/internal_message.html?_=1610246523453&CODE_STATE=getMsg HTTP/1.1" 200 27
58.37.230.33 - - [10/Jan/2021:10:42:07 +0800] "GET /xingrg/javascript/easyui/themes/icons/import_new.png HTTP/1.1" 200 1247
58.37.230.33 - - [10/Jan/2021:10:42:07 +0800] "GET /xingrg/javascript/easyui/themes/icons/field_new.png HTTP/1.1" 200 1097
58.37.230.33 - - [10/Jan/2021:10:42:07 +0800] "GET /xingrg/javascript/easyui/themes/icons/check_new.png HTTP/1.1" 200 3224
58.37.230.33 - - [10/Jan/2021:10:42:07 +0800] "GET /xingrg/javascript/easyui/themes/icons/cance_new.png HTTP/1.1" 200 3986
58.37.230.33 - - [10/Jan/2021:10:42:07 +0800] "GET /xingrg/javascript/easyui/themes/icons/edit_add_new.png HTTP/1.1" 200 2997
58.37.230.33 - - [10/Jan/2021:10:42:07 +0800] "GET /xingrg/images/control/ajaxLoader.gif HTTP/1.1" 200 4659
120.253.135.82 - - [10/Jan/2021:10:42:08 +0800] "POST /xingrg/kc/pszx/mdps_list_operate.html HTTP/1.1" 200 233
117.185.32.26 - - [10/Jan/2021:10:42:08 +0800] "POST /xingrg/kc/buy/cgsh_order_operate.html HTTP/1.1" 200 12
172.17.0.103 - - [10/Jan/2021:10:42:09 +0800] "GET /xingrg/kc/buy/buy_main.html HTTP/1.1" 200 12377
172.17.0.103 - - [10/Jan/2021:10:42:09 +0800] "GET /xingrg/css/new_ie.css HTTP/1.1" 404 1036
58.37.230.33 - - [10/Jan/2021:10:42:09 +0800] "POST /xingrg/kc/buy/cgsh_list_operate.html HTTP/1.1" 200 1680
172.17.0.103 - - [10/Jan/2021:10:42:09 +0800] "GET /xingrg/images/yd/bt.gif HTTP/1.1" 404 1040
117.185.32.26 - - [10/Jan/2021:10:42:09 +0800] "GET /xingrg/kc/buy/cgsh_order_info.html?code=212021011004020 HTTP/1.1" 200 56651
58.37.230.33 - - [10/Jan/2021:10:42:10 +0800] "GET /xingrg/javascript/easyui/themes/default/images/button_plain_hover.png HTTP/1.1" 200 144
172.17.0.103 - - [10/Jan/2021:10:42:10 +0800] "GET /xingrg/kc/buy/cgsh_order_list.html HTTP/1.1" 200 45991
117.185.32.26 - - [10/Jan/2021:10:42:10 +0800] "GET /xingrg/javascript/easyui/themes/default/validatebox.css HTTP/1.1" 404 1104
117.185.32.26 - - [10/Jan/2021:10:42:11 +0800] "POST /xingrg/kc/buy/cgsh_order_operate.html HTTP/1.1" 200 2988
120.253.135.82 - - [10/Jan/2021:10:42:11 +0800] "POST /xingrg/kc/pszx/mdps_list_operate.html HTTP/1.1" 200 5554
116.228.172.94 - - [10/Jan/2021:10:42:11 +0800] "GET /xingrg/kc/buy/cgsh_order_operate.html?command=get_materiel&rest_code=00107&code=00101010082&supplier_code=00100323&order_time=2021-01-10 HTTP/1.1" 200 444
172.17.0.103 - - [10/Jan/2021:10:42:12 +0800] "POST /xingrg/kc/buy/cgsh_list_operate.html HTTP/1.1" 200 5228
58.37.230.33 - - [10/Jan/2021:10:42:12 +0800] "GET /xingrg/kc/buy/cgsh_order_add.html HTTP/1.1" 200 61749
117.185.32.26 - - [10/Jan/2021:10:42:12 +0800] "GET /xingrg/kc/print/load_data.html?order_code=212021011004020&kc_code=cgsh&condition= HTTP/1.1" 200 1652
58.37.230.33 - - [10/Jan/2021:10:42:12 +0800] "GET /xingrg/words/20210109170614_words.js HTTP/1.1" 200 787419
58.37.230.33 - - [10/Jan/2021:10:42:13 +0800] "GET /xingrg/javascript/easyui/themes/icons/ok.png HTTP/1.1" 200 883
58.37.230.33 - - [10/Jan/2021:10:42:13 +0800] "GET /xingrg/javascript/easyui/themes/icons/template_new.png HTTP/1.1" 200 3956
58.37.230.33 - - [10/Jan/2021:10:42:13 +0800] "GET /xingrg/javascript/easyui/themes/icons/print.png HTTP/1.1" 200 1057
58.37.230.33 - - [10/Jan/2021:10:42:13 +0800] "GET /xingrg/javascript/easyui/themes/default/images/menu_downarrow.png HTTP/1.1" 200 173
58.37.230.33 - - [10/Jan/2021:10:42:13 +0800] "GET /xingrg/javascript/easyui/themes/icons/cancel.png HTTP/1.1" 200 1133
58.37.230.33 - - [10/Jan/2021:10:42:13 +0800] "POST /xingrg/kc/buy/cgsh_order_operate.html HTTP/1.1" 200 8245
58.37.230.33 - - [10/Jan/2021:10:42:13 +0800] "GET /xingrg/all/common/auto_word.html?type=employee&rest_code=00141 HTTP/1.1" 200 201
58.37.230.33 - - [10/Jan/2021:10:42:13 +0800] "GET /xingrg/all/common/auto_word.html?type=employee&rest_code=00141 HTTP/1.1" 200 201
58.37.230.33 - - [10/Jan/2021:10:42:13 +0800] "GET /xingrg/javascript/easyui/themes/default/validatebox.css HTTP/1.1" 404 1104
58.37.230.33 - - [10/Jan/2021:10:42:13 +0800] "GET /xingrg/javascript/easyui/themes/icons/edit_remove.png HTTP/1.1" 200 625
120.253.135.82 - - [10/Jan/2021:10:42:14 +0800] "POST /xingrg/kc/pszx/mdps_list_operate.html HTTP/1.1" 200 208
222.69.133.109 - - [10/Jan/2021:10:42:14 +0800] "POST /xingrg/kc/buy/cgsh_order_operate.html HTTP/1.1" 200 37
61.165.42.208 - - [10/Jan/2021:10:42:15 +0800] "GET /xingrg/all/function/internal_message.html?_=1610246513484&CODE_STATE=getMsg HTTP/1.1" 200 27
61.165.42.208 - - [10/Jan/2021:10:42:15 +0800] "GET /xingrg/check_reg.html?_=1610246513486 HTTP/1.1" 200 22
120.253.135.82 - - [10/Jan/2021:10:42:17 +0800] "POST /xingrg/kc/pszx/mdps_list_operate.html HTTP/1.1" 200 198
222.69.133.109 - - [10/Jan/2021:10:42:17 +0800] "POST /xingrg/kc/buy/cgsh_order_operate.html HTTP/1.1" 200 12
172.17.0.103 - - [10/Jan/2021:10:42:17 +0800] "POST /xingrg/kc/buy/cgsh_list_operate.html HTTP/1.1" 200 5327
117.185.32.26 - - [10/Jan/2021:10:42:17 +0800] "GET /xingrg/all/function/internal_message.html?_=1610246527455&CODE_STATE=getMsg HTTP/1.1" 200 27
117.185.32.26 - - [10/Jan/2021:10:42:17 +0800] "GET /xingrg/kc/print/load_data.html?order_code=212021011004020&kc_code=cgsh HTTP/1.1" 200 1652
61.165.42.208 - - [10/Jan/2021:10:42:17 +0800] "POST /xingrg/kc/buy/cgsh_order_operate.html HTTP/1.1" 200 2674
222.69.133.109 - - [10/Jan/2021:10:42:18 +0800] "GET /xingrg/kc/buy/cgsh_order_info.html?code=212021011004022 HTTP/1.1" 200 55770
222.69.133.109 - - [10/Jan/2021:10:42:18 +0800] "GET /xingrg/javascript/easyui/themes/default/validatebox.css HTTP/1.1" 404 1104
222.69.133.109 - - [10/Jan/2021:10:42:19 +0800] "POST /xingrg/kc/buy/cgsh_order_operate.html HTTP/1.1" 200 610
114.86.226.161 - - [10/Jan/2021:10:42:19 +0800] "GET /xingrg/all/function/internal_message.html?_=1610246601109&CODE_STATE=getMsg HTTP/1.1" 200 27
120.253.135.82 - - [10/Jan/2021:10:42:19 +0800] "POST /xingrg/kc/pszx/mdps_list_operate.html HTTP/1.1" 200 198
172.17.0.103 - - [10/Jan/2021:10:42:19 +0800] "POST /xingrg/kc/buy/cgsh_list_operate.html HTTP/1.1" 200 491
172.17.0.103 - - [10/Jan/2021:10:42:19 +0800] "GET /xingrg/kc/buy/cgsh_order_info.html?code=212021010903616 HTTP/1.1" 200 61683
172.17.0.103 - - [10/Jan/2021:10:42:19 +0800] "GET /xingrg/words/20210109170614_words.js HTTP/1.1" 200 787419
172.17.0.103 - - [10/Jan/2021:10:42:19 +0800] "GET /xingrg/all/common/auto_word.html?type=employee&rest_code=00147 HTTP/1.1" 200 151
172.17.0.103 - - [10/Jan/2021:10:42:19 +0800] "GET /xingrg/all/common/auto_word.html?type=employee&rest_code=00147 HTTP/1.1" 200 151
172.17.0.103 - - [10/Jan/2021:10:42:20 +0800] "GET /xingrg/javascript/easyui/themes/default/validatebox.css HTTP/1.1" 404 1104
172.17.0.103 - - [10/Jan/2021:10:42:20 +0800] "POST /xingrg/kc/buy/cgsh_order_operate.html HTTP/1.1" 200 5009
58.37.230.33 - - [10/Jan/2021:10:42:20 +0800] "GET /xingrg/javascript/auto/indicator.gif HTTP/1.1" 404 1066
120.253.135.82 - - [10/Jan/2021:10:42:21 +0800] "POST /xingrg/kc/pszx/mdps_list_operate.html HTTP/1.1" 200 198
222.69.133.109 - - [10/Jan/2021:10:42:21 +0800] "GET /xingrg/kc/print/load_data.html?order_code=212021011004022&kc_code=cgsh&condition= HTTP/1.1" 200 707
120.253.135.82 - - [10/Jan/2021:10:42:23 +0800] "POST /xingrg/kc/pszx/mdps_list_operate.html HTTP/1.1" 200 198
58.37.230.33 - - [10/Jan/2021:10:42:23 +0800] "GET /xingrg/javascript/jquery_tools/images/prev.gif HTTP/1.1" 404 1086
58.37.230.33 - - [10/Jan/2021:10:42:23 +0800] "GET /xingrg/javascript/jquery_tools/images/next.gif HTTP/1.1" 404 1086
120.253.135.82 - - [10/Jan/2021:10:42:25 +0800] "GET /xingrg/all/function/internal_message.html?_=1610246300017&CODE_STATE=getMsg HTTP/1.1" 200 27
116.228.172.94 - - [10/Jan/2021:10:42:26 +0800] "GET /xingrg/kc/buy/cgsh_order_operate.html?command=get_materiel&rest_code=00107&code=00101007046&supplier_code=00100323&order_time=2021-01-10 HTTP/1.1" 200 413
61.165.42.208 - - [10/Jan/2021:10:42:26 +0800] "GET /xingrg/kc/print/load_data.html?order_code=212021011004021&kc_code=cgsh&condition= HTTP/1.1" 200 700
172.17.0.240 - - [10/Jan/2021:10:42:26 +0800] "GET /xingrg/all/function/internal_message.html?_=1610246541636&CODE_STATE=getMsg HTTP/1.1" 200 27
172.17.0.100 - - [10/Jan/2021:10:42:27 +0800] "GET /xingrg/all/function/internal_message.html?_=1610246543765&CODE_STATE=getMsg HTTP/1.1" 200 27
120.253.135.82 - - [10/Jan/2021:10:42:29 +0800] "POST /xingrg/kc/pszx/mdps_list_operate.html HTTP/1.1" 200 198
116.228.172.94 - - [10/Jan/2021:10:42:30 +0800] "GET /xingrg/all/function/internal_message.html?_=1610246546804&CODE_STATE=getMsg HTTP/1.1" 200 27
172.17.200.101 - - [10/Jan/2021:10:42:32 +0800] "GET /xingrg/all/function/internal_message.html?_=1610246548089&CODE_STATE=getMsg HTTP/1.1" 200 27
172.17.200.101 - - [10/Jan/2021:10:42:32 +0800] "GET /xingrg/check_reg.html?_=1610246548093 HTTP/1.1" 200 22
222.69.136.245 - - [10/Jan/2021:10:42:32 +0800] "GET /xingrg/all/function/internal_message.html?_=1610246548257&CODE_STATE=getMsg HTTP/1.1" 200 27
120.253.135.82 - - [10/Jan/2021:10:42:36 +0800] "GET /xingrg/kc/pszx/mdps_order_info.html?code=312021011000312 HTTP/1.1" 200 23883
120.253.135.82 - - [10/Jan/2021:10:42:37 +0800] "POST /xingrg/kc/pszx/mdps_order_operate.html HTTP/1.1" 200 2268
120.253.135.82 - - [10/Jan/2021:10:42:37 +0800] "GET /xingrg/javascript/easyui/themes/default/validatebox.css HTTP/1.1" 404 1104
58.37.230.33 - - [10/Jan/2021:10:42:39 +0800] "GET /xingrg/kc/buy/cgsh_order_operate.html?command=get_materiel&rest_code=00141&code=00101006128&supplier_code=00100012&order_time=2021-01-10 HTTP/1.1" 200 427
58.37.230.33 - - [10/Jan/2021:10:42:43 +0800] "GET /xingrg/javascript/jquery_easy_ui/themes/default/images/tabs_active.png HTTP/1.1" 200 2894
116.228.172.94 - - [10/Jan/2021:10:42:44 +0800] "GET /xingrg/kc/buy/cgsh_order_operate.html?command=get_materiel&rest_code=00107&code=00101004017&supplier_code=00100323&order_time=2021-01-10 HTTP/1.1" 200 413
120.253.135.82 - - [10/Jan/2021:10:42:50 +0800] "POST /xingrg/kc/pszx/mdps_order_operate.html HTTP/1.1" 200 37
120.253.135.82 - - [10/Jan/2021:10:42:50 +0800] "GET /xingrg/kc/pszx/mdps_order_info.html?code=312021011000312 HTTP/1.1" 200 23883
180.175.150.119 - - [10/Jan/2021:10:42:51 +0800] "GET /xingrg/all/function/internal_message.html?_=1610246569399&CODE_STATE=getMsg HTTP/1.1" 200 27
120.253.135.82 - - [10/Jan/2021:10:42:51 +0800] "POST /xingrg/kc/pszx/mdps_order_operate.html HTTP/1.1" 200 2268
120.253.135.82 - - [10/Jan/2021:10:42:51 +0800] "GET /xingrg/javascript/easyui/themes/default/validatebox.css HTTP/1.1" 404 1104
172.17.0.123 - - [10/Jan/2021:10:42:53 +0800] "GET /xingrg/check_reg.html?_=1610246471404 HTTP/1.1" 200 22
172.17.0.123 - - [10/Jan/2021:10:42:53 +0800] "GET /xingrg/all/function/internal_message.html?_=1610246471405&CODE_STATE=getMsg HTTP/1.1" 200 27
117.131.5.26 - - [10/Jan/2021:10:42:54 +0800] "GET /xingrg/all/function/internal_message.html?_=1610246620242&CODE_STATE=getMsg HTTP/1.1" 200 27
58.37.230.33 - - [10/Jan/2021:10:42:55 +0800] "GET /xingrg/kc/buy/cgsh_order_operate.html?command=get_materiel&rest_code=00141&code=00101006129&supplier_code=00100012&order_time=2021-01-10 HTTP/1.1" 200 451
120.253.135.82 - - [10/Jan/2021:10:42:55 +0800] "POST /xingrg/kc/pszx/mdps_list_operate.html HTTP/1.1" 200 206
180.175.150.119 - - [10/Jan/2021:10:42:55 +0800] "GET /xingrg/all/function/internal_message.html?_=1610246809713&CODE_STATE=getMsg HTTP/1.1" 200 27
172.17.0.120 - - [10/Jan/2021:10:42:56 +0800] "GET /xingrg/all/function/internal_message.html?_=1610246572631&CODE_STATE=getMsg HTTP/1.1" 200 27
116.228.172.94 - - [10/Jan/2021:10:42:56 +0800] "POST /xingrg/kc/buy/cgsh_order_operate.html HTTP/1.1" 200 37
222.69.133.109 - - [10/Jan/2021:10:42:57 +0800] "GET /xingrg/kc/buy/cgsh_order_add.html HTTP/1.1" 200 60864
222.69.133.109 - - [10/Jan/2021:10:42:57 +0800] "POST /xingrg/kc/buy/cgsh_order_operate.html HTTP/1.1" 200 8245
222.69.133.109 - - [10/Jan/2021:10:42:57 +0800] "GET /xingrg/javascript/easyui/themes/default/validatebox.css HTTP/1.1" 404 1104
172.17.0.103 - - [10/Jan/2021:10:42:58 +0800] "GET /xingrg/all/function/internal_message.html?_=1610246574110&CODE_STATE=getMsg HTTP/1.1" 200 27
116.228.172.94 - - [10/Jan/2021:10:42:58 +0800] "POST /xingrg/kc/buy/cgsh_order_operate.html HTTP/1.1" 200 8631
120.253.135.82 - - [10/Jan/2021:10:42:58 +0800] "GET /xingrg/kc/pszx/mdps_order_info.html?code=312021011000312 HTTP/1.1" 200 23883
61.165.42.208 - - [10/Jan/2021:10:42:59 +0800] "GET /xingrg/all/function/internal_message.html?_=1610246575039&CODE_STATE=getMsg HTTP/1.1" 200 27
120.253.135.82 - - [10/Jan/2021:10:42:59 +0800] "POST /xingrg/kc/pszx/mdps_order_operate.html HTTP/1.1" 200 2268
120.253.135.82 - - [10/Jan/2021:10:42:59 +0800] "GET /xingrg/javascript/easyui/themes/default/validatebox.css HTTP/1.1" 404 1104
116.228.172.94 - - [10/Jan/2021:10:43:00 +0800] "GET /xingrg/kc/print/load_data.html?order_code=212021011004023&kc_code=cgsh&condition= HTTP/1.1" 200 2963
120.253.135.82 - - [10/Jan/2021:10:43:02 +0800] "POST /xingrg/kc/pszx/mdps_list_operate.html HTTP/1.1" 200 5552
172.17.0.103 - - [10/Jan/2021:10:43:03 +0800] "POST /xingrg/kc/buy/cgsh_order_operate.html HTTP/1.1" 200 37
222.69.136.245 - - [10/Jan/2021:10:43:03 +0800] "POST /xingrg/all/report/report_print.html HTTP/1.1" 302 -
222.69.136.245 - - [10/Jan/2021:10:43:03 +0800] "GET /xingrg/servlets/image?image=px HTTP/1.1" 200 807
222.69.136.245 - - [10/Jan/2021:10:43:03 +0800] "GET /xingrg/servlets/html?sysBaseUrl=http%3A%2F%2F180.169.147.146%3A18081%2Fxingrg%2F&costTime=263×tamp=1610246583384 HTTP/1.1" 200 104517
222.69.136.245 - - [10/Jan/2021:10:43:03 +0800] "GET /favicon.ico HTTP/1.1" 404 -
222.69.133.109 - - [10/Jan/2021:10:43:03 +0800] "GET /xingrg/all/function/internal_message.html?_=1610246581592&CODE_STATE=getMsg HTTP/1.1" 200 27
58.37.230.33 - - [10/Jan/2021:10:43:04 +0800] "GET /xingrg/kc/buy/cgsh_order_operate.html?command=get_materiel&rest_code=00141&code=00101006111&supplier_code=00100012&order_time=2021-01-10 HTTP/1.1" 200 409
172.17.0.103 - - [10/Jan/2021:10:43:04 +0800] "POST /xingrg/kc/buy/cgsh_order_operate.html HTTP/1.1" 200 4422
222.69.133.109 - - [10/Jan/2021:10:43:04 +0800] "GET /xingrg/check_reg.html?_=1610246582321 HTTP/1.1" 200 22
58.37.230.33 - - [10/Jan/2021:10:43:04 +0800] "GET /xingrg/all/function/internal_message.html?_=1610246608580&CODE_STATE=getMsg HTTP/1.1" 200 27
180.156.237.57 - - [10/Jan/2021:10:43:05 +0800] "GET /xingrg/check_reg.html?_=1610246582293 HTTP/1.1" 200 22
180.156.237.57 - - [10/Jan/2021:10:43:05 +0800] "GET /xingrg/all/function/internal_message.html?_=1610246582297&CODE_STATE=getMsg HTTP/1.1" 200 27
116.228.172.94 - - [10/Jan/2021:10:43:05 +0800] "GET /xingrg/kc/buy/cgsh_order_add.html HTTP/1.1" 200 61831
172.17.0.103 - - [10/Jan/2021:10:43:05 +0800] "GET /xingrg/kc/print/load_config.html?kc_code=cgsh HTTP/1.1" 200 1845
172.17.0.103 - - [10/Jan/2021:10:43:06 +0800] "GET /xingrg/kc/print/load_data.html?order_code=212021010903616&kc_code=cgsh&condition= HTTP/1.1" 200 1378
116.228.172.94 - - [10/Jan/2021:10:43:06 +0800] "GET /xingrg/javascript/easyui/themes/default/validatebox.css HTTP/1.1" 404 1104
117.184.7.30 - - [10/Jan/2021:10:43:06 +0800] "GET /xingrg/login.html HTTP/1.1" 200 7641
116.228.172.94 - - [10/Jan/2021:10:43:06 +0800] "POST /xingrg/kc/buy/cgsh_order_operate.html HTTP/1.1" 200 8245
117.184.7.30 - - [10/Jan/2021:10:43:07 +0800] "GET /favicon.ico HTTP/1.1" 404 -
116.228.172.94 - - [10/Jan/2021:10:43:07 +0800] "GET /xingrg/javascript/easyui/themes/default/tree.css HTTP/1.1" 404 1090
116.228.172.94 - - [10/Jan/2021:10:43:07 +0800] "POST /xingrg/all/common/load_tree.html?tree=supplier_tree_json&isDelete=1 HTTP/1.1" 200 54158
114.88.169.67 - - [10/Jan/2021:10:43:07 +0800] "GET /xingrg/all/function/internal_message.html?_=1610246583457&CODE_STATE=getMsg HTTP/1.1" 200 27
58.37.230.33 - - [10/Jan/2021:10:43:13 +0800] "GET /xingrg/kc/buy/cgsh_order_operate.html?command=get_materiel&rest_code=00141&code=00101006071&supplier_code=00100012&order_time=2021-01-10 HTTP/1.1" 200 409
61.165.42.208 - - [10/Jan/2021:10:43:15 +0800] "GET /xingrg/all/function/internal_message.html?_=1610246573483&CODE_STATE=getMsg HTTP/1.1" 200 27
120.253.135.82 - - [10/Jan/2021:10:43:15 +0800] "GET /xingrg/kc/pszx/mdqp_order_list.html?state=10 HTTP/1.1" 200 11010
120.253.135.82 - - [10/Jan/2021:10:43:15 +0800] "GET /xingrg/dwr/interface/AjaxReportQueryService.js HTTP/1.1" 200 13203
120.253.135.82 - - [10/Jan/2021:10:43:15 +0800] "POST /xingrg/kc/pszx/mdps_list_operate.html HTTP/1.1" 200 5552
120.253.135.82 - - [10/Jan/2021:10:43:15 +0800] "GET /xingrg/dwr/interface/AjaxQqpsService.js HTTP/1.1" 200 16326
120.253.135.82 - - [10/Jan/2021:10:43:15 +0800] "GET /xingrg/dwr/engine.js HTTP/1.1" 200 43631
117.185.32.26 - - [10/Jan/2021:10:43:17 +0800] "GET /xingrg/all/function/internal_message.html?_=1610246587426&CODE_STATE=getMsg HTTP/1.1" 200 27
117.185.32.26 - - [10/Jan/2021:10:43:17 +0800] "GET /xingrg/check_reg.html?_=1610246587491 HTTP/1.1" 200 22
114.86.226.161 - - [10/Jan/2021:10:43:19 +0800] "GET /xingrg/check_reg.html?_=1610246661097 HTTP/1.1" 200 22
114.86.226.161 - - [10/Jan/2021:10:43:19 +0800] "GET /xingrg/all/function/internal_message.html?_=1610246661097&CODE_STATE=getMsg HTTP/1.1" 200 27
117.184.7.30 - - [10/Jan/2021:10:43:23 +0800] "POST /xingrg/login.do HTTP/1.1" 302 -
117.184.7.30 - - [10/Jan/2021:10:43:24 +0800] "GET /xingrg/index.html?sysBaseUrl=http%3A%2F%2F180.169.147.146%3A18081%2Fxingrg%2F&costTime=39×tamp=1610246603977 HTTP/1.1" 200 17179
117.184.7.30 - - [10/Jan/2021:10:43:24 +0800] "GET /favicon.ico HTTP/1.1" 404 -
117.184.7.30 - - [10/Jan/2021:10:43:25 +0800] "POST /xingrg/all/common/load_tree.html?tree=area_rest_tree_json&manage=1 HTTP/1.1" 200 470
120.253.135.82 - - [10/Jan/2021:10:43:25 +0800] "GET /xingrg/all/function/internal_message.html?_=1610246360029&CODE_STATE=getMsg HTTP/1.1" 200 27
117.184.7.30 - - [10/Jan/2021:10:43:25 +0800] "GET /xingrg/all/function/internal_message.html?_=1610246600936&CODE_STATE=count HTTP/1.1" 200 11
117.184.7.30 - - [10/Jan/2021:10:43:25 +0800] "GET /xingrg/check_reg.html?_=1610246600937 HTTP/1.1" 200 22
117.184.7.30 - - [10/Jan/2021:10:43:25 +0800] "POST /xingrg/load_menu.html HTTP/1.1" 200 5138
58.37.230.33 - - [10/Jan/2021:10:43:25 +0800] "GET /xingrg/kc/buy/cgsh_order_operate.html?command=get_materiel&rest_code=00141&code=00101006055&supplier_code=00100012&order_time=2021-01-10 HTTP/1.1" 200 409
172.17.0.240 - - [10/Jan/2021:10:43:26 +0800] "GET /xingrg/check_reg.html?_=1610246601633 HTTP/1.1" 200 22
172.17.0.240 - - [10/Jan/2021:10:43:26 +0800] "GET /xingrg/all/function/internal_message.html?_=1610246601635&CODE_STATE=getMsg HTTP/1.1" 200 27
222.69.133.109 - - [10/Jan/2021:10:43:27 +0800] "POST /xingrg/kc/buy/cgsh_order_operate.html HTTP/1.1" 200 37
