116.228.172.94 - - [10/Jan/2021:10:36:29 +0800] "GET /xingrg/kc/buy/cgsh_order_add.html HTTP/1.1" 200 61831
114.86.226.161 - - [10/Jan/2021:10:36:29 +0800] "GET /xingrg/kc/buy/cgsh_order_operate.html?command=get_materiel&rest_code=00109&code=00101008351&supplier_code=00100005&order_time=2021-01-10 HTTP/1.1" 200 408
116.228.172.94 - - [10/Jan/2021:10:36:30 +0800] "GET /xingrg/javascript/easyui/themes/default/validatebox.css HTTP/1.1" 404 1104
116.228.172.94 - - [10/Jan/2021:10:36:30 +0800] "POST /xingrg/kc/buy/cgsh_order_operate.html HTTP/1.1" 200 8245
120.253.135.82 - - [10/Jan/2021:10:36:30 +0800] "GET /xingrg/kc/pszx/mdps_order_add.html HTTP/1.1" 200 29131
120.253.135.82 - - [10/Jan/2021:10:36:30 +0800] "POST /xingrg/kc/pszx/mdps_order_operate.html HTTP/1.1" 200 7126
116.228.172.94 - - [10/Jan/2021:10:36:30 +0800] "GET /xingrg/all/function/internal_message.html?_=1610246186698&CODE_STATE=getMsg HTTP/1.1" 200 27
120.253.135.82 - - [10/Jan/2021:10:36:30 +0800] "GET /xingrg/javascript/easyui/themes/default/validatebox.css HTTP/1.1" 404 1104
114.88.169.67 - - [10/Jan/2021:10:36:31 +0800] "GET /xingrg/kc/print/load_data.html?order_code=212021011004006&kc_code=cgsh&condition= HTTP/1.1" 200 1184
172.17.200.101 - - [10/Jan/2021:10:36:32 +0800] "GET /xingrg/all/function/internal_message.html?_=1610246188082&CODE_STATE=getMsg HTTP/1.1" 200 27
222.69.136.245 - - [10/Jan/2021:10:36:32 +0800] "GET /xingrg/all/function/internal_message.html?_=1610246188229&CODE_STATE=getMsg HTTP/1.1" 200 27
116.228.172.94 - - [10/Jan/2021:10:36:32 +0800] "GET /xingrg/javascript/easyui/themes/default/tree.css HTTP/1.1" 404 1090
116.228.172.94 - - [10/Jan/2021:10:36:32 +0800] "POST /xingrg/all/common/load_tree.html?tree=supplier_tree_json&isDelete=1 HTTP/1.1" 200 54158
61.165.42.208 - - [10/Jan/2021:10:36:33 +0800] "GET /xingrg/kc/buy/cgsh_order_operate.html?command=get_materiel&rest_code=00105&code=00101005015&supplier_code=00100312&order_time=2021-01-10 HTTP/1.1" 200 409
114.86.226.161 - - [10/Jan/2021:10:36:35 +0800] "GET /xingrg/kc/buy/cgsh_order_operate.html?command=get_materiel&rest_code=00109&code=00101008110&supplier_code=00100005&order_time=2021-01-10 HTTP/1.1" 200 408
120.253.135.82 - - [10/Jan/2021:10:36:39 +0800] "POST /xingrg/all/common/load_combo.html?type=base HTTP/1.1" 200 984
61.165.42.208 - - [10/Jan/2021:10:36:41 +0800] "GET /xingrg/kc/buy/cgsh_order_operate.html?command=get_materiel&rest_code=00105&code=00101004004&supplier_code=00100312&order_time=2021-01-10 HTTP/1.1" 200 413
180.161.116.123 - - [10/Jan/2021:10:36:42 +0800] "GET /xingrg/all/function/internal_message.html?_=1610246198361&CODE_STATE=getMsg HTTP/1.1" 302 -
114.86.226.161 - - [10/Jan/2021:10:36:42 +0800] "GET /xingrg/kc/buy/cgsh_order_operate.html?command=get_materiel&rest_code=00109&code=00101008096&supplier_code=00100005&order_time=2021-01-10 HTTP/1.1" 200 413
120.204.17.70 - - [10/Jan/2021:10:36:42 +0800] "GET /xingrg/kc/buy/cgsh_order_operate.html?command=get_materiel&rest_code=00106&code=00101006113&supplier_code=00100015&order_time=2021-01-10 HTTP/1.1" 302 -
180.175.150.119 - - [10/Jan/2021:10:36:43 +0800] "GET /xingrg/kc/mdqp/qqps_order_add.html HTTP/1.1" 200 28067
180.175.150.119 - - [10/Jan/2021:10:36:43 +0800] "GET /xingrg/dwr/interface/AjaxComOrderService.js HTTP/1.1" 200 18264
180.175.150.119 - - [10/Jan/2021:10:36:43 +0800] "GET /xingrg/dwr/interface/AjaxQqpsService.js HTTP/1.1" 200 16326
180.175.150.119 - - [10/Jan/2021:10:36:43 +0800] "GET /xingrg/dwr/engine.js HTTP/1.1" 200 43631
180.156.237.57 - - [10/Jan/2021:10:36:45 +0800] "GET /xingrg/all/function/internal_message.html?_=1610246202927&CODE_STATE=getMsg HTTP/1.1" 200 27
180.175.150.119 - - [10/Jan/2021:10:36:47 +0800] "GET /xingrg/javascript/jquery_easy_ui/themes/icons/ok.png HTTP/1.1" 304 -
180.175.150.119 - - [10/Jan/2021:10:36:47 +0800] "GET /xingrg/images/blue/button/kc_tab_add.gif HTTP/1.1" 304 -
180.175.150.119 - - [10/Jan/2021:10:36:47 +0800] "GET /xingrg/images/blue/button/kc_tab_edit.gif HTTP/1.1" 304 -
180.175.150.119 - - [10/Jan/2021:10:36:47 +0800] "GET /xingrg/images/blue/button/kc_tab_del.gif HTTP/1.1" 304 -
180.175.150.119 - - [10/Jan/2021:10:36:47 +0800] "GET /xingrg/images/blue/button/kc_tab_save.gif HTTP/1.1" 304 -
180.175.150.119 - - [10/Jan/2021:10:36:47 +0800] "GET /xingrg/images/blue/kc_tab2_left.gif HTTP/1.1" 304 -
180.175.150.119 - - [10/Jan/2021:10:36:47 +0800] "GET /xingrg/images/blue/kc_tab2_right.gif HTTP/1.1" 304 -
180.175.150.119 - - [10/Jan/2021:10:36:49 +0800] "GET /xingrg/dwr/interface/AjaxQqpsService.js HTTP/1.1" 200 16326
180.175.150.119 - - [10/Jan/2021:10:36:49 +0800] "GET /xingrg/dwr/interface/AjaxReportQueryService.js HTTP/1.1" 200 13203
180.175.150.119 - - [10/Jan/2021:10:36:49 +0800] "GET /xingrg/dwr/engine.js HTTP/1.1" 200 43631
180.175.150.119 - - [10/Jan/2021:10:36:50 +0800] "GET /xingrg/kc/mdqp/qqps_order_list.html HTTP/1.1" 200 9668
180.162.108.15 - - [10/Jan/2021:10:36:50 +0800] "GET /xingrg/all/function/internal_message.html?_=1610246078851&CODE_STATE=getMsg HTTP/1.1" 200 27
114.86.226.161 - - [10/Jan/2021:10:36:51 +0800] "POST /xingrg/kc/buy/cgsh_order_operate.html HTTP/1.1" 200 37
61.165.42.208 - - [10/Jan/2021:10:36:51 +0800] "GET /xingrg/kc/buy/cgsh_order_operate.html?command=get_materiel&rest_code=00105&code=00101001029&supplier_code=00100312&order_time=2021-01-10 HTTP/1.1" 200 415
120.253.135.82 - - [10/Jan/2021:10:36:51 +0800] "GET /xingrg/kc/pszx/mdps_order_operate.html?command=get_materiel&pszx_code=00101&rest_code=00104&base_code=0010250&code=00102003603 HTTP/1.1" 200 412
180.175.150.119 - - [10/Jan/2021:10:36:51 +0800] "GET /xingrg/check_reg.html?_=1610246209178 HTTP/1.1" 200 22
180.175.150.119 - - [10/Jan/2021:10:36:51 +0800] "GET /xingrg/all/function/internal_message.html?_=1610246209302&CODE_STATE=getMsg HTTP/1.1" 200 27
117.185.32.26 - - [10/Jan/2021:10:36:51 +0800] "GET /xingrg/kc/buy/cgsh_order_operate.html?command=get_materiel&rest_code=00106&code=00101012025&supplier_code=00100032&order_time=2021-01-10 HTTP/1.1" 200 412
222.70.174.6 - - [10/Jan/2021:10:36:51 +0800] "GET /xingrg/check_reg.html?_=1610246220228 HTTP/1.1" 200 22
114.86.226.161 - - [10/Jan/2021:10:36:52 +0800] "POST /xingrg/kc/buy/cgsh_order_operate.html HTTP/1.1" 200 10356
180.175.150.119 - - [10/Jan/2021:10:36:52 +0800] "GET /xingrg/all/function/internal_message.html?_=1610246446403&CODE_STATE=getMsg HTTP/1.1" 200 27
116.228.172.94 - - [10/Jan/2021:10:36:52 +0800] "GET /xingrg/kc/buy/cgsh_order_operate.html?command=get_materiel&rest_code=00107&code=00101006001&supplier_code=00100404&order_time=2021-01-10 HTTP/1.1" 200 426
180.175.150.119 - - [10/Jan/2021:10:36:52 +0800] "GET /xingrg/kc/mdqp/qqps_order_info.html?code=302021011000229 HTTP/1.1" 200 8212
180.175.150.119 - - [10/Jan/2021:10:36:52 +0800] "GET /xingrg/dwr/interface/AjaxComOrderService.js HTTP/1.1" 200 18264
180.175.150.119 - - [10/Jan/2021:10:36:52 +0800] "GET /xingrg/kc/mdqp/qqps_order_info.html?code=302021011000229 HTTP/1.1" 200 26472
180.175.150.119 - - [10/Jan/2021:10:36:52 +0800] "GET /xingrg/dwr/interface/AjaxQqpsService.js HTTP/1.1" 200 16326
180.175.150.119 - - [10/Jan/2021:10:36:52 +0800] "GET /xingrg/dwr/engine.js HTTP/1.1" 200 43631
120.204.17.70 - - [10/Jan/2021:10:36:52 +0800] "GET /xingrg/login.html HTTP/1.1" 200 7641
172.17.0.123 - - [10/Jan/2021:10:36:53 +0800] "GET /xingrg/all/function/internal_message.html?_=1610246111417&CODE_STATE=getMsg HTTP/1.1" 200 27
117.131.5.26 - - [10/Jan/2021:10:36:54 +0800] "GET /xingrg/all/function/internal_message.html?_=1610246260244&CODE_STATE=getMsg HTTP/1.1" 200 27
180.175.150.119 - - [10/Jan/2021:10:36:56 +0800] "POST /xingrg/dwr/call/plaincall/AjaxQqpsService.loadMaterielItems.dwr HTTP/1.1" 200 323
172.17.0.120 - - [10/Jan/2021:10:36:56 +0800] "GET /xingrg/all/function/internal_message.html?_=1610246212630&CODE_STATE=getMsg HTTP/1.1" 200 27
180.175.150.119 - - [10/Jan/2021:10:36:58 +0800] "GET /xingrg/images/yd/bt.gif HTTP/1.1" 404 1040
172.17.0.103 - - [10/Jan/2021:10:36:58 +0800] "GET /xingrg/all/function/internal_message.html?_=1610246214064&CODE_STATE=getMsg HTTP/1.1" 200 27
222.69.133.109 - - [10/Jan/2021:10:36:58 +0800] "GET /xingrg/kc/buy/cgsh_order_add.html HTTP/1.1" 200 60864
120.253.135.82 - - [10/Jan/2021:10:36:58 +0800] "POST /xingrg/kc/pszx/mdps_order_operate.html HTTP/1.1" 200 37
61.165.42.208 - - [10/Jan/2021:10:36:58 +0800] "GET /xingrg/all/function/internal_message.html?_=1610246214721&CODE_STATE=getMsg HTTP/1.1" 200 27
222.69.133.109 - - [10/Jan/2021:10:36:59 +0800] "POST /xingrg/kc/buy/cgsh_order_operate.html HTTP/1.1" 200 8245
222.69.133.109 - - [10/Jan/2021:10:36:59 +0800] "GET /xingrg/javascript/easyui/themes/default/validatebox.css HTTP/1.1" 404 1104
120.253.135.82 - - [10/Jan/2021:10:36:59 +0800] "GET /xingrg/kc/pszx/mdps_order_info.html?code=312021011000317 HTTP/1.1" 200 23889
117.185.32.26 - - [10/Jan/2021:10:36:59 +0800] "GET /xingrg/kc/buy/cgsh_order_operate.html?command=get_materiel&rest_code=00106&code=00101016053&supplier_code=00100032&order_time=2021-01-10 HTTP/1.1" 200 408
180.175.150.119 - - [10/Jan/2021:10:37:00 +0800] "POST /xingrg/dwr/call/plaincall/AjaxQqpsService.uncheckOrder.dwr HTTP/1.1" 200 78
120.253.135.82 - - [10/Jan/2021:10:37:00 +0800] "GET /xingrg/javascript/easyui/themes/default/validatebox.css HTTP/1.1" 404 1104
120.253.135.82 - - [10/Jan/2021:10:37:00 +0800] "POST /xingrg/kc/pszx/mdps_order_operate.html HTTP/1.1" 200 2268
114.88.169.67 - - [10/Jan/2021:10:37:01 +0800] "GET /xingrg/check_reg.html?_=1610246216860 HTTP/1.1" 200 22
172.17.0.108 - - [10/Jan/2021:10:37:03 +0800] "GET /xingrg/check_reg.html?_=1610246218834 HTTP/1.1" 302 -
61.165.42.208 - - [10/Jan/2021:10:37:03 +0800] "POST /xingrg/kc/buy/cgsh_order_operate.html HTTP/1.1" 200 37
222.69.133.109 - - [10/Jan/2021:10:37:04 +0800] "GET /xingrg/all/function/internal_message.html?_=1610246221722&CODE_STATE=getMsg HTTP/1.1" 200 27
61.165.42.208 - - [10/Jan/2021:10:37:04 +0800] "POST /xingrg/kc/buy/cgsh_order_operate.html HTTP/1.1" 200 5617
180.175.150.119 - - [10/Jan/2021:10:37:05 +0800] "GET /xingrg/css/blue.css HTTP/1.1" 304 -
180.175.150.119 - - [10/Jan/2021:10:37:05 +0800] "GET /xingrg/javascript/auto/jquery.autocomplete.css HTTP/1.1" 304 -
180.175.150.119 - - [10/Jan/2021:10:37:05 +0800] "GET /xingrg/kc/mdqp/qqps_order_info.html?code=302021011000229 HTTP/1.1" 200 28231
180.175.150.119 - - [10/Jan/2021:10:37:05 +0800] "GET /xingrg/javascript/jquery_easy_ui/themes/icon.css HTTP/1.1" 304 -
180.175.150.119 - - [10/Jan/2021:10:37:05 +0800] "GET /xingrg/javascript/jquery-1.4.2.min.js HTTP/1.1" 304 -
180.175.150.119 - - [10/Jan/2021:10:37:05 +0800] "GET /xingrg/javascript/jquery_easy_ui/jquery.easyui.min.js HTTP/1.1" 304 -
180.175.150.119 - - [10/Jan/2021:10:37:05 +0800] "GET /xingrg/javascript/jquery_easy_ui/easyui-lang-zh_CN.js HTTP/1.1" 304 -
180.175.150.119 - - [10/Jan/2021:10:37:05 +0800] "GET /xingrg/javascript/auto/jquery.autocomplete.js HTTP/1.1" 304 -
180.175.150.119 - - [10/Jan/2021:10:37:05 +0800] "GET /xingrg/javascript/tools/jquery.qtip-1.0.0-rc3.min.js HTTP/1.1" 304 -
180.175.150.119 - - [10/Jan/2021:10:37:05 +0800] "GET /xingrg/javascript/jquery.utils.js HTTP/1.1" 304 -
180.175.150.119 - - [10/Jan/2021:10:37:05 +0800] "GET /xingrg/javascript/pic_change.js HTTP/1.1" 304 -
222.70.174.6 - - [10/Jan/2021:10:37:05 +0800] "POST /xingrg/services/DataTransmitService HTTP/1.1" 200 524
180.175.150.119 - - [10/Jan/2021:10:37:05 +0800] "GET /xingrg/dwr/util.js HTTP/1.1" 304 -
180.175.150.119 - - [10/Jan/2021:10:37:05 +0800] "GET /xingrg/javascript/Calendar.js HTTP/1.1" 304 -
180.175.150.119 - - [10/Jan/2021:10:37:05 +0800] "GET /xingrg/javascript/myfunction.js HTTP/1.1" 304 -
180.175.150.119 - - [10/Jan/2021:10:37:05 +0800] "GET /xingrg/javascript/AjaxInfoList.js HTTP/1.1" 304 -
180.175.150.119 - - [10/Jan/2021:10:37:05 +0800] "GET /xingrg/javascript/Grid.js HTTP/1.1" 304 -
180.175.150.119 - - [10/Jan/2021:10:37:05 +0800] "GET /xingrg/javascript/ToolTips.js HTTP/1.1" 304 -
180.175.150.119 - - [10/Jan/2021:10:37:05 +0800] "GET /xingrg/javascript/print/kc_print.js HTTP/1.1" 304 -
180.175.150.119 - - [10/Jan/2021:10:37:05 +0800] "GET /xingrg/dwr/interface/AjaxQqpsService.js HTTP/1.1" 200 16326
180.175.150.119 - - [10/Jan/2021:10:37:05 +0800] "GET /xingrg/javascript/print/LodopFuncs.js HTTP/1.1" 304 -
180.175.150.119 - - [10/Jan/2021:10:37:05 +0800] "GET /xingrg/javascript/jquery_easy_ui/themes/default/easyui.css HTTP/1.1" 304 -
180.175.150.119 - - [10/Jan/2021:10:37:05 +0800] "GET /xingrg/dwr/interface/AjaxComOrderService.js HTTP/1.1" 200 18264
180.175.150.119 - - [10/Jan/2021:10:37:06 +0800] "GET /xingrg/dwr/engine.js HTTP/1.1" 200 43631
180.175.150.119 - - [10/Jan/2021:10:37:06 +0800] "GET /xingrg/words/20210109170614_words.js HTTP/1.1" 304 -
180.175.150.119 - - [10/Jan/2021:10:37:06 +0800] "GET /xingrg/javascript/jquery_easy_ui/themes/icons/template_new.png HTTP/1.1" 304 -
222.70.174.6 - - [10/Jan/2021:10:37:06 +0800] "POST /xingrg/services/DataTransmitService HTTP/1.1" 200 1955
180.175.150.119 - - [10/Jan/2021:10:37:06 +0800] "GET /xingrg/javascript/jquery_easy_ui/themes/icons/edit_add_new.png HTTP/1.1" 304 -
180.175.150.119 - - [10/Jan/2021:10:37:06 +0800] "GET /xingrg/javascript/jquery_easy_ui/themes/icons/copy_new.png HTTP/1.1" 304 -
180.175.150.119 - - [10/Jan/2021:10:37:06 +0800] "GET /xingrg/javascript/jquery_easy_ui/themes/icons/cance_new.png HTTP/1.1" 304 -
180.175.150.119 - - [10/Jan/2021:10:37:06 +0800] "GET /xingrg/javascript/jquery_easy_ui/themes/icons/ok.png HTTP/1.1" 304 -
180.175.150.119 - - [10/Jan/2021:10:37:06 +0800] "GET /xingrg/javascript/jquery_easy_ui/themes/icons/check_new.png HTTP/1.1" 304 -
180.175.150.119 - - [10/Jan/2021:10:37:06 +0800] "GET /xingrg/javascript/jquery_easy_ui/themes/icons/print.png HTTP/1.1" 304 -
180.175.150.119 - - [10/Jan/2021:10:37:06 +0800] "GET /xingrg/javascript/jquery_easy_ui/themes/default/images/menu_downarrow.png HTTP/1.1" 304 -
180.175.150.119 - - [10/Jan/2021:10:37:06 +0800] "GET /xingrg/javascript/jquery_easy_ui/themes/icons/back_new.png HTTP/1.1" 304 -
180.175.150.119 - - [10/Jan/2021:10:37:06 +0800] "GET /xingrg/javascript/jquery_easy_ui/themes/default/images/combo_arrow_dot.gif HTTP/1.1" 304 -
114.88.169.67 - - [10/Jan/2021:10:37:06 +0800] "GET /xingrg/all/function/internal_message.html?_=1610246222321&CODE_STATE=getMsg HTTP/1.1" 200 27
116.228.172.94 - - [10/Jan/2021:10:37:06 +0800] "POST /xingrg/kc/buy/cgsh_order_operate.html HTTP/1.1" 200 37
61.165.42.208 - - [10/Jan/2021:10:37:06 +0800] "GET /xingrg/kc/print/load_data.html?order_code=212021011004008&kc_code=cgsh&condition= HTTP/1.1" 200 1801
222.70.174.6 - - [10/Jan/2021:10:37:06 +0800] "POST /xingrg/services/DataTransmitService HTTP/1.1" 200 164827
180.175.150.119 - - [10/Jan/2021:10:37:07 +0800] "GET /xingrg/images/blue/button/kc_tab_edit.gif HTTP/1.1" 304 -
180.175.150.119 - - [10/Jan/2021:10:37:07 +0800] "GET /xingrg/images/blue/button/kc_tab_add.gif HTTP/1.1" 304 -
180.175.150.119 - - [10/Jan/2021:10:37:07 +0800] "GET /xingrg/images/blue/button/kc_tab_save.gif HTTP/1.1" 304 -
180.175.150.119 - - [10/Jan/2021:10:37:07 +0800] "GET /xingrg/images/blue/button/kc_tab_del.gif HTTP/1.1" 304 -
180.175.150.119 - - [10/Jan/2021:10:37:07 +0800] "GET /xingrg/images/blue/kc_tab_left.gif HTTP/1.1" 304 -
180.175.150.119 - - [10/Jan/2021:10:37:07 +0800] "GET /xingrg/images/blue/kc_tab_mid.gif HTTP/1.1" 304 -
180.175.150.119 - - [10/Jan/2021:10:37:07 +0800] "GET /xingrg/images/blue/kc_tab_right.gif HTTP/1.1" 304 -
180.175.150.119 - - [10/Jan/2021:10:37:07 +0800] "GET /xingrg/images/blue/kc_tab2_left.gif HTTP/1.1" 304 -
180.175.150.119 - - [10/Jan/2021:10:37:07 +0800] "GET /xingrg/images/blue/kc_tab2_right.gif HTTP/1.1" 304 -
180.175.150.119 - - [10/Jan/2021:10:37:07 +0800] "GET /xingrg/images/blue/wait.gif HTTP/1.1" 304 -
180.175.150.119 - - [10/Jan/2021:10:37:07 +0800] "POST /xingrg/dwr/call/plaincall/AjaxQqpsService.loadMaterielItems.dwr HTTP/1.1" 200 323
116.228.172.94 - - [10/Jan/2021:10:37:07 +0800] "POST /xingrg/kc/buy/cgsh_order_operate.html HTTP/1.1" 200 2675
116.228.172.94 - - [10/Jan/2021:10:37:09 +0800] "GET /xingrg/kc/print/load_data.html?order_code=212021011004009&kc_code=cgsh&condition= HTTP/1.1" 200 706
120.253.135.82 - - [10/Jan/2021:10:37:10 +0800] "POST /xingrg/kc/pszx/mdps_list_operate.html HTTP/1.1" 200 2054
61.165.42.208 - - [10/Jan/2021:10:37:10 +0800] "GET /xingrg/kc/buy/cgsh_order_add.html HTTP/1.1" 200 61790
61.165.42.208 - - [10/Jan/2021:10:37:10 +0800] "GET /xingrg/javascript/easyui/themes/default/validatebox.css HTTP/1.1" 404 1104
61.165.42.208 - - [10/Jan/2021:10:37:10 +0800] "POST /xingrg/kc/buy/cgsh_order_operate.html HTTP/1.1" 200 8245
120.253.135.82 - - [10/Jan/2021:10:37:11 +0800] "GET /xingrg/kc/pszx/mdps_order_add.html HTTP/1.1" 200 29131
180.175.150.119 - - [10/Jan/2021:10:37:11 +0800] "GET /xingrg/images/yd/bt.gif HTTP/1.1" 404 1040
120.253.135.82 - - [10/Jan/2021:10:37:12 +0800] "POST /xingrg/kc/pszx/mdps_order_operate.html HTTP/1.1" 200 7126
120.253.135.82 - - [10/Jan/2021:10:37:12 +0800] "GET /xingrg/javascript/easyui/themes/default/validatebox.css HTTP/1.1" 404 1104
180.175.150.119 - - [10/Jan/2021:10:37:13 +0800] "POST /xingrg/dwr/call/plaincall/AjaxQqpsService.saveOrder.dwr HTTP/1.1" 200 78
116.228.172.94 - - [10/Jan/2021:10:37:13 +0800] "GET /xingrg/kc/buy/cgsh_order_add.html HTTP/1.1" 200 61831
116.228.172.94 - - [10/Jan/2021:10:37:14 +0800] "GET /xingrg/javascript/easyui/themes/default/validatebox.css HTTP/1.1" 404 1104
116.228.172.94 - - [10/Jan/2021:10:37:14 +0800] "POST /xingrg/kc/buy/cgsh_order_operate.html HTTP/1.1" 200 8245
116.228.172.94 - - [10/Jan/2021:10:37:15 +0800] "GET /xingrg/javascript/easyui/themes/default/tree.css HTTP/1.1" 404 1090
61.165.42.208 - - [10/Jan/2021:10:37:15 +0800] "GET /xingrg/check_reg.html?_=1610246213493 HTTP/1.1" 200 22
61.165.42.208 - - [10/Jan/2021:10:37:15 +0800] "GET /xingrg/all/function/internal_message.html?_=1610246213494&CODE_STATE=getMsg HTTP/1.1" 200 27
116.228.172.94 - - [10/Jan/2021:10:37:15 +0800] "POST /xingrg/all/common/load_tree.html?tree=supplier_tree_json&isDelete=1 HTTP/1.1" 200 54158
180.175.150.119 - - [10/Jan/2021:10:37:16 +0800] "GET /xingrg/javascript/auto/indicator.gif HTTP/1.1" 404 1066
117.185.32.26 - - [10/Jan/2021:10:37:17 +0800] "GET /xingrg/all/function/internal_message.html?_=1610246227494&CODE_STATE=getMsg HTTP/1.1" 200 27
117.185.32.26 - - [10/Jan/2021:10:37:17 +0800] "GET /xingrg/kc/buy/cgsh_order_operate.html?command=get_materiel&rest_code=00106&code=00101012030&supplier_code=00100032&order_time=2021-01-10 HTTP/1.1" 200 416
61.165.42.208 - - [10/Jan/2021:10:37:19 +0800] "GET /xingrg/kc/buy/cgsh_order_operate.html?command=get_materiel&rest_code=00105&code=00101007032&supplier_code=00100328&order_time=2021-01-10 HTTP/1.1" 200 432
180.175.150.119 - - [10/Jan/2021:10:37:19 +0800] "POST /xingrg/dwr/call/plaincall/AjaxQqpsService.getMaterielByCode.dwr HTTP/1.1" 200 2619
120.204.17.72 - - [10/Jan/2021:10:37:20 +0800] "GET /xingrg/kc/buy/cgsh_order_operate.html?command=get_materiel&rest_code=00106&code=00101006055&supplier_code=00100015&order_time=2021-01-10 HTTP/1.1" 302 -
120.253.135.82 - - [10/Jan/2021:10:37:21 +0800] "POST /xingrg/all/common/load_combo.html?type=base HTTP/1.1" 200 984
180.175.150.119 - - [10/Jan/2021:10:37:21 +0800] "POST /xingrg/dwr/call/plaincall/AjaxQqpsService.saveMaterielItem.dwr HTTP/1.1" 200 78
117.185.32.26 - - [10/Jan/2021:10:37:24 +0800] "GET /xingrg/kc/buy/cgsh_order_operate.html?command=get_materiel&rest_code=00106&code=00101016017&supplier_code=00100032&order_time=2021-01-10 HTTP/1.1" 200 408
120.253.135.82 - - [10/Jan/2021:10:37:24 +0800] "GET /xingrg/all/function/internal_message.html?_=1610245999448&CODE_STATE=getMsg HTTP/1.1" 200 27
172.17.0.240 - - [10/Jan/2021:10:37:26 +0800] "GET /xingrg/all/function/internal_message.html?_=1610246241626&CODE_STATE=getMsg HTTP/1.1" 200 27
114.86.226.161 - - [10/Jan/2021:10:37:26 +0800] "GET /xingrg/all/function/internal_message.html?_=1610246301109&CODE_STATE=getMsg HTTP/1.1" 200 27
120.253.135.82 - - [10/Jan/2021:10:37:27 +0800] "GET /xingrg/kc/pszx/mdps_order_operate.html?command=get_materiel&pszx_code=00101&rest_code=00141&base_code=0010250&code=00102003603 HTTP/1.1" 200 412
120.204.17.72 - - [10/Jan/2021:10:37:27 +0800] "GET /xingrg/login.html HTTP/1.1" 200 7641
172.17.0.100 - - [10/Jan/2021:10:37:27 +0800] "GET /xingrg/all/function/internal_message.html?_=1610246243765&CODE_STATE=getMsg HTTP/1.1" 200 27
116.228.172.94 - - [10/Jan/2021:10:37:30 +0800] "GET /xingrg/all/function/internal_message.html?_=1610246246677&CODE_STATE=getMsg HTTP/1.1" 200 27
117.185.32.26 - - [10/Jan/2021:10:37:31 +0800] "GET /xingrg/kc/buy/cgsh_order_operate.html?command=get_materiel&rest_code=00106&code=00101001111&supplier_code=00100032&order_time=2021-01-10 HTTP/1.1" 200 410
61.165.42.208 - - [10/Jan/2021:10:37:31 +0800] "GET /xingrg/kc/buy/cgsh_order_operate.html?command=get_materiel&rest_code=00105&code=00101007077&supplier_code=00100328&order_time=2021-01-10 HTTP/1.1" 200 415
172.17.200.101 - - [10/Jan/2021:10:37:32 +0800] "GET /xingrg/all/function/internal_message.html?_=1610246248085&CODE_STATE=getMsg HTTP/1.1" 200 27
172.17.200.101 - - [10/Jan/2021:10:37:32 +0800] "GET /xingrg/check_reg.html?_=1610246248090 HTTP/1.1" 200 22
222.69.136.245 - - [10/Jan/2021:10:37:32 +0800] "GET /xingrg/all/function/internal_message.html?_=1610246248243&CODE_STATE=getMsg HTTP/1.1" 200 27
222.69.133.109 - - [10/Jan/2021:10:37:34 +0800] "GET /xingrg/kc/buy/cgsh_order_operate.html?command=get_materiel&rest_code=00154&code=00101018011&supplier_code=00100422&order_time=2021-01-10 HTTP/1.1" 200 413
180.175.150.119 - - [10/Jan/2021:10:37:35 +0800] "POST /xingrg/dwr/call/plaincall/AjaxQqpsService.getMaterielByCode.dwr HTTP/1.1" 200 2640
183.192.164.97 - - [10/Jan/2021:10:37:35 +0800] "GET /xingrg/all/function/internal_message.html?_=1610245737676&CODE_STATE=getMsg HTTP/1.1" 302 -
180.175.150.119 - - [10/Jan/2021:10:37:36 +0800] "POST /xingrg/dwr/call/plaincall/AjaxQqpsService.saveMaterielItem.dwr HTTP/1.1" 200 78
120.204.17.72 - - [10/Jan/2021:10:37:40 +0800] "GET /xingrg/kc/buy/cgsh_order_operate.html?command=get_materiel&rest_code=00106&code=00101006111&supplier_code=00100015&order_time=2021-01-10 HTTP/1.1" 302 -
117.185.32.26 - - [10/Jan/2021:10:37:41 +0800] "GET /xingrg/kc/buy/cgsh_order_operate.html?command=get_materiel&rest_code=00106&code=00101016105&supplier_code=00100032&order_time=2021-01-10 HTTP/1.1" 200 409
120.253.135.82 - - [10/Jan/2021:10:37:41 +0800] "POST /xingrg/kc/pszx/mdps_order_operate.html HTTP/1.1" 200 37
120.253.135.82 - - [10/Jan/2021:10:37:42 +0800] "GET /xingrg/kc/pszx/mdps_order_info.html?code=312021011000318 HTTP/1.1" 200 23889
180.161.116.123 - - [10/Jan/2021:10:37:42 +0800] "GET /xingrg/all/function/internal_message.html?_=1610246258337&CODE_STATE=getMsg HTTP/1.1" 302 -
180.161.116.123 - - [10/Jan/2021:10:37:42 +0800] "GET /xingrg/check_reg.html?_=1610246258758 HTTP/1.1" 302 -
120.253.135.82 - - [10/Jan/2021:10:37:42 +0800] "POST /xingrg/kc/pszx/mdps_order_operate.html HTTP/1.1" 200 2268
120.253.135.82 - - [10/Jan/2021:10:37:42 +0800] "GET /xingrg/javascript/easyui/themes/default/validatebox.css HTTP/1.1" 404 1104
183.192.164.97 - - [10/Jan/2021:10:37:44 +0800] "GET /xingrg/login.html HTTP/1.1" 200 7641
180.156.237.57 - - [10/Jan/2021:10:37:45 +0800] "GET /xingrg/all/function/internal_message.html?_=1610246262946&CODE_STATE=getMsg HTTP/1.1" 200 27
180.156.237.57 - - [10/Jan/2021:10:37:45 +0800] "GET /xingrg/check_reg.html?_=1610246262947 HTTP/1.1" 200 22
120.204.17.72 - - [10/Jan/2021:10:37:45 +0800] "GET /xingrg/login.html HTTP/1.1" 200 7641
180.175.150.119 - - [10/Jan/2021:10:37:46 +0800] "POST /xingrg/dwr/call/plaincall/AjaxQqpsService.checkOrder.dwr HTTP/1.1" 200 78
120.253.135.82 - - [10/Jan/2021:10:37:48 +0800] "POST /xingrg/kc/pszx/mdps_list_operate.html HTTP/1.1" 200 2054
180.175.150.119 - - [10/Jan/2021:10:37:48 +0800] "GET /xingrg/kc/mdqp/qqps_order_info.html?code=302021011000229 HTTP/1.1" 200 26470
180.175.150.119 - - [10/Jan/2021:10:37:48 +0800] "GET /xingrg/dwr/interface/AjaxComOrderService.js HTTP/1.1" 200 18264
180.175.150.119 - - [10/Jan/2021:10:37:48 +0800] "GET /xingrg/dwr/interface/AjaxQqpsService.js HTTP/1.1" 200 16326
180.175.150.119 - - [10/Jan/2021:10:37:48 +0800] "GET /xingrg/dwr/engine.js HTTP/1.1" 200 43631
180.175.150.119 - - [10/Jan/2021:10:37:49 +0800] "POST /xingrg/dwr/call/plaincall/AjaxQqpsService.uncheckOrder.dwr HTTP/1.1" 200 78
61.165.42.208 - - [10/Jan/2021:10:37:49 +0800] "POST /xingrg/kc/buy/cgsh_order_operate.html HTTP/1.1" 200 37
180.175.150.119 - - [10/Jan/2021:10:37:49 +0800] "GET /xingrg/kc/mdqp/qqps_order_info.html?code=302021011000229 HTTP/1.1" 200 28231
180.175.150.119 - - [10/Jan/2021:10:37:49 +0800] "GET /xingrg/css/blue.css HTTP/1.1" 304 -
180.175.150.119 - - [10/Jan/2021:10:37:49 +0800] "GET /xingrg/javascript/auto/jquery.autocomplete.css HTTP/1.1" 304 -
180.175.150.119 - - [10/Jan/2021:10:37:49 +0800] "GET /xingrg/javascript/jquery_easy_ui/themes/icon.css HTTP/1.1" 304 -
180.175.150.119 - - [10/Jan/2021:10:37:49 +0800] "GET /xingrg/javascript/auto/jquery.autocomplete.js HTTP/1.1" 304 -
180.175.150.119 - - [10/Jan/2021:10:37:49 +0800] "GET /xingrg/javascript/jquery-1.4.2.min.js HTTP/1.1" 304 -
180.175.150.119 - - [10/Jan/2021:10:37:49 +0800] "GET /xingrg/javascript/jquery_easy_ui/jquery.easyui.min.js HTTP/1.1" 304 -
180.175.150.119 - - [10/Jan/2021:10:37:49 +0800] "GET /xingrg/javascript/jquery_easy_ui/easyui-lang-zh_CN.js HTTP/1.1" 304 -
180.175.150.119 - - [10/Jan/2021:10:37:49 +0800] "GET /xingrg/javascript/tools/jquery.qtip-1.0.0-rc3.min.js HTTP/1.1" 304 -
180.175.150.119 - - [10/Jan/2021:10:37:49 +0800] "GET /xingrg/javascript/jquery.utils.js HTTP/1.1" 304 -
180.175.150.119 - - [10/Jan/2021:10:37:49 +0800] "GET /xingrg/javascript/pic_change.js HTTP/1.1" 304 -
180.175.150.119 - - [10/Jan/2021:10:37:49 +0800] "GET /xingrg/javascript/Calendar.js HTTP/1.1" 304 -
180.175.150.119 - - [10/Jan/2021:10:37:49 +0800] "GET /xingrg/javascript/myfunction.js HTTP/1.1" 304 -
180.175.150.119 - - [10/Jan/2021:10:37:49 +0800] "GET /xingrg/dwr/interface/AjaxComOrderService.js HTTP/1.1" 200 18264
180.175.150.119 - - [10/Jan/2021:10:37:49 +0800] "GET /xingrg/javascript/AjaxInfoList.js HTTP/1.1" 304 -
180.175.150.119 - - [10/Jan/2021:10:37:49 +0800] "GET /xingrg/dwr/interface/AjaxQqpsService.js HTTP/1.1" 200 16326
180.175.150.119 - - [10/Jan/2021:10:37:49 +0800] "GET /xingrg/dwr/engine.js HTTP/1.1" 200 43631
180.175.150.119 - - [10/Jan/2021:10:37:49 +0800] "GET /xingrg/dwr/util.js HTTP/1.1" 304 -
180.175.150.119 - - [10/Jan/2021:10:37:49 +0800] "GET /xingrg/javascript/ToolTips.js HTTP/1.1" 304 -
180.175.150.119 - - [10/Jan/2021:10:37:49 +0800] "GET /xingrg/javascript/print/kc_print.js HTTP/1.1" 304 -
180.175.150.119 - - [10/Jan/2021:10:37:49 +0800] "GET /xingrg/javascript/Grid.js HTTP/1.1" 304 -
180.175.150.119 - - [10/Jan/2021:10:37:49 +0800] "GET /xingrg/javascript/print/LodopFuncs.js HTTP/1.1" 304 -
180.175.150.119 - - [10/Jan/2021:10:37:49 +0800] "GET /xingrg/javascript/jquery_easy_ui/themes/default/easyui.css HTTP/1.1" 304 -
180.175.150.119 - - [10/Jan/2021:10:37:49 +0800] "GET /xingrg/javascript/jquery_easy_ui/themes/icon.css HTTP/1.1" 304 -
180.175.150.119 - - [10/Jan/2021:10:37:49 +0800] "GET /xingrg/words/20210109170614_words.js HTTP/1.1" 304 -
180.175.150.119 - - [10/Jan/2021:10:37:49 +0800] "GET /xingrg/javascript/jquery_easy_ui/themes/icons/template_new.png HTTP/1.1" 304 -
180.175.150.119 - - [10/Jan/2021:10:37:49 +0800] "GET /xingrg/javascript/jquery_easy_ui/themes/icons/edit_add_new.png HTTP/1.1" 304 -
180.175.150.119 - - [10/Jan/2021:10:37:49 +0800] "GET /xingrg/javascript/jquery_easy_ui/themes/icons/copy_new.png HTTP/1.1" 304 -
180.175.150.119 - - [10/Jan/2021:10:37:49 +0800] "GET /xingrg/javascript/jquery_easy_ui/themes/icons/cance_new.png HTTP/1.1" 304 -
180.175.150.119 - - [10/Jan/2021:10:37:49 +0800] "GET /xingrg/javascript/jquery_easy_ui/themes/icons/ok.png HTTP/1.1" 304 -
180.175.150.119 - - [10/Jan/2021:10:37:49 +0800] "GET /xingrg/javascript/jquery_easy_ui/themes/icons/check_new.png HTTP/1.1" 304 -
180.175.150.119 - - [10/Jan/2021:10:37:49 +0800] "GET /xingrg/javascript/jquery_easy_ui/themes/icons/print.png HTTP/1.1" 304 -
180.175.150.119 - - [10/Jan/2021:10:37:49 +0800] "GET /xingrg/javascript/jquery_easy_ui/themes/default/images/menu_downarrow.png HTTP/1.1" 304 -
180.175.150.119 - - [10/Jan/2021:10:37:49 +0800] "GET /xingrg/javascript/jquery_easy_ui/themes/icons/back_new.png HTTP/1.1" 304 -
180.175.150.119 - - [10/Jan/2021:10:37:50 +0800] "GET /xingrg/javascript/jquery_easy_ui/themes/default/images/combo_arrow_dot.gif HTTP/1.1" 304 -
120.253.135.82 - - [10/Jan/2021:10:37:50 +0800] "GET /xingrg/kc/pszx/mdps_order_add.html HTTP/1.1" 200 29131
180.162.108.15 - - [10/Jan/2021:10:37:50 +0800] "GET /xingrg/all/function/internal_message.html?_=1610246138842&CODE_STATE=getMsg HTTP/1.1" 200 27
120.253.135.82 - - [10/Jan/2021:10:37:50 +0800] "POST /xingrg/kc/pszx/mdps_order_operate.html HTTP/1.1" 200 7126
180.175.150.119 - - [10/Jan/2021:10:37:50 +0800] "GET /xingrg/images/blue/button/kc_tab_add.gif HTTP/1.1" 304 -
180.175.150.119 - - [10/Jan/2021:10:37:50 +0800] "GET /xingrg/images/blue/button/kc_tab_edit.gif HTTP/1.1" 304 -
180.175.150.119 - - [10/Jan/2021:10:37:50 +0800] "GET /xingrg/images/blue/button/kc_tab_save.gif HTTP/1.1" 304 -
180.175.150.119 - - [10/Jan/2021:10:37:50 +0800] "GET /xingrg/images/blue/kc_tab_left.gif HTTP/1.1" 304 -
180.175.150.119 - - [10/Jan/2021:10:37:50 +0800] "GET /xingrg/images/blue/button/kc_tab_del.gif HTTP/1.1" 304 -
180.175.150.119 - - [10/Jan/2021:10:37:50 +0800] "GET /xingrg/images/blue/kc_tab_mid.gif HTTP/1.1" 304 -
180.175.150.119 - - [10/Jan/2021:10:37:50 +0800] "GET /xingrg/images/blue/kc_tab_right.gif HTTP/1.1" 304 -
180.175.150.119 - - [10/Jan/2021:10:37:50 +0800] "GET /xingrg/images/blue/kc_tab2_left.gif HTTP/1.1" 304 -
180.175.150.119 - - [10/Jan/2021:10:37:50 +0800] "GET /xingrg/images/blue/kc_tab2_right.gif HTTP/1.1" 304 -
120.253.135.82 - - [10/Jan/2021:10:37:50 +0800] "GET /xingrg/javascript/easyui/themes/default/validatebox.css HTTP/1.1" 404 1104
180.175.150.119 - - [10/Jan/2021:10:37:50 +0800] "GET /xingrg/images/blue/wait.gif HTTP/1.1" 304 -
180.175.150.119 - - [10/Jan/2021:10:37:50 +0800] "POST /xingrg/dwr/call/plaincall/AjaxQqpsService.loadMaterielItems.dwr HTTP/1.1" 200 977
180.175.150.119 - - [10/Jan/2021:10:37:51 +0800] "GET /xingrg/all/function/internal_message.html?_=1610246269343&CODE_STATE=getMsg HTTP/1.1" 200 27
172.17.0.123 - - [10/Jan/2021:10:37:53 +0800] "GET /xingrg/check_reg.html?_=1610246171403 HTTP/1.1" 200 22
172.17.0.123 - - [10/Jan/2021:10:37:53 +0800] "GET /xingrg/all/function/internal_message.html?_=1610246171409&CODE_STATE=getMsg HTTP/1.1" 200 27
180.175.150.119 - - [10/Jan/2021:10:37:53 +0800] "GET /xingrg/images/yd/bt.gif HTTP/1.1" 404 1040
180.175.150.119 - - [10/Jan/2021:10:37:53 +0800] "POST /xingrg/dwr/call/plaincall/AjaxQqpsService.loadMaterielItems.dwr HTTP/1.1" 200 977
116.228.172.94 - - [10/Jan/2021:10:37:53 +0800] "GET /xingrg/kc/buy/cgsh_order_operate.html?command=get_materiel&rest_code=00107&code=00101005027&supplier_code=00100322&order_time=2021-01-10 HTTP/1.1" 200 421
180.175.150.119 - - [10/Jan/2021:10:37:53 +0800] "GET /xingrg/all/function/internal_message.html?_=1610246507776&CODE_STATE=getMsg HTTP/1.1" 200 27
117.131.5.26 - - [10/Jan/2021:10:37:54 +0800] "GET /xingrg/all/function/internal_message.html?_=1610246320247&CODE_STATE=getMsg HTTP/1.1" 200 27
180.175.150.119 - - [10/Jan/2021:10:37:56 +0800] "GET /xingrg/images/yd/bt2.gif HTTP/1.1" 404 1042
172.17.0.120 - - [10/Jan/2021:10:37:56 +0800] "GET /xingrg/all/function/internal_message.html?_=1610246272634&CODE_STATE=getMsg HTTP/1.1" 200 27
61.165.42.208 - - [10/Jan/2021:10:37:57 +0800] "POST /xingrg/kc/buy/cgsh_order_operate.html HTTP/1.1" 200 3253
172.17.0.103 - - [10/Jan/2021:10:37:58 +0800] "GET /xingrg/all/function/internal_message.html?_=1610246274068&CODE_STATE=getMsg HTTP/1.1" 200 27
61.165.42.208 - - [10/Jan/2021:10:37:58 +0800] "GET /xingrg/kc/print/load_data.html?order_code=212021011004010&kc_code=cgsh&condition= HTTP/1.1" 200 909
180.175.150.119 - - [10/Jan/2021:10:37:58 +0800] "POST /xingrg/dwr/call/plaincall/AjaxQqpsService.removeMaterielItem.dwr HTTP/1.1" 200 78
61.165.42.208 - - [10/Jan/2021:10:37:59 +0800] "GET /xingrg/all/function/internal_message.html?_=1610246275095&CODE_STATE=getMsg HTTP/1.1" 200 27
120.253.135.82 - - [10/Jan/2021:10:38:00 +0800] "POST /xingrg/all/common/load_combo.html?type=base HTTP/1.1" 200 984
180.175.150.119 - - [10/Jan/2021:10:38:01 +0800] "POST /xingrg/dwr/call/plaincall/AjaxQqpsService.checkOrder.dwr HTTP/1.1" 200 78
180.175.150.119 - - [10/Jan/2021:10:38:02 +0800] "GET /xingrg/kc/mdqp/qqps_order_info.html?code=302021011000229 HTTP/1.1" 200 26472
180.175.150.119 - - [10/Jan/2021:10:38:02 +0800] "GET /xingrg/dwr/interface/AjaxQqpsService.js HTTP/1.1" 200 16326
180.175.150.119 - - [10/Jan/2021:10:38:02 +0800] "GET /xingrg/dwr/interface/AjaxComOrderService.js HTTP/1.1" 200 18264
180.175.150.119 - - [10/Jan/2021:10:38:02 +0800] "GET /xingrg/dwr/engine.js HTTP/1.1" 200 43631
180.175.150.119 - - [10/Jan/2021:10:38:03 +0800] "POST /xingrg/dwr/call/plaincall/AjaxQqpsService.loadMaterielItems.dwr HTTP/1.1" 200 729
61.165.42.208 - - [10/Jan/2021:10:38:03 +0800] "GET /xingrg/kc/buy/cgsh_order_add.html HTTP/1.1" 200 61790
61.165.42.208 - - [10/Jan/2021:10:38:03 +0800] "POST /xingrg/kc/buy/cgsh_order_operate.html HTTP/1.1" 200 8245
61.165.42.208 - - [10/Jan/2021:10:38:03 +0800] "GET /xingrg/javascript/easyui/themes/default/validatebox.css HTTP/1.1" 404 1104
222.69.133.109 - - [10/Jan/2021:10:38:04 +0800] "GET /xingrg/all/function/internal_message.html?_=1610246281707&CODE_STATE=getMsg HTTP/1.1" 200 27
180.156.237.57 - - [10/Jan/2021:10:38:04 +0800] "POST /xingrg/all/user/operate.html HTTP/1.1" 200 36
222.69.133.109 - - [10/Jan/2021:10:38:04 +0800] "GET /xingrg/check_reg.html?_=1610246282337 HTTP/1.1" 200 22
180.156.237.57 - - [10/Jan/2021:10:38:04 +0800] "GET /xingrg/javascript/jquery_easy_ui/themes/default/easyui.css HTTP/1.1" 304 -
180.156.237.57 - - [10/Jan/2021:10:38:04 +0800] "GET /xingrg/index.html?sysBaseUrl=http%3A%2F%2F180.169.147.146%3A18081%2Fxingrg%2F&costTime=42×tamp=1610238540195 HTTP/1.1" 200 17179
180.156.237.57 - - [10/Jan/2021:10:38:04 +0800] "GET /xingrg/javascript/jquery_easy_ui/themes/icon.css HTTP/1.1" 304 -
180.156.237.57 - - [10/Jan/2021:10:38:04 +0800] "GET /xingrg/css/form.css HTTP/1.1" 304 -
180.156.237.57 - - [10/Jan/2021:10:38:04 +0800] "GET /xingrg/javascript/jquery-1.4.2.min.js HTTP/1.1" 304 -
180.156.237.57 - - [10/Jan/2021:10:38:04 +0800] "GET /xingrg/javascript/jquery_easy_ui/jquery.easyui.min.js HTTP/1.1" 304 -
180.156.237.57 - - [10/Jan/2021:10:38:04 +0800] "GET /xingrg/javascript/jquery_easy_ui/easyui-lang-zh_CN.js HTTP/1.1" 304 -
180.156.237.57 - - [10/Jan/2021:10:38:04 +0800] "GET /xingrg/javascript/jquery.form.js HTTP/1.1" 304 -
180.156.237.57 - - [10/Jan/2021:10:38:04 +0800] "GET /xingrg/javascript/jquery.utils.js HTTP/1.1" 304 -
180.156.237.57 - - [10/Jan/2021:10:38:04 +0800] "GET /xingrg/javascript/jquery.timers.js HTTP/1.1" 304 -
180.156.237.57 - - [10/Jan/2021:10:38:04 +0800] "GET /xingrg/images/blue/jxLogo.png HTTP/1.1" 304 -
180.156.237.57 - - [10/Jan/2021:10:38:04 +0800] "GET /xingrg/javascript/jquery_easy_ui/themes/icons/settle_new.png HTTP/1.1" 304 -
180.156.237.57 - - [10/Jan/2021:10:38:04 +0800] "GET /xingrg/images/blue/navBackgound.jpg HTTP/1.1" 304 -
180.156.237.57 - - [10/Jan/2021:10:38:04 +0800] "POST /xingrg/all/common/load_tree.html?tree=area_rest_tree_json&manage=1 HTTP/1.1" 200 476
180.156.237.57 - - [10/Jan/2021:10:38:04 +0800] "GET /xingrg/all/function/internal_message.html?_=1610246282275&CODE_STATE=count HTTP/1.1" 200 11
180.156.237.57 - - [10/Jan/2021:10:38:04 +0800] "GET /xingrg/check_reg.html?_=1610246282277 HTTP/1.1" 200 22
180.156.237.57 - - [10/Jan/2021:10:38:04 +0800] "GET /xingrg/javascript/jquery_easy_ui/themes/default/images/tabs_leftarrow.png HTTP/1.1" 304 -
180.156.237.57 - - [10/Jan/2021:10:38:04 +0800] "GET /xingrg/javascript/jquery_easy_ui/themes/default/images/panel_tool_collapse.gif HTTP/1.1" 304 -
180.156.237.57 - - [10/Jan/2021:10:38:05 +0800] "GET /xingrg/javascript/jquery_easy_ui/themes/default/images/tabs_rightarrow.png HTTP/1.1" 304 -
180.156.237.57 - - [10/Jan/2021:10:38:05 +0800] "GET /xingrg/images/blue/pingpu.png HTTP/1.1" 304 -
180.156.237.57 - - [10/Jan/2021:10:38:05 +0800] "POST /xingrg/load_menu.html HTTP/1.1" 200 5138
180.175.150.119 - - [10/Jan/2021:10:38:05 +0800] "GET /xingrg/kc/mdqp/qqps_order_list.html HTTP/1.1" 200 9668
180.175.150.119 - - [10/Jan/2021:10:38:05 +0800] "GET /xingrg/dwr/interface/AjaxReportQueryService.js HTTP/1.1" 200 13203
180.175.150.119 - - [10/Jan/2021:10:38:05 +0800] "GET /xingrg/dwr/interface/AjaxQqpsService.js HTTP/1.1" 200 16326
180.175.150.119 - - [10/Jan/2021:10:38:05 +0800] "GET /xingrg/dwr/engine.js HTTP/1.1" 200 43631
120.253.135.82 - - [10/Jan/2021:10:38:06 +0800] "GET /xingrg/kc/pszx/mdps_order_operate.html?command=get_materiel&pszx_code=00101&rest_code=00147&base_code=0010250&code=00102003603 HTTP/1.1" 200 412
114.88.169.67 - - [10/Jan/2021:10:38:06 +0800] "GET /xingrg/all/function/internal_message.html?_=1610246282336&CODE_STATE=getMsg HTTP/1.1" 200 27
180.156.237.57 - - [10/Jan/2021:10:38:08 +0800] "GET /xingrg/kc/buy/cgsh_order_list.html HTTP/1.1" 200 46011
222.69.133.109 - - [10/Jan/2021:10:38:10 +0800] "POST /xingrg/kc/buy/cgsh_order_operate.html HTTP/1.1" 200 37
180.156.237.57 - - [10/Jan/2021:10:38:10 +0800] "POST /xingrg/kc/buy/cgsh_list_operate.html HTTP/1.1" 200 876
180.156.237.57 - - [10/Jan/2021:10:38:11 +0800] "GET /xingrg/kc/buy/cgsh_order_add.html HTTP/1.1" 200 61667
180.156.237.57 - - [10/Jan/2021:10:38:12 +0800] "POST /xingrg/kc/buy/cgsh_order_operate.html HTTP/1.1" 200 8245
180.156.237.57 - - [10/Jan/2021:10:38:12 +0800] "GET /xingrg/javascript/easyui/themes/default/validatebox.css HTTP/1.1" 404 1104
222.69.133.109 - - [10/Jan/2021:10:38:13 +0800] "POST /xingrg/kc/buy/cgsh_order_operate.html HTTP/1.1" 200 12
180.156.237.57 - - [10/Jan/2021:10:38:14 +0800] "GET /xingrg/javascript/auto/indicator.gif HTTP/1.1" 404 1066
222.69.133.109 - - [10/Jan/2021:10:38:15 +0800] "GET /xingrg/kc/buy/cgsh_order_info.html?code=212021011004011 HTTP/1.1" 200 55770
61.165.42.208 - - [10/Jan/2021:10:38:15 +0800] "GET /xingrg/all/function/internal_message.html?_=1610246273493&CODE_STATE=getMsg HTTP/1.1" 200 27
222.69.133.109 - - [10/Jan/2021:10:38:15 +0800] "GET /xingrg/javascript/easyui/themes/default/validatebox.css HTTP/1.1" 404 1104
120.253.135.82 - - [10/Jan/2021:10:38:17 +0800] "POST /xingrg/kc/pszx/mdps_order_operate.html HTTP/1.1" 200 37
116.228.172.94 - - [10/Jan/2021:10:38:17 +0800] "POST /xingrg/kc/buy/cgsh_order_operate.html HTTP/1.1" 200 37
222.69.133.109 - - [10/Jan/2021:10:38:17 +0800] "POST /xingrg/kc/buy/cgsh_order_operate.html HTTP/1.1" 200 609
120.253.135.82 - - [10/Jan/2021:10:38:17 +0800] "GET /xingrg/kc/pszx/mdps_order_info.html?code=312021011000319 HTTP/1.1" 200 23889
116.228.172.94 - - [10/Jan/2021:10:38:18 +0800] "POST /xingrg/kc/buy/cgsh_order_operate.html HTTP/1.1" 200 2667
120.253.135.82 - - [10/Jan/2021:10:38:18 +0800] "POST /xingrg/kc/pszx/mdps_order_operate.html HTTP/1.1" 200 2268
120.253.135.82 - - [10/Jan/2021:10:38:18 +0800] "GET /xingrg/javascript/easyui/themes/default/validatebox.css HTTP/1.1" 404 1104
222.69.133.109 - - [10/Jan/2021:10:38:19 +0800] "GET /xingrg/kc/print/load_data.html?order_code=212021011004011&kc_code=cgsh&condition= HTTP/1.1" 200 703
117.185.32.26 - - [10/Jan/2021:10:38:21 +0800] "POST /xingrg/kc/buy/cgsh_order_operate.html HTTP/1.1" 200 37
116.228.172.94 - - [10/Jan/2021:10:38:21 +0800] "GET /xingrg/kc/print/load_data.html?order_code=212021011004012&kc_code=cgsh&condition= HTTP/1.1" 200 671
180.156.237.57 - - [10/Jan/2021:10:38:22 +0800] "GET /xingrg/kc/buy/cgsh_order_operate.html?command=get_materiel&rest_code=00150&code=00101015026&supplier_code=00100054&order_time=2021-01-10 HTTP/1.1" 200 412
117.185.32.26 - - [10/Jan/2021:10:38:23 +0800] "POST /xingrg/kc/buy/cgsh_order_operate.html HTTP/1.1" 200 12
117.185.32.26 - - [10/Jan/2021:10:38:24 +0800] "GET /xingrg/kc/buy/cgsh_order_info.html?code=212021011004013 HTTP/1.1" 200 56655
120.253.135.82 - - [10/Jan/2021:10:38:24 +0800] "GET /xingrg/all/function/internal_message.html?_=1610246059663&CODE_STATE=getMsg HTTP/1.1" 200 27
114.86.226.161 - - [10/Jan/2021:10:38:25 +0800] "GET /xingrg/check_reg.html?_=1610246361109 HTTP/1.1" 200 22
114.86.226.161 - - [10/Jan/2021:10:38:25 +0800] "GET /xingrg/all/function/internal_message.html?_=1610246361109&CODE_STATE=getMsg HTTP/1.1" 200 27
117.185.32.26 - - [10/Jan/2021:10:38:25 +0800] "GET /xingrg/javascript/easyui/themes/default/validatebox.css HTTP/1.1" 404 1104
116.228.172.94 - - [10/Jan/2021:10:38:25 +0800] "GET /xingrg/kc/buy/cgsh_order_add.html HTTP/1.1" 200 61831
117.185.32.26 - - [10/Jan/2021:10:38:25 +0800] "POST /xingrg/kc/buy/cgsh_order_operate.html HTTP/1.1" 200 5921
116.228.172.94 - - [10/Jan/2021:10:38:26 +0800] "POST /xingrg/kc/buy/cgsh_order_operate.html HTTP/1.1" 200 8245
116.228.172.94 - - [10/Jan/2021:10:38:26 +0800] "GET /xingrg/javascript/easyui/themes/default/validatebox.css HTTP/1.1" 404 1104
172.17.0.240 - - [10/Jan/2021:10:38:26 +0800] "GET /xingrg/all/function/internal_message.html?_=1610246301628&CODE_STATE=getMsg HTTP/1.1" 200 27
172.17.0.240 - - [10/Jan/2021:10:38:26 +0800] "GET /xingrg/check_reg.html?_=1610246301629 HTTP/1.1" 200 22
117.185.32.26 - - [10/Jan/2021:10:38:27 +0800] "GET /xingrg/kc/print/load_data.html?order_code=212021011004013&kc_code=cgsh&condition= HTTP/1.1" 200 2738
116.228.172.94 - - [10/Jan/2021:10:38:27 +0800] "GET /xingrg/javascript/easyui/themes/default/tree.css HTTP/1.1" 404 1090
116.228.172.94 - - [10/Jan/2021:10:38:27 +0800] "POST /xingrg/all/common/load_tree.html?tree=supplier_tree_json&isDelete=1 HTTP/1.1" 200 54158
172.17.0.100 - - [10/Jan/2021:10:38:27 +0800] "GET /xingrg/all/function/internal_message.html?_=1610246303764&CODE_STATE=getMsg HTTP/1.1" 200 27
120.253.135.82 - - [10/Jan/2021:10:38:29 +0800] "POST /xingrg/kc/pszx/mdps_order_operate.html HTTP/1.1" 200 37
120.253.135.82 - - [10/Jan/2021:10:38:29 +0800] "GET /xingrg/kc/pszx/mdps_order_info.html?code=312021011000319 HTTP/1.1" 200 23889
120.253.135.82 - - [10/Jan/2021:10:38:30 +0800] "POST /xingrg/kc/pszx/mdps_order_operate.html HTTP/1.1" 200 2268
120.253.135.82 - - [10/Jan/2021:10:38:30 +0800] "GET /xingrg/javascript/easyui/themes/default/validatebox.css HTTP/1.1" 404 1104
116.228.172.94 - - [10/Jan/2021:10:38:30 +0800] "GET /xingrg/all/function/internal_message.html?_=1610246306849&CODE_STATE=getMsg HTTP/1.1" 200 27
222.70.174.7 - - [10/Jan/2021:10:38:31 +0800] "GET /xingrg/check_reg.html?_=1610246308336 HTTP/1.1" 302 -
180.156.237.57 - - [10/Jan/2021:10:38:31 +0800] "GET /xingrg/kc/buy/cgsh_order_operate.html?command=get_materiel&rest_code=00150&code=00101015040&supplier_code=00100054&order_time=2021-01-10 HTTP/1.1" 200 408
172.17.200.101 - - [10/Jan/2021:10:38:32 +0800] "GET /xingrg/all/function/internal_message.html?_=1610246308081&CODE_STATE=getMsg HTTP/1.1" 200 27
222.69.136.245 - - [10/Jan/2021:10:38:32 +0800] "GET /xingrg/all/function/internal_message.html?_=1610246308256&CODE_STATE=getMsg HTTP/1.1" 200 27
117.185.32.26 - - [10/Jan/2021:10:38:33 +0800] "GET /xingrg/kc/print/load_data.html?order_code=212021011004013&kc_code=cgsh HTTP/1.1" 200 2738
120.253.135.82 - - [10/Jan/2021:10:38:35 +0800] "POST /xingrg/kc/pszx/mdps_list_operate.html HTTP/1.1" 200 2054
120.253.135.82 - - [10/Jan/2021:10:38:36 +0800] "GET /xingrg/kc/pszx/mdps_order_add.html HTTP/1.1" 200 29131
120.253.135.82 - - [10/Jan/2021:10:38:37 +0800] "POST /xingrg/kc/pszx/mdps_order_operate.html HTTP/1.1" 200 7126
120.253.135.82 - - [10/Jan/2021:10:38:37 +0800] "GET /xingrg/javascript/easyui/themes/default/validatebox.css HTTP/1.1" 404 1104
180.156.237.57 - - [10/Jan/2021:10:38:39 +0800] "GET /xingrg/kc/buy/cgsh_order_operate.html?command=get_materiel&rest_code=00150&code=00101015062&supplier_code=00100054&order_time=2021-01-10 HTTP/1.1" 200 412
180.175.150.119 - - [10/Jan/2021:10:38:39 +0800] "GET /xingrg/check_reg.html?_=1610246553535 HTTP/1.1" 200 22
61.165.42.208 - - [10/Jan/2021:10:38:43 +0800] "GET /xingrg/kc/buy/cgsh_order_operate.html?command=get_materiel&rest_code=00105&code=00101002006&supplier_code=00100091&order_time=2021-01-10 HTTP/1.1" 200 414
183.192.164.97 - - [10/Jan/2021:10:38:43 +0800] "GET /xingrg/kc/buy/cgsh_order_info.html?code=212021011003988 HTTP/1.1" 302 -
180.162.108.15 - - [10/Jan/2021:10:38:50 +0800] "GET /xingrg/all/function/internal_message.html?_=1610246198857&CODE_STATE=getMsg HTTP/1.1" 200 27
180.175.150.119 - - [10/Jan/2021:10:38:51 +0800] "GET /xingrg/all/function/internal_message.html?_=1610246329346&CODE_STATE=getMsg HTTP/1.1" 200 27
183.192.164.97 - - [10/Jan/2021:10:38:53 +0800] "GET /xingrg/login.html HTTP/1.1" 200 7641
172.17.0.123 - - [10/Jan/2021:10:38:53 +0800] "GET /xingrg/all/function/internal_message.html?_=1610246231412&CODE_STATE=getMsg HTTP/1.1" 200 27
180.175.150.119 - - [10/Jan/2021:10:38:53 +0800] "GET /xingrg/all/function/internal_message.html?_=1610246567790&CODE_STATE=getMsg HTTP/1.1" 200 27
120.253.135.82 - - [10/Jan/2021:10:38:54 +0800] "POST /xingrg/all/common/load_combo.html?type=base HTTP/1.1" 200 984
117.131.5.26 - - [10/Jan/2021:10:38:54 +0800] "GET /xingrg/check_reg.html?_=1610246380239 HTTP/1.1" 200 22
117.131.5.26 - - [10/Jan/2021:10:38:54 +0800] "GET /xingrg/all/function/internal_message.html?_=1610246380240&CODE_STATE=getMsg HTTP/1.1" 200 27
222.69.133.109 - - [10/Jan/2021:10:38:54 +0800] "GET /xingrg/kc/buy/cgsh_order_add.html HTTP/1.1" 200 60864
61.165.42.208 - - [10/Jan/2021:10:38:55 +0800] "GET /xingrg/kc/buy/cgsh_order_operate.html?command=get_materiel&rest_code=00105&code=00101002034&supplier_code=00100091&order_time=2021-01-10 HTTP/1.1" 200 409
222.69.133.109 - - [10/Jan/2021:10:38:55 +0800] "POST /xingrg/kc/buy/cgsh_order_operate.html HTTP/1.1" 200 8245
120.204.17.72 - - [10/Jan/2021:10:38:55 +0800] "GET /xingrg/kc/print/load_data.html?order_code=212021011003988&kc_code=cgsh HTTP/1.1" 302 -
222.69.133.109 - - [10/Jan/2021:10:38:55 +0800] "GET /xingrg/javascript/easyui/themes/default/validatebox.css HTTP/1.1" 404 1104
172.17.0.120 - - [10/Jan/2021:10:38:56 +0800] "GET /xingrg/all/function/internal_message.html?_=1610246332639&CODE_STATE=getMsg HTTP/1.1" 200 27
180.156.237.57 - - [10/Jan/2021:10:38:57 +0800] "POST /xingrg/kc/buy/cgsh_order_operate.html HTTP/1.1" 200 37
172.17.0.103 - - [10/Jan/2021:10:38:58 +0800] "GET /xingrg/all/function/internal_message.html?_=1610246334098&CODE_STATE=getMsg HTTP/1.1" 200 27
116.228.172.94 - - [10/Jan/2021:10:38:58 +0800] "GET /xingrg/kc/buy/cgsh_order_operate.html?command=get_materiel&rest_code=00107&code=00101007038&supplier_code=00100323&order_time=2021-01-10 HTTP/1.1" 200 440
61.165.42.208 - - [10/Jan/2021:10:38:59 +0800] "GET /xingrg/all/function/internal_message.html?_=1610246335067&CODE_STATE=getMsg HTTP/1.1" 200 27
180.156.237.57 - - [10/Jan/2021:10:39:00 +0800] "POST /xingrg/kc/buy/cgsh_order_operate.html HTTP/1.1" 200 12
120.253.135.82 - - [10/Jan/2021:10:39:00 +0800] "GET /xingrg/kc/pszx/mdps_order_operate.html?command=get_materiel&pszx_code=00101&rest_code=00107&base_code=0010250&code=00102003603 HTTP/1.1" 200 412
180.156.237.57 - - [10/Jan/2021:10:39:00 +0800] "GET /xingrg/kc/buy/cgsh_order_info.html?code=212021011004014 HTTP/1.1" 200 56567
180.156.237.57 - - [10/Jan/2021:10:39:01 +0800] "GET /xingrg/javascript/easyui/themes/default/validatebox.css HTTP/1.1" 404 1104
180.156.237.57 - - [10/Jan/2021:10:39:01 +0800] "POST /xingrg/kc/buy/cgsh_order_operate.html HTTP/1.1" 200 1782
180.156.237.57 - - [10/Jan/2021:10:39:03 +0800] "GET /xingrg/kc/print/load_data.html?order_code=212021011004014&kc_code=cgsh&condition= HTTP/1.1" 200 1148
222.69.133.109 - - [10/Jan/2021:10:39:04 +0800] "GET /xingrg/all/function/internal_message.html?_=1610246341679&CODE_STATE=getMsg HTTP/1.1" 200 27
180.156.237.57 - - [10/Jan/2021:10:39:05 +0800] "GET /xingrg/all/function/internal_message.html?_=1610246342306&CODE_STATE=getMsg HTTP/1.1" 200 27
120.204.17.72 - - [10/Jan/2021:10:39:05 +0800] "GET /xingrg/login.html HTTP/1.1" 200 7641
114.88.169.67 - - [10/Jan/2021:10:39:07 +0800] "GET /xingrg/all/function/internal_message.html?_=1610246342869&CODE_STATE=getMsg HTTP/1.1" 200 27
61.165.42.208 - - [10/Jan/2021:10:39:07 +0800] "GET /xingrg/kc/buy/cgsh_order_operate.html?command=get_materiel&rest_code=00105&code=00101003066&supplier_code=00100091&order_time=2021-01-10 HTTP/1.1" 200 415
120.253.135.82 - - [10/Jan/2021:10:39:11 +0800] "POST /xingrg/kc/pszx/mdps_order_operate.html HTTP/1.1" 200 37
120.253.135.82 - - [10/Jan/2021:10:39:11 +0800] "GET /xingrg/kc/pszx/mdps_order_info.html?code=312021011000320 HTTP/1.1" 200 23889
120.253.135.82 - - [10/Jan/2021:10:39:12 +0800] "POST /xingrg/kc/pszx/mdps_order_operate.html HTTP/1.1" 200 2268
120.253.135.82 - - [10/Jan/2021:10:39:12 +0800] "GET /xingrg/javascript/easyui/themes/default/validatebox.css HTTP/1.1" 404 1104
120.253.135.82 - - [10/Jan/2021:10:39:12 +0800] "GET /xingrg/check_reg.html?_=1610246107338 HTTP/1.1" 200 22
120.253.135.82 - - [10/Jan/2021:10:39:14 +0800] "POST /xingrg/kc/pszx/mdps_list_operate.html HTTP/1.1" 200 2054
61.165.42.208 - - [10/Jan/2021:10:39:15 +0800] "GET /xingrg/all/function/internal_message.html?_=1610246333491&CODE_STATE=getMsg HTTP/1.1" 200 27
117.185.32.26 - - [10/Jan/2021:10:39:17 +0800] "GET /xingrg/all/function/internal_message.html?_=1610246347508&CODE_STATE=getMsg HTTP/1.1" 200 27
120.253.135.82 - - [10/Jan/2021:10:39:18 +0800] "GET /xingrg/kc/pszx/mdps_order_add.html HTTP/1.1" 200 29131
120.253.135.82 - - [10/Jan/2021:10:39:19 +0800] "POST /xingrg/kc/pszx/mdps_order_operate.html HTTP/1.1" 200 7126
