172.17.0.100 - - [10/Jan/2021:10:43:27 +0800] "GET /xingrg/all/function/internal_message.html?_=1610246603765&CODE_STATE=getMsg HTTP/1.1" 200 27
116.228.172.94 - - [10/Jan/2021:10:43:27 +0800] "GET /xingrg/kc/buy/cgsh_order_operate.html?command=get_materiel&rest_code=00107&code=00101004011&supplier_code=00100086&order_time=2021-01-10 HTTP/1.1" 200 433
117.184.7.30 - - [10/Jan/2021:10:43:29 +0800] "POST /xingrg/all/user/operate.html HTTP/1.1" 200 36
222.69.133.109 - - [10/Jan/2021:10:43:29 +0800] "POST /xingrg/kc/buy/cgsh_order_operate.html HTTP/1.1" 200 12
117.184.7.30 - - [10/Jan/2021:10:43:29 +0800] "GET /xingrg/index.html?sysBaseUrl=http%3A%2F%2F180.169.147.146%3A18081%2Fxingrg%2F&costTime=39×tamp=1610246603977 HTTP/1.1" 200 17173
117.184.7.30 - - [10/Jan/2021:10:43:29 +0800] "GET /xingrg/javascript/jquery_easy_ui/themes/default/easyui.css HTTP/1.1" 304 -
117.184.7.30 - - [10/Jan/2021:10:43:29 +0800] "GET /xingrg/javascript/jquery_easy_ui/themes/icon.css HTTP/1.1" 304 -
117.184.7.30 - - [10/Jan/2021:10:43:29 +0800] "GET /xingrg/css/form.css HTTP/1.1" 304 -
117.184.7.30 - - [10/Jan/2021:10:43:29 +0800] "GET /xingrg/javascript/jquery-1.4.2.min.js HTTP/1.1" 304 -
117.184.7.30 - - [10/Jan/2021:10:43:29 +0800] "GET /xingrg/javascript/jquery_easy_ui/jquery.easyui.min.js HTTP/1.1" 304 -
117.184.7.30 - - [10/Jan/2021:10:43:29 +0800] "GET /xingrg/javascript/jquery_easy_ui/easyui-lang-zh_CN.js HTTP/1.1" 304 -
117.184.7.30 - - [10/Jan/2021:10:43:29 +0800] "GET /xingrg/javascript/jquery.form.js HTTP/1.1" 304 -
117.184.7.30 - - [10/Jan/2021:10:43:29 +0800] "GET /xingrg/javascript/jquery.utils.js HTTP/1.1" 304 -
117.184.7.30 - - [10/Jan/2021:10:43:29 +0800] "GET /xingrg/javascript/jquery.timers.js HTTP/1.1" 304 -
117.184.7.30 - - [10/Jan/2021:10:43:29 +0800] "GET /xingrg/images/blue/jxLogo.png HTTP/1.1" 304 -
117.184.7.30 - - [10/Jan/2021:10:43:29 +0800] "GET /xingrg/images/blue/navBackgound.jpg HTTP/1.1" 304 -
117.184.7.30 - - [10/Jan/2021:10:43:29 +0800] "GET /xingrg/javascript/jquery_easy_ui/themes/icons/settle_new.png HTTP/1.1" 304 -
117.184.7.30 - - [10/Jan/2021:10:43:29 +0800] "POST /xingrg/all/common/load_tree.html?tree=area_rest_tree_json&manage=1 HTTP/1.1" 200 470
117.184.7.30 - - [10/Jan/2021:10:43:29 +0800] "GET /xingrg/all/function/internal_message.html?_=1610246605244&CODE_STATE=count HTTP/1.1" 200 11
117.184.7.30 - - [10/Jan/2021:10:43:29 +0800] "GET /xingrg/check_reg.html?_=1610246605245 HTTP/1.1" 200 22
117.184.7.26 - - [10/Jan/2021:10:43:29 +0800] "GET /xingrg/images/blue/pingpu.png HTTP/1.1" 304 -
117.184.7.26 - - [10/Jan/2021:10:43:29 +0800] "GET /xingrg/javascript/jquery_easy_ui/themes/default/images/tabs_rightarrow.png HTTP/1.1" 304 -
117.184.7.26 - - [10/Jan/2021:10:43:29 +0800] "GET /xingrg/javascript/jquery_easy_ui/themes/default/images/tabs_leftarrow.png HTTP/1.1" 304 -
117.184.7.30 - - [10/Jan/2021:10:43:29 +0800] "POST /xingrg/load_menu.html HTTP/1.1" 200 5138
117.184.7.26 - - [10/Jan/2021:10:43:29 +0800] "GET /xingrg/javascript/jquery_easy_ui/themes/default/images/panel_tool_collapse.gif HTTP/1.1" 304 -
222.69.133.109 - - [10/Jan/2021:10:43:30 +0800] "GET /xingrg/kc/buy/cgsh_order_info.html?code=212021011004024 HTTP/1.1" 200 55770
222.69.133.109 - - [10/Jan/2021:10:43:30 +0800] "GET /xingrg/javascript/easyui/themes/default/validatebox.css HTTP/1.1" 404 1104
116.228.172.94 - - [10/Jan/2021:10:43:30 +0800] "GET /xingrg/all/function/internal_message.html?_=1610246606779&CODE_STATE=getMsg HTTP/1.1" 200 27
222.69.133.109 - - [10/Jan/2021:10:43:31 +0800] "POST /xingrg/kc/buy/cgsh_order_operate.html HTTP/1.1" 200 606
222.70.174.7 - - [10/Jan/2021:10:43:31 +0800] "GET /xingrg/check_reg.html?_=1610246608382 HTTP/1.1" 302 -
117.184.7.30 - - [10/Jan/2021:10:43:31 +0800] "GET /xingrg/kc/buy/buy_main.html HTTP/1.1" 200 12412
117.184.7.30 - - [10/Jan/2021:10:43:31 +0800] "GET /xingrg/css/new_ie.css HTTP/1.1" 404 1036
172.17.200.101 - - [10/Jan/2021:10:43:32 +0800] "GET /xingrg/all/function/internal_message.html?_=1610246608093&CODE_STATE=getMsg HTTP/1.1" 200 27
222.69.136.245 - - [10/Jan/2021:10:43:32 +0800] "GET /xingrg/all/function/internal_message.html?_=1610246608253&CODE_STATE=getMsg HTTP/1.1" 200 27
117.184.7.30 - - [10/Jan/2021:10:43:33 +0800] "GET /xingrg/images/yd/bt.gif HTTP/1.1" 404 1040
117.184.7.30 - - [10/Jan/2021:10:43:33 +0800] "GET /xingrg/kc/buy/cgsh_order_list.html HTTP/1.1" 200 46005
222.69.133.109 - - [10/Jan/2021:10:43:33 +0800] "GET /xingrg/kc/print/load_data.html?order_code=212021011004024&kc_code=cgsh&condition= HTTP/1.1" 200 698
117.184.7.30 - - [10/Jan/2021:10:43:35 +0800] "POST /xingrg/kc/buy/cgsh_list_operate.html HTTP/1.1" 200 876
117.131.5.26 - - [10/Jan/2021:10:43:35 +0800] "GET /xingrg/javascript/auto/indicator.gif HTTP/1.1" 404 1066
116.228.172.94 - - [10/Jan/2021:10:43:37 +0800] "POST /xingrg/kc/buy/cgsh_order_operate.html HTTP/1.1" 200 37
117.184.7.30 - - [10/Jan/2021:10:43:37 +0800] "GET /xingrg/kc/buy/cgsh_order_add.html HTTP/1.1" 200 61702
117.184.7.30 - - [10/Jan/2021:10:43:37 +0800] "GET /xingrg/words/20210109170614_words.js HTTP/1.1" 304 -
117.184.7.30 - - [10/Jan/2021:10:43:38 +0800] "POST /xingrg/kc/buy/cgsh_order_operate.html HTTP/1.1" 200 8245
117.184.7.26 - - [10/Jan/2021:10:43:38 +0800] "GET /xingrg/all/common/auto_word.html?type=employee&rest_code=00108 HTTP/1.1" 200 147
117.184.7.26 - - [10/Jan/2021:10:43:38 +0800] "GET /xingrg/all/common/auto_word.html?type=employee&rest_code=00108 HTTP/1.1" 200 147
117.184.7.26 - - [10/Jan/2021:10:43:38 +0800] "GET /xingrg/javascript/easyui/themes/default/validatebox.css HTTP/1.1" 404 1104
116.228.172.94 - - [10/Jan/2021:10:43:38 +0800] "POST /xingrg/kc/buy/cgsh_order_operate.html HTTP/1.1" 200 2660
180.175.150.119 - - [10/Jan/2021:10:43:39 +0800] "GET /xingrg/check_reg.html?_=1610246853537 HTTP/1.1" 200 22
116.228.172.94 - - [10/Jan/2021:10:43:39 +0800] "GET /xingrg/kc/print/load_data.html?order_code=212021011004025&kc_code=cgsh&condition= HTTP/1.1" 200 739
117.131.5.26 - - [10/Jan/2021:10:43:41 +0800] "GET /xingrg/kc/buy/cgsh_order_operate.html?command=get_materiel&rest_code=00104&code=00101012010&supplier_code=00100036&order_time=2021-01-10 HTTP/1.1" 200 409
116.228.172.94 - - [10/Jan/2021:10:43:43 +0800] "GET /xingrg/kc/buy/cgsh_order_add.html HTTP/1.1" 200 61831
117.184.7.30 - - [10/Jan/2021:10:43:43 +0800] "GET /xingrg/javascript/auto/indicator.gif HTTP/1.1" 404 1066
116.228.172.94 - - [10/Jan/2021:10:43:44 +0800] "GET /xingrg/javascript/easyui/themes/default/validatebox.css HTTP/1.1" 404 1104
116.228.172.94 - - [10/Jan/2021:10:43:44 +0800] "POST /xingrg/kc/buy/cgsh_order_operate.html HTTP/1.1" 200 8245
116.228.172.94 - - [10/Jan/2021:10:43:45 +0800] "GET /xingrg/javascript/easyui/themes/default/tree.css HTTP/1.1" 404 1090
116.228.172.94 - - [10/Jan/2021:10:43:45 +0800] "POST /xingrg/all/common/load_tree.html?tree=supplier_tree_json&isDelete=1 HTTP/1.1" 200 54158
117.184.7.26 - - [10/Jan/2021:10:43:45 +0800] "GET /xingrg/javascript/jquery_tools/images/prev.gif HTTP/1.1" 404 1086
117.184.7.26 - - [10/Jan/2021:10:43:45 +0800] "GET /xingrg/javascript/jquery_tools/images/next.gif HTTP/1.1" 404 1086
117.184.7.26 - - [10/Jan/2021:10:43:51 +0800] "GET /xingrg/kc/buy/cgsh_order_operate.html?command=get_materiel&rest_code=00108&code=00101002027&supplier_code=00100400&order_time=2021-01-10 HTTP/1.1" 200 433
180.175.150.119 - - [10/Jan/2021:10:43:51 +0800] "GET /xingrg/all/function/internal_message.html?_=1610246629414&CODE_STATE=getMsg HTTP/1.1" 200 27
172.17.0.123 - - [10/Jan/2021:10:43:53 +0800] "GET /xingrg/all/function/internal_message.html?_=1610246531406&CODE_STATE=getMsg HTTP/1.1" 200 27
117.131.5.26 - - [10/Jan/2021:10:43:54 +0800] "GET /xingrg/check_reg.html?_=1610246680246 HTTP/1.1" 200 22
117.131.5.26 - - [10/Jan/2021:10:43:54 +0800] "GET /xingrg/all/function/internal_message.html?_=1610246680248&CODE_STATE=getMsg HTTP/1.1" 200 27
180.175.150.119 - - [10/Jan/2021:10:43:55 +0800] "GET /xingrg/all/function/internal_message.html?_=1610246869729&CODE_STATE=getMsg HTTP/1.1" 200 27
172.17.0.120 - - [10/Jan/2021:10:43:56 +0800] "GET /xingrg/all/function/internal_message.html?_=1610246632636&CODE_STATE=getMsg HTTP/1.1" 200 27
117.184.7.26 - - [10/Jan/2021:10:43:57 +0800] "GET /xingrg/kc/buy/cgsh_order_operate.html?command=get_materiel&rest_code=00108&code=00101002022&supplier_code=00100400&order_time=2021-01-10 HTTP/1.1" 200 409
172.17.0.103 - - [10/Jan/2021:10:43:58 +0800] "GET /xingrg/all/function/internal_message.html?_=1610246634120&CODE_STATE=getMsg HTTP/1.1" 200 27
61.165.42.208 - - [10/Jan/2021:10:43:59 +0800] "GET /xingrg/all/function/internal_message.html?_=1610246635007&CODE_STATE=getMsg HTTP/1.1" 200 27
222.69.133.109 - - [10/Jan/2021:10:44:03 +0800] "GET /xingrg/all/function/internal_message.html?_=1610246641570&CODE_STATE=getMsg HTTP/1.1" 200 27
58.37.230.33 - - [10/Jan/2021:10:44:04 +0800] "GET /xingrg/kc/buy/cgsh_order_operate.html?command=get_materiel&rest_code=00141&code=00101006229&supplier_code=00100012&order_time=2021-01-10 HTTP/1.1" 200 412
117.184.7.26 - - [10/Jan/2021:10:44:04 +0800] "GET /xingrg/kc/buy/cgsh_order_operate.html?command=get_materiel&rest_code=00108&code=00101005037&supplier_code=00100400&order_time=2021-01-10 HTTP/1.1" 200 409
58.37.230.33 - - [10/Jan/2021:10:44:04 +0800] "GET /xingrg/all/function/internal_message.html?_=1610246668559&CODE_STATE=getMsg HTTP/1.1" 200 27
180.156.237.57 - - [10/Jan/2021:10:44:05 +0800] "GET /xingrg/all/function/internal_message.html?_=1610246642300&CODE_STATE=getMsg HTTP/1.1" 200 27
117.131.5.26 - - [10/Jan/2021:10:44:08 +0800] "GET /xingrg/kc/buy/cgsh_order_operate.html?command=get_materiel&rest_code=00104&code=00101016053&supplier_code=00100036&order_time=2021-01-10 HTTP/1.1" 200 408
114.88.169.67 - - [10/Jan/2021:10:44:08 +0800] "GET /xingrg/all/function/internal_message.html?_=1610246644005&CODE_STATE=getMsg HTTP/1.1" 200 27
117.184.7.26 - - [10/Jan/2021:10:44:12 +0800] "POST /xingrg/kc/buy/cgsh_order_operate.html HTTP/1.1" 200 37
120.253.135.82 - - [10/Jan/2021:10:44:12 +0800] "GET /xingrg/check_reg.html?_=1610246407343 HTTP/1.1" 200 22
117.184.7.26 - - [10/Jan/2021:10:44:13 +0800] "POST /xingrg/kc/buy/cgsh_order_operate.html HTTP/1.1" 200 3840
58.37.230.33 - - [10/Jan/2021:10:44:14 +0800] "GET /xingrg/kc/buy/cgsh_order_operate.html?command=get_materiel&rest_code=00141&code=00101006109&supplier_code=00100012&order_time=2021-01-10 HTTP/1.1" 200 409
117.184.7.26 - - [10/Jan/2021:10:44:15 +0800] "GET /xingrg/kc/print/load_config.html?kc_code=cgsh HTTP/1.1" 200 1845
117.184.7.26 - - [10/Jan/2021:10:44:15 +0800] "GET /xingrg/kc/print/load_data.html?order_code=212021011004026&kc_code=cgsh&condition= HTTP/1.1" 200 1098
61.165.42.208 - - [10/Jan/2021:10:44:15 +0800] "GET /xingrg/all/function/internal_message.html?_=1610246633481&CODE_STATE=getMsg HTTP/1.1" 200 27
117.185.32.26 - - [10/Jan/2021:10:44:17 +0800] "GET /xingrg/all/function/internal_message.html?_=1610246647408&CODE_STATE=getMsg HTTP/1.1" 200 27
114.86.226.161 - - [10/Jan/2021:10:44:19 +0800] "GET /xingrg/all/function/internal_message.html?_=1610246721111&CODE_STATE=getMsg HTTP/1.1" 200 27
117.131.5.26 - - [10/Jan/2021:10:44:21 +0800] "GET /xingrg/kc/buy/cgsh_order_operate.html?command=get_materiel&rest_code=00104&code=00101010035&supplier_code=00100036&order_time=2021-01-10 HTTP/1.1" 200 413
116.228.172.94 - - [10/Jan/2021:10:44:21 +0800] "GET /xingrg/kc/buy/cgsh_order_operate.html?command=get_materiel&rest_code=00107&code=00101003035&supplier_code=00100092&order_time=2021-01-10 HTTP/1.1" 200 411
58.37.230.33 - - [10/Jan/2021:10:44:23 +0800] "GET /xingrg/kc/buy/cgsh_order_operate.html?command=get_materiel&rest_code=00141&code=00101018007&supplier_code=00100012&order_time=2021-01-10 HTTP/1.1" 200 409
222.69.133.109 - - [10/Jan/2021:10:44:24 +0800] "GET /xingrg/kc/buy/cgsh_order_add.html HTTP/1.1" 200 60864
222.69.133.109 - - [10/Jan/2021:10:44:24 +0800] "POST /xingrg/kc/buy/cgsh_order_operate.html HTTP/1.1" 200 8245
222.69.133.109 - - [10/Jan/2021:10:44:24 +0800] "GET /xingrg/javascript/easyui/themes/default/validatebox.css HTTP/1.1" 404 1104
120.253.135.82 - - [10/Jan/2021:10:44:25 +0800] "GET /xingrg/all/function/internal_message.html?_=1610246420042&CODE_STATE=getMsg HTTP/1.1" 200 27
172.17.0.240 - - [10/Jan/2021:10:44:26 +0800] "GET /xingrg/all/function/internal_message.html?_=1610246661636&CODE_STATE=getMsg HTTP/1.1" 200 27
172.17.0.100 - - [10/Jan/2021:10:44:27 +0800] "GET /xingrg/all/function/internal_message.html?_=1610246663767&CODE_STATE=getMsg HTTP/1.1" 200 27
117.184.7.26 - - [10/Jan/2021:10:44:29 +0800] "GET /xingrg/all/function/internal_message.html?_=1610246665282&CODE_STATE=getMsg HTTP/1.1" 200 27
116.228.172.94 - - [10/Jan/2021:10:44:29 +0800] "GET /xingrg/check_reg.html?_=1610246665828 HTTP/1.1" 200 22
116.228.172.94 - - [10/Jan/2021:10:44:30 +0800] "GET /xingrg/all/function/internal_message.html?_=1610246666759&CODE_STATE=getMsg HTTP/1.1" 200 27
172.17.200.101 - - [10/Jan/2021:10:44:32 +0800] "GET /xingrg/all/function/internal_message.html?_=1610246668094&CODE_STATE=getMsg HTTP/1.1" 200 27
222.69.136.245 - - [10/Jan/2021:10:44:32 +0800] "GET /xingrg/all/function/internal_message.html?_=1610246668252&CODE_STATE=getMsg HTTP/1.1" 200 27
222.69.136.245 - - [10/Jan/2021:10:44:32 +0800] "GET /xingrg/check_reg.html?_=1610246668254 HTTP/1.1" 200 22
117.131.5.26 - - [10/Jan/2021:10:44:33 +0800] "GET /xingrg/kc/buy/cgsh_order_operate.html?command=get_materiel&rest_code=00104&code=00101012038&supplier_code=00100036&order_time=2021-01-10 HTTP/1.1" 200 412
222.69.133.109 - - [10/Jan/2021:10:44:37 +0800] "GET /xingrg/kc/buy/cgsh_order_operate.html?command=get_materiel&rest_code=00154&code=00101011001&supplier_code=00100051&order_time=2021-01-10 HTTP/1.1" 200 423
58.37.230.33 - - [10/Jan/2021:10:44:46 +0800] "GET /xingrg/kc/buy/cgsh_order_operate.html?command=get_materiel&rest_code=00141&code=00101006130&supplier_code=00100012&order_time=2021-01-10 HTTP/1.1" 200 427
180.175.150.119 - - [10/Jan/2021:10:44:51 +0800] "GET /xingrg/all/function/internal_message.html?_=1610246689429&CODE_STATE=getMsg HTTP/1.1" 200 27
172.17.0.123 - - [10/Jan/2021:10:44:53 +0800] "GET /xingrg/all/function/internal_message.html?_=1610246591408&CODE_STATE=getMsg HTTP/1.1" 200 27
117.131.5.26 - - [10/Jan/2021:10:44:54 +0800] "GET /xingrg/all/function/internal_message.html?_=1610246740240&CODE_STATE=getMsg HTTP/1.1" 200 27
222.69.133.109 - - [10/Jan/2021:10:44:54 +0800] "POST /xingrg/kc/buy/cgsh_order_operate.html HTTP/1.1" 200 37
180.175.150.119 - - [10/Jan/2021:10:44:55 +0800] "GET /xingrg/all/function/internal_message.html?_=1610246929743&CODE_STATE=getMsg HTTP/1.1" 200 27
172.17.0.120 - - [10/Jan/2021:10:44:56 +0800] "GET /xingrg/check_reg.html?_=1610246692626 HTTP/1.1" 200 22
172.17.0.120 - - [10/Jan/2021:10:44:56 +0800] "GET /xingrg/all/function/internal_message.html?_=1610246692629&CODE_STATE=getMsg HTTP/1.1" 200 27
222.69.133.109 - - [10/Jan/2021:10:44:57 +0800] "POST /xingrg/kc/buy/cgsh_order_operate.html HTTP/1.1" 200 12
222.69.133.109 - - [10/Jan/2021:10:44:58 +0800] "GET /xingrg/kc/buy/cgsh_order_info.html?code=212021011004027 HTTP/1.1" 200 55767
116.228.172.94 - - [10/Jan/2021:10:44:58 +0800] "GET /xingrg/kc/buy/cgsh_order_operate.html?command=get_materiel&rest_code=00107&code=00101003006&supplier_code=00100092&order_time=2021-01-10 HTTP/1.1" 200 412
172.17.0.103 - - [10/Jan/2021:10:44:58 +0800] "GET /xingrg/all/function/internal_message.html?_=1610246694119&CODE_STATE=getMsg HTTP/1.1" 200 27
222.69.133.109 - - [10/Jan/2021:10:44:58 +0800] "GET /xingrg/javascript/easyui/themes/default/validatebox.css HTTP/1.1" 404 1104
222.69.133.109 - - [10/Jan/2021:10:44:58 +0800] "POST /xingrg/kc/buy/cgsh_order_operate.html HTTP/1.1" 200 616
61.165.42.208 - - [10/Jan/2021:10:44:59 +0800] "GET /xingrg/all/function/internal_message.html?_=1610246694988&CODE_STATE=getMsg HTTP/1.1" 200 27
222.69.133.109 - - [10/Jan/2021:10:45:00 +0800] "GET /xingrg/kc/print/load_data.html?order_code=212021011004027&kc_code=cgsh&condition= HTTP/1.1" 200 724
172.17.0.103 - - [10/Jan/2021:10:45:02 +0800] "GET /xingrg/javascript/auto/indicator.gif HTTP/1.1" 404 1066
222.69.133.109 - - [10/Jan/2021:10:45:03 +0800] "GET /xingrg/all/function/internal_message.html?_=1610246701552&CODE_STATE=getMsg HTTP/1.1" 200 27
114.88.169.67 - - [10/Jan/2021:10:45:04 +0800] "POST /xingrg/kc/buy/cgsh_order_operate.html HTTP/1.1" 200 37
58.37.230.33 - - [10/Jan/2021:10:45:04 +0800] "GET /xingrg/all/function/internal_message.html?_=1610246728574&CODE_STATE=getMsg HTTP/1.1" 200 27
180.156.237.57 - - [10/Jan/2021:10:45:05 +0800] "GET /xingrg/all/function/internal_message.html?_=1610246702304&CODE_STATE=getMsg HTTP/1.1" 200 27
172.17.0.103 - - [10/Jan/2021:10:45:05 +0800] "GET /xingrg/kc/buy/cgsh_order_operate.html?command=get_materiel&rest_code=00147&code=00101009010&supplier_code=00100022&order_time=2021-01-09 HTTP/1.1" 200 412
114.88.169.67 - - [10/Jan/2021:10:45:05 +0800] "POST /xingrg/kc/buy/cgsh_order_operate.html HTTP/1.1" 200 3841
114.88.169.67 - - [10/Jan/2021:10:45:06 +0800] "GET /xingrg/kc/buy/cgsh_order_add.html HTTP/1.1" 200 61743
61.165.42.208 - - [10/Jan/2021:10:45:08 +0800] "GET /xingrg/kc/buy/cgsh_order_add.html HTTP/1.1" 200 61790
61.165.42.208 - - [10/Jan/2021:10:45:08 +0800] "GET /xingrg/javascript/easyui/themes/default/validatebox.css HTTP/1.1" 404 1104
61.165.42.208 - - [10/Jan/2021:10:45:08 +0800] "POST /xingrg/kc/buy/cgsh_order_operate.html HTTP/1.1" 200 8245
114.88.169.67 - - [10/Jan/2021:10:45:09 +0800] "POST /xingrg/kc/buy/cgsh_order_operate.html HTTP/1.1" 200 8245
58.37.230.33 - - [10/Jan/2021:10:45:09 +0800] "POST /xingrg/kc/buy/cgsh_order_operate.html HTTP/1.1" 200 37
114.88.169.67 - - [10/Jan/2021:10:45:09 +0800] "GET /xingrg/all/function/internal_message.html?_=1610246704790&CODE_STATE=getMsg HTTP/1.1" 200 27
114.88.169.67 - - [10/Jan/2021:10:45:09 +0800] "GET /xingrg/javascript/easyui/themes/default/validatebox.css HTTP/1.1" 404 1104
117.131.5.26 - - [10/Jan/2021:10:45:09 +0800] "GET /xingrg/kc/buy/cgsh_order_operate.html?command=get_materiel&rest_code=00104&code=00101010136&supplier_code=00100036&order_time=2021-01-10 HTTP/1.1" 200 408
117.184.7.26 - - [10/Jan/2021:10:45:11 +0800] "GET /xingrg/kc/buy/cgsh_order_add.html HTTP/1.1" 200 61702
58.37.230.33 - - [10/Jan/2021:10:45:11 +0800] "POST /xingrg/kc/buy/cgsh_order_operate.html HTTP/1.1" 200 12
117.184.7.26 - - [10/Jan/2021:10:45:11 +0800] "POST /xingrg/kc/buy/cgsh_order_operate.html HTTP/1.1" 200 8245
117.184.7.26 - - [10/Jan/2021:10:45:11 +0800] "GET /xingrg/javascript/easyui/themes/default/validatebox.css HTTP/1.1" 404 1104
58.37.230.33 - - [10/Jan/2021:10:45:11 +0800] "GET /xingrg/kc/buy/cgsh_order_info.html?code=212021011004028 HTTP/1.1" 200 56654
58.37.230.33 - - [10/Jan/2021:10:45:12 +0800] "GET /xingrg/javascript/easyui/themes/default/validatebox.css HTTP/1.1" 404 1104
58.37.230.33 - - [10/Jan/2021:10:45:13 +0800] "POST /xingrg/kc/buy/cgsh_order_operate.html HTTP/1.1" 200 5977
58.37.230.33 - - [10/Jan/2021:10:45:14 +0800] "GET /xingrg/kc/print/load_config.html?kc_code=cgsh HTTP/1.1" 200 1845
58.37.230.33 - - [10/Jan/2021:10:45:14 +0800] "GET /xingrg/kc/print/load_data.html?order_code=212021011004028&kc_code=cgsh&condition= HTTP/1.1" 200 2879
61.165.42.208 - - [10/Jan/2021:10:45:15 +0800] "GET /xingrg/all/function/internal_message.html?_=1610246693480&CODE_STATE=getMsg HTTP/1.1" 200 27
117.185.32.26 - - [10/Jan/2021:10:45:17 +0800] "GET /xingrg/all/function/internal_message.html?_=1610246707394&CODE_STATE=getMsg HTTP/1.1" 200 27
114.86.226.161 - - [10/Jan/2021:10:45:19 +0800] "GET /xingrg/all/function/internal_message.html?_=1610246781109&CODE_STATE=getMsg HTTP/1.1" 200 27
172.17.0.103 - - [10/Jan/2021:10:45:19 +0800] "GET /xingrg/kc/buy/cgsh_order_operate.html?command=get_materiel&rest_code=00147&code=00101009062&supplier_code=00100022&order_time=2021-01-09 HTTP/1.1" 200 412
61.165.42.208 - - [10/Jan/2021:10:45:19 +0800] "GET /xingrg/kc/buy/cgsh_order_operate.html?command=get_materiel&rest_code=00105&code=00101010534&supplier_code=00100322&order_time=2021-01-10 HTTP/1.1" 200 428
114.88.169.67 - - [10/Jan/2021:10:45:20 +0800] "GET /xingrg/kc/buy/cgsh_order_operate.html?command=get_materiel&rest_code=00111&code=00101010327&supplier_code=00100327&order_time=2021-01-10 HTTP/1.1" 200 403
58.37.230.33 - - [10/Jan/2021:10:45:23 +0800] "GET /xingrg/kc/buy/cgsh_order_add.html HTTP/1.1" 200 61749
58.37.230.33 - - [10/Jan/2021:10:45:24 +0800] "POST /xingrg/kc/buy/cgsh_order_operate.html HTTP/1.1" 200 8245
58.37.230.33 - - [10/Jan/2021:10:45:24 +0800] "GET /xingrg/javascript/easyui/themes/default/validatebox.css HTTP/1.1" 404 1104
120.253.135.82 - - [10/Jan/2021:10:45:25 +0800] "GET /xingrg/all/function/internal_message.html?_=1610246480057&CODE_STATE=getMsg HTTP/1.1" 200 27
172.17.0.240 - - [10/Jan/2021:10:45:26 +0800] "GET /xingrg/all/function/internal_message.html?_=1610246721640&CODE_STATE=getMsg HTTP/1.1" 200 27
172.17.0.100 - - [10/Jan/2021:10:45:27 +0800] "GET /xingrg/all/function/internal_message.html?_=1610246723769&CODE_STATE=getMsg HTTP/1.1" 200 27
172.17.0.100 - - [10/Jan/2021:10:45:27 +0800] "GET /xingrg/check_reg.html?_=1610246723773 HTTP/1.1" 200 22
116.228.172.94 - - [10/Jan/2021:10:45:28 +0800] "POST /xingrg/kc/buy/cgsh_order_operate.html HTTP/1.1" 200 37
116.228.172.94 - - [10/Jan/2021:10:45:29 +0800] "POST /xingrg/kc/buy/cgsh_order_operate.html HTTP/1.1" 200 3256
117.184.7.26 - - [10/Jan/2021:10:45:29 +0800] "GET /xingrg/all/function/internal_message.html?_=1610246725265&CODE_STATE=getMsg HTTP/1.1" 200 27
61.165.42.208 - - [10/Jan/2021:10:45:30 +0800] "GET /xingrg/kc/buy/cgsh_order_operate.html?command=get_materiel&rest_code=00105&code=00101007144&supplier_code=00100322&order_time=2021-01-10 HTTP/1.1" 200 428
116.228.172.94 - - [10/Jan/2021:10:45:30 +0800] "GET /xingrg/all/function/internal_message.html?_=1610246726765&CODE_STATE=getMsg HTTP/1.1" 200 27
116.228.172.94 - - [10/Jan/2021:10:45:30 +0800] "GET /xingrg/kc/print/load_data.html?order_code=212021011004029&kc_code=cgsh&condition= HTTP/1.1" 200 958
172.17.200.101 - - [10/Jan/2021:10:45:32 +0800] "GET /xingrg/all/function/internal_message.html?_=1610246728084&CODE_STATE=getMsg HTTP/1.1" 200 27
222.69.136.245 - - [10/Jan/2021:10:45:32 +0800] "GET /xingrg/all/function/internal_message.html?_=1610246728253&CODE_STATE=getMsg HTTP/1.1" 200 27
172.17.0.103 - - [10/Jan/2021:10:45:32 +0800] "GET /xingrg/kc/buy/cgsh_order_operate.html?command=get_materiel&rest_code=00147&code=00101008418&supplier_code=00100022&order_time=2021-01-09 HTTP/1.1" 200 398
117.131.5.26 - - [10/Jan/2021:10:45:34 +0800] "POST /xingrg/kc/buy/cgsh_order_operate.html HTTP/1.1" 200 37
114.88.169.67 - - [10/Jan/2021:10:45:34 +0800] "GET /xingrg/kc/buy/cgsh_order_operate.html?command=get_materiel&rest_code=00111&code=00101010111&supplier_code=00100327&order_time=2021-01-10 HTTP/1.1" 200 417
117.131.5.26 - - [10/Jan/2021:10:45:35 +0800] "POST /xingrg/kc/buy/cgsh_order_operate.html HTTP/1.1" 200 5607
117.184.7.26 - - [10/Jan/2021:10:45:35 +0800] "GET /xingrg/kc/buy/cgsh_order_operate.html?command=get_materiel&rest_code=00108&code=00101011005&supplier_code=00100047&order_time=2021-01-10 HTTP/1.1" 200 428
116.228.172.94 - - [10/Jan/2021:10:45:36 +0800] "GET /xingrg/kc/buy/cgsh_order_add.html HTTP/1.1" 200 61831
117.131.5.26 - - [10/Jan/2021:10:45:36 +0800] "GET /xingrg/kc/print/load_config.html?kc_code=cgsh HTTP/1.1" 200 1845
117.131.5.26 - - [10/Jan/2021:10:45:37 +0800] "GET /xingrg/kc/print/load_data.html?order_code=212021011004030&kc_code=cgsh&condition= HTTP/1.1" 200 1875
116.228.172.94 - - [10/Jan/2021:10:45:37 +0800] "GET /xingrg/javascript/easyui/themes/default/validatebox.css HTTP/1.1" 404 1104
116.228.172.94 - - [10/Jan/2021:10:45:37 +0800] "POST /xingrg/kc/buy/cgsh_order_operate.html HTTP/1.1" 200 8245
58.37.230.33 - - [10/Jan/2021:10:45:37 +0800] "GET /xingrg/kc/buy/cgsh_order_operate.html?command=get_materiel&rest_code=00141&code=00101012030&supplier_code=00100036&order_time=2021-01-10 HTTP/1.1" 200 416
61.165.42.208 - - [10/Jan/2021:10:45:38 +0800] "GET /xingrg/kc/buy/cgsh_order_operate.html?command=get_materiel&rest_code=00105&code=00101010209&supplier_code=00100322&order_time=2021-01-10 HTTP/1.1" 200 439
116.228.172.94 - - [10/Jan/2021:10:45:38 +0800] "GET /xingrg/javascript/easyui/themes/default/tree.css HTTP/1.1" 404 1090
116.228.172.94 - - [10/Jan/2021:10:45:38 +0800] "POST /xingrg/all/common/load_tree.html?tree=supplier_tree_json&isDelete=1 HTTP/1.1" 200 54158
61.165.42.208 - - [10/Jan/2021:10:45:40 +0800] "POST /xingrg/all/common/load_select.html HTTP/1.1" 200 25
117.184.7.26 - - [10/Jan/2021:10:45:42 +0800] "GET /xingrg/kc/buy/cgsh_order_operate.html?command=get_materiel&rest_code=00108&code=00101011001&supplier_code=00100047&order_time=2021-01-10 HTTP/1.1" 200 423
61.165.42.208 - - [10/Jan/2021:10:45:43 +0800] "GET /xingrg/kc/buy/cgsh_order_operate.html?command=get_materiel_price&rest_code=00105&code=00101010209&unit_code=00100076&supplier_code=00100322&order_time=2021-01-10 HTTP/1.1" 200 30
120.253.135.82 - - [10/Jan/2021:10:45:44 +0800] "GET /xingrg/kc/report/report_main.html HTTP/1.1" 200 9370
114.88.169.67 - - [10/Jan/2021:10:45:45 +0800] "POST /xingrg/kc/buy/cgsh_order_operate.html HTTP/1.1" 200 37
114.88.169.67 - - [10/Jan/2021:10:45:46 +0800] "POST /xingrg/kc/buy/cgsh_order_operate.html HTTP/1.1" 200 3256
120.253.135.82 - - [10/Jan/2021:10:45:47 +0800] "GET /xingrg/kc/base/kc_stocks.html HTTP/1.1" 200 16380
120.253.135.82 - - [10/Jan/2021:10:45:47 +0800] "GET /xingrg/javascript/easyui/themes/default/tree.css HTTP/1.1" 404 1090
120.253.135.82 - - [10/Jan/2021:10:45:47 +0800] "POST /xingrg/all/common/load_tree.html?tree=materiel_sort_tree_json HTTP/1.1" 200 8666
117.184.7.26 - - [10/Jan/2021:10:45:48 +0800] "POST /xingrg/kc/buy/cgsh_order_operate.html HTTP/1.1" 200 37
172.17.0.103 - - [10/Jan/2021:10:45:48 +0800] "GET /xingrg/kc/buy/cgsh_order_operate.html?command=get_materiel&rest_code=00147&code=00101009050&supplier_code=00100022&order_time=2021-01-09 HTTP/1.1" 200 408
120.253.135.82 - - [10/Jan/2021:10:45:48 +0800] "POST /xingrg/all/common/load_combo.html?type=base HTTP/1.1" 200 984
114.88.169.67 - - [10/Jan/2021:10:45:49 +0800] "GET /xingrg/kc/print/load_data.html?order_code=212021011004031&kc_code=cgsh&condition= HTTP/1.1" 200 902
117.184.7.26 - - [10/Jan/2021:10:45:49 +0800] "POST /xingrg/kc/buy/cgsh_order_operate.html HTTP/1.1" 200 3257
58.37.230.33 - - [10/Jan/2021:10:45:50 +0800] "GET /xingrg/kc/buy/cgsh_order_operate.html?command=get_materiel&rest_code=00141&code=00101011007&supplier_code=00100036&order_time=2021-01-10 HTTP/1.1" 200 414
180.175.150.119 - - [10/Jan/2021:10:45:51 +0800] "GET /xingrg/all/function/internal_message.html?_=1610246749440&CODE_STATE=getMsg HTTP/1.1" 200 27
117.184.7.26 - - [10/Jan/2021:10:45:52 +0800] "GET /xingrg/kc/print/load_data.html?order_code=212021011004032&kc_code=cgsh&condition= HTTP/1.1" 200 946
180.175.150.119 - - [10/Jan/2021:10:45:53 +0800] "POST /xingrg/dwr/call/plaincall/AjaxQqpsService.uncheckOrder.dwr HTTP/1.1" 200 78
172.17.0.123 - - [10/Jan/2021:10:45:53 +0800] "GET /xingrg/all/function/internal_message.html?_=1610246651410&CODE_STATE=getMsg HTTP/1.1" 200 27
180.175.150.119 - - [10/Jan/2021:10:45:54 +0800] "GET /favicon.ico HTTP/1.1" 404 -
117.131.5.26 - - [10/Jan/2021:10:45:54 +0800] "GET /xingrg/all/function/internal_message.html?_=1610246800297&CODE_STATE=getMsg HTTP/1.1" 200 27
116.228.172.94 - - [10/Jan/2021:10:45:55 +0800] "GET /xingrg/kc/buy/cgsh_order_operate.html?command=get_materiel&rest_code=00107&code=00101004065&supplier_code=00100088&order_time=2021-01-10 HTTP/1.1" 200 433
120.253.135.82 - - [10/Jan/2021:10:45:56 +0800] "POST /xingrg/kc/base/stock_operate.html HTTP/1.1" 200 1466
172.17.0.120 - - [10/Jan/2021:10:45:56 +0800] "GET /xingrg/all/function/internal_message.html?_=1610246752633&CODE_STATE=getMsg HTTP/1.1" 200 27
61.165.42.208 - - [10/Jan/2021:10:45:57 +0800] "POST /xingrg/kc/buy/cgsh_order_operate.html HTTP/1.1" 200 37
180.175.150.119 - - [10/Jan/2021:10:45:58 +0800] "GET /xingrg/all/function/internal_message.html?_=1610246992098&CODE_STATE=getMsg HTTP/1.1" 200 27
180.175.150.119 - - [10/Jan/2021:10:45:58 +0800] "GET /xingrg/css/blue.css HTTP/1.1" 304 -
180.175.150.119 - - [10/Jan/2021:10:45:58 +0800] "GET /xingrg/javascript/auto/jquery.autocomplete.css HTTP/1.1" 304 -
180.175.150.119 - - [10/Jan/2021:10:45:58 +0800] "GET /xingrg/javascript/jquery-1.4.2.min.js HTTP/1.1" 304 -
180.175.150.119 - - [10/Jan/2021:10:45:58 +0800] "GET /xingrg/javascript/auto/jquery.autocomplete.js HTTP/1.1" 304 -
180.175.150.119 - - [10/Jan/2021:10:45:58 +0800] "GET /xingrg/javascript/jquery_easy_ui/themes/icon.css HTTP/1.1" 304 -
180.175.150.119 - - [10/Jan/2021:10:45:58 +0800] "GET /xingrg/javascript/jquery_easy_ui/jquery.easyui.min.js HTTP/1.1" 304 -
180.175.150.119 - - [10/Jan/2021:10:45:58 +0800] "GET /xingrg/javascript/jquery_easy_ui/easyui-lang-zh_CN.js HTTP/1.1" 304 -
180.175.150.119 - - [10/Jan/2021:10:45:58 +0800] "GET /xingrg/javascript/tools/jquery.qtip-1.0.0-rc3.min.js HTTP/1.1" 304 -
180.175.150.119 - - [10/Jan/2021:10:45:58 +0800] "GET /xingrg/javascript/jquery.utils.js HTTP/1.1" 304 -
180.175.150.119 - - [10/Jan/2021:10:45:58 +0800] "GET /xingrg/javascript/pic_change.js HTTP/1.1" 304 -
180.175.150.119 - - [10/Jan/2021:10:45:58 +0800] "GET /xingrg/kc/mdqp/qqps_order_info.html?code=302021011000229 HTTP/1.1" 200 28231
180.175.150.119 - - [10/Jan/2021:10:45:58 +0800] "GET /xingrg/dwr/util.js HTTP/1.1" 304 -
180.175.150.119 - - [10/Jan/2021:10:45:58 +0800] "GET /xingrg/javascript/ToolTips.js HTTP/1.1" 304 -
180.175.150.119 - - [10/Jan/2021:10:45:58 +0800] "GET /xingrg/javascript/print/kc_print.js HTTP/1.1" 304 -
180.175.150.119 - - [10/Jan/2021:10:45:58 +0800] "GET /xingrg/javascript/print/LodopFuncs.js HTTP/1.1" 304 -
180.175.150.119 - - [10/Jan/2021:10:45:58 +0800] "GET /xingrg/javascript/jquery_easy_ui/themes/default/easyui.css HTTP/1.1" 304 -
180.175.150.119 - - [10/Jan/2021:10:45:58 +0800] "GET /xingrg/javascript/Calendar.js HTTP/1.1" 304 -
180.175.150.119 - - [10/Jan/2021:10:45:58 +0800] "GET /xingrg/javascript/myfunction.js HTTP/1.1" 304 -
180.175.150.119 - - [10/Jan/2021:10:45:58 +0800] "GET /xingrg/javascript/AjaxInfoList.js HTTP/1.1" 304 -
172.17.0.103 - - [10/Jan/2021:10:45:58 +0800] "GET /xingrg/all/function/internal_message.html?_=1610246754121&CODE_STATE=getMsg HTTP/1.1" 200 27
172.17.0.103 - - [10/Jan/2021:10:45:58 +0800] "POST /xingrg/kc/buy/cgsh_order_operate.html HTTP/1.1" 200 37
61.165.42.208 - - [10/Jan/2021:10:45:58 +0800] "POST /xingrg/kc/buy/cgsh_order_operate.html HTTP/1.1" 200 3906
172.17.0.103 - - [10/Jan/2021:10:45:58 +0800] "GET /xingrg/check_reg.html?_=1610246754123 HTTP/1.1" 200 22
180.175.150.119 - - [10/Jan/2021:10:45:58 +0800] "GET /xingrg/javascript/Grid.js HTTP/1.1" 304 -
180.175.150.119 - - [10/Jan/2021:10:45:58 +0800] "GET /xingrg/dwr/interface/AjaxQqpsService.js HTTP/1.1" 200 16326
180.175.150.119 - - [10/Jan/2021:10:45:58 +0800] "GET /xingrg/dwr/interface/AjaxComOrderService.js HTTP/1.1" 200 18264
180.175.150.119 - - [10/Jan/2021:10:45:58 +0800] "GET /xingrg/dwr/engine.js HTTP/1.1" 200 43631
180.175.150.119 - - [10/Jan/2021:10:45:58 +0800] "GET /xingrg/words/20210109170614_words.js HTTP/1.1" 304 -
180.175.150.119 - - [10/Jan/2021:10:45:58 +0800] "GET /xingrg/javascript/jquery_easy_ui/themes/icons/template_new.png HTTP/1.1" 304 -
180.175.150.119 - - [10/Jan/2021:10:45:58 +0800] "GET /xingrg/javascript/jquery_easy_ui/themes/icons/edit_add_new.png HTTP/1.1" 304 -
180.175.150.119 - - [10/Jan/2021:10:45:58 +0800] "GET /xingrg/javascript/jquery_easy_ui/themes/icons/copy_new.png HTTP/1.1" 304 -
180.175.150.119 - - [10/Jan/2021:10:45:58 +0800] "GET /xingrg/javascript/jquery_easy_ui/themes/icons/cance_new.png HTTP/1.1" 304 -
180.175.150.119 - - [10/Jan/2021:10:45:58 +0800] "GET /xingrg/javascript/jquery_easy_ui/themes/icons/ok.png HTTP/1.1" 304 -
180.175.150.119 - - [10/Jan/2021:10:45:58 +0800] "GET /xingrg/javascript/jquery_easy_ui/themes/icons/check_new.png HTTP/1.1" 304 -
180.175.150.119 - - [10/Jan/2021:10:45:58 +0800] "GET /xingrg/javascript/jquery_easy_ui/themes/icons/print.png HTTP/1.1" 304 -
180.175.150.119 - - [10/Jan/2021:10:45:58 +0800] "GET /xingrg/javascript/jquery_easy_ui/themes/default/images/menu_downarrow.png HTTP/1.1" 304 -
180.175.150.119 - - [10/Jan/2021:10:45:58 +0800] "GET /xingrg/javascript/jquery_easy_ui/themes/icons/back_new.png HTTP/1.1" 304 -
180.175.150.119 - - [10/Jan/2021:10:45:58 +0800] "GET /xingrg/javascript/jquery_easy_ui/themes/default/images/combo_arrow_dot.gif HTTP/1.1" 304 -
61.165.42.208 - - [10/Jan/2021:10:45:58 +0800] "GET /xingrg/check_reg.html?_=1610246754733 HTTP/1.1" 200 22
61.165.42.208 - - [10/Jan/2021:10:45:59 +0800] "GET /xingrg/all/function/internal_message.html?_=1610246754961&CODE_STATE=getMsg HTTP/1.1" 200 27
58.37.230.33 - - [10/Jan/2021:10:45:59 +0800] "GET /xingrg/kc/buy/cgsh_order_operate.html?command=get_materiel&rest_code=00141&code=00101016025&supplier_code=00100036&order_time=2021-01-10 HTTP/1.1" 200 408
172.17.0.103 - - [10/Jan/2021:10:45:59 +0800] "POST /xingrg/kc/buy/cgsh_order_operate.html HTTP/1.1" 200 6788
61.165.42.208 - - [10/Jan/2021:10:45:59 +0800] "GET /xingrg/kc/print/load_data.html?order_code=212021011004033&kc_code=cgsh&condition= HTTP/1.1" 200 1181
180.175.150.119 - - [10/Jan/2021:10:45:59 +0800] "GET /xingrg/images/blue/button/kc_tab_add.gif HTTP/1.1" 304 -
180.175.150.119 - - [10/Jan/2021:10:45:59 +0800] "GET /xingrg/images/blue/button/kc_tab_edit.gif HTTP/1.1" 304 -
180.175.150.119 - - [10/Jan/2021:10:45:59 +0800] "GET /xingrg/images/blue/button/kc_tab_save.gif HTTP/1.1" 304 -
180.175.150.119 - - [10/Jan/2021:10:45:59 +0800] "GET /xingrg/images/blue/button/kc_tab_del.gif HTTP/1.1" 304 -
180.175.150.119 - - [10/Jan/2021:10:45:59 +0800] "GET /xingrg/images/blue/kc_tab_left.gif HTTP/1.1" 304 -
180.175.150.119 - - [10/Jan/2021:10:45:59 +0800] "GET /xingrg/images/blue/kc_tab_mid.gif HTTP/1.1" 304 -
180.175.150.119 - - [10/Jan/2021:10:45:59 +0800] "GET /xingrg/images/blue/kc_tab_right.gif HTTP/1.1" 304 -
180.175.150.119 - - [10/Jan/2021:10:45:59 +0800] "GET /xingrg/images/blue/kc_tab2_left.gif HTTP/1.1" 304 -
180.175.150.119 - - [10/Jan/2021:10:45:59 +0800] "GET /xingrg/images/blue/kc_tab2_right.gif HTTP/1.1" 304 -
180.175.150.119 - - [10/Jan/2021:10:45:59 +0800] "GET /xingrg/images/blue/wait.gif HTTP/1.1" 304 -
180.175.150.119 - - [10/Jan/2021:10:45:59 +0800] "POST /xingrg/dwr/call/plaincall/AjaxQqpsService.loadMaterielItems.dwr HTTP/1.1" 200 729
117.184.7.26 - - [10/Jan/2021:10:45:59 +0800] "GET /xingrg/kc/buy/cgsh_order_add.html HTTP/1.1" 200 61702
117.184.7.26 - - [10/Jan/2021:10:46:00 +0800] "POST /xingrg/kc/buy/cgsh_order_operate.html HTTP/1.1" 200 8245
117.184.7.30 - - [10/Jan/2021:10:46:00 +0800] "GET /xingrg/javascript/easyui/themes/default/validatebox.css HTTP/1.1" 404 1104
120.253.135.82 - - [10/Jan/2021:10:46:01 +0800] "GET /xingrg/javascript/easyui/themes/sunny/images/ui-bg_gloss-wave_60_fece2f_500x100.png HTTP/1.1" 200 3512
222.69.133.109 - - [10/Jan/2021:10:46:03 +0800] "GET /xingrg/kc/buy/cgsh_order_add.html HTTP/1.1" 200 60864
61.165.42.208 - - [10/Jan/2021:10:46:03 +0800] "GET /xingrg/kc/buy/cgsh_order_add.html HTTP/1.1" 200 61790
222.69.133.109 - - [10/Jan/2021:10:46:03 +0800] "POST /xingrg/kc/buy/cgsh_order_operate.html HTTP/1.1" 200 8245
222.69.133.109 - - [10/Jan/2021:10:46:03 +0800] "GET /xingrg/javascript/easyui/themes/default/validatebox.css HTTP/1.1" 404 1104
61.165.42.208 - - [10/Jan/2021:10:46:03 +0800] "GET /xingrg/javascript/easyui/themes/default/validatebox.css HTTP/1.1" 404 1104
61.165.42.208 - - [10/Jan/2021:10:46:03 +0800] "POST /xingrg/kc/buy/cgsh_order_operate.html HTTP/1.1" 200 8245
222.69.133.109 - - [10/Jan/2021:10:46:03 +0800] "GET /xingrg/all/function/internal_message.html?_=1610246761630&CODE_STATE=getMsg HTTP/1.1" 200 27
114.88.169.67 - - [10/Jan/2021:10:46:04 +0800] "GET /xingrg/kc/buy/cgsh_order_add.html HTTP/1.1" 200 61743
116.228.172.94 - - [10/Jan/2021:10:46:04 +0800] "POST /xingrg/kc/buy/cgsh_order_operate.html HTTP/1.1" 200 37
58.37.230.33 - - [10/Jan/2021:10:46:04 +0800] "GET /xingrg/all/function/internal_message.html?_=1610246788574&CODE_STATE=getMsg HTTP/1.1" 200 27
180.156.237.57 - - [10/Jan/2021:10:46:05 +0800] "GET /xingrg/all/function/internal_message.html?_=1610246762304&CODE_STATE=getMsg HTTP/1.1" 200 27
116.228.172.94 - - [10/Jan/2021:10:46:05 +0800] "POST /xingrg/kc/buy/cgsh_order_operate.html HTTP/1.1" 200 2660
120.253.135.82 - - [10/Jan/2021:10:46:06 +0800] "GET /xingrg/kc/pszx/mdqp_order_list.html?state=10 HTTP/1.1" 200 10611
120.253.135.82 - - [10/Jan/2021:10:46:06 +0800] "GET /xingrg/dwr/interface/AjaxReportQueryService.js HTTP/1.1" 200 13203
120.253.135.82 - - [10/Jan/2021:10:46:06 +0800] "GET /xingrg/dwr/interface/AjaxQqpsService.js HTTP/1.1" 200 16326
120.253.135.82 - - [10/Jan/2021:10:46:06 +0800] "GET /xingrg/dwr/engine.js HTTP/1.1" 200 43631
114.88.169.67 - - [10/Jan/2021:10:46:06 +0800] "POST /xingrg/kc/buy/cgsh_order_operate.html HTTP/1.1" 200 8245
114.88.169.67 - - [10/Jan/2021:10:46:07 +0800] "GET /xingrg/javascript/easyui/themes/default/validatebox.css HTTP/1.1" 404 1104
116.228.172.94 - - [10/Jan/2021:10:46:07 +0800] "GET /xingrg/kc/print/load_data.html?order_code=212021011004034&kc_code=cgsh&condition= HTTP/1.1" 200 744
58.37.230.33 - - [10/Jan/2021:10:46:08 +0800] "GET /xingrg/kc/buy/cgsh_order_operate.html?command=get_materiel&rest_code=00141&code=00101016053&supplier_code=00100036&order_time=2021-01-10 HTTP/1.1" 200 408
114.88.169.67 - - [10/Jan/2021:10:46:09 +0800] "GET /xingrg/all/function/internal_message.html?_=1610246764803&CODE_STATE=getMsg HTTP/1.1" 200 27
120.253.135.82 - - [10/Jan/2021:10:46:09 +0800] "GET /xingrg/kc/pszx/mdqp_order_info.html?code=302021011000228 HTTP/1.1" 200 13350
120.253.135.82 - - [10/Jan/2021:10:46:09 +0800] "GET /xingrg/dwr/interface/AjaxComOrderService.js HTTP/1.1" 200 18264
120.253.135.82 - - [10/Jan/2021:10:46:09 +0800] "GET /xingrg/dwr/interface/AjaxQqpsService.js HTTP/1.1" 200 16326
120.253.135.82 - - [10/Jan/2021:10:46:09 +0800] "GET /xingrg/dwr/engine.js HTTP/1.1" 200 43631
172.17.0.103 - - [10/Jan/2021:10:46:09 +0800] "GET /xingrg/index.html?sysBaseUrl=http%3A%2F%2F172.17.0.8%3A18081%2Fxingrg%2F&costTime=32×tamp=1585227824564 HTTP/1.1" 302 -
172.17.0.103 - - [10/Jan/2021:10:46:09 +0800] "GET /xingrg/login.html HTTP/1.1" 200 7636
172.17.0.103 - - [10/Jan/2021:10:46:10 +0800] "GET /favicon.ico HTTP/1.1" 404 -
120.253.135.82 - - [10/Jan/2021:10:46:10 +0800] "POST /xingrg/dwr/call/plaincall/AjaxQqpsService.loadMaterielItems.dwr HTTP/1.1" 200 665
116.228.172.94 - - [10/Jan/2021:10:46:11 +0800] "GET /xingrg/kc/buy/cgsh_order_add.html HTTP/1.1" 200 61831
116.228.172.94 - - [10/Jan/2021:10:46:11 +0800] "GET /xingrg/words/20210109170614_words.js HTTP/1.1" 304 -
116.228.172.94 - - [10/Jan/2021:10:46:12 +0800] "GET /xingrg/javascript/easyui/themes/default/validatebox.css HTTP/1.1" 404 1104
116.228.172.94 - - [10/Jan/2021:10:46:12 +0800] "POST /xingrg/kc/buy/cgsh_order_operate.html HTTP/1.1" 200 8245
116.228.172.94 - - [10/Jan/2021:10:46:12 +0800] "GET /xingrg/javascript/easyui/themes/default/tree.css HTTP/1.1" 404 1090
116.228.172.94 - - [10/Jan/2021:10:46:12 +0800] "POST /xingrg/all/common/load_tree.html?tree=supplier_tree_json&isDelete=1 HTTP/1.1" 200 54158
61.165.42.208 - - [10/Jan/2021:10:46:15 +0800] "GET /xingrg/all/function/internal_message.html?_=1610246753506&CODE_STATE=getMsg HTTP/1.1" 200 27
114.88.169.67 - - [10/Jan/2021:10:46:16 +0800] "GET /xingrg/kc/buy/cgsh_order_operate.html?command=get_materiel&rest_code=00111&code=00101001140&supplier_code=00100090&order_time=2021-01-10 HTTP/1.1" 200 415
172.17.0.103 - - [10/Jan/2021:10:46:17 +0800] "POST /xingrg/login.do HTTP/1.1" 302 -
172.17.0.103 - - [10/Jan/2021:10:46:17 +0800] "GET /xingrg/index.html?sysBaseUrl=http%3A%2F%2F172.17.0.8%3A18081%2Fxingrg%2F&costTime=37×tamp=1610246777634 HTTP/1.1" 200 17124
117.185.32.26 - - [10/Jan/2021:10:46:17 +0800] "GET /xingrg/all/function/internal_message.html?_=1610246767369&CODE_STATE=getMsg HTTP/1.1" 200 27
172.17.0.103 - - [10/Jan/2021:10:46:17 +0800] "GET /favicon.ico HTTP/1.1" 404 -
172.17.0.103 - - [10/Jan/2021:10:46:17 +0800] "POST /xingrg/all/common/load_tree.html?tree=area_rest_tree_json&manage=1 HTTP/1.1" 200 351
172.17.0.103 - - [10/Jan/2021:10:46:17 +0800] "GET /xingrg/all/function/internal_message.html?_=1610246773596&CODE_STATE=count HTTP/1.1" 200 11
172.17.0.103 - - [10/Jan/2021:10:46:17 +0800] "POST /xingrg/load_menu.html HTTP/1.1" 200 5103
172.17.0.103 - - [10/Jan/2021:10:46:17 +0800] "GET /xingrg/check_reg.html?_=1610246773598 HTTP/1.1" 200 22
58.37.230.33 - - [10/Jan/2021:10:46:18 +0800] "GET /xingrg/kc/buy/cgsh_order_operate.html?command=get_materiel&rest_code=00141&code=00101016105&supplier_code=00100036&order_time=2021-01-10 HTTP/1.1" 200 409
114.86.226.161 - - [10/Jan/2021:10:46:19 +0800] "GET /xingrg/all/function/internal_message.html?_=1610246841109&CODE_STATE=getMsg HTTP/1.1" 200 27
172.17.0.103 - - [10/Jan/2021:10:46:19 +0800] "GET /xingrg/kc/buy/buy_main.html HTTP/1.1" 200 12377
172.17.0.103 - - [10/Jan/2021:10:46:19 +0800] "GET /xingrg/css/new_ie.css HTTP/1.1" 404 1036
172.17.0.103 - - [10/Jan/2021:10:46:20 +0800] "GET /xingrg/images/yd/bt.gif HTTP/1.1" 404 1040
172.17.0.103 - - [10/Jan/2021:10:46:20 +0800] "GET /xingrg/kc/buy/cgsh_order_list.html HTTP/1.1" 200 45991
172.17.0.103 - - [10/Jan/2021:10:46:22 +0800] "POST /xingrg/kc/buy/cgsh_list_operate.html HTTP/1.1" 200 5227
120.253.135.82 - - [10/Jan/2021:10:46:24 +0800] "GET /xingrg/kc/pszx/mdqp_order_list.html?isBack=1 HTTP/1.1" 302 -
120.253.135.82 - - [10/Jan/2021:10:46:24 +0800] "GET /xingrg/kc/pszx/mdqp_order_list.html?state=10 HTTP/1.1" 200 10611
120.253.135.82 - - [10/Jan/2021:10:46:24 +0800] "GET /xingrg/dwr/interface/AjaxReportQueryService.js HTTP/1.1" 200 13203
120.253.135.82 - - [10/Jan/2021:10:46:24 +0800] "GET /xingrg/dwr/interface/AjaxQqpsService.js HTTP/1.1" 200 16326
120.253.135.82 - - [10/Jan/2021:10:46:24 +0800] "GET /xingrg/dwr/engine.js HTTP/1.1" 200 43631
180.175.150.119 - - [10/Jan/2021:10:46:24 +0800] "GET /xingrg/images/yd/bt.gif HTTP/1.1" 404 1040
120.253.135.82 - - [10/Jan/2021:10:46:25 +0800] "GET /xingrg/all/function/internal_message.html?_=1610246540224&CODE_STATE=getMsg HTTP/1.1" 200 27
58.37.230.33 - - [10/Jan/2021:10:46:25 +0800] "GET /xingrg/kc/buy/cgsh_order_operate.html?command=get_materiel&rest_code=00141&code=00101012038&supplier_code=00100036&order_time=2021-01-10 HTTP/1.1" 200 414
172.17.0.240 - - [10/Jan/2021:10:46:26 +0800] "GET /xingrg/all/function/internal_message.html?_=1610246781626&CODE_STATE=getMsg HTTP/1.1" 200 27
172.17.0.100 - - [10/Jan/2021:10:46:27 +0800] "GET /xingrg/all/function/internal_message.html?_=1610246783759&CODE_STATE=getMsg HTTP/1.1" 200 27
172.17.0.103 - - [10/Jan/2021:10:46:27 +0800] "POST /xingrg/kc/buy/cgsh_list_operate.html HTTP/1.1" 200 5326
116.228.172.94 - - [10/Jan/2021:10:46:28 +0800] "GET /xingrg/kc/buy/cgsh_order_operate.html?command=get_materiel&rest_code=00107&code=00101001115&supplier_code=00100089&order_time=2021-01-10 HTTP/1.1" 200 413
114.88.169.67 - - [10/Jan/2021:10:46:29 +0800] "GET /xingrg/kc/buy/cgsh_order_operate.html?command=get_materiel&rest_code=00111&code=00101001125&supplier_code=00100090&order_time=2021-01-10 HTTP/1.1" 200 415
117.184.7.26 - - [10/Jan/2021:10:46:29 +0800] "GET /xingrg/all/function/internal_message.html?_=1610246785265&CODE_STATE=getMsg HTTP/1.1" 200 27
180.175.150.119 - - [10/Jan/2021:10:46:29 +0800] "GET /xingrg/javascript/auto/indicator.gif HTTP/1.1" 404 1066
172.17.0.103 - - [10/Jan/2021:10:46:29 +0800] "POST /xingrg/kc/buy/cgsh_list_operate.html HTTP/1.1" 200 570
172.17.0.103 - - [10/Jan/2021:10:46:30 +0800] "GET /xingrg/kc/buy/cgsh_order_info.html?code=212021010903616 HTTP/1.1" 200 61683
172.17.0.103 - - [10/Jan/2021:10:46:30 +0800] "GET /xingrg/all/common/auto_word.html?type=employee&rest_code=00147 HTTP/1.1" 200 151
172.17.0.103 - - [10/Jan/2021:10:46:30 +0800] "GET /xingrg/all/common/auto_word.html?type=employee&rest_code=00147 HTTP/1.1" 200 151
172.17.0.103 - - [10/Jan/2021:10:46:30 +0800] "GET /xingrg/javascript/easyui/themes/default/validatebox.css HTTP/1.1" 404 1104
116.228.172.94 - - [10/Jan/2021:10:46:30 +0800] "GET /xingrg/all/function/internal_message.html?_=1610246786737&CODE_STATE=getMsg HTTP/1.1" 200 27
117.131.5.26 - - [10/Jan/2021:10:46:31 +0800] "GET /xingrg/kc/buy/cgsh_order_add.html HTTP/1.1" 200 61749
117.131.5.26 - - [10/Jan/2021:10:46:31 +0800] "POST /xingrg/kc/buy/cgsh_order_operate.html HTTP/1.1" 200 8245
222.69.133.109 - - [10/Jan/2021:10:46:31 +0800] "POST /xingrg/kc/buy/cgsh_order_operate.html HTTP/1.1" 200 37
172.17.0.103 - - [10/Jan/2021:10:46:31 +0800] "POST /xingrg/kc/buy/cgsh_order_operate.html HTTP/1.1" 200 6788
117.131.5.26 - - [10/Jan/2021:10:46:31 +0800] "GET /xingrg/javascript/easyui/themes/default/validatebox.css HTTP/1.1" 404 1104
172.17.200.101 - - [10/Jan/2021:10:46:32 +0800] "GET /xingrg/all/function/internal_message.html?_=1610246788085&CODE_STATE=getMsg HTTP/1.1" 200 27
222.69.136.245 - - [10/Jan/2021:10:46:32 +0800] "GET /xingrg/all/function/internal_message.html?_=1610246788252&CODE_STATE=getMsg HTTP/1.1" 200 27
117.131.5.26 - - [10/Jan/2021:10:46:33 +0800] "GET /xingrg/javascript/easyui/themes/default/tree.css HTTP/1.1" 404 1090
117.131.5.26 - - [10/Jan/2021:10:46:33 +0800] "POST /xingrg/all/common/load_tree.html?tree=supplier_tree_json&isDelete=1 HTTP/1.1" 200 54158
180.175.150.119 - - [10/Jan/2021:10:46:33 +0800] "POST /xingrg/dwr/call/plaincall/AjaxQqpsService.getMaterielByCode.dwr HTTP/1.1" 200 2534
172.17.0.103 - - [10/Jan/2021:10:46:33 +0800] "GET /xingrg/kc/print/load_config.html?kc_code=cgsh HTTP/1.1" 200 1845
172.17.0.103 - - [10/Jan/2021:10:46:34 +0800] "GET /xingrg/kc/print/load_data.html?order_code=212021010903616&kc_code=cgsh&condition= HTTP/1.1" 200 2274
222.69.133.109 - - [10/Jan/2021:10:46:34 +0800] "POST /xingrg/kc/buy/cgsh_order_operate.html HTTP/1.1" 200 12
180.175.150.119 - - [10/Jan/2021:10:46:35 +0800] "POST /xingrg/dwr/call/plaincall/AjaxQqpsService.saveMaterielItem.dwr HTTP/1.1" 200 78
58.37.230.33 - - [10/Jan/2021:10:46:36 +0800] "POST /xingrg/kc/buy/cgsh_order_operate.html HTTP/1.1" 200 37
222.69.133.109 - - [10/Jan/2021:10:46:36 +0800] "GET /xingrg/kc/buy/cgsh_order_info.html?code=212021011004035 HTTP/1.1" 200 55767
222.69.133.109 - - [10/Jan/2021:10:46:37 +0800] "GET /xingrg/javascript/easyui/themes/default/validatebox.css HTTP/1.1" 404 1104
222.69.133.109 - - [10/Jan/2021:10:46:37 +0800] "POST /xingrg/kc/buy/cgsh_order_operate.html HTTP/1.1" 200 616
116.228.172.94 - - [10/Jan/2021:10:46:39 +0800] "POST /xingrg/kc/buy/cgsh_order_operate.html HTTP/1.1" 200 37
222.69.133.109 - - [10/Jan/2021:10:46:39 +0800] "GET /xingrg/kc/print/load_data.html?order_code=212021011004035&kc_code=cgsh&condition= HTTP/1.1" 200 724
58.37.230.33 - - [10/Jan/2021:10:46:39 +0800] "POST /xingrg/kc/buy/cgsh_order_operate.html HTTP/1.1" 200 12
58.37.230.33 - - [10/Jan/2021:10:46:40 +0800] "GET /xingrg/kc/buy/cgsh_order_info.html?code=212021011004036 HTTP/1.1" 200 56653
116.228.172.94 - - [10/Jan/2021:10:46:40 +0800] "POST /xingrg/kc/buy/cgsh_order_operate.html HTTP/1.1" 200 2659
58.37.230.33 - - [10/Jan/2021:10:46:40 +0800] "GET /xingrg/javascript/easyui/themes/default/validatebox.css HTTP/1.1" 404 1104
58.37.230.33 - - [10/Jan/2021:10:46:41 +0800] "POST /xingrg/kc/buy/cgsh_order_operate.html HTTP/1.1" 200 3562
116.228.172.94 - - [10/Jan/2021:10:46:41 +0800] "GET /xingrg/kc/print/load_data.html?order_code=212021011004037&kc_code=cgsh&condition= HTTP/1.1" 200 736
58.37.230.33 - - [10/Jan/2021:10:46:42 +0800] "GET /xingrg/kc/print/load_data.html?order_code=212021011004036&kc_code=cgsh&condition= HTTP/1.1" 200 1909
116.228.172.94 - - [10/Jan/2021:10:46:45 +0800] "GET /xingrg/kc/buy/cgsh_order_add.html HTTP/1.1" 200 61831
114.88.169.67 - - [10/Jan/2021:10:46:45 +0800] "GET /xingrg/kc/buy/cgsh_order_operate.html?command=get_materiel&rest_code=00111&code=00101001093&supplier_code=00100090&order_time=2021-01-10 HTTP/1.1" 200 409
116.228.172.94 - - [10/Jan/2021:10:46:46 +0800] "POST /xingrg/kc/buy/cgsh_order_operate.html HTTP/1.1" 200 8245
116.228.172.94 - - [10/Jan/2021:10:46:46 +0800] "GET /xingrg/javascript/easyui/themes/default/validatebox.css HTTP/1.1" 404 1104
116.228.172.94 - - [10/Jan/2021:10:46:47 +0800] "GET /xingrg/javascript/easyui/themes/default/tree.css HTTP/1.1" 404 1090
116.228.172.94 - - [10/Jan/2021:10:46:47 +0800] "POST /xingrg/all/common/load_tree.html?tree=supplier_tree_json&isDelete=1 HTTP/1.1" 200 54158
180.175.150.119 - - [10/Jan/2021:10:46:51 +0800] "GET /xingrg/check_reg.html?_=1610246809190 HTTP/1.1" 200 22
180.175.150.119 - - [10/Jan/2021:10:46:51 +0800] "GET /xingrg/all/function/internal_message.html?_=1610246809455&CODE_STATE=getMsg HTTP/1.1" 200 27
222.70.174.6 - - [10/Jan/2021:10:46:52 +0800] "GET /xingrg/check_reg.html?_=1610246820256 HTTP/1.1" 200 22
172.17.0.123 - - [10/Jan/2021:10:46:53 +0800] "GET /xingrg/all/function/internal_message.html?_=1610246711412&CODE_STATE=getMsg HTTP/1.1" 200 27
117.131.5.26 - - [10/Jan/2021:10:46:53 +0800] "GET /xingrg/kc/buy/cgsh_order_operate.html?command=get_materiel&rest_code=00104&code=00101006184&supplier_code=00100012&order_time=2021-01-10 HTTP/1.1" 200 408
117.131.5.26 - - [10/Jan/2021:10:46:54 +0800] "GET /xingrg/all/function/internal_message.html?_=1610246860269&CODE_STATE=getMsg HTTP/1.1" 200 27
180.175.150.119 - - [10/Jan/2021:10:46:55 +0800] "POST /xingrg/dwr/call/plaincall/AjaxQqpsService.saveOrder.dwr HTTP/1.1" 200 78
172.17.0.120 - - [10/Jan/2021:10:46:56 +0800] "GET /xingrg/all/function/internal_message.html?_=1610246812639&CODE_STATE=getMsg HTTP/1.1" 200 27
180.175.150.119 - - [10/Jan/2021:10:46:58 +0800] "GET /xingrg/all/function/internal_message.html?_=1610247052562&CODE_STATE=getMsg HTTP/1.1" 200 27
