114.88.169.67 - - [10/Jan/2021:10:57:53 +0800] "GET /xingrg/javascript/jquery.cookie.js HTTP/1.1" 304 -
114.88.169.67 - - [10/Jan/2021:10:57:53 +0800] "GET /xingrg/javascript/jquery_tools/jquery.tools.min.js HTTP/1.1" 304 -
172.17.0.123 - - [10/Jan/2021:10:57:53 +0800] "GET /xingrg/all/function/internal_message.html?_=1610247371408&CODE_STATE=getMsg HTTP/1.1" 200 27
172.17.0.123 - - [10/Jan/2021:10:57:53 +0800] "GET /xingrg/check_reg.html?_=1610247371409 HTTP/1.1" 200 22
114.88.169.67 - - [10/Jan/2021:10:57:54 +0800] "GET /xingrg/javascript/easyui/plugins/jquery.parser.js HTTP/1.1" 304 -
117.131.5.26 - - [10/Jan/2021:10:57:54 +0800] "GET /xingrg/all/function/internal_message.html?_=1610247520293&CODE_STATE=getMsg HTTP/1.1" 200 27
222.70.174.6 - - [10/Jan/2021:10:57:55 +0800] "GET /xingrg/kc/buy/cgsh_order_list.html HTTP/1.1" 200 46011
114.88.169.67 - - [10/Jan/2021:10:57:55 +0800] "POST /xingrg/kc/buy/cgsh_list_operate.html HTTP/1.1" 200 4967
222.70.174.6 - - [10/Jan/2021:10:57:56 +0800] "POST /xingrg/kc/buy/cgsh_list_operate.html HTTP/1.1" 200 2050
172.17.0.120 - - [10/Jan/2021:10:57:56 +0800] "GET /xingrg/all/function/internal_message.html?_=1610247472638&CODE_STATE=getMsg HTTP/1.1" 200 27
114.88.169.67 - - [10/Jan/2021:10:57:58 +0800] "POST /xingrg/kc/buy/cgsh_list_operate.html HTTP/1.1" 200 570
222.70.174.6 - - [10/Jan/2021:10:57:58 +0800] "GET /xingrg/all/function/internal_message.html?_=1610247486688&CODE_STATE=getMsg HTTP/1.1" 200 27
117.185.32.26 - - [10/Jan/2021:10:57:58 +0800] "GET /xingrg/kc/buy/cgsh_order_add.html HTTP/1.1" 200 61743
117.185.32.26 - - [10/Jan/2021:10:57:58 +0800] "POST /xingrg/kc/buy/cgsh_order_operate.html HTTP/1.1" 200 8245
61.165.42.208 - - [10/Jan/2021:10:57:58 +0800] "GET /xingrg/all/function/internal_message.html?_=1610247474707&CODE_STATE=getMsg HTTP/1.1" 200 27
117.185.32.26 - - [10/Jan/2021:10:57:58 +0800] "GET /xingrg/javascript/easyui/themes/default/validatebox.css HTTP/1.1" 404 1104
114.88.169.67 - - [10/Jan/2021:10:57:59 +0800] "GET /xingrg/javascript/convert.js HTTP/1.1" 304 -
114.88.169.67 - - [10/Jan/2021:10:57:59 +0800] "GET /xingrg/javascript/jquery_tools/order_manager.js HTTP/1.1" 304 -
114.88.169.67 - - [10/Jan/2021:10:57:59 +0800] "GET /xingrg/javascript/json2.js HTTP/1.1" 304 -
114.88.169.67 - - [10/Jan/2021:10:57:59 +0800] "GET /xingrg/javascript/print/kc_print.js HTTP/1.1" 304 -
114.88.169.67 - - [10/Jan/2021:10:57:59 +0800] "GET /xingrg/kc/buy/cgsh_order_info.html?code=212021011004066 HTTP/1.1" 200 61756
114.88.169.67 - - [10/Jan/2021:10:57:59 +0800] "GET /xingrg/words/20210109170614_words.js HTTP/1.1" 304 -
114.88.169.67 - - [10/Jan/2021:10:57:59 +0800] "GET /xingrg/javascript/easyui/themes/default/validatebox.css HTTP/1.1" 404 1104
114.88.169.67 - - [10/Jan/2021:10:57:59 +0800] "GET /xingrg/javascript/easyui/plugins/jquery.validatebox.js HTTP/1.1" 304 -
114.88.169.67 - - [10/Jan/2021:10:57:59 +0800] "GET /xingrg/javascript/easyui/plugins/jquery.numberbox.js HTTP/1.1" 304 -
114.88.169.67 - - [10/Jan/2021:10:57:59 +0800] "GET /xingrg/all/common/auto_word.html?type=employee&rest_code=00111 HTTP/1.1" 200 205
114.88.169.67 - - [10/Jan/2021:10:57:59 +0800] "GET /xingrg/all/common/auto_word.html?type=employee&rest_code=00111 HTTP/1.1" 200 205
117.185.32.26 - - [10/Jan/2021:10:58:00 +0800] "GET /xingrg/javascript/easyui/themes/default/tree.css HTTP/1.1" 404 1090
117.185.32.26 - - [10/Jan/2021:10:58:00 +0800] "POST /xingrg/all/common/load_tree.html?tree=supplier_tree_json&isDelete=1 HTTP/1.1" 200 54158
222.70.174.6 - - [10/Jan/2021:10:58:01 +0800] "POST /xingrg/kc/buy/cgsh_list_operate.html HTTP/1.1" 200 563
114.88.169.67 - - [10/Jan/2021:10:58:01 +0800] "POST /xingrg/kc/buy/cgsh_order_operate.html HTTP/1.1" 200 6213
180.175.150.119 - - [10/Jan/2021:10:58:02 +0800] "GET /xingrg/all/function/internal_message.html?_=1610247716066&CODE_STATE=getMsg HTTP/1.1" 200 27
222.70.174.6 - - [10/Jan/2021:10:58:02 +0800] "GET /xingrg/javascript/convert.js HTTP/1.1" 304 -
222.70.174.6 - - [10/Jan/2021:10:58:02 +0800] "GET /xingrg/javascript/json2.js HTTP/1.1" 304 -
222.70.174.6 - - [10/Jan/2021:10:58:02 +0800] "GET /xingrg/javascript/jquery_tools/order_manager.js HTTP/1.1" 304 -
222.70.174.6 - - [10/Jan/2021:10:58:02 +0800] "GET /xingrg/kc/buy/cgsh_order_info.html?code=212021011003950 HTTP/1.1" 200 61758
222.70.174.6 - - [10/Jan/2021:10:58:02 +0800] "GET /xingrg/javascript/easyui/themes/icons/copy_new.png HTTP/1.1" 304 -
222.70.174.6 - - [10/Jan/2021:10:58:02 +0800] "GET /xingrg/javascript/easyui/themes/icons/template_new.png HTTP/1.1" 304 -
222.70.174.6 - - [10/Jan/2021:10:58:02 +0800] "GET /xingrg/javascript/easyui/themes/icons/ok.png HTTP/1.1" 304 -
222.70.174.6 - - [10/Jan/2021:10:58:02 +0800] "GET /xingrg/javascript/easyui/themes/icons/print.png HTTP/1.1" 304 -
222.70.174.6 - - [10/Jan/2021:10:58:02 +0800] "GET /xingrg/javascript/easyui/themes/default/images/menu_downarrow.png HTTP/1.1" 304 -
222.70.174.6 - - [10/Jan/2021:10:58:02 +0800] "GET /xingrg/javascript/easyui/themes/icons/cancel.png HTTP/1.1" 304 -
222.70.174.6 - - [10/Jan/2021:10:58:03 +0800] "GET /xingrg/javascript/easyui/themes/default/validatebox.css HTTP/1.1" 404 1104
222.70.174.6 - - [10/Jan/2021:10:58:03 +0800] "GET /xingrg/javascript/easyui/plugins/jquery.validatebox.js HTTP/1.1" 304 -
222.70.174.6 - - [10/Jan/2021:10:58:03 +0800] "GET /xingrg/javascript/easyui/plugins/jquery.numberbox.js HTTP/1.1" 304 -
222.70.174.6 - - [10/Jan/2021:10:58:03 +0800] "GET /xingrg/all/common/auto_word.html?type=employee&rest_code=00146 HTTP/1.1" 200 147
222.70.174.6 - - [10/Jan/2021:10:58:03 +0800] "GET /xingrg/all/common/auto_word.html?type=employee&rest_code=00146 HTTP/1.1" 200 147
114.88.169.67 - - [10/Jan/2021:10:58:04 +0800] "GET /xingrg/javascript/auto/indicator.gif HTTP/1.1" 404 1066
222.69.133.109 - - [10/Jan/2021:10:58:04 +0800] "GET /xingrg/all/function/internal_message.html?_=1610247481771&CODE_STATE=getMsg HTTP/1.1" 200 27
222.69.133.109 - - [10/Jan/2021:10:58:04 +0800] "GET /xingrg/check_reg.html?_=1610247482351 HTTP/1.1" 200 22
222.70.174.6 - - [10/Jan/2021:10:58:04 +0800] "POST /xingrg/kc/buy/cgsh_order_operate.html HTTP/1.1" 200 47614
58.37.230.33 - - [10/Jan/2021:10:58:04 +0800] "GET /xingrg/all/function/internal_message.html?_=1610247508576&CODE_STATE=getMsg HTTP/1.1" 200 27
222.70.174.6 - - [10/Jan/2021:10:58:05 +0800] "GET /xingrg/javascript/easyui/themes/icons/edit_remove.png HTTP/1.1" 304 -
180.156.237.57 - - [10/Jan/2021:10:58:05 +0800] "GET /xingrg/check_reg.html?_=1610247482366 HTTP/1.1" 200 22
180.156.237.57 - - [10/Jan/2021:10:58:05 +0800] "GET /xingrg/all/function/internal_message.html?_=1610247482365&CODE_STATE=getMsg HTTP/1.1" 200 27
101.85.52.2 - - [10/Jan/2021:10:58:06 +0800] "POST /xingrg/kc/buy/cgsh_list_operate.html HTTP/1.1" 200 202
101.85.52.2 - - [10/Jan/2021:10:58:08 +0800] "POST /xingrg/kc/buy/cgsh_list_operate.html HTTP/1.1" 200 273
117.131.5.26 - - [10/Jan/2021:10:58:08 +0800] "GET /xingrg/kc/buy/cgsh_order_operate.html?command=get_materiel&rest_code=00104&code=00101008300&supplier_code=00100005&order_time=2021-01-10 HTTP/1.1" 200 412
114.88.169.67 - - [10/Jan/2021:10:58:12 +0800] "GET /xingrg/kc/buy/cgsh_order_operate.html?command=get_materiel&rest_code=00111&code=00101001050&supplier_code=00100312&order_time=2021-01-10 HTTP/1.1" 200 411
101.85.52.2 - - [10/Jan/2021:10:58:13 +0800] "GET /xingrg/check_reg.html?_=1610247474219 HTTP/1.1" 200 22
101.85.52.2 - - [10/Jan/2021:10:58:13 +0800] "GET /xingrg/all/function/internal_message.html?_=1610247474484&CODE_STATE=getMsg HTTP/1.1" 200 27
101.85.52.2 - - [10/Jan/2021:10:58:15 +0800] "GET /xingrg/kc/buy/cgsh_order_add.html HTTP/1.1" 200 60861
61.165.42.208 - - [10/Jan/2021:10:58:15 +0800] "GET /xingrg/all/function/internal_message.html?_=1610247473508&CODE_STATE=getMsg HTTP/1.1" 200 27
101.85.52.2 - - [10/Jan/2021:10:58:15 +0800] "POST /xingrg/kc/buy/cgsh_order_operate.html HTTP/1.1" 200 8245
101.85.52.2 - - [10/Jan/2021:10:58:15 +0800] "GET /xingrg/javascript/easyui/themes/default/validatebox.css HTTP/1.1" 404 1104
117.185.32.26 - - [10/Jan/2021:10:58:17 +0800] "GET /xingrg/all/function/internal_message.html?_=1610247487090&CODE_STATE=getMsg HTTP/1.1" 200 27
117.185.32.26 - - [10/Jan/2021:10:58:17 +0800] "GET /xingrg/check_reg.html?_=1610247487419 HTTP/1.1" 200 22
172.17.0.103 - - [10/Jan/2021:10:58:17 +0800] "GET /xingrg/all/function/internal_message.html?_=1610247493659&CODE_STATE=getMsg HTTP/1.1" 200 27
114.86.226.161 - - [10/Jan/2021:10:58:19 +0800] "GET /xingrg/check_reg.html?_=1610247561109 HTTP/1.1" 200 22
114.86.226.161 - - [10/Jan/2021:10:58:19 +0800] "GET /xingrg/all/function/internal_message.html?_=1610247561109&CODE_STATE=getMsg HTTP/1.1" 200 27
117.185.32.26 - - [10/Jan/2021:10:58:20 +0800] "GET /xingrg/kc/buy/cgsh_order_operate.html?command=get_materiel&rest_code=00106&code=00101002006&supplier_code=00100091&order_time=2021-01-10 HTTP/1.1" 200 414
117.185.32.26 - - [10/Jan/2021:10:58:22 +0800] "GET /xingrg/all/function/internal_message.html?_=1610247965448&CODE_STATE=getMsg HTTP/1.1" 200 27
117.185.32.26 - - [10/Jan/2021:10:58:22 +0800] "GET /xingrg/check_reg.html?_=1610247965450 HTTP/1.1" 200 22
61.165.42.208 - - [10/Jan/2021:10:58:23 +0800] "GET /xingrg/kc/buy/cgsh_order_operate.html?command=get_materiel&rest_code=00105&code=00101020113&supplier_code=00100323&order_time=2021-01-10 HTTP/1.1" 200 409
117.131.5.26 - - [10/Jan/2021:10:58:24 +0800] "GET /xingrg/kc/buy/cgsh_order_operate.html?command=get_materiel&rest_code=00104&code=00101008003&supplier_code=00100005&order_time=2021-01-10 HTTP/1.1" 200 408
172.17.0.240 - - [10/Jan/2021:10:58:26 +0800] "GET /xingrg/all/function/internal_message.html?_=1610247501637&CODE_STATE=getMsg HTTP/1.1" 200 27
172.17.0.240 - - [10/Jan/2021:10:58:26 +0800] "GET /xingrg/check_reg.html?_=1610247501638 HTTP/1.1" 200 22
172.17.0.100 - - [10/Jan/2021:10:58:27 +0800] "GET /xingrg/all/function/internal_message.html?_=1610247503772&CODE_STATE=getMsg HTTP/1.1" 200 27
117.184.7.30 - - [10/Jan/2021:10:58:29 +0800] "GET /xingrg/check_reg.html?_=1610247505277 HTTP/1.1" 200 22
117.184.7.26 - - [10/Jan/2021:10:58:29 +0800] "GET /xingrg/all/function/internal_message.html?_=1610247505279&CODE_STATE=getMsg HTTP/1.1" 200 27
114.88.169.67 - - [10/Jan/2021:10:58:30 +0800] "GET /xingrg/kc/buy/cgsh_order_operate.html?command=get_materiel&rest_code=00111&code=00101004051&supplier_code=00100312&order_time=2021-01-10 HTTP/1.1" 200 409
116.228.172.94 - - [10/Jan/2021:10:58:30 +0800] "GET /xingrg/all/function/internal_message.html?_=1610247506700&CODE_STATE=getMsg HTTP/1.1" 200 27
222.70.174.7 - - [10/Jan/2021:10:58:31 +0800] "GET /xingrg/check_reg.html?_=1610247508497 HTTP/1.1" 302 -
180.175.150.119 - - [10/Jan/2021:10:58:32 +0800] "GET /xingrg/all/function/internal_message.html?_=1610247509944&CODE_STATE=getMsg HTTP/1.1" 200 27
172.17.200.101 - - [10/Jan/2021:10:58:32 +0800] "GET /xingrg/all/function/internal_message.html?_=1610247508107&CODE_STATE=getMsg HTTP/1.1" 200 27
222.69.136.245 - - [10/Jan/2021:10:58:32 +0800] "GET /xingrg/all/function/internal_message.html?_=1610247508283&CODE_STATE=getMsg HTTP/1.1" 200 27
117.131.5.26 - - [10/Jan/2021:10:58:33 +0800] "GET /xingrg/kc/buy/cgsh_order_operate.html?command=get_materiel&rest_code=00104&code=00101008211&supplier_code=00100005&order_time=2021-01-10 HTTP/1.1" 200 412
180.175.150.119 - - [10/Jan/2021:10:58:39 +0800] "GET /xingrg/check_reg.html?_=1610247753562 HTTP/1.1" 200 22
117.185.32.26 - - [10/Jan/2021:10:58:44 +0800] "GET /xingrg/kc/buy/cgsh_order_operate.html?command=get_materiel&rest_code=00106&code=00101002034&supplier_code=00100091&order_time=2021-01-10 HTTP/1.1" 200 409
101.85.52.2 - - [10/Jan/2021:10:58:46 +0800] "GET /xingrg/kc/buy/cgsh_order_operate.html?command=get_materiel&rest_code=00145&code=00101008024&supplier_code=00100007&order_time=2021-01-02 HTTP/1.1" 200 408
180.175.150.119 - - [10/Jan/2021:10:58:47 +0800] "GET /xingrg/javascript/jquery_easy_ui/themes/default/images/tabs_active.png HTTP/1.1" 304 -
114.88.169.67 - - [10/Jan/2021:10:58:50 +0800] "GET /xingrg/all/function/internal_message.html?_=1610247525793&CODE_STATE=getMsg HTTP/1.1" 200 27
114.88.169.67 - - [10/Jan/2021:10:58:52 +0800] "GET /xingrg/all/function/internal_message.html?_=1610247520433&CODE_STATE=getMsg HTTP/1.1" 200 27
61.165.42.208 - - [10/Jan/2021:10:58:53 +0800] "GET /xingrg/kc/buy/cgsh_order_operate.html?command=get_materiel&rest_code=00105&code=00101010088&supplier_code=00100323&order_time=2021-01-10 HTTP/1.1" 200 418
117.131.5.26 - - [10/Jan/2021:10:58:53 +0800] "GET /xingrg/kc/buy/cgsh_order_operate.html?command=get_materiel&rest_code=00104&code=00101008270&supplier_code=00100005&order_time=2021-01-10 HTTP/1.1" 200 412
172.17.0.123 - - [10/Jan/2021:10:58:53 +0800] "GET /xingrg/all/function/internal_message.html?_=1610247431409&CODE_STATE=getMsg HTTP/1.1" 200 27
117.131.5.26 - - [10/Jan/2021:10:58:54 +0800] "GET /xingrg/check_reg.html?_=1610247580290 HTTP/1.1" 200 22
117.131.5.26 - - [10/Jan/2021:10:58:54 +0800] "GET /xingrg/all/function/internal_message.html?_=1610247580291&CODE_STATE=getMsg HTTP/1.1" 200 27
117.185.32.26 - - [10/Jan/2021:10:58:56 +0800] "POST /xingrg/kc/buy/cgsh_order_operate.html HTTP/1.1" 200 37
172.17.0.120 - - [10/Jan/2021:10:58:56 +0800] "GET /xingrg/all/function/internal_message.html?_=1610247532626&CODE_STATE=getMsg HTTP/1.1" 200 27
222.70.174.6 - - [10/Jan/2021:10:58:58 +0800] "GET /xingrg/all/function/internal_message.html?_=1610247546703&CODE_STATE=getMsg HTTP/1.1" 200 27
101.85.52.2 - - [10/Jan/2021:10:58:58 +0800] "GET /xingrg/kc/buy/cgsh_order_operate.html?command=get_materiel&rest_code=00145&code=00101008355&supplier_code=00100007&order_time=2021-01-02 HTTP/1.1" 200 408
61.165.42.208 - - [10/Jan/2021:10:58:58 +0800] "GET /xingrg/all/function/internal_message.html?_=1610247534658&CODE_STATE=getMsg HTTP/1.1" 200 27
180.175.150.119 - - [10/Jan/2021:10:59:02 +0800] "GET /xingrg/all/function/internal_message.html?_=1610247776079&CODE_STATE=getMsg HTTP/1.1" 200 27
222.69.133.109 - - [10/Jan/2021:10:59:04 +0800] "GET /xingrg/all/function/internal_message.html?_=1610247541768&CODE_STATE=getMsg HTTP/1.1" 200 27
58.37.230.33 - - [10/Jan/2021:10:59:04 +0800] "GET /xingrg/all/function/internal_message.html?_=1610247568576&CODE_STATE=getMsg HTTP/1.1" 200 27
180.156.237.57 - - [10/Jan/2021:10:59:05 +0800] "GET /xingrg/all/function/internal_message.html?_=1610247542350&CODE_STATE=getMsg HTTP/1.1" 200 27
101.85.52.2 - - [10/Jan/2021:10:59:13 +0800] "GET /xingrg/all/function/internal_message.html?_=1610247534468&CODE_STATE=getMsg HTTP/1.1" 200 27
117.131.5.26 - - [10/Jan/2021:10:59:15 +0800] "GET /xingrg/kc/buy/cgsh_order_operate.html?command=get_materiel&rest_code=00104&code=00101008010&supplier_code=00100005&order_time=2021-01-10 HTTP/1.1" 200 412
61.165.42.208 - - [10/Jan/2021:10:59:15 +0800] "GET /xingrg/all/function/internal_message.html?_=1610247533509&CODE_STATE=getMsg HTTP/1.1" 200 27
61.165.42.208 - - [10/Jan/2021:10:59:15 +0800] "GET /xingrg/kc/buy/cgsh_order_operate.html?command=get_materiel&rest_code=00105&code=00101020115&supplier_code=00100323&order_time=2021-01-10 HTTP/1.1" 200 409
101.85.52.2 - - [10/Jan/2021:10:59:16 +0800] "GET /xingrg/kc/buy/cgsh_order_operate.html?command=get_materiel&rest_code=00145&code=00101008356&supplier_code=00100007&order_time=2021-01-02 HTTP/1.1" 200 408
117.185.32.26 - - [10/Jan/2021:10:59:17 +0800] "GET /xingrg/all/function/internal_message.html?_=1610247547071&CODE_STATE=getMsg HTTP/1.1" 200 27
172.17.0.103 - - [10/Jan/2021:10:59:17 +0800] "GET /xingrg/all/function/internal_message.html?_=1610247553673&CODE_STATE=getMsg HTTP/1.1" 200 27
117.185.32.26 - - [10/Jan/2021:10:59:18 +0800] "POST /xingrg/kc/buy/cgsh_order_operate.html HTTP/1.1" 200 12
117.185.32.26 - - [10/Jan/2021:10:59:18 +0800] "GET /xingrg/kc/buy/cgsh_order_info.html?code=212021011004067 HTTP/1.1" 200 56649
114.86.226.161 - - [10/Jan/2021:10:59:18 +0800] "GET /xingrg/all/function/internal_message.html?_=1610247621108&CODE_STATE=getMsg HTTP/1.1" 200 27
117.185.32.26 - - [10/Jan/2021:10:59:19 +0800] "GET /xingrg/javascript/easyui/themes/default/validatebox.css HTTP/1.1" 404 1104
117.185.32.26 - - [10/Jan/2021:10:59:19 +0800] "POST /xingrg/kc/buy/cgsh_order_operate.html HTTP/1.1" 200 1202
117.185.32.26 - - [10/Jan/2021:10:59:22 +0800] "GET /xingrg/kc/print/load_data.html?order_code=212021011004067&kc_code=cgsh&condition= HTTP/1.1" 200 1003
117.185.32.26 - - [10/Jan/2021:10:59:22 +0800] "GET /xingrg/all/function/internal_message.html?_=1610248025841&CODE_STATE=getMsg HTTP/1.1" 200 27
172.17.0.240 - - [10/Jan/2021:10:59:26 +0800] "GET /xingrg/all/function/internal_message.html?_=1610247561626&CODE_STATE=getMsg HTTP/1.1" 200 27
101.85.52.2 - - [10/Jan/2021:10:59:27 +0800] "GET /xingrg/kc/buy/cgsh_order_operate.html?command=get_materiel&rest_code=00145&code=00101016057&supplier_code=00100007&order_time=2021-01-02 HTTP/1.1" 200 408
172.17.0.100 - - [10/Jan/2021:10:59:27 +0800] "GET /xingrg/all/function/internal_message.html?_=1610247563786&CODE_STATE=getMsg HTTP/1.1" 200 27
117.184.7.26 - - [10/Jan/2021:10:59:29 +0800] "GET /xingrg/all/function/internal_message.html?_=1610247565278&CODE_STATE=getMsg HTTP/1.1" 200 27
116.228.172.94 - - [10/Jan/2021:10:59:29 +0800] "GET /xingrg/check_reg.html?_=1610247565802 HTTP/1.1" 200 22
116.228.172.94 - - [10/Jan/2021:10:59:30 +0800] "GET /xingrg/all/function/internal_message.html?_=1610247566678&CODE_STATE=getMsg HTTP/1.1" 200 27
114.88.169.67 - - [10/Jan/2021:10:59:30 +0800] "POST /xingrg/kc/buy/cgsh_order_operate.html HTTP/1.1" 200 37
114.88.169.67 - - [10/Jan/2021:10:59:32 +0800] "POST /xingrg/kc/buy/cgsh_order_operate.html HTTP/1.1" 200 7398
172.17.200.101 - - [10/Jan/2021:10:59:32 +0800] "GET /xingrg/all/function/internal_message.html?_=1610247568108&CODE_STATE=getMsg HTTP/1.1" 200 27
222.69.136.245 - - [10/Jan/2021:10:59:32 +0800] "GET /xingrg/check_reg.html?_=1610247568266 HTTP/1.1" 200 22
222.69.136.245 - - [10/Jan/2021:10:59:32 +0800] "GET /xingrg/all/function/internal_message.html?_=1610247568269&CODE_STATE=getMsg HTTP/1.1" 200 27
117.131.5.26 - - [10/Jan/2021:10:59:34 +0800] "GET /xingrg/kc/buy/cgsh_order_operate.html?command=get_materiel&rest_code=00104&code=00101008306&supplier_code=00100005&order_time=2021-01-10 HTTP/1.1" 200 412
114.88.169.67 - - [10/Jan/2021:10:59:35 +0800] "GET /xingrg/kc/print/load_config.html?kc_code=cgsh HTTP/1.1" 200 1845
101.85.52.2 - - [10/Jan/2021:10:59:35 +0800] "GET /xingrg/kc/buy/cgsh_order_operate.html?command=get_materiel&rest_code=00145&code=00101008092&supplier_code=00100007&order_time=2021-01-02 HTTP/1.1" 200 412
114.88.169.67 - - [10/Jan/2021:10:59:35 +0800] "GET /xingrg/kc/print/load_data.html?order_code=212021011004066&kc_code=cgsh&condition= HTTP/1.1" 200 2481
180.175.150.119 - - [10/Jan/2021:10:59:38 +0800] "POST /xingrg/dwr/call/plaincall/AjaxQqpsService.checkOrder.dwr HTTP/1.1" 200 78
61.165.42.208 - - [10/Jan/2021:10:59:39 +0800] "GET /xingrg/kc/buy/cgsh_order_operate.html?command=get_materiel&rest_code=00105&code=00101010247&supplier_code=00100323&order_time=2021-01-10 HTTP/1.1" 200 410
117.185.32.26 - - [10/Jan/2021:10:59:40 +0800] "GET /xingrg/kc/buy/cgsh_order_add.html HTTP/1.1" 200 61743
117.185.32.26 - - [10/Jan/2021:10:59:40 +0800] "POST /xingrg/kc/buy/cgsh_order_operate.html HTTP/1.1" 200 8245
117.185.32.26 - - [10/Jan/2021:10:59:40 +0800] "GET /xingrg/javascript/easyui/themes/default/validatebox.css HTTP/1.1" 404 1104
180.175.150.119 - - [10/Jan/2021:10:59:40 +0800] "GET /xingrg/kc/mdqp/qqps_order_info.html?code=302021011000229 HTTP/1.1" 200 26470
180.175.150.119 - - [10/Jan/2021:10:59:41 +0800] "GET /xingrg/dwr/interface/AjaxQqpsService.js HTTP/1.1" 200 16326
180.175.150.119 - - [10/Jan/2021:10:59:41 +0800] "GET /xingrg/dwr/interface/AjaxComOrderService.js HTTP/1.1" 200 18264
180.175.150.119 - - [10/Jan/2021:10:59:41 +0800] "GET /xingrg/dwr/engine.js HTTP/1.1" 200 43631
101.85.52.2 - - [10/Jan/2021:10:59:42 +0800] "GET /xingrg/kc/buy/cgsh_order_operate.html?command=get_materiel&rest_code=00145&code=00101015070&supplier_code=00100007&order_time=2021-01-02 HTTP/1.1" 200 413
117.185.32.26 - - [10/Jan/2021:10:59:42 +0800] "GET /xingrg/javascript/easyui/themes/default/tree.css HTTP/1.1" 404 1090
117.185.32.26 - - [10/Jan/2021:10:59:42 +0800] "POST /xingrg/all/common/load_tree.html?tree=supplier_tree_json&isDelete=1 HTTP/1.1" 200 54158
114.88.169.67 - - [10/Jan/2021:10:59:43 +0800] "GET /xingrg/kc/buy/cgsh_order_add.html HTTP/1.1" 200 61743
114.88.169.67 - - [10/Jan/2021:10:59:43 +0800] "POST /xingrg/kc/buy/cgsh_order_operate.html HTTP/1.1" 200 8245
114.88.169.67 - - [10/Jan/2021:10:59:43 +0800] "GET /xingrg/javascript/easyui/themes/default/validatebox.css HTTP/1.1" 404 1104
180.175.150.119 - - [10/Jan/2021:10:59:46 +0800] "POST /xingrg/dwr/call/plaincall/AjaxQqpsService.loadMaterielItems.dwr HTTP/1.1" 200 1286
117.131.5.26 - - [10/Jan/2021:10:59:48 +0800] "GET /xingrg/kc/buy/cgsh_order_operate.html?command=get_materiel&rest_code=00104&code=00101008112&supplier_code=00100005&order_time=2021-01-10 HTTP/1.1" 200 412
114.88.169.67 - - [10/Jan/2021:10:59:49 +0800] "GET /xingrg/javascript/jquery_tools/images/prev.gif HTTP/1.1" 404 1086
114.88.169.67 - - [10/Jan/2021:10:59:49 +0800] "GET /xingrg/javascript/jquery_tools/images/next.gif HTTP/1.1" 404 1086
101.85.52.2 - - [10/Jan/2021:10:59:50 +0800] "GET /xingrg/kc/buy/cgsh_order_operate.html?command=get_materiel&rest_code=00145&code=00101008261&supplier_code=00100007&order_time=2021-01-02 HTTP/1.1" 200 410
114.88.169.67 - - [10/Jan/2021:10:59:50 +0800] "GET /xingrg/all/function/internal_message.html?_=1610247585830&CODE_STATE=getMsg HTTP/1.1" 200 27
180.175.150.119 - - [10/Jan/2021:10:59:52 +0800] "GET /xingrg/images/yd/bt.gif HTTP/1.1" 404 1040
180.175.150.119 - - [10/Jan/2021:10:59:52 +0800] "GET /xingrg/images/yd/bt2.gif HTTP/1.1" 404 1042
114.88.169.67 - - [10/Jan/2021:10:59:52 +0800] "GET /xingrg/all/function/internal_message.html?_=1610247580434&CODE_STATE=getMsg HTTP/1.1" 200 27
172.17.0.123 - - [10/Jan/2021:10:59:53 +0800] "GET /xingrg/all/function/internal_message.html?_=1610247491412&CODE_STATE=getMsg HTTP/1.1" 200 27
180.175.150.119 - - [10/Jan/2021:10:59:54 +0800] "GET /xingrg/kc/mdqp/qqps_order_list.html?isBack=1 HTTP/1.1" 200 9675
180.175.150.119 - - [10/Jan/2021:10:59:54 +0800] "GET /xingrg/dwr/interface/AjaxReportQueryService.js HTTP/1.1" 200 13203
180.175.150.119 - - [10/Jan/2021:10:59:54 +0800] "GET /xingrg/dwr/interface/AjaxQqpsService.js HTTP/1.1" 200 16326
180.175.150.119 - - [10/Jan/2021:10:59:54 +0800] "GET /xingrg/dwr/engine.js HTTP/1.1" 200 43631
114.88.169.67 - - [10/Jan/2021:10:59:54 +0800] "GET /xingrg/kc/buy/cgsh_order_operate.html?command=get_materiel&rest_code=00111&code=00101001019&supplier_code=00100318&order_time=2021-01-10 HTTP/1.1" 200 415
117.131.5.26 - - [10/Jan/2021:10:59:54 +0800] "GET /xingrg/all/function/internal_message.html?_=1610247640285&CODE_STATE=getMsg HTTP/1.1" 200 27
172.17.0.120 - - [10/Jan/2021:10:59:56 +0800] "GET /xingrg/check_reg.html?_=1610247592632 HTTP/1.1" 200 22
172.17.0.120 - - [10/Jan/2021:10:59:56 +0800] "GET /xingrg/all/function/internal_message.html?_=1610247592637&CODE_STATE=getMsg HTTP/1.1" 200 27
222.70.174.6 - - [10/Jan/2021:10:59:58 +0800] "GET /xingrg/all/function/internal_message.html?_=1610247606715&CODE_STATE=getMsg HTTP/1.1" 200 27
61.165.42.208 - - [10/Jan/2021:10:59:58 +0800] "GET /xingrg/all/function/internal_message.html?_=1610247594659&CODE_STATE=getMsg HTTP/1.1" 200 27
180.175.150.119 - - [10/Jan/2021:11:00:02 +0800] "GET /xingrg/all/function/internal_message.html?_=1610247836092&CODE_STATE=getMsg HTTP/1.1" 200 27
117.185.32.26 - - [10/Jan/2021:11:00:02 +0800] "GET /xingrg/kc/buy/cgsh_order_operate.html?command=get_materiel&rest_code=00106&code=00101010607&supplier_code=00100404&order_time=2021-01-10 HTTP/1.1" 200 405
222.69.133.109 - - [10/Jan/2021:11:00:04 +0800] "GET /xingrg/all/function/internal_message.html?_=1610247601770&CODE_STATE=getMsg HTTP/1.1" 200 27
58.37.230.33 - - [10/Jan/2021:11:00:04 +0800] "GET /xingrg/all/function/internal_message.html?_=1610247628577&CODE_STATE=getMsg HTTP/1.1" 200 27
180.156.237.57 - - [10/Jan/2021:11:00:05 +0800] "GET /xingrg/all/function/internal_message.html?_=1610247602349&CODE_STATE=getMsg HTTP/1.1" 200 27
101.85.52.2 - - [10/Jan/2021:11:00:05 +0800] "GET /xingrg/kc/buy/cgsh_order_operate.html?command=get_materiel&rest_code=00145&code=00101008005&supplier_code=00100007&order_time=2021-01-02 HTTP/1.1" 200 413
180.175.150.119 - - [10/Jan/2021:11:00:06 +0800] "GET /xingrg/kc/base/wldb_order_list.html HTTP/1.1" 200 19339
61.165.42.208 - - [10/Jan/2021:11:00:08 +0800] "GET /xingrg/kc/buy/cgsh_order_operate.html?command=get_materiel&rest_code=00105&code=00101010220&supplier_code=00100323&order_time=2021-01-10 HTTP/1.1" 200 433
180.175.150.119 - - [10/Jan/2021:11:00:09 +0800] "POST /xingrg/kc/base/wldb_list_operate.html HTTP/1.1" 200 928
180.175.150.119 - - [10/Jan/2021:11:00:11 +0800] "GET /xingrg/kc/base/wldb_order_list.html HTTP/1.1" 200 19339
180.175.150.119 - - [10/Jan/2021:11:00:12 +0800] "GET /xingrg/css/base.css HTTP/1.1" 304 -
180.175.150.119 - - [10/Jan/2021:11:00:12 +0800] "GET /xingrg/css/site.css HTTP/1.1" 304 -
180.175.150.119 - - [10/Jan/2021:11:00:12 +0800] "GET /xingrg/javascript/jquery_tools/jquery.tools.min.js HTTP/1.1" 304 -
180.175.150.119 - - [10/Jan/2021:11:00:12 +0800] "GET /xingrg/javascript/jquery_tools/datebox.css HTTP/1.1" 304 -
180.175.150.119 - - [10/Jan/2021:11:00:12 +0800] "GET /xingrg/javascript/easyui/themes/default/easyui.css HTTP/1.1" 304 -
180.175.150.119 - - [10/Jan/2021:11:00:12 +0800] "GET /xingrg/javascript/easyui/themes/icon.css HTTP/1.1" 304 -
180.175.150.119 - - [10/Jan/2021:11:00:12 +0800] "GET /xingrg/javascript/jquery_tools/fix.css HTTP/1.1" 304 -
180.175.150.119 - - [10/Jan/2021:11:00:12 +0800] "GET /xingrg/javascript/auto/jquery.autocomplete.css HTTP/1.1" 304 -
180.175.150.119 - - [10/Jan/2021:11:00:12 +0800] "GET /xingrg/javascript/jquery_tools/table.css HTTP/1.1" 304 -
180.175.150.119 - - [10/Jan/2021:11:00:12 +0800] "GET /xingrg/javascript/jquery_tools/jquery.tools.table.js HTTP/1.1" 304 -
180.175.150.119 - - [10/Jan/2021:11:00:12 +0800] "GET /xingrg/javascript/jquery_tools/list_manager.js HTTP/1.1" 304 -
180.175.150.119 - - [10/Jan/2021:11:00:12 +0800] "GET /xingrg/javascript/auto/jquery.autocomplete.js HTTP/1.1" 304 -
180.175.150.119 - - [10/Jan/2021:11:00:12 +0800] "GET /xingrg/javascript/jquery_tools/jquery.tools.extend.js HTTP/1.1" 304 -
180.175.150.119 - - [10/Jan/2021:11:00:12 +0800] "GET /xingrg/javascript/jquery_tools/jquery.tools.hotkey.js HTTP/1.1" 304 -
180.175.150.119 - - [10/Jan/2021:11:00:12 +0800] "GET /xingrg/javascript/easyui/easyloader.js HTTP/1.1" 304 -
180.175.150.119 - - [10/Jan/2021:11:00:12 +0800] "GET /xingrg/javascript/jquery.utils.js HTTP/1.1" 304 -
180.175.150.119 - - [10/Jan/2021:11:00:12 +0800] "GET /xingrg/javascript/jquery.cookie.js HTTP/1.1" 304 -
180.175.150.119 - - [10/Jan/2021:11:00:12 +0800] "GET /xingrg/javascript/print/LodopFuncs.js HTTP/1.1" 304 -
101.85.52.2 - - [10/Jan/2021:11:00:13 +0800] "GET /xingrg/all/function/internal_message.html?_=1610247594454&CODE_STATE=getMsg HTTP/1.1" 200 27
61.165.42.208 - - [10/Jan/2021:11:00:15 +0800] "GET /xingrg/all/function/internal_message.html?_=1610247593509&CODE_STATE=getMsg HTTP/1.1" 200 27
117.185.32.26 - - [10/Jan/2021:11:00:17 +0800] "GET /xingrg/all/function/internal_message.html?_=1610247607053&CODE_STATE=getMsg HTTP/1.1" 200 27
117.131.5.26 - - [10/Jan/2021:11:00:17 +0800] "GET /xingrg/kc/buy/cgsh_order_operate.html?command=get_materiel&rest_code=00104&code=00101008096&supplier_code=00100005&order_time=2021-01-10 HTTP/1.1" 200 413
172.17.0.103 - - [10/Jan/2021:11:00:17 +0800] "GET /xingrg/all/function/internal_message.html?_=1610247613659&CODE_STATE=getMsg HTTP/1.1" 200 27
101.85.52.2 - - [10/Jan/2021:11:00:18 +0800] "GET /xingrg/kc/buy/cgsh_order_operate.html?command=get_materiel&rest_code=00145&code=00101008108&supplier_code=00100007&order_time=2021-01-02 HTTP/1.1" 200 412
114.86.226.161 - - [10/Jan/2021:11:00:18 +0800] "GET /xingrg/all/function/internal_message.html?_=1610247681113&CODE_STATE=getMsg HTTP/1.1" 200 27
120.253.135.82 - - [10/Jan/2021:11:00:19 +0800] "GET /xingrg/login.html HTTP/1.1" 200 7641
120.253.135.82 - - [10/Jan/2021:11:00:19 +0800] "GET /xingrg/images/blue/jxLogo.png HTTP/1.1" 304 -
120.253.135.82 - - [10/Jan/2021:11:00:19 +0800] "GET /xingrg/images/blue/hj.png HTTP/1.1" 304 -
120.253.135.82 - - [10/Jan/2021:11:00:19 +0800] "GET /xingrg/images/blue/login_bg.png HTTP/1.1" 304 -
120.253.135.82 - - [10/Jan/2021:11:00:20 +0800] "GET /xingrg/images/blue/srbg.png HTTP/1.1" 304 -
120.253.135.82 - - [10/Jan/2021:11:00:20 +0800] "GET /favicon.ico HTTP/1.1" 404 -
117.185.32.26 - - [10/Jan/2021:11:00:22 +0800] "GET /xingrg/all/function/internal_message.html?_=1610248085814&CODE_STATE=getMsg HTTP/1.1" 200 27
120.253.135.82 - - [10/Jan/2021:11:00:22 +0800] "POST /xingrg/login.do HTTP/1.1" 302 -
120.253.135.82 - - [10/Jan/2021:11:00:22 +0800] "GET /xingrg/javascript/jquery_easy_ui/themes/default/easyui.css HTTP/1.1" 304 -
120.253.135.82 - - [10/Jan/2021:11:00:22 +0800] "GET /xingrg/javascript/jquery_easy_ui/themes/icon.css HTTP/1.1" 304 -
120.253.135.82 - - [10/Jan/2021:11:00:22 +0800] "GET /xingrg/index.html?sysBaseUrl=http%3A%2F%2F180.169.147.146%3A18081%2Fxingrg%2F&costTime=40×tamp=1610247622789 HTTP/1.1" 200 17173
120.253.135.82 - - [10/Jan/2021:11:00:22 +0800] "GET /xingrg/javascript/jquery.form.js HTTP/1.1" 304 -
120.253.135.82 - - [10/Jan/2021:11:00:22 +0800] "GET /xingrg/javascript/jquery.utils.js HTTP/1.1" 304 -
120.253.135.82 - - [10/Jan/2021:11:00:22 +0800] "GET /xingrg/javascript/jquery.timers.js HTTP/1.1" 304 -
120.253.135.82 - - [10/Jan/2021:11:00:22 +0800] "GET /xingrg/javascript/jquery-1.4.2.min.js HTTP/1.1" 304 -
120.253.135.82 - - [10/Jan/2021:11:00:22 +0800] "GET /xingrg/javascript/jquery_easy_ui/jquery.easyui.min.js HTTP/1.1" 304 -
120.253.135.82 - - [10/Jan/2021:11:00:22 +0800] "GET /xingrg/css/form.css HTTP/1.1" 304 -
120.253.135.82 - - [10/Jan/2021:11:00:22 +0800] "GET /xingrg/javascript/jquery_easy_ui/easyui-lang-zh_CN.js HTTP/1.1" 304 -
120.253.135.82 - - [10/Jan/2021:11:00:22 +0800] "GET /xingrg/images/blue/navBackgound.jpg HTTP/1.1" 304 -
120.253.135.82 - - [10/Jan/2021:11:00:22 +0800] "GET /xingrg/javascript/jquery_easy_ui/themes/icons/settle_new.png HTTP/1.1" 304 -
120.253.135.82 - - [10/Jan/2021:11:00:22 +0800] "POST /xingrg/all/common/load_tree.html?tree=area_rest_tree_json&manage=1 HTTP/1.1" 200 344
120.253.135.82 - - [10/Jan/2021:11:00:23 +0800] "GET /xingrg/javascript/jquery_easy_ui/themes/default/images/tabs_leftarrow.png HTTP/1.1" 304 -
120.253.135.82 - - [10/Jan/2021:11:00:23 +0800] "GET /xingrg/images/blue/pingpu.png HTTP/1.1" 304 -
120.253.135.82 - - [10/Jan/2021:11:00:23 +0800] "GET /xingrg/javascript/jquery_easy_ui/themes/default/images/tabs_rightarrow.png HTTP/1.1" 304 -
120.253.135.82 - - [10/Jan/2021:11:00:23 +0800] "GET /xingrg/javascript/jquery_easy_ui/themes/default/images/panel_tool_collapse.gif HTTP/1.1" 304 -
120.253.135.82 - - [10/Jan/2021:11:00:23 +0800] "GET /xingrg/all/function/internal_message.html?_=1610247377797&CODE_STATE=count HTTP/1.1" 200 11
120.253.135.82 - - [10/Jan/2021:11:00:23 +0800] "GET /xingrg/check_reg.html?_=1610247377798 HTTP/1.1" 200 22
180.175.150.119 - - [10/Jan/2021:11:00:23 +0800] "GET /xingrg/javascript/easyui/themes/icons/edit_add_new.png HTTP/1.1" 304 -
120.253.135.82 - - [10/Jan/2021:11:00:23 +0800] "GET /xingrg/javascript/jquery_easy_ui/themes/default/images/tree_arrows.gif HTTP/1.1" 304 -
120.253.135.82 - - [10/Jan/2021:11:00:23 +0800] "POST /xingrg/load_menu.html HTTP/1.1" 200 6743
180.175.150.119 - - [10/Jan/2021:11:00:23 +0800] "GET /xingrg/javascript/easyui/themes/icons/cance_new.png HTTP/1.1" 304 -
180.175.150.119 - - [10/Jan/2021:11:00:23 +0800] "GET /xingrg/javascript/easyui/themes/icons/check_new.png HTTP/1.1" 304 -
180.175.150.119 - - [10/Jan/2021:11:00:23 +0800] "GET /xingrg/javascript/easyui/themes/icons/field_new.png HTTP/1.1" 304 -
180.175.150.119 - - [10/Jan/2021:11:00:23 +0800] "GET /xingrg/javascript/easyui/themes/icons/import_new.png HTTP/1.1" 304 -
120.253.135.82 - - [10/Jan/2021:11:00:23 +0800] "GET /xingrg/javascript/jquery_easy_ui/themes/icons/search_new.png HTTP/1.1" 304 -
120.253.135.82 - - [10/Jan/2021:11:00:23 +0800] "GET /xingrg/javascript/jquery_easy_ui/themes/default/images/tree_folder_open.gif HTTP/1.1" 304 -
120.253.135.82 - - [10/Jan/2021:11:00:23 +0800] "GET /xingrg/javascript/jquery_easy_ui/themes/icons/storage_new.png HTTP/1.1" 304 -
120.253.135.82 - - [10/Jan/2021:11:00:23 +0800] "GET /xingrg/javascript/jquery_easy_ui/themes/default/images/tree_folder.gif HTTP/1.1" 304 -
120.253.135.82 - - [10/Jan/2021:11:00:23 +0800] "GET /xingrg/javascript/jquery_easy_ui/themes/default/images/tree_file.gif HTTP/1.1" 304 -
120.253.135.82 - - [10/Jan/2021:11:00:23 +0800] "GET /xingrg/javascript/jquery_easy_ui/themes/icons/delivery_new.png HTTP/1.1" 304 -
120.253.135.82 - - [10/Jan/2021:11:00:23 +0800] "GET /xingrg/javascript/jquery_easy_ui/themes/icons/forms_new.png HTTP/1.1" 304 -
120.253.135.82 - - [10/Jan/2021:11:00:23 +0800] "GET /favicon.ico HTTP/1.1" 404 -
180.175.150.119 - - [10/Jan/2021:11:00:23 +0800] "GET /xingrg/javascript/easyui/plugins/jquery.parser.js HTTP/1.1" 304 -
180.175.150.119 - - [10/Jan/2021:11:00:23 +0800] "GET /xingrg/images/control/ajaxLoader.gif HTTP/1.1" 304 -
180.175.150.119 - - [10/Jan/2021:11:00:24 +0800] "POST /xingrg/kc/base/wldb_list_operate.html HTTP/1.1" 200 928
180.175.150.119 - - [10/Jan/2021:11:00:25 +0800] "GET /favicon.ico HTTP/1.1" 404 -
120.253.135.82 - - [10/Jan/2021:11:00:26 +0800] "GET /xingrg/javascript/jquery_easy_ui/themes/default/images/tabs_close.gif HTTP/1.1" 304 -
120.253.135.82 - - [10/Jan/2021:11:00:26 +0800] "GET /xingrg/kc/pszx/mdqp_order_list.html?state=10 HTTP/1.1" 200 11403
120.253.135.82 - - [10/Jan/2021:11:00:26 +0800] "GET /xingrg/css/blue.css HTTP/1.1" 304 -
120.253.135.82 - - [10/Jan/2021:11:00:26 +0800] "GET /xingrg/dwr/util.js HTTP/1.1" 304 -
120.253.135.82 - - [10/Jan/2021:11:00:26 +0800] "GET /xingrg/javascript/pic_change.js HTTP/1.1" 304 -
120.253.135.82 - - [10/Jan/2021:11:00:26 +0800] "GET /xingrg/javascript/myfunction.js HTTP/1.1" 304 -
120.253.135.82 - - [10/Jan/2021:11:00:26 +0800] "GET /xingrg/javascript/Calendar.js HTTP/1.1" 304 -
120.253.135.82 - - [10/Jan/2021:11:00:26 +0800] "GET /xingrg/dwr/interface/AjaxReportQueryService.js HTTP/1.1" 200 13203
120.253.135.82 - - [10/Jan/2021:11:00:26 +0800] "GET /xingrg/dwr/interface/AjaxQqpsService.js HTTP/1.1" 200 16326
120.253.135.82 - - [10/Jan/2021:11:00:26 +0800] "GET /xingrg/dwr/engine.js HTTP/1.1" 200 43631
120.253.135.82 - - [10/Jan/2021:11:00:26 +0800] "GET /xingrg/javascript/jquery_easy_ui/themes/icons/check_new.png HTTP/1.1" 304 -
120.253.135.82 - - [10/Jan/2021:11:00:26 +0800] "GET /xingrg/javascript/jquery_easy_ui/themes/icons/uncheck_new.png HTTP/1.1" 304 -
120.253.135.82 - - [10/Jan/2021:11:00:26 +0800] "GET /xingrg/javascript/jquery_easy_ui/themes/icons/back_new.png HTTP/1.1" 304 -
172.17.0.240 - - [10/Jan/2021:11:00:26 +0800] "GET /xingrg/all/function/internal_message.html?_=1610247621631&CODE_STATE=getMsg HTTP/1.1" 200 27
180.175.150.119 - - [10/Jan/2021:11:00:26 +0800] "GET /xingrg/kc/base/wldb_order_add.html HTTP/1.1" 200 30498
180.175.150.119 - - [10/Jan/2021:11:00:27 +0800] "POST /xingrg/kc/base/wldb_order_operate.html HTTP/1.1" 200 6806
172.17.0.100 - - [10/Jan/2021:11:00:27 +0800] "GET /xingrg/all/function/internal_message.html?_=1610247623787&CODE_STATE=getMsg HTTP/1.1" 200 27
172.17.0.100 - - [10/Jan/2021:11:00:27 +0800] "GET /xingrg/check_reg.html?_=1610247623792 HTTP/1.1" 200 22
180.175.150.119 - - [10/Jan/2021:11:00:28 +0800] "GET /xingrg/all/common/auto_word.html?type=base&rest_code=00102 HTTP/1.1" 200 1711
180.175.150.119 - - [10/Jan/2021:11:00:28 +0800] "GET /xingrg/all/common/auto_word.html?type=base&rest_code=00102 HTTP/1.1" 200 1711
61.165.42.208 - - [10/Jan/2021:11:00:28 +0800] "GET /xingrg/kc/buy/cgsh_order_operate.html?command=get_materiel&rest_code=00105&code=00101004017&supplier_code=00100323&order_time=2021-01-10 HTTP/1.1" 200 413
180.175.150.119 - - [10/Jan/2021:11:00:28 +0800] "GET /xingrg/javascript/easyui/themes/default/validatebox.css HTTP/1.1" 404 1104
101.85.52.2 - - [10/Jan/2021:11:00:29 +0800] "GET /xingrg/kc/buy/cgsh_order_operate.html?command=get_materiel&rest_code=00145&code=00101008059&supplier_code=00100007&order_time=2021-01-02 HTTP/1.1" 200 408
120.253.135.82 - - [10/Jan/2021:11:00:29 +0800] "GET /xingrg/kc/pszx/mdqp_order_info.html?code=302021011000229 HTTP/1.1" 200 13338
120.253.135.82 - - [10/Jan/2021:11:00:29 +0800] "GET /xingrg/javascript/auto/jquery.autocomplete.js HTTP/1.1" 304 -
120.253.135.82 - - [10/Jan/2021:11:00:29 +0800] "GET /xingrg/javascript/checkform.js HTTP/1.1" 304 -
120.253.135.82 - - [10/Jan/2021:11:00:29 +0800] "GET /xingrg/javascript/tools/jquery.qtip-1.0.0-rc3.min.js HTTP/1.1" 304 -
120.253.135.82 - - [10/Jan/2021:11:00:29 +0800] "GET /xingrg/javascript/AjaxInfoList.js HTTP/1.1" 304 -
120.253.135.82 - - [10/Jan/2021:11:00:29 +0800] "GET /xingrg/javascript/Grid.js HTTP/1.1" 304 -
120.253.135.82 - - [10/Jan/2021:11:00:29 +0800] "GET /xingrg/dwr/interface/AjaxComOrderService.js HTTP/1.1" 200 18264
120.253.135.82 - - [10/Jan/2021:11:00:29 +0800] "GET /xingrg/dwr/interface/AjaxQqpsService.js HTTP/1.1" 200 16326
120.253.135.82 - - [10/Jan/2021:11:00:29 +0800] "GET /xingrg/dwr/engine.js HTTP/1.1" 200 43631
120.253.135.82 - - [10/Jan/2021:11:00:29 +0800] "GET /xingrg/javascript/print/LodopFuncs.js HTTP/1.1" 304 -
120.253.135.82 - - [10/Jan/2021:11:00:29 +0800] "GET /xingrg/javascript/ToolTips.js HTTP/1.1" 304 -
120.253.135.82 - - [10/Jan/2021:11:00:29 +0800] "GET /xingrg/javascript/print/kc_print.js HTTP/1.1" 304 -
117.184.7.26 - - [10/Jan/2021:11:00:29 +0800] "GET /xingrg/all/function/internal_message.html?_=1610247625270&CODE_STATE=getMsg HTTP/1.1" 200 27
120.253.135.82 - - [10/Jan/2021:11:00:29 +0800] "GET /xingrg/javascript/jquery_easy_ui/themes/default/images/menu_downarrow.png HTTP/1.1" 304 -
120.253.135.82 - - [10/Jan/2021:11:00:29 +0800] "GET /xingrg/javascript/jquery_easy_ui/themes/icons/print.png HTTP/1.1" 304 -
120.253.135.82 - - [10/Jan/2021:11:00:29 +0800] "GET /xingrg/images/blue/button/kc_tab_edit.gif HTTP/1.1" 304 -
120.253.135.82 - - [10/Jan/2021:11:00:29 +0800] "GET /xingrg/images/blue/button/kc_tab_save.gif HTTP/1.1" 304 -
120.253.135.82 - - [10/Jan/2021:11:00:29 +0800] "GET /xingrg/images/blue/kc_tab_right.gif HTTP/1.1" 304 -
120.253.135.82 - - [10/Jan/2021:11:00:29 +0800] "GET /xingrg/images/blue/kc_tab_left.gif HTTP/1.1" 304 -
120.253.135.82 - - [10/Jan/2021:11:00:29 +0800] "GET /xingrg/images/blue/kc_tab2_right.gif HTTP/1.1" 304 -
120.253.135.82 - - [10/Jan/2021:11:00:29 +0800] "GET /xingrg/images/blue/kc_tab2_left.gif HTTP/1.1" 304 -
120.253.135.82 - - [10/Jan/2021:11:00:29 +0800] "GET /xingrg/images/blue/kc_tab_mid.gif HTTP/1.1" 304 -
120.253.135.82 - - [10/Jan/2021:11:00:29 +0800] "GET /xingrg/images/blue/wait.gif HTTP/1.1" 304 -
120.253.135.82 - - [10/Jan/2021:11:00:30 +0800] "POST /xingrg/dwr/call/plaincall/AjaxQqpsService.loadMaterielItems.dwr HTTP/1.1" 200 1286
116.228.172.94 - - [10/Jan/2021:11:00:30 +0800] "GET /xingrg/all/function/internal_message.html?_=1610247626654&CODE_STATE=getMsg HTTP/1.1" 200 27
180.175.150.119 - - [10/Jan/2021:11:00:30 +0800] "POST /xingrg/all/common/load_combo.html?type=base HTTP/1.1" 200 3060
172.17.200.101 - - [10/Jan/2021:11:00:32 +0800] "GET /xingrg/all/function/internal_message.html?_=1610247628098&CODE_STATE=getMsg HTTP/1.1" 200 27
222.69.136.245 - - [10/Jan/2021:11:00:32 +0800] "GET /xingrg/all/function/internal_message.html?_=1610247628277&CODE_STATE=getMsg HTTP/1.1" 200 27
180.175.150.119 - - [10/Jan/2021:11:00:34 +0800] "POST /xingrg/all/common/load_combo.html?type=base HTTP/1.1" 200 3060
120.253.135.82 - - [10/Jan/2021:11:00:37 +0800] "GET /xingrg/javascript/jquery_easy_ui/themes/default/images/button_plain_hover.png HTTP/1.1" 304 -
101.85.52.2 - - [10/Jan/2021:11:00:37 +0800] "GET /xingrg/kc/buy/cgsh_order_operate.html?command=get_materiel&rest_code=00145&code=00101008350&supplier_code=00100007&order_time=2021-01-02 HTTP/1.1" 200 408
120.253.135.82 - - [10/Jan/2021:11:00:38 +0800] "GET /xingrg/kc/pszx/mdqp_order_list.html?isBack=1 HTTP/1.1" 302 -
120.253.135.82 - - [10/Jan/2021:11:00:38 +0800] "GET /xingrg/kc/pszx/mdqp_order_list.html?state=10 HTTP/1.1" 200 11403
120.253.135.82 - - [10/Jan/2021:11:00:38 +0800] "GET /xingrg/dwr/interface/AjaxQqpsService.js HTTP/1.1" 200 16326
120.253.135.82 - - [10/Jan/2021:11:00:38 +0800] "GET /xingrg/dwr/interface/AjaxReportQueryService.js HTTP/1.1" 200 13203
120.253.135.82 - - [10/Jan/2021:11:00:38 +0800] "GET /xingrg/dwr/engine.js HTTP/1.1" 200 43631
117.131.5.26 - - [10/Jan/2021:11:00:38 +0800] "GET /xingrg/kc/buy/cgsh_order_operate.html?command=get_materiel&rest_code=00104&code=00101008358&supplier_code=00100005&order_time=2021-01-10 HTTP/1.1" 200 412
61.129.6.151 - - [10/Jan/2021:11:00:39 +0800] "GET /xingrg/check_reg.html?_=1610247148576 HTTP/1.1" 302 -
120.253.135.82 - - [10/Jan/2021:11:00:40 +0800] "GET /xingrg/kc/pszx/mdqp_order_info.html?code=302021011000231 HTTP/1.1" 200 13338
120.253.135.82 - - [10/Jan/2021:11:00:40 +0800] "GET /xingrg/dwr/interface/AjaxQqpsService.js HTTP/1.1" 200 16326
120.253.135.82 - - [10/Jan/2021:11:00:40 +0800] "GET /xingrg/dwr/interface/AjaxComOrderService.js HTTP/1.1" 200 18264
120.253.135.82 - - [10/Jan/2021:11:00:40 +0800] "GET /xingrg/dwr/engine.js HTTP/1.1" 200 43631
120.253.135.82 - - [10/Jan/2021:11:00:40 +0800] "POST /xingrg/dwr/call/plaincall/AjaxQqpsService.loadMaterielItems.dwr HTTP/1.1" 200 333
180.175.150.119 - - [10/Jan/2021:11:00:41 +0800] "GET /xingrg/kc/base/wldb_order_operate.html?command=get_materiel&rest_code=00102&base_code=0010476&code=00101019469 HTTP/1.1" 200 455
222.69.136.245 - - [10/Jan/2021:11:00:42 +0800] "GET /xingrg/kc/buy/cgsh_order_operate.html?command=get_materiel&rest_code=00149&code=00101002027&supplier_code=00100039&order_time=2021-01-10 HTTP/1.1" 200 434
120.253.135.82 - - [10/Jan/2021:11:00:43 +0800] "GET /xingrg/kc/pszx/mdqp_order_list.html?isBack=1 HTTP/1.1" 302 -
120.253.135.82 - - [10/Jan/2021:11:00:43 +0800] "GET /xingrg/kc/pszx/mdqp_order_list.html?state=10 HTTP/1.1" 200 11403
120.253.135.82 - - [10/Jan/2021:11:00:43 +0800] "GET /xingrg/javascript/jquery_easy_ui/themes/icons/manage.png HTTP/1.1" 304 -
120.253.135.82 - - [10/Jan/2021:11:00:43 +0800] "GET /xingrg/javascript/jquery_easy_ui/themes/icons/area.png HTTP/1.1" 304 -
120.253.135.82 - - [10/Jan/2021:11:00:43 +0800] "GET /xingrg/dwr/interface/AjaxReportQueryService.js HTTP/1.1" 200 13203
120.253.135.82 - - [10/Jan/2021:11:00:43 +0800] "GET /xingrg/dwr/interface/AjaxQqpsService.js HTTP/1.1" 200 16326
120.253.135.82 - - [10/Jan/2021:11:00:43 +0800] "GET /xingrg/dwr/engine.js HTTP/1.1" 200 43631
61.165.42.208 - - [10/Jan/2021:11:00:44 +0800] "POST /xingrg/kc/buy/cgsh_order_operate.html HTTP/1.1" 200 37
180.175.150.119 - - [10/Jan/2021:11:00:45 +0800] "GET /xingrg/kc/base/wldb_order_operate.html?command=get_materiel&rest_code=00102&base_code=0010476&code=00101019184 HTTP/1.1" 200 442
61.165.42.208 - - [10/Jan/2021:11:00:46 +0800] "POST /xingrg/kc/buy/cgsh_order_operate.html HTTP/1.1" 200 9238
101.85.52.2 - - [10/Jan/2021:11:00:48 +0800] "GET /xingrg/kc/buy/cgsh_order_operate.html?command=get_materiel&rest_code=00145&code=00101008286&supplier_code=00100007&order_time=2021-01-02 HTTP/1.1" 200 408
120.253.135.82 - - [10/Jan/2021:11:00:49 +0800] "GET /xingrg/kc/pszx/jzcl_ps.html HTTP/1.1" 200 7683
120.253.135.82 - - [10/Jan/2021:11:00:49 +0800] "GET /xingrg/css/table.css HTTP/1.1" 200 3684
120.253.135.82 - - [10/Jan/2021:11:00:49 +0800] "GET /xingrg/javascript/step/step.css HTTP/1.1" 200 999
120.253.135.82 - - [10/Jan/2021:11:00:49 +0800] "GET /xingrg/javascript/step/images/navCurrentBtn.gif HTTP/1.1" 200 557
120.253.135.82 - - [10/Jan/2021:11:00:49 +0800] "GET /xingrg/javascript/jquery_easy_ui/themes/default/images/button_a_bg.gif HTTP/1.1" 200 1194
120.253.135.82 - - [10/Jan/2021:11:00:49 +0800] "GET /xingrg/javascript/jquery_easy_ui/themes/default/images/button_span_bg.gif HTTP/1.1" 200 2061
120.253.135.82 - - [10/Jan/2021:11:00:49 +0800] "GET /xingrg/javascript/jquery_easy_ui/themes/icons/search.png HTTP/1.1" 200 813
61.129.6.151 - - [10/Jan/2021:11:00:49 +0800] "GET /xingrg/login.html HTTP/1.1" 200 7641
120.253.135.82 - - [10/Jan/2021:11:00:49 +0800] "GET /xingrg/javascript/jquery_easy_ui/themes/default/images/combo_arrow_dot.gif HTTP/1.1" 200 79
120.253.135.82 - - [10/Jan/2021:11:00:49 +0800] "GET /xingrg/javascript/jquery_easy_ui/themes/default/images/calendar_prevmonth.gif HTTP/1.1" 200 66
120.253.135.82 - - [10/Jan/2021:11:00:49 +0800] "POST /xingrg/all/common/load_tree.html?tree=area_rest_tree_json HTTP/1.1" 200 3344
120.253.135.82 - - [10/Jan/2021:11:00:49 +0800] "GET /xingrg/javascript/jquery_easy_ui/themes/default/images/calendar_nextmonth.gif HTTP/1.1" 200 64
120.253.135.82 - - [10/Jan/2021:11:00:49 +0800] "GET /xingrg/javascript/jquery_easy_ui/themes/default/images/calendar_prevyear.gif HTTP/1.1" 200 76
120.253.135.82 - - [10/Jan/2021:11:00:49 +0800] "GET /xingrg/javascript/jquery_easy_ui/themes/default/images/calendar_nextyear.gif HTTP/1.1" 200 75
120.253.135.82 - - [10/Jan/2021:11:00:49 +0800] "GET /xingrg/images/control/ajaxLoader.gif HTTP/1.1" 304 -
120.253.135.82 - - [10/Jan/2021:11:00:49 +0800] "GET /xingrg/javascript/jquery_easy_ui/themes/default/images/datagrid_header_bg.gif HTTP/1.1" 200 97
120.253.135.82 - - [10/Jan/2021:11:00:49 +0800] "GET /xingrg/javascript/jquery_easy_ui/themes/default/images/pagination_loading.gif HTTP/1.1" 200 1737
120.253.135.82 - - [10/Jan/2021:11:00:49 +0800] "GET /xingrg/javascript/jquery_easy_ui/themes/default/images/tree_checkbox_0.gif HTTP/1.1" 200 168
120.253.135.82 - - [10/Jan/2021:11:00:50 +0800] "POST /xingrg/kc/pszx/jzcl_ps_operate.html HTTP/1.1" 200 1241
120.253.135.82 - - [10/Jan/2021:11:00:50 +0800] "POST /xingrg/kc/pszx/jzcl_ps_operate.html HTTP/1.1" 200 1241
114.88.169.67 - - [10/Jan/2021:11:00:50 +0800] "GET /xingrg/all/function/internal_message.html?_=1610247645843&CODE_STATE=getMsg HTTP/1.1" 200 27
120.253.135.82 - - [10/Jan/2021:11:00:50 +0800] "GET /xingrg/javascript/jquery_easy_ui/themes/icons/rest.png HTTP/1.1" 200 695
117.185.32.26 - - [10/Jan/2021:11:00:50 +0800] "POST /xingrg/kc/buy/cgsh_order_operate.html HTTP/1.1" 200 37
180.175.150.119 - - [10/Jan/2021:11:00:50 +0800] "GET /xingrg/kc/base/wldb_order_operate.html?command=get_materiel&rest_code=00102&base_code=0010476&code=00101019315 HTTP/1.1" 200 460
222.69.136.245 - - [10/Jan/2021:11:00:51 +0800] "GET /xingrg/kc/buy/cgsh_order_operate.html?command=get_materiel&rest_code=00149&code=00101002022&supplier_code=00100039&order_time=2021-01-10 HTTP/1.1" 200 411
117.185.32.26 - - [10/Jan/2021:11:00:52 +0800] "POST /xingrg/kc/buy/cgsh_order_operate.html HTTP/1.1" 200 12
114.88.169.67 - - [10/Jan/2021:11:00:52 +0800] "GET /xingrg/all/function/internal_message.html?_=1610247640434&CODE_STATE=getMsg HTTP/1.1" 200 27
172.17.0.123 - - [10/Jan/2021:11:00:53 +0800] "GET /xingrg/all/function/internal_message.html?_=1610247551414&CODE_STATE=getMsg HTTP/1.1" 200 27
117.185.32.26 - - [10/Jan/2021:11:00:53 +0800] "GET /xingrg/kc/buy/cgsh_order_info.html?code=212021011004069 HTTP/1.1" 200 56651
117.185.32.26 - - [10/Jan/2021:11:00:54 +0800] "GET /xingrg/javascript/easyui/themes/default/validatebox.css HTTP/1.1" 404 1104
117.185.32.26 - - [10/Jan/2021:11:00:54 +0800] "POST /xingrg/kc/buy/cgsh_order_operate.html HTTP/1.1" 200 618
117.131.5.26 - - [10/Jan/2021:11:00:54 +0800] "GET /xingrg/all/function/internal_message.html?_=1610247700280&CODE_STATE=getMsg HTTP/1.1" 200 27
180.175.150.119 - - [10/Jan/2021:11:00:56 +0800] "GET /xingrg/kc/base/wldb_order_operate.html?command=get_materiel&rest_code=00102&base_code=0010476&code=00101019241 HTTP/1.1" 200 459
117.185.32.26 - - [10/Jan/2021:11:00:56 +0800] "GET /xingrg/kc/print/load_data.html?order_code=212021011004069&kc_code=cgsh&condition= HTTP/1.1" 200 728
172.17.0.120 - - [10/Jan/2021:11:00:56 +0800] "GET /xingrg/all/function/internal_message.html?_=1610247652624&CODE_STATE=getMsg HTTP/1.1" 200 27
222.70.174.6 - - [10/Jan/2021:11:00:58 +0800] "GET /xingrg/all/function/internal_message.html?_=1610247666729&CODE_STATE=getMsg HTTP/1.1" 200 27
120.253.135.82 - - [10/Jan/2021:11:00:58 +0800] "POST /xingrg/kc/pszx/jzcl_ps_operate.html HTTP/1.1" 200 4
120.253.135.82 - - [10/Jan/2021:11:00:58 +0800] "GET /xingrg/javascript/step/images/navDoneBtn.gif HTTP/1.1" 200 394
120.253.135.82 - - [10/Jan/2021:11:00:58 +0800] "GET /xingrg/javascript/step/images/navLastDoneBtn.gif HTTP/1.1" 200 552
61.165.42.208 - - [10/Jan/2021:11:00:58 +0800] "GET /xingrg/all/function/internal_message.html?_=1610247654634&CODE_STATE=getMsg HTTP/1.1" 200 27
61.165.42.208 - - [10/Jan/2021:11:00:58 +0800] "GET /xingrg/kc/print/load_data.html?order_code=212021011004068&kc_code=cgsh&condition= HTTP/1.1" 200 3191
61.165.42.208 - - [10/Jan/2021:11:00:59 +0800] "GET /xingrg/check_reg.html?_=1610247655285 HTTP/1.1" 200 22
120.253.135.82 - - [10/Jan/2021:11:01:00 +0800] "GET /xingrg/kc/pszx/mdps_order_list.html HTTP/1.1" 200 21153
120.253.135.82 - - [10/Jan/2021:11:01:00 +0800] "GET /xingrg/css/base.css HTTP/1.1" 304 -
120.253.135.82 - - [10/Jan/2021:11:01:00 +0800] "GET /xingrg/javascript/jquery_tools/fix.css HTTP/1.1" 304 -
120.253.135.82 - - [10/Jan/2021:11:01:00 +0800] "GET /xingrg/javascript/jquery_tools/jquery.tools.min.js HTTP/1.1" 304 -
120.253.135.82 - - [10/Jan/2021:11:01:00 +0800] "GET /xingrg/javascript/easyui/themes/icon.css HTTP/1.1" 304 -
120.253.135.82 - - [10/Jan/2021:11:01:00 +0800] "GET /xingrg/javascript/jquery_tools/datebox.css HTTP/1.1" 304 -
