172.17.200.101 - - [10/Jan/2021:09:35:22 +0800] "POST /xingrg/all/common/load_tree.html?tree=supplier_tree_json&manage=1 HTTP/1.1" 200 54890
172.17.200.101 - - [10/Jan/2021:09:35:23 +0800] "POST /xingrg/dwr/call/plaincall/AjaxReportQueryService.getFixDate.dwr HTTP/1.1" 200 111
116.228.172.94 - - [10/Jan/2021:09:35:25 +0800] "POST /xingrg/kc/buy/cgsh_order_operate.html HTTP/1.1" 200 37
116.228.172.94 - - [10/Jan/2021:09:35:28 +0800] "POST /xingrg/kc/buy/cgsh_order_operate.html HTTP/1.1" 200 49964
116.228.172.94 - - [10/Jan/2021:09:35:29 +0800] "GET /xingrg/all/function/internal_message.html?_=1610242525080&CODE_STATE=getMsg HTTP/1.1" 200 27
180.156.237.57 - - [10/Jan/2021:09:35:31 +0800] "GET /xingrg/kc/buy/cgsh_order_operate.html?command=get_materiel&rest_code=00151&code=00101012005&supplier_code=00100096&order_time=2021-01-10 HTTP/1.1" 200 413
172.17.200.101 - - [10/Jan/2021:09:35:34 +0800] "POST /xingrg/dwr/call/plaincall/AjaxReportQueryService.refreshCache.dwr HTTP/1.1" 200 78
180.175.150.119 - - [10/Jan/2021:09:35:34 +0800] "GET /xingrg/all/function/internal_message.html?_=1610242768378&CODE_STATE=getMsg HTTP/1.1" 200 27
172.17.200.101 - - [10/Jan/2021:09:35:36 +0800] "POST /xingrg/all/report/load_report_page.html HTTP/1.1" 200 48225
172.17.200.101 - - [10/Jan/2021:09:35:36 +0800] "GET /xingrg/servlets/image?cache=0.8282008672000933&image=px HTTP/1.1" 200 807
222.69.136.245 - - [10/Jan/2021:09:35:39 +0800] "GET /xingrg/all/function/internal_message.html?_=1610242535505&CODE_STATE=getMsg HTTP/1.1" 200 27
222.69.136.245 - - [10/Jan/2021:09:35:39 +0800] "GET /xingrg/check_reg.html?_=1610242535510 HTTP/1.1" 200 22
180.156.237.57 - - [10/Jan/2021:09:35:42 +0800] "GET /xingrg/kc/buy/cgsh_order_operate.html?command=get_materiel&rest_code=00151&code=00101012070&supplier_code=00100096&order_time=2021-01-10 HTTP/1.1" 200 398
222.70.174.6 - - [10/Jan/2021:09:35:45 +0800] "GET /xingrg/check_reg.html?_=1610242553500 HTTP/1.1" 200 22
180.156.237.57 - - [10/Jan/2021:09:35:52 +0800] "GET /xingrg/kc/buy/cgsh_order_operate.html?command=get_materiel&rest_code=00151&code=00101001075&supplier_code=00100096&order_time=2021-01-10 HTTP/1.1" 200 409
172.17.200.101 - - [10/Jan/2021:09:35:52 +0800] "POST /xingrg/dwr/call/plaincall/AjaxReportQueryService.refreshCache.dwr HTTP/1.1" 200 78
172.17.200.101 - - [10/Jan/2021:09:35:54 +0800] "POST /xingrg/all/report/load_report_page.html HTTP/1.1" 200 62320
172.17.200.101 - - [10/Jan/2021:09:35:54 +0800] "GET /xingrg/servlets/image?cache=0.24376119299417753&image=px HTTP/1.1" 200 807
61.165.42.208 - - [10/Jan/2021:09:35:58 +0800] "GET /xingrg/check_reg.html?_=1610242554599 HTTP/1.1" 200 22
61.165.42.208 - - [10/Jan/2021:09:35:58 +0800] "GET /xingrg/all/function/internal_message.html?_=1610242554597&CODE_STATE=getMsg HTTP/1.1" 200 27
114.88.169.67 - - [10/Jan/2021:09:36:00 +0800] "GET /xingrg/all/function/internal_message.html?_=1610242555975&CODE_STATE=getMsg HTTP/1.1" 200 27
172.17.200.101 - - [10/Jan/2021:09:36:02 +0800] "GET /xingrg/all/function/internal_message.html?_=1610242558052&CODE_STATE=getMsg HTTP/1.1" 200 27
172.17.200.101 - - [10/Jan/2021:09:36:12 +0800] "POST /xingrg/dwr/call/plaincall/AjaxReportQueryService.refreshCache.dwr HTTP/1.1" 200 78
172.17.200.101 - - [10/Jan/2021:09:36:13 +0800] "POST /xingrg/all/report/load_report_page.html HTTP/1.1" 200 48225
172.17.200.101 - - [10/Jan/2021:09:36:13 +0800] "GET /xingrg/servlets/image?cache=0.5699358091667235&image=px HTTP/1.1" 200 807
61.165.42.208 - - [10/Jan/2021:09:36:15 +0800] "GET /xingrg/all/function/internal_message.html?_=1610242553385&CODE_STATE=getMsg HTTP/1.1" 200 27
120.253.135.82 - - [10/Jan/2021:09:36:21 +0800] "GET /xingrg/all/function/internal_message.html?_=1610242336395&CODE_STATE=getMsg HTTP/1.1" 200 27
116.228.172.94 - - [10/Jan/2021:09:36:29 +0800] "GET /xingrg/all/function/internal_message.html?_=1610242585064&CODE_STATE=getMsg HTTP/1.1" 200 27
180.156.237.57 - - [10/Jan/2021:09:36:29 +0800] "POST /xingrg/kc/buy/cgsh_order_operate.html HTTP/1.1" 200 37
180.156.237.57 - - [10/Jan/2021:09:36:32 +0800] "POST /xingrg/kc/buy/cgsh_order_operate.html HTTP/1.1" 200 12
180.156.237.57 - - [10/Jan/2021:09:36:33 +0800] "GET /xingrg/kc/buy/cgsh_order_info.html?code=212021011003952 HTTP/1.1" 200 56277
180.156.237.57 - - [10/Jan/2021:09:36:34 +0800] "GET /xingrg/javascript/easyui/themes/default/validatebox.css HTTP/1.1" 404 1104
180.175.150.119 - - [10/Jan/2021:09:36:34 +0800] "GET /xingrg/all/function/internal_message.html?_=1610242828383&CODE_STATE=getMsg HTTP/1.1" 200 27
180.156.237.57 - - [10/Jan/2021:09:36:34 +0800] "POST /xingrg/kc/buy/cgsh_order_operate.html HTTP/1.1" 200 5997
180.156.237.57 - - [10/Jan/2021:09:36:36 +0800] "GET /xingrg/kc/print/load_data.html?order_code=212021011003952&kc_code=cgsh&condition= HTTP/1.1" 200 2771
180.175.150.119 - - [10/Jan/2021:09:36:36 +0800] "GET /xingrg/kc/buy/cgsh_order_add.html HTTP/1.1" 200 61702
180.175.150.119 - - [10/Jan/2021:09:36:38 +0800] "POST /xingrg/kc/buy/cgsh_order_operate.html HTTP/1.1" 200 8245
180.175.150.119 - - [10/Jan/2021:09:36:39 +0800] "GET /xingrg/javascript/easyui/themes/default/validatebox.css HTTP/1.1" 404 1104
222.69.136.245 - - [10/Jan/2021:09:36:39 +0800] "GET /xingrg/all/function/internal_message.html?_=1610242595516&CODE_STATE=getMsg HTTP/1.1" 200 27
61.165.42.208 - - [10/Jan/2021:09:36:58 +0800] "GET /xingrg/all/function/internal_message.html?_=1610242614598&CODE_STATE=getMsg HTTP/1.1" 200 27
114.88.169.67 - - [10/Jan/2021:09:36:59 +0800] "GET /xingrg/check_reg.html?_=1610242615568 HTTP/1.1" 200 22
114.88.169.67 - - [10/Jan/2021:09:37:00 +0800] "GET /xingrg/all/function/internal_message.html?_=1610242616068&CODE_STATE=getMsg HTTP/1.1" 200 27
172.17.200.101 - - [10/Jan/2021:09:37:02 +0800] "GET /xingrg/all/function/internal_message.html?_=1610242618052&CODE_STATE=getMsg HTTP/1.1" 200 27
172.17.0.108 - - [10/Jan/2021:09:37:03 +0800] "GET /xingrg/check_reg.html?_=1610242619037 HTTP/1.1" 302 -
61.165.42.208 - - [10/Jan/2021:09:37:15 +0800] "GET /xingrg/all/function/internal_message.html?_=1610242613385&CODE_STATE=getMsg HTTP/1.1" 200 27
61.165.42.208 - - [10/Jan/2021:09:37:15 +0800] "GET /xingrg/check_reg.html?_=1610242613388 HTTP/1.1" 200 22
180.156.237.57 - - [10/Jan/2021:09:37:17 +0800] "GET /xingrg/all/function/internal_message.html?_=1610242634898&CODE_STATE=getMsg HTTP/1.1" 200 27
120.253.135.82 - - [10/Jan/2021:09:37:21 +0800] "GET /xingrg/all/function/internal_message.html?_=1610242396402&CODE_STATE=getMsg HTTP/1.1" 200 27
180.175.150.119 - - [10/Jan/2021:09:37:25 +0800] "GET /xingrg/kc/buy/cgsh_order_operate.html?command=get_materiel&rest_code=00102&code=00101005037&supplier_code=00100151&order_time=2021-01-10 HTTP/1.1" 200 409
116.228.172.94 - - [10/Jan/2021:09:37:29 +0800] "GET /xingrg/all/function/internal_message.html?_=1610242645049&CODE_STATE=getMsg HTTP/1.1" 200 27
172.17.200.101 - - [10/Jan/2021:09:37:31 +0800] "POST /xingrg/all/user/operate.html HTTP/1.1" 200 36
172.17.200.101 - - [10/Jan/2021:09:37:32 +0800] "GET /xingrg/javascript/jquery_easy_ui/themes/default/easyui.css HTTP/1.1" 304 -
172.17.200.101 - - [10/Jan/2021:09:37:32 +0800] "GET /xingrg/index.html?sysBaseUrl=http%3A%2F%2F172.17.0.8%3A18081%2Fxingrg%2F&costTime=41×tamp=1610242501955 HTTP/1.1" 200 17454
172.17.200.101 - - [10/Jan/2021:09:37:32 +0800] "GET /xingrg/javascript/jquery_easy_ui/themes/icon.css HTTP/1.1" 304 -
172.17.200.101 - - [10/Jan/2021:09:37:32 +0800] "GET /xingrg/css/form.css HTTP/1.1" 304 -
172.17.200.101 - - [10/Jan/2021:09:37:32 +0800] "GET /xingrg/javascript/jquery-1.4.2.min.js HTTP/1.1" 304 -
172.17.200.101 - - [10/Jan/2021:09:37:32 +0800] "GET /xingrg/javascript/jquery_easy_ui/jquery.easyui.min.js HTTP/1.1" 304 -
172.17.200.101 - - [10/Jan/2021:09:37:32 +0800] "GET /xingrg/javascript/jquery_easy_ui/easyui-lang-zh_CN.js HTTP/1.1" 304 -
172.17.200.101 - - [10/Jan/2021:09:37:32 +0800] "GET /xingrg/javascript/jquery.form.js HTTP/1.1" 304 -
172.17.200.101 - - [10/Jan/2021:09:37:32 +0800] "GET /xingrg/javascript/jquery.utils.js HTTP/1.1" 304 -
172.17.200.101 - - [10/Jan/2021:09:37:32 +0800] "GET /xingrg/javascript/jquery.timers.js HTTP/1.1" 304 -
172.17.200.101 - - [10/Jan/2021:09:37:32 +0800] "GET /xingrg/images/blue/jxLogo.png HTTP/1.1" 304 -
172.17.200.101 - - [10/Jan/2021:09:37:32 +0800] "GET /xingrg/images/blue/navBackgound.jpg HTTP/1.1" 304 -
172.17.200.101 - - [10/Jan/2021:09:37:32 +0800] "GET /xingrg/javascript/jquery_easy_ui/themes/icons/settle_new.png HTTP/1.1" 304 -
172.17.200.101 - - [10/Jan/2021:09:37:32 +0800] "POST /xingrg/all/common/load_tree.html?tree=area_rest_tree_json&manage=1 HTTP/1.1" 200 3216
172.17.200.101 - - [10/Jan/2021:09:37:32 +0800] "GET /xingrg/all/function/internal_message.html?_=1610242648019&CODE_STATE=count HTTP/1.1" 200 11
172.17.200.101 - - [10/Jan/2021:09:37:32 +0800] "GET /xingrg/check_reg.html?_=1610242648020 HTTP/1.1" 200 22
172.17.200.101 - - [10/Jan/2021:09:37:32 +0800] "GET /xingrg/images/blue/pingpu.png HTTP/1.1" 304 -
172.17.200.101 - - [10/Jan/2021:09:37:32 +0800] "GET /xingrg/javascript/jquery_easy_ui/themes/default/images/panel_tool_expand.gif HTTP/1.1" 304 -
172.17.200.101 - - [10/Jan/2021:09:37:32 +0800] "GET /xingrg/javascript/jquery_easy_ui/themes/default/images/panel_tool_collapse.gif HTTP/1.1" 304 -
172.17.200.101 - - [10/Jan/2021:09:37:32 +0800] "GET /xingrg/javascript/jquery_easy_ui/themes/default/images/tabs_leftarrow.png HTTP/1.1" 304 -
172.17.200.101 - - [10/Jan/2021:09:37:32 +0800] "GET /xingrg/javascript/jquery_easy_ui/themes/default/images/tabs_rightarrow.png HTTP/1.1" 304 -
172.17.200.101 - - [10/Jan/2021:09:37:32 +0800] "POST /xingrg/load_menu.html HTTP/1.1" 200 9924
172.17.200.101 - - [10/Jan/2021:09:37:34 +0800] "GET /xingrg/kc/buy/cgsh_order_list.html HTTP/1.1" 200 46246
180.175.150.119 - - [10/Jan/2021:09:37:34 +0800] "GET /xingrg/all/function/internal_message.html?_=1610242888427&CODE_STATE=getMsg HTTP/1.1" 200 27
172.17.200.101 - - [10/Jan/2021:09:37:37 +0800] "POST /xingrg/kc/buy/cgsh_list_operate.html HTTP/1.1" 200 5228
222.69.136.245 - - [10/Jan/2021:09:37:39 +0800] "GET /xingrg/all/function/internal_message.html?_=1610242655506&CODE_STATE=getMsg HTTP/1.1" 200 27
172.17.200.101 - - [10/Jan/2021:09:37:41 +0800] "POST /xingrg/kc/buy/cgsh_list_operate.html HTTP/1.1" 200 5327
180.156.237.57 - - [10/Jan/2021:09:37:47 +0800] "GET /favicon.ico HTTP/1.1" 404 -
180.156.237.57 - - [10/Jan/2021:09:37:48 +0800] "GET /favicon.ico HTTP/1.1" 404 -
61.165.42.208 - - [10/Jan/2021:09:37:58 +0800] "GET /xingrg/all/function/internal_message.html?_=1610242674598&CODE_STATE=getMsg HTTP/1.1" 200 27
114.88.169.67 - - [10/Jan/2021:09:38:00 +0800] "GET /xingrg/all/function/internal_message.html?_=1610242676175&CODE_STATE=getMsg HTTP/1.1" 200 27
61.165.42.208 - - [10/Jan/2021:09:38:15 +0800] "GET /xingrg/all/function/internal_message.html?_=1610242673413&CODE_STATE=getMsg HTTP/1.1" 200 27
180.156.237.57 - - [10/Jan/2021:09:38:17 +0800] "GET /xingrg/all/function/internal_message.html?_=1610242694885&CODE_STATE=getMsg HTTP/1.1" 200 27
120.253.135.82 - - [10/Jan/2021:09:38:21 +0800] "GET /xingrg/all/function/internal_message.html?_=1610242456491&CODE_STATE=getMsg HTTP/1.1" 200 27
180.175.150.119 - - [10/Jan/2021:09:38:28 +0800] "GET /xingrg/kc/buy/cgsh_order_operate.html?command=get_materiel&rest_code=00102&code=00101019412&supplier_code=00100151&order_time=2021-01-10 HTTP/1.1" 200 443
180.175.150.119 - - [10/Jan/2021:09:38:28 +0800] "GET /xingrg/check_reg.html?_=1610242942529 HTTP/1.1" 200 22
116.228.172.94 - - [10/Jan/2021:09:38:29 +0800] "GET /xingrg/all/function/internal_message.html?_=1610242705034&CODE_STATE=getMsg HTTP/1.1" 200 27
180.175.150.119 - - [10/Jan/2021:09:38:30 +0800] "POST /xingrg/all/common/load_select.html HTTP/1.1" 200 25
222.70.174.7 - - [10/Jan/2021:09:38:30 +0800] "GET /xingrg/check_reg.html?_=1610242707895 HTTP/1.1" 302 -
172.17.200.101 - - [10/Jan/2021:09:38:32 +0800] "GET /xingrg/all/function/internal_message.html?_=1610242708024&CODE_STATE=getMsg HTTP/1.1" 200 27
180.175.150.119 - - [10/Jan/2021:09:38:34 +0800] "GET /xingrg/kc/buy/cgsh_order_operate.html?command=get_materiel_price&rest_code=00102&code=00101019412&unit_code=00100067&supplier_code=00100151&order_time=2021-01-10 HTTP/1.1" 200 28
180.175.150.119 - - [10/Jan/2021:09:38:34 +0800] "GET /xingrg/all/function/internal_message.html?_=1610242948443&CODE_STATE=getMsg HTTP/1.1" 200 27
222.69.136.245 - - [10/Jan/2021:09:38:39 +0800] "GET /xingrg/all/function/internal_message.html?_=1610242715512&CODE_STATE=getMsg HTTP/1.1" 200 27
180.156.237.57 - - [10/Jan/2021:09:38:45 +0800] "POST /xingrg/all/user/operate.html HTTP/1.1" 200 36
180.156.237.57 - - [10/Jan/2021:09:38:45 +0800] "GET /xingrg/index.html?sysBaseUrl=http%3A%2F%2F180.169.147.146%3A18081%2Fxingrg%2F&costTime=42×tamp=1610238540195 HTTP/1.1" 200 17179
180.156.237.57 - - [10/Jan/2021:09:38:45 +0800] "GET /xingrg/javascript/jquery_easy_ui/themes/default/easyui.css HTTP/1.1" 304 -
180.156.237.57 - - [10/Jan/2021:09:38:45 +0800] "GET /xingrg/javascript/jquery_easy_ui/themes/icon.css HTTP/1.1" 304 -
180.156.237.57 - - [10/Jan/2021:09:38:45 +0800] "GET /xingrg/css/form.css HTTP/1.1" 304 -
180.156.237.57 - - [10/Jan/2021:09:38:45 +0800] "GET /xingrg/javascript/jquery-1.4.2.min.js HTTP/1.1" 304 -
180.156.237.57 - - [10/Jan/2021:09:38:45 +0800] "GET /xingrg/javascript/jquery_easy_ui/jquery.easyui.min.js HTTP/1.1" 304 -
180.156.237.57 - - [10/Jan/2021:09:38:45 +0800] "GET /xingrg/javascript/jquery_easy_ui/easyui-lang-zh_CN.js HTTP/1.1" 304 -
180.156.237.57 - - [10/Jan/2021:09:38:45 +0800] "GET /xingrg/javascript/jquery.form.js HTTP/1.1" 304 -
180.156.237.57 - - [10/Jan/2021:09:38:45 +0800] "GET /xingrg/javascript/jquery.utils.js HTTP/1.1" 304 -
180.156.237.57 - - [10/Jan/2021:09:38:45 +0800] "GET /xingrg/javascript/jquery.timers.js HTTP/1.1" 304 -
180.156.237.57 - - [10/Jan/2021:09:38:45 +0800] "GET /xingrg/images/blue/jxLogo.png HTTP/1.1" 304 -
180.156.237.57 - - [10/Jan/2021:09:38:45 +0800] "GET /xingrg/images/blue/navBackgound.jpg HTTP/1.1" 304 -
180.156.237.57 - - [10/Jan/2021:09:38:45 +0800] "GET /xingrg/javascript/jquery_easy_ui/themes/icons/settle_new.png HTTP/1.1" 304 -
180.156.237.57 - - [10/Jan/2021:09:38:45 +0800] "POST /xingrg/all/common/load_tree.html?tree=area_rest_tree_json&manage=1 HTTP/1.1" 200 476
180.156.237.57 - - [10/Jan/2021:09:38:45 +0800] "GET /xingrg/all/function/internal_message.html?_=1610242723302&CODE_STATE=count HTTP/1.1" 200 11
180.156.237.57 - - [10/Jan/2021:09:38:45 +0800] "GET /xingrg/check_reg.html?_=1610242723303 HTTP/1.1" 200 22
180.156.237.57 - - [10/Jan/2021:09:38:46 +0800] "GET /xingrg/javascript/jquery_easy_ui/themes/default/images/tabs_rightarrow.png HTTP/1.1" 304 -
180.156.237.57 - - [10/Jan/2021:09:38:46 +0800] "GET /xingrg/images/blue/pingpu.png HTTP/1.1" 304 -
180.156.237.57 - - [10/Jan/2021:09:38:46 +0800] "GET /xingrg/javascript/jquery_easy_ui/themes/default/images/tabs_leftarrow.png HTTP/1.1" 304 -
180.156.237.57 - - [10/Jan/2021:09:38:46 +0800] "GET /xingrg/javascript/jquery_easy_ui/themes/default/images/panel_tool_collapse.gif HTTP/1.1" 304 -
180.156.237.57 - - [10/Jan/2021:09:38:46 +0800] "POST /xingrg/load_menu.html HTTP/1.1" 200 5138
180.156.237.57 - - [10/Jan/2021:09:38:47 +0800] "GET /xingrg/kc/buy/cgsh_order_list.html HTTP/1.1" 200 46011
180.156.237.57 - - [10/Jan/2021:09:38:49 +0800] "POST /xingrg/kc/buy/cgsh_list_operate.html HTTP/1.1" 200 2052
180.175.150.119 - - [10/Jan/2021:09:38:49 +0800] "GET /xingrg/kc/buy/cgsh_order_operate.html?command=get_materiel&rest_code=00102&code=00101016038&supplier_code=00100151&order_time=2021-01-10 HTTP/1.1" 200 408
180.156.237.57 - - [10/Jan/2021:09:38:50 +0800] "GET /xingrg/kc/buy/cgsh_order_add.html HTTP/1.1" 200 61667
180.156.237.57 - - [10/Jan/2021:09:38:50 +0800] "POST /xingrg/kc/buy/cgsh_order_operate.html HTTP/1.1" 200 8245
180.156.237.57 - - [10/Jan/2021:09:38:50 +0800] "GET /xingrg/javascript/easyui/themes/default/validatebox.css HTTP/1.1" 404 1104
180.156.237.57 - - [10/Jan/2021:09:38:51 +0800] "GET /xingrg/javascript/auto/indicator.gif HTTP/1.1" 404 1066
116.228.172.94 - - [10/Jan/2021:09:38:51 +0800] "GET /xingrg/kc/buy/cgsh_order_operate.html?command=get_materiel&rest_code=00107&code=00101008364&supplier_code=00100006&order_time=2021-01-10 HTTP/1.1" 200 413
61.165.42.208 - - [10/Jan/2021:09:38:58 +0800] "GET /xingrg/all/function/internal_message.html?_=1610242734597&CODE_STATE=getMsg HTTP/1.1" 200 27
114.88.169.67 - - [10/Jan/2021:09:39:00 +0800] "GET /xingrg/all/function/internal_message.html?_=1610242736187&CODE_STATE=getMsg HTTP/1.1" 200 27
120.253.135.82 - - [10/Jan/2021:09:39:10 +0800] "GET /xingrg/check_reg.html?_=1610242505353 HTTP/1.1" 200 22
180.175.150.119 - - [10/Jan/2021:09:39:14 +0800] "GET /xingrg/kc/buy/cgsh_order_operate.html?command=get_materiel&rest_code=00102&code=00101008186&supplier_code=00100151&order_time=2021-01-10 HTTP/1.1" 200 408
61.165.42.208 - - [10/Jan/2021:09:39:15 +0800] "GET /xingrg/all/function/internal_message.html?_=1610242733417&CODE_STATE=getMsg HTTP/1.1" 200 27
116.228.172.94 - - [10/Jan/2021:09:39:17 +0800] "GET /xingrg/kc/buy/cgsh_order_operate.html?command=get_materiel&rest_code=00107&code=00101008349&supplier_code=00100006&order_time=2021-01-10 HTTP/1.1" 200 412
120.253.135.82 - - [10/Jan/2021:09:39:21 +0800] "GET /xingrg/all/function/internal_message.html?_=1610242516507&CODE_STATE=getMsg HTTP/1.1" 200 27
180.175.150.119 - - [10/Jan/2021:09:39:24 +0800] "GET /xingrg/kc/buy/cgsh_order_operate.html?command=get_materiel&rest_code=00102&code=00101012025&supplier_code=00100151&order_time=2021-01-10 HTTP/1.1" 200 412
116.228.172.94 - - [10/Jan/2021:09:39:28 +0800] "GET /xingrg/check_reg.html?_=1610242764358 HTTP/1.1" 200 22
116.228.172.94 - - [10/Jan/2021:09:39:29 +0800] "GET /xingrg/all/function/internal_message.html?_=1610242765046&CODE_STATE=getMsg HTTP/1.1" 200 27
172.17.200.101 - - [10/Jan/2021:09:39:32 +0800] "GET /xingrg/all/function/internal_message.html?_=1610242768026&CODE_STATE=getMsg HTTP/1.1" 200 27
180.175.150.119 - - [10/Jan/2021:09:39:34 +0800] "GET /xingrg/all/function/internal_message.html?_=1610243008455&CODE_STATE=getMsg HTTP/1.1" 200 27
180.175.150.119 - - [10/Jan/2021:09:39:37 +0800] "GET /xingrg/kc/buy/cgsh_order_operate.html?command=get_materiel&rest_code=00102&code=00101010092&supplier_code=00100151&order_time=2021-01-10 HTTP/1.1" 200 451
222.69.136.245 - - [10/Jan/2021:09:39:39 +0800] "GET /xingrg/all/function/internal_message.html?_=1610242775526&CODE_STATE=getMsg HTTP/1.1" 200 27
180.156.237.57 - - [10/Jan/2021:09:39:46 +0800] "GET /xingrg/all/function/internal_message.html?_=1610242783307&CODE_STATE=getMsg HTTP/1.1" 200 27
114.88.169.67 - - [10/Jan/2021:09:39:52 +0800] "GET /xingrg/kc/buy/cgsh_order_operate.html?command=get_materiel&rest_code=00111&code=00101015038&supplier_code=00100037&order_time=2021-01-10 HTTP/1.1" 200 418
61.165.42.208 - - [10/Jan/2021:09:39:58 +0800] "GET /xingrg/all/function/internal_message.html?_=1610242794597&CODE_STATE=getMsg HTTP/1.1" 200 27
116.228.172.94 - - [10/Jan/2021:09:40:00 +0800] "GET /xingrg/kc/buy/cgsh_order_operate.html?command=get_materiel&rest_code=00107&code=00101008270&supplier_code=00100006&order_time=2021-01-10 HTTP/1.1" 200 412
114.88.169.67 - - [10/Jan/2021:09:40:00 +0800] "GET /xingrg/all/function/internal_message.html?_=1610242796200&CODE_STATE=getMsg HTTP/1.1" 200 27
180.175.150.119 - - [10/Jan/2021:09:40:02 +0800] "GET /xingrg/kc/buy/cgsh_order_operate.html?command=get_materiel&rest_code=00102&code=00101008027&supplier_code=00100151&order_time=2021-01-10 HTTP/1.1" 200 409
116.228.172.94 - - [10/Jan/2021:09:40:04 +0800] "POST /xingrg/kc/buy/cgsh_order_operate.html HTTP/1.1" 200 2065
114.88.169.67 - - [10/Jan/2021:09:40:06 +0800] "GET /xingrg/kc/buy/cgsh_order_operate.html?command=get_materiel&rest_code=00111&code=00101015066&supplier_code=00100037&order_time=2021-01-10 HTTP/1.1" 200 413
116.232.50.212 - - [10/Jan/2021:09:40:15 +0800] "POST /xingrg/services/DataTransmitService HTTP/1.1" 200 524
116.232.50.212 - - [10/Jan/2021:09:40:15 +0800] "POST /xingrg/services/DataTransmitService HTTP/1.1" 200 497
61.165.42.208 - - [10/Jan/2021:09:40:15 +0800] "GET /xingrg/all/function/internal_message.html?_=1610242793414&CODE_STATE=getMsg HTTP/1.1" 200 27
114.88.169.67 - - [10/Jan/2021:09:40:16 +0800] "GET /xingrg/kc/buy/cgsh_order_operate.html?command=get_materiel&rest_code=00111&code=00101015052&supplier_code=00100037&order_time=2021-01-10 HTTP/1.1" 200 413
120.253.135.82 - - [10/Jan/2021:09:40:21 +0800] "GET /xingrg/all/function/internal_message.html?_=1610242576521&CODE_STATE=getMsg HTTP/1.1" 200 27
114.88.169.67 - - [10/Jan/2021:09:40:24 +0800] "GET /xingrg/kc/buy/cgsh_order_operate.html?command=get_materiel&rest_code=00111&code=00101015046&supplier_code=00100037&order_time=2021-01-10 HTTP/1.1" 200 412
116.228.172.94 - - [10/Jan/2021:09:40:27 +0800] "GET /xingrg/kc/buy/cgsh_order_operate.html?command=get_materiel&rest_code=00107&code=00101009030&supplier_code=00100006&order_time=2021-01-10 HTTP/1.1" 200 412
116.228.172.94 - - [10/Jan/2021:09:40:29 +0800] "GET /xingrg/all/function/internal_message.html?_=1610242825013&CODE_STATE=getMsg HTTP/1.1" 200 27
114.88.169.67 - - [10/Jan/2021:09:40:31 +0800] "GET /xingrg/kc/buy/cgsh_order_operate.html?command=get_materiel&rest_code=00111&code=00101008418&supplier_code=00100037&order_time=2021-01-10 HTTP/1.1" 200 399
172.17.200.101 - - [10/Jan/2021:09:40:32 +0800] "GET /xingrg/all/function/internal_message.html?_=1610242828028&CODE_STATE=getMsg HTTP/1.1" 200 27
180.175.150.119 - - [10/Jan/2021:09:40:34 +0800] "GET /xingrg/all/function/internal_message.html?_=1610243068468&CODE_STATE=getMsg HTTP/1.1" 200 27
222.69.136.245 - - [10/Jan/2021:09:40:39 +0800] "GET /xingrg/check_reg.html?_=1610242835522 HTTP/1.1" 200 22
222.69.136.245 - - [10/Jan/2021:09:40:39 +0800] "GET /xingrg/all/function/internal_message.html?_=1610242835528&CODE_STATE=getMsg HTTP/1.1" 200 27
114.88.169.67 - - [10/Jan/2021:09:40:42 +0800] "GET /xingrg/kc/buy/cgsh_order_operate.html?command=get_materiel&rest_code=00111&code=00101009016&supplier_code=00100037&order_time=2021-01-10 HTTP/1.1" 200 412
222.70.174.6 - - [10/Jan/2021:09:40:45 +0800] "GET /xingrg/check_reg.html?_=1610242853510 HTTP/1.1" 200 22
180.156.237.57 - - [10/Jan/2021:09:40:46 +0800] "GET /xingrg/all/function/internal_message.html?_=1610242843323&CODE_STATE=getMsg HTTP/1.1" 200 27
114.88.169.67 - - [10/Jan/2021:09:40:50 +0800] "GET /xingrg/kc/buy/cgsh_order_operate.html?command=get_materiel&rest_code=00111&code=00101009013&supplier_code=00100037&order_time=2021-01-10 HTTP/1.1" 200 422
116.228.172.94 - - [10/Jan/2021:09:40:56 +0800] "POST /xingrg/kc/buy/cgsh_order_operate.html HTTP/1.1" 200 37
61.165.42.208 - - [10/Jan/2021:09:40:58 +0800] "GET /xingrg/check_reg.html?_=1610242854598 HTTP/1.1" 200 22
61.165.42.208 - - [10/Jan/2021:09:40:58 +0800] "GET /xingrg/all/function/internal_message.html?_=1610242854596&CODE_STATE=getMsg HTTP/1.1" 200 27
116.228.172.94 - - [10/Jan/2021:09:40:59 +0800] "POST /xingrg/kc/buy/cgsh_order_operate.html HTTP/1.1" 200 54095
114.88.169.67 - - [10/Jan/2021:09:41:00 +0800] "GET /xingrg/all/function/internal_message.html?_=1610242856214&CODE_STATE=getMsg HTTP/1.1" 200 27
180.175.150.119 - - [10/Jan/2021:09:41:08 +0800] "GET /xingrg/kc/buy/cgsh_order_operate.html?command=get_materiel&rest_code=00102&code=00101010136&supplier_code=00100151&order_time=2021-01-10 HTTP/1.1" 200 408
114.88.169.67 - - [10/Jan/2021:09:41:11 +0800] "GET /xingrg/kc/buy/cgsh_order_operate.html?command=get_materiel&rest_code=00111&code=00101009112&supplier_code=00100037&order_time=2021-01-10 HTTP/1.1" 200 411
61.165.42.208 - - [10/Jan/2021:09:41:15 +0800] "GET /xingrg/all/function/internal_message.html?_=1610242853415&CODE_STATE=getMsg HTTP/1.1" 200 27
114.88.169.67 - - [10/Jan/2021:09:41:20 +0800] "GET /xingrg/kc/buy/cgsh_order_operate.html?command=get_materiel&rest_code=00111&code=00101009021&supplier_code=00100037&order_time=2021-01-10 HTTP/1.1" 200 416
120.253.135.82 - - [10/Jan/2021:09:41:21 +0800] "GET /xingrg/all/function/internal_message.html?_=1610242636594&CODE_STATE=getMsg HTTP/1.1" 200 27
180.175.150.119 - - [10/Jan/2021:09:41:28 +0800] "GET /xingrg/kc/buy/cgsh_order_operate.html?command=get_materiel&rest_code=00102&code=00101008264&supplier_code=00100151&order_time=2021-01-10 HTTP/1.1" 200 412
116.228.172.94 - - [10/Jan/2021:09:41:29 +0800] "GET /xingrg/all/function/internal_message.html?_=1610242885009&CODE_STATE=getMsg HTTP/1.1" 200 27
172.17.200.101 - - [10/Jan/2021:09:41:32 +0800] "GET /xingrg/all/function/internal_message.html?_=1610242888031&CODE_STATE=getMsg HTTP/1.1" 200 27
114.88.169.67 - - [10/Jan/2021:09:41:33 +0800] "GET /xingrg/kc/buy/cgsh_order_operate.html?command=get_materiel&rest_code=00111&code=00101007109&supplier_code=00100037&order_time=2021-01-10 HTTP/1.1" 200 408
180.175.150.119 - - [10/Jan/2021:09:41:34 +0800] "GET /xingrg/all/function/internal_message.html?_=1610243128481&CODE_STATE=getMsg HTTP/1.1" 200 27
222.69.136.245 - - [10/Jan/2021:09:41:39 +0800] "GET /xingrg/all/function/internal_message.html?_=1610242895524&CODE_STATE=getMsg HTTP/1.1" 200 27
180.175.150.119 - - [10/Jan/2021:09:41:43 +0800] "GET /xingrg/kc/buy/cgsh_order_operate.html?command=get_materiel&rest_code=00102&code=00101007125&supplier_code=00100151&order_time=2021-01-10 HTTP/1.1" 200 408
180.156.237.57 - - [10/Jan/2021:09:41:46 +0800] "GET /xingrg/all/function/internal_message.html?_=1610242903315&CODE_STATE=getMsg HTTP/1.1" 200 27
180.175.150.119 - - [10/Jan/2021:09:41:55 +0800] "GET /xingrg/kc/buy/cgsh_order_operate.html?command=get_materiel&rest_code=00102&code=00101008163&supplier_code=00100151&order_time=2021-01-10 HTTP/1.1" 200 409
61.165.42.208 - - [10/Jan/2021:09:41:58 +0800] "GET /xingrg/all/function/internal_message.html?_=1610242914596&CODE_STATE=getMsg HTTP/1.1" 200 27
114.88.169.67 - - [10/Jan/2021:09:41:59 +0800] "GET /xingrg/check_reg.html?_=1610242915575 HTTP/1.1" 200 22
114.88.169.67 - - [10/Jan/2021:09:42:00 +0800] "GET /xingrg/all/function/internal_message.html?_=1610242916228&CODE_STATE=getMsg HTTP/1.1" 200 27
172.17.0.108 - - [10/Jan/2021:09:42:03 +0800] "GET /xingrg/check_reg.html?_=1610242919037 HTTP/1.1" 302 -
61.165.42.208 - - [10/Jan/2021:09:42:15 +0800] "GET /xingrg/check_reg.html?_=1610242913413 HTTP/1.1" 200 22
61.165.42.208 - - [10/Jan/2021:09:42:15 +0800] "GET /xingrg/all/function/internal_message.html?_=1610242913414&CODE_STATE=getMsg HTTP/1.1" 200 27
120.253.135.82 - - [10/Jan/2021:09:42:21 +0800] "GET /xingrg/all/function/internal_message.html?_=1610242696595&CODE_STATE=getMsg HTTP/1.1" 200 27
116.228.172.94 - - [10/Jan/2021:09:42:29 +0800] "GET /xingrg/all/function/internal_message.html?_=1610242944971&CODE_STATE=getMsg HTTP/1.1" 200 27
172.17.200.101 - - [10/Jan/2021:09:42:32 +0800] "GET /xingrg/check_reg.html?_=1610242948032 HTTP/1.1" 200 22
172.17.200.101 - - [10/Jan/2021:09:42:32 +0800] "GET /xingrg/all/function/internal_message.html?_=1610242948036&CODE_STATE=getMsg HTTP/1.1" 200 27
180.175.150.119 - - [10/Jan/2021:09:42:34 +0800] "GET /xingrg/all/function/internal_message.html?_=1610243188554&CODE_STATE=getMsg HTTP/1.1" 200 27
180.175.150.119 - - [10/Jan/2021:09:42:35 +0800] "GET /xingrg/kc/buy/cgsh_order_operate.html?command=get_materiel&rest_code=00102&code=00101008210&supplier_code=00100151&order_time=2021-01-10 HTTP/1.1" 200 410
222.69.136.245 - - [10/Jan/2021:09:42:39 +0800] "GET /xingrg/all/function/internal_message.html?_=1610242955510&CODE_STATE=getMsg HTTP/1.1" 200 27
180.156.237.57 - - [10/Jan/2021:09:42:46 +0800] "GET /xingrg/all/function/internal_message.html?_=1610242963321&CODE_STATE=getMsg HTTP/1.1" 200 27
116.228.172.94 - - [10/Jan/2021:09:42:46 +0800] "POST /xingrg/kc/buy/cgsh_order_operate.html HTTP/1.1" 200 37
116.228.172.94 - - [10/Jan/2021:09:42:47 +0800] "POST /xingrg/kc/buy/cgsh_order_operate.html HTTP/1.1" 200 54095
116.228.172.94 - - [10/Jan/2021:09:42:50 +0800] "GET /xingrg/kc/print/load_config.html?kc_code=cgsh HTTP/1.1" 200 1845
116.228.172.94 - - [10/Jan/2021:09:42:50 +0800] "GET /xingrg/kc/print/load_data.html?order_code=212021011003946&kc_code=cgsh&condition= HTTP/1.1" 200 20101
61.165.42.208 - - [10/Jan/2021:09:42:58 +0800] "GET /xingrg/all/function/internal_message.html?_=1610242974608&CODE_STATE=getMsg HTTP/1.1" 200 27
114.88.169.67 - - [10/Jan/2021:09:43:00 +0800] "GET /xingrg/all/function/internal_message.html?_=1610242976242&CODE_STATE=getMsg HTTP/1.1" 200 27
116.228.172.94 - - [10/Jan/2021:09:43:12 +0800] "GET /xingrg/kc/buy/cgsh_order_add.html HTTP/1.1" 200 61831
116.228.172.94 - - [10/Jan/2021:09:43:14 +0800] "GET /xingrg/javascript/easyui/themes/default/validatebox.css HTTP/1.1" 404 1104
116.228.172.94 - - [10/Jan/2021:09:43:14 +0800] "POST /xingrg/kc/buy/cgsh_order_operate.html HTTP/1.1" 200 8245
61.165.42.208 - - [10/Jan/2021:09:43:15 +0800] "GET /xingrg/all/function/internal_message.html?_=1610242973412&CODE_STATE=getMsg HTTP/1.1" 200 27
116.228.172.94 - - [10/Jan/2021:09:43:16 +0800] "GET /xingrg/javascript/easyui/themes/default/tree.css HTTP/1.1" 404 1090
116.228.172.94 - - [10/Jan/2021:09:43:16 +0800] "POST /xingrg/all/common/load_tree.html?tree=supplier_tree_json&isDelete=1 HTTP/1.1" 200 54158
120.253.135.82 - - [10/Jan/2021:09:43:21 +0800] "GET /xingrg/all/function/internal_message.html?_=1610242756672&CODE_STATE=getMsg HTTP/1.1" 200 27
180.175.150.119 - - [10/Jan/2021:09:43:28 +0800] "GET /xingrg/check_reg.html?_=1610243242537 HTTP/1.1" 200 22
116.228.172.94 - - [10/Jan/2021:09:43:29 +0800] "GET /xingrg/all/function/internal_message.html?_=1610243004961&CODE_STATE=getMsg HTTP/1.1" 200 27
222.70.174.7 - - [10/Jan/2021:09:43:30 +0800] "GET /xingrg/check_reg.html?_=1610243007928 HTTP/1.1" 302 -
172.17.200.101 - - [10/Jan/2021:09:43:32 +0800] "GET /xingrg/all/function/internal_message.html?_=1610243008036&CODE_STATE=getMsg HTTP/1.1" 200 27
180.175.150.119 - - [10/Jan/2021:09:43:34 +0800] "GET /xingrg/all/function/internal_message.html?_=1610243248556&CODE_STATE=getMsg HTTP/1.1" 200 27
180.175.150.119 - - [10/Jan/2021:09:43:36 +0800] "GET /xingrg/kc/buy/cgsh_order_operate.html?command=get_materiel&rest_code=00102&code=00101008283&supplier_code=00100151&order_time=2021-01-10 HTTP/1.1" 200 409
222.69.136.245 - - [10/Jan/2021:09:43:39 +0800] "GET /xingrg/all/function/internal_message.html?_=1610243015517&CODE_STATE=getMsg HTTP/1.1" 200 27
116.228.172.94 - - [10/Jan/2021:09:43:40 +0800] "GET /xingrg/kc/buy/cgsh_order_operate.html?command=get_materiel&rest_code=00107&code=00101011010&supplier_code=00100049&order_time=2021-01-10 HTTP/1.1" 200 418
180.156.237.57 - - [10/Jan/2021:09:43:46 +0800] "GET /xingrg/check_reg.html?_=1610243023329 HTTP/1.1" 200 22
180.156.237.57 - - [10/Jan/2021:09:43:46 +0800] "GET /xingrg/all/function/internal_message.html?_=1610243023334&CODE_STATE=getMsg HTTP/1.1" 200 27
116.228.172.94 - - [10/Jan/2021:09:43:54 +0800] "GET /xingrg/kc/buy/cgsh_order_operate.html?command=get_materiel&rest_code=00107&code=00101011005&supplier_code=00100049&order_time=2021-01-10 HTTP/1.1" 200 428
61.165.42.208 - - [10/Jan/2021:09:43:58 +0800] "GET /xingrg/all/function/internal_message.html?_=1610243034606&CODE_STATE=getMsg HTTP/1.1" 200 27
114.88.169.67 - - [10/Jan/2021:09:44:00 +0800] "GET /xingrg/all/function/internal_message.html?_=1610243036324&CODE_STATE=getMsg HTTP/1.1" 200 27
114.88.169.67 - - [10/Jan/2021:09:44:07 +0800] "GET /xingrg/kc/buy/cgsh_order_operate.html?command=get_materiel&rest_code=00111&code=00101012025&supplier_code=00100037&order_time=2021-01-10 HTTP/1.1" 200 412
120.253.135.82 - - [10/Jan/2021:09:44:10 +0800] "GET /xingrg/check_reg.html?_=1610242805358 HTTP/1.1" 200 22
61.165.42.208 - - [10/Jan/2021:09:44:15 +0800] "GET /xingrg/all/function/internal_message.html?_=1610243033410&CODE_STATE=getMsg HTTP/1.1" 200 27
180.156.237.57 - - [10/Jan/2021:09:44:16 +0800] "GET /xingrg/kc/mdqp/pssh_order_list.html HTTP/1.1" 200 17847
180.156.237.57 - - [10/Jan/2021:09:44:16 +0800] "POST /xingrg/kc/mdqp/pssh_list_operate.html HTTP/1.1" 200 5361
116.228.172.94 - - [10/Jan/2021:09:44:17 +0800] "POST /xingrg/kc/buy/cgsh_order_operate.html HTTP/1.1" 200 37
114.88.169.67 - - [10/Jan/2021:09:44:18 +0800] "GET /xingrg/kc/buy/cgsh_order_operate.html?command=get_materiel&rest_code=00111&code=00101016030&supplier_code=00100037&order_time=2021-01-10 HTTP/1.1" 200 412
116.228.172.94 - - [10/Jan/2021:09:44:19 +0800] "POST /xingrg/kc/buy/cgsh_order_operate.html HTTP/1.1" 200 3257
116.228.172.94 - - [10/Jan/2021:09:44:20 +0800] "GET /xingrg/kc/print/load_data.html?order_code=212021011003953&kc_code=cgsh&condition= HTTP/1.1" 200 950
180.156.237.57 - - [10/Jan/2021:09:44:20 +0800] "POST /xingrg/kc/mdqp/pssh_list_operate.html HTTP/1.1" 200 257
120.253.135.82 - - [10/Jan/2021:09:44:21 +0800] "GET /xingrg/all/function/internal_message.html?_=1610242816684&CODE_STATE=getMsg HTTP/1.1" 200 27
180.156.237.57 - - [10/Jan/2021:09:44:22 +0800] "GET /xingrg/kc/mdqp/pssh_order_info.html?code=312021010900280 HTTP/1.1" 200 14396
180.156.237.57 - - [10/Jan/2021:09:44:22 +0800] "GET /xingrg/javascript/jquery_tools/jquery-1.4.2.min.js HTTP/1.1" 404 1094
180.156.237.57 - - [10/Jan/2021:09:44:22 +0800] "GET /xingrg/javascript/easyui/themes/default/validatebox.css HTTP/1.1" 404 1104
180.156.237.57 - - [10/Jan/2021:09:44:22 +0800] "POST /xingrg/kc/mdqp/pssh_order_operate.html HTTP/1.1" 200 527
116.228.172.94 - - [10/Jan/2021:09:44:24 +0800] "GET /xingrg/kc/buy/cgsh_order_add.html HTTP/1.1" 200 61831
116.228.172.94 - - [10/Jan/2021:09:44:26 +0800] "GET /xingrg/javascript/easyui/themes/default/validatebox.css HTTP/1.1" 404 1104
116.228.172.94 - - [10/Jan/2021:09:44:26 +0800] "POST /xingrg/kc/buy/cgsh_order_operate.html HTTP/1.1" 200 8245
116.228.172.94 - - [10/Jan/2021:09:44:26 +0800] "GET /xingrg/javascript/easyui/themes/default/tree.css HTTP/1.1" 404 1090
116.228.172.94 - - [10/Jan/2021:09:44:27 +0800] "POST /xingrg/all/common/load_tree.html?tree=supplier_tree_json&isDelete=1 HTTP/1.1" 200 54158
116.228.172.94 - - [10/Jan/2021:09:44:30 +0800] "GET /xingrg/check_reg.html?_=1610243065916 HTTP/1.1" 200 22
116.228.172.94 - - [10/Jan/2021:09:44:30 +0800] "GET /xingrg/all/function/internal_message.html?_=1610243065933&CODE_STATE=getMsg HTTP/1.1" 200 27
172.17.200.101 - - [10/Jan/2021:09:44:32 +0800] "GET /xingrg/all/function/internal_message.html?_=1610243068035&CODE_STATE=getMsg HTTP/1.1" 200 27
180.175.150.119 - - [10/Jan/2021:09:44:35 +0800] "GET /xingrg/all/function/internal_message.html?_=1610243308570&CODE_STATE=getMsg HTTP/1.1" 200 27
180.156.237.57 - - [10/Jan/2021:09:44:36 +0800] "GET /xingrg/kc/mdqp/psth_order_list1.html HTTP/1.1" 200 18073
180.156.237.57 - - [10/Jan/2021:09:44:36 +0800] "POST /xingrg/kc/mdqp/psth_list_operate.html HTTP/1.1" 200 749
114.88.169.67 - - [10/Jan/2021:09:44:36 +0800] "GET /xingrg/kc/buy/cgsh_order_operate.html?command=get_materiel&rest_code=00111&code=00101007095&supplier_code=00100037&order_time=2021-01-10 HTTP/1.1" 200 415
172.17.0.120 - - [10/Jan/2021:09:44:38 +0800] "GET /xingrg/index.html HTTP/1.1" 302 -
172.17.0.120 - - [10/Jan/2021:09:44:38 +0800] "GET /xingrg/login.html HTTP/1.1" 200 7636
172.17.0.120 - - [10/Jan/2021:09:44:38 +0800] "GET /favicon.ico HTTP/1.1" 404 -
180.156.237.57 - - [10/Jan/2021:09:44:39 +0800] "POST /xingrg/kc/mdqp/psth_list_operate.html HTTP/1.1" 200 749
222.69.136.245 - - [10/Jan/2021:09:44:39 +0800] "GET /xingrg/all/function/internal_message.html?_=1610243075518&CODE_STATE=getMsg HTTP/1.1" 200 27
116.228.172.94 - - [10/Jan/2021:09:44:44 +0800] "GET /xingrg/kc/buy/cgsh_order_operate.html?command=get_materiel&rest_code=00107&code=00101010161&supplier_code=00100041&order_time=2021-01-10 HTTP/1.1" 200 409
180.156.237.57 - - [10/Jan/2021:09:44:45 +0800] "POST /xingrg/kc/mdqp/pssh_list_operate.html HTTP/1.1" 200 2895
180.156.237.57 - - [10/Jan/2021:09:44:46 +0800] "GET /xingrg/all/function/internal_message.html?_=1610243083326&CODE_STATE=getMsg HTTP/1.1" 200 27
172.17.0.120 - - [10/Jan/2021:09:44:47 +0800] "POST /xingrg/login.do HTTP/1.1" 302 -
172.17.0.120 - - [10/Jan/2021:09:44:47 +0800] "GET /xingrg/index.html?sysBaseUrl=http%3A%2F%2F172.17.0.8%3A18081%2Fxingrg%2F&costTime=39×tamp=1610243087007 HTTP/1.1" 200 17448
172.17.0.120 - - [10/Jan/2021:09:44:47 +0800] "GET /favicon.ico HTTP/1.1" 404 -
172.17.0.120 - - [10/Jan/2021:09:44:47 +0800] "POST /xingrg/all/common/load_tree.html?tree=area_rest_tree_json&manage=1 HTTP/1.1" 200 3344
172.17.0.120 - - [10/Jan/2021:09:44:47 +0800] "GET /xingrg/all/function/internal_message.html?_=1610243118593&CODE_STATE=count HTTP/1.1" 200 11
172.17.0.120 - - [10/Jan/2021:09:44:47 +0800] "GET /xingrg/check_reg.html?_=1610243118594 HTTP/1.1" 200 22
172.17.0.120 - - [10/Jan/2021:09:44:47 +0800] "POST /xingrg/load_menu.html HTTP/1.1" 200 11408
180.175.150.119 - - [10/Jan/2021:09:44:53 +0800] "GET /xingrg/kc/buy/cgsh_order_operate.html?command=get_materiel&rest_code=00102&code=00101008155&supplier_code=00100151&order_time=2021-01-10 HTTP/1.1" 200 410
114.88.169.67 - - [10/Jan/2021:09:44:53 +0800] "GET /xingrg/kc/buy/cgsh_order_operate.html?command=get_materiel&rest_code=00111&code=00101012010&supplier_code=00100037&order_time=2021-01-10 HTTP/1.1" 200 409
172.17.0.120 - - [10/Jan/2021:09:44:56 +0800] "POST /xingrg/all/user/operate.html HTTP/1.1" 200 36
172.17.0.120 - - [10/Jan/2021:09:44:56 +0800] "GET /xingrg/index.html?sysBaseUrl=http%3A%2F%2F172.17.0.8%3A18081%2Fxingrg%2F&costTime=39×tamp=1610243087007 HTTP/1.1" 200 17454
172.17.0.120 - - [10/Jan/2021:09:44:56 +0800] "GET /xingrg/javascript/jquery_easy_ui/themes/default/easyui.css HTTP/1.1" 304 -
172.17.0.120 - - [10/Jan/2021:09:44:56 +0800] "GET /xingrg/javascript/jquery_easy_ui/themes/icon.css HTTP/1.1" 304 -
172.17.0.120 - - [10/Jan/2021:09:44:56 +0800] "GET /xingrg/css/form.css HTTP/1.1" 304 -
172.17.0.120 - - [10/Jan/2021:09:44:56 +0800] "GET /xingrg/javascript/jquery-1.4.2.min.js HTTP/1.1" 304 -
172.17.0.120 - - [10/Jan/2021:09:44:56 +0800] "GET /xingrg/javascript/jquery_easy_ui/jquery.easyui.min.js HTTP/1.1" 304 -
172.17.0.120 - - [10/Jan/2021:09:44:56 +0800] "GET /xingrg/javascript/jquery_easy_ui/easyui-lang-zh_CN.js HTTP/1.1" 304 -
172.17.0.120 - - [10/Jan/2021:09:44:56 +0800] "GET /xingrg/javascript/jquery.form.js HTTP/1.1" 304 -
172.17.0.120 - - [10/Jan/2021:09:44:56 +0800] "GET /xingrg/javascript/jquery.utils.js HTTP/1.1" 304 -
172.17.0.120 - - [10/Jan/2021:09:44:56 +0800] "GET /xingrg/javascript/jquery.timers.js HTTP/1.1" 304 -
172.17.0.120 - - [10/Jan/2021:09:44:56 +0800] "GET /xingrg/images/blue/jxLogo.png HTTP/1.1" 304 -
172.17.0.120 - - [10/Jan/2021:09:44:56 +0800] "GET /xingrg/images/blue/navBackgound.jpg HTTP/1.1" 304 -
172.17.0.120 - - [10/Jan/2021:09:44:56 +0800] "GET /xingrg/javascript/jquery_easy_ui/themes/icons/settle_new.png HTTP/1.1" 304 -
172.17.0.120 - - [10/Jan/2021:09:44:56 +0800] "POST /xingrg/all/common/load_tree.html?tree=area_rest_tree_json&manage=1 HTTP/1.1" 200 3344
172.17.0.120 - - [10/Jan/2021:09:44:56 +0800] "GET /xingrg/all/function/internal_message.html?_=1610243128150&CODE_STATE=count HTTP/1.1" 200 11
172.17.0.120 - - [10/Jan/2021:09:44:56 +0800] "GET /xingrg/check_reg.html?_=1610243128151 HTTP/1.1" 200 22
172.17.0.120 - - [10/Jan/2021:09:44:56 +0800] "GET /xingrg/javascript/jquery_easy_ui/themes/default/images/tabs_rightarrow.png HTTP/1.1" 304 -
172.17.0.120 - - [10/Jan/2021:09:44:56 +0800] "GET /xingrg/javascript/jquery_easy_ui/themes/default/images/tabs_leftarrow.png HTTP/1.1" 304 -
172.17.0.120 - - [10/Jan/2021:09:44:56 +0800] "GET /xingrg/javascript/jquery_easy_ui/themes/default/images/panel_tool_expand.gif HTTP/1.1" 304 -
172.17.0.120 - - [10/Jan/2021:09:44:56 +0800] "GET /xingrg/javascript/jquery_easy_ui/themes/default/images/panel_tool_collapse.gif HTTP/1.1" 304 -
172.17.0.120 - - [10/Jan/2021:09:44:56 +0800] "GET /xingrg/images/blue/pingpu.png HTTP/1.1" 304 -
172.17.0.120 - - [10/Jan/2021:09:44:56 +0800] "POST /xingrg/load_menu.html HTTP/1.1" 200 9924
172.17.0.120 - - [10/Jan/2021:09:44:58 +0800] "GET /xingrg/kc/buy/buy_main.html HTTP/1.1" 200 12377
172.17.0.120 - - [10/Jan/2021:09:44:58 +0800] "GET /xingrg/css/new_ie.css HTTP/1.1" 404 1036
172.17.0.120 - - [10/Jan/2021:09:44:58 +0800] "GET /xingrg/images/yd/bt.gif HTTP/1.1" 404 1040
61.165.42.208 - - [10/Jan/2021:09:44:58 +0800] "GET /xingrg/all/function/internal_message.html?_=1610243094632&CODE_STATE=getMsg HTTP/1.1" 200 27
116.228.172.94 - - [10/Jan/2021:09:44:59 +0800] "GET /xingrg/kc/buy/cgsh_order_operate.html?command=get_materiel&rest_code=00107&code=00101005037&supplier_code=00100041&order_time=2021-01-10 HTTP/1.1" 200 409
172.17.0.120 - - [10/Jan/2021:09:44:59 +0800] "GET /xingrg/kc/buy/cgsh_order_list.html HTTP/1.1" 200 46246
114.88.169.67 - - [10/Jan/2021:09:45:00 +0800] "GET /xingrg/all/function/internal_message.html?_=1610243096331&CODE_STATE=getMsg HTTP/1.1" 200 27
172.17.0.120 - - [10/Jan/2021:09:45:00 +0800] "POST /xingrg/kc/buy/cgsh_list_operate.html HTTP/1.1" 200 876
172.17.0.120 - - [10/Jan/2021:09:45:02 +0800] "GET /xingrg/javascript/jquery_tools/images/prev.gif HTTP/1.1" 404 1086
172.17.0.120 - - [10/Jan/2021:09:45:02 +0800] "GET /xingrg/javascript/jquery_tools/images/next.gif HTTP/1.1" 404 1086
180.175.150.119 - - [10/Jan/2021:09:45:07 +0800] "GET /xingrg/kc/buy/cgsh_order_operate.html?command=get_materiel&rest_code=00102&code=00101008352&supplier_code=00100151&order_time=2021-01-10 HTTP/1.1" 200 412
172.17.0.120 - - [10/Jan/2021:09:45:07 +0800] "POST /xingrg/kc/buy/cgsh_list_operate.html HTTP/1.1" 200 5524
114.88.169.67 - - [10/Jan/2021:09:45:10 +0800] "GET /xingrg/kc/buy/cgsh_order_operate.html?command=get_materiel&rest_code=00111&code=00101010314&supplier_code=00100037&order_time=2021-01-10 HTTP/1.1" 200 413
116.228.172.94 - - [10/Jan/2021:09:45:11 +0800] "GET /xingrg/kc/buy/cgsh_order_operate.html?command=get_materiel&rest_code=00107&code=00101005036&supplier_code=00100041&order_time=2021-01-10 HTTP/1.1" 200 409
172.17.0.120 - - [10/Jan/2021:09:45:11 +0800] "POST /xingrg/kc/buy/cgsh_list_operate.html HTTP/1.1" 200 5674
172.17.0.120 - - [10/Jan/2021:09:45:14 +0800] "POST /xingrg/kc/buy/cgsh_list_operate.html HTTP/1.1" 200 5611
61.165.42.208 - - [10/Jan/2021:09:45:15 +0800] "GET /xingrg/all/function/internal_message.html?_=1610243093408&CODE_STATE=getMsg HTTP/1.1" 200 27
172.17.0.120 - - [10/Jan/2021:09:45:18 +0800] "POST /xingrg/kc/buy/cgsh_list_operate.html HTTP/1.1" 200 2006
180.175.150.119 - - [10/Jan/2021:09:45:19 +0800] "GET /xingrg/kc/buy/cgsh_order_operate.html?command=get_materiel&rest_code=00102&code=00101008182&supplier_code=00100151&order_time=2021-01-10 HTTP/1.1" 200 412
172.17.0.120 - - [10/Jan/2021:09:45:21 +0800] "POST /xingrg/kc/buy/cgsh_list_operate.html HTTP/1.1" 200 5611
120.253.135.82 - - [10/Jan/2021:09:45:21 +0800] "GET /xingrg/all/function/internal_message.html?_=1610242876698&CODE_STATE=getMsg HTTP/1.1" 200 27
114.88.169.67 - - [10/Jan/2021:09:45:24 +0800] "GET /xingrg/kc/buy/cgsh_order_operate.html?command=get_materiel&rest_code=00111&code=00101011010&supplier_code=00100037&order_time=2021-01-10 HTTP/1.1" 200 418
172.17.0.120 - - [10/Jan/2021:09:45:25 +0800] "POST /xingrg/kc/buy/cgsh_list_operate.html HTTP/1.1" 200 5674
172.17.0.120 - - [10/Jan/2021:09:45:28 +0800] "POST /xingrg/kc/buy/cgsh_list_operate.html HTTP/1.1" 200 5524
116.228.172.94 - - [10/Jan/2021:09:45:30 +0800] "GET /xingrg/all/function/internal_message.html?_=1610243125991&CODE_STATE=getMsg HTTP/1.1" 200 27
172.17.200.101 - - [10/Jan/2021:09:45:32 +0800] "GET /xingrg/all/function/internal_message.html?_=1610243128037&CODE_STATE=getMsg HTTP/1.1" 200 27
172.17.0.120 - - [10/Jan/2021:09:45:32 +0800] "GET /xingrg/javascript/auto/indicator.gif HTTP/1.1" 404 1066
116.228.172.94 - - [10/Jan/2021:09:45:34 +0800] "POST /xingrg/kc/buy/cgsh_order_operate.html HTTP/1.1" 200 37
180.175.150.119 - - [10/Jan/2021:09:45:35 +0800] "GET /xingrg/all/function/internal_message.html?_=1610243368802&CODE_STATE=getMsg HTTP/1.1" 200 27
180.175.150.119 - - [10/Jan/2021:09:45:35 +0800] "GET /xingrg/kc/buy/cgsh_order_operate.html?command=get_materiel&rest_code=00102&code=00101008357&supplier_code=00100151&order_time=2021-01-10 HTTP/1.1" 200 408
116.228.172.94 - - [10/Jan/2021:09:45:36 +0800] "POST /xingrg/kc/buy/cgsh_order_operate.html HTTP/1.1" 200 4418
172.17.0.120 - - [10/Jan/2021:09:45:37 +0800] "POST /xingrg/kc/buy/cgsh_list_operate.html HTTP/1.1" 200 1705
172.17.0.120 - - [10/Jan/2021:09:45:39 +0800] "POST /xingrg/kc/buy/cgsh_list_operate.html HTTP/1.1" 200 594
222.69.136.245 - - [10/Jan/2021:09:45:39 +0800] "GET /xingrg/check_reg.html?_=1610243135531 HTTP/1.1" 200 22
222.69.136.245 - - [10/Jan/2021:09:45:39 +0800] "GET /xingrg/all/function/internal_message.html?_=1610243135527&CODE_STATE=getMsg HTTP/1.1" 200 27
114.88.169.67 - - [10/Jan/2021:09:45:41 +0800] "GET /xingrg/kc/buy/cgsh_order_operate.html?command=get_materiel&rest_code=00111&code=00101016105&supplier_code=00100037&order_time=2021-01-10 HTTP/1.1" 200 409
172.17.0.120 - - [10/Jan/2021:09:45:41 +0800] "POST /xingrg/kc/buy/cgsh_list_operate.html HTTP/1.1" 200 4
172.17.0.120 - - [10/Jan/2021:09:45:44 +0800] "POST /xingrg/kc/buy/cgsh_list_operate.html HTTP/1.1" 200 1680
114.88.169.67 - - [10/Jan/2021:09:45:45 +0800] "POST /xingrg/kc/buy/cgsh_order_operate.html HTTP/1.1" 200 2065
222.70.174.6 - - [10/Jan/2021:09:45:45 +0800] "GET /xingrg/check_reg.html?_=1610243153519 HTTP/1.1" 200 22
180.156.237.57 - - [10/Jan/2021:09:45:46 +0800] "GET /xingrg/all/function/internal_message.html?_=1610243143341&CODE_STATE=getMsg HTTP/1.1" 200 27
172.17.0.120 - - [10/Jan/2021:09:45:56 +0800] "GET /xingrg/all/function/internal_message.html?_=1610243188163&CODE_STATE=getMsg HTTP/1.1" 200 27
61.165.42.208 - - [10/Jan/2021:09:45:58 +0800] "GET /xingrg/check_reg.html?_=1610243154625 HTTP/1.1" 200 22
61.165.42.208 - - [10/Jan/2021:09:45:58 +0800] "GET /xingrg/all/function/internal_message.html?_=1610243154628&CODE_STATE=getMsg HTTP/1.1" 200 27
180.175.150.119 - - [10/Jan/2021:09:45:58 +0800] "GET /xingrg/kc/buy/cgsh_order_operate.html?command=get_materiel&rest_code=00102&code=00101009109&supplier_code=00100151&order_time=2021-01-10 HTTP/1.1" 200 399
114.88.169.67 - - [10/Jan/2021:09:46:00 +0800] "GET /xingrg/kc/buy/cgsh_order_operate.html?command=get_materiel&rest_code=00111&code=00101016025&supplier_code=00100037&order_time=2021-01-10 HTTP/1.1" 200 408
114.88.169.67 - - [10/Jan/2021:09:46:00 +0800] "GET /xingrg/all/function/internal_message.html?_=1610243156344&CODE_STATE=getMsg HTTP/1.1" 200 27
116.228.172.94 - - [10/Jan/2021:09:46:09 +0800] "POST /xingrg/kc/buy/cgsh_order_operate.html HTTP/1.1" 200 37
116.228.172.94 - - [10/Jan/2021:09:46:10 +0800] "POST /xingrg/kc/buy/cgsh_order_operate.html HTTP/1.1" 200 4418
116.228.172.94 - - [10/Jan/2021:09:46:12 +0800] "GET /xingrg/kc/print/load_data.html?order_code=212021011003954&kc_code=cgsh&condition= HTTP/1.1" 200 1341
61.165.42.208 - - [10/Jan/2021:09:46:15 +0800] "GET /xingrg/all/function/internal_message.html?_=1610243153406&CODE_STATE=getMsg HTTP/1.1" 200 27
180.175.150.119 - - [10/Jan/2021:09:46:17 +0800] "GET /xingrg/kc/buy/cgsh_order_operate.html?command=get_materiel&rest_code=00102&code=00101009010&supplier_code=00100151&order_time=2021-01-10 HTTP/1.1" 200 412
180.175.150.119 - - [10/Jan/2021:09:46:21 +0800] "POST /xingrg/kc/buy/cgsh_order_operate.html HTTP/1.1" 200 2065
120.253.135.82 - - [10/Jan/2021:09:46:22 +0800] "GET /xingrg/all/function/internal_message.html?_=1610242936788&CODE_STATE=getMsg HTTP/1.1" 200 27
116.228.172.94 - - [10/Jan/2021:09:46:24 +0800] "GET /xingrg/kc/buy/cgsh_order_add.html HTTP/1.1" 200 61831
116.228.172.94 - - [10/Jan/2021:09:46:25 +0800] "POST /xingrg/kc/buy/cgsh_order_operate.html HTTP/1.1" 200 8245
116.228.172.94 - - [10/Jan/2021:09:46:25 +0800] "GET /xingrg/javascript/easyui/themes/default/validatebox.css HTTP/1.1" 404 1104
180.175.150.119 - - [10/Jan/2021:09:46:25 +0800] "POST /xingrg/kc/buy/cgsh_order_operate.html HTTP/1.1" 200 37
116.228.172.94 - - [10/Jan/2021:09:46:26 +0800] "GET /xingrg/javascript/easyui/themes/default/tree.css HTTP/1.1" 404 1090
116.228.172.94 - - [10/Jan/2021:09:46:26 +0800] "POST /xingrg/all/common/load_tree.html?tree=supplier_tree_json&isDelete=1 HTTP/1.1" 200 54158
116.228.172.94 - - [10/Jan/2021:09:46:30 +0800] "GET /xingrg/all/function/internal_message.html?_=1610243185977&CODE_STATE=getMsg HTTP/1.1" 200 27
172.17.200.101 - - [10/Jan/2021:09:46:32 +0800] "GET /xingrg/all/function/internal_message.html?_=1610243188030&CODE_STATE=getMsg HTTP/1.1" 200 27
180.175.150.119 - - [10/Jan/2021:09:46:34 +0800] "POST /xingrg/kc/buy/cgsh_order_operate.html HTTP/1.1" 200 13332
180.175.150.119 - - [10/Jan/2021:09:46:35 +0800] "GET /xingrg/all/function/internal_message.html?_=1610243429401&CODE_STATE=getMsg HTTP/1.1" 200 27
222.69.136.245 - - [10/Jan/2021:09:46:39 +0800] "GET /xingrg/all/function/internal_message.html?_=1610243195533&CODE_STATE=getMsg HTTP/1.1" 200 27
116.228.172.94 - - [10/Jan/2021:09:46:43 +0800] "GET /xingrg/kc/buy/cgsh_order_operate.html?command=get_materiel&rest_code=00107&code=00101006065&supplier_code=00100010&order_time=2021-01-10 HTTP/1.1" 200 409
180.156.237.57 - - [10/Jan/2021:09:46:46 +0800] "GET /xingrg/all/function/internal_message.html?_=1610243203341&CODE_STATE=getMsg HTTP/1.1" 200 27
114.88.169.67 - - [10/Jan/2021:09:46:51 +0800] "GET /xingrg/kc/buy/cgsh_order_operate.html?command=get_materiel&rest_code=00111&code=00101008257&supplier_code=00100037&order_time=2021-01-10 HTTP/1.1" 200 416
172.17.0.120 - - [10/Jan/2021:09:46:56 +0800] "GET /xingrg/all/function/internal_message.html?_=1610243248163&CODE_STATE=getMsg HTTP/1.1" 200 27
61.165.42.208 - - [10/Jan/2021:09:46:58 +0800] "GET /xingrg/all/function/internal_message.html?_=1610243214633&CODE_STATE=getMsg HTTP/1.1" 200 27
114.88.169.67 - - [10/Jan/2021:09:46:59 +0800] "GET /xingrg/check_reg.html?_=1610243215577 HTTP/1.1" 200 22
