120.253.135.82 - - [10/Jan/2021:11:26:23 +0800] "GET /xingrg/all/function/internal_message.html?_=1610248938306&CODE_STATE=getMsg HTTP/1.1" 200 27
180.175.150.119 - - [10/Jan/2021:11:26:23 +0800] "GET /xingrg/kc/buy/cgsh_order_operate.html?command=get_materiel&rest_code=00102&code=00102005326&supplier_code=00100076&order_time=2021-01-10 HTTP/1.1" 200 414
117.131.5.26 - - [10/Jan/2021:11:26:25 +0800] "POST /xingrg/services/DataTransmitService HTTP/1.1" 200 524
120.253.135.82 - - [10/Jan/2021:11:26:25 +0800] "GET /xingrg/check_reg.html?_=1610249291046 HTTP/1.1" 200 22
117.185.32.26 - - [10/Jan/2021:11:26:25 +0800] "GET /xingrg/kc/buy/cgsh_order_operate.html?command=get_materiel&rest_code=00106&code=00101005037&supplier_code=00100007&order_time=2021-01-10 HTTP/1.1" 200 409
120.253.135.82 - - [10/Jan/2021:11:26:25 +0800] "GET /xingrg/all/function/internal_message.html?_=1610249291115&CODE_STATE=getMsg HTTP/1.1" 200 27
117.131.5.26 - - [10/Jan/2021:11:26:25 +0800] "POST /xingrg/services/DataTransmitService HTTP/1.1" 200 2099
180.156.237.57 - - [10/Jan/2021:11:26:25 +0800] "GET /xingrg/kc/buy/cgsh_order_operate.html?command=get_materiel&rest_code=00150&code=00101003041&supplier_code=00100088&order_time=2021-01-10 HTTP/1.1" 200 416
172.17.0.120 - - [10/Jan/2021:11:26:25 +0800] "GET /xingrg/all/function/internal_message.html?_=1610249181576&CODE_STATE=getMsg HTTP/1.1" 200 27
172.17.0.240 - - [10/Jan/2021:11:26:26 +0800] "GET /xingrg/all/function/internal_message.html?_=1610249181636&CODE_STATE=getMsg HTTP/1.1" 200 27
172.17.0.100 - - [10/Jan/2021:11:26:27 +0800] "GET /xingrg/all/function/internal_message.html?_=1610249183788&CODE_STATE=getMsg HTTP/1.1" 200 27
117.184.7.26 - - [10/Jan/2021:11:26:29 +0800] "GET /xingrg/all/function/internal_message.html?_=1610249185293&CODE_STATE=getMsg HTTP/1.1" 200 27
117.185.32.26 - - [10/Jan/2021:11:26:29 +0800] "POST /xingrg/kc/buy/cgsh_order_operate.html HTTP/1.1" 200 2065
116.228.172.94 - - [10/Jan/2021:11:26:30 +0800] "GET /xingrg/all/function/internal_message.html?_=1610249186196&CODE_STATE=getMsg HTTP/1.1" 200 27
222.69.136.245 - - [10/Jan/2021:11:26:31 +0800] "GET /xingrg/all/function/internal_message.html?_=1610249187841&CODE_STATE=getMsg HTTP/1.1" 200 27
222.70.174.6 - - [10/Jan/2021:11:26:32 +0800] "GET /xingrg/kc/buy/cgsh_order_add.html HTTP/1.1" 200 61749
222.70.174.6 - - [10/Jan/2021:11:26:32 +0800] "POST /xingrg/kc/buy/cgsh_order_operate.html HTTP/1.1" 200 8245
222.70.174.6 - - [10/Jan/2021:11:26:32 +0800] "GET /xingrg/javascript/easyui/themes/default/validatebox.css HTTP/1.1" 404 1104
101.91.62.89 - - [10/Jan/2021:11:26:32 +0800] "GET /xingrg/all/function/internal_message.html?_=1610248708600&CODE_STATE=getMsg HTTP/1.1" 302 -
180.175.150.119 - - [10/Jan/2021:11:26:34 +0800] "GET /xingrg/check_reg.html?_=1610249428800 HTTP/1.1" 200 22
180.175.150.119 - - [10/Jan/2021:11:26:34 +0800] "GET /xingrg/all/function/internal_message.html?_=1610249428866&CODE_STATE=getMsg HTTP/1.1" 200 27
117.185.32.26 - - [10/Jan/2021:11:26:35 +0800] "GET /xingrg/kc/buy/cgsh_order_operate.html?command=get_materiel&rest_code=00106&code=00101008085&supplier_code=00100007&order_time=2021-01-10 HTTP/1.1" 200 412
180.175.150.119 - - [10/Jan/2021:11:26:37 +0800] "GET /xingrg/all/function/internal_message.html?_=1610249195210&CODE_STATE=getMsg HTTP/1.1" 200 27
180.175.150.119 - - [10/Jan/2021:11:26:37 +0800] "POST /xingrg/kc/buy/cgsh_order_operate.html HTTP/1.1" 200 37
172.17.200.101 - - [10/Jan/2021:11:26:37 +0800] "GET /xingrg/all/function/internal_message.html?_=1610249193704&CODE_STATE=getMsg HTTP/1.1" 200 27
180.175.150.119 - - [10/Jan/2021:11:26:39 +0800] "POST /xingrg/kc/buy/cgsh_order_operate.html HTTP/1.1" 200 12
180.175.150.119 - - [10/Jan/2021:11:26:40 +0800] "GET /xingrg/kc/buy/cgsh_order_info.html?code=212021011004126 HTTP/1.1" 200 56604
180.156.237.57 - - [10/Jan/2021:11:26:41 +0800] "POST /xingrg/kc/buy/cgsh_order_operate.html HTTP/1.1" 200 37
180.175.150.119 - - [10/Jan/2021:11:26:42 +0800] "GET /xingrg/javascript/easyui/themes/default/validatebox.css HTTP/1.1" 404 1104
180.175.150.119 - - [10/Jan/2021:11:26:42 +0800] "POST /xingrg/kc/buy/cgsh_order_operate.html HTTP/1.1" 200 1807
101.91.62.89 - - [10/Jan/2021:11:26:42 +0800] "GET /xingrg/login.html HTTP/1.1" 200 7641
180.175.150.119 - - [10/Jan/2021:11:26:43 +0800] "GET /xingrg/kc/print/load_data.html?order_code=212021011004126&kc_code=cgsh&condition= HTTP/1.1" 200 1204
180.156.237.57 - - [10/Jan/2021:11:26:44 +0800] "POST /xingrg/kc/buy/cgsh_order_operate.html HTTP/1.1" 200 12
180.156.237.57 - - [10/Jan/2021:11:26:46 +0800] "GET /xingrg/kc/buy/cgsh_order_info.html?code=212021011004127 HTTP/1.1" 200 56571
180.156.237.57 - - [10/Jan/2021:11:26:46 +0800] "GET /xingrg/javascript/easyui/themes/default/validatebox.css HTTP/1.1" 404 1104
180.156.237.57 - - [10/Jan/2021:11:26:46 +0800] "POST /xingrg/kc/buy/cgsh_order_operate.html HTTP/1.1" 200 1814
180.156.237.57 - - [10/Jan/2021:11:26:48 +0800] "GET /xingrg/kc/print/load_data.html?order_code=212021011004127&kc_code=cgsh&condition= HTTP/1.1" 200 1254
180.175.150.119 - - [10/Jan/2021:11:26:51 +0800] "GET /xingrg/kc/buy/cgsh_order_add.html HTTP/1.1" 200 61708
114.88.169.67 - - [10/Jan/2021:11:26:51 +0800] "GET /xingrg/all/function/internal_message.html?_=1610249206771&CODE_STATE=getMsg HTTP/1.1" 200 27
117.185.32.26 - - [10/Jan/2021:11:26:51 +0800] "GET /xingrg/kc/buy/cgsh_order_operate.html?command=get_materiel&rest_code=00106&code=00101008298&supplier_code=00100007&order_time=2021-01-10 HTTP/1.1" 200 413
114.88.169.67 - - [10/Jan/2021:11:26:52 +0800] "GET /xingrg/all/function/internal_message.html?_=1610249200442&CODE_STATE=getMsg HTTP/1.1" 200 27
172.17.0.123 - - [10/Jan/2021:11:26:53 +0800] "GET /xingrg/all/function/internal_message.html?_=1610249111409&CODE_STATE=getMsg HTTP/1.1" 200 27
180.156.237.57 - - [10/Jan/2021:11:26:53 +0800] "GET /xingrg/kc/buy/cgsh_order_add.html HTTP/1.1" 200 61667
180.175.150.119 - - [10/Jan/2021:11:26:53 +0800] "POST /xingrg/kc/buy/cgsh_order_operate.html HTTP/1.1" 200 8245
180.156.237.57 - - [10/Jan/2021:11:26:53 +0800] "POST /xingrg/kc/buy/cgsh_order_operate.html HTTP/1.1" 200 8245
180.156.237.57 - - [10/Jan/2021:11:26:53 +0800] "GET /xingrg/javascript/easyui/themes/default/validatebox.css HTTP/1.1" 404 1104
180.175.150.119 - - [10/Jan/2021:11:26:54 +0800] "GET /xingrg/javascript/easyui/themes/default/validatebox.css HTTP/1.1" 404 1104
117.131.5.26 - - [10/Jan/2021:11:26:54 +0800] "GET /xingrg/all/function/internal_message.html?_=1610249260297&CODE_STATE=getMsg HTTP/1.1" 200 27
61.165.42.208 - - [10/Jan/2021:11:26:58 +0800] "GET /xingrg/all/function/internal_message.html?_=1610249214164&CODE_STATE=getMsg HTTP/1.1" 200 27
222.70.174.6 - - [10/Jan/2021:11:26:58 +0800] "GET /xingrg/check_reg.html?_=1610249226772 HTTP/1.1" 200 22
222.70.174.6 - - [10/Jan/2021:11:26:58 +0800] "GET /xingrg/all/function/internal_message.html?_=1610249227145&CODE_STATE=getMsg HTTP/1.1" 200 27
117.185.32.26 - - [10/Jan/2021:11:27:00 +0800] "GET /xingrg/kc/buy/cgsh_order_operate.html?command=get_materiel&rest_code=00106&code=00101008350&supplier_code=00100007&order_time=2021-01-10 HTTP/1.1" 200 408
172.17.0.108 - - [10/Jan/2021:11:27:02 +0800] "GET /xingrg/check_reg.html?_=1610249218623 HTTP/1.1" 302 -
222.70.174.6 - - [10/Jan/2021:11:27:03 +0800] "GET /xingrg/kc/buy/cgsh_order_operate.html?command=get_materiel&rest_code=00146&code=00101011010&supplier_code=00100049&order_time=2021-01-10 HTTP/1.1" 200 418
222.69.133.109 - - [10/Jan/2021:11:27:04 +0800] "GET /xingrg/all/function/internal_message.html?_=1610249221803&CODE_STATE=getMsg HTTP/1.1" 200 27
58.37.230.33 - - [10/Jan/2021:11:27:04 +0800] "GET /xingrg/check_reg.html?_=1610249248627 HTTP/1.1" 200 22
58.37.230.33 - - [10/Jan/2021:11:27:04 +0800] "GET /xingrg/all/function/internal_message.html?_=1610249248628&CODE_STATE=getMsg HTTP/1.1" 200 27
180.156.237.57 - - [10/Jan/2021:11:27:05 +0800] "GET /xingrg/all/function/internal_message.html?_=1610249222479&CODE_STATE=getMsg HTTP/1.1" 200 27
61.165.42.208 - - [10/Jan/2021:11:27:07 +0800] "GET /xingrg/kc/base/wldb_order_operate.html?command=get_materiel&rest_code=00105&base_code=0010508&code=00102002315 HTTP/1.1" 200 447
180.156.237.57 - - [10/Jan/2021:11:27:10 +0800] "GET /xingrg/kc/buy/cgsh_order_operate.html?command=get_materiel&rest_code=00150&code=00101004034&supplier_code=00100085&order_time=2021-01-10 HTTP/1.1" 200 416
101.85.52.2 - - [10/Jan/2021:11:27:13 +0800] "GET /xingrg/all/function/internal_message.html?_=1610249214179&CODE_STATE=getMsg HTTP/1.1" 200 27
117.185.32.26 - - [10/Jan/2021:11:27:13 +0800] "POST /xingrg/kc/buy/cgsh_order_operate.html HTTP/1.1" 200 37
117.185.32.26 - - [10/Jan/2021:11:27:14 +0800] "POST /xingrg/kc/buy/cgsh_order_operate.html HTTP/1.1" 200 2065
117.185.32.26 - - [10/Jan/2021:11:27:15 +0800] "POST /xingrg/kc/buy/cgsh_order_operate.html HTTP/1.1" 200 12
117.185.32.26 - - [10/Jan/2021:11:27:16 +0800] "GET /xingrg/all/function/internal_message.html?_=1610249226555&CODE_STATE=getMsg HTTP/1.1" 200 27
117.185.32.26 - - [10/Jan/2021:11:27:17 +0800] "GET /xingrg/kc/buy/cgsh_order_info.html?code=212021011004128 HTTP/1.1" 200 56649
117.185.32.26 - - [10/Jan/2021:11:27:17 +0800] "GET /xingrg/javascript/easyui/themes/default/validatebox.css HTTP/1.1" 404 1104
117.185.32.26 - - [10/Jan/2021:11:27:17 +0800] "POST /xingrg/kc/buy/cgsh_order_operate.html HTTP/1.1" 200 5356
172.17.0.103 - - [10/Jan/2021:11:27:18 +0800] "GET /xingrg/all/function/internal_message.html?_=1610249233797&CODE_STATE=getMsg HTTP/1.1" 200 27
180.175.150.119 - - [10/Jan/2021:11:27:18 +0800] "GET /xingrg/kc/buy/cgsh_order_operate.html?command=get_materiel&rest_code=00102&code=00102010773&supplier_code=00100151&order_time=2021-01-10 HTTP/1.1" 200 412
114.86.226.161 - - [10/Jan/2021:11:27:18 +0800] "GET /xingrg/all/function/internal_message.html?_=1610249301110&CODE_STATE=getMsg HTTP/1.1" 200 27
222.70.174.6 - - [10/Jan/2021:11:27:19 +0800] "POST /xingrg/kc/buy/cgsh_order_operate.html HTTP/1.1" 200 37
61.165.42.208 - - [10/Jan/2021:11:27:19 +0800] "GET /xingrg/kc/base/wldb_order_operate.html?command=get_materiel&rest_code=00105&base_code=0010508&code=00102004006 HTTP/1.1" 200 442
117.185.32.26 - - [10/Jan/2021:11:27:20 +0800] "GET /xingrg/kc/print/load_data.html?order_code=212021011004128&kc_code=cgsh&condition= HTTP/1.1" 200 2514
222.70.174.6 - - [10/Jan/2021:11:27:21 +0800] "POST /xingrg/kc/buy/cgsh_order_operate.html HTTP/1.1" 200 2666
117.185.32.26 - - [10/Jan/2021:11:27:22 +0800] "GET /xingrg/all/function/internal_message.html?_=1610249705460&CODE_STATE=getMsg HTTP/1.1" 200 27
61.165.42.208 - - [10/Jan/2021:11:27:23 +0800] "GET /xingrg/all/function/internal_message.html?_=1610249221036&CODE_STATE=getMsg HTTP/1.1" 200 27
61.165.42.208 - - [10/Jan/2021:11:27:23 +0800] "GET /xingrg/check_reg.html?_=1610249221038 HTTP/1.1" 200 22
180.156.237.57 - - [10/Jan/2021:11:27:23 +0800] "POST /xingrg/kc/buy/cgsh_order_operate.html HTTP/1.1" 200 37
222.70.174.6 - - [10/Jan/2021:11:27:23 +0800] "GET /xingrg/kc/print/load_data.html?order_code=212021011004129&kc_code=cgsh&condition= HTTP/1.1" 200 735
120.253.135.82 - - [10/Jan/2021:11:27:23 +0800] "GET /xingrg/all/function/internal_message.html?_=1610248998319&CODE_STATE=getMsg HTTP/1.1" 200 27
120.253.135.82 - - [10/Jan/2021:11:27:25 +0800] "GET /xingrg/all/function/internal_message.html?_=1610249351208&CODE_STATE=getMsg HTTP/1.1" 200 27
180.156.237.57 - - [10/Jan/2021:11:27:25 +0800] "POST /xingrg/kc/buy/cgsh_order_operate.html HTTP/1.1" 200 12
172.17.0.120 - - [10/Jan/2021:11:27:25 +0800] "GET /xingrg/all/function/internal_message.html?_=1610249241580&CODE_STATE=getMsg HTTP/1.1" 200 27
172.17.0.240 - - [10/Jan/2021:11:27:26 +0800] "GET /xingrg/all/function/internal_message.html?_=1610249241641&CODE_STATE=getMsg HTTP/1.1" 200 27
180.156.237.57 - - [10/Jan/2021:11:27:27 +0800] "GET /xingrg/kc/buy/cgsh_order_info.html?code=212021011004130 HTTP/1.1" 200 56571
172.17.0.100 - - [10/Jan/2021:11:27:27 +0800] "GET /xingrg/all/function/internal_message.html?_=1610249243789&CODE_STATE=getMsg HTTP/1.1" 200 27
180.156.237.57 - - [10/Jan/2021:11:27:28 +0800] "GET /xingrg/javascript/easyui/themes/default/validatebox.css HTTP/1.1" 404 1104
180.156.237.57 - - [10/Jan/2021:11:27:28 +0800] "POST /xingrg/kc/buy/cgsh_order_operate.html HTTP/1.1" 200 614
117.184.7.26 - - [10/Jan/2021:11:27:29 +0800] "GET /xingrg/all/function/internal_message.html?_=1610249245294&CODE_STATE=getMsg HTTP/1.1" 200 27
116.228.172.94 - - [10/Jan/2021:11:27:30 +0800] "GET /xingrg/all/function/internal_message.html?_=1610249246181&CODE_STATE=getMsg HTTP/1.1" 200 27
117.185.32.26 - - [10/Jan/2021:11:27:31 +0800] "GET /xingrg/kc/buy/cgsh_order_add.html HTTP/1.1" 200 61743
117.185.32.26 - - [10/Jan/2021:11:27:31 +0800] "GET /xingrg/javascript/easyui/themes/default/validatebox.css HTTP/1.1" 404 1104
117.185.32.26 - - [10/Jan/2021:11:27:31 +0800] "POST /xingrg/kc/buy/cgsh_order_operate.html HTTP/1.1" 200 8245
222.69.136.245 - - [10/Jan/2021:11:27:31 +0800] "GET /xingrg/all/function/internal_message.html?_=1610249247828&CODE_STATE=getMsg HTTP/1.1" 200 27
101.227.139.173 - - [10/Jan/2021:11:27:32 +0800] "GET /xingrg/all/function/internal_message.html?_=1610248768593&CODE_STATE=getMsg HTTP/1.1" 302 -
180.156.237.57 - - [10/Jan/2021:11:27:32 +0800] "GET /xingrg/kc/print/load_data.html?order_code=212021011004130&kc_code=cgsh&condition= HTTP/1.1" 200 773
117.185.32.26 - - [10/Jan/2021:11:27:34 +0800] "GET /xingrg/javascript/easyui/themes/default/tree.css HTTP/1.1" 404 1090
117.185.32.26 - - [10/Jan/2021:11:27:34 +0800] "POST /xingrg/all/common/load_tree.html?tree=supplier_tree_json&isDelete=1 HTTP/1.1" 200 54158
180.175.150.119 - - [10/Jan/2021:11:27:34 +0800] "GET /xingrg/all/function/internal_message.html?_=1610249488876&CODE_STATE=getMsg HTTP/1.1" 200 27
180.175.150.119 - - [10/Jan/2021:11:27:36 +0800] "GET /xingrg/check_reg.html?_=1610249254317 HTTP/1.1" 200 22
180.175.150.119 - - [10/Jan/2021:11:27:37 +0800] "GET /xingrg/all/function/internal_message.html?_=1610249255300&CODE_STATE=getMsg HTTP/1.1" 200 27
172.17.200.101 - - [10/Jan/2021:11:27:37 +0800] "GET /xingrg/check_reg.html?_=1610249253689 HTTP/1.1" 200 22
172.17.200.101 - - [10/Jan/2021:11:27:37 +0800] "GET /xingrg/all/function/internal_message.html?_=1610249253690&CODE_STATE=getMsg HTTP/1.1" 200 27
101.227.139.173 - - [10/Jan/2021:11:27:38 +0800] "GET /xingrg/login.html HTTP/1.1" 200 7641
117.185.32.26 - - [10/Jan/2021:11:27:40 +0800] "GET /xingrg/kc/buy/cgsh_order_operate.html?command=get_materiel&rest_code=00106&code=00101008223&supplier_code=00100007&order_time=2021-01-10 HTTP/1.1" 200 412
180.156.237.57 - - [10/Jan/2021:11:27:40 +0800] "GET /xingrg/kc/buy/cgsh_order_add.html HTTP/1.1" 200 61667
180.156.237.57 - - [10/Jan/2021:11:27:41 +0800] "GET /xingrg/javascript/easyui/themes/default/validatebox.css HTTP/1.1" 404 1104
180.156.237.57 - - [10/Jan/2021:11:27:41 +0800] "POST /xingrg/kc/buy/cgsh_order_operate.html HTTP/1.1" 200 8245
222.70.174.6 - - [10/Jan/2021:11:27:45 +0800] "GET /xingrg/kc/buy/cgsh_order_add.html HTTP/1.1" 200 61749
222.70.174.6 - - [10/Jan/2021:11:27:45 +0800] "POST /xingrg/kc/buy/cgsh_order_operate.html HTTP/1.1" 200 8245
222.70.174.6 - - [10/Jan/2021:11:27:45 +0800] "GET /xingrg/javascript/easyui/themes/default/validatebox.css HTTP/1.1" 404 1104
180.156.237.57 - - [10/Jan/2021:11:27:48 +0800] "GET /xingrg/kc/buy/cgsh_order_operate.html?command=get_materiel&rest_code=00150&code=00101002018&supplier_code=00100094&order_time=2021-01-10 HTTP/1.1" 200 414
117.185.32.26 - - [10/Jan/2021:11:27:49 +0800] "GET /xingrg/kc/buy/cgsh_order_operate.html?command=get_materiel&rest_code=00106&code=00101001044&supplier_code=00100319&order_time=2021-01-10 HTTP/1.1" 200 409
114.88.169.67 - - [10/Jan/2021:11:27:50 +0800] "GET /xingrg/check_reg.html?_=1610249265946 HTTP/1.1" 200 22
114.88.169.67 - - [10/Jan/2021:11:27:51 +0800] "GET /xingrg/all/function/internal_message.html?_=1610249266789&CODE_STATE=getMsg HTTP/1.1" 200 27
114.88.169.67 - - [10/Jan/2021:11:27:52 +0800] "GET /xingrg/check_reg.html?_=1610249260437 HTTP/1.1" 200 22
114.88.169.67 - - [10/Jan/2021:11:27:52 +0800] "GET /xingrg/all/function/internal_message.html?_=1610249260440&CODE_STATE=getMsg HTTP/1.1" 200 27
172.17.0.123 - - [10/Jan/2021:11:27:53 +0800] "GET /xingrg/all/function/internal_message.html?_=1610249171413&CODE_STATE=getMsg HTTP/1.1" 200 27
172.17.0.123 - - [10/Jan/2021:11:27:53 +0800] "GET /xingrg/check_reg.html?_=1610249171414 HTTP/1.1" 200 22
117.131.5.26 - - [10/Jan/2021:11:27:54 +0800] "GET /xingrg/all/function/internal_message.html?_=1610249320297&CODE_STATE=getMsg HTTP/1.1" 200 27
61.165.42.208 - - [10/Jan/2021:11:27:58 +0800] "GET /xingrg/all/function/internal_message.html?_=1610249274135&CODE_STATE=getMsg HTTP/1.1" 200 27
222.70.174.6 - - [10/Jan/2021:11:27:58 +0800] "GET /xingrg/all/function/internal_message.html?_=1610249287159&CODE_STATE=getMsg HTTP/1.1" 200 27
180.156.237.57 - - [10/Jan/2021:11:27:59 +0800] "POST /xingrg/kc/buy/cgsh_order_operate.html HTTP/1.1" 200 37
180.156.237.57 - - [10/Jan/2021:11:28:03 +0800] "POST /xingrg/kc/buy/cgsh_order_operate.html HTTP/1.1" 200 12
222.70.174.6 - - [10/Jan/2021:11:28:03 +0800] "GET /xingrg/kc/buy/cgsh_order_operate.html?command=get_materiel&rest_code=00146&code=00101001032&supplier_code=00100041&order_time=2021-01-10 HTTP/1.1" 200 413
222.69.133.109 - - [10/Jan/2021:11:28:04 +0800] "GET /xingrg/all/function/internal_message.html?_=1610249281801&CODE_STATE=getMsg HTTP/1.1" 200 27
222.69.133.109 - - [10/Jan/2021:11:28:04 +0800] "GET /xingrg/check_reg.html?_=1610249282374 HTTP/1.1" 200 22
58.37.230.33 - - [10/Jan/2021:11:28:04 +0800] "GET /xingrg/all/function/internal_message.html?_=1610249308620&CODE_STATE=getMsg HTTP/1.1" 200 27
180.156.237.57 - - [10/Jan/2021:11:28:07 +0800] "GET /xingrg/kc/buy/cgsh_order_info.html?code=212021011004131 HTTP/1.1" 200 56569
117.185.32.26 - - [10/Jan/2021:11:28:08 +0800] "GET /xingrg/kc/buy/cgsh_order_operate.html?command=get_materiel&rest_code=00106&code=00101001125&supplier_code=00100319&order_time=2021-01-10 HTTP/1.1" 200 415
180.156.237.57 - - [10/Jan/2021:11:28:08 +0800] "GET /xingrg/javascript/easyui/themes/default/validatebox.css HTTP/1.1" 404 1104
180.156.237.57 - - [10/Jan/2021:11:28:08 +0800] "POST /xingrg/kc/buy/cgsh_order_operate.html HTTP/1.1" 200 612
180.156.237.57 - - [10/Jan/2021:11:28:10 +0800] "GET /xingrg/kc/print/load_data.html?order_code=212021011004131&kc_code=cgsh&condition= HTTP/1.1" 200 791
61.165.42.208 - - [10/Jan/2021:11:28:12 +0800] "POST /xingrg/kc/base/wldb_order_operate.html HTTP/1.1" 200 37
61.165.42.208 - - [10/Jan/2021:11:28:12 +0800] "POST /xingrg/kc/base/wldb_order_operate.html HTTP/1.1" 200 2690
61.165.42.208 - - [10/Jan/2021:11:28:12 +0800] "GET /xingrg/kc/base/wldb_order_info.html?code=422021011001183 HTTP/1.1" 200 30516
61.165.42.208 - - [10/Jan/2021:11:28:13 +0800] "GET /xingrg/javascript/easyui/themes/default/validatebox.css HTTP/1.1" 404 1104
101.85.52.2 - - [10/Jan/2021:11:28:13 +0800] "GET /xingrg/all/function/internal_message.html?_=1610249274181&CODE_STATE=getMsg HTTP/1.1" 200 27
101.85.52.2 - - [10/Jan/2021:11:28:13 +0800] "GET /xingrg/check_reg.html?_=1610249274184 HTTP/1.1" 200 22
61.165.42.208 - - [10/Jan/2021:11:28:13 +0800] "POST /xingrg/kc/base/wldb_order_operate.html HTTP/1.1" 200 2690
180.156.237.57 - - [10/Jan/2021:11:28:14 +0800] "GET /xingrg/kc/buy/cgsh_order_add.html HTTP/1.1" 200 61667
180.156.237.57 - - [10/Jan/2021:11:28:14 +0800] "POST /xingrg/kc/buy/cgsh_order_operate.html HTTP/1.1" 200 8245
180.156.237.57 - - [10/Jan/2021:11:28:14 +0800] "GET /xingrg/javascript/easyui/themes/default/validatebox.css HTTP/1.1" 404 1104
180.175.150.119 - - [10/Jan/2021:11:28:15 +0800] "POST /xingrg/kc/buy/cgsh_order_operate.html HTTP/1.1" 200 37
117.185.32.26 - - [10/Jan/2021:11:28:15 +0800] "GET /xingrg/kc/buy/cgsh_order_operate.html?command=get_materiel&rest_code=00106&code=00101008205&supplier_code=00100007&order_time=2021-01-10 HTTP/1.1" 200 412
117.185.32.26 - - [10/Jan/2021:11:28:16 +0800] "GET /xingrg/all/function/internal_message.html?_=1610249286610&CODE_STATE=getMsg HTTP/1.1" 200 27
180.175.150.119 - - [10/Jan/2021:11:28:17 +0800] "POST /xingrg/kc/buy/cgsh_order_operate.html HTTP/1.1" 200 12
117.185.32.26 - - [10/Jan/2021:11:28:17 +0800] "GET /xingrg/check_reg.html?_=1610249287305 HTTP/1.1" 200 22
117.185.32.26 - - [10/Jan/2021:11:28:18 +0800] "POST /xingrg/kc/buy/cgsh_order_operate.html HTTP/1.1" 200 2065
172.17.0.103 - - [10/Jan/2021:11:28:18 +0800] "GET /xingrg/all/function/internal_message.html?_=1610249293797&CODE_STATE=getMsg HTTP/1.1" 200 27
114.86.226.161 - - [10/Jan/2021:11:28:18 +0800] "GET /xingrg/check_reg.html?_=1610249361109 HTTP/1.1" 200 22
114.86.226.161 - - [10/Jan/2021:11:28:18 +0800] "GET /xingrg/all/function/internal_message.html?_=1610249361109&CODE_STATE=getMsg HTTP/1.1" 200 27
180.175.150.119 - - [10/Jan/2021:11:28:20 +0800] "GET /xingrg/kc/buy/cgsh_order_info.html?code=212021011004132 HTTP/1.1" 200 56600
117.185.32.26 - - [10/Jan/2021:11:28:22 +0800] "POST /xingrg/kc/buy/cgsh_order_operate.html HTTP/1.1" 200 37
117.185.32.26 - - [10/Jan/2021:11:28:22 +0800] "GET /xingrg/all/function/internal_message.html?_=1610249765455&CODE_STATE=getMsg HTTP/1.1" 200 27
117.185.32.26 - - [10/Jan/2021:11:28:22 +0800] "GET /xingrg/check_reg.html?_=1610249765457 HTTP/1.1" 200 22
180.175.150.119 - - [10/Jan/2021:11:28:22 +0800] "GET /xingrg/javascript/easyui/themes/default/validatebox.css HTTP/1.1" 404 1104
222.70.174.6 - - [10/Jan/2021:11:28:22 +0800] "GET /xingrg/kc/buy/cgsh_order_operate.html?command=get_materiel&rest_code=00146&code=00101010161&supplier_code=00100041&order_time=2021-01-10 HTTP/1.1" 200 409
180.175.150.119 - - [10/Jan/2021:11:28:22 +0800] "POST /xingrg/kc/buy/cgsh_order_operate.html HTTP/1.1" 200 608
61.165.42.208 - - [10/Jan/2021:11:28:23 +0800] "GET /xingrg/kc/base/wldb_order_add.html HTTP/1.1" 200 30502
61.165.42.208 - - [10/Jan/2021:11:28:23 +0800] "GET /xingrg/all/function/internal_message.html?_=1610249281038&CODE_STATE=getMsg HTTP/1.1" 200 27
117.185.32.26 - - [10/Jan/2021:11:28:23 +0800] "GET /xingrg/kc/buy/cgsh_order_operate.html?command=get_materiel&rest_code=00106&code=00101001140&supplier_code=00100319&order_time=2021-01-10 HTTP/1.1" 200 415
61.165.42.208 - - [10/Jan/2021:11:28:23 +0800] "GET /xingrg/javascript/easyui/themes/default/validatebox.css HTTP/1.1" 404 1104
61.165.42.208 - - [10/Jan/2021:11:28:23 +0800] "POST /xingrg/kc/base/wldb_order_operate.html HTTP/1.1" 200 6806
117.185.32.26 - - [10/Jan/2021:11:28:23 +0800] "POST /xingrg/kc/buy/cgsh_order_operate.html HTTP/1.1" 200 37488
120.253.135.82 - - [10/Jan/2021:11:28:23 +0800] "GET /xingrg/all/function/internal_message.html?_=1610249058349&CODE_STATE=getMsg HTTP/1.1" 200 27
61.165.42.208 - - [10/Jan/2021:11:28:25 +0800] "POST /xingrg/all/common/load_combo.html?type=base HTTP/1.1" 200 3236
120.253.135.82 - - [10/Jan/2021:11:28:25 +0800] "GET /xingrg/all/function/internal_message.html?_=1610249411220&CODE_STATE=getMsg HTTP/1.1" 200 27
172.17.0.120 - - [10/Jan/2021:11:28:25 +0800] "GET /xingrg/all/function/internal_message.html?_=1610249301582&CODE_STATE=getMsg HTTP/1.1" 200 27
172.17.0.240 - - [10/Jan/2021:11:28:26 +0800] "GET /xingrg/check_reg.html?_=1610249301628 HTTP/1.1" 200 22
172.17.0.240 - - [10/Jan/2021:11:28:26 +0800] "GET /xingrg/all/function/internal_message.html?_=1610249301629&CODE_STATE=getMsg HTTP/1.1" 200 27
61.151.178.177 - - [10/Jan/2021:11:28:27 +0800] "GET /xingrg/all/function/internal_message.html?_=1610248828618&CODE_STATE=getMsg HTTP/1.1" 302 -
172.17.0.100 - - [10/Jan/2021:11:28:27 +0800] "GET /xingrg/all/function/internal_message.html?_=1610249303791&CODE_STATE=getMsg HTTP/1.1" 200 27
222.69.136.245 - - [10/Jan/2021:11:28:28 +0800] "GET /xingrg/kc/buy/cgsh_order_add.html HTTP/1.1" 200 61796
222.69.136.245 - - [10/Jan/2021:11:28:28 +0800] "POST /xingrg/kc/buy/cgsh_order_operate.html HTTP/1.1" 200 8245
222.69.136.245 - - [10/Jan/2021:11:28:28 +0800] "GET /xingrg/javascript/easyui/themes/default/validatebox.css HTTP/1.1" 404 1104
117.184.7.26 - - [10/Jan/2021:11:28:29 +0800] "GET /xingrg/all/function/internal_message.html?_=1610249305297&CODE_STATE=getMsg HTTP/1.1" 200 27
117.184.7.30 - - [10/Jan/2021:11:28:29 +0800] "GET /xingrg/check_reg.html?_=1610249305300 HTTP/1.1" 200 22
116.228.172.94 - - [10/Jan/2021:11:28:30 +0800] "GET /xingrg/all/function/internal_message.html?_=1610249306153&CODE_STATE=getMsg HTTP/1.1" 200 27
222.70.174.7 - - [10/Jan/2021:11:28:31 +0800] "GET /xingrg/check_reg.html?_=1610249308731 HTTP/1.1" 302 -
222.69.136.245 - - [10/Jan/2021:11:28:31 +0800] "GET /xingrg/all/function/internal_message.html?_=1610249307811&CODE_STATE=getMsg HTTP/1.1" 200 27
180.175.150.119 - - [10/Jan/2021:11:28:34 +0800] "GET /xingrg/all/function/internal_message.html?_=1610249548891&CODE_STATE=getMsg HTTP/1.1" 200 27
180.156.237.57 - - [10/Jan/2021:11:28:36 +0800] "GET /xingrg/kc/buy/cgsh_order_operate.html?command=get_materiel&rest_code=00150&code=00101014078&supplier_code=00100211&order_time=2021-01-10 HTTP/1.1" 200 415
180.175.150.119 - - [10/Jan/2021:11:28:37 +0800] "GET /xingrg/all/function/internal_message.html?_=1610249315314&CODE_STATE=getMsg HTTP/1.1" 200 27
61.151.178.177 - - [10/Jan/2021:11:28:37 +0800] "GET /xingrg/login.html HTTP/1.1" 200 7641
172.17.200.101 - - [10/Jan/2021:11:28:37 +0800] "GET /xingrg/all/function/internal_message.html?_=1610249313689&CODE_STATE=getMsg HTTP/1.1" 200 27
117.185.32.26 - - [10/Jan/2021:11:28:38 +0800] "POST /xingrg/kc/buy/cgsh_order_operate.html HTTP/1.1" 200 37
222.70.174.6 - - [10/Jan/2021:11:28:39 +0800] "GET /xingrg/kc/buy/cgsh_order_operate.html?command=get_materiel&rest_code=00146&code=00101001160&supplier_code=00100041&order_time=2021-01-10 HTTP/1.1" 200 410
117.185.32.26 - - [10/Jan/2021:11:28:40 +0800] "POST /xingrg/kc/buy/cgsh_order_operate.html HTTP/1.1" 200 12
117.185.32.26 - - [10/Jan/2021:11:28:42 +0800] "GET /xingrg/kc/buy/cgsh_order_info.html?code=212021011004133 HTTP/1.1" 200 56649
117.185.32.26 - - [10/Jan/2021:11:28:42 +0800] "GET /xingrg/javascript/easyui/themes/default/validatebox.css HTTP/1.1" 404 1104
117.185.32.26 - - [10/Jan/2021:11:28:42 +0800] "POST /xingrg/kc/buy/cgsh_order_operate.html HTTP/1.1" 200 1804
117.185.32.26 - - [10/Jan/2021:11:28:42 +0800] "GET /xingrg/kc/buy/cgsh_order_operate.html?command=get_materiel&rest_code=00106&code=00101008236&supplier_code=00100007&order_time=2021-01-10 HTTP/1.1" 200 417
117.185.32.26 - - [10/Jan/2021:11:28:45 +0800] "GET /xingrg/kc/print/load_data.html?order_code=212021011004133&kc_code=cgsh&condition= HTTP/1.1" 200 1169
180.156.237.57 - - [10/Jan/2021:11:28:47 +0800] "POST /xingrg/kc/buy/cgsh_order_operate.html HTTP/1.1" 200 37
180.156.237.57 - - [10/Jan/2021:11:28:49 +0800] "POST /xingrg/kc/buy/cgsh_order_operate.html HTTP/1.1" 200 12
117.185.32.26 - - [10/Jan/2021:11:28:51 +0800] "GET /xingrg/kc/buy/cgsh_order_operate.html?command=get_materiel&rest_code=00106&code=00101008095&supplier_code=00100007&order_time=2021-01-10 HTTP/1.1" 200 412
114.88.169.67 - - [10/Jan/2021:11:28:51 +0800] "GET /xingrg/all/function/internal_message.html?_=1610249326794&CODE_STATE=getMsg HTTP/1.1" 200 27
114.88.169.67 - - [10/Jan/2021:11:28:52 +0800] "GET /xingrg/all/function/internal_message.html?_=1610249320433&CODE_STATE=getMsg HTTP/1.1" 200 27
172.17.0.123 - - [10/Jan/2021:11:28:53 +0800] "GET /xingrg/all/function/internal_message.html?_=1610249231415&CODE_STATE=getMsg HTTP/1.1" 200 27
117.131.5.26 - - [10/Jan/2021:11:28:54 +0800] "GET /xingrg/check_reg.html?_=1610249380298 HTTP/1.1" 200 22
117.131.5.26 - - [10/Jan/2021:11:28:54 +0800] "GET /xingrg/all/function/internal_message.html?_=1610249380296&CODE_STATE=getMsg HTTP/1.1" 200 27
222.70.174.6 - - [10/Jan/2021:11:28:55 +0800] "GET /xingrg/kc/buy/cgsh_order_operate.html?command=get_materiel&rest_code=00146&code=00101005037&supplier_code=00100041&order_time=2021-01-10 HTTP/1.1" 200 409
61.165.42.208 - - [10/Jan/2021:11:28:58 +0800] "GET /xingrg/all/function/internal_message.html?_=1610249334109&CODE_STATE=getMsg HTTP/1.1" 200 27
117.185.32.26 - - [10/Jan/2021:11:28:58 +0800] "GET /xingrg/kc/buy/cgsh_order_operate.html?command=get_materiel&rest_code=00106&code=00101008437&supplier_code=00100007&order_time=2021-01-10 HTTP/1.1" 200 396
180.156.237.57 - - [10/Jan/2021:11:28:58 +0800] "GET /xingrg/kc/buy/cgsh_order_info.html?code=212021011004134 HTTP/1.1" 200 56567
222.70.174.6 - - [10/Jan/2021:11:28:58 +0800] "GET /xingrg/all/function/internal_message.html?_=1610249347171&CODE_STATE=getMsg HTTP/1.1" 200 27
180.156.237.57 - - [10/Jan/2021:11:28:59 +0800] "GET /xingrg/javascript/easyui/themes/default/validatebox.css HTTP/1.1" 404 1104
180.156.237.57 - - [10/Jan/2021:11:28:59 +0800] "POST /xingrg/kc/buy/cgsh_order_operate.html HTTP/1.1" 200 611
61.165.42.208 - - [10/Jan/2021:11:28:59 +0800] "GET /xingrg/kc/base/wldb_order_operate.html?command=get_materiel&rest_code=00105&base_code=0010508&code=00102002204 HTTP/1.1" 200 433
117.185.32.26 - - [10/Jan/2021:11:29:01 +0800] "GET /xingrg/kc/buy/cgsh_order_add.html HTTP/1.1" 200 61743
117.185.32.26 - - [10/Jan/2021:11:29:02 +0800] "POST /xingrg/kc/buy/cgsh_order_operate.html HTTP/1.1" 200 8245
117.185.32.26 - - [10/Jan/2021:11:29:02 +0800] "GET /xingrg/javascript/easyui/themes/default/validatebox.css HTTP/1.1" 404 1104
117.185.32.26 - - [10/Jan/2021:11:29:02 +0800] "POST /xingrg/kc/buy/cgsh_order_operate.html HTTP/1.1" 200 2065
117.185.32.26 - - [10/Jan/2021:11:29:03 +0800] "GET /xingrg/javascript/easyui/themes/default/tree.css HTTP/1.1" 404 1090
117.185.32.26 - - [10/Jan/2021:11:29:04 +0800] "POST /xingrg/all/common/load_tree.html?tree=supplier_tree_json&isDelete=1 HTTP/1.1" 200 54158
222.69.133.109 - - [10/Jan/2021:11:29:04 +0800] "GET /xingrg/all/function/internal_message.html?_=1610249341812&CODE_STATE=getMsg HTTP/1.1" 200 27
58.37.230.33 - - [10/Jan/2021:11:29:04 +0800] "GET /xingrg/all/function/internal_message.html?_=1610249368619&CODE_STATE=getMsg HTTP/1.1" 200 27
180.156.237.57 - - [10/Jan/2021:11:29:05 +0800] "GET /xingrg/all/function/internal_message.html?_=1610249342491&CODE_STATE=getMsg HTTP/1.1" 200 27
222.69.136.245 - - [10/Jan/2021:11:29:08 +0800] "GET /xingrg/kc/buy/cgsh_order_operate.html?command=get_materiel&rest_code=00149&code=00102002167&supplier_code=00100347&order_time=2021-01-10 HTTP/1.1" 200 428
222.70.174.6 - - [10/Jan/2021:11:29:08 +0800] "GET /xingrg/kc/buy/cgsh_order_operate.html?command=get_materiel&rest_code=00146&code=00101001075&supplier_code=00100041&order_time=2021-01-10 HTTP/1.1" 200 409
180.156.237.57 - - [10/Jan/2021:11:29:11 +0800] "GET /xingrg/kc/print/load_data.html?order_code=212021011004134&kc_code=cgsh&condition= HTTP/1.1" 200 707
101.85.52.2 - - [10/Jan/2021:11:29:13 +0800] "GET /xingrg/all/function/internal_message.html?_=1610249334177&CODE_STATE=getMsg HTTP/1.1" 200 27
180.156.237.57 - - [10/Jan/2021:11:29:16 +0800] "GET /xingrg/kc/buy/cgsh_order_add.html HTTP/1.1" 200 61667
117.185.32.26 - - [10/Jan/2021:11:29:16 +0800] "GET /xingrg/all/function/internal_message.html?_=1610249346587&CODE_STATE=getMsg HTTP/1.1" 200 27
180.156.237.57 - - [10/Jan/2021:11:29:17 +0800] "POST /xingrg/kc/buy/cgsh_order_operate.html HTTP/1.1" 200 8245
180.156.237.57 - - [10/Jan/2021:11:29:17 +0800] "GET /xingrg/javascript/easyui/themes/default/validatebox.css HTTP/1.1" 404 1104
61.165.42.208 - - [10/Jan/2021:11:29:17 +0800] "POST /xingrg/kc/base/wldb_order_operate.html HTTP/1.1" 200 37
61.165.42.208 - - [10/Jan/2021:11:29:17 +0800] "POST /xingrg/kc/base/wldb_order_operate.html HTTP/1.1" 200 3627
61.165.42.208 - - [10/Jan/2021:11:29:17 +0800] "GET /xingrg/kc/base/wldb_order_info.html?code=422021011001184 HTTP/1.1" 200 30516
172.17.0.103 - - [10/Jan/2021:11:29:18 +0800] "GET /xingrg/all/function/internal_message.html?_=1610249353823&CODE_STATE=getMsg HTTP/1.1" 200 27
61.165.42.208 - - [10/Jan/2021:11:29:18 +0800] "GET /xingrg/javascript/easyui/themes/default/validatebox.css HTTP/1.1" 404 1104
61.165.42.208 - - [10/Jan/2021:11:29:18 +0800] "POST /xingrg/kc/base/wldb_order_operate.html HTTP/1.1" 200 3627
222.70.174.6 - - [10/Jan/2021:11:29:18 +0800] "GET /xingrg/kc/buy/cgsh_order_operate.html?command=get_materiel&rest_code=00146&code=00101002027&supplier_code=00100041&order_time=2021-01-10 HTTP/1.1" 200 433
114.86.226.161 - - [10/Jan/2021:11:29:18 +0800] "GET /xingrg/all/function/internal_message.html?_=1610249421108&CODE_STATE=getMsg HTTP/1.1" 200 27
222.69.136.245 - - [10/Jan/2021:11:29:19 +0800] "GET /xingrg/kc/buy/cgsh_order_operate.html?command=get_materiel&rest_code=00149&code=00101005022&supplier_code=00100347&order_time=2021-01-10 HTTP/1.1" 200 417
117.185.32.26 - - [10/Jan/2021:11:29:22 +0800] "GET /xingrg/all/function/internal_message.html?_=1610249825460&CODE_STATE=getMsg HTTP/1.1" 200 27
61.165.42.208 - - [10/Jan/2021:11:29:23 +0800] "GET /xingrg/all/function/internal_message.html?_=1610249341039&CODE_STATE=getMsg HTTP/1.1" 200 27
120.253.135.82 - - [10/Jan/2021:11:29:23 +0800] "GET /xingrg/all/function/internal_message.html?_=1610249118360&CODE_STATE=getMsg HTTP/1.1" 200 27
180.156.237.57 - - [10/Jan/2021:11:29:25 +0800] "GET /xingrg/kc/buy/cgsh_order_operate.html?command=get_materiel&rest_code=00150&code=00101008037&supplier_code=00100347&order_time=2021-01-10 HTTP/1.1" 200 413
172.17.0.120 - - [10/Jan/2021:11:29:25 +0800] "GET /xingrg/all/function/internal_message.html?_=1610249361587&CODE_STATE=getMsg HTTP/1.1" 200 27
172.17.0.120 - - [10/Jan/2021:11:29:25 +0800] "GET /xingrg/check_reg.html?_=1610249361588 HTTP/1.1" 200 22
172.17.0.240 - - [10/Jan/2021:11:29:26 +0800] "GET /xingrg/all/function/internal_message.html?_=1610249361631&CODE_STATE=getMsg HTTP/1.1" 200 27
61.165.42.208 - - [10/Jan/2021:11:29:26 +0800] "GET /xingrg/kc/base/wldb_order_add.html HTTP/1.1" 200 30502
61.165.42.208 - - [10/Jan/2021:11:29:27 +0800] "GET /xingrg/javascript/easyui/themes/default/validatebox.css HTTP/1.1" 404 1104
61.165.42.208 - - [10/Jan/2021:11:29:27 +0800] "POST /xingrg/kc/base/wldb_order_operate.html HTTP/1.1" 200 6806
61.165.42.208 - - [10/Jan/2021:11:29:27 +0800] "POST /xingrg/all/common/load_combo.html?type=base HTTP/1.1" 200 3236
172.17.0.100 - - [10/Jan/2021:11:29:27 +0800] "GET /xingrg/all/function/internal_message.html?_=1610249363792&CODE_STATE=getMsg HTTP/1.1" 200 27
116.228.172.94 - - [10/Jan/2021:11:29:29 +0800] "GET /xingrg/check_reg.html?_=1610249365771 HTTP/1.1" 200 22
117.184.7.30 - - [10/Jan/2021:11:29:29 +0800] "GET /xingrg/all/function/internal_message.html?_=1610249365296&CODE_STATE=getMsg HTTP/1.1" 200 27
116.228.172.94 - - [10/Jan/2021:11:29:30 +0800] "GET /xingrg/all/function/internal_message.html?_=1610249366132&CODE_STATE=getMsg HTTP/1.1" 200 27
222.70.174.6 - - [10/Jan/2021:11:29:30 +0800] "POST /xingrg/kc/buy/cgsh_order_operate.html HTTP/1.1" 200 37
222.69.136.245 - - [10/Jan/2021:11:29:31 +0800] "GET /xingrg/all/function/internal_message.html?_=1610249367794&CODE_STATE=getMsg HTTP/1.1" 200 27
222.70.174.6 - - [10/Jan/2021:11:29:32 +0800] "POST /xingrg/kc/buy/cgsh_order_operate.html HTTP/1.1" 200 5604
222.69.136.245 - - [10/Jan/2021:11:29:32 +0800] "GET /xingrg/check_reg.html?_=1610249368313 HTTP/1.1" 200 22
180.156.237.57 - - [10/Jan/2021:11:29:34 +0800] "GET /xingrg/kc/buy/cgsh_order_operate.html?command=get_materiel&rest_code=00150&code=00101008147&supplier_code=00100347&order_time=2021-01-10 HTTP/1.1" 200 416
222.70.174.6 - - [10/Jan/2021:11:29:34 +0800] "GET /xingrg/kc/print/load_data.html?order_code=212021011004135&kc_code=cgsh&condition= HTTP/1.1" 200 1808
117.185.32.26 - - [10/Jan/2021:11:29:34 +0800] "GET /xingrg/kc/buy/cgsh_order_operate.html?command=get_materiel&rest_code=00106&code=00101015038&supplier_code=00100007&order_time=2021-01-10 HTTP/1.1" 200 419
180.175.150.119 - - [10/Jan/2021:11:29:35 +0800] "GET /xingrg/all/function/internal_message.html?_=1610249608909&CODE_STATE=getMsg HTTP/1.1" 200 27
222.69.136.245 - - [10/Jan/2021:11:29:36 +0800] "GET /xingrg/kc/buy/cgsh_order_operate.html?command=get_materiel&rest_code=00149&code=00101008079&supplier_code=00100347&order_time=2021-01-10 HTTP/1.1" 200 416
180.175.150.119 - - [10/Jan/2021:11:29:37 +0800] "GET /xingrg/all/function/internal_message.html?_=1610249375327&CODE_STATE=getMsg HTTP/1.1" 200 27
172.17.200.101 - - [10/Jan/2021:11:29:37 +0800] "GET /xingrg/all/function/internal_message.html?_=1610249373708&CODE_STATE=getMsg HTTP/1.1" 200 27
180.156.237.57 - - [10/Jan/2021:11:29:40 +0800] "GET /xingrg/kc/buy/cgsh_order_operate.html?command=get_materiel&rest_code=00150&code=00101001127&supplier_code=00100347&order_time=2021-01-10 HTTP/1.1" 200 429
61.165.42.208 - - [10/Jan/2021:11:29:41 +0800] "GET /xingrg/kc/base/wldb_order_operate.html?command=get_materiel&rest_code=00105&base_code=0010508&code=00102002451 HTTP/1.1" 200 419
117.185.32.26 - - [10/Jan/2021:11:29:44 +0800] "GET /xingrg/kc/buy/cgsh_order_operate.html?command=get_materiel&rest_code=00106&code=00101008150&supplier_code=00100007&order_time=2021-01-10 HTTP/1.1" 200 409
222.69.136.245 - - [10/Jan/2021:11:29:46 +0800] "GET /xingrg/kc/buy/cgsh_order_operate.html?command=get_materiel&rest_code=00149&code=00101010646&supplier_code=00100347&order_time=2021-01-10 HTTP/1.1" 200 410
61.165.42.208 - - [10/Jan/2021:11:29:48 +0800] "GET /xingrg/kc/base/wldb_order_operate.html?command=get_materiel&rest_code=00105&base_code=0010508&code=00102002163 HTTP/1.1" 200 436
180.156.237.57 - - [10/Jan/2021:11:29:50 +0800] "GET /xingrg/kc/buy/cgsh_order_operate.html?command=get_materiel&rest_code=00150&code=00101010550&supplier_code=00100347&order_time=2021-01-10 HTTP/1.1" 200 399
114.88.169.67 - - [10/Jan/2021:11:29:51 +0800] "GET /xingrg/all/function/internal_message.html?_=1610249386811&CODE_STATE=getMsg HTTP/1.1" 200 27
114.88.169.67 - - [10/Jan/2021:11:29:52 +0800] "GET /xingrg/all/function/internal_message.html?_=1610249380443&CODE_STATE=getMsg HTTP/1.1" 200 27
172.17.0.123 - - [10/Jan/2021:11:29:53 +0800] "GET /xingrg/all/function/internal_message.html?_=1610249291417&CODE_STATE=getMsg HTTP/1.1" 200 27
117.131.5.26 - - [10/Jan/2021:11:29:54 +0800] "GET /xingrg/all/function/internal_message.html?_=1610249440297&CODE_STATE=getMsg HTTP/1.1" 200 27
222.69.136.245 - - [10/Jan/2021:11:29:57 +0800] "POST /xingrg/kc/buy/cgsh_order_operate.html HTTP/1.1" 200 37
61.165.42.208 - - [10/Jan/2021:11:29:57 +0800] "GET /xingrg/kc/base/wldb_order_operate.html?command=get_materiel&rest_code=00105&base_code=0010508&code=00101010017 HTTP/1.1" 200 445
61.165.42.208 - - [10/Jan/2021:11:29:58 +0800] "GET /xingrg/all/function/internal_message.html?_=1610249394085&CODE_STATE=getMsg HTTP/1.1" 200 27
222.70.174.6 - - [10/Jan/2021:11:29:58 +0800] "GET /xingrg/all/function/internal_message.html?_=1610249407185&CODE_STATE=getMsg HTTP/1.1" 200 27
117.185.32.26 - - [10/Jan/2021:11:29:59 +0800] "GET /xingrg/kc/buy/cgsh_order_operate.html?command=get_materiel&rest_code=00106&code=00101015074&supplier_code=00100007&order_time=2021-01-10 HTTP/1.1" 200 408
180.156.237.57 - - [10/Jan/2021:11:30:00 +0800] "GET /xingrg/kc/buy/cgsh_order_operate.html?command=get_materiel&rest_code=00150&code=00101010313&supplier_code=00100347&order_time=2021-01-10 HTTP/1.1" 200 421
222.69.136.245 - - [10/Jan/2021:11:30:00 +0800] "POST /xingrg/kc/buy/cgsh_order_operate.html HTTP/1.1" 200 12
222.70.174.6 - - [10/Jan/2021:11:30:01 +0800] "GET /xingrg/kc/buy/cgsh_order_add.html HTTP/1.1" 200 61749
222.70.174.6 - - [10/Jan/2021:11:30:01 +0800] "POST /xingrg/kc/buy/cgsh_order_operate.html HTTP/1.1" 200 8245
222.70.174.6 - - [10/Jan/2021:11:30:01 +0800] "GET /xingrg/javascript/easyui/themes/default/validatebox.css HTTP/1.1" 404 1104
117.185.32.26 - - [10/Jan/2021:11:30:02 +0800] "GET /xingrg/kc/buy/cgsh_order_operate.html?command=get_materiel&rest_code=00106&code=00101007144&supplier_code=00100322&order_time=2021-01-10 HTTP/1.1" 200 428
222.69.136.245 - - [10/Jan/2021:11:30:03 +0800] "GET /xingrg/kc/buy/cgsh_order_info.html?code=212021011004136 HTTP/1.1" 200 56690
222.69.136.245 - - [10/Jan/2021:11:30:04 +0800] "GET /xingrg/javascript/easyui/themes/default/validatebox.css HTTP/1.1" 404 1104
222.69.133.109 - - [10/Jan/2021:11:30:04 +0800] "GET /xingrg/all/function/internal_message.html?_=1610249401821&CODE_STATE=getMsg HTTP/1.1" 200 27
222.69.136.245 - - [10/Jan/2021:11:30:04 +0800] "POST /xingrg/kc/buy/cgsh_order_operate.html HTTP/1.1" 200 2400
58.37.230.33 - - [10/Jan/2021:11:30:04 +0800] "GET /xingrg/all/function/internal_message.html?_=1610249428624&CODE_STATE=getMsg HTTP/1.1" 200 27
180.156.237.57 - - [10/Jan/2021:11:30:05 +0800] "GET /xingrg/all/function/internal_message.html?_=1610249402474&CODE_STATE=getMsg HTTP/1.1" 200 27
222.69.136.245 - - [10/Jan/2021:11:30:05 +0800] "GET /xingrg/kc/print/load_data.html?order_code=212021011004136&kc_code=cgsh&condition= HTTP/1.1" 200 1389
117.185.32.26 - - [10/Jan/2021:11:30:08 +0800] "GET /xingrg/kc/buy/cgsh_order_operate.html?command=get_materiel&rest_code=00106&code=00101020152&supplier_code=00100007&order_time=2021-01-10 HTTP/1.1" 200 416
180.156.237.57 - - [10/Jan/2021:11:30:10 +0800] "POST /xingrg/kc/buy/cgsh_order_operate.html HTTP/1.1" 200 37
61.165.42.208 - - [10/Jan/2021:11:30:11 +0800] "GET /xingrg/kc/base/wldb_order_operate.html?command=get_materiel&rest_code=00105&base_code=0010508&code=00102002006 HTTP/1.1" 200 469
180.175.150.119 - - [10/Jan/2021:11:30:12 +0800] "GET /xingrg/kc/print/load_data.html?order_code=212021011004132&kc_code=cgsh&condition= HTTP/1.1" 200 676
180.156.237.57 - - [10/Jan/2021:11:30:12 +0800] "POST /xingrg/kc/buy/cgsh_order_operate.html HTTP/1.1" 200 12
180.156.237.57 - - [10/Jan/2021:11:30:12 +0800] "GET /xingrg/kc/buy/cgsh_order_info.html?code=212021011004137 HTTP/1.1" 200 56561
101.85.52.2 - - [10/Jan/2021:11:30:13 +0800] "GET /xingrg/all/function/internal_message.html?_=1610249394192&CODE_STATE=getMsg HTTP/1.1" 200 27
180.156.237.57 - - [10/Jan/2021:11:30:13 +0800] "GET /xingrg/javascript/easyui/themes/default/validatebox.css HTTP/1.1" 404 1104
222.70.174.6 - - [10/Jan/2021:11:30:13 +0800] "GET /xingrg/kc/buy/cgsh_order_operate.html?command=get_materiel&rest_code=00146&code=00101006111&supplier_code=00100012&order_time=2021-01-10 HTTP/1.1" 200 409
180.156.237.57 - - [10/Jan/2021:11:30:13 +0800] "POST /xingrg/kc/buy/cgsh_order_operate.html HTTP/1.1" 200 3006
180.156.237.57 - - [10/Jan/2021:11:30:15 +0800] "GET /xingrg/kc/print/load_data.html?order_code=212021011004137&kc_code=cgsh&condition= HTTP/1.1" 200 1634
117.185.32.26 - - [10/Jan/2021:11:30:17 +0800] "GET /xingrg/all/function/internal_message.html?_=1610249406707&CODE_STATE=getMsg HTTP/1.1" 200 27
117.185.32.26 - - [10/Jan/2021:11:30:17 +0800] "GET /xingrg/kc/buy/cgsh_order_operate.html?command=get_materiel&rest_code=00106&code=00101015099&supplier_code=00100007&order_time=2021-01-10 HTTP/1.1" 200 396
172.17.0.103 - - [10/Jan/2021:11:30:18 +0800] "GET /xingrg/all/function/internal_message.html?_=1610249413823&CODE_STATE=getMsg HTTP/1.1" 200 27
114.86.226.161 - - [10/Jan/2021:11:30:18 +0800] "GET /xingrg/all/function/internal_message.html?_=1610249481112&CODE_STATE=getMsg HTTP/1.1" 200 27
117.185.32.26 - - [10/Jan/2021:11:30:22 +0800] "POST /xingrg/kc/buy/cgsh_order_operate.html HTTP/1.1" 200 2065
117.185.32.26 - - [10/Jan/2021:11:30:22 +0800] "GET /xingrg/all/function/internal_message.html?_=1610249885457&CODE_STATE=getMsg HTTP/1.1" 200 27
61.165.42.208 - - [10/Jan/2021:11:30:23 +0800] "GET /xingrg/all/function/internal_message.html?_=1610249401040&CODE_STATE=getMsg HTTP/1.1" 200 27
120.253.135.82 - - [10/Jan/2021:11:30:23 +0800] "GET /xingrg/check_reg.html?_=1610249177875 HTTP/1.1" 200 22
180.156.237.57 - - [10/Jan/2021:11:30:23 +0800] "POST /xingrg/all/user/operate.html HTTP/1.1" 200 36
180.156.237.57 - - [10/Jan/2021:11:30:23 +0800] "GET /xingrg/javascript/jquery_easy_ui/themes/default/easyui.css HTTP/1.1" 304 -
180.156.237.57 - - [10/Jan/2021:11:30:23 +0800] "GET /xingrg/index.html?sysBaseUrl=http%3A%2F%2F180.169.147.146%3A18081%2Fxingrg%2F&costTime=42×tamp=1610238540195 HTTP/1.1" 200 17177
180.156.237.57 - - [10/Jan/2021:11:30:23 +0800] "GET /xingrg/javascript/jquery_easy_ui/themes/icon.css HTTP/1.1" 304 -
120.253.135.82 - - [10/Jan/2021:11:30:23 +0800] "GET /xingrg/all/function/internal_message.html?_=1610249178375&CODE_STATE=getMsg HTTP/1.1" 200 27
180.156.237.57 - - [10/Jan/2021:11:30:23 +0800] "GET /xingrg/css/form.css HTTP/1.1" 304 -
180.156.237.57 - - [10/Jan/2021:11:30:23 +0800] "GET /xingrg/javascript/jquery-1.4.2.min.js HTTP/1.1" 304 -
180.156.237.57 - - [10/Jan/2021:11:30:23 +0800] "GET /xingrg/javascript/jquery_easy_ui/jquery.easyui.min.js HTTP/1.1" 304 -
180.156.237.57 - - [10/Jan/2021:11:30:23 +0800] "GET /xingrg/javascript/jquery_easy_ui/easyui-lang-zh_CN.js HTTP/1.1" 304 -
180.156.237.57 - - [10/Jan/2021:11:30:23 +0800] "GET /xingrg/javascript/jquery.form.js HTTP/1.1" 304 -
180.156.237.57 - - [10/Jan/2021:11:30:23 +0800] "GET /xingrg/javascript/jquery.utils.js HTTP/1.1" 304 -
180.156.237.57 - - [10/Jan/2021:11:30:23 +0800] "GET /xingrg/javascript/jquery.timers.js HTTP/1.1" 304 -
180.156.237.57 - - [10/Jan/2021:11:30:23 +0800] "GET /xingrg/images/blue/jxLogo.png HTTP/1.1" 304 -
180.156.237.57 - - [10/Jan/2021:11:30:23 +0800] "GET /xingrg/javascript/jquery_easy_ui/themes/icons/settle_new.png HTTP/1.1" 304 -
180.156.237.57 - - [10/Jan/2021:11:30:23 +0800] "GET /xingrg/images/blue/navBackgound.jpg HTTP/1.1" 304 -
180.156.237.57 - - [10/Jan/2021:11:30:23 +0800] "POST /xingrg/all/common/load_tree.html?tree=area_rest_tree_json&manage=1 HTTP/1.1" 200 476
180.156.237.57 - - [10/Jan/2021:11:30:23 +0800] "GET /xingrg/javascript/jquery_easy_ui/themes/default/images/tabs_rightarrow.png HTTP/1.1" 304 -
180.156.237.57 - - [10/Jan/2021:11:30:23 +0800] "GET /xingrg/all/function/internal_message.html?_=1610249421187&CODE_STATE=count HTTP/1.1" 200 11
180.156.237.57 - - [10/Jan/2021:11:30:23 +0800] "GET /xingrg/check_reg.html?_=1610249421187 HTTP/1.1" 200 22
180.156.237.57 - - [10/Jan/2021:11:30:23 +0800] "GET /xingrg/javascript/jquery_easy_ui/themes/default/images/panel_tool_collapse.gif HTTP/1.1" 304 -
180.156.237.57 - - [10/Jan/2021:11:30:23 +0800] "GET /xingrg/javascript/jquery_easy_ui/themes/default/images/tabs_leftarrow.png HTTP/1.1" 304 -
180.156.237.57 - - [10/Jan/2021:11:30:23 +0800] "GET /xingrg/images/blue/pingpu.png HTTP/1.1" 304 -
180.156.237.57 - - [10/Jan/2021:11:30:23 +0800] "POST /xingrg/load_menu.html HTTP/1.1" 200 5138
172.17.0.120 - - [10/Jan/2021:11:30:25 +0800] "GET /xingrg/all/function/internal_message.html?_=1610249421591&CODE_STATE=getMsg HTTP/1.1" 200 27
101.89.239.216 - - [10/Jan/2021:11:30:26 +0800] "GET /xingrg/all/function/internal_message.html?_=1610248948617&CODE_STATE=getMsg HTTP/1.1" 302 -
172.17.0.240 - - [10/Jan/2021:11:30:26 +0800] "GET /xingrg/all/function/internal_message.html?_=1610249421635&CODE_STATE=getMsg HTTP/1.1" 200 27
180.156.237.57 - - [10/Jan/2021:11:30:27 +0800] "GET /xingrg/kc/buy/cgsh_order_list.html HTTP/1.1" 200 46009
180.156.237.57 - - [10/Jan/2021:11:30:27 +0800] "POST /xingrg/kc/buy/cgsh_list_operate.html HTTP/1.1" 200 876
172.17.0.100 - - [10/Jan/2021:11:30:27 +0800] "GET /xingrg/all/function/internal_message.html?_=1610249423793&CODE_STATE=getMsg HTTP/1.1" 200 27
172.17.0.100 - - [10/Jan/2021:11:30:27 +0800] "GET /xingrg/check_reg.html?_=1610249423822 HTTP/1.1" 200 22
222.70.174.6 - - [10/Jan/2021:11:30:28 +0800] "GET /xingrg/kc/buy/cgsh_order_operate.html?command=get_materiel&rest_code=00146&code=00101006109&supplier_code=00100012&order_time=2021-01-10 HTTP/1.1" 200 409
180.156.237.57 - - [10/Jan/2021:11:30:28 +0800] "GET /xingrg/kc/buy/cgsh_order_add.html HTTP/1.1" 200 61384
180.156.237.57 - - [10/Jan/2021:11:30:28 +0800] "POST /xingrg/kc/buy/cgsh_order_operate.html HTTP/1.1" 200 8245
180.156.237.57 - - [10/Jan/2021:11:30:29 +0800] "GET /xingrg/all/common/auto_word.html?type=employee&rest_code=00151 HTTP/1.1" 200 243
180.156.237.57 - - [10/Jan/2021:11:30:29 +0800] "GET /xingrg/javascript/easyui/themes/default/validatebox.css HTTP/1.1" 404 1104
180.156.237.57 - - [10/Jan/2021:11:30:29 +0800] "GET /xingrg/all/common/auto_word.html?type=employee&rest_code=00151 HTTP/1.1" 200 243
117.184.7.30 - - [10/Jan/2021:11:30:29 +0800] "GET /xingrg/all/function/internal_message.html?_=1610249425298&CODE_STATE=getMsg HTTP/1.1" 200 27
116.228.172.94 - - [10/Jan/2021:11:30:30 +0800] "GET /xingrg/all/function/internal_message.html?_=1610249426102&CODE_STATE=getMsg HTTP/1.1" 200 27
180.156.237.57 - - [10/Jan/2021:11:30:30 +0800] "GET /xingrg/javascript/auto/indicator.gif HTTP/1.1" 404 1066
222.69.136.245 - - [10/Jan/2021:11:30:31 +0800] "GET /xingrg/all/function/internal_message.html?_=1610249427773&CODE_STATE=getMsg HTTP/1.1" 200 27
101.89.239.216 - - [10/Jan/2021:11:30:32 +0800] "GET /xingrg/login.html HTTP/1.1" 200 7641
117.185.32.26 - - [10/Jan/2021:11:30:32 +0800] "GET /xingrg/kc/buy/cgsh_order_operate.html?command=get_materiel&rest_code=00106&code=00101008261&supplier_code=00100007&order_time=2021-01-10 HTTP/1.1" 200 408
180.175.150.119 - - [10/Jan/2021:11:30:35 +0800] "GET /xingrg/all/function/internal_message.html?_=1610249668918&CODE_STATE=getMsg HTTP/1.1" 200 27
180.175.150.119 - - [10/Jan/2021:11:30:37 +0800] "GET /xingrg/all/function/internal_message.html?_=1610249435340&CODE_STATE=getMsg HTTP/1.1" 200 27
222.70.174.6 - - [10/Jan/2021:11:30:37 +0800] "GET /xingrg/kc/buy/cgsh_order_operate.html?command=get_materiel&rest_code=00146&code=00101006144&supplier_code=00100012&order_time=2021-01-10 HTTP/1.1" 200 409
172.17.200.101 - - [10/Jan/2021:11:30:37 +0800] "GET /xingrg/all/function/internal_message.html?_=1610249433693&CODE_STATE=getMsg HTTP/1.1" 200 27
61.165.42.208 - - [10/Jan/2021:11:30:40 +0800] "POST /xingrg/kc/base/wldb_order_operate.html HTTP/1.1" 200 37
61.165.42.208 - - [10/Jan/2021:11:30:40 +0800] "POST /xingrg/kc/base/wldb_order_operate.html HTTP/1.1" 200 3639
