117.184.7.30 - - [10/Jan/2021:11:11:22 +0800] "POST /xingrg/dwr/call/plaincall/AjaxYddbService.getMaterielByMap.dwr HTTP/1.1" 200 2690
120.253.135.82 - - [10/Jan/2021:11:11:23 +0800] "GET /xingrg/all/function/internal_message.html?_=1610248038038&CODE_STATE=getMsg HTTP/1.1" 200 27
117.184.7.30 - - [10/Jan/2021:11:11:25 +0800] "POST /xingrg/dwr/call/plaincall/AjaxYddbService.saveMaterielItem.dwr HTTP/1.1" 200 79
172.17.0.120 - - [10/Jan/2021:11:11:25 +0800] "GET /xingrg/all/function/internal_message.html?_=1610248281576&CODE_STATE=getMsg HTTP/1.1" 200 27
117.184.7.30 - - [10/Jan/2021:11:11:26 +0800] "POST /xingrg/dwr/call/plaincall/AjaxComOrderService.getMaterielSearchList.dwr HTTP/1.1" 200 77
172.17.0.240 - - [10/Jan/2021:11:11:26 +0800] "GET /xingrg/all/function/internal_message.html?_=1610248281636&CODE_STATE=getMsg HTTP/1.1" 200 27
117.184.7.30 - - [10/Jan/2021:11:11:27 +0800] "POST /xingrg/dwr/call/plaincall/AjaxComOrderService.getMaterielSearchList.dwr HTTP/1.1" 200 77
172.17.0.100 - - [10/Jan/2021:11:11:27 +0800] "GET /xingrg/all/function/internal_message.html?_=1610248283790&CODE_STATE=getMsg HTTP/1.1" 200 27
117.184.7.30 - - [10/Jan/2021:11:11:28 +0800] "POST /xingrg/dwr/call/plaincall/AjaxComOrderService.getMaterielSearchList.dwr HTTP/1.1" 200 1212
101.85.52.2 - - [10/Jan/2021:11:11:29 +0800] "GET /xingrg/kc/print/load_data.html?order_code=212021011004095&kc_code=cgsh&condition= HTTP/1.1" 200 1360
117.184.7.30 - - [10/Jan/2021:11:11:29 +0800] "GET /xingrg/all/function/internal_message.html?_=1610248285289&CODE_STATE=getMsg HTTP/1.1" 200 27
116.228.172.94 - - [10/Jan/2021:11:11:30 +0800] "GET /xingrg/all/function/internal_message.html?_=1610248286444&CODE_STATE=getMsg HTTP/1.1" 200 27
222.69.136.245 - - [10/Jan/2021:11:11:32 +0800] "GET /xingrg/all/function/internal_message.html?_=1610248288117&CODE_STATE=getMsg HTTP/1.1" 200 27
117.185.32.26 - - [10/Jan/2021:11:11:34 +0800] "POST /xingrg/kc/buy/cgsh_order_operate.html HTTP/1.1" 200 37
180.175.150.119 - - [10/Jan/2021:11:11:35 +0800] "GET /xingrg/check_reg.html?_=1610248293764 HTTP/1.1" 200 22
180.175.150.119 - - [10/Jan/2021:11:11:36 +0800] "GET /xingrg/all/function/internal_message.html?_=1610248293959&CODE_STATE=getMsg HTTP/1.1" 200 27
117.185.32.26 - - [10/Jan/2021:11:11:36 +0800] "POST /xingrg/kc/buy/cgsh_order_operate.html HTTP/1.1" 200 12
117.185.32.26 - - [10/Jan/2021:11:11:37 +0800] "GET /xingrg/kc/buy/cgsh_order_info.html?code=212021011004096 HTTP/1.1" 200 56649
172.17.200.101 - - [10/Jan/2021:11:11:37 +0800] "GET /xingrg/all/function/internal_message.html?_=1610248293677&CODE_STATE=getMsg HTTP/1.1" 200 27
117.185.32.26 - - [10/Jan/2021:11:11:37 +0800] "GET /xingrg/javascript/easyui/themes/default/validatebox.css HTTP/1.1" 404 1104
101.85.52.2 - - [10/Jan/2021:11:11:38 +0800] "GET /xingrg/kc/buy/cgsh_order_add.html HTTP/1.1" 200 60861
117.185.32.26 - - [10/Jan/2021:11:11:38 +0800] "POST /xingrg/kc/buy/cgsh_order_operate.html HTTP/1.1" 200 607
101.85.52.2 - - [10/Jan/2021:11:11:38 +0800] "POST /xingrg/kc/buy/cgsh_order_operate.html HTTP/1.1" 200 8245
101.85.52.2 - - [10/Jan/2021:11:11:38 +0800] "GET /xingrg/javascript/easyui/themes/default/validatebox.css HTTP/1.1" 404 1104
117.185.32.26 - - [10/Jan/2021:11:11:40 +0800] "GET /xingrg/kc/print/load_data.html?order_code=212021011004096&kc_code=cgsh&condition= HTTP/1.1" 200 712
180.175.150.119 - - [10/Jan/2021:11:11:44 +0800] "GET /xingrg/kc/buy/cgsh_order_operate.html?command=get_materiel&rest_code=00102&code=00101008088&supplier_code=00100008&order_time=2021-01-10 HTTP/1.1" 200 409
222.69.136.245 - - [10/Jan/2021:11:11:45 +0800] "GET /xingrg/kc/buy/cgsh_order_operate.html?command=get_materiel&rest_code=00149&code=00101011003&supplier_code=00100051&order_time=2021-01-10 HTTP/1.1" 200 413
114.88.169.67 - - [10/Jan/2021:11:11:50 +0800] "GET /xingrg/all/function/internal_message.html?_=1610248306174&CODE_STATE=getMsg HTTP/1.1" 200 27
114.88.169.67 - - [10/Jan/2021:11:11:52 +0800] "GET /xingrg/all/function/internal_message.html?_=1610248300440&CODE_STATE=getMsg HTTP/1.1" 200 27
172.17.0.123 - - [10/Jan/2021:11:11:53 +0800] "GET /xingrg/all/function/internal_message.html?_=1610248211414&CODE_STATE=getMsg HTTP/1.1" 200 27
222.69.136.245 - - [10/Jan/2021:11:11:53 +0800] "GET /xingrg/kc/buy/cgsh_order_operate.html?command=get_materiel&rest_code=00149&code=00101011005&supplier_code=00100051&order_time=2021-01-10 HTTP/1.1" 200 428
117.185.32.26 - - [10/Jan/2021:11:11:54 +0800] "GET /xingrg/kc/buy/cgsh_order_add.html HTTP/1.1" 200 61743
117.185.32.26 - - [10/Jan/2021:11:11:54 +0800] "POST /xingrg/kc/buy/cgsh_order_operate.html HTTP/1.1" 200 8245
117.184.7.30 - - [10/Jan/2021:11:11:54 +0800] "POST /xingrg/dwr/call/plaincall/AjaxYddbService.getMaterielByMap.dwr HTTP/1.1" 200 2685
117.185.32.26 - - [10/Jan/2021:11:11:54 +0800] "GET /xingrg/javascript/easyui/themes/default/validatebox.css HTTP/1.1" 404 1104
117.131.5.26 - - [10/Jan/2021:11:11:54 +0800] "GET /xingrg/all/function/internal_message.html?_=1610248360271&CODE_STATE=getMsg HTTP/1.1" 200 27
180.175.150.119 - - [10/Jan/2021:11:11:55 +0800] "GET /xingrg/kc/buy/cgsh_order_operate.html?command=get_materiel&rest_code=00102&code=00101008224&supplier_code=00100008&order_time=2021-01-10 HTTP/1.1" 200 416
117.185.32.26 - - [10/Jan/2021:11:11:56 +0800] "GET /xingrg/javascript/easyui/themes/default/tree.css HTTP/1.1" 404 1090
117.185.32.26 - - [10/Jan/2021:11:11:56 +0800] "POST /xingrg/all/common/load_tree.html?tree=supplier_tree_json&isDelete=1 HTTP/1.1" 200 54158
222.70.174.6 - - [10/Jan/2021:11:11:58 +0800] "GET /xingrg/check_reg.html?_=1610248326744 HTTP/1.1" 200 22
222.70.174.6 - - [10/Jan/2021:11:11:58 +0800] "GET /xingrg/all/function/internal_message.html?_=1610248326878&CODE_STATE=getMsg HTTP/1.1" 200 27
61.165.42.208 - - [10/Jan/2021:11:11:58 +0800] "GET /xingrg/all/function/internal_message.html?_=1610248314502&CODE_STATE=getMsg HTTP/1.1" 200 27
117.184.7.30 - - [10/Jan/2021:11:11:59 +0800] "GET /xingrg/images/yd/bt.gif HTTP/1.1" 404 1040
101.85.52.2 - - [10/Jan/2021:11:11:59 +0800] "GET /xingrg/kc/buy/cgsh_order_operate.html?command=get_materiel&rest_code=00145&code=00101008024&supplier_code=00100007&order_time=2021-01-03 HTTP/1.1" 200 408
180.175.150.119 - - [10/Jan/2021:11:12:00 +0800] "GET /xingrg/kc/buy/cgsh_order_operate.html?command=get_materiel&rest_code=00102&code=00101008003&supplier_code=00100008&order_time=2021-01-10 HTTP/1.1" 200 408
222.69.136.245 - - [10/Jan/2021:11:12:02 +0800] "POST /xingrg/kc/buy/cgsh_order_operate.html HTTP/1.1" 200 37
172.17.0.108 - - [10/Jan/2021:11:12:02 +0800] "GET /xingrg/check_reg.html?_=1610248318677 HTTP/1.1" 302 -
117.184.7.26 - - [10/Jan/2021:11:12:03 +0800] "POST /xingrg/dwr/call/plaincall/AjaxYddbService.removeMaterielItem.dwr HTTP/1.1" 200 79
222.69.133.109 - - [10/Jan/2021:11:12:04 +0800] "GET /xingrg/all/function/internal_message.html?_=1610248321744&CODE_STATE=getMsg HTTP/1.1" 200 27
222.69.136.245 - - [10/Jan/2021:11:12:04 +0800] "POST /xingrg/kc/buy/cgsh_order_operate.html HTTP/1.1" 200 12
58.37.230.33 - - [10/Jan/2021:11:12:04 +0800] "GET /xingrg/all/function/internal_message.html?_=1610248348603&CODE_STATE=getMsg HTTP/1.1" 200 27
58.37.230.33 - - [10/Jan/2021:11:12:04 +0800] "GET /xingrg/check_reg.html?_=1610248348605 HTTP/1.1" 200 22
180.156.237.57 - - [10/Jan/2021:11:12:05 +0800] "GET /xingrg/all/function/internal_message.html?_=1610248322413&CODE_STATE=getMsg HTTP/1.1" 200 27
222.69.136.245 - - [10/Jan/2021:11:12:05 +0800] "GET /xingrg/kc/buy/cgsh_order_info.html?code=212021011004097 HTTP/1.1" 200 56698
222.69.136.245 - - [10/Jan/2021:11:12:06 +0800] "GET /xingrg/javascript/easyui/themes/default/validatebox.css HTTP/1.1" 404 1104
222.69.136.245 - - [10/Jan/2021:11:12:06 +0800] "POST /xingrg/kc/buy/cgsh_order_operate.html HTTP/1.1" 200 1197
117.184.7.26 - - [10/Jan/2021:11:12:07 +0800] "POST /xingrg/dwr/call/plaincall/AjaxComOrderService.getMaterielSearchList.dwr HTTP/1.1" 200 77
222.69.136.245 - - [10/Jan/2021:11:12:07 +0800] "GET /xingrg/kc/print/load_data.html?order_code=212021011004097&kc_code=cgsh&condition= HTTP/1.1" 200 939
117.184.7.26 - - [10/Jan/2021:11:12:08 +0800] "POST /xingrg/dwr/call/plaincall/AjaxComOrderService.getMaterielSearchList.dwr HTTP/1.1" 200 1212
180.175.150.119 - - [10/Jan/2021:11:12:09 +0800] "GET /xingrg/kc/buy/cgsh_order_operate.html?command=get_materiel&rest_code=00102&code=00101008300&supplier_code=00100008&order_time=2021-01-10 HTTP/1.1" 200 412
180.175.150.119 - - [10/Jan/2021:11:12:11 +0800] "GET /xingrg/all/function/internal_message.html?_=1610248565397&CODE_STATE=getMsg HTTP/1.1" 200 27
117.184.7.26 - - [10/Jan/2021:11:12:13 +0800] "POST /xingrg/dwr/call/plaincall/AjaxYddbService.getMaterielByMap.dwr HTTP/1.1" 200 2685
101.85.52.2 - - [10/Jan/2021:11:12:13 +0800] "GET /xingrg/all/function/internal_message.html?_=1610248314268&CODE_STATE=getMsg HTTP/1.1" 200 27
180.175.150.119 - - [10/Jan/2021:11:12:15 +0800] "GET /xingrg/kc/buy/cgsh_order_operate.html?command=get_materiel&rest_code=00102&code=00101008251&supplier_code=00100008&order_time=2021-01-10 HTTP/1.1" 200 408
61.165.42.208 - - [10/Jan/2021:11:12:15 +0800] "GET /xingrg/all/function/internal_message.html?_=1610248313539&CODE_STATE=getMsg HTTP/1.1" 200 27
61.165.42.208 - - [10/Jan/2021:11:12:15 +0800] "GET /xingrg/check_reg.html?_=1610248313542 HTTP/1.1" 200 22
117.185.32.26 - - [10/Jan/2021:11:12:15 +0800] "GET /xingrg/kc/buy/cgsh_order_operate.html?command=get_materiel&rest_code=00106&code=00101010327&supplier_code=00100327&order_time=2021-01-10 HTTP/1.1" 200 403
117.185.32.26 - - [10/Jan/2021:11:12:17 +0800] "GET /xingrg/all/function/internal_message.html?_=1610248326790&CODE_STATE=getMsg HTTP/1.1" 200 27
172.17.0.103 - - [10/Jan/2021:11:12:18 +0800] "GET /xingrg/all/function/internal_message.html?_=1610248333729&CODE_STATE=getMsg HTTP/1.1" 200 27
114.86.226.161 - - [10/Jan/2021:11:12:18 +0800] "GET /xingrg/all/function/internal_message.html?_=1610248401108&CODE_STATE=getMsg HTTP/1.1" 200 27
120.253.135.82 - - [10/Jan/2021:11:12:19 +0800] "GET /xingrg/kc/pszx/mdps_order_list.html?orderType=0 HTTP/1.1" 200 21153
120.253.135.82 - - [10/Jan/2021:11:12:19 +0800] "POST /xingrg/kc/pszx/mdps_list_operate.html HTTP/1.1" 200 5466
117.184.7.26 - - [10/Jan/2021:11:12:20 +0800] "GET /xingrg/images/yd/bt2.gif HTTP/1.1" 404 1042
222.70.174.6 - - [10/Jan/2021:11:12:20 +0800] "POST /xingrg/kc/buy/cgsh_list_operate.html HTTP/1.1" 200 566
180.175.150.119 - - [10/Jan/2021:11:12:20 +0800] "GET /xingrg/kc/buy/cgsh_order_operate.html?command=get_materiel&rest_code=00102&code=00101008209&supplier_code=00100008&order_time=2021-01-10 HTTP/1.1" 200 408
222.70.174.6 - - [10/Jan/2021:11:12:21 +0800] "GET /xingrg/kc/buy/cgsh_order_info.html?code=212021010903470 HTTP/1.1" 200 61760
222.70.174.6 - - [10/Jan/2021:11:12:22 +0800] "GET /xingrg/javascript/easyui/themes/default/validatebox.css HTTP/1.1" 404 1104
117.185.32.26 - - [10/Jan/2021:11:12:22 +0800] "GET /xingrg/all/function/internal_message.html?_=1610248805565&CODE_STATE=getMsg HTTP/1.1" 200 27
222.70.174.6 - - [10/Jan/2021:11:12:22 +0800] "POST /xingrg/kc/buy/cgsh_order_operate.html HTTP/1.1" 200 5601
222.69.136.245 - - [10/Jan/2021:11:12:22 +0800] "GET /xingrg/kc/buy/cgsh_order_add.html HTTP/1.1" 200 61796
117.184.7.26 - - [10/Jan/2021:11:12:23 +0800] "POST /xingrg/dwr/call/plaincall/AjaxYddbService.removeMaterielItem.dwr HTTP/1.1" 200 79
120.253.135.82 - - [10/Jan/2021:11:12:23 +0800] "GET /xingrg/all/function/internal_message.html?_=1610248098051&CODE_STATE=getMsg HTTP/1.1" 200 27
222.69.136.245 - - [10/Jan/2021:11:12:23 +0800] "POST /xingrg/kc/buy/cgsh_order_operate.html HTTP/1.1" 200 8245
222.69.136.245 - - [10/Jan/2021:11:12:23 +0800] "GET /xingrg/javascript/easyui/themes/default/validatebox.css HTTP/1.1" 404 1104
180.175.150.119 - - [10/Jan/2021:11:12:24 +0800] "GET /xingrg/kc/buy/cgsh_order_operate.html?command=get_materiel&rest_code=00102&code=00101008137&supplier_code=00100008&order_time=2021-01-10 HTTP/1.1" 200 408
101.85.52.2 - - [10/Jan/2021:11:12:25 +0800] "GET /xingrg/kc/buy/cgsh_order_operate.html?command=get_materiel&rest_code=00145&code=00101008355&supplier_code=00100007&order_time=2021-01-03 HTTP/1.1" 200 408
117.184.7.26 - - [10/Jan/2021:11:12:25 +0800] "POST /xingrg/dwr/call/plaincall/AjaxComOrderService.getMaterielSearchList.dwr HTTP/1.1" 200 77
172.17.0.120 - - [10/Jan/2021:11:12:25 +0800] "GET /xingrg/all/function/internal_message.html?_=1610248341580&CODE_STATE=getMsg HTTP/1.1" 200 27
172.17.0.240 - - [10/Jan/2021:11:12:26 +0800] "GET /xingrg/all/function/internal_message.html?_=1610248341626&CODE_STATE=getMsg HTTP/1.1" 200 27
117.184.7.26 - - [10/Jan/2021:11:12:26 +0800] "POST /xingrg/dwr/call/plaincall/AjaxComOrderService.getMaterielSearchList.dwr HTTP/1.1" 200 547
117.184.7.26 - - [10/Jan/2021:11:12:27 +0800] "POST /xingrg/dwr/call/plaincall/AjaxComOrderService.getMaterielSearchList.dwr HTTP/1.1" 200 547
172.17.0.100 - - [10/Jan/2021:11:12:27 +0800] "GET /xingrg/all/function/internal_message.html?_=1610248343792&CODE_STATE=getMsg HTTP/1.1" 200 27
120.253.135.82 - - [10/Jan/2021:11:12:28 +0800] "POST /xingrg/kc/pszx/mdps_list_operate.html HTTP/1.1" 200 2417
120.253.135.82 - - [10/Jan/2021:11:12:29 +0800] "POST /xingrg/kc/pszx/mdps_list_operate.html HTTP/1.1" 200 208
222.70.174.6 - - [10/Jan/2021:11:12:29 +0800] "POST /xingrg/kc/buy/cgsh_order_operate.html HTTP/1.1" 200 37
117.184.7.26 - - [10/Jan/2021:11:12:29 +0800] "GET /xingrg/all/function/internal_message.html?_=1610248345287&CODE_STATE=getMsg HTTP/1.1" 200 27
120.253.135.82 - - [10/Jan/2021:11:12:29 +0800] "GET /xingrg/kc/pszx/mdps_order_info.html?code=312021010500159 HTTP/1.1" 200 23887
120.253.135.82 - - [10/Jan/2021:11:12:30 +0800] "GET /xingrg/javascript/easyui/themes/default/validatebox.css HTTP/1.1" 404 1104
120.253.135.82 - - [10/Jan/2021:11:12:30 +0800] "POST /xingrg/kc/pszx/mdps_order_operate.html HTTP/1.1" 200 2291
172.17.0.120 - - [10/Jan/2021:11:12:30 +0800] "GET /xingrg/javascript/auto/indicator.gif HTTP/1.1" 404 1066
116.228.172.94 - - [10/Jan/2021:11:12:30 +0800] "GET /xingrg/all/function/internal_message.html?_=1610248346435&CODE_STATE=getMsg HTTP/1.1" 200 27
117.184.7.26 - - [10/Jan/2021:11:12:30 +0800] "POST /xingrg/dwr/call/plaincall/AjaxYddbService.getMaterielByMap.dwr HTTP/1.1" 200 2685
222.70.174.6 - - [10/Jan/2021:11:12:31 +0800] "POST /xingrg/kc/buy/cgsh_order_operate.html HTTP/1.1" 200 12
222.69.136.245 - - [10/Jan/2021:11:12:32 +0800] "GET /xingrg/all/function/internal_message.html?_=1610248348131&CODE_STATE=getMsg HTTP/1.1" 200 27
117.184.7.26 - - [10/Jan/2021:11:12:32 +0800] "POST /xingrg/dwr/call/plaincall/AjaxYddbService.saveMaterielItem.dwr HTTP/1.1" 200 79
222.70.174.6 - - [10/Jan/2021:11:12:32 +0800] "GET /xingrg/kc/buy/cgsh_order_info.html?code=212021010903470 HTTP/1.1" 200 56653
117.184.7.26 - - [10/Jan/2021:11:12:33 +0800] "POST /xingrg/dwr/call/plaincall/AjaxComOrderService.getMaterielSearchList.dwr HTTP/1.1" 200 77
120.253.135.82 - - [10/Jan/2021:11:12:33 +0800] "POST /xingrg/kc/pszx/mdps_order_operate.html HTTP/1.1" 200 37
222.70.174.6 - - [10/Jan/2021:11:12:33 +0800] "GET /xingrg/javascript/easyui/themes/default/validatebox.css HTTP/1.1" 404 1104
117.185.32.26 - - [10/Jan/2021:11:12:33 +0800] "POST /xingrg/kc/buy/cgsh_order_operate.html HTTP/1.1" 200 37
222.70.174.6 - - [10/Jan/2021:11:12:34 +0800] "POST /xingrg/kc/buy/cgsh_order_operate.html HTTP/1.1" 200 3549
120.253.135.82 - - [10/Jan/2021:11:12:34 +0800] "POST /xingrg/kc/pszx/mdps_order_operate.html HTTP/1.1" 200 12
180.175.150.119 - - [10/Jan/2021:11:12:35 +0800] "POST /xingrg/kc/buy/cgsh_order_operate.html HTTP/1.1" 200 2065
101.85.52.2 - - [10/Jan/2021:11:12:35 +0800] "GET /xingrg/kc/buy/cgsh_order_operate.html?command=get_materiel&rest_code=00145&code=00101008356&supplier_code=00100007&order_time=2021-01-03 HTTP/1.1" 200 408
117.184.7.26 - - [10/Jan/2021:11:12:35 +0800] "POST /xingrg/dwr/call/plaincall/AjaxComOrderService.getMaterielSearchList.dwr HTTP/1.1" 200 77
120.253.135.82 - - [10/Jan/2021:11:12:35 +0800] "GET /xingrg/kc/pszx/mdps_order_info.html?code=312021010500159 HTTP/1.1" 200 19547
120.253.135.82 - - [10/Jan/2021:11:12:35 +0800] "POST /xingrg/kc/pszx/mdps_order_operate.html HTTP/1.1" 200 513
120.253.135.82 - - [10/Jan/2021:11:12:35 +0800] "GET /xingrg/javascript/easyui/themes/default/validatebox.css HTTP/1.1" 404 1104
180.175.150.119 - - [10/Jan/2021:11:12:36 +0800] "GET /xingrg/all/function/internal_message.html?_=1610248354125&CODE_STATE=getMsg HTTP/1.1" 200 27
117.185.32.26 - - [10/Jan/2021:11:12:36 +0800] "POST /xingrg/kc/buy/cgsh_order_operate.html HTTP/1.1" 200 12
117.184.7.26 - - [10/Jan/2021:11:12:36 +0800] "POST /xingrg/dwr/call/plaincall/AjaxComOrderService.getMaterielSearchList.dwr HTTP/1.1" 200 1125
222.69.136.245 - - [10/Jan/2021:11:12:36 +0800] "GET /xingrg/kc/buy/cgsh_order_operate.html?command=get_materiel&rest_code=00149&code=00102002453&supplier_code=00100072&order_time=2021-01-10 HTTP/1.1" 200 434
172.17.0.120 - - [10/Jan/2021:11:12:37 +0800] "POST /xingrg/kc/buy/cgsh_list_operate.html HTTP/1.1" 200 2107
117.185.32.26 - - [10/Jan/2021:11:12:37 +0800] "GET /xingrg/kc/buy/cgsh_order_info.html?code=212021011004098 HTTP/1.1" 200 56645
172.17.200.101 - - [10/Jan/2021:11:12:37 +0800] "GET /xingrg/all/function/internal_message.html?_=1610248353680&CODE_STATE=getMsg HTTP/1.1" 200 27
172.17.200.101 - - [10/Jan/2021:11:12:37 +0800] "GET /xingrg/check_reg.html?_=1610248353683 HTTP/1.1" 200 22
117.185.32.26 - - [10/Jan/2021:11:12:37 +0800] "GET /xingrg/javascript/easyui/themes/default/validatebox.css HTTP/1.1" 404 1104
117.185.32.26 - - [10/Jan/2021:11:12:38 +0800] "POST /xingrg/kc/buy/cgsh_order_operate.html HTTP/1.1" 200 612
120.253.135.82 - - [10/Jan/2021:11:12:38 +0800] "POST /xingrg/kc/pszx/mdps_list_operate.html HTTP/1.1" 200 198
120.253.135.82 - - [10/Jan/2021:11:12:39 +0800] "GET /xingrg/kc/pszx/mdps_order_info.html?code=312021011000312 HTTP/1.1" 200 23883
120.253.135.82 - - [10/Jan/2021:11:12:39 +0800] "POST /xingrg/kc/pszx/mdps_order_operate.html HTTP/1.1" 200 2268
120.253.135.82 - - [10/Jan/2021:11:12:39 +0800] "GET /xingrg/javascript/easyui/themes/default/validatebox.css HTTP/1.1" 404 1104
172.17.0.120 - - [10/Jan/2021:11:12:39 +0800] "POST /xingrg/kc/buy/cgsh_list_operate.html HTTP/1.1" 200 353
117.184.7.26 - - [10/Jan/2021:11:12:40 +0800] "POST /xingrg/dwr/call/plaincall/AjaxYddbService.getMaterielByMap.dwr HTTP/1.1" 200 2682
117.185.32.26 - - [10/Jan/2021:11:12:40 +0800] "GET /xingrg/kc/print/load_data.html?order_code=212021011004098&kc_code=cgsh&condition= HTTP/1.1" 200 701
101.85.52.2 - - [10/Jan/2021:11:12:42 +0800] "GET /xingrg/kc/buy/cgsh_order_operate.html?command=get_materiel&rest_code=00145&code=00101008361&supplier_code=00100007&order_time=2021-01-03 HTTP/1.1" 200 408
117.184.7.26 - - [10/Jan/2021:11:12:42 +0800] "POST /xingrg/dwr/call/plaincall/AjaxYddbService.saveMaterielItem.dwr HTTP/1.1" 200 79
172.17.0.120 - - [10/Jan/2021:11:12:42 +0800] "POST /xingrg/kc/buy/cgsh_list_operate.html HTTP/1.1" 200 4
117.184.7.26 - - [10/Jan/2021:11:12:42 +0800] "POST /xingrg/dwr/call/plaincall/AjaxComOrderService.getMaterielSearchList.dwr HTTP/1.1" 200 77
180.175.150.119 - - [10/Jan/2021:11:12:43 +0800] "GET /xingrg/kc/buy/cgsh_order_operate.html?command=get_materiel&rest_code=00102&code=00101008296&supplier_code=00100008&order_time=2021-01-10 HTTP/1.1" 200 416
120.253.135.82 - - [10/Jan/2021:11:12:43 +0800] "POST /xingrg/kc/pszx/mdps_order_operate.html HTTP/1.1" 200 37
172.17.0.120 - - [10/Jan/2021:11:12:44 +0800] "POST /xingrg/kc/buy/cgsh_list_operate.html HTTP/1.1" 200 2082
117.184.7.26 - - [10/Jan/2021:11:12:44 +0800] "POST /xingrg/dwr/call/plaincall/AjaxComOrderService.getMaterielSearchList.dwr HTTP/1.1" 200 77
120.253.135.82 - - [10/Jan/2021:11:12:44 +0800] "POST /xingrg/kc/pszx/mdps_order_operate.html HTTP/1.1" 200 12
117.184.7.26 - - [10/Jan/2021:11:12:46 +0800] "POST /xingrg/dwr/call/plaincall/AjaxComOrderService.getMaterielSearchList.dwr HTTP/1.1" 200 77
120.253.135.82 - - [10/Jan/2021:11:12:46 +0800] "GET /xingrg/kc/pszx/mdps_order_info.html?code=312021011000312 HTTP/1.1" 200 19543
120.253.135.82 - - [10/Jan/2021:11:12:46 +0800] "POST /xingrg/kc/pszx/mdps_order_operate.html HTTP/1.1" 200 488
120.253.135.82 - - [10/Jan/2021:11:12:46 +0800] "GET /xingrg/javascript/easyui/themes/default/validatebox.css HTTP/1.1" 404 1104
117.184.7.26 - - [10/Jan/2021:11:12:46 +0800] "POST /xingrg/dwr/call/plaincall/AjaxComOrderService.getMaterielSearchList.dwr HTTP/1.1" 200 283
222.69.136.245 - - [10/Jan/2021:11:12:47 +0800] "POST /xingrg/kc/buy/cgsh_order_operate.html HTTP/1.1" 200 37
117.184.7.26 - - [10/Jan/2021:11:12:47 +0800] "POST /xingrg/dwr/call/plaincall/AjaxYddbService.getMaterielByMap.dwr HTTP/1.1" 200 2690
120.253.135.82 - - [10/Jan/2021:11:12:48 +0800] "POST /xingrg/kc/pszx/mdps_list_operate.html HTTP/1.1" 200 1681
172.17.0.120 - - [10/Jan/2021:11:12:48 +0800] "POST /xingrg/kc/buy/cgsh_list_operate.html HTTP/1.1" 200 353
120.253.135.82 - - [10/Jan/2021:11:12:49 +0800] "POST /xingrg/kc/pszx/mdps_list_operate.html HTTP/1.1" 200 202
120.253.135.82 - - [10/Jan/2021:11:12:50 +0800] "GET /xingrg/kc/pszx/mdps_order_info.html?code=312021011000322 HTTP/1.1" 200 23881
114.88.169.67 - - [10/Jan/2021:11:12:50 +0800] "GET /xingrg/check_reg.html?_=1610248365883 HTTP/1.1" 200 22
120.253.135.82 - - [10/Jan/2021:11:12:50 +0800] "POST /xingrg/kc/pszx/mdps_order_operate.html HTTP/1.1" 200 2284
120.253.135.82 - - [10/Jan/2021:11:12:50 +0800] "GET /xingrg/javascript/easyui/themes/default/validatebox.css HTTP/1.1" 404 1104
117.184.7.26 - - [10/Jan/2021:11:12:50 +0800] "POST /xingrg/dwr/call/plaincall/AjaxYddbService.saveMaterielItem.dwr HTTP/1.1" 200 79
114.88.169.67 - - [10/Jan/2021:11:12:50 +0800] "GET /xingrg/all/function/internal_message.html?_=1610248366195&CODE_STATE=getMsg HTTP/1.1" 200 27
117.184.7.26 - - [10/Jan/2021:11:12:51 +0800] "POST /xingrg/dwr/call/plaincall/AjaxComOrderService.getMaterielSearchList.dwr HTTP/1.1" 200 77
117.184.7.26 - - [10/Jan/2021:11:12:52 +0800] "POST /xingrg/dwr/call/plaincall/AjaxComOrderService.getMaterielSearchList.dwr HTTP/1.1" 200 77
114.88.169.67 - - [10/Jan/2021:11:12:52 +0800] "GET /xingrg/all/function/internal_message.html?_=1610248360439&CODE_STATE=getMsg HTTP/1.1" 200 27
114.88.169.67 - - [10/Jan/2021:11:12:52 +0800] "GET /xingrg/check_reg.html?_=1610248360440 HTTP/1.1" 200 22
120.253.135.82 - - [10/Jan/2021:11:12:53 +0800] "POST /xingrg/kc/pszx/mdps_order_operate.html HTTP/1.1" 200 37
172.17.0.123 - - [10/Jan/2021:11:12:53 +0800] "GET /xingrg/check_reg.html?_=1610248271417 HTTP/1.1" 200 22
172.17.0.123 - - [10/Jan/2021:11:12:53 +0800] "GET /xingrg/all/function/internal_message.html?_=1610248271419&CODE_STATE=getMsg HTTP/1.1" 200 27
117.185.32.26 - - [10/Jan/2021:11:12:53 +0800] "GET /xingrg/kc/buy/cgsh_order_add.html HTTP/1.1" 200 61743
117.184.7.26 - - [10/Jan/2021:11:12:53 +0800] "POST /xingrg/dwr/call/plaincall/AjaxComOrderService.getMaterielSearchList.dwr HTTP/1.1" 200 77
117.185.32.26 - - [10/Jan/2021:11:12:54 +0800] "POST /xingrg/kc/buy/cgsh_order_operate.html HTTP/1.1" 200 8245
117.185.32.26 - - [10/Jan/2021:11:12:54 +0800] "GET /xingrg/javascript/easyui/themes/default/validatebox.css HTTP/1.1" 404 1104
222.69.136.245 - - [10/Jan/2021:11:12:54 +0800] "POST /xingrg/kc/buy/cgsh_order_operate.html HTTP/1.1" 200 12
117.184.7.26 - - [10/Jan/2021:11:12:54 +0800] "POST /xingrg/dwr/call/plaincall/AjaxComOrderService.getMaterielSearchList.dwr HTTP/1.1" 200 283
180.175.150.119 - - [10/Jan/2021:11:12:54 +0800] "GET /xingrg/kc/buy/cgsh_order_operate.html?command=get_materiel&rest_code=00102&code=00101008005&supplier_code=00100008&order_time=2021-01-10 HTTP/1.1" 200 412
117.131.5.26 - - [10/Jan/2021:11:12:54 +0800] "GET /xingrg/all/function/internal_message.html?_=1610248420270&CODE_STATE=getMsg HTTP/1.1" 200 27
120.253.135.82 - - [10/Jan/2021:11:12:54 +0800] "POST /xingrg/kc/pszx/mdps_order_operate.html HTTP/1.1" 200 12
117.184.7.26 - - [10/Jan/2021:11:12:55 +0800] "POST /xingrg/dwr/call/plaincall/AjaxYddbService.getMaterielByMap.dwr HTTP/1.1" 200 2690
222.70.174.6 - - [10/Jan/2021:11:12:55 +0800] "GET /xingrg/kc/buy/cgsh_order_list.html HTTP/1.1" 200 46011
101.93.222.235 - - [10/Jan/2021:11:12:56 +0800] "POST /xingrg/services/DataTransmitService HTTP/1.1" 200 524
117.185.32.26 - - [10/Jan/2021:11:12:56 +0800] "GET /xingrg/javascript/easyui/themes/default/tree.css HTTP/1.1" 404 1090
101.93.222.235 - - [10/Jan/2021:11:12:56 +0800] "POST /xingrg/services/DataTransmitService HTTP/1.1" 200 501
117.185.32.26 - - [10/Jan/2021:11:12:56 +0800] "POST /xingrg/all/common/load_tree.html?tree=supplier_tree_json&isDelete=1 HTTP/1.1" 200 54158
120.253.135.82 - - [10/Jan/2021:11:12:56 +0800] "GET /xingrg/kc/pszx/mdps_order_info.html?code=312021011000322 HTTP/1.1" 200 19541
222.70.174.6 - - [10/Jan/2021:11:12:57 +0800] "POST /xingrg/kc/buy/cgsh_list_operate.html HTTP/1.1" 200 2415
120.253.135.82 - - [10/Jan/2021:11:12:57 +0800] "POST /xingrg/kc/pszx/mdps_order_operate.html HTTP/1.1" 200 502
120.253.135.82 - - [10/Jan/2021:11:12:57 +0800] "GET /xingrg/javascript/easyui/themes/default/validatebox.css HTTP/1.1" 404 1104
222.69.136.245 - - [10/Jan/2021:11:12:58 +0800] "GET /xingrg/kc/buy/cgsh_order_info.html?code=212021011004099 HTTP/1.1" 200 56700
222.70.174.6 - - [10/Jan/2021:11:12:58 +0800] "GET /xingrg/all/function/internal_message.html?_=1610248386900&CODE_STATE=getMsg HTTP/1.1" 200 27
222.69.136.245 - - [10/Jan/2021:11:12:58 +0800] "GET /xingrg/javascript/easyui/themes/default/validatebox.css HTTP/1.1" 404 1104
61.165.42.208 - - [10/Jan/2021:11:12:58 +0800] "GET /xingrg/all/function/internal_message.html?_=1610248374472&CODE_STATE=getMsg HTTP/1.1" 200 27
222.69.136.245 - - [10/Jan/2021:11:12:58 +0800] "POST /xingrg/kc/buy/cgsh_order_operate.html HTTP/1.1" 200 611
120.253.135.82 - - [10/Jan/2021:11:12:59 +0800] "POST /xingrg/kc/pszx/mdps_list_operate.html HTTP/1.1" 200 868
180.175.150.119 - - [10/Jan/2021:11:13:00 +0800] "POST /xingrg/kc/buy/cgsh_order_operate.html HTTP/1.1" 200 2065
117.184.7.26 - - [10/Jan/2021:11:13:02 +0800] "POST /xingrg/dwr/call/plaincall/AjaxYddbService.saveMaterielItem.dwr HTTP/1.1" 200 79
180.175.150.119 - - [10/Jan/2021:11:13:03 +0800] "GET /xingrg/kc/buy/cgsh_order_operate.html?command=get_materiel&rest_code=00102&code=00101008242&supplier_code=00100008&order_time=2021-01-10 HTTP/1.1" 200 408
222.70.174.6 - - [10/Jan/2021:11:13:03 +0800] "POST /xingrg/kc/buy/cgsh_list_operate.html HTTP/1.1" 200 2415
222.69.133.109 - - [10/Jan/2021:11:13:04 +0800] "GET /xingrg/all/function/internal_message.html?_=1610248381739&CODE_STATE=getMsg HTTP/1.1" 200 27
120.253.135.82 - - [10/Jan/2021:11:13:04 +0800] "GET /xingrg/kc/pszx/mdqp_order_list.html?state=10 HTTP/1.1" 200 11008
120.253.135.82 - - [10/Jan/2021:11:13:04 +0800] "GET /xingrg/dwr/interface/AjaxReportQueryService.js HTTP/1.1" 200 13203
120.253.135.82 - - [10/Jan/2021:11:13:04 +0800] "GET /xingrg/dwr/interface/AjaxQqpsService.js HTTP/1.1" 200 16326
120.253.135.82 - - [10/Jan/2021:11:13:04 +0800] "GET /xingrg/dwr/engine.js HTTP/1.1" 200 43631
222.69.136.245 - - [10/Jan/2021:11:13:04 +0800] "GET /xingrg/kc/print/load_data.html?order_code=212021011004099&kc_code=cgsh&condition= HTTP/1.1" 200 718
222.69.133.109 - - [10/Jan/2021:11:13:04 +0800] "GET /xingrg/check_reg.html?_=1610248382350 HTTP/1.1" 200 22
58.37.230.33 - - [10/Jan/2021:11:13:04 +0800] "GET /xingrg/all/function/internal_message.html?_=1610248408589&CODE_STATE=getMsg HTTP/1.1" 200 27
180.156.237.57 - - [10/Jan/2021:11:13:05 +0800] "GET /xingrg/check_reg.html?_=1610248382418 HTTP/1.1" 200 22
180.156.237.57 - - [10/Jan/2021:11:13:05 +0800] "GET /xingrg/all/function/internal_message.html?_=1610248382420&CODE_STATE=getMsg HTTP/1.1" 200 27
222.70.174.6 - - [10/Jan/2021:11:13:06 +0800] "POST /xingrg/kc/buy/cgsh_list_operate.html HTTP/1.1" 200 2415
180.175.150.119 - - [10/Jan/2021:11:13:06 +0800] "GET /xingrg/kc/buy/cgsh_order_operate.html?command=get_materiel&rest_code=00102&code=00101008213&supplier_code=00100008&order_time=2021-01-10 HTTP/1.1" 200 412
222.70.174.6 - - [10/Jan/2021:11:13:08 +0800] "POST /xingrg/kc/buy/cgsh_list_operate.html HTTP/1.1" 200 353
101.85.52.2 - - [10/Jan/2021:11:13:08 +0800] "GET /xingrg/kc/buy/cgsh_order_operate.html?command=get_materiel&rest_code=00145&code=00101016057&supplier_code=00100007&order_time=2021-01-03 HTTP/1.1" 200 408
222.70.174.6 - - [10/Jan/2021:11:13:09 +0800] "GET /xingrg/kc/buy/cgsh_order_info.html?code=212021010903447 HTTP/1.1" 200 61760
222.70.174.6 - - [10/Jan/2021:11:13:09 +0800] "GET /xingrg/javascript/easyui/themes/default/validatebox.css HTTP/1.1" 404 1104
222.70.174.6 - - [10/Jan/2021:11:13:10 +0800] "POST /xingrg/kc/buy/cgsh_order_operate.html HTTP/1.1" 200 3844
180.175.150.119 - - [10/Jan/2021:11:13:11 +0800] "GET /xingrg/kc/buy/cgsh_order_operate.html?command=get_materiel&rest_code=00102&code=00101008007&supplier_code=00100008&order_time=2021-01-10 HTTP/1.1" 200 413
180.175.150.119 - - [10/Jan/2021:11:13:12 +0800] "GET /xingrg/all/function/internal_message.html?_=1610248626413&CODE_STATE=getMsg HTTP/1.1" 200 27
101.85.52.2 - - [10/Jan/2021:11:13:13 +0800] "GET /xingrg/check_reg.html?_=1610248374206 HTTP/1.1" 200 22
101.85.52.2 - - [10/Jan/2021:11:13:13 +0800] "GET /xingrg/all/function/internal_message.html?_=1610248374242&CODE_STATE=getMsg HTTP/1.1" 200 27
61.165.42.208 - - [10/Jan/2021:11:13:15 +0800] "GET /xingrg/all/function/internal_message.html?_=1610248373542&CODE_STATE=getMsg HTTP/1.1" 200 27
180.175.150.119 - - [10/Jan/2021:11:13:16 +0800] "GET /xingrg/kc/buy/cgsh_order_operate.html?command=get_materiel&rest_code=00102&code=00101008010&supplier_code=00100008&order_time=2021-01-10 HTTP/1.1" 200 412
117.185.32.26 - - [10/Jan/2021:11:13:17 +0800] "GET /xingrg/all/function/internal_message.html?_=1610248386765&CODE_STATE=getMsg HTTP/1.1" 200 27
117.185.32.26 - - [10/Jan/2021:11:13:17 +0800] "GET /xingrg/check_reg.html?_=1610248387377 HTTP/1.1" 200 22
172.17.0.103 - - [10/Jan/2021:11:13:18 +0800] "GET /xingrg/all/function/internal_message.html?_=1610248393718&CODE_STATE=getMsg HTTP/1.1" 200 27
101.85.52.2 - - [10/Jan/2021:11:13:18 +0800] "GET /xingrg/kc/buy/cgsh_order_operate.html?command=get_materiel&rest_code=00145&code=00101008092&supplier_code=00100007&order_time=2021-01-03 HTTP/1.1" 200 412
114.86.226.161 - - [10/Jan/2021:11:13:18 +0800] "GET /xingrg/check_reg.html?_=1610248461110 HTTP/1.1" 200 22
114.86.226.161 - - [10/Jan/2021:11:13:18 +0800] "GET /xingrg/all/function/internal_message.html?_=1610248461110&CODE_STATE=getMsg HTTP/1.1" 200 27
117.184.7.26 - - [10/Jan/2021:11:13:19 +0800] "POST /xingrg/dwr/call/plaincall/AjaxComOrderService.getMaterielSearchList.dwr HTTP/1.1" 200 77
117.184.7.26 - - [10/Jan/2021:11:13:19 +0800] "POST /xingrg/dwr/call/plaincall/AjaxComOrderService.getMaterielSearchList.dwr HTTP/1.1" 200 704
117.184.7.26 - - [10/Jan/2021:11:13:20 +0800] "POST /xingrg/dwr/call/plaincall/AjaxYddbService.getMaterielByMap.dwr HTTP/1.1" 200 2676
117.185.32.26 - - [10/Jan/2021:11:13:21 +0800] "GET /xingrg/kc/buy/cgsh_order_operate.html?command=get_materiel&rest_code=00106&code=00101006101&supplier_code=00100324&order_time=2021-01-10 HTTP/1.1" 200 421
180.175.150.119 - - [10/Jan/2021:11:13:21 +0800] "GET /xingrg/kc/buy/cgsh_order_operate.html?command=get_materiel&rest_code=00102&code=00101008306&supplier_code=00100008&order_time=2021-01-10 HTTP/1.1" 200 412
117.185.32.26 - - [10/Jan/2021:11:13:22 +0800] "GET /xingrg/check_reg.html?_=1610248865460 HTTP/1.1" 200 22
117.185.32.26 - - [10/Jan/2021:11:13:22 +0800] "GET /xingrg/all/function/internal_message.html?_=1610248865539&CODE_STATE=getMsg HTTP/1.1" 200 27
120.253.135.82 - - [10/Jan/2021:11:13:23 +0800] "GET /xingrg/all/function/internal_message.html?_=1610248158079&CODE_STATE=getMsg HTTP/1.1" 200 27
172.17.0.120 - - [10/Jan/2021:11:13:25 +0800] "GET /xingrg/all/function/internal_message.html?_=1610248401584&CODE_STATE=getMsg HTTP/1.1" 200 27
172.17.0.240 - - [10/Jan/2021:11:13:26 +0800] "GET /xingrg/all/function/internal_message.html?_=1610248401628&CODE_STATE=getMsg HTTP/1.1" 200 27
172.17.0.240 - - [10/Jan/2021:11:13:26 +0800] "GET /xingrg/check_reg.html?_=1610248401630 HTTP/1.1" 200 22
180.175.150.119 - - [10/Jan/2021:11:13:27 +0800] "GET /xingrg/kc/buy/cgsh_order_operate.html?command=get_materiel&rest_code=00102&code=00101008225&supplier_code=00100008&order_time=2021-01-10 HTTP/1.1" 200 416
172.17.0.100 - - [10/Jan/2021:11:13:27 +0800] "GET /xingrg/all/function/internal_message.html?_=1610248403796&CODE_STATE=getMsg HTTP/1.1" 200 27
117.184.7.26 - - [10/Jan/2021:11:13:29 +0800] "GET /xingrg/check_reg.html?_=1610248405287 HTTP/1.1" 200 22
117.184.7.26 - - [10/Jan/2021:11:13:29 +0800] "GET /xingrg/all/function/internal_message.html?_=1610248405290&CODE_STATE=getMsg HTTP/1.1" 200 27
180.175.150.119 - - [10/Jan/2021:11:13:29 +0800] "POST /xingrg/kc/buy/cgsh_order_operate.html HTTP/1.1" 200 2065
116.228.172.94 - - [10/Jan/2021:11:13:30 +0800] "GET /xingrg/all/function/internal_message.html?_=1610248406405&CODE_STATE=getMsg HTTP/1.1" 200 27
222.70.174.7 - - [10/Jan/2021:11:13:31 +0800] "GET /xingrg/check_reg.html?_=1610248408632 HTTP/1.1" 302 -
222.69.136.245 - - [10/Jan/2021:11:13:32 +0800] "GET /xingrg/all/function/internal_message.html?_=1610248408105&CODE_STATE=getMsg HTTP/1.1" 200 27
180.175.150.119 - - [10/Jan/2021:11:13:33 +0800] "GET /xingrg/kc/buy/cgsh_order_operate.html?command=get_materiel&rest_code=00102&code=00101008302&supplier_code=00100008&order_time=2021-01-10 HTTP/1.1" 200 412
222.70.174.6 - - [10/Jan/2021:11:13:34 +0800] "GET /xingrg/javascript/jquery_tools/images/prev.gif HTTP/1.1" 404 1086
222.70.174.6 - - [10/Jan/2021:11:13:34 +0800] "GET /xingrg/javascript/jquery_tools/images/next.gif HTTP/1.1" 404 1086
180.175.150.119 - - [10/Jan/2021:11:13:36 +0800] "GET /xingrg/all/function/internal_message.html?_=1610248414163&CODE_STATE=getMsg HTTP/1.1" 200 27
117.184.7.26 - - [10/Jan/2021:11:13:37 +0800] "POST /xingrg/dwr/call/plaincall/AjaxYddbService.saveMaterielItem.dwr HTTP/1.1" 200 79
172.17.200.101 - - [10/Jan/2021:11:13:37 +0800] "GET /xingrg/all/function/internal_message.html?_=1610248413684&CODE_STATE=getMsg HTTP/1.1" 200 27
180.175.150.119 - - [10/Jan/2021:11:13:38 +0800] "POST /xingrg/kc/buy/cgsh_order_operate.html HTTP/1.1" 200 37
101.85.52.2 - - [10/Jan/2021:11:13:39 +0800] "GET /xingrg/kc/buy/cgsh_order_operate.html?command=get_materiel&rest_code=00145&code=00101015070&supplier_code=00100007&order_time=2021-01-03 HTTP/1.1" 200 413
180.175.150.119 - - [10/Jan/2021:11:13:39 +0800] "POST /xingrg/kc/buy/cgsh_order_operate.html HTTP/1.1" 200 19805
180.175.150.119 - - [10/Jan/2021:11:13:43 +0800] "GET /xingrg/kc/buy/cgsh_order_add.html HTTP/1.1" 200 61708
180.175.150.119 - - [10/Jan/2021:11:13:44 +0800] "POST /xingrg/kc/buy/cgsh_order_operate.html HTTP/1.1" 200 8245
180.175.150.119 - - [10/Jan/2021:11:13:44 +0800] "GET /xingrg/javascript/easyui/themes/default/validatebox.css HTTP/1.1" 404 1104
117.184.7.26 - - [10/Jan/2021:11:13:45 +0800] "POST /xingrg/dwr/call/plaincall/AjaxYddbService.checkOrder.dwr HTTP/1.1" 200 79
117.184.7.26 - - [10/Jan/2021:11:13:46 +0800] "GET /xingrg/kc/base/yddb_order_info.html?code=482021011000077 HTTP/1.1" 200 29416
117.184.7.26 - - [10/Jan/2021:11:13:46 +0800] "GET /xingrg/dwr/interface/AjaxComOrderService.js HTTP/1.1" 200 18264
117.184.7.26 - - [10/Jan/2021:11:13:46 +0800] "GET /xingrg/dwr/interface/AjaxYddbService.js HTTP/1.1" 200 13201
117.184.7.26 - - [10/Jan/2021:11:13:46 +0800] "GET /xingrg/dwr/engine.js HTTP/1.1" 200 43631
117.184.7.26 - - [10/Jan/2021:11:13:46 +0800] "POST /xingrg/dwr/call/plaincall/AjaxYddbService.loadMaterielItems.dwr HTTP/1.1" 200 3932
180.175.150.119 - - [10/Jan/2021:11:13:46 +0800] "GET /xingrg/check_reg.html?_=1610248660499 HTTP/1.1" 200 22
222.70.174.6 - - [10/Jan/2021:11:13:47 +0800] "POST /xingrg/kc/buy/cgsh_order_operate.html HTTP/1.1" 200 37
180.175.150.119 - - [10/Jan/2021:11:13:50 +0800] "GET /xingrg/kc/buy/cgsh_order_operate.html?command=get_materiel&rest_code=00102&code=00102010240&supplier_code=00100008&order_time=2021-01-10 HTTP/1.1" 200 414
222.70.174.6 - - [10/Jan/2021:11:13:50 +0800] "POST /xingrg/kc/buy/cgsh_order_operate.html HTTP/1.1" 200 12
114.88.169.67 - - [10/Jan/2021:11:13:50 +0800] "GET /xingrg/all/function/internal_message.html?_=1610248426199&CODE_STATE=getMsg HTTP/1.1" 200 27
222.70.174.6 - - [10/Jan/2021:11:13:51 +0800] "GET /xingrg/kc/buy/cgsh_order_info.html?code=212021010903447 HTTP/1.1" 200 56651
222.70.174.6 - - [10/Jan/2021:11:13:51 +0800] "GET /xingrg/javascript/easyui/themes/default/validatebox.css HTTP/1.1" 404 1104
222.70.174.6 - - [10/Jan/2021:11:13:52 +0800] "POST /xingrg/kc/buy/cgsh_order_operate.html HTTP/1.1" 200 1794
114.88.169.67 - - [10/Jan/2021:11:13:52 +0800] "GET /xingrg/all/function/internal_message.html?_=1610248420442&CODE_STATE=getMsg HTTP/1.1" 200 27
172.17.0.123 - - [10/Jan/2021:11:13:53 +0800] "GET /xingrg/all/function/internal_message.html?_=1610248331405&CODE_STATE=getMsg HTTP/1.1" 200 27
117.131.5.26 - - [10/Jan/2021:11:13:54 +0800] "GET /xingrg/all/function/internal_message.html?_=1610248480268&CODE_STATE=getMsg HTTP/1.1" 200 27
117.131.5.26 - - [10/Jan/2021:11:13:54 +0800] "GET /xingrg/check_reg.html?_=1610248480270 HTTP/1.1" 200 22
101.85.52.2 - - [10/Jan/2021:11:13:57 +0800] "GET /xingrg/kc/buy/cgsh_order_operate.html?command=get_materiel&rest_code=00145&code=00101008049&supplier_code=00100007&order_time=2021-01-03 HTTP/1.1" 200 408
222.70.174.6 - - [10/Jan/2021:11:13:58 +0800] "GET /xingrg/all/function/internal_message.html?_=1610248446906&CODE_STATE=getMsg HTTP/1.1" 200 27
61.165.42.208 - - [10/Jan/2021:11:13:58 +0800] "GET /xingrg/all/function/internal_message.html?_=1610248434445&CODE_STATE=getMsg HTTP/1.1" 200 27
117.185.32.26 - - [10/Jan/2021:11:14:00 +0800] "POST /xingrg/kc/buy/cgsh_order_operate.html HTTP/1.1" 200 37
117.185.32.26 - - [10/Jan/2021:11:14:02 +0800] "POST /xingrg/kc/buy/cgsh_order_operate.html HTTP/1.1" 200 12
117.185.32.26 - - [10/Jan/2021:11:14:02 +0800] "GET /xingrg/kc/buy/cgsh_order_info.html?code=212021011004101 HTTP/1.1" 200 56649
180.156.237.57 - - [10/Jan/2021:11:14:03 +0800] "GET /xingrg/kc/buy/cgsh_order_list.html HTTP/1.1" 200 46011
117.185.32.26 - - [10/Jan/2021:11:14:03 +0800] "GET /xingrg/javascript/easyui/themes/default/validatebox.css HTTP/1.1" 404 1104
117.185.32.26 - - [10/Jan/2021:11:14:03 +0800] "POST /xingrg/kc/buy/cgsh_order_operate.html HTTP/1.1" 200 618
180.156.237.57 - - [10/Jan/2021:11:14:03 +0800] "POST /xingrg/kc/buy/cgsh_list_operate.html HTTP/1.1" 200 876
222.69.133.109 - - [10/Jan/2021:11:14:04 +0800] "GET /xingrg/all/function/internal_message.html?_=1610248441737&CODE_STATE=getMsg HTTP/1.1" 200 27
180.156.237.57 - - [10/Jan/2021:11:14:04 +0800] "GET /xingrg/kc/buy/cgsh_order_add.html HTTP/1.1" 200 61667
58.37.230.33 - - [10/Jan/2021:11:14:04 +0800] "GET /xingrg/all/function/internal_message.html?_=1610248468595&CODE_STATE=getMsg HTTP/1.1" 200 27
180.156.237.57 - - [10/Jan/2021:11:14:05 +0800] "POST /xingrg/kc/buy/cgsh_order_operate.html HTTP/1.1" 200 8245
180.156.237.57 - - [10/Jan/2021:11:14:05 +0800] "GET /xingrg/all/function/internal_message.html?_=1610248442499&CODE_STATE=getMsg HTTP/1.1" 200 27
180.156.237.57 - - [10/Jan/2021:11:14:05 +0800] "GET /xingrg/javascript/easyui/themes/default/validatebox.css HTTP/1.1" 404 1104
117.185.32.26 - - [10/Jan/2021:11:14:06 +0800] "GET /xingrg/kc/print/load_data.html?order_code=212021011004101&kc_code=cgsh&condition= HTTP/1.1" 200 723
101.85.52.2 - - [10/Jan/2021:11:14:11 +0800] "GET /xingrg/kc/buy/cgsh_order_operate.html?command=get_materiel&rest_code=00145&code=00101008108&supplier_code=00100007&order_time=2021-01-03 HTTP/1.1" 200 412
180.156.237.57 - - [10/Jan/2021:11:14:12 +0800] "GET /xingrg/kc/buy/cgsh_order_operate.html?command=get_materiel&rest_code=00150&code=00101006067&supplier_code=00100330&order_time=2021-01-10 HTTP/1.1" 200 409
180.175.150.119 - - [10/Jan/2021:11:14:12 +0800] "GET /xingrg/all/function/internal_message.html?_=1610248686438&CODE_STATE=getMsg HTTP/1.1" 200 27
101.85.52.2 - - [10/Jan/2021:11:14:13 +0800] "GET /xingrg/all/function/internal_message.html?_=1610248434221&CODE_STATE=getMsg HTTP/1.1" 200 27
61.165.42.208 - - [10/Jan/2021:11:14:15 +0800] "GET /xingrg/all/function/internal_message.html?_=1610248433542&CODE_STATE=getMsg HTTP/1.1" 200 27
117.185.32.26 - - [10/Jan/2021:11:14:17 +0800] "GET /xingrg/all/function/internal_message.html?_=1610248446744&CODE_STATE=getMsg HTTP/1.1" 200 27
172.17.0.103 - - [10/Jan/2021:11:14:18 +0800] "GET /xingrg/all/function/internal_message.html?_=1610248453750&CODE_STATE=getMsg HTTP/1.1" 200 27
114.86.226.161 - - [10/Jan/2021:11:14:18 +0800] "GET /xingrg/all/function/internal_message.html?_=1610248521104&CODE_STATE=getMsg HTTP/1.1" 200 27
180.156.237.57 - - [10/Jan/2021:11:14:19 +0800] "GET /xingrg/kc/buy/cgsh_order_operate.html?command=get_materiel&rest_code=00150&code=00101018011&supplier_code=00100330&order_time=2021-01-10 HTTP/1.1" 200 413
180.175.150.119 - - [10/Jan/2021:11:14:21 +0800] "GET /xingrg/kc/buy/cgsh_order_operate.html?command=get_materiel&rest_code=00102&code=00101008223&supplier_code=00100008&order_time=2021-01-10 HTTP/1.1" 200 412
117.185.32.26 - - [10/Jan/2021:11:14:22 +0800] "GET /xingrg/all/function/internal_message.html?_=1610248925523&CODE_STATE=getMsg HTTP/1.1" 200 27
120.253.135.82 - - [10/Jan/2021:11:14:23 +0800] "GET /xingrg/all/function/internal_message.html?_=1610248218094&CODE_STATE=getMsg HTTP/1.1" 200 27
172.17.0.120 - - [10/Jan/2021:11:14:25 +0800] "GET /xingrg/check_reg.html?_=1610248461588 HTTP/1.1" 200 22
172.17.0.120 - - [10/Jan/2021:11:14:25 +0800] "GET /xingrg/all/function/internal_message.html?_=1610248461590&CODE_STATE=getMsg HTTP/1.1" 200 27
172.17.0.240 - - [10/Jan/2021:11:14:26 +0800] "GET /xingrg/all/function/internal_message.html?_=1610248461632&CODE_STATE=getMsg HTTP/1.1" 200 27
180.156.237.57 - - [10/Jan/2021:11:14:27 +0800] "GET /xingrg/kc/buy/cgsh_order_operate.html?command=get_materiel&rest_code=00150&code=00101018007&supplier_code=00100330&order_time=2021-01-10 HTTP/1.1" 200 409
172.17.0.100 - - [10/Jan/2021:11:14:27 +0800] "GET /xingrg/all/function/internal_message.html?_=1610248463798&CODE_STATE=getMsg HTTP/1.1" 200 27
180.175.150.119 - - [10/Jan/2021:11:14:29 +0800] "GET /xingrg/kc/buy/cgsh_order_operate.html?command=get_materiel&rest_code=00102&code=00101008095&supplier_code=00100008&order_time=2021-01-10 HTTP/1.1" 200 412
117.184.7.26 - - [10/Jan/2021:11:14:29 +0800] "GET /xingrg/all/function/internal_message.html?_=1610248465293&CODE_STATE=getMsg HTTP/1.1" 200 27
116.228.172.94 - - [10/Jan/2021:11:14:29 +0800] "GET /xingrg/check_reg.html?_=1610248465790 HTTP/1.1" 200 22
116.228.172.94 - - [10/Jan/2021:11:14:30 +0800] "GET /xingrg/all/function/internal_message.html?_=1610248466390&CODE_STATE=getMsg HTTP/1.1" 200 27
222.69.136.245 - - [10/Jan/2021:11:14:32 +0800] "GET /xingrg/all/function/internal_message.html?_=1610248468075&CODE_STATE=getMsg HTTP/1.1" 200 27
222.69.136.245 - - [10/Jan/2021:11:14:32 +0800] "GET /xingrg/check_reg.html?_=1610248468282 HTTP/1.1" 200 22
117.185.32.26 - - [10/Jan/2021:11:14:32 +0800] "GET /xingrg/kc/buy/cgsh_order_add.html HTTP/1.1" 200 61743
180.156.237.57 - - [10/Jan/2021:11:14:33 +0800] "GET /xingrg/kc/buy/cgsh_order_operate.html?command=get_materiel&rest_code=00150&code=00101010027&supplier_code=00100330&order_time=2021-01-10 HTTP/1.1" 200 409
117.185.32.26 - - [10/Jan/2021:11:14:33 +0800] "GET /xingrg/javascript/easyui/themes/default/validatebox.css HTTP/1.1" 404 1104
117.185.32.26 - - [10/Jan/2021:11:14:33 +0800] "POST /xingrg/kc/buy/cgsh_order_operate.html HTTP/1.1" 200 8245
117.185.32.26 - - [10/Jan/2021:11:14:35 +0800] "GET /xingrg/javascript/easyui/themes/default/tree.css HTTP/1.1" 404 1090
117.185.32.26 - - [10/Jan/2021:11:14:35 +0800] "POST /xingrg/all/common/load_tree.html?tree=supplier_tree_json&isDelete=1 HTTP/1.1" 200 54158
180.175.150.119 - - [10/Jan/2021:11:14:36 +0800] "GET /xingrg/all/function/internal_message.html?_=1610248474274&CODE_STATE=getMsg HTTP/1.1" 200 27
172.17.200.101 - - [10/Jan/2021:11:14:37 +0800] "GET /xingrg/all/function/internal_message.html?_=1610248473686&CODE_STATE=getMsg HTTP/1.1" 200 27
180.156.237.57 - - [10/Jan/2021:11:14:41 +0800] "POST /xingrg/kc/buy/cgsh_order_operate.html HTTP/1.1" 200 37
180.175.150.119 - - [10/Jan/2021:11:14:41 +0800] "GET /xingrg/kc/buy/cgsh_order_operate.html?command=get_materiel&rest_code=00102&code=00101015044&supplier_code=00100008&order_time=2021-01-10 HTTP/1.1" 200 408
180.156.237.57 - - [10/Jan/2021:11:14:43 +0800] "POST /xingrg/kc/buy/cgsh_order_operate.html HTTP/1.1" 200 12
180.156.237.57 - - [10/Jan/2021:11:14:44 +0800] "GET /xingrg/kc/buy/cgsh_order_info.html?code=212021011004102 HTTP/1.1" 200 56575
180.156.237.57 - - [10/Jan/2021:11:14:44 +0800] "GET /xingrg/javascript/easyui/themes/default/validatebox.css HTTP/1.1" 404 1104
180.156.237.57 - - [10/Jan/2021:11:14:45 +0800] "POST /xingrg/kc/buy/cgsh_order_operate.html HTTP/1.1" 200 2373
180.156.237.57 - - [10/Jan/2021:11:14:46 +0800] "GET /xingrg/kc/print/load_data.html?order_code=212021011004102&kc_code=cgsh&condition= HTTP/1.1" 200 1384
180.175.150.119 - - [10/Jan/2021:11:14:47 +0800] "GET /xingrg/kc/buy/cgsh_order_operate.html?command=get_materiel&rest_code=00102&code=00101008123&supplier_code=00100008&order_time=2021-01-10 HTTP/1.1" 200 412
117.185.32.26 - - [10/Jan/2021:11:14:48 +0800] "GET /xingrg/kc/buy/cgsh_order_add.html HTTP/1.1" 200 61749
117.185.32.26 - - [10/Jan/2021:11:14:49 +0800] "GET /xingrg/javascript/easyui/themes/default/validatebox.css HTTP/1.1" 404 1104
117.185.32.26 - - [10/Jan/2021:11:14:49 +0800] "POST /xingrg/kc/buy/cgsh_order_operate.html HTTP/1.1" 200 8245
101.85.52.2 - - [10/Jan/2021:11:14:50 +0800] "GET /xingrg/kc/buy/cgsh_order_operate.html?command=get_materiel&rest_code=00145&code=00101008059&supplier_code=00100007&order_time=2021-01-03 HTTP/1.1" 200 408
114.88.169.67 - - [10/Jan/2021:11:14:50 +0800] "GET /xingrg/all/function/internal_message.html?_=1610248486214&CODE_STATE=getMsg HTTP/1.1" 200 27
114.88.169.67 - - [10/Jan/2021:11:14:52 +0800] "GET /xingrg/all/function/internal_message.html?_=1610248480442&CODE_STATE=getMsg HTTP/1.1" 200 27
172.17.0.123 - - [10/Jan/2021:11:14:53 +0800] "GET /xingrg/all/function/internal_message.html?_=1610248391407&CODE_STATE=getMsg HTTP/1.1" 200 27
117.131.5.26 - - [10/Jan/2021:11:14:54 +0800] "GET /xingrg/all/function/internal_message.html?_=1610248540268&CODE_STATE=getMsg HTTP/1.1" 200 27
117.185.32.26 - - [10/Jan/2021:11:14:54 +0800] "GET /xingrg/javascript/easyui/themes/default/tree.css HTTP/1.1" 404 1090
180.156.237.57 - - [10/Jan/2021:11:14:54 +0800] "GET /xingrg/kc/buy/cgsh_order_add.html HTTP/1.1" 200 61667
117.185.32.26 - - [10/Jan/2021:11:14:54 +0800] "POST /xingrg/all/common/load_tree.html?tree=supplier_tree_json&isDelete=1 HTTP/1.1" 200 54158
180.175.150.119 - - [10/Jan/2021:11:14:55 +0800] "GET /xingrg/kc/buy/cgsh_order_operate.html?command=get_materiel&rest_code=00102&code=00101015046&supplier_code=00100008&order_time=2021-01-10 HTTP/1.1" 200 412
180.156.237.57 - - [10/Jan/2021:11:14:55 +0800] "POST /xingrg/kc/buy/cgsh_order_operate.html HTTP/1.1" 200 8245
180.156.237.57 - - [10/Jan/2021:11:14:55 +0800] "GET /xingrg/javascript/easyui/themes/default/validatebox.css HTTP/1.1" 404 1104
101.89.239.120 - - [10/Jan/2021:11:14:56 +0800] "GET /xingrg/all/function/internal_message.html?_=1610247988602&CODE_STATE=getMsg HTTP/1.1" 302 -
101.89.239.120 - - [10/Jan/2021:11:14:58 +0800] "GET /xingrg/login.html HTTP/1.1" 200 7641
222.70.174.6 - - [10/Jan/2021:11:14:58 +0800] "GET /xingrg/all/function/internal_message.html?_=1610248506921&CODE_STATE=getMsg HTTP/1.1" 200 27
61.165.42.208 - - [10/Jan/2021:11:14:58 +0800] "GET /xingrg/all/function/internal_message.html?_=1610248494420&CODE_STATE=getMsg HTTP/1.1" 200 27
180.175.150.119 - - [10/Jan/2021:11:15:00 +0800] "GET /xingrg/kc/buy/cgsh_order_operate.html?command=get_materiel&rest_code=00102&code=00101008168&supplier_code=00100008&order_time=2021-01-10 HTTP/1.1" 200 413
180.156.237.57 - - [10/Jan/2021:11:15:04 +0800] "GET /xingrg/kc/buy/cgsh_order_operate.html?command=get_materiel&rest_code=00150&code=00101010569&supplier_code=00100327&order_time=2021-01-10 HTTP/1.1" 200 397
222.69.133.109 - - [10/Jan/2021:11:15:04 +0800] "GET /xingrg/all/function/internal_message.html?_=1610248501733&CODE_STATE=getMsg HTTP/1.1" 200 27
58.37.230.33 - - [10/Jan/2021:11:15:04 +0800] "GET /xingrg/all/function/internal_message.html?_=1610248528596&CODE_STATE=getMsg HTTP/1.1" 200 27
180.156.237.57 - - [10/Jan/2021:11:15:05 +0800] "GET /xingrg/all/function/internal_message.html?_=1610248502530&CODE_STATE=getMsg HTTP/1.1" 200 27
117.185.32.26 - - [10/Jan/2021:11:15:05 +0800] "GET /xingrg/kc/buy/cgsh_order_operate.html?command=get_materiel&rest_code=00106&code=00101008091&supplier_code=00100007&order_time=2021-01-10 HTTP/1.1" 200 412
180.175.150.119 - - [10/Jan/2021:11:15:06 +0800] "GET /xingrg/kc/buy/cgsh_order_operate.html?command=get_materiel&rest_code=00102&code=00101015066&supplier_code=00100008&order_time=2021-01-10 HTTP/1.1" 200 413
117.184.7.26 - - [10/Jan/2021:11:15:10 +0800] "GET /xingrg/kc/buy/buy_main.html HTTP/1.1" 200 12412
117.184.7.26 - - [10/Jan/2021:11:15:10 +0800] "GET /xingrg/css/new_ie.css HTTP/1.1" 404 1036
180.175.150.119 - - [10/Jan/2021:11:15:11 +0800] "GET /xingrg/kc/buy/cgsh_order_operate.html?command=get_materiel&rest_code=00102&code=00101015019&supplier_code=00100008&order_time=2021-01-10 HTTP/1.1" 200 413
117.184.7.26 - - [10/Jan/2021:11:15:12 +0800] "GET /xingrg/kc/buy/cgsh_order_list.html HTTP/1.1" 200 46005
180.156.237.57 - - [10/Jan/2021:11:15:12 +0800] "GET /xingrg/kc/buy/cgsh_order_operate.html?command=get_materiel&rest_code=00150&code=00101010143&supplier_code=00100327&order_time=2021-01-10 HTTP/1.1" 200 413
