172.17.0.103 - - [10/Jan/2021:11:40:18 +0800] "GET /xingrg/all/function/internal_message.html?_=1610250013881&CODE_STATE=getMsg HTTP/1.1" 200 27
222.69.136.245 - - [10/Jan/2021:11:40:18 +0800] "GET /xingrg/kc/buy/cgsh_order_add.html HTTP/1.1" 200 61796
172.17.200.101 - - [10/Jan/2021:11:40:18 +0800] "GET /xingrg/all/function/internal_message.html?_=1610250014324&CODE_STATE=getMsg HTTP/1.1" 200 27
222.69.136.245 - - [10/Jan/2021:11:40:18 +0800] "POST /xingrg/kc/buy/cgsh_order_operate.html HTTP/1.1" 200 8245
114.86.226.161 - - [10/Jan/2021:11:40:18 +0800] "GET /xingrg/all/function/internal_message.html?_=1610250081109&CODE_STATE=getMsg HTTP/1.1" 200 27
222.69.136.245 - - [10/Jan/2021:11:40:18 +0800] "GET /xingrg/javascript/easyui/themes/default/validatebox.css HTTP/1.1" 404 1104
117.185.32.26 - - [10/Jan/2021:11:40:22 +0800] "GET /xingrg/all/function/internal_message.html?_=1610250485390&CODE_STATE=getMsg HTTP/1.1" 200 27
120.253.135.82 - - [10/Jan/2021:11:40:23 +0800] "GET /xingrg/check_reg.html?_=1610249777919 HTTP/1.1" 200 22
61.165.42.208 - - [10/Jan/2021:11:40:23 +0800] "GET /xingrg/all/function/internal_message.html?_=1610250001075&CODE_STATE=getMsg HTTP/1.1" 200 27
120.253.135.82 - - [10/Jan/2021:11:40:23 +0800] "GET /xingrg/all/function/internal_message.html?_=1610249778588&CODE_STATE=getMsg HTTP/1.1" 200 27
114.88.169.67 - - [10/Jan/2021:11:40:25 +0800] "GET /xingrg/kc/buy/cgsh_order_operate.html?command=get_materiel&rest_code=00111&code=00101004065&supplier_code=00100086&order_time=2021-01-10 HTTP/1.1" 200 433
61.165.42.208 - - [10/Jan/2021:11:40:25 +0800] "GET /xingrg/kc/base/wldb_order_add.html HTTP/1.1" 200 30502
172.17.0.120 - - [10/Jan/2021:11:40:25 +0800] "GET /xingrg/all/function/internal_message.html?_=1610250021587&CODE_STATE=getMsg HTTP/1.1" 200 27
61.165.42.208 - - [10/Jan/2021:11:40:26 +0800] "GET /xingrg/javascript/easyui/themes/default/validatebox.css HTTP/1.1" 404 1104
61.165.42.208 - - [10/Jan/2021:11:40:26 +0800] "POST /xingrg/kc/base/wldb_order_operate.html HTTP/1.1" 200 6806
222.69.136.245 - - [10/Jan/2021:11:40:26 +0800] "GET /xingrg/kc/buy/cgsh_order_operate.html?command=get_materiel&rest_code=00149&code=00101010658&supplier_code=00100344&order_time=2021-01-10 HTTP/1.1" 200 395
172.17.0.240 - - [10/Jan/2021:11:40:26 +0800] "GET /xingrg/all/function/internal_message.html?_=1610250021635&CODE_STATE=getMsg HTTP/1.1" 200 27
172.17.0.100 - - [10/Jan/2021:11:40:27 +0800] "GET /xingrg/check_reg.html?_=1610250023810 HTTP/1.1" 200 22
172.17.0.100 - - [10/Jan/2021:11:40:27 +0800] "GET /xingrg/all/function/internal_message.html?_=1610250023815&CODE_STATE=getMsg HTTP/1.1" 200 27
222.70.174.6 - - [10/Jan/2021:11:40:28 +0800] "GET /xingrg/kc/buy/cgsh_order_add.html HTTP/1.1" 200 61749
222.70.174.6 - - [10/Jan/2021:11:40:28 +0800] "POST /xingrg/kc/buy/cgsh_order_operate.html HTTP/1.1" 200 8245
222.70.174.6 - - [10/Jan/2021:11:40:28 +0800] "GET /xingrg/javascript/easyui/themes/default/validatebox.css HTTP/1.1" 404 1104
116.228.172.94 - - [10/Jan/2021:11:40:29 +0800] "GET /xingrg/all/function/internal_message.html?_=1610250025928&CODE_STATE=getMsg HTTP/1.1" 200 27
61.165.42.208 - - [10/Jan/2021:11:40:30 +0800] "POST /xingrg/all/common/load_combo.html?type=base HTTP/1.1" 200 3236
180.156.237.57 - - [10/Jan/2021:11:40:30 +0800] "GET /xingrg/kc/buy/cgsh_order_info.html?code=212021011004109 HTTP/1.1" 200 61680
180.156.237.57 - - [10/Jan/2021:11:40:30 +0800] "GET /xingrg/all/common/auto_word.html?type=employee&rest_code=00150 HTTP/1.1" 200 205
180.156.237.57 - - [10/Jan/2021:11:40:30 +0800] "GET /xingrg/javascript/easyui/themes/default/validatebox.css HTTP/1.1" 404 1104
180.156.237.57 - - [10/Jan/2021:11:40:30 +0800] "GET /xingrg/all/common/auto_word.html?type=employee&rest_code=00150 HTTP/1.1" 200 205
180.156.237.57 - - [10/Jan/2021:11:40:31 +0800] "POST /xingrg/kc/buy/cgsh_order_operate.html HTTP/1.1" 200 4448
101.227.139.173 - - [10/Jan/2021:11:40:31 +0800] "GET /xingrg/check_reg.html?_=1610249548624 HTTP/1.1" 302 -
222.69.136.245 - - [10/Jan/2021:11:40:31 +0800] "GET /xingrg/all/function/internal_message.html?_=1610250027887&CODE_STATE=getMsg HTTP/1.1" 200 27
61.165.42.208 - - [10/Jan/2021:11:40:33 +0800] "POST /xingrg/all/common/load_combo.html?type=base HTTP/1.1" 200 3236
180.175.150.119 - - [10/Jan/2021:11:40:35 +0800] "GET /xingrg/all/function/internal_message.html?_=1610250269053&CODE_STATE=getMsg HTTP/1.1" 200 27
114.88.169.67 - - [10/Jan/2021:11:40:35 +0800] "POST /xingrg/kc/buy/cgsh_order_operate.html HTTP/1.1" 200 37
114.88.169.67 - - [10/Jan/2021:11:40:36 +0800] "POST /xingrg/kc/buy/cgsh_order_operate.html HTTP/1.1" 200 2661
114.88.169.67 - - [10/Jan/2021:11:40:38 +0800] "GET /xingrg/kc/print/load_data.html?order_code=212021011004174&kc_code=cgsh&condition= HTTP/1.1" 200 737
101.227.139.173 - - [10/Jan/2021:11:40:39 +0800] "GET /xingrg/login.html HTTP/1.1" 200 7641
101.85.52.2 - - [10/Jan/2021:11:40:40 +0800] "GET /xingrg/all/function/internal_message.html?_=1610250021091&CODE_STATE=getMsg HTTP/1.1" 200 27
61.165.42.208 - - [10/Jan/2021:11:40:40 +0800] "GET /xingrg/javascript/auto/indicator.gif HTTP/1.1" 404 1066
222.69.136.245 - - [10/Jan/2021:11:40:41 +0800] "GET /xingrg/kc/buy/cgsh_order_operate.html?command=get_materiel&rest_code=00149&code=00101006153&supplier_code=00100344&order_time=2021-01-10 HTTP/1.1" 200 415
61.165.42.208 - - [10/Jan/2021:11:40:43 +0800] "POST /xingrg/dwr/call/plaincall/AjaxQqpsService.getMaterielByCode.dwr HTTP/1.1" 200 2737
61.165.42.208 - - [10/Jan/2021:11:40:44 +0800] "POST /xingrg/dwr/call/plaincall/AjaxQqpsService.saveMaterielItem.dwr HTTP/1.1" 200 78
222.70.174.6 - - [10/Jan/2021:11:40:44 +0800] "GET /xingrg/kc/buy/cgsh_order_operate.html?command=get_materiel&rest_code=00146&code=00101006152&supplier_code=00100344&order_time=2021-01-10 HTTP/1.1" 200 411
114.88.169.67 - - [10/Jan/2021:11:40:45 +0800] "GET /xingrg/kc/buy/cgsh_order_add.html HTTP/1.1" 200 61743
114.88.169.67 - - [10/Jan/2021:11:40:46 +0800] "POST /xingrg/kc/buy/cgsh_order_operate.html HTTP/1.1" 200 8245
114.88.169.67 - - [10/Jan/2021:11:40:46 +0800] "GET /xingrg/javascript/easyui/themes/default/validatebox.css HTTP/1.1" 404 1104
117.185.32.26 - - [10/Jan/2021:11:40:48 +0800] "GET /xingrg/all/function/internal_message.html?_=1610250038138&CODE_STATE=getMsg HTTP/1.1" 200 27
61.165.42.208 - - [10/Jan/2021:11:40:49 +0800] "POST /xingrg/dwr/call/plaincall/AjaxQqpsService.getMaterielByCode.dwr HTTP/1.1" 200 2664
114.88.169.67 - - [10/Jan/2021:11:40:51 +0800] "GET /xingrg/all/function/internal_message.html?_=1610250047034&CODE_STATE=getMsg HTTP/1.1" 200 27
61.165.42.208 - - [10/Jan/2021:11:40:51 +0800] "POST /xingrg/dwr/call/plaincall/AjaxQqpsService.saveMaterielItem.dwr HTTP/1.1" 200 78
101.85.52.2 - - [10/Jan/2021:11:40:52 +0800] "POST /xingrg/kc/buy/cgsh_order_operate.html HTTP/1.1" 200 2065
114.88.169.67 - - [10/Jan/2021:11:40:52 +0800] "GET /xingrg/all/function/internal_message.html?_=1610250040461&CODE_STATE=getMsg HTTP/1.1" 200 27
172.17.0.123 - - [10/Jan/2021:11:40:53 +0800] "GET /xingrg/all/function/internal_message.html?_=1610249951415&CODE_STATE=getMsg HTTP/1.1" 200 27
61.165.42.208 - - [10/Jan/2021:11:40:54 +0800] "GET /xingrg/kc/base/wldb_order_operate.html?command=get_materiel&rest_code=00105&base_code=0010507&code=00101019133 HTTP/1.1" 200 464
117.131.5.26 - - [10/Jan/2021:11:40:54 +0800] "GET /xingrg/all/function/internal_message.html?_=1610250100329&CODE_STATE=getMsg HTTP/1.1" 200 27
222.69.136.245 - - [10/Jan/2021:11:40:55 +0800] "POST /xingrg/kc/buy/cgsh_order_operate.html HTTP/1.1" 200 37
114.88.169.67 - - [10/Jan/2021:11:40:56 +0800] "GET /xingrg/kc/buy/cgsh_order_operate.html?command=get_materiel&rest_code=00111&code=00101008328&supplier_code=00100338&order_time=2021-01-10 HTTP/1.1" 200 408
222.69.136.245 - - [10/Jan/2021:11:40:57 +0800] "POST /xingrg/kc/buy/cgsh_order_operate.html HTTP/1.1" 200 12
61.165.42.208 - - [10/Jan/2021:11:40:58 +0800] "GET /xingrg/all/function/internal_message.html?_=1610250053812&CODE_STATE=getMsg HTTP/1.1" 200 27
222.69.136.245 - - [10/Jan/2021:11:40:58 +0800] "GET /xingrg/kc/buy/cgsh_order_info.html?code=212021011004175 HTTP/1.1" 200 56702
222.69.136.245 - - [10/Jan/2021:11:40:58 +0800] "GET /xingrg/javascript/easyui/themes/default/validatebox.css HTTP/1.1" 404 1104
61.165.42.208 - - [10/Jan/2021:11:40:58 +0800] "POST /xingrg/dwr/call/plaincall/AjaxQqpsService.getMaterielByCode.dwr HTTP/1.1" 200 2646
222.69.136.245 - - [10/Jan/2021:11:40:58 +0800] "POST /xingrg/kc/buy/cgsh_order_operate.html HTTP/1.1" 200 1198
61.165.42.208 - - [10/Jan/2021:11:40:59 +0800] "GET /xingrg/check_reg.html?_=1610250055212 HTTP/1.1" 200 22
101.85.52.2 - - [10/Jan/2021:11:40:59 +0800] "GET /xingrg/kc/buy/cgsh_order_operate.html?command=get_materiel&rest_code=00145&code=00101008234&supplier_code=00100007&order_time=2021-01-04 HTTP/1.1" 200 408
222.69.136.245 - - [10/Jan/2021:11:40:59 +0800] "GET /xingrg/kc/print/load_data.html?order_code=212021011004175&kc_code=cgsh&condition= HTTP/1.1" 200 941
180.156.237.57 - - [10/Jan/2021:11:41:00 +0800] "GET /xingrg/all/function/internal_message.html?_=1610250057271&CODE_STATE=getMsg HTTP/1.1" 200 27
117.184.7.26 - - [10/Jan/2021:11:41:00 +0800] "POST /xingrg/kc/buy/cgsh_list_operate.html HTTP/1.1" 200 3778
222.69.133.109 - - [10/Jan/2021:11:41:04 +0800] "GET /xingrg/all/function/internal_message.html?_=1610250061891&CODE_STATE=getMsg HTTP/1.1" 200 27
58.37.230.33 - - [10/Jan/2021:11:41:04 +0800] "GET /xingrg/all/function/internal_message.html?_=1610250088648&CODE_STATE=getMsg HTTP/1.1" 200 27
117.184.7.26 - - [10/Jan/2021:11:41:06 +0800] "GET /xingrg/all/function/internal_message.html?_=1610250061891&CODE_STATE=getMsg HTTP/1.1" 200 27
222.70.174.6 - - [10/Jan/2021:11:41:09 +0800] "POST /xingrg/kc/buy/cgsh_order_operate.html HTTP/1.1" 200 37
114.88.169.67 - - [10/Jan/2021:11:41:11 +0800] "POST /xingrg/kc/buy/cgsh_order_operate.html HTTP/1.1" 200 37
101.85.52.2 - - [10/Jan/2021:11:41:11 +0800] "GET /xingrg/kc/buy/cgsh_order_operate.html?command=get_materiel&rest_code=00145&code=00101008323&supplier_code=00100007&order_time=2021-01-04 HTTP/1.1" 200 408
222.70.174.6 - - [10/Jan/2021:11:41:11 +0800] "POST /xingrg/kc/buy/cgsh_order_operate.html HTTP/1.1" 200 2656
114.88.169.67 - - [10/Jan/2021:11:41:12 +0800] "POST /xingrg/kc/buy/cgsh_order_operate.html HTTP/1.1" 200 2654
101.85.93.83 - - [10/Jan/2021:11:41:12 +0800] "GET /xingrg/all/function/internal_message.html?_=1610249737690&CODE_STATE=getMsg HTTP/1.1" 200 27
222.69.136.245 - - [10/Jan/2021:11:41:12 +0800] "GET /xingrg/kc/buy/cgsh_order_add.html HTTP/1.1" 200 61796
222.70.174.6 - - [10/Jan/2021:11:41:13 +0800] "GET /xingrg/all/function/internal_message.html?_=1610250081421&CODE_STATE=getMsg HTTP/1.1" 200 27
222.69.136.245 - - [10/Jan/2021:11:41:13 +0800] "POST /xingrg/kc/buy/cgsh_order_operate.html HTTP/1.1" 200 8245
222.69.136.245 - - [10/Jan/2021:11:41:13 +0800] "GET /xingrg/javascript/easyui/themes/default/validatebox.css HTTP/1.1" 404 1104
222.70.174.6 - - [10/Jan/2021:11:41:13 +0800] "GET /xingrg/kc/print/load_data.html?order_code=212021011004176&kc_code=cgsh&condition= HTTP/1.1" 200 685
114.88.169.67 - - [10/Jan/2021:11:41:14 +0800] "GET /xingrg/kc/print/load_data.html?order_code=212021011004177&kc_code=cgsh&condition= HTTP/1.1" 200 667
101.85.52.2 - - [10/Jan/2021:11:41:17 +0800] "GET /xingrg/kc/buy/cgsh_order_operate.html?command=get_materiel&rest_code=00145&code=00101008298&supplier_code=00100007&order_time=2021-01-04 HTTP/1.1" 200 413
172.17.0.103 - - [10/Jan/2021:11:41:18 +0800] "GET /xingrg/all/function/internal_message.html?_=1610250073882&CODE_STATE=getMsg HTTP/1.1" 200 27
172.17.0.103 - - [10/Jan/2021:11:41:18 +0800] "GET /xingrg/check_reg.html?_=1610250073884 HTTP/1.1" 200 22
172.17.200.101 - - [10/Jan/2021:11:41:18 +0800] "GET /xingrg/all/function/internal_message.html?_=1610250074331&CODE_STATE=getMsg HTTP/1.1" 200 27
114.86.226.161 - - [10/Jan/2021:11:41:18 +0800] "GET /xingrg/all/function/internal_message.html?_=1610250141109&CODE_STATE=getMsg HTTP/1.1" 200 27
114.88.169.67 - - [10/Jan/2021:11:41:21 +0800] "GET /xingrg/kc/buy/cgsh_order_add.html HTTP/1.1" 200 61743
114.88.169.67 - - [10/Jan/2021:11:41:22 +0800] "POST /xingrg/kc/buy/cgsh_order_operate.html HTTP/1.1" 200 8245
117.185.32.26 - - [10/Jan/2021:11:41:22 +0800] "GET /xingrg/all/function/internal_message.html?_=1610250545359&CODE_STATE=getMsg HTTP/1.1" 200 27
114.88.169.67 - - [10/Jan/2021:11:41:22 +0800] "GET /xingrg/javascript/easyui/themes/default/validatebox.css HTTP/1.1" 404 1104
222.69.136.245 - - [10/Jan/2021:11:41:22 +0800] "GET /xingrg/kc/buy/cgsh_order_operate.html?command=get_materiel&rest_code=00149&code=00101007069&supplier_code=00100324&order_time=2021-01-10 HTTP/1.1" 200 415
61.165.42.208 - - [10/Jan/2021:11:41:23 +0800] "GET /xingrg/all/function/internal_message.html?_=1610250061074&CODE_STATE=getMsg HTTP/1.1" 200 27
120.253.135.82 - - [10/Jan/2021:11:41:23 +0800] "GET /xingrg/all/function/internal_message.html?_=1610249838602&CODE_STATE=getMsg HTTP/1.1" 200 27
101.85.52.2 - - [10/Jan/2021:11:41:24 +0800] "GET /xingrg/kc/buy/cgsh_order_operate.html?command=get_materiel&rest_code=00145&code=00101008283&supplier_code=00100007&order_time=2021-01-04 HTTP/1.1" 200 408
222.70.174.6 - - [10/Jan/2021:11:41:25 +0800] "GET /xingrg/kc/buy/cgsh_order_add.html HTTP/1.1" 200 61749
172.17.0.120 - - [10/Jan/2021:11:41:25 +0800] "GET /xingrg/all/function/internal_message.html?_=1610250081575&CODE_STATE=getMsg HTTP/1.1" 200 27
222.70.174.6 - - [10/Jan/2021:11:41:25 +0800] "POST /xingrg/kc/buy/cgsh_order_operate.html HTTP/1.1" 200 8245
222.70.174.6 - - [10/Jan/2021:11:41:26 +0800] "GET /xingrg/javascript/easyui/themes/default/validatebox.css HTTP/1.1" 404 1104
172.17.0.240 - - [10/Jan/2021:11:41:26 +0800] "GET /xingrg/all/function/internal_message.html?_=1610250081625&CODE_STATE=getMsg HTTP/1.1" 200 27
172.17.0.100 - - [10/Jan/2021:11:41:27 +0800] "GET /xingrg/all/function/internal_message.html?_=1610250083816&CODE_STATE=getMsg HTTP/1.1" 200 27
116.228.172.94 - - [10/Jan/2021:11:41:29 +0800] "GET /xingrg/all/function/internal_message.html?_=1610250085919&CODE_STATE=getMsg HTTP/1.1" 200 27
222.69.136.245 - - [10/Jan/2021:11:41:31 +0800] "GET /xingrg/all/function/internal_message.html?_=1610250087859&CODE_STATE=getMsg HTTP/1.1" 200 27
114.88.169.67 - - [10/Jan/2021:11:41:33 +0800] "GET /xingrg/kc/buy/cgsh_order_operate.html?command=get_materiel&rest_code=00111&code=00101003033&supplier_code=00100092&order_time=2021-01-10 HTTP/1.1" 200 424
180.175.150.119 - - [10/Jan/2021:11:41:34 +0800] "GET /xingrg/check_reg.html?_=1610250328829 HTTP/1.1" 200 22
180.175.150.119 - - [10/Jan/2021:11:41:35 +0800] "GET /xingrg/all/function/internal_message.html?_=1610250329068&CODE_STATE=getMsg HTTP/1.1" 200 27
61.165.42.208 - - [10/Jan/2021:11:41:36 +0800] "GET /xingrg/kc/base/wldb_order_operate.html?command=get_materiel&rest_code=00105&base_code=0010507&code=00101019535 HTTP/1.1" 200 476
222.70.174.6 - - [10/Jan/2021:11:41:40 +0800] "GET /xingrg/kc/buy/cgsh_order_operate.html?command=get_materiel&rest_code=00146&code=00101010079&supplier_code=00100336&order_time=2021-01-10 HTTP/1.1" 200 413
101.85.52.2 - - [10/Jan/2021:11:41:40 +0800] "GET /xingrg/all/function/internal_message.html?_=1610250081081&CODE_STATE=getMsg HTTP/1.1" 200 27
61.165.42.208 - - [10/Jan/2021:11:41:45 +0800] "POST /xingrg/kc/base/wldb_order_operate.html HTTP/1.1" 200 37
61.165.42.208 - - [10/Jan/2021:11:41:45 +0800] "POST /xingrg/kc/base/wldb_order_operate.html HTTP/1.1" 200 2728
61.165.42.208 - - [10/Jan/2021:11:41:46 +0800] "GET /xingrg/kc/base/wldb_order_info.html?code=422021011001188 HTTP/1.1" 200 30516
61.165.42.208 - - [10/Jan/2021:11:41:46 +0800] "GET /xingrg/javascript/easyui/themes/default/validatebox.css HTTP/1.1" 404 1104
222.69.136.245 - - [10/Jan/2021:11:41:46 +0800] "POST /xingrg/kc/buy/cgsh_order_operate.html HTTP/1.1" 200 37
61.165.42.208 - - [10/Jan/2021:11:41:46 +0800] "POST /xingrg/kc/base/wldb_order_operate.html HTTP/1.1" 200 2728
117.185.32.26 - - [10/Jan/2021:11:41:48 +0800] "GET /xingrg/all/function/internal_message.html?_=1610250098115&CODE_STATE=getMsg HTTP/1.1" 200 27
222.69.136.245 - - [10/Jan/2021:11:41:49 +0800] "POST /xingrg/kc/buy/cgsh_order_operate.html HTTP/1.1" 200 12
222.69.136.245 - - [10/Jan/2021:11:41:50 +0800] "GET /xingrg/kc/buy/cgsh_order_info.html?code=212021011004178 HTTP/1.1" 200 56702
222.69.136.245 - - [10/Jan/2021:11:41:50 +0800] "GET /xingrg/javascript/easyui/themes/default/validatebox.css HTTP/1.1" 404 1104
114.88.169.67 - - [10/Jan/2021:11:41:51 +0800] "GET /xingrg/all/function/internal_message.html?_=1610250107046&CODE_STATE=getMsg HTTP/1.1" 200 27
222.70.174.6 - - [10/Jan/2021:11:41:51 +0800] "POST /xingrg/kc/buy/cgsh_order_operate.html HTTP/1.1" 200 37
222.69.136.245 - - [10/Jan/2021:11:41:51 +0800] "POST /xingrg/kc/buy/cgsh_order_operate.html HTTP/1.1" 200 612
114.88.169.67 - - [10/Jan/2021:11:41:52 +0800] "GET /xingrg/all/function/internal_message.html?_=1610250100459&CODE_STATE=getMsg HTTP/1.1" 200 27
222.70.174.6 - - [10/Jan/2021:11:41:53 +0800] "POST /xingrg/kc/buy/cgsh_order_operate.html HTTP/1.1" 200 2658
222.69.136.245 - - [10/Jan/2021:11:41:53 +0800] "GET /xingrg/kc/print/load_data.html?order_code=212021011004178&kc_code=cgsh&condition= HTTP/1.1" 200 726
172.17.0.123 - - [10/Jan/2021:11:41:53 +0800] "GET /xingrg/all/function/internal_message.html?_=1610250011402&CODE_STATE=getMsg HTTP/1.1" 200 27
117.131.5.26 - - [10/Jan/2021:11:41:54 +0800] "GET /xingrg/all/function/internal_message.html?_=1610250160328&CODE_STATE=getMsg HTTP/1.1" 200 27
222.70.174.6 - - [10/Jan/2021:11:41:55 +0800] "GET /xingrg/kc/print/load_data.html?order_code=212021011004179&kc_code=cgsh&condition= HTTP/1.1" 200 680
61.165.42.208 - - [10/Jan/2021:11:41:57 +0800] "GET /xingrg/all/function/internal_message.html?_=1610250113785&CODE_STATE=getMsg HTTP/1.1" 200 27
180.156.237.57 - - [10/Jan/2021:11:42:00 +0800] "GET /xingrg/all/function/internal_message.html?_=1610250117270&CODE_STATE=getMsg HTTP/1.1" 200 27
222.69.136.245 - - [10/Jan/2021:11:42:00 +0800] "GET /xingrg/kc/buy/cgsh_order_add.html HTTP/1.1" 200 61796
222.69.136.245 - - [10/Jan/2021:11:42:01 +0800] "POST /xingrg/kc/buy/cgsh_order_operate.html HTTP/1.1" 200 8245
222.69.136.245 - - [10/Jan/2021:11:42:01 +0800] "GET /xingrg/javascript/easyui/themes/default/validatebox.css HTTP/1.1" 404 1104
172.17.0.108 - - [10/Jan/2021:11:42:02 +0800] "GET /xingrg/check_reg.html?_=1610250118565 HTTP/1.1" 302 -
114.88.169.67 - - [10/Jan/2021:11:42:03 +0800] "POST /xingrg/kc/buy/cgsh_order_operate.html HTTP/1.1" 200 37
222.69.133.109 - - [10/Jan/2021:11:42:04 +0800] "GET /xingrg/all/function/internal_message.html?_=1610250121906&CODE_STATE=getMsg HTTP/1.1" 200 27
114.88.169.67 - - [10/Jan/2021:11:42:04 +0800] "POST /xingrg/kc/buy/cgsh_order_operate.html HTTP/1.1" 200 3275
58.37.230.33 - - [10/Jan/2021:11:42:04 +0800] "GET /xingrg/all/function/internal_message.html?_=1610250148647&CODE_STATE=getMsg HTTP/1.1" 200 27
58.37.230.33 - - [10/Jan/2021:11:42:04 +0800] "GET /xingrg/check_reg.html?_=1610250148648 HTTP/1.1" 200 22
101.85.52.2 - - [10/Jan/2021:11:42:05 +0800] "GET /xingrg/kc/buy/cgsh_order_operate.html?command=get_materiel&rest_code=00145&code=00101008264&supplier_code=00100007&order_time=2021-01-04 HTTP/1.1" 200 412
117.184.7.26 - - [10/Jan/2021:11:42:06 +0800] "GET /xingrg/all/function/internal_message.html?_=1610250121887&CODE_STATE=getMsg HTTP/1.1" 200 27
117.184.7.26 - - [10/Jan/2021:11:42:06 +0800] "GET /xingrg/check_reg.html?_=1610250121906 HTTP/1.1" 200 22
114.88.169.67 - - [10/Jan/2021:11:42:06 +0800] "GET /xingrg/kc/print/load_data.html?order_code=212021011004180&kc_code=cgsh&condition= HTTP/1.1" 200 970
101.85.52.2 - - [10/Jan/2021:11:42:06 +0800] "POST /xingrg/kc/buy/cgsh_order_operate.html HTTP/1.1" 200 2065
222.70.174.6 - - [10/Jan/2021:11:42:06 +0800] "GET /xingrg/kc/buy/cgsh_order_add.html HTTP/1.1" 200 61749
222.70.174.6 - - [10/Jan/2021:11:42:07 +0800] "POST /xingrg/kc/buy/cgsh_order_operate.html HTTP/1.1" 200 8245
222.70.174.6 - - [10/Jan/2021:11:42:07 +0800] "GET /xingrg/javascript/easyui/themes/default/validatebox.css HTTP/1.1" 404 1104
222.69.136.245 - - [10/Jan/2021:11:42:08 +0800] "GET /xingrg/kc/buy/cgsh_order_operate.html?command=get_materiel&rest_code=00149&code=00101007032&supplier_code=00100328&order_time=2021-01-10 HTTP/1.1" 200 432
101.85.52.2 - - [10/Jan/2021:11:42:12 +0800] "GET /xingrg/kc/buy/cgsh_order_operate.html?command=get_materiel&rest_code=00145&code=00101008314&supplier_code=00100007&order_time=2021-01-04 HTTP/1.1" 200 413
101.85.93.83 - - [10/Jan/2021:11:42:12 +0800] "GET /xingrg/all/function/internal_message.html?_=1610249797647&CODE_STATE=getMsg HTTP/1.1" 200 27
222.70.174.6 - - [10/Jan/2021:11:42:13 +0800] "GET /xingrg/all/function/internal_message.html?_=1610250141436&CODE_STATE=getMsg HTTP/1.1" 200 27
114.88.169.67 - - [10/Jan/2021:11:42:14 +0800] "GET /xingrg/kc/buy/cgsh_order_add.html HTTP/1.1" 200 61743
114.88.169.67 - - [10/Jan/2021:11:42:15 +0800] "POST /xingrg/kc/buy/cgsh_order_operate.html HTTP/1.1" 200 8245
114.88.169.67 - - [10/Jan/2021:11:42:15 +0800] "GET /xingrg/javascript/easyui/themes/default/validatebox.css HTTP/1.1" 404 1104
172.17.0.103 - - [10/Jan/2021:11:42:18 +0800] "GET /xingrg/all/function/internal_message.html?_=1610250133882&CODE_STATE=getMsg HTTP/1.1" 200 27
114.86.226.161 - - [10/Jan/2021:11:42:18 +0800] "GET /xingrg/all/function/internal_message.html?_=1610250201109&CODE_STATE=getMsg HTTP/1.1" 200 27
222.69.136.245 - - [10/Jan/2021:11:42:19 +0800] "POST /xingrg/kc/buy/cgsh_order_operate.html HTTP/1.1" 200 37
101.85.52.2 - - [10/Jan/2021:11:42:20 +0800] "GET /xingrg/kc/buy/cgsh_order_operate.html?command=get_materiel&rest_code=00145&code=00101008300&supplier_code=00100007&order_time=2021-01-04 HTTP/1.1" 200 412
222.70.174.6 - - [10/Jan/2021:11:42:20 +0800] "GET /xingrg/kc/buy/cgsh_order_operate.html?command=get_materiel&rest_code=00146&code=00101004022&supplier_code=00100312&order_time=2021-01-10 HTTP/1.1" 200 413
117.185.32.26 - - [10/Jan/2021:11:42:22 +0800] "GET /xingrg/all/function/internal_message.html?_=1610250605341&CODE_STATE=getMsg HTTP/1.1" 200 27
61.165.42.208 - - [10/Jan/2021:11:42:23 +0800] "GET /xingrg/all/function/internal_message.html?_=1610250121068&CODE_STATE=getMsg HTTP/1.1" 200 27
61.165.42.208 - - [10/Jan/2021:11:42:23 +0800] "GET /xingrg/check_reg.html?_=1610250121073 HTTP/1.1" 200 22
120.253.135.82 - - [10/Jan/2021:11:42:23 +0800] "GET /xingrg/all/function/internal_message.html?_=1610249898615&CODE_STATE=getMsg HTTP/1.1" 200 27
222.69.136.245 - - [10/Jan/2021:11:42:24 +0800] "POST /xingrg/kc/buy/cgsh_order_operate.html HTTP/1.1" 200 12
172.17.0.120 - - [10/Jan/2021:11:42:25 +0800] "GET /xingrg/all/function/internal_message.html?_=1610250141581&CODE_STATE=getMsg HTTP/1.1" 200 27
172.17.0.240 - - [10/Jan/2021:11:42:26 +0800] "GET /xingrg/all/function/internal_message.html?_=1610250141629&CODE_STATE=getMsg HTTP/1.1" 200 27
114.88.169.67 - - [10/Jan/2021:11:42:27 +0800] "GET /xingrg/kc/buy/cgsh_order_operate.html?command=get_materiel&rest_code=00111&code=00101001039&supplier_code=00100430&order_time=2021-01-10 HTTP/1.1" 200 424
172.17.0.100 - - [10/Jan/2021:11:42:27 +0800] "GET /xingrg/all/function/internal_message.html?_=1610250143818&CODE_STATE=getMsg HTTP/1.1" 200 27
101.85.52.2 - - [10/Jan/2021:11:42:28 +0800] "GET /xingrg/kc/buy/cgsh_order_operate.html?command=get_materiel&rest_code=00145&code=00101008321&supplier_code=00100007&order_time=2021-01-04 HTTP/1.1" 200 412
116.228.172.94 - - [10/Jan/2021:11:42:29 +0800] "GET /xingrg/all/function/internal_message.html?_=1610250145894&CODE_STATE=getMsg HTTP/1.1" 200 27
222.69.136.245 - - [10/Jan/2021:11:42:30 +0800] "GET /xingrg/kc/buy/cgsh_order_info.html?code=212021011004181 HTTP/1.1" 200 56702
222.69.136.245 - - [10/Jan/2021:11:42:30 +0800] "GET /xingrg/javascript/easyui/themes/default/validatebox.css HTTP/1.1" 404 1104
222.69.136.245 - - [10/Jan/2021:11:42:31 +0800] "POST /xingrg/kc/buy/cgsh_order_operate.html HTTP/1.1" 200 608
101.89.19.197 - - [10/Jan/2021:11:42:31 +0800] "GET /xingrg/all/function/internal_message.html?_=1610249668619&CODE_STATE=getMsg HTTP/1.1" 302 -
222.69.136.245 - - [10/Jan/2021:11:42:32 +0800] "GET /xingrg/kc/print/load_data.html?order_code=212021011004181&kc_code=cgsh&condition= HTTP/1.1" 200 715
222.69.136.245 - - [10/Jan/2021:11:42:32 +0800] "GET /xingrg/all/function/internal_message.html?_=1610250147929&CODE_STATE=getMsg HTTP/1.1" 200 27
61.165.42.208 - - [10/Jan/2021:11:42:33 +0800] "GET /xingrg/kc/base/wldb_order_add.html HTTP/1.1" 200 30502
61.165.42.208 - - [10/Jan/2021:11:42:33 +0800] "POST /xingrg/kc/base/wldb_order_operate.html HTTP/1.1" 200 6806
61.165.42.208 - - [10/Jan/2021:11:42:33 +0800] "GET /xingrg/javascript/easyui/themes/default/validatebox.css HTTP/1.1" 404 1104
117.184.7.26 - - [10/Jan/2021:11:42:34 +0800] "POST /xingrg/kc/buy/cgsh_list_operate.html HTTP/1.1" 200 4
180.175.150.119 - - [10/Jan/2021:11:42:35 +0800] "GET /xingrg/all/function/internal_message.html?_=1610250389080&CODE_STATE=getMsg HTTP/1.1" 200 27
222.69.136.245 - - [10/Jan/2021:11:42:36 +0800] "GET /xingrg/kc/buy/cgsh_order_add.html HTTP/1.1" 200 61796
117.184.7.26 - - [10/Jan/2021:11:42:37 +0800] "POST /xingrg/kc/buy/cgsh_list_operate.html HTTP/1.1" 200 876
222.69.136.245 - - [10/Jan/2021:11:42:37 +0800] "POST /xingrg/kc/buy/cgsh_order_operate.html HTTP/1.1" 200 8245
222.69.136.245 - - [10/Jan/2021:11:42:37 +0800] "GET /xingrg/javascript/easyui/themes/default/validatebox.css HTTP/1.1" 404 1104
117.184.7.26 - - [10/Jan/2021:11:42:38 +0800] "POST /xingrg/kc/buy/cgsh_list_operate.html HTTP/1.1" 200 64
114.88.169.67 - - [10/Jan/2021:11:42:40 +0800] "GET /xingrg/kc/buy/cgsh_order_operate.html?command=get_materiel&rest_code=00111&code=00101001019&supplier_code=00100430&order_time=2021-01-10 HTTP/1.1" 200 415
101.85.52.2 - - [10/Jan/2021:11:42:40 +0800] "GET /xingrg/check_reg.html?_=1610250141093 HTTP/1.1" 200 22
101.85.52.2 - - [10/Jan/2021:11:42:40 +0800] "GET /xingrg/all/function/internal_message.html?_=1610250141120&CODE_STATE=getMsg HTTP/1.1" 200 27
101.89.19.197 - - [10/Jan/2021:11:42:41 +0800] "GET /xingrg/login.html HTTP/1.1" 200 7641
117.184.7.26 - - [10/Jan/2021:11:42:41 +0800] "GET /xingrg/kc/buy/cgsh_order_add.html HTTP/1.1" 200 61702
117.184.7.26 - - [10/Jan/2021:11:42:42 +0800] "POST /xingrg/kc/buy/cgsh_order_operate.html HTTP/1.1" 200 8245
117.184.7.26 - - [10/Jan/2021:11:42:42 +0800] "GET /xingrg/javascript/easyui/themes/default/validatebox.css HTTP/1.1" 404 1104
117.185.32.26 - - [10/Jan/2021:11:42:43 +0800] "GET /xingrg/kc/base/base_main.html HTTP/1.1" 200 12142
222.70.174.6 - - [10/Jan/2021:11:42:44 +0800] "GET /xingrg/kc/buy/cgsh_order_operate.html?command=get_materiel&rest_code=00146&code=00101004026&supplier_code=00100312&order_time=2021-01-10 HTTP/1.1" 200 414
117.185.32.26 - - [10/Jan/2021:11:42:44 +0800] "GET /xingrg/kc/base/wldb_order_list.html HTTP/1.1" 200 19339
117.185.32.26 - - [10/Jan/2021:11:42:45 +0800] "POST /xingrg/kc/base/wldb_list_operate.html HTTP/1.1" 200 928
222.69.136.245 - - [10/Jan/2021:11:42:47 +0800] "GET /xingrg/kc/buy/cgsh_order_operate.html?command=get_materiel&rest_code=00149&code=00101007144&supplier_code=00100322&order_time=2021-01-10 HTTP/1.1" 200 428
101.85.52.2 - - [10/Jan/2021:11:42:48 +0800] "GET /xingrg/kc/buy/cgsh_order_operate.html?command=get_materiel&rest_code=00145&code=00101008354&supplier_code=00100007&order_time=2021-01-04 HTTP/1.1" 200 412
117.185.32.26 - - [10/Jan/2021:11:42:48 +0800] "GET /xingrg/all/function/internal_message.html?_=1610250158094&CODE_STATE=getMsg HTTP/1.1" 200 27
117.185.32.26 - - [10/Jan/2021:11:42:48 +0800] "GET /xingrg/kc/base/wldb_order_add.html HTTP/1.1" 200 30502
117.185.32.26 - - [10/Jan/2021:11:42:49 +0800] "GET /xingrg/all/common/auto_word.html?type=base&rest_code=00106 HTTP/1.1" 200 1753
117.185.32.26 - - [10/Jan/2021:11:42:49 +0800] "GET /xingrg/all/common/auto_word.html?type=base&rest_code=00106 HTTP/1.1" 200 1753
117.185.32.26 - - [10/Jan/2021:11:42:49 +0800] "GET /xingrg/javascript/easyui/themes/default/validatebox.css HTTP/1.1" 404 1104
117.185.32.26 - - [10/Jan/2021:11:42:49 +0800] "POST /xingrg/kc/base/wldb_order_operate.html HTTP/1.1" 200 6806
114.88.169.67 - - [10/Jan/2021:11:42:50 +0800] "GET /xingrg/check_reg.html?_=1610250165953 HTTP/1.1" 200 22
117.185.32.26 - - [10/Jan/2021:11:42:51 +0800] "POST /xingrg/all/common/load_combo.html?type=base HTTP/1.1" 200 3142
180.156.237.57 - - [10/Jan/2021:11:42:51 +0800] "POST /xingrg/kc/buy/cgsh_order_operate.html HTTP/1.1" 200 37
114.88.169.67 - - [10/Jan/2021:11:42:51 +0800] "GET /xingrg/all/function/internal_message.html?_=1610250167061&CODE_STATE=getMsg HTTP/1.1" 200 27
114.88.169.67 - - [10/Jan/2021:11:42:52 +0800] "GET /xingrg/all/function/internal_message.html?_=1610250160458&CODE_STATE=getMsg HTTP/1.1" 200 27
114.88.169.67 - - [10/Jan/2021:11:42:52 +0800] "GET /xingrg/check_reg.html?_=1610250160459 HTTP/1.1" 200 22
172.17.0.123 - - [10/Jan/2021:11:42:53 +0800] "GET /xingrg/all/function/internal_message.html?_=1610250071405&CODE_STATE=getMsg HTTP/1.1" 200 27
172.17.0.123 - - [10/Jan/2021:11:42:53 +0800] "GET /xingrg/check_reg.html?_=1610250071406 HTTP/1.1" 200 22
180.156.237.57 - - [10/Jan/2021:11:42:53 +0800] "POST /xingrg/kc/buy/cgsh_order_operate.html HTTP/1.1" 200 12
117.185.32.26 - - [10/Jan/2021:11:42:54 +0800] "POST /xingrg/all/common/load_combo.html?type=base HTTP/1.1" 200 3142
180.156.237.57 - - [10/Jan/2021:11:42:54 +0800] "GET /xingrg/kc/buy/cgsh_order_info.html?code=212021011004109 HTTP/1.1" 200 56573
117.131.5.26 - - [10/Jan/2021:11:42:54 +0800] "GET /xingrg/all/function/internal_message.html?_=1610250220327&CODE_STATE=getMsg HTTP/1.1" 200 27
180.156.237.57 - - [10/Jan/2021:11:42:55 +0800] "GET /xingrg/javascript/easyui/themes/default/validatebox.css HTTP/1.1" 404 1104
114.88.169.67 - - [10/Jan/2021:11:42:55 +0800] "POST /xingrg/kc/buy/cgsh_order_operate.html HTTP/1.1" 200 37
180.156.237.57 - - [10/Jan/2021:11:42:55 +0800] "POST /xingrg/kc/buy/cgsh_order_operate.html HTTP/1.1" 200 2398
114.88.169.67 - - [10/Jan/2021:11:42:56 +0800] "POST /xingrg/kc/buy/cgsh_order_operate.html HTTP/1.1" 200 3268
180.156.237.57 - - [10/Jan/2021:11:42:57 +0800] "GET /xingrg/kc/print/load_data.html?order_code=212021011004109&kc_code=cgsh&condition= HTTP/1.1" 200 1409
61.165.42.208 - - [10/Jan/2021:11:42:57 +0800] "GET /xingrg/all/function/internal_message.html?_=1610250173753&CODE_STATE=getMsg HTTP/1.1" 200 27
101.85.52.2 - - [10/Jan/2021:11:42:57 +0800] "GET /xingrg/kc/buy/cgsh_order_operate.html?command=get_materiel&rest_code=00145&code=00101008351&supplier_code=00100007&order_time=2021-01-04 HTTP/1.1" 200 408
114.88.169.67 - - [10/Jan/2021:11:42:58 +0800] "GET /xingrg/kc/print/load_data.html?order_code=212021011004182&kc_code=cgsh&condition= HTTP/1.1" 200 901
101.85.93.83 - - [10/Jan/2021:11:42:59 +0800] "GET /xingrg/kc/base/wldb_order_operate.html?command=get_materiel&rest_code=00142&base_code=0010169&code=00101019536 HTTP/1.1" 200 470
222.69.136.245 - - [10/Jan/2021:11:42:59 +0800] "GET /xingrg/kc/buy/cgsh_order_operate.html?command=get_materiel&rest_code=00149&code=00101005027&supplier_code=00100322&order_time=2021-01-10 HTTP/1.1" 200 421
180.156.237.57 - - [10/Jan/2021:11:43:00 +0800] "GET /xingrg/all/function/internal_message.html?_=1610250177417&CODE_STATE=getMsg HTTP/1.1" 200 27
101.85.52.2 - - [10/Jan/2021:11:43:00 +0800] "POST /xingrg/kc/buy/cgsh_order_operate.html HTTP/1.1" 200 2065
222.70.174.6 - - [10/Jan/2021:11:43:03 +0800] "GET /xingrg/kc/buy/cgsh_order_operate.html?command=get_materiel&rest_code=00146&code=00101005001&supplier_code=00100312&order_time=2021-01-10 HTTP/1.1" 200 423
222.69.133.109 - - [10/Jan/2021:11:43:04 +0800] "GET /xingrg/all/function/internal_message.html?_=1610250181902&CODE_STATE=getMsg HTTP/1.1" 200 27
222.69.133.109 - - [10/Jan/2021:11:43:04 +0800] "GET /xingrg/check_reg.html?_=1610250182398 HTTP/1.1" 200 22
58.37.230.33 - - [10/Jan/2021:11:43:04 +0800] "GET /xingrg/all/function/internal_message.html?_=1610250208648&CODE_STATE=getMsg HTTP/1.1" 200 27
180.156.237.57 - - [10/Jan/2021:11:43:05 +0800] "POST /xingrg/kc/buy/cgsh_list_operate.html HTTP/1.1" 200 876
117.184.7.26 - - [10/Jan/2021:11:43:06 +0800] "GET /xingrg/all/function/internal_message.html?_=1610250181891&CODE_STATE=getMsg HTTP/1.1" 200 27
101.85.52.2 - - [10/Jan/2021:11:43:06 +0800] "GET /xingrg/kc/buy/cgsh_order_operate.html?command=get_materiel&rest_code=00145&code=00101012029&supplier_code=00100007&order_time=2021-01-04 HTTP/1.1" 200 412
114.88.169.67 - - [10/Jan/2021:11:43:07 +0800] "GET /xingrg/kc/buy/cgsh_order_add.html HTTP/1.1" 200 61743
114.88.169.67 - - [10/Jan/2021:11:43:07 +0800] "POST /xingrg/kc/buy/cgsh_order_operate.html HTTP/1.1" 200 8245
114.88.169.67 - - [10/Jan/2021:11:43:07 +0800] "GET /xingrg/javascript/easyui/themes/default/validatebox.css HTTP/1.1" 404 1104
222.70.174.6 - - [10/Jan/2021:11:43:09 +0800] "GET /xingrg/check_reg.html?_=1610250198082 HTTP/1.1" 200 22
101.85.93.83 - - [10/Jan/2021:11:43:09 +0800] "GET /xingrg/kc/base/wldb_order_operate.html?command=get_materiel&rest_code=00142&base_code=0010169&code=00101019071 HTTP/1.1" 200 455
101.85.93.83 - - [10/Jan/2021:11:43:12 +0800] "GET /xingrg/all/function/internal_message.html?_=1610249857622&CODE_STATE=getMsg HTTP/1.1" 200 27
222.70.174.6 - - [10/Jan/2021:11:43:13 +0800] "GET /xingrg/all/function/internal_message.html?_=1610250201450&CODE_STATE=getMsg HTTP/1.1" 200 27
222.69.136.245 - - [10/Jan/2021:11:43:13 +0800] "POST /xingrg/kc/buy/cgsh_order_operate.html HTTP/1.1" 200 37
101.85.52.2 - - [10/Jan/2021:11:43:13 +0800] "GET /xingrg/kc/buy/cgsh_order_operate.html?command=get_materiel&rest_code=00145&code=00101012070&supplier_code=00100007&order_time=2021-01-04 HTTP/1.1" 200 398
222.69.136.245 - - [10/Jan/2021:11:43:17 +0800] "POST /xingrg/kc/buy/cgsh_order_operate.html HTTP/1.1" 200 12
117.185.32.26 - - [10/Jan/2021:11:43:17 +0800] "GET /xingrg/check_reg.html?_=1610250187238 HTTP/1.1" 200 22
172.17.0.103 - - [10/Jan/2021:11:43:18 +0800] "GET /xingrg/all/function/internal_message.html?_=1610250193883&CODE_STATE=getMsg HTTP/1.1" 200 27
114.86.226.161 - - [10/Jan/2021:11:43:18 +0800] "GET /xingrg/check_reg.html?_=1610250261111 HTTP/1.1" 200 22
114.86.226.161 - - [10/Jan/2021:11:43:18 +0800] "GET /xingrg/all/function/internal_message.html?_=1610250261112&CODE_STATE=getMsg HTTP/1.1" 200 27
222.69.136.245 - - [10/Jan/2021:11:43:19 +0800] "GET /xingrg/kc/buy/cgsh_order_info.html?code=212021011004183 HTTP/1.1" 200 56692
222.69.136.245 - - [10/Jan/2021:11:43:19 +0800] "GET /xingrg/javascript/easyui/themes/default/validatebox.css HTTP/1.1" 404 1104
117.185.32.26 - - [10/Jan/2021:11:43:22 +0800] "GET /xingrg/all/function/internal_message.html?_=1610250665322&CODE_STATE=getMsg HTTP/1.1" 200 27
101.85.93.83 - - [10/Jan/2021:11:43:22 +0800] "GET /xingrg/kc/base/wldb_order_operate.html?command=get_materiel&rest_code=00142&base_code=0010169&code=00101019134 HTTP/1.1" 200 466
117.185.32.26 - - [10/Jan/2021:11:43:22 +0800] "GET /xingrg/check_reg.html?_=1610250665479 HTTP/1.1" 200 22
61.165.42.208 - - [10/Jan/2021:11:43:22 +0800] "POST /xingrg/dwr/call/plaincall/AjaxQqpsService.saveMaterielItem.dwr HTTP/1.1" 200 78
61.165.42.208 - - [10/Jan/2021:11:43:23 +0800] "GET /xingrg/all/function/internal_message.html?_=1610250181072&CODE_STATE=getMsg HTTP/1.1" 200 27
120.253.135.82 - - [10/Jan/2021:11:43:24 +0800] "GET /xingrg/all/function/internal_message.html?_=1610249958653&CODE_STATE=getMsg HTTP/1.1" 200 27
222.69.136.245 - - [10/Jan/2021:11:43:24 +0800] "POST /xingrg/kc/buy/cgsh_order_operate.html HTTP/1.1" 200 15
101.85.52.2 - - [10/Jan/2021:11:43:24 +0800] "POST /xingrg/kc/buy/cgsh_order_operate.html HTTP/1.1" 200 37
101.85.52.2 - - [10/Jan/2021:11:43:25 +0800] "POST /xingrg/kc/buy/cgsh_order_operate.html HTTP/1.1" 200 16823
117.184.7.26 - - [10/Jan/2021:11:43:25 +0800] "GET /xingrg/kc/buy/cgsh_order_operate.html?command=get_materiel&rest_code=00108&code=00101001166&supplier_code=00100314&order_time=2021-01-10 HTTP/1.1" 200 411
114.88.169.67 - - [10/Jan/2021:11:43:25 +0800] "GET /xingrg/kc/buy/cgsh_order_operate.html?command=get_materiel&rest_code=00111&code=00101004034&supplier_code=00100085&order_time=2021-01-10 HTTP/1.1" 200 416
172.17.0.120 - - [10/Jan/2021:11:43:25 +0800] "GET /xingrg/all/function/internal_message.html?_=1610250201586&CODE_STATE=getMsg HTTP/1.1" 200 27
222.69.136.245 - - [10/Jan/2021:11:43:26 +0800] "GET /xingrg/kc/print/load_data.html?order_code=212021011004183&kc_code=cgsh&condition= HTTP/1.1" 200 966
172.17.0.240 - - [10/Jan/2021:11:43:26 +0800] "GET /xingrg/all/function/internal_message.html?_=1610250201633&CODE_STATE=getMsg HTTP/1.1" 200 27
172.17.0.240 - - [10/Jan/2021:11:43:26 +0800] "GET /xingrg/check_reg.html?_=1610250201636 HTTP/1.1" 200 22
101.85.52.2 - - [10/Jan/2021:11:43:26 +0800] "GET /xingrg/kc/print/load_config.html?kc_code=cgsh HTTP/1.1" 200 1845
101.85.52.2 - - [10/Jan/2021:11:43:27 +0800] "GET /xingrg/kc/print/load_data.html?order_code=212021011004164&kc_code=cgsh&condition= HTTP/1.1" 200 6060
172.17.0.100 - - [10/Jan/2021:11:43:27 +0800] "GET /xingrg/all/function/internal_message.html?_=1610250203819&CODE_STATE=getMsg HTTP/1.1" 200 27
116.228.172.94 - - [10/Jan/2021:11:43:29 +0800] "GET /xingrg/all/function/internal_message.html?_=1610250205882&CODE_STATE=getMsg HTTP/1.1" 200 27
222.69.136.245 - - [10/Jan/2021:11:43:30 +0800] "GET /xingrg/kc/buy/cgsh_order_add.html HTTP/1.1" 200 61796
101.85.93.83 - - [10/Jan/2021:11:43:30 +0800] "GET /xingrg/kc/base/wldb_order_operate.html?command=get_materiel&rest_code=00142&base_code=0010169&code=00101019451 HTTP/1.1" 200 468
222.69.136.245 - - [10/Jan/2021:11:43:31 +0800] "POST /xingrg/kc/buy/cgsh_order_operate.html HTTP/1.1" 200 8245
222.69.136.245 - - [10/Jan/2021:11:43:31 +0800] "GET /xingrg/javascript/easyui/themes/default/validatebox.css HTTP/1.1" 404 1104
222.70.174.7 - - [10/Jan/2021:11:43:31 +0800] "GET /xingrg/check_reg.html?_=1610250208843 HTTP/1.1" 302 -
222.69.136.245 - - [10/Jan/2021:11:43:31 +0800] "GET /xingrg/all/function/internal_message.html?_=1610250207826&CODE_STATE=getMsg HTTP/1.1" 200 27
222.70.174.6 - - [10/Jan/2021:11:43:33 +0800] "GET /xingrg/kc/buy/cgsh_order_operate.html?command=get_materiel&rest_code=00146&code=00101001050&supplier_code=00100312&order_time=2021-01-10 HTTP/1.1" 200 411
101.85.93.83 - - [10/Jan/2021:11:43:34 +0800] "POST /xingrg/kc/base/wldb_order_operate.html HTTP/1.1" 200 1710
180.175.150.119 - - [10/Jan/2021:11:43:35 +0800] "GET /xingrg/all/function/internal_message.html?_=1610250449094&CODE_STATE=getMsg HTTP/1.1" 200 27
101.85.93.83 - - [10/Jan/2021:11:43:39 +0800] "GET /xingrg/kc/base/wldb_order_operate.html?command=get_materiel&rest_code=00142&base_code=0010169&code=00101016011 HTTP/1.1" 200 429
117.184.7.26 - - [10/Jan/2021:11:43:40 +0800] "POST /xingrg/kc/buy/cgsh_order_operate.html HTTP/1.1" 200 37
101.85.52.2 - - [10/Jan/2021:11:43:40 +0800] "GET /xingrg/all/function/internal_message.html?_=1610250201101&CODE_STATE=getMsg HTTP/1.1" 200 27
222.69.136.245 - - [10/Jan/2021:11:43:40 +0800] "GET /xingrg/kc/buy/cgsh_order_operate.html?command=get_materiel&rest_code=00149&code=00101006185&supplier_code=00100323&order_time=2021-01-10 HTTP/1.1" 200 421
117.184.7.26 - - [10/Jan/2021:11:43:40 +0800] "POST /xingrg/kc/buy/cgsh_order_operate.html HTTP/1.1" 200 2655
117.184.7.26 - - [10/Jan/2021:11:43:42 +0800] "GET /xingrg/kc/print/load_data.html?order_code=212021011004184&kc_code=cgsh&condition= HTTP/1.1" 200 657
101.85.52.2 - - [10/Jan/2021:11:43:42 +0800] "POST /xingrg/kc/buy/cgsh_list_operate.html HTTP/1.1" 200 3131
114.88.169.67 - - [10/Jan/2021:11:43:44 +0800] "POST /xingrg/kc/buy/cgsh_order_operate.html HTTP/1.1" 200 37
114.88.169.67 - - [10/Jan/2021:11:43:45 +0800] "POST /xingrg/kc/buy/cgsh_order_operate.html HTTP/1.1" 200 2664
114.88.169.67 - - [10/Jan/2021:11:43:47 +0800] "GET /xingrg/kc/print/load_data.html?order_code=212021011004185&kc_code=cgsh&condition= HTTP/1.1" 200 732
117.185.32.26 - - [10/Jan/2021:11:43:48 +0800] "GET /xingrg/all/function/internal_message.html?_=1610250218069&CODE_STATE=getMsg HTTP/1.1" 200 27
117.184.7.26 - - [10/Jan/2021:11:43:49 +0800] "GET /xingrg/kc/buy/cgsh_order_add.html HTTP/1.1" 200 61702
117.184.7.26 - - [10/Jan/2021:11:43:50 +0800] "POST /xingrg/kc/buy/cgsh_order_operate.html HTTP/1.1" 200 8245
117.184.7.26 - - [10/Jan/2021:11:43:50 +0800] "GET /xingrg/javascript/easyui/themes/default/validatebox.css HTTP/1.1" 404 1104
114.88.169.67 - - [10/Jan/2021:11:43:51 +0800] "GET /xingrg/all/function/internal_message.html?_=1610250227074&CODE_STATE=getMsg HTTP/1.1" 200 27
61.165.42.208 - - [10/Jan/2021:11:43:52 +0800] "POST /xingrg/dwr/call/plaincall/AjaxQqpsService.getMaterielByCode.dwr HTTP/1.1" 200 2696
114.88.169.67 - - [10/Jan/2021:11:43:52 +0800] "GET /xingrg/all/function/internal_message.html?_=1610250220457&CODE_STATE=getMsg HTTP/1.1" 200 27
172.17.0.123 - - [10/Jan/2021:11:43:53 +0800] "GET /xingrg/all/function/internal_message.html?_=1610250131407&CODE_STATE=getMsg HTTP/1.1" 200 27
101.85.93.83 - - [10/Jan/2021:11:43:54 +0800] "GET /xingrg/kc/base/wldb_order_operate.html?command=get_materiel&rest_code=00142&base_code=0010169&code=00101012017 HTTP/1.1" 200 446
117.131.5.26 - - [10/Jan/2021:11:43:54 +0800] "GET /xingrg/all/function/internal_message.html?_=1610250280325&CODE_STATE=getMsg HTTP/1.1" 200 27
117.131.5.26 - - [10/Jan/2021:11:43:54 +0800] "GET /xingrg/check_reg.html?_=1610250280327 HTTP/1.1" 200 22
114.88.169.67 - - [10/Jan/2021:11:43:55 +0800] "GET /xingrg/kc/buy/cgsh_order_add.html HTTP/1.1" 200 61743
114.88.169.67 - - [10/Jan/2021:11:43:56 +0800] "POST /xingrg/kc/buy/cgsh_order_operate.html HTTP/1.1" 200 8245
114.88.169.67 - - [10/Jan/2021:11:43:56 +0800] "GET /xingrg/javascript/easyui/themes/default/validatebox.css HTTP/1.1" 404 1104
222.70.174.6 - - [10/Jan/2021:11:43:57 +0800] "POST /xingrg/kc/buy/cgsh_order_operate.html HTTP/1.1" 200 37
61.165.42.208 - - [10/Jan/2021:11:43:57 +0800] "GET /xingrg/all/function/internal_message.html?_=1610250233733&CODE_STATE=getMsg HTTP/1.1" 200 27
222.69.136.245 - - [10/Jan/2021:11:43:57 +0800] "GET /xingrg/kc/buy/cgsh_order_operate.html?command=get_materiel&rest_code=00149&code=00101010294&supplier_code=00100323&order_time=2021-01-10 HTTP/1.1" 200 408
222.70.174.6 - - [10/Jan/2021:11:43:58 +0800] "POST /xingrg/kc/buy/cgsh_order_operate.html HTTP/1.1" 200 3853
61.165.42.208 - - [10/Jan/2021:11:43:58 +0800] "POST /xingrg/dwr/call/plaincall/AjaxQqpsService.saveMaterielItem.dwr HTTP/1.1" 200 78
117.184.7.26 - - [10/Jan/2021:11:43:58 +0800] "GET /xingrg/kc/buy/cgsh_order_operate.html?command=get_materiel&rest_code=00108&code=00101006038&supplier_code=00100342&order_time=2021-01-10 HTTP/1.1" 200 421
180.156.237.57 - - [10/Jan/2021:11:44:00 +0800] "GET /xingrg/all/function/internal_message.html?_=1610250237395&CODE_STATE=getMsg HTTP/1.1" 200 27
222.70.174.6 - - [10/Jan/2021:11:44:02 +0800] "GET /xingrg/kc/print/load_data.html?order_code=212021011004186&kc_code=cgsh&condition= HTTP/1.1" 200 1150
101.85.93.83 - - [10/Jan/2021:11:44:02 +0800] "GET /xingrg/kc/base/wldb_order_operate.html?command=get_materiel&rest_code=00142&base_code=0010169&code=00101008464 HTTP/1.1" 200 436
222.69.133.109 - - [10/Jan/2021:11:44:04 +0800] "GET /xingrg/all/function/internal_message.html?_=1610250241911&CODE_STATE=getMsg HTTP/1.1" 200 27
58.37.230.33 - - [10/Jan/2021:11:44:04 +0800] "GET /xingrg/all/function/internal_message.html?_=1610250268647&CODE_STATE=getMsg HTTP/1.1" 200 27
222.69.136.245 - - [10/Jan/2021:11:44:05 +0800] "GET /xingrg/kc/buy/cgsh_order_operate.html?command=get_materiel&rest_code=00149&code=00101007016&supplier_code=00100323&order_time=2021-01-10 HTTP/1.1" 200 411
117.184.7.26 - - [10/Jan/2021:11:44:06 +0800] "GET /xingrg/all/function/internal_message.html?_=1610250241889&CODE_STATE=getMsg HTTP/1.1" 200 27
61.165.42.208 - - [10/Jan/2021:11:44:06 +0800] "POST /xingrg/dwr/call/plaincall/AjaxQqpsService.getMaterielByCode.dwr HTTP/1.1" 200 2705
117.184.7.26 - - [10/Jan/2021:11:44:07 +0800] "POST /xingrg/kc/buy/cgsh_order_operate.html HTTP/1.1" 200 37
61.165.42.208 - - [10/Jan/2021:11:44:07 +0800] "POST /xingrg/dwr/call/plaincall/AjaxQqpsService.saveMaterielItem.dwr HTTP/1.1" 200 79
117.184.7.26 - - [10/Jan/2021:11:44:08 +0800] "POST /xingrg/kc/buy/cgsh_order_operate.html HTTP/1.1" 200 2669
117.184.7.26 - - [10/Jan/2021:11:44:09 +0800] "GET /xingrg/kc/print/load_data.html?order_code=212021011004187&kc_code=cgsh&condition= HTTP/1.1" 200 687
101.85.93.83 - - [10/Jan/2021:11:44:11 +0800] "GET /xingrg/check_reg.html?_=1610249916873 HTTP/1.1" 200 22
61.165.42.208 - - [10/Jan/2021:11:44:12 +0800] "POST /xingrg/dwr/call/plaincall/AjaxQqpsService.getMaterielByCode.dwr HTTP/1.1" 200 2692
101.85.93.83 - - [10/Jan/2021:11:44:12 +0800] "GET /xingrg/all/function/internal_message.html?_=1610249917597&CODE_STATE=getMsg HTTP/1.1" 200 27
114.88.169.67 - - [10/Jan/2021:11:44:12 +0800] "GET /xingrg/kc/buy/cgsh_order_operate.html?command=get_materiel&rest_code=00111&code=00101007167&supplier_code=00100325&order_time=2021-01-10 HTTP/1.1" 200 401
222.70.174.6 - - [10/Jan/2021:11:44:13 +0800] "GET /xingrg/all/function/internal_message.html?_=1610250261463&CODE_STATE=getMsg HTTP/1.1" 200 27
101.85.93.83 - - [10/Jan/2021:11:44:14 +0800] "GET /xingrg/kc/base/wldb_order_operate.html?command=get_materiel&rest_code=00142&base_code=0010169&code=00101022024 HTTP/1.1" 200 432
117.185.32.26 - - [10/Jan/2021:11:44:14 +0800] "GET /xingrg/kc/base/wldb_order_operate.html?command=get_materiel&rest_code=00106&base_code=0010396&code=00101016044 HTTP/1.1" 200 464
222.70.174.6 - - [10/Jan/2021:11:44:14 +0800] "GET /xingrg/kc/buy/cgsh_order_add.html HTTP/1.1" 200 61749
222.70.174.6 - - [10/Jan/2021:11:44:14 +0800] "POST /xingrg/kc/buy/cgsh_order_operate.html HTTP/1.1" 200 8245
222.70.174.6 - - [10/Jan/2021:11:44:14 +0800] "GET /xingrg/javascript/easyui/themes/default/validatebox.css HTTP/1.1" 404 1104
61.165.42.208 - - [10/Jan/2021:11:44:15 +0800] "POST /xingrg/dwr/call/plaincall/AjaxQqpsService.saveMaterielItem.dwr HTTP/1.1" 200 79
117.184.7.26 - - [10/Jan/2021:11:44:16 +0800] "GET /xingrg/kc/buy/cgsh_order_add.html HTTP/1.1" 200 61702
117.184.7.26 - - [10/Jan/2021:11:44:17 +0800] "POST /xingrg/kc/buy/cgsh_order_operate.html HTTP/1.1" 200 8245
117.184.7.26 - - [10/Jan/2021:11:44:17 +0800] "GET /xingrg/javascript/easyui/themes/default/validatebox.css HTTP/1.1" 404 1104
172.17.0.103 - - [10/Jan/2021:11:44:18 +0800] "GET /xingrg/all/function/internal_message.html?_=1610250253882&CODE_STATE=getMsg HTTP/1.1" 200 27
114.86.226.161 - - [10/Jan/2021:11:44:18 +0800] "GET /xingrg/all/function/internal_message.html?_=1610250321105&CODE_STATE=getMsg HTTP/1.1" 200 27
222.69.136.245 - - [10/Jan/2021:11:44:19 +0800] "GET /xingrg/kc/buy/cgsh_order_operate.html?command=get_materiel&rest_code=00149&code=00101010104&supplier_code=00100323&order_time=2021-01-10 HTTP/1.1" 200 409
117.185.32.26 - - [10/Jan/2021:11:44:22 +0800] "GET /xingrg/all/function/internal_message.html?_=1610250725308&CODE_STATE=getMsg HTTP/1.1" 200 27
61.165.42.208 - - [10/Jan/2021:11:44:23 +0800] "GET /xingrg/all/function/internal_message.html?_=1610250241128&CODE_STATE=getMsg HTTP/1.1" 200 27
120.253.135.82 - - [10/Jan/2021:11:44:23 +0800] "GET /xingrg/all/function/internal_message.html?_=1610250018658&CODE_STATE=getMsg HTTP/1.1" 200 27
61.165.42.208 - - [10/Jan/2021:11:44:24 +0800] "POST /xingrg/dwr/call/plaincall/AjaxQqpsService.getMaterielByCode.dwr HTTP/1.1" 200 2708
117.184.7.26 - - [10/Jan/2021:11:44:24 +0800] "GET /xingrg/kc/buy/cgsh_order_operate.html?command=get_materiel&rest_code=00108&code=00101010111&supplier_code=00100327&order_time=2021-01-10 HTTP/1.1" 200 417
172.17.0.120 - - [10/Jan/2021:11:44:25 +0800] "GET /xingrg/check_reg.html?_=1610250261575 HTTP/1.1" 200 22
172.17.0.120 - - [10/Jan/2021:11:44:25 +0800] "GET /xingrg/all/function/internal_message.html?_=1610250261579&CODE_STATE=getMsg HTTP/1.1" 200 27
172.17.0.240 - - [10/Jan/2021:11:44:26 +0800] "GET /xingrg/all/function/internal_message.html?_=1610250261643&CODE_STATE=getMsg HTTP/1.1" 200 27
117.185.32.26 - - [10/Jan/2021:11:44:27 +0800] "GET /xingrg/kc/base/wldb_order_operate.html?command=get_materiel&rest_code=00106&base_code=0010396&code=00101016094 HTTP/1.1" 200 470
222.69.136.245 - - [10/Jan/2021:11:44:27 +0800] "GET /xingrg/kc/buy/cgsh_order_operate.html?command=get_materiel&rest_code=00149&code=00101020113&supplier_code=00100323&order_time=2021-01-10 HTTP/1.1" 200 409
172.17.0.100 - - [10/Jan/2021:11:44:27 +0800] "GET /xingrg/all/function/internal_message.html?_=1610250263822&CODE_STATE=getMsg HTTP/1.1" 200 27
101.85.93.83 - - [10/Jan/2021:11:44:29 +0800] "GET /xingrg/kc/base/wldb_order_operate.html?command=get_materiel&rest_code=00142&base_code=0010169&code=00101019738 HTTP/1.1" 200 457
116.228.172.94 - - [10/Jan/2021:11:44:29 +0800] "GET /xingrg/check_reg.html?_=1610250265750 HTTP/1.1" 200 22
116.228.172.94 - - [10/Jan/2021:11:44:29 +0800] "GET /xingrg/all/function/internal_message.html?_=1610250265865&CODE_STATE=getMsg HTTP/1.1" 200 27
61.165.42.208 - - [10/Jan/2021:11:44:30 +0800] "POST /xingrg/dwr/call/plaincall/AjaxQqpsService.saveMaterielItem.dwr HTTP/1.1" 200 79
117.184.7.26 - - [10/Jan/2021:11:44:30 +0800] "GET /xingrg/kc/buy/cgsh_order_operate.html?command=get_materiel&rest_code=00108&code=00101008486&supplier_code=00100327&order_time=2021-01-10 HTTP/1.1" 200 400
222.69.136.245 - - [10/Jan/2021:11:44:31 +0800] "GET /xingrg/all/function/internal_message.html?_=1610250267796&CODE_STATE=getMsg HTTP/1.1" 200 27
222.69.136.245 - - [10/Jan/2021:11:44:32 +0800] "GET /xingrg/check_reg.html?_=1610250268334 HTTP/1.1" 200 22
101.85.93.83 - - [10/Jan/2021:11:44:32 +0800] "POST /xingrg/kc/base/wldb_order_operate.html HTTP/1.1" 200 1710
